-- Table structure for table `bookregister_office_no`
--

CREATE TABLE `bookregister_office_no` (
  `id` int(11) NOT NULL AUTO_INCREMENT,
  `office_no` varchar(100) NOT NULL,
  `school_code` varchar(15) DEFAULT NULL,
  `officer` varchar(13) DEFAULT NULL,
  `rec_date` date DEFAULT NULL,
  PRIMARY KEY (`id`)
) ENGINE=MyISAM AUTO_INCREMENT=2 DEFAULT CHARSET=utf8 COLLATE=utf8_general_ci;

--
-- Dumping data for table `bookregister_office_no`
--

INSERT INTO `bookregister_office_no` VALUES (1,'ที่ ศธ 04186.123 /',NULL,NULL,NULL);

--
-- Table structure for table `bookregister_permission`
--

CREATE TABLE `bookregister_permission` (
  `id` int(11) NOT NULL AUTO_INCREMENT,
  `person_id` varchar(13) NOT NULL,
  `p1` tinyint(4) NOT NULL,
  `p2` tinyint(4) DEFAULT NULL,
  `school_code` varchar(15) DEFAULT NULL,
  `officer` varchar(13) NOT NULL,
  `rec_date` date NOT NULL,
  PRIMARY KEY (`id`),
  UNIQUE KEY `person_id` (`person_id`)
) ENGINE=MyISAM AUTO_INCREMENT=6 DEFAULT CHARSET=utf8 COLLATE=utf8_general_ci;

--
-- Dumping data for table `bookregister_permission`
--

INSERT INTO `bookregister_permission` VALUES (1,'3340701014930',1,NULL,NULL,'3340701014930','2014-09-15'),(5,'1341500209339',1,NULL,NULL,'1341500209339','2018-11-14');

--
-- Table structure for table `bookregister_receive_filebook`
--

CREATE TABLE `bookregister_receive_filebook` (
  `id` int(11) NOT NULL AUTO_INCREMENT,
  `ref_id` varchar(50) NOT NULL,
  `file_name` varchar(100) NOT NULL,
  `file_des` varchar(100) NOT NULL,
  PRIMARY KEY (`id`)
) ENGINE=MyISAM AUTO_INCREMENT=43 DEFAULT CHARSET=utf8 COLLATE=utf8_general_ci;

--
-- Dumping data for table `bookregister_receive_filebook`
--

INSERT INTO `bookregister_receive_filebook` VALUES (1,'1410792103x27112','1410792103x27112_1.doc','หนังสือราชการ'),(2,'1454300228x15822','1454300228x15822_1.pdf','หนังสือนำ'),(3,'1454300228x15822','1454300228x15822_2.xls','ส่งมาด้วย'),(4,'1454299876x16649','1454299876x16649_1.pdf','หนังสือราชการ'),(5,'1454307634x2645','1454307634x2645_1.pdf','หนังสือราชการ'),(6,'1454307765x21417','1454307765x21417_1.pdf','หนังสือราชการ'),(7,'1517979797x8314','1517979797x8314_1.doc','แนบ'),(8,'1519015335x22807','1519015335x22807_1.pdf','แนบ'),(9,'1519614978x1034','1519614978x1034_1.pdf','แนบ'),(10,'1519615355x300','1519615355x300_1.pdf','แนบ'),(11,'1519615453x5985','1519615453x5985_1.pdf','แนบ'),(12,'1519615453x5985','1519615453x5985_2.pdf','แนบ'),(13,'1519615787x26106','1519615787x26106_1.pdf','แนบ'),(14,'1519615787x26106','1519615787x26106_2.pdf','แนบ'),(15,'1519615969x9514','1519615969x9514_1.pdf','แนบ'),(16,'1519615969x9514','1519615969x9514_2.xls','แนบ'),(17,'1519615969x9514','1519615969x9514_3.xls','แนบ'),(18,'1519615969x9514','1519615969x9514_4.docx','แนบ'),(19,'1519616074x22441','1519616074x22441_1.pdf','แนบ'),(20,'1519616213x1423','1519616213x1423_1.pdf','แนบ'),(21,'1519616213x1423','1519616213x1423_2.pdf','แนบ'),(22,'1519616213x1423','1519616213x1423_3.doc','แนบ'),(23,'1519616323x23434','1519616323x23434_1.pdf','แนบ'),(24,'1519616449x14765','1519616449x14765_1.pdf','แนบ'),(25,'1519616449x14765','1519616449x14765_2.xls','แนบ'),(26,'1519616449x14765','1519616449x14765_3.xlsx','แนบ'),(27,'1519616532x5658','1519616532x5658_1.pdf','แนบ'),(28,'1545120093x21491','1545120093x21491_1.pdf','หนังสือราชการ'),(29,'1545120093x21491','1545120093x21491_2.docx','ใบสั่งซื้อ'),(30,'1545120093x21491','1545120093x21491_3.pdf','รายละเอียดหนังสือวันเด็ก'),(31,'1545120890x9898','1545120890x9898_1.pdf','หนังสือราชการ'),(32,'1545121258x17031','1545121258x17031_1.pdf','หนังสือราชการ'),(33,'1545183765x21403','1545183765x21403_1.pdf','หนังสือราชการ'),(34,'1545795087x25671','1545795087x25671_1.pdf','นำส่ง'),(35,'1569899995x14554','1569899995x14554_1.pdf','หนังสือราชการ พร้อมสิ่งที่ส่งมาด้วย'),(36,'1578966430x30698','1578966430x30698_1.pdf','หนังสือราชการ'),(37,'1580090560x28358','1580090560x28358_1.pdf','หนังสือราชการ'),(38,'1581473748x2950','1581473748x2950_1.pdf','หนังสือราชการ'),(39,'1581477200x22311','1581477200x22311_1.pdf','หนังสือราชการ'),(40,'1581480527x25096','1581480527x25096_1.pdf','หนังสือราชการ'),(41,'1586240185x2451','1586240185x2451_1.pdf','หนังสือราชการ'),(42,'1599028257x26885','1599028257x26885_1.pdf','หนังสือราชการ');

--
-- Table structure for table `bookregister_send_filebook`
--

CREATE TABLE `bookregister_send_filebook` (
  `id` int(11) NOT NULL AUTO_INCREMENT,
  `ref_id` varchar(50) NOT NULL,
  `file_name` varchar(100) NOT NULL,
  `file_des` varchar(100) NOT NULL,
  PRIMARY KEY (`id`)
) ENGINE=MyISAM AUTO_INCREMENT=146 DEFAULT CHARSET=utf8 COLLATE=utf8_general_ci;

--
-- Dumping data for table `bookregister_send_filebook`
--

INSERT INTO `bookregister_send_filebook` VALUES (1,'1454030975x30977','1454030975x30977_1.doc','หนังสือนำ'),(2,'1454387236x3666','1454387236x3666_1.doc','หนังสือราชการ'),(3,'1454393083x20877','1454393083x20877_1.doc','หนังสือราชการ'),(4,'1454657609x28299','1454657609x28299_1.doc','หนังสือราชการ'),(5,'1457073585x31764','1457073585x31764_1.doc','หนังสือนำ'),(6,'1457073585x31764','1457073585x31764_2.xls','สิ่งที่ส่งมาด้วย '),(7,'1457334071x16148','1457334071x16148_1.docx','สั่งซื้อ ปพ.'),(8,'1457334144x1172','1457334144x1172_1.docx','สั่งซื้อแบบทดสอบ LAS'),(9,'1457410675x12151','1457410675x12151_1.docx','ขอเรียนเชิญเป็นประธาน'),(10,'1457422841x2161','1457422841x2161_1.doc','หนังสือนำ'),(11,'1458105405x9859','1458105405x9859_1.docx','หนังสือแนบ'),(12,'1458105443x0','1458105443x0_1.docx','หนังสือนำ'),(13,'1458109054x29311','1458109054x29311_1.doc','แนบ'),(14,'1458274997x16501','1458274997x16501_1.doc','แนบ'),(15,'1459826859x29148','1459826859x29148_1.doc','หนังสือราชการ'),(16,'1459918684x6956','1459918684x6956_1.doc','หนังสือราชการ'),(17,'1463631894x13353','1463631894x13353_1.docx','นำส่ง'),(18,'1464235493x2336','1464235493x2336_1.docx','หนังสือราชการ'),(19,'1464673122x30997','1464673122x30997_1.doc','หนังสือราชการและสิ่งที่ส่งมาด้วย'),(20,'1464758138x19160','1464758138x19160_1.docx','แนบ'),(21,'1464917545x6836','1464917545x6836_1.doc','หนังสือราชการ'),(22,'1465194676x25531','1465194676x25531_1.doc','หนังสือนำ'),(23,'1465802159x8379','1465802159x8379_1.doc','แนบ'),(24,'1467170614x7705','1467170614x7705_1.xls',' 1 ชุด พร้อม ไฟล์ CD  1 แผ่น'),(25,'1467346254x809','1467346254x809_1.docx','เขตโซนนิ่ง'),(26,'1467862073x21498','1467862073x21498_1.doc','คำสั่ง'),(27,'1467862073x21498','1467862073x21498_2.doc','รายงาน'),(28,'1467864700x7017','1467864700x7017_1.doc','แนบ'),(29,'1468471993x1747','1468471993x1747_1.doc','นำส่ง'),(30,'1469508999x1405','1469508999x1405_1.docx','แนบ'),(31,'1469512671x20349','1469512671x20349_1.docx','แนบ'),(32,'1470633248x30089','1470633248x30089_1.docx','หนังสือนำ'),(33,'1471235267x6120','1471235267x6120_1.docx','หนังสือนำ'),(34,'1471325096x6860','1471325096x6860_1.docx','หนังสือนำ'),(35,'1471421524x30425','1471421524x30425_1.docx','หนังสือนำ'),(36,'1471845896x27785','1471845896x27785_1.docx','แนบ'),(37,'1471845987x11417','1471845987x11417_1.docx','แนบ'),(38,'1471846150x28921','1471846150x28921_1.docx','แนบ'),(39,'1471846389x9358','1471846389x9358_1.docx','แนบ'),(40,'1471846713x6606','1471846713x6606_1.docx','แนบ'),(41,'1471846839x28911','1471846839x28911_1.doc','หนังสือนำ'),(42,'1471846839x28911','1471846839x28911_2.xlsx','ส่งมาด้วย'),(43,'1472023269x7513','1472023269x7513_1.doc','หนังสือนำ'),(44,'1472098662x19444','1472098662x19444_1.doc','ไฟล์แนบ'),(45,'1472455985x11739','1472455985x11739_1.doc','หนังสือนำ'),(46,'1472455985x11739','1472455985x11739_2.pdf','สิ่งที่ส่งมาด้วย '),(50,'1472623024x17001','1472623024x17001_1.doc','หนังสือราชการ'),(49,'1472596513x23484','1472596513x23484_1.doc','หนังสือราชการ'),(51,'1472623024x17001','1472623024x17001_2.xls','แนบ'),(52,'1473311126x173','1473311126x173_1.doc','แนบ'),(53,'1474948646x10235','1474948646x10235_1.docx','แนบ'),(54,'1475554223x15462','1475554223x15462_1.docx','แนบ'),(55,'1475814592x30630','1475814592x30630_1.docx','แนบ'),(56,'1475814869x13799','1475814869x13799_1.docx','แนบ'),(57,'1476421380x3497','1476421380x3497_1.doc','แนบ'),(58,'1477889589x24845','1477889589x24845_1.docx','แนบ'),(59,'1477964379x1620','1477964379x1620_1.docx','แนบ'),(60,'1477983425x13775','1477983425x13775_1.docx','หนังสือแนบ'),(61,'1478592642x32233','1478592642x32233_1.docx','หนังสือราชการ'),(62,'1481002329x28308','1481002329x28308_1.docx','ขออนุญาต'),(63,'1481683273x14404','1481683273x14404_1.docx','แนบ'),(64,'1481792404x19670','1481792404x19670_1.docx','แนบ'),(65,'1482761223x22925','1482761223x22925_1.doc','รายชื่อผู้ดูแลระบบ'),(66,'1483673605x6960','1483673605x6960_1.doc','แนบ'),(67,'1483949404x22061','1483949404x22061_1.doc','แนบ'),(68,'1483950672x9805','1483950672x9805_1.doc','หนังสือราชการ'),(69,'1487904577x857','1487904577x857_1.docx','แนบ'),(70,'1489984370x22225','1489984370x22225_1.docx','หนังสือแนบ'),(71,'1490934441x32409','1490934441x32409_1.doc','แนบ'),(72,'1496286798x28708','1496286798x28708_1.doc','แนบ'),(73,'1498017080x16114','1498017080x16114_1.docx','นำส่งขอรหัสPIN'),(74,'1499066166x17130','1499066166x17130_1.doc','แนบ'),(75,'1499066189x31195','1499066189x31195_1.doc','แนบ'),(76,'1499066469x29164','1499066469x29164_1.doc','แนบ'),(77,'1501632007x21769','1501632007x21769_1.doc','แนบ'),(78,'1501715983x13769','1501715983x13769_1.doc','แนบ'),(79,'1501716027x21710','1501716027x21710_1.doc','แนบ'),(80,'1502260443x1308','1502260443x1308_1.doc','แนบ'),(81,'1504064044x17329','1504064044x17329_1.xlsx','นับตัวตนข้าราชการครู'),(82,'1504064044x17329','1504064044x17329_2.xlsx','นับตัวตนพนักงานราชการ'),(83,'1516328367x19722','1516328367x19722_1.doc','หนังสือราชการ'),(84,'1518509371x27107','1518509371x27107_1.docx','รูป+นำส่ง'),(85,'1518509371x27107','1518509371x27107_2.xlsx','ปร.4 5 6'),(86,'1519630597x27162','1519630597x27162_1.docx','ชนาพร 1'),(87,'1521178608x7592','1521178608x7592_1.doc','แนบ'),(88,'1522035362x11189','1522035362x11189_1.doc','แนบ'),(89,'1522545233x12021','1522545233x12021_1.doc','หนังสือนำ'),(90,'1522545233x12021','1522545233x12021_2.docx','เอกสารแนบ'),(91,'1527820693x20030','1527820693x20030_2.xlsx','แนบ'),(92,'1527820693x20030','1527820693x20030_1.doc','หนังสือนำ'),(93,'1528979467x29848','1528979467x29848_1.doc','หนังสือราชการ'),(94,'1529382767x11809','1529382767x11809_1.docx','คำสั่ง'),(95,'1529382767x11809','1529382767x11809_2.doc','นำส่ง'),(96,'1530595562x27680','1530595562x27680_1.doc','แนบ'),(97,'1531210062x3069','1531210062x3069_1.docx','ไพริน 1'),(98,'1538543622x7465','1538543622x7465_1.doc','หนังสือแนบ'),(99,'1539170526x23924','1539170526x23924_1.doc','หนังสือนำ'),(100,'1541390334x20731','1541390334x20731_1.docx','หนังสือราชการ'),(101,'1543200799x27386','1543200799x27386_1.docx','หนังสือราชการ'),(102,'1545193899x14927','1545193899x14927_1.docx','หนังสือราชการ'),(103,'1549494500x19424','1549494500x19424_1.docx','หนังสือแนบ'),(104,'1550464652x26910','1550464652x26910_1.doc','แนบ'),(105,'1551067901x19943','1551067901x19943_1.doc','หนังสือแนบ'),(106,'1560131421x25284','1560131421x25284_1.xls','รายช่ือนักเรียนพร้อมน้ำหนักส่วนสูง'),(107,'1572275258x542','1572275258x542_1.docx','ขอเชิญคณะกรรมการสถานศึกษาและผู้ปกครองนักเรียนประชุม'),(108,'1574908184x3088','1574908184x3088_1.doc','นำส่ง'),(109,'1574908367x3099','1574908367x3099_1.doc','นำส่ง'),(110,'1574921375x21124','1574921375x21124_1.doc','นำส่ง'),(111,'1575341815x13420','1575341815x13420_1.doc','นำส่ง'),(112,'1575446675x23021','1575446675x23021_1.doc','นำส่ง'),(113,'1575598133x5028','1575598133x5028_1.doc','นำส่ง'),(114,'1578901801x19304','1578901801x19304_1.doc','นำส่ง'),(115,'1578965142x13569','1578965142x13569_1.doc','นำส่ง'),(116,'1578968374x4154','1578968374x4154_1.doc','หนังสือราชการ'),(117,'1579054741x13809','1579054741x13809_1.doc','หนังสือราชการ'),(118,'1587449645x320','1587449645x320_1.pdf','นำส่ง+แบบรายงาน'),(119,'1590462732x31788','1590462732x31788_1.doc','นำส่ง'),(120,'1590462732x31788','1590462732x31788_2.pdf','สิ่งที่ส่งมาด้วย'),(121,'1590463159x21039','1590463159x21039_1.doc','นำส่ง'),(122,'1590463159x21039','1590463159x21039_2.docx','สิ่งที่ส่งมาด้วย'),(123,'1590463613x22539','1590463613x22539_1.doc','นำส่ง'),(124,'1590463941x29796','1590463941x29796_1.doc','นำส่ง'),(125,'1590465333x22867','1590465333x22867_1.doc','นำส่ง'),(126,'1590466000x6240','1590466000x6240_1.doc','นำส่ง'),(127,'1591714133x29938','1591714133x29938_1.doc','นำส่ง'),(128,'1591583776x10283','1591583776x10283_1.doc','นำส่ง'),(129,'1590468146x14938','1590468146x14938_1.doc','นำส่ง'),(130,'1593065307x23004','1593065307x23004_1.doc','นำส่ง'),(131,'1593137201x27180','1593137201x27180_1.doc','นำส่ง'),(132,'1593145925x30555','1593145925x30555_1.doc','หนังสือราชการ'),(133,'1635413041x29737','1635413041x29737_1.doc','นำส่ง'),(134,'1635413062x13641','1635413062x13641_1.doc','นำส่ง'),(135,'1694146007x23509','1694146007x23509_1.doc','หนังสือราชการ'),(136,'1693986475x6020','1693986475x6020_1.docx','หนังสือราชการ'),(137,'1709019236x400916508','1709019236x400916508_1.doc','นำส่ง'),(138,'1709019605x1996660575','1709019605x1996660575_1.doc','นำส่ง'),(139,'1711896590x1809442690','1711896590x1809442690_1.pdf','หนังสือส่ง'),(140,'1711896590x1809442690','1711896590x1809442690_2.xlsx','เอกสารแนบ'),(141,'1711896590x1809442690','1711896590x1809442690_3.xlsx','เอกสารแนบ'),(142,'1711942722x55680470','1711942722x55680470_1.doc','นำส่ง'),(143,'1749090262x1000919184','1749090262x1000919184_1.docx','นำส่ง'),(144,'1749090470x1583812852','1749090470x1583812852_1.docx','นำส่ง'),(145,'1759373558x560230134','1759373558x560230134_1.doc','หนังสือราชการ');

--
-- Table structure for table `bookregister_year`
--

CREATE TABLE `bookregister_year` (
  `id` int(11) NOT NULL AUTO_INCREMENT,
  `year` int(11) NOT NULL,
  `year_active` tinyint(4) NOT NULL DEFAULT 0,
  `start_receive_num` int(11) NOT NULL DEFAULT 1,
  `start_send_num` int(11) NOT NULL DEFAULT 1,
  `start_command_num` int(11) NOT NULL DEFAULT 1,
  `start_cer_num` int(11) NOT NULL DEFAULT 1,
  `school_code` varchar(15) DEFAULT NULL,
  `officer` varchar(13) DEFAULT NULL,
  `rec_date` date DEFAULT NULL,
  PRIMARY KEY (`id`)
) ENGINE=MyISAM AUTO_INCREMENT=14 DEFAULT CHARSET=utf8 COLLATE=utf8_general_ci;

--
-- Dumping data for table `bookregister_year`
--

INSERT INTO `bookregister_year` VALUES (1,2557,0,161,107,76,1,NULL,NULL,NULL),(2,2558,0,0,0,0,0,NULL,NULL,NULL),(3,2559,0,0,0,0,0,NULL,NULL,NULL),(4,2560,0,0,0,0,0,NULL,NULL,NULL),(5,2561,0,1,1,1,1,NULL,NULL,NULL),(6,2562,0,1,1,1,1,NULL,NULL,NULL),(7,2563,0,1,1,1,1,NULL,NULL,NULL),(8,2564,0,1,1,1,1,NULL,NULL,NULL),(10,2565,0,1,1,1,1,NULL,NULL,NULL),(11,2566,0,1,1,1,1,NULL,NULL,NULL),(12,2567,0,1,1,1,1,NULL,NULL,NULL),(13,2568,1,1,1,1,1,NULL,NULL,NULL);

--
-- Table structure for table `budget_bud`
--

CREATE TABLE `budget_bud` (
  `id` int(11) NOT NULL AUTO_INCREMENT,
  `budget_year` int(11) NOT NULL,
  `doc` varchar(50) NOT NULL,
  `refer_wd_id` int(11) NOT NULL,
  `status` tinyint(11) DEFAULT NULL,
  `bud_type_id` int(11) DEFAULT NULL,
  `item` varchar(150) DEFAULT NULL,
  `receive_amount` double DEFAULT NULL,
  `pay_amount` double DEFAULT NULL,
  `payed_person` varchar(50) NOT NULL,
  `pay_group` int(4) DEFAULT NULL,
  `rec_date` date NOT NULL,
  `officer` varchar(13) NOT NULL,
  PRIMARY KEY (`id`)
) ENGINE=MyISAM DEFAULT CHARSET=utf8 COLLATE=utf8_general_ci;

--
-- Dumping data for table `budget_bud`
--


--
-- Table structure for table `budget_category`
--

CREATE TABLE `budget_category` (
  `id` int(11) NOT NULL AUTO_INCREMENT,
  `category_id` int(11) NOT NULL,
  `category_name` varchar(30) NOT NULL,
  PRIMARY KEY (`id`),
  UNIQUE KEY `category_id` (`category_id`)
) ENGINE=MyISAM AUTO_INCREMENT=7 DEFAULT CHARSET=utf8 COLLATE=utf8_general_ci;

--
-- Dumping data for table `budget_category`
--

INSERT INTO `budget_category` VALUES (1,1,'เงินนอกงบประมาณ'),(2,2,'เงินงบประมาณ'),(3,3,'เงินรายได้แผ่นดิน'),(6,4,'วงเงินงบประมาณที่ได้รับจัดสรร');

--
-- Table structure for table `budget_deega`
--

CREATE TABLE `budget_deega` (
  `id` int(11) NOT NULL AUTO_INCREMENT,
  `budget_year` int(11) NOT NULL,
  `deega_num` float NOT NULL DEFAULT 0,
  `doc` varchar(20) NOT NULL,
  `receive_num` char(3) NOT NULL DEFAULT '',
  `plan` char(2) NOT NULL DEFAULT '',
  `project` varchar(20) NOT NULL,
  `activity` varchar(20) NOT NULL,
  `pay_group` char(3) NOT NULL DEFAULT '',
  `item` varchar(50) NOT NULL DEFAULT '',
  `withdraw` double NOT NULL DEFAULT 0,
  `tax` double NOT NULL DEFAULT 0,
  `pay` double NOT NULL DEFAULT 0,
  `officer` varchar(13) NOT NULL,
  `rec_date` date NOT NULL,
  PRIMARY KEY (`id`)
) ENGINE=MyISAM DEFAULT CHARSET=utf8 COLLATE=utf8_general_ci;

--
-- Dumping data for table `budget_deega`
--


--
-- Table structure for table `budget_document`
--

CREATE TABLE `budget_document` (
  `id` int(11) NOT NULL AUTO_INCREMENT,
  `subject` varchar(150) NOT NULL,
  `file_name` varchar(150) NOT NULL,
  `rec_date` date NOT NULL,
  `officer` varchar(13) NOT NULL,
  PRIMARY KEY (`id`)
) ENGINE=MyISAM DEFAULT CHARSET=utf8 COLLATE=utf8_general_ci;

--
-- Dumping data for table `budget_document`
--


--
-- Table structure for table `budget_main`
--

CREATE TABLE `budget_main` (
  `id` int(11) NOT NULL AUTO_INCREMENT,
  `budget_year` int(11) NOT NULL,
  `doc` varchar(30) NOT NULL,
  `refer_wd_id` int(11) DEFAULT NULL,
  `type_id` int(11) NOT NULL,
  `item` varchar(100) NOT NULL,
  `receive_amount` double DEFAULT NULL,
  `pay_amount` double DEFAULT NULL,
  `payed_person` varchar(50) NOT NULL,
  `change_amount` double DEFAULT NULL,
  `pay_group` int(4) DEFAULT NULL,
  `status` tinyint(4) NOT NULL,
  `rec_date` date NOT NULL,
  `officer` varchar(13) DEFAULT NULL,
  PRIMARY KEY (`id`)
) ENGINE=MyISAM AUTO_INCREMENT=289 DEFAULT CHARSET=utf8 COLLATE=utf8_general_ci;

--
-- Dumping data for table `budget_main`
--

INSERT INTO `budget_main` VALUES (1,2558,'1',NULL,101,'อาหารกลางวัน',5000,NULL,'',NULL,NULL,1,'2014-11-19','3341900317429'),(2,2559,'862-0-23782-9',NULL,101,'ยอดยกมา',8694.86,NULL,'',NULL,NULL,2,'2016-09-07','3341900317429'),(3,2559,'314-1-55392-0',NULL,108,'ยอดยกมา',6128.25,NULL,'',NULL,NULL,2,'2016-09-07','3341900317429'),(4,2559,'314-1-55392-0',NULL,109,'ยอดยกมา',31823.93,NULL,'',NULL,NULL,2,'2016-09-07','3341900317429'),(5,2559,'314-1-55392-0',NULL,110,'ยอดยกมา',25543.12,NULL,'',NULL,NULL,2,'2016-09-07','3341900317429'),(6,2559,'314-1-55392-0',NULL,112,'ยอดยกมา',17950,NULL,'',NULL,NULL,2,'2016-09-07','3341900317429'),(7,2559,'314-1-55392-0',NULL,113,'ยอดยกมา',10961,NULL,'',NULL,NULL,2,'2016-09-07','3341900317429'),(8,2559,'314-1-55392-0',NULL,114,'ยอดยกมา',2856,NULL,'',NULL,NULL,2,'2016-09-07','3341900317429'),(9,2559,'314-1-55392-0',NULL,115,'ยอดยกมา',8195,NULL,'',NULL,NULL,2,'2016-09-07','3341900317429'),(10,2559,'314-1-55392-0',NULL,116,'ยอดยกมา',450,NULL,'',NULL,NULL,2,'2016-09-07','3341900317429'),(11,2559,'314-1-55392-0',NULL,117,'ยอดยกมา',219755.4,NULL,'',NULL,NULL,2,'2016-09-07','3341900317429'),(12,2559,'314-1-77757-8',NULL,118,'ยอดยกมา',312698.09,NULL,'',NULL,NULL,2,'2016-09-07','3341900317429'),(13,2560,'ร.1',NULL,101,'ยอดยกมา',194.86,NULL,'',NULL,NULL,2,'2016-10-03','3341900317429'),(14,2560,'ร.1',NULL,118,'ยอดยกมา',266798.09,NULL,'',NULL,NULL,2,'2016-10-03','3341900317429'),(15,2560,'ร.1',NULL,108,'ยอดยกมา',2128.25,NULL,'',NULL,NULL,2,'2016-10-03','3341900317429'),(16,2560,'ร.1',NULL,108,'ยอดยกมา (หนองแวง)',13531.5,NULL,'',NULL,NULL,2,'2016-10-03','3341900317429'),(17,2560,'ร.1',NULL,109,'ยอดยกมา',43959.93,NULL,'',NULL,NULL,2,'2016-10-03','3341900317429'),(18,2560,'ร.1',NULL,109,'ยอดยกมา (หนองแวง)',42029.72,NULL,'',NULL,NULL,2,'2016-10-03','3341900317429'),(19,2560,'ร.1',NULL,110,'ยอดยกมา',24611.87,NULL,'',NULL,NULL,2,'2016-10-03','3341900317429'),(20,2560,'ร.1',NULL,112,'ยอดยกมา',13950,NULL,'',NULL,NULL,2,'2016-10-03','3341900317429'),(21,2560,'ร.1',NULL,112,'ยอดยกมา (หนองแวง)',50140,NULL,'',NULL,NULL,2,'2016-10-03','3341900317429'),(22,2560,'ร.1',NULL,113,'ยอดยกมา',4761,NULL,'',NULL,NULL,2,'2016-10-03','3341900317429'),(23,2560,'ร.1',NULL,114,'ยอดยกมา',2856,NULL,'',NULL,NULL,2,'2016-10-03','3341900317429'),(24,2560,'ร.1',NULL,115,'ยอดยกมา',8195,NULL,'',NULL,NULL,2,'2016-10-03','3341900317429'),(25,2560,'ร.1',NULL,116,'ยอดยกมา',450,NULL,'',NULL,NULL,2,'2016-10-03','3341900317429'),(26,2560,'ร.1',NULL,117,'ยอดยกมา',219755.4,NULL,'',NULL,NULL,2,'2016-10-03','3341900317429'),(27,2560,'ร.1',NULL,114,'ยอดยกมา (หนองแวง)',0,NULL,'',NULL,NULL,2,'2016-10-03','3341900317429'),(28,2560,'ร.1',NULL,115,'ยอดยกมา (หนองแวง)',2055,NULL,'',NULL,NULL,2,'2016-10-03','3341900317429'),(29,2560,'ร.1',NULL,116,'ยอดยกมา (หนองแวง)',0,NULL,'',NULL,NULL,2,'2016-10-03','3341900317429'),(30,2560,'ร.1',NULL,117,'ยอดยกมา (หนองแวง)',51529.2,NULL,'',NULL,NULL,2,'2016-10-03','3341900317429'),(31,2560,'ร.1',NULL,119,'ทุนหมุนเวียนส่งเสริมผลผลิต',237.4,NULL,'',NULL,NULL,2,'2016-10-03','3341900317429'),(32,2560,'ร.1',NULL,119,'ยกระดับผลสัมฤทธิ์ทางการเรียน สร.',200000,NULL,'',NULL,NULL,2,'2016-10-03','3341900317429'),(33,2560,'ร.1',NULL,119,'ยกระดับผลสัมฤทธิ์ทางการเรียน นว.',100000,NULL,'',NULL,NULL,2,'2016-10-03','3341900317429'),(34,2560,'ร.1',NULL,119,'ทุนหมุนเวียนส่งเสริมผลผลิต  หนองแวง',364,NULL,'',NULL,NULL,2,'2016-10-03','3341900317429'),(35,2560,'ร.1',NULL,304,'ยอดยกมา (ดอกเบี้ยเงินผาก)',5183.49,NULL,'',NULL,NULL,1,'2016-10-03','3341900317429'),(36,2560,'บจ.3',NULL,304,'จ่ายส่งสพท.อบ.4',NULL,5183.49,'',NULL,NULL,3,'2016-10-10','3341900317429'),(38,2560,'บจ.1',0,119,'จ่ายค่าวัสดุยกระดับผลสัมฤทธิ์ทางการเรียน สร.',NULL,200000,'หจก.อุบลไอเฟค',NULL,203,3,'2016-10-05','3341900317429'),(39,2560,'บจ.2',0,119,'ยกระดับผลสัมฤทธิ์ทางการเรียน นว.',NULL,100000,'อังศนาบุ๊ค',NULL,203,3,'2016-10-05','3341900317429'),(40,2560,'บค1',0,118,'เหมาจ้างประกอบอาหาร สร.',NULL,10800,'นางทัศนีย์  คูณเมือง',NULL,203,3,'2016-10-05','3341900317429'),(41,2560,'บค.2',0,118,'เหมาจ้างประกอบอาหาร นว..',NULL,4500,'นางทัศนีย์  คูณเมือง',NULL,203,3,'2016-10-05','3341900317429'),(42,2560,'พค.1',NULL,103,'เงินภาษีวัสดุ',2803.74,NULL,'',NULL,NULL,1,'2016-10-05','3341900317429'),(43,2560,'บค.3',0,118,'เหมาจ้างประกอบอาหาร สร.',NULL,6840,'นางทัศนีย์  คูณเมือง',NULL,203,3,'2016-10-10','3341900317429'),(44,2560,'บค.4',0,118,'เหมาจ้างประกอบอาหาร นว..',NULL,2700,'นางทัศนีย์  คูณเมือง',NULL,203,3,'2016-10-10','3341900317429'),(45,2560,'บค.5',0,109,'ค่าจ้าง',NULL,5000,'นายสมเกียรติ   ครองบุญ',NULL,103,3,'2016-10-31','3341900317429'),(46,2560,'บค.6',0,108,'ค่าจ้าง',NULL,2000,'นางบุญศรี  จอมหงษ์',NULL,103,3,'2016-10-31','3341900317429'),(47,2560,'บค.7',0,108,'ค่าจ้าง หนองแวง',NULL,2000,'นางสาวรัชนก  สีลาพร',NULL,103,3,'2016-10-31','3341900317429'),(48,2560,'บค.8',0,113,'ค่าจ้าง',NULL,1600,'นายพวง  วงจันทา',NULL,103,3,'2016-10-31','3341900317429'),(49,2560,'บค.9',0,112,'ค่าจ้าง',NULL,1300,'นายคำแสง',NULL,103,3,'2016-10-31','3341900317429'),(50,2560,'บค10',0,110,'ค่าหนังสือพิมพ์',NULL,100,'นางสาวสุวดี',NULL,203,3,'2016-10-31','3341900317429'),(51,2560,'บค11-21',0,115,'แจกเงินค่าอุปกรณ์',NULL,26825,'ครูประจำชั้น',NULL,203,3,'2016-10-31','3341900317429'),(52,2560,'บค.22-29',0,115,'แจกเงินค่าอุปกรณ์  หนองแวง',NULL,7255,'นายพิชัย  บุญขจร',NULL,203,3,'2016-10-31','3341900317429'),(53,2560,'บค.32',0,118,'ค่าเหมาจ้างประกอบอาหาร  สร.',NULL,11000,'นางทัศนีย์  คูณเมือง',NULL,203,3,'2016-11-07','3341900317429'),(54,2560,'บค.33',0,118,'ค่าเหมาจ้างประกอบอาหาร  นว.',NULL,4500,'นางทัศนีย์  คูณเมือง',NULL,203,3,'2016-11-07','3341900317429'),(55,2560,'บร.',NULL,118,'รับเงินอาหารกลางวัน',155000,NULL,'',NULL,NULL,2,'2016-11-02','3341900317429'),(56,2560,'บร.',NULL,108,'เงินอุดหนุนรายหัว',19200,NULL,'',NULL,NULL,2,'2016-11-02','3341900317429'),(57,2560,'บร.',NULL,109,'เงินอุดหนุนรายหัว',62700,NULL,'',NULL,NULL,2,'2016-11-02','3341900317429'),(58,2560,'บร',NULL,110,'เงินอุดหนุนรายหัว',49000,NULL,'',NULL,NULL,2,'2016-11-02','3341900317429'),(59,2560,'บร.',NULL,108,'เงินอุดหนุนรายหัว  นว.',12750,NULL,'',NULL,NULL,2,'2016-11-02','3341900317429'),(60,2560,'บร.',NULL,109,'เงินอุดหนุนรายหัว  นว.',25650,NULL,'',NULL,NULL,2,'2016-11-02','3341900317429'),(61,2560,'บร.',NULL,115,'ค่าอุปกรณ์',19055,NULL,'',NULL,NULL,2,'2016-11-02','3341900317429'),(62,2560,'บร.',NULL,117,'ค่ากิจกรรม',29735,NULL,'',NULL,NULL,2,'2016-11-02','3341900317429'),(63,2560,'บร.',NULL,115,'ค่าอุปกรณ์ นว.',5295,NULL,'',NULL,NULL,2,'2016-11-02','3341900317429'),(64,2560,'บร.',NULL,117,'ค่ากิจกรรม นว.',7620,NULL,'',NULL,NULL,2,'2016-11-02','3341900317429'),(65,2560,'บร1',NULL,117,'ส่งใช้เงินยืม',18630,NULL,'',NULL,NULL,2,'2016-11-03','3341900317429'),(66,2560,'บร',NULL,117,'ส่งใช้เงินยืม นว.',5200,NULL,'',NULL,NULL,2,'2016-11-03','3341900317429'),(67,2560,'บย.1',0,117,'ยืมเป็นค่าอุปกรณ์การเรียน',NULL,18630,'นางพรทิพา  ศรีดาคุณ',NULL,203,4,'2016-10-31','3341900317429'),(68,2560,'บย.2',0,117,'ยืมเป็นค่าอุปกรณ์การเรียน นว.',NULL,5200,'นายพิชัย  บุญขจร',NULL,203,4,'2016-10-31','3341900317429'),(69,2560,'บค32',0,118,'ค่าเหมาจ้างประกอบอาหาร  สร.',NULL,11000,'นางทัศนีย์  คูณเมือง',NULL,203,3,'2016-11-07','3341900317429'),(70,2560,'บค.33',0,118,'ค่าเหมาจ้างประกอบอาหาร  นว.',NULL,4500,'นางทัศนีย์  คูณเมือง',NULL,203,3,'2016-11-07','3341900317429'),(71,2560,'บจ.4',0,109,'ค่าอินเตอร์เน็ต ',NULL,631.25,'TOT',NULL,204,3,'2016-10-07','3341900317429'),(72,2560,'บจ.4',0,109,'ค่าอินเตอร์เน็ต',NULL,631.25,'TOT',NULL,204,3,'2016-11-07','3341900317429'),(73,2560,'บจ.5',0,109,'ค่าอินเตอร์เน็ต นว.',NULL,631.25,'TOT',NULL,204,3,'2016-11-07','3341900317429'),(74,2560,'บค34',0,118,'เหมาจ้างประกอบอาหาร สร.',NULL,11000,'นางทัศนีย์  คูณเมือง',NULL,203,3,'2016-11-14','3341900317429'),(75,2560,'บค.35',0,118,'เหมาจ้างประกอบอาหาร นว..',NULL,4500,'นางทัศนีย์  คูณเมือง',NULL,203,3,'2016-11-14','3341900317429'),(76,2560,'บจ.6',0,109,'ค่าไฟ้า ก.ย.',NULL,3263.89,'การไฟฟฟ้า',NULL,204,3,'2016-11-15','3341900317429'),(77,2560,'บจ.7',0,109,'ค่าไฟ้า ต.ค.',NULL,2533.25,'การไฟฟฟ้า',NULL,204,3,'2016-11-15','3341900317429'),(78,2560,'บจ.8',0,109,'ค่าไฟ้า ก.ย. นว.',NULL,613.05,'การไฟฟฟ้า',NULL,204,3,'2016-11-15','3341900317429'),(79,2560,'บจ.9',0,109,'ค่าไฟ้า ต.ค.นว.',NULL,588.08,'การไฟฟฟ้า',NULL,204,3,'2016-11-15','3341900317429'),(80,2560,'บค.36',0,118,'เหมาจ้างประกอบอาหาร สร.',NULL,11000,'นางทัศนีย์  คูณเมือง',NULL,203,3,'2016-11-21','3341900317429'),(81,2560,'บค.37',0,118,'ค่าเหมาจ้างประกอบอาหาร  นว.',NULL,4500,'นางทัศนีย์  คูณเมือง',NULL,203,3,'2016-11-21','3341900317429'),(82,2560,'บค.38',0,118,'ค่าเหมาจ้างประกอบอาหาร  สร.',NULL,11000,'นางทัศนีย์  คูณเมือง',NULL,203,3,'2016-11-29','3341900317429'),(83,2560,'บค.39',0,118,'ค่าเหมาจ้างประกอบอาหาร  นว.',NULL,4500,'นางทัศนีย์  คูณเมือง',NULL,203,3,'2016-11-21','3341900317429'),(84,2560,'บค.40',0,109,'ค่าจ้าง',NULL,5000,'นายสมเกียรติ   ครองบุญ',NULL,103,3,'2016-11-30','3341900317429'),(85,2560,'บค.41',0,108,'ค่าจ้าง',NULL,4000,'นางบุญศรี  จอมหงษ์',NULL,103,3,'2016-11-30','3341900317429'),(86,2560,'บค.42',0,108,'ค่าจ้าง หนองแวง',NULL,4000,'นางสาวรัชนก  สีลาพร',NULL,103,3,'2016-11-30','3341900317429'),(87,2560,'บค.43',0,112,'เหมาจ้างรถรับส่งนักเรียน นว.',NULL,5000,'นายพวง  วงจันทา',NULL,103,3,'2016-11-30','3341900317429'),(88,2560,'บค.44',0,112,'เหมาจ้ารถรับส่งนักเรียน ประถม สร.',NULL,4000,'นายคำแสง',NULL,103,3,'2016-11-30','3341900317429'),(89,2560,'บค.45',0,110,'ค่าหนังสือพิมพ์',NULL,300,'นางสาวสุวดี',NULL,203,3,'2016-11-30','3341900317429'),(90,2560,'บจ.10',0,109,'ค่านำ้ประปา ต.ค.',NULL,54,'นายสัมฤทธิ์  ทอนสีมา',NULL,204,3,'2016-11-30','3341900317429'),(91,2560,'บค.11',0,109,'ค่านำ้ประปา พ.ย.',NULL,786,'นายสัมฤทธิ์  ทอนสีมา',NULL,204,3,'2016-11-30','3341900317429'),(92,2560,'บจ.12',0,101,'ค้่าจ้างเหมารถแข่งขันศิลปหัตถกรรมนร.จ.หนองคาย',NULL,15000,'นายปรีชา  เงินหมื่น',NULL,201,3,'2016-12-07','3341900317429'),(93,2560,'บค.46',0,118,'เหมาจ้างประกอบอาหาร',NULL,11000,'นางทัศนีย์  คูณเมือง',NULL,203,3,'2016-12-07','3341900317429'),(94,2560,'บค.47',0,118,'เหมาจ้างประกอบอาหาร นว..',NULL,4500,'นางทัศนีย์  คูณเมือง',NULL,203,3,'2016-12-07','3341900317429'),(95,2560,'บค.48',0,118,'เหมาจ้างประกอบอาหาร สร.',NULL,11000,'นางทัศนีย์  คูณเมือง',NULL,203,3,'2016-12-16','3341900317429'),(96,2560,'บค49',0,118,'เหมาจ้างประกอบอาหาร นว..',NULL,4500,'นางทัศนีย์  คูณเมือง',NULL,203,3,'2016-12-16','3341900317429'),(97,2560,'บค.51',0,117,'ลงทะเบียนลส.',NULL,990,'นางอรอนงค์',NULL,202,3,'2016-12-16','3341900317429'),(98,2560,'บค.51',0,117,'ลงทะเบียนลส.นว.',NULL,360,'นางอรอนงค์',NULL,201,3,'2016-12-16','3341900317429'),(99,2560,'บจ.13',0,109,'ค่าอินเตอร์เน็ต นว.',NULL,1262.5,'TOT',NULL,204,3,'2016-12-16','3341900317429'),(100,2560,'บจ14',0,117,'ค่าข้อสอบ',NULL,540,'นางนิศานาถ',NULL,203,3,'2016-12-16','3341900317429'),(101,2560,'บจ.15',0,117,'ค่าเหมาจ้างรถนำนร.ศึกษาแหล่งเรียนรู้ที่ จ.จันทบุรี',NULL,33000,'นายปรีชา  เงินหมื่น',NULL,201,3,'2016-12-19','3341900317429'),(102,2560,'บจ.16',0,117,'ค่าจัดกิจกรรมและที่พัก',NULL,6600,'นางนางฉวีวรรณ  วิเชียรแลง',NULL,201,3,'2016-12-19','3341900317429'),(103,2560,'บค.52',0,117,'ค่าอาหาร นร.',NULL,6748,'นางนางฉวีวรรณ  วิเชียรแลง',NULL,203,3,'2016-12-19','3341900317429'),(104,2560,'บค.53',0,118,'เหมาจ้างประกอบอาหาร สร.',NULL,11000,'นางทัศนีย์  คูณเมือง',NULL,203,3,'2016-12-22','3341900317429'),(105,2560,'บค.54',0,118,'ค่าเหมาจ้างประกอบอาหาร  นว.',NULL,4500,'นางทัศนีย์  คูณเมือง',NULL,203,3,'2016-12-22','3341900317429'),(106,2560,'บจ.17',0,109,'ค่านำ้ประปา สร.',NULL,894,'นายสัมฤทธิ์  ทอนสีมา',NULL,204,3,'2016-12-22','3341900317429'),(107,2560,'บจ.18',0,109,'ค่านำ้ประปา นว.',NULL,1716,'นายหนูพัด  สีลาพร',NULL,204,3,'2016-12-22','3341900317429'),(108,2560,'บจ.19',0,109,'ค่าเวชภัณฑ์ยา',NULL,1764,'ร้านสมศักดิ์เภสัช',NULL,203,3,'2016-12-22','3341900317429'),(109,2560,'บจ.20',0,109,'ซื้อผ้าสีขาวและดำ',NULL,6300,'ร้านโชคอารีย์',NULL,203,3,'2016-12-27','3341900317429'),(110,2560,'บจ.21',0,110,'ไวนิลตามโครงการพัฒนาอาคารสถานที่',NULL,6000,'ร้านเดชากรุ๊ฟ',NULL,203,3,'2016-12-21','3341900317429'),(111,2560,'บจ.21',0,110,'ค่าไวนิลโครงการพัฒนาอาคารสถานที่',NULL,6000,'ร้านเดชากรุ๊ป',NULL,203,3,'2016-12-27','3341900317429'),(112,2560,'บค.55',0,117,'ค่าลงทะเบียนกีฬากลุ่ม',NULL,3700,'นางเบญจพร  สวนมา',NULL,201,3,'2016-12-27','3341900317429'),(113,2560,'บค.56',0,117,'ค่าลงทะเบียนกีฬากลุ่ม นว..',NULL,600,'นางเบญจพร  สวนมา',NULL,203,3,'2016-12-27','3341900317429'),(114,2560,'บค.57',0,118,'เหมาจ้างประกอบอาหาร สร.',NULL,11000,'นางทัศนีย์  คูณเมือง',NULL,203,3,'2016-12-30','3341900317429'),(115,2560,'บค.58',0,118,'เหมาจ้างประกอบอาหาร นว..',NULL,4500,'นางทัศนีย์  คูณเมือง',NULL,203,3,'2016-12-30','3341900317429'),(116,2560,'บค.59',0,109,'ค่าจ้าง',NULL,5000,'นายสมเกียรติ   ครองบุญ',NULL,103,3,'2016-12-30','3341900317429'),(117,2560,'บค.60',0,108,'ค่าจ้าง',NULL,4000,'นางบุญศรี  จอมหงษ์',NULL,103,3,'2016-12-30','3341900317429'),(118,2560,'บค.61',0,109,'ค่าจ้าง',NULL,4000,'นางบุญศรี  จอมหงษ์',NULL,103,3,'2016-12-30','3341900317429'),(119,2560,'บค.61',0,108,'ค่าจ้าง หนองแวง',NULL,4000,'นางสาวรัชนก  สีลาพร',NULL,103,3,'2016-12-30','3341900317429'),(120,2560,'บค.62',0,112,'จ้างเหมารถรับส่งนักเรียน นว.',NULL,5000,'นายพวง  วงจันทา',NULL,103,3,'2016-12-30','3341900317429'),(121,2560,'บค.63',0,112,'จ้างเหมารถรับส่งนักเรียน .',NULL,4000,'นายคำแสง',NULL,103,3,'2016-12-30','3341900317429'),(122,2560,'บค.64',0,110,'ค่าหนังสือพิมพ์',NULL,310,'นางสาวสุวดี',NULL,203,3,'2016-12-30','3341900317429'),(123,2560,'บค.65',0,117,'ค่าแต่งตัวดรัมเมเยอร์และถือป้าย',NULL,6000,'นางมีนา  ปุชิน',NULL,203,3,'2016-12-30','3341900317429'),(124,2560,'บค.66',0,118,'เหมาจ้างประกอบอาหาร สร.',NULL,11000,'นางทัศนีย์  คูณเมือง',NULL,203,3,'2017-01-10','3341900317429'),(125,2560,'บค.67',0,118,'เหมาจ้างประกอบอาหาร นว..',NULL,4500,'นางทัศนีย์  คูณเมือง',NULL,203,3,'2017-01-10','3341900317429'),(126,2560,'บจ.22',0,109,'ค่าไฟฟ้า',NULL,2852.63,'การไฟฟฟ้า',NULL,204,3,'2017-01-11','3341900317429'),(127,2560,'บจ.23',0,109,'ค่าไฟฟ้า',NULL,3237.63,'การไฟฟฟ้า',NULL,204,3,'2017-01-11','3341900317429'),(128,2560,'บจ.24',0,109,'ค่าไฟฟ้า',NULL,2165.74,'การไฟฟฟ้า',NULL,204,3,'2017-01-11','3341900317429'),(129,2560,'บจ.25',0,109,'ค่าไฟฟ้า',NULL,2244.5,'การไฟฟฟ้า',NULL,204,3,'2017-01-11','3341900317429'),(130,2560,'บจ.26',0,109,'ค่าไฟฟ้า นว.',NULL,667.13,'การไฟฟฟ้า',NULL,204,3,'2017-01-11','3341900317429'),(131,2560,'บจ.27',0,109,'ค่าไฟฟ้า นว.',NULL,717.08,'การไฟฟฟ้า',NULL,204,3,'2017-01-11','3341900317429'),(132,2560,'บจ.28',0,109,'ค่าไฟฟ้า นว.',NULL,546.45,'การไฟฟฟ้า',NULL,204,3,'2017-01-11','3341900317429'),(133,2560,'บจ.29',0,109,'ค่าไฟฟ้า นว.',NULL,538.14,'การไฟฟฟ้า',NULL,204,3,'2017-01-11','3341900317429'),(134,2560,'บจ.30',0,110,'เสื้อทีม โครงการขวัญและกำลังใจ',NULL,5000,'ร้านแดงสปอร์ต',NULL,203,3,'2017-01-13','3341900317429'),(135,2560,'บจ.31',0,117,'ขนมวันเด็ก',NULL,2500,'ร้านส.รุ่งกิจ',NULL,203,3,'2017-01-13','3341900317429'),(136,2560,'บจ.32',0,109,'ค่าอินเตอร์เน็ต สร. ',NULL,1262.5,'ที โอ ที',NULL,204,3,'2017-01-18','3341900317429'),(137,2560,'บค.68',0,118,'เหมาจ้างประกอบอาหาร สร.',NULL,11000,'นางทัศนีย์  คูณเมือง',NULL,203,3,'2017-01-18','3341900317429'),(138,2560,'บค.69',0,118,'เหมาจ้างประกอบอาหาร นว..',NULL,4500,'นางทัศนีย์  คูณเมือง',NULL,203,3,'2017-01-18','3341900317429'),(139,2560,'บค.70',0,118,'เหมาจ้างประกอบอาหาร สร.',NULL,11000,'นางทัศนีย์  คูณเมือง',NULL,203,3,'2017-01-24','3341900317429'),(140,2560,'บค.71',0,118,'เหมาจ้างประกอบอาหาร นว..',NULL,4500,'นางทัศนีย์  คูณเมือง',NULL,203,3,'2017-01-24','3341900317429'),(141,2560,'บจ.33',0,109,'ค่านำ้ประปา สร.',NULL,1086,'นายสัมฤทธิ์  ทอนสีมา',NULL,204,3,'2017-01-24','3341900317429'),(142,2560,'บค.72',0,118,'เหมาจ้างประกอบอาหาร สร.',NULL,11000,'นางทัศนีย์  คูณเมือง',NULL,203,3,'2017-01-31','3341900317429'),(143,2560,'บค.73',0,118,'เหมาจ้างประกอบอาหาร นว..',NULL,4500,'นางทัศนีย์  คูณเมือง',NULL,203,3,'2017-01-31','3341900317429'),(144,2560,'บค.74',0,109,'ค่าจ้างลูกจ้าง',NULL,5000,'นายสมเกียรติ   ครองบุญ',NULL,103,3,'2017-01-31','3341900317429'),(145,2560,'บค.75',0,108,'ค่าจ้าง',NULL,4000,'นางบุญศรี  จอมหงษ์',NULL,103,3,'2017-01-31','3341900317429'),(146,2560,'บค.76',0,108,'ค่าจ้าง',NULL,4000,'นางสาวรัชนก  สีลาพร',NULL,103,3,'2017-01-31','3341900317429'),(147,2560,'บค.77',0,112,'จ้างเหมารถรับส่งนักเรียน นว.',NULL,5000,'นายพวง  วงจันทา',NULL,103,3,'2017-01-31','3341900317429'),(148,2560,'บค.78',0,112,'จ้างเหมารถรับส่งนักเรียน .',NULL,4000,'นายคำแสง',NULL,103,3,'2017-01-31','3341900317429'),(149,2560,'บค.79',0,110,'ค่าหนังสือพิมพ์',NULL,310,'นางสาวสุวดี',NULL,203,3,'2017-01-31','3341900317429'),(150,2560,'บจ.34',0,110,'ค่าวัสดุโครงการพัฒนาอาคารสถานที่',NULL,7088,'ดูโฮม',NULL,203,3,'2017-01-31','3341900317429'),(151,2560,'บจ.35',0,110,'วัสดุโครงการกีฬา',NULL,4700,'ดูโฮม',NULL,203,3,'2017-01-31','3341900317429'),(152,2560,'บจ.36',0,109,'วัสดุโครงการค่านิยมหลัก 12 ประการ',NULL,974,'ดูโฮม',NULL,203,3,'2017-01-31','3341900317429'),(153,2560,'บค.80',0,118,'เหมาจ้างประกอบอาหาร สร.',NULL,11000,'นางทัศนีย์  คูณเมือง',NULL,203,3,'2017-02-07','3341900317429'),(154,2560,'บค.841',0,118,'เหมาจ้างประกอบอาหาร นว..',NULL,4500,'นางทัศนีย์  คูณเมือง',NULL,203,3,'2017-02-07','3341900317429'),(155,2560,'บจ.37',0,117,'จ้างเหมารถนำนักเรียนศึกษาแหล่งเรียนรู้ สร. .',NULL,5000,'นายปรีชา  เงินหมื่น',NULL,201,3,'2017-02-09','3341900317429'),(156,2560,'บจ.38',0,117,'จ้างเหมารถนำนักเรียนศึกษาแหล่งเรียนรู้ นว. .',NULL,5000,'นายปรีชา  เงินหมื่น',NULL,201,3,'2017-02-09','3341900317429'),(157,2560,'บค.82',0,118,'เหมาจ้างประกอบอาหาร สร.',NULL,11000,'นางทัศนีย์  คูณเมือง',NULL,203,3,'2017-02-15','3341900317429'),(158,2560,'บค.83',0,118,'เหมาจ้างประกอบอาหาร นว..',NULL,4500,'นางทัศนีย์  คูณเมือง',NULL,203,3,'2017-02-15','3341900317429'),(159,2560,'บจ.39',0,103,'จ่ายเงินภาษี',NULL,119.27,'สรรพากร',NULL,203,3,'2017-02-15','3341900317429'),(160,2560,'บค.84',0,118,'เหมาจ้างประกอบอาหาร สร.',NULL,11000,'นางทัศนีย์  คูณเมือง',NULL,203,3,'2017-02-22','3341900317429'),(161,2560,'บค.85',0,118,'เหมาจ้างประกอบอาหาร นว..',NULL,4500,'นางทัศนีย์  คูณเมือง',NULL,203,3,'2017-02-22','3341900317429'),(162,2560,'บจ.40',0,109,'ค่าอินเตอร์เน็ต สร. ',NULL,1262.5,'ที โอ ที',NULL,204,3,'2017-02-22','3341900317429'),(163,2560,'บจ.41',0,109,'ค่าอินเตอร์เน็ต นว.',NULL,1262.5,'ที โอ ที',NULL,204,3,'2017-02-22','3341900317429'),(164,2560,'บจ.42',0,109,'ค่านำ้ประปา สร.',NULL,984,'นายสัมฤทธิ์  ทอนสีมา',NULL,204,3,'2017-02-22','3341900317429'),(165,2560,'บจ.43',0,109,'ค่านำ้ประปา นว.',NULL,1062,'นายหนูพัด  สีลาพร',NULL,204,3,'2017-02-22','3341900317429'),(166,2560,'บค.44',0,109,'ค่าถ่ายเอกสาร',NULL,336,'ร้านสบายใจ',NULL,203,3,'2017-02-22','3341900317429'),(167,2560,'บค.86',0,118,'เหมาจ้างประกอบอาหาร สร.',NULL,11000,'นางทัศนีย์  คูณเมือง',NULL,203,3,'2017-02-28','3341900317429'),(168,2560,'บค.87',0,118,'เหมาจ้างประกอบอาหาร นว..',NULL,4500,'นางทัศนีย์  คูณเมือง',NULL,203,3,'2017-02-28','3341900317429'),(169,2560,'บค.88',0,109,'ค่าจ้าง',NULL,5000,'นายสมเกียรติ   ครองบุญ',NULL,103,3,'2017-02-28','3341900317429'),(170,2560,'บค.89',0,108,'ค่าจ้าง',NULL,4000,'นางบุญศรี  จอมหงษ์',NULL,103,3,'2017-02-28','3341900317429'),(171,2560,'บค.90',0,108,'ค่าจ้าง',NULL,4000,'นางสาวรัชนก  สีลาพร',NULL,103,3,'2017-02-28','3341900317429'),(172,2560,'บค.91',0,112,'จ้างเหมารถรับส่งนักเรียน นว.',NULL,5000,'นายพวง  วงจันทา',NULL,103,3,'2017-02-28','3341900317429'),(173,2560,'บค.92',0,112,'จ้างเหมารถรับส่งนักเรียน .',NULL,4000,'นายคำแสง',NULL,103,3,'2017-02-28','3341900317429'),(174,2560,'บค.93',0,110,'ค่าหนังสือพิมพ์',NULL,280,'นางสาวสุวดี',NULL,203,3,'2017-02-28','3341900317429'),(175,2560,'บค.45',0,109,'ค่าแบบทดสอบ',NULL,1217,'ร้านอุบลกิจออฟเซท',NULL,203,3,'2017-03-09','3341900317429'),(176,2560,'บจ.46',0,110,'ค่าแบบทดสอบ',NULL,1832,'ร้านอุบลกิจออฟเซท',NULL,203,3,'2017-03-09','3341900317429'),(177,2560,'บค.94',0,118,'เหมาจ้างประกอบอาหาร สร.',NULL,11000,'นางทัศนีย์  คูณเมือง',NULL,203,3,'2017-02-15','3341900317429'),(178,2560,'บค.95',0,118,'เหมาจ้างประกอบอาหาร นว..',NULL,4500,'นางทัศนีย์  คูณเมือง',NULL,203,3,'2017-03-15','3341900317429'),(179,2560,'บจ.47',0,109,'ค่าไฟฟ้า ม.ค.60',NULL,2523.91,'การไฟฟฟ้า',NULL,204,3,'2017-03-15','3341900317429'),(180,2560,'บจ.48',0,109,'ค่าไฟฟ้า ก.พ.60',NULL,2047.37,'การไฟฟฟ้า',NULL,204,3,'2017-03-15','3341900317429'),(181,2560,'บจ.49',0,109,'ค่าไฟฟ้า นว. ม.ค.60',NULL,510.9,'การไฟฟฟ้า',NULL,204,3,'2017-03-15','3341900317429'),(182,2560,'บจ.50',0,109,'ค่าไฟฟ้า นว.ก.พ.',NULL,495.53,'การไฟฟฟ้า',NULL,204,3,'2017-03-15','3341900317429'),(183,2560,'บค.96',0,118,'เหมาจ้างประกอบอาหาร สร.',NULL,11000,'นางทัศนีย์  คูณเมือง',NULL,203,3,'2017-03-22','3341900317429'),(184,2560,'บค.97',0,118,'เหมาจ้างประกอบอาหาร นว..',NULL,4500,'นางทัศนีย์  คูณเมือง',NULL,203,3,'2017-03-22','3341900317429'),(185,2560,'บจ.51',0,109,'ค่านำ้ประปา สร.',NULL,948,'นายสัมฤทธิ์  ทอนสีมา',NULL,204,3,'2017-03-22','3341900317429'),(186,2560,'บจ.52',0,110,'วัสดุโครงการอนุรักษ์พันธุกรรมพืช',NULL,2000,'ร้าน',NULL,203,3,'2017-02-22','3341900317429'),(187,2560,'บจ.53',0,109,'วัสดุโครงการขาดแคลนนำ้',NULL,3000,'ร้านมิ่งขวัญวัสดุ',NULL,203,3,'2017-02-22','3341900317429'),(188,2560,'บจ.54',0,109,'วัสดุโครงการปรับปรุงการเงิน',NULL,1000,'ร้าน',NULL,203,3,'2017-03-22','3341900317429'),(189,2560,'บจ.55',0,110,'วัสดุโครงการปัจฉิมนิเทศ',NULL,3000,'นางประเสริฐศรี',NULL,203,3,'2017-03-22','3341900317429'),(190,2560,'บจ.56',0,109,'วัสดุโครงการระบบประกันคุณภาพ',NULL,1000,'ร้าน',NULL,203,3,'2017-03-22','3341900317429'),(191,2560,'บจ.57',0,109,'วัสดุโครงการพัฒนางานทะเบียน',NULL,500,'ร้าน',NULL,203,3,'2017-03-22','3341900317429'),(192,2560,'บค.98',0,114,'ส่งใช้เงินยืม  ค่าหนังสือเรียน  คืนพัฒนาผู้เรียน',NULL,1194,'นายพิชัย  บุญขจร',NULL,203,4,'2017-03-27','3341900317429'),(193,2560,'บค.99',0,118,'เหมาจ้างประกอบอาหาร สร.',NULL,11000,'นางทัศนีย์  คูณเมือง',NULL,203,3,'2017-03-30','3341900317429'),(194,2560,'บค.100',0,118,'เหมาจ้างประกอบอาหาร นว..',NULL,4500,'นางทัศนีย์  คูณเมือง',NULL,203,3,'2017-03-30','3341900317429'),(195,2560,'บค.101',0,109,'ค่าจ้าง',NULL,5000,'นายสมเกียรติ   ครองบุญ',NULL,103,3,'2017-03-31','3341900317429'),(196,2560,'บค.102',0,108,'ค่าจ้าง',NULL,4000,'นางบุญศรี  จอมหงษ์',NULL,103,3,'2017-03-31','3341900317429'),(197,2560,'บค.103',0,108,'ค่าจ้าง',NULL,4000,'นางสาวรัชนก  สีลาพร',NULL,103,3,'2017-03-31','3341900317429'),(198,2560,'บค.104',0,112,'จ้างเหมารถรับส่งนักเรียน นว.',NULL,2800,'นายพวง  วงจันทา',NULL,201,3,'2017-03-31','3341900317429'),(199,2560,'บค.105',0,112,'จ้างเหมารถรับส่งนักเรียน นว.',NULL,2200,'นายคำแสง',NULL,201,3,'2017-03-31','3341900317429'),(200,2560,'บจ.58',0,109,'ค่าอินเตอร์เน็ต สร. ',NULL,631.25,'ที โอ ที',NULL,204,3,'2017-03-31','3341900317429'),(201,2560,'บจ.59',0,109,'ค่าอินเตอร์เน็ต นว.',NULL,631.25,'ที โอ ที',NULL,204,3,'2017-03-31','3341900317429'),(202,2560,'บค.106',0,109,'ค่าหนังสือพิมพ์',NULL,310,'นางสาวสุวดี',NULL,203,3,'2017-03-31','3341900317429'),(203,2560,'บย.1',0,117,'ยืมจ่ายค่าเครื่องแบบนักเรียน',NULL,15540,'นางพรทิพา  ศรีดาคุณ',NULL,203,3,'2017-05-11','3341900317429'),(204,2560,'บย.2',0,117,'ยืมจ่ายค่าเครื่องแบบนักเรียน  นว.',NULL,3000,'นายพิชัย  บุญขจร',NULL,203,3,'2017-05-11','3341900317429'),(205,2560,'บค.107',0,115,'จ่ายค่าอุปกรณ์การเรียน',NULL,29045,'นร.',NULL,203,3,'2017-05-11','3341900317429'),(206,2560,'บค.108',0,116,'จ่ายค่าเครื่องแบบนักเรียน สร.',NULL,59550,'นร.',NULL,203,3,'2017-05-11','3341900317429'),(207,2560,'บค.109',0,115,'ค่าอุปกรณ์ นว.',NULL,7455,'นร.',NULL,203,3,'2017-05-11','3341900317429'),(208,2560,'บค.110',0,116,'ค่าเครื่องแบบนักเรียน นว.',NULL,15840,'นร.',NULL,203,3,'2017-05-11','3341900317429'),(209,2560,'บจ.60',0,109,'ค่าอินเตอร์เน็ต สร..',NULL,1262.5,'ที โอ ที',NULL,204,3,'2017-05-18','3341900317429'),(210,2560,'บจ.61',0,109,'ค่าอินเตอร์เน็ต นว.',NULL,1262.5,'ที โอ ที',NULL,204,3,'2017-05-18','3341900317429'),(211,2560,'บย.3',0,117,'ยืมจ่านค่าชุดนักเรียนมัธยมฯเพิ่มเติม 3 คน',NULL,1350,'นางพรทิพา  ศรีดาคุณ',NULL,203,3,'2017-05-18','3341900317429'),(216,2560,'บค.112',0,115,'จ่ายค่าอุปกรณ์การเรียนมัธยมฯ เพิ่มเติม 3 คน',NULL,630,'นร.',NULL,203,3,'2017-05-18','3341900317429'),(215,2560,'บค.111',0,116,'จ่ายค่าเครื่องแบบนร.มัธยมฯ เพิ่มเติม 3 คน',NULL,1350,'นร.',NULL,203,3,'2017-05-18','3341900317429'),(214,2560,'บย.4',0,117,'ยืมจ่ายค่าอุปกรณ์มัธยมฯเพิ่มเติม ',NULL,75,'นางพรทิพา  ศรีดาคุณ',NULL,203,3,'2017-05-18','3341900317429'),(217,2560,'บค.113',0,118,'เหมาจ้างประกอบอาหาร สร.',NULL,11000,'นางทัศนีย์  คูณเมือง',NULL,203,3,'2017-05-23','3341900317429'),(218,2560,'บค.114',0,118,'เหมาจ้างประกอบอาหาร นว..',NULL,4700,'นางทัศนีย์  คูณเมือง',NULL,203,3,'2017-05-23','3341900317429'),(219,2560,'บจ.62',0,109,'ค่านำ้ประปา สร.',NULL,156,'นายสัมฤทธิ์  ทอนสีมา',NULL,204,3,'2017-05-23','3341900317429'),(220,2560,'บจ.63',0,109,'ค่านำ้ประปา สร.',NULL,306,'นายสัมฤทธิ์  ทอนสีมา',NULL,204,3,'2017-05-23','3341900317429'),(221,2560,'บจ.64',0,109,'ค่าไฟฟ้าสร.',NULL,2809.84,'การไฟฟฟ้า',NULL,204,3,'2017-05-24','3341900317429'),(222,2560,'บจ.65',0,109,'ค่าไฟฟ้า สร.',NULL,1206.91,'การไฟฟฟ้า',NULL,204,3,'2017-05-24','3341900317429'),(223,2560,'บจ.66',0,109,'ค่าไฟฟ้า สร.',NULL,1309.17,'การไฟฟฟ้า',NULL,204,3,'2017-05-24','3341900317429'),(224,2560,'บจ.67',0,109,'ค่าไฟฟ้า นว.',NULL,55.09,'การไฟฟฟ้า',NULL,204,3,'2017-05-24','3341900317429'),(225,2560,'บจ.68',0,109,'ค่าไฟฟ้า นว.',NULL,406.3,'ที โอ ที',NULL,204,3,'2017-05-24','3341900317429'),(226,2560,'บจ.69',0,109,'ค่าไฟฟ้า นว.',NULL,431.48,'การไฟฟฟ้า',NULL,204,3,'2017-05-24','3341900317429'),(227,2560,'บค.115',0,118,'เหมาจ้างประกอบอาหาร สร.',NULL,11100,'นางทัศนีย์  คูณเมือง',NULL,203,3,'2017-05-31','3341900317429'),(228,2560,'บค.116',0,118,'เหมาจ้างประกอบอาหาร นว..',NULL,4700,'นางทัศนีย์  คูณเมือง',NULL,203,3,'2017-05-31','3341900317429'),(229,2560,'บค.117',0,109,'ค่าจ้าง',NULL,5000,'นายสมเกียรติ   ครองบุญ',NULL,103,3,'2017-05-31','3341900317429'),(230,2560,'บค.118',0,108,'ค่าจ้าง',NULL,2000,'นางบุญศรี  จอมหงษ์',NULL,103,3,'2017-05-31','3341900317429'),(231,2560,'บค.119',0,108,'ค่าจ้าง',NULL,2000,'นางสาวรัชนก  สีลาพร',NULL,103,3,'2017-05-31','3341900317429'),(232,2560,'บค.120',0,112,'จ้างเหมารถรับส่งนักเรียน นว.',NULL,2500,'นายพวง  วงจันทา',NULL,201,3,'2017-05-31','3341900317429'),(233,2560,'บค.121',0,112,'จ้างเหมารถรับส่งนักเรียน .',NULL,2000,'นายคำแสง',NULL,201,3,'2017-05-31','3341900317429'),(234,2560,'บค.120',0,110,'ค่าหนังสือพิมพ์',NULL,160,'นางสาวสุวดี',NULL,203,3,'2017-05-31','3341900317429'),(235,2560,'บค.123',0,109,'ค่าพาหนะนำนร.ไป รพ.',NULL,150,'น.ส.ระพีพรรณ  ชุมพล',NULL,202,3,'2017-05-31','3341900317429'),(236,2560,'บค.124',0,118,'เหมาจ้างประกอบอาหาร สร.',NULL,11000,'นางทัศนีย์  คูณเมือง',NULL,203,3,'2017-06-06','3341900317429'),(237,2560,'บค.125',0,118,'เหมาจ้างประกอบอาหาร นว..',NULL,4700,'นางทัศนีย์  คูณเมือง',NULL,203,3,'2017-06-06','3341900317429'),(238,2560,'บค.126',0,117,'ค่าลงทะเบียนนร.ไปปฏิบัติธรรม',NULL,23850,'นางอรุณ สาเจริญ',NULL,201,3,'2017-06-08','3341900317429'),(239,2560,'บค.127',0,117,'จ้างเหมารถรับส่งนักเรียน .ไป-กลับปฏิบัติธรรม',NULL,750,'นาพวง  วงจันทา',NULL,201,3,'2017-06-08','3341900317429'),(240,2560,'บค.128',0,117,'จ้างเหมารถรับส่งนักเรียน .ไป-กลับปฏิบัติธรรม',NULL,750,'นายคำแสง',NULL,201,3,'2017-06-08','3341900317429'),(241,2560,'บจ.70',0,117,'ค่าไวนิล',NULL,400,'ร้านเดชากรุ๊ป',NULL,203,3,'2017-06-08','3341900317429'),(242,2560,'บค.129',0,118,'เหมาจ้างประกอบอาหาร สร.',NULL,11000,'นางทัศนีย์  คูณเมือง',NULL,203,3,'2017-06-15','3341900317429'),(243,2560,'บค.130',0,118,'เหมาจ้างประกอบอาหาร นว..',NULL,4700,'นางทัศนีย์  คูณเมือง',NULL,203,3,'2017-06-15','3341900317429'),(244,2560,'บจ.71',0,103,'จ่ายภาษี',NULL,193.5,'สรรพากร',NULL,203,3,'2017-06-15','3341900317429'),(245,2560,'บจ.72',0,108,'ค่าวัสดุรายหัว',NULL,2050,'ดูโฮม',NULL,203,3,'2017-06-15','3341900317429'),(246,2560,'บจ.73',0,109,'ค่าวัสดุรายหัว',NULL,12012,'ดูโฮม',NULL,203,3,'2017-06-15','3341900317429'),(247,2560,'บจ.74',0,110,'ค่าวัสดุรายหัว',NULL,6007,'ดูโฮม',NULL,203,3,'2017-06-15','3341900317429'),(248,2560,'บค.131',0,118,'เหมาจ้างประกอบอาหาร สร.',NULL,11200,'นางทัศนีย์  คูณเมือง',NULL,203,3,'2017-06-21','3341900317429'),(249,2560,'บค.132',0,118,'เหมาจ้างประกอบอาหาร นว..',NULL,4700,'นางทัศนีย์  คูณเมือง',NULL,203,3,'2017-06-21','3341900317429'),(250,2560,'บจ.75',0,109,'ค่านำ้ประปา สร.',NULL,1134,'นายสัมฤทธิ์  ทอนสีมา',NULL,204,3,'2017-06-21','3341900317429'),(251,2560,'บจ.76',0,109,'ค่าอินเตอร์เน็ต สร. ',NULL,631.25,'ที โอ ที',NULL,204,3,'2017-06-21','3341900317429'),(252,2560,'บจ.77',0,109,'ค่าอินเตอร์เน็ต นว.',NULL,631.25,'ที โอ ที',NULL,204,3,'2017-06-21','3341900317429'),(253,2560,'บจ.78',0,108,'ค่าอุปกรณ์ที่นอน นร.',NULL,3900,'โชคอารีย์',NULL,203,3,'2017-06-21','3341900317429'),(254,2560,'บจ.79',0,108,'ค่าอุปกรณ์ที่นอน นร. นว.',NULL,2700,'โชคอารีย์',NULL,203,3,'2017-06-21','3341900317429'),(255,2560,'บค.133',0,118,'เหมาจ้างประกอบอาหาร สร.',NULL,11200,'นางทัศนีย์  คูณเมือง',NULL,203,3,'2017-06-28','3341900317429'),(256,2560,'บค.134',0,118,'เหมาจ้างประกอบอาหาร นว..',NULL,4700,'นางทัศนีย์  คูณเมือง',NULL,203,3,'2017-06-28','3341900317429'),(257,2560,'บค.135',0,109,'ค่าจ้าง',NULL,5000,'นายสมเกียรติ   ครองบุญ',NULL,103,3,'2017-06-30','3341900317429'),(258,2560,'บค.136',0,108,'ค่าจ้าง',NULL,4000,'นางบุญศรี  จอมหงษ์',NULL,103,3,'2017-06-30','3341900317429'),(259,2560,'บค.137',0,108,'ค่าจ้าง',NULL,4000,'นางสาวรัชนก  สีลาพร',NULL,103,3,'2017-06-30','3341900317429'),(260,2560,'บค.138',0,112,'จ้างเหมารถรับส่งนักเรียน นว.',NULL,5000,'นายพวง  วงจันทา',NULL,201,3,'2017-06-30','3341900317429'),(261,2560,'บค.139',0,112,'จ้างเหมารถรับส่งนักเรียน .',NULL,4000,'นายคำแสง',NULL,201,3,'2017-06-30','3341900317429'),(262,2560,'บค.140',0,110,'ค่าหนังสือพิมพ์',NULL,300,'นางสาวสุวดี',NULL,203,3,'2017-06-30','3341900317429'),(263,2560,'บค.141',0,117,'จ้างเหมารถรับส่งนักเรียน .ไปสวนสนาม',NULL,750,'นายพวง  วงจันทา',NULL,201,3,'2017-06-30','3341900317429'),(264,2560,'บค.142',0,117,'จ้างเหมารถรับส่งนักเรียน .ไปสวนสนาม',NULL,750,'นายคำแสง',NULL,201,3,'2017-06-30','3341900317429'),(265,2560,'บจ.80',0,109,'ค่าไฟฟ้า สร.มิ.ย.',NULL,3840.58,'การไฟฟฟ้า',NULL,204,3,'2017-06-30','3341900317429'),(266,2560,'บจ.81',0,109,'ค่าไฟฟ้า นว.มิ.ย',NULL,947.73,'การไฟฟฟ้า',NULL,204,3,'2017-06-30','3341900317429'),(267,2560,'บค.143',0,118,'เหมาจ้างประกอบอาหาร สร.',NULL,11200,'นางทัศนีย์  คูณเมือง',NULL,203,3,'2017-07-04','3341900317429'),(268,2560,'บค.144',0,118,'เหมาจ้างประกอบอาหาร นว..',NULL,4700,'นางทัศนีย์  คูณเมือง',NULL,203,3,'2017-07-04','3341900317429'),(269,2560,'บจ.82',0,108,'ค่าวัสดุรายหัว',NULL,1300,'โชคอารีย์',NULL,203,3,'2017-07-04','3341900317429'),(270,2560,'บจ.83',0,109,'วัสดุรายหัว',NULL,12000,'โชคอารีย์',NULL,203,3,'2017-07-04','3341900317429'),(271,2560,'บจ.84',0,103,'จ่ายภาษี',NULL,249.24,'สรรพากร',NULL,203,3,'2017-07-04','3341900317429'),(277,2564,'ยอดยกมา',NULL,102,'เงินบริจาคเพื่ออาหารกลางวัน(บ.เอสเอสการสุรา)',7000,NULL,'',NULL,NULL,2,'2020-10-01','1301700244316'),(276,2564,'ยอดยกมา',NULL,101,'รายได้เงินสถานศึกษา',227.54,NULL,'',NULL,NULL,2,'2020-10-01','1301700244316'),(274,2564,'บค1/64',0,118,'เงินอาหารกลางวัน',NULL,10000,'วัลลภา ศรีภูไฟ',NULL,203,4,'2020-11-15','1349900025941'),(275,2564,'บท3/64',NULL,118,'ถอนเงินอาหารกลางวัน',NULL,NULL,'',10000,NULL,7,'2020-11-15','1349900025941'),(278,2564,'ยอดยกมา',NULL,108,'เงินรายหัวก่อนประถมศึกษา',15356.66,NULL,'',NULL,NULL,2,'2020-10-01','1301700244316'),(279,2564,'ยอดยกมา',NULL,109,'เงินรายหัวประถมศึกษา',81357.19,NULL,'',NULL,NULL,2,'2020-10-01','1301700244316'),(280,2564,'ยอดยกมา',NULL,110,'เงินรายหัวมัธยมศึกษาตอนต้น',39337.01,NULL,'',NULL,NULL,2,'2020-10-01','1301700244316'),(281,2564,'ยอดยกมา',NULL,112,'เงินปัจจัยพื้นฐานนักเรียนยากจนประถมศึกษา',67500,NULL,'',NULL,NULL,2,'2020-10-01','1301700244316'),(282,2564,'ยอดยกมา',NULL,113,'เงินปัจจัยพื้นฐานนักเรียนยากจนมัธยมศึกษาตอนต้น',136500,NULL,'',NULL,NULL,2,'2020-10-01','1301700244316'),(283,2564,'ยอดยกมา',NULL,114,'ค่าหนังสือเรียน',29458,NULL,'',NULL,NULL,2,'2020-10-01','1301700244316'),(284,2564,'ยอดยกมา',NULL,115,'ค่าอุปกรณ์การเรียน',5410,NULL,'',NULL,NULL,2,'2020-10-01','1301700244316'),(285,2564,'ยอดยกมา',NULL,116,'ค่าเครื่องแบบนักเรียน',4680,NULL,'',NULL,NULL,2,'2020-10-01','1301700244316'),(286,2564,'ยอดยกมา',NULL,117,'ค่ากิจกรรมพัฒนาผู้เรียน',232797.4,NULL,'',NULL,NULL,2,'2020-10-01','1301700244316'),(287,2564,'ยอดยกมา',NULL,118,'เงินโครงการอาหารกลางวัน',408729.09,NULL,'',NULL,NULL,2,'2020-10-01','1301700244316'),(288,2564,'ยอดยกมา',NULL,121,'เงินทุนหมุนเวียนส่งเสริมผลผลิต',238.54,NULL,'',NULL,NULL,2,'2020-10-01','1301700244316');

--
-- Table structure for table `budget_money_return`
--

CREATE TABLE `budget_money_return` (
  `id` int(11) NOT NULL AUTO_INCREMENT,
  `budget_year` int(11) DEFAULT NULL,
  `document` varchar(30) NOT NULL DEFAULT '',
  `item` varchar(100) NOT NULL DEFAULT '',
  `pj_activity` varchar(20) NOT NULL DEFAULT '',
  `money` double NOT NULL DEFAULT 0,
  `pay_type` varchar(10) NOT NULL,
  `p_request` varchar(13) NOT NULL DEFAULT '',
  `officer` varchar(13) NOT NULL DEFAULT '',
  `rec_date` date NOT NULL,
  PRIMARY KEY (`id`)
) ENGINE=MyISAM DEFAULT CHARSET=utf8 COLLATE=utf8_general_ci;

--
-- Dumping data for table `budget_money_return`
--


--
-- Table structure for table `budget_pay_type`
--

CREATE TABLE `budget_pay_type` (
  `id` int(11) NOT NULL AUTO_INCREMENT,
  `pay_type_id` int(11) NOT NULL,
  `pay_group_id` tinyint(4) NOT NULL,
  `pay_type_name` varchar(30) NOT NULL,
  PRIMARY KEY (`id`),
  UNIQUE KEY `pay_type_id` (`pay_type_id`)
) ENGINE=MyISAM AUTO_INCREMENT=16 DEFAULT CHARSET=utf8 COLLATE=utf8_general_ci;

--
-- Dumping data for table `budget_pay_type`
--

INSERT INTO `budget_pay_type` VALUES (1,101,1,'เงินเดือน'),(15,102,1,'ค่าจ้างประจำ'),(3,103,1,'ค่าจ้างชั่วคราว'),(4,104,1,'ค่าตอบแทนพนักงานราชการ'),(5,201,2,'ค่าตอบแทน'),(6,202,2,'ค่าใช้สอย'),(7,203,2,'ค่าวัสดุ'),(8,204,2,'ค่าสาธารณูปโภค'),(9,301,3,'ค่าครุภัณฑ์'),(10,302,3,'ค่าที่ดินและสิ่งก่อสร้าง');

--
-- Table structure for table `budget_permission`
--

CREATE TABLE `budget_permission` (
  `id` int(11) NOT NULL AUTO_INCREMENT,
  `person_id` varchar(13) NOT NULL,
  `p1` tinyint(4) NOT NULL,
  `p2` tinyint(4) NOT NULL,
  `p3` tinyint(4) NOT NULL,
  `p4` tinyint(4) NOT NULL,
  `officer` varchar(13) NOT NULL,
  `rec_date` date NOT NULL,
  PRIMARY KEY (`id`)
) ENGINE=MyISAM AUTO_INCREMENT=13 DEFAULT CHARSET=utf8 COLLATE=utf8_general_ci;

--
-- Dumping data for table `budget_permission`
--

INSERT INTO `budget_permission` VALUES (1,'3341900317429',1,0,1,0,'3330800278013','2014-09-14'),(2,'3341501495919',1,0,0,0,'3330800278013','2014-09-14'),(5,'1301700244316',1,1,1,1,'1349900025941','2021-03-02'),(6,'1341500209339',1,0,0,0,'1341500209339','2018-11-14'),(8,'3340701014930',1,1,1,1,'1349900025941','2021-03-03'),(11,'3349800005619',1,1,1,1,'1341500209339','2025-08-02'),(12,'1341700062234',1,1,1,1,'1341500209339','2025-08-02');

--
-- Table structure for table `budget_project`
--

CREATE TABLE `budget_project` (
  `id` int(11) NOT NULL AUTO_INCREMENT,
  `budget_year` int(11) NOT NULL,
  `code` varchar(16) NOT NULL DEFAULT '',
  `name` varchar(80) NOT NULL DEFAULT '',
  PRIMARY KEY (`id`)
) ENGINE=MyISAM DEFAULT CHARSET=utf8 COLLATE=utf8_general_ci;

--
-- Dumping data for table `budget_project`
--


--
-- Table structure for table `budget_receive`
--

CREATE TABLE `budget_receive` (
  `id` int(11) NOT NULL AUTO_INCREMENT,
  `budget_year` int(11) NOT NULL,
  `num` float NOT NULL DEFAULT 0,
  `book_number` varchar(30) NOT NULL DEFAULT '',
  `out_date` varchar(50) NOT NULL DEFAULT '',
  `book_ref` varchar(30) NOT NULL DEFAULT '',
  `plan` char(1) NOT NULL DEFAULT '',
  `project` varchar(16) NOT NULL DEFAULT '',
  `activity` varchar(50) NOT NULL DEFAULT '',
  `activity2` varchar(200) NOT NULL DEFAULT '',
  `m_source` varchar(7) NOT NULL DEFAULT '',
  `account` varchar(30) NOT NULL DEFAULT '',
  `m_pay` char(3) NOT NULL DEFAULT '',
  `item` varchar(250) NOT NULL DEFAULT '',
  `detail` varchar(250) NOT NULL DEFAULT '',
  `money` double NOT NULL DEFAULT 0,
  `rec_date` date DEFAULT NULL,
  `officer` varchar(13) NOT NULL DEFAULT '',
  PRIMARY KEY (`id`),
  UNIQUE KEY `num` (`num`)
) ENGINE=MyISAM DEFAULT CHARSET=utf8 COLLATE=utf8_general_ci;

--
-- Dumping data for table `budget_receive`
--


--
-- Table structure for table `budget_type`
--

CREATE TABLE `budget_type` (
  `id` int(11) NOT NULL AUTO_INCREMENT,
  `type_id` int(11) NOT NULL,
  `category_id` int(11) NOT NULL,
  `type_name` varchar(70) NOT NULL,
  PRIMARY KEY (`id`),
  UNIQUE KEY `type_id` (`type_id`)
) ENGINE=MyISAM AUTO_INCREMENT=50 DEFAULT CHARSET=utf8 COLLATE=utf8_general_ci;

--
-- Dumping data for table `budget_type`
--

INSERT INTO `budget_type` VALUES (1,101,1,'เงินรายได้สถานศึกษา'),(2,102,1,'เงินบริจาค'),(33,103,1,'เงินภาษีหัก ณ ที่จ่าย'),(4,104,1,'เงินลูกเสือ'),(34,105,1,'เงินเนตรนารี'),(6,106,1,'เงินยุวกาชาด'),(7,107,1,'เงินประกันสัญญา'),(8,108,1,'เงินอุดหนุนทั่วไป(ค่าใช้จ่ายรายหัวก่อนประถมศึกษา)'),(47,119,1,'เงินบริจาคมีวัตถุประสงค์'),(38,304,3,'รายได้เบ็ดเตล็ดอื่น'),(14,301,3,'ค่าขายของเบ็ดเตล็ด'),(36,302,3,'ค่าธรรมเนียมเบ็ดเตล็ด'),(37,303,3,'เงินเหลือจ่ายปีเก่าส่งคืน'),(29,109,1,'เงินอุดหนุนทั่วไป(ค่าใช้จ่ายรายหัวประถมศึกษา)'),(23,112,1,'เงินอุดหนุนทั่วไป(ปัจจัยพื้นฐานนักเรียนยากจนประถมศึกษา)'),(24,113,1,'เงินอุดหนุนทั่วไป(ปัจจัยพื้นฐานนักเรียนยากจนมัธยมต้น)'),(25,114,1,'เรียนฟรี15ปี(ค่าหนังสือเรียน)'),(26,115,1,'เรียนฟรี15ปี(ค่าอุปกรณ์การเรียน)'),(27,116,1,'เรียนฟรี15ปี(ค่าเครื่องแบบนักเรียน)'),(28,117,1,'เรียนฟรี15ปี(ค่ากิจกรรมพัฒนาผู้เรียน)'),(30,110,1,'เงินอุดหนุนทั่วไป(ค่าใช้จ่ายรายหัวมัธยมศึกษาตอนต้น)'),(31,111,1,'เงินอุดหนุนทั่วไป(ค่าใช้จ่ายรายหัวมัธยมศึกษาตอนปลาย)'),(35,118,1,'เงินอาหารกลางวัน'),(48,120,1,'เงินอุดหนุนที่ได้รับจากอบต./เทศบาล'),(49,121,1,'เงินทุนหมุนเวียนส่งเสริมผลผลิต');

--
-- Table structure for table `budget_withdraw`
--

CREATE TABLE `budget_withdraw` (
  `id` int(11) NOT NULL AUTO_INCREMENT,
  `budget_year` int(11) DEFAULT NULL,
  `document` varchar(30) NOT NULL DEFAULT '',
  `item` varchar(100) NOT NULL DEFAULT '',
  `pj_activity` varchar(20) NOT NULL DEFAULT '',
  `money` double NOT NULL DEFAULT 0,
  `money_type` varchar(3) NOT NULL,
  `pay_type` varchar(10) NOT NULL,
  `p_request` varchar(50) NOT NULL,
  `status` tinyint(4) DEFAULT 0,
  `officer` varchar(13) NOT NULL DEFAULT '',
  `rec_date` date NOT NULL,
  `borrowed_rec_date` date NOT NULL,
  `withdraw_rec_date` date NOT NULL,
  PRIMARY KEY (`id`)
) ENGINE=MyISAM AUTO_INCREMENT=2 DEFAULT CHARSET=utf8 COLLATE=utf8_general_ci;

--
-- Dumping data for table `budget_withdraw`
--

INSERT INTO `budget_withdraw` VALUES (1,2564,'บท2/64','เงินอาหารกลางวัน','001001',10000,'118','203','วัลลภา ศรีภูไฟ',1,'1349900025941','2020-11-15','0000-01-01','2020-11-15');

--
-- Table structure for table `budget_year`
--

CREATE TABLE `budget_year` (
  `id` int(11) NOT NULL AUTO_INCREMENT,
  `budget_year` int(11) NOT NULL,
  `year_active` tinyint(1) NOT NULL,
  PRIMARY KEY (`id`),
  UNIQUE KEY `budget_year` (`budget_year`)
) ENGINE=MyISAM AUTO_INCREMENT=10 DEFAULT CHARSET=utf8 COLLATE=utf8_general_ci;

--
-- Dumping data for table `budget_year`
--

INSERT INTO `budget_year` VALUES (3,2557,0),(4,2558,0),(5,2559,0),(6,2560,0),(7,2561,0),(8,2564,0),(9,2568,1);

--
-- Table structure for table `cabinet_cabinet`
--

CREATE TABLE `cabinet_cabinet` (
  `id` int(11) NOT NULL AUTO_INCREMENT,
  `cabinet_id` int(11) NOT NULL,
  `cabinet_type` tinyint(4) NOT NULL,
  `cabinet_name` varchar(100) NOT NULL,
  `cabinet_size` double NOT NULL,
  `tray_size` double NOT NULL,
  `cabinet_person` varchar(13) NOT NULL,
  PRIMARY KEY (`id`),
  UNIQUE KEY `cabinet_id` (`cabinet_id`)
) ENGINE=MyISAM AUTO_INCREMENT=11 DEFAULT CHARSET=utf8 COLLATE=utf8_general_ci;

--
-- Dumping data for table `cabinet_cabinet`
--

INSERT INTO `cabinet_cabinet` VALUES (1,1,1,'บุคคล',1500,100,'3340701014930'),(2,2,1,'วิชาการ',1000,100,'3340701014930'),(3,3,1,'กิจการนักเรียน',1500,100,'1349900140040'),(4,4,1,'การเงิน',700,100,'3340701014930'),(5,5,1,'อาคารสถานที่',300,100,'3340701014930'),(6,6,1,'สัมพันธ์ชุมชน',500,100,'3340701014930'),(9,11,2,'ส่วนบุคคล',15000,500,'1349900140040'),(10,12,1,'งานธุการ',1000,100,'1341500209339');

--
-- Table structure for table `cabinet_file`
--

CREATE TABLE `cabinet_file` (
  `id` int(11) NOT NULL AUTO_INCREMENT,
  `file_id` int(11) NOT NULL,
  `tray_id` bigint(11) NOT NULL,
  `cabinet_id` int(11) NOT NULL,
  `file_name` varchar(100) NOT NULL,
  PRIMARY KEY (`id`)
) ENGINE=MyISAM AUTO_INCREMENT=30 DEFAULT CHARSET=utf8 COLLATE=utf8_general_ci;

--
-- Dumping data for table `cabinet_file`
--

INSERT INTO `cabinet_file` VALUES (8,2,2,1,'เลื่อน วฐ. '),(4,1,2,100,'คำสั่งเลื่อน วฐ. ครูปรีดา,ศรีศักดิ์'),(5,1,4,400,'คำสั่งเลื่อนเงินเดือน เม.ย.57'),(12,1,2,1,'บรรจุ แต่งตั้ง '),(9,1,4,4,'คำสั่งเลื่อนขั้นเงินเดือน'),(10,1,10,3,'เกียรติบัตร'),(11,1,6,1,'อบรม/ประชุม'),(13,3,2,1,'เกษียณ'),(14,1,1,1,'ระเบียบ ข้อบังคับ'),(15,1,3,1,'ย้าย ช่วยราชการ'),(16,1,4,1,'ประชุม อบรม'),(17,2,4,1,'เชิญร่วมงานอื่น ๆ'),(18,1,5,1,'ใบลา'),(19,1,3,2,'สมศ'),(20,2,3,2,'O net'),(21,3,3,2,'Las'),(22,1,100,3,'zz'),(23,2,100,3,'wded'),(26,1,1,12,'หนังสือราชการ1'),(28,2,1,12,'หนังสือราชการ2'),(29,3,1,12,'หนังสือราชการ3');

--
-- Table structure for table `cabinet_main`
--

CREATE TABLE `cabinet_main` (
  `id` int(11) NOT NULL AUTO_INCREMENT,
  `file_id` int(11) NOT NULL,
  `tray_id` bigint(11) NOT NULL,
  `cabinet_id` int(11) NOT NULL,
  `cabinet_type` tinyint(4) NOT NULL,
  `doc_subject` varchar(150) NOT NULL,
  `doc_size` double NOT NULL,
  `doc_name` varchar(100) NOT NULL,
  `doc_type` varchar(10) NOT NULL,
  `status` tinyint(4) NOT NULL DEFAULT 0,
  `person_id` varchar(13) NOT NULL,
  `rec_date` datetime NOT NULL,
  PRIMARY KEY (`id`)
) ENGINE=MyISAM AUTO_INCREMENT=21 DEFAULT CHARSET=utf8 COLLATE=utf8_general_ci;

--
-- Dumping data for table `cabinet_main`
--

INSERT INTO `cabinet_main` VALUES (1,1,3340701014930,1,2,'ค่านิยม 12 ประการ',2985325,'33407010149301410793514.pdf','pdf',0,'3340701014930','2014-09-15 22:05:14'),(2,1,2,100,1,'หนังสือราชการ',2065635,'33407010149301410846322.pdf','pdf',0,'3340701014930','2014-09-16 12:45:22'),(3,1,4,400,1,'คำสั่ง',2054109,'33407010149301410847691.docx','docx',0,'3340701014930','2014-09-16 13:08:11'),(4,1,3340701014930,10,2,'คำสั่ง',2054109,'33407010149301410879092.docx','docx',0,'3340701014930','2014-09-16 21:51:32'),(5,1,2,1,1,'คำสั่ง',1937522,'33407010149301411022965.docx','docx',0,'3340701014930','2014-09-18 13:49:25'),(6,1,4,4,1,'คำสั่งเลื่อนขั้นเงินเดือน เม.ย.57',2054109,'33407010149301411023384.docx','docx',0,'3340701014930','2014-09-18 13:56:24'),(7,1,4,4,1,'คำสั่งเลื่อนขั้นเงินเดือน ต.ค.57',40560,'33407010149301411028050.pdf','pdf',0,'3340701014930','2014-09-18 15:14:10'),(9,6,6,1,1,'อบรม utq 5 หลักสูตร 12 ก.ย.57',554814,'33407010149301411442743.docx','docx',0,'3340701014930','2014-09-23 10:25:43'),(10,3,2,1,1,'1 คำสั่งเลื่อน คศ.3 ครูศรีศักดิ์,ปรีดา  (ฉบับแก้ไขแล้ว)',1359878,'33407010149301411443247.docx','docx',0,'3340701014930','2014-09-23 10:34:07'),(11,1,10,3,1,'เกียรติบัตรแข่งขันศิลปหัตถกรรม ระดับเขต ปี ๕๗_ภาษาไทย',845361,'33407010149301417563346.pdf','pdf',0,'3340701014930','2014-12-03 06:35:46'),(12,1,10,3,1,'เกียรติบัตรแข่งขันศิลปหัตถกรรม ระดับเขต ปี ๕๗_คณิตศาสตร์',848498,'33407010149301417563428.pdf','pdf',0,'3340701014930','2014-12-03 06:37:08'),(13,1,10,3,1,'เกียรติบัตรแข่งขันศิลปหัตถกรรม ระดับเขต ปี ๕๗_วิทยาศาสตร์',849702,'33407010149301417563472.pdf','pdf',0,'3340701014930','2014-12-03 06:37:52'),(14,1,10,3,1,'เกียรติบัตรแข่งขันศิลปหัตถกรรม ระดับเขต ปี ๕๗_สังคมศึกษา',848509,'33407010149301417563514.pdf','pdf',0,'3340701014930','2014-12-03 06:38:34'),(15,1,10,3,1,'เกียรติบัตรแข่งขันศิลปหัตถกรรม ระดับเขต ปี ๕๗_ศิลปะ',849580,'33407010149301417563555.pdf','pdf',0,'3340701014930','2014-12-03 06:39:15'),(16,1,10,3,1,'เกียรติบัตรแข่งขันศิลปหัตถกรรม ระดับเขต ปี ๕๗_พัฒนาผู้เรียน',856061,'33407010149301417563592.pdf','pdf',0,'3340701014930','2014-12-03 06:39:52'),(17,1,10,3,1,'เกียรติบัตรแข่งขันศิลปหัตถกรรม ระดับเขต ปี ๕๗_คอมพิวเตอร์',855272,'33407010149301417563631.pdf','pdf',0,'3340701014930','2014-12-03 06:40:31'),(18,1,10,3,1,'เกียรติบัตรแข่งขันศิลปหัตถกรรม ระดับเขต ปี ๕๗_การงานอาชีพ',846948,'33407010149301417563669.pdf','pdf',0,'3340701014930','2014-12-03 06:41:09'),(19,1,10,3,1,'เกียรติบัตรแข่งขันศิลปหัตถกรรม ระดับเขต ปี ๕๗_ปฐมวัย',846975,'33407010149301417563704.pdf','pdf',0,'3340701014930','2014-12-03 06:41:44'),(20,1,1,12,1,'ทดลอง',424960,'13415002093391542181646.doc','doc',0,'1341500209339','2018-11-14 14:47:26');

--
-- Table structure for table `cabinet_permission`
--

CREATE TABLE `cabinet_permission` (
  `id` int(11) NOT NULL AUTO_INCREMENT,
  `person_id` varchar(13) NOT NULL,
  `p1` tinyint(4) DEFAULT NULL,
  `officer` varchar(13) NOT NULL,
  `rec_date` date NOT NULL,
  PRIMARY KEY (`id`),
  UNIQUE KEY `person_id` (`person_id`)
) ENGINE=MyISAM AUTO_INCREMENT=5 DEFAULT CHARSET=utf8 COLLATE=utf8_general_ci;

--
-- Dumping data for table `cabinet_permission`
--

INSERT INTO `cabinet_permission` VALUES (1,'3340701014930',1,'3340701014930','2014-09-15'),(4,'1341500209339',1,'1341500209339','2018-11-14'),(3,'1349900140040',1,'1349900140040','2015-02-11');

--
-- Table structure for table `cabinet_tray`
--

CREATE TABLE `cabinet_tray` (
  `id` int(11) NOT NULL AUTO_INCREMENT,
  `tray_id` bigint(20) NOT NULL,
  `cabinet_id` int(11) NOT NULL,
  `tray_name` varchar(100) NOT NULL,
  PRIMARY KEY (`id`)
) ENGINE=MyISAM AUTO_INCREMENT=94 DEFAULT CHARSET=utf8 COLLATE=utf8_general_ci;

--
-- Dumping data for table `cabinet_tray`
--

INSERT INTO `cabinet_tray` VALUES (46,1,1,'ระเบียบ ข้อบังคับ'),(2,1,100,'ระเบียบ ข้อบังคับ'),(3,2,100,'บรรจุ แต่งตั้ง เลื่อน วฐ. เกษียณ'),(4,3,100,'ย้าย ช่วยราชการ'),(5,4,100,'ผู้บริหาร'),(6,5,100,'ใบลา'),(7,6,100,'อบรม ประชุม'),(8,7,100,'สวัสดิการ ความก้าวหน้า'),(9,8,100,'สหกรณ์ออมทรัพย์ครู'),(10,9,100,'อัตรากำลัง'),(11,11,100,'เบ็ดเตล็ด'),(12,1,400,'ระเบียบ ข้อบังคับ'),(13,2,400,'อาหารกลางวัน'),(14,3,400,'จัดสรร โอนงบประมาณ'),(15,4,400,'เลื่อนชั้นเงินเดือน'),(16,5,400,'พัสดุ'),(17,6,400,'เบ็ดเตล็ด'),(18,1,200,'ระเบียบ ข้อบังคับ'),(19,2,200,'การศึกษาภาคบังคับ'),(20,3,200,'ประกันคุณภาพ'),(21,4,200,'พัฒนาวิชาการ'),(22,5,200,'ข้อมูลโรงเรียน'),(23,6,200,'ห้องสมุด'),(24,7,200,'โครงการอนุรักษ์พันธุกรรมพืช'),(25,8,200,'ICT'),(26,9,200,'เบ็ดเตล็ด'),(27,1,300,'ข้อมูลนักเรียน'),(28,2,300,'อบรม/ประชุม'),(29,3,300,'ประกวด/แข่งขัน'),(30,4,300,'กิจกรรมพัฒนาผู้เรียน/กีฬา'),(31,5,300,'นักเรียนย้าย'),(32,6,300,'ศึกษาต่อ'),(33,7,300,'ทุนการศึกษา'),(34,8,300,'อนามัยโรงเรียน /ยาเสพติด'),(35,9,300,'กิจกรรมวันสำคัญ'),(36,10,300,'เบ็ดเตล็ด'),(37,1,500,'พัฒนา ใช้ ตกแต่ง'),(38,2,500,'เบ็ดเตล็ด'),(39,1,600,'ทำบุญ'),(40,2,600,'ทั่วไป'),(41,3,600,'กลุ่มเครือข่าย'),(42,4,600,'ส่วนราชการอื่น / อปท'),(43,3340701014930,20,'ไพรัชต์_รูปแก้ว'),(44,3340701014930,21,'ไพรัชต์_รูปแก้ว'),(47,2,1,'บรรจุ แต่งตั้ง เลื่อน วฐ. เกษียณ'),(48,3,1,'ย้าย ช่วยราชการ'),(49,4,1,'ผู้บริหาร'),(50,5,1,'ใบลา'),(51,6,1,'อบรม/ประชุม'),(52,7,1,'สวัสดิการ ความก้าวหน้า'),(53,8,1,'สหกรณ์ออมทรัพย์'),(54,9,1,'อัตรากำลัง'),(55,10,1,'เครื่องราชอิสริยาภรณ์'),(56,11,1,'เบ็ดเตล็ด'),(57,1,2,'ระเบียบ ข้อบังคับ'),(58,2,2,'การศึกษาภาคบังคับ'),(59,3,2,'ประกันคุณภาพ'),(60,4,2,'พัฒนาวิชาการ'),(61,5,2,'ข้อมูลโรงเรียน'),(62,6,2,'ห้องสมุด'),(63,7,2,'โครงการอนุรักษ์พันธุกรรมพืช   สิ่งแวดล้อม'),(64,8,2,'ICT'),(65,9,2,'เบ็ดเตล็ด'),(66,1,3,'ข้อมูลนักเรียน'),(67,2,3,'อบรม/ประชุม'),(68,3,3,'ประกวด/แข่งขัน'),(69,4,3,'กิจกรรมพัฒนาผู้เรียน/กีฬา'),(70,5,3,'นักเรียนย้าย'),(71,6,3,'ศึกษาต่อ'),(72,7,3,'ทุนการศึกษา'),(73,8,3,'อนามัยโรงเรียน /ยาเสพติด'),(74,9,3,'กิจกรรมวันสำคัญ'),(75,10,3,'เกียรติบัตร'),(76,11,3,'เบ็ดเตล็ด'),(77,1,4,'ระเบียบ ข้อบังคับ'),(78,2,4,'โครงการอาหารกลางวัน'),(79,3,4,'จัดสรร โอนงบประมาณ'),(80,4,4,'เลื่อนชั้นเงินเดือน'),(81,5,4,'พัสดุ'),(82,6,4,'เบ็ดเตล็ด'),(83,1,5,'พัฒนา ใช้ ตกแต่ง'),(84,2,5,'เบ็ดเตล็ด'),(85,1,6,'ทำบุญ'),(86,2,6,'ทั่วไป'),(87,3,6,'กลุ่มเครือข่าย'),(88,4,6,'ส่วนราชการอื่น / อปท'),(89,3340701014930,11,'ไพรัชต์_รูปแก้ว'),(90,100,3,'test'),(91,1,12,'หนังสือราชการ'),(92,2,12,'หนังสือภายนอก'),(93,3,12,'อาหารกลางวัน');

--
-- Table structure for table `delegate_main`
--

CREATE TABLE `delegate_main` (
  `id` int(11) NOT NULL AUTO_INCREMENT,
  `person_id` varchar(13) NOT NULL,
  `start` date NOT NULL,
  `finish` date NOT NULL,
  `remark` varchar(250) NOT NULL,
  `officer` varchar(13) NOT NULL,
  `rec_date` date NOT NULL,
  PRIMARY KEY (`id`)
) ENGINE=MyISAM DEFAULT CHARSET=utf8 COLLATE=utf8_general_ci;

--
-- Dumping data for table `delegate_main`
--


--
-- Table structure for table `delegate_permission`
--

CREATE TABLE `delegate_permission` (
  `id` int(11) NOT NULL AUTO_INCREMENT,
  `person_id` varchar(13) NOT NULL,
  `p1` tinyint(4) NOT NULL,
  `officer` varchar(13) NOT NULL,
  `rec_date` date NOT NULL,
  PRIMARY KEY (`id`)
) ENGINE=MyISAM AUTO_INCREMENT=2 DEFAULT CHARSET=utf8 COLLATE=utf8_general_ci;

--
-- Dumping data for table `delegate_permission`
--

INSERT INTO `delegate_permission` VALUES (1,'1341500209339',1,'1341500209339','2018-11-14');

--
-- Table structure for table `health_age_height`
--

CREATE TABLE `health_age_height` (
  `id` int(11) NOT NULL AUTO_INCREMENT,
  `type` tinyint(4) NOT NULL DEFAULT 1,
  `sex` tinyint(4) NOT NULL DEFAULT 2,
  `age` double NOT NULL,
  `height_1` double NOT NULL,
  `height_2` double NOT NULL,
  `height_3` double NOT NULL,
  `height_4` double NOT NULL,
  PRIMARY KEY (`id`)
) ENGINE=MyISAM AUTO_INCREMENT=63 DEFAULT CHARSET=utf8 COLLATE=utf8_general_ci;

--
-- Dumping data for table `health_age_height`
--

INSERT INTO `health_age_height` VALUES (1,0,1,1,70,71.5,80,81),(2,0,1,1.25,72.5,73.5,83.5,85),(3,0,1,1.5,75,77,86.5,88),(4,0,1,1.75,77.5,79.5,89.5,91),(5,0,1,2,80,81.5,92,93.5),(6,0,1,2.25,82,84,94,96),(7,0,1,2.5,83.5,84.5,96.5,98),(8,0,1,2.75,85.5,87.5,98.5,100),(9,0,1,3,87,89.5,100.5,102),(10,0,1,3.25,89,91,102.5,104),(11,0,1,3.5,90.5,93,104.5,106),(12,0,1,3.75,92,94.5,106.5,108),(13,0,1,4,93.5,96,108,110),(14,0,1,4.25,95,96.5,110,112),(15,0,1,4.5,97,99,112,113.5),(16,0,1,4.75,98.5,100.5,113.5,115),(17,0,1,5,100,102,115,117.7),(18,0,2,1,67,69,79,80.5),(19,0,2,1.25,70,72,82.5,84.5),(20,0,2,1.5,73,74.5,85,87.5),(21,0,2,1.75,75.5,77,88,89.5),(22,0,2,2,78,79.5,90.5,92),(23,0,2,2.25,80,82,92.5,94.5),(24,0,2,2.5,82,84,95,96.5),(25,0,2,2.75,84,86,97,98.5),(26,0,2,3,85.5,88,99,100.5),(27,0,2,3.25,87.5,89.5,100.5,102.5),(28,0,2,3.5,89,91.5,102.5,104.5),(29,0,2,3.75,90.5,93,104.5,106),(30,0,2,4,92.5,94.5,106.5,108.5),(31,0,2,4.25,94,96,108.5,110.5),(32,0,2,4.5,95.5,98,110.5,112.5),(33,0,2,4.75,97.5,99.5,112.5,114),(34,0,2,5,99,101,114,116),(35,1,1,5,100,102,115,117.5),(36,1,1,6,105.5,107.5,121.5,123.5),(37,1,1,7,110.5,113,127.5,130),(38,1,1,8,114.5,117.5,133.5,136),(39,1,1,9,119,122,138,141),(40,1,1,10,123.5,126.5,143.5,145.5),(41,1,1,11,127.5,130.5,149.5,153),(42,1,1,12,131.5,135,157,161),(43,1,1,13,135,139,162,166),(44,1,1,14,143,147.5,170,173),(45,1,1,15,149.5,153.5,173,176.5),(46,1,1,16,155,158.5,176,178.5),(47,1,1,17,157.5,160.5,177,179.5),(48,1,1,18,158.5,161.5,177.5,180),(49,1,2,5,99,101,114,116),(50,1,2,6,105,107.5,120.5,123),(51,1,2,7,109.5,112.5,126.5,129),(52,1,2,8,114.5,117,132.5,135),(53,1,2,9,119,122,139,142),(54,1,2,10,124,127,146,149.5),(55,1,2,11,129.5,133,152.5,155.5),(56,1,2,12,135.5,138.5,157,159.5),(57,1,2,13,140.5,143.5,160,162.5),(58,1,2,14,144.5,147,162,164.5),(59,1,2,15,146,148,163.5,166),(60,1,2,16,146.5,149,164,166.5),(61,1,2,17,147,149,164,166.5),(62,1,2,18,147,149.5,164,166.5);

--
-- Table structure for table `health_age_weight`
--

CREATE TABLE `health_age_weight` (
  `id` int(11) NOT NULL AUTO_INCREMENT,
  `type` tinyint(4) NOT NULL DEFAULT 1,
  `sex` tinyint(4) NOT NULL DEFAULT 2,
  `age` double NOT NULL,
  `weight_1` double NOT NULL,
  `weight_2` double NOT NULL,
  `weight_3` double NOT NULL,
  `weight_4` double NOT NULL,
  PRIMARY KEY (`id`)
) ENGINE=MyISAM AUTO_INCREMENT=63 DEFAULT CHARSET=utf8 COLLATE=utf8_general_ci;

--
-- Dumping data for table `health_age_weight`
--

INSERT INTO `health_age_weight` VALUES (1,0,1,1,7.8,8.3,11.5,11.5),(2,0,1,1.25,8.5,9,12,12.5),(3,0,1,1.5,8.9,9.4,12.9,13.5),(4,0,1,1.75,9.4,10,13.7,14.4),(5,0,1,2,9.8,10.5,14.5,15.2),(6,0,1,2.25,10.2,11,15,15.8),(7,0,1,2.5,10.6,11.4,15.8,16.7),(8,0,1,2.75,11,11.8,16.6,17.4),(9,0,1,3,11.4,12.2,17.3,18.2),(10,0,1,3.25,11.7,12.6,18,19),(11,0,1,3.5,12,12.8,18.7,19.8),(12,0,1,3.75,12.4,13.3,19.3,20.6),(13,0,1,4,12.7,13.6,20,21.3),(14,0,1,4.25,13.2,13.9,20.7,22),(15,0,1,4.5,13.4,14.3,21.3,22.7),(16,0,1,4.75,13.8,14.6,21.9,23.7),(17,0,1,5,14,15,23,24),(18,0,2,1,7.3,7.7,10.5,11),(19,0,2,1.25,7.8,8.3,11.3,11.9),(20,0,2,1.5,8.3,8.8,12,12.8),(21,0,2,1.75,8.8,9.3,12.9,13.6),(22,0,2,2,9,9.8,13.6,14.4),(23,0,2,2.25,9.5,10.2,14.4,15.2),(24,0,2,2.5,9.8,10.7,15.2,15.9),(25,0,2,2.75,10.3,11.2,15.9,16.9),(26,0,2,3,10.7,11.5,16.6,17.4),(27,0,2,3.25,11.2,11.9,17.3,18.2),(28,0,2,3.5,11.5,12.3,17.9,18.9),(29,0,2,3.75,11.8,12.7,18.5,19.7),(30,0,2,4,12.2,13,19.3,20.5),(31,0,2,4.25,12.4,13.4,19.7,21),(32,0,2,4.5,12.8,13.7,20.3,21.7),(33,0,2,4.75,13,13.9,20.9,22.3),(34,0,2,5,13.5,14,22,23.5),(35,1,1,5,14,15,23,24),(36,1,1,6,15.5,16.5,25.5,27),(37,1,1,7,17,18.5,28.5,31),(38,1,1,8,18.5,20,32,35),(39,1,1,9,20,21.5,36,39.5),(40,1,1,10,21.5,23.5,40.5,44.5),(41,1,1,11,23,25.5,45,49.5),(42,1,1,12,25.5,28,50,54.5),(43,1,1,13,28,31.5,54.5,58.5),(44,1,1,14,32,35.5,58.5,63.5),(45,1,1,15,36.5,40,62,65.5),(46,1,1,16,40.5,44,64,67.5),(47,1,1,17,43,46,66,69),(48,1,1,18,45,48,67,70),(49,1,2,5,13.5,14,22,23.5),(50,1,2,6,15,16,24.5,26.5),(51,1,2,7,16.5,17.5,28.5,31),(52,1,2,8,17.5,19,32.5,35.5),(53,1,2,9,19.5,21,37.5,41),(54,1,2,10,21.5,23.5,42,46),(55,1,2,11,23.5,26,46.5,50.5),(56,1,2,12,26.5,29,50,54),(57,1,2,13,29.5,33,53,55.5),(58,1,2,14,33.5,36.5,55,58.5),(59,1,2,15,36.5,38.5,56.5,59.5),(60,1,2,16,37.5,40,57,60),(61,1,2,17,38,41,57.5,60.5),(62,1,2,18,38.5,41,57.5,60.5);

--
-- Table structure for table `health_base`
--

CREATE TABLE `health_base` (
  `base_id` int(5) NOT NULL AUTO_INCREMENT,
  `study_year` int(5) NOT NULL,
  `term` int(3) NOT NULL,
  `status` int(2) NOT NULL,
  PRIMARY KEY (`base_id`)
) ENGINE=MyISAM AUTO_INCREMENT=11 DEFAULT CHARSET=utf8 COLLATE=utf8_general_ci;

--
-- Dumping data for table `health_base`
--

INSERT INTO `health_base` VALUES (1,2561,1,0),(2,2561,2,0),(3,2563,1,0),(4,2562,1,0),(5,2562,2,0),(6,2563,2,0),(7,2564,1,0),(8,2564,2,0),(9,2565,1,0),(10,2566,1,1);

--
-- Table structure for table `health_checking`
--

CREATE TABLE `health_checking` (
  `check_id` int(11) NOT NULL AUTO_INCREMENT,
  `student_id` int(11) NOT NULL,
  `student_number` varchar(13) NOT NULL,
  `year_std` varchar(5) NOT NULL,
  `term_std` varchar(3) NOT NULL,
  `class_now` tinyint(4) NOT NULL,
  `room` tinyint(4) NOT NULL,
  `number_check` int(5) NOT NULL,
  `gum` varchar(100) NOT NULL,
  `iodine` varchar(100) NOT NULL,
  `tooth` varchar(100) NOT NULL,
  `weight` varchar(10) NOT NULL,
  `tall` varchar(10) NOT NULL,
  `comment` text NOT NULL,
  `day` datetime NOT NULL,
  `usenull` text DEFAULT NULL,
  `life` varchar(10) NOT NULL,
  `push` varchar(10) NOT NULL,
  `sit` varchar(10) NOT NULL,
  `roll` varchar(10) NOT NULL,
  `run` varchar(10) NOT NULL,
  `person_check` varchar(255) NOT NULL,
  PRIMARY KEY (`check_id`)
) ENGINE=MyISAM DEFAULT CHARSET=utf8 COLLATE=utf8_general_ci;

--
-- Dumping data for table `health_checking`
--


--
-- Table structure for table `health_personal`
--

CREATE TABLE `health_personal` (
  `per_id` int(11) NOT NULL AUTO_INCREMENT,
  `personal_code` varchar(13) NOT NULL,
  `per_position` int(3) NOT NULL,
  `per_status` int(3) NOT NULL,
  `person_room` int(3) NOT NULL,
  PRIMARY KEY (`per_id`)
) ENGINE=MyISAM AUTO_INCREMENT=17 DEFAULT CHARSET=utf8 COLLATE=utf8_general_ci;

--
-- Dumping data for table `health_personal`
--

INSERT INTO `health_personal` VALUES (1,'3349900149736',4,1,0),(8,'1459900454205',1,1,0),(7,'3340701014930',11,1,0),(12,'3349800005619',7,1,0),(11,'1330400103228',6,1,0),(10,'1341900188444',5,1,0),(9,'1459900454205',3,1,0),(13,'3349900074647',8,1,0),(14,'1450900006484',9,1,0),(15,'1349700063408',10,1,0),(16,'5341500064457',12,1,0);

--
-- Table structure for table `health_weight_height`
--

CREATE TABLE `health_weight_height` (
  `id` int(11) NOT NULL AUTO_INCREMENT,
  `type` tinyint(4) NOT NULL DEFAULT 0,
  `sex` tinyint(4) NOT NULL DEFAULT 1,
  `height` int(11) NOT NULL,
  `weight_1` double NOT NULL,
  `weight_2` double NOT NULL,
  `weight_3` double NOT NULL,
  `weight_4` double NOT NULL,
  `weight_5` double NOT NULL,
  PRIMARY KEY (`id`)
) ENGINE=MyISAM AUTO_INCREMENT=75 DEFAULT CHARSET=utf8 COLLATE=utf8_general_ci;

--
-- Dumping data for table `health_weight_height`
--

INSERT INTO `health_weight_height` VALUES (1,0,1,50,2.5,3,3.8,4,4.5),(2,0,1,55,3.5,4,4.8,5,6),(3,0,1,60,4.5,5,6.3,6.5,7.5),(4,0,1,65,5.5,6,7.8,8,9),(5,0,1,70,7,7.5,9.3,9.5,10.5),(6,0,1,75,8,8.5,10.8,11,12),(7,0,1,80,9,9.5,12,12.5,13.5),(8,0,1,85,10,10.5,13.5,14,15.5),(9,0,1,90,11,11.5,15,15.5,17),(10,0,1,95,12,12.5,16.5,17,19),(11,0,1,100,13,14,18.5,19,21),(12,0,1,105,14,15,20,21,22.5),(13,0,1,110,15.5,16.5,22,23,25),(14,0,1,115,17,18,24,25,28),(15,0,1,120,18.5,19.5,26.5,28,31),(16,0,1,125,20.5,21.5,29.5,31,35),(17,0,1,130,22,23.5,33,35,39.5),(18,0,1,135,24,25.5,37,39,45),(19,0,1,140,26.5,28,41,44,50),(20,0,2,50,3,3.1,3.8,4,4.5),(21,0,2,55,3.5,4,4.8,5,6),(22,0,2,60,4.5,5,6.3,6.5,7),(23,0,2,65,5.5,6,7.8,8,8.5),(24,0,2,70,6.5,7.5,8.8,9,10),(25,0,2,75,7.5,8.5,10.8,10.5,11.5),(26,0,2,80,8.5,9,11.5,12.5,13),(27,0,2,85,9.5,10,13,13.5,14.5),(28,0,2,90,10.5,11.5,14.5,15.5,16.5),(29,0,2,95,11.5,13,16.5,17,18.5),(30,0,2,100,13,13.5,18,18.5,20.5),(31,0,2,110,15.5,16,22,23,25),(32,0,2,115,16.5,17.5,24,25,28),(33,0,2,120,18,19,27,28.5,31.5),(34,0,2,125,19.5,21.5,30,31.5,35.5),(35,0,2,130,21.5,23,34,36,41),(36,0,2,135,23.5,25,38,40.5,46),(37,0,2,140,25.5,27.5,42.5,45.5,55.5),(38,0,2,105,14,15,19.5,20.5,22.5),(39,1,1,90,11,11.5,15,16,17),(40,1,1,95,12,12.5,17,17.5,19),(41,1,1,100,13,14,18,19,21),(42,1,1,105,14.5,15,19.5,20.5,22.5),(43,1,1,110,16,16.6,21.5,22.5,24.5),(44,1,1,115,17,18,24,25,27.5),(45,1,1,120,19,19.5,26.5,28,30.5),(46,1,1,125,20,21,29,31,34),(47,1,1,130,22,23,33,35,39),(48,1,1,135,24.5,25.5,37,39.5,45),(49,1,1,140,26.5,28.5,41,44,50),(50,1,1,145,29,31,45,48,54.5),(51,1,1,150,32,34,49,52.5,58.5),(52,1,1,155,35,37,53,56.5,62.5),(53,1,1,160,38.5,41,57,60.5,66.5),(54,1,1,165,42.5,45,61.5,64.5,70),(55,1,1,170,46,48.5,65,68,74.5),(56,1,1,175,49.5,52.5,69,72,77),(57,1,1,180,53,56,72,75,80),(58,1,2,90,11,11.5,15,16,17),(59,1,2,95,12,12.5,16,17,18.5),(60,1,2,100,13,13.5,18,19,20.5),(61,1,2,105,14,15,19.5,20.5,22.5),(62,1,2,110,15.5,16,21.5,22.5,25),(63,1,2,115,17,17.5,24,25,27.5),(64,1,2,120,18.5,19,26.5,28,31),(65,1,2,125,20,21,30,32,36),(66,1,2,130,21.5,22.5,33.5,36,41),(67,1,2,135,23.5,25,38,41,46),(68,1,2,140,26,27.5,42.5,45.5,51.5),(69,1,2,145,29,31,47,50,56.5),(70,1,2,150,32.5,34.5,51.5,54.5,61),(71,1,2,155,36,38.5,55.5,58.5,65),(72,1,2,160,39.5,42,59,62,68),(73,1,2,165,43,45.5,62,65,70.5),(74,1,2,170,47,48.5,65.5,67.5,72.5);

--
-- Table structure for table `idplan_education`
--

CREATE TABLE `idplan_education` (
  `id` int(11) NOT NULL AUTO_INCREMENT,
  `person_id` varchar(15) DEFAULT NULL,
  `class` varchar(30) DEFAULT NULL,
  `initials` varchar(30) DEFAULT NULL,
  `subject_1` varchar(150) DEFAULT NULL,
  `subject` varchar(150) DEFAULT NULL,
  `institute` varchar(200) DEFAULT NULL,
  `province` varchar(50) DEFAULT NULL,
  `finish_year` varchar(10) DEFAULT NULL,
  PRIMARY KEY (`id`)
) ENGINE=MyISAM AUTO_INCREMENT=9 DEFAULT CHARSET=utf8 COLLATE=utf8_general_ci;

--
-- Dumping data for table `idplan_education`
--


--
-- Table structure for table `idplan_list_setting`
--

CREATE TABLE `idplan_list_setting` (
  `id` int(11) NOT NULL AUTO_INCREMENT,
  `rating` int(5) DEFAULT NULL,
  `item_list` char(50) DEFAULT NULL,
  `permission` int(2) DEFAULT NULL,
  PRIMARY KEY (`id`)
) ENGINE=MyISAM AUTO_INCREMENT=12 DEFAULT CHARSET=utf8 COLLATE=utf8_general_ci;

--
-- Dumping data for table `idplan_list_setting`
--


--
-- Table structure for table `idplan_lookbook_1`
--

CREATE TABLE `idplan_lookbook_1` (
  `id` int(11) NOT NULL AUTO_INCREMENT,
  `person_id` varchar(15) DEFAULT NULL,
  `study_year` varchar(5) DEFAULT NULL,
  `term` varchar(2) DEFAULT NULL,
  `office` varchar(200) DEFAULT NULL,
  `school_name` varchar(250) DEFAULT NULL,
  `class` varchar(5) DEFAULT NULL,
  `subject_1` varchar(3) DEFAULT NULL,
  `subject_2` varchar(150) DEFAULT NULL,
  `house` int(3) DEFAULT NULL,
  PRIMARY KEY (`id`)
) ENGINE=MyISAM AUTO_INCREMENT=20 DEFAULT CHARSET=utf8 COLLATE=utf8_general_ci;

--
-- Dumping data for table `idplan_lookbook_1`
--

INSERT INTO `idplan_lookbook_1` VALUES (19,'3340701014930','2562','1','สพป.อุบลราชธานี เขต 4','โรงเรียนบ้านสำโรงคุรุราษฎร์วิทยา','8','4','ทุกกลุ่มสาระ',0);

--
-- Table structure for table `idplan_lookbook_2`
--

CREATE TABLE `idplan_lookbook_2` (
  `id` int(11) NOT NULL AUTO_INCREMENT,
  `person_id` varchar(15) DEFAULT NULL,
  `year` varchar(5) DEFAULT NULL,
  `term` varchar(1) DEFAULT NULL,
  `week` varchar(3) DEFAULT NULL,
  `start_date` date DEFAULT NULL,
  `end_date` date DEFAULT NULL,
  `group_vicha_id` varchar(2) DEFAULT NULL,
  `vicha_name` varchar(200) DEFAULT NULL,
  `vicha_code` varchar(10) DEFAULT NULL,
  `vitaya` varchar(2) DEFAULT NULL,
  `hour_term` varchar(5) DEFAULT NULL,
  `time` varchar(5) DEFAULT NULL,
  `time_unit` varchar(25) DEFAULT NULL,
  `learn_type` varchar(2) DEFAULT NULL,
  `garantee` varchar(2) DEFAULT NULL,
  PRIMARY KEY (`id`)
) ENGINE=MyISAM AUTO_INCREMENT=21 DEFAULT CHARSET=utf8 COLLATE=utf8_general_ci;

--
-- Dumping data for table `idplan_lookbook_2`
--

INSERT INTO `idplan_lookbook_2` VALUES (20,'3340701014930','2562','1','1','2562-05-16','2562-05-17','','ทุกกลุ่มสาระ','','2','','','เลือก','1','1');

--
-- Table structure for table `idplan_lookbook_3`
--

CREATE TABLE `idplan_lookbook_3` (
  `id` int(11) NOT NULL AUTO_INCREMENT,
  `person_id` varchar(15) DEFAULT NULL,
  `year` varchar(5) DEFAULT NULL,
  `term` varchar(1) DEFAULT NULL,
  `week` varchar(3) DEFAULT NULL,
  `start_date` date DEFAULT NULL,
  `end_date` date DEFAULT NULL,
  `vicha_support` varchar(200) DEFAULT NULL,
  `hour_week` varchar(5) DEFAULT NULL,
  `garantee` varchar(2) DEFAULT NULL,
  PRIMARY KEY (`id`)
) ENGINE=MyISAM AUTO_INCREMENT=22 DEFAULT CHARSET=utf8 COLLATE=utf8_general_ci;

--
-- Dumping data for table `idplan_lookbook_3`
--


--
-- Table structure for table `idplan_lookbook_4`
--

CREATE TABLE `idplan_lookbook_4` (
  `id` int(11) NOT NULL AUTO_INCREMENT,
  `person_id` varchar(15) DEFAULT NULL,
  `year` varchar(5) DEFAULT NULL,
  `term` varchar(1) DEFAULT NULL,
  `week` varchar(3) DEFAULT NULL,
  `start_date` date DEFAULT NULL,
  `end_date` date DEFAULT NULL,
  `policy` varchar(255) DEFAULT NULL,
  `hour_week` varchar(5) DEFAULT NULL,
  `garantee` varchar(2) DEFAULT NULL,
  PRIMARY KEY (`id`)
) ENGINE=MyISAM AUTO_INCREMENT=24 DEFAULT CHARSET=utf8 COLLATE=utf8_general_ci;

--
-- Dumping data for table `idplan_lookbook_4`
--


--
-- Table structure for table `idplan_lookbook_5`
--

CREATE TABLE `idplan_lookbook_5` (
  `id` int(11) NOT NULL AUTO_INCREMENT,
  `person_id` varchar(15) DEFAULT NULL,
  `rec_date` date DEFAULT NULL,
  `develop_name` varchar(255) DEFAULT NULL,
  `develop_code` varchar(15) DEFAULT NULL,
  `knowledge` varchar(10) DEFAULT NULL,
  `skill` varchar(10) DEFAULT NULL,
  `teacher` varchar(10) DEFAULT NULL,
  `develop_hour` varchar(5) DEFAULT NULL,
  `develop_start_date` date DEFAULT NULL,
  `num_date` int(5) DEFAULT NULL,
  `development` varchar(10) DEFAULT NULL,
  `garantee` varchar(2) DEFAULT NULL,
  PRIMARY KEY (`id`)
) ENGINE=MyISAM AUTO_INCREMENT=4 DEFAULT CHARSET=utf8 COLLATE=utf8_general_ci;

--
-- Dumping data for table `idplan_lookbook_5`
--


--
-- Table structure for table `idplan_lookbook_6`
--

CREATE TABLE `idplan_lookbook_6` (
  `id` int(11) NOT NULL AUTO_INCREMENT,
  `person_id` varchar(15) DEFAULT NULL,
  `group_activities` varchar(255) DEFAULT NULL,
  `num_member` int(5) DEFAULT NULL,
  `activities_name` varchar(255) DEFAULT NULL,
  `round` varchar(3) DEFAULT NULL,
  `date_activities` date DEFAULT NULL,
  `term` varchar(2) DEFAULT NULL,
  `year` varchar(5) DEFAULT NULL,
  `num_hour` varchar(5) DEFAULT NULL,
  `r_character` varchar(3) DEFAULT NULL,
  `income_activities` varchar(5) DEFAULT NULL,
  `issues` varchar(255) DEFAULT NULL,
  `cause` varchar(255) DEFAULT NULL,
  `knowledge` varchar(255) DEFAULT NULL,
  `activities` varchar(255) DEFAULT NULL,
  `r_activities` varchar(255) DEFAULT NULL,
  `reapply` varchar(255) DEFAULT NULL,
  `other` varchar(255) DEFAULT NULL,
  `garantee` varchar(2) DEFAULT NULL,
  PRIMARY KEY (`id`)
) ENGINE=MyISAM AUTO_INCREMENT=6 DEFAULT CHARSET=utf8 COLLATE=utf8_general_ci;

--
-- Dumping data for table `idplan_lookbook_6`
--


--
-- Table structure for table `idplan_lookbook_group_subject`
--

CREATE TABLE `idplan_lookbook_group_subject` (
  `id` int(11) NOT NULL AUTO_INCREMENT,
  `g_subject` varchar(255) DEFAULT NULL,
  PRIMARY KEY (`id`)
) ENGINE=MyISAM AUTO_INCREMENT=21 DEFAULT CHARSET=utf8 COLLATE=utf8_general_ci;

--
-- Dumping data for table `idplan_lookbook_group_subject`
--


--
-- Table structure for table `idplan_management_crown`
--

CREATE TABLE `idplan_management_crown` (
  `id` int(11) NOT NULL AUTO_INCREMENT,
  `crown_name_th` char(100) DEFAULT NULL,
  `crown_shot_name` char(10) DEFAULT NULL,
  `crown_name_en` char(150) DEFAULT NULL,
  PRIMARY KEY (`id`)
) ENGINE=MyISAM AUTO_INCREMENT=37 DEFAULT CHARSET=utf8 COLLATE=utf8_general_ci;

--
-- Dumping data for table `idplan_management_crown`
--


--
-- Table structure for table `idplan_management_crown_year`
--

CREATE TABLE `idplan_management_crown_year` (
  `id` int(11) NOT NULL AUTO_INCREMENT,
  `person_id` varchar(15) DEFAULT NULL,
  `crown_id` varchar(3) DEFAULT NULL,
  `crown_year` varchar(7) DEFAULT NULL,
  PRIMARY KEY (`id`)
) ENGINE=MyISAM AUTO_INCREMENT=4 DEFAULT CHARSET=utf8 COLLATE=utf8_general_ci;

--
-- Dumping data for table `idplan_management_crown_year`
--


--
-- Table structure for table `idplan_management_family`
--

CREATE TABLE `idplan_management_family` (
  `id` int(11) NOT NULL AUTO_INCREMENT,
  `person_id` varchar(15) DEFAULT NULL,
  `family_prename` varchar(20) DEFAULT NULL,
  `family_name` varchar(100) DEFAULT NULL,
  `family_surname` varchar(150) DEFAULT NULL,
  `birth_date` date DEFAULT NULL,
  `family_type` varchar(5) DEFAULT NULL,
  PRIMARY KEY (`id`)
) ENGINE=MyISAM AUTO_INCREMENT=9 DEFAULT CHARSET=utf8 COLLATE=utf8_general_ci;

--
-- Dumping data for table `idplan_management_family`
--


--
-- Table structure for table `idplan_management_marry`
--

CREATE TABLE `idplan_management_marry` (
  `person_id` varchar(15) NOT NULL,
  `m_type` varchar(5) DEFAULT NULL,
  `m_prename` varchar(10) DEFAULT NULL,
  `m_name` varchar(50) DEFAULT NULL,
  `m_surname` varchar(150) DEFAULT NULL,
  PRIMARY KEY (`person_id`)
) ENGINE=MyISAM DEFAULT CHARSET=utf8 COLLATE=utf8_general_ci;

--
-- Dumping data for table `idplan_management_marry`
--

INSERT INTO `idplan_management_marry` VALUES ('3341800134144','2','','','');

--
-- Table structure for table `idplan_management_member`
--

CREATE TABLE `idplan_management_member` (
  `id` int(11) NOT NULL AUTO_INCREMENT,
  `person_id` varchar(15) DEFAULT NULL,
  `member_name` varchar(255) DEFAULT NULL,
  `member_number` varchar(30) DEFAULT NULL,
  PRIMARY KEY (`id`)
) ENGINE=MyISAM AUTO_INCREMENT=4 DEFAULT CHARSET=utf8 COLLATE=utf8_general_ci;

--
-- Dumping data for table `idplan_management_member`
--


--
-- Table structure for table `idplan_management_portfolio`
--

CREATE TABLE `idplan_management_portfolio` (
  `id` int(11) NOT NULL AUTO_INCREMENT,
  `person_id` varchar(15) DEFAULT NULL,
  `topic` varchar(200) DEFAULT NULL,
  `date` date DEFAULT NULL,
  `address` varchar(255) DEFAULT NULL,
  `pic_upload` varchar(50) DEFAULT NULL,
  PRIMARY KEY (`id`)
) ENGINE=MyISAM AUTO_INCREMENT=16 DEFAULT CHARSET=utf8 COLLATE=utf8_general_ci;

--
-- Dumping data for table `idplan_management_portfolio`
--


--
-- Table structure for table `idplan_management_vitaya`
--

CREATE TABLE `idplan_management_vitaya` (
  `id` int(11) NOT NULL AUTO_INCREMENT,
  `person_id` varchar(15) DEFAULT NULL,
  `vitaya_name` varchar(250) DEFAULT NULL,
  `vitaya_shot` varchar(50) DEFAULT NULL,
  `vitaya_date` date DEFAULT NULL,
  PRIMARY KEY (`id`)
) ENGINE=MyISAM AUTO_INCREMENT=8 DEFAULT CHARSET=utf8 COLLATE=utf8_general_ci;

--
-- Dumping data for table `idplan_management_vitaya`
--


--
-- Table structure for table `idplan_permission`
--

CREATE TABLE `idplan_permission` (
  `per_id` int(5) NOT NULL AUTO_INCREMENT,
  `person_id` char(15) DEFAULT NULL,
  `p1` int(2) DEFAULT NULL,
  `office` char(15) DEFAULT NULL,
  `rec_dat` date DEFAULT NULL,
  PRIMARY KEY (`per_id`)
) ENGINE=MyISAM AUTO_INCREMENT=36 DEFAULT CHARSET=utf8 COLLATE=utf8_general_ci;

--
-- Dumping data for table `idplan_permission`
--


--
-- Table structure for table `idplan_person_sch_profile`
--

CREATE TABLE `idplan_person_sch_profile` (
  `person_id` varchar(15) NOT NULL,
  `birth_date` date DEFAULT NULL,
  `f_date` date DEFAULT NULL,
  `vittaya` varchar(50) DEFAULT NULL,
  `work_old` int(3) DEFAULT NULL,
  `at_home` varchar(10) DEFAULT NULL,
  `moo` varchar(3) DEFAULT NULL,
  `tambun` varchar(50) DEFAULT NULL,
  `ampher` varchar(50) DEFAULT NULL,
  `province` varchar(70) DEFAULT NULL,
  `postcode` varchar(10) DEFAULT NULL,
  `home_phone` varchar(15) DEFAULT NULL,
  `mobile` varchar(15) DEFAULT NULL,
  `salary` int(10) DEFAULT NULL,
  `emoluments` int(10) DEFAULT NULL,
  `money_of_position` int(10) DEFAULT NULL,
  `m_type` varchar(5) DEFAULT NULL,
  `update_date` date DEFAULT NULL,
  PRIMARY KEY (`person_id`)
) ENGINE=MyISAM DEFAULT CHARSET=utf8 COLLATE=utf8_general_ci;

--
-- Dumping data for table `idplan_person_sch_profile`
--

INSERT INTO `idplan_person_sch_profile` VALUES ('3341800134144','0000-00-00','1992-11-15','ชำนาญการพิเศษ',0,'35','7','คำขวาง','วารินชำราบ','อุบลราชธานี','','','0895633177',0,0,0,'2','2019-05-27'),('3340701014930',NULL,NULL,NULL,NULL,NULL,NULL,NULL,NULL,NULL,NULL,NULL,NULL,NULL,NULL,NULL,NULL,NULL),('1349900025941','1984-08-23','2012-06-01','คศ.2',7,'318/43','12','กุดลาด','เมือง','อุบลราชธานี','','','0800707668',26660,0,3500,'1','2019-08-28'),('4101000003282',NULL,NULL,NULL,NULL,NULL,NULL,NULL,NULL,NULL,NULL,NULL,NULL,NULL,NULL,NULL,NULL,NULL),('7777',NULL,NULL,NULL,NULL,NULL,NULL,NULL,NULL,NULL,NULL,NULL,NULL,NULL,NULL,NULL,NULL,NULL),('5341500045916',NULL,NULL,NULL,NULL,NULL,NULL,NULL,NULL,NULL,NULL,NULL,NULL,NULL,NULL,NULL,NULL,NULL),('1341500209339',NULL,NULL,NULL,NULL,NULL,NULL,NULL,NULL,NULL,NULL,NULL,NULL,NULL,NULL,NULL,NULL,NULL),('1349700063408','2530-12-23','2563-07-24','',0,'40','9','ทรายมูล','พิบูลมังสาหาร','อุบลราชธานี','','','',0,0,0,'','2021-06-25'),('1459900454205',NULL,NULL,NULL,NULL,NULL,NULL,NULL,NULL,NULL,NULL,NULL,NULL,NULL,NULL,NULL,NULL,NULL),('3349800005619','2520-11-22','2551-12-22','ชำนาญการพิเศษ',15,'420','1','แสนสุข','วารินชำราบ','อุบลราชธานี','','','0935818359',40160,5600,5600,'1','2024-03-12'),('1330400103228',NULL,NULL,NULL,NULL,NULL,NULL,NULL,NULL,NULL,NULL,NULL,NULL,NULL,NULL,NULL,NULL,NULL);

--
-- Table structure for table `la_cancel`
--

CREATE TABLE `la_cancel` (
  `id` int(11) NOT NULL AUTO_INCREMENT,
  `person_id` varchar(13) NOT NULL,
  `la_type` tinyint(4) NOT NULL,
  `write_at` varchar(100) DEFAULT NULL,
  `permission_start` date NOT NULL,
  `permission_finish` date NOT NULL,
  `permission_total` int(11) NOT NULL,
  `because` varchar(200) NOT NULL,
  `cancel_la_start` date NOT NULL,
  `cancel_la_finish` date NOT NULL,
  `cancel_la_total` int(11) NOT NULL,
  `no_comment` int(11) NOT NULL DEFAULT 0,
  `grant_p_selected` varchar(13) DEFAULT NULL,
  `rec_date` datetime NOT NULL,
  `officer_comment` varchar(200) DEFAULT NULL,
  `officer_sign` varchar(13) DEFAULT NULL,
  `officer_date` datetime DEFAULT NULL,
  `group_comment` varchar(100) DEFAULT NULL,
  `group_sign` varchar(13) DEFAULT NULL,
  `group_date` datetime DEFAULT NULL,
  `comment_date` datetime DEFAULT NULL,
  `commander_grant` tinyint(4) DEFAULT NULL,
  `commander_comment` varchar(100) DEFAULT NULL,
  `commander_sign` varchar(13) DEFAULT NULL,
  `grant_date` datetime DEFAULT NULL,
  PRIMARY KEY (`id`)
) ENGINE=MyISAM DEFAULT CHARSET=utf8 COLLATE=utf8_general_ci;

--
-- Dumping data for table `la_cancel`
--


--
-- Table structure for table `la_collect`
--

CREATE TABLE `la_collect` (
  `id` int(11) NOT NULL AUTO_INCREMENT,
  `year` int(11) NOT NULL,
  `person_id` varchar(13) NOT NULL,
  `collect_day` tinyint(4) NOT NULL DEFAULT 0,
  `this_year_day` tinyint(4) NOT NULL DEFAULT 0,
  `officer` varchar(13) DEFAULT NULL,
  `rec_date` date DEFAULT NULL,
  PRIMARY KEY (`id`)
) ENGINE=MyISAM DEFAULT CHARSET=utf8 COLLATE=utf8_general_ci;

--
-- Dumping data for table `la_collect`
--


--
-- Table structure for table `la_main`
--

CREATE TABLE `la_main` (
  `id` int(11) NOT NULL AUTO_INCREMENT,
  `person_id` varchar(13) NOT NULL,
  `la_type` tinyint(4) NOT NULL,
  `write_at` varchar(100) DEFAULT NULL,
  `because` varchar(250) DEFAULT NULL,
  `la_start` date NOT NULL,
  `la_finish` date NOT NULL,
  `la_total` int(11) NOT NULL,
  `last_la_start` date DEFAULT NULL,
  `last_la_finish` date DEFAULT NULL,
  `last_la_total` int(11) DEFAULT NULL,
  `contact` varchar(150) DEFAULT NULL,
  `contact_tel` varchar(20) DEFAULT NULL,
  `document` varchar(100) DEFAULT NULL,
  `no_comment` tinyint(4) NOT NULL DEFAULT 0,
  `grant_p_selected` varchar(13) DEFAULT NULL,
  `sick_ago` int(11) DEFAULT NULL,
  `sick_this` int(11) DEFAULT NULL,
  `sick_total` int(11) DEFAULT NULL,
  `privacy_ago` int(11) DEFAULT NULL,
  `privacy_this` int(11) DEFAULT NULL,
  `privacy_total` int(11) DEFAULT NULL,
  `birth_ago` int(11) DEFAULT NULL,
  `birth_this` int(11) DEFAULT NULL,
  `birth_total` int(11) DEFAULT NULL,
  `relax_ago` int(11) DEFAULT NULL,
  `relax_this` int(11) DEFAULT NULL,
  `relax_total` int(11) DEFAULT NULL,
  `relax_collect` tinyint(4) DEFAULT NULL,
  `relax_this_year` tinyint(4) DEFAULT NULL,
  `job_person` varchar(13) DEFAULT NULL,
  `job_person_sign` tinyint(4) NOT NULL DEFAULT 0,
  `rec_date` datetime NOT NULL,
  `officer_comment` varchar(200) DEFAULT NULL,
  `officer_sign` varchar(13) DEFAULT NULL,
  `officer_date` datetime DEFAULT NULL,
  `group_comment` varchar(100) DEFAULT NULL,
  `group_sign` varchar(13) DEFAULT NULL,
  `group_date` datetime DEFAULT NULL,
  `comment_date` datetime DEFAULT NULL,
  `commander_grant` tinyint(4) DEFAULT NULL,
  `commander_comment` varchar(100) DEFAULT NULL,
  `commander_sign` varchar(13) DEFAULT NULL,
  `grant_date` datetime DEFAULT NULL,
  PRIMARY KEY (`id`)
) ENGINE=MyISAM AUTO_INCREMENT=4 DEFAULT CHARSET=utf8 COLLATE=utf8_general_ci;

--
-- Dumping data for table `la_main`
--

INSERT INTO `la_main` VALUES (1,'3341501495919',1,'โรงเรียนบ้านสำโรงคุรุราษฎร์วิทยา','ป่วยเป็นไข้','2014-09-16','2014-09-17',2,'2014-08-18','2014-08-19',2,'95 ถนนทหาร อ.วารินชำราบ ต.วารินชำราบ จ.อุบลราชธานี','0810704168','',0,'3330800278013',0,0,0,0,0,0,0,0,0,NULL,NULL,NULL,NULL,NULL,NULL,0,'2014-09-18 09:49:25',NULL,NULL,NULL,NULL,NULL,NULL,NULL,NULL,NULL,NULL,NULL),(2,'3341900317429',2,'16/1เทศบาล2ตำบลวารินชำราบ อำเภอวารินชำราบ จังหวัดอุบลราชธานี 34190','ดูลาบุตรผ่าตัดคลอดบุตร','2014-09-15','2014-09-17',3,'2014-09-18','2014-09-18',0,'16/1เทศบาล2ตำบลวารินชำราบ อำเภอวารินชำราบ จังหวัดอุบลราชธานี 34190','0881223634','',0,'3330800278013',2,0,2,0,3,3,0,0,0,NULL,NULL,NULL,NULL,NULL,NULL,0,'2014-09-18 10:48:20',NULL,NULL,NULL,NULL,NULL,NULL,NULL,1,'','3330800278013','2014-09-18 15:21:43'),(3,'4101000003282',1,'โรงเรียนบ้านสำโรงคุรุราษฎร์วิทยา','ปวดท้อง','2014-11-17','2014-11-18',2,'2014-11-19','2014-11-19',0,'59 หมู่ 5  ต.บุ่งไหม อ.วาริน จ.อุบลฯ','0914708472','',0,'',0,0,0,0,0,0,0,0,0,NULL,NULL,NULL,NULL,NULL,NULL,0,'2014-11-19 10:26:56',NULL,NULL,NULL,NULL,NULL,NULL,NULL,NULL,NULL,NULL,NULL);

--
-- Table structure for table `la_permission`
--

CREATE TABLE `la_permission` (
  `id` int(11) NOT NULL AUTO_INCREMENT,
  `person_id` varchar(13) NOT NULL,
  `p1` tinyint(4) NOT NULL,
  `officer` varchar(13) NOT NULL,
  `rec_date` date NOT NULL,
  PRIMARY KEY (`id`)
) ENGINE=MyISAM AUTO_INCREMENT=4 DEFAULT CHARSET=utf8 COLLATE=utf8_general_ci;

--
-- Dumping data for table `la_permission`
--

INSERT INTO `la_permission` VALUES (1,'3341900317429',1,'3330800278013','2014-09-18'),(2,'1349900140040',1,'1349900140040','2015-02-11'),(3,'1341500209339',1,'1341500209339','2018-11-14');

--
-- Table structure for table `la_person_set`
--

CREATE TABLE `la_person_set` (
  `id` int(11) NOT NULL AUTO_INCREMENT,
  `person_id` varchar(13) NOT NULL,
  `comment_person` varchar(13) DEFAULT NULL,
  `grant_person` varchar(13) DEFAULT NULL,
  `officer` varchar(13) DEFAULT NULL,
  `rec_date` date DEFAULT NULL,
  PRIMARY KEY (`id`),
  UNIQUE KEY `person_id` (`person_id`)
) ENGINE=MyISAM DEFAULT CHARSET=utf8 COLLATE=utf8_general_ci;

--
-- Dumping data for table `la_person_set`
--


--
-- Table structure for table `la_year`
--

CREATE TABLE `la_year` (
  `id` int(11) NOT NULL AUTO_INCREMENT,
  `budget_year` int(11) NOT NULL,
  `year_active` tinyint(1) NOT NULL,
  PRIMARY KEY (`id`),
  UNIQUE KEY `budget_year` (`budget_year`)
) ENGINE=MyISAM AUTO_INCREMENT=5 DEFAULT CHARSET=utf8 COLLATE=utf8_general_ci;

--
-- Dumping data for table `la_year`
--

INSERT INTO `la_year` VALUES (1,2558,0),(2,2561,0),(3,2562,1),(4,2563,0);

--
-- Table structure for table `mail_filebook`
--

CREATE TABLE `mail_filebook` (
  `id` int(11) NOT NULL AUTO_INCREMENT,
  `ref_id` varchar(50) NOT NULL,
  `file_name` varchar(100) NOT NULL,
  `file_des` varchar(100) NOT NULL,
  PRIMARY KEY (`id`)
) ENGINE=MyISAM AUTO_INCREMENT=48 DEFAULT CHARSET=utf8 COLLATE=utf8_general_ci;

--
-- Dumping data for table `mail_filebook`
--

INSERT INTO `mail_filebook` VALUES (23,'33407010149301412215421','33407010149301412215421_1.doc','ไฟล์'),(2,'37399002125741410677970','37399002125741410677970_1.jpg','ทักทายจ้า'),(3,'33415002911391410933945','33415002911391410933945_1.xlsx','งาน'),(4,'37399002125741411007180','37399002125741411007180_1.doc','ขั้นตอนกิจกรรมหน้าเสาธงASEAN'),(5,'33407010149301411010075','33407010149301411010075_1.jpg','เรื่องเดิม'),(6,'33407010149301411010075','33407010149301411010075_2.jpg','ตอบ'),(7,'33407010149301411353146','33407010149301411353146_1.jpg','เรื่องเดิม'),(8,'33407010149301411353146','33407010149301411353146_2.jpg','ตอบ'),(9,'33407010149301411442070','33407010149301411442070_1.docx','หนังสือราชการ'),(10,'33407010149301411530245','33407010149301411530245_1.png','เรื่องเดิม'),(11,'33407010149301411530245','33407010149301411530245_2.jpg','ตอบ'),(12,'33407010149301411530340','33407010149301411530340_1.pdf','กิจกรรมพัฒนาผู้เรียน'),(13,'33407010149301411530340','33407010149301411530340_2.pdf','ศิลปะ'),(14,'33407010149301411530340','33407010149301411530340_3.pdf','การงาน+คอม'),(15,'33407010149301411530340','33407010149301411530340_4.pdf','คณิตศาสตร์'),(16,'33407010149301411530340','33407010149301411530340_5.pdf','ปฐมวัย'),(17,'33407010149301411530056','33407010149301411530056_1.pdf','วิทยาศาสตร์'),(18,'33407010149301411530056','33407010149301411530056_2.pdf','ภาษาไทย'),(19,'33407010149301411531382','33407010149301411531382_1.doc','คำสั่งแต่งตั้งกรรมการ'),(20,'33407010149301411531382','33407010149301411531382_2.doc','กำหนดการประชุมกรรมการ'),(21,'33407010149301411531382','33407010149301411531382_3.doc','ตารางการแข่งขันแต่ละกิจกรรม'),(22,'33407010149301411566570','33407010149301411566570_1.jpg','เอกสารแนบ'),(24,'33407010149301412229896','33407010149301412229896_1.jpg','ไฟล์'),(25,'33308002780131412392143','33308002780131412392143_1.docx','เอกสาร'),(26,'33407010149301413161678','33407010149301413161678_1.docx','เอกสารแนบ'),(27,'33407010149301413161792','33407010149301413161792_1.pdf','วิทยากร'),(28,'33407010149301413161792','33407010149301413161792_2.pdf','ครู ป.๓'),(29,'37399002125741413790302','37399002125741413790302_1.pdf','ปฏิบัติตามคำสั่งครับ'),(30,'33303003194111414034249','33303003194111414034249_1.pdf','วาระการประชุม'),(31,'33415014959191414648612','33415014959191414648612_1.xlsx','ข้อมูลจำนวนนักเรียน'),(32,'33303003194111414987603','33303003194111414987603_1.doc','แบบกรอกข้อมูล'),(33,'33303003194111414988878','33303003194111414988878_1.pdf','แบบกรอกความพึงพอใจ'),(34,'37399002125741415002677','37399002125741415002677_1.jpg','เอกสารใบนัด'),(35,'34614001203821415758443','34614001203821415758443_1.jpg','เอกสารการเข้าพบแพทย์'),(36,'33415014959191416148545','33415014959191416148545_1.docx','MOU'),(37,'37399002125741416278819','37399002125741416278819_1.jpg','สถานที่แข่งสภานักเรียน'),(38,'37399002125741416279220','37399002125741416279220_1.jpg','พิกัดโรงเรียนนาอ้อยคำสะอาด'),(39,'33303003194111416282492','33303003194111416282492_1.doc','ขอเชิญประชุม'),(40,'33407010149301417178003','33407010149301417178003_1.docx','เอกสารแนบ'),(41,'33407010149301417507121','33407010149301417507121_1.docx','รายละเอียด'),(42,'33407010149301419466895','33407010149301419466895_1.jpg','ภาพ'),(43,'33407010149301419467191','33407010149301419467191_1.jpg','ภาพ'),(44,'33407010149301419468390','33407010149301419468390_1.jpg','ภาพ'),(45,'33407010149301427691657','33407010149301427691657_1.docx','แนบ'),(46,'33407010149301458873743','33407010149301458873743_1.xls','เน'),(47,'33407010149301458873820','33407010149301458873820_1.xlsx','ทดลอง');

--
-- Table structure for table `mail_group`
--

CREATE TABLE `mail_group` (
  `grp_id` int(11) NOT NULL AUTO_INCREMENT,
  `grp_name` varchar(50) NOT NULL,
  PRIMARY KEY (`grp_id`)
) ENGINE=MyISAM AUTO_INCREMENT=3 DEFAULT CHARSET=utf8 COLLATE=utf8_general_ci;

--
-- Dumping data for table `mail_group`
--


--
-- Table structure for table `mail_group_member`
--

CREATE TABLE `mail_group_member` (
  `id` int(11) NOT NULL AUTO_INCREMENT,
  `grp_id` int(11) NOT NULL,
  `person_id` varchar(13) NOT NULL,
  PRIMARY KEY (`id`)
) ENGINE=MyISAM DEFAULT CHARSET=utf8 COLLATE=utf8_general_ci;

--
-- Dumping data for table `mail_group_member`
--


--
-- Table structure for table `mail_main`
--

CREATE TABLE `mail_main` (
  `ms_id` int(11) NOT NULL AUTO_INCREMENT,
  `sender` varchar(13) NOT NULL,
  `subject` varchar(150) NOT NULL,
  `detail` text DEFAULT NULL,
  `ref_id` varchar(50) NOT NULL,
  `send_date` datetime NOT NULL,
  PRIMARY KEY (`ms_id`),
  KEY `ref_id` (`ref_id`)
) ENGINE=MyISAM AUTO_INCREMENT=112 DEFAULT CHARSET=utf8 COLLATE=utf8_general_ci;

--
-- Dumping data for table `mail_main`
--

INSERT INTO `mail_main` VALUES (52,'3330800278013','รับทุน การศึกษา','1.  ให้ครูประจำชั้นอ่านเรียงความของนักเรียนตนเองที่จะรับทุนและปรับปรุงแก้ใข ทางผู้ใจบุญจะนำไปอ่านก่อนถึงวันงานแจกทุน\r\n2.  วันนี้ให้ลงเวลามาของครู ของนักเรียนทางคอมฯทุกห้องด้วย\r\n3.  สถิติการมาเรียนหายไปใหนต้องเห็นในวันนี้ให้ได้  \r\nรับทราบ จาก ผอ','33308002780131411604287','2014-09-25 07:23:14'),(20,'3341501495919','มาปฏิบัติงานแล้ว','เนื่องจากข้าพเจ้าได้ลาป่วย 2 วัน บัดนี้ได้หายเป็นปกติแล้ว\r\nจึงได้มาปฏิบัติหน้าที่ตามปกติ\r\nพรทิพา  ศรีดาคุณ','33415014959191411007526','2014-09-18 09:35:21'),(3,'3739900212574','ทักทาย','ทักอีกที','37399002125741410677970','2014-09-14 14:00:29'),(12,'3349800290372','เมิ่งแล้ว','ผมเมิ่งแล้วครับ','33498002903721410929889','2014-09-17 11:58:43'),(5,'3770600659362','พระคุณ','กรายขอบพระคุณ','37706006593621410677771','2014-09-14 14:07:11'),(13,'3770600659362','ตอบท่าน ผอ.','ตามที่ท่าน ผอ.แจ้งให้เชควันลานักเรียน และช่วยดูแลนักเรียน เนื่องจากครูกันหลายคน นั้น \r\nดิฉัน รับทราบ และพร้อมปฏิบัติ','37706006593621410932196','2014-09-17 12:39:37'),(7,'3739900212574','ทดสอบ','ขอสองขั้นแนเด้อ','37399002125741410678491','2014-09-14 14:08:54'),(10,'3330800278013','การรายงานในระบบ','เรียน ครูทุกท่าน\r\n                     เนื่องจากมีครูลาป่วย ลากิจหลายคน จึงให้ครูทุกคนช่วยดูแลเด็กให้ด้วย และรายงานทางระบบภายในเวลา 10.00 น จะเปิดดูและตอบกลับ \r\n\r\nจาก  ผอ ','33308002780131410920101','2014-09-17 09:17:14'),(11,'3330800278013','การรายงานการมาเรียนของนักเรียนใน smss','ให้ครูประจำชั้นทุกชั้นรายงานสถิติการมาเรียนของนักเรียนวันนี้เวลา 9.00 น ','33308002780131410920291','2014-09-17 09:19:46'),(14,'3341501306105','งาน','งาน','33415013061051410933032','2014-09-17 12:50:49'),(15,'3341500291139','ข้อมูลนักเรียน','นักเรียน','33415002911391410933945','2014-09-17 13:07:27'),(16,'3349900149736','การมาเรียน','มาแล้วคะ่','33499001497361410934194','2014-09-17 13:11:55'),(17,'3330800278013','รายงานการมาเรียน','ด้วยนโยบาย สพปอบ4 ให้ครูปฏิบัติงานใน smss ทุกระบบโดยเริ่มสัปดาห์นี้ปรากฏว่ามีผู้ทดลองถึงวันพุธบางส่วน ผู้ยังไม่เปิดมีรายชื่อต่อไปนี้\r\n 1.  ครูบุญฤทธิ์        2.  ครูพัชราพร          3. ครูพิชัีย\r\n 4.  ครูประเสริฐศรี    5.  ครูธีระ                 6. ครูพรทิพา ( ลาป่วย)\r\n 7.  ครูเบญจพร(ลากิจป    8.  ครูจรัส\r\n \r\nให้ทดลองส่งและดำเนินการตามที่อบรมมาให้คล่องภายในวันนี้\r\nและวันนี้ ให้ส่งหลักฐานการมาเรียนนักเรียนเวลา 9.00 น บอกต่อกันด้วย\r\n ','33308002780131411002151','2014-09-18 08:09:25'),(18,'3330800278013','กำหนดเจ้าหน้าที่ทุกงาน','ให้ลงข้อมูลกำหนด จนท ทุกงาน ปรึกษาครูเบญจพรภายในวันนี้','33308002780131411002681','2014-09-18 08:13:03'),(19,'3739900212574','การฝึกซ้อมกิจกรรมอาเซียนหน้าเสาธง','ขณะนี้ได้ทดลองให้สภานักเรียนดำเนินการนำกิจกรรมหน้าเสาธงเป็นภาษาอังกฤษเรียบร้อยแล้ว  ได้ผลเป็นที่น่าพอใจและจะทำการฝึกซ้อมทุกวันครับ','37399002125741411007180','2014-09-18 09:29:20'),(21,'4101000003282','รายงานมาปฏิบัติราชการ','วันนี้ข้าพเจ้าได้มาปฏิบัติราชการตามปกติ','41010000032821411008552','2014-09-18 09:50:42'),(22,'3739900212574','เช็คการมาเรียน','สิบโมงกว่าแล้วยังไม่มีการเช็คครับ','37399002125741411010091','2014-09-18 10:15:21'),(23,'3340701014930','รับทราบ','OK','33407010149301411010075','2014-09-18 10:16:14'),(24,'3330800278013','ฝึกซ้อมส่อาเซืยน','สุดยอด  ให้ดำเนินการแบบบรรลุผล ไม่ลองไม่รู้ เป็นกำลังใจให้','33308002780131411010836','2014-09-18 10:28:51'),(25,'3330800278013','การลงเวลาประจำวัน','ชื่นชมคณะครูที่บันทึกการมาเรียนของนักเรียนประจำห้อง\r\nงานต่อไป คือ การลงเวลาทางระบบ ให้ครูลงทุกคน อีก สักครู่จะตรวจสอบอีกครั้้ง  โปรดทราบ โปรดทราบ','33308002780131411011325','2014-09-18 10:37:05'),(26,'3330800278013','โครงการเยื่อใยสัมพันธ์กลุ่ม','เรียน  คณะครูทุกท่าน\r\n         เนื่องจากมีมารดาของนายยศ นักการภารโรงโรงเรียนบ้านแพง ถึงแก่กรรม ตามโครงการกลุ่มช่วยเหลือศพคนละ  50 บาท ซองถ้าให้ก็ช่วยตามศรัทธา ถ้าไม่แจกซองก็แล้วแต่บุคคล \r\n         ดังนั้นจีงขอแจ้งให้ครูทุกคนจ่ายเงินที่นักเรียนเดินหนังสือและส่งให้ครูเบญจพรรวบรวมส่งผอ วันนี้ด้วย\r\n         แจ้งเพือดำเนินการทุกคน\r\n                                              ผอ','33308002780131411013251','2014-09-18 11:11:15'),(27,'3341501495919','เช็คเวลา','เจ้าเช็คเวลานักเรียนบ้อ....','33415014959191411093660','2014-09-19 09:29:06'),(28,'3340701014930','yes','yes','33407010149301411106308','2014-09-19 12:58:57'),(29,'3330800278013','เชิญประชุม','เรียน  คณะครูทุกคน\r\n         ให้ดำเนินการเรื่องระบบดูแลประจำห้องส่งครูธีระให้เเรียบร้อยก่อน 9.00 น ทุกคน   และเวลา  10.30  เชิญประชุมแจ้งผลการพิจารณาเงินเดือนส่ง สพฐ  ที่ห้อง ไอซีที ทุกคน \r\n\r\nรับทราบแล้วโปรดตอบด้วย','33308002780131411349947','2014-09-22 08:42:05'),(30,'3341501495919','รับทราบ','รับทราบประชุมและส่งงานครูธีระ','33415014959191411353760','2014-09-22 09:44:29'),(34,'3340701014930','รับทราบ','รับทราบนัดหมายประชุม คับ','33407010149301411353146','2014-09-22 09:59:25'),(35,'3340701014930','ชิ','เปนหยังมาเช็คเวลาเรียนก่อนข่อย','33407010149301411354971','2014-09-22 10:03:35'),(33,'3739900212574','รับทราบครับ','ตอนนี้ที่ส่งสรุปข้อมูลแล้วมีครูบรรจงและครูเบญจพรครับส่วนผมกำลังปรับเอกสารแผนป้องกันยาเสพติดอยู่ครับ','37399002125741411354379','2014-09-22 09:54:13'),(36,'3340701014930','การฝึกอบรม e-Training (UTQ online)','   สพป.อบ.๔ แจ้งประชาสัมพันธ์ โครงการพัฒนาข้าราชการครูและบุคลากรทางการศึกษาด้วยระบบ e-Training (UTQ online) ของ สพฐ. เริ่มเปิดการอบรมจำนวน ๕ หลักสูตร ตั้งแต่ ๑๒ ก.ย. ๕๗ เป็นต้นมา รายละเอียดตามหนังสือแนบ ครับ','33407010149301411442070','2014-09-23 10:20:46'),(37,'4101000003282','รับทราบutq','ได้รับแจ้งเรื่องอบรมutqแล้วขอบคุณมากคะ','41010000032821411446753','2014-09-23 11:34:00'),(38,'3341501495919','คริคริ','สะแหล่นเช็คเวลาเรียนก่อน...หึ๊ย5555','33415014959191411525577','2014-09-24 09:28:10'),(39,'3340701014930','ทำหน้าที่','คริคริ','33407010149301411530245','2014-09-24 10:45:30'),(40,'3340701014930','เกณฑ์การแข่งขันศิลปหัตถกรรม ครั้งที่ 64 ปี 57','รายละเอียดเกณฑ์การแข่งขัน','33407010149301411530340','2014-09-24 10:53:11'),(41,'3340701014930','เกณฑ์การแข่งขันศิลปหัตถกรรม ครั้งที่ 64 ปี 57_2','รายละเอียดเกณฑ์การแข่งขัน','33407010149301411530056','2014-09-24 10:55:12'),(42,'3340701014930','แจ้งรายชื่อกรรมการ, กำหนดการแข่งขัน, กำหนดการประชุม กรรมการสาระต่าง ๆ ','สพป.อบ.๔ แจ้งรายชื่อกรรมการ, กำหนดการแข่งขัน, กำหนดการประชุม ของกรรมการกลุ่มสาระต่าง ๆ รายละเอียดตามแนบ ครับ','33407010149301411531382','2014-09-24 11:06:48'),(51,'3340701014930','แจ้งรายชื่อ กรรมการสาระคอมฯ',' ได้ส่งในระบบ AMSS++ แล้วเมื่อ 22 ก.ย. เวลา 23.47 น. ครับ','33407010149301411566570','2014-09-24 20:53:25'),(44,'3330800278013','เตือนการปฏิบัติตามนโยบาย','ให้ลงเวลามาเรียนของนักเรียน ทุกห้อง ปราฏกว่ามีผู้ลงใน คอมฯ เพียง 2 ห้องเรียนเท่านั้น นอกนั้นอยากทราบเหตุผลด้วย\r\n  ผอรร.','33308002780131411541147','2014-09-24 13:47:43'),(49,'3330800278013','แต่งตั้งกรรมการคอม','ให้ครูไพรัชต์  ลงกรรมกิจ  / รายชื่อประธานกิจกรรม / รายชื่อกรรมการ\r\nให้ทำเป็นคำสั่งกลุ่ม จะได้อัพขึ้น amss ให้ครู้ทั้งเชต\r\nลงชื่อ ผอ รร.','33308002780131411541515','2014-09-24 13:54:21'),(50,'3330800278013','ให้เข้าร่วมสังเกตการประเมิน','เนื่องจาก โรงเรียนมองเห็นความสำคัญอันยิงยวดของท่านที่จะดำเนินการพัฒนาโรงเรียนสู่มาตรฐานการศึกษาชาติ จึงให้เข้าสังเกตการประเมินวิทยะฐานะเชี่ยวชาญที่โรงเรียนมูลนิธิวัดศรีอุุบลฯ ในวันที่ 29  กย 57 และให้ครูพรทิพาประสานไปยังโรงเรียนดังกล่าว ผอ.จะซื้อของติดมือไปฝากโรงเรียนเขาเอง\r\n\r\nทราบแล้วตอบด้วย   จาก ผอ.  รร.','33308002780131411541755','2014-09-24 13:59:47'),(48,'3330800278013','ลงเวลามาเรียนของนักเรียน','วันนี้มีผู้ลงวันมาของนร เพียง 2 ห้อง\r\nนอกนั้นแจงเหตุผลด้วยครับ\r\nผอ.  รร. ','33308002780131411541336','2014-09-24 13:50:11'),(53,'3341501495919','รับทราบ','รับทราบค่ะ','33415014959191411613710','2014-09-25 09:56:30'),(54,'3340701014930','รายละเอียดคุณลักษณะ','ห้องเรียนอัจฉริยะ','33407010149301412215421','2014-10-02 09:04:45'),(55,'3340701014930','Repair','เข้าใจบ่','33407010149301412229896','2014-10-02 13:05:53'),(56,'3330800278013','การมาปฏิบัติงาน','สืบเนื่องจากมีผู้ทำผิดระเบียบการมาปฏิบัติหน้าที่ีราชการตามกฏหมายกำหนดเป็นจำนวนมาก ด้งนั้น จึงให้คณะครูปฏิบัติตามวาระการประชุมเมื่อวันที่  3  ตค  57 โดยเคร่งครัด  หากดำเนินการไม่ได้ คณะกรรมการสถานศึกษาจะเป็นผู้ชี้ขาดตามระเบียบกฏหมายว่าด้วยการมาปฏิบัติหน้าที่ราชการลงวันที่ 7  กค 2546 ในโอกาสต่อไป  \r\n             ให้เปิดรับทราบทุกท่านด้วย\r\nเป็นลายลักษณ์อักษรแล้วนะ  \r\n                              ผอ. สำโรงฯ\r\n \r\n','33308002780131412337344','2014-10-03 19:00:46'),(57,'3330800278013','ติดต่อราชการตามแนวนโยบายกระทรวงศึกษาธิการ','ศรีศักด์  วัลลภา ปรีดา บุญฤทธิ์ พิชัย พัชราพร ประยูร\r\nไม่ยอมเปิด อ่านจดหมาย แบับวันที่ 25 กย 2557 ใครพบข้อความช่วยแจ้งด้วย  เหตุผล ไม่ปฏิบัติตามนโยบายเขต  พอประมาณ  แค่เปิดแล้วบอกว่ารับทราบก็พอ  ภูมิคุ้มกัน  \r\nให้รู้ว่าเราก็เป็นคนมีเทคโนโลยีอยู่บ้าง และ  เป็นการใช้หลักครองตนของพระเจ้าอยู่หัวที่เราเทิดทูนของเราหรือท่านจะเถึยงเชิญ\r\n\r\nจาก ผอ\r\n    \r\n','33308002780131412337871','2014-10-03 19:12:12'),(58,'3330800278013','ความเป็นครู','ทุกคนคงทราบดีแล้วว่าชีวิตความเป็นครูเป็นภาระที่หนัก หน้าที่ทำอะไรบ้างทุกท่านทราบดี ทบทวนก็ได้ ครูอัตราจ้างชั่วคราว หรือภารโรง ทำตามคำสั่ง ผอ ครู และกรรมการโรงเรียน /ครูผู้ช่วย รับผิดชอบงานในหน้าที่และงานผอสั่ง /ครู คศ 1 รับผิดชอบในงานหน้าที่ มีความคิดริเริ่มมุ่งสู่งานและปฎิบัติตามโรงเรียนสั่ง /ครู คศ 2 รับผิดชอบงานในหน้าที่ให้เกิดผลดีเป็นที่ประจักษ์ ทำตามนโยบายโรงเรียนและปฏิบ้ติงานที่สั่งได้ผลดีเลิศ มีความคิดริเริ่มสร้างสรรค์ /ครู ค.ศ 3  อยู่ในระดับสูงแล้ว นายอำเภออยู่ระดับนี้ มีความรับผิดชอบงานสูงมาก ปฏิบัติงานทุกอย่างให้เกิดผลสัมฤทธิ์ อยู่ในระเบียบวินัยโดยเคร่งคร้ด มีความเป็นมนุษย์ที่สูงยิ่งมีจิดอาสา รับผิดชอบงานทุกอย่างเกิดประสิทธิผลเป็นที่ประจักษ์ได้รับการยกย่องจากผู้บังคับบัญชา ผู้ร่วมงาน ชุมชนและผู้มีส่วนเกี่ยวข้องทุกภาคส่วน ไม่อย่างนั้นท่่านจะได้เงินประจำตำแหน่ง 5600+ 5600 ถามว่าท่านยืนอยู่จุดใหนของชีวิตราชการ  จาก\r\nผอ.สำโรง ใครอ่านแล้วบอกครูบ้านสำโรง บ้านหนองแวงที่ยังไม่อ่านเปิดให้หน่อยหรือจะโพสต์ต่อก็เชิญ แต่นำไปวิเคราะห์และพิจารณาตนจะดีต่อนักเรียนมาก  ถึงมากที่สุด หรือแสดงความเห็นส่งมายินดีมากจะได้อ่านมั่ง ดีมั้ยอับ\r\n ','33308002780131412338418','2014-10-03 19:33:36'),(59,'3330800278013','คร.ูทำผิดวินัยมากเลยเอาตัวอย่างมาฝาก','ตัวอย่างความผิดทางวินัยของข้าราชการครูและบุคลากรทางการศึกษา\r\nตัวอย่างความผิดวินัย\r\nความผิดเกี่ยวกับนักเรียน\r\n1. พูดนอกเรื่อง พูดสัปดน พูดสองแง่สองมุม พูดเรื่องส่วนตัวในขณะสอนเป็นประจำ (ตัดเงินเดือน 5 %เป็นเวลา 1 เดือน)\r\n2. พูดมึงกูกับนักเรียน เรียกชื่อพ่อแม่เป็นชื่อนักเรียน (ภาคทัณฑ์)\r\n3. ด่านักเรียนว่า \"พ่อแม่ไม่สั่งสอน หรือว่า พ่อแม่สอนให้ทำอย่างนี้\" (ตัดเงินเดือน 5 %เป็นเวลา 1 เดือน\r\n4. วางอำนาจ เกรี้ยวกราด ดูถูกเหยียดหยามนักเรียน (ตัดเงินเดือน 5 %เป็นเวลา 1 เดือน)\r\n5. บอกข้อสอบนักเรียน (ลดขั้นเงินเดือน 1 ขั้น)\r\n6. ให้นักเรียนช่วยตรวจข้อสอบ และให้คะแนนนักเรียนโดยไม่ตรวจกระดาษคำตอบ (ตัดเงินเดือน 5 %เป็นเวลา 1 เดือน)\r\n7. ออกข้อสอบที่มีข้อความเสียดสีผู้บริหารโรงเรียน และถ้อยคำบางคำไม่สุภาพ (ตัดเงินเดือน 5 %เป็นเวลา 1 เดือน)\r\n8. เป็นกรรมการคุมสอบ ไม่คุมสอบให้รัดกุม เป็นเหตุให้นักเรียนลอกคำตอบกัน (ตัดเงินเดือน 5 %เป็นเวลา 1 เดือน)\r\n9. สั่งนักเรียนที่ต้องสอบแก้ \"ร\" แก้ \"0\" ให้ซื้ออุปกรณ์การแต่งรถมาให้แล้วจะสอบได้ (ปลดออก)\r\n10. เก็บเงินจากนักเรียน อ้างว่าจะนำไปซื้อหนังสือมาให้นักเรียน แต่ไม่ได้ซื้อและไม่คืนเงินจนกระทั่งถูกร้องเรียนจึงคืนให้ (ตัดเงินเดือน 5 %เป็นเวลา 2 เดือน)\r\n11. ขอยืมเงินนักเรียนแล้วไม่ยอมใช้ ให้นักเรียนช่วยตรวจข้อสอบ (ตัดเงินเดือน 5 %เป็นเวลา 2 เดือน)\r\n12. ขโมยเงินนักเรียน (ปลดออก)\r\n13. ริบสร้อยและแหวนจากนักเรียนแล้วไม่ยอมคืน ผู้ปกครองนักเรียนและผู้บริหารโรงเรียนต้องทวงถามหลายครั้งจึงได้ส่งคืน (ลดขั้นเงินเดือน 1 ขั้น)\r\n14. ชวนนักเรียนหญิงดื่มเบียร์ (ตัดเงินเดือน 5 %เป็นเวลา 1 เดือน)\r\n15. พานักเรียนไปเที่ยวต่างจังหวัดโดยไม่ได้ขออนุญาตจากผู้บังคับบัญชาและผู้ปกครองนักเรียนให้ถูกต้องตามระเบียบของทางราชการ (ตัดเงินเดือน 5 %เป็นเวลา 2 เดือน)\r\n16. ยุยงนักเรียนให้ขโมยเงินครู (ตัดเงินเดือน 5 %เป็นเวลา 2 เดือน)\r\n17. ยุยงนักเรียนให้กระด้างกระเดื่องต่อผู้บริหารโรงเรียน (ตัดเงินเดือน 5 %เป็นเวลา 2 เดือน)\r\n18. ครูชายจับมือ จับหน้าอก และจูบนักเรียนหญิง (ปลดออก)\r\n19. ครูชายให้นักเรียนหญิงนวดขาแล้วดึงลงมากอด (ปลดออก)\r\n20. ครูชายสั่งนักเรียนหญิงให้มาสอบแก้ตัวที่โรงเรียนในวันหยุดราชการเพียงคนเดียว แล้วถือโอกาส\r\nปลุกปล้ำ (ปลดออก)\r\n21. ครูชายให้นักเรียนหญิงนอนหนุนตัก แล้วเอามือลูบหัวลูบแก้มในสวนสาธารณะ (ปลดออก)\r\n22. ครูชายพานักเรียนหญิงไปทานอาหาร แล้วคะยั้นคะยอให้นักเรียนดื่มเบียร์ เมื่อนักเรียนดื่มเข้าไปแล้วมีอาการมึนก็พาเข้าโรงแรม แม้จะไม่มีความสัมพันธ์ทางเพศต่อกันถึงขั้นได้เสีย ก็เป็นการประพฤติชั่วอย่างร้ายแรง (ไล่ออก)\r\n23. ครูชายได้เสียกับนักเรียนหญิง ไม่ว่านักเรียนจะสมัครใจหรือไม่ก็ตาม (ไล่ออก)\r\n24. ครูชายทำตัวสนิทสนมกับนักเรียนหญิงจนเกินขอบเขต ผู้บริหารโรงเรียนตักเตือนแล้วไม่ยอมเชื่อฟัง (ลดขั้นเงินเดือน 1 ขั้น)\r\n25. ครูชายพานักเรียนหญิงไปฟังเพลงและดูภาพยนตร์รอบค่ำกันสองต่อสอง (ลดขั้นเงินเดือน 1 ขั้น)\r\n26. ลงโทษนักเรียนโดยวิธีตบหน้า ดึงหู กระชากผม (ตัดเงินเดือน 5 %เป็นเวลา 1 เดือน)\r\n27. ลงโทษนักเรียนโดยวิธีหยิก ตบหลัง (ตัดเงินเดือน 5 %เป็นเวลา 1 เดือน)\r\n28. ลงโทษนักเรียนโดยวิธีหักนิ้วไปด้านหลังมือ จนนักเรียนเกิดความเจ็บปวด (ตัดเงินเดือน 5 % เป็นเวลา 1 เดือน)\r\n29. เฆี่ยนนักเรียนจนเนื้อแตก เลือดออก (ตัดเงินเดือน 5 %เป็นเวลา 1 เดือน)\r\n30. ลงโทษนักเรียนโดยวิธีทุบหน้าอก เขกหัว (ตัดเงินเดือน 5 %เป็นเวลา 1 เดือน)\r\n31. ลงโทษนักเรียนโดยใช้ป้ายแขวนคอแล้วให้ยืนหน้าห้อง และให้คลานรอบสนาม (ตัดเงินเดือน 5 %เป็นเวลา 1 เดือน)\r\n32. ลงโทษนักเรียนโดยการเฆี่ยนจนมีบาดแผล และใช้พวงกุญแจตีที่ศีรษะนักเรียนจนศีรษะแตก(ตัดเงินเดือน 5 % เป็นเวลา 1 เดือน)\r\n33. ลงโทษนักเรียนโดยการชกและเตะ (ตัดเงินเดือน 5 %เป็นเวลา 1 เดือน)\r\n34. ลงโทษนักเรียนที่ทะเลาะกันโดยวิธีให้ต่อยกันที่หน้าเสาธง จนนักเรียนได้รับบาดเจ็บที่ดั้งจมูก(ตัดเงินเดือน 5 %เป็นเวลา 1 เดือน)\r\n35. ลงโทษนักเรียนโดยการเดินเหยียบและกดขยี้ลงบนมือจนนักเรียนได้รับบาดเจ็บ (ตัดเงินเดือน 5 %เป็นเวลา 1 เดือน)\r\n36. ลงโทษนักเรียนที่ทำเลขผิดด้วยการสั่งให้นักเรียนในห้องจำนวน 28 คน เขกหัวนักเรียนที่ทำเลขผิดคนละ 50 ครั้ง (ตัดเงินเดือน 5 % เป็นเวลา 1 เดือน)\r\n37. ลงโทษนักเรียนโดยการตีด้วยไม้ไผ่ปลายแตก ยาว 1 ศอกเศษ เส้นผ่าศูนย์กลางประมาณ 1 นิ้ว ที่ศีรษะจนนักเรียนชักและสลบ จนต้องรักษาตัวที่โรงพยาบาล 2 วัน (ตัดเงินเดือน 5 %เป็นเวลา 2 เดือน)\r\n38. ลงโทษนักเรียนโดยการเฆี่ยนด้วยเข็มขัดถึง 24 ที และให้แบกโต๊ะซึ่งมีน้ำหนักเกือบเท่าตัวนักเรียน เดินขึ้นเดินลงระหว่างชั้นที่ 2 ถึงชั้นที่ 3 (ตัดเงินเดือน 5 % เป็นเวลา 2 เดือน)\r\n39. ลงโทษนักเรียนโดยใช้เหล็กยาวประมาณ 1 ศอก วัดโดยรอบได้ 2.5 ซม. ตีที่หัวไหล่จนได้รับบาดเจ็บ (ตัดเงินเดือน 5 %เป็นเวลา 2 เดือน)\r\nความผิดเกี่ยวกับการปฏิบัติงาน\r\n1. เจ้าหน้าที่การเงินยักยอกเงินบำรุงการศึกษาไปใช้ส่วนตัว (ไล่ออก)\r\n2. เป็นกรรมการตรวจรับพัสดุ ลงชื่อในใบตรวจรับว่าของถูกต้องครบถ้วน ภายหลังปรากฏว่าไม่มีของที่ตรวจรับ (ลดขั้นเงินเดือน 1 ขั้น)\r\n3. ครูดนตรีแอบเอาเครื่องดนตรีซึ่งอยู่ในความดูแลรักษาไปจำนำ (ปลดออก)\r\n4. มีหน้าที่อยู่เวร มารับเวรช้า มารับเวรแล้วออกไปทำธุระส่วนตัวข้างนอก (ตัดเงินเดือน 5 % เป็นเวลา 1 เดือน)\r\n5. มีหน้าที่อยู่เวร ไม่ยอมมาอยู่เวร ทำให้เครื่องพิมพ์ดีดของโรงเรียนถูกโจรกรรม (ลดขั้นเงินเดือน 1 ขั้น)\r\n6. มาอยู่เวรแล้วขโมยทรัพย์สินของโรงเรียนเสียเอง (ไล่ออก)\r\n7. ไม่ทำบัญชีการเงินและบัญชีพัสดุให้ถูกต้องเป็นปัจจุบัน (ตัดเงินเดือน 5 % เป็นเวลา 2 เดือน)\r\n8. มาสายบ่อยครั้งโดยไม่มีเหตุผลอันสมควร (ตัดเงินเดือน 5 % เป็นเวลา 1 เดือน)\r\n9. กลับก่อนเวลาเลิกงานเสมอ ๆ (ตัดเงินเดือน 5 % เป็นเวลา 1 เดือน)\r\n10. ให้เพื่อนลงชื่อมาทำงานแทน (ตัดเงินเดือน 5 % เป็นเวลา 1 เดือน ทั้ง 2 คน)\r\n11. ลงชื่อมาปฏิบัติราชการแล้วไม่อยู่โรงเรียน (ตัดเงินเดือน 5 % เป็นเวลา 1 เดือน)\r\n12. เข้าสอนช้าและเลิกสอนก่อนหมดเวลาเสมอ ๆ (ตัดเงินเดือน 5 % เป็นเวลา 1 เดือน)\r\n13. ทิ้งชั่วโมงสอนไปทำธุระส่วนตัว (ตัดเงินเดือน 5 % เป็นเวลา 1 เดือน)\r\n14. ไม่ไปสอนหนังสือติดต่อกันเกินกว่า 15 วันโดยไม่มีเหตุผลอันสมควร (ไล่ออก)\r\n15. หยุดราชการ 1 วัน ไปติดต่อขอยืมเงินเพื่อน เมื่อมาทำงานได้ยื่นใบลาป่วยต่อผู้อำนายการ (ตัดเงินเดือน 5 % เป็นเวลา 2 เดือน)\r\n16. หยุดราชการไป 7 วัน เมื่อมาทำงานได้ยื่นใบลาป่วยพร้อมใบรับรองแพทย์ ปรากฏว่าแพทย์ลงความเห็นให้หยุดพัก 1 วัน แต่แก้ไขใบรับรองแพทย์เป็น 7 วัน (ตัดเงินเดือน 5 % เป็นเวลา 2 เดือน)\r\n17. ส่งใบลาป่วยล่าช้าโดยไม่มีเหตุผลอันสมควร (ภาคทัณฑ์)\r\n18. ขออนุญาตลากิจไปงานแต่งงานเพื่อน ผู้อำนวยการโรงเรียนไม่อนุญาตก็ยังไป (ตัดเงินเดือน 5 % เป็นเวลา 1 เดือน )\r\n11. ลงชื่อมาปฏิบัติราชการแล้วไม่อยู่โรงเรียน (ตัดเงินเดือน 5 % เป็นเวลา 1 เดือน)\r\n12. เข้าสอนช้าและเลิกสอนก่อนหมดเวลาเสมอ ๆ (ตัดเงินเดือน 5 % เป็นเวลา 1 เดือน)\r\nความผิดเกี่ยวกับการปฏิบัติตนเสื่อมเสีย\r\n1. เมาสุราแล้วอาละวาด ทำลายทรัพย์สินของโรงเรียน (ลดขั้นเงินเดือน 1 ขั้น)\r\n2. เมาสุราแล้วด่าท้าทายผู้บังคับบัญชา (ตัดเงินเดือน 5 % เป็นเวลา 2 เดือน)\r\n3. เมาสุราแล้วทำร้ายร่างกายเพื่อนครูด้วยกัน (ตัดเงินเดือน 5 % เป็นเวลา 1 เดือน)\r\n4. เมาสุราแล้วนอนฟุบอยู่หน้าที่ว่าการอำเภอ ไม่สามารถกลับไปสอนหนังสือได้ (ปลดออก)\r\n5. ลงเวลามาทำงานแล้วแอบไปดื่มสุราที่ร้านข้างโรงเรียน ยังนำสุรามาดื่มที่โต๊ะทำงานและที่ห้องพยาบาลของโรงเรียนในเวลาราชการ (ปลดออก)\r\n6. สูบเฮโรอีน (ปลดออก)\r\n7. เล่นไฮโลว์ (การพนันบัญชี ก. ลำดับที่ 23) ที่บ้านพักครู (ปลดออก)\r\n8. เล่นไพ่รัมมี่ (การพนันบัญชี ข. ลำดับที่ 21 ฎ) ขณะอยู่เวร (ตัดเงินเดือน 5 % เป็นเวลา 2 เดือน)\r\n9. เล่นหวยใต้ดิน (ปลดออก)\r\n10. ครูสตรีมีสามีแล้วยังไปพบปะให้ความสนิทสนมกับคนรักเก่าถึงขนาดเข้าไปในห้องนอน แต่ไม่มีความสัมพันธ์ทางเพศกัน สามีตามไปพบจึงเกิดการทะเลาะกันขึ้น (ตัดเงินเดือน 5 % เป็นเวลา 1 เดือน)\r\n11. ครูชายมีบุตรภรรยาแล้ว ไปหลอกผู้หญิงว่ายังเป็นโสดอยู่ อยากแต่งงานด้วย ผู้หญิงหลงเชื่อและยอมมีความสัมพันธ์ทางเพศด้วย พอคลอดลูกก็ถูกครูชายทอดทิ้ง (ปลดออก)\r\n12. ครูชายกับครูหญิงมีความสัมพันธ์ฉันชู้สาวต่อกัน ทั้ง ๆ ที่แต่ละฝ่ายมีคู่สมรสอยู่แล้ว (ไล่ออก)\r\n13. ครูชายกับครูหญิงมีความสัมพันธ์ฉันชู้สาวถึงขั้นอยู่กินเยี่ยงสามีภรรยาอย่างเปิดเผยต่อกัน ทั้ง ๆ ที่ทั้งสองฝ่ายต่างมีคู่สมรสอยู่แล้ว เพียงแต่แยกกันอยู่เท่านั้น (ไล่ออก)\r\n14. ครูชายมีความสัมพันธ์ทางเพศกับหญิงที่เป็นภรรยาของผู้อื่น แม้หญิงนั้นจะเป็นฝ่ายยั่วยวนและมีความประพฤติไม่ดี ชอบมีความสัมพันธ์ทางเพศกับชายอื่นเสมอ ๆ ก็ถือว่าเป็นการประพฤติชั่วอย่างร้ายแรง (ปลดออก)\r\n15. ครูสตรีมีคู่สมรสแล้วไปมีความสัมพันธ์ในทางชู้สาวกับสามีคนอื่นถึงขั้นได้เสียกัน (ไล่ออก)\r\n16. ครูชายมีคู่สมรสแล้วไปมีความสัมพันธ์ในทางชู้สาวกับภรรยาของคนอื่นจนถึงขั้นได้เสียกัน (ไล่ออก)\r\n17. ครูสตรีมีคู่สมรสแล้วไปมีความสัมพันธ์ในทางชู้สาวกับชายอื่นจนถึงขั้นได้เสียกัน แม้ชายผู้นั้นจะยังไม่มีคู่สมรสก็เป็นการประพฤติชั่วอย่างร้ายแรง (ปลดออก)\r\n18. ครูชายมีภรรยาแล้วแอบไปมีความสัมพันธ์ในทางชู้สาวกับหญิงอื่นจนถึงขั้นได้เสียกัน ทำให้ครอบครัวเดือดร้อน แม้หญิงนั้นจะยังไม่มีคู่สมรสก็เป็นการประพฤติชั่วอย่างร้ายแรง (ปลดออก)\r\n19. ครูชายจดทะเบียนสมรสซ้อนและไม่รับผิดชอบครอบครัว (ปลดออก)\r\n20. ครูสตรีจดทะเบียนสมรสกับชายอื่นทั้ง ๆ ที่รู้ว่าชายนั้นมีภรรยาและจดทะเบียนสมรสแล้ว (ปลดออก)\r\n21. ครูชายเขียนจดหมายถึงภรรยาผู้อื่นในลักษณะชู้สาว (ตัดเงินเดือน 5 % เป็นเวลา 1 เดือน)\r\n22. ครูชายปลุกปล้ำครูสตรีโรงเรียนเดียวกัน (ปลดออก)\r\n23. ออกเช็คเด้งจนถูกศาลพิพากษาลงโทษจำคุก 3 เดือน (ปลดออก)\r\n24. เป็นหนี้แล้วไม่ยอมชดใช้ตามกำหนด พอเจ้าหนี้มาทวงกลับท้าให้ไปฟ้องศาล (ตัดเงินเดือน 5 % เป็นเวลา 1 เดือน)\r\n25. เอาทรัพย์สินของโรงเรียนไปเป็นของตนเอง (ปลดออก)\r\n26. เรียกร้องเงินจากผู้ปกครองนักเรียนที่พาบุตรมาสอบเข้าเรียนต่อ โดยอ้างว่าจะช่วยให้เด็กสอบเข้าได้ (ปลดออก)\r\n27. แต่งกายไม่สุภาพไปทำงาน ผู้บริหารโรงเรียนเตือนแล้วไม่ยอมฟัง (ตัดเงินเดือน 5 % เป็นเวลา 1 เดือน)\r\n28. ทุจริตในการเบิกค่ารักษาพยาบาล (ไล่ออก)\r\n29. ทุจริตในการเบิกค่าเช่าบ้าน (ไล่ออก)\r\n30. ทุจริตในการเบิกค่าเบี้ยเลี้ยง ค่าที่พัก ค่าพาหนะ ในการเดินทางไปราชการ (ไล่ออก)\r\nความผิดเกี่ยวกับประชาชน\r\n1. พูดจาไม่สุภาพกับผู้ปกครองนักเรียนซึ่งมาขอทราบเหตุผลที่บุตรของตนถูกครูลงโทษ (ตัดเงินเดือน 5 % เป็นเวลา 1 เดือน)\r\n2. รับประทานอาหารแล้วไม่จ่ายเงิน เมื่อเจ้าของร้านมาฟ้องผู้อำนวยการ เกิดความโมโหกระชากคอเสื้อแล้วต่อยหน้า 2 – 3 ที (ปลดออก)\r\nความผิดต่อผู้บังคับบัญชา\r\n1. ผู้อำนวยการโรงเรียนสั่งให้อยู่เวร ไม่ยอมมาอยู่อ้างว่าลืม (ตัดเงินเดือน 5 % เป็นเวลา 1 เดือน)\r\n2. ผู้อำนวยการโรงเรียนสั่งให้คุมสอบนักเรียน ไม่ยอมคุม (ตัดเงินเดือน 5 % เป็นเวลา 1 เดือน)\r\n3. ไม่ยอมส่งผลการสอบแก้ตัวของนักเรียนตามเวลาที่ผู้อำนวยการโรงเรียนกำหนด ทำให้โรงเรียนไม่สามารถแจ้งผลการเรียนตามกำหนด (ตัดเงินเดือน 5 % เป็นเวลา 1 เดือน)\r\n4. ไม่เข้าประชุมตามคำสั่งผู้อำนวยการโรงเรียน โดยไม่มีเหตุผลอันสมควร (ตัดเงินเดือน 5 % เป็นเวลา 1 เดือน)\r\n5. ไม่ยอมส่งแผนการเรียนการสอนตามเวลาที่ผู้อำนวยการโรงเรียนกำหนด ต้องเตือนถึง 2 ครั้ง จึงส่ง(ตัดเงินเดือน 5 % เป็นเวลา 1 เดือน)\r\n6. ร้องเรียนไปยังกรมฯ ว่าผู้อำนวยการโรงเรียนทุจริตเงินราชการ ทั้งที่รู้อยู่ว่าไม่เป็นความจริง (ตัดเงินเดือน 5 % เป็นเวลา 2 เดือน)\r\n7. อยากขออนุญาตลากิจเพื่อไปงานบวชเพื่อน ก็เกรงผู้อำนวยการโรงเรียนจะไม่อนุญาต จึงวางแผนให้เพื่อนโทรเลขมาถึงตนที่โรงเรียนมีข้อความว่า \"แม่ไม่สบายกลับบ้านด่วน\" เมื่อได้รับโทรเลขแล้วนำโทรเลขไปพบผู้อำนวยการโรงเรียนเพื่อขออนุญาตไปเยี่ยมแม่ ผู้อำนวยการเชื่อว่าเป็นความจริงจึงอนุญาต (ตัดเงินเดือน 5 % เป็นเวลา 1 เดือน)\r\n8. ผู้อำนวยการโรงเรียนทำหนังสือตักเตือนเรื่องเข้าสอนช้า พออ่านจบขยำหนังสือทิ้งด้วยความไม่พอใจ(ภาคทัณฑ์)\r\n9. พูดจาก้าวร้าว ลบหลู่ผู้อำนวยการโรงเรียน ด้วยความโกรธที่ไม่ได้ 2 ขั้น (ตัดเงินเดือน 5 % เป็นเวลา 1 เดือน)\r\n10. ขว้างอิฐใส่รั้วสังกะสีทำให้เกิดเสียงดังขณะที่ผู้บริหารโรงเรียนเดินผ่าน เพราะโมโหที่ไม่ได้ 2 ขั้น (ตัดเงินเดือน 5 % เป็นเวลา 1 เดือน)\r\n11. โต้เถียงผู้บริหารโรงเรียนในขณะประชุม ผู้บริหารโรงเรียนสั่งให้หยุดกลับตะโกนเสียงดังกว่าเดิม (ตัดเงินเดือน 5 % เป็นเวลา 1 เดือน)\r\n12. พูดกับนักเรียนที่นั่งอยู่ในโรงอาหารว่า \"โรงเรียนเราห่วยลง ๆ ก็เพราะมีผู้อำนวยการงี่เง่าเล่นพรรคเล่นพวก วัน ๆ เอาแต่มุดหัวอยู่แต่ในห้อง (ตัดเงินเดือน 5 % เป็นเวลา 1 เดือน)\r\nความผิดเกี่ยวกับเพื่อนร่วมงาน\r\n1. ด่าหัวหน้าหมวดวิชาต่อหน้านักเรียนว่า \"สมองเท่าไข่พยาธิ\" หัวหน้าหมวดวิชาด่ากลับไปว่า \"อีหน้าคุดทะราด\" (ภาคทัณฑ์ทั้ง 2 ราย)\r\n2. ชี้หน้าด่าเพื่อนครูว่า \"ไอ้เหี้ย\" แล้วท้าให้ออกมาต่อยกัน (ภาคทัณฑ์)\r\n3. ชกหน้าเพื่อนครู 1 ที เพราะโมโหที่ไปฟ้องผู้อำนวยการโรงเรียนว่าตนไม่ยอมเข้าสอน (ตัดเงินเดือน 5 % เป็นเวลา 1 เดือน)\r\n4. ครูสตรีตบตีกันในห้องพักครู (ตัดเงินเดือน 5 % เป็นเวลา 1 เดือน)\r\n5. สาดน้ำใส่หน้าเพื่อนครูแล้วทำร้ายร่างกาย (ตัดเงินเดือน 5 % เป็นเวลา 1 เดือน)\r\n6. เอาน้ำปัสสาวะผสมอุจจาระสาดหน้าครูโรงเรียนเดียวกัน (ตัดเงินเดือน 5 % เป็นเวลา 1 เดือน)\r\n7. ใช้อาวุธปืนยิงครูโรงเรียนเดียวกัน แต่ไม่ถูก (ลดขั้นเงินเดือน 1 ขั้น)\r\n8. ใช้อาวุธปืนยิงเพื่อนครูถึงแก่ความตาย (ไล่ออก)\r\n9. ร้องเรียนไปยังกรมฯ ว่าครูผู้หนึ่งเป็นชู้กับภรรยาของผู้อื่น ทั้ง ๆ ที่รู้ว่าไม่เป็นความจริง (ตัดเงินเดือน 5 % เป็นเวลา 2 เดือน)\r\n10. พูดตำหนิ เหยียดหยาม ดูถูกครูด้วยกัน ให้นักเรียนฟังในขณะสอน (ตัดเงินเดือน 5 % เป็นเวลา 1 เดือน)\r\n11. นำเรื่องที่ไม่เป็นความจริงไปบอกหนังสือพิมพ์ ทำให้ครูที่ตกเป็นข่าวได้รับความเสื่อมเสีย (ตัดเงินเดือน 5 % เป็นเวลา 1 เดือน)\r\n12. หัวหน้าหมวดขอร้องให้ช่วยเข้าสอนแทนครูที่ลาป่วย ลาคลอด แต่ไม่ยอมช่วย อ้างว่าไม่ใช่หน้าที่ (ตัดเงินเดือน 5 % เป็นเวลา 1 เดือน)\r\n13. นักเรียนชกต่อยกัน ผู้ช่วยฝ่ายปกครองให้ช่วยห้ามเพราะลำพังผู้ช่วยคนเดียวห้ามไม่อยู่ กลับพูดว่า \"เด็กมันอยากต่อยกันก็ปล่อยให้มันต่อยไปซิ จะตายโหงตายห่าก็เรื่องของมัน\" แล้วเดินผ่าน (ตัดเงินเดือน 5 % เป็นเวลา 1 เดือน\r\n','33308002780131412392143','2014-10-04 10:13:01'),(60,'4101000003282','รับทราบ','รับทราบหนังสือเรื่องที่56ถึง59จากผอ.ประดิษฐ์ จันทะสนธิ์','41010000032821412568343','2014-10-06 11:08:21'),(61,'3341501495919','รับทราบ','เนื่องจากวันนี้มีงานมาก...จัดทำเอกสารให้ครูธีระ  ซ้อมสภาและจัดทำโครงงารวิทย์..จึงเรียนเพื่อทราบ..อ่านจดหมายช้า','33415014959191412582717','2014-10-06 15:07:20'),(62,'3341501495919','อุต๊ะ','ลืมไปว่า..บ่มีผัว..เลยบอกบ่ได้ว่าหยุ๋มหรือบ่หยุ่ม55555','33415014959191412582898','2014-10-06 15:09:24'),(63,'3330800278013','การฝึกซ้อมกิจกรรมแข่งขัน','เป็นวันสุดท้ายของการซ้อมใหญ่ และขอชื่นชมกิจกรรมสภานักเรียนชนะตั้งแต่ยังไม่ขึ้นเวที มันต้องแบบนี้ ป๋าขอปรบมือให้               ขอ ให้คุณครูทุกคนเอาใจใส่กับกิจกรรมที่ได้รับมอบหมาย และคว้าทองยอดเยี่ยมเหมือนสภานักเรียนอีกสักเหรียญทอง  ข้อความนี้ทราบเฉพาะคนที่เปิดอ่านเท่านั้น ท่านที่ไม่เปิดไม่ทราบอยู่ยุคใหน รักใคร ชอบใคร บอกให้เอาบุญหน่อยเถอะ เข้าใจหรือไม่ว่านี่คือ นโยบายของทางราชการ โดยท่านผอ เขต ดร ถาวร เป็นคนวิ่งเต้นและจ่ายค่าเน็ตความเร็วสูงให้ ใครไม่ปฏิบัติผมจะให้ท่านแก้ต้ัวกับเจ้าของโครงการเองครับ\r\nจบจดหมาย    ตอบหน่อย  จากผอ ท่านเอง','33308002780131412642558','2014-10-07 07:51:19'),(64,'3330800278013','ตอบผู้สนองนโยบาย','ทั้งโรงเรียนมีคนตอบอยู่  2  ท่าน ช่วยบอกต่อให้หน่อยว่านี่คือนโยบายของหน่วยเหนือ  ขอบคุณที่เปิดอ่านและผมจะเขียนทุกวัน  เช้า พักเที่ยง เย็นหลังเสร็จภาระงาน  ช่วยเปิดอ่านด้วย  ผมไม่อยากเล่นลาย เรื่องพิมพ์ดีด ยังมีไฟของเกรด 4 เด็กพาณิชย์อุบลฯ นานทีละ  44 คำสูงสุดในสถาบันอยู่ไม่เชื่อรับคำท้าเดิมพันไม่อั้น แต่ต่างคนต่างเมาก่อนนะ สนใหมเดิมพันไม่อั้นภายใต้เงิื่อนไขนี\r\n\r\n','33308002780131412643269','2014-10-07 08:00:48'),(65,'3341501495919','รับทราบ','รับทราบ..และจะนำไปปฏิบัติ','33415014959191412648493','2014-10-07 09:23:05'),(66,'4101000003282','รับทราบงานฝึกซ้อมกิจกรรม','ทราบและได้ดำเนินการฝึกซ้อมอยู่เป็นระยะแต่เนื่องจากมีค่าใช้จ่ายใน\r\nการฝึกซ้อมสูงไม่สามารถที่จะปฏิบัติการฝึกซ้อมได้\r\nบ่อยครั้ง\r\nจึงเรียนมาเพื่อทราบ','41010000032821412650337','2014-10-07 09:56:11'),(67,'3340101212340','รับทราบ','เรื่องการฝึกซ้อมกิจกรรมวาดภาพระบายสีทุกช่วงชั้นที่ดิฉันรับผิดชอบได้ฝึกซ้อมอย่างต่อเนื่องและวันนี้ 7ตุลาคม57เป็นการซ้อมใหญ่ทุกช่วงชั้น จึงเรียนมาเพื่อโปรดทราบ','33401012123401412650699','2014-10-07 10:05:04'),(68,'3461400120382','รับทราบ','กำลังซ้อทสวนถาด  ที่ได้รับมอบหมาย','34614001203821412651947','2014-10-07 10:20:48'),(69,'3340701014930','แจ้งให้เข้าเรียน E training (UTQ Online)','สพป.อบ.๔ แจ้งให้ข้าราชการครูทุกท่าน เข้ารับการอบรม E training (UTQ Online) และรายงานผลให้ สพป.อบ.๔ ทราบ ตามรายละเอียดที่แนบ ครับ','33407010149301412740457','2014-10-08 10:59:46'),(71,'3330800278013','ปิดภาคเรียน','ภาคเรียน  ตามระเบียบแล้วให้นักเรียนปิด ครุยังคงปำิบัติงานอยุ่ครับ','33308002780131413108622','2014-10-12 17:11:47'),(72,'3341501495919','รับทราบค่ะ','รับทราบ.ค่ะ','33415014959191413155429','2014-10-13 06:12:17'),(73,'3340701014930','คำสั่งเวรรักษาการณ์','คำสั่งเวรรักษาการณ์ระหว่างปิดภาคเรียน ที่ ๑ / ๒๕๕๗','33407010149301413161678','2014-10-13 07:56:17'),(74,'3340701014930','อบรมการใช้ Tablet','กำหนดการอบรม Tablet \r\n   - แกนนำ  ระหว่าง ๑๓ - ๑๔ ต.ค. ณ สพป.อบ.๔\r\n   - ครู ป.๓ ระหว่าง ๑๗ - ๑๘ ต.ค.  ณ โรงแรมปทุมรัตน์','33407010149301413161792','2014-10-13 08:01:52'),(75,'3341501495919','ทราบแล้ว','ทราบแล้ว..ขอบคุณ','33415014959191413288889','2014-10-14 19:15:56'),(76,'4101000003282','รับทราบเวรยาม','ได้รับทราบเวรยามในช่วงปิดภาคเรียนที่1/57แล้ว','41010000032821413464083','2014-10-16 19:55:39'),(77,'3330300319411','ประชุมผู้บริหารประจำเดือน','สพป.อบ.4  มีหนังสือแจ้งผู้บริหารเข้าประชุมประจำเดือน ในวันที่ 24 ตุลาคม 2557 ณ ห้องประชุม 2 ค่ะ','33303003194111413522736','2014-10-17 12:16:13'),(78,'3330800278013','อบรม utq','ใหครูทุกท่านอบรม และพิมพ์ใบประกาศ ส่งให้จนท ธุรการรวบรวมส่งเขต ไม่เกิน 26  ตค 57 ส่งสพฐต่อไป\r\nรับทราบด้วย\r\nผอ.สำโรง','33308002780131413769081','2014-10-20 08:39:48'),(79,'3739900212574','ใบประกาศutq ','วิชาสังคมศึกษามัธยม ','37399002125741413790302','2014-10-20 14:33:00'),(80,'3330300319411','ประชุมผู้บริหารประจำเดือน','วาระการประชุมค่ะ','33303003194111414034249','2014-10-23 10:20:28'),(81,'3739900212574','แจ้งการอบรมวิชาประวัติศาสตร์หน้าที่พลเมือง','ขอให้ครูผู้สอนชั้นป.3และป.6 เข้าอบรมแนวทางการจัดการเรียนรู้วิชาประวัติศาสตร์และหน้าที่พลเมือง ระหว่างวันที่ 30 - 31 ตุลาคมนี้ที่โรงแรมปทุมรัตน์  ลงทะเบียนรายงานตัวตั้งแต่เวลา7.30-8.30 น.','37399002125741414165881','2014-10-24 22:53:33'),(82,'3341501495919','รับทราบ','รับทราบและส่งใบประกาศแล้วค่ะ','33415014959191414395888','2014-10-27 14:45:27'),(83,'3341501495919','ข้อมูลจุดเน้นแต่ละชั้น','ให้เก็บข้อมูลและปรับปรุงเพื่อให้สูงขึ้นในภาคเรียนที่2','33415014959191414648612','2014-10-30 13:00:00'),(84,'3330800278013','เตรียมพร้อมด้านการเรียนทางไกลผ่านดาวเทียม','คณะครู ทุกท่าน\r\n \r\nวันจันทร์ที่ 4 เป็นวันแรกของการเปิดภาคเรียน ผอ สพป อบ 4 ออกเยียมโรงเรียนบ้าน ทุ่งเพียง คำสมิง คำข่า ออกทางสำโรงและหนองแวง ศน ออกอีกสายหนึ่ง  จึงให้เตรียมความพร้อมด้านโทรทัศน์ทางไกลผ่านดาวเทียม พร้อมด้านอาคารสถานที่ ความสะอาด และเรียนให้ได้ 100 เปอร์เซ้นต์ตามนโยบาย ให้ทุกคนมาก่อน8.15 น. ทุกคน ท่านที่ไม่สามารถมาได้ในวันแรก ชี้แจงกับ เขต  หวังว่าจะปฏิบัติตามระเบียบของทางราชการทุกคน\r\nผอ. 2 พย 57','33308002780131414899967','2014-11-02 10:51:07'),(85,'3330300319411','ขอความอนุเคราะห์รายชื่อผู้ทรงคุณวุฒิทางลูกเสือ','ผอ.ค่ะ สพป.อบ.4 ขอข้อมูลผู้ทรงคุณวุฒิทางลูกเสือ จำนวน 5 คน ค่ะ ส่งที่ กลุ่มส่งเสริมการจัดการศึกษา ตามแบบกรอกที่แนบค่ะ','33303003194111414987603','2014-11-03 11:10:31'),(86,'3330300319411','ขอความอนุเคราะห์กรอกแบบสำรวจความพึงพอใจ','ฝากด้วยนะค่ะ','33303003194111414988878','2014-11-03 11:31:11'),(87,'3739900212574','ขออนุญาตมาสาย  4 พ.ย. 2557','หมอนัดตรวจเลือดที่รพ.50 พรรษาตั้งแต่เวลา 8.00 น. คาดว่าจะแล้วเสร็จไม่เกิน 10.00 น.ครับ','37399002125741415002677','2014-11-03 15:19:53'),(88,'3330800278013','การเปิดงานทางอิเลคดทรนิค','จำนวนมากกว่า ร้อยละ 50 ไม่ยอมเปิดงานเพื่อทดสอบระบบเลย หรือว่าผอสั่งไม่สำคัญเท่า ลาย หรือ เฟสหนอ ใครช่วยบอกที\r\nหรือว่านโยบายเขตไม่สำคัญอะไร เตรียมแก้ตัวก้บผอ เขตแล้วกัน\r\nผอโรงเรียนเขียน','33308002780131415280183','2014-11-06 20:27:05'),(89,'3330800278013','ข้อความจากเลขา',' 	\r\n.....\r\nสวัสดีค่ะ สถานี ก.ค.ศ. วันนี้ดิฉันอยากเรียนว่า ข้าราชการครูและบุคลากรทางการศึกษาเป็นข้าราชการที่มีความสำคัญอย่างยิ่งประเภทหนึ่ง เพราะสังคมคาดหวังและยกย่องว่าครูเป็นปูชนียบุคคล เป็นแม่พิมพ์ของชาติ ซึ่งไม่ว่าจะเป็นข้าราชการประเภทใดก็ตาม ต้องเป็นคนดี คนเก่ง ปฏิบัติหน้าที่ราชการด้วยความวิริยะ อุตสาหะ มีความซื่อสัตย์สุจริต และจงรักภักดีต่อแผ่นดินเกิด ให้สมกับคำว่า เป็นข้าของแผ่นดิน เป็นข้าราชการในพระบาทสมเด็จพระเจ้าอยู่หัว มีความรู้รัก สามัคคี ปรองดองกัน\r\nเพื่อนข้าราชการครูและบุคลากรทางการศึกษาที่รักคะ ที่กล่าวมาข้างต้นมิใช่ดิฉันจะกล่าวโดยมิได้มีบทกฎหมายสนับสนุนนะคะ ข้าราชการครูและบุคลากรทางการศึกษาต้องรักษาวินัยที่บัญญัติเป็นข้อห้ามและข้อปฏิบัติไว้ในหมวด 6 วินัยและการรักษาวินัย แห่งพระราชบัญญัติระเบียบข้าราชการครูและบุคลากรทางการศึกษา พ.ศ.2547 ตามมาตรา 82 กำหนดให้ข้าราชการครูและบุคลากรทางการศึกษา ต้องรักษาวินัย มาตรา 83 ต้องสนับสนุนการปกครองในระบอบประชาธิปไตยอันมีพระมหากษัตริย์ทรงเป็นประมุข มาตรา 84 ต้องซื่อสัตย์สุจริต ไม่ทุจริตต่อหน้าที่ราชการ และที่สำคัญในยามนี้คือ มาตรา 88 วรรคหนึ่ง กำหนดว่า ข้าราชการครูและบุคลากรทางการศึกษาต้องประพฤติเป็นแบบอย่างที่ดีแก่ผู้เรียน ชุมชน สังคม มีความสุภาพเรียบร้อย รักษาความสามัคคี ช่วยเหลือเกื้อกูลต่อผู้เรียนและระหว่างข้าราชการด้วยกันหรือผู้ร่วมปฏิบัติราชการ ต้อนรับ ให้ความสะดวก ให้ความเป็นธรรมแก่ผู้เรียนและประชาชนผู้มาติดต่อราชการ และวรรคสองของมาตรา 88 กำหนดว่า การกลั่นแกล้ง ดูหมิ่นเหยียดหยาม กดขี่ หรือข่มเหงผู้เรียนหรือประชาชนผู้มาติดต่อราชการอย่างร้ายแรง เป็นความผิดวินัยอย่างร้ายแรง\r\nข้าราชการครูและบุคลากรทางการศึกษาต้องตระหนักถึงภาระหน้าที่อันสำคัญที่ท่านทั้งหลายมีต่อสังคมและประเทศชาติของเรา โดยเฉพาะท่านที่เป็นผู้บังคับบัญชา เป็นผู้บริหารทั้งผู้บริหารสถานศึกษา (ผอ.ร.ร.) และผู้บริหารการศึกษา (ผอ.สพท.) หรือตำแหน่งอื่นๆ จะต้องรักษาวินัยในตนเองโดยเคร่งครัดในอันที่จะเป็นตัวอย่างที่ดีแก่ผู้อยู่ใต้บังคับบัญชาประการหนึ่ง และหน้าที่อีกประการหนึ่งที่สำคัญ คือ เสริมสร้างและพัฒนาให้ผู้อยู่ใต้บังคับบัญชามีวินัย เช่น ปฏิบัติตนเป็นแบบอย่างที่ดี การสร้างขวัญและกำลังใจ ฯลฯ ป้องกันมิให้ผู้อยู่ใต้บังคับบัญชากระทำผิดวินัย เช่น ดูแลเอาใจใส่ ขจัดเหตุที่อาจก่อให้เกิดการกระทำผิดวินัย ดำเนินการป้องกันด้วยวิธีอื่นๆ ตามควรแก่กรณี และดำเนินการทางวินัยแก่ผู้อยู่ใต้บังคับบัญชาทันทีกรณีที่มีมูล ที่ควรกล่าวหาว่ากระทำผิดวินัย หากผู้บังคับบัญชาผู้ใดละเลยไม่ปฏิบัติหน้าที่ตามที่กล่าวมานี้ เพื่อปกป้องช่วยเหลือผู้ใดก็ตามหรือปฏิบัติหน้าที่โดยไม่สุจริต ให้ถือว่า ผู้บังคับบัญชาผู้นั้นกระทำผิดวินัย ส่วนเพื่อนข้าราชการครูและบุคลากรทางการศึกษาผู้อยู่ใต้บังคับบัญชาก็เช่นกันต้องรักษาวินัยโดยเคร่งครัด ปฏิบัติหน้าที่ราชการด้วยความซื่อสัตย์สุจริต รักษาความสามัคคีปรองดอง ทั้งในหมู่นักเรียน ผู้ปกครอง ประชาชน ผู้มาติดต่อราชการ ตลอดจนระหว่างเพื่อนข้าราชการด้วยกันให้เป็นอันหนึ่งอันเดียวกัน ปฏิบัติตนให้สมกับที่เป็นข้าราชการ... \"ข้าของแผ่นดิน\"\r\nแล้วพบกันใหม่วันจันทร์หน้าค่ะ\r\nศิริพร กิจเกื้อกูล\r\nเลขาธิการ ก.ค.ศ.\r\nที่มา : มติชน ฉบับวันที่ 3 พฤศจิกายน พ.ศ. 2557	\r\n','33308002780131415280746','2014-11-06 20:35:26'),(90,'3330800278013','เห็นสิ้่งดี ๆ เป็นอุทาหรณ์สอนให้พวกเราพึงสังวรห์ ','ระดับโทษ ความหมายและการนับวันละทิ้งหน้าที่ราชการ ตามมาตรฐานการลงโทษวินัยอย่างร้ายแรง (ก.ตร.)\r\n\r\nระดับโทษ\r\n	1.  ละทิ้งหน้าที่ราชการติดต่อในคราวเดียวกันเป็นเวลาเกินกว่าสิบห้าวันโดยไม่มีเหตุผลอันสมควรและไม่กลับมาปฏิบัติหน้าที่อีกเลย\r\n	ไล่ออก ตามมติ ค.ร.ม.เมื่อ 21 ธ.ค.36\r\n	2.  ละทิ้งหน้าที่ราชการติดต่อในคราวเดียวกันเป็นเวลาเกินกว่าสิบห้าวันโดยไม่มีเหตุอันสมควรหรือโดยมีพฤติการณ์อันแสดงถึงความจงใจไม่ปฏิบัติตามระเบียบของทางราชการ\r\n	ปลดออกหรือไล่ออกตามความร้ายแรงแห่งกรณี\r\n	3.  ละทิ้งหรือทอดทิ้งหน้าที่ราชการโดยไม่มีเหตุอันสมควร เป็นเหตุให้เสียหายแก่ราชการอย่างร้ายแรง\r\n	ปลดออกหรือไล่ออกตามความร้ายแรงแห่งกรณี\r\n	4.  ละทิ้งหน้าที่ราชการเป็นเวลาหลายครั้งในเวลาใกล้เคียงกันโดยไม่มีเหตุอันสมควร\r\n	ปลดออก\r\n	5.  ละทิ้งหน้าที่เวรยามและเกิดความเสียหายอย่างร้ายแรง\r\n	ปลดออก\r\n	6.  ละทิ้งหรือทอดทิ้งหน้าที่ราชการหลายครั้ง โดยไม่มีเหตุอันสมควร และลงโทษไปแล้ว แต่ยังไม่เข็ดหลาบ กระทำผิดซ้ำอีก\r\n	ให้ออกหย่อนความสามารถ\r\nความหมาย   \r\n	“ละทิ้ง” หมายถึง ไม่อยู่ปฏิบัติงานตามหน้าที่ ซึ่งอาจเป็นกรณีไม่มาปฏิบัติงานเลยหรือมาลงชื่อปฏิบัติงานแล้ว แต่ตัวไม่อยู่ปฏิบัติงานโดยออกไปนอกสำนักงานหรือไป ณ จุดอื่น นอกจุดที่ให้ประจำทำงาน\r\n	“ทอดทิ้ง” หมายถึง ไม่เอาเป็นธุระ ไม่เอาใจใส่ ตัวอยู่แต่ไม่ทำงาน\r\nการนับวันละทิ้งหน้าที่ราชการ     \r\n	-  ละทิ้งฯ ไม่เกิน 15 วัน ให้พิจารณาถึงเจตนา เช่น ละทิ้งฯ ตั้งแต่วันพุธของสัปดาห์ปัจจุบัน ถึงวันอังคารของสัปดาห์ถัดไป นับวันเสาร์และอาทิตย์ด้วย\r\n	-  ละทิ้งฯ ติดต่อในคราวเดียวกันเป็นเวลาเกินกว่าสิบห้าวัน ต้องนับวันละทิ้งฯ ติดต่อกันทุกวัน รวมทั้งวันหยุดราชการด้วย ส่วนการปฏิบัติหน้าที่ตาม สน. ไม่มีระยะเวลาปฏิบัติหน้าที่แน่นอน ต้องเข้าเวรเป็นผลัด เช่น เข้าเวร 3 ชม. พัก 24 ชม. เวลาพักถือเป็นการปฏิบัติหน้าที่ด้วย\r\n','33308002780131415713820','2014-11-11 20:53:00'),(91,'3330300319411','เตรียมความพร้อมในการเข้าร่วมประกวด/แข่งขันศิลปหัตถกรรมนักเรียนในระดับภาค','เพื่อเตรียมความพร้อมในการเข้าร่วมประกวด/แข่งขันศิลปหัตถกรรมนักเรียนในระดับภาค  สพป.อบ.4 จึงขอเชิญผู้บริหารเข้าร่วมประชุมและรับงบประมาณสนับสนุน ในวันที่  25 พฤศจิกายน  2557  เวลา  09.00 น. ณ ห้องประชุม  2  สพป. อุบลราชธานี เขต 4','33303003194111415756210','2014-11-12 08:39:27'),(93,'3461400120382','รายงานการออกนอกสถานที่','ตามที่ข้าพเจ้าได้ออกจากบริเวณโรงเรียนในเวลา13.45ของวันที่11เดือนพฤศจิกายน2557นั้นข้าพเจ้ามีอาการปวดท้องอย่างมากจึงได้ออกไปเพื่อพบแพทย์ที่โรงพยาบาลค่ายสรรพสิทธิ์ประสงค์ดังเอกสารที่แนบ\r\n','34614001203821415758443','2014-11-12 09:25:59'),(94,'3341501495919','รายละเอียดMOU','ขอความกรุณาคุณครูทุกท่านเตรียมเอกสารค่ะ','33415014959191416148545','2014-11-16 21:38:28'),(95,'3739900212574','เปลี่ยนสถานที่แข่งสภานักเรียน','มีการเปลี่ยนแปลงสถานที่แข่งสภานักเรียนจากโรงเรียนนายอเป็นโรงเรียนนาอ้อยคำสะอาด...','37399002125741416278819','2014-11-18 09:48:46'),(96,'3739900212574','พิกัดที่ตั้งสถานที่แข่ง','พิกัดโรงเรียนนาอ้อยคำสะอาด','37399002125741416279220','2014-11-18 09:55:23'),(97,'3330300319411','ขอเชิญประชุม','สพป.อบ.4 เชิญประธานกลุมฯ ร่วมประชุมสภากาแฟ วันที่ 21 พฤจิกายน 2557 เวลา 07.00 น. ณ ห้องประชุม 2 ค่ะ','33303003194111416280221','2014-11-18 10:25:18'),(98,'3340701014930','ท ดลองส่ง','หาเิาทก่ฟ้เรานยำาสิื','33407010149301416281348','2014-11-18 10:30:14'),(99,'3330300319411','ขอเชิญประชุม','สพป.อบ.4 ขอเชิญประชุมปรึกษาหารือเกี่ยวกับการจัดหาและติดตั้งอุปรณ์ทางไกลผ่านดาวเทียม วันที่ 21 พฤศจิกายน 2557 เวลา 10.30 น. ณ ห้องประชุม 2 สพป.อบ.4','33303003194111416282492','2014-11-18 11:00:48'),(100,'3340701014930','กราบลาไปดำรงตำแหน่งใหม่','รายละเอียดตามหนังสือแนบ','33407010149301417178003','2014-11-28 19:36:45'),(101,'3340701014930','MOU โรงเรียนบ้านสำโรง','ตามไฟล์ครับ','33407010149301417507121','2014-12-02 14:59:57'),(102,'3330300319411','ประชุมครูสุขศึกษาและพลศึกษา','ผอ.ค่ะ \r\nสพป.อบ.4 แจ้งให้กลุ่มฯ คัดเลือกครูผู้สอนสุขศึกษาและพลศึกษา กลุ่มละ 1 คน เข้าร่วมประชุมในอังคารวันที่ 9 ธันวาคม 2557 เวลา 13.30 น. ณ ห้องประชุม สพป.อบ.4','33303003194111417668546','2014-12-04 12:00:25'),(103,'3340701014930','รูปห้องน้ำวัดปลวกเกตุ','ภาพ','33407010149301419466895','2014-12-25 07:24:02'),(104,'3340701014930','รูปห้องน้ำวัดปลวกเกตุ2','ภาพ','33407010149301419467191','2014-12-25 07:29:05'),(105,'3340701014930','รูปห้องน้ำวัดปลวกเกตุ3','ภาพ','33407010149301419468390','2014-12-25 07:49:12'),(106,'1349900140040','การศึกษาดูงาน SMSS','เรียนท่าน ผอ.\r\nผมได้ศึกษาดูงานระบบ SMSS ทุกระบบ ทุก module และได้ขออนุญาติไปราชการท่านแล้ว กรุณาลงอนุญาตด้วย','13499001400401423627608','2015-02-11 11:09:41'),(107,'3340701014930','อนุโมทนาบัตร','นายกำจัด กลางคำ 5000','33407010149301427691657','2015-03-30 12:01:45'),(108,'3340701014930','ทดลองส่ง','ฟรเาำ่','33407010149301458873743','2016-03-25 09:43:31'),(109,'3340701014930','ำพนนี้ริอ','แปปืหพนะาฟส้ว','33407010149301458873820','2016-03-25 09:58:02'),(110,'1341500209339','การอบรมsmss','ทดลองส่งค่ะ ','13415002093391542175667','2018-11-14 13:09:16');

--
-- Table structure for table `mail_permission`
--

CREATE TABLE `mail_permission` (
  `id` int(11) NOT NULL AUTO_INCREMENT,
  `person_id` varchar(13) NOT NULL,
  `p1` tinyint(4) NOT NULL,
  `officer` varchar(13) NOT NULL,
  `rec_date` date NOT NULL,
  PRIMARY KEY (`id`)
) ENGINE=MyISAM AUTO_INCREMENT=5 DEFAULT CHARSET=utf8 COLLATE=utf8_general_ci;

--
-- Dumping data for table `mail_permission`
--

INSERT INTO `mail_permission` VALUES (3,'1349900140040',1,'1349900140040','2015-02-11'),(4,'3340701014930',1,'1349900140040','2015-02-11');

--
-- Table structure for table `mail_sendto_answer`
--

CREATE TABLE `mail_sendto_answer` (
  `id` int(11) NOT NULL AUTO_INCREMENT,
  `ref_id` varchar(50) NOT NULL,
  `send_to` varchar(13) NOT NULL,
  `answer` tinyint(4) NOT NULL DEFAULT 0,
  `answer_time` datetime NOT NULL,
  PRIMARY KEY (`id`),
  KEY `ref_id` (`ref_id`),
  KEY `send_to` (`send_to`)
) ENGINE=MyISAM AUTO_INCREMENT=862 DEFAULT CHARSET=utf8 COLLATE=utf8_general_ci;

--
-- Dumping data for table `mail_sendto_answer`
--

INSERT INTO `mail_sendto_answer` VALUES (1,'37706006593621410677771','3341900317429',1,'2014-09-14 14:07:48'),(439,'33308002780131411604287','4101000003282',1,'2014-09-26 09:16:22'),(438,'33308002780131411604287','3341500291139',0,'0000-00-00 00:00:00'),(436,'33308002780131411604287','3349900149736',0,'0000-00-00 00:00:00'),(435,'33308002780131411604287','3341501495919',1,'2014-09-25 09:54:28'),(433,'33308002780131411604287','3770600659362',1,'2014-09-29 09:14:52'),(431,'33308002780131411604287','3340101212340',1,'2014-09-29 11:06:36'),(428,'33308002780131411604287','3461400120382',1,'2014-09-29 11:05:18'),(427,'33308002780131411604287','3349800290372',0,'0000-00-00 00:00:00'),(426,'33308002780131411604287','3349800082109',0,'0000-00-00 00:00:00'),(17,'33499001497361410677786','3349900149736',0,'0000-00-00 00:00:00'),(440,'33308002780131411604287','3330300319411',1,'2014-09-29 11:04:02'),(180,'41010000032821411008552','3330800278013',1,'2014-09-18 11:11:56'),(178,'33415014959191411007526','3330800278013',1,'2014-09-18 10:26:51'),(430,'33308002780131411604287','3349800223616',0,'0000-00-00 00:00:00'),(33,'37399002125741410677970','3341501306105',1,'2014-09-18 09:59:29'),(34,'37399002125741410677970','3349800082109',0,'0000-00-00 00:00:00'),(35,'37399002125741410677970','3349800290372',0,'0000-00-00 00:00:00'),(36,'37399002125741410677970','3461400120382',1,'2014-09-18 09:21:34'),(37,'37399002125741410677970','3349800223616',0,'0000-00-00 00:00:00'),(38,'37399002125741410677970','3340101212340',1,'2014-09-18 09:13:43'),(39,'37399002125741410677970','5341500045916',1,'2014-09-14 14:10:56'),(40,'37399002125741410677970','3770600659362',1,'2014-09-18 09:01:14'),(41,'37399002125741410677970','3340701014930',1,'2014-09-14 14:17:55'),(42,'37399002125741410677970','3341501495919',1,'2014-09-18 09:30:40'),(43,'37399002125741410677970','3349900149736',1,'2014-09-18 10:05:27'),(44,'37399002125741410677970','3341900317429',1,'2014-09-14 14:06:42'),(45,'37399002125741410677970','3341500291139',0,'0000-00-00 00:00:00'),(46,'37399002125741410677970','3330800278013',1,'2014-09-14 14:08:46'),(47,'37399002125741410677970','4101000003282',1,'2014-09-24 09:09:46'),(125,'33498002903721410929889','3330800278013',1,'2014-09-17 12:39:07'),(89,'33308002780131410680994','3770600659362',0,'0000-00-00 00:00:00'),(88,'33308002780131410680994','3341501495919',0,'0000-00-00 00:00:00'),(86,'33308002780131410680994','3341900317429',0,'0000-00-00 00:00:00'),(85,'33308002780131410680788','3770600659362',0,'0000-00-00 00:00:00'),(84,'33308002780131410680788','3349900149736',0,'0000-00-00 00:00:00'),(83,'33308002780131410680788','3341900317429',0,'0000-00-00 00:00:00'),(136,'33415013061051410933032','3341501495919',1,'2014-09-18 09:31:20'),(135,'33415013061051410933032','3340701014930',1,'2014-09-17 20:07:48'),(134,'33415013061051410933032','3770600659362',1,'2014-09-18 08:59:50'),(133,'33415013061051410933032','5341500045916',0,'0000-00-00 00:00:00'),(132,'33415013061051410933032','3340101212340',1,'2014-09-18 09:14:09'),(131,'33415013061051410933032','3349800223616',0,'0000-00-00 00:00:00'),(130,'33415013061051410933032','3739900212574',1,'2014-09-18 09:18:04'),(129,'33415013061051410933032','3461400120382',1,'2014-09-18 09:21:48'),(128,'33415013061051410933032','3349800290372',0,'0000-00-00 00:00:00'),(127,'33415013061051410933032','3349800082109',0,'0000-00-00 00:00:00'),(126,'37706006593621410932196','3330800278013',1,'2014-09-17 12:39:52'),(78,'37399002125741410678491','3330800278013',1,'2014-09-14 14:45:25'),(139,'33415013061051410933032','3341500291139',0,'0000-00-00 00:00:00'),(138,'33415013061051410933032','3341900317429',1,'2014-09-18 09:46:58'),(137,'33415013061051410933032','3349900149736',1,'2014-09-17 13:01:24'),(87,'33308002780131410680994','3349900149736',0,'0000-00-00 00:00:00'),(82,'33419003174291410679087','3770600659362',0,'0000-00-00 00:00:00'),(93,'33308002780131410920101','3341501306105',1,'2014-09-18 09:59:32'),(94,'33308002780131410920101','3349800082109',0,'0000-00-00 00:00:00'),(95,'33308002780131410920101','3349800290372',1,'2014-09-17 11:57:45'),(96,'33308002780131410920101','3461400120382',1,'2014-09-18 09:21:38'),(97,'33308002780131410920101','3739900212574',1,'2014-09-18 09:17:48'),(98,'33308002780131410920101','3349800223616',0,'0000-00-00 00:00:00'),(99,'33308002780131410920101','3340101212340',1,'2014-09-18 09:13:58'),(100,'33308002780131410920101','5341500045916',0,'0000-00-00 00:00:00'),(101,'33308002780131410920101','3770600659362',1,'2014-09-17 12:35:40'),(102,'33308002780131410920101','3340701014930',1,'2014-09-17 09:27:23'),(103,'33308002780131410920101','3341501495919',1,'2014-09-18 09:31:06'),(104,'33308002780131410920101','3349900149736',1,'2014-09-17 13:01:12'),(105,'33308002780131410920101','3341900317429',1,'2014-09-18 09:46:08'),(106,'33308002780131410920101','3341500291139',0,'0000-00-00 00:00:00'),(107,'33308002780131410920101','4101000003282',1,'2014-09-23 11:34:43'),(108,'33308002780131410920101','3330300319411',1,'2014-09-18 09:02:18'),(109,'33308002780131410920291','3341501306105',1,'2014-09-17 12:49:47'),(110,'33308002780131410920291','3349800082109',0,'0000-00-00 00:00:00'),(111,'33308002780131410920291','3349800290372',1,'2014-09-17 11:57:34'),(112,'33308002780131410920291','3461400120382',1,'2014-09-18 09:21:42'),(113,'33308002780131410920291','3739900212574',1,'2014-09-18 09:17:55'),(114,'33308002780131410920291','3349800223616',0,'0000-00-00 00:00:00'),(115,'33308002780131410920291','3340101212340',1,'2014-09-18 09:14:19'),(116,'33308002780131410920291','5341500045916',0,'0000-00-00 00:00:00'),(117,'33308002780131410920291','3770600659362',1,'2014-09-17 12:36:16'),(118,'33308002780131410920291','3340701014930',1,'2014-09-17 09:27:37'),(119,'33308002780131410920291','3341501495919',1,'2014-09-18 09:39:51'),(120,'33308002780131410920291','3349900149736',1,'2014-09-17 13:01:17'),(121,'33308002780131410920291','3341900317429',1,'2014-09-18 09:46:29'),(122,'33308002780131410920291','3341500291139',1,'2014-09-17 09:41:20'),(123,'33308002780131410920291','4101000003282',1,'2014-09-23 11:31:50'),(124,'33308002780131410920291','3330300319411',1,'2014-09-18 09:02:35'),(140,'33415013061051410933032','3330800278013',1,'2014-09-17 12:55:16'),(141,'33415013061051410933032','4101000003282',1,'2014-09-23 11:31:54'),(142,'33415013061051410933032','3330300319411',1,'2014-09-18 09:03:05'),(143,'33415002911391410933945','3341501306105',1,'2014-09-18 09:59:34'),(144,'33415002911391410933945','3349800082109',0,'0000-00-00 00:00:00'),(145,'33415002911391410933945','3349800290372',0,'0000-00-00 00:00:00'),(146,'33415002911391410933945','3461400120382',1,'2014-09-18 09:21:25'),(147,'33415002911391410933945','3739900212574',1,'2014-09-18 09:18:08'),(148,'33415002911391410933945','3349800223616',0,'0000-00-00 00:00:00'),(149,'33415002911391410933945','3340101212340',1,'2014-09-18 09:14:25'),(150,'33415002911391410933945','5341500045916',0,'0000-00-00 00:00:00'),(151,'33415002911391410933945','3770600659362',1,'2014-09-18 08:59:59'),(152,'33415002911391410933945','3340701014930',1,'2014-09-17 20:07:51'),(153,'33415002911391410933945','3341501495919',1,'2014-09-18 09:30:58'),(154,'33415002911391410933945','3349900149736',1,'2014-09-18 10:05:01'),(155,'33415002911391410933945','3341900317429',1,'2014-09-18 09:47:51'),(156,'33415002911391410933945','3330800278013',1,'2014-09-17 14:45:30'),(157,'33415002911391410933945','4101000003282',1,'2014-09-23 11:34:41'),(158,'33415002911391410933945','3330300319411',1,'2014-09-18 09:02:43'),(159,'33499001497361410934194','3330800278013',1,'2014-09-18 08:00:30'),(160,'33308002780131411002151','3341501306105',1,'2014-09-18 09:59:37'),(161,'33308002780131411002151','3349800082109',0,'0000-00-00 00:00:00'),(162,'33308002780131411002151','3349800290372',1,'2014-09-18 10:24:12'),(163,'33308002780131411002151','3461400120382',1,'2014-09-18 09:20:42'),(164,'33308002780131411002151','3739900212574',1,'2014-09-18 09:20:20'),(165,'33308002780131411002151','3349800223616',0,'0000-00-00 00:00:00'),(166,'33308002780131411002151','3340101212340',1,'2014-09-18 09:14:13'),(167,'33308002780131411002151','5341500045916',0,'0000-00-00 00:00:00'),(168,'33308002780131411002151','3770600659362',1,'2014-09-18 09:01:00'),(169,'33308002780131411002151','3340701014930',1,'2014-09-18 10:04:19'),(170,'33308002780131411002151','3341501495919',1,'2014-09-18 09:30:04'),(171,'33308002780131411002151','3349900149736',1,'2014-09-18 10:05:03'),(172,'33308002780131411002151','3341900317429',1,'2014-09-18 09:49:17'),(173,'33308002780131411002151','3341500291139',0,'0000-00-00 00:00:00'),(174,'33308002780131411002151','4101000003282',1,'2014-09-23 11:34:33'),(175,'33308002780131411002151','3330300319411',1,'2014-09-18 09:02:56'),(176,'33308002780131411002681','3340701014930',1,'2014-09-18 10:05:11'),(432,'33308002780131411604287','5341500045916',0,'0000-00-00 00:00:00'),(179,'33415014959191411007526','3340701014930',1,'2014-09-18 10:05:21'),(434,'33308002780131411604287','3340701014930',1,'2014-09-25 20:05:33'),(437,'33308002780131411604287','3341900317429',1,'2014-09-29 09:01:39'),(177,'37399002125741411007180','3330800278013',1,'2014-09-18 10:25:16'),(429,'33308002780131411604287','3739900212574',1,'2014-09-29 11:13:52'),(181,'33407010149301411010075','3330800278013',1,'2014-09-18 10:42:16'),(182,'33407010149301411010075','3341501495919',1,'2014-09-18 11:02:39'),(183,'37399002125741411010091','3341501306105',1,'2014-09-22 10:13:16'),(184,'37399002125741411010091','3349800082109',0,'0000-00-00 00:00:00'),(185,'37399002125741411010091','3349800290372',0,'0000-00-00 00:00:00'),(186,'37399002125741411010091','3461400120382',1,'2014-09-29 11:05:04'),(187,'37399002125741411010091','3349800223616',0,'0000-00-00 00:00:00'),(188,'37399002125741411010091','3340101212340',1,'2014-09-29 11:06:24'),(189,'37399002125741411010091','5341500045916',0,'0000-00-00 00:00:00'),(190,'37399002125741411010091','3770600659362',1,'2014-09-23 10:10:57'),(191,'37399002125741411010091','3340701014930',1,'2014-09-18 10:19:15'),(192,'37399002125741411010091','3341501495919',1,'2014-09-18 11:02:19'),(193,'37399002125741411010091','3349900149736',1,'2014-09-22 10:14:43'),(194,'37399002125741411010091','3341900317429',1,'2014-09-18 10:23:25'),(195,'37399002125741411010091','3341500291139',0,'0000-00-00 00:00:00'),(196,'37399002125741411010091','3330800278013',1,'2014-09-18 10:38:00'),(197,'37399002125741411010091','4101000003282',1,'2014-09-23 11:34:24'),(198,'37399002125741411010091','3330300319411',1,'2014-09-23 13:44:10'),(199,'33308002780131411010836','3341501495919',1,'2014-09-18 11:03:22'),(200,'33308002780131411010836','3739900212574',1,'2014-09-18 11:06:57'),(201,'33308002780131411011325','3341501306105',1,'2014-09-22 10:13:19'),(202,'33308002780131411011325','3349800082109',0,'0000-00-00 00:00:00'),(203,'33308002780131411011325','3349800290372',0,'0000-00-00 00:00:00'),(204,'33308002780131411011325','3461400120382',1,'2014-09-29 11:05:05'),(205,'33308002780131411011325','3739900212574',1,'2014-09-18 11:03:15'),(206,'33308002780131411011325','3349800223616',0,'0000-00-00 00:00:00'),(207,'33308002780131411011325','3340101212340',1,'2014-09-29 11:06:25'),(208,'33308002780131411011325','5341500045916',0,'0000-00-00 00:00:00'),(209,'33308002780131411011325','3770600659362',1,'2014-09-23 10:11:03'),(210,'33308002780131411011325','3340701014930',1,'2014-09-18 11:51:57'),(211,'33308002780131411011325','3341501495919',1,'2014-09-18 11:02:52'),(212,'33308002780131411011325','3349900149736',1,'2014-09-22 10:14:45'),(213,'33308002780131411011325','3341900317429',1,'2014-09-18 11:04:58'),(214,'33308002780131411011325','3341500291139',0,'0000-00-00 00:00:00'),(215,'33308002780131411011325','4101000003282',1,'2014-09-23 11:31:29'),(216,'33308002780131411011325','3330300319411',1,'2014-09-23 13:44:17'),(217,'33308002780131411013251','3341501306105',1,'2014-09-22 10:13:38'),(218,'33308002780131411013251','3349800082109',0,'0000-00-00 00:00:00'),(219,'33308002780131411013251','3349800290372',0,'0000-00-00 00:00:00'),(220,'33308002780131411013251','3461400120382',1,'2014-09-29 11:05:07'),(221,'33308002780131411013251','3739900212574',1,'2014-09-18 11:20:36'),(222,'33308002780131411013251','3349800223616',0,'0000-00-00 00:00:00'),(223,'33308002780131411013251','3340101212340',1,'2014-09-29 11:06:26'),(224,'33308002780131411013251','5341500045916',0,'0000-00-00 00:00:00'),(225,'33308002780131411013251','3770600659362',1,'2014-09-23 10:11:15'),(226,'33308002780131411013251','3340701014930',1,'2014-09-18 11:52:03'),(227,'33308002780131411013251','3341501495919',1,'2014-09-18 12:42:30'),(228,'33308002780131411013251','3349900149736',1,'2014-09-22 10:14:47'),(229,'33308002780131411013251','3341900317429',1,'2014-09-18 11:24:36'),(230,'33308002780131411013251','3341500291139',0,'0000-00-00 00:00:00'),(231,'33308002780131411013251','4101000003282',1,'2014-09-23 11:31:12'),(232,'33308002780131411013251','3330300319411',1,'2014-09-23 13:44:54'),(233,'33415014959191411093660','3340701014930',1,'2014-09-19 12:58:10'),(234,'33407010149301411106308','3341501495919',1,'2014-09-22 09:45:48'),(235,'33308002780131411349947','3341501306105',1,'2014-09-22 10:13:52'),(236,'33308002780131411349947','3349800082109',0,'0000-00-00 00:00:00'),(237,'33308002780131411349947','3349800290372',0,'0000-00-00 00:00:00'),(238,'33308002780131411349947','3461400120382',1,'2014-09-29 11:05:10'),(239,'33308002780131411349947','3739900212574',1,'2014-09-22 09:52:19'),(240,'33308002780131411349947','3349800223616',0,'0000-00-00 00:00:00'),(241,'33308002780131411349947','3340101212340',1,'2014-09-29 11:06:27'),(242,'33308002780131411349947','5341500045916',0,'0000-00-00 00:00:00'),(243,'33308002780131411349947','3770600659362',1,'2014-09-23 10:11:19'),(244,'33308002780131411349947','3340701014930',1,'2014-09-22 09:31:46'),(245,'33308002780131411349947','3341501495919',1,'2014-09-22 09:42:18'),(246,'33308002780131411349947','3349900149736',1,'2014-09-22 10:14:49'),(247,'33308002780131411349947','3341900317429',1,'2014-09-23 10:00:00'),(248,'33308002780131411349947','3341500291139',0,'0000-00-00 00:00:00'),(249,'33308002780131411349947','4101000003282',1,'2014-09-23 11:31:34'),(250,'33308002780131411349947','3330300319411',1,'2014-09-23 13:44:30'),(251,'33407010149301411353146','3330800278013',0,'0000-00-00 00:00:00'),(254,'33407010149301411354971','3341501495919',1,'2014-09-22 11:58:41'),(253,'37399002125741411354379','3330800278013',0,'0000-00-00 00:00:00'),(255,'33407010149301411442070','3341501306105',1,'2014-10-06 12:54:34'),(256,'33407010149301411442070','3349800082109',0,'0000-00-00 00:00:00'),(257,'33407010149301411442070','3349800290372',0,'0000-00-00 00:00:00'),(258,'33407010149301411442070','3461400120382',1,'2014-09-29 11:05:11'),(259,'33407010149301411442070','3739900212574',1,'2014-09-29 11:12:12'),(260,'33407010149301411442070','3349800223616',0,'0000-00-00 00:00:00'),(261,'33407010149301411442070','3340101212340',1,'2014-09-29 11:06:27'),(262,'33407010149301411442070','5341500045916',0,'0000-00-00 00:00:00'),(263,'33407010149301411442070','3770600659362',1,'2014-09-23 11:19:22'),(264,'33407010149301411442070','3341501495919',1,'2014-09-24 09:26:07'),(265,'33407010149301411442070','3349900149736',0,'0000-00-00 00:00:00'),(266,'33407010149301411442070','3341900317429',1,'2014-09-23 11:30:11'),(267,'33407010149301411442070','3341500291139',0,'0000-00-00 00:00:00'),(268,'33407010149301411442070','3330800278013',0,'0000-00-00 00:00:00'),(269,'33407010149301411442070','4101000003282',1,'2014-09-23 11:29:19'),(270,'33407010149301411442070','3330300319411',1,'2014-09-23 13:44:45'),(271,'41010000032821411446753','3340701014930',1,'2014-09-23 21:40:01'),(425,'33308002780131411604287','3341501306105',0,'0000-00-00 00:00:00'),(272,'33415014959191411525577','3340701014930',1,'2014-09-24 10:40:41'),(273,'33407010149301411530056','3341501495919',1,'2014-10-01 10:49:18'),(274,'33407010149301411530245','3341501495919',1,'2014-10-01 11:16:42'),(275,'33407010149301411530340','3341501306105',0,'0000-00-00 00:00:00'),(276,'33407010149301411530340','3349800082109',0,'0000-00-00 00:00:00'),(277,'33407010149301411530340','3349800290372',0,'0000-00-00 00:00:00'),(278,'33407010149301411530340','3461400120382',1,'2014-09-29 11:05:12'),(279,'33407010149301411530340','3739900212574',1,'2014-09-29 11:13:02'),(280,'33407010149301411530340','3349800223616',0,'0000-00-00 00:00:00'),(281,'33407010149301411530340','3340101212340',1,'2014-09-29 11:06:28'),(282,'33407010149301411530340','5341500045916',0,'0000-00-00 00:00:00'),(283,'33407010149301411530340','3770600659362',1,'2014-09-29 09:14:25'),(284,'33407010149301411530340','3341501495919',1,'2014-10-01 10:49:12'),(285,'33407010149301411530340','3349900149736',0,'0000-00-00 00:00:00'),(286,'33407010149301411530340','3341900317429',1,'2014-09-29 09:00:44'),(287,'33407010149301411530340','3341500291139',0,'0000-00-00 00:00:00'),(288,'33407010149301411530340','3330800278013',1,'2014-09-24 13:55:28'),(289,'33407010149301411530340','4101000003282',1,'2014-09-26 19:39:54'),(290,'33407010149301411530340','3330300319411',1,'2014-09-29 11:03:47'),(291,'33407010149301411530056','3341501306105',0,'0000-00-00 00:00:00'),(292,'33407010149301411530056','3349800082109',0,'0000-00-00 00:00:00'),(293,'33407010149301411530056','3349800290372',0,'0000-00-00 00:00:00'),(294,'33407010149301411530056','3461400120382',1,'2014-09-29 11:05:12'),(295,'33407010149301411530056','3739900212574',1,'2014-09-29 11:17:13'),(296,'33407010149301411530056','3349800223616',0,'0000-00-00 00:00:00'),(297,'33407010149301411530056','3340101212340',1,'2014-09-29 11:06:28'),(298,'33407010149301411530056','5341500045916',0,'0000-00-00 00:00:00'),(299,'33407010149301411530056','3770600659362',1,'2014-09-29 09:14:30'),(300,'33407010149301411530056','3341501495919',1,'2014-10-01 10:49:18'),(301,'33407010149301411530056','3349900149736',0,'0000-00-00 00:00:00'),(302,'33407010149301411530056','3341900317429',1,'2014-09-29 09:01:10'),(303,'33407010149301411530056','3341500291139',0,'0000-00-00 00:00:00'),(304,'33407010149301411530056','3330800278013',1,'2014-09-24 13:55:12'),(305,'33407010149301411530056','4101000003282',1,'2014-09-29 09:31:33'),(306,'33407010149301411530056','3330300319411',1,'2014-09-29 11:03:49'),(307,'33407010149301411531382','3341501306105',0,'0000-00-00 00:00:00'),(308,'33407010149301411531382','3349800082109',0,'0000-00-00 00:00:00'),(309,'33407010149301411531382','3349800290372',0,'0000-00-00 00:00:00'),(310,'33407010149301411531382','3461400120382',1,'2014-09-29 11:05:15'),(311,'33407010149301411531382','3739900212574',1,'2014-09-29 11:13:21'),(312,'33407010149301411531382','3349800223616',0,'0000-00-00 00:00:00'),(313,'33407010149301411531382','3340101212340',1,'2014-09-29 11:06:29'),(314,'33407010149301411531382','5341500045916',0,'0000-00-00 00:00:00'),(315,'33407010149301411531382','3770600659362',1,'2014-09-29 09:14:33'),(316,'33407010149301411531382','3341501495919',1,'2014-10-01 10:49:34'),(317,'33407010149301411531382','3349900149736',0,'0000-00-00 00:00:00'),(318,'33407010149301411531382','3341900317429',1,'2014-09-29 09:01:36'),(319,'33407010149301411531382','3341500291139',0,'0000-00-00 00:00:00'),(320,'33407010149301411531382','3330800278013',1,'2014-09-24 13:43:13'),(321,'33407010149301411531382','4101000003282',1,'2014-09-29 09:31:46'),(322,'33407010149301411531382','3330300319411',1,'2014-09-29 11:03:55'),(458,'33308002780131412337344','3341900317429',1,'2014-10-06 10:02:11'),(457,'33308002780131412337344','3349900149736',0,'0000-00-00 00:00:00'),(456,'33308002780131412337344','3341501495919',1,'2014-10-06 15:03:13'),(455,'33308002780131412337344','3340701014930',1,'2014-10-06 13:45:27'),(454,'33308002780131412337344','3770600659362',1,'2014-10-06 09:59:25'),(453,'33308002780131412337344','5341500045916',0,'0000-00-00 00:00:00'),(452,'33308002780131412337344','3340101212340',1,'2014-10-07 09:20:36'),(451,'33308002780131412337344','3349800223616',0,'0000-00-00 00:00:00'),(450,'33308002780131412337344','3739900212574',1,'2014-10-07 11:19:33'),(449,'33308002780131412337344','3461400120382',1,'2014-10-07 09:19:07'),(448,'33308002780131412337344','3349800290372',0,'0000-00-00 00:00:00'),(447,'33308002780131412337344','3349800082109',0,'0000-00-00 00:00:00'),(446,'33308002780131412337344','3341501306105',0,'0000-00-00 00:00:00'),(445,'33407010149301412229896','3341501495919',1,'2014-10-06 15:03:14'),(444,'33407010149301412229289','3330300319411',0,'0000-00-00 00:00:00'),(443,'33407010149301412215421','3330800278013',1,'2014-10-02 12:22:37'),(442,'41010000032821411697816','3330800278013',0,'0000-00-00 00:00:00'),(441,'33415014959191411613710','3330800278013',1,'2014-09-26 06:52:53'),(424,'33407010149301411566570','3330800278013',0,'0000-00-00 00:00:00'),(423,'33308002780131411541755','3461400120382',1,'2014-09-29 11:05:17'),(422,'33308002780131411541755','3739900212574',1,'2014-09-29 11:14:07'),(421,'33308002780131411541755','3341501495919',1,'2014-09-25 09:54:08'),(420,'33308002780131411541755','3341500291139',0,'0000-00-00 00:00:00'),(419,'33308002780131411541515','3340701014930',1,'2014-09-24 20:37:28'),(403,'33308002780131411541336','3341501306105',0,'0000-00-00 00:00:00'),(404,'33308002780131411541336','3349800082109',0,'0000-00-00 00:00:00'),(405,'33308002780131411541336','3349800290372',0,'0000-00-00 00:00:00'),(406,'33308002780131411541336','3461400120382',1,'2014-09-29 11:05:16'),(407,'33308002780131411541336','3739900212574',1,'2014-09-29 11:16:54'),(408,'33308002780131411541336','3349800223616',0,'0000-00-00 00:00:00'),(409,'33308002780131411541336','3340101212340',1,'2014-09-29 11:06:30'),(410,'33308002780131411541336','5341500045916',0,'0000-00-00 00:00:00'),(411,'33308002780131411541336','3770600659362',1,'2014-09-29 09:14:49'),(412,'33308002780131411541336','3340701014930',1,'2014-09-24 20:37:15'),(413,'33308002780131411541336','3341501495919',1,'2014-09-25 09:53:50'),(414,'33308002780131411541336','3349900149736',0,'0000-00-00 00:00:00'),(415,'33308002780131411541336','3341900317429',1,'2014-09-29 09:02:20'),(416,'33308002780131411541336','3341500291139',0,'0000-00-00 00:00:00'),(417,'33308002780131411541336','4101000003282',1,'2014-09-26 09:15:49'),(418,'33308002780131411541336','3330300319411',1,'2014-09-29 11:03:59'),(459,'33308002780131412337344','3341500291139',0,'0000-00-00 00:00:00'),(460,'33308002780131412337344','4101000003282',1,'2014-10-06 10:49:53'),(461,'33308002780131412337344','3330300319411',1,'2014-10-06 14:07:31'),(462,'33308002780131412337871','3341501306105',0,'0000-00-00 00:00:00'),(463,'33308002780131412337871','3349800082109',0,'0000-00-00 00:00:00'),(464,'33308002780131412337871','3349800290372',0,'0000-00-00 00:00:00'),(465,'33308002780131412337871','3461400120382',1,'2014-10-07 09:19:09'),(466,'33308002780131412337871','3739900212574',1,'2014-10-07 11:19:57'),(467,'33308002780131412337871','3349800223616',0,'0000-00-00 00:00:00'),(468,'33308002780131412337871','3340101212340',1,'2014-10-07 09:20:37'),(469,'33308002780131412337871','5341500045916',0,'0000-00-00 00:00:00'),(470,'33308002780131412337871','3770600659362',1,'2014-10-06 09:59:48'),(471,'33308002780131412337871','3340701014930',1,'2014-10-06 13:45:44'),(472,'33308002780131412337871','3341501495919',1,'2014-10-06 15:04:29'),(473,'33308002780131412337871','3349900149736',0,'0000-00-00 00:00:00'),(474,'33308002780131412337871','3341900317429',1,'2014-10-06 10:02:17'),(475,'33308002780131412337871','3341500291139',0,'0000-00-00 00:00:00'),(476,'33308002780131412337871','4101000003282',1,'2014-10-06 10:50:43'),(477,'33308002780131412337871','3330300319411',1,'2014-10-06 14:07:32'),(478,'33308002780131412338418','3341501306105',0,'0000-00-00 00:00:00'),(479,'33308002780131412338418','3349800082109',0,'0000-00-00 00:00:00'),(480,'33308002780131412338418','3349800290372',0,'0000-00-00 00:00:00'),(481,'33308002780131412338418','3461400120382',1,'2014-10-07 09:19:10'),(482,'33308002780131412338418','3739900212574',1,'2014-10-07 11:20:27'),(483,'33308002780131412338418','3349800223616',0,'0000-00-00 00:00:00'),(484,'33308002780131412338418','3340101212340',1,'2014-10-07 09:20:37'),(485,'33308002780131412338418','5341500045916',0,'0000-00-00 00:00:00'),(486,'33308002780131412338418','3770600659362',1,'2014-10-06 10:00:31'),(487,'33308002780131412338418','3340701014930',1,'2014-10-06 13:46:20'),(488,'33308002780131412338418','3341501495919',1,'2014-10-06 15:02:57'),(489,'33308002780131412338418','3349900149736',0,'0000-00-00 00:00:00'),(490,'33308002780131412338418','3341900317429',1,'2014-10-06 10:02:24'),(491,'33308002780131412338418','3341500291139',0,'0000-00-00 00:00:00'),(492,'33308002780131412338418','4101000003282',1,'2014-10-06 10:52:10'),(493,'33308002780131412338418','3330300319411',1,'2014-10-06 14:07:33'),(494,'33308002780131412392143','3341501306105',1,'2014-10-06 12:53:33'),(495,'33308002780131412392143','3349800082109',0,'0000-00-00 00:00:00'),(496,'33308002780131412392143','3349800290372',0,'0000-00-00 00:00:00'),(497,'33308002780131412392143','3461400120382',1,'2014-10-07 09:18:59'),(498,'33308002780131412392143','3739900212574',1,'2014-10-07 11:20:47'),(499,'33308002780131412392143','3349800223616',0,'0000-00-00 00:00:00'),(500,'33308002780131412392143','3340101212340',1,'2014-10-07 09:20:38'),(501,'33308002780131412392143','5341500045916',0,'0000-00-00 00:00:00'),(502,'33308002780131412392143','3770600659362',1,'2014-10-06 09:59:56'),(503,'33308002780131412392143','3340701014930',1,'2014-10-06 13:46:45'),(504,'33308002780131412392143','3341501495919',1,'2014-10-06 15:01:52'),(505,'33308002780131412392143','3349900149736',0,'0000-00-00 00:00:00'),(506,'33308002780131412392143','3341900317429',1,'2014-10-06 09:51:55'),(507,'33308002780131412392143','3341500291139',0,'0000-00-00 00:00:00'),(508,'33308002780131412392143','4101000003282',1,'2014-10-06 10:53:02'),(509,'33308002780131412392143','3330300319411',1,'2014-10-06 14:07:36'),(510,'41010000032821412568343','3330800278013',1,'2014-10-07 07:41:26'),(511,'33415014959191412582717','3330800278013',1,'2014-10-07 07:41:35'),(512,'33415014959191412582898','3340701014930',1,'2014-10-06 15:18:47'),(513,'33308002780131412642558','3341501306105',0,'0000-00-00 00:00:00'),(514,'33308002780131412642558','3349800082109',0,'0000-00-00 00:00:00'),(515,'33308002780131412642558','3349800290372',0,'0000-00-00 00:00:00'),(516,'33308002780131412642558','3461400120382',1,'2014-10-07 09:19:02'),(517,'33308002780131412642558','3739900212574',1,'2014-10-07 11:18:52'),(518,'33308002780131412642558','3349800223616',0,'0000-00-00 00:00:00'),(519,'33308002780131412642558','3340101212340',1,'2014-10-07 09:20:31'),(520,'33308002780131412642558','5341500045916',0,'0000-00-00 00:00:00'),(521,'33308002780131412642558','3770600659362',1,'2014-10-07 09:21:07'),(522,'33308002780131412642558','3340701014930',1,'2014-10-07 08:42:33'),(523,'33308002780131412642558','3341501495919',1,'2014-10-07 09:18:46'),(524,'33308002780131412642558','3349900149736',1,'2014-10-08 12:55:54'),(525,'33308002780131412642558','3341900317429',1,'2014-10-07 10:00:13'),(526,'33308002780131412642558','3341500291139',1,'2014-10-08 12:43:17'),(527,'33308002780131412642558','4101000003282',1,'2014-10-07 09:49:45'),(528,'33308002780131412642558','3330300319411',1,'2014-10-07 09:15:51'),(529,'33308002780131412643183','3341501495919',0,'0000-00-00 00:00:00'),(530,'33308002780131412643269','4101000003282',1,'2014-10-07 09:51:08'),(531,'33308002780131412643269','3341501495919',1,'2014-10-07 09:23:25'),(532,'33415014959191412648493','3330800278013',1,'2014-10-07 21:22:16'),(533,'41010000032821412650337','3330800278013',1,'2014-10-07 21:21:58'),(534,'33401012123401412650699','3330800278013',1,'2014-10-07 21:21:27'),(535,'34614001203821412651947','3330800278013',1,'2014-10-07 21:21:22'),(595,'33407010149301413161678','3349900149736',0,'0000-00-00 00:00:00'),(594,'33407010149301413161678','3341501495919',1,'2014-10-14 19:13:41'),(593,'33407010149301413161678','3770600659362',1,'2014-11-07 10:24:29'),(592,'33407010149301413161678','5341500045916',0,'0000-00-00 00:00:00'),(591,'33407010149301413161678','3340101212340',1,'2014-11-17 10:18:34'),(590,'33407010149301413161678','3349800223616',0,'0000-00-00 00:00:00'),(589,'33407010149301413161678','3739900212574',1,'2014-10-13 12:49:18'),(588,'33407010149301413161678','3461400120382',1,'2014-11-12 09:38:54'),(587,'33407010149301413161678','3349800290372',0,'0000-00-00 00:00:00'),(586,'33407010149301413161678','3349800082109',0,'0000-00-00 00:00:00'),(585,'33407010149301413161678','3341501306105',0,'0000-00-00 00:00:00'),(584,'33415014959191413155429','3330800278013',1,'2014-10-20 08:40:54'),(583,'33308002780131413108622','3330300319411',1,'2014-10-17 12:11:41'),(582,'33308002780131413108622','4101000003282',1,'2014-10-16 19:46:01'),(581,'33308002780131413108622','3341500291139',0,'0000-00-00 00:00:00'),(580,'33308002780131413108622','3341900317429',1,'2014-10-13 10:19:35'),(579,'33308002780131413108622','3349900149736',0,'0000-00-00 00:00:00'),(578,'33308002780131413108622','3341501495919',1,'2014-10-13 06:09:32'),(577,'33308002780131413108622','3340701014930',1,'2014-10-13 07:54:25'),(576,'33308002780131413108622','3770600659362',1,'2014-11-07 10:23:49'),(575,'33308002780131413108622','5341500045916',0,'0000-00-00 00:00:00'),(574,'33308002780131413108622','3340101212340',1,'2014-11-17 10:17:40'),(573,'33308002780131413108622','3349800223616',0,'0000-00-00 00:00:00'),(572,'33308002780131413108622','3739900212574',1,'2014-10-13 12:48:58'),(571,'33308002780131413108622','3461400120382',1,'2014-11-12 09:39:20'),(570,'33308002780131413108622','3349800290372',0,'0000-00-00 00:00:00'),(569,'33308002780131413108622','3349800082109',0,'0000-00-00 00:00:00'),(568,'33308002780131413108622','3341501306105',0,'0000-00-00 00:00:00'),(596,'33407010149301413161678','3341900317429',1,'2014-10-13 10:19:47'),(597,'33407010149301413161678','3341500291139',0,'0000-00-00 00:00:00'),(598,'33407010149301413161678','3330800278013',1,'2014-10-17 09:33:09'),(599,'33407010149301413161678','4101000003282',1,'2014-10-16 19:51:26'),(600,'33407010149301413161678','3330300319411',1,'2014-10-17 12:11:50'),(601,'33407010149301413161792','3349800290372',0,'0000-00-00 00:00:00'),(602,'33407010149301413161792','3349800082109',0,'0000-00-00 00:00:00'),(603,'33407010149301413161792','3341900317429',1,'2014-10-13 10:20:51'),(604,'33407010149301413161792','3330800278013',1,'2014-10-17 09:34:39'),(605,'33415014959191413288889','3340701014930',1,'2014-10-15 08:39:14'),(606,'41010000032821413464083','3330800278013',1,'2014-10-17 09:34:43'),(607,'41010000032821413464083','3340701014930',1,'2014-10-17 09:51:34'),(608,'33303003194111413522736','3330800278013',1,'2014-10-20 08:40:13'),(609,'33308002780131413769081','3341501306105',0,'0000-00-00 00:00:00'),(610,'33308002780131413769081','3349800082109',0,'0000-00-00 00:00:00'),(611,'33308002780131413769081','3349800290372',0,'0000-00-00 00:00:00'),(612,'33308002780131413769081','3461400120382',1,'2014-11-12 09:38:21'),(613,'33308002780131413769081','3739900212574',1,'2014-10-20 14:29:49'),(614,'33308002780131413769081','3349800223616',0,'0000-00-00 00:00:00'),(615,'33308002780131413769081','3340101212340',1,'2014-11-17 10:20:17'),(616,'33308002780131413769081','5341500045916',0,'0000-00-00 00:00:00'),(617,'33308002780131413769081','3770600659362',1,'2014-11-10 08:57:12'),(618,'33308002780131413769081','3340701014930',1,'2014-10-20 19:49:13'),(619,'33308002780131413769081','3341501495919',1,'2014-10-27 14:44:01'),(620,'33308002780131413769081','3349900149736',0,'0000-00-00 00:00:00'),(621,'33308002780131413769081','3341900317429',1,'2014-11-07 09:54:21'),(622,'33308002780131413769081','3341500291139',0,'0000-00-00 00:00:00'),(623,'33308002780131413769081','4101000003282',1,'2014-11-06 09:59:19'),(624,'33308002780131413769081','3330300319411',1,'2014-10-23 10:16:35'),(625,'33308002780131413769336','3330300319411',0,'0000-00-00 00:00:00'),(626,'37399002125741413790302','3330800278013',1,'2014-10-24 07:20:56'),(627,'37399002125741413790302','3340701014930',1,'2014-10-20 19:49:30'),(628,'33303003194111414034249','3330800278013',1,'2014-10-23 10:39:35'),(629,'37399002125741414165881','3341501306105',0,'0000-00-00 00:00:00'),(630,'37399002125741414165881','3349800082109',0,'0000-00-00 00:00:00'),(631,'37399002125741414165881','3349800290372',0,'0000-00-00 00:00:00'),(632,'37399002125741414165881','3461400120382',1,'2014-11-12 09:37:54'),(633,'37399002125741414165881','3349800223616',0,'0000-00-00 00:00:00'),(634,'37399002125741414165881','3340101212340',1,'2014-11-17 10:21:14'),(635,'37399002125741414165881','5341500045916',0,'0000-00-00 00:00:00'),(636,'37399002125741414165881','3770600659362',1,'2014-11-10 08:57:28'),(637,'37399002125741414165881','3340701014930',1,'2014-10-27 18:35:58'),(638,'37399002125741414165881','3341501495919',1,'2014-10-27 14:44:26'),(639,'37399002125741414165881','3349900149736',0,'0000-00-00 00:00:00'),(640,'37399002125741414165881','3341900317429',1,'2014-11-07 09:54:31'),(641,'37399002125741414165881','3341500291139',0,'0000-00-00 00:00:00'),(642,'37399002125741414165881','3330800278013',1,'2014-11-02 10:44:50'),(643,'37399002125741414165881','4101000003282',1,'2014-11-06 09:59:54'),(644,'37399002125741414165881','3330300319411',1,'2014-11-03 10:17:26'),(645,'33415014959191414395888','3330800278013',1,'2014-11-02 10:45:11'),(646,'33415014959191414648612','3330800278013',1,'2014-11-02 10:45:19'),(647,'33415014959191414648612','3341501306105',0,'0000-00-00 00:00:00'),(648,'33415014959191414648612','4101000003282',1,'2014-11-06 10:01:06'),(649,'33415014959191414648612','3341500291139',0,'0000-00-00 00:00:00'),(650,'33415014959191414648612','3341900317429',1,'2014-11-07 09:54:40'),(651,'33415014959191414648612','3349900149736',0,'0000-00-00 00:00:00'),(652,'33415014959191414648612','3341501495919',1,'2014-10-30 13:08:02'),(653,'33415014959191414648612','3340701014930',1,'2014-10-31 05:52:31'),(654,'33415014959191414648612','3770600659362',1,'2014-11-10 08:57:32'),(655,'33415014959191414648612','3340101212340',1,'2014-11-18 11:09:46'),(656,'33415014959191414648612','3739900212574',1,'2014-10-31 22:18:35'),(657,'33415014959191414648612','3461400120382',1,'2014-11-12 09:37:29'),(658,'33415014959191414648612','3349800290372',0,'0000-00-00 00:00:00'),(659,'33415014959191414648612','3330300319411',1,'2014-11-03 10:17:38'),(660,'33308002780131414899967','3341501306105',0,'0000-00-00 00:00:00'),(661,'33308002780131414899967','3349800082109',0,'0000-00-00 00:00:00'),(662,'33308002780131414899967','3349800290372',0,'0000-00-00 00:00:00'),(663,'33308002780131414899967','3461400120382',1,'2014-11-12 09:36:56'),(664,'33308002780131414899967','3739900212574',1,'2014-11-03 15:17:28'),(665,'33308002780131414899967','3349800223616',0,'0000-00-00 00:00:00'),(666,'33308002780131414899967','3340101212340',1,'2014-11-20 12:03:24'),(667,'33308002780131414899967','5341500045916',0,'0000-00-00 00:00:00'),(668,'33308002780131414899967','3770600659362',1,'2014-11-10 08:57:36'),(669,'33308002780131414899967','3340701014930',1,'2014-11-02 18:17:31'),(670,'33308002780131414899967','3341501495919',1,'2014-11-03 09:52:44'),(671,'33308002780131414899967','3349900149736',0,'0000-00-00 00:00:00'),(672,'33308002780131414899967','3341900317429',1,'2014-11-07 09:54:50'),(673,'33308002780131414899967','3341500291139',1,'2014-11-03 14:09:09'),(674,'33308002780131414899967','4101000003282',1,'2014-11-06 10:02:38'),(675,'33308002780131414899967','3330300319411',1,'2014-11-03 10:18:21'),(676,'33303003194111414987603','3330800278013',1,'2014-11-03 15:42:36'),(677,'33303003194111414987995','3330800278013',0,'0000-00-00 00:00:00'),(678,'33303003194111414987995','3340701014930',0,'0000-00-00 00:00:00'),(679,'33303003194111414988878','3340701014930',1,'2014-11-03 12:24:31'),(680,'37399002125741415002677','3341501306105',0,'0000-00-00 00:00:00'),(681,'37399002125741415002677','3349800082109',0,'0000-00-00 00:00:00'),(682,'37399002125741415002677','3349800290372',0,'0000-00-00 00:00:00'),(683,'37399002125741415002677','3461400120382',1,'2014-11-12 09:36:14'),(684,'37399002125741415002677','3349800223616',0,'0000-00-00 00:00:00'),(685,'37399002125741415002677','3340101212340',1,'2014-11-20 12:02:50'),(686,'37399002125741415002677','5341500045916',0,'0000-00-00 00:00:00'),(687,'37399002125741415002677','3770600659362',1,'2014-11-10 08:57:58'),(688,'37399002125741415002677','3340701014930',1,'2014-11-03 20:14:49'),(689,'37399002125741415002677','3341501495919',1,'2014-11-04 10:55:40'),(690,'37399002125741415002677','3349900149736',0,'0000-00-00 00:00:00'),(691,'37399002125741415002677','3341900317429',1,'2014-11-07 09:55:10'),(692,'37399002125741415002677','3341500291139',0,'0000-00-00 00:00:00'),(693,'37399002125741415002677','3330800278013',1,'2014-11-03 15:41:59'),(694,'37399002125741415002677','4101000003282',1,'2014-11-06 10:26:14'),(695,'37399002125741415002677','3330300319411',1,'2014-11-04 09:48:59'),(696,'33308002780131415280183','3341501306105',0,'0000-00-00 00:00:00'),(697,'33308002780131415280183','3349800082109',0,'0000-00-00 00:00:00'),(698,'33308002780131415280183','3349800290372',0,'0000-00-00 00:00:00'),(699,'33308002780131415280183','3461400120382',1,'2014-11-12 09:35:15'),(700,'33308002780131415280183','3739900212574',1,'2014-11-07 23:55:00'),(701,'33308002780131415280183','3349800223616',0,'0000-00-00 00:00:00'),(702,'33308002780131415280183','3340101212340',1,'2014-11-20 12:02:27'),(703,'33308002780131415280183','5341500045916',0,'0000-00-00 00:00:00'),(704,'33308002780131415280183','3770600659362',1,'2014-11-10 08:57:40'),(705,'33308002780131415280183','3340701014930',1,'2014-11-07 07:46:03'),(706,'33308002780131415280183','3341501495919',1,'2014-11-10 11:10:38'),(707,'33308002780131415280183','3349900149736',0,'0000-00-00 00:00:00'),(708,'33308002780131415280183','3341900317429',1,'2014-11-07 09:55:21'),(709,'33308002780131415280183','3341500291139',0,'0000-00-00 00:00:00'),(710,'33308002780131415280183','4101000003282',1,'2014-11-11 11:19:13'),(711,'33308002780131415280183','3330300319411',1,'2014-11-07 09:32:14'),(712,'33308002780131415280746','3341501306105',0,'0000-00-00 00:00:00'),(713,'33308002780131415280746','3349800082109',0,'0000-00-00 00:00:00'),(714,'33308002780131415280746','3349800290372',0,'0000-00-00 00:00:00'),(715,'33308002780131415280746','3461400120382',1,'2014-11-12 09:34:45'),(716,'33308002780131415280746','3739900212574',1,'2014-11-07 23:55:14'),(717,'33308002780131415280746','3349800223616',0,'0000-00-00 00:00:00'),(718,'33308002780131415280746','3340101212340',1,'2014-11-20 12:01:56'),(719,'33308002780131415280746','5341500045916',0,'0000-00-00 00:00:00'),(720,'33308002780131415280746','3770600659362',1,'2014-11-10 08:57:43'),(721,'33308002780131415280746','3340701014930',1,'2014-11-07 07:45:35'),(722,'33308002780131415280746','3341501495919',1,'2014-11-10 11:10:06'),(723,'33308002780131415280746','3349900149736',0,'0000-00-00 00:00:00'),(724,'33308002780131415280746','3341900317429',1,'2014-11-07 09:55:51'),(725,'33308002780131415280746','3341500291139',0,'0000-00-00 00:00:00'),(726,'33308002780131415280746','4101000003282',1,'2014-11-11 11:19:30'),(727,'33308002780131415280746','3330300319411',1,'2014-11-07 09:33:35'),(728,'33308002780131415713820','3341501306105',0,'0000-00-00 00:00:00'),(729,'33308002780131415713820','3349800082109',0,'0000-00-00 00:00:00'),(730,'33308002780131415713820','3349800290372',0,'0000-00-00 00:00:00'),(731,'33308002780131415713820','3461400120382',1,'2014-11-12 09:33:49'),(732,'33308002780131415713820','3739900212574',1,'2014-11-11 23:01:52'),(733,'33308002780131415713820','3349800223616',0,'0000-00-00 00:00:00'),(734,'33308002780131415713820','3340101212340',1,'2014-11-20 12:01:25'),(735,'33308002780131415713820','5341500045916',0,'0000-00-00 00:00:00'),(736,'33308002780131415713820','3770600659362',1,'2014-11-17 09:27:15'),(737,'33308002780131415713820','3340701014930',1,'2014-11-18 10:16:07'),(738,'33308002780131415713820','3341501495919',1,'2014-11-12 09:57:56'),(739,'33308002780131415713820','3349900149736',0,'0000-00-00 00:00:00'),(740,'33308002780131415713820','3341900317429',1,'2014-11-17 09:33:38'),(741,'33308002780131415713820','3341500291139',0,'0000-00-00 00:00:00'),(742,'33308002780131415713820','4101000003282',1,'2014-11-12 09:49:31'),(743,'33308002780131415713820','3330300319411',1,'2014-11-12 08:15:55'),(748,'34614001203821415758443','3330800278013',1,'2014-11-15 06:21:50'),(749,'33415014959191416148545','3341501306105',0,'0000-00-00 00:00:00'),(750,'33415014959191416148545','4101000003282',1,'2014-11-17 22:49:33'),(751,'33415014959191416148545','3341500291139',0,'0000-00-00 00:00:00'),(752,'33415014959191416148545','3341900317429',1,'2014-11-17 09:33:58'),(753,'33415014959191416148545','3349900149736',0,'0000-00-00 00:00:00'),(754,'33415014959191416148545','3340701014930',1,'2014-11-18 10:17:02'),(755,'33415014959191416148545','3770600659362',1,'2014-11-17 09:27:51'),(756,'33415014959191416148545','3340101212340',1,'2014-11-20 12:00:45'),(757,'33415014959191416148545','3739900212574',1,'2014-11-17 13:58:19'),(758,'33415014959191416148545','3461400120382',0,'0000-00-00 00:00:00'),(759,'33415014959191416148545','3349800290372',0,'0000-00-00 00:00:00'),(760,'37399002125741416278819','3341501306105',0,'0000-00-00 00:00:00'),(761,'37399002125741416278819','3349800082109',0,'0000-00-00 00:00:00'),(762,'37399002125741416278819','3349800290372',0,'0000-00-00 00:00:00'),(763,'37399002125741416278819','3461400120382',0,'0000-00-00 00:00:00'),(764,'37399002125741416278819','3349800223616',0,'0000-00-00 00:00:00'),(765,'37399002125741416278819','3340101212340',1,'2014-11-18 11:15:56'),(766,'37399002125741416278819','5341500045916',0,'0000-00-00 00:00:00'),(767,'37399002125741416278819','3770600659362',1,'2014-11-19 10:37:35'),(768,'37399002125741416278819','3340701014930',1,'2014-11-18 10:19:26'),(769,'37399002125741416278819','3341501495919',1,'2014-11-19 10:39:01'),(770,'37399002125741416278819','3349900149736',0,'0000-00-00 00:00:00'),(771,'37399002125741416278819','3341900317429',1,'2014-11-19 09:29:50'),(772,'37399002125741416278819','3341500291139',0,'0000-00-00 00:00:00'),(773,'37399002125741416278819','3330800278013',0,'0000-00-00 00:00:00'),(774,'37399002125741416278819','4101000003282',1,'2014-11-19 10:21:41'),(775,'37399002125741416278819','3330300319411',1,'2014-11-18 10:10:12'),(776,'37399002125741416279220','3341501306105',0,'0000-00-00 00:00:00'),(777,'37399002125741416279220','3349800082109',0,'0000-00-00 00:00:00'),(778,'37399002125741416279220','3349800290372',0,'0000-00-00 00:00:00'),(779,'37399002125741416279220','3461400120382',0,'0000-00-00 00:00:00'),(780,'37399002125741416279220','3349800223616',0,'0000-00-00 00:00:00'),(781,'37399002125741416279220','3340101212340',1,'2014-11-18 11:14:51'),(782,'37399002125741416279220','5341500045916',0,'0000-00-00 00:00:00'),(783,'37399002125741416279220','3770600659362',1,'2014-11-19 10:37:40'),(784,'37399002125741416279220','3340701014930',1,'2014-11-18 10:20:12'),(785,'37399002125741416279220','3341501495919',1,'2014-11-19 10:38:24'),(786,'37399002125741416279220','3349900149736',0,'0000-00-00 00:00:00'),(787,'37399002125741416279220','3341900317429',1,'2014-11-19 09:30:08'),(788,'37399002125741416279220','3341500291139',0,'0000-00-00 00:00:00'),(789,'37399002125741416279220','3330800278013',1,'2014-11-30 10:07:17'),(790,'37399002125741416279220','4101000003282',1,'2014-11-19 10:21:53'),(791,'37399002125741416279220','3330300319411',1,'2014-11-18 10:10:17'),(794,'33303003194111416280221','3330800278013',1,'2014-12-06 13:06:59'),(795,'33303003194111416280221','3341501306105',0,'0000-00-00 00:00:00'),(796,'33303003194111416280221','4101000003282',1,'2014-11-19 10:22:00'),(797,'33303003194111416280221','3341500291139',0,'0000-00-00 00:00:00'),(798,'33303003194111416280221','3341900317429',1,'2014-11-19 09:30:17'),(799,'33303003194111416280221','3349900149736',0,'0000-00-00 00:00:00'),(800,'33303003194111416280221','3341501495919',1,'2014-11-19 10:38:11'),(801,'33303003194111416280221','3340701014930',1,'2014-11-19 13:36:31'),(802,'33303003194111416280221','3770600659362',1,'2014-11-19 10:37:49'),(803,'33303003194111416280221','5341500045916',0,'0000-00-00 00:00:00'),(804,'33303003194111416280221','3340101212340',1,'2014-11-18 11:11:15'),(805,'33303003194111416280221','3349800223616',0,'0000-00-00 00:00:00'),(806,'33303003194111416280221','3739900212574',1,'2014-11-19 22:30:50'),(807,'33303003194111416280221','3461400120382',0,'0000-00-00 00:00:00'),(808,'33303003194111416280221','3349800290372',0,'0000-00-00 00:00:00'),(809,'33303003194111416280221','3349800082109',0,'0000-00-00 00:00:00'),(810,'33303003194111416280221','3330300319411',1,'2014-11-18 10:32:37'),(812,'33303003194111416281138','3340701014930',0,'0000-00-00 00:00:00'),(813,'33407010149301416281348','3330300319411',1,'2014-11-18 10:47:08'),(814,'33303003194111416282492','3330800278013',1,'2014-11-30 10:06:56'),(815,'33407010149301417178003','3341501306105',0,'0000-00-00 00:00:00'),(816,'33407010149301417178003','3349800082109',0,'0000-00-00 00:00:00'),(817,'33407010149301417178003','3349800290372',0,'0000-00-00 00:00:00'),(818,'33407010149301417178003','3461400120382',0,'0000-00-00 00:00:00'),(819,'33407010149301417178003','3739900212574',1,'2015-01-03 15:53:50'),(820,'33407010149301417178003','3349800223616',0,'0000-00-00 00:00:00'),(821,'33407010149301417178003','3340101212340',1,'2014-12-03 11:43:50'),(822,'33407010149301417178003','5341500045916',0,'0000-00-00 00:00:00'),(823,'33407010149301417178003','3770600659362',1,'2014-12-01 13:29:52'),(824,'33407010149301417178003','3341501495919',1,'2014-12-01 15:24:00'),(825,'33407010149301417178003','3349900149736',0,'0000-00-00 00:00:00'),(826,'33407010149301417178003','3341900317429',1,'2014-12-01 13:11:29'),(827,'33407010149301417178003','3341500291139',0,'0000-00-00 00:00:00'),(828,'33407010149301417178003','3330800278013',1,'2014-11-30 10:06:14'),(829,'33407010149301417178003','4101000003282',1,'2014-12-02 09:58:51'),(830,'33407010149301417178003','3330300319411',1,'2014-12-01 09:51:01'),(831,'33407010149301417507121','3341501306105',0,'0000-00-00 00:00:00'),(832,'33407010149301417507121','4101000003282',1,'2014-12-03 14:47:04'),(833,'33407010149301417507121','3341500291139',0,'0000-00-00 00:00:00'),(834,'33407010149301417507121','3341900317429',1,'2014-12-02 20:03:15'),(835,'33407010149301417507121','3349900149736',0,'0000-00-00 00:00:00'),(836,'33407010149301417507121','3341501495919',1,'2014-12-03 12:49:20'),(837,'33407010149301417507121','3340701014930',1,'2014-12-02 15:00:39'),(838,'33407010149301417507121','3770600659362',1,'2014-12-02 19:59:37'),(839,'33407010149301417507121','5341500045916',0,'0000-00-00 00:00:00'),(840,'33407010149301417507121','3340101212340',1,'2014-12-03 11:34:39'),(841,'33407010149301417507121','3349800223616',0,'0000-00-00 00:00:00'),(842,'33407010149301417507121','3739900212574',1,'2015-01-03 15:54:17'),(843,'33407010149301417507121','3461400120382',0,'0000-00-00 00:00:00'),(844,'33407010149301417507121','3349800290372',0,'0000-00-00 00:00:00'),(845,'33407010149301417507121','3349800082109',0,'0000-00-00 00:00:00'),(846,'33407010149301417507121','3330300319411',1,'2014-12-04 11:48:53'),(847,'33303003194111417668546','3330800278013',1,'2014-12-06 13:05:29'),(848,'33407010149301419465954','3330800278013',0,'0000-00-00 00:00:00'),(849,'33407010149301419466468','3330800278013',0,'0000-00-00 00:00:00'),(850,'33407010149301419466895','3330800278013',1,'2014-12-25 07:28:21'),(851,'33407010149301419467191','3330800278013',0,'0000-00-00 00:00:00'),(852,'33407010149301419468390','3330800278013',0,'0000-00-00 00:00:00'),(853,'13499001400401423627608','3330800278013',0,'0000-00-00 00:00:00'),(854,'33407010149301427691657','3330800278013',0,'0000-00-00 00:00:00'),(855,'33407010149301458873743','3349800082109',0,'0000-00-00 00:00:00'),(856,'33407010149301458873820','3340701014930',1,'2016-04-05 10:25:34'),(857,'33407010149301458873820','3349800082109',0,'0000-00-00 00:00:00'),(858,'13415002093391542175667','3341800134144',0,'0000-01-01 00:00:00'),(861,'33407010149301614757056','3349900149736',0,'0000-01-01 00:00:00'),(860,'13415002093391573712040','3341800134144',0,'0000-01-01 00:00:00');

--
-- Table structure for table `meeting_main`
--

CREATE TABLE `meeting_main` (
  `id` int(11) NOT NULL AUTO_INCREMENT,
  `room` tinyint(4) NOT NULL,
  `book_date` date NOT NULL,
  `book_date_end` date NOT NULL,
  `start_time` tinyint(4) NOT NULL,
  `finish_time` tinyint(4) NOT NULL,
  `objective` varchar(200) NOT NULL,
  `book_person` varchar(13) NOT NULL,
  `rec_date` datetime NOT NULL,
  `approve` int(11) DEFAULT NULL,
  `reason` varchar(200) DEFAULT NULL,
  `person_num` int(11) NOT NULL,
  `other` varchar(250) NOT NULL,
  `officer` varchar(13) DEFAULT NULL,
  `officer_date` datetime DEFAULT NULL,
  PRIMARY KEY (`id`)
) ENGINE=MyISAM DEFAULT CHARSET=utf8 COLLATE=utf8_general_ci;

--
-- Dumping data for table `meeting_main`
--


--
-- Table structure for table `meeting_permission`
--

CREATE TABLE `meeting_permission` (
  `id` int(11) NOT NULL AUTO_INCREMENT,
  `person_id` varchar(13) NOT NULL,
  `p1` tinyint(4) NOT NULL,
  `officer` varchar(13) NOT NULL,
  `rec_date` date NOT NULL,
  PRIMARY KEY (`id`)
) ENGINE=MyISAM AUTO_INCREMENT=3 DEFAULT CHARSET=utf8 COLLATE=utf8_general_ci;

--
-- Dumping data for table `meeting_permission`
--

INSERT INTO `meeting_permission` VALUES (1,'1349900140040',1,'1349900140040','2015-02-11'),(2,'3340701014930',1,'1349900140040','2015-02-11');

--
-- Table structure for table `meeting_room`
--

CREATE TABLE `meeting_room` (
  `id` int(11) NOT NULL AUTO_INCREMENT,
  `room_code` tinyint(4) NOT NULL,
  `room_name` varchar(100) NOT NULL,
  `active` int(11) NOT NULL DEFAULT 0,
  PRIMARY KEY (`id`)
) ENGINE=MyISAM AUTO_INCREMENT=11 DEFAULT CHARSET=utf8 COLLATE=utf8_general_ci;

--
-- Dumping data for table `meeting_room`
--

INSERT INTO `meeting_room` VALUES (1,1,'ห้องประชุม1',1),(2,2,'ห้องประชุม2(ห้อง ICT)',1),(3,3,'ห้องประชุม3',0),(4,4,'หอ้งประชุม4',0),(5,5,'ห้องประชุม5',0),(6,6,'ห้องประชุม6',0),(7,7,'ห้องประชุม7',0),(8,8,'ห้องประชุม8',0),(9,9,'ห้องประชุม9',0),(10,10,'ห้องประชุม10',0);

--
-- Table structure for table `news_mainitem`
--

CREATE TABLE `news_mainitem` (
  `id` int(11) NOT NULL AUTO_INCREMENT,
  `code` int(11) NOT NULL,
  `mainitem` varchar(150) NOT NULL,
  `item_active` tinyint(1) NOT NULL DEFAULT 0,
  PRIMARY KEY (`id`),
  UNIQUE KEY `code` (`code`)
) ENGINE=MyISAM AUTO_INCREMENT=2 DEFAULT CHARSET=utf8 COLLATE=utf8_general_ci;

--
-- Dumping data for table `news_mainitem`
--

INSERT INTO `news_mainitem` VALUES (1,1,'SMSS',1);

--
-- Table structure for table `news_news`
--

CREATE TABLE `news_news` (
  `id` int(11) NOT NULL AUTO_INCREMENT,
  `report_date` datetime NOT NULL,
  `news` varchar(250) NOT NULL,
  `file` varchar(150) NOT NULL,
  `section` int(11) NOT NULL,
  `mainitem_code` int(11) NOT NULL,
  `officer` varchar(13) NOT NULL,
  PRIMARY KEY (`id`)
) ENGINE=MyISAM DEFAULT CHARSET=utf8 COLLATE=utf8_general_ci;

--
-- Dumping data for table `news_news`
--


--
-- Table structure for table `news_permission`
--

CREATE TABLE `news_permission` (
  `id` int(11) NOT NULL AUTO_INCREMENT,
  `person_id` varchar(13) NOT NULL,
  `p1` tinyint(4) NOT NULL,
  `officer` varchar(13) NOT NULL,
  `rec_date` date NOT NULL,
  PRIMARY KEY (`id`)
) ENGINE=MyISAM AUTO_INCREMENT=3 DEFAULT CHARSET=utf8 COLLATE=utf8_general_ci;

--
-- Dumping data for table `news_permission`
--

INSERT INTO `news_permission` VALUES (1,'1349900140040',1,'1349900140040','2015-02-11'),(2,'3340701014930',1,'3340701014930','2018-02-07');

--
-- Table structure for table `news_section`
--

CREATE TABLE `news_section` (
  `id` int(11) NOT NULL AUTO_INCREMENT,
  `code` tinyint(4) NOT NULL,
  `name` varchar(100) NOT NULL,
  `mainitem_code` int(11) NOT NULL,
  PRIMARY KEY (`id`)
) ENGINE=MyISAM DEFAULT CHARSET=utf8 COLLATE=utf8_general_ci;

--
-- Dumping data for table `news_section`
--


--
-- Table structure for table `permission_date`
--

CREATE TABLE `permission_date` (
  `id` int(11) NOT NULL AUTO_INCREMENT,
  `person_id` varchar(13) NOT NULL,
  `ref_id` varchar(50) NOT NULL,
  `date` date NOT NULL,
  `rec_date` datetime NOT NULL,
  PRIMARY KEY (`id`)
) ENGINE=MyISAM AUTO_INCREMENT=27 DEFAULT CHARSET=utf8 COLLATE=utf8_general_ci;

--
-- Dumping data for table `permission_date`
--

INSERT INTO `permission_date` VALUES (1,'1349900140040','142362743130624','2015-02-11','2015-02-11 11:03:51'),(2,'1341500209339','15421710392527','2018-11-13','2018-11-14 11:50:39'),(3,'1341500209339','15421710392527','2018-11-14','2018-11-14 11:50:39'),(4,'3341501495919','156679572711756','2019-08-22','2019-08-26 12:02:07'),(5,'3341501495919','156679572711756','2019-08-23','2019-08-26 12:02:07'),(6,'3341501495919','156679827411012','2019-08-26','2019-08-26 12:44:34'),(7,'3349900149736','161719348529417','2021-04-01','2021-03-31 19:24:45'),(8,'3349900149736','161719348529417','2021-04-02','2021-03-31 19:24:45'),(9,'1350100274451','161719639114622','2021-04-01','2021-03-31 20:13:11'),(10,'1350100274451','161719639114622','2021-04-02','2021-03-31 20:13:11'),(11,'1301700244316','1617197943436','2021-04-01','2021-03-31 20:39:03'),(12,'1301700244316','1617197943436','2021-04-02','2021-03-31 20:39:03'),(13,'1341900188444','161719829028202','2021-04-01','2021-03-31 20:44:50'),(14,'1341900188444','161719829028202','2021-04-02','2021-03-31 20:44:50'),(15,'1341500209339','161719968824818','2021-04-01','2021-03-31 21:08:08'),(16,'1341500209339','161719968824818','2021-04-02','2021-03-31 21:08:08'),(20,'1419900187835','161720390316528','2021-04-02','2021-03-31 22:18:23'),(19,'1419900187835','161720390316528','2021-04-01','2021-03-31 22:18:23'),(21,'3341501495919','161721415225489','2021-04-01','2021-04-01 01:09:12'),(22,'3341501495919','161721415225489','2021-04-02','2021-04-01 01:09:12'),(23,'5341500064457','161721484218861','2021-04-01','2021-04-01 01:20:42'),(24,'5341500064457','161721484218861','2021-04-02','2021-04-01 01:20:42'),(26,'3340701014930','161725011126802','2021-04-01','2021-04-01 11:09:01');

--
-- Table structure for table `permission_main`
--

CREATE TABLE `permission_main` (
  `id` int(11) NOT NULL AUTO_INCREMENT,
  `person_id` varchar(13) NOT NULL,
  `ref_id` varchar(50) NOT NULL,
  `subject` varchar(150) NOT NULL,
  `place` varchar(150) NOT NULL,
  `vehicle` varchar(150) DEFAULT NULL,
  `document` varchar(150) DEFAULT NULL,
  `no_comment` tinyint(4) NOT NULL DEFAULT 0,
  `grant_person_selected` varchar(13) DEFAULT NULL,
  `rec_date` datetime NOT NULL,
  `comment` varchar(200) DEFAULT NULL,
  `comment_person` varchar(13) DEFAULT NULL,
  `comment_date` datetime DEFAULT NULL,
  `grant_x` tinyint(4) DEFAULT NULL,
  `grant_comment` varchar(200) DEFAULT NULL,
  `grant_person` varchar(13) DEFAULT NULL,
  `grant_date` datetime DEFAULT NULL,
  `report` text DEFAULT NULL,
  `report_date` datetime DEFAULT NULL,
  PRIMARY KEY (`id`),
  UNIQUE KEY `ref_id` (`ref_id`)
) ENGINE=MyISAM AUTO_INCREMENT=15 DEFAULT CHARSET=utf8 COLLATE=utf8_general_ci;

--
-- Dumping data for table `permission_main`
--

INSERT INTO `permission_main` VALUES (1,'1349900140040','142362743130624','ขอศึกษาดูงาน ระบบ SMSS','โรงเรียนบ้านหนองสองห้อง','รถยนต์ส่วนตัว','',1,'3330800278013','2015-02-11 11:03:51',NULL,NULL,NULL,NULL,NULL,NULL,NULL,NULL,NULL),(2,'1341500209339','15421710392527','อบรมเชิงปฏิบัติการงานธุรการโรงเรียน','สพป.อบ4','','',0,'','2018-11-14 11:50:39',NULL,NULL,NULL,NULL,NULL,NULL,NULL,NULL,NULL),(3,'3341501495919','156679572711756','โครงการส่งเสริมการเรียนรู้เพื่อพัฒนาทักษะด้านโค้ดดิ้งสู่สังคมดิจิทัลในอนาคต','โรงแรมเนวาด้าแกรนด์','รถยนต์ส่วนตัว','',0,'','2019-08-26 12:02:07',NULL,NULL,NULL,NULL,NULL,NULL,NULL,NULL,NULL),(4,'3341501495919','156679827411012','โครงการนิเทศบูรณาการโดยใช้พื้นที่เป็นฐาน','โรงเรียนบ้านท่าช้าง(เขตการทางนครราชสีมาสงเคราะห์ 2)','รถยนต์ส่วนตัว','',0,'','2019-08-26 12:44:34',NULL,NULL,NULL,NULL,NULL,NULL,NULL,NULL,NULL),(5,'3349900149736','161719348529417','นำนักเรียนชั้นมัธยม ม 2 ม 3 ไปทัศนศึกษา','เชียงคาน จังหวัดเลย','รถบัสปรับอากาศสองชั้น','',0,'','2021-03-31 19:24:45',NULL,NULL,NULL,NULL,NULL,NULL,NULL,NULL,NULL),(6,'1350100274451','161719639114622','ทัศนศึกษาโครงการสู่โลกกว้างทางปัญญา','เชียงคาน จังหวัดเลย','รถบัสปรับอากาศ','',0,'','2021-03-31 20:13:11',NULL,NULL,NULL,NULL,NULL,NULL,NULL,NULL,NULL),(7,'1301700244316','1617197943436','พานักเรียนไปทัศนศึกษา','อ.เชียงคาน จ.เลย','รถทัวร์ปรับอากาศ','',0,'','2021-03-31 20:39:03',NULL,NULL,NULL,NULL,NULL,NULL,NULL,NULL,NULL),(8,'1341900188444','161719829028202','พานักเรียนไปทัศนศึกษา','อ.เชียงคาน จ.เลย','','',0,'','2021-03-31 20:44:50',NULL,NULL,NULL,NULL,NULL,NULL,NULL,NULL,NULL),(9,'1341500209339','161719968824818','พานักเรียนไปทัศนศึกษา','อ.เชียงคาน จ.เลย','รถทัวร์ปรับอากาศ','',0,'','2021-03-31 21:08:08',NULL,NULL,NULL,NULL,NULL,NULL,NULL,NULL,NULL),(11,'1419900187835','161720390316528','นำนักเรียนไปทัศนศึกษา ตามโครงการ \"สู่โลกกว้างทางปัญญา\" ','อำเภอเชียงคาน จังหวัดเลย','รถบัสเหมา','',0,'','2021-03-31 22:18:23',NULL,NULL,NULL,NULL,NULL,NULL,NULL,NULL,NULL),(12,'3341501495919','161721415225489','นำนักเรียนไปทัศนศึกษา','เชียงคาน จ.เลย','รถบัส โดยสาร 2 ชั้น','',0,'3341800134144','2021-04-01 01:09:12',NULL,NULL,NULL,1,'','3341800134144','2021-09-23 06:25:08',NULL,NULL),(13,'5341500064457','161721484218861','นำนักเรียนไปทัศนศึกษา','อ.เชียงคาน จ.เลย','รถทัวร์ปรับอากาศ 2 ชั้น','',0,'','2021-04-01 01:20:42',NULL,NULL,NULL,NULL,NULL,NULL,NULL,NULL,NULL),(14,'3340701014930','161725011126802','พานักเรียนไปทัศนศึกษา','อ.เชียงคาน  จ.เลย','','',0,'3341800134144','2021-04-01 11:08:31',NULL,NULL,NULL,1,'','3341800134144','2021-09-23 06:25:19',NULL,NULL);

--
-- Table structure for table `permission_permission`
--

CREATE TABLE `permission_permission` (
  `id` int(11) NOT NULL AUTO_INCREMENT,
  `person_id` varchar(13) NOT NULL,
  `p1` tinyint(4) NOT NULL,
  `officer` varchar(13) NOT NULL,
  `rec_date` date NOT NULL,
  PRIMARY KEY (`id`)
) ENGINE=MyISAM AUTO_INCREMENT=3 DEFAULT CHARSET=utf8 COLLATE=utf8_general_ci;

--
-- Dumping data for table `permission_permission`
--

INSERT INTO `permission_permission` VALUES (1,'1349900140040',1,'1349900140040','2015-02-11'),(2,'3340701014930',1,'1349900140040','2015-02-11');

--
-- Table structure for table `permission_person_set`
--

CREATE TABLE `permission_person_set` (
  `id` int(11) NOT NULL AUTO_INCREMENT,
  `person_id` varchar(13) NOT NULL,
  `comment_person` varchar(13) DEFAULT NULL,
  `grant_person` varchar(13) DEFAULT NULL,
  `officer` varchar(13) DEFAULT NULL,
  `rec_date` date DEFAULT NULL,
  PRIMARY KEY (`id`),
  UNIQUE KEY `person_id` (`person_id`)
) ENGINE=MyISAM AUTO_INCREMENT=2 DEFAULT CHARSET=utf8 COLLATE=utf8_general_ci;

--
-- Dumping data for table `permission_person_set`
--

INSERT INTO `permission_person_set` VALUES (1,'3340701014930','3770600659362','','3340701014930','2018-10-02');

--
-- Table structure for table `person_main`
--

CREATE TABLE `person_main` (
  `id` int(11) NOT NULL AUTO_INCREMENT,
  `person_id` varchar(13) NOT NULL,
  `prename` varchar(20) NOT NULL,
  `name` varchar(50) NOT NULL,
  `surname` varchar(50) NOT NULL,
  `position_code` tinyint(4) NOT NULL,
  `pic` varchar(150) DEFAULT NULL,
  `status` tinyint(4) NOT NULL DEFAULT 0,
  `person_order` tinyint(4) DEFAULT 0,
  `officer` varchar(13) NOT NULL,
  `rec_date` date NOT NULL,
  PRIMARY KEY (`id`),
  UNIQUE KEY `person_id` (`person_id`)
) ENGINE=MyISAM AUTO_INCREMENT=48 DEFAULT CHARSET=utf8 COLLATE=utf8_general_ci;

--
-- Dumping data for table `person_main`
--

INSERT INTO `person_main` VALUES (1,'3341501306105','นาง','ประยูร','คุ้มไพร่',3,NULL,1,0,'','0000-00-00'),(37,'1459900454205','นางสาว','กัลยา','เทพารักษ์',3,'',1,0,'1341500209339','2022-08-11'),(7,'3340101212340','นาง','นิศานาถ','นารี',3,NULL,1,0,'','0000-00-00'),(40,'1450600188927','น.ส.','จันทิมา','ไกยสิทธิ์',3,'',1,0,'3340701014930','2022-10-23'),(10,'3340701014930','จ.ส.ท.','ไพรัชต์','รูปแก้ว',3,NULL,0,0,'3340701014930','0000-00-00'),(12,'3349900149736','นาง','วัลลภา','ศรีภูไฟ',3,NULL,1,0,'','0000-00-00'),(28,'1350100274451','นางสาว','กัญญาภรณ์','สุริวงศ์',3,'',1,0,'3340701014930','2019-02-21'),(21,'3349900383879','นาย','อัครพล','ศรีพารา',1,'',1,0,'3340701014930','2015-12-21'),(17,'3330300319411','นาง','เพ็ญวดี','บุญเฉลียว',32,'',1,0,'3340701014930','2014-09-15'),(22,'5341500064457','นาง','ระพีพรรณ','ทำเลดี',3,'',0,0,'3340701014930','2017-01-05'),(24,'1341500209339','น.ส.','กนกวรรณ','สิงหาภู',32,'',0,0,'3340701014930','2018-11-05'),(25,'5341500045916','นาย','พิชัย','บุญขจร',3,'',1,0,'3340701014930','2018-11-07'),(26,'3341800134144','นาย','เปรมจิตร','จอกทอง',1,'',0,0,'3340701014930','2018-11-08'),(27,'1301700244316','นาง','มธุรดา','วงศ์สามารถ',3,'',0,0,'1341500209339','2018-12-01'),(29,'1349900025941','นางสาว','ณฐพร','กอแก้ว',3,'',1,0,'3340701014930','2019-05-27'),(30,'1330900255949','นาง','ปิยาภรณ์','ประทาน',3,'',1,0,'1341500209339','2019-06-05'),(31,'1341900188444','น.ส.','ยุภาวดี','พันแสน',3,'',0,0,'1341500209339','2019-10-28'),(36,'1341700062234','นางสาว','นิราวรรณ','กัญญาสาย',3,'',0,0,'3340701014930','2022-07-24'),(34,'1419900187835','นาง','แดนพร','วรรณพัฒน์',3,'',0,0,'1341500209339','2020-05-13'),(35,'1349700063408','นาย','ทนงศักดิ์','บรรเทา',3,'',0,0,'3340701014930','2020-08-05'),(41,'3349900074647','นางสาว','กัญณัฏฐ์','โพธิ์ศรี',3,'',1,0,'1341500209339','2023-04-11'),(39,'1450900006484','นางสาว','ฐิตาภา','ลาดหนองขุ่น',4,'',1,0,'1341500209339','2022-08-18'),(42,'1330400103228','นางสาว','วราภรณ์','ธรรมนิยม',3,'',0,0,'1341500209339','2023-05-25'),(43,'3349800005619','นางสาว','รัชวลีย์','ยืนสุข',3,'',0,0,'3340701014930','2023-06-07'),(44,'1430600145314','นาย','วริทธิ์ธร','สุทธิกุล',3,'',0,0,'1341500209339','2024-06-12'),(45,'2330301030751','นาย','วีระชาติ','ชารี',4,'',0,0,'1341500209339','2024-08-26'),(46,'1330400543431','นางสาว','กันตนา','อักโข',4,'',0,0,'1341500209339','2025-02-27'),(47,'1321200084174','นางสาว','นงนุช','ศรัทธาธรรม',3,'',0,0,'3341800134144','2025-08-04');

--
-- Table structure for table `person_permission`
--

CREATE TABLE `person_permission` (
  `id` int(11) NOT NULL AUTO_INCREMENT,
  `person_id` varchar(13) NOT NULL,
  `p1` tinyint(4) NOT NULL,
  `officer` varchar(13) NOT NULL,
  `rec_date` date NOT NULL,
  PRIMARY KEY (`id`)
) ENGINE=MyISAM AUTO_INCREMENT=10 DEFAULT CHARSET=utf8 COLLATE=utf8_general_ci;

--
-- Dumping data for table `person_permission`
--

INSERT INTO `person_permission` VALUES (1,'3340701014930',1,'7777','2015-11-04'),(5,'1341500209339',1,'3340701014930','2022-10-23'),(9,'2330301030751',1,'3341800134144','2025-08-04'),(8,'1349700063408',1,'1341500209339','2025-07-23');

--
-- Table structure for table `person_position`
--

CREATE TABLE `person_position` (
  `id` int(11) NOT NULL AUTO_INCREMENT,
  `position_code` int(11) NOT NULL,
  `position_name` varchar(50) NOT NULL,
  PRIMARY KEY (`id`),
  UNIQUE KEY `position_code` (`position_code`)
) ENGINE=MyISAM AUTO_INCREMENT=20 DEFAULT CHARSET=utf8 COLLATE=utf8_general_ci;

--
-- Dumping data for table `person_position`
--

INSERT INTO `person_position` VALUES (1,1,'ผู้อำนวยการโรงเรียน'),(2,2,'รองผู้อำนวยการโรงเรียน'),(3,3,'ครู'),(4,4,'ครูผู้ช่วย'),(5,11,'พนักงานราชการ(ครูผู้สอน)'),(6,12,'พนักงานราชการ(ครูพี่เลี้ยง)'),(7,13,'พนักงานราชการ(อื่น ๆ)'),(17,41,'ผู้จัดการโรงเรียนเอกชน'),(9,21,'ลูกจ้างประจำ(พนักงานธุรการ)'),(10,22,'ลูกจ้างประจำ(พนักงานขับรถยนต์))'),(11,23,'ลูกจ้างประจำ(ช่างครุภัณฑ์)'),(12,24,'ลูกจ้างประจำ(อื่น ๆ)'),(13,31,'ลูกจ้างชั่วคราว(ครู)'),(14,32,'ลูกจ้างชั่วคราว(เจ้าหน้าที่ธุรการโรงเรียน)'),(15,33,'ลูกจ้างชั่วคราว(นักการภารโรง)'),(16,34,'ลูกจ้างชั่วคราว(อื่น ๆ)'),(18,42,'เจ้าหน้าที่บริหารทั่วไปโรงเรียนเอกชน'),(19,43,'เจ้าหน้าที่อื่น ๆ โรงเรียนเอกชน');

--
-- Table structure for table `plan_acti`
--

CREATE TABLE `plan_acti` (
  `id` int(11) NOT NULL AUTO_INCREMENT,
  `budget_year` int(11) DEFAULT NULL,
  `code_clus` tinyint(4) NOT NULL,
  `code_proj` char(3) NOT NULL DEFAULT '',
  `code_acti` char(6) NOT NULL DEFAULT '',
  `code_approve` char(3) NOT NULL DEFAULT '',
  `budget_acti` decimal(10,2) NOT NULL DEFAULT 0.00,
  `budget_approve` decimal(10,2) NOT NULL DEFAULT 0.00,
  `dayinput` date NOT NULL DEFAULT '0000-00-00',
  `daythai` char(13) NOT NULL DEFAULT '',
  `name_acti` char(150) NOT NULL,
  `owner_acti` char(50) NOT NULL DEFAULT '',
  `id_defalt` char(13) NOT NULL DEFAULT '',
  `dayseri` datetime NOT NULL DEFAULT '0000-00-00 00:00:00',
  `begin_date` date NOT NULL,
  `finish_date` date NOT NULL,
  `stop` tinyint(1) DEFAULT NULL,
  PRIMARY KEY (`id`)
) ENGINE=MyISAM AUTO_INCREMENT=4 DEFAULT CHARSET=utf8 COLLATE=utf8_general_ci;

--
-- Dumping data for table `plan_acti`
--

INSERT INTO `plan_acti` VALUES (1,2558,1,'001','001001','101',7600.00,0.00,'0000-00-00','9 ส.ค. 2558','การจัดการศึกษาปฐมวัย','','','2015-08-09 11:42:08','2015-08-09','2015-09-30',NULL),(2,2558,1,'001','001002','101',37100.00,0.00,'0000-00-00','9 ส.ค. 2558','พัฒนาการจัดเรียนการสอนและพัฒนาผู้เรียนตามมาตรฐานการศึกษา','','','2015-08-09 11:45:41','2014-10-01','2015-09-30',NULL);

--
-- Table structure for table `plan_proj`
--

CREATE TABLE `plan_proj` (
  `id` int(11) NOT NULL AUTO_INCREMENT,
  `budget_year` int(11) DEFAULT NULL,
  `code_clus` tinyint(4) NOT NULL,
  `code_tegy` char(1) NOT NULL DEFAULT '',
  `code_proj` char(3) NOT NULL DEFAULT '',
  `budget_proj` double NOT NULL DEFAULT 0,
  `budget_approve` double NOT NULL DEFAULT 0,
  `name_proj` varchar(250) NOT NULL DEFAULT '',
  `owner_proj` varchar(50) NOT NULL DEFAULT '',
  `file_detail` varchar(100) NOT NULL DEFAULT '',
  `dayrec` datetime NOT NULL DEFAULT '0000-00-00 00:00:00',
  `eval_tegy` varchar(250) NOT NULL DEFAULT '',
  `eval_activity` longtext NOT NULL,
  `eval_result` longtext NOT NULL,
  `eval_obstacle` longtext NOT NULL,
  `eval_particular` varchar(100) NOT NULL DEFAULT '',
  `begin_date` date NOT NULL,
  `finish_date` date NOT NULL,
  `allow_edit` char(1) NOT NULL DEFAULT '',
  PRIMARY KEY (`id`)
) ENGINE=MyISAM AUTO_INCREMENT=110 DEFAULT CHARSET=utf8 COLLATE=utf8_general_ci;

--
-- Dumping data for table `plan_proj`
--

INSERT INTO `plan_proj` VALUES (1,2558,1,'','001',7600,0,'การจัดการศึกษาระดับปฐมวัย','3349900149736','modules/plan/planproject/detail/plansch2558_001.docx','2015-08-09 12:29:24','','','','','','2014-10-01','2015-09-30',''),(2,2558,1,'','002',37100,0,'พัฒนาการจัดเรียนการสอนและพัฒนาผู้เรียนตามมาตรฐานการศึกษา','3341501495919','','2015-08-09 11:19:09','','','','','','2014-10-01','2015-09-30',''),(3,2558,1,'','003',5000,0,'การจัดการเรียนอาเซียนศึกษา','3461400120382','','2015-08-09 11:21:47','','','','','','2014-10-01','2015-09-30',''),(4,2558,1,'','004',3000,0,'พัฒนาการเรียนการสอนภาษาอังกฤษ','4101000003282','','2015-08-09 11:23:27','','','','','','2014-10-01','2015-09-30',''),(5,2558,1,'','005',2000,0,'ส่งเสริมนิสัยรักการอ่าน ','3770600659362','','2015-08-09 11:26:23','','','','','','2014-10-01','2015-09-30',''),(6,2558,1,'','006',2000,0,'พัฒนาระบบประกันคุณภาพภายในและภายนอกสถานศึกษา','3341501495919','','2015-08-09 11:27:42','','','','','','2014-10-01','2015-09-30',''),(7,2558,1,'','007',20000,0,'ส่งเสริมการใช้ ICT','3340701014930','','2015-08-09 11:32:15','','','','','','2014-10-01','2015-09-30',''),(8,2558,1,'','008',2000,0,'งานทะเบียนและวัดผล ','3340701014930','','2015-08-09 11:34:09','','','','','','2014-10-01','2015-09-30',''),(11,2559,1,'','001',1000,0,'พัฒนาสติปัญญาของเด็กปฐมวัย','3349900149736','','2016-09-07 02:29:56','','','','','','2016-05-16','2016-09-30',''),(12,2559,1,'','002',1500,0,'พัฒนาคุณธรรม  จริยธรรมเด็กปฐมวัย','3349900149736','','2016-09-07 02:32:37','','','','','','2016-10-16','2016-09-30',''),(13,2559,1,'','003',1500,0,'เตรียมเด็กปฐมวัยก้าวไกลสู่อาเซี่ยน','3349900149736','','2016-09-07 02:35:41','','','','','','2016-10-16','2016-09-30',''),(14,2559,1,'','004',10000,0,'ยกระดับผลสัมฤทธิ์ทางการเรียน','3341501495919','','2016-09-07 02:37:10','','','','','','2016-05-16','2016-09-30',''),(15,2559,1,'','005',1000,0,'พัฒนาระบบประกันคุณภาพภายในและนอกสถานศึกษา','3341501495919','','2016-09-07 02:45:01','','','','','','2016-10-16','2016-09-30',''),(16,2559,1,'','006',500,0,'การพัฒนางานทะเบียนและวัดผล','3341500291139','','2016-09-07 02:47:15','','','','','','2016-10-16','2016-09-30',''),(17,2559,1,'','007',32237,0,'การส่งเสริมการเรียนรู้ตามแนวปรัชญาของเศรษฐกิจพอเพียง','3341501495919','','2016-09-07 02:50:03','','','','','','2016-10-16','2016-09-30',''),(18,2559,3,'','008',25000,0,'การพัฒนาบุคลากร','3770600659362','','2016-09-07 02:51:06','','','','','','2016-05-16','2016-09-30',''),(19,2559,3,'','009',5000,0,'เสริมสร้างขวัญและกำลังใจของบุคลากร','3770600659362','','2016-09-07 02:52:39','','','','','','2016-10-16','2016-09-30',''),(20,2559,3,'','010',100000,0,'จ้างบุคลากรสนับสนุนการจัดการเรียนการสอน','3341900317429','','2016-09-07 02:57:39','','','','','','2016-10-16','2016-09-30',''),(21,2559,4,'','011',440000,0,'จัดอาหารกลางวันสำหรับนักเรียน','3349900149736','','2016-09-07 02:59:02','','','','','','2016-10-16','2016-09-30',''),(22,2559,4,'','012',2475,0,'ระบบดูแลช่วยเหลืนักเรียน','3461400120382','','2016-09-07 03:00:31','','','','','','2016-10-16','2016-09-30',''),(23,2559,4,'','013',16800,0,'เข้าค่ายลูกเสือ-เนตรนารี','3349800290372','','2016-09-07 03:03:01','','','','','','2016-10-16','2016-09-30',''),(24,2559,4,'','014',1000,0,'การจัดแหล่งเรียนรู้ในสถานศึกาษา','3349800290372','','2016-09-07 03:04:24','','','','','','2016-10-16','2016-09-30',''),(25,2559,4,'','015',1000,0,'กิจกรรมสหกรณ์','3340101212340','','2016-09-07 03:05:47','','','','','','2016-10-16','2016-09-30',''),(26,2559,4,'','016',3000,0,'ส่งเสริมหารายได้ระหว่างเรียน','3341501495919','','2016-09-07 03:06:46','','','','','','2016-10-16','2016-09-30',''),(27,2559,4,'','017',1000,0,'พัฒนาระบบงานสารบรรณ','3340701014930','','2016-09-07 03:07:41','','','','','','2016-10-16','2016-09-30',''),(28,2559,4,'','018',18000,0,'ส่งเสริมคุณธรรมจริยธรรม และวินัยนักเรียน','3461400120382','','2016-09-07 03:09:01','','','','','','2016-10-16','2016-09-30',''),(29,2559,4,'','019',15000,0,'แข่งขันกีฬาสีภายในและกีฬากลุ่ม','3341500291139','','2016-09-07 03:10:41','','','','','','2016-10-16','2016-09-30',''),(30,2559,4,'','020',206828,0,'เรียนฟรี 15 ปีอย่างมีคุณภาพ','3341900317429','','2016-09-07 03:12:25','','','','','','2016-05-16','2016-09-30',''),(31,2559,4,'','021',0,0,'อาหารเสริมนม','3341501306105','','2016-09-07 03:13:18','','','','','','2016-05-16','2016-09-30',''),(32,2559,4,'','022',1000,0,'ยกย่องเชิดชูเกียรติ เด็กไทยมีคุณธรรม จริยธรรม ตามค่านิยมหลักของคนไทย 12 ประการ\"เด็กดีศรีสำโรง\"เนื่องในวันสำคัญประจำปีการศึกษา  2559','3341900317429','','2016-09-07 03:16:53','','','','','','2016-05-16','2016-09-30',''),(33,2559,4,'','023',3000,0,'แก้ปัญหาการขาดแคลนน้ำสะอาดบริโภคและอุปโภคตามแนวพระราชดำริสมเด็จพระบรมโรสาธิราช  สยามมกุฎราชกุมาร','3341900317429','','2016-09-07 03:21:11','','','','','','2016-05-16','2016-09-30',''),(34,2559,4,'','024',40000,0,'การใช้สาธารณูปโภค','3341900317429','','2016-09-07 03:22:24','','','','','','2016-05-16','2016-09-30',''),(35,2559,4,'','026',14000,0,'พัฒนาอาคารสถานที่','3349900383879','','2016-09-07 03:23:26','','','','','','2016-05-16','2016-09-30',''),(36,2559,4,'','027',55000,0,'จัดซื้อวัสดุรายหัว','4101000003282','','2016-09-07 03:24:17','','','','','','2016-05-16','2016-09-30',''),(37,2559,4,'','028',10000,0,'ซ่อมแซมครุภัณฑ์','3349800290372','','2016-09-07 03:25:25','','','','','','2016-05-16','2016-09-30',''),(38,2559,4,'','029',28000,0,'วัสดุสำนักงาน','3349900383879','','2016-09-07 03:26:07','','','','','','2016-05-16','2016-09-30',''),(39,2559,4,'','030',1000,0,'ปรับปรุงระบบการเงินและพัสดุ','3341900317429','','2016-09-07 03:27:12','','','','','','2016-05-16','2016-09-30',''),(40,2559,4,'','031',3000,0,'ปฐมนิเทศและปัจฉิมนิเทศนักเรียน','3461400120382','','2016-09-07 03:28:30','','','','','','2016-05-16','2016-09-30',''),(41,2559,4,'','032',25000,0,'จัดกิจกรรมการเรียนการสอนBBL','3349900383879','','2016-09-07 09:12:01','','','','','','2016-05-16','2016-09-30',''),(42,2559,4,'','033',2000,0,'โรงเรียนดีประจำตำบล','3341501495919','','2016-09-07 09:18:16','','','','','','2016-09-07','2016-09-30',''),(44,2560,1,'','001',1000,0,'พัฒนาญญาของเด็กปฐมวัย','3349900149736','','2016-12-15 01:50:54','','','','','','2016-10-15','2017-09-30',''),(45,2560,1,'','002',1500,0,'พัฒนาคุณธรรม  จริยธรรมเด็กปฐมวัย','3349900149736','','2016-12-15 01:52:42','','','','','','2016-10-15','2017-09-30',''),(46,2560,1,'','003',1500,0,'เตรียมเด็กปฐมวัยก้าวไกลสู่อาเซียน','3349900149736','','2016-12-15 02:14:45','','','','','','2016-10-15','2017-09-30',''),(47,2560,1,'','004',10000,0,'ยกระดัผลสัมฤทธิ์ทางการเรียน','3341501495919','','2016-12-15 02:22:07','','','','','','2016-10-15','2017-09-30',''),(48,2560,1,'','005',1000,0,'พัฒนาระบบประกันคุณภาพภายในและภายนอกสถานศึกษา','3341501495919','','2016-12-15 02:24:20','','','','','','2016-10-15','2017-09-30',''),(49,2560,1,'','006',500,0,'พัฒนางานทะเบียนและวัดผล','3341500291139','','2016-12-15 02:26:04','','','','','','2016-10-15','2017-09-30',''),(50,2560,1,'','007',237,0,'ส่งเสริมการเรียนรู้ตามแนวปรัชญาของเศรษฐกิจพอเพียง','3341501495919','','2016-12-15 02:28:28','','','','','','2016-10-15','2017-09-30',''),(51,2560,3,'','008',0,0,'พัฒนาบุคลากร','3770600659362','','2016-12-15 02:29:48','','','','','','2016-10-15','2017-09-30',''),(52,2560,3,'','009',5000,0,'เสริมสร้างขวัญและกำลังใจของบุคลากร','3770600659362','','2016-12-15 02:31:36','','','','','','2016-10-15','2017-09-30',''),(53,2560,3,'','010',57000,0,'จ้างบุคลากรสนับสนุนการจัดการเรียนการสอน','3341900317429','','2016-12-15 02:45:50','','','','','','2016-10-15','2017-09-30',''),(54,2560,4,'','011',266798.09,0,'อาหารกลางวันสำหรับนักเรียน','3349900149736','','2016-12-15 03:02:06','','','','','','2016-12-15','2017-09-30',''),(55,2560,4,'','012',2475,0,'ระบบดูแลช่วยเหลือนักเรียน','3461400120382','','2016-12-15 03:03:27','','','','','','2016-10-15','2017-09-30',''),(56,2560,4,'','013',16800,0,'เข้าค่ายลูกเสือ-เนตรนารี','3349800290372','','2016-12-15 03:05:00','','','','','','2016-10-15','2017-09-30',''),(57,2560,4,'','014',1000,0,'จัดแหล่งเรียนรู้ในสถานศึกษา','3349800290372','','2016-12-15 03:07:05','','','','','','2016-10-15','2017-09-30',''),(58,2560,4,'','015',1000,0,'กิจกรรมสหกรณ์','3340101212340','','2016-12-15 03:08:08','','','','','','2016-10-15','2017-09-30',''),(59,2560,4,'','016',3000,0,'ส่งเสริมหารายได้ระหว่างเรียน','3341501495919','','2016-12-15 03:09:29','','','','','','2016-10-15','2017-09-30',''),(60,2560,4,'','017',1000,0,'พัฒนางานสารบรรณ','3340701014930','','2016-12-15 03:11:11','','','','','','2016-10-15','2017-09-30',''),(61,2560,4,'','018',18000,0,'ส่งเสริมคุณธรรมจริยธรรม และวินัยนักเรียน','3461400120382','','2016-12-15 03:12:59','','','','','','2016-10-15','2017-09-30',''),(62,2560,4,'','019',15000,0,'แข่งขันกีฬาสีภายในและและกีฬากลุ่ม','3341500291139','','2016-12-15 03:14:43','','','','','','2016-10-15','2017-09-30',''),(63,2560,1,'','020',0,0,'เรียนฟรี 15 ปีอย่างมีคุณภาพ','3341900317429','','2016-12-15 03:17:37','','','','','','2016-10-15','2017-09-30',''),(64,2560,4,'','021',0,0,'อาหารเสริมนม','3341501306105','','2016-12-15 03:18:27','','','','','','2016-10-15','2017-09-30',''),(65,2560,4,'','022',1000,0,'ยกย่องเชิดชูเกียรติ เด็กไทยมีคุณธรรม จริยธรรม ตามค่านิยมหลัก 12 ประการ \"เด็กดีศรีสำโรง\"เนื่องในวันสำคัญประจำปีการศึกษา  2559','3341900317429','','2016-12-15 03:21:07','','','','','','2016-10-15','2017-09-30',''),(66,2560,4,'','023',3000,0,'แก้ปัญหาการขาดแคลนนำ้สะอาดบริโภคและอุปโภคตามแนวพระราชดำริสมเด็จพระบรมโอรสาธิราช  สยามมกุฎราชกุมาร','3341900317429','','2016-12-15 03:24:04','','','','','','2016-10-15','2017-09-30',''),(67,2560,4,'','024',2000,0,'อนุรักษ์พันธุกรรมพืชอันเนื่องมาจากพระราชดำริสมเด็จพระเทพรัตนราชสุดาสยามบรมราชกุมารี','3341501495919','','2016-12-15 03:26:02','','','','','','2016-10-15','2017-09-30',''),(68,2560,2,'','025',24638.64,0,'การใช้สาธารณูปโภค','3341900317429','','2016-12-15 03:27:11','','','','','','2016-10-15','2017-09-30',''),(69,2560,4,'','026',24000,0,'พัฒนาอาคารสถานที่','3349900383879','','2016-12-15 03:29:48','','','','','','2016-10-15','2017-09-30',''),(70,2560,1,'','027',10886,0,'จัดซื้อวัสดุรายหัว','4101000003282','','2016-12-15 03:33:48','','','','','','2016-10-15','2017-09-30',''),(71,2560,4,'','028',20000,0,'ซ่อมแซมครุภัณฑ์','3349800290372','','2016-12-15 03:39:55','','','','','','2016-10-15','2017-09-30',''),(72,2560,4,'','029',0,0,'วัสดุสำนักงาน','3349900383879','','2016-12-15 03:41:02','','','','','','2016-10-15','2017-09-30',''),(73,2560,2,'','030',1000,0,'ปรับปรุงระบบการเงินและพัสดุ','3341900317429','','2016-12-15 03:42:28','','','','','','2016-10-15','2017-09-30',''),(74,2560,4,'','031',3000,0,'ปฐมนิเทศและปัจฉิมนิเทศนักเรียน','3461400120382','','2016-12-15 03:44:22','','','','','','2016-10-15','2017-09-30',''),(75,2560,4,'','032',0,0,'จัดกิจกรรมการเรียนการสอน BBL','3349900383879','','2016-12-15 03:54:56','','','','','','2016-10-15','2017-09-30',''),(76,2560,4,'','033',2000,0,'โรงเรียนดีประจำตำบล','3341501495919','','2016-12-15 03:59:19','','','','','','2016-10-15','2017-09-30',''),(79,2564,1,'4','001',39548,0,'โครงการสนับสนุนค่าใช้จ่ายในการจัดการศึกษาตั้งแต่ระดับอนุบาลจนจบการศึกษาขั้นพื้นฐาน(โครงการเรียนฟรี15ปี)','3341501495919','','2021-01-21 17:08:03','','','','','','2020-10-01','2021-09-30',''),(80,2564,1,'4','002',5000,0,'โครงการส่งเสริมศักยภาพผู้เรียนปฐมวัย','3349900149736','','2021-01-21 17:10:08','','','','','','2020-10-01','2021-09-30',''),(81,2564,2,'3','003',50000,0,'โครงการจัดซื้อจัดทำวัสดุครุภัณฑ์ทางการศึกษา','1301700244316','','2021-01-21 17:13:30','','','','','','2020-10-01','2021-09-30',''),(82,2564,1,'4','004',6000,0,'โครงการส่งเสริมความเป็นเลิศทางวิชาการและสุทรียภาพ','3341501495919','','2021-01-21 17:16:04','','','','','','2020-10-01','2021-09-30',''),(83,2564,1,'3','005',8000,0,'โครงการสอนซ่อมเสริมเพื่อพัฒนาคุณภาพผู้เรียน','1350100274451','','2021-01-21 17:17:12','','','','','','2020-10-01','2021-09-30',''),(84,2564,1,'5','006',4000,0,'โครงการลดเวลาเรียนเพิ่มเวลารู้','3340701014930','','2021-01-21 17:18:17','','','','','','2020-10-01','2021-09-30',''),(85,2564,1,'3','007',10000,0,'โครงการเพิ่มประสิทธิภาพการเรียนรู้สู่ความเป็นเลิศทางวิชาการ','3341501495919','','2021-01-21 17:19:18','','','','','','2020-10-01','2021-09-30',''),(86,2564,1,'','008',5000,0,'โครงการพัฒนาระบบการจัดฐานข้อมูลและสารสนเทศการประกันคุณภาพภายใน','3341501495919','','2021-01-21 17:20:40','','','','','','2020-10-01','2021-09-30',''),(87,2564,1,'6','009',3000,0,'โครงการพัฒนาหลักสูตรสถานศึกษาและหลักสูตรท้องถิ่น','3341501495919','','2021-01-21 17:22:19','','','','','','2020-10-01','2021-09-30',''),(88,2564,3,'3','010',4000,0,'โครงการนิเทศติดตามภายในเชิงระบบ','3341501495919','','2021-01-21 17:23:18','','','','','','2020-10-01','2021-09-30',''),(89,2564,1,'4','011',3000,0,'โครงการวัดและประเมินผล','5341500064457','','2021-01-21 17:24:05','','','','','','2020-10-01','2021-09-30',''),(90,2564,4,'5','012',10000,0,'โครงการส่งเสริมการเรียนรู้ตามหลักปรัชญาของเศรษฐกิจพอเพียง','3340701014930','','2021-01-21 17:25:17','','','','','','2020-10-01','2021-09-30',''),(91,2564,2,'5','013',3000,0,'โครงการพัฒนาระบบการบริหารงบประมาณแบบมุ่งเน้นผลงาน','1349900025941','','2021-01-21 17:27:05','','','','','','2020-10-01','2021-09-30',''),(92,2564,2,'','014',10000,0,'โครงการจัดซื้อจัดจ้าง ซ่อมแซมวัสดุและครุภัณฑ์','1349900025941','','2021-01-21 17:28:08','','','','','','2021-10-01','2021-09-30',''),(93,2564,3,'3','015',30000,0,'โครงการพัฒนาครูและบุคลากรสู่ครูมืออาชีพ','1342200050483','','2021-01-21 17:30:18','','','','','','2020-10-01','2021-09-30',''),(94,2564,3,'3','016',3000,0,'โครงการเสริมสร้างขวัญและกำลังใจครูและบุคลากร','3341501495919','','2021-01-21 17:31:21','','','','','','2020-10-01','2021-09-30',''),(95,2564,4,'3','017',6000,0,'โครงการกิจกรรมวันสำคัญ','1419900187835','','2021-01-21 17:32:38','','','','','','2020-10-01','2021-09-30',''),(96,2564,1,'2','018',5000,0,'โครงการกิจกรรมวิชาการ','3341501495919','','2021-01-21 17:33:23','','','','','','2020-10-01','2021-09-30',''),(97,2564,4,'3','019',6000,0,'โครงการส่งเสริมคุณธรรม จริยธรรม สำหรับนักเรียน','3340701014930','','2021-01-21 17:34:38','','','','','','2020-10-01','2021-09-30',''),(98,2564,4,'3','020',10000,0,'โครงการส่งเสริมพัฒนางานกิจกรรมพัฒนาผู้เรียน','1341900188444','','2021-01-21 17:41:08','','','','','','2020-10-01','2021-09-30',''),(99,2564,4,'5','021',30000,0,'โครงการกิจกรรมทัศนศึกษา','3341501495919','','2021-01-21 17:42:42','','','','','','2020-10-01','2021-09-30',''),(100,2564,1,'4','022',5000,0,'โครงการส่งเสริมการจัดการเรียนการสอนทางไกลในช่วงสถานการณ์การแพร่ระบาดของโบรคติดต่อเชื้อไวรัสโคโรนา 2019','3341501495919','','2021-01-21 17:44:17','','','','','','2020-10-01','2021-09-30',''),(101,2564,4,'6','023',15000,0,'โครงการปรับปรุง ซ่อมแซมจัดซื้อวัสดุอุปกรณ์คอมพิวเตอร์ และบริการสารสนเทศ/ICT','1349700063408','','2021-01-21 17:45:55','','','','','','2020-10-01','2021-09-30',''),(102,2564,4,'1','024',3000,0,'โครงการส่งเสริมประชาธิปไตยในโรงเรียน','1341900188444','','2021-01-21 17:46:52','','','','','','2020-10-01','2021-09-30',''),(103,2564,4,'5','025',3000,0,'โครงการส่งเสริมสุขภาพและอนามัยนักเรียน','3349900149736','','2021-01-21 17:47:51','','','','','','2020-10-01','2021-09-30',''),(104,2564,4,'3','026',3000,0,'โครงการระบบดูแลช่วยเหลือนักเรียน','3340701014930','','2021-01-21 17:49:18','','','','','','2020-10-01','2021-09-30',''),(105,2564,4,'6','027',10000,0,'โครงการปรับปรุงสิ่งแวดล้อมในโรงเรียน','1349700063408','','2021-01-21 17:50:21','','','','','','2020-10-01','2021-09-30',''),(106,2564,4,'5','028',536000,0,'โครงการอาหารกลางวัน','3349900149736','','2021-01-21 17:51:45','','','','','','2020-10-01','2021-09-30',''),(107,2564,4,'4','029',5000,0,'โครงการส่งเสริมการบริหารงานอย่างมีส่วนร่วม','3341501495919','','2021-01-21 17:52:54','','','','','','2020-10-01','2021-09-30',''),(108,2564,1,'4','030',3000,0,'โครงการจัดกิจกรรมพิเศษตามนโยบายจุดเน้นเพื่อยกระดับคุณภาพการศึกษา','1450600188927','','2021-01-21 17:54:15','','','','','','2020-10-01','2021-09-30',''),(109,2564,4,'1','031',50000,0,'โครงการต่อเติมห้องประชุม','1349700063408','','2021-01-21 17:55:01','','','','','','2020-10-01','2021-09-30','');

--
-- Table structure for table `plan_setgic_year`
--

CREATE TABLE `plan_setgic_year` (
  `id` int(11) NOT NULL AUTO_INCREMENT,
  `budget_year` int(11) NOT NULL,
  `year_active` tinyint(1) NOT NULL,
  PRIMARY KEY (`id`),
  UNIQUE KEY `budget_year` (`budget_year`)
) ENGINE=MyISAM AUTO_INCREMENT=2 DEFAULT CHARSET=utf8 COLLATE=utf8_general_ci;

--
-- Dumping data for table `plan_setgic_year`
--

INSERT INTO `plan_setgic_year` VALUES (1,2554,1);

--
-- Table structure for table `plan_standard`
--

CREATE TABLE `plan_standard` (
  `id` int(11) NOT NULL AUTO_INCREMENT,
  `budget_year` int(11) NOT NULL,
  `sd_year` int(4) NOT NULL,
  `code_clus` tinyint(4) NOT NULL,
  `code_proj` char(3) NOT NULL,
  `code_acti` char(6) NOT NULL,
  `sd_level` char(1) NOT NULL,
  `sd_id` int(11) NOT NULL,
  `id_indicator` int(11) NOT NULL,
  PRIMARY KEY (`id`)
) ENGINE=MyISAM DEFAULT CHARSET=utf8 COLLATE=utf8_general_ci;

--
-- Dumping data for table `plan_standard`
--


--
-- Table structure for table `plan_stregic`
--

CREATE TABLE `plan_stregic` (
  `id` int(11) NOT NULL AUTO_INCREMENT,
  `id_tegic` int(3) NOT NULL,
  `budget_year` int(4) NOT NULL,
  `strategic` varchar(200) NOT NULL,
  PRIMARY KEY (`id`)
) ENGINE=MyISAM AUTO_INCREMENT=11 DEFAULT CHARSET=utf8 COLLATE=utf8_general_ci;

--
-- Dumping data for table `plan_stregic`
--

INSERT INTO `plan_stregic` VALUES (1,1,2558,'พัฒนาคุณภาพผู้เรียนทุกระดับทุกประเภท'),(2,2,2558,'ขยายโอกาสเข้าถึงบริการการศึกษาขั้นพื้นฐานให้ทั่วถึงครอบคลุมผู้เรียน ให้ได้รับโอกาสในการพัฒนาเต็มตามศักยภาพ และมีคุณภาพ'),(3,3,2558,'พัฒนาคุณภาพครู และบุคลากรทางการศึกษา'),(4,4,2558,'พัฒนาระบบการบริหารจัดการศึกษา'),(5,1,2564,'ด้านความมั่นคง'),(6,2,2564,'ด้านการสร้างความสามารถในการแข่งขัน'),(7,3,2564,'ด้านพัฒนาและเสริมสร้างทรัพยากรมนุษย์'),(8,4,2564,'ด้านการสร้างโอกาสและความเสมอภาคทางสังคม'),(9,5,2564,'ด้านการสร้างการเติบโตบนคุณภาพชีวิตที่เป็นมิตรกับสิ่งแวดล้อม'),(10,6,2564,'ด้านการปรับสมดุลและการพัฒนาระบบบริหารจัดการภาครัฐ');

--
-- Table structure for table `plan_year`
--

CREATE TABLE `plan_year` (
  `id` int(11) NOT NULL AUTO_INCREMENT,
  `budget_year` int(11) NOT NULL,
  `year_active` tinyint(1) NOT NULL,
  PRIMARY KEY (`id`),
  UNIQUE KEY `budget_year` (`budget_year`)
) ENGINE=MyISAM AUTO_INCREMENT=10 DEFAULT CHARSET=utf8 COLLATE=utf8_general_ci;

--
-- Dumping data for table `plan_year`
--

INSERT INTO `plan_year` VALUES (1,2557,0),(2,2558,0),(3,2559,0),(4,2560,0),(5,2561,0),(6,2562,0),(7,2563,0),(8,2564,0),(9,2565,1);

--
-- Table structure for table `questionnaire_permission`
--

CREATE TABLE `questionnaire_permission` (
  `id` int(11) NOT NULL AUTO_INCREMENT,
  `person_id` varchar(13) NOT NULL,
  `p1` tinyint(4) NOT NULL,
  `officer` varchar(13) NOT NULL,
  `rec_date` date NOT NULL,
  PRIMARY KEY (`id`),
  UNIQUE KEY `person_id` (`person_id`)
) ENGINE=MyISAM DEFAULT CHARSET=utf8 COLLATE=utf8_general_ci;

--
-- Dumping data for table `questionnaire_permission`
--


--
-- Table structure for table `savings_account`
--

CREATE TABLE `savings_account` (
  `account_id` int(11) NOT NULL AUTO_INCREMENT,
  `acc_code` varchar(10) NOT NULL,
  `description` varchar(100) NOT NULL,
  PRIMARY KEY (`account_id`)
) ENGINE=MyISAM AUTO_INCREMENT=7 DEFAULT CHARSET=utf8 COLLATE=utf8_general_ci;

--
-- Dumping data for table `savings_account`
--

INSERT INTO `savings_account` VALUES (1,'1','ฝาก'),(2,'2','ถอน'),(3,'3','ยอดยกมา'),(4,'4','ดอกเบี้ยเงินฝาก'),(5,'5','รายการแก้ไข'),(6,'6','ปิดบัญชี');

--
-- Table structure for table `savings_base`
--

CREATE TABLE `savings_base` (
  `base_id` int(5) NOT NULL AUTO_INCREMENT,
  `study_year` int(5) NOT NULL,
  `status` int(2) NOT NULL,
  PRIMARY KEY (`base_id`)
) ENGINE=MyISAM AUTO_INCREMENT=8 DEFAULT CHARSET=utf8 COLLATE=utf8_general_ci;

--
-- Dumping data for table `savings_base`
--

INSERT INTO `savings_base` VALUES (1,2557,0),(2,2561,0),(3,2562,0),(4,2563,0),(5,2564,0),(6,2565,0),(7,2568,1);

--
-- Table structure for table `savings_money`
--

CREATE TABLE `savings_money` (
  `save_id` int(11) NOT NULL AUTO_INCREMENT,
  `std_id` varchar(15) NOT NULL,
  `year_past` varchar(4) NOT NULL,
  `amount_money` decimal(8,2) NOT NULL,
  `day_save` varchar(3) NOT NULL,
  `month_save` varchar(3) NOT NULL,
  `year_save` varchar(5) NOT NULL,
  `timer` time NOT NULL,
  `office` varchar(15) DEFAULT NULL,
  `day_act` varchar(20) NOT NULL,
  `acc_type` varchar(10) NOT NULL,
  `level_class` varchar(5) NOT NULL,
  `room` varchar(5) NOT NULL,
  `student_number` varchar(5) NOT NULL,
  `rec_officer` varchar(13) DEFAULT NULL,
  PRIMARY KEY (`save_id`),
  KEY `std_id` (`std_id`),
  KEY `room` (`room`),
  KEY `level_class` (`level_class`),
  KEY `acc_type` (`acc_type`),
  KEY `day_act` (`day_act`)
) ENGINE=MyISAM DEFAULT CHARSET=utf8 COLLATE=utf8_general_ci;

--
-- Dumping data for table `savings_money`
--


--
-- Table structure for table `savings_personal`
--

CREATE TABLE `savings_personal` (
  `per_id` int(11) NOT NULL AUTO_INCREMENT,
  `personal_code` varchar(13) NOT NULL,
  `per_position` int(3) NOT NULL,
  `per_status` int(3) NOT NULL,
  `per_add` int(3) NOT NULL,
  `per_draw` int(3) NOT NULL,
  `person_room` int(3) NOT NULL,
  PRIMARY KEY (`per_id`)
) ENGINE=MyISAM AUTO_INCREMENT=4 DEFAULT CHARSET=utf8 COLLATE=utf8_general_ci;

--
-- Dumping data for table `savings_personal`
--

INSERT INTO `savings_personal` VALUES (1,'3349900149736',3,1,1,1,1),(2,'1341500209339',12,1,1,1,1),(3,'1341500209339',12,1,1,1,0);

--
-- Table structure for table `savings_total`
--

CREATE TABLE `savings_total` (
  `total_id` int(11) NOT NULL AUTO_INCREMENT,
  `std_id` varchar(13) NOT NULL,
  `year` varchar(5) NOT NULL,
  `day_start` date NOT NULL,
  `comment` varchar(100) NOT NULL,
  PRIMARY KEY (`total_id`)
) ENGINE=MyISAM DEFAULT CHARSET=utf8 COLLATE=utf8_general_ci;

--
-- Dumping data for table `savings_total`
--


--
-- Table structure for table `standard_basic_indicator`
--

CREATE TABLE `standard_basic_indicator` (
  `id` int(11) NOT NULL AUTO_INCREMENT,
  `sd_year` int(11) NOT NULL,
  `id_indicator` int(11) NOT NULL,
  `sd_id` int(11) NOT NULL,
  `indicator_name` varchar(250) NOT NULL,
  PRIMARY KEY (`id`)
) ENGINE=MyISAM AUTO_INCREMENT=156 DEFAULT CHARSET=utf8 COLLATE=utf8_general_ci;

--
-- Dumping data for table `standard_basic_indicator`
--

INSERT INTO `standard_basic_indicator` VALUES (5,2553,101,1,'1.1. มีวินัย มีความรับผิดชอบและปฏิบัติตนตามหลักธรรมเบื้องต้นของศาสนาที่ตนนับถือ'),(6,2553,102,1,'1.2. มีความซื่อสัตย์สุจริต'),(7,2553,103,1,'1.3. ความกตัญญูกตเวที'),(8,2553,104,1,'1.4. มีความเมตตากรุณา เอื้อเฟื้อเผื่อแผ่ และเสียสละเพื่อส่วนรวม'),(9,2553,105,1,'1.5. ประหยัด รู้จักใช้ทรัพย์สิ่งของส่วนตนและส่วนรวมอย่างคุ้มค่า'),(10,2553,106,1,'1.6. ภูมิใจในความเป็นไทย เห็นคุณค่าภูมิปัญญาไทย นิยมไทยและดำรงไว้ซึ่งความเป็นไทย'),(11,2553,201,2,'2.1. รู้คุณค่าของสิ่งแวดล้อมและตระหนักถึงผลกระทบที่เกิดจากการเปลี่ยนแปลงสิ่งแวดล้อม'),(12,2553,202,2,'2.2. เข้าร่วมหรือมีส่วนร่วมกิจกรรม/โครงการอนุรักษ์และพัฒนาสิ่งแวดล้อม'),(13,2553,301,3,'3.1. มีทักษะในการจัดการและทำงานให้สำเร็จ'),(14,2553,302,3,'3.2. เพียรพยายาม ขยัน อดทน ละเอียดรอบคอบในการทำงาน'),(15,2553,303,3,'3.3. ทำงานอย่างมีความสุข พัฒนางานและภูมิใจในผลงานของตนเอง'),(16,2553,304,3,'3.4. ทำงานร่วมกับผู้อื่นได้'),(17,2553,305,3,'3.5. มีความรู้สึกที่ดีต่ออาชีพสุจริตและหาความรู้เกี่ยวกับอาชีพที่ตนสนใจ'),(18,2553,401,4,'4.1. สามารถวิเคราะห์ สังเคราะห์ สรุปความคิดรวบยอด คิดอย่างเป็นระบบและมีความคิดแบบองค์รวม'),(19,2553,402,4,'4.2. สามารถคาดคะเน กำหนดเป้าหมายและแนวทางการตัดสินใจได้'),(20,2553,403,4,'4.3. ประเมินและเลือกแนวทางการตัดสินใจและแก้ไขปัญหาอย่างมีสติ'),(21,2553,404,4,'4.4. มีความคิดริเริ่มสร้างสรรค์ มองโลกในแง่ดี และมีจินตนาการ'),(23,2553,501,5,'5.1. มีระดับผลสัมฤทธิ์ทางการเรียนเฉลี่ยตามเกณฑ์'),(24,2553,502,5,'5.2. มีผลการทดสอบรวบยอดระดับชาติเฉลี่ยตามเกณฑ์'),(25,2553,503,5,'5.3. สามารถสื่อความคิดผ่านการพูด เขียน หรือนำเสนอด้วยวิธีต่าง ๆ        '),(26,2553,504,5,'5.4. สามารถใช้ภาษาเพื่อการสื่อสารได้ทั้งภาษาไทยและภาษาต่างประเทศ'),(27,2553,505,5,'5.5. สามารถใช้เทคโนโลยีสารสนเทศเพื่อการพัฒนาการเรียนรู้ '),(28,2553,601,6,'6.1. มีนิสัยรักการอ่าน การเขียน และการฟัง รู้จักตั้งคำถามเพื่อหาเหตุผล'),(29,2553,602,6,'6.2. สนใจแสวงหาความรู้จากแหล่งต่างๆ รอบตัวใช้ห้องสมุด แหล่งความรู้และสื่อต่างๆได้ ทั้งในและนอกสถานศึกษา '),(30,2553,603,6,'6.3. มีวิธีการเรียนรู้ของตนเองเรียนร่วมกับผู้อื่นได้สนุกกับการเรียนรู้และชอบมาโรงเรียน'),(31,2553,701,7,'7.1.มีสุขนิสัยในการดูแลสุขภาพกายและออกกำลังกายสม่ำเสมอ'),(32,2553,702,7,'7.2. มีน้ำหนัก ส่วนสูงและมีสมรรถภาพทางกายตามเกณฑ์'),(33,2553,703,7,'7.3. ป้องกันตนเองจากสิ่งเสพติดให้โทษและหลีกเลี่ยงสภาวะที่เสี่ยงต่อความรุนแรง โรคภัย อุบัติเหตุ และปัญหาทางเพศ'),(34,2553,704,7,'7.4. มีความมั่นใจและกล้าแสดงออกอย่างเหมาะสม และให้เกียรติผู้อื่น'),(35,2553,705,7,'7.5. มีมนุษยสัมพันธ์ที่ดีต่อเพื่อน  ครู และผู้อื่น'),(36,2553,801,8,'8.1. ชื่นชม ร่วมกิจกรรม และมีผลงานด้านศิลปะ'),(37,2553,802,8,'8.2. ชื่นชม ร่วมกิจกรรม และมีผลงานด้านดนตรี/นาฏศิลป์'),(38,2553,803,8,'8.3. ชื่นชม ร่วมกิจกรรม และมีผลงานด้านกีฬา/นันทนาการ'),(39,2553,901,9,'9.1. มีคุณธรรมจริยธรรม และปฏิบัติตนตามจรรยาบรรณของวิชาชีพ'),(40,2553,902,9,'9.2. มีมนุษยสัมพันธ์ที่ดีกับผู้เรียน ผู้ปกครอง และชุมชน'),(41,2553,903,9,'9.3. มีความมุ่งมั่นและอุทิศตนในการสอนและพัฒนาผู้เรียน'),(42,2553,904,9,'9.4. มีการแสวงหาความรู้และเทคนิควิธีการใหม่ๆ รับฟังความคิดเห็น ใจกว้างและยอมรับการเปลี่ยนแปลง'),(43,2553,905,9,'9.5. จบการศึกษาระดับปริญญาตรีทางการศึกษาหรือเทียบเท่าขึ้นไป'),(44,2553,906,9,'9.6. สอนตรงตามวิชาเอก-โท หรือ ตรงตามความถนัด'),(45,2553,907,9,'9.7. มีจำนวนเพียงพอ  (หมายรวมทั้งครูและบุคลากรสนับสนุน)'),(46,2553,1001,10,'10.1. มีความรู้ความเข้าใจเป้าหมายการจัดการศึกษาและหลักสูตรการศึกษาขั้นพื้นฐาน'),(47,2553,1002,10,'10.2. มีการวิเคราะห์ศักยภาพของผู้เรียนและเข้าใจผู้เรียนเป็นรายบุคคล'),(48,2553,1003,10,'10.3. มีความสามารถในการจัดการเรียนการสอนที่เน้นผู้เรียนเป็นสำคัญ'),(49,2553,1004,10,'10.4. มีความสามารถในการใช้เทคโนโลยีในการพัฒนาการเรียนรู้ของตนเองและผู้เรียน'),(50,2553,1005,10,'10.5. มีการประเมินผลการเรียนการสอนที่สอดคล้องกับสภาพการเรียนรู้ที่จัดให้ผู้เรียน และอิงพัฒนาการของผู้เรียน'),(51,2553,1006,10,'10.6. มีการนำผลการประเมินมาปรับเปลี่ยนการเรียนการสอนเพื่อพัฒนาผู้เรียนให้เต็มตามศักยภาพ'),(52,2553,1007,10,'10.7. มีการวิจัยเพื่อพัฒนาการเรียนรู้ของผู้เรียน และนำผลไปใช้พัฒนาผู้เรียน'),(53,2553,1101,11,'11.1. มีคุณธรรม จริยธรรม และปฏิบัติตนตามจรรยาบรรณของวิชาชีพ'),(54,2553,1102,11,'11.2. มีความคิดริเริ่ม มีวิสัยทัศน์ และเป็นผู้นำทางวิชาการ'),(55,2553,1103,11,'11.3. มีความสามารถในการบริหารงานวิชาการและการจัดการ'),(56,2553,1104,11,'11.4. มีการบริหารที่มีประสิทธิภาพและประสิทธิผล ผู้เกี่ยวข้องพึงพอใจ'),(57,2553,1201,12,'12.1. มีการจัดองค์กร โครงสร้าง และระบบการบริหารงานที่มีความคล่องตัวสูงและปรับเปลี่ยนได้เหมาะสมตามสถานการณ์'),(58,2553,1202,12,'12.2. มีการจัดการข้อมูลสารสนเทศอย่างครอบคลุมและทันต่อการใช้งาน'),(59,2553,1203,12,'12.3. มีระบบการประกันคุณภาพภายในที่ดำเนินงานอย่างต่อเนื่อง'),(60,2553,1204,12,'12.4. มีการพัฒนาบุคลากรอย่างเป็นระบบและต่อเนื่อง'),(61,2553,1205,12,'12.5. ผู้รับบริการและผู้เกี่ยวข้องพึงพอใจผลการบริหารงานและการพัฒนาผู้เรียน'),(62,2553,1301,13,'13.1. มีการกระจายอำนาจการบริหารและการจัดการศึกษา'),(63,2553,1302,13,'13.2.  มีการบริหารเชิงกลยุทธ์และใช้หลักการมีส่วนร่วม'),(64,2553,1303,13,'13.3. มีคณะกรรมการสถานศึกษาร่วมพัฒนาสถานศึกษา'),(65,2553,1304,13,'13.4. มีรูปแบบการบริหารที่มุ่งผลสัมฤทธิ์ของงาน'),(66,2553,1305,13,'13.5. มีการตรวจสอบและถ่วงดุล'),(67,2553,1401,14,'14.1. มีหลักสูตรที่เหมาะสมกับผู้เรียนและท้องถิ่น'),(68,2553,1402,14,'14.2. มีรายวิชา/กิจกรรมที่หลากหลายให้ผู้เรียนเลือกเรียนตามความสนใจ'),(70,2553,1403,14,'14.3. มีการส่งเสริมให้ครูจัดทำแผนการจัดการเรียนรู้ที่ตอบสอนงความถนัดและความสามารถของผู้เรียน'),(71,2553,1404,14,'14.4. มีการส่งเสริมและพัฒนานวัตกรรมการจัดการเรียนรู้และสื่ออุปกรณ์การเรียนที่เอื้อต่อการเรียนรู้'),(72,2553,1405,14,'14.5. มีการจัดระบบการบันทึก การรายงานผลและการส่งต่อข้อมูลของผู้เรียน'),(73,2553,1406,14,'14.6. มีระบบการนิเทศการเรียนการสอนและนำผลไปปรับปรุงการสอนอยู่เสมอ'),(74,2553,1407,14,'14.7. มีการนำแหล่งเรียนรู้และภูมิปัญญาท้องถิ่นมาใช้ในการเรียนการสอน'),(75,2553,1501,15,'15.1. มีการจัดและพัฒนาระบบดูแลช่วยเหลือผู้เรียนที่เข้มแข็งและทั่วถึง'),(76,2553,1502,15,'15.2. มีการจัดกิจกรรมส่งเสริมและตอบสนองความสามารถทางวิชาการและความคิดสร้างสรรค์ของผู้เรียน'),(77,2553,1503,15,'15.3. มีการจัดกิจกรรมส่งเสริมและตอบสนองความสามารถพิเศษและความถนัดของผู้เรียนให้เต็มตามศักยภาพ'),(78,2553,1504,15,'15.4. มีการจัดกิจกรรมส่งเสริมค่านิยมที่ดีงาม'),(79,2553,1505,15,'15.5. มีการจัดกิจกรรมส่งเสริมด้านศิลปะ ดนตรี/นาฏศิลป์ และกีฬา/นันทนาการ'),(80,2553,1506,15,'15.6. มีการจัดกิจกรรมสืบสานและสร้างสรรค์  วัฒนธรรม  ประเพณี และภูมิปัญญาไทย'),(81,2553,1507,15,'15.7. มีการจัดกิจกรรมส่งเสริมความเป็นประชาธิปไตย'),(82,2553,1601,16,'16.1. มีสภาพแวดล้อมที่เอื้อต่อการเรียนรู้ มีอาคารสถานที่เหมาะสม'),(83,2553,1602,16,'16.2. มีการส่งเสริมสุขภาพอนามัยและความปลอดภัยของผู้เรียน'),(84,2553,1603,16,'16.3. มีการการให้บริการเทคโนโลยีสารสนเทศรูปแบบที่เอื้อต่อการเรียนรู้ด้วยตนเอง  และการเรียนรู้แบบมีส่วนรวม'),(85,2553,1604,16,'16.4. มีห้องเรียน  ห้องปฏิบัติการ ห้องสมุด พื้นที่สีเขียว และสิ่งอำนวยความสะดวกพอเพียง  และอยู่ในสภาพใช้การได้ดี'),(86,2553,1605,16,'16.5. มีการจัดและใช้แหล่งเรียนรู้ทั้งในและนอกสถานศึกษา'),(87,2553,1701,17,'17.1. มีการเชื่อมโยงและแลกเปลี่ยนข้อมูลกับแหล่งเรียนรู้และภูมิปัญญาในท้องถิ่น'),(88,2553,1702,17,'17.2. สนับสนุนให้แหล่งเรียนรู้ ภูมิปัญญา และชุมชน เข้ามามีส่วนร่วมในกาจัดทำหลักสูตรระดับสถานศึกษา'),(89,2553,1801,18,'18.1. เป็นแหล่งวิทยาการในการแสวงหาความรู้และบริการชุมชน'),(90,2553,1802,18,'18.2. มีการแลกเปลี่ยนเรียนรู้ร่วมกัน'),(91,2554,101,1,'1.1 มีสุขนิสัยในการดูแลสุขภาพและออกกำลังกายสม่ำเสมอ'),(92,2554,102,1,'1.2 มีน้ำหนัก ส่วนสูง และมีสมรรถนภาพทางกายตามเกณฑ์มาตรฐาน'),(93,2554,103,1,'1.3 ป้องกันตนเองจากสิ่งเสพติดให้โทษและหลีกเลี่ยงตนเองจากสภาวะที่เสี่ยงต่อความรุนแรง โรค ภีย อุบัติเหตุ และปัญหาทางเพศ'),(94,2554,104,1,'1.4 เห็นคุณค่าในตนเอง มีความมั่นใจ กล้าแสดงออกอย่างเหมาะสม'),(95,2554,105,1,'1.5 มีมนุษยสัมพันธ์ที่ดีและให้เกียรติผู้อื่น'),(96,2554,106,1,'1.6 สร้างผลงานจากการเข้าร่วมกิจกรรมด้านศิลปะ ดนตรี/นาฏศิลป์ กีฬา/นันทนาการ'),(97,2554,201,2,'2.1 มีคุณลักษณะที่พึงประสงค์ตามหลักสูตร'),(98,2554,202,2,'2.2 เอื้ออาทรผู้อื่นและกตัญญูกตเวทีต่อผู้มีพระคุณ'),(99,2554,203,2,'2.3 ยอมรับความคิดและวัฒนธรรมที่แตกต่าง'),(100,2554,204,2,'2.4 ตระหนัก รู้คุณค่า ร่วมอนุรักษ์และพัฒนาสิ่งแวดล้อม'),(101,2554,301,3,'3.1 มีนิสัยรักการอ่านและแสวงหาความรู้ด้วยตนเองจากห้องสมุด แหล่งเรียนรู้ และสื่อต่าง ๆ รอบตัว'),(102,2554,302,3,'3.2 มีทักษะในการอ่าน ฟัง พูด ดู เขียน และตั้งคำถามเพื่อค้นคว้าหาความรู้เพิ่มเติม'),(103,2554,303,3,'3.3 เรียนรู้ร่วมกันเป็นกลุ่ม และเปลี่ยนความคิดเห็นเพื่อการเรียนรู้ระหว่างกัน'),(104,2554,304,3,'3.4 ใช้เทคโนโลยีในการเรียนรู้และนำเสนอผลงาน'),(105,2554,401,4,'4.1 สรุปความคิดเห็นจากเรื่องที่อ่าน ฟัง และดู และสื่อสารโดยการพูดหรือเขียนตามความคิดเห็นของตนเอง'),(106,2554,402,4,'4.2 นำเสนอวิธีคิด วิธีแก้ปัญหาด้วยภาษาหรือวิธีของตนเอง'),(107,2554,403,4,'4.3 กำหนดเป้าหมาย คาดการณ์ ตัดสินใจแก้ปัญหาโดยมีเหตุผลประกอบ'),(108,2554,404,4,'4.4 มีความคิดริเริ่ม และสร้างสรรค์ผลงานด้วยความภาคภูมิใจ'),(109,2554,501,5,'5.1 ผลสัมฤทธิ์ทางการเรียนแต่ละกลุ่มสาระเป็นไปตามเกณฑ์'),(110,2554,502,5,'5.2 ผลการประเมินสมรรถนะสำคัญตามหลักสูตรเป็นไปตามเกณฑ์'),(111,2554,503,5,'5.3 ผลการประเมินการอ่าน คิดวิเคราะห์ และเขียนเป็นไปตามเกณฑ์'),(112,2554,504,5,'5.4 ผลการทดสอบระดับชาติเป็นไปตามเกณฑ์'),(113,2554,601,6,'6.1 วางแผนการทำงานและดำเนินการจนสำเร็จ'),(114,2554,602,6,'6.2 ทำงานอย่างมีความสุข มุ่งมั่นพัฒนางาน และภูมิใจในผลงานของตนเอง'),(115,2554,603,6,'6.3 ทำงานร่วมกับผู้อื่นได้'),(116,2554,604,6,'6.4 มีความรู้สึกที่ดีต่ออาชีพสุจริตและหาความรู้เกี่ยวกับอาชีพที่ตนเองสนใจ'),(117,2554,701,7,'7.1 ครูมีการกำหนดเป้าหมายคุณภาพผู้เรียนทั้งด้านความรู้ ทักษะกระบวนการ สมรรถนะ และคุณลักษณะที่พึงประสงค์'),(118,2554,702,7,'7.2 ครูมีการวิเคราะห์ผู้เรียนเป็นรายบุคคล และใช้ข้อมูลในการวางแผนจัดการเรียนรู้เพื่อพัฒนาศักยภาพผู้เรียน'),(119,2554,703,7,'7.3 ครูออกแบบและจัดการเรียนรู้ที่ตอบสนองความแตกต่างระหว่างบุคคลและพัฒนาการทางสติปัญญา'),(120,2554,704,7,'7.4 ครูใช้สื่อและเทคโนโลยีที่เหมาะสมผนวกกับการนำบริบทและภูมิปัญญาของท้องถิ่นมาบูรณาการในการจัดการเรียนรู้'),(121,2554,705,7,'7.5 ครูมีการวัดและประเมินผลที่มุ่งเน้นการพัฒนาการเรียนรู้ของผู้เรียน ด้วยวิธีการที่หลากหลาย'),(122,2554,706,7,'7.6 ครูให้คำแนะนำ คำปรึกษา และแก้ไขปัญหาให้แก่ผู้เรียน ทั้งด้านการเรียนและคุณภาพชีวิตด้วยความเสมอภาค'),(123,2554,707,7,'7.7 ครูมีการศึกษา วิจัยและพัฒนาการจัดการเรียนรู้ในวิชาที่ตนรับผิดชอบ และใช้ผลในการปรับการสอน'),(124,2554,708,7,'7.8 ครูประพฤติปฏิบัติตนเป็นแบบอย่างที่ดี และเป็นสมาชิกที่ดีของสถานศึกษา'),(125,2554,709,7,'7.9 ครูจัดการเรียนการสอนตามวิชาที่ได้รับมอบหมายเต็มเวลา เต็มความสามารถ'),(126,2554,801,8,'8.1 ผู้บริหารมีวิสัยทัศน์ ภาวะผู้นำ และความคิดริเริ่มที่เน้นการพัฒนาผู้เรียน'),(127,2554,802,8,'8.2 ผู้บริหารใช้หลักการบริหารแบบมีส่วนร่วมและใช้ข้อมูลผลการประเมินหรือผลการวิจัยเป็นฐานคิด ทั้งด้านวิชาการและการจัดการ'),(128,2554,803,8,'8.3 ผู้บริหารสามารถบริหารจัดการให้บรรลุเป้าหมายที่กำหนดไว้ในแผนปฏิบัติการ'),(129,2554,804,8,'8.4 ผู้บริหารส่งเสริมและพัฒนาศักยภาพบุคลากรให้พร้อมรับการกระจายอำนาจ'),(130,2554,805,8,'8.5 นักเรียน ผู้ปกครอง และชุมชน พึงพอใจต่อผลการบริหารจัดการศึกษา'),(131,2554,806,8,'8.6 ผู้บริหารให้คำแนะนำ คำปรึกษาทางวิชาการและเอาใจใส่การจัดการศึกษาเต็มศักยภาพและเต็มเวลา'),(132,2554,901,9,'9.1 คณะกรรมการสถานศึกษารู้และปฏิบัติหน้าที่ตามที่ระเบียบกำหนด'),(133,2554,902,9,'9.2 คณะกรรมการสถานศึกษากำกับติดตาม ดูแล และขับเคลื่อนการดำเนินงานของสถานศึกษาให้บรรลุผลสำเร็จตามเป้าหมาย'),(134,2554,903,9,'9.3 ผู้ปกครองและชุมชนเข้ามามีส่วนร่วมในการพัฒนาสถานศึกษา'),(135,2554,1001,10,'10.1 หลักสูตรสถานศึกษาเหมาะสมและสอดคล้องกับท้องถิ่น'),(136,2554,1002,10,'10.2 จัดรายวิชาเพิ่มเติมที่หลากหลายให้ผู้เรียนเลือกเรียนตามความถนัด ความสามารถ และความสนใจ'),(137,2554,1003,10,'10.3 จัดกิจกรรมพัฒนาผู้เรียนที่ส่งเสริมและตอบสนองความต้องการ ความสามารถ ความถนัด และความสนใจของผู้เรียน'),(138,2554,1004,10,'10.4 สนับสนุนให้ครูจัดกระบวนการเรียนรู้ที่ให้ผู้เรียนได้ลงมือปฏิบัติจริงจนสรุปความรู้ได้ด้วยตนเอง'),(139,2554,1005,10,'10.5 นิเทศภายใน กำกับ ติดตามตรวจสอบ และนำผลไปปรับปรุงการเรียนการสอนอย่างสม่ำเสมอ'),(140,2554,1006,10,'10.6 จัดระบบดูแลช่วยเหลือผู้เรียนที่มีประสิทธิภาพและครอบคลุมถึงผู้เรียนทุกคน'),(141,2554,1101,11,'11.1 ห้องเรียน ห้องปฏิบัติการ อาคารเรียนมั่นคง สะอาดและปลอดภัย มีสิ่งอำนวยความสะดวกพอเพียง อยู่ในสภาพใช้การได้ดี สภาพแวดล้อมร่มรื่น และมีแหล่งเรียนรู้สำหรับผู้เรียน'),(142,2554,1102,11,'11.2 จัดโครงการ กิจกรรมที่ส่งเสริมสุขภาพอนามัยและความปลอดภัยของผู้เรียน'),(143,2554,1103,11,'11.3 จัดห้องสมุดที่ให้บริการสื่อเทคโนโลยีสารสนเทศที่เอื้อให้ผู้เรียนเรียนรู้ด้วยตนเองและหรือเรียนรู้แบบมีส่วนร่วม'),(144,2554,1201,12,'12.1 กำหนดมาตรฐานการศึกษาของสถานศึกษา'),(145,2554,1202,12,'12.2 จัดทำและดำเนินการตามแผนพัฒนาการจัดการศึกษาของสถานศึกษาที่มุ่งพัฒนาคุณภาพตามมาตรฐานการศึกษาของสถานศึกษา'),(146,2554,1203,12,'12.3 จัดระบบข้อมูลสารสนเทศและใช้สารสนเทศในการบริหารจัดการเพื่อพัฒนาคุณภาพการศึกษาอย่างต่อเนื่อง'),(147,2554,1204,12,'12.4 ติดตามตรวจสอบ และประเมินคุณภาพภายในตามมาตรฐานการศึกษาของสถานศึกษา'),(148,2554,1205,12,'12.5 นำผลประเมินคุณภาพทั้งภายในและภายนอกไปใช้วางแผนพัฒนาคุณภาพการศึกษาอย่างต่อเนื่อง'),(149,2554,1206,12,'12.6 จัดทำรายงานประจำปีที่เป็นรายงานการประเมินคุณภาพภายใน'),(150,2554,1301,13,'13.1 มีการสร้างและพัฒนาแหล่งเรียนรู้ภายในสถานศึกษาและใช้ประโยชน์จากแหล่งเรียนรู้ทั้งภายในและภายนอกสถานศึกษา เพื่อพัฒนาการเรียนรู้ของผู้เรียนและบุคลากรของสถานศึกษา รวมทั้งผู้ที่เกี่ยวข้อง'),(151,2554,1302,13,'13.2 มีการแลกเปลี่ยนเรียนรู้ระหว่างบุคลากรภายในสถานศึกษา ระหว่างสถานศึกษากับครอบครัว ชุมชน และองค์กรที่เกี่ยวข้อง'),(152,2554,1401,14,'14.1 จัดโครงการ กิจกรรมที่ส่งเสริมให้ผู้เรียนบรรลุตามเป้าหมายวิสัยทัศน์ ปรัชญา และจุดเน้นของสถานศึกษา'),(153,2554,1402,14,'14.2 ผลการดำเนินงานส่งเสิรมให้ผู้เรียนบรรลุตามเป้าหมาย วิสัยทัศน์ ปรัชญา และจุดเน้นของสถานศึกษา'),(154,2554,1501,15,'15.1 จัดโครงการ กิจกรรมพิเศษเพื่อตอบสนองนโยบาย จุดเน้น ตามแนวทางปฏิรูปการศึกษา'),(155,2554,1502,15,'15.2 ผลการดำเนินงานบรรลุตามเป้าหมาย');

--
