
--
-- Table structure for table `student_check_permission`
--

CREATE TABLE `student_check_permission` (
  `class_now` tinyint(4) NOT NULL,
  `room_now` tinyint(4) NOT NULL,
  `person_id` varchar(13) NOT NULL,
  `student_check_year` int(11) NOT NULL
) ENGINE=MyISAM DEFAULT CHARSET=utf8 COLLATE=utf8_general_ci;

--
-- Dumping data for table `student_check_permission`
--

INSERT INTO `student_check_permission` VALUES (3,0,'1340100118271',2559),(5,0,'3349900709499',2559),(5,0,'3349800256760',2559),(6,0,'3349900698772',2559),(6,2,'3350600343369',2559),(7,0,'3331000226800',2559),(7,2,'3331000226800',2559),(8,0,'3349900748206',2559),(8,2,'4361500012602',2559),(9,0,'3320800412861',2559),(9,2,'3320800412861',2559),(2,0,'3341500139914',2562),(3,0,'5349900002138',2562),(4,0,'3349800256760',2562),(5,0,'3341000033670',2562),(6,0,'4361500012602',2562),(7,1,'3331000226800',2562),(7,2,'3331000226800',2562),(9,1,'1349900353019',2566),(8,2,'3320800412861',2562),(9,1,'3341501555351',2562),(9,2,'3320800412861',2562),(3,0,'3349900748206',2562),(2,0,'3341500139914',2563),(2,0,'3340701631297',2563),(3,0,'3349900748206',2563),(3,0,'3340701631297',2563),(4,0,'3349800256760',2563),(4,0,'3340701631297',2563),(5,0,'3341000033670',2563),(5,0,'3340701631297',2563),(6,0,'4361500012602',2563),(6,0,'3341500087621',2563),(6,0,'3340701631297',2563),(9,2,'3341501555351',2563),(9,2,'3340701631297',2563),(9,1,'3341501555351',2563),(9,1,'3340701631297',2563),(8,2,'3320800412861',2563),(8,2,'3341501555351',2563),(8,2,'3340701631297',2563),(9,1,'3340701631297',2566),(8,1,'3341501555351',2563),(8,1,'3340701631297',2563),(7,2,'3341501555351',2563),(7,2,'3331000226800',2563),(7,2,'3340701631297',2563),(7,1,'3341501555351',2563),(7,1,'3331000226800',2563),(7,1,'3340701631297',2563),(6,0,'3341501555351',2563),(5,0,'3341501555351',2563),(2,0,'3341501555351',2563),(3,0,'3341501555351',2563),(4,0,'3341501555351',2563),(2,1,'3341500139914',2563),(2,1,'3340701631297',2563),(5,2,'3340701631297',2563),(3,1,'3340701631297',2563),(4,1,'3349800256760',2563),(4,1,'3340701631297',2563),(7,1,'3331000226800',2566),(5,1,'3340701631297',2563),(6,1,'4361500012602',2563),(6,1,'3340701631297',2563),(3,1,'1340200037728',2563),(5,2,'3341500121870',2563),(2,1,'1340200037728',2564),(3,1,'3341500139914',2564),(4,1,'3349800256760',2564),(8,1,'3340701631297',2566),(6,1,'3341500121870',2564),(7,1,'3331000226800',2564),(9,1,'3341501555351',2566),(9,1,'3341501555351',2564),(2,1,'3340701631297',2564),(3,1,'3340701631297',2564),(4,1,'3340701631297',2564),(5,1,'3340701631297',2564),(6,1,'3340701631297',2564),(7,1,'3340701631297',2564),(8,1,'3340701631297',2564),(9,1,'3340701631297',2564),(3,1,'3349800010931',2565),(3,1,'3341500139914',2565),(3,1,'3340701631297',2565),(4,1,'3349800010931',2565),(4,1,'3340701631297',2565),(5,1,'3349800010931',2565),(8,1,'1349900353019',2566),(5,1,'3340701631297',2565),(6,1,'3349800010931',2565),(6,1,'3340701631297',2565),(7,1,'3349800010931',2565),(7,1,'3331000226800',2565),(7,1,'3340701631297',2565),(8,1,'3349800010931',2565),(8,1,'1349900353019',2565),(8,1,'3341500087621',2565),(8,1,'3340701631297',2565),(9,1,'3349800010931',2565),(9,1,'3341501555351',2565),(9,1,'3340701631297',2565),(2,1,'1340200037728',2565),(6,1,'1339900230359',2565),(2,1,'3340701631297',2565),(2,1,'3349800010931',2565),(5,1,'1100500968796',2565),(7,1,'1349900353019',2566),(7,1,'3340701631297',2566),(6,1,'1349900353019',2566),(6,1,'1339900230359',2566),(6,1,'3340701631297',2566),(5,1,'1349900353019',2566),(5,1,'1100500968796',2566),(5,1,'3340701631297',2566),(4,1,'1349900353019',2566),(4,1,'3340701631297',2566),(3,1,'1349900353019',2566),(3,1,'3341500139914',2566),(3,1,'3340701631297',2566),(2,1,'1340200037728',2566),(2,1,'1349900353019',2566),(2,1,'3340701631297',2566),(4,1,'1349900040037',2566),(2,0,'1340200037728',2567),(3,1,'3341500139914',2567),(4,1,'1349900353019',2567),(5,1,'3331000226800',2567),(9,1,'3341501555351',2567),(8,1,'1100500968796',2567),(7,1,'3340700449860',2567),(6,1,'1349900040037',2567);

--
-- Table structure for table `student_check_year`
--

CREATE TABLE `student_check_year` (
  `id` int(11) NOT NULL AUTO_INCREMENT,
  `student_check_year` int(11) NOT NULL,
  `year_active` tinyint(1) NOT NULL,
  PRIMARY KEY (`id`),
  UNIQUE KEY `student_check_year` (`student_check_year`)
) ENGINE=MyISAM AUTO_INCREMENT=9 DEFAULT CHARSET=utf8 COLLATE=utf8_general_ci;

--
-- Dumping data for table `student_check_year`
--

INSERT INTO `student_check_year` VALUES (1,2559,0),(2,2562,0),(3,2563,0),(4,2564,0),(5,2565,0),(6,2566,0),(7,2567,0),(8,2568,1);

--
-- Table structure for table `student_inclass_main`
--

CREATE TABLE `student_inclass_main` (
  `check_date` date NOT NULL COMMENT 'วันที่บันทึก',
  `student_id` int(11) NOT NULL COMMENT 'รหัสนักเรียน',
  `class_now` tinyint(4) NOT NULL COMMENT 'ชั้นเรียนปัจจุบันที่บันทึก',
  `room_now` tinyint(4) NOT NULL COMMENT 'ห้องเรียนปัจจุบันที่บันทึก',
  `student_check_year` int(11) NOT NULL COMMENT 'ปีการศึกษาที่บันทึก',
  `check_val` varchar(50) NOT NULL COMMENT 'ค่าการเช็ค',
  `check_person_id` varchar(13) NOT NULL COMMENT 'ผู้ทำรายการ',
  `save_date` datetime NOT NULL COMMENT 'วันที่ทำรายการบันทึก'
) ENGINE=MyISAM DEFAULT CHARSET=utf8 COLLATE=utf8_general_ci;

--
-- Dumping data for table `student_inclass_main`
--


--
-- Table structure for table `student_inclass_part`
--

CREATE TABLE `student_inclass_part` (
  `id` int(11) NOT NULL AUTO_INCREMENT,
  `ed_year` int(11) NOT NULL,
  `part` tinyint(4) NOT NULL,
  `start_date` date NOT NULL,
  `stop_date` date NOT NULL,
  `rec_date` date NOT NULL,
  `officer` varchar(13) NOT NULL,
  PRIMARY KEY (`id`)
) ENGINE=MyISAM DEFAULT CHARSET=utf8 COLLATE=utf8_general_ci;

--
-- Dumping data for table `student_inclass_part`
--


--
-- Table structure for table `student_inclass_permission`
--

CREATE TABLE `student_inclass_permission` (
  `class_now` tinyint(4) NOT NULL,
  `room_now` tinyint(4) NOT NULL,
  `person_id` varchar(13) NOT NULL,
  `student_check_year` int(11) NOT NULL
) ENGINE=MyISAM DEFAULT CHARSET=utf8 COLLATE=utf8_general_ci;

--
-- Dumping data for table `student_inclass_permission`
--


--
-- Table structure for table `student_inclass_ref`
--

CREATE TABLE `student_inclass_ref` (
  `id` int(11) NOT NULL AUTO_INCREMENT,
  `ref_id` varchar(50) NOT NULL,
  `ed_day` varchar(10) NOT NULL,
  `period` tinyint(4) NOT NULL,
  PRIMARY KEY (`id`)
) ENGINE=MyISAM DEFAULT CHARSET=utf8 COLLATE=utf8_general_ci;

--
-- Dumping data for table `student_inclass_ref`
--


--
-- Table structure for table `student_inclass_subject`
--

CREATE TABLE `student_inclass_subject` (
  `id` int(11) NOT NULL AUTO_INCREMENT,
  `ed_year` int(11) NOT NULL,
  `part` tinyint(4) NOT NULL,
  `subject` varchar(100) NOT NULL,
  `std_class` tinyint(4) NOT NULL,
  `room` tinyint(4) NOT NULL,
  `ref_id` varchar(50) NOT NULL,
  `officer` varchar(13) NOT NULL,
  `rec_date` date NOT NULL,
  PRIMARY KEY (`id`)
) ENGINE=MyISAM DEFAULT CHARSET=utf8 COLLATE=utf8_general_ci;

--
-- Dumping data for table `student_inclass_subject`
--


--
-- Table structure for table `student_inclass_year`
--

CREATE TABLE `student_inclass_year` (
  `id` int(11) NOT NULL AUTO_INCREMENT,
  `student_check_year` int(11) NOT NULL,
  `num_period` int(2) NOT NULL,
  `lunch_period` int(2) NOT NULL,
  `year_active` tinyint(1) NOT NULL,
  PRIMARY KEY (`id`)
) ENGINE=MyISAM AUTO_INCREMENT=2 DEFAULT CHARSET=utf8 COLLATE=utf8_general_ci;

--
-- Dumping data for table `student_inclass_year`
--

INSERT INTO `student_inclass_year` VALUES (1,2562,0,0,0);

--
-- Table structure for table `student_main`
--

CREATE TABLE `student_main` (
  `id` int(11) NOT NULL AUTO_INCREMENT,
  `student_id` varchar(7) NOT NULL,
  `student_number` int(11) DEFAULT NULL,
  `prename` varchar(20) NOT NULL,
  `name` varchar(50) NOT NULL,
  `surname` varchar(50) NOT NULL,
  `person_id` varchar(20) DEFAULT NULL,
  `sex` tinyint(4) NOT NULL DEFAULT 0,
  `pic` varchar(150) DEFAULT NULL,
  `class_now` tinyint(4) DEFAULT NULL,
  `room` tinyint(4) NOT NULL DEFAULT 0,
  `status` tinyint(4) NOT NULL DEFAULT 0,
  `out_edyear` int(11) DEFAULT NULL,
  `officer` varchar(13) NOT NULL,
  `rec_date` date NOT NULL,
  PRIMARY KEY (`id`),
  UNIQUE KEY `student_number` (`student_id`),
  KEY `class_now` (`class_now`),
  KEY `room` (`room`)
) ENGINE=MyISAM AUTO_INCREMENT=377 DEFAULT CHARSET=utf8 COLLATE=utf8_general_ci;

--
-- Dumping data for table `student_main`
--

INSERT INTO `student_main` VALUES (1,'3641',1,'เด็กชาย','กวิน','ลาพรมมา','1341501529302',1,NULL,9,1,1,2565,'3349900748206','0000-00-00'),(3,'3643',3,'เด็กชาย','ปฏิภาณ','เพ็ญแจ่ม','1209601717231',1,NULL,9,1,1,2565,'3349900748206','0000-00-00'),(155,'3608',1,'เด็กชาย','ธนพนธ์','บุญพูล','1341501516944',1,'',9,1,1,2564,'3349900748206','2019-09-03'),(6,'3646',5,'เด็กหญิง','ธิดาทิพย์','คำเชิด','1341501529621',2,NULL,9,1,1,2565,'3349900748206','0000-00-00'),(9,'3649',6,'เด็กหญิง','ปริญญา','สมสุข','1341501525676',2,NULL,9,1,1,2565,'3349900748206','0000-00-00'),(10,'3650',7,'เด็กหญิง','แพรวา','ภานุวัตร','1341501531927',2,NULL,9,1,1,2565,'3349900748206','0000-00-00'),(11,'3651',8,'เด็กหญิง','วนิตา','สิทธิสา','1341501530491',2,NULL,9,1,1,2565,'3349900748206','0000-00-00'),(151,'3686',10,'เด็กหญิง','ปภาดา','หาทวี','1349700412992',2,'',7,1,2,2563,'3349900748206','2019-09-02'),(14,'3654',9,'เด็กหญิง','อภิชญา','ปัตภี','1459901397311',2,NULL,9,1,1,2565,'3349900748206','0000-00-00'),(15,'3580',1,'เด็กชาย','กิตติศักดิ์','พิมพ์กัน','1341501504172',1,NULL,9,1,1,2563,'3349900748206','0000-00-00'),(16,'3581',2,'เด็กชาย','คมกฤษ','พูลทวี','1349901626698',1,'modules/student_main/picture/pic_3581.jpg',9,1,1,2563,'3349900748206','0000-00-00'),(17,'3582',3,'เด็กชาย','คุณานนท์','กมุทวนิช','1349901622960',1,'modules/student_main/picture/pic_3582.jpg',9,1,1,2563,'3349900748206','0000-00-00'),(18,'3583',4,'เด็กชาย','ชัยนรุตม์','สุวรรณา','1347600026088',1,'modules/student_main/picture/pic_3583.jpg',9,1,1,2563,'3349900748206','0000-00-00'),(182,'3672',7,'เด็กชาย','รัชชานนท์','สมสุข','1349901785788',1,'',9,1,1,2566,'3349900748206','2019-09-03'),(20,'3585',5,'เด็กชาย','พงศธร','เหมือนลา','1349901583310',1,'modules/student_main/picture/pic_3585.jpg',9,1,1,2563,'3349900748206','0000-00-00'),(21,'3586',6,'เด็กชาย','พงษ์ศักดิ์','สุวรรณา','1341501502706',1,'modules/student_main/picture/pic_3586.jpg',9,1,1,2563,'3349900748206','0000-00-00'),(22,'3587',7,'เด็กชาย','พีรพัฒน์','ขันทวีชัย','1341501508097',1,'modules/student_main/picture/pic_3587.jpg',9,1,1,2563,'3349900748206','0000-00-00'),(24,'3589',9,'เด็กหญิง','จิณห์วรา','โคตรพันธ์','1349901589792',2,'modules/student_main/picture/pic_3589.jpg',9,1,1,2563,'3349900748206','0000-00-00'),(25,'3590',10,'เด็กหญิง','ธิดาทิชา','ภาษี','1341501506469',2,'modules/student_main/picture/pic_3590.jpg',9,1,1,2563,'3349900748206','0000-00-00'),(26,'3591',11,'เด็กหญิง','ปานระพี','อุระวงศ์','1129902110913',2,'modules/student_main/picture/pic_3591.jpg',9,1,1,2563,'3349900748206','0000-00-00'),(27,'3592',12,'เด็กหญิง','พัชรี','น้อยคำตัน','1341501506752',2,'modules/student_main/picture/pic_3592.jpg',9,1,1,2563,'3349900748206','0000-00-00'),(181,'3671',6,'เด็กชาย','พงศ์พิสิฎฐ์','สิงห์สถาน','1341501536937',1,'',9,1,1,2566,'3349900748206','2019-09-03'),(29,'3594',13,'เด็กหญิง','วรุณอุษา','บัวกิ่งไทย','1100201983882',2,'modules/student_main/picture/pic_3594.jpg',9,1,1,2563,'3349900748206','0000-00-00'),(180,'3670',5,'เด็กชาย','ปพิชญา','เป็นเครือ','1103704765527',1,'',9,1,1,2566,'3349900748206','2019-09-03'),(31,'3596',14,'เด็กหญิง','ศรัทธา','จันทะกำแพง','1349901595415',2,'modules/student_main/picture/pic_3596.jpg',9,1,1,2563,'3349900748206','0000-00-00'),(32,'3597',15,'เด็กหญิง','ศิริพร','ปั้นปรีชา','1102200279792',2,'modules/student_main/picture/pic_3597.jpg',9,1,1,2563,'3349900748206','0000-00-00'),(34,'3602',18,'เด็กหญิง','พัชรินทร์','ภักดี','1341501511144',2,'modules/student_main/picture/pic_3602.jpg',9,1,1,2563,'3349900748206','0000-00-00'),(35,'3603',19,'เด็กหญิง','อธิชา','ตั้งมั่น','1341501508313',2,'modules/student_main/picture/pic_3603.jpg',9,1,1,2563,'3349900748206','0000-00-00'),(36,'3604',8,'เด็กชาย','ถิรวัฒน์','กาสาพันธ์','1840201318394',1,'modules/student_main/picture/pic_3604.jpg',9,1,1,2563,'3349900748206','0000-00-00'),(37,'3536',1,'เด็กชาย','ก้องภพ','สิลาพร','1341501492689',1,NULL,9,1,1,2562,'3349900748206','0000-00-00'),(38,'3537',2,'เด็กชาย','เกียรติชัย','ทาติพันธ์','1341501496951',1,NULL,9,1,1,2562,'3349900748206','0000-00-00'),(39,'3538',3,'เด็กชาย','ชัยวัฒน์','พันธ์คำ','1341501497877',1,NULL,9,1,1,2562,'3349900748206','0000-00-00'),(40,'3539',4,'เด็กชาย','ณรงค์ชัย','ถนอมชาติ','1347600017305',1,NULL,9,1,1,2562,'3349900748206','0000-00-00'),(41,'3540',5,'เด็กชาย','ทรงวุฒิ','แก้วพร','1341501494673',1,NULL,9,1,1,2562,'3349900748206','0000-00-00'),(152,'3659',6,'เด็กชาย','ชลสิทธิ์','หาทรัพย์','1119902393796',1,'',9,1,1,2562,'3349900748206','2019-09-02'),(43,'3550',7,'เด็กหญิง','ชวัลลักษณ์','สุดสาลี','1347600017518',2,NULL,9,1,1,2562,'3349900748206','0000-00-00'),(44,'3551',8,'เด็กหญิง','ชนาภา','โคตรพรม','1103100987214',2,NULL,9,1,1,2562,'3349900748206','0000-00-00'),(45,'3552',9,'เด็กหญิง','ณัชชา','อินทะมาตร','1349901497804',2,NULL,9,1,1,2562,'3349900748206','0000-00-00'),(46,'3554',10,'เด็กหญิง','ปิยาพร','อุพันธา','1341501497079',2,NULL,9,1,1,2562,'3349900748206','0000-00-00'),(47,'3555',11,'เด็กหญิง','พิมชนก','เสาราช','1341501502064',2,NULL,9,1,1,2562,'3349900748206','0000-00-00'),(51,'3541',1,'เด็กชาย','ธนากรณ์','ประทีปทอง','1347600016023',1,NULL,9,2,1,2562,'3349900748206','0000-00-00'),(52,'3544',2,'เด็กชาย','ศักดิ์ดา','จำปาชาติ','1341501500932',1,NULL,9,2,1,2562,'3349900748206','0000-00-00'),(53,'3545',3,'เด็กชาย','เสฏฐวุฒิ','ผลาคุณ','1349901524861',1,NULL,9,2,1,2562,'3349900748206','0000-00-00'),(54,'3546',4,'เด็กชาย','สมพล','พลพันธ์','1349901542371',1,NULL,9,2,1,2562,'3349900748206','0000-00-00'),(56,'3559',7,'เด็กหญิง','สุพิชญา','แสงสุวรรณ','1349901555201',2,NULL,9,2,1,2562,'3349900748206','0000-00-00'),(57,'3560',8,'เด็กหญิง','สุกัญญา','หาทวี','1770600382674',2,NULL,9,2,1,2562,'3349900748206','0000-00-00'),(58,'3561',9,'เด็กหญิง','สุภาวดี','สุวรรณา','1349901532065',2,NULL,9,2,1,2562,'3349900748206','0000-00-00'),(59,'3562',10,'เด็กหญิง','สุนทรีย์','พันธ์ยงค์','1341501502293',2,NULL,9,2,1,2562,'3349900748206','0000-00-00'),(154,'3736',6,'เด็กชาย','ศิริมงคล','แสวงทรัพย์','1349500050795',1,'',9,2,1,2562,'3349900748206','2019-09-02'),(62,'3577',11,'เด็กหญิง','ณัชชา','คำมั่น','1341501494657',2,NULL,9,2,1,2562,'3349900748206','0000-00-00'),(142,'3687',20,'เด็กหญิง','ฐานิดา','บุพศิริ','1348600061976',2,'modules/student_main/picture/pic_3687.jpg',9,1,1,2563,'3349900748206','2019-09-01'),(268,'3742',5,'เด็กหญิง','ขวัญชนก','แก้วสง่า','1341501574316',2,'',7,1,0,NULL,'3340701631297','2020-07-20'),(269,'3743',6,'เด็กหญิง','ชญานิษฐ์ ','หลุมทอง','1341501574278',2,'',7,1,0,NULL,'3340701631297','2020-07-20'),(270,'3744',11,'เด็กหญิง','ชญาภา','อาระวน','1341501573042',2,'',6,1,2,2566,'3340701631297','2020-07-20'),(267,'3772',3,'เด็กชาย','รัชชานนท์ ','มณีจันทร์','1349700499630',1,'',5,1,2,2565,'3340701631297','2020-07-20'),(266,'3771',1,'เด็กชาย','ณัฐวัฒน์','ขันตรี','1749800636317',1,'',5,1,2,2565,'3340701631297','2020-07-20'),(265,'3741',4,'เด็กชาย','อภิสมย์','น้อยคำตัน','1341501573646',1,'',7,1,0,NULL,'1349900353019','2020-07-20'),(264,'3740',3,'เด็กชาย','ศิรวิชญ์','บุญสุข','1341501568154',1,'',7,1,0,NULL,'1349900353019','2020-07-20'),(156,'3609',2,'เด็กชาย','นันทกานต์','อุทะวงค์','1349901656058',1,'',9,1,1,2564,'3349900748206','2019-09-03'),(157,'3610',21,'เด็กชาย','นพเก้า','ชุมพล','1341501509000',1,'',9,1,1,2564,'3340701631297','2019-09-03'),(158,'3612',3,'เด็กชาย','พนมชัย','สุวรรณา','1341501515361',1,'',9,1,1,2564,'3349900748206','2019-09-03'),(159,'3613',5,'เด็กชาย','พีรภัทร','นามมุงคุณ','1349901675001',1,'',8,1,2,2563,'3349900748206','2019-09-03'),(177,'3665',2,'เด็กชาย','ชนะพล','แก่นกายศ','1341501537941',1,'',9,1,1,2566,'3349900748206','2019-09-03'),(176,'3664',1,'เด็กชาย','กรเดช','สุวรรณา','1341501540195',1,'',9,1,1,2566,'3349900748206','2019-09-03'),(175,'3718',19,'เด็กหญิง','รุ้งทิวา','สุวรรณา','1349901664247',2,'',9,1,1,2564,'3349900748206','2019-09-03'),(174,'3630',18,'เด็กหญิง','อภิญญา','นาชุม','1341501518157',2,'',9,1,1,2564,'3349900748206','2019-09-03'),(173,'3629',17,'เด็กหญิง','อิศริยา','ภูตะเวชย์','1341501514003',2,'',9,1,1,2564,'3349900748206','2019-09-03'),(172,'3628',16,'เด็กหญิง','สุภัทรตรา','เหล่าออง','1341501511632',2,'',9,1,1,2564,'3349900748206','2019-09-03'),(171,'3627',15,'เด็กหญิง','สุภาพร','วรรณโคตร','1341501518394',2,'',9,1,1,2564,'3349900748206','2019-09-03'),(168,'3623',12,'เด็กหญิง','รัตนาภรณ์','แสนหยุด','1341501514976',2,'',9,1,1,2564,'3349900748206','2019-09-03'),(169,'3624',13,'เด็กหญิง','วรพิชชา','เผ่าแสง','1349901675630',2,'',9,1,1,2564,'3349900748206','2019-09-03'),(170,'3625',14,'เด็กหญิง','วรัตน์ทยากานต์','หงษ์บุดดี','1341501519846',2,'',9,1,1,2564,'3349900748206','2019-09-03'),(179,'3669',4,'เด็กชาย','ทินกร','ชมภู','1349901828487',1,'',9,1,1,2566,'3349900748206','2019-09-03'),(178,'3666',3,'เด็กชาย','ธนกฤต','ไชยวรรณ','1347600059652',1,'',9,1,1,2566,'3349900748206','2019-09-03'),(101,'3473',0,'เด็กชาย','คณิน','ทองวิเชียร','1349901385062',1,NULL,9,2,1,2559,'','0000-00-00'),(102,'3474',0,'เด็กชาย','ดนัยฤทธิ์','นาลา','1341501476373',1,NULL,9,2,1,2559,'','0000-00-00'),(103,'3476',0,'เด็กชาย','พงศกร','ดวงจันทร์','1349901403702',1,NULL,9,2,1,2559,'','0000-00-00'),(104,'3477',0,'เด็กชาย','พุฒิพงษ์','คำเชิด','1341501479640',1,NULL,9,2,1,2559,'','0000-00-00'),(105,'3479',0,'เด็กชาย','วีระภัทร','พณะสรรค์','1341501474656',1,NULL,9,2,1,2559,'','0000-00-00'),(106,'3483',0,'เด็กหญิง','กรรณิการ์','เนากุด','1349901400231',2,NULL,9,2,1,2559,'','0000-00-00'),(107,'3485',0,'เด็กหญิง','เขมิกา','รูปช้าง','1104300880937',2,NULL,9,2,1,2559,'','0000-00-00'),(108,'3487',0,'เด็กหญิง','ณัฐจรรยา','มูลคำ','1104300904445',2,NULL,9,2,1,2559,'','0000-00-00'),(109,'3490',0,'เด็กหญิง','นงคราญ','แสนทวีสุข','1341501472696',2,NULL,9,2,1,2559,'','0000-00-00'),(110,'3495',0,'เด็กหญิง','เมตตา','อุพันธ์ทา','1341501467650',2,NULL,9,2,1,2559,'','0000-00-00'),(111,'3496',0,'เด็กหญิง','วรกาญจน์','ปางสุข','1341501468290',2,NULL,9,2,1,2559,'','0000-00-00'),(112,'3528',0,'เด็กหญิง','สาวิตรี','แยงส่อง','1349901389904',2,NULL,9,2,1,2559,'','0000-00-00'),(113,'3568',0,'เด็กหญิง','ภัทรวรินทร์','คำเชิด','1341501477191',2,NULL,9,2,1,2559,'','0000-00-00'),(114,'3638',0,'เด็กชาย','ภุมริน','เนตรโนนหวาย','1104000151522',1,NULL,9,2,1,2559,'','0000-00-00'),(167,'3662',6,'เด็กชาย','ธีรภัทร','หาทวี','1169800344974',1,'',9,1,1,2564,'3349900748206','2019-09-03'),(166,'3639',5,'เด็กชาย','ศิริมงคล','อินมณี','1349901697009',1,'',9,1,1,2564,'3349900748206','2019-09-03'),(165,'3635',4,'เด็กชาย','ธนพงศ์','วรรณโคตร','1239900496261',1,'',9,1,1,2564,'3349900748206','2019-09-03'),(164,'3620',11,'เด็กหญิง','ณัฎฐ์ธิดา','ตั้งมั่น','1341501512957',2,'',9,1,1,2564,'3349900748206','2019-09-03'),(163,'3619',10,'เด็กหญิง','ชลลัดดา','พื้นผา','1349901657887',2,'',9,1,1,2564,'3349900748206','2019-09-03'),(162,'3618',9,'เด็กหญิง','ชมพูนุช','ผึ่งผาย','1349901670930',2,'',9,1,1,2564,'3349900748206','2019-09-03'),(160,'3615',7,'เด็กหญิง','กัญญา','อุพันธ์ทา','1349901667581',2,'',9,1,1,2564,'3349900748206','2019-09-03'),(161,'3617',8,'เด็กหญิง','จิตรทิวา','ผึ่งผาย','1341501519536',2,'',9,1,1,2564,'3349900748206','2019-09-03'),(153,'3547',5,'เด็กชาย','อดิศร','น้อยคำตัน','1341501497800',1,'',9,2,1,2562,'3349900748206','2019-09-02'),(128,'3435',0,'เด็กชาย','ณัฐวุฒิ','ขันตรี','1341501464995',1,NULL,9,2,1,2559,'','0000-00-00'),(129,'3440',0,'เด็กชาย','บุญทัน','พางาม','1341501461040',1,NULL,9,2,1,2559,'','0000-00-00'),(130,'3441',0,'เด็กชาย','พงษ์ศักดิ์','รุ่งเรือง','1100703667006',1,NULL,9,2,1,2559,'','0000-00-00'),(131,'3444',0,'เด็กชาย','สัญชัย','ชาวัง','1349901340956',1,NULL,9,2,1,2559,'','0000-00-00'),(132,'3445',0,'เด็กชาย','อนันดา','เครือวงค์','1349700336218',1,NULL,9,2,1,2559,'','0000-00-00'),(133,'3457',0,'เด็กหญิง','สายธารทิพย์','เสาราช','1341501460035',2,NULL,9,2,1,2559,'','0000-00-00'),(134,'3458',0,'เด็กหญิง','สิริกรานต์','บัวแดง','1104300824531',2,NULL,9,2,1,2559,'','0000-00-00'),(135,'3460',0,'เด็กหญิง','สุกัญญา','โคตรบูรณ์','1341501452181',2,NULL,9,2,1,2559,'','0000-00-00'),(136,'3461',0,'เด็กหญิง','อมลวรรณ','ผิวจันทร์','1343200044077',2,NULL,9,2,1,2559,'','0000-00-00'),(137,'3462',0,'เด็กหญิง','อรวรรณ','พลพันธ์','1341501462321',2,NULL,9,2,1,2559,'','0000-00-00'),(138,'3534',0,'เด็กชาย','ศิวกร','ปั้นปรีชา','1102200223061',1,NULL,9,2,1,2559,'','0000-00-00'),(139,'3607',0,'เด็กชาย','ศักดา','กาสาพันธ์','1849701125551',1,NULL,9,2,1,2559,'','0000-00-00'),(140,'3634',0,'เด็กชาย','อภิศักดิ์','วรรณโคตร','1209301157451',1,NULL,9,2,1,2559,'','0000-00-00'),(141,'3598',16,'เด็กหญิง','ศิริวรรณ','พิญโญ','1347600028358',2,'modules/student_main/picture/pic_3598.jpg',9,1,1,2563,'3349900748206','2018-11-12'),(183,'3674',8,'เด็กชาย','วุฒิชัย','คำเชิด','1341501535558',1,'',9,1,1,2566,'3349900748206','2019-09-03'),(184,'3717',15,'เด็กชาย','ธิติวุฒิ','รอดคำทุุย','1341501543780',1,'',9,1,1,2566,'1349900353019','2019-09-03'),(185,'3676',9,'เด็กหญิง','ชฎาพร','สุวรรณา','1347600058346',2,'',9,1,1,2566,'1349900353019','2019-09-03'),(186,'3677',10,'เด็กหญิง','ชมพูนุช','พันธ์นาภพ','1341501539031',2,'',9,1,1,2566,'1349900353019','2019-09-03'),(187,'3678',11,'เด็กหญิง','ปรียาดา','จันทาพุฒ','1341501541639',2,'',9,1,1,2566,'1349900353019','2019-09-03'),(188,'3679',12,'เด็กหญิง','พิมมะนี','แสงสุวรรณ','1341501541698',2,'',9,1,1,2566,'1349900353019','2019-09-03'),(189,'3680',13,'เด็กหญิง','รุ่งนภา','บังคะดารา','1347600060278',2,'',9,1,1,2566,'1349900353019','2019-09-03'),(190,'3681',14,'เด็กหญิง','สุธารัตน์','ยกแสง','1341501542244',2,'',9,1,1,2566,'1349900353019','2019-09-03'),(191,'3693',2,'เด็กชาย','ฐิติรัตน์','ไกรศรีนารถ','1909400061960',1,'',9,1,0,NULL,'1349900353019','2019-09-03'),(193,'3695',4,'เด็กชาย','ณัฏฐกิตติ์','พันธ์ยงค์','1349901886070',1,'',9,1,0,NULL,'3340701631297','2019-09-03'),(194,'3696',6,'เด็กชาย','ปฐพี','บุตรจำปี','1909803800680',1,'',9,1,0,NULL,'3340701631297','2019-09-03'),(277,'3774',19,'เด็กชาย','ปัญจพล ','ไชยวรรณ','1347600070125',1,'',9,1,0,NULL,'1349900353019','2020-10-21'),(196,'3698',7,'เด็กชาย','พัชรพล','สงขินี','1900501244115',1,'',9,1,0,NULL,'1349900353019','2019-09-03'),(197,'3699',8,'เด็กชาย','วงศธร','เสวะนาม','1341501550557',1,'',9,1,0,NULL,'1349900353019','2019-09-03'),(198,'3700',9,'เด็กชาย','วรวัช','พันธ์คำ','1609700310330',1,'',9,1,0,NULL,'1349900353019','2019-09-03'),(199,'3701',10,'เด็กชาย','สงกรานต์','เสาราช','1349901907859',1,'',9,1,0,NULL,'1349900353019','2019-09-03'),(200,'3702',11,'เด็กชาย','เอกลักษณ์','จำปาชาติ','1347600074058',1,'',9,1,0,NULL,'1349900353019','2019-09-03'),(201,'3716',17,'เด็กชาย','พิชญะ','โพธิ์งาม','2341501035031',1,'',9,1,0,NULL,'1349900353019','2019-09-03'),(202,'3703',12,'เด็กหญิง','กานต์ธิดา','สุวรรณา','1349901887718',2,'',9,1,0,NULL,'1349900353019','2019-09-03'),(203,'3704',13,'เด็กหญิง','ชโลทร','คำดี','1347600076689',2,'',9,1,0,NULL,'1349900353019','2019-09-03'),(204,'3707',14,'เด็กหญิง','ตรียาพร','เครือวงค์','1349901907123',2,'',9,1,0,NULL,'1349900353019','2019-09-03'),(205,'3708',15,'เด็กหญิง','มินตรา','บุญเฉลียว','1347600069046',2,'',9,1,0,NULL,'1349900353019','2019-09-03'),(206,'3709',21,'เด็กหญิง','รสริน','เวชคง','1349901886428',2,'',8,1,2,2566,'3340701631297','2019-09-03'),(207,'3711',16,'เด็กหญิง','หนูดี','ศรีวงค์','1240401265885',2,'',9,1,0,NULL,'1349900353019','2019-09-03'),(208,'3746',18,'เด็กหญิง','ปภาวี','สิงสุวรรณ','1348900311765',2,'',9,1,0,NULL,'1349900353019','2019-09-03'),(209,'3692',1,'เด็กชาย','กายสิทธิ์','บุพศิริ','1348900293741',1,'',9,1,0,NULL,'3340701631297','2019-09-03'),(210,'3719',1,'เด็กชาย','เกรียงศักดิ์','ราชเจริญ','1341501558051',1,'',8,1,0,NULL,'3340701631297','2019-09-03'),(211,'3720',2,'เด็กชาย','ชวัลวิทย์','จันทุมมา','1349700475714',1,'',8,1,0,NULL,'3340701631297','2019-09-03'),(212,'3721',3,'เด็กชาย','เชษฐา','สงวนรักษ์','1869900921268',1,'',8,1,0,NULL,'3340701631297','2019-09-03'),(213,'3722',4,'เด็กชาย','ธนวัฒน์','ขวัญคำ','1341501566046',1,'',8,1,0,NULL,'3340701631297','2019-09-03'),(214,'3723',5,'เด็กชาย','นาวิน','นาคำ','1341501555991',1,'',8,1,0,NULL,'3340701631297','2019-09-03'),(215,'3724',6,'เด็กชาย','ปุญญาพัฒน์','สีดาจิตร','1347600093290',1,'',8,1,0,NULL,'3340701631297','2019-09-03'),(216,'3725',7,'เด็กชาย','เปรมชัย','สีดาจิตร','1341501560307',1,'',8,1,0,NULL,'3340701631297','2019-09-03'),(217,'3726',8,'เด็กชาย','ภูวดล','พลพันธ์','1341501565996',1,'',8,1,0,NULL,'3340701631297','2019-09-03'),(218,'3727',9,'เด็กชาย','มงคล','บุญยงค์','1341501567158',1,'',8,1,0,NULL,'3340701631297','2019-09-03'),(219,'3728',10,'เด็กชาย','ฤทธืิ์ธี','นามจำปา','1347600087729',1,'',4,0,2,2563,'3349900748206','2019-09-03'),(220,'3729',10,'เด็กชาย','วุฒิชัย','เมืองกลาง','1341501554986',1,'',8,1,0,NULL,'3340701631297','2019-09-03'),(221,'3730',11,'เด็กชาย','อติกานต์','หงษ์บุดดี','1341501560668',1,'',8,1,0,NULL,'3340701631297','2019-09-03'),(222,'3737',16,'เด็กชาย','ภัทรพล','วงศ์ทวี','1341501565881',1,'',8,1,0,NULL,'3340701631297','2019-09-03'),(223,'3731',12,'เด็กหญิง','ณัชนันท์','งามเนตร','1341501556202',2,'',8,1,0,NULL,'3340701631297','2019-09-03'),(224,'3732',15,'เด็กหญิง','ธันยพร','ถนอมชาติ','1341501564485',2,'',4,0,2,2563,'3349900748206','2019-09-03'),(225,'3733',13,'เด็กหญิง','พิมมาดา','บุคคะจำปา','1341501562717',2,'',8,1,0,NULL,'3340701631297','2019-09-03'),(226,'3734',14,'เด็กหญิง','วรรณวิษา','ขวัญปาก','1341501555044',2,'',8,1,0,NULL,'3340701631297','2019-09-03'),(227,'3735',15,'เด็กหญิง','อรนภา','ชนะคุณ','1349901918346',2,'',8,1,0,NULL,'3340701631297','2019-09-03'),(228,'3601',17,'เด็กหญิง','อังคณา','ชนะคุณ','1341501510687',2,'modules/student_main/picture/pic_3601.jpg',9,1,1,2563,'3349900748206','2019-09-27'),(229,'3642',2,'เด็กชาย','จิรายุ ','ไชยวรรณ','1347600051775',1,'',9,1,1,2565,'3349900748206','2020-07-02'),(230,'3777',4,'เด็กชาย','ภควัต ','เหมือนลา','1118700164981',1,'',9,1,1,2565,'3349900748206','2020-07-02'),(231,'3778',20,'เด็กหญิง','เพ็ญนภา','พาโยพัด','1341501514496',2,'',8,1,2,2563,'3340701631297','2020-07-03'),(305,'3694',3,'เด็กชาย','ชญานน','ทองเหลือง','1341501551774',1,'',8,1,2,2566,'1349900353019','2021-07-14'),(278,'3697',5,'เด็กชาย','ธนวัฒน์','ไชยวรรณ','1347600077979',1,'',9,1,0,NULL,'3340701631297','2020-10-21'),(233,'3775',20,'เด็กหญิง','กมลพรรณ	','เกษมสันต์','1103101237677',2,'',9,1,0,NULL,'1349900353019','2020-07-03'),(234,'3776',21,'เด็กหญิง','กนกวรรณ	','เกษมสันต์','1103101237669',2,'',9,1,0,NULL,'1349900353019','2020-07-03'),(263,'3739',2,'เด็กชาย','ศรัณย์ภัทร','วัฒนะวิบูลย์','1100202171423',1,'',7,1,0,0,'1349900353019','2020-07-20'),(262,'3738',1,'เด็กชาย','ธนโชติ','ทาติพันธ์','1341501575487',1,'',7,1,0,NULL,'1349900353019','2020-07-20'),(239,'3748',1,'เด็กชาย','ก้องภพ','แสนสุด','1341501591440',1,'',6,1,0,NULL,'3340701631297','2020-07-08'),(240,'3749',2,'เด็กชาย','จตุรภัทร','ราชเจริญ','1341501592829',1,'',6,1,0,NULL,'3340701631297','2020-07-08'),(241,'3750',3,'เด็กชาย','จิตติพัฒน์','ราชเจริญ','1341501583641',1,'',6,1,0,NULL,'3340701631297','2020-07-08'),(242,'3751',4,'เด็กชาย','ชนะชัย','ศรีภิรมย์','1341501589585',1,'',6,1,0,NULL,'3340701631297','2020-07-08'),(243,'3752',5,'เด็กชาย','ชัยธวัช','ทาธิษา','1341501592977',1,'',6,1,0,NULL,'3340701631297','2020-07-08'),(244,'3753',6,'เด็กชาย','ชานนท์','ผึ่งผาย','1341501585261',1,'',6,1,0,NULL,'3340701631297','2020-07-08'),(245,'3754',7,'เด็กชาย','เตชินท์','คำพันธ์','1341501583421',1,'',6,1,0,NULL,'3340701631297','2020-07-08'),(246,'3755',8,'เด็กชาย','ธนโชติ','รุกิจ','1347600118608',1,'',6,1,0,NULL,'3340701631297','2020-07-08'),(247,'3756',9,'เด็กชาย','พีรพัฒน์','หาทวี','1129902482128',1,'',6,1,0,NULL,'3340701631297','2020-07-08'),(248,'3757',10,'เด็กชาย','ยุธฒิศักดิ์ ','อุปัชฌาย์','1341501590711',1,'',6,1,0,NULL,'3340701631297','2020-07-08'),(249,'3758',11,'เด็กชาย','อภิชาติ','ขันตี','1349902071703',1,'',6,1,0,NULL,'3340701631297','2020-07-08'),(250,'3759',12,'เด็กชาย','อานัส','แสนหยุด','1341501585482',1,'',6,1,0,NULL,'3340701631297','2020-07-08'),(251,'3760',13,'เด็กหญิง','กัญญารัตน์','สร้อยสน','1339901346229',2,'',5,1,2,2566,'3340701631297','2020-07-08'),(252,'3761',14,'เด็กหญิง','ชนินาถ','ทาธิษา','1341501582572',2,'',6,1,0,NULL,'3340701631297','2020-07-08'),(253,'3762',15,'เด็กหญิง','ชัญญานุช ','ผึ่งผาย','1341501585458',2,'',6,1,0,NULL,'3340701631297','2020-07-08'),(254,'3763',16,'เด็กหญิง','นภาลัย','เมืองกลาง','1341501592101',2,'',6,1,0,NULL,'3340701631297','2020-07-08'),(255,'3764',17,'เด็กหญิง','ปริตา','สมสุข','1341501581762',2,'',6,1,0,NULL,'3340701631297','2020-07-08'),(256,'3765',18,'เด็กหญิง','มาริสา','เท่าสิงห์','1339000156209',2,'',3,1,2,2564,'3340701631297','2020-07-08'),(257,'3766',18,'เด็กหญิง','ฤทธิตา','สุทธิทักษ์','1349902051044',2,'',5,1,2,2566,'3340701631297','2020-07-08'),(258,'3767',19,'เด็กหญิง','ศิรัญยภัทร','แสนหยุด','1341501586713',2,'',6,1,0,NULL,'3340701631297','2020-07-08'),(259,'3768',20,'เด็กหญิง','สุนิสา','ศรีนวน','1149901451032',2,'',6,1,0,NULL,'3340701631297','2020-07-08'),(260,'3769',21,'เด็กหญิง','สุพรรณิกา','เรืองแสน','1349902089947',2,'',6,1,0,NULL,'3340701631297','2020-07-08'),(261,'3770',22,'เด็กหญิง','สุวินชา','ภาษี','1341501583196',2,'',6,1,0,NULL,'3340701631297','2020-07-08'),(271,'3745',7,'เด็กหญิง','อภัสรา','บุญแก้ว','1341501579636',2,'',7,1,0,NULL,'3340701631297','2020-07-20'),(272,'3747',8,'เด็กหญิง','นันธิดา','ชัยเจริญ','1341501576718',2,'',7,1,0,NULL,'3340701631297','2020-07-20'),(273,'3773',9,'เด็กหญิง','กัลยา','พุฒหอม','1129701658326',2,'',7,1,0,NULL,'3340701631297','2020-07-20'),(274,'3779',17,'เด็กชาย','ปิยพัฒน์','แสงเขียว','1341501560382',1,'',8,1,0,NULL,'3340701631297','2020-10-16'),(275,'3780',22,'เด็กหญิง','อรสา','แสงเขียว','1349700455063',2,'',9,1,0,NULL,'1349900353019','2020-10-16'),(276,'3616',20,'เด็กหญิง','กัลยา','พุฒหอม','1349901623966',2,'',9,1,1,2564,'3340701631297','2020-10-16'),(279,'3803',23,'เด็กหญิง','จันทร์นภา','อุพันทา','1341501583315',2,'',6,1,0,NULL,'3340701631297','2021-07-14'),(280,'3804',24,'เด็กหญิง','นิชารัตน์','ตั้งมั่น','1341501584532',2,'',6,1,0,NULL,'3340701631297','2021-07-14'),(281,'3805',4,'เด็กชาย','วุฒิธิชัย','แจ้งบรรจบ','1103705025314',1,'',6,1,2,2566,'3340701631297','2021-07-14'),(282,'3806',10,'เด็กหญิง','พรนิภา','ศรีชุมภู','1347600095616',2,'',7,1,0,NULL,'3340701631297','2021-07-14'),(283,'3781',1,'เด็กชาย','กนกพล','สีดาจิตต์','1341501595275',1,'',5,1,0,NULL,'3340701631297','2021-07-14'),(284,'3782',2,'เด็กชาย','จักรินทร์','สิทธิยา','1341501606773',1,'',5,1,0,NULL,'3340701631297','2021-07-14'),(285,'3783',3,'เด็กชาย','ณัฐวุฒิ','อุพันทา','1341501597847',1,'',5,1,0,NULL,'3340701631297','2021-07-14'),(286,'3784',4,'เด็กชาย','ธีระพัฒน์','คงดี','1341501599271',1,'',5,1,0,NULL,'3340701631297','2021-07-14'),(287,'3785',5,'เด็กชาย','พัทธนพล','แก้วกุคำ','1341501608288',1,'',5,1,0,NULL,'3340701631297','2021-07-14'),(288,'3786',6,'เด็กชาย','พีรณัฐ','เป็นเครือ','1341501608016',1,'',5,1,0,NULL,'3340701631297','2021-07-14'),(289,'3787',7,'เด็กชาย','พีรวิชญ์','ทันทิมา','1749800685326',1,'',5,1,0,NULL,'3340701631297','2021-07-14'),(306,'3807',10,'เด็กชาย','อดุลวิทย์','ปัตภี','1459901749209',1,'',5,1,0,NULL,'3340701631297','2022-04-06'),(291,'3789',8,'เด็กชาย','วุฒิภัทร','บำรุงหมู่','1341501599823',1,'',5,1,0,NULL,'3340701631297','2021-07-14'),(292,'3790',11,'เด็กชาย','อภิรักษ์','แสนทวีสุข','1341501604061',1,'',5,1,0,NULL,'3340701631297','2021-07-14'),(293,'3791',28,'เด็กหญิง','ธัญรัตน์','ศรีจันดา','1341501595691',2,'',3,1,2,2565,'3340701631297','2021-07-14'),(294,'3792',13,'เด็กหญิง','ปนัดดา','แซ่แต้','1749901607835',2,'',5,1,0,NULL,'3340701631297','2021-07-14'),(295,'3793',15,'เด็กหญิง','ปลายฟ้า','แสนละเอียด','1341501609110',2,'',5,1,0,NULL,'3340701631297','2021-07-14'),(296,'3794',16,'เด็กหญิง','ปารมี','ศรีวุฒิกุล','1100401796636',2,'',5,1,0,NULL,'3340701631297','2021-07-14'),(297,'3795',17,'เด็กหญิง','ปุณชญา','เวชคง','1341501598851',2,'',5,1,0,NULL,'3340701631297','2021-07-14'),(298,'3796',18,'เด็กหญิง','พิมชนก','ยกแสง','1341501603731',2,'',5,1,0,NULL,'3340701631297','2021-07-14'),(299,'3797',19,'เด็กหญิง','พิมพ์นิภา','ศรีชุมภู','1347600122672',2,'',5,1,0,NULL,'3340701631297','2021-07-14'),(300,'3798',21,'เด็กหญิง','ภูริชญา','อินทมาต','1341501597537',2,'',5,1,0,NULL,'3340701631297','2021-07-14'),(301,'3799',22,'เด็กหญิง','มาลิษา','ชุมพล','1341501608245',2,'',5,1,0,NULL,'3340701631297','2021-07-14'),(302,'3800',23,'เด็กหญิง','วรรณวิสาฆะ','กล้าหาญ','1199901651287',2,'',5,1,0,NULL,'3340701631297','2021-07-14'),(303,'3801',25,'เด็กหญิง','สุพัตตา','คำสา','1341501604088',2,'',4,1,2,2566,'3340701631297','2021-07-14'),(304,'3802',26,'เด็กหญิง','สุภาพร','กอวสุข','1341501597961',2,'',5,1,0,NULL,'3340701631297','2021-07-14'),(307,'3808',11,'เด็กชาย','ชยณัฐ','ทองวิเชียร','1349902026767',1,'',7,1,0,NULL,'3340701631297','2022-04-06'),(308,'3809',1,'เด็กชาย','จักรภัทร','ทาธิสา','1341501618402',1,'',4,1,0,NULL,'3340701631297','2022-06-20'),(309,'3810',2,'เด็กชาย','ณภัทร','วัฒนะวิบูลย์','1100202219001	',1,'',4,1,0,NULL,'3340701631297','2022-06-20'),(310,'3811',3,'เด็กชาย','ทิณกร','คำเชิด','1341501611602',1,'',4,1,0,NULL,'3340701631297','2022-06-20'),(311,'3813',5,'เด็กชาย','นัธทวัฒน์',' จันทาพุฒ','1347600132902',1,'',4,1,0,NULL,'3340701631297','2022-06-20'),(312,'3814',6,'เด็กชาย','ปรเมศวร์','บุญเฉลียว','1341501617058',1,'',4,1,0,NULL,'3340701631297','2022-06-20'),(334,'3837',19,'เด็กหญิง','จิดาวรรณ','ดาวัน','1219901534883',2,'',8,1,0,NULL,'3340701631297','2023-03-17'),(314,'3816',8,'เด็กชาย','อดิทรัพย์','สิทธิสา','1341501613711',1,'',4,1,0,NULL,'3340701631297','2022-06-20'),(315,'3817',9,'เด็กหญิง','กนกพิชญ์','โคตรมนตรี','1341501615900',2,'',4,1,0,NULL,'3340701631297','2022-06-20'),(316,'3818',10,'เด็กหญิง','กัญญาภัทร ','พันธ์นาภพ','1380100110661',2,'',4,1,0,NULL,'3340701631297','2022-06-20'),(317,'3819',11,'เด็กหญิง','ณัฐมน','เหมือนลา','1449100148690',2,'',4,1,0,NULL,'3340701631297','2022-06-20'),(318,'3820',12,'เด็กหญิง','นวรัตน์','ไชยวรรณ','1341501623848',2,'',4,1,0,NULL,'3340701631297','2022-06-20'),(319,'3821',13,'เด็กหญิง','แพรวา','บังคะดารา','1347600140131',2,'',4,1,0,NULL,'3340701631297','2022-06-20'),(320,'3822',14,'เด็กหญิง','มธุรส','อินมณี','1341501623902',2,'',4,1,0,NULL,'3340701631297','2022-06-20'),(321,'3812',4,'เด็กชาย','ธนวิชญ์','จันใด','1341501625522',1,'',4,1,0,NULL,'3340701631297','2022-06-20'),(322,'3823',15,'เด็กหญิง','วิภากร','สมควร','1104201117470',2,'',4,1,0,NULL,'3340701631297','2022-06-20'),(323,'3824',16,'เด็กหญิง','อารยา ','โคตรสมบูรณ์','1341501610533',2,'',4,1,0,NULL,'3340701631297','2022-06-20'),(324,'3825',9,'เด็กชาย','ศุภวัฒน์','วรรณโคตร','1349902154447',1,'',5,1,0,NULL,'3340701631297','2022-06-20'),(325,'3826',12,'เด็กหญิง','บุตกรณ์','คำเชิด','1341501595747',2,'',5,1,0,NULL,'3340701631297','2022-06-20'),(326,'3827',14,'เด็กหญิง','ปภัสรา','บุญประชุม','1779800531230',2,'',5,1,0,NULL,'3340701631297','2022-06-20'),(335,'3839',24,'เด็กหญิง','พิมพ์ชนก','แก้วคำ','1909803758667',2,'',8,1,2,2566,'1349900353019','2023-05-29'),(328,'3829',24,'เด็กหญิง','สวนีย์','ต้นปีรัก','1341501603596',2,'',4,1,2,2566,'3340701631297','2022-06-20'),(329,'3828',20,'เด็กหญิง','ภัควลัญชน์','โสธิธรรม','1627900024991',2,'',4,1,2,2566,'3340701631297','2022-06-20'),(330,'3831',25,'เด็กชาย','ทิวากร','ธรรมเกตุ','1349902060728',1,'',6,1,0,NULL,'3340701631297','2022-06-20'),(331,'3832',26,'เด็กหญิง','ธารณ์รินทร์','สัญญะโรจน์','1209601954704',2,'',6,1,0,NULL,'3340701631297','2022-06-20'),(332,'3833',18,'เด็กชาย','พิจักษณ์','ภูสิริน','1199901508573',1,'',8,1,0,0,'3340701631297','2022-06-20'),(333,'3834',23,'เด็กชาย','เฉลิมชัย','มิ่งขวัญ','1347600072888',1,'',9,1,0,NULL,'1349900353019','2022-09-17'),(336,'3835',16,'เด็กหญิง','กัลยา','อุปลาบัติ','1349901815822',2,'',9,1,1,2566,'1349900353019','2023-05-29'),(337,'3840',12,'เด็กชาย','นันทกานต์','แก้วคำ','1800901607291',1,'',6,1,2,2566,'3340701631297','2023-05-29'),(338,'3841',13,'เด็กชาย','สุวัชยานนท์','น้อยคำตัน','1339200151359',1,'',7,1,0,NULL,'3340701631297','2023-05-29'),(339,'3844',1,'เด็กชาย','กฤตนัย','บุญรัมย์','1119903050949',1,'',3,1,0,NULL,'3349800010931','2023-06-12'),(340,'3845',2,'เด็กชาย','กันยาวัฒน์','อุระนันต์','1119903034048',1,'',2,1,2,2566,'3349800010931','2023-06-12'),(341,'3846',3,'เด็กชาย','จักรภัทร','สิทธิยา','1341501633592',1,'',3,1,0,NULL,'3349800010931','2023-06-12'),(342,'3847',4,'เด็กชาย','จิรพัฒน์','อุราแก้ว','1341501638802',1,'',3,1,0,NULL,'3349800010931','2023-06-12'),(343,'3848',5,'เด็กชาย','ชัยวัฒน์','หาทวี','1341501635510',1,'',3,1,0,NULL,'3340701631297','2023-06-12'),(344,'3849',6,'เด็กชาย','ธนกฤต','สิทธิษา','1341501633860',1,'',3,1,0,NULL,'3340701631297','2023-06-12'),(345,'3850',7,'เด็กชาย','ธนวัฒน์','เหลืองงาม','1341501638675',1,'',3,1,0,NULL,'3349800010931','2023-06-12'),(346,'3851',8,'เด็กชาย','ธนาธิป','เวษาสิทธิ์','1341501636648',1,'',3,1,0,NULL,'3349800010931','2023-06-12'),(347,'3852',9,'เด็กชาย','นันทิพัฒน์','ทาธิษา','1341501626677',1,'',3,1,0,NULL,'3349800010931','2023-06-12'),(348,'3853',10,'เด็กชาย','พิทักษ์','ภักดี','1347600149627',1,'',3,1,0,NULL,'3340701631297','2023-06-12'),(349,'3854',11,'เด็กชาย','วีระพล','สมสุข','1341501634556',1,'',3,1,0,NULL,'3340701631297','2023-06-12'),(350,'3855',12,'เด็กหญิง','ฐาปนี','สิงห์สุวรรณ','1341501627037',2,'',3,1,0,NULL,'3340701631297','2023-06-12'),(351,'3856',13,'เด็กหญิง','ปวริศา','รอดคำทุย','1347600146598',2,'',3,1,0,NULL,'3340701631297','2023-06-12'),(352,'3857',14,'เด็กหญิง','ภัทร์ลดา','พุฒหอม','1100704809751',2,'',3,1,0,NULL,'3340701631297','2023-06-12'),(353,'3858',15,'เด็กหญิง','วรัญญา','ชุมพล','1349902242699',2,'',3,1,0,NULL,'3340701631297','2023-06-12'),(354,'3859',16,'เด็กหญิง','วรารัตน์','เหมือนลา','1449100162668',2,'',3,1,0,NULL,'3340701631297','2023-06-12'),(355,'3860',17,'เด็กหญิง','วันเพ็ญ','พลพันธ์','1341501635731',2,'',3,1,0,NULL,'3340701631297','2023-06-12'),(356,'3861',18,'เด็กหญิง','อริศรา','แสนทวีสุข','1341501630241',2,'',3,1,0,NULL,'3340701631297','2023-06-12'),(357,'3843',16,'เด็กหญิง','นุชนา','ไทยเจริญ','1349902195844',2,'',4,1,0,NULL,'3340701631297','2023-06-12'),(358,'3842',25,'เด็กชาย','ปกรณ์','คงดี','2343200012394',1,'',5,1,0,NULL,'3340701631297','2023-06-12'),(359,'3836',27,'เด็กชาย','ฐานันดร','ดาวัน','1209703023670',1,'',6,1,0,NULL,'3340701631297','2023-06-12'),(361,'3866',1,'เด็กชาย','กรวิชญ์','สิงสุวรรณ','1349902315912',1,'',2,0,0,NULL,'3340701631297','2024-10-21'),(362,'3867',2,'เด็กชาย','เฉลิมชัย','ศรีภิรมย์','1341501653038',1,'',2,0,0,NULL,'3340701631297','2024-10-21'),(363,'3868',3,'เด็กชาย','ชลทร','เรืองแสน','1420800137552',1,'',2,0,0,NULL,'3340701631297','2024-10-21'),(364,'3869',4,'เด็กชาย','ณัฐพัชร์','ศรีวงค์','1349902283468',1,'',2,0,0,NULL,'3340701631297','2024-10-21'),(365,'3870',5,'เด็กชาย','ติณณ์ภัทร','หาทวี','1349902316030',1,'',2,0,0,NULL,'3340701631297','2024-10-21'),(366,'3871',6,'เด็กชาย','ทินภัทร','แสนหยุด','1341501643881',1,'',2,0,0,NULL,'3340701631297','2024-10-21'),(367,'3872',7,'เด็กชาย','พุฒิชัย','บังคะดารา','1347600150986',1,'',2,0,0,NULL,'3340701631297','2024-10-21'),(368,'3873',8,'เด็กชาย','อนุวัต','พยะวงค์','1341501643172',1,'',2,0,0,NULL,'3340701631297','2024-10-21'),(369,'3874',9,'เด็กชาย','อรรถพันธ์','ยงยุทธ','1341501643351',1,'',2,0,0,NULL,'3340701631297','2024-10-21'),(370,'3875',10,'เด็กหญิง','กานต์มณี','มูลคำ','1341501651078',2,'',2,0,0,NULL,'3340701631297','2024-10-21'),(371,'3876',11,'เด็กหญิง','ปัญญาภรณ์','จัทร์เรือง','1341501651094',2,'',2,0,0,NULL,'3340701631297','2024-10-21'),(372,'3877',12,'เด็กหญิง','ปัทมา','สัตพันธ์','1339600444663',2,'',2,0,0,NULL,'3340701631297','2024-10-21'),(373,'3878',13,'เด็กหญิง','ผริตา','เมืองกลาง','1341501654239',2,'',2,0,0,NULL,'3340701631297','2024-10-21'),(374,'3879',14,'เด็กหญิง','วิภาดา','ชัยเจริญ','136990126296',2,'',2,0,0,NULL,'3340701631297','2024-10-21'),(375,'3880',15,'เด็กหญิง','ศิลิลทิพย์','ทาธิษา','1341501655871',2,'',2,0,0,NULL,'3340701631297','2024-10-21'),(376,'3881',16,'เด็กหญิง','สิริยากร','อุพันทา','1349902314100',2,'',2,0,0,NULL,'3340701631297','2024-10-21');

--
-- Table structure for table `student_main_class`
--

CREATE TABLE `student_main_class` (
  `id` int(11) NOT NULL AUTO_INCREMENT,
  `class_code` tinyint(4) NOT NULL,
  `class_name` varchar(150) NOT NULL,
  PRIMARY KEY (`id`),
  UNIQUE KEY `class_code` (`class_code`)
) ENGINE=MyISAM AUTO_INCREMENT=10 DEFAULT CHARSET=utf8 COLLATE=utf8_general_ci;

--
-- Dumping data for table `student_main_class`
--

INSERT INTO `student_main_class` VALUES (1,2,'อนุบาล2'),(2,3,'อนุุบาล3'),(3,4,'ประถมศึกษาปีที่1'),(4,5,'ประถมศึกษาปีที่2'),(5,6,'ประถมศึกษาปีที่3'),(6,7,'ประถมศึกษาปีที่4'),(7,8,'ประถมศึกษาปีที่5'),(8,9,'ประถมศึกษาปีที่6');

--
-- Table structure for table `student_main_classlog`
--

CREATE TABLE `student_main_classlog` (
  `id` int(11) NOT NULL AUTO_INCREMENT,
  `ed_year` int(11) NOT NULL,
  `student_id` varchar(7) NOT NULL,
  `student_number` int(11) DEFAULT NULL,
  `class_code` tinyint(4) NOT NULL,
  `room` tinyint(4) DEFAULT 0,
  `officer` varchar(13) NOT NULL,
  `rec_date` date NOT NULL,
  PRIMARY KEY (`id`)
) ENGINE=MyISAM AUTO_INCREMENT=962 DEFAULT CHARSET=utf8 COLLATE=utf8_general_ci;

--
-- Dumping data for table `student_main_classlog`
--

INSERT INTO `student_main_classlog` VALUES (1,2560,'3434',0,9,0,'3330500740978','2018-11-12'),(2,2560,'3436',0,9,0,'3330500740978','2018-11-12'),(3,2560,'3437',0,9,0,'3330500740978','2018-11-12'),(4,2560,'3438',0,9,0,'3330500740978','2018-11-12'),(5,2560,'3439',0,9,0,'3330500740978','2018-11-12'),(6,2560,'3447',0,9,0,'3330500740978','2018-11-12'),(7,2560,'3448',0,9,0,'3330500740978','2018-11-12'),(8,2560,'3451',0,9,0,'3330500740978','2018-11-12'),(9,2560,'3454',0,9,0,'3330500740978','2018-11-12'),(10,2560,'3455',0,9,0,'3330500740978','2018-11-12'),(11,2560,'3573',0,9,0,'3330500740978','2018-11-12'),(12,2560,'3606',0,9,0,'3330500740978','2018-11-12'),(13,2560,'3655',0,9,0,'3330500740978','2018-11-12'),(14,2560,'3435',0,9,2,'3330500740978','2018-11-12'),(15,2560,'3440',0,9,2,'3330500740978','2018-11-12'),(16,2560,'3441',0,9,2,'3330500740978','2018-11-12'),(17,2560,'3444',0,9,2,'3330500740978','2018-11-12'),(18,2560,'3445',0,9,2,'3330500740978','2018-11-12'),(19,2560,'3457',0,9,2,'3330500740978','2018-11-12'),(20,2560,'3458',0,9,2,'3330500740978','2018-11-12'),(21,2560,'3460',0,9,2,'3330500740978','2018-11-12'),(22,2560,'3461',0,9,2,'3330500740978','2018-11-12'),(23,2560,'3462',0,9,2,'3330500740978','2018-11-12'),(24,2560,'3534',0,9,2,'3330500740978','2018-11-12'),(25,2560,'3607',0,9,2,'3330500740978','2018-11-12'),(26,2560,'3634',0,9,2,'3330500740978','2018-11-12'),(27,2560,'3472',0,8,0,'3330500740978','2018-11-12'),(28,2560,'3475',0,8,0,'3330500740978','2018-11-12'),(29,2560,'3478',0,8,0,'3330500740978','2018-11-12'),(30,2560,'3480',0,8,0,'3330500740978','2018-11-12'),(31,2560,'3482',0,8,0,'3330500740978','2018-11-12'),(32,2560,'3484',0,8,0,'3330500740978','2018-11-12'),(33,2560,'3488',0,8,0,'3330500740978','2018-11-12'),(34,2560,'3489',0,8,0,'3330500740978','2018-11-12'),(35,2560,'3491',0,8,0,'3330500740978','2018-11-12'),(36,2560,'3492',0,8,0,'3330500740978','2018-11-12'),(37,2560,'3493',0,8,0,'3330500740978','2018-11-12'),(38,2560,'3497',0,8,0,'3330500740978','2018-11-12'),(39,2560,'3499',0,8,0,'3330500740978','2018-11-12'),(40,2560,'3575',0,8,0,'3330500740978','2018-11-12'),(41,2560,'3637',0,8,0,'3330500740978','2018-11-12'),(42,2560,'3473',0,8,2,'3330500740978','2018-11-12'),(43,2560,'3474',0,8,2,'3330500740978','2018-11-12'),(44,2560,'3476',0,8,2,'3330500740978','2018-11-12'),(45,2560,'3477',0,8,2,'3330500740978','2018-11-12'),(46,2560,'3479',0,8,2,'3330500740978','2018-11-12'),(47,2560,'3483',0,8,2,'3330500740978','2018-11-12'),(48,2560,'3485',0,8,2,'3330500740978','2018-11-12'),(49,2560,'3487',0,8,2,'3330500740978','2018-11-12'),(50,2560,'3490',0,8,2,'3330500740978','2018-11-12'),(51,2560,'3495',0,8,2,'3330500740978','2018-11-12'),(52,2560,'3496',0,8,2,'3330500740978','2018-11-12'),(53,2560,'3528',0,8,2,'3330500740978','2018-11-12'),(54,2560,'3568',0,8,2,'3330500740978','2018-11-12'),(55,2560,'3638',0,8,2,'3330500740978','2018-11-12'),(56,2558,'3528',0,9,2,'3330500740978','2018-11-12'),(57,2558,'3534',0,9,2,'3330500740978','2018-11-12'),(58,2558,'3568',0,9,2,'3330500740978','2018-11-12'),(59,2558,'3607',0,9,2,'3330500740978','2018-11-12'),(60,2558,'3634',0,9,2,'3330500740978','2018-11-12'),(61,2558,'3638',0,9,2,'3330500740978','2018-11-12'),(62,2559,'3435',0,9,2,'3330500740978','2018-11-12'),(63,2559,'3440',0,9,2,'3330500740978','2018-11-12'),(64,2559,'3441',0,9,2,'3330500740978','2018-11-12'),(65,2559,'3444',0,9,2,'3330500740978','2018-11-12'),(66,2559,'3445',0,9,2,'3330500740978','2018-11-12'),(67,2559,'3457',0,9,2,'3330500740978','2018-11-12'),(68,2559,'3458',0,9,2,'3330500740978','2018-11-12'),(69,2559,'3460',0,9,2,'3330500740978','2018-11-12'),(70,2559,'3461',0,9,2,'3330500740978','2018-11-12'),(71,2559,'3462',0,9,2,'3330500740978','2018-11-12'),(72,2559,'3473',0,9,2,'3330500740978','2018-11-12'),(73,2559,'3474',0,9,2,'3330500740978','2018-11-12'),(74,2559,'3476',0,9,2,'3330500740978','2018-11-12'),(75,2559,'3477',0,9,2,'3330500740978','2018-11-12'),(76,2559,'3479',0,9,2,'3330500740978','2018-11-12'),(77,2559,'3483',0,9,2,'3330500740978','2018-11-12'),(78,2559,'3485',0,9,2,'3330500740978','2018-11-12'),(79,2559,'3487',0,9,2,'3330500740978','2018-11-12'),(80,2559,'3490',0,9,2,'3330500740978','2018-11-12'),(81,2559,'3495',0,9,2,'3330500740978','2018-11-12'),(82,2559,'3496',0,9,2,'3330500740978','2018-11-12'),(83,2559,'3528',0,9,2,'3330500740978','2018-11-12'),(84,2559,'3534',0,9,2,'3330500740978','2018-11-12'),(85,2559,'3568',0,9,2,'3330500740978','2018-11-12'),(86,2559,'3607',0,9,2,'3330500740978','2018-11-12'),(87,2559,'3634',0,9,2,'3330500740978','2018-11-12'),(88,2559,'3638',0,9,2,'3330500740978','2018-11-12'),(89,2558,'3641',0,3,0,'3330500740978','2018-11-12'),(90,2558,'3642',0,3,0,'3330500740978','2018-11-12'),(91,2558,'3643',0,3,0,'3330500740978','2018-11-12'),(92,2558,'3644',0,3,0,'3330500740978','2018-11-12'),(93,2558,'3645',0,3,0,'3330500740978','2018-11-12'),(94,2558,'3646',0,3,0,'3330500740978','2018-11-12'),(95,2558,'3647',0,3,0,'3330500740978','2018-11-12'),(96,2558,'3648',0,3,0,'3330500740978','2018-11-12'),(97,2558,'3649',0,3,0,'3330500740978','2018-11-12'),(98,2558,'3650',0,3,0,'3330500740978','2018-11-12'),(99,2558,'3651',0,3,0,'3330500740978','2018-11-12'),(100,2558,'3652',0,3,0,'3330500740978','2018-11-12'),(101,2558,'3653',0,3,0,'3330500740978','2018-11-12'),(102,2558,'3654',0,3,0,'3330500740978','2018-11-12'),(103,2558,'3580',0,5,0,'3330500740978','2018-11-12'),(104,2558,'3581',0,5,0,'3330500740978','2018-11-12'),(105,2558,'3582',0,5,0,'3330500740978','2018-11-12'),(106,2558,'3583',0,5,0,'3330500740978','2018-11-12'),(107,2558,'3584',0,5,0,'3330500740978','2018-11-12'),(108,2558,'3585',0,5,0,'3330500740978','2018-11-12'),(109,2558,'3586',0,5,0,'3330500740978','2018-11-12'),(110,2558,'3587',0,5,0,'3330500740978','2018-11-12'),(111,2558,'3588',0,5,0,'3330500740978','2018-11-12'),(112,2558,'3589',0,5,0,'3330500740978','2018-11-12'),(113,2558,'3590',0,5,0,'3330500740978','2018-11-12'),(114,2558,'3591',0,5,0,'3330500740978','2018-11-12'),(115,2558,'3592',0,5,0,'3330500740978','2018-11-12'),(116,2558,'3593',0,5,0,'3330500740978','2018-11-12'),(117,2558,'3594',0,5,0,'3330500740978','2018-11-12'),(118,2558,'3595',0,5,0,'3330500740978','2018-11-12'),(119,2558,'3596',0,5,0,'3330500740978','2018-11-12'),(120,2558,'3597',0,5,0,'3330500740978','2018-11-12'),(121,2558,'3601',0,5,0,'3330500740978','2018-11-12'),(122,2558,'3602',0,5,0,'3330500740978','2018-11-12'),(123,2558,'3603',0,5,0,'3330500740978','2018-11-12'),(124,2558,'3604',0,5,0,'3330500740978','2018-11-12'),(125,2558,'3536',0,6,0,'3330500740978','2018-11-12'),(126,2558,'3537',0,6,0,'3330500740978','2018-11-12'),(127,2558,'3538',0,6,0,'3330500740978','2018-11-12'),(128,2558,'3539',0,6,0,'3330500740978','2018-11-12'),(129,2558,'3540',0,6,0,'3330500740978','2018-11-12'),(130,2558,'3548',0,6,0,'3330500740978','2018-11-12'),(131,2558,'3550',0,6,0,'3330500740978','2018-11-12'),(132,2558,'3551',0,6,0,'3330500740978','2018-11-12'),(133,2558,'3552',0,6,0,'3330500740978','2018-11-12'),(134,2559,'3641',0,4,0,'3330500740978','2018-11-12'),(135,2559,'3642',0,4,0,'3330500740978','2018-11-12'),(136,2559,'3643',0,4,0,'3330500740978','2018-11-12'),(137,2559,'3644',0,4,0,'3330500740978','2018-11-12'),(138,2559,'3645',0,4,0,'3330500740978','2018-11-12'),(139,2559,'3646',0,4,0,'3330500740978','2018-11-12'),(140,2559,'3647',0,4,0,'3330500740978','2018-11-12'),(141,2559,'3648',0,4,0,'3330500740978','2018-11-12'),(142,2559,'3649',0,4,0,'3330500740978','2018-11-12'),(143,2559,'3650',0,4,0,'3330500740978','2018-11-12'),(144,2559,'3651',0,4,0,'3330500740978','2018-11-12'),(145,2559,'3652',0,4,0,'3330500740978','2018-11-12'),(146,2559,'3653',0,4,0,'3330500740978','2018-11-12'),(147,2559,'3654',0,4,0,'3330500740978','2018-11-12'),(148,2559,'3554',0,6,0,'3330500740978','2018-11-12'),(149,2559,'3555',0,6,0,'3330500740978','2018-11-12'),(150,2559,'3557',0,6,0,'3330500740978','2018-11-12'),(151,2559,'3580',0,6,0,'3330500740978','2018-11-12'),(152,2559,'3581',0,6,0,'3330500740978','2018-11-12'),(153,2559,'3582',0,6,0,'3330500740978','2018-11-12'),(154,2559,'3583',0,6,0,'3330500740978','2018-11-12'),(155,2559,'3584',0,6,0,'3330500740978','2018-11-12'),(156,2559,'3585',0,6,0,'3330500740978','2018-11-12'),(157,2559,'3586',0,6,0,'3330500740978','2018-11-12'),(158,2559,'3587',0,6,0,'3330500740978','2018-11-12'),(159,2559,'3588',0,6,0,'3330500740978','2018-11-12'),(160,2559,'3589',0,6,0,'3330500740978','2018-11-12'),(161,2559,'3590',0,6,0,'3330500740978','2018-11-12'),(162,2559,'3591',0,6,0,'3330500740978','2018-11-12'),(163,2559,'3592',0,6,0,'3330500740978','2018-11-12'),(164,2559,'3593',0,6,0,'3330500740978','2018-11-12'),(165,2559,'3594',0,6,0,'3330500740978','2018-11-12'),(166,2559,'3595',0,6,0,'3330500740978','2018-11-12'),(167,2559,'3596',0,6,0,'3330500740978','2018-11-12'),(168,2559,'3597',0,6,0,'3330500740978','2018-11-12'),(169,2559,'3601',0,6,0,'3330500740978','2018-11-12'),(170,2559,'3602',0,6,0,'3330500740978','2018-11-12'),(171,2559,'3603',0,6,0,'3330500740978','2018-11-12'),(172,2559,'3604',0,6,0,'3330500740978','2018-11-12'),(173,2559,'3640',0,6,0,'3330500740978','2018-11-12'),(174,2559,'3504',0,6,2,'3330500740978','2018-11-12'),(175,2559,'3541',0,6,2,'3330500740978','2018-11-12'),(176,2559,'3544',0,6,2,'3330500740978','2018-11-12'),(177,2559,'3545',0,6,2,'3330500740978','2018-11-12'),(178,2559,'3546',0,6,2,'3330500740978','2018-11-12'),(179,2559,'3636',0,7,0,'3330500740978','2018-11-12'),(180,2559,'3598',21,7,1,'3330500740978','2018-11-12'),(181,2559,'3506',0,7,2,'3330500740978','2018-11-12'),(182,2559,'3509',0,7,2,'3330500740978','2018-11-12'),(183,2559,'3510',0,7,2,'3330500740978','2018-11-12'),(184,2559,'3511',0,7,2,'3330500740978','2018-11-12'),(185,2559,'3513',0,7,2,'3330500740978','2018-11-12'),(186,2559,'3526',0,7,2,'3330500740978','2018-11-12'),(187,2559,'3527',0,7,2,'3330500740978','2018-11-12'),(188,2559,'3565',0,7,2,'3330500740978','2018-11-12'),(189,2559,'3567',0,7,2,'3330500740978','2018-11-12'),(190,2559,'3574',0,7,2,'3330500740978','2018-11-12'),(191,2559,'3578',0,7,2,'3330500740978','2018-11-12'),(192,2559,'3434',0,9,0,'3330500740978','2018-11-12'),(193,2559,'3436',0,9,0,'3330500740978','2018-11-12'),(194,2559,'3437',0,9,0,'3330500740978','2018-11-12'),(195,2559,'3438',0,9,0,'3330500740978','2018-11-12'),(196,2562,'3602',8,8,2,'3349900748206','2019-09-27'),(197,2562,'3598',10,8,1,'3349900748206','2019-09-27'),(198,2562,'3541',1,9,2,'3349900748206','2019-09-27'),(199,2562,'3544',2,9,2,'3349900748206','2019-09-27'),(200,2562,'3545',3,9,2,'3349900748206','2019-09-27'),(201,2562,'3546',4,9,2,'3349900748206','2019-09-27'),(202,2562,'3559',7,9,2,'3349900748206','2019-09-27'),(203,2562,'3560',8,9,2,'3349900748206','2019-09-27'),(204,2562,'3561',9,9,2,'3349900748206','2019-09-27'),(205,2562,'3562',10,9,2,'3349900748206','2019-09-27'),(206,2562,'3577',11,9,2,'3349900748206','2019-09-27'),(207,2562,'3536',1,9,1,'3349900748206','2019-09-27'),(208,2562,'3537',2,9,1,'3349900748206','2019-09-27'),(209,2562,'3538',3,9,1,'3349900748206','2019-09-27'),(210,2562,'3539',4,9,1,'3349900748206','2019-09-27'),(211,2562,'3540',5,9,1,'3349900748206','2019-09-27'),(212,2562,'3550',7,9,1,'3349900748206','2019-09-27'),(213,2562,'3551',8,9,1,'3349900748206','2019-09-27'),(214,2562,'3552',9,9,1,'3349900748206','2019-09-27'),(215,2562,'3554',10,9,1,'3349900748206','2019-09-27'),(216,2562,'3555',11,9,1,'3331000226800','2019-09-27'),(217,2562,'3687',11,8,1,'3349900748206','2019-09-27'),(218,2562,'3738',1,2,0,'3349900748206','2019-09-27'),(219,2562,'3740',2,2,0,'3349900748206','2019-09-27'),(220,2562,'3741',3,2,0,'3349900748206','2019-09-27'),(221,2562,'3742',4,2,0,'3349900748206','2019-09-27'),(222,2562,'3743',5,2,0,'3349900748206','2019-09-27'),(223,2562,'3744',6,2,0,'3349900748206','2019-09-27'),(224,2562,'3745',7,2,0,'3349900748206','2019-09-27'),(225,2562,'3746',8,2,0,'3349900748206','2019-09-27'),(226,2562,'3641',1,6,0,'3349900748206','2019-09-27'),(227,2562,'3643',2,6,0,'3349900748206','2019-09-27'),(228,2562,'3646',3,6,0,'3349900748206','2019-09-27'),(229,2562,'3649',4,6,0,'3349900748206','2019-09-27'),(230,2562,'3650',5,6,0,'3349900748206','2019-09-27'),(231,2562,'3651',6,6,0,'3349900748206','2019-09-27'),(232,2562,'3654',7,6,0,'3349900748206','2019-09-27'),(233,2562,'3686',8,6,0,'3349900748206','2019-09-27'),(234,2562,'3659',6,9,1,'3349900748206','2019-09-27'),(235,2562,'3547',5,9,2,'3349900748206','2019-09-27'),(236,2562,'3736',6,9,2,'3349900748206','2019-09-27'),(237,2562,'3608',1,7,1,'3349900748206','2019-09-27'),(238,2562,'3609',2,7,1,'3349900748206','2019-09-27'),(239,2562,'3610',3,7,1,'3349900748206','2019-09-27'),(240,2562,'3612',4,7,1,'3349900748206','2019-09-27'),(241,2562,'3613',5,7,1,'3349900748206','2019-09-27'),(242,2562,'3615',6,7,1,'3349900748206','2019-09-27'),(243,2562,'3617',7,7,1,'3349900748206','2019-09-27'),(244,2562,'3618',8,7,1,'3349900748206','2019-09-27'),(245,2562,'3619',9,7,1,'3349900748206','2019-09-27'),(246,2562,'3620',10,7,1,'3349900748206','2019-09-27'),(247,2562,'3635',1,7,2,'3349900748206','2019-09-27'),(248,2562,'3639',2,7,2,'3349900748206','2019-09-27'),(249,2562,'3662',3,7,2,'3349900748206','2019-09-27'),(250,2562,'3623',4,7,2,'3349900748206','2019-09-27'),(251,2562,'3624',5,7,2,'3349900748206','2019-09-27'),(252,2562,'3625',6,7,2,'3349900748206','2019-09-27'),(253,2562,'3627',7,7,2,'3349900748206','2019-09-27'),(254,2562,'3628',8,7,2,'3349900748206','2019-09-27'),(255,2562,'3629',9,7,2,'3349900748206','2019-09-27'),(256,2562,'3630',10,7,2,'3349900748206','2019-09-27'),(257,2562,'3718',11,7,2,'3349900748206','2019-09-27'),(258,2562,'3664',1,5,0,'3349900748206','2019-09-27'),(259,2562,'3665',2,5,0,'3349900748206','2019-09-27'),(260,2562,'3666',3,5,0,'3349900748206','2019-09-27'),(261,2562,'3669',4,5,0,'3349900748206','2019-09-27'),(262,2562,'3670',5,5,0,'3349900748206','2019-09-27'),(263,2562,'3671',6,5,0,'3349900748206','2019-09-27'),(264,2562,'3672',7,5,0,'3349900748206','2019-09-27'),(265,2562,'3674',8,5,0,'3349900748206','2019-09-27'),(266,2562,'3717',9,5,0,'3349900748206','2019-09-27'),(267,2562,'3676',10,5,0,'3349900748206','2019-09-27'),(268,2562,'3677',11,5,0,'3349900748206','2019-09-27'),(269,2562,'3678',12,5,0,'3349900748206','2019-09-27'),(270,2562,'3679',13,5,0,'3349900748206','2019-09-27'),(271,2562,'3680',14,5,0,'3349900748206','2019-09-27'),(272,2562,'3681',15,5,0,'3349900748206','2019-09-27'),(273,2562,'3693',2,4,0,'3349900748206','2019-09-27'),(275,2562,'3695',4,4,0,'3349900748206','2019-09-27'),(276,2562,'3696',5,4,0,'3349900748206','2019-09-27'),(277,2562,'3697',6,4,0,'3349900748206','2019-09-27'),(278,2562,'3698',7,4,0,'3349900748206','2019-09-27'),(279,2562,'3699',8,4,0,'3349900748206','2019-09-27'),(280,2562,'3700',9,4,0,'3349900748206','2019-09-27'),(281,2562,'3701',10,4,0,'3349900748206','2019-09-27'),(282,2562,'3702',11,4,0,'3349900748206','2019-09-27'),(283,2562,'3716',12,4,0,'3349900748206','2019-09-27'),(284,2562,'3703',13,4,0,'3349900748206','2019-09-27'),(285,2562,'3704',14,4,0,'3349900748206','2019-09-27'),(286,2562,'3707',15,4,0,'3349900748206','2019-09-27'),(287,2562,'3708',16,4,0,'3349900748206','2019-09-27'),(288,2562,'3709',17,4,0,'3349900748206','2019-09-27'),(289,2562,'3711',18,4,0,'3349900748206','2019-09-27'),(290,2562,'3747',19,4,0,'3349900748206','2019-09-27'),(291,2562,'3692',1,4,0,'3349900748206','2019-09-27'),(292,2562,'3719',1,3,0,'3349900748206','2019-09-27'),(293,2562,'3720',2,3,0,'3349900748206','2019-09-27'),(294,2562,'3721',3,3,0,'3349900748206','2019-09-27'),(295,2562,'3722',4,3,0,'3349900748206','2019-09-27'),(296,2562,'3723',5,3,0,'3349900748206','2019-09-27'),(297,2562,'3724',6,3,0,'3349900748206','2019-09-27'),(298,2562,'3725',7,3,0,'3349900748206','2019-09-27'),(299,2562,'3726',8,3,0,'3349900748206','2019-09-27'),(300,2562,'3727',9,3,0,'3349900748206','2019-09-27'),(301,2562,'3728',10,3,0,'3349900748206','2019-09-27'),(302,2562,'3729',11,3,0,'3349900748206','2019-09-27'),(303,2562,'3730',12,3,0,'3349900748206','2019-09-27'),(304,2562,'3737',13,3,0,'3349900748206','2019-09-27'),(305,2562,'3731',14,3,0,'3349900748206','2019-09-27'),(306,2562,'3732',15,3,0,'3349900748206','2019-09-27'),(307,2562,'3733',16,3,0,'3349900748206','2019-09-27'),(308,2562,'3734',17,3,0,'3349900748206','2019-09-27'),(309,2562,'3735',18,3,0,'3349900748206','2019-09-27'),(310,2562,'3580',1,8,1,'3349900748206','2019-09-27'),(311,2562,'3581',2,8,1,'3349900748206','2019-09-27'),(312,2562,'3582',3,8,1,'3349900748206','2019-09-27'),(313,2562,'3583',4,8,1,'3349900748206','2019-09-27'),(314,2562,'3585',1,8,2,'3349900748206','2019-09-27'),(315,2562,'3586',2,8,2,'3349900748206','2019-09-27'),(316,2562,'3587',3,8,2,'3349900748206','2019-09-27'),(317,2562,'3589',5,8,1,'3349900748206','2019-09-27'),(318,2562,'3590',6,8,1,'3349900748206','2019-09-27'),(319,2562,'3591',7,8,1,'3349900748206','2019-09-27'),(320,2562,'3592',8,8,1,'3349900748206','2019-09-27'),(321,2562,'3594',9,8,1,'3349900748206','2019-09-27'),(322,2562,'3596',5,8,2,'3349900748206','2019-09-27'),(323,2562,'3597',6,8,2,'3349900748206','2019-09-27'),(327,2562,'3601',7,8,2,'3349900748206','2019-09-27'),(325,2562,'3603',9,8,2,'3349900748206','2019-09-27'),(326,2562,'3604',4,8,2,'3349900748206','2019-09-27'),(328,2563,'3687',20,9,1,'3349900748206','2020-08-07'),(329,2563,'3585',5,9,1,'3349900748206','2020-08-07'),(330,2563,'3586',6,9,1,'3349900748206','2020-08-07'),(331,2563,'3587',7,9,1,'3349900748206','2020-08-07'),(332,2563,'3604',8,9,1,'3349900748206','2020-08-07'),(333,2563,'3596',14,9,1,'3349900748206','2020-08-07'),(334,2563,'3597',15,9,1,'3349900748206','2020-08-07'),(335,2563,'3601',17,9,1,'3349900748206','2020-08-07'),(336,2563,'3602',18,9,1,'3349900748206','2020-08-07'),(337,2563,'3603',19,9,1,'3349900748206','2020-08-07'),(338,2563,'3635',4,8,1,'3349900748206','2020-08-07'),(339,2563,'3639',5,8,1,'3349900748206','2020-08-07'),(340,2563,'3662',6,8,1,'3349900748206','2020-08-07'),(341,2563,'3623',12,8,1,'3349900748206','2020-08-07'),(342,2563,'3624',13,8,1,'3349900748206','2020-08-07'),(343,2563,'3625',14,8,1,'3349900748206','2020-08-07'),(344,2563,'3627',15,8,1,'3349900748206','2020-08-07'),(345,2563,'3628',16,8,1,'3349900748206','2020-08-07'),(346,2563,'3629',17,8,1,'3349900748206','2020-08-07'),(347,2563,'3630',18,8,1,'3349900748206','2020-08-07'),(348,2563,'3718',19,8,1,'3349900748206','2020-08-07'),(349,2563,'3777',4,7,1,'3349900748206','2020-08-07'),(350,2563,'3778',20,8,1,'3340701631297','2020-10-16'),(351,2563,'3641',1,7,1,'3349900748206','2020-08-07'),(352,2563,'3643',3,7,1,'3349900748206','2020-08-07'),(353,2563,'3646',5,7,1,'3349900748206','2020-08-07'),(354,2563,'3649',6,7,1,'3349900748206','2020-08-07'),(355,2563,'3650',7,7,1,'3349900748206','2020-08-07'),(356,2563,'3651',8,7,1,'3349900748206','2020-08-07'),(357,2563,'3654',9,7,1,'3349900748206','2020-08-07'),(358,2563,'3686',10,7,1,'3349900748206','2020-08-07'),(359,2563,'3580',1,9,1,'3349900748206','2020-08-07'),(360,2563,'3598',16,9,1,'3349900748206','2020-08-07'),(361,2563,'3594',13,9,1,'3349900748206','2020-08-07'),(362,2563,'3592',12,9,1,'3349900748206','2020-08-07'),(363,2563,'3591',11,9,1,'3349900748206','2020-08-07'),(364,2563,'3590',10,9,1,'3349900748206','2020-08-07'),(365,2563,'3589',9,9,1,'3349900748206','2020-08-07'),(366,2563,'3612',3,8,1,'3349900748206','2020-08-07'),(367,2563,'3620',11,8,1,'3349900748206','2020-08-07'),(368,2563,'3619',10,8,1,'3349900748206','2020-08-07'),(369,2563,'3618',9,8,1,'3349900748206','2020-08-07'),(370,2563,'3617',8,8,1,'3349900748206','2020-08-07'),(371,2563,'3615',7,8,1,'3349900748206','2020-08-07'),(372,2563,'3610',21,8,1,'3340701631297','2021-02-15'),(373,2563,'3613',5,8,1,'3340701631297','2020-07-03'),(374,2563,'3779',17,4,1,'3340701631297','2020-10-16'),(376,2563,'3695',3,5,2,'3340701631297','2020-10-14'),(378,2563,'3696',5,5,2,'3340701631297','2020-10-14'),(379,2563,'3698',6,5,2,'3340701631297','2020-10-14'),(380,2563,'3699',1,5,1,'3349900748206','2020-10-16'),(381,2563,'3700',2,5,1,'3349900748206','2020-10-16'),(382,2563,'3701',3,5,1,'3349900748206','2020-10-16'),(383,2563,'3702',4,5,1,'3349900748206','2020-10-16'),(384,2563,'3716',5,5,1,'3349900748206','2020-10-16'),(386,2563,'3707',7,5,1,'3349900748206','2020-10-16'),(387,2563,'3775',10,5,1,'3349900748206','2020-10-16'),(388,2563,'3776',11,5,1,'3349900748206','2020-10-16'),(389,2563,'3733',14,4,1,'3340701631297','2020-07-20'),(390,2563,'3734',15,4,1,'3340701631297','2020-07-20'),(391,2563,'3735',16,4,1,'3340701631297','2020-07-20'),(392,2563,'3732',15,4,0,'3340701631297','2020-07-03'),(393,2563,'3741',4,3,1,'3340701631297','2020-07-20'),(396,2563,'3742',7,3,1,'3340701631297','2020-07-20'),(397,2563,'3743',8,3,1,'3340701631297','2020-07-20'),(398,2563,'3744',9,3,1,'3340701631297','2020-07-20'),(399,2563,'3745',10,3,1,'3340701631297','2020-07-20'),(400,2563,'3746',9,5,1,'3349900748206','2020-10-16'),(401,2563,'3747',11,3,1,'3340701631297','2020-07-20'),(402,2563,'3748',1,2,1,'3340701631297','2020-07-20'),(403,2563,'3749',2,2,1,'3340701631297','2020-07-20'),(404,2563,'3750',3,2,1,'3340701631297','2020-07-20'),(405,2563,'3751',4,2,1,'3340701631297','2020-07-20'),(406,2563,'3752',5,2,1,'3340701631297','2020-07-20'),(407,2563,'3753',6,2,1,'3340701631297','2020-07-20'),(408,2563,'3754',7,2,1,'3340701631297','2020-07-20'),(409,2563,'3755',8,2,1,'3340701631297','2020-07-20'),(410,2563,'3756',9,2,1,'3340701631297','2020-07-20'),(411,2563,'3757',10,2,1,'3340701631297','2021-02-09'),(412,2563,'3758',11,2,1,'3340701631297','2020-07-20'),(413,2563,'3759',12,2,1,'3340701631297','2020-07-20'),(414,2563,'3760',13,2,1,'3340701631297','2020-07-20'),(415,2563,'3761',14,2,1,'3340701631297','2020-07-20'),(416,2563,'3762',15,2,1,'3340701631297','2020-07-20'),(417,2563,'3763',16,2,1,'3340701631297','2020-07-20'),(418,2563,'3764',17,2,1,'3340701631297','2020-07-20'),(419,2563,'3765',18,2,1,'3340701631297','2020-07-20'),(420,2563,'3766',19,2,1,'3340701631297','2020-07-20'),(421,2563,'3767',20,2,1,'3340701631297','2020-07-20'),(422,2563,'3768',21,2,1,'3340701631297','2020-07-20'),(423,2563,'3769',22,2,1,'3340701631297','2020-07-20'),(424,2563,'3770',23,2,1,'3340701631297','2020-07-20'),(425,2563,'3771',5,3,1,'3340701631297','2020-07-20'),(426,2563,'3772',6,3,1,'3340701631297','2020-07-20'),(427,2563,'3773',12,3,1,'3340701631297','2020-07-20'),(428,2563,'3581',2,9,1,'3349900748206','2020-08-07'),(429,2563,'3582',3,9,1,'3349900748206','2020-08-07'),(430,2563,'3583',4,9,1,'3349900748206','2020-08-07'),(472,2562,'3779',20,8,1,'3340701631297','2020-08-06'),(433,2563,'3738',1,3,1,'3340701631297','2020-07-20'),(434,2563,'3739',2,3,1,'3349900748206','2020-07-22'),(435,2563,'3740',3,3,1,'3340701631297','2020-07-20'),(436,2563,'3728',10,4,0,'3340701631297','2020-07-20'),(437,2563,'3729',10,4,1,'3340701631297','2020-07-20'),(438,2563,'3730',11,4,1,'3340701631297','2020-07-20'),(439,2563,'3737',12,4,1,'3340701631297','2020-07-20'),(440,2563,'3731',13,4,1,'3340701631297','2020-07-20'),(441,2563,'3719',1,4,1,'3340701631297','2020-07-20'),(442,2563,'3720',2,4,1,'3340701631297','2020-07-20'),(443,2563,'3721',3,4,1,'3340701631297','2020-07-20'),(444,2563,'3722',4,4,1,'3340701631297','2020-07-20'),(445,2563,'3723',5,4,1,'3340701631297','2020-07-20'),(446,2563,'3724',6,4,1,'3340701631297','2020-07-20'),(447,2563,'3725',7,4,1,'3340701631297','2020-07-20'),(448,2563,'3726',8,4,1,'3340701631297','2020-07-20'),(449,2563,'3727',9,4,1,'3340701631297','2020-07-20'),(450,2563,'3692',1,5,2,'3340701631297','2020-10-14'),(451,2563,'3693',2,5,2,'3340701631297','2020-10-14'),(480,2563,'3774',6,5,1,'3340701631297','2020-10-28'),(481,2563,'3697',4,5,2,'3340701631297','2020-11-03'),(452,2563,'3703',7,5,2,'3349900748206','2020-10-16'),(453,2563,'3704',8,5,2,'3349900748206','2020-10-16'),(454,2563,'3708',9,5,2,'3349900748206','2020-10-16'),(455,2563,'3709',10,5,2,'3349900748206','2020-10-16'),(456,2563,'3711',8,5,1,'3349900748206','2020-10-16'),(457,2563,'3664',1,6,1,'3349900748206','2020-08-07'),(458,2563,'3665',2,6,1,'3349900748206','2020-08-07'),(459,2563,'3666',3,6,1,'3349900748206','2020-08-07'),(460,2563,'3669',4,6,1,'3349900748206','2020-08-07'),(461,2563,'3670',5,6,1,'3349900748206','2020-08-07'),(462,2563,'3671',6,6,1,'3349900748206','2020-08-07'),(463,2563,'3672',7,6,1,'3349900748206','2020-08-07'),(464,2563,'3674',8,6,1,'3349900748206','2020-08-07'),(465,2563,'3717',9,6,1,'3349900748206','2020-08-07'),(466,2563,'3676',10,6,1,'3349900748206','2020-08-07'),(467,2563,'3677',11,6,1,'3349900748206','2020-08-07'),(468,2563,'3678',12,6,1,'3349900748206','2020-08-07'),(469,2563,'3679',13,6,1,'3349900748206','2020-08-07'),(470,2563,'3680',14,6,1,'3349900748206','2020-08-07'),(471,2563,'3681',15,6,1,'3349900748206','2020-08-07'),(473,2562,'3777',3,7,1,'3340701631297','2020-08-06'),(474,2562,'3778',4,7,1,'3340701631297','2020-08-06'),(475,2563,'3642',2,7,1,'3349900748206','2020-08-07'),(476,2563,'3608',1,8,1,'3349900748206','2020-08-07'),(477,2563,'3609',2,8,1,'3349900748206','2020-08-07'),(478,2563,'3780',11,5,2,'3340701631297','2020-10-16'),(479,2563,'3616',20,8,1,'3340701631297','2021-02-15'),(482,2564,'3765',18,3,1,'3340701631297','2021-07-14'),(483,2564,'3803',17,3,1,'3340701631297','2021-07-14'),(484,2564,'3804',19,3,1,'3340701631297','2021-07-14'),(485,2564,'3770',24,3,1,'3340701631297','2021-07-14'),(486,2564,'3769',23,3,1,'3340701631297','2021-07-14'),(487,2564,'3768',22,3,1,'3340701631297','2021-07-14'),(488,2564,'3767',21,3,1,'3340701631297','2021-07-14'),(489,2564,'3766',20,3,1,'3340701631297','2021-07-14'),(490,2564,'3764',18,3,1,'3340701631297','2021-07-14'),(491,2564,'3763',16,3,1,'3340701631297','2021-07-14'),(492,2564,'3771',1,4,1,'3340701631297','2021-07-14'),(493,2564,'3738',2,4,1,'3340701631297','2021-07-14'),(494,2564,'3772',3,4,1,'3340701631297','2021-07-14'),(495,2564,'3805',4,4,1,'3340701631297','2021-07-14'),(496,2564,'3739',5,4,1,'3340701631297','2021-07-14'),(497,2564,'3740',6,4,1,'3340701631297','2021-07-14'),(498,2564,'3741',7,4,1,'3340701631297','2021-07-14'),(499,2564,'3773',8,4,1,'3340701631297','2021-07-14'),(500,2564,'3742',9,4,1,'3340701631297','2021-07-14'),(501,2564,'3743',10,4,1,'3340701631297','2021-07-14'),(502,2564,'3744',11,4,1,'3340701631297','2021-07-14'),(503,2564,'3747',12,4,1,'3340701631297','2021-07-14'),(504,2564,'3745',14,4,1,'3340701631297','2021-07-14'),(505,2564,'3806',13,4,1,'3340701631297','2021-07-14'),(506,2564,'3724',7,5,1,'3340701631297','2021-07-14'),(507,2564,'3779',6,5,1,'3340701631297','2021-07-14'),(508,2564,'3725',8,5,1,'3340701631297','2021-07-14'),(509,2564,'3737',9,5,1,'3340701631297','2021-07-14'),(510,2564,'3726',10,5,1,'3340701631297','2021-07-14'),(511,2564,'3727',11,5,1,'3340701631297','2021-07-14'),(512,2564,'3729',12,5,1,'3340701631297','2021-07-14'),(513,2564,'3730',13,5,1,'3340701631297','2021-07-14'),(514,2564,'3731',14,5,1,'3340701631297','2021-07-14'),(515,2564,'3733',15,5,1,'3340701631297','2021-07-14'),(516,2564,'3734',16,5,1,'3340701631297','2021-07-14'),(517,2564,'3735',17,5,1,'3340701631297','2021-07-14'),(606,2564,'3782',2,2,1,'3340701631297','2021-07-14'),(605,2564,'3781',1,2,1,'3340701631297','2021-07-14'),(518,2564,'3748',1,3,1,'3340701631297','2021-07-14'),(519,2564,'3749',2,3,1,'3340701631297','2021-07-14'),(520,2564,'3750',3,3,1,'3340701631297','2021-07-14'),(521,2564,'3751',4,3,1,'3340701631297','2021-07-14'),(522,2564,'3752',5,3,1,'3340701631297','2021-07-14'),(523,2564,'3753',6,3,1,'3340701631297','2021-07-14'),(524,2564,'3754',7,3,1,'3340701631297','2021-07-14'),(525,2564,'3755',8,3,1,'3340701631297','2021-07-14'),(526,2564,'3756',9,3,1,'3340701631297','2021-07-14'),(527,2564,'3757',10,3,1,'3340701631297','2021-07-14'),(528,2564,'3758',11,3,1,'3340701631297','2021-07-14'),(529,2564,'3759',12,3,1,'3340701631297','2021-07-14'),(530,2564,'3760',13,3,1,'3340701631297','2021-07-14'),(531,2564,'3761',14,3,1,'3340701631297','2021-07-14'),(532,2564,'3762',15,3,1,'3340701631297','2021-07-14'),(533,2564,'3719',1,5,1,'3340701631297','2021-07-14'),(534,2564,'3720',2,5,1,'3340701631297','2021-07-14'),(535,2564,'3721',3,5,1,'3340701631297','2021-07-14'),(536,2564,'3722',4,5,1,'3340701631297','2021-07-14'),(537,2564,'3723',5,5,1,'3340701631297','2021-07-14'),(538,2564,'3699',10,6,1,'3340701631297','2021-07-14'),(539,2564,'3700',11,6,1,'3340701631297','2021-07-14'),(540,2564,'3701',12,6,1,'3340701631297','2021-07-14'),(541,2564,'3702',13,6,1,'3340701631297','2021-07-14'),(542,2564,'3716',9,6,1,'3340701631297','2021-07-14'),(543,2564,'3774',7,6,1,'3340701631297','2021-07-14'),(544,2564,'3707',18,6,1,'3340701631297','2021-07-14'),(545,2564,'3711',22,6,1,'3340701631297','2021-07-14'),(546,2564,'3746',19,6,1,'3340701631297','2021-07-14'),(547,2564,'3775',15,6,1,'3340701631297','2021-07-14'),(548,2564,'3776',14,6,1,'3340701631297','2021-07-14'),(549,2564,'3692',1,6,1,'3340701631297','2021-07-14'),(550,2564,'3693',3,6,1,'3340701631297','2021-07-14'),(551,2564,'3695',4,6,1,'3340701631297','2021-07-14'),(552,2564,'3697',5,6,1,'3340701631297','2021-07-14'),(553,2564,'3696',6,6,1,'3340701631297','2021-07-14'),(554,2564,'3698',8,6,1,'3340701631297','2021-07-14'),(555,2564,'3703',16,6,1,'3340701631297','2021-07-14'),(556,2564,'3704',17,6,1,'3340701631297','2021-07-14'),(557,2564,'3708',20,6,1,'3340701631297','2021-07-14'),(558,2564,'3709',21,6,1,'3340701631297','2021-07-14'),(559,2564,'3780',23,6,1,'3340701631297','2021-07-14'),(560,2564,'3664',1,7,1,'3340701631297','2021-07-14'),(561,2564,'3665',2,7,1,'3340701631297','2021-07-14'),(562,2564,'3666',3,7,1,'3340701631297','2021-07-14'),(563,2564,'3669',4,7,1,'3340701631297','2021-07-14'),(564,2564,'3670',5,7,1,'3340701631297','2021-07-14'),(565,2564,'3671',6,7,1,'3340701631297','2021-07-14'),(566,2564,'3672',7,7,1,'3340701631297','2021-07-14'),(567,2564,'3674',8,7,1,'3340701631297','2021-07-14'),(568,2564,'3717',9,7,1,'3340701631297','2021-07-14'),(569,2564,'3676',10,7,1,'3340701631297','2021-07-14'),(570,2564,'3677',11,7,1,'3340701631297','2021-07-14'),(571,2564,'3678',12,7,1,'3340701631297','2021-07-14'),(572,2564,'3679',13,7,1,'3340701631297','2021-07-14'),(573,2564,'3680',14,7,1,'3340701631297','2021-07-14'),(574,2564,'3681',15,7,1,'3340701631297','2021-07-14'),(575,2564,'3641',1,8,1,'3340701631297','2021-07-14'),(576,2564,'3642',2,8,1,'3340701631297','2021-07-14'),(577,2564,'3643',3,8,1,'3340701631297','2021-07-14'),(578,2564,'3777',4,8,1,'3340701631297','2021-07-14'),(579,2564,'3646',5,8,1,'3340701631297','2021-07-14'),(580,2564,'3649',6,8,1,'3340701631297','2021-07-14'),(581,2564,'3650',7,8,1,'3340701631297','2021-07-14'),(582,2564,'3651',8,8,1,'3340701631297','2021-07-14'),(583,2564,'3654',9,8,1,'3340701631297','2021-07-14'),(584,2564,'3608',1,9,1,'3340701631297','2021-07-14'),(585,2564,'3609',2,9,1,'3340701631297','2021-07-14'),(586,2564,'3612',3,9,1,'3340701631297','2021-07-14'),(587,2564,'3635',4,9,1,'3340701631297','2021-07-14'),(588,2564,'3639',5,9,1,'3340701631297','2021-07-14'),(589,2564,'3662',6,9,1,'3340701631297','2021-07-14'),(590,2564,'3615',7,9,1,'3340701631297','2021-07-14'),(591,2564,'3617',8,9,1,'3340701631297','2021-07-14'),(592,2564,'3618',9,9,1,'3340701631297','2021-07-14'),(593,2564,'3619',10,9,1,'3340701631297','2021-07-14'),(594,2564,'3620',11,9,1,'3340701631297','2021-07-14'),(595,2564,'3623',12,9,1,'3340701631297','2021-07-14'),(596,2564,'3624',13,9,1,'3340701631297','2021-07-14'),(597,2564,'3625',14,9,1,'3340701631297','2021-07-14'),(598,2564,'3627',15,9,1,'3340701631297','2021-07-14'),(599,2564,'3628',16,9,1,'3340701631297','2021-07-14'),(600,2564,'3629',17,9,1,'3340701631297','2021-07-14'),(601,2564,'3630',18,9,1,'3340701631297','2021-07-14'),(602,2564,'3718',19,9,1,'3340701631297','2021-07-14'),(603,2564,'3616',20,9,1,'3340701631297','2021-07-14'),(604,2564,'3610',21,9,1,'3340701631297','2021-07-14'),(607,2564,'3783',3,2,1,'3340701631297','2021-07-14'),(608,2564,'3784',4,2,1,'3340701631297','2021-07-14'),(609,2564,'3785',5,2,1,'3340701631297','2021-07-14'),(610,2564,'3786',6,2,1,'3340701631297','2021-07-14'),(611,2564,'3787',7,2,1,'3340701631297','2021-07-14'),(628,2564,'3807',9,2,1,'3340701631297','2022-04-19'),(613,2564,'3789',8,2,1,'3340701631297','2022-04-19'),(614,2564,'3790',10,2,1,'3340701631297','2021-07-14'),(615,2564,'3791',11,2,1,'3340701631297','2021-07-15'),(616,2564,'3792',12,2,1,'3340701631297','2021-07-14'),(617,2564,'3793',13,2,1,'3340701631297','2021-07-14'),(618,2564,'3794',14,2,1,'3340701631297','2021-07-14'),(619,2564,'3795',15,2,1,'3340701631297','2021-07-14'),(620,2564,'3796',16,2,1,'3340701631297','2021-07-15'),(621,2564,'3797',17,2,1,'3340701631297','2021-07-14'),(622,2564,'3798',18,2,1,'3340701631297','2021-07-14'),(623,2564,'3799',19,2,1,'3340701631297','2021-07-14'),(624,2564,'3800',20,2,1,'3340701631297','2021-07-14'),(625,2564,'3801',21,2,1,'3340701631297','2021-07-14'),(626,2564,'3802',22,2,1,'3340701631297','2021-07-14'),(627,2564,'3694',2,6,1,'3340701631297','2021-07-14'),(629,2564,'3808',15,4,0,'3340701631297','2022-04-06'),(630,2565,'3808',15,5,1,'3340701631297','2022-05-25'),(631,2565,'3771',1,5,1,'3340701631297','2022-05-25'),(632,2565,'3772',3,5,1,'3340701631297','2022-05-25'),(633,2565,'3809',1,2,1,'3340701631297','2022-06-20'),(634,2565,'3810',2,2,1,'3340701631297','2022-06-20'),(635,2565,'3811',3,2,1,'3340701631297','2022-07-26'),(636,2565,'3813',5,2,1,'3340701631297','2022-06-20'),(637,2565,'3814',6,2,1,'3340701631297','2022-06-20'),(695,2565,'3837',19,6,1,'3340701631297','2023-03-17'),(639,2565,'3816',8,2,1,'3340701631297','2022-06-20'),(640,2565,'3817',9,2,1,'3340701631297','2022-06-20'),(641,2565,'3818',10,2,1,'3340701631297','2022-06-20'),(642,2565,'3819',11,2,1,'3340701631297','2022-06-20'),(643,2565,'3820',12,2,1,'3340701631297','2022-06-20'),(644,2565,'3821',13,2,1,'3340701631297','2022-06-20'),(645,2565,'3822',14,2,1,'3340701631297','2022-06-20'),(646,2565,'3812',4,2,1,'3340701631297','2022-06-20'),(647,2565,'3823',15,2,1,'3340701631297','2022-06-20'),(648,2565,'3824',16,2,1,'3340701631297','2022-06-20'),(649,2565,'3786',6,3,1,'3340701631297','2022-06-20'),(650,2565,'3787',7,3,1,'3340701631297','2022-06-20'),(651,2565,'3789',8,3,1,'3340701631297','2022-06-20'),(652,2565,'3825',9,3,1,'3340701631297','2022-06-20'),(653,2565,'3826',12,3,1,'3340701631297','2022-06-20'),(654,2565,'3827',14,3,1,'3340701631297','2022-06-20'),(655,2565,'3793',15,3,1,'3340701631297','2022-06-20'),(656,2565,'3794',16,3,1,'3340701631297','2022-06-20'),(657,2565,'3795',17,3,1,'3340701631297','2022-06-20'),(658,2565,'3796',18,3,1,'3340701631297','2022-06-20'),(659,2565,'3797',19,3,1,'3340701631297','2022-06-20'),(660,2565,'3798',21,3,1,'3340701631297','2022-06-20'),(661,2565,'3799',22,3,1,'3340701631297','2022-06-20'),(662,2565,'3800',23,3,1,'3340701631297','2022-06-20'),(663,2565,'3802',26,3,1,'3340701631297','2022-06-20'),(697,2565,'3641',1,9,1,'3340701631297','2023-05-29'),(665,2565,'3829',24,3,1,'3340701631297','2022-06-20'),(666,2565,'3801',25,3,1,'3340701631297','2022-06-20'),(667,2565,'3807',10,3,1,'3340701631297','2022-06-20'),(668,2565,'3790',11,3,1,'3340701631297','2022-06-20'),(669,2565,'3791',28,3,1,'3340701631297','2022-06-20'),(670,2565,'3792',13,3,1,'3340701631297','2022-06-20'),(671,2565,'3828',20,3,1,'3340701631297','2022-06-20'),(672,2565,'3831',9,4,1,'3340701631297','2022-06-20'),(673,2565,'3832',18,4,1,'3340701631297','2022-06-20'),(674,2565,'3770',26,4,1,'3340701631297','2022-06-20'),(675,2565,'3769',25,4,1,'3340701631297','2022-06-20'),(676,2565,'3768',24,4,1,'3340701631297','2022-09-21'),(677,2565,'3767',23,4,1,'3340701631297','2022-06-20'),(678,2565,'3766',22,4,1,'3340701631297','2022-06-20'),(679,2565,'3764',21,4,1,'3340701631297','2022-06-20'),(680,2565,'3804',20,4,1,'3340701631297','2022-06-20'),(681,2565,'3763',19,4,1,'3340701631297','2022-06-20'),(682,2565,'3803',15,4,1,'3340701631297','2022-06-20'),(683,2565,'3762',17,4,1,'3340701631297','2022-06-20'),(684,2565,'3761',16,4,1,'3340701631297','2022-06-20'),(685,2565,'3760',14,4,1,'3340701631297','2022-06-20'),(686,2565,'3759',13,4,1,'3340701631297','2022-06-20'),(687,2565,'3758',12,4,1,'3340701631297','2022-06-20'),(688,2565,'3757',11,4,1,'3340701631297','2022-06-20'),(689,2565,'3756',10,4,1,'3340701631297','2022-09-21'),(690,2565,'3783',3,3,1,'3340701631297','2022-06-20'),(691,2565,'3773',8,5,1,'3340701631297','2022-06-20'),(692,2565,'3833',9,6,1,'3340701631297','2022-06-20'),(693,2565,'3737',10,6,1,'3340701631297','2022-06-20'),(694,2565,'3834',24,7,1,'3340701631297','2022-09-17'),(696,2565,'3721',3,6,1,'3340701631297','2023-03-17'),(698,2565,'3642',2,9,1,'3340701631297','2023-05-29'),(699,2565,'3643',3,9,1,'3340701631297','2023-05-29'),(700,2565,'3777',4,9,1,'3340701631297','2023-05-29'),(701,2565,'3646',5,9,1,'3340701631297','2023-05-29'),(702,2565,'3649',6,9,1,'3340701631297','2023-05-29'),(703,2565,'3650',7,9,1,'3340701631297','2023-05-29'),(704,2565,'3651',8,9,1,'3340701631297','2023-05-29'),(705,2565,'3654',9,9,1,'3340701631297','2023-05-29'),(706,2565,'3679',13,8,1,'3340701631297','2023-05-29'),(707,2565,'3680',14,8,1,'3340701631297','2023-05-29'),(708,2565,'3681',15,8,1,'3340701631297','2023-05-29'),(709,2565,'3664',1,8,1,'3340701631297','2023-05-29'),(710,2565,'3665',2,8,1,'3340701631297','2023-05-29'),(711,2565,'3666',3,8,1,'3340701631297','2023-05-29'),(712,2565,'3669',4,8,1,'3340701631297','2023-05-29'),(713,2565,'3670',5,8,1,'3340701631297','2023-05-29'),(714,2565,'3671',6,8,1,'3340701631297','2023-05-29'),(715,2565,'3672',7,8,1,'3340701631297','2023-05-29'),(716,2565,'3674',8,8,1,'3340701631297','2023-05-29'),(717,2565,'3717',9,8,1,'3340701631297','2023-05-29'),(718,2565,'3676',10,8,1,'3340701631297','2023-05-29'),(719,2565,'3677',11,8,1,'3340701631297','2023-05-29'),(720,2565,'3678',12,8,1,'3340701631297','2023-05-29'),(721,2565,'3692',1,7,1,'3340701631297','2023-05-29'),(722,2565,'3694',2,7,1,'3340701631297','2023-05-29'),(723,2565,'3693',3,7,1,'3340701631297','2023-05-29'),(724,2565,'3695',4,7,1,'3340701631297','2023-05-29'),(725,2565,'3697',5,7,1,'3340701631297','2023-05-29'),(726,2565,'3696',6,7,1,'3340701631297','2023-05-29'),(727,2565,'3774',7,7,1,'3340701631297','2023-05-29'),(728,2565,'3698',8,7,1,'3340701631297','2023-05-29'),(729,2565,'3716',9,7,1,'3340701631297','2023-05-29'),(730,2565,'3699',10,7,1,'3340701631297','2023-05-29'),(731,2565,'3700',11,7,1,'3340701631297','2023-05-29'),(732,2565,'3701',12,7,1,'3340701631297','2023-05-29'),(733,2565,'3702',13,7,1,'3340701631297','2023-05-29'),(734,2565,'3776',14,7,1,'3340701631297','2023-05-29'),(735,2565,'3775',15,7,1,'3340701631297','2023-05-29'),(736,2565,'3703',16,7,1,'3340701631297','2023-05-29'),(737,2565,'3704',17,7,1,'3340701631297','2023-05-29'),(738,2565,'3707',18,7,1,'3340701631297','2023-05-29'),(739,2565,'3746',19,7,1,'3340701631297','2023-05-29'),(740,2565,'3708',20,7,1,'3340701631297','2023-05-29'),(741,2565,'3709',21,7,1,'3340701631297','2023-05-29'),(742,2565,'3711',22,7,1,'3340701631297','2023-05-29'),(743,2565,'3780',23,7,1,'3340701631297','2023-05-29'),(744,2565,'3719',1,6,1,'3340701631297','2023-05-29'),(745,2565,'3720',2,6,1,'3340701631297','2023-05-29'),(746,2565,'3722',4,6,1,'3340701631297','2023-05-29'),(747,2565,'3723',5,6,1,'3340701631297','2023-05-29'),(748,2565,'3779',6,6,1,'3340701631297','2023-05-29'),(749,2565,'3724',7,6,1,'3340701631297','2023-05-29'),(750,2565,'3725',8,6,1,'3340701631297','2023-05-29'),(751,2565,'3726',10,6,1,'3340701631297','2023-05-29'),(752,2565,'3727',11,6,1,'3340701631297','2023-05-29'),(753,2565,'3729',12,6,1,'3340701631297','2023-05-29'),(754,2565,'3730',13,6,1,'3340701631297','2023-05-29'),(755,2565,'3731',14,6,1,'3340701631297','2023-05-29'),(756,2565,'3733',15,6,1,'3340701631297','2023-05-29'),(757,2565,'3734',16,6,1,'3340701631297','2023-05-29'),(758,2565,'3735',17,6,1,'3340701631297','2023-05-29'),(759,2565,'3738',2,5,1,'3340701631297','2023-05-29'),(760,2565,'3805',4,5,1,'3340701631297','2023-05-29'),(761,2565,'3739',5,5,1,'3340701631297','2023-05-29'),(762,2565,'3740',6,5,1,'3340701631297','2023-05-29'),(763,2565,'3741',7,5,1,'3340701631297','2023-05-29'),(764,2565,'3742',9,5,1,'3340701631297','2023-05-29'),(765,2565,'3743',10,5,1,'3340701631297','2023-05-29'),(766,2565,'3744',11,5,1,'3340701631297','2023-05-29'),(767,2565,'3747',12,5,1,'3340701631297','2023-05-29'),(768,2565,'3806',13,5,1,'3340701631297','2023-05-29'),(769,2565,'3745',14,5,1,'3340701631297','2023-05-29'),(770,2565,'3748',1,4,1,'3340701631297','2023-05-29'),(771,2565,'3749',2,4,1,'3340701631297','2023-05-29'),(772,2565,'3750',3,4,1,'3340701631297','2023-05-29'),(773,2565,'3751',4,4,1,'3340701631297','2023-05-29'),(774,2565,'3752',5,4,1,'3340701631297','2023-05-29'),(775,2565,'3753',6,4,1,'3340701631297','2023-05-29'),(776,2565,'3754',7,4,1,'3340701631297','2023-05-29'),(777,2565,'3755',8,4,1,'3340701631297','2023-05-29'),(778,2565,'3781',1,3,1,'3340701631297','2023-05-29'),(779,2565,'3782',2,3,1,'3340701631297','2023-05-29'),(780,2565,'3784',4,3,1,'3340701631297','2023-05-29'),(781,2565,'3785',5,3,1,'3340701631297','2023-05-29'),(782,2566,'3709',21,8,1,'1349900353019','2023-05-29'),(783,2566,'3708',15,8,1,'1349900353019','2023-05-29'),(784,2566,'3694',3,8,1,'1349900353019','2023-05-29'),(785,2566,'3693',2,8,1,'1349900353019','2023-05-29'),(786,2566,'3698',7,8,1,'1349900353019','2023-05-29'),(787,2566,'3774',19,8,1,'1349900353019','2023-05-29'),(788,2566,'3699',8,8,1,'1349900353019','2023-05-29'),(789,2566,'3700',9,8,1,'1349900353019','2023-05-29'),(790,2566,'3701',10,8,1,'1349900353019','2023-05-29'),(791,2566,'3702',11,8,1,'1349900353019','2023-05-29'),(792,2566,'3703',12,8,1,'1349900353019','2023-05-29'),(793,2566,'3704',13,8,1,'1349900353019','2023-05-29'),(794,2566,'3707',14,8,1,'1349900353019','2023-05-29'),(795,2566,'3711',16,8,1,'1349900353019','2023-05-29'),(796,2566,'3716',17,8,1,'1349900353019','2023-05-29'),(797,2566,'3746',18,8,1,'1349900353019','2023-05-29'),(798,2566,'3776',21,8,1,'1349900353019','2023-05-29'),(799,2566,'3775',20,8,1,'1349900353019','2023-05-29'),(800,2566,'3780',22,8,1,'1349900353019','2023-05-29'),(801,2566,'3834',23,8,1,'1349900353019','2023-05-29'),(802,2566,'3839',24,8,1,'1349900353019','2023-05-29'),(803,2566,'3717',15,9,1,'1349900353019','2023-05-29'),(804,2566,'3676',9,9,1,'1349900353019','2023-05-29'),(805,2566,'3677',10,9,1,'1349900353019','2023-05-29'),(806,2566,'3678',11,9,1,'1349900353019','2023-05-29'),(807,2566,'3679',12,9,1,'1349900353019','2023-05-29'),(808,2566,'3680',13,9,1,'1349900353019','2023-05-29'),(809,2566,'3681',14,9,1,'1349900353019','2023-05-29'),(810,2566,'3835',16,9,1,'1349900353019','2023-05-29'),(811,2566,'3833',18,7,1,'3340701631297','2023-06-12'),(812,2566,'3739',2,6,1,'1349900353019','2023-05-29'),(813,2566,'3805',4,6,1,'1349900353019','2023-05-29'),(814,2566,'3840',12,6,1,'3340701631297','2023-06-12'),(815,2566,'3841',13,6,1,'3340701631297','2023-06-12'),(816,2566,'3738',1,6,1,'1349900353019','2023-05-29'),(817,2566,'3740',3,6,1,'1349900353019','2023-05-29'),(818,2566,'3741',4,6,1,'1349900353019','2023-05-29'),(819,2566,'3773',9,6,1,'3340701631297','2023-06-12'),(820,2566,'3742',5,6,1,'3340701631297','2023-06-12'),(821,2566,'3844',1,2,1,'3349800010931','2023-06-12'),(822,2566,'3845',2,2,1,'3349800010931','2023-06-12'),(823,2566,'3846',3,2,1,'3349800010931','2023-06-12'),(824,2566,'3847',4,2,1,'3349800010931','2023-06-12'),(825,2566,'3848',5,2,1,'3340701631297','2023-06-22'),(826,2566,'3849',6,2,1,'3340701631297','2023-06-22'),(827,2566,'3850',7,2,1,'3349800010931','2023-06-12'),(828,2566,'3851',8,2,1,'3349800010931','2023-06-12'),(829,2566,'3852',9,2,1,'3349800010931','2023-06-12'),(830,2566,'3853',10,2,1,'3340701631297','2023-06-12'),(831,2566,'3854',11,2,1,'3340701631297','2023-06-12'),(832,2566,'3855',12,2,1,'3340701631297','2023-06-12'),(833,2566,'3856',13,2,1,'3340701631297','2023-06-12'),(834,2566,'3857',14,2,1,'3340701631297','2023-06-22'),(835,2566,'3858',15,2,1,'3340701631297','2023-06-12'),(836,2566,'3859',16,2,1,'3340701631297','2023-06-12'),(837,2566,'3860',17,2,1,'3340701631297','2023-06-12'),(838,2566,'3861',18,2,1,'3340701631297','2023-06-12'),(839,2566,'3843',16,3,1,'3340701631297','2023-06-12'),(840,2566,'3828',20,4,1,'3340701631297','2023-06-12'),(841,2566,'3801',25,4,1,'3340701631297','2023-06-12'),(842,2566,'3842',25,4,1,'3340701631297','2023-06-12'),(843,2566,'3836',27,5,1,'3340701631297','2023-06-12'),(844,2566,'3756',9,5,1,'3340701631297','2023-06-12'),(845,2566,'3831',25,5,1,'3340701631297','2023-07-04'),(846,2566,'3803',23,5,1,'3340701631297','2023-06-12'),(847,2566,'3763',16,5,1,'3340701631297','2023-06-12'),(848,2566,'3761',14,5,1,'3340701631297','2023-06-12'),(849,2566,'3757',10,5,1,'3340701631297','2023-06-12'),(850,2566,'3758',11,5,1,'3340701631297','2023-06-12'),(851,2566,'3762',15,5,1,'3340701631297','2023-06-12'),(852,2566,'3759',12,5,1,'3340701631297','2023-06-12'),(853,2566,'3760',13,5,1,'3340701631297','2023-06-12'),(854,2566,'3764',17,5,1,'3340701631297','2023-06-12'),(855,2566,'3766',18,5,1,'3340701631297','2023-06-12'),(856,2566,'3767',19,5,1,'3340701631297','2023-06-12'),(857,2566,'3768',20,5,1,'3340701631297','2023-06-12'),(858,2566,'3832',26,5,1,'3340701631297','2023-06-12'),(859,2566,'3770',22,5,1,'3340701631297','2023-07-04'),(860,2566,'3804',24,5,1,'3340701631297','2023-07-04'),(861,2566,'3769',21,5,1,'3340701631297','2023-06-12'),(862,2566,'3743',6,6,1,'3340701631297','2023-06-12'),(863,2566,'3745',7,6,1,'3340701631297','2023-06-12'),(864,2566,'3747',8,6,1,'3340701631297','2023-06-12'),(865,2566,'3806',10,6,1,'3340701631297','2023-06-12'),(866,2566,'3808',11,6,1,'3340701631297','2023-06-12'),(867,2566,'3744',11,6,1,'3340701631297','2023-06-12'),(868,2566,'3779',17,7,1,'3340701631297','2023-06-12'),(869,2566,'3724',6,7,1,'3340701631297','2023-06-12'),(870,2566,'3725',7,7,1,'3340701631297','2023-06-12'),(871,2566,'3726',8,7,1,'3340701631297','2023-06-12'),(872,2566,'3727',9,7,1,'3340701631297','2023-06-12'),(873,2566,'3729',10,7,1,'3340701631297','2023-06-12'),(874,2566,'3730',11,7,1,'3340701631297','2023-06-12'),(875,2566,'3731',12,7,1,'3340701631297','2023-06-12'),(876,2566,'3733',13,7,1,'3340701631297','2023-06-12'),(877,2566,'3734',14,7,1,'3340701631297','2023-06-12'),(878,2566,'3735',15,7,1,'3340701631297','2023-06-12'),(879,2566,'3737',16,7,1,'3340701631297','2023-06-12'),(880,2566,'3829',24,4,1,'3340701631297','2023-07-02'),(881,2566,'3753',6,5,1,'3340701631297','2023-07-04'),(883,2566,'3664',1,9,1,'3340701631297','2024-09-19'),(884,2566,'3665',2,9,1,'3340701631297','2024-09-19'),(885,2566,'3666',3,9,1,'3340701631297','2024-09-19'),(886,2566,'3669',4,9,1,'3340701631297','2024-09-19'),(887,2566,'3670',5,9,1,'3340701631297','2024-09-19'),(888,2566,'3671',6,9,1,'3340701631297','2024-09-19'),(889,2566,'3672',7,9,1,'3340701631297','2024-09-19'),(890,2566,'3674',8,9,1,'3340701631297','2024-09-19'),(891,2566,'3692',1,8,1,'3340701631297','2024-09-19'),(892,2566,'3695',4,8,1,'3340701631297','2024-09-19'),(893,2566,'3697',5,8,1,'3340701631297','2024-09-19'),(894,2566,'3696',6,8,1,'3340701631297','2024-09-19'),(895,2566,'3719',1,7,1,'3340701631297','2024-09-19'),(896,2566,'3720',2,7,1,'3340701631297','2024-09-19'),(897,2566,'3721',3,7,1,'3340701631297','2024-09-19'),(898,2566,'3722',4,7,1,'3340701631297','2024-09-19'),(899,2566,'3723',5,7,1,'3340701631297','2024-09-19'),(900,2566,'3837',19,7,1,'3340701631297','2024-09-19'),(901,2566,'3748',1,5,1,'3340701631297','2024-09-19'),(902,2566,'3749',2,5,1,'3340701631297','2024-09-19'),(903,2566,'3750',3,5,1,'3340701631297','2024-09-19'),(904,2566,'3751',4,5,1,'3340701631297','2024-09-19'),(905,2566,'3752',5,5,1,'3340701631297','2024-09-19'),(906,2566,'3754',7,5,1,'3340701631297','2024-09-19'),(907,2566,'3755',8,5,1,'3340701631297','2024-09-19'),(908,2566,'3781',1,4,1,'3340701631297','2024-09-19'),(909,2566,'3782',2,4,1,'3340701631297','2024-09-19'),(910,2566,'3783',3,4,1,'3340701631297','2024-09-19'),(911,2566,'3784',4,4,1,'3340701631297','2024-09-19'),(912,2566,'3785',5,4,1,'3340701631297','2024-09-19'),(913,2566,'3786',6,4,1,'3340701631297','2024-09-19'),(914,2566,'3787',7,4,1,'3340701631297','2024-09-19'),(915,2566,'3789',8,4,1,'3340701631297','2024-09-19'),(916,2566,'3825',9,4,1,'3340701631297','2024-09-19'),(917,2566,'3807',10,4,1,'3340701631297','2024-09-19'),(918,2566,'3790',11,4,1,'3340701631297','2024-09-19'),(919,2566,'3826',12,4,1,'3340701631297','2024-09-19'),(920,2566,'3792',13,4,1,'3340701631297','2024-09-19'),(921,2566,'3827',14,4,1,'3340701631297','2024-09-19'),(922,2566,'3793',15,4,1,'3340701631297','2024-09-19'),(923,2566,'3794',16,4,1,'3340701631297','2024-09-19'),(924,2566,'3795',17,4,1,'3340701631297','2024-09-19'),(925,2566,'3796',18,4,1,'3340701631297','2024-09-19'),(926,2566,'3797',19,4,1,'3340701631297','2024-09-19'),(927,2566,'3798',21,4,1,'3340701631297','2024-09-19'),(928,2566,'3799',22,4,1,'3340701631297','2024-09-19'),(929,2566,'3800',23,4,1,'3340701631297','2024-09-19'),(930,2566,'3802',26,4,1,'3340701631297','2024-09-19'),(931,2566,'3809',1,3,1,'3340701631297','2024-09-19'),(932,2566,'3810',2,3,1,'3340701631297','2024-09-19'),(933,2566,'3811',3,3,1,'3340701631297','2024-09-19'),(934,2566,'3812',4,3,1,'3340701631297','2024-09-19'),(935,2566,'3813',5,3,1,'3340701631297','2024-09-19'),(936,2566,'3814',6,3,1,'3340701631297','2024-09-19'),(937,2566,'3816',8,3,1,'3340701631297','2024-09-19'),(938,2566,'3817',9,3,1,'3340701631297','2024-09-19'),(939,2566,'3818',10,3,1,'3340701631297','2024-09-19'),(940,2566,'3819',11,3,1,'3340701631297','2024-09-19'),(941,2566,'3820',12,3,1,'3340701631297','2024-09-19'),(942,2566,'3821',13,3,1,'3340701631297','2024-09-19'),(943,2566,'3822',14,3,1,'3340701631297','2024-09-19'),(944,2566,'3823',15,3,1,'3340701631297','2024-09-19'),(945,2566,'3824',16,3,1,'3340701631297','2024-09-19'),(946,2567,'3866',1,2,0,'3340701631297','2024-10-21'),(947,2567,'3867',2,2,0,'3340701631297','2024-10-21'),(948,2567,'3868',3,2,0,'3340701631297','2024-10-21'),(949,2567,'3869',4,2,0,'3340701631297','2024-10-21'),(950,2567,'3870',5,2,0,'3340701631297','2024-10-21'),(951,2567,'3871',6,2,0,'3340701631297','2024-10-21'),(952,2567,'3872',7,2,0,'3340701631297','2024-10-21'),(953,2567,'3873',8,2,0,'3340701631297','2024-10-21'),(954,2567,'3874',9,2,0,'3340701631297','2024-10-21'),(955,2567,'3875',10,2,0,'3340701631297','2024-10-21'),(956,2567,'3876',11,2,0,'3340701631297','2024-10-21'),(957,2567,'3877',12,2,0,'3340701631297','2024-10-21'),(958,2567,'3878',13,2,0,'3340701631297','2024-10-21'),(959,2567,'3879',14,2,0,'3340701631297','2024-10-21'),(960,2567,'3880',15,2,0,'3340701631297','2024-10-21'),(961,2567,'3881',16,2,0,'3340701631297','2024-10-21');

--
-- Table structure for table `student_main_edyear`
--

CREATE TABLE `student_main_edyear` (
  `id` int(11) NOT NULL AUTO_INCREMENT,
  `ed_year` int(11) NOT NULL,
  `year_active` tinyint(4) NOT NULL,
  PRIMARY KEY (`id`),
  UNIQUE KEY `ed_year` (`ed_year`)
) ENGINE=MyISAM AUTO_INCREMENT=17 DEFAULT CHARSET=utf8 COLLATE=utf8_general_ci;

--
-- Dumping data for table `student_main_edyear`
--

INSERT INTO `student_main_edyear` VALUES (9,2561,0),(8,2560,0),(7,2559,0),(6,2562,0),(10,2563,0),(11,2564,0),(12,2565,0),(14,2566,0),(15,2567,0),(16,2568,1);

--
-- Table structure for table `student_main_expand1`
--

CREATE TABLE `student_main_expand1` (
  `id` int(11) NOT NULL AUTO_INCREMENT,
  `person_id` varchar(13) NOT NULL,
  `e_name` varchar(50) NOT NULL,
  `e_surname` varchar(50) NOT NULL,
  `birthday` date NOT NULL,
  `blood` varchar(2) NOT NULL,
  `race` varchar(30) NOT NULL,
  `nationlity` varchar(30) NOT NULL,
  `religion` varchar(30) NOT NULL,
  `rec_date` date NOT NULL,
  PRIMARY KEY (`id`),
  UNIQUE KEY `person_id` (`person_id`)
) ENGINE=MyISAM AUTO_INCREMENT=170 DEFAULT CHARSET=utf8 COLLATE=utf8_general_ci;

--
-- Dumping data for table `student_main_expand1`
--

INSERT INTO `student_main_expand1` VALUES (1,'1341501510687','ANGKANA','CHANAKUN','2009-05-20','','','','','2021-02-15'),(2,'1100202171423','SARANPHAT','WATTHANAWIBOON','2015-01-01','','','','','2023-06-12'),(3,'1341501573646','APHISOM','NOIKHAMTAN','2014-10-25','','','','','2023-06-12'),(4,'1341501573042','CHYAPHA','ARAWON','2014-10-10','','','','','2023-05-29'),(5,'1341501574278','CHAYANIT','LUMTHONG','2014-11-07','','','','','2023-06-12'),(6,'1341501574316','Khuanchanok','kaeo-sa-nga','2014-11-10','','','','','2023-06-12'),(7,'1341501579636','APHATSARA','BOONKAEO','2015-04-19','','','','','2023-06-12'),(8,'1341501555991','Nawin','Sitthiya','2013-07-02','','','','','2023-06-12'),(9,'1341501558051','Kraengsak','Racharern','2013-09-18','','','','','2023-06-12'),(10,'1347600093290','Punyapat','Sridajit','2014-03-06','','','','','2023-06-12'),(11,'1341501560307','Pramchai','Sridajit','2013-10-23','','','','','2023-06-12'),(12,'1349700475714','Chalanwit','Chantumma','2013-09-27','','','','','2023-06-12'),(13,'1341501565996','Phuwadon','Ponpan','2014-04-03','','','','','2023-06-12'),(14,'1341501560668','Atikran','Hongbutdee','2013-11-03','','','','','2023-06-12'),(15,'1341501566046','Thanawat','Kwankum','2014-04-08','','','','','2023-06-12'),(16,'1341501567158','Mongkol','Boonyong','2014-05-09','','','','','2023-06-12'),(17,'1341501565881','Pattarapon','Wongtawee','2014-03-30','','','','','2023-06-12'),(18,'1347600087729','Ruertee','Namchumpa','2013-10-11','-','ไทย','ไทย','พุทธ','2020-07-02'),(19,'1341501554986','Wuttichai','Meangklang','2013-05-23','','','','','2023-06-12'),(20,'1341501556202','Natchanun','Ngamnat','2013-07-09','','','','','2023-06-12'),(21,'1341501564485','Thanyapron','Thanomchat','2014-02-17','-','ไทย','ไทย','พุทธ','2020-07-02'),(22,'1341501562717','Pimmada','Bukhajumpa','2013-12-25','','','','','2023-06-12'),(23,'1341501555044','Wanwisa','Kwanpak','2013-05-24','','','','','2023-06-12'),(24,'1349901918346','Ornapa','Chanakul','2013-06-13','','','','','2023-06-12'),(25,'1909400061960','Thitirat','kaisrinat','2012-05-27','','','','','2023-06-12'),(26,'1909803800680','pathapee','bootchumpee','2012-07-19','','','','','2023-06-12'),(27,'1900501244115','phatcharapon','songkhinee','2013-04-04','','','','','2023-06-12'),(28,'1341501551774','chayanon','thonglueng','2013-01-11','-','ไทย','ไทย','อิสลาม','2023-06-12'),(29,'1341501550557','wongsathorn','sewanam','2012-11-28','','','','','2023-06-12'),(30,'1349901886070','natthakit','panyong','2012-12-20','','','','','2023-06-12'),(31,'1609700310330','worawat','pankam','2013-04-06','','','','','2023-06-12'),(32,'1349901907859','songkarn','saorat','2013-04-14','','','','','2023-06-12'),(33,'1347600074058','aekalak','Champachat','2012-10-15','','','','','2023-06-12'),(34,'1348900293741','kayasit','bupasiri','2012-09-22','','','','','2023-06-12'),(35,'1349901887718','karnthida','suwanna','2012-12-28','','','','','2023-06-12'),(36,'1347600076689','chalothron','kamdee','2012-12-18','','','','','2023-06-12'),(37,'1240401265885','nudee','sriwong','2013-02-09','','','','','2023-06-12'),(38,'1349901907123','TREEYAPORN','KRUAWONG','2013-04-09','','','','','2023-06-12'),(39,'1347600069046','mintra','bunchaliaw','2012-06-13','','','','','2023-06-12'),(40,'1349901886428','rodsarin','wetkong','2012-12-22','','','','','2023-05-29'),(41,'2341501035031','Pichaya','Phongam','2012-08-01','','','','','2023-06-12'),(42,'1348900311765','prapavee','singsuwan','2013-04-30','','','','','2023-06-12'),(43,'1341501540195','Korradet','Suwanna','2011-12-25','','','','','2023-06-12'),(44,'1341501537941','Chanapon','Kaenkayot','2011-10-14','','','','','2023-06-12'),(45,'1347600059652','Thanakrit','Chaiyawan','2011-09-26','','','','','2023-06-12'),(46,'1341501536937','Pongpisit','Singsatharn','2011-09-21','','','','','2023-06-12'),(47,'1349901785788','Ratchanon','Somsuk','2011-08-27','','','','','2023-06-12'),(48,'1349901828487','Thinnakorn','Chompoo','2012-03-19','','','','','2023-06-12'),(49,'1103704765527','Papitchaya','Penkhruea','2012-06-01','','','','','2023-06-12'),(50,'1341501535558','Wootthichai','Khamchoed','2011-08-17','','','','','2023-06-12'),(51,'1341501543780','Thitiwut','Rodkumtui','2012-04-18','','','','','2023-06-12'),(52,'1341501541639','Preeyada','Jantaput','2012-02-07','','','','','2023-06-12'),(53,'1341501541698','Pimmanee','Saengsuwan','2012-02-08','','','','','2023-06-12'),(54,'1347600060278','Rungnapa','Bangkhadara','2011-10-14','','','','','2023-06-12'),(55,'1341501542244','Sutharat','Yoksaeng','2012-02-28','','','','','2023-06-12'),(56,'1347600058346','Chadaporn','Suwanna','2011-08-26','','','','','2023-06-12'),(57,'1341501539031','Chompoonoot','Pannapop','2011-11-15','','','','','2023-06-12'),(58,'1341501529302','Kawin','Lapromma','2011-02-14','','','','','2022-06-16'),(59,'1209601717231','Pathiparn','Penjam','2011-03-07','','','','','2022-06-16'),(60,'1341501529621','Thidathip','Khamcherd','2011-02-26','','','','','2022-06-16'),(61,'1459901397311','Apitchaya','Pattapee','2010-09-22','','','','','2022-06-16'),(62,'1341501525676','Parinya','Somsook','2010-10-27','','','','','2022-06-16'),(63,'1341501531927','Praewa','Phanuwat','2011-05-14','','','','','2022-06-16'),(64,'1341501530491','Wanita','Sitthisa','2011-03-27','','','','','2022-06-16'),(65,'1349700412992','Papada','Hatwee','2010-02-10','B','','','','2021-02-15'),(66,'1341501516944','-','-','2010-01-25','','','','','2021-02-15'),(67,'1349901656058','-','-','2009-10-12','','','','','2021-02-15'),(68,'1341501509000','-','-','2009-02-22','-','ไทย','ไทย','พุทธ','2020-07-02'),(69,'1341501515361','-','-','2009-11-28','A','','','','2021-02-15'),(70,'1349901675001','-','-','2010-01-07','-','ไทย','ไทย','พุทธ','2020-07-02'),(71,'1349901667581','-','-','2009-12-03','','','','','2021-02-15'),(72,'1341501512957','-','-','2009-08-25','','','','','2021-02-15'),(73,'1341501519536','-','-','2010-04-27','','','','','2021-02-15'),(74,'1349901670930','-','-','2009-12-22','','','','','2021-02-15'),(75,'1349901657887','-','-','2009-10-19','','','','','2021-02-15'),(76,'1239900496261','Tanapong','Wannakhod','2009-07-27','','','','','2021-02-15'),(77,'1169800344974','Theerapat','Hawee','2009-09-01','','','','','2021-02-15'),(78,'1341501518394','-','-','2010-03-16','','','','','2021-02-15'),(79,'1341501511632','-','-','2009-07-03','','','','','2021-02-15'),(80,'1341501514976','-','-','2009-11-19','','','','','2021-02-15'),(81,'1341501514003','-','-','2009-10-11','','','','','2021-02-15'),(82,'1349901675630','-','-','2010-01-12','','','','','2021-02-15'),(83,'1341501518157','-','-','2010-03-07','AB','','','','2021-02-15'),(84,'1341501519846','-','-','2010-05-10','','','','','2021-02-15'),(85,'1349901664247','Roongtiwa','Suwanna','2009-11-19','','','','','2021-02-15'),(86,'1349901583310','-','-','2008-09-29','O','','','','2021-02-15'),(87,'1341501504172','-','-','2008-08-13','','','','','2021-02-15'),(88,'1349901626698','-','-','2009-05-20','','','','','2021-02-15'),(89,'1349901622960','-','-','2009-04-29','','','','','2021-02-15'),(90,'1347600026088','-','-','2008-08-16','','','','','2021-02-15'),(91,'1129902110913','-','-','2008-07-31','','','','','2021-02-15'),(92,'1341501506752','-','-','2008-11-27','','','','','2021-02-15'),(93,'1349901589792','-','-','2008-11-03','','','','','2021-02-15'),(94,'1100201983882','-','-','2008-12-25','','','','','2021-02-15'),(95,'1341501506469','-','-','2008-11-14','','','','','2021-02-15'),(96,'1347600028358','SIRIWAN','PHINYO','2008-10-17','','','','','2021-02-15'),(97,'1348600061976','Thanida','Boobpasiri','2008-08-10','','','','','2021-02-15'),(98,'1341501502706','-','-','2008-06-16','','','','','2021-02-15'),(99,'1341501508097','-','-','2009-01-12','','','','','2021-02-15'),(100,'1840201318394','-','-','2008-12-17','','','','','2021-02-15'),(101,'1341501511144','PHATCHARIN','PHAKDEE','2009-06-10','','','','','2021-02-15'),(102,'1341501508313','ATHICHA ','TANGMAN','2009-01-24','','','','','2021-02-15'),(103,'1349901595415','-','-','2008-11-30','','','','','2021-02-15'),(104,'1102200279792','-','-','2009-01-03','','','','','2021-02-15'),(105,'1341501492689','-','-','2007-05-30','-','ไทย','ไทย','พุทธ','2020-07-02'),(106,'1341501496951','-','-','2007-10-26','-','ไทย','ไทย','พุทธ','2020-07-02'),(107,'1341501497877','-','-','2007-11-27','-','ไทย','ไทย','พุทธ','2020-07-02'),(108,'1347600017305','-','-','2007-09-24','-','ไทย','ไทย','พุทธ','2020-07-02'),(109,'1341501494673','-','-','2007-08-06','-','ไทย','ไทย','พุทธ','2020-07-02'),(110,'1119902393796','Chollasit','Hatrap','2007-10-27','-','ไทย','ไทย','พุทธ','2020-07-02'),(111,'1341501497079','-','-','2007-10-28','-','ไทย','ไทย','พุทธ','2020-07-02'),(112,'1341501502064','-','-','2008-05-20','-','ไทย','ไทย','พุทธ','2020-07-02'),(113,'1347600017518','-','-','2007-10-02','-','ไทย','ไทย','พุทธ','2020-07-02'),(114,'1103100987214','-','-','2007-11-24','-','ไทย','ไทย','พุทธ','2020-07-02'),(115,'1349901497804','-','-','2007-07-04','-','ไทย','ไทย','พุทธ','2020-07-02'),(116,'1347600016023','-','-','2007-08-08','-','ไทย','ไทย','พุทธ','2020-07-02'),(117,'1341501500932','-','-','2008-04-04','-','ไทย','ไทย','พุทธ','2020-07-02'),(118,'1349901524861','-','-','2007-11-14','-','ไทย','ไทย','พุทธ','2020-07-02'),(119,'1349901542371','-','-','2008-02-15','-','ไทย','ไทย','พุทธ','2020-07-02'),(120,'1341501497800','-','-','2007-11-25','-','ไทย','ไทย','พุทธ','2020-07-02'),(121,'1349500050795','sirimongkon','sawaengsub','2008-01-16','O','ไทย','ไทย','พุทธ','2020-07-02'),(122,'1770600382674','-','-','2007-05-22','-','ไทย','ไทย','พุทธ','2020-07-02'),(123,'1349901532065','-','-','2007-12-21','-','ไทย','ไทย','พุทธ','2020-07-02'),(124,'1341501502293','-','-','2008-05-28','-','ไทย','ไทย','พุทธ','2020-07-02'),(125,'1349901555201','-','-','2008-04-25','-','ไทย','ไทย','พุทธ','2020-07-02'),(126,'1341501494657','-','-','2007-08-05','-','ไทย','ไทย','พุทธ','2020-07-02'),(127,'1341501586713','SIRANYAPHAT','SAENYUD','2015-10-24','','','','','2023-06-12'),(128,'1349902089947','SUPHANNIKA','RUNGSAEN','2016-01-13','','','','','2023-06-12'),(129,'1341501583196','SUWINCHA','PHASEE','2015-08-06','','','','','2023-06-12'),(130,'1341501585458','CHANYUNUT','PHUNGPHAI','2015-09-25','','','','','2023-06-12'),(131,'1341501582572','CHANINART','THATHISA','2015-07-21','','','','','2023-06-12'),(132,'1339901346229','KANYARAT','SOISON','2015-11-23','','','','','2023-06-12'),(133,'1341501581762','PARITA','SOMSUK','2015-06-26','','','','','2023-06-12'),(134,'1341501592101','NAPHALAI','MUNGKLANG','2016-02-29','','','','','2023-06-12'),(135,'1349902051044','CHUTIKARN','SUTTHIRUK','2015-06-20','','','','','2023-06-12'),(136,'1339000156209','MARISA','THAOSING','2015-09-08','','','','','2021-02-15'),(137,'1347600118608','THANACHOT','RUKID','2016-03-17','','','','','2023-06-12'),(138,'1341501592977','CHAITHAWAT','THATHISA','2016-01-22','','','','','2023-06-12'),(139,'1341501583641','JITTIPHAT','RATCHAROEN','2015-08-18','','','','','2023-06-12'),(140,'1341501589585','CHANACHAI','SRIPHIROM','2015-12-29','','','','','2023-06-12'),(141,'1341501585482','ANUT','SAENYUD','2015-09-25','','','','','2023-06-12'),(142,'1341501591440','KONGPHOP','SAENYUD','2016-02-15','','','','','2023-06-12'),(143,'1341501585261','CHANON','PUNGPAI','2015-09-22','','','','','2023-06-12'),(144,'1341501592829','CHATURAPHAT','RATCHAROEN','2016-03-05','','','','','2023-06-12'),(145,'1349902071703','APHICHAT','KHANTREE','2015-10-07','','','','','2023-06-12'),(146,'1341501590711','YUTTHISAK','UPHATCHA','2016-01-28','','','','','2023-06-12'),(147,'1341501583421','TECHIN','KHAMPHAN','2015-08-13','','','','','2023-06-12'),(148,'1341501575487','THANACHOT','THATIPHAN','2014-12-16','','','','','2023-06-12'),(149,'1349700499630','Ratchanon','Maneechan','2015-02-25','','','','','2021-02-15'),(150,'1341501568154','SIRAWIT','BOONSUK','2014-06-03','','','','','2023-06-12'),(151,'1749800636317','NATTHAWAT','KHANTREE','2015-01-26','','','','','2021-02-15'),(152,'1341501576718','Nunthida','Chaichareon','2015-01-12','','','','','2023-06-12'),(153,'1347600070125','Phanchaphon','Chaiwan','2012-07-14','','','','','2023-06-12'),(154,'1347600077979','Thanawat','chaiwan','2013-01-19','','','','','2023-06-12'),(155,'1103101237677','KAMONPHAN','KASEMSAN','2012-12-24','','','','','2023-06-12'),(156,'1103101237669','KANOKWAN','KASEMSAN','2012-12-24','','','','','2023-06-12'),(157,'1118700164981','PHAKHAWAT','MUEANLA','2010-04-04','','','','','2022-06-16'),(158,'1347600051775','Jirayu','Chaiyawan','2011-01-29','','','','','2022-06-16'),(159,'1341501514496','Pennapa','Payophat','2009-10-27','','','','','2020-08-07'),(160,'1129902428128','PEERAPHAT','HATHAWEE','0000-00-00','','ไทย','ไทย','ไทย','2021-02-15'),(161,'1149901541032','SUNISA','SRINAUN','0000-00-00','','','','','2021-02-15'),(162,'1129701635832','KANLAYA','PHUTHOM','0000-00-00','','','','','2021-02-15'),(163,'1341501560382','PHIYAPHAT','SAENG-KIEO','0000-00-00','','','','','2021-02-15'),(164,'1869900921266','CHETTHA SA-NGAUNRAK','','0000-00-00','','','','','2021-02-15'),(165,'1349700455063','ORASA','SAENG-KIEO','0000-00-00','','','','','2021-02-15'),(166,'1149901451032','SUNISA','SRINUAN','2015-01-08','','','','','2023-06-12'),(167,'1129902482128','PEERAPHAT','HATHAWEE','2015-08-23','','','','','2023-06-12'),(168,'1129701658326','KANLAYA','PHUTHOM','2015-01-27','','','','','2023-06-12'),(169,'1869900921268','Chettha','Sanaonrak','2014-05-16','','','','','2023-06-12');

--
-- Table structure for table `student_main_permission`
--

CREATE TABLE `student_main_permission` (
  `id` int(11) NOT NULL AUTO_INCREMENT,
  `person_id` varchar(13) NOT NULL,
  `p1` tinyint(4) NOT NULL,
  `officer` varchar(13) NOT NULL,
  `rec_date` date NOT NULL,
  PRIMARY KEY (`id`)
) ENGINE=MyISAM AUTO_INCREMENT=26 DEFAULT CHARSET=utf8 COLLATE=utf8_general_ci;

--
-- Dumping data for table `student_main_permission`
--

INSERT INTO `student_main_permission` VALUES (1,'3340701631297',1,'3349800010931','2020-07-02'),(14,'1339900230359',1,'3349800010931','2022-07-07'),(15,'1349900353019',1,'3340701631297','2023-05-29'),(12,'3341501555351',1,'3349800010931','2020-07-02'),(16,'1349900441384',1,'3340300033577','2025-11-12'),(17,'1349900040037',1,'3340300033577','2025-11-12'),(18,'3340700449860',1,'3340300033577','2025-11-12'),(25,'1341100176191',1,'3340300033577','2025-11-12'),(20,'3331000226800',1,'3340300033577','2025-11-12'),(21,'1342900017535',1,'3340300033577','2025-11-12'),(22,'1100500968796',1,'3340300033577','2025-11-12'),(23,'3341500139914',1,'3340300033577','2025-11-12');

--
-- Table structure for table `system_ed_year`
--

CREATE TABLE `system_ed_year` (
  `id` int(11) NOT NULL AUTO_INCREMENT,
  `ed_year` int(11) NOT NULL,
  `active_ed_year` tinyint(4) NOT NULL,
  PRIMARY KEY (`id`),
  UNIQUE KEY `ed_year` (`ed_year`)
) ENGINE=MyISAM DEFAULT CHARSET=utf8 COLLATE=utf8_general_ci;

--
-- Dumping data for table `system_ed_year`
--


--
-- Table structure for table `system_export_list`
--

CREATE TABLE `system_export_list` (
  `id` int(11) NOT NULL AUTO_INCREMENT,
  `data_name` varchar(50) NOT NULL,
  `thai_dataname` varchar(100) NOT NULL,
  PRIMARY KEY (`id`),
  UNIQUE KEY `data_name` (`data_name`)
) ENGINE=MyISAM AUTO_INCREMENT=7 DEFAULT CHARSET=utf8 COLLATE=utf8_general_ci;

--
-- Dumping data for table `system_export_list`
--

INSERT INTO `system_export_list` VALUES (1,'person','ข้อมูลครูและบุคลากร'),(2,'student','ข้อมูลพื้นฐานนักเรียน'),(3,'onet','ผลสอบ O-NET'),(4,'plan','แผนปฏิบัติการประจำปี'),(5,'student_check','การมาเรียน'),(6,'health','สุขภาพผู้เรียน');

--
-- Table structure for table `system_export_log`
--

CREATE TABLE `system_export_log` (
  `id` int(11) NOT NULL AUTO_INCREMENT,
  `computer_ip` varchar(25) NOT NULL,
  `requester` varchar(50) NOT NULL,
  `login_time` datetime NOT NULL,
  `data` varchar(20) NOT NULL,
  PRIMARY KEY (`id`)
) ENGINE=MyISAM AUTO_INCREMENT=135 DEFAULT CHARSET=utf8 COLLATE=utf8_general_ci;

--
-- Dumping data for table `system_export_log`
--

INSERT INTO `system_export_log` VALUES (1,'61.19.124.234','amssplus','2018-09-28 16:32:18','person'),(2,'61.19.124.234','amssplus','2018-11-14 04:55:39','student'),(3,'61.19.124.234','amssplus','2019-10-08 15:17:20','student_check'),(4,'122.155.223.9','amssplus','2020-03-30 04:23:26','student_check'),(5,'122.155.223.9','amssplus','2020-03-30 04:23:41','student_check'),(6,'122.155.223.9','amssplus','2020-03-30 04:23:43','student_check'),(7,'122.155.223.9','amssplus','2020-03-30 04:23:48','student_check'),(8,'122.155.223.9','amssplus','2020-03-30 04:23:55','student_check'),(9,'122.155.223.9','amssplus','2020-03-30 04:23:58','student_check'),(10,'122.155.223.9','amssplus','2020-03-30 04:24:02','student_check'),(11,'122.155.223.9','amssplus','2020-03-30 14:57:18','student_check'),(12,'122.155.223.9','amssplus','2020-08-05 10:10:23','student'),(13,'122.155.223.9','amssplus','2020-12-14 14:46:44','student_check'),(14,'192.168.1.6','amssplus','2021-05-29 11:02:59','student'),(15,'192.168.1.6','amssplus','2021-05-29 11:03:57','student'),(16,'192.168.1.6','amssplus','2021-05-29 11:54:32','student'),(17,'192.168.1.6','amssplus','2021-05-29 11:57:30','student'),(18,'192.168.1.6','amssplus','2021-05-29 11:58:31','student'),(19,'192.168.1.6','amssplus','2021-05-29 12:13:05','student'),(20,'192.168.1.6','amssplus','2021-05-29 12:22:15','student'),(21,'192.168.1.6','amssplus','2021-05-29 12:24:01','student'),(22,'192.168.1.6','amssplus','2021-05-29 12:44:09','student'),(23,'192.168.1.6','amssplus','2021-05-29 12:50:56','student'),(24,'192.168.1.6','amssplus','2021-05-29 12:57:31','student'),(25,'192.168.1.6','amssplus','2021-05-29 12:58:35','student'),(26,'192.168.1.6','amssplus','2021-05-29 14:27:49','student'),(27,'192.168.1.6','amssplus','2021-05-29 14:28:22','student'),(28,'192.168.1.6','amssplus','2021-05-29 14:28:50','student'),(29,'192.168.1.6','amssplus','2021-05-29 14:29:29','student'),(30,'192.168.1.6','amssplus','2021-05-29 14:32:01','student'),(31,'10.1.1.3','amssplus','2021-10-06 10:31:19','student'),(32,'10.1.1.3','amssplus','2022-02-23 13:07:41','student'),(33,'10.1.1.3','amssplus','2022-06-19 22:23:34','student'),(34,'10.1.1.3','amssplus','2022-06-20 09:26:54','student'),(35,'10.1.1.3','amssplus','2022-06-20 13:23:30','student'),(36,'10.1.1.3','amssplus','2022-09-07 14:40:48','student'),(37,'','amssplus','2023-01-02 14:23:44','student_check'),(38,'','amssplus','2023-01-02 17:52:55','student_check'),(39,'','amssplus','2023-01-02 17:54:31','student_check'),(40,'','amssplus','2023-01-02 17:55:05','student_check'),(41,'10.1.1.3','amssplus','2023-01-22 00:24:59','student'),(42,'127.0.0.1','amssplus','2023-02-16 09:21:30','student_check'),(43,'127.0.0.1','amssplus','2023-02-16 09:22:09','student_check'),(44,'127.0.0.1','amssplus','2023-02-16 09:33:03','student_check'),(45,'10.1.1.3','amssplus','2023-04-05 09:48:21','student_check'),(46,'10.1.1.3','amssplus','2023-04-05 22:38:12','student_check'),(47,'10.1.1.3','amssplus','2023-04-06 10:24:16','student_check'),(48,'10.1.1.3','amssplus','2023-04-06 10:25:07','student_check'),(49,'10.1.1.3','amssplus','2023-04-06 10:47:28','student_check'),(50,'10.1.1.3','amssplus','2023-04-06 13:13:41','student_check'),(51,'10.1.1.3','amssplus','2023-06-15 10:20:23','student_check'),(52,'10.1.1.3','amssplus','2023-06-15 10:57:53','student'),(53,'10.1.1.3','amssplus','2023-06-16 15:17:32','student'),(54,'10.1.1.3','amssplus','2023-07-04 11:26:13','student'),(55,'127.0.0.1','amssplus','2023-07-09 13:17:06','student_check'),(56,'127.0.0.1','amssplus','2023-07-09 13:19:00','student_check'),(57,'127.0.0.1','amssplus','2023-07-09 13:19:47','student_check'),(58,'127.0.0.1','amssplus','2023-07-09 13:20:14','student_check'),(59,'127.0.0.1','amssplus','2023-07-09 13:20:46','student_check'),(60,'127.0.0.1','amssplus','2023-07-09 13:21:45','student_check'),(61,'127.0.0.1','amssplus','2023-07-09 13:27:59','student_check'),(62,'127.0.0.1','amssplus','2023-07-09 13:29:14','student_check'),(63,'127.0.0.1','amssplus','2023-07-09 13:31:15','student_check'),(64,'127.0.0.1','amssplus','2023-07-09 13:36:12','student_check'),(65,'127.0.0.1','amssplus','2023-07-09 13:37:41','student_check'),(66,'127.0.0.1','amssplus','2023-07-09 13:39:12','student_check'),(67,'127.0.0.1','amssplus','2023-07-09 13:41:19','student_check'),(68,'127.0.0.1','amssplus','2023-07-09 13:42:41','student_check'),(69,'127.0.0.1','amssplus','2023-07-09 13:43:39','student_check'),(70,'127.0.0.1','amssplus','2023-07-09 13:47:34','student_check'),(71,'127.0.0.1','amssplus','2023-07-09 13:59:31','student_check'),(72,'127.0.0.1','amssplus','2023-07-09 14:08:15','student_check'),(73,'127.0.0.1','amssplus','2023-07-09 14:17:27','student_check'),(74,'127.0.0.1','amssplus','2023-07-11 07:58:00','student_check'),(75,'127.0.0.1','amssplus','2023-07-11 08:13:01','student_check'),(76,'127.0.0.1','amssplus','2023-07-11 08:13:52','student_check'),(77,'127.0.0.1','amssplus','2023-07-11 08:14:43','student_check'),(78,'127.0.0.1','amssplus','2023-07-26 13:59:08','student_check'),(79,'127.0.0.1','amssplus','2023-07-26 14:00:46','student_check'),(80,'127.0.0.1','amssplus','2023-07-26 14:02:21','student_check'),(81,'127.0.0.1','amssplus','2023-07-26 14:53:03','student_check'),(82,'127.0.0.1','amssplus','2023-07-26 14:58:39','student_check'),(83,'127.0.0.1','amssplus','2023-07-26 15:09:23','student_check'),(84,'127.0.0.1','amssplus','2023-07-26 15:11:14','student_check'),(85,'127.0.0.1','amssplus','2023-07-26 15:12:13','student_check'),(86,'127.0.0.1','amssplus','2023-07-26 15:18:50','student_check'),(87,'127.0.0.1','amssplus','2023-07-26 15:22:46','student_check'),(88,'127.0.0.1','amssplus','2023-07-26 15:27:36','student_check'),(89,'127.0.0.1','amssplus','2023-07-26 15:31:18','student_check'),(90,'127.0.0.1','amssplus','2023-07-26 15:32:24','student_check'),(91,'127.0.0.1','amssplus','2023-07-26 15:33:20','student_check'),(92,'127.0.0.1','amssplus','2023-07-26 15:45:57','student_check'),(93,'127.0.0.1','amssplus','2023-07-26 15:49:12','student_check'),(94,'127.0.0.1','amssplus','2023-07-26 15:51:09','student_check'),(95,'127.0.0.1','amssplus','2023-07-26 15:52:56','student_check'),(96,'127.0.0.1','amssplus','2023-07-26 15:57:27','student_check'),(97,'127.0.0.1','amssplus','2023-07-26 17:14:06','student_check'),(98,'127.0.0.1','amssplus','2023-07-26 17:19:55','student_check'),(99,'127.0.0.1','amssplus','2023-07-26 17:26:47','student_check'),(100,'127.0.0.1','amssplus','2023-07-26 17:28:22','student_check'),(101,'127.0.0.1','amssplus','2023-07-26 17:42:24','student_check'),(102,'10.1.1.3','amssplus','2023-08-24 09:05:31','student_check'),(103,'10.1.1.3','amssplus','2023-08-31 09:02:49','student_check'),(104,'10.1.1.3','amssplus','2023-08-31 09:03:19','student_check'),(105,'10.1.1.3','amssplus','2023-08-31 09:03:39','student_check'),(106,'10.1.1.3','amssplus','2023-09-15 20:09:24','student'),(107,'','amssplus','2023-10-25 14:28:44','student_check'),(108,'','amssplus','2023-10-25 14:28:47','student_check'),(109,'','amssplus','2023-10-25 14:28:48','student_check'),(110,'10.255.199.107','amssplus','2023-11-29 08:55:48','student_check'),(111,'10.255.199.107','amssplus','2023-12-15 12:15:50','student_check'),(112,'10.255.199.107','amssplus','2024-01-25 03:50:22','student_check'),(113,'10.255.199.107','amssplus','2024-06-10 11:59:53','student'),(114,'10.255.199.107','amssplus','2024-06-10 12:34:09','student'),(115,'10.255.199.107','amssplus','2024-06-14 10:46:06','student'),(116,'10.255.199.107','amssplus','2024-06-14 10:52:07','student'),(117,'10.255.199.107','amssplus','2024-06-17 04:37:32','person'),(118,'10.255.199.107','amssplus','2024-06-17 04:39:47','person'),(119,'10.255.199.107','amssplus','2024-06-20 04:51:35','student_check'),(120,'10.255.199.107','amssplus','2024-10-17 05:59:52','student'),(121,'10.255.199.107','amssplus','2025-03-11 07:57:43','student_check'),(122,'10.255.199.107','amssplus','2025-03-11 07:58:04','student_check'),(123,'10.255.199.107','amssplus','2025-03-28 01:48:39','student_check'),(124,'10.255.199.107','amssplus','2025-05-29 08:10:00','person'),(125,'10.255.199.107','amssplus','2025-05-29 08:12:47','person'),(126,'10.255.199.107','amssplus','2025-06-08 04:32:48','student'),(127,'10.255.199.107','amssplus','2025-07-30 08:33:28','student_check'),(128,'10.255.199.107','amssplus','2025-08-01 22:22:45','student_check'),(129,'10.255.199.107','amssplus','2025-08-01 22:22:49','student_check'),(130,'10.255.199.107','amssplus','2025-08-14 04:10:03','person'),(131,'10.255.199.107','amssplus','2025-08-18 02:44:21','student'),(132,'10.255.199.107','amssplus','2025-08-29 02:40:17','student_check'),(133,'10.255.199.107','amssplus','2025-09-13 05:43:36','student_check'),(134,'10.255.199.107','amssplus','2025-09-13 05:54:44','student_check');

--
-- Table structure for table `system_export_permission`
--

CREATE TABLE `system_export_permission` (
  `id` int(11) NOT NULL AUTO_INCREMENT,
  `requester` varchar(50) NOT NULL,
  `data_name` varchar(50) NOT NULL,
  `status` tinyint(4) NOT NULL DEFAULT 0,
  PRIMARY KEY (`id`)
) ENGINE=MyISAM AUTO_INCREMENT=7 DEFAULT CHARSET=utf8 COLLATE=utf8_general_ci;

--
-- Dumping data for table `system_export_permission`
--

INSERT INTO `system_export_permission` VALUES (1,'amssplus','plan',1),(2,'amssplus','onet',1),(3,'amssplus','student',1),(4,'amssplus','person',1),(5,'amssplus','student_check',1),(6,'amssplus','health',1);

--
-- Table structure for table `system_module`
--

CREATE TABLE `system_module` (
  `id` int(11) NOT NULL AUTO_INCREMENT,
  `module` varchar(50) NOT NULL,
  `module_desc` varchar(100) NOT NULL,
  `workgroup` tinyint(4) DEFAULT NULL,
  `module_active` tinyint(4) DEFAULT NULL,
  `module_order` int(11) NOT NULL,
  `web_link` tinyint(4) DEFAULT NULL,
  `url` varchar(150) DEFAULT NULL,
  `where_work` tinyint(4) NOT NULL DEFAULT 0,
  `menu_pic` varchar(25) NOT NULL,
  PRIMARY KEY (`id`)
) ENGINE=MyISAM AUTO_INCREMENT=118 DEFAULT CHARSET=utf8 COLLATE=utf8_general_ci;

--
-- Dumping data for table `system_module`
--

INSERT INTO `system_module` VALUES (1,'budget','การเงินและบัญชี',2,1,27,NULL,NULL,0,'fab fa-btc'),(32,'person','ข้อมูลพื้นฐานครูและบุคลากร',3,1,31,0,'',0,'fa fa-user-circle'),(36,'standard','มาตรฐานการศึกษา',1,1,23,NULL,NULL,0,''),(49,'health','ตรวจสุขภาพนักเรียน',1,1,5,NULL,NULL,1,''),(50,'student_check','การมาเรียน',1,1,1,NULL,NULL,0,'fa fa-child'),(70,'work','﻿การปฏิบัติราชการ',4,1,49,NULL,NULL,0,''),(48,'savings','ออมทรัพย์นักเรียน',1,1,3,NULL,NULL,1,'fab fa-btc'),(45,'student_main','ข้อมูลพื้นฐานนักเรียน',1,1,7,NULL,NULL,0,'fa fa-child'),(47,'plan','การวางแผน',2,1,25,NULL,NULL,0,''),(73,'la','﻿การลา',4,1,47,NULL,NULL,0,''),(80,'mail','ไปรษณีย์_โรงเรียน',4,1,38,0,'',0,'fa fa-envelope'),(75,'meeting','﻿จองห้องประชุม',4,1,51,NULL,NULL,0,''),(76,'permission','﻿ขออนุญาตไปราชการ',4,1,45,NULL,NULL,0,''),(81,'achievement','﻿ผลสัมฤทธิ์ทางการเรียน',1,1,21,NULL,NULL,0,'fa fa-graduation-cap'),(83,'cabinet','﻿ตู้เอกสาร',4,1,53,NULL,NULL,0,''),(99,'bookregister','﻿ทะเบียนหนังสือราชการ',4,1,35,0,'',0,'fa fa-book'),(104,'bets','ทดสอบการศึกษา_โรงเรียน',1,1,9,0,'',1,'fa fa-graduation-cap'),(103,'student_inclass','﻿การเข้าชั้นเรียน',1,1,19,0,'',0,'fa fa-child'),(105,'delegate','﻿การรักษาราชการแทน',3,1,33,0,'',0,''),(106,'affair','﻿ภารกิจผู้อำนวยการ',4,1,43,0,'',0,''),(107,'amss_bets','﻿ทดสอบการศึกษา_สพท.',1,1,11,0,'',1,'fa fa-graduation-cap'),(108,'amss_budget','﻿การบริหารงบประมาณ_สพท.',2,1,29,0,'',0,'fab fa-btc'),(109,'amss_mail','﻿ไปรษณีย์_สพท.',4,1,39,0,'',0,'fa fa-envelope'),(110,'amss_opportunity','﻿สิทธิและโอกาสทางการศึกษา',1,1,15,0,'',0,'fa fa-child'),(111,'amss_spacial_student','﻿นักเรียนพิเศษ',1,1,17,0,'',0,'fa fa-child'),(112,'amss_supervision','﻿นิเทศ ติดตาม ประเมินผล',1,1,13,0,'',0,'fa fa-graduation-cap'),(113,'book','﻿รับส่งหนังสือราชการ',4,1,37,0,'',0,'fa fa-book'),(114,'warroom','﻿วิเคราะห์สภาพการณ์',1,1,0,0,'',0,'fa fa-filter'),(115,'questionnaire','﻿แบบสอบถาม',4,1,0,0,'',0,''),(116,'idplan','﻿ข้อมูลครูและบุคลากร(ส่วนเพิ่ม)',3,1,0,0,'',0,''),(117,'amss_safety','สถานศึกษาปลอดภัย',1,1,0,0,'',0,'');

--
-- Table structure for table `system_module_admin`
--

CREATE TABLE `system_module_admin` (
  `id` int(11) NOT NULL AUTO_INCREMENT,
  `person_id` varchar(13) NOT NULL,
  `module` varchar(30) NOT NULL,
  `officer` varchar(13) NOT NULL,
  `rec_date` date NOT NULL,
  PRIMARY KEY (`id`)
) ENGINE=MyISAM AUTO_INCREMENT=91 DEFAULT CHARSET=utf8 COLLATE=utf8_general_ci;

--
-- Dumping data for table `system_module_admin`
--

INSERT INTO `system_module_admin` VALUES (80,'3341000033670','amss_opportunity','3330500740978','2018-09-29'),(61,'3349900748206','amss_opportunity','3330500740978','2018-09-29'),(59,'3340701631297','amss_bets','3340701631297','2020-11-15'),(7,'1341000047607','health','7777','2016-06-19'),(58,'3340701631297','achievement','3340701631297','2020-11-15'),(75,'3341501555351','amss_mail','3340701631297','2020-11-15'),(76,'3340701631297','affair','3340701631297','2020-11-15'),(77,'3340701631297','amss_budget','3340701631297','2020-11-15'),(78,'5349900002138','amss_opportunity','3330500740978','2018-09-29'),(79,'3331000226800','amss_opportunity','3330500740978','2018-09-29'),(60,'3341501555351','amss_budget','3340701631297','2020-11-15'),(21,'3320800412861','plan','7777','2016-07-24'),(88,'3331000226800','bets','3331000226800','2022-07-24'),(24,'3320800412861','person','3320800412861','2018-09-29'),(25,'3331000226800','achievement','3340701631297','2020-11-15'),(26,'3330500740978','affair','3320800412861','2018-09-29'),(27,'3330500740978','amss_bets','3320800412861','2018-09-29'),(28,'3330500740978','amss_budget','3320800412861','2018-09-29'),(29,'3320800412861','amss_budget','3320800412861','2018-09-29'),(30,'3340701631297','amss_mail','3340701631297','2020-11-15'),(31,'3320800412861','amss_mail','3320800412861','2018-09-29'),(32,'3330500740978','amss_opportunity','3320800412861','2018-09-29'),(33,'3320800412861','amss_opportunity','3320800412861','2018-09-29'),(34,'3330500740978','amss_spacial_student','3320800412861','2018-09-29'),(35,'3320800412861','amss_spacial_student','3320800412861','2018-09-29'),(36,'3330500740978','amss_supervision','3320800412861','2018-09-29'),(37,'3320800412861','amss_supervision','3320800412861','2018-09-29'),(38,'3330500740978','bets','3320800412861','2018-09-29'),(39,'3330500740978','book','3320800412861','2018-09-29'),(40,'3320800412861','book','3320800412861','2018-09-29'),(41,'3340701631297','bookregister','3340701631297','2020-11-15'),(42,'3320800412861','bookregister','3320800412861','2018-09-29'),(43,'3330500740978','budget','3320800412861','2018-09-29'),(44,'3330500740978','cabinet','3320800412861','2018-09-29'),(45,'3320800412861','cabinet','3320800412861','2018-09-29'),(46,'3320800412861','delegate','3320800412861','2018-09-29'),(47,'3330500740978','delegate','3320800412861','2018-09-29'),(48,'3330500740978','health','3320800412861','2018-09-29'),(49,'3320800412861','health','3320800412861','2018-09-29'),(50,'3330500740978','la','3320800412861','2018-09-29'),(51,'3320800412861','la','3320800412861','2018-09-29'),(52,'3330500740978','mail','3320800412861','2018-09-29'),(53,'3320800412861','mail','3320800412861','2018-09-29'),(54,'3330500740978','meeting','3320800412861','2018-09-29'),(55,'3320800412861','meeting','3320800412861','2018-09-29'),(56,'3330500740978','permission','3320800412861','2018-09-29'),(57,'3320800412861','permission','3320800412861','2018-09-29'),(62,'3349900748206','amss_spacial_student','3330500740978','2018-09-29'),(63,'3349900748206','amss_supervision','3330500740978','2018-09-29'),(64,'3349900748206','bets','3330500740978','2018-09-29'),(65,'3349900748206','book','3330500740978','2018-09-29'),(87,'3341500121870','la','3331000226800','2022-07-24'),(86,'3331000226800','amss_supervision','3331000226800','2022-07-24'),(68,'3340701631297','cabinet','3340701631297','2020-11-15'),(70,'3341000033670','health','3330500740978','2018-09-29'),(85,'3341501555351','achievement','3340701631297','2020-11-15'),(72,'3340701631297','student_main','3349800010931','2020-11-15'),(73,'3331000226800','student_inclass','3330500740978','2018-09-29'),(74,'3340701631297','work','3340701631297','2020-11-15'),(81,'3331000226800','amss_spacial_student','3330500740978','2018-09-29'),(82,'3340701631297','budget','3349800010931','2020-11-15'),(83,'3340701631297','plan','3349800010931','2020-11-15'),(84,'3341501555351','budget','3349800010931','2020-11-15'),(89,'3331000226800','health','3331000226800','2022-07-24'),(90,'3331000226800','student_main','3331000226800','2022-07-24');

--
-- Table structure for table `system_school_name`
--

CREATE TABLE `system_school_name` (
  `id` tinyint(4) NOT NULL,
  `school_name` varchar(200) NOT NULL,
  `school_type` tinyint(4) NOT NULL DEFAULT 0
) ENGINE=MyISAM DEFAULT CHARSET=utf8 COLLATE=utf8_general_ci;

--
-- Dumping data for table `system_school_name`
--

INSERT INTO `system_school_name` VALUES (1,'บ้านห้วยนกเปล้า(คุ้ยคุรุราษฎร์วิทยา)',0);

--
-- Table structure for table `system_sync_code`
--

CREATE TABLE `system_sync_code` (
  `id` tinyint(4) NOT NULL AUTO_INCREMENT,
  `office_code` varchar(10) NOT NULL,
  `system_name` varchar(50) NOT NULL,
  `sync_code` varchar(50) NOT NULL,
  `amssplus_url` varchar(100) NOT NULL,
  PRIMARY KEY (`id`),
  UNIQUE KEY `system_name` (`system_name`)
) ENGINE=MyISAM AUTO_INCREMENT=4 DEFAULT CHARSET=utf8 COLLATE=utf8_general_ci;

--
-- Dumping data for table `system_sync_code`
--

INSERT INTO `system_sync_code` VALUES (3,'34040143','amssplus','34040143','http://10.255.199.107/amssplus');

--
-- Table structure for table `system_version`
--

CREATE TABLE `system_version` (
  `id` int(11) NOT NULL AUTO_INCREMENT,
  `smss_version` varchar(100) NOT NULL,
  `status1` int(11) DEFAULT NULL,
  `status2` int(11) DEFAULT NULL,
  `status3` int(11) DEFAULT NULL,
  `status4` int(11) DEFAULT NULL,
  `status5` int(11) DEFAULT NULL,
  PRIMARY KEY (`id`)
) ENGINE=MyISAM AUTO_INCREMENT=2 DEFAULT CHARSET=utf8 COLLATE=utf8_general_ci;

--
-- Dumping data for table `system_version`
--

INSERT INTO `system_version` VALUES (1,'6.4',1,0,0,0,0);

--
-- Table structure for table `system_workgroup`
--

CREATE TABLE `system_workgroup` (
  `id` tinyint(4) NOT NULL AUTO_INCREMENT,
  `workgroup` tinyint(4) NOT NULL,
  `workgroup_desc` varchar(50) NOT NULL,
  `workgroup_order` int(11) NOT NULL,
  PRIMARY KEY (`id`),
  UNIQUE KEY `workgroup` (`workgroup`)
) ENGINE=MyISAM AUTO_INCREMENT=5 DEFAULT CHARSET=utf8 COLLATE=utf8_general_ci;

--
-- Dumping data for table `system_workgroup`
--

INSERT INTO `system_workgroup` VALUES (1,1,'บริหารวิชาการ',4),(2,2,'บริหารงบประมาณ',6),(3,3,'บริหารงานบุคคล',8),(4,4,'บริหารทั่วไป',10);

--
-- Table structure for table `work_main`
--

CREATE TABLE `work_main` (
  `id` int(11) NOT NULL AUTO_INCREMENT,
  `work_date` date NOT NULL,
  `person_id` varchar(13) NOT NULL,
  `work` tinyint(4) NOT NULL DEFAULT 0,
  `comment` varchar(150) DEFAULT NULL,
  `rec_date` datetime NOT NULL,
  `officer` varchar(13) NOT NULL,
  PRIMARY KEY (`id`),
  KEY `work_date` (`work_date`),
  KEY `person_id` (`person_id`)
) ENGINE=MyISAM AUTO_INCREMENT=290 DEFAULT CHARSET=utf8 COLLATE=utf8_general_ci;

--
-- Dumping data for table `work_main`
--

INSERT INTO `work_main` VALUES (1,'2020-07-01','3349800010931',1,NULL,'2020-07-30 20:57:41','3349900748206'),(2,'2020-07-01','3320800412861',1,NULL,'2020-07-30 20:57:41','3349900748206'),(3,'2020-07-01','3341501555351',1,NULL,'2020-07-30 20:57:41','3349900748206'),(4,'2020-07-01','5349900002138',1,NULL,'2020-07-30 20:57:41','3349900748206'),(5,'2020-07-01','3349900748206',1,NULL,'2020-07-30 20:57:41','3349900748206'),(6,'2020-07-01','3349800256760',1,NULL,'2020-07-30 20:57:41','3349900748206'),(7,'2020-07-01','3341000033670',1,NULL,'2020-07-30 20:57:41','3349900748206'),(8,'2020-07-01','3331000226800',1,NULL,'2020-07-30 20:57:41','3349900748206'),(9,'2020-07-01','4361500012602',1,NULL,'2020-07-30 20:57:41','3349900748206'),(10,'2020-07-01','3341500139914',1,NULL,'2020-07-30 20:57:41','3349900748206'),(11,'2020-07-01','3341500087621',1,NULL,'2020-07-30 20:57:41','3349900748206'),(12,'2020-07-01','3340701631297',1,NULL,'2020-07-30 20:57:41','3349900748206'),(13,'2020-07-01','3341501105266',1,NULL,'2020-07-30 20:57:41','3349900748206'),(14,'2020-07-02','3349800010931',1,NULL,'2020-07-30 20:58:03','3349900748206'),(15,'2020-07-02','3320800412861',1,NULL,'2020-07-30 20:58:03','3349900748206'),(16,'2020-07-02','3341501555351',1,NULL,'2020-07-30 20:58:03','3349900748206'),(17,'2020-07-02','5349900002138',1,NULL,'2020-07-30 20:58:03','3349900748206'),(18,'2020-07-02','3349900748206',1,NULL,'2020-07-30 20:58:03','3349900748206'),(19,'2020-07-02','3349800256760',1,NULL,'2020-07-30 20:58:03','3349900748206'),(20,'2020-07-02','3341000033670',1,NULL,'2020-07-30 20:58:03','3349900748206'),(21,'2020-07-02','3331000226800',1,NULL,'2020-07-30 20:58:03','3349900748206'),(22,'2020-07-02','4361500012602',1,NULL,'2020-07-30 20:58:03','3349900748206'),(23,'2020-07-02','3341500139914',1,NULL,'2020-07-30 20:58:03','3349900748206'),(24,'2020-07-02','3341500087621',1,NULL,'2020-07-30 20:58:03','3349900748206'),(25,'2020-07-02','3340701631297',1,NULL,'2020-07-30 20:58:03','3349900748206'),(26,'2020-07-02','3341501105266',1,NULL,'2020-07-30 20:58:03','3349900748206'),(27,'2020-07-03','3349800010931',1,NULL,'2020-07-30 20:58:53','3349900748206'),(28,'2020-07-03','3320800412861',1,NULL,'2020-07-30 20:58:53','3349900748206'),(29,'2020-07-03','3341501555351',1,NULL,'2020-07-30 20:58:53','3349900748206'),(30,'2020-07-03','5349900002138',1,NULL,'2020-07-30 20:58:53','3349900748206'),(31,'2020-07-03','3349900748206',1,NULL,'2020-07-30 20:58:53','3349900748206'),(32,'2020-07-03','3349800256760',1,NULL,'2020-07-30 20:58:53','3349900748206'),(33,'2020-07-03','3341000033670',1,NULL,'2020-07-30 20:58:53','3349900748206'),(34,'2020-07-03','3331000226800',1,NULL,'2020-07-30 20:58:53','3349900748206'),(35,'2020-07-03','4361500012602',1,NULL,'2020-07-30 20:58:53','3349900748206'),(36,'2020-07-03','3341500139914',1,NULL,'2020-07-30 20:58:53','3349900748206'),(37,'2020-07-03','3341500087621',1,NULL,'2020-07-30 20:58:53','3349900748206'),(38,'2020-07-03','3340701631297',1,NULL,'2020-07-30 20:58:53','3349900748206'),(39,'2020-07-03','3341501105266',1,NULL,'2020-07-30 20:58:53','3349900748206'),(40,'2020-07-08','3349800010931',1,NULL,'2020-07-30 20:59:46','3349900748206'),(41,'2020-07-08','3320800412861',1,NULL,'2020-07-30 20:59:46','3349900748206'),(42,'2020-07-08','3341501555351',1,NULL,'2020-07-30 20:59:46','3349900748206'),(43,'2020-07-08','5349900002138',1,NULL,'2020-07-30 20:59:46','3349900748206'),(44,'2020-07-08','3349900748206',1,NULL,'2020-07-30 20:59:46','3349900748206'),(45,'2020-07-08','3349800256760',1,NULL,'2020-07-30 20:59:46','3349900748206'),(46,'2020-07-08','3341000033670',1,NULL,'2020-07-30 20:59:46','3349900748206'),(47,'2020-07-08','3331000226800',1,NULL,'2020-07-30 20:59:46','3349900748206'),(48,'2020-07-08','4361500012602',1,NULL,'2020-07-30 20:59:46','3349900748206'),(49,'2020-07-08','3341500139914',1,NULL,'2020-07-30 20:59:46','3349900748206'),(50,'2020-07-08','3341500087621',1,NULL,'2020-07-30 20:59:46','3349900748206'),(51,'2020-07-08','3340701631297',1,NULL,'2020-07-30 20:59:46','3349900748206'),(52,'2020-07-08','3341501105266',1,NULL,'2020-07-30 20:59:46','3349900748206'),(53,'2020-07-09','3349800010931',1,NULL,'2020-07-30 21:00:41','3349900748206'),(54,'2020-07-09','3320800412861',1,NULL,'2020-07-30 21:00:41','3349900748206'),(55,'2020-07-09','3341501555351',1,NULL,'2020-07-30 21:00:41','3349900748206'),(56,'2020-07-09','5349900002138',1,NULL,'2020-07-30 21:00:41','3349900748206'),(57,'2020-07-09','3349900748206',1,NULL,'2020-07-30 21:00:41','3349900748206'),(58,'2020-07-09','3349800256760',1,NULL,'2020-07-30 21:00:41','3349900748206'),(59,'2020-07-09','3341000033670',1,NULL,'2020-07-30 21:00:41','3349900748206'),(60,'2020-07-09','3331000226800',1,NULL,'2020-07-30 21:00:41','3349900748206'),(61,'2020-07-09','4361500012602',1,NULL,'2020-07-30 21:00:41','3349900748206'),(62,'2020-07-09','3341500139914',1,NULL,'2020-07-30 21:00:41','3349900748206'),(63,'2020-07-09','3341500087621',1,NULL,'2020-07-30 21:00:41','3349900748206'),(64,'2020-07-09','3340701631297',1,NULL,'2020-07-30 21:00:41','3349900748206'),(65,'2020-07-09','3341501105266',1,NULL,'2020-07-30 21:00:41','3349900748206'),(66,'2020-07-10','3349800010931',1,NULL,'2020-07-30 21:00:58','3349900748206'),(67,'2020-07-10','3320800412861',1,NULL,'2020-07-30 21:00:58','3349900748206'),(68,'2020-07-10','3341501555351',1,NULL,'2020-07-30 21:00:58','3349900748206'),(69,'2020-07-10','5349900002138',1,NULL,'2020-07-30 21:00:58','3349900748206'),(70,'2020-07-10','3349900748206',1,NULL,'2020-07-30 21:00:58','3349900748206'),(71,'2020-07-10','3349800256760',1,NULL,'2020-07-30 21:00:58','3349900748206'),(72,'2020-07-10','3341000033670',1,NULL,'2020-07-30 21:00:58','3349900748206'),(73,'2020-07-10','3331000226800',1,NULL,'2020-07-30 21:00:58','3349900748206'),(74,'2020-07-10','4361500012602',1,NULL,'2020-07-30 21:00:58','3349900748206'),(75,'2020-07-10','3341500139914',1,NULL,'2020-07-30 21:00:58','3349900748206'),(76,'2020-07-10','3341500087621',1,NULL,'2020-07-30 21:00:58','3349900748206'),(77,'2020-07-10','3340701631297',1,NULL,'2020-07-30 21:00:58','3349900748206'),(78,'2020-07-10','3341501105266',1,NULL,'2020-07-30 21:00:58','3349900748206'),(79,'2020-07-13','3349800010931',1,NULL,'2020-07-30 21:01:39','3349900748206'),(80,'2020-07-13','3320800412861',1,NULL,'2020-07-30 21:01:39','3349900748206'),(81,'2020-07-13','3341501555351',1,NULL,'2020-07-30 21:01:39','3349900748206'),(82,'2020-07-13','5349900002138',1,NULL,'2020-07-30 21:01:39','3349900748206'),(83,'2020-07-13','3349900748206',1,NULL,'2020-07-30 21:01:39','3349900748206'),(84,'2020-07-13','3349800256760',1,NULL,'2020-07-30 21:01:39','3349900748206'),(85,'2020-07-13','3341000033670',1,NULL,'2020-07-30 21:01:39','3349900748206'),(86,'2020-07-13','3331000226800',1,NULL,'2020-07-30 21:01:39','3349900748206'),(87,'2020-07-13','4361500012602',1,NULL,'2020-07-30 21:01:39','3349900748206'),(88,'2020-07-13','3341500139914',1,NULL,'2020-07-30 21:01:39','3349900748206'),(89,'2020-07-13','3341500087621',1,NULL,'2020-07-30 21:01:39','3349900748206'),(90,'2020-07-13','3340701631297',1,NULL,'2020-07-30 21:01:39','3349900748206'),(91,'2020-07-13','3341501105266',1,NULL,'2020-07-30 21:01:39','3349900748206'),(92,'2020-07-14','3349800010931',1,NULL,'2020-07-30 21:02:23','3349900748206'),(93,'2020-07-14','3320800412861',1,NULL,'2020-07-30 21:02:23','3349900748206'),(94,'2020-07-14','3341501555351',1,NULL,'2020-07-30 21:02:23','3349900748206'),(95,'2020-07-14','5349900002138',1,NULL,'2020-07-30 21:02:23','3349900748206'),(96,'2020-07-14','3349900748206',1,NULL,'2020-07-30 21:02:23','3349900748206'),(97,'2020-07-14','3349800256760',1,NULL,'2020-07-30 21:02:23','3349900748206'),(98,'2020-07-14','3341000033670',1,NULL,'2020-07-30 21:02:23','3349900748206'),(99,'2020-07-14','3331000226800',1,NULL,'2020-07-30 21:02:23','3349900748206'),(100,'2020-07-14','4361500012602',1,NULL,'2020-07-30 21:02:23','3349900748206'),(101,'2020-07-14','3341500139914',1,NULL,'2020-07-30 21:02:23','3349900748206'),(102,'2020-07-14','3341500087621',1,NULL,'2020-07-30 21:02:23','3349900748206'),(103,'2020-07-14','3340701631297',1,NULL,'2020-07-30 21:02:23','3349900748206'),(104,'2020-07-14','3341501105266',1,NULL,'2020-07-30 21:02:23','3349900748206'),(105,'2020-10-21','3341501555351',1,NULL,'2020-11-15 09:11:04','3320800412861'),(106,'2020-10-20','3341501555351',1,NULL,'2020-11-15 09:09:40','3320800412861'),(107,'2020-10-19','3341501555351',1,NULL,'2020-11-15 09:09:32','3320800412861'),(108,'2020-10-17','3341501555351',1,NULL,'2020-11-15 09:09:24','3320800412861'),(109,'2020-10-16','3341501555351',1,NULL,'2020-11-15 09:09:15','3320800412861'),(110,'2020-10-15','3341501555351',1,NULL,'2020-11-15 09:09:02','3320800412861'),(111,'2020-10-14','3341501555351',1,NULL,'2020-11-15 09:08:46','3320800412861'),(112,'2020-10-13','3341501555351',1,NULL,'2020-11-15 09:08:37','3320800412861'),(113,'2020-10-12','3341501555351',1,NULL,'2020-11-15 09:08:29','3320800412861'),(114,'2020-10-10','3341501555351',1,NULL,'2020-11-15 09:08:12','3320800412861'),(115,'2020-10-09','3341501555351',1,NULL,'2020-11-15 09:07:54','3320800412861'),(116,'2020-10-08','3341501555351',1,NULL,'2020-11-15 09:07:38','3320800412861'),(117,'2020-10-07','3341501555351',1,NULL,'2020-11-15 09:07:30','3320800412861'),(118,'2020-10-06','3341501555351',1,NULL,'2020-11-15 09:07:19','3320800412861'),(119,'2020-10-05','3341501555351',1,NULL,'2020-11-15 09:07:09','3320800412861'),(120,'2020-10-03','3341501555351',1,NULL,'2020-11-15 09:06:59','3320800412861'),(121,'2020-10-02','3341501555351',1,NULL,'2020-11-15 09:06:49','3320800412861'),(122,'2020-10-01','3341501555351',1,NULL,'2020-11-15 09:06:40','3320800412861'),(123,'2020-09-30','3341501555351',1,NULL,'2020-11-15 09:17:10','3320800412861'),(124,'2020-09-29','3341501555351',1,NULL,'2020-11-15 09:17:00','3320800412861'),(125,'2020-09-28','3341501555351',1,NULL,'2020-11-15 09:16:53','3320800412861'),(126,'2020-09-26','3341501555351',1,NULL,'2020-11-15 09:16:44','3320800412861'),(127,'2020-09-24','3341501555351',1,NULL,'2020-11-15 09:16:03','3320800412861'),(128,'2020-09-23','3341501555351',1,NULL,'2020-11-15 09:15:41','3320800412861'),(129,'2020-09-22','3341501555351',1,NULL,'2020-11-15 09:15:31','3320800412861'),(130,'2020-09-21','3341501555351',1,NULL,'2020-11-15 09:15:20','3320800412861'),(131,'2020-09-18','3341501555351',1,NULL,'2020-11-15 09:15:02','3320800412861'),(132,'2020-09-17','3341501555351',1,NULL,'2020-11-15 09:14:51','3320800412861'),(133,'2020-09-16','3341501555351',1,NULL,'2020-11-15 09:14:43','3320800412861'),(134,'2020-09-15','3341501555351',1,NULL,'2020-11-15 09:14:35','3320800412861'),(135,'2020-09-14','3341501555351',1,NULL,'2020-11-15 09:14:24','3320800412861'),(136,'2020-09-11','3341501555351',1,NULL,'2020-11-15 09:14:02','3320800412861'),(137,'2020-09-10','3341501555351',1,NULL,'2020-11-15 09:13:54','3320800412861'),(138,'2020-09-09','3341501555351',1,NULL,'2020-11-15 09:13:47','3320800412861'),(139,'2020-09-08','3341501555351',1,NULL,'2020-11-15 09:13:39','3320800412861'),(140,'2020-09-07','3341501555351',1,NULL,'2020-11-15 09:13:31','3320800412861'),(141,'2020-09-04','3341501555351',1,NULL,'2020-11-15 09:13:06','3320800412861'),(142,'2020-09-03','3341501555351',1,NULL,'2020-11-15 09:12:58','3320800412861'),(143,'2020-09-02','3341501555351',1,NULL,'2020-11-15 09:12:43','3320800412861'),(144,'2020-09-01','3341501555351',1,NULL,'2020-11-15 09:12:33','3320800412861'),(145,'2020-08-31','3341501555351',1,NULL,'2020-10-21 12:17:07','3341501555351'),(146,'2020-08-28','3341501555351',1,NULL,'2020-10-21 12:17:17','3341501555351'),(147,'2020-08-27','3341501555351',1,NULL,'2020-10-21 12:17:23','3341501555351'),(148,'2020-08-26','3341501555351',1,NULL,'2020-10-21 12:17:30','3341501555351'),(149,'2020-10-28','3341501555351',1,NULL,'2020-11-15 09:11:51','3320800412861'),(150,'2020-10-27','3341501555351',1,NULL,'2020-11-15 09:11:43','3320800412861'),(151,'2020-10-26','3341501555351',1,NULL,'2020-11-15 09:11:35','3320800412861'),(152,'2020-10-24','3341501555351',1,NULL,'2020-11-15 09:11:26','3320800412861'),(153,'2020-10-22','3341501555351',1,NULL,'2020-11-15 09:11:14','3320800412861'),(154,'2020-11-02','3341501555351',1,NULL,'2020-11-15 09:03:19','3320800412861'),(155,'2020-11-03','3341501555351',1,NULL,'2020-11-15 09:03:31','3320800412861'),(156,'2020-10-31','3341501555351',1,NULL,'2020-11-15 09:12:16','3320800412861'),(157,'2020-10-30','3341501555351',1,NULL,'2020-11-15 09:12:06','3320800412861'),(158,'2020-10-29','3341501555351',1,NULL,'2020-11-15 09:11:58','3320800412861'),(159,'2020-11-04','3341501555351',1,NULL,'2020-11-15 09:03:39','3320800412861'),(160,'2020-11-05','3341501555351',1,NULL,'2020-11-15 09:04:32','3320800412861'),(161,'2020-11-06','3341501555351',1,NULL,'2020-11-15 09:04:43','3320800412861'),(162,'2020-11-10','3341501555351',1,NULL,'2020-11-15 09:05:06','3320800412861'),(163,'2020-11-09','3341501555351',1,NULL,'2020-11-15 09:04:58','3320800412861'),(164,'2020-11-15','3320800412861',1,NULL,'2020-11-15 09:02:59','3320800412861'),(165,'2020-11-02','3320800412861',1,NULL,'2020-11-15 09:03:19','3320800412861'),(166,'2020-11-03','3320800412861',1,NULL,'2020-11-15 09:03:31','3320800412861'),(167,'2020-11-04','3320800412861',1,NULL,'2020-11-15 09:03:39','3320800412861'),(168,'2020-11-05','3320800412861',1,NULL,'2020-11-15 09:04:32','3320800412861'),(169,'2020-11-06','3320800412861',1,NULL,'2020-11-15 09:04:43','3320800412861'),(170,'2020-11-09','3320800412861',1,NULL,'2020-11-15 09:04:58','3320800412861'),(171,'2020-11-10','3320800412861',1,NULL,'2020-11-15 09:05:06','3320800412861'),(172,'2020-11-11','3320800412861',1,NULL,'2020-11-15 09:05:49','3320800412861'),(173,'2020-11-11','3341501555351',1,NULL,'2020-11-15 09:05:49','3320800412861'),(174,'2020-11-11','3349800010931',1,NULL,'2020-11-15 09:05:49','3320800412861'),(175,'2020-11-12','3349800010931',1,NULL,'2020-11-15 09:06:01','3320800412861'),(176,'2020-11-12','3320800412861',1,NULL,'2020-11-15 09:06:01','3320800412861'),(177,'2020-11-12','3341501555351',1,NULL,'2020-11-15 09:06:01','3320800412861'),(178,'2020-11-13','3349800010931',1,NULL,'2020-11-15 09:06:15','3320800412861'),(179,'2020-11-13','3320800412861',1,NULL,'2020-11-15 09:06:15','3320800412861'),(180,'2020-11-13','3341501555351',1,NULL,'2020-11-15 09:06:15','3320800412861'),(181,'2020-10-01','3320800412861',1,NULL,'2020-11-15 09:06:40','3320800412861'),(182,'2020-10-01','3349800010931',1,NULL,'2020-11-15 09:06:40','3320800412861'),(183,'2020-10-02','3349800010931',1,NULL,'2020-11-15 09:06:49','3320800412861'),(184,'2020-10-02','3320800412861',1,NULL,'2020-11-15 09:06:49','3320800412861'),(185,'2020-10-03','3349800010931',1,NULL,'2020-11-15 09:06:59','3320800412861'),(186,'2020-10-03','3320800412861',1,NULL,'2020-11-15 09:06:59','3320800412861'),(187,'2020-10-05','3349800010931',1,NULL,'2020-11-15 09:07:09','3320800412861'),(188,'2020-10-05','3320800412861',1,NULL,'2020-11-15 09:07:09','3320800412861'),(189,'2020-10-06','3349800010931',1,NULL,'2020-11-15 09:07:19','3320800412861'),(190,'2020-10-06','3320800412861',1,NULL,'2020-11-15 09:07:19','3320800412861'),(191,'2020-10-07','3349800010931',1,NULL,'2020-11-15 09:07:30','3320800412861'),(192,'2020-10-07','3320800412861',1,NULL,'2020-11-15 09:07:30','3320800412861'),(193,'2020-10-08','3349800010931',1,NULL,'2020-11-15 09:07:38','3320800412861'),(194,'2020-10-08','3320800412861',1,NULL,'2020-11-15 09:07:38','3320800412861'),(195,'2020-10-09','3349800010931',1,NULL,'2020-11-15 09:07:54','3320800412861'),(196,'2020-10-09','3320800412861',1,NULL,'2020-11-15 09:07:54','3320800412861'),(197,'2020-10-10','3349800010931',1,NULL,'2020-11-15 09:08:12','3320800412861'),(198,'2020-10-10','3320800412861',1,NULL,'2020-11-15 09:08:12','3320800412861'),(199,'2020-10-12','3349800010931',1,NULL,'2020-11-15 09:08:29','3320800412861'),(200,'2020-10-12','3320800412861',1,NULL,'2020-11-15 09:08:29','3320800412861'),(201,'2020-10-13','3349800010931',1,NULL,'2020-11-15 09:08:37','3320800412861'),(202,'2020-10-13','3320800412861',1,NULL,'2020-11-15 09:08:37','3320800412861'),(203,'2020-10-14','3349800010931',1,NULL,'2020-11-15 09:08:46','3320800412861'),(204,'2020-10-14','3320800412861',1,NULL,'2020-11-15 09:08:46','3320800412861'),(205,'2020-10-15','3349800010931',1,NULL,'2020-11-15 09:09:02','3320800412861'),(206,'2020-10-15','3320800412861',1,NULL,'2020-11-15 09:09:02','3320800412861'),(207,'2020-10-16','3349800010931',1,NULL,'2020-11-15 09:09:15','3320800412861'),(208,'2020-10-16','3320800412861',1,NULL,'2020-11-15 09:09:15','3320800412861'),(209,'2020-10-17','3349800010931',1,NULL,'2020-11-15 09:09:24','3320800412861'),(210,'2020-10-17','3320800412861',1,NULL,'2020-11-15 09:09:24','3320800412861'),(211,'2020-10-19','3349800010931',1,NULL,'2020-11-15 09:09:32','3320800412861'),(212,'2020-10-19','3320800412861',1,NULL,'2020-11-15 09:09:32','3320800412861'),(213,'2020-10-20','3349800010931',1,NULL,'2020-11-15 09:09:40','3320800412861'),(214,'2020-10-20','3320800412861',1,NULL,'2020-11-15 09:09:40','3320800412861'),(215,'2020-10-21','3349800010931',1,NULL,'2020-11-15 09:11:04','3320800412861'),(216,'2020-10-21','3320800412861',1,NULL,'2020-11-15 09:11:04','3320800412861'),(217,'2020-10-22','3349800010931',1,NULL,'2020-11-15 09:11:14','3320800412861'),(218,'2020-10-22','3320800412861',1,NULL,'2020-11-15 09:11:14','3320800412861'),(219,'2020-10-24','3349800010931',1,NULL,'2020-11-15 09:11:26','3320800412861'),(220,'2020-10-24','3320800412861',1,NULL,'2020-11-15 09:11:26','3320800412861'),(221,'2020-10-26','3349800010931',1,NULL,'2020-11-15 09:11:35','3320800412861'),(222,'2020-10-26','3320800412861',1,NULL,'2020-11-15 09:11:35','3320800412861'),(223,'2020-10-27','3349800010931',1,NULL,'2020-11-15 09:11:43','3320800412861'),(224,'2020-10-27','3320800412861',1,NULL,'2020-11-15 09:11:43','3320800412861'),(225,'2020-10-28','3349800010931',1,NULL,'2020-11-15 09:11:51','3320800412861'),(226,'2020-10-28','3320800412861',1,NULL,'2020-11-15 09:11:51','3320800412861'),(227,'2020-10-29','3349800010931',1,NULL,'2020-11-15 09:11:58','3320800412861'),(228,'2020-10-29','3320800412861',1,NULL,'2020-11-15 09:11:58','3320800412861'),(229,'2020-10-30','3349800010931',1,NULL,'2020-11-15 09:12:06','3320800412861'),(230,'2020-10-30','3320800412861',1,NULL,'2020-11-15 09:12:06','3320800412861'),(231,'2020-10-31','3349800010931',1,NULL,'2020-11-15 09:12:16','3320800412861'),(232,'2020-10-31','3320800412861',1,NULL,'2020-11-15 09:12:16','3320800412861'),(233,'2020-09-01','3349800010931',1,NULL,'2020-11-15 09:12:33','3320800412861'),(234,'2020-09-01','3320800412861',1,NULL,'2020-11-15 09:12:33','3320800412861'),(235,'2020-09-02','3349800010931',1,NULL,'2020-11-15 09:12:43','3320800412861'),(236,'2020-09-02','3320800412861',1,NULL,'2020-11-15 09:12:43','3320800412861'),(237,'2020-09-03','3349800010931',1,NULL,'2020-11-15 09:12:58','3320800412861'),(238,'2020-09-03','3320800412861',1,NULL,'2020-11-15 09:12:58','3320800412861'),(239,'2020-09-04','3349800010931',1,NULL,'2020-11-15 09:13:06','3320800412861'),(240,'2020-09-04','3320800412861',1,NULL,'2020-11-15 09:13:06','3320800412861'),(241,'2020-09-07','3349800010931',1,NULL,'2020-11-15 09:13:31','3320800412861'),(242,'2020-09-07','3320800412861',1,NULL,'2020-11-15 09:13:31','3320800412861'),(243,'2020-09-08','3349800010931',1,NULL,'2020-11-15 09:13:39','3320800412861'),(244,'2020-09-08','3320800412861',1,NULL,'2020-11-15 09:13:39','3320800412861'),(245,'2020-09-09','3349800010931',1,NULL,'2020-11-15 09:13:47','3320800412861'),(246,'2020-09-09','3320800412861',1,NULL,'2020-11-15 09:13:47','3320800412861'),(247,'2020-09-10','3349800010931',1,NULL,'2020-11-15 09:13:54','3320800412861'),(248,'2020-09-10','3320800412861',1,NULL,'2020-11-15 09:13:54','3320800412861'),(249,'2020-09-11','3349800010931',1,NULL,'2020-11-15 09:14:02','3320800412861'),(250,'2020-09-11','3320800412861',1,NULL,'2020-11-15 09:14:02','3320800412861'),(251,'2020-09-14','3349800010931',1,NULL,'2020-11-15 09:14:24','3320800412861'),(252,'2020-09-14','3320800412861',1,NULL,'2020-11-15 09:14:24','3320800412861'),(253,'2020-09-15','3349800010931',1,NULL,'2020-11-15 09:14:35','3320800412861'),(254,'2020-09-15','3320800412861',1,NULL,'2020-11-15 09:14:35','3320800412861'),(255,'2020-09-16','3349800010931',1,NULL,'2020-11-15 09:14:43','3320800412861'),(256,'2020-09-16','3320800412861',1,NULL,'2020-11-15 09:14:43','3320800412861'),(257,'2020-09-17','3349800010931',1,NULL,'2020-11-15 09:14:51','3320800412861'),(258,'2020-09-17','3320800412861',1,NULL,'2020-11-15 09:14:51','3320800412861'),(259,'2020-09-18','3349800010931',1,NULL,'2020-11-15 09:15:02','3320800412861'),(260,'2020-09-18','3320800412861',1,NULL,'2020-11-15 09:15:02','3320800412861'),(261,'2020-09-21','3349800010931',1,NULL,'2020-11-15 09:15:20','3320800412861'),(262,'2020-09-21','3320800412861',1,NULL,'2020-11-15 09:15:20','3320800412861'),(263,'2020-09-22','3349800010931',1,NULL,'2020-11-15 09:15:31','3320800412861'),(264,'2020-09-22','3320800412861',1,NULL,'2020-11-15 09:15:31','3320800412861'),(265,'2020-09-23','3349800010931',1,NULL,'2020-11-15 09:15:41','3320800412861'),(266,'2020-09-23','3320800412861',1,NULL,'2020-11-15 09:15:41','3320800412861'),(267,'2020-09-24','3349800010931',1,NULL,'2020-11-15 09:16:03','3320800412861'),(268,'2020-09-24','3320800412861',1,NULL,'2020-11-15 09:16:03','3320800412861'),(269,'2020-09-26','3349800010931',1,NULL,'2020-11-15 09:16:44','3320800412861'),(270,'2020-09-26','3320800412861',1,NULL,'2020-11-15 09:16:44','3320800412861'),(271,'2020-09-28','3349800010931',1,NULL,'2020-11-15 09:16:53','3320800412861'),(272,'2020-09-28','3320800412861',1,NULL,'2020-11-15 09:16:53','3320800412861'),(273,'2020-09-29','3349800010931',1,NULL,'2020-11-15 09:17:00','3320800412861'),(274,'2020-09-29','3320800412861',1,NULL,'2020-11-15 09:17:00','3320800412861'),(275,'2020-09-30','3349800010931',1,NULL,'2020-11-15 09:17:10','3320800412861'),(276,'2020-09-30','3320800412861',1,NULL,'2020-11-15 09:17:10','3320800412861'),(277,'2020-12-16','3341501555351',1,NULL,'2020-12-16 10:50:41','3341501555351'),(278,'2020-12-15','3341501555351',2,NULL,'2020-12-16 10:51:06','3341501555351'),(279,'2020-12-14','3341501555351',1,NULL,'2020-12-16 10:51:15','3341501555351'),(280,'2020-12-09','3341501555351',1,NULL,'2020-12-16 10:51:22','3341501555351'),(281,'2020-12-08','3341501555351',1,NULL,'2020-12-16 10:51:34','3341501555351'),(282,'2020-12-07','3341501555351',1,NULL,'2020-12-16 10:51:42','3341501555351'),(283,'2020-12-04','3341501555351',1,NULL,'2020-12-16 10:51:51','3341501555351'),(284,'2020-12-03','3341501555351',1,NULL,'2020-12-16 10:51:58','3341501555351'),(285,'2020-12-02','3341501555351',1,NULL,'2020-12-16 10:52:05','3341501555351'),(286,'2020-12-01','3341501555351',1,NULL,'2020-12-16 10:52:14','3341501555351'),(287,'2020-12-21','3341501555351',1,NULL,'2020-12-21 15:25:51','3341501555351'),(288,'2020-12-18','3341501555351',1,NULL,'2020-12-21 15:26:01','3341501555351'),(289,'2020-12-17','3341501555351',1,NULL,'2020-12-21 15:26:09','3341501555351');

--
-- Table structure for table `work_permission`
--

CREATE TABLE `work_permission` (
  `id` int(11) NOT NULL AUTO_INCREMENT,
  `person_id` varchar(13) NOT NULL,
  `p1` tinyint(4) NOT NULL,
  `officer` varchar(13) NOT NULL,
  `rec_date` date NOT NULL,
  PRIMARY KEY (`id`)
) ENGINE=MyISAM AUTO_INCREMENT=16 DEFAULT CHARSET=utf8 COLLATE=utf8_general_ci;

--
-- Dumping data for table `work_permission`
--

INSERT INTO `work_permission` VALUES (3,'3349800010931',1,'3349900748206','2020-07-10'),(4,'5349900002138',1,'3349900748206','2020-07-10'),(5,'4361500012602',1,'3349900748206','2020-07-10'),(6,'3349800256760',1,'3349900748206','2020-07-10'),(7,'3341000033670',1,'3349900748206','2020-07-10'),(8,'3320800412861',1,'3349900748206','2020-07-10'),(9,'3349900748206',1,'3349900748206','2020-07-10'),(10,'3331000226800',1,'3349900748206','2020-07-10'),(11,'3341501555351',1,'3349900748206','2020-07-10'),(12,'3341500087621',1,'3349900748206','2020-07-10'),(13,'3341500139914',1,'3349900748206','2020-07-10'),(14,'3340701631297',1,'3349900748206','2020-07-10'),(15,'3341501105266',1,'3349900748206','2020-07-10');


