-- Table structure for table `student_check_permission`
--

CREATE TABLE `student_check_permission` (
  `class_now` tinyint(4) NOT NULL,
  `room_now` tinyint(4) NOT NULL,
  `person_id` varchar(13) NOT NULL,
  `student_check_year` int(11) NOT NULL
) ENGINE=MyISAM DEFAULT CHARSET=utf8 COLLATE=utf8_general_ci;

--
-- Dumping data for table `student_check_permission`
--

INSERT INTO `student_check_permission` VALUES (7,1,'3340300247798',2557),(7,2,'3349800143680',2557),(8,1,'3340701302161',2557),(6,1,'3341501653107',2557),(12,0,'3349800101162',2561),(3,1,'3349800225180',2557),(4,1,'3341500145841',2557),(4,2,'3341501585772',2557),(5,1,'3341501157029',2557),(5,2,'3471400136688',2557),(8,2,'3349800179391',2557),(9,1,'3460500001813',2557),(9,2,'3920300231845',2557),(10,1,'3341601178702',2557),(11,1,'3341500256694',2557),(12,1,'3349800101162',2557),(7,1,'3240400226165',2557),(2,1,'3240400226165',2557),(3,1,'3240400226165',2557),(4,1,'3240400226165',2557),(4,2,'3240400226165',2557),(5,1,'3240400226165',2557),(5,2,'3240400226165',2557),(6,1,'3240400226165',2557),(7,2,'3240400226165',2557),(8,1,'3240400226165',2557),(8,2,'3240400226165',2557),(9,1,'3240400226165',2557),(9,2,'3240400226165',2557),(10,1,'3240400226165',2557),(11,1,'3240400226165',2557),(12,1,'3240400226165',2557),(9,2,'3670300421434',2557),(11,0,'3341500256694',2561),(3,1,'3349800225180',2561),(4,1,'3471400136688',2561),(4,1,'3341501585772',2561),(5,1,'3341501653107',2561),(6,1,'3340300247798',2561),(3,0,'3340200075570',2565),(8,1,'3341500145841',2561),(9,1,'3341501157029',2561),(10,1,'3920300231845',2561),(11,1,'3341500256694',2561),(12,1,'3349800101162',2561),(5,0,'3349700105379',2561),(10,0,'3920300231845',2561),(2,1,'3670300421434',2561),(9,0,'3341501157029',2561),(8,0,'1349700110261',2561),(6,0,'3349700105379',2564),(7,1,'1341500090200',2561),(6,0,'3340300247798',2561),(4,0,'3349700105379',2564),(4,0,'3471400136688',2561),(4,0,'3349700105379',2561),(3,0,'3340200075570',2562),(2,0,'3670300421434',2561),(4,1,'3349700105379',2561),(2,1,'3349700105379',2561),(6,0,'3349700105379',2561),(7,0,'3349700105379',2561),(8,0,'3349700105379',2561),(9,0,'3349700105379',2561),(10,0,'3349700105379',2561),(11,0,'3349700105379',2561),(2,0,'3349700105379',2564),(2,0,'3349700105379',2561),(3,0,'3349700105379',2561),(3,0,'3341500145841',2561),(5,0,'3341400599123',2564),(7,0,'1340100121611',2563),(7,0,'1340100121611',2566),(5,0,'3349700105379',2564),(9,0,'3460500001813',2562),(3,0,'3349700105379',2563),(3,0,'3349700105379',2564),(3,0,'3349700105379',2562),(6,0,'1330300169308',2566),(2,0,'3349700105379',2562),(11,0,'3349700105379',2562),(6,0,'3349700105379',2562),(4,0,'3349700105379',2562),(10,0,'3349700105379',2562),(7,0,'3349700105379',2562),(8,0,'3349700105379',2562),(9,0,'3349700105379',2562),(5,0,'3349700105379',2562),(3,0,'3340200075570',2563),(4,0,'3349700105379',2563),(4,0,'3471400136688',2564),(5,0,'3349700105379',2563),(5,0,'3341400599123',2563),(6,0,'3349700105379',2563),(9,0,'1341100197104',2566),(7,0,'3349700105379',2563),(3,0,'3340200075570',2564),(8,0,'3349700105379',2563),(9,0,'3349700105379',2563),(9,0,'3460500001813',2563),(10,0,'3349700105379',2563),(11,0,'3349700105379',2563),(12,0,'3349700105379',2563),(2,1,'3349700105379',2563),(2,1,'1341500090200',2563),(2,0,'3349700105379',2563),(2,0,'1341500090200',2565),(7,0,'3349700105379',2564),(7,0,'1340100121611',2564),(8,0,'3349700105379',2564),(9,0,'3349700105379',2564),(9,0,'3460500001813',2564),(10,0,'3349700105379',2564),(3,0,'3340200075570',2566),(11,0,'3349700105379',2564),(12,0,'3349700105379',2564),(4,0,'3340701099064',2566),(4,0,'3471400136688',2565),(5,0,'3460500001813',2565),(7,0,'1340100121611',2565),(3,0,'3340200075570',2567),(9,0,'1341100197104',2565),(2,0,'3340200075570',2566),(11,0,'1341590004049',2565),(5,0,'1349900780791',2566),(4,0,'3341500800173',2568),(11,0,'1341590004049',2566),(5,0,'1349900780791',2568),(2,1,'1349900231924',2566),(9,0,'1341100197104',2567),(3,1,'3340200075570',2567),(4,0,'3340701099064',2567),(5,0,'1349900780791',2567),(6,0,'1330300169308',2567),(7,0,'1340100121611',2567),(8,0,'3341500800173',2567),(10,0,'2340700001011',2567),(11,0,'1341590004049',2567),(12,0,'3349900595396',2567),(2,0,'1349900231924',2567),(6,0,'3340701099064',2568),(6,0,'1330300169308',2568),(7,0,'1340100121611',2568),(3,0,'3340200075570',2568),(8,0,'1330400447709',2568),(9,0,'1341100197104',2568),(10,0,'2340700001011',2568),(11,0,'1341590004049',2568),(12,0,'3349900595396',2568);

--
-- Table structure for table `student_check_year`
--

CREATE TABLE `student_check_year` (
  `id` int(11) NOT NULL AUTO_INCREMENT,
  `student_check_year` int(11) NOT NULL,
  `year_active` tinyint(1) NOT NULL,
  PRIMARY KEY (`id`),
  UNIQUE KEY `student_check_year` (`student_check_year`)
) ENGINE=MyISAM AUTO_INCREMENT=11 DEFAULT CHARSET=utf8 COLLATE=utf8_general_ci;

--
-- Dumping data for table `student_check_year`
--

INSERT INTO `student_check_year` VALUES (2,2557,0),(3,2561,0),(4,2562,0),(5,2563,0),(6,2564,0),(7,2565,0),(8,2566,0),(9,2567,0),(10,2568,1);

--
-- Table structure for table `student_main`
--

CREATE TABLE `student_main` (
  `id` int(11) NOT NULL AUTO_INCREMENT,
  `student_id` varchar(7) NOT NULL,
  `student_number` int(11) DEFAULT NULL,
  `prename` varchar(20) NOT NULL,
  `name` varchar(50) NOT NULL,
  `surname` varchar(50) NOT NULL,
  `person_id` varchar(20) DEFAULT NULL,
  `sex` tinyint(4) NOT NULL DEFAULT 0,
  `pic` varchar(150) DEFAULT NULL,
  `class_now` tinyint(4) DEFAULT NULL,
  `room` tinyint(4) NOT NULL DEFAULT 0,
  `status` tinyint(4) NOT NULL DEFAULT 0,
  `out_edyear` int(11) DEFAULT NULL,
  `officer` varchar(13) NOT NULL,
  `rec_date` date NOT NULL,
  PRIMARY KEY (`id`),
  UNIQUE KEY `student_number` (`student_id`),
  KEY `class_now` (`class_now`),
  KEY `room` (`room`)
) ENGINE=MyISAM AUTO_INCREMENT=5434 DEFAULT CHARSET=utf8 COLLATE=utf8_general_ci;

--
-- Dumping data for table `student_main`
--

INSERT INTO `student_main` VALUES (5202,'5911',6,'เด็กชาย','ภัทธกร','ฝางแก้ว','1347600105069',1,'',8,0,0,NULL,'1341100197104','2019-06-06'),(5201,'5910',5,'เด็กชาย','ปุญญพัฒน์','ผาลา','1347600105247',1,'',8,0,0,NULL,'1341100197104','2019-06-06'),(5190,'5899',13,'เด็กหญิง','จิราวรรณ','ดาวัน','1219901534883',2,'',4,0,2,2563,'1349900416151','2018-11-06'),(5187,'5599',13,'นางสาว','อรัญญา','สุโทวา','1418000029507',2,NULL,12,0,1,2562,'3240400226165','2018-11-05'),(5186,'5551',12,'เด็กหญิง','สุทาสินีย์','เทียมศร','1100201766288',2,NULL,12,0,1,2562,'3240400226165','2018-11-05'),(5185,'5549',11,'เด็กหญิง','สุมีนา','วงศ์ประเสริฐ','1119902172285',2,NULL,12,0,1,2562,'3240400226165','2018-11-05'),(5291,'5986',16,'เด็กหญิง','ปวีณ์สุดา  ','มณีเนตร','1103704437791',2,'',10,0,2,2566,'1341100197104','2022-11-01'),(5183,'5544',10,'นางสาว','ณิชากร','วรรณโคตร','1341501435936',2,NULL,12,0,1,2562,'3240400226165','2018-11-05'),(5182,'5543',9,'นางสาว','อรัญญา','สิทธิสา','1341501436975',2,NULL,12,0,1,2562,'3240400226165','2018-11-05'),(5181,'5542',8,'นางสาว','สมิตา','คำเชิด','1100703561836',2,NULL,12,0,1,2562,'3240400226165','2018-11-05'),(5194,'5896',13,'เด็กชาย','ธีระพงษ์','พิมพ์อักษร','1341501538395',1,'',9,0,2,2566,'1341500090200','2018-11-13'),(5198,'5907',4,'เด็กชาย','ธนกฤติ','นาคำ','1209301313843',1,'',8,0,0,NULL,'1341100197104','2019-06-06'),(5177,'5530',7,'เด็กชาย','รุ่งนภา','สิงห์สอน','1770600353372',1,NULL,12,0,1,2562,'3349700105379','2018-11-05'),(5176,'5528',6,'นาย','เอกรินทร์','อินทมาตย์','1103703669478',1,NULL,12,0,1,2562,'3349700105379','2018-11-05'),(5175,'5524',5,'เด็กชาย','คธาวุธ','แดนสันเทียะ','1349901280244',1,NULL,12,0,1,2562,'3349700105379','2018-11-05'),(5174,'5523',4,'นาย','อภิชัย','น้อยคำตัน','1341501424870',1,NULL,12,0,1,2562,'3349700105379','2018-11-05'),(5173,'5522',3,'นาย','ชลชาติ','ดุมแก้ว','1341501437629',1,NULL,12,0,1,2562,'3349700105379','2018-11-05'),(5172,'5521',2,'นาย','อภิรักษ์','หาทรัพย์','1349901243853',1,NULL,12,0,1,2562,'3349700105379','2018-11-05'),(5171,'5520',1,'นาย','ปฏิพน','กาทอง','1361300150969',1,NULL,12,0,1,2562,'3349700105379','2018-11-05'),(5170,'5757',16,'เด็กหญิง','กนิษฐา','สมอยู่','1100703729338',2,NULL,12,0,1,2562,'3240400226165','2018-11-05'),(5169,'5678',15,'เด็กหญิง','ขวัญฤทัย','ตังนู','1342600058520',2,NULL,12,0,1,2562,'3240400226165','2018-11-05'),(5168,'5589',14,'เด็กหญิง','ศิริวัลย์','สุวรรณา','1349901316079',2,NULL,12,0,1,2562,'3240400226165','2018-11-05'),(5167,'5587',13,'เด็กหญิง','อาทิตยา','ถนอมเชื้อ','1341501448400',2,NULL,12,0,1,2562,'3240400226165','2018-11-05'),(5166,'5585',12,'เด็กหญิง','นันทนา','พันธ์ยงค์','1341501457735',2,NULL,12,0,1,2562,'3240400226165','2018-11-05'),(5165,'5581',11,'เด็กชาย','ธนวัฒน์','เหมราย์','1341501453969',1,NULL,12,0,1,2562,'3349700105379','2018-11-05'),(5164,'5579',10,'เด็กชาย','จรัมพร','สิทธิษา','1100201785193',1,NULL,12,0,1,2562,'3349700105379','2018-11-05'),(5163,'5578',9,'เด็กชาย','ณัฐนันท์','มูลทา','1341501463743',1,NULL,12,0,1,2562,'3349700105379','2018-11-05'),(5162,'5577',8,'เด็กชาย','นิพัทธ์','หารสาร','1341501455554',1,NULL,12,0,1,2562,'3349700105379','2018-11-05'),(5161,'5576',7,'เด็กชาย','นครินทร์','นรมาตย์','1341501452881',1,NULL,12,0,1,2562,'3349700105379','2018-11-05'),(5160,'5575',6,'เด็กชาย','วิชาญ','พละศรี','1341501456887',1,NULL,12,0,1,2562,'3349700105379','2018-11-05'),(5159,'5573',5,'เด็กหญิง','ปรัชญา','นาคสุวรรณ','1341501461562',2,NULL,12,0,1,2562,'3349700105379','2018-11-05'),(5158,'5571',4,'เด็กหญิง','รัฐภรณ์','คำแพง','1341501464707',2,NULL,12,0,1,2562,'3349700105379','2018-11-05'),(5157,'5566',3,'เด็กชาย','ชนาธิป','สายสมบัติ','1349901314351',1,NULL,12,0,1,2562,'3349700105379','2018-11-05'),(5191,'5897',12,'เด็กชาย','ธนาธิป','อินทชัย','1729900994665',1,'',3,0,2,2562,'1349900416151','2018-11-13'),(5211,'5563',2,'นาย','ชัยมงคล','ทาธิษา','1341501459193',1,'',12,0,3,2562,'3349700105379','2019-06-10'),(5154,'5561',1,'เด็กชาย','อังคาร','อุพันทา','1349901323792',1,NULL,12,0,1,2562,'3349700105379','2018-11-05'),(5153,'5873',6,'เด็กชาย','ฌานิศ','ฝ่ายขันธ์','1342600060192',1,NULL,11,0,2,2562,'1349900416151','2018-11-05'),(5152,'5750',6,'เด็กชาย','ศิริชัย','วงศ์ประเสริฐ','1119902253269',1,NULL,12,0,1,2563,'3240400226165','2018-11-05'),(5151,'5613',5,'เด็กชาย','ศิวัฒน์','ไชยเนตร','1341501474311',1,NULL,12,0,1,2563,'3240400226165','2018-11-05'),(5150,'5611',4,'เด็กชาย','วรเดช','กาชัย','1103100918166',1,NULL,12,0,1,2563,'3240400226165','2018-11-05'),(5149,'5608',3,'เด็กชาย','นันทกรณ์','แพทย์เพียร','1409903465704',1,NULL,12,0,1,2563,'3240400226165','2018-11-05'),(5148,'5604',2,'เด็กชาย','เจษฎา','กิ่งมาลา','1341501480478',1,NULL,12,0,1,2563,'3240400226165','2018-11-05'),(5147,'5603',1,'เด็กชาย','จีระศักดิ์','ตะโกศรี','1730701026334',1,NULL,12,0,1,2563,'3240400226165','2018-11-05'),(5146,'5640',4,'เด็กชาย','จิตภูมิศักดิ์','แดนสันเทียะ','1349901467107',1,NULL,12,0,1,2564,'3240400226165','2018-11-05'),(5096,'5687',3,'เด็กชาย','ณรงค์ศักดิ์','แสนพันธ์','1349901497839',1,NULL,12,0,1,2565,'1341500090200','2018-11-05'),(5274,'5972',2,'เด็กชาย','ณิชกุล  ','ตรีสิงหาร','1309801832610',1,'',5,0,2,2568,'1341100197104','2022-06-14'),(5095,'5686',2,'เด็กชาย','โชคทวี','น้อยคำตัน','1349901498258',1,NULL,12,0,1,2565,'1341500090200','2018-11-05'),(5094,'5685',1,'เด็กชาย','ครรชิต','สุโทวา','1418000085440',1,NULL,12,0,1,2565,'1341500090200','2018-11-05'),(5283,'5979',7,'เด็กหญิง','ณิชา','ธนูทอง','1341501616752',2,'',5,0,2,2568,'1341100197104','2022-06-14'),(5271,'5714',17,'เด็กหญิง','ประกายขวัญ','อุทัย','1341501497770',2,'',12,0,1,2565,'1341500090200','2022-03-16'),(5090,'5816',12,'เด็กชาย','ธนาภา','ลาทวี','1104301167991',2,NULL,10,0,2,2565,'3340200075570','2018-11-05'),(5423,'5846',12,'เด็กหญิง','ธิชา','พร้อมสุข','1342000149800',2,'',12,0,0,NULL,'1341100197104','2024-06-25'),(5414,'6003',2,'เด็กชาย','ยศพล ',' เศษตาสิงห์','1100202264120',1,'',2,0,2,2567,'1341100197104','2024-06-10'),(5281,'5985',10,'เด็กชาย','อภิวรรทน์','เส็งแสง','1349300063605',1,'',3,0,2,2566,'1341500090200','2022-06-14'),(5277,'5975',4,'เด็กชาย','พัทชานนท์   ','คำเชิด','1100600651921',1,'',5,0,0,NULL,'1341100197104','2022-06-14'),(5278,'5976',7,'เด็กชาย','วรเชฏ  ','แสนหยุด','1343200044441',1,'',3,0,2,2566,'1341500090200','2022-06-14'),(5415,'6004',2,'เด็กชาย','วุฒิชัย  ','วรรณโคตร','1341501648255',1,'',3,0,0,NULL,'1341100197104','2024-06-10'),(5280,'5984',6,'เด็กชาย','ภัทรพล  ','เศษตาสิงห์','1100202232899',1,'',4,0,2,2567,'1341100197104','2022-06-14'),(5219,'5754',28,'เด็กหญิง','วรัญญา','อุพันทา','134151494363',2,'',10,0,2,2563,'1349900416151','2019-07-05'),(5145,'5681',17,'เด็กหญิง','ปนัดดา','หงษาธร','1101801470534',2,NULL,12,0,1,2564,'3340200075570','2018-11-05'),(5144,'5671',15,'เด็กหญิง','หทัยรัต','สิงหัดสา','1349901484613',2,NULL,12,0,1,2564,'3340200075570','2018-11-05'),(5220,'5672',16,'เด็กชาย','ณัฐวุฒิ','น้อยคำตัน','1250101627731',1,'',12,0,1,2564,'3340200075570','2019-07-05'),(5142,'5669',14,'เด็กหญิง','สิทธิกานต์','รสเย็น','1104300943122',2,NULL,12,0,1,2564,'3340200075570','2018-11-05'),(5221,'5643',6,'เด็กชาย','ธนากร','ทองปาน','1349901444069',1,'',12,0,1,2564,'3240400226165','2019-08-14'),(5140,'5663',13,'เด็กหญิง','ไพริน','พรมชาติ','1349901481789',2,NULL,12,0,1,2564,'3340200075570','2018-11-05'),(5222,'5922',17,'เด็กหญิง','พรวดี','ไชยเนตร','1341501528519',2,'',9,0,2,2566,'1341500090200','2019-10-01'),(5223,'5923',18,'เด็กชาย','กมลเชษฐ์','ศรีพันธ์','1349901435388',1,'',12,0,1,2564,'3340200075570','2019-11-04'),(5097,'5688',4,'เด็กชาย','ต่อศักดิ์','ทองอ้ม','1349901524275',1,NULL,12,0,1,2565,'1341500090200','2018-11-05'),(5098,'5689',5,'เด็กชาย','ธนกฤต','ปัจฉิมานนท์','1349901502565',1,NULL,12,0,1,2565,'1341500090200','2018-11-05'),(5100,'5691',7,'เด็กชาย','ธนนันท์','สุวรรณา','1349901513001',1,NULL,12,0,1,2565,'1341500090200','2018-11-05'),(5101,'5692',8,'เด็กชาย','ธรเมธ','หาทรัพย์','1341501501874',1,NULL,12,0,1,2565,'1341500090200','2018-11-05'),(5102,'5693',9,'เด็กชาย','ธวัชชัย','วงษาหมูน','1349901514300',1,NULL,12,0,1,2565,'1341500090200','2018-11-05'),(5103,'5694',10,'เด็กชาย','นพธีรา','ฉำคำ','1104301063193',1,NULL,12,0,1,2565,'1341500090200','2018-11-05'),(5104,'5695',11,'เด็กชาย','นรากร','คำเชิด','1349901520512',1,NULL,10,0,2,2563,'3349700105379','2018-11-05'),(5106,'5699',13,'เด็กชาย','ภัทรชัย','มงคลสุภา','1341501496480',1,NULL,10,0,2,2563,'3349700105379','2018-11-05'),(5107,'5700',14,'เด็กชาย','มงคล','ปัญญาโรจน์','1341501495599',1,NULL,10,0,2,2563,'3349700105379','2018-11-05'),(5109,'5703',13,'เด็กชาย','อังคาร','ภาราศัย','1341501494819',1,NULL,12,0,1,2565,'1341500090200','2018-11-05'),(5110,'5704',14,'เด็กชาย','เอกลักษณ์','ร่วมธรรม','1349901554441',1,NULL,12,0,1,2565,'1341500090200','2018-11-05'),(5111,'5707',15,'เด็กหญิง','ชนาธินาถ','วรรณโคตร','1341501502099',2,NULL,12,0,1,2565,'1341500090200','2018-11-05'),(5112,'5708',1,'เด็กหญิง','ชุติมา','โคตรมนตรี','1341501494916',2,NULL,10,0,2,2566,'3340200075570','2018-11-05'),(5113,'5711',16,'เด็กหญิง','ณัฐวิกา','ชมภู','1349901495089',2,NULL,12,0,1,2565,'1341500090200','2018-11-05'),(5114,'5712',21,'เด็กหญิง','ทัศนีวรรณ','สิทธิษา','1341501497966',2,NULL,10,0,2,2563,'3349700105379','2018-11-05'),(5412,'5823',4,'เด็กชาย','ธนภัทร','แสนทวีสุข','1341501536678',1,'',11,0,0,NULL,'1341100197104','2024-05-17'),(5116,'5715',18,'เด็กหญิง','ปาริชาติ','น้อยคำตัน','1341501494274',2,NULL,12,0,1,2565,'1341500090200','2018-11-05'),(5117,'5716',19,'เด็กหญิง','พรนภา','อะเรืองเพชร','1341501499322',2,NULL,12,0,1,2565,'1341500090200','2018-11-05'),(5118,'5717',20,'เด็กหญิง','ไพรแก้ว','ทองอ้ม','1349901524305',2,NULL,12,0,1,2565,'1341500090200','2018-11-05'),(5119,'5718',21,'เด็กหญิง','แรกขวัญ','เขียวชอุ้ม','1103704313561',2,NULL,12,0,1,2565,'1341500090200','2018-11-05'),(5120,'5719',22,'เด็กหญิง','สุรีรัตน์','จำปาชาติ','1341501498792',2,NULL,12,0,1,2565,'1341500090200','2018-11-05'),(5121,'5637',1,'เด็กชาย','กนกศักดิ์','วรรณโคตร','1347600006303',1,NULL,12,0,1,2564,'3349700105379','2018-11-05'),(5122,'5638',2,'เด็กชาย','กุลวัฒน์','จำปาชาติ','1341501492280',1,NULL,12,0,3,2565,'3349700105379','2018-11-05'),(5123,'5639',3,'เด็กชาย','กฤษฏา','แก้วยอดคง','1341501486638',1,NULL,12,0,1,2564,'3349700105379','2018-11-05'),(5227,'5930',2,'เด็กชาย','ดลสุข','วรรณโคตร','1343200044344',1,'',7,0,0,NULL,'1349900416151','2020-07-15'),(5125,'5642',5,'เด็กชาย','ณัฐพล','ภาราศัย','1349901486705',1,NULL,12,0,1,2564,'3240400226165','2018-11-05'),(5226,'5929',1,'เด็กชาย','เกียรติบดินทร์','จารุการ','1341501592837',1,'',7,0,0,NULL,'1349900416151','2020-07-15'),(5127,'5645',7,'เด็กชาย','ธีรศักดิ์','เดชมุงคุล','1341501488991',1,NULL,12,0,1,2564,'3240400226165','2018-11-05'),(5128,'5647',1,'เด็กชาย','พีระพัฒน์','มะหาอินทร์','1341501487618',1,NULL,11,0,3,2565,'3240400226165','2018-11-05'),(5129,'5648',8,'เด็กชาย','รัฐธรรมนูญ','งามปัญญา','1341501488444',1,NULL,12,0,1,2564,'3340200075570','2018-11-05'),(5130,'5650',9,'เด็กชาย','สิทธิศักดิ์','สิทธิสา','1160301309636',1,NULL,12,0,1,2564,'3340200075570','2018-11-05'),(5225,'5894',6,'เด็กชาย','วิทยา','น้อยคำตัน','1341501541035',2,'',11,0,0,NULL,'1341100197104','2020-03-06'),(5133,'5653',10,'เด็กหญิง','กนกวรรณ','หารสาร','1341501490155',2,NULL,12,0,1,2564,'3340200075570','2018-11-05'),(5134,'5654',11,'เด็กหญิง','จิตตรา','ชุมจันทร์','1349901455265',2,NULL,12,0,1,2564,'3340200075570','2018-11-05'),(5224,'5924',25,'เด็กหญิง','จิระนันท์','ไชยวรรณ','1341501492107',2,'',11,0,3,2565,'3340200075570','2020-03-06'),(5136,'5657',12,'เด็กหญิง','ธัญญลักษณ์','ล้อมสุข','1349901476637',2,NULL,12,0,1,2564,'3340200075570','2018-11-05'),(5137,'5659',2,'เด็กหญิง','ปิยาพัชร','จำปาชาติ','1341501485500',2,NULL,11,0,3,2565,'3240400226165','2018-11-05'),(4193,'5360',0,'เด็กชาย','ธนพล','เดชมุงคุล','1349900997145',1,NULL,12,1,1,2558,'','0000-00-00'),(4194,'5388',0,'เด็กชาย','วงศกร','พิษพงษ์','1349901043901',1,NULL,12,1,1,2558,'','0000-00-00'),(4195,'5389',0,'เด็กชาย','คมกริช','สมสุข','1341501375445',1,NULL,12,1,1,2558,'','0000-00-00'),(4196,'5393',0,'เด็กชาย','ชลตชา','แสนหยุด','1349901089021',1,NULL,12,1,1,2558,'','0000-00-00'),(4197,'5394',0,'เด็กชาย','ธีระมงคล','ทีฆาวงศ์','1550501207884',1,NULL,12,1,1,2558,'','0000-00-00'),(4198,'5397',0,'เด็กชาย','อิทธิเดช','แก้วโพธิ์','1341501376239',1,NULL,12,1,1,2558,'','0000-00-00'),(4199,'5398',0,'เด็กชาย','ภัทรดล','เดชมุงคุล','1349901076752',1,NULL,12,1,1,2558,'','0000-00-00'),(4200,'5407',0,'เด็กชาย','ศรายุทธ','หมื่นแสง','1343200002935',1,NULL,12,1,1,2558,'','0000-00-00'),(4201,'5408',0,'เด็กชาย','ทักษิน','วรรณโคตร','1341501372560',1,NULL,12,1,1,2558,'','0000-00-00'),(4202,'5410',0,'เด็กชาย','ชยพล','คำเชิด','1100703162974',1,NULL,12,1,1,2558,'','0000-00-00'),(4203,'5413',0,'เด็กชาย','ณัฐวุฒิ','พิศพงษ์','1341501379815',1,NULL,12,1,1,2558,'','0000-00-00'),(4204,'5415',0,'เด็กชาย','วีระพล','สิงห์สอน','1341501363986',1,NULL,12,1,1,2559,'','0000-00-00'),(4205,'5595',0,'เด็กชาย','ภูชิต','พลพลังศรี','1101801147016',1,NULL,12,1,1,2559,'','0000-00-00'),(4206,'5630',0,'เด็กชาย','ธีรภัทร์','พันธ์จูม','1349901018990',1,NULL,12,1,1,2559,'','0000-00-00'),(4207,'5684',0,'เด็กชาย','เอกสิทธิ์','ชยธรรม','1341501379521',1,NULL,12,1,1,2559,'','0000-00-00'),(4208,'5752',0,'เด็กชาย','อภิเดช','อุพันทา','1341501370494',1,NULL,12,1,1,2559,'','0000-00-00'),(4209,'5399',0,'เด็กหญิง','ลัดดาวัลย์','วรรณโคตร','1349700254190',2,NULL,12,1,1,2558,'','0000-00-00'),(4210,'5400',0,'เด็กหญิง','จันทิมา','นาจำปา','1349901054392',2,NULL,12,1,1,2558,'','0000-00-00'),(4211,'5401',0,'เด็กหญิง','จารุวรรณ','นาจำปา','1349901054384',2,NULL,12,1,1,2558,'','0000-00-00'),(4212,'5403',0,'เด็กหญิง','บารนี','ปัดชา','1349901071017',2,NULL,12,1,1,2558,'','0000-00-00'),(4213,'5405',0,'เด็กหญิง','สุกัญญา','วรรณโคตร','1349901074211',2,NULL,12,1,1,2558,'','0000-00-00'),(4214,'5418',0,'เด็กหญิง','นิตยา','เทียมมาลา','1341501381003',2,NULL,12,1,1,2559,'','0000-00-00'),(4215,'5419',0,'เด็กหญิง','ศิริรัตน์','เพ็ชรัตน์','1330801332678',2,NULL,12,1,1,2559,'','0000-00-00'),(4217,'5464',0,'เด็กหญิง','วาสนา','ฮวบกระโทก','2349900045258',2,NULL,12,1,1,2559,'','0000-00-00'),(4218,'5512',0,'เด็กหญิง','ดรุณี','กุลภา','1480501262681',2,NULL,12,1,1,2559,'','0000-00-00'),(4219,'5287',0,'เด็กชาย','ศักรินทร์','นรมาตย์','1349900928259',1,NULL,12,1,1,2557,'','0000-00-00'),(4220,'5334',0,'เด็กชาย','รัตพงศ์','สิทธิศร','1119700052777',1,NULL,12,1,1,2557,'','0000-00-00'),(4221,'5335',0,'เด็กชาย','สุริยา','ถนอมเชื้อ','1341500323204',1,NULL,12,1,1,2557,'','0000-00-00'),(4222,'5336',0,'เด็กชาย','ทนงศักดิ์','จำปาชาติ','1349900988154',1,NULL,12,1,1,2557,'','0000-00-00'),(4223,'5337',0,'เด็กชาย','เรืองศักดิ์','มีทำม่วง','1349901024205',1,NULL,12,1,1,2557,'','0000-00-00'),(4224,'5339',0,'เด็กชาย','ธนาธิป','ลาทวี','1343200002684',1,NULL,12,1,1,2557,'','0000-00-00'),(4225,'5340',0,'เด็กชาย','วชิร','วงค์ศรี','1349901018205',1,NULL,12,1,1,2557,'','0000-00-00'),(4226,'5341',0,'เด็กชาย','ชลสิทธิ์','ดุมแก้ว','1349901018809',1,NULL,12,1,1,2557,'','0000-00-00'),(4227,'5342',0,'เด็กชาย','พงษ์นภา','ชาตี','1340501342091',1,NULL,12,1,1,2557,'','0000-00-00'),(4228,'5343',0,'เด็กชาย','เวชพงษ์','ศรีทากุล','1341501352801',1,NULL,12,1,1,2557,'','0000-00-00'),(4229,'5359',0,'เด็กชาย','ภูธเนศ','ศิริพันธ์','1349901010719',1,NULL,12,1,1,2557,'','0000-00-00'),(4230,'5362',0,'เด็กชาย','วุฒิพงศ์','วงศ์คำจันทร์','1104300257768',1,NULL,12,1,1,2557,'','0000-00-00'),(4231,'5363',0,'เด็กชาย','นพพล','สมสุข','1341500323433',1,NULL,12,1,1,2557,'','0000-00-00'),(4232,'5366',0,'เด็กชาย','อรัญ','สิทธิษา','1349901035037',1,NULL,12,1,1,2557,'','0000-00-00'),(4233,'5636',0,'เด็กชาย','นภา','บุญฮวด','1103702823341',1,NULL,12,1,1,2557,'','0000-00-00'),(4234,'5345',0,'เด็กหญิง','ปิยะพร','สิทธิสา','1343200002617',2,NULL,12,1,1,2557,'','0000-00-00'),(4235,'5346',0,'เด็กหญิง','ปวีณา','เภาดี','1349901004778',2,NULL,12,1,1,2557,'','0000-00-00'),(4236,'5354',0,'เด็กหญิง','ศกลวรรณ','สงวนเพชรจินดา','1349901029835',2,NULL,12,1,1,2557,'','0000-00-00'),(4237,'5355',0,'เด็กหญิง','พรนิพา','ศรีทากุล','1103702988952',2,NULL,12,1,1,2557,'','0000-00-00'),(4238,'5368',0,'เด็กหญิง','ฐิตินันท์','มุดจำปา','1341501355193',2,NULL,12,1,1,2557,'','0000-00-00'),(4239,'5369',0,'เด็กหญิง','วลีพร','เงินมั่น','1349901003321',2,NULL,12,1,1,2557,'','0000-00-00'),(4240,'5371',0,'เด็กหญิง','สุดารัตน์','โสภาสิม','1339900620548',2,NULL,12,1,1,2557,'','0000-00-00'),(4241,'5373',0,'เด็กหญิง','นวรัตน์','พูลทวี','1343200002625',2,NULL,12,1,1,2557,'','0000-00-00'),(4242,'5374',0,'เด็กหญิง','นวลนภา','พร้อมเสมอ','1349901032356',2,NULL,12,1,1,2557,'','0000-00-00'),(4243,'5376',0,'เด็กหญิง','นริศรา','สมสุข','1341500326033',2,NULL,12,1,1,2557,'','0000-00-00'),(4244,'5558',0,'เด็กหญิง','วิจิตรตรา','ชาญจิตร','1103100599273',2,NULL,12,1,1,2557,'','0000-00-00'),(5433,'5918',12,'เด็กหญิง','มุกลดา','สุขศรี','1349902032341',2,'',8,0,0,NULL,'1341100197104','2025-10-02'),(5426,'5960',9,'เด็กหญิง','นลินนิภา','ฤทธิ์ภักดี','1341501604886',2,'',6,0,0,NULL,'1341100197104','2025-03-05'),(5249,'5947',1,'เด็กชาย','กันตวิชญ์','สายเนตร','1341501608938',1,'',6,0,0,NULL,'3340701099064','2021-06-28'),(5425,'6014',6,'เด็กชาย','ศรัทธา','สีดาจิตร','1901601016719',1,'',4,0,0,NULL,'1341100197104','2024-11-11'),(5424,'6012',11,'เด็กหญิง','รัชดาวรรณ ','รอดคำทุย','1349902000296',2,'',8,0,0,NULL,'1341100197104','2024-09-11'),(5071,'5893',7,'เด็กชาย','ศุภกฤต','มีวงษ์','1341501511608',1,NULL,12,0,1,2567,'1341100197104','2018-11-05'),(5069,'5813',5,'เด็กชาย','ชินชร','สีวงษา','1341501517240',1,NULL,12,0,1,2567,'1341100197104','2018-11-05'),(5068,'5777',12,'เด็กหญิง','ชนนิกานต์','แสนหยุด','1329700029242',2,NULL,10,0,2,2566,'1341500090200','2018-11-05'),(5067,'5774',11,'เด็กหญิง','สรินยา','น้อยคำตัน','1341501518297',2,NULL,10,0,2,2566,'1341500090200','2018-11-05'),(5066,'5772',9,'เด็กหญิง','รุ้งนภา','ตังนู','1348900228256',2,NULL,12,0,1,2567,'1341100197104','2018-11-05'),(5272,'5970',1,'เด็กชาย','เกษม ','โพธิ์สุวรรณ','1341501620873',1,'',5,0,0,NULL,'1341500090200','2022-06-14'),(5065,'5771',8,'เด็กหญิง','รุ่งนภา','สมชัย','1341501513643',2,NULL,12,0,1,2567,'1341100197104','2018-11-05'),(5250,'5948',2,'เด็กชาย','จิรายุ','วรรณโคตร','1343200044395',1,'',6,0,0,NULL,'3340200075570','2021-06-28'),(5064,'5770',8,'เด็กหญิง','นาฬิกา','ฤทธิ์ภักดี','1103101077670',2,NULL,11,0,2,2566,'1341500090200','2018-11-05'),(5062,'5764',4,'เด็กชาย','วรเวช','กาชัย','1349901678132',1,NULL,12,0,1,2567,'1341100197104','2018-11-05'),(5275,'5973',2,'เด็กชาย','ธีรเดช','สุวรรณา','1341501616621',1,'',5,0,0,NULL,'1341100197104','2022-06-14'),(5276,'5974',3,'เด็กชาย','ธีรวัฒน์','จำปาชาติ','1341501611131',1,'',5,0,0,NULL,'1341100197104','2022-06-14'),(5059,'5761',3,'เด็กชาย','ธนภัทร','สายเนตร','1341501518432',1,NULL,12,0,1,2567,'1341100197104','2018-11-05'),(5411,'5958',8,'เด็กหญิง','กัญญาภัทร','ศรีทากุล','1119902912131',2,'',6,0,0,NULL,'1341100197104','2023-10-08'),(5056,'5726',1,'เด็กชาย','กฤษฏา','เค้าดี','1100202006660',1,'',12,0,1,2567,'1341100197104','2018-11-05'),(5293,'5987',10,'เด็กหญิง','พรอนัญยา','มีวงษ์','1341501572861',2,'',8,0,0,NULL,'1341100197104','2022-12-09'),(5292,'5988',6,'เด็กชาย','วัชสัณห์','จำเนียรพล','1209601971561',1,'',6,0,2,2568,'1341100197104','2022-12-09'),(5053,'5812',11,'เด็กหญิง','อัญชลี','น้อยคำตัน','1349901716921',2,NULL,12,0,0,NULL,'1341100197104','2018-11-05'),(5052,'5811',15,'เด็กหญิง','อภิสรา','ห่อนิล','1341501524165',2,NULL,9,0,2,2566,'1341500090200','2018-11-05'),(5051,'5810',16,'เด็กหญิง','อภิชนา','สมสุข','1341501527601',2,NULL,8,0,2,2565,'3349700105379','2018-11-05'),(5050,'5809',10,'เด็กหญิง','สุดารัตน์','เสาวราช','1341501531625',2,NULL,12,0,0,NULL,'1341100197104','2018-11-05'),(5049,'5808',13,'เด็กหญิง','ศิริลักษณ์','รอดรักษา','1349901725335',2,NULL,9,0,2,2566,'1341500090200','2018-11-05'),(5048,'5807',13,'เด็กหญิง','พิมพ์ชนก','บัวมาตย์','1347600044949',2,NULL,8,0,2,2565,'3349700105379','2018-11-05'),(5047,'5805',9,'เด็กหญิง','ปภาวรินทร์','แก้วบังเกิด','1349901746600',2,NULL,12,0,0,NULL,'1341100197104','2018-11-05'),(5019,'5820',1,'เด็กชาย','ชนินธร','เปล่าจันทร์','1103704664224',1,'',11,0,0,NULL,'1340100121611','2018-11-05'),(5045,'5801',10,'เด็กหญิง','ฐิตาพร','จันทะยา','1341501524700',2,NULL,9,0,2,2566,'3349700105379','2018-11-05'),(5044,'5798',8,'เด็กชาย','รัชชานนท์','จันทร์ทาคีรี','1341501527075',1,NULL,12,0,0,NULL,'1341100197104','2018-11-05'),(5043,'5796',7,'เด็กชาย','นัทธิชา','ทองชุม','1341501527156',1,NULL,12,0,0,NULL,'1341100197104','2018-11-05'),(5042,'5795',6,'เด็กชาย','ธราเทพ','อุพันทา','1341501525684',1,NULL,12,0,0,0,'1341100197104','2018-11-05'),(5041,'5794',5,'เด็กชาย','ทัศนัย','สิงห์สอน','1839400048492',1,NULL,12,0,0,NULL,'1341100197104','2018-11-05'),(5040,'5793',4,'เด็กชาย','ทนงศักดิ์','เค้าดี','1341501524777',1,NULL,12,0,0,NULL,'1341100197104','2018-11-05'),(5195,'5898',23,'เด็กหญิง','ฐิตาภา','อินทชัย','1729900820276',2,'',8,0,2,2562,'3349700105379','2018-11-13'),(5039,'5792',3,'เด็กชาย','ชาญชัย','เวษาสิทธิ์','1347600049916',1,'',12,0,0,NULL,'1341100197104','2018-11-05'),(5038,'5791',3,'เด็กชาย','ชานน','คำธร','1620900054975',1,NULL,9,0,2,2566,'3349700105379','2018-11-05'),(5037,'5790',2,'เด็กชาย','จารุพงศ์','สิทธิสา','1341501521174',1,'',12,0,0,NULL,'1341100197104','2018-11-05'),(5036,'5788',1,'เด็กชาย','กิตติภูมิ','สมคิด','1341501528683',1,'',12,0,0,NULL,'1341590004049','2018-11-05'),(5197,'5905',2,'เด็กชาย','จิรายุทธ','ไชยจักร์','1341501571937',1,'',8,0,2,2568,'1341100197104','2019-06-06'),(5216,'5902',15,'เด็กชาย','สุรชัย','บุญเปลี่ยน','1909803734296',1,'',6,0,2,2563,'1349900416151','2019-06-19'),(5217,'5731',2,'เด็กชาย','ธนากร','เค้าดี','1100202007364',1,'',12,0,1,2567,'1341100197104','2019-06-19'),(5218,'5921',23,'เด็กชาย','เมธาสิทธิ์','ฮวดดี','1100201969383',1,'',9,0,2,2563,'1349900416151','2019-06-19'),(5427,'6016',1,'เด็กชาย','กิตติศักดิ์','ไชยจักร์','1349902354772',1,'',2,0,0,NULL,'1341100197104','2025-07-23'),(5030,'5835',10,'เด็กหญิง','กมลวรรณ','รัตนมณี','1901001197364',2,NULL,7,0,2,2565,'3240400226165','2018-11-05'),(5422,'6011',9,'เด็กหญิง','วรัญญา ','ทองแจ่ม','1349902300508',1,'',3,0,0,NULL,'1341100197104','2024-06-10'),(5027,'5831',5,'เด็กชาย','วชิรวิทย์','วงศ์ประเสริฐ','1219400056466',1,'',11,0,0,NULL,'1341100197104','2018-11-05'),(5025,'5828',7,'เด็กชาย','พีรพัฒน์','เวษาสิทธิ์','1101000355150',1,NULL,6,0,2,2563,'3349700105379','2018-11-05'),(5024,'5827',5,'เด็กชาย','พงศกร','หาทวี','1341501532788',1,NULL,11,0,2,2568,'1341100197104','2018-11-05'),(5021,'5822',3,'เด็กชาย','ทินภัทร','หาทวี','1341501542783',1,NULL,11,0,0,NULL,'3349700105379','2018-11-05'),(5421,'6010',8,'เด็กหญิง','วิภาวรรณ  ','เรือนอาจ','1341501651817',2,'',3,0,0,NULL,'1341100197104','2024-06-10'),(5420,'6009',7,'เด็กหญิง','บุษกร ','สุวรรณา','1341501647186',2,'',3,0,0,NULL,'1341100197104','2024-06-10'),(5020,'5821',2,'เด็กชาย','ณัฐพงษ์','บุตรศิริ','1349700434741',1,'',11,0,0,NULL,'1341100197104','2018-11-05'),(5017,'5889',15,'เด็กหญิง','ประนัดดา','แสนหยุด','1341501553181',2,NULL,4,0,2,2562,'1349900416151','2018-11-05'),(5015,'5871',6,'เด็กหญิง','เมธาสินี','สมคิด','1349901907336',2,'',10,0,0,NULL,'2340700001011','2018-11-05'),(5016,'5872',12,'เด็กหญิง','รุ่งนภา','วรรณโคตร','1349901854844',2,NULL,9,0,1,2567,'1341100197104','2018-11-05'),(5011,'5864',8,'เด็กหญิง','จิตรกัญญา','แสงสุวรรณ','1341501546223',2,NULL,9,0,1,2567,'1341100197104','2018-11-05'),(5214,'5903',13,'เด็กหญิง','ชลธิชา','โคตรมนตรี','1209000684991',2,'',9,0,1,2567,'1341100197104','2019-06-19'),(5013,'5867',10,'เด็กหญิง','ธัญญาภรณ์','สุวรรณา','1343200044255',2,NULL,9,0,1,2567,'1341100197104','2018-11-05'),(5009,'5862',6,'เด็กหญิง','กชกร','หงษาธร','1341501545189',2,NULL,9,0,1,2567,'1341100197104','2018-11-05'),(5010,'5863',7,'เด็กหญิง','กัญญาภัค','สมสุข','1349901872265',2,NULL,9,0,1,2567,'1341100197104','2018-11-05'),(5008,'5861',5,'เด็กชาย','เอกลักษณ์','อินทมาตย์','1341501549621',1,'',10,0,0,NULL,'2340700001011','2018-11-05'),(5007,'5860',6,'เด็กชาย','สุรศักดิ์','สวัสดิ์ทอง','1710700172060',1,NULL,5,0,2,2563,'3349700105379','2018-11-05'),(5006,'5858',4,'เด็กชาย','วิทชานนท์','จันทร์ทาคีรี','1341501552991',1,'',10,0,0,NULL,'2340700001011','2018-11-05'),(5005,'5857',3,'เด็กชาย','ยิ่งรักษ์','อุ่นใจ','1102004412183',1,'',10,0,0,NULL,'2340700001011','2018-11-05'),(5003,'5852',2,'เด็กชาย','จักรภัทร','ฝางแก้ว','1347600070184',1,'',10,0,0,NULL,'2340700001011','2018-11-05'),(5002,'5851',1,'เด็กชาย','กฏษดา','มะหาอินทร์','1341501551979',1,'',10,0,0,NULL,'2340700001011','2018-11-05'),(5000,'5888',10,'เด็กหญิง','นันทิชา','จำปาชาติ','1341501561354',2,NULL,5,0,2,2565,'1349900416151','2018-11-05'),(4999,'5887',9,'เด็กหญิง','นภาวรรณ','ไชยวรรณ','1341501556288',2,NULL,9,0,0,NULL,'1341100197104','2018-11-05'),(4998,'5886',8,'เด็กหญิง','ธนพร','คำเชิด','1341501566216',2,NULL,9,0,0,NULL,'1341100197104','2018-11-05'),(5213,'5900',8,'เด็กชาย','ศิวะ','อุ่นใจ','1102004529951',1,'',9,0,2,2568,'1341100197104','2019-06-19'),(5215,'5904',19,'เด็กชาย','พงศกร','ฮวดสี','1100202102138',1,'',5,0,2,2563,'1349900416151','2019-06-19'),(4993,'5881',1,'เด็กชาย','ภรเดช','เนากูด','1341501562962',1,NULL,8,0,2,2568,'1341100197104','2018-11-05'),(4995,'5883',5,'เด็กชาย','เสฏฐวุฒิ','ภาระวงศ์','1341501555869',1,NULL,9,0,0,NULL,'1341100197104','2018-11-05'),(4992,'5880',3,'เด็กชาย','พัฒนศักดิ์','ผาลา','1349901956621',1,NULL,9,0,0,NULL,'1341100197104','2018-11-05'),(4994,'5882',4,'เด็กชาย','วิทวัส','สมสุข','1349901920511',1,NULL,9,0,2,2568,'1341100197104','2018-11-05'),(5196,'5906',3,'เด็กชาย','ตฤณ','ทองอ่อน','1341501571007',1,'',8,0,0,NULL,'1341100197104','2019-05-22'),(4990,'5878',1,'เด็กชาย','ชนะวรรณ','เสาวราช','1341501563004',1,NULL,9,0,0,NULL,'1341100197104','2018-11-05'),(4991,'5879',2,'เด็กชาย','ธนศักดิ์','มนตรี','1349901976109',1,NULL,9,0,0,NULL,'1341100197104','2018-11-05'),(4989,'5877',1,'เด็กชาย','เกียรติศักดิ์','สายแวว','1341501556946',1,'',9,0,2,2568,'1340100121611','2018-11-05'),(5203,'5912',6,'เด็กชาย','วีรพล','ธนูทอง','1341501576301',1,'',8,0,2,2568,'1341100197104','2019-06-06'),(5204,'5913',7,'เด็กชาย','ศราวุธ ','บุญล้อม','1103705077039',1,'',8,0,0,NULL,'1341100197104','2019-06-06'),(5289,'5969',6,'เด็กชาย','พีระพัฒน์  ','นิลคำมี','1909803995014',1,'',9,0,0,NULL,'1341100197104','2022-06-14'),(5206,'5915',8,'เด็กหญิง','ขวัญศิริ','โพธิวัฒน์','1169800399191',2,'',8,0,0,NULL,'1341100197104','2019-06-06'),(5288,'5885',7,'เด็กหญิง','ณัฐลดา  ','พลดงนอก','1119902788600',2,'',9,0,0,NULL,'1341100197104','2022-06-14'),(5208,'5917',9,'เด็กหญิง','บัณฑิตา','สมสุข','1341501580642',2,'',8,0,0,NULL,'1341100197104','2019-06-06'),(5418,'6007',5,'เด็กหญิง','จิรภิญญา  ','แสงสุวรรณ','1341501656894',2,'',3,0,0,NULL,'1341100197104','2024-06-10'),(5286,'5982',6,'เด็กหญิง','มัณฑนา','คำเชิด','1110201489128',2,'',5,0,0,NULL,'1341100197104','2022-06-14'),(5416,'6005',3,'เด็กชาย','สุรศักดิ์ ','จำปาชาติ','1347600151991',1,'',3,0,0,NULL,'1341100197104','2024-06-10'),(5294,'5866',9,'เด็กหญิง','ธัญชนก','หม่องคำ','1349901887726',2,'',9,0,1,2567,'1341100197104','2022-12-09'),(5231,'5934',3,'เด็กชาย','พิภพภัทร ','ชูบุญ','1341501584133',1,'',7,0,0,NULL,'1341100197104','2020-07-15'),(5232,'5935',4,'เด็กชาย','อานนท์ ','กระทุ่มกลาง','1341501590664',1,'',7,0,0,NULL,'1341100197104','2020-07-15'),(5233,'5936',5,'เด็กชาย','อภินันต์ ','เสาราช','1341501585385',1,'',7,0,0,NULL,'1341100197104','2020-07-15'),(5235,'5938',7,'เด็กหญิง','กาญจน์สิตา','ศิริวิบูลย์','1347600117636',2,'',7,0,0,NULL,'1341100197104','2020-07-15'),(5237,'5940',8,'เด็กหญิง','ปฐมาภรณ์','คำเชิด','1100704580311',2,'',7,0,0,NULL,'1341100197104','2020-07-15'),(5238,'5941',13,'เด็กหญิง','ประภาสิริ','บำรุงเขตต์','1341501595046',2,'',2,0,2,2563,'1349900416151','2020-07-15'),(5239,'5942',9,'เด็กหญิง','พิชญา','เค้าดี','1100202183006',2,'',7,0,0,NULL,'1341100197104','2020-07-15'),(5240,'5943',15,'เด็กหญิง','ภัทราภรณ์','ฮวดสี','1100202182051',2,'',2,0,2,2563,'1349900416151','2020-07-15'),(5247,'5945',6,'เด็กชาย','วรันธร','คำเชิด','1110201467949',1,'',7,0,0,NULL,'1341100197104','2020-12-21'),(5248,'5843',6,'เด็กชาย','อนุศาสตร์','มหาอินทร์','1103101066988',1,'',12,0,1,2567,'1341100197104','2020-12-21'),(5285,'5981',5,'เด็กหญิง','เบญจวรรณ  ','ทองปาน','1341501621641',2,'',5,0,0,NULL,'1341100197104','2022-06-14'),(5245,'5709',1,'เด็กหญิง','จิดาภา','พิลาแก้ว','1341501493162',2,'',11,0,3,2566,'1341500090200','2020-07-15'),(5246,'5926',7,'เด็กชาย','ชินวัตร','ไชยวรรณ','1347600002375',1,'',12,0,1,2563,'1349900416151','2020-07-15'),(5252,'5950',3,'เด็กชาย','พัศกร','สิงหัดสา','1341501600562',1,'',6,0,0,NULL,'1341100197104','2021-06-28'),(5255,'5953',4,'เด็กชาย','วรายุส','วรรณโคตร','1341501595496',1,'',6,0,0,NULL,'1341100197104','2021-06-28'),(5256,'5954',5,'เด็กชาย','วีระจักร์','แก้วขาว','1459901778730',1,'',6,0,0,NULL,'1341100197104','2021-06-28'),(5419,'6008',6,'เด็กหญิง','โชติกา ','ชมภู','1341501648620',2,'',3,0,0,NULL,'1341100197104','2024-06-10'),(5258,'5956',7,'เด็กหญิง','กนกทิพย์','เค้าดี','1341501609501',2,'',6,0,0,NULL,'1341100197104','2021-06-28'),(5261,'5959',13,'เด็กหญิง','ธัญญรัตน์','มหาอินทร์','1341501609594',2,'',2,0,2,2565,'3340200075570','2021-06-28'),(5413,'6002',1,'เด็กชาย','ธนรัตน์ ',' โชตะวัน','1341501650284',1,'',3,0,0,NULL,'1341100197104','2024-06-10'),(5264,'5962',16,'เด็กหญิง','บุตกรณ์','คำเชิด','1341501595747',2,'',2,0,2,2565,'3340200075570','2021-06-28'),(5265,'5963',10,'เด็กหญิง','วรัญญา','คะเลรัมย์','1349902115620',2,'',6,0,0,NULL,'1341100197104','2021-06-28'),(5267,'5965',11,'เด็กหญิง','สุพรรษา','พันธ์ยงค์','1349902121174',2,'',6,0,0,NULL,'1341100197104','2021-06-28'),(5268,'5966',20,'เด็กหญิง','อภัสรา','สมสุข','1349902159174',2,'',2,0,2,2565,'3340200075570','2021-06-28'),(5270,'5967',20,'เด็กหญิง','ชลิตา','ชัยวิรัตน์','1341501524394',2,'',9,0,2,2565,'1341500090200','2021-06-28'),(5401,'5991',1,'เด็กชาย','ธนกร','ล้อมสุข','1341501636877',1,NULL,4,0,0,NULL,'1341100197104','2023-06-05'),(5402,'5992',2,'เด็กชาย','ธนชาติ','มนตรี','1341501629218',1,NULL,4,0,0,NULL,'1341100197104','2023-06-05'),(5403,'5993',3,'เด็กชาย','ภาคิน','บุคะจำปา','1341501642052',1,NULL,4,0,0,NULL,'1341100197104','2023-06-05'),(5404,'5995',4,'เด็กชาย','อดุลย์เดช ','คำผาย','1648900240440',1,NULL,4,0,0,NULL,'1341100197104','2023-06-05'),(5405,'5996',5,'เด็กชาย','อรรคพล','จำปาชาติ','1341501631832',1,NULL,4,0,0,NULL,'1341100197104','2023-06-05'),(5406,'5997',7,'เด็กหญิง','ณิชกมล','ชมภู','1341501631719',2,NULL,4,0,0,NULL,'1341100197104','2023-06-05'),(5407,'5998',8,'เด็กหญิง','ณิชาภัทร','ชมภู','1408900074657',2,NULL,4,0,0,NULL,'1341100197104','2023-06-05'),(5408,'5999',9,'เด็กหญิง','ปิยธิดา','สมสุข','1341501632171',2,NULL,4,0,0,NULL,'1341100197104','2023-06-05'),(5417,'6006',4,'เด็กหญิง','กัญญาณัฐ ',' แฝงเพ็ชร','1349902303990',2,'',3,0,0,NULL,'1341100197104','2024-06-10'),(5410,'6001',9,'เด็กหญิง','อภัสสรา','สืบเหล่างิ้ว','1341501642630',2,NULL,4,0,2,2568,'1341100197104','2023-06-05'),(5428,'6017',2,'เด็กชาย','เจตนิพัทธ์','พุทธรักษา','1249901310918',1,'',2,0,0,NULL,'1341100197104','2025-07-23'),(5429,'6018',3,'เด็กชาย','ณัฏฐนันท์','วรรณโคตร','1209001214998',1,'',2,0,0,NULL,'1341100197104','2025-07-23'),(5430,'6019',4,'เด็กหญิง','บุณยาพร','สมสุข','1346400001871',2,'',2,0,0,NULL,'1341100197104','2025-07-23'),(5431,'6020',5,'เด็กหญิง','ปิยะมาศ','ทองลาด','1379900725391',2,'',2,0,0,NULL,'1341100197104','2025-07-23'),(5432,'6015',7,'เด็กหญิง','นวรัตน์','สุนทรา','1347600064001',2,'',10,0,0,NULL,'1341100197104','2025-07-23');

--
-- Table structure for table `student_main_class`
--

CREATE TABLE `student_main_class` (
  `id` int(11) NOT NULL AUTO_INCREMENT,
  `class_code` tinyint(4) NOT NULL,
  `class_name` varchar(150) NOT NULL,
  PRIMARY KEY (`id`),
  UNIQUE KEY `class_code` (`class_code`)
) ENGINE=MyISAM AUTO_INCREMENT=12 DEFAULT CHARSET=utf8 COLLATE=utf8_general_ci;

--
-- Dumping data for table `student_main_class`
--

INSERT INTO `student_main_class` VALUES (1,2,'อนุบาล2'),(2,3,'อนุุบาล3'),(3,4,'ประถมศึกษาปีที่1'),(4,5,'ประถมศึกษาปีที่2'),(5,6,'ประถมศึกษาปีที่3'),(6,7,'ประถมศึกษาปีที่4'),(7,8,'ประถมศึกษาปีที่5'),(8,9,'ประถมศึกษาปีที่6'),(9,10,'มัธยมศึกษาปีที่ 1'),(10,11,'มัธยมศึกษาปีที่ 2'),(11,12,'มัธยมศึกษาปีที่ 3');

--
-- Table structure for table `student_main_classlog`
--

CREATE TABLE `student_main_classlog` (
  `id` int(11) NOT NULL AUTO_INCREMENT,
  `ed_year` int(11) NOT NULL,
  `student_id` varchar(7) NOT NULL,
  `student_number` int(11) DEFAULT NULL,
  `class_code` tinyint(4) NOT NULL,
  `room` tinyint(4) DEFAULT 0,
  `officer` varchar(13) NOT NULL,
  `rec_date` date NOT NULL,
  PRIMARY KEY (`id`)
) ENGINE=MyISAM AUTO_INCREMENT=1580 DEFAULT CHARSET=utf8 COLLATE=utf8_general_ci;

--
-- Dumping data for table `student_main_classlog`
--

INSERT INTO `student_main_classlog` VALUES (1,2557,'5287',0,12,1,'3240400226165','2016-12-02'),(2,2557,'5334',0,12,1,'3240400226165','2016-12-02'),(3,2557,'5335',0,12,1,'3240400226165','2016-12-02'),(4,2557,'5336',0,12,1,'3240400226165','2016-12-02'),(5,2557,'5337',0,12,1,'3240400226165','2016-12-02'),(6,2557,'5339',0,12,1,'3240400226165','2016-12-02'),(7,2557,'5340',0,12,1,'3240400226165','2016-12-02'),(8,2557,'5341',0,12,1,'3240400226165','2016-12-02'),(9,2557,'5342',0,12,1,'3240400226165','2016-12-02'),(10,2557,'5343',0,12,1,'3240400226165','2016-12-02'),(11,2557,'5345',0,12,1,'3240400226165','2016-12-02'),(12,2557,'5346',0,12,1,'3240400226165','2016-12-02'),(13,2557,'5354',0,12,1,'3240400226165','2016-12-02'),(14,2557,'5355',0,12,1,'3240400226165','2016-12-02'),(15,2557,'5359',0,12,1,'3240400226165','2016-12-02'),(16,2557,'5362',0,12,1,'3240400226165','2016-12-02'),(17,2557,'5363',0,12,1,'3240400226165','2016-12-02'),(18,2557,'5366',0,12,1,'3240400226165','2016-12-02'),(19,2557,'5368',0,12,1,'3240400226165','2016-12-02'),(20,2557,'5369',0,12,1,'3240400226165','2016-12-02'),(21,2557,'5371',0,12,1,'3240400226165','2016-12-02'),(22,2557,'5373',0,12,1,'3240400226165','2016-12-02'),(23,2557,'5374',0,12,1,'3240400226165','2016-12-02'),(24,2557,'5376',0,12,1,'3240400226165','2016-12-02'),(25,2557,'5558',0,12,1,'3240400226165','2016-12-02'),(26,2557,'5636',0,12,1,'3240400226165','2016-12-02'),(27,2557,'5360',0,11,1,'3240400226165','2016-12-02'),(28,2557,'5388',0,11,1,'3240400226165','2016-12-02'),(29,2557,'5389',0,11,1,'3240400226165','2016-12-02'),(30,2557,'5393',0,11,1,'3240400226165','2016-12-02'),(31,2557,'5394',0,11,1,'3240400226165','2016-12-02'),(32,2557,'5397',0,11,1,'3240400226165','2016-12-02'),(33,2557,'5398',0,11,1,'3240400226165','2016-12-02'),(34,2557,'5399',0,11,1,'3240400226165','2016-12-02'),(35,2557,'5400',0,11,1,'3240400226165','2016-12-02'),(36,2557,'5401',0,11,1,'3240400226165','2016-12-02'),(37,2557,'5403',0,11,1,'3240400226165','2016-12-02'),(38,2557,'5405',0,11,1,'3240400226165','2016-12-02'),(39,2557,'5407',0,11,1,'3240400226165','2016-12-02'),(40,2557,'5408',0,11,1,'3240400226165','2016-12-02'),(41,2557,'5410',0,11,1,'3240400226165','2016-12-02'),(42,2557,'5413',0,11,1,'3240400226165','2016-12-02'),(43,2557,'5415',0,11,1,'3240400226165','2016-12-02'),(44,2557,'5418',0,11,1,'3240400226165','2016-12-02'),(45,2557,'5419',0,11,1,'3240400226165','2016-12-02'),(46,2557,'5464',0,11,1,'3240400226165','2016-12-02'),(47,2557,'5512',0,11,1,'3240400226165','2016-12-02'),(48,2557,'5595',0,11,1,'3240400226165','2016-12-02'),(49,2557,'5630',0,11,1,'3240400226165','2016-12-02'),(50,2557,'5684',0,11,1,'3240400226165','2016-12-02'),(51,2557,'5752',0,11,1,'3240400226165','2016-12-02'),(52,2557,'5416',0,10,1,'3240400226165','2016-12-02'),(53,2557,'5424',0,10,1,'3240400226165','2016-12-02'),(54,2557,'5433',0,10,1,'3240400226165','2016-12-02'),(55,2557,'5434',0,10,1,'3240400226165','2016-12-02'),(56,2557,'5436',0,10,1,'3240400226165','2016-12-02'),(57,2557,'5438',0,10,1,'3240400226165','2016-12-02'),(58,2557,'5439',0,10,1,'3240400226165','2016-12-02'),(59,2557,'5441',0,10,1,'3240400226165','2016-12-02'),(60,2557,'5442',0,10,1,'3240400226165','2016-12-02'),(61,2557,'5444',0,10,1,'3240400226165','2016-12-02'),(62,2557,'5448',0,10,1,'3240400226165','2016-12-02'),(63,2557,'5451',0,10,1,'3240400226165','2016-12-02'),(64,2557,'5452',0,10,1,'3240400226165','2016-12-02'),(65,2557,'5453',0,10,1,'3240400226165','2016-12-02'),(66,2557,'5455',0,10,1,'3240400226165','2016-12-02'),(67,2557,'5456',0,10,1,'3240400226165','2016-12-02'),(68,2557,'5457',0,10,1,'3240400226165','2016-12-02'),(69,2557,'5458',0,10,1,'3240400226165','2016-12-02'),(70,2557,'5459',0,10,1,'3240400226165','2016-12-02'),(71,2557,'5460',0,10,1,'3240400226165','2016-12-02'),(72,2557,'5461',0,10,1,'3240400226165','2016-12-02'),(73,2557,'5462',0,10,1,'3240400226165','2016-12-02'),(74,2557,'5465',0,10,1,'3240400226165','2016-12-02'),(75,2557,'5515',0,10,1,'3240400226165','2016-12-02'),(76,2557,'5516',0,10,1,'3240400226165','2016-12-02'),(77,2557,'5778',0,10,1,'3240400226165','2016-12-02'),(78,2557,'5470',0,9,1,'3240400226165','2016-12-02'),(79,2557,'5471',0,9,1,'3240400226165','2016-12-02'),(80,2557,'5472',0,9,1,'3240400226165','2016-12-02'),(81,2557,'5473',0,9,1,'3240400226165','2016-12-02'),(82,2557,'5474',0,9,1,'3240400226165','2016-12-02'),(83,2557,'5475',0,9,1,'3240400226165','2016-12-02'),(84,2557,'5476',0,9,1,'3240400226165','2016-12-02'),(85,2557,'5477',0,9,1,'3240400226165','2016-12-02'),(86,2557,'5478',0,9,1,'3240400226165','2016-12-02'),(87,2557,'5479',0,9,1,'3240400226165','2016-12-02'),(88,2557,'5480',0,9,1,'3240400226165','2016-12-02'),(89,2557,'5482',0,9,1,'3240400226165','2016-12-02'),(90,2557,'5483',0,9,1,'3240400226165','2016-12-02'),(91,2557,'5484',0,9,1,'3240400226165','2016-12-02'),(92,2557,'5485',0,9,1,'3240400226165','2016-12-02'),(93,2557,'5486',0,9,1,'3240400226165','2016-12-02'),(94,2557,'5487',0,9,1,'3240400226165','2016-12-02'),(95,2557,'5490',0,9,1,'3240400226165','2016-12-02'),(96,2557,'5503',0,9,1,'3240400226165','2016-12-02'),(97,2557,'5682',0,9,1,'3240400226165','2016-12-02'),(98,2557,'5722',0,9,1,'3240400226165','2016-12-02'),(99,2557,'5491',0,9,2,'3240400226165','2016-12-02'),(100,2557,'5492',0,9,2,'3240400226165','2016-12-02'),(101,2557,'5493',0,9,2,'3240400226165','2016-12-02'),(102,2557,'5494',0,9,2,'3240400226165','2016-12-02'),(103,2557,'5495',0,9,2,'3240400226165','2016-12-02'),(104,2557,'5496',0,9,2,'3240400226165','2016-12-02'),(105,2557,'5497',0,9,2,'3240400226165','2016-12-02'),(106,2557,'5498',0,9,2,'3240400226165','2016-12-02'),(107,2557,'5499',0,9,2,'3240400226165','2016-12-02'),(108,2557,'5501',0,9,2,'3240400226165','2016-12-02'),(109,2557,'5502',0,9,2,'3240400226165','2016-12-02'),(110,2557,'5504',0,9,2,'3240400226165','2016-12-02'),(111,2557,'5505',0,9,2,'3240400226165','2016-12-02'),(112,2557,'5506',0,9,2,'3240400226165','2016-12-02'),(113,2557,'5507',0,9,2,'3240400226165','2016-12-02'),(114,2557,'5508',0,9,2,'3240400226165','2016-12-02'),(115,2557,'5509',0,9,2,'3240400226165','2016-12-02'),(116,2557,'5510',0,9,2,'3240400226165','2016-12-02'),(117,2557,'5511',0,9,2,'3240400226165','2016-12-02'),(118,2557,'5553',0,9,2,'3240400226165','2016-12-02'),(119,2557,'5557',0,9,2,'3240400226165','2016-12-02'),(120,2557,'5723',0,9,2,'3240400226165','2016-12-02'),(121,2557,'5751',0,9,2,'3240400226165','2016-12-02'),(122,2557,'5518',0,8,1,'3240400226165','2016-12-02'),(123,2557,'5520',0,8,1,'3240400226165','2016-12-02'),(124,2557,'5521',0,8,1,'3240400226165','2016-12-02'),(125,2557,'5522',0,8,1,'3240400226165','2016-12-02'),(126,2557,'5523',0,8,1,'3240400226165','2016-12-02'),(127,2557,'5524',0,8,1,'3240400226165','2016-12-02'),(128,2557,'5526',0,8,1,'3240400226165','2016-12-02'),(129,2557,'5534',0,8,1,'3240400226165','2016-12-02'),(130,2557,'5535',0,8,1,'3240400226165','2016-12-02'),(131,2557,'5536',0,8,1,'3240400226165','2016-12-02'),(132,2557,'5537',0,8,1,'3240400226165','2016-12-02'),(133,2557,'5538',0,8,1,'3240400226165','2016-12-02'),(134,2557,'5541',0,8,1,'3240400226165','2016-12-02'),(135,2557,'5542',0,8,1,'3240400226165','2016-12-02'),(136,2557,'5599',0,8,1,'3240400226165','2016-12-02'),(137,2557,'5527',0,8,2,'3240400226165','2016-12-02'),(138,2557,'5529',0,8,2,'3240400226165','2016-12-02'),(139,2557,'5530',0,8,2,'3240400226165','2016-12-02'),(140,2557,'5531',0,8,2,'3240400226165','2016-12-02'),(141,2557,'5532',0,8,2,'3240400226165','2016-12-02'),(142,2557,'5533',0,8,2,'3240400226165','2016-12-02'),(143,2557,'5543',0,8,2,'3240400226165','2016-12-02'),(144,2557,'5544',0,8,2,'3240400226165','2016-12-02'),(145,2557,'5546',0,8,2,'3240400226165','2016-12-02'),(146,2557,'5547',0,8,2,'3240400226165','2016-12-02'),(147,2557,'5549',0,8,2,'3240400226165','2016-12-02'),(148,2557,'5550',0,8,2,'3240400226165','2016-12-02'),(149,2557,'5551',0,8,2,'3240400226165','2016-12-02'),(150,2557,'5676',0,8,2,'3240400226165','2016-12-02'),(151,2557,'5679',0,8,2,'3240400226165','2016-12-02'),(152,2557,'5561',0,7,1,'3240400226165','2016-12-02'),(153,2557,'5562',0,7,1,'3240400226165','2016-12-02'),(154,2557,'5563',0,7,1,'3240400226165','2016-12-02'),(155,2557,'5564',0,7,1,'3240400226165','2016-12-02'),(156,2557,'5565',0,7,1,'3240400226165','2016-12-02'),(157,2557,'5566',0,7,1,'3240400226165','2016-12-02'),(158,2557,'5567',0,7,1,'3240400226165','2016-12-02'),(159,2557,'5568',0,7,1,'3240400226165','2016-12-02'),(160,2557,'5571',0,7,1,'3240400226165','2016-12-02'),(161,2557,'5573',0,7,1,'3240400226165','2016-12-02'),(162,2557,'5575',0,7,1,'3240400226165','2016-12-02'),(163,2557,'5576',0,7,1,'3240400226165','2016-12-02'),(164,2557,'5588',0,7,1,'3240400226165','2016-12-02'),(165,2557,'5569',0,7,2,'3240400226165','2016-12-02'),(166,2557,'5570',0,7,2,'3240400226165','2016-12-02'),(167,2557,'5572',0,7,2,'3240400226165','2016-12-02'),(168,2557,'5577',0,7,2,'3240400226165','2016-12-02'),(169,2557,'5578',0,7,2,'3240400226165','2016-12-02'),(170,2557,'5579',0,7,2,'3240400226165','2016-12-02'),(171,2557,'5580',0,7,2,'3240400226165','2016-12-02'),(172,2557,'5581',0,7,2,'3240400226165','2016-12-02'),(173,2557,'5582',0,7,2,'3240400226165','2016-12-02'),(174,2557,'5585',0,7,2,'3240400226165','2016-12-02'),(175,2557,'5587',0,7,2,'3240400226165','2016-12-02'),(176,2557,'5589',0,7,2,'3240400226165','2016-12-02'),(177,2557,'5629',0,7,2,'3240400226165','2016-12-02'),(178,2557,'5675',0,7,2,'3240400226165','2016-12-02'),(179,2557,'5678',0,7,2,'3240400226165','2016-12-02'),(180,2557,'5603',0,6,1,'3240400226165','2016-12-02'),(181,2557,'5606',0,6,1,'3240400226165','2016-12-02'),(182,2557,'5607',0,6,1,'3240400226165','2016-12-02'),(183,2557,'5608',0,6,1,'3240400226165','2016-12-02'),(184,2557,'5611',0,6,1,'3240400226165','2016-12-02'),(185,2557,'5613',0,6,1,'3240400226165','2016-12-02'),(186,2557,'5614',0,6,1,'3240400226165','2016-12-02'),(187,2557,'5616',0,6,1,'3240400226165','2016-12-02'),(188,2557,'5617',0,6,1,'3240400226165','2016-12-02'),(189,2557,'5618',0,6,1,'3240400226165','2016-12-02'),(190,2557,'5619',0,6,1,'3240400226165','2016-12-02'),(191,2557,'5622',0,6,1,'3240400226165','2016-12-02'),(192,2557,'5624',0,6,1,'3240400226165','2016-12-02'),(193,2557,'5625',0,6,1,'3240400226165','2016-12-02'),(194,2557,'5672',0,6,1,'3240400226165','2016-12-02'),(195,2557,'5673',0,6,1,'3240400226165','2016-12-02'),(196,2557,'5674',0,6,1,'3240400226165','2016-12-02'),(197,2557,'5749',0,6,1,'3240400226165','2016-12-02'),(198,2557,'5750',0,6,1,'3240400226165','2016-12-02'),(199,2557,'5637',0,5,1,'3240400226165','2016-12-02'),(200,2557,'5638',0,5,1,'3240400226165','2016-12-02'),(201,2557,'5639',0,5,1,'3240400226165','2016-12-02'),(202,2557,'5640',0,5,1,'3240400226165','2016-12-02'),(203,2557,'5641',0,5,1,'3240400226165','2016-12-02'),(204,2557,'5642',0,5,1,'3240400226165','2016-12-02'),(205,2557,'5643',0,5,1,'3240400226165','2016-12-02'),(206,2557,'5651',0,5,1,'3240400226165','2016-12-02'),(207,2557,'5652',0,5,1,'3240400226165','2016-12-02'),(208,2557,'5653',0,5,1,'3240400226165','2016-12-02'),(209,2557,'5655',0,5,1,'3240400226165','2016-12-02'),(210,2557,'5656',0,5,1,'3240400226165','2016-12-02'),(211,2557,'5657',0,5,1,'3240400226165','2016-12-02'),(212,2557,'5659',0,5,1,'3240400226165','2016-12-02'),(213,2557,'5661',0,5,1,'3240400226165','2016-12-02'),(214,2557,'5671',0,5,1,'3240400226165','2016-12-02'),(215,2557,'5644',0,5,2,'3240400226165','2016-12-02'),(216,2557,'5645',0,5,2,'3240400226165','2016-12-02'),(217,2557,'5646',0,5,2,'3240400226165','2016-12-02'),(218,2557,'5647',0,5,2,'3240400226165','2016-12-02'),(219,2557,'5648',0,5,2,'3240400226165','2016-12-02'),(220,2557,'5649',0,5,2,'3240400226165','2016-12-02'),(221,2557,'5650',0,5,2,'3240400226165','2016-12-02'),(222,2557,'5654',0,5,2,'3240400226165','2016-12-02'),(223,2557,'5660',0,5,2,'3240400226165','2016-12-02'),(224,2557,'5663',0,5,2,'3240400226165','2016-12-02'),(225,2557,'5666',0,5,2,'3240400226165','2016-12-02'),(226,2557,'5667',0,5,2,'3240400226165','2016-12-02'),(227,2557,'5668',0,5,2,'3240400226165','2016-12-02'),(228,2557,'5669',0,5,2,'3240400226165','2016-12-02'),(229,2557,'5670',0,5,2,'3240400226165','2016-12-02'),(230,2557,'5681',0,5,2,'3240400226165','2016-12-02'),(231,2557,'5685',0,4,1,'3240400226165','2016-12-02'),(232,2557,'5686',0,4,1,'3240400226165','2016-12-02'),(233,2557,'5687',0,4,1,'3240400226165','2016-12-02'),(234,2557,'5688',0,4,1,'3240400226165','2016-12-02'),(235,2557,'5689',0,4,1,'3240400226165','2016-12-02'),(236,2557,'5690',0,4,1,'3240400226165','2016-12-02'),(237,2557,'5691',0,4,1,'3240400226165','2016-12-02'),(238,2557,'5692',0,4,1,'3240400226165','2016-12-02'),(239,2557,'5693',0,4,1,'3240400226165','2016-12-02'),(240,2557,'5715',0,4,1,'3240400226165','2016-12-02'),(241,2557,'5716',0,4,1,'3240400226165','2016-12-02'),(242,2557,'5717',0,4,1,'3240400226165','2016-12-02'),(243,2557,'5718',0,4,1,'3240400226165','2016-12-02'),(244,2557,'5719',0,4,1,'3240400226165','2016-12-02'),(245,2557,'5754',0,4,1,'3240400226165','2016-12-02'),(246,2557,'5780',0,4,1,'3240400226165','2016-12-02'),(247,2557,'5781',0,4,1,'3240400226165','2016-12-02'),(248,2557,'5694',0,4,2,'3240400226165','2016-12-02'),(249,2557,'5695',0,4,2,'3240400226165','2016-12-02'),(250,2557,'5696',0,4,2,'3240400226165','2016-12-02'),(251,2557,'5697',0,4,2,'3240400226165','2016-12-02'),(252,2557,'5699',0,4,2,'3240400226165','2016-12-02'),(253,2557,'5700',0,4,2,'3240400226165','2016-12-02'),(254,2557,'5701',0,4,2,'3240400226165','2016-12-02'),(255,2557,'5702',0,4,2,'3240400226165','2016-12-02'),(256,2557,'5703',0,4,2,'3240400226165','2016-12-02'),(257,2557,'5704',0,4,2,'3240400226165','2016-12-02'),(258,2557,'5705',0,4,2,'3240400226165','2016-12-02'),(259,2557,'5706',0,4,2,'3240400226165','2016-12-02'),(260,2557,'5707',0,4,2,'3240400226165','2016-12-02'),(261,2557,'5708',0,4,2,'3240400226165','2016-12-02'),(262,2557,'5711',0,4,2,'3240400226165','2016-12-02'),(263,2557,'5712',0,4,2,'3240400226165','2016-12-02'),(264,2557,'5714',0,4,2,'3240400226165','2016-12-02'),(265,2557,'5727',0,3,1,'3240400226165','2016-12-02'),(266,2557,'5728',0,3,1,'3240400226165','2016-12-02'),(267,2557,'5729',0,3,1,'3240400226165','2016-12-02'),(268,2557,'5730',0,3,1,'3240400226165','2016-12-02'),(269,2557,'5733',0,3,1,'3240400226165','2016-12-02'),(270,2557,'5734',0,3,1,'3240400226165','2016-12-02'),(271,2557,'5735',0,3,1,'3240400226165','2016-12-02'),(272,2557,'5736',0,3,1,'3240400226165','2016-12-02'),(273,2557,'5737',0,3,1,'3240400226165','2016-12-02'),(274,2557,'5739',0,3,1,'3240400226165','2016-12-02'),(275,2557,'5740',0,3,1,'3240400226165','2016-12-02'),(276,2557,'5741',0,3,1,'3240400226165','2016-12-02'),(277,2557,'5742',0,3,1,'3240400226165','2016-12-02'),(278,2557,'5743',0,3,1,'3240400226165','2016-12-02'),(279,2557,'5744',0,3,1,'3240400226165','2016-12-02'),(280,2557,'5745',0,3,1,'3240400226165','2016-12-02'),(281,2557,'5746',0,3,1,'3240400226165','2016-12-02'),(282,2557,'5748',0,3,1,'3240400226165','2016-12-02'),(283,2557,'5726',0,2,1,'3240400226165','2016-12-02'),(284,2557,'5732',0,2,1,'3240400226165','2016-12-02'),(285,2557,'5738',0,2,1,'3240400226165','2016-12-02'),(286,2557,'5747',0,2,1,'3240400226165','2016-12-02'),(287,2557,'5759',0,2,1,'3240400226165','2016-12-02'),(288,2557,'5760',0,2,1,'3240400226165','2016-12-02'),(289,2557,'5761',0,2,1,'3240400226165','2016-12-02'),(290,2557,'5762',0,2,1,'3240400226165','2016-12-02'),(291,2557,'5763',0,2,1,'3240400226165','2016-12-02'),(292,2557,'5764',0,2,1,'3240400226165','2016-12-02'),(293,2557,'5765',0,2,1,'3240400226165','2016-12-02'),(294,2557,'5766',0,2,1,'3240400226165','2016-12-02'),(295,2557,'5767',0,2,1,'3240400226165','2016-12-02'),(296,2557,'5768',0,2,1,'3240400226165','2016-12-02'),(297,2557,'5769',0,2,1,'3240400226165','2016-12-02'),(298,2557,'5770',0,2,1,'3240400226165','2016-12-02'),(299,2557,'5771',0,2,1,'3240400226165','2016-12-02'),(300,2557,'5772',0,2,1,'3240400226165','2016-12-02'),(301,2557,'5773',0,2,1,'3240400226165','2016-12-02'),(302,2557,'5774',0,2,1,'3240400226165','2016-12-02'),(303,2557,'5775',0,2,1,'3240400226165','2016-12-02'),(304,2557,'5776',0,2,1,'3240400226165','2016-12-02'),(305,2557,'5777',0,2,1,'3240400226165','2016-12-02'),(306,2559,'5415',0,12,1,'3240400226165','2016-12-02'),(307,2559,'5418',0,12,1,'3240400226165','2016-12-02'),(308,2559,'5419',0,12,1,'3240400226165','2016-12-02'),(309,2559,'5464',0,12,1,'3240400226165','2016-12-02'),(310,2559,'5512',0,12,1,'3240400226165','2016-12-02'),(311,2559,'5595',0,12,1,'3240400226165','2016-12-02'),(312,2559,'5630',0,12,1,'3240400226165','2016-12-02'),(313,2559,'5684',0,12,1,'3240400226165','2016-12-02'),(314,2559,'5752',0,12,1,'3240400226165','2016-12-02'),(315,2558,'5360',0,12,1,'3240400226165','2016-12-02'),(316,2558,'5388',0,12,1,'3240400226165','2016-12-02'),(317,2558,'5389',0,12,1,'3240400226165','2016-12-02'),(318,2558,'5393',0,12,1,'3240400226165','2016-12-02'),(319,2558,'5394',0,12,1,'3240400226165','2016-12-02'),(320,2558,'5397',0,12,1,'3240400226165','2016-12-02'),(321,2558,'5398',0,12,1,'3240400226165','2016-12-02'),(322,2558,'5399',0,12,1,'3240400226165','2016-12-02'),(323,2558,'5400',0,12,1,'3240400226165','2016-12-02'),(324,2558,'5401',0,12,1,'3240400226165','2016-12-02'),(325,2558,'5403',0,12,1,'3240400226165','2016-12-02'),(326,2558,'5405',0,12,1,'3240400226165','2016-12-02'),(327,2558,'5407',0,12,1,'3240400226165','2016-12-02'),(328,2558,'5408',0,12,1,'3240400226165','2016-12-02'),(329,2558,'5410',0,12,1,'3240400226165','2016-12-02'),(330,2558,'5413',0,12,1,'3240400226165','2016-12-02'),(331,2558,'5557',0,10,2,'3240400226165','2016-12-02'),(332,2558,'5723',0,10,2,'3240400226165','2016-12-02'),(333,2558,'5751',0,10,2,'3240400226165','2016-12-02'),(334,2558,'5416',0,11,1,'3240400226165','2016-12-02'),(335,2558,'5424',0,11,1,'3240400226165','2016-12-02'),(336,2558,'5433',0,11,1,'3240400226165','2016-12-02'),(337,2558,'5434',0,11,1,'3240400226165','2016-12-02'),(338,2558,'5436',0,11,1,'3240400226165','2016-12-02'),(339,2558,'5438',0,11,1,'3240400226165','2016-12-02'),(340,2558,'5439',0,11,1,'3240400226165','2016-12-02'),(341,2558,'5441',0,11,1,'3240400226165','2016-12-02'),(342,2558,'5442',0,11,1,'3240400226165','2016-12-02'),(343,2558,'5444',0,11,1,'3240400226165','2016-12-02'),(344,2558,'5448',0,11,1,'3240400226165','2016-12-02'),(345,2558,'5451',0,11,1,'3240400226165','2016-12-02'),(346,2558,'5452',0,11,1,'3240400226165','2016-12-02'),(347,2558,'5453',0,11,1,'3240400226165','2016-12-02'),(348,2558,'5455',0,11,1,'3240400226165','2016-12-02'),(349,2558,'5456',0,11,1,'3240400226165','2016-12-02'),(350,2558,'5457',0,11,1,'3240400226165','2016-12-02'),(351,2558,'5458',0,11,1,'3240400226165','2016-12-02'),(352,2558,'5459',0,11,1,'3240400226165','2016-12-02'),(353,2558,'5460',0,11,1,'3240400226165','2016-12-02'),(354,2558,'5461',0,11,1,'3240400226165','2016-12-02'),(355,2558,'5462',0,11,1,'3240400226165','2016-12-02'),(356,2558,'5465',0,11,1,'3240400226165','2016-12-02'),(357,2558,'5515',0,11,1,'3240400226165','2016-12-02'),(358,2558,'5516',0,11,1,'3240400226165','2016-12-02'),(359,2558,'5778',0,11,1,'3240400226165','2016-12-02'),(360,2560,'5580',0,9,1,'3349700105379','2018-11-01'),(361,2560,'5581',0,9,1,'3349700105379','2018-11-01'),(362,2560,'5582',0,9,1,'3349700105379','2018-11-01'),(363,2560,'5585',0,9,1,'3349700105379','2018-11-01'),(364,2560,'5587',0,9,1,'3349700105379','2018-11-01'),(365,2560,'5588',0,9,1,'3349700105379','2018-11-01'),(366,2560,'5589',0,9,1,'3349700105379','2018-11-01'),(367,2560,'5675',0,9,1,'3349700105379','2018-11-01'),(368,2560,'5678',0,9,1,'3349700105379','2018-11-01'),(369,2560,'5757',0,9,1,'3349700105379','2018-11-01'),(370,2560,'5520',0,10,1,'3349700105379','2018-11-01'),(371,2560,'5521',0,10,1,'3349700105379','2018-11-01'),(372,2560,'5522',0,10,1,'3349700105379','2018-11-01'),(373,2560,'5523',0,10,1,'3349700105379','2018-11-01'),(374,2560,'5524',0,10,1,'3349700105379','2018-11-01'),(375,2560,'5528',0,10,1,'3349700105379','2018-11-01'),(376,2560,'5529',0,10,1,'3349700105379','2018-11-01'),(377,2560,'5530',0,10,1,'3349700105379','2018-11-01'),(378,2560,'5531',0,10,1,'3349700105379','2018-11-01'),(379,2560,'5532',0,10,1,'3349700105379','2018-11-01'),(380,2560,'5533',0,10,1,'3349700105379','2018-11-01'),(381,2560,'5535',0,10,1,'3349700105379','2018-11-01'),(382,2560,'5542',0,10,1,'3349700105379','2018-11-01'),(383,2560,'5543',0,10,1,'3349700105379','2018-11-01'),(384,2560,'5544',0,10,1,'3349700105379','2018-11-01'),(385,2560,'5547',0,10,1,'3349700105379','2018-11-01'),(386,2560,'5549',0,10,1,'3349700105379','2018-11-01'),(387,2560,'5551',0,10,1,'3349700105379','2018-11-01'),(388,2560,'5599',0,10,1,'3349700105379','2018-11-01'),(389,2560,'5844',0,10,1,'3349700105379','2018-11-01'),(390,2560,'5566',0,9,1,'3349700105379','2018-11-01'),(391,2560,'5567',0,9,1,'3349700105379','2018-11-01'),(392,2560,'5570',0,9,1,'3349700105379','2018-11-01'),(393,2560,'5571',0,9,1,'3349700105379','2018-11-01'),(394,2560,'5572',0,9,1,'3349700105379','2018-11-01'),(395,2560,'5573',0,9,1,'3349700105379','2018-11-01'),(396,2560,'5575',0,9,1,'3349700105379','2018-11-01'),(397,2560,'5576',0,9,1,'3349700105379','2018-11-01'),(398,2560,'5577',0,9,1,'3349700105379','2018-11-01'),(399,2560,'5578',0,9,1,'3349700105379','2018-11-01'),(400,2560,'5579',0,9,1,'3349700105379','2018-11-01'),(401,2560,'5565',0,9,1,'3349700105379','2018-11-01'),(402,2561,'5520',1,12,0,'3349700105379','2019-05-21'),(403,2561,'5521',2,12,0,'3349700105379','2019-05-21'),(404,2561,'5522',3,12,0,'3349700105379','2019-05-21'),(405,2561,'5523',4,12,0,'3349700105379','2019-05-21'),(406,2561,'5524',5,12,0,'3349700105379','2019-05-21'),(407,2561,'5528',6,12,0,'3349700105379','2019-05-21'),(408,2561,'5530',7,12,0,'3349700105379','2019-05-21'),(409,2561,'5542',8,12,0,'3349700105379','2019-05-21'),(410,2561,'5543',9,12,0,'3349700105379','2019-05-21'),(411,2561,'5544',10,12,0,'3349700105379','2019-05-21'),(412,2561,'5549',11,12,0,'3349700105379','2019-05-21'),(413,2561,'5551',12,12,0,'3349700105379','2019-05-21'),(414,2561,'5599',13,12,0,'3349700105379','2019-05-21'),(415,2561,'5561',1,11,0,'3349700105379','2019-05-21'),(416,2561,'5563',2,11,0,'3349700105379','2019-05-21'),(417,2561,'5566',3,11,0,'3349700105379','2019-05-21'),(418,2561,'5571',4,11,0,'3349700105379','2019-05-21'),(419,2561,'5573',5,11,0,'3349700105379','2019-05-21'),(420,2561,'5575',6,11,0,'3349700105379','2019-05-21'),(421,2561,'5576',7,11,0,'3349700105379','2019-05-21'),(422,2561,'5577',8,11,0,'3349700105379','2019-05-21'),(423,2561,'5578',9,11,0,'3349700105379','2019-05-21'),(424,2561,'5579',10,11,0,'3349700105379','2019-05-21'),(425,2561,'5581',11,11,0,'3349700105379','2019-05-21'),(426,2561,'5585',12,11,0,'3349700105379','2019-05-21'),(427,2561,'5587',13,11,0,'3349700105379','2019-05-21'),(428,2561,'5589',14,11,0,'3349700105379','2019-05-21'),(429,2561,'5678',15,11,0,'3349700105379','2019-05-21'),(430,2561,'5757',16,11,0,'3349700105379','2019-05-21'),(431,2562,'5575',6,12,0,'1349900416151','2019-06-19'),(432,2562,'5530',7,12,0,'3349700105379','2019-05-21'),(433,2562,'5576',7,12,0,'1349900416151','2019-06-19'),(434,2562,'5542',8,12,0,'3349700105379','2019-05-21'),(435,2562,'5577',8,12,0,'1349900416151','2019-06-19'),(436,2562,'5543',9,12,0,'3349700105379','2019-05-21'),(437,2562,'5578',9,12,0,'1349900416151','2019-06-19'),(438,2562,'5544',10,12,0,'3349700105379','2019-05-21'),(439,2562,'5579',10,12,0,'1349900416151','2019-06-19'),(440,2562,'5549',11,12,0,'3349700105379','2019-05-21'),(441,2562,'5581',11,12,0,'1349900416151','2019-06-19'),(442,2562,'5551',12,12,0,'3349700105379','2019-05-21'),(443,2562,'5585',12,12,0,'1349900416151','2019-06-19'),(444,2562,'5587',13,12,0,'1349900416151','2019-06-19'),(445,2562,'5599',13,12,0,'3349700105379','2019-05-21'),(446,2562,'5589',14,12,0,'1349900416151','2019-06-19'),(447,2562,'5678',15,12,0,'1349900416151','2019-06-19'),(448,2562,'5757',16,12,0,'1349900416151','2019-06-19'),(449,2562,'5877',1,3,0,'1349900416151','2019-06-19'),(450,2562,'5878',2,3,0,'1349900416151','2019-06-19'),(451,2562,'5879',3,3,0,'1349900416151','2019-06-19'),(452,2562,'5880',4,3,0,'1349900416151','2019-06-19'),(453,2562,'5881',5,3,0,'1349900416151','2019-06-19'),(454,2562,'5882',6,3,0,'1349900416151','2019-06-19'),(455,2562,'5883',7,3,0,'1349900416151','2019-06-19'),(456,2562,'5884',8,2,0,'3349700105379','2019-05-21'),(457,2562,'5885',9,2,0,'3349700105379','2019-05-21'),(458,2562,'5886',8,3,0,'1349900416151','2019-06-19'),(459,2562,'5887',9,3,0,'1349900416151','2019-06-19'),(460,2562,'5888',10,3,0,'1349900416151','2019-06-19'),(461,2562,'5890',11,3,0,'1349900416151','2019-06-19'),(462,2562,'5897',12,3,0,'1349900416151','2019-06-19'),(463,2562,'5899',13,3,0,'1349900416151','2019-06-19'),(464,2562,'5901',15,3,0,'1349900416151','2019-06-19'),(465,2562,'5851',1,4,0,'1349900416151','2019-06-19'),(466,2562,'5852',2,4,0,'1349900416151','2019-06-19'),(467,2562,'5853',3,4,0,'1349900416151','2019-06-19'),(468,2562,'5857',4,4,0,'1349900416151','2019-06-19'),(469,2562,'5858',5,4,0,'1349900416151','2019-06-19'),(470,2562,'5860',6,4,0,'1349900416151','2019-06-19'),(471,2562,'5861',7,4,0,'1349900416151','2019-06-19'),(472,2562,'5862',8,4,0,'1349900416151','2019-06-19'),(473,2562,'5863',9,4,0,'1349900416151','2019-06-19'),(474,2562,'5864',10,4,0,'1349900416151','2019-06-19'),(475,2562,'5866',11,3,0,'3349700105379','2019-05-21'),(476,2562,'5867',11,4,0,'1349900416151','2019-06-19'),(477,2562,'5870',12,4,0,'1349900416151','2019-06-19'),(478,2562,'5871',13,4,0,'1349900416151','2019-06-19'),(479,2562,'5872',14,4,0,'1349900416151','2019-06-19'),(480,2562,'5889',16,3,0,'3349700105379','2019-05-21'),(481,2562,'5891',16,4,0,'1349900416151','2019-06-19'),(482,2562,'5895',17,4,0,'1349900416151','2019-06-19'),(483,2562,'5820',1,5,0,'1349900416151','2019-06-19'),(484,2562,'5821',2,5,0,'1349900416151','2019-06-19'),(485,2562,'5822',3,5,0,'1349900416151','2019-06-19'),(486,2562,'5823',4,5,0,'1349900416151','2019-06-19'),(487,2562,'5824',5,5,0,'1349900416151','2019-06-19'),(488,2562,'5827',6,5,0,'1349900416151','2019-06-19'),(489,2562,'5828',7,5,0,'1349900416151','2019-06-19'),(490,2562,'5829',8,5,0,'1349900416151','2019-06-19'),(491,2562,'5831',9,5,0,'1349900416151','2019-06-19'),(492,2562,'5832',10,4,0,'3349700105379','2019-05-21'),(493,2562,'5833',10,5,0,'1349900416151','2019-06-19'),(494,2562,'5835',11,5,0,'1349900416151','2019-06-19'),(495,2562,'5836',12,5,0,'1349900416151','2019-06-19'),(496,2562,'5841',13,5,0,'1349900416151','2019-06-19'),(497,2562,'5845',15,4,0,'3349700105379','2019-05-21'),(498,2562,'5896',14,5,0,'1349900416151','2019-06-19'),(499,2562,'5788',1,6,0,'1349900416151','2019-06-19'),(500,2562,'5790',2,6,0,'1349900416151','2019-06-19'),(501,2562,'5791',3,6,0,'1349900416151','2019-06-19'),(502,2562,'5792',4,6,0,'1349900416151','2019-06-19'),(503,2562,'5793',5,6,0,'1349900416151','2019-06-19'),(504,2562,'5794',6,6,0,'1349900416151','2019-06-19'),(505,2562,'5795',7,6,0,'1349900416151','2019-06-19'),(506,2562,'5796',8,6,0,'1349900416151','2019-06-19'),(507,2562,'5798',9,6,0,'1349900416151','2019-06-19'),(508,2562,'5801',10,6,0,'1349900416151','2019-06-19'),(509,2562,'5804',11,6,0,'1349900416151','2019-06-19'),(510,2562,'5805',12,6,0,'1349900416151','2019-06-19'),(511,2562,'5807',13,6,0,'1349900416151','2019-06-19'),(512,2562,'5808',14,6,0,'1349900416151','2019-06-19'),(513,2562,'5809',15,6,0,'1349900416151','2019-06-19'),(514,2562,'5810',16,6,0,'1349900416151','2019-06-19'),(515,2562,'5811',17,6,0,'1349900416151','2019-06-19'),(516,2562,'5812',18,6,0,'1349900416151','2019-06-19'),(517,2562,'5846',19,6,0,'1349900416151','2019-06-19'),(518,2562,'5850',20,6,0,'1349900416151','2019-06-19'),(519,2562,'5726',1,7,0,'1349900416151','2019-06-19'),(520,2562,'5738',2,7,0,'1349900416151','2019-06-19'),(521,2562,'5747',3,7,0,'1349900416151','2019-06-19'),(522,2562,'5761',4,7,0,'1349900416151','2019-06-19'),(523,2562,'5762',5,7,0,'1349900416151','2019-06-19'),(524,2562,'5763',6,7,0,'1349900416151','2019-06-19'),(525,2562,'5764',7,7,0,'1349900416151','2019-06-19'),(526,2562,'5768',8,7,0,'1349900416151','2019-06-19'),(527,2562,'5770',9,7,0,'1349900416151','2019-06-19'),(528,2562,'5771',10,7,0,'1349900416151','2019-06-19'),(529,2562,'5772',11,7,0,'1349900416151','2019-06-19'),(530,2562,'5774',12,7,0,'1349900416151','2019-06-19'),(531,2562,'5777',13,7,0,'1349900416151','2019-06-19'),(532,2562,'5813',14,7,0,'1349900416151','2019-06-19'),(533,2562,'5843',15,7,0,'1349900416151','2019-06-19'),(534,2562,'5893',16,7,0,'1349900416151','2019-06-19'),(535,2562,'5727',1,8,0,'1349900416151','2019-06-19'),(536,2562,'5728',2,8,0,'1349900416151','2019-06-19'),(537,2562,'5729',3,8,0,'1349900416151','2019-06-19'),(538,2562,'5733',4,8,0,'1349900416151','2019-06-19'),(539,2562,'5734',5,8,0,'1349900416151','2019-06-19'),(540,2562,'5735',6,8,0,'1349900416151','2019-06-19'),(541,2562,'5736',7,8,0,'1349900416151','2019-06-19'),(542,2562,'5737',8,8,0,'1349900416151','2019-06-19'),(543,2562,'5739',9,8,0,'1349900416151','2019-06-19'),(544,2562,'5740',10,8,0,'1349900416151','2019-06-19'),(545,2562,'5741',11,8,0,'1349900416151','2019-06-19'),(546,2562,'5742',12,8,0,'1349900416151','2019-06-19'),(547,2562,'5743',13,8,0,'1349900416151','2019-06-19'),(548,2562,'5744',14,8,0,'1349900416151','2019-06-19'),(549,2562,'5745',15,8,0,'1349900416151','2019-06-19'),(550,2562,'5756',16,8,0,'1349900416151','2019-06-19'),(551,2562,'5782',17,8,0,'1349900416151','2019-06-19'),(552,2562,'5783',18,8,0,'1349900416151','2019-06-19'),(553,2562,'5816',19,8,0,'1349900416151','2019-06-19'),(554,2562,'5817',20,8,0,'1349900416151','2019-06-19'),(555,2562,'5849',21,8,0,'1349900416151','2019-06-19'),(556,2562,'5875',22,8,0,'1349900416151','2019-06-19'),(557,2562,'5898',23,7,0,'3349700105379','2019-05-21'),(558,2562,'5685',1,9,0,'1349900416151','2019-06-19'),(559,2562,'5686',2,9,0,'1349900416151','2019-06-19'),(560,2562,'5687',3,9,0,'1349900416151','2019-06-19'),(561,2562,'5688',4,9,0,'1349900416151','2019-06-19'),(562,2562,'5689',5,9,0,'1349900416151','2019-06-19'),(563,2562,'5690',6,9,0,'1349900416151','2019-06-19'),(564,2562,'5691',7,9,0,'1349900416151','2019-06-19'),(565,2562,'5692',8,9,0,'1349900416151','2019-06-19'),(566,2562,'5693',9,9,0,'1349900416151','2019-06-19'),(567,2562,'5694',10,9,0,'1349900416151','2019-06-19'),(568,2562,'5695',11,9,0,'1349900416151','2019-06-19'),(569,2562,'5696',12,9,0,'1349900416151','2019-06-19'),(570,2562,'5699',13,9,0,'1349900416151','2019-06-19'),(571,2562,'5700',14,9,0,'1349900416151','2019-06-19'),(572,2562,'5701',15,9,0,'1349900416151','2019-06-19'),(573,2562,'5703',16,9,0,'1349900416151','2019-06-19'),(574,2562,'5704',17,9,0,'1349900416151','2019-06-19'),(575,2562,'5707',18,9,0,'1349900416151','2019-06-19'),(576,2562,'5708',19,9,0,'1349900416151','2019-06-19'),(577,2562,'5711',20,9,0,'1349900416151','2019-06-19'),(578,2562,'5712',21,9,0,'1349900416151','2019-06-19'),(579,2562,'5714',22,9,0,'1349900416151','2019-06-19'),(580,2562,'5715',23,9,0,'1349900416151','2019-06-19'),(581,2562,'5716',24,9,0,'1349900416151','2019-06-19'),(582,2562,'5717',25,9,0,'1349900416151','2019-06-19'),(583,2562,'5718',26,9,0,'1349900416151','2019-06-19'),(584,2562,'5719',27,9,0,'1349900416151','2019-06-19'),(585,2562,'5637',1,10,0,'1349900416151','2019-06-19'),(586,2562,'5638',2,10,0,'1349900416151','2019-06-19'),(587,2562,'5639',3,10,0,'1349900416151','2019-06-19'),(588,2562,'5641',4,9,0,'3349700105379','2019-05-21'),(589,2562,'5642',4,10,0,'1349900416151','2019-06-19'),(590,2562,'5643',19,10,0,'1349900416151','2019-08-14'),(591,2562,'5645',5,10,0,'1349900416151','2019-06-19'),(592,2562,'5647',6,10,0,'1349900416151','2019-06-19'),(593,2562,'5648',7,10,0,'1349900416151','2019-06-19'),(594,2562,'5650',8,10,0,'1349900416151','2019-06-19'),(595,2562,'5651',11,9,0,'3349700105379','2019-05-21'),(596,2562,'5652',12,9,0,'3349700105379','2019-05-21'),(597,2562,'5653',9,10,0,'1349900416151','2019-06-19'),(598,2562,'5654',10,10,0,'1349900416151','2019-06-19'),(599,2562,'5655',15,9,0,'3349700105379','2019-05-21'),(600,2562,'5657',11,10,0,'1349900416151','2019-06-19'),(601,2562,'5659',12,10,0,'1349900416151','2019-06-19'),(602,2562,'5660',18,9,0,'3349700105379','2019-05-21'),(603,2562,'5661',19,9,0,'3349700105379','2019-05-21'),(604,2562,'5663',13,10,0,'1349900416151','2019-06-19'),(605,2562,'5668',21,9,0,'3349700105379','2019-05-21'),(606,2562,'5669',14,10,0,'1349900416151','2019-06-19'),(607,2562,'5670',23,9,0,'3349700105379','2019-05-21'),(608,2562,'5671',15,10,0,'1349900416151','2019-06-19'),(609,2562,'5681',16,10,0,'1349900416151','2019-06-19'),(610,2562,'5876',26,9,0,'3349700105379','2019-05-21'),(611,2562,'5603',7,11,0,'1349900416151','2019-06-19'),(612,2562,'5604',1,11,0,'1349900416151','2019-06-19'),(613,2562,'5608',2,11,0,'1349900416151','2019-06-19'),(614,2562,'5611',3,11,0,'1349900416151','2019-06-19'),(615,2562,'5613',4,11,0,'1349900416151','2019-06-19'),(616,2562,'5750',5,11,0,'1349900416151','2019-06-19'),(617,2562,'5873',6,11,0,'1349900416151','2019-06-19'),(618,2562,'5520',1,12,0,'3349700105379','2019-05-21'),(619,2562,'5561',1,12,0,'1349900416151','2019-06-19'),(620,2562,'5521',2,12,0,'3349700105379','2019-05-21'),(621,2562,'5563',2,12,0,'3349700105379','2019-05-21'),(622,2562,'5522',3,12,0,'3349700105379','2019-05-21'),(623,2562,'5566',3,12,0,'1349900416151','2019-06-19'),(624,2562,'5523',4,12,0,'3349700105379','2019-05-21'),(625,2562,'5571',4,12,0,'1349900416151','2019-06-19'),(626,2562,'5524',5,12,0,'3349700105379','2019-05-21'),(627,2562,'5573',5,12,0,'1349900416151','2019-06-19'),(628,2562,'5528',6,12,0,'3349700105379','2019-05-21'),(629,2561,'5603',1,10,0,'3349700105379','2019-05-22'),(630,2561,'5604',2,10,0,'3349700105379','2019-05-22'),(631,2561,'5608',3,10,0,'3349700105379','2019-05-22'),(632,2561,'5611',4,10,0,'3349700105379','2019-05-22'),(633,2561,'5613',5,10,0,'3349700105379','2019-05-22'),(634,2561,'5750',6,10,0,'3349700105379','2019-05-22'),(635,2561,'5873',7,10,0,'3349700105379','2019-05-22'),(636,2562,'5905',1,2,0,'1349900416151','2019-06-19'),(637,2562,'5906',2,2,0,'1349900416151','2019-06-19'),(638,2562,'5907',3,2,0,'1349900416151','2019-06-19'),(639,2562,'5908',4,2,0,'1349900416151','2019-06-19'),(640,2562,'5909',5,2,0,'1349900416151','2019-06-19'),(641,2562,'5910',6,2,0,'1349900416151','2019-06-19'),(642,2562,'5911',7,2,0,'1349900416151','2019-06-19'),(643,2562,'5912',8,2,0,'1349900416151','2019-06-19'),(644,2562,'5913',9,2,0,'1349900416151','2019-06-19'),(645,2562,'5914',10,2,0,'1349900416151','2019-06-19'),(646,2562,'5915',11,2,0,'1349900416151','2019-06-19'),(647,2562,'5916',12,2,0,'1349900416151','2019-06-19'),(648,2562,'5917',13,2,0,'1349900416151','2019-06-19'),(1579,2568,'5918',12,8,0,'1341100197104','2025-10-02'),(650,2562,'5919',15,2,0,'1349900416151','2019-06-19'),(651,2562,'5920',16,2,0,'1349900416151','2019-06-19'),(652,2562,'5900',14,3,0,'1349900416151','2019-06-19'),(653,2562,'5903',18,4,0,'1349900416151','2019-06-19'),(654,2562,'5904',19,4,0,'1349900416151','2019-06-19'),(655,2562,'5902',15,5,0,'1349900416151','2019-06-19'),(656,2562,'5731',17,7,0,'1349900416151','2019-06-19'),(657,2562,'5921',23,8,0,'1349900416151','2019-06-19'),(658,2562,'5640',17,10,0,'1349900416151','2019-06-19'),(659,2562,'5922',21,6,0,'1349900416151','2019-10-01'),(660,2562,'5923',20,10,0,'1349900416151','2019-11-04'),(661,2562,'5924',21,10,0,'1349900416151','2020-03-06'),(662,2562,'5894',16,5,0,'1349900416151','2020-03-06'),(663,2562,'5754',28,9,0,'1349900416151','2020-07-02'),(664,2562,'5672',18,10,0,'1349900416151','2020-07-02'),(665,2563,'5899',13,4,0,'1349900416151','2020-07-02'),(666,2563,'5860',6,5,0,'1349900416151','2020-07-02'),(667,2563,'5828',7,6,0,'1349900416151','2020-07-02'),(668,2563,'5902',15,6,0,'1349900416151','2020-07-02'),(669,2563,'5695',11,10,0,'1349900416151','2020-07-02'),(670,2563,'5699',13,10,0,'1349900416151','2020-07-02'),(671,2563,'5700',14,10,0,'1349900416151','2020-07-02'),(672,2563,'5712',21,10,0,'1349900416151','2020-07-02'),(673,2563,'5754',28,10,0,'1349900416151','2020-07-02'),(674,2563,'5877',1,4,0,'3240400226165','2020-07-15'),(675,2563,'5929',1,2,0,'3240400226165','2020-12-21'),(676,2563,'5930',2,2,0,'3240400226165','2020-12-21'),(677,2563,'5931',3,2,0,'3240400226165','2020-12-21'),(678,2563,'5932',4,2,0,'3240400226165','2020-12-21'),(679,2563,'5933',5,2,0,'3240400226165','2020-12-21'),(680,2563,'5934',6,2,0,'3240400226165','2020-12-21'),(681,2563,'5935',7,2,0,'3240400226165','2020-12-21'),(682,2563,'5936',8,2,0,'3240400226165','2020-12-21'),(683,2563,'5937',9,2,0,'3240400226165','2020-12-21'),(684,2563,'5938',10,2,0,'3240400226165','2020-12-21'),(685,2563,'5939',11,2,0,'3240400226165','2020-12-21'),(686,2563,'5940',12,2,0,'3240400226165','2020-12-21'),(687,2563,'5941',13,2,0,'1349900416151','2020-08-04'),(688,2563,'5942',13,2,0,'3240400226165','2020-12-21'),(689,2563,'5943',15,2,0,'1349900416151','2020-08-04'),(699,2563,'5945',14,2,0,'3240400226165','2020-12-21'),(691,2563,'5881',5,4,0,'3240400226165','2020-12-21'),(867,2563,'5843',15,8,0,'3240400226165','2020-12-21'),(693,2563,'5925',23,9,0,'3240400226165','2020-12-21'),(694,2563,'5927',24,9,0,'3240400226165','2020-12-21'),(695,2563,'5709',15,10,0,'3240400226165','2020-12-21'),(696,2563,'5926',7,12,0,'3240400226165','2020-12-21'),(697,2563,'5904',19,5,0,'1349900416151','2020-09-17'),(698,2563,'5921',23,9,0,'1349900416151','2020-09-17'),(700,2563,'5603',1,12,0,'3240400226165','2020-12-21'),(701,2563,'5696',11,10,0,'3240400226165','2020-12-21'),(702,2563,'5701',12,10,0,'3240400226165','2020-12-21'),(703,2563,'5703',13,10,0,'3240400226165','2020-12-21'),(704,2563,'5704',14,10,0,'3240400226165','2020-12-21'),(705,2563,'5707',16,10,0,'3240400226165','2020-12-21'),(706,2563,'5708',17,10,0,'3240400226165','2020-12-21'),(707,2563,'5711',18,10,0,'3240400226165','2020-12-21'),(868,2564,'5947',1,2,0,'3340200075570','2021-06-28'),(709,2563,'5715',19,10,0,'3240400226165','2020-12-21'),(710,2563,'5716',20,10,0,'3240400226165','2020-12-21'),(711,2563,'5717',21,10,0,'3240400226165','2020-12-21'),(712,2563,'5718',22,10,0,'3240400226165','2020-12-21'),(713,2563,'5719',23,10,0,'3240400226165','2020-12-21'),(714,2563,'5894',13,6,0,'3240400226165','2020-12-21'),(715,2563,'5861',6,5,0,'3240400226165','2020-12-21'),(716,2563,'5862',7,5,0,'3240400226165','2020-12-21'),(717,2563,'5863',8,5,0,'3240400226165','2020-12-21'),(718,2563,'5864',9,5,0,'3240400226165','2020-12-21'),(719,2563,'5867',10,5,0,'3240400226165','2020-12-21'),(720,2563,'5870',11,5,0,'3240400226165','2020-12-21'),(721,2563,'5871',12,5,0,'3240400226165','2020-12-21'),(722,2563,'5872',13,5,0,'3240400226165','2020-12-21'),(723,2563,'5891',14,5,0,'3240400226165','2020-12-21'),(724,2563,'5895',15,5,0,'3240400226165','2020-12-21'),(725,2563,'5903',16,5,0,'3240400226165','2020-12-21'),(726,2563,'5905',1,3,0,'3240400226165','2020-12-21'),(727,2563,'5906',2,3,0,'3240400226165','2020-12-21'),(728,2563,'5907',3,3,0,'3240400226165','2020-12-21'),(729,2563,'5908',4,3,0,'3240400226165','2020-12-21'),(730,2563,'5909',5,3,0,'3240400226165','2020-12-21'),(731,2563,'5910',6,3,0,'3240400226165','2020-12-21'),(732,2563,'5911',7,3,0,'3240400226165','2020-12-21'),(733,2563,'5912',8,3,0,'3240400226165','2020-12-21'),(734,2563,'5913',9,3,0,'3240400226165','2020-12-21'),(735,2563,'5914',10,3,0,'3240400226165','2020-12-21'),(736,2563,'5915',11,3,0,'3240400226165','2020-12-21'),(737,2563,'5916',12,3,0,'3240400226165','2020-12-21'),(738,2563,'5917',13,3,0,'3240400226165','2020-12-21'),(740,2563,'5919',15,3,0,'3240400226165','2020-12-21'),(741,2563,'5920',16,3,0,'3240400226165','2020-12-21'),(742,2563,'5878',2,4,0,'3240400226165','2020-12-21'),(743,2563,'5879',3,4,0,'3240400226165','2020-12-21'),(744,2563,'5880',4,4,0,'3240400226165','2020-12-21'),(745,2563,'5882',6,4,0,'3240400226165','2020-12-21'),(746,2563,'5883',7,4,0,'3240400226165','2020-12-21'),(747,2563,'5886',8,4,0,'3240400226165','2020-12-21'),(748,2563,'5887',9,4,0,'3240400226165','2020-12-21'),(749,2563,'5888',10,4,0,'3240400226165','2020-12-21'),(750,2563,'5890',11,4,0,'3240400226165','2020-12-21'),(751,2563,'5900',12,4,0,'3240400226165','2020-12-21'),(752,2563,'5901',13,4,0,'3240400226165','2020-12-21'),(753,2563,'5851',1,5,0,'3240400226165','2020-12-21'),(754,2563,'5852',2,5,0,'3240400226165','2020-12-21'),(755,2563,'5853',3,5,0,'3240400226165','2020-12-21'),(756,2563,'5857',4,5,0,'3240400226165','2020-12-21'),(757,2563,'5858',5,5,0,'3240400226165','2020-12-21'),(758,2563,'5820',1,6,0,'3240400226165','2020-12-21'),(759,2563,'5821',2,6,0,'3240400226165','2020-12-21'),(760,2563,'5822',3,6,0,'3240400226165','2020-12-21'),(761,2563,'5823',4,6,0,'3240400226165','2020-12-21'),(762,2563,'5824',5,6,0,'3240400226165','2020-12-21'),(763,2563,'5827',6,6,0,'3240400226165','2020-12-21'),(764,2563,'5829',7,6,0,'3240400226165','2020-12-21'),(765,2563,'5831',8,6,0,'3240400226165','2020-12-21'),(766,2563,'5833',9,6,0,'3240400226165','2020-12-21'),(767,2563,'5835',10,6,0,'3240400226165','2020-12-21'),(768,2563,'5836',11,6,0,'3240400226165','2020-12-21'),(769,2563,'5841',12,6,0,'3240400226165','2020-12-21'),(770,2563,'5896',14,6,0,'3240400226165','2020-12-21'),(771,2563,'5788',1,7,0,'3240400226165','2020-12-21'),(772,2563,'5790',2,7,0,'3240400226165','2020-12-21'),(773,2563,'5791',3,7,0,'3240400226165','2020-12-21'),(774,2563,'5792',4,7,0,'3240400226165','2020-12-21'),(775,2563,'5793',5,7,0,'3240400226165','2020-12-21'),(776,2563,'5794',6,7,0,'3240400226165','2020-12-21'),(777,2563,'5795',7,7,0,'3240400226165','2020-12-21'),(778,2563,'5796',8,7,0,'3240400226165','2020-12-21'),(779,2563,'5798',9,7,0,'3240400226165','2020-12-21'),(780,2563,'5801',10,7,0,'3240400226165','2020-12-21'),(781,2563,'5804',11,7,0,'3240400226165','2020-12-21'),(782,2563,'5805',12,7,0,'3240400226165','2020-12-21'),(783,2563,'5807',13,7,0,'3240400226165','2020-12-21'),(784,2563,'5808',14,7,0,'3240400226165','2020-12-21'),(785,2563,'5809',15,7,0,'3240400226165','2020-12-21'),(786,2563,'5810',16,7,0,'3240400226165','2020-12-21'),(787,2563,'5811',17,7,0,'3240400226165','2020-12-21'),(788,2563,'5812',18,7,0,'3240400226165','2020-12-21'),(789,2563,'5846',19,7,0,'3240400226165','2020-12-21'),(790,2563,'5850',20,7,0,'3240400226165','2020-12-21'),(791,2563,'5922',21,7,0,'3240400226165','2020-12-21'),(792,2563,'5726',1,8,0,'3240400226165','2020-12-21'),(793,2563,'5738',3,8,0,'3240400226165','2020-12-21'),(794,2563,'5747',4,8,0,'3240400226165','2020-12-21'),(795,2563,'5761',5,8,0,'3240400226165','2020-12-21'),(796,2563,'5762',6,8,0,'3240400226165','2020-12-21'),(797,2563,'5763',7,8,0,'3240400226165','2020-12-21'),(798,2563,'5764',8,8,0,'3240400226165','2020-12-21'),(870,2564,'5949',3,2,0,'3340200075570','2021-06-28'),(800,2563,'5770',9,8,0,'3240400226165','2020-12-21'),(801,2563,'5771',10,8,0,'3240400226165','2020-12-21'),(802,2563,'5772',11,8,0,'3240400226165','2020-12-21'),(803,2563,'5774',12,8,0,'3240400226165','2020-12-21'),(804,2563,'5777',13,8,0,'3240400226165','2020-12-21'),(805,2563,'5813',14,8,0,'3240400226165','2020-12-21'),(869,2564,'5948',2,2,0,'3340200075570','2021-06-28'),(807,2563,'5893',16,8,0,'3240400226165','2020-12-21'),(808,2563,'5731',2,8,0,'3240400226165','2020-12-21'),(809,2563,'5727',1,9,0,'3240400226165','2020-12-21'),(810,2563,'5728',2,9,0,'3240400226165','2020-12-21'),(811,2563,'5729',3,9,0,'3240400226165','2020-12-21'),(812,2563,'5733',4,9,0,'3240400226165','2020-12-21'),(813,2563,'5734',5,9,0,'3240400226165','2020-12-21'),(814,2563,'5735',6,9,0,'3240400226165','2020-12-21'),(815,2563,'5736',7,9,0,'3240400226165','2020-12-21'),(816,2563,'5737',8,9,0,'3240400226165','2020-12-21'),(817,2563,'5739',9,9,0,'3240400226165','2020-12-21'),(818,2563,'5740',10,9,0,'3240400226165','2020-12-21'),(819,2563,'5741',11,9,0,'3240400226165','2020-12-21'),(820,2563,'5742',12,9,0,'3240400226165','2020-12-21'),(821,2563,'5743',13,9,0,'3240400226165','2020-12-21'),(822,2563,'5744',14,9,0,'3240400226165','2020-12-21'),(823,2563,'5745',15,9,0,'3240400226165','2020-12-21'),(824,2563,'5756',16,9,0,'3240400226165','2020-12-21'),(825,2563,'5782',17,9,0,'3240400226165','2020-12-21'),(826,2563,'5783',18,9,0,'3240400226165','2020-12-21'),(827,2563,'5816',19,9,0,'3240400226165','2020-12-21'),(828,2563,'5817',20,9,0,'3240400226165','2020-12-21'),(829,2563,'5849',21,9,0,'3240400226165','2020-12-21'),(830,2563,'5875',22,9,0,'3240400226165','2020-12-21'),(831,2563,'5685',1,10,0,'3240400226165','2020-12-21'),(832,2563,'5686',2,10,0,'3240400226165','2020-12-21'),(833,2563,'5687',3,10,0,'3240400226165','2020-12-21'),(834,2563,'5688',4,10,0,'3240400226165','2020-12-21'),(835,2563,'5689',5,10,0,'3240400226165','2020-12-21'),(836,2563,'5690',6,10,0,'3240400226165','2020-12-21'),(837,2563,'5691',7,10,0,'3240400226165','2020-12-21'),(838,2563,'5692',8,10,0,'3240400226165','2020-12-21'),(839,2563,'5693',9,10,0,'3240400226165','2020-12-21'),(840,2563,'5694',10,10,0,'3240400226165','2020-12-21'),(841,2563,'5637',1,11,0,'3240400226165','2020-12-21'),(842,2563,'5638',2,11,0,'3240400226165','2020-12-21'),(843,2563,'5639',3,11,0,'3240400226165','2020-12-21'),(844,2563,'5642',5,11,0,'3240400226165','2020-12-21'),(845,2563,'5645',7,11,0,'3240400226165','2020-12-21'),(846,2563,'5647',8,11,0,'3240400226165','2020-12-21'),(847,2563,'5648',9,11,0,'3240400226165','2020-12-21'),(848,2563,'5650',10,11,0,'3240400226165','2020-12-21'),(849,2563,'5653',11,11,0,'3240400226165','2020-12-21'),(850,2563,'5654',12,11,0,'3240400226165','2020-12-21'),(851,2563,'5657',13,11,0,'3240400226165','2020-12-21'),(852,2563,'5659',14,11,0,'3240400226165','2020-12-21'),(853,2563,'5663',15,11,0,'3240400226165','2020-12-21'),(854,2563,'5669',16,11,0,'3240400226165','2020-12-21'),(855,2563,'5671',17,11,0,'3240400226165','2020-12-21'),(856,2563,'5681',19,11,0,'3240400226165','2020-12-21'),(857,2563,'5640',4,11,0,'3240400226165','2020-12-21'),(858,2563,'5672',18,11,0,'3240400226165','2020-12-21'),(859,2563,'5643',6,11,0,'3240400226165','2020-12-21'),(860,2563,'5923',20,11,0,'3240400226165','2020-12-21'),(861,2563,'5924',21,11,0,'3240400226165','2020-12-21'),(862,2563,'5604',2,12,0,'3240400226165','2020-12-21'),(863,2563,'5608',3,12,0,'3240400226165','2020-12-21'),(864,2563,'5611',4,12,0,'3240400226165','2020-12-21'),(865,2563,'5613',5,12,0,'3240400226165','2020-12-21'),(866,2563,'5750',6,12,0,'3240400226165','2020-12-21'),(871,2564,'5950',4,2,0,'3340200075570','2021-06-28'),(872,2564,'5951',5,2,0,'3340200075570','2021-06-28'),(873,2564,'5952',6,2,0,'3340200075570','2021-06-28'),(874,2564,'5953',7,2,0,'1341100197104','2022-04-03'),(875,2564,'5954',8,2,0,'3340200075570','2021-06-28'),(876,2564,'5955',9,2,0,'3340200075570','2021-06-28'),(877,2564,'5956',10,2,0,'3340200075570','2021-06-28'),(878,2564,'5957',11,2,0,'3340200075570','2021-06-28'),(879,2564,'5958',12,2,0,'3340200075570','2021-06-28'),(880,2564,'5959',13,2,0,'3340200075570','2021-06-28'),(881,2564,'5960',14,2,0,'3340200075570','2021-06-28'),(882,2564,'5961',15,2,0,'3340200075570','2021-06-28'),(883,2564,'5962',16,2,0,'3340200075570','2021-06-28'),(884,2564,'5963',17,2,0,'3340200075570','2021-06-28'),(885,2564,'5964',18,2,0,'3340200075570','2021-06-28'),(886,2564,'5965',19,2,0,'1341100197104','2022-04-03'),(887,2564,'5966',20,2,0,'3340200075570','2021-06-28'),(888,2564,'5946',21,8,0,'3340200075570','2021-06-28'),(889,2564,'5967',22,8,0,'3340200075570','2021-06-28'),(890,2564,'5934',4,3,0,'3240400226165','2021-07-05'),(891,2564,'5935',5,3,0,'3240400226165','2021-07-05'),(892,2564,'5936',6,3,0,'3240400226165','2021-07-05'),(893,2564,'5937',7,3,0,'3240400226165','2021-07-05'),(894,2564,'5938',8,3,0,'3240400226165','2021-07-05'),(895,2564,'5940',9,3,0,'3240400226165','2021-07-05'),(896,2564,'5942',10,3,0,'3240400226165','2021-07-05'),(897,2564,'5945',11,3,0,'3240400226165','2021-07-05'),(898,2564,'5915',10,4,0,'3240400226165','2021-07-05'),(899,2564,'5917',11,4,0,'3240400226165','2021-07-05'),(901,2564,'5922',20,8,0,'3240400226165','2021-07-05'),(902,2564,'5747',3,9,0,'3240400226165','2021-07-05'),(903,2564,'5761',4,9,0,'3240400226165','2021-07-05'),(904,2564,'5763',5,9,0,'3240400226165','2021-07-05'),(905,2564,'5764',6,9,0,'3240400226165','2021-07-05'),(906,2564,'5770',7,9,0,'3240400226165','2021-07-05'),(907,2564,'5771',8,9,0,'3240400226165','2021-07-05'),(908,2564,'5772',9,9,0,'3240400226165','2021-07-05'),(909,2564,'5774',10,9,0,'3240400226165','2021-07-05'),(910,2564,'5777',11,9,0,'3240400226165','2021-07-05'),(911,2564,'5813',12,9,0,'3240400226165','2021-07-05'),(912,2564,'5843',13,9,0,'3240400226165','2021-07-05'),(913,2564,'5893',14,9,0,'3240400226165','2021-07-05'),(914,2564,'5647',1,11,0,'3240400226165','2021-07-05'),(915,2564,'5659',2,11,0,'3240400226165','2021-07-05'),(916,2564,'5685',3,11,0,'3240400226165','2021-07-05'),(917,2564,'5686',4,11,0,'3240400226165','2021-07-05'),(918,2564,'5687',5,11,0,'3240400226165','2021-07-05'),(919,2564,'5688',6,11,0,'3340200075570','2021-07-05'),(920,2564,'5708',1,10,0,'3340200075570','2021-07-05'),(921,2564,'5727',2,10,0,'3340200075570','2021-07-05'),(922,2564,'5728',3,10,0,'3340200075570','2021-07-05'),(923,2564,'5729',4,10,0,'3340200075570','2021-07-05'),(924,2564,'5735',5,10,0,'3340200075570','2021-07-05'),(925,2564,'5736',6,10,0,'3340200075570','2021-07-05'),(926,2564,'5737',7,10,0,'3340200075570','2021-07-05'),(927,2564,'5739',8,10,0,'3340200075570','2021-07-05'),(928,2564,'5740',9,10,0,'3340200075570','2021-07-05'),(929,2564,'5741',10,10,0,'3340200075570','2021-07-05'),(930,2564,'5783',11,10,0,'3340200075570','2021-07-05'),(931,2564,'5816',12,10,0,'3340200075570','2021-07-05'),(932,2564,'5925',13,10,0,'3340200075570','2021-07-05'),(933,2564,'5689',7,11,0,'3340200075570','2021-07-05'),(934,2564,'5690',8,11,0,'3340200075570','2021-07-05'),(935,2564,'5691',9,11,0,'3340200075570','2021-07-05'),(936,2564,'5692',10,11,0,'3340200075570','2021-07-05'),(937,2564,'5693',11,11,0,'3340200075570','2021-07-05'),(938,2564,'5694',12,11,0,'3340200075570','2021-07-05'),(939,2564,'5696',13,11,0,'3340200075570','2021-07-05'),(940,2564,'5701',14,11,0,'3340200075570','2021-07-05'),(941,2564,'5703',15,11,0,'3340200075570','2021-07-05'),(942,2564,'5704',16,11,0,'3340200075570','2021-07-05'),(943,2564,'5709',18,11,0,'3240400226165','2021-07-07'),(944,2564,'5707',17,11,0,'3240400226165','2021-07-07'),(945,2564,'5711',19,11,0,'3340200075570','2021-07-05'),(946,2564,'5715',20,11,0,'3340200075570','2021-07-05'),(947,2564,'5716',21,11,0,'3340200075570','2021-07-05'),(948,2564,'5717',22,11,0,'3340200075570','2021-07-05'),(949,2564,'5718',23,11,0,'3340200075570','2021-07-05'),(950,2564,'5719',24,11,0,'3340200075570','2021-07-05'),(951,2564,'5924',25,11,0,'3340200075570','2021-07-05'),(952,2564,'5648',8,12,0,'3340200075570','2021-07-05'),(953,2564,'5650',9,12,0,'3340200075570','2021-07-05'),(954,2564,'5653',10,12,0,'3340200075570','2021-07-05'),(955,2564,'5654',11,12,0,'3340200075570','2021-07-05'),(956,2564,'5657',12,12,0,'3340200075570','2021-07-05'),(957,2564,'5663',13,12,0,'3340200075570','2021-07-05'),(958,2564,'5669',14,12,0,'3340200075570','2021-07-05'),(959,2564,'5671',15,12,0,'3340200075570','2021-07-05'),(960,2564,'5672',16,12,0,'3340200075570','2021-07-05'),(961,2564,'5681',17,12,0,'3340200075570','2021-07-05'),(962,2564,'5923',18,12,0,'3340200075570','2021-07-05'),(963,2564,'5714',26,11,0,'1341100197104','2022-03-16'),(964,2564,'5900',12,5,0,'1341100197104','2022-03-17'),(965,2564,'5912',8,4,0,'1341100197104','2022-03-17'),(966,2565,'5959',13,2,0,'1341500090200','2022-06-13'),(967,2565,'5962',16,2,0,'1341500090200','2022-06-13'),(968,2565,'5966',20,2,0,'1341500090200','2022-06-13'),(969,2565,'5835',10,7,0,'1341500090200','2022-06-13'),(970,2565,'5807',13,8,0,'1341500090200','2022-06-13'),(971,2565,'5810',16,8,0,'1341500090200','2022-06-13'),(972,2565,'5816',12,10,0,'1341500090200','2022-06-13'),(973,2564,'5637',1,12,0,'1341500090200','2022-06-13'),(974,2564,'5639',3,12,0,'1341500090200','2022-06-13'),(975,2564,'5640',4,12,0,'1341500090200','2022-06-13'),(976,2564,'5642',5,12,0,'1341500090200','2022-06-13'),(977,2564,'5643',6,12,0,'1341500090200','2022-06-13'),(978,2564,'5645',7,12,0,'1341500090200','2022-06-13'),(979,2564,'5726',1,9,0,'1341500090200','2022-06-13'),(980,2564,'5731',2,9,0,'1341500090200','2022-06-13'),(981,2564,'5788',1,8,0,'1341500090200','2022-06-13'),(982,2564,'5790',2,8,0,'1341500090200','2022-06-13'),(983,2564,'5791',3,8,0,'1341500090200','2022-06-13'),(984,2564,'5792',4,8,0,'1341500090200','2022-06-13'),(985,2564,'5793',5,8,0,'1341500090200','2022-06-13'),(986,2564,'5794',6,8,0,'1341500090200','2022-06-13'),(987,2564,'5795',7,8,0,'1341500090200','2022-06-13'),(988,2564,'5796',8,8,0,'1341500090200','2022-06-13'),(989,2564,'5798',9,8,0,'1341500090200','2022-06-13'),(990,2564,'5801',10,8,0,'1341500090200','2022-06-13'),(991,2564,'5804',11,8,0,'1341500090200','2022-06-13'),(992,2564,'5805',12,8,0,'1341500090200','2022-06-13'),(993,2564,'5808',14,8,0,'1341500090200','2022-06-13'),(994,2564,'5809',15,8,0,'1341500090200','2022-06-13'),(995,2564,'5811',17,8,0,'1341500090200','2022-06-13'),(996,2564,'5812',18,8,0,'1341500090200','2022-06-13'),(997,2564,'5846',19,8,0,'1341500090200','2022-06-13'),(998,2564,'5820',1,7,0,'1341500090200','2022-06-13'),(999,2564,'5821',2,7,0,'1341500090200','2022-06-13'),(1000,2564,'5822',3,7,0,'1341500090200','2022-06-13'),(1001,2564,'5823',4,7,0,'1341500090200','2022-06-13'),(1002,2564,'5824',5,7,0,'1341500090200','2022-06-13'),(1003,2564,'5827',6,7,0,'1341500090200','2022-06-13'),(1004,2564,'5829',7,7,0,'1341500090200','2022-06-13'),(1005,2564,'5831',8,7,0,'1341500090200','2022-06-13'),(1006,2564,'5833',9,7,0,'1341500090200','2022-06-13'),(1007,2564,'5836',11,7,0,'1341500090200','2022-06-13'),(1008,2564,'5841',12,7,0,'1341500090200','2022-06-13'),(1009,2564,'5894',13,7,0,'1341500090200','2022-06-13'),(1010,2564,'5896',14,7,0,'1341500090200','2022-06-13'),(1011,2564,'5851',1,6,0,'1341500090200','2022-06-13'),(1012,2564,'5852',2,6,0,'1341500090200','2022-06-13'),(1013,2564,'5853',3,6,0,'1341500090200','2022-06-13'),(1014,2564,'5857',4,6,0,'1341500090200','2022-06-13'),(1015,2564,'5858',5,6,0,'1341500090200','2022-06-13'),(1016,2564,'5861',6,6,0,'1341500090200','2022-06-13'),(1017,2564,'5862',7,6,0,'1341500090200','2022-06-13'),(1018,2564,'5863',8,6,0,'1341500090200','2022-06-13'),(1019,2564,'5864',9,6,0,'1341500090200','2022-06-13'),(1020,2564,'5867',10,6,0,'1341500090200','2022-06-13'),(1021,2564,'5870',11,6,0,'1341500090200','2022-06-13'),(1022,2564,'5871',12,6,0,'1341500090200','2022-06-13'),(1023,2564,'5872',13,6,0,'1341500090200','2022-06-13'),(1024,2564,'5891',14,6,0,'1341500090200','2022-06-13'),(1025,2564,'5895',15,6,0,'1341500090200','2022-06-13'),(1026,2564,'5903',16,6,0,'1341500090200','2022-06-13'),(1027,2565,'5888',10,5,0,'1341500090200','2022-06-13'),(1028,2564,'5877',1,5,0,'1341500090200','2022-06-13'),(1029,2564,'5878',2,5,0,'1341500090200','2022-06-13'),(1030,2564,'5879',3,5,0,'1341500090200','2022-06-13'),(1031,2564,'5880',4,5,0,'1341500090200','2022-06-13'),(1032,2564,'5881',5,5,0,'1341500090200','2022-06-13'),(1033,2564,'5882',6,5,0,'1341500090200','2022-06-13'),(1034,2564,'5883',7,5,0,'1341500090200','2022-06-13'),(1035,2564,'5886',8,5,0,'1341500090200','2022-06-13'),(1036,2564,'5887',9,5,0,'1341500090200','2022-06-13'),(1037,2564,'5890',11,5,0,'1341500090200','2022-06-13'),(1038,2564,'5901',13,5,0,'1341500090200','2022-06-13'),(1039,2564,'5905',1,4,0,'1341500090200','2022-06-13'),(1040,2564,'5906',2,4,0,'1341500090200','2022-06-13'),(1041,2564,'5907',3,4,0,'1341500090200','2022-06-13'),(1042,2564,'5908',4,4,0,'1341500090200','2022-06-13'),(1043,2564,'5909',5,4,0,'1341500090200','2022-06-13'),(1044,2564,'5910',6,4,0,'1341500090200','2022-06-13'),(1045,2564,'5911',7,4,0,'1341500090200','2022-06-13'),(1046,2564,'5913',9,4,0,'1341500090200','2022-06-13'),(1047,2564,'5929',1,3,0,'1341500090200','2022-06-13'),(1048,2564,'5930',2,3,0,'1341500090200','2022-06-13'),(1049,2564,'5931',3,3,0,'1341500090200','2022-06-13'),(1050,2565,'5960',13,3,0,'1341500090200','2022-06-14'),(1051,2565,'5961',14,3,0,'1341500090200','2022-06-14'),(1052,2565,'5963',15,3,0,'1341500090200','2022-06-14'),(1053,2565,'5964',16,3,0,'1341500090200','2022-06-14'),(1054,2565,'5965',17,3,0,'1341500090200','2022-06-14'),(1055,2565,'5970',1,2,0,'1341500090200','2022-06-14'),(1056,2565,'5971',2,2,0,'1341500090200','2022-06-14'),(1057,2565,'5972',3,2,0,'1341500090200','2022-06-14'),(1058,2565,'5973',4,2,0,'1341500090200','2022-06-14'),(1059,2565,'5974',5,2,0,'1341500090200','2022-06-14'),(1060,2565,'5975',6,2,0,'1341500090200','2022-06-14'),(1061,2565,'5976',7,2,0,'1341500090200','2022-06-14'),(1062,2565,'5977',8,2,0,'1341500090200','2022-06-14'),(1063,2565,'5984',9,2,0,'1341500090200','2022-06-14'),(1064,2565,'5985',10,2,0,'1341500090200','2022-06-14'),(1065,2565,'5978',11,2,0,'1341500090200','2022-06-14'),(1066,2565,'5979',12,2,0,'1341500090200','2022-06-14'),(1067,2565,'5980',13,2,0,'1341500090200','2022-06-14'),(1068,2565,'5981',14,2,0,'1341500090200','2022-06-14'),(1069,2565,'5982',15,2,0,'1341500090200','2022-06-14'),(1070,2565,'5983',18,3,0,'1341500090200','2022-06-14'),(1071,2565,'5885',8,6,0,'1341500090200','2022-06-14'),(1072,2565,'5886',9,6,0,'1341500090200','2022-06-14'),(1073,2565,'5887',10,6,0,'1341500090200','2022-06-14'),(1074,2565,'5969',13,6,0,'1341500090200','2022-12-09'),(1075,2565,'5836',10,8,0,'1341500090200','2022-06-14'),(1076,2565,'5841',11,8,0,'1341500090200','2022-06-14'),(1077,2565,'5894',12,8,0,'1341500090200','2022-06-14'),(1078,2565,'5896',13,8,0,'1341500090200','2022-06-14'),(1079,2565,'5808',13,9,0,'1341500090200','2022-06-14'),(1080,2565,'5809',14,9,0,'1341500090200','2022-06-14'),(1081,2565,'5811',15,9,0,'1341500090200','2022-06-14'),(1082,2565,'5812',16,9,0,'1341500090200','2022-06-14'),(1132,2565,'5988',19,3,0,'1341500090200','2022-12-09'),(1084,2565,'5922',17,9,0,'1341500090200','2022-12-09'),(1133,2565,'5987',13,5,0,'1341500090200','2022-12-09'),(1086,2565,'5967',20,9,0,'1341500090200','2022-06-14'),(1131,2565,'5986',16,10,0,'1341100197104','2022-11-01'),(1088,2565,'5726',2,10,0,'1341500090200','2022-06-14'),(1089,2565,'5731',3,10,0,'1341500090200','2022-06-14'),(1090,2565,'5747',4,10,0,'1341500090200','2022-06-14'),(1091,2565,'5761',5,10,0,'1341500090200','2022-06-14'),(1092,2565,'5763',6,10,0,'1341500090200','2022-06-14'),(1093,2565,'5764',7,10,0,'1341500090200','2022-06-14'),(1094,2565,'5770',8,10,0,'1341500090200','2022-06-14'),(1095,2565,'5771',9,10,0,'1341500090200','2022-06-14'),(1096,2565,'5772',10,10,0,'1341500090200','2022-06-14'),(1097,2565,'5774',11,10,0,'1341500090200','2022-06-14'),(1098,2565,'5777',12,10,0,'1341500090200','2022-06-14'),(1099,2565,'5813',13,10,0,'1341500090200','2022-06-14'),(1100,2565,'5843',14,10,0,'1341500090200','2022-06-14'),(1101,2565,'5893',15,10,0,'1341500090200','2022-06-14'),(1102,2565,'5647',1,11,0,'1341500090200','2022-06-14'),(1103,2565,'5659',2,11,0,'1341500090200','2022-06-14'),(1104,2565,'5924',25,11,0,'1341500090200','2022-06-14'),(1105,2565,'5638',2,12,0,'1341500090200','2022-06-14'),(1106,2565,'5709',1,11,0,'1341500090200','2022-06-14'),(1107,2565,'5727',2,11,0,'1341500090200','2022-06-14'),(1108,2565,'5925',12,11,0,'1341500090200','2022-06-14'),(1109,2565,'5685',1,12,0,'1341500090200','2022-06-14'),(1110,2565,'5686',2,12,0,'1341500090200','2022-06-14'),(1111,2565,'5687',3,12,0,'1341500090200','2022-06-14'),(1112,2565,'5688',4,12,0,'1341500090200','2022-06-14'),(1113,2565,'5689',5,12,0,'1341500090200','2022-06-14'),(1114,2565,'5690',6,12,0,'1341500090200','2022-06-14'),(1115,2565,'5691',7,12,0,'1341500090200','2022-06-14'),(1116,2565,'5692',8,12,0,'1341500090200','2022-06-14'),(1117,2565,'5693',9,12,0,'1341500090200','2022-06-14'),(1118,2565,'5694',10,12,0,'1341500090200','2022-06-14'),(1119,2565,'5696',11,12,0,'1341500090200','2022-06-14'),(1120,2565,'5701',12,12,0,'1341500090200','2022-06-14'),(1121,2565,'5703',13,12,0,'1341500090200','2022-06-14'),(1122,2565,'5704',14,12,0,'1341500090200','2022-06-14'),(1123,2565,'5707',15,12,0,'1341500090200','2022-06-14'),(1124,2565,'5711',16,12,0,'1341500090200','2022-06-14'),(1125,2565,'5715',18,12,0,'1341500090200','2022-06-14'),(1126,2565,'5714',17,12,0,'1341500090200','2022-06-14'),(1127,2565,'5716',19,12,0,'1341500090200','2022-06-14'),(1128,2565,'5717',20,12,0,'1341500090200','2022-06-14'),(1129,2565,'5718',21,12,0,'1341500090200','2022-06-14'),(1130,2565,'5719',22,12,0,'1341500090200','2022-06-14'),(1134,2565,'5866',10,7,0,'1341500090200','2022-12-09'),(1135,2565,'5867',11,7,0,'1341500090200','2022-12-09'),(1136,2565,'5870',12,7,0,'1341500090200','2022-12-09'),(1137,2565,'5871',13,7,0,'1341500090200','2022-12-09'),(1138,2565,'5872',14,7,0,'1341500090200','2022-12-09'),(1139,2565,'5891',16,7,0,'1341500090200','2022-12-09'),(1140,2565,'5903',17,7,0,'1341500090200','2022-12-09'),(1141,2566,'5709',1,11,0,'1341100197104','2023-05-16'),(1142,2566,'5774',11,10,0,'1341100197104','2023-05-16'),(1143,2566,'5777',12,10,0,'1341100197104','2023-05-16'),(1144,2566,'5986',16,10,0,'1341100197104','2023-05-16'),(1145,2566,'5791',3,9,0,'1341100197104','2023-05-16'),(1146,2566,'5801',10,9,0,'1341100197104','2023-05-16'),(1147,2566,'5808',13,9,0,'1341100197104','2023-05-16'),(1148,2566,'5811',15,9,0,'1341100197104','2023-05-16'),(1149,2566,'5922',17,9,0,'1341100197104','2023-05-16'),(1150,2566,'5708',1,10,0,'1341100197104','2023-05-16'),(1151,2565,'5822',3,8,0,'1341100197104','2023-05-16'),(1152,2565,'5823',4,8,0,'1341100197104','2023-05-16'),(1153,2565,'5824',5,8,0,'1341100197104','2023-05-16'),(1154,2565,'5827',6,8,0,'1341100197104','2023-05-16'),(1155,2565,'5829',7,8,0,'1341100197104','2023-05-16'),(1156,2565,'5831',8,8,0,'1341100197104','2023-05-16'),(1157,2565,'5833',9,8,0,'1341100197104','2023-05-16'),(1158,2565,'5788',1,9,0,'1341100197104','2023-05-16'),(1159,2565,'5790',2,9,0,'1341100197104','2023-05-16'),(1160,2565,'5792',4,9,0,'1341100197104','2023-05-16'),(1161,2565,'5793',5,9,0,'1341100197104','2023-05-16'),(1162,2565,'5794',6,9,0,'1341100197104','2023-05-16'),(1163,2565,'5795',7,9,0,'1341100197104','2023-05-16'),(1164,2565,'5796',8,9,0,'1341100197104','2023-05-16'),(1165,2565,'5798',9,9,0,'1341100197104','2023-05-16'),(1166,2565,'5804',11,9,0,'1341100197104','2023-05-16'),(1167,2565,'5805',12,9,0,'1341100197104','2023-05-16'),(1168,2565,'5728',3,11,0,'1341100197104','2023-05-16'),(1169,2565,'5729',4,11,0,'1341100197104','2023-05-16'),(1170,2565,'5735',5,11,0,'1341100197104','2023-05-16'),(1171,2565,'5736',6,11,0,'1341100197104','2023-05-16'),(1172,2565,'5737',7,11,0,'1341100197104','2023-05-16'),(1173,2565,'5739',8,11,0,'1341100197104','2023-05-16'),(1174,2565,'5740',9,11,0,'1341100197104','2023-05-16'),(1175,2565,'5741',10,11,0,'1341100197104','2023-05-16'),(1176,2565,'5783',11,11,0,'1341100197104','2023-05-16'),(1177,2565,'5947',1,3,0,'1341100197104','2023-05-16'),(1178,2565,'5948',2,3,0,'1341100197104','2023-05-16'),(1179,2565,'5949',3,3,0,'1341100197104','2023-05-16'),(1180,2565,'5950',4,3,0,'1341100197104','2023-05-16'),(1181,2565,'5951',5,3,0,'1341100197104','2023-05-16'),(1182,2565,'5952',6,3,0,'1341100197104','2023-05-16'),(1183,2565,'5953',7,3,0,'1341100197104','2023-05-16'),(1184,2565,'5954',8,3,0,'1341100197104','2023-05-16'),(1185,2565,'5955',9,3,0,'1341100197104','2023-05-16'),(1186,2565,'5956',10,3,0,'1341100197104','2023-05-16'),(1187,2565,'5957',11,3,0,'1341100197104','2023-05-16'),(1188,2565,'5958',12,3,0,'1341100197104','2023-05-16'),(1189,2565,'5929',1,4,0,'1341100197104','2023-05-16'),(1190,2565,'5930',2,4,0,'1341100197104','2023-05-16'),(1191,2565,'5931',3,4,0,'1341100197104','2023-05-16'),(1192,2565,'5934',4,4,0,'1341100197104','2023-05-16'),(1193,2565,'5935',5,4,0,'1341100197104','2023-05-16'),(1194,2565,'5936',6,4,0,'1341100197104','2023-05-16'),(1195,2565,'5937',7,4,0,'1341100197104','2023-05-16'),(1196,2565,'5938',8,4,0,'1341100197104','2023-05-16'),(1197,2565,'5940',9,4,0,'1341100197104','2023-05-16'),(1198,2565,'5942',10,4,0,'1341100197104','2023-05-16'),(1199,2565,'5945',11,4,0,'1341100197104','2023-05-16'),(1200,2565,'5911',7,5,0,'1341100197104','2023-05-16'),(1201,2565,'5912',8,5,0,'1341100197104','2023-05-16'),(1202,2565,'5913',9,5,0,'1341100197104','2023-05-16'),(1203,2565,'5915',10,5,0,'1341100197104','2023-05-16'),(1204,2565,'5917',11,5,0,'1341100197104','2023-05-16'),(1206,2565,'5877',1,6,0,'1341100197104','2023-05-16'),(1207,2565,'5878',2,6,0,'1341100197104','2023-05-16'),(1208,2565,'5879',3,6,0,'1341100197104','2023-05-16'),(1209,2565,'5880',4,6,0,'1341100197104','2023-05-16'),(1210,2565,'5881',5,6,0,'1341100197104','2023-05-16'),(1211,2565,'5882',6,6,0,'1341100197104','2023-05-16'),(1212,2565,'5883',7,6,0,'1341100197104','2023-05-16'),(1213,2565,'5890',11,6,0,'1341100197104','2023-05-16'),(1214,2565,'5900',12,6,0,'1341100197104','2023-05-16'),(1215,2565,'5851',1,7,0,'1341100197104','2023-05-16'),(1216,2565,'5852',2,7,0,'1341100197104','2023-05-16'),(1217,2565,'5853',3,7,0,'1341100197104','2023-05-16'),(1218,2565,'5857',4,7,0,'1341100197104','2023-05-16'),(1219,2565,'5858',5,7,0,'1341100197104','2023-05-16'),(1220,2565,'5861',6,7,0,'1341100197104','2023-05-16'),(1221,2565,'5862',7,7,0,'1341100197104','2023-05-16'),(1222,2565,'5863',8,7,0,'1341100197104','2023-05-16'),(1223,2565,'5864',9,7,0,'1341100197104','2023-05-16'),(1224,2565,'5895',15,7,0,'1341100197104','2023-05-16'),(1225,2565,'5820',1,8,0,'1341100197104','2023-05-16'),(1226,2565,'5821',2,8,0,'1341100197104','2023-05-16'),(1228,2566,'5976',7,3,0,'1341100197104','2023-05-16'),(1229,2566,'5985',10,3,0,'1341100197104','2023-05-16'),(1230,2566,'5896',13,9,0,'1341100197104','2023-05-16'),(1231,2566,'5905',1,6,0,'1341100197104','2023-10-28'),(1232,2566,'5906',2,6,0,'1341100197104','2023-10-28'),(1233,2566,'5907',3,6,0,'1341100197104','2023-10-28'),(1234,2566,'5910',6,6,0,'1341100197104','2023-10-28'),(1246,2566,'5958',11,4,0,'1341100197104','2023-10-28'),(1245,2566,'5925',12,12,0,'1341100197104','2023-10-28'),(1238,2566,'5936',6,5,0,'1341100197104','2023-10-28'),(1239,2566,'5938',8,5,0,'1341100197104','2023-10-28'),(1240,2566,'5940',9,5,0,'1341100197104','2023-10-28'),(1241,2566,'5942',10,5,0,'1341100197104','2023-10-28'),(1242,2566,'5945',11,5,0,'1341100197104','2023-10-28'),(1243,2566,'5990',14,6,0,'1341100197104','2023-10-28'),(1244,2566,'5993',3,2,1,'1341100197104','2023-10-28'),(1247,2566,'5973',2,3,0,'1341100197104','2023-10-28'),(1248,2566,'5974',4,3,0,'1341100197104','2023-10-28'),(1249,2566,'5975',5,3,0,'1341100197104','2023-10-28'),(1250,2566,'5977',5,3,0,'1341100197104','2023-10-28'),(1251,2566,'5984',6,3,0,'1341100197104','2023-10-28'),(1252,2566,'5978',7,3,0,'1341100197104','2023-10-28'),(1253,2566,'5979',8,3,0,'1341100197104','2023-10-28'),(1254,2566,'5981',9,3,0,'1341100197104','2023-10-28'),(1255,2566,'5982',10,3,0,'1341100197104','2023-10-28'),(1256,2566,'5991',1,2,1,'1341100197104','2023-10-28'),(1257,2566,'5992',2,2,1,'1341100197104','2023-10-28'),(1258,2566,'5995',4,2,1,'1341100197104','2023-10-28'),(1259,2566,'5996',5,2,1,'1341100197104','2023-10-28'),(1260,2566,'5997',6,2,1,'1341100197104','2023-10-28'),(1261,2566,'5998',7,2,1,'1341100197104','2023-10-28'),(1262,2566,'5999',8,2,1,'1341100197104','2023-10-28'),(1263,2566,'6000',9,2,1,'1341100197104','2023-10-28'),(1264,2566,'6001',10,2,1,'1341100197104','2023-10-28'),(1265,2566,'5970',1,3,0,'1341100197104','2023-10-28'),(1266,2566,'5947',1,4,0,'3340701099064','2024-03-18'),(1267,2566,'5948',2,4,0,'1341100197104','2023-10-28'),(1268,2566,'5949',3,4,0,'1341100197104','2023-10-28'),(1269,2566,'5950',4,4,0,'1341100197104','2023-10-28'),(1270,2566,'5953',7,4,0,'1341100197104','2023-10-28'),(1271,2566,'5954',8,4,0,'1341100197104','2023-10-28'),(1272,2566,'5955',9,4,0,'1341100197104','2023-10-28'),(1273,2566,'5956',10,4,0,'1341100197104','2023-10-28'),(1274,2566,'5960',13,4,0,'1341100197104','2023-10-28'),(1275,2566,'5963',15,4,0,'1341100197104','2023-10-28'),(1276,2566,'5965',17,4,0,'1341100197104','2023-10-28'),(1277,2566,'5983',18,4,0,'1341100197104','2023-10-28'),(1278,2566,'5988',19,4,0,'1341100197104','2023-10-28'),(1279,2566,'5929',1,5,0,'1341100197104','2023-10-28'),(1280,2566,'5930',2,5,0,'1341100197104','2023-10-28'),(1281,2566,'5931',3,5,0,'1341100197104','2023-10-28'),(1282,2566,'5934',4,5,0,'1341100197104','2023-10-28'),(1283,2566,'5935',5,5,0,'1341100197104','2023-10-28'),(1284,2566,'5911',7,6,0,'1341100197104','2023-10-28'),(1285,2566,'5912',8,6,0,'1341100197104','2023-10-28'),(1286,2566,'5913',9,6,0,'1341100197104','2023-10-28'),(1287,2566,'5915',10,6,0,'1341100197104','2023-10-28'),(1288,2566,'5917',11,6,0,'1341100197104','2023-10-28'),(1290,2566,'5987',13,6,0,'1341100197104','2023-10-28'),(1291,2566,'5877',1,7,0,'1340100121611','2024-03-18'),(1292,2566,'5878',2,7,0,'1341100197104','2023-10-28'),(1293,2566,'5879',3,7,0,'1341100197104','2023-10-28'),(1294,2566,'5880',4,7,0,'1341100197104','2023-10-28'),(1295,2566,'5881',5,7,0,'1341100197104','2023-10-28'),(1296,2566,'5882',6,7,0,'1341100197104','2023-10-28'),(1297,2566,'5883',7,7,0,'1341100197104','2023-10-28'),(1298,2566,'5885',8,7,0,'1341100197104','2023-10-28'),(1299,2566,'5886',9,7,0,'1341100197104','2023-10-28'),(1300,2566,'5887',10,7,0,'1341100197104','2023-10-28'),(1301,2566,'5900',12,7,0,'1341100197104','2023-10-28'),(1302,2566,'5969',13,7,0,'1341100197104','2023-10-28'),(1303,2566,'5851',1,8,0,'1341100197104','2023-10-28'),(1304,2566,'5852',2,8,0,'1341100197104','2023-10-28'),(1305,2566,'5857',4,8,0,'1341100197104','2023-10-28'),(1306,2566,'5858',5,8,0,'1341100197104','2023-10-28'),(1307,2566,'5861',6,8,0,'1341100197104','2023-10-28'),(1308,2566,'5862',7,8,0,'1341100197104','2023-10-28'),(1309,2566,'5863',8,8,0,'1341100197104','2023-10-28'),(1310,2566,'5864',9,8,0,'1341100197104','2023-10-28'),(1311,2566,'5866',10,8,0,'1341100197104','2023-10-28'),(1312,2566,'5867',11,8,0,'1341100197104','2023-10-28'),(1313,2566,'5871',13,8,0,'1341100197104','2023-10-28'),(1314,2566,'5872',14,8,0,'1341100197104','2023-10-28'),(1315,2566,'5903',17,8,0,'1341100197104','2023-10-28'),(1316,2566,'5820',1,9,0,'1340100121611','2024-03-18'),(1317,2566,'5821',2,9,0,'1341100197104','2024-03-18'),(1318,2566,'5822',3,9,0,'1341100197104','2023-10-28'),(1319,2566,'5823',4,9,0,'1341100197104','2023-10-28'),(1320,2566,'5824',5,9,0,'1341100197104','2024-03-18'),(1321,2566,'5827',6,9,0,'1341100197104','2023-10-28'),(1322,2566,'5829',7,9,0,'1341100197104','2023-10-28'),(1323,2566,'5831',8,9,0,'1341100197104','2024-03-18'),(1324,2566,'5833',9,9,0,'1341590004049','2024-03-20'),(1325,2566,'5836',10,9,0,'1341100197104','2023-10-28'),(1326,2566,'5841',11,9,0,'1341100197104','2023-10-28'),(1327,2566,'5894',12,9,0,'1341100197104','2023-10-28'),(1328,2566,'5788',1,10,0,'1341100197104','2023-10-28'),(1329,2566,'5790',2,10,0,'1101500710382','2024-03-18'),(1330,2566,'5792',4,10,0,'1101500710382','2024-03-18'),(1331,2566,'5793',5,10,0,'1341100197104','2023-10-28'),(1332,2566,'5794',6,10,0,'1341100197104','2023-10-28'),(1333,2566,'5795',7,10,0,'1341100197104','2023-10-28'),(1334,2566,'5796',8,10,0,'1341100197104','2023-10-28'),(1335,2566,'5798',9,10,0,'1341100197104','2023-10-28'),(1336,2566,'5804',11,10,0,'1341100197104','2023-10-28'),(1337,2566,'5805',12,10,0,'1341100197104','2023-10-28'),(1338,2566,'5809',14,10,0,'1341100197104','2023-10-28'),(1339,2566,'5812',16,10,0,'1341100197104','2023-10-28'),(1340,2566,'5726',2,11,0,'1341590004049','2024-03-20'),(1341,2566,'5731',3,11,0,'1341590004049','2024-03-20'),(1342,2566,'5761',5,11,0,'1341100197104','2023-10-28'),(1343,2566,'5764',7,11,0,'1341100197104','2023-10-28'),(1344,2566,'5770',8,11,0,'1341100197104','2023-10-28'),(1345,2566,'5771',9,11,0,'1341100197104','2023-10-28'),(1346,2566,'5772',10,11,0,'1341100197104','2023-10-28'),(1347,2566,'5813',13,11,0,'1341100197104','2023-10-28'),(1348,2566,'5843',14,11,0,'1341100197104','2023-10-28'),(1349,2566,'5893',15,11,0,'1341100197104','2023-10-28'),(1350,2566,'5727',2,12,0,'1341100197104','2023-10-28'),(1351,2566,'5728',3,12,0,'1341100197104','2023-10-28'),(1352,2566,'5729',4,12,0,'1341100197104','2023-10-28'),(1353,2566,'5735',5,12,0,'1341100197104','2023-10-28'),(1354,2566,'5736',6,12,0,'1341100197104','2023-10-28'),(1355,2566,'5737',7,12,0,'1341100197104','2023-10-28'),(1356,2566,'5739',8,12,0,'1341100197104','2023-10-28'),(1357,2566,'5740',9,12,0,'1341100197104','2023-10-28'),(1358,2566,'5741',10,12,0,'1341100197104','2023-10-28'),(1359,2566,'5783',11,12,0,'1341100197104','2023-10-28'),(1360,2566,'5972',3,3,0,'1341100197104','2024-04-23'),(1361,2567,'5823',4,10,0,'1341100197104','2024-05-17'),(1362,2567,'5894',7,10,0,'1341100197104','2024-05-17'),(1363,2567,'5827',5,10,0,'1341100197104','2024-05-17'),(1364,2567,'5831',6,10,0,'1341100197104','2024-05-17'),(1365,2567,'6001',9,3,0,'1341100197104','2024-10-06'),(1366,2567,'5950',3,5,0,'1341100197104','2024-05-17'),(1367,2567,'5953',4,5,0,'1341100197104','2024-05-17'),(1433,2567,'5979',7,4,0,'1341100197104','2024-05-17'),(1369,2567,'5954',5,5,0,'1341100197104','2024-05-17'),(1370,2567,'5956',6,5,0,'1341100197104','2024-05-17'),(1371,2567,'5958',7,5,0,'1341100197104','2024-05-17'),(1372,2567,'5963',8,5,0,'1341100197104','2024-05-17'),(1373,2567,'5965',9,5,0,'1341100197104','2024-05-17'),(1374,2567,'5988',10,5,0,'1341100197104','2024-05-17'),(1375,2567,'5905',1,7,0,'1341100197104','2024-05-17'),(1376,2567,'5906',2,7,0,'1341100197104','2024-05-17'),(1377,2567,'5907',3,7,0,'1341100197104','2024-05-17'),(1378,2567,'5910',4,7,0,'1341100197104','2024-05-17'),(1379,2567,'5934',3,6,0,'1330300169308','2024-06-06'),(1380,2567,'5935',4,6,0,'1341100197104','2024-05-17'),(1381,2567,'5936',5,6,0,'1341100197104','2024-05-17'),(1382,2567,'5938',7,6,0,'1341100197104','2024-05-17'),(1383,2567,'5940',8,6,0,'1341100197104','2024-05-17'),(1384,2567,'5942',9,6,0,'1341100197104','2024-05-17'),(1385,2567,'5945',6,6,0,'1341100197104','2024-05-17'),(1386,2567,'5911',5,7,0,'1341100197104','2024-05-17'),(1387,2567,'5912',6,7,0,'1341100197104','2024-05-17'),(1388,2567,'5913',7,7,0,'1341100197104','2024-05-17'),(1389,2567,'5915',8,7,0,'1341100197104','2024-05-17'),(1390,2567,'5917',9,7,0,'1341100197104','2024-05-17'),(1546,2568,'6002',1,3,0,'1341100197104','2025-10-02'),(1392,2567,'5987',11,7,0,'1341100197104','2024-05-17'),(1393,2567,'5900',8,8,0,'1341100197104','2024-05-17'),(1394,2567,'5969',9,8,0,'1341100197104','2024-05-17'),(1395,2567,'5857',3,9,0,'1341100197104','2024-05-17'),(1396,2567,'0',0,0,0,'1341100197104','2024-05-17'),(1397,2567,'5885',10,8,0,'1341100197104','2024-05-17'),(1398,2567,'5887',12,8,0,'1341100197104','2024-05-17'),(1399,2567,'5886',11,8,0,'1341100197104','2024-05-17'),(1400,2567,'5858',4,9,0,'1341100197104','2024-05-17'),(1401,2567,'5861',5,9,0,'1341100197104','2024-05-17'),(1402,2567,'5862',6,9,0,'1341100197104','2024-05-17'),(1403,2567,'5863',7,9,0,'1341100197104','2024-05-17'),(1404,2567,'5864',8,9,0,'1341100197104','2024-05-17'),(1405,2567,'5866',9,9,0,'1341100197104','2024-05-17'),(1406,2567,'5867',10,9,0,'1341100197104','2024-05-17'),(1407,2567,'5871',11,9,0,'1341100197104','2024-05-17'),(1408,2567,'5872',12,9,0,'1341100197104','2024-05-17'),(1409,2567,'5903',13,9,0,'1341100197104','2024-05-17'),(1410,2567,'5792',3,11,0,'1341100197104','2024-06-25'),(1411,2567,'5793',4,11,0,'1341100197104','2024-06-25'),(1412,2567,'5794',5,11,0,'1341100197104','2024-06-25'),(1413,2567,'5795',6,11,0,'1341100197104','2024-06-25'),(1414,2567,'5796',7,11,0,'1341100197104','2024-06-25'),(1415,2567,'5798',8,11,0,'1341100197104','2024-06-25'),(1416,2567,'5805',9,11,0,'1341100197104','2024-06-25'),(1417,2567,'5809',10,11,0,'1341100197104','2024-06-25'),(1418,2567,'5812',11,11,0,'1341100197104','2024-06-25'),(1419,2567,'5726',1,12,0,'1341100197104','2024-05-17'),(1420,2567,'5731',2,12,0,'1341100197104','2024-05-17'),(1421,2567,'5761',3,12,0,'1341100197104','2024-05-17'),(1422,2567,'5764',4,12,0,'1341100197104','2024-05-17'),(1423,2567,'5771',8,12,0,'1341100197104','2024-05-17'),(1424,2567,'5772',9,12,0,'1341100197104','2024-05-17'),(1446,2567,'5846',12,11,0,'1341100197104','2024-06-25'),(1426,2567,'5813',5,12,0,'1341100197104','2024-05-17'),(1427,2567,'5788',1,11,0,'1341590004049','2025-03-05'),(1428,2567,'5790',2,11,0,'1341100197104','2024-06-25'),(1429,2567,'5843',6,12,0,'1341100197104','2024-05-17'),(1430,2567,'5893',7,12,0,'1341100197104','2024-05-17'),(1431,2567,'5972',2,4,0,'1341100197104','2024-05-17'),(1432,2567,'5973',3,4,0,'1341100197104','2024-05-17'),(1434,2567,'5981',8,4,0,'1341100197104','2024-05-17'),(1435,2567,'5982',9,4,0,'1341100197104','2024-05-17'),(1436,2567,'6002',1,2,0,'1341100197104','2024-06-10'),(1437,2567,'6003',2,2,0,'1341100197104','2024-06-10'),(1438,2567,'6004',3,2,0,'1341100197104','2024-06-10'),(1439,2567,'6005',4,2,0,'1341100197104','2024-06-10'),(1440,2567,'6006',5,2,0,'1341100197104','2024-10-19'),(1441,2567,'6007',6,2,0,'1341100197104','2024-06-10'),(1442,2567,'6008',7,2,0,'1341100197104','2024-06-10'),(1443,2567,'6009',8,2,0,'1341100197104','2024-06-10'),(1444,2567,'6010',9,2,0,'1341100197104','2024-06-10'),(1445,2567,'6011',10,2,0,'1341100197104','2024-06-10'),(1447,2567,'6012',12,7,0,'1341100197104','2024-09-11'),(1448,2567,'5991',1,3,0,'1341100197104','2024-10-06'),(1449,2567,'5992',2,3,0,'1341100197104','2024-10-06'),(1450,2567,'5993',3,3,0,'1341100197104','2024-10-06'),(1451,2567,'5995',4,3,0,'1341100197104','2024-10-06'),(1452,2567,'5996',5,3,0,'1341100197104','2024-10-06'),(1453,2567,'5997',6,3,0,'1341100197104','2024-10-06'),(1454,2567,'5998',7,3,0,'1341100197104','2024-10-06'),(1455,2567,'5999',8,3,0,'1341100197104','2024-10-06'),(1456,2567,'6014',10,3,0,'1341100197104','2024-11-11'),(1457,2567,'5984',6,4,0,'1341100197104','2024-11-19'),(1458,2567,'5960',11,5,0,'1341100197104','2025-03-05'),(1459,2567,'5970',1,4,0,'1341100197104','2025-05-02'),(1460,2567,'5974',4,4,0,'1341100197104','2025-05-02'),(1461,2567,'5975',5,4,0,'1341100197104','2025-05-02'),(1462,2567,'5947',1,5,0,'1341100197104','2025-05-02'),(1463,2567,'5948',2,5,0,'1341100197104','2025-05-02'),(1464,2567,'5929',1,6,0,'1341100197104','2025-05-02'),(1465,2567,'5930',2,6,0,'1341100197104','2025-05-02'),(1466,2567,'5877',1,8,0,'1341100197104','2025-05-02'),(1467,2567,'5878',2,8,0,'1341100197104','2025-05-02'),(1468,2567,'5879',3,8,0,'1341100197104','2025-05-02'),(1469,2567,'5880',4,8,0,'1341100197104','2025-05-02'),(1470,2567,'5881',5,8,0,'1341100197104','2025-05-02'),(1471,2567,'5882',6,8,0,'1341100197104','2025-05-02'),(1472,2567,'5883',7,8,0,'1341100197104','2025-05-02'),(1473,2567,'5851',1,9,0,'1341100197104','2025-05-02'),(1474,2567,'5852',2,9,0,'1341100197104','2025-05-02'),(1475,2567,'5820',1,10,0,'1341100197104','2025-05-02'),(1476,2567,'5821',2,10,0,'1341100197104','2025-05-02'),(1477,2567,'5822',3,10,0,'1341100197104','2025-05-02'),(1478,2568,'5934',3,7,0,'1341100197104','2025-10-02'),(1479,2568,'5935',4,7,0,'1341100197104','2025-10-02'),(1480,2568,'5936',5,7,0,'1341100197104','2025-10-02'),(1481,2568,'5945',6,7,0,'1341100197104','2025-10-02'),(1482,2568,'5938',7,7,0,'1341100197104','2025-10-02'),(1483,2568,'5906',3,8,0,'1341100197104','2025-10-02'),(1484,2568,'5905',2,8,0,'1341100197104','2025-05-02'),(1485,2568,'5942',9,7,0,'1341100197104','2025-10-02'),(1486,2568,'5940',8,7,0,'1341100197104','2025-10-02'),(1487,2568,'5960',9,6,0,'1341100197104','2025-10-02'),(1488,2568,'5963',10,6,0,'1341100197104','2025-10-02'),(1489,2568,'5965',11,6,0,'1341100197104','2025-10-02'),(1490,2568,'5988',6,6,0,'1341100197104','2025-05-02'),(1491,2568,'5956',7,6,0,'1341100197104','2025-10-02'),(1492,2568,'5958',8,6,0,'1341100197104','2025-10-02'),(1493,2568,'5912',6,8,0,'1341100197104','2025-05-02'),(1494,2568,'5827',5,11,0,'1341100197104','2025-05-02'),(1495,2568,'6001',9,4,0,'1341100197104','2025-05-02'),(1496,2568,'5972',2,5,0,'1341100197104','2025-05-02'),(1497,2568,'5979',7,5,0,'1341100197104','2025-05-02'),(1498,2568,'5877',1,9,0,'1341100197104','2025-05-02'),(1499,2568,'5900',8,9,0,'1341100197104','2025-05-02'),(1500,2568,'5881',1,8,0,'1341100197104','2025-05-02'),(1501,2568,'6014',6,4,0,'1341100197104','2025-10-02'),(1502,2568,'5997',7,4,0,'1341100197104','2025-10-02'),(1503,2568,'5998',8,4,0,'1341100197104','2025-10-02'),(1504,2568,'5999',9,4,0,'1341100197104','2025-10-02'),(1505,2568,'5973',2,5,0,'1341100197104','2025-10-02'),(1506,2568,'5974',3,5,0,'1341100197104','2025-10-02'),(1507,2568,'5975',4,5,0,'1341100197104','2025-10-02'),(1508,2568,'5981',5,5,0,'1341100197104','2025-10-02'),(1509,2568,'5982',6,5,0,'1341100197104','2025-10-02'),(1510,2568,'5907',4,8,0,'1341100197104','2025-10-02'),(1511,2568,'5910',5,8,0,'1341100197104','2025-10-02'),(1512,2568,'5911',6,8,0,'1341100197104','2025-10-02'),(1513,2568,'5987',10,8,0,'1341100197104','2025-10-02'),(1514,2568,'6012',11,8,0,'1341100197104','2025-10-02'),(1515,2568,'5878',1,9,0,'1341100197104','2025-10-02'),(1516,2568,'5879',2,9,0,'1341100197104','2025-10-02'),(1517,2568,'5880',3,9,0,'1341100197104','2025-10-02'),(1518,2568,'5882',4,9,0,'1341100197104','2025-05-02'),(1519,2568,'5883',5,9,0,'1341100197104','2025-10-02'),(1520,2568,'5969',6,9,0,'1341100197104','2025-10-02'),(1521,2568,'5885',7,9,0,'1341100197104','2025-10-02'),(1522,2568,'5886',8,9,0,'1341100197104','2025-10-02'),(1523,2568,'5887',9,9,0,'1341100197104','2025-10-02'),(1524,2568,'5871',6,10,0,'1341100197104','2025-10-02'),(1525,2568,'5831',5,11,0,'1341100197104','2025-10-02'),(1526,2568,'5894',6,11,0,'1341100197104','2025-10-02'),(1527,2568,'6004',2,3,0,'1341100197104','2025-10-02'),(1528,2568,'6005',3,3,0,'1341100197104','2025-10-02'),(1529,2568,'6006',4,3,0,'1341100197104','2025-10-02'),(1530,2568,'6007',5,3,0,'1341100197104','2025-10-02'),(1531,2568,'6008',6,3,0,'1341100197104','2025-10-02'),(1532,2568,'6009',7,3,0,'1341100197104','2025-10-02'),(1533,2568,'6010',8,3,0,'1341100197104','2025-10-02'),(1534,2568,'6011',9,3,0,'1341100197104','2025-10-02'),(1535,2568,'6016',1,2,0,'1341100197104','2025-10-02'),(1536,2568,'6017',2,2,0,'1341100197104','2025-10-02'),(1537,2568,'6018',3,2,0,'1341100197104','2025-10-02'),(1538,2568,'6019',4,2,0,'1341100197104','2025-10-02'),(1539,2568,'6020',5,2,0,'1341100197104','2025-10-02'),(1540,2568,'6015',7,10,0,'1341100197104','2025-10-02'),(1541,2568,'5851',1,10,0,'1341100197104','2025-10-02'),(1542,2568,'5852',2,10,0,'1341100197104','2025-10-02'),(1543,2568,'5857',3,10,0,'1341100197104','2025-10-02'),(1544,2568,'5858',4,10,0,'1341100197104','2025-10-02'),(1545,2568,'5861',5,10,0,'1341100197104','2025-10-02'),(1547,2568,'5991',1,4,0,'1341100197104','2025-10-02'),(1548,2568,'5992',2,4,0,'1341100197104','2025-10-02'),(1549,2568,'5993',3,4,0,'1341100197104','2025-10-02'),(1550,2568,'5995',4,4,0,'1341100197104','2025-10-02'),(1551,2568,'5996',5,4,0,'1341100197104','2025-10-02'),(1552,2568,'5970',1,5,0,'1341100197104','2025-10-02'),(1553,2568,'5947',1,6,0,'1341100197104','2025-10-02'),(1554,2568,'5948',2,6,0,'1341100197104','2025-10-02'),(1555,2568,'5950',3,6,0,'1341100197104','2025-10-02'),(1556,2568,'5953',4,6,0,'1341100197104','2025-10-02'),(1557,2568,'5954',5,6,0,'1341100197104','2025-10-02'),(1558,2568,'5929',1,7,0,'1341100197104','2025-10-02'),(1559,2568,'5930',2,7,0,'1341100197104','2025-10-02'),(1560,2568,'5913',7,8,0,'1341100197104','2025-10-02'),(1561,2568,'5915',8,8,0,'1341100197104','2025-10-02'),(1562,2568,'5917',9,8,0,'1341100197104','2025-10-02'),(1563,2568,'5820',1,11,0,'1341100197104','2025-10-02'),(1564,2568,'5821',2,11,0,'1341100197104','2025-10-02'),(1565,2568,'5822',3,11,0,'1341100197104','2025-10-02'),(1566,2568,'5823',4,11,0,'1341100197104','2025-10-02'),(1567,2568,'5788',1,12,0,'1341100197104','2025-10-02'),(1568,2568,'5790',2,12,0,'1341100197104','2025-10-02'),(1569,2568,'5792',3,12,0,'1341100197104','2025-10-02'),(1570,2568,'5793',4,12,0,'1341100197104','2025-10-02'),(1571,2568,'5794',5,12,0,'1341100197104','2025-10-02'),(1572,2568,'5795',6,12,0,'1341100197104','2025-10-02'),(1573,2568,'5796',7,12,0,'1341100197104','2025-10-02'),(1574,2568,'5798',8,12,0,'1341100197104','2025-10-02'),(1575,2568,'5805',9,12,0,'1341100197104','2025-10-02'),(1576,2568,'5809',10,12,0,'1341100197104','2025-10-02'),(1577,2568,'5812',11,12,0,'1341100197104','2025-10-02'),(1578,2568,'5846',12,12,0,'1341100197104','2025-10-02');

--
-- Table structure for table `student_main_edyear`
--

CREATE TABLE `student_main_edyear` (
  `id` int(11) NOT NULL AUTO_INCREMENT,
  `ed_year` int(11) NOT NULL,
  `year_active` tinyint(4) NOT NULL,
  PRIMARY KEY (`id`),
  UNIQUE KEY `ed_year` (`ed_year`)
) ENGINE=MyISAM AUTO_INCREMENT=13 DEFAULT CHARSET=utf8 COLLATE=utf8_general_ci;

--
-- Dumping data for table `student_main_edyear`
--

INSERT INTO `student_main_edyear` VALUES (1,2557,0),(2,2559,0),(3,2558,0),(4,2561,0),(5,2560,0),(6,2562,0),(7,2563,0),(8,2564,0),(9,2565,0),(10,2566,0),(11,2567,0),(12,2568,1);

--
-- Table structure for table `student_main_expand1`
--

CREATE TABLE `student_main_expand1` (
  `id` int(11) NOT NULL AUTO_INCREMENT,
  `person_id` varchar(13) NOT NULL,
  `e_name` varchar(50) NOT NULL,
  `e_surname` varchar(50) NOT NULL,
  `birthday` date NOT NULL,
  `blood` varchar(2) NOT NULL,
  `race` varchar(30) NOT NULL,
  `nationlity` varchar(30) NOT NULL,
  `religion` varchar(30) NOT NULL,
  `rec_date` date NOT NULL,
  PRIMARY KEY (`id`),
  UNIQUE KEY `person_id` (`person_id`)
) ENGINE=MyISAM AUTO_INCREMENT=154 DEFAULT CHARSET=utf8 COLLATE=utf8_general_ci;

--
-- Dumping data for table `student_main_expand1`
--

INSERT INTO `student_main_expand1` VALUES (1,'1100202183006','Pischaya','Kaodee','2015-07-23','','','','','2025-10-02'),(2,'1347600117636','Kansita','Sirivibun','2016-02-12','','','','','2025-10-02'),(3,'1100704580311','Pattamaporn','Kumchid','2015-09-11','','','','','2025-10-02'),(4,'1341501586152','Apivis','Chainat','2015-10-11','','','','','2022-06-13'),(5,'1341501584133','Pipodpud','Sansawud','2015-08-26','','','','','2025-10-02'),(6,'1361500056559','Tippayapol','Lessunteay','2016-03-08','','','','','2023-10-08'),(7,'1341501585385','Apinun','Saouras','2015-09-25','','','','','2025-10-02'),(8,'1343200044344','Dolsuk','WoonnaKort','2015-11-13','','','','','2025-10-02'),(9,'1341501592837','Greatbodin','Jarukan','2016-03-16','','','','','2025-10-02'),(10,'1341501590664','Arnon','Katumklang','2016-01-27','','','','','2025-10-02'),(11,'1341501571937','Jirayua','Chaijut','2014-09-12','','','','','2023-10-08'),(12,'1341501571007','Tin','Tonrong','2014-08-18','','','','','2025-10-02'),(13,'1209301313843','Tanakit','Nakum','2015-05-11','','','','','2025-10-02'),(14,'1349902014360','Tanawat','Maukdee','2014-11-10','','','','','2022-06-13'),(15,'1209401079681','Pretiput','Jigthaisong','2014-08-30','','','','','2022-06-13'),(16,'1347600105247','Punyaput','Para','2015-02-13','','','','','2025-10-02'),(17,'1347600105069','Puttarakon','Funkung','2015-02-04','','','','','2025-10-02'),(18,'1341501576301','Weerapon','Tanutong','2015-01-04','','','','','2023-10-08'),(19,'1103705077039','Salawud','Boonloom','2015-04-02','','','','','2025-10-02'),(20,'1169800399191','Kunsiri','Poowut','2014-07-23','','','','','2025-10-02'),(21,'1349902032341','Mumlatdra','Suksre','2015-02-23','','','','','2023-10-08'),(22,'1341501580642','Buntitar','Sumsuk','2015-05-14','','','','','2025-10-02'),(23,'1341501556946','Keattisik','Saywaw','2013-07-29','-','ไทย','ไทย','พุทธ','2023-10-08'),(24,'1341501563004','Sanawan','Saowarat','2014-01-06','','','','','2025-10-02'),(25,'1349901976109','Thanasak','Monthree','2014-04-25','','','','','2025-10-02'),(26,'1349901956621','Puttanasak','Pala','2014-01-03','','','','','2025-10-02'),(27,'1341501562962','Puwadat','Nwogoot','2014-01-07','','','','','2023-10-08'),(28,'1349901920511','Witwus','Somsut','2013-06-25','','','','','2023-10-08'),(29,'1341501555869','Sattawut','Parawong','2013-06-29','','','','','2025-10-02'),(30,'1102004529951','Siwa','OOnjai','2013-12-23','','','','','2023-10-08'),(31,'1341501556288','Napawan','Chaiyawan','2013-07-12','','','','','2025-10-02'),(32,'1341501561354','Nanticha','Jampachat','2013-11-15','','','','','2022-06-13'),(33,'1341501565261','Puttamaporn','Bourdok','2014-03-15','','','','','2022-06-13'),(34,'1341501566216','Thanaporn','Khumchid','2014-04-16','','','','','2025-10-02'),(35,'1341501557551','Sirirat','Tornkuw','2013-08-18','','','','','2022-06-13'),(36,'1341501551979','Kidsada','Mahain','2013-01-22','','','','','2025-10-02'),(37,'1349901859463','Chawaniuk','Katsiri','2012-08-20','','','','','2022-06-13'),(38,'1347600070184','Jukkapud','Fanklan','2012-07-16','','','','','2025-10-02'),(39,'1102004412183','Yingruk','Ounjai','2012-10-28','','','','','2025-10-02'),(40,'1341501549621','Eakaluk','Intamat','2012-10-25','','','','','2025-10-02'),(41,'1341501552991','Witchanon','Juntakeree','2013-03-01','','','','','2025-10-02'),(42,'1341501554463','Teerapat','Jutthaisong','2013-04-24','','','','','2022-06-13'),(43,'1341501554013','Wittawud','Pimuassong','2013-04-11','','','','','2022-06-13'),(44,'1349901872265','KUNYAPUK','sOMSUK','2012-10-12','','','','','2023-10-08'),(45,'1343200044255','Thunyaporn','Suwonna','2012-11-24','','','','','2023-10-08'),(46,'1341501546223','Jitkunya','Sangsuwon','2012-07-18','','','','','2023-10-08'),(47,'1341501545189','Kuschakron','Hongsathon','2012-06-10','','','','','2023-10-08'),(48,'1341501548056','Pennapa','Katsiri','2012-09-08','','','','','2022-06-13'),(49,'1349901907336','MAYTASINE','Somkit','2013-04-09','','','','','2025-10-02'),(50,'1349901854844','Rungnapa','Wonnakort','2012-08-01','','','','','2023-10-08'),(51,'1209000684991','Chanticha','Kotmontre','2012-09-20','','','','','2023-10-08'),(52,'1349700434741','Nuttapong','Budsiri','2011-06-21','','','','','2025-10-02'),(53,'1103704664224','Chaninthorn','Plaojun','2011-07-17','','','','','2025-10-02'),(54,'1341501536678','Thinnaput','Santawesuk','2011-09-13','','','','','2025-10-02'),(55,'1341501541035','Wittaya','Noikhamthan','2012-01-18','','','','','2025-10-02'),(56,'1341501542783','Thinnaput','Hathawe','2012-03-18','','','','','2025-10-02'),(57,'1349901815121','Thanawut','Nakum','2012-01-09','','','','','2023-10-08'),(58,'1341501533717','Panuwut','Singhudsa','2011-06-28','','','','','2023-10-08'),(59,'1341501532788','Pongsakorn','Hathawe','2011-05-30','','','','','2023-10-08'),(60,'1219400056466','Wachirawit','Wongprasert','2011-08-06','','','','','2025-10-02'),(61,'1349700450363','Udomdet','Nakum','2012-04-24','','','','','2023-10-08'),(62,'1341501538395','Teerapong','pumassong','2011-10-28','','','','','2022-06-13'),(63,'1349901824368','Kunyarut','Kumchid','2012-02-27','','','','','2023-10-08'),(64,'1341501536015','Pimchanook','Intapa','2011-08-28','','','','','2023-10-08'),(65,'1341501521174','Jarupong','Sittisa','2010-06-26','','','','','2025-10-02'),(66,'1620900054975','Chanon','Kumtorn','2011-02-26','','','','','2022-06-13'),(67,'1347600049916','Chanchai','Weasasit','2010-12-05','','','','','2025-10-02'),(68,'1341501524777','Thanongsak','Kuadee','2010-10-04','','','','','2025-10-02'),(69,'1341501528683','Kittipum','Somkid','2011-01-21','','','','','2025-10-02'),(70,'1839400048492','Tatsanai','Singson','2010-08-11','','','','','2025-10-02'),(71,'1341501525684','Tharathap','Oupuntha','2010-10-27','','','','','2025-10-02'),(72,'1341501527156','Nunticha','Thongchum','2010-12-09','','','','','2025-10-02'),(73,'1341501527075','Rhachanon','Juntakeree','2010-12-04','','','','','2025-10-02'),(74,'1341501524700','Thitaporn','Jantaya','2010-10-04','','','','','2022-06-13'),(75,'1349901746600','Phapawarin','Krewbungkred','2011-01-25','','','','','2025-10-02'),(76,'1341501525234','Nuttaporn','Multa','2010-10-10','','','','','2023-10-08'),(77,'1349901725335','Siriluk','Rodluksa','2010-10-01','','','','','2022-06-13'),(78,'1341501531625','Sudarat','Sauvarat','2011-04-29','','','','','2025-10-02'),(79,'1341501524165','Aapisara','Hounil','2010-09-19','','','','','2022-06-13'),(80,'1349901716921','Aunchalee','Noykumtun','2010-08-20','','','','','2025-10-02'),(81,'1341501528519','ponwrdee','Chinait','2011-01-16','','','','','2022-06-13'),(82,'1342000149800','Thicha','Phromsuk','2010-10-25','','','','','2025-10-02'),(83,'1100202006660','KITSADA','KOADEE','2009-07-13','','','','','2023-10-08'),(84,'1341501515786','WITTAWAT','JARUKARN','2009-12-19','','','','','2022-06-13'),(85,'1349901678132','WORRAWET','KACHAI','2010-01-26','','','','','2023-10-08'),(86,'1341501518432','THANAPHAT','SAINATE','2010-03-18','','','','','2023-10-08'),(87,'1341501517240','Chinchon','Sewongsa','2010-02-02','','','','','2023-10-08'),(88,'1103101066988','Anusat','Mahain','2009-07-09','','','','','2023-10-08'),(89,'1341501511608','SUPAKRIT','MEEWONG','2009-07-03','','','','','2023-10-08'),(90,'1100202007364','Tanagon','Kutdee','2009-07-20','','','','','2023-10-08'),(91,'1341501510881','SUWANAN','WANNAKOTE','2009-05-29','','','','','2022-06-13'),(92,'1103101077670','NARIKA','RITPAKDEE','2009-09-22','','','','','2023-10-08'),(93,'1341501513643','RUNGNAPA','SOMCHAI','2009-09-24','','','','','2023-10-08'),(94,'1348900228256','RUNGNAPA','TUNGNOO','2010-03-06','','','','','2023-10-08'),(95,'1341501518297','SARINYA','NOIKAMTAN','2010-03-13','','','','','2022-06-13'),(96,'1329700029242','CHONNIKARN','SANYUT','2009-03-27','','','','','2022-06-13'),(97,'1341501506906','DUANGTAWAN','WANNAKHOTE','2008-11-30','','','','','2023-10-08'),(98,'1341501506540','JIRAPHAT','NORRAMART','2008-11-18','','','','','2023-10-08'),(99,'1349901612727','PORRAMIN','KRAISORN','2009-03-08','','','','','2023-10-08'),(100,'1341501507791','KIETTISAK','SOPASIM','2009-01-05','','','','','2023-10-08'),(101,'1341501502781','PRASIT','THONGORN','2008-06-16','','','','','2023-10-08'),(102,'1341501504571','PUTTIPONG','WANNASAENG','2008-08-28','','','','','2023-10-08'),(103,'1909803357417','POWIN','SRIDAJID','2008-09-16','','','','','2023-10-08'),(104,'1341501505438','SARAWUT','SUWANNA','2008-10-05','','','','','2023-10-08'),(105,'1341501505845','AKKARACHAI','JAMPACHART','2008-10-21','','','','','2023-10-08'),(106,'1341501506493','ANUSORN','SUWANNA','2008-11-16','','','','','2023-10-08'),(107,'1730201467901','WORRAMAT','EOENSAWANG','2008-01-02','','','','','2023-10-08'),(108,'1349901524275','TORSAK','THONGAOM','2007-11-13','','','','','2022-06-13'),(109,'1349901502565','THANAKRIT','PUTCHIMANON','2007-07-30','','','','','2022-06-13'),(110,'1489900609551','PARINYA','CHANJIT','2008-02-27','','','','','2022-06-13'),(111,'1349901492845','THANACHOTE','SASIPHINITPRACHA','2007-06-05','','','','','2022-06-13'),(112,'1349901513001','THANANUN','SUWANNA','2007-09-18','','','','','2022-06-13'),(113,'1341501501874','THARAMATE','HASUP','2008-05-11','','','','','2022-06-13'),(114,'1418000085440','KHUNCHIT','SUTHOWA','2007-10-07','','','','','2022-06-13'),(115,'1349901498258','CHOKETHAWEE','NOIKHAMTAN','2007-07-07','','','','','2022-06-13'),(116,'1349901514300','THAWATCHAI','WONGSAMOON','2007-09-23','','','','','2022-06-13'),(117,'1104301063193','NOPTHEERA','CHAMHAM','2007-10-15','','','','','2022-06-13'),(118,'1349901497839','NAROMGSAK','SANPHAN','2007-07-04','','','','','2022-06-13'),(119,'1349901558625','WISA','PHANKHAM','2008-05-19','','','','','2022-06-13'),(120,'1341501494819','AUNKHAN','PHARASAI','2007-08-14','','','','','2022-06-13'),(121,'1349901554441','AEKKALUK','RUAMTHAM','2008-04-21','','','','','2022-06-13'),(122,'1349901495089','NUTTHAWIKA','CHOMPOO','2007-06-19','','','','','2022-06-13'),(123,'1341501497770','PRAKRAIKWAN','UTHAI','2007-11-24','','','','','2022-06-13'),(124,'1341501502099','CHANATHINART','WANNAKHOTE','2008-05-16','','','','','2022-06-13'),(125,'1341501493162','JIDAPA','PILAKAEW','2007-06-18','','','','','2022-06-13'),(126,'1341501494916','CHUTIMA','KHOTEMONTREE','2007-08-17','','','','','2022-06-13'),(127,'1341501494274','PARICHAT','NOIKHAMTAN','2007-07-22','','','','','2022-06-13'),(128,'1341501499322','PORNNAPHA','ARUANGPETCH','2008-01-25','','','','','2022-06-13'),(129,'1349901524305','PRAIKAEW','THONGAOM','2007-11-13','','','','','2022-06-13'),(130,'1103704313561','RAKKWAN','KHAEWCHAAUM','2008-05-09','','','','','2022-06-13'),(131,'1341501498792','SURIRAT','JAMPACHAT','2008-01-08','','','','','2022-06-13'),(132,'1347600006303','KANOKSAK','WANNAKHOTE','2006-07-24','','','','','2022-06-13'),(133,'1349901435388','KAMONCHET','SRIPAN','2006-07-27','','','','','2022-06-13'),(134,'1341501486638','KITSADA','KAEWYODKONG','2006-10-13','','','','','2022-06-13'),(135,'1341501492280','KULLAWAT','JAMPACHAT','2007-05-13','','','','','2022-06-13'),(136,'1250101627731','NATTHWUT','NOIKHAMTAN','2005-12-24','','','','','2022-06-13'),(137,'1349901486705','NATTHAPHOL','PHARASAI','2007-05-03','','','','','2022-06-13'),(138,'1349901444069','THANAKORN','THONGPARN','2006-09-13','','','','','2022-06-13'),(139,'1341501488991','THEERASAK','DETMUNGKUL','2007-01-06','','','','','2022-06-13'),(140,'1341501487618','PEERAPAT','MAHAIN','2006-11-18','','','','','2022-06-13'),(141,'1341501488444','RATTHATHAMMANOON','NGARMPANYA','2006-12-10','','','','','2022-06-13'),(142,'1160301309636','SITTHISAK','SITTHISA','2007-05-12','','','','','2022-06-13'),(143,'1349901467107','JITPHOMSAK','DAENSANTHEA','2007-01-13','','','','','2022-06-13'),(144,'1349901476637','THANYALAK','LOMSUK','2007-03-07','','','','','2022-06-13'),(145,'1341501485500','PIYAPHAT','JAMPACHAT','2006-08-29','','','','','2022-06-13'),(146,'1349901481789','PAIRIN','PROMCHART','2007-04-05','','','','','2022-06-13'),(147,'1341501490155','KANONWAN','HARNSARN','2007-02-17','','','','','2022-06-13'),(148,'1349901455265','JITTRA','CHUMJAN','2006-11-10','','','','','2022-06-13'),(149,'1349901484613','HATAIRAT','SINGHUDSA','2007-04-19','','','','','2022-06-13'),(150,'1104300943122','Sitikang','Dodyun','2006-06-17','','','','','2022-06-13'),(151,'1101801470534','PANADDA','HONGSATHORN','2006-06-25','','','','','2022-06-13'),(152,'1341501492107','chiranan','chiyawan','2007-05-06','O','','','','2022-06-13'),(153,'1347600064001','','','0000-00-00','','ไทย','ไทย','พุทธ','2025-08-16');

--
-- Table structure for table `student_main_permission`
--

CREATE TABLE `student_main_permission` (
  `id` int(11) NOT NULL AUTO_INCREMENT,
  `person_id` varchar(13) NOT NULL,
  `p1` tinyint(4) NOT NULL,
  `officer` varchar(13) NOT NULL,
  `rec_date` date NOT NULL,
  PRIMARY KEY (`id`)
) ENGINE=MyISAM AUTO_INCREMENT=32 DEFAULT CHARSET=utf8 COLLATE=utf8_general_ci;

--
-- Dumping data for table `student_main_permission`
--

INSERT INTO `student_main_permission` VALUES (4,'3349700105379',1,'3349700105379','2018-10-08'),(19,'1341100197104',1,'3349700105379','2020-12-02'),(8,'3340200075570',1,'3349700105379','2019-05-21'),(9,'1340100121611',1,'3349700105379','2019-11-15'),(22,'1341590004049',1,'1341100197104','2022-11-01'),(27,'1349900231924',1,'3349700105379','2023-10-30'),(26,'1349900780791',1,'3349700105379','2023-10-30'),(30,'3349900595396',1,'3349700105379','2024-11-06'),(21,'3340701099064',1,'3349700105379','2022-02-17'),(24,'1330300169308',1,'3349700105379','2023-10-30'),(29,'3341500800173',1,'3349700105379','2024-11-06'),(28,'2340700001011',1,'3349700105379','2024-01-29'),(31,'1330400447709',1,'3349700105379','2025-06-24');

--
-- Table structure for table `system_ed_year`
--

CREATE TABLE `system_ed_year` (
  `id` int(11) NOT NULL AUTO_INCREMENT,
  `ed_year` int(11) NOT NULL,
  `active_ed_year` tinyint(4) NOT NULL,
  PRIMARY KEY (`id`),
  UNIQUE KEY `ed_year` (`ed_year`)
) ENGINE=MyISAM DEFAULT CHARSET=utf8 COLLATE=utf8_general_ci;

--
-- Dumping data for table `system_ed_year`
--


--
-- Table structure for table `system_export_list`
--

CREATE TABLE `system_export_list` (
  `id` int(11) NOT NULL AUTO_INCREMENT,
  `data_name` varchar(50) NOT NULL,
  `thai_dataname` varchar(100) NOT NULL,
  PRIMARY KEY (`id`),
  UNIQUE KEY `data_name` (`data_name`)
) ENGINE=MyISAM AUTO_INCREMENT=7 DEFAULT CHARSET=utf8 COLLATE=utf8_general_ci;

--
-- Dumping data for table `system_export_list`
--

INSERT INTO `system_export_list` VALUES (1,'person','ข้อมูลครูและบุคลากร'),(2,'student','ข้อมูลพื้นฐานนักเรียน'),(3,'onet','ผลสอบ O-NET'),(4,'plan','แผนปฏิบัติการประจำปี'),(5,'student_check','การมาเรียน'),(6,'health','สุขภาพผู้เรียน');

--
-- Table structure for table `system_export_log`
--

CREATE TABLE `system_export_log` (
  `id` int(11) NOT NULL AUTO_INCREMENT,
  `computer_ip` varchar(25) NOT NULL,
  `requester` varchar(50) NOT NULL,
  `login_time` datetime NOT NULL,
  `data` varchar(20) NOT NULL,
  PRIMARY KEY (`id`)
) ENGINE=MyISAM AUTO_INCREMENT=168 DEFAULT CHARSET=utf8 COLLATE=utf8_general_ci;

--
-- Dumping data for table `system_export_log`
--

INSERT INTO `system_export_log` VALUES (1,'61.19.124.234','amssplus','2018-09-28 16:32:18','person'),(2,'61.19.124.234','amssplus','2019-10-08 15:15:22','student_check'),(3,'122.155.223.9','amssplus','2020-03-29 20:45:44','student_check'),(4,'122.155.223.9','amssplus','2020-03-29 20:46:01','student_check'),(5,'122.155.223.9','amssplus','2020-03-29 20:46:05','student_check'),(6,'122.155.223.9','amssplus','2020-03-29 20:46:51','student_check'),(7,'122.155.223.9','amssplus','2020-03-29 20:46:53','student_check'),(8,'122.155.223.9','amssplus','2020-03-30 04:27:54','student_check'),(9,'122.155.223.9','amssplus','2020-03-30 04:27:57','student_check'),(10,'122.155.223.9','amssplus','2020-03-30 04:28:06','student_check'),(11,'122.155.223.9','amssplus','2020-03-30 04:28:10','student_check'),(12,'122.155.223.9','amssplus','2020-03-30 04:28:14','student_check'),(13,'122.155.223.9','amssplus','2020-03-30 04:28:24','student_check'),(14,'122.155.223.9','amssplus','2020-03-30 04:28:30','student_check'),(15,'122.155.223.9','amssplus','2020-03-30 04:28:32','student_check'),(16,'122.155.223.9','amssplus','2020-03-30 04:28:37','student_check'),(17,'122.155.223.9','amssplus','2020-03-30 04:28:41','student_check'),(18,'122.155.223.9','amssplus','2020-03-30 14:56:37','student_check'),(19,'122.155.223.9','amssplus','2020-08-05 10:09:32','student'),(20,'122.155.223.9','amssplus','2020-12-15 08:45:10','student_check'),(21,'122.155.223.9','amssplus','2021-01-10 20:58:39','student'),(22,'122.155.223.9','amssplus','2021-01-10 20:58:45','student'),(23,'122.155.223.9','amssplus','2021-01-10 21:31:07','student'),(24,'122.155.223.9','amssplus','2021-01-10 21:31:15','student'),(25,'192.168.1.6','amssplus','2021-05-29 11:02:58','student'),(26,'192.168.1.6','amssplus','2021-05-29 11:03:57','student'),(27,'192.168.1.6','amssplus','2021-05-29 11:54:31','student'),(28,'192.168.1.6','amssplus','2021-05-29 11:57:29','student'),(29,'192.168.1.6','amssplus','2021-05-29 11:58:30','student'),(30,'192.168.1.6','amssplus','2021-05-29 12:13:04','student'),(31,'192.168.1.6','amssplus','2021-05-29 12:22:14','student'),(32,'192.168.1.6','amssplus','2021-05-29 12:24:01','student'),(33,'192.168.1.6','amssplus','2021-05-29 12:44:09','student'),(34,'192.168.1.6','amssplus','2021-05-29 12:50:55','student'),(35,'192.168.1.6','amssplus','2021-05-29 12:57:30','student'),(36,'192.168.1.6','amssplus','2021-05-29 12:58:35','student'),(37,'192.168.1.6','amssplus','2021-05-29 14:27:48','student'),(38,'192.168.1.6','amssplus','2021-05-29 14:28:22','student'),(39,'192.168.1.6','amssplus','2021-05-29 14:28:50','student'),(40,'192.168.1.6','amssplus','2021-05-29 14:29:28','student'),(41,'192.168.1.6','amssplus','2021-05-29 14:32:01','student'),(42,'10.1.1.3','amssplus','2021-10-06 10:32:16','student'),(43,'10.1.1.3','amssplus','2022-03-16 20:20:32','student'),(44,'10.1.1.3','amssplus','2022-03-16 20:24:12','student'),(45,'10.1.1.3','amssplus','2022-03-17 10:31:22','student'),(46,'10.1.1.3','amssplus','2022-04-03 10:40:17','student'),(47,'10.1.1.3','amssplus','2022-04-03 16:50:23','student'),(48,'10.1.1.3','amssplus','2022-04-03 16:54:19','student'),(49,'10.1.1.3','amssplus','2022-09-07 14:40:48','student'),(50,'10.1.1.3','amssplus','2022-09-16 14:35:24','student'),(51,'10.1.1.3','amssplus','2022-09-16 14:38:39','student'),(52,'10.1.1.3','amssplus','2022-09-17 11:24:52','student'),(53,'','amssplus','2023-01-02 14:23:43','student_check'),(54,'','amssplus','2023-01-02 17:52:55','student_check'),(55,'','amssplus','2023-01-02 17:54:31','student_check'),(56,'','amssplus','2023-01-02 17:55:05','student_check'),(57,'10.1.1.3','amssplus','2023-01-22 00:24:58','student'),(58,'127.0.0.1','amssplus','2023-02-16 09:21:30','student_check'),(59,'127.0.0.1','amssplus','2023-02-16 09:22:09','student_check'),(60,'127.0.0.1','amssplus','2023-02-16 09:33:03','student_check'),(61,'10.1.1.3','amssplus','2023-04-05 09:48:21','student_check'),(62,'10.1.1.3','amssplus','2023-04-05 22:38:12','student_check'),(63,'10.1.1.3','amssplus','2023-04-06 10:24:16','student_check'),(64,'10.1.1.3','amssplus','2023-04-06 10:25:07','student_check'),(65,'10.1.1.3','amssplus','2023-04-06 10:47:28','student_check'),(66,'10.1.1.3','amssplus','2023-04-06 13:13:41','student_check'),(67,'10.1.1.3','amssplus','2023-06-15 10:20:23','student_check'),(68,'10.1.1.3','amssplus','2023-06-15 10:59:13','student'),(69,'10.1.1.3','amssplus','2023-06-16 15:19:34','student'),(70,'10.1.1.3','amssplus','2023-07-04 11:26:12','student'),(71,'127.0.0.1','amssplus','2023-07-09 13:17:05','student_check'),(72,'127.0.0.1','amssplus','2023-07-09 13:19:00','student_check'),(73,'127.0.0.1','amssplus','2023-07-09 13:19:47','student_check'),(74,'127.0.0.1','amssplus','2023-07-09 13:20:14','student_check'),(75,'127.0.0.1','amssplus','2023-07-09 13:20:46','student_check'),(76,'127.0.0.1','amssplus','2023-07-09 13:21:44','student_check'),(77,'127.0.0.1','amssplus','2023-07-09 13:27:59','student_check'),(78,'127.0.0.1','amssplus','2023-07-09 13:29:14','student_check'),(79,'127.0.0.1','amssplus','2023-07-09 13:31:15','student_check'),(80,'127.0.0.1','amssplus','2023-07-09 13:36:12','student_check'),(81,'127.0.0.1','amssplus','2023-07-09 13:37:19','student_check'),(82,'127.0.0.1','amssplus','2023-07-09 13:37:41','student_check'),(83,'127.0.0.1','amssplus','2023-07-09 13:39:12','student_check'),(84,'127.0.0.1','amssplus','2023-07-09 13:41:19','student_check'),(85,'127.0.0.1','amssplus','2023-07-09 13:42:41','student_check'),(86,'127.0.0.1','amssplus','2023-07-09 13:43:39','student_check'),(87,'127.0.0.1','amssplus','2023-07-09 13:47:34','student_check'),(88,'127.0.0.1','amssplus','2023-07-09 13:59:31','student_check'),(89,'127.0.0.1','amssplus','2023-07-09 14:08:15','student_check'),(90,'127.0.0.1','amssplus','2023-07-09 14:17:27','student_check'),(91,'127.0.0.1','amssplus','2023-07-11 07:58:00','student_check'),(92,'127.0.0.1','amssplus','2023-07-11 08:13:01','student_check'),(93,'127.0.0.1','amssplus','2023-07-11 08:13:52','student_check'),(94,'127.0.0.1','amssplus','2023-07-11 08:14:43','student_check'),(95,'127.0.0.1','amssplus','2023-07-26 13:59:07','student_check'),(96,'127.0.0.1','amssplus','2023-07-26 14:00:46','student_check'),(97,'127.0.0.1','amssplus','2023-07-26 14:02:21','student_check'),(98,'127.0.0.1','amssplus','2023-07-26 14:53:02','student_check'),(99,'127.0.0.1','amssplus','2023-07-26 14:58:38','student_check'),(100,'127.0.0.1','amssplus','2023-07-26 15:09:23','student_check'),(101,'127.0.0.1','amssplus','2023-07-26 15:11:14','student_check'),(102,'127.0.0.1','amssplus','2023-07-26 15:12:13','student_check'),(103,'127.0.0.1','amssplus','2023-07-26 15:18:50','student_check'),(104,'127.0.0.1','amssplus','2023-07-26 15:22:45','student_check'),(105,'127.0.0.1','amssplus','2023-07-26 15:27:36','student_check'),(106,'127.0.0.1','amssplus','2023-07-26 15:31:18','student_check'),(107,'127.0.0.1','amssplus','2023-07-26 15:32:24','student_check'),(108,'127.0.0.1','amssplus','2023-07-26 15:33:20','student_check'),(109,'127.0.0.1','amssplus','2023-07-26 15:45:57','student_check'),(110,'127.0.0.1','amssplus','2023-07-26 15:49:11','student_check'),(111,'127.0.0.1','amssplus','2023-07-26 15:51:08','student_check'),(112,'127.0.0.1','amssplus','2023-07-26 15:52:56','student_check'),(113,'127.0.0.1','amssplus','2023-07-26 15:57:27','student_check'),(114,'127.0.0.1','amssplus','2023-07-26 17:14:06','student_check'),(115,'127.0.0.1','amssplus','2023-07-26 17:19:55','student_check'),(116,'127.0.0.1','amssplus','2023-07-26 17:26:46','student_check'),(117,'127.0.0.1','amssplus','2023-07-26 17:28:22','student_check'),(118,'127.0.0.1','amssplus','2023-07-26 17:42:24','student_check'),(119,'10.1.1.3','amssplus','2023-08-24 09:05:31','student_check'),(120,'10.1.1.3','amssplus','2023-08-31 09:02:49','student_check'),(121,'10.1.1.3','amssplus','2023-08-31 09:03:19','student_check'),(122,'10.1.1.3','amssplus','2023-08-31 09:03:39','student_check'),(123,'10.1.1.3','amssplus','2023-09-15 20:10:53','student'),(124,'','amssplus','2023-10-25 14:28:44','student_check'),(125,'','amssplus','2023-10-25 14:28:47','student_check'),(126,'','amssplus','2023-10-25 14:28:48','student_check'),(127,'10.255.199.107','amssplus','2023-11-29 08:55:48','student_check'),(128,'10.255.199.107','amssplus','2023-12-15 12:15:50','student_check'),(129,'10.255.199.107','amssplus','2024-01-25 03:50:22','student_check'),(130,'10.255.199.107','amssplus','2024-03-18 08:12:19','person'),(131,'10.255.199.107','amssplus','2024-03-18 08:13:22','person'),(132,'10.255.199.107','amssplus','2024-03-18 08:14:14','person'),(133,'10.255.199.107','amssplus','2024-03-29 06:34:39','student'),(134,'10.255.199.107','amssplus','2024-06-10 11:59:53','student'),(135,'10.255.199.107','amssplus','2024-06-10 12:34:08','student'),(136,'10.255.199.107','amssplus','2024-06-14 10:46:06','student'),(137,'10.255.199.107','amssplus','2024-06-14 10:52:07','student'),(138,'10.255.199.107','amssplus','2024-06-17 04:37:32','person'),(139,'10.255.199.107','amssplus','2024-06-17 04:39:47','person'),(140,'10.255.199.107','amssplus','2024-06-20 04:51:34','student_check'),(141,'10.255.199.107','amssplus','2024-08-08 03:18:57','person'),(142,'10.255.199.107','amssplus','2024-09-19 04:12:14','student'),(143,'10.255.199.107','amssplus','2024-10-01 01:26:51','student'),(144,'10.255.199.107','amssplus','2024-10-01 01:34:32','student'),(145,'10.255.199.107','amssplus','2024-10-01 01:34:51','student'),(146,'10.255.199.107','amssplus','2024-10-01 01:35:11','student'),(147,'10.255.199.107','amssplus','2024-10-01 01:37:41','student'),(148,'10.255.199.107','amssplus','2024-10-11 07:29:00','person'),(149,'10.255.199.107','amssplus','2024-10-11 07:37:50','person'),(150,'10.255.199.107','amssplus','2024-10-11 07:39:58','person'),(151,'10.255.199.107','amssplus','2024-10-11 07:51:40','person'),(152,'10.255.199.107','amssplus','2025-03-11 07:57:43','student_check'),(153,'10.255.199.107','amssplus','2025-03-11 07:58:04','student_check'),(154,'10.255.199.107','amssplus','2025-03-28 01:48:39','student_check'),(155,'10.255.199.107','amssplus','2025-05-29 08:07:46','person'),(156,'10.255.199.107','amssplus','2025-05-29 08:14:00','person'),(157,'10.255.199.107','amssplus','2025-06-08 04:21:21','student'),(158,'10.255.199.107','amssplus','2025-06-08 04:23:10','student'),(159,'10.255.199.107','amssplus','2025-07-30 08:33:28','student_check'),(160,'10.255.199.107','amssplus','2025-08-01 22:22:45','student_check'),(161,'10.255.199.107','amssplus','2025-08-01 22:22:49','student_check'),(162,'10.255.199.107','amssplus','2025-08-14 04:06:12','person'),(163,'10.255.199.107','amssplus','2025-08-14 04:06:48','person'),(164,'10.255.199.107','amssplus','2025-08-14 04:25:30','student'),(165,'10.255.199.107','amssplus','2025-08-29 02:40:17','student_check'),(166,'10.255.199.107','amssplus','2025-09-13 05:43:36','student_check'),(167,'10.255.199.107','amssplus','2025-09-13 05:54:44','student_check');

--
-- Table structure for table `system_export_permission`
--

CREATE TABLE `system_export_permission` (
  `id` int(11) NOT NULL AUTO_INCREMENT,
  `requester` varchar(50) NOT NULL,
  `data_name` varchar(50) NOT NULL,
  `status` tinyint(4) NOT NULL DEFAULT 0,
  PRIMARY KEY (`id`)
) ENGINE=MyISAM AUTO_INCREMENT=7 DEFAULT CHARSET=utf8 COLLATE=utf8_general_ci;

--
-- Dumping data for table `system_export_permission`
--

INSERT INTO `system_export_permission` VALUES (1,'amssplus','plan',1),(2,'amssplus','onet',1),(3,'amssplus','student',1),(4,'amssplus','person',1),(5,'amssplus','student_check',1),(6,'amssplus','health',1);

--
-- Table structure for table `system_module`
--

CREATE TABLE `system_module` (
  `id` int(11) NOT NULL AUTO_INCREMENT,
  `module` varchar(50) NOT NULL,
  `module_desc` varchar(100) NOT NULL,
  `workgroup` tinyint(4) DEFAULT NULL,
  `module_active` tinyint(4) DEFAULT NULL,
  `module_order` int(11) NOT NULL,
  `web_link` tinyint(4) DEFAULT NULL,
  `url` varchar(150) DEFAULT NULL,
  `where_work` tinyint(4) NOT NULL DEFAULT 0,
  `menu_pic` varchar(25) NOT NULL,
  PRIMARY KEY (`id`),
  UNIQUE KEY `module` (`module`)
) ENGINE=MyISAM AUTO_INCREMENT=31 DEFAULT CHARSET=utf8 COLLATE=utf8_general_ci;

--
-- Dumping data for table `system_module`
--

INSERT INTO `system_module` VALUES (1,'budget','การเงินและบัญชี',2,1,21,NULL,NULL,0,'fab fa-btc'),(2,'person','ข้อมูลพื้นฐานครูและบุคลากร',3,1,27,NULL,NULL,0,'fa fa-user-circle'),(3,'standard','มาตรฐานการศึกษา',1,1,22,NULL,NULL,0,''),(4,'health','ตรวจสุขภาพนักเรียน',1,1,7,NULL,NULL,0,''),(5,'student_check','การมาเรียน',1,1,1,0,'',0,'fa fa-child'),(6,'work','﻿การปฏิบัติราชการ',4,1,45,NULL,NULL,0,''),(7,'news','﻿รายงานข่าว',4,1,51,0,'',0,''),(8,'savings','ออมทรัพย์นักเรียน',1,1,3,NULL,NULL,0,'fab fa-btc'),(9,'student_main','ข้อมูลพื้นฐานนักเรียน',1,1,5,NULL,NULL,0,'fa fa-child'),(10,'plan','การวางแผน',2,1,23,NULL,NULL,0,''),(11,'la','﻿การลา',4,1,43,NULL,NULL,0,''),(12,'mail','ไปรษณีย์_โรงเรียน',4,1,35,NULL,NULL,0,'fa fa-envelope'),(13,'meeting','﻿จองห้องประชุม',4,1,47,NULL,NULL,0,''),(14,'permission','﻿ขออนุญาตไปราชการ',4,1,41,NULL,NULL,0,''),(15,'achievement','﻿ผลสัมฤทธิ์ทางการเรียน',1,1,17,NULL,NULL,0,'fa fa-graduation-cap'),(16,'cabinet','﻿ตู้เอกสาร',4,1,49,NULL,NULL,0,''),(17,'bookregister','﻿ทะเบียนหนังสือราชการ',4,1,31,NULL,NULL,0,'fa fa-book'),(18,'affair','﻿ภารกิจผู้อำนวยการ',4,1,39,0,'',0,''),(19,'amss_bets','﻿ทดสอบการศึกษา_สพท.',1,1,9,0,'',1,'fa fa-graduation-cap'),(20,'amss_budget','﻿การบริหารงบประมาณ_สพท.',2,1,25,0,'',0,'fab fa-btc'),(21,'amss_mail','﻿ไปรษณีย์_สพท.',4,1,37,0,'',0,'fa fa-envelope'),(22,'amss_opportunity','﻿สิทธิและโอกาสทางการศึกษา',1,1,13,0,'',0,'fa fa-child'),(23,'amss_spacial_student','﻿นักเรียนพิเศษ',1,1,15,0,'',0,'fa fa-child'),(24,'amss_supervision','﻿นิเทศ ติดตาม ประเมินผล',1,1,11,0,'',0,'fa fa-graduation-cap'),(25,'book','﻿รับส่งหนังสือราชการ',4,1,33,0,'',0,'fa fa-book'),(26,'delegate','﻿รักษาการในตำแหน่ง',3,1,29,0,'',0,''),(27,'warroom','﻿วิเคราะห์สภาพการณ์',1,1,0,0,'',0,'fa fa-filter'),(28,'questionnaire','﻿แบบสอบถาม',4,1,0,0,'',0,''),(29,'idplan','﻿ข้อมูลครูและบุคลากร(ส่วนเพิ่ม)',3,1,0,0,'',0,''),(30,'amss_safety','สถานศึกษาปลอดภัย',1,1,0,0,'',0,'');

--
-- Table structure for table `system_module_admin`
--

CREATE TABLE `system_module_admin` (
  `id` int(11) NOT NULL AUTO_INCREMENT,
  `person_id` varchar(13) NOT NULL,
  `module` varchar(30) NOT NULL,
  `officer` varchar(13) NOT NULL,
  `rec_date` date NOT NULL,
  PRIMARY KEY (`id`)
) ENGINE=MyISAM AUTO_INCREMENT=93 DEFAULT CHARSET=utf8 COLLATE=utf8_general_ci;

--
-- Dumping data for table `system_module_admin`
--

INSERT INTO `system_module_admin` VALUES (2,'1341100197104','achievement','1341100197104','2023-10-03'),(43,'1341100192030','achievement','3349700105379','2018-11-08'),(5,'3240400226165','achievement','7777','2014-09-14'),(7,'3240400226165','bookregister','7777','2014-09-14'),(9,'3920300231845','budget','7777','2014-09-14'),(10,'3240400226165','budget','7777','2014-09-14'),(85,'1101500710382','budget','1101500710382','2022-07-24'),(12,'3240400226165','cabinet','7777','2014-09-14'),(13,'3341501585772','health','7777','2014-09-14'),(14,'3240400226165','health','7777','2014-09-14'),(15,'3349700105379','la','3349700105379','2018-11-08'),(16,'3240400226165','la','7777','2014-09-14'),(88,'1341590004049','book','1341100197104','2023-08-05'),(20,'3240400226165','meeting','7777','2014-09-14'),(21,'3349700105379','permission','3349700105379','2018-11-08'),(22,'3240400226165','permission','7777','2014-09-14'),(23,'1341100197104','person','1341100197104','2023-10-03'),(24,'3349700105379','plan','3349700105379','2018-11-08'),(25,'3349700105379','person','3349700105379','2018-11-08'),(26,'3240400226165','plan','7777','2014-09-14'),(27,'3341501585772','savings','3349700105379','2018-11-08'),(28,'3349700105379','savings','1341100197104','2023-10-03'),(29,'3460500001813','standard','7777','2014-09-14'),(42,'3349700105379','work','3349700105379','2018-11-08'),(31,'3349700105379','student_check','3349700105379','2018-11-08'),(32,'3240400226165','student_check','7777','2014-09-14'),(33,'3240400226165','student_main','7777','2014-09-14'),(91,'1341100197104','mail','1341100197104','2023-08-05'),(79,'1340100121611','health','7777','2022-07-24'),(77,'1341100197104','idplan','7777','2022-07-24'),(92,'1341100197104','amss_spacial_student','1341100197104','2023-10-03'),(40,'3349700105379','standard','3349700105379','2018-11-08'),(41,'1341100192030','standard','3349700105379','2018-11-08'),(84,'1341590004049','meeting','1341100197104','2023-04-07'),(78,'1341500090200','permission','7777','2022-07-24'),(86,'1101500710382','plan','1101500710382','2022-07-24'),(87,'1341100197104','health','1341100197104','2023-03-14'),(89,'1341100197104','book','1341100197104','2023-08-05'),(81,'1479900298432','amss_bets','7777','2022-07-24'),(90,'1341100197104','amss_mail','1341100197104','2023-08-05'),(83,'1341590004049','cabinet','1341100197104','2023-04-07'),(82,'1341590004049','amss_opportunity','1341100197104','2023-04-07'),(80,'1341590004049','affair','1341100197104','2023-04-07'),(75,'1341500257830','achievement','7777','2022-07-24'),(65,'3340200075570','amss_supervision','1349900416151','2019-09-12'),(61,'3340200075570','budget','1349900416151','2019-06-19'),(62,'3920300231845','la','1349900416151','2018-12-04'),(63,'3920300231845','amss_spacial_student','1349900416151','2018-12-04'),(66,'','','1349900416151','2019-09-13'),(68,'1341100197104','budget','7777','2020-11-15'),(70,'1341500090200','bookregister','7777','2022-01-06'),(71,'1341500090200','book','7777','2022-01-06'),(72,'1341100197104','savings','1341100197104','2022-07-07'),(73,'1341100197104','student_main','1341100197104','2022-07-07'),(74,'1341100197104','student_check','1341100197104','2022-07-07'),(76,'1341590004049','mail','1341100197104','2023-04-07');

--
-- Table structure for table `system_school_name`
--

CREATE TABLE `system_school_name` (
  `id` tinyint(4) NOT NULL,
  `school_name` varchar(200) NOT NULL,
  `school_type` tinyint(4) NOT NULL DEFAULT 0,
  PRIMARY KEY (`id`)
) ENGINE=MyISAM DEFAULT CHARSET=utf8 COLLATE=utf8_general_ci;

--
-- Dumping data for table `system_school_name`
--

INSERT INTO `system_school_name` VALUES (1,'โรงเรียนบ้านบุ่งมะแลง',0);

--
-- Table structure for table `system_sync_code`
--

CREATE TABLE `system_sync_code` (
  `id` tinyint(4) NOT NULL AUTO_INCREMENT,
  `office_code` varchar(10) NOT NULL,
  `system_name` varchar(50) NOT NULL,
  `sync_code` varchar(50) NOT NULL,
  `amssplus_url` varchar(100) NOT NULL,
  PRIMARY KEY (`id`),
  UNIQUE KEY `system_name` (`system_name`)
) ENGINE=MyISAM AUTO_INCREMENT=4 DEFAULT CHARSET=utf8 COLLATE=utf8_general_ci;

--
-- Dumping data for table `system_sync_code`
--

INSERT INTO `system_sync_code` VALUES (3,'34040140','amssplus','34040140','http://10.255.199.107/amssplus');

--
-- Table structure for table `system_version`
--

CREATE TABLE `system_version` (
  `id` int(11) NOT NULL AUTO_INCREMENT,
  `smss_version` varchar(100) NOT NULL,
  `status1` int(11) DEFAULT NULL,
  `status2` int(11) DEFAULT NULL,
  `status3` int(11) DEFAULT NULL,
  `status4` int(11) DEFAULT NULL,
  `status5` int(11) DEFAULT NULL,
  PRIMARY KEY (`id`)
) ENGINE=MyISAM AUTO_INCREMENT=2 DEFAULT CHARSET=utf8 COLLATE=utf8_general_ci;

--
-- Dumping data for table `system_version`
--

INSERT INTO `system_version` VALUES (1,'6.4',1,0,0,0,0);

--
-- Table structure for table `system_workgroup`
--

CREATE TABLE `system_workgroup` (
  `id` tinyint(4) NOT NULL AUTO_INCREMENT,
  `workgroup` tinyint(4) NOT NULL,
  `workgroup_desc` varchar(50) NOT NULL,
  `workgroup_order` int(11) NOT NULL,
  PRIMARY KEY (`id`),
  UNIQUE KEY `workgroup` (`workgroup`)
) ENGINE=MyISAM AUTO_INCREMENT=5 DEFAULT CHARSET=utf8 COLLATE=utf8_general_ci;

--
-- Dumping data for table `system_workgroup`
--

INSERT INTO `system_workgroup` VALUES (1,1,'บริหารวิชาการ',4),(2,2,'บริหารงบประมาณ',5),(3,3,'บริหารงานบุคคล',6),(4,4,'บริหารทั่วไป',8);

--
-- Table structure for table `work_main`
--

CREATE TABLE `work_main` (
  `id` int(11) NOT NULL AUTO_INCREMENT,
  `work_date` date NOT NULL,
  `person_id` varchar(13) NOT NULL,
  `work` tinyint(4) NOT NULL DEFAULT 0,
  `comment` varchar(150) DEFAULT NULL,
  `rec_date` datetime NOT NULL,
  `officer` varchar(13) NOT NULL,
  PRIMARY KEY (`id`),
  KEY `work_date` (`work_date`),
  KEY `person_id` (`person_id`)
) ENGINE=MyISAM AUTO_INCREMENT=47 DEFAULT CHARSET=utf8 COLLATE=utf8_general_ci;

--
-- Dumping data for table `work_main`
--

INSERT INTO `work_main` VALUES (1,'2018-10-03','3349700105379',2,NULL,'2018-10-03 10:27:38','3349700105379'),(2,'2018-11-13','3349700105379',1,NULL,'2018-11-14 11:33:25','1349900416151'),(3,'2018-11-13','3341500145841',1,NULL,'2018-11-14 11:33:25','1349900416151'),(4,'2018-11-13','3341501157029',1,NULL,'2018-11-14 11:33:25','1349900416151'),(5,'2018-11-13','3670300421434',1,NULL,'2018-11-14 11:33:25','1349900416151'),(6,'2018-11-13','3240400226165',1,NULL,'2018-11-14 11:33:25','1349900416151'),(7,'2018-11-13','3920300231845',1,NULL,'2018-11-14 11:33:25','1349900416151'),(8,'2018-11-13','3349800101162',1,NULL,'2018-11-14 11:33:25','1349900416151'),(9,'2018-11-13','3460500001813',1,NULL,'2018-11-14 11:33:25','1349900416151'),(10,'2018-11-13','3341601178702',1,NULL,'2018-11-14 11:33:25','1349900416151'),(11,'2018-11-13','3340300247798',1,NULL,'2018-11-14 11:33:25','1349900416151'),(12,'2018-11-13','3341501653107',1,NULL,'2018-11-14 11:33:25','1349900416151'),(13,'2018-11-13','3341500256694',1,NULL,'2018-11-14 11:33:25','1349900416151'),(14,'2018-11-13','3349800225180',1,NULL,'2018-11-14 11:33:25','1349900416151'),(15,'2018-11-13','3471400136688',1,NULL,'2018-11-14 11:33:25','1349900416151'),(16,'2018-11-13','3341501585772',1,NULL,'2018-11-14 11:33:25','1349900416151'),(17,'2018-11-13','3341500123287',1,NULL,'2018-11-14 11:33:25','1349900416151'),(18,'2018-11-13','1341500090200',1,NULL,'2018-11-14 11:33:25','1349900416151'),(19,'2018-11-13','1349700110261',1,NULL,'2018-11-14 11:33:25','1349900416151'),(20,'2018-11-13','1341100192030',1,NULL,'2018-11-14 11:33:25','1349900416151'),(21,'2018-11-13','1349900416151',1,NULL,'2018-11-14 11:33:25','1349900416151'),(22,'2018-11-14','3349700105379',1,NULL,'2018-11-14 11:34:33','1349900416151'),(23,'2018-11-14','3341500145841',1,NULL,'2018-11-14 11:34:33','1349900416151'),(24,'2018-11-14','3341501157029',1,NULL,'2018-11-14 11:34:33','1349900416151'),(25,'2018-11-14','3670300421434',1,NULL,'2018-11-14 11:34:33','1349900416151'),(26,'2018-11-14','3240400226165',1,NULL,'2018-11-14 11:34:33','1349900416151'),(27,'2018-11-14','3920300231845',1,NULL,'2018-11-14 11:34:33','1349900416151'),(28,'2018-11-14','3349800101162',1,NULL,'2018-11-14 11:34:33','1349900416151'),(29,'2018-11-14','3460500001813',1,NULL,'2018-11-14 11:34:33','1349900416151'),(30,'2018-11-14','3341601178702',1,NULL,'2018-11-14 11:34:33','1349900416151'),(31,'2018-11-14','3340300247798',1,NULL,'2018-11-14 11:34:33','1349900416151'),(32,'2018-11-14','3341501653107',1,NULL,'2018-11-14 11:34:33','1349900416151'),(33,'2018-11-14','3341500256694',1,NULL,'2018-11-14 11:34:33','1349900416151'),(34,'2018-11-14','3349800225180',1,NULL,'2018-11-14 11:34:33','1349900416151'),(35,'2018-11-14','3471400136688',1,NULL,'2018-11-14 11:34:33','1349900416151'),(36,'2018-11-14','3341501585772',1,NULL,'2018-11-14 11:34:33','1349900416151'),(37,'2018-11-14','3341500123287',1,NULL,'2018-11-14 11:34:33','1349900416151'),(38,'2018-11-14','1341500090200',1,NULL,'2018-11-14 11:34:33','1349900416151'),(39,'2018-11-14','1349700110261',1,NULL,'2018-11-14 11:34:33','1349900416151'),(40,'2018-11-14','1341100192030',1,NULL,'2018-11-14 11:34:33','1349900416151'),(41,'2018-11-14','1349900416151',1,NULL,'2018-11-14 11:34:33','1349900416151'),(42,'2020-11-15','3349700105379',1,NULL,'2020-11-15 09:38:54','3349700105379'),(43,'2020-11-15','1340100121611',1,NULL,'2020-11-15 09:38:54','3349700105379'),(44,'2020-11-15','3341400599123',1,NULL,'2020-11-15 09:38:54','3349700105379'),(45,'2020-11-15','1341100197104',1,NULL,'2020-11-15 09:38:54','3349700105379'),(46,'2020-11-15','1341100192030',1,NULL,'2020-11-15 09:38:54','3349700105379');

--
-- Table structure for table `work_permission`
--

CREATE TABLE `work_permission` (
  `id` int(11) NOT NULL AUTO_INCREMENT,
  `person_id` varchar(13) NOT NULL,
  `p1` tinyint(4) NOT NULL,
  `officer` varchar(13) NOT NULL,
  `rec_date` date NOT NULL,
  PRIMARY KEY (`id`)
) ENGINE=MyISAM AUTO_INCREMENT=7 DEFAULT CHARSET=utf8 COLLATE=utf8_general_ci;

--
-- Dumping data for table `work_permission`
--

INSERT INTO `work_permission` VALUES (1,'3349700105379',1,'1349900416151','2019-06-19'),(4,'1341100197104',1,'3349700105379','2021-11-09'),(5,'1341500090200',1,'3349700105379','2021-11-09'),(6,'3340701099064',1,'3349700105379','2022-06-01');


