-- Table structure for table `student_check_permission`
--

CREATE TABLE `student_check_permission` (
  `class_now` tinyint(4) NOT NULL,
  `room_now` tinyint(4) NOT NULL,
  `person_id` varchar(13) NOT NULL,
  `student_check_year` int(11) NOT NULL
) ENGINE=MyISAM DEFAULT CHARSET=utf8 COLLATE=utf8_general_ci;

--
-- Dumping data for table `student_check_permission`
--

INSERT INTO `student_check_permission` VALUES (2,1,'3341900179450',2556),(3,1,'1342500007800',2564),(5,1,'3340900184487',2556),(6,1,'3341601089556',2556),(8,1,'3349900808365',2556),(9,1,'3320102061761',2556),(1,1,'3341900179450',2561),(2,1,'3341900179450',2557),(9,1,'3349900319682',2557),(5,1,'3340900184487',2557),(6,1,'3341601089556',2557),(8,1,'3349900808365',2557),(9,1,'3320102061761',2557),(3,1,'3349800017609',2557),(2,1,'3341900179450',2561),(3,1,'3341900179450',2561),(2,1,'3331300192544',2566),(8,1,'1349900747149',2568),(6,1,'3340900184487',2561),(4,1,'1379900118915',2568),(7,1,'1341900159631',2567),(8,1,'3341501157371',2561),(3,1,'1342500007800',2563),(9,1,'3340100525662',2563),(8,1,'3341501157371',2562),(5,1,'3341600013238',2565),(3,1,'3349900977141',2562),(9,1,'1349900009156',2562),(9,1,'3340100525662',2568),(8,1,'3340100525662',2567),(4,1,'1379900118915',2567),(6,1,'1341900159631',2564),(4,1,'3331000130845',2562),(2,1,'1340400184953',2563),(3,1,'3349900977141',2563),(1,1,'3700700383334',2568),(4,1,'3331000130845',2563),(9,1,'1349900009156',2568),(7,1,'1341900159631',2568),(6,1,'3320102061761',2563),(8,1,'3341501157371',2567),(6,1,'3341100713800',2567),(8,1,'3341501157371',2563),(9,1,'1349900009156',2563),(2,1,'3331300192544',2567),(1,1,'1342500007800',2563),(2,1,'1342500007800',2563),(4,1,'3341500196501',2564),(4,1,'3331000130845',2564),(5,1,'3340100525662',2564),(5,1,'3341100713800',2564),(6,1,'3320102061761',2564),(3,1,'1349900753122',2568),(8,1,'3341501157371',2564),(3,1,'1342500007800',2567),(9,1,'1349900009156',2564),(1,1,'1349700068116',2567),(6,1,'3341100713800',2568),(2,1,'1340700077826',2565),(3,1,'1342500007800',2565),(1,1,'1341500196300',2568),(4,1,'3331000130845',2565),(8,1,'3341501157371',2568),(5,1,'3700700383334',2568),(5,1,'3340100525662',2565),(9,1,'1349900009156',2567),(6,1,'1341900159631',2565),(6,1,'3341100713800',2565),(2,1,'1341500303661',2568),(5,1,'1340700077826',2567),(8,1,'3341501157371',2565),(2,1,'3700700383334',2568),(9,1,'1349900009156',2565),(3,1,'1342500007800',2566),(3,1,'3700700383334',2568),(1,1,'1349700068116',2566),(4,1,'3700700383334',2568),(5,1,'3341500196501',2568),(6,1,'3341100713800',2566),(6,1,'3700700383334',2568),(7,1,'1349900747149',2567),(7,1,'1341900159631',2566),(7,1,'3700700383334',2568),(8,1,'3340100525662',2566),(8,1,'3700700383334',2568),(9,1,'1349900009156',2566),(9,1,'3700700383334',2568),(1,1,'3331300192544',2567),(4,1,'1379900118915',2566),(6,1,'1340700077826',2566);

--
-- Table structure for table `student_check_year`
--

CREATE TABLE `student_check_year` (
  `id` int(11) NOT NULL AUTO_INCREMENT,
  `student_check_year` int(11) NOT NULL,
  `year_active` tinyint(1) NOT NULL,
  PRIMARY KEY (`id`),
  UNIQUE KEY `student_check_year` (`student_check_year`)
) ENGINE=MyISAM AUTO_INCREMENT=11 DEFAULT CHARSET=utf8 COLLATE=utf8_general_ci;

--
-- Dumping data for table `student_check_year`
--

INSERT INTO `student_check_year` VALUES (1,2556,0),(2,2557,0),(3,2561,0),(4,2562,0),(5,2563,0),(6,2564,0),(7,2565,0),(8,2566,0),(9,2567,0),(10,2568,1);

--
-- Table structure for table `student_main`
--

CREATE TABLE `student_main` (
  `id` int(11) NOT NULL AUTO_INCREMENT,
  `student_id` varchar(7) NOT NULL,
  `student_number` int(11) DEFAULT NULL,
  `prename` varchar(20) NOT NULL,
  `name` varchar(50) NOT NULL,
  `surname` varchar(50) NOT NULL,
  `person_id` varchar(20) DEFAULT NULL,
  `sex` tinyint(4) NOT NULL DEFAULT 0,
  `pic` varchar(150) DEFAULT NULL,
  `class_now` tinyint(4) DEFAULT NULL,
  `room` tinyint(4) NOT NULL DEFAULT 0,
  `status` tinyint(4) NOT NULL DEFAULT 0,
  `out_edyear` int(11) DEFAULT NULL,
  `officer` varchar(13) NOT NULL,
  `rec_date` date NOT NULL,
  PRIMARY KEY (`id`),
  UNIQUE KEY `student_number` (`student_id`),
  KEY `class_now` (`class_now`),
  KEY `room` (`room`)
) ENGINE=MyISAM AUTO_INCREMENT=664 DEFAULT CHARSET=utf8 COLLATE=utf8_general_ci;

--
-- Dumping data for table `student_main`
--

INSERT INTO `student_main` VALUES (1,'829',1,'เด็กชาย ',' กฤษฎา  ',' ทองมา','1349901600362',1,NULL,9,1,1,2563,'3340700590775','0000-00-00'),(2,'830',2,'เด็กชาย ',' กิตติ','วงค์ทวี','1341501507805',1,NULL,9,1,1,2563,'3340700590775','0000-00-00'),(3,'831',3,'เด็กชาย ',' คมสรรค์ ','  จันธะวัตร์','1349901581988',1,NULL,9,1,1,2563,'3340700590775','0000-00-00'),(4,'832',14,'เด็กชาย ',' จรัญ  ',' ประทุมพิมพ์','1341501509662',1,NULL,9,1,1,2563,'3340700590775','0000-00-00'),(5,'833',4,'เด็กชาย ',' ฐิติวัฒน์ ','  พันธ์ยงค์','1349901603833',1,NULL,9,1,1,2563,'3340700590775','0000-00-00'),(6,'834',5,'เด็กชาย ',' ธนวัตร  ','  สุวรรณา','1349901623591',1,NULL,9,1,1,2563,'3340700590775','0000-00-00'),(278,'986',5,'เด็กชาย','นพรัตน์  ','ทะจันลา','1341501554781',1,'',9,1,1,2567,'3340700590775','2019-06-16'),(8,'836',6,'เด็กชาย ',' พีระพันธุ์ ','  บัวใหญ่','1341501504059',1,NULL,9,1,1,2563,'3340700590775','0000-00-00'),(277,'985',13,'เด็กชาย','นันทิพัฒน์ ',' อยู่คง','1347600075917',1,'',9,1,1,2567,'3341600013238','2019-06-16'),(139,'847',19,'เด็กหญิง','มาริษา','บัณกาที','1349901569015',2,'',2,1,2,2556,'3341500196501','2014-03-07'),(361,'895',17,'เด็กหญิง','ปัณณพร','จันสง่า','1349700409282',2,'',9,1,1,2564,'3340700590775','2019-06-18'),(14,'842',17,'เด็กหญิง ',' นิลรัตน์  ',' วงศ์มีแก้ว','1347600030581',2,NULL,9,1,1,2563,'3340700590775','0000-00-00'),(15,'843',15,'เด็กหญิง ',' พรทิพย์  ','  แสนทวีสุข','1349901592661',2,NULL,2,1,2,2557,'','0000-00-00'),(16,'844',18,'เด็กหญิง ',' พรนภัส  ',' สืบสิงห์','1349901573977',2,NULL,9,1,1,2563,'3340700590775','0000-00-00'),(17,'845',17,'เด็กหญิง ',' มณีริน ','  สีแดง','1349901620380',2,NULL,2,1,2,2557,'','0000-00-00'),(138,'846',18,'เด็กหญิง','มนฑิรา','แก่นจันทร์','1349700395605',2,'',2,1,2,2556,'3341500196501','2014-03-07'),(137,'839',11,'เด็กหญิง','ขนิษฐา','สำราญสุข','1349700391634',2,'',2,1,2,2556,'3341500196501','2014-03-07'),(20,'848',19,'เด็กหญิง ',' เมธาวดี  ','  ทะจันลา','1104301179442',2,NULL,9,1,1,2563,'3340700590775','0000-00-00'),(21,'849',20,'เด็กหญิง ',' วิภาวรรณ',' ไชยนา','1347600025472',2,NULL,9,1,1,2563,'3340700590775','0000-00-00'),(22,'850',21,'เด็กหญิง ',' สุทธิดา ',' วิถาระพันธ์','1341501503974',2,NULL,9,1,1,2563,'3340700590775','0000-00-00'),(23,'852',22,'เด็กหญิง ',' ไอริน  ',' แสนทวีสุข','1341501504105',2,NULL,9,1,1,2563,'3340700590775','0000-00-00'),(275,'982',3,'เด็กชาย','จักรกฤษ  ','พิลารักษ์','1349901850911',1,'',9,1,1,2567,'3341600013238','2019-06-16'),(274,'980',2,'เด็กชาย','กัตติกร ','บุเงิน','1349700467291',1,'',9,1,1,2567,'3341600013238','2019-06-16'),(26,'804',1,'เด็กชาย ',' ณัฐพนธ์  ',' ยำยวน','1347600020276',1,NULL,9,1,1,2562,'3340700590775','0000-00-00'),(28,'806',2,'เด็กชาย ',' ธรรมรัตน์',' สุดสนอง','1341501497613',1,NULL,9,1,1,2562,'3340700590775','0000-00-00'),(29,'807',3,'เด็กชาย ',' ธีรพงษ์  ','  วงศทวี','1341501499811',1,NULL,9,1,1,2562,'3340700590775','0000-00-00'),(30,'808',4,'เด็กชาย ',' นพดล  ','  สุภโกศล','1341501500053',1,NULL,9,1,1,2562,'3340700590775','0000-00-00'),(31,'809',5,'เด็กชาย ',' ภานุวัฒน์ ',' วรรณโคตร','1349901516086',1,NULL,9,1,1,2562,'3340700590775','0000-00-00'),(32,'810',6,'เด็กชาย ',' ยุทธพล','   ทะจันทา','1341501496251',1,NULL,9,1,1,2562,'3340700590775','0000-00-00'),(33,'811',7,'เด็กชาย ',' วีระพล ','  สักพงษ์','1341501500355',1,NULL,9,1,1,2562,'3340700590775','0000-00-00'),(34,'812',8,'เด็กชาย ',' ศุภวิชญ์  ','   แสนศรี','1739200017608',1,NULL,9,1,1,2562,'3340700590775','0000-00-00'),(273,'1059',35,'เด็กหญิง','สุรภา  ','อดทน','1349901914928',2,'',9,1,0,NULL,'3341600013238','2019-06-14'),(36,'814',15,'เด็กหญิง ',' ประนิดา  ','  วิมลสุข','1118700115492',2,NULL,9,1,1,2562,'3340700590775','0000-00-00'),(37,'815',16,'เด็กหญิง ',' ปรางศ์นุช  ','   บัวดก','1349901549201',2,NULL,9,1,1,2562,'3340700590775','0000-00-00'),(163,'885',2,'เด็กชาย','จรัสแสง  ','แสนทวีสุข','1341501510938',1,'',9,1,1,2564,'3340700590775','2015-01-18'),(272,'1058',36,'เด็กหญิง','สุดธิดา ',' โสภา','1341501561699',2,'',9,1,0,NULL,'3341600013238','2019-06-14'),(40,'818',18,'เด็กหญิง ',' พรพรรณ','  หล้าบุตร','1349901554778',2,NULL,9,1,1,2562,'3340700590775','0000-00-00'),(164,'886',3,'เด็กชาย','ทินกร  ','จันทร์โสภา','1341501515549',1,'',9,1,1,2564,'3340700590775','2015-01-18'),(42,'853',9,'เด็กชาย ',' จักรพงศ์ ','   ทองมา','1349901538527',1,NULL,9,1,1,2562,'3340700590775','0000-00-00'),(270,'1021',31,'เด็กหญิง','รัญชิดา  ','สาขา','1347600088741',2,'',1,1,2,2563,'3340700590775','2019-06-14'),(269,'1057',34,'เด็กหญิง','มินตรา  ','ขันคำ','1341501561257',2,'',9,1,0,NULL,'3341600013238','2019-06-14'),(268,'1056',32,'เด็กหญิง','พรกนก  ','จันปราชญ์','1839902318585',2,'',9,1,0,NULL,'3340100525662','2019-06-14'),(267,'1054',33,'เด็กหญิง','ปวีณ์ธิดา  ','ศรีลาภักดิ์','1349700470551',2,'',9,1,0,NULL,'3341600013238','2019-06-14'),(266,'1019',28,'เด็กหญิง','ปภัชญา  ','พรมชาติ','1341501554943',2,'',9,1,0,NULL,'3341600013238','2019-06-14'),(265,'1088',38,'เด็กหญิง','เนตรทิพย์  ','ชาวมูล','1341501567646',2,'',9,1,0,NULL,'3341600013238','2019-06-14'),(264,'1053',30,'เด็กหญิง','ดนยา  ','เนียมมูล','1102400290668',2,'',9,1,0,NULL,'3341600013238','2019-06-14'),(263,'1018',26,'เด็กหญิง','ณัชชานันท์  ','ลาธุลี','1347600083855',2,'',9,1,0,NULL,'3341600013238','2019-06-14'),(53,'793',53,'เด็กหญิง',' วลิสา ','  กินรา','1102900121521',2,NULL,4,1,2,2557,'','0000-00-00'),(262,'1052',31,'เด็กหญิง','ชัชชญา  ','รักษานาม','1347600087371',2,'',9,1,0,NULL,'3341600013238','2019-06-14'),(261,'1087',23,'เด็กหญิง','กันยาพร ',' ตามสีวัน','1341501558850',2,'',6,1,2,2565,'3340700590775','2019-06-14'),(574,'1369',27,'เด็กญิง','ณัฏฐ์ณิชา','บุญใบ','1341501566283',2,'',9,1,0,NULL,'3341600013238','2024-05-31'),(58,'855',58,'เด็กชาย ',' ยศพงศ์',' สุวรรณมาโจ','1499900486263',1,NULL,4,1,2,2556,'','0000-00-00'),(244,'1016',6,'เด็กชาย','ธนวรรธน์','พลประเสริฐ','1309701381772',1,'',9,1,0,NULL,'3341600013238','2019-06-12'),(245,'1024',6,'เด็กชาย','ธวัชชัย   ','ขันตรีกุล','1349700469927',1,'',4,1,2,2563,'3340700590775','2019-06-12'),(246,'1025',7,'เด็กชาย','ภาคิน  ','วรรณแสง','1349901949896',1,'',9,1,0,NULL,'3341600013238','2019-06-12'),(247,'1040',8,'เด็กชาย','ณัฐพัฒน์ ','วงทวี','1349901950258',1,'',9,1,0,NULL,'3341600013238','2019-06-12'),(248,'1041',9,'เด็กชาย','ทินภัทร  ','อบมาสุ่ย','1349700478799',1,'',1,1,2,2563,'3340700590775','2019-06-12'),(249,'1042',9,'เด็กชาย','ทิพากร  ','พูลทอง','1349901935259',1,'',9,1,0,NULL,'3341600013238','2019-06-12'),(250,'1043',10,'เด็กชาย','พัชรพล  ','คูณคง','1341501555095',1,'',9,1,0,NULL,'3341600013238','2019-06-12'),(251,'1044',11,'เด็กชาย','พรชัย  ','วงษาพรม','1341501565457',1,'',9,1,0,NULL,'3341600013238','2019-06-12'),(252,'1045',13,'เด็กชาย','ภูริภัทร  ','แสนทวีสุข','1349901946871',1,'',1,1,2,2563,'3340700590775','2019-06-12'),(253,'1046',12,'เด็กชาย','รัชชานนท์  ',' สุธรรมา','1209702846583',1,'',9,1,0,NULL,'3341600013238','2019-06-12'),(254,'1047',16,'เด็กชาย','พรมพนา','สาธุ','2349200005059',1,'',9,1,0,NULL,'3341600013238','2019-06-12'),(255,'1048',13,'เด็กชาย','อภิวัฒน์  ',' วงษาพรม','1341501565422',1,'',9,1,0,NULL,'3340700590775','2019-06-12'),(256,'1049',15,'เด็กชาย','อธิเชษฐ์  ','สาระมาศ','1349901965310',1,'',9,1,0,NULL,'3341600013238','2019-06-12'),(257,'1050',14,'เด็กชาย','ออมศิลป์  ','หลินศรี','1341501564167',1,'',9,1,0,NULL,'3341600013238','2019-06-14'),(258,'1051',17,'เด็กชาย','พชร ',' สีหนันท์','1349700473053',1,'',9,1,0,NULL,'3341600013238','2019-06-14'),(227,'1100',24,'เด็กหญิง','ปราณปรียา ','วรรณโคตร','1341501570141',2,'',8,1,0,NULL,'3341600013238','2019-06-11'),(228,'1101',25,'เด็กหญิง','ปาระวี ',' นาคหฤทัย','1341501568987',2,'',8,1,0,NULL,'3341600013238','2019-06-11'),(229,'1102',17,'เด็กหญิง','ปิยวรรณ ','วรรณแสง','1100801775687',2,'',3,1,2,2563,'3340700590775','2019-06-11'),(230,'1103',26,'เด็กหญิง','ปุริมปรัชญ์ ','หงษ์โสดา','1349901963732',2,'',8,1,0,NULL,'3341600013238','2019-06-11'),(81,'735',81,'เด็กหญิง ',' เจนจิรา  ',' จารุมูล','1341501455236',2,NULL,6,1,2,2557,'','0000-00-00'),(231,'1067',19,'เด็กหญิง','ผกาวรรณ  ','จันทะเลิศ','1341501575819',2,'',8,1,0,NULL,'3341600013238','2019-06-11'),(232,'1104',27,'เด็กหญิง','แพรววนิต ','คูณคง','1341501567760',2,'',8,1,0,NULL,'3341600013238','2019-06-11'),(233,'1068',19,'เด็กหญิง','ภัทรธิดา ','ขันตรีกุล','1347600104798',2,'',3,1,2,2564,'3340700590775','2019-06-11'),(234,'1105',22,'เด็กหญิง','ยิ่งลักษณ์ ','คงดี','1341501575177',2,'',3,1,2,2563,'3340700590775','2019-06-11'),(235,'1106',30,'เด็กหญิง','ลลิตา ','พิษพงษ์','1341501570370',2,'',8,1,0,NULL,'3341600013238','2019-06-11'),(236,'1107',28,'เด็กหญิง','วัชรพร ','ศาลารมย์','1341501575924',2,'',8,1,0,NULL,'3341600013238','2019-06-11'),(237,'1108',22,'เด็กหญิง','อธิชา ','สาระมาศ','1349902039851',2,'',8,1,0,NULL,'3341600013238','2019-06-11'),(238,'1109',29,'เด็กหญิง','อนัญญา ','แสนทวีสุข','1341501574243',2,'',8,1,0,NULL,'3341600013238','2019-06-11'),(91,'858',91,'เด็กหญิง ',' นันท์นภัส ','เกษรจันทร์','1339600083750',2,NULL,6,1,2,2556,'','0000-00-00'),(212,'1061',4,'เด็กชาย','จิรนันท์','บุญสืบ','1341501570477',1,'',8,1,0,NULL,'3341600013238','2019-06-11'),(213,'1062',6,'เด็กชาย','ทักษพร','คำแสน','1341501570906',1,'',8,1,0,NULL,'3341600013238','2019-06-11'),(214,'1091',8,'เด็กชาย','ธีรเดช','สุประเดิม','1341501572992',1,'',8,1,0,NULL,'3341600013238','2019-06-11'),(215,'1092',6,'เด็กชาย','ธีรเดช','เฉลิมรัตน์','1341501573409',1,'',2,1,2,2562,'3340700590775','2019-06-11'),(216,'1093',6,'เด็กชาย','นิติราชย์','แสนทวีสุข','1347600101080',1,'',3,1,2,2564,'3340700590775','2019-06-11'),(217,'1094',9,'เด็กชาย','ปณิธาน','ดูกแข็ง','1347600106952',1,'',8,1,0,NULL,'3341600013238','2019-06-11'),(218,'1095',10,'เด็กชาย','วุฒิภัทร ','พูลเสนา','1349902010011',1,'',8,1,0,NULL,'3341600013238','2019-06-11'),(219,'1064',7,'เด็กชาย','อัมรินทร์  ','ห่อนิล','1341501568219',1,'',8,1,0,NULL,'3341600013238','2019-06-11'),(370,'1124',20,'เด็กหญิง','มะลิวัลย์','ศักดิ์เจริญชัยกุล','1671100152396',2,'',8,1,2,2563,'3340700590775','2020-02-25'),(221,'1097',11,'เด็กชาย','เอกพล ','พิษพงษ์','1341501575703',1,'',8,1,0,NULL,'3341600013238','2019-06-11'),(223,'1099',23,'เด็กหญิง','จรัญญา','เดชมุงคุล','1341501577927',2,'',8,1,0,NULL,'3341600013238','2019-06-11'),(105,'695',105,'เด็กชาย',' กิตติพงษ์ ',' อนุชาติ','1349700295805',1,NULL,8,1,1,2557,'','0000-00-00'),(106,'696',106,'เด็กชาย ',' ณัฐสิทธิ์  ','วงษ์ประเสริฐ','1101501160548',1,NULL,8,1,1,2557,'','0000-00-00'),(107,'697',107,'เด็กชาย',' บุณยกร  ',' ทาธิษา','1341501405832',1,NULL,8,1,1,2557,'','0000-00-00'),(108,'698',108,'เด็กชาย ',' พรชัย  ',' พรชัย  ลุ่มภู','1349700294485',1,NULL,8,1,1,2557,'','0000-00-00'),(109,'699',109,'เด็กชาย ',' ศักดิ์ชัย  ','  แสนทวีสุข','1341501407959',1,NULL,8,1,1,2557,'','0000-00-00'),(110,'700',110,'เด็กหญิง',' เฉลิมขวัญ ','  ศิริประจง','1341501411077',2,NULL,8,1,1,2557,'','0000-00-00'),(111,'702',111,'เด็กหญิง ',' ชลธิชา ','ลาทวี','1209000055438',2,NULL,8,1,1,2557,'','0000-00-00'),(112,'727',112,'เด็กชาย ',' ศิริวัฒน์ ','มีวงษ์','1341501406201',1,NULL,8,1,1,2557,'','0000-00-00'),(113,'796',113,'เด็กหญิง ',' พรทิพย์',' ศักดิ์พงษ์','1341501408564',2,NULL,8,1,1,2557,'','0000-00-00'),(114,'797',114,'เด็กหญิง ',' น้ำทิพย์  ','โคตพงษ์','1349700291184',2,NULL,8,1,1,2557,'','0000-00-00'),(115,'822',115,'เด็กชาย ',' ธนพล  ','  พิมพ์รักษา','1458800006269',1,NULL,8,1,1,2557,'','0000-00-00'),(116,'828',116,'เด็กหญิง ',' นภาพร  ','สุนันทิพย์','1749900873345',2,NULL,8,1,1,2557,'','0000-00-00'),(117,'860',117,'เด็กชาย ',' นฤนาท ','บัวเทิง','1341501421544',1,NULL,8,1,1,2557,'','0000-00-00'),(210,'1060',2,'เด็กชาย','เกียรติศักดิ์','ทองมา','1349902040387',1,'',8,1,0,NULL,'3341600013238','2019-06-11'),(211,'1090',12,'เด็กชาย','กฤษติ์ดนัย','ถันทอง','1341501570159',1,'',8,1,0,NULL,'3341600013238','2019-06-11'),(149,'873',10,'เด็กชาย','อรรถพล','เสนีลาด','1349901360892',1,'',5,1,2,2557,'3341500963901','2014-09-29'),(148,'872',9,'เด็กชาย','อรรถพร','เสนีลาด','1349901360906',1,'',5,1,2,2557,'3341500963901','2014-09-29'),(271,'1089',39,'เด็กหญิง','ลัทธวรรณ  ','จันสง่า','1349700482435',2,'',9,1,0,NULL,'3341600013238','2019-06-14'),(146,'903',22,'เด็กหญิง','ธันย์ชนก','ไชยโกฎิ์','1341501499004',2,'',9,1,1,2562,'3340700590775','2014-09-29'),(145,'868',20,'เด็กหญิง','ปวัณรัตน์','ทะจันลา','1349901555391',2,'',9,1,1,2562,'3340700590775','2014-09-29'),(144,'867',19,'เด็กหญิง','ประภาศิริ','ยงยุทธ','1349901520521',2,'',9,1,1,2562,'3340700590775','2014-09-29'),(143,'881',11,'เด็กชาย','พัชรพล','หงษ์ทอง','1349901537270',1,'',9,1,1,2562,'3340700590775','2014-09-29'),(142,'869',10,'เด็กชาย','นวพล','ทาระอาธร','1329000046578',1,'',9,1,1,2562,'3340700590775','2014-09-29'),(134,'861',58,'เด็กหญิง','มยุริน','สำราญสุข','1104200555163',2,'',4,1,2,2557,'3341500196501','2014-03-07'),(162,'884',1,'เด็กชาย','จรัล','สำราญวงศ์','1341501517941',1,'',9,1,1,2564,'3340700590775','2015-01-17'),(140,'863',7,'เด็กชาย','นพรัตน์','คงฉิม','1900101643535',1,'',9,1,1,2563,'3340700590775','2014-03-07'),(224,'1073',15,'เด็กหญิง','ชมพูนุท','ทาธิสา','1347600104984',2,'',1,1,2,2563,'3340700590775','2019-06-11'),(165,'887',4,'เด็กชาย','ธณชัย ','แสนทอง','1101501439577',1,'',9,1,1,2564,'3340700590775','2015-01-18'),(241,'1010',3,'เด็กชาย','จิรายุ  ','จันทร์โสภา','1341501555290',1,'',9,1,0,NULL,'3341600013238','2019-06-12'),(242,'1014',5,'เด็กชาย','รัฐชัย ',' มะลิวรรณ','1341501561150',1,'',9,1,0,NULL,'3341600013238','2019-06-12'),(243,'1015',4,'เด็กชาย','สิทธิพงศ์  ','อุ่นเรือน','1341501563519',1,'',9,1,0,NULL,'3340700590775','2019-06-12'),(240,'1009',2,'เด็กชาย','จิรภัทร ','แก้วยอดคง ','1341501564469',1,'',9,1,0,NULL,'3341600013238','2019-06-12'),(239,'1117',13,'เด็กชาย','ณัฐวุฒิ  ','อิงชัยภูมิ','1103300325797',1,'',8,1,0,NULL,'3341600013238','2019-06-11'),(226,'1066',18,'เด็กหญิง','นุชธิชา  ','โอชา','1349700500948',2,'',8,1,0,NULL,'3341600013238','2019-06-11'),(225,'1065',20,'เด็กหญิง','ทิพวรรณ  ','สำราญวงศ์','1341501577251',2,'',8,1,0,NULL,'3341600013238','2019-06-11'),(161,'879',14,'เด็กหญิง','ดรุณี','แก้วยอดคง','1349700289759',2,'',8,1,1,2557,'3341601089556','2014-09-29'),(166,'888',11,'เด็กชาย','ธนกร  ','บุญครอบ','1341501529442',1,'',9,1,1,2565,'3340700590775','2015-01-18'),(283,'991',7,'เด็กชาย','ภัคพงษ์  ','สุขทา','1347600073876',1,'',9,1,1,2567,'3341600013238','2019-06-16'),(168,'890',6,'เด็กชาย','ปฏิพล  ','แก้วยอดคง','1349700403349',1,'',9,1,1,2564,'3340700590775','2015-01-18'),(169,'891',5,'เด็กชาย','พิทักษ์พงษ์','อุ่นรือน','1341501521891',1,'',9,1,1,2565,'3340700590775','2015-01-18'),(170,'892',7,'เด็กชาย','ยุทธนา ','ชอบดี','1341501520178',1,'',9,1,1,2565,'3340700590775','2015-01-18'),(282,'990',10,'เด็กชาย','ปวพล  ','คงทน','1209601786372',1,'',9,1,1,2567,'3341600013238','2019-06-16'),(362,'841',25,'เด็กหญิง','ชาลินี','จารุมูล','1349901622536',2,'',9,1,1,2563,'3340700590775','2019-06-18'),(173,'896',10,'เด็กหญิง ','ปริญญา  ','มีกะจิตร','1149901148089',2,'',9,1,1,2564,'3340700590775','2015-01-18'),(174,'897',11,'เด็กหญิง','พิชญธิดา  ',' ดอกพุฒ','1341501514160',2,'',9,1,1,2564,'3340700590775','2015-01-18'),(175,'898',12,'เด็กหญิง ','ศศิภา  ','มีวงษ์','1341501518246',2,'',9,1,1,2564,'3340700590775','2015-01-18'),(176,'899',13,'เด็กหญิง  ','สุชานาฎ ',' จันทวี','1341501511543',2,'',9,1,1,2564,'3340700590775','2015-01-18'),(177,'900',14,'เด็กหญิง ','ไอยลีน',' ศรไชย','1347600040854',2,'',9,1,1,2564,'3340700590775','2015-01-18'),(178,'901',15,'เด็กหญิง','อังศนา  ','คงตางาม','1341501519871',2,'',9,1,1,2564,'3340700590775','2015-01-18'),(179,'865',8,'เด็กชาย','นัฐวุฒิ  ','เดชมุงคุณ','1341501508305',1,'',9,1,1,2563,'3340700590775','2015-01-18'),(181,'883',9,'เด็กชาย','เจริญสุข  ',' ชมรส','1349700390000',1,'',9,1,1,2563,'3340700590775','2015-01-18'),(183,'909',1,'เด็กชาย','ชัยวัฒน์  ','มุกดา','1341501530301',1,'',9,1,1,2565,'3340700590775','2015-04-03'),(184,'910',2,'เด็กชาย','ทวิพร','ลุ่มภู','1349700432781',1,'',9,1,1,2565,'3340700590775','2015-04-03'),(185,'911',3,'เด็กชาย','บูรพา','วรรณแสง','1209000585585',1,'',9,1,1,2565,'3340700590775','2015-04-03'),(186,'912',4,'เด็กชาย','พิรสิทธิ์','นาบำรุง','1349901739000',1,'',9,1,1,2565,'3340700590775','2015-04-03'),(187,'913',6,'เด็กชาย','ภูวดล','จิตไธสง','1738700107711',1,'',9,1,1,2565,'3340700590775','2015-04-03'),(188,'914',8,'เด็กชาย','วรรณลภย์','เดชมุงคุณ','1341501520283',1,'',9,1,1,2565,'3340700590775','2015-04-03'),(281,'989',9,'เด็กชาย','ปิยะพงษ์  ','วงษาพรหม','1341501549443',1,'',9,1,1,2567,'3341600013238','2019-06-16'),(190,'922',17,'เด็กหญิง','ธัญชนก','แสนทอง','1629900934990',2,'',9,1,1,2565,'3340700590775','2015-04-03'),(191,'916',12,'เด็กหญิง','เกตนิกา','โพธิบา','1349700427752',2,'',9,1,1,2565,'3340700590775','2015-04-03'),(192,'917',13,'เด็กหญิง','ชาลิดา','ทะคำสอน','1341501524955',2,'',9,1,1,2565,'3340700590775','2015-04-03'),(366,'984',4,'เด็กชาย','ธนโชติ','เวชกิจ','1103101209053',1,'',9,1,1,2567,'3341600013238','2019-11-11'),(194,'918',14,'เด็กหญิง','พิชยา','คำแสน','1341501529426',2,'',9,1,1,2565,'3340700590775','2015-04-03'),(279,'987',6,'เด็กชาย','นภัทรษกร ','ไชยโกฏิ์','1118700240718',1,'',9,1,1,2567,'3340700590775','2019-06-16'),(196,'920',15,'เด็กหญิง','วิภาวดี','ลาทวี','1341901255714',2,'',9,1,1,2565,'3340700590775','2015-04-03'),(280,'988',8,'เด็กชาย','ประกาศิต ',' เดชมุงคุณ','1349901898639',1,'',9,1,1,2567,'3341600013238','2019-06-16'),(259,'996',37,'เด็กหญิง','กนกกร  ','เดชมุงคุณ  ','1341501556865',2,'',9,1,0,0,'3341600013238','2019-06-14'),(199,'924',23,'เด็กหญิง','ทิพานันท์','คำเชิด','1341501502617',2,'',9,1,1,2563,'3340700590775','2015-04-07'),(200,'925',24,'เด็กหญิง','ปนธิตา','วงษาพรหม','1341501502412',2,'',9,1,1,2563,'3340700590775','2015-04-07'),(203,'1110',2,'เด็กชาย','ณัฐพงษ์','พูลเสนา','1341501587728',1,'',7,1,0,NULL,'3341600013238','2019-06-11'),(204,'1111',4,'เด็กชาย','ธนา','สีดาจิตร','1209501350025',1,'',7,1,0,NULL,'3341600013238','2019-06-11'),(205,'1112',6,'เด็กชาย','ธิติสรรค์','สายศรีหยุด','1341501588881',1,'',7,1,0,NULL,'3341600013238','2019-06-11'),(206,'1113',4,'เด็กหญิง','รชชิตา','วงใหญ่','1339901364511',2,'',1,1,2,2563,'3340700590775','2019-06-11'),(207,'1114',18,'เด็กหญิง','รุ่งระวี','เดชมุงคุณ','1341501582751',2,'',7,1,0,NULL,'3341600013238','2019-06-11'),(208,'1115',21,'เด็กหญิง','สาธิณี','แก่นจำปา','1341501579067',2,'',8,1,0,0,'3341600013238','2019-06-11'),(209,'1116',19,'เด็กหญิง','สุภาพร','รุ่งเรือง','1341501577838',2,'',7,1,0,NULL,'3341600013238','2019-06-11'),(284,'992',11,'เด็กชาย','มงคล ',' ลาภมูล','1102200360867',1,'',9,1,1,2567,'3340700590775','2019-06-16'),(285,'994',12,'เด็กชาย','สิโรธร  ','แก่นจันทร์','1349700456841',1,'',9,1,1,2567,'3340700590775','2019-06-16'),(286,'1026',1,'เด็กชาย','ธนภูมิ','  สุขใส','1118700208415',1,'',9,1,1,2567,'3341600013238','2019-06-16'),(287,'998',25,'เด็กหญิง','จันทร์ณภา  ','บัวดก','1349901891341',2,'',9,1,1,2567,'3341600013238','2019-06-16'),(288,'999',26,'เด็กหญิง','ชนัญธิดา  ','ใจอุ่น','1349901878565',2,'',9,1,1,2567,'3341600013238','2019-06-16'),(289,'1000',18,'เด็กหญิง','ณัฐชา  ','ห่อนิล','1341501545863',2,'',9,1,1,2567,'3341600013238','2019-06-16'),(290,'1004',20,'เด็กหญิง','นิรมล  ','ธานี','1349901874764',2,'',9,1,1,2567,'3341600013238','2019-06-16'),(291,'1005',22,'เด็กหญิง','พิชญา  ','เวชคง','1341501553963',2,'',9,1,1,2567,'3341600013238','2019-06-16'),(292,'1006',21,'เด็กหญิง','พิมพ์ญาดา  ','จิตไธสง','1347600081488',2,'',9,1,1,2567,'3341600013238','2019-06-16'),(293,'1007',23,'เด็กหญิง','หทัยชนก  ','โชคนัติ','1349901871072',2,'',9,1,1,2567,'3341600013238','2019-06-16'),(294,'1008',21,'เด็กหญิง','อริสา  ','เสนีลาด','1341501554692',2,'',6,1,2,2564,'3340700590775','2019-06-16'),(295,'1038',24,'เด็กหญิง','เกตน์นิภา  ','โอชา','1349700467703',2,'',9,1,1,2567,'3341600013238','2019-06-16'),(296,'1085',27,'เด็กหญิง','ประวีณา ','วงษาเสน','1349700462434',2,'',9,1,1,2567,'3341600013238','2019-06-16'),(297,'1086',24,'เด็กหญิง','พัชริดา ','ศิริประจง','1209702758790',2,'',4,1,2,2562,'3340700590775','2019-06-16'),(298,'931',1,'เด็กชาย','คฑาวุธ  ','เพียสาระ','1341501532371',1,'',9,1,1,2566,'3340700590775','2019-06-16'),(299,'932',2,'เด็กชาย','จักรกฤษณ์  ','แสนทวีสุข','1341501536759',1,'',9,1,1,2566,'3340700590775','2019-06-16'),(300,'933',3,'เด็กชาย','จิรายุ ',' บุญสืบ','1341501542988',1,'',9,1,1,2566,'3340700590775','2019-06-16'),(301,'934',4,'เด็กชาย','ชนันธร  ','อรรถเสน','1341501543038',1,'',6,1,2,2563,'3340700590775','2019-06-16'),(302,'935',4,'เด็กชาย','ธนกริช  ','เจริญชัย','1409904050621',1,'',9,1,1,2566,'3340700590775','2019-06-16'),(303,'937',6,'เด็กชาย','ธนภัทร  ','คะสีทอง','1430201355153',1,'',6,1,2,2563,'3340700590775','2019-06-16'),(304,'938',5,'เด็กชาย','ธานากรณ์  ','ขันคำ','1341501539006',1,'',9,1,1,2566,'3340700590775','2019-06-16'),(305,'941',6,'เด็กชาย','วรากร ',' นาคสุวรรณ','1341501542252',1,'',9,1,1,2566,'3340700590775','2019-06-16'),(306,'942',7,'เด็กชาย','วราวุธ  ','เจริญสุข','1341501543291',1,'',9,1,1,2566,'3340700590775','2019-06-16'),(307,'1029',8,'เด็กชาย','ธนกร  ','ชลแดง','1349901778501',1,'',9,1,1,2566,'3340700590775','2019-06-16'),(308,'944',9,'เด็กชาย','ศุภกร  ','ทะคำสอน','1349901798952',1,'',9,1,1,2566,'3340700590775','2019-06-16'),(309,'960',12,'เด็กชาย','สุภัทร    ','มันตีเมาะ','1349700448466',1,'',5,1,2,2562,'3340700590775','2019-06-16'),(310,'940',10,'เด็กชาย','รัชกฤต  ','ชัยชาญ','1208300077690',1,'',6,1,2,2564,'3340700590775','2019-06-16'),(311,'1084',10,'เด็กชาย','ธีรภัทร์  ','สีดาจิตร','1209501287307',1,'',9,1,1,2566,'3340700590775','2019-06-16'),(312,'945',12,'เด็กหญิง','กอบแก้ว  ','ชมรส','1349700434571',2,'',9,1,1,2566,'3340700590775','2019-06-16'),(313,'946',13,'เด็กหญิง','น้ำค้าง  ','บัวบาน','1349901817728',2,'',9,1,1,2566,'3340700590775','2019-06-16'),(314,'947',14,'เด็กหญิง','เบญจวรรณ  ','วงษาลี','1341501536511',2,'',9,1,1,2566,'3340700590775','2019-06-16'),(315,'948',15,'เด็กหญิง','ปนัดดา  ','ลาทวี','1349901782819',2,'',9,1,1,2566,'3340700590775','2019-06-16'),(316,'949',16,'เด็กหญิง','ศิรดา  ','ขอคตสำโรง','1349901822675',2,'',9,1,1,2566,'3340700590775','2019-06-16'),(317,'951',17,'เด็กหญิง','อรัญญา  ','ทองแท่งใหญ่','1100801709439',2,'',8,1,2,2565,'3340700590775','2019-06-16'),(318,'1030',18,'เด็กหญิง','พัชรี  ','จอมหงษ์','1349901831861',2,'',9,1,1,2566,'3340700590775','2019-06-16'),(319,'1069',19,'เด็กหญิง','กานต์ธิดา  ','ทองโกฏิ','1459901449281',2,'',9,1,1,2566,'3340700590775','2019-06-16'),(320,'1031',20,'เด็กหญิง','กิตญาดา  ','แพงสา','1470801459952',2,'',6,1,2,2563,'3340700590775','2019-06-16'),(321,'952',9,'เด็กชาย','คุณากร  ','หาทรัพย์','1100704253426',1,'',9,1,1,2565,'3340700590775','2019-06-16'),(322,'973',10,'เด็กชาย','อาณาจักร ',' ลาธุลี','1347600054073',1,'',9,1,1,2565,'3340700590775','2019-06-16'),(323,'1082',12,'เด็กชาย','วุฒิชัย','  ทะนันไชย','1559900585465',1,'',7,1,2,2563,'3341500196501','2019-06-16'),(324,'921',16,'เด็กหญิง','สายธาร','  วงศ์มีแก้ว','1341501531226',2,'',9,1,1,2565,'3340700590775','2019-06-16'),(325,'974',18,'เด็กหญิง','จิราภรณ์  ','พฤษาบาล','1349901728440',2,'',9,1,1,2565,'3340700590775','2019-06-16'),(326,'975',19,'เด็กหญิง','สิริกร  ','รองกลาง','1341501523843',2,'',9,1,1,2565,'3340700590775','2019-06-16'),(327,'976',20,'เด็กหญิง','ปิยรัตน์  ','มุ่งงาม','1459901402179',2,'',9,1,1,2565,'3340700590775','2019-06-16'),(328,'1032',21,'เด็กหญิง','ณัฐธยาน์  ','คำบุญ','1341501529167',2,'',9,1,1,2565,'3340700590775','2019-06-16'),(329,'1033',22,'เด็กหญิง','ณัฐธิดา  ','คำบุญ','1341501529183',2,'',9,1,1,2565,'3340700590775','2019-06-16'),(330,'1034',23,'เด็กหญิง','สุทธิดา  ','วงษาพรม','1349901732820',2,'',9,1,1,2565,'3340700590775','2019-06-16'),(331,'1083',24,'เด็กหญิง','ตุลาพร  ','ตามสีวัน','1341501524696',2,'',9,1,2,2565,'3340700590775','2019-06-16'),(332,'969',5,'เด็กชาย','รุ้งตะวัน  ',' สิงห์ชอบ','1349901697102',1,'',9,1,1,2564,'3340700590775','2019-06-16'),(333,'1035',7,'เด็กชาย','ธาวิน ',' วงษาเสน','1341501511730',1,'',9,1,1,2564,'3340700590775','2019-06-16'),(334,'1076',8,'เด็กชาย','นัตพล  ','บัวดก','1341501514585',1,'',9,1,1,2564,'3340700590775','2019-06-16'),(335,'1080',9,'เด็กชาย','ชยานันต์ ','นากปัด','1349901658581',1,'',9,1,1,2564,'3340700590775','2019-06-16'),(336,'971',16,'เด็กหญิง','จิราภร  ','พิพัฒน์ธนวิชญ์','1341501517371',2,'',8,1,2,2563,'3340700590775','2019-06-16'),(337,'894',16,'เด็กหญิง','ซาร่า  ','ยงยุทธ','1349901679813',2,'',9,1,1,2564,'3340700590775','2019-06-16'),(338,'972',18,'เด็กหญิง','ลภัสรดา  ','สุพงษ์','1219901300866',2,'',8,1,2,2563,'3340700590775','2019-06-16'),(339,'1074',19,'เด็กหญิง','เพ็ญพิชชา  ','อรรถเสน','1349901624946',2,'',8,1,2,2563,'3340700590775','2019-06-16'),(340,'1081',18,'เด็กหญิง','วิไลวรรณ  ','แก้วยอดคง','1349901670948',2,'',9,1,1,2564,'3340700590775','2019-06-16'),(341,'959',10,'เด็กชาย','ภาณุวัฒน์  ',' มันตีเมาะ','1458500026311',1,'',9,1,1,2563,'3340700590775','2019-06-16'),(342,'965',11,'เด็กชาย','วีรภัทร  ','ดูกแข็ง','1341501509271',1,'',9,1,1,2563,'3340700590775','2019-06-16'),(343,'966',12,'เด็กชาย','สิรธีร์  ','แก้วกระโทก','1349901578197',1,'',9,1,1,2563,'3340700590775','2019-06-16'),(344,'1075',13,'เด็กชาย','เอกวิทย์  ','มัชฌิมะ','1349901594834',1,'',9,1,1,2563,'3340700590775','2019-06-16'),(345,'1077',15,'เด็กชาย','รวีโรจน์','  ดีแสน','1104301188808',1,'',9,1,1,2563,'3340700590775','2019-06-16'),(346,'838',16,'เด็กชาย','ศิริชัย  ',' สำราญสุข','1341501509174',1,'',9,1,1,2563,'3340700590775','2019-06-16'),(347,'954',26,'เด็กหญิง','รักคณา  ','เต็มสุวรรณ','1101801564296',2,'',9,1,1,2563,'3340700590775','2019-06-16'),(348,'968',27,'เด็กหญิง','ปุนยวี  ','คูณคง','1349901562266',2,'',9,1,1,2563,'3340700590775','2019-06-16'),(349,'1036',28,'เด็กหญิง','นภัทรชนันท์  ','เกตุแก้ว','1349901562258',2,'',9,1,1,2563,'3340700590775','2019-06-16'),(350,'953',29,'เด็กหญิง','ทิพานัน ',' ชัยชาญ','1341501506850',2,'',9,1,1,2563,'3340700590775','2019-06-16'),(351,'1078',30,'เด็กหญิง','สิริขวัญชนก  ','ไชยเชษฐ์','1139400044833',2,'',9,1,1,2563,'3340700590775','2019-06-16'),(352,'1079',31,'เด็กหญิง','โสดารัตน์ ',' โคตรสมพงษ์','1349901586921',2,'',9,1,1,2563,'3340700590775','2019-06-16'),(353,'805',12,'เด็กชาย','ธนากรณ์   ','คำเสียง','1341501502153',1,'',9,1,1,2562,'3340700590775','2019-06-16'),(354,'956',13,'เด็กชาย','เทอดศักดิ์  ','แสนทวีสุข','1341501498857',1,'',9,1,1,2562,'3340700590775','2019-06-16'),(355,'813',14,'เด็กหญิง','ณัฐนิช   ','สิทธิจินดา','1103704278987',2,'',9,1,1,2562,'3340700590775','2019-06-16'),(356,'816',17,'เด็กหญิง','อังคนิต  ',' จารุมูล','1341501501599',2,'',9,1,1,2562,'3340700590775','2019-06-16'),(357,'880',21,'เด็กหญิง','พลอยไพลิน ',' ระเวีย  ','1341501498920',2,'',9,1,1,2562,'3340700590775','2019-06-16'),(358,'928',23,'เด็กหญิง','ทิพย์วรรณ  ','วงค์พุฒ','1341501494649',2,'',9,1,1,2562,'3340700590775','2019-06-16'),(359,'955',24,'เด็กหญิง','ครองขวัญ  ','คำมณี','1409903691984',2,'',9,1,1,2562,'3340700590775','2019-06-16'),(360,'1037',25,'เด็กหญิง','ณัฐนภาร์  ','คำบุญ','1341501500819',2,'',9,1,1,2562,'3340700590775','2019-06-16'),(363,'1118',31,'เด็กหญิง','กันตพร','นาคสุวรรณ','1341501579041',2,'',8,1,0,NULL,'3341600013238','2019-09-05'),(368,'1121',7,'เด็กหญิง','ไอรลดา','บริเอก','1489500107575',2,'',1,1,2,2563,'3340700590775','2019-11-12'),(365,'1120',28,'เด็กหญิง','วริศรา','ดำพะธิก','1347600101403',2,'',4,1,2,2564,'3340700590775','2019-09-05'),(367,'1122',12,'เด็กชาย','จิรายุ','บริเอก','1489300082501',1,'',6,1,2,2563,'3340700590775','2019-11-11'),(369,'1002',28,'เด็กหญิง','ณัฐธิดา','นาคสุวรรณ์','1341501545472',2,'',9,1,1,2567,'3341600013238','2019-11-15'),(371,'1123',32,'เด็กหญิง','ดวงฤทัย','ฉาบพิมาย','1119902849986',2,'',8,1,0,NULL,'3341600013238','2020-07-03'),(372,'1126',5,'เด็กชาย','ธนโชค ','สุวรรณา','1341501599742',1,'',6,1,0,NULL,'3341600013238','2020-07-09'),(373,'1128',3,'เด็กชาย','ธีรภัทร','เจริญสุข','1209301327721',1,'',6,1,0,NULL,'3341600013238','2020-07-09'),(374,'1127',4,'เด็กชาย','ธนวรรธน์','ทองสันต์','1347600124233',1,'',6,1,0,NULL,'3341600013238','2020-07-09'),(375,'1125',6,'เด็กชาย','ณัฏฐชัย','โคตรพงษ์','1347600125353',1,'',6,1,0,NULL,'3341600013238','2020-07-09'),(376,'1151',2,'เด็กชาย','ก้องภพ','พูลสุข','1348900400067',1,'',6,1,0,NULL,'3341600013238','2020-07-09'),(377,'1156',16,'เด็กหญิง','ประภัสสร','แก้วยอดคง','1349700525711',2,'',6,1,0,NULL,'3341600013238','2020-07-09'),(378,'1136',10,'เด็กชาย','วรรณลภย์','แสงสุริยงค์','1349902102269',1,'',7,1,2,2567,'3341600013238','2020-07-09'),(379,'1137',11,'เด็กชาย','วุฒิพล','พูลเสนา','1347600118748',1,'',7,1,0,NULL,'3341600013238','2020-07-09'),(380,'1135',12,'เด็กชาย','ยศกร','รักษานาม','1347600119248',1,'',7,1,0,NULL,'3341600013238','2020-07-09'),(381,'1144',26,'เด็กหญิง','พรนัสชา','พรมนัส','1341501583471',2,'',7,1,0,NULL,'3341600013238','2020-07-09'),(382,'1142',25,'เด็กหญิง','ปภัสสร','บุญสุข','1347600111778',2,'',7,1,0,NULL,'3341600013238','2020-07-09'),(383,'1145',24,'เด็กหญิง','วรัชยา','ร่วมธรรม','1347600113274',2,'',7,1,0,NULL,'3341600013238','2020-07-09'),(384,'1140',23,'เด็กหญิง','จิตติพัฒณ์','คงตางาม','1341501589160',2,'',7,1,2,2568,'3341600013238','2020-07-09'),(385,'1143',22,'เด็กหญิง','พรทิวา','นาคสุวรรณ','1341501593418',2,'',7,1,0,NULL,'3341600013238','2020-07-09'),(386,'1141',21,'เด็กหญิง','ณัฐชา','งามสวย','1341501586128',2,'',7,1,0,NULL,'3341600013238','2020-07-09'),(387,'1138',9,'เด็กชาย','สิทธินันท์','ศรีเสริม','1341501585661',1,'',7,1,0,NULL,'3341600013238','2020-07-09'),(388,'1146',20,'เด็กหญิง','สุวิชาดา','สมไว','1419903106461',2,'',7,1,0,NULL,'3341600013238','2020-07-09'),(389,'1134',17,'เด็กชาย','ชัยวัฒน์','ไชยฤทธิ์','1807800141111',1,'',7,1,0,0,'3341600013238','2020-07-09'),(390,'1139',18,'เด็กหญิง','กันยารัตน์','เวระนะ','1341501584711',2,'',4,1,2,2565,'3340700590775','2020-07-09'),(391,'1154',8,'เด็กชาย','ชินบัญชร ','ทองอ่อน','1341501586373',1,'',7,1,0,NULL,'3341600013238','2020-07-09'),(576,'1365',17,'เด็กชาย','โชคอนันต์','น้ำผล','1341501576017',1,'',7,1,2,2567,'3341600013238','2024-06-04'),(394,'1129',18,'เด็กชาย','ภูวดล','เสาร์แก้ว','1341501561613',1,'',9,1,0,NULL,'3341600013238','2020-07-09'),(395,'1132',33,'เด็กหญิง','วีระภาพ','สกุลสุข','1349901921568',2,'',4,1,2,2563,'3340700590775','2020-07-09'),(396,'1130',40,'เด็กหญิง','ธนิดา','ยางเดี่ยว','1349700473215',2,'',9,1,0,NULL,'3341600013238','2020-07-09'),(397,'1133',41,'เด็กหญิง','อรัญญา','สีลาพร','1349700482036',2,'',9,1,0,NULL,'3341600013238','2020-07-09'),(398,'1131',45,'เด็กหญิง','วันท์วิสาข์','ไชยฤทธิ์','1807800117929',2,'',9,1,0,0,'3341600013238','2020-07-09'),(399,'1147',20,'เด็กชาย','วชิรพล','เสาร์แก้ว','1341501534691',1,'',9,1,1,2566,'3340700590775','2020-07-09'),(400,'1149',22,'เด็กหญิง','จิริญญา','จันทะเลิศ','1200601501761',2,'',6,1,2,2564,'3340700590775','2020-07-09'),(401,'1148',21,'เด็กชาย','วุฒิพงษ์','วิเวกดัง','1139700104475',1,'',9,1,1,2566,'3340700590775','2020-07-09'),(402,'1152',22,'เด็กหญิง','อัจฉราพร','พูลสุข','1348900251398',2,'',9,1,1,2566,'3340700590775','2020-07-09'),(403,'1157',17,'เด็กหญิง','กนกอร','นาคสุวรรณ','1341501536279',2,'',9,1,1,2566,'3340700590775','2020-07-09'),(404,'1150',19,'เด็กชาย','ดาณุพงษ์','สุวรรณศรี','1499900579920',1,'',8,1,2,2563,'3340700590775','2020-07-09'),(405,'1155',20,'เด็กหญิง','กัญญาวีร์','สอนคลัง','1648900123486',2,'',8,1,2,2563,'3340700590775','2020-07-09'),(406,'1158',35,'เด็กชาย','อาทิตย์','นามมั่น','1209000728289',1,'',4,1,2,2563,'3340700590775','2020-10-01'),(407,'1159',33,'เด็กหญิง','ณัฐมน','กลิ่นทุ่ง','1627900019742',2,'',8,1,0,NULL,'3341600013238','2020-10-16'),(408,'1160',20,'เด็กหญิง','พัชราภรณ์ ','หาริวร','1729800446798',2,'',6,1,2,2563,'3340700590775','2020-12-09'),(577,'1366',5,'เด็กชาย','สุกลชาติ','จันทะนาม','1349700490179',1,'',8,1,0,NULL,'3341600013238','2024-06-04'),(409,'1181',19,'เด็กหญิง','ณิชานันท์ ','ขันคำ','1349901675044',2,'',9,1,1,2564,'3340700590775','2021-06-23'),(410,'1185',25,'เด็กหญิง','อัฐภิญา','คำเชิด','1349700425636',2,'',9,1,1,2565,'3340700590775','2021-06-28'),(411,'1203',26,'เด็กหญิง','นุชนาถ','ขอพึ่งกลาง','1100704273745',2,'',9,1,1,2565,'3340700590775','2021-06-28'),(412,'1205',27,'เด็กหญิง','อัญชลีพร','ป้องภัย','1347600050019',2,'',9,1,1,2565,'3340700590775','2021-06-28'),(413,'1162',1,'เด็กชาย','กิตติพร','พฤษาบาล','1349902176009',1,'',5,1,0,NULL,'3340100525662','2021-06-28'),(414,'1164',2,'เด็กชาย','วัชรพล','ดูกแข็ง','1347600133020',1,'',5,1,0,NULL,'3340100525662','2021-06-28'),(415,'1201',3,'เด็กชาย','รังสรรค์','วรรณแสง','1341501624496',1,'',5,1,0,NULL,'3340100525662','2021-06-28'),(416,'1199',12,'เด็กหญิง','จิดาภา','ใจเด็ด','1341501624291',2,'',5,1,0,NULL,'3341600013238','2021-06-28'),(417,'1163',14,'เด็กหญิง','ฟ้าใส','บัวบาน','1341501626324',2,'',5,1,0,NULL,'3341600013238','2021-06-28'),(418,'1165',16,'เด็กหญิง','อทิตยา','อุ่นเรือน','1341501620156',2,'',5,1,0,NULL,'3341600013238','2021-06-28'),(419,'1207',17,'เด็กหญิง','กรรณิกา','สีหนันท์','1341501615535',2,'',5,1,0,NULL,'3341600013238','2021-06-28'),(420,'1196',7,'เด็กชาย','กวินภพ','น้อยคำตัน','1349902137402',1,'',6,1,0,NULL,'3341600013238','2021-06-28'),(421,'1194',12,'เด็กชาย','กิตศณะ','ศุภรักษ์','1341501594961',1,'',6,1,0,NULL,'3341600013238','2021-06-28'),(422,'1180',10,'เด็กชาย','สุปัญญา','พันมณี','1341501596697',1,'',6,1,0,NULL,'3341600013238','2021-06-28'),(423,'1179',9,'เด็กชาย','สิรวิชญ์','แก้วกระโทก','1349902137194',1,'',6,1,0,NULL,'3340100525662','2021-06-28'),(424,'1190',8,'เด็กชาย','ศุภกรณ์','สุวรรณา','1349902161991',1,'',6,1,0,NULL,'3341600013238','2021-06-28'),(425,'1173',11,'เด็กชาย','อนุชิต','วรรณแสง','1341501595411',1,'',6,1,0,NULL,'3340100525662','2021-06-28'),(426,'1209',13,'เด็กชาย','มินทนนท์','กุลวงษ์','1341501606510',1,'',6,1,0,NULL,'3341600013238','2021-06-28'),(427,'1172',27,'เด็กหญิง','กันต์ฤทัย','ชนะบุตร','1110301649160',2,'',6,1,0,NULL,'3341600013238','2021-06-28'),(428,'1182',22,'เด็กหญิง','จิราภรณ์','เดชมุงคุณ','1100801803982',2,'',6,1,0,NULL,'3341600013238','2021-06-28'),(429,'1189',20,'เด็กหญิง','ชนัญธิดา','พันที','1103705237851',2,'',6,1,0,NULL,'3341600013238','2021-06-28'),(430,'1183',23,'เด็กหญิง','ธนัชชา ','สุริโย','1341501608709',2,'',6,1,0,NULL,'3341600013238','2021-06-28'),(431,'1177',26,'เด็กหญิง','ธีรตา','มุงคุลดา','1349902133369',2,'',6,1,0,NULL,'3341600013238','2021-06-28'),(583,'1337',7,'เด็กชาย','ณัฐภัทร','แก้วสด','1341501650501',1,'',2,1,2,2567,'3341600013238','2024-06-04'),(433,'1176',25,'เด็กหญิง','พัชรพร','ดีแสน','1101000603056',2,'',6,1,0,NULL,'3341600013238','2021-06-28'),(434,'1175',24,'เด็กหญิง','ภิญญาดา','วงษาเหวก','1341501602824',2,'',6,1,0,NULL,'3341600013238','2021-06-28'),(435,'1171',28,'เด็กหญิง','วนิดา','พรมโคตร','1341501598916',2,'',6,1,0,NULL,'3341600013238','2021-06-28'),(436,'1170',29,'เด็กหญิง','วิภาวดี','วงศ์ศรี','1341501610029',2,'',6,1,0,NULL,'3341600013238','2021-06-28'),(437,'1184',18,'เด็กหญิง','วรวรรณ','วรรณแสง','1669200048113',2,'',6,1,0,NULL,'3341600013238','2021-06-28'),(438,'1187',21,'เด็กหญิง','ศกุลตลา','ทะคำสอน','1349902134217',2,'',6,1,0,NULL,'3341600013238','2021-06-28'),(439,'1178',17,'เด็กหญิง','อภิญญา','ดูกแข็ง','1347600121714',2,'',6,1,0,NULL,'3341600013238','2021-06-28'),(440,'1202',19,'เด็กหญิง','ภัทรธิดา','สีดา','1349902154897',2,'',6,1,0,NULL,'3341600013238','2021-06-28'),(441,'1191',11,'เด็กชาย','วีรภัทร','แสนทวีสุข','1347600062734',1,'',9,1,1,2566,'3340700590775','2021-06-28'),(442,'1195',29,'เด็กหญิง','ศรัญญา','ศุภรักษ์','1341501553955',2,'',9,1,1,2567,'3341600013238','2021-06-28'),(443,'1200',42,'เด็กหญิง','ภิญญดา','บุตรจันทร์','1349901906313',2,'',9,1,0,NULL,'3341600013238','2021-06-28'),(444,'1188',19,'เด็กชาย','ภูริทัศน์','สุวรรณา','1349901924885',1,'',9,1,0,NULL,'3341600013238','2021-06-28'),(573,'1368',25,'เด็กญิง','ณัฐณิชา','รัตนสถาพรผล','1347600086391',2,'',9,1,0,NULL,'3341600013238','2024-05-31'),(446,'1204',20,'เด็กชาย','เกษมสิทธิ์','ป้องภัย','1347600088776',1,'',9,1,0,NULL,'3341600013238','2021-06-28'),(447,'1193',13,'เด็กชาย','สิทธิกร','สิทธิจินดา','1341401307103',1,'',7,1,0,NULL,'3341600013238','2021-06-28'),(448,'1186',21,'เด็กชาย','ศุภกานต์','จันทะแสง','1341501594244',1,'',3,1,2,2564,'3340700590775','2021-06-28'),(449,'1174',28,'เด็กหญิง','ขวัญฤทัย','พรมตา','1349902107082',2,'',7,1,0,NULL,'3341600013238','2021-06-28'),(450,'1197',27,'เด็กหญิง','นภัทร ','พันธ์ศรี','1349902082608',2,'',7,1,0,NULL,'3341600013238','2021-06-28'),(451,'1206',29,'เด็กหญิง','ศิริภัสสร','ดุจดา','1341501591407',2,'',7,1,0,NULL,'3341600013238','2021-06-28'),(452,'1210',14,'เด็กชาย','สุทธิกานต์','บุบผาพันธ์','1138900053962',1,'',7,1,0,NULL,'3341600013238','2021-06-28'),(453,'1166',15,'เด็กชาย','นันทภพ','หอมเหาะ','1349700498137',1,'',8,1,0,NULL,'3341600013238','2021-06-28'),(454,'1167',14,'เด็กชาย','ธนวัตน์','ขุนเดช','1349902032368',1,'',8,1,0,NULL,'3341600013238','2021-06-28'),(455,'1168',16,'เด็กชาย','ชนาธิป','ขันคำ','1349700489499',1,'',8,1,0,NULL,'3341600013238','2021-06-28'),(456,'1169',33,'เด็กหญิง','วิมาลา','จันทะแสง','1849300215141',2,'',4,1,2,2564,'3340700590775','2021-06-28'),(457,'1208',34,'เด็กหญิง','ปภาวรินท์','ผลาผล','1349901094688',2,'',8,1,0,NULL,'3341600013238','2021-06-28'),(459,'919',24,'เด็กหญิง','เพ็ญนภา','ห่อนิล','1349901729578',2,'',9,1,1,2565,'3340700590775','2021-11-19'),(460,'1212',21,'เด็กชาย','สุริยาการ','ย่อมมี','1339600302605',1,'',9,1,0,NULL,'3341600013238','2021-11-19'),(461,'1213',1,'เด็กชาย','กันต์ธีร์','หงษ์โสดา','1349902278782',1,'',4,1,0,NULL,'1349700068116','2022-06-20'),(462,'1214',2,'เด็กชาย','จิรากร','บุญสืบ','1241501640122',1,'',4,1,0,NULL,'3700700383334','2022-06-20'),(463,'1215',3,'เด็กชาย','ธนพล','จันทะเลิศ','1349700573104',1,'',4,1,0,0,'3700700383334','2022-06-20'),(464,'1216',4,'เด็กชาย','ธนภัทร','สีดา','1341501630372',1,'',4,1,0,NULL,'3700700383334','2022-06-20'),(465,'1217',5,'เด็กชาย','พัทนันท์','จารุมูล','1341501631492',1,'',4,1,0,NULL,'3700700383334','2022-06-20'),(466,'1218',6,'เด็กชาย','ศักดิ์สิทธิ์','ภาเรือง','1349700557311',1,'',4,1,0,NULL,'3700700383334','2022-06-20'),(467,'1219',6,'เด็กชาย','ศิริพงษ์','คนเพียร','1341501638438',1,'',2,1,2,2566,'3340700590775','2022-06-20'),(468,'1220',7,'เด็กชาย','อธิคุณ','กลิ่นพิกุล','1349700574666',1,'',4,1,0,NULL,'3700700383334','2022-06-20'),(469,'1221',17,'เด็กหญิง','ขวัญฤดี','จันทะเลิศ','1341501631174',2,'',4,1,0,NULL,'3700700383334','2022-06-20'),(470,'1222',18,'เด็กหญิง','ชุติกาญจน์ ','สิงหาสา','1341501639574',2,'',4,1,0,NULL,'3700700383334','2022-06-20'),(471,'1223',19,'เด็กหญิง','พิมผกา','สีลาพร','1349902256321',2,'',4,1,0,NULL,'3700700383334','2022-06-20'),(472,'1235',20,'เด็กหญิง','กานต์ธิดา','ผ่องศรี','1341501629625',2,'',4,1,0,NULL,'3700700383334','2022-06-20'),(473,'1259',21,'เด็กหญิง','นลินนิภา','เชื้อหงษ์','1102170264997',2,'',4,1,0,NULL,'3700700383334','2022-06-20'),(474,'1262',14,'เด็กชาย','ธนัช','สัตยากูล','1349902267781',2,'',1,1,2,2565,'3340700590775','2022-06-20'),(475,'1224',4,'เด็กชาย','กชกร','เท้าสาร','1341501622663',1,'',2,1,2,2565,'3340700590775','2022-06-20'),(476,'1225',5,'เด็กชาย','จิรากร','ประสมหิน','1139100044773',1,'',3,1,2,2566,'3340700590775','2022-06-20'),(477,'1226',4,'เด็กชาย','ชลกร','ศาลารมย์','1341501611599',1,'',5,1,0,NULL,'3340100525662','2022-06-20'),(478,'1227',7,'เด็กชาย','ณภัทร','ยงยุทธ','1347600139338',1,'',3,1,2,2566,'3340700590775','2022-06-20'),(479,'1228',5,'เด็กชาย','ทินภัทร','พรมนัส','1341501618101',1,'',5,1,0,NULL,'3340100525662','2022-06-20'),(480,'1229',6,'เด็กชาย','ธนาศักดิ์','รองกลาง','1349902214687',1,'',5,1,0,NULL,'3340100525662','2022-06-20'),(481,'1230',10,'เด็กชาย','นฤบดินทร์','ศุภะดี','1219901708458',1,'',3,1,2,2566,'3340700590775','2022-06-20'),(482,'1231',7,'เด็กชาย','ปุณณวรรธน์ ','วงทวี','1341501625603',1,'',5,1,0,NULL,'3340700590775','2022-06-20'),(483,'1232',12,'เด็กชาย','ภัทรพล   ','มาลัยหอม','1103705348539',1,'',3,1,2,2566,'3340700590775','2022-06-20'),(484,'1233',8,'เด็กชาย','มรุเดช  ','โคตพงษ์','1341501622078',1,'',5,1,0,NULL,'3340700590775','2022-06-20'),(485,'1234',9,'เด็กชาย','ศุภนันท์   ','พรมดี','1349902179962',1,'',5,1,0,NULL,'3340700590775','2022-06-20'),(585,'1339',11,'เด็กชาย','ธนธรณ์','พุ่มเพชร','1349700576413',1,'',3,1,0,NULL,'1349700068116','2024-06-04'),(487,'1236',18,'เด็กหญิง','จิรภิญญา  ','วงศ์ษา','1341501623767',2,'',5,1,0,NULL,'3341600013238','2022-06-20'),(488,'1237',21,'เด็กหญิง','ณัฐธิดา  ','ศรีจันทะ','1343200044476',2,'',2,1,2,2565,'3340700590775','2022-06-20'),(489,'1238',19,'เด็กหญิง','ณัฐยาพร  ','ศุภดล','1349902193175',2,'',5,1,0,NULL,'3341600013238','2022-06-20'),(490,'1239',20,'เด็กหญิง','พิมพ์นิภา  ','สามิลา','1341501611351',2,'',5,1,0,NULL,'3341600013238','2022-06-20'),(491,'1240',21,'เด็กหญิง','สุพาทิพย์  ','แสนทวีสุข','1349902220628',2,'',5,1,0,NULL,'3341600013238','2022-06-20'),(492,'1241',13,'เด็กหญิง','สุภาวดี   ','ลาภลึก','1341501612579',2,'',5,1,0,0,'3341600013238','2022-06-20'),(493,'1242',22,'เด็กหญิง','อนุสนิยา ',' ทองผล','1341501618038',2,'',5,1,0,NULL,'3341600013238','2022-06-20'),(494,'1243',23,'เด็กหญิง','อังคาร  ','รุ่งเรือง','1341501623961',2,'',5,1,0,NULL,'3341600013238','2022-06-20'),(495,'1244',24,'เด็กหญิง','อัญธิดา  ','ลาทวี','1341501612757',2,'',5,1,0,NULL,'3341600013238','2022-06-20'),(496,'1260',4,'เด็กหญิง','เกวลิน','เพ็ญพิมพ์','1341501621004',2,'',3,1,2,2566,'3340700590775','2022-06-20'),(497,'1245',28,'เด็กชาย','นพดล  ','สุริยะวงศ์','0020061082007',1,'',3,1,2,2565,'3340700590775','2022-06-20'),(498,'1246',14,'เด็กชาย','ปาณัท  ',' แสนทวีสุข','1349902112949',1,'',6,1,0,NULL,'3341600013238','2022-06-20'),(499,'1248',30,'เด็กหญิง','ปิยธิดา ',' แก้วดวงงาม','1341501618542',2,'',6,1,0,NULL,'3340700590775','2022-06-20'),(500,'1249',31,'เด็กหญิง','มณีรัตน์   ','บริบูรณ์','1347600129146',2,'',6,1,0,NULL,'3340700590775','2022-06-20'),(501,'1250',32,'เด็กหญิง','อัญชลี  ','ศิริประจง','1749901604135',2,'',3,1,2,2565,'3340700590775','2022-06-20'),(502,'1261',30,'เด็กหญิง','นันทพร','ศิลป์นอก','1341501592128',2,'',7,1,0,NULL,'3341600013238','2022-06-20'),(503,'1251',22,'เด็กชาย','ชนกชนม์    ','แสนทวีสุข','1349901978543',1,'',9,1,0,NULL,'3341600013238','2022-06-20'),(504,'1258',23,'เด็กชาย','ธนธร','ธานี','1349901925288',1,'',9,1,0,NULL,'3341600013238','2022-06-20'),(505,'1252',14,'เด็กชาย','กวินภพ ',' ไชยดา','1449901063153',1,'',9,1,1,2567,'3341600013238','2022-06-20'),(506,'1253',15,'เด็กชาย','เรวัฒน์  ',' บริบูรณ์','1349901913697',1,'',9,1,1,2567,'3341600013238','2022-06-20'),(507,'1254',27,'เด็กหญิง','นุสศรา  ','โสภาวาง','1659902719832',2,'',8,1,2,2566,'3340700590775','2022-06-20'),(508,'1255',28,'เด็กหญิง','ณิชา   ','แสนทวีสุข','1349700431563',2,'',9,1,1,2565,'3340700590775','2022-06-20'),(509,'1256',29,'เด็กหญิง','ปรมาภรณ์  ','เชื้อแดงดี','1770300194511',2,'',9,1,2,2565,'3340700590775','2022-06-20'),(510,'1257',30,'เด็กหญิง','ปลายพระยา  ',' องอาจ','1100704216296',2,'',9,1,2,2565,'3340700590775','2022-06-20'),(580,'1367',3,'เด็กชาย','สมโชค','เดสี','1348900379599',1,'',7,1,0,NULL,'3341600013238','2024-06-04'),(513,'1265',15,'เด็กชาย','อิทธิพล','จินาพร','1349902064545',1,'',7,1,0,NULL,'3341600013238','2023-01-26'),(514,'1266',43,'เด็กหญิง','จิรกรานต์ ','จินาพร','1349901973797',2,'',9,1,0,NULL,'3341600013238','2023-01-26'),(516,'1268',32,'เด็กหญิง','วรัญญา','บรรลังกุล','1347600123954',2,'',6,1,0,NULL,'3341600013238','2023-01-26'),(517,'1312',5,'เด็กชาย','ธีรวัชร์','คงดี','1349902309921',1,'',3,1,0,NULL,'1349700068116','2023-06-11'),(518,'1269',1,'เด็กชาย','ฐิติภัทร','คำเชิด','1341501652481',1,'',3,1,0,NULL,'1349700068116','2023-06-11'),(519,'1270',2,'เด็กชาย','วชิรวิทย์','วรรณโครต','1349902287005',1,'',3,1,0,NULL,'1349700068116','2023-06-11'),(520,'1277',8,'เด็กชาย','ธนพล','พิษพงษ์','1343200044506',1,'',4,1,0,NULL,'3700700383334','2023-06-11'),(566,'1320',6,'เด็กหญิง','ประภัสสร ','โมฬีชาติ','1341501652198',2,'',3,1,0,NULL,'1349700068116','2024-01-23'),(523,'1274',3,'เด็กหญิง','ลักษิกา','ผิวทอง','1729901167835',2,'',3,1,0,NULL,'1349700068116','2023-06-11'),(581,'1335',8,'เด็กชาย','จิตติพัฒน์','จะมีลำ','1749901724866',1,'',3,1,0,NULL,'1349700068116','2024-06-04'),(525,'1296',4,'เด็กหญิง','กชนิภา','ย่อมมี','1339901550055',2,'',3,1,0,NULL,'1349700068116','2023-06-11'),(579,'1364',7,'เด็กชาย','ศักดากร','คำเชิด','1341501588449',1,'',7,1,0,NULL,'3341600013238','2024-06-04'),(527,'1308',15,'เด็กชาย','วงศธร','หล้าบุตร','1341501630291',1,'',4,1,0,NULL,'3700700383334','2023-06-11'),(528,'1314',16,'เด็กชาย','สุภวัฒน์','คงงาม','1341501641269',1,'',4,1,0,NULL,'3700700383334','2023-06-11'),(584,'1338',10,'เด็กชาย','เตชินท์','แสนทวีสุข','1341501649235',1,'',3,1,0,NULL,'1349700068116','2024-06-04'),(530,'1280',10,'เด็กชาย','บารมี','โทพิลา','1341501635889',1,'',3,1,2,2568,'3341600013238','2023-06-11'),(531,'1281',11,'เด็กชาย','ปภาวิน','สมไว','1349700573261',1,'',4,1,0,NULL,'1349700068116','2023-06-11'),(569,'1323',1,'เด็กชาย','ธนเดช','บุญธรรม','1347300020653',1,'',9,1,0,NULL,'3341600013238','2024-01-23'),(533,'1282',12,'เด็กชาย','พชฏ','บุญครอง','1419903340448',1,'',4,1,0,NULL,'1349700068116','2023-06-11'),(534,'1284',13,'เด็กชาย','รัชชานนท์','ขันคำ','1349700564491',1,'',4,1,0,0,'3700700383334','2023-06-11'),(535,'1278',9,'เด็กชาย','ธนภัทร','เจริญชัย','1402400084127',1,'',4,1,0,0,'3700700383334','2023-06-11'),(536,'1285',15,'เด็กชาย','รัชชานนท์','วรรณแสง','1349902262991',1,'',4,1,2,2568,'1349700068116','2023-06-11'),(537,'1286',14,'เด็กชาย','ราชินทร์','เกิดเจริญ','1341501629871',1,'',4,1,0,NULL,'3700700383334','2023-06-11'),(538,'1310',27,'เด็กหญิง','ธรรนยพร','ภูมิคง','1341501640751',2,'',4,1,0,NULL,'3700700383334','2023-06-11'),(539,'1287',22,'เด็กหญิง','เขมจิรา','พรมตา','1349902253640',2,'',4,1,0,NULL,'3700700383334','2023-06-11'),(540,'1288',23,'เด็กหญิง','โชติกา','วรรรณโคตร','1341501632341',2,'',4,1,0,NULL,'3700700383334','2023-06-11'),(541,'1289',29,'เด็กหญิง','ณัฏฐณิชา','ผลาผล','1349902276810',2,'',4,1,0,NULL,'3700700383334','2023-06-11'),(542,'1290',24,'เด็กหญิง','ณัฐณิชา','แสงสว่าง','1349700575611',2,'',4,1,0,NULL,'3700700383334','2023-06-11'),(543,'1291',28,'เด็กหญิง','ตุลยดา','พรมทอง','1341501633371',2,'',4,1,0,NULL,'3341600013238','2023-06-11'),(544,'1293',26,'เด็กหญิง','ปภาดา','โกลีย์','1341501637199',2,'',4,1,0,NULL,'3700700383334','2023-06-11'),(578,'1363',5,'เด็กชาย','ทิวากรณ์','จันทร์คุณยงค์','1347600117504',1,'',7,1,0,NULL,'3341600013238','2024-06-04'),(546,'1295',10,'เด็กชาย','ธีรยุทธ','บุญใบ','1341501620164',1,'',5,1,2,2568,'3341600013238','2023-06-11'),(547,'1315',11,'เด็กหญิง','อมรภัค','สิงห์ชอบ','1341501624348',2,'',5,1,0,NULL,'3341600013238','2023-06-11'),(548,'1275',15,'เด็กชาย','มหิดล','ส่วนบุญ','1349700529768',1,'',6,1,0,NULL,'3341600013238','2023-06-11'),(582,'1336',9,'เด็กชาย','โชคอนันต์','เดสี','1348900518751',1,'',3,1,0,NULL,'1349700068116','2024-06-04'),(550,'1297',16,'เด็กชาย','ธนกร','คำเชิด','1349902108968',1,'',7,1,0,NULL,'3341600013238','2023-06-11'),(551,'1307',1,'เด็กชาย','ธนา','อาภรศรี','1348500174183',1,'',8,1,0,NULL,'3341600013238','2023-06-11'),(552,'1298',17,'เด็กชาย','ธนากร','นุชประดิษฐ์','1719900972181',1,'',8,1,0,NULL,'3341600013238','2023-06-11'),(553,'1299',35,'เด็กหญิง','ณิชารีย์','ชาบัวคำ','1341501571864',2,'',8,1,0,NULL,'3341600013238','2023-06-11'),(554,'1300',36,'เด็กหญิง','สุณัฐชา','บุตรวงค์','1341501577111',2,'',8,1,0,NULL,'3341600013238','2023-06-11'),(555,'1302',24,'เด็กชาย','นพเก้า','แสนทวีสุข','1341501557659',1,'',9,1,0,NULL,'3341600013238','2023-06-11'),(556,'1301',44,'เด็กหญิง','ชไมพร','นากปัด','1341501558116',2,'',9,1,0,NULL,'3341600013238','2023-06-11'),(558,'1303',16,'เด็กชาย','ภาคิน','เพียรสูงเนิน','1306600079032',1,'',9,1,1,2567,'3341600013238','2023-06-11'),(559,'1316',17,'เด็กหญิง','เปมิกา','ประไพ','1349901880322',2,'',9,1,1,2567,'3341600013238','2023-06-11'),(572,'1371',19,'เด็กญิง','ณัฐชรัช','รัตนสถาพรผล','1347600076565',2,'',9,1,1,2567,'3341600013238','2024-05-31'),(561,'1306',30,'เด็กหญิง','ปิ่นประกาย','โทพิลา','1248100104961',2,'',9,1,2,2568,'3341600013238','2023-06-11'),(562,'1304',31,'เด็กหญิง','กวิศรา','นุชประดิษฐ์','1719200065106',2,'',9,1,1,2567,'3341600013238','2023-06-11'),(563,'1313',1,'เด็กชาย','ธนวัฒน์','คำลาจันทร์','1348900421889',1,'',6,1,2,2568,'3341600013238','2023-09-04'),(564,'1318',3,'เด็กชาย','ภูวดล','เงินหมื่น','1341501572704',1,'',8,1,0,NULL,'3341600013238','2023-09-04'),(627,'1322',1,'เด็กชาย','เต็มศักดิ์','สังข์ศรีอินทร์','1209601941360',1,'',7,1,0,NULL,'1349700068116','2024-11-08'),(567,'1321',7,'เด็กหญิง','ปนิดา','โพศิริ','1341501647607',2,'',3,1,0,NULL,'1349700068116','2024-01-23'),(568,'1324',4,'เด็กชาย','พัชรพล','พลโพธิ์','1309904746741',1,'',5,1,2,2568,'3341600013238','2024-01-23'),(571,'1098',37,'เด็กหญิง','กชกร','นาคสุวรรณ','1347600106987',2,'',8,1,0,NULL,'3341600013238','2024-01-25'),(575,'1370',29,'เด็กญิง','ณัฏฐ์ชญา','บุญใบ','1341501566275',2,'',9,1,0,NULL,'3341600013238','2024-05-31'),(586,'1340',12,'เด็กชาย','ธาวิน','สารบรรณ์','1341501653119',1,'',3,1,0,NULL,'1349700068116','2024-06-04'),(587,'1341',13,'เด็กชาย','นันทิพัฒน์','ชัยราช','1341501653313',1,'',3,1,0,NULL,'1349700068116','2024-06-04'),(588,'1342',14,'เด็กชาย','นพกร','แสวงวงค์','1349902329409',1,'',3,1,0,NULL,'1349700068116','2024-06-04'),(589,'1343',15,'เด็กชาย','นพรัตน์','ปล้นรัมย์','1341501657483',1,'',3,1,0,NULL,'1349700068116','2024-06-04'),(590,'1345',16,'เด็กชาย','พชร','ดุษฎีเวทกุล','1349902310431',1,'',3,1,0,NULL,'1349700068116','2024-06-04'),(591,'1346',17,'เด็กชาย','พงศธร','วงค์ทวี','1341501652112',1,'',3,1,0,NULL,'1349700068116','2024-06-04'),(592,'1347',18,'เด็กชาย','พรลภัทร','คำเชิด','1341501656291',1,'',3,1,0,NULL,'1349700068116','2024-06-04'),(593,'1348',19,'เด็กชาย','วันทยากร','โสภา','1102005020556',1,'',3,1,0,NULL,'1349700068116','2024-06-04'),(594,'1349',20,'เด็กชาย','วีระยุทธ','ทองค่ำ','1349902296161',1,'',3,1,0,NULL,'1349700068116','2024-06-04'),(595,'1350',21,'เด็กชาย','สิริณัฏฐ์','ดูกแข็ง','1349902295113',1,'',3,1,0,NULL,'1349700068116','2024-06-04'),(596,'1351',22,'เด็กชาย','สุรัตน์','วาจาสัตย์','1341501653101',1,'',3,1,0,NULL,'1349700068116','2024-06-04'),(597,'1352',23,'เด็กชาย','สุริโย','เดชมงคล','1749901731811',1,'',3,1,0,NULL,'1349700068116','2024-06-04'),(598,'1353',24,'เด็กชาย','อัครวินท์','สุธรรมา','1209703319552',1,'',3,1,0,NULL,'1349700068116','2024-06-04'),(599,'1354',27,'เด็กญิง','กนกรดา','สิงหาภู','1341501643202',2,'',2,1,2,2568,'3341600013238','2024-06-04'),(600,'1355',25,'เด็กญิง','กชกร','ศรีลารักษ์','1341501653348',2,'',3,1,0,NULL,'1349700068116','2024-06-04'),(601,'1356',26,'เด็กญิง','ฐานิดา','สมบัติวงศ์','1341501652856',2,'',3,1,0,NULL,'1349700068116','2024-06-04'),(602,'1357',27,'เด็กญิง','ณัฏฐิกา','ทองลอง','1347600157182',2,'',3,1,0,NULL,'1349700068116','2024-06-04'),(603,'1358',28,'เด็กญิง','ธิดาวรรณ','ขุนเดช','1349902330148',2,'',3,1,0,NULL,'1349700068116','2024-06-04'),(604,'1359',32,'เด็กญิง','แพรวา','กระจ่างวงค์','1103705582850',2,'',3,1,2,2567,'1349700068116','2024-06-04'),(605,'1361',29,'เด็กญิง','วันเพ็ญ','อาริกุล','1341501650390',2,'',3,1,0,NULL,'1349700068116','2024-06-04'),(606,'1375',28,'เด็กญิง','บุญยดา','สารีอาจ','1349700567872',2,'',4,1,0,NULL,'3700700383334','2024-06-04'),(607,'1325',1,'เด็กชาย','คณพินญ์','ศักดิ์พงษ์','1346400009201',1,'',2,1,0,NULL,'1349700068116','2024-06-04'),(608,'1326',2,'เด็กชาย','จีรยุทธ','ลาภลึก','1343400005248',1,'',2,1,0,NULL,'1349700068116','2024-06-04'),(609,'1327',3,'เด็กชาย','ธนพล','หอมเย็น','1343400008492',1,'',2,1,0,NULL,'1349700068116','2024-06-04'),(610,'1328',4,'เด็กชาย','นภัสกร','มีวงษ์','1346400013585',1,'',2,1,0,NULL,'1349700068116','2024-06-04'),(611,'1329',5,'เด็กชาย','ภูมิพัฒน์','วงษาเหวก','1346400006678',1,'',2,1,0,NULL,'1349700068116','2024-06-04'),(612,'1372',9,'เด็กชาย','ณัฐภูมินทร์','เทียกสม','1346400002109',1,'',2,1,0,NULL,'1349700068116','2024-06-04'),(613,'1373',7,'เด็กชาย','วรวัฒน์','คุ้มสกุล','1739300071272',1,'',1,1,2,2567,'3341600013238','2024-06-04'),(614,'1330',10,'เด็กญิง','พัชรพร','ศรีแสง','1349700611766',2,'',2,1,2,2567,'1349700068116','2024-06-04'),(615,'1331',6,'เด็กญิง','มะลิ','มะลิวัลย์','1346400011744',2,'',2,1,0,NULL,'1349700068116','2024-06-04'),(616,'1332',7,'เด็กญิง','มีนารา','พิมงาม','1343200044646',2,'',2,1,0,NULL,'1349700068116','2024-06-04'),(617,'1333',8,'เด็กญิง','วัลย์ณี','ภาเรือง','1349700596732',2,'',2,1,0,NULL,'1349700068116','2024-06-04'),(618,'1334',12,'เด็กญิง','อาลิสา','จันทะเลิศ','1349902367513',2,'',1,1,2,2567,'3341600013238','2024-06-04'),(619,'1377',10,'เด็กชาย','วีรวัฒน์','วิชาสี','1440601463646',1,'',2,1,0,NULL,'1349700068116','2024-06-04'),(620,'1378',11,'เด็กชาย','ธณพัฒน์','แซ่ด่าน','1346400003709',1,'',2,1,0,0,'1349700068116','2024-06-04'),(621,'1379',12,'เด็กชาย','สิทธิโชค','รอดจันทร์','1101801861541',1,'',2,1,0,NULL,'1349700068116','2024-06-04'),(625,'1382',15,'เด็กญิง','ณัฐธิชา','แสนสี','1349700543809',2,'',5,1,0,NULL,'1349700068116','2024-11-08'),(623,'1374',30,'เด็กชาย','ณัชพล','กุละวงศ์','1103705513424',1,'',3,1,0,NULL,'1349700068116','2024-06-24'),(624,'1380',24,'เด็กชาย','กฤตเมธ','โชคนัติ','1347600152580',1,'',4,1,2,2568,'3341600013238','2024-06-24'),(626,'1211',31,'เด็กญิง','ชไมพร','โชคนัติ','1220900070354',2,'',7,1,0,NULL,'1349700068116','2024-11-08'),(628,'1390',1,'เด็กชาย','ธนกฤต','อาริกุล','1346400018692',1,'',1,1,0,NULL,'1349700068116','2025-07-14'),(629,'1391',2,'เด็กชาย','นพณัฐ','แสวงวงค์','1346400024269',1,'',1,1,0,NULL,'1349700068116','2025-07-14'),(630,'1392',3,'เด็กชาย','ปกรณ์กิตติ์','หาญกิ่ง','1347600170642',1,'',1,1,0,NULL,'1349700068116','2025-07-14'),(631,'1393',4,'เด็กชาย','พชร','เพ็ญพิมพ์','1409904971590',1,'',1,1,0,NULL,'1349700068116','2025-07-14'),(632,'1394',5,'เด็กชาย','พัสกร','พรมดี','1349902400162',1,'',1,1,0,NULL,'1349700068116','2025-07-14'),(633,'1395',6,'เด็กหญิง','ธัญพร','พุ่มเพชร','1349700623870',2,'',1,1,0,NULL,'1349700068116','2025-07-14'),(634,'1396',7,'เด็กหญิง','นิรากร','ภูมิคง','1343200044727',2,'',1,1,0,NULL,'1349700068116','2025-07-14'),(635,'1397',8,'เด็กหญิง','ภิญญาพัชญ์','เลปนถิรางกูร','1346400026369',2,'',1,1,0,NULL,'1349700068116','2025-07-14'),(636,'1398',9,'เด็กหญิง','สุจิรา','คงงาม','1346400022720',2,'',1,1,0,NULL,'1349700068116','2025-07-14'),(637,'1401',17,'เด็กชาย','กิตติศักดิ์','กันนิดา','1349902370794',1,'',2,1,0,NULL,'1349700068116','2025-07-14'),(638,'1402',18,'เด็กชาย','ณัฏฐากร','ภูมิคง','1346400009502',1,'',2,1,0,NULL,'1349700068116','2025-07-14'),(639,'1403',19,'เด็กชาย','พิตติวัตถ์','หอมทรัพย์','1346400007551',1,'',2,1,0,NULL,'1349700068116','2025-07-14'),(640,'1404',20,'เด็กชาย','สุรศักดิ์','สอนสุข','1349902348675',1,'',2,1,0,NULL,'1349700068116','2025-07-14'),(641,'1405',21,'เด็กชาย','อนุวัฒน์','โพธิบา','1349700607858',1,'',2,1,0,NULL,'1349700068116','2025-07-14'),(642,'1406',22,'เด็กชาย','อาทิวราห์','นาคสุวรรณ','1349902353733',1,'',2,1,0,NULL,'1349700068116','2025-07-14'),(643,'1407',23,'เด็กหญิง','ชนิกานต์','สุวรรณา','1346400010438',2,'',2,1,0,NULL,'1349700068116','2025-07-14'),(644,'1408',24,'เด็กหญิง','นันธิญาภรณ์','บริบูรณ์','1346400008298',2,'',2,1,0,NULL,'1349700068116','2025-07-14'),(645,'1409',25,'เด็กหญิง','ปรรณพัชร์','วงทวี','1346400001722',2,'',2,1,0,NULL,'1349700068116','2025-07-14'),(646,'1410',26,'เด็กหญิง','ปาลิตา','ทะคำสอน','1346400005159',2,'',2,1,0,NULL,'1349700068116','2025-07-14'),(647,'1411',27,'เด็กหญิง','ภัทรธิดา','คูณคง','1346400008794',2,'',2,1,0,NULL,'1349700068116','2025-07-14'),(648,'1412',28,'เด็กหญิง','ลลิตา','ศรีคำภา','1346400008735',2,'',2,1,0,NULL,'1349700068116','2025-07-14'),(649,'1413',29,'เด็กหญิง','อนัญญา','คูณคง','1346400012414',2,'',2,1,0,NULL,'1349700068116','2025-07-14'),(650,'1414',17,'เด็กชาย','ฐิติวุฒิ','วรรถเสน','1341501657599',1,'',3,1,2,2568,'1349700068116','2025-07-14'),(651,'1399',10,'เด็กชาย','เพชร','สัจสุวรรณ์','1341501626766',1,'',4,1,0,NULL,'1349700068116','2025-07-14'),(652,'1292',25,'เด็กหญิง','ธัญทิพย์','สมไว','1347000032546',2,'',4,1,0,NULL,'3700700383334','2025-07-14'),(653,'1400',30,'เด็กหญิง','อภัสรา','สืบเหล่างิ้ว','1341501642630',2,'',4,1,0,NULL,'1349700068116','2025-07-14'),(654,'1419',33,'เด็กชาย','ชานนท์','ภาณุโสภณ','1100704651031',1,'',6,1,0,NULL,'1349700068116','2025-07-14'),(655,'1415',9,'เด็กชาย','ธนวัฒน์','หอมทรัพย์','1341501574103',1,'',8,1,0,NULL,'1349700068116','2025-07-14'),(656,'1416',10,'เด็กชาย','ปิยะพล','จันทร์ลา','1341501569096',1,'',8,1,0,NULL,'1349700068116','2025-07-14'),(657,'1417',20,'เด็กหญิง','กัญญาณัฐ','กาฬผล','1869900953631',2,'',8,1,0,NULL,'1349700068116','2025-07-14'),(658,'1418',23,'เด็กหญิง','รินทร์นภา','ไชยโกฎิ','1129902405034',2,'',9,1,0,NULL,'1349700068116','2025-07-14'),(659,'1420',10,'เด็กชาย','ปิติกรณ์','ลาทวี','1341901256061',1,'',5,1,0,NULL,'3341500196501','2025-09-19'),(660,'1386',15,'เด็กชาย','ธณัฐชัย','บุญมาก','1209001205093',1,'',2,1,0,NULL,'1349700068116','2025-10-07'),(661,'1388',16,'เด็กชาย','ขวัญชัย','ลีลาพร','127900424063',1,'',2,1,0,NULL,'1349700068116','2025-10-07'),(662,'1384',13,'เด็กหญิง','ปิยาวดี','ประสานทอง','1346400006899',2,'',2,1,0,NULL,'1349700068116','2025-10-07'),(663,'1385',14,'เด็กหญิง','ณิชา','จันทร์ธวัช','1349700606991',2,'',2,1,0,NULL,'1349700068116','2025-10-07');

--
-- Table structure for table `student_main_class`
--

CREATE TABLE `student_main_class` (
  `id` int(11) NOT NULL AUTO_INCREMENT,
  `class_code` tinyint(4) NOT NULL,
  `class_name` varchar(150) NOT NULL,
  PRIMARY KEY (`id`),
  UNIQUE KEY `class_code` (`class_code`)
) ENGINE=MyISAM AUTO_INCREMENT=12 DEFAULT CHARSET=utf8 COLLATE=utf8_general_ci;

--
-- Dumping data for table `student_main_class`
--

INSERT INTO `student_main_class` VALUES (1,2,'อ.2'),(2,3,'อ.3'),(3,4,'ป.1'),(4,5,'ป.2'),(5,6,'ป.3'),(6,7,'ป.4'),(7,8,'ป.5/1,5/2'),(9,1,'อ.1'),(10,9,'ป.6/1,6/2');

--
-- Table structure for table `student_main_classlog`
--

CREATE TABLE `student_main_classlog` (
  `id` int(11) NOT NULL AUTO_INCREMENT,
  `ed_year` int(11) NOT NULL,
  `student_id` varchar(7) NOT NULL,
  `student_number` int(11) DEFAULT NULL,
  `class_code` tinyint(4) NOT NULL,
  `room` tinyint(4) DEFAULT 0,
  `officer` varchar(13) NOT NULL,
  `rec_date` date NOT NULL,
  PRIMARY KEY (`id`)
) ENGINE=MyISAM AUTO_INCREMENT=1890 DEFAULT CHARSET=utf8 COLLATE=utf8_general_ci;

--
-- Dumping data for table `student_main_classlog`
--

INSERT INTO `student_main_classlog` VALUES (1,2558,'908',1,1,1,'3341500963901','2015-04-07'),(2,2558,'909',2,1,1,'3341500963901','2015-04-07'),(3,2558,'910',3,1,1,'3341500963901','2015-04-07'),(4,2558,'888',4,1,1,'3341500963901','2015-04-07'),(5,2558,'911',5,1,1,'3341500963901','2015-04-07'),(6,2558,'912',6,1,1,'3341500963901','2015-04-07'),(7,2558,'891',7,1,1,'3341500963901','2015-04-07'),(8,2558,'913',8,1,1,'3341500963901','2015-04-07'),(9,2558,'892',9,1,1,'3341500963901','2015-04-07'),(10,2558,'914',10,1,1,'3341500963901','2015-04-07'),(11,2558,'915',11,1,1,'3341500963901','2015-04-07'),(12,2558,'916',12,1,1,'3341500963901','2015-04-07'),(13,2558,'917',13,1,1,'3341500963901','2015-04-07'),(14,2558,'918',14,1,1,'3341500963901','2015-04-07'),(15,2558,'919',15,1,1,'3341500963901','2015-04-07'),(16,2558,'920',16,1,1,'3341500963901','2015-04-07'),(17,2558,'921',17,1,1,'3341500963901','2015-04-07'),(18,2558,'922',18,1,1,'3341500963901','2015-04-07'),(19,2558,'923',19,1,1,'3341500963901','2015-04-07'),(20,2558,'884',1,2,1,'3341500963901','2015-04-07'),(21,2558,'885',2,2,1,'3341500963901','2015-04-07'),(22,2558,'886',3,2,1,'3341500963901','2015-04-07'),(23,2558,'887',4,2,1,'3341500963901','2015-04-07'),(24,2558,'889',6,2,1,'3341500963901','2015-04-07'),(25,2558,'890',7,2,1,'3341500963901','2015-04-07'),(26,2558,'893',10,2,1,'3341500963901','2015-04-07'),(27,2558,'896',12,2,1,'3341500963901','2015-04-07'),(28,2558,'897',13,2,1,'3341500963901','2015-04-07'),(29,2558,'898',14,2,1,'3341500963901','2015-04-07'),(30,2558,'899',15,2,1,'3341500963901','2015-04-07'),(31,2558,'900',16,2,1,'3341500963901','2015-04-07'),(32,2558,'901',17,2,1,'3341500963901','2015-04-07'),(33,2558,'829',1,3,1,'3341500963901','2015-04-07'),(34,2558,'830',2,3,1,'3341500963901','2015-04-07'),(35,2558,'831',3,3,1,'3341500963901','2015-04-07'),(36,2558,'832',4,3,1,'3341500963901','2015-04-07'),(37,2558,'833',5,3,1,'3341500963901','2015-04-07'),(38,2558,'834',6,3,1,'3341500963901','2015-04-07'),(39,2558,'835',7,3,1,'3341500963901','2015-04-07'),(40,2558,'836',8,3,1,'3341500963901','2015-04-07'),(41,2558,'837',9,3,1,'3341500963901','2015-04-07'),(42,2558,'838',10,3,1,'3341500963901','2015-04-07'),(43,2558,'840',12,3,1,'3341500963901','2015-04-07'),(44,2558,'842',14,3,1,'3341500963901','2015-04-07'),(45,2558,'844',16,3,1,'3341500963901','2015-04-07'),(46,2558,'848',20,3,1,'3341500963901','2015-04-07'),(47,2558,'849',21,3,1,'3341500963901','2015-04-07'),(48,2558,'850',22,3,1,'3341500963901','2015-04-07'),(49,2558,'852',23,3,1,'3341500963901','2015-04-07'),(50,2558,'863',24,3,1,'3341500963901','2015-04-07'),(51,2558,'865',25,3,1,'3341500963901','2015-04-07'),(52,2558,'883',26,3,1,'3341500963901','2015-04-07'),(53,2558,'925',27,3,1,'3341500963901','2015-04-07'),(54,2558,'926',28,3,1,'3341500963901','2015-04-07'),(55,2558,'869',13,4,1,'3341500963901','2015-04-07'),(56,2558,'881',14,4,1,'3341500963901','2015-04-07'),(57,2558,'867',21,4,1,'3341500963901','2015-04-07'),(58,2558,'868',22,4,1,'3341500963901','2015-04-07'),(59,2558,'802',24,4,1,'3341500963901','2015-04-07'),(60,2558,'903',24,4,1,'3341500963901','2015-04-07'),(61,2558,'803',25,4,1,'3341500963901','2015-04-07'),(62,2558,'804',26,4,1,'3341500963901','2015-04-07'),(63,2558,'806',28,4,1,'3341500963901','2015-04-07'),(64,2558,'807',29,4,1,'3341500963901','2015-04-07'),(65,2558,'808',30,4,1,'3341500963901','2015-04-07'),(66,2558,'809',31,4,1,'3341500963901','2015-04-07'),(67,2558,'810',32,4,1,'3341500963901','2015-04-07'),(68,2558,'811',33,4,1,'3341500963901','2015-04-07'),(69,2558,'812',34,4,1,'3341500963901','2015-04-07'),(70,2558,'813',35,4,1,'3341500963901','2015-04-07'),(71,2558,'814',36,4,1,'3341500963901','2015-04-07'),(72,2558,'815',37,4,1,'3341500963901','2015-04-07'),(73,2558,'817',39,4,1,'3341500963901','2015-04-07'),(74,2558,'818',40,4,1,'3341500963901','2015-04-07'),(75,2558,'853',42,4,1,'3341500963901','2015-04-07'),(76,2558,'904',11,5,1,'3341500963901','2015-04-07'),(77,2558,'782',43,5,1,'3341500963901','2015-04-07'),(78,2558,'783',44,5,1,'3341500963901','2015-04-07'),(79,2558,'784',45,5,1,'3341500963901','2015-04-07'),(80,2558,'785',46,5,1,'3341500963901','2015-04-07'),(81,2558,'786',47,5,1,'3341500963901','2015-04-07'),(82,2558,'787',48,5,1,'3341500963901','2015-04-07'),(83,2558,'788',49,5,1,'3341500963901','2015-04-07'),(84,2558,'790',50,5,1,'3341500963901','2015-04-07'),(85,2558,'791',51,5,1,'3341500963901','2015-04-07'),(86,2558,'792',52,5,1,'3341500963901','2015-04-07'),(87,2558,'794',54,5,1,'3341500963901','2015-04-07'),(88,2558,'795',55,5,1,'3341500963901','2015-04-07'),(89,2558,'819',56,5,1,'3341500963901','2015-04-07'),(90,2558,'854',57,5,1,'3341500963901','2015-04-07'),(91,2558,'874',11,6,1,'3341500963901','2015-04-07'),(92,2558,'875',12,6,1,'3341500963901','2015-04-07'),(93,2558,'870',23,6,1,'3341500963901','2015-04-07'),(94,2558,'871',24,6,1,'3341500963901','2015-04-07'),(95,2558,'906',25,6,1,'3341500963901','2015-04-07'),(96,2558,'753',59,6,1,'3341500963901','2015-04-07'),(97,2558,'754',60,6,1,'3341500963901','2015-04-07'),(98,2558,'755',61,6,1,'3341500963901','2015-04-07'),(99,2558,'757',62,6,1,'3341500963901','2015-04-07'),(100,2558,'759',63,6,1,'3341500963901','2015-04-07'),(101,2558,'760',64,6,1,'3341500963901','2015-04-07'),(102,2558,'761',65,6,1,'3341500963901','2015-04-07'),(103,2558,'762',66,6,1,'3341500963901','2015-04-07'),(104,2558,'763',67,6,1,'3341500963901','2015-04-07'),(105,2558,'764',68,6,1,'3341500963901','2015-04-07'),(106,2558,'765',69,6,1,'3341500963901','2015-04-07'),(107,2558,'767',70,6,1,'3341500963901','2015-04-07'),(108,2558,'769',71,6,1,'3341500963901','2015-04-07'),(109,2558,'801',73,6,1,'3341500963901','2015-04-07'),(110,2558,'820',74,6,1,'3341500963901','2015-04-07'),(111,2558,'821',75,6,1,'3341500963901','2015-04-07'),(112,2558,'856',76,6,1,'3341500963901','2015-04-07'),(113,2558,'924',106,6,1,'3341500963901','2015-04-07'),(114,2558,'866',5,7,1,'3341500963901','2015-04-07'),(115,2558,'902',6,7,1,'3341500963901','2015-04-07'),(116,2558,'882',17,7,1,'3341500963901','2015-04-07'),(117,2558,'731',77,7,1,'3341500963901','2015-04-07'),(118,2558,'732',78,7,1,'3341500963901','2015-04-07'),(119,2558,'733',79,7,1,'3341500963901','2015-04-07'),(120,2558,'734',80,7,1,'3341500963901','2015-04-07'),(121,2558,'736',82,7,1,'3341500963901','2015-04-07'),(122,2558,'737',83,7,1,'3341500963901','2015-04-07'),(123,2558,'738',84,7,1,'3341500963901','2015-04-07'),(124,2558,'739',85,7,1,'3341500963901','2015-04-07'),(125,2558,'740',86,7,1,'3341500963901','2015-04-07'),(126,2558,'741',87,7,1,'3341500963901','2015-04-07'),(127,2558,'780',88,7,1,'3341500963901','2015-04-07'),(128,2558,'823',89,7,1,'3341500963901','2015-04-07'),(129,2558,'857',90,7,1,'3341500963901','2015-04-07'),(130,2558,'876',10,8,1,'3341500963901','2015-04-07'),(131,2558,'877',11,8,1,'3341500963901','2015-04-07'),(132,2558,'878',12,8,1,'3341500963901','2015-04-07'),(133,2558,'711',92,8,1,'3341500963901','2015-04-07'),(134,2558,'712',93,8,1,'3341500963901','2015-04-07'),(135,2558,'713',94,8,1,'3341500963901','2015-04-07'),(136,2558,'714',95,8,1,'3341500963901','2015-04-07'),(137,2558,'715',96,8,1,'3341500963901','2015-04-07'),(138,2558,'716',97,8,1,'3341500963901','2015-04-07'),(139,2558,'718',98,8,1,'3341500963901','2015-04-07'),(140,2558,'719',99,8,1,'3341500963901','2015-04-07'),(141,2558,'723',100,8,1,'3341500963901','2015-04-07'),(142,2558,'724',101,8,1,'3341500963901','2015-04-07'),(143,2558,'775',102,8,1,'3341500963901','2015-04-07'),(144,2558,'826',103,8,1,'3341500963901','2015-04-07'),(145,2558,'859',104,8,1,'3341500963901','2015-04-07'),(146,2558,'864',105,8,1,'3341500963901','2015-04-07'),(147,2561,'908',1,1,1,'3341600013238','2019-05-22'),(148,2561,'909',2,1,1,'3341600013238','2019-05-22'),(149,2561,'910',3,1,1,'3341600013238','2019-05-22'),(150,2561,'888',4,1,1,'3341600013238','2019-05-22'),(151,2561,'911',5,1,1,'3341600013238','2019-05-22'),(152,2561,'912',6,1,1,'3341600013238','2019-05-22'),(153,2561,'891',7,1,1,'3341600013238','2019-05-22'),(154,2561,'913',8,1,1,'3341600013238','2019-05-22'),(155,2561,'892',9,1,1,'3341600013238','2019-05-22'),(156,2561,'914',10,1,1,'3341600013238','2019-05-22'),(157,2561,'915',11,1,1,'3341600013238','2019-05-22'),(158,2561,'916',12,1,1,'3341600013238','2019-05-22'),(159,2561,'917',13,1,1,'3341600013238','2019-05-22'),(160,2561,'918',14,1,1,'3341600013238','2019-05-22'),(161,2561,'920',15,1,1,'3341600013238','2019-05-22'),(162,2561,'921',16,1,1,'3341600013238','2019-05-22'),(163,2561,'922',17,1,1,'3341600013238','2019-05-22'),(164,2561,'923',18,1,1,'3341600013238','2019-05-22'),(165,2561,'884',1,2,1,'3341600013238','2019-05-22'),(166,2561,'885',2,2,1,'3341600013238','2019-05-22'),(167,2561,'886',3,2,1,'3341600013238','2019-05-22'),(168,2561,'887',4,2,1,'3341600013238','2019-05-22'),(169,2561,'889',6,2,1,'3341600013238','2019-05-22'),(170,2561,'890',7,2,1,'3341600013238','2019-05-22'),(171,2561,'893',10,2,1,'3341600013238','2019-05-22'),(172,2561,'896',12,2,1,'3341600013238','2019-05-22'),(173,2561,'897',13,2,1,'3341600013238','2019-05-22'),(174,2561,'898',14,2,1,'3341600013238','2019-05-22'),(175,2561,'899',15,2,1,'3341600013238','2019-05-22'),(176,2561,'900',16,2,1,'3341600013238','2019-05-22'),(177,2561,'901',17,2,1,'3341600013238','2019-05-22'),(178,2561,'829',1,3,1,'3341600013238','2019-05-22'),(179,2561,'830',2,3,1,'3341600013238','2019-05-22'),(180,2561,'831',3,3,1,'3341600013238','2019-05-22'),(181,2561,'832',4,3,1,'3341600013238','2019-05-22'),(182,2561,'833',5,3,1,'3341600013238','2019-05-22'),(183,2561,'834',6,3,1,'3341600013238','2019-05-22'),(184,2561,'835',7,3,1,'3341600013238','2019-05-22'),(185,2561,'836',8,3,1,'3341600013238','2019-05-22'),(186,2561,'837',9,3,1,'3341600013238','2019-05-22'),(187,2561,'863',10,3,1,'3341600013238','2019-05-22'),(188,2561,'865',11,3,1,'3341600013238','2019-05-22'),(189,2561,'883',12,3,1,'3341600013238','2019-05-22'),(190,2561,'842',13,3,1,'3341600013238','2019-05-22'),(191,2561,'844',14,3,1,'3341600013238','2019-05-22'),(192,2561,'848',15,3,1,'3341600013238','2019-05-22'),(193,2561,'849',16,3,1,'3341600013238','2019-05-22'),(194,2561,'850',17,3,1,'3341600013238','2019-05-22'),(195,2561,'852',18,3,1,'3341600013238','2019-05-22'),(196,2561,'907',19,3,1,'3341600013238','2019-05-22'),(197,2561,'925',20,3,1,'3341600013238','2019-05-22'),(198,2561,'926',21,3,1,'3341600013238','2019-05-22'),(199,2561,'927',22,3,1,'3341600013238','2019-05-22'),(200,2561,'869',13,4,1,'3341600013238','2019-05-22'),(201,2561,'881',14,4,1,'3341600013238','2019-05-22'),(202,2561,'867',21,4,1,'3341600013238','2019-05-22'),(203,2561,'868',22,4,1,'3341600013238','2019-05-22'),(204,2561,'802',24,4,1,'3341600013238','2019-05-22'),(205,2561,'903',24,4,1,'3341600013238','2019-05-22'),(206,2561,'803',25,4,1,'3341600013238','2019-05-22'),(207,2561,'804',26,4,1,'3341600013238','2019-05-22'),(208,2561,'806',28,4,1,'3341600013238','2019-05-22'),(209,2561,'807',29,4,1,'3341600013238','2019-05-22'),(210,2561,'808',30,4,1,'3341600013238','2019-05-22'),(211,2561,'809',31,4,1,'3341600013238','2019-05-22'),(212,2561,'810',32,4,1,'3341600013238','2019-05-22'),(213,2561,'811',33,4,1,'3341600013238','2019-05-22'),(214,2561,'812',34,4,1,'3341600013238','2019-05-22'),(215,2561,'813',35,4,1,'3341600013238','2019-05-22'),(216,2561,'814',36,4,1,'3341600013238','2019-05-22'),(217,2561,'815',37,4,1,'3341600013238','2019-05-22'),(218,2561,'817',39,4,1,'3341600013238','2019-05-22'),(219,2561,'818',40,4,1,'3341600013238','2019-05-22'),(220,2561,'853',42,4,1,'3341600013238','2019-05-22'),(221,2561,'904',11,5,1,'3341600013238','2019-05-22'),(222,2561,'782',43,5,1,'3341600013238','2019-05-22'),(223,2561,'783',44,5,1,'3341600013238','2019-05-22'),(224,2561,'784',45,5,1,'3341600013238','2019-05-22'),(225,2561,'785',46,5,1,'3341600013238','2019-05-22'),(226,2561,'786',47,5,1,'3341600013238','2019-05-22'),(227,2561,'787',48,5,1,'3341600013238','2019-05-22'),(228,2561,'788',49,5,1,'3341600013238','2019-05-22'),(229,2561,'790',50,5,1,'3341600013238','2019-05-22'),(230,2561,'791',51,5,1,'3341600013238','2019-05-22'),(231,2561,'792',52,5,1,'3341600013238','2019-05-22'),(232,2561,'794',54,5,1,'3341600013238','2019-05-22'),(233,2561,'795',55,5,1,'3341600013238','2019-05-22'),(234,2561,'819',56,5,1,'3341600013238','2019-05-22'),(235,2561,'854',57,5,1,'3341600013238','2019-05-22'),(236,2561,'874',11,6,1,'3341600013238','2019-05-22'),(237,2561,'875',12,6,1,'3341600013238','2019-05-22'),(238,2561,'870',23,6,1,'3341600013238','2019-05-22'),(239,2561,'871',24,6,1,'3341600013238','2019-05-22'),(240,2561,'906',25,6,1,'3341600013238','2019-05-22'),(241,2561,'753',59,6,1,'3341600013238','2019-05-22'),(242,2561,'754',60,6,1,'3341600013238','2019-05-22'),(243,2561,'755',61,6,1,'3341600013238','2019-05-22'),(244,2561,'757',62,6,1,'3341600013238','2019-05-22'),(245,2561,'759',63,6,1,'3341600013238','2019-05-22'),(246,2561,'760',64,6,1,'3341600013238','2019-05-22'),(247,2561,'761',65,6,1,'3341600013238','2019-05-22'),(248,2561,'762',66,6,1,'3341600013238','2019-05-22'),(249,2561,'763',67,6,1,'3341600013238','2019-05-22'),(250,2561,'764',68,6,1,'3341600013238','2019-05-22'),(251,2561,'765',69,6,1,'3341600013238','2019-05-22'),(252,2561,'767',70,6,1,'3341600013238','2019-05-22'),(253,2561,'769',71,6,1,'3341600013238','2019-05-22'),(254,2561,'801',73,6,1,'3341600013238','2019-05-22'),(255,2561,'820',74,6,1,'3341600013238','2019-05-22'),(256,2561,'821',75,6,1,'3341600013238','2019-05-22'),(257,2561,'856',76,6,1,'3341600013238','2019-05-22'),(258,2561,'924',106,6,1,'3341600013238','2019-05-22'),(259,2561,'866',5,7,1,'3341600013238','2019-05-22'),(260,2561,'902',6,7,1,'3341600013238','2019-05-22'),(261,2561,'882',17,7,1,'3341600013238','2019-05-22'),(262,2561,'731',77,7,1,'3341600013238','2019-05-22'),(263,2561,'732',78,7,1,'3341600013238','2019-05-22'),(264,2561,'733',79,7,1,'3341600013238','2019-05-22'),(265,2561,'734',80,7,1,'3341600013238','2019-05-22'),(266,2561,'736',82,7,1,'3341600013238','2019-05-22'),(267,2561,'737',83,7,1,'3341600013238','2019-05-22'),(268,2561,'738',84,7,1,'3341600013238','2019-05-22'),(269,2561,'739',85,7,1,'3341600013238','2019-05-22'),(270,2561,'740',86,7,1,'3341600013238','2019-05-22'),(271,2561,'741',87,7,1,'3341600013238','2019-05-22'),(272,2561,'780',88,7,1,'3341600013238','2019-05-22'),(273,2561,'823',89,7,1,'3341600013238','2019-05-22'),(274,2561,'857',90,7,1,'3341600013238','2019-05-22'),(275,2561,'876',10,8,1,'3341600013238','2019-05-22'),(276,2561,'877',11,8,1,'3341600013238','2019-05-22'),(277,2561,'878',12,8,1,'3341600013238','2019-05-22'),(278,2561,'711',92,8,1,'3341600013238','2019-05-22'),(279,2561,'712',93,8,1,'3341600013238','2019-05-22'),(280,2561,'713',94,8,1,'3341600013238','2019-05-22'),(281,2561,'714',95,8,1,'3341600013238','2019-05-22'),(282,2561,'715',96,8,1,'3341600013238','2019-05-22'),(283,2561,'716',97,8,1,'3341600013238','2019-05-22'),(284,2561,'718',98,8,1,'3341600013238','2019-05-22'),(285,2561,'719',99,8,1,'3341600013238','2019-05-22'),(286,2561,'723',100,8,1,'3341600013238','2019-05-22'),(287,2561,'724',101,8,1,'3341600013238','2019-05-22'),(288,2561,'775',102,8,1,'3341600013238','2019-05-22'),(289,2561,'826',103,8,1,'3341600013238','2019-05-22'),(290,2561,'859',104,8,1,'3341600013238','2019-05-22'),(291,2561,'864',105,8,1,'3341600013238','2019-05-22'),(292,2562,'1110',1,1,1,'3340700590775','2019-06-18'),(293,2562,'1111',2,1,1,'3340700590775','2019-06-18'),(294,2562,'1112',3,1,1,'3340700590775','2019-06-18'),(295,2562,'1113',4,1,1,'3340700590775','2019-06-18'),(296,2562,'1114',5,1,1,'3340700590775','2019-06-18'),(297,2562,'1115',6,2,1,'3340700590775','2019-11-12'),(298,2562,'1116',6,1,1,'3340700590775','2019-11-12'),(299,2562,'1060',1,2,1,'3340700590775','2019-06-18'),(300,2562,'1090',2,2,1,'3340700590775','2019-06-18'),(301,2562,'1061',3,2,1,'3340700590775','2019-06-18'),(302,2562,'1062',4,2,1,'3340700590775','2019-06-18'),(303,2562,'1091',5,2,1,'3340700590775','2019-06-18'),(304,2562,'1092',6,2,1,'3340700590775','2019-06-18'),(305,2562,'1093',7,2,1,'3340700590775','2019-06-18'),(306,2562,'1094',8,2,1,'3340700590775','2019-06-18'),(307,2562,'1095',9,2,1,'3340700590775','2019-06-18'),(308,2562,'1064',10,2,1,'3340700590775','2019-06-18'),(517,2562,'1124',22,7,1,'3340700590775','2020-02-25'),(310,2562,'1097',12,2,1,'3340700590775','2019-06-18'),(311,2562,'1098',13,2,1,'3340700590775','2019-06-18'),(312,2562,'1099',14,2,1,'3340700590775','2019-06-18'),(313,2562,'1073',15,2,1,'3340700590775','2019-06-18'),(314,2562,'1065',16,2,1,'3340700590775','2019-06-18'),(315,2562,'1066',17,2,1,'3340700590775','2019-06-18'),(316,2562,'1100',18,2,1,'3340700590775','2019-06-18'),(317,2562,'1101',19,2,1,'3340700590775','2019-06-18'),(318,2562,'1102',20,2,1,'3340700590775','2019-06-18'),(319,2562,'1103',21,2,1,'3340700590775','2019-06-18'),(320,2562,'1067',22,2,1,'3340700590775','2019-06-18'),(321,2562,'1104',23,2,1,'3340700590775','2019-06-18'),(322,2562,'1068',24,2,1,'3340700590775','2019-06-18'),(323,2562,'1105',25,2,1,'3340700590775','2019-06-18'),(324,2562,'1106',26,2,1,'3340700590775','2019-06-18'),(325,2562,'1107',27,2,1,'3340700590775','2019-06-18'),(326,2562,'1108',28,2,1,'3340700590775','2019-06-18'),(327,2562,'1109',29,2,1,'3340700590775','2019-06-18'),(328,2562,'1117',30,2,1,'3340700590775','2019-06-18'),(329,2562,'1009',1,3,1,'3340700590775','2019-06-18'),(330,2562,'1010',2,3,1,'3340700590775','2019-06-18'),(331,2562,'1014',3,3,1,'3340700590775','2019-06-18'),(332,2562,'1015',4,3,1,'3340700590775','2019-06-18'),(333,2562,'1016',5,3,1,'3340700590775','2019-06-18'),(334,2562,'1024',6,3,1,'3340700590775','2019-06-18'),(335,2562,'1025',7,3,1,'3340700590775','2019-06-18'),(336,2562,'1040',8,3,1,'3340700590775','2019-06-18'),(337,2562,'1041',9,3,1,'3340700590775','2019-06-18'),(338,2562,'1042',10,3,1,'3340700590775','2019-06-18'),(339,2562,'1043',11,3,1,'3340700590775','2019-06-18'),(340,2562,'1044',12,3,1,'3340700590775','2019-06-18'),(341,2562,'1045',13,3,1,'3340700590775','2019-06-18'),(342,2562,'1046',14,3,1,'3340700590775','2019-06-18'),(343,2562,'1047',15,3,1,'3340700590775','2019-06-18'),(344,2562,'1048',16,3,1,'3340700590775','2019-06-18'),(345,2562,'1049',17,3,1,'3340700590775','2019-06-18'),(346,2562,'1050',18,3,1,'3340700590775','2019-06-18'),(347,2562,'1051',19,3,1,'3340700590775','2019-06-18'),(348,2562,'996',20,3,1,'3340700590775','2019-06-18'),(349,2562,'1017',21,3,1,'3340700590775','2019-06-18'),(350,2562,'1087',22,3,1,'3340700590775','2019-06-18'),(351,2562,'1052',23,3,1,'3340700590775','2019-06-18'),(352,2562,'1018',24,3,1,'3340700590775','2019-06-18'),(353,2562,'1053',25,3,1,'3340700590775','2019-06-18'),(354,2562,'1088',26,3,1,'3340700590775','2019-06-18'),(355,2562,'1019',27,3,1,'3340700590775','2019-06-18'),(356,2562,'1054',28,3,1,'3340700590775','2019-06-18'),(357,2562,'1056',29,3,1,'3340700590775','2019-06-18'),(358,2562,'1057',30,3,1,'3340700590775','2019-06-18'),(359,2562,'1021',31,3,1,'3340700590775','2019-06-18'),(360,2562,'1089',32,3,1,'3340700590775','2019-06-18'),(361,2562,'1058',33,3,1,'3340700590775','2019-06-18'),(362,2562,'1059',34,3,1,'3340700590775','2019-06-18'),(363,2562,'980',1,4,1,'3340700590775','2019-06-18'),(364,2562,'982',2,4,1,'3340700590775','2019-06-18'),(513,2562,'984',3,4,1,'3340700590775','2019-11-11'),(366,2562,'985',4,4,1,'3340700590775','2019-06-18'),(367,2562,'986',5,4,1,'3340700590775','2019-06-18'),(368,2562,'987',6,4,1,'3340700590775','2019-06-18'),(369,2562,'988',7,4,1,'3340700590775','2019-06-18'),(370,2562,'989',8,4,1,'3340700590775','2019-06-18'),(371,2562,'990',9,4,1,'3340700590775','2019-06-18'),(372,2562,'991',10,4,1,'3340700590775','2019-06-18'),(373,2562,'992',11,4,1,'3340700590775','2019-06-18'),(374,2562,'994',12,4,1,'3340700590775','2019-06-18'),(375,2562,'1026',13,4,1,'3340700590775','2019-06-18'),(376,2562,'998',14,4,1,'3340700590775','2019-06-18'),(377,2562,'999',15,4,1,'3340700590775','2019-06-18'),(378,2562,'1000',16,4,1,'3340700590775','2019-06-18'),(379,2562,'1004',17,4,1,'3340700590775','2019-06-18'),(380,2562,'1005',18,4,1,'3340700590775','2019-06-18'),(381,2562,'1006',19,4,1,'3340700590775','2019-06-18'),(382,2562,'1007',20,4,1,'3340700590775','2019-06-18'),(383,2562,'1008',21,4,1,'3340700590775','2019-06-18'),(384,2562,'1038',22,4,1,'3340700590775','2019-06-18'),(385,2562,'1085',4,4,1,'3340700590775','2019-11-11'),(386,2562,'1086',24,4,1,'3340700590775','2019-06-18'),(387,2562,'931',1,5,1,'3340700590775','2019-06-18'),(388,2562,'932',2,5,1,'3340700590775','2019-06-18'),(389,2562,'933',3,5,1,'3340700590775','2019-06-18'),(390,2562,'934',4,5,1,'3340700590775','2019-06-18'),(391,2562,'935',5,5,1,'3340700590775','2019-06-18'),(392,2562,'937',6,5,1,'3340700590775','2019-06-18'),(393,2562,'938',7,5,1,'3340700590775','2019-06-18'),(394,2562,'941',8,5,1,'3340700590775','2019-06-18'),(395,2562,'942',9,5,1,'3340700590775','2019-06-18'),(396,2562,'1029',10,5,1,'3340700590775','2019-06-18'),(397,2562,'944',11,5,1,'3340700590775','2019-06-18'),(398,2562,'960',12,5,1,'3340700590775','2019-06-18'),(399,2562,'940',13,5,1,'3340700590775','2019-06-18'),(400,2562,'1084',14,5,1,'3340700590775','2019-06-18'),(401,2562,'945',15,5,1,'3340700590775','2019-06-18'),(402,2562,'946',16,5,1,'3340700590775','2019-06-18'),(403,2562,'947',17,5,1,'3340700590775','2019-06-18'),(404,2562,'948',18,5,1,'3340700590775','2019-06-18'),(405,2562,'949',19,5,1,'3340700590775','2019-06-18'),(406,2562,'951',20,5,1,'3340700590775','2019-06-18'),(407,2562,'1030',21,5,1,'3340700590775','2019-06-18'),(408,2562,'1069',22,5,1,'3340700590775','2019-06-18'),(409,2562,'1031',23,5,1,'3340700590775','2019-06-18'),(410,2562,'909',1,6,1,'3341500196501','2019-08-28'),(411,2562,'910',2,6,1,'3340700590775','2019-06-18'),(412,2562,'911',3,6,1,'3340700590775','2019-06-18'),(413,2562,'912',4,6,1,'3340700590775','2019-06-18'),(414,2562,'891',5,6,1,'3340700590775','2019-06-18'),(415,2562,'913',6,6,1,'3340700590775','2019-06-18'),(416,2562,'892',7,6,1,'3340700590775','2019-06-18'),(417,2562,'914',8,6,1,'3340700590775','2019-06-18'),(418,2562,'952',9,6,1,'3340700590775','2019-06-18'),(419,2562,'973',10,6,1,'3340700590775','2019-06-18'),(420,2562,'888',11,6,1,'3340700590775','2019-06-18'),(421,2562,'1082',12,6,1,'3341500196501','2019-08-28'),(422,2562,'916',13,6,1,'3340700590775','2020-03-13'),(423,2562,'917',14,6,1,'3340700590775','2019-06-18'),(424,2562,'918',15,6,1,'3340700590775','2019-06-18'),(425,2562,'920',16,6,1,'3340700590775','2019-06-18'),(426,2562,'921',17,6,1,'3340700590775','2019-06-18'),(427,2562,'922',18,6,1,'3340700590775','2019-06-18'),(428,2562,'974',19,6,1,'3340700590775','2019-06-18'),(429,2562,'975',20,6,1,'3340700590775','2019-06-18'),(430,2562,'976',21,6,1,'3340700590775','2019-06-18'),(431,2562,'1032',22,6,1,'3340700590775','2019-06-18'),(432,2562,'1033',23,6,1,'3340700590775','2019-11-13'),(433,2562,'1034',24,6,1,'3340700590775','2019-06-18'),(434,2562,'1083',25,6,1,'3340700590775','2019-06-18'),(435,2562,'884',1,7,1,'3340700590775','2019-06-18'),(436,2562,'885',2,7,1,'3340700590775','2019-06-18'),(437,2562,'886',3,7,1,'3340700590775','2019-06-18'),(438,2562,'887',4,7,1,'3340700590775','2019-06-18'),(439,2562,'969',5,7,1,'3340700590775','2019-06-18'),(440,2562,'890',6,7,1,'3340700590775','2019-06-18'),(441,2562,'1035',7,7,1,'3340700590775','2019-06-18'),(442,2562,'1076',8,7,1,'3340700590775','2019-06-18'),(443,2562,'1080',9,7,1,'3340700590775','2019-06-18'),(444,2562,'896',10,7,1,'3340700590775','2019-06-18'),(445,2562,'897',11,7,1,'3340700590775','2019-06-18'),(446,2562,'898',12,7,1,'3340700590775','2019-06-18'),(447,2562,'899',13,7,1,'3340700590775','2019-06-18'),(448,2562,'900',14,7,1,'3340700590775','2019-06-18'),(449,2562,'901',15,7,1,'3340700590775','2019-06-18'),(450,2562,'971',16,7,1,'3340700590775','2019-06-18'),(451,2562,'894',17,7,1,'3340700590775','2019-06-18'),(452,2562,'972',18,7,1,'3340700590775','2019-06-18'),(453,2562,'1074',19,7,1,'3340700590775','2019-06-18'),(454,2562,'1081',21,7,1,'3340700590775','2019-06-18'),(455,2562,'829',1,8,1,'3340700590775','2019-06-18'),(456,2562,'830',2,8,1,'3340700590775','2019-06-18'),(457,2562,'831',3,8,1,'3340700590775','2019-06-18'),(458,2562,'833',4,8,1,'3340700590775','2019-06-18'),(459,2562,'834',5,8,1,'3340700590775','2019-06-18'),(460,2562,'836',6,8,1,'3340700590775','2019-06-18'),(461,2562,'863',7,8,1,'3340700590775','2019-06-18'),(462,2562,'865',8,8,1,'3340700590775','2019-06-18'),(463,2562,'883',9,8,1,'3340700590775','2019-06-18'),(464,2562,'959',10,8,1,'3340700590775','2019-06-18'),(465,2562,'965',11,8,1,'3340700590775','2019-06-18'),(466,2562,'966',12,8,1,'3340700590775','2019-06-18'),(467,2562,'1075',13,8,1,'3340700590775','2019-06-18'),(468,2562,'832',14,8,1,'3340700590775','2019-06-18'),(469,2562,'1077',15,8,1,'3340700590775','2019-06-18'),(470,2562,'838',16,8,1,'3340700590775','2019-06-18'),(471,2562,'842',17,8,1,'3340700590775','2019-06-18'),(472,2562,'844',18,8,1,'3340700590775','2019-06-18'),(473,2562,'848',19,8,1,'3340700590775','2019-06-18'),(474,2562,'849',20,8,1,'3340700590775','2019-06-18'),(475,2562,'850',21,8,1,'3340700590775','2019-06-18'),(476,2562,'852',22,8,1,'3340700590775','2019-06-18'),(477,2562,'924',23,8,1,'3340700590775','2019-06-18'),(478,2562,'925',24,8,1,'3340700590775','2019-06-18'),(479,2562,'954',26,8,1,'3340700590775','2019-06-18'),(480,2562,'968',27,8,1,'3340700590775','2019-06-18'),(481,2562,'1036',28,8,1,'3340700590775','2019-06-18'),(482,2562,'953',29,8,1,'3340700590775','2019-06-18'),(483,2562,'1078',30,8,1,'3340700590775','2019-06-18'),(484,2562,'1079',31,8,1,'3340700590775','2019-06-18'),(485,2562,'804',1,9,1,'3340700590775','2019-06-18'),(486,2562,'806',2,9,1,'3340700590775','2019-06-18'),(487,2562,'807',3,9,1,'3340700590775','2019-06-18'),(488,2562,'808',4,9,1,'3340700590775','2019-06-18'),(489,2562,'809',5,9,1,'3340700590775','2019-06-18'),(490,2562,'810',6,9,1,'3340700590775','2019-06-18'),(491,2562,'811',7,9,1,'3340700590775','2019-06-18'),(492,2562,'812',8,9,1,'3340700590775','2019-06-18'),(493,2562,'853',9,9,1,'3340700590775','2019-06-18'),(494,2562,'869',10,9,1,'3340700590775','2019-06-18'),(495,2562,'881',11,9,1,'3340700590775','2019-06-18'),(496,2562,'805',12,9,1,'3340700590775','2019-06-18'),(497,2562,'956',13,9,1,'3340700590775','2019-06-18'),(498,2562,'813',14,9,1,'3340700590775','2019-06-18'),(499,2562,'814',15,9,1,'3340700590775','2019-06-18'),(500,2562,'815',16,9,1,'3340700590775','2019-06-18'),(501,2562,'816',17,9,1,'3340700590775','2019-06-18'),(502,2562,'818',18,9,1,'3340700590775','2019-06-18'),(503,2562,'867',19,9,1,'3340700590775','2019-06-18'),(504,2562,'868',20,9,1,'3340700590775','2019-06-18'),(505,2562,'880',21,9,1,'3340700590775','2019-06-18'),(506,2562,'903',22,9,1,'3340700590775','2019-06-18'),(507,2562,'928',23,9,1,'3340700590775','2019-06-18'),(508,2562,'955',24,9,1,'3340700590775','2019-06-18'),(509,2562,'1037',25,9,1,'3340700590775','2019-06-18'),(510,2562,'1118',31,2,1,'3340700590775','2019-09-05'),(515,2562,'1121',7,1,1,'3340700590775','2019-11-12'),(512,2562,'1120',33,2,1,'3340700590775','2019-09-05'),(514,2562,'1122',12,5,1,'3340700590775','2019-11-11'),(516,2562,'1002',23,4,1,'3340700590775','2019-11-15'),(518,2562,'841',25,8,1,'3340700590775','2020-07-03'),(519,2562,'895',20,7,1,'3340700590775','2020-07-03'),(520,2563,'972',18,8,1,'3340700590775','2020-07-03'),(521,2563,'1074',19,8,1,'3340700590775','2020-07-03'),(522,2563,'895',17,8,1,'3340700590775','2020-10-01'),(523,2563,'1081',18,8,1,'3340700590775','2020-10-01'),(524,2563,'1124',20,8,1,'3340700590775','2020-07-03'),(525,2563,'909',1,7,1,'3340700590775','2020-07-03'),(526,2563,'888',11,7,1,'3340700590775','2020-07-03'),(527,2563,'1082',12,7,1,'3340700590775','2020-07-03'),(528,2563,'916',12,7,1,'3340700590775','2020-07-03'),(529,2563,'917',13,7,1,'3340700590775','2020-07-03'),(530,2563,'918',14,7,1,'3340700590775','2020-07-03'),(531,2563,'920',15,7,1,'3340700590775','2020-07-03'),(532,2563,'921',16,7,1,'3340700590775','2020-07-03'),(533,2563,'922',17,7,1,'3340700590775','2020-07-03'),(534,2563,'974',18,7,1,'3340700590775','2020-07-03'),(535,2563,'975',19,7,1,'3340700590775','2020-07-03'),(536,2563,'976',20,7,1,'3340700590775','2020-07-03'),(537,2563,'1032',21,7,1,'3340700590775','2020-07-03'),(538,2563,'1033',22,7,1,'3340700590775','2020-07-03'),(539,2563,'1034',23,7,1,'3340700590775','2020-07-03'),(540,2563,'1083',24,7,1,'3340700590775','2020-07-03'),(541,2563,'934',4,6,1,'3340700590775','2020-07-03'),(542,2563,'937',6,6,1,'3340700590775','2020-07-03'),(543,2563,'1122',12,6,1,'3340700590775','2020-07-03'),(544,2563,'935',4,6,1,'3340700590775','2020-07-03'),(545,2563,'938',5,6,1,'3340700590775','2020-07-03'),(546,2563,'941',6,6,1,'3340700590775','2020-07-03'),(547,2563,'942',7,6,1,'3340700590775','2020-07-03'),(548,2563,'1029',8,6,1,'3340700590775','2020-07-03'),(549,2563,'944',9,6,1,'3340700590775','2020-07-03'),(550,2563,'940',10,6,1,'3340700590775','2020-07-03'),(551,2563,'1084',11,6,1,'3340700590775','2020-07-03'),(552,2563,'945',12,6,1,'3340700590775','2020-07-03'),(553,2563,'946',13,6,1,'3340700590775','2020-07-03'),(554,2563,'947',14,6,1,'3340700590775','2020-07-03'),(555,2563,'948',15,6,1,'3340700590775','2020-07-03'),(556,2563,'949',16,6,1,'3340700590775','2020-07-03'),(557,2563,'951',17,6,1,'3340700590775','2020-07-03'),(558,2563,'1030',18,6,1,'3340700590775','2020-07-03'),(559,2563,'1069',19,6,1,'3340700590775','2020-07-03'),(560,2563,'1031',20,6,1,'3340700590775','2020-07-03'),(561,2563,'1010',2,4,1,'3340700590775','2020-07-03'),(562,2563,'1014',3,4,1,'3340700590775','2020-07-03'),(563,2563,'1015',4,4,1,'3340700590775','2020-07-03'),(564,2563,'1016',5,4,1,'3340700590775','2020-07-03'),(565,2563,'1085',22,5,1,'3340700590775','2020-07-03'),(566,2563,'1024',6,4,1,'3340700590775','2020-07-03'),(567,2563,'1025',6,4,1,'3340700590775','2020-12-09'),(568,2563,'986',4,5,1,'3340700590775','2020-07-03'),(569,2563,'987',5,5,1,'3340700590775','2020-07-03'),(570,2563,'988',6,5,1,'3340700590775','2020-07-03'),(571,2563,'989',7,5,1,'3340700590775','2020-07-03'),(572,2563,'990',8,5,1,'3340700590775','2020-07-03'),(573,2563,'991',9,5,1,'3340700590775','2020-07-03'),(574,2563,'994',11,5,1,'3340700590775','2020-07-03'),(575,2563,'1026',12,5,1,'3340700590775','2020-07-03'),(576,2563,'998',13,5,1,'3340700590775','2020-07-03'),(577,2563,'999',14,5,1,'3340700590775','2020-07-03'),(578,2563,'1000',15,5,1,'3340700590775','2020-07-03'),(579,2563,'1004',16,5,1,'3340700590775','2020-07-03'),(580,2563,'1005',17,5,1,'3340700590775','2020-07-03'),(581,2563,'1006',18,5,1,'3340700590775','2020-07-03'),(582,2563,'1007',19,5,1,'3340700590775','2020-07-03'),(583,2563,'1008',20,5,1,'3340700590775','2020-07-03'),(584,2563,'1038',21,5,1,'3340700590775','2020-07-03'),(585,2563,'992',10,5,1,'3340700590775','2020-07-03'),(586,2563,'1094',7,3,1,'3340700590775','2020-12-09'),(587,2563,'1041',9,1,1,'3340700590775','2020-07-03'),(588,2563,'1095',9,3,1,'3340700590775','2020-12-09'),(589,2563,'1064',8,3,1,'3340700590775','2020-12-09'),(590,2563,'1097',10,3,1,'3340700590775','2020-12-09'),(591,2563,'1045',13,1,1,'3340700590775','2020-07-03'),(592,2563,'1098',29,3,1,'3340700590775','2020-12-09'),(593,2563,'1099',12,3,1,'3340700590775','2020-12-09'),(594,2563,'1073',15,1,1,'3340700590775','2020-07-03'),(595,2563,'1065',11,3,1,'3340700590775','2020-12-09'),(596,2563,'1066',13,3,1,'3340700590775','2020-12-09'),(597,2563,'1100',14,3,1,'3340700590775','2020-12-09'),(598,2563,'1102',17,3,1,'3340700590775','2020-07-03'),(599,2563,'1101',15,3,1,'3340700590775','2020-12-09'),(600,2563,'1103',17,3,1,'3340700590775','2020-12-09'),(601,2563,'1067',16,3,1,'3340700590775','2020-12-09'),(602,2563,'1104',18,3,1,'3340700590775','2020-12-09'),(603,2563,'1068',19,3,1,'3340700590775','2020-12-09'),(604,2563,'1105',22,3,1,'3340700590775','2020-07-03'),(605,2563,'1106',20,3,1,'3340700590775','2020-12-09'),(606,2563,'1107',21,3,1,'3340700590775','2020-12-09'),(607,2563,'1108',22,3,1,'3340700590775','2020-12-09'),(608,2563,'1109',23,3,1,'3340700590775','2020-12-09'),(609,2563,'1117',24,3,1,'3340700590775','2020-12-09'),(610,2563,'1021',31,1,1,'3340700590775','2020-07-03'),(611,2563,'1118',26,3,1,'3340700590775','2020-12-09'),(612,2563,'1120',27,3,1,'3340700590775','2020-12-09'),(613,2563,'1115',6,3,1,'3340700590775','2020-07-03'),(614,2563,'1123',25,3,1,'3340700590775','2020-12-09'),(615,2563,'1113',4,1,1,'3340700590775','2020-07-03'),(616,2563,'1121',7,1,1,'3340700590775','2020-07-03'),(617,2563,'1114',4,2,1,'3340700590775','2020-07-03'),(618,2563,'1116',5,2,1,'3340700590775','2020-07-03'),(619,2563,'1042',8,4,1,'3340700590775','2020-12-09'),(620,2563,'1043',9,4,1,'3340700590775','2020-12-09'),(621,2563,'1044',10,4,1,'3340700590775','2020-12-09'),(622,2563,'1046',11,4,1,'3340700590775','2020-12-09'),(623,2563,'1047',12,4,1,'3340700590775','2020-12-09'),(624,2563,'1048',13,4,1,'3340700590775','2020-12-09'),(625,2563,'1049',14,4,1,'3340700590775','2020-12-09'),(626,2563,'1050',15,4,1,'3340700590775','2020-12-09'),(627,2563,'1051',16,4,1,'3340700590775','2020-12-09'),(628,2563,'996',17,4,1,'3340700590775','2020-12-09'),(629,2563,'1017',18,4,1,'3340700590775','2020-12-09'),(630,2563,'1087',19,4,1,'3340700590775','2020-12-09'),(631,2563,'1052',20,4,1,'3340700590775','2020-12-09'),(632,2563,'1018',21,4,1,'3340700590775','2020-12-09'),(633,2563,'1053',22,4,1,'3340700590775','2020-12-09'),(634,2563,'1088',23,4,1,'3340700590775','2020-12-09'),(635,2563,'1019',24,4,1,'3340700590775','2020-12-09'),(636,2563,'1054',25,4,1,'3340700590775','2020-12-09'),(637,2563,'1056',26,4,1,'3340700590775','2020-12-09'),(638,2563,'1057',27,4,1,'3340700590775','2020-12-09'),(639,2563,'1089',28,4,1,'3340700590775','2020-12-09'),(640,2563,'1058',29,4,1,'3340700590775','2020-12-09'),(641,2563,'1059',30,4,1,'3340700590775','2020-12-09'),(642,2563,'1126',1,1,1,'3340700590775','2020-07-09'),(643,2563,'1128',2,1,1,'3340700590775','2020-07-09'),(644,2563,'1127',3,1,1,'3340700590775','2020-07-09'),(645,2563,'1125',4,1,1,'3340700590775','2020-07-09'),(646,2563,'1151',5,1,1,'3340700590775','2020-07-09'),(647,2563,'1156',6,1,1,'3340700590775','2020-07-09'),(648,2563,'1136',6,2,1,'3340700590775','2020-07-09'),(649,2563,'1137',7,2,1,'3340700590775','2020-07-09'),(650,2563,'1135',8,2,1,'3340700590775','2020-07-09'),(651,2563,'1144',9,2,1,'3340700590775','2020-07-09'),(652,2563,'1142',10,2,1,'3340700590775','2020-07-09'),(653,2563,'1145',11,2,1,'3340700590775','2020-07-09'),(654,2563,'1140',12,2,1,'3340700590775','2020-07-09'),(655,2563,'1143',13,2,1,'3340700590775','2020-07-09'),(656,2563,'1141',14,2,1,'3340700590775','2020-07-09'),(657,2563,'1138',15,2,1,'3340700590775','2020-07-09'),(658,2563,'1146',16,2,1,'3340700590775','2020-07-09'),(659,2563,'1134',17,2,1,'3340700590775','2020-07-09'),(660,2563,'1139',18,2,1,'3340700590775','2020-07-09'),(661,2563,'1154',19,2,1,'3340700590775','2020-07-09'),(662,2563,'1153',28,3,1,'3340700590775','2020-12-09'),(676,2563,'971',16,8,1,'3340700590775','2020-07-21'),(664,2563,'1129',31,4,1,'3340700590775','2020-12-09'),(665,2563,'1132',33,4,1,'3340700590775','2020-07-09'),(666,2563,'1130',32,4,1,'3340700590775','2020-12-09'),(667,2563,'1133',33,4,1,'3340700590775','2020-12-09'),(668,2563,'1131',34,4,1,'3340700590775','2020-12-09'),(669,2563,'1147',21,6,1,'3340700590775','2020-07-09'),(670,2563,'1149',22,6,1,'3340700590775','2020-07-09'),(671,2563,'1148',23,6,1,'3340700590775','2020-07-09'),(672,2563,'1152',24,6,1,'3340700590775','2020-07-09'),(673,2563,'1157',20,6,1,'3340700590775','2021-03-30'),(674,2563,'1150',19,8,1,'3340700590775','2020-10-01'),(675,2563,'1155',20,8,1,'3340700590775','2020-10-01'),(677,2563,'1158',35,4,1,'3340700590775','2020-12-09'),(678,2563,'894',16,8,1,'3340700590775','2020-10-01'),(679,2563,'1159',30,3,1,'3340700590775','2020-12-09'),(680,2563,'1160',20,6,1,'3340700590775','2020-12-09'),(681,2563,'985',24,5,1,'3340700590775','2020-12-09'),(682,2563,'1040',7,4,1,'3340700590775','2020-12-09'),(683,2563,'1093',6,3,1,'3340700590775','2020-12-09'),(684,2563,'830',2,9,1,'3340700590775','2021-06-23'),(685,2563,'831',3,9,1,'3340700590775','2021-06-23'),(686,2563,'833',4,9,1,'3340700590775','2021-06-23'),(687,2563,'834',5,9,1,'3340700590775','2021-06-23'),(688,2563,'836',6,9,1,'3340700590775','2021-06-23'),(689,2563,'863',7,9,1,'3340700590775','2021-06-23'),(690,2563,'865',8,9,1,'3340700590775','2021-06-23'),(691,2563,'883',9,9,1,'3340700590775','2021-06-23'),(692,2563,'959',10,9,1,'3340700590775','2021-06-23'),(693,2563,'965',11,9,1,'3340700590775','2021-06-23'),(694,2563,'966',12,9,1,'3340700590775','2021-06-23'),(695,2563,'1075',13,9,1,'3340700590775','2021-06-23'),(696,2563,'832',14,9,1,'3340700590775','2021-06-23'),(697,2563,'1077',15,9,1,'3340700590775','2021-06-23'),(698,2563,'838',16,9,1,'3340700590775','2021-06-23'),(699,2563,'842',17,9,1,'3340700590775','2021-06-23'),(700,2563,'844',18,9,1,'3340700590775','2021-06-23'),(701,2563,'848',19,9,1,'3340700590775','2021-06-23'),(702,2563,'849',20,9,1,'3340700590775','2021-06-23'),(703,2563,'850',21,9,1,'3340700590775','2021-06-23'),(704,2563,'852',22,9,1,'3340700590775','2021-06-23'),(705,2563,'924',23,9,1,'3340700590775','2021-06-23'),(706,2563,'925',24,9,1,'3340700590775','2021-06-23'),(707,2563,'841',25,9,1,'3340700590775','2021-06-23'),(708,2563,'954',26,9,1,'3340700590775','2021-06-23'),(709,2563,'968',27,9,1,'3340700590775','2021-06-23'),(710,2563,'1036',28,9,1,'3340700590775','2021-06-23'),(711,2563,'953',29,9,1,'3340700590775','2021-06-23'),(712,2563,'1078',30,9,1,'3340700590775','2021-06-23'),(713,2563,'1079',31,9,1,'3340700590775','2021-06-23'),(714,2563,'829',1,9,1,'3340700590775','2021-06-23'),(715,2563,'910',2,7,1,'3340700590775','2021-06-23'),(716,2563,'911',3,7,1,'3340700590775','2021-06-23'),(717,2563,'912',4,7,1,'3340700590775','2021-06-23'),(718,2563,'891',5,7,1,'3340700590775','2021-06-23'),(719,2563,'913',6,7,1,'3340700590775','2021-06-23'),(720,2563,'892',7,7,1,'3340700590775','2021-06-23'),(721,2563,'914',8,7,1,'3340700590775','2021-06-23'),(722,2563,'952',9,7,1,'3340700590775','2021-06-23'),(723,2563,'973',10,7,1,'3340700590775','2021-06-23'),(724,2563,'884',1,8,1,'3340700590775','2021-06-23'),(725,2563,'885',2,8,1,'3340700590775','2021-06-23'),(726,2563,'886',3,8,1,'3340700590775','2021-06-23'),(727,2563,'887',4,8,1,'3340700590775','2021-06-23'),(728,2563,'969',5,8,1,'3340700590775','2021-06-23'),(729,2563,'890',6,8,1,'3340700590775','2021-06-23'),(730,2563,'1035',7,8,1,'3340700590775','2021-06-23'),(731,2563,'1076',8,8,1,'3340700590775','2021-06-23'),(732,2563,'1080',9,8,1,'3340700590775','2021-06-23'),(733,2563,'896',10,8,1,'3340700590775','2021-06-23'),(734,2563,'897',11,8,1,'3340700590775','2021-06-23'),(735,2563,'898',12,8,1,'3340700590775','2021-06-23'),(736,2563,'899',13,8,1,'3340700590775','2021-06-23'),(737,2563,'900',14,8,1,'3340700590775','2021-06-23'),(738,2563,'901',15,8,1,'3340700590775','2021-06-23'),(739,2564,'1181',19,9,1,'3340700590775','2021-06-23'),(740,2564,'1185',25,8,1,'3340700590775','2021-06-28'),(741,2564,'1203',26,8,1,'3340700590775','2021-06-28'),(742,2564,'1205',27,8,1,'3340700590775','2021-06-28'),(743,2564,'1126',1,2,1,'3340700590775','2021-06-28'),(744,2564,'1128',2,2,1,'3340700590775','2021-06-28'),(745,2564,'1127',3,2,1,'3340700590775','2021-06-28'),(746,2564,'1125',4,2,1,'3340700590775','2021-06-28'),(747,2564,'1151',5,2,1,'3340700590775','2021-06-28'),(748,2564,'1156',13,2,1,'3340700590775','2021-06-28'),(749,2564,'1162',1,1,1,'3340700590775','2021-06-28'),(750,2564,'1164',2,1,1,'3340700590775','2021-06-28'),(751,2564,'1201',3,1,1,'3340700590775','2021-06-28'),(752,2564,'1199',4,1,1,'3340700590775','2021-06-28'),(753,2564,'1163',5,1,1,'3340700590775','2021-06-28'),(754,2564,'1165',6,1,1,'3340700590775','2021-06-28'),(755,2564,'1207',7,1,1,'3340700590775','2021-06-28'),(756,2564,'1110',1,3,1,'3340700590775','2021-06-28'),(757,2564,'1111',2,3,1,'3340700590775','2021-06-28'),(758,2564,'1112',3,3,1,'3340700590775','2021-06-28'),(759,2564,'1114',4,3,1,'3340700590775','2021-06-28'),(760,2564,'1136',6,3,1,'3340700590775','2021-06-28'),(761,2564,'1137',7,3,1,'3340700590775','2021-06-28'),(762,2564,'1135',8,3,1,'3340700590775','2021-06-28'),(763,2564,'1144',9,3,1,'3340700590775','2021-06-28'),(764,2564,'1142',10,3,1,'3340700590775','2021-06-28'),(765,2564,'1145',11,3,1,'3340700590775','2021-06-28'),(766,2564,'1140',12,3,1,'3340700590775','2021-06-28'),(767,2564,'1143',13,3,1,'3340700590775','2021-06-28'),(768,2564,'1141',14,3,1,'3340700590775','2021-06-28'),(769,2564,'1138',15,3,1,'3340700590775','2021-06-28'),(770,2564,'1146',16,3,1,'3340700590775','2021-06-28'),(771,2564,'1134',17,3,1,'3340700590775','2021-06-28'),(772,2564,'1139',18,3,1,'3340700590775','2021-06-28'),(773,2564,'1154',19,3,1,'3340700590775','2021-06-28'),(774,2564,'1116',5,3,1,'3340700590775','2021-06-28'),(775,2564,'1196',6,2,1,'3340700590775','2021-06-28'),(776,2564,'1194',7,2,1,'3340700590775','2021-06-28'),(777,2564,'1180',8,2,1,'3340700590775','2021-06-28'),(778,2564,'1179',9,2,1,'3340700590775','2021-06-28'),(779,2564,'1190',10,2,1,'3340700590775','2021-06-28'),(780,2564,'1173',11,2,1,'3340700590775','2021-06-28'),(781,2564,'1209',12,2,1,'3340700590775','2021-06-28'),(782,2564,'1172',14,2,1,'3340700590775','2021-06-28'),(783,2564,'1182',15,2,1,'3340700590775','2021-06-28'),(784,2564,'1189',16,2,1,'3340700590775','2021-06-28'),(785,2564,'1183',17,2,1,'3340700590775','2021-08-02'),(786,2564,'1177',18,2,1,'3340700590775','2021-06-28'),(787,2564,'1192',19,2,1,'3340700590775','2021-06-28'),(788,2564,'1176',20,2,1,'3340700590775','2021-06-28'),(789,2564,'1175',21,2,1,'3340700590775','2021-06-28'),(790,2564,'1171',22,2,1,'3340700590775','2021-06-28'),(791,2564,'1170',23,2,1,'3340700590775','2021-06-28'),(792,2564,'1184',24,2,1,'3340700590775','2021-06-28'),(793,2564,'1187',25,2,1,'3340700590775','2021-06-28'),(794,2564,'1178',26,2,1,'3340700590775','2021-06-28'),(795,2564,'1202',27,2,1,'3340700590775','2021-06-28'),(796,2564,'940',10,6,1,'3340700590775','2021-06-28'),(797,2564,'1149',22,6,1,'3340700590775','2021-06-28'),(798,2564,'931',1,7,1,'3340700590775','2021-06-28'),(799,2564,'933',3,7,1,'3340700590775','2021-06-28'),(800,2564,'932',2,7,1,'3340700590775','2021-06-28'),(801,2564,'935',4,7,1,'3340700590775','2021-06-28'),(802,2564,'938',5,7,1,'3340700590775','2021-06-28'),(803,2564,'941',6,7,1,'3340700590775','2021-06-28'),(804,2564,'942',7,7,1,'3340700590775','2021-06-28'),(805,2564,'1029',8,7,1,'3340700590775','2021-06-28'),(806,2564,'944',9,7,1,'3340700590775','2021-06-28'),(807,2564,'1084',10,7,1,'3340700590775','2021-06-28'),(808,2564,'945',12,7,1,'3340700590775','2021-06-28'),(809,2564,'946',13,7,1,'3340700590775','2021-06-28'),(810,2564,'947',14,7,1,'3340700590775','2021-06-28'),(811,2564,'948',15,7,1,'3340700590775','2021-06-28'),(812,2564,'949',16,7,1,'3340700590775','2021-06-28'),(813,2564,'951',17,7,1,'3340700590775','2021-06-28'),(814,2564,'1030',18,7,1,'3340700590775','2021-06-28'),(815,2564,'1069',19,7,1,'3340700590775','2021-06-28'),(816,2564,'1157',23,7,1,'3340700590775','2021-06-28'),(817,2564,'1147',20,7,1,'3340700590775','2021-06-28'),(818,2564,'1148',21,7,1,'3340700590775','2021-06-28'),(819,2564,'1152',22,7,1,'3340700590775','2021-06-28'),(820,2564,'1191',11,7,1,'3340700590775','2021-06-28'),(821,2564,'980',1,6,1,'3340700590775','2021-06-28'),(822,2564,'982',2,6,1,'3340700590775','2021-06-28'),(823,2564,'984',3,6,1,'3340700590775','2021-06-28'),(824,2564,'986',5,6,1,'3340700590775','2021-06-28'),(825,2564,'987',6,6,1,'3340700590775','2021-06-28'),(826,2564,'988',7,6,1,'3340700590775','2021-06-28'),(827,2564,'989',8,6,1,'3340700590775','2021-06-28'),(828,2564,'990',9,6,1,'3340700590775','2021-06-28'),(829,2564,'991',10,6,1,'3340700590775','2021-06-28'),(830,2564,'992',11,6,1,'3340700590775','2021-06-28'),(831,2564,'994',12,6,1,'3340700590775','2021-06-28'),(832,2564,'1026',13,6,1,'3340700590775','2021-06-28'),(833,2564,'998',14,6,1,'3340700590775','2021-06-28'),(834,2564,'999',15,6,1,'3340700590775','2021-06-28'),(835,2564,'1000',16,6,1,'3340700590775','2021-06-28'),(836,2564,'1004',17,6,1,'3340700590775','2021-06-28'),(837,2564,'1005',18,6,1,'3340700590775','2021-06-28'),(838,2564,'1006',19,6,1,'3340700590775','2021-06-28'),(839,2564,'1007',20,6,1,'3340700590775','2021-06-28'),(840,2564,'1008',21,6,1,'3340700590775','2021-06-28'),(841,2564,'1038',21,6,1,'3340700590775','2021-11-19'),(842,2564,'1085',22,6,1,'3340700590775','2021-11-19'),(843,2564,'1002',23,6,1,'3340700590775','2021-11-19'),(844,2564,'985',4,6,1,'3340700590775','2021-06-28'),(845,2564,'1195',24,6,1,'3340700590775','2021-11-19'),(846,2564,'1009',1,5,1,'3340700590775','2021-06-28'),(847,2564,'1010',2,5,1,'3340700590775','2021-06-28'),(848,2564,'1014',3,5,1,'3340700590775','2021-06-28'),(849,2564,'1015',4,5,1,'3340700590775','2021-06-28'),(850,2564,'1016',5,5,1,'3340700590775','2021-06-28'),(851,2564,'1025',6,5,1,'3340700590775','2021-06-28'),(852,2564,'1040',7,5,1,'3340700590775','2021-06-28'),(853,2564,'1042',8,5,1,'3340700590775','2021-06-28'),(854,2564,'1043',9,5,1,'3340700590775','2021-06-28'),(855,2564,'1044',10,5,1,'3340700590775','2021-06-28'),(856,2564,'1046',11,5,1,'3340700590775','2021-06-28'),(857,2564,'1047',12,5,1,'3340700590775','2021-06-28'),(858,2564,'1048',13,5,1,'3340700590775','2021-06-28'),(859,2564,'1049',14,5,1,'3340700590775','2021-06-28'),(860,2564,'1050',15,5,1,'3340700590775','2021-06-28'),(861,2564,'1051',16,5,1,'3340700590775','2021-06-28'),(862,2564,'1129',17,5,1,'3340700590775','2021-06-28'),(863,2564,'996',21,5,1,'3340700590775','2021-06-28'),(864,2564,'1017',22,5,1,'3340700590775','2021-06-28'),(865,2564,'1087',23,5,1,'3340700590775','2021-06-28'),(866,2564,'1052',24,5,1,'3340700590775','2021-06-28'),(867,2564,'1018',25,5,1,'3340700590775','2021-06-28'),(868,2564,'1053',26,5,1,'3340700590775','2021-06-28'),(869,2564,'1088',27,5,1,'3340700590775','2021-06-28'),(870,2564,'1019',28,5,1,'3340700590775','2021-06-28'),(871,2564,'1054',29,5,1,'3340700590775','2021-06-28'),(872,2564,'1056',30,5,1,'3340700590775','2021-06-28'),(873,2564,'1057',31,5,1,'3340700590775','2021-06-28'),(874,2564,'1089',32,5,1,'3340700590775','2021-06-28'),(875,2564,'1058',33,5,1,'3340700590775','2021-06-28'),(876,2564,'1059',34,5,1,'3340700590775','2021-06-28'),(877,2564,'1130',35,5,1,'3340700590775','2021-06-28'),(878,2564,'1133',36,5,1,'3340700590775','2021-06-28'),(879,2564,'1131',37,5,1,'3340700590775','2021-06-28'),(880,2564,'1200',38,5,1,'3340700590775','2021-06-28'),(881,2564,'1188',18,5,1,'3340700590775','2021-06-28'),(882,2564,'1198',19,5,1,'3340700590775','2021-06-28'),(883,2564,'1204',20,5,1,'3340700590775','2021-06-28'),(884,2564,'1060',1,4,1,'3340700590775','2021-06-28'),(885,2564,'1090',2,4,1,'3340700590775','2021-06-28'),(886,2564,'1061',3,4,1,'3340700590775','2021-06-28'),(887,2564,'1062',4,4,1,'3340700590775','2021-06-28'),(888,2564,'1091',5,4,1,'3340700590775','2021-06-28'),(889,2564,'1094',6,4,1,'3340700590775','2021-06-28'),(890,2564,'1064',8,4,1,'3340700590775','2021-06-28'),(891,2564,'1097',9,4,1,'3340700590775','2021-06-28'),(892,2564,'1117',10,4,1,'3340700590775','2021-06-28'),(893,2564,'1099',14,4,1,'3340700590775','2021-06-28'),(894,2564,'1159',31,4,1,'3340700590775','2021-11-19'),(895,2564,'1098',30,4,1,'3340700590775','2021-11-19'),(896,2564,'1153',29,4,1,'3340700590775','2021-11-19'),(897,2564,'1120',28,4,1,'3340700590775','2021-06-28'),(898,2564,'1123',28,4,1,'3340700590775','2021-11-19'),(899,2564,'1106',22,4,1,'3340700590775','2021-06-28'),(900,2564,'1095',7,4,1,'3340700590775','2021-06-28'),(901,2564,'1065',15,4,1,'3340700590775','2021-06-28'),(902,2564,'1066',16,4,1,'3340700590775','2021-06-28'),(903,2564,'1100',17,4,1,'3340700590775','2021-06-28'),(904,2564,'1101',18,4,1,'3340700590775','2021-06-28'),(905,2564,'1103',19,4,1,'3340700590775','2021-06-28'),(906,2564,'1067',20,4,1,'3340700590775','2021-06-28'),(907,2564,'1104',21,4,1,'3340700590775','2021-06-28'),(908,2564,'1107',23,4,1,'3340700590775','2021-06-28'),(909,2564,'1108',24,4,1,'3340700590775','2021-06-28'),(910,2564,'1109',25,4,1,'3340700590775','2021-06-28'),(911,2564,'1118',27,4,1,'3340700590775','2021-06-28'),(912,2564,'1093',6,3,1,'3340700590775','2021-06-28'),(913,2564,'1068',19,3,1,'3340700590775','2021-06-28'),(914,2564,'1193',20,3,1,'3340700590775','2021-06-28'),(915,2564,'1186',21,3,1,'3340700590775','2021-06-28'),(916,2564,'1174',22,3,1,'3340700590775','2021-10-06'),(917,2564,'1197',23,3,1,'3340700590775','2021-06-28'),(918,2564,'1206',24,3,1,'3340700590775','2021-06-28'),(919,2564,'1210',25,3,1,'3340700590775','2021-06-28'),(920,2564,'1166',11,4,1,'3340700590775','2021-06-28'),(921,2564,'1167',12,4,1,'3340700590775','2021-06-28'),(922,2564,'1168',13,4,1,'3340700590775','2021-06-28'),(923,2564,'1169',33,4,1,'3340700590775','2021-06-28'),(924,2564,'1208',32,4,1,'3340700590775','2021-11-19'),(925,2564,'1115',26,4,1,'3340700590775','2021-06-28'),(926,2564,'1211',26,3,1,'3340700590775','2021-07-01'),(927,2564,'919',28,8,1,'3340700590775','2021-11-19'),(928,2564,'1212',39,5,1,'3340700590775','2021-11-19'),(929,2564,'884',1,9,1,'3340700590775','2022-05-24'),(930,2564,'885',2,9,1,'3340700590775','2022-05-24'),(931,2564,'886',3,9,1,'3340700590775','2022-05-24'),(932,2564,'887',4,9,1,'3340700590775','2022-05-24'),(933,2564,'969',5,9,1,'3340700590775','2022-05-24'),(934,2564,'890',6,9,1,'3340700590775','2022-05-24'),(935,2564,'1035',7,9,1,'3340700590775','2022-05-24'),(936,2564,'1076',8,9,1,'3340700590775','2022-05-24'),(937,2564,'1080',9,9,1,'3340700590775','2022-05-24'),(938,2564,'896',10,9,1,'3340700590775','2022-05-24'),(939,2564,'897',11,9,1,'3340700590775','2022-05-24'),(940,2564,'898',12,9,1,'3340700590775','2022-05-24'),(941,2564,'899',13,9,1,'3340700590775','2022-05-24'),(942,2564,'900',14,9,1,'3340700590775','2022-05-24'),(943,2564,'901',15,9,1,'3340700590775','2022-05-24'),(944,2564,'894',16,9,1,'3340700590775','2022-05-24'),(945,2564,'895',17,9,1,'3340700590775','2022-05-24'),(946,2564,'1081',18,9,1,'3340700590775','2022-05-24'),(947,2564,'909',1,8,1,'3340700590775','2022-05-24'),(948,2564,'910',2,8,1,'3340700590775','2022-05-24'),(949,2564,'911',3,8,1,'3340700590775','2022-05-24'),(950,2564,'912',4,8,1,'3340700590775','2022-05-24'),(951,2564,'891',5,8,1,'3340700590775','2022-05-24'),(952,2564,'913',6,8,1,'3340700590775','2022-05-24'),(953,2564,'892',7,8,1,'3340700590775','2022-05-24'),(954,2564,'914',8,8,1,'3340700590775','2022-05-24'),(955,2564,'952',9,8,1,'3340700590775','2022-05-24'),(956,2564,'973',10,8,1,'3340700590775','2022-05-24'),(957,2564,'888',11,8,1,'3340700590775','2022-05-24'),(958,2564,'916',12,8,1,'3340700590775','2022-05-24'),(959,2564,'917',13,8,1,'3340700590775','2022-05-24'),(960,2564,'918',14,8,1,'3340700590775','2022-05-24'),(961,2564,'920',15,8,1,'3340700590775','2022-05-24'),(962,2564,'921',16,8,1,'3340700590775','2022-05-24'),(963,2564,'922',17,8,1,'3340700590775','2022-05-24'),(964,2564,'974',18,8,1,'3340700590775','2022-05-24'),(965,2564,'975',19,8,1,'3340700590775','2022-05-24'),(966,2564,'976',20,8,1,'3340700590775','2022-05-24'),(967,2564,'1032',21,8,1,'3340700590775','2022-05-24'),(968,2564,'1033',22,8,1,'3340700590775','2022-05-24'),(969,2564,'1034',23,8,1,'3340700590775','2022-05-24'),(970,2564,'1083',24,8,1,'3340700590775','2022-05-24'),(971,2565,'1213',1,1,1,'3340700590775','2022-06-20'),(972,2565,'1214',2,1,1,'3340700590775','2022-06-20'),(973,2565,'1215',3,1,1,'3340700590775','2022-06-20'),(974,2565,'1216',3,1,1,'3340700590775','2023-03-06'),(975,2565,'1217',4,1,1,'3340700590775','2023-03-06'),(976,2565,'1218',5,1,1,'3340700590775','2023-03-06'),(977,2565,'1219',6,1,1,'3340700590775','2023-03-06'),(978,2565,'1220',7,1,1,'3340700590775','2023-03-06'),(979,2565,'1221',8,1,1,'3340700590775','2023-03-06'),(980,2565,'1222',9,1,1,'3340700590775','2023-03-06'),(981,2565,'1223',10,1,1,'3340700590775','2023-03-06'),(982,2565,'1235',11,1,1,'3340700590775','2023-03-06'),(983,2565,'1259',12,1,1,'3340700590775','2023-03-06'),(984,2565,'1262',14,1,1,'3340700590775','2022-06-20'),(985,2565,'1199',16,2,1,'3340700590775','2022-06-20'),(986,2565,'1163',17,2,1,'3340700590775','2022-06-20'),(987,2565,'1165',18,2,1,'3340700590775','2022-06-20'),(988,2565,'1207',19,2,1,'3340700590775','2022-06-20'),(989,2565,'1224',4,2,1,'3340700590775','2022-06-20'),(990,2565,'1225',5,2,1,'3340700590775','2022-06-20'),(991,2565,'1226',6,2,1,'3340700590775','2022-06-20'),(992,2565,'1227',7,2,1,'3340700590775','2022-09-17'),(993,2565,'1228',8,2,1,'3340700590775','2022-06-20'),(994,2565,'1229',9,2,1,'3340700590775','2022-06-20'),(995,2565,'1230',10,2,1,'3340700590775','2022-06-20'),(996,2565,'1231',11,2,1,'3340700590775','2022-06-20'),(997,2565,'1232',12,2,1,'3340700590775','2022-06-20'),(998,2565,'1233',13,2,1,'3340700590775','2022-06-20'),(999,2565,'1234',14,2,1,'3340700590775','2022-06-20'),(1000,2565,'1247',15,2,1,'3340700590775','2022-06-20'),(1001,2565,'1236',20,2,1,'3340700590775','2022-06-20'),(1002,2565,'1237',21,2,1,'3340700590775','2022-06-20'),(1003,2565,'1238',22,2,1,'3340700590775','2022-06-20'),(1004,2565,'1239',23,2,1,'3340700590775','2022-06-20'),(1005,2565,'1240',24,2,1,'3340700590775','2022-06-20'),(1006,2565,'1241',25,2,1,'3340700590775','2022-06-20'),(1007,2565,'1242',26,2,1,'3340700590775','2022-06-20'),(1008,2565,'1243',25,2,1,'3340700590775','2023-03-06'),(1009,2565,'1244',21,2,1,'3340700590775','2023-03-06'),(1010,2565,'1260',4,2,1,'3340700590775','2023-03-06'),(1011,2565,'1245',28,3,1,'3340700590775','2022-06-20'),(1012,2565,'1246',29,3,1,'3340700590775','2022-06-20'),(1013,2565,'1248',30,3,1,'3340700590775','2022-06-20'),(1014,2565,'1249',31,3,1,'3340700590775','2022-06-20'),(1015,2565,'1250',32,3,1,'3340700590775','2022-06-20'),(1016,2565,'1261',25,4,1,'3340700590775','2023-01-26'),(1017,2565,'996',21,6,1,'3340700590775','2022-06-20'),(1018,2565,'1251',39,6,1,'3340700590775','2022-06-20'),(1019,2565,'1258',40,6,1,'3340700590775','2022-06-20'),(1020,2565,'1252',25,7,1,'3340700590775','2022-06-20'),(1021,2565,'1253',26,7,1,'3340700590775','2022-06-20'),(1022,2565,'1254',27,7,1,'3340700590775','2022-06-20'),(1023,2565,'951',17,8,1,'3340700590775','2022-06-20'),(1024,2565,'1083',24,9,1,'3340700590775','2022-06-20'),(1025,2565,'1255',28,9,1,'3340700590775','2022-06-20'),(1026,2565,'919',24,9,1,'3340700590775','2022-06-20'),(1027,2565,'1256',29,9,1,'3340700590775','2022-06-20'),(1028,2565,'1257',30,9,1,'3340700590775','2022-06-20'),(1029,2565,'1143',13,4,1,'3340700590775','2022-08-22'),(1030,2565,'1130',35,6,1,'3340700590775','2022-08-24'),(1031,2565,'1263',13,1,1,'3340700590775','2023-03-06'),(1032,2565,'1264',14,1,1,'3340700590775','2023-03-06'),(1033,2565,'1087',23,6,1,'3340700590775','2022-09-26'),(1034,2565,'1159',30,5,1,'3340700590775','2023-01-26'),(1035,2565,'1208',31,5,1,'3340700590775','2023-01-26'),(1036,2565,'1193',19,4,1,'3340700590775','2023-01-26'),(1037,2565,'1174',20,4,1,'3340700590775','2023-01-26'),(1038,2565,'1197',21,4,1,'3340700590775','2023-01-26'),(1039,2565,'1206',22,4,1,'3340700590775','2023-01-26'),(1040,2565,'1210',23,4,1,'3340700590775','2023-01-26'),(1041,2565,'1211',24,4,1,'3340700590775','2023-01-26'),(1042,2565,'1139',18,4,1,'3340700590775','2023-01-26'),(1043,2565,'1154',18,4,1,'3340700590775','2023-01-26'),(1044,2565,'1265',26,4,1,'3340700590775','2023-01-26'),(1045,2565,'1266',41,6,1,'3340700590775','2023-01-26'),(1046,2565,'1267',28,7,1,'3340700590775','2023-01-26'),(1047,2565,'1268',28,3,1,'3340700590775','2023-03-06'),(1048,2565,'1157',17,8,1,'3340700590775','2023-03-06'),(1049,2565,'916',12,9,1,'3340700590775','2023-03-06'),(1050,2565,'909',1,9,1,'3340700590775','2023-05-23'),(1051,2565,'910',2,9,1,'3340700590775','2023-05-23'),(1052,2565,'911',3,9,1,'3340700590775','2023-05-23'),(1053,2565,'912',4,9,1,'3340700590775','2023-05-23'),(1054,2565,'891',5,9,1,'3340700590775','2023-05-23'),(1055,2565,'913',6,9,1,'3340700590775','2023-05-23'),(1056,2565,'892',7,9,1,'3340700590775','2023-05-23'),(1057,2565,'914',8,9,1,'3340700590775','2023-05-23'),(1058,2565,'952',9,9,1,'3340700590775','2023-05-23'),(1059,2565,'973',10,9,1,'3340700590775','2023-05-23'),(1060,2565,'888',11,9,1,'3340700590775','2023-05-23'),(1061,2565,'917',13,9,1,'3340700590775','2023-05-23'),(1062,2565,'918',14,9,1,'3340700590775','2023-05-23'),(1063,2565,'920',15,9,1,'3340700590775','2023-05-23'),(1064,2565,'921',16,9,1,'3340700590775','2023-05-23'),(1065,2565,'922',17,9,1,'3340700590775','2023-05-23'),(1066,2565,'974',18,9,1,'3340700590775','2023-05-23'),(1067,2565,'975',19,9,1,'3340700590775','2023-05-23'),(1068,2565,'976',20,9,1,'3340700590775','2023-05-23'),(1069,2565,'1032',21,9,1,'3340700590775','2023-05-23'),(1070,2565,'1033',22,9,1,'3340700590775','2023-05-23'),(1071,2565,'1034',23,9,1,'3340700590775','2023-05-23'),(1072,2565,'1185',25,9,1,'3340700590775','2023-05-23'),(1073,2565,'1203',26,9,1,'3340700590775','2023-05-23'),(1074,2565,'1205',27,9,1,'3340700590775','2023-05-23'),(1075,2565,'931',1,8,1,'3340700590775','2023-05-23'),(1076,2565,'932',2,8,1,'3340700590775','2023-05-23'),(1077,2565,'933',3,8,1,'3340700590775','2023-05-23'),(1078,2565,'935',4,8,1,'3340700590775','2023-05-23'),(1079,2565,'938',5,8,1,'3340700590775','2023-05-23'),(1080,2565,'941',6,8,1,'3340700590775','2023-05-23'),(1081,2565,'942',7,8,1,'3340700590775','2023-05-23'),(1082,2565,'1029',8,8,1,'3340700590775','2023-05-23'),(1083,2565,'944',9,8,1,'3340700590775','2023-05-23'),(1084,2565,'1084',10,8,1,'3340700590775','2023-05-23'),(1085,2565,'1191',11,8,1,'3340700590775','2023-05-23'),(1086,2565,'945',12,8,1,'3340700590775','2023-05-23'),(1087,2565,'946',13,8,1,'3340700590775','2023-05-23'),(1088,2565,'947',14,8,1,'3340700590775','2023-05-23'),(1089,2565,'948',15,8,1,'3340700590775','2023-05-23'),(1090,2565,'949',16,8,1,'3340700590775','2023-05-23'),(1091,2565,'1030',18,8,1,'3340700590775','2023-05-23'),(1092,2565,'1069',19,8,1,'3340700590775','2023-05-23'),(1093,2565,'1147',20,8,1,'3340700590775','2023-05-23'),(1094,2565,'1148',21,8,1,'3340700590775','2023-05-23'),(1095,2565,'1152',22,8,1,'3340700590775','2023-05-23'),(1096,2565,'980',1,7,1,'3340700590775','2023-05-23'),(1097,2565,'982',2,7,1,'3340700590775','2023-05-23'),(1098,2565,'984',3,7,1,'3340700590775','2023-05-23'),(1099,2565,'985',4,7,1,'3340700590775','2023-05-23'),(1100,2565,'986',5,7,1,'3340700590775','2023-05-23'),(1101,2565,'987',6,7,1,'3340700590775','2023-05-23'),(1102,2565,'988',7,7,1,'3340700590775','2023-05-23'),(1103,2565,'989',8,7,1,'3340700590775','2023-05-23'),(1104,2565,'990',9,7,1,'3340700590775','2023-05-23'),(1105,2565,'991',10,7,1,'3340700590775','2023-05-23'),(1106,2565,'992',11,7,1,'3340700590775','2023-05-23'),(1107,2565,'994',12,7,1,'3340700590775','2023-05-23'),(1108,2565,'1026',13,7,1,'3340700590775','2023-05-23'),(1109,2565,'998',14,7,1,'3340700590775','2023-05-23'),(1110,2565,'999',15,7,1,'3340700590775','2023-05-23'),(1111,2565,'1000',16,7,1,'3340700590775','2023-05-23'),(1112,2565,'1004',17,7,1,'3340700590775','2023-05-23'),(1113,2565,'1005',18,7,1,'3340700590775','2023-05-23'),(1114,2565,'1006',19,7,1,'3340700590775','2023-05-23'),(1115,2565,'1007',20,7,1,'3340700590775','2023-05-23'),(1116,2565,'1038',21,7,1,'3340700590775','2023-05-23'),(1117,2565,'1085',22,7,1,'3340700590775','2023-05-23'),(1118,2565,'1002',23,7,1,'3340700590775','2023-05-23'),(1119,2565,'1195',24,7,1,'3340700590775','2023-05-23'),(1120,2565,'1009',1,6,1,'3340700590775','2023-05-23'),(1121,2565,'1010',2,6,1,'3340700590775','2023-05-23'),(1122,2565,'1014',3,6,1,'3340700590775','2023-05-23'),(1123,2565,'1015',4,6,1,'3340700590775','2023-05-23'),(1124,2565,'1016',5,6,1,'3340700590775','2023-05-23'),(1125,2565,'1025',6,6,1,'3340700590775','2023-05-23'),(1126,2565,'1040',7,6,1,'3340700590775','2023-05-23'),(1127,2565,'1042',8,6,1,'3340700590775','2023-05-23'),(1128,2565,'1043',9,6,1,'3340700590775','2023-05-23'),(1129,2565,'1044',10,6,1,'3340700590775','2023-05-23'),(1130,2565,'1046',11,6,1,'3340700590775','2023-05-23'),(1131,2565,'1047',12,6,1,'3340700590775','2023-05-23'),(1132,2565,'1048',13,6,1,'3340700590775','2023-05-23'),(1133,2565,'1049',14,6,1,'3340700590775','2023-05-23'),(1134,2565,'1050',15,6,1,'3340700590775','2023-05-23'),(1135,2565,'1051',16,6,1,'3340700590775','2023-05-23'),(1136,2565,'1129',17,6,1,'3340700590775','2023-05-23'),(1137,2565,'1188',18,6,1,'3340700590775','2023-05-23'),(1138,2565,'1198',19,6,1,'3340700590775','2023-05-23'),(1139,2565,'1204',20,6,1,'3340700590775','2023-05-23'),(1140,2565,'1017',22,6,1,'3340700590775','2023-05-23'),(1141,2565,'1052',24,6,1,'3340700590775','2023-05-23'),(1142,2565,'1018',25,6,1,'3340700590775','2023-05-23'),(1143,2565,'1053',26,6,1,'3340700590775','2023-05-23'),(1144,2565,'1088',27,6,1,'3340700590775','2023-05-23'),(1145,2565,'1019',28,6,1,'3340700590775','2023-05-23'),(1146,2565,'1054',29,6,1,'3340700590775','2023-05-23'),(1147,2565,'1056',30,6,1,'3340700590775','2023-05-23'),(1148,2565,'1057',31,6,1,'3340700590775','2023-05-23'),(1149,2565,'1089',32,6,1,'3340700590775','2023-05-23'),(1150,2565,'1058',33,6,1,'3340700590775','2023-05-23'),(1151,2565,'1059',34,6,1,'3340700590775','2023-05-23'),(1152,2565,'1133',36,6,1,'3340700590775','2023-05-23'),(1153,2565,'1131',37,6,1,'3340700590775','2023-05-23'),(1154,2565,'1200',38,6,1,'3340700590775','2023-05-23'),(1155,2565,'1212',39,6,1,'3340700590775','2023-05-23'),(1156,2565,'1060',1,5,1,'3340700590775','2023-05-23'),(1157,2565,'1090',2,5,1,'3340700590775','2023-05-23'),(1158,2565,'1061',3,5,1,'3340700590775','2023-05-23'),(1159,2565,'1062',4,5,1,'3340700590775','2023-05-23'),(1160,2565,'1091',5,5,1,'3340700590775','2023-05-23'),(1161,2565,'1094',6,5,1,'3340700590775','2023-05-23'),(1162,2565,'1095',7,5,1,'3340700590775','2023-05-23'),(1163,2565,'1064',8,5,1,'3340700590775','2023-05-23'),(1164,2565,'1097',9,5,1,'3340700590775','2023-05-23'),(1165,2565,'1117',10,5,1,'3340700590775','2023-05-23'),(1166,2565,'1166',11,5,1,'3340700590775','2023-05-23'),(1167,2565,'1167',12,5,1,'3340700590775','2023-05-23'),(1168,2565,'1168',13,5,1,'3340700590775','2023-05-23'),(1169,2565,'1099',14,5,1,'3340700590775','2023-05-23'),(1170,2565,'1065',15,5,1,'3340700590775','2023-05-23'),(1171,2565,'1066',16,5,1,'3340700590775','2023-05-23'),(1172,2565,'1100',17,5,1,'3340700590775','2023-05-23'),(1173,2565,'1101',18,5,1,'3340700590775','2023-05-23'),(1174,2565,'1103',19,5,1,'3340700590775','2023-05-23'),(1175,2565,'1067',20,5,1,'3340700590775','2023-05-23'),(1176,2565,'1104',21,5,1,'3340700590775','2023-05-23'),(1177,2565,'1106',22,5,1,'3340700590775','2023-05-23'),(1178,2565,'1107',23,5,1,'3340700590775','2023-05-23'),(1179,2565,'1108',24,5,1,'3340700590775','2023-05-23'),(1180,2565,'1109',25,5,1,'3340700590775','2023-05-23'),(1181,2565,'1115',26,5,1,'3340700590775','2023-05-23'),(1182,2565,'1118',27,5,1,'3340700590775','2023-05-23'),(1183,2565,'1123',28,5,1,'3340700590775','2023-05-23'),(1184,2565,'1153',29,5,1,'3340700590775','2023-05-23'),(1185,2565,'1110',1,4,1,'3340700590775','2023-05-23'),(1186,2565,'1111',2,4,1,'3340700590775','2023-05-23'),(1187,2565,'1112',3,4,1,'3340700590775','2023-05-23'),(1188,2565,'1114',4,4,1,'3340700590775','2023-05-23'),(1189,2565,'1116',5,4,1,'3340700590775','2023-05-23'),(1190,2565,'1136',6,4,1,'3340700590775','2023-05-23'),(1191,2565,'1137',7,4,1,'3340700590775','2023-05-23'),(1192,2565,'1135',8,4,1,'3340700590775','2023-05-23'),(1193,2565,'1144',9,4,1,'3340700590775','2023-05-23'),(1194,2565,'1142',10,4,1,'3340700590775','2023-05-23'),(1195,2565,'1145',11,4,1,'3340700590775','2023-05-23'),(1196,2565,'1140',12,4,1,'3340700590775','2023-05-23'),(1197,2565,'1141',14,4,1,'3340700590775','2023-05-23'),(1198,2565,'1138',15,4,1,'3340700590775','2023-05-23'),(1199,2565,'1146',16,4,1,'3340700590775','2023-05-23'),(1200,2565,'1134',17,4,1,'3340700590775','2023-05-23'),(1201,2565,'1126',1,3,1,'3340700590775','2023-05-23'),(1202,2565,'1128',2,3,1,'3340700590775','2023-05-23'),(1203,2565,'1127',3,3,1,'3340700590775','2023-05-23'),(1204,2565,'1125',4,3,1,'3340700590775','2023-05-23'),(1205,2565,'1151',5,3,1,'3340700590775','2023-05-23'),(1206,2565,'1196',6,3,1,'3340700590775','2023-05-23'),(1207,2565,'1194',7,3,1,'3340700590775','2023-05-23'),(1208,2565,'1180',8,3,1,'3340700590775','2023-05-23'),(1209,2565,'1179',9,3,1,'3340700590775','2023-05-23'),(1210,2565,'1190',10,3,1,'3340700590775','2023-05-23'),(1211,2565,'1173',11,3,1,'3340700590775','2023-05-23'),(1212,2565,'1209',12,3,1,'3340700590775','2023-05-23'),(1213,2565,'1156',13,3,1,'3340700590775','2023-05-23'),(1214,2565,'1172',14,3,1,'3340700590775','2023-05-23'),(1215,2565,'1182',15,3,1,'3340700590775','2023-05-23'),(1216,2565,'1189',16,3,1,'3340700590775','2023-05-23'),(1217,2565,'1183',17,3,1,'3340700590775','2023-05-23'),(1218,2565,'1177',18,3,1,'3340700590775','2023-05-23'),(1219,2565,'1192',19,3,1,'3340700590775','2023-05-23'),(1220,2565,'1176',20,3,1,'3340700590775','2023-05-23'),(1221,2565,'1175',21,3,1,'3340700590775','2023-05-23'),(1222,2565,'1171',22,3,1,'3340700590775','2023-05-23'),(1223,2565,'1170',23,3,1,'3340700590775','2023-05-23'),(1224,2565,'1184',24,3,1,'3340700590775','2023-05-23'),(1225,2565,'1187',25,3,1,'3340700590775','2023-05-23'),(1226,2565,'1178',26,3,1,'3340700590775','2023-05-23'),(1227,2565,'1202',27,3,1,'3340700590775','2023-05-23'),(1228,2565,'1162',1,2,1,'3340700590775','2023-05-23'),(1229,2565,'1164',2,2,1,'3340700590775','2023-05-23'),(1230,2565,'1201',3,2,1,'3340700590775','2023-05-23'),(1231,2566,'1267',28,8,1,'3340700590775','2023-06-10'),(1232,2566,'1312',1,1,1,'3340700590775','2023-06-11'),(1233,2566,'2147483',2,1,1,'3340700590775','2023-06-11'),(1234,2566,'1270',3,1,1,'3340700590775','2023-06-11'),(1235,2566,'1269',2,1,1,'3340700590775','2023-06-11'),(1236,2566,'1277',4,1,1,'3340700590775','2023-06-11'),(1237,2566,'1272',5,1,1,'3340700590775','2023-06-11'),(1327,2566,'1320',9,1,1,'3340700590775','2024-01-23'),(1239,2566,'1274',7,1,1,'3340700590775','2023-06-11'),(1240,2566,'1271',8,1,1,'3340700590775','2023-06-11'),(1241,2566,'1296',9,1,1,'3340700590775','2023-06-11'),(1242,2566,'1311',14,2,1,'3340700590775','2023-06-11'),(1243,2566,'1308',15,2,1,'3340700590775','2023-06-11'),(1244,2566,'1314',16,2,1,'3340700590775','2023-06-11'),(1245,2566,'1279',17,2,1,'3340700590775','2023-06-11'),(1246,2566,'1280',18,2,1,'3340700590775','2023-06-11'),(1247,2566,'1281',19,2,1,'3340700590775','2023-06-11'),(1330,2566,'1323',44,7,1,'3340700590775','2024-01-23'),(1249,2566,'1282',21,2,1,'3340700590775','2023-06-11'),(1250,2566,'1284',22,2,1,'3340700590775','2023-06-11'),(1251,2566,'1278',23,2,1,'3340700590775','2023-06-11'),(1252,2566,'1285',24,2,1,'3340700590775','2023-06-11'),(1253,2566,'1286',25,2,1,'3340700590775','2023-06-11'),(1254,2566,'1310',26,2,1,'3340700590775','2023-06-11'),(1334,2566,'931',1,9,1,'3341600013238','2024-05-31'),(1256,2566,'1287',27,2,1,'3340700590775','2023-06-11'),(1257,2566,'1288',28,2,1,'3340700590775','2023-06-11'),(1258,2566,'1289',29,2,1,'3340700590775','2023-06-11'),(1259,2566,'1290',30,2,1,'3340700590775','2023-06-11'),(1260,2566,'1291',31,2,1,'3340700590775','2023-06-11'),(1261,2566,'1293',32,2,1,'3340700590775','2023-06-11'),(1262,2566,'1219',6,2,1,'3340700590775','2023-06-11'),(1263,2566,'1220',6,2,1,'3340700590775','2023-06-11'),(1264,2566,'1221',7,2,1,'3340700590775','2023-06-13'),(1265,2566,'1222',8,2,1,'3340700590775','2023-06-11'),(1266,2566,'1223',9,2,1,'3340700590775','2023-06-11'),(1267,2566,'1235',10,2,1,'3340700590775','2023-06-11'),(1268,2566,'1259',11,2,1,'3340700590775','2023-06-11'),(1269,2566,'1264',13,2,1,'3340700590775','2023-06-11'),(1270,2566,'1260',4,3,1,'3340700590775','2023-06-11'),(1271,2566,'1225',5,3,1,'3340700590775','2023-06-11'),(1272,2566,'1227',7,3,1,'3340700590775','2023-06-11'),(1273,2566,'1230',10,3,1,'3340700590775','2023-06-11'),(1274,2566,'1232',12,3,1,'3340700590775','2023-06-11'),(1275,2566,'1226',4,3,1,'3340700590775','2023-06-11'),(1276,2566,'1228',5,3,1,'3340700590775','2023-06-11'),(1277,2566,'1229',6,3,1,'3340700590775','2023-06-11'),(1278,2566,'1231',7,3,1,'3340700590775','2023-06-11'),(1279,2566,'1233',8,3,1,'3340700590775','2023-06-11'),(1280,2566,'1234',9,3,1,'3340700590775','2023-06-11'),(1281,2566,'1247',10,3,1,'3340700590775','2023-06-11'),(1282,2566,'1199',11,3,1,'3340700590775','2023-06-11'),(1283,2566,'1163',12,3,1,'3340700590775','2023-06-11'),(1284,2566,'1165',13,3,1,'3340700590775','2023-06-11'),(1285,2566,'1207',14,3,1,'3340700590775','2023-06-11'),(1286,2566,'1236',15,3,1,'3340700590775','2023-06-11'),(1287,2566,'1244',16,3,1,'3340700590775','2023-06-11'),(1288,2566,'1238',17,3,1,'3340700590775','2023-06-11'),(1289,2566,'1239',18,3,1,'3340700590775','2023-06-11'),(1290,2566,'1240',19,3,1,'3340700590775','2023-06-11'),(1291,2566,'1243',20,3,1,'3340700590775','2023-06-11'),(1292,2566,'1242',21,3,1,'3340700590775','2023-06-11'),(1293,2566,'1309',22,3,1,'3340700590775','2023-06-11'),(1294,2566,'1295',23,3,1,'3340700590775','2023-06-11'),(1295,2566,'1315',24,3,1,'3340700590775','2023-06-11'),(1296,2566,'1192',19,4,1,'3340700590775','2023-06-11'),(1297,2566,'1275',32,4,1,'3340700590775','2023-06-11'),(1298,2566,'1276',33,4,1,'3340700590775','2023-06-11'),(1299,2566,'1134',17,5,1,'3340700590775','2023-06-11'),(1300,2566,'1297',17,5,1,'3340700590775','2023-06-11'),(1301,2566,'1099',14,6,1,'3340700590775','2023-06-13'),(1302,2566,'1307',32,6,1,'3340700590775','2023-06-11'),(1303,2566,'1298',33,6,1,'3340700590775','2023-06-11'),(1304,2566,'1299',34,6,1,'3340700590775','2023-06-11'),(1305,2566,'1300',35,6,1,'3340700590775','2023-06-11'),(1306,2566,'1131',37,7,1,'3340700590775','2023-06-11'),(1307,2566,'1302',23,7,1,'3340700590775','2023-06-11'),(1308,2566,'1251',37,7,1,'3340700590775','2023-06-11'),(1309,2566,'1301',42,7,1,'3340700590775','2023-06-11'),(1310,2566,'1305',43,7,1,'3340700590775','2023-06-11'),(1311,2566,'1254',27,8,1,'3340700590775','2023-06-11'),(1312,2566,'1303',27,8,1,'3340700590775','2023-06-11'),(1313,2566,'1316',28,8,1,'3340700590775','2023-06-11'),(1314,2566,'1317',29,8,1,'3340700590775','2023-06-11'),(1315,2566,'1306',30,8,1,'3340700590775','2023-06-11'),(1316,2566,'1304',31,8,1,'3340700590775','2023-06-11'),(1317,2566,'1090',2,6,1,'3340700590775','2023-06-11'),(1318,2566,'1129',17,7,1,'3340700590775','2023-06-12'),(1319,2566,'1047',12,7,1,'3340700590775','2023-06-12'),(1320,2566,'1200',38,7,1,'3340700590775','2023-06-13'),(1321,2566,'1148',21,9,1,'3340700590775','2023-06-13'),(1322,2566,'1168',13,6,1,'3340700590775','2023-06-18'),(1323,2566,'1313',34,4,1,'3340700590775','2023-09-04'),(1324,2566,'1318',36,6,1,'3340700590775','2023-09-04'),(1325,2566,'1174',20,5,1,'3341500196501','2023-10-03'),(1326,2566,'1322',27,5,1,'3341500196501','2023-12-07'),(1328,2566,'1321',10,1,1,'3340700590775','2024-01-23'),(1329,2566,'1324',11,1,1,'3340700590775','2024-01-23'),(1332,2566,'1501',37,6,1,'3340700590775','2024-01-25'),(1333,2566,'1098',37,6,1,'3340700590775','2024-01-29'),(1335,2566,'932',2,9,1,'3341600013238','2024-05-31'),(1336,2566,'933',3,9,1,'3341600013238','2024-05-31'),(1337,2566,'935',4,9,1,'3341600013238','2024-05-31'),(1338,2566,'938',5,9,1,'3341600013238','2024-05-31'),(1339,2566,'941',6,9,1,'3341600013238','2024-05-31'),(1340,2566,'942',7,9,1,'3341600013238','2024-05-31'),(1341,2566,'1029',8,9,1,'3341600013238','2024-05-31'),(1342,2566,'944',9,9,1,'3341600013238','2024-05-31'),(1343,2566,'1084',10,9,1,'3341600013238','2024-05-31'),(1344,2566,'1191',11,9,1,'3341600013238','2024-05-31'),(1345,2566,'945',12,9,1,'3341600013238','2024-05-31'),(1346,2566,'946',13,9,1,'3341600013238','2024-05-31'),(1347,2566,'947',14,9,1,'3341600013238','2024-05-31'),(1348,2566,'948',15,9,1,'3341600013238','2024-05-31'),(1349,2566,'949',16,9,1,'3341600013238','2024-05-31'),(1350,2566,'1157',17,9,1,'3341600013238','2024-05-31'),(1351,2566,'1030',18,9,1,'3341600013238','2024-05-31'),(1352,2566,'1069',19,9,1,'3341600013238','2024-05-31'),(1353,2566,'1147',20,9,1,'3341600013238','2024-05-31'),(1354,2566,'1152',22,9,1,'3341600013238','2024-05-31'),(1355,2566,'1006',19,8,1,'3341600013238','2024-05-31'),(1356,2566,'1007',20,8,1,'3341600013238','2024-05-31'),(1357,2566,'1038',21,8,1,'3341600013238','2024-05-31'),(1358,2566,'1085',22,8,1,'3341600013238','2024-05-31'),(1359,2566,'1002',23,8,1,'3341600013238','2024-05-31'),(1360,2566,'1195',24,8,1,'3341600013238','2024-05-31'),(1361,2566,'1252',25,8,1,'3341600013238','2024-05-31'),(1362,2566,'1253',26,8,1,'3341600013238','2024-05-31'),(1363,2566,'1213',1,2,1,'3341600013238','2024-05-31'),(1364,2566,'1214',2,2,1,'3341600013238','2024-05-31'),(1365,2566,'1216',3,2,1,'3341600013238','2024-05-31'),(1366,2566,'1217',4,2,1,'3341600013238','2024-05-31'),(1367,2566,'1218',5,2,1,'3341600013238','2024-05-31'),(1368,2566,'1162',1,3,1,'3341600013238','2024-05-31'),(1369,2566,'1164',2,3,1,'3341600013238','2024-05-31'),(1370,2566,'1201',3,3,1,'3341600013238','2024-05-31'),(1371,2566,'1178',26,4,1,'1349700068116','2024-05-31'),(1372,2566,'1202',27,4,1,'1349700068116','2024-05-31'),(1373,2566,'1268',28,4,1,'1349700068116','2024-05-31'),(1374,2566,'1246',29,4,1,'1349700068116','2024-05-31'),(1375,2566,'1248',30,4,1,'1349700068116','2024-05-31'),(1376,2566,'1249',31,4,1,'1349700068116','2024-05-31'),(1377,2566,'1110',1,5,1,'1349700068116','2024-05-31'),(1378,2566,'1111',2,5,1,'1349700068116','2024-05-31'),(1379,2566,'1112',3,5,1,'1349700068116','2024-05-31'),(1380,2566,'1114',4,5,1,'1349700068116','2024-05-31'),(1381,2566,'1116',5,5,1,'1349700068116','2024-05-31'),(1382,2566,'1136',6,5,1,'1349700068116','2024-05-31'),(1383,2566,'1137',7,5,1,'1349700068116','2024-05-31'),(1384,2566,'1135',8,5,1,'1349700068116','2024-05-31'),(1385,2566,'1144',9,5,1,'1349700068116','2024-05-31'),(1386,2566,'1142',10,5,1,'1349700068116','2024-05-31'),(1387,2566,'1145',11,5,1,'1349700068116','2024-05-31'),(1388,2566,'1140',12,5,1,'1349700068116','2024-05-31'),(1389,2566,'1143',13,5,1,'1349700068116','2024-05-31'),(1390,2566,'1141',14,5,1,'1349700068116','2024-05-31'),(1391,2566,'1138',15,5,1,'1349700068116','2024-05-31'),(1392,2566,'1146',16,5,1,'1349700068116','2024-05-31'),(1393,2566,'1154',18,5,1,'1349700068116','2024-05-31'),(1394,2566,'1193',19,5,1,'1349700068116','2024-05-31'),(1395,2566,'1197',21,5,1,'1349700068116','2024-05-31'),(1396,2566,'1206',22,5,1,'1349700068116','2024-05-31'),(1397,2566,'1210',23,5,1,'1349700068116','2024-05-31'),(1398,2566,'1211',24,5,1,'1349700068116','2024-05-31'),(1399,2566,'1261',25,5,1,'1349700068116','2024-05-31'),(1400,2566,'1265',26,5,1,'1349700068116','2024-05-31'),(1401,2566,'1060',1,6,1,'1349700068116','2024-05-31'),(1402,2566,'1061',3,6,1,'1349700068116','2024-05-31'),(1403,2566,'1062',4,6,1,'1349700068116','2024-05-31'),(1404,2566,'1091',5,6,1,'1349700068116','2024-05-31'),(1405,2566,'1094',6,6,1,'1349700068116','2024-05-31'),(1406,2566,'1095',7,6,1,'1349700068116','2024-05-31'),(1407,2566,'1064',8,6,1,'1349700068116','2024-05-31'),(1408,2566,'1097',9,6,1,'1349700068116','2024-05-31'),(1409,2566,'1188',18,7,1,'1349700068116','2024-05-31'),(1410,2566,'1198',19,7,1,'1349700068116','2024-05-31'),(1411,2566,'1204',20,7,1,'1349700068116','2024-05-31'),(1412,2566,'996',21,7,1,'1349700068116','2024-05-31'),(1413,2566,'1017',22,7,1,'3340100525662','2024-05-31'),(1414,2566,'1052',24,7,1,'1349700068116','2024-05-31'),(1415,2566,'1018',25,7,1,'1349700068116','2024-05-31'),(1416,2566,'1053',26,7,1,'1349700068116','2024-05-31'),(1417,2566,'1088',27,7,1,'1349700068116','2024-05-31'),(1418,2566,'1019',28,7,1,'1349700068116','2024-05-31'),(1419,2566,'1054',29,7,1,'1349700068116','2024-05-31'),(1420,2566,'1056',30,7,1,'1349700068116','2024-05-31'),(1421,2566,'1057',31,7,1,'1349700068116','2024-05-31'),(1422,2566,'1089',32,7,1,'1349700068116','2024-05-31'),(1423,2566,'1058',33,7,1,'1349700068116','2024-05-31'),(1424,2566,'1059',34,7,1,'1349700068116','2024-05-31'),(1425,2566,'1130',35,7,1,'1349700068116','2024-05-31'),(1426,2566,'1133',36,7,1,'1349700068116','2024-05-31'),(1427,2566,'1212',39,7,1,'1349700068116','2024-05-31'),(1428,2566,'1258',40,7,1,'1349700068116','2024-05-31'),(1429,2566,'1266',41,7,1,'1349700068116','2024-05-31'),(1430,2566,'980',1,8,1,'1349700068116','2024-05-31'),(1431,2566,'982',2,8,1,'1349700068116','2024-05-31'),(1432,2566,'984',3,8,1,'1349700068116','2024-05-31'),(1433,2566,'985',4,8,1,'1349700068116','2024-05-31'),(1434,2566,'986',5,8,1,'1349700068116','2024-05-31'),(1435,2566,'987',6,8,1,'1349700068116','2024-05-31'),(1436,2566,'988',7,8,1,'1349700068116','2024-05-31'),(1437,2566,'989',8,8,1,'1349700068116','2024-05-31'),(1438,2566,'990',9,8,1,'1349700068116','2024-05-31'),(1439,2566,'991',10,8,1,'1349700068116','2024-05-31'),(1440,2566,'992',11,8,1,'1349700068116','2024-05-31'),(1441,2566,'994',12,8,1,'1349700068116','2024-05-31'),(1442,2566,'1026',13,8,1,'1349700068116','2024-05-31'),(1443,2566,'998',14,8,1,'1349700068116','2024-05-31'),(1444,2566,'999',15,8,1,'1349700068116','2024-05-31'),(1445,2566,'1000',16,8,1,'1349700068116','2024-05-31'),(1446,2566,'1004',17,8,1,'1349700068116','2024-05-31'),(1447,2566,'1005',18,8,1,'1349700068116','2024-05-31'),(1448,2566,'1126',1,4,1,'1349700068116','2024-05-31'),(1449,2566,'1128',2,4,1,'1349700068116','2024-05-31'),(1450,2566,'1127',3,4,1,'1349700068116','2024-05-31'),(1451,2566,'1125',4,4,1,'1349700068116','2024-05-31'),(1452,2566,'1151',5,4,1,'1349700068116','2024-05-31'),(1453,2566,'1196',6,4,1,'1349700068116','2024-05-31'),(1454,2567,'1312',2,2,1,'3341600013238','2024-11-08'),(1455,2567,'1269',1,2,1,'3341600013238','2024-06-04'),(1456,2567,'1270',3,2,1,'3341600013238','2024-11-08'),(1457,2567,'1277',9,3,1,'3341600013238','2024-11-08'),(1722,2567,'1364',7,6,1,'3341600013238','2024-11-08'),(1459,2567,'1194',12,5,1,'3341600013238','2024-11-08'),(1460,2567,'1221',18,3,1,'3341600013238','2024-11-08'),(1461,2567,'1231',7,4,1,'1349700068116','2024-05-31'),(1462,2567,'1274',23,2,1,'3341600013238','2024-11-08'),(1463,2567,'1180',10,5,1,'3341600013238','2024-11-08'),(1464,2567,'1222',20,3,1,'3341600013238','2024-11-08'),(1465,2567,'1233',8,4,1,'1349700068116','2024-05-31'),(1721,2567,'1363',5,6,1,'3341600013238','2024-11-08'),(1467,2567,'1179',9,5,1,'3340100525662','2024-05-31'),(1468,2567,'1223',21,3,1,'3341600013238','2024-11-08'),(1469,2567,'1234',9,4,1,'1349700068116','2024-05-31'),(1470,2567,'1296',25,2,1,'3341600013238','2024-11-08'),(1471,2567,'1320',24,2,1,'3341600013238','2024-11-08'),(1472,2567,'1190',8,5,1,'3341600013238','2024-11-08'),(1473,2567,'1235',23,3,1,'3341600013238','2024-11-08'),(1726,2567,'1337',7,2,1,'3341600013238','2024-06-04'),(1475,2567,'1321',26,2,1,'3341600013238','2024-11-08'),(1476,2567,'1173',11,5,1,'3340100525662','2024-05-31'),(1477,2567,'1199',12,4,1,'3341600013238','2024-11-08'),(1478,2567,'1259',22,3,1,'3341600013238','2024-11-08'),(1479,2567,'1324',4,2,1,'3341600013238','2024-06-04'),(1480,2567,'1163',14,4,1,'3341600013238','2024-11-08'),(1481,2567,'1209',13,5,1,'3341600013238','2024-11-08'),(1482,2567,'1156',16,5,1,'3341600013238','2024-06-04'),(1483,2567,'1165',16,4,1,'3341600013238','2024-11-08'),(1720,2567,'1366',5,7,1,'3341600013238','2024-11-08'),(1485,2567,'1172',27,5,1,'3341600013238','2024-11-08'),(1486,2567,'1207',17,4,1,'3341600013238','2024-11-08'),(1719,2567,'1365',17,7,1,'3341600013238','2024-06-04'),(1488,2567,'1182',22,5,1,'3341600013238','2024-11-08'),(1489,2567,'1236',18,4,1,'3341600013238','2024-11-08'),(1490,2567,'1308',2,3,1,'3341600013238','2024-11-08'),(1491,2567,'1189',20,5,1,'3341600013238','2024-11-08'),(1492,2567,'1244',24,4,1,'3341600013238','2024-11-08'),(1493,2567,'1314',4,3,1,'3341600013238','2024-11-08'),(1494,2567,'1183',23,5,1,'3341600013238','2024-11-08'),(1495,2567,'1238',19,4,1,'3341600013238','2024-11-08'),(1725,2567,'1336',6,2,1,'3341600013238','2024-06-04'),(1497,2567,'1177',26,5,1,'3341600013238','2024-11-08'),(1498,2567,'1239',20,4,1,'3341600013238','2024-11-08'),(1499,2567,'1280',10,3,1,'3341600013238','2024-11-08'),(1724,2567,'1335',5,2,1,'3341600013238','2024-06-04'),(1501,2567,'1240',21,4,1,'3341600013238','2024-11-08'),(1502,2567,'1281',11,3,1,'3341600013238','2024-11-08'),(1503,2567,'1176',25,5,1,'3341600013238','2024-11-08'),(1504,2567,'1243',23,4,1,'3341600013238','2024-11-08'),(1505,2567,'1175',24,5,1,'3341600013238','2024-11-08'),(1506,2567,'1242',22,4,1,'3341600013238','2024-11-08'),(1507,2567,'1282',12,3,1,'3341600013238','2024-11-08'),(1508,2567,'1171',28,5,1,'3341600013238','2024-11-08'),(1509,2567,'1284',13,3,1,'3341600013238','2024-11-08'),(1718,2567,'1241',13,4,1,'3341600013238','2024-11-08'),(1511,2567,'1170',29,5,1,'3341600013238','2024-11-08'),(1512,2567,'1278',14,3,1,'3341600013238','2024-11-08'),(1513,2567,'1295',10,4,1,'3341600013238','2024-06-04'),(1514,2567,'1184',18,5,1,'3341600013238','2024-11-08'),(1515,2567,'1285',15,3,1,'3341600013238','2024-11-08'),(1516,2567,'1315',11,4,1,'3341600013238','2024-11-08'),(1517,2567,'1187',21,5,1,'3341600013238','2024-11-08'),(1518,2567,'1286',16,3,1,'3341600013238','2024-11-08'),(1519,2567,'1310',17,3,1,'3341600013238','2024-11-08'),(1520,2567,'1287',24,3,1,'3341600013238','2024-11-08'),(1521,2567,'1288',25,3,1,'3341600013238','2024-11-08'),(1522,2567,'1289',27,3,1,'3341600013238','2024-11-08'),(1523,2567,'1290',25,3,1,'3341600013238','2024-06-04'),(1524,2567,'1291',28,3,1,'3341600013238','2024-11-08'),(1525,2567,'1293',29,3,1,'3341600013238','2024-11-08'),(1526,2567,'1126',5,5,1,'3341600013238','2024-11-08'),(1527,2567,'1162',1,4,1,'3340100525662','2024-05-31'),(1528,2567,'1213',1,3,1,'3340100525662','2024-05-31'),(1529,2567,'1128',3,5,1,'3341600013238','2024-06-04'),(1530,2567,'1164',2,4,1,'3340100525662','2024-05-31'),(1531,2567,'1214',3,3,1,'3341600013238','2024-11-08'),(1532,2567,'1127',4,5,1,'3341600013238','2024-06-04'),(1533,2567,'1201',3,4,1,'3340100525662','2024-05-31'),(1534,2567,'1216',5,3,1,'3341600013238','2024-11-08'),(1535,2567,'1125',6,5,1,'3341600013238','2024-11-08'),(1536,2567,'1217',6,3,1,'3341600013238','2024-11-08'),(1537,2567,'1226',4,4,1,'3340100525662','2024-05-31'),(1538,2567,'1151',2,5,1,'3341600013238','2024-11-08'),(1539,2567,'1218',7,3,1,'3341600013238','2024-11-08'),(1540,2567,'1228',5,4,1,'3340100525662','2024-05-31'),(1541,2567,'1196',7,5,1,'3341600013238','2024-11-08'),(1542,2567,'1220',8,3,1,'3341600013238','2024-11-08'),(1543,2567,'1229',6,4,1,'3340100525662','2024-05-31'),(1544,2567,'1178',17,5,1,'3341600013238','2024-11-08'),(1545,2567,'1202',19,5,1,'3341600013238','2024-11-08'),(1546,2567,'1268',32,5,1,'3341600013238','2024-06-04'),(1547,2567,'1246',14,5,1,'3341600013238','2024-11-08'),(1548,2567,'1248',30,5,1,'1349700068116','2024-05-31'),(1549,2567,'1249',31,5,1,'1349700068116','2024-05-31'),(1550,2567,'1275',15,5,1,'3341600013238','2024-11-08'),(1723,2567,'1367',3,6,1,'3341600013238','2024-11-08'),(1552,2567,'1313',1,5,1,'3341600013238','2024-11-08'),(1553,2567,'1110',2,6,1,'3341600013238','2024-11-08'),(1554,2567,'1111',4,6,1,'3341600013238','2024-11-08'),(1555,2567,'1112',6,6,1,'3341600013238','2024-11-08'),(1556,2567,'1114',18,6,1,'3341600013238','2024-06-04'),(1557,2567,'1116',19,6,1,'3341600013238','2024-06-04'),(1558,2567,'1136',10,6,1,'3341600013238','2024-11-08'),(1559,2567,'1137',11,6,1,'3341600013238','2024-11-08'),(1560,2567,'1135',12,6,1,'3341600013238','2024-11-08'),(1561,2567,'1144',26,6,1,'3341600013238','2024-11-08'),(1562,2567,'1117',13,7,1,'3341600013238','2024-11-08'),(1563,2567,'1142',25,6,1,'3341600013238','2024-11-08'),(1564,2567,'1145',24,6,1,'3341600013238','2024-11-08'),(1565,2567,'1166',15,7,1,'3341600013238','2024-11-08'),(1566,2567,'1140',23,6,1,'3341600013238','2024-06-04'),(1567,2567,'1167',14,7,1,'3341600013238','2024-11-08'),(1568,2567,'1143',22,6,1,'3341600013238','2024-11-08'),(1569,2567,'1168',16,7,1,'3341600013238','2024-11-08'),(1570,2567,'1099',23,7,1,'3341600013238','2024-11-08'),(1571,2567,'1141',21,6,1,'3341600013238','2024-11-08'),(1572,2567,'1065',20,7,1,'3341600013238','2024-11-08'),(1573,2567,'1138',9,6,1,'3341600013238','2024-11-08'),(1574,2567,'1066',18,7,1,'3341600013238','2024-11-08'),(1575,2567,'1146',20,6,1,'3341600013238','2024-11-08'),(1576,2567,'1100',24,7,1,'3341600013238','2024-11-08'),(1577,2567,'1297',16,6,1,'3341600013238','2024-11-08'),(1578,2567,'1101',25,7,1,'3341600013238','2024-11-08'),(1579,2567,'1154',8,6,1,'3341600013238','2024-06-04'),(1580,2567,'1103',26,7,1,'3341600013238','2024-11-08'),(1581,2567,'1193',13,6,1,'3341600013238','2024-11-08'),(1582,2567,'1067',19,7,1,'3341600013238','2024-11-08'),(1583,2567,'1174',28,6,1,'3341600013238','2024-11-08'),(1584,2567,'1104',27,7,1,'3341600013238','2024-11-08'),(1585,2567,'1197',27,6,1,'3341600013238','2024-06-04'),(1586,2567,'1106',30,7,1,'3341600013238','2024-11-08'),(1587,2567,'1206',29,6,1,'3341600013238','2024-11-08'),(1588,2567,'1107',28,7,1,'3341600013238','2024-06-04'),(1589,2567,'1210',14,6,1,'3341600013238','2024-11-08'),(1590,2567,'1108',22,7,1,'3341600013238','2024-11-08'),(1717,2567,'1134',17,6,1,'3341600013238','2024-11-08'),(1592,2567,'1109',29,7,1,'3341600013238','2024-11-08'),(1593,2567,'1261',30,6,1,'3341600013238','2024-11-08'),(1594,2567,'1115',21,7,1,'3341600013238','2024-11-08'),(1595,2567,'1265',15,6,1,'3341600013238','2024-11-08'),(1596,2567,'1118',31,7,1,'3341600013238','2024-11-08'),(1598,2567,'1123',32,7,1,'3341600013238','2024-11-08'),(1716,2567,'1131',45,8,1,'3341600013238','2024-11-08'),(1600,2567,'1159',33,7,1,'3341600013238','2024-11-08'),(1601,2567,'1208',34,7,1,'3341600013238','2024-11-08'),(1602,2567,'1307',1,7,1,'3341600013238','2024-11-08'),(1603,2567,'1298',17,7,1,'3341600013238','2024-11-08'),(1604,2567,'1299',35,7,1,'3341600013238','2024-11-08'),(1605,2567,'1300',36,7,1,'3341600013238','2024-11-08'),(1606,2567,'1318',3,7,1,'3341600013238','2024-11-08'),(1607,2567,'1098',37,7,1,'3341600013238','2024-11-08'),(1608,2567,'1009',2,8,1,'3341600013238','2024-11-08'),(1609,2567,'1060',2,7,1,'3341600013238','2024-11-08'),(1610,2567,'1010',3,8,1,'3341600013238','2024-11-08'),(1611,2567,'1090',12,7,1,'3341600013238','2024-11-08'),(1612,2567,'1014',5,8,1,'3341600013238','2024-11-08'),(1613,2567,'1061',4,7,1,'3341600013238','2024-11-08'),(1614,2567,'1015',4,8,1,'3340100525662','2024-05-31'),(1615,2567,'1062',6,7,1,'3341600013238','2024-11-08'),(1616,2567,'1016',6,8,1,'3341600013238','2024-11-08'),(1617,2567,'1091',8,7,1,'3341600013238','2024-11-08'),(1618,2567,'1025',7,8,1,'3341600013238','2024-11-08'),(1619,2567,'1094',9,7,1,'3341600013238','2024-11-08'),(1620,2567,'1040',8,8,1,'3341600013238','2024-11-08'),(1621,2567,'1095',10,7,1,'3341600013238','2024-11-08'),(1622,2567,'1042',9,8,1,'3341600013238','2024-11-08'),(1623,2567,'1064',7,7,1,'3341600013238','2024-11-08'),(1624,2567,'1043',10,8,1,'3341600013238','2024-11-08'),(1625,2567,'1097',11,7,1,'3341600013238','2024-11-08'),(1626,2567,'1044',11,8,1,'3341600013238','2024-11-08'),(1627,2567,'1046',12,8,1,'3341600013238','2024-11-08'),(1628,2567,'1047',16,8,1,'3341600013238','2024-11-08'),(1629,2567,'1048',13,8,1,'3340100525662','2024-05-31'),(1630,2567,'1049',15,8,1,'3341600013238','2024-11-08'),(1631,2567,'1050',14,8,1,'3341600013238','2024-11-08'),(1632,2567,'1051',17,8,1,'3341600013238','2024-11-08'),(1633,2567,'1129',18,8,1,'3341600013238','2024-11-08'),(1634,2567,'980',2,9,1,'3341600013238','2024-11-08'),(1635,2567,'982',3,9,1,'3341600013238','2024-11-08'),(1636,2567,'984',4,9,1,'3341600013238','2024-11-08'),(1637,2567,'985',13,9,1,'3341600013238','2024-11-08'),(1638,2567,'986',5,9,1,'1349700068116','2024-05-31'),(1639,2567,'987',6,9,1,'1349700068116','2024-05-31'),(1640,2567,'988',8,9,1,'3341600013238','2024-11-08'),(1641,2567,'989',9,9,1,'3341600013238','2024-11-08'),(1642,2567,'990',10,9,1,'3341600013238','2024-11-08'),(1643,2567,'991',7,9,1,'3341600013238','2024-11-08'),(1644,2567,'992',11,9,1,'1349700068116','2024-05-31'),(1645,2567,'994',12,9,1,'1349700068116','2024-05-31'),(1646,2567,'1026',1,9,1,'3341600013238','2024-11-08'),(1647,2567,'998',25,9,1,'3341600013238','2024-11-08'),(1648,2567,'999',26,9,1,'3341600013238','2024-11-08'),(1649,2567,'1000',18,9,1,'3341600013238','2024-11-08'),(1650,2567,'1004',20,9,1,'3341600013238','2024-05-31'),(1651,2567,'1005',22,9,1,'3341600013238','2024-11-08'),(1652,2567,'1188',19,8,1,'3341600013238','2024-11-08'),(1653,2567,'1006',21,9,1,'3341600013238','2024-11-08'),(1713,2567,'1368',25,8,1,'3341600013238','2024-11-08'),(1655,2567,'1007',23,9,1,'3341600013238','2024-05-31'),(1656,2567,'1204',20,8,1,'3341600013238','2024-11-08'),(1657,2567,'1038',24,9,1,'3341600013238','2024-05-31'),(1658,2567,'996',37,8,1,'3341600013238','2024-11-08'),(1714,2567,'1369',27,8,1,'3341600013238','2024-11-08'),(1660,2567,'1085',27,9,1,'3341600013238','2024-11-08'),(1661,2567,'1002',28,9,1,'3341600013238','2024-11-08'),(1662,2567,'1302',24,8,1,'3341600013238','2024-11-08'),(1663,2567,'1052',31,8,1,'3341600013238','2024-11-08'),(1664,2567,'1195',29,9,1,'3341600013238','2024-11-08'),(1665,2567,'1018',26,8,1,'3341600013238','2024-11-08'),(1666,2567,'1252',14,9,1,'3341600013238','2024-05-31'),(1667,2567,'1053',30,8,1,'3341600013238','2024-11-08'),(1668,2567,'1253',15,9,1,'3341600013238','2024-05-31'),(1669,2567,'1088',38,8,1,'3341600013238','2024-11-08'),(1670,2567,'1303',16,9,1,'3341600013238','2024-05-31'),(1671,2567,'1019',28,8,1,'3341600013238','2024-11-08'),(1771,2568,'1306',30,9,1,'1349700068116','2025-05-26'),(1673,2567,'1316',17,9,1,'3341600013238','2024-11-08'),(1674,2567,'1054',33,8,1,'3341600013238','2024-11-08'),(1715,2567,'1370',29,8,1,'3341600013238','2024-11-08'),(1676,2567,'1056',32,8,1,'3340100525662','2024-05-31'),(1677,2567,'1306',30,9,1,'3341600013238','2024-11-08'),(1678,2567,'1057',34,8,1,'3341600013238','2024-11-08'),(1679,2567,'1304',31,9,1,'3341600013238','2024-11-08'),(1680,2567,'1089',39,8,1,'3341600013238','2024-11-08'),(1681,2567,'1058',36,8,1,'3341600013238','2024-11-08'),(1682,2567,'1059',35,8,1,'3341600013238','2024-11-08'),(1683,2567,'1130',40,8,1,'3341600013238','2024-11-08'),(1684,2567,'1133',41,8,1,'3341600013238','2024-11-08'),(1685,2567,'1251',22,8,1,'3341600013238','2024-11-08'),(1686,2567,'1200',42,8,1,'3341600013238','2024-11-08'),(1687,2567,'1212',21,8,1,'3341600013238','2024-11-08'),(1688,2567,'1258',23,8,1,'3341600013238','2024-11-08'),(1689,2567,'1266',43,8,1,'3341600013238','2024-11-08'),(1690,2567,'1301',44,8,1,'3341600013238','2024-11-08'),(1712,2567,'1371',19,9,1,'3341600013238','2024-11-08'),(1692,2567,'1323',1,8,1,'3341600013238','2024-11-08'),(1693,2566,'1009',1,7,1,'3340100525662','2024-05-31'),(1694,2566,'1010',2,7,1,'3340100525662','2024-05-31'),(1695,2566,'1014',3,7,1,'3340100525662','2024-05-31'),(1696,2566,'1015',4,7,1,'3340100525662','2024-05-31'),(1697,2566,'1016',5,7,1,'3340100525662','2024-05-31'),(1698,2566,'1025',6,7,1,'3340100525662','2024-05-31'),(1699,2566,'1040',7,7,1,'3340100525662','2024-05-31'),(1700,2566,'1042',8,7,1,'3340100525662','2024-05-31'),(1701,2566,'1043',9,7,1,'3340100525662','2024-05-31'),(1702,2566,'1044',10,7,1,'3340100525662','2024-05-31'),(1703,2566,'1046',11,7,1,'3340100525662','2024-05-31'),(1704,2566,'1048',13,7,1,'3340100525662','2024-05-31'),(1705,2566,'1049',14,7,1,'3340100525662','2024-05-31'),(1706,2566,'1050',15,7,1,'3340100525662','2024-05-31'),(1707,2566,'1051',16,7,1,'3340100525662','2024-05-31'),(1708,2566,'1123',28,6,1,'3340100525662','2024-05-31'),(1709,2566,'1159',30,6,1,'3340100525662','2024-05-31'),(1710,2566,'1208',31,6,1,'3340100525662','2024-05-31'),(1727,2567,'1338',7,2,1,'3341600013238','2024-06-24'),(1728,2567,'1339',8,2,1,'3341600013238','2024-06-24'),(1729,2567,'1340',9,2,1,'3341600013238','2024-06-24'),(1730,2567,'1341',10,2,1,'3341600013238','2024-06-24'),(1731,2567,'1342',11,2,1,'3341600013238','2024-06-24'),(1732,2567,'1343',12,2,1,'3341600013238','2024-06-24'),(1733,2567,'1345',13,2,1,'3341600013238','2024-06-24'),(1734,2567,'1346',14,2,1,'3341600013238','2024-06-24'),(1735,2567,'1347',15,2,1,'3341600013238','2024-06-24'),(1736,2567,'1348',16,2,1,'3341600013238','2024-06-24'),(1737,2567,'1349',17,2,1,'3341600013238','2024-06-24'),(1738,2567,'1350',18,2,1,'3341600013238','2024-06-24'),(1739,2567,'1351',19,2,1,'3341600013238','2024-06-24'),(1740,2567,'1352',20,2,1,'3341600013238','2024-06-24'),(1741,2567,'1353',21,2,1,'3341600013238','2024-06-24'),(1742,2567,'1354',27,2,1,'3341600013238','2024-11-08'),(1743,2567,'1355',28,2,1,'3341600013238','2024-11-08'),(1744,2567,'1356',29,2,1,'3341600013238','2024-11-08'),(1745,2567,'1357',30,2,1,'3341600013238','2024-11-08'),(1746,2567,'1358',31,2,1,'3341600013238','2024-11-08'),(1747,2567,'1359',32,2,1,'3341600013238','2024-11-08'),(1748,2567,'1361',33,2,1,'3341600013238','2024-11-08'),(1749,2567,'1375',19,3,1,'3341600013238','2024-11-08'),(1750,2567,'1325',1,1,1,'3341600013238','2024-06-04'),(1751,2567,'1326',3,1,1,'3341600013238','2024-11-08'),(1752,2567,'1327',4,1,1,'3341600013238','2024-11-08'),(1753,2567,'1328',5,1,1,'3341600013238','2024-11-08'),(1754,2567,'1329',6,1,1,'3341600013238','2024-11-08'),(1755,2567,'1372',7,1,1,'3341600013238','2024-11-08'),(1756,2567,'1373',7,1,1,'3341600013238','2024-06-04'),(1757,2567,'1330',10,1,1,'3341600013238','2024-11-08'),(1758,2567,'1331',11,1,1,'3341600013238','2024-11-08'),(1759,2567,'1332',12,1,1,'3341600013238','2024-11-08'),(1760,2567,'1333',13,1,1,'3341600013238','2024-11-08'),(1761,2567,'1334',12,1,1,'3341600013238','2024-06-04'),(1762,2567,'1377',8,1,1,'3341600013238','2024-11-08'),(1763,2567,'1378',9,1,1,'3341600013238','2024-11-08'),(1764,2567,'1379',2,1,1,'3341600013238','2024-11-08'),(1768,2567,'1382',15,4,1,'3341600013238','2024-11-08'),(1766,2567,'1374',22,2,1,'3341600013238','2024-06-24'),(1767,2567,'1380',24,2,1,'3341600013238','2024-06-24'),(1769,2567,'1211',31,6,1,'3341600013238','2024-11-08'),(1770,2567,'1322',1,6,1,'3341600013238','2024-11-08'),(1772,2568,'1354',27,2,1,'1349700068116','2025-05-26'),(1773,2568,'1280',10,3,1,'1349700068116','2025-05-26'),(1774,2568,'1213',1,4,1,'1349700068116','2025-05-26'),(1775,2568,'1214',2,4,1,'3700700383334','2025-11-04'),(1776,2568,'1216',4,4,1,'3700700383334','2025-11-04'),(1777,2568,'1217',5,4,1,'3700700383334','2025-11-04'),(1778,2568,'1218',6,4,1,'3700700383334','2025-11-04'),(1779,2568,'1220',7,4,1,'3700700383334','2025-11-04'),(1780,2568,'1277',8,4,1,'3700700383334','2025-11-04'),(1781,2568,'1281',11,4,1,'1349700068116','2025-05-26'),(1782,2568,'1282',12,4,1,'1349700068116','2025-05-26'),(1783,2568,'1285',15,4,1,'1349700068116','2025-05-26'),(1784,2568,'1286',14,4,1,'3700700383334','2025-11-04'),(1785,2568,'1308',15,4,1,'3700700383334','2025-11-04'),(1786,2568,'1314',16,4,1,'3700700383334','2025-11-04'),(1787,2568,'1269',1,3,1,'1349700068116','2025-05-26'),(1788,2568,'1270',2,3,1,'1349700068116','2025-10-07'),(1789,2568,'1312',5,3,1,'1349700068116','2025-10-07'),(1790,2568,'1335',8,3,1,'1349700068116','2025-10-07'),(1791,2568,'1336',9,3,1,'1349700068116','2025-10-07'),(1792,2568,'1338',10,3,1,'1349700068116','2025-10-07'),(1793,2568,'1339',11,3,1,'1349700068116','2025-10-07'),(1794,2568,'1340',12,3,1,'1349700068116','2025-10-07'),(1795,2568,'1341',13,3,1,'1349700068116','2025-10-07'),(1796,2568,'1342',14,3,1,'1349700068116','2025-10-07'),(1797,2568,'1343',15,3,1,'1349700068116','2025-10-07'),(1798,2568,'1345',16,3,1,'1349700068116','2025-10-07'),(1799,2568,'1346',17,3,1,'1349700068116','2025-10-07'),(1800,2568,'1347',18,3,1,'1349700068116','2025-10-07'),(1801,2568,'1348',19,3,1,'1349700068116','2025-10-07'),(1802,2568,'1349',20,3,1,'1349700068116','2025-10-07'),(1803,2568,'1350',21,3,1,'1349700068116','2025-10-07'),(1804,2568,'1351',22,3,1,'1349700068116','2025-10-07'),(1805,2568,'1352',23,3,1,'1349700068116','2025-10-07'),(1806,2568,'1353',24,3,1,'1349700068116','2025-10-07'),(1807,2568,'1374',30,3,1,'1349700068116','2025-10-07'),(1808,2568,'1274',3,3,1,'1349700068116','2025-10-07'),(1809,2568,'1296',4,3,1,'1349700068116','2025-10-07'),(1810,2568,'1320',6,3,1,'1349700068116','2025-10-07'),(1811,2568,'1321',7,3,1,'1349700068116','2025-10-07'),(1812,2568,'1355',25,3,1,'1349700068116','2025-10-07'),(1813,2568,'1356',26,3,1,'1349700068116','2025-10-07'),(1814,2568,'1357',27,3,1,'1349700068116','2025-10-07'),(1815,2568,'1358',28,3,1,'1349700068116','2025-10-07'),(1816,2568,'1359',32,3,1,'1349700068116','2025-05-26'),(1817,2568,'1361',29,3,1,'1349700068116','2025-10-07'),(1818,2568,'1379',12,2,1,'1349700068116','2025-10-07'),(1819,2568,'1325',1,2,1,'1349700068116','2025-05-26'),(1820,2568,'1326',2,2,1,'1349700068116','2025-10-07'),(1821,2568,'1327',3,2,1,'1349700068116','2025-10-07'),(1822,2568,'1328',4,2,1,'1349700068116','2025-10-07'),(1823,2568,'1329',5,2,1,'1349700068116','2025-10-07'),(1824,2568,'1372',9,2,1,'1349700068116','2025-10-07'),(1825,2568,'1330',10,2,1,'1349700068116','2025-05-26'),(1826,2568,'1331',6,2,1,'1349700068116','2025-10-07'),(1827,2568,'1332',7,2,1,'1349700068116','2025-10-07'),(1828,2568,'1333',8,2,1,'1349700068116','2025-10-07'),(1829,2568,'1377',10,2,1,'1349700068116','2025-10-07'),(1830,2568,'1324',4,5,1,'3341500196501','2025-05-27'),(1831,2568,'1378',11,2,1,'1349700068116','2025-10-07'),(1832,2568,'1284',13,4,1,'3700700383334','2025-11-04'),(1833,2568,'1278',9,4,1,'3700700383334','2025-11-04'),(1834,2568,'1390',1,1,1,'1349700068116','2025-07-14'),(1835,2568,'1391',2,1,1,'1349700068116','2025-07-14'),(1836,2568,'1392',3,1,1,'1349700068116','2025-07-14'),(1837,2568,'1393',4,1,1,'1349700068116','2025-07-14'),(1838,2568,'1394',5,1,1,'1349700068116','2025-07-14'),(1839,2568,'1395',6,1,1,'1349700068116','2025-07-14'),(1840,2568,'1396',7,1,1,'1349700068116','2025-07-14'),(1841,2568,'1397',8,1,1,'1349700068116','2025-07-14'),(1842,2568,'1398',9,1,1,'1349700068116','2025-07-14'),(1843,2568,'1401',17,2,1,'1349700068116','2025-10-07'),(1844,2568,'1402',18,2,1,'1349700068116','2025-10-07'),(1845,2568,'1403',19,2,1,'1349700068116','2025-10-07'),(1846,2568,'1404',20,2,1,'1349700068116','2025-10-07'),(1847,2568,'1405',21,2,1,'1349700068116','2025-10-07'),(1848,2568,'1406',22,2,1,'1349700068116','2025-10-07'),(1849,2568,'1407',23,2,1,'1349700068116','2025-10-07'),(1850,2568,'1408',24,2,1,'1349700068116','2025-10-07'),(1851,2568,'1409',25,2,1,'1349700068116','2025-10-07'),(1852,2568,'1410',26,2,1,'1349700068116','2025-10-07'),(1853,2568,'1411',27,2,1,'1349700068116','2025-10-07'),(1854,2568,'1412',28,2,1,'1349700068116','2025-10-07'),(1855,2568,'1413',29,2,1,'1349700068116','2025-10-07'),(1856,2568,'1414',17,3,1,'1349700068116','2025-07-14'),(1857,2568,'1399',10,4,1,'1349700068116','2025-07-14'),(1858,2568,'1292',25,4,1,'3700700383334','2025-11-04'),(1859,2568,'1400',30,4,1,'1349700068116','2025-07-14'),(1860,2568,'1419',33,6,1,'1349700068116','2025-07-14'),(1861,2568,'1415',9,8,1,'1349700068116','2025-07-14'),(1862,2568,'1416',10,8,1,'1349700068116','2025-07-14'),(1863,2568,'1417',20,8,1,'1349700068116','2025-07-14'),(1864,2568,'1418',23,9,1,'1349700068116','2025-07-14'),(1865,2568,'1295',10,5,1,'3341500196501','2025-08-05'),(1866,2568,'1420',10,5,1,'3341500196501','2025-09-19'),(1867,2568,'1386',15,2,1,'1349700068116','2025-10-07'),(1868,2568,'1388',16,2,1,'1349700068116','2025-10-07'),(1869,2568,'1384',13,2,1,'1349700068116','2025-10-07'),(1870,2568,'1385',14,2,1,'1349700068116','2025-10-07'),(1871,2568,'1313',1,6,1,'1349700068116','2025-10-07'),(1872,2568,'1382',15,5,1,'1349700068116','2025-10-07'),(1873,2568,'1322',1,7,1,'1349700068116','2025-10-07'),(1874,2568,'1211',31,7,1,'1349700068116','2025-10-07'),(1875,2568,'1140',23,7,1,'3340100525662','2025-10-13'),(1876,2568,'1380',24,4,1,'3700700383334','2025-11-04'),(1877,2568,'1259',21,4,1,'3700700383334','2025-11-04'),(1878,2568,'1289',29,4,1,'3700700383334','2025-11-04'),(1879,2568,'1375',28,4,1,'3700700383334','2025-11-04'),(1880,2568,'1310',27,4,1,'3700700383334','2025-11-04'),(1881,2568,'1293',26,4,1,'3700700383334','2025-11-04'),(1882,2568,'1290',24,4,1,'3700700383334','2025-11-04'),(1883,2568,'1288',23,4,1,'3700700383334','2025-11-04'),(1884,2568,'1287',22,4,1,'3700700383334','2025-11-04'),(1885,2568,'1235',20,4,1,'3700700383334','2025-11-04'),(1886,2568,'1223',19,4,1,'3700700383334','2025-11-04'),(1887,2568,'1222',18,4,1,'3700700383334','2025-11-04'),(1888,2568,'1221',17,4,1,'3700700383334','2025-11-04'),(1889,2568,'1215',3,4,1,'3700700383334','2025-11-04');

--
-- Table structure for table `student_main_edyear`
--

CREATE TABLE `student_main_edyear` (
  `id` int(11) NOT NULL AUTO_INCREMENT,
  `ed_year` int(11) NOT NULL,
  `year_active` tinyint(4) NOT NULL,
  PRIMARY KEY (`id`),
  UNIQUE KEY `ed_year` (`ed_year`)
) ENGINE=MyISAM AUTO_INCREMENT=12 DEFAULT CHARSET=utf8 COLLATE=utf8_general_ci;

--
-- Dumping data for table `student_main_edyear`
--

INSERT INTO `student_main_edyear` VALUES (1,2556,0),(2,2557,0),(3,2558,0),(4,2561,0),(5,2562,0),(6,2563,0),(7,2564,0),(8,2565,0),(9,2566,0),(10,2567,0),(11,2568,1);

--
-- Table structure for table `student_main_expand1`
--

CREATE TABLE `student_main_expand1` (
  `id` int(11) NOT NULL AUTO_INCREMENT,
  `person_id` varchar(13) NOT NULL,
  `e_name` varchar(50) NOT NULL,
  `e_surname` varchar(50) NOT NULL,
  `birthday` date NOT NULL,
  `blood` varchar(2) NOT NULL,
  `race` varchar(30) NOT NULL,
  `nationlity` varchar(30) NOT NULL,
  `religion` varchar(30) NOT NULL,
  `rec_date` date NOT NULL,
  PRIMARY KEY (`id`),
  UNIQUE KEY `person_id` (`person_id`)
) ENGINE=MyISAM AUTO_INCREMENT=108 DEFAULT CHARSET=utf8 COLLATE=utf8_general_ci;

--
-- Dumping data for table `student_main_expand1`
--

INSERT INTO `student_main_expand1` VALUES (1,'1341501583471','ponnutcha','prummanut','2015-08-16','','','','','2024-09-23'),(2,'1347600111778','baputson','bunsuk','2015-09-03','','','','','2024-09-23'),(3,'1347600113274','warutchaya','rumtom','2015-10-11','','','','','2024-09-23'),(4,'1341501586128','Natcha','Kamsuan','2015-10-11','','','','','2024-09-23'),(5,'1341501589160','jittiput','kongtangaom','2015-12-18','','','','','2024-09-23'),(6,'1419903106461','suwichada','somwi','2015-09-16','','','','','2024-09-23'),(7,'1341501593418','pontiva','pongbuo','2016-04-01','','','','','2024-09-23'),(8,'1341501585661','sitinun','sriseom','2015-09-30','','','','','2024-09-23'),(9,'1347600119248','yotsakon','raksanum','2016-04-04','','','','','2024-09-23'),(10,'1341501586373','chinnabanchon','tongoon','2015-10-13','','','','','2024-09-23'),(11,'1341501599742','tanachot','suwonna','2016-09-16','','','','','2024-09-23'),(12,'1349700525711','braputsan','kayyotkong','2016-09-02','','','','','2024-09-23'),(13,'1347600124233','Tanawat','thongsan','2016-09-26','','','','','2024-09-23'),(14,'1348900400067','kongpob','punsuk','2016-05-30','','','','','2024-09-23'),(15,'1209301327721','teerapat','jalensuk','2016-07-25','','','','','2024-09-23'),(16,'1347600125353','nuttachi','kotpong','2016-10-27','','','','','2024-09-23'),(17,'1341501587728','Nattapong','Phoolsena','2015-11-12','','','','','2024-09-23'),(18,'1209501350025','Thana','Sidachit','2016-01-16','','','','','2024-09-23'),(19,'1349902102269','wonloup','sangsuriyong','2016-03-28','','','','','2024-09-23'),(20,'1341501588881','Thitison','Saiseeyoot','2015-12-12','','','','','2024-09-23'),(21,'1347600118748','wuttichi','punsana','2016-03-20','','','','','2024-09-23'),(22,'1341501582751','Rungrawee','Detmungkun','2015-07-25','','','','','2024-09-23'),(23,'1341501579067','Sathinee','Kaenjampa','2015-03-20','','','','','2024-09-23'),(24,'1341501577838','Supaphon','Rungrueang','2015-02-20','','','','','2024-09-23'),(25,'1349902040387','Kuettisak','Thongma','2015-05-16','','','','','2024-09-23'),(26,'1341501570477','Jiranan','Bunsuep','2014-08-03','','','','','2024-09-23'),(27,'1341501570906','Thanakron','Kamsan','2014-08-15','','','','','2024-09-23'),(28,'1341501568219','Ammarin','Honin','2014-06-04','','','','','2024-09-23'),(29,'1341501572992','Teeradet','Sukpadeam','2014-10-07','','','','','2024-09-23'),(30,'1341501579041','Kattaporn','nrksuwan','2015-03-29','','','','','2024-09-23'),(31,'1347600106952','Panipan','Dukkang','2015-03-03','','','','','2024-09-23'),(32,'1349902010011','Wuttipat','Ponsena','2014-10-16','','','','','2024-09-23'),(33,'1341501575703','Eakkapon','Pitpong','2014-12-18','','','','','2024-09-23'),(34,'1341501570159','Kitdanai','Tantong','2014-07-29','','','','','2024-09-23'),(35,'1103300325797','Nuttawut','Aing chai phoom','2014-09-29','','','','','2024-09-23'),(36,'1349700500948','nuchticha','Ocha','2015-03-22','','','','','2024-09-23'),(37,'1341501575819','Pakawan','chantalert','2014-12-25','','','','','2024-09-23'),(38,'1341501577251','Tibphawan','samranwong','2015-01-01','','','','','2024-09-23'),(39,'1348900366845','Tunyarat','tinmas','2015-03-30','','','','','2024-05-31'),(40,'1349902039851','Aticha','Saramad','2015-04-14','','','','','2024-09-23'),(41,'1119902849986','Duangruthai','Chapimai','2015-03-24','','','','','2024-09-23'),(42,'1347600106987','Kotchakon','Naksuwan','2015-04-04','','','','','2024-09-23'),(43,'1341501577927','Jaranya','Nambuddee','2015-02-24','','','','','2024-09-23'),(44,'1341501570141','Pranpreeya','Vannakot','2014-07-28','','','','','2024-09-23'),(45,'1341501568987','Parawee','Nakharuethai','2014-06-24','','','','','2024-09-23'),(46,'1349901963732','Purimprat','Hongsoda','2014-02-15','','','','','2024-09-23'),(47,'1341501567760','Praewwanit','Koonkong','2014-05-24','','','','','2024-09-23'),(48,'1341501575924','Watcharaphorn','Salarom','2014-12-27','','','','','2024-09-23'),(49,'1341501574243','Ananya','Saentaweesuk','2014-11-08','','','','','2024-09-23'),(50,'1341501570370','Lalita','Phitsaphong','2014-08-01','','','','','2024-09-23'),(51,'1341501564469','JIRAPAT','KAEWYODPONG','2014-02-18','','','','','2024-09-23'),(52,'1341501555290','JIRAYU','JUNSOPA','2013-06-02','','','','','2024-09-23'),(53,'1341501561613','Phuwadon','Thammachat','2013-11-19','','','','','2024-09-23'),(54,'1341501563519','SITTHIPONG','AUNRUAN','2014-01-20','A','','','','2024-09-23'),(55,'1341501561150','RUTTHACHAI','MALIWAN','2013-12-01','','','','','2024-09-23'),(56,'1309701381772','SUKSAN','PONPRASERT','2013-08-28','','','','','2024-09-23'),(57,'1349901949896','Pakin','Wannasaeng','2013-11-28','','','','','2024-09-23'),(58,'1349901950258','Nattapat','Vongtave','2013-11-27','','','','','2024-09-23'),(59,'1349901935259','Tiwakon','Wuntong','2013-09-13','','','','','2024-09-23'),(60,'1341501555095','phattaraphon','koonkong','2013-05-24','','','','','2024-09-23'),(61,'1341501565457','phonchai','wongsaphom','2014-03-20','','','','','2024-09-23'),(62,'1209702846583','Ratchanon','Sutamma','2013-10-19','','','','','2024-09-23'),(63,'1341501565422','Aphiwat','wongsaphom','2014-03-19','','','','','2024-09-23'),(64,'1341501564167','Aomsin','Linsri','2014-02-10','O','','','','2024-09-23'),(65,'1349901965310','Atichet','Saramas','2014-02-24','','','','','2024-09-23'),(66,'2349200005059','Ronnachai','satu','2013-12-01','','','','','2024-09-23'),(67,'1349700473053','phachara','Sihanan','2013-08-03','','','','','2024-09-23'),(68,'1349901919105','KORAWAN','PANGJUN','2013-06-17','','','','','2024-05-31'),(69,'1347600083855','NATCHANAN','LATHULEE','2013-07-01','','','','','2024-09-23'),(70,'1341501554943','PAPATCHAYA','PORMCHAT','2013-05-17','','','','','2024-09-23'),(71,'1349700473215','TANIDA','YANGDEARW','2013-08-04','','','','','2024-09-23'),(72,'1102400290668','Donya','Nuemmoon','2013-09-24','','','','','2024-09-23'),(73,'1347600087371','chachara','Langsanam','2013-10-01','','','','','2024-09-23'),(74,'1839902318585','phonkanok','chanphat','2013-10-14','','','','','2024-09-23'),(75,'1349700470551','Phawitida','srilaphak','2013-06-05','','','','','2024-09-23'),(76,'1341501561257','Mintra','khankham','2013-11-12','','','','','2024-09-23'),(77,'1349901914928','Surapha','Odthon','2013-05-22','','','','','2024-09-23'),(78,'1341501561699','Sudtida','Sopha','2013-11-22','','','','','2024-09-23'),(79,'1349700482036','ARANYA','SEELAPORN','2014-02-08','O','','','','2024-09-23'),(80,'1341501556865','KANOKKORN','DECHMUNGKUN','2013-07-25','','','','','2024-09-23'),(81,'1341501567646','Netthip','Chaomun','2014-05-16','','','','','2024-09-23'),(82,'1349700482435','Lattawan','Jansanga','2014-02-18','','','','','2024-09-23'),(83,'1118700208415','tanapum','sugji','2012-01-01','','','','','2024-09-23'),(84,'1349700467291','KATTIKORN','BUNGERN','2013-03-25','','','','','2024-09-23'),(85,'1349901850911','JAKKRIT','PILARUK','2012-07-15','','','','','2024-09-23'),(86,'1103101209053','THANACHOT','WETCHAKIT','2012-05-31','','','','','2024-09-23'),(87,'1347600075917','NANTHIPAT','YUKONG','2012-11-23','-','ไทย','ไทย','พุทธ','2024-09-23'),(88,'1341501554781','NOPPARAT','TAJUNLA','2013-05-11','O','','','','2024-09-23'),(89,'1118700240718','NAPATSAKORN','SEAJAO','2013-04-06','O','','','','2024-09-23'),(90,'1347600073876','PAKKAPONG','SUKTHA','2012-10-11','','','','','2024-09-23'),(91,'1349901898639','PRAKASIT','DECHMUNGKUN','2013-02-23','','','','','2024-09-23'),(92,'1341501549443','PIYAPONG','WONGSAPORM','2012-10-23','','','','','2024-09-23'),(93,'1209601786372','PAWAPON','KONGTHON','2012-08-20','','','','','2024-09-23'),(94,'1102200360867','MONGKON','LAPMOON','2013-02-25','O','','','','2024-09-23'),(95,'1349700456841','SIROTHON','KEANJUN','2012-09-11','','','','','2024-09-23'),(96,'1341501545863','NATCHA','HONIN','2012-07-06','','','','','2024-09-23'),(97,'1349901874764','NIRAMON','THANEE','2012-10-26','','','','','2024-09-23'),(98,'1347600081488','PIMYADA','JITTHAISONG','2013-04-27','','','','','2024-09-23'),(99,'1341501553963','PICHAYA','WETKONG','2013-04-11','','','','','2024-09-23'),(100,'1349901871072','HATHAICHANOK','CHOKNAT','2012-10-09','','','','','2024-09-23'),(101,'1349700467703','Chanipa','Ocha','2013-04-06','','','','','2024-09-23'),(102,'1341501545472','NADTIDA','Naksawan','2012-06-20','','','','','2024-09-23'),(103,'1349901891341','JUNNAPA','BUODOK','2013-01-15','','','','','2024-09-23'),(104,'1349901878565','CHANANTHIDA','JAIAUN','2012-11-13','','','','','2024-09-23'),(105,'1349700462434','PRAWINA','WONGSASEN','2012-12-18','','','','','2024-09-23'),(106,'1807800141111','chaiwat','chairit','2015-06-16','','','','','2024-09-23'),(107,'1807800117929','WANWISA','CHAIYARIT','2013-05-24','','','','','2024-09-23');

--
-- Table structure for table `student_main_permission`
--

CREATE TABLE `student_main_permission` (
  `id` int(11) NOT NULL AUTO_INCREMENT,
  `person_id` varchar(13) NOT NULL,
  `p1` tinyint(4) NOT NULL,
  `officer` varchar(13) NOT NULL,
  `rec_date` date NOT NULL,
  PRIMARY KEY (`id`)
) ENGINE=MyISAM AUTO_INCREMENT=39 DEFAULT CHARSET=utf8 COLLATE=utf8_general_ci;

--
-- Dumping data for table `student_main_permission`
--

INSERT INTO `student_main_permission` VALUES (28,'1340700077826',1,'3341600013238','2023-02-08'),(22,'3349700145966',1,'3341600013238','2019-05-23'),(21,'3340100525662',1,'3341600013238','2019-05-23'),(27,'1341900159631',1,'3341600013238','2021-12-27'),(16,'3341100713800',1,'3341600013238','2018-11-12'),(15,'3341501157371',1,'3340700590775','2018-11-14'),(35,'1341500303661',1,'3341600013238','2025-05-26'),(10,'3341500196501',1,'3349900319682','2014-03-07'),(20,'1349900009156',1,'3341600013238','2019-05-23'),(34,'1349900753122',1,'3341600013238','2025-05-26'),(31,'1379900118915',1,'3341600013238','2024-02-22'),(32,'1100200764044',1,'3341600013238','2024-02-22'),(33,'1349900747149',1,'3341600013238','2024-10-31'),(36,'1341500196300',1,'3341600013238','2025-05-26'),(37,'3700700383334',1,'3341600013238','2025-10-06'),(38,'3341500196501',1,'3341600013238','2025-10-13');

--
-- Table structure for table `system_ed_year`
--

CREATE TABLE `system_ed_year` (
  `id` int(11) NOT NULL AUTO_INCREMENT,
  `ed_year` int(11) NOT NULL,
  `active_ed_year` tinyint(4) NOT NULL,
  PRIMARY KEY (`id`),
  UNIQUE KEY `ed_year` (`ed_year`)
) ENGINE=MyISAM DEFAULT CHARSET=utf8 COLLATE=utf8_general_ci;

--
-- Dumping data for table `system_ed_year`
--


--
-- Table structure for table `system_export_list`
--

CREATE TABLE `system_export_list` (
  `id` int(11) NOT NULL AUTO_INCREMENT,
  `data_name` varchar(50) NOT NULL,
  `thai_dataname` varchar(100) NOT NULL,
  PRIMARY KEY (`id`),
  UNIQUE KEY `data_name` (`data_name`)
) ENGINE=MyISAM AUTO_INCREMENT=7 DEFAULT CHARSET=utf8 COLLATE=utf8_general_ci;

--
-- Dumping data for table `system_export_list`
--

INSERT INTO `system_export_list` VALUES (1,'person','ข้อมูลครูและบุคลากร'),(2,'student','ข้อมูลพื้นฐานนักเรียน'),(3,'onet','ผลสอบ O-NET'),(4,'plan','แผนปฏิบัติการประจำปี'),(5,'student_check','การมาเรียน'),(6,'health','สุขภาพผู้เรียน');

--
-- Table structure for table `system_export_log`
--

CREATE TABLE `system_export_log` (
  `id` int(11) NOT NULL AUTO_INCREMENT,
  `computer_ip` varchar(25) NOT NULL,
  `requester` varchar(50) NOT NULL,
  `login_time` datetime NOT NULL,
  `data` varchar(20) NOT NULL,
  PRIMARY KEY (`id`)
) ENGINE=MyISAM AUTO_INCREMENT=58 DEFAULT CHARSET=utf8 COLLATE=utf8_general_ci;

--
-- Dumping data for table `system_export_log`
--

INSERT INTO `system_export_log` VALUES (1,'61.19.124.234','amssplus','2018-09-28 16:30:15','person'),(2,'61.19.124.234','amssplus','2018-09-28 16:33:23','person'),(3,'61.19.124.234','amssplus','2018-09-28 16:38:07','person'),(4,'127.0.0.1','amssplus','2019-02-28 15:25:28','plan'),(5,'61.19.124.234','amssplus','2019-10-08 10:23:08','student_check'),(6,'122.155.223.9','amssplus','2020-03-30 14:59:01','student_check'),(7,'122.155.223.9','amssplus','2020-08-05 10:14:30','student'),(8,'10.1.1.3','amssplus','2021-10-06 10:27:28','student'),(9,'10.1.1.3','amssplus','2021-10-06 10:30:22','student'),(10,'10.1.1.3','amssplus','2021-10-06 13:54:29','student'),(11,'10.1.1.3','amssplus','2022-09-07 14:40:47','student'),(12,'10.1.1.3','amssplus','2022-09-14 10:40:23','student'),(13,'10.1.1.3','amssplus','2022-09-17 12:07:53','student'),(14,'10.1.1.3','amssplus','2022-09-17 13:38:56','student'),(15,'10.1.1.3','amssplus','2023-04-05 09:48:22','student_check'),(16,'10.1.1.3','amssplus','2023-04-05 22:38:13','student_check'),(17,'10.1.1.3','amssplus','2023-04-06 10:24:16','student_check'),(18,'10.1.1.3','amssplus','2023-04-06 10:25:07','student_check'),(19,'10.1.1.3','amssplus','2023-04-06 10:47:28','student_check'),(20,'10.1.1.3','amssplus','2023-04-06 13:13:41','student_check'),(21,'10.1.1.3','amssplus','2023-05-13 04:11:39','health'),(22,'10.1.1.3','amssplus','2023-06-15 10:20:24','student_check'),(23,'10.1.1.3','amssplus','2023-06-15 10:56:10','student'),(24,'10.1.1.3','amssplus','2023-06-16 15:15:54','student'),(25,'10.1.1.3','amssplus','2023-07-04 11:24:37','student'),(26,'10.1.1.3','amssplus','2023-08-24 09:05:32','student_check'),(27,'10.1.1.3','amssplus','2023-08-31 09:02:50','student_check'),(28,'10.1.1.3','amssplus','2023-08-31 09:03:19','student_check'),(29,'10.1.1.3','amssplus','2023-08-31 09:03:39','student_check'),(30,'10.1.1.3','amssplus','2023-09-15 20:09:23','student'),(31,'','amssplus','2023-10-25 14:28:44','student_check'),(32,'','amssplus','2023-10-25 14:28:47','student_check'),(33,'','amssplus','2023-10-25 14:28:48','student_check'),(34,'10.255.199.107','amssplus','2023-11-29 08:55:48','student_check'),(35,'10.255.199.107','amssplus','2023-12-15 12:15:50','student_check'),(36,'10.255.199.107','amssplus','2024-01-25 03:50:22','student_check'),(37,'10.255.199.107','amssplus','2024-06-10 11:59:50','student'),(38,'10.255.199.107','amssplus','2024-06-10 12:33:54','student'),(39,'10.255.199.107','amssplus','2024-06-14 10:46:05','student'),(40,'10.255.199.107','amssplus','2024-06-14 10:52:07','student'),(41,'10.255.199.107','amssplus','2024-06-17 04:37:32','person'),(42,'10.255.199.107','amssplus','2024-06-17 04:39:47','person'),(43,'10.255.199.107','amssplus','2024-06-20 04:51:35','student_check'),(44,'10.255.199.107','amssplus','2025-03-11 07:57:43','student_check'),(45,'10.255.199.107','amssplus','2025-03-11 07:58:04','student_check'),(46,'10.255.199.107','amssplus','2025-03-28 01:48:39','student_check'),(47,'10.255.199.107','amssplus','2025-05-29 08:10:00','person'),(48,'10.255.199.107','amssplus','2025-05-29 08:12:47','person'),(49,'10.255.199.107','amssplus','2025-06-08 04:32:48','student'),(50,'10.255.199.107','amssplus','2025-07-30 08:33:28','student_check'),(51,'10.255.199.107','amssplus','2025-08-01 22:22:46','student_check'),(52,'10.255.199.107','amssplus','2025-08-01 22:22:50','student_check'),(53,'10.255.199.107','amssplus','2025-08-14 04:10:03','person'),(54,'10.255.199.107','amssplus','2025-08-18 02:44:21','student'),(55,'10.255.199.107','amssplus','2025-08-29 02:40:17','student_check'),(56,'10.255.199.107','amssplus','2025-09-13 05:43:36','student_check'),(57,'10.255.199.107','amssplus','2025-09-13 05:54:44','student_check');

--
-- Table structure for table `system_export_permission`
--

CREATE TABLE `system_export_permission` (
  `id` int(11) NOT NULL AUTO_INCREMENT,
  `requester` varchar(50) NOT NULL,
  `data_name` varchar(50) NOT NULL,
  `status` tinyint(4) NOT NULL DEFAULT 0,
  PRIMARY KEY (`id`)
) ENGINE=MyISAM AUTO_INCREMENT=7 DEFAULT CHARSET=utf8 COLLATE=utf8_general_ci;

--
-- Dumping data for table `system_export_permission`
--

INSERT INTO `system_export_permission` VALUES (1,'amssplus','plan',1),(2,'amssplus','onet',1),(3,'amssplus','student',1),(4,'amssplus','person',1),(5,'amssplus','student_check',1),(6,'amssplus','health',1);

--
-- Table structure for table `system_module`
--

CREATE TABLE `system_module` (
  `id` int(11) NOT NULL AUTO_INCREMENT,
  `module` varchar(50) NOT NULL,
  `module_desc` varchar(100) NOT NULL,
  `workgroup` tinyint(4) DEFAULT NULL,
  `module_active` tinyint(4) DEFAULT NULL,
  `module_order` int(11) NOT NULL,
  `web_link` tinyint(4) DEFAULT NULL,
  `url` varchar(150) DEFAULT NULL,
  `where_work` tinyint(4) NOT NULL DEFAULT 0,
  `menu_pic` varchar(25) NOT NULL,
  PRIMARY KEY (`id`),
  UNIQUE KEY `module` (`module`)
) ENGINE=MyISAM AUTO_INCREMENT=111 DEFAULT CHARSET=utf8 COLLATE=utf8_general_ci;

--
-- Dumping data for table `system_module`
--

INSERT INTO `system_module` VALUES (1,'budget','การเงินและบัญชี',2,1,23,0,'',0,'fab fa-btc'),(32,'person','ข้อมูลพื้นฐานครูและบุคลากร',3,1,27,NULL,NULL,0,'fa fa-user-circle'),(36,'standard','มาตรฐานการศึกษา',1,1,19,NULL,NULL,0,''),(49,'health','ตรวจสุขภาพนักเรียน',1,1,5,NULL,NULL,0,''),(50,'student_check','การมาเรียน',1,1,1,NULL,NULL,0,'fa fa-child'),(70,'work','﻿การปฏิบัติราชการ',4,1,43,NULL,NULL,0,''),(71,'news','﻿รายงานข่าว',4,1,51,NULL,NULL,0,''),(48,'savings','ออมทรัพย์นักเรียน',1,1,3,NULL,NULL,0,'fab fa-btc'),(45,'student_main','ข้อมูลพื้นฐานนักเรียน',1,1,7,NULL,NULL,0,'fa fa-child'),(47,'plan','การวางแผน',2,1,21,NULL,NULL,0,''),(73,'la','﻿การลา',4,1,42,NULL,NULL,0,''),(80,'mail','ไปรษณีย์_โรงเรียน',4,1,37,NULL,NULL,0,'fa fa-envelope'),(75,'meeting','﻿จองห้องประชุม',4,1,47,NULL,NULL,0,''),(76,'permission','﻿ขออนุญาตไปราชการ',4,1,41,NULL,NULL,0,''),(81,'achievement','﻿ผลสัมฤทธิ์ทางการเรียน',1,1,17,NULL,NULL,0,'fa fa-graduation-cap'),(83,'cabinet','﻿ตู้เอกสาร',4,1,49,NULL,NULL,0,''),(96,'bookregister','﻿ทะเบียนหนังสือราชการ',4,1,31,NULL,NULL,0,'fa fa-book'),(97,'affair','﻿ภารกิจผู้อำนวยการ',4,1,39,0,'',0,''),(98,'amss_bets','﻿ทดสอบการศึกษา_สพท.',1,1,9,0,'',1,'fa fa-graduation-cap'),(99,'amss_budget','﻿การบริหารงบประมาณ_สพท.',2,1,25,0,'',0,'fab fa-btc'),(100,'amss_mail','﻿ไปรษณีย์_สพท.',4,1,35,0,'',0,'fa fa-envelope'),(101,'amss_opportunity','﻿สิทธิและโอกาสทางการศึกษา',1,1,13,0,'',0,'fa fa-child'),(102,'amss_spacial_student','﻿นักเรียนพิเศษ',1,1,15,0,'',0,'fa fa-child'),(103,'amss_supervision','﻿นิเทศ ติดตาม ประเมินผล',1,1,11,0,'',0,'fa fa-graduation-cap'),(104,'book','﻿รับส่งหนังสือราชการ',4,1,33,0,'',0,'fa fa-book'),(105,'delegate','﻿รักษาการในตำแหน่ง',3,1,29,0,'',0,''),(106,'bets','แบบทดสอบโรงเรียน',1,1,0,0,'',1,'fa fa-graduation-cap'),(107,'warroom','﻿วิเคราะห์สภาพการณ์',1,1,0,0,'',0,'fa fa-filter'),(108,'questionnaire','﻿แบบสอบถาม',4,1,0,0,'',0,''),(109,'idplan','﻿ข้อมูลครูและบุคลากร(ส่วนเพิ่ม)',3,1,0,0,'',0,''),(110,'amss_safety','สถานศึกษาปลอดภัย',1,1,0,0,'',0,'');

--
-- Table structure for table `system_module_admin`
--

CREATE TABLE `system_module_admin` (
  `id` int(11) NOT NULL AUTO_INCREMENT,
  `person_id` varchar(13) NOT NULL,
  `module` varchar(30) NOT NULL,
  `officer` varchar(13) NOT NULL,
  `rec_date` date NOT NULL,
  PRIMARY KEY (`id`)
) ENGINE=MyISAM AUTO_INCREMENT=249 DEFAULT CHARSET=utf8 COLLATE=utf8_general_ci;

--
-- Dumping data for table `system_module_admin`
--

INSERT INTO `system_module_admin` VALUES (99,'3320102061761','student_main','3349900319682','2014-03-07'),(3,'3349800017609','news','7777','2014-03-06'),(9,'3451000675077','bookregister','3349900319682','2014-03-06'),(5,'3341500196501','student_check','7777','2014-03-06'),(8,'3350300100169','achievement','3349900319682','2014-03-06'),(10,'3349900808365','budget','3349900319682','2014-03-06'),(39,'3330600043292','cabinet','3349900319682','2014-03-07'),(27,'3320102061761','student_check','7777','2014-03-06'),(22,'3341500196501','student_main','7777','2014-03-06'),(24,'3341601089556','student_check','7777','2014-03-06'),(25,'3350300100169','student_check','7777','2014-03-06'),(33,'3340900184487','health','7777','2014-03-07'),(37,'3341601089556','budget','3349900319682','2014-03-07'),(38,'3349900319682','cabinet','3349900319682','2014-03-07'),(40,'3341500196501','health','3349900319682','2014-03-07'),(42,'3341500196501','mail','3349900319682','2014-03-07'),(45,'3349900319682','meeting','3349900319682','2014-03-07'),(46,'3320102061761','news','3349900319682','2014-03-07'),(248,'3349900977141','plan','7777','2020-11-15'),(52,'3341500196501','plan','3349900319682','2014-03-07'),(87,'3320102061761','savings','3349900319682','2014-03-07'),(57,'3349900319682','bookregister','3349900319682','2014-03-07'),(61,'3341601089556','student_check','7777','2014-03-07'),(62,'3341601089556','plan','7777','2014-03-07'),(63,'3341601089556','person','7777','2014-03-07'),(64,'3341601089556','health','7777','2014-03-07'),(65,'3341601089556','bookregister','7777','2014-03-07'),(66,'3341601089556','achievement','7777','2014-03-07'),(67,'3349900319682','budget','3349900319682','2014-03-07'),(68,'3330600043292','budget','3349900319682','2014-03-07'),(69,'3340900184487','budget','3349900319682','2014-03-07'),(70,'3350300100169','budget','3349900319682','2014-03-07'),(75,'3330600043292','health','3349900319682','2014-03-07'),(72,'3341500196501','budget','3349900319682','2014-03-07'),(73,'3341900179450','budget','3349900319682','2014-03-07'),(74,'3341900179450','budget','3349900319682','2014-03-07'),(76,'3320102061761','health','3349900319682','2014-03-07'),(77,'3349800017609','health','3349900319682','2014-03-07'),(79,'3349900808365','health','3349900319682','2014-03-07'),(80,'3340900184487','health','3349900319682','2014-03-07'),(81,'3350300100169','health','3349900319682','2014-03-07'),(82,'3341900179450','health','3349900319682','2014-03-07'),(83,'3451000675077','health','3349900319682','2014-03-07'),(84,'3341500963901','health','3349900319682','2014-03-07'),(85,'3349900319682','health','3349900319682','2014-03-07'),(89,'3341601089556','savings','3349900319682','2014-03-07'),(92,'3340900184487','savings','3349900319682','2014-03-07'),(93,'3350300100169','savings','3349900319682','2014-03-07'),(94,'3341500196501','savings','3349900319682','2014-03-07'),(101,'3341601089556','student_main','3349900319682','2014-03-07'),(104,'3350300100169','student_main','3349900319682','2014-03-07'),(109,'3320102061761','person','3349900319682','2014-03-07'),(112,'3350300100169','person','3349900319682','2014-03-07'),(113,'3341500196501','person','3349900319682','2014-03-07'),(119,'3330600043292','achievement','3349900319682','2014-03-07'),(120,'3320102061761','achievement','3349900319682','2014-03-07'),(121,'3349800017609','achievement','3349900319682','2014-03-07'),(122,'3349900319682','achievement','3349900319682','2014-03-07'),(123,'3349900808365','achievement','3349900319682','2014-03-07'),(124,'3340900184487','achievement','3349900319682','2014-03-07'),(126,'3341500196501','achievement','3349900319682','2014-03-07'),(127,'3341900179450','achievement','3349900319682','2014-03-07'),(128,'3451000675077','achievement','3349900319682','2014-03-07'),(129,'3341500963901','achievement','3349900319682','2014-03-07'),(130,'3330600043292','bookregister','3349900319682','2014-03-07'),(131,'3320102061761','bookregister','3349900319682','2014-03-07'),(132,'3349800017609','bookregister','3349900319682','2014-03-07'),(133,'3349900808365','bookregister','3349900319682','2014-03-07'),(134,'3340900184487','bookregister','3349900319682','2014-03-07'),(135,'3350300100169','bookregister','3349900319682','2014-03-07'),(136,'3341500196501','bookregister','3349900319682','2014-03-07'),(137,'3341900179450','bookregister','3349900319682','2014-03-07'),(138,'3320102061761','cabinet','3349900319682','2014-03-07'),(139,'3349800017609','cabinet','3349900319682','2014-03-07'),(140,'3341601089556','cabinet','3349900319682','2014-03-07'),(141,'3349900808365','cabinet','3349900319682','2014-03-07'),(142,'3340900184487','cabinet','3349900319682','2014-03-07'),(143,'3350300100169','cabinet','3349900319682','2014-03-07'),(144,'3341500196501','cabinet','3349900319682','2014-03-07'),(145,'3341900179450','cabinet','3349900319682','2014-03-07'),(146,'3451000675077','cabinet','3349900319682','2014-03-07'),(147,'3320102061761','la','3349900319682','2014-03-07'),(149,'3341601089556','la','3349900319682','2014-03-07'),(153,'3350300100169','la','3349900319682','2014-03-07'),(154,'3341500196501','la','3349900319682','2014-03-07'),(158,'3320102061761','mail','3349900319682','2014-03-07'),(159,'3349800017609','mail','3349900319682','2014-03-07'),(160,'3341601089556','mail','3349900319682','2014-03-07'),(163,'3350300100169','mail','3349900319682','2014-03-07'),(165,'3320102061761','permission','3349900319682','2014-03-07'),(167,'3341601089556','permission','3349900319682','2014-03-07'),(171,'3341500196501','permission','3349900319682','2014-03-07'),(173,'3350300100169','permission','3349900319682','2014-03-07'),(174,'3340900184487','health','3330600043292','2014-03-07'),(175,'3330600043292','cabinet','3330600043292','2014-03-07'),(176,'3330600043292','cabinet','3330600043292','2014-03-07'),(177,'3330600043292','cabinet','3330600043292','2014-03-07'),(178,'3330600043292','cabinet','3330600043292','2014-03-07'),(238,'3349900977141','book','7777','2019-02-12'),(180,'3320102061761','work','3349900319682','2014-03-07'),(181,'3341500196501','work','3349900319682','2014-03-07'),(182,'3341601089556','work','3349900319682','2014-03-07'),(240,'3341900179450','book','7777','2019-02-23'),(239,'3341501157371','book','7777','2019-02-12'),(186,'3350300100169','work','3349900319682','2014-03-07'),(241,'1340400184953','health','7777','2019-08-27'),(189,'3320102061761','plan','3349900319682','2014-03-07'),(192,'3350300100169','plan','3349900319682','2014-03-07'),(245,'3341600013238','budget','7777','2020-11-15'),(246,'3341600013238','plan','7777','2020-11-15'),(247,'3349900977141','budget','7777','2020-11-15'),(197,'3320102061761','standard','3349900319682','2014-03-07'),(199,'3341601089556','standard','3349900319682','2014-03-07'),(204,'3350300100169','standard','3349900319682','2014-03-07'),(205,'3341500196501','standard','3349900319682','2014-03-07'),(209,'3341601089556','news','3349900319682','2014-03-07'),(210,'3349900319682','news','3349900319682','2014-03-07'),(213,'3341500196501','news','3349900319682','2014-03-07'),(214,'3341900179450','news','3349900319682','2014-03-07'),(216,'3341100713800','book','3341100713800','2018-09-29'),(217,'3341100713800','bookregister','3341100713800','2018-09-29'),(218,'3340700590775','book','7777','2018-11-14'),(219,'3340700590775','bookregister','7777','2018-11-14'),(220,'3340700590775','student_main','7777','2018-11-14'),(221,'3340700590775','person','7777','2018-11-14'),(222,'3340700590775','work','7777','2018-11-14'),(223,'3340700590775','la','7777','2018-11-14'),(224,'3340700590775','permission','7777','2018-11-14'),(225,'3340700590775','mail','7777','2018-11-14'),(226,'3340700590775','student_check','7777','2018-11-14'),(227,'3340700590775','savings','7777','2018-11-14'),(228,'3340700590775','health','7777','2018-11-14'),(229,'3340700590775','amss_bets','7777','2018-11-14'),(230,'3340700590775','plan','7777','2018-11-14'),(231,'3340700590775','budget','7777','2018-11-14'),(232,'3340700590775','bets','7777','2018-11-14'),(233,'3340700590775','affair','7777','2018-11-14'),(234,'3340700590775','cabinet','7777','2018-11-14'),(235,'3340700590775','achievement','7777','2018-11-14'),(236,'3349700145966','bookregister','7777','2018-11-29'),(237,'3349700145966','book','7777','2018-11-29'),(243,'1340400184953','amss_supervision','7777','2019-09-04'),(244,'3340700590775','amss_supervision','7777','2019-09-04');

--
-- Table structure for table `system_school_name`
--

CREATE TABLE `system_school_name` (
  `id` tinyint(4) NOT NULL,
  `school_name` varchar(200) NOT NULL,
  `school_type` tinyint(4) NOT NULL DEFAULT 0,
  PRIMARY KEY (`id`)
) ENGINE=MyISAM DEFAULT CHARSET=utf8 COLLATE=utf8_general_ci;

--
-- Dumping data for table `system_school_name`
--

INSERT INTO `system_school_name` VALUES (1,'โรงเรียนอนุบาลสว่างวีระวงศ์',0);

--
-- Table structure for table `system_sync_code`
--

CREATE TABLE `system_sync_code` (
  `id` tinyint(4) NOT NULL AUTO_INCREMENT,
  `office_code` varchar(10) NOT NULL,
  `system_name` varchar(50) NOT NULL,
  `sync_code` varchar(50) NOT NULL,
  `amssplus_url` varchar(100) NOT NULL,
  PRIMARY KEY (`id`),
  UNIQUE KEY `system_name` (`system_name`)
) ENGINE=MyISAM AUTO_INCREMENT=4 DEFAULT CHARSET=utf8 COLLATE=utf8_general_ci;

--
-- Dumping data for table `system_sync_code`
--

INSERT INTO `system_sync_code` VALUES (3,'34040134','amssplus','34040134','http://10.255.199.107/amssplus');

--
-- Table structure for table `system_user_level`
--

CREATE TABLE `system_user_level` (
  `id` int(11) NOT NULL AUTO_INCREMENT,
  `level` tinyint(4) NOT NULL,
  `level_name` varchar(50) NOT NULL,
  `level_desc` varchar(50) NOT NULL,
  PRIMARY KEY (`id`),
  UNIQUE KEY `level` (`level`)
) ENGINE=MyISAM AUTO_INCREMENT=9 DEFAULT CHARSET=utf8 COLLATE=utf8_general_ci;

--
-- Dumping data for table `system_user_level`
--

INSERT INTO `system_user_level` VALUES (1,1,'ผู้ดูแลระบบ','สิทธิ์ในการจัดการระบบ'),(2,2,'ผู้บริหารสูงสุดของหน่วงงาน','สิทธิ์ในการดูรายงานสำหรับผู้บริหารสูงสุด'),(3,3,'ผู้ช่วยผู้บริหารหน่วยงาน','สิทธิ์ในการดูรายงานสำหรับผู้บริหาร'),(5,4,'ครูและบุคลากร','มีสิทธิ์ในการทำงานในระบบงานย่อยต่าง ๆ'),(8,5,'นักเรียน','สิทธิ์ระกับนักเรียน');

--
-- Table structure for table `system_version`
--

CREATE TABLE `system_version` (
  `id` int(11) NOT NULL AUTO_INCREMENT,
  `smss_version` varchar(100) NOT NULL,
  `status1` int(11) DEFAULT NULL,
  `status2` int(11) DEFAULT NULL,
  `status3` int(11) DEFAULT NULL,
  `status4` int(11) DEFAULT NULL,
  `status5` int(11) DEFAULT NULL,
  PRIMARY KEY (`id`)
) ENGINE=MyISAM AUTO_INCREMENT=2 DEFAULT CHARSET=utf8 COLLATE=utf8_general_ci;

--
-- Dumping data for table `system_version`
--

INSERT INTO `system_version` VALUES (1,'6.4',1,0,0,0,0);

--
-- Table structure for table `system_workgroup`
--

CREATE TABLE `system_workgroup` (
  `id` tinyint(4) NOT NULL AUTO_INCREMENT,
  `workgroup` tinyint(4) NOT NULL,
  `workgroup_desc` varchar(50) NOT NULL,
  `workgroup_order` int(11) NOT NULL,
  PRIMARY KEY (`id`),
  UNIQUE KEY `workgroup` (`workgroup`)
) ENGINE=MyISAM AUTO_INCREMENT=5 DEFAULT CHARSET=utf8 COLLATE=utf8_general_ci;

--
-- Dumping data for table `system_workgroup`
--

INSERT INTO `system_workgroup` VALUES (1,1,'บริหารวิชาการ',4),(2,2,'บริหารงบประมาณ',6),(3,3,'บริหารงานบุคคล',8),(4,4,'บริหารทั่วไป',10);

--
-- Table structure for table `work_main`
--

CREATE TABLE `work_main` (
  `id` int(11) NOT NULL AUTO_INCREMENT,
  `work_date` date NOT NULL,
  `person_id` varchar(13) NOT NULL,
  `work` tinyint(4) NOT NULL DEFAULT 0,
  `comment` varchar(150) DEFAULT NULL,
  `rec_date` datetime NOT NULL,
  `officer` varchar(13) NOT NULL,
  PRIMARY KEY (`id`),
  KEY `work_date` (`work_date`),
  KEY `person_id` (`person_id`)
) ENGINE=MyISAM AUTO_INCREMENT=993 DEFAULT CHARSET=utf8 COLLATE=utf8_general_ci;

--
-- Dumping data for table `work_main`
--

INSERT INTO `work_main` VALUES (1,'2014-03-07','3330600043292',1,NULL,'2014-03-07 13:57:40','3349900319682'),(2,'2014-03-07','3320102061761',1,NULL,'2014-03-07 13:57:40','3349900319682'),(3,'2014-03-07','3349800017609',1,NULL,'2014-03-07 13:57:40','3349900319682'),(4,'2014-03-07','3341601089556',1,NULL,'2014-03-07 13:57:40','3349900319682'),(5,'2014-03-07','3349900319682',1,NULL,'2014-03-07 13:57:40','3349900319682'),(6,'2014-03-07','3349900808365',1,NULL,'2014-03-07 13:57:40','3349900319682'),(7,'2014-03-07','3340900184487',1,NULL,'2014-03-07 13:57:40','3349900319682'),(8,'2014-03-07','3350300100169',1,NULL,'2014-03-07 13:57:40','3349900319682'),(9,'2014-03-07','3341500196501',1,NULL,'2014-03-07 13:57:40','3349900319682'),(10,'2014-03-07','3341900179450',1,NULL,'2014-03-07 13:57:40','3349900319682'),(11,'2014-03-07','3451000675077',1,NULL,'2014-03-07 13:57:40','3349900319682'),(12,'2014-03-07','3341500963901',1,NULL,'2014-03-07 13:57:40','3349900319682'),(13,'2014-03-07','1341900023143',1,NULL,'2014-03-07 13:57:40','3349900319682'),(14,'2014-05-20','3330600043292',1,NULL,'2014-05-27 11:44:33','3451000675077'),(15,'2014-05-20','3320102061761',1,NULL,'2014-05-27 11:44:33','3451000675077'),(16,'2014-05-20','3349800017609',1,NULL,'2014-05-27 11:44:33','3451000675077'),(17,'2014-05-20','3341601089556',1,NULL,'2014-05-27 11:44:33','3451000675077'),(18,'2014-05-20','3349900319682',3,NULL,'2014-05-27 11:44:33','3451000675077'),(19,'2014-05-20','3349900808365',1,NULL,'2014-05-27 11:44:33','3451000675077'),(20,'2014-05-20','3340900184487',1,NULL,'2014-05-27 11:44:33','3451000675077'),(21,'2014-05-20','3350300100169',1,NULL,'2014-05-27 11:44:33','3451000675077'),(22,'2014-05-20','3341500196501',1,NULL,'2014-05-27 11:44:33','3451000675077'),(23,'2014-05-20','3341900179450',1,NULL,'2014-05-27 11:44:33','3451000675077'),(24,'2014-05-20','3451000675077',1,NULL,'2014-05-27 11:44:33','3451000675077'),(25,'2014-05-20','3341500963901',1,NULL,'2014-05-27 11:44:33','3451000675077'),(26,'2014-05-20','1341900023143',1,NULL,'2014-05-27 11:44:33','3451000675077'),(27,'2014-05-21','3330600043292',1,NULL,'2014-05-27 11:45:11','3451000675077'),(28,'2014-05-21','3320102061761',1,NULL,'2014-05-27 11:45:11','3451000675077'),(29,'2014-05-21','3349800017609',1,NULL,'2014-05-27 11:45:11','3451000675077'),(30,'2014-05-21','3341601089556',4,NULL,'2014-05-27 11:45:11','3451000675077'),(31,'2014-05-21','3349900319682',3,NULL,'2014-05-27 11:45:11','3451000675077'),(32,'2014-05-21','3349900808365',1,NULL,'2014-05-27 11:45:11','3451000675077'),(33,'2014-05-21','3340900184487',1,NULL,'2014-05-27 11:45:11','3451000675077'),(34,'2014-05-21','3350300100169',1,NULL,'2014-05-27 11:45:11','3451000675077'),(35,'2014-05-21','3341500196501',1,NULL,'2014-05-27 11:45:11','3451000675077'),(36,'2014-05-21','3341900179450',1,NULL,'2014-05-27 11:45:11','3451000675077'),(37,'2014-05-21','3451000675077',1,NULL,'2014-05-27 11:45:11','3451000675077'),(38,'2014-05-21','3341500963901',1,NULL,'2014-05-27 11:45:11','3451000675077'),(39,'2014-05-21','1341900023143',1,NULL,'2014-05-27 11:45:11','3451000675077'),(40,'2014-05-16','3330600043292',1,NULL,'2014-05-27 11:45:53','3451000675077'),(41,'2014-05-16','3320102061761',1,NULL,'2014-05-27 11:45:53','3451000675077'),(42,'2014-05-16','3349800017609',1,NULL,'2014-05-27 11:45:53','3451000675077'),(43,'2014-05-16','3341601089556',1,NULL,'2014-05-27 11:45:53','3451000675077'),(44,'2014-05-16','3349900319682',1,NULL,'2014-05-27 11:45:53','3451000675077'),(45,'2014-05-16','3349900808365',1,NULL,'2014-05-27 11:45:53','3451000675077'),(46,'2014-05-16','3340900184487',1,NULL,'2014-05-27 11:45:53','3451000675077'),(47,'2014-05-16','3350300100169',1,NULL,'2014-05-27 11:45:53','3451000675077'),(48,'2014-05-16','3341500196501',1,NULL,'2014-05-27 11:45:53','3451000675077'),(49,'2014-05-16','3341900179450',1,NULL,'2014-05-27 11:45:53','3451000675077'),(50,'2014-05-16','3341500963901',1,NULL,'2014-05-27 11:45:53','3451000675077'),(51,'2014-05-16','1341900023143',1,NULL,'2014-05-27 11:45:53','3451000675077'),(52,'2014-05-19','3330600043292',1,NULL,'2014-05-27 11:46:13','3451000675077'),(53,'2014-05-19','3320102061761',1,NULL,'2014-05-27 11:46:13','3451000675077'),(54,'2014-05-19','3349800017609',1,NULL,'2014-05-27 11:46:13','3451000675077'),(55,'2014-05-19','3341601089556',1,NULL,'2014-05-27 11:46:13','3451000675077'),(56,'2014-05-19','3349900319682',3,NULL,'2014-05-27 11:46:13','3451000675077'),(57,'2014-05-19','3349900808365',1,NULL,'2014-05-27 11:46:13','3451000675077'),(58,'2014-05-19','3340900184487',1,NULL,'2014-05-27 11:46:13','3451000675077'),(59,'2014-05-19','3350300100169',1,NULL,'2014-05-27 11:46:13','3451000675077'),(60,'2014-05-19','3341500196501',1,NULL,'2014-05-27 11:46:13','3451000675077'),(61,'2014-05-19','3341900179450',1,NULL,'2014-05-27 11:46:13','3451000675077'),(62,'2014-05-19','3341500963901',1,NULL,'2014-05-27 11:46:13','3451000675077'),(63,'2014-05-19','1341900023143',1,NULL,'2014-05-27 11:46:13','3451000675077'),(64,'2014-05-16','3451000675077',9,NULL,'2014-05-27 11:45:53','3451000675077'),(65,'2014-05-19','3451000675077',9,NULL,'2014-05-27 11:46:13','3451000675077'),(66,'2014-05-22','3330600043292',1,NULL,'2014-05-27 11:47:28','3451000675077'),(67,'2014-05-22','3320102061761',1,NULL,'2014-05-27 11:47:28','3451000675077'),(68,'2014-05-22','3349800017609',1,NULL,'2014-05-27 11:47:28','3451000675077'),(69,'2014-05-22','3341601089556',4,NULL,'2014-05-27 11:47:28','3451000675077'),(70,'2014-05-22','3349900319682',3,NULL,'2014-05-27 11:47:28','3451000675077'),(71,'2014-05-22','3349900808365',1,NULL,'2014-05-27 11:47:28','3451000675077'),(72,'2014-05-22','3340900184487',1,NULL,'2014-05-27 11:47:28','3451000675077'),(73,'2014-05-22','3350300100169',1,NULL,'2014-05-27 11:47:28','3451000675077'),(74,'2014-05-22','3341500196501',1,NULL,'2014-05-27 11:47:28','3451000675077'),(75,'2014-05-22','3341900179450',1,NULL,'2014-05-27 11:47:28','3451000675077'),(76,'2014-05-22','3451000675077',9,NULL,'2014-05-27 11:47:28','3451000675077'),(77,'2014-05-22','3341500963901',1,NULL,'2014-05-27 11:47:28','3451000675077'),(78,'2014-05-22','1341900023143',1,NULL,'2014-05-27 11:47:28','3451000675077'),(79,'2014-05-26','3330600043292',1,NULL,'2014-05-27 11:48:17','3451000675077'),(80,'2014-05-26','3320102061761',1,NULL,'2014-05-27 11:48:17','3451000675077'),(81,'2014-05-26','3349800017609',1,NULL,'2014-05-27 11:48:17','3451000675077'),(82,'2014-05-26','3341601089556',4,NULL,'2014-05-27 11:48:17','3451000675077'),(83,'2014-05-26','3349900319682',1,NULL,'2014-05-27 11:48:17','3451000675077'),(84,'2014-05-26','3349900808365',1,NULL,'2014-05-27 11:48:17','3451000675077'),(85,'2014-05-26','3340900184487',1,NULL,'2014-05-27 11:48:17','3451000675077'),(86,'2014-05-26','3350300100169',1,NULL,'2014-05-27 11:48:17','3451000675077'),(87,'2014-05-26','3341500196501',1,NULL,'2014-05-27 11:48:17','3451000675077'),(88,'2014-05-26','3341900179450',1,NULL,'2014-05-27 11:48:17','3451000675077'),(89,'2014-05-26','3451000675077',9,NULL,'2014-05-27 11:48:17','3451000675077'),(90,'2014-05-26','3341500963901',1,NULL,'2014-05-27 11:48:17','3451000675077'),(91,'2014-05-26','1341900023143',1,NULL,'2014-05-27 11:48:17','3451000675077'),(92,'2014-05-27','3330600043292',1,NULL,'2014-05-29 09:51:59','3451000675077'),(93,'2014-05-27','3320102061761',1,NULL,'2014-05-29 09:51:59','3451000675077'),(94,'2014-05-27','3349800017609',1,NULL,'2014-05-29 09:51:59','3451000675077'),(95,'2014-05-27','3341601089556',4,NULL,'2014-05-29 09:51:59','3451000675077'),(96,'2014-05-27','3349900319682',1,NULL,'2014-05-29 09:51:59','3451000675077'),(97,'2014-05-27','3349900808365',1,NULL,'2014-05-29 09:51:59','3451000675077'),(98,'2014-05-27','3340900184487',2,NULL,'2014-05-29 09:51:59','3451000675077'),(99,'2014-05-27','3350300100169',1,NULL,'2014-05-29 09:51:59','3451000675077'),(100,'2014-05-27','3341500196501',1,NULL,'2014-05-29 09:51:59','3451000675077'),(101,'2014-05-27','3341900179450',1,NULL,'2014-05-29 09:51:59','3451000675077'),(102,'2014-05-27','3451000675077',9,NULL,'2014-05-29 09:51:59','3451000675077'),(103,'2014-05-27','3341500963901',1,NULL,'2014-05-29 09:51:59','3451000675077'),(104,'2014-05-27','1341900023143',1,NULL,'2014-05-29 09:51:59','3451000675077'),(105,'2014-05-29','3330600043292',1,NULL,'2014-05-29 09:51:10','3451000675077'),(106,'2014-05-29','3320102061761',1,NULL,'2014-05-29 09:51:10','3451000675077'),(107,'2014-05-29','3349800017609',1,NULL,'2014-05-29 09:51:10','3451000675077'),(108,'2014-05-29','3341601089556',1,NULL,'2014-05-29 09:51:10','3451000675077'),(109,'2014-05-29','3349900808365',1,NULL,'2014-05-29 09:51:10','3451000675077'),(110,'2014-05-29','3350300100169',1,NULL,'2014-05-29 09:51:10','3451000675077'),(111,'2014-05-29','3341900179450',1,NULL,'2014-05-29 09:51:10','3451000675077'),(112,'2014-05-29','3451000675077',1,NULL,'2014-05-29 09:51:10','3451000675077'),(113,'2014-05-29','3341500963901',1,NULL,'2014-05-29 09:51:10','3451000675077'),(114,'2014-05-29','1341900023143',1,NULL,'2014-05-29 09:51:10','3451000675077'),(115,'2014-05-29','3349900319682',2,NULL,'2014-05-29 09:51:10','3451000675077'),(116,'2014-05-29','3340900184487',2,NULL,'2014-05-29 09:51:10','3451000675077'),(117,'2014-05-29','3341500196501',1,NULL,'2014-05-29 09:51:10','3451000675077'),(118,'2014-05-28','3330600043292',1,NULL,'2014-05-30 09:50:01','3451000675077'),(119,'2014-05-28','3320102061761',1,NULL,'2014-05-30 09:50:01','3451000675077'),(120,'2014-05-28','3349800017609',1,NULL,'2014-05-30 09:50:01','3451000675077'),(121,'2014-05-28','3341601089556',1,NULL,'2014-05-30 09:50:01','3451000675077'),(122,'2014-05-28','3349900319682',1,NULL,'2014-05-30 09:50:01','3451000675077'),(123,'2014-05-28','3349900808365',1,NULL,'2014-05-30 09:50:01','3451000675077'),(124,'2014-05-28','3340900184487',2,NULL,'2014-05-30 09:50:01','3451000675077'),(125,'2014-05-28','3350300100169',1,NULL,'2014-05-30 09:50:01','3451000675077'),(126,'2014-05-28','3341500196501',1,NULL,'2014-05-30 09:50:01','3451000675077'),(127,'2014-05-28','3341900179450',1,NULL,'2014-05-30 09:50:01','3451000675077'),(128,'2014-05-28','3451000675077',9,NULL,'2014-05-30 09:50:01','3451000675077'),(129,'2014-05-28','3341500963901',1,NULL,'2014-05-30 09:50:01','3451000675077'),(130,'2014-05-28','1341900023143',1,NULL,'2014-05-30 09:50:01','3451000675077'),(131,'2014-05-30','3330600043292',2,NULL,'2014-05-30 09:50:32','3451000675077'),(132,'2014-05-30','3320102061761',1,NULL,'2014-05-30 09:50:32','3451000675077'),(133,'2014-05-30','3349800017609',1,NULL,'2014-05-30 09:50:32','3451000675077'),(134,'2014-05-30','3341601089556',1,NULL,'2014-05-30 09:50:32','3451000675077'),(135,'2014-05-30','3349900319682',1,NULL,'2014-05-30 09:50:32','3451000675077'),(136,'2014-05-30','3349900808365',1,NULL,'2014-05-30 09:50:32','3451000675077'),(137,'2014-05-30','3340900184487',1,NULL,'2014-05-30 09:50:32','3451000675077'),(138,'2014-05-30','3350300100169',1,NULL,'2014-05-30 09:50:32','3451000675077'),(139,'2014-05-30','3341500196501',1,NULL,'2014-05-30 09:50:32','3451000675077'),(140,'2014-05-30','3341900179450',1,NULL,'2014-05-30 09:50:32','3451000675077'),(141,'2014-05-30','3451000675077',1,NULL,'2014-05-30 09:50:32','3451000675077'),(142,'2014-05-30','3341500963901',1,NULL,'2014-05-30 09:50:32','3451000675077'),(143,'2014-05-30','1341900023143',1,NULL,'2014-05-30 09:50:32','3451000675077'),(144,'2014-06-02','3330600043292',1,NULL,'2014-06-09 09:35:29','3451000675077'),(145,'2014-06-02','3349800017609',1,NULL,'2014-06-09 09:35:29','3451000675077'),(146,'2014-06-02','3341601089556',1,NULL,'2014-06-09 09:35:29','3451000675077'),(147,'2014-06-02','3349900319682',1,NULL,'2014-06-09 09:35:29','3451000675077'),(148,'2014-06-02','3349900808365',1,NULL,'2014-06-09 09:35:29','3451000675077'),(149,'2014-06-02','3340900184487',1,NULL,'2014-06-09 09:35:29','3451000675077'),(150,'2014-06-02','3350300100169',1,NULL,'2014-06-09 09:35:29','3451000675077'),(151,'2014-06-02','3341500196501',1,NULL,'2014-06-09 09:35:29','3451000675077'),(152,'2014-06-02','3341900179450',1,NULL,'2014-06-09 09:35:29','3451000675077'),(153,'2014-06-02','3451000675077',9,NULL,'2014-06-09 09:35:29','3451000675077'),(154,'2014-06-02','3341500963901',1,NULL,'2014-06-09 09:35:29','3451000675077'),(155,'2014-06-02','1341900023143',1,NULL,'2014-06-09 09:35:29','3451000675077'),(156,'2014-06-03','3330600043292',1,NULL,'2014-06-09 09:36:44','3451000675077'),(157,'2014-06-03','3349800017609',1,NULL,'2014-06-09 09:36:44','3451000675077'),(158,'2014-06-03','3341601089556',1,NULL,'2014-06-09 09:36:44','3451000675077'),(159,'2014-06-03','3349900319682',1,NULL,'2014-06-09 09:36:44','3451000675077'),(160,'2014-06-03','3349900808365',1,NULL,'2014-06-09 09:36:44','3451000675077'),(161,'2014-06-03','3340900184487',1,NULL,'2014-06-09 09:36:44','3451000675077'),(162,'2014-06-03','3350300100169',1,NULL,'2014-06-09 09:36:44','3451000675077'),(163,'2014-06-03','3341500196501',1,NULL,'2014-06-09 09:36:44','3451000675077'),(164,'2014-06-03','3341900179450',1,NULL,'2014-06-09 09:36:44','3451000675077'),(165,'2014-06-03','3451000675077',9,NULL,'2014-06-09 09:36:44','3451000675077'),(166,'2014-06-03','3341500963901',1,NULL,'2014-06-09 09:36:44','3451000675077'),(167,'2014-06-03','1341900023143',1,NULL,'2014-06-09 09:36:44','3451000675077'),(168,'2014-06-04','3330600043292',1,NULL,'2014-06-09 09:38:22','3451000675077'),(169,'2014-06-04','3320102061761',1,NULL,'2014-06-09 09:38:22','3451000675077'),(170,'2014-06-04','3349800017609',1,NULL,'2014-06-09 09:38:22','3451000675077'),(171,'2014-06-04','3341601089556',1,NULL,'2014-06-09 09:38:22','3451000675077'),(172,'2014-06-04','3349900319682',1,NULL,'2014-06-09 09:38:22','3451000675077'),(173,'2014-06-04','3349900808365',1,NULL,'2014-06-09 09:38:22','3451000675077'),(174,'2014-06-04','3340900184487',1,NULL,'2014-06-09 09:38:22','3451000675077'),(175,'2014-06-04','3350300100169',1,NULL,'2014-06-09 09:38:22','3451000675077'),(176,'2014-06-04','3341500196501',1,NULL,'2014-06-09 09:38:22','3451000675077'),(177,'2014-06-04','3341900179450',1,NULL,'2014-06-09 09:38:22','3451000675077'),(178,'2014-06-04','3451000675077',9,NULL,'2014-06-09 09:38:22','3451000675077'),(179,'2014-06-04','3341500963901',1,NULL,'2014-06-09 09:38:22','3451000675077'),(180,'2014-06-04','1341900023143',1,NULL,'2014-06-09 09:38:22','3451000675077'),(181,'2014-06-05','3330600043292',1,NULL,'2014-06-09 09:39:25','3451000675077'),(182,'2014-06-05','3320102061761',1,NULL,'2014-06-09 09:39:25','3451000675077'),(183,'2014-06-05','3349800017609',1,NULL,'2014-06-09 09:39:25','3451000675077'),(184,'2014-06-05','3341601089556',1,NULL,'2014-06-09 09:39:25','3451000675077'),(185,'2014-06-05','3349900319682',1,NULL,'2014-06-09 09:39:25','3451000675077'),(186,'2014-06-05','3349900808365',1,NULL,'2014-06-09 09:39:25','3451000675077'),(187,'2014-06-05','3340900184487',1,NULL,'2014-06-09 09:39:25','3451000675077'),(188,'2014-06-05','3350300100169',1,NULL,'2014-06-09 09:39:25','3451000675077'),(189,'2014-06-05','3341500196501',1,NULL,'2014-06-09 09:39:25','3451000675077'),(190,'2014-06-05','3341900179450',1,NULL,'2014-06-09 09:39:25','3451000675077'),(191,'2014-06-05','3451000675077',9,NULL,'2014-06-09 09:39:25','3451000675077'),(192,'2014-06-05','3341500963901',1,NULL,'2014-06-09 09:39:25','3451000675077'),(193,'2014-06-05','1341900023143',1,NULL,'2014-06-09 09:39:25','3451000675077'),(194,'2014-06-06','3330600043292',1,NULL,'2014-06-09 09:40:06','3451000675077'),(195,'2014-06-06','3320102061761',1,NULL,'2014-06-09 09:40:06','3451000675077'),(196,'2014-06-06','3349800017609',1,NULL,'2014-06-09 09:40:06','3451000675077'),(197,'2014-06-06','3341601089556',1,NULL,'2014-06-09 09:40:06','3451000675077'),(198,'2014-06-06','3349900319682',1,NULL,'2014-06-09 09:40:06','3451000675077'),(199,'2014-06-06','3349900808365',1,NULL,'2014-06-09 09:40:06','3451000675077'),(200,'2014-06-06','3340900184487',1,NULL,'2014-06-09 09:40:06','3451000675077'),(201,'2014-06-06','3350300100169',1,NULL,'2014-06-09 09:40:06','3451000675077'),(202,'2014-06-06','3341500196501',1,NULL,'2014-06-09 09:40:06','3451000675077'),(203,'2014-06-06','3341900179450',1,NULL,'2014-06-09 09:40:06','3451000675077'),(204,'2014-06-06','3451000675077',1,NULL,'2014-06-09 09:40:06','3451000675077'),(205,'2014-06-06','3341500963901',1,NULL,'2014-06-09 09:40:06','3451000675077'),(206,'2014-06-06','1341900023143',1,NULL,'2014-06-09 09:40:06','3451000675077'),(207,'2014-06-09','3320102061761',1,NULL,'2014-06-09 09:40:47','3451000675077'),(208,'2014-06-09','3349800017609',1,NULL,'2014-06-09 09:40:47','3451000675077'),(209,'2014-06-09','3349900319682',1,NULL,'2014-06-09 09:40:47','3451000675077'),(210,'2014-06-09','3349900808365',1,NULL,'2014-06-09 09:40:47','3451000675077'),(211,'2014-06-09','3350300100169',1,NULL,'2014-06-09 09:40:47','3451000675077'),(212,'2014-06-09','3341900179450',1,NULL,'2014-06-09 09:40:47','3451000675077'),(213,'2014-06-09','3451000675077',1,NULL,'2014-06-09 09:40:47','3451000675077'),(214,'2014-06-09','3341500963901',1,NULL,'2014-06-09 09:40:47','3451000675077'),(215,'2014-06-09','1341900023143',1,NULL,'2014-06-09 09:40:47','3451000675077'),(216,'2014-06-16','3451000675077',1,NULL,'2014-06-17 08:47:38','3451000675077'),(217,'2014-06-10','3330600043292',1,NULL,'2014-06-16 08:58:11','3451000675077'),(218,'2014-06-10','3320102061761',1,NULL,'2014-06-16 08:58:11','3451000675077'),(219,'2014-06-10','3349800017609',2,NULL,'2014-06-16 08:58:11','3451000675077'),(220,'2014-06-10','3341601089556',1,NULL,'2014-06-16 08:58:11','3451000675077'),(221,'2014-06-10','3349900319682',1,NULL,'2014-06-16 08:58:11','3451000675077'),(222,'2014-06-10','3349900808365',1,NULL,'2014-06-16 08:58:11','3451000675077'),(223,'2014-06-10','3340900184487',1,NULL,'2014-06-16 08:58:11','3451000675077'),(224,'2014-06-10','3350300100169',1,NULL,'2014-06-16 08:58:11','3451000675077'),(225,'2014-06-10','3341500196501',1,NULL,'2014-06-16 08:58:11','3451000675077'),(226,'2014-06-10','3341900179450',1,NULL,'2014-06-16 08:58:11','3451000675077'),(227,'2014-06-10','3451000675077',9,NULL,'2014-06-16 08:58:11','3451000675077'),(228,'2014-06-10','3341500963901',1,NULL,'2014-06-16 08:58:11','3451000675077'),(229,'2014-06-10','1341900023143',1,NULL,'2014-06-16 08:58:11','3451000675077'),(230,'2014-06-11','3330600043292',1,NULL,'2014-06-16 08:59:18','3451000675077'),(231,'2014-06-11','3320102061761',1,NULL,'2014-06-16 08:59:18','3451000675077'),(232,'2014-06-11','3349800017609',1,NULL,'2014-06-16 08:59:18','3451000675077'),(233,'2014-06-11','3349900319682',1,NULL,'2014-06-16 08:59:18','3451000675077'),(234,'2014-06-11','3349900808365',1,NULL,'2014-06-16 08:59:18','3451000675077'),(235,'2014-06-11','3340900184487',1,NULL,'2014-06-16 08:59:18','3451000675077'),(236,'2014-06-11','3350300100169',1,NULL,'2014-06-16 08:59:18','3451000675077'),(237,'2014-06-11','3341900179450',1,NULL,'2014-06-16 08:59:18','3451000675077'),(238,'2014-06-11','3341500963901',1,NULL,'2014-06-16 08:59:18','3451000675077'),(239,'2014-06-11','1341900023143',1,NULL,'2014-06-16 08:59:18','3451000675077'),(240,'2014-06-11','3451000675077',9,NULL,'2014-06-16 08:59:18','3451000675077'),(241,'2014-06-12','3330600043292',1,NULL,'2014-06-16 09:01:19','3451000675077'),(242,'2014-06-12','3320102061761',1,NULL,'2014-06-16 09:01:19','3451000675077'),(243,'2014-06-12','3349800017609',1,NULL,'2014-06-16 09:01:19','3451000675077'),(244,'2014-06-12','3349900808365',1,NULL,'2014-06-16 09:01:19','3451000675077'),(245,'2014-06-12','3340900184487',1,NULL,'2014-06-16 09:01:19','3451000675077'),(246,'2014-06-12','3350300100169',1,NULL,'2014-06-16 09:01:19','3451000675077'),(247,'2014-06-12','3341500196501',1,NULL,'2014-06-16 09:01:19','3451000675077'),(248,'2014-06-12','3341900179450',1,NULL,'2014-06-16 09:01:19','3451000675077'),(249,'2014-06-12','3451000675077',9,NULL,'2014-06-16 09:01:19','3451000675077'),(250,'2014-06-12','3341500963901',1,NULL,'2014-06-16 09:01:19','3451000675077'),(251,'2014-06-12','1341900023143',1,NULL,'2014-06-16 09:01:19','3451000675077'),(252,'2014-06-13','3320102061761',1,NULL,'2014-06-17 08:47:13','3451000675077'),(253,'2014-06-13','3349800017609',1,NULL,'2014-06-17 08:47:13','3451000675077'),(254,'2014-06-13','3341900179450',1,NULL,'2014-06-17 08:47:13','3451000675077'),(255,'2014-06-13','3451000675077',9,NULL,'2014-06-17 08:47:13','3451000675077'),(256,'2014-06-13','3341500963901',1,NULL,'2014-06-17 08:47:13','3451000675077'),(257,'2014-06-13','1341900023143',1,NULL,'2014-06-17 08:47:13','3451000675077'),(258,'2014-06-16','3320102061761',1,NULL,'2014-06-17 08:47:38','3451000675077'),(259,'2014-06-16','3349800017609',1,NULL,'2014-06-17 08:47:38','3451000675077'),(260,'2014-06-16','3349900808365',1,NULL,'2014-06-17 08:47:38','3451000675077'),(261,'2014-06-16','3340900184487',1,NULL,'2014-06-17 08:47:38','3451000675077'),(262,'2014-06-16','3350300100169',1,NULL,'2014-06-17 08:47:38','3451000675077'),(263,'2014-06-16','3341900179450',1,NULL,'2014-06-17 08:47:38','3451000675077'),(264,'2014-06-16','3330600043292',1,NULL,'2014-06-17 08:47:38','3451000675077'),(265,'2014-06-16','3349900319682',1,NULL,'2014-06-17 08:47:38','3451000675077'),(266,'2014-06-16','3341500963901',1,NULL,'2014-06-17 08:47:38','3451000675077'),(267,'2014-06-16','1341900023143',1,NULL,'2014-06-17 08:47:38','3451000675077'),(268,'2014-06-13','3330600043292',1,NULL,'2014-06-17 08:47:13','3451000675077'),(269,'2014-06-13','3341601089556',4,NULL,'2014-06-17 08:47:13','3451000675077'),(270,'2014-06-13','3349900319682',1,NULL,'2014-06-17 08:47:13','3451000675077'),(271,'2014-06-13','3350300100169',1,NULL,'2014-06-17 08:47:13','3451000675077'),(272,'2014-06-16','3341601089556',1,NULL,'2014-06-17 08:47:38','3451000675077'),(273,'2014-06-16','3341500196501',4,NULL,'2014-06-17 08:47:38','3451000675077'),(274,'2014-06-18','3330600043292',1,NULL,'2014-06-25 09:28:14','3451000675077'),(275,'2014-06-18','3349800017609',3,NULL,'2014-06-25 09:28:14','3451000675077'),(276,'2014-06-18','3341601089556',1,NULL,'2014-06-25 09:28:14','3451000675077'),(277,'2014-06-18','3349900808365',1,NULL,'2014-06-25 09:28:14','3451000675077'),(278,'2014-06-18','3340900184487',1,NULL,'2014-06-25 09:28:14','3451000675077'),(279,'2014-06-18','3350300100169',1,NULL,'2014-06-25 09:28:14','3451000675077'),(280,'2014-06-18','3341500196501',4,NULL,'2014-06-25 09:28:14','3451000675077'),(281,'2014-06-18','3341900179450',1,NULL,'2014-06-25 09:28:14','3451000675077'),(282,'2014-06-18','3451000675077',1,NULL,'2014-06-25 09:28:14','3451000675077'),(283,'2014-06-18','3341500963901',1,NULL,'2014-06-25 09:28:14','3451000675077'),(284,'2014-06-18','1341900023143',1,NULL,'2014-06-25 09:28:14','3451000675077'),(285,'2014-06-18','3320102061761',1,NULL,'2014-06-25 09:28:14','3451000675077'),(286,'2014-06-18','3349900319682',1,NULL,'2014-06-25 09:28:14','3451000675077'),(287,'2014-06-19','3330600043292',1,NULL,'2014-06-25 09:30:30','3451000675077'),(288,'2014-06-19','3320102061761',1,NULL,'2014-06-25 09:30:30','3451000675077'),(289,'2014-06-19','3349800017609',1,NULL,'2014-06-25 09:30:30','3451000675077'),(290,'2014-06-19','3349900319682',1,NULL,'2014-06-25 09:30:30','3451000675077'),(291,'2014-06-19','3349900808365',1,NULL,'2014-06-25 09:30:30','3451000675077'),(292,'2014-06-19','3340900184487',1,NULL,'2014-06-25 09:30:30','3451000675077'),(293,'2014-06-19','3350300100169',1,NULL,'2014-06-25 09:30:30','3451000675077'),(294,'2014-06-19','3341900179450',1,NULL,'2014-06-25 09:30:30','3451000675077'),(295,'2014-06-19','3341500963901',9,NULL,'2014-06-25 09:30:30','3451000675077'),(296,'2014-06-19','1341900023143',1,NULL,'2014-06-25 09:30:30','3451000675077'),(297,'2014-06-20','3330600043292',1,NULL,'2014-06-25 09:31:57','3451000675077'),(298,'2014-06-20','3320102061761',1,NULL,'2014-06-25 09:31:57','3451000675077'),(299,'2014-06-20','3349800017609',1,NULL,'2014-06-25 09:31:57','3451000675077'),(300,'2014-06-20','3341601089556',1,NULL,'2014-06-25 09:31:57','3451000675077'),(301,'2014-06-20','3349900319682',1,NULL,'2014-06-25 09:31:57','3451000675077'),(302,'2014-06-20','3349900808365',1,NULL,'2014-06-25 09:31:57','3451000675077'),(303,'2014-06-20','3340900184487',1,NULL,'2014-06-25 09:31:57','3451000675077'),(304,'2014-06-20','3350300100169',1,NULL,'2014-06-25 09:31:57','3451000675077'),(305,'2014-06-20','3341500196501',1,NULL,'2014-06-25 09:31:57','3451000675077'),(306,'2014-06-20','3341900179450',1,NULL,'2014-06-25 09:31:57','3451000675077'),(307,'2014-06-20','3451000675077',9,NULL,'2014-06-25 09:31:57','3451000675077'),(308,'2014-06-20','3341500963901',1,NULL,'2014-06-25 09:31:57','3451000675077'),(309,'2014-06-20','1341900023143',1,NULL,'2014-06-25 09:31:57','3451000675077'),(310,'2014-06-21','3330600043292',1,NULL,'2014-06-25 09:32:30','3451000675077'),(311,'2014-06-21','3341900179450',1,NULL,'2014-06-25 09:32:30','3451000675077'),(312,'2014-06-21','3341500963901',1,NULL,'2014-06-25 09:32:30','3451000675077'),(313,'2014-06-21','1341900023143',1,NULL,'2014-06-25 09:32:30','3451000675077'),(314,'2014-06-23','3330600043292',1,NULL,'2014-06-25 09:34:07','3451000675077'),(315,'2014-06-23','3320102061761',4,NULL,'2014-06-25 09:34:07','3451000675077'),(316,'2014-06-23','3349800017609',1,NULL,'2014-06-25 09:34:07','3451000675077'),(317,'2014-06-23','3341601089556',4,NULL,'2014-06-25 09:34:07','3451000675077'),(318,'2014-06-23','3349900319682',2,NULL,'2014-06-25 09:34:07','3451000675077'),(319,'2014-06-23','3349900808365',1,NULL,'2014-06-25 09:34:07','3451000675077'),(320,'2014-06-23','3340900184487',1,NULL,'2014-06-25 09:34:07','3451000675077'),(321,'2014-06-23','3350300100169',1,NULL,'2014-06-25 09:34:07','3451000675077'),(322,'2014-06-23','3341500196501',4,NULL,'2014-06-25 09:34:07','3451000675077'),(323,'2014-06-23','3341900179450',1,NULL,'2014-06-25 09:34:07','3451000675077'),(324,'2014-06-23','3341500963901',9,NULL,'2014-06-25 09:34:07','3451000675077'),(325,'2014-06-23','1341900023143',1,NULL,'2014-06-25 09:34:07','3451000675077'),(326,'2014-06-23','3451000675077',9,NULL,'2014-06-25 09:34:07','3451000675077'),(327,'2014-06-24','3330600043292',1,NULL,'2014-07-02 10:00:55','3451000675077'),(328,'2014-06-24','3320102061761',1,NULL,'2014-07-02 10:00:55','3451000675077'),(329,'2014-06-24','3349900319682',2,NULL,'2014-07-02 10:00:55','3451000675077'),(330,'2014-06-24','3349900808365',1,NULL,'2014-07-02 10:00:55','3451000675077'),(331,'2014-06-24','3340900184487',1,NULL,'2014-07-02 10:00:55','3451000675077'),(332,'2014-06-24','3350300100169',1,NULL,'2014-07-02 10:00:55','3451000675077'),(333,'2014-06-24','3451000675077',1,NULL,'2014-07-02 10:00:55','3451000675077'),(334,'2014-06-24','1341900023143',1,NULL,'2014-07-02 10:00:55','3451000675077'),(335,'2014-07-02','3320102061761',1,NULL,'2014-07-02 09:57:18','3451000675077'),(336,'2014-07-02','3349800017609',1,NULL,'2014-07-02 09:57:18','3451000675077'),(337,'2014-07-02','3349900319682',1,NULL,'2014-07-02 09:57:18','3451000675077'),(338,'2014-07-02','3349900808365',1,NULL,'2014-07-02 09:57:18','3451000675077'),(339,'2014-07-02','3340900184487',1,NULL,'2014-07-02 09:57:18','3451000675077'),(340,'2014-07-02','3350300100169',1,NULL,'2014-07-02 09:57:18','3451000675077'),(341,'2014-07-02','3341500196501',1,NULL,'2014-07-02 09:57:18','3451000675077'),(342,'2014-07-02','3341900179450',1,NULL,'2014-07-02 09:57:18','3451000675077'),(343,'2014-07-02','3451000675077',1,NULL,'2014-07-02 09:57:18','3451000675077'),(344,'2014-07-02','3341500963901',1,NULL,'2014-07-02 09:57:18','3451000675077'),(345,'2014-07-02','1341900023143',1,NULL,'2014-07-02 09:57:18','3451000675077'),(346,'2014-07-01','3330600043292',1,NULL,'2014-07-02 09:58:45','3451000675077'),(347,'2014-07-01','3320102061761',1,NULL,'2014-07-02 09:58:45','3451000675077'),(348,'2014-07-01','3349800017609',1,NULL,'2014-07-02 09:58:45','3451000675077'),(349,'2014-07-01','3341601089556',1,NULL,'2014-07-02 09:58:45','3451000675077'),(350,'2014-07-01','3349900319682',1,NULL,'2014-07-02 09:58:45','3451000675077'),(351,'2014-07-01','3349900808365',1,NULL,'2014-07-02 09:58:45','3451000675077'),(352,'2014-07-01','3340900184487',1,NULL,'2014-07-02 09:58:45','3451000675077'),(353,'2014-07-01','3350300100169',1,NULL,'2014-07-02 09:58:45','3451000675077'),(354,'2014-07-01','3341500196501',1,NULL,'2014-07-02 09:58:45','3451000675077'),(355,'2014-07-01','3341900179450',1,NULL,'2014-07-02 09:58:45','3451000675077'),(356,'2014-07-01','3451000675077',9,NULL,'2014-07-02 09:58:45','3451000675077'),(357,'2014-07-01','3341500963901',1,NULL,'2014-07-02 09:58:45','3451000675077'),(358,'2014-07-01','1341900023143',1,NULL,'2014-07-02 09:58:45','3451000675077'),(359,'2014-06-24','3349800017609',1,NULL,'2014-07-02 10:00:55','3451000675077'),(360,'2014-06-24','3341601089556',1,NULL,'2014-07-02 10:00:55','3451000675077'),(361,'2014-06-24','3341500963901',1,NULL,'2014-07-02 10:00:55','3451000675077'),(362,'2014-06-24','3341900179450',1,NULL,'2014-07-02 10:00:55','3451000675077'),(363,'2014-06-25','3330600043292',1,NULL,'2014-07-02 10:02:17','3451000675077'),(364,'2014-06-25','3320102061761',1,NULL,'2014-07-02 10:02:17','3451000675077'),(365,'2014-06-25','3349800017609',1,NULL,'2014-07-02 10:02:17','3451000675077'),(366,'2014-06-25','3341601089556',1,NULL,'2014-07-02 10:02:17','3451000675077'),(367,'2014-06-25','3349900319682',2,NULL,'2014-07-02 10:02:17','3451000675077'),(368,'2014-06-25','3349900808365',1,NULL,'2014-07-02 10:02:17','3451000675077'),(369,'2014-06-25','3340900184487',1,NULL,'2014-07-02 10:02:17','3451000675077'),(370,'2014-06-25','3350300100169',1,NULL,'2014-07-02 10:02:17','3451000675077'),(371,'2014-06-25','3341500196501',1,NULL,'2014-07-02 10:02:17','3451000675077'),(372,'2014-06-25','3341900179450',1,NULL,'2014-07-02 10:02:17','3451000675077'),(373,'2014-06-25','3451000675077',1,NULL,'2014-07-02 10:02:17','3451000675077'),(374,'2014-06-25','3341500963901',1,NULL,'2014-07-02 10:02:17','3451000675077'),(375,'2014-06-25','1341900023143',1,NULL,'2014-07-02 10:02:17','3451000675077'),(376,'2014-06-26','3330600043292',1,NULL,'2014-07-02 10:03:26','3451000675077'),(377,'2014-06-26','3320102061761',1,NULL,'2014-07-02 10:03:26','3451000675077'),(378,'2014-06-26','3349800017609',1,NULL,'2014-07-02 10:03:26','3451000675077'),(379,'2014-06-26','3341601089556',1,NULL,'2014-07-02 10:03:26','3451000675077'),(380,'2014-06-26','3349900319682',2,NULL,'2014-07-02 10:03:26','3451000675077'),(381,'2014-06-26','3349900808365',1,NULL,'2014-07-02 10:03:26','3451000675077'),(382,'2014-06-26','3340900184487',1,NULL,'2014-07-02 10:03:26','3451000675077'),(383,'2014-06-26','3350300100169',1,NULL,'2014-07-02 10:03:26','3451000675077'),(384,'2014-06-26','3341500196501',1,NULL,'2014-07-02 10:03:26','3451000675077'),(385,'2014-06-26','3341900179450',1,NULL,'2014-07-02 10:03:26','3451000675077'),(386,'2014-06-26','3451000675077',9,NULL,'2014-07-02 10:03:26','3451000675077'),(387,'2014-06-26','3341500963901',1,NULL,'2014-07-02 10:03:26','3451000675077'),(388,'2014-06-26','1341900023143',1,NULL,'2014-07-02 10:03:26','3451000675077'),(389,'2014-06-27','3330600043292',1,NULL,'2014-07-02 10:04:44','3451000675077'),(390,'2014-06-27','3320102061761',1,NULL,'2014-07-02 10:04:44','3451000675077'),(391,'2014-06-27','3349800017609',2,NULL,'2014-07-02 10:04:44','3451000675077'),(392,'2014-06-27','3341601089556',1,NULL,'2014-07-02 10:04:44','3451000675077'),(393,'2014-06-27','3349900319682',2,NULL,'2014-07-02 10:04:44','3451000675077'),(394,'2014-06-27','3349900808365',1,NULL,'2014-07-02 10:04:44','3451000675077'),(395,'2014-06-27','3340900184487',1,NULL,'2014-07-02 10:04:44','3451000675077'),(396,'2014-06-27','3350300100169',1,NULL,'2014-07-02 10:04:44','3451000675077'),(397,'2014-06-27','3341500196501',1,NULL,'2014-07-02 10:04:44','3451000675077'),(398,'2014-06-27','3341900179450',1,NULL,'2014-07-02 10:04:44','3451000675077'),(399,'2014-06-27','3451000675077',9,NULL,'2014-07-02 10:04:44','3451000675077'),(400,'2014-06-27','3341500963901',1,NULL,'2014-07-02 10:04:44','3451000675077'),(401,'2014-06-27','1341900023143',1,NULL,'2014-07-02 10:04:44','3451000675077'),(402,'2014-06-30','3330600043292',1,NULL,'2014-07-02 10:05:51','3451000675077'),(403,'2014-06-30','3320102061761',1,NULL,'2014-07-02 10:05:51','3451000675077'),(404,'2014-06-30','3349800017609',1,NULL,'2014-07-02 10:05:51','3451000675077'),(405,'2014-06-30','3341601089556',1,NULL,'2014-07-02 10:05:51','3451000675077'),(406,'2014-06-30','3349900319682',1,NULL,'2014-07-02 10:05:51','3451000675077'),(407,'2014-06-30','3349900808365',1,NULL,'2014-07-02 10:05:51','3451000675077'),(408,'2014-06-30','3340900184487',1,NULL,'2014-07-02 10:05:51','3451000675077'),(409,'2014-06-30','3350300100169',1,NULL,'2014-07-02 10:05:51','3451000675077'),(410,'2014-06-30','3341500196501',1,NULL,'2014-07-02 10:05:51','3451000675077'),(411,'2014-06-30','3341900179450',1,NULL,'2014-07-02 10:05:51','3451000675077'),(412,'2014-06-30','3451000675077',9,NULL,'2014-07-02 10:05:51','3451000675077'),(413,'2014-06-30','3341500963901',1,NULL,'2014-07-02 10:05:51','3451000675077'),(414,'2014-06-30','1341900023143',1,NULL,'2014-07-02 10:05:51','3451000675077'),(415,'2015-08-10','3341600013238',1,NULL,'2015-08-10 12:37:38','3451000675077'),(416,'2015-08-10','3341500196501',1,NULL,'2015-08-10 12:37:38','3451000675077'),(417,'2015-08-10','3320102061761',1,NULL,'2015-08-10 12:37:38','3451000675077'),(418,'2015-08-10','3349800017609',1,NULL,'2015-08-10 12:37:38','3451000675077'),(419,'2015-08-10','3341601089556',4,NULL,'2015-08-10 12:37:38','3451000675077'),(420,'2015-08-10','3349900808365',1,NULL,'2015-08-10 12:37:38','3451000675077'),(421,'2015-08-10','3340900184487',1,NULL,'2015-08-10 12:37:38','3451000675077'),(422,'2015-08-10','3350300100169',1,NULL,'2015-08-10 12:37:38','3451000675077'),(423,'2015-08-10','00',1,NULL,'2015-08-10 12:37:38','3451000675077'),(424,'2015-08-10','3341900179450',1,NULL,'2015-08-10 12:37:38','3451000675077'),(425,'2015-08-10','3451000675077',1,NULL,'2015-08-10 12:37:38','3451000675077'),(426,'2015-08-10','3341500963901',1,NULL,'2015-08-10 12:37:38','3451000675077'),(427,'2015-08-10','1341900023143',1,NULL,'2015-08-10 12:37:38','3451000675077'),(428,'2015-08-07','3341600013238',1,NULL,'2015-08-10 12:39:38','3451000675077'),(429,'2015-08-07','3341500196501',1,NULL,'2015-08-10 12:39:38','3451000675077'),(430,'2015-08-07','3320102061761',1,NULL,'2015-08-10 12:39:38','3451000675077'),(431,'2015-08-07','3349800017609',4,NULL,'2015-08-10 12:39:38','3451000675077'),(432,'2015-08-07','3341601089556',1,NULL,'2015-08-10 12:39:38','3451000675077'),(433,'2015-08-07','3349900808365',1,NULL,'2015-08-10 12:39:38','3451000675077'),(434,'2015-08-07','3340900184487',1,NULL,'2015-08-10 12:39:38','3451000675077'),(435,'2015-08-07','3350300100169',3,NULL,'2015-08-10 12:39:38','3451000675077'),(436,'2015-08-07','00',1,NULL,'2015-08-10 12:39:38','3451000675077'),(437,'2015-08-07','3341900179450',1,NULL,'2015-08-10 12:39:38','3451000675077'),(438,'2015-08-07','3451000675077',9,NULL,'2015-08-10 12:39:38','3451000675077'),(439,'2015-08-07','3341500963901',1,NULL,'2015-08-10 12:39:38','3451000675077'),(440,'2015-08-07','1341900023143',1,NULL,'2015-08-10 12:39:38','3451000675077'),(441,'2015-08-06','3341600013238',1,NULL,'2015-08-10 12:40:57','3451000675077'),(442,'2015-08-06','3341500196501',1,NULL,'2015-08-10 12:40:57','3451000675077'),(443,'2015-08-06','3320102061761',1,NULL,'2015-08-10 12:40:57','3451000675077'),(444,'2015-08-06','3349800017609',1,NULL,'2015-08-10 12:40:57','3451000675077'),(445,'2015-08-06','3341601089556',1,NULL,'2015-08-10 12:40:57','3451000675077'),(446,'2015-08-06','3349900808365',1,NULL,'2015-08-10 12:40:57','3451000675077'),(447,'2015-08-06','3340900184487',1,NULL,'2015-08-10 12:40:57','3451000675077'),(448,'2015-08-06','3350300100169',1,NULL,'2015-08-10 12:40:57','3451000675077'),(449,'2015-08-06','00',1,NULL,'2015-08-10 12:40:57','3451000675077'),(450,'2015-08-06','3341900179450',1,NULL,'2015-08-10 12:40:57','3451000675077'),(451,'2015-08-06','3451000675077',9,NULL,'2015-08-10 12:40:57','3451000675077'),(452,'2015-08-06','3341500963901',1,NULL,'2015-08-10 12:40:57','3451000675077'),(453,'2015-08-06','1341900023143',1,NULL,'2015-08-10 12:40:57','3451000675077'),(454,'2015-08-05','3341600013238',1,NULL,'2015-08-10 12:41:33','3451000675077'),(455,'2015-08-05','3341500196501',1,NULL,'2015-08-10 12:41:33','3451000675077'),(456,'2015-08-05','3320102061761',1,NULL,'2015-08-10 12:41:33','3451000675077'),(457,'2015-08-05','3349800017609',1,NULL,'2015-08-10 12:41:33','3451000675077'),(458,'2015-08-05','3341601089556',1,NULL,'2015-08-10 12:41:33','3451000675077'),(459,'2015-08-05','3349900808365',1,NULL,'2015-08-10 12:41:33','3451000675077'),(460,'2015-08-05','3340900184487',1,NULL,'2015-08-10 12:41:33','3451000675077'),(461,'2015-08-05','00',1,NULL,'2015-08-10 12:41:33','3451000675077'),(462,'2015-08-05','3341900179450',1,NULL,'2015-08-10 12:41:33','3451000675077'),(463,'2015-08-05','3451000675077',9,NULL,'2015-08-10 12:41:33','3451000675077'),(464,'2015-08-05','3341500963901',1,NULL,'2015-08-10 12:41:33','3451000675077'),(465,'2015-08-05','1341900023143',1,NULL,'2015-08-10 12:41:33','3451000675077'),(466,'2015-08-05','3350300100169',1,NULL,'2015-08-10 12:41:33','3451000675077'),(467,'2015-08-04','3341600013238',1,NULL,'2015-08-10 12:42:04','3451000675077'),(468,'2015-08-04','3341500196501',1,NULL,'2015-08-10 12:42:04','3451000675077'),(469,'2015-08-04','3320102061761',1,NULL,'2015-08-10 12:42:04','3451000675077'),(470,'2015-08-04','3349800017609',1,NULL,'2015-08-10 12:42:04','3451000675077'),(471,'2015-08-04','3341601089556',1,NULL,'2015-08-10 12:42:04','3451000675077'),(472,'2015-08-04','3349900808365',1,NULL,'2015-08-10 12:42:04','3451000675077'),(473,'2015-08-04','3340900184487',1,NULL,'2015-08-10 12:42:04','3451000675077'),(474,'2015-08-04','3350300100169',1,NULL,'2015-08-10 12:42:04','3451000675077'),(475,'2015-08-04','00',1,NULL,'2015-08-10 12:42:04','3451000675077'),(476,'2015-08-04','3341900179450',1,NULL,'2015-08-10 12:42:04','3451000675077'),(477,'2015-08-04','3451000675077',9,NULL,'2015-08-10 12:42:04','3451000675077'),(478,'2015-08-04','3341500963901',1,NULL,'2015-08-10 12:42:04','3451000675077'),(479,'2015-08-04','1341900023143',1,NULL,'2015-08-10 12:42:04','3451000675077'),(480,'2015-08-03','3341600013238',1,NULL,'2015-08-10 12:43:38','3451000675077'),(481,'2015-08-03','3341500196501',1,NULL,'2015-08-10 12:43:38','3451000675077'),(482,'2015-08-03','3320102061761',1,NULL,'2015-08-10 12:43:38','3451000675077'),(483,'2015-08-03','3349800017609',1,NULL,'2015-08-10 12:43:38','3451000675077'),(484,'2015-08-03','3341601089556',1,NULL,'2015-08-10 12:43:38','3451000675077'),(485,'2015-08-03','3349900808365',1,NULL,'2015-08-10 12:43:38','3451000675077'),(486,'2015-08-03','3340900184487',1,NULL,'2015-08-10 12:43:38','3451000675077'),(487,'2015-08-03','3350300100169',1,NULL,'2015-08-10 12:43:38','3451000675077'),(488,'2015-08-03','00',3,NULL,'2015-08-10 12:43:38','3451000675077'),(489,'2015-08-03','3341900179450',1,NULL,'2015-08-10 12:43:38','3451000675077'),(490,'2015-08-03','3451000675077',1,NULL,'2015-08-10 12:43:38','3451000675077'),(491,'2015-08-03','3341500963901',1,NULL,'2015-08-10 12:43:38','3451000675077'),(492,'2015-08-03','1341900023143',1,NULL,'2015-08-10 12:43:38','3451000675077'),(493,'2015-07-31','3341500196501',1,NULL,'2015-08-10 12:44:42','3451000675077'),(494,'2015-07-30','3341900179450',1,NULL,'2015-08-10 12:44:52','3451000675077'),(495,'2015-07-29','3341600013238',1,NULL,'2015-08-10 12:45:29','3451000675077'),(496,'2015-07-29','3341500196501',1,NULL,'2015-08-10 12:45:29','3451000675077'),(497,'2015-07-29','3320102061761',1,NULL,'2015-08-10 12:45:29','3451000675077'),(498,'2015-07-29','3349800017609',1,NULL,'2015-08-10 12:45:29','3451000675077'),(499,'2015-07-29','3341601089556',1,NULL,'2015-08-10 12:45:29','3451000675077'),(500,'2015-07-29','3349900808365',1,NULL,'2015-08-10 12:45:29','3451000675077'),(501,'2015-07-29','3340900184487',1,NULL,'2015-08-10 12:45:29','3451000675077'),(502,'2015-07-29','3350300100169',1,NULL,'2015-08-10 12:45:29','3451000675077'),(503,'2015-07-29','00',1,NULL,'2015-08-10 12:45:29','3451000675077'),(504,'2015-07-29','3341900179450',1,NULL,'2015-08-10 12:45:29','3451000675077'),(505,'2015-07-29','3451000675077',1,NULL,'2015-08-10 12:45:29','3451000675077'),(506,'2015-07-29','3341500963901',1,NULL,'2015-08-10 12:45:29','3451000675077'),(507,'2015-07-29','1341900023143',1,NULL,'2015-08-10 12:45:29','3451000675077'),(508,'2015-07-28','3341600013238',1,NULL,'2015-08-10 12:46:02','3451000675077'),(509,'2015-07-28','3341500196501',1,NULL,'2015-08-10 12:46:02','3451000675077'),(510,'2015-07-28','3320102061761',1,NULL,'2015-08-10 12:46:02','3451000675077'),(511,'2015-07-28','3349800017609',1,NULL,'2015-08-10 12:46:02','3451000675077'),(512,'2015-07-28','3341601089556',1,NULL,'2015-08-10 12:46:02','3451000675077'),(513,'2015-07-28','3349900808365',1,NULL,'2015-08-10 12:46:02','3451000675077'),(514,'2015-07-28','3340900184487',1,NULL,'2015-08-10 12:46:02','3451000675077'),(515,'2015-07-28','3350300100169',1,NULL,'2015-08-10 12:46:02','3451000675077'),(516,'2015-07-28','00',1,NULL,'2015-08-10 12:46:02','3451000675077'),(517,'2015-07-28','3341900179450',1,NULL,'2015-08-10 12:46:02','3451000675077'),(518,'2015-07-28','3451000675077',9,NULL,'2015-08-10 12:46:02','3451000675077'),(519,'2015-07-28','3341500963901',1,NULL,'2015-08-10 12:46:02','3451000675077'),(520,'2015-07-28','1341900023143',1,NULL,'2015-08-10 12:46:02','3451000675077'),(521,'2015-07-27','3341600013238',1,NULL,'2015-08-10 12:46:28','3451000675077'),(522,'2015-07-27','3341500196501',1,NULL,'2015-08-10 12:46:28','3451000675077'),(523,'2015-07-27','3320102061761',1,NULL,'2015-08-10 12:46:28','3451000675077'),(524,'2015-07-27','3349800017609',1,NULL,'2015-08-10 12:46:28','3451000675077'),(525,'2015-07-27','3341601089556',1,NULL,'2015-08-10 12:46:28','3451000675077'),(526,'2015-07-27','3349900808365',1,NULL,'2015-08-10 12:46:28','3451000675077'),(527,'2015-07-27','3340900184487',1,NULL,'2015-08-10 12:46:28','3451000675077'),(528,'2015-07-27','3350300100169',1,NULL,'2015-08-10 12:46:28','3451000675077'),(529,'2015-07-27','00',1,NULL,'2015-08-10 12:46:28','3451000675077'),(530,'2015-07-27','3341900179450',1,NULL,'2015-08-10 12:46:28','3451000675077'),(531,'2015-07-27','3451000675077',9,NULL,'2015-08-10 12:46:28','3451000675077'),(532,'2015-07-27','3341500963901',1,NULL,'2015-08-10 12:46:28','3451000675077'),(533,'2015-07-27','1341900023143',1,NULL,'2015-08-10 12:46:28','3451000675077'),(534,'2015-07-26','00',1,NULL,'2015-08-10 12:46:44','3451000675077'),(535,'2015-07-25','3341500963901',1,NULL,'2015-08-10 12:47:03','3451000675077'),(536,'2015-07-24','3341600013238',1,NULL,'2015-08-10 12:47:32','3451000675077'),(537,'2015-07-24','3341500196501',1,NULL,'2015-08-10 12:47:32','3451000675077'),(538,'2015-07-24','3320102061761',1,NULL,'2015-08-10 12:47:32','3451000675077'),(539,'2015-07-24','3349800017609',1,NULL,'2015-08-10 12:47:32','3451000675077'),(540,'2015-07-24','3341601089556',1,NULL,'2015-08-10 12:47:32','3451000675077'),(541,'2015-07-24','3349900808365',1,NULL,'2015-08-10 12:47:32','3451000675077'),(542,'2015-07-24','3340900184487',1,NULL,'2015-08-10 12:47:32','3451000675077'),(543,'2015-07-24','3350300100169',1,NULL,'2015-08-10 12:47:32','3451000675077'),(544,'2015-07-24','00',1,NULL,'2015-08-10 12:47:32','3451000675077'),(545,'2015-07-24','3341900179450',1,NULL,'2015-08-10 12:47:32','3451000675077'),(546,'2015-07-24','3451000675077',9,NULL,'2015-08-10 12:47:32','3451000675077'),(547,'2015-07-24','3341500963901',1,NULL,'2015-08-10 12:47:32','3451000675077'),(548,'2015-07-24','1341900023143',1,NULL,'2015-08-10 12:47:32','3451000675077'),(549,'2015-07-23','3341600013238',1,NULL,'2015-08-10 12:48:10','3451000675077'),(550,'2015-07-23','3341500196501',1,NULL,'2015-08-10 12:48:10','3451000675077'),(551,'2015-07-23','3320102061761',1,NULL,'2015-08-10 12:48:10','3451000675077'),(552,'2015-07-23','3349800017609',1,NULL,'2015-08-10 12:48:10','3451000675077'),(553,'2015-07-23','3341601089556',1,NULL,'2015-08-10 12:48:10','3451000675077'),(554,'2015-07-23','3349900808365',1,NULL,'2015-08-10 12:48:10','3451000675077'),(555,'2015-07-23','3340900184487',1,NULL,'2015-08-10 12:48:10','3451000675077'),(556,'2015-07-23','3350300100169',1,NULL,'2015-08-10 12:48:10','3451000675077'),(557,'2015-07-23','00',1,NULL,'2015-08-10 12:48:10','3451000675077'),(558,'2015-07-23','3341900179450',1,NULL,'2015-08-10 12:48:10','3451000675077'),(559,'2015-07-23','3451000675077',1,NULL,'2015-08-10 12:48:10','3451000675077'),(560,'2015-07-23','3341500963901',1,NULL,'2015-08-10 12:48:10','3451000675077'),(561,'2015-07-23','1341900023143',1,NULL,'2015-08-10 12:48:10','3451000675077'),(562,'2015-07-22','3341600013238',1,NULL,'2015-08-10 12:48:47','3451000675077'),(563,'2015-07-22','3341500196501',1,NULL,'2015-08-10 12:48:47','3451000675077'),(564,'2015-07-22','3320102061761',1,NULL,'2015-08-10 12:48:47','3451000675077'),(565,'2015-07-22','3349800017609',1,NULL,'2015-08-10 12:48:47','3451000675077'),(566,'2015-07-22','3341601089556',1,NULL,'2015-08-10 12:48:47','3451000675077'),(567,'2015-07-22','3349900808365',1,NULL,'2015-08-10 12:48:47','3451000675077'),(568,'2015-07-22','3340900184487',1,NULL,'2015-08-10 12:48:47','3451000675077'),(569,'2015-07-22','3350300100169',1,NULL,'2015-08-10 12:48:47','3451000675077'),(570,'2015-07-22','00',1,NULL,'2015-08-10 12:48:47','3451000675077'),(571,'2015-07-22','3341900179450',1,NULL,'2015-08-10 12:48:47','3451000675077'),(572,'2015-07-22','3451000675077',9,NULL,'2015-08-10 12:48:47','3451000675077'),(573,'2015-07-22','3341500963901',1,NULL,'2015-08-10 12:48:47','3451000675077'),(574,'2015-07-22','1341900023143',1,NULL,'2015-08-10 12:48:47','3451000675077'),(575,'2015-07-21','3341600013238',1,NULL,'2015-08-10 12:49:12','3451000675077'),(576,'2015-07-21','3341500196501',1,NULL,'2015-08-10 12:49:12','3451000675077'),(577,'2015-07-21','3320102061761',1,NULL,'2015-08-10 12:49:12','3451000675077'),(578,'2015-07-21','3349800017609',1,NULL,'2015-08-10 12:49:12','3451000675077'),(579,'2015-07-21','3341601089556',1,NULL,'2015-08-10 12:49:12','3451000675077'),(580,'2015-07-21','3349900808365',1,NULL,'2015-08-10 12:49:12','3451000675077'),(581,'2015-07-21','3340900184487',1,NULL,'2015-08-10 12:49:12','3451000675077'),(582,'2015-07-21','3350300100169',1,NULL,'2015-08-10 12:49:12','3451000675077'),(583,'2015-07-21','00',1,NULL,'2015-08-10 12:49:12','3451000675077'),(584,'2015-07-21','3341900179450',1,NULL,'2015-08-10 12:49:12','3451000675077'),(585,'2015-07-21','3451000675077',1,NULL,'2015-08-10 12:49:12','3451000675077'),(586,'2015-07-21','3341500963901',1,NULL,'2015-08-10 12:49:12','3451000675077'),(587,'2015-07-21','1341900023143',1,NULL,'2015-08-10 12:49:12','3451000675077'),(588,'2015-07-20','3341600013238',1,NULL,'2015-08-10 12:49:35','3451000675077'),(589,'2015-07-20','3341500196501',1,NULL,'2015-08-10 12:49:35','3451000675077'),(590,'2015-07-20','3320102061761',1,NULL,'2015-08-10 12:49:35','3451000675077'),(591,'2015-07-20','3349800017609',1,NULL,'2015-08-10 12:49:35','3451000675077'),(592,'2015-07-20','3341601089556',1,NULL,'2015-08-10 12:49:35','3451000675077'),(593,'2015-07-20','3349900808365',1,NULL,'2015-08-10 12:49:35','3451000675077'),(594,'2015-07-20','3340900184487',1,NULL,'2015-08-10 12:49:35','3451000675077'),(595,'2015-07-20','3350300100169',1,NULL,'2015-08-10 12:49:35','3451000675077'),(596,'2015-07-20','00',1,NULL,'2015-08-10 12:49:35','3451000675077'),(597,'2015-07-20','3341900179450',1,NULL,'2015-08-10 12:49:35','3451000675077'),(598,'2015-07-20','3451000675077',9,NULL,'2015-08-10 12:49:35','3451000675077'),(599,'2015-07-20','3341500963901',1,NULL,'2015-08-10 12:49:35','3451000675077'),(600,'2015-07-20','1341900023143',1,NULL,'2015-08-10 12:49:35','3451000675077'),(601,'2015-07-19','3350300100169',1,NULL,'2015-08-10 12:49:52','3451000675077'),(602,'2015-07-18','3340900184487',1,NULL,'2015-08-10 12:50:07','3451000675077'),(603,'2015-07-17','3341600013238',1,NULL,'2015-08-10 12:52:23','3451000675077'),(604,'2015-07-17','3341500196501',1,NULL,'2015-08-10 12:52:23','3451000675077'),(605,'2015-07-17','3320102061761',1,NULL,'2015-08-10 12:52:23','3451000675077'),(606,'2015-07-17','3349800017609',1,NULL,'2015-08-10 12:52:23','3451000675077'),(607,'2015-07-17','3341601089556',4,NULL,'2015-08-10 12:52:23','3451000675077'),(608,'2015-07-17','3349900808365',1,NULL,'2015-08-10 12:52:23','3451000675077'),(609,'2015-07-17','3340900184487',2,NULL,'2015-08-10 12:52:23','3451000675077'),(610,'2015-07-17','3350300100169',1,NULL,'2015-08-10 12:52:23','3451000675077'),(611,'2015-07-17','00',1,NULL,'2015-08-10 12:52:23','3451000675077'),(612,'2015-07-17','3341900179450',1,NULL,'2015-08-10 12:52:23','3451000675077'),(613,'2015-07-17','3451000675077',9,NULL,'2015-08-10 12:52:23','3451000675077'),(614,'2015-07-17','3341500963901',1,NULL,'2015-08-10 12:52:23','3451000675077'),(615,'2015-07-17','1341900023143',1,NULL,'2015-08-10 12:52:23','3451000675077'),(616,'2015-07-16','3341600013238',2,NULL,'2015-08-10 12:52:45','3451000675077'),(617,'2015-07-16','3341500196501',2,NULL,'2015-08-10 12:52:45','3451000675077'),(618,'2015-07-16','3320102061761',2,NULL,'2015-08-10 12:52:45','3451000675077'),(619,'2015-07-16','3349800017609',2,NULL,'2015-08-10 12:52:45','3451000675077'),(620,'2015-07-16','3341601089556',2,NULL,'2015-08-10 12:52:45','3451000675077'),(621,'2015-07-16','3349900808365',2,NULL,'2015-08-10 12:52:45','3451000675077'),(622,'2015-07-16','3340900184487',2,NULL,'2015-08-10 12:52:45','3451000675077'),(623,'2015-07-16','3350300100169',2,NULL,'2015-08-10 12:52:45','3451000675077'),(624,'2015-07-16','00',2,NULL,'2015-08-10 12:52:45','3451000675077'),(625,'2015-07-16','3341900179450',2,NULL,'2015-08-10 12:52:45','3451000675077'),(626,'2015-07-16','3451000675077',2,NULL,'2015-08-10 12:52:45','3451000675077'),(627,'2015-07-16','3341500963901',2,NULL,'2015-08-10 12:52:45','3451000675077'),(628,'2015-07-16','1341900023143',2,NULL,'2015-08-10 12:52:45','3451000675077'),(629,'2015-07-15','3341600013238',1,NULL,'2015-08-10 12:53:11','3451000675077'),(630,'2015-07-15','3341500196501',1,NULL,'2015-08-10 12:53:11','3451000675077'),(631,'2015-07-15','3320102061761',1,NULL,'2015-08-10 12:53:11','3451000675077'),(632,'2015-07-15','3349800017609',1,NULL,'2015-08-10 12:53:11','3451000675077'),(633,'2015-07-15','3341601089556',1,NULL,'2015-08-10 12:53:11','3451000675077'),(634,'2015-07-15','3349900808365',1,NULL,'2015-08-10 12:53:11','3451000675077'),(635,'2015-07-15','3340900184487',1,NULL,'2015-08-10 12:53:11','3451000675077'),(636,'2015-07-15','3350300100169',1,NULL,'2015-08-10 12:53:11','3451000675077'),(637,'2015-07-15','00',1,NULL,'2015-08-10 12:53:11','3451000675077'),(638,'2015-07-15','3341900179450',1,NULL,'2015-08-10 12:53:11','3451000675077'),(639,'2015-07-15','3451000675077',9,NULL,'2015-08-10 12:53:11','3451000675077'),(640,'2015-07-15','3341500963901',1,NULL,'2015-08-10 12:53:11','3451000675077'),(641,'2015-07-15','1341900023143',1,NULL,'2015-08-10 12:53:11','3451000675077'),(642,'2015-07-14','3341600013238',1,NULL,'2015-08-10 12:53:34','3451000675077'),(643,'2015-07-14','3341500196501',1,NULL,'2015-08-10 12:53:34','3451000675077'),(644,'2015-07-14','3320102061761',1,NULL,'2015-08-10 12:53:34','3451000675077'),(645,'2015-07-14','3349800017609',1,NULL,'2015-08-10 12:53:34','3451000675077'),(646,'2015-07-14','3341601089556',1,NULL,'2015-08-10 12:53:34','3451000675077'),(647,'2015-07-14','3349900808365',1,NULL,'2015-08-10 12:53:34','3451000675077'),(648,'2015-07-14','3340900184487',1,NULL,'2015-08-10 12:53:34','3451000675077'),(649,'2015-07-14','3350300100169',1,NULL,'2015-08-10 12:53:34','3451000675077'),(650,'2015-07-14','00',1,NULL,'2015-08-10 12:53:34','3451000675077'),(651,'2015-07-14','3341900179450',1,NULL,'2015-08-10 12:53:34','3451000675077'),(652,'2015-07-14','3451000675077',9,NULL,'2015-08-10 12:53:34','3451000675077'),(653,'2015-07-14','3341500963901',1,NULL,'2015-08-10 12:53:34','3451000675077'),(654,'2015-07-14','1341900023143',1,NULL,'2015-08-10 12:53:34','3451000675077'),(655,'2015-07-13','3341600013238',1,NULL,'2015-08-10 12:53:55','3451000675077'),(656,'2015-07-13','3341500196501',1,NULL,'2015-08-10 12:53:55','3451000675077'),(657,'2015-07-13','3320102061761',1,NULL,'2015-08-10 12:53:55','3451000675077'),(658,'2015-07-13','3349800017609',1,NULL,'2015-08-10 12:53:55','3451000675077'),(659,'2015-07-13','3341601089556',1,NULL,'2015-08-10 12:53:55','3451000675077'),(660,'2015-07-13','3349900808365',1,NULL,'2015-08-10 12:53:55','3451000675077'),(661,'2015-07-13','3340900184487',1,NULL,'2015-08-10 12:53:55','3451000675077'),(662,'2015-07-13','3350300100169',1,NULL,'2015-08-10 12:53:55','3451000675077'),(663,'2015-07-13','00',1,NULL,'2015-08-10 12:53:55','3451000675077'),(664,'2015-07-13','3341900179450',1,NULL,'2015-08-10 12:53:55','3451000675077'),(665,'2015-07-13','3451000675077',1,NULL,'2015-08-10 12:53:55','3451000675077'),(666,'2015-07-13','3341500963901',1,NULL,'2015-08-10 12:53:55','3451000675077'),(667,'2015-07-13','1341900023143',1,NULL,'2015-08-10 12:53:55','3451000675077'),(668,'2015-07-12','3341601089556',1,NULL,'2015-08-10 12:54:06','3451000675077'),(669,'2015-07-11','3349900808365',1,NULL,'2015-08-10 12:54:49','3451000675077'),(670,'2015-07-10','3341600013238',1,NULL,'2015-08-10 12:55:32','3451000675077'),(671,'2015-07-10','3341500196501',1,NULL,'2015-08-10 12:55:32','3451000675077'),(672,'2015-07-10','3320102061761',1,NULL,'2015-08-10 12:55:32','3451000675077'),(673,'2015-07-10','3349800017609',1,NULL,'2015-08-10 12:55:32','3451000675077'),(674,'2015-07-10','3341601089556',4,NULL,'2015-08-10 12:55:32','3451000675077'),(675,'2015-07-10','3349900808365',1,NULL,'2015-08-10 12:55:32','3451000675077'),(676,'2015-07-10','3340900184487',1,NULL,'2015-08-10 12:55:32','3451000675077'),(677,'2015-07-10','3350300100169',1,NULL,'2015-08-10 12:55:32','3451000675077'),(678,'2015-07-10','00',1,NULL,'2015-08-10 12:55:32','3451000675077'),(679,'2015-07-10','3341900179450',4,NULL,'2015-08-10 12:55:32','3451000675077'),(680,'2015-07-10','3451000675077',1,NULL,'2015-08-10 12:55:32','3451000675077'),(681,'2015-07-10','3341500963901',1,NULL,'2015-08-10 12:55:32','3451000675077'),(682,'2015-07-10','1341900023143',1,NULL,'2015-08-10 12:55:32','3451000675077'),(683,'2015-07-09','3341600013238',1,NULL,'2015-08-10 12:56:49','3451000675077'),(684,'2015-07-09','3341500196501',1,NULL,'2015-08-10 12:56:49','3451000675077'),(685,'2015-07-09','3320102061761',1,NULL,'2015-08-10 12:56:49','3451000675077'),(686,'2015-07-09','3349800017609',1,NULL,'2015-08-10 12:56:49','3451000675077'),(687,'2015-07-09','3341601089556',4,NULL,'2015-08-10 12:56:49','3451000675077'),(688,'2015-07-09','3349900808365',1,NULL,'2015-08-10 12:56:49','3451000675077'),(689,'2015-07-09','3340900184487',1,NULL,'2015-08-10 12:56:49','3451000675077'),(690,'2015-07-09','3350300100169',1,NULL,'2015-08-10 12:56:49','3451000675077'),(691,'2015-07-09','00',1,NULL,'2015-08-10 12:56:49','3451000675077'),(692,'2015-07-09','3341900179450',1,NULL,'2015-08-10 12:56:49','3451000675077'),(693,'2015-07-09','3451000675077',9,NULL,'2015-08-10 12:56:49','3451000675077'),(694,'2015-07-09','3341500963901',1,NULL,'2015-08-10 12:56:49','3451000675077'),(695,'2015-07-09','1341900023143',1,NULL,'2015-08-10 12:56:49','3451000675077'),(696,'2015-07-08','3341600013238',1,NULL,'2015-08-10 12:57:57','3451000675077'),(697,'2015-07-08','3341500196501',1,NULL,'2015-08-10 12:57:57','3451000675077'),(698,'2015-07-08','3320102061761',1,NULL,'2015-08-10 12:57:57','3451000675077'),(699,'2015-07-08','3349800017609',1,NULL,'2015-08-10 12:57:57','3451000675077'),(700,'2015-07-08','3341601089556',1,NULL,'2015-08-10 12:57:57','3451000675077'),(701,'2015-07-08','3349900808365',2,NULL,'2015-08-10 12:57:57','3451000675077'),(702,'2015-07-08','3340900184487',1,NULL,'2015-08-10 12:57:57','3451000675077'),(703,'2015-07-08','3350300100169',1,NULL,'2015-08-10 12:57:57','3451000675077'),(704,'2015-07-08','00',1,NULL,'2015-08-10 12:57:57','3451000675077'),(705,'2015-07-08','3341900179450',1,NULL,'2015-08-10 12:57:57','3451000675077'),(706,'2015-07-08','3451000675077',9,NULL,'2015-08-10 12:57:57','3451000675077'),(707,'2015-07-08','3341500963901',1,NULL,'2015-08-10 12:57:57','3451000675077'),(708,'2015-07-08','1341900023143',1,NULL,'2015-08-10 12:57:57','3451000675077'),(709,'2015-07-07','3341600013238',1,NULL,'2015-08-10 12:58:50','3451000675077'),(710,'2015-07-07','3341500196501',3,NULL,'2015-08-10 12:58:50','3451000675077'),(711,'2015-07-07','3320102061761',1,NULL,'2015-08-10 12:58:50','3451000675077'),(712,'2015-07-07','3349800017609',1,NULL,'2015-08-10 12:58:50','3451000675077'),(713,'2015-07-07','3341601089556',1,NULL,'2015-08-10 12:58:50','3451000675077'),(714,'2015-07-07','3349900808365',2,NULL,'2015-08-10 12:58:50','3451000675077'),(715,'2015-07-07','3340900184487',1,NULL,'2015-08-10 12:58:50','3451000675077'),(716,'2015-07-07','3350300100169',1,NULL,'2015-08-10 12:58:50','3451000675077'),(717,'2015-07-07','00',1,NULL,'2015-08-10 12:58:50','3451000675077'),(718,'2015-07-07','3341900179450',1,NULL,'2015-08-10 12:58:50','3451000675077'),(719,'2015-07-07','3451000675077',9,NULL,'2015-08-10 12:58:50','3451000675077'),(720,'2015-07-07','3341500963901',1,NULL,'2015-08-10 12:58:50','3451000675077'),(721,'2015-07-07','1341900023143',1,NULL,'2015-08-10 12:58:50','3451000675077'),(722,'2015-07-06','3341600013238',1,NULL,'2015-08-10 12:59:15','3451000675077'),(723,'2015-07-06','3341500196501',1,NULL,'2015-08-10 12:59:15','3451000675077'),(724,'2015-07-06','3320102061761',1,NULL,'2015-08-10 12:59:15','3451000675077'),(725,'2015-07-06','3349800017609',1,NULL,'2015-08-10 12:59:15','3451000675077'),(726,'2015-07-06','3341601089556',1,NULL,'2015-08-10 12:59:15','3451000675077'),(727,'2015-07-06','3349900808365',1,NULL,'2015-08-10 12:59:15','3451000675077'),(728,'2015-07-06','3340900184487',1,NULL,'2015-08-10 12:59:15','3451000675077'),(729,'2015-07-06','3350300100169',1,NULL,'2015-08-10 12:59:15','3451000675077'),(730,'2015-07-06','00',1,NULL,'2015-08-10 12:59:15','3451000675077'),(731,'2015-07-06','3341900179450',1,NULL,'2015-08-10 12:59:15','3451000675077'),(732,'2015-07-06','3451000675077',9,NULL,'2015-08-10 12:59:15','3451000675077'),(733,'2015-07-06','3341500963901',1,NULL,'2015-08-10 12:59:15','3451000675077'),(734,'2015-07-06','1341900023143',1,NULL,'2015-08-10 12:59:15','3451000675077'),(735,'2015-07-05','3341500196501',1,NULL,'2015-08-10 12:59:25','3451000675077'),(736,'2015-07-04','3341900179450',1,NULL,'2015-08-10 12:59:38','3451000675077'),(737,'2015-07-03','3341600013238',1,NULL,'2015-08-10 12:59:56','3451000675077'),(738,'2015-07-03','3341500196501',1,NULL,'2015-08-10 12:59:56','3451000675077'),(739,'2015-07-03','3320102061761',1,NULL,'2015-08-10 12:59:56','3451000675077'),(740,'2015-07-03','3349800017609',1,NULL,'2015-08-10 12:59:56','3451000675077'),(741,'2015-07-03','3341601089556',1,NULL,'2015-08-10 12:59:56','3451000675077'),(742,'2015-07-03','3349900808365',1,NULL,'2015-08-10 12:59:56','3451000675077'),(743,'2015-07-03','3340900184487',1,NULL,'2015-08-10 12:59:56','3451000675077'),(744,'2015-07-03','3350300100169',1,NULL,'2015-08-10 12:59:56','3451000675077'),(745,'2015-07-03','00',1,NULL,'2015-08-10 12:59:56','3451000675077'),(746,'2015-07-03','3341900179450',1,NULL,'2015-08-10 12:59:56','3451000675077'),(747,'2015-07-03','3451000675077',1,NULL,'2015-08-10 12:59:56','3451000675077'),(748,'2015-07-03','3341500963901',1,NULL,'2015-08-10 12:59:56','3451000675077'),(749,'2015-07-03','1341900023143',1,NULL,'2015-08-10 12:59:56','3451000675077'),(750,'2015-07-02','3341600013238',1,NULL,'2015-08-10 13:00:12','3451000675077'),(751,'2015-07-02','3341500196501',1,NULL,'2015-08-10 13:00:12','3451000675077'),(752,'2015-07-02','3320102061761',1,NULL,'2015-08-10 13:00:12','3451000675077'),(753,'2015-07-02','3349800017609',1,NULL,'2015-08-10 13:00:12','3451000675077'),(754,'2015-07-02','3341601089556',1,NULL,'2015-08-10 13:00:12','3451000675077'),(755,'2015-07-02','3349900808365',1,NULL,'2015-08-10 13:00:12','3451000675077'),(756,'2015-07-02','3340900184487',1,NULL,'2015-08-10 13:00:12','3451000675077'),(757,'2015-07-02','3350300100169',1,NULL,'2015-08-10 13:00:12','3451000675077'),(758,'2015-07-02','00',1,NULL,'2015-08-10 13:00:12','3451000675077'),(759,'2015-07-02','3341900179450',1,NULL,'2015-08-10 13:00:12','3451000675077'),(760,'2015-07-02','3451000675077',1,NULL,'2015-08-10 13:00:12','3451000675077'),(761,'2015-07-02','3341500963901',1,NULL,'2015-08-10 13:00:12','3451000675077'),(762,'2015-07-02','1341900023143',1,NULL,'2015-08-10 13:00:12','3451000675077'),(763,'2015-07-01','3341600013238',1,NULL,'2015-08-10 13:00:50','3451000675077'),(764,'2015-07-01','3341500196501',1,NULL,'2015-08-10 13:00:50','3451000675077'),(765,'2015-07-01','3320102061761',1,NULL,'2015-08-10 13:00:50','3451000675077'),(766,'2015-07-01','3349800017609',1,NULL,'2015-08-10 13:00:50','3451000675077'),(767,'2015-07-01','3341601089556',1,NULL,'2015-08-10 13:00:50','3451000675077'),(768,'2015-07-01','3349900808365',1,NULL,'2015-08-10 13:00:50','3451000675077'),(769,'2015-07-01','3340900184487',1,NULL,'2015-08-10 13:00:50','3451000675077'),(770,'2015-07-01','3350300100169',1,NULL,'2015-08-10 13:00:50','3451000675077'),(771,'2015-07-01','00',1,NULL,'2015-08-10 13:00:50','3451000675077'),(772,'2015-07-01','3341900179450',1,NULL,'2015-08-10 13:00:50','3451000675077'),(773,'2015-07-01','3451000675077',9,NULL,'2015-08-10 13:00:50','3451000675077'),(774,'2015-07-01','3341500963901',1,NULL,'2015-08-10 13:00:50','3451000675077'),(775,'2015-07-01','1341900023143',1,NULL,'2015-08-10 13:00:50','3451000675077'),(776,'2015-06-30','3341600013238',1,NULL,'2015-08-10 13:01:31','3451000675077'),(777,'2015-06-30','3341500196501',1,NULL,'2015-08-10 13:01:31','3451000675077'),(778,'2015-06-30','3320102061761',1,NULL,'2015-08-10 13:01:31','3451000675077'),(779,'2015-06-30','3349800017609',1,NULL,'2015-08-10 13:01:31','3451000675077'),(780,'2015-06-30','3341601089556',1,NULL,'2015-08-10 13:01:31','3451000675077'),(781,'2015-06-30','3349900808365',1,NULL,'2015-08-10 13:01:31','3451000675077'),(782,'2015-06-30','3340900184487',1,NULL,'2015-08-10 13:01:31','3451000675077'),(783,'2015-06-30','3350300100169',1,NULL,'2015-08-10 13:01:31','3451000675077'),(784,'2015-06-30','00',4,NULL,'2015-08-10 13:01:31','3451000675077'),(785,'2015-06-30','3341900179450',1,NULL,'2015-08-10 13:01:31','3451000675077'),(786,'2015-06-30','3451000675077',1,NULL,'2015-08-10 13:01:31','3451000675077'),(787,'2015-06-30','3341500963901',1,NULL,'2015-08-10 13:01:31','3451000675077'),(788,'2015-06-30','1341900023143',1,NULL,'2015-08-10 13:01:31','3451000675077'),(789,'2015-06-29','3341600013238',1,NULL,'2015-08-10 13:03:38','3451000675077'),(790,'2015-06-29','3341500196501',1,NULL,'2015-08-10 13:03:38','3451000675077'),(791,'2015-06-29','3320102061761',1,NULL,'2015-08-10 13:03:38','3451000675077'),(792,'2015-06-29','3349800017609',1,NULL,'2015-08-10 13:03:38','3451000675077'),(793,'2015-06-29','3341601089556',1,NULL,'2015-08-10 13:03:38','3451000675077'),(794,'2015-06-29','3349900808365',1,NULL,'2015-08-10 13:03:38','3451000675077'),(795,'2015-06-29','3340900184487',1,NULL,'2015-08-10 13:03:38','3451000675077'),(796,'2015-06-29','3350300100169',1,NULL,'2015-08-10 13:03:38','3451000675077'),(797,'2015-06-29','00',1,NULL,'2015-08-10 13:03:38','3451000675077'),(798,'2015-06-29','3341900179450',1,NULL,'2015-08-10 13:03:38','3451000675077'),(799,'2015-06-29','3451000675077',9,NULL,'2015-08-10 13:03:38','3451000675077'),(800,'2015-06-29','3341500963901',1,NULL,'2015-08-10 13:03:38','3451000675077'),(801,'2015-06-29','1341900023143',1,NULL,'2015-08-10 13:03:38','3451000675077'),(802,'2015-06-28','3341900179450',1,NULL,'2015-08-10 13:03:52','3451000675077'),(803,'2015-06-27','3340900184487',1,NULL,'2015-08-10 13:04:01','3451000675077'),(804,'2015-06-26','3341600013238',2,NULL,'2015-08-10 13:04:47','3451000675077'),(805,'2015-06-26','3341500196501',1,NULL,'2015-08-10 13:04:47','3451000675077'),(806,'2015-06-26','3320102061761',1,NULL,'2015-08-10 13:04:47','3451000675077'),(807,'2015-06-26','3349800017609',1,NULL,'2015-08-10 13:04:47','3451000675077'),(808,'2015-06-26','3341601089556',1,NULL,'2015-08-10 13:04:47','3451000675077'),(809,'2015-06-26','3349900808365',4,NULL,'2015-08-10 13:04:47','3451000675077'),(810,'2015-06-26','3340900184487',1,NULL,'2015-08-10 13:04:47','3451000675077'),(811,'2015-06-26','3350300100169',1,NULL,'2015-08-10 13:04:47','3451000675077'),(812,'2015-06-26','00',1,NULL,'2015-08-10 13:04:47','3451000675077'),(813,'2015-06-26','3341900179450',1,NULL,'2015-08-10 13:04:47','3451000675077'),(814,'2015-06-26','3451000675077',9,NULL,'2015-08-10 13:04:47','3451000675077'),(815,'2015-06-26','3341500963901',1,NULL,'2015-08-10 13:04:47','3451000675077'),(816,'2015-06-26','1341900023143',1,NULL,'2015-08-10 13:04:47','3451000675077'),(817,'2015-06-25','3341600013238',1,NULL,'2015-08-10 13:05:30','3451000675077'),(818,'2015-06-25','3341500196501',1,NULL,'2015-08-10 13:05:30','3451000675077'),(819,'2015-06-25','3320102061761',1,NULL,'2015-08-10 13:05:30','3451000675077'),(820,'2015-06-25','3349800017609',4,NULL,'2015-08-10 13:05:30','3451000675077'),(821,'2015-06-25','3341601089556',1,NULL,'2015-08-10 13:05:30','3451000675077'),(822,'2015-06-25','3349900808365',4,NULL,'2015-08-10 13:05:30','3451000675077'),(823,'2015-06-25','3340900184487',1,NULL,'2015-08-10 13:05:30','3451000675077'),(824,'2015-06-25','3350300100169',1,NULL,'2015-08-10 13:05:30','3451000675077'),(825,'2015-06-25','00',1,NULL,'2015-08-10 13:05:30','3451000675077'),(826,'2015-06-25','3341900179450',1,NULL,'2015-08-10 13:05:30','3451000675077'),(827,'2015-06-25','3451000675077',1,NULL,'2015-08-10 13:05:30','3451000675077'),(828,'2015-06-25','3341500963901',1,NULL,'2015-08-10 13:05:30','3451000675077'),(829,'2015-06-25','1341900023143',1,NULL,'2015-08-10 13:05:30','3451000675077'),(830,'2015-06-24','3341600013238',1,NULL,'2015-08-10 13:05:54','3451000675077'),(831,'2015-06-24','3341500196501',1,NULL,'2015-08-10 13:05:54','3451000675077'),(832,'2015-06-24','3320102061761',1,NULL,'2015-08-10 13:05:54','3451000675077'),(833,'2015-06-24','3349800017609',1,NULL,'2015-08-10 13:05:54','3451000675077'),(834,'2015-06-24','3341601089556',1,NULL,'2015-08-10 13:05:54','3451000675077'),(835,'2015-06-24','3349900808365',1,NULL,'2015-08-10 13:05:54','3451000675077'),(836,'2015-06-24','3340900184487',1,NULL,'2015-08-10 13:05:54','3451000675077'),(837,'2015-06-24','3350300100169',1,NULL,'2015-08-10 13:05:54','3451000675077'),(838,'2015-06-24','00',1,NULL,'2015-08-10 13:05:54','3451000675077'),(839,'2015-06-24','3341900179450',1,NULL,'2015-08-10 13:05:54','3451000675077'),(840,'2015-06-24','3451000675077',1,NULL,'2015-08-10 13:05:54','3451000675077'),(841,'2015-06-24','3341500963901',1,NULL,'2015-08-10 13:05:54','3451000675077'),(842,'2015-06-24','1341900023143',1,NULL,'2015-08-10 13:05:54','3451000675077'),(843,'2015-06-23','3341600013238',1,NULL,'2015-08-10 13:06:14','3451000675077'),(844,'2015-06-23','3341500196501',1,NULL,'2015-08-10 13:06:14','3451000675077'),(845,'2015-06-23','3320102061761',1,NULL,'2015-08-10 13:06:14','3451000675077'),(846,'2015-06-23','3349800017609',1,NULL,'2015-08-10 13:06:14','3451000675077'),(847,'2015-06-23','3341601089556',1,NULL,'2015-08-10 13:06:14','3451000675077'),(848,'2015-06-23','3349900808365',1,NULL,'2015-08-10 13:06:14','3451000675077'),(849,'2015-06-23','3340900184487',1,NULL,'2015-08-10 13:06:14','3451000675077'),(850,'2015-06-23','3350300100169',1,NULL,'2015-08-10 13:06:14','3451000675077'),(851,'2015-06-23','00',1,NULL,'2015-08-10 13:06:14','3451000675077'),(852,'2015-06-23','3341900179450',1,NULL,'2015-08-10 13:06:14','3451000675077'),(853,'2015-06-23','3451000675077',9,NULL,'2015-08-10 13:06:14','3451000675077'),(854,'2015-06-23','3341500963901',1,NULL,'2015-08-10 13:06:14','3451000675077'),(855,'2015-06-23','1341900023143',1,NULL,'2015-08-10 13:06:14','3451000675077'),(856,'2015-06-22','3341600013238',1,NULL,'2015-08-10 13:07:00','3451000675077'),(857,'2015-06-22','3341500196501',1,NULL,'2015-08-10 13:07:00','3451000675077'),(858,'2015-06-22','3320102061761',1,NULL,'2015-08-10 13:07:00','3451000675077'),(859,'2015-06-22','3349800017609',1,NULL,'2015-08-10 13:07:00','3451000675077'),(860,'2015-06-22','3341601089556',1,NULL,'2015-08-10 13:07:00','3451000675077'),(861,'2015-06-22','3349900808365',1,NULL,'2015-08-10 13:07:00','3451000675077'),(862,'2015-06-22','3340900184487',1,NULL,'2015-08-10 13:07:00','3451000675077'),(863,'2015-06-22','3350300100169',1,NULL,'2015-08-10 13:07:00','3451000675077'),(864,'2015-06-22','00',1,NULL,'2015-08-10 13:07:00','3451000675077'),(865,'2015-06-22','3341900179450',1,NULL,'2015-08-10 13:07:00','3451000675077'),(866,'2015-06-22','3451000675077',9,NULL,'2015-08-10 13:07:00','3451000675077'),(867,'2015-06-22','3341500963901',1,NULL,'2015-08-10 13:07:00','3451000675077'),(868,'2015-06-22','1341900023143',1,NULL,'2015-08-10 13:07:00','3451000675077'),(869,'2015-06-21','3341601089556',1,NULL,'2015-08-10 13:07:12','3451000675077'),(870,'2015-06-20','3349900808365',1,NULL,'2015-08-10 13:07:20','3451000675077'),(871,'2015-06-19','3341600013238',1,NULL,'2015-08-10 13:08:02','3451000675077'),(872,'2015-06-19','3341500196501',1,NULL,'2015-08-10 13:08:02','3451000675077'),(873,'2015-06-19','3320102061761',1,NULL,'2015-08-10 13:08:02','3451000675077'),(874,'2015-06-19','3349800017609',1,NULL,'2015-08-10 13:08:02','3451000675077'),(875,'2015-06-19','3341601089556',1,NULL,'2015-08-10 13:08:02','3451000675077'),(876,'2015-06-19','3349900808365',1,NULL,'2015-08-10 13:08:02','3451000675077'),(877,'2015-06-19','3340900184487',1,NULL,'2015-08-10 13:08:02','3451000675077'),(878,'2015-06-19','3350300100169',1,NULL,'2015-08-10 13:08:02','3451000675077'),(879,'2015-06-19','00',1,NULL,'2015-08-10 13:08:02','3451000675077'),(880,'2015-06-19','3341900179450',1,NULL,'2015-08-10 13:08:02','3451000675077'),(881,'2015-06-19','3451000675077',9,NULL,'2015-08-10 13:08:02','3451000675077'),(882,'2015-06-19','3341500963901',1,NULL,'2015-08-10 13:08:02','3451000675077'),(883,'2015-06-19','1341900023143',1,NULL,'2015-08-10 13:08:02','3451000675077'),(884,'2015-06-18','3341600013238',1,NULL,'2015-08-10 13:08:38','3451000675077'),(885,'2015-06-18','3341500196501',1,NULL,'2015-08-10 13:08:38','3451000675077'),(886,'2015-06-18','3320102061761',1,NULL,'2015-08-10 13:08:38','3451000675077'),(887,'2015-06-18','3349800017609',1,NULL,'2015-08-10 13:08:38','3451000675077'),(888,'2015-06-18','3341601089556',1,NULL,'2015-08-10 13:08:38','3451000675077'),(889,'2015-06-18','3349900808365',1,NULL,'2015-08-10 13:08:38','3451000675077'),(890,'2015-06-18','3340900184487',1,NULL,'2015-08-10 13:08:38','3451000675077'),(891,'2015-06-18','3350300100169',1,NULL,'2015-08-10 13:08:38','3451000675077'),(892,'2015-06-18','00',1,NULL,'2015-08-10 13:08:38','3451000675077'),(893,'2015-06-18','3341900179450',1,NULL,'2015-08-10 13:08:38','3451000675077'),(894,'2015-06-18','3451000675077',9,NULL,'2015-08-10 13:08:38','3451000675077'),(895,'2015-06-18','3341500963901',1,NULL,'2015-08-10 13:08:38','3451000675077'),(896,'2015-06-18','1341900023143',1,NULL,'2015-08-10 13:08:38','3451000675077'),(897,'2015-06-17','3341600013238',2,NULL,'2015-08-10 13:09:00','3451000675077'),(898,'2015-06-17','3341500196501',1,NULL,'2015-08-10 13:09:00','3451000675077'),(899,'2015-06-17','3320102061761',1,NULL,'2015-08-10 13:09:00','3451000675077'),(900,'2015-06-17','3349800017609',1,NULL,'2015-08-10 13:09:00','3451000675077'),(901,'2015-06-17','3341601089556',1,NULL,'2015-08-10 13:09:00','3451000675077'),(902,'2015-06-17','3349900808365',1,NULL,'2015-08-10 13:09:00','3451000675077'),(903,'2015-06-17','3340900184487',1,NULL,'2015-08-10 13:09:00','3451000675077'),(904,'2015-06-17','3350300100169',1,NULL,'2015-08-10 13:09:00','3451000675077'),(905,'2015-06-17','00',1,NULL,'2015-08-10 13:09:00','3451000675077'),(906,'2015-06-17','3341900179450',1,NULL,'2015-08-10 13:09:00','3451000675077'),(907,'2015-06-17','3451000675077',1,NULL,'2015-08-10 13:09:00','3451000675077'),(908,'2015-06-17','3341500963901',1,NULL,'2015-08-10 13:09:00','3451000675077'),(909,'2015-06-17','1341900023143',1,NULL,'2015-08-10 13:09:00','3451000675077'),(910,'2015-06-16','3341600013238',1,NULL,'2015-08-10 13:09:25','3451000675077'),(911,'2015-06-16','3341500196501',1,NULL,'2015-08-10 13:09:25','3451000675077'),(912,'2015-06-16','3320102061761',1,NULL,'2015-08-10 13:09:25','3451000675077'),(913,'2015-06-16','3349800017609',1,NULL,'2015-08-10 13:09:25','3451000675077'),(914,'2015-06-16','3341601089556',1,NULL,'2015-08-10 13:09:25','3451000675077'),(915,'2015-06-16','3349900808365',1,NULL,'2015-08-10 13:09:25','3451000675077'),(916,'2015-06-16','3340900184487',1,NULL,'2015-08-10 13:09:25','3451000675077'),(917,'2015-06-16','3350300100169',1,NULL,'2015-08-10 13:09:25','3451000675077'),(918,'2015-06-16','00',1,NULL,'2015-08-10 13:09:25','3451000675077'),(919,'2015-06-16','3341900179450',1,NULL,'2015-08-10 13:09:25','3451000675077'),(920,'2015-06-16','3451000675077',9,NULL,'2015-08-10 13:09:25','3451000675077'),(921,'2015-06-16','3341500963901',1,NULL,'2015-08-10 13:09:25','3451000675077'),(922,'2015-06-16','1341900023143',1,NULL,'2015-08-10 13:09:25','3451000675077'),(923,'2015-06-15','3341600013238',1,NULL,'2015-08-10 13:09:48','3451000675077'),(924,'2015-06-15','3341500196501',1,NULL,'2015-08-10 13:09:48','3451000675077'),(925,'2015-06-15','3320102061761',1,NULL,'2015-08-10 13:09:48','3451000675077'),(926,'2015-06-15','3349800017609',1,NULL,'2015-08-10 13:09:48','3451000675077'),(927,'2015-06-15','3341601089556',1,NULL,'2015-08-10 13:09:48','3451000675077'),(928,'2015-06-15','3349900808365',1,NULL,'2015-08-10 13:09:48','3451000675077'),(929,'2015-06-15','3340900184487',1,NULL,'2015-08-10 13:09:48','3451000675077'),(930,'2015-06-15','3350300100169',1,NULL,'2015-08-10 13:09:48','3451000675077'),(931,'2015-06-15','00',1,NULL,'2015-08-10 13:09:48','3451000675077'),(932,'2015-06-15','3341900179450',1,NULL,'2015-08-10 13:09:48','3451000675077'),(933,'2015-06-15','3451000675077',1,NULL,'2015-08-10 13:09:48','3451000675077'),(934,'2015-06-15','3341500963901',1,NULL,'2015-08-10 13:09:48','3451000675077'),(935,'2015-06-15','1341900023143',1,NULL,'2015-08-10 13:09:48','3451000675077'),(936,'2015-06-14','3341601089556',1,NULL,'2015-08-10 13:10:05','3451000675077'),(937,'2015-06-13','3341900179450',1,NULL,'2015-08-10 13:10:13','3451000675077'),(938,'2015-06-12','3341600013238',4,NULL,'2015-08-10 13:10:51','3451000675077'),(939,'2015-06-12','3341500196501',1,NULL,'2015-08-10 13:10:51','3451000675077'),(940,'2015-06-12','3320102061761',1,NULL,'2015-08-10 13:10:51','3451000675077'),(941,'2015-06-12','3349800017609',1,NULL,'2015-08-10 13:10:51','3451000675077'),(942,'2015-06-12','3341601089556',1,NULL,'2015-08-10 13:10:51','3451000675077'),(943,'2015-06-12','3349900808365',1,NULL,'2015-08-10 13:10:51','3451000675077'),(944,'2015-06-12','3340900184487',1,NULL,'2015-08-10 13:10:51','3451000675077'),(945,'2015-06-12','3350300100169',1,NULL,'2015-08-10 13:10:51','3451000675077'),(946,'2015-06-12','00',1,NULL,'2015-08-10 13:10:51','3451000675077'),(947,'2015-06-12','3341900179450',1,NULL,'2015-08-10 13:10:51','3451000675077'),(948,'2015-06-12','3451000675077',9,NULL,'2015-08-10 13:10:51','3451000675077'),(949,'2015-06-12','3341500963901',1,NULL,'2015-08-10 13:10:51','3451000675077'),(950,'2015-06-12','1341900023143',1,NULL,'2015-08-10 13:10:51','3451000675077'),(951,'2015-06-11','3341600013238',4,NULL,'2015-08-10 13:11:41','3451000675077'),(952,'2015-06-11','3341500196501',1,NULL,'2015-08-10 13:11:41','3451000675077'),(953,'2015-06-11','3320102061761',1,NULL,'2015-08-10 13:11:41','3451000675077'),(954,'2015-06-11','3349800017609',1,NULL,'2015-08-10 13:11:41','3451000675077'),(955,'2015-06-11','3341601089556',1,NULL,'2015-08-10 13:11:41','3451000675077'),(956,'2015-06-11','3349900808365',1,NULL,'2015-08-10 13:11:41','3451000675077'),(957,'2015-06-11','3340900184487',1,NULL,'2015-08-10 13:11:41','3451000675077'),(958,'2015-06-11','3350300100169',1,NULL,'2015-08-10 13:11:41','3451000675077'),(959,'2015-06-11','00',1,NULL,'2015-08-10 13:11:41','3451000675077'),(960,'2015-06-11','3341900179450',3,NULL,'2015-08-10 13:11:41','3451000675077'),(961,'2015-06-11','3451000675077',9,NULL,'2015-08-10 13:11:41','3451000675077'),(962,'2015-06-11','3341500963901',1,NULL,'2015-08-10 13:11:41','3451000675077'),(963,'2015-06-11','1341900023143',1,NULL,'2015-08-10 13:11:41','3451000675077'),(964,'2019-02-13','3341600013238',1,NULL,'2019-02-13 15:01:22','3341600013238'),(965,'2019-02-13','3341500196501',1,NULL,'2019-02-13 15:01:22','3341600013238'),(966,'2019-02-13','3350300100169',1,NULL,'2019-02-13 15:01:22','3341600013238'),(967,'2019-02-13','3340900184487',1,NULL,'2019-02-13 15:01:22','3341600013238'),(968,'2019-02-13','3341501157371',1,NULL,'2019-02-13 15:01:22','3341600013238'),(969,'2019-02-13','3341601089556',1,NULL,'2019-02-13 15:01:22','3341600013238'),(970,'2019-02-13','3320102061761',1,NULL,'2019-02-13 15:01:22','3341600013238'),(971,'2019-02-13','3349700145966',1,NULL,'2019-02-13 15:01:22','3341600013238'),(972,'2019-02-13','3349900977141',1,NULL,'2019-02-13 15:01:22','3341600013238'),(973,'2019-02-13','3340100525662',1,NULL,'2019-02-13 15:01:22','3341600013238'),(974,'2019-02-13','3341100713800',1,NULL,'2019-02-13 15:01:22','3341600013238'),(975,'2019-02-13','3341900179450',1,NULL,'2019-02-13 15:01:22','3341600013238'),(976,'2019-02-13','3340700590775',1,NULL,'2019-02-13 15:01:22','3341600013238'),(977,'2019-02-13','33',1,NULL,'2019-02-13 15:01:22','3341600013238'),(978,'2021-03-03','3341600013238',1,NULL,'2021-03-03 20:19:04','3341600013238'),(979,'2021-03-03','3349700145966',1,NULL,'2021-03-03 20:19:04','3341600013238'),(980,'2021-03-03','1349900009156',1,NULL,'2021-03-03 20:19:04','3341600013238'),(981,'2021-03-03','3349900977141',1,NULL,'2021-03-03 20:19:04','3341600013238'),(982,'2021-03-03','3341500196501',1,NULL,'2021-03-03 20:19:04','3341600013238'),(983,'2021-03-03','3331000130845',1,NULL,'2021-03-03 20:19:04','3341600013238'),(984,'2021-03-03','3320102061761',1,NULL,'2021-03-03 20:19:04','3341600013238'),(985,'2021-03-03','3341501157371',1,NULL,'2021-03-03 20:19:04','3341600013238'),(986,'2021-03-03','3350300100169',1,NULL,'2021-03-03 20:19:04','3341600013238'),(987,'2021-03-03','3340100525662',1,NULL,'2021-03-03 20:19:04','3341600013238'),(988,'2021-03-03','1342500007800',1,NULL,'2021-03-03 20:19:04','3341600013238'),(989,'2021-03-03','3341100713800',1,NULL,'2021-03-03 20:19:04','3341600013238'),(990,'2021-03-03','1340400184953',1,NULL,'2021-03-03 20:19:04','3341600013238'),(991,'2021-03-03','3340700590775',1,NULL,'2021-03-03 20:19:04','3341600013238'),(992,'2021-03-03','1341500053576',1,NULL,'2021-03-03 20:19:04','3341600013238');

--
-- Table structure for table `work_permission`
--

CREATE TABLE `work_permission` (
  `id` int(11) NOT NULL AUTO_INCREMENT,
  `person_id` varchar(13) NOT NULL,
  `p1` tinyint(4) NOT NULL,
  `officer` varchar(13) NOT NULL,
  `rec_date` date NOT NULL,
  PRIMARY KEY (`id`)
) ENGINE=MyISAM AUTO_INCREMENT=8 DEFAULT CHARSET=utf8 COLLATE=utf8_general_ci;

--
-- Dumping data for table `work_permission`
--

INSERT INTO `work_permission` VALUES (7,'3700700383334',1,'3341600013238','2025-10-13'),(6,'3340100525662',1,'3341600013238','2025-10-13');


