('2020-09-09',323,9,0,2563,'C','3340700101243','2020-09-10 02:09:57'),('2020-09-09',332,9,0,2563,'C','3340700101243','2020-09-10 02:09:57'),('2020-09-09',324,9,0,2563,'C','3340700101243','2020-09-10 02:09:57'),('2020-09-10',322,9,0,2563,'C','3340700101243','2020-09-10 02:09:03'),('2020-09-10',323,9,0,2563,'C','3340700101243','2020-09-10 02:09:03'),('2020-09-10',332,9,0,2563,'C','3340700101243','2020-09-10 02:09:03'),('2020-09-10',324,9,0,2563,'C','3340700101243','2020-09-10 02:09:03'),('2020-09-11',350,3,0,2563,'C','3340700101243','2020-09-14 12:09:29'),('2020-09-11',352,3,0,2563,'C','3340700101243','2020-09-14 12:09:29'),('2020-09-11',351,3,0,2563,'C','3340700101243','2020-09-14 12:09:29'),('2020-09-11',349,3,0,2563,'C','3340700101243','2020-09-14 12:09:29'),('2020-09-11',353,3,0,2563,'C','3340700101243','2020-09-14 12:09:29'),('2020-09-11',345,4,0,2563,'C','3340700101243','2020-09-14 12:09:46'),('2020-09-11',347,4,0,2563,'C','3340700101243','2020-09-14 12:09:46'),('2020-09-14',350,3,0,2563,'C','3340700101243','2020-09-14 12:09:59'),('2020-09-14',352,3,0,2563,'C','3340700101243','2020-09-14 12:09:59'),('2020-09-14',351,3,0,2563,'C','3340700101243','2020-09-14 12:09:59'),('2020-09-14',349,3,0,2563,'C','3340700101243','2020-09-14 12:09:59'),('2020-09-14',353,3,0,2563,'C','3340700101243','2020-09-14 12:09:59'),('2020-09-14',345,4,0,2563,'C','3340700101243','2020-09-14 12:09:11'),('2020-09-14',347,4,0,2563,'C','3340700101243','2020-09-14 12:09:11'),('2020-09-11',341,5,0,2563,'C','3340700101243','2020-09-14 12:09:24'),('2020-09-11',355,5,0,2563,'C','3340700101243','2020-09-14 12:09:24'),('2020-09-14',341,5,0,2563,'C','3340700101243','2020-09-14 12:09:30'),('2020-09-14',355,5,0,2563,'C','3340700101243','2020-09-14 12:09:30'),('2020-09-11',339,6,0,2563,'C','3340700101243','2020-09-14 01:09:54'),('2020-09-11',340,6,0,2563,'C','3340700101243','2020-09-14 01:09:54'),('2020-09-14',339,6,0,2563,'C','3340700101243','2020-09-14 01:09:01'),('2020-09-14',340,6,0,2563,'C','3340700101243','2020-09-14 01:09:01'),('2020-09-11',346,8,0,2563,'C','3340700101243','2020-09-14 01:09:02'),('2020-09-11',329,8,0,2563,'C','3340700101243','2020-09-14 01:09:02'),('2020-09-14',346,8,0,2563,'C','3340700101243','2020-09-14 01:09:08'),('2020-09-14',329,8,0,2563,'C','3340700101243','2020-09-14 01:09:08'),('2020-09-11',322,9,0,2563,'C','3340700101243','2020-09-14 01:09:19'),('2020-09-11',323,9,0,2563,'C','3340700101243','2020-09-14 01:09:19'),('2020-09-11',332,9,0,2563,'C','3340700101243','2020-09-14 01:09:19'),('2020-09-11',324,9,0,2563,'C','3340700101243','2020-09-14 01:09:19'),('2020-09-14',322,9,0,2563,'C','3340700101243','2020-09-14 01:09:26'),('2020-09-14',323,9,0,2563,'C','3340700101243','2020-09-14 01:09:26'),('2020-09-14',332,9,0,2563,'C','3340700101243','2020-09-14 01:09:26'),('2020-09-14',324,9,0,2563,'C','3340700101243','2020-09-14 01:09:26'),('2020-09-11',333,7,0,2563,'C','3340700101243','2020-09-14 01:09:00'),('2020-09-11',334,7,0,2563,'C','3340700101243','2020-09-14 01:09:00'),('2020-09-11',335,7,0,2563,'C','3340700101243','2020-09-14 01:09:00'),('2020-09-11',344,7,0,2563,'C','3340700101243','2020-09-14 01:09:00'),('2020-09-14',333,7,0,2563,'C','3340700101243','2020-09-14 01:09:06'),('2020-09-14',334,7,0,2563,'C','3340700101243','2020-09-14 01:09:06'),('2020-09-14',335,7,0,2563,'C','3340700101243','2020-09-14 01:09:06'),('2020-09-14',344,7,0,2563,'C','3340700101243','2020-09-14 01:09:06'),('2020-09-11',356,6,0,2563,'C','3340700101243','2020-09-14 01:09:54'),('2020-09-14',356,6,0,2563,'C','3340700101243','2020-09-14 01:09:01'),('2020-08-24',356,6,0,2563,'C','3340700101243','2020-09-14 01:09:00'),('2020-08-25',356,6,0,2563,'C','3340700101243','2020-09-14 01:09:09'),('2020-08-26',356,6,0,2563,'C','3340700101243','2020-09-14 01:09:15'),('2020-08-27',356,6,0,2563,'C','3340700101243','2020-09-14 01:09:21'),('2020-08-28',356,6,0,2563,'C','3340700101243','2020-09-14 01:09:27'),('2020-08-31',356,6,0,2563,'C','3340700101243','2020-09-14 01:09:33'),('2020-09-01',356,6,0,2563,'C','3340700101243','2020-09-14 01:09:05'),('2020-09-02',356,6,0,2563,'C','3340700101243','2020-09-14 01:09:11'),('2020-09-03',339,6,0,2563,'C','3340700101243','2020-09-14 01:09:24'),('2020-09-03',340,6,0,2563,'C','3340700101243','2020-09-14 01:09:24'),('2020-09-03',356,6,0,2563,'C','3340700101243','2020-09-14 01:09:24'),('2020-09-04',339,6,0,2563,'C','3340700101243','2020-09-14 01:09:39'),('2020-09-04',340,6,0,2563,'C','3340700101243','2020-09-14 01:09:39'),('2020-09-04',356,6,0,2563,'C','3340700101243','2020-09-14 01:09:39'),('2020-09-08',356,6,0,2563,'C','3340700101243','2020-09-14 01:09:47'),('2020-09-09',356,6,0,2563,'C','3340700101243','2020-09-14 01:09:54'),('2020-09-10',356,6,0,2563,'C','3340700101243','2020-09-14 01:09:01'),('2020-09-15',350,3,0,2563,'C','3340700101243','2020-09-18 12:09:33'),('2020-09-15',352,3,0,2563,'C','3340700101243','2020-09-18 12:09:33'),('2020-09-15',351,3,0,2563,'C','3340700101243','2020-09-18 12:09:33'),('2020-09-15',349,3,0,2563,'C','3340700101243','2020-09-18 12:09:33'),('2020-09-15',353,3,0,2563,'C','3340700101243','2020-09-18 12:09:33'),('2020-09-16',350,3,0,2563,'C','3340700101243','2020-09-18 12:09:47'),('2020-09-16',352,3,0,2563,'C','3340700101243','2020-09-18 12:09:47'),('2020-09-16',351,3,0,2563,'C','3340700101243','2020-09-18 12:09:47'),('2020-09-16',349,3,0,2563,'C','3340700101243','2020-09-18 12:09:47'),('2020-09-16',353,3,0,2563,'C','3340700101243','2020-09-18 12:09:47'),('2020-09-17',350,3,0,2563,'C','3340700101243','2020-09-18 12:09:54'),('2020-09-17',352,3,0,2563,'C','3340700101243','2020-09-18 12:09:54'),('2020-09-17',351,3,0,2563,'C','3340700101243','2020-09-18 12:09:54'),('2020-09-17',349,3,0,2563,'C','3340700101243','2020-09-18 12:09:54'),('2020-09-17',353,3,0,2563,'C','3340700101243','2020-09-18 12:09:54'),('2020-09-18',350,3,0,2563,'C','3340700101243','2020-09-18 12:09:00'),('2020-09-18',352,3,0,2563,'C','3340700101243','2020-09-18 12:09:00'),('2020-09-18',351,3,0,2563,'C','3340700101243','2020-09-18 12:09:00'),('2020-09-18',349,3,0,2563,'C','3340700101243','2020-09-18 12:09:00'),('2020-09-18',353,3,0,2563,'C','3340700101243','2020-09-18 12:09:00'),('2020-09-15',345,4,0,2563,'C','3340700101243','2020-09-18 12:09:16'),('2020-09-15',347,4,0,2563,'C','3340700101243','2020-09-18 12:09:16'),('2020-09-16',345,4,0,2563,'C','3340700101243','2020-09-18 12:09:28'),('2020-09-16',347,4,0,2563,'C','3340700101243','2020-09-18 12:09:28'),('2020-09-17',345,4,0,2563,'C','3340700101243','2020-09-18 12:09:34'),('2020-09-17',347,4,0,2563,'C','3340700101243','2020-09-18 12:09:34'),('2020-09-18',345,4,0,2563,'C','3340700101243','2020-09-18 12:09:39'),('2020-09-18',347,4,0,2563,'C','3340700101243','2020-09-18 12:09:39'),('2020-09-15',341,5,0,2563,'C','3340700101243','2020-09-18 12:09:50'),('2020-09-15',355,5,0,2563,'C','3340700101243','2020-09-18 12:09:50'),('2020-09-16',341,5,0,2563,'C','3340700101243','2020-09-18 12:09:56'),('2020-09-16',355,5,0,2563,'C','3340700101243','2020-09-18 12:09:56'),('2020-09-17',341,5,0,2563,'C','3340700101243','2020-09-18 12:09:01'),('2020-09-17',355,5,0,2563,'C','3340700101243','2020-09-18 12:09:01'),('2020-09-18',341,5,0,2563,'C','3340700101243','2020-09-18 12:09:08'),('2020-09-18',355,5,0,2563,'C','3340700101243','2020-09-18 12:09:08'),('2020-09-15',339,6,0,2563,'C','3340700101243','2020-09-18 12:09:20'),('2020-09-15',340,6,0,2563,'C','3340700101243','2020-09-18 12:09:20'),('2020-09-15',356,6,0,2563,'C','3340700101243','2020-09-18 12:09:20'),('2020-09-16',339,6,0,2563,'C','3340700101243','2020-09-18 12:09:26'),('2020-09-16',340,6,0,2563,'C','3340700101243','2020-09-18 12:09:26'),('2020-09-16',356,6,0,2563,'C','3340700101243','2020-09-18 12:09:26'),('2020-09-17',339,6,0,2563,'C','3340700101243','2020-09-18 12:09:31'),('2020-09-17',340,6,0,2563,'C','3340700101243','2020-09-18 12:09:31'),('2020-09-17',356,6,0,2563,'C','3340700101243','2020-09-18 12:09:31'),('2020-09-18',339,6,0,2563,'C','3340700101243','2020-09-18 12:09:37'),('2020-09-18',340,6,0,2563,'C','3340700101243','2020-09-18 12:09:37'),('2020-09-18',356,6,0,2563,'C','3340700101243','2020-09-18 12:09:37'),('2020-09-15',333,7,0,2563,'C','3340700101243','2020-09-18 12:09:49'),('2020-09-15',334,7,0,2563,'C','3340700101243','2020-09-18 12:09:49'),('2020-09-15',335,7,0,2563,'C','3340700101243','2020-09-18 12:09:49'),('2020-09-15',344,7,0,2563,'C','3340700101243','2020-09-18 12:09:49'),('2020-09-16',333,7,0,2563,'C','3340700101243','2020-09-18 12:09:57'),('2020-09-16',334,7,0,2563,'C','3340700101243','2020-09-18 12:09:57'),('2020-09-16',335,7,0,2563,'C','3340700101243','2020-09-18 12:09:57'),('2020-09-16',344,7,0,2563,'C','3340700101243','2020-09-18 12:09:57'),('2020-09-17',333,7,0,2563,'C','3340700101243','2020-09-18 12:09:05'),('2020-09-17',334,7,0,2563,'C','3340700101243','2020-09-18 12:09:05'),('2020-09-17',335,7,0,2563,'C','3340700101243','2020-09-18 12:09:05'),('2020-09-17',344,7,0,2563,'C','3340700101243','2020-09-18 12:09:05'),('2020-09-18',333,7,0,2563,'C','3340700101243','2020-09-18 12:09:10'),('2020-09-18',334,7,0,2563,'C','3340700101243','2020-09-18 12:09:10'),('2020-09-18',335,7,0,2563,'C','3340700101243','2020-09-18 12:09:10'),('2020-09-18',344,7,0,2563,'C','3340700101243','2020-09-18 12:09:10'),('2020-09-15',346,8,0,2563,'C','3340700101243','2020-09-18 12:09:21'),('2020-09-15',329,8,0,2563,'C','3340700101243','2020-09-18 12:09:21'),('2020-09-16',346,8,0,2563,'C','3340700101243','2020-09-18 12:09:27'),('2020-09-16',329,8,0,2563,'C','3340700101243','2020-09-18 12:09:27'),('2020-09-17',346,8,0,2563,'C','3340700101243','2020-09-18 12:09:33'),('2020-09-17',329,8,0,2563,'C','3340700101243','2020-09-18 12:09:33'),('2020-09-18',346,8,0,2563,'C','3340700101243','2020-09-18 12:09:39'),('2020-09-18',329,8,0,2563,'C','3340700101243','2020-09-18 12:09:39'),('2020-09-15',322,9,0,2563,'C','3340700101243','2020-09-18 12:09:50'),('2020-09-15',323,9,0,2563,'C','3340700101243','2020-09-18 12:09:50'),('2020-09-15',332,9,0,2563,'C','3340700101243','2020-09-18 12:09:50'),('2020-09-15',324,9,0,2563,'C','3340700101243','2020-09-18 12:09:50'),('2020-09-16',322,9,0,2563,'C','3340700101243','2020-09-18 12:09:57'),('2020-09-16',323,9,0,2563,'C','3340700101243','2020-09-18 12:09:57'),('2020-09-16',332,9,0,2563,'C','3340700101243','2020-09-18 12:09:57'),('2020-09-16',324,9,0,2563,'C','3340700101243','2020-09-18 12:09:57'),('2020-09-17',322,9,0,2563,'C','3340700101243','2020-09-18 12:09:03'),('2020-09-17',323,9,0,2563,'C','3340700101243','2020-09-18 12:09:03'),('2020-09-17',332,9,0,2563,'C','3340700101243','2020-09-18 12:09:03'),('2020-09-17',324,9,0,2563,'C','3340700101243','2020-09-18 12:09:03'),('2020-09-18',322,9,0,2563,'C','3340700101243','2020-09-18 12:09:08'),('2020-09-18',323,9,0,2563,'C','3340700101243','2020-09-18 12:09:08'),('2020-09-18',332,9,0,2563,'C','3340700101243','2020-09-18 12:09:08'),('2020-09-18',324,9,0,2563,'C','3340700101243','2020-09-18 12:09:08'),('2020-10-01',350,3,0,2563,'C','3340700101243','2020-10-01 09:10:42'),('2020-10-01',352,3,0,2563,'C','3340700101243','2020-10-01 09:10:42'),('2020-10-01',351,3,0,2563,'C','3340700101243','2020-10-01 09:10:42'),('2020-10-01',349,3,0,2563,'C','3340700101243','2020-10-01 09:10:42'),('2020-10-01',353,3,0,2563,'C','3340700101243','2020-10-01 09:10:42'),('2020-09-24',350,3,0,2563,'C','3340700101243','2020-10-01 09:10:06'),('2020-09-24',352,3,0,2563,'C','3340700101243','2020-10-01 09:10:06'),('2020-09-24',351,3,0,2563,'C','3340700101243','2020-10-01 09:10:06'),('2020-09-24',349,3,0,2563,'C','3340700101243','2020-10-01 09:10:06'),('2020-09-24',353,3,0,2563,'C','3340700101243','2020-10-01 09:10:06'),('2020-09-25',350,3,0,2563,'C','3340700101243','2020-10-01 09:10:11'),('2020-09-25',352,3,0,2563,'C','3340700101243','2020-10-01 09:10:11'),('2020-09-25',351,3,0,2563,'C','3340700101243','2020-10-01 09:10:11'),('2020-09-25',349,3,0,2563,'C','3340700101243','2020-10-01 09:10:11'),('2020-09-25',353,3,0,2563,'C','3340700101243','2020-10-01 09:10:11'),('2020-09-28',350,3,0,2563,'C','3340700101243','2020-10-01 09:10:28'),('2020-09-28',352,3,0,2563,'C','3340700101243','2020-10-01 09:10:28'),('2020-09-28',351,3,0,2563,'C','3340700101243','2020-10-01 09:10:28'),('2020-09-28',349,3,0,2563,'C','3340700101243','2020-10-01 09:10:28'),('2020-09-28',353,3,0,2563,'C','3340700101243','2020-10-01 09:10:28'),('2020-09-29',350,3,0,2563,'C','3340700101243','2020-10-01 09:10:34'),('2020-09-29',352,3,0,2563,'C','3340700101243','2020-10-01 09:10:34'),('2020-09-29',351,3,0,2563,'C','3340700101243','2020-10-01 09:10:34'),('2020-09-29',349,3,0,2563,'C','3340700101243','2020-10-01 09:10:34'),('2020-09-29',353,3,0,2563,'C','3340700101243','2020-10-01 09:10:34'),('2020-09-30',350,3,0,2563,'C','3340700101243','2020-10-01 09:10:42'),('2020-09-30',352,3,0,2563,'C','3340700101243','2020-10-01 09:10:42'),('2020-09-30',351,3,0,2563,'C','3340700101243','2020-10-01 09:10:42'),('2020-09-30',349,3,0,2563,'C','3340700101243','2020-10-01 09:10:42'),('2020-09-30',353,3,0,2563,'C','3340700101243','2020-10-01 09:10:42'),('2020-09-24',345,4,0,2563,'C','3340700101243','2020-10-01 09:10:00'),('2020-09-24',347,4,0,2563,'C','3340700101243','2020-10-01 09:10:00'),('2020-09-25',345,4,0,2563,'C','3340700101243','2020-10-01 09:10:07'),('2020-09-25',347,4,0,2563,'C','3340700101243','2020-10-01 09:10:07'),('2020-09-28',345,4,0,2563,'C','3340700101243','2020-10-01 09:10:14'),('2020-09-28',347,4,0,2563,'C','3340700101243','2020-10-01 09:10:14'),('2020-09-29',345,4,0,2563,'C','3340700101243','2020-10-01 09:10:21'),('2020-09-29',347,4,0,2563,'C','3340700101243','2020-10-01 09:10:21'),('2020-09-30',345,4,0,2563,'C','3340700101243','2020-10-01 09:10:26'),('2020-09-30',347,4,0,2563,'C','3340700101243','2020-10-01 09:10:26'),('2020-10-01',345,4,0,2563,'C','3340700101243','2020-10-01 09:10:43'),('2020-10-01',347,4,0,2563,'C','3340700101243','2020-10-01 09:10:43'),('2020-09-24',341,5,0,2563,'C','3340700101243','2020-10-01 09:10:06'),('2020-09-24',355,5,0,2563,'C','3340700101243','2020-10-01 09:10:06'),('2020-09-25',341,5,0,2563,'C','3340700101243','2020-10-01 09:10:12'),('2020-09-25',355,5,0,2563,'C','3340700101243','2020-10-01 09:10:12'),('2020-09-28',341,5,0,2563,'C','3340700101243','2020-10-01 09:10:20'),('2020-09-28',355,5,0,2563,'C','3340700101243','2020-10-01 09:10:20'),('2020-09-29',341,5,0,2563,'C','3340700101243','2020-10-01 09:10:25'),('2020-09-29',355,5,0,2563,'C','3340700101243','2020-10-01 09:10:25'),('2020-09-30',341,5,0,2563,'C','3340700101243','2020-10-01 09:10:33'),('2020-09-30',355,5,0,2563,'C','3340700101243','2020-10-01 09:10:33'),('2020-10-01',341,5,0,2563,'C','3340700101243','2020-10-01 09:10:43'),('2020-10-01',355,5,0,2563,'C','3340700101243','2020-10-01 09:10:43'),('2020-09-24',339,6,0,2563,'C','3340700101243','2020-10-01 09:10:00'),('2020-09-24',340,6,0,2563,'C','3340700101243','2020-10-01 09:10:00'),('2020-09-24',356,6,0,2563,'C','3340700101243','2020-10-01 09:10:00'),('2020-09-25',339,6,0,2563,'C','3340700101243','2020-10-01 09:10:05'),('2020-09-25',340,6,0,2563,'C','3340700101243','2020-10-01 09:10:05'),('2020-09-25',356,6,0,2563,'C','3340700101243','2020-10-01 09:10:05'),('2020-09-28',339,6,0,2563,'C','3340700101243','2020-10-01 09:10:11'),('2020-09-28',340,6,0,2563,'C','3340700101243','2020-10-01 09:10:11'),('2020-09-28',356,6,0,2563,'C','3340700101243','2020-10-01 09:10:11'),('2020-09-29',339,6,0,2563,'C','3340700101243','2020-10-01 09:10:16'),('2020-09-29',340,6,0,2563,'C','3340700101243','2020-10-01 09:10:16'),('2020-09-29',356,6,0,2563,'C','3340700101243','2020-10-01 09:10:16'),('2020-09-30',339,6,0,2563,'C','3340700101243','2020-10-01 09:10:22'),('2020-09-30',340,6,0,2563,'C','3340700101243','2020-10-01 09:10:22'),('2020-09-30',356,6,0,2563,'C','3340700101243','2020-10-01 09:10:22'),('2020-10-01',339,6,0,2563,'C','3340700101243','2020-10-01 09:10:31'),('2020-10-01',340,6,0,2563,'C','3340700101243','2020-10-01 09:10:31'),('2020-10-01',356,6,0,2563,'C','3340700101243','2020-10-01 09:10:31'),('2020-09-24',333,7,0,2563,'C','3340700101243','2020-10-01 09:10:47'),('2020-09-24',334,7,0,2563,'C','3340700101243','2020-10-01 09:10:47'),('2020-09-24',335,7,0,2563,'C','3340700101243','2020-10-01 09:10:47'),('2020-09-24',344,7,0,2563,'C','3340700101243','2020-10-01 09:10:47'),('2020-09-25',333,7,0,2563,'C','3340700101243','2020-10-01 09:10:54'),('2020-09-25',334,7,0,2563,'C','3340700101243','2020-10-01 09:10:54'),('2020-09-25',335,7,0,2563,'C','3340700101243','2020-10-01 09:10:54'),('2020-09-25',344,7,0,2563,'C','3340700101243','2020-10-01 09:10:54'),('2020-09-28',333,7,0,2563,'C','3340700101243','2020-10-01 09:10:00'),('2020-09-28',334,7,0,2563,'C','3340700101243','2020-10-01 09:10:00'),('2020-09-28',335,7,0,2563,'C','3340700101243','2020-10-01 09:10:00'),('2020-09-28',344,7,0,2563,'C','3340700101243','2020-10-01 09:10:00'),('2020-09-29',333,7,0,2563,'C','3340700101243','2020-10-01 09:10:05'),('2020-09-29',334,7,0,2563,'C','3340700101243','2020-10-01 09:10:05'),('2020-09-29',335,7,0,2563,'C','3340700101243','2020-10-01 09:10:05'),('2020-09-29',344,7,0,2563,'C','3340700101243','2020-10-01 09:10:05'),('2020-09-30',333,7,0,2563,'C','3340700101243','2020-10-01 09:10:11'),('2020-09-30',334,7,0,2563,'C','3340700101243','2020-10-01 09:10:11'),('2020-09-30',335,7,0,2563,'C','3340700101243','2020-10-01 09:10:11'),('2020-09-30',344,7,0,2563,'C','3340700101243','2020-10-01 09:10:11'),('2020-10-01',333,7,0,2563,'C','3340700101243','2020-10-01 09:10:21'),('2020-10-01',334,7,0,2563,'C','3340700101243','2020-10-01 09:10:21'),('2020-10-01',335,7,0,2563,'C','3340700101243','2020-10-01 09:10:21'),('2020-10-01',344,7,0,2563,'C','3340700101243','2020-10-01 09:10:21'),('2020-09-24',346,8,0,2563,'C','3340700101243','2020-10-01 09:10:49'),('2020-09-24',329,8,0,2563,'C','3340700101243','2020-10-01 09:10:49'),('2020-09-25',346,8,0,2563,'C','3340700101243','2020-10-01 09:10:55'),('2020-09-25',329,8,0,2563,'C','3340700101243','2020-10-01 09:10:55'),('2020-09-28',346,8,0,2563,'C','3340700101243','2020-10-01 09:10:00'),('2020-09-28',329,8,0,2563,'C','3340700101243','2020-10-01 09:10:00'),('2020-09-29',346,8,0,2563,'C','3340700101243','2020-10-01 09:10:06'),('2020-09-29',329,8,0,2563,'C','3340700101243','2020-10-01 09:10:06'),('2020-09-30',346,8,0,2563,'C','3340700101243','2020-10-01 09:10:20'),('2020-09-30',329,8,0,2563,'C','3340700101243','2020-10-01 09:10:20'),('2020-10-01',346,8,0,2563,'C','3340700101243','2020-10-01 09:10:30'),('2020-10-01',329,8,0,2563,'C','3340700101243','2020-10-01 09:10:30'),('2020-09-24',322,9,0,2563,'C','3340700101243','2020-10-01 09:10:46'),('2020-09-24',323,9,0,2563,'C','3340700101243','2020-10-01 09:10:46'),('2020-09-24',332,9,0,2563,'C','3340700101243','2020-10-01 09:10:46'),('2020-09-24',324,9,0,2563,'C','3340700101243','2020-10-01 09:10:46'),('2020-09-25',322,9,0,2563,'C','3340700101243','2020-10-01 09:10:51'),('2020-09-25',323,9,0,2563,'C','3340700101243','2020-10-01 09:10:51'),('2020-09-25',332,9,0,2563,'C','3340700101243','2020-10-01 09:10:51'),('2020-09-25',324,9,0,2563,'C','3340700101243','2020-10-01 09:10:51'),('2020-09-28',322,9,0,2563,'C','3340700101243','2020-10-01 09:10:57'),('2020-09-28',323,9,0,2563,'C','3340700101243','2020-10-01 09:10:57'),('2020-09-28',332,9,0,2563,'C','3340700101243','2020-10-01 09:10:57'),('2020-09-28',324,9,0,2563,'C','3340700101243','2020-10-01 09:10:57'),('2020-09-29',322,9,0,2563,'C','3340700101243','2020-10-01 09:10:14'),('2020-09-29',323,9,0,2563,'C','3340700101243','2020-10-01 09:10:14'),('2020-09-29',332,9,0,2563,'C','3340700101243','2020-10-01 09:10:14'),('2020-09-29',324,9,0,2563,'C','3340700101243','2020-10-01 09:10:14'),('2020-09-30',322,9,0,2563,'C','3340700101243','2020-10-01 09:10:09'),('2020-09-30',323,9,0,2563,'C','3340700101243','2020-10-01 09:10:09'),('2020-09-30',332,9,0,2563,'C','3340700101243','2020-10-01 09:10:09'),('2020-09-30',324,9,0,2563,'C','3340700101243','2020-10-01 09:10:09'),('2020-10-01',322,9,0,2563,'C','3340700101243','2020-10-01 09:10:31'),('2020-10-01',323,9,0,2563,'C','3340700101243','2020-10-01 09:10:31'),('2020-10-01',332,9,0,2563,'C','3340700101243','2020-10-01 09:10:31'),('2020-10-01',324,9,0,2563,'C','3340700101243','2020-10-01 09:10:31'),('2020-10-02',350,3,0,2563,'C','3340700101243','2020-10-05 01:10:34'),('2020-10-02',352,3,0,2563,'C','3340700101243','2020-10-05 01:10:34'),('2020-10-02',351,3,0,2563,'C','3340700101243','2020-10-05 01:10:34'),('2020-10-02',349,3,0,2563,'C','3340700101243','2020-10-05 01:10:34'),('2020-10-02',353,3,0,2563,'C','3340700101243','2020-10-05 01:10:34'),('2020-10-05',350,3,0,2563,'C','3340700101243','2020-10-05 01:10:41'),('2020-10-05',352,3,0,2563,'C','3340700101243','2020-10-05 01:10:41'),('2020-10-05',351,3,0,2563,'C','3340700101243','2020-10-05 01:10:41'),('2020-10-05',349,3,0,2563,'C','3340700101243','2020-10-05 01:10:41'),('2020-10-05',353,3,0,2563,'C','3340700101243','2020-10-05 01:10:41'),('2020-10-02',345,4,0,2563,'C','3340700101243','2020-10-05 01:10:53'),('2020-10-02',347,4,0,2563,'C','3340700101243','2020-10-05 01:10:53'),('2020-10-05',345,4,0,2563,'C','3340700101243','2020-10-05 01:10:59'),('2020-10-05',347,4,0,2563,'C','3340700101243','2020-10-05 01:10:59'),('2020-10-02',341,5,0,2563,'C','3340700101243','2020-10-05 01:10:37'),('2020-10-02',355,5,0,2563,'C','3340700101243','2020-10-05 01:10:37'),('2020-10-05',341,5,0,2563,'C','3340700101243','2020-10-05 01:10:16'),('2020-10-05',355,5,0,2563,'C','3340700101243','2020-10-05 01:10:16'),('2020-10-02',339,6,0,2563,'C','3340700101243','2020-10-05 01:10:28'),('2020-10-02',340,6,0,2563,'C','3340700101243','2020-10-05 01:10:28'),('2020-10-02',356,6,0,2563,'C','3340700101243','2020-10-05 01:10:28'),('2020-10-05',339,6,0,2563,'C','3340700101243','2020-10-05 01:10:33'),('2020-10-05',340,6,0,2563,'C','3340700101243','2020-10-05 01:10:33'),('2020-10-05',356,6,0,2563,'C','3340700101243','2020-10-05 01:10:33'),('2020-10-02',333,7,0,2563,'C','3340700101243','2020-10-05 01:10:45'),('2020-10-02',334,7,0,2563,'C','3340700101243','2020-10-05 01:10:45'),('2020-10-02',335,7,0,2563,'C','3340700101243','2020-10-05 01:10:45'),('2020-10-02',344,7,0,2563,'C','3340700101243','2020-10-05 01:10:45'),('2020-10-05',333,7,0,2563,'C','3340700101243','2020-10-05 01:10:51'),('2020-10-05',334,7,0,2563,'C','3340700101243','2020-10-05 01:10:51'),('2020-10-05',335,7,0,2563,'C','3340700101243','2020-10-05 01:10:51'),('2020-10-05',344,7,0,2563,'C','3340700101243','2020-10-05 01:10:51'),('2020-10-02',322,9,0,2563,'C','3340700101243','2020-10-05 01:10:04'),('2020-10-02',323,9,0,2563,'C','3340700101243','2020-10-05 01:10:04'),('2020-10-02',332,9,0,2563,'C','3340700101243','2020-10-05 01:10:04'),('2020-10-02',324,9,0,2563,'C','3340700101243','2020-10-05 01:10:04'),('2020-10-05',322,9,0,2563,'C','3340700101243','2020-10-05 01:10:10'),('2020-10-05',323,9,0,2563,'C','3340700101243','2020-10-05 01:10:10'),('2020-10-05',332,9,0,2563,'C','3340700101243','2020-10-05 01:10:10'),('2020-10-05',324,9,0,2563,'C','3340700101243','2020-10-05 01:10:10'),('2020-10-02',346,8,0,2563,'C','3340700101243','2020-10-05 01:10:23'),('2020-10-02',329,8,0,2563,'C','3340700101243','2020-10-05 01:10:23'),('2020-10-05',346,8,0,2563,'C','3340700101243','2020-10-05 01:10:29'),('2020-10-05',329,8,0,2563,'C','3340700101243','2020-10-05 01:10:29'),('2020-12-01',350,3,0,2563,'C','3340700101243','2021-01-14 02:01:10'),('2020-12-01',352,3,0,2563,'C','3340700101243','2021-01-14 02:01:10'),('2020-12-01',351,3,0,2563,'C','3340700101243','2021-01-14 02:01:10'),('2020-12-01',349,3,0,2563,'C','3340700101243','2021-01-14 02:01:10'),('2020-12-01',353,3,0,2563,'C','3340700101243','2021-01-14 02:01:10'),('2020-12-02',350,3,0,2563,'C','3340700101243','2021-01-14 02:01:15'),('2020-12-02',352,3,0,2563,'C','3340700101243','2021-01-14 02:01:15'),('2020-12-02',351,3,0,2563,'C','3340700101243','2021-01-14 02:01:15'),('2020-12-02',349,3,0,2563,'C','3340700101243','2021-01-14 02:01:15'),('2020-12-02',353,3,0,2563,'C','3340700101243','2021-01-14 02:01:15'),('2020-12-03',350,3,0,2563,'C','3340700101243','2021-01-14 02:01:21'),('2020-12-03',352,3,0,2563,'C','3340700101243','2021-01-14 02:01:21'),('2020-12-03',351,3,0,2563,'C','3340700101243','2021-01-14 02:01:21'),('2020-12-03',349,3,0,2563,'C','3340700101243','2021-01-14 02:01:21'),('2020-12-03',353,3,0,2563,'C','3340700101243','2021-01-14 02:01:21'),('2020-12-04',350,3,0,2563,'C','3340700101243','2021-01-14 02:01:27'),('2020-12-04',352,3,0,2563,'C','3340700101243','2021-01-14 02:01:27'),('2020-12-04',351,3,0,2563,'C','3340700101243','2021-01-14 02:01:27'),('2020-12-04',349,3,0,2563,'C','3340700101243','2021-01-14 02:01:27'),('2020-12-04',353,3,0,2563,'C','3340700101243','2021-01-14 02:01:27'),('2020-12-08',350,3,0,2563,'C','3340700101243','2021-01-14 02:01:35'),('2020-12-08',352,3,0,2563,'C','3340700101243','2021-01-14 02:01:35'),('2020-12-08',351,3,0,2563,'C','3340700101243','2021-01-14 02:01:35'),('2020-12-08',349,3,0,2563,'C','3340700101243','2021-01-14 02:01:35'),('2020-12-08',353,3,0,2563,'C','3340700101243','2021-01-14 02:01:35'),('2020-12-09',350,3,0,2563,'C','3340700101243','2021-01-14 02:01:40'),('2020-12-09',352,3,0,2563,'C','3340700101243','2021-01-14 02:01:40'),('2020-12-09',351,3,0,2563,'C','3340700101243','2021-01-14 02:01:40'),('2020-12-09',349,3,0,2563,'C','3340700101243','2021-01-14 02:01:40'),('2020-12-09',353,3,0,2563,'C','3340700101243','2021-01-14 02:01:40'),('2020-12-10',350,3,0,2563,'C','3340700101243','2021-01-14 02:01:47'),('2020-12-10',352,3,0,2563,'C','3340700101243','2021-01-14 02:01:47'),('2020-12-10',351,3,0,2563,'C','3340700101243','2021-01-14 02:01:47'),('2020-12-10',349,3,0,2563,'C','3340700101243','2021-01-14 02:01:47'),('2020-12-10',353,3,0,2563,'C','3340700101243','2021-01-14 02:01:47'),('2020-12-11',350,3,0,2563,'C','3340700101243','2021-01-14 02:01:53'),('2020-12-11',352,3,0,2563,'C','3340700101243','2021-01-14 02:01:53'),('2020-12-11',351,3,0,2563,'C','3340700101243','2021-01-14 02:01:53'),('2020-12-11',349,3,0,2563,'C','3340700101243','2021-01-14 02:01:53'),('2020-12-11',353,3,0,2563,'C','3340700101243','2021-01-14 02:01:53'),('2020-12-14',350,3,0,2563,'C','3340700101243','2021-01-14 02:01:58'),('2020-12-14',352,3,0,2563,'C','3340700101243','2021-01-14 02:01:58'),('2020-12-14',351,3,0,2563,'C','3340700101243','2021-01-14 02:01:58'),('2020-12-14',349,3,0,2563,'C','3340700101243','2021-01-14 02:01:58'),('2020-12-14',353,3,0,2563,'C','3340700101243','2021-01-14 02:01:58'),('2020-12-15',350,3,0,2563,'C','3340700101243','2021-01-14 02:01:04'),('2020-12-15',352,3,0,2563,'C','3340700101243','2021-01-14 02:01:04'),('2020-12-15',351,3,0,2563,'C','3340700101243','2021-01-14 02:01:04'),('2020-12-15',349,3,0,2563,'C','3340700101243','2021-01-14 02:01:04'),('2020-12-15',353,3,0,2563,'C','3340700101243','2021-01-14 02:01:04'),('2020-12-16',350,3,0,2563,'C','3340700101243','2021-01-14 02:01:10'),('2020-12-16',352,3,0,2563,'C','3340700101243','2021-01-14 02:01:10'),('2020-12-16',351,3,0,2563,'C','3340700101243','2021-01-14 02:01:10'),('2020-12-16',349,3,0,2563,'C','3340700101243','2021-01-14 02:01:10'),('2020-12-16',353,3,0,2563,'C','3340700101243','2021-01-14 02:01:10'),('2020-12-17',350,3,0,2563,'C','3340700101243','2021-01-14 02:01:15'),('2020-12-17',352,3,0,2563,'C','3340700101243','2021-01-14 02:01:15'),('2020-12-17',351,3,0,2563,'C','3340700101243','2021-01-14 02:01:15'),('2020-12-17',349,3,0,2563,'C','3340700101243','2021-01-14 02:01:15'),('2020-12-17',353,3,0,2563,'C','3340700101243','2021-01-14 02:01:15'),('2020-12-18',350,3,0,2563,'C','3340700101243','2021-01-14 02:01:21'),('2020-12-18',352,3,0,2563,'C','3340700101243','2021-01-14 02:01:21'),('2020-12-18',351,3,0,2563,'C','3340700101243','2021-01-14 02:01:21'),('2020-12-18',349,3,0,2563,'C','3340700101243','2021-01-14 02:01:21'),('2020-12-18',353,3,0,2563,'C','3340700101243','2021-01-14 02:01:21'),('2020-12-21',350,3,0,2563,'C','3340700101243','2021-01-14 02:01:28'),('2020-12-21',352,3,0,2563,'C','3340700101243','2021-01-14 02:01:28'),('2020-12-21',351,3,0,2563,'C','3340700101243','2021-01-14 02:01:28'),('2020-12-21',349,3,0,2563,'C','3340700101243','2021-01-14 02:01:28'),('2020-12-21',353,3,0,2563,'C','3340700101243','2021-01-14 02:01:28'),('2020-12-22',350,3,0,2563,'C','3340700101243','2021-01-14 02:01:34'),('2020-12-22',352,3,0,2563,'C','3340700101243','2021-01-14 02:01:34'),('2020-12-22',351,3,0,2563,'C','3340700101243','2021-01-14 02:01:34'),('2020-12-22',349,3,0,2563,'C','3340700101243','2021-01-14 02:01:34'),('2020-12-22',353,3,0,2563,'C','3340700101243','2021-01-14 02:01:34'),('2020-12-23',350,3,0,2563,'C','3340700101243','2021-01-14 02:01:39'),('2020-12-23',352,3,0,2563,'C','3340700101243','2021-01-14 02:01:39'),('2020-12-23',351,3,0,2563,'C','3340700101243','2021-01-14 02:01:39'),('2020-12-23',349,3,0,2563,'C','3340700101243','2021-01-14 02:01:39'),('2020-12-23',353,3,0,2563,'C','3340700101243','2021-01-14 02:01:39'),('2020-12-24',350,3,0,2563,'C','3340700101243','2021-01-14 02:01:44'),('2020-12-24',352,3,0,2563,'C','3340700101243','2021-01-14 02:01:44'),('2020-12-24',351,3,0,2563,'C','3340700101243','2021-01-14 02:01:44'),('2020-12-24',349,3,0,2563,'C','3340700101243','2021-01-14 02:01:44'),('2020-12-24',353,3,0,2563,'C','3340700101243','2021-01-14 02:01:44'),('2020-12-25',350,3,0,2563,'C','3340700101243','2021-01-14 02:01:50'),('2020-12-25',352,3,0,2563,'C','3340700101243','2021-01-14 02:01:50'),('2020-12-25',351,3,0,2563,'C','3340700101243','2021-01-14 02:01:50'),('2020-12-25',349,3,0,2563,'C','3340700101243','2021-01-14 02:01:50'),('2020-12-25',353,3,0,2563,'C','3340700101243','2021-01-14 02:01:50'),('2020-12-28',350,3,0,2563,'C','3340700101243','2021-01-14 02:01:57'),('2020-12-28',352,3,0,2563,'C','3340700101243','2021-01-14 02:01:57'),('2020-12-28',351,3,0,2563,'C','3340700101243','2021-01-14 02:01:57'),('2020-12-28',349,3,0,2563,'C','3340700101243','2021-01-14 02:01:57'),('2020-12-28',353,3,0,2563,'C','3340700101243','2021-01-14 02:01:57'),('2020-12-29',350,3,0,2563,'C','3340700101243','2021-01-14 02:01:02'),('2020-12-29',352,3,0,2563,'C','3340700101243','2021-01-14 02:01:02'),('2020-12-29',351,3,0,2563,'C','3340700101243','2021-01-14 02:01:02'),('2020-12-29',349,3,0,2563,'C','3340700101243','2021-01-14 02:01:02'),('2020-12-29',353,3,0,2563,'C','3340700101243','2021-01-14 02:01:02'),('2020-12-30',350,3,0,2563,'C','3340700101243','2021-01-14 02:01:09'),('2020-12-30',352,3,0,2563,'C','3340700101243','2021-01-14 02:01:09'),('2020-12-30',351,3,0,2563,'C','3340700101243','2021-01-14 02:01:09'),('2020-12-30',349,3,0,2563,'C','3340700101243','2021-01-14 02:01:09'),('2020-12-30',353,3,0,2563,'C','3340700101243','2021-01-14 02:01:09'),('2021-01-14',345,4,0,2563,'C','3340700101243','2021-01-14 02:01:19'),('2021-01-14',347,4,0,2563,'C','3340700101243','2021-01-14 02:01:19'),('2020-12-01',345,4,0,2563,'C','3340700101243','2021-01-14 02:01:40'),('2020-12-01',347,4,0,2563,'C','3340700101243','2021-01-14 02:01:40'),('2020-12-02',345,4,0,2563,'C','3340700101243','2021-01-14 02:01:45'),('2020-12-02',347,4,0,2563,'C','3340700101243','2021-01-14 02:01:45'),('2020-12-03',345,4,0,2563,'C','3340700101243','2021-01-14 02:01:51'),('2020-12-03',347,4,0,2563,'C','3340700101243','2021-01-14 02:01:51'),('2020-12-04',345,4,0,2563,'C','3340700101243','2021-01-14 02:01:56'),('2020-12-04',347,4,0,2563,'C','3340700101243','2021-01-14 02:01:56'),('2020-12-08',345,4,0,2563,'C','3340700101243','2021-01-14 02:01:02'),('2020-12-08',347,4,0,2563,'C','3340700101243','2021-01-14 02:01:02'),('2020-12-09',345,4,0,2563,'C','3340700101243','2021-01-14 02:01:07'),('2020-12-09',347,4,0,2563,'C','3340700101243','2021-01-14 02:01:07'),('2020-12-10',345,4,0,2563,'C','3340700101243','2021-01-14 02:01:13'),('2020-12-10',347,4,0,2563,'C','3340700101243','2021-01-14 02:01:13'),('2020-12-11',345,4,0,2563,'C','3340700101243','2021-01-14 02:01:19'),('2020-12-11',347,4,0,2563,'C','3340700101243','2021-01-14 02:01:19'),('2020-12-14',345,4,0,2563,'C','3340700101243','2021-01-14 02:01:27'),('2020-12-14',347,4,0,2563,'C','3340700101243','2021-01-14 02:01:27'),('2020-12-15',345,4,0,2563,'C','3340700101243','2021-01-14 02:01:34'),('2020-12-15',347,4,0,2563,'C','3340700101243','2021-01-14 02:01:34'),('2020-12-16',345,4,0,2563,'C','3340700101243','2021-01-14 02:01:39'),('2020-12-16',347,4,0,2563,'C','3340700101243','2021-01-14 02:01:39'),('2020-12-17',345,4,0,2563,'C','3340700101243','2021-01-14 02:01:44'),('2020-12-17',347,4,0,2563,'C','3340700101243','2021-01-14 02:01:44'),('2020-12-18',345,4,0,2563,'C','3340700101243','2021-01-14 02:01:49'),('2020-12-18',347,4,0,2563,'C','3340700101243','2021-01-14 02:01:49'),('2020-12-21',345,4,0,2563,'C','3340700101243','2021-01-14 02:01:57'),('2020-12-21',347,4,0,2563,'C','3340700101243','2021-01-14 02:01:57'),('2020-12-22',345,4,0,2563,'C','3340700101243','2021-01-14 02:01:04'),('2020-12-22',347,4,0,2563,'C','3340700101243','2021-01-14 02:01:04'),('2020-12-23',345,4,0,2563,'C','3340700101243','2021-01-14 02:01:09'),('2020-12-23',347,4,0,2563,'C','3340700101243','2021-01-14 02:01:09'),('2020-12-24',345,4,0,2563,'C','3340700101243','2021-01-14 02:01:14'),('2020-12-24',347,4,0,2563,'C','3340700101243','2021-01-14 02:01:14'),('2020-12-25',345,4,0,2563,'C','3340700101243','2021-01-14 02:01:19'),('2020-12-25',347,4,0,2563,'C','3340700101243','2021-01-14 02:01:19'),('2020-12-28',345,4,0,2563,'C','3340700101243','2021-01-14 02:01:24'),('2020-12-28',347,4,0,2563,'C','3340700101243','2021-01-14 02:01:24'),('2020-12-29',345,4,0,2563,'C','3340700101243','2021-01-14 02:01:30'),('2020-12-29',347,4,0,2563,'C','3340700101243','2021-01-14 02:01:30'),('2020-12-30',345,4,0,2563,'C','3340700101243','2021-01-14 02:01:35'),('2020-12-30',347,4,0,2563,'C','3340700101243','2021-01-14 02:01:35'),('2020-12-01',341,5,0,2563,'C','3340700101243','2021-01-14 02:01:56'),('2020-12-01',355,5,0,2563,'C','3340700101243','2021-01-14 02:01:56'),('2020-12-02',341,5,0,2563,'C','3340700101243','2021-01-14 02:01:06'),('2020-12-02',355,5,0,2563,'C','3340700101243','2021-01-14 02:01:06'),('2020-12-03',341,5,0,2563,'C','3340700101243','2021-01-14 02:01:15'),('2020-12-03',355,5,0,2563,'C','3340700101243','2021-01-14 02:01:15'),('2020-12-04',341,5,0,2563,'C','3340700101243','2021-01-14 02:01:21'),('2020-12-04',355,5,0,2563,'C','3340700101243','2021-01-14 02:01:21'),('2020-12-07',341,5,0,2563,'C','3340700101243','2021-01-14 02:01:26'),('2020-12-07',355,5,0,2563,'C','3340700101243','2021-01-14 02:01:26'),('2020-12-08',341,5,0,2563,'C','3340700101243','2021-01-14 02:01:31'),('2020-12-08',355,5,0,2563,'C','3340700101243','2021-01-14 02:01:31'),('2020-12-09',341,5,0,2563,'C','3340700101243','2021-01-14 02:01:36'),('2020-12-09',355,5,0,2563,'C','3340700101243','2021-01-14 02:01:36'),('2020-12-10',341,5,0,2563,'C','3340700101243','2021-01-14 02:01:42'),('2020-12-10',355,5,0,2563,'C','3340700101243','2021-01-14 02:01:42'),('2020-12-11',341,5,0,2563,'C','3340700101243','2021-01-14 02:01:46'),('2020-12-11',355,5,0,2563,'C','3340700101243','2021-01-14 02:01:46'),('2020-12-14',341,5,0,2563,'C','3340700101243','2021-01-14 02:01:51'),('2020-12-14',355,5,0,2563,'C','3340700101243','2021-01-14 02:01:51'),('2020-12-15',341,5,0,2563,'C','3340700101243','2021-01-14 02:01:56'),('2020-12-15',355,5,0,2563,'C','3340700101243','2021-01-14 02:01:56'),('2020-12-16',341,5,0,2563,'C','3340700101243','2021-01-14 02:01:03'),('2020-12-16',355,5,0,2563,'C','3340700101243','2021-01-14 02:01:03'),('2020-12-17',341,5,0,2563,'C','3340700101243','2021-01-14 02:01:08'),('2020-12-17',355,5,0,2563,'C','3340700101243','2021-01-14 02:01:08'),('2020-12-18',341,5,0,2563,'C','3340700101243','2021-01-14 02:01:13'),('2020-12-18',355,5,0,2563,'C','3340700101243','2021-01-14 02:01:13'),('2020-12-21',341,5,0,2563,'C','3340700101243','2021-01-14 02:01:18'),('2020-12-21',355,5,0,2563,'C','3340700101243','2021-01-14 02:01:18'),('2020-12-22',341,5,0,2563,'C','3340700101243','2021-01-14 02:01:25'),('2020-12-22',355,5,0,2563,'C','3340700101243','2021-01-14 02:01:25'),('2020-12-23',341,5,0,2563,'C','3340700101243','2021-01-14 02:01:30'),('2020-12-23',355,5,0,2563,'C','3340700101243','2021-01-14 02:01:30'),('2020-12-24',341,5,0,2563,'C','3340700101243','2021-01-14 02:01:34'),('2020-12-24',355,5,0,2563,'C','3340700101243','2021-01-14 02:01:34'),('2020-12-25',341,5,0,2563,'C','3340700101243','2021-01-14 02:01:41'),('2020-12-25',355,5,0,2563,'C','3340700101243','2021-01-14 02:01:41'),('2020-12-28',341,5,0,2563,'C','3340700101243','2021-01-14 02:01:47'),('2020-12-28',355,5,0,2563,'C','3340700101243','2021-01-14 02:01:47'),('2020-12-29',341,5,0,2563,'C','3340700101243','2021-01-14 02:01:51'),('2020-12-29',355,5,0,2563,'C','3340700101243','2021-01-14 02:01:51'),('2021-01-04',341,5,0,2563,'C','3340700101243','2021-01-21 01:01:00'),('2021-01-04',355,5,0,2563,'C','3340700101243','2021-01-21 01:01:00'),('2021-01-05',341,5,0,2563,'C','3340700101243','2021-01-21 01:01:05'),('2021-01-05',355,5,0,2563,'C','3340700101243','2021-01-21 01:01:05'),('2021-01-06',341,5,0,2563,'C','3340700101243','2021-01-21 01:01:10'),('2021-01-06',355,5,0,2563,'C','3340700101243','2021-01-21 01:01:10'),('2021-01-07',341,5,0,2563,'C','3340700101243','2021-01-21 01:01:15'),('2021-01-07',355,5,0,2563,'C','3340700101243','2021-01-21 01:01:15'),('2021-01-08',341,5,0,2563,'C','3340700101243','2021-01-21 01:01:21'),('2021-01-08',355,5,0,2563,'C','3340700101243','2021-01-21 01:01:21'),('2021-01-11',341,5,0,2563,'C','3340700101243','2021-01-21 01:01:27'),('2021-01-11',355,5,0,2563,'C','3340700101243','2021-01-21 01:01:27'),('2021-01-12',341,5,0,2563,'C','3340700101243','2021-01-21 01:01:34'),('2021-01-12',355,5,0,2563,'C','3340700101243','2021-01-21 01:01:34'),('2021-01-13',341,5,0,2563,'C','3340700101243','2021-01-21 01:01:41'),('2021-01-13',355,5,0,2563,'C','3340700101243','2021-01-21 01:01:41'),('2021-01-14',341,5,0,2563,'C','3340700101243','2021-01-21 01:01:46'),('2021-01-14',355,5,0,2563,'C','3340700101243','2021-01-21 01:01:46'),('2021-01-15',341,5,0,2563,'C','3340700101243','2021-01-21 01:01:51'),('2021-01-15',355,5,0,2563,'C','3340700101243','2021-01-21 01:01:51'),('2021-01-18',341,5,0,2563,'C','3340700101243','2021-01-21 01:01:56'),('2021-01-18',355,5,0,2563,'C','3340700101243','2021-01-21 01:01:56'),('2021-01-19',341,5,0,2563,'C','3340700101243','2021-01-21 01:01:01'),('2021-01-19',355,5,0,2563,'C','3340700101243','2021-01-21 01:01:01'),('2021-01-20',341,5,0,2563,'C','3340700101243','2021-01-21 01:01:08'),('2021-01-20',355,5,0,2563,'C','3340700101243','2021-01-21 01:01:08'),('2021-01-21',341,5,0,2563,'C','3340700101243','2021-01-21 01:01:17'),('2021-01-21',355,5,0,2563,'C','3340700101243','2021-01-21 01:01:17'),('2021-01-04',349,3,0,2563,'C','3340700101243','2021-01-21 01:01:07'),('2021-01-04',352,3,0,2563,'C','3340700101243','2021-01-21 01:01:07'),('2021-01-04',351,3,0,2563,'C','3340700101243','2021-01-21 01:01:07'),('2021-01-04',350,3,0,2563,'C','3340700101243','2021-01-21 01:01:07'),('2021-01-04',353,3,0,2563,'C','3340700101243','2021-01-21 01:01:07'),('2021-01-05',350,3,0,2563,'C','3340700101243','2021-01-21 01:01:12'),('2021-01-05',352,3,0,2563,'C','3340700101243','2021-01-21 01:01:12'),('2021-01-05',351,3,0,2563,'C','3340700101243','2021-01-21 01:01:12'),('2021-01-05',349,3,0,2563,'C','3340700101243','2021-01-21 01:01:12'),('2021-01-05',353,3,0,2563,'C','3340700101243','2021-01-21 01:01:12'),('2021-01-06',350,3,0,2563,'C','3340700101243','2021-01-21 01:01:19'),('2021-01-06',352,3,0,2563,'C','3340700101243','2021-01-21 01:01:19'),('2021-01-06',351,3,0,2563,'C','3340700101243','2021-01-21 01:01:19'),('2021-01-06',349,3,0,2563,'C','3340700101243','2021-01-21 01:01:19'),('2021-01-06',353,3,0,2563,'C','3340700101243','2021-01-21 01:01:19'),('2021-01-07',350,3,0,2563,'C','3340700101243','2021-01-21 01:01:27'),('2021-01-07',352,3,0,2563,'C','3340700101243','2021-01-21 01:01:27'),('2021-01-07',351,3,0,2563,'C','3340700101243','2021-01-21 01:01:27'),('2021-01-07',349,3,0,2563,'C','3340700101243','2021-01-21 01:01:27'),('2021-01-07',353,3,0,2563,'C','3340700101243','2021-01-21 01:01:27'),('2021-01-08',350,3,0,2563,'C','3340700101243','2021-01-21 01:01:33'),('2021-01-08',352,3,0,2563,'C','3340700101243','2021-01-21 01:01:33'),('2021-01-08',351,3,0,2563,'C','3340700101243','2021-01-21 01:01:33'),('2021-01-08',349,3,0,2563,'C','3340700101243','2021-01-21 01:01:33'),('2021-01-08',353,3,0,2563,'C','3340700101243','2021-01-21 01:01:33'),('2021-01-11',350,3,0,2563,'C','3340700101243','2021-01-21 01:01:39'),('2021-01-11',352,3,0,2563,'C','3340700101243','2021-01-21 01:01:39'),('2021-01-11',351,3,0,2563,'C','3340700101243','2021-01-21 01:01:39'),('2021-01-11',349,3,0,2563,'C','3340700101243','2021-01-21 01:01:39'),('2021-01-11',353,3,0,2563,'C','3340700101243','2021-01-21 01:01:39'),('2021-01-12',350,3,0,2563,'C','3340700101243','2021-01-21 01:01:44'),('2021-01-12',352,3,0,2563,'C','3340700101243','2021-01-21 01:01:44'),('2021-01-12',351,3,0,2563,'C','3340700101243','2021-01-21 01:01:44'),('2021-01-12',349,3,0,2563,'C','3340700101243','2021-01-21 01:01:44'),('2021-01-12',353,3,0,2563,'C','3340700101243','2021-01-21 01:01:44'),('2021-01-13',350,3,0,2563,'C','3340700101243','2021-01-21 01:01:50'),('2021-01-13',352,3,0,2563,'C','3340700101243','2021-01-21 01:01:50'),('2021-01-13',351,3,0,2563,'C','3340700101243','2021-01-21 01:01:50'),('2021-01-13',349,3,0,2563,'C','3340700101243','2021-01-21 01:01:50'),('2021-01-13',353,3,0,2563,'C','3340700101243','2021-01-21 01:01:50'),('2021-01-14',350,3,0,2563,'C','3340700101243','2021-01-21 01:01:55'),('2021-01-14',352,3,0,2563,'C','3340700101243','2021-01-21 01:01:55'),('2021-01-14',351,3,0,2563,'C','3340700101243','2021-01-21 01:01:55'),('2021-01-14',349,3,0,2563,'C','3340700101243','2021-01-21 01:01:55'),('2021-01-14',353,3,0,2563,'C','3340700101243','2021-01-21 01:01:55'),('2021-01-15',350,3,0,2563,'C','3340700101243','2021-01-21 01:01:01'),('2021-01-15',352,3,0,2563,'C','3340700101243','2021-01-21 01:01:01'),('2021-01-15',351,3,0,2563,'C','3340700101243','2021-01-21 01:01:01'),('2021-01-15',349,3,0,2563,'C','3340700101243','2021-01-21 01:01:01'),('2021-01-15',353,3,0,2563,'C','3340700101243','2021-01-21 01:01:01'),('2021-01-18',350,3,0,2563,'C','3340700101243','2021-01-21 01:01:10'),('2021-01-18',352,3,0,2563,'C','3340700101243','2021-01-21 01:01:10'),('2021-01-18',351,3,0,2563,'C','3340700101243','2021-01-21 01:01:10'),('2021-01-18',349,3,0,2563,'C','3340700101243','2021-01-21 01:01:10'),('2021-01-18',353,3,0,2563,'C','3340700101243','2021-01-21 01:01:10'),('2021-01-19',350,3,0,2563,'C','3340700101243','2021-01-21 01:01:15'),('2021-01-19',352,3,0,2563,'C','3340700101243','2021-01-21 01:01:15'),('2021-01-19',351,3,0,2563,'C','3340700101243','2021-01-21 01:01:15'),('2021-01-19',349,3,0,2563,'C','3340700101243','2021-01-21 01:01:15'),('2021-01-19',353,3,0,2563,'C','3340700101243','2021-01-21 01:01:15'),('2021-01-20',350,3,0,2563,'C','3340700101243','2021-01-21 01:01:23'),('2021-01-20',352,3,0,2563,'C','3340700101243','2021-01-21 01:01:23'),('2021-01-20',351,3,0,2563,'C','3340700101243','2021-01-21 01:01:23'),('2021-01-20',349,3,0,2563,'C','3340700101243','2021-01-21 01:01:23'),('2021-01-20',353,3,0,2563,'C','3340700101243','2021-01-21 01:01:23'),('2021-01-21',350,3,0,2563,'C','3340700101243','2021-01-21 01:01:29'),('2021-01-21',352,3,0,2563,'C','3340700101243','2021-01-21 01:01:29'),('2021-01-21',351,3,0,2563,'C','3340700101243','2021-01-21 01:01:29'),('2021-01-21',349,3,0,2563,'C','3340700101243','2021-01-21 01:01:29'),('2021-01-21',353,3,0,2563,'C','3340700101243','2021-01-21 01:01:29'),('2021-01-04',345,4,0,2563,'C','3340700101243','2021-01-21 01:01:41'),('2021-01-04',347,4,0,2563,'C','3340700101243','2021-01-21 01:01:41'),('2021-01-05',345,4,0,2563,'C','3340700101243','2021-01-21 01:01:51'),('2021-01-05',347,4,0,2563,'C','3340700101243','2021-01-21 01:01:51'),('2021-01-06',345,4,0,2563,'C','3340700101243','2021-01-21 01:01:56'),('2021-01-06',347,4,0,2563,'C','3340700101243','2021-01-21 01:01:56'),('2021-01-07',345,4,0,2563,'C','3340700101243','2021-01-21 01:01:02'),('2021-01-07',347,4,0,2563,'C','3340700101243','2021-01-21 01:01:02'),('2021-01-08',345,4,0,2563,'C','3340700101243','2021-01-21 01:01:07'),('2021-01-08',347,4,0,2563,'C','3340700101243','2021-01-21 01:01:07'),('2021-01-11',345,4,0,2563,'C','3340700101243','2021-01-21 01:01:12'),('2021-01-11',347,4,0,2563,'C','3340700101243','2021-01-21 01:01:12'),('2021-01-12',345,4,0,2563,'C','3340700101243','2021-01-21 01:01:19'),('2021-01-12',347,4,0,2563,'C','3340700101243','2021-01-21 01:01:19'),('2021-01-13',345,4,0,2563,'C','3340700101243','2021-01-21 01:01:26'),('2021-01-13',347,4,0,2563,'C','3340700101243','2021-01-21 01:01:26'),('2021-01-15',345,4,0,2563,'C','3340700101243','2021-01-21 01:01:40'),('2021-01-15',347,4,0,2563,'C','3340700101243','2021-01-21 01:01:40'),('2021-01-18',345,4,0,2563,'C','3340700101243','2021-01-21 01:01:48'),('2021-01-18',347,4,0,2563,'C','3340700101243','2021-01-21 01:01:48'),('2021-01-19',345,4,0,2563,'C','3340700101243','2021-01-21 01:01:53'),('2021-01-19',347,4,0,2563,'C','3340700101243','2021-01-21 01:01:53'),('2021-01-20',345,4,0,2563,'C','3340700101243','2021-01-21 01:01:58'),('2021-01-20',347,4,0,2563,'C','3340700101243','2021-01-21 01:01:58'),('2021-01-21',345,4,0,2563,'C','3340700101243','2021-01-21 01:01:04'),('2021-01-21',347,4,0,2563,'C','3340700101243','2021-01-21 01:01:04'),('2021-01-04',339,6,0,2563,'C','3340700101243','2021-01-21 02:01:51'),('2021-01-04',340,6,0,2563,'C','3340700101243','2021-01-21 02:01:51'),('2021-01-05',339,6,0,2563,'C','3340700101243','2021-01-21 02:01:59'),('2021-01-05',340,6,0,2563,'C','3340700101243','2021-01-21 02:01:59'),('2021-01-06',339,6,0,2563,'C','3340700101243','2021-01-21 02:01:08'),('2021-01-06',340,6,0,2563,'C','3340700101243','2021-01-21 02:01:08'),('2021-01-07',339,6,0,2563,'C','3340700101243','2021-01-21 02:01:14'),('2021-01-07',340,6,0,2563,'C','3340700101243','2021-01-21 02:01:14'),('2021-01-08',339,6,0,2563,'C','3340700101243','2021-01-21 02:01:20'),('2021-01-08',340,6,0,2563,'C','3340700101243','2021-01-21 02:01:20'),('2021-01-11',339,6,0,2563,'C','3340700101243','2021-01-21 02:01:27'),('2021-01-11',340,6,0,2563,'C','3340700101243','2021-01-21 02:01:27'),('2021-01-12',339,6,0,2563,'C','3340700101243','2021-01-21 02:01:33'),('2021-01-12',340,6,0,2563,'C','3340700101243','2021-01-21 02:01:33'),('2021-01-13',339,6,0,2563,'C','3340700101243','2021-01-21 02:01:38'),('2021-01-13',340,6,0,2563,'C','3340700101243','2021-01-21 02:01:38'),('2021-01-14',339,6,0,2563,'C','3340700101243','2021-01-21 02:01:44'),('2021-01-14',340,6,0,2563,'C','3340700101243','2021-01-21 02:01:44'),('2021-01-15',339,6,0,2563,'C','3340700101243','2021-01-21 02:01:49'),('2021-01-15',340,6,0,2563,'C','3340700101243','2021-01-21 02:01:49'),('2021-01-18',339,6,0,2563,'C','3340700101243','2021-01-21 02:01:56'),('2021-01-18',340,6,0,2563,'C','3340700101243','2021-01-21 02:01:56'),('2021-01-19',339,6,0,2563,'C','3340700101243','2021-01-21 02:01:04'),('2021-01-19',340,6,0,2563,'C','3340700101243','2021-01-21 02:01:04'),('2021-01-20',339,6,0,2563,'C','3340700101243','2021-01-21 02:01:12'),('2021-01-20',340,6,0,2563,'C','3340700101243','2021-01-21 02:01:12'),('2021-01-21',339,6,0,2563,'C','3340700101243','2021-01-21 02:01:19'),('2021-01-21',340,6,0,2563,'C','3340700101243','2021-01-21 02:01:19'),('2021-01-04',333,7,0,2563,'C','3340700101243','2021-01-21 01:01:43'),('2021-01-04',334,7,0,2563,'C','3340700101243','2021-01-21 01:01:43'),('2021-01-04',335,7,0,2563,'C','3340700101243','2021-01-21 01:01:43'),('2021-01-04',344,7,0,2563,'C','3340700101243','2021-01-21 01:01:43'),('2021-01-05',333,7,0,2563,'C','3340700101243','2021-01-21 01:01:49'),('2021-01-05',334,7,0,2563,'C','3340700101243','2021-01-21 01:01:49'),('2021-01-05',335,7,0,2563,'C','3340700101243','2021-01-21 01:01:49'),('2021-01-05',344,7,0,2563,'C','3340700101243','2021-01-21 01:01:49'),('2021-01-06',333,7,0,2563,'C','3340700101243','2021-01-21 01:01:54'),('2021-01-06',334,7,0,2563,'C','3340700101243','2021-01-21 01:01:54'),('2021-01-06',335,7,0,2563,'C','3340700101243','2021-01-21 01:01:54'),('2021-01-06',344,7,0,2563,'C','3340700101243','2021-01-21 01:01:54'),('2021-01-07',333,7,0,2563,'C','3340700101243','2021-01-21 01:01:59'),('2021-01-07',334,7,0,2563,'C','3340700101243','2021-01-21 01:01:59'),('2021-01-07',335,7,0,2563,'C','3340700101243','2021-01-21 01:01:59'),('2021-01-07',344,7,0,2563,'C','3340700101243','2021-01-21 01:01:59'),('2021-01-08',333,7,0,2563,'C','3340700101243','2021-01-21 01:01:04'),('2021-01-08',334,7,0,2563,'C','3340700101243','2021-01-21 01:01:04'),('2021-01-08',335,7,0,2563,'C','3340700101243','2021-01-21 01:01:04'),('2021-01-08',344,7,0,2563,'C','3340700101243','2021-01-21 01:01:04'),('2021-01-11',333,7,0,2563,'C','3340700101243','2021-01-21 01:01:09'),('2021-01-11',334,7,0,2563,'C','3340700101243','2021-01-21 01:01:09'),('2021-01-11',335,7,0,2563,'C','3340700101243','2021-01-21 01:01:09'),('2021-01-11',344,7,0,2563,'C','3340700101243','2021-01-21 01:01:09'),('2021-01-12',333,7,0,2563,'C','3340700101243','2021-01-21 01:01:15'),('2021-01-12',334,7,0,2563,'C','3340700101243','2021-01-21 01:01:15'),('2021-01-12',335,7,0,2563,'C','3340700101243','2021-01-21 01:01:15'),('2021-01-12',344,7,0,2563,'C','3340700101243','2021-01-21 01:01:15'),('2021-01-13',333,7,0,2563,'C','3340700101243','2021-01-21 01:01:20'),('2021-01-13',334,7,0,2563,'C','3340700101243','2021-01-21 01:01:20'),('2021-01-13',335,7,0,2563,'C','3340700101243','2021-01-21 01:01:20'),('2021-01-13',344,7,0,2563,'C','3340700101243','2021-01-21 01:01:20'),('2021-01-14',333,7,0,2563,'C','3340700101243','2021-01-21 01:01:27'),('2021-01-14',334,7,0,2563,'C','3340700101243','2021-01-21 01:01:27'),('2021-01-14',335,7,0,2563,'C','3340700101243','2021-01-21 01:01:27'),('2021-01-14',344,7,0,2563,'C','3340700101243','2021-01-21 01:01:27'),('2021-01-15',333,7,0,2563,'C','3340700101243','2021-01-21 01:01:35'),('2021-01-15',334,7,0,2563,'C','3340700101243','2021-01-21 01:01:35'),('2021-01-15',335,7,0,2563,'C','3340700101243','2021-01-21 01:01:35'),('2021-01-15',344,7,0,2563,'C','3340700101243','2021-01-21 01:01:35'),('2021-01-18',333,7,0,2563,'C','3340700101243','2021-01-21 01:01:41'),('2021-01-18',334,7,0,2563,'C','3340700101243','2021-01-21 01:01:41'),('2021-01-18',335,7,0,2563,'C','3340700101243','2021-01-21 01:01:41'),('2021-01-18',344,7,0,2563,'C','3340700101243','2021-01-21 01:01:41'),('2021-01-19',333,7,0,2563,'C','3340700101243','2021-01-21 01:01:47'),('2021-01-19',334,7,0,2563,'C','3340700101243','2021-01-21 01:01:47'),('2021-01-19',335,7,0,2563,'C','3340700101243','2021-01-21 01:01:47'),('2021-01-19',344,7,0,2563,'C','3340700101243','2021-01-21 01:01:47'),('2021-01-20',333,7,0,2563,'C','3340700101243','2021-01-21 01:01:52'),('2021-01-20',334,7,0,2563,'C','3340700101243','2021-01-21 01:01:52'),('2021-01-20',335,7,0,2563,'C','3340700101243','2021-01-21 01:01:52'),('2021-01-20',344,7,0,2563,'C','3340700101243','2021-01-21 01:01:52'),('2021-01-21',333,7,0,2563,'C','3340700101243','2021-01-21 01:01:58'),('2021-01-21',334,7,0,2563,'C','3340700101243','2021-01-21 01:01:58'),('2021-01-21',335,7,0,2563,'C','3340700101243','2021-01-21 01:01:58'),('2021-01-21',344,7,0,2563,'C','3340700101243','2021-01-21 01:01:58'),('2021-01-04',346,8,0,2563,'C','3340700101243','2021-01-21 01:01:08'),('2021-01-04',329,8,0,2563,'C','3340700101243','2021-01-21 01:01:08'),('2021-01-05',346,8,0,2563,'C','3340700101243','2021-01-21 01:01:15'),('2021-01-05',329,8,0,2563,'C','3340700101243','2021-01-21 01:01:15'),('2021-01-06',346,8,0,2563,'C','3340700101243','2021-01-21 01:01:20'),('2021-01-06',329,8,0,2563,'C','3340700101243','2021-01-21 01:01:20'),('2021-01-07',346,8,0,2563,'C','3340700101243','2021-01-21 01:01:25'),('2021-01-07',329,8,0,2563,'C','3340700101243','2021-01-21 01:01:25'),('2021-01-08',346,8,0,2563,'C','3340700101243','2021-01-21 01:01:30'),('2021-01-08',329,8,0,2563,'C','3340700101243','2021-01-21 01:01:30'),('2021-01-11',346,8,0,2563,'C','3340700101243','2021-01-21 01:01:37'),('2021-01-11',329,8,0,2563,'C','3340700101243','2021-01-21 01:01:37'),('2021-01-12',346,8,0,2563,'C','3340700101243','2021-01-21 01:01:42'),('2021-01-12',329,8,0,2563,'C','3340700101243','2021-01-21 01:01:42'),('2021-01-13',346,8,0,2563,'C','3340700101243','2021-01-21 01:01:47'),('2021-01-13',329,8,0,2563,'C','3340700101243','2021-01-21 01:01:47'),('2021-01-14',346,8,0,2563,'C','3340700101243','2021-01-21 01:01:52'),('2021-01-14',329,8,0,2563,'C','3340700101243','2021-01-21 01:01:52'),('2021-01-15',346,8,0,2563,'C','3340700101243','2021-01-21 01:01:56'),('2021-01-15',329,8,0,2563,'C','3340700101243','2021-01-21 01:01:56'),('2021-01-18',346,8,0,2563,'C','3340700101243','2021-01-21 01:01:03'),('2021-01-18',329,8,0,2563,'C','3340700101243','2021-01-21 01:01:03'),('2021-01-19',346,8,0,2563,'C','3340700101243','2021-01-21 01:01:09'),('2021-01-19',329,8,0,2563,'C','3340700101243','2021-01-21 01:01:09'),('2021-01-20',346,8,0,2563,'C','3340700101243','2021-01-21 01:01:13'),('2021-01-20',329,8,0,2563,'C','3340700101243','2021-01-21 01:01:13'),('2021-01-21',346,8,0,2563,'C','3340700101243','2021-01-21 01:01:21'),('2021-01-21',329,8,0,2563,'C','3340700101243','2021-01-21 01:01:21'),('2021-01-04',322,9,0,2563,'C','3340700101243','2021-01-21 01:01:33'),('2021-01-04',323,9,0,2563,'C','3340700101243','2021-01-21 01:01:33'),('2021-01-04',332,9,0,2563,'C','3340700101243','2021-01-21 01:01:33'),('2021-01-04',324,9,0,2563,'C','3340700101243','2021-01-21 01:01:33'),('2021-01-05',322,9,0,2563,'C','3340700101243','2021-01-21 01:01:41'),('2021-01-05',323,9,0,2563,'C','3340700101243','2021-01-21 01:01:41'),('2021-01-05',332,9,0,2563,'C','3340700101243','2021-01-21 01:01:41'),('2021-01-05',324,9,0,2563,'C','3340700101243','2021-01-21 01:01:41'),('2021-01-06',322,9,0,2563,'C','3340700101243','2021-01-21 01:01:45'),('2021-01-06',323,9,0,2563,'C','3340700101243','2021-01-21 01:01:45'),('2021-01-06',332,9,0,2563,'C','3340700101243','2021-01-21 01:01:45'),('2021-01-06',324,9,0,2563,'C','3340700101243','2021-01-21 01:01:45'),('2021-01-07',322,9,0,2563,'C','3340700101243','2021-01-21 01:01:50'),('2021-01-07',323,9,0,2563,'C','3340700101243','2021-01-21 01:01:50'),('2021-01-07',332,9,0,2563,'C','3340700101243','2021-01-21 01:01:50'),('2021-01-07',324,9,0,2563,'C','3340700101243','2021-01-21 01:01:50'),('2021-01-08',322,9,0,2563,'C','3340700101243','2021-01-21 01:01:55'),('2021-01-08',323,9,0,2563,'C','3340700101243','2021-01-21 01:01:55'),('2021-01-08',332,9,0,2563,'C','3340700101243','2021-01-21 01:01:55'),('2021-01-08',324,9,0,2563,'C','3340700101243','2021-01-21 01:01:55'),('2021-01-11',322,9,0,2563,'C','3340700101243','2021-01-21 01:01:59'),('2021-01-11',323,9,0,2563,'C','3340700101243','2021-01-21 01:01:59'),('2021-01-11',332,9,0,2563,'C','3340700101243','2021-01-21 01:01:59'),('2021-01-11',324,9,0,2563,'C','3340700101243','2021-01-21 01:01:59'),('2021-01-12',322,9,0,2563,'C','3340700101243','2021-01-21 01:01:04'),('2021-01-12',323,9,0,2563,'C','3340700101243','2021-01-21 01:01:04'),('2021-01-12',332,9,0,2563,'C','3340700101243','2021-01-21 01:01:04'),('2021-01-12',324,9,0,2563,'C','3340700101243','2021-01-21 01:01:04'),('2021-01-13',322,9,0,2563,'C','3340700101243','2021-01-21 01:01:08'),('2021-01-13',323,9,0,2563,'C','3340700101243','2021-01-21 01:01:08'),('2021-01-13',332,9,0,2563,'C','3340700101243','2021-01-21 01:01:08'),('2021-01-13',324,9,0,2563,'C','3340700101243','2021-01-21 01:01:08'),('2021-01-14',322,9,0,2563,'C','3340700101243','2021-01-21 01:01:13'),('2021-01-14',323,9,0,2563,'C','3340700101243','2021-01-21 01:01:13'),('2021-01-14',332,9,0,2563,'C','3340700101243','2021-01-21 01:01:13'),('2021-01-14',324,9,0,2563,'C','3340700101243','2021-01-21 01:01:13'),('2021-01-15',322,9,0,2563,'C','3340700101243','2021-01-21 01:01:17'),('2021-01-15',323,9,0,2563,'C','3340700101243','2021-01-21 01:01:17'),('2021-01-15',332,9,0,2563,'C','3340700101243','2021-01-21 01:01:17'),('2021-01-15',324,9,0,2563,'C','3340700101243','2021-01-21 01:01:17'),('2021-01-18',322,9,0,2563,'C','3340700101243','2021-01-21 01:01:22'),('2021-01-18',323,9,0,2563,'C','3340700101243','2021-01-21 01:01:22'),('2021-01-18',332,9,0,2563,'C','3340700101243','2021-01-21 01:01:22'),('2021-01-18',324,9,0,2563,'C','3340700101243','2021-01-21 01:01:22'),('2021-01-19',322,9,0,2563,'C','3340700101243','2021-01-21 01:01:26'),('2021-01-19',323,9,0,2563,'C','3340700101243','2021-01-21 01:01:26'),('2021-01-19',332,9,0,2563,'C','3340700101243','2021-01-21 01:01:26'),('2021-01-19',324,9,0,2563,'C','3340700101243','2021-01-21 01:01:26'),('2021-01-20',332,9,0,2563,'C','3340700101243','2021-01-21 01:01:38'),('2021-01-20',323,9,0,2563,'C','3340700101243','2021-01-21 01:01:38'),('2021-01-20',322,9,0,2563,'C','3340700101243','2021-01-21 01:01:38'),('2021-01-20',324,9,0,2563,'C','3340700101243','2021-01-21 01:01:38'),('2021-01-21',322,9,0,2563,'C','3340700101243','2021-01-21 01:01:45'),('2021-01-21',323,9,0,2563,'C','3340700101243','2021-01-21 01:01:45'),('2021-01-21',332,9,0,2563,'C','3340700101243','2021-01-21 01:01:45'),('2021-01-21',324,9,0,2563,'C','3340700101243','2021-01-21 01:01:45'),('2021-01-04',356,6,0,2563,'C','3340700101243','2021-01-21 02:01:51'),('2021-01-05',356,6,0,2563,'C','3340700101243','2021-01-21 02:01:59'),('2021-01-06',356,6,0,2563,'C','3340700101243','2021-01-21 02:01:08'),('2021-01-07',356,6,0,2563,'C','3340700101243','2021-01-21 02:01:14'),('2021-01-08',356,6,0,2563,'C','3340700101243','2021-01-21 02:01:20'),('2021-01-11',356,6,0,2563,'C','3340700101243','2021-01-21 02:01:27'),('2021-01-12',356,6,0,2563,'C','3340700101243','2021-01-21 02:01:33'),('2021-01-13',356,6,0,2563,'C','3340700101243','2021-01-21 02:01:38'),('2021-01-14',356,6,0,2563,'C','3340700101243','2021-01-21 02:01:44'),('2021-01-15',356,6,0,2563,'C','3340700101243','2021-01-21 02:01:49'),('2021-01-18',356,6,0,2563,'C','3340700101243','2021-01-21 02:01:56'),('2021-01-19',356,6,0,2563,'C','3340700101243','2021-01-21 02:01:04'),('2021-01-20',356,6,0,2563,'C','3340700101243','2021-01-21 02:01:12'),('2021-01-21',356,6,0,2563,'C','3340700101243','2021-01-21 02:01:19');

--
-- Table structure for table `student_check_permission`
--

CREATE TABLE `student_check_permission` (
  `class_now` tinyint(4) NOT NULL,
  `room_now` tinyint(4) NOT NULL,
  `person_id` varchar(13) NOT NULL,
  `student_check_year` int(11) NOT NULL
) ENGINE=MyISAM DEFAULT CHARSET=utf8 COLLATE=utf8_general_ci;

--
-- Dumping data for table `student_check_permission`
--

INSERT INTO `student_check_permission` VALUES (3,1,'3340700101243',2557),(5,1,'3700200524788',2557),(6,1,'3700200524788',2557),(9,1,'3349900176733',2562),(7,1,'3340700101243',2562),(9,1,'3340700362161',2557),(3,1,'3349900224517',2557),(3,0,'3349900176733',2561),(3,1,'3349900176733',2561),(4,0,'3700200524788',2561),(5,1,'3700200524788',2561),(6,1,'3700200524788',2561),(8,1,'3340700101243',2562),(7,1,'3340700362161',2562),(9,0,'3349900176733',2561),(4,0,'3340700101243',2562),(2,0,'3349900176733',2562),(6,0,'3340700101243',2562),(5,0,'3340700101243',2562),(9,1,'3340700101243',2562),(3,0,'3349900176733',2562),(4,0,'3700200524788',2562),(5,0,'3700200524788',2562),(6,0,'3700200524788',2562),(7,0,'3340700362161',2562),(8,1,'3340700362161',2562),(8,0,'3340700362161',2562),(2,1,'3340700101243',2562),(9,0,'3349900176733',2562),(2,1,'3349900176733',2562),(9,0,'3340700101243',2562),(2,0,'3340700101243',2562),(3,0,'3340700101243',2562),(7,0,'3340700101243',2562),(8,0,'3340700101243',2562),(3,0,'3349900176733',2563),(3,0,'3340700101243',2563),(4,0,'3349900176733',2563),(4,0,'3340700101243',2563),(5,0,'3340700362161',2563),(5,0,'3340700101243',2563),(6,0,'3340700362161',2563),(6,0,'3340700101243',2563),(7,0,'3340700362161',2563),(7,0,'3340700101243',2563),(8,0,'3700200524788',2563),(8,0,'3340700101243',2563),(9,0,'3700200524788',2563),(9,0,'3340700101243',2563);

--
-- Table structure for table `student_check_year`
--

CREATE TABLE `student_check_year` (
  `id` int(11) NOT NULL AUTO_INCREMENT,
  `student_check_year` int(11) NOT NULL,
  `year_active` tinyint(1) NOT NULL,
  PRIMARY KEY (`id`),
  UNIQUE KEY `student_check_year` (`student_check_year`)
) ENGINE=MyISAM AUTO_INCREMENT=5 DEFAULT CHARSET=utf8 COLLATE=utf8_general_ci;

--
-- Dumping data for table `student_check_year`
--

INSERT INTO `student_check_year` VALUES (1,2557,0),(2,2561,0),(3,2562,0),(4,2563,1);

--
-- Table structure for table `student_main`
--

CREATE TABLE `student_main` (
  `id` int(11) NOT NULL AUTO_INCREMENT,
  `student_id` varchar(7) NOT NULL,
  `student_number` int(11) DEFAULT NULL,
  `prename` varchar(20) NOT NULL,
  `name` varchar(50) NOT NULL,
  `surname` varchar(50) NOT NULL,
  `person_id` varchar(20) DEFAULT NULL,
  `sex` tinyint(4) NOT NULL DEFAULT 0,
  `pic` varchar(150) DEFAULT NULL,
  `class_now` tinyint(4) DEFAULT NULL,
  `room` tinyint(4) NOT NULL DEFAULT 0,
  `status` tinyint(4) NOT NULL DEFAULT 0,
  `out_edyear` int(11) DEFAULT NULL,
  `officer` varchar(13) NOT NULL,
  `rec_date` date NOT NULL,
  PRIMARY KEY (`id`),
  UNIQUE KEY `student_number` (`student_id`),
  KEY `class_now` (`class_now`),
  KEY `room` (`room`)
) ENGINE=MyISAM AUTO_INCREMENT=70 DEFAULT CHARSET=utf8 COLLATE=utf8_general_ci;

--
-- Dumping data for table `student_main`
--

INSERT INTO `student_main` VALUES (1,'322',1,'เด็กชาย','ธนโชติ','ทุมมานาม','1349901572377',1,NULL,9,0,1,2564,'3340700101243','0000-00-00'),(2,'323',2,'เด็กชาย','ปิยะพล','ทองแสง','1348900205361',1,NULL,9,0,1,2564,'3340700101243','0000-00-00'),(3,'324',4,'เด็กหญิง','อักษราพร','บุตราศรี','1348900199078',2,NULL,9,0,1,2564,'3340700101243','0000-00-00'),(30,'329',1,'เด็กหญิง','อริสา','อินทะนา','1348900223157',2,'',8,0,1,2564,'3340700101243','2014-09-18'),(48,'352',2,'เด็กชาย','ณัฐพล','บุญเพ็ง','1348900368571',1,'',7,0,0,NULL,'3340700101243','2019-07-12'),(47,'350',1,'เด็กชาย','รัฐติภูมิ','พรมไชย','1209601892440',1,'',7,0,0,NULL,'3340700101243','2019-07-12'),(46,'331',2,'เด็กชาย','ธารใส','สมอาจ','1738700066500',1,'',9,0,1,2562,'3340700101243','2019-07-12'),(45,'332',3,'เด็กชาย','ราชัน','รุ่งเรือง','1348900194475',1,'',9,0,1,2564,'3340700101243','2019-07-12'),(44,'334',2,'เด็กชาย','ระพีพัฒน์','คงคะพันธ์','1789800519302',1,'',9,0,1,2565,'3340700101243','2019-07-12'),(14,'295',0,'เด็กหญิง','เพ็ญพิสุทธิ์','คงคะพันธ์','1209702207203',2,NULL,6,1,2,2557,'','0000-00-00'),(43,'335',3,'เด็กชาย','ธีระวงศ์','บุตราศรี','1348900232571',1,'',9,0,1,2565,'3340700101243','2019-07-12'),(42,'333',1,'เด็กชาย','พงษ์สิทธิ์','ทองแสง','1348900235520',1,'',9,0,1,2565,'3340700101243','2019-07-12'),(41,'339',1,'เด็กชาย','ราชา','รุ่งเรือง','1101801687240',1,'',9,0,1,2566,'3340700101243','2019-07-12'),(40,'341',1,'เด็กหญิง','วรรณพร','สาวันดี','1348900279675',2,'',9,0,0,NULL,'3340700101243','2019-07-12'),(39,'347',2,'เด็กหญิง','อัญชลี','แก้วกำไร','1341501565341',2,'',8,0,0,NULL,'3340700101243','2019-07-12'),(38,'345',1,'เด็กชาย','พีรพัฒน์','อุดมพันธ์','1341501558574',1,'',7,0,2,2566,'3340700101243','2019-07-12'),(24,'276',0,'เด็กชาย','ธนวัฒน์','ทองแสง','1348900041776',1,NULL,9,1,1,2561,'','0000-00-00'),(25,'277',0,'เด็กชาย','วายุ','วงค์หาเทพ','1348900050341',1,NULL,9,1,1,2561,'','0000-00-00'),(26,'278',0,'เด็กชาย','ธีระศักดิ์','โพธิ์ขาว','1348900052514',1,NULL,9,1,1,2561,'','0000-00-00'),(27,'302',0,'เด็กชาย','นรินทร์','พูนสิน','1348900031835',1,NULL,9,1,1,2561,'','0000-00-00'),(28,'320',0,'เด็กชาย','ธนดล','จดแตง','1209601352097',1,NULL,9,1,1,2561,'','0000-00-00'),(29,'280',0,'เด็กหญิง','เจนจิรา','พิโล','1348900029041',2,NULL,9,1,1,2561,'','0000-00-00'),(52,'355',2,'เด็กหญิง','วรัญญา','บุญโสภา','1348900290059',2,'',5,0,2,2565,'3340700101243','2019-07-12'),(33,'315',1,'เด็กชาย','พุฒิพงศ์','โถแก้ว','1348900167991',1,'',9,0,1,2562,'3340700101243','2014-09-18'),(51,'353',5,'เด็กหญิง','กมลทิพย์','คงคะพันธ์','1348900346615',2,'',7,0,0,NULL,'3340700101243','2019-07-12'),(35,'318',3,'เด็กหญิง','มนัญญา','คงคาพันธ์','1348900176167',2,'',9,0,1,2562,'3340700101243','2014-09-18'),(62,'364',1,'ด.ช','ภัครพงษ์','พรมไชย','1209602055878',1,'',5,0,0,NULL,'3340700101243','2022-07-26'),(50,'349',4,'เด็กชาย','อัครชัย','ทองแจ่ม','1349902037777',1,'',7,0,0,NULL,'3340700101243','2019-07-12'),(37,'237',0,'เด็กชาย','ธนากร','ลมลาศรี','1102003464279',1,'',9,0,1,2561,'3340700101243','2014-09-18'),(53,'340',2,'เด็กชาย','ภาคภูมิ','ทองแสง','1348900252459',1,'',9,0,1,2566,'3340700101243','2019-07-12'),(54,'344',4,'เด็กหญิง','ปลายฟ้า','จันที','1340701780440',2,'',9,0,1,2565,'3340700101243','2019-07-12'),(55,'346',1,'เด็กชาย','ชัชภูมิ','นามลิวัน','1720501203135',1,'',8,0,1,2564,'3340700101243','2019-07-12'),(57,'356',3,'เด็กหญิง','กิ่งดาว','ศรีพรม','1348900248851',2,'',9,0,1,2566,'3340700101243','2020-11-07'),(58,'358',2,'เด็กชาย','เอกพร','ทองแสง','1348900246147',1,'',5,0,0,NULL,'3349900176733','2022-04-06'),(59,'357',1,'เด็กชาย','พงศ์นรินทร์  ','สีหาบุตร','1348900408955',1,'',5,0,2,2567,'3349900176733','2022-04-06'),(60,'359',3,'เด้กหญิง','พรหมภัสสร','กิจดี','1139900834400',2,'',5,0,0,NULL,'3349900176733','2022-04-06'),(61,'360',4,'เด้กหญิง','พิชญธิดา','นาสินขัน','1348900412057',2,'',4,0,2,2567,'3349900176733','2022-04-06'),(63,'365',2,'ด.ญ','วชิรญาณ์','วิไล','1101501626881',2,'',4,0,0,NULL,'3340700101243','2022-07-26'),(64,'366',3,'ด.ญ','สุพิชญา','สีทอง','1348900429855',2,'',3,0,2,2567,'3340700101243','2022-07-26'),(65,'362',1,'ด.ช','ณัฐวัฒน์','ผาสิน','1700401472223',1,'',6,0,2,2567,'3340700101243','2022-07-26'),(66,'363',2,'ด.ช','ณัฐวุฒิ','ผาสิน','1700401472207',1,'',6,0,2,2567,'3340700101243','2022-07-26'),(67,'369',3,'ด.ช','อดิศักดิ์','มนทินอาสน์','1348900428441',1,'',5,1,0,NULL,'3340700101243','2023-09-19'),(68,'370',1,'ด.ญ','ภัทรศยา','บุญทัย','1329902118611',2,'',3,1,0,NULL,'3340700101243','2023-09-19'),(69,'373',1,'ด.ช','สรวิทย์','พรมไชย','1348900513759',1,'',2,0,0,NULL,'3340700101243','2024-09-20');

--
-- Table structure for table `student_main_class`
--

CREATE TABLE `student_main_class` (
  `id` int(11) NOT NULL AUTO_INCREMENT,
  `class_code` tinyint(4) NOT NULL,
  `class_name` varchar(150) NOT NULL,
  PRIMARY KEY (`id`),
  UNIQUE KEY `class_code` (`class_code`)
) ENGINE=MyISAM AUTO_INCREMENT=9 DEFAULT CHARSET=utf8 COLLATE=utf8_general_ci;

--
-- Dumping data for table `student_main_class`
--

INSERT INTO `student_main_class` VALUES (1,2,'อนุบาล2'),(2,3,'อนุุบาล3'),(3,4,'ประถมศึกษาปีที่1'),(4,5,'ประถมศึกษาปีที่2'),(5,6,'ประถมศึกษาปีที่3'),(6,7,'ประถมศึกษาปีที่4'),(7,8,'ประถมศึกษาปีที่5'),(8,9,'ประถมศึกษาปีที่6');

--
-- Table structure for table `student_main_classlog`
--

CREATE TABLE `student_main_classlog` (
  `id` int(11) NOT NULL AUTO_INCREMENT,
  `ed_year` int(11) NOT NULL,
  `student_id` varchar(7) NOT NULL,
  `student_number` int(11) DEFAULT NULL,
  `class_code` tinyint(4) NOT NULL,
  `room` tinyint(4) DEFAULT 0,
  `officer` varchar(13) NOT NULL,
  `rec_date` date NOT NULL,
  PRIMARY KEY (`id`)
) ENGINE=MyISAM AUTO_INCREMENT=161 DEFAULT CHARSET=utf8 COLLATE=utf8_general_ci;

--
-- Dumping data for table `student_main_classlog`
--

INSERT INTO `student_main_classlog` VALUES (1,2561,'237',0,9,0,'3401000101658','2019-07-11'),(2,2561,'276',0,9,1,'3401000101658','2019-07-11'),(3,2561,'277',0,9,1,'3401000101658','2019-07-11'),(4,2561,'278',0,9,1,'3401000101658','2019-07-11'),(5,2561,'280',0,9,1,'3401000101658','2019-07-11'),(6,2561,'302',0,9,1,'3401000101658','2019-07-11'),(7,2561,'320',0,9,1,'3401000101658','2019-07-11'),(8,2561,'329',1,2,0,'3401000101658','2019-07-11'),(9,2561,'330',2,2,0,'3401000101658','2019-07-11'),(10,2561,'328',0,3,0,'3401000101658','2019-07-11'),(11,2561,'322',0,3,1,'3401000101658','2019-07-11'),(12,2561,'323',0,3,1,'3401000101658','2019-07-11'),(13,2561,'324',0,3,1,'3401000101658','2019-07-11'),(14,2561,'315',1,4,0,'3401000101658','2019-07-11'),(15,2561,'316',2,4,0,'3401000101658','2019-07-11'),(16,2561,'318',3,4,0,'3401000101658','2019-07-11'),(17,2561,'319',4,4,0,'3401000101658','2019-07-11'),(18,2561,'304',0,5,1,'3401000101658','2019-07-11'),(19,2561,'305',0,5,1,'3401000101658','2019-07-11'),(20,2561,'288',0,6,1,'3401000101658','2019-07-11'),(21,2561,'289',0,6,1,'3401000101658','2019-07-11'),(22,2561,'290',0,6,1,'3401000101658','2019-07-11'),(23,2561,'291',0,6,1,'3401000101658','2019-07-11'),(24,2561,'292',0,6,1,'3401000101658','2019-07-11'),(25,2561,'293',0,6,1,'3401000101658','2019-07-11'),(26,2561,'294',0,6,1,'3401000101658','2019-07-11'),(27,2561,'296',0,6,1,'3401000101658','2019-07-11'),(28,2561,'306',0,6,1,'3401000101658','2019-07-11'),(29,2561,'297',0,7,1,'3401000101658','2019-07-11'),(30,2561,'298',0,7,1,'3401000101658','2019-07-11'),(31,2561,'312',0,7,1,'3401000101658','2019-07-11'),(32,2561,'314',0,7,1,'3401000101658','2019-07-11'),(33,2561,'284',0,8,1,'3401000101658','2019-07-11'),(34,2561,'285',0,8,1,'3401000101658','2019-07-11'),(35,2561,'286',0,8,1,'3401000101658','2019-07-11'),(36,2562,'350',1,2,0,'3340700101243','2020-03-13'),(37,2562,'329',1,7,0,'3340700101243','2020-03-13'),(38,2562,'322',1,8,0,'3340700101243','2020-03-13'),(39,2562,'323',2,8,0,'3340700101243','2020-03-13'),(40,2562,'324',4,8,0,'3340700101243','2020-03-13'),(41,2562,'315',1,9,0,'3340700101243','2020-03-13'),(42,2562,'318',3,9,0,'3340700101243','2020-03-13'),(43,2562,'352',2,2,0,'3340700101243','2020-07-13'),(44,2562,'351',3,2,0,'3340700101243','2020-07-13'),(45,2562,'349',4,2,0,'3340700101243','2020-07-13'),(46,2562,'353',5,2,0,'3340700101243','2020-07-13'),(47,2562,'345',1,3,0,'3340700101243','2020-07-13'),(48,2562,'347',2,3,0,'3340700101243','2020-07-13'),(49,2562,'341',1,4,0,'3340700101243','2020-07-13'),(50,2562,'355',2,4,0,'3340700101243','2020-07-13'),(51,2562,'339',1,5,0,'3340700101243','2020-07-13'),(52,2562,'340',2,5,0,'3340700101243','2020-07-13'),(53,2562,'333',1,6,0,'3340700101243','2020-07-13'),(54,2562,'334',2,6,0,'3340700101243','2020-07-13'),(55,2562,'335',3,6,0,'3340700101243','2020-07-13'),(56,2562,'344',4,6,0,'3340700101243','2020-07-13'),(57,2562,'346',1,7,0,'3340700101243','2020-07-13'),(58,2562,'332',3,8,0,'3340700101243','2020-07-13'),(59,2562,'331',2,9,0,'3340700101243','2020-07-13'),(60,2563,'345',1,4,0,'3340700101243','2020-11-07'),(61,2563,'356',3,6,0,'3340700101243','2021-01-21'),(62,2563,'350',1,3,0,'3340700101243','2020-11-07'),(63,2563,'352',2,3,0,'3340700101243','2020-11-07'),(64,2563,'351',3,3,0,'3340700101243','2020-11-07'),(65,2563,'349',4,3,0,'3340700101243','2020-11-07'),(66,2563,'353',5,3,0,'3340700101243','2020-11-07'),(67,2563,'347',2,4,0,'3340700101243','2020-11-07'),(68,2563,'341',1,5,0,'3340700101243','2020-11-07'),(69,2563,'355',2,5,0,'3340700101243','2020-11-07'),(70,2563,'339',1,6,0,'3340700101243','2020-11-07'),(71,2563,'340',2,6,0,'3340700101243','2020-11-07'),(72,2563,'333',1,7,0,'3340700101243','2020-11-07'),(73,2563,'334',2,7,0,'3340700101243','2020-11-07'),(74,2563,'335',3,7,0,'3340700101243','2020-11-07'),(75,2563,'344',4,7,0,'3340700101243','2020-11-07'),(76,2563,'329',1,8,0,'3340700101243','2020-11-07'),(77,2563,'346',1,8,0,'3340700101243','2020-11-07'),(78,2563,'322',1,9,0,'3340700101243','2020-11-07'),(79,2563,'323',2,9,0,'3340700101243','2020-11-07'),(80,2563,'332',3,9,0,'3340700101243','2020-11-07'),(81,2563,'324',4,9,0,'3340700101243','2020-11-07'),(82,2563,'358',2,2,0,'3349900176733','2022-04-06'),(83,2563,'357',1,2,0,'3349900176733','2022-04-06'),(84,2563,'359',3,2,0,'3349900176733','2022-04-06'),(85,2563,'360',4,2,0,'3349900176733','2022-04-06'),(86,2564,'329',1,8,0,'3340700101243','2022-07-26'),(87,2564,'346',1,8,0,'3340700101243','2022-07-26'),(88,2564,'322',1,9,0,'3340700101243','2022-07-26'),(89,2564,'323',2,9,0,'3340700101243','2022-07-26'),(90,2564,'332',3,9,0,'3340700101243','2022-07-26'),(91,2564,'324',4,9,0,'3340700101243','2022-07-26'),(92,2565,'355',2,5,0,'3340700101243','2022-07-26'),(93,2564,'357',1,2,0,'3340700101243','2022-07-26'),(94,2564,'358',2,2,0,'3340700101243','2022-07-26'),(95,2564,'359',3,2,0,'3340700101243','2022-07-26'),(96,2564,'360',4,2,0,'3340700101243','2022-07-26'),(97,2564,'350',1,3,0,'3340700101243','2022-07-26'),(98,2564,'352',2,3,0,'3340700101243','2022-07-26'),(99,2564,'351',3,3,0,'3340700101243','2022-07-26'),(100,2564,'349',4,3,0,'3340700101243','2022-07-26'),(101,2564,'353',5,3,0,'3340700101243','2022-07-26'),(102,2564,'345',1,4,0,'3340700101243','2022-07-26'),(103,2564,'347',2,4,0,'3340700101243','2022-07-26'),(104,2564,'341',1,5,0,'3340700101243','2022-07-26'),(105,2564,'339',1,6,0,'3340700101243','2022-07-26'),(106,2564,'340',2,6,0,'3340700101243','2022-07-26'),(107,2564,'356',3,6,0,'3340700101243','2022-07-26'),(108,2564,'333',1,7,0,'3340700101243','2022-07-26'),(109,2564,'334',2,7,0,'3340700101243','2022-07-26'),(110,2564,'335',3,7,0,'3340700101243','2022-07-26'),(111,2564,'344',4,7,0,'3340700101243','2022-07-26'),(112,2565,'364',1,2,0,'3340700101243','2022-07-26'),(113,2565,'365',2,2,0,'3340700101243','2022-07-26'),(114,2565,'366',3,2,0,'3340700101243','2022-07-26'),(115,2565,'362',1,4,0,'3340700101243','2022-07-26'),(116,2565,'363',2,4,0,'3340700101243','2022-07-26'),(117,2565,'345',1,6,0,'3340700101243','2022-09-26'),(118,2565,'333',1,9,0,'3349900176733','2023-09-19'),(119,2565,'334',2,9,0,'3349900176733','2023-09-19'),(120,2565,'335',3,9,0,'3349900176733','2023-09-19'),(121,2565,'344',4,9,0,'3349900176733','2023-09-19'),(122,2566,'369',3,4,1,'3340700101243','2023-09-19'),(123,2565,'357',1,3,0,'3349900176733','2023-09-19'),(124,2565,'358',2,3,0,'3349900176733','2023-09-19'),(125,2565,'359',3,3,0,'3349900176733','2023-09-19'),(126,2565,'350',1,5,0,'3349900176733','2023-09-19'),(127,2565,'352',2,5,0,'3349900176733','2023-09-19'),(128,2565,'349',4,5,0,'3349900176733','2023-09-19'),(129,2565,'353',5,5,0,'3349900176733','2023-09-19'),(130,2565,'347',2,6,0,'3349900176733','2023-09-19'),(131,2565,'341',1,7,0,'3349900176733','2023-09-19'),(132,2565,'339',1,8,0,'3349900176733','2023-09-19'),(133,2565,'340',2,8,0,'3349900176733','2023-09-19'),(134,2565,'356',3,8,0,'3349900176733','2023-09-19'),(135,2566,'370',1,2,1,'3340700101243','2023-09-19'),(136,2566,'345',1,7,0,'3349900176733','2023-09-19'),(137,2566,'339',1,9,0,'3340700101243','2024-09-20'),(138,2566,'340',2,9,0,'3340700101243','2024-09-20'),(139,2566,'356',3,9,0,'3340700101243','2024-09-20'),(140,2566,'364',1,3,0,'3340700101243','2024-09-20'),(141,2566,'366',3,2,0,'3340700101243','2024-09-20'),(142,2566,'365',2,3,0,'3340700101243','2024-09-20'),(143,2566,'360',4,3,0,'3340700101243','2024-09-20'),(144,2566,'357',1,4,0,'3340700101243','2024-09-20'),(145,2566,'358',2,4,0,'3340700101243','2024-09-20'),(146,2566,'359',3,4,0,'3340700101243','2024-09-20'),(147,2566,'362',1,5,0,'3340700101243','2024-09-20'),(148,2566,'363',2,5,0,'3340700101243','2024-09-20'),(149,2566,'350',1,6,0,'3340700101243','2024-09-20'),(150,2566,'352',2,6,0,'3340700101243','2024-09-20'),(151,2566,'349',4,6,0,'3340700101243','2024-09-20'),(152,2566,'353',5,6,0,'3340700101243','2024-09-20'),(153,2566,'347',2,7,0,'3340700101243','2024-09-20'),(154,2566,'341',1,8,0,'3340700101243','2024-09-20'),(155,2567,'366',3,3,0,'3340700101243','2024-09-20'),(156,2567,'362',1,6,0,'3340700101243','2024-09-20'),(157,2567,'363',2,6,0,'3340700101243','2024-09-20'),(158,2567,'357',1,5,0,'3340700101243','2024-09-20'),(159,2567,'373',1,2,0,'3340700101243','2024-09-20'),(160,2567,'360',4,4,0,'3340700101243','2024-09-20');

--
-- Table structure for table `student_main_edyear`
--

CREATE TABLE `student_main_edyear` (
  `id` int(11) NOT NULL AUTO_INCREMENT,
  `ed_year` int(11) NOT NULL,
  `year_active` tinyint(4) NOT NULL,
  PRIMARY KEY (`id`),
  UNIQUE KEY `ed_year` (`ed_year`)
) ENGINE=MyISAM AUTO_INCREMENT=8 DEFAULT CHARSET=utf8 COLLATE=utf8_general_ci;

--
-- Dumping data for table `student_main_edyear`
--

INSERT INTO `student_main_edyear` VALUES (1,2557,0),(2,2561,0),(3,2562,0),(4,2563,0),(5,2565,0),(6,2566,0),(7,2567,1);

--
-- Table structure for table `student_main_expand1`
--

CREATE TABLE `student_main_expand1` (
  `id` int(11) NOT NULL AUTO_INCREMENT,
  `person_id` varchar(13) NOT NULL,
  `e_name` varchar(50) NOT NULL,
  `e_surname` varchar(50) NOT NULL,
  `birthday` date NOT NULL,
  `blood` varchar(2) NOT NULL,
  `race` varchar(30) NOT NULL,
  `nationlity` varchar(30) NOT NULL,
  `religion` varchar(30) NOT NULL,
  `rec_date` date NOT NULL,
  PRIMARY KEY (`id`),
  UNIQUE KEY `person_id` (`person_id`)
) ENGINE=MyISAM AUTO_INCREMENT=32 DEFAULT CHARSET=utf8 COLLATE=utf8_general_ci;

--
-- Dumping data for table `student_main_expand1`
--

INSERT INTO `student_main_expand1` VALUES (1,'1209601892440','Rattipoom','Promchai','2014-11-09','','ไทย','ไทย','พุทธ','2022-07-26'),(2,'1349902037777','Akkarachai','Thongjam','2015-03-28','','ไทย','ไทย','พุทธ','2022-07-26'),(3,'1348900356416','Anawin','Sronsiri','2014-11-02','','','','','2020-11-07'),(4,'1348900368571','Nattapol','Boonpeang','2015-04-27','','ไทย','ไทย','พุทธ','2022-07-26'),(5,'1348900346615','Kamontip','Kongkapan','2014-07-15','','ไทย','ไทย','พุทธ','2022-07-26'),(6,'1341501558574','Peerapat','Udompan','2013-09-11','','ไทย','ไทย','พุทธ','2022-09-26'),(7,'1341501565341','Unchalee','Keawkamrai','2014-03-17','','ไทย','ไทย','พุทธ','2022-07-26'),(8,'1348900279675','Wannaporn','sawandee','2012-04-08','','ไทย','ไทย','พุทธ','2022-07-26'),(9,'1348900290059','Warunya','bonsopa','2012-08-18','','','','','2020-11-07'),(10,'1101801687240','RACHA','RUNGRUEWG','2011-07-01','','ไทย','ไทย','พุทธ','2022-07-26'),(11,'1348900252459','Pakpoom','Tongsang','2011-06-03','','ไทย','ไทย','พุทธ','2022-07-26'),(12,'1348900235520','pongsit','tongssang','2010-08-27','O','ไทย','ไทย','พุทธ','2022-07-26'),(13,'1348900232571','teeravong','butrasee','2010-06-26','O','ไทย','ไทย','พุทธ','2022-07-26'),(14,'1340701780440','praifa','jantee','2010-11-08','O','ไทย','ไทย','พุทธ','2022-07-26'),(15,'1720501203135','Chatchapoom','Namliwan','2009-12-11','','','','','2020-11-07'),(16,'1348900223157','arisa','aintana','2009-09-15','','','','','2020-11-07'),(17,'1349901572377','Tanachot','Thummanam','2008-08-04','','','','','2020-11-07'),(18,'1348900205361','Piyapol','Thongsaeng','2008-10-23','','','','','2020-11-07'),(19,'1348900194475','RACHAN','RUNGRUEWG','2008-06-15','','','','','2020-11-07'),(20,'1348900199078','Aksaraporn','Budrasri','2008-08-13','','','','','2020-11-07'),(21,'1348900248851','kingdao ','sriprom','2012-04-19','','ไทย','ไทย','ไทย','2020-11-07'),(22,'1209602055878','','','2018-04-20','','ไทย','ไทย','พุทธ','2022-07-26'),(23,'1101501626881','','','2018-04-27','','ไทย','ไทย','พุทธ','2022-07-26'),(24,'1348900429855','','','2017-05-30','','ไทย','ไทย','พุทธ','2022-07-26'),(25,'1348900408955','','','2016-09-14','','ไทย','ไทย','พุทธ','2022-07-26'),(26,'1348900246147','','','2017-04-16','','ไทย','ไทย','พุทธ','2022-07-26'),(27,'1139900834400','','','2016-06-16','','ไทย','ไทย','พุทธ','2022-07-26'),(28,'1348900412057','','','2016-10-21','','ไทย','ไทย','พุทธ','2022-07-26'),(29,'1700401472223','','','2016-04-09','','ไทย','ไทย','พุทธ','2022-07-26'),(30,'1700401472207','','','2016-04-09','','ไทย','ไทย','พุทธ','2022-07-26'),(31,'1789800519302','','','0000-00-00','','ไทย','ไทย','พุทธ','2022-07-26');

--
-- Table structure for table `student_main_permission`
--

CREATE TABLE `student_main_permission` (
  `id` int(11) NOT NULL AUTO_INCREMENT,
  `person_id` varchar(13) NOT NULL,
  `p1` tinyint(4) NOT NULL,
  `officer` varchar(13) NOT NULL,
  `rec_date` date NOT NULL,
  PRIMARY KEY (`id`)
) ENGINE=MyISAM AUTO_INCREMENT=6 DEFAULT CHARSET=utf8 COLLATE=utf8_general_ci;

--
-- Dumping data for table `student_main_permission`
--

INSERT INTO `student_main_permission` VALUES (1,'3340700362161',1,'3349900224517','2014-09-15'),(2,'3340700101243',1,'3349900224517','2014-09-15'),(3,'3349900176733',1,'3340700101243','2018-11-15'),(5,'3700200524788',1,'3401000101658','2019-07-12');

--
-- Table structure for table `system_ed_year`
--

CREATE TABLE `system_ed_year` (
  `id` int(11) NOT NULL AUTO_INCREMENT,
  `ed_year` int(11) NOT NULL,
  `active_ed_year` tinyint(4) NOT NULL,
  PRIMARY KEY (`id`),
  UNIQUE KEY `ed_year` (`ed_year`)
) ENGINE=MyISAM DEFAULT CHARSET=utf8 COLLATE=utf8_general_ci;

--
-- Dumping data for table `system_ed_year`
--


--
-- Table structure for table `system_export_list`
--

CREATE TABLE `system_export_list` (
  `id` int(11) NOT NULL AUTO_INCREMENT,
  `data_name` varchar(50) NOT NULL,
  `thai_dataname` varchar(100) NOT NULL,
  PRIMARY KEY (`id`),
  UNIQUE KEY `data_name` (`data_name`)
) ENGINE=MyISAM AUTO_INCREMENT=7 DEFAULT CHARSET=utf8 COLLATE=utf8_general_ci;

--
-- Dumping data for table `system_export_list`
--

INSERT INTO `system_export_list` VALUES (1,'person','ข้อมูลครูและบุคลากร'),(2,'student','ข้อมูลพื้นฐานนักเรียน'),(3,'onet','ผลสอบ O-NET'),(4,'plan','แผนปฏิบัติการประจำปี'),(5,'student_check','การมาเรียน'),(6,'health','สุขภาพผู้เรียน');

--
-- Table structure for table `system_export_log`
--

CREATE TABLE `system_export_log` (
  `id` int(11) NOT NULL AUTO_INCREMENT,
  `computer_ip` varchar(25) NOT NULL,
  `requester` varchar(50) NOT NULL,
  `login_time` datetime NOT NULL,
  `data` varchar(20) NOT NULL,
  PRIMARY KEY (`id`)
) ENGINE=MyISAM AUTO_INCREMENT=143 DEFAULT CHARSET=utf8 COLLATE=utf8_general_ci;

--
-- Dumping data for table `system_export_log`
--

INSERT INTO `system_export_log` VALUES (1,'61.19.124.234','amssplus','2018-09-28 16:32:16','person'),(2,'61.19.124.234','amssplus','2019-07-11 03:18:25','student_check'),(3,'61.19.124.234','amssplus','2019-09-18 13:33:59','student_check'),(4,'61.19.124.234','amssplus','2019-09-18 13:35:02','student_check'),(5,'61.19.124.234','amssplus','2019-09-18 13:35:36','student_check'),(6,'61.19.124.234','amssplus','2019-09-18 13:36:13','student_check'),(7,'61.19.124.234','amssplus','2019-09-18 13:36:16','student_check'),(8,'61.19.124.234','amssplus','2019-09-18 13:52:37','student_check'),(9,'61.19.124.234','amssplus','2019-10-08 15:39:04','student_check'),(10,'122.155.223.9','amssplus','2020-02-06 10:32:08','student_check'),(11,'122.155.223.9','amssplus','2020-02-06 10:32:25','health'),(12,'122.155.223.9','amssplus','2020-02-06 10:32:36','plan'),(13,'122.155.223.9','amssplus','2020-02-06 10:33:11','student_check'),(14,'122.155.223.9','amssplus','2020-03-30 15:04:03','student_check'),(15,'122.155.223.9','amssplus','2020-07-19 12:49:20','student_check'),(16,'122.155.223.9','amssplus','2020-08-05 10:31:43','student'),(17,'122.155.223.9','amssplus','2020-08-09 22:00:21','student'),(18,'122.155.223.9','amssplus','2020-11-07 11:46:19','student'),(19,'192.168.1.6','amssplus','2021-05-29 11:02:55','student'),(20,'192.168.1.6','amssplus','2021-05-29 11:03:55','student'),(21,'192.168.1.6','amssplus','2021-05-29 11:54:30','student'),(22,'192.168.1.6','amssplus','2021-05-29 11:57:28','student'),(23,'192.168.1.6','amssplus','2021-05-29 11:58:28','student'),(24,'192.168.1.6','amssplus','2021-05-29 12:13:02','student'),(25,'192.168.1.6','amssplus','2021-05-29 12:22:13','student'),(26,'192.168.1.6','amssplus','2021-05-29 12:23:59','student'),(27,'192.168.1.6','amssplus','2021-05-29 12:44:07','student'),(28,'192.168.1.6','amssplus','2021-05-29 12:50:53','student'),(29,'192.168.1.6','amssplus','2021-05-29 12:57:28','student'),(30,'192.168.1.6','amssplus','2021-05-29 12:58:33','student'),(31,'192.168.1.6','amssplus','2021-05-29 14:27:47','student'),(32,'192.168.1.6','amssplus','2021-05-29 14:28:20','student'),(33,'192.168.1.6','amssplus','2021-05-29 14:28:48','student'),(34,'192.168.1.6','amssplus','2021-05-29 14:29:27','student'),(35,'192.168.1.6','amssplus','2021-05-29 14:31:59','student'),(36,'10.1.1.3','amssplus','2021-10-06 10:32:16','student'),(37,'10.1.1.3','amssplus','2022-04-06 08:46:30','student'),(38,'10.1.1.3','amssplus','2022-09-07 14:40:46','student'),(39,'10.1.1.3','amssplus','2022-10-10 08:54:03','student'),(40,'','amssplus','2023-01-02 14:23:42','student_check'),(41,'','amssplus','2023-01-02 17:52:55','student_check'),(42,'','amssplus','2023-01-02 17:54:30','student_check'),(43,'','amssplus','2023-01-02 17:55:04','student_check'),(44,'10.1.1.3','amssplus','2023-01-22 00:24:30','student'),(45,'127.0.0.1','amssplus','2023-02-16 09:21:32','student_check'),(46,'127.0.0.1','amssplus','2023-02-16 09:22:10','student_check'),(47,'127.0.0.1','amssplus','2023-02-16 09:33:04','student_check'),(48,'10.1.1.3','amssplus','2023-04-05 09:48:24','student_check'),(49,'10.1.1.3','amssplus','2023-04-05 22:38:14','student_check'),(50,'10.1.1.3','amssplus','2023-04-06 10:24:16','student_check'),(51,'10.1.1.3','amssplus','2023-04-06 10:25:07','student_check'),(52,'10.1.1.3','amssplus','2023-04-06 10:47:28','student_check'),(53,'10.1.1.3','amssplus','2023-04-06 13:13:42','student_check'),(54,'10.1.1.3','amssplus','2023-06-15 10:20:26','student_check'),(55,'10.1.1.3','amssplus','2023-06-15 10:59:13','student'),(56,'10.1.1.3','amssplus','2023-06-16 15:19:34','student'),(57,'10.1.1.3','amssplus','2023-07-04 11:26:11','student'),(58,'127.0.0.1','amssplus','2023-07-09 13:19:03','student_check'),(59,'127.0.0.1','amssplus','2023-07-09 13:19:48','student_check'),(60,'127.0.0.1','amssplus','2023-07-09 13:20:15','student_check'),(61,'127.0.0.1','amssplus','2023-07-09 13:20:47','student_check'),(62,'127.0.0.1','amssplus','2023-07-09 13:21:45','student_check'),(63,'127.0.0.1','amssplus','2023-07-09 13:28:00','student_check'),(64,'127.0.0.1','amssplus','2023-07-09 13:29:14','student_check'),(65,'127.0.0.1','amssplus','2023-07-09 13:31:16','student_check'),(66,'127.0.0.1','amssplus','2023-07-09 13:36:13','student_check'),(67,'127.0.0.1','amssplus','2023-07-09 13:37:42','student_check'),(68,'127.0.0.1','amssplus','2023-07-09 13:39:13','student_check'),(69,'127.0.0.1','amssplus','2023-07-09 13:41:20','student_check'),(70,'127.0.0.1','amssplus','2023-07-09 13:42:41','student_check'),(71,'127.0.0.1','amssplus','2023-07-09 13:43:40','student_check'),(72,'127.0.0.1','amssplus','2023-07-09 13:47:35','student_check'),(73,'127.0.0.1','amssplus','2023-07-09 13:59:32','student_check'),(74,'127.0.0.1','amssplus','2023-07-09 14:08:16','student_check'),(75,'127.0.0.1','amssplus','2023-07-09 14:17:28','student_check'),(76,'127.0.0.1','amssplus','2023-07-11 07:58:02','student_check'),(77,'127.0.0.1','amssplus','2023-07-11 08:13:02','student_check'),(78,'127.0.0.1','amssplus','2023-07-11 08:13:52','student_check'),(79,'127.0.0.1','amssplus','2023-07-11 08:14:43','student_check'),(80,'127.0.0.1','amssplus','2023-07-11 08:14:46','student_check'),(81,'127.0.0.1','amssplus','2023-07-26 13:59:26','student_check'),(82,'127.0.0.1','amssplus','2023-07-26 14:01:03','student_check'),(83,'127.0.0.1','amssplus','2023-07-26 14:02:38','student_check'),(84,'127.0.0.1','amssplus','2023-07-26 14:53:19','student_check'),(85,'127.0.0.1','amssplus','2023-07-26 14:59:02','student_check'),(86,'127.0.0.1','amssplus','2023-07-26 15:09:40','student_check'),(87,'127.0.0.1','amssplus','2023-07-26 15:11:31','student_check'),(88,'127.0.0.1','amssplus','2023-07-26 15:12:30','student_check'),(89,'127.0.0.1','amssplus','2023-07-26 15:19:06','student_check'),(90,'127.0.0.1','amssplus','2023-07-26 15:23:02','student_check'),(91,'127.0.0.1','amssplus','2023-07-26 15:27:53','student_check'),(92,'127.0.0.1','amssplus','2023-07-26 15:31:34','student_check'),(93,'127.0.0.1','amssplus','2023-07-26 15:32:41','student_check'),(94,'127.0.0.1','amssplus','2023-07-26 15:33:37','student_check'),(95,'127.0.0.1','amssplus','2023-07-26 15:46:13','student_check'),(96,'127.0.0.1','amssplus','2023-07-26 15:49:28','student_check'),(97,'127.0.0.1','amssplus','2023-07-26 15:51:25','student_check'),(98,'127.0.0.1','amssplus','2023-07-26 15:53:12','student_check'),(99,'127.0.0.1','amssplus','2023-07-26 15:57:43','student_check'),(100,'127.0.0.1','amssplus','2023-07-26 17:14:23','student_check'),(101,'127.0.0.1','amssplus','2023-07-26 17:20:11','student_check'),(102,'127.0.0.1','amssplus','2023-07-26 17:27:04','student_check'),(103,'127.0.0.1','amssplus','2023-07-26 17:28:38','student_check'),(104,'127.0.0.1','amssplus','2023-07-26 17:42:41','student_check'),(105,'10.1.1.3','amssplus','2023-08-24 09:05:33','student_check'),(106,'10.1.1.3','amssplus','2023-08-31 09:02:52','student_check'),(107,'10.1.1.3','amssplus','2023-08-31 09:03:19','student_check'),(108,'10.1.1.3','amssplus','2023-08-31 09:03:39','student_check'),(109,'10.1.1.3','amssplus','2023-09-15 20:10:53','student'),(110,'10.1.1.3','amssplus','2023-09-19 13:44:39','student'),(111,'','amssplus','2023-10-25 14:28:43','student_check'),(112,'','amssplus','2023-10-25 14:28:46','student_check'),(113,'','amssplus','2023-10-25 14:28:48','student_check'),(114,'10.255.199.107','amssplus','2023-11-29 08:55:48','student_check'),(115,'10.255.199.107','amssplus','2023-12-15 12:15:50','student_check'),(116,'10.255.199.107','amssplus','2024-01-25 03:50:23','student_check'),(117,'10.255.199.107','amssplus','2024-06-10 11:59:49','student'),(118,'10.255.199.107','amssplus','2024-06-10 12:33:48','student'),(119,'10.255.199.107','amssplus','2024-06-14 10:46:05','student'),(120,'10.255.199.107','amssplus','2024-06-14 10:52:07','student'),(121,'10.255.199.107','amssplus','2024-06-17 04:37:32','person'),(122,'10.255.199.107','amssplus','2024-06-17 04:39:47','person'),(123,'10.255.199.107','amssplus','2024-06-20 04:51:35','student_check'),(124,'10.255.199.107','amssplus','2024-08-08 03:18:57','person'),(125,'10.255.199.107','amssplus','2024-09-23 04:05:06','student'),(126,'10.255.199.107','amssplus','2024-09-26 02:37:21','student'),(127,'10.255.199.107','amssplus','2025-03-11 07:57:44','student_check'),(128,'10.255.199.107','amssplus','2025-03-11 07:58:04','student_check'),(129,'10.255.199.107','amssplus','2025-03-28 01:48:40','student_check'),(130,'10.255.199.107','amssplus','2025-05-29 08:07:45','person'),(131,'10.255.199.107','amssplus','2025-05-29 08:14:00','person'),(132,'10.255.199.107','amssplus','2025-06-08 04:21:20','student'),(133,'10.255.199.107','amssplus','2025-06-08 04:23:09','student'),(134,'10.255.199.107','amssplus','2025-07-30 08:33:29','student_check'),(135,'10.255.199.107','amssplus','2025-08-01 22:22:46','student_check'),(136,'10.255.199.107','amssplus','2025-08-01 22:22:50','student_check'),(137,'10.255.199.107','amssplus','2025-08-14 04:06:12','person'),(138,'10.255.199.107','amssplus','2025-08-14 04:06:48','person'),(139,'10.255.199.107','amssplus','2025-08-14 04:25:29','student'),(140,'10.255.199.107','amssplus','2025-08-29 02:40:18','student_check'),(141,'10.255.199.107','amssplus','2025-09-13 05:43:36','student_check'),(142,'10.255.199.107','amssplus','2025-09-13 05:54:44','student_check');

--
-- Table structure for table `system_export_permission`
--

CREATE TABLE `system_export_permission` (
  `id` int(11) NOT NULL AUTO_INCREMENT,
  `requester` varchar(50) NOT NULL,
  `data_name` varchar(50) NOT NULL,
  `status` tinyint(4) NOT NULL DEFAULT 0,
  PRIMARY KEY (`id`)
) ENGINE=MyISAM AUTO_INCREMENT=7 DEFAULT CHARSET=utf8 COLLATE=utf8_general_ci;

--
-- Dumping data for table `system_export_permission`
--

INSERT INTO `system_export_permission` VALUES (1,'amssplus','plan',1),(2,'amssplus','onet',1),(3,'amssplus','student',1),(4,'amssplus','person',1),(5,'amssplus','student_check',1),(6,'amssplus','health',1);

--
-- Table structure for table `system_module`
--

CREATE TABLE `system_module` (
  `id` int(11) NOT NULL AUTO_INCREMENT,
  `module` varchar(50) NOT NULL,
  `module_desc` varchar(100) NOT NULL,
  `workgroup` tinyint(4) DEFAULT NULL,
  `module_active` tinyint(4) DEFAULT NULL,
  `module_order` int(11) NOT NULL,
  `web_link` tinyint(4) DEFAULT NULL,
  `url` varchar(150) DEFAULT NULL,
  `where_work` tinyint(4) NOT NULL DEFAULT 0,
  `menu_pic` varchar(25) NOT NULL,
  PRIMARY KEY (`id`),
  UNIQUE KEY `module` (`module`)
) ENGINE=MyISAM AUTO_INCREMENT=32 DEFAULT CHARSET=utf8 COLLATE=utf8_general_ci;

--
-- Dumping data for table `system_module`
--

INSERT INTO `system_module` VALUES (1,'budget','การเงินและบัญชี',2,1,23,NULL,NULL,0,'fab fa-btc'),(2,'person','ข้อมูลพื้นฐานครูและบุคลากร',3,1,27,NULL,NULL,0,'fa fa-user-circle'),(3,'standard','มาตรฐานการศึกษา',1,1,19,NULL,NULL,0,''),(4,'health','ตรวจสุขภาพนักเรียน',1,1,5,NULL,NULL,0,''),(5,'student_check','การมาเรียน',1,1,1,NULL,NULL,0,'fa fa-child'),(6,'work','﻿การปฏิบัติราชการ',4,1,45,NULL,NULL,0,''),(7,'news','﻿รายงานข่าว',4,1,51,0,'',0,''),(8,'savings','ออมทรัพย์นักเรียน',1,1,3,NULL,NULL,0,'fab fa-btc'),(9,'student_main','ข้อมูลพื้นฐานนักเรียน',1,1,7,NULL,NULL,0,'fa fa-child'),(10,'plan','การวางแผน',2,1,21,NULL,NULL,0,''),(11,'la','﻿การลา',4,1,43,NULL,NULL,0,''),(12,'mail','ไปรษณีย์_โรงเรียน',4,1,34,NULL,NULL,0,'fa fa-envelope'),(13,'meeting','﻿จองห้องประชุม',4,1,47,NULL,NULL,0,''),(14,'permission','﻿ขออนุญาตไปราชการ',4,1,41,NULL,NULL,0,''),(15,'achievement','﻿ผลสัมฤทธิ์ทางการเรียน',1,1,17,NULL,NULL,0,'fa fa-graduation-cap'),(16,'cabinet','﻿ตู้เอกสาร',4,1,49,NULL,NULL,0,''),(17,'bookregister','﻿ทะเบียนหนังสือราชการ',4,1,31,NULL,NULL,0,'fa fa-book'),(18,'affair','﻿ภารกิจผู้อำนวยการ',4,1,39,0,'',0,''),(19,'amss_bets','﻿ทดสอบการศึกษา_สพท.',1,1,9,0,'',1,'fa fa-graduation-cap'),(20,'amss_budget','﻿การบริหารงบประมาณ_สพท.',2,1,25,0,'',0,'fab fa-btc'),(21,'amss_mail','﻿ไปรษณีย์_สพท.',4,1,35,0,'',0,'fa fa-envelope'),(22,'amss_opportunity','﻿สิทธิและโอกาสทางการศึกษา',1,1,13,0,'',0,'fa fa-child'),(23,'amss_spacial_student','﻿นักเรียนพิเศษ',1,1,15,0,'',0,'fa fa-child'),(24,'amss_supervision','﻿นิเทศ ติดตาม ประเมินผล',1,1,11,0,'',0,'fa fa-graduation-cap'),(25,'book','﻿รับส่งหนังสือราชการ',4,1,33,0,'',0,'fa fa-book'),(26,'delegate','﻿รักษาการในตำแหน่ง',3,1,29,0,'',0,''),(27,'bets','﻿ระบบทดสอบ_โรงเรียน',1,1,0,0,'',1,'fa fa-graduation-cap'),(28,'warroom','﻿วิเคราะห์สภาพการณ์',1,1,0,0,'',0,'fa fa-filter'),(29,'questionnaire','﻿แบบสอบถาม',4,1,0,0,'',0,''),(30,'idplan','﻿ข้อมูลครูและบุคลากร(ส่วนเพิ่ม)',3,1,0,0,'',0,''),(31,'amss_safety','สถานศึกษาปลอดภัย',1,1,0,0,'',0,'');

--
-- Table structure for table `system_module_admin`
--

CREATE TABLE `system_module_admin` (
  `id` int(11) NOT NULL AUTO_INCREMENT,
  `person_id` varchar(13) NOT NULL,
  `module` varchar(30) NOT NULL,
  `officer` varchar(13) NOT NULL,
  `rec_date` date NOT NULL,
  PRIMARY KEY (`id`)
) ENGINE=MyISAM AUTO_INCREMENT=59 DEFAULT CHARSET=utf8 COLLATE=utf8_general_ci;

--
-- Dumping data for table `system_module_admin`
--

INSERT INTO `system_module_admin` VALUES (2,'3349900224517','achievement','3349900224517','2014-09-13'),(34,'3349900176733','book','3340700362161','2018-10-09'),(21,'3340700362161','budget','7777','2015-06-28'),(5,'3349900224517','cabinet','3349900224517','2014-09-13'),(6,'3349900224517','health','3349900224517','2014-09-13'),(7,'3349900224517','la','3349900224517','2014-09-13'),(8,'3349900224517','mail','3349900224517','2014-09-13'),(9,'3349900224517','meeting','3349900224517','2014-09-13'),(10,'3349900224517','permission','3349900224517','2014-09-13'),(11,'3349900224517','person','3349900224517','2014-09-13'),(20,'3340700362161','plan','7777','2015-06-28'),(13,'3349900224517','savings','3349900224517','2014-09-13'),(14,'3349900224517','savings','3349900224517','2014-09-13'),(15,'3349900224517','standard','3349900224517','2014-09-13'),(16,'3349900224517','standard','3349900224517','2014-09-13'),(17,'3349900224517','student_check','3349900224517','2014-09-13'),(18,'3349900224517','student_main','3349900224517','2014-09-13'),(19,'3349900224517','work','3349900224517','2014-09-13'),(22,'3340700101243','budget','7777','2015-06-28'),(23,'3340700362161','achievement','7777','2018-09-29'),(24,'3340700362161','book','3340700362161','2018-09-29'),(25,'3340700362161','bookregister','3340700362161','2018-09-29'),(26,'3349800094107','book','7777','2018-09-29'),(35,'3340700101243','achievement','3349800094107','2018-11-12'),(28,'3349900176733','achievement','7777','2018-10-09'),(29,'3349900176733','amss_bets','7777','2018-10-09'),(30,'3349900176733','amss_opportunity','7777','2018-10-09'),(31,'3349900176733','amss_supervision','7777','2018-10-09'),(32,'3349900176733','budget','7777','2018-10-09'),(33,'3349900176733','health','7777','2018-10-09'),(36,'3340700101243','amss_bets','3349800094107','2018-11-12'),(37,'3340700101243','amss_budget','3349800094107','2018-11-12'),(38,'3340700101243','amss_mail','3349800094107','2018-11-12'),(39,'3340700101243','amss_opportunity','3349800094107','2018-11-12'),(40,'3340700101243','amss_supervision','3349800094107','2018-11-12'),(41,'3340700101243','book','3349800094107','2018-11-12'),(42,'3340700101243','bookregister','3349800094107','2018-11-12'),(43,'3340700101243','health','3349800094107','2018-11-12'),(44,'3340700101243','mail','3349800094107','2018-11-12'),(45,'3340700101243','news','3349800094107','2018-11-12'),(46,'3340700101243','work','3340700101243','2018-11-15'),(47,'3340700101243','permission','3340700101243','2018-11-15'),(48,'3340700101243','person','3340700101243','2018-11-15'),(49,'3340700101243','student_main','3340700101243','2018-11-15'),(50,'3340700101243','student_check','3340700101243','2018-11-15'),(51,'3340700101243','savings','3340700101243','2018-11-15'),(52,'3340700101243','affair','3340700101243','2018-11-15'),(53,'3340700101243','la','3340700101243','2018-11-15'),(54,'3340700101243','delegate','3340700101243','2018-11-15'),(55,'3340700101243','plan','3340700101243','2018-11-15'),(56,'3340700101243','bets','3340700101243','2018-11-15'),(57,'3340700101243','cabinet','3340700101243','2018-11-15'),(58,'3349900176733','plan','3349900176733','2020-11-14');

--
-- Table structure for table `system_school_name`
--

CREATE TABLE `system_school_name` (
  `id` tinyint(4) NOT NULL,
  `school_name` varchar(200) NOT NULL,
  `school_type` tinyint(4) NOT NULL DEFAULT 0,
  PRIMARY KEY (`id`)
) ENGINE=MyISAM DEFAULT CHARSET=utf8 COLLATE=utf8_general_ci;

--
-- Dumping data for table `system_school_name`
--

INSERT INTO `system_school_name` VALUES (1,'โรงเรียนบ้านม่วงคำ',0);

--
-- Table structure for table `system_sync_code`
--

CREATE TABLE `system_sync_code` (
  `id` tinyint(4) NOT NULL AUTO_INCREMENT,
  `office_code` varchar(10) NOT NULL,
  `system_name` varchar(50) NOT NULL,
  `sync_code` varchar(50) NOT NULL,
  `amssplus_url` varchar(100) NOT NULL,
  PRIMARY KEY (`id`),
  UNIQUE KEY `system_name` (`system_name`)
) ENGINE=MyISAM AUTO_INCREMENT=4 DEFAULT CHARSET=utf8 COLLATE=utf8_general_ci;

--
-- Dumping data for table `system_sync_code`
--

INSERT INTO `system_sync_code` VALUES (3,'34040128','amssplus','34040128','http://10.255.199.107/amssplus');

--
-- Table structure for table `system_version`
--

CREATE TABLE `system_version` (
  `id` int(11) NOT NULL AUTO_INCREMENT,
  `smss_version` varchar(100) NOT NULL,
  `status1` int(11) DEFAULT NULL,
  `status2` int(11) DEFAULT NULL,
  `status3` int(11) DEFAULT NULL,
  `status4` int(11) DEFAULT NULL,
  `status5` int(11) DEFAULT NULL,
  PRIMARY KEY (`id`)
) ENGINE=MyISAM AUTO_INCREMENT=2 DEFAULT CHARSET=utf8 COLLATE=utf8_general_ci;

--
-- Dumping data for table `system_version`
--

INSERT INTO `system_version` VALUES (1,'6.4',1,0,0,0,0);

--
-- Table structure for table `system_workgroup`
--

CREATE TABLE `system_workgroup` (
  `id` tinyint(4) NOT NULL AUTO_INCREMENT,
  `workgroup` tinyint(4) NOT NULL,
  `workgroup_desc` varchar(50) NOT NULL,
  `workgroup_order` int(11) NOT NULL,
  PRIMARY KEY (`id`),
  UNIQUE KEY `workgroup` (`workgroup`)
) ENGINE=MyISAM AUTO_INCREMENT=5 DEFAULT CHARSET=utf8 COLLATE=utf8_general_ci;

--
-- Dumping data for table `system_workgroup`
--

INSERT INTO `system_workgroup` VALUES (1,1,'บริหารวิชาการ',4),(2,2,'บริหารงบประมาณ',6),(3,3,'บริหารงานบุคคล',8),(4,4,'บริหารทั่วไป',10);

--
-- Table structure for table `work_main`
--

CREATE TABLE `work_main` (
  `id` int(11) NOT NULL AUTO_INCREMENT,
  `work_date` date NOT NULL,
  `person_id` varchar(13) NOT NULL,
  `work` tinyint(4) NOT NULL DEFAULT 0,
  `comment` varchar(150) DEFAULT NULL,
  `rec_date` datetime NOT NULL,
  `officer` varchar(13) NOT NULL,
  PRIMARY KEY (`id`),
  KEY `work_date` (`work_date`),
  KEY `person_id` (`person_id`)
) ENGINE=MyISAM AUTO_INCREMENT=4 DEFAULT CHARSET=utf8 COLLATE=utf8_general_ci;

--
-- Dumping data for table `work_main`
--

INSERT INTO `work_main` VALUES (1,'2018-11-15','3340700101243',2,NULL,'2018-11-15 11:39:30','3340700101243'),(2,'2018-11-14','3340700101243',1,NULL,'2018-11-15 11:40:23','3340700101243'),(3,'2018-11-13','3340700101243',2,NULL,'2018-11-15 11:40:38','3340700101243');

--
-- Table structure for table `work_permission`
--

CREATE TABLE `work_permission` (
  `id` int(11) NOT NULL AUTO_INCREMENT,
  `person_id` varchar(13) NOT NULL,
  `p1` tinyint(4) NOT NULL,
  `officer` varchar(13) NOT NULL,
  `rec_date` date NOT NULL,
  PRIMARY KEY (`id`)
) ENGINE=MyISAM AUTO_INCREMENT=2 DEFAULT CHARSET=utf8 COLLATE=utf8_general_ci;

--
-- Dumping data for table `work_permission`
--

INSERT INTO `work_permission` VALUES (1,'3340700101243',1,'3340700101243','2018-11-15');


