-- Table structure for table `student_check_permission`
--

CREATE TABLE `student_check_permission` (
  `class_now` tinyint(4) NOT NULL,
  `room_now` tinyint(4) NOT NULL,
  `person_id` varchar(13) NOT NULL,
  `student_check_year` int(11) NOT NULL
) ENGINE=MyISAM DEFAULT CHARSET=utf8 COLLATE=utf8_general_ci;

--
-- Dumping data for table `student_check_permission`
--

INSERT INTO `student_check_permission` VALUES (2,0,'1340700286093',2559),(3,0,'1340700286093',2559),(5,0,'1349900025941',2559),(6,0,'1349900025941',2559),(7,0,'1349900335771',2559),(8,0,'1349900335771',2559),(9,0,'1349900228036',2559),(4,0,'3340700043049',2559),(7,0,'1349900228036',2562),(5,0,'1349900228036',2561),(3,0,'1340700286093',2561),(6,0,'1349900025941',2561),(7,0,'1349900025941',2561),(8,0,'3340700043049',2561),(9,0,'3340700043049',2561),(8,0,'1341900147764',2561),(6,0,'1349900228036',2562),(5,0,'1341990004224',2562),(4,0,'1341990004224',2562),(8,0,'3340700043049',2562),(9,0,'3340700043049',2562),(4,0,'1341900147764',2562),(5,0,'1341900147764',2562),(6,0,'1341900147764',2562),(7,0,'1341900147764',2562),(8,0,'1341900147764',2562),(9,0,'1341900147764',2562),(2,0,'1341900147764',2562),(3,0,'1341900147764',2562),(2,0,'1340700286093',2563),(2,0,'1341900147764',2563),(3,0,'1340700286093',2563),(3,0,'1341900147764',2563),(4,0,'1341990004224',2563),(4,0,'1341900147764',2563),(5,0,'1341990004224',2563),(5,0,'1341900147764',2563),(6,0,'1349900228036',2563),(6,0,'1341900147764',2563),(7,0,'1349900228036',2563),(7,0,'1341900147764',2563),(8,0,'3340700043049',2563),(8,0,'1341900147764',2563),(9,0,'3340700043049',2563),(9,0,'1341900147764',2563),(2,0,'5500590005355',2564),(2,0,'1339900236039',2564),(2,0,'1340700286093',2564),(3,0,'5500590005355',2564),(3,0,'1339900236039',2564),(3,0,'1341990004224',2564),(3,0,'3340700043049',2564),(3,0,'1340700286093',2564),(4,0,'5500590005355',2564),(4,0,'1339900236039',2564),(4,0,'1341990004224',2564),(4,0,'1340700286093',2564),(5,0,'5500590005355',2564),(5,0,'1339900236039',2564),(5,0,'1341990004224',2564),(5,0,'3340700043049',2564),(5,0,'1340700286093',2564),(6,0,'5500590005355',2564),(6,0,'1339900236039',2564),(6,0,'1341990004224',2564),(6,0,'3340700043049',2564),(6,0,'1340700286093',2564),(7,0,'5500590005355',2564),(7,0,'1339900236039',2564),(7,0,'1341990004224',2564),(7,0,'3340700043049',2564),(7,0,'1340700286093',2564),(8,0,'5500590005355',2564),(8,0,'1339900236039',2564),(8,0,'1341990004224',2564),(8,0,'3340700043049',2564),(8,0,'1340700286093',2564),(9,0,'5500590005355',2564),(9,0,'1339900236039',2564),(9,0,'1341990004224',2564),(9,0,'3340700043049',2564),(9,0,'1340700286093',2564),(9,0,'3340700043049',2565),(8,0,'3340700043049',2565),(2,0,'1340700286093',2565),(3,0,'1340700286093',2565),(4,0,'1341990004224',2565),(5,0,'1341990004224',2565),(6,1,'1339900236039',2565),(7,0,'1339900236039',2565),(4,0,'1340700286093',2565),(6,1,'1340700286093',2565),(9,0,'1340700286093',2565),(7,0,'1340700286093',2565),(5,0,'1340700286093',2565),(8,0,'1340700286093',2565);

--
-- Table structure for table `student_check_year`
--

CREATE TABLE `student_check_year` (
  `id` int(11) NOT NULL AUTO_INCREMENT,
  `student_check_year` int(11) NOT NULL,
  `year_active` tinyint(1) NOT NULL,
  PRIMARY KEY (`id`),
  UNIQUE KEY `student_check_year` (`student_check_year`)
) ENGINE=MyISAM AUTO_INCREMENT=10 DEFAULT CHARSET=utf8 COLLATE=utf8_general_ci;

--
-- Dumping data for table `student_check_year`
--

INSERT INTO `student_check_year` VALUES (1,2559,0),(2,2561,0),(3,2562,0),(4,2563,0),(6,2564,0),(7,2565,0),(8,2566,0),(9,2567,1);

--
-- Table structure for table `student_inclass_main`
--

CREATE TABLE `student_inclass_main` (
  `check_date` date NOT NULL COMMENT 'วันที่บันทึก',
  `student_id` int(11) NOT NULL COMMENT 'รหัสนักเรียน',
  `class_now` tinyint(4) NOT NULL COMMENT 'ชั้นเรียนปัจจุบันที่บันทึก',
  `room_now` tinyint(4) NOT NULL COMMENT 'ห้องเรียนปัจจุบันที่บันทึก',
  `student_check_year` int(11) NOT NULL COMMENT 'ปีการศึกษาที่บันทึก',
  `check_val` varchar(50) NOT NULL COMMENT 'ค่าการเช็ค',
  `check_person_id` varchar(13) NOT NULL COMMENT 'ผู้ทำรายการ',
  `save_date` datetime NOT NULL COMMENT 'วันที่ทำรายการบันทึก'
) ENGINE=MyISAM DEFAULT CHARSET=utf8 COLLATE=utf8_general_ci;

--
-- Dumping data for table `student_inclass_main`
--

INSERT INTO `student_inclass_main` VALUES ('2021-06-28',1096,2,0,2559,'0:C,1:C,2:C,3:T,4:C,5:C,','1339900236039','2021-06-28 02:06:15'),('2021-06-28',1097,2,0,2559,'0:C,1:C,2:C,3:T,4:C,5:C,','1339900236039','2021-06-28 02:06:15'),('2021-06-28',1098,2,0,2559,'0:C,1:C,2:C,3:T,4:C,5:C,','1339900236039','2021-06-28 02:06:15'),('2021-06-28',1099,2,0,2559,'0:C,1:C,2:C,3:T,4:C,5:C,','1339900236039','2021-06-28 02:06:15'),('2021-06-28',1100,2,0,2559,'0:C,1:C,2:C,3:T,4:C,5:C,','1339900236039','2021-06-28 02:06:15');

--
-- Table structure for table `student_inclass_part`
--

CREATE TABLE `student_inclass_part` (
  `id` int(11) NOT NULL AUTO_INCREMENT,
  `ed_year` int(11) NOT NULL,
  `part` tinyint(4) NOT NULL,
  `start_date` date NOT NULL,
  `stop_date` date NOT NULL,
  `rec_date` date NOT NULL,
  `officer` varchar(13) NOT NULL,
  PRIMARY KEY (`id`)
) ENGINE=MyISAM AUTO_INCREMENT=2 DEFAULT CHARSET=utf8 COLLATE=utf8_general_ci;

--
-- Dumping data for table `student_inclass_part`
--

INSERT INTO `student_inclass_part` VALUES (1,2564,1,'2021-05-17','2021-11-02','2021-08-02','1340700286093');

--
-- Table structure for table `student_inclass_permission`
--

CREATE TABLE `student_inclass_permission` (
  `class_now` tinyint(4) NOT NULL,
  `room_now` tinyint(4) NOT NULL,
  `person_id` varchar(13) NOT NULL,
  `student_check_year` int(11) NOT NULL
) ENGINE=MyISAM DEFAULT CHARSET=utf8 COLLATE=utf8_general_ci;

--
-- Dumping data for table `student_inclass_permission`
--

INSERT INTO `student_inclass_permission` VALUES (2,0,'1340700286093',2559),(3,0,'1340700286093',2559),(5,0,'1339900236039',2559),(4,0,'1341990004224',2559),(6,0,'1349900025941',2559),(7,0,'1349900335771',2559),(8,0,'1349900335771',2559),(9,0,'1349900228036',2559),(5,0,'1341990004224',2559),(2,0,'1339900236039',2559),(3,0,'1339900236039',2559),(4,0,'1339900236039',2559),(6,0,'1339900236039',2559),(7,0,'1339900236039',2559),(8,0,'1339900236039',2559),(8,0,'3340700043049',2559),(9,0,'1339900236039',2559),(9,0,'3340700043049',2559),(3,0,'1340700286093',2564),(4,0,'1340700286093',2564);

--
-- Table structure for table `student_inclass_ref`
--

CREATE TABLE `student_inclass_ref` (
  `id` int(11) NOT NULL AUTO_INCREMENT,
  `ref_id` varchar(50) NOT NULL,
  `ed_day` varchar(10) NOT NULL,
  `period` tinyint(4) NOT NULL,
  PRIMARY KEY (`id`)
) ENGINE=MyISAM DEFAULT CHARSET=utf8 COLLATE=utf8_general_ci;

--
-- Dumping data for table `student_inclass_ref`
--


--
-- Table structure for table `student_inclass_subject`
--

CREATE TABLE `student_inclass_subject` (
  `id` int(11) NOT NULL AUTO_INCREMENT,
  `ed_year` int(11) NOT NULL,
  `part` tinyint(4) NOT NULL,
  `subject` varchar(100) NOT NULL,
  `std_class` tinyint(4) NOT NULL,
  `room` tinyint(4) NOT NULL,
  `ref_id` varchar(50) NOT NULL,
  `officer` varchar(13) NOT NULL,
  `rec_date` date NOT NULL,
  PRIMARY KEY (`id`)
) ENGINE=MyISAM DEFAULT CHARSET=utf8 COLLATE=utf8_general_ci;

--
-- Dumping data for table `student_inclass_subject`
--


--
-- Table structure for table `student_inclass_year`
--

CREATE TABLE `student_inclass_year` (
  `id` int(11) NOT NULL AUTO_INCREMENT,
  `student_check_year` int(11) NOT NULL,
  `num_period` int(2) NOT NULL,
  `lunch_period` int(2) NOT NULL,
  `year_active` tinyint(1) NOT NULL,
  PRIMARY KEY (`id`)
) ENGINE=MyISAM AUTO_INCREMENT=3 DEFAULT CHARSET=utf8 COLLATE=utf8_general_ci;

--
-- Dumping data for table `student_inclass_year`
--

INSERT INTO `student_inclass_year` VALUES (1,2559,6,4,0),(2,2564,8,4,1);

--
-- Table structure for table `student_main`
--

CREATE TABLE `student_main` (
  `id` int(11) NOT NULL AUTO_INCREMENT,
  `student_id` varchar(7) NOT NULL,
  `student_number` int(11) DEFAULT NULL,
  `prename` varchar(20) NOT NULL,
  `name` varchar(50) NOT NULL,
  `surname` varchar(50) NOT NULL,
  `person_id` varchar(20) DEFAULT NULL,
  `sex` tinyint(4) NOT NULL DEFAULT 0,
  `pic` varchar(150) DEFAULT NULL,
  `class_now` tinyint(4) DEFAULT NULL,
  `room` tinyint(4) NOT NULL DEFAULT 0,
  `status` tinyint(4) NOT NULL DEFAULT 0,
  `out_edyear` int(11) DEFAULT NULL,
  `officer` varchar(13) NOT NULL,
  `rec_date` date NOT NULL,
  PRIMARY KEY (`id`),
  UNIQUE KEY `student_number` (`student_id`),
  KEY `class_now` (`class_now`),
  KEY `room` (`room`)
) ENGINE=MyISAM AUTO_INCREMENT=165 DEFAULT CHARSET=utf8 COLLATE=utf8_general_ci;

--
-- Dumping data for table `student_main`
--

INSERT INTO `student_main` VALUES (129,'1065',4,'เด็กชาย','วีรภัทร','ศรีสะอาด','1342900056336',1,NULL,9,0,1,2566,'1340700286093','2022-09-19'),(128,'1066',3,'เด็กชาย','สมพงษ์','โพธิ์ชัย','1348900281254',1,NULL,9,0,1,2566,'1340700286093','2022-09-19'),(5,'1056',0,'เด็กชาย','ธัญเทพ','หาลวย','1348900240647',1,NULL,3,0,2,2561,'','0000-00-00'),(6,'1041',4,'เด็กหญิง','ศรัณยา','ทะนานคำ','1348900213801',2,NULL,9,0,1,2563,'1341900147764','0000-00-00'),(7,'1042',1,'เด็กชาย','กฤต','มีคติ','1100801644761',1,NULL,9,0,1,2563,'1341900147764','0000-00-00'),(8,'1043',2,'เด็กชาย','วุฒิชัย','วงษ์ลา','1348900196974',1,NULL,9,0,1,2563,'1341900147764','0000-00-00'),(127,'1061',2,'เด็กชาย','คุณากรณ์','ราชรินทร์','1348900260711',1,NULL,9,0,1,2566,'1340700286093','2022-09-19'),(10,'1034',0,'เด็กหญิง','ดวงฤทัย','หล้าสิงห์','1348900174652',2,NULL,9,0,1,2562,'','0000-00-00'),(11,'1035',0,'เด็กหญิง','รัศมีโชติ','จันทร์มณี','1348900167079',2,NULL,9,0,1,2562,'','0000-00-00'),(12,'1036',0,'เด็กชาย','สิทธิชัย','ทะนานคำ','1348900203601',1,NULL,6,0,2,2561,'','0000-00-00'),(13,'1037',0,'เด็กชาย','ศุกลวัฒน์','จันทร์มณี','1348900190283',1,NULL,9,0,1,2562,'','0000-00-00'),(14,'1038',0,'เด็กชาย','อนุวัฒน์','มาดาดาษ','1348900183279',1,NULL,9,0,1,2562,'','0000-00-00'),(15,'1039',0,'เด็กหญิง','อภิญญา','อินทรัพย์','1348900163855',2,NULL,9,0,1,2562,'','0000-00-00'),(16,'1048',0,'เด็กชาย','ทศพล','พุทไธสง','1348900177279',1,NULL,9,0,1,2562,'','0000-00-00'),(17,'1022',0,'เด็กชาย','ธีรโชติ','ยศพิบูลย์','1349901427423',1,NULL,9,0,1,2561,'','0000-00-00'),(18,'1023',0,'เด็กชาย','วิทวัส','โคตรตัสสา','1348900153876',1,NULL,9,0,1,2561,'','0000-00-00'),(19,'1024',0,'เด็กหญิง','กนกพร','ศรีสะอาด','1348900142688',2,NULL,9,0,1,2561,'','0000-00-00'),(20,'1017',0,'เด็กชาย','อภิรักษ์','โคตรตัสสา','1348900118094',1,NULL,8,0,1,2561,'','0000-00-00'),(21,'1018',0,'เด็กชาย','เอกราช','ทองกันยา','1348900124248',1,NULL,8,0,1,2561,'','0000-00-00'),(22,'1019',0,'เด็กหญิง','ปริยาภัทร','สารทอง','1348900129193',2,NULL,8,0,2,2559,'','0000-00-00'),(23,'1020',0,'เด็กหญิง','สุชาวดี','โสดากุล','1348900116571',2,NULL,8,0,1,2561,'','0000-00-00'),(24,'1030',0,'เด็กหญิง','อธิชา','ชนะวงค์','1348900127263',2,NULL,8,0,1,2561,'','0000-00-00'),(25,'1051',0,'เด็กชาย','สิรภัทร','ศิริโชติ','1229901158946',1,NULL,8,0,1,2561,'','0000-00-00'),(26,'1012',0,'เด็กชาย','เกียรติศักดิ์','แม้นสุข','1348900086737',1,NULL,9,0,1,2561,'','0000-00-00'),(27,'1013',0,'เด็กชาย','อนุพงษ์','ภาษี','1349901300130',1,NULL,9,0,1,2561,'','0000-00-00'),(28,'1014',0,'เด็กชาย','เอนกพงษ์','ภาษี','1349901300156',1,NULL,9,0,1,2561,'','0000-00-00'),(29,'1021',0,'เด็กหญิง','ปาริฉัตร','จอมชู','1119902273014',2,NULL,9,0,1,2561,'','0000-00-00'),(30,'1028',0,'เด็กชาย','อาทิตย์','ฉายศิริ','1348900108005',1,NULL,9,0,1,2561,'','0000-00-00'),(31,'1029',0,'เด็กชาย','พีรพัฒน์','สระแผง','1348900095973',1,NULL,9,0,1,2561,'1349900335771','0000-00-00'),(152,'1129',1,'เด็กชาย','ธนกร','วิลา','1348900519668',1,'',3,0,0,NULL,'3340700043049','2024-10-02'),(35,'1060',2,'เด็กชาย','กฤษฎา','โพธิ์นอก','1349901826557',1,'',5,0,2,2562,'1349900228036','2016-06-18'),(70,'1070',5,'ด.ช.','วรสิทธิ์','สัจสุวรรณ','1349901628569',1,'',9,0,1,2564,'1340700286093','2020-02-18'),(158,'1138',2,'เด็กชาย','ณัฐพศิษ','รอบโลก','1348900537704',1,'',2,0,0,NULL,'3340700043049','2025-09-17'),(157,'1137',1,'เด็กชาย','ชนกันต์','หามนตรี','1348900543003',1,'',2,0,0,NULL,'3340700043049','2025-09-17'),(79,'1062',2,'ด.ช.','ธนภัทร','เพชรชัย','1478600224203',1,'',8,0,2,2565,'1340700286093','2020-07-17'),(42,'1045',1,'เด็กชาย','ธนากรณ์','จันทร์มณี','1348900224455',1,'',9,0,1,2564,'1340700286093','2016-06-18'),(43,'1046',2,'เด็กชาย','ธราเทพ','อินทรัพย์','1306200097700',1,'',9,0,1,2564,'1340700286093','2016-06-18'),(44,'1047',3,'เด็กหญิง','ปิยธิดา','พุทไธสง','1348900225745',2,'',9,0,1,2564,'1340700286093','2016-06-18'),(45,'1057',4,'เด็กชาย','คุณานนท์','บัวสด','1348900224170',1,'',9,0,1,2564,'1340700286093','2016-06-18'),(48,'1067',9,'เด็กหญิง','วิภาภรณ์','แผ้วนาง','1348900280878',2,'',3,0,2,2561,'1349900335771','2016-11-21'),(53,'1094',6,'ด.ช.','อดิศักดิ์','สินธุประสิทธิ์','1348900305633	',1,'',7,0,2,2565,'1340700286093','2020-02-17'),(50,'1068',6,'เด็กหญิง','พรปวีณ์','แผ้วนาง','1348900234124	',0,'',3,0,2,2561,'1349900335771','2016-11-21'),(52,'1095',8,'ด.ช.','ทรงสิทธิ์','ผาดี','1348900174938',1,'',9,0,1,2562,'1341900147764','2019-09-26'),(156,'1136',2,'เด็กชาย','ธนทัต','บุญรักษ์','1348900557799',1,'',1,0,0,NULL,'3340700043049','2025-09-17'),(155,'1135',1,'เด็กชาย','ชนาธิป','วงษ์อาจ','1348900565031',1,'',1,0,0,NULL,'3340700043049','2025-09-17'),(154,'1146',8,'เด็กชาย','ธนโชค','ฤาษี','1348900379572',1,'',7,0,0,NULL,'3340700043049','2025-09-17'),(119,'1120',5,'เด็กหญิง','นิภาพร','อัคบุตร','1348900359831',2,NULL,8,0,0,NULL,'3340700043049','2022-09-19'),(59,'1078',6,'ด.ช.','ฤทธิเดช','บุญรักษ์	','1348900225249	',1,'',9,0,1,2564,'1340700286093','2020-02-17'),(60,'1044',3,'ด.ญ.','กรรณิกา','ศรีสะอาด','1348900219354	',2,'',9,0,1,2563,'1341900147764','2020-02-17'),(118,'1108',4,'เด็กหญิง','เบญญาภา','ศาลาน้อย','1209301304861',2,NULL,8,0,0,NULL,'3340700043049','2022-09-19'),(117,'1092',3,'เด็กหญิง','วริฏฐิสา','ดวงแสง','1348900349827',2,NULL,8,0,0,NULL,'3340700043049','2022-09-19'),(116,'1091',2,'เด็กหญิง','พราวพิมล','หารชะนะ','1348900345376',2,NULL,8,0,0,NULL,'3340700043049','2022-09-19'),(115,'1089',1,'เด็กชาย','คุณภัทร','แม้นสุข','1118700267381',1,NULL,8,0,0,NULL,'3340700043049','2022-09-19'),(114,'1112',5,'เด็กชาย','พรพิทักษ์','ศรีสะอาด','2342900014194',1,NULL,7,0,0,NULL,'3340700043049','2022-09-19'),(72,'1075',7,'ด.ช.','ธนากร','สุ่มเมา','1348900187011',1,'',9,0,1,2562,'1341900147764','2020-02-18'),(113,'1100',4,'เด็กชาย','ภัทรพงษ์','พิมา','1348900397368',1,NULL,7,0,0,NULL,'3340700043049','2022-09-19'),(112,'1098',3,'เด็กชาย','ปรมินทร์','ผลาผล','1349902085402',1,NULL,7,0,0,NULL,'3340700043049','2022-09-19'),(111,'1097',2,'เด็กชาย','นฤบดินทร์','วงษ์อาจ','1348900398186',1,NULL,7,0,0,NULL,'3340700043049','2022-09-19'),(110,'1096',1,'เด็กชาย','ชัยชนะ','บุญนำ','1348900384444',1,NULL,7,0,0,NULL,'3340700043049','2022-09-19'),(83,'1101',7,'ด.ญ.','อาภากร','จันทวี','1710700156439',2,'',9,0,1,2564,'1340700286093','2020-07-17'),(109,'1110',1,'เด็กชาย','ธเนษฐ','อินทรัพย์','1819300089782',1,NULL,6,0,0,NULL,'3340700043049','2022-09-19'),(108,'1119',5,'เด็กหญิง','อมาวศรี','วิลา','1348900460477',2,NULL,5,0,0,NULL,'3340700043049','2022-09-19'),(107,'1118',4,'เด็กหญิง','ทิพธิดา','เส้นเกษ','1348900460256',2,NULL,5,0,0,NULL,'3340700043049','2022-09-19'),(106,'1117',3,'เด็กชาย','รัฐเก้า','บัวบาน','1710700196031',1,NULL,5,0,0,NULL,'3340700043049','2022-09-19'),(105,'1116',2,'เด็กชาย','ธนภัทร','แม้นสุข','1118700317010',1,NULL,5,0,0,NULL,'3340700043049','2022-09-19'),(104,'1115',1,'เด็กชาย','ธนภัทร','จันมณี','1348900453781',1,NULL,5,0,0,NULL,'3340700043049','2022-09-19'),(103,'1093',5,'เด็กหญิง','อิระวดี','พรมเสมอ','1348900334358',2,'',9,0,0,NULL,'3340700043049','2022-09-19'),(102,'1087',4,'เด็กชาย','ยุทธนา','ทะนานคำ','1348900339651',1,'',9,0,0,NULL,'3340700043049','2022-09-19'),(101,'1086',3,'เด็กชาย','ธีรภัทร','มาดาดาษ','1348900324298',1,'',9,0,0,NULL,'3340700043049','2022-09-19'),(100,'1084',2,'เด็กชาย','ชญานน','ศรีสะอาด','1348900319227',1,'',9,0,0,NULL,'3340700043049','2022-09-19'),(99,'1079',1,'เด็กชาย','กัมพล','สายคำ','1348900318476',1,'',9,0,0,NULL,'3340700043049','2022-09-19'),(130,'1107',5,'เด็กชาย','ทัศน์พล','ศาลาน้อย','1328900126011',1,NULL,9,0,1,2566,'1340700286093','2022-09-19'),(131,'1114',6,'เด็กชาย','นรากร','อินทรัพย์','1819300070402',1,NULL,9,0,1,2566,'1340700286093','2022-09-19'),(132,'1063',7,'เด็กหญิง','บุณธิดา','รักลา','1348900275556',2,NULL,9,0,1,2566,'1340700286093','2022-09-19'),(138,'1121',1,'เด็กชาย','วีรเทพ','รักลา','1348900472092',1,'',4,0,0,NULL,'3340700043049','2023-10-12'),(139,'1127',2,'เด็กชาย','เจษฎา','ภาษี','1348900492735',1,'',4,0,0,NULL,'3340700043049','2023-10-12'),(140,'1122',3,'เด็กหญิง','ชนิตา','บรรจง','1240401320584',2,'',4,0,0,NULL,'3340700043049','2023-10-12'),(141,'1123',4,'เด็กหญิง','นรินทร์ทิพย์','ห่องคำ','1348900471941',2,'',4,0,0,NULL,'3340700043049','2023-10-12'),(142,'1124',5,'เด็กหญิง','นิชาภา','แม้นสุข','1209301354752',2,'',4,0,0,NULL,'3340700043049','2023-10-12'),(148,'1131',6,'เด็กหญิง','ปุณยนุช','บาอินทร์','1349902213931',2,'',5,0,0,NULL,'3340700043049','2024-10-02'),(144,'1064',8,'เด็กหญิง','ปาริชาติ','สุ่มเมา','1102004276662',2,'',9,0,1,2566,'1340700286093','2023-10-12'),(145,'1126',6,'เด็กหญิง','ชลธิชา','ภาษี','1348900338361',2,'',9,0,0,NULL,'3340700043049','2023-10-12'),(153,'1145',7,'เด็กหญิง','ธัญญามาศ','บุญรักษ์','1348900452679',2,'',5,0,0,NULL,'3340700043049','2025-09-17'),(149,'1132',6,'เด็กชาย','จีรวิชต์','โสภี','1349902101947',1,'',7,0,0,NULL,'3340700043049','2024-10-02'),(150,'1133',7,'เด็กชาย','อภินันท์','บาอินทร์','1349902087260',1,'',7,0,0,NULL,'3340700043049','2024-10-02'),(151,'1134',7,'เด็กหญิง','นิธิชา','เสมอสม','18193000338361',2,'',9,0,0,NULL,'3340700043049','2024-10-02'),(159,'1139',3,'เด็กชาย','นรวิชญ์','ประสาร','1348900536953',1,'',2,0,0,NULL,'3340700043049','2025-09-17'),(160,'1140',4,'เด็กชาย','สรวิชญ์','ราชรินทร์','1348900524670',1,'',2,0,0,NULL,'3340700043049','2025-09-17'),(161,'1141',5,'เด็กชาย','สุทิวัส','ราชรินทร์','1348900524688',1,'',2,0,0,NULL,'3340700043049','2025-09-17'),(162,'1142',6,'เด็กหญิง','กันภิรมย์','ผิวคำ','1348900525099',2,'',2,0,0,NULL,'3340700043049','2025-09-17'),(163,'1143',7,'เด็กหญิง','ชลณนาถ','กรินรักษ์','1348900530181',2,'',2,0,0,NULL,'3340700043049','2025-09-17'),(164,'1144',8,'เด็กหญิง','ปุณยาพร','รุ่งเรืองศรี','1348900541426',2,'',2,0,0,NULL,'3340700043049','2025-09-17');

--
-- Table structure for table `student_main_class`
--

CREATE TABLE `student_main_class` (
  `id` int(11) NOT NULL AUTO_INCREMENT,
  `class_code` tinyint(4) NOT NULL,
  `class_name` varchar(150) NOT NULL,
  PRIMARY KEY (`id`),
  UNIQUE KEY `class_code` (`class_code`)
) ENGINE=MyISAM AUTO_INCREMENT=10 DEFAULT CHARSET=utf8 COLLATE=utf8_general_ci;

--
-- Dumping data for table `student_main_class`
--

INSERT INTO `student_main_class` VALUES (1,2,'อนุบาล2'),(2,3,'อนุบาล3'),(3,4,'ประถมศึกษาปีที่1'),(4,5,'ประถมศึกษาปีที่2'),(5,6,'ประถมศึกษาปีที่3'),(6,7,'ประถมศึกษาปีที่4'),(7,8,'ประถมศึกษาปีที่5'),(8,9,'ประถมศึกษาปีที่6'),(9,1,'อนุบาล 1');

--
-- Table structure for table `student_main_classlog`
--

CREATE TABLE `student_main_classlog` (
  `id` int(11) NOT NULL AUTO_INCREMENT,
  `ed_year` int(11) NOT NULL,
  `student_id` varchar(7) NOT NULL,
  `student_number` int(11) DEFAULT NULL,
  `class_code` tinyint(4) NOT NULL,
  `room` tinyint(4) DEFAULT 0,
  `officer` varchar(13) NOT NULL,
  `rec_date` date NOT NULL,
  PRIMARY KEY (`id`)
) ENGINE=MyISAM AUTO_INCREMENT=370 DEFAULT CHARSET=utf8 COLLATE=utf8_general_ci;

--
-- Dumping data for table `student_main_classlog`
--

INSERT INTO `student_main_classlog` VALUES (1,2559,'1019',0,8,0,'1349900335771','2016-06-18'),(2,2560,'1059',1,2,0,'1349900228036','2018-10-13'),(3,2560,'1060',2,2,0,'1349900228036','2018-10-13'),(4,2560,'1061',3,2,0,'1349900228036','2018-10-13'),(5,2560,'1062',4,2,0,'1349900228036','2018-10-13'),(6,2560,'1063',5,2,0,'1349900228036','2018-10-13'),(7,2560,'1064',6,2,0,'1349900228036','2018-10-13'),(8,2560,'1065',7,2,0,'1349900228036','2018-10-13'),(9,2560,'1066',8,2,0,'1349900228036','2018-10-13'),(10,2560,'1067',9,2,0,'1349900228036','2018-10-13'),(11,2560,'1069',10,2,0,'1349900228036','2018-10-13'),(12,2560,'1052',0,3,0,'1349900228036','2018-10-13'),(13,2560,'1053',0,3,0,'1349900228036','2018-10-13'),(14,2560,'1054',0,3,0,'1349900228036','2018-10-13'),(15,2560,'1055',0,3,0,'1349900228036','2018-10-13'),(16,2560,'1041',0,5,0,'1349900228036','2018-10-13'),(17,2560,'1042',0,5,0,'1349900228036','2018-10-13'),(18,2560,'1043',0,5,0,'1349900228036','2018-10-13'),(19,2561,'1017',0,8,0,'1349900228036','2018-10-13'),(20,2561,'1018',0,8,0,'1349900228036','2018-10-13'),(21,2561,'1020',0,8,0,'1349900228036','2018-10-13'),(22,2561,'1030',0,8,0,'1349900228036','2018-10-13'),(23,2561,'1051',0,8,0,'1349900228036','2018-10-13'),(24,2561,'1012',0,9,0,'1349900228036','2018-10-13'),(25,2561,'1013',0,9,0,'1349900228036','2018-10-13'),(26,2561,'1014',0,9,0,'1349900228036','2018-10-13'),(27,2561,'1021',0,9,0,'1349900228036','2018-10-13'),(28,2561,'1028',0,9,0,'1349900228036','2018-10-13'),(29,2561,'1029',0,9,0,'1349900228036','2018-10-13'),(30,2561,'1056',0,3,0,'1349900228036','2018-10-13'),(31,2561,'1068',6,3,0,'1349900228036','2018-10-13'),(32,2561,'1067',9,3,0,'1349900228036','2018-10-13'),(33,2561,'1036',0,6,0,'1349900228036','2018-10-13'),(34,2560,'1045',1,4,0,'1349900228036','2018-10-13'),(35,2560,'1046',2,4,0,'1349900228036','2018-10-13'),(36,2560,'1047',3,4,0,'1349900228036','2018-10-13'),(37,2560,'1057',4,4,0,'1349900228036','2018-10-13'),(38,2560,'1022',0,7,0,'1349900228036','2018-10-13'),(39,2560,'1023',0,7,0,'1349900228036','2018-10-13'),(40,2560,'1024',0,7,0,'1349900228036','2018-10-13'),(41,2560,'1034',0,6,0,'1349900228036','2018-10-13'),(42,2560,'1035',0,6,0,'1349900228036','2018-10-13'),(43,2560,'1037',0,6,0,'1349900228036','2018-10-13'),(44,2560,'1038',0,6,0,'1349900228036','2018-10-13'),(45,2560,'1039',0,6,0,'1349900228036','2018-10-13'),(46,2560,'1048',0,6,0,'1349900228036','2018-10-13'),(48,2562,'1095',8,9,0,'1341900147764','2019-10-02'),(49,2561,'1069',10,3,0,'1341900147764','2019-09-26'),(50,2561,'1059',1,4,0,'1341900147764','2019-09-26'),(51,2561,'1060',2,4,0,'1341900147764','2019-09-26'),(52,2561,'1062',4,4,0,'1341900147764','2019-09-26'),(53,2561,'1063',5,4,0,'1341900147764','2019-09-26'),(54,2561,'1070',5,4,0,'1341900147764','2019-09-26'),(55,2561,'1064',6,4,0,'1341900147764','2019-09-26'),(56,2561,'1065',7,4,0,'1341900147764','2019-09-26'),(57,2561,'1066',8,4,0,'1341900147764','2019-09-26'),(58,2561,'1052',0,5,0,'1341900147764','2019-09-26'),(59,2561,'1053',0,5,0,'1341900147764','2019-09-26'),(60,2561,'1054',0,5,0,'1341900147764','2019-09-26'),(61,2561,'1055',0,5,0,'1341900147764','2019-09-26'),(62,2561,'1045',1,6,0,'1341900147764','2019-09-26'),(63,2561,'1047',3,6,0,'1341900147764','2019-09-26'),(64,2561,'1061',3,6,0,'1341900147764','2019-09-26'),(65,2561,'1057',4,6,0,'1341900147764','2019-09-26'),(66,2561,'1041',0,7,0,'1341900147764','2019-09-26'),(67,2561,'1042',0,7,0,'1341900147764','2019-09-26'),(68,2561,'1046',2,7,0,'1341900147764','2019-09-26'),(69,2561,'1034',0,8,0,'1341900147764','2019-09-26'),(70,2561,'1035',0,8,0,'1341900147764','2019-09-26'),(71,2561,'1037',0,8,0,'1341900147764','2019-09-26'),(72,2561,'1038',0,8,0,'1341900147764','2019-09-26'),(73,2561,'1039',0,8,0,'1341900147764','2019-09-26'),(74,2561,'1048',0,8,0,'1341900147764','2019-09-26'),(75,2561,'1022',0,9,0,'1341900147764','2019-09-26'),(76,2561,'1023',0,9,0,'1341900147764','2019-09-26'),(77,2561,'1024',0,9,0,'1341900147764','2019-09-26'),(78,2561,'1043',0,9,0,'1341900147764','2019-09-26'),(79,2561,'1095',8,9,0,'1341900147764','2019-09-26'),(80,2562,'1094',6,4,0,'1341900147764','2020-02-17'),(81,2562,'1085',4,4,0,'1341900147764','2020-02-17'),(82,2562,'1083',1,4,0,'1341900147764','2020-02-17'),(83,2562,'1082',5,4,0,'1341900147764','2020-02-17'),(84,2562,'1081',4,4,0,'1341900147764','2020-02-17'),(85,2562,'1080',2,4,0,'1341900147764','2020-02-17'),(86,2562,'1078',6,7,0,'1341900147764','2020-02-17'),(87,2562,'1046',2,7,0,'1341900147764','2020-02-17'),(88,2562,'1044',3,8,0,'1341900147764','2020-02-17'),(89,2562,'1043',2,8,0,'1341900147764','2020-02-17'),(90,2562,'1042',1,8,0,'1341900147764','2020-02-17'),(91,2562,'1041',4,8,0,'1341900147764','2020-02-17'),(92,2562,'1089',1,2,0,'1341900147764','2020-02-18'),(93,2562,'1090',2,2,0,'1341900147764','2020-02-18'),(94,2562,'1091',3,2,0,'1341900147764','2020-02-18'),(95,2562,'1092',4,2,0,'1341900147764','2020-02-18'),(96,2562,'1079',1,3,0,'1341900147764','2020-02-18'),(97,2562,'1084',2,3,0,'1341900147764','2020-02-18'),(98,2562,'1086',3,3,0,'1341900147764','2020-02-18'),(99,2562,'1087',4,3,0,'1341900147764','2020-02-18'),(100,2562,'1093',5,3,0,'1341900147764','2020-02-18'),(101,2562,'1060',2,5,0,'1341900147764','2020-02-18'),(102,2562,'1070',5,7,0,'1341900147764','2020-02-18'),(103,2562,'1061',2,5,0,'1341900147764','2020-02-18'),(104,2562,'1075',7,9,0,'1341900147764','2020-02-18'),(105,2562,'1034',0,9,0,'1341900147764','2020-07-08'),(106,2562,'1035',0,9,0,'1341900147764','2020-07-08'),(107,2562,'1037',0,9,0,'1341900147764','2020-07-08'),(108,2562,'1038',0,9,0,'1341900147764','2020-07-08'),(109,2562,'1039',0,9,0,'1341900147764','2020-07-08'),(110,2562,'1048',0,9,0,'1341900147764','2020-07-08'),(111,2563,'1096',1,2,0,'1341900147764','2020-07-17'),(112,2563,'1097',2,2,0,'1341900147764','2020-07-17'),(113,2563,'1098',3,2,0,'1341900147764','2020-07-17'),(114,2563,'1099',4,2,0,'1341900147764','2020-07-17'),(115,2563,'1100',5,2,0,'1341900147764','2020-07-17'),(116,2563,'1089',1,3,0,'1341900147764','2020-07-17'),(117,2563,'1090',2,3,0,'1341900147764','2020-07-17'),(118,2563,'1091',3,3,0,'1341900147764','2020-07-17'),(119,2563,'1092',4,3,0,'1341900147764','2020-07-17'),(120,2563,'1083',1,5,0,'1341900147764','2020-07-17'),(121,2563,'1080',2,5,0,'1341900147764','2020-07-17'),(122,2563,'1081',4,5,0,'1341900147764','2020-07-17'),(123,2563,'1085',4,5,0,'1341900147764','2020-07-17'),(124,2563,'1082',5,5,0,'1341900147764','2020-07-17'),(125,2563,'1094',6,5,0,'1341900147764','2020-07-17'),(126,2563,'1052',0,7,0,'1341900147764','2020-07-17'),(127,2563,'1053',0,7,0,'1341900147764','2020-07-17'),(128,2563,'1054',0,7,0,'1341900147764','2020-07-17'),(129,2563,'1055',0,7,0,'1341900147764','2020-07-17'),(130,2563,'1042',1,9,0,'1341900147764','2020-07-17'),(131,2563,'1043',2,9,0,'1341900147764','2020-07-17'),(132,2563,'1044',3,9,0,'1341900147764','2020-07-17'),(133,2563,'1041',4,9,0,'1341900147764','2020-07-17'),(134,2563,'1079',1,4,0,'1341900147764','2020-07-17'),(135,2563,'1084',2,4,0,'1341900147764','2020-07-17'),(136,2563,'1086',3,4,0,'1341900147764','2020-07-17'),(137,2563,'1087',4,4,0,'1341900147764','2020-07-17'),(138,2563,'1093',5,4,0,'1341900147764','2020-07-17'),(139,2563,'1059',1,6,0,'1341900147764','2020-07-17'),(140,2563,'1063',5,6,0,'1341900147764','2020-07-17'),(141,2563,'1061',2,6,0,'1341900147764','2020-07-17'),(142,2563,'1062',2,6,0,'1341900147764','2020-07-17'),(143,2563,'1064',5,6,0,'1341900147764','2020-07-17'),(144,2563,'1065',6,6,0,'1341900147764','2020-07-17'),(145,2563,'1066',7,6,0,'1341900147764','2020-07-17'),(146,2563,'1045',1,8,0,'1341900147764','2020-07-17'),(147,2563,'1046',2,8,0,'1341900147764','2020-07-17'),(148,2563,'1047',3,8,0,'1341900147764','2020-07-17'),(149,2563,'1057',4,8,0,'1341900147764','2020-07-17'),(150,2563,'1070',5,8,0,'1341900147764','2020-07-17'),(151,2563,'1078',6,8,0,'1341900147764','2020-07-17'),(152,2563,'1101',7,8,0,'1341900147764','2020-07-17'),(153,2564,'1096',1,3,0,'1340700286093','2021-06-28'),(154,2564,'1101',7,9,0,'1340700286093','2021-06-28'),(155,2564,'1078',6,9,0,'1340700286093','2021-06-28'),(156,2564,'1070',5,9,0,'1340700286093','2021-06-28'),(157,2564,'1057',4,9,0,'1340700286093','2021-06-28'),(158,2564,'1047',3,9,0,'1340700286093','2021-06-28'),(159,2564,'1046',2,9,0,'1340700286093','2021-06-28'),(160,2564,'1045',1,9,0,'1340700286093','2021-06-28'),(161,2564,'1055',2,8,0,'1339900236039','2021-10-05'),(162,2564,'1054',4,8,0,'1339900236039','2021-10-05'),(163,2564,'1053',3,8,0,'1339900236039','2021-10-05'),(164,2564,'1052',1,8,0,'1339900236039','2021-10-05'),(165,2564,'1066',7,7,0,'1340700286093','2021-06-28'),(166,2564,'1065',6,7,0,'1340700286093','2021-06-28'),(195,2564,'1108',4,5,0,'1339900236039','2022-09-16'),(168,2564,'1062',2,7,0,'1340700286093','2021-06-28'),(169,2564,'1063',5,7,0,'1340700286093','2021-06-28'),(170,2564,'1061',2,7,0,'1340700286093','2021-06-28'),(171,2564,'1059',1,7,0,'1340700286093','2021-06-28'),(172,2564,'1094',6,6,0,'1340700286093','2021-06-28'),(173,2564,'1097',2,3,0,'1340700286093','2021-06-28'),(174,2564,'1092',4,4,0,'1340700286093','2021-06-28'),(196,2564,'1120',5,5,0,'1339900236039','2022-09-16'),(176,2564,'1085',4,6,0,'1340700286093','2021-06-28'),(177,2564,'1081',4,6,0,'1340700286093','2021-06-28'),(178,2564,'1083',1,6,0,'1340700286093','2021-06-28'),(179,2564,'1080',2,6,0,'1340700286093','2021-06-28'),(180,2564,'1093',5,5,0,'1340700286093','2021-06-28'),(181,2564,'1087',4,5,0,'1340700286093','2021-06-28'),(182,2564,'1086',3,5,0,'1340700286093','2021-06-28'),(183,2564,'1091',3,4,0,'1340700286093','2021-06-28'),(184,2564,'1084',2,5,0,'1340700286093','2021-06-28'),(185,2564,'1079',1,5,0,'1340700286093','2021-06-28'),(186,2564,'1089',1,4,0,'1340700286093','2021-06-28'),(187,2564,'1098',3,3,0,'1340700286093','2021-06-28'),(193,2564,'1110',1,2,1,'1340700286093','2022-03-28'),(189,2564,'1100',5,3,0,'1340700286093','2021-06-28'),(194,2564,'1112',5,4,0,'1339900236039','2022-09-16'),(192,2564,'1102',5,8,0,'1339900236039','2021-10-05'),(197,2564,'1113',3,7,0,'1339900236039','2022-09-16'),(198,2564,'1111',6,7,0,'1339900236039','2022-09-16'),(199,2564,'1107',5,8,0,'1339900236039','2022-09-16'),(200,2564,'1114',6,8,0,'1339900236039','2022-09-16'),(201,2565,'1062',2,8,0,'1339900236039','2022-09-16'),(202,2565,'1107',5,9,0,'1340700286093','2023-10-12'),(203,2565,'1114',6,9,0,'1340700286093','2023-10-12'),(204,2565,'1111',6,8,0,'1340700286093','2023-10-12'),(205,2565,'1112',5,5,0,'1340700286093','2023-10-12'),(206,2565,'1108',4,6,0,'1340700286093','2023-10-12'),(207,2565,'1120',5,6,0,'1340700286093','2023-10-12'),(208,2565,'1094',6,7,0,'1339900236039','2022-09-16'),(209,2565,'1113',3,8,0,'1340700286093','2023-10-12'),(210,2565,'1098',3,5,0,'1340700286093','2023-10-12'),(211,2565,'1100',4,5,0,'1340700286093','2023-10-12'),(212,2565,'1091',2,6,0,'1340700286093','2023-10-12'),(213,2565,'1092',3,6,0,'1340700286093','2023-10-12'),(214,2565,'1085',5,8,0,'1340700286093','2023-10-12'),(215,2565,'1063',7,9,0,'1340700286093','2023-10-12'),(216,2565,'1065',4,9,0,'1340700286093','2023-10-12'),(217,2565,'1110',1,4,0,'1340700286093','2023-10-12'),(227,2565,'1066',3,9,0,'1340700286093','2023-10-12'),(219,2565,'1096',1,4,0,'1340700286093','2023-10-12'),(220,2565,'1079',1,7,0,'1340700286093','2023-10-12'),(221,2565,'1084',2,7,0,'1340700286093','2023-10-12'),(222,2565,'1086',3,7,0,'1340700286093','2023-10-12'),(223,2565,'1087',4,7,0,'1340700286093','2023-10-12'),(224,2565,'1093',5,7,0,'1340700286093','2023-10-12'),(233,2565,'1089',1,6,0,'1340700286093','2023-10-12'),(234,2565,'1116',2,2,0,'1340700286093','2023-10-12'),(225,2565,'1115',1,3,0,'1340700286093','2023-10-12'),(226,2565,'1119',5,3,0,'1340700286093','2023-10-12'),(228,2565,'1061',2,9,0,'1340700286093','2023-10-12'),(229,2565,'1059',1,9,0,'1340700286093','2023-10-12'),(230,2565,'1081',4,8,0,'1340700286093','2023-10-12'),(231,2565,'1083',2,8,0,'1340700286093','2023-10-12'),(232,2565,'1080',1,8,0,'1340700286093','2023-10-12'),(235,2565,'1117',3,2,0,'1340700286093','2023-10-12'),(236,2565,'1118',4,2,0,'1340700286093','2023-10-12'),(237,2565,'1097',2,4,0,'1340700286093','2023-10-12'),(238,2566,'1097',2,5,0,'1340700286093','2023-10-12'),(239,2566,'1096',1,5,0,'1340700286093','2023-10-12'),(240,2566,'1118',4,3,0,'1340700286093','2023-10-12'),(241,2566,'1115',1,3,0,'1340700286093','2023-10-12'),(242,2566,'1117',3,3,0,'1340700286093','2023-10-12'),(243,2566,'1116',2,3,0,'1340700286093','2023-10-12'),(244,2566,'1121',1,2,0,'1340700286093','2023-10-12'),(245,2566,'1127',2,2,0,'1340700286093','2023-10-12'),(246,2566,'1122',3,2,0,'1340700286093','2023-10-12'),(247,2566,'1123',4,2,0,'1340700286093','2023-10-12'),(248,2566,'1124',5,2,0,'1340700286093','2023-10-12'),(253,2567,'1129',1,2,0,'1340700286093','2024-10-02'),(250,2566,'1064',8,9,0,'1340700286093','2023-10-12'),(251,2566,'1126',6,7,0,'1340700286093','2023-10-12'),(252,2566,'1128',2,4,0,'1340700286093','2024-03-05'),(254,2567,'1121',1,3,0,'1340700286093','2024-10-02'),(255,2566,'1129',1,2,0,'1340700286093','2024-10-02'),(256,2566,'1119',5,3,0,'1340700286093','2024-10-02'),(257,2566,'1110',1,4,0,'1340700286093','2024-10-02'),(258,2566,'1098',3,5,0,'1340700286093','2024-10-02'),(259,2566,'1100',4,5,0,'1340700286093','2024-10-02'),(260,2566,'1112',5,5,0,'1340700286093','2024-10-02'),(261,2566,'1089',1,6,0,'1340700286093','2024-10-02'),(262,2566,'1091',2,6,0,'1340700286093','2024-10-02'),(263,2566,'1092',3,6,0,'1340700286093','2024-10-02'),(264,2566,'1108',4,6,0,'1340700286093','2024-10-02'),(265,2566,'1120',5,6,0,'1340700286093','2024-10-02'),(266,2566,'1079',1,7,0,'1340700286093','2024-10-02'),(267,2566,'1084',2,7,0,'1340700286093','2024-10-02'),(268,2566,'1086',3,7,0,'1340700286093','2024-10-02'),(269,2566,'1087',4,7,0,'1340700286093','2024-10-02'),(270,2566,'1093',5,7,0,'1340700286093','2024-10-02'),(271,2566,'1080',1,8,0,'1340700286093','2024-10-02'),(272,2566,'1083',2,8,0,'1340700286093','2024-10-02'),(273,2566,'1113',3,8,0,'1340700286093','2024-10-02'),(274,2566,'1081',4,8,0,'1340700286093','2024-10-02'),(275,2566,'1085',5,8,0,'1340700286093','2024-10-02'),(276,2566,'1111',6,8,0,'1340700286093','2024-10-02'),(277,2566,'1059',1,9,0,'1340700286093','2024-10-02'),(278,2566,'1061',2,9,0,'1340700286093','2024-10-02'),(279,2566,'1066',3,9,0,'1340700286093','2024-10-02'),(280,2566,'1065',4,9,0,'1340700286093','2024-10-02'),(281,2566,'1107',5,9,0,'1340700286093','2024-10-02'),(282,2566,'1114',6,9,0,'1340700286093','2024-10-02'),(283,2566,'1063',7,9,0,'1340700286093','2024-10-02'),(284,2567,'1131',6,4,0,'1340700286093','2024-10-02'),(285,2567,'1132',6,6,0,'1340700286093','2024-10-02'),(286,2567,'1133',7,6,0,'1340700286093','2024-10-02'),(287,2567,'1134',7,8,0,'1340700286093','2024-10-02'),(288,2568,'1129',1,3,0,'3340700043049','2025-09-17'),(289,2568,'1134',7,9,0,'3340700043049','2025-09-17'),(290,2568,'1126',6,9,0,'3340700043049','2025-09-17'),(291,2568,'1093',5,9,0,'3340700043049','2025-09-17'),(292,2568,'1087',4,9,0,'3340700043049','2025-09-17'),(293,2568,'1086',3,9,0,'3340700043049','2025-09-17'),(294,2568,'1084',2,9,0,'3340700043049','2025-09-17'),(295,2568,'1079',1,9,0,'3340700043049','2025-09-17'),(296,2568,'1120',5,8,0,'3340700043049','2025-09-17'),(297,2568,'1108',4,8,0,'3340700043049','2025-09-17'),(298,2568,'1092',3,8,0,'3340700043049','2025-09-17'),(299,2568,'1091',2,8,0,'3340700043049','2025-09-17'),(300,2568,'1089',1,8,0,'3340700043049','2025-09-17'),(301,2568,'1133',7,7,0,'3340700043049','2025-09-17'),(302,2568,'1132',6,7,0,'3340700043049','2025-09-17'),(303,2568,'1112',5,7,0,'3340700043049','2025-09-17'),(304,2568,'1100',4,7,0,'3340700043049','2025-09-17'),(305,2568,'1098',3,7,0,'3340700043049','2025-09-17'),(306,2568,'1097',2,7,0,'3340700043049','2025-09-17'),(307,2568,'1096',1,7,0,'3340700043049','2025-09-17'),(308,2568,'1110',1,6,0,'3340700043049','2025-09-17'),(309,2568,'1131',6,5,0,'3340700043049','2025-09-17'),(310,2568,'1115',1,5,0,'3340700043049','2025-09-17'),(311,2568,'1116',2,5,0,'3340700043049','2025-09-17'),(312,2568,'1117',3,5,0,'3340700043049','2025-09-17'),(313,2568,'1119',5,5,0,'3340700043049','2025-09-17'),(314,2568,'1118',4,5,0,'3340700043049','2025-09-17'),(315,2568,'1121',1,4,0,'3340700043049','2025-09-17'),(316,2568,'1127',2,4,0,'3340700043049','2025-09-17'),(317,2568,'1122',3,4,0,'3340700043049','2025-09-17'),(318,2568,'1123',4,4,0,'3340700043049','2025-09-17'),(319,2568,'1124',5,4,0,'3340700043049','2025-09-17'),(320,2568,'1145',7,5,0,'3340700043049','2025-09-17'),(321,2568,'1146',8,7,0,'3340700043049','2025-09-17'),(322,2568,'1135',1,1,0,'3340700043049','2025-09-17'),(323,2568,'1136',2,1,0,'3340700043049','2025-09-17'),(324,2568,'1137',1,2,0,'3340700043049','2025-09-17'),(325,2568,'1138',2,2,0,'3340700043049','2025-09-17'),(326,2568,'1139',3,2,0,'3340700043049','2025-09-17'),(327,2568,'1140',4,2,0,'3340700043049','2025-09-17'),(328,2568,'1141',5,2,0,'3340700043049','2025-09-17'),(329,2568,'1142',6,2,0,'3340700043049','2025-09-17'),(330,2568,'1143',7,2,0,'3340700043049','2025-09-17'),(331,2568,'1144',8,2,0,'3340700043049','2025-09-17'),(332,2567,'1135',1,1,0,'3340700043049','2025-09-17'),(333,2567,'1136',2,1,0,'3340700043049','2025-09-17'),(334,2567,'1137',1,2,0,'3340700043049','2025-09-17'),(335,2567,'1138',2,2,0,'3340700043049','2025-09-17'),(336,2567,'1139',3,2,0,'3340700043049','2025-09-17'),(337,2567,'1140',4,2,0,'3340700043049','2025-09-17'),(338,2567,'1141',5,2,0,'3340700043049','2025-09-17'),(339,2567,'1142',6,2,0,'3340700043049','2025-09-17'),(340,2567,'1143',7,2,0,'3340700043049','2025-09-17'),(341,2567,'1144',8,2,0,'3340700043049','2025-09-17'),(342,2567,'1127',2,4,0,'3340700043049','2025-09-17'),(343,2567,'1122',3,4,0,'3340700043049','2025-09-17'),(344,2567,'1123',4,4,0,'3340700043049','2025-09-17'),(345,2567,'1124',5,4,0,'3340700043049','2025-09-17'),(346,2567,'1115',1,5,0,'3340700043049','2025-09-17'),(347,2567,'1116',2,5,0,'3340700043049','2025-09-17'),(348,2567,'1117',3,5,0,'3340700043049','2025-09-17'),(349,2567,'1118',4,5,0,'3340700043049','2025-09-17'),(350,2567,'1119',5,5,0,'3340700043049','2025-09-17'),(351,2567,'1145',7,5,0,'3340700043049','2025-09-17'),(352,2567,'1110',1,6,0,'3340700043049','2025-09-17'),(353,2567,'1096',1,7,0,'3340700043049','2025-09-17'),(354,2567,'1097',2,7,0,'3340700043049','2025-09-17'),(355,2567,'1098',3,7,0,'3340700043049','2025-09-17'),(356,2567,'1100',4,7,0,'3340700043049','2025-09-17'),(357,2567,'1112',5,7,0,'3340700043049','2025-09-17'),(358,2567,'1146',8,7,0,'3340700043049','2025-09-17'),(359,2567,'1089',1,8,0,'3340700043049','2025-09-17'),(360,2567,'1091',2,8,0,'3340700043049','2025-09-17'),(361,2567,'1092',3,8,0,'3340700043049','2025-09-17'),(362,2567,'1108',4,8,0,'3340700043049','2025-09-17'),(363,2567,'1120',5,8,0,'3340700043049','2025-09-17'),(364,2567,'1079',1,9,0,'3340700043049','2025-09-17'),(365,2567,'1084',2,9,0,'3340700043049','2025-09-17'),(366,2567,'1086',3,9,0,'3340700043049','2025-09-17'),(367,2567,'1087',4,9,0,'3340700043049','2025-09-17'),(368,2567,'1093',5,9,0,'3340700043049','2025-09-17'),(369,2567,'1126',6,9,0,'3340700043049','2025-09-17');

--
-- Table structure for table `student_main_edyear`
--

CREATE TABLE `student_main_edyear` (
  `id` int(11) NOT NULL AUTO_INCREMENT,
  `ed_year` int(11) NOT NULL,
  `year_active` tinyint(4) NOT NULL,
  PRIMARY KEY (`id`),
  UNIQUE KEY `ed_year` (`ed_year`)
) ENGINE=MyISAM AUTO_INCREMENT=10 DEFAULT CHARSET=utf8 COLLATE=utf8_general_ci;

--
-- Dumping data for table `student_main_edyear`
--

INSERT INTO `student_main_edyear` VALUES (1,2559,0),(2,2561,0),(3,2562,0),(4,2563,0),(5,2564,0),(6,2565,0),(7,2566,0),(8,2567,0),(9,2568,1);

--
-- Table structure for table `student_main_expand1`
--

CREATE TABLE `student_main_expand1` (
  `id` int(11) NOT NULL AUTO_INCREMENT,
  `person_id` varchar(13) NOT NULL,
  `e_name` varchar(50) NOT NULL,
  `e_surname` varchar(50) NOT NULL,
  `birthday` date NOT NULL,
  `blood` varchar(2) NOT NULL,
  `race` varchar(30) NOT NULL,
  `nationlity` varchar(30) NOT NULL,
  `religion` varchar(30) NOT NULL,
  `rec_date` date NOT NULL,
  PRIMARY KEY (`id`),
  UNIQUE KEY `person_id` (`person_id`)
) ENGINE=MyISAM AUTO_INCREMENT=40 DEFAULT CHARSET=utf8 COLLATE=utf8_general_ci;

--
-- Dumping data for table `student_main_expand1`
--

INSERT INTO `student_main_expand1` VALUES (1,'1118700267381','Kunnapat','Keawmanee','2014-06-02','','','','','2024-10-02'),(2,'1348900359831','Niphapor','Aukkaboot','2014-12-17','','','','','2024-10-02'),(3,'1348900349827','Waritthisa','Dongsang','2014-08-20','','','','','2024-10-02'),(4,'1348900318476','Kamphon','Saikam','2013-07-21','','','','','2024-10-02'),(5,'1348900319227','Chayanon','Srisaard','2013-08-02','','','','','2024-10-02'),(6,'1348900324298','Teerapat','Madadad','2013-10-04','','','','','2024-10-02'),(7,'1348900339651','Yuttana','Tanankam','2014-04-13','','','','','2024-10-02'),(8,'1348900334358','Irawadee','Pormsamer','2014-02-03','','','','','2024-10-02'),(9,'1348900312915','Sirintra','Srisaart','2013-05-15','','','','','2024-10-02'),(10,'1348900272301','Kridtimed','Deelonnamg','2012-01-06','','','','','2024-10-02'),(11,'1478600224203','Thanapat','Petchchai','2012-03-26','-','ไทย','ไทย','พุทธ','2020-07-08'),(12,'1348900281254','Sompok','Pochai','2012-04-30','','','','','2024-10-02'),(13,'1342900056336','Weerapat','Srisaart','2011-10-22','','','','','2024-10-02'),(14,'1348900275556','Boontida','Rukla','2012-02-16','','','','','2024-10-02'),(15,'1348900247820','Wilai','Chawee','2011-04-10','','','','','2023-10-12'),(16,'1348900246645','Thawatchai','Singjaroen','2011-03-24','','','','','2023-10-12'),(17,'1101801676728','Nawapon','Ratchuisand','2011-02-14','','','','','2023-10-12'),(18,'1348900246581','Nuttida','Boonruk','2011-03-23','','','','','2023-10-12'),(19,'1348900224455','Thanakorn','Janmanee','2009-10-15','-','ไทย','ไทย','พุทธ','2020-07-08'),(20,'1306200097700','Tharathep','Insub','2010-02-09','-','ไทย','ไทย','พุทธ','2020-07-08'),(21,'1348900224170','Kunanon','Buasod','2009-10-09','-','ไทย','ไทย','พุทธ','2020-07-08'),(22,'1349901628569','Vorasit','Satsuwan','2009-05-30','-','ไทย','ไทย','พุทธ','2020-07-08'),(23,'1348900225745','Piyathida','Putthaisok','2009-12-03','-','ไทย','ไทย','พุทธ','2020-07-08'),(24,'1100801644761','Krit','Mekati','2009-04-14','-','ไทย','ไทย','พุทธ','2020-07-08'),(25,'1348900196974','Wutthichai','Wongla','2008-07-21','-','ไทย','ไทย','พุทธ','2020-07-08'),(26,'1348900213801','Saranya','Thanankum','2009-02-13','-','ไทย','ไทย','พุทธ','2020-07-08'),(27,'1348900397368','Phutharapong','Phima','2016-04-22','','','','','2024-10-02'),(28,'2342900014194','Pronpituk','Srisaat','2016-02-03','','','','','2024-10-02'),(29,'1349902085402','Poromin','Phalapol','2015-12-20','','','','','2024-10-02'),(30,'1348900384444','Chaichana','Boonnum','2015-11-05','','','','','2024-10-02'),(31,'1348900398186','Narubodin','Wongat','2016-05-03','','','','','2024-10-02'),(32,'1348900305633','Adisak','Sintuprasit','2013-02-09','','','','','2024-10-02'),(33,'1348900260711','Kunakon','Ratcharin','2011-09-08','','','','','2024-10-02'),(34,'1348900345376','Prawpimol','Harchana','2014-07-01','','','','','2024-10-02'),(35,'1348900288984','Narakon','Haluay','2012-08-07','','','','','2024-10-02'),(36,'1348900287732','Teerapat','Janthawee','2012-07-24','','','','','2024-10-02'),(37,'1348900305684','Panitda','Kodtussa','2013-02-09','','','','','2024-10-02'),(38,'1749901438715','Nichanan','Sonprasit','2012-09-27','','','','','2024-10-02'),(39,'1102004276662','Parichart','Soommoa','2011-07-08','','','','','2024-10-02');

--
-- Table structure for table `student_main_permission`
--

CREATE TABLE `student_main_permission` (
  `id` int(11) NOT NULL AUTO_INCREMENT,
  `person_id` varchar(13) NOT NULL,
  `p1` tinyint(4) NOT NULL,
  `officer` varchar(13) NOT NULL,
  `rec_date` date NOT NULL,
  PRIMARY KEY (`id`)
) ENGINE=MyISAM AUTO_INCREMENT=11 DEFAULT CHARSET=utf8 COLLATE=utf8_general_ci;

--
-- Dumping data for table `student_main_permission`
--

INSERT INTO `student_main_permission` VALUES (9,'1349900905135',1,'3340700043049','2025-09-17'),(5,'3340700043049',1,'1340700286093','2021-08-10'),(6,'1341990004224',1,'1340700286093','2021-08-10'),(8,'1331300078338',1,'3340700043049','2025-09-17'),(10,'1101200245421',1,'3340700043049','2025-09-17');

--
-- Table structure for table `system_ed_year`
--

CREATE TABLE `system_ed_year` (
  `id` int(11) NOT NULL AUTO_INCREMENT,
  `ed_year` int(11) NOT NULL,
  `active_ed_year` tinyint(4) NOT NULL,
  PRIMARY KEY (`id`),
  UNIQUE KEY `ed_year` (`ed_year`)
) ENGINE=MyISAM DEFAULT CHARSET=utf8 COLLATE=utf8_general_ci;

--
-- Dumping data for table `system_ed_year`
--


--
-- Table structure for table `system_export_list`
--

CREATE TABLE `system_export_list` (
  `id` int(11) NOT NULL AUTO_INCREMENT,
  `data_name` varchar(50) NOT NULL,
  `thai_dataname` varchar(100) NOT NULL,
  PRIMARY KEY (`id`),
  UNIQUE KEY `data_name` (`data_name`)
) ENGINE=MyISAM AUTO_INCREMENT=7 DEFAULT CHARSET=utf8 COLLATE=utf8_general_ci;

--
-- Dumping data for table `system_export_list`
--

INSERT INTO `system_export_list` VALUES (1,'person','ข้อมูลครูและบุคลากร'),(2,'student','ข้อมูลพื้นฐานนักเรียน'),(3,'onet','ผลสอบ O-NET'),(4,'plan','แผนปฏิบัติการประจำปี'),(5,'student_check','การมาเรียน'),(6,'health','สุขภาพผู้เรียน');

--
-- Table structure for table `system_export_log`
--

CREATE TABLE `system_export_log` (
  `id` int(11) NOT NULL AUTO_INCREMENT,
  `computer_ip` varchar(25) NOT NULL,
  `requester` varchar(50) NOT NULL,
  `login_time` datetime NOT NULL,
  `data` varchar(20) NOT NULL,
  PRIMARY KEY (`id`)
) ENGINE=MyISAM AUTO_INCREMENT=133 DEFAULT CHARSET=utf8 COLLATE=utf8_general_ci;

--
-- Dumping data for table `system_export_log`
--

INSERT INTO `system_export_log` VALUES (1,'61.19.124.234','amssplus','2018-09-28 16:32:16','person'),(2,'61.19.124.234','amssplus','2019-07-11 03:18:14','student_check'),(3,'61.19.124.234','amssplus','2019-09-18 13:50:32','student_check'),(4,'61.19.124.234','amssplus','2019-10-08 15:38:32','student_check'),(5,'122.155.223.9','amssplus','2020-02-06 10:30:09','student_check'),(6,'122.155.223.9','amssplus','2020-02-06 10:31:31','health'),(7,'122.155.223.9','amssplus','2020-02-06 10:31:46','plan'),(8,'122.155.223.9','amssplus','2020-03-30 15:03:46','student_check'),(9,'122.155.223.9','amssplus','2020-07-31 11:26:53','person'),(10,'122.155.223.9','amssplus','2020-08-05 08:35:39','student'),(11,'122.155.223.9','amssplus','2020-08-05 10:31:22','student'),(12,'192.168.1.6','amssplus','2021-05-29 11:02:54','student'),(13,'192.168.1.6','amssplus','2021-05-29 11:03:55','student'),(14,'192.168.1.6','amssplus','2021-05-29 11:54:30','student'),(15,'192.168.1.6','amssplus','2021-05-29 11:57:28','student'),(16,'192.168.1.6','amssplus','2021-05-29 11:58:28','student'),(17,'192.168.1.6','amssplus','2021-05-29 12:13:02','student'),(18,'192.168.1.6','amssplus','2021-05-29 12:22:13','student'),(19,'192.168.1.6','amssplus','2021-05-29 12:23:59','student'),(20,'192.168.1.6','amssplus','2021-05-29 12:44:07','student'),(21,'192.168.1.6','amssplus','2021-05-29 12:50:53','student'),(22,'192.168.1.6','amssplus','2021-05-29 12:57:28','student'),(23,'192.168.1.6','amssplus','2021-05-29 12:58:33','student'),(24,'192.168.1.6','amssplus','2021-05-29 14:27:46','student'),(25,'192.168.1.6','amssplus','2021-05-29 14:28:20','student'),(26,'192.168.1.6','amssplus','2021-05-29 14:28:48','student'),(27,'192.168.1.6','amssplus','2021-05-29 14:29:26','student'),(28,'192.168.1.6','amssplus','2021-05-29 14:31:59','student'),(29,'10.1.1.3','amssplus','2021-10-06 10:31:18','student'),(30,'10.1.1.3','amssplus','2022-03-28 13:59:37','student'),(31,'10.1.1.3','amssplus','2022-03-28 14:35:17','student'),(32,'10.1.1.3','amssplus','2022-09-07 14:40:46','student'),(33,'','amssplus','2023-01-02 14:23:42','student_check'),(34,'','amssplus','2023-01-02 17:52:55','student_check'),(35,'','amssplus','2023-01-02 17:54:30','student_check'),(36,'','amssplus','2023-01-02 17:55:04','student_check'),(37,'10.1.1.3','amssplus','2023-01-22 00:23:53','student'),(38,'127.0.0.1','amssplus','2023-02-16 09:21:32','student_check'),(39,'127.0.0.1','amssplus','2023-02-16 09:22:10','student_check'),(40,'127.0.0.1','amssplus','2023-02-16 09:33:04','student_check'),(41,'10.1.1.3','amssplus','2023-04-05 09:48:24','student_check'),(42,'10.1.1.3','amssplus','2023-04-05 22:38:14','student_check'),(43,'10.1.1.3','amssplus','2023-04-06 10:24:16','student_check'),(44,'10.1.1.3','amssplus','2023-04-06 10:25:07','student_check'),(45,'10.1.1.3','amssplus','2023-04-06 10:47:28','student_check'),(46,'10.1.1.3','amssplus','2023-04-06 13:13:42','student_check'),(47,'10.1.1.3','amssplus','2023-06-15 10:20:26','student_check'),(48,'10.1.1.3','amssplus','2023-06-15 10:57:53','student'),(49,'10.1.1.3','amssplus','2023-06-16 15:17:32','student'),(50,'10.1.1.3','amssplus','2023-07-04 11:26:11','student'),(51,'127.0.0.1','amssplus','2023-07-09 13:19:02','student_check'),(52,'127.0.0.1','amssplus','2023-07-09 13:19:48','student_check'),(53,'127.0.0.1','amssplus','2023-07-09 13:20:15','student_check'),(54,'127.0.0.1','amssplus','2023-07-09 13:20:47','student_check'),(55,'127.0.0.1','amssplus','2023-07-09 13:21:45','student_check'),(56,'127.0.0.1','amssplus','2023-07-09 13:27:59','student_check'),(57,'127.0.0.1','amssplus','2023-07-09 13:29:14','student_check'),(58,'127.0.0.1','amssplus','2023-07-09 13:31:16','student_check'),(59,'127.0.0.1','amssplus','2023-07-09 13:36:13','student_check'),(60,'127.0.0.1','amssplus','2023-07-09 13:37:42','student_check'),(61,'127.0.0.1','amssplus','2023-07-09 13:39:13','student_check'),(62,'127.0.0.1','amssplus','2023-07-09 13:41:20','student_check'),(63,'127.0.0.1','amssplus','2023-07-09 13:42:41','student_check'),(64,'127.0.0.1','amssplus','2023-07-09 13:43:40','student_check'),(65,'127.0.0.1','amssplus','2023-07-09 13:47:35','student_check'),(66,'127.0.0.1','amssplus','2023-07-09 13:59:32','student_check'),(67,'127.0.0.1','amssplus','2023-07-09 14:08:16','student_check'),(68,'127.0.0.1','amssplus','2023-07-09 14:17:28','student_check'),(69,'127.0.0.1','amssplus','2023-07-11 07:58:02','student_check'),(70,'127.0.0.1','amssplus','2023-07-11 08:13:02','student_check'),(71,'127.0.0.1','amssplus','2023-07-11 08:13:52','student_check'),(72,'127.0.0.1','amssplus','2023-07-11 08:14:43','student_check'),(73,'127.0.0.1','amssplus','2023-07-26 13:59:26','student_check'),(74,'127.0.0.1','amssplus','2023-07-26 14:01:03','student_check'),(75,'127.0.0.1','amssplus','2023-07-26 14:02:38','student_check'),(76,'127.0.0.1','amssplus','2023-07-26 14:53:19','student_check'),(77,'127.0.0.1','amssplus','2023-07-26 14:59:02','student_check'),(78,'127.0.0.1','amssplus','2023-07-26 15:09:40','student_check'),(79,'127.0.0.1','amssplus','2023-07-26 15:11:31','student_check'),(80,'127.0.0.1','amssplus','2023-07-26 15:12:30','student_check'),(81,'127.0.0.1','amssplus','2023-07-26 15:19:06','student_check'),(82,'127.0.0.1','amssplus','2023-07-26 15:23:02','student_check'),(83,'127.0.0.1','amssplus','2023-07-26 15:27:52','student_check'),(84,'127.0.0.1','amssplus','2023-07-26 15:31:34','student_check'),(85,'127.0.0.1','amssplus','2023-07-26 15:32:41','student_check'),(86,'127.0.0.1','amssplus','2023-07-26 15:33:36','student_check'),(87,'127.0.0.1','amssplus','2023-07-26 15:46:13','student_check'),(88,'127.0.0.1','amssplus','2023-07-26 15:49:28','student_check'),(89,'127.0.0.1','amssplus','2023-07-26 15:51:25','student_check'),(90,'127.0.0.1','amssplus','2023-07-26 15:53:12','student_check'),(91,'127.0.0.1','amssplus','2023-07-26 15:57:43','student_check'),(92,'127.0.0.1','amssplus','2023-07-26 17:14:22','student_check'),(93,'127.0.0.1','amssplus','2023-07-26 17:20:11','student_check'),(94,'127.0.0.1','amssplus','2023-07-26 17:27:04','student_check'),(95,'127.0.0.1','amssplus','2023-07-26 17:28:38','student_check'),(96,'127.0.0.1','amssplus','2023-07-26 17:42:41','student_check'),(97,'10.1.1.3','amssplus','2023-08-24 09:05:33','student_check'),(98,'10.1.1.3','amssplus','2023-08-31 09:02:52','student_check'),(99,'10.1.1.3','amssplus','2023-08-31 09:03:19','student_check'),(100,'10.1.1.3','amssplus','2023-08-31 09:03:39','student_check'),(101,'10.1.1.3','amssplus','2023-09-15 20:09:22','student'),(102,'10.1.1.3','amssplus','2023-10-12 14:16:20','student'),(103,'','amssplus','2023-10-25 14:28:43','student_check'),(104,'','amssplus','2023-10-25 14:28:46','student_check'),(105,'','amssplus','2023-10-25 14:28:48','student_check'),(106,'10.255.199.107','amssplus','2024-04-03 08:09:41','student'),(107,'10.255.199.107','amssplus','2024-06-10 11:59:49','student'),(108,'10.255.199.107','amssplus','2024-06-10 12:33:48','student'),(109,'10.255.199.107','amssplus','2024-06-14 10:46:05','student'),(110,'10.255.199.107','amssplus','2024-06-14 10:52:07','student'),(111,'10.255.199.107','amssplus','2024-06-17 04:37:32','person'),(112,'10.255.199.107','amssplus','2024-06-17 04:39:47','person'),(113,'10.255.199.107','amssplus','2024-06-20 04:51:35','student_check'),(114,'10.255.199.107','amssplus','2024-10-02 09:06:00','student'),(115,'10.255.199.107','amssplus','2025-03-11 07:57:44','student_check'),(116,'10.255.199.107','amssplus','2025-03-11 07:58:04','student_check'),(117,'10.255.199.107','amssplus','2025-03-28 01:48:40','student_check'),(118,'10.255.199.107','amssplus','2025-04-14 14:35:24','student_check'),(119,'10.255.199.107','amssplus','2025-04-14 14:35:24','student_check'),(120,'10.255.199.107','amssplus','2025-04-14 14:35:24','student_check'),(121,'10.255.199.107','amssplus','2025-05-29 08:10:42','person'),(122,'10.255.199.107','amssplus','2025-05-29 08:11:31','person'),(123,'10.255.199.107','amssplus','2025-06-08 04:35:53','student'),(124,'10.255.199.107','amssplus','2025-07-30 08:33:29','student_check'),(125,'10.255.199.107','amssplus','2025-08-01 22:22:46','student_check'),(126,'10.255.199.107','amssplus','2025-08-01 22:22:50','student_check'),(127,'10.255.199.107','amssplus','2025-08-14 04:22:06','person'),(128,'10.255.199.107','amssplus','2025-08-14 04:23:15','person'),(129,'10.255.199.107','amssplus','2025-08-25 03:03:50','student'),(130,'10.255.199.107','amssplus','2025-08-29 02:40:18','student_check'),(131,'10.255.199.107','amssplus','2025-09-13 05:43:36','student_check'),(132,'10.255.199.107','amssplus','2025-09-13 05:54:44','student_check');

--
-- Table structure for table `system_export_permission`
--

CREATE TABLE `system_export_permission` (
  `id` int(11) NOT NULL AUTO_INCREMENT,
  `requester` varchar(50) NOT NULL,
  `data_name` varchar(50) NOT NULL,
  `status` tinyint(4) NOT NULL DEFAULT 0,
  PRIMARY KEY (`id`)
) ENGINE=MyISAM AUTO_INCREMENT=7 DEFAULT CHARSET=utf8 COLLATE=utf8_general_ci;

--
-- Dumping data for table `system_export_permission`
--

INSERT INTO `system_export_permission` VALUES (1,'amssplus','plan',1),(2,'amssplus','onet',1),(3,'amssplus','student',1),(4,'amssplus','person',1),(5,'amssplus','student_check',1),(6,'amssplus','health',1);

--
-- Table structure for table `system_module`
--

CREATE TABLE `system_module` (
  `id` int(11) NOT NULL AUTO_INCREMENT,
  `module` varchar(50) NOT NULL,
  `module_desc` varchar(100) NOT NULL,
  `workgroup` tinyint(4) DEFAULT NULL,
  `module_active` tinyint(4) DEFAULT NULL,
  `module_order` int(11) NOT NULL,
  `web_link` tinyint(4) DEFAULT NULL,
  `url` varchar(150) DEFAULT NULL,
  `where_work` tinyint(4) NOT NULL DEFAULT 0,
  `menu_pic` varchar(25) NOT NULL,
  PRIMARY KEY (`id`)
) ENGINE=MyISAM AUTO_INCREMENT=118 DEFAULT CHARSET=utf8 COLLATE=utf8_general_ci;

--
-- Dumping data for table `system_module`
--

INSERT INTO `system_module` VALUES (1,'budget','การเงินและบัญชี',2,1,27,NULL,NULL,0,'fab fa-btc'),(32,'person','ข้อมูลพื้นฐานครูและบุคลากร',3,1,31,0,'',0,'fa fa-user-circle'),(36,'standard','มาตรฐานการศึกษา',1,1,21,NULL,NULL,0,''),(49,'health','ตรวจสุขภาพนักเรียน',1,1,5,NULL,NULL,1,''),(50,'student_check','การมาเรียน',1,1,1,NULL,NULL,0,'fa fa-child'),(70,'work','﻿การปฏิบัติราชการ',4,1,49,NULL,NULL,0,''),(48,'savings','ออมทรัพย์นักเรียน',1,1,3,NULL,NULL,1,'fab fa-btc'),(45,'student_main','ข้อมูลพื้นฐานนักเรียน',1,1,7,NULL,NULL,0,'fa fa-child'),(47,'plan','การวางแผน',2,1,25,NULL,NULL,0,''),(73,'la','﻿การลา',4,1,47,NULL,NULL,0,''),(80,'mail','ไปรษณีย์_โรงเรียน',4,1,39,0,'',0,'fa fa-envelope'),(75,'meeting','﻿จองห้องประชุม',4,1,51,NULL,NULL,0,''),(76,'permission','﻿ขออนุญาตไปราชการ',4,1,45,NULL,NULL,0,''),(81,'achievement','﻿ผลสัมฤทธิ์ทางการเรียน',1,1,23,NULL,NULL,0,'fa fa-graduation-cap'),(83,'cabinet','﻿ตู้เอกสาร',4,1,53,NULL,NULL,0,''),(99,'bookregister','﻿ทะเบียนหนังสือราชการ',4,1,35,0,'',0,'fa fa-book'),(104,'bets','ทดสอบการศึกษา_โรงเรียน',1,1,9,0,'',1,'fa fa-graduation-cap'),(103,'student_inclass','﻿การเข้าชั้นเรียน',1,1,22,0,'',0,'fa fa-child'),(105,'delegate','﻿การรักษาราชการแทน',3,1,33,0,'',0,''),(106,'affair','﻿ภารกิจผู้อำนวยการ',4,1,43,0,'',0,''),(107,'amss_bets','﻿ทดสอบการศึกษา_สพท.',1,1,11,0,'',1,'fa fa-graduation-cap'),(108,'amss_budget','﻿การบริหารงบประมาณ_สพท.',2,1,29,0,'',0,'fab fa-btc'),(109,'amss_mail','﻿ไปรษณีย์_สพท.',4,1,41,0,'',0,'fa fa-envelope'),(110,'amss_opportunity','﻿สิทธิและโอกาสทางการศึกษา',1,1,15,0,'',0,'fa fa-child'),(111,'amss_spacial_student','﻿นักเรียนพิเศษ',1,1,17,0,'',0,'fa fa-child'),(112,'amss_supervision','﻿นิเทศ ติดตาม ประเมินผล',1,1,13,0,'',0,'fa fa-graduation-cap'),(113,'book','﻿รับส่งหนังสือราชการ',4,1,37,0,'',0,'fa fa-book'),(114,'warroom','﻿วิเคราะห์สภาพการณ์',1,1,0,0,'',0,'fa fa-filter'),(115,'questionnaire','﻿แบบสอบถาม',4,1,0,0,'',0,''),(116,'idplan','﻿ข้อมูลครูและบุคลากร(ส่วนเพิ่ม)',3,1,0,0,'',0,''),(117,'amss_safety','สถานศึกษาปลอดภัย',1,1,0,0,'',0,'');

--
-- Table structure for table `system_module_admin`
--

CREATE TABLE `system_module_admin` (
  `id` int(11) NOT NULL AUTO_INCREMENT,
  `person_id` varchar(13) NOT NULL,
  `module` varchar(30) NOT NULL,
  `officer` varchar(13) NOT NULL,
  `rec_date` date NOT NULL,
  PRIMARY KEY (`id`)
) ENGINE=MyISAM AUTO_INCREMENT=161 DEFAULT CHARSET=utf8 COLLATE=utf8_general_ci;

--
-- Dumping data for table `system_module_admin`
--

INSERT INTO `system_module_admin` VALUES (92,'1349900025941','student_main','3340700043049','2018-09-29'),(82,'1340700286093','bookregister','3340700043049','2018-09-29'),(87,'1349900228036','student_check','3340700043049','2018-09-29'),(84,'1349900025941','standard','3340700043049','2018-09-29'),(81,'3349800094107','person','7777','2018-09-29'),(89,'1340700286093','student_inclass','3340700043049','2018-09-29'),(95,'1349900025941','achievement','3340700043049','2018-09-29'),(91,'1349900228036','student_inclass','3340700043049','2018-09-29'),(83,'1349900228036','standard','3340700043049','2018-09-29'),(17,'1340700286093','plan','3340700043049','2018-09-29'),(18,'1340700286093','person','3340700043049','2018-09-29'),(20,'1340700286093','meeting','3340700043049','2018-09-29'),(21,'1340700286093','mail','3340700043049','2018-09-29'),(90,'1349900025941','student_inclass','3340700043049','2018-09-29'),(80,'3349800094107','bookregister','7777','2018-09-29'),(24,'1349900025941','person','3340700043049','2018-09-29'),(25,'1349900025941','health','3451100164295','2016-06-18'),(26,'1349900228036','health','3451100164295','2016-06-18'),(27,'3340700043049','health','3451100164295','2016-06-18'),(28,'1340700286093','health','3451100164295','2016-06-18'),(88,'1349900025941','student_check','3340700043049','2018-09-29'),(31,'1349900025941','la','3451100164295','2016-06-18'),(32,'3340700043049','la','3451100164295','2016-06-18'),(33,'1340700286093','la','3451100164295','2016-06-18'),(34,'1349900025941','permission','3451100164295','2016-06-18'),(35,'3340700043049','permission','3451100164295','2016-06-18'),(36,'1340700286093','permission','3451100164295','2016-06-18'),(147,'5500590005355','amss_budget','1341900147764','2019-05-22'),(38,'1349900228036','work','3451100164295','2016-06-18'),(39,'3340700043049','work','3451100164295','2016-06-18'),(40,'1340700286093','work','3451100164295','2016-06-18'),(85,'1340700286093','standard','3340700043049','2018-09-29'),(42,'1349900025941','cabinet','3451100164295','2016-06-18'),(43,'1349900228036','cabinet','3451100164295','2016-06-18'),(44,'3340700043049','cabinet','3451100164295','2016-06-18'),(45,'1340700286093','cabinet','3451100164295','2016-06-18'),(46,'1349900025941','savings','3451100164295','2016-06-18'),(47,'3340700043049','savings','3451100164295','2016-06-18'),(48,'1340700286093','savings','3451100164295','2016-06-18'),(49,'1349900228036','savings','3451100164295','2016-06-18'),(50,'1349900228036','la','3451100164295','2016-06-18'),(86,'1340700286093','student_check','3340700043049','2018-09-29'),(52,'1349900025941','budget','3451100164295','2016-07-24'),(53,'3340700043049','budget','3451100164295','2016-07-24'),(55,'3340700043049','plan','7777','2016-07-24'),(56,'1349900025941','plan','3451100164295','2016-07-24'),(79,'1349900228036','plan','3340700043049','2018-09-29'),(58,'3340700043049','achievement','3340700043049','2018-09-29'),(59,'3340700043049','affair','3340700043049','2018-09-29'),(60,'3340700043049','amss_bets','3340700043049','2018-09-29'),(61,'3340700043049','book','3340700043049','2018-09-29'),(62,'3340700043049','bookregister','3340700043049','2018-09-29'),(63,'3349800094107','book','7777','2018-09-29'),(64,'1340700286093','book','7777','2018-09-29'),(65,'3340700043049','amss_budget','3340700043049','2018-09-29'),(66,'3340700043049','amss_mail','3340700043049','2018-09-29'),(67,'3340700043049','amss_opportunity','3340700043049','2018-09-29'),(68,'3340700043049','amss_spacial_student','3340700043049','2018-09-29'),(69,'3340700043049','amss_supervision','3340700043049','2018-09-29'),(70,'3340700043049','bets','3340700043049','2018-09-29'),(71,'3340700043049','delegate','3340700043049','2018-09-29'),(72,'3340700043049','mail','3340700043049','2018-09-29'),(73,'3340700043049','meeting','3340700043049','2018-09-29'),(74,'3340700043049','person','3340700043049','2018-09-29'),(75,'3340700043049','standard','3340700043049','2018-09-29'),(76,'3340700043049','student_check','3340700043049','2018-09-29'),(77,'3340700043049','student_inclass','3340700043049','2018-09-29'),(78,'3340700043049','student_main','3340700043049','2018-09-29'),(93,'1340700286093','student_main','3340700043049','2018-09-29'),(94,'1349900228036','student_main','3340700043049','2018-09-29'),(96,'1349900228036','achievement','3340700043049','2018-09-29'),(97,'1340700286093','achievement','3340700043049','2018-09-29'),(98,'1349900025941','amss_bets','3340700043049','2018-09-29'),(99,'1349900228036','amss_bets','3340700043049','2018-09-29'),(100,'1340700286093','amss_bets','3340700043049','2018-09-29'),(101,'1349900025941','amss_budget','3340700043049','2018-09-29'),(102,'1340700286093','amss_mail','3340700043049','2018-09-29'),(103,'1349900025941','amss_mail','3340700043049','2018-09-29'),(104,'1349900228036','mail','3340700043049','2018-09-29'),(105,'1349900228036','amss_mail','3340700043049','2018-09-29'),(106,'1340700286093','amss_opportunity','3340700043049','2018-09-29'),(107,'1349900025941','amss_opportunity','3340700043049','2018-09-29'),(108,'1349900228036','amss_opportunity','3340700043049','2018-09-29'),(109,'3349800094107','amss_opportunity','3340700043049','2018-09-29'),(110,'1349900025941','amss_spacial_student','3340700043049','2018-09-29'),(111,'1340700286093','amss_spacial_student','3340700043049','2018-09-29'),(112,'1349900228036','bets','3340700043049','2018-09-29'),(113,'1349900025941','bets','3340700043049','2018-09-29'),(114,'1340700286093','bets','3340700043049','2018-09-29'),(115,'1349900228036','amss_spacial_student','3340700043049','2018-09-29'),(116,'1349900025941','mail','3340700043049','2018-09-29'),(117,'3349800094107','mail','3340700043049','2018-09-29'),(118,'1349900228036','permission','3340700043049','2018-09-29'),(119,'3349800094107','bets','3340700043049','2018-09-29'),(120,'1341900147764','work','1341900147764','2018-11-15'),(121,'1341900147764','permission','1341900147764','2018-11-15'),(122,'1341900147764','person','1341900147764','2018-11-15'),(123,'1341900147764','student_main','1341900147764','2018-11-15'),(124,'1341900147764','student_check','1341900147764','2018-11-15'),(125,'1341900147764','savings','1341900147764','2018-11-15'),(126,'1341900147764','health','1341900147764','2018-11-15'),(127,'1341900147764','affair','1341900147764','2018-11-15'),(128,'1341900147764','la','1341900147764','2018-11-15'),(129,'1341900147764','bookregister','1341900147764','2018-11-15'),(130,'1341900147764','book','1341900147764','2018-11-15'),(131,'1341900147764','delegate','1341900147764','2018-11-15'),(132,'1341900147764','mail','1341900147764','2018-11-15'),(133,'1341900147764','amss_mail','1341900147764','2018-11-15'),(134,'1341900147764','budget','1341900147764','2018-11-15'),(135,'1341900147764','plan','1341900147764','2018-11-15'),(136,'1341900147764','achievement','1341900147764','2018-11-15'),(137,'1341900147764','amss_opportunity','1341900147764','2018-11-15'),(138,'1341900147764','bets','1341900147764','2018-11-15'),(139,'1341900147764','amss_bets','1341900147764','2018-11-15'),(140,'1341900147764','cabinet','1341900147764','2018-11-15'),(141,'1349900228036','book','3349800094107','2018-11-30'),(142,'1341990004224','achievement','1341900147764','2019-05-22'),(143,'1341990004224','amss_bets','1341900147764','2019-05-22'),(144,'1341990004224','bets','1341900147764','2019-05-22'),(145,'5500590005355','achievement','1341900147764','2019-05-22'),(146,'5500590005355','affair','1341900147764','2019-05-22'),(148,'1341990004224','amss_supervision','1341900147764','2019-09-02'),(149,'1341990004224','affair','1341900147764','2020-04-02'),(150,'1341990004224','standard','1341900147764','2020-04-02'),(151,'1341990004224','amss_opportunity','1341900147764','2020-04-02'),(152,'1341990004224','questionnaire','1341900147764','2020-04-02'),(153,'1341990004224','student_check','1341900147764','2020-04-02'),(154,'1341990004224','student_inclass','1341900147764','2020-04-02'),(155,'1341990004224','health','1341900147764','2020-04-02'),(156,'1341990004224','student_main','1341900147764','2020-04-02'),(157,'1341990004224','person','1341900147764','2020-04-02'),(158,'1349900228036','budget','1349900228036','2020-11-14'),(159,'1339900236039','achievement','5500590005355','2022-07-24'),(160,'1339900236039','student_main','5500590005355','2022-07-24');

--
-- Table structure for table `system_school_name`
--

CREATE TABLE `system_school_name` (
  `id` tinyint(4) NOT NULL,
  `school_name` varchar(200) NOT NULL,
  `school_type` tinyint(4) NOT NULL DEFAULT 0
) ENGINE=MyISAM DEFAULT CHARSET=utf8 COLLATE=utf8_general_ci;

--
-- Dumping data for table `system_school_name`
--

INSERT INTO `system_school_name` VALUES (1,'โรงเรียนบ้านหนองกระบือ',0);

--
-- Table structure for table `system_sync_code`
--

CREATE TABLE `system_sync_code` (
  `id` tinyint(4) NOT NULL AUTO_INCREMENT,
  `office_code` varchar(10) NOT NULL,
  `system_name` varchar(50) NOT NULL,
  `sync_code` varchar(50) NOT NULL,
  `amssplus_url` varchar(100) NOT NULL,
  PRIMARY KEY (`id`),
  UNIQUE KEY `system_name` (`system_name`)
) ENGINE=MyISAM AUTO_INCREMENT=5 DEFAULT CHARSET=utf8 COLLATE=utf8_general_ci;

--
-- Dumping data for table `system_sync_code`
--

INSERT INTO `system_sync_code` VALUES (4,'34040127','amssplus','34040127','http://10.255.199.107/amssplus');

--
-- Table structure for table `system_version`
--

CREATE TABLE `system_version` (
  `id` int(11) NOT NULL AUTO_INCREMENT,
  `smss_version` varchar(100) NOT NULL,
  `status1` int(11) DEFAULT NULL,
  `status2` int(11) DEFAULT NULL,
  `status3` int(11) DEFAULT NULL,
  `status4` int(11) DEFAULT NULL,
  `status5` int(11) DEFAULT NULL,
  PRIMARY KEY (`id`)
) ENGINE=MyISAM AUTO_INCREMENT=2 DEFAULT CHARSET=utf8 COLLATE=utf8_general_ci;

--
-- Dumping data for table `system_version`
--

INSERT INTO `system_version` VALUES (1,'6.4',1,0,0,0,0);

--
-- Table structure for table `system_workgroup`
--

CREATE TABLE `system_workgroup` (
  `id` tinyint(4) NOT NULL AUTO_INCREMENT,
  `workgroup` tinyint(4) NOT NULL,
  `workgroup_desc` varchar(50) NOT NULL,
  `workgroup_order` int(11) NOT NULL,
  PRIMARY KEY (`id`),
  UNIQUE KEY `workgroup` (`workgroup`)
) ENGINE=MyISAM AUTO_INCREMENT=5 DEFAULT CHARSET=utf8 COLLATE=utf8_general_ci;

--
-- Dumping data for table `system_workgroup`
--

INSERT INTO `system_workgroup` VALUES (1,1,'บริหารวิชาการ',4),(2,2,'บริหารงบประมาณ',6),(3,3,'บริหารงานบุคคล',8),(4,4,'บริหารทั่วไป',10);

--
-- Table structure for table `work_main`
--

CREATE TABLE `work_main` (
  `id` int(11) NOT NULL AUTO_INCREMENT,
  `work_date` date NOT NULL,
  `person_id` varchar(13) NOT NULL,
  `work` tinyint(4) NOT NULL DEFAULT 0,
  `comment` varchar(150) DEFAULT NULL,
  `rec_date` datetime NOT NULL,
  `officer` varchar(13) NOT NULL,
  PRIMARY KEY (`id`),
  KEY `work_date` (`work_date`),
  KEY `person_id` (`person_id`)
) ENGINE=MyISAM AUTO_INCREMENT=1567 DEFAULT CHARSET=utf8 COLLATE=utf8_general_ci;

--
-- Dumping data for table `work_main`
--

INSERT INTO `work_main` VALUES (1,'2016-06-18','3451100164295',1,NULL,'2016-06-18 14:14:59','3340700043049'),(2,'2016-06-18','3340700043049',1,NULL,'2016-06-18 14:14:59','3340700043049'),(3,'2016-06-18','1349900025941',1,NULL,'2016-06-18 14:14:59','3340700043049'),(4,'2016-06-18','1349900228036',1,NULL,'2016-06-18 14:14:59','3340700043049'),(5,'2016-06-18','1340700286093',1,NULL,'2016-06-18 14:14:59','3340700043049'),(6,'2016-06-18','1349900335771',1,NULL,'2016-06-18 14:14:59','3340700043049'),(7,'2016-06-18','5340790012551',1,NULL,'2016-06-18 14:14:59','3340700043049'),(8,'2016-06-17','3451100164295',1,NULL,'2016-06-18 14:16:40','1349900335771'),(9,'2016-06-17','3340700043049',1,NULL,'2016-06-18 14:16:40','1349900335771'),(10,'2016-06-17','1349900025941',1,NULL,'2016-06-18 14:16:40','1349900335771'),(11,'2016-06-17','1349900228036',1,NULL,'2016-06-18 14:16:40','1349900335771'),(12,'2016-06-17','1340700286093',1,NULL,'2016-06-18 14:16:40','1349900335771'),(13,'2016-06-17','1349900335771',1,NULL,'2016-06-18 14:16:40','1349900335771'),(14,'2016-06-17','5340790012551',1,NULL,'2016-06-18 14:16:40','1349900335771'),(15,'2018-11-13','1341900147764',1,NULL,'2018-11-19 09:32:51','1341900147764'),(16,'2018-11-14','1341900147764',1,NULL,'2018-11-19 09:33:02','1341900147764'),(17,'2018-11-15','1341900147764',2,NULL,'2018-11-19 09:33:13','1341900147764'),(18,'2018-11-01','3340700043049',1,NULL,'2018-11-19 09:30:47','1341900147764'),(19,'2018-11-01','1349900025941',1,NULL,'2018-11-19 09:30:47','1341900147764'),(20,'2018-11-01','1349900228036',1,NULL,'2018-11-19 09:30:47','1341900147764'),(21,'2018-11-01','1340700286093',1,NULL,'2018-11-19 09:30:47','1341900147764'),(22,'2018-11-01','5340790012551',1,NULL,'2018-11-19 09:30:47','1341900147764'),(23,'2018-11-01','1341900147764',1,NULL,'2018-11-19 09:30:47','1341900147764'),(24,'2018-11-02','3340700043049',1,NULL,'2018-11-19 09:31:02','1341900147764'),(25,'2018-11-02','1349900025941',1,NULL,'2018-11-19 09:31:02','1341900147764'),(26,'2018-11-02','1349900228036',1,NULL,'2018-11-19 09:31:02','1341900147764'),(27,'2018-11-02','1340700286093',1,NULL,'2018-11-19 09:31:02','1341900147764'),(28,'2018-11-02','5340790012551',1,NULL,'2018-11-19 09:31:02','1341900147764'),(29,'2018-11-02','1341900147764',1,NULL,'2018-11-19 09:31:02','1341900147764'),(30,'2018-11-05','3340700043049',1,NULL,'2018-11-19 09:31:20','1341900147764'),(31,'2018-11-05','1349900025941',1,NULL,'2018-11-19 09:31:20','1341900147764'),(32,'2018-11-05','1349900228036',1,NULL,'2018-11-19 09:31:20','1341900147764'),(33,'2018-11-05','1340700286093',1,NULL,'2018-11-19 09:31:20','1341900147764'),(34,'2018-11-05','5340790012551',1,NULL,'2018-11-19 09:31:20','1341900147764'),(35,'2018-11-05','1341900147764',1,NULL,'2018-11-19 09:31:20','1341900147764'),(36,'2018-11-06','3340700043049',1,NULL,'2018-11-19 09:31:34','1341900147764'),(37,'2018-11-06','1349900025941',1,NULL,'2018-11-19 09:31:34','1341900147764'),(38,'2018-11-06','1349900228036',1,NULL,'2018-11-19 09:31:34','1341900147764'),(39,'2018-11-06','1340700286093',1,NULL,'2018-11-19 09:31:34','1341900147764'),(40,'2018-11-06','5340790012551',1,NULL,'2018-11-19 09:31:34','1341900147764'),(41,'2018-11-06','1341900147764',1,NULL,'2018-11-19 09:31:34','1341900147764'),(42,'2018-11-07','3340700043049',1,NULL,'2018-11-19 09:31:50','1341900147764'),(43,'2018-11-07','1349900025941',1,NULL,'2018-11-19 09:31:50','1341900147764'),(44,'2018-11-07','1349900228036',1,NULL,'2018-11-19 09:31:50','1341900147764'),(45,'2018-11-07','1340700286093',1,NULL,'2018-11-19 09:31:50','1341900147764'),(46,'2018-11-07','5340790012551',1,NULL,'2018-11-19 09:31:50','1341900147764'),(47,'2018-11-07','1341900147764',1,NULL,'2018-11-19 09:31:50','1341900147764'),(48,'2018-11-08','3340700043049',1,NULL,'2018-11-19 09:32:01','1341900147764'),(49,'2018-11-08','1349900025941',1,NULL,'2018-11-19 09:32:01','1341900147764'),(50,'2018-11-08','1349900228036',1,NULL,'2018-11-19 09:32:01','1341900147764'),(51,'2018-11-08','1340700286093',1,NULL,'2018-11-19 09:32:01','1341900147764'),(52,'2018-11-08','5340790012551',1,NULL,'2018-11-19 09:32:01','1341900147764'),(53,'2018-11-08','1341900147764',1,NULL,'2018-11-19 09:32:01','1341900147764'),(54,'2018-11-09','3340700043049',1,NULL,'2018-11-19 09:32:26','1341900147764'),(55,'2018-11-09','1349900025941',1,NULL,'2018-11-19 09:32:26','1341900147764'),(56,'2018-11-09','1349900228036',1,NULL,'2018-11-19 09:32:26','1341900147764'),(57,'2018-11-09','1340700286093',1,NULL,'2018-11-19 09:32:26','1341900147764'),(58,'2018-11-09','5340790012551',1,NULL,'2018-11-19 09:32:26','1341900147764'),(59,'2018-11-09','1341900147764',1,NULL,'2018-11-19 09:32:26','1341900147764'),(60,'2018-11-12','3340700043049',1,NULL,'2018-11-19 09:32:38','1341900147764'),(61,'2018-11-12','1349900025941',1,NULL,'2018-11-19 09:32:38','1341900147764'),(62,'2018-11-12','1349900228036',1,NULL,'2018-11-19 09:32:38','1341900147764'),(63,'2018-11-12','1340700286093',1,NULL,'2018-11-19 09:32:38','1341900147764'),(64,'2018-11-12','5340790012551',1,NULL,'2018-11-19 09:32:38','1341900147764'),(65,'2018-11-12','1341900147764',1,NULL,'2018-11-19 09:32:38','1341900147764'),(66,'2018-11-13','3340700043049',1,NULL,'2018-11-19 09:32:51','1341900147764'),(67,'2018-11-13','1349900025941',1,NULL,'2018-11-19 09:32:51','1341900147764'),(68,'2018-11-13','1349900228036',1,NULL,'2018-11-19 09:32:51','1341900147764'),(69,'2018-11-13','1340700286093',1,NULL,'2018-11-19 09:32:51','1341900147764'),(70,'2018-11-13','5340790012551',1,NULL,'2018-11-19 09:32:51','1341900147764'),(71,'2018-11-14','3340700043049',1,NULL,'2018-11-19 09:33:02','1341900147764'),(72,'2018-11-14','1349900025941',1,NULL,'2018-11-19 09:33:02','1341900147764'),(73,'2018-11-14','1349900228036',1,NULL,'2018-11-19 09:33:02','1341900147764'),(74,'2018-11-14','1340700286093',1,NULL,'2018-11-19 09:33:02','1341900147764'),(75,'2018-11-14','5340790012551',1,NULL,'2018-11-19 09:33:02','1341900147764'),(76,'2018-11-15','3340700043049',1,NULL,'2018-11-19 09:33:13','1341900147764'),(77,'2018-11-15','1349900025941',1,NULL,'2018-11-19 09:33:13','1341900147764'),(78,'2018-11-15','1349900228036',1,NULL,'2018-11-19 09:33:13','1341900147764'),(79,'2018-11-15','1340700286093',1,NULL,'2018-11-19 09:33:13','1341900147764'),(80,'2018-11-15','5340790012551',1,NULL,'2018-11-19 09:33:13','1341900147764'),(81,'2018-11-16','3340700043049',1,NULL,'2018-11-19 09:33:24','1341900147764'),(82,'2018-11-16','1349900025941',1,NULL,'2018-11-19 09:33:24','1341900147764'),(83,'2018-11-16','1349900228036',1,NULL,'2018-11-19 09:33:24','1341900147764'),(84,'2018-11-16','1340700286093',1,NULL,'2018-11-19 09:33:24','1341900147764'),(85,'2018-11-16','5340790012551',1,NULL,'2018-11-19 09:33:24','1341900147764'),(86,'2018-11-16','1341900147764',1,NULL,'2018-11-19 09:33:24','1341900147764'),(87,'2018-11-19','3340700043049',1,NULL,'2018-11-19 09:33:39','1341900147764'),(88,'2018-11-19','1349900025941',1,NULL,'2018-11-19 09:33:39','1341900147764'),(89,'2018-11-19','1349900228036',1,NULL,'2018-11-19 09:33:39','1341900147764'),(90,'2018-11-19','1340700286093',1,NULL,'2018-11-19 09:33:39','1341900147764'),(91,'2018-11-19','5340790012551',1,NULL,'2018-11-19 09:33:39','1341900147764'),(92,'2018-11-19','1341900147764',1,NULL,'2018-11-19 09:33:39','1341900147764'),(93,'2018-11-20','3340700043049',1,NULL,'2018-11-20 08:59:30','1341900147764'),(94,'2018-11-20','1349900025941',1,NULL,'2018-11-20 08:59:30','1341900147764'),(95,'2018-11-20','1349900228036',1,NULL,'2018-11-20 08:59:30','1341900147764'),(96,'2018-11-20','1340700286093',1,NULL,'2018-11-20 08:59:30','1341900147764'),(97,'2018-11-20','5340790012551',1,NULL,'2018-11-20 08:59:30','1341900147764'),(98,'2018-11-20','1341900147764',1,NULL,'2018-11-20 08:59:30','1341900147764'),(99,'2018-12-14','3340700043049',1,NULL,'2018-12-14 08:56:12','1341900147764'),(100,'2018-12-14','1349900025941',1,NULL,'2018-12-14 08:56:12','1341900147764'),(101,'2018-12-14','1349900228036',1,NULL,'2018-12-14 08:56:12','1341900147764'),(102,'2018-12-14','1340700286093',1,NULL,'2018-12-14 08:56:12','1341900147764'),(103,'2018-12-14','5340790012551',1,NULL,'2018-12-14 08:56:12','1341900147764'),(104,'2018-12-14','1341900147764',1,NULL,'2018-12-14 08:56:12','1341900147764'),(105,'2018-11-21','3340700043049',1,NULL,'2018-12-14 08:52:48','1341900147764'),(106,'2018-11-21','1349900025941',1,NULL,'2018-12-14 08:52:48','1341900147764'),(107,'2018-11-21','1349900228036',1,NULL,'2018-12-14 08:52:48','1341900147764'),(108,'2018-11-21','1340700286093',1,NULL,'2018-12-14 08:52:48','1341900147764'),(109,'2018-11-21','5340790012551',1,NULL,'2018-12-14 08:52:48','1341900147764'),(110,'2018-11-21','1341900147764',1,NULL,'2018-12-14 08:52:48','1341900147764'),(111,'2018-11-22','3340700043049',1,NULL,'2018-12-14 08:53:00','1341900147764'),(112,'2018-11-22','1349900025941',1,NULL,'2018-12-14 08:53:00','1341900147764'),(113,'2018-11-22','1349900228036',1,NULL,'2018-12-14 08:53:00','1341900147764'),(114,'2018-11-22','1340700286093',1,NULL,'2018-12-14 08:53:00','1341900147764'),(115,'2018-11-22','5340790012551',1,NULL,'2018-12-14 08:53:00','1341900147764'),(116,'2018-11-22','1341900147764',1,NULL,'2018-12-14 08:53:00','1341900147764'),(117,'2018-11-23','3340700043049',1,NULL,'2018-12-14 08:53:10','1341900147764'),(118,'2018-11-23','1349900025941',1,NULL,'2018-12-14 08:53:10','1341900147764'),(119,'2018-11-23','1349900228036',1,NULL,'2018-12-14 08:53:10','1341900147764'),(120,'2018-11-23','1340700286093',1,NULL,'2018-12-14 08:53:10','1341900147764'),(121,'2018-11-23','5340790012551',1,NULL,'2018-12-14 08:53:10','1341900147764'),(122,'2018-11-23','1341900147764',1,NULL,'2018-12-14 08:53:10','1341900147764'),(123,'2018-11-26','3340700043049',1,NULL,'2018-12-14 08:53:23','1341900147764'),(124,'2018-11-26','1349900025941',1,NULL,'2018-12-14 08:53:23','1341900147764'),(125,'2018-11-26','1349900228036',1,NULL,'2018-12-14 08:53:23','1341900147764'),(126,'2018-11-26','1340700286093',1,NULL,'2018-12-14 08:53:23','1341900147764'),(127,'2018-11-26','5340790012551',1,NULL,'2018-12-14 08:53:23','1341900147764'),(128,'2018-11-26','1341900147764',1,NULL,'2018-12-14 08:53:23','1341900147764'),(129,'2018-11-27','3340700043049',1,NULL,'2018-12-14 08:53:33','1341900147764'),(130,'2018-11-27','1349900025941',1,NULL,'2018-12-14 08:53:33','1341900147764'),(131,'2018-11-27','1349900228036',1,NULL,'2018-12-14 08:53:33','1341900147764'),(132,'2018-11-27','1340700286093',1,NULL,'2018-12-14 08:53:33','1341900147764'),(133,'2018-11-27','5340790012551',1,NULL,'2018-12-14 08:53:33','1341900147764'),(134,'2018-11-27','1341900147764',1,NULL,'2018-12-14 08:53:33','1341900147764'),(135,'2018-11-28','3340700043049',1,NULL,'2018-12-14 08:53:45','1341900147764'),(136,'2018-11-28','1349900025941',1,NULL,'2018-12-14 08:53:45','1341900147764'),(137,'2018-11-28','1349900228036',1,NULL,'2018-12-14 08:53:45','1341900147764'),(138,'2018-11-28','1340700286093',1,NULL,'2018-12-14 08:53:45','1341900147764'),(139,'2018-11-28','5340790012551',1,NULL,'2018-12-14 08:53:45','1341900147764'),(140,'2018-11-28','1341900147764',1,NULL,'2018-12-14 08:53:45','1341900147764'),(141,'2018-11-29','3340700043049',1,NULL,'2018-12-14 08:53:55','1341900147764'),(142,'2018-11-29','1349900025941',1,NULL,'2018-12-14 08:53:55','1341900147764'),(143,'2018-11-29','1349900228036',1,NULL,'2018-12-14 08:53:55','1341900147764'),(144,'2018-11-29','1340700286093',1,NULL,'2018-12-14 08:53:55','1341900147764'),(145,'2018-11-29','5340790012551',1,NULL,'2018-12-14 08:53:55','1341900147764'),(146,'2018-11-29','1341900147764',1,NULL,'2018-12-14 08:53:55','1341900147764'),(147,'2018-12-03','3340700043049',1,NULL,'2018-12-14 08:54:27','1341900147764'),(148,'2018-12-03','1349900025941',1,NULL,'2018-12-14 08:54:27','1341900147764'),(149,'2018-12-03','1349900228036',1,NULL,'2018-12-14 08:54:27','1341900147764'),(150,'2018-12-03','1340700286093',1,NULL,'2018-12-14 08:54:27','1341900147764'),(151,'2018-12-03','5340790012551',1,NULL,'2018-12-14 08:54:27','1341900147764'),(152,'2018-12-03','1341900147764',1,NULL,'2018-12-14 08:54:27','1341900147764'),(153,'2018-12-04','3340700043049',1,NULL,'2018-12-14 08:54:37','1341900147764'),(154,'2018-12-04','1349900025941',1,NULL,'2018-12-14 08:54:37','1341900147764'),(155,'2018-12-04','1349900228036',1,NULL,'2018-12-14 08:54:37','1341900147764'),(156,'2018-12-04','1340700286093',1,NULL,'2018-12-14 08:54:37','1341900147764'),(157,'2018-12-04','5340790012551',1,NULL,'2018-12-14 08:54:37','1341900147764'),(158,'2018-12-04','1341900147764',1,NULL,'2018-12-14 08:54:37','1341900147764'),(159,'2018-12-05','3340700043049',1,NULL,'2018-12-14 08:54:48','1341900147764'),(160,'2018-12-05','1349900025941',1,NULL,'2018-12-14 08:54:48','1341900147764'),(161,'2018-12-05','1349900228036',1,NULL,'2018-12-14 08:54:48','1341900147764'),(162,'2018-12-05','1340700286093',1,NULL,'2018-12-14 08:54:48','1341900147764'),(163,'2018-12-05','5340790012551',1,NULL,'2018-12-14 08:54:48','1341900147764'),(164,'2018-12-05','1341900147764',1,NULL,'2018-12-14 08:54:48','1341900147764'),(165,'2018-12-06','3340700043049',1,NULL,'2018-12-14 08:54:59','1341900147764'),(166,'2018-12-06','1349900025941',1,NULL,'2018-12-14 08:54:59','1341900147764'),(167,'2018-12-06','1349900228036',1,NULL,'2018-12-14 08:54:59','1341900147764'),(168,'2018-12-06','1340700286093',1,NULL,'2018-12-14 08:54:59','1341900147764'),(169,'2018-12-06','5340790012551',1,NULL,'2018-12-14 08:54:59','1341900147764'),(170,'2018-12-06','1341900147764',1,NULL,'2018-12-14 08:54:59','1341900147764'),(171,'2018-12-07','3340700043049',1,NULL,'2018-12-14 08:55:14','1341900147764'),(172,'2018-12-07','1349900025941',1,NULL,'2018-12-14 08:55:14','1341900147764'),(173,'2018-12-07','1349900228036',1,NULL,'2018-12-14 08:55:14','1341900147764'),(174,'2018-12-07','1340700286093',1,NULL,'2018-12-14 08:55:14','1341900147764'),(175,'2018-12-07','5340790012551',1,NULL,'2018-12-14 08:55:14','1341900147764'),(176,'2018-12-07','1341900147764',2,NULL,'2018-12-14 08:55:14','1341900147764'),(177,'2018-12-11','3340700043049',1,NULL,'2018-12-14 08:55:35','1341900147764'),(178,'2018-12-11','1349900025941',1,NULL,'2018-12-14 08:55:35','1341900147764'),(179,'2018-12-11','1349900228036',1,NULL,'2018-12-14 08:55:35','1341900147764'),(180,'2018-12-11','1340700286093',1,NULL,'2018-12-14 08:55:35','1341900147764'),(181,'2018-12-11','5340790012551',1,NULL,'2018-12-14 08:55:35','1341900147764'),(182,'2018-12-11','1341900147764',1,NULL,'2018-12-14 08:55:35','1341900147764'),(183,'2018-12-12','3340700043049',1,NULL,'2018-12-14 08:55:49','1341900147764'),(184,'2018-12-12','1349900025941',1,NULL,'2018-12-14 08:55:49','1341900147764'),(185,'2018-12-12','1349900228036',1,NULL,'2018-12-14 08:55:49','1341900147764'),(186,'2018-12-12','1340700286093',1,NULL,'2018-12-14 08:55:49','1341900147764'),(187,'2018-12-12','5340790012551',1,NULL,'2018-12-14 08:55:49','1341900147764'),(188,'2018-12-12','1341900147764',1,NULL,'2018-12-14 08:55:49','1341900147764'),(189,'2018-12-13','3340700043049',1,NULL,'2018-12-14 08:56:00','1341900147764'),(190,'2018-12-13','1349900025941',1,NULL,'2018-12-14 08:56:00','1341900147764'),(191,'2018-12-13','1349900228036',1,NULL,'2018-12-14 08:56:00','1341900147764'),(192,'2018-12-13','1340700286093',1,NULL,'2018-12-14 08:56:00','1341900147764'),(193,'2018-12-13','5340790012551',1,NULL,'2018-12-14 08:56:00','1341900147764'),(194,'2018-12-13','1341900147764',1,NULL,'2018-12-14 08:56:00','1341900147764'),(195,'2020-01-01','5500590005355',1,NULL,'2020-02-17 12:20:59','1341900147764'),(196,'2020-01-01','3340700043049',1,NULL,'2020-02-17 12:20:59','1341900147764'),(197,'2020-01-01','1349900228036',1,NULL,'2020-02-17 12:20:59','1341900147764'),(198,'2020-01-01','1341990004224',1,NULL,'2020-02-17 12:20:59','1341900147764'),(199,'2020-01-01','1340700286093',1,NULL,'2020-02-17 12:20:59','1341900147764'),(200,'2020-01-01','1341900147764',1,NULL,'2020-02-17 12:20:59','1341900147764'),(201,'2020-01-01','5340790012551',1,NULL,'2020-02-17 12:20:59','1341900147764'),(202,'2020-01-02','5500590005355',1,NULL,'2020-02-11 17:22:20','1341900147764'),(203,'2020-01-02','3340700043049',1,NULL,'2020-02-11 17:22:20','1341900147764'),(204,'2020-01-02','1349900228036',1,NULL,'2020-02-11 17:22:20','1341900147764'),(205,'2020-01-02','1341990004224',1,NULL,'2020-02-11 17:22:20','1341900147764'),(206,'2020-01-02','1340700286093',1,NULL,'2020-02-11 17:22:20','1341900147764'),(207,'2020-01-02','1341900147764',1,NULL,'2020-02-11 17:22:20','1341900147764'),(208,'2020-01-02','5340790012551',1,NULL,'2020-02-11 17:22:20','1341900147764'),(209,'2020-01-03','5500590005355',1,NULL,'2020-02-11 17:22:28','1341900147764'),(210,'2020-01-03','3340700043049',1,NULL,'2020-02-11 17:22:28','1341900147764'),(211,'2020-01-03','1349900228036',1,NULL,'2020-02-11 17:22:28','1341900147764'),(212,'2020-01-03','1341990004224',1,NULL,'2020-02-11 17:22:28','1341900147764'),(213,'2020-01-03','1340700286093',1,NULL,'2020-02-11 17:22:28','1341900147764'),(214,'2020-01-03','1341900147764',1,NULL,'2020-02-11 17:22:28','1341900147764'),(215,'2020-01-03','5340790012551',1,NULL,'2020-02-11 17:22:28','1341900147764'),(216,'2020-01-06','5500590005355',1,NULL,'2020-02-11 17:22:36','1341900147764'),(217,'2020-01-06','3340700043049',1,NULL,'2020-02-11 17:22:36','1341900147764'),(218,'2020-01-06','1349900228036',1,NULL,'2020-02-11 17:22:36','1341900147764'),(219,'2020-01-06','1341990004224',1,NULL,'2020-02-11 17:22:36','1341900147764'),(220,'2020-01-06','1340700286093',1,NULL,'2020-02-11 17:22:36','1341900147764'),(221,'2020-01-06','1341900147764',1,NULL,'2020-02-11 17:22:36','1341900147764'),(222,'2020-01-06','5340790012551',1,NULL,'2020-02-11 17:22:36','1341900147764'),(223,'2020-01-07','5500590005355',1,NULL,'2020-02-11 17:22:45','1341900147764'),(224,'2020-01-07','3340700043049',1,NULL,'2020-02-11 17:22:45','1341900147764'),(225,'2020-01-07','1349900228036',1,NULL,'2020-02-11 17:22:45','1341900147764'),(226,'2020-01-07','1341990004224',1,NULL,'2020-02-11 17:22:45','1341900147764'),(227,'2020-01-07','1340700286093',1,NULL,'2020-02-11 17:22:45','1341900147764'),(228,'2020-01-07','1341900147764',1,NULL,'2020-02-11 17:22:45','1341900147764'),(229,'2020-01-07','5340790012551',1,NULL,'2020-02-11 17:22:45','1341900147764'),(230,'2020-01-08','5500590005355',1,NULL,'2020-02-11 17:22:57','1341900147764'),(231,'2020-01-08','3340700043049',1,NULL,'2020-02-11 17:22:57','1341900147764'),(232,'2020-01-08','1349900228036',1,NULL,'2020-02-11 17:22:57','1341900147764'),(233,'2020-01-08','1341990004224',1,NULL,'2020-02-11 17:22:57','1341900147764'),(234,'2020-01-08','1340700286093',1,NULL,'2020-02-11 17:22:57','1341900147764'),(235,'2020-01-08','1341900147764',1,NULL,'2020-02-11 17:22:57','1341900147764'),(236,'2020-01-08','5340790012551',1,NULL,'2020-02-11 17:22:57','1341900147764'),(237,'2020-01-09','5500590005355',1,NULL,'2020-02-11 17:23:10','1341900147764'),(238,'2020-01-09','3340700043049',1,NULL,'2020-02-11 17:23:10','1341900147764'),(239,'2020-01-09','1349900228036',1,NULL,'2020-02-11 17:23:10','1341900147764'),(240,'2020-01-09','1341990004224',1,NULL,'2020-02-11 17:23:10','1341900147764'),(241,'2020-01-09','1340700286093',1,NULL,'2020-02-11 17:23:10','1341900147764'),(242,'2020-01-09','1341900147764',1,NULL,'2020-02-11 17:23:10','1341900147764'),(243,'2020-01-09','5340790012551',1,NULL,'2020-02-11 17:23:10','1341900147764'),(244,'2020-01-10','5500590005355',1,NULL,'2020-02-11 17:23:18','1341900147764'),(245,'2020-01-10','3340700043049',1,NULL,'2020-02-11 17:23:18','1341900147764'),(246,'2020-01-10','1349900228036',1,NULL,'2020-02-11 17:23:18','1341900147764'),(247,'2020-01-10','1341990004224',1,NULL,'2020-02-11 17:23:18','1341900147764'),(248,'2020-01-10','1340700286093',1,NULL,'2020-02-11 17:23:18','1341900147764'),(249,'2020-01-10','1341900147764',1,NULL,'2020-02-11 17:23:18','1341900147764'),(250,'2020-01-10','5340790012551',1,NULL,'2020-02-11 17:23:18','1341900147764'),(251,'2020-01-13','5500590005355',1,NULL,'2020-02-11 17:23:29','1341900147764'),(252,'2020-01-13','3340700043049',1,NULL,'2020-02-11 17:23:29','1341900147764'),(253,'2020-01-13','1349900228036',1,NULL,'2020-02-11 17:23:29','1341900147764'),(254,'2020-01-13','1341990004224',1,NULL,'2020-02-11 17:23:29','1341900147764'),(255,'2020-01-13','1340700286093',1,NULL,'2020-02-11 17:23:29','1341900147764'),(256,'2020-01-13','1341900147764',1,NULL,'2020-02-11 17:23:29','1341900147764'),(257,'2020-01-13','5340790012551',1,NULL,'2020-02-11 17:23:29','1341900147764'),(258,'2020-01-14','5500590005355',1,NULL,'2020-02-11 17:23:36','1341900147764'),(259,'2020-01-14','3340700043049',1,NULL,'2020-02-11 17:23:36','1341900147764'),(260,'2020-01-14','1349900228036',1,NULL,'2020-02-11 17:23:36','1341900147764'),(261,'2020-01-14','1341990004224',1,NULL,'2020-02-11 17:23:36','1341900147764'),(262,'2020-01-14','1340700286093',1,NULL,'2020-02-11 17:23:36','1341900147764'),(263,'2020-01-14','1341900147764',1,NULL,'2020-02-11 17:23:36','1341900147764'),(264,'2020-01-14','5340790012551',1,NULL,'2020-02-11 17:23:36','1341900147764'),(265,'2020-01-15','5500590005355',1,NULL,'2020-02-11 17:23:45','1341900147764'),(266,'2020-01-15','3340700043049',1,NULL,'2020-02-11 17:23:45','1341900147764'),(267,'2020-01-15','1349900228036',1,NULL,'2020-02-11 17:23:45','1341900147764'),(268,'2020-01-15','1341990004224',1,NULL,'2020-02-11 17:23:45','1341900147764'),(269,'2020-01-15','1340700286093',1,NULL,'2020-02-11 17:23:45','1341900147764'),(270,'2020-01-15','1341900147764',1,NULL,'2020-02-11 17:23:45','1341900147764'),(271,'2020-01-15','5340790012551',1,NULL,'2020-02-11 17:23:45','1341900147764'),(272,'2020-01-16','5500590005355',1,NULL,'2020-02-11 17:23:53','1341900147764'),(273,'2020-01-16','3340700043049',1,NULL,'2020-02-11 17:23:53','1341900147764'),(274,'2020-01-16','1349900228036',1,NULL,'2020-02-11 17:23:53','1341900147764'),(275,'2020-01-16','1341990004224',1,NULL,'2020-02-11 17:23:53','1341900147764'),(276,'2020-01-16','1340700286093',1,NULL,'2020-02-11 17:23:53','1341900147764'),(277,'2020-01-16','1341900147764',1,NULL,'2020-02-11 17:23:53','1341900147764'),(278,'2020-01-16','5340790012551',1,NULL,'2020-02-11 17:23:53','1341900147764'),(279,'2020-01-17','5500590005355',1,NULL,'2020-02-11 17:24:00','1341900147764'),(280,'2020-01-17','3340700043049',1,NULL,'2020-02-11 17:24:00','1341900147764'),(281,'2020-01-17','1349900228036',1,NULL,'2020-02-11 17:24:00','1341900147764'),(282,'2020-01-17','1341990004224',1,NULL,'2020-02-11 17:24:00','1341900147764'),(283,'2020-01-17','1340700286093',1,NULL,'2020-02-11 17:24:00','1341900147764'),(284,'2020-01-17','1341900147764',1,NULL,'2020-02-11 17:24:00','1341900147764'),(285,'2020-01-17','5340790012551',1,NULL,'2020-02-11 17:24:00','1341900147764'),(286,'2020-01-20','5500590005355',1,NULL,'2020-02-11 17:24:08','1341900147764'),(287,'2020-01-20','3340700043049',1,NULL,'2020-02-11 17:24:08','1341900147764'),(288,'2020-01-20','1349900228036',1,NULL,'2020-02-11 17:24:08','1341900147764'),(289,'2020-01-20','1341990004224',1,NULL,'2020-02-11 17:24:08','1341900147764'),(290,'2020-01-20','1340700286093',1,NULL,'2020-02-11 17:24:08','1341900147764'),(291,'2020-01-20','1341900147764',1,NULL,'2020-02-11 17:24:08','1341900147764'),(292,'2020-01-20','5340790012551',1,NULL,'2020-02-11 17:24:08','1341900147764'),(293,'2020-01-21','5500590005355',1,NULL,'2020-02-11 17:24:17','1341900147764'),(294,'2020-01-21','3340700043049',1,NULL,'2020-02-11 17:24:17','1341900147764'),(295,'2020-01-21','1349900228036',1,NULL,'2020-02-11 17:24:17','1341900147764'),(296,'2020-01-21','1341990004224',1,NULL,'2020-02-11 17:24:17','1341900147764'),(297,'2020-01-21','1340700286093',1,NULL,'2020-02-11 17:24:17','1341900147764'),(298,'2020-01-21','1341900147764',1,NULL,'2020-02-11 17:24:17','1341900147764'),(299,'2020-01-21','5340790012551',1,NULL,'2020-02-11 17:24:17','1341900147764'),(300,'2020-01-22','5500590005355',1,NULL,'2020-02-11 17:24:27','1341900147764'),(301,'2020-01-22','3340700043049',1,NULL,'2020-02-11 17:24:27','1341900147764'),(302,'2020-01-22','1349900228036',1,NULL,'2020-02-11 17:24:27','1341900147764'),(303,'2020-01-22','1341990004224',1,NULL,'2020-02-11 17:24:27','1341900147764'),(304,'2020-01-22','1340700286093',1,NULL,'2020-02-11 17:24:27','1341900147764'),(305,'2020-01-22','1341900147764',1,NULL,'2020-02-11 17:24:27','1341900147764'),(306,'2020-01-22','5340790012551',1,NULL,'2020-02-11 17:24:27','1341900147764'),(307,'2020-01-23','5500590005355',1,NULL,'2020-02-11 17:24:34','1341900147764'),(308,'2020-01-23','3340700043049',1,NULL,'2020-02-11 17:24:34','1341900147764'),(309,'2020-01-23','1349900228036',1,NULL,'2020-02-11 17:24:34','1341900147764'),(310,'2020-01-23','1341990004224',1,NULL,'2020-02-11 17:24:34','1341900147764'),(311,'2020-01-23','1340700286093',1,NULL,'2020-02-11 17:24:34','1341900147764'),(312,'2020-01-23','1341900147764',1,NULL,'2020-02-11 17:24:34','1341900147764'),(313,'2020-01-23','5340790012551',1,NULL,'2020-02-11 17:24:34','1341900147764'),(314,'2020-01-24','5500590005355',1,NULL,'2020-02-11 17:24:43','1341900147764'),(315,'2020-01-24','3340700043049',1,NULL,'2020-02-11 17:24:43','1341900147764'),(316,'2020-01-24','1349900228036',1,NULL,'2020-02-11 17:24:43','1341900147764'),(317,'2020-01-24','1341990004224',1,NULL,'2020-02-11 17:24:43','1341900147764'),(318,'2020-01-24','1340700286093',1,NULL,'2020-02-11 17:24:43','1341900147764'),(319,'2020-01-24','1341900147764',1,NULL,'2020-02-11 17:24:43','1341900147764'),(320,'2020-01-24','5340790012551',1,NULL,'2020-02-11 17:24:43','1341900147764'),(321,'2020-01-27','5500590005355',1,NULL,'2020-02-11 17:24:52','1341900147764'),(322,'2020-01-27','3340700043049',1,NULL,'2020-02-11 17:24:52','1341900147764'),(323,'2020-01-27','1349900228036',1,NULL,'2020-02-11 17:24:52','1341900147764'),(324,'2020-01-27','1341990004224',1,NULL,'2020-02-11 17:24:52','1341900147764'),(325,'2020-01-27','1340700286093',1,NULL,'2020-02-11 17:24:52','1341900147764'),(326,'2020-01-27','1341900147764',1,NULL,'2020-02-11 17:24:52','1341900147764'),(327,'2020-01-27','5340790012551',1,NULL,'2020-02-11 17:24:52','1341900147764'),(328,'2020-01-28','5500590005355',1,NULL,'2020-02-11 17:25:00','1341900147764'),(329,'2020-01-28','3340700043049',1,NULL,'2020-02-11 17:25:00','1341900147764'),(330,'2020-01-28','1349900228036',1,NULL,'2020-02-11 17:25:00','1341900147764'),(331,'2020-01-28','1341990004224',1,NULL,'2020-02-11 17:25:00','1341900147764'),(332,'2020-01-28','1340700286093',1,NULL,'2020-02-11 17:25:00','1341900147764'),(333,'2020-01-28','1341900147764',1,NULL,'2020-02-11 17:25:00','1341900147764'),(334,'2020-01-28','5340790012551',1,NULL,'2020-02-11 17:25:00','1341900147764'),(335,'2020-01-29','5500590005355',1,NULL,'2020-02-11 17:25:09','1341900147764'),(336,'2020-01-29','3340700043049',1,NULL,'2020-02-11 17:25:09','1341900147764'),(337,'2020-01-29','1349900228036',1,NULL,'2020-02-11 17:25:09','1341900147764'),(338,'2020-01-29','1341990004224',1,NULL,'2020-02-11 17:25:09','1341900147764'),(339,'2020-01-29','1340700286093',1,NULL,'2020-02-11 17:25:09','1341900147764'),(340,'2020-01-29','1341900147764',1,NULL,'2020-02-11 17:25:09','1341900147764'),(341,'2020-01-29','5340790012551',1,NULL,'2020-02-11 17:25:09','1341900147764'),(342,'2020-01-30','5500590005355',1,NULL,'2020-02-11 17:25:19','1341900147764'),(343,'2020-01-30','3340700043049',1,NULL,'2020-02-11 17:25:19','1341900147764'),(344,'2020-01-30','1349900228036',1,NULL,'2020-02-11 17:25:19','1341900147764'),(345,'2020-01-30','1341990004224',1,NULL,'2020-02-11 17:25:19','1341900147764'),(346,'2020-01-30','1340700286093',1,NULL,'2020-02-11 17:25:19','1341900147764'),(347,'2020-01-30','1341900147764',1,NULL,'2020-02-11 17:25:19','1341900147764'),(348,'2020-01-30','5340790012551',1,NULL,'2020-02-11 17:25:19','1341900147764'),(349,'2020-01-31','5500590005355',1,NULL,'2020-02-11 17:25:40','1341900147764'),(350,'2020-01-31','3340700043049',1,NULL,'2020-02-11 17:25:40','1341900147764'),(351,'2020-01-31','1349900228036',1,NULL,'2020-02-11 17:25:40','1341900147764'),(352,'2020-01-31','1341990004224',1,NULL,'2020-02-11 17:25:40','1341900147764'),(353,'2020-01-31','1340700286093',1,NULL,'2020-02-11 17:25:40','1341900147764'),(354,'2020-01-31','1341900147764',1,NULL,'2020-02-11 17:25:40','1341900147764'),(355,'2020-01-31','5340790012551',1,NULL,'2020-02-11 17:25:40','1341900147764'),(356,'2020-02-03','5500590005355',1,NULL,'2020-02-11 17:25:51','1341900147764'),(357,'2020-02-03','3340700043049',1,NULL,'2020-02-11 17:25:51','1341900147764'),(358,'2020-02-03','1349900228036',1,NULL,'2020-02-11 17:25:51','1341900147764'),(359,'2020-02-03','1341990004224',1,NULL,'2020-02-11 17:25:51','1341900147764'),(360,'2020-02-03','1340700286093',1,NULL,'2020-02-11 17:25:51','1341900147764'),(361,'2020-02-03','1341900147764',1,NULL,'2020-02-11 17:25:51','1341900147764'),(362,'2020-02-03','5340790012551',1,NULL,'2020-02-11 17:25:51','1341900147764'),(363,'2020-02-04','5500590005355',1,NULL,'2020-02-11 17:26:04','1341900147764'),(364,'2020-02-04','3340700043049',1,NULL,'2020-02-11 17:26:04','1341900147764'),(365,'2020-02-04','1349900228036',1,NULL,'2020-02-11 17:26:04','1341900147764'),(366,'2020-02-04','1341990004224',1,NULL,'2020-02-11 17:26:04','1341900147764'),(367,'2020-02-04','1340700286093',1,NULL,'2020-02-11 17:26:04','1341900147764'),(368,'2020-02-04','1341900147764',1,NULL,'2020-02-11 17:26:04','1341900147764'),(369,'2020-02-04','5340790012551',1,NULL,'2020-02-11 17:26:04','1341900147764'),(370,'2020-02-05','5500590005355',1,NULL,'2020-02-11 17:26:12','1341900147764'),(371,'2020-02-05','3340700043049',1,NULL,'2020-02-11 17:26:12','1341900147764'),(372,'2020-02-05','1349900228036',1,NULL,'2020-02-11 17:26:12','1341900147764'),(373,'2020-02-05','1341990004224',1,NULL,'2020-02-11 17:26:12','1341900147764'),(374,'2020-02-05','1340700286093',1,NULL,'2020-02-11 17:26:12','1341900147764'),(375,'2020-02-05','1341900147764',1,NULL,'2020-02-11 17:26:12','1341900147764'),(376,'2020-02-05','5340790012551',1,NULL,'2020-02-11 17:26:12','1341900147764'),(377,'2020-02-06','5500590005355',1,NULL,'2020-02-11 17:26:21','1341900147764'),(378,'2020-02-06','3340700043049',1,NULL,'2020-02-11 17:26:21','1341900147764'),(379,'2020-02-06','1349900228036',1,NULL,'2020-02-11 17:26:21','1341900147764'),(380,'2020-02-06','1341990004224',1,NULL,'2020-02-11 17:26:21','1341900147764'),(381,'2020-02-06','1340700286093',1,NULL,'2020-02-11 17:26:21','1341900147764'),(382,'2020-02-06','1341900147764',1,NULL,'2020-02-11 17:26:21','1341900147764'),(383,'2020-02-06','5340790012551',1,NULL,'2020-02-11 17:26:21','1341900147764'),(384,'2020-02-07','5500590005355',1,NULL,'2020-02-11 17:26:29','1341900147764'),(385,'2020-02-07','3340700043049',1,NULL,'2020-02-11 17:26:29','1341900147764'),(386,'2020-02-07','1349900228036',1,NULL,'2020-02-11 17:26:29','1341900147764'),(387,'2020-02-07','1341990004224',1,NULL,'2020-02-11 17:26:29','1341900147764'),(388,'2020-02-07','1340700286093',1,NULL,'2020-02-11 17:26:29','1341900147764'),(389,'2020-02-07','1341900147764',1,NULL,'2020-02-11 17:26:29','1341900147764'),(390,'2020-02-07','5340790012551',1,NULL,'2020-02-11 17:26:29','1341900147764'),(391,'2020-02-11','5500590005355',1,NULL,'2020-02-11 17:26:45','1341900147764'),(392,'2020-02-11','3340700043049',1,NULL,'2020-02-11 17:26:45','1341900147764'),(393,'2020-02-11','1349900228036',1,NULL,'2020-02-11 17:26:45','1341900147764'),(394,'2020-02-11','1341990004224',1,NULL,'2020-02-11 17:26:45','1341900147764'),(395,'2020-02-11','1340700286093',1,NULL,'2020-02-11 17:26:45','1341900147764'),(396,'2020-02-11','1341900147764',1,NULL,'2020-02-11 17:26:45','1341900147764'),(397,'2020-02-11','5340790012551',1,NULL,'2020-02-11 17:26:45','1341900147764'),(398,'2020-02-12','5500590005355',1,NULL,'2020-02-17 12:20:15','1341900147764'),(399,'2020-02-12','3340700043049',1,NULL,'2020-02-17 12:20:15','1341900147764'),(400,'2020-02-12','1349900228036',1,NULL,'2020-02-17 12:20:15','1341900147764'),(401,'2020-02-12','1341990004224',1,NULL,'2020-02-17 12:20:15','1341900147764'),(402,'2020-02-12','1340700286093',1,NULL,'2020-02-17 12:20:15','1341900147764'),(403,'2020-02-12','1341900147764',1,NULL,'2020-02-17 12:20:15','1341900147764'),(404,'2020-02-12','5340790012551',1,NULL,'2020-02-17 12:20:15','1341900147764'),(405,'2020-02-13','5500590005355',1,NULL,'2020-02-17 12:20:25','1341900147764'),(406,'2020-02-13','3340700043049',1,NULL,'2020-02-17 12:20:25','1341900147764'),(407,'2020-02-13','1349900228036',1,NULL,'2020-02-17 12:20:25','1341900147764'),(408,'2020-02-13','1341990004224',1,NULL,'2020-02-17 12:20:25','1341900147764'),(409,'2020-02-13','1340700286093',1,NULL,'2020-02-17 12:20:25','1341900147764'),(410,'2020-02-13','1341900147764',1,NULL,'2020-02-17 12:20:25','1341900147764'),(411,'2020-02-13','5340790012551',1,NULL,'2020-02-17 12:20:25','1341900147764'),(412,'2020-02-14','5500590005355',1,NULL,'2020-02-17 12:20:33','1341900147764'),(413,'2020-02-14','3340700043049',1,NULL,'2020-02-17 12:20:33','1341900147764'),(414,'2020-02-14','1349900228036',1,NULL,'2020-02-17 12:20:33','1341900147764'),(415,'2020-02-14','1341990004224',1,NULL,'2020-02-17 12:20:33','1341900147764'),(416,'2020-02-14','1340700286093',1,NULL,'2020-02-17 12:20:33','1341900147764'),(417,'2020-02-14','1341900147764',1,NULL,'2020-02-17 12:20:33','1341900147764'),(418,'2020-02-14','5340790012551',1,NULL,'2020-02-17 12:20:33','1341900147764'),(419,'2020-02-17','5500590005355',1,NULL,'2020-02-17 12:20:49','1341900147764'),(420,'2020-02-17','3340700043049',1,NULL,'2020-02-17 12:20:49','1341900147764'),(421,'2020-02-17','1349900228036',1,NULL,'2020-02-17 12:20:49','1341900147764'),(422,'2020-02-17','1341990004224',1,NULL,'2020-02-17 12:20:49','1341900147764'),(423,'2020-02-17','1340700286093',1,NULL,'2020-02-17 12:20:49','1341900147764'),(424,'2020-02-17','1341900147764',1,NULL,'2020-02-17 12:20:49','1341900147764'),(425,'2020-02-17','5340790012551',1,NULL,'2020-02-17 12:20:49','1341900147764'),(426,'2020-02-18','5500590005355',1,NULL,'2020-02-18 13:58:52','1341900147764'),(427,'2020-02-18','3340700043049',1,NULL,'2020-02-18 13:58:52','1341900147764'),(428,'2020-02-18','1349900228036',1,NULL,'2020-02-18 13:58:52','1341900147764'),(429,'2020-02-18','1341990004224',1,NULL,'2020-02-18 13:58:52','1341900147764'),(430,'2020-02-18','1340700286093',1,NULL,'2020-02-18 13:58:52','1341900147764'),(431,'2020-02-18','1341900147764',1,NULL,'2020-02-18 13:58:52','1341900147764'),(432,'2020-02-18','5340790012551',1,NULL,'2020-02-18 13:58:52','1341900147764'),(433,'2020-02-20','5500590005355',1,NULL,'2020-02-20 14:09:27','1341900147764'),(434,'2020-02-20','3340700043049',1,NULL,'2020-02-20 14:09:27','1341900147764'),(435,'2020-02-20','1349900228036',1,NULL,'2020-02-20 14:09:27','1341900147764'),(436,'2020-02-20','1341990004224',1,NULL,'2020-02-20 14:09:27','1341900147764'),(437,'2020-02-20','1340700286093',1,NULL,'2020-02-20 14:09:27','1341900147764'),(438,'2020-02-20','1341900147764',1,NULL,'2020-02-20 14:09:27','1341900147764'),(439,'2020-02-20','5340790012551',1,NULL,'2020-02-20 14:09:27','1341900147764'),(440,'2020-02-19','5500590005355',1,NULL,'2020-02-20 14:10:13','1341900147764'),(441,'2020-02-19','3340700043049',1,NULL,'2020-02-20 14:10:13','1341900147764'),(442,'2020-02-19','1349900228036',1,NULL,'2020-02-20 14:10:13','1341900147764'),(443,'2020-02-19','1341990004224',1,NULL,'2020-02-20 14:10:13','1341900147764'),(444,'2020-02-19','1340700286093',1,NULL,'2020-02-20 14:10:13','1341900147764'),(445,'2020-02-19','1341900147764',1,NULL,'2020-02-20 14:10:13','1341900147764'),(446,'2020-02-19','5340790012551',1,NULL,'2020-02-20 14:10:13','1341900147764'),(447,'2020-02-24','5500590005355',1,NULL,'2020-02-24 10:52:54','1341900147764'),(448,'2020-02-24','3340700043049',1,NULL,'2020-02-24 10:52:54','1341900147764'),(449,'2020-02-24','1349900228036',1,NULL,'2020-02-24 10:52:54','1341900147764'),(450,'2020-02-24','1341990004224',1,NULL,'2020-02-24 10:52:54','1341900147764'),(451,'2020-02-24','1340700286093',1,NULL,'2020-02-24 10:52:54','1341900147764'),(452,'2020-02-24','1341900147764',1,NULL,'2020-02-24 10:52:54','1341900147764'),(453,'2020-02-24','5340790012551',1,NULL,'2020-02-24 10:52:54','1341900147764'),(454,'2020-02-21','5500590005355',1,NULL,'2020-02-24 10:53:25','1341900147764'),(455,'2020-02-21','3340700043049',1,NULL,'2020-02-24 10:53:25','1341900147764'),(456,'2020-02-21','1349900228036',1,NULL,'2020-02-24 10:53:25','1341900147764'),(457,'2020-02-21','1341990004224',1,NULL,'2020-02-24 10:53:25','1341900147764'),(458,'2020-02-21','1340700286093',1,NULL,'2020-02-24 10:53:25','1341900147764'),(459,'2020-02-21','1341900147764',1,NULL,'2020-02-24 10:53:25','1341900147764'),(460,'2020-02-21','5340790012551',1,NULL,'2020-02-24 10:53:25','1341900147764'),(461,'2020-02-25','5500590005355',1,NULL,'2020-02-27 09:16:50','1341900147764'),(462,'2020-02-25','3340700043049',1,NULL,'2020-02-27 09:16:50','1341900147764'),(463,'2020-02-25','1349900228036',1,NULL,'2020-02-27 09:16:50','1341900147764'),(464,'2020-02-25','1341990004224',1,NULL,'2020-02-27 09:16:50','1341900147764'),(465,'2020-02-25','1340700286093',1,NULL,'2020-02-27 09:16:50','1341900147764'),(466,'2020-02-25','1341900147764',1,NULL,'2020-02-27 09:16:50','1341900147764'),(467,'2020-02-25','5340790012551',1,NULL,'2020-02-27 09:16:50','1341900147764'),(468,'2020-02-26','5500590005355',1,NULL,'2020-02-27 09:16:59','1341900147764'),(469,'2020-02-26','3340700043049',1,NULL,'2020-02-27 09:16:59','1341900147764'),(470,'2020-02-26','1349900228036',1,NULL,'2020-02-27 09:16:59','1341900147764'),(471,'2020-02-26','1341990004224',1,NULL,'2020-02-27 09:16:59','1341900147764'),(472,'2020-02-26','1340700286093',1,NULL,'2020-02-27 09:16:59','1341900147764'),(473,'2020-02-26','1341900147764',1,NULL,'2020-02-27 09:16:59','1341900147764'),(474,'2020-02-26','5340790012551',1,NULL,'2020-02-27 09:16:59','1341900147764'),(475,'2020-02-27','5500590005355',1,NULL,'2020-02-27 09:17:11','1341900147764'),(476,'2020-02-27','3340700043049',1,NULL,'2020-02-27 09:17:11','1341900147764'),(477,'2020-02-27','1349900228036',1,NULL,'2020-02-27 09:17:11','1341900147764'),(478,'2020-02-27','1341990004224',1,NULL,'2020-02-27 09:17:11','1341900147764'),(479,'2020-02-27','1340700286093',1,NULL,'2020-02-27 09:17:11','1341900147764'),(480,'2020-02-27','1341900147764',1,NULL,'2020-02-27 09:17:11','1341900147764'),(481,'2020-02-27','5340790012551',1,NULL,'2020-02-27 09:17:11','1341900147764'),(482,'2020-03-02','5500590005355',1,NULL,'2020-03-02 13:54:21','1341900147764'),(483,'2020-03-02','3340700043049',1,NULL,'2020-03-02 13:54:21','1341900147764'),(484,'2020-03-02','1349900228036',1,NULL,'2020-03-02 13:54:21','1341900147764'),(485,'2020-03-02','1341990004224',1,NULL,'2020-03-02 13:54:21','1341900147764'),(486,'2020-03-02','1340700286093',1,NULL,'2020-03-02 13:54:21','1341900147764'),(487,'2020-03-02','1341900147764',1,NULL,'2020-03-02 13:54:21','1341900147764'),(488,'2020-03-02','5340790012551',1,NULL,'2020-03-02 13:54:21','1341900147764'),(489,'2020-02-28','5500590005355',1,NULL,'2020-03-02 13:54:33','1341900147764'),(490,'2020-02-28','3340700043049',1,NULL,'2020-03-02 13:54:33','1341900147764'),(491,'2020-02-28','1349900228036',1,NULL,'2020-03-02 13:54:33','1341900147764'),(492,'2020-02-28','1341990004224',1,NULL,'2020-03-02 13:54:33','1341900147764'),(493,'2020-02-28','1340700286093',1,NULL,'2020-03-02 13:54:33','1341900147764'),(494,'2020-02-28','1341900147764',1,NULL,'2020-03-02 13:54:33','1341900147764'),(495,'2020-02-28','5340790012551',1,NULL,'2020-03-02 13:54:33','1341900147764'),(496,'2020-03-05','5500590005355',1,NULL,'2020-03-05 12:46:05','1341900147764'),(497,'2020-03-05','3340700043049',1,NULL,'2020-03-05 12:46:05','1341900147764'),(498,'2020-03-05','1349900228036',1,NULL,'2020-03-05 12:46:05','1341900147764'),(499,'2020-03-05','1341990004224',1,NULL,'2020-03-05 12:46:05','1341900147764'),(500,'2020-03-05','1340700286093',1,NULL,'2020-03-05 12:46:05','1341900147764'),(501,'2020-03-05','1341900147764',1,NULL,'2020-03-05 12:46:05','1341900147764'),(502,'2020-03-05','5340790012551',1,NULL,'2020-03-05 12:46:05','1341900147764'),(503,'2020-03-03','5500590005355',1,NULL,'2020-03-05 12:46:23','1341900147764'),(504,'2020-03-03','3340700043049',1,NULL,'2020-03-05 12:46:23','1341900147764'),(505,'2020-03-03','1349900228036',1,NULL,'2020-03-05 12:46:23','1341900147764'),(506,'2020-03-03','1341990004224',1,NULL,'2020-03-05 12:46:23','1341900147764'),(507,'2020-03-03','1340700286093',1,NULL,'2020-03-05 12:46:23','1341900147764'),(508,'2020-03-03','1341900147764',1,NULL,'2020-03-05 12:46:23','1341900147764'),(509,'2020-03-03','5340790012551',1,NULL,'2020-03-05 12:46:23','1341900147764'),(510,'2020-03-04','5500590005355',1,NULL,'2020-03-05 12:46:31','1341900147764'),(511,'2020-03-04','3340700043049',1,NULL,'2020-03-05 12:46:31','1341900147764'),(512,'2020-03-04','1349900228036',1,NULL,'2020-03-05 12:46:31','1341900147764'),(513,'2020-03-04','1341990004224',1,NULL,'2020-03-05 12:46:31','1341900147764'),(514,'2020-03-04','1340700286093',1,NULL,'2020-03-05 12:46:31','1341900147764'),(515,'2020-03-04','1341900147764',1,NULL,'2020-03-05 12:46:31','1341900147764'),(516,'2020-03-04','5340790012551',1,NULL,'2020-03-05 12:46:31','1341900147764'),(517,'2020-03-09','5500590005355',1,NULL,'2020-03-09 13:55:42','1341900147764'),(518,'2020-03-09','3340700043049',1,NULL,'2020-03-09 13:55:42','1341900147764'),(519,'2020-03-09','1349900228036',1,NULL,'2020-03-09 13:55:42','1341900147764'),(520,'2020-03-09','1341990004224',1,NULL,'2020-03-09 13:55:42','1341900147764'),(521,'2020-03-09','1340700286093',1,NULL,'2020-03-09 13:55:42','1341900147764'),(522,'2020-03-09','1341900147764',1,NULL,'2020-03-09 13:55:42','1341900147764'),(523,'2020-03-09','5340790012551',1,NULL,'2020-03-09 13:55:42','1341900147764'),(524,'2020-03-06','5500590005355',1,NULL,'2020-03-09 13:56:02','1341900147764'),(525,'2020-03-06','3340700043049',1,NULL,'2020-03-09 13:56:02','1341900147764'),(526,'2020-03-06','1349900228036',1,NULL,'2020-03-09 13:56:02','1341900147764'),(527,'2020-03-06','1341990004224',1,NULL,'2020-03-09 13:56:02','1341900147764'),(528,'2020-03-06','1340700286093',1,NULL,'2020-03-09 13:56:02','1341900147764'),(529,'2020-03-06','1341900147764',1,NULL,'2020-03-09 13:56:02','1341900147764'),(530,'2020-03-06','5340790012551',1,NULL,'2020-03-09 13:56:02','1341900147764'),(531,'2020-03-11','5500590005355',1,NULL,'2020-03-11 10:53:00','1341900147764'),(532,'2020-03-11','3340700043049',1,NULL,'2020-03-11 10:53:00','1341900147764'),(533,'2020-03-11','1349900228036',1,NULL,'2020-03-11 10:53:00','1341900147764'),(534,'2020-03-11','1341990004224',1,NULL,'2020-03-11 10:53:00','1341900147764'),(535,'2020-03-11','1340700286093',1,NULL,'2020-03-11 10:53:00','1341900147764'),(536,'2020-03-11','1341900147764',1,NULL,'2020-03-11 10:53:00','1341900147764'),(537,'2020-03-11','5340790012551',1,NULL,'2020-03-11 10:53:00','1341900147764'),(538,'2020-03-10','5500590005355',1,NULL,'2020-03-11 10:52:50','1341900147764'),(539,'2020-03-10','3340700043049',1,NULL,'2020-03-11 10:52:50','1341900147764'),(540,'2020-03-10','1349900228036',1,NULL,'2020-03-11 10:52:50','1341900147764'),(541,'2020-03-10','1341990004224',1,NULL,'2020-03-11 10:52:50','1341900147764'),(542,'2020-03-10','1340700286093',1,NULL,'2020-03-11 10:52:50','1341900147764'),(543,'2020-03-10','1341900147764',1,NULL,'2020-03-11 10:52:50','1341900147764'),(544,'2020-03-10','5340790012551',1,NULL,'2020-03-11 10:52:50','1341900147764'),(545,'2020-03-16','5500590005355',1,NULL,'2020-03-16 10:37:17','1341900147764'),(546,'2020-03-16','3340700043049',1,NULL,'2020-03-16 10:37:17','1341900147764'),(547,'2020-03-16','1349900228036',1,NULL,'2020-03-16 10:37:17','1341900147764'),(548,'2020-03-16','1341990004224',1,NULL,'2020-03-16 10:37:17','1341900147764'),(549,'2020-03-16','1340700286093',1,NULL,'2020-03-16 10:37:17','1341900147764'),(550,'2020-03-16','1341900147764',1,NULL,'2020-03-16 10:37:17','1341900147764'),(551,'2020-03-16','5340790012551',1,NULL,'2020-03-16 10:37:17','1341900147764'),(552,'2020-03-13','5500590005355',1,NULL,'2020-03-16 10:37:33','1341900147764'),(553,'2020-03-13','3340700043049',1,NULL,'2020-03-16 10:37:33','1341900147764'),(554,'2020-03-13','1349900228036',1,NULL,'2020-03-16 10:37:33','1341900147764'),(555,'2020-03-13','1341990004224',1,NULL,'2020-03-16 10:37:33','1341900147764'),(556,'2020-03-13','1340700286093',1,NULL,'2020-03-16 10:37:33','1341900147764'),(557,'2020-03-13','1341900147764',1,NULL,'2020-03-16 10:37:33','1341900147764'),(558,'2020-03-13','5340790012551',1,NULL,'2020-03-16 10:37:33','1341900147764'),(559,'2020-03-12','5500590005355',1,NULL,'2020-03-16 10:37:46','1341900147764'),(560,'2020-03-12','3340700043049',1,NULL,'2020-03-16 10:37:46','1341900147764'),(561,'2020-03-12','1349900228036',1,NULL,'2020-03-16 10:37:46','1341900147764'),(562,'2020-03-12','1341990004224',1,NULL,'2020-03-16 10:37:46','1341900147764'),(563,'2020-03-12','1340700286093',1,NULL,'2020-03-16 10:37:46','1341900147764'),(564,'2020-03-12','1341900147764',1,NULL,'2020-03-16 10:37:46','1341900147764'),(565,'2020-03-12','5340790012551',1,NULL,'2020-03-16 10:37:46','1341900147764'),(566,'2020-03-17','5500590005355',1,NULL,'2020-04-08 12:37:29','1341900147764'),(567,'2020-03-17','3340700043049',1,NULL,'2020-04-08 12:37:29','1341900147764'),(568,'2020-03-17','1349900228036',1,NULL,'2020-04-08 12:37:29','1341900147764'),(569,'2020-03-17','1341990004224',1,NULL,'2020-04-08 12:37:29','1341900147764'),(570,'2020-03-17','1340700286093',1,NULL,'2020-04-08 12:37:29','1341900147764'),(571,'2020-03-17','1341900147764',1,NULL,'2020-04-08 12:37:29','1341900147764'),(572,'2020-03-17','5340790012551',1,NULL,'2020-04-08 12:37:29','1341900147764'),(573,'2020-03-18','5500590005355',1,NULL,'2020-04-08 12:37:41','1341900147764'),(574,'2020-03-18','3340700043049',1,NULL,'2020-04-08 12:37:41','1341900147764'),(575,'2020-03-18','1349900228036',1,NULL,'2020-04-08 12:37:41','1341900147764'),(576,'2020-03-18','1341990004224',1,NULL,'2020-04-08 12:37:41','1341900147764'),(577,'2020-03-18','1340700286093',1,NULL,'2020-04-08 12:37:41','1341900147764'),(578,'2020-03-18','1341900147764',1,NULL,'2020-04-08 12:37:41','1341900147764'),(579,'2020-03-18','5340790012551',1,NULL,'2020-04-08 12:37:41','1341900147764'),(580,'2020-03-19','5500590005355',1,NULL,'2020-04-08 12:37:49','1341900147764'),(581,'2020-03-19','3340700043049',1,NULL,'2020-04-08 12:37:49','1341900147764'),(582,'2020-03-19','1349900228036',1,NULL,'2020-04-08 12:37:49','1341900147764'),(583,'2020-03-19','1341990004224',1,NULL,'2020-04-08 12:37:49','1341900147764'),(584,'2020-03-19','1340700286093',1,NULL,'2020-04-08 12:37:49','1341900147764'),(585,'2020-03-19','1341900147764',1,NULL,'2020-04-08 12:37:49','1341900147764'),(586,'2020-03-19','5340790012551',1,NULL,'2020-04-08 12:37:49','1341900147764'),(587,'2020-03-20','5500590005355',1,NULL,'2020-04-08 12:38:22','1341900147764'),(588,'2020-03-20','3340700043049',1,NULL,'2020-04-08 12:38:22','1341900147764'),(589,'2020-03-20','1349900228036',1,NULL,'2020-04-08 12:38:22','1341900147764'),(590,'2020-03-20','1341990004224',1,NULL,'2020-04-08 12:38:22','1341900147764'),(591,'2020-03-20','1340700286093',1,NULL,'2020-04-08 12:38:22','1341900147764'),(592,'2020-03-20','1341900147764',1,NULL,'2020-04-08 12:38:22','1341900147764'),(593,'2020-03-20','5340790012551',1,NULL,'2020-04-08 12:38:22','1341900147764'),(594,'2020-03-23','5500590005355',1,NULL,'2020-04-08 12:38:31','1341900147764'),(595,'2020-03-23','3340700043049',1,NULL,'2020-04-08 12:38:31','1341900147764'),(596,'2020-03-23','1349900228036',1,NULL,'2020-04-08 12:38:31','1341900147764'),(597,'2020-03-23','1341990004224',1,NULL,'2020-04-08 12:38:31','1341900147764'),(598,'2020-03-23','1340700286093',1,NULL,'2020-04-08 12:38:31','1341900147764'),(599,'2020-03-23','1341900147764',1,NULL,'2020-04-08 12:38:31','1341900147764'),(600,'2020-03-23','5340790012551',1,NULL,'2020-04-08 12:38:31','1341900147764'),(601,'2020-03-24','5500590005355',1,NULL,'2020-04-08 12:38:39','1341900147764'),(602,'2020-03-24','3340700043049',1,NULL,'2020-04-08 12:38:39','1341900147764'),(603,'2020-03-24','1349900228036',1,NULL,'2020-04-08 12:38:39','1341900147764'),(604,'2020-03-24','1341990004224',1,NULL,'2020-04-08 12:38:39','1341900147764'),(605,'2020-03-24','1340700286093',1,NULL,'2020-04-08 12:38:39','1341900147764'),(606,'2020-03-24','1341900147764',1,NULL,'2020-04-08 12:38:39','1341900147764'),(607,'2020-03-24','5340790012551',1,NULL,'2020-04-08 12:38:39','1341900147764'),(608,'2020-03-25','5500590005355',1,NULL,'2020-04-08 12:38:48','1341900147764'),(609,'2020-03-25','3340700043049',1,NULL,'2020-04-08 12:38:48','1341900147764'),(610,'2020-03-25','1349900228036',1,NULL,'2020-04-08 12:38:48','1341900147764'),(611,'2020-03-25','1341990004224',1,NULL,'2020-04-08 12:38:48','1341900147764'),(612,'2020-03-25','1340700286093',1,NULL,'2020-04-08 12:38:48','1341900147764'),(613,'2020-03-25','1341900147764',1,NULL,'2020-04-08 12:38:48','1341900147764'),(614,'2020-03-25','5340790012551',1,NULL,'2020-04-08 12:38:48','1341900147764'),(615,'2020-03-26','5500590005355',1,NULL,'2020-04-08 12:38:55','1341900147764'),(616,'2020-03-26','3340700043049',1,NULL,'2020-04-08 12:38:55','1341900147764'),(617,'2020-03-26','1349900228036',1,NULL,'2020-04-08 12:38:55','1341900147764'),(618,'2020-03-26','1341990004224',1,NULL,'2020-04-08 12:38:55','1341900147764'),(619,'2020-03-26','1340700286093',1,NULL,'2020-04-08 12:38:55','1341900147764'),(620,'2020-03-26','1341900147764',1,NULL,'2020-04-08 12:38:55','1341900147764'),(621,'2020-03-26','5340790012551',1,NULL,'2020-04-08 12:38:55','1341900147764'),(622,'2020-03-27','5500590005355',1,NULL,'2020-04-08 12:39:04','1341900147764'),(623,'2020-03-27','3340700043049',1,NULL,'2020-04-08 12:39:04','1341900147764'),(624,'2020-03-27','1349900228036',1,NULL,'2020-04-08 12:39:04','1341900147764'),(625,'2020-03-27','1341990004224',1,NULL,'2020-04-08 12:39:04','1341900147764'),(626,'2020-03-27','1340700286093',1,NULL,'2020-04-08 12:39:04','1341900147764'),(627,'2020-03-27','1341900147764',1,NULL,'2020-04-08 12:39:04','1341900147764'),(628,'2020-03-27','5340790012551',1,NULL,'2020-04-08 12:39:04','1341900147764'),(629,'2020-03-30','5500590005355',1,NULL,'2020-04-08 12:39:13','1341900147764'),(630,'2020-03-30','3340700043049',1,NULL,'2020-04-08 12:39:13','1341900147764'),(631,'2020-03-30','1349900228036',1,NULL,'2020-04-08 12:39:13','1341900147764'),(632,'2020-03-30','1341990004224',1,NULL,'2020-04-08 12:39:13','1341900147764'),(633,'2020-03-30','1340700286093',1,NULL,'2020-04-08 12:39:13','1341900147764'),(634,'2020-03-30','1341900147764',1,NULL,'2020-04-08 12:39:13','1341900147764'),(635,'2020-03-30','5340790012551',1,NULL,'2020-04-08 12:39:13','1341900147764'),(636,'2020-03-31','5500590005355',1,NULL,'2020-04-08 12:39:20','1341900147764'),(637,'2020-03-31','3340700043049',1,NULL,'2020-04-08 12:39:20','1341900147764'),(638,'2020-03-31','1349900228036',1,NULL,'2020-04-08 12:39:20','1341900147764'),(639,'2020-03-31','1341990004224',1,NULL,'2020-04-08 12:39:20','1341900147764'),(640,'2020-03-31','1340700286093',1,NULL,'2020-04-08 12:39:20','1341900147764'),(641,'2020-03-31','1341900147764',1,NULL,'2020-04-08 12:39:20','1341900147764'),(642,'2020-03-31','5340790012551',1,NULL,'2020-04-08 12:39:20','1341900147764'),(643,'2020-07-01','5500590005355',1,NULL,'2020-08-04 10:53:00','1341900147764'),(644,'2020-07-01','3340700043049',1,NULL,'2020-08-04 10:53:00','1341900147764'),(645,'2020-07-01','1349900228036',1,NULL,'2020-08-04 10:53:00','1341900147764'),(646,'2020-07-01','1341990004224',1,NULL,'2020-08-04 10:53:00','1341900147764'),(647,'2020-07-01','1340700286093',1,NULL,'2020-08-04 10:53:00','1341900147764'),(648,'2020-07-01','1341900147764',1,NULL,'2020-08-04 10:53:00','1341900147764'),(649,'2020-07-01','5340790012551',1,NULL,'2020-08-04 10:53:00','1341900147764'),(650,'2020-07-02','5500590005355',1,NULL,'2020-08-04 10:53:09','1341900147764'),(651,'2020-07-02','3340700043049',1,NULL,'2020-08-04 10:53:09','1341900147764'),(652,'2020-07-02','1349900228036',1,NULL,'2020-08-04 10:53:09','1341900147764'),(653,'2020-07-02','1341990004224',1,NULL,'2020-08-04 10:53:09','1341900147764'),(654,'2020-07-02','1340700286093',1,NULL,'2020-08-04 10:53:09','1341900147764'),(655,'2020-07-02','1341900147764',1,NULL,'2020-08-04 10:53:09','1341900147764'),(656,'2020-07-02','5340790012551',1,NULL,'2020-08-04 10:53:09','1341900147764'),(657,'2020-07-03','5500590005355',1,NULL,'2020-08-04 10:53:17','1341900147764'),(658,'2020-07-03','3340700043049',1,NULL,'2020-08-04 10:53:17','1341900147764'),(659,'2020-07-03','1349900228036',1,NULL,'2020-08-04 10:53:17','1341900147764'),(660,'2020-07-03','1341990004224',1,NULL,'2020-08-04 10:53:17','1341900147764'),(661,'2020-07-03','1340700286093',1,NULL,'2020-08-04 10:53:17','1341900147764'),(662,'2020-07-03','1341900147764',1,NULL,'2020-08-04 10:53:17','1341900147764'),(663,'2020-07-03','5340790012551',1,NULL,'2020-08-04 10:53:17','1341900147764'),(664,'2020-07-08','5500590005355',1,NULL,'2020-08-04 10:53:32','1341900147764'),(665,'2020-07-08','3340700043049',1,NULL,'2020-08-04 10:53:32','1341900147764'),(666,'2020-07-08','1349900228036',1,NULL,'2020-08-04 10:53:32','1341900147764'),(667,'2020-07-08','1341990004224',1,NULL,'2020-08-04 10:53:32','1341900147764'),(668,'2020-07-08','1340700286093',1,NULL,'2020-08-04 10:53:32','1341900147764'),(669,'2020-07-08','1341900147764',1,NULL,'2020-08-04 10:53:32','1341900147764'),(670,'2020-07-08','5340790012551',1,NULL,'2020-08-04 10:53:32','1341900147764'),(671,'2020-07-09','5500590005355',1,NULL,'2020-08-04 10:53:44','1341900147764'),(672,'2020-07-09','3340700043049',1,NULL,'2020-08-04 10:53:44','1341900147764'),(673,'2020-07-09','1349900228036',1,NULL,'2020-08-04 10:53:44','1341900147764'),(674,'2020-07-09','1341990004224',1,NULL,'2020-08-04 10:53:44','1341900147764'),(675,'2020-07-09','1340700286093',1,NULL,'2020-08-04 10:53:44','1341900147764'),(676,'2020-07-09','1341900147764',1,NULL,'2020-08-04 10:53:44','1341900147764'),(677,'2020-07-09','5340790012551',1,NULL,'2020-08-04 10:53:44','1341900147764'),(678,'2020-07-10','5500590005355',1,NULL,'2020-08-04 10:53:51','1341900147764'),(679,'2020-07-10','3340700043049',1,NULL,'2020-08-04 10:53:51','1341900147764'),(680,'2020-07-10','1349900228036',1,NULL,'2020-08-04 10:53:51','1341900147764'),(681,'2020-07-10','1341990004224',1,NULL,'2020-08-04 10:53:51','1341900147764'),(682,'2020-07-10','1340700286093',1,NULL,'2020-08-04 10:53:51','1341900147764'),(683,'2020-07-10','1341900147764',1,NULL,'2020-08-04 10:53:51','1341900147764'),(684,'2020-07-10','5340790012551',1,NULL,'2020-08-04 10:53:51','1341900147764'),(685,'2020-07-13','5500590005355',1,NULL,'2020-08-04 10:53:59','1341900147764'),(686,'2020-07-13','3340700043049',1,NULL,'2020-08-04 10:53:59','1341900147764'),(687,'2020-07-13','1349900228036',1,NULL,'2020-08-04 10:53:59','1341900147764'),(688,'2020-07-13','1341990004224',1,NULL,'2020-08-04 10:53:59','1341900147764'),(689,'2020-07-13','1340700286093',1,NULL,'2020-08-04 10:53:59','1341900147764'),(690,'2020-07-13','1341900147764',1,NULL,'2020-08-04 10:53:59','1341900147764'),(691,'2020-07-13','5340790012551',1,NULL,'2020-08-04 10:53:59','1341900147764'),(692,'2020-07-14','5500590005355',1,NULL,'2020-08-04 10:54:07','1341900147764'),(693,'2020-07-14','3340700043049',1,NULL,'2020-08-04 10:54:07','1341900147764'),(694,'2020-07-14','1349900228036',1,NULL,'2020-08-04 10:54:07','1341900147764'),(695,'2020-07-14','1341990004224',1,NULL,'2020-08-04 10:54:07','1341900147764'),(696,'2020-07-14','1340700286093',1,NULL,'2020-08-04 10:54:07','1341900147764'),(697,'2020-07-14','1341900147764',1,NULL,'2020-08-04 10:54:07','1341900147764'),(698,'2020-07-14','5340790012551',1,NULL,'2020-08-04 10:54:07','1341900147764'),(699,'2020-07-15','5500590005355',1,NULL,'2020-08-04 10:54:17','1341900147764'),(700,'2020-07-15','3340700043049',1,NULL,'2020-08-04 10:54:17','1341900147764'),(701,'2020-07-15','1349900228036',1,NULL,'2020-08-04 10:54:17','1341900147764'),(702,'2020-07-15','1341990004224',1,NULL,'2020-08-04 10:54:17','1341900147764'),(703,'2020-07-15','1340700286093',1,NULL,'2020-08-04 10:54:17','1341900147764'),(704,'2020-07-15','1341900147764',1,NULL,'2020-08-04 10:54:17','1341900147764'),(705,'2020-07-15','5340790012551',1,NULL,'2020-08-04 10:54:17','1341900147764'),(706,'2020-07-16','5500590005355',1,NULL,'2020-08-04 10:54:28','1341900147764'),(707,'2020-07-16','3340700043049',1,NULL,'2020-08-04 10:54:28','1341900147764'),(708,'2020-07-16','1349900228036',1,NULL,'2020-08-04 10:54:28','1341900147764'),(709,'2020-07-16','1341990004224',1,NULL,'2020-08-04 10:54:28','1341900147764'),(710,'2020-07-16','1340700286093',1,NULL,'2020-08-04 10:54:28','1341900147764'),(711,'2020-07-16','1341900147764',1,NULL,'2020-08-04 10:54:28','1341900147764'),(712,'2020-07-16','5340790012551',1,NULL,'2020-08-04 10:54:28','1341900147764'),(713,'2020-07-17','5500590005355',1,NULL,'2020-08-04 10:54:36','1341900147764'),(714,'2020-07-17','3340700043049',1,NULL,'2020-08-04 10:54:36','1341900147764'),(715,'2020-07-17','1349900228036',1,NULL,'2020-08-04 10:54:36','1341900147764'),(716,'2020-07-17','1341990004224',1,NULL,'2020-08-04 10:54:36','1341900147764'),(717,'2020-07-17','1340700286093',1,NULL,'2020-08-04 10:54:36','1341900147764'),(718,'2020-07-17','1341900147764',1,NULL,'2020-08-04 10:54:36','1341900147764'),(719,'2020-07-17','5340790012551',1,NULL,'2020-08-04 10:54:36','1341900147764'),(720,'2020-07-20','5500590005355',1,NULL,'2020-08-04 10:54:46','1341900147764'),(721,'2020-07-20','3340700043049',1,NULL,'2020-08-04 10:54:46','1341900147764'),(722,'2020-07-20','1349900228036',1,NULL,'2020-08-04 10:54:46','1341900147764'),(723,'2020-07-20','1341990004224',1,NULL,'2020-08-04 10:54:46','1341900147764'),(724,'2020-07-20','1340700286093',1,NULL,'2020-08-04 10:54:46','1341900147764'),(725,'2020-07-20','1341900147764',1,NULL,'2020-08-04 10:54:46','1341900147764'),(726,'2020-07-20','5340790012551',1,NULL,'2020-08-04 10:54:46','1341900147764'),(727,'2020-07-21','5500590005355',1,NULL,'2020-08-04 10:54:54','1341900147764'),(728,'2020-07-21','3340700043049',1,NULL,'2020-08-04 10:54:54','1341900147764'),(729,'2020-07-21','1349900228036',1,NULL,'2020-08-04 10:54:54','1341900147764'),(730,'2020-07-21','1341990004224',1,NULL,'2020-08-04 10:54:54','1341900147764'),(731,'2020-07-21','1340700286093',1,NULL,'2020-08-04 10:54:54','1341900147764'),(732,'2020-07-21','1341900147764',1,NULL,'2020-08-04 10:54:54','1341900147764'),(733,'2020-07-21','5340790012551',1,NULL,'2020-08-04 10:54:54','1341900147764'),(734,'2020-07-22','5500590005355',1,NULL,'2020-08-04 10:55:03','1341900147764'),(735,'2020-07-22','3340700043049',1,NULL,'2020-08-04 10:55:03','1341900147764'),(736,'2020-07-22','1349900228036',1,NULL,'2020-08-04 10:55:03','1341900147764'),(737,'2020-07-22','1341990004224',1,NULL,'2020-08-04 10:55:03','1341900147764'),(738,'2020-07-22','1340700286093',1,NULL,'2020-08-04 10:55:03','1341900147764'),(739,'2020-07-22','1341900147764',1,NULL,'2020-08-04 10:55:03','1341900147764'),(740,'2020-07-22','5340790012551',1,NULL,'2020-08-04 10:55:03','1341900147764'),(741,'2020-07-23','5500590005355',1,NULL,'2020-08-04 10:55:11','1341900147764'),(742,'2020-07-23','3340700043049',1,NULL,'2020-08-04 10:55:11','1341900147764'),(743,'2020-07-23','1349900228036',1,NULL,'2020-08-04 10:55:11','1341900147764'),(744,'2020-07-23','1341990004224',1,NULL,'2020-08-04 10:55:11','1341900147764'),(745,'2020-07-23','1340700286093',1,NULL,'2020-08-04 10:55:11','1341900147764'),(746,'2020-07-23','1341900147764',1,NULL,'2020-08-04 10:55:11','1341900147764'),(747,'2020-07-23','5340790012551',1,NULL,'2020-08-04 10:55:11','1341900147764'),(748,'2020-07-24','5500590005355',1,NULL,'2020-08-04 10:55:19','1341900147764'),(749,'2020-07-24','3340700043049',1,NULL,'2020-08-04 10:55:19','1341900147764'),(750,'2020-07-24','1349900228036',1,NULL,'2020-08-04 10:55:19','1341900147764'),(751,'2020-07-24','1341990004224',1,NULL,'2020-08-04 10:55:19','1341900147764'),(752,'2020-07-24','1340700286093',1,NULL,'2020-08-04 10:55:19','1341900147764'),(753,'2020-07-24','1341900147764',1,NULL,'2020-08-04 10:55:19','1341900147764'),(754,'2020-07-24','5340790012551',1,NULL,'2020-08-04 10:55:19','1341900147764'),(755,'2020-07-29','5500590005355',1,NULL,'2020-08-04 10:55:30','1341900147764'),(756,'2020-07-29','3340700043049',1,NULL,'2020-08-04 10:55:30','1341900147764'),(757,'2020-07-29','1349900228036',1,NULL,'2020-08-04 10:55:30','1341900147764'),(758,'2020-07-29','1341990004224',1,NULL,'2020-08-04 10:55:30','1341900147764'),(759,'2020-07-29','1340700286093',1,NULL,'2020-08-04 10:55:30','1341900147764'),(760,'2020-07-29','1341900147764',1,NULL,'2020-08-04 10:55:30','1341900147764'),(761,'2020-07-29','5340790012551',1,NULL,'2020-08-04 10:55:30','1341900147764'),(762,'2020-07-30','5500590005355',1,NULL,'2020-08-04 10:55:38','1341900147764'),(763,'2020-07-30','3340700043049',1,NULL,'2020-08-04 10:55:38','1341900147764'),(764,'2020-07-30','1349900228036',1,NULL,'2020-08-04 10:55:38','1341900147764'),(765,'2020-07-30','1341990004224',1,NULL,'2020-08-04 10:55:38','1341900147764'),(766,'2020-07-30','1340700286093',1,NULL,'2020-08-04 10:55:38','1341900147764'),(767,'2020-07-30','1341900147764',1,NULL,'2020-08-04 10:55:38','1341900147764'),(768,'2020-07-30','5340790012551',1,NULL,'2020-08-04 10:55:38','1341900147764'),(769,'2020-07-31','5500590005355',1,NULL,'2020-08-04 10:55:48','1341900147764'),(770,'2020-07-31','3340700043049',1,NULL,'2020-08-04 10:55:48','1341900147764'),(771,'2020-07-31','1349900228036',1,NULL,'2020-08-04 10:55:48','1341900147764'),(772,'2020-07-31','1341990004224',1,NULL,'2020-08-04 10:55:48','1341900147764'),(773,'2020-07-31','1340700286093',1,NULL,'2020-08-04 10:55:48','1341900147764'),(774,'2020-07-31','1341900147764',1,NULL,'2020-08-04 10:55:48','1341900147764'),(775,'2020-07-31','5340790012551',1,NULL,'2020-08-04 10:55:48','1341900147764'),(776,'2020-08-03','5500590005355',1,NULL,'2020-08-04 10:56:01','1341900147764'),(777,'2020-08-03','3340700043049',1,NULL,'2020-08-04 10:56:01','1341900147764'),(778,'2020-08-03','1349900228036',1,NULL,'2020-08-04 10:56:01','1341900147764'),(779,'2020-08-03','1341990004224',1,NULL,'2020-08-04 10:56:01','1341900147764'),(780,'2020-08-03','1340700286093',1,NULL,'2020-08-04 10:56:01','1341900147764'),(781,'2020-08-03','1341900147764',1,NULL,'2020-08-04 10:56:01','1341900147764'),(782,'2020-08-03','5340790012551',1,NULL,'2020-08-04 10:56:01','1341900147764'),(783,'2020-08-04','5500590005355',1,NULL,'2020-08-04 10:56:22','1341900147764'),(784,'2020-08-04','3340700043049',1,NULL,'2020-08-04 10:56:22','1341900147764'),(785,'2020-08-04','1349900228036',1,NULL,'2020-08-04 10:56:22','1341900147764'),(786,'2020-08-04','1341990004224',1,NULL,'2020-08-04 10:56:22','1341900147764'),(787,'2020-08-04','1340700286093',1,NULL,'2020-08-04 10:56:22','1341900147764'),(788,'2020-08-04','1341900147764',1,NULL,'2020-08-04 10:56:22','1341900147764'),(789,'2020-08-04','5340790012551',1,NULL,'2020-08-04 10:56:22','1341900147764'),(790,'2020-08-06','5500590005355',1,NULL,'2020-08-06 14:13:09','1341900147764'),(791,'2020-08-06','3340700043049',1,NULL,'2020-08-06 14:13:09','1341900147764'),(792,'2020-08-06','1349900228036',1,NULL,'2020-08-06 14:13:09','1341900147764'),(793,'2020-08-06','1341990004224',1,NULL,'2020-08-06 14:13:09','1341900147764'),(794,'2020-08-06','1340700286093',1,NULL,'2020-08-06 14:13:09','1341900147764'),(795,'2020-08-06','1341900147764',1,NULL,'2020-08-06 14:13:09','1341900147764'),(796,'2020-08-06','5340790012551',1,NULL,'2020-08-06 14:13:09','1341900147764'),(797,'2020-08-05','5500590005355',1,NULL,'2020-08-06 14:13:24','1341900147764'),(798,'2020-08-05','3340700043049',1,NULL,'2020-08-06 14:13:24','1341900147764'),(799,'2020-08-05','1349900228036',1,NULL,'2020-08-06 14:13:24','1341900147764'),(800,'2020-08-05','1341990004224',1,NULL,'2020-08-06 14:13:24','1341900147764'),(801,'2020-08-05','1340700286093',1,NULL,'2020-08-06 14:13:24','1341900147764'),(802,'2020-08-05','1341900147764',1,NULL,'2020-08-06 14:13:24','1341900147764'),(803,'2020-08-05','5340790012551',1,NULL,'2020-08-06 14:13:24','1341900147764'),(804,'2020-08-07','5500590005355',1,NULL,'2020-08-07 09:41:41','1341900147764'),(805,'2020-08-07','3340700043049',1,NULL,'2020-08-07 09:41:41','1341900147764'),(806,'2020-08-07','1349900228036',1,NULL,'2020-08-07 09:41:41','1341900147764'),(807,'2020-08-07','1341990004224',1,NULL,'2020-08-07 09:41:41','1341900147764'),(808,'2020-08-07','1340700286093',1,NULL,'2020-08-07 09:41:41','1341900147764'),(809,'2020-08-07','1341900147764',1,NULL,'2020-08-07 09:41:41','1341900147764'),(810,'2020-08-07','5340790012551',1,NULL,'2020-08-07 09:41:41','1341900147764'),(811,'2020-08-10','5500590005355',1,NULL,'2020-08-10 13:40:24','1341900147764'),(812,'2020-08-10','3340700043049',1,NULL,'2020-08-10 13:40:24','1341900147764'),(813,'2020-08-10','1349900228036',1,NULL,'2020-08-10 13:40:24','1341900147764'),(814,'2020-08-10','1341990004224',1,NULL,'2020-08-10 13:40:24','1341900147764'),(815,'2020-08-10','1340700286093',1,NULL,'2020-08-10 13:40:24','1341900147764'),(816,'2020-08-10','1341900147764',1,NULL,'2020-08-10 13:40:24','1341900147764'),(817,'2020-08-10','5340790012551',1,NULL,'2020-08-10 13:40:24','1341900147764'),(818,'2020-08-11','5500590005355',1,NULL,'2020-08-11 13:44:01','1341900147764'),(819,'2020-08-11','3340700043049',1,NULL,'2020-08-11 13:44:01','1341900147764'),(820,'2020-08-11','1349900228036',1,NULL,'2020-08-11 13:44:01','1341900147764'),(821,'2020-08-11','1341990004224',1,NULL,'2020-08-11 13:44:01','1341900147764'),(822,'2020-08-11','1340700286093',1,NULL,'2020-08-11 13:44:01','1341900147764'),(823,'2020-08-11','1341900147764',1,NULL,'2020-08-11 13:44:01','1341900147764'),(824,'2020-08-11','5340790012551',1,NULL,'2020-08-11 13:44:01','1341900147764'),(825,'2020-08-12','5500590005355',1,NULL,'2020-08-20 12:48:12','1341900147764'),(826,'2020-08-12','3340700043049',1,NULL,'2020-08-20 12:48:12','1341900147764'),(827,'2020-08-12','1349900228036',1,NULL,'2020-08-20 12:48:12','1341900147764'),(828,'2020-08-12','1341990004224',1,NULL,'2020-08-20 12:48:12','1341900147764'),(829,'2020-08-12','1340700286093',1,NULL,'2020-08-20 12:48:12','1341900147764'),(830,'2020-08-12','1341900147764',1,NULL,'2020-08-20 12:48:12','1341900147764'),(831,'2020-08-12','5340790012551',1,NULL,'2020-08-20 12:48:12','1341900147764'),(832,'2020-08-13','5500590005355',1,NULL,'2020-08-20 12:48:20','1341900147764'),(833,'2020-08-13','3340700043049',1,NULL,'2020-08-20 12:48:20','1341900147764'),(834,'2020-08-13','1349900228036',1,NULL,'2020-08-20 12:48:20','1341900147764'),(835,'2020-08-13','1341990004224',1,NULL,'2020-08-20 12:48:20','1341900147764'),(836,'2020-08-13','1340700286093',1,NULL,'2020-08-20 12:48:20','1341900147764'),(837,'2020-08-13','1341900147764',1,NULL,'2020-08-20 12:48:20','1341900147764'),(838,'2020-08-13','5340790012551',1,NULL,'2020-08-20 12:48:20','1341900147764'),(839,'2020-08-14','5500590005355',1,NULL,'2020-08-20 12:48:28','1341900147764'),(840,'2020-08-14','3340700043049',1,NULL,'2020-08-20 12:48:28','1341900147764'),(841,'2020-08-14','1349900228036',1,NULL,'2020-08-20 12:48:28','1341900147764'),(842,'2020-08-14','1341990004224',1,NULL,'2020-08-20 12:48:28','1341900147764'),(843,'2020-08-14','1340700286093',1,NULL,'2020-08-20 12:48:28','1341900147764'),(844,'2020-08-14','1341900147764',1,NULL,'2020-08-20 12:48:28','1341900147764'),(845,'2020-08-14','5340790012551',1,NULL,'2020-08-20 12:48:28','1341900147764'),(846,'2020-08-17','5500590005355',1,NULL,'2020-08-20 12:48:37','1341900147764'),(847,'2020-08-17','3340700043049',1,NULL,'2020-08-20 12:48:37','1341900147764'),(848,'2020-08-17','1349900228036',1,NULL,'2020-08-20 12:48:37','1341900147764'),(849,'2020-08-17','1341990004224',1,NULL,'2020-08-20 12:48:37','1341900147764'),(850,'2020-08-17','1340700286093',1,NULL,'2020-08-20 12:48:37','1341900147764'),(851,'2020-08-17','1341900147764',1,NULL,'2020-08-20 12:48:37','1341900147764'),(852,'2020-08-17','5340790012551',1,NULL,'2020-08-20 12:48:37','1341900147764'),(853,'2020-08-18','5500590005355',1,NULL,'2020-08-20 12:48:46','1341900147764'),(854,'2020-08-18','3340700043049',1,NULL,'2020-08-20 12:48:46','1341900147764'),(855,'2020-08-18','1349900228036',1,NULL,'2020-08-20 12:48:46','1341900147764'),(856,'2020-08-18','1341990004224',1,NULL,'2020-08-20 12:48:46','1341900147764'),(857,'2020-08-18','1340700286093',1,NULL,'2020-08-20 12:48:46','1341900147764'),(858,'2020-08-18','1341900147764',1,NULL,'2020-08-20 12:48:46','1341900147764'),(859,'2020-08-18','5340790012551',1,NULL,'2020-08-20 12:48:46','1341900147764'),(860,'2020-08-19','5500590005355',1,NULL,'2020-08-20 12:49:00','1341900147764'),(861,'2020-08-19','3340700043049',1,NULL,'2020-08-20 12:49:00','1341900147764'),(862,'2020-08-19','1349900228036',1,NULL,'2020-08-20 12:49:00','1341900147764'),(863,'2020-08-19','1341990004224',1,NULL,'2020-08-20 12:49:00','1341900147764'),(864,'2020-08-19','1340700286093',1,NULL,'2020-08-20 12:49:00','1341900147764'),(865,'2020-08-19','1341900147764',1,NULL,'2020-08-20 12:49:00','1341900147764'),(866,'2020-08-19','5340790012551',1,NULL,'2020-08-20 12:49:00','1341900147764'),(867,'2020-08-20','5500590005355',1,NULL,'2020-08-20 12:49:39','1341900147764'),(868,'2020-08-20','3340700043049',1,NULL,'2020-08-20 12:49:39','1341900147764'),(869,'2020-08-20','1349900228036',1,NULL,'2020-08-20 12:49:39','1341900147764'),(870,'2020-08-20','1341990004224',1,NULL,'2020-08-20 12:49:39','1341900147764'),(871,'2020-08-20','1340700286093',1,NULL,'2020-08-20 12:49:39','1341900147764'),(872,'2020-08-20','1341900147764',1,NULL,'2020-08-20 12:49:39','1341900147764'),(873,'2020-08-20','5340790012551',1,NULL,'2020-08-20 12:49:39','1341900147764'),(874,'2020-09-02','5500590005355',1,NULL,'2020-09-02 09:36:47','1341900147764'),(875,'2020-09-02','3340700043049',1,NULL,'2020-09-02 09:36:47','1341900147764'),(876,'2020-09-02','1349900228036',1,NULL,'2020-09-02 09:36:47','1341900147764'),(877,'2020-09-02','1341990004224',1,NULL,'2020-09-02 09:36:47','1341900147764'),(878,'2020-09-02','1340700286093',1,NULL,'2020-09-02 09:36:47','1341900147764'),(879,'2020-09-02','1341900147764',1,NULL,'2020-09-02 09:36:47','1341900147764'),(880,'2020-09-02','5340790012551',1,NULL,'2020-09-02 09:36:47','1341900147764'),(881,'2020-09-01','5500590005355',1,NULL,'2020-09-02 09:36:59','1341900147764'),(882,'2020-09-01','3340700043049',1,NULL,'2020-09-02 09:36:59','1341900147764'),(883,'2020-09-01','1349900228036',1,NULL,'2020-09-02 09:36:59','1341900147764'),(884,'2020-09-01','1341990004224',1,NULL,'2020-09-02 09:36:59','1341900147764'),(885,'2020-09-01','1340700286093',1,NULL,'2020-09-02 09:36:59','1341900147764'),(886,'2020-09-01','1341900147764',1,NULL,'2020-09-02 09:36:59','1341900147764'),(887,'2020-09-01','5340790012551',1,NULL,'2020-09-02 09:36:59','1341900147764'),(888,'2020-08-21','5500590005355',1,NULL,'2020-09-02 09:37:13','1341900147764'),(889,'2020-08-21','3340700043049',1,NULL,'2020-09-02 09:37:13','1341900147764'),(890,'2020-08-21','1349900228036',1,NULL,'2020-09-02 09:37:13','1341900147764'),(891,'2020-08-21','1341990004224',1,NULL,'2020-09-02 09:37:13','1341900147764'),(892,'2020-08-21','1340700286093',1,NULL,'2020-09-02 09:37:13','1341900147764'),(893,'2020-08-21','1341900147764',1,NULL,'2020-09-02 09:37:13','1341900147764'),(894,'2020-08-21','5340790012551',1,NULL,'2020-09-02 09:37:13','1341900147764'),(895,'2020-08-24','5500590005355',1,NULL,'2020-09-02 09:37:21','1341900147764'),(896,'2020-08-24','3340700043049',1,NULL,'2020-09-02 09:37:21','1341900147764'),(897,'2020-08-24','1349900228036',1,NULL,'2020-09-02 09:37:21','1341900147764'),(898,'2020-08-24','1341990004224',1,NULL,'2020-09-02 09:37:21','1341900147764'),(899,'2020-08-24','1340700286093',1,NULL,'2020-09-02 09:37:21','1341900147764'),(900,'2020-08-24','1341900147764',1,NULL,'2020-09-02 09:37:21','1341900147764'),(901,'2020-08-24','5340790012551',1,NULL,'2020-09-02 09:37:21','1341900147764'),(902,'2020-08-25','5500590005355',1,NULL,'2020-09-02 09:37:36','1341900147764'),(903,'2020-08-25','3340700043049',1,NULL,'2020-09-02 09:37:36','1341900147764'),(904,'2020-08-25','1349900228036',1,NULL,'2020-09-02 09:37:36','1341900147764'),(905,'2020-08-25','1341990004224',1,NULL,'2020-09-02 09:37:36','1341900147764'),(906,'2020-08-25','1340700286093',1,NULL,'2020-09-02 09:37:36','1341900147764'),(907,'2020-08-25','1341900147764',1,NULL,'2020-09-02 09:37:36','1341900147764'),(908,'2020-08-25','5340790012551',1,NULL,'2020-09-02 09:37:36','1341900147764'),(909,'2020-08-26','5500590005355',1,NULL,'2020-09-02 09:37:45','1341900147764'),(910,'2020-08-26','3340700043049',1,NULL,'2020-09-02 09:37:45','1341900147764'),(911,'2020-08-26','1349900228036',1,NULL,'2020-09-02 09:37:45','1341900147764'),(912,'2020-08-26','1341990004224',1,NULL,'2020-09-02 09:37:45','1341900147764'),(913,'2020-08-26','1340700286093',1,NULL,'2020-09-02 09:37:45','1341900147764'),(914,'2020-08-26','1341900147764',1,NULL,'2020-09-02 09:37:45','1341900147764'),(915,'2020-08-26','5340790012551',1,NULL,'2020-09-02 09:37:45','1341900147764'),(916,'2020-08-27','5500590005355',1,NULL,'2020-09-02 09:37:54','1341900147764'),(917,'2020-08-27','3340700043049',1,NULL,'2020-09-02 09:37:54','1341900147764'),(918,'2020-08-27','1349900228036',1,NULL,'2020-09-02 09:37:54','1341900147764'),(919,'2020-08-27','1341990004224',1,NULL,'2020-09-02 09:37:54','1341900147764'),(920,'2020-08-27','1340700286093',1,NULL,'2020-09-02 09:37:54','1341900147764'),(921,'2020-08-27','1341900147764',1,NULL,'2020-09-02 09:37:54','1341900147764'),(922,'2020-08-27','5340790012551',1,NULL,'2020-09-02 09:37:54','1341900147764'),(923,'2020-08-28','5500590005355',1,NULL,'2020-09-02 09:38:03','1341900147764'),(924,'2020-08-28','3340700043049',1,NULL,'2020-09-02 09:38:03','1341900147764'),(925,'2020-08-28','1349900228036',1,NULL,'2020-09-02 09:38:03','1341900147764'),(926,'2020-08-28','1341990004224',1,NULL,'2020-09-02 09:38:03','1341900147764'),(927,'2020-08-28','1340700286093',1,NULL,'2020-09-02 09:38:03','1341900147764'),(928,'2020-08-28','1341900147764',1,NULL,'2020-09-02 09:38:03','1341900147764'),(929,'2020-08-28','5340790012551',1,NULL,'2020-09-02 09:38:03','1341900147764'),(930,'2020-08-31','5500590005355',1,NULL,'2020-09-02 09:38:11','1341900147764'),(931,'2020-08-31','3340700043049',1,NULL,'2020-09-02 09:38:11','1341900147764'),(932,'2020-08-31','1349900228036',1,NULL,'2020-09-02 09:38:11','1341900147764'),(933,'2020-08-31','1341990004224',1,NULL,'2020-09-02 09:38:11','1341900147764'),(934,'2020-08-31','1340700286093',1,NULL,'2020-09-02 09:38:11','1341900147764'),(935,'2020-08-31','1341900147764',1,NULL,'2020-09-02 09:38:11','1341900147764'),(936,'2020-08-31','5340790012551',1,NULL,'2020-09-02 09:38:11','1341900147764'),(937,'2020-09-03','5500590005355',1,NULL,'2020-09-16 13:47:13','1341900147764'),(938,'2020-09-03','3340700043049',1,NULL,'2020-09-16 13:47:13','1341900147764'),(939,'2020-09-03','1349900228036',1,NULL,'2020-09-16 13:47:13','1341900147764'),(940,'2020-09-03','1341990004224',1,NULL,'2020-09-16 13:47:13','1341900147764'),(941,'2020-09-03','1340700286093',1,NULL,'2020-09-16 13:47:13','1341900147764'),(942,'2020-09-03','1341900147764',1,NULL,'2020-09-16 13:47:13','1341900147764'),(943,'2020-09-03','5340790012551',1,NULL,'2020-09-16 13:47:13','1341900147764'),(944,'2020-09-04','5500590005355',1,NULL,'2020-09-16 13:47:22','1341900147764'),(945,'2020-09-04','3340700043049',1,NULL,'2020-09-16 13:47:22','1341900147764'),(946,'2020-09-04','1349900228036',1,NULL,'2020-09-16 13:47:22','1341900147764'),(947,'2020-09-04','1341990004224',1,NULL,'2020-09-16 13:47:22','1341900147764'),(948,'2020-09-04','1340700286093',1,NULL,'2020-09-16 13:47:22','1341900147764'),(949,'2020-09-04','1341900147764',1,NULL,'2020-09-16 13:47:22','1341900147764'),(950,'2020-09-04','5340790012551',1,NULL,'2020-09-16 13:47:22','1341900147764'),(951,'2020-09-07','5500590005355',1,NULL,'2020-09-16 13:47:32','1341900147764'),(952,'2020-09-07','3340700043049',1,NULL,'2020-09-16 13:47:32','1341900147764'),(953,'2020-09-07','1349900228036',1,NULL,'2020-09-16 13:47:32','1341900147764'),(954,'2020-09-07','1341990004224',1,NULL,'2020-09-16 13:47:32','1341900147764'),(955,'2020-09-07','1340700286093',1,NULL,'2020-09-16 13:47:32','1341900147764'),(956,'2020-09-07','1341900147764',1,NULL,'2020-09-16 13:47:32','1341900147764'),(957,'2020-09-07','5340790012551',1,NULL,'2020-09-16 13:47:32','1341900147764'),(958,'2020-09-08','5500590005355',1,NULL,'2020-09-16 13:47:41','1341900147764'),(959,'2020-09-08','3340700043049',1,NULL,'2020-09-16 13:47:41','1341900147764'),(960,'2020-09-08','1349900228036',1,NULL,'2020-09-16 13:47:41','1341900147764'),(961,'2020-09-08','1341990004224',1,NULL,'2020-09-16 13:47:41','1341900147764'),(962,'2020-09-08','1340700286093',1,NULL,'2020-09-16 13:47:41','1341900147764'),(963,'2020-09-08','1341900147764',1,NULL,'2020-09-16 13:47:41','1341900147764'),(964,'2020-09-08','5340790012551',1,NULL,'2020-09-16 13:47:41','1341900147764'),(965,'2020-09-09','5500590005355',1,NULL,'2020-09-16 13:47:49','1341900147764'),(966,'2020-09-09','3340700043049',1,NULL,'2020-09-16 13:47:49','1341900147764'),(967,'2020-09-09','1349900228036',1,NULL,'2020-09-16 13:47:49','1341900147764'),(968,'2020-09-09','1341990004224',1,NULL,'2020-09-16 13:47:49','1341900147764'),(969,'2020-09-09','1340700286093',1,NULL,'2020-09-16 13:47:49','1341900147764'),(970,'2020-09-09','1341900147764',1,NULL,'2020-09-16 13:47:49','1341900147764'),(971,'2020-09-09','5340790012551',1,NULL,'2020-09-16 13:47:49','1341900147764'),(972,'2020-09-10','5500590005355',1,NULL,'2020-09-16 13:47:57','1341900147764'),(973,'2020-09-10','3340700043049',1,NULL,'2020-09-16 13:47:57','1341900147764'),(974,'2020-09-10','1349900228036',1,NULL,'2020-09-16 13:47:57','1341900147764'),(975,'2020-09-10','1341990004224',1,NULL,'2020-09-16 13:47:57','1341900147764'),(976,'2020-09-10','1340700286093',1,NULL,'2020-09-16 13:47:57','1341900147764'),(977,'2020-09-10','1341900147764',1,NULL,'2020-09-16 13:47:57','1341900147764'),(978,'2020-09-10','5340790012551',1,NULL,'2020-09-16 13:47:57','1341900147764'),(979,'2020-09-11','5500590005355',1,NULL,'2020-09-16 13:48:07','1341900147764'),(980,'2020-09-11','3340700043049',1,NULL,'2020-09-16 13:48:07','1341900147764'),(981,'2020-09-11','1349900228036',1,NULL,'2020-09-16 13:48:07','1341900147764'),(982,'2020-09-11','1341990004224',1,NULL,'2020-09-16 13:48:07','1341900147764'),(983,'2020-09-11','1340700286093',1,NULL,'2020-09-16 13:48:07','1341900147764'),(984,'2020-09-11','1341900147764',1,NULL,'2020-09-16 13:48:07','1341900147764'),(985,'2020-09-11','5340790012551',1,NULL,'2020-09-16 13:48:07','1341900147764'),(986,'2020-09-14','5500590005355',1,NULL,'2020-09-16 13:48:15','1341900147764'),(987,'2020-09-14','3340700043049',1,NULL,'2020-09-16 13:48:15','1341900147764'),(988,'2020-09-14','1349900228036',1,NULL,'2020-09-16 13:48:15','1341900147764'),(989,'2020-09-14','1341990004224',1,NULL,'2020-09-16 13:48:15','1341900147764'),(990,'2020-09-14','1340700286093',1,NULL,'2020-09-16 13:48:15','1341900147764'),(991,'2020-09-14','1341900147764',1,NULL,'2020-09-16 13:48:15','1341900147764'),(992,'2020-09-14','5340790012551',1,NULL,'2020-09-16 13:48:15','1341900147764'),(993,'2020-09-15','5500590005355',1,NULL,'2020-09-16 13:48:24','1341900147764'),(994,'2020-09-15','3340700043049',1,NULL,'2020-09-16 13:48:24','1341900147764'),(995,'2020-09-15','1349900228036',1,NULL,'2020-09-16 13:48:24','1341900147764'),(996,'2020-09-15','1341990004224',1,NULL,'2020-09-16 13:48:24','1341900147764'),(997,'2020-09-15','1340700286093',1,NULL,'2020-09-16 13:48:24','1341900147764'),(998,'2020-09-15','1341900147764',1,NULL,'2020-09-16 13:48:24','1341900147764'),(999,'2020-09-15','5340790012551',1,NULL,'2020-09-16 13:48:24','1341900147764'),(1000,'2020-09-16','5500590005355',1,NULL,'2020-09-16 13:48:34','1341900147764'),(1001,'2020-09-16','3340700043049',1,NULL,'2020-09-16 13:48:34','1341900147764'),(1002,'2020-09-16','1349900228036',1,NULL,'2020-09-16 13:48:34','1341900147764'),(1003,'2020-09-16','1341990004224',1,NULL,'2020-09-16 13:48:34','1341900147764'),(1004,'2020-09-16','1340700286093',1,NULL,'2020-09-16 13:48:34','1341900147764'),(1005,'2020-09-16','1341900147764',1,NULL,'2020-09-16 13:48:34','1341900147764'),(1006,'2020-09-16','5340790012551',1,NULL,'2020-09-16 13:48:34','1341900147764'),(1007,'2020-09-28','5500590005355',1,NULL,'2020-09-28 11:43:44','1341900147764'),(1008,'2020-09-28','3340700043049',1,NULL,'2020-09-28 11:43:44','1341900147764'),(1009,'2020-09-28','1349900228036',1,NULL,'2020-09-28 11:43:44','1341900147764'),(1010,'2020-09-28','1341990004224',1,NULL,'2020-09-28 11:43:44','1341900147764'),(1011,'2020-09-28','1340700286093',1,NULL,'2020-09-28 11:43:44','1341900147764'),(1012,'2020-09-28','1341900147764',1,NULL,'2020-09-28 11:43:44','1341900147764'),(1013,'2020-09-28','5340790012551',1,NULL,'2020-09-28 11:43:44','1341900147764'),(1014,'2020-09-17','5500590005355',1,NULL,'2020-09-28 11:43:53','1341900147764'),(1015,'2020-09-17','3340700043049',1,NULL,'2020-09-28 11:43:53','1341900147764'),(1016,'2020-09-17','1349900228036',1,NULL,'2020-09-28 11:43:53','1341900147764'),(1017,'2020-09-17','1341990004224',1,NULL,'2020-09-28 11:43:53','1341900147764'),(1018,'2020-09-17','1340700286093',1,NULL,'2020-09-28 11:43:53','1341900147764'),(1019,'2020-09-17','1341900147764',1,NULL,'2020-09-28 11:43:53','1341900147764'),(1020,'2020-09-17','5340790012551',1,NULL,'2020-09-28 11:43:53','1341900147764'),(1021,'2020-09-18','5500590005355',1,NULL,'2020-09-28 11:44:04','1341900147764'),(1022,'2020-09-18','3340700043049',1,NULL,'2020-09-28 11:44:04','1341900147764'),(1023,'2020-09-18','1349900228036',1,NULL,'2020-09-28 11:44:04','1341900147764'),(1024,'2020-09-18','1341990004224',1,NULL,'2020-09-28 11:44:04','1341900147764'),(1025,'2020-09-18','1340700286093',1,NULL,'2020-09-28 11:44:04','1341900147764'),(1026,'2020-09-18','1341900147764',1,NULL,'2020-09-28 11:44:04','1341900147764'),(1027,'2020-09-18','5340790012551',1,NULL,'2020-09-28 11:44:04','1341900147764'),(1028,'2020-09-21','5500590005355',1,NULL,'2020-09-28 11:44:12','1341900147764'),(1029,'2020-09-21','3340700043049',1,NULL,'2020-09-28 11:44:12','1341900147764'),(1030,'2020-09-21','1349900228036',1,NULL,'2020-09-28 11:44:12','1341900147764'),(1031,'2020-09-21','1341990004224',1,NULL,'2020-09-28 11:44:12','1341900147764'),(1032,'2020-09-21','1340700286093',1,NULL,'2020-09-28 11:44:12','1341900147764'),(1033,'2020-09-21','1341900147764',1,NULL,'2020-09-28 11:44:12','1341900147764'),(1034,'2020-09-21','5340790012551',1,NULL,'2020-09-28 11:44:12','1341900147764'),(1035,'2020-09-22','5500590005355',1,NULL,'2020-09-28 11:44:23','1341900147764'),(1036,'2020-09-22','3340700043049',1,NULL,'2020-09-28 11:44:23','1341900147764'),(1037,'2020-09-22','1349900228036',1,NULL,'2020-09-28 11:44:23','1341900147764'),(1038,'2020-09-22','1341990004224',1,NULL,'2020-09-28 11:44:23','1341900147764'),(1039,'2020-09-22','1340700286093',1,NULL,'2020-09-28 11:44:23','1341900147764'),(1040,'2020-09-22','1341900147764',1,NULL,'2020-09-28 11:44:23','1341900147764'),(1041,'2020-09-22','5340790012551',1,NULL,'2020-09-28 11:44:23','1341900147764'),(1042,'2020-09-23','5500590005355',1,NULL,'2020-09-28 11:44:32','1341900147764'),(1043,'2020-09-23','3340700043049',1,NULL,'2020-09-28 11:44:32','1341900147764'),(1044,'2020-09-23','1349900228036',1,NULL,'2020-09-28 11:44:32','1341900147764'),(1045,'2020-09-23','1341990004224',1,NULL,'2020-09-28 11:44:32','1341900147764'),(1046,'2020-09-23','1340700286093',1,NULL,'2020-09-28 11:44:32','1341900147764'),(1047,'2020-09-23','1341900147764',1,NULL,'2020-09-28 11:44:32','1341900147764'),(1048,'2020-09-23','5340790012551',1,NULL,'2020-09-28 11:44:32','1341900147764'),(1049,'2020-09-24','5500590005355',1,NULL,'2020-09-28 11:44:40','1341900147764'),(1050,'2020-09-24','3340700043049',1,NULL,'2020-09-28 11:44:40','1341900147764'),(1051,'2020-09-24','1349900228036',1,NULL,'2020-09-28 11:44:40','1341900147764'),(1052,'2020-09-24','1341990004224',1,NULL,'2020-09-28 11:44:40','1341900147764'),(1053,'2020-09-24','1340700286093',1,NULL,'2020-09-28 11:44:40','1341900147764'),(1054,'2020-09-24','1341900147764',1,NULL,'2020-09-28 11:44:40','1341900147764'),(1055,'2020-09-24','5340790012551',1,NULL,'2020-09-28 11:44:40','1341900147764'),(1056,'2020-09-25','5500590005355',1,NULL,'2020-09-28 11:44:48','1341900147764'),(1057,'2020-09-25','3340700043049',1,NULL,'2020-09-28 11:44:48','1341900147764'),(1058,'2020-09-25','1349900228036',1,NULL,'2020-09-28 11:44:48','1341900147764'),(1059,'2020-09-25','1341990004224',1,NULL,'2020-09-28 11:44:48','1341900147764'),(1060,'2020-09-25','1340700286093',1,NULL,'2020-09-28 11:44:48','1341900147764'),(1061,'2020-09-25','1341900147764',1,NULL,'2020-09-28 11:44:48','1341900147764'),(1062,'2020-09-25','5340790012551',1,NULL,'2020-09-28 11:44:48','1341900147764'),(1063,'2020-09-29','5500590005355',1,NULL,'2020-09-29 11:10:31','1341900147764'),(1064,'2020-09-29','3340700043049',1,NULL,'2020-09-29 11:10:31','1341900147764'),(1065,'2020-09-29','1349900228036',1,NULL,'2020-09-29 11:10:31','1341900147764'),(1066,'2020-09-29','1341990004224',1,NULL,'2020-09-29 11:10:31','1341900147764'),(1067,'2020-09-29','1340700286093',1,NULL,'2020-09-29 11:10:31','1341900147764'),(1068,'2020-09-29','1341900147764',1,NULL,'2020-09-29 11:10:31','1341900147764'),(1069,'2020-09-29','5340790012551',1,NULL,'2020-09-29 11:10:31','1341900147764'),(1070,'2020-10-02','5500590005355',1,NULL,'2020-10-02 09:48:06','1341900147764'),(1071,'2020-10-02','3340700043049',1,NULL,'2020-10-02 09:48:06','1341900147764'),(1072,'2020-10-02','1349900228036',1,NULL,'2020-10-02 09:48:06','1341900147764'),(1073,'2020-10-02','1341990004224',1,NULL,'2020-10-02 09:48:06','1341900147764'),(1074,'2020-10-02','1340700286093',1,NULL,'2020-10-02 09:48:06','1341900147764'),(1075,'2020-10-02','1341900147764',1,NULL,'2020-10-02 09:48:06','1341900147764'),(1076,'2020-10-02','5340790012551',1,NULL,'2020-10-02 09:48:06','1341900147764'),(1077,'2020-10-01','5500590005355',1,NULL,'2020-10-02 09:48:14','1341900147764'),(1078,'2020-10-01','3340700043049',1,NULL,'2020-10-02 09:48:14','1341900147764'),(1079,'2020-10-01','1349900228036',1,NULL,'2020-10-02 09:48:14','1341900147764'),(1080,'2020-10-01','1341990004224',1,NULL,'2020-10-02 09:48:14','1341900147764'),(1081,'2020-10-01','1340700286093',1,NULL,'2020-10-02 09:48:14','1341900147764'),(1082,'2020-10-01','1341900147764',1,NULL,'2020-10-02 09:48:14','1341900147764'),(1083,'2020-10-01','5340790012551',1,NULL,'2020-10-02 09:48:14','1341900147764'),(1084,'2020-10-05','5500590005355',1,NULL,'2020-10-05 09:37:02','1341900147764'),(1085,'2020-10-05','3340700043049',1,NULL,'2020-10-05 09:37:02','1341900147764'),(1086,'2020-10-05','1349900228036',1,NULL,'2020-10-05 09:37:02','1341900147764'),(1087,'2020-10-05','1341990004224',1,NULL,'2020-10-05 09:37:02','1341900147764'),(1088,'2020-10-05','1340700286093',1,NULL,'2020-10-05 09:37:02','1341900147764'),(1089,'2020-10-05','1341900147764',1,NULL,'2020-10-05 09:37:02','1341900147764'),(1090,'2020-10-05','5340790012551',1,NULL,'2020-10-05 09:37:02','1341900147764'),(1091,'2020-10-06','5500590005355',1,NULL,'2020-10-06 11:29:09','1341900147764'),(1092,'2020-10-06','3340700043049',1,NULL,'2020-10-06 11:29:09','1341900147764'),(1093,'2020-10-06','1349900228036',1,NULL,'2020-10-06 11:29:09','1341900147764'),(1094,'2020-10-06','1341990004224',1,NULL,'2020-10-06 11:29:09','1341900147764'),(1095,'2020-10-06','1340700286093',1,NULL,'2020-10-06 11:29:09','1341900147764'),(1096,'2020-10-06','1341900147764',1,NULL,'2020-10-06 11:29:09','1341900147764'),(1097,'2020-10-06','5340790012551',1,NULL,'2020-10-06 11:29:09','1341900147764'),(1098,'2020-10-07','5500590005355',2,NULL,'2020-10-07 09:32:02','1341900147764'),(1099,'2020-10-07','3340700043049',1,NULL,'2020-10-07 09:32:02','1341900147764'),(1100,'2020-10-07','1349900228036',1,NULL,'2020-10-07 09:32:02','1341900147764'),(1101,'2020-10-07','1341990004224',1,NULL,'2020-10-07 09:32:02','1341900147764'),(1102,'2020-10-07','1340700286093',1,NULL,'2020-10-07 09:32:02','1341900147764'),(1103,'2020-10-07','1341900147764',1,NULL,'2020-10-07 09:32:02','1341900147764'),(1104,'2020-10-07','5340790012551',1,NULL,'2020-10-07 09:32:02','1341900147764'),(1105,'2020-10-08','5500590005355',2,NULL,'2020-10-08 10:25:41','1341900147764'),(1106,'2020-10-08','3340700043049',1,NULL,'2020-10-08 10:25:41','1341900147764'),(1107,'2020-10-08','1349900228036',1,NULL,'2020-10-08 10:25:41','1341900147764'),(1108,'2020-10-08','1341990004224',1,NULL,'2020-10-08 10:25:41','1341900147764'),(1109,'2020-10-08','1340700286093',1,NULL,'2020-10-08 10:25:41','1341900147764'),(1110,'2020-10-08','1341900147764',1,NULL,'2020-10-08 10:25:41','1341900147764'),(1111,'2020-10-08','5340790012551',1,NULL,'2020-10-08 10:25:41','1341900147764'),(1112,'2020-10-09','5500590005355',1,NULL,'2020-10-09 10:08:06','1341900147764'),(1113,'2020-10-09','3340700043049',1,NULL,'2020-10-09 10:08:06','1341900147764'),(1114,'2020-10-09','1349900228036',1,NULL,'2020-10-09 10:08:06','1341900147764'),(1115,'2020-10-09','1341990004224',1,NULL,'2020-10-09 10:08:06','1341900147764'),(1116,'2020-10-09','1340700286093',1,NULL,'2020-10-09 10:08:06','1341900147764'),(1117,'2020-10-09','1341900147764',1,NULL,'2020-10-09 10:08:06','1341900147764'),(1118,'2020-10-09','5340790012551',1,NULL,'2020-10-09 10:08:06','1341900147764'),(1119,'2020-10-12','5500590005355',1,NULL,'2020-10-12 10:49:47','1341900147764'),(1120,'2020-10-12','3340700043049',1,NULL,'2020-10-12 10:49:47','1341900147764'),(1121,'2020-10-12','1349900228036',1,NULL,'2020-10-12 10:49:47','1341900147764'),(1122,'2020-10-12','1341990004224',1,NULL,'2020-10-12 10:49:47','1341900147764'),(1123,'2020-10-12','1340700286093',1,NULL,'2020-10-12 10:49:47','1341900147764'),(1124,'2020-10-12','1341900147764',1,NULL,'2020-10-12 10:49:47','1341900147764'),(1125,'2020-10-12','5340790012551',1,NULL,'2020-10-12 10:49:47','1341900147764'),(1126,'2020-10-15','5500590005355',1,NULL,'2020-10-15 12:10:30','1341900147764'),(1127,'2020-10-15','3340700043049',1,NULL,'2020-10-15 12:10:30','1341900147764'),(1128,'2020-10-15','1349900228036',1,NULL,'2020-10-15 12:10:30','1341900147764'),(1129,'2020-10-15','1341990004224',1,NULL,'2020-10-15 12:10:30','1341900147764'),(1130,'2020-10-15','1340700286093',1,NULL,'2020-10-15 12:10:30','1341900147764'),(1131,'2020-10-15','1341900147764',1,NULL,'2020-10-15 12:10:30','1341900147764'),(1132,'2020-10-15','5340790012551',1,NULL,'2020-10-15 12:10:30','1341900147764'),(1133,'2020-10-14','5500590005355',1,NULL,'2020-10-15 12:10:41','1341900147764'),(1134,'2020-10-14','3340700043049',1,NULL,'2020-10-15 12:10:41','1341900147764'),(1135,'2020-10-14','1349900228036',1,NULL,'2020-10-15 12:10:41','1341900147764'),(1136,'2020-10-14','1341990004224',1,NULL,'2020-10-15 12:10:41','1341900147764'),(1137,'2020-10-14','1340700286093',1,NULL,'2020-10-15 12:10:41','1341900147764'),(1138,'2020-10-14','1341900147764',1,NULL,'2020-10-15 12:10:41','1341900147764'),(1139,'2020-10-14','5340790012551',1,NULL,'2020-10-15 12:10:41','1341900147764'),(1140,'2020-10-16','5500590005355',1,NULL,'2020-10-16 09:45:59','1341900147764'),(1141,'2020-10-16','3340700043049',1,NULL,'2020-10-16 09:45:59','1341900147764'),(1142,'2020-10-16','1349900228036',1,NULL,'2020-10-16 09:45:59','1341900147764'),(1143,'2020-10-16','1341990004224',1,NULL,'2020-10-16 09:45:59','1341900147764'),(1144,'2020-10-16','1340700286093',1,NULL,'2020-10-16 09:45:59','1341900147764'),(1145,'2020-10-16','1341900147764',1,NULL,'2020-10-16 09:45:59','1341900147764'),(1146,'2020-10-16','5340790012551',1,NULL,'2020-10-16 09:45:59','1341900147764'),(1147,'2020-10-19','5500590005355',1,NULL,'2020-10-19 09:26:59','1341900147764'),(1148,'2020-10-19','3340700043049',1,NULL,'2020-10-19 09:26:59','1341900147764'),(1149,'2020-10-19','1349900228036',1,NULL,'2020-10-19 09:26:59','1341900147764'),(1150,'2020-10-19','1341990004224',1,NULL,'2020-10-19 09:26:59','1341900147764'),(1151,'2020-10-19','1340700286093',1,NULL,'2020-10-19 09:26:59','1341900147764'),(1152,'2020-10-19','1341900147764',1,NULL,'2020-10-19 09:26:59','1341900147764'),(1153,'2020-10-19','5340790012551',1,NULL,'2020-10-19 09:26:59','1341900147764'),(1154,'2020-10-20','5500590005355',1,NULL,'2020-10-20 11:15:21','1341900147764'),(1155,'2020-10-20','3340700043049',1,NULL,'2020-10-20 11:15:21','1341900147764'),(1156,'2020-10-20','1349900228036',1,NULL,'2020-10-20 11:15:21','1341900147764'),(1157,'2020-10-20','1341990004224',1,NULL,'2020-10-20 11:15:21','1341900147764'),(1158,'2020-10-20','1340700286093',1,NULL,'2020-10-20 11:15:21','1341900147764'),(1159,'2020-10-20','1341900147764',1,NULL,'2020-10-20 11:15:21','1341900147764'),(1160,'2020-10-20','5340790012551',1,NULL,'2020-10-20 11:15:21','1341900147764'),(1161,'2020-10-21','5500590005355',1,NULL,'2020-10-21 12:46:33','1341900147764'),(1162,'2020-10-21','3340700043049',1,NULL,'2020-10-21 12:46:33','1341900147764'),(1163,'2020-10-21','1349900228036',1,NULL,'2020-10-21 12:46:33','1341900147764'),(1164,'2020-10-21','1341990004224',1,NULL,'2020-10-21 12:46:33','1341900147764'),(1165,'2020-10-21','1340700286093',1,NULL,'2020-10-21 12:46:33','1341900147764'),(1166,'2020-10-21','1341900147764',1,NULL,'2020-10-21 12:46:33','1341900147764'),(1167,'2020-10-21','5340790012551',1,NULL,'2020-10-21 12:46:33','1341900147764'),(1168,'2020-10-22','5500590005355',1,NULL,'2020-10-22 08:50:15','1341900147764'),(1169,'2020-10-22','3340700043049',1,NULL,'2020-10-22 08:50:15','1341900147764'),(1170,'2020-10-22','1349900228036',1,NULL,'2020-10-22 08:50:15','1341900147764'),(1171,'2020-10-22','1341990004224',1,NULL,'2020-10-22 08:50:15','1341900147764'),(1172,'2020-10-22','1340700286093',1,NULL,'2020-10-22 08:50:15','1341900147764'),(1173,'2020-10-22','1341900147764',1,NULL,'2020-10-22 08:50:15','1341900147764'),(1174,'2020-10-22','5340790012551',1,NULL,'2020-10-22 08:50:15','1341900147764'),(1175,'2020-10-26','5500590005355',1,NULL,'2020-10-26 09:33:11','1341900147764'),(1176,'2020-10-26','3340700043049',1,NULL,'2020-10-26 09:33:11','1341900147764'),(1177,'2020-10-26','1349900228036',1,NULL,'2020-10-26 09:33:11','1341900147764'),(1178,'2020-10-26','1341990004224',1,NULL,'2020-10-26 09:33:11','1341900147764'),(1179,'2020-10-26','1340700286093',1,NULL,'2020-10-26 09:33:11','1341900147764'),(1180,'2020-10-26','1341900147764',1,NULL,'2020-10-26 09:33:11','1341900147764'),(1181,'2020-10-26','5340790012551',1,NULL,'2020-10-26 09:33:11','1341900147764'),(1182,'2020-10-27','5500590005355',1,NULL,'2020-10-27 10:20:34','1341900147764'),(1183,'2020-10-27','3340700043049',1,NULL,'2020-10-27 10:20:34','1341900147764'),(1184,'2020-10-27','1349900228036',1,NULL,'2020-10-27 10:20:34','1341900147764'),(1185,'2020-10-27','1341990004224',1,NULL,'2020-10-27 10:20:34','1341900147764'),(1186,'2020-10-27','1340700286093',1,NULL,'2020-10-27 10:20:34','1341900147764'),(1187,'2020-10-27','1341900147764',1,NULL,'2020-10-27 10:20:34','1341900147764'),(1188,'2020-10-27','5340790012551',1,NULL,'2020-10-27 10:20:34','1341900147764'),(1189,'2020-10-28','5500590005355',1,NULL,'2020-10-28 09:13:35','1341900147764'),(1190,'2020-10-28','3340700043049',1,NULL,'2020-10-28 09:13:35','1341900147764'),(1191,'2020-10-28','1349900228036',1,NULL,'2020-10-28 09:13:35','1341900147764'),(1192,'2020-10-28','1341990004224',1,NULL,'2020-10-28 09:13:35','1341900147764'),(1193,'2020-10-28','1340700286093',1,NULL,'2020-10-28 09:13:35','1341900147764'),(1194,'2020-10-28','1341900147764',1,NULL,'2020-10-28 09:13:35','1341900147764'),(1195,'2020-10-28','5340790012551',1,NULL,'2020-10-28 09:13:35','1341900147764'),(1196,'2020-10-29','5500590005355',1,NULL,'2020-10-29 08:50:49','1341900147764'),(1197,'2020-10-29','3340700043049',1,NULL,'2020-10-29 08:50:49','1341900147764'),(1198,'2020-10-29','1349900228036',1,NULL,'2020-10-29 08:50:49','1341900147764'),(1199,'2020-10-29','1341990004224',1,NULL,'2020-10-29 08:50:49','1341900147764'),(1200,'2020-10-29','1340700286093',1,NULL,'2020-10-29 08:50:49','1341900147764'),(1201,'2020-10-29','1341900147764',1,NULL,'2020-10-29 08:50:49','1341900147764'),(1202,'2020-10-29','5340790012551',1,NULL,'2020-10-29 08:50:49','1341900147764'),(1203,'2020-11-02','5500590005355',1,NULL,'2020-11-02 14:49:41','1341900147764'),(1204,'2020-11-02','3340700043049',1,NULL,'2020-11-02 14:49:41','1341900147764'),(1205,'2020-11-02','1349900228036',1,NULL,'2020-11-02 14:49:41','1341900147764'),(1206,'2020-11-02','1341990004224',1,NULL,'2020-11-02 14:49:41','1341900147764'),(1207,'2020-11-02','1340700286093',1,NULL,'2020-11-02 14:49:41','1341900147764'),(1208,'2020-11-02','1341900147764',1,NULL,'2020-11-02 14:49:41','1341900147764'),(1209,'2020-11-02','5340790012551',1,NULL,'2020-11-02 14:49:41','1341900147764'),(1210,'2020-11-03','5500590005355',1,NULL,'2020-11-03 08:50:48','1341900147764'),(1211,'2020-11-03','3340700043049',1,NULL,'2020-11-03 08:50:48','1341900147764'),(1212,'2020-11-03','1349900228036',1,NULL,'2020-11-03 08:50:48','1341900147764'),(1213,'2020-11-03','1341990004224',1,NULL,'2020-11-03 08:50:48','1341900147764'),(1214,'2020-11-03','1340700286093',1,NULL,'2020-11-03 08:50:48','1341900147764'),(1215,'2020-11-03','1341900147764',1,NULL,'2020-11-03 08:50:48','1341900147764'),(1216,'2020-11-03','5340790012551',1,NULL,'2020-11-03 08:50:48','1341900147764'),(1217,'2020-11-04','5500590005355',1,NULL,'2020-11-04 20:35:53','1341900147764'),(1218,'2020-11-04','3340700043049',1,NULL,'2020-11-04 20:35:53','1341900147764'),(1219,'2020-11-04','1349900228036',1,NULL,'2020-11-04 20:35:53','1341900147764'),(1220,'2020-11-04','1341990004224',1,NULL,'2020-11-04 20:35:53','1341900147764'),(1221,'2020-11-04','1340700286093',1,NULL,'2020-11-04 20:35:53','1341900147764'),(1222,'2020-11-04','1341900147764',1,NULL,'2020-11-04 20:35:53','1341900147764'),(1223,'2020-11-04','5340790012551',1,NULL,'2020-11-04 20:35:53','1341900147764'),(1224,'2020-11-09','5500590005355',1,NULL,'2020-11-09 21:21:38','1341900147764'),(1225,'2020-11-09','3340700043049',1,NULL,'2020-11-09 21:21:38','1341900147764'),(1226,'2020-11-09','1349900228036',1,NULL,'2020-11-09 21:21:38','1341900147764'),(1227,'2020-11-09','1341990004224',1,NULL,'2020-11-09 21:21:38','1341900147764'),(1228,'2020-11-09','1340700286093',1,NULL,'2020-11-09 21:21:38','1341900147764'),(1229,'2020-11-09','1341900147764',1,NULL,'2020-11-09 21:21:38','1341900147764'),(1230,'2020-11-09','5340790012551',1,NULL,'2020-11-09 21:21:38','1341900147764'),(1231,'2020-11-05','5500590005355',1,NULL,'2020-11-13 10:51:47','1341900147764'),(1232,'2020-11-05','3340700043049',1,NULL,'2020-11-13 10:51:47','1341900147764'),(1233,'2020-11-05','1349900228036',1,NULL,'2020-11-13 10:51:47','1341900147764'),(1234,'2020-11-05','1341990004224',1,NULL,'2020-11-13 10:51:47','1341900147764'),(1235,'2020-11-05','1340700286093',1,NULL,'2020-11-13 10:51:47','1341900147764'),(1236,'2020-11-05','1341900147764',1,NULL,'2020-11-13 10:51:47','1341900147764'),(1237,'2020-11-05','5340790012551',1,NULL,'2020-11-13 10:51:47','1341900147764'),(1238,'2020-11-06','5500590005355',1,NULL,'2020-11-13 10:51:55','1341900147764'),(1239,'2020-11-06','3340700043049',1,NULL,'2020-11-13 10:51:55','1341900147764'),(1240,'2020-11-06','1349900228036',1,NULL,'2020-11-13 10:51:55','1341900147764'),(1241,'2020-11-06','1341990004224',1,NULL,'2020-11-13 10:51:55','1341900147764'),(1242,'2020-11-06','1340700286093',1,NULL,'2020-11-13 10:51:55','1341900147764'),(1243,'2020-11-06','1341900147764',1,NULL,'2020-11-13 10:51:55','1341900147764'),(1244,'2020-11-06','5340790012551',1,NULL,'2020-11-13 10:51:55','1341900147764'),(1245,'2020-11-10','5500590005355',1,NULL,'2020-11-13 10:52:09','1341900147764'),(1246,'2020-11-10','3340700043049',1,NULL,'2020-11-13 10:52:09','1341900147764'),(1247,'2020-11-10','1349900228036',1,NULL,'2020-11-13 10:52:09','1341900147764'),(1248,'2020-11-10','1341990004224',1,NULL,'2020-11-13 10:52:09','1341900147764'),(1249,'2020-11-10','1340700286093',1,NULL,'2020-11-13 10:52:09','1341900147764'),(1250,'2020-11-10','1341900147764',1,NULL,'2020-11-13 10:52:09','1341900147764'),(1251,'2020-11-10','5340790012551',1,NULL,'2020-11-13 10:52:09','1341900147764'),(1252,'2020-11-11','5500590005355',1,NULL,'2020-11-13 10:52:16','1341900147764'),(1253,'2020-11-11','3340700043049',1,NULL,'2020-11-13 10:52:16','1341900147764'),(1254,'2020-11-11','1349900228036',1,NULL,'2020-11-13 10:52:16','1341900147764'),(1255,'2020-11-11','1341990004224',1,NULL,'2020-11-13 10:52:16','1341900147764'),(1256,'2020-11-11','1340700286093',1,NULL,'2020-11-13 10:52:16','1341900147764'),(1257,'2020-11-11','1341900147764',1,NULL,'2020-11-13 10:52:16','1341900147764'),(1258,'2020-11-11','5340790012551',1,NULL,'2020-11-13 10:52:16','1341900147764'),(1259,'2020-11-12','5500590005355',1,NULL,'2020-11-13 10:52:26','1341900147764'),(1260,'2020-11-12','3340700043049',1,NULL,'2020-11-13 10:52:26','1341900147764'),(1261,'2020-11-12','1349900228036',1,NULL,'2020-11-13 10:52:26','1341900147764'),(1262,'2020-11-12','1341990004224',1,NULL,'2020-11-13 10:52:26','1341900147764'),(1263,'2020-11-12','1340700286093',1,NULL,'2020-11-13 10:52:26','1341900147764'),(1264,'2020-11-12','1341900147764',1,NULL,'2020-11-13 10:52:26','1341900147764'),(1265,'2020-11-12','5340790012551',1,NULL,'2020-11-13 10:52:26','1341900147764'),(1266,'2020-11-13','5500590005355',1,NULL,'2020-11-13 10:52:35','1341900147764'),(1267,'2020-11-13','3340700043049',1,NULL,'2020-11-13 10:52:35','1341900147764'),(1268,'2020-11-13','1349900228036',1,NULL,'2020-11-13 10:52:35','1341900147764'),(1269,'2020-11-13','1341990004224',1,NULL,'2020-11-13 10:52:35','1341900147764'),(1270,'2020-11-13','1340700286093',1,NULL,'2020-11-13 10:52:35','1341900147764'),(1271,'2020-11-13','1341900147764',1,NULL,'2020-11-13 10:52:35','1341900147764'),(1272,'2020-11-13','5340790012551',1,NULL,'2020-11-13 10:52:35','1341900147764'),(1273,'2020-12-01','5500590005355',1,NULL,'2020-12-01 09:17:59','1341900147764'),(1274,'2020-12-01','3340700043049',1,NULL,'2020-12-01 09:17:59','1341900147764'),(1275,'2020-12-01','1349900228036',1,NULL,'2020-12-01 09:17:59','1341900147764'),(1276,'2020-12-01','1341990004224',1,NULL,'2020-12-01 09:17:59','1341900147764'),(1277,'2020-12-01','1340700286093',1,NULL,'2020-12-01 09:17:59','1341900147764'),(1278,'2020-12-01','1341900147764',1,NULL,'2020-12-01 09:17:59','1341900147764'),(1279,'2020-12-01','5340790012551',1,NULL,'2020-12-01 09:17:59','1341900147764'),(1280,'2020-12-02','5500590005355',1,NULL,'2020-12-02 08:47:23','1341900147764'),(1281,'2020-12-02','3340700043049',1,NULL,'2020-12-02 08:47:23','1341900147764'),(1282,'2020-12-02','1349900228036',1,NULL,'2020-12-02 08:47:23','1341900147764'),(1283,'2020-12-02','1341990004224',1,NULL,'2020-12-02 08:47:23','1341900147764'),(1284,'2020-12-02','1340700286093',1,NULL,'2020-12-02 08:47:23','1341900147764'),(1285,'2020-12-02','1341900147764',1,NULL,'2020-12-02 08:47:23','1341900147764'),(1286,'2020-12-02','5340790012551',1,NULL,'2020-12-02 08:47:23','1341900147764'),(1287,'2020-12-03','5500590005355',1,NULL,'2020-12-03 08:44:56','1341900147764'),(1288,'2020-12-03','3340700043049',1,NULL,'2020-12-03 08:44:56','1341900147764'),(1289,'2020-12-03','1349900228036',1,NULL,'2020-12-03 08:44:56','1341900147764'),(1290,'2020-12-03','1341990004224',1,NULL,'2020-12-03 08:44:56','1341900147764'),(1291,'2020-12-03','1340700286093',1,NULL,'2020-12-03 08:44:56','1341900147764'),(1292,'2020-12-03','1341900147764',1,NULL,'2020-12-03 08:44:56','1341900147764'),(1293,'2020-12-03','5340790012551',1,NULL,'2020-12-03 08:44:56','1341900147764'),(1294,'2020-12-04','5500590005355',1,NULL,'2020-12-04 11:23:26','1341900147764'),(1295,'2020-12-04','3340700043049',1,NULL,'2020-12-04 11:23:26','1341900147764'),(1296,'2020-12-04','1349900228036',1,NULL,'2020-12-04 11:23:26','1341900147764'),(1297,'2020-12-04','1341990004224',1,NULL,'2020-12-04 11:23:26','1341900147764'),(1298,'2020-12-04','1340700286093',1,NULL,'2020-12-04 11:23:26','1341900147764'),(1299,'2020-12-04','1341900147764',1,NULL,'2020-12-04 11:23:26','1341900147764'),(1300,'2020-12-04','5340790012551',1,NULL,'2020-12-04 11:23:26','1341900147764'),(1301,'2020-12-07','5500590005355',1,NULL,'2020-12-07 09:07:27','1341900147764'),(1302,'2020-12-07','3340700043049',1,NULL,'2020-12-07 09:07:27','1341900147764'),(1303,'2020-12-07','1349900228036',1,NULL,'2020-12-07 09:07:27','1341900147764'),(1304,'2020-12-07','1341990004224',1,NULL,'2020-12-07 09:07:27','1341900147764'),(1305,'2020-12-07','1340700286093',1,NULL,'2020-12-07 09:07:27','1341900147764'),(1306,'2020-12-07','1341900147764',1,NULL,'2020-12-07 09:07:27','1341900147764'),(1307,'2020-12-07','5340790012551',1,NULL,'2020-12-07 09:07:27','1341900147764'),(1308,'2020-12-08','5500590005355',1,NULL,'2020-12-08 16:52:01','1341900147764'),(1309,'2020-12-08','3340700043049',1,NULL,'2020-12-08 16:52:01','1341900147764'),(1310,'2020-12-08','1349900228036',1,NULL,'2020-12-08 16:52:01','1341900147764'),(1311,'2020-12-08','1341990004224',1,NULL,'2020-12-08 16:52:01','1341900147764'),(1312,'2020-12-08','1340700286093',1,NULL,'2020-12-08 16:52:01','1341900147764'),(1313,'2020-12-08','1341900147764',1,NULL,'2020-12-08 16:52:01','1341900147764'),(1314,'2020-12-08','5340790012551',1,NULL,'2020-12-08 16:52:01','1341900147764'),(1315,'2020-12-14','5500590005355',1,NULL,'2020-12-14 10:37:12','1341900147764'),(1316,'2020-12-14','3340700043049',1,NULL,'2020-12-14 10:37:12','1341900147764'),(1317,'2020-12-14','1349900228036',1,NULL,'2020-12-14 10:37:12','1341900147764'),(1318,'2020-12-14','1341990004224',1,NULL,'2020-12-14 10:37:12','1341900147764'),(1319,'2020-12-14','1340700286093',1,NULL,'2020-12-14 10:37:12','1341900147764'),(1320,'2020-12-14','1341900147764',1,NULL,'2020-12-14 10:37:12','1341900147764'),(1321,'2020-12-14','5340790012551',1,NULL,'2020-12-14 10:37:12','1341900147764'),(1322,'2020-12-09','5500590005355',1,NULL,'2020-12-14 10:37:25','1341900147764'),(1323,'2020-12-09','3340700043049',1,NULL,'2020-12-14 10:37:25','1341900147764'),(1324,'2020-12-09','1349900228036',1,NULL,'2020-12-14 10:37:25','1341900147764'),(1325,'2020-12-09','1341990004224',1,NULL,'2020-12-14 10:37:25','1341900147764'),(1326,'2020-12-09','1340700286093',1,NULL,'2020-12-14 10:37:25','1341900147764'),(1327,'2020-12-09','1341900147764',1,NULL,'2020-12-14 10:37:25','1341900147764'),(1328,'2020-12-09','5340790012551',1,NULL,'2020-12-14 10:37:25','1341900147764'),(1329,'2020-12-15','5500590005355',1,NULL,'2020-12-15 09:41:47','1341900147764'),(1330,'2020-12-15','3340700043049',1,NULL,'2020-12-15 09:41:47','1341900147764'),(1331,'2020-12-15','1349900228036',1,NULL,'2020-12-15 09:41:47','1341900147764'),(1332,'2020-12-15','1341990004224',1,NULL,'2020-12-15 09:41:47','1341900147764'),(1333,'2020-12-15','1340700286093',1,NULL,'2020-12-15 09:41:47','1341900147764'),(1334,'2020-12-15','1341900147764',1,NULL,'2020-12-15 09:41:47','1341900147764'),(1335,'2020-12-15','5340790012551',1,NULL,'2020-12-15 09:41:47','1341900147764'),(1336,'2020-12-16','5500590005355',1,NULL,'2020-12-18 15:29:48','1341900147764'),(1337,'2020-12-16','3340700043049',1,NULL,'2020-12-18 15:29:48','1341900147764'),(1338,'2020-12-16','1349900228036',1,NULL,'2020-12-18 15:29:48','1341900147764'),(1339,'2020-12-16','1341990004224',1,NULL,'2020-12-18 15:29:48','1341900147764'),(1340,'2020-12-16','1340700286093',1,NULL,'2020-12-18 15:29:48','1341900147764'),(1341,'2020-12-16','1341900147764',1,NULL,'2020-12-18 15:29:48','1341900147764'),(1342,'2020-12-16','5340790012551',1,NULL,'2020-12-18 15:29:48','1341900147764'),(1343,'2020-12-17','5500590005355',1,NULL,'2020-12-18 15:29:58','1341900147764'),(1344,'2020-12-17','3340700043049',1,NULL,'2020-12-18 15:29:58','1341900147764'),(1345,'2020-12-17','1349900228036',1,NULL,'2020-12-18 15:29:58','1341900147764'),(1346,'2020-12-17','1341990004224',1,NULL,'2020-12-18 15:29:58','1341900147764'),(1347,'2020-12-17','1340700286093',1,NULL,'2020-12-18 15:29:58','1341900147764'),(1348,'2020-12-17','1341900147764',1,NULL,'2020-12-18 15:29:58','1341900147764'),(1349,'2020-12-17','5340790012551',1,NULL,'2020-12-18 15:29:58','1341900147764'),(1350,'2020-12-18','5500590005355',1,NULL,'2020-12-18 15:30:09','1341900147764'),(1351,'2020-12-18','3340700043049',1,NULL,'2020-12-18 15:30:09','1341900147764'),(1352,'2020-12-18','1349900228036',1,NULL,'2020-12-18 15:30:09','1341900147764'),(1353,'2020-12-18','1341990004224',1,NULL,'2020-12-18 15:30:09','1341900147764'),(1354,'2020-12-18','1340700286093',1,NULL,'2020-12-18 15:30:09','1341900147764'),(1355,'2020-12-18','1341900147764',1,NULL,'2020-12-18 15:30:09','1341900147764'),(1356,'2020-12-18','5340790012551',1,NULL,'2020-12-18 15:30:09','1341900147764'),(1357,'2020-12-22','5500590005355',1,NULL,'2020-12-22 10:26:40','1341900147764'),(1358,'2020-12-22','3340700043049',1,NULL,'2020-12-22 10:26:40','1341900147764'),(1359,'2020-12-22','1349900228036',1,NULL,'2020-12-22 10:26:40','1341900147764'),(1360,'2020-12-22','1341990004224',1,NULL,'2020-12-22 10:26:40','1341900147764'),(1361,'2020-12-22','1340700286093',1,NULL,'2020-12-22 10:26:40','1341900147764'),(1362,'2020-12-22','1341900147764',1,NULL,'2020-12-22 10:26:40','1341900147764'),(1363,'2020-12-22','5340790012551',1,NULL,'2020-12-22 10:26:40','1341900147764'),(1364,'2020-12-21','5500590005355',1,NULL,'2020-12-22 10:26:50','1341900147764'),(1365,'2020-12-21','3340700043049',1,NULL,'2020-12-22 10:26:50','1341900147764'),(1366,'2020-12-21','1349900228036',1,NULL,'2020-12-22 10:26:50','1341900147764'),(1367,'2020-12-21','1341990004224',1,NULL,'2020-12-22 10:26:50','1341900147764'),(1368,'2020-12-21','1340700286093',1,NULL,'2020-12-22 10:26:50','1341900147764'),(1369,'2020-12-21','1341900147764',1,NULL,'2020-12-22 10:26:50','1341900147764'),(1370,'2020-12-21','5340790012551',1,NULL,'2020-12-22 10:26:50','1341900147764'),(1371,'2020-12-23','5500590005355',1,NULL,'2020-12-23 12:12:41','1341900147764'),(1372,'2020-12-23','3340700043049',1,NULL,'2020-12-23 12:12:41','1341900147764'),(1373,'2020-12-23','1349900228036',1,NULL,'2020-12-23 12:12:41','1341900147764'),(1374,'2020-12-23','1341990004224',1,NULL,'2020-12-23 12:12:41','1341900147764'),(1375,'2020-12-23','1340700286093',1,NULL,'2020-12-23 12:12:41','1341900147764'),(1376,'2020-12-23','1341900147764',1,NULL,'2020-12-23 12:12:41','1341900147764'),(1377,'2020-12-23','5340790012551',1,NULL,'2020-12-23 12:12:41','1341900147764'),(1378,'2020-12-24','5500590005355',1,NULL,'2020-12-25 09:19:21','1341900147764'),(1379,'2020-12-24','3340700043049',1,NULL,'2020-12-25 09:19:21','1341900147764'),(1380,'2020-12-24','1349900228036',1,NULL,'2020-12-25 09:19:21','1341900147764'),(1381,'2020-12-24','1341990004224',1,NULL,'2020-12-25 09:19:21','1341900147764'),(1382,'2020-12-24','1340700286093',1,NULL,'2020-12-25 09:19:21','1341900147764'),(1383,'2020-12-24','1341900147764',1,NULL,'2020-12-25 09:19:21','1341900147764'),(1384,'2020-12-24','5340790012551',1,NULL,'2020-12-25 09:19:21','1341900147764'),(1385,'2020-12-25','5500590005355',1,NULL,'2020-12-25 09:19:29','1341900147764'),(1386,'2020-12-25','3340700043049',1,NULL,'2020-12-25 09:19:29','1341900147764'),(1387,'2020-12-25','1349900228036',1,NULL,'2020-12-25 09:19:29','1341900147764'),(1388,'2020-12-25','1341990004224',1,NULL,'2020-12-25 09:19:29','1341900147764'),(1389,'2020-12-25','1340700286093',1,NULL,'2020-12-25 09:19:29','1341900147764'),(1390,'2020-12-25','1341900147764',1,NULL,'2020-12-25 09:19:29','1341900147764'),(1391,'2020-12-25','5340790012551',1,NULL,'2020-12-25 09:19:29','1341900147764'),(1392,'2020-12-28','5500590005355',1,NULL,'2020-12-28 10:15:02','1341900147764'),(1393,'2020-12-28','3340700043049',1,NULL,'2020-12-28 10:15:02','1341900147764'),(1394,'2020-12-28','1349900228036',1,NULL,'2020-12-28 10:15:02','1341900147764'),(1395,'2020-12-28','1341990004224',1,NULL,'2020-12-28 10:15:02','1341900147764'),(1396,'2020-12-28','1340700286093',1,NULL,'2020-12-28 10:15:02','1341900147764'),(1397,'2020-12-28','1341900147764',1,NULL,'2020-12-28 10:15:02','1341900147764'),(1398,'2020-12-28','5340790012551',1,NULL,'2020-12-28 10:15:02','1341900147764'),(1399,'2020-12-29','5500590005355',1,NULL,'2021-01-04 09:34:41','1341900147764'),(1400,'2020-12-29','3340700043049',1,NULL,'2021-01-04 09:34:41','1341900147764'),(1401,'2020-12-29','1349900228036',1,NULL,'2021-01-04 09:34:41','1341900147764'),(1402,'2020-12-29','1341990004224',1,NULL,'2021-01-04 09:34:41','1341900147764'),(1403,'2020-12-29','1340700286093',1,NULL,'2021-01-04 09:34:41','1341900147764'),(1404,'2020-12-29','1341900147764',1,NULL,'2021-01-04 09:34:41','1341900147764'),(1405,'2020-12-29','5340790012551',1,NULL,'2021-01-04 09:34:41','1341900147764'),(1406,'2020-12-30','5500590005355',1,NULL,'2021-01-04 09:34:49','1341900147764'),(1407,'2020-12-30','3340700043049',1,NULL,'2021-01-04 09:34:49','1341900147764'),(1408,'2020-12-30','1349900228036',1,NULL,'2021-01-04 09:34:49','1341900147764'),(1409,'2020-12-30','1341990004224',1,NULL,'2021-01-04 09:34:49','1341900147764'),(1410,'2020-12-30','1340700286093',1,NULL,'2021-01-04 09:34:49','1341900147764'),(1411,'2020-12-30','1341900147764',1,NULL,'2021-01-04 09:34:49','1341900147764'),(1412,'2020-12-30','5340790012551',1,NULL,'2021-01-04 09:34:49','1341900147764'),(1413,'2021-01-04','5500590005355',1,NULL,'2021-01-04 09:35:14','1341900147764'),(1414,'2021-01-04','3340700043049',1,NULL,'2021-01-04 09:35:14','1341900147764'),(1415,'2021-01-04','1349900228036',1,NULL,'2021-01-04 09:35:14','1341900147764'),(1416,'2021-01-04','1341990004224',1,NULL,'2021-01-04 09:35:14','1341900147764'),(1417,'2021-01-04','1340700286093',1,NULL,'2021-01-04 09:35:14','1341900147764'),(1418,'2021-01-04','1341900147764',1,NULL,'2021-01-04 09:35:14','1341900147764'),(1419,'2021-01-04','5340790012551',1,NULL,'2021-01-04 09:35:14','1341900147764'),(1420,'2021-01-05','5500590005355',1,NULL,'2021-01-05 09:15:33','1341900147764'),(1421,'2021-01-05','3340700043049',1,NULL,'2021-01-05 09:15:33','1341900147764'),(1422,'2021-01-05','1349900228036',1,NULL,'2021-01-05 09:15:33','1341900147764'),(1423,'2021-01-05','1341990004224',1,NULL,'2021-01-05 09:15:33','1341900147764'),(1424,'2021-01-05','1340700286093',1,NULL,'2021-01-05 09:15:33','1341900147764'),(1425,'2021-01-05','1341900147764',1,NULL,'2021-01-05 09:15:33','1341900147764'),(1426,'2021-01-05','5340790012551',1,NULL,'2021-01-05 09:15:33','1341900147764'),(1427,'2021-01-06','5500590005355',1,NULL,'2021-01-06 09:13:49','1341900147764'),(1428,'2021-01-06','3340700043049',1,NULL,'2021-01-06 09:13:49','1341900147764'),(1429,'2021-01-06','1349900228036',1,NULL,'2021-01-06 09:13:49','1341900147764'),(1430,'2021-01-06','1341990004224',1,NULL,'2021-01-06 09:13:49','1341900147764'),(1431,'2021-01-06','1340700286093',1,NULL,'2021-01-06 09:13:49','1341900147764'),(1432,'2021-01-06','1341900147764',1,NULL,'2021-01-06 09:13:49','1341900147764'),(1433,'2021-01-06','5340790012551',1,NULL,'2021-01-06 09:13:49','1341900147764'),(1434,'2021-01-07','5500590005355',1,NULL,'2021-01-07 10:33:59','1341900147764'),(1435,'2021-01-07','3340700043049',1,NULL,'2021-01-07 10:33:59','1341900147764'),(1436,'2021-01-07','1349900228036',1,NULL,'2021-01-07 10:33:59','1341900147764'),(1437,'2021-01-07','1341990004224',1,NULL,'2021-01-07 10:33:59','1341900147764'),(1438,'2021-01-07','1340700286093',1,NULL,'2021-01-07 10:33:59','1341900147764'),(1439,'2021-01-07','1341900147764',1,NULL,'2021-01-07 10:33:59','1341900147764'),(1440,'2021-01-07','5340790012551',1,NULL,'2021-01-07 10:33:59','1341900147764'),(1441,'2021-01-08','5500590005355',1,NULL,'2021-01-08 09:18:42','1341900147764'),(1442,'2021-01-08','3340700043049',1,NULL,'2021-01-08 09:18:42','1341900147764'),(1443,'2021-01-08','1349900228036',1,NULL,'2021-01-08 09:18:42','1341900147764'),(1444,'2021-01-08','1341990004224',1,NULL,'2021-01-08 09:18:42','1341900147764'),(1445,'2021-01-08','1340700286093',1,NULL,'2021-01-08 09:18:42','1341900147764'),(1446,'2021-01-08','1341900147764',1,NULL,'2021-01-08 09:18:42','1341900147764'),(1447,'2021-01-08','5340790012551',1,NULL,'2021-01-08 09:18:42','1341900147764'),(1448,'2021-01-11','5500590005355',1,NULL,'2021-01-11 09:38:07','1341900147764'),(1449,'2021-01-11','3340700043049',1,NULL,'2021-01-11 09:38:07','1341900147764'),(1450,'2021-01-11','1349900228036',1,NULL,'2021-01-11 09:38:07','1341900147764'),(1451,'2021-01-11','1341990004224',1,NULL,'2021-01-11 09:38:07','1341900147764'),(1452,'2021-01-11','1340700286093',1,NULL,'2021-01-11 09:38:07','1341900147764'),(1453,'2021-01-11','1341900147764',1,NULL,'2021-01-11 09:38:07','1341900147764'),(1454,'2021-01-11','5340790012551',1,NULL,'2021-01-11 09:38:07','1341900147764'),(1455,'2021-01-12','5500590005355',1,NULL,'2021-01-12 10:10:29','1341900147764'),(1456,'2021-01-12','3340700043049',1,NULL,'2021-01-12 10:10:29','1341900147764'),(1457,'2021-01-12','1349900228036',1,NULL,'2021-01-12 10:10:29','1341900147764'),(1458,'2021-01-12','1341990004224',1,NULL,'2021-01-12 10:10:29','1341900147764'),(1459,'2021-01-12','1340700286093',1,NULL,'2021-01-12 10:10:29','1341900147764'),(1460,'2021-01-12','1341900147764',1,NULL,'2021-01-12 10:10:29','1341900147764'),(1461,'2021-01-12','5340790012551',1,NULL,'2021-01-12 10:10:29','1341900147764'),(1462,'2021-01-13','5500590005355',1,NULL,'2021-01-13 09:21:35','1341900147764'),(1463,'2021-01-13','3340700043049',1,NULL,'2021-01-13 09:21:35','1341900147764'),(1464,'2021-01-13','1349900228036',1,NULL,'2021-01-13 09:21:35','1341900147764'),(1465,'2021-01-13','1341990004224',1,NULL,'2021-01-13 09:21:35','1341900147764'),(1466,'2021-01-13','1340700286093',1,NULL,'2021-01-13 09:21:35','1341900147764'),(1467,'2021-01-13','1341900147764',1,NULL,'2021-01-13 09:21:35','1341900147764'),(1468,'2021-01-13','5340790012551',1,NULL,'2021-01-13 09:21:35','1341900147764'),(1469,'2021-01-14','5500590005355',1,NULL,'2021-01-14 09:38:17','1341900147764'),(1470,'2021-01-14','3340700043049',1,NULL,'2021-01-14 09:38:17','1341900147764'),(1471,'2021-01-14','1349900228036',1,NULL,'2021-01-14 09:38:17','1341900147764'),(1472,'2021-01-14','1341990004224',1,NULL,'2021-01-14 09:38:17','1341900147764'),(1473,'2021-01-14','1340700286093',1,NULL,'2021-01-14 09:38:17','1341900147764'),(1474,'2021-01-14','1341900147764',1,NULL,'2021-01-14 09:38:17','1341900147764'),(1475,'2021-01-14','5340790012551',1,NULL,'2021-01-14 09:38:17','1341900147764'),(1476,'2021-01-15','5500590005355',1,NULL,'2021-01-15 09:05:44','1341900147764'),(1477,'2021-01-15','3340700043049',1,NULL,'2021-01-15 09:05:44','1341900147764'),(1478,'2021-01-15','1349900228036',1,NULL,'2021-01-15 09:05:44','1341900147764'),(1479,'2021-01-15','1341990004224',1,NULL,'2021-01-15 09:05:44','1341900147764'),(1480,'2021-01-15','1340700286093',1,NULL,'2021-01-15 09:05:44','1341900147764'),(1481,'2021-01-15','1341900147764',1,NULL,'2021-01-15 09:05:44','1341900147764'),(1482,'2021-01-15','5340790012551',1,NULL,'2021-01-15 09:05:44','1341900147764'),(1483,'2021-01-18','5500590005355',1,NULL,'2021-01-18 12:47:25','1341900147764'),(1484,'2021-01-18','3340700043049',1,NULL,'2021-01-18 12:47:25','1341900147764'),(1485,'2021-01-18','1349900228036',1,NULL,'2021-01-18 12:47:25','1341900147764'),(1486,'2021-01-18','1341990004224',1,NULL,'2021-01-18 12:47:25','1341900147764'),(1487,'2021-01-18','1340700286093',1,NULL,'2021-01-18 12:47:25','1341900147764'),(1488,'2021-01-18','1341900147764',1,NULL,'2021-01-18 12:47:25','1341900147764'),(1489,'2021-01-18','5340790012551',1,NULL,'2021-01-18 12:47:25','1341900147764'),(1490,'2021-01-19','5500590005355',1,NULL,'2021-01-19 09:05:16','1341900147764'),(1491,'2021-01-19','3340700043049',1,NULL,'2021-01-19 09:05:16','1341900147764'),(1492,'2021-01-19','1349900228036',1,NULL,'2021-01-19 09:05:16','1341900147764'),(1493,'2021-01-19','1341990004224',1,NULL,'2021-01-19 09:05:16','1341900147764'),(1494,'2021-01-19','1340700286093',1,NULL,'2021-01-19 09:05:16','1341900147764'),(1495,'2021-01-19','1341900147764',1,NULL,'2021-01-19 09:05:16','1341900147764'),(1496,'2021-01-19','5340790012551',1,NULL,'2021-01-19 09:05:16','1341900147764'),(1497,'2021-01-20','5500590005355',1,NULL,'2021-01-20 09:01:57','1341900147764'),(1498,'2021-01-20','3340700043049',1,NULL,'2021-01-20 09:01:57','1341900147764'),(1499,'2021-01-20','1349900228036',1,NULL,'2021-01-20 09:01:57','1341900147764'),(1500,'2021-01-20','1341990004224',1,NULL,'2021-01-20 09:01:57','1341900147764'),(1501,'2021-01-20','1340700286093',1,NULL,'2021-01-20 09:01:57','1341900147764'),(1502,'2021-01-20','1341900147764',1,NULL,'2021-01-20 09:01:57','1341900147764'),(1503,'2021-01-20','5340790012551',1,NULL,'2021-01-20 09:01:57','1341900147764'),(1504,'2021-01-22','5500590005355',1,NULL,'2021-01-22 09:26:28','1341900147764'),(1505,'2021-01-22','3340700043049',1,NULL,'2021-01-22 09:26:28','1341900147764'),(1506,'2021-01-22','1349900228036',1,NULL,'2021-01-22 09:26:28','1341900147764'),(1507,'2021-01-22','1341990004224',1,NULL,'2021-01-22 09:26:28','1341900147764'),(1508,'2021-01-22','1340700286093',1,NULL,'2021-01-22 09:26:28','1341900147764'),(1509,'2021-01-22','1341900147764',1,NULL,'2021-01-22 09:26:28','1341900147764'),(1510,'2021-01-22','5340790012551',1,NULL,'2021-01-22 09:26:28','1341900147764'),(1511,'2021-01-21','5500590005355',1,NULL,'2021-01-22 09:26:41','1341900147764'),(1512,'2021-01-21','3340700043049',1,NULL,'2021-01-22 09:26:41','1341900147764'),(1513,'2021-01-21','1349900228036',1,NULL,'2021-01-22 09:26:41','1341900147764'),(1514,'2021-01-21','1341990004224',1,NULL,'2021-01-22 09:26:41','1341900147764'),(1515,'2021-01-21','1340700286093',1,NULL,'2021-01-22 09:26:41','1341900147764'),(1516,'2021-01-21','1341900147764',1,NULL,'2021-01-22 09:26:41','1341900147764'),(1517,'2021-01-21','5340790012551',1,NULL,'2021-01-22 09:26:41','1341900147764'),(1518,'2021-01-25','5500590005355',1,NULL,'2021-01-25 09:28:40','1341900147764'),(1519,'2021-01-25','3340700043049',1,NULL,'2021-01-25 09:28:40','1341900147764'),(1520,'2021-01-25','1349900228036',1,NULL,'2021-01-25 09:28:40','1341900147764'),(1521,'2021-01-25','1341990004224',1,NULL,'2021-01-25 09:28:40','1341900147764'),(1522,'2021-01-25','1340700286093',1,NULL,'2021-01-25 09:28:40','1341900147764'),(1523,'2021-01-25','1341900147764',1,NULL,'2021-01-25 09:28:40','1341900147764'),(1524,'2021-01-25','5340790012551',1,NULL,'2021-01-25 09:28:40','1341900147764'),(1525,'2021-01-27','5500590005355',1,NULL,'2021-01-27 09:19:47','1341900147764'),(1526,'2021-01-27','3340700043049',1,NULL,'2021-01-27 09:19:47','1341900147764'),(1527,'2021-01-27','1349900228036',1,NULL,'2021-01-27 09:19:47','1341900147764'),(1528,'2021-01-27','1341990004224',1,NULL,'2021-01-27 09:19:47','1341900147764'),(1529,'2021-01-27','1340700286093',1,NULL,'2021-01-27 09:19:47','1341900147764'),(1530,'2021-01-27','1341900147764',1,NULL,'2021-01-27 09:19:47','1341900147764'),(1531,'2021-01-27','5340790012551',1,NULL,'2021-01-27 09:19:47','1341900147764'),(1532,'2021-01-26','5500590005355',2,NULL,'2021-01-27 09:24:53','1341900147764'),(1533,'2021-01-26','3340700043049',2,NULL,'2021-01-27 09:24:53','1341900147764'),(1534,'2021-01-26','1349900228036',2,NULL,'2021-01-27 09:24:53','1341900147764'),(1535,'2021-01-26','1341990004224',2,NULL,'2021-01-27 09:24:53','1341900147764'),(1536,'2021-01-26','1340700286093',2,NULL,'2021-01-27 09:24:53','1341900147764'),(1537,'2021-01-26','1341900147764',1,NULL,'2021-01-27 09:24:53','1341900147764'),(1538,'2021-01-26','5340790012551',1,NULL,'2021-01-27 09:24:53','1341900147764'),(1539,'2021-01-28','5500590005355',1,NULL,'2021-01-28 13:28:32','1341900147764'),(1540,'2021-01-28','3340700043049',1,NULL,'2021-01-28 13:28:32','1341900147764'),(1541,'2021-01-28','1349900228036',1,NULL,'2021-01-28 13:28:32','1341900147764'),(1542,'2021-01-28','1341990004224',1,NULL,'2021-01-28 13:28:32','1341900147764'),(1543,'2021-01-28','1340700286093',1,NULL,'2021-01-28 13:28:32','1341900147764'),(1544,'2021-01-28','1341900147764',1,NULL,'2021-01-28 13:28:32','1341900147764'),(1545,'2021-01-28','5340790012551',1,NULL,'2021-01-28 13:28:32','1341900147764'),(1546,'2021-02-01','5500590005355',1,NULL,'2021-02-01 09:16:11','1341900147764'),(1547,'2021-02-01','3340700043049',1,NULL,'2021-02-01 09:16:11','1341900147764'),(1548,'2021-02-01','1349900228036',1,NULL,'2021-02-01 09:16:11','1341900147764'),(1549,'2021-02-01','1341990004224',1,NULL,'2021-02-01 09:16:11','1341900147764'),(1550,'2021-02-01','1340700286093',1,NULL,'2021-02-01 09:16:11','1341900147764'),(1551,'2021-02-01','1341900147764',1,NULL,'2021-02-01 09:16:11','1341900147764'),(1552,'2021-02-01','5340790012551',1,NULL,'2021-02-01 09:16:11','1341900147764'),(1553,'2021-02-02','5500590005355',1,NULL,'2021-02-02 09:34:32','1341900147764'),(1554,'2021-02-02','3340700043049',1,NULL,'2021-02-02 09:34:32','1341900147764'),(1555,'2021-02-02','1349900228036',1,NULL,'2021-02-02 09:34:32','1341900147764'),(1556,'2021-02-02','1341990004224',1,NULL,'2021-02-02 09:34:32','1341900147764'),(1557,'2021-02-02','1340700286093',1,NULL,'2021-02-02 09:34:32','1341900147764'),(1558,'2021-02-02','1341900147764',1,NULL,'2021-02-02 09:34:32','1341900147764'),(1559,'2021-02-02','5340790012551',1,NULL,'2021-02-02 09:34:32','1341900147764'),(1560,'2021-02-03','5500590005355',1,NULL,'2021-02-03 09:54:43','1341900147764'),(1561,'2021-02-03','3340700043049',1,NULL,'2021-02-03 09:54:43','1341900147764'),(1562,'2021-02-03','1349900228036',1,NULL,'2021-02-03 09:54:43','1341900147764'),(1563,'2021-02-03','1341990004224',1,NULL,'2021-02-03 09:54:43','1341900147764'),(1564,'2021-02-03','1340700286093',1,NULL,'2021-02-03 09:54:43','1341900147764'),(1565,'2021-02-03','1341900147764',1,NULL,'2021-02-03 09:54:43','1341900147764'),(1566,'2021-02-03','5340790012551',1,NULL,'2021-02-03 09:54:43','1341900147764');

--
-- Table structure for table `work_permission`
--

CREATE TABLE `work_permission` (
  `id` int(11) NOT NULL AUTO_INCREMENT,
  `person_id` varchar(13) NOT NULL,
  `p1` tinyint(4) NOT NULL,
  `officer` varchar(13) NOT NULL,
  `rec_date` date NOT NULL,
  PRIMARY KEY (`id`)
) ENGINE=MyISAM AUTO_INCREMENT=7 DEFAULT CHARSET=utf8 COLLATE=utf8_general_ci;

--
-- Dumping data for table `work_permission`
--

INSERT INTO `work_permission` VALUES (3,'1339900236039',1,'1340700286093','2021-07-05'),(2,'1341900147764',1,'1341900147764','2018-11-15'),(4,'1340700286093',1,'1340700286093','2021-07-05'),(5,'3340700043049',1,'1340700286093','2021-07-05'),(6,'1341990004224',1,'1340700286093','2021-08-10');


