('2025-01-14',624,8,0,2567,'C','1341500327129','2025-04-10 02:04:51'),('2025-01-14',626,8,0,2567,'C','1341500327129','2025-04-10 02:04:51'),('2025-01-14',625,8,0,2567,'C','1341500327129','2025-04-10 02:04:51'),('2025-01-14',627,8,0,2567,'C','1341500327129','2025-04-10 02:04:51'),('2025-01-14',631,8,0,2567,'C','1341500327129','2025-04-10 02:04:51'),('2025-01-14',633,8,0,2567,'C','1341500327129','2025-04-10 02:04:51'),('2025-01-15',624,8,0,2567,'C','1341500327129','2025-04-10 02:04:55'),('2025-01-15',626,8,0,2567,'C','1341500327129','2025-04-10 02:04:55'),('2025-01-15',625,8,0,2567,'C','1341500327129','2025-04-10 02:04:55'),('2025-01-15',627,8,0,2567,'C','1341500327129','2025-04-10 02:04:55'),('2025-01-15',631,8,0,2567,'C','1341500327129','2025-04-10 02:04:55'),('2025-01-15',633,8,0,2567,'C','1341500327129','2025-04-10 02:04:55'),('2025-01-17',624,8,0,2567,'C','1341500327129','2025-04-10 02:04:59'),('2025-01-17',626,8,0,2567,'C','1341500327129','2025-04-10 02:04:59'),('2025-01-17',625,8,0,2567,'C','1341500327129','2025-04-10 02:04:59'),('2025-01-17',627,8,0,2567,'C','1341500327129','2025-04-10 02:04:59'),('2025-01-17',631,8,0,2567,'C','1341500327129','2025-04-10 02:04:59'),('2025-01-17',633,8,0,2567,'C','1341500327129','2025-04-10 02:04:59'),('2025-01-20',624,8,0,2567,'C','1341500327129','2025-04-10 02:04:32'),('2025-01-20',626,8,0,2567,'C','1341500327129','2025-04-10 02:04:32'),('2025-01-20',625,8,0,2567,'C','1341500327129','2025-04-10 02:04:32'),('2025-01-20',627,8,0,2567,'C','1341500327129','2025-04-10 02:04:32'),('2025-01-20',631,8,0,2567,'C','1341500327129','2025-04-10 02:04:32'),('2025-01-20',633,8,0,2567,'C','1341500327129','2025-04-10 02:04:32'),('2025-01-21',624,8,0,2567,'C','1341500327129','2025-04-10 02:04:37'),('2025-01-21',626,8,0,2567,'C','1341500327129','2025-04-10 02:04:37'),('2025-01-21',625,8,0,2567,'C','1341500327129','2025-04-10 02:04:37'),('2025-01-21',627,8,0,2567,'C','1341500327129','2025-04-10 02:04:37'),('2025-01-21',631,8,0,2567,'C','1341500327129','2025-04-10 02:04:37'),('2025-01-21',633,8,0,2567,'C','1341500327129','2025-04-10 02:04:37'),('2025-01-22',624,8,0,2567,'C','1341500327129','2025-04-10 02:04:53'),('2025-01-22',626,8,0,2567,'C','1341500327129','2025-04-10 02:04:53'),('2025-01-22',625,8,0,2567,'C','1341500327129','2025-04-10 02:04:53'),('2025-01-22',627,8,0,2567,'C','1341500327129','2025-04-10 02:04:53'),('2025-01-22',631,8,0,2567,'C','1341500327129','2025-04-10 02:04:53'),('2025-01-22',633,8,0,2567,'C','1341500327129','2025-04-10 02:04:53'),('2025-01-23',624,8,0,2567,'C','1341500327129','2025-04-10 02:04:01'),('2025-01-23',626,8,0,2567,'C','1341500327129','2025-04-10 02:04:01'),('2025-01-23',625,8,0,2567,'C','1341500327129','2025-04-10 02:04:01'),('2025-01-23',627,8,0,2567,'C','1341500327129','2025-04-10 02:04:01'),('2025-01-23',631,8,0,2567,'C','1341500327129','2025-04-10 02:04:01'),('2025-01-23',633,8,0,2567,'C','1341500327129','2025-04-10 02:04:01'),('2025-01-24',624,8,0,2567,'C','1341500327129','2025-04-10 02:04:06'),('2025-01-24',626,8,0,2567,'C','1341500327129','2025-04-10 02:04:06'),('2025-01-24',625,8,0,2567,'C','1341500327129','2025-04-10 02:04:06'),('2025-01-24',627,8,0,2567,'C','1341500327129','2025-04-10 02:04:06'),('2025-01-24',631,8,0,2567,'C','1341500327129','2025-04-10 02:04:06'),('2025-01-24',633,8,0,2567,'C','1341500327129','2025-04-10 02:04:06'),('2025-01-27',624,8,0,2567,'C','1341500327129','2025-04-10 02:04:10'),('2025-01-27',626,8,0,2567,'C','1341500327129','2025-04-10 02:04:10'),('2025-01-27',625,8,0,2567,'C','1341500327129','2025-04-10 02:04:10'),('2025-01-27',627,8,0,2567,'C','1341500327129','2025-04-10 02:04:10'),('2025-01-27',631,8,0,2567,'C','1341500327129','2025-04-10 02:04:10'),('2025-01-27',633,8,0,2567,'C','1341500327129','2025-04-10 02:04:10'),('2025-01-28',624,8,0,2567,'C','1341500327129','2025-04-10 02:04:16'),('2025-01-28',626,8,0,2567,'C','1341500327129','2025-04-10 02:04:16'),('2025-01-28',625,8,0,2567,'C','1341500327129','2025-04-10 02:04:16'),('2025-01-28',627,8,0,2567,'C','1341500327129','2025-04-10 02:04:16'),('2025-01-28',631,8,0,2567,'C','1341500327129','2025-04-10 02:04:16'),('2025-01-28',633,8,0,2567,'C','1341500327129','2025-04-10 02:04:16'),('2025-01-29',624,8,0,2567,'C','1341500327129','2025-04-10 02:04:21'),('2025-01-29',626,8,0,2567,'C','1341500327129','2025-04-10 02:04:21'),('2025-01-29',625,8,0,2567,'C','1341500327129','2025-04-10 02:04:21'),('2025-01-29',627,8,0,2567,'C','1341500327129','2025-04-10 02:04:21'),('2025-01-29',631,8,0,2567,'C','1341500327129','2025-04-10 02:04:21'),('2025-01-29',633,8,0,2567,'C','1341500327129','2025-04-10 02:04:21'),('2025-01-30',624,8,0,2567,'C','1341500327129','2025-04-10 02:04:26'),('2025-01-30',626,8,0,2567,'C','1341500327129','2025-04-10 02:04:26'),('2025-01-30',625,8,0,2567,'C','1341500327129','2025-04-10 02:04:26'),('2025-01-30',627,8,0,2567,'C','1341500327129','2025-04-10 02:04:26'),('2025-01-30',631,8,0,2567,'C','1341500327129','2025-04-10 02:04:26'),('2025-01-30',633,8,0,2567,'C','1341500327129','2025-04-10 02:04:26'),('2025-01-31',624,8,0,2567,'C','1341500327129','2025-04-10 02:04:31'),('2025-01-31',626,8,0,2567,'C','1341500327129','2025-04-10 02:04:31'),('2025-01-31',625,8,0,2567,'C','1341500327129','2025-04-10 02:04:31'),('2025-01-31',627,8,0,2567,'C','1341500327129','2025-04-10 02:04:31'),('2025-01-31',631,8,0,2567,'C','1341500327129','2025-04-10 02:04:31'),('2025-01-31',633,8,0,2567,'C','1341500327129','2025-04-10 02:04:31'),('2025-02-03',624,8,0,2567,'C','1341500327129','2025-04-10 02:04:56'),('2025-02-03',626,8,0,2567,'C','1341500327129','2025-04-10 02:04:56'),('2025-02-03',625,8,0,2567,'C','1341500327129','2025-04-10 02:04:56'),('2025-02-03',627,8,0,2567,'C','1341500327129','2025-04-10 02:04:56'),('2025-02-03',631,8,0,2567,'C','1341500327129','2025-04-10 02:04:56'),('2025-02-03',633,8,0,2567,'C','1341500327129','2025-04-10 02:04:56'),('2025-02-04',624,8,0,2567,'C','1341500327129','2025-04-10 02:04:01'),('2025-02-04',626,8,0,2567,'C','1341500327129','2025-04-10 02:04:01'),('2025-02-04',625,8,0,2567,'C','1341500327129','2025-04-10 02:04:01'),('2025-02-04',627,8,0,2567,'C','1341500327129','2025-04-10 02:04:01'),('2025-02-04',631,8,0,2567,'C','1341500327129','2025-04-10 02:04:01'),('2025-02-04',633,8,0,2567,'C','1341500327129','2025-04-10 02:04:01'),('2025-02-05',624,8,0,2567,'C','1341500327129','2025-04-10 02:04:12'),('2025-02-05',626,8,0,2567,'C','1341500327129','2025-04-10 02:04:12'),('2025-02-05',625,8,0,2567,'C','1341500327129','2025-04-10 02:04:12'),('2025-02-05',627,8,0,2567,'C','1341500327129','2025-04-10 02:04:12'),('2025-02-05',631,8,0,2567,'W','1341500327129','2025-04-10 02:04:12'),('2025-02-05',633,8,0,2567,'C','1341500327129','2025-04-10 02:04:12'),('2025-02-06',624,8,0,2567,'C','1341500327129','2025-04-10 02:04:17'),('2025-02-06',626,8,0,2567,'C','1341500327129','2025-04-10 02:04:17'),('2025-02-06',625,8,0,2567,'C','1341500327129','2025-04-10 02:04:17'),('2025-02-06',627,8,0,2567,'C','1341500327129','2025-04-10 02:04:17'),('2025-02-06',631,8,0,2567,'C','1341500327129','2025-04-10 02:04:17'),('2025-02-06',633,8,0,2567,'C','1341500327129','2025-04-10 02:04:17'),('2025-02-07',624,8,0,2567,'C','1341500327129','2025-04-10 02:04:21'),('2025-02-07',626,8,0,2567,'C','1341500327129','2025-04-10 02:04:21'),('2025-02-07',625,8,0,2567,'C','1341500327129','2025-04-10 02:04:21'),('2025-02-07',627,8,0,2567,'C','1341500327129','2025-04-10 02:04:21'),('2025-02-07',631,8,0,2567,'C','1341500327129','2025-04-10 02:04:21'),('2025-02-07',633,8,0,2567,'C','1341500327129','2025-04-10 02:04:21'),('2025-02-10',624,8,0,2567,'C','1341500327129','2025-04-10 02:04:25'),('2025-02-10',626,8,0,2567,'C','1341500327129','2025-04-10 02:04:25'),('2025-02-10',625,8,0,2567,'C','1341500327129','2025-04-10 02:04:25'),('2025-02-10',627,8,0,2567,'C','1341500327129','2025-04-10 02:04:25'),('2025-02-10',631,8,0,2567,'C','1341500327129','2025-04-10 02:04:25'),('2025-02-10',633,8,0,2567,'C','1341500327129','2025-04-10 02:04:25'),('2025-02-11',624,8,0,2567,'C','1341500327129','2025-04-10 02:04:30'),('2025-02-11',626,8,0,2567,'C','1341500327129','2025-04-10 02:04:30'),('2025-02-11',625,8,0,2567,'C','1341500327129','2025-04-10 02:04:30'),('2025-02-11',627,8,0,2567,'C','1341500327129','2025-04-10 02:04:30'),('2025-02-11',631,8,0,2567,'C','1341500327129','2025-04-10 02:04:30'),('2025-02-11',633,8,0,2567,'C','1341500327129','2025-04-10 02:04:30'),('2025-02-13',624,8,0,2567,'C','1341500327129','2025-04-10 02:04:36'),('2025-02-13',626,8,0,2567,'C','1341500327129','2025-04-10 02:04:36'),('2025-02-13',625,8,0,2567,'C','1341500327129','2025-04-10 02:04:36'),('2025-02-13',627,8,0,2567,'C','1341500327129','2025-04-10 02:04:36'),('2025-02-13',631,8,0,2567,'C','1341500327129','2025-04-10 02:04:36'),('2025-02-13',633,8,0,2567,'C','1341500327129','2025-04-10 02:04:36'),('2025-02-14',624,8,0,2567,'C','1341500327129','2025-04-10 02:04:41'),('2025-02-14',626,8,0,2567,'C','1341500327129','2025-04-10 02:04:41'),('2025-02-14',625,8,0,2567,'C','1341500327129','2025-04-10 02:04:41'),('2025-02-14',627,8,0,2567,'C','1341500327129','2025-04-10 02:04:41'),('2025-02-14',631,8,0,2567,'C','1341500327129','2025-04-10 02:04:41'),('2025-02-14',633,8,0,2567,'C','1341500327129','2025-04-10 02:04:41'),('2025-02-17',624,8,0,2567,'C','1341500327129','2025-04-10 02:04:23'),('2025-02-17',626,8,0,2567,'C','1341500327129','2025-04-10 02:04:23'),('2025-02-17',625,8,0,2567,'C','1341500327129','2025-04-10 02:04:23'),('2025-02-17',627,8,0,2567,'C','1341500327129','2025-04-10 02:04:23'),('2025-02-17',631,8,0,2567,'C','1341500327129','2025-04-10 02:04:23'),('2025-02-17',633,8,0,2567,'C','1341500327129','2025-04-10 02:04:23'),('2025-02-18',624,8,0,2567,'C','1341500327129','2025-04-10 02:04:27'),('2025-02-18',626,8,0,2567,'C','1341500327129','2025-04-10 02:04:27'),('2025-02-18',625,8,0,2567,'C','1341500327129','2025-04-10 02:04:27'),('2025-02-18',627,8,0,2567,'C','1341500327129','2025-04-10 02:04:27'),('2025-02-18',631,8,0,2567,'C','1341500327129','2025-04-10 02:04:27'),('2025-02-18',633,8,0,2567,'C','1341500327129','2025-04-10 02:04:27'),('2025-02-19',624,8,0,2567,'C','1341500327129','2025-04-10 02:04:31'),('2025-02-19',626,8,0,2567,'C','1341500327129','2025-04-10 02:04:31'),('2025-02-19',625,8,0,2567,'C','1341500327129','2025-04-10 02:04:31'),('2025-02-19',627,8,0,2567,'C','1341500327129','2025-04-10 02:04:31'),('2025-02-19',631,8,0,2567,'C','1341500327129','2025-04-10 02:04:31'),('2025-02-19',633,8,0,2567,'C','1341500327129','2025-04-10 02:04:31'),('2025-02-20',624,8,0,2567,'C','1341500327129','2025-04-10 02:04:37'),('2025-02-20',626,8,0,2567,'C','1341500327129','2025-04-10 02:04:37'),('2025-02-20',625,8,0,2567,'C','1341500327129','2025-04-10 02:04:37'),('2025-02-20',627,8,0,2567,'C','1341500327129','2025-04-10 02:04:37'),('2025-02-20',631,8,0,2567,'C','1341500327129','2025-04-10 02:04:37'),('2025-02-20',633,8,0,2567,'C','1341500327129','2025-04-10 02:04:37'),('2025-02-21',624,8,0,2567,'C','1341500327129','2025-04-10 02:04:40'),('2025-02-21',626,8,0,2567,'C','1341500327129','2025-04-10 02:04:40'),('2025-02-21',625,8,0,2567,'C','1341500327129','2025-04-10 02:04:40'),('2025-02-21',627,8,0,2567,'C','1341500327129','2025-04-10 02:04:40'),('2025-02-21',631,8,0,2567,'C','1341500327129','2025-04-10 02:04:40'),('2025-02-21',633,8,0,2567,'C','1341500327129','2025-04-10 02:04:40'),('2025-02-24',624,8,0,2567,'C','1341500327129','2025-04-10 02:04:44'),('2025-02-24',626,8,0,2567,'C','1341500327129','2025-04-10 02:04:44'),('2025-02-24',625,8,0,2567,'C','1341500327129','2025-04-10 02:04:44'),('2025-02-24',627,8,0,2567,'C','1341500327129','2025-04-10 02:04:44'),('2025-02-24',631,8,0,2567,'C','1341500327129','2025-04-10 02:04:44'),('2025-02-24',633,8,0,2567,'C','1341500327129','2025-04-10 02:04:44'),('2025-02-25',624,8,0,2567,'C','1341500327129','2025-04-10 02:04:47'),('2025-02-25',626,8,0,2567,'C','1341500327129','2025-04-10 02:04:47'),('2025-02-25',625,8,0,2567,'C','1341500327129','2025-04-10 02:04:47'),('2025-02-25',627,8,0,2567,'C','1341500327129','2025-04-10 02:04:47'),('2025-02-25',631,8,0,2567,'C','1341500327129','2025-04-10 02:04:47'),('2025-02-25',633,8,0,2567,'C','1341500327129','2025-04-10 02:04:47'),('2025-02-26',624,8,0,2567,'C','1341500327129','2025-04-10 02:04:53'),('2025-02-26',626,8,0,2567,'C','1341500327129','2025-04-10 02:04:53'),('2025-02-26',625,8,0,2567,'C','1341500327129','2025-04-10 02:04:53'),('2025-02-26',627,8,0,2567,'C','1341500327129','2025-04-10 02:04:53'),('2025-02-26',631,8,0,2567,'C','1341500327129','2025-04-10 02:04:53'),('2025-02-26',633,8,0,2567,'C','1341500327129','2025-04-10 02:04:53'),('2025-02-27',624,8,0,2567,'C','1341500327129','2025-04-10 02:04:57'),('2025-02-27',626,8,0,2567,'C','1341500327129','2025-04-10 02:04:57'),('2025-02-27',625,8,0,2567,'C','1341500327129','2025-04-10 02:04:57'),('2025-02-27',627,8,0,2567,'C','1341500327129','2025-04-10 02:04:57'),('2025-02-27',631,8,0,2567,'C','1341500327129','2025-04-10 02:04:57'),('2025-02-27',633,8,0,2567,'C','1341500327129','2025-04-10 02:04:57'),('2025-02-28',624,8,0,2567,'W','1341500327129','2025-04-10 02:04:06'),('2025-02-28',626,8,0,2567,'C','1341500327129','2025-04-10 02:04:06'),('2025-02-28',625,8,0,2567,'W','1341500327129','2025-04-10 02:04:06'),('2025-02-28',627,8,0,2567,'C','1341500327129','2025-04-10 02:04:06'),('2025-02-28',631,8,0,2567,'C','1341500327129','2025-04-10 02:04:06'),('2025-02-28',633,8,0,2567,'C','1341500327129','2025-04-10 02:04:06'),('2025-03-05',624,8,0,2567,'W','1341500327129','2025-04-10 02:04:36'),('2025-03-05',626,8,0,2567,'C','1341500327129','2025-04-10 02:04:36'),('2025-03-05',625,8,0,2567,'W','1341500327129','2025-04-10 02:04:36'),('2025-03-05',627,8,0,2567,'C','1341500327129','2025-04-10 02:04:36'),('2025-03-05',631,8,0,2567,'W','1341500327129','2025-04-10 02:04:36'),('2025-03-05',633,8,0,2567,'C','1341500327129','2025-04-10 02:04:36'),('2025-03-06',624,8,0,2567,'C','1341500327129','2025-04-10 02:04:50'),('2025-03-06',626,8,0,2567,'C','1341500327129','2025-04-10 02:04:50'),('2025-03-06',625,8,0,2567,'C','1341500327129','2025-04-10 02:04:50'),('2025-03-06',627,8,0,2567,'W','1341500327129','2025-04-10 02:04:50'),('2025-03-06',631,8,0,2567,'C','1341500327129','2025-04-10 02:04:50'),('2025-03-06',633,8,0,2567,'C','1341500327129','2025-04-10 02:04:50'),('2025-03-10',624,8,0,2567,'C','1341500327129','2025-04-10 02:04:56'),('2025-03-10',626,8,0,2567,'C','1341500327129','2025-04-10 02:04:56'),('2025-03-10',625,8,0,2567,'C','1341500327129','2025-04-10 02:04:56'),('2025-03-10',627,8,0,2567,'C','1341500327129','2025-04-10 02:04:56'),('2025-03-10',631,8,0,2567,'C','1341500327129','2025-04-10 02:04:56'),('2025-03-10',633,8,0,2567,'C','1341500327129','2025-04-10 02:04:56'),('2025-03-11',624,8,0,2567,'C','1341500327129','2025-04-10 02:04:01'),('2025-03-11',626,8,0,2567,'C','1341500327129','2025-04-10 02:04:01'),('2025-03-11',625,8,0,2567,'C','1341500327129','2025-04-10 02:04:01'),('2025-03-11',627,8,0,2567,'C','1341500327129','2025-04-10 02:04:01'),('2025-03-11',631,8,0,2567,'C','1341500327129','2025-04-10 02:04:01'),('2025-03-11',633,8,0,2567,'C','1341500327129','2025-04-10 02:04:01'),('2025-03-12',624,8,0,2567,'C','1341500327129','2025-04-10 02:04:07'),('2025-03-12',626,8,0,2567,'C','1341500327129','2025-04-10 02:04:07'),('2025-03-12',625,8,0,2567,'C','1341500327129','2025-04-10 02:04:07'),('2025-03-12',627,8,0,2567,'C','1341500327129','2025-04-10 02:04:07'),('2025-03-12',631,8,0,2567,'C','1341500327129','2025-04-10 02:04:07'),('2025-03-12',633,8,0,2567,'S','1341500327129','2025-04-10 02:04:07'),('2025-03-13',624,8,0,2567,'C','1341500327129','2025-04-10 02:04:12'),('2025-03-13',626,8,0,2567,'C','1341500327129','2025-04-10 02:04:12'),('2025-03-13',625,8,0,2567,'C','1341500327129','2025-04-10 02:04:12'),('2025-03-13',627,8,0,2567,'C','1341500327129','2025-04-10 02:04:12'),('2025-03-13',631,8,0,2567,'C','1341500327129','2025-04-10 02:04:12'),('2025-03-13',633,8,0,2567,'C','1341500327129','2025-04-10 02:04:12'),('2025-03-14',624,8,0,2567,'C','1341500327129','2025-04-10 02:04:16'),('2025-03-14',626,8,0,2567,'C','1341500327129','2025-04-10 02:04:16'),('2025-03-14',625,8,0,2567,'C','1341500327129','2025-04-10 02:04:16'),('2025-03-14',627,8,0,2567,'C','1341500327129','2025-04-10 02:04:16'),('2025-03-14',631,8,0,2567,'C','1341500327129','2025-04-10 02:04:16'),('2025-03-14',633,8,0,2567,'C','1341500327129','2025-04-10 02:04:16'),('2025-03-17',624,8,0,2567,'C','1341500327129','2025-04-10 02:04:21'),('2025-03-17',626,8,0,2567,'C','1341500327129','2025-04-10 02:04:21'),('2025-03-17',625,8,0,2567,'C','1341500327129','2025-04-10 02:04:21'),('2025-03-17',627,8,0,2567,'C','1341500327129','2025-04-10 02:04:21'),('2025-03-17',631,8,0,2567,'C','1341500327129','2025-04-10 02:04:21'),('2025-03-17',633,8,0,2567,'C','1341500327129','2025-04-10 02:04:21'),('2025-03-18',624,8,0,2567,'C','1341500327129','2025-04-10 02:04:31'),('2025-03-18',626,8,0,2567,'C','1341500327129','2025-04-10 02:04:31'),('2025-03-18',625,8,0,2567,'C','1341500327129','2025-04-10 02:04:31'),('2025-03-18',627,8,0,2567,'C','1341500327129','2025-04-10 02:04:31'),('2025-03-18',631,8,0,2567,'C','1341500327129','2025-04-10 02:04:31'),('2025-03-18',633,8,0,2567,'C','1341500327129','2025-04-10 02:04:31'),('2025-03-19',624,8,0,2567,'W','1341500327129','2025-04-10 02:04:42'),('2025-03-19',626,8,0,2567,'C','1341500327129','2025-04-10 02:04:42'),('2025-03-19',625,8,0,2567,'C','1341500327129','2025-04-10 02:04:42'),('2025-03-19',627,8,0,2567,'C','1341500327129','2025-04-10 02:04:42'),('2025-03-19',631,8,0,2567,'C','1341500327129','2025-04-10 02:04:42'),('2025-03-19',633,8,0,2567,'C','1341500327129','2025-04-10 02:04:42'),('2025-03-20',624,8,0,2567,'C','1341500327129','2025-04-10 02:04:47'),('2025-03-20',626,8,0,2567,'C','1341500327129','2025-04-10 02:04:47'),('2025-03-20',625,8,0,2567,'C','1341500327129','2025-04-10 02:04:47'),('2025-03-20',627,8,0,2567,'C','1341500327129','2025-04-10 02:04:47'),('2025-03-20',631,8,0,2567,'C','1341500327129','2025-04-10 02:04:47'),('2025-03-20',633,8,0,2567,'C','1341500327129','2025-04-10 02:04:47'),('2025-03-21',624,8,0,2567,'C','1341500327129','2025-04-10 02:04:52'),('2025-03-21',626,8,0,2567,'C','1341500327129','2025-04-10 02:04:52'),('2025-03-21',625,8,0,2567,'C','1341500327129','2025-04-10 02:04:52'),('2025-03-21',627,8,0,2567,'C','1341500327129','2025-04-10 02:04:52'),('2025-03-21',631,8,0,2567,'C','1341500327129','2025-04-10 02:04:52'),('2025-03-21',633,8,0,2567,'C','1341500327129','2025-04-10 02:04:52'),('2025-03-24',624,8,0,2567,'C','1341500327129','2025-04-10 02:04:57'),('2025-03-24',626,8,0,2567,'C','1341500327129','2025-04-10 02:04:57'),('2025-03-24',625,8,0,2567,'C','1341500327129','2025-04-10 02:04:57'),('2025-03-24',627,8,0,2567,'C','1341500327129','2025-04-10 02:04:57'),('2025-03-24',631,8,0,2567,'C','1341500327129','2025-04-10 02:04:57'),('2025-03-24',633,8,0,2567,'C','1341500327129','2025-04-10 02:04:57'),('2025-03-25',624,8,0,2567,'C','1341500327129','2025-04-10 02:04:01'),('2025-03-25',626,8,0,2567,'C','1341500327129','2025-04-10 02:04:01'),('2025-03-25',625,8,0,2567,'C','1341500327129','2025-04-10 02:04:01'),('2025-03-25',627,8,0,2567,'C','1341500327129','2025-04-10 02:04:01'),('2025-03-25',631,8,0,2567,'C','1341500327129','2025-04-10 02:04:01'),('2025-03-25',633,8,0,2567,'C','1341500327129','2025-04-10 02:04:01'),('2025-03-26',624,8,0,2567,'C','1341500327129','2025-04-10 02:04:05'),('2025-03-26',626,8,0,2567,'C','1341500327129','2025-04-10 02:04:05'),('2025-03-26',625,8,0,2567,'C','1341500327129','2025-04-10 02:04:05'),('2025-03-26',627,8,0,2567,'C','1341500327129','2025-04-10 02:04:05'),('2025-03-26',631,8,0,2567,'C','1341500327129','2025-04-10 02:04:05'),('2025-03-26',633,8,0,2567,'C','1341500327129','2025-04-10 02:04:05'),('2025-03-27',624,8,0,2567,'C','1341500327129','2025-04-10 02:04:10'),('2025-03-27',626,8,0,2567,'C','1341500327129','2025-04-10 02:04:10'),('2025-03-27',625,8,0,2567,'C','1341500327129','2025-04-10 02:04:10'),('2025-03-27',627,8,0,2567,'C','1341500327129','2025-04-10 02:04:10'),('2025-03-27',631,8,0,2567,'C','1341500327129','2025-04-10 02:04:10'),('2025-03-27',633,8,0,2567,'C','1341500327129','2025-04-10 02:04:10'),('2025-03-28',624,8,0,2567,'C','1341500327129','2025-04-10 02:04:14'),('2025-03-28',626,8,0,2567,'C','1341500327129','2025-04-10 02:04:14'),('2025-03-28',625,8,0,2567,'C','1341500327129','2025-04-10 02:04:14'),('2025-03-28',627,8,0,2567,'C','1341500327129','2025-04-10 02:04:14'),('2025-03-28',631,8,0,2567,'C','1341500327129','2025-04-10 02:04:14'),('2025-03-28',633,8,0,2567,'C','1341500327129','2025-04-10 02:04:14'),('2025-03-31',624,8,0,2567,'C','1341500327129','2025-04-10 02:04:18'),('2025-03-31',626,8,0,2567,'C','1341500327129','2025-04-10 02:04:18'),('2025-03-31',625,8,0,2567,'C','1341500327129','2025-04-10 02:04:18'),('2025-03-31',627,8,0,2567,'C','1341500327129','2025-04-10 02:04:18'),('2025-03-31',631,8,0,2567,'C','1341500327129','2025-04-10 02:04:18'),('2025-03-31',633,8,0,2567,'C','1341500327129','2025-04-10 02:04:18'),('2025-05-20',659,4,0,2567,'C','1349901032470','2025-05-20 09:05:45'),('2025-05-20',660,4,0,2567,'C','1349901032470','2025-05-20 09:05:45'),('2025-05-20',661,4,0,2567,'C','1349901032470','2025-05-20 09:05:45'),('2025-05-20',662,4,0,2567,'C','1349901032470','2025-05-20 09:05:45'),('2025-05-20',663,4,0,2567,'C','1349901032470','2025-05-20 09:05:45'),('2025-05-20',664,4,0,2567,'C','1349901032470','2025-05-20 09:05:45'),('2025-05-19',659,4,0,2567,'C','1349901032470','2025-05-20 09:05:11'),('2025-05-19',660,4,0,2567,'C','1349901032470','2025-05-20 09:05:11'),('2025-05-19',661,4,0,2567,'C','1349901032470','2025-05-20 09:05:11'),('2025-05-19',662,4,0,2567,'W','1349901032470','2025-05-20 09:05:11'),('2025-05-19',663,4,0,2567,'C','1349901032470','2025-05-20 09:05:11'),('2025-05-19',664,4,0,2567,'C','1349901032470','2025-05-20 09:05:11'),('2025-05-16',659,4,0,2567,'C','1349901032470','2025-05-20 09:05:11'),('2025-05-16',660,4,0,2567,'S','1349901032470','2025-05-20 09:05:11'),('2025-05-16',661,4,0,2567,'C','1349901032470','2025-05-20 09:05:11'),('2025-05-16',662,4,0,2567,'S','1349901032470','2025-05-20 09:05:11'),('2025-05-16',663,4,0,2567,'S','1349901032470','2025-05-20 09:05:11'),('2025-05-16',664,4,0,2567,'C','1349901032470','2025-05-20 09:05:11'),('2025-05-26',659,4,0,2567,'C','1349901032470','2025-05-26 12:05:15'),('2025-05-26',660,4,0,2567,'C','1349901032470','2025-05-26 12:05:15'),('2025-05-26',661,4,0,2567,'C','1349901032470','2025-05-26 12:05:15'),('2025-05-26',662,4,0,2567,'L','1349901032470','2025-05-26 12:05:15'),('2025-05-26',663,4,0,2567,'C','1349901032470','2025-05-26 12:05:15'),('2025-05-26',664,4,0,2567,'C','1349901032470','2025-05-26 12:05:15'),('2025-05-23',659,4,0,2567,'C','1349901032470','2025-05-26 12:05:31'),('2025-05-23',660,4,0,2567,'C','1349901032470','2025-05-26 12:05:31'),('2025-05-23',661,4,0,2567,'C','1349901032470','2025-05-26 12:05:31'),('2025-05-23',662,4,0,2567,'C','1349901032470','2025-05-26 12:05:31'),('2025-05-23',663,4,0,2567,'C','1349901032470','2025-05-26 12:05:31'),('2025-05-23',664,4,0,2567,'C','1349901032470','2025-05-26 12:05:31'),('2025-05-22',659,4,0,2567,'C','1349901032470','2025-05-26 12:05:38'),('2025-05-22',660,4,0,2567,'C','1349901032470','2025-05-26 12:05:38'),('2025-05-22',661,4,0,2567,'C','1349901032470','2025-05-26 12:05:38'),('2025-05-22',662,4,0,2567,'C','1349901032470','2025-05-26 12:05:38'),('2025-05-22',663,4,0,2567,'C','1349901032470','2025-05-26 12:05:38'),('2025-05-22',664,4,0,2567,'C','1349901032470','2025-05-26 12:05:38'),('2025-05-21',659,4,0,2567,'C','1349901032470','2025-05-26 12:05:59'),('2025-05-21',660,4,0,2567,'C','1349901032470','2025-05-26 12:05:59'),('2025-05-21',661,4,0,2567,'C','1349901032470','2025-05-26 12:05:59'),('2025-05-21',662,4,0,2567,'C','1349901032470','2025-05-26 12:05:59'),('2025-05-21',663,4,0,2567,'C','1349901032470','2025-05-26 12:05:59'),('2025-05-21',664,4,0,2567,'C','1349901032470','2025-05-26 12:05:59'),('2025-05-20',655,5,0,2567,'C','1349901032470','2025-05-26 01:05:30'),('2025-05-20',656,5,0,2567,'C','1349901032470','2025-05-26 01:05:30'),('2025-05-20',657,5,0,2567,'C','1349901032470','2025-05-26 01:05:30'),('2025-05-19',655,5,0,2567,'C','1349901032470','2025-05-26 01:05:38'),('2025-05-19',656,5,0,2567,'C','1349901032470','2025-05-26 01:05:38'),('2025-05-19',657,5,0,2567,'C','1349901032470','2025-05-26 01:05:38'),('2025-05-16',655,5,0,2567,'C','1349901032470','2025-05-26 01:05:45'),('2025-05-16',656,5,0,2567,'C','1349901032470','2025-05-26 01:05:45'),('2025-05-16',657,5,0,2567,'C','1349901032470','2025-05-26 01:05:45'),('2025-05-21',655,5,0,2567,'C','1349901032470','2025-05-26 01:05:55'),('2025-05-21',656,5,0,2567,'C','1349901032470','2025-05-26 01:05:55'),('2025-05-21',657,5,0,2567,'C','1349901032470','2025-05-26 01:05:55'),('2025-05-22',655,5,0,2567,'C','1349901032470','2025-05-26 01:05:01'),('2025-05-22',656,5,0,2567,'C','1349901032470','2025-05-26 01:05:01'),('2025-05-22',657,5,0,2567,'C','1349901032470','2025-05-26 01:05:01'),('2025-05-23',655,5,0,2567,'C','1349901032470','2025-05-26 01:05:06'),('2025-05-23',656,5,0,2567,'C','1349901032470','2025-05-26 01:05:06'),('2025-05-23',657,5,0,2567,'C','1349901032470','2025-05-26 01:05:06'),('2025-05-27',659,4,0,2567,'C','1349901032470','2025-05-27 10:05:05'),('2025-05-27',660,4,0,2567,'C','1349901032470','2025-05-27 10:05:05'),('2025-05-27',661,4,0,2567,'C','1349901032470','2025-05-27 10:05:05'),('2025-05-27',662,4,0,2567,'C','1349901032470','2025-05-27 10:05:05'),('2025-05-27',663,4,0,2567,'C','1349901032470','2025-05-27 10:05:05'),('2025-05-27',664,4,0,2567,'C','1349901032470','2025-05-27 10:05:05'),('2025-05-27',655,5,0,2567,'C','1349901032470','2025-05-27 10:05:20'),('2025-05-27',656,5,0,2567,'C','1349901032470','2025-05-27 10:05:20'),('2025-05-27',657,5,0,2567,'C','1349901032470','2025-05-27 10:05:20'),('2025-05-29',659,4,0,2567,'C','1349901032470','2025-05-29 01:05:28'),('2025-05-29',660,4,0,2567,'C','1349901032470','2025-05-29 01:05:28'),('2025-05-29',661,4,0,2567,'C','1349901032470','2025-05-29 01:05:28'),('2025-05-29',662,4,0,2567,'C','1349901032470','2025-05-29 01:05:28'),('2025-05-29',663,4,0,2567,'C','1349901032470','2025-05-29 01:05:28'),('2025-05-29',664,4,0,2567,'C','1349901032470','2025-05-29 01:05:28'),('2025-05-28',659,4,0,2567,'C','1349901032470','2025-05-29 01:05:39'),('2025-05-28',660,4,0,2567,'C','1349901032470','2025-05-29 01:05:39'),('2025-05-28',661,4,0,2567,'C','1349901032470','2025-05-29 01:05:39'),('2025-05-28',662,4,0,2567,'C','1349901032470','2025-05-29 01:05:39'),('2025-05-28',663,4,0,2567,'C','1349901032470','2025-05-29 01:05:39'),('2025-05-28',664,4,0,2567,'C','1349901032470','2025-05-29 01:05:39'),('2025-05-28',655,5,0,2567,'C','1349901032470','2025-05-29 01:05:56'),('2025-05-28',656,5,0,2567,'C','1349901032470','2025-05-29 01:05:56'),('2025-05-28',657,5,0,2567,'C','1349901032470','2025-05-29 01:05:56'),('2025-05-29',655,5,0,2567,'C','1349901032470','2025-05-29 01:05:04'),('2025-05-29',656,5,0,2567,'C','1349901032470','2025-05-29 01:05:04'),('2025-05-29',657,5,0,2567,'W','1349901032470','2025-05-29 01:05:04'),('2025-05-30',659,4,0,2567,'C','1349901032470','2025-05-30 08:05:48'),('2025-05-30',660,4,0,2567,'C','1349901032470','2025-05-30 08:05:48'),('2025-05-30',661,4,0,2567,'S','1349901032470','2025-05-30 08:05:48'),('2025-05-30',662,4,0,2567,'C','1349901032470','2025-05-30 08:05:48'),('2025-05-30',663,4,0,2567,'S','1349901032470','2025-05-30 08:05:48'),('2025-05-30',664,4,0,2567,'C','1349901032470','2025-05-30 08:05:48'),('2025-05-30',655,5,0,2567,'C','1349901032470','2025-05-30 08:05:05'),('2025-05-30',656,5,0,2567,'S','1349901032470','2025-05-30 08:05:05'),('2025-05-30',657,5,0,2567,'C','1349901032470','2025-05-30 08:05:05'),('2025-06-06',659,4,0,2567,'C','1349901032470','2025-06-06 02:06:02'),('2025-06-06',660,4,0,2567,'C','1349901032470','2025-06-06 02:06:02'),('2025-06-06',661,4,0,2567,'C','1349901032470','2025-06-06 02:06:02'),('2025-06-06',662,4,0,2567,'C','1349901032470','2025-06-06 02:06:02'),('2025-06-06',663,4,0,2567,'C','1349901032470','2025-06-06 02:06:02'),('2025-06-06',664,4,0,2567,'C','1349901032470','2025-06-06 02:06:02'),('2025-06-05',659,4,0,2567,'C','1349901032470','2025-06-06 02:06:20'),('2025-06-05',660,4,0,2567,'C','1349901032470','2025-06-06 02:06:20'),('2025-06-05',661,4,0,2567,'C','1349901032470','2025-06-06 02:06:20'),('2025-06-05',662,4,0,2567,'C','1349901032470','2025-06-06 02:06:20'),('2025-06-05',663,4,0,2567,'C','1349901032470','2025-06-06 02:06:20'),('2025-06-05',664,4,0,2567,'S','1349901032470','2025-06-06 02:06:20'),('2025-06-04',659,4,0,2567,'C','1349901032470','2025-06-06 02:06:37'),('2025-06-04',660,4,0,2567,'C','1349901032470','2025-06-06 02:06:37'),('2025-06-04',661,4,0,2567,'S','1349901032470','2025-06-06 02:06:37'),('2025-06-04',662,4,0,2567,'C','1349901032470','2025-06-06 02:06:37'),('2025-06-04',663,4,0,2567,'C','1349901032470','2025-06-06 02:06:37'),('2025-06-04',664,4,0,2567,'C','1349901032470','2025-06-06 02:06:37'),('2025-06-06',655,5,0,2567,'C','1349901032470','2025-06-06 02:06:23'),('2025-06-06',656,5,0,2567,'S','1349901032470','2025-06-06 02:06:23'),('2025-06-06',657,5,0,2567,'C','1349901032470','2025-06-06 02:06:23'),('2025-06-05',655,5,0,2567,'C','1349901032470','2025-06-06 02:06:33'),('2025-06-05',656,5,0,2567,'C','1349901032470','2025-06-06 02:06:33'),('2025-06-05',657,5,0,2567,'C','1349901032470','2025-06-06 02:06:33'),('2025-06-04',655,5,0,2567,'C','1349901032470','2025-06-06 02:06:38'),('2025-06-04',656,5,0,2567,'C','1349901032470','2025-06-06 02:06:38'),('2025-06-04',657,5,0,2567,'C','1349901032470','2025-06-06 02:06:38'),('2025-06-09',659,4,0,2567,'C','1349901032470','2025-06-09 01:06:57'),('2025-06-09',660,4,0,2567,'C','1349901032470','2025-06-09 01:06:57'),('2025-06-09',661,4,0,2567,'C','1349901032470','2025-06-09 01:06:57'),('2025-06-09',662,4,0,2567,'C','1349901032470','2025-06-09 01:06:57'),('2025-06-09',663,4,0,2567,'C','1349901032470','2025-06-09 01:06:57'),('2025-06-09',664,4,0,2567,'C','1349901032470','2025-06-09 01:06:57'),('2025-06-09',655,5,0,2567,'C','1349901032470','2025-06-09 01:06:08'),('2025-06-09',656,5,0,2567,'C','1349901032470','2025-06-09 01:06:08'),('2025-06-09',657,5,0,2567,'C','1349901032470','2025-06-09 01:06:08'),('2025-06-17',655,5,0,2567,'C','1349901032470','2025-06-17 04:06:42'),('2025-06-17',656,5,0,2567,'C','1349901032470','2025-06-17 04:06:42'),('2025-06-17',657,5,0,2567,'C','1349901032470','2025-06-17 04:06:42'),('2025-06-17',659,4,0,2567,'C','1349901032470','2025-06-17 04:06:56'),('2025-06-17',660,4,0,2567,'C','1349901032470','2025-06-17 04:06:56'),('2025-06-17',661,4,0,2567,'C','1349901032470','2025-06-17 04:06:56'),('2025-06-17',662,4,0,2567,'C','1349901032470','2025-06-17 04:06:56'),('2025-06-17',663,4,0,2567,'C','1349901032470','2025-06-17 04:06:56'),('2025-06-17',664,4,0,2567,'C','1349901032470','2025-06-17 04:06:56'),('2025-06-18',659,4,0,2567,'C','1349901032470','2025-06-18 02:06:54'),('2025-06-18',660,4,0,2567,'C','1349901032470','2025-06-18 02:06:54'),('2025-06-18',661,4,0,2567,'C','1349901032470','2025-06-18 02:06:54'),('2025-06-18',662,4,0,2567,'C','1349901032470','2025-06-18 02:06:54'),('2025-06-18',663,4,0,2567,'C','1349901032470','2025-06-18 02:06:54'),('2025-06-18',664,4,0,2567,'C','1349901032470','2025-06-18 02:06:54'),('2025-06-18',655,5,0,2567,'C','1349901032470','2025-06-18 02:06:17'),('2025-06-18',656,5,0,2567,'C','1349901032470','2025-06-18 02:06:17'),('2025-06-18',657,5,0,2567,'C','1349901032470','2025-06-18 02:06:17'),('2025-06-16',659,4,0,2567,'C','1349901032470','2025-06-18 05:06:51'),('2025-06-16',660,4,0,2567,'C','1349901032470','2025-06-18 05:06:51'),('2025-06-16',661,4,0,2567,'C','1349901032470','2025-06-18 05:06:51'),('2025-06-16',662,4,0,2567,'C','1349901032470','2025-06-18 05:06:51'),('2025-06-16',663,4,0,2567,'C','1349901032470','2025-06-18 05:06:51'),('2025-06-16',664,4,0,2567,'C','1349901032470','2025-06-18 05:06:51'),('2025-06-16',655,5,0,2567,'C','1349901032470','2025-06-18 05:06:02'),('2025-06-16',656,5,0,2567,'C','1349901032470','2025-06-18 05:06:02'),('2025-06-16',657,5,0,2567,'C','1349901032470','2025-06-18 05:06:02'),('2025-06-23',653,6,0,2568,'C','1340700340942','2025-06-23 05:06:17'),('2025-06-23',654,6,0,2568,'C','1340700340942','2025-06-23 05:06:17'),('2025-06-20',646,7,0,2568,'C','1340700340942','2025-06-23 05:06:30'),('2025-06-20',648,7,0,2568,'C','1340700340942','2025-06-23 05:06:30'),('2025-06-20',658,7,0,2568,'C','1340700340942','2025-06-23 05:06:30'),('2025-06-20',653,6,0,2568,'C','1340700340942','2025-06-23 05:06:52'),('2025-06-20',654,6,0,2568,'C','1340700340942','2025-06-23 05:06:52'),('2025-06-19',653,6,0,2568,'C','1340700340942','2025-06-23 05:06:59'),('2025-06-19',654,6,0,2568,'C','1340700340942','2025-06-23 05:06:59'),('2025-06-18',653,6,0,2568,'C','1340700340942','2025-06-23 05:06:03'),('2025-06-18',654,6,0,2568,'C','1340700340942','2025-06-23 05:06:03'),('2025-06-17',653,6,0,2568,'C','1340700340942','2025-06-23 05:06:07'),('2025-06-17',654,6,0,2568,'C','1340700340942','2025-06-23 05:06:07'),('2025-06-16',653,6,0,2568,'C','1340700340942','2025-06-23 05:06:13'),('2025-06-16',654,6,0,2568,'C','1340700340942','2025-06-23 05:06:13'),('2025-06-13',653,6,0,2568,'C','1340700340942','2025-09-12 02:09:13'),('2025-06-13',654,6,0,2568,'C','1340700340942','2025-09-12 02:09:13'),('2025-06-23',659,4,0,2568,'C','1349901032470','2025-06-23 05:06:12'),('2025-06-23',660,4,0,2568,'C','1349901032470','2025-06-23 05:06:12'),('2025-06-23',661,4,0,2568,'C','1349901032470','2025-06-23 05:06:12'),('2025-06-23',662,4,0,2568,'C','1349901032470','2025-06-23 05:06:12'),('2025-06-23',663,4,0,2568,'C','1349901032470','2025-06-23 05:06:12'),('2025-06-23',664,4,0,2568,'C','1349901032470','2025-06-23 05:06:12'),('2025-06-23',655,5,0,2568,'C','1349901032470','2025-06-23 05:06:47'),('2025-06-23',656,5,0,2568,'C','1349901032470','2025-06-23 05:06:47'),('2025-06-23',657,5,0,2568,'C','1349901032470','2025-06-23 05:06:47'),('2025-06-24',659,4,0,2568,'C','1349901032470','2025-06-24 02:06:28'),('2025-06-24',660,4,0,2568,'C','1349901032470','2025-06-24 02:06:28'),('2025-06-24',661,4,0,2568,'C','1349901032470','2025-06-24 02:06:28'),('2025-06-24',662,4,0,2568,'C','1349901032470','2025-06-24 02:06:28'),('2025-06-24',663,4,0,2568,'C','1349901032470','2025-06-24 02:06:28'),('2025-06-24',664,4,0,2568,'C','1349901032470','2025-06-24 02:06:28'),('2025-06-24',655,5,0,2568,'C','1349901032470','2025-06-24 02:06:53'),('2025-06-24',656,5,0,2568,'C','1349901032470','2025-06-24 02:06:53'),('2025-06-24',657,5,0,2568,'C','1349901032470','2025-06-24 02:06:53'),('2025-06-25',655,5,0,2568,'C','1349901032470','2025-06-25 10:06:53'),('2025-06-25',656,5,0,2568,'C','1349901032470','2025-06-25 10:06:53'),('2025-06-25',657,5,0,2568,'C','1349901032470','2025-06-25 10:06:53'),('2025-06-25',659,4,0,2568,'C','1349901032470','2025-06-25 10:06:06'),('2025-06-25',660,4,0,2568,'C','1349901032470','2025-06-25 10:06:06'),('2025-06-25',661,4,0,2568,'C','1349901032470','2025-06-25 10:06:06'),('2025-06-25',662,4,0,2568,'C','1349901032470','2025-06-25 10:06:06'),('2025-06-25',663,4,0,2568,'C','1349901032470','2025-06-25 10:06:06'),('2025-06-25',664,4,0,2568,'C','1349901032470','2025-06-25 10:06:06'),('2025-07-01',659,4,0,2568,'C','1349901032470','2025-07-01 04:07:20'),('2025-07-01',660,4,0,2568,'C','1349901032470','2025-07-01 04:07:20'),('2025-07-01',661,4,0,2568,'C','1349901032470','2025-07-01 04:07:20'),('2025-07-01',662,4,0,2568,'C','1349901032470','2025-07-01 04:07:20'),('2025-07-01',663,4,0,2568,'C','1349901032470','2025-07-01 04:07:20'),('2025-07-01',664,4,0,2568,'C','1349901032470','2025-07-01 04:07:20'),('2025-07-01',655,5,0,2568,'C','1349901032470','2025-07-01 04:07:31'),('2025-07-01',656,5,0,2568,'C','1349901032470','2025-07-01 04:07:31'),('2025-07-01',657,5,0,2568,'S','1349901032470','2025-07-01 04:07:31'),('2025-06-30',655,5,0,2568,'C','1349901032470','2025-07-01 04:07:47'),('2025-06-30',656,5,0,2568,'C','1349901032470','2025-07-01 04:07:47'),('2025-06-30',657,5,0,2568,'C','1349901032470','2025-07-01 04:07:47'),('2025-06-30',659,4,0,2568,'C','1349901032470','2025-07-01 04:07:09'),('2025-06-30',660,4,0,2568,'C','1349901032470','2025-07-01 04:07:09'),('2025-06-30',661,4,0,2568,'C','1349901032470','2025-07-01 04:07:09'),('2025-06-30',662,4,0,2568,'C','1349901032470','2025-07-01 04:07:09'),('2025-06-30',663,4,0,2568,'C','1349901032470','2025-07-01 04:07:09'),('2025-06-30',664,4,0,2568,'C','1349901032470','2025-07-01 04:07:09'),('2025-07-07',659,4,0,2568,'C','1349901032470','2025-07-07 04:07:40'),('2025-07-07',660,4,0,2568,'W','1349901032470','2025-07-07 04:07:40'),('2025-07-07',661,4,0,2568,'C','1349901032470','2025-07-07 04:07:40'),('2025-07-07',662,4,0,2568,'W','1349901032470','2025-07-07 04:07:40'),('2025-07-07',663,4,0,2568,'C','1349901032470','2025-07-07 04:07:40'),('2025-07-07',664,4,0,2568,'C','1349901032470','2025-07-07 04:07:40'),('2025-07-14',655,5,0,2568,'C','1349901032470','2025-07-14 04:07:07'),('2025-07-14',656,5,0,2568,'C','1349901032470','2025-07-14 04:07:07'),('2025-07-14',657,5,0,2568,'C','1349901032470','2025-07-14 04:07:07'),('2025-07-14',659,4,0,2568,'C','1349901032470','2025-07-14 04:07:19'),('2025-07-14',660,4,0,2568,'C','1349901032470','2025-07-14 04:07:19'),('2025-07-14',661,4,0,2568,'C','1349901032470','2025-07-14 04:07:19'),('2025-07-14',662,4,0,2568,'L','1349901032470','2025-07-14 04:07:19'),('2025-07-14',663,4,0,2568,'C','1349901032470','2025-07-14 04:07:19'),('2025-07-14',664,4,0,2568,'C','1349901032470','2025-07-14 04:07:19'),('2025-07-16',659,4,0,2568,'C','1349901032470','2025-07-16 02:07:57'),('2025-07-16',660,4,0,2568,'C','1349901032470','2025-07-16 02:07:57'),('2025-07-16',661,4,0,2568,'C','1349901032470','2025-07-16 02:07:57'),('2025-07-16',662,4,0,2568,'C','1349901032470','2025-07-16 02:07:57'),('2025-07-16',663,4,0,2568,'C','1349901032470','2025-07-16 02:07:57'),('2025-07-16',664,4,0,2568,'L','1349901032470','2025-07-16 02:07:57'),('2025-07-16',655,5,0,2568,'C','1349901032470','2025-07-16 02:07:09'),('2025-07-16',656,5,0,2568,'C','1349901032470','2025-07-16 02:07:09'),('2025-07-16',657,5,0,2568,'S','1349901032470','2025-07-16 02:07:09'),('2025-08-05',655,5,0,2568,'C','1349901032470','2025-08-05 07:08:33'),('2025-08-05',656,5,0,2568,'C','1349901032470','2025-08-05 07:08:33'),('2025-08-05',657,5,0,2568,'C','1349901032470','2025-08-05 07:08:33'),('2025-08-26',659,4,0,2568,'C','1349901032470','2025-08-26 03:08:25'),('2025-08-26',660,4,0,2568,'C','1349901032470','2025-08-26 03:08:25'),('2025-08-26',661,4,0,2568,'C','1349901032470','2025-08-26 03:08:25'),('2025-08-26',662,4,0,2568,'C','1349901032470','2025-08-26 03:08:25'),('2025-08-26',663,4,0,2568,'C','1349901032470','2025-08-26 03:08:25'),('2025-08-26',664,4,0,2568,'C','1349901032470','2025-08-26 03:08:25'),('2025-08-26',655,5,0,2568,'C','1349901032470','2025-08-26 03:08:44'),('2025-08-26',656,5,0,2568,'C','1349901032470','2025-08-26 03:08:44'),('2025-08-26',657,5,0,2568,'S','1349901032470','2025-08-26 03:08:44'),('2025-08-25',659,4,0,2568,'C','1349901032470','2025-08-26 03:08:57'),('2025-08-25',660,4,0,2568,'C','1349901032470','2025-08-26 03:08:57'),('2025-08-25',661,4,0,2568,'C','1349901032470','2025-08-26 03:08:57'),('2025-08-25',662,4,0,2568,'C','1349901032470','2025-08-26 03:08:57'),('2025-08-25',663,4,0,2568,'C','1349901032470','2025-08-26 03:08:57'),('2025-08-25',664,4,0,2568,'C','1349901032470','2025-08-26 03:08:57'),('2025-08-22',659,4,0,2568,'C','1349901032470','2025-08-26 03:08:05'),('2025-08-22',660,4,0,2568,'C','1349901032470','2025-08-26 03:08:05'),('2025-08-22',661,4,0,2568,'C','1349901032470','2025-08-26 03:08:05'),('2025-08-22',662,4,0,2568,'C','1349901032470','2025-08-26 03:08:05'),('2025-08-22',663,4,0,2568,'C','1349901032470','2025-08-26 03:08:05'),('2025-08-22',664,4,0,2568,'C','1349901032470','2025-08-26 03:08:05'),('2025-08-21',659,4,0,2568,'C','1349901032470','2025-08-26 03:08:11'),('2025-08-21',660,4,0,2568,'C','1349901032470','2025-08-26 03:08:11'),('2025-08-21',661,4,0,2568,'C','1349901032470','2025-08-26 03:08:11'),('2025-08-21',662,4,0,2568,'C','1349901032470','2025-08-26 03:08:11'),('2025-08-21',663,4,0,2568,'C','1349901032470','2025-08-26 03:08:11'),('2025-08-21',664,4,0,2568,'C','1349901032470','2025-08-26 03:08:11'),('2025-08-20',659,4,0,2568,'C','1349901032470','2025-08-26 03:08:23'),('2025-08-20',660,4,0,2568,'C','1349901032470','2025-08-26 03:08:23'),('2025-08-20',661,4,0,2568,'C','1349901032470','2025-08-26 03:08:23'),('2025-08-20',662,4,0,2568,'C','1349901032470','2025-08-26 03:08:23'),('2025-08-20',663,4,0,2568,'C','1349901032470','2025-08-26 03:08:23'),('2025-08-20',664,4,0,2568,'C','1349901032470','2025-08-26 03:08:23'),('2025-09-01',659,4,0,2568,'C','1349901032470','2025-09-01 11:09:29'),('2025-09-01',660,4,0,2568,'C','1349901032470','2025-09-01 11:09:29'),('2025-09-01',661,4,0,2568,'L','1349901032470','2025-09-01 11:09:29'),('2025-09-01',662,4,0,2568,'C','1349901032470','2025-09-01 11:09:29'),('2025-09-01',663,4,0,2568,'C','1349901032470','2025-09-01 11:09:29'),('2025-09-01',664,4,0,2568,'C','1349901032470','2025-09-01 11:09:29'),('2025-09-10',659,4,0,2568,'C','1349901032470','2025-09-10 04:09:30'),('2025-09-10',660,4,0,2568,'C','1349901032470','2025-09-10 04:09:30'),('2025-09-10',661,4,0,2568,'C','1349901032470','2025-09-10 04:09:30'),('2025-09-10',662,4,0,2568,'C','1349901032470','2025-09-10 04:09:30'),('2025-09-10',663,4,0,2568,'C','1349901032470','2025-09-10 04:09:30'),('2025-09-10',664,4,0,2568,'C','1349901032470','2025-09-10 04:09:30'),('2025-09-10',655,5,0,2568,'C','1349901032470','2025-09-10 05:09:03'),('2025-09-10',656,5,0,2568,'C','1349901032470','2025-09-10 05:09:03'),('2025-09-10',657,5,0,2568,'C','1349901032470','2025-09-10 05:09:03'),('2025-09-12',653,6,0,2568,'C','1340700340942','2025-09-12 02:09:30'),('2025-09-12',654,6,0,2568,'C','1340700340942','2025-09-12 02:09:30'),('2025-09-12',646,7,0,2568,'C','1340700340942','2025-09-12 02:09:38'),('2025-09-12',648,7,0,2568,'C','1340700340942','2025-09-12 02:09:38'),('2025-09-12',658,7,0,2568,'C','1340700340942','2025-09-12 02:09:38'),('2025-05-16',653,6,0,2568,'C','1340700340942','2025-09-12 02:09:19'),('2025-05-16',654,6,0,2568,'C','1340700340942','2025-09-12 02:09:19'),('2025-05-19',653,6,0,2568,'C','1340700340942','2025-09-12 02:09:31'),('2025-05-19',654,6,0,2568,'C','1340700340942','2025-09-12 02:09:31'),('2025-05-20',653,6,0,2568,'C','1340700340942','2025-09-12 02:09:54'),('2025-05-20',654,6,0,2568,'C','1340700340942','2025-09-12 02:09:54'),('2025-05-21',653,6,0,2568,'C','1340700340942','2025-09-12 02:09:03'),('2025-05-21',654,6,0,2568,'C','1340700340942','2025-09-12 02:09:03'),('2025-05-22',653,6,0,2568,'C','1340700340942','2025-09-12 02:09:10'),('2025-05-22',654,6,0,2568,'C','1340700340942','2025-09-12 02:09:10'),('2025-05-23',653,6,0,2568,'C','1340700340942','2025-09-12 02:09:20'),('2025-05-23',654,6,0,2568,'C','1340700340942','2025-09-12 02:09:20'),('2025-05-27',653,6,0,2568,'C','1340700340942','2025-09-12 02:09:44'),('2025-05-27',654,6,0,2568,'C','1340700340942','2025-09-12 02:09:44'),('2025-05-28',653,6,0,2568,'C','1340700340942','2025-09-12 02:09:53'),('2025-05-28',654,6,0,2568,'C','1340700340942','2025-09-12 02:09:53'),('2025-05-29',653,6,0,2568,'C','1340700340942','2025-09-12 02:09:14'),('2025-05-29',654,6,0,2568,'C','1340700340942','2025-09-12 02:09:14'),('2025-05-30',653,6,0,2568,'C','1340700340942','2025-09-12 02:09:20'),('2025-05-30',654,6,0,2568,'C','1340700340942','2025-09-12 02:09:20'),('2025-06-04',653,6,0,2568,'C','1340700340942','2025-09-12 02:09:31'),('2025-06-04',654,6,0,2568,'C','1340700340942','2025-09-12 02:09:31'),('2025-06-05',653,6,0,2568,'C','1340700340942','2025-09-12 02:09:38'),('2025-06-05',654,6,0,2568,'C','1340700340942','2025-09-12 02:09:38'),('2025-06-06',653,6,0,2568,'C','1340700340942','2025-09-12 02:09:44'),('2025-06-06',654,6,0,2568,'C','1340700340942','2025-09-12 02:09:44'),('2025-06-09',653,6,0,2568,'C','1340700340942','2025-09-12 02:09:48'),('2025-06-09',654,6,0,2568,'C','1340700340942','2025-09-12 02:09:48'),('2025-06-10',653,6,0,2568,'C','1340700340942','2025-09-12 02:09:53'),('2025-06-10',654,6,0,2568,'C','1340700340942','2025-09-12 02:09:53'),('2025-06-11',653,6,0,2568,'C','1340700340942','2025-09-12 02:09:58'),('2025-06-11',654,6,0,2568,'C','1340700340942','2025-09-12 02:09:58'),('2025-06-12',653,6,0,2568,'C','1340700340942','2025-09-12 02:09:06'),('2025-06-12',654,6,0,2568,'C','1340700340942','2025-09-12 02:09:06'),('2025-06-24',653,6,0,2568,'C','1340700340942','2025-09-12 02:09:50'),('2025-06-24',654,6,0,2568,'C','1340700340942','2025-09-12 02:09:50'),('2025-06-25',653,6,0,2568,'C','1340700340942','2025-09-12 02:09:55'),('2025-06-25',654,6,0,2568,'C','1340700340942','2025-09-12 02:09:55'),('2025-06-26',653,6,0,2568,'C','1340700340942','2025-09-12 02:09:59'),('2025-06-26',654,6,0,2568,'C','1340700340942','2025-09-12 02:09:59'),('2025-06-27',653,6,0,2568,'C','1340700340942','2025-09-12 02:09:04'),('2025-06-27',654,6,0,2568,'C','1340700340942','2025-09-12 02:09:04'),('2025-06-30',653,6,0,2568,'C','1340700340942','2025-09-12 02:09:09'),('2025-06-30',654,6,0,2568,'C','1340700340942','2025-09-12 02:09:09'),('2025-07-01',653,6,0,2568,'C','1340700340942','2025-09-12 02:09:30'),('2025-07-01',654,6,0,2568,'C','1340700340942','2025-09-12 02:09:30'),('2025-07-02',653,6,0,2568,'C','1340700340942','2025-09-12 02:09:35'),('2025-07-02',654,6,0,2568,'C','1340700340942','2025-09-12 02:09:35'),('2025-07-03',653,6,0,2568,'C','1340700340942','2025-09-12 02:09:38'),('2025-07-03',654,6,0,2568,'C','1340700340942','2025-09-12 02:09:38'),('2025-07-04',653,6,0,2568,'C','1340700340942','2025-09-12 02:09:44'),('2025-07-04',654,6,0,2568,'C','1340700340942','2025-09-12 02:09:44'),('2025-07-07',653,6,0,2568,'C','1340700340942','2025-09-12 02:09:52'),('2025-07-07',654,6,0,2568,'C','1340700340942','2025-09-12 02:09:52'),('2025-07-08',653,6,0,2568,'C','1340700340942','2025-09-12 02:09:56'),('2025-07-08',654,6,0,2568,'C','1340700340942','2025-09-12 02:09:56'),('2025-07-09',653,6,0,2568,'C','1340700340942','2025-09-12 02:09:00'),('2025-07-09',654,6,0,2568,'C','1340700340942','2025-09-12 02:09:00'),('2025-07-14',654,6,0,2568,'L','1340700340942','2025-09-12 02:09:02'),('2025-07-14',653,6,0,2568,'C','1340700340942','2025-09-12 02:09:02'),('2025-07-15',653,6,0,2568,'C','1340700340942','2025-09-12 02:09:10'),('2025-07-15',654,6,0,2568,'C','1340700340942','2025-09-12 02:09:10'),('2025-07-16',653,6,0,2568,'C','1340700340942','2025-09-12 02:09:13'),('2025-07-16',654,6,0,2568,'C','1340700340942','2025-09-12 02:09:13'),('2025-07-17',653,6,0,2568,'C','1340700340942','2025-09-12 02:09:16'),('2025-07-17',654,6,0,2568,'C','1340700340942','2025-09-12 02:09:16'),('2025-07-18',653,6,0,2568,'C','1340700340942','2025-09-12 02:09:20'),('2025-07-18',654,6,0,2568,'C','1340700340942','2025-09-12 02:09:20'),('2025-07-21',653,6,0,2568,'C','1340700340942','2025-09-12 02:09:24'),('2025-07-21',654,6,0,2568,'C','1340700340942','2025-09-12 02:09:24'),('2025-07-22',653,6,0,2568,'C','1340700340942','2025-09-12 02:09:29'),('2025-07-22',654,6,0,2568,'C','1340700340942','2025-09-12 02:09:29'),('2025-07-23',653,6,0,2568,'C','1340700340942','2025-09-12 02:09:34'),('2025-07-23',654,6,0,2568,'C','1340700340942','2025-09-12 02:09:34'),('2025-07-24',653,6,0,2568,'C','1340700340942','2025-09-12 02:09:44'),('2025-07-24',654,6,0,2568,'C','1340700340942','2025-09-12 02:09:44'),('2025-07-25',653,6,0,2568,'C','1340700340942','2025-09-12 02:09:22'),('2025-07-25',654,6,0,2568,'C','1340700340942','2025-09-12 02:09:22'),('2025-07-29',653,6,0,2568,'C','1340700340942','2025-09-12 02:09:27'),('2025-07-29',654,6,0,2568,'C','1340700340942','2025-09-12 02:09:27'),('2025-07-30',653,6,0,2568,'C','1340700340942','2025-09-12 02:09:30'),('2025-07-30',654,6,0,2568,'C','1340700340942','2025-09-12 02:09:30'),('2025-07-31',653,6,0,2568,'C','1340700340942','2025-09-12 02:09:36'),('2025-07-31',654,6,0,2568,'C','1340700340942','2025-09-12 02:09:36'),('2025-08-04',653,6,0,2568,'C','1340700340942','2025-09-12 02:09:48'),('2025-08-04',654,6,0,2568,'C','1340700340942','2025-09-12 02:09:48'),('2025-08-05',653,6,0,2568,'C','1340700340942','2025-09-12 02:09:53'),('2025-08-05',654,6,0,2568,'C','1340700340942','2025-09-12 02:09:53'),('2025-08-06',653,6,0,2568,'C','1340700340942','2025-09-12 02:09:57'),('2025-08-06',654,6,0,2568,'C','1340700340942','2025-09-12 02:09:57'),('2025-08-07',653,6,0,2568,'C','1340700340942','2025-09-12 02:09:02'),('2025-08-07',654,6,0,2568,'C','1340700340942','2025-09-12 02:09:02'),('2025-08-08',653,6,0,2568,'C','1340700340942','2025-09-12 02:09:14'),('2025-08-08',654,6,0,2568,'C','1340700340942','2025-09-12 02:09:14'),('2025-08-13',653,6,0,2568,'C','1340700340942','2025-09-12 02:09:21'),('2025-08-13',654,6,0,2568,'C','1340700340942','2025-09-12 02:09:21'),('2025-08-14',653,6,0,2568,'C','1340700340942','2025-09-12 02:09:25'),('2025-08-14',654,6,0,2568,'C','1340700340942','2025-09-12 02:09:25'),('2025-08-15',653,6,0,2568,'C','1340700340942','2025-09-12 02:09:28'),('2025-08-15',654,6,0,2568,'C','1340700340942','2025-09-12 02:09:28'),('2025-08-18',653,6,0,2568,'C','1340700340942','2025-09-12 02:09:35'),('2025-08-18',654,6,0,2568,'C','1340700340942','2025-09-12 02:09:35'),('2025-08-19',653,6,0,2568,'C','1340700340942','2025-09-12 02:09:40'),('2025-08-19',654,6,0,2568,'C','1340700340942','2025-09-12 02:09:40'),('2025-08-20',653,6,0,2568,'C','1340700340942','2025-09-12 02:09:44'),('2025-08-20',654,6,0,2568,'C','1340700340942','2025-09-12 02:09:44'),('2025-08-21',653,6,0,2568,'C','1340700340942','2025-09-12 02:09:48'),('2025-08-21',654,6,0,2568,'C','1340700340942','2025-09-12 02:09:48'),('2025-08-22',653,6,0,2568,'C','1340700340942','2025-09-12 02:09:54'),('2025-08-22',654,6,0,2568,'C','1340700340942','2025-09-12 02:09:54'),('2025-08-25',653,6,0,2568,'C','1340700340942','2025-09-12 02:09:08'),('2025-08-25',654,6,0,2568,'C','1340700340942','2025-09-12 02:09:08'),('2025-08-26',653,6,0,2568,'C','1340700340942','2025-09-12 02:09:17'),('2025-08-26',654,6,0,2568,'C','1340700340942','2025-09-12 02:09:17'),('2025-08-27',653,6,0,2568,'C','1340700340942','2025-09-12 02:09:24'),('2025-08-27',654,6,0,2568,'C','1340700340942','2025-09-12 02:09:24'),('2025-08-28',653,6,0,2568,'C','1340700340942','2025-09-12 02:09:29'),('2025-08-28',654,6,0,2568,'C','1340700340942','2025-09-12 02:09:29'),('2025-08-29',653,6,0,2568,'C','1340700340942','2025-09-12 02:09:35'),('2025-08-29',654,6,0,2568,'C','1340700340942','2025-09-12 02:09:35'),('2025-09-01',653,6,0,2568,'C','1340700340942','2025-09-12 02:09:34'),('2025-09-01',654,6,0,2568,'C','1340700340942','2025-09-12 02:09:34'),('2025-09-02',653,6,0,2568,'C','1340700340942','2025-09-12 02:09:41'),('2025-09-02',654,6,0,2568,'C','1340700340942','2025-09-12 02:09:41'),('2025-09-03',653,6,0,2568,'C','1340700340942','2025-09-12 02:09:49'),('2025-09-03',654,6,0,2568,'C','1340700340942','2025-09-12 02:09:49'),('2025-09-08',653,6,0,2568,'C','1340700340942','2025-09-12 02:09:55'),('2025-09-08',654,6,0,2568,'C','1340700340942','2025-09-12 02:09:55'),('2025-09-09',653,6,0,2568,'C','1340700340942','2025-09-12 02:09:59'),('2025-09-09',654,6,0,2568,'C','1340700340942','2025-09-12 02:09:59'),('2025-09-10',653,6,0,2568,'C','1340700340942','2025-09-12 02:09:03'),('2025-09-10',654,6,0,2568,'C','1340700340942','2025-09-12 02:09:03'),('2025-09-11',653,6,0,2568,'C','1340700340942','2025-09-12 02:09:07'),('2025-09-11',654,6,0,2568,'C','1340700340942','2025-09-12 02:09:07'),('2025-05-16',646,7,0,2568,'C','1340700340942','2025-09-12 02:09:30'),('2025-05-16',648,7,0,2568,'C','1340700340942','2025-09-12 02:09:30'),('2025-05-16',658,7,0,2568,'C','1340700340942','2025-09-12 02:09:30'),('2025-05-19',646,7,0,2568,'C','1340700340942','2025-09-12 02:09:09'),('2025-05-19',648,7,0,2568,'C','1340700340942','2025-09-12 02:09:09'),('2025-05-19',658,7,0,2568,'C','1340700340942','2025-09-12 02:09:09'),('2025-05-20',646,7,0,2568,'C','1340700340942','2025-09-12 02:09:15'),('2025-05-20',648,7,0,2568,'C','1340700340942','2025-09-12 02:09:15'),('2025-05-20',658,7,0,2568,'C','1340700340942','2025-09-12 02:09:15'),('2025-05-21',646,7,0,2568,'C','1340700340942','2025-09-12 02:09:20'),('2025-05-21',648,7,0,2568,'C','1340700340942','2025-09-12 02:09:20'),('2025-05-21',658,7,0,2568,'C','1340700340942','2025-09-12 02:09:20'),('2025-05-22',646,7,0,2568,'C','1340700340942','2025-09-12 02:09:25'),('2025-05-22',648,7,0,2568,'C','1340700340942','2025-09-12 02:09:25'),('2025-05-22',658,7,0,2568,'C','1340700340942','2025-09-12 02:09:25'),('2025-05-23',646,7,0,2568,'C','1340700340942','2025-09-12 02:09:33'),('2025-05-23',648,7,0,2568,'C','1340700340942','2025-09-12 02:09:33'),('2025-05-23',658,7,0,2568,'C','1340700340942','2025-09-12 02:09:33'),('2025-05-26',646,7,0,2568,'C','1340700340942','2025-09-12 02:09:58'),('2025-05-26',648,7,0,2568,'C','1340700340942','2025-09-12 02:09:58'),('2025-05-26',658,7,0,2568,'C','1340700340942','2025-09-12 02:09:58'),('2025-05-27',646,7,0,2568,'C','1340700340942','2025-09-12 02:09:04'),('2025-05-27',648,7,0,2568,'C','1340700340942','2025-09-12 02:09:04'),('2025-05-27',658,7,0,2568,'C','1340700340942','2025-09-12 02:09:04'),('2025-05-28',646,7,0,2568,'C','1340700340942','2025-09-12 02:09:10'),('2025-05-28',648,7,0,2568,'C','1340700340942','2025-09-12 02:09:10'),('2025-05-28',658,7,0,2568,'C','1340700340942','2025-09-12 02:09:10'),('2025-06-30',646,7,0,2568,'C','1340700340942','2025-09-12 02:09:32'),('2025-06-30',648,7,0,2568,'C','1340700340942','2025-09-12 02:09:32'),('2025-06-30',658,7,0,2568,'C','1340700340942','2025-09-12 02:09:32'),('2025-05-30',646,7,0,2568,'C','1340700340942','2025-09-12 02:09:27'),('2025-05-30',648,7,0,2568,'C','1340700340942','2025-09-12 02:09:27'),('2025-05-30',658,7,0,2568,'C','1340700340942','2025-09-12 02:09:27'),('2025-06-04',646,7,0,2568,'C','1340700340942','2025-09-12 02:09:25'),('2025-06-04',648,7,0,2568,'C','1340700340942','2025-09-12 02:09:25'),('2025-06-04',658,7,0,2568,'C','1340700340942','2025-09-12 02:09:25'),('2025-06-05',646,7,0,2568,'C','1340700340942','2025-09-12 02:09:36'),('2025-06-05',648,7,0,2568,'C','1340700340942','2025-09-12 02:09:36'),('2025-06-05',658,7,0,2568,'C','1340700340942','2025-09-12 02:09:36'),('2025-06-06',646,7,0,2568,'C','1340700340942','2025-09-12 02:09:41'),('2025-06-06',648,7,0,2568,'C','1340700340942','2025-09-12 02:09:41'),('2025-06-06',658,7,0,2568,'C','1340700340942','2025-09-12 02:09:41'),('2025-06-09',646,7,0,2568,'C','1340700340942','2025-09-12 02:09:46'),('2025-06-09',648,7,0,2568,'C','1340700340942','2025-09-12 02:09:46'),('2025-06-09',658,7,0,2568,'C','1340700340942','2025-09-12 02:09:46'),('2025-06-10',646,7,0,2568,'C','1340700340942','2025-09-12 02:09:51'),('2025-06-10',648,7,0,2568,'C','1340700340942','2025-09-12 02:09:51'),('2025-06-10',658,7,0,2568,'C','1340700340942','2025-09-12 02:09:51'),('2025-06-11',646,7,0,2568,'C','1340700340942','2025-09-12 02:09:59'),('2025-06-11',648,7,0,2568,'C','1340700340942','2025-09-12 02:09:59'),('2025-06-11',658,7,0,2568,'C','1340700340942','2025-09-12 02:09:59'),('2025-06-12',646,7,0,2568,'C','1340700340942','2025-09-12 02:09:09'),('2025-06-12',648,7,0,2568,'C','1340700340942','2025-09-12 02:09:09'),('2025-06-12',658,7,0,2568,'C','1340700340942','2025-09-12 02:09:09'),('2025-06-13',646,7,0,2568,'C','1340700340942','2025-09-12 02:09:16'),('2025-06-13',648,7,0,2568,'C','1340700340942','2025-09-12 02:09:16'),('2025-06-13',658,7,0,2568,'C','1340700340942','2025-09-12 02:09:16'),('2025-06-16',646,7,0,2568,'C','1340700340942','2025-09-12 02:09:25'),('2025-06-16',648,7,0,2568,'C','1340700340942','2025-09-12 02:09:25'),('2025-06-16',658,7,0,2568,'C','1340700340942','2025-09-12 02:09:25'),('2025-06-17',646,7,0,2568,'C','1340700340942','2025-09-12 02:09:30'),('2025-06-17',648,7,0,2568,'C','1340700340942','2025-09-12 02:09:30'),('2025-06-17',658,7,0,2568,'C','1340700340942','2025-09-12 02:09:30'),('2025-06-18',646,7,0,2568,'C','1340700340942','2025-09-12 02:09:53'),('2025-06-18',648,7,0,2568,'C','1340700340942','2025-09-12 02:09:53'),('2025-06-18',658,7,0,2568,'C','1340700340942','2025-09-12 02:09:53'),('2025-06-19',646,7,0,2568,'C','1340700340942','2025-09-12 02:09:59'),('2025-06-19',648,7,0,2568,'C','1340700340942','2025-09-12 02:09:59'),('2025-06-19',658,7,0,2568,'C','1340700340942','2025-09-12 02:09:59'),('2025-06-23',646,7,0,2568,'C','1340700340942','2025-09-12 02:09:11'),('2025-06-23',648,7,0,2568,'C','1340700340942','2025-09-12 02:09:11'),('2025-06-23',658,7,0,2568,'C','1340700340942','2025-09-12 02:09:11'),('2025-06-24',646,7,0,2568,'C','1340700340942','2025-09-12 02:09:19'),('2025-06-24',648,7,0,2568,'C','1340700340942','2025-09-12 02:09:19'),('2025-06-24',658,7,0,2568,'C','1340700340942','2025-09-12 02:09:19'),('2025-06-25',646,7,0,2568,'C','1340700340942','2025-09-12 02:09:39'),('2025-06-25',648,7,0,2568,'C','1340700340942','2025-09-12 02:09:39'),('2025-06-25',658,7,0,2568,'C','1340700340942','2025-09-12 02:09:39'),('2025-06-26',646,7,0,2568,'C','1340700340942','2025-09-12 02:09:52'),('2025-06-26',648,7,0,2568,'C','1340700340942','2025-09-12 02:09:52'),('2025-06-26',658,7,0,2568,'C','1340700340942','2025-09-12 02:09:52'),('2025-06-27',646,7,0,2568,'C','1340700340942','2025-09-12 02:09:11'),('2025-06-27',648,7,0,2568,'C','1340700340942','2025-09-12 02:09:11'),('2025-06-27',658,7,0,2568,'C','1340700340942','2025-09-12 02:09:11'),('2025-07-01',646,7,0,2568,'C','1340700340942','2025-09-12 03:09:02'),('2025-07-01',648,7,0,2568,'C','1340700340942','2025-09-12 03:09:02'),('2025-07-01',658,7,0,2568,'C','1340700340942','2025-09-12 03:09:02'),('2025-07-02',646,7,0,2568,'C','1340700340942','2025-09-12 03:09:07'),('2025-07-02',648,7,0,2568,'C','1340700340942','2025-09-12 03:09:07'),('2025-07-02',658,7,0,2568,'C','1340700340942','2025-09-12 03:09:07'),('2025-07-03',646,7,0,2568,'C','1340700340942','2025-09-12 03:09:14'),('2025-07-03',648,7,0,2568,'C','1340700340942','2025-09-12 03:09:14'),('2025-07-03',658,7,0,2568,'C','1340700340942','2025-09-12 03:09:14'),('2025-07-04',646,7,0,2568,'C','1340700340942','2025-09-12 03:09:18'),('2025-07-04',648,7,0,2568,'C','1340700340942','2025-09-12 03:09:18'),('2025-07-04',658,7,0,2568,'C','1340700340942','2025-09-12 03:09:18'),('2025-07-07',646,7,0,2568,'C','1340700340942','2025-09-12 03:09:26'),('2025-07-07',648,7,0,2568,'C','1340700340942','2025-09-12 03:09:26'),('2025-07-07',658,7,0,2568,'C','1340700340942','2025-09-12 03:09:26'),('2025-07-08',646,7,0,2568,'C','1340700340942','2025-09-12 03:09:31'),('2025-07-08',648,7,0,2568,'C','1340700340942','2025-09-12 03:09:31'),('2025-07-08',658,7,0,2568,'C','1340700340942','2025-09-12 03:09:31'),('2025-07-09',646,7,0,2568,'C','1340700340942','2025-09-12 03:09:35'),('2025-07-09',648,7,0,2568,'C','1340700340942','2025-09-12 03:09:35'),('2025-07-09',658,7,0,2568,'C','1340700340942','2025-09-12 03:09:35'),('2025-07-14',646,7,0,2568,'C','1340700340942','2025-09-12 03:09:41'),('2025-07-14',648,7,0,2568,'C','1340700340942','2025-09-12 03:09:41'),('2025-07-14',658,7,0,2568,'C','1340700340942','2025-09-12 03:09:41'),('2025-07-15',646,7,0,2568,'C','1340700340942','2025-09-12 03:09:47'),('2025-07-15',648,7,0,2568,'C','1340700340942','2025-09-12 03:09:47'),('2025-07-15',658,7,0,2568,'C','1340700340942','2025-09-12 03:09:47'),('2025-07-16',646,7,0,2568,'C','1340700340942','2025-09-12 03:09:51'),('2025-07-16',648,7,0,2568,'C','1340700340942','2025-09-12 03:09:51'),('2025-07-16',658,7,0,2568,'C','1340700340942','2025-09-12 03:09:51'),('2025-07-17',646,7,0,2568,'C','1340700340942','2025-09-12 03:09:56'),('2025-07-17',648,7,0,2568,'C','1340700340942','2025-09-12 03:09:56'),('2025-07-17',658,7,0,2568,'C','1340700340942','2025-09-12 03:09:56'),('2025-07-24',646,7,0,2568,'C','1340700340942','2025-09-12 03:09:04'),('2025-07-24',648,7,0,2568,'C','1340700340942','2025-09-12 03:09:04'),('2025-07-24',658,7,0,2568,'C','1340700340942','2025-09-12 03:09:04'),('2025-07-18',646,7,0,2568,'C','1340700340942','2025-09-12 03:09:10'),('2025-07-18',648,7,0,2568,'C','1340700340942','2025-09-12 03:09:10'),('2025-07-18',658,7,0,2568,'C','1340700340942','2025-09-12 03:09:10'),('2025-07-21',646,7,0,2568,'C','1340700340942','2025-09-12 03:09:15'),('2025-07-21',648,7,0,2568,'C','1340700340942','2025-09-12 03:09:15'),('2025-07-21',658,7,0,2568,'C','1340700340942','2025-09-12 03:09:15'),('2025-07-22',646,7,0,2568,'C','1340700340942','2025-09-12 03:09:20'),('2025-07-22',648,7,0,2568,'C','1340700340942','2025-09-12 03:09:20'),('2025-07-22',658,7,0,2568,'C','1340700340942','2025-09-12 03:09:20'),('2025-07-23',646,7,0,2568,'C','1340700340942','2025-09-12 03:09:27'),('2025-07-23',648,7,0,2568,'C','1340700340942','2025-09-12 03:09:27'),('2025-07-23',658,7,0,2568,'C','1340700340942','2025-09-12 03:09:27'),('2025-07-25',646,7,0,2568,'C','1340700340942','2025-09-12 03:09:36'),('2025-07-25',648,7,0,2568,'C','1340700340942','2025-09-12 03:09:36'),('2025-07-25',658,7,0,2568,'C','1340700340942','2025-09-12 03:09:36'),('2025-07-29',646,7,0,2568,'C','1340700340942','2025-09-12 03:09:45'),('2025-07-29',648,7,0,2568,'C','1340700340942','2025-09-12 03:09:45'),('2025-07-29',658,7,0,2568,'C','1340700340942','2025-09-12 03:09:45'),('2025-07-30',646,7,0,2568,'C','1340700340942','2025-09-12 03:09:51'),('2025-07-30',648,7,0,2568,'C','1340700340942','2025-09-12 03:09:51'),('2025-07-30',658,7,0,2568,'C','1340700340942','2025-09-12 03:09:51'),('2025-07-31',646,7,0,2568,'C','1340700340942','2025-09-12 03:09:55'),('2025-07-31',648,7,0,2568,'C','1340700340942','2025-09-12 03:09:55'),('2025-07-31',658,7,0,2568,'C','1340700340942','2025-09-12 03:09:55'),('2025-08-01',646,7,0,2568,'C','1340700340942','2025-09-12 03:09:08'),('2025-08-01',648,7,0,2568,'C','1340700340942','2025-09-12 03:09:08'),('2025-08-01',658,7,0,2568,'C','1340700340942','2025-09-12 03:09:08'),('2025-08-04',646,7,0,2568,'C','1340700340942','2025-09-12 03:09:52'),('2025-08-04',648,7,0,2568,'C','1340700340942','2025-09-12 03:09:52'),('2025-08-04',658,7,0,2568,'C','1340700340942','2025-09-12 03:09:52'),('2025-08-05',646,7,0,2568,'C','1340700340942','2025-09-12 03:09:00'),('2025-08-05',648,7,0,2568,'C','1340700340942','2025-09-12 03:09:00'),('2025-08-05',658,7,0,2568,'C','1340700340942','2025-09-12 03:09:00'),('2025-08-06',646,7,0,2568,'C','1340700340942','2025-09-12 03:09:04'),('2025-08-06',648,7,0,2568,'C','1340700340942','2025-09-12 03:09:04'),('2025-08-06',658,7,0,2568,'C','1340700340942','2025-09-12 03:09:04'),('2025-08-07',646,7,0,2568,'C','1340700340942','2025-09-12 03:09:08'),('2025-08-07',648,7,0,2568,'C','1340700340942','2025-09-12 03:09:08'),('2025-08-07',658,7,0,2568,'C','1340700340942','2025-09-12 03:09:08'),('2025-08-08',646,7,0,2568,'C','1340700340942','2025-09-12 03:09:13'),('2025-08-08',648,7,0,2568,'C','1340700340942','2025-09-12 03:09:13'),('2025-08-08',658,7,0,2568,'C','1340700340942','2025-09-12 03:09:13'),('2025-08-13',646,7,0,2568,'C','1340700340942','2025-09-12 03:09:21'),('2025-08-13',648,7,0,2568,'C','1340700340942','2025-09-12 03:09:21'),('2025-08-13',658,7,0,2568,'C','1340700340942','2025-09-12 03:09:21'),('2025-08-14',646,7,0,2568,'C','1340700340942','2025-09-12 03:09:25'),('2025-08-14',648,7,0,2568,'C','1340700340942','2025-09-12 03:09:25'),('2025-08-14',658,7,0,2568,'C','1340700340942','2025-09-12 03:09:25'),('2025-08-15',646,7,0,2568,'C','1340700340942','2025-09-12 03:09:30'),('2025-08-15',648,7,0,2568,'C','1340700340942','2025-09-12 03:09:30'),('2025-08-15',658,7,0,2568,'C','1340700340942','2025-09-12 03:09:30'),('2025-08-18',646,7,0,2568,'C','1340700340942','2025-09-12 03:09:36'),('2025-08-18',648,7,0,2568,'C','1340700340942','2025-09-12 03:09:36'),('2025-08-18',658,7,0,2568,'C','1340700340942','2025-09-12 03:09:36'),('2025-08-19',646,7,0,2568,'C','1340700340942','2025-09-12 03:09:40'),('2025-08-19',648,7,0,2568,'C','1340700340942','2025-09-12 03:09:40'),('2025-08-19',658,7,0,2568,'C','1340700340942','2025-09-12 03:09:40'),('2025-08-20',646,7,0,2568,'C','1340700340942','2025-09-12 03:09:43'),('2025-08-20',648,7,0,2568,'C','1340700340942','2025-09-12 03:09:43'),('2025-08-20',658,7,0,2568,'C','1340700340942','2025-09-12 03:09:43'),('2025-08-21',646,7,0,2568,'C','1340700340942','2025-09-12 03:09:48'),('2025-08-21',648,7,0,2568,'C','1340700340942','2025-09-12 03:09:48'),('2025-08-21',658,7,0,2568,'C','1340700340942','2025-09-12 03:09:48'),('2025-08-22',646,7,0,2568,'C','1340700340942','2025-09-12 03:09:52'),('2025-08-22',648,7,0,2568,'C','1340700340942','2025-09-12 03:09:52'),('2025-08-22',658,7,0,2568,'C','1340700340942','2025-09-12 03:09:52'),('2025-08-25',646,7,0,2568,'C','1340700340942','2025-09-12 03:09:56'),('2025-08-25',648,7,0,2568,'C','1340700340942','2025-09-12 03:09:56'),('2025-08-25',658,7,0,2568,'C','1340700340942','2025-09-12 03:09:56'),('2025-08-26',646,7,0,2568,'C','1340700340942','2025-09-12 03:09:59'),('2025-08-26',648,7,0,2568,'C','1340700340942','2025-09-12 03:09:59'),('2025-08-26',658,7,0,2568,'C','1340700340942','2025-09-12 03:09:59'),('2025-08-27',646,7,0,2568,'C','1340700340942','2025-09-12 03:09:04'),('2025-08-27',648,7,0,2568,'C','1340700340942','2025-09-12 03:09:04'),('2025-08-27',658,7,0,2568,'C','1340700340942','2025-09-12 03:09:04'),('2025-08-28',646,7,0,2568,'C','1340700340942','2025-09-12 03:09:08'),('2025-08-28',648,7,0,2568,'C','1340700340942','2025-09-12 03:09:08'),('2025-08-28',658,7,0,2568,'C','1340700340942','2025-09-12 03:09:08'),('2025-08-29',646,7,0,2568,'C','1340700340942','2025-09-12 03:09:05'),('2025-08-29',648,7,0,2568,'C','1340700340942','2025-09-12 03:09:05'),('2025-08-29',658,7,0,2568,'C','1340700340942','2025-09-12 03:09:05'),('2025-09-01',646,7,0,2568,'C','1340700340942','2025-09-12 03:09:31'),('2025-09-01',648,7,0,2568,'C','1340700340942','2025-09-12 03:09:31'),('2025-09-01',658,7,0,2568,'C','1340700340942','2025-09-12 03:09:31'),('2025-09-02',646,7,0,2568,'C','1340700340942','2025-09-12 03:09:36'),('2025-09-02',648,7,0,2568,'C','1340700340942','2025-09-12 03:09:36'),('2025-09-02',658,7,0,2568,'C','1340700340942','2025-09-12 03:09:36'),('2025-09-03',646,7,0,2568,'C','1340700340942','2025-09-12 03:09:39'),('2025-09-03',648,7,0,2568,'C','1340700340942','2025-09-12 03:09:39'),('2025-09-03',658,7,0,2568,'C','1340700340942','2025-09-12 03:09:39'),('2025-09-08',646,7,0,2568,'C','1340700340942','2025-09-12 03:09:44'),('2025-09-08',648,7,0,2568,'C','1340700340942','2025-09-12 03:09:44'),('2025-09-08',658,7,0,2568,'C','1340700340942','2025-09-12 03:09:44'),('2025-09-09',646,7,0,2568,'C','1340700340942','2025-09-12 03:09:50'),('2025-09-09',648,7,0,2568,'C','1340700340942','2025-09-12 03:09:50'),('2025-09-09',658,7,0,2568,'C','1340700340942','2025-09-12 03:09:50'),('2025-09-10',646,7,0,2568,'C','1340700340942','2025-09-12 03:09:55'),('2025-09-10',648,7,0,2568,'C','1340700340942','2025-09-12 03:09:55'),('2025-09-10',658,7,0,2568,'C','1340700340942','2025-09-12 03:09:55'),('2025-09-11',646,7,0,2568,'C','1340700340942','2025-09-12 03:09:59'),('2025-09-11',648,7,0,2568,'C','1340700340942','2025-09-12 03:09:59'),('2025-09-11',658,7,0,2568,'C','1340700340942','2025-09-12 03:09:59'),('2025-09-06',653,6,0,2568,'C','1340700340942','2025-09-12 03:09:13'),('2025-09-06',654,6,0,2568,'C','1340700340942','2025-09-12 03:09:13'),('2025-09-06',646,7,0,2568,'C','1340700340942','2025-09-12 03:09:28'),('2025-09-06',648,7,0,2568,'C','1340700340942','2025-09-12 03:09:28'),('2025-09-06',658,7,0,2568,'C','1340700340942','2025-09-12 03:09:28'),('2025-10-06',670,2,0,2568,'C','1370700006767','2025-10-06 02:10:49'),('2025-10-06',671,2,0,2568,'C','1370700006767','2025-10-06 02:10:49'),('2025-10-06',672,2,0,2568,'C','1370700006767','2025-10-06 02:10:49'),('2025-10-06',673,2,0,2568,'C','1370700006767','2025-10-06 02:10:49'),('2025-10-06',674,2,0,2568,'C','1370700006767','2025-10-06 02:10:49'),('2025-10-06',675,2,0,2568,'C','1370700006767','2025-10-06 02:10:49'),('2025-10-06',676,2,0,2568,'C','1370700006767','2025-10-06 02:10:49'),('2025-05-16',670,2,0,2568,'C','1370700006767','2025-10-08 09:10:35'),('2025-05-16',671,2,0,2568,'C','1370700006767','2025-10-08 09:10:35'),('2025-05-16',672,2,0,2568,'C','1370700006767','2025-10-08 09:10:35'),('2025-05-16',673,2,0,2568,'C','1370700006767','2025-10-08 09:10:35'),('2025-05-16',674,2,0,2568,'C','1370700006767','2025-10-08 09:10:35'),('2025-05-16',675,2,0,2568,'C','1370700006767','2025-10-08 09:10:35'),('2025-05-16',676,2,0,2568,'C','1370700006767','2025-10-08 09:10:35'),('2025-10-08',670,2,0,2568,'C','1370700006767','2025-10-08 09:10:55'),('2025-10-08',671,2,0,2568,'C','1370700006767','2025-10-08 09:10:55'),('2025-10-08',672,2,0,2568,'C','1370700006767','2025-10-08 09:10:55'),('2025-10-08',673,2,0,2568,'C','1370700006767','2025-10-08 09:10:55'),('2025-10-08',674,2,0,2568,'C','1370700006767','2025-10-08 09:10:55'),('2025-10-08',675,2,0,2568,'C','1370700006767','2025-10-08 09:10:55'),('2025-10-08',676,2,0,2568,'C','1370700006767','2025-10-08 09:10:55'),('2025-05-19',670,2,0,2568,'C','1370700006767','2025-10-08 09:10:16'),('2025-05-19',671,2,0,2568,'C','1370700006767','2025-10-08 09:10:16'),('2025-05-19',672,2,0,2568,'C','1370700006767','2025-10-08 09:10:16'),('2025-05-19',673,2,0,2568,'C','1370700006767','2025-10-08 09:10:16'),('2025-05-19',674,2,0,2568,'C','1370700006767','2025-10-08 09:10:16'),('2025-05-19',675,2,0,2568,'C','1370700006767','2025-10-08 09:10:16'),('2025-05-19',676,2,0,2568,'C','1370700006767','2025-10-08 09:10:16'),('2025-05-20',670,2,0,2568,'C','1370700006767','2025-10-08 09:10:45'),('2025-05-20',671,2,0,2568,'C','1370700006767','2025-10-08 09:10:45'),('2025-05-20',672,2,0,2568,'C','1370700006767','2025-10-08 09:10:45'),('2025-05-20',673,2,0,2568,'C','1370700006767','2025-10-08 09:10:45'),('2025-05-20',674,2,0,2568,'C','1370700006767','2025-10-08 09:10:45'),('2025-05-20',675,2,0,2568,'C','1370700006767','2025-10-08 09:10:45'),('2025-05-20',676,2,0,2568,'C','1370700006767','2025-10-08 09:10:45'),('2025-05-21',670,2,0,2568,'C','1370700006767','2025-10-08 09:10:49'),('2025-05-21',671,2,0,2568,'C','1370700006767','2025-10-08 09:10:49'),('2025-05-21',672,2,0,2568,'C','1370700006767','2025-10-08 09:10:49'),('2025-05-21',673,2,0,2568,'C','1370700006767','2025-10-08 09:10:49'),('2025-05-21',674,2,0,2568,'C','1370700006767','2025-10-08 09:10:49'),('2025-05-21',675,2,0,2568,'C','1370700006767','2025-10-08 09:10:49'),('2025-05-21',676,2,0,2568,'C','1370700006767','2025-10-08 09:10:49'),('2025-05-22',670,2,0,2568,'C','1370700006767','2025-10-08 09:10:54'),('2025-05-22',671,2,0,2568,'C','1370700006767','2025-10-08 09:10:54'),('2025-05-22',672,2,0,2568,'C','1370700006767','2025-10-08 09:10:54'),('2025-05-22',673,2,0,2568,'C','1370700006767','2025-10-08 09:10:54'),('2025-05-22',674,2,0,2568,'C','1370700006767','2025-10-08 09:10:54'),('2025-05-22',675,2,0,2568,'C','1370700006767','2025-10-08 09:10:54'),('2025-05-22',676,2,0,2568,'C','1370700006767','2025-10-08 09:10:54'),('2025-05-23',670,2,0,2568,'C','1370700006767','2025-10-08 09:10:01'),('2025-05-23',671,2,0,2568,'C','1370700006767','2025-10-08 09:10:01'),('2025-05-23',672,2,0,2568,'C','1370700006767','2025-10-08 09:10:01'),('2025-05-23',673,2,0,2568,'C','1370700006767','2025-10-08 09:10:01'),('2025-05-23',674,2,0,2568,'C','1370700006767','2025-10-08 09:10:01'),('2025-05-23',675,2,0,2568,'C','1370700006767','2025-10-08 09:10:01'),('2025-05-23',676,2,0,2568,'C','1370700006767','2025-10-08 09:10:01'),('2025-05-26',670,2,0,2568,'C','1370700006767','2025-10-08 09:10:16'),('2025-05-26',671,2,0,2568,'C','1370700006767','2025-10-08 09:10:16'),('2025-05-26',672,2,0,2568,'C','1370700006767','2025-10-08 09:10:16'),('2025-05-26',673,2,0,2568,'C','1370700006767','2025-10-08 09:10:16'),('2025-05-26',674,2,0,2568,'C','1370700006767','2025-10-08 09:10:16'),('2025-05-26',675,2,0,2568,'C','1370700006767','2025-10-08 09:10:16'),('2025-05-26',676,2,0,2568,'C','1370700006767','2025-10-08 09:10:16'),('2025-05-27',670,2,0,2568,'C','1370700006767','2025-10-08 09:10:23'),('2025-05-27',671,2,0,2568,'C','1370700006767','2025-10-08 09:10:23'),('2025-05-27',672,2,0,2568,'C','1370700006767','2025-10-08 09:10:23'),('2025-05-27',673,2,0,2568,'C','1370700006767','2025-10-08 09:10:23'),('2025-05-27',674,2,0,2568,'C','1370700006767','2025-10-08 09:10:23'),('2025-05-27',675,2,0,2568,'C','1370700006767','2025-10-08 09:10:23'),('2025-05-27',676,2,0,2568,'C','1370700006767','2025-10-08 09:10:23'),('2025-05-28',670,2,0,2568,'C','1370700006767','2025-10-08 09:10:27'),('2025-05-28',671,2,0,2568,'C','1370700006767','2025-10-08 09:10:27'),('2025-05-28',672,2,0,2568,'C','1370700006767','2025-10-08 09:10:27'),('2025-05-28',673,2,0,2568,'C','1370700006767','2025-10-08 09:10:27'),('2025-05-28',674,2,0,2568,'C','1370700006767','2025-10-08 09:10:27'),('2025-05-28',675,2,0,2568,'C','1370700006767','2025-10-08 09:10:27'),('2025-05-28',676,2,0,2568,'C','1370700006767','2025-10-08 09:10:27'),('2025-05-29',670,2,0,2568,'C','1370700006767','2025-10-08 09:10:31'),('2025-05-29',671,2,0,2568,'C','1370700006767','2025-10-08 09:10:31'),('2025-05-29',672,2,0,2568,'C','1370700006767','2025-10-08 09:10:31'),('2025-05-29',673,2,0,2568,'C','1370700006767','2025-10-08 09:10:31'),('2025-05-29',674,2,0,2568,'C','1370700006767','2025-10-08 09:10:31'),('2025-05-29',675,2,0,2568,'C','1370700006767','2025-10-08 09:10:31'),('2025-05-29',676,2,0,2568,'C','1370700006767','2025-10-08 09:10:31'),('2025-05-30',670,2,0,2568,'C','1370700006767','2025-10-08 09:10:34'),('2025-05-30',671,2,0,2568,'C','1370700006767','2025-10-08 09:10:34'),('2025-05-30',672,2,0,2568,'C','1370700006767','2025-10-08 09:10:34'),('2025-05-30',673,2,0,2568,'C','1370700006767','2025-10-08 09:10:34'),('2025-05-30',674,2,0,2568,'C','1370700006767','2025-10-08 09:10:34'),('2025-05-30',675,2,0,2568,'C','1370700006767','2025-10-08 09:10:34'),('2025-05-30',676,2,0,2568,'C','1370700006767','2025-10-08 09:10:34'),('2025-06-04',670,2,0,2568,'C','1370700006767','2025-10-08 09:10:54'),('2025-06-04',671,2,0,2568,'C','1370700006767','2025-10-08 09:10:54'),('2025-06-04',672,2,0,2568,'C','1370700006767','2025-10-08 09:10:54'),('2025-06-04',673,2,0,2568,'C','1370700006767','2025-10-08 09:10:54'),('2025-06-04',674,2,0,2568,'C','1370700006767','2025-10-08 09:10:54'),('2025-06-04',675,2,0,2568,'C','1370700006767','2025-10-08 09:10:54'),('2025-06-04',676,2,0,2568,'C','1370700006767','2025-10-08 09:10:54'),('2025-06-05',670,2,0,2568,'C','1370700006767','2025-10-08 09:10:00'),('2025-06-05',671,2,0,2568,'C','1370700006767','2025-10-08 09:10:00'),('2025-06-05',672,2,0,2568,'C','1370700006767','2025-10-08 09:10:00'),('2025-06-05',673,2,0,2568,'C','1370700006767','2025-10-08 09:10:00'),('2025-06-05',674,2,0,2568,'C','1370700006767','2025-10-08 09:10:00'),('2025-06-05',675,2,0,2568,'C','1370700006767','2025-10-08 09:10:00'),('2025-06-05',676,2,0,2568,'C','1370700006767','2025-10-08 09:10:00'),('2025-06-06',670,2,0,2568,'C','1370700006767','2025-10-08 09:10:06'),('2025-06-06',671,2,0,2568,'C','1370700006767','2025-10-08 09:10:06'),('2025-06-06',672,2,0,2568,'C','1370700006767','2025-10-08 09:10:06'),('2025-06-06',673,2,0,2568,'C','1370700006767','2025-10-08 09:10:06'),('2025-06-06',674,2,0,2568,'C','1370700006767','2025-10-08 09:10:06'),('2025-06-06',675,2,0,2568,'C','1370700006767','2025-10-08 09:10:06'),('2025-06-06',676,2,0,2568,'C','1370700006767','2025-10-08 09:10:06'),('2025-06-09',670,2,0,2568,'C','1370700006767','2025-10-08 09:10:23'),('2025-06-09',671,2,0,2568,'C','1370700006767','2025-10-08 09:10:23'),('2025-06-09',672,2,0,2568,'C','1370700006767','2025-10-08 09:10:23'),('2025-06-09',673,2,0,2568,'C','1370700006767','2025-10-08 09:10:23'),('2025-06-09',674,2,0,2568,'C','1370700006767','2025-10-08 09:10:23'),('2025-06-09',675,2,0,2568,'C','1370700006767','2025-10-08 09:10:23'),('2025-06-09',676,2,0,2568,'C','1370700006767','2025-10-08 09:10:23'),('2025-06-10',670,2,0,2568,'C','1370700006767','2025-10-08 09:10:49'),('2025-06-10',671,2,0,2568,'C','1370700006767','2025-10-08 09:10:49'),('2025-06-10',672,2,0,2568,'C','1370700006767','2025-10-08 09:10:49'),('2025-06-10',673,2,0,2568,'C','1370700006767','2025-10-08 09:10:49'),('2025-06-10',674,2,0,2568,'C','1370700006767','2025-10-08 09:10:49'),('2025-06-10',675,2,0,2568,'C','1370700006767','2025-10-08 09:10:49'),('2025-06-10',676,2,0,2568,'C','1370700006767','2025-10-08 09:10:49'),('2025-06-11',670,2,0,2568,'C','1370700006767','2025-10-08 09:10:54'),('2025-06-11',671,2,0,2568,'C','1370700006767','2025-10-08 09:10:54'),('2025-06-11',672,2,0,2568,'C','1370700006767','2025-10-08 09:10:54'),('2025-06-11',673,2,0,2568,'C','1370700006767','2025-10-08 09:10:54'),('2025-06-11',674,2,0,2568,'C','1370700006767','2025-10-08 09:10:54'),('2025-06-11',675,2,0,2568,'C','1370700006767','2025-10-08 09:10:54'),('2025-06-11',676,2,0,2568,'C','1370700006767','2025-10-08 09:10:54'),('2025-06-12',670,2,0,2568,'C','1370700006767','2025-10-08 09:10:58'),('2025-06-12',671,2,0,2568,'C','1370700006767','2025-10-08 09:10:58'),('2025-06-12',672,2,0,2568,'C','1370700006767','2025-10-08 09:10:58'),('2025-06-12',673,2,0,2568,'C','1370700006767','2025-10-08 09:10:58'),('2025-06-12',674,2,0,2568,'C','1370700006767','2025-10-08 09:10:58'),('2025-06-12',675,2,0,2568,'C','1370700006767','2025-10-08 09:10:58'),('2025-06-12',676,2,0,2568,'C','1370700006767','2025-10-08 09:10:58'),('2025-06-13',670,2,0,2568,'C','1370700006767','2025-10-08 09:10:02'),('2025-06-13',671,2,0,2568,'C','1370700006767','2025-10-08 09:10:02'),('2025-06-13',672,2,0,2568,'C','1370700006767','2025-10-08 09:10:02'),('2025-06-13',673,2,0,2568,'C','1370700006767','2025-10-08 09:10:02'),('2025-06-13',674,2,0,2568,'C','1370700006767','2025-10-08 09:10:02'),('2025-06-13',675,2,0,2568,'C','1370700006767','2025-10-08 09:10:02'),('2025-06-13',676,2,0,2568,'C','1370700006767','2025-10-08 09:10:02'),('2025-06-16',670,2,0,2568,'C','1370700006767','2025-10-08 09:10:32'),('2025-06-16',671,2,0,2568,'C','1370700006767','2025-10-08 09:10:32'),('2025-06-16',672,2,0,2568,'C','1370700006767','2025-10-08 09:10:32'),('2025-06-16',673,2,0,2568,'C','1370700006767','2025-10-08 09:10:32'),('2025-06-16',674,2,0,2568,'C','1370700006767','2025-10-08 09:10:32'),('2025-06-16',675,2,0,2568,'C','1370700006767','2025-10-08 09:10:32'),('2025-06-16',676,2,0,2568,'C','1370700006767','2025-10-08 09:10:32'),('2025-06-17',670,2,0,2568,'C','1370700006767','2025-10-08 09:10:36'),('2025-06-17',671,2,0,2568,'C','1370700006767','2025-10-08 09:10:36'),('2025-06-17',672,2,0,2568,'C','1370700006767','2025-10-08 09:10:36'),('2025-06-17',673,2,0,2568,'C','1370700006767','2025-10-08 09:10:36'),('2025-06-17',674,2,0,2568,'C','1370700006767','2025-10-08 09:10:36'),('2025-06-17',675,2,0,2568,'C','1370700006767','2025-10-08 09:10:36'),('2025-06-17',676,2,0,2568,'C','1370700006767','2025-10-08 09:10:36'),('2025-06-18',670,2,0,2568,'C','1370700006767','2025-10-08 09:10:40'),('2025-06-18',671,2,0,2568,'C','1370700006767','2025-10-08 09:10:40'),('2025-06-18',672,2,0,2568,'C','1370700006767','2025-10-08 09:10:40'),('2025-06-18',673,2,0,2568,'C','1370700006767','2025-10-08 09:10:40'),('2025-06-18',674,2,0,2568,'C','1370700006767','2025-10-08 09:10:40'),('2025-06-18',675,2,0,2568,'C','1370700006767','2025-10-08 09:10:40'),('2025-06-18',676,2,0,2568,'C','1370700006767','2025-10-08 09:10:40'),('2025-06-19',670,2,0,2568,'C','1370700006767','2025-10-08 09:10:43'),('2025-06-19',671,2,0,2568,'C','1370700006767','2025-10-08 09:10:43'),('2025-06-19',672,2,0,2568,'C','1370700006767','2025-10-08 09:10:43'),('2025-06-19',673,2,0,2568,'C','1370700006767','2025-10-08 09:10:43'),('2025-06-19',674,2,0,2568,'C','1370700006767','2025-10-08 09:10:43'),('2025-06-19',675,2,0,2568,'C','1370700006767','2025-10-08 09:10:43'),('2025-06-19',676,2,0,2568,'C','1370700006767','2025-10-08 09:10:43'),('2025-06-20',670,2,0,2568,'C','1370700006767','2025-10-08 09:10:47'),('2025-06-20',671,2,0,2568,'C','1370700006767','2025-10-08 09:10:47'),('2025-06-20',672,2,0,2568,'C','1370700006767','2025-10-08 09:10:47'),('2025-06-20',673,2,0,2568,'C','1370700006767','2025-10-08 09:10:47'),('2025-06-20',674,2,0,2568,'C','1370700006767','2025-10-08 09:10:47'),('2025-06-20',675,2,0,2568,'C','1370700006767','2025-10-08 09:10:47'),('2025-06-20',676,2,0,2568,'C','1370700006767','2025-10-08 09:10:47'),('2025-06-23',670,2,0,2568,'C','1370700006767','2025-10-08 09:10:56'),('2025-06-23',671,2,0,2568,'C','1370700006767','2025-10-08 09:10:56'),('2025-06-23',672,2,0,2568,'C','1370700006767','2025-10-08 09:10:56'),('2025-06-23',673,2,0,2568,'C','1370700006767','2025-10-08 09:10:56'),('2025-06-23',674,2,0,2568,'C','1370700006767','2025-10-08 09:10:56'),('2025-06-23',675,2,0,2568,'C','1370700006767','2025-10-08 09:10:56'),('2025-06-23',676,2,0,2568,'C','1370700006767','2025-10-08 09:10:56'),('2025-06-24',670,2,0,2568,'C','1370700006767','2025-10-08 09:10:59'),('2025-06-24',671,2,0,2568,'C','1370700006767','2025-10-08 09:10:59'),('2025-06-24',672,2,0,2568,'C','1370700006767','2025-10-08 09:10:59'),('2025-06-24',673,2,0,2568,'C','1370700006767','2025-10-08 09:10:59'),('2025-06-24',674,2,0,2568,'C','1370700006767','2025-10-08 09:10:59'),('2025-06-24',675,2,0,2568,'C','1370700006767','2025-10-08 09:10:59'),('2025-06-24',676,2,0,2568,'C','1370700006767','2025-10-08 09:10:59'),('2025-06-25',670,2,0,2568,'C','1370700006767','2025-10-08 09:10:07'),('2025-06-25',671,2,0,2568,'C','1370700006767','2025-10-08 09:10:07'),('2025-06-25',672,2,0,2568,'C','1370700006767','2025-10-08 09:10:07'),('2025-06-25',673,2,0,2568,'C','1370700006767','2025-10-08 09:10:07'),('2025-06-25',674,2,0,2568,'C','1370700006767','2025-10-08 09:10:07'),('2025-06-25',675,2,0,2568,'C','1370700006767','2025-10-08 09:10:07'),('2025-06-25',676,2,0,2568,'C','1370700006767','2025-10-08 09:10:07'),('2025-06-26',670,2,0,2568,'C','1370700006767','2025-10-08 09:10:10'),('2025-06-26',671,2,0,2568,'C','1370700006767','2025-10-08 09:10:10'),('2025-06-26',672,2,0,2568,'C','1370700006767','2025-10-08 09:10:10'),('2025-06-26',673,2,0,2568,'C','1370700006767','2025-10-08 09:10:10'),('2025-06-26',674,2,0,2568,'C','1370700006767','2025-10-08 09:10:10'),('2025-06-26',675,2,0,2568,'C','1370700006767','2025-10-08 09:10:10'),('2025-06-26',676,2,0,2568,'C','1370700006767','2025-10-08 09:10:10'),('2025-06-27',670,2,0,2568,'C','1370700006767','2025-10-08 09:10:13'),('2025-06-27',671,2,0,2568,'C','1370700006767','2025-10-08 09:10:13'),('2025-06-27',672,2,0,2568,'C','1370700006767','2025-10-08 09:10:13'),('2025-06-27',673,2,0,2568,'C','1370700006767','2025-10-08 09:10:13'),('2025-06-27',674,2,0,2568,'C','1370700006767','2025-10-08 09:10:13'),('2025-06-27',675,2,0,2568,'C','1370700006767','2025-10-08 09:10:13'),('2025-06-27',676,2,0,2568,'C','1370700006767','2025-10-08 09:10:13'),('2025-06-30',670,2,0,2568,'C','1370700006767','2025-10-08 09:10:20'),('2025-06-30',671,2,0,2568,'C','1370700006767','2025-10-08 09:10:20'),('2025-06-30',672,2,0,2568,'C','1370700006767','2025-10-08 09:10:20'),('2025-06-30',673,2,0,2568,'C','1370700006767','2025-10-08 09:10:20'),('2025-06-30',674,2,0,2568,'C','1370700006767','2025-10-08 09:10:20'),('2025-06-30',675,2,0,2568,'C','1370700006767','2025-10-08 09:10:20'),('2025-06-30',676,2,0,2568,'C','1370700006767','2025-10-08 09:10:20'),('2025-07-01',670,2,0,2568,'C','1370700006767','2025-10-08 10:10:18'),('2025-07-01',671,2,0,2568,'C','1370700006767','2025-10-08 10:10:18'),('2025-07-01',672,2,0,2568,'C','1370700006767','2025-10-08 10:10:18'),('2025-07-01',673,2,0,2568,'C','1370700006767','2025-10-08 10:10:18'),('2025-07-01',674,2,0,2568,'C','1370700006767','2025-10-08 10:10:18'),('2025-07-01',675,2,0,2568,'C','1370700006767','2025-10-08 10:10:18'),('2025-07-01',676,2,0,2568,'C','1370700006767','2025-10-08 10:10:18'),('2025-07-02',670,2,0,2568,'C','1370700006767','2025-10-08 10:10:23'),('2025-07-02',671,2,0,2568,'C','1370700006767','2025-10-08 10:10:23'),('2025-07-02',672,2,0,2568,'C','1370700006767','2025-10-08 10:10:23'),('2025-07-02',673,2,0,2568,'C','1370700006767','2025-10-08 10:10:23'),('2025-07-02',674,2,0,2568,'C','1370700006767','2025-10-08 10:10:23'),('2025-07-02',675,2,0,2568,'C','1370700006767','2025-10-08 10:10:23'),('2025-07-02',676,2,0,2568,'C','1370700006767','2025-10-08 10:10:23'),('2025-07-03',670,2,0,2568,'C','1370700006767','2025-10-08 10:10:28'),('2025-07-03',671,2,0,2568,'C','1370700006767','2025-10-08 10:10:28'),('2025-07-03',672,2,0,2568,'C','1370700006767','2025-10-08 10:10:28'),('2025-07-03',673,2,0,2568,'C','1370700006767','2025-10-08 10:10:28'),('2025-07-03',674,2,0,2568,'C','1370700006767','2025-10-08 10:10:28'),('2025-07-03',675,2,0,2568,'C','1370700006767','2025-10-08 10:10:28'),('2025-07-03',676,2,0,2568,'C','1370700006767','2025-10-08 10:10:28'),('2025-07-04',670,2,0,2568,'C','1370700006767','2025-10-08 10:10:13'),('2025-07-04',671,2,0,2568,'C','1370700006767','2025-10-08 10:10:13'),('2025-07-04',672,2,0,2568,'C','1370700006767','2025-10-08 10:10:13'),('2025-07-04',673,2,0,2568,'C','1370700006767','2025-10-08 10:10:13'),('2025-07-04',674,2,0,2568,'C','1370700006767','2025-10-08 10:10:13'),('2025-07-04',675,2,0,2568,'C','1370700006767','2025-10-08 10:10:13'),('2025-07-04',676,2,0,2568,'C','1370700006767','2025-10-08 10:10:13'),('2025-07-07',670,2,0,2568,'C','1370700006767','2025-10-08 10:10:24'),('2025-07-07',671,2,0,2568,'C','1370700006767','2025-10-08 10:10:24'),('2025-07-07',672,2,0,2568,'C','1370700006767','2025-10-08 10:10:24'),('2025-07-07',673,2,0,2568,'C','1370700006767','2025-10-08 10:10:24'),('2025-07-07',674,2,0,2568,'C','1370700006767','2025-10-08 10:10:24'),('2025-07-07',675,2,0,2568,'C','1370700006767','2025-10-08 10:10:24'),('2025-07-07',676,2,0,2568,'C','1370700006767','2025-10-08 10:10:24'),('2025-07-08',670,2,0,2568,'C','1370700006767','2025-10-08 10:10:30'),('2025-07-08',671,2,0,2568,'C','1370700006767','2025-10-08 10:10:30'),('2025-07-08',672,2,0,2568,'C','1370700006767','2025-10-08 10:10:30'),('2025-07-08',673,2,0,2568,'C','1370700006767','2025-10-08 10:10:30'),('2025-07-08',674,2,0,2568,'C','1370700006767','2025-10-08 10:10:30'),('2025-07-08',675,2,0,2568,'C','1370700006767','2025-10-08 10:10:30'),('2025-07-08',676,2,0,2568,'C','1370700006767','2025-10-08 10:10:30'),('2025-07-09',670,2,0,2568,'C','1370700006767','2025-10-08 10:10:35'),('2025-07-09',671,2,0,2568,'C','1370700006767','2025-10-08 10:10:35'),('2025-07-09',672,2,0,2568,'C','1370700006767','2025-10-08 10:10:35'),('2025-07-09',673,2,0,2568,'C','1370700006767','2025-10-08 10:10:35'),('2025-07-09',674,2,0,2568,'C','1370700006767','2025-10-08 10:10:35'),('2025-07-09',675,2,0,2568,'C','1370700006767','2025-10-08 10:10:35'),('2025-07-09',676,2,0,2568,'C','1370700006767','2025-10-08 10:10:35'),('2025-07-14',670,2,0,2568,'C','1370700006767','2025-10-08 10:10:20'),('2025-07-14',671,2,0,2568,'C','1370700006767','2025-10-08 10:10:20'),('2025-07-14',672,2,0,2568,'C','1370700006767','2025-10-08 10:10:20'),('2025-07-14',673,2,0,2568,'C','1370700006767','2025-10-08 10:10:20'),('2025-07-14',674,2,0,2568,'C','1370700006767','2025-10-08 10:10:20'),('2025-07-14',675,2,0,2568,'C','1370700006767','2025-10-08 10:10:20'),('2025-07-14',676,2,0,2568,'C','1370700006767','2025-10-08 10:10:20'),('2025-07-15',670,2,0,2568,'C','1370700006767','2025-10-08 10:10:23'),('2025-07-15',671,2,0,2568,'C','1370700006767','2025-10-08 10:10:23'),('2025-07-15',672,2,0,2568,'C','1370700006767','2025-10-08 10:10:23'),('2025-07-15',673,2,0,2568,'C','1370700006767','2025-10-08 10:10:23'),('2025-07-15',674,2,0,2568,'C','1370700006767','2025-10-08 10:10:23'),('2025-07-15',675,2,0,2568,'C','1370700006767','2025-10-08 10:10:23'),('2025-07-15',676,2,0,2568,'C','1370700006767','2025-10-08 10:10:23'),('2025-07-16',670,2,0,2568,'C','1370700006767','2025-10-08 10:10:27'),('2025-07-16',671,2,0,2568,'C','1370700006767','2025-10-08 10:10:27'),('2025-07-16',672,2,0,2568,'C','1370700006767','2025-10-08 10:10:27'),('2025-07-16',673,2,0,2568,'C','1370700006767','2025-10-08 10:10:27'),('2025-07-16',674,2,0,2568,'C','1370700006767','2025-10-08 10:10:27'),('2025-07-16',675,2,0,2568,'C','1370700006767','2025-10-08 10:10:27'),('2025-07-16',676,2,0,2568,'C','1370700006767','2025-10-08 10:10:27'),('2025-07-17',670,2,0,2568,'C','1370700006767','2025-10-08 10:10:31'),('2025-07-17',671,2,0,2568,'C','1370700006767','2025-10-08 10:10:31'),('2025-07-17',672,2,0,2568,'C','1370700006767','2025-10-08 10:10:31'),('2025-07-17',673,2,0,2568,'C','1370700006767','2025-10-08 10:10:31'),('2025-07-17',674,2,0,2568,'C','1370700006767','2025-10-08 10:10:31'),('2025-07-17',675,2,0,2568,'C','1370700006767','2025-10-08 10:10:31'),('2025-07-17',676,2,0,2568,'C','1370700006767','2025-10-08 10:10:31'),('2025-07-18',670,2,0,2568,'C','1370700006767','2025-10-08 10:10:35'),('2025-07-18',671,2,0,2568,'C','1370700006767','2025-10-08 10:10:35'),('2025-07-18',672,2,0,2568,'C','1370700006767','2025-10-08 10:10:35'),('2025-07-18',673,2,0,2568,'C','1370700006767','2025-10-08 10:10:35'),('2025-07-18',674,2,0,2568,'C','1370700006767','2025-10-08 10:10:35'),('2025-07-18',675,2,0,2568,'C','1370700006767','2025-10-08 10:10:35'),('2025-07-18',676,2,0,2568,'C','1370700006767','2025-10-08 10:10:35'),('2025-07-21',670,2,0,2568,'C','1370700006767','2025-10-08 10:10:44'),('2025-07-21',671,2,0,2568,'C','1370700006767','2025-10-08 10:10:44'),('2025-07-21',672,2,0,2568,'C','1370700006767','2025-10-08 10:10:44'),('2025-07-21',673,2,0,2568,'C','1370700006767','2025-10-08 10:10:44'),('2025-07-21',674,2,0,2568,'C','1370700006767','2025-10-08 10:10:44'),('2025-07-21',675,2,0,2568,'C','1370700006767','2025-10-08 10:10:44'),('2025-07-21',676,2,0,2568,'C','1370700006767','2025-10-08 10:10:44'),('2025-07-22',670,2,0,2568,'C','1370700006767','2025-10-08 10:10:06'),('2025-07-22',671,2,0,2568,'C','1370700006767','2025-10-08 10:10:06'),('2025-07-22',672,2,0,2568,'C','1370700006767','2025-10-08 10:10:06'),('2025-07-22',673,2,0,2568,'C','1370700006767','2025-10-08 10:10:06'),('2025-07-22',674,2,0,2568,'C','1370700006767','2025-10-08 10:10:06'),('2025-07-22',675,2,0,2568,'C','1370700006767','2025-10-08 10:10:06'),('2025-07-22',676,2,0,2568,'C','1370700006767','2025-10-08 10:10:06'),('2025-07-23',670,2,0,2568,'C','1370700006767','2025-10-08 10:10:13'),('2025-07-23',671,2,0,2568,'C','1370700006767','2025-10-08 10:10:13'),('2025-07-23',672,2,0,2568,'C','1370700006767','2025-10-08 10:10:13'),('2025-07-23',673,2,0,2568,'C','1370700006767','2025-10-08 10:10:13'),('2025-07-23',674,2,0,2568,'C','1370700006767','2025-10-08 10:10:13'),('2025-07-23',675,2,0,2568,'C','1370700006767','2025-10-08 10:10:13'),('2025-07-23',676,2,0,2568,'C','1370700006767','2025-10-08 10:10:13'),('2025-07-24',670,2,0,2568,'C','1370700006767','2025-10-08 10:10:19'),('2025-07-24',671,2,0,2568,'C','1370700006767','2025-10-08 10:10:19'),('2025-07-24',672,2,0,2568,'C','1370700006767','2025-10-08 10:10:19'),('2025-07-24',673,2,0,2568,'C','1370700006767','2025-10-08 10:10:19'),('2025-07-24',674,2,0,2568,'C','1370700006767','2025-10-08 10:10:19'),('2025-07-24',675,2,0,2568,'C','1370700006767','2025-10-08 10:10:19'),('2025-07-24',676,2,0,2568,'C','1370700006767','2025-10-08 10:10:19'),('2025-07-25',670,2,0,2568,'C','1370700006767','2025-10-08 10:10:23'),('2025-07-25',671,2,0,2568,'C','1370700006767','2025-10-08 10:10:23'),('2025-07-25',672,2,0,2568,'C','1370700006767','2025-10-08 10:10:23'),('2025-07-25',673,2,0,2568,'C','1370700006767','2025-10-08 10:10:23'),('2025-07-25',674,2,0,2568,'C','1370700006767','2025-10-08 10:10:23'),('2025-07-25',675,2,0,2568,'C','1370700006767','2025-10-08 10:10:23'),('2025-07-25',676,2,0,2568,'C','1370700006767','2025-10-08 10:10:23'),('2025-07-29',670,2,0,2568,'C','1370700006767','2025-10-08 10:10:34'),('2025-07-29',671,2,0,2568,'C','1370700006767','2025-10-08 10:10:34'),('2025-07-29',672,2,0,2568,'C','1370700006767','2025-10-08 10:10:34'),('2025-07-29',673,2,0,2568,'C','1370700006767','2025-10-08 10:10:34'),('2025-07-29',674,2,0,2568,'C','1370700006767','2025-10-08 10:10:34'),('2025-07-29',675,2,0,2568,'C','1370700006767','2025-10-08 10:10:34'),('2025-07-29',676,2,0,2568,'C','1370700006767','2025-10-08 10:10:34'),('2025-07-30',670,2,0,2568,'C','1370700006767','2025-10-08 10:10:38'),('2025-07-30',671,2,0,2568,'C','1370700006767','2025-10-08 10:10:38'),('2025-07-30',672,2,0,2568,'C','1370700006767','2025-10-08 10:10:38'),('2025-07-30',673,2,0,2568,'C','1370700006767','2025-10-08 10:10:38'),('2025-07-30',674,2,0,2568,'C','1370700006767','2025-10-08 10:10:38'),('2025-07-30',675,2,0,2568,'C','1370700006767','2025-10-08 10:10:38'),('2025-07-30',676,2,0,2568,'C','1370700006767','2025-10-08 10:10:38'),('2025-07-31',670,2,0,2568,'C','1370700006767','2025-10-08 10:10:42'),('2025-07-31',671,2,0,2568,'C','1370700006767','2025-10-08 10:10:42'),('2025-07-31',672,2,0,2568,'C','1370700006767','2025-10-08 10:10:42'),('2025-07-31',673,2,0,2568,'C','1370700006767','2025-10-08 10:10:42'),('2025-07-31',674,2,0,2568,'C','1370700006767','2025-10-08 10:10:42'),('2025-07-31',675,2,0,2568,'C','1370700006767','2025-10-08 10:10:42'),('2025-07-31',676,2,0,2568,'C','1370700006767','2025-10-08 10:10:42'),('2025-08-01',670,2,0,2568,'C','1370700006767','2025-10-08 10:10:59'),('2025-08-01',671,2,0,2568,'C','1370700006767','2025-10-08 10:10:59'),('2025-08-01',672,2,0,2568,'C','1370700006767','2025-10-08 10:10:59'),('2025-08-01',673,2,0,2568,'C','1370700006767','2025-10-08 10:10:59'),('2025-08-01',674,2,0,2568,'C','1370700006767','2025-10-08 10:10:59'),('2025-08-01',675,2,0,2568,'C','1370700006767','2025-10-08 10:10:59'),('2025-08-01',676,2,0,2568,'C','1370700006767','2025-10-08 10:10:59'),('2025-08-04',670,2,0,2568,'C','1370700006767','2025-10-08 10:10:04'),('2025-08-04',671,2,0,2568,'C','1370700006767','2025-10-08 10:10:04'),('2025-08-04',672,2,0,2568,'C','1370700006767','2025-10-08 10:10:04'),('2025-08-04',673,2,0,2568,'C','1370700006767','2025-10-08 10:10:04'),('2025-08-04',674,2,0,2568,'C','1370700006767','2025-10-08 10:10:04'),('2025-08-04',675,2,0,2568,'C','1370700006767','2025-10-08 10:10:04'),('2025-08-04',676,2,0,2568,'C','1370700006767','2025-10-08 10:10:04'),('2025-08-05',670,2,0,2568,'C','1370700006767','2025-10-08 10:10:07'),('2025-08-05',671,2,0,2568,'C','1370700006767','2025-10-08 10:10:07'),('2025-08-05',672,2,0,2568,'C','1370700006767','2025-10-08 10:10:07'),('2025-08-05',673,2,0,2568,'C','1370700006767','2025-10-08 10:10:07'),('2025-08-05',674,2,0,2568,'C','1370700006767','2025-10-08 10:10:07'),('2025-08-05',675,2,0,2568,'C','1370700006767','2025-10-08 10:10:07'),('2025-08-05',676,2,0,2568,'C','1370700006767','2025-10-08 10:10:07'),('2025-08-06',670,2,0,2568,'C','1370700006767','2025-10-08 10:10:10'),('2025-08-06',671,2,0,2568,'C','1370700006767','2025-10-08 10:10:10'),('2025-08-06',672,2,0,2568,'C','1370700006767','2025-10-08 10:10:10'),('2025-08-06',673,2,0,2568,'C','1370700006767','2025-10-08 10:10:10'),('2025-08-06',674,2,0,2568,'C','1370700006767','2025-10-08 10:10:10'),('2025-08-06',675,2,0,2568,'C','1370700006767','2025-10-08 10:10:10'),('2025-08-06',676,2,0,2568,'C','1370700006767','2025-10-08 10:10:10'),('2025-08-07',670,2,0,2568,'C','1370700006767','2025-10-08 10:10:14'),('2025-08-07',671,2,0,2568,'C','1370700006767','2025-10-08 10:10:14'),('2025-08-07',672,2,0,2568,'C','1370700006767','2025-10-08 10:10:14'),('2025-08-07',673,2,0,2568,'C','1370700006767','2025-10-08 10:10:14'),('2025-08-07',674,2,0,2568,'C','1370700006767','2025-10-08 10:10:14'),('2025-08-07',675,2,0,2568,'C','1370700006767','2025-10-08 10:10:14'),('2025-08-07',676,2,0,2568,'C','1370700006767','2025-10-08 10:10:14'),('2025-08-08',670,2,0,2568,'C','1370700006767','2025-10-08 10:10:18'),('2025-08-08',671,2,0,2568,'C','1370700006767','2025-10-08 10:10:18'),('2025-08-08',672,2,0,2568,'C','1370700006767','2025-10-08 10:10:18'),('2025-08-08',673,2,0,2568,'C','1370700006767','2025-10-08 10:10:18'),('2025-08-08',674,2,0,2568,'C','1370700006767','2025-10-08 10:10:18'),('2025-08-08',675,2,0,2568,'C','1370700006767','2025-10-08 10:10:18'),('2025-08-08',676,2,0,2568,'C','1370700006767','2025-10-08 10:10:18'),('2025-08-13',670,2,0,2568,'C','1370700006767','2025-10-08 10:10:29'),('2025-08-13',671,2,0,2568,'C','1370700006767','2025-10-08 10:10:29'),('2025-08-13',672,2,0,2568,'C','1370700006767','2025-10-08 10:10:29'),('2025-08-13',673,2,0,2568,'C','1370700006767','2025-10-08 10:10:29'),('2025-08-13',674,2,0,2568,'C','1370700006767','2025-10-08 10:10:29'),('2025-08-13',675,2,0,2568,'C','1370700006767','2025-10-08 10:10:29'),('2025-08-13',676,2,0,2568,'C','1370700006767','2025-10-08 10:10:29'),('2025-08-14',670,2,0,2568,'C','1370700006767','2025-10-08 10:10:34'),('2025-08-14',671,2,0,2568,'C','1370700006767','2025-10-08 10:10:34'),('2025-08-14',672,2,0,2568,'C','1370700006767','2025-10-08 10:10:34'),('2025-08-14',673,2,0,2568,'C','1370700006767','2025-10-08 10:10:34'),('2025-08-14',674,2,0,2568,'C','1370700006767','2025-10-08 10:10:34'),('2025-08-14',675,2,0,2568,'C','1370700006767','2025-10-08 10:10:34'),('2025-08-14',676,2,0,2568,'C','1370700006767','2025-10-08 10:10:34'),('2025-08-15',670,2,0,2568,'C','1370700006767','2025-10-08 10:10:37'),('2025-08-15',671,2,0,2568,'C','1370700006767','2025-10-08 10:10:37'),('2025-08-15',672,2,0,2568,'C','1370700006767','2025-10-08 10:10:37'),('2025-08-15',673,2,0,2568,'C','1370700006767','2025-10-08 10:10:37'),('2025-08-15',674,2,0,2568,'C','1370700006767','2025-10-08 10:10:37'),('2025-08-15',675,2,0,2568,'C','1370700006767','2025-10-08 10:10:37'),('2025-08-15',676,2,0,2568,'C','1370700006767','2025-10-08 10:10:37'),('2025-08-18',670,2,0,2568,'C','1370700006767','2025-10-08 10:10:47'),('2025-08-18',671,2,0,2568,'C','1370700006767','2025-10-08 10:10:47'),('2025-08-18',672,2,0,2568,'C','1370700006767','2025-10-08 10:10:47'),('2025-08-18',673,2,0,2568,'C','1370700006767','2025-10-08 10:10:47'),('2025-08-18',674,2,0,2568,'C','1370700006767','2025-10-08 10:10:47'),('2025-08-18',675,2,0,2568,'C','1370700006767','2025-10-08 10:10:47'),('2025-08-18',676,2,0,2568,'C','1370700006767','2025-10-08 10:10:47'),('2025-08-19',670,2,0,2568,'C','1370700006767','2025-10-08 10:10:50'),('2025-08-19',671,2,0,2568,'C','1370700006767','2025-10-08 10:10:50'),('2025-08-19',672,2,0,2568,'C','1370700006767','2025-10-08 10:10:50'),('2025-08-19',673,2,0,2568,'C','1370700006767','2025-10-08 10:10:50'),('2025-08-19',674,2,0,2568,'C','1370700006767','2025-10-08 10:10:50'),('2025-08-19',675,2,0,2568,'C','1370700006767','2025-10-08 10:10:50'),('2025-08-19',676,2,0,2568,'C','1370700006767','2025-10-08 10:10:50'),('2025-08-20',670,2,0,2568,'C','1370700006767','2025-10-08 10:10:53'),('2025-08-20',671,2,0,2568,'C','1370700006767','2025-10-08 10:10:53'),('2025-08-20',672,2,0,2568,'C','1370700006767','2025-10-08 10:10:53'),('2025-08-20',673,2,0,2568,'C','1370700006767','2025-10-08 10:10:53'),('2025-08-20',674,2,0,2568,'C','1370700006767','2025-10-08 10:10:53'),('2025-08-20',675,2,0,2568,'C','1370700006767','2025-10-08 10:10:53'),('2025-08-20',676,2,0,2568,'C','1370700006767','2025-10-08 10:10:53'),('2025-08-21',670,2,0,2568,'C','1370700006767','2025-10-08 10:10:58'),('2025-08-21',671,2,0,2568,'C','1370700006767','2025-10-08 10:10:58'),('2025-08-21',672,2,0,2568,'C','1370700006767','2025-10-08 10:10:58'),('2025-08-21',673,2,0,2568,'C','1370700006767','2025-10-08 10:10:58'),('2025-08-21',674,2,0,2568,'C','1370700006767','2025-10-08 10:10:58'),('2025-08-21',675,2,0,2568,'C','1370700006767','2025-10-08 10:10:58'),('2025-08-21',676,2,0,2568,'C','1370700006767','2025-10-08 10:10:58'),('2025-08-22',670,2,0,2568,'C','1370700006767','2025-10-08 10:10:02'),('2025-08-22',671,2,0,2568,'C','1370700006767','2025-10-08 10:10:02'),('2025-08-22',672,2,0,2568,'C','1370700006767','2025-10-08 10:10:02'),('2025-08-22',673,2,0,2568,'C','1370700006767','2025-10-08 10:10:02'),('2025-08-22',674,2,0,2568,'C','1370700006767','2025-10-08 10:10:02'),('2025-08-22',675,2,0,2568,'C','1370700006767','2025-10-08 10:10:02'),('2025-08-22',676,2,0,2568,'C','1370700006767','2025-10-08 10:10:02'),('2025-08-25',670,2,0,2568,'C','1370700006767','2025-10-08 10:10:21'),('2025-08-25',671,2,0,2568,'C','1370700006767','2025-10-08 10:10:21'),('2025-08-25',672,2,0,2568,'C','1370700006767','2025-10-08 10:10:21'),('2025-08-25',673,2,0,2568,'C','1370700006767','2025-10-08 10:10:21'),('2025-08-25',674,2,0,2568,'C','1370700006767','2025-10-08 10:10:21'),('2025-08-25',675,2,0,2568,'C','1370700006767','2025-10-08 10:10:21'),('2025-08-25',676,2,0,2568,'C','1370700006767','2025-10-08 10:10:21'),('2025-08-26',670,2,0,2568,'C','1370700006767','2025-10-08 10:10:25'),('2025-08-26',671,2,0,2568,'C','1370700006767','2025-10-08 10:10:25'),('2025-08-26',672,2,0,2568,'C','1370700006767','2025-10-08 10:10:25'),('2025-08-26',673,2,0,2568,'C','1370700006767','2025-10-08 10:10:25'),('2025-08-26',674,2,0,2568,'C','1370700006767','2025-10-08 10:10:25'),('2025-08-26',675,2,0,2568,'C','1370700006767','2025-10-08 10:10:25'),('2025-08-26',676,2,0,2568,'C','1370700006767','2025-10-08 10:10:25'),('2025-08-27',670,2,0,2568,'C','1370700006767','2025-10-08 10:10:29'),('2025-08-27',671,2,0,2568,'C','1370700006767','2025-10-08 10:10:29'),('2025-08-27',672,2,0,2568,'C','1370700006767','2025-10-08 10:10:29'),('2025-08-27',673,2,0,2568,'C','1370700006767','2025-10-08 10:10:29'),('2025-08-27',674,2,0,2568,'C','1370700006767','2025-10-08 10:10:29'),('2025-08-27',675,2,0,2568,'C','1370700006767','2025-10-08 10:10:29'),('2025-08-27',676,2,0,2568,'C','1370700006767','2025-10-08 10:10:29'),('2025-08-28',670,2,0,2568,'C','1370700006767','2025-10-08 10:10:33'),('2025-08-28',671,2,0,2568,'C','1370700006767','2025-10-08 10:10:33'),('2025-08-28',672,2,0,2568,'C','1370700006767','2025-10-08 10:10:33'),('2025-08-28',673,2,0,2568,'C','1370700006767','2025-10-08 10:10:33'),('2025-08-28',674,2,0,2568,'C','1370700006767','2025-10-08 10:10:33'),('2025-08-28',675,2,0,2568,'C','1370700006767','2025-10-08 10:10:33'),('2025-08-28',676,2,0,2568,'C','1370700006767','2025-10-08 10:10:33'),('2025-08-29',670,2,0,2568,'C','1370700006767','2025-10-08 10:10:10'),('2025-08-29',671,2,0,2568,'C','1370700006767','2025-10-08 10:10:10'),('2025-08-29',672,2,0,2568,'C','1370700006767','2025-10-08 10:10:10'),('2025-08-29',673,2,0,2568,'C','1370700006767','2025-10-08 10:10:10'),('2025-08-29',674,2,0,2568,'C','1370700006767','2025-10-08 10:10:10'),('2025-08-29',675,2,0,2568,'C','1370700006767','2025-10-08 10:10:10'),('2025-08-29',676,2,0,2568,'C','1370700006767','2025-10-08 10:10:10'),('2025-09-01',670,2,0,2568,'C','1370700006767','2025-10-08 10:10:51'),('2025-09-01',671,2,0,2568,'C','1370700006767','2025-10-08 10:10:51'),('2025-09-01',672,2,0,2568,'C','1370700006767','2025-10-08 10:10:51'),('2025-09-01',673,2,0,2568,'C','1370700006767','2025-10-08 10:10:51'),('2025-09-01',674,2,0,2568,'C','1370700006767','2025-10-08 10:10:51'),('2025-09-01',675,2,0,2568,'C','1370700006767','2025-10-08 10:10:51'),('2025-09-01',676,2,0,2568,'C','1370700006767','2025-10-08 10:10:51'),('2025-09-02',670,2,0,2568,'C','1370700006767','2025-10-08 10:10:54'),('2025-09-02',671,2,0,2568,'C','1370700006767','2025-10-08 10:10:54'),('2025-09-02',672,2,0,2568,'C','1370700006767','2025-10-08 10:10:54'),('2025-09-02',673,2,0,2568,'C','1370700006767','2025-10-08 10:10:54'),('2025-09-02',674,2,0,2568,'C','1370700006767','2025-10-08 10:10:54'),('2025-09-02',675,2,0,2568,'C','1370700006767','2025-10-08 10:10:54'),('2025-09-02',676,2,0,2568,'C','1370700006767','2025-10-08 10:10:54'),('2025-09-03',670,2,0,2568,'C','1370700006767','2025-10-08 10:10:58'),('2025-09-03',671,2,0,2568,'C','1370700006767','2025-10-08 10:10:58'),('2025-09-03',672,2,0,2568,'C','1370700006767','2025-10-08 10:10:58'),('2025-09-03',673,2,0,2568,'C','1370700006767','2025-10-08 10:10:58'),('2025-09-03',674,2,0,2568,'C','1370700006767','2025-10-08 10:10:58'),('2025-09-03',675,2,0,2568,'C','1370700006767','2025-10-08 10:10:58'),('2025-09-03',676,2,0,2568,'C','1370700006767','2025-10-08 10:10:58'),('2025-09-04',670,2,0,2568,'C','1370700006767','2025-10-08 10:10:02'),('2025-09-04',671,2,0,2568,'C','1370700006767','2025-10-08 10:10:02'),('2025-09-04',672,2,0,2568,'C','1370700006767','2025-10-08 10:10:02'),('2025-09-04',673,2,0,2568,'C','1370700006767','2025-10-08 10:10:02'),('2025-09-04',674,2,0,2568,'C','1370700006767','2025-10-08 10:10:02'),('2025-09-04',675,2,0,2568,'C','1370700006767','2025-10-08 10:10:02'),('2025-09-04',676,2,0,2568,'C','1370700006767','2025-10-08 10:10:02'),('2025-09-05',670,2,0,2568,'C','1370700006767','2025-10-08 10:10:05'),('2025-09-05',671,2,0,2568,'C','1370700006767','2025-10-08 10:10:05'),('2025-09-05',672,2,0,2568,'C','1370700006767','2025-10-08 10:10:05'),('2025-09-05',673,2,0,2568,'C','1370700006767','2025-10-08 10:10:05'),('2025-09-05',674,2,0,2568,'C','1370700006767','2025-10-08 10:10:05'),('2025-09-05',675,2,0,2568,'C','1370700006767','2025-10-08 10:10:05'),('2025-09-05',676,2,0,2568,'C','1370700006767','2025-10-08 10:10:05'),('2025-09-08',670,2,0,2568,'C','1370700006767','2025-10-08 10:10:12'),('2025-09-08',671,2,0,2568,'C','1370700006767','2025-10-08 10:10:12'),('2025-09-08',672,2,0,2568,'C','1370700006767','2025-10-08 10:10:12'),('2025-09-08',673,2,0,2568,'C','1370700006767','2025-10-08 10:10:12'),('2025-09-08',674,2,0,2568,'C','1370700006767','2025-10-08 10:10:12'),('2025-09-08',675,2,0,2568,'C','1370700006767','2025-10-08 10:10:12'),('2025-09-08',676,2,0,2568,'C','1370700006767','2025-10-08 10:10:12'),('2025-09-09',670,2,0,2568,'C','1370700006767','2025-10-08 10:10:16'),('2025-09-09',671,2,0,2568,'C','1370700006767','2025-10-08 10:10:16'),('2025-09-09',672,2,0,2568,'C','1370700006767','2025-10-08 10:10:16'),('2025-09-09',673,2,0,2568,'C','1370700006767','2025-10-08 10:10:16'),('2025-09-09',674,2,0,2568,'C','1370700006767','2025-10-08 10:10:16'),('2025-09-09',675,2,0,2568,'C','1370700006767','2025-10-08 10:10:16'),('2025-09-09',676,2,0,2568,'C','1370700006767','2025-10-08 10:10:16'),('2025-09-10',670,2,0,2568,'C','1370700006767','2025-10-08 10:10:20'),('2025-09-10',671,2,0,2568,'C','1370700006767','2025-10-08 10:10:20'),('2025-09-10',672,2,0,2568,'C','1370700006767','2025-10-08 10:10:20'),('2025-09-10',673,2,0,2568,'C','1370700006767','2025-10-08 10:10:20'),('2025-09-10',674,2,0,2568,'C','1370700006767','2025-10-08 10:10:20'),('2025-09-10',675,2,0,2568,'C','1370700006767','2025-10-08 10:10:20'),('2025-09-10',676,2,0,2568,'C','1370700006767','2025-10-08 10:10:20'),('2025-09-11',670,2,0,2568,'C','1370700006767','2025-10-08 10:10:23'),('2025-09-11',671,2,0,2568,'C','1370700006767','2025-10-08 10:10:23'),('2025-09-11',672,2,0,2568,'C','1370700006767','2025-10-08 10:10:23'),('2025-09-11',673,2,0,2568,'C','1370700006767','2025-10-08 10:10:23'),('2025-09-11',674,2,0,2568,'C','1370700006767','2025-10-08 10:10:23'),('2025-09-11',675,2,0,2568,'C','1370700006767','2025-10-08 10:10:23'),('2025-09-11',676,2,0,2568,'C','1370700006767','2025-10-08 10:10:23'),('2025-09-12',670,2,0,2568,'C','1370700006767','2025-10-08 10:10:34'),('2025-09-12',671,2,0,2568,'C','1370700006767','2025-10-08 10:10:34'),('2025-09-12',672,2,0,2568,'C','1370700006767','2025-10-08 10:10:34'),('2025-09-12',673,2,0,2568,'C','1370700006767','2025-10-08 10:10:34'),('2025-09-12',674,2,0,2568,'C','1370700006767','2025-10-08 10:10:34'),('2025-09-12',675,2,0,2568,'C','1370700006767','2025-10-08 10:10:34'),('2025-09-12',676,2,0,2568,'C','1370700006767','2025-10-08 10:10:34'),('2025-09-15',670,2,0,2568,'C','1370700006767','2025-10-08 10:10:02'),('2025-09-15',671,2,0,2568,'C','1370700006767','2025-10-08 10:10:02'),('2025-09-15',672,2,0,2568,'C','1370700006767','2025-10-08 10:10:02'),('2025-09-15',673,2,0,2568,'C','1370700006767','2025-10-08 10:10:02'),('2025-09-15',674,2,0,2568,'C','1370700006767','2025-10-08 10:10:02'),('2025-09-15',675,2,0,2568,'C','1370700006767','2025-10-08 10:10:02'),('2025-09-15',676,2,0,2568,'C','1370700006767','2025-10-08 10:10:02'),('2025-09-16',670,2,0,2568,'C','1370700006767','2025-10-08 10:10:05'),('2025-09-16',671,2,0,2568,'C','1370700006767','2025-10-08 10:10:05'),('2025-09-16',672,2,0,2568,'C','1370700006767','2025-10-08 10:10:05'),('2025-09-16',673,2,0,2568,'C','1370700006767','2025-10-08 10:10:05'),('2025-09-16',674,2,0,2568,'C','1370700006767','2025-10-08 10:10:05'),('2025-09-16',675,2,0,2568,'C','1370700006767','2025-10-08 10:10:05'),('2025-09-16',676,2,0,2568,'C','1370700006767','2025-10-08 10:10:05'),('2025-09-17',670,2,0,2568,'C','1370700006767','2025-10-08 10:10:08'),('2025-09-17',671,2,0,2568,'C','1370700006767','2025-10-08 10:10:08'),('2025-09-17',672,2,0,2568,'C','1370700006767','2025-10-08 10:10:08'),('2025-09-17',673,2,0,2568,'C','1370700006767','2025-10-08 10:10:08'),('2025-09-17',674,2,0,2568,'C','1370700006767','2025-10-08 10:10:08'),('2025-09-17',675,2,0,2568,'C','1370700006767','2025-10-08 10:10:08'),('2025-09-17',676,2,0,2568,'C','1370700006767','2025-10-08 10:10:08'),('2025-09-18',670,2,0,2568,'C','1370700006767','2025-10-08 10:10:12'),('2025-09-18',671,2,0,2568,'C','1370700006767','2025-10-08 10:10:12'),('2025-09-18',672,2,0,2568,'C','1370700006767','2025-10-08 10:10:12'),('2025-09-18',673,2,0,2568,'C','1370700006767','2025-10-08 10:10:12'),('2025-09-18',674,2,0,2568,'C','1370700006767','2025-10-08 10:10:12'),('2025-09-18',675,2,0,2568,'C','1370700006767','2025-10-08 10:10:12'),('2025-09-18',676,2,0,2568,'C','1370700006767','2025-10-08 10:10:12'),('2025-09-19',670,2,0,2568,'C','1370700006767','2025-10-08 10:10:17'),('2025-09-19',671,2,0,2568,'C','1370700006767','2025-10-08 10:10:17'),('2025-09-19',672,2,0,2568,'C','1370700006767','2025-10-08 10:10:17'),('2025-09-19',673,2,0,2568,'C','1370700006767','2025-10-08 10:10:17'),('2025-09-19',674,2,0,2568,'C','1370700006767','2025-10-08 10:10:17'),('2025-09-19',675,2,0,2568,'C','1370700006767','2025-10-08 10:10:17'),('2025-09-19',676,2,0,2568,'C','1370700006767','2025-10-08 10:10:17'),('2025-09-22',670,2,0,2568,'C','1370700006767','2025-10-08 10:10:31'),('2025-09-22',671,2,0,2568,'C','1370700006767','2025-10-08 10:10:31'),('2025-09-22',672,2,0,2568,'C','1370700006767','2025-10-08 10:10:31'),('2025-09-22',673,2,0,2568,'C','1370700006767','2025-10-08 10:10:31'),('2025-09-22',674,2,0,2568,'C','1370700006767','2025-10-08 10:10:31'),('2025-09-22',675,2,0,2568,'C','1370700006767','2025-10-08 10:10:31'),('2025-09-22',676,2,0,2568,'C','1370700006767','2025-10-08 10:10:31'),('2025-09-23',670,2,0,2568,'C','1370700006767','2025-10-08 10:10:35'),('2025-09-23',671,2,0,2568,'C','1370700006767','2025-10-08 10:10:35'),('2025-09-23',672,2,0,2568,'C','1370700006767','2025-10-08 10:10:35'),('2025-09-23',673,2,0,2568,'C','1370700006767','2025-10-08 10:10:35'),('2025-09-23',674,2,0,2568,'C','1370700006767','2025-10-08 10:10:35'),('2025-09-23',675,2,0,2568,'C','1370700006767','2025-10-08 10:10:35'),('2025-09-23',676,2,0,2568,'C','1370700006767','2025-10-08 10:10:35'),('2025-09-24',670,2,0,2568,'C','1370700006767','2025-10-08 10:10:39'),('2025-09-24',671,2,0,2568,'C','1370700006767','2025-10-08 10:10:39'),('2025-09-24',672,2,0,2568,'C','1370700006767','2025-10-08 10:10:39'),('2025-09-24',673,2,0,2568,'C','1370700006767','2025-10-08 10:10:39'),('2025-09-24',674,2,0,2568,'C','1370700006767','2025-10-08 10:10:39'),('2025-09-24',675,2,0,2568,'C','1370700006767','2025-10-08 10:10:39'),('2025-09-24',676,2,0,2568,'C','1370700006767','2025-10-08 10:10:39'),('2025-09-25',670,2,0,2568,'C','1370700006767','2025-10-08 10:10:42'),('2025-09-25',671,2,0,2568,'C','1370700006767','2025-10-08 10:10:42'),('2025-09-25',672,2,0,2568,'C','1370700006767','2025-10-08 10:10:42'),('2025-09-25',673,2,0,2568,'C','1370700006767','2025-10-08 10:10:42'),('2025-09-25',674,2,0,2568,'C','1370700006767','2025-10-08 10:10:42'),('2025-09-25',675,2,0,2568,'C','1370700006767','2025-10-08 10:10:42'),('2025-09-25',676,2,0,2568,'C','1370700006767','2025-10-08 10:10:42'),('2025-09-26',670,2,0,2568,'C','1370700006767','2025-10-08 10:10:46'),('2025-09-26',671,2,0,2568,'C','1370700006767','2025-10-08 10:10:46'),('2025-09-26',672,2,0,2568,'C','1370700006767','2025-10-08 10:10:46'),('2025-09-26',673,2,0,2568,'C','1370700006767','2025-10-08 10:10:46'),('2025-09-26',674,2,0,2568,'C','1370700006767','2025-10-08 10:10:46'),('2025-09-26',675,2,0,2568,'C','1370700006767','2025-10-08 10:10:46'),('2025-09-26',676,2,0,2568,'C','1370700006767','2025-10-08 10:10:46'),('2025-09-29',670,2,0,2568,'C','1370700006767','2025-10-08 10:10:52'),('2025-09-29',671,2,0,2568,'C','1370700006767','2025-10-08 10:10:52'),('2025-09-29',672,2,0,2568,'C','1370700006767','2025-10-08 10:10:52'),('2025-09-29',673,2,0,2568,'C','1370700006767','2025-10-08 10:10:52'),('2025-09-29',674,2,0,2568,'C','1370700006767','2025-10-08 10:10:52'),('2025-09-29',675,2,0,2568,'C','1370700006767','2025-10-08 10:10:52'),('2025-09-29',676,2,0,2568,'C','1370700006767','2025-10-08 10:10:52'),('2025-09-30',670,2,0,2568,'C','1370700006767','2025-10-08 10:10:56'),('2025-09-30',671,2,0,2568,'C','1370700006767','2025-10-08 10:10:56'),('2025-09-30',672,2,0,2568,'C','1370700006767','2025-10-08 10:10:56'),('2025-09-30',673,2,0,2568,'C','1370700006767','2025-10-08 10:10:56'),('2025-09-30',674,2,0,2568,'C','1370700006767','2025-10-08 10:10:56'),('2025-09-30',675,2,0,2568,'C','1370700006767','2025-10-08 10:10:56'),('2025-09-30',676,2,0,2568,'C','1370700006767','2025-10-08 10:10:56'),('2025-10-01',670,2,0,2568,'C','1370700006767','2025-10-08 10:10:06'),('2025-10-01',671,2,0,2568,'C','1370700006767','2025-10-08 10:10:06'),('2025-10-01',672,2,0,2568,'C','1370700006767','2025-10-08 10:10:06'),('2025-10-01',673,2,0,2568,'C','1370700006767','2025-10-08 10:10:06'),('2025-10-01',674,2,0,2568,'C','1370700006767','2025-10-08 10:10:06'),('2025-10-01',675,2,0,2568,'C','1370700006767','2025-10-08 10:10:06'),('2025-10-01',676,2,0,2568,'C','1370700006767','2025-10-08 10:10:06'),('2025-10-02',670,2,0,2568,'C','1370700006767','2025-10-08 10:10:10'),('2025-10-02',671,2,0,2568,'C','1370700006767','2025-10-08 10:10:10'),('2025-10-02',672,2,0,2568,'C','1370700006767','2025-10-08 10:10:10'),('2025-10-02',673,2,0,2568,'C','1370700006767','2025-10-08 10:10:10'),('2025-10-02',674,2,0,2568,'C','1370700006767','2025-10-08 10:10:10'),('2025-10-02',675,2,0,2568,'C','1370700006767','2025-10-08 10:10:10'),('2025-10-02',676,2,0,2568,'C','1370700006767','2025-10-08 10:10:10'),('2025-10-03',670,2,0,2568,'C','1370700006767','2025-10-08 10:10:14'),('2025-10-03',671,2,0,2568,'C','1370700006767','2025-10-08 10:10:14'),('2025-10-03',672,2,0,2568,'C','1370700006767','2025-10-08 10:10:14'),('2025-10-03',673,2,0,2568,'C','1370700006767','2025-10-08 10:10:14'),('2025-10-03',674,2,0,2568,'C','1370700006767','2025-10-08 10:10:14'),('2025-10-03',675,2,0,2568,'C','1370700006767','2025-10-08 10:10:14'),('2025-10-03',676,2,0,2568,'C','1370700006767','2025-10-08 10:10:14'),('2025-10-07',670,2,0,2568,'C','1370700006767','2025-10-08 10:10:23'),('2025-10-07',671,2,0,2568,'C','1370700006767','2025-10-08 10:10:23'),('2025-10-07',672,2,0,2568,'C','1370700006767','2025-10-08 10:10:23'),('2025-10-07',673,2,0,2568,'C','1370700006767','2025-10-08 10:10:23'),('2025-10-07',674,2,0,2568,'C','1370700006767','2025-10-08 10:10:23'),('2025-10-07',675,2,0,2568,'C','1370700006767','2025-10-08 10:10:23'),('2025-10-07',676,2,0,2568,'C','1370700006767','2025-10-08 10:10:23'),('2025-05-16',665,3,0,2568,'C','1370700006767','2025-10-08 10:10:59'),('2025-05-16',666,3,0,2568,'C','1370700006767','2025-10-08 10:10:59'),('2025-05-16',667,3,0,2568,'C','1370700006767','2025-10-08 10:10:59'),('2025-05-16',668,3,0,2568,'C','1370700006767','2025-10-08 10:10:59'),('2025-05-16',669,3,0,2568,'C','1370700006767','2025-10-08 10:10:59'),('2025-05-19',665,3,0,2568,'C','1370700006767','2025-10-08 10:10:06'),('2025-05-19',666,3,0,2568,'C','1370700006767','2025-10-08 10:10:06'),('2025-05-19',667,3,0,2568,'C','1370700006767','2025-10-08 10:10:06'),('2025-05-19',668,3,0,2568,'C','1370700006767','2025-10-08 10:10:06'),('2025-05-19',669,3,0,2568,'C','1370700006767','2025-10-08 10:10:06'),('2025-05-20',665,3,0,2568,'C','1370700006767','2025-10-08 10:10:09'),('2025-05-20',666,3,0,2568,'C','1370700006767','2025-10-08 10:10:09'),('2025-05-20',667,3,0,2568,'C','1370700006767','2025-10-08 10:10:09'),('2025-05-20',668,3,0,2568,'C','1370700006767','2025-10-08 10:10:09'),('2025-05-20',669,3,0,2568,'C','1370700006767','2025-10-08 10:10:09'),('2025-05-21',665,3,0,2568,'C','1370700006767','2025-10-08 10:10:14'),('2025-05-21',666,3,0,2568,'C','1370700006767','2025-10-08 10:10:14'),('2025-05-21',667,3,0,2568,'C','1370700006767','2025-10-08 10:10:14'),('2025-05-21',668,3,0,2568,'C','1370700006767','2025-10-08 10:10:14'),('2025-05-21',669,3,0,2568,'C','1370700006767','2025-10-08 10:10:14'),('2025-05-22',665,3,0,2568,'C','1370700006767','2025-10-08 10:10:17'),('2025-05-22',666,3,0,2568,'C','1370700006767','2025-10-08 10:10:17'),('2025-05-22',667,3,0,2568,'C','1370700006767','2025-10-08 10:10:17'),('2025-05-22',668,3,0,2568,'C','1370700006767','2025-10-08 10:10:17'),('2025-05-22',669,3,0,2568,'C','1370700006767','2025-10-08 10:10:17'),('2025-05-23',665,3,0,2568,'C','1370700006767','2025-10-08 10:10:21'),('2025-05-23',666,3,0,2568,'C','1370700006767','2025-10-08 10:10:21'),('2025-05-23',667,3,0,2568,'C','1370700006767','2025-10-08 10:10:21'),('2025-05-23',668,3,0,2568,'C','1370700006767','2025-10-08 10:10:21'),('2025-05-23',669,3,0,2568,'C','1370700006767','2025-10-08 10:10:21'),('2025-05-26',665,3,0,2568,'C','1370700006767','2025-10-08 10:10:29'),('2025-05-26',666,3,0,2568,'C','1370700006767','2025-10-08 10:10:29'),('2025-05-26',667,3,0,2568,'C','1370700006767','2025-10-08 10:10:29'),('2025-05-26',668,3,0,2568,'C','1370700006767','2025-10-08 10:10:29'),('2025-05-26',669,3,0,2568,'C','1370700006767','2025-10-08 10:10:29'),('2025-05-27',665,3,0,2568,'C','1370700006767','2025-10-08 10:10:33'),('2025-05-27',666,3,0,2568,'C','1370700006767','2025-10-08 10:10:33'),('2025-05-27',667,3,0,2568,'C','1370700006767','2025-10-08 10:10:33'),('2025-05-27',668,3,0,2568,'C','1370700006767','2025-10-08 10:10:33'),('2025-05-27',669,3,0,2568,'C','1370700006767','2025-10-08 10:10:33'),('2025-05-28',665,3,0,2568,'C','1370700006767','2025-10-08 10:10:36'),('2025-05-28',666,3,0,2568,'C','1370700006767','2025-10-08 10:10:36'),('2025-05-28',667,3,0,2568,'C','1370700006767','2025-10-08 10:10:36'),('2025-05-28',668,3,0,2568,'C','1370700006767','2025-10-08 10:10:36'),('2025-05-28',669,3,0,2568,'C','1370700006767','2025-10-08 10:10:36'),('2025-05-29',665,3,0,2568,'C','1370700006767','2025-10-08 10:10:41'),('2025-05-29',666,3,0,2568,'C','1370700006767','2025-10-08 10:10:41'),('2025-05-29',667,3,0,2568,'C','1370700006767','2025-10-08 10:10:41'),('2025-05-29',668,3,0,2568,'C','1370700006767','2025-10-08 10:10:41'),('2025-05-29',669,3,0,2568,'C','1370700006767','2025-10-08 10:10:41'),('2025-05-30',665,3,0,2568,'C','1370700006767','2025-10-08 10:10:48'),('2025-05-30',666,3,0,2568,'C','1370700006767','2025-10-08 10:10:48'),('2025-05-30',667,3,0,2568,'C','1370700006767','2025-10-08 10:10:48'),('2025-05-30',668,3,0,2568,'C','1370700006767','2025-10-08 10:10:48'),('2025-05-30',669,3,0,2568,'C','1370700006767','2025-10-08 10:10:48'),('2025-06-04',665,3,0,2568,'C','1370700006767','2025-10-08 10:10:57'),('2025-06-04',666,3,0,2568,'C','1370700006767','2025-10-08 10:10:57'),('2025-06-04',667,3,0,2568,'C','1370700006767','2025-10-08 10:10:57'),('2025-06-04',668,3,0,2568,'C','1370700006767','2025-10-08 10:10:57'),('2025-06-04',669,3,0,2568,'C','1370700006767','2025-10-08 10:10:57'),('2025-06-05',665,3,0,2568,'C','1370700006767','2025-10-08 10:10:01'),('2025-06-05',666,3,0,2568,'C','1370700006767','2025-10-08 10:10:01'),('2025-06-05',667,3,0,2568,'C','1370700006767','2025-10-08 10:10:01'),('2025-06-05',668,3,0,2568,'C','1370700006767','2025-10-08 10:10:01'),('2025-06-05',669,3,0,2568,'C','1370700006767','2025-10-08 10:10:01'),('2025-06-06',665,3,0,2568,'C','1370700006767','2025-10-08 10:10:04'),('2025-06-06',666,3,0,2568,'C','1370700006767','2025-10-08 10:10:04'),('2025-06-06',667,3,0,2568,'C','1370700006767','2025-10-08 10:10:04'),('2025-06-06',668,3,0,2568,'C','1370700006767','2025-10-08 10:10:04'),('2025-06-06',669,3,0,2568,'C','1370700006767','2025-10-08 10:10:04'),('2025-06-09',665,3,0,2568,'C','1370700006767','2025-10-08 10:10:09'),('2025-06-09',666,3,0,2568,'C','1370700006767','2025-10-08 10:10:09'),('2025-06-09',667,3,0,2568,'C','1370700006767','2025-10-08 10:10:09'),('2025-06-09',668,3,0,2568,'C','1370700006767','2025-10-08 10:10:09'),('2025-06-09',669,3,0,2568,'C','1370700006767','2025-10-08 10:10:09'),('2025-06-10',665,3,0,2568,'C','1370700006767','2025-10-08 10:10:13'),('2025-06-10',666,3,0,2568,'C','1370700006767','2025-10-08 10:10:13'),('2025-06-10',667,3,0,2568,'C','1370700006767','2025-10-08 10:10:13'),('2025-06-10',668,3,0,2568,'C','1370700006767','2025-10-08 10:10:13'),('2025-06-10',669,3,0,2568,'C','1370700006767','2025-10-08 10:10:13'),('2025-06-11',665,3,0,2568,'C','1370700006767','2025-10-08 10:10:16'),('2025-06-11',666,3,0,2568,'C','1370700006767','2025-10-08 10:10:16'),('2025-06-11',667,3,0,2568,'C','1370700006767','2025-10-08 10:10:16'),('2025-06-11',668,3,0,2568,'C','1370700006767','2025-10-08 10:10:16'),('2025-06-11',669,3,0,2568,'C','1370700006767','2025-10-08 10:10:16'),('2025-06-12',665,3,0,2568,'C','1370700006767','2025-10-08 10:10:20'),('2025-06-12',666,3,0,2568,'C','1370700006767','2025-10-08 10:10:20'),('2025-06-12',667,3,0,2568,'C','1370700006767','2025-10-08 10:10:20'),('2025-06-12',668,3,0,2568,'C','1370700006767','2025-10-08 10:10:20'),('2025-06-12',669,3,0,2568,'C','1370700006767','2025-10-08 10:10:20'),('2025-06-13',665,3,0,2568,'C','1370700006767','2025-10-08 10:10:34'),('2025-06-13',666,3,0,2568,'C','1370700006767','2025-10-08 10:10:34'),('2025-06-13',667,3,0,2568,'C','1370700006767','2025-10-08 10:10:34'),('2025-06-13',668,3,0,2568,'C','1370700006767','2025-10-08 10:10:34'),('2025-06-13',669,3,0,2568,'C','1370700006767','2025-10-08 10:10:34'),('2025-06-16',665,3,0,2568,'C','1370700006767','2025-10-08 10:10:38'),('2025-06-16',666,3,0,2568,'C','1370700006767','2025-10-08 10:10:38'),('2025-06-16',667,3,0,2568,'C','1370700006767','2025-10-08 10:10:38'),('2025-06-16',668,3,0,2568,'C','1370700006767','2025-10-08 10:10:38'),('2025-06-16',669,3,0,2568,'C','1370700006767','2025-10-08 10:10:38'),('2025-06-17',665,3,0,2568,'C','1370700006767','2025-10-08 10:10:43'),('2025-06-17',666,3,0,2568,'C','1370700006767','2025-10-08 10:10:43'),('2025-06-17',667,3,0,2568,'C','1370700006767','2025-10-08 10:10:43'),('2025-06-17',668,3,0,2568,'C','1370700006767','2025-10-08 10:10:43'),('2025-06-17',669,3,0,2568,'C','1370700006767','2025-10-08 10:10:43'),('2025-06-18',665,3,0,2568,'C','1370700006767','2025-10-08 10:10:46'),('2025-06-18',666,3,0,2568,'C','1370700006767','2025-10-08 10:10:46'),('2025-06-18',667,3,0,2568,'C','1370700006767','2025-10-08 10:10:46'),('2025-06-18',668,3,0,2568,'C','1370700006767','2025-10-08 10:10:46'),('2025-06-18',669,3,0,2568,'C','1370700006767','2025-10-08 10:10:46'),('2025-06-19',665,3,0,2568,'C','1370700006767','2025-10-08 10:10:50'),('2025-06-19',666,3,0,2568,'C','1370700006767','2025-10-08 10:10:50'),('2025-06-19',667,3,0,2568,'C','1370700006767','2025-10-08 10:10:50'),('2025-06-19',668,3,0,2568,'C','1370700006767','2025-10-08 10:10:50'),('2025-06-19',669,3,0,2568,'C','1370700006767','2025-10-08 10:10:50'),('2025-06-20',665,3,0,2568,'C','1370700006767','2025-10-08 10:10:54'),('2025-06-20',666,3,0,2568,'C','1370700006767','2025-10-08 10:10:54'),('2025-06-20',667,3,0,2568,'C','1370700006767','2025-10-08 10:10:54'),('2025-06-20',668,3,0,2568,'C','1370700006767','2025-10-08 10:10:54'),('2025-06-20',669,3,0,2568,'C','1370700006767','2025-10-08 10:10:54'),('2025-06-23',665,3,0,2568,'C','1370700006767','2025-10-08 10:10:00'),('2025-06-23',666,3,0,2568,'C','1370700006767','2025-10-08 10:10:00'),('2025-06-23',667,3,0,2568,'C','1370700006767','2025-10-08 10:10:00'),('2025-06-23',668,3,0,2568,'C','1370700006767','2025-10-08 10:10:00'),('2025-06-23',669,3,0,2568,'C','1370700006767','2025-10-08 10:10:00'),('2025-06-24',665,3,0,2568,'C','1370700006767','2025-10-08 10:10:03'),('2025-06-24',666,3,0,2568,'C','1370700006767','2025-10-08 10:10:03'),('2025-06-24',667,3,0,2568,'C','1370700006767','2025-10-08 10:10:03'),('2025-06-24',668,3,0,2568,'C','1370700006767','2025-10-08 10:10:03'),('2025-06-24',669,3,0,2568,'C','1370700006767','2025-10-08 10:10:03'),('2025-06-25',665,3,0,2568,'C','1370700006767','2025-10-08 10:10:13'),('2025-06-25',666,3,0,2568,'C','1370700006767','2025-10-08 10:10:13'),('2025-06-25',667,3,0,2568,'C','1370700006767','2025-10-08 10:10:13'),('2025-06-25',668,3,0,2568,'C','1370700006767','2025-10-08 10:10:13'),('2025-06-25',669,3,0,2568,'C','1370700006767','2025-10-08 10:10:13'),('2025-06-26',665,3,0,2568,'C','1370700006767','2025-10-08 10:10:18'),('2025-06-26',666,3,0,2568,'C','1370700006767','2025-10-08 10:10:18'),('2025-06-26',667,3,0,2568,'C','1370700006767','2025-10-08 10:10:18'),('2025-06-26',668,3,0,2568,'C','1370700006767','2025-10-08 10:10:18'),('2025-06-26',669,3,0,2568,'C','1370700006767','2025-10-08 10:10:18'),('2025-06-27',665,3,0,2568,'C','1370700006767','2025-10-08 10:10:21'),('2025-06-27',666,3,0,2568,'C','1370700006767','2025-10-08 10:10:21'),('2025-06-27',667,3,0,2568,'C','1370700006767','2025-10-08 10:10:21'),('2025-06-27',668,3,0,2568,'C','1370700006767','2025-10-08 10:10:21'),('2025-06-27',669,3,0,2568,'C','1370700006767','2025-10-08 10:10:21'),('2025-06-30',665,3,0,2568,'C','1370700006767','2025-10-08 10:10:28'),('2025-06-30',666,3,0,2568,'C','1370700006767','2025-10-08 10:10:28'),('2025-06-30',667,3,0,2568,'C','1370700006767','2025-10-08 10:10:28'),('2025-06-30',668,3,0,2568,'C','1370700006767','2025-10-08 10:10:28'),('2025-06-30',669,3,0,2568,'C','1370700006767','2025-10-08 10:10:28'),('2025-07-01',665,3,0,2568,'C','1370700006767','2025-10-08 10:10:39'),('2025-07-01',666,3,0,2568,'C','1370700006767','2025-10-08 10:10:39'),('2025-07-01',667,3,0,2568,'C','1370700006767','2025-10-08 10:10:39'),('2025-07-01',668,3,0,2568,'C','1370700006767','2025-10-08 10:10:39'),('2025-07-01',669,3,0,2568,'C','1370700006767','2025-10-08 10:10:39'),('2025-07-02',665,3,0,2568,'C','1370700006767','2025-10-08 10:10:43'),('2025-07-02',666,3,0,2568,'C','1370700006767','2025-10-08 10:10:43'),('2025-07-02',667,3,0,2568,'C','1370700006767','2025-10-08 10:10:43'),('2025-07-02',668,3,0,2568,'C','1370700006767','2025-10-08 10:10:43'),('2025-07-02',669,3,0,2568,'C','1370700006767','2025-10-08 10:10:43'),('2025-07-03',665,3,0,2568,'C','1370700006767','2025-10-08 10:10:47'),('2025-07-03',666,3,0,2568,'C','1370700006767','2025-10-08 10:10:47'),('2025-07-03',667,3,0,2568,'C','1370700006767','2025-10-08 10:10:47'),('2025-07-03',668,3,0,2568,'C','1370700006767','2025-10-08 10:10:47'),('2025-07-03',669,3,0,2568,'C','1370700006767','2025-10-08 10:10:47'),('2025-07-04',665,3,0,2568,'C','1370700006767','2025-10-08 10:10:51'),('2025-07-04',666,3,0,2568,'C','1370700006767','2025-10-08 10:10:51'),('2025-07-04',667,3,0,2568,'C','1370700006767','2025-10-08 10:10:51'),('2025-07-04',668,3,0,2568,'C','1370700006767','2025-10-08 10:10:51'),('2025-07-04',669,3,0,2568,'C','1370700006767','2025-10-08 10:10:51'),('2025-07-07',665,3,0,2568,'C','1370700006767','2025-10-08 10:10:58'),('2025-07-07',666,3,0,2568,'C','1370700006767','2025-10-08 10:10:58'),('2025-07-07',667,3,0,2568,'C','1370700006767','2025-10-08 10:10:58'),('2025-07-07',668,3,0,2568,'C','1370700006767','2025-10-08 10:10:58'),('2025-07-07',669,3,0,2568,'C','1370700006767','2025-10-08 10:10:58'),('2025-07-08',665,3,0,2568,'C','1370700006767','2025-10-08 10:10:02'),('2025-07-08',666,3,0,2568,'C','1370700006767','2025-10-08 10:10:02'),('2025-07-08',667,3,0,2568,'C','1370700006767','2025-10-08 10:10:02'),('2025-07-08',668,3,0,2568,'C','1370700006767','2025-10-08 10:10:02'),('2025-07-08',669,3,0,2568,'C','1370700006767','2025-10-08 10:10:02'),('2025-07-09',665,3,0,2568,'C','1370700006767','2025-10-08 10:10:08'),('2025-07-09',666,3,0,2568,'C','1370700006767','2025-10-08 10:10:08'),('2025-07-09',667,3,0,2568,'C','1370700006767','2025-10-08 10:10:08'),('2025-07-09',668,3,0,2568,'C','1370700006767','2025-10-08 10:10:08'),('2025-07-09',669,3,0,2568,'C','1370700006767','2025-10-08 10:10:08'),('2025-07-14',665,3,0,2568,'C','1370700006767','2025-10-08 10:10:14'),('2025-07-14',666,3,0,2568,'C','1370700006767','2025-10-08 10:10:14'),('2025-07-14',667,3,0,2568,'C','1370700006767','2025-10-08 10:10:14'),('2025-07-14',668,3,0,2568,'C','1370700006767','2025-10-08 10:10:14'),('2025-07-14',669,3,0,2568,'C','1370700006767','2025-10-08 10:10:14'),('2025-07-15',665,3,0,2568,'C','1370700006767','2025-10-08 10:10:18'),('2025-07-15',666,3,0,2568,'C','1370700006767','2025-10-08 10:10:18'),('2025-07-15',667,3,0,2568,'C','1370700006767','2025-10-08 10:10:18'),('2025-07-15',668,3,0,2568,'C','1370700006767','2025-10-08 10:10:18'),('2025-07-15',669,3,0,2568,'C','1370700006767','2025-10-08 10:10:18'),('2025-07-16',665,3,0,2568,'C','1370700006767','2025-10-08 10:10:22'),('2025-07-16',666,3,0,2568,'C','1370700006767','2025-10-08 10:10:22'),('2025-07-16',667,3,0,2568,'C','1370700006767','2025-10-08 10:10:22'),('2025-07-16',668,3,0,2568,'C','1370700006767','2025-10-08 10:10:22'),('2025-07-16',669,3,0,2568,'C','1370700006767','2025-10-08 10:10:22'),('2025-07-17',665,3,0,2568,'C','1370700006767','2025-10-08 10:10:25'),('2025-07-17',666,3,0,2568,'C','1370700006767','2025-10-08 10:10:25'),('2025-07-17',667,3,0,2568,'C','1370700006767','2025-10-08 10:10:25'),('2025-07-17',668,3,0,2568,'C','1370700006767','2025-10-08 10:10:25'),('2025-07-17',669,3,0,2568,'C','1370700006767','2025-10-08 10:10:25'),('2025-07-18',665,3,0,2568,'C','1370700006767','2025-10-08 10:10:35'),('2025-07-18',666,3,0,2568,'C','1370700006767','2025-10-08 10:10:35'),('2025-07-18',667,3,0,2568,'C','1370700006767','2025-10-08 10:10:35'),('2025-07-18',668,3,0,2568,'C','1370700006767','2025-10-08 10:10:35'),('2025-07-18',669,3,0,2568,'C','1370700006767','2025-10-08 10:10:35'),('2025-07-21',665,3,0,2568,'C','1370700006767','2025-10-08 10:10:00'),('2025-07-21',666,3,0,2568,'C','1370700006767','2025-10-08 10:10:00'),('2025-07-21',667,3,0,2568,'C','1370700006767','2025-10-08 10:10:00'),('2025-07-21',668,3,0,2568,'C','1370700006767','2025-10-08 10:10:00'),('2025-07-21',669,3,0,2568,'C','1370700006767','2025-10-08 10:10:00'),('2025-07-22',665,3,0,2568,'C','1370700006767','2025-10-08 10:10:03'),('2025-07-22',666,3,0,2568,'C','1370700006767','2025-10-08 10:10:03'),('2025-07-22',667,3,0,2568,'C','1370700006767','2025-10-08 10:10:03'),('2025-07-22',668,3,0,2568,'C','1370700006767','2025-10-08 10:10:03'),('2025-07-22',669,3,0,2568,'C','1370700006767','2025-10-08 10:10:03'),('2025-07-23',665,3,0,2568,'C','1370700006767','2025-10-08 10:10:35'),('2025-07-23',666,3,0,2568,'C','1370700006767','2025-10-08 10:10:35'),('2025-07-23',667,3,0,2568,'C','1370700006767','2025-10-08 10:10:35'),('2025-07-23',668,3,0,2568,'C','1370700006767','2025-10-08 10:10:35'),('2025-07-23',669,3,0,2568,'C','1370700006767','2025-10-08 10:10:35'),('2025-07-24',665,3,0,2568,'C','1370700006767','2025-10-08 10:10:40'),('2025-07-24',666,3,0,2568,'C','1370700006767','2025-10-08 10:10:40'),('2025-07-24',667,3,0,2568,'C','1370700006767','2025-10-08 10:10:40'),('2025-07-24',668,3,0,2568,'C','1370700006767','2025-10-08 10:10:40'),('2025-07-24',669,3,0,2568,'C','1370700006767','2025-10-08 10:10:40'),('2025-07-25',665,3,0,2568,'C','1370700006767','2025-10-08 10:10:44'),('2025-07-25',666,3,0,2568,'C','1370700006767','2025-10-08 10:10:44'),('2025-07-25',667,3,0,2568,'C','1370700006767','2025-10-08 10:10:44'),('2025-07-25',668,3,0,2568,'C','1370700006767','2025-10-08 10:10:44'),('2025-07-25',669,3,0,2568,'C','1370700006767','2025-10-08 10:10:44'),('2025-07-29',665,3,0,2568,'C','1370700006767','2025-10-08 10:10:50'),('2025-07-29',666,3,0,2568,'C','1370700006767','2025-10-08 10:10:50'),('2025-07-29',667,3,0,2568,'C','1370700006767','2025-10-08 10:10:50'),('2025-07-29',668,3,0,2568,'C','1370700006767','2025-10-08 10:10:50'),('2025-07-29',669,3,0,2568,'C','1370700006767','2025-10-08 10:10:50'),('2025-07-30',665,3,0,2568,'C','1370700006767','2025-10-08 10:10:54'),('2025-07-30',666,3,0,2568,'C','1370700006767','2025-10-08 10:10:54'),('2025-07-30',667,3,0,2568,'C','1370700006767','2025-10-08 10:10:54'),('2025-07-30',668,3,0,2568,'C','1370700006767','2025-10-08 10:10:54'),('2025-07-30',669,3,0,2568,'C','1370700006767','2025-10-08 10:10:54'),('2025-07-31',665,3,0,2568,'C','1370700006767','2025-10-08 10:10:58'),('2025-07-31',666,3,0,2568,'C','1370700006767','2025-10-08 10:10:58'),('2025-07-31',667,3,0,2568,'C','1370700006767','2025-10-08 10:10:58'),('2025-07-31',668,3,0,2568,'C','1370700006767','2025-10-08 10:10:58'),('2025-07-31',669,3,0,2568,'C','1370700006767','2025-10-08 10:10:58'),('2025-08-01',665,3,0,2568,'C','1370700006767','2025-10-08 10:10:18'),('2025-08-01',666,3,0,2568,'C','1370700006767','2025-10-08 10:10:18'),('2025-08-01',667,3,0,2568,'C','1370700006767','2025-10-08 10:10:18'),('2025-08-01',668,3,0,2568,'C','1370700006767','2025-10-08 10:10:18'),('2025-08-01',669,3,0,2568,'C','1370700006767','2025-10-08 10:10:18'),('2025-08-04',665,3,0,2568,'C','1370700006767','2025-10-08 10:10:26'),('2025-08-04',666,3,0,2568,'C','1370700006767','2025-10-08 10:10:26'),('2025-08-04',667,3,0,2568,'C','1370700006767','2025-10-08 10:10:26'),('2025-08-04',668,3,0,2568,'C','1370700006767','2025-10-08 10:10:26'),('2025-08-04',669,3,0,2568,'C','1370700006767','2025-10-08 10:10:26'),('2025-08-05',665,3,0,2568,'C','1370700006767','2025-10-08 10:10:30'),('2025-08-05',666,3,0,2568,'C','1370700006767','2025-10-08 10:10:30'),('2025-08-05',667,3,0,2568,'C','1370700006767','2025-10-08 10:10:30'),('2025-08-05',668,3,0,2568,'C','1370700006767','2025-10-08 10:10:30'),('2025-08-05',669,3,0,2568,'C','1370700006767','2025-10-08 10:10:30'),('2025-08-06',665,3,0,2568,'C','1370700006767','2025-10-08 10:10:34'),('2025-08-06',666,3,0,2568,'C','1370700006767','2025-10-08 10:10:34'),('2025-08-06',667,3,0,2568,'C','1370700006767','2025-10-08 10:10:34'),('2025-08-06',668,3,0,2568,'C','1370700006767','2025-10-08 10:10:34'),('2025-08-06',669,3,0,2568,'C','1370700006767','2025-10-08 10:10:34'),('2025-08-07',665,3,0,2568,'C','1370700006767','2025-10-08 10:10:38'),('2025-08-07',666,3,0,2568,'C','1370700006767','2025-10-08 10:10:38'),('2025-08-07',667,3,0,2568,'C','1370700006767','2025-10-08 10:10:38'),('2025-08-07',668,3,0,2568,'C','1370700006767','2025-10-08 10:10:38'),('2025-08-07',669,3,0,2568,'C','1370700006767','2025-10-08 10:10:38'),('2025-08-08',665,3,0,2568,'C','1370700006767','2025-10-08 10:10:41'),('2025-08-08',666,3,0,2568,'C','1370700006767','2025-10-08 10:10:41'),('2025-08-08',667,3,0,2568,'C','1370700006767','2025-10-08 10:10:41'),('2025-08-08',668,3,0,2568,'C','1370700006767','2025-10-08 10:10:41'),('2025-08-08',669,3,0,2568,'C','1370700006767','2025-10-08 10:10:41'),('2025-08-13',665,3,0,2568,'C','1370700006767','2025-10-08 10:10:47'),('2025-08-13',666,3,0,2568,'C','1370700006767','2025-10-08 10:10:47'),('2025-08-13',667,3,0,2568,'C','1370700006767','2025-10-08 10:10:47'),('2025-08-13',668,3,0,2568,'C','1370700006767','2025-10-08 10:10:47'),('2025-08-13',669,3,0,2568,'C','1370700006767','2025-10-08 10:10:47'),('2025-08-14',665,3,0,2568,'C','1370700006767','2025-10-08 10:10:51'),('2025-08-14',666,3,0,2568,'C','1370700006767','2025-10-08 10:10:51'),('2025-08-14',667,3,0,2568,'C','1370700006767','2025-10-08 10:10:51'),('2025-08-14',668,3,0,2568,'C','1370700006767','2025-10-08 10:10:51'),('2025-08-14',669,3,0,2568,'C','1370700006767','2025-10-08 10:10:51'),('2025-08-15',665,3,0,2568,'C','1370700006767','2025-10-08 10:10:55'),('2025-08-15',666,3,0,2568,'C','1370700006767','2025-10-08 10:10:55'),('2025-08-15',667,3,0,2568,'C','1370700006767','2025-10-08 10:10:55'),('2025-08-15',668,3,0,2568,'C','1370700006767','2025-10-08 10:10:55'),('2025-08-15',669,3,0,2568,'C','1370700006767','2025-10-08 10:10:55'),('2025-08-18',665,3,0,2568,'C','1370700006767','2025-10-08 10:10:03'),('2025-08-18',666,3,0,2568,'C','1370700006767','2025-10-08 10:10:03'),('2025-08-18',667,3,0,2568,'C','1370700006767','2025-10-08 10:10:03'),('2025-08-18',668,3,0,2568,'C','1370700006767','2025-10-08 10:10:03'),('2025-08-18',669,3,0,2568,'C','1370700006767','2025-10-08 10:10:03'),('2025-08-19',665,3,0,2568,'C','1370700006767','2025-10-08 10:10:07'),('2025-08-19',666,3,0,2568,'C','1370700006767','2025-10-08 10:10:07'),('2025-08-19',667,3,0,2568,'C','1370700006767','2025-10-08 10:10:07'),('2025-08-19',668,3,0,2568,'C','1370700006767','2025-10-08 10:10:07'),('2025-08-19',669,3,0,2568,'C','1370700006767','2025-10-08 10:10:07'),('2025-08-20',665,3,0,2568,'C','1370700006767','2025-10-08 10:10:13'),('2025-08-20',666,3,0,2568,'C','1370700006767','2025-10-08 10:10:13'),('2025-08-20',667,3,0,2568,'C','1370700006767','2025-10-08 10:10:13'),('2025-08-20',668,3,0,2568,'C','1370700006767','2025-10-08 10:10:13'),('2025-08-20',669,3,0,2568,'C','1370700006767','2025-10-08 10:10:13'),('2025-08-21',665,3,0,2568,'C','1370700006767','2025-10-08 10:10:17'),('2025-08-21',666,3,0,2568,'C','1370700006767','2025-10-08 10:10:17'),('2025-08-21',667,3,0,2568,'C','1370700006767','2025-10-08 10:10:17'),('2025-08-21',668,3,0,2568,'C','1370700006767','2025-10-08 10:10:17'),('2025-08-21',669,3,0,2568,'C','1370700006767','2025-10-08 10:10:17'),('2025-08-22',665,3,0,2568,'C','1370700006767','2025-10-08 10:10:20'),('2025-08-22',666,3,0,2568,'C','1370700006767','2025-10-08 10:10:20'),('2025-08-22',667,3,0,2568,'C','1370700006767','2025-10-08 10:10:20'),('2025-08-22',668,3,0,2568,'C','1370700006767','2025-10-08 10:10:20'),('2025-08-22',669,3,0,2568,'C','1370700006767','2025-10-08 10:10:20'),('2025-08-25',665,3,0,2568,'C','1370700006767','2025-10-08 10:10:25'),('2025-08-25',666,3,0,2568,'C','1370700006767','2025-10-08 10:10:25'),('2025-08-25',667,3,0,2568,'C','1370700006767','2025-10-08 10:10:25'),('2025-08-25',668,3,0,2568,'C','1370700006767','2025-10-08 10:10:25'),('2025-08-25',669,3,0,2568,'C','1370700006767','2025-10-08 10:10:25'),('2025-08-26',665,3,0,2568,'C','1370700006767','2025-10-08 10:10:29'),('2025-08-26',666,3,0,2568,'C','1370700006767','2025-10-08 10:10:29'),('2025-08-26',667,3,0,2568,'C','1370700006767','2025-10-08 10:10:29'),('2025-08-26',668,3,0,2568,'C','1370700006767','2025-10-08 10:10:29'),('2025-08-26',669,3,0,2568,'C','1370700006767','2025-10-08 10:10:29'),('2025-08-27',665,3,0,2568,'C','1370700006767','2025-10-08 10:10:36'),('2025-08-27',666,3,0,2568,'C','1370700006767','2025-10-08 10:10:36'),('2025-08-27',667,3,0,2568,'C','1370700006767','2025-10-08 10:10:36'),('2025-08-27',668,3,0,2568,'C','1370700006767','2025-10-08 10:10:36'),('2025-08-27',669,3,0,2568,'C','1370700006767','2025-10-08 10:10:36'),('2025-08-28',665,3,0,2568,'C','1370700006767','2025-10-08 10:10:41'),('2025-08-28',666,3,0,2568,'C','1370700006767','2025-10-08 10:10:41'),('2025-08-28',667,3,0,2568,'C','1370700006767','2025-10-08 10:10:41'),('2025-08-28',668,3,0,2568,'C','1370700006767','2025-10-08 10:10:41'),('2025-08-28',669,3,0,2568,'C','1370700006767','2025-10-08 10:10:41'),('2025-08-29',665,3,0,2568,'C','1370700006767','2025-10-08 10:10:51'),('2025-08-29',666,3,0,2568,'C','1370700006767','2025-10-08 10:10:51'),('2025-08-29',667,3,0,2568,'C','1370700006767','2025-10-08 10:10:51'),('2025-08-29',668,3,0,2568,'C','1370700006767','2025-10-08 10:10:51'),('2025-08-29',669,3,0,2568,'C','1370700006767','2025-10-08 10:10:51'),('2025-09-01',665,3,0,2568,'C','1370700006767','2025-10-08 10:10:27'),('2025-09-01',666,3,0,2568,'C','1370700006767','2025-10-08 10:10:27'),('2025-09-01',667,3,0,2568,'C','1370700006767','2025-10-08 10:10:27'),('2025-09-01',668,3,0,2568,'C','1370700006767','2025-10-08 10:10:27'),('2025-09-01',669,3,0,2568,'C','1370700006767','2025-10-08 10:10:27'),('2025-09-02',665,3,0,2568,'C','1370700006767','2025-10-08 10:10:31'),('2025-09-02',666,3,0,2568,'C','1370700006767','2025-10-08 10:10:31'),('2025-09-02',667,3,0,2568,'C','1370700006767','2025-10-08 10:10:31'),('2025-09-02',668,3,0,2568,'C','1370700006767','2025-10-08 10:10:31'),('2025-09-02',669,3,0,2568,'C','1370700006767','2025-10-08 10:10:31'),('2025-09-03',665,3,0,2568,'C','1370700006767','2025-10-08 10:10:34'),('2025-09-03',666,3,0,2568,'C','1370700006767','2025-10-08 10:10:34'),('2025-09-03',667,3,0,2568,'C','1370700006767','2025-10-08 10:10:34'),('2025-09-03',668,3,0,2568,'C','1370700006767','2025-10-08 10:10:34'),('2025-09-03',669,3,0,2568,'C','1370700006767','2025-10-08 10:10:34'),('2025-09-04',665,3,0,2568,'C','1370700006767','2025-10-08 10:10:38'),('2025-09-04',666,3,0,2568,'C','1370700006767','2025-10-08 10:10:38'),('2025-09-04',667,3,0,2568,'C','1370700006767','2025-10-08 10:10:38'),('2025-09-04',668,3,0,2568,'C','1370700006767','2025-10-08 10:10:38'),('2025-09-04',669,3,0,2568,'C','1370700006767','2025-10-08 10:10:38'),('2025-09-05',665,3,0,2568,'C','1370700006767','2025-10-08 10:10:42'),('2025-09-05',666,3,0,2568,'C','1370700006767','2025-10-08 10:10:42'),('2025-09-05',667,3,0,2568,'C','1370700006767','2025-10-08 10:10:42'),('2025-09-05',668,3,0,2568,'C','1370700006767','2025-10-08 10:10:42'),('2025-09-05',669,3,0,2568,'C','1370700006767','2025-10-08 10:10:42'),('2025-09-08',665,3,0,2568,'C','1370700006767','2025-10-08 10:10:52'),('2025-09-08',666,3,0,2568,'C','1370700006767','2025-10-08 10:10:52'),('2025-09-08',667,3,0,2568,'C','1370700006767','2025-10-08 10:10:52'),('2025-09-08',668,3,0,2568,'C','1370700006767','2025-10-08 10:10:52'),('2025-09-08',669,3,0,2568,'C','1370700006767','2025-10-08 10:10:52'),('2025-09-09',665,3,0,2568,'C','1370700006767','2025-10-08 10:10:56'),('2025-09-09',666,3,0,2568,'C','1370700006767','2025-10-08 10:10:56'),('2025-09-09',667,3,0,2568,'C','1370700006767','2025-10-08 10:10:56'),('2025-09-09',668,3,0,2568,'C','1370700006767','2025-10-08 10:10:56'),('2025-09-09',669,3,0,2568,'C','1370700006767','2025-10-08 10:10:56'),('2025-09-10',665,3,0,2568,'C','1370700006767','2025-10-08 10:10:59'),('2025-09-10',666,3,0,2568,'C','1370700006767','2025-10-08 10:10:59'),('2025-09-10',667,3,0,2568,'C','1370700006767','2025-10-08 10:10:59'),('2025-09-10',668,3,0,2568,'C','1370700006767','2025-10-08 10:10:59'),('2025-09-10',669,3,0,2568,'C','1370700006767','2025-10-08 10:10:59'),('2025-09-11',665,3,0,2568,'C','1370700006767','2025-10-08 10:10:03'),('2025-09-11',666,3,0,2568,'C','1370700006767','2025-10-08 10:10:03'),('2025-09-11',667,3,0,2568,'C','1370700006767','2025-10-08 10:10:03'),('2025-09-11',668,3,0,2568,'C','1370700006767','2025-10-08 10:10:03'),('2025-09-11',669,3,0,2568,'C','1370700006767','2025-10-08 10:10:03'),('2025-09-12',665,3,0,2568,'C','1370700006767','2025-10-08 10:10:07'),('2025-09-12',666,3,0,2568,'C','1370700006767','2025-10-08 10:10:07'),('2025-09-12',667,3,0,2568,'C','1370700006767','2025-10-08 10:10:07'),('2025-09-12',668,3,0,2568,'C','1370700006767','2025-10-08 10:10:07'),('2025-09-12',669,3,0,2568,'C','1370700006767','2025-10-08 10:10:07'),('2025-09-15',665,3,0,2568,'C','1370700006767','2025-10-08 10:10:14'),('2025-09-15',666,3,0,2568,'C','1370700006767','2025-10-08 10:10:14'),('2025-09-15',667,3,0,2568,'C','1370700006767','2025-10-08 10:10:14'),('2025-09-15',668,3,0,2568,'C','1370700006767','2025-10-08 10:10:14'),('2025-09-15',669,3,0,2568,'C','1370700006767','2025-10-08 10:10:14'),('2025-09-16',665,3,0,2568,'C','1370700006767','2025-10-08 10:10:18'),('2025-09-16',666,3,0,2568,'C','1370700006767','2025-10-08 10:10:18'),('2025-09-16',667,3,0,2568,'C','1370700006767','2025-10-08 10:10:18'),('2025-09-16',668,3,0,2568,'C','1370700006767','2025-10-08 10:10:18'),('2025-09-16',669,3,0,2568,'C','1370700006767','2025-10-08 10:10:18'),('2025-09-17',665,3,0,2568,'C','1370700006767','2025-10-08 10:10:21'),('2025-09-17',666,3,0,2568,'C','1370700006767','2025-10-08 10:10:21'),('2025-09-17',667,3,0,2568,'C','1370700006767','2025-10-08 10:10:21'),('2025-09-17',668,3,0,2568,'C','1370700006767','2025-10-08 10:10:21'),('2025-09-17',669,3,0,2568,'C','1370700006767','2025-10-08 10:10:21'),('2025-09-18',665,3,0,2568,'C','1370700006767','2025-10-08 10:10:24'),('2025-09-18',666,3,0,2568,'C','1370700006767','2025-10-08 10:10:24'),('2025-09-18',667,3,0,2568,'C','1370700006767','2025-10-08 10:10:24'),('2025-09-18',668,3,0,2568,'C','1370700006767','2025-10-08 10:10:24'),('2025-09-18',669,3,0,2568,'C','1370700006767','2025-10-08 10:10:24'),('2025-09-19',665,3,0,2568,'C','1370700006767','2025-10-08 10:10:28'),('2025-09-19',666,3,0,2568,'C','1370700006767','2025-10-08 10:10:28'),('2025-09-19',667,3,0,2568,'C','1370700006767','2025-10-08 10:10:28'),('2025-09-19',668,3,0,2568,'C','1370700006767','2025-10-08 10:10:28'),('2025-09-19',669,3,0,2568,'C','1370700006767','2025-10-08 10:10:28'),('2025-09-22',665,3,0,2568,'C','1370700006767','2025-10-08 10:10:35'),('2025-09-22',666,3,0,2568,'C','1370700006767','2025-10-08 10:10:35'),('2025-09-22',667,3,0,2568,'C','1370700006767','2025-10-08 10:10:35'),('2025-09-22',668,3,0,2568,'C','1370700006767','2025-10-08 10:10:35'),('2025-09-22',669,3,0,2568,'C','1370700006767','2025-10-08 10:10:35'),('2025-09-23',665,3,0,2568,'C','1370700006767','2025-10-08 10:10:38'),('2025-09-23',666,3,0,2568,'C','1370700006767','2025-10-08 10:10:38'),('2025-09-23',667,3,0,2568,'C','1370700006767','2025-10-08 10:10:38'),('2025-09-23',668,3,0,2568,'C','1370700006767','2025-10-08 10:10:38'),('2025-09-23',669,3,0,2568,'C','1370700006767','2025-10-08 10:10:38'),('2025-09-24',665,3,0,2568,'C','1370700006767','2025-10-08 10:10:44'),('2025-09-24',666,3,0,2568,'C','1370700006767','2025-10-08 10:10:44'),('2025-09-24',667,3,0,2568,'C','1370700006767','2025-10-08 10:10:44'),('2025-09-24',668,3,0,2568,'C','1370700006767','2025-10-08 10:10:44'),('2025-09-24',669,3,0,2568,'C','1370700006767','2025-10-08 10:10:44'),('2025-09-25',665,3,0,2568,'C','1370700006767','2025-10-08 10:10:47'),('2025-09-25',666,3,0,2568,'C','1370700006767','2025-10-08 10:10:47'),('2025-09-25',667,3,0,2568,'C','1370700006767','2025-10-08 10:10:47'),('2025-09-25',668,3,0,2568,'C','1370700006767','2025-10-08 10:10:47'),('2025-09-25',669,3,0,2568,'C','1370700006767','2025-10-08 10:10:47'),('2025-09-26',665,3,0,2568,'C','1370700006767','2025-10-08 10:10:51'),('2025-09-26',666,3,0,2568,'C','1370700006767','2025-10-08 10:10:51'),('2025-09-26',667,3,0,2568,'C','1370700006767','2025-10-08 10:10:51'),('2025-09-26',668,3,0,2568,'C','1370700006767','2025-10-08 10:10:51'),('2025-09-26',669,3,0,2568,'C','1370700006767','2025-10-08 10:10:51'),('2025-09-29',665,3,0,2568,'C','1370700006767','2025-10-08 10:10:57'),('2025-09-29',666,3,0,2568,'C','1370700006767','2025-10-08 10:10:57'),('2025-09-29',667,3,0,2568,'C','1370700006767','2025-10-08 10:10:57'),('2025-09-29',668,3,0,2568,'C','1370700006767','2025-10-08 10:10:57'),('2025-09-29',669,3,0,2568,'C','1370700006767','2025-10-08 10:10:57'),('2025-09-30',665,3,0,2568,'C','1370700006767','2025-10-08 10:10:00'),('2025-09-30',666,3,0,2568,'C','1370700006767','2025-10-08 10:10:00'),('2025-09-30',667,3,0,2568,'C','1370700006767','2025-10-08 10:10:00'),('2025-09-30',668,3,0,2568,'C','1370700006767','2025-10-08 10:10:00'),('2025-09-30',669,3,0,2568,'C','1370700006767','2025-10-08 10:10:00'),('2025-10-01',665,3,0,2568,'C','1370700006767','2025-10-08 10:10:09'),('2025-10-01',666,3,0,2568,'C','1370700006767','2025-10-08 10:10:09'),('2025-10-01',667,3,0,2568,'C','1370700006767','2025-10-08 10:10:09'),('2025-10-01',668,3,0,2568,'C','1370700006767','2025-10-08 10:10:09'),('2025-10-01',669,3,0,2568,'C','1370700006767','2025-10-08 10:10:09'),('2025-10-02',665,3,0,2568,'C','1370700006767','2025-10-08 10:10:13'),('2025-10-02',666,3,0,2568,'C','1370700006767','2025-10-08 10:10:13'),('2025-10-02',667,3,0,2568,'C','1370700006767','2025-10-08 10:10:13'),('2025-10-02',668,3,0,2568,'C','1370700006767','2025-10-08 10:10:13'),('2025-10-02',669,3,0,2568,'C','1370700006767','2025-10-08 10:10:13'),('2025-10-03',665,3,0,2568,'C','1370700006767','2025-10-08 10:10:16'),('2025-10-03',666,3,0,2568,'C','1370700006767','2025-10-08 10:10:16'),('2025-10-03',667,3,0,2568,'C','1370700006767','2025-10-08 10:10:16'),('2025-10-03',668,3,0,2568,'C','1370700006767','2025-10-08 10:10:16'),('2025-10-03',669,3,0,2568,'C','1370700006767','2025-10-08 10:10:16'),('2025-10-06',665,3,0,2568,'C','1370700006767','2025-10-08 10:10:20'),('2025-10-06',666,3,0,2568,'C','1370700006767','2025-10-08 10:10:20'),('2025-10-06',667,3,0,2568,'C','1370700006767','2025-10-08 10:10:20'),('2025-10-06',668,3,0,2568,'C','1370700006767','2025-10-08 10:10:20'),('2025-10-06',669,3,0,2568,'C','1370700006767','2025-10-08 10:10:20'),('2025-10-07',665,3,0,2568,'C','1370700006767','2025-10-08 10:10:23'),('2025-10-07',666,3,0,2568,'C','1370700006767','2025-10-08 10:10:23'),('2025-10-07',667,3,0,2568,'C','1370700006767','2025-10-08 10:10:23'),('2025-10-07',668,3,0,2568,'C','1370700006767','2025-10-08 10:10:23'),('2025-10-07',669,3,0,2568,'C','1370700006767','2025-10-08 10:10:23'),('2025-10-08',665,3,0,2568,'C','1370700006767','2025-10-08 10:10:30'),('2025-10-08',666,3,0,2568,'C','1370700006767','2025-10-08 10:10:30'),('2025-10-08',667,3,0,2568,'C','1370700006767','2025-10-08 10:10:30'),('2025-10-08',668,3,0,2568,'C','1370700006767','2025-10-08 10:10:30'),('2025-10-08',669,3,0,2568,'C','1370700006767','2025-10-08 10:10:30'),('2025-10-09',659,4,0,2568,'C','1349901032470','2025-10-09 11:10:07'),('2025-10-09',660,4,0,2568,'C','1349901032470','2025-10-09 11:10:07'),('2025-10-09',661,4,0,2568,'C','1349901032470','2025-10-09 11:10:07'),('2025-10-09',662,4,0,2568,'C','1349901032470','2025-10-09 11:10:07'),('2025-10-09',663,4,0,2568,'C','1349901032470','2025-10-09 11:10:07'),('2025-10-09',664,4,0,2568,'C','1349901032470','2025-10-09 11:10:07'),('2025-10-09',655,5,0,2568,'C','1349901032470','2025-10-09 11:10:19'),('2025-10-09',656,5,0,2568,'C','1349901032470','2025-10-09 11:10:19'),('2025-10-09',657,5,0,2568,'C','1349901032470','2025-10-09 11:10:19'),('2025-10-08',655,5,0,2568,'C','1349901032470','2025-10-09 11:10:24'),('2025-10-08',656,5,0,2568,'C','1349901032470','2025-10-09 11:10:24'),('2025-10-08',657,5,0,2568,'C','1349901032470','2025-10-09 11:10:24'),('2025-10-07',655,5,0,2568,'C','1349901032470','2025-10-09 11:10:31'),('2025-10-07',656,5,0,2568,'C','1349901032470','2025-10-09 11:10:31'),('2025-10-07',657,5,0,2568,'C','1349901032470','2025-10-09 11:10:31'),('2025-10-06',655,5,0,2568,'C','1349901032470','2025-10-09 11:10:36'),('2025-10-06',656,5,0,2568,'C','1349901032470','2025-10-09 11:10:36'),('2025-10-06',657,5,0,2568,'C','1349901032470','2025-10-09 11:10:36'),('2025-10-03',655,5,0,2568,'C','1349901032470','2025-10-09 11:10:43'),('2025-10-03',656,5,0,2568,'C','1349901032470','2025-10-09 11:10:43'),('2025-10-03',657,5,0,2568,'C','1349901032470','2025-10-09 11:10:43'),('2025-10-02',655,5,0,2568,'C','1349901032470','2025-10-09 11:10:48'),('2025-10-02',656,5,0,2568,'C','1349901032470','2025-10-09 11:10:48'),('2025-10-02',657,5,0,2568,'C','1349901032470','2025-10-09 11:10:48'),('2025-10-01',655,5,0,2568,'C','1349901032470','2025-10-09 11:10:53'),('2025-10-01',656,5,0,2568,'C','1349901032470','2025-10-09 11:10:53'),('2025-10-01',657,5,0,2568,'C','1349901032470','2025-10-09 11:10:53'),('2025-10-09',670,2,0,2568,'C','1370700006767','2025-10-20 05:10:06'),('2025-10-09',671,2,0,2568,'C','1370700006767','2025-10-20 05:10:06'),('2025-10-09',672,2,0,2568,'C','1370700006767','2025-10-20 05:10:06'),('2025-10-09',673,2,0,2568,'C','1370700006767','2025-10-20 05:10:06'),('2025-10-09',674,2,0,2568,'C','1370700006767','2025-10-20 05:10:06'),('2025-10-09',675,2,0,2568,'C','1370700006767','2025-10-20 05:10:06'),('2025-10-09',676,2,0,2568,'C','1370700006767','2025-10-20 05:10:06'),('2025-10-10',670,2,0,2568,'C','1370700006767','2025-10-20 05:10:19'),('2025-10-10',671,2,0,2568,'C','1370700006767','2025-10-20 05:10:19'),('2025-10-10',672,2,0,2568,'C','1370700006767','2025-10-20 05:10:19'),('2025-10-10',673,2,0,2568,'C','1370700006767','2025-10-20 05:10:19'),('2025-10-10',674,2,0,2568,'C','1370700006767','2025-10-20 05:10:19'),('2025-10-10',675,2,0,2568,'C','1370700006767','2025-10-20 05:10:19'),('2025-10-10',676,2,0,2568,'C','1370700006767','2025-10-20 05:10:19'),('2025-10-14',670,2,0,2568,'C','1370700006767','2025-10-20 05:10:25'),('2025-10-14',671,2,0,2568,'C','1370700006767','2025-10-20 05:10:25'),('2025-10-14',672,2,0,2568,'C','1370700006767','2025-10-20 05:10:25'),('2025-10-14',673,2,0,2568,'C','1370700006767','2025-10-20 05:10:25'),('2025-10-14',674,2,0,2568,'C','1370700006767','2025-10-20 05:10:25'),('2025-10-14',675,2,0,2568,'C','1370700006767','2025-10-20 05:10:25'),('2025-10-14',676,2,0,2568,'C','1370700006767','2025-10-20 05:10:25'),('2025-10-09',665,3,0,2568,'C','1370700006767','2025-10-20 05:10:20'),('2025-10-09',666,3,0,2568,'C','1370700006767','2025-10-20 05:10:20'),('2025-10-09',667,3,0,2568,'C','1370700006767','2025-10-20 05:10:20'),('2025-10-09',668,3,0,2568,'C','1370700006767','2025-10-20 05:10:20'),('2025-10-09',669,3,0,2568,'C','1370700006767','2025-10-20 05:10:20'),('2025-10-10',665,3,0,2568,'C','1370700006767','2025-10-20 05:10:25'),('2025-10-10',666,3,0,2568,'C','1370700006767','2025-10-20 05:10:25'),('2025-10-10',667,3,0,2568,'C','1370700006767','2025-10-20 05:10:25'),('2025-10-10',668,3,0,2568,'C','1370700006767','2025-10-20 05:10:25'),('2025-10-10',669,3,0,2568,'C','1370700006767','2025-10-20 05:10:25'),('2025-10-14',665,3,0,2568,'C','1370700006767','2025-10-20 05:10:30'),('2025-10-14',666,3,0,2568,'C','1370700006767','2025-10-20 05:10:30'),('2025-10-14',667,3,0,2568,'C','1370700006767','2025-10-20 05:10:30'),('2025-10-14',668,3,0,2568,'C','1370700006767','2025-10-20 05:10:30'),('2025-10-14',669,3,0,2568,'C','1370700006767','2025-10-20 05:10:30');

--
-- Table structure for table `student_check_permission`
--

CREATE TABLE `student_check_permission` (
  `class_now` tinyint(4) NOT NULL,
  `room_now` tinyint(4) NOT NULL,
  `person_id` varchar(13) NOT NULL,
  `student_check_year` int(11) NOT NULL
) ENGINE=MyISAM DEFAULT CHARSET=utf8 COLLATE=utf8_general_ci;

--
-- Dumping data for table `student_check_permission`
--

INSERT INTO `student_check_permission` VALUES (3,1,'3340701131201',2558),(5,1,'3340701131201',2558),(6,1,'3340701131201',2558),(7,1,'3340701131201',2558),(8,1,'3340701131201',2558),(9,1,'3340701131201',2558),(3,1,'3340701131201',2557),(5,1,'3340701131201',2557),(6,1,'3340701131201',2557),(7,1,'3340701131201',2557),(8,1,'3340701131201',2557),(9,1,'3340701131201',2557),(3,1,'3340700820860',2557),(3,1,'3451000143351',2557),(5,1,'3451000143351',2557),(5,1,'3340700820860',2557),(6,1,'3451000143351',2557),(6,1,'3340700820860',2557),(7,1,'3451000143351',2557),(7,1,'3340700820860',2557),(8,1,'3451000143351',2557),(8,1,'3340700820860',2557),(9,1,'3451000143351',2557),(9,1,'3340700820860',2557),(3,0,'1340700340942',2561),(4,0,'1340700340942',2561),(6,0,'1340700340942',2561),(7,1,'1340700340942',2561),(8,0,'1340700340942',2561),(8,1,'1340700340942',2561),(9,1,'1340700340942',2561),(7,0,'1340700340942',2567),(3,0,'1340700340942',2562),(9,0,'1340700340942',2568),(4,0,'1340700340942',2562),(6,0,'1340700340942',2562),(7,1,'1349900002801',2562),(7,1,'1340700340942',2562),(7,0,'1340700340942',2568),(8,0,'1340700340942',2562),(9,0,'1341500327129',2568),(9,1,'1349900002801',2562),(9,1,'1340700340942',2562),(9,0,'1340700340942',2567),(4,0,'1349901032470',2567),(8,0,'3340700820860',2562),(9,1,'3340700820860',2562),(8,0,'1340700340942',2568),(3,0,'1340700340942',2563),(2,0,'1370700006767',2568),(4,0,'1340700340942',2563),(4,0,'1349901032470',2568),(8,0,'1340700340942',2566),(6,0,'1340700340942',2568),(6,0,'1340700340942',2563),(4,0,'1340700340942',2568),(8,0,'1340700340942',2563),(9,1,'1349900002801',2563),(9,1,'1340700341124',2563),(9,1,'1340700340942',2563),(8,1,'1349900002801',2563),(8,1,'1340700341124',2563),(8,1,'1340700340942',2563),(8,0,'1340700340942',2567),(2,0,'1340700340942',2567),(9,0,'1340700340942',2563),(8,0,'1341500327129',2568),(3,0,'1340700340942',2564),(2,0,'1340700340942',2568),(4,0,'1340700340942',2564),(6,0,'1340700340942',2567),(5,0,'1340700340942',2568),(6,0,'1340700340942',2564),(3,0,'1340700340942',2568),(3,0,'1340700340942',2567),(9,1,'1340700341124',2564),(9,1,'1340700340942',2564),(5,0,'1349901032470',2568),(9,0,'1341500327129',2567),(8,0,'1340700340942',2564),(2,0,'1340700340942',2566),(3,0,'1370700006767',2567),(3,0,'1340700340942',2565),(3,0,'1370700006767',2568),(4,0,'1340700340942',2565),(9,0,'1340700340942',2566),(5,0,'1340700340942',2567),(5,0,'1340700340942',2566),(4,0,'1340700340942',2567),(6,0,'3340700820860',2567),(6,0,'1340700340942',2565),(6,0,'1340700340942',2566),(7,0,'3340700820860',2567),(7,0,'1340700340942',2566),(4,0,'1340700340942',2566),(8,0,'1341500327129',2567),(8,0,'1340700340942',2565),(3,0,'1340700340942',2566),(2,0,'1370700006767',2567),(9,0,'1340700340942',2565),(5,0,'1349901032470',2567);

--
-- Table structure for table `student_check_year`
--

CREATE TABLE `student_check_year` (
  `id` int(11) NOT NULL AUTO_INCREMENT,
  `student_check_year` int(11) NOT NULL,
  `year_active` tinyint(1) NOT NULL,
  PRIMARY KEY (`id`),
  UNIQUE KEY `student_check_year` (`student_check_year`)
) ENGINE=MyISAM AUTO_INCREMENT=13 DEFAULT CHARSET=utf8 COLLATE=utf8_general_ci;

--
-- Dumping data for table `student_check_year`
--

INSERT INTO `student_check_year` VALUES (4,2558,0),(5,2561,0),(6,2562,0),(7,2563,0),(8,2564,0),(9,2565,0),(10,2566,0),(11,2567,0),(12,2568,1);

--
-- Table structure for table `student_main`
--

CREATE TABLE `student_main` (
  `id` int(11) NOT NULL AUTO_INCREMENT,
  `student_id` varchar(7) NOT NULL,
  `student_number` int(11) DEFAULT NULL,
  `prename` varchar(20) NOT NULL,
  `name` varchar(50) NOT NULL,
  `surname` varchar(50) NOT NULL,
  `person_id` varchar(20) DEFAULT NULL,
  `sex` tinyint(4) NOT NULL DEFAULT 0,
  `pic` varchar(150) DEFAULT NULL,
  `class_now` tinyint(4) DEFAULT NULL,
  `room` tinyint(4) NOT NULL DEFAULT 0,
  `status` tinyint(4) NOT NULL DEFAULT 0,
  `out_edyear` int(11) DEFAULT NULL,
  `officer` varchar(13) NOT NULL,
  `rec_date` date NOT NULL,
  PRIMARY KEY (`id`),
  UNIQUE KEY `student_number` (`student_id`),
  KEY `class_now` (`class_now`),
  KEY `room` (`room`)
) ENGINE=MyISAM AUTO_INCREMENT=141 DEFAULT CHARSET=utf8 COLLATE=utf8_general_ci;

--
-- Dumping data for table `student_main`
--

INSERT INTO `student_main` VALUES (1,'583',1,'เด็กชาย','ณัฐดนัย','คำหาญ','1118600043830',1,NULL,9,0,1,2563,'1340700340942','0000-00-00'),(2,'584',2,'เด็กชาย','นิติภูมิ','ประคำทอง','1348900188513',1,NULL,9,0,1,2563,'1340700340942','0000-00-00'),(3,'585',8,'เด็กชาย','ธีรภัทร','ราชโยธี','1349901535358',1,NULL,9,1,1,2562,'1340700340942','0000-00-00'),(4,'587',3,'เด็กชาย','สุรกานต์','ประคำทอง','1348900204322',1,NULL,9,0,1,2563,'1340700340942','0000-00-00'),(5,'588',4,'เด็กชาย','อัฐวุฒิ','อุ่มเกษ','1129701446973',1,NULL,9,0,1,2563,'1340700340942','0000-00-00'),(6,'589',5,'เด็กหญิง','มาลัย','บุญธรรม','1819100030598',2,NULL,9,0,1,2563,'1340700340942','0000-00-00'),(7,'590',6,'เด็กหญิง','ศิรประภา','บุญมาตร์','1348900204969',2,NULL,9,0,1,2563,'1340700340942','0000-00-00'),(8,'591',7,'เด็กหญิง','ศิริลักษณ์','สำแดงไฟ','1348900187991',2,NULL,9,0,1,2563,'1340700340942','0000-00-00'),(9,'592',8,'เด็กหญิง','สาวิตรี','จันทร์ชนะ','1348900183830',2,NULL,9,1,1,2564,'1340700340942','0000-00-00'),(98,'641',8,'เด็กหญิง','สุพิชชา','โพธิปัตย์','1349700487836',2,'',4,0,2,2564,'1340700340942','2019-07-11'),(83,'643',4,'เด็กชาย','อัยการ','วัดพ่วง','1718800149954',1,'',6,0,2,2562,'1340700340942','2019-07-11'),(97,'640',7,'เด็กหญิง','ปารย์รวี','ทะนานคำ','1341501570612',2,'',5,0,2,2565,'1340700340942','2019-07-11'),(96,'639',5,'เด็กชาย','อัครพล','ประกอบแก้ว','1309904308727',1,'',8,0,0,NULL,'1340700340942','2019-07-11'),(95,'638',4,'เด็กชาย','วัชรชัย','สายวัน','1348900359750',1,'',8,0,0,NULL,'1340700340942','2019-07-11'),(17,'593',0,'เด็กชาย','ภีรภัทร','คำพันธ์','1348900118485',1,NULL,9,1,1,2560,'','0000-00-00'),(18,'565',0,'เด็กหญิง','ณัฐณิชา','ปัสนา','1348900105189',2,NULL,9,1,1,2560,'','0000-00-00'),(19,'566',0,'เด็กหญิง','นารัรัตน์','ชุมนวล','1749901045209',2,NULL,9,1,1,2560,'','0000-00-00'),(20,'561',0,'เด็กชาย','หาญณรงค์','ประเสริฐ','1349901275283',1,NULL,9,1,1,2559,'','0000-00-00'),(21,'562',0,'เด็กชาย','อภินันท์','คำหาร','1342900056115',1,NULL,9,1,1,2559,'','0000-00-00'),(22,'563',0,'เด็กหญิง','โชติชนิต','แก้วบุญเรือง','1341501451010',2,NULL,9,1,1,2559,'','0000-00-00'),(23,'564',0,'เด็กหญิง','สุกฤตา','แสนทอง','1348900076774',2,NULL,9,1,1,2560,'','0000-00-00'),(24,'553',0,'เด็กชาย','ณัฐวุฒิ','เหล่าฝ้าย','1348900067830',1,NULL,9,1,1,2559,'','0000-00-00'),(25,'554',0,'เด็กชาย','ปณวัฒน์','ประคำทอง','1348900063133',1,NULL,9,1,1,2559,'','0000-00-00'),(26,'555',0,'เด็กชาย','พัฒนชาติ','ทังโส','1348900063460',1,NULL,9,1,1,2559,'','0000-00-00'),(27,'556',0,'เด็กชาย','ศิริศักดิ์','มาทวิเศษ','1101000102154',1,NULL,9,1,1,2559,'','0000-00-00'),(28,'560',0,'เด็กชาย','เอกรินทร์','ประคำทอง','1340701757162',1,NULL,9,1,1,2559,'','0000-00-00'),(29,'557',0,'เด็กหญิง','ปติมาภรณ์','จันทร์แก้ว','1348900050309',2,NULL,9,1,1,2559,'','0000-00-00'),(30,'558',0,'เด็กหญิง','พร้อมพรรณ','ศรีรักษา','1348900065543',2,NULL,9,1,1,2559,'','0000-00-00'),(31,'559',0,'เด็กหญิง','สุภัสสรา','ทะนานคำ','1348900056340',2,NULL,9,1,1,2559,'','0000-00-00'),(32,'544',0,'เด็กชาย','ธราดล','รัศมี','1348900027471',1,NULL,9,1,1,2559,'','0000-00-00'),(33,'545',0,'เด็กชาย','วีระชัย','ประเสริฐ','1348900025916',1,NULL,9,1,1,2559,'','0000-00-00'),(34,'546',0,'เด็กชาย','สันติภาพ','พึ่งพันธ์','1679900536781',1,NULL,9,1,1,2559,'','0000-00-00'),(35,'547',0,'เด็กชาย','สัมฤทธิ์','ชินโชติ','1348900025924',1,NULL,9,1,1,2559,'','0000-00-00'),(36,'548',0,'เด็กชาย','สุรศักดิ์','กุหลาบ','1348900024758',1,NULL,9,1,1,2559,'','0000-00-00'),(37,'549',0,'เด็กชาย','อดิศร','สายคำ','1348900027595',1,NULL,9,1,1,2559,'','0000-00-00'),(38,'550',0,'เด็กหญิง','อรัสดา','บุญลอย','1348900034257',2,NULL,9,1,1,2559,'','0000-00-00'),(39,'575',1,'เด็กชาย','โชคชัย','คำหาญ','1348900156484',1,'',9,1,1,2562,'1340700340942','2018-08-28'),(40,'576',2,'เด็กชาย','วิญญ์ทัญญู',' 	เทวิญา','1100401397987',1,'',9,1,1,2562,'1340700340942','2018-08-28'),(41,'577',3,'เด็กหญิง','ชญานุช','ประเสริฐ','1348900180482',2,'',9,1,1,2562,'1340700340942','2018-08-28'),(42,'578',4,'เด็กหญิง','ปวรรัตน์','คำหาญ','1348900172803',2,'',9,1,1,2562,'1340700340942','2018-08-28'),(43,'579',5,'เด็กหญิง','ไพริน','ภู่เงิน','1348900162638',2,'',9,1,1,2562,'1340700340942','2018-08-28'),(44,'580',6,'เด็กหญิง','วรรณวิสา','กุหลาบ','1348900169641',2,'',9,1,1,2562,'1340700340942','2018-08-28'),(45,'582',7,'เด็กหญิง','สุภาวินี','สำแดงไฟ','1348900167869',2,'',9,1,1,2562,'1340700340942','2018-08-28'),(46,'613',9,'เด็กหญิง',' 	ชวัลรัตน์','เชื้อเพ็ชร','1749901193607',2,'',9,1,1,2562,'1340700340942','2018-08-28'),(47,'595',1,'เด็กชาย','กวินภพ','ปัสนา','1348900225303',1,'',9,1,1,2564,'1340700340942','2018-08-28'),(48,'596',2,'เด็กหญิง','ฐิตารีย์','ศิริมาก','1102004113844',2,'',9,1,1,2564,'1340700340942','2018-08-28'),(49,'597',3,'เด็กหญิง','ณิชากร','เกตุเปี่ยม','1118400031099',2,'',9,1,1,2564,'1340700340942','2018-08-28'),(50,'598',4,'เด็กหญิง','ปฏิมาภรณ์','บุ่งทอง','1348900215162',2,'',9,1,1,2564,'1340700340942','2018-08-28'),(51,'599',5,'เด็กหญิง',' 	พันสิกาญจน์','พึ่งพันธ์','1347600028129',2,'',9,1,1,2564,'1340700340942','2018-08-28'),(52,'600',6,'เด็กหญิง','วรรณศิริ','บุญธรรม','1348900221308',2,'',9,1,2,2564,'1340700340942','2018-08-28'),(53,'612',7,'เด็กชาย','ปิติพล','ประเสริฐ','1129701493297',1,'',9,1,1,2564,'1340700340942','2018-08-28'),(54,'601',1,'เด็กชาย','จิณณวัตร','คำพันธ์','1347400001731',1,'',9,0,1,2565,'1340700340942','2018-08-28'),(55,'602',2,'เด็กหญิง','ศิริวัลย์','สำแดงไฟ','1348900234965',2,'',7,0,2,2563,'1340700340942','2018-08-28'),(82,'642',7,'เด็กชาย','ตุลาการ','วัดพ่วง','1718800168029',1,'',5,0,2,2562,'1340700340942','2019-07-11'),(57,'605',1,'เด็กชาย','กิติพล','มีสอน','1348900248338',1,'',9,0,1,2566,'1340700340942','2018-08-28'),(58,'607',2,'เด็กชาย','วาเลนไทน์','ประคำทอง','1348900244014',1,'',9,0,1,2566,'1340700340942','2018-08-28'),(59,'608',3,'เด็กหญิง','กิ่งกาญจน์','กุหลาบ','1341501528942',2,'',9,0,1,2566,'1340700340942','2018-08-28'),(60,'609',4,'เด็กหญิง','วรัญญา','แก้วกรมไกร','1348900266361',2,'',9,0,1,2566,'1340700340942','2018-08-28'),(61,'610',5,'เด็กหญิง','ศรุตา','จันทรังษี','1348900261261',2,'',9,0,1,2566,'1340700340942','2018-08-28'),(62,'614',6,'เด็กชาย',' 	ธีรภัทร','เชื้อเพ็ชร','1749901406015',1,'',9,0,1,2566,'1340700340942','2018-08-28'),(63,'615',1,'เด็กชาย','ทานตะวัน','มาคะวงค์','1348900305064',1,'',9,0,1,2567,'1340700340942','2018-08-28'),(64,'616',2,'เด็กชาย','ภัทรพงศ์','พรมเกตุ','1340701784097',1,'',7,0,2,2565,'1340700340942','2018-08-28'),(65,'617',2,'เด็กชาย','สิทธิพล','ประเสริฐ','1129701594905',1,'',9,0,1,2567,'1340700340942','2018-08-28'),(66,'618',3,'เด็กชาย','อัคครินทร์','อุ่มเกษ','1348900294704',1,'',9,0,1,2567,'1340700340942','2018-08-28'),(67,'619',5,'เด็กหญิง','กานต์มณี','โพธิ์ปัตย์','1349700449705',2,'',6,0,2,2564,'1340700340942','2018-08-28'),(68,'620',6,'เด็กหญิง','เกศรินทร์','ประคำทอง','1348900308705',2,'',8,0,2,2566,'1340700340942','2018-08-28'),(69,'621',4,'เด็กหญิง','ณัฐณิชา','สุทธิบุตร','1348900307211',2,'',8,0,2,2566,'1340700340942','2018-08-28'),(70,'622',8,'เด็กหญิง','ธัญธริษตรี','สำแดงไฟ','1347600070770',2,'',8,0,2,2566,'1340700340942','2018-08-28'),(71,'624',1,'เด็กชาย','ธนกร','พิมา','1349901977814',1,'',9,0,2,2568,'1340700340942','2018-08-28'),(72,'625',2,'เด็กชาย','ธนกฤต','พิมา',' 	1349901977822',1,'',9,0,0,0,'1340700340942','2018-08-28'),(73,'626',1,'เด็กชาย','ปัฐสรณ์','ประเสริฐ','1341501563403',1,'',9,0,0,NULL,'1340700340942','2018-08-28'),(74,'627',2,'เด็กชาย','พชรพล','ราชโยธี','1139900752497',1,'',9,0,0,NULL,'1340700340942','2018-08-28'),(75,'628',5,'เด็กชาย','ภัทรพล','ราชชมภู','1349901955063',1,'',6,0,2,2565,'1340700340942','2018-08-28'),(76,'629',6,'เด็กชาย','ยุทธกานต์','ประคำทอง','1348900315647',1,'',5,0,2,2564,'1340700340942','2018-08-28'),(94,'637',3,'เด็กชาย','วรวิทย์','เหล่าฝ้าย','1348900342351',1,'',8,0,0,NULL,'1340700340942','2019-07-11'),(78,'631',3,'เด็กชาย','อดิศร','วงวรรณ','1348900316821',1,'',9,0,0,NULL,'1340700340942','2018-08-28'),(79,'632',9,'เด็กหญิง','กัญญามาศ','สุดสุข','1348900320519',2,'',4,0,2,2563,'1340700340942','2018-08-28'),(80,'633',4,'เด็กหญิง','ทัดฤดี','คำหาญ','1749901472808',2,'',9,0,0,0,'1340700340942','2018-08-28'),(99,'568',1,'เด็กชาย','ณัฐพนธ์','ประคำทอง','1348900154228',1,'',9,0,1,2561,'1340700340942','2019-07-11'),(93,'636',3,'เด็กชาย','ปุณณวิช','ประคำทอง','1348900363901',1,'',4,0,2,2564,'1340700340942','2019-07-11'),(92,'635',2,'เด็กชาย','ธนากร','จันมณีย์','1341501568561',1,'',8,0,0,NULL,'1340700340942','2019-07-11'),(91,'634',1,'เด็กชาย','เทพารักษ์','นวลละออง','1348900349703',1,'',8,0,0,NULL,'1340700340942','2019-07-11'),(100,'569',2,'เด็กชาย','ธัญญธร','คำหาญ','1348900137790',1,'',9,0,1,2561,'1340700340942','2019-07-11'),(101,'570',3,'เด็กชาย','ศิรวัฒน์','จันทร์ชนะ','1348900136548',1,'',9,0,1,2561,'1340700340942','2019-07-11'),(102,'571',4,'เด็กชาย','อาทิตย์','บุญมาตร์','1348900138176',1,'',9,0,1,2561,'1340700340942','2019-07-11'),(103,'572',5,'เด็กหญิง','ปรัชญาภา','ประเสริฐ','1348900147914',2,'',9,0,1,2561,'1340700340942','2019-07-11'),(104,'573',6,'เด็กหญิง','เพ็ญพิชชา','ดวงบุปผา','1341501485046',2,'',9,0,1,2561,'1340700340942','2019-07-11'),(105,'574',7,'เด็กหญิง','ศุวภา ','ประเสริฐ','1119902325685',2,'',9,0,1,2561,'1340700340942','2019-07-11'),(106,'630',7,'เด็กชาย','วริทธิ์','จุลฤทธิ์','1348900335419',1,'',3,0,2,2562,'1340700340942','2019-07-11'),(107,'611',2,'เด็กชาย','พัชรพล','สำแดงไฟ','1348900240001',1,'',9,0,1,2565,'1340700340942','2019-07-11'),(108,'645',4,'เด็กชาย','ภูบดินทร์','พึ่งพันธ์','1100704571207',1,'',6,0,2,2567,'1340700340942','2020-07-30'),(109,'646',1,'เด็กหญิง','ปิยดา','ประเสริฐ','1129701667805',2,'',7,0,0,NULL,'1340700340942','2020-07-30'),(110,'649',7,'เด็กชาย','พิชาภพ','ประคำทอง','1348900258970',1,'',9,0,1,2566,'1340700340942','2020-07-30'),(111,'650',9,'เด็กชาย','ปิยะชาติ','เอื้อเฟื้อ','1749901238163',1,'',9,0,1,2563,'1340700340942','2020-07-30'),(112,'644',8,'เด็กหญิง','ธันยากานต์','บุญวัง','1459901293191',2,'',9,0,1,2563,'1340700340942','2020-07-30'),(113,'647',4,'เด็กหญิง','อธิชนันท์','สุทธิบุตร','1348900379688',2,'',5,0,2,2566,'1340700340942','2020-07-30'),(114,'648',2,'เด็กหญิง','อนุสรา','นิลโนรี','1749901574635',2,'',7,0,0,NULL,'1340700340942','2020-07-30'),(115,'651',9,'เด็กหญิง','จรัญพร','พิลากุล','1349700472847',2,'',4,0,2,2563,'1340700340942','2020-08-03'),(116,'652',1,'เด็กชาย','พัฒนพล ','คำลาย','1101801805595',1,'',2,0,2,2564,'1340700340942','2021-06-21'),(117,'653',1,'เด็กชาย','อัครกิตติ์','ประกอบแก้ว','1348900420947',1,'',6,0,0,NULL,'1340700340942','2021-06-21'),(118,'654',2,'เด็กหญิง','พิมลรัตน์','บุญวัง','1119902894191',2,'',6,0,0,NULL,'1340700340942','2021-11-11'),(123,'662',4,'เด็กหญิง','กมลชนก','พิมา','1342900056751',2,'',4,0,0,NULL,'1340700340942','2023-05-19'),(119,'655',1,'เด็กชาย','ธนกฤต','ชฎา','1348900430021',1,'',5,0,0,NULL,'1340700340942','2022-05-19'),(120,'656',2,'เด็กหญิง','กชกร','ชฎา','1348900459592',2,'',5,0,0,NULL,'1340700340942','2022-05-19'),(121,'657',3,'เด็กหญิง','จินดาภา','บัวป้อม','1279900610993',2,'',5,0,0,NULL,'1340700340942','2022-05-19'),(122,'658',3,'เด็กหญิง','สุทธิดา','สีทัศยศ','1739100037488',2,'',7,0,0,NULL,'1340700340942','2022-05-19'),(124,'659',1,'เด็กชาย','ณัฐวัฒน์','ประเสริฐ','1129902630852',1,'',4,0,0,0,'1340700340942','2023-05-19'),(125,'660',2,'เด็กชาย','อนณ','อุ่มเกษ','1348900476659',1,'',4,0,0,NULL,'1340700340942','2023-05-19'),(126,'661',3,'เด็กหญิง','กัญญารัตน์','คำหาญ','1348900472483',2,'',4,0,0,NULL,'1340700340942','2023-05-19'),(127,'663',5,'เด็กหญิง','ชญานันท์','ประเสริฐ','1348900484104',2,'',4,0,0,NULL,'1340700340942','2023-05-19'),(128,'664',6,'เด็กหญิง','ธัญญรัตน์','โพธิปัตย์','1348900468117',2,'',4,0,0,NULL,'1340700340942','2023-05-19'),(129,'665',1,'เด็กชาย','ญาณพัฒน์','ดอนไผ่ล้อม','1739902971051',1,'',3,0,0,NULL,'1340700340942','2024-05-24'),(130,'666',2,'เด็กชาย','ธนกรณ์ ','พวงสร้อย','1348900519242',1,'',3,0,0,NULL,'1340700340942','2024-05-24'),(131,'667',3,'เด็กชาย','ศิวกร','แก้วกรมไกร','1348900514747',1,'',3,0,0,NULL,'1340700340942','2024-05-24'),(132,'668',4,'เด็กหญิง','มะลิสา','กุหลาบ','1348900496901',2,'',3,0,0,NULL,'1340700340942','2024-05-24'),(133,'669',5,'เด็กหญิง','ภรณิภา','คำหาญ','1348900508127',2,'',3,0,0,NULL,'1340700340942','2024-06-10'),(134,'670',1,'เด็กชาย','กิติพัฒน์','ทังโส','1348900545251',1,'',2,0,0,NULL,'1340700340942','2025-05-13'),(135,'671',2,'เด็กชาย','ประไพรพัน','บุญธรรม','1348900524963',1,'',2,0,0,NULL,'1340700340942','2025-05-13'),(136,'672',3,'เด็กชาย','รพีพัฒน์','แก่นสิงห์','1346400001854',2,'',2,0,0,NULL,'1340700340942','2025-05-13'),(137,'673',4,'เด็กชาย','อภิวัฒน์','ประเสริฐ','1348900535591',1,'',2,0,0,NULL,'1340700340942','2025-06-07'),(138,'674',5,'เด็กหญิง','ธนัชญา','ประคำทอง','1348900522278',2,'',2,0,0,NULL,'1340700340942','2025-06-07'),(139,'675',6,'เด็กหญิง','นันญารัตน์ ','ยิ่งยอด','1348900542601',2,'',2,0,0,NULL,'1340700340942','2025-06-07'),(140,'676',7,'เด็กหญิง','ปณัฏฎา','ประกอบแก้ว','1348900531200',2,'',2,0,0,NULL,'1340700340942','2025-06-07');

--
-- Table structure for table `student_main_class`
--

CREATE TABLE `student_main_class` (
  `id` int(11) NOT NULL AUTO_INCREMENT,
  `class_code` tinyint(4) NOT NULL,
  `class_name` varchar(150) NOT NULL,
  PRIMARY KEY (`id`),
  UNIQUE KEY `class_code` (`class_code`)
) ENGINE=MyISAM AUTO_INCREMENT=9 DEFAULT CHARSET=utf8 COLLATE=utf8_general_ci;

--
-- Dumping data for table `student_main_class`
--

INSERT INTO `student_main_class` VALUES (1,2,'อนุบาล1'),(2,3,'อนุุบาล2'),(3,4,'ประถมศึกษาปีที่1'),(4,5,'ประถมศึกษาปีที่2'),(5,6,'ประถมศึกษาปีที่3'),(6,7,'ประถมศึกษาปีที่4'),(7,8,'ประถมศึกษาปีที่5'),(8,9,'ประถมศึกษาปีที่6');

--
-- Table structure for table `student_main_classlog`
--

CREATE TABLE `student_main_classlog` (
  `id` int(11) NOT NULL AUTO_INCREMENT,
  `ed_year` int(11) NOT NULL,
  `student_id` varchar(7) NOT NULL,
  `student_number` int(11) DEFAULT NULL,
  `class_code` tinyint(4) NOT NULL,
  `room` tinyint(4) DEFAULT 0,
  `officer` varchar(13) NOT NULL,
  `rec_date` date NOT NULL,
  PRIMARY KEY (`id`)
) ENGINE=MyISAM AUTO_INCREMENT=483 DEFAULT CHARSET=utf8 COLLATE=utf8_general_ci;

--
-- Dumping data for table `student_main_classlog`
--

INSERT INTO `student_main_classlog` VALUES (1,2556,'583',0,3,1,'3340701131201','2018-08-28'),(2,2556,'584',0,3,1,'3340701131201','2018-08-28'),(3,2556,'585',0,3,1,'3340701131201','2018-08-28'),(4,2556,'587',0,3,1,'3340701131201','2018-08-28'),(5,2556,'588',0,3,1,'3340701131201','2018-08-28'),(6,2556,'589',0,3,1,'3340701131201','2018-08-28'),(7,2556,'590',0,3,1,'3340701131201','2018-08-28'),(8,2556,'591',0,3,1,'3340701131201','2018-08-28'),(9,2556,'592',0,3,1,'3340701131201','2018-08-28'),(10,2556,'568',0,5,1,'3340701131201','2018-08-28'),(11,2556,'569',0,5,1,'3340701131201','2018-08-28'),(12,2556,'570',0,5,1,'3340701131201','2018-08-28'),(13,2556,'571',0,5,1,'3340701131201','2018-08-28'),(14,2556,'572',0,5,1,'3340701131201','2018-08-28'),(15,2556,'573',0,5,1,'3340701131201','2018-08-28'),(16,2556,'574',0,5,1,'3340701131201','2018-08-28'),(17,2556,'565',0,6,1,'3340701131201','2018-08-28'),(18,2556,'566',0,6,1,'3340701131201','2018-08-28'),(19,2556,'593',0,6,1,'3340701131201','2018-08-28'),(20,2556,'561',0,7,1,'3340701131201','2018-08-28'),(21,2556,'562',0,7,1,'3340701131201','2018-08-28'),(22,2556,'563',0,7,1,'3340701131201','2018-08-28'),(23,2556,'564',0,7,1,'3340701131201','2018-08-28'),(24,2556,'553',0,8,1,'3340701131201','2018-08-28'),(25,2556,'554',0,8,1,'3340701131201','2018-08-28'),(26,2556,'555',0,8,1,'3340701131201','2018-08-28'),(27,2556,'556',0,8,1,'3340701131201','2018-08-28'),(28,2556,'557',0,8,1,'3340701131201','2018-08-28'),(29,2556,'558',0,8,1,'3340701131201','2018-08-28'),(30,2556,'559',0,8,1,'3340701131201','2018-08-28'),(31,2556,'560',0,8,1,'3340701131201','2018-08-28'),(32,2556,'544',0,9,1,'3340701131201','2018-08-28'),(33,2556,'545',0,9,1,'3340701131201','2018-08-28'),(34,2556,'546',0,9,1,'3340701131201','2018-08-28'),(35,2556,'547',0,9,1,'3340701131201','2018-08-28'),(36,2556,'548',0,9,1,'3340701131201','2018-08-28'),(37,2556,'549',0,9,1,'3340701131201','2018-08-28'),(38,2556,'550',0,9,1,'3340701131201','2018-08-28'),(39,2557,'583',0,4,1,'3340701131201','2018-08-28'),(40,2557,'584',0,4,1,'3340701131201','2018-08-28'),(41,2557,'585',0,4,1,'3340701131201','2018-08-28'),(42,2557,'587',0,4,1,'3340701131201','2018-08-28'),(43,2557,'588',0,4,1,'3340701131201','2018-08-28'),(44,2557,'589',0,4,1,'3340701131201','2018-08-28'),(45,2557,'590',0,4,1,'3340701131201','2018-08-28'),(46,2557,'591',0,4,1,'3340701131201','2018-08-28'),(47,2557,'592',0,4,1,'3340701131201','2018-08-28'),(48,2557,'568',0,6,1,'3340701131201','2018-08-28'),(49,2557,'569',0,6,1,'3340701131201','2018-08-28'),(50,2557,'570',0,6,1,'3340701131201','2018-08-28'),(51,2557,'571',0,6,1,'3340701131201','2018-08-28'),(52,2557,'572',0,6,1,'3340701131201','2018-08-28'),(53,2557,'573',0,6,1,'3340701131201','2018-08-28'),(54,2557,'574',0,6,1,'3340701131201','2018-08-28'),(55,2557,'565',0,7,1,'3340701131201','2018-08-28'),(56,2557,'566',0,7,1,'3340701131201','2018-08-28'),(57,2557,'593',0,7,1,'3340701131201','2018-08-28'),(58,2557,'561',0,8,1,'3340701131201','2018-08-28'),(59,2557,'562',0,8,1,'3340701131201','2018-08-28'),(60,2557,'563',0,8,1,'3340701131201','2018-08-28'),(61,2557,'564',0,8,1,'3340701131201','2018-08-28'),(62,2557,'544',0,9,1,'3340701131201','2018-08-28'),(63,2557,'545',0,9,1,'3340701131201','2018-08-28'),(64,2557,'546',0,9,1,'3340701131201','2018-08-28'),(65,2557,'547',0,9,1,'3340701131201','2018-08-28'),(66,2557,'548',0,9,1,'3340701131201','2018-08-28'),(67,2557,'549',0,9,1,'3340701131201','2018-08-28'),(68,2557,'550',0,9,1,'3340701131201','2018-08-28'),(69,2557,'553',0,9,1,'3340701131201','2018-08-28'),(70,2557,'554',0,9,1,'3340701131201','2018-08-28'),(71,2557,'555',0,9,1,'3340701131201','2018-08-28'),(72,2557,'556',0,9,1,'3340701131201','2018-08-28'),(73,2557,'557',0,9,1,'3340701131201','2018-08-28'),(74,2557,'558',0,9,1,'3340701131201','2018-08-28'),(75,2557,'559',0,9,1,'3340701131201','2018-08-28'),(76,2557,'560',0,9,1,'3340701131201','2018-08-28'),(77,2558,'583',0,5,1,'3340701131201','2018-08-28'),(78,2558,'584',0,5,1,'3340701131201','2018-08-28'),(79,2558,'585',0,5,1,'3340701131201','2018-08-28'),(80,2558,'587',0,5,1,'3340701131201','2018-08-28'),(81,2558,'588',0,5,1,'3340701131201','2018-08-28'),(82,2558,'589',0,5,1,'3340701131201','2018-08-28'),(83,2558,'590',0,5,1,'3340701131201','2018-08-28'),(84,2558,'591',0,5,1,'3340701131201','2018-08-28'),(85,2558,'592',0,5,1,'3340701131201','2018-08-28'),(86,2558,'568',0,7,1,'3340701131201','2018-08-28'),(87,2558,'569',0,7,1,'3340701131201','2018-08-28'),(88,2558,'570',0,7,1,'3340701131201','2018-08-28'),(89,2558,'571',0,7,1,'3340701131201','2018-08-28'),(90,2558,'572',0,7,1,'3340701131201','2018-08-28'),(91,2558,'573',0,7,1,'3340701131201','2018-08-28'),(92,2558,'574',0,7,1,'3340701131201','2018-08-28'),(93,2558,'565',0,8,1,'3340701131201','2018-08-28'),(94,2558,'566',0,8,1,'3340701131201','2018-08-28'),(95,2558,'593',0,8,1,'3340701131201','2018-08-28'),(96,2558,'544',0,9,1,'3340701131201','2018-08-28'),(97,2558,'545',0,9,1,'3340701131201','2018-08-28'),(98,2558,'546',0,9,1,'3340701131201','2018-08-28'),(99,2558,'547',0,9,1,'3340701131201','2018-08-28'),(100,2558,'548',0,9,1,'3340701131201','2018-08-28'),(101,2558,'549',0,9,1,'3340701131201','2018-08-28'),(102,2558,'550',0,9,1,'3340701131201','2018-08-28'),(103,2558,'553',0,9,1,'3340701131201','2018-08-28'),(104,2558,'554',0,9,1,'3340701131201','2018-08-28'),(105,2558,'555',0,9,1,'3340701131201','2018-08-28'),(106,2558,'556',0,9,1,'3340701131201','2018-08-28'),(107,2558,'557',0,9,1,'3340701131201','2018-08-28'),(108,2558,'558',0,9,1,'3340701131201','2018-08-28'),(109,2558,'559',0,9,1,'3340701131201','2018-08-28'),(110,2558,'560',0,9,1,'3340701131201','2018-08-28'),(111,2558,'561',0,9,1,'3340701131201','2018-08-28'),(112,2558,'562',0,9,1,'3340701131201','2018-08-28'),(113,2558,'563',0,9,1,'3340701131201','2018-08-28'),(114,2558,'564',0,9,1,'3340701131201','2018-08-28'),(115,2559,'583',0,6,1,'3340701131201','2018-08-28'),(116,2559,'584',0,6,1,'3340701131201','2018-08-28'),(117,2559,'585',0,6,1,'3340701131201','2018-08-28'),(118,2559,'587',0,6,1,'3340701131201','2018-08-28'),(119,2559,'588',0,6,1,'3340701131201','2018-08-28'),(120,2559,'589',0,6,1,'3340701131201','2018-08-28'),(121,2559,'590',0,6,1,'3340701131201','2018-08-28'),(122,2559,'591',0,6,1,'3340701131201','2018-08-28'),(123,2559,'592',0,6,1,'3340701131201','2018-08-28'),(124,2559,'568',0,8,1,'3340701131201','2018-08-28'),(125,2559,'569',0,8,1,'3340701131201','2018-08-28'),(126,2559,'570',0,8,1,'3340701131201','2018-08-28'),(127,2559,'571',0,8,1,'3340701131201','2018-08-28'),(128,2559,'572',0,8,1,'3340701131201','2018-08-28'),(129,2559,'573',0,8,1,'3340701131201','2018-08-28'),(130,2559,'574',0,8,1,'3340701131201','2018-08-28'),(131,2559,'544',0,9,1,'3340701131201','2018-08-28'),(132,2559,'545',0,9,1,'3340701131201','2018-08-28'),(133,2559,'546',0,9,1,'3340701131201','2018-08-28'),(134,2559,'547',0,9,1,'3340701131201','2018-08-28'),(135,2559,'548',0,9,1,'3340701131201','2018-08-28'),(136,2559,'549',0,9,1,'3340701131201','2018-08-28'),(137,2559,'550',0,9,1,'3340701131201','2018-08-28'),(138,2559,'553',0,9,1,'3340701131201','2018-08-28'),(139,2559,'554',0,9,1,'3340701131201','2018-08-28'),(140,2559,'555',0,9,1,'3340701131201','2018-08-28'),(141,2559,'556',0,9,1,'3340701131201','2018-08-28'),(142,2559,'557',0,9,1,'3340701131201','2018-08-28'),(143,2559,'558',0,9,1,'3340701131201','2018-08-28'),(144,2559,'559',0,9,1,'3340701131201','2018-08-28'),(145,2559,'560',0,9,1,'3340701131201','2018-08-28'),(146,2559,'561',0,9,1,'3340701131201','2018-08-28'),(147,2559,'562',0,9,1,'3340701131201','2018-08-28'),(148,2559,'563',0,9,1,'3340701131201','2018-08-28'),(149,2559,'564',0,9,1,'3340701131201','2018-08-28'),(150,2559,'565',0,9,1,'3340701131201','2018-08-28'),(151,2559,'566',0,9,1,'3340701131201','2018-08-28'),(152,2559,'593',0,9,1,'3340701131201','2018-08-28'),(153,2560,'564',0,9,1,'3340701131201','2018-08-28'),(154,2560,'565',0,9,1,'3340701131201','2018-08-28'),(155,2560,'566',0,9,1,'3340701131201','2018-08-28'),(156,2560,'593',0,9,1,'3340701131201','2018-08-28'),(157,2561,'579',5,8,0,'1340700340942','2019-07-11'),(158,2561,'580',6,8,0,'1340700340942','2019-07-11'),(159,2561,'582',7,8,0,'1340700340942','2019-07-11'),(160,2561,'585',8,8,0,'1340700340942','2019-07-11'),(161,2561,'613',9,8,0,'1340700340942','2019-07-11'),(162,2561,'575',1,8,0,'1340700340942','2019-07-11'),(163,2561,'576',2,8,0,'1340700340942','2019-07-11'),(164,2561,'577',3,8,0,'1340700340942','2019-07-11'),(165,2561,'578',4,8,0,'1340700340942','2019-07-11'),(166,2561,'624',1,2,0,'1340700340942','2019-07-11'),(167,2561,'625',2,2,0,'1340700340942','2019-07-11'),(168,2561,'626',3,2,0,'1340700340942','2019-07-11'),(169,2561,'627',4,2,0,'1340700340942','2019-07-11'),(170,2561,'628',5,2,0,'1340700340942','2019-07-11'),(171,2561,'629',6,2,0,'1340700340942','2019-07-11'),(172,2561,'631',8,2,0,'1340700340942','2019-07-11'),(173,2561,'632',9,2,0,'1340700340942','2019-07-11'),(174,2561,'633',10,2,0,'1340700340942','2019-07-11'),(175,2561,'605',1,4,0,'1340700340942','2019-07-11'),(176,2561,'615',1,3,0,'1340700340942','2019-07-11'),(177,2561,'607',2,4,0,'1349900002801','2019-07-11'),(178,2561,'616',2,3,0,'1340700340942','2019-07-11'),(179,2561,'608',3,4,0,'1349900002801','2019-07-11'),(180,2561,'617',3,3,0,'1340700340942','2019-07-11'),(181,2561,'609',4,4,0,'1349900002801','2019-07-11'),(182,2561,'618',4,3,0,'1340700340942','2019-07-11'),(183,2561,'610',5,4,0,'1349900002801','2019-07-11'),(184,2561,'619',5,3,0,'1340700340942','2019-07-11'),(185,2561,'614',6,4,0,'1349900002801','2019-07-11'),(186,2561,'620',6,3,0,'1340700340942','2019-07-11'),(187,2561,'621',7,3,0,'1340700340942','2019-07-11'),(188,2561,'622',8,3,0,'1340700340942','2019-07-11'),(189,2561,'601',1,5,0,'1349900002801','2019-07-11'),(190,2561,'602',2,5,0,'1340700340942','2019-07-11'),(191,2561,'611',3,5,0,'1340700340942','2019-07-11'),(192,2561,'595',1,6,0,'1340700340942','2019-07-11'),(193,2561,'596',2,6,0,'1340700340942','2019-07-11'),(194,2561,'597',3,6,0,'1340700340942','2019-07-11'),(195,2561,'598',4,6,0,'1340700340942','2019-07-11'),(196,2561,'599',5,6,0,'1340700340942','2019-07-11'),(197,2561,'600',6,6,0,'1340700340942','2019-07-11'),(198,2561,'612',7,6,0,'1340700340942','2019-07-11'),(199,2561,'583',0,7,1,'1340700340942','2019-07-11'),(200,2561,'584',0,7,1,'1340700340942','2019-07-11'),(201,2561,'587',0,7,1,'1340700340942','2019-07-11'),(202,2561,'588',0,7,1,'1340700340942','2019-07-11'),(203,2561,'589',0,7,1,'1340700340942','2019-07-11'),(204,2561,'590',0,7,1,'1340700340942','2019-07-11'),(205,2561,'591',0,7,1,'1340700340942','2019-07-11'),(206,2561,'592',0,7,1,'1340700340942','2019-07-11'),(207,2562,'634',1,3,0,'1340700340942','2020-07-30'),(208,2562,'635',2,3,0,'1340700340942','2020-07-30'),(209,2562,'636',3,3,0,'1340700340942','2020-07-30'),(210,2562,'637',4,3,0,'1340700340942','2020-07-30'),(211,2562,'638',5,2,0,'1340700340942','2019-07-14'),(212,2562,'639',6,2,0,'1340700340942','2019-07-14'),(213,2562,'640',7,2,0,'1340700340942','2019-07-14'),(214,2562,'641',8,2,0,'1340700340942','2019-07-14'),(215,2562,'624',1,3,0,'1340700340942','2019-07-14'),(216,2562,'625',2,3,0,'1340700340942','2019-07-14'),(217,2562,'626',3,3,0,'1340700340942','2019-07-14'),(218,2562,'627',4,3,0,'1340700340942','2019-07-14'),(219,2562,'628',5,3,0,'1340700340942','2019-07-14'),(220,2562,'629',6,3,0,'1340700340942','2019-07-14'),(221,2562,'631',8,3,0,'1340700340942','2019-07-14'),(222,2562,'632',9,3,0,'1340700340942','2019-07-14'),(223,2562,'633',10,3,0,'1340700340942','2019-07-14'),(224,2562,'615',1,4,0,'1340700340942','2019-07-14'),(225,2562,'616',2,4,0,'1340700340942','2019-07-14'),(226,2562,'617',3,4,0,'1340700340942','2019-07-14'),(227,2562,'618',4,4,0,'1340700340942','2019-07-14'),(228,2562,'619',5,4,0,'1340700340942','2019-07-14'),(229,2562,'620',6,4,0,'1340700340942','2019-07-14'),(230,2562,'621',7,4,0,'1340700340942','2019-07-14'),(231,2562,'622',8,4,0,'1340700340942','2019-07-14'),(232,2562,'605',1,5,0,'1340700340942','2019-07-14'),(233,2562,'607',2,5,0,'1340700340942','2019-07-14'),(234,2562,'608',3,5,0,'1340700340942','2019-07-14'),(235,2562,'609',4,5,0,'1340700340942','2019-07-14'),(236,2562,'610',5,5,0,'1340700340942','2019-07-14'),(237,2562,'614',6,5,0,'1340700340942','2019-07-14'),(238,2562,'642',7,5,0,'1340700340942','2019-07-14'),(239,2562,'601',1,6,0,'1340700340942','2019-07-14'),(240,2562,'602',2,6,0,'1340700340942','2019-07-14'),(241,2562,'643',4,6,0,'1340700340942','2019-07-14'),(242,2562,'595',1,7,1,'1340700340942','2019-07-14'),(243,2562,'596',2,7,1,'1340700340942','2019-07-14'),(244,2562,'597',3,7,1,'1340700340942','2019-07-14'),(245,2562,'598',4,7,1,'1340700340942','2019-07-14'),(246,2562,'599',5,7,1,'1340700340942','2019-07-14'),(247,2562,'600',6,7,1,'1340700340942','2019-07-14'),(248,2562,'612',7,7,1,'1340700340942','2019-07-14'),(249,2562,'583',1,8,0,'1340700340942','2019-07-14'),(250,2562,'584',2,8,0,'1340700340942','2019-07-14'),(251,2562,'587',3,8,0,'1340700340942','2019-07-14'),(252,2562,'588',4,9,0,'1340700340942','2020-07-30'),(253,2562,'589',5,9,0,'1340700340942','2020-07-30'),(254,2562,'590',6,9,0,'1340700340942','2020-07-30'),(255,2562,'591',7,9,0,'1340700340942','2020-07-30'),(256,2562,'592',8,8,0,'1340700340942','2020-07-30'),(257,2562,'630',7,3,0,'1340700340942','2019-07-11'),(258,2562,'611',3,6,0,'1340700340942','2019-07-11'),(259,2561,'568',1,9,0,'1340700340942','2019-07-11'),(260,2561,'569',2,9,0,'1340700340942','2019-07-11'),(261,2561,'570',3,9,0,'1340700340942','2019-07-11'),(262,2561,'571',4,9,0,'1340700340942','2019-07-11'),(263,2561,'572',5,9,0,'1340700340942','2019-07-11'),(264,2561,'573',6,9,0,'1340700340942','2019-07-11'),(265,2561,'574',7,9,0,'1340700340942','2019-07-11'),(266,2562,'575',1,9,1,'1340700340942','2019-07-14'),(267,2562,'576',2,9,1,'1340700340942','2019-07-14'),(268,2562,'577',3,9,1,'1340700340942','2019-07-14'),(269,2562,'578',4,9,1,'1340700340942','2019-07-14'),(270,2562,'579',5,9,1,'1340700340942','2019-07-14'),(271,2562,'580',6,9,1,'1340700340942','2019-07-14'),(272,2562,'582',7,9,1,'1340700340942','2019-07-14'),(273,2562,'585',8,9,1,'1340700340942','2019-07-14'),(274,2562,'613',9,9,1,'1340700340942','2019-07-14'),(275,2563,'638',5,3,0,'1340700340942','2020-07-30'),(276,2563,'639',6,3,0,'1340700340942','2020-07-30'),(277,2563,'640',7,3,0,'1340700340942','2020-07-30'),(278,2563,'641',8,3,0,'1340700340942','2020-07-30'),(279,2563,'624',1,4,0,'1340700340942','2020-07-30'),(280,2563,'625',2,4,0,'1340700340942','2020-07-30'),(281,2563,'587',3,9,0,'1340700340942','2020-07-30'),(282,2563,'584',2,9,0,'1340700340942','2020-07-30'),(283,2563,'583',1,9,0,'1340700340942','2020-07-30'),(284,2563,'612',7,8,1,'1340700340942','2020-07-30'),(285,2563,'600',6,8,1,'1340700340942','2020-07-30'),(286,2563,'599',5,8,1,'1340700340942','2020-07-30'),(287,2563,'598',4,8,1,'1340700340942','2020-07-30'),(288,2563,'597',3,8,1,'1340700340942','2020-07-30'),(289,2563,'596',2,8,1,'1340700340942','2020-07-30'),(290,2563,'595',1,8,1,'1340700340942','2020-07-30'),(291,2563,'602',2,7,0,'1340700340942','2020-07-30'),(292,2563,'601',1,7,0,'1340700340942','2020-07-30'),(293,2563,'614',6,6,0,'1340700340942','2020-07-30'),(294,2563,'610',5,6,0,'1340700340942','2020-07-30'),(295,2563,'609',4,6,0,'1340700340942','2020-07-30'),(296,2563,'608',3,6,0,'1340700340942','2020-07-30'),(297,2563,'607',2,6,0,'1340700340942','2020-07-30'),(298,2563,'605',1,6,0,'1340700340942','2020-07-30'),(299,2563,'622',8,5,0,'1340700340942','2020-07-30'),(300,2563,'621',7,5,0,'1340700340942','2020-07-30'),(301,2563,'620',6,5,0,'1340700340942','2020-07-30'),(302,2563,'619',5,5,0,'1340700340942','2020-10-15'),(303,2563,'618',4,5,0,'1340700340942','2020-07-30'),(304,2563,'633',8,4,0,'1340700340942','2020-09-02'),(305,2563,'617',3,5,0,'1340700340942','2020-07-30'),(306,2563,'615',1,5,0,'1340700340942','2020-07-30'),(307,2563,'616',2,5,0,'1340700340942','2020-07-30'),(308,2563,'632',9,4,0,'1340700340942','2020-07-30'),(309,2563,'629',6,4,0,'1340700340942','2020-07-30'),(310,2563,'626',3,4,0,'1340700340942','2020-07-30'),(311,2563,'627',4,4,0,'1340700340942','2020-07-30'),(312,2563,'631',7,4,0,'1340700340942','2020-09-02'),(313,2563,'628',5,4,0,'1340700340942','2020-10-15'),(314,2563,'645',1,2,0,'1340700340942','2020-07-30'),(315,2563,'0',9,4,0,'1340700340942','2020-08-03'),(316,2563,'646',1,2,0,'1340700340942','2020-09-02'),(317,2563,'649',7,6,0,'1340700340942','2020-07-30'),(318,2563,'644',8,9,0,'1340700340942','2020-10-15'),(319,2563,'650',9,9,0,'1340700340942','2020-07-30'),(320,2563,'647',2,2,0,'1340700340942','2020-09-02'),(321,2563,'648',3,2,0,'1340700340942','2020-09-02'),(322,2563,'592',8,8,1,'1340700340942','2020-07-30'),(323,2563,'651',9,4,0,'1340700340942','2020-08-03'),(324,2563,'588',4,9,0,'1340700340942','2021-06-21'),(325,2563,'589',5,9,0,'1340700340942','2021-06-21'),(326,2563,'590',6,9,0,'1340700340942','2021-06-21'),(327,2563,'591',7,9,0,'1340700340942','2021-06-21'),(328,2563,'634',1,3,0,'1340700340942','2021-06-21'),(329,2563,'635',2,3,0,'1340700340942','2021-06-21'),(330,2563,'636',3,3,0,'1340700340942','2021-06-21'),(331,2563,'637',4,3,0,'1340700340942','2021-06-21'),(332,2564,'636',3,4,0,'1340700340942','2021-06-21'),(333,2564,'641',8,4,0,'1340700340942','2021-06-21'),(334,2564,'624',1,5,0,'1340700340942','2021-06-21'),(335,2564,'625',2,5,0,'1340700340942','2021-06-21'),(336,2564,'619',5,6,0,'1340700340942','2021-06-21'),(337,2564,'0',1,2,0,'1340700340942','2021-06-21'),(338,2564,'652',1,2,0,'1340700340942','2021-06-21'),(339,2564,'653',1,2,0,'1340700340942','2021-11-18'),(340,2564,'645',1,3,0,'1340700340942','2021-11-18'),(341,2564,'611',1,8,0,'1340700340942','2021-10-05'),(342,2564,'647',2,3,0,'1340700340942','2021-10-05'),(343,2564,'621',7,6,0,'1340700340942','2021-10-05'),(344,2564,'600',6,9,1,'1340700340942','2021-10-05'),(345,2564,'646',2,3,0,'1340700340942','2021-11-18'),(346,2564,'654',2,2,0,'1340700340942','2021-11-18'),(347,2564,'648',3,3,0,'1340700340942','2021-11-18'),(348,2564,'629',6,5,0,'1340700340942','2022-01-27'),(349,2564,'601',1,8,0,'1340700340942','2022-02-01'),(350,2564,'634',1,4,0,'1340700340942','2022-05-19'),(351,2564,'635',2,4,0,'1340700340942','2022-05-19'),(352,2564,'637',4,4,0,'1340700340942','2022-05-19'),(353,2564,'638',5,4,0,'1340700340942','2022-05-19'),(354,2564,'639',6,4,0,'1340700340942','2022-05-19'),(355,2564,'640',7,4,0,'1340700340942','2022-05-19'),(356,2564,'626',3,5,0,'1340700340942','2022-05-19'),(357,2564,'627',4,5,0,'1340700340942','2022-05-19'),(358,2564,'628',5,5,0,'1340700340942','2022-05-19'),(359,2564,'631',7,5,0,'1340700340942','2022-05-19'),(360,2564,'633',8,5,0,'1340700340942','2022-05-19'),(361,2564,'615',1,6,0,'1340700340942','2022-05-19'),(362,2564,'616',2,6,0,'1340700340942','2022-05-19'),(363,2564,'617',3,6,0,'1340700340942','2022-05-19'),(364,2564,'618',4,6,0,'1340700340942','2022-05-19'),(365,2564,'620',6,6,0,'1340700340942','2022-05-19'),(366,2564,'622',8,6,0,'1340700340942','2022-05-19'),(367,2564,'605',1,7,0,'1340700340942','2022-05-19'),(368,2564,'607',2,7,0,'1340700340942','2022-05-19'),(369,2564,'608',3,7,0,'1340700340942','2022-05-19'),(370,2564,'609',4,7,0,'1340700340942','2022-05-19'),(371,2564,'610',5,7,0,'1340700340942','2022-05-19'),(372,2564,'614',6,7,0,'1340700340942','2022-05-19'),(373,2564,'649',7,7,0,'1340700340942','2022-05-19'),(374,2564,'595',1,9,1,'1340700340942','2022-05-19'),(375,2564,'596',2,9,1,'1340700340942','2022-05-19'),(376,2564,'597',3,9,1,'1340700340942','2022-05-19'),(377,2564,'598',4,9,1,'1340700340942','2022-05-19'),(378,2564,'599',5,9,1,'1340700340942','2022-05-19'),(379,2564,'612',7,9,1,'1340700340942','2022-05-19'),(380,2564,'592',8,9,1,'1340700340942','2022-05-19'),(381,2565,'640',7,5,0,'1340700340942','2022-05-19'),(382,2565,'628',5,6,0,'1340700340942','2022-05-19'),(383,2565,'616',2,7,0,'1340700340942','2022-05-19'),(384,2565,'655',1,2,0,'1340700340942','2022-05-19'),(385,2565,'0',1,2,0,'1340700340942','2022-05-19'),(386,2565,'656',2,2,0,'1340700340942','2022-11-02'),(387,2565,'657',3,2,0,'1340700340942','2022-05-19'),(388,2565,'658',4,4,0,'1340700340942','2022-09-15'),(389,2565,'645',1,4,0,'1340700340942','2022-08-01'),(390,2565,'611',2,9,0,'1340700340942','2022-09-15'),(391,2565,'633',8,6,0,'1340700340942','2022-09-15'),(392,2565,'647',5,4,0,'1340700340942','2022-11-02'),(393,2565,'621',5,7,0,'1340700340942','2023-03-13'),(394,2566,'655',1,3,0,'1340700340942','2023-05-24'),(395,2566,'657',3,3,0,'1340700340942','2023-05-19'),(396,2565,'601',1,9,0,'1340700340942','2023-05-19'),(397,2566,'656',2,3,0,'1340700340942','2023-05-19'),(398,2566,'649',7,9,0,'1340700340942','2023-05-19'),(399,2566,'614',6,9,0,'1340700340942','2023-05-19'),(400,2566,'610',5,9,0,'1340700340942','2023-05-19'),(401,2566,'609',4,9,0,'1340700340942','2023-05-19'),(402,2566,'608',3,9,0,'1340700340942','2023-05-19'),(403,2566,'607',2,9,0,'1340700340942','2023-05-19'),(404,2566,'605',1,9,0,'1340700340942','2023-05-19'),(405,2566,'622',8,8,0,'1340700340942','2023-05-19'),(406,2566,'620',6,8,0,'1340700340942','2023-05-19'),(407,2566,'631',3,7,0,'1340700340942','2023-09-22'),(408,2566,'627',2,7,0,'1340700340942','2023-09-22'),(409,2566,'639',5,6,0,'1340700340942','2023-09-22'),(410,2566,'626',1,7,0,'1340700340942','2023-09-22'),(411,2566,'638',4,6,0,'1340700340942','2023-09-22'),(412,2566,'637',3,6,0,'1340700340942','2023-09-22'),(413,2566,'635',2,6,0,'1340700340942','2023-05-19'),(414,2566,'634',1,6,0,'1340700340942','2023-05-19'),(415,2566,'647',4,5,0,'1340700340942','2023-09-22'),(416,2566,'658',3,5,0,'1340700340942','2024-01-17'),(417,2566,'648',2,5,0,'1340700340942','2023-09-22'),(418,2566,'646',1,5,0,'1340700340942','2023-09-22'),(419,2566,'653',1,4,0,'1340700340942','2023-05-19'),(420,2566,'654',2,4,0,'1340700340942','2023-05-19'),(421,2566,'633',4,7,0,'1340700340942','2023-09-22'),(422,2566,'618',3,8,0,'1340700340942','2023-09-22'),(423,2566,'621',4,8,0,'1340700340942','2023-09-22'),(424,2566,'617',2,8,0,'1340700340942','2023-09-22'),(425,2566,'615',1,8,0,'1340700340942','2023-05-19'),(426,2566,'0',3,2,0,'1340700340942','2023-05-19'),(427,2566,'659',1,2,0,'1340700340942','2023-05-24'),(428,2566,'660',1,2,0,'1340700340942','2023-09-22'),(429,2566,'661',2,2,0,'1340700340942','2023-09-22'),(430,2566,'662',3,2,0,'1340700340942','2023-09-22'),(431,2566,'663',4,2,0,'1340700340942','2023-09-22'),(432,2566,'664',5,2,0,'1340700340942','2023-09-22'),(433,2566,'665',4,3,0,'1340700340942','2023-05-24'),(434,2567,'618',3,9,0,'1340700340942','2024-05-16'),(435,2567,'617',2,9,0,'1340700340942','2024-05-16'),(436,2567,'615',1,9,0,'1340700340942','2024-05-16'),(437,2567,'633',4,8,0,'1340700340942','2024-05-16'),(438,2567,'631',3,8,0,'1340700340942','2024-05-16'),(439,2567,'626',1,8,0,'1340700340942','2024-05-16'),(440,2567,'627',2,8,0,'1340700340942','2024-05-16'),(441,2567,'634',1,7,0,'1340700340942','2024-05-16'),(442,2567,'635',2,7,0,'1340700340942','2024-05-16'),(443,2567,'637',3,7,0,'1340700340942','2024-05-16'),(444,2567,'638',4,7,0,'1340700340942','2024-05-16'),(445,2567,'639',5,7,0,'1340700340942','2024-05-16'),(446,2567,'658',3,6,0,'1340700340942','2024-05-16'),(447,2567,'648',2,6,0,'1340700340942','2024-05-16'),(448,2567,'646',1,6,0,'1340700340942','2024-05-16'),(449,2567,'654',2,5,0,'1340700340942','2024-05-16'),(450,2567,'653',1,5,0,'1340700340942','2024-05-16'),(451,2567,'657',3,4,0,'1340700340942','2024-05-16'),(452,2567,'656',2,4,0,'1340700340942','2024-05-16'),(453,2567,'655',1,4,0,'1340700340942','2024-05-16'),(454,2567,'664',5,3,0,'1340700340942','2024-05-16'),(455,2567,'661',2,3,0,'1340700340942','2024-05-16'),(456,2567,'663',4,3,0,'1340700340942','2024-05-16'),(457,2567,'660',1,3,0,'1340700340942','2024-05-16'),(458,2567,'662',3,3,0,'1340700340942','2024-05-16'),(459,2567,'665',1,2,0,'1340700340942','2024-05-24'),(460,2567,'0',2,2,0,'1340700340942','2024-05-24'),(461,2567,'667',3,2,0,'1340700340942','2024-05-24'),(462,2567,'666',2,2,0,'1340700340942','2024-05-24'),(463,2567,'668',4,2,0,'1340700340942','2024-05-24'),(464,2567,'669',5,2,0,'1340700340942','2024-06-10'),(465,2567,'659',1,3,0,'1340700340942','2024-12-07'),(466,2567,'645',4,6,0,'1340700340942','2024-12-07'),(467,2567,'624',1,8,0,'1340700340942','2025-03-05'),(468,2567,'625',2,8,0,'1340700340942','2025-03-05'),(469,2568,'670',1,2,0,'1340700340942','2025-05-13'),(470,2568,'671',2,2,0,'1340700340942','2025-05-13'),(471,2568,'672',3,2,0,'1340700340942','2025-05-13'),(472,2568,'656',2,5,0,'1340700340942','2025-05-19'),(473,2568,'624',1,9,0,'1340700340942','2025-06-07'),(474,2568,'673',4,2,0,'1340700340942','2025-06-07'),(475,2568,'674',5,2,0,'1340700340942','2025-06-07'),(476,2568,'675',6,2,0,'1340700340942','2025-06-07'),(477,2568,'676',7,2,0,'1340700340942','2025-06-07'),(478,2568,'660',2,4,0,'1340700340942','2025-09-01'),(479,2568,'661',3,4,0,'1340700340942','2025-09-01'),(480,2568,'662',4,4,0,'1340700340942','2025-09-01'),(481,2568,'663',5,4,0,'1340700340942','2025-09-01'),(482,2568,'664',6,4,0,'1340700340942','2025-09-01');

--
-- Table structure for table `student_main_edyear`
--

CREATE TABLE `student_main_edyear` (
  `id` int(11) NOT NULL AUTO_INCREMENT,
  `ed_year` int(11) NOT NULL,
  `year_active` tinyint(4) NOT NULL,
  PRIMARY KEY (`id`),
  UNIQUE KEY `ed_year` (`ed_year`)
) ENGINE=MyISAM AUTO_INCREMENT=14 DEFAULT CHARSET=utf8 COLLATE=utf8_general_ci;

--
-- Dumping data for table `student_main_edyear`
--

INSERT INTO `student_main_edyear` VALUES (1,2557,0),(2,2558,0),(3,2559,0),(4,2560,0),(5,2561,0),(6,2562,0),(7,2563,0),(9,2564,0),(10,2565,0),(11,2566,0),(12,2567,0),(13,2568,1);

--
-- Table structure for table `student_main_expand1`
--

CREATE TABLE `student_main_expand1` (
  `id` int(11) NOT NULL AUTO_INCREMENT,
  `person_id` varchar(13) NOT NULL,
  `e_name` varchar(50) NOT NULL,
  `e_surname` varchar(50) NOT NULL,
  `birthday` date NOT NULL,
  `blood` varchar(2) NOT NULL,
  `race` varchar(30) NOT NULL,
  `nationlity` varchar(30) NOT NULL,
  `religion` varchar(30) NOT NULL,
  `rec_date` date NOT NULL,
  PRIMARY KEY (`id`),
  UNIQUE KEY `person_id` (`person_id`)
) ENGINE=MyISAM AUTO_INCREMENT=25 DEFAULT CHARSET=utf8 COLLATE=utf8_general_ci;

--
-- Dumping data for table `student_main_expand1`
--

INSERT INTO `student_main_expand1` VALUES (1,'1100704571207','poobodin','peugpan','2015-07-25','','','','','2022-09-17'),(2,'1749901574635','Anusara','Thanamkham','2015-10-28','','','','','2022-09-17'),(3,'1129701667805','Piyada','Prasert','2015-06-05','','','','','2022-09-17'),(4,'1341501568561','Thanakorn','Janmanee','2014-06-16','','','','','2022-09-17'),(5,'1348900342351','Voravit','Laofhai','2014-05-18','','','','','2022-09-17'),(6,'1348900359750','Watcharachai','Saywan','2014-12-16','','','','','2022-09-17'),(7,'1309904308727','Akkharaphon','Prakorpkeaw','2015-01-09','','','','','2022-09-17'),(8,'1348900349703','Tepharak','Naunlaong','2014-08-19','','','','','2022-09-17'),(9,'1341501563403','Patsorn','Praserith','2014-01-16','','','','','2022-09-17'),(10,'1139900752497','Pacharapol','Ratchayathi','2013-10-28','','','','','2022-09-17'),(11,'1348900316821','Adisorn','Wongwan','2013-07-06','','','','','2022-09-17'),(12,'1348900305064','Thantawan','Makhawong','2013-02-03','','','','','2022-09-17'),(13,'1129701594905','Sitthiphol','Phasoed','2013-01-05','','','','','2022-09-17'),(14,'1348900294704','Akkarin','Umket','2012-10-02','','','','','2022-09-17'),(15,'1348900308705','Kasarin','Phakhtong','2013-03-23','','','','','2022-09-17'),(16,'1347600070770','Thantharisatree','Samdeangfie','2012-07-31','','','','','2022-09-17'),(17,'1348900248338','Kittiphon','Meesorn','2011-04-16','','','','','2022-09-17'),(18,'1348900244014','valentine','prakhamthong','2011-02-14','','','','','2022-09-17'),(19,'1749901406015','Teeraphat','Chuephet','2012-01-31','','','','','2022-09-17'),(20,'1348900258970','Pichapope','Prakhamthong','2011-08-19','','','','','2022-09-17'),(21,'1341501528942','Kingkarn','Kulap','2011-02-01','','','','','2022-09-17'),(22,'1348900266361','Waranya','Kaewkromkai','2011-11-01','','','','','2022-09-17'),(23,'1348900261261','Saruta','Chantharangsi','2011-09-13','','','','','2022-09-17'),(24,'1347400001731','Jinnawat','khampan','2010-08-10','-','ไทย','ไทย','พุทธ','2022-09-17');

--
-- Table structure for table `student_main_permission`
--

CREATE TABLE `student_main_permission` (
  `id` int(11) NOT NULL AUTO_INCREMENT,
  `person_id` varchar(13) NOT NULL,
  `p1` tinyint(4) NOT NULL,
  `officer` varchar(13) NOT NULL,
  `rec_date` date NOT NULL,
  PRIMARY KEY (`id`)
) ENGINE=MyISAM AUTO_INCREMENT=6 DEFAULT CHARSET=utf8 COLLATE=utf8_general_ci;

--
-- Dumping data for table `student_main_permission`
--

INSERT INTO `student_main_permission` VALUES (1,'3451000143351',1,'3340701131201','2015-08-08'),(2,'3340700820860',1,'3340701131201','2015-08-08'),(3,'1340700341124',1,'1340700340942','2023-05-19'),(4,'1340700340942',1,'1340700340942','2019-07-11'),(5,'3310101791781',1,'3310101791781','2022-07-24');

--
-- Table structure for table `system_ed_year`
--

CREATE TABLE `system_ed_year` (
  `id` int(11) NOT NULL AUTO_INCREMENT,
  `ed_year` int(11) NOT NULL,
  `active_ed_year` tinyint(4) NOT NULL,
  PRIMARY KEY (`id`),
  UNIQUE KEY `ed_year` (`ed_year`)
) ENGINE=MyISAM DEFAULT CHARSET=utf8 COLLATE=utf8_general_ci;

--
-- Dumping data for table `system_ed_year`
--


--
-- Table structure for table `system_export_list`
--

CREATE TABLE `system_export_list` (
  `id` int(11) NOT NULL AUTO_INCREMENT,
  `data_name` varchar(50) NOT NULL,
  `thai_dataname` varchar(100) NOT NULL,
  PRIMARY KEY (`id`),
  UNIQUE KEY `data_name` (`data_name`)
) ENGINE=MyISAM AUTO_INCREMENT=7 DEFAULT CHARSET=utf8 COLLATE=utf8_general_ci;

--
-- Dumping data for table `system_export_list`
--

INSERT INTO `system_export_list` VALUES (1,'person','ข้อมูลครูและบุคลากร'),(2,'student','ข้อมูลพื้นฐานนักเรียน'),(3,'onet','ผลสอบ O-NET'),(4,'plan','แผนปฏิบัติการประจำปี'),(5,'student_check','การมาเรียน'),(6,'health','สุขภาพผู้เรียน');

--
-- Table structure for table `system_export_log`
--

CREATE TABLE `system_export_log` (
  `id` int(11) NOT NULL AUTO_INCREMENT,
  `computer_ip` varchar(25) NOT NULL,
  `requester` varchar(50) NOT NULL,
  `login_time` datetime NOT NULL,
  `data` varchar(20) NOT NULL,
  PRIMARY KEY (`id`)
) ENGINE=MyISAM AUTO_INCREMENT=151 DEFAULT CHARSET=utf8 COLLATE=utf8_general_ci;

--
-- Dumping data for table `system_export_log`
--

INSERT INTO `system_export_log` VALUES (1,'61.19.124.234','amssplus','2018-09-28 16:32:16','person'),(2,'61.19.124.234','amssplus','2019-07-11 03:16:50','student_check'),(3,'61.19.124.234','amssplus','2019-09-18 13:47:18','student_check'),(4,'61.19.124.234','amssplus','2019-09-18 14:07:20','student_check'),(5,'61.19.124.234','amssplus','2019-10-08 15:36:38','student_check'),(6,'122.155.223.9','amssplus','2020-02-06 10:28:47','student_check'),(7,'122.155.223.9','amssplus','2020-02-06 10:28:59','health'),(8,'122.155.223.9','amssplus','2020-02-06 10:29:05','plan'),(9,'122.155.223.9','amssplus','2020-03-30 15:02:54','student_check'),(10,'122.155.223.9','amssplus','2020-07-19 12:47:02','health'),(11,'122.155.223.9','amssplus','2020-07-19 12:47:06','health'),(12,'122.155.223.9','amssplus','2020-07-19 12:49:53','student_check'),(13,'122.155.223.9','amssplus','2020-07-19 12:49:57','student_check'),(14,'122.155.223.9','amssplus','2020-07-19 12:49:58','student_check'),(15,'122.155.223.9','amssplus','2020-07-19 12:50:00','student_check'),(16,'122.155.223.9','amssplus','2020-07-19 12:50:03','student_check'),(17,'122.155.223.9','amssplus','2020-07-19 12:50:05','student_check'),(18,'122.155.223.9','amssplus','2020-07-30 21:20:24','person'),(19,'122.155.223.9','amssplus','2020-08-05 10:30:14','student'),(20,'122.155.223.9','amssplus','2020-08-05 13:57:22','student'),(21,'122.155.223.9','amssplus','2020-08-05 13:57:43','student'),(22,'192.168.1.6','amssplus','2021-05-29 11:02:53','student'),(23,'192.168.1.6','amssplus','2021-05-29 11:03:54','student'),(24,'192.168.1.6','amssplus','2021-05-29 11:54:29','student'),(25,'192.168.1.6','amssplus','2021-05-29 11:57:27','student'),(26,'192.168.1.6','amssplus','2021-05-29 11:58:28','student'),(27,'192.168.1.6','amssplus','2021-05-29 12:13:02','student'),(28,'192.168.1.6','amssplus','2021-05-29 12:22:12','student'),(29,'192.168.1.6','amssplus','2021-05-29 12:23:58','student'),(30,'192.168.1.6','amssplus','2021-05-29 12:44:06','student'),(31,'192.168.1.6','amssplus','2021-05-29 12:50:53','student'),(32,'192.168.1.6','amssplus','2021-05-29 12:57:28','student'),(33,'192.168.1.6','amssplus','2021-05-29 12:58:32','student'),(34,'192.168.1.6','amssplus','2021-05-29 14:27:46','student'),(35,'192.168.1.6','amssplus','2021-05-29 14:28:20','student'),(36,'192.168.1.6','amssplus','2021-05-29 14:28:48','student'),(37,'192.168.1.6','amssplus','2021-05-29 14:29:26','student'),(38,'192.168.1.6','amssplus','2021-05-29 14:31:58','student'),(39,'10.1.1.3','amssplus','2021-10-06 10:32:16','student'),(40,'10.1.1.3','amssplus','2021-11-11 10:21:12','student_check'),(41,'10.1.1.3','amssplus','2021-11-11 10:21:19','student_check'),(42,'10.1.1.3','amssplus','2021-11-11 10:21:30','student_check'),(43,'10.1.1.3','amssplus','2021-11-11 10:21:34','student_check'),(44,'10.1.1.3','amssplus','2021-11-11 10:21:36','student_check'),(45,'10.1.1.3','amssplus','2021-11-11 10:21:43','plan'),(46,'10.1.1.3','amssplus','2022-09-07 14:40:45','student'),(47,'10.1.1.3','amssplus','2022-09-17 13:27:12','student'),(48,'10.1.1.3','amssplus','2022-09-17 14:08:19','student'),(49,'','amssplus','2023-01-02 14:23:42','student_check'),(50,'','amssplus','2023-01-02 17:52:55','student_check'),(51,'','amssplus','2023-01-02 17:54:30','student_check'),(52,'','amssplus','2023-01-02 17:55:04','student_check'),(53,'10.1.1.3','amssplus','2023-01-22 00:24:30','student'),(54,'127.0.0.1','amssplus','2023-02-16 09:21:32','student_check'),(55,'127.0.0.1','amssplus','2023-02-16 09:22:10','student_check'),(56,'127.0.0.1','amssplus','2023-02-16 09:33:04','student_check'),(57,'10.1.1.3','amssplus','2023-04-05 09:48:23','student_check'),(58,'10.1.1.3','amssplus','2023-04-05 22:38:14','student_check'),(59,'10.1.1.3','amssplus','2023-04-06 10:24:16','student_check'),(60,'10.1.1.3','amssplus','2023-04-06 10:25:07','student_check'),(61,'10.1.1.3','amssplus','2023-04-06 10:47:28','student_check'),(62,'10.1.1.3','amssplus','2023-04-06 13:13:42','student_check'),(63,'10.1.1.3','amssplus','2023-06-15 10:20:25','student_check'),(64,'10.1.1.3','amssplus','2023-06-15 10:59:13','student'),(65,'10.1.1.3','amssplus','2023-06-16 15:19:34','student'),(66,'10.1.1.3','amssplus','2023-07-04 11:26:11','student'),(67,'127.0.0.1','amssplus','2023-07-09 13:19:02','student_check'),(68,'127.0.0.1','amssplus','2023-07-09 13:19:48','student_check'),(69,'127.0.0.1','amssplus','2023-07-09 13:20:15','student_check'),(70,'127.0.0.1','amssplus','2023-07-09 13:20:47','student_check'),(71,'127.0.0.1','amssplus','2023-07-09 13:21:45','student_check'),(72,'127.0.0.1','amssplus','2023-07-09 13:27:59','student_check'),(73,'127.0.0.1','amssplus','2023-07-09 13:29:14','student_check'),(74,'127.0.0.1','amssplus','2023-07-09 13:31:16','student_check'),(75,'127.0.0.1','amssplus','2023-07-09 13:36:13','student_check'),(76,'127.0.0.1','amssplus','2023-07-09 13:37:42','student_check'),(77,'127.0.0.1','amssplus','2023-07-09 13:39:13','student_check'),(78,'127.0.0.1','amssplus','2023-07-09 13:41:20','student_check'),(79,'127.0.0.1','amssplus','2023-07-09 13:42:41','student_check'),(80,'127.0.0.1','amssplus','2023-07-09 13:43:40','student_check'),(81,'127.0.0.1','amssplus','2023-07-09 13:47:34','student_check'),(82,'127.0.0.1','amssplus','2023-07-09 13:59:32','student_check'),(83,'127.0.0.1','amssplus','2023-07-09 14:08:15','student_check'),(84,'127.0.0.1','amssplus','2023-07-09 14:17:27','student_check'),(85,'127.0.0.1','amssplus','2023-07-11 07:58:02','student_check'),(86,'127.0.0.1','amssplus','2023-07-11 08:13:02','student_check'),(87,'127.0.0.1','amssplus','2023-07-11 08:13:52','student_check'),(88,'127.0.0.1','amssplus','2023-07-11 08:14:43','student_check'),(89,'127.0.0.1','amssplus','2023-07-26 13:59:26','student_check'),(90,'127.0.0.1','amssplus','2023-07-26 14:01:02','student_check'),(91,'127.0.0.1','amssplus','2023-07-26 14:02:38','student_check'),(92,'127.0.0.1','amssplus','2023-07-26 14:53:19','student_check'),(93,'127.0.0.1','amssplus','2023-07-26 14:59:02','student_check'),(94,'127.0.0.1','amssplus','2023-07-26 15:09:40','student_check'),(95,'127.0.0.1','amssplus','2023-07-26 15:11:31','student_check'),(96,'127.0.0.1','amssplus','2023-07-26 15:12:29','student_check'),(97,'127.0.0.1','amssplus','2023-07-26 15:19:06','student_check'),(98,'127.0.0.1','amssplus','2023-07-26 15:23:02','student_check'),(99,'127.0.0.1','amssplus','2023-07-26 15:27:52','student_check'),(100,'127.0.0.1','amssplus','2023-07-26 15:31:34','student_check'),(101,'127.0.0.1','amssplus','2023-07-26 15:32:41','student_check'),(102,'127.0.0.1','amssplus','2023-07-26 15:33:36','student_check'),(103,'127.0.0.1','amssplus','2023-07-26 15:46:13','student_check'),(104,'127.0.0.1','amssplus','2023-07-26 15:49:28','student_check'),(105,'127.0.0.1','amssplus','2023-07-26 15:51:25','student_check'),(106,'127.0.0.1','amssplus','2023-07-26 15:53:12','student_check'),(107,'127.0.0.1','amssplus','2023-07-26 15:57:43','student_check'),(108,'127.0.0.1','amssplus','2023-07-26 17:14:22','student_check'),(109,'127.0.0.1','amssplus','2023-07-26 17:20:11','student_check'),(110,'127.0.0.1','amssplus','2023-07-26 17:27:04','student_check'),(111,'127.0.0.1','amssplus','2023-07-26 17:28:38','student_check'),(112,'127.0.0.1','amssplus','2023-07-26 17:42:41','student_check'),(113,'10.1.1.3','amssplus','2023-08-24 09:05:33','student_check'),(114,'10.1.1.3','amssplus','2023-08-31 09:02:51','student_check'),(115,'10.1.1.3','amssplus','2023-08-31 09:03:19','student_check'),(116,'10.1.1.3','amssplus','2023-08-31 09:03:39','student_check'),(117,'10.1.1.3','amssplus','2023-09-15 20:10:53','student'),(118,'','amssplus','2023-10-25 14:28:43','student_check'),(119,'','amssplus','2023-10-25 14:28:46','student_check'),(120,'','amssplus','2023-10-25 14:28:48','student_check'),(121,'10.255.199.107','amssplus','2023-11-29 08:55:48','student_check'),(122,'10.255.199.107','amssplus','2023-12-15 12:15:50','student_check'),(123,'10.255.199.107','amssplus','2024-01-25 03:50:23','student_check'),(124,'10.255.199.107','amssplus','2024-06-10 11:59:48','student'),(125,'10.255.199.107','amssplus','2024-06-10 12:33:47','student'),(126,'10.255.199.107','amssplus','2024-06-14 10:46:05','student'),(127,'10.255.199.107','amssplus','2024-06-14 10:52:07','student'),(128,'10.255.199.107','amssplus','2024-06-17 04:37:32','person'),(129,'10.255.199.107','amssplus','2024-06-17 04:39:47','person'),(130,'10.255.199.107','amssplus','2024-06-20 04:51:35','student_check'),(131,'10.255.199.107','amssplus','2024-08-08 03:18:57','person'),(132,'10.255.199.107','amssplus','2024-11-06 03:40:16','health'),(133,'10.255.199.107','amssplus','2024-11-06 03:40:19','health'),(134,'10.255.199.107','amssplus','2024-11-06 03:40:55','plan'),(135,'10.255.199.107','amssplus','2025-03-11 07:57:44','student_check'),(136,'10.255.199.107','amssplus','2025-03-11 07:58:04','student_check'),(137,'10.255.199.107','amssplus','2025-03-28 01:48:40','student_check'),(138,'10.255.199.107','amssplus','2025-05-29 08:07:45','person'),(139,'10.255.199.107','amssplus','2025-05-29 08:14:00','person'),(140,'10.255.199.107','amssplus','2025-06-08 04:21:20','student'),(141,'10.255.199.107','amssplus','2025-06-08 04:23:09','student'),(142,'10.255.199.107','amssplus','2025-07-30 08:33:28','student_check'),(143,'10.255.199.107','amssplus','2025-08-01 22:22:46','student_check'),(144,'10.255.199.107','amssplus','2025-08-01 22:22:50','student_check'),(145,'10.255.199.107','amssplus','2025-08-14 04:06:12','person'),(146,'10.255.199.107','amssplus','2025-08-14 04:06:48','person'),(147,'10.255.199.107','amssplus','2025-08-14 04:25:29','student'),(148,'10.255.199.107','amssplus','2025-08-29 02:40:18','student_check'),(149,'10.255.199.107','amssplus','2025-09-13 05:43:36','student_check'),(150,'10.255.199.107','amssplus','2025-09-13 05:54:44','student_check');

--
-- Table structure for table `system_export_permission`
--

CREATE TABLE `system_export_permission` (
  `id` int(11) NOT NULL AUTO_INCREMENT,
  `requester` varchar(50) NOT NULL,
  `data_name` varchar(50) NOT NULL,
  `status` tinyint(4) NOT NULL DEFAULT 0,
  PRIMARY KEY (`id`)
) ENGINE=MyISAM AUTO_INCREMENT=7 DEFAULT CHARSET=utf8 COLLATE=utf8_general_ci;

--
-- Dumping data for table `system_export_permission`
--

INSERT INTO `system_export_permission` VALUES (1,'amssplus','plan',1),(2,'amssplus','onet',1),(3,'amssplus','student',1),(4,'amssplus','person',1),(5,'amssplus','student_check',1),(6,'amssplus','health',1);

--
-- Table structure for table `system_module`
--

CREATE TABLE `system_module` (
  `id` int(11) NOT NULL AUTO_INCREMENT,
  `module` varchar(50) NOT NULL,
  `module_desc` varchar(100) NOT NULL,
  `workgroup` tinyint(4) DEFAULT NULL,
  `module_active` tinyint(4) DEFAULT NULL,
  `module_order` int(11) NOT NULL,
  `web_link` tinyint(4) DEFAULT NULL,
  `url` varchar(150) DEFAULT NULL,
  `where_work` tinyint(4) NOT NULL DEFAULT 0,
  `menu_pic` varchar(25) NOT NULL,
  PRIMARY KEY (`id`),
  UNIQUE KEY `module` (`module`)
) ENGINE=MyISAM AUTO_INCREMENT=32 DEFAULT CHARSET=utf8 COLLATE=utf8_general_ci;

--
-- Dumping data for table `system_module`
--

INSERT INTO `system_module` VALUES (1,'budget','การเงินและบัญชี',2,1,23,NULL,NULL,0,'fab fa-btc'),(2,'person','ข้อมูลพื้นฐานครูและบุคลากร',3,1,27,NULL,NULL,0,'fa fa-user-circle'),(3,'standard','มาตรฐานการศึกษา',1,1,19,NULL,NULL,0,''),(4,'health','ตรวจสุขภาพนักเรียน',1,1,5,NULL,NULL,0,''),(5,'student_check','การมาเรียน',1,1,1,NULL,NULL,0,'fa fa-child'),(6,'work','﻿การปฏิบัติราชการ',4,1,45,NULL,NULL,0,''),(7,'news','﻿รายงานข่าว',4,1,51,0,'',0,''),(8,'savings','ออมทรัพย์นักเรียน',1,1,3,NULL,NULL,0,'fab fa-btc'),(9,'student_main','ข้อมูลพื้นฐานนักเรียน',1,1,7,NULL,NULL,0,'fa fa-child'),(10,'plan','การวางแผน',2,1,21,NULL,NULL,0,''),(11,'la','﻿การลา',4,1,43,NULL,NULL,0,''),(12,'mail','ไปรษณีย์_โรงเรียน',4,1,34,NULL,NULL,0,'fa fa-envelope'),(13,'meeting','﻿จองห้องประชุม',4,1,47,NULL,NULL,0,''),(14,'permission','﻿ขออนุญาตไปราชการ',4,1,41,NULL,NULL,0,''),(15,'achievement','﻿ผลสัมฤทธิ์ทางการเรียน',1,1,17,NULL,NULL,0,'fa fa-graduation-cap'),(16,'cabinet','﻿ตู้เอกสาร',4,1,49,NULL,NULL,0,''),(17,'bookregister','﻿ทะเบียนหนังสือราชการ',4,1,31,NULL,NULL,0,'fa fa-book'),(18,'affair','﻿ภารกิจผู้อำนวยการ',4,1,39,0,'',0,''),(19,'amss_bets','﻿ทดสอบการศึกษา_สพท.',1,1,9,0,'',1,'fa fa-graduation-cap'),(20,'amss_budget','﻿การบริหารงบประมาณ_สพท.',2,1,25,0,'',0,'fab fa-btc'),(21,'amss_mail','﻿ไปรษณีย์_สพท.',4,1,35,0,'',0,'fa fa-envelope'),(22,'amss_opportunity','﻿สิทธิและโอกาสทางการศึกษา',1,1,13,0,'',0,'fa fa-child'),(23,'amss_spacial_student','﻿นักเรียนพิเศษ',1,1,15,0,'',0,'fa fa-child'),(24,'amss_supervision','﻿นิเทศ ติดตาม ประเมินผล',1,1,11,0,'',0,'fa fa-graduation-cap'),(25,'book','﻿รับส่งหนังสือราชการ',4,1,33,0,'',0,'fa fa-book'),(26,'delegate','﻿รักษาการในตำแหน่ง',3,1,29,0,'',0,''),(27,'bets','﻿ระบบทดสอบการศึกษา',1,1,0,0,'',1,'fa fa-graduation-cap'),(28,'warroom','﻿วิเคราะห์สภาพการณ์',1,1,0,0,'',0,'fa fa-filter'),(29,'questionnaire','﻿แบบสอบถาม',4,1,0,0,'',0,''),(30,'idplan','﻿ข้อมูลครูและบุคลากร(ส่วนเพิ่ม)',3,1,0,0,'',0,''),(31,'amss_safety','สถานศึกษาปลอดภัย',1,1,0,0,'',0,'');

--
-- Table structure for table `system_module_admin`
--

CREATE TABLE `system_module_admin` (
  `id` int(11) NOT NULL AUTO_INCREMENT,
  `person_id` varchar(13) NOT NULL,
  `module` varchar(30) NOT NULL,
  `officer` varchar(13) NOT NULL,
  `rec_date` date NOT NULL,
  PRIMARY KEY (`id`)
) ENGINE=MyISAM AUTO_INCREMENT=50 DEFAULT CHARSET=utf8 COLLATE=utf8_general_ci;

--
-- Dumping data for table `system_module_admin`
--

INSERT INTO `system_module_admin` VALUES (2,'3340701131201','student_check','7777','2015-08-07'),(3,'3340701131201','bookregister','7777','2015-08-07'),(4,'3340701131201','health','7777','2015-08-07'),(5,'3340701131201','mail','7777','2015-08-07'),(6,'3340701131201','person','7777','2015-08-07'),(7,'3340701131201','savings','7777','2015-08-07'),(9,'3340701131201','student_main','7777','2015-08-07'),(10,'1340700340942','work','1340700340942','2018-11-15'),(11,'3340701131201','budget','3340701131201','2015-08-08'),(12,'3340701131201','plan','3340701131201','2015-08-08'),(13,'3340700820860','budget','3340701131201','2015-08-08'),(14,'3340700820860','plan','3340701131201','2015-08-08'),(15,'3451000143351','budget','7777','2015-08-08'),(16,'3451000143351','budget','3340701131201','2015-08-08'),(17,'3451000143351','plan','3340701131201','2015-08-08'),(18,'3451000143351','achievement','3340701131201','2015-08-08'),(19,'3340700820860','achievement','3340701131201','2015-08-08'),(20,'1340700340942','permission','1340700340942','2018-11-15'),(21,'3340701131201','work','1340700340942','2018-11-15'),(22,'1340700340942','person','1340700340942','2018-11-15'),(23,'1340700340942','student_main','1340700340942','2018-11-15'),(24,'1340700340942','student_check','1340700340942','2018-11-15'),(25,'1340700340942','savings','1340700340942','2018-11-15'),(26,'1340700340942','health','1340700340942','2018-11-15'),(27,'1340700340942','affair','1340700340942','2018-11-15'),(28,'1340700340942','la','1340700340942','2018-11-15'),(29,'1340700340942','bookregister','1340700340942','2018-11-15'),(30,'1340700340942','book','1340700340942','2018-11-15'),(31,'1340700340942','delegate','1340700340942','2018-11-15'),(32,'1340700340942','mail','1340700340942','2018-11-15'),(33,'1340700340942','amss_mail','1340700340942','2018-11-15'),(34,'1340700340942','budget','1340700340942','2018-11-15'),(35,'1340700340942','amss_budget','1340700340942','2018-11-15'),(36,'1340700340942','plan','1340700340942','2018-11-15'),(37,'1340700340942','bets','1340700340942','2018-11-15'),(38,'1340700340942','cabinet','1340700340942','2018-11-15'),(39,'3340700820860','student_main','3340700820860','2018-11-26'),(40,'3310101791781','idplan','1349900002801','2022-07-24'),(41,'3310101791781','person','1349900002801','2022-07-24'),(42,'3310101791781','student_main','1349900002801','2022-07-24'),(43,'3310101791781','amss_bets','1349900002801','2022-07-24'),(44,'3310101791781','budget','1349900002801','2022-07-24'),(45,'3310101791781','savings','1349900002801','2022-07-24'),(46,'3310101791781','amss_budget','1349900002801','2022-07-24'),(47,'3310101791781','book','1349900002801','2022-07-24'),(48,'3310101791781','plan','1349900002801','2022-07-24'),(49,'3340700820860','amss_bets','7777','2022-10-06');

--
-- Table structure for table `system_school_name`
--

CREATE TABLE `system_school_name` (
  `id` tinyint(4) NOT NULL,
  `school_name` varchar(200) NOT NULL,
  `school_type` tinyint(4) NOT NULL DEFAULT 0,
  PRIMARY KEY (`id`)
) ENGINE=MyISAM DEFAULT CHARSET=utf8 COLLATE=utf8_general_ci;

--
-- Dumping data for table `system_school_name`
--

INSERT INTO `system_school_name` VALUES (1,'โรงเรียนบ้านแก้งยาง',0);

--
-- Table structure for table `system_sync_code`
--

CREATE TABLE `system_sync_code` (
  `id` tinyint(4) NOT NULL AUTO_INCREMENT,
  `office_code` varchar(10) NOT NULL,
  `system_name` varchar(50) NOT NULL,
  `sync_code` varchar(50) NOT NULL,
  `amssplus_url` varchar(100) NOT NULL,
  PRIMARY KEY (`id`),
  UNIQUE KEY `system_name` (`system_name`)
) ENGINE=MyISAM AUTO_INCREMENT=4 DEFAULT CHARSET=utf8 COLLATE=utf8_general_ci;

--
-- Dumping data for table `system_sync_code`
--

INSERT INTO `system_sync_code` VALUES (3,'34040124','amssplus','34040124','http://10.255.199.107/amssplus');

--
-- Table structure for table `system_version`
--

CREATE TABLE `system_version` (
  `id` int(11) NOT NULL AUTO_INCREMENT,
  `smss_version` varchar(100) NOT NULL,
  `status1` int(11) DEFAULT NULL,
  `status2` int(11) DEFAULT NULL,
  `status3` int(11) DEFAULT NULL,
  `status4` int(11) DEFAULT NULL,
  `status5` int(11) DEFAULT NULL,
  PRIMARY KEY (`id`)
) ENGINE=MyISAM AUTO_INCREMENT=2 DEFAULT CHARSET=utf8 COLLATE=utf8_general_ci;

--
-- Dumping data for table `system_version`
--

INSERT INTO `system_version` VALUES (1,'6.4',1,0,0,0,0);

--
-- Table structure for table `system_workgroup`
--

CREATE TABLE `system_workgroup` (
  `id` tinyint(4) NOT NULL AUTO_INCREMENT,
  `workgroup` tinyint(4) NOT NULL,
  `workgroup_desc` varchar(50) NOT NULL,
  `workgroup_order` int(11) NOT NULL,
  PRIMARY KEY (`id`),
  UNIQUE KEY `workgroup` (`workgroup`)
) ENGINE=MyISAM AUTO_INCREMENT=5 DEFAULT CHARSET=utf8 COLLATE=utf8_general_ci;

--
-- Dumping data for table `system_workgroup`
--

INSERT INTO `system_workgroup` VALUES (1,1,'บริหารวิชาการ',4),(2,2,'บริหารงบประมาณ',6),(3,3,'บริหารงานบุคคล',8),(4,4,'บริหารทั่วไป',10);

--
-- Table structure for table `work_main`
--

CREATE TABLE `work_main` (
  `id` int(11) NOT NULL AUTO_INCREMENT,
  `work_date` date NOT NULL,
  `person_id` varchar(13) NOT NULL,
  `work` tinyint(4) NOT NULL DEFAULT 0,
  `comment` varchar(150) DEFAULT NULL,
  `rec_date` datetime NOT NULL,
  `officer` varchar(13) NOT NULL,
  PRIMARY KEY (`id`),
  KEY `work_date` (`work_date`),
  KEY `person_id` (`person_id`)
) ENGINE=MyISAM AUTO_INCREMENT=603 DEFAULT CHARSET=utf8 COLLATE=utf8_general_ci;

--
-- Dumping data for table `work_main`
--

INSERT INTO `work_main` VALUES (1,'2018-11-15','3340100228242',1,NULL,'2018-11-28 09:08:22','1340700340942'),(2,'2018-11-15','3341500457606',1,NULL,'2018-11-28 09:08:22','1340700340942'),(3,'2018-11-15','3451000143351',1,NULL,'2018-11-28 09:08:22','1340700340942'),(4,'2018-11-15','1340700340942',2,NULL,'2018-11-28 09:08:22','1340700340942'),(5,'2018-11-15','3340700820860',1,NULL,'2018-11-28 09:08:22','1340700340942'),(6,'2018-11-14','3340100228242',1,NULL,'2018-11-28 09:08:27','1340700340942'),(7,'2018-11-14','3341500457606',1,NULL,'2018-11-28 09:08:27','1340700340942'),(8,'2018-11-14','3451000143351',1,NULL,'2018-11-28 09:08:27','1340700340942'),(9,'2018-11-14','1340700340942',1,NULL,'2018-11-28 09:08:27','1340700340942'),(10,'2018-11-14','3340700820860',1,NULL,'2018-11-28 09:08:27','1340700340942'),(11,'2018-11-13','3340100228242',1,NULL,'2018-11-28 09:08:33','1340700340942'),(12,'2018-11-13','3341500457606',1,NULL,'2018-11-28 09:08:33','1340700340942'),(13,'2018-11-13','3451000143351',1,NULL,'2018-11-28 09:08:33','1340700340942'),(14,'2018-11-13','1340700340942',2,NULL,'2018-11-28 09:08:33','1340700340942'),(15,'2018-11-13','3340700820860',1,NULL,'2018-11-28 09:08:33','1340700340942'),(16,'2018-11-16','3340100228242',1,NULL,'2018-11-28 09:08:15','1340700340942'),(17,'2018-11-16','3341500457606',1,NULL,'2018-11-28 09:08:15','1340700340942'),(18,'2018-11-16','3451000143351',1,NULL,'2018-11-28 09:08:15','1340700340942'),(19,'2018-11-16','1340700340942',1,NULL,'2018-11-28 09:08:15','1340700340942'),(20,'2018-11-16','3340700820860',1,NULL,'2018-11-28 09:08:15','1340700340942'),(21,'2018-11-19','3340100228242',1,NULL,'2018-11-28 09:08:09','1340700340942'),(22,'2018-11-19','3341500457606',1,NULL,'2018-11-28 09:08:09','1340700340942'),(23,'2018-11-19','3451000143351',1,NULL,'2018-11-28 09:08:09','1340700340942'),(24,'2018-11-19','1340700340942',1,NULL,'2018-11-28 09:08:09','1340700340942'),(25,'2018-11-19','3340700820860',1,NULL,'2018-11-28 09:08:09','1340700340942'),(26,'2018-11-20','3340100228242',1,NULL,'2018-11-28 09:08:03','1340700340942'),(27,'2018-11-20','3341500457606',1,NULL,'2018-11-28 09:08:03','1340700340942'),(28,'2018-11-20','3451000143351',1,NULL,'2018-11-28 09:08:03','1340700340942'),(29,'2018-11-20','1340700340942',1,NULL,'2018-11-28 09:08:03','1340700340942'),(30,'2018-11-20','3340700820860',1,NULL,'2018-11-28 09:08:03','1340700340942'),(31,'2018-11-21','3340100228242',1,NULL,'2018-11-28 09:07:56','1340700340942'),(32,'2018-11-21','3341500457606',1,NULL,'2018-11-28 09:07:56','1340700340942'),(33,'2018-11-21','3451000143351',1,NULL,'2018-11-28 09:07:56','1340700340942'),(34,'2018-11-21','1340700340942',1,NULL,'2018-11-28 09:07:56','1340700340942'),(35,'2018-11-21','3340700820860',1,NULL,'2018-11-28 09:07:56','1340700340942'),(36,'2018-11-22','3340100228242',1,NULL,'2018-11-28 09:07:50','1340700340942'),(37,'2018-11-22','3341500457606',1,NULL,'2018-11-28 09:07:50','1340700340942'),(38,'2018-11-22','3451000143351',1,NULL,'2018-11-28 09:07:50','1340700340942'),(39,'2018-11-22','1340700340942',1,NULL,'2018-11-28 09:07:50','1340700340942'),(40,'2018-11-22','3340700820860',1,NULL,'2018-11-28 09:07:50','1340700340942'),(41,'2018-11-27','3340100228242',1,NULL,'2018-11-28 09:07:20','1340700340942'),(42,'2018-11-27','3341500457606',1,NULL,'2018-11-28 09:07:20','1340700340942'),(43,'2018-11-27','3451000143351',1,NULL,'2018-11-28 09:07:20','1340700340942'),(44,'2018-11-27','1340700340942',1,NULL,'2018-11-28 09:07:20','1340700340942'),(45,'2018-11-27','3340700820860',1,NULL,'2018-11-28 09:07:20','1340700340942'),(46,'2018-11-26','3340100228242',1,NULL,'2018-11-28 09:07:26','1340700340942'),(47,'2018-11-26','3341500457606',1,NULL,'2018-11-28 09:07:26','1340700340942'),(48,'2018-11-26','3451000143351',1,NULL,'2018-11-28 09:07:26','1340700340942'),(49,'2018-11-26','1340700340942',1,NULL,'2018-11-28 09:07:26','1340700340942'),(50,'2018-11-26','3340700820860',1,NULL,'2018-11-28 09:07:26','1340700340942'),(51,'2018-11-01','3340100228242',1,NULL,'2018-11-28 09:09:17','1340700340942'),(52,'2018-11-01','3341500457606',1,NULL,'2018-11-28 09:09:17','1340700340942'),(53,'2018-11-01','3451000143351',1,NULL,'2018-11-28 09:09:17','1340700340942'),(54,'2018-11-01','1340700340942',1,NULL,'2018-11-28 09:09:17','1340700340942'),(55,'2018-11-01','3340700820860',1,NULL,'2018-11-28 09:09:17','1340700340942'),(56,'2018-11-02','3340100228242',1,NULL,'2018-11-28 09:09:12','1340700340942'),(57,'2018-11-02','3341500457606',1,NULL,'2018-11-28 09:09:12','1340700340942'),(58,'2018-11-02','3451000143351',1,NULL,'2018-11-28 09:09:12','1340700340942'),(59,'2018-11-02','1340700340942',1,NULL,'2018-11-28 09:09:12','1340700340942'),(60,'2018-11-02','3340700820860',1,NULL,'2018-11-28 09:09:12','1340700340942'),(61,'2018-11-03','3340100228242',1,NULL,'2018-11-27 09:43:37','1340700340942'),(62,'2018-11-03','3341500457606',1,NULL,'2018-11-27 09:43:37','1340700340942'),(63,'2018-11-03','3451000143351',1,NULL,'2018-11-27 09:43:37','1340700340942'),(64,'2018-11-03','1340700340942',1,NULL,'2018-11-27 09:43:37','1340700340942'),(65,'2018-11-05','3340100228242',1,NULL,'2018-11-28 09:09:06','1340700340942'),(66,'2018-11-05','3341500457606',1,NULL,'2018-11-28 09:09:06','1340700340942'),(67,'2018-11-05','3451000143351',1,NULL,'2018-11-28 09:09:06','1340700340942'),(68,'2018-11-05','1340700340942',1,NULL,'2018-11-28 09:09:06','1340700340942'),(69,'2018-11-05','3340700820860',1,NULL,'2018-11-28 09:09:06','1340700340942'),(70,'2018-11-06','3340100228242',1,NULL,'2018-11-28 09:09:02','1340700340942'),(71,'2018-11-06','3341500457606',1,NULL,'2018-11-28 09:09:02','1340700340942'),(72,'2018-11-06','3451000143351',1,NULL,'2018-11-28 09:09:02','1340700340942'),(73,'2018-11-06','1340700340942',1,NULL,'2018-11-28 09:09:02','1340700340942'),(74,'2018-11-06','3340700820860',1,NULL,'2018-11-28 09:09:02','1340700340942'),(75,'2018-11-07','3340100228242',1,NULL,'2018-11-28 09:08:57','1340700340942'),(76,'2018-11-07','3341500457606',1,NULL,'2018-11-28 09:08:57','1340700340942'),(77,'2018-11-07','3451000143351',1,NULL,'2018-11-28 09:08:57','1340700340942'),(78,'2018-11-07','1340700340942',1,NULL,'2018-11-28 09:08:57','1340700340942'),(79,'2018-11-07','3340700820860',1,NULL,'2018-11-28 09:08:57','1340700340942'),(80,'2018-11-08','3340100228242',1,NULL,'2018-11-28 09:08:51','1340700340942'),(81,'2018-11-08','3341500457606',1,NULL,'2018-11-28 09:08:51','1340700340942'),(82,'2018-11-08','3451000143351',1,NULL,'2018-11-28 09:08:51','1340700340942'),(83,'2018-11-08','1340700340942',1,NULL,'2018-11-28 09:08:51','1340700340942'),(84,'2018-11-08','3340700820860',1,NULL,'2018-11-28 09:08:51','1340700340942'),(85,'2018-11-09','3340100228242',1,NULL,'2018-11-28 09:08:46','1340700340942'),(86,'2018-11-09','3341500457606',1,NULL,'2018-11-28 09:08:46','1340700340942'),(87,'2018-11-09','3451000143351',1,NULL,'2018-11-28 09:08:46','1340700340942'),(88,'2018-11-09','1340700340942',1,NULL,'2018-11-28 09:08:46','1340700340942'),(89,'2018-11-09','3340700820860',1,NULL,'2018-11-28 09:08:46','1340700340942'),(90,'2018-11-12','3340100228242',1,NULL,'2018-11-28 09:08:39','1340700340942'),(91,'2018-11-12','3341500457606',1,NULL,'2018-11-28 09:08:39','1340700340942'),(92,'2018-11-12','3451000143351',1,NULL,'2018-11-28 09:08:39','1340700340942'),(93,'2018-11-12','1340700340942',1,NULL,'2018-11-28 09:08:39','1340700340942'),(94,'2018-11-12','3340700820860',1,NULL,'2018-11-28 09:08:39','1340700340942'),(95,'2018-11-23','3340100228242',1,NULL,'2018-11-28 09:07:42','1340700340942'),(96,'2018-11-23','3341500457606',1,NULL,'2018-11-28 09:07:42','1340700340942'),(97,'2018-11-23','3451000143351',1,NULL,'2018-11-28 09:07:42','1340700340942'),(98,'2018-11-23','1340700340942',1,NULL,'2018-11-28 09:07:42','1340700340942'),(99,'2018-11-23','3340700820860',1,NULL,'2018-11-28 09:07:42','1340700340942'),(100,'2018-11-10','3340100228242',2,NULL,'2018-11-27 09:41:32','1340700340942'),(101,'2018-11-10','1340700340942',2,NULL,'2018-11-27 09:41:32','1340700340942'),(102,'2018-11-11','3340100228242',2,NULL,'2018-11-27 09:41:42','1340700340942'),(103,'2018-11-11','1340700340942',2,NULL,'2018-11-27 09:41:42','1340700340942'),(104,'2018-11-03','3340700820860',1,NULL,'2018-11-27 09:43:37','1340700340942'),(105,'2018-11-28','3340100228242',1,NULL,'2018-11-28 09:07:14','1340700340942'),(106,'2018-11-28','3341500457606',1,NULL,'2018-11-28 09:07:14','1340700340942'),(107,'2018-11-28','1340700340942',1,NULL,'2018-11-28 09:07:14','1340700340942'),(108,'2018-11-28','3340700820860',1,NULL,'2018-11-28 09:07:14','1340700340942'),(109,'2018-11-28','3451000143351',1,NULL,'2018-11-28 09:07:14','1340700340942'),(110,'2018-11-28','3340700338821',1,NULL,'2018-11-28 09:07:14','1340700340942'),(111,'2018-11-27','3340700338821',1,NULL,'2018-11-28 09:07:20','1340700340942'),(112,'2018-11-26','3340700338821',1,NULL,'2018-11-28 09:07:26','1340700340942'),(113,'2018-11-23','3340700338821',1,NULL,'2018-11-28 09:07:42','1340700340942'),(114,'2018-11-22','3340700338821',1,NULL,'2018-11-28 09:07:50','1340700340942'),(115,'2018-11-21','3340700338821',1,NULL,'2018-11-28 09:07:56','1340700340942'),(116,'2018-11-20','3340700338821',1,NULL,'2018-11-28 09:08:03','1340700340942'),(117,'2018-11-19','3340700338821',1,NULL,'2018-11-28 09:08:09','1340700340942'),(118,'2018-11-16','3340700338821',1,NULL,'2018-11-28 09:08:15','1340700340942'),(119,'2018-11-15','3340700338821',1,NULL,'2018-11-28 09:08:22','1340700340942'),(120,'2018-11-14','3340700338821',1,NULL,'2018-11-28 09:08:27','1340700340942'),(121,'2018-11-13','3340700338821',1,NULL,'2018-11-28 09:08:33','1340700340942'),(122,'2018-11-12','3340700338821',1,NULL,'2018-11-28 09:08:39','1340700340942'),(123,'2018-11-09','3340700338821',1,NULL,'2018-11-28 09:08:46','1340700340942'),(124,'2018-11-08','3340700338821',1,NULL,'2018-11-28 09:08:51','1340700340942'),(125,'2018-11-07','3340700338821',1,NULL,'2018-11-28 09:08:57','1340700340942'),(126,'2018-11-06','3340700338821',1,NULL,'2018-11-28 09:09:02','1340700340942'),(127,'2018-11-05','3340700338821',1,NULL,'2018-11-28 09:09:06','1340700340942'),(128,'2018-11-02','3340700338821',1,NULL,'2018-11-28 09:09:12','1340700340942'),(129,'2018-11-01','3340700338821',1,NULL,'2018-11-28 09:09:17','1340700340942'),(130,'2018-11-30','3340100228242',2,NULL,'2018-11-30 10:57:03','1340700340942'),(131,'2018-11-30','3341500457606',1,NULL,'2018-11-30 10:57:03','1340700340942'),(132,'2018-11-30','3451000143351',1,NULL,'2018-11-30 10:57:03','1340700340942'),(133,'2018-11-30','1340700340942',2,NULL,'2018-11-30 10:57:03','1340700340942'),(134,'2018-11-30','3340700338821',1,NULL,'2018-11-30 10:57:03','1340700340942'),(135,'2018-11-30','3340700820860',1,NULL,'2018-11-30 10:57:03','1340700340942'),(136,'2018-11-29','3340100228242',1,NULL,'2018-11-30 08:43:32','1340700340942'),(137,'2018-11-29','3341500457606',1,NULL,'2018-11-30 08:43:32','1340700340942'),(138,'2018-11-29','3451000143351',1,NULL,'2018-11-30 08:43:32','1340700340942'),(139,'2018-11-29','1340700340942',1,NULL,'2018-11-30 08:43:32','1340700340942'),(140,'2018-11-29','3340700338821',1,NULL,'2018-11-30 08:43:32','1340700340942'),(141,'2018-11-29','3340700820860',1,NULL,'2018-11-30 08:43:32','1340700340942'),(142,'2018-12-03','3340100228242',1,NULL,'2018-12-03 09:25:52','1340700340942'),(143,'2018-12-03','3341500457606',1,NULL,'2018-12-03 09:25:52','1340700340942'),(144,'2018-12-03','3451000143351',1,NULL,'2018-12-03 09:25:52','1340700340942'),(145,'2018-12-03','1340700340942',1,NULL,'2018-12-03 09:25:52','1340700340942'),(146,'2018-12-03','3340700338821',1,NULL,'2018-12-03 09:25:52','1340700340942'),(147,'2018-12-03','3340700820860',1,NULL,'2018-12-03 09:25:52','1340700340942'),(148,'2018-12-07','3340100228242',1,NULL,'2018-12-07 18:46:38','1340700340942'),(149,'2018-12-07','3341500457606',1,NULL,'2018-12-07 18:46:38','1340700340942'),(150,'2018-12-07','3451000143351',1,NULL,'2018-12-07 18:46:38','1340700340942'),(151,'2018-12-07','1340700340942',2,NULL,'2018-12-07 18:46:38','1340700340942'),(152,'2018-12-07','3340700338821',1,NULL,'2018-12-07 18:46:38','1340700340942'),(153,'2018-12-07','3340700820860',1,NULL,'2018-12-07 18:46:38','1340700340942'),(154,'2018-12-06','3340100228242',1,NULL,'2018-12-07 18:46:59','1340700340942'),(155,'2018-12-06','3341500457606',1,NULL,'2018-12-07 18:46:59','1340700340942'),(156,'2018-12-06','3451000143351',1,NULL,'2018-12-07 18:46:59','1340700340942'),(157,'2018-12-06','1340700340942',1,NULL,'2018-12-07 18:46:59','1340700340942'),(158,'2018-12-06','3340700338821',1,NULL,'2018-12-07 18:46:59','1340700340942'),(159,'2018-12-06','3340700820860',1,NULL,'2018-12-07 18:46:59','1340700340942'),(160,'2018-12-04','3340100228242',1,NULL,'2018-12-07 18:47:12','1340700340942'),(161,'2018-12-04','3341500457606',1,NULL,'2018-12-07 18:47:12','1340700340942'),(162,'2018-12-04','3451000143351',1,NULL,'2018-12-07 18:47:12','1340700340942'),(163,'2018-12-04','1340700340942',1,NULL,'2018-12-07 18:47:12','1340700340942'),(164,'2018-12-04','3340700338821',1,NULL,'2018-12-07 18:47:12','1340700340942'),(165,'2018-12-04','3340700820860',1,NULL,'2018-12-07 18:47:12','1340700340942'),(166,'2018-12-12','3340100228242',2,NULL,'2018-12-12 14:38:31','1340700340942'),(167,'2018-12-12','3341500457606',2,NULL,'2018-12-12 14:38:31','1340700340942'),(168,'2018-12-12','3451000143351',1,NULL,'2018-12-12 14:38:31','1340700340942'),(169,'2018-12-12','1340700340942',1,NULL,'2018-12-12 14:38:31','1340700340942'),(170,'2018-12-12','3340700338821',1,NULL,'2018-12-12 14:38:31','1340700340942'),(171,'2018-12-12','3340700820860',1,NULL,'2018-12-12 14:38:31','1340700340942'),(172,'2018-12-11','3340100228242',1,NULL,'2018-12-12 14:38:53','1340700340942'),(173,'2018-12-11','3341500457606',1,NULL,'2018-12-12 14:38:53','1340700340942'),(174,'2018-12-11','3451000143351',1,NULL,'2018-12-12 14:38:53','1340700340942'),(175,'2018-12-11','1340700340942',1,NULL,'2018-12-12 14:38:53','1340700340942'),(176,'2018-12-11','3340700338821',1,NULL,'2018-12-12 14:38:53','1340700340942'),(177,'2018-12-11','3340700820860',1,NULL,'2018-12-12 14:38:53','1340700340942'),(178,'2018-12-26','3340100228242',1,NULL,'2018-12-26 09:43:45','1340700340942'),(179,'2018-12-26','3341500457606',1,NULL,'2018-12-26 09:43:45','1340700340942'),(180,'2018-12-26','3451000143351',1,NULL,'2018-12-26 09:43:45','1340700340942'),(181,'2018-12-26','1340700340942',1,NULL,'2018-12-26 09:43:45','1340700340942'),(182,'2018-12-26','3340700338821',1,NULL,'2018-12-26 09:43:45','1340700340942'),(183,'2018-12-26','3340700820860',1,NULL,'2018-12-26 09:43:45','1340700340942'),(184,'2018-12-25','3340100228242',1,NULL,'2018-12-26 09:44:05','1340700340942'),(185,'2018-12-25','3341500457606',1,NULL,'2018-12-26 09:44:05','1340700340942'),(186,'2018-12-25','3451000143351',1,NULL,'2018-12-26 09:44:05','1340700340942'),(187,'2018-12-25','1340700340942',1,NULL,'2018-12-26 09:44:05','1340700340942'),(188,'2018-12-25','3340700338821',1,NULL,'2018-12-26 09:44:05','1340700340942'),(189,'2018-12-25','3340700820860',1,NULL,'2018-12-26 09:44:05','1340700340942'),(190,'2018-12-24','3340100228242',1,NULL,'2018-12-26 09:44:24','1340700340942'),(191,'2018-12-24','3341500457606',2,NULL,'2018-12-26 09:44:24','1340700340942'),(192,'2018-12-24','3451000143351',1,NULL,'2018-12-26 09:44:24','1340700340942'),(193,'2018-12-24','1340700340942',1,NULL,'2018-12-26 09:44:24','1340700340942'),(194,'2018-12-24','3340700338821',1,NULL,'2018-12-26 09:44:24','1340700340942'),(195,'2018-12-24','3340700820860',1,NULL,'2018-12-26 09:44:24','1340700340942'),(196,'2018-12-21','3340100228242',1,NULL,'2018-12-26 09:44:38','1340700340942'),(197,'2018-12-21','3341500457606',1,NULL,'2018-12-26 09:44:38','1340700340942'),(198,'2018-12-21','3451000143351',1,NULL,'2018-12-26 09:44:38','1340700340942'),(199,'2018-12-21','1340700340942',1,NULL,'2018-12-26 09:44:38','1340700340942'),(200,'2018-12-21','3340700338821',1,NULL,'2018-12-26 09:44:38','1340700340942'),(201,'2018-12-21','3340700820860',1,NULL,'2018-12-26 09:44:38','1340700340942'),(202,'2018-12-20','3340100228242',1,NULL,'2018-12-26 09:44:50','1340700340942'),(203,'2018-12-20','3341500457606',1,NULL,'2018-12-26 09:44:50','1340700340942'),(204,'2018-12-20','3451000143351',1,NULL,'2018-12-26 09:44:50','1340700340942'),(205,'2018-12-20','1340700340942',1,NULL,'2018-12-26 09:44:50','1340700340942'),(206,'2018-12-20','3340700338821',1,NULL,'2018-12-26 09:44:50','1340700340942'),(207,'2018-12-20','3340700820860',1,NULL,'2018-12-26 09:44:50','1340700340942'),(208,'2018-12-19','3340100228242',1,NULL,'2018-12-26 09:45:02','1340700340942'),(209,'2018-12-19','3341500457606',1,NULL,'2018-12-26 09:45:02','1340700340942'),(210,'2018-12-19','3451000143351',1,NULL,'2018-12-26 09:45:02','1340700340942'),(211,'2018-12-19','1340700340942',1,NULL,'2018-12-26 09:45:02','1340700340942'),(212,'2018-12-19','3340700338821',1,NULL,'2018-12-26 09:45:02','1340700340942'),(213,'2018-12-19','3340700820860',1,NULL,'2018-12-26 09:45:02','1340700340942'),(214,'2018-12-18','3340100228242',1,NULL,'2018-12-26 09:45:17','1340700340942'),(215,'2018-12-18','3341500457606',1,NULL,'2018-12-26 09:45:17','1340700340942'),(216,'2018-12-18','3451000143351',1,NULL,'2018-12-26 09:45:17','1340700340942'),(217,'2018-12-18','1340700340942',1,NULL,'2018-12-26 09:45:17','1340700340942'),(218,'2018-12-18','3340700338821',1,NULL,'2018-12-26 09:45:17','1340700340942'),(219,'2018-12-18','3340700820860',1,NULL,'2018-12-26 09:45:17','1340700340942'),(220,'2018-12-17','3340100228242',1,NULL,'2018-12-26 09:45:32','1340700340942'),(221,'2018-12-17','3341500457606',1,NULL,'2018-12-26 09:45:32','1340700340942'),(222,'2018-12-17','3451000143351',1,NULL,'2018-12-26 09:45:32','1340700340942'),(223,'2018-12-17','1340700340942',1,NULL,'2018-12-26 09:45:32','1340700340942'),(224,'2018-12-17','3340700338821',1,NULL,'2018-12-26 09:45:32','1340700340942'),(225,'2018-12-17','3340700820860',1,NULL,'2018-12-26 09:45:32','1340700340942'),(226,'2018-12-14','3340100228242',1,NULL,'2018-12-26 09:45:45','1340700340942'),(227,'2018-12-14','3341500457606',1,NULL,'2018-12-26 09:45:45','1340700340942'),(228,'2018-12-14','3451000143351',1,NULL,'2018-12-26 09:45:45','1340700340942'),(229,'2018-12-14','1340700340942',1,NULL,'2018-12-26 09:45:45','1340700340942'),(230,'2018-12-14','3340700338821',1,NULL,'2018-12-26 09:45:45','1340700340942'),(231,'2018-12-14','3340700820860',1,NULL,'2018-12-26 09:45:45','1340700340942'),(232,'2018-12-13','3340100228242',1,NULL,'2018-12-26 09:45:56','1340700340942'),(233,'2018-12-13','3341500457606',1,NULL,'2018-12-26 09:45:56','1340700340942'),(234,'2018-12-13','3451000143351',1,NULL,'2018-12-26 09:45:56','1340700340942'),(235,'2018-12-13','1340700340942',1,NULL,'2018-12-26 09:45:56','1340700340942'),(236,'2018-12-13','3340700338821',1,NULL,'2018-12-26 09:45:56','1340700340942'),(237,'2018-12-13','3340700820860',1,NULL,'2018-12-26 09:45:56','1340700340942'),(238,'2019-01-28','3340100228242',1,NULL,'2019-01-28 15:03:53','1340700340942'),(239,'2019-01-28','3341500457606',1,NULL,'2019-01-28 15:03:53','1340700340942'),(240,'2019-01-28','3451000143351',1,NULL,'2019-01-28 15:03:53','1340700340942'),(241,'2019-01-28','1340700340942',1,NULL,'2019-01-28 15:03:53','1340700340942'),(242,'2019-01-28','3340700338821',1,NULL,'2019-01-28 15:03:53','1340700340942'),(243,'2019-01-28','3340700820860',1,NULL,'2019-01-28 15:03:53','1340700340942'),(244,'2019-01-24','3340100228242',1,NULL,'2019-01-28 15:04:26','1340700340942'),(245,'2019-01-24','3341500457606',1,NULL,'2019-01-28 15:04:26','1340700340942'),(246,'2019-01-24','3451000143351',1,NULL,'2019-01-28 15:04:26','1340700340942'),(247,'2019-01-24','1340700340942',1,NULL,'2019-01-28 15:04:26','1340700340942'),(248,'2019-01-24','3340700338821',1,NULL,'2019-01-28 15:04:26','1340700340942'),(249,'2019-01-24','3340700820860',1,NULL,'2019-01-28 15:04:26','1340700340942'),(250,'2019-01-23','3340100228242',1,NULL,'2019-01-28 15:04:44','1340700340942'),(251,'2019-01-23','3341500457606',1,NULL,'2019-01-28 15:04:44','1340700340942'),(252,'2019-01-23','3451000143351',1,NULL,'2019-01-28 15:04:44','1340700340942'),(253,'2019-01-23','1340700340942',1,NULL,'2019-01-28 15:04:44','1340700340942'),(254,'2019-01-23','3340700338821',1,NULL,'2019-01-28 15:04:44','1340700340942'),(255,'2019-01-23','3340700820860',1,NULL,'2019-01-28 15:04:44','1340700340942'),(256,'2019-01-22','3340100228242',1,NULL,'2019-01-28 15:04:53','1340700340942'),(257,'2019-01-22','3341500457606',1,NULL,'2019-01-28 15:04:53','1340700340942'),(258,'2019-01-22','3451000143351',1,NULL,'2019-01-28 15:04:53','1340700340942'),(259,'2019-01-22','1340700340942',1,NULL,'2019-01-28 15:04:53','1340700340942'),(260,'2019-01-22','3340700338821',1,NULL,'2019-01-28 15:04:53','1340700340942'),(261,'2019-01-22','3340700820860',1,NULL,'2019-01-28 15:04:53','1340700340942'),(262,'2019-01-21','3340100228242',1,NULL,'2019-01-28 15:05:25','1340700340942'),(263,'2019-01-21','3341500457606',1,NULL,'2019-01-28 15:05:25','1340700340942'),(264,'2019-01-21','3451000143351',1,NULL,'2019-01-28 15:05:25','1340700340942'),(265,'2019-01-21','1340700340942',1,NULL,'2019-01-28 15:05:25','1340700340942'),(266,'2019-01-21','3340700338821',1,NULL,'2019-01-28 15:05:25','1340700340942'),(267,'2019-01-21','3340700820860',1,NULL,'2019-01-28 15:05:25','1340700340942'),(268,'2019-01-18','3340100228242',1,NULL,'2019-01-28 15:05:36','1340700340942'),(269,'2019-01-18','3341500457606',1,NULL,'2019-01-28 15:05:36','1340700340942'),(270,'2019-01-18','3451000143351',1,NULL,'2019-01-28 15:05:36','1340700340942'),(271,'2019-01-18','1340700340942',1,NULL,'2019-01-28 15:05:36','1340700340942'),(272,'2019-01-18','3340700338821',1,NULL,'2019-01-28 15:05:36','1340700340942'),(273,'2019-01-18','3340700820860',1,NULL,'2019-01-28 15:05:36','1340700340942'),(274,'2019-01-17','3340100228242',2,NULL,'2019-01-28 15:07:57','1340700340942'),(275,'2019-01-17','3341500457606',1,NULL,'2019-01-28 15:07:57','1340700340942'),(276,'2019-01-17','3451000143351',1,NULL,'2019-01-28 15:07:57','1340700340942'),(277,'2019-01-17','1340700340942',1,NULL,'2019-01-28 15:07:57','1340700340942'),(278,'2019-01-17','3340700338821',1,NULL,'2019-01-28 15:07:57','1340700340942'),(279,'2019-01-17','3340700820860',1,NULL,'2019-01-28 15:07:57','1340700340942'),(280,'2019-01-16','3340100228242',2,NULL,'2019-01-28 15:06:03','1340700340942'),(281,'2019-01-16','3341500457606',2,NULL,'2019-01-28 15:06:03','1340700340942'),(282,'2019-01-16','3451000143351',2,NULL,'2019-01-28 15:06:03','1340700340942'),(283,'2019-01-16','1340700340942',2,NULL,'2019-01-28 15:06:03','1340700340942'),(284,'2019-01-16','3340700338821',2,NULL,'2019-01-28 15:06:03','1340700340942'),(285,'2019-01-16','3340700820860',2,NULL,'2019-01-28 15:06:03','1340700340942'),(286,'2019-01-15','3340100228242',2,NULL,'2019-01-28 15:07:47','1340700340942'),(287,'2019-01-15','3341500457606',1,NULL,'2019-01-28 15:07:47','1340700340942'),(288,'2019-01-15','3451000143351',1,NULL,'2019-01-28 15:07:47','1340700340942'),(289,'2019-01-15','1340700340942',1,NULL,'2019-01-28 15:07:47','1340700340942'),(290,'2019-01-15','3340700338821',1,NULL,'2019-01-28 15:07:47','1340700340942'),(291,'2019-01-15','3340700820860',1,NULL,'2019-01-28 15:07:47','1340700340942'),(292,'2019-01-14','3340100228242',2,NULL,'2019-01-28 15:07:41','1340700340942'),(293,'2019-01-14','3341500457606',1,NULL,'2019-01-28 15:07:41','1340700340942'),(294,'2019-01-14','3451000143351',1,NULL,'2019-01-28 15:07:41','1340700340942'),(295,'2019-01-14','1340700340942',1,NULL,'2019-01-28 15:07:41','1340700340942'),(296,'2019-01-14','3340700338821',1,NULL,'2019-01-28 15:07:41','1340700340942'),(297,'2019-01-14','3340700820860',1,NULL,'2019-01-28 15:07:41','1340700340942'),(298,'2019-01-11','3340100228242',1,NULL,'2019-01-28 15:06:40','1340700340942'),(299,'2019-01-11','3341500457606',1,NULL,'2019-01-28 15:06:40','1340700340942'),(300,'2019-01-11','3451000143351',1,NULL,'2019-01-28 15:06:40','1340700340942'),(301,'2019-01-11','1340700340942',1,NULL,'2019-01-28 15:06:40','1340700340942'),(302,'2019-01-11','3340700338821',1,NULL,'2019-01-28 15:06:40','1340700340942'),(303,'2019-01-11','3340700820860',1,NULL,'2019-01-28 15:06:40','1340700340942'),(304,'2019-01-10','3340100228242',1,NULL,'2019-01-28 15:06:50','1340700340942'),(305,'2019-01-10','3341500457606',1,NULL,'2019-01-28 15:06:50','1340700340942'),(306,'2019-01-10','3451000143351',1,NULL,'2019-01-28 15:06:50','1340700340942'),(307,'2019-01-10','1340700340942',1,NULL,'2019-01-28 15:06:50','1340700340942'),(308,'2019-01-10','3340700338821',1,NULL,'2019-01-28 15:06:50','1340700340942'),(309,'2019-01-10','3340700820860',1,NULL,'2019-01-28 15:06:50','1340700340942'),(310,'2019-01-09','3340100228242',1,NULL,'2019-01-28 15:07:05','1340700340942'),(311,'2019-01-09','3341500457606',1,NULL,'2019-01-28 15:07:05','1340700340942'),(312,'2019-01-09','3451000143351',1,NULL,'2019-01-28 15:07:05','1340700340942'),(313,'2019-01-09','1340700340942',1,NULL,'2019-01-28 15:07:05','1340700340942'),(314,'2019-01-09','3340700338821',1,NULL,'2019-01-28 15:07:05','1340700340942'),(315,'2019-01-09','3340700820860',1,NULL,'2019-01-28 15:07:05','1340700340942'),(316,'2019-01-08','3340100228242',1,NULL,'2019-01-28 15:07:15','1340700340942'),(317,'2019-01-08','3341500457606',1,NULL,'2019-01-28 15:07:15','1340700340942'),(318,'2019-01-08','3451000143351',1,NULL,'2019-01-28 15:07:15','1340700340942'),(319,'2019-01-08','1340700340942',1,NULL,'2019-01-28 15:07:15','1340700340942'),(320,'2019-01-08','3340700338821',1,NULL,'2019-01-28 15:07:15','1340700340942'),(321,'2019-01-08','3340700820860',1,NULL,'2019-01-28 15:07:15','1340700340942'),(322,'2019-01-07','3340100228242',1,NULL,'2019-01-28 15:07:29','1340700340942'),(323,'2019-01-07','3341500457606',1,NULL,'2019-01-28 15:07:29','1340700340942'),(324,'2019-01-07','3451000143351',1,NULL,'2019-01-28 15:07:29','1340700340942'),(325,'2019-01-07','1340700340942',1,NULL,'2019-01-28 15:07:29','1340700340942'),(326,'2019-01-07','3340700338821',1,NULL,'2019-01-28 15:07:29','1340700340942'),(327,'2019-01-07','3340700820860',1,NULL,'2019-01-28 15:07:29','1340700340942'),(328,'2019-01-04','3340100228242',1,NULL,'2019-01-28 15:08:15','1340700340942'),(329,'2019-01-04','3341500457606',1,NULL,'2019-01-28 15:08:15','1340700340942'),(330,'2019-01-04','3451000143351',1,NULL,'2019-01-28 15:08:15','1340700340942'),(331,'2019-01-04','1340700340942',1,NULL,'2019-01-28 15:08:15','1340700340942'),(332,'2019-01-04','3340700338821',1,NULL,'2019-01-28 15:08:15','1340700340942'),(333,'2019-01-04','3340700820860',1,NULL,'2019-01-28 15:08:15','1340700340942'),(334,'2019-01-03','3340100228242',1,NULL,'2019-01-28 15:08:24','1340700340942'),(335,'2019-01-03','3341500457606',1,NULL,'2019-01-28 15:08:24','1340700340942'),(336,'2019-01-03','3451000143351',1,NULL,'2019-01-28 15:08:24','1340700340942'),(337,'2019-01-03','1340700340942',1,NULL,'2019-01-28 15:08:24','1340700340942'),(338,'2019-01-03','3340700338821',1,NULL,'2019-01-28 15:08:24','1340700340942'),(339,'2019-01-03','3340700820860',1,NULL,'2019-01-28 15:08:24','1340700340942'),(340,'2019-01-02','3340100228242',1,NULL,'2019-01-28 15:08:34','1340700340942'),(341,'2019-01-02','3341500457606',1,NULL,'2019-01-28 15:08:34','1340700340942'),(342,'2019-01-02','3451000143351',1,NULL,'2019-01-28 15:08:34','1340700340942'),(343,'2019-01-02','1340700340942',1,NULL,'2019-01-28 15:08:34','1340700340942'),(344,'2019-01-02','3340700338821',1,NULL,'2019-01-28 15:08:34','1340700340942'),(345,'2019-01-02','3340700820860',1,NULL,'2019-01-28 15:08:34','1340700340942'),(346,'2019-01-01','3340100228242',1,NULL,'2019-01-28 15:08:49','1340700340942'),(347,'2019-01-01','3341500457606',1,NULL,'2019-01-28 15:08:49','1340700340942'),(348,'2019-01-01','3451000143351',1,NULL,'2019-01-28 15:08:49','1340700340942'),(349,'2019-01-01','1340700340942',1,NULL,'2019-01-28 15:08:49','1340700340942'),(350,'2019-01-01','3340700338821',1,NULL,'2019-01-28 15:08:49','1340700340942'),(351,'2019-01-01','3340700820860',1,NULL,'2019-01-28 15:08:49','1340700340942'),(352,'2018-12-28','3340100228242',1,NULL,'2019-01-28 15:09:15','1340700340942'),(353,'2018-12-28','3341500457606',1,NULL,'2019-01-28 15:09:15','1340700340942'),(354,'2018-12-28','3451000143351',1,NULL,'2019-01-28 15:09:15','1340700340942'),(355,'2018-12-28','1340700340942',1,NULL,'2019-01-28 15:09:15','1340700340942'),(356,'2018-12-28','3340701131201',1,NULL,'2019-01-28 15:09:15','1340700340942'),(357,'2018-12-28','3340700338821',1,NULL,'2019-01-28 15:09:15','1340700340942'),(358,'2018-12-28','3340700820860',1,NULL,'2019-01-28 15:09:15','1340700340942'),(359,'2018-12-27','3340100228242',1,NULL,'2019-01-28 15:09:26','1340700340942'),(360,'2018-12-27','3341500457606',1,NULL,'2019-01-28 15:09:26','1340700340942'),(361,'2018-12-27','3451000143351',1,NULL,'2019-01-28 15:09:26','1340700340942'),(362,'2018-12-27','1340700340942',1,NULL,'2019-01-28 15:09:26','1340700340942'),(363,'2018-12-27','3340701131201',1,NULL,'2019-01-28 15:09:26','1340700340942'),(364,'2018-12-27','3340700338821',1,NULL,'2019-01-28 15:09:26','1340700340942'),(365,'2018-12-27','3340700820860',1,NULL,'2019-01-28 15:09:26','1340700340942'),(366,'2019-02-12','3340100228242',1,NULL,'2019-02-12 13:31:11','1340700340942'),(367,'2019-02-12','3341500457606',1,NULL,'2019-02-12 13:31:11','1340700340942'),(368,'2019-02-12','3451000143351',1,NULL,'2019-02-12 13:31:11','1340700340942'),(369,'2019-02-12','1340700340942',1,NULL,'2019-02-12 13:31:11','1340700340942'),(370,'2019-02-12','3340700338821',1,NULL,'2019-02-12 13:31:11','1340700340942'),(371,'2019-02-12','3340700820860',1,NULL,'2019-02-12 13:31:11','1340700340942'),(372,'2019-02-08','3340100228242',1,NULL,'2019-02-12 13:31:44','1340700340942'),(373,'2019-02-08','3341500457606',1,NULL,'2019-02-12 13:31:44','1340700340942'),(374,'2019-02-08','3451000143351',2,NULL,'2019-02-12 13:31:44','1340700340942'),(375,'2019-02-08','1340700340942',1,NULL,'2019-02-12 13:31:44','1340700340942'),(376,'2019-02-08','3340700338821',1,NULL,'2019-02-12 13:31:44','1340700340942'),(377,'2019-02-08','3340700820860',1,NULL,'2019-02-12 13:31:44','1340700340942'),(378,'2019-02-07','3340100228242',1,NULL,'2019-02-12 13:32:07','1340700340942'),(379,'2019-02-07','3341500457606',1,NULL,'2019-02-12 13:32:07','1340700340942'),(380,'2019-02-07','3451000143351',1,NULL,'2019-02-12 13:32:07','1340700340942'),(381,'2019-02-07','1340700340942',1,NULL,'2019-02-12 13:32:07','1340700340942'),(382,'2019-02-07','3340700338821',1,NULL,'2019-02-12 13:32:07','1340700340942'),(383,'2019-02-07','3340700820860',1,NULL,'2019-02-12 13:32:07','1340700340942'),(384,'2019-02-06','3340100228242',1,NULL,'2019-02-12 13:32:18','1340700340942'),(385,'2019-02-06','3341500457606',1,NULL,'2019-02-12 13:32:18','1340700340942'),(386,'2019-02-06','3451000143351',1,NULL,'2019-02-12 13:32:18','1340700340942'),(387,'2019-02-06','1340700340942',1,NULL,'2019-02-12 13:32:18','1340700340942'),(388,'2019-02-06','3340700338821',1,NULL,'2019-02-12 13:32:18','1340700340942'),(389,'2019-02-06','3340700820860',1,NULL,'2019-02-12 13:32:18','1340700340942'),(390,'2019-02-05','3340100228242',1,NULL,'2019-02-12 13:32:29','1340700340942'),(391,'2019-02-05','3341500457606',1,NULL,'2019-02-12 13:32:29','1340700340942'),(392,'2019-02-05','3451000143351',1,NULL,'2019-02-12 13:32:29','1340700340942'),(393,'2019-02-05','1340700340942',1,NULL,'2019-02-12 13:32:29','1340700340942'),(394,'2019-02-05','3340700338821',1,NULL,'2019-02-12 13:32:29','1340700340942'),(395,'2019-02-05','3340700820860',1,NULL,'2019-02-12 13:32:29','1340700340942'),(396,'2019-02-04','3340100228242',1,NULL,'2019-02-12 13:32:57','1340700340942'),(397,'2019-02-04','3341500457606',1,NULL,'2019-02-12 13:32:57','1340700340942'),(398,'2019-02-04','3451000143351',1,NULL,'2019-02-12 13:32:57','1340700340942'),(399,'2019-02-04','1340700340942',1,NULL,'2019-02-12 13:32:57','1340700340942'),(400,'2019-02-04','3340700338821',1,NULL,'2019-02-12 13:32:57','1340700340942'),(401,'2019-02-04','3340700820860',1,NULL,'2019-02-12 13:32:57','1340700340942'),(402,'2019-02-01','3340100228242',1,NULL,'2019-02-12 13:33:13','1340700340942'),(403,'2019-02-01','3341500457606',1,NULL,'2019-02-12 13:33:13','1340700340942'),(404,'2019-02-01','3451000143351',1,NULL,'2019-02-12 13:33:13','1340700340942'),(405,'2019-02-01','1340700340942',1,NULL,'2019-02-12 13:33:13','1340700340942'),(406,'2019-02-01','3340700338821',1,NULL,'2019-02-12 13:33:13','1340700340942'),(407,'2019-02-01','3340700820860',1,NULL,'2019-02-12 13:33:13','1340700340942'),(408,'2019-01-30','3340100228242',1,NULL,'2019-02-12 13:33:47','1340700340942'),(409,'2019-01-30','3341500457606',1,NULL,'2019-02-12 13:33:47','1340700340942'),(410,'2019-01-30','3451000143351',1,NULL,'2019-02-12 13:33:47','1340700340942'),(411,'2019-01-30','1340700340942',1,NULL,'2019-02-12 13:33:47','1340700340942'),(412,'2019-01-30','3340700338821',1,NULL,'2019-02-12 13:33:47','1340700340942'),(413,'2019-01-30','3340700820860',1,NULL,'2019-02-12 13:33:47','1340700340942'),(414,'2019-01-31','3340100228242',1,NULL,'2019-02-12 13:33:58','1340700340942'),(415,'2019-01-31','3341500457606',1,NULL,'2019-02-12 13:33:58','1340700340942'),(416,'2019-01-31','3451000143351',1,NULL,'2019-02-12 13:33:58','1340700340942'),(417,'2019-01-31','1340700340942',1,NULL,'2019-02-12 13:33:58','1340700340942'),(418,'2019-01-31','3340700338821',1,NULL,'2019-02-12 13:33:58','1340700340942'),(419,'2019-01-31','3340700820860',1,NULL,'2019-02-12 13:33:58','1340700340942'),(420,'2019-01-29','3340100228242',1,NULL,'2019-02-12 13:34:14','1340700340942'),(421,'2019-01-29','3341500457606',1,NULL,'2019-02-12 13:34:14','1340700340942'),(422,'2019-01-29','3451000143351',1,NULL,'2019-02-12 13:34:14','1340700340942'),(423,'2019-01-29','1340700340942',1,NULL,'2019-02-12 13:34:14','1340700340942'),(424,'2019-01-29','3340700338821',1,NULL,'2019-02-12 13:34:14','1340700340942'),(425,'2019-01-29','3340700820860',1,NULL,'2019-02-12 13:34:14','1340700340942'),(426,'2019-01-25','3340100228242',1,NULL,'2019-02-12 13:34:46','1340700340942'),(427,'2019-01-25','3341500457606',1,NULL,'2019-02-12 13:34:46','1340700340942'),(428,'2019-01-25','3451000143351',1,NULL,'2019-02-12 13:34:46','1340700340942'),(429,'2019-01-25','1340700340942',1,NULL,'2019-02-12 13:34:46','1340700340942'),(430,'2019-01-25','3340700338821',1,NULL,'2019-02-12 13:34:46','1340700340942'),(431,'2019-01-25','3340700820860',1,NULL,'2019-02-12 13:34:46','1340700340942'),(432,'2019-02-11','3340100228242',1,NULL,'2019-02-12 13:35:14','1340700340942'),(433,'2019-02-11','3341500457606',1,NULL,'2019-02-12 13:35:14','1340700340942'),(434,'2019-02-11','3451000143351',1,NULL,'2019-02-12 13:35:14','1340700340942'),(435,'2019-02-11','1340700340942',1,NULL,'2019-02-12 13:35:14','1340700340942'),(436,'2019-02-11','3340700338821',1,NULL,'2019-02-12 13:35:14','1340700340942'),(437,'2019-02-11','3340700820860',1,NULL,'2019-02-12 13:35:14','1340700340942'),(438,'2019-02-13','3340100228242',1,NULL,'2019-02-13 11:16:36','1340700340942'),(439,'2019-02-13','3341500457606',1,NULL,'2019-02-13 11:16:36','1340700340942'),(440,'2019-02-13','3451000143351',1,NULL,'2019-02-13 11:16:36','1340700340942'),(441,'2019-02-13','1340700340942',1,NULL,'2019-02-13 11:16:36','1340700340942'),(442,'2019-02-13','3340700338821',1,NULL,'2019-02-13 11:16:36','1340700340942'),(443,'2019-02-13','3340700820860',1,NULL,'2019-02-13 11:16:36','1340700340942'),(444,'2019-03-06','1349900002801',1,NULL,'2019-03-06 21:49:02','1340700340942'),(445,'2019-03-06','3340100228242',2,NULL,'2019-03-06 21:49:02','1340700340942'),(446,'2019-03-06','3341500457606',2,NULL,'2019-03-06 21:49:02','1340700340942'),(447,'2019-03-06','3451000143351',2,NULL,'2019-03-06 21:49:02','1340700340942'),(448,'2019-03-06','1340700340942',1,NULL,'2019-03-06 21:49:02','1340700340942'),(449,'2019-03-06','3340700338821',1,NULL,'2019-03-06 21:49:02','1340700340942'),(450,'2019-03-06','3340700820860',2,NULL,'2019-03-06 21:49:02','1340700340942'),(451,'2019-03-05','1349900002801',1,NULL,'2019-03-06 21:50:35','1340700340942'),(452,'2019-03-05','3340100228242',1,NULL,'2019-03-06 21:50:35','1340700340942'),(453,'2019-03-05','3341500457606',1,NULL,'2019-03-06 21:50:35','1340700340942'),(454,'2019-03-05','3451000143351',1,NULL,'2019-03-06 21:50:35','1340700340942'),(455,'2019-03-05','1340700340942',1,NULL,'2019-03-06 21:50:35','1340700340942'),(456,'2019-03-05','3340700338821',1,NULL,'2019-03-06 21:50:35','1340700340942'),(457,'2019-03-05','3340700820860',1,NULL,'2019-03-06 21:50:35','1340700340942'),(458,'2019-03-04','1349900002801',1,NULL,'2019-03-06 21:50:21','1340700340942'),(459,'2019-03-04','3340100228242',1,NULL,'2019-03-06 21:50:21','1340700340942'),(460,'2019-03-04','3341500457606',1,NULL,'2019-03-06 21:50:21','1340700340942'),(461,'2019-03-04','3451000143351',1,NULL,'2019-03-06 21:50:21','1340700340942'),(462,'2019-03-04','1340700340942',1,NULL,'2019-03-06 21:50:21','1340700340942'),(463,'2019-03-04','3340700338821',1,NULL,'2019-03-06 21:50:21','1340700340942'),(464,'2019-03-04','3340700820860',1,NULL,'2019-03-06 21:50:21','1340700340942'),(465,'2019-03-01','1349900002801',1,NULL,'2019-03-06 21:50:52','1340700340942'),(466,'2019-03-01','3340100228242',1,NULL,'2019-03-06 21:50:52','1340700340942'),(467,'2019-03-01','3341500457606',1,NULL,'2019-03-06 21:50:52','1340700340942'),(468,'2019-03-01','3451000143351',1,NULL,'2019-03-06 21:50:52','1340700340942'),(469,'2019-03-01','1340700340942',1,NULL,'2019-03-06 21:50:52','1340700340942'),(470,'2019-03-01','3340700338821',1,NULL,'2019-03-06 21:50:52','1340700340942'),(471,'2019-03-01','3340700820860',1,NULL,'2019-03-06 21:50:52','1340700340942'),(472,'2019-02-28','3340100228242',1,NULL,'2019-03-06 21:51:17','1340700340942'),(473,'2019-02-28','3341500457606',1,NULL,'2019-03-06 21:51:17','1340700340942'),(474,'2019-02-28','3451000143351',1,NULL,'2019-03-06 21:51:17','1340700340942'),(475,'2019-02-28','1340700340942',1,NULL,'2019-03-06 21:51:17','1340700340942'),(476,'2019-02-28','3340700338821',1,NULL,'2019-03-06 21:51:17','1340700340942'),(477,'2019-02-28','3340700820860',1,NULL,'2019-03-06 21:51:17','1340700340942'),(478,'2019-02-27','3340100228242',1,NULL,'2019-03-06 21:51:35','1340700340942'),(479,'2019-02-27','3341500457606',1,NULL,'2019-03-06 21:51:35','1340700340942'),(480,'2019-02-27','3451000143351',1,NULL,'2019-03-06 21:51:35','1340700340942'),(481,'2019-02-27','1340700340942',1,NULL,'2019-03-06 21:51:35','1340700340942'),(482,'2019-02-27','3340700338821',1,NULL,'2019-03-06 21:51:35','1340700340942'),(483,'2019-02-27','3340700820860',1,NULL,'2019-03-06 21:51:35','1340700340942'),(484,'2019-03-29','1349900002801',2,NULL,'2019-04-06 02:13:12','1340700340942'),(485,'2019-03-29','3340100228242',1,NULL,'2019-04-06 02:13:12','1340700340942'),(486,'2019-03-29','3341500457606',1,NULL,'2019-04-06 02:13:12','1340700340942'),(487,'2019-03-29','3451000143351',1,NULL,'2019-04-06 02:13:12','1340700340942'),(488,'2019-03-29','1340700340942',1,NULL,'2019-04-06 02:13:12','1340700340942'),(489,'2019-03-29','3340700338821',3,NULL,'2019-04-06 02:13:12','1340700340942'),(490,'2019-03-29','3340700820860',1,NULL,'2019-04-06 02:13:12','1340700340942'),(491,'2019-03-28','1349900002801',2,NULL,'2019-04-06 02:15:43','1340700340942'),(492,'2019-03-28','3340100228242',1,NULL,'2019-04-06 02:15:43','1340700340942'),(493,'2019-03-28','3341500457606',1,NULL,'2019-04-06 02:15:43','1340700340942'),(494,'2019-03-28','3451000143351',1,NULL,'2019-04-06 02:15:43','1340700340942'),(495,'2019-03-28','1340700340942',1,NULL,'2019-04-06 02:15:43','1340700340942'),(496,'2019-03-28','3340700338821',3,NULL,'2019-04-06 02:15:43','1340700340942'),(497,'2019-03-28','3340700820860',1,NULL,'2019-04-06 02:15:43','1340700340942'),(498,'2019-03-27','1349900002801',2,NULL,'2019-04-06 02:20:45','1340700340942'),(499,'2019-03-27','3340100228242',1,NULL,'2019-04-06 02:20:45','1340700340942'),(500,'2019-03-27','3341500457606',1,NULL,'2019-04-06 02:20:45','1340700340942'),(501,'2019-03-27','3451000143351',1,NULL,'2019-04-06 02:20:45','1340700340942'),(502,'2019-03-27','1340700340942',1,NULL,'2019-04-06 02:20:45','1340700340942'),(503,'2019-03-27','3340700338821',3,NULL,'2019-04-06 02:20:45','1340700340942'),(504,'2019-03-27','3340700820860',1,NULL,'2019-04-06 02:20:45','1340700340942'),(505,'2019-03-26','1349900002801',2,NULL,'2019-04-06 02:21:08','1340700340942'),(506,'2019-03-26','3340100228242',1,NULL,'2019-04-06 02:21:08','1340700340942'),(507,'2019-03-26','3341500457606',1,NULL,'2019-04-06 02:21:08','1340700340942'),(508,'2019-03-26','3451000143351',1,NULL,'2019-04-06 02:21:08','1340700340942'),(509,'2019-03-26','1340700340942',1,NULL,'2019-04-06 02:21:08','1340700340942'),(510,'2019-03-26','3340700338821',4,NULL,'2019-04-06 02:21:08','1340700340942'),(511,'2019-03-26','3340700820860',1,NULL,'2019-04-06 02:21:08','1340700340942'),(512,'2019-03-25','1349900002801',2,NULL,'2019-04-06 02:22:40','1340700340942'),(513,'2019-03-25','3340100228242',1,NULL,'2019-04-06 02:22:40','1340700340942'),(514,'2019-03-25','3341500457606',1,NULL,'2019-04-06 02:22:40','1340700340942'),(515,'2019-03-25','3451000143351',1,NULL,'2019-04-06 02:22:40','1340700340942'),(516,'2019-03-25','1340700340942',1,NULL,'2019-04-06 02:22:40','1340700340942'),(517,'2019-03-25','3340700338821',3,NULL,'2019-04-06 02:22:40','1340700340942'),(518,'2019-03-25','3340700820860',1,NULL,'2019-04-06 02:22:40','1340700340942'),(519,'2019-03-22','1349900002801',1,NULL,'2019-04-06 02:22:30','1340700340942'),(520,'2019-03-22','3340100228242',1,NULL,'2019-04-06 02:22:30','1340700340942'),(521,'2019-03-22','3341500457606',1,NULL,'2019-04-06 02:22:30','1340700340942'),(522,'2019-03-22','3451000143351',1,NULL,'2019-04-06 02:22:30','1340700340942'),(523,'2019-03-22','1340700340942',1,NULL,'2019-04-06 02:22:30','1340700340942'),(524,'2019-03-22','3340700338821',1,NULL,'2019-04-06 02:22:30','1340700340942'),(525,'2019-03-22','3340700820860',1,NULL,'2019-04-06 02:22:30','1340700340942'),(526,'2019-03-21','1349900002801',1,NULL,'2019-04-06 02:23:14','1340700340942'),(527,'2019-03-21','3340100228242',1,NULL,'2019-04-06 02:23:14','1340700340942'),(528,'2019-03-21','3341500457606',1,NULL,'2019-04-06 02:23:14','1340700340942'),(529,'2019-03-21','3451000143351',1,NULL,'2019-04-06 02:23:14','1340700340942'),(530,'2019-03-21','1340700340942',1,NULL,'2019-04-06 02:23:14','1340700340942'),(531,'2019-03-21','3340700338821',1,NULL,'2019-04-06 02:23:14','1340700340942'),(532,'2019-03-21','3340700820860',1,NULL,'2019-04-06 02:23:14','1340700340942'),(533,'2019-03-20','1349900002801',1,NULL,'2019-04-06 02:23:29','1340700340942'),(534,'2019-03-20','3340100228242',1,NULL,'2019-04-06 02:23:29','1340700340942'),(535,'2019-03-20','3341500457606',1,NULL,'2019-04-06 02:23:29','1340700340942'),(536,'2019-03-20','3451000143351',1,NULL,'2019-04-06 02:23:29','1340700340942'),(537,'2019-03-20','1340700340942',1,NULL,'2019-04-06 02:23:29','1340700340942'),(538,'2019-03-20','3340700338821',1,NULL,'2019-04-06 02:23:29','1340700340942'),(539,'2019-03-20','3340700820860',1,NULL,'2019-04-06 02:23:29','1340700340942'),(540,'2019-03-19','1349900002801',1,NULL,'2019-04-06 02:23:52','1340700340942'),(541,'2019-03-19','3340100228242',1,NULL,'2019-04-06 02:23:52','1340700340942'),(542,'2019-03-19','3341500457606',1,NULL,'2019-04-06 02:23:52','1340700340942'),(543,'2019-03-19','3451000143351',1,NULL,'2019-04-06 02:23:52','1340700340942'),(544,'2019-03-19','1340700340942',1,NULL,'2019-04-06 02:23:52','1340700340942'),(545,'2019-03-19','3340700338821',1,NULL,'2019-04-06 02:23:52','1340700340942'),(546,'2019-03-19','3340700820860',1,NULL,'2019-04-06 02:23:52','1340700340942'),(547,'2019-03-18','1349900002801',1,NULL,'2019-04-06 02:24:07','1340700340942'),(548,'2019-03-18','3340100228242',1,NULL,'2019-04-06 02:24:07','1340700340942'),(549,'2019-03-18','3341500457606',1,NULL,'2019-04-06 02:24:07','1340700340942'),(550,'2019-03-18','3451000143351',1,NULL,'2019-04-06 02:24:07','1340700340942'),(551,'2019-03-18','1340700340942',1,NULL,'2019-04-06 02:24:07','1340700340942'),(552,'2019-03-18','3340700338821',1,NULL,'2019-04-06 02:24:07','1340700340942'),(553,'2019-03-18','3340700820860',1,NULL,'2019-04-06 02:24:07','1340700340942'),(554,'2019-03-15','1349900002801',1,NULL,'2019-04-06 02:24:21','1340700340942'),(555,'2019-03-15','3340100228242',1,NULL,'2019-04-06 02:24:21','1340700340942'),(556,'2019-03-15','3341500457606',1,NULL,'2019-04-06 02:24:21','1340700340942'),(557,'2019-03-15','3451000143351',1,NULL,'2019-04-06 02:24:21','1340700340942'),(558,'2019-03-15','1340700340942',1,NULL,'2019-04-06 02:24:21','1340700340942'),(559,'2019-03-15','3340700338821',1,NULL,'2019-04-06 02:24:21','1340700340942'),(560,'2019-03-15','3340700820860',1,NULL,'2019-04-06 02:24:21','1340700340942'),(561,'2019-03-14','1349900002801',1,NULL,'2019-04-06 02:24:32','1340700340942'),(562,'2019-03-14','3340100228242',1,NULL,'2019-04-06 02:24:32','1340700340942'),(563,'2019-03-14','3341500457606',1,NULL,'2019-04-06 02:24:32','1340700340942'),(564,'2019-03-14','3451000143351',1,NULL,'2019-04-06 02:24:32','1340700340942'),(565,'2019-03-14','1340700340942',1,NULL,'2019-04-06 02:24:32','1340700340942'),(566,'2019-03-14','3340700338821',1,NULL,'2019-04-06 02:24:32','1340700340942'),(567,'2019-03-14','3340700820860',1,NULL,'2019-04-06 02:24:32','1340700340942'),(568,'2019-03-13','1349900002801',1,NULL,'2019-04-06 02:24:46','1340700340942'),(569,'2019-03-13','3340100228242',1,NULL,'2019-04-06 02:24:46','1340700340942'),(570,'2019-03-13','3341500457606',1,NULL,'2019-04-06 02:24:46','1340700340942'),(571,'2019-03-13','3451000143351',1,NULL,'2019-04-06 02:24:46','1340700340942'),(572,'2019-03-13','1340700340942',1,NULL,'2019-04-06 02:24:46','1340700340942'),(573,'2019-03-13','3340700338821',1,NULL,'2019-04-06 02:24:46','1340700340942'),(574,'2019-03-13','3340700820860',1,NULL,'2019-04-06 02:24:46','1340700340942'),(575,'2019-03-12','1349900002801',1,NULL,'2019-04-06 02:25:10','1340700340942'),(576,'2019-03-12','3340100228242',1,NULL,'2019-04-06 02:25:10','1340700340942'),(577,'2019-03-12','3341500457606',1,NULL,'2019-04-06 02:25:10','1340700340942'),(578,'2019-03-12','3451000143351',1,NULL,'2019-04-06 02:25:10','1340700340942'),(579,'2019-03-12','1340700340942',1,NULL,'2019-04-06 02:25:10','1340700340942'),(580,'2019-03-12','3340700338821',1,NULL,'2019-04-06 02:25:10','1340700340942'),(581,'2019-03-12','3340700820860',1,NULL,'2019-04-06 02:25:10','1340700340942'),(582,'2019-03-11','1349900002801',1,NULL,'2019-04-06 02:25:19','1340700340942'),(583,'2019-03-11','3340100228242',1,NULL,'2019-04-06 02:25:19','1340700340942'),(584,'2019-03-11','3341500457606',1,NULL,'2019-04-06 02:25:19','1340700340942'),(585,'2019-03-11','3451000143351',1,NULL,'2019-04-06 02:25:19','1340700340942'),(586,'2019-03-11','1340700340942',1,NULL,'2019-04-06 02:25:19','1340700340942'),(587,'2019-03-11','3340700338821',1,NULL,'2019-04-06 02:25:19','1340700340942'),(588,'2019-03-11','3340700820860',1,NULL,'2019-04-06 02:25:19','1340700340942'),(589,'2019-03-08','1349900002801',1,NULL,'2019-04-06 02:25:46','1340700340942'),(590,'2019-03-08','3340100228242',1,NULL,'2019-04-06 02:25:46','1340700340942'),(591,'2019-03-08','3341500457606',1,NULL,'2019-04-06 02:25:46','1340700340942'),(592,'2019-03-08','3451000143351',1,NULL,'2019-04-06 02:25:46','1340700340942'),(593,'2019-03-08','1340700340942',1,NULL,'2019-04-06 02:25:46','1340700340942'),(594,'2019-03-08','3340700338821',1,NULL,'2019-04-06 02:25:46','1340700340942'),(595,'2019-03-08','3340700820860',1,NULL,'2019-04-06 02:25:46','1340700340942'),(596,'2019-03-07','1349900002801',1,NULL,'2019-04-06 02:26:17','1340700340942'),(597,'2019-03-07','3340100228242',1,NULL,'2019-04-06 02:26:17','1340700340942'),(598,'2019-03-07','3341500457606',1,NULL,'2019-04-06 02:26:17','1340700340942'),(599,'2019-03-07','3451000143351',1,NULL,'2019-04-06 02:26:17','1340700340942'),(600,'2019-03-07','1340700340942',1,NULL,'2019-04-06 02:26:17','1340700340942'),(601,'2019-03-07','3340700338821',1,NULL,'2019-04-06 02:26:17','1340700340942'),(602,'2019-03-07','3340700820860',1,NULL,'2019-04-06 02:26:17','1340700340942');

--
-- Table structure for table `work_permission`
--

CREATE TABLE `work_permission` (
  `id` int(11) NOT NULL AUTO_INCREMENT,
  `person_id` varchar(13) NOT NULL,
  `p1` tinyint(4) NOT NULL,
  `officer` varchar(13) NOT NULL,
  `rec_date` date NOT NULL,
  PRIMARY KEY (`id`)
) ENGINE=MyISAM AUTO_INCREMENT=3 DEFAULT CHARSET=utf8 COLLATE=utf8_general_ci;

--
-- Dumping data for table `work_permission`
--

INSERT INTO `work_permission` VALUES (1,'1340700340942',1,'1340700340942','2018-11-15'),(2,'3340100228242',1,'1340700340942','2018-11-15');


