(12855,2,'1750658394x780918474','saraban','1341900109994',NULL,1,'2025-06-24 13:30:17',NULL,NULL,'17507466171305363800',NULL),(12856,2,'1750658394x780918474','saraban','1341900109994',NULL,1,'2025-06-24 13:30:17',NULL,NULL,'17507466171305363800',NULL),(12857,2,'1750661064x1144090836','saraban','1341900109994',NULL,1,'2025-06-24 13:30:17',NULL,NULL,'17507466171997146199',NULL),(12858,2,'1750661064x1144090836','saraban','1341900109994',NULL,1,'2025-06-24 13:30:17',NULL,NULL,'17507466171997146199',NULL),(12859,2,'1750664066x1144507063','saraban','1341900109994',NULL,1,'2025-06-24 13:30:17',NULL,NULL,'17507466172047883722',NULL),(12860,2,'1750664066x1144507063','saraban','1341900109994',NULL,1,'2025-06-24 13:30:17',NULL,NULL,'17507466172047883722',NULL),(12861,2,'1750739025x2024477877','saraban','1341900109994',NULL,1,'2025-06-24 13:30:17',NULL,NULL,'17507466171584457385',NULL),(12862,2,'1750739025x2024477877','saraban','1341900109994',NULL,1,'2025-06-24 13:30:17',NULL,NULL,'17507466171584457385',NULL),(12863,2,'1750737967x186083538','saraban','1341900109994',NULL,1,'2025-06-24 13:30:17',NULL,NULL,'17507466171331227378',NULL),(12864,2,'1750737967x186083538','saraban','1341900109994',NULL,1,'2025-06-24 13:30:17',NULL,NULL,'17507466171331227378',NULL),(12865,2,'1750738269x1544583130','saraban','1341900109994',NULL,1,'2025-06-24 13:30:17',NULL,NULL,'1750746617552159539',NULL),(12866,2,'1750738269x1544583130','saraban','1341900109994',NULL,1,'2025-06-24 13:30:17',NULL,NULL,'1750746617552159539',NULL),(12867,2,'1750739727x2024110313','saraban','1341900109994',NULL,1,'2025-06-24 13:30:17',NULL,NULL,'1750746617623979905',NULL),(12868,2,'1750739727x2024110313','saraban','1341900109994',NULL,1,'2025-06-24 13:30:17',NULL,NULL,'1750746617623979905',NULL),(12869,2,'1750740302x1646818339','saraban','1341900109994',NULL,1,'2025-06-24 13:30:17',NULL,NULL,'1750746617939783514',NULL),(12870,2,'1750740302x1646818339','saraban','1341900109994',NULL,1,'2025-06-24 13:30:17',NULL,NULL,'1750746617939783514',NULL),(12871,2,'1750738384x480403990','saraban','1341900109994',NULL,1,'2025-06-24 13:30:17',NULL,NULL,'17507466171755520954',NULL),(12872,2,'1750738384x480403990','saraban','1341900109994',NULL,1,'2025-06-24 13:30:17',NULL,NULL,'17507466171755520954',NULL),(12873,2,'1750747823x722434493','saraban','1341900109994',NULL,1,'2025-06-30 09:26:37',NULL,NULL,'1751250397898804943',NULL),(12874,2,'1750747823x722434493','saraban','1341900109994',NULL,1,'2025-06-30 09:26:37',NULL,NULL,'1751250397898804943',NULL),(12875,2,'1750754519x377527445','saraban','1341900109994',NULL,1,'2025-06-30 09:26:37',NULL,NULL,'17512503971119311551',NULL),(12876,2,'1750754519x377527445','saraban','1341900109994',NULL,1,'2025-06-30 09:26:37',NULL,NULL,'17512503971119311551',NULL),(12877,2,'1750815572x1831053202','saraban','1341900109994',NULL,1,'2025-06-30 09:26:37',NULL,NULL,'17512503971348578525',NULL),(12878,2,'1750815572x1831053202','saraban','1341900109994',NULL,1,'2025-06-30 09:26:37',NULL,NULL,'17512503971348578525',NULL),(12879,2,'1750832552x232393732','saraban','1341900109994',NULL,1,'2025-06-30 09:26:37',NULL,NULL,'1751250397531039670',NULL),(12880,2,'1750832552x232393732','saraban','1341900109994',NULL,1,'2025-06-30 09:26:37',NULL,NULL,'1751250397531039670',NULL),(12881,2,'1750834636x245598020','saraban','1341900109994',NULL,1,'2025-06-30 09:26:37',NULL,NULL,'1751250397186717650',NULL),(12882,2,'1750834636x245598020','saraban','1341900109994',NULL,1,'2025-06-30 09:26:37',NULL,NULL,'1751250397186717650',NULL),(12883,2,'1750733476x14761636','saraban','1341900109994',NULL,1,'2025-06-30 09:26:37',NULL,NULL,'17512503971463872833',NULL),(12884,2,'1750733476x14761636','saraban','1341900109994',NULL,1,'2025-06-30 09:26:37',NULL,NULL,'17512503971463872833',NULL),(12885,2,'1750838045x514275010','saraban','1341900109994',NULL,1,'2025-06-30 09:26:37',NULL,NULL,'1751250397605433054',NULL),(12886,2,'1750838045x514275010','saraban','1341900109994',NULL,1,'2025-06-30 09:26:37',NULL,NULL,'1751250397605433054',NULL),(12887,2,'1750838440x1813808711','saraban','1341900109994',NULL,1,'2025-06-30 09:26:37',NULL,NULL,'17512503971936003573',NULL),(12888,2,'1750838440x1813808711','saraban','1341900109994',NULL,1,'2025-06-30 09:26:37',NULL,NULL,'17512503971936003573',NULL),(12889,2,'1750841367x1360029310','saraban','1341900109994',NULL,1,'2025-06-30 09:26:37',NULL,NULL,'17512503971588797838',NULL),(12890,2,'1750841367x1360029310','saraban','1341900109994',NULL,1,'2025-06-30 09:26:37',NULL,NULL,'17512503971588797838',NULL),(12891,2,'1750846044x773090230','saraban','1341900109994',NULL,1,'2025-06-30 09:26:37',NULL,NULL,'1751250397514554114',NULL),(12892,2,'1750846044x773090230','saraban','1341900109994',NULL,1,'2025-06-30 09:26:37',NULL,NULL,'1751250397514554114',NULL),(12893,2,'1750846246x1895987603','saraban','1341900109994',NULL,1,'2025-06-30 09:26:37',NULL,NULL,'17512503971772113409',NULL),(12894,2,'1750846246x1895987603','saraban','1341900109994',NULL,1,'2025-06-30 09:26:37',NULL,NULL,'17512503971772113409',NULL),(12895,2,'1750904560x1146142014','saraban','1341900109994',NULL,1,'2025-06-30 09:26:37',NULL,NULL,'17512503972002454395',NULL),(12896,2,'1750904560x1146142014','saraban','1341900109994',NULL,1,'2025-06-30 09:26:37',NULL,NULL,'17512503972002454395',NULL),(12897,2,'1750908673x138163861','saraban','1341900109994',NULL,1,'2025-06-30 09:26:37',NULL,NULL,'17512503972044517740',NULL),(12898,2,'1750908673x138163861','saraban','1341900109994',NULL,1,'2025-06-30 09:26:37',NULL,NULL,'17512503972044517740',NULL),(12899,2,'1750911450x1722679669','saraban','1341900109994',NULL,1,'2025-06-30 09:26:37',NULL,NULL,'17512503971747250931',NULL),(12900,2,'1750911450x1722679669','saraban','1341900109994',NULL,1,'2025-06-30 09:26:37',NULL,NULL,'17512503971747250931',NULL),(12901,2,'1750912515x509302590','saraban','1341900109994',NULL,1,'2025-06-30 09:26:37',NULL,NULL,'17512503971838593809',NULL),(12902,2,'1750912515x509302590','saraban','1341900109994',NULL,1,'2025-06-30 09:26:37',NULL,NULL,'17512503971838593809',NULL),(12903,2,'1750905849x328757944','saraban','1341900109994',NULL,1,'2025-06-30 09:26:37',NULL,NULL,'17512503971177965022',NULL),(12904,2,'1750905849x328757944','saraban','1341900109994',NULL,1,'2025-06-30 09:26:37',NULL,NULL,'17512503971177965022',NULL),(12905,2,'1750911118x595120868','saraban','1341900109994',NULL,1,'2025-06-30 09:26:37',NULL,NULL,'17512503971334221710',NULL),(12906,2,'1750911118x595120868','saraban','1341900109994',NULL,1,'2025-06-30 09:26:37',NULL,NULL,'17512503971334221710',NULL),(12907,2,'1750929884x1658753086','saraban','1341900109994',NULL,1,'2025-06-30 09:26:37',NULL,NULL,'1751250397818075333',NULL),(12908,2,'1750929884x1658753086','saraban','1341900109994',NULL,1,'2025-06-30 09:26:37',NULL,NULL,'1751250397818075333',NULL),(12909,2,'1750995296x1923747789','saraban','1341900109994',NULL,1,'2025-06-30 09:26:37',NULL,NULL,'1751250397487820525',NULL),(12910,2,'1750995296x1923747789','saraban','1341900109994',NULL,1,'2025-06-30 09:26:37',NULL,NULL,'1751250397487820525',NULL),(12911,2,'1751005131x1356590375','saraban','1341900109994',NULL,1,'2025-06-30 09:26:37',NULL,NULL,'1751250397900885369',NULL),(12912,2,'1751005131x1356590375','saraban','1341900109994',NULL,1,'2025-06-30 09:26:37',NULL,NULL,'1751250397900885369',NULL),(12913,2,'1751259583x1976220523','saraban','1341900109994',NULL,1,'2025-07-02 09:20:31',NULL,NULL,'17514228311216932532',NULL),(12914,2,'1751259583x1976220523','saraban','1341900109994',NULL,1,'2025-07-02 09:20:31',NULL,NULL,'17514228311216932532',NULL),(12915,2,'1751264860x710770536','saraban','1341900109994',NULL,1,'2025-07-02 09:20:31',NULL,NULL,'1751422831138965421',NULL),(12916,2,'1751264860x710770536','saraban','1341900109994',NULL,1,'2025-07-02 09:20:31',NULL,NULL,'1751422831138965421',NULL),(12917,2,'1751265526x492060918','saraban','1341900109994',NULL,1,'2025-07-02 09:20:31',NULL,NULL,'1751422831861469347',NULL),(12918,2,'1751265526x492060918','saraban','1341900109994',NULL,1,'2025-07-02 09:20:31',NULL,NULL,'1751422831861469347',NULL),(12919,2,'1751266857x1738728338','saraban','1341900109994',NULL,1,'2025-07-02 09:20:31',NULL,NULL,'17514228311633962127',NULL),(12920,2,'1751266857x1738728338','saraban','1341900109994',NULL,1,'2025-07-02 09:20:31',NULL,NULL,'17514228311633962127',NULL),(12921,2,'1751271008x228856741','saraban','1341900109994',NULL,1,'2025-07-02 09:20:31',NULL,NULL,'1751422831525688952',NULL),(12922,2,'1751271008x228856741','saraban','1341900109994',NULL,1,'2025-07-02 09:20:31',NULL,NULL,'1751422831525688952',NULL),(12923,2,'1751271696x749395282','saraban','1341900109994',NULL,1,'2025-07-02 09:20:31',NULL,NULL,'17514228311650005017',NULL),(12924,2,'1751271696x749395282','saraban','1341900109994',NULL,1,'2025-07-02 09:20:31',NULL,NULL,'17514228311650005017',NULL),(12925,2,'1751274103x1152876080','saraban','1341900109994',NULL,1,'2025-07-02 09:20:31',NULL,NULL,'17514228311991862050',NULL),(12926,2,'1751274103x1152876080','saraban','1341900109994',NULL,1,'2025-07-02 09:20:31',NULL,NULL,'17514228311991862050',NULL),(12927,2,'1751354014x1345655389','saraban','1341900109994',NULL,1,'2025-07-02 09:20:31',NULL,NULL,'17514228311549378478',NULL),(12928,2,'1751354014x1345655389','saraban','1341900109994',NULL,1,'2025-07-02 09:20:31',NULL,NULL,'17514228311549378478',NULL),(12929,2,'1751354873x1230205598','saraban','1341900109994',NULL,1,'2025-07-02 09:20:31',NULL,NULL,'1751422831559491064',NULL),(12930,2,'1751354873x1230205598','saraban','1341900109994',NULL,1,'2025-07-02 09:20:31',NULL,NULL,'1751422831559491064',NULL),(12931,2,'1751355108x1927868738','saraban','1341900109994',NULL,1,'2025-07-02 09:20:31',NULL,NULL,'1751422831375583080',NULL),(12932,2,'1751355108x1927868738','saraban','1341900109994',NULL,1,'2025-07-02 09:20:31',NULL,NULL,'1751422831375583080',NULL),(12933,2,'1751355469x1083763357','saraban','1341900109994',NULL,1,'2025-07-02 09:20:31',NULL,NULL,'17514228311909813583',NULL),(12934,2,'1751355469x1083763357','saraban','1341900109994',NULL,1,'2025-07-02 09:20:31',NULL,NULL,'17514228311909813583',NULL),(12935,2,'1751361702x189789356','saraban','1341900109994',NULL,1,'2025-07-02 09:20:31',NULL,NULL,'17514228311524980472',NULL),(12936,2,'1751361702x189789356','saraban','1341900109994',NULL,1,'2025-07-02 09:20:31',NULL,NULL,'17514228311524980472',NULL),(12937,2,'1751443019x934711631','saraban','1341900109994',NULL,1,'2025-07-03 14:02:42',NULL,NULL,'17515261621790284256',NULL),(12938,2,'1751443019x934711631','saraban','1341900109994',NULL,1,'2025-07-03 14:02:42',NULL,NULL,'17515261621790284256',NULL),(12939,2,'1751443039x1078011458','saraban','1341900109994',NULL,1,'2025-07-03 14:02:42',NULL,NULL,'17515261621306315692',NULL),(12940,2,'1751443039x1078011458','saraban','1341900109994',NULL,1,'2025-07-03 14:02:42',NULL,NULL,'17515261621306315692',NULL),(12941,2,'1751509896x1171859949','saraban','1341900109994',NULL,1,'2025-07-03 14:02:42',NULL,NULL,'17515261621461777351',NULL),(12942,2,'1751509896x1171859949','saraban','1341900109994',NULL,1,'2025-07-03 14:02:42',NULL,NULL,'17515261621461777351',NULL),(12943,2,'1751446116x530294777','saraban','1341900109994',NULL,1,'2025-07-03 14:31:12',NULL,NULL,'1751527872445134321',NULL),(12944,2,'1751446116x530294777','saraban','1341900109994',NULL,1,'2025-07-03 14:31:12',NULL,NULL,'1751527872445134321',NULL),(12945,2,'1752475879x1374319432','saraban','1341900109994',NULL,1,'2025-07-15 15:20:04',NULL,NULL,'175247587936914050',NULL),(12946,2,'1751619598x706530615','saraban','1341900109994',NULL,1,'2025-07-15 15:20:00',NULL,NULL,'17525676002090640776',NULL),(12947,2,'1751619598x706530615','saraban','1341900109994',NULL,1,'2025-07-15 15:20:00',NULL,NULL,'17525676002090640776',NULL),(12948,2,'1752459359x595841787','saraban','1341900109994',NULL,1,'2025-07-15 15:20:00',NULL,NULL,'17525676001431017840',NULL),(12949,2,'1752459359x595841787','saraban','1341900109994',NULL,1,'2025-07-15 15:20:00',NULL,NULL,'17525676001431017840',NULL),(12950,2,'1752465467x1772077167','saraban','1341900109994',NULL,1,'2025-07-15 15:20:00',NULL,NULL,'1752567600152594464',NULL),(12951,2,'1752465467x1772077167','saraban','1341900109994',NULL,1,'2025-07-15 15:20:00',NULL,NULL,'1752567600152594464',NULL),(12952,2,'1752482141x935967380','saraban','1341900109994',NULL,1,'2025-07-15 15:20:00',NULL,NULL,'17525676001338706223',NULL),(12953,2,'1752482141x935967380','saraban','1341900109994',NULL,1,'2025-07-15 15:20:00',NULL,NULL,'17525676001338706223',NULL),(12954,2,'1752482272x835431057','saraban','1341900109994',NULL,1,'2025-07-15 15:20:00',NULL,NULL,'17525676001489751597',NULL),(12955,2,'1752482272x835431057','saraban','1341900109994',NULL,1,'2025-07-15 15:20:00',NULL,NULL,'17525676001489751597',NULL),(12956,2,'1752482734x2047063364','saraban','1341900109994',NULL,1,'2025-07-15 15:20:00',NULL,NULL,'17525676001402772745',NULL),(12957,2,'1752482734x2047063364','saraban','1341900109994',NULL,1,'2025-07-15 15:20:00',NULL,NULL,'17525676001402772745',NULL),(12958,2,'1752484442x510728152','saraban','1341900109994',NULL,1,'2025-07-15 15:20:00',NULL,NULL,'1752567600462346360',NULL),(12959,2,'1752484442x510728152','saraban','1341900109994',NULL,1,'2025-07-15 15:20:00',NULL,NULL,'1752567600462346360',NULL),(12960,2,'1752484543x2058653673','saraban','1341900109994',NULL,1,'2025-07-15 15:20:00',NULL,NULL,'17525676002110509426',NULL),(12961,2,'1752484543x2058653673','saraban','1341900109994',NULL,1,'2025-07-15 15:20:00',NULL,NULL,'17525676002110509426',NULL),(12962,2,'1752548722x803682739','saraban','1341900109994',NULL,1,'2025-07-15 15:20:00',NULL,NULL,'17525676001508866639',NULL),(12963,2,'1752548722x803682739','saraban','1341900109994',NULL,1,'2025-07-15 15:20:00',NULL,NULL,'17525676001508866639',NULL),(12964,2,'1752563314x1990482244','saraban','1341900109994',NULL,1,'2025-07-15 15:20:00',NULL,NULL,'1752567600139010429',NULL),(12965,2,'1752563314x1990482244','saraban','1341900109994',NULL,1,'2025-07-15 15:20:00',NULL,NULL,'1752567600139010429',NULL),(12966,2,'1752567043x85780929','saraban','1341900109994',NULL,1,'2025-07-15 15:20:00',NULL,NULL,'17525676001118371532',NULL),(12967,2,'1752567043x85780929','saraban','1341900109994',NULL,1,'2025-07-15 15:20:00',NULL,NULL,'17525676001118371532',NULL),(12968,2,'1752567571x134379836','saraban','1341900109994',NULL,1,'2025-07-17 09:09:39',NULL,NULL,'17527181791361717596',NULL),(12969,2,'1752567571x134379836','saraban','1341900109994',NULL,1,'2025-07-17 09:09:39',NULL,NULL,'17527181791361717596',NULL),(12970,2,'1752568042x2026247038','saraban','1341900109994',NULL,1,'2025-07-17 09:09:39',NULL,NULL,'1752718179651579434',NULL),(12971,2,'1752568042x2026247038','saraban','1341900109994',NULL,1,'2025-07-17 09:09:39',NULL,NULL,'1752718179651579434',NULL),(12972,2,'1752569982x1524231604','saraban','1341900109994',NULL,1,'2025-07-17 09:09:39',NULL,NULL,'1752718179924591034',NULL),(12973,2,'1752569982x1524231604','saraban','1341900109994',NULL,1,'2025-07-17 09:09:39',NULL,NULL,'1752718179924591034',NULL),(12974,2,'1752570759x1406299167','saraban','1341900109994',NULL,1,'2025-07-17 09:09:39',NULL,NULL,'1752718179304047157',NULL),(12975,2,'1752570759x1406299167','saraban','1341900109994',NULL,1,'2025-07-17 09:09:39',NULL,NULL,'1752718179304047157',NULL),(12976,2,'1752572857x74766469','saraban','1341900109994',NULL,1,'2025-07-17 09:09:39',NULL,NULL,'17527181792124849493',NULL),(12977,2,'1752572857x74766469','saraban','1341900109994',NULL,1,'2025-07-17 09:09:39',NULL,NULL,'17527181792124849493',NULL),(12978,2,'1752628568x284312559','saraban','1341900109994',NULL,1,'2025-07-17 09:09:39',NULL,NULL,'17527181791685918208',NULL),(12979,2,'1752628568x284312559','saraban','1341900109994',NULL,1,'2025-07-17 09:09:39',NULL,NULL,'17527181791685918208',NULL),(12980,2,'1752564824x1854982668','saraban','1341900109994',NULL,1,'2025-07-17 09:09:39',NULL,NULL,'175271817998310660',NULL),(12981,2,'1752564824x1854982668','saraban','1341900109994',NULL,1,'2025-07-17 09:09:39',NULL,NULL,'175271817998310660',NULL),(12982,2,'1752648558x1194549333','saraban','1341900109994',NULL,1,'2025-07-17 09:09:39',NULL,NULL,'17527181791686369009',NULL),(12983,2,'1752648558x1194549333','saraban','1341900109994',NULL,1,'2025-07-17 09:09:39',NULL,NULL,'17527181791686369009',NULL),(12984,2,'1752650250x1435302444','saraban','1341900109994',NULL,1,'2025-07-17 09:09:39',NULL,NULL,'1752718179710304479',NULL),(12985,2,'1752650250x1435302444','saraban','1341900109994',NULL,1,'2025-07-17 09:09:39',NULL,NULL,'1752718179710304479',NULL),(12986,2,'1752653585x2014289234','saraban','1341900109994',NULL,1,'2025-07-17 09:09:39',NULL,NULL,'17527181792112492088',NULL),(12987,2,'1752653585x2014289234','saraban','1341900109994',NULL,1,'2025-07-17 09:09:39',NULL,NULL,'17527181792112492088',NULL),(12988,2,'1752656292x43158840','saraban','1341900109994',NULL,1,'2025-07-17 09:09:39',NULL,NULL,'17527181791795220949',NULL),(12989,2,'1752656292x43158840','saraban','1341900109994',NULL,1,'2025-07-17 09:09:39',NULL,NULL,'17527181791795220949',NULL),(12990,2,'1752661332x941162970','saraban','1341900109994',NULL,1,'2025-07-17 09:09:39',NULL,NULL,'1752718179746241759',NULL),(12991,2,'1752661332x941162970','saraban','1341900109994',NULL,1,'2025-07-17 09:09:39',NULL,NULL,'1752718179746241759',NULL),(12992,2,'1752715166x1281707398','saraban','1341900109994',NULL,1,'2025-07-17 09:09:39',NULL,NULL,'17527181791173543162',NULL),(12993,2,'1752715166x1281707398','saraban','1341900109994',NULL,1,'2025-07-17 09:09:39',NULL,NULL,'17527181791173543162',NULL),(12994,2,'1752818759x2020621379','saraban','1341900109994',NULL,1,'2025-07-21 11:15:24',NULL,NULL,'17530713241703392520',NULL),(12995,2,'1752818759x2020621379','saraban','1341900109994',NULL,1,'2025-07-21 11:15:24',NULL,NULL,'17530713241703392520',NULL),(12996,2,'1752824495x1665874842','saraban','1341900109994',NULL,1,'2025-07-21 11:15:24',NULL,NULL,'17530713241665973233',NULL),(12997,2,'1752824495x1665874842','saraban','1341900109994',NULL,1,'2025-07-21 11:15:24',NULL,NULL,'17530713241665973233',NULL),(12998,2,'1752825926x813395099','saraban','1341900109994',NULL,1,'2025-07-21 11:15:24',NULL,NULL,'1753071324192025386',NULL),(12999,2,'1752825926x813395099','saraban','1341900109994',NULL,1,'2025-07-21 11:15:24',NULL,NULL,'1753071324192025386',NULL),(13000,2,'1752827679x776748767','saraban','1341900109994',NULL,1,'2025-07-21 11:15:24',NULL,NULL,'17530713241300495192',NULL),(13001,2,'1752827679x776748767','saraban','1341900109994',NULL,1,'2025-07-21 11:15:24',NULL,NULL,'17530713241300495192',NULL),(13002,2,'1751624121x1322776934','saraban','1341900109994',NULL,1,'2025-07-21 11:15:24',NULL,NULL,'1753071324228611162',NULL),(13003,2,'1751624121x1322776934','saraban','1341900109994',NULL,1,'2025-07-21 11:15:24',NULL,NULL,'1753071324228611162',NULL),(13004,2,'1753330677x461172813','saraban','1341900109994',NULL,1,'2025-07-24 11:40:22',NULL,NULL,'17533320221701975778',NULL),(13005,2,'1753330677x461172813','saraban','1341900109994',NULL,1,'2025-07-24 11:40:22',NULL,NULL,'17533320221701975778',NULL),(13006,2,'1753347051x1192350298','saraban','1341900109994',NULL,1,'2025-07-29 11:40:06',NULL,NULL,'1753764006180477556',NULL),(13007,2,'1753347051x1192350298','saraban','1341900109994',NULL,1,'2025-07-29 11:40:06',NULL,NULL,'1753764006180477556',NULL),(13008,2,'1753409907x208324889','saraban','1341900109994',NULL,1,'2025-07-29 11:40:06',NULL,NULL,'17537640061666651156',NULL),(13009,2,'1753409907x208324889','saraban','1341900109994',NULL,1,'2025-07-29 11:40:06',NULL,NULL,'17537640061666651156',NULL),(13010,2,'1753433932x2029467330','saraban','1341900109994',NULL,1,'2025-07-29 11:40:06',NULL,NULL,'1753764006717503430',NULL),(13011,2,'1753433932x2029467330','saraban','1341900109994',NULL,1,'2025-07-29 11:40:06',NULL,NULL,'1753764006717503430',NULL),(13012,2,'1753758158x864680953','saraban','1341900109994',NULL,1,'2025-07-29 11:40:06',NULL,NULL,'17537640061305906697',NULL),(13013,2,'1753758158x864680953','saraban','1341900109994',NULL,1,'2025-07-29 11:40:06',NULL,NULL,'17537640061305906697',NULL),(13014,2,'1753758626x1931092045','saraban','1341900109994',NULL,1,'2025-07-29 11:40:06',NULL,NULL,'17537640061843609415',NULL),(13015,2,'1753758626x1931092045','saraban','1341900109994',NULL,1,'2025-07-29 11:40:06',NULL,NULL,'17537640061843609415',NULL),(13016,2,'1753771095x1225938169','saraban','1341900109994',NULL,1,'2025-07-30 09:41:27',NULL,NULL,'17538432871469306442',NULL),(13017,2,'1753771095x1225938169','saraban','1341900109994',NULL,1,'2025-07-30 09:41:27',NULL,NULL,'17538432871469306442',NULL),(13018,2,'1753850489x1109026390','saraban','1341900109994',NULL,1,'2025-07-31 09:45:51',NULL,NULL,'17539299511863498679',NULL),(13019,2,'1753850489x1109026390','saraban','1341900109994',NULL,1,'2025-07-31 09:45:51',NULL,NULL,'17539299511863498679',NULL),(13020,2,'1753864673x985240081','saraban','1341900109994',NULL,1,'2025-07-31 09:45:51',NULL,NULL,'1753929951834241138',NULL),(13021,2,'1753864673x985240081','saraban','1341900109994',NULL,1,'2025-07-31 09:45:51',NULL,NULL,'1753929951834241138',NULL),(13022,2,'1753926859x1576590551','saraban','1341900109994',NULL,1,'2025-07-31 09:45:51',NULL,NULL,'17539299511384075508',NULL),(13023,2,'1753926859x1576590551','saraban','1341900109994',NULL,1,'2025-07-31 09:45:51',NULL,NULL,'17539299511384075508',NULL),(13024,2,'1753930398x683752085','saraban','1341900109994',NULL,1,'2025-08-05 13:12:52',NULL,NULL,'1753930398347438107',NULL),(13025,2,'1753930558x1087475843','saraban','1341900109994',NULL,1,'2025-08-05 13:12:52',NULL,NULL,'1753930558689364649',NULL),(13026,2,'1754014351x1230487671','saraban','1341900109994',NULL,1,'2025-08-01 12:52:59',NULL,NULL,'17540275791680025766',NULL),(13027,2,'1754014351x1230487671','saraban','1341900109994',NULL,1,'2025-08-01 12:52:59',NULL,NULL,'17540275791680025766',NULL),(13028,2,'1754034077x2098532370','saraban','1341900109994',NULL,1,'2025-08-05 13:12:47',NULL,NULL,'1754374367642261815',NULL),(13029,2,'1754034077x2098532370','saraban','1341900109994',NULL,1,'2025-08-05 13:12:47',NULL,NULL,'1754374367642261815',NULL),(13030,2,'1754036769x1049625961','saraban','1341900109994',NULL,1,'2025-08-05 13:12:47',NULL,NULL,'1754374367585510996',NULL),(13031,2,'1754036769x1049625961','saraban','1341900109994',NULL,1,'2025-08-05 13:12:47',NULL,NULL,'1754374367585510996',NULL),(13032,2,'1754037513x1870974297','saraban','1341900109994',NULL,1,'2025-08-05 13:12:47',NULL,NULL,'17543743671158339813',NULL),(13033,2,'1754037513x1870974297','saraban','1341900109994',NULL,1,'2025-08-05 13:12:47',NULL,NULL,'17543743671158339813',NULL),(13034,2,'1754038372x1438133438','saraban','1341900109994',NULL,1,'2025-08-05 13:12:47',NULL,NULL,'1754374367837227835',NULL),(13035,2,'1754038372x1438133438','saraban','1341900109994',NULL,1,'2025-08-05 13:12:47',NULL,NULL,'1754374367837227835',NULL),(13036,2,'1754277282x121021281','saraban','1341900109994',NULL,1,'2025-08-05 13:12:47',NULL,NULL,'17543743671343367126',NULL),(13037,2,'1754277282x121021281','saraban','1341900109994',NULL,1,'2025-08-05 13:12:47',NULL,NULL,'17543743671343367126',NULL),(13038,2,'1754278991x1075088607','saraban','1341900109994',NULL,1,'2025-08-05 13:12:47',NULL,NULL,'1754374367227922517',NULL),(13039,2,'1754278991x1075088607','saraban','1341900109994',NULL,1,'2025-08-05 13:12:47',NULL,NULL,'1754374367227922517',NULL),(13040,2,'1754283127x1536748682','saraban','1341900109994',NULL,1,'2025-08-05 13:12:47',NULL,NULL,'17543743671669762387',NULL),(13041,2,'1754283127x1536748682','saraban','1341900109994',NULL,1,'2025-08-05 13:12:47',NULL,NULL,'17543743671669762387',NULL),(13042,2,'1754377553x1934475750','saraban','1341900109994',NULL,1,'2025-08-13 14:12:06',NULL,NULL,'1755069126524622462',NULL),(13043,2,'1754377553x1934475750','saraban','1341900109994',NULL,1,'2025-08-13 14:12:06',NULL,NULL,'1755069126524622462',NULL),(13044,2,'1754378829x1386341543','saraban','1341900109994',NULL,1,'2025-08-13 14:12:06',NULL,NULL,'17550691261199245185',NULL),(13045,2,'1754378829x1386341543','saraban','1341900109994',NULL,1,'2025-08-13 14:12:06',NULL,NULL,'17550691261199245185',NULL),(13046,2,'1754380228x1917759638','saraban','1341900109994',NULL,1,'2025-08-13 14:12:06',NULL,NULL,'1755069126931068264',NULL),(13047,2,'1754380228x1917759638','saraban','1341900109994',NULL,1,'2025-08-13 14:12:06',NULL,NULL,'1755069126931068264',NULL),(13048,2,'1754388271x1285323862','saraban','1341900109994',NULL,1,'2025-08-13 14:12:06',NULL,NULL,'1755069126151860081',NULL),(13049,2,'1754388271x1285323862','saraban','1341900109994',NULL,1,'2025-08-13 14:12:06',NULL,NULL,'1755069126151860081',NULL),(13050,2,'1754388304x786426742','saraban','1341900109994',NULL,1,'2025-08-13 14:12:06',NULL,NULL,'1755069126787408963',NULL),(13051,2,'1754388304x786426742','saraban','1341900109994',NULL,1,'2025-08-13 14:12:06',NULL,NULL,'1755069126787408963',NULL),(13052,2,'1754445145x556036390','saraban','1341900109994',NULL,1,'2025-08-13 14:12:06',NULL,NULL,'17550691261663551331',NULL),(13053,2,'1754445145x556036390','saraban','1341900109994',NULL,1,'2025-08-13 14:12:06',NULL,NULL,'17550691261663551331',NULL),(13054,2,'1754445518x1931111380','saraban','1341900109994',NULL,1,'2025-08-13 14:12:06',NULL,NULL,'1755069126941596206',NULL),(13055,2,'1754445518x1931111380','saraban','1341900109994',NULL,1,'2025-08-13 14:12:06',NULL,NULL,'1755069126941596206',NULL),(13056,2,'1754445915x51494271','saraban','1341900109994',NULL,1,'2025-08-13 14:12:06',NULL,NULL,'17550691261083234501',NULL),(13057,2,'1754445915x51494271','saraban','1341900109994',NULL,1,'2025-08-13 14:12:06',NULL,NULL,'17550691261083234501',NULL),(13058,2,'1754468228x1226735255','saraban','1341900109994',NULL,1,'2025-08-13 14:12:06',NULL,NULL,'17550691261014700067',NULL),(13059,2,'1754468228x1226735255','saraban','1341900109994',NULL,1,'2025-08-13 14:12:06',NULL,NULL,'17550691261014700067',NULL),(13060,2,'1754471589x1210962809','saraban','1341900109994',NULL,1,'2025-08-13 14:12:06',NULL,NULL,'175506912612137531',NULL),(13061,2,'1754471589x1210962809','saraban','1341900109994',NULL,1,'2025-08-13 14:12:06',NULL,NULL,'175506912612137531',NULL),(13062,2,'1754472993x341283323','saraban','1341900109994',NULL,1,'2025-08-13 14:12:06',NULL,NULL,'1755069126837923632',NULL),(13063,2,'1754472993x341283323','saraban','1341900109994',NULL,1,'2025-08-13 14:12:06',NULL,NULL,'1755069126837923632',NULL),(13064,2,'1754450456x1285743696','saraban','1341900109994',NULL,1,'2025-08-13 14:12:06',NULL,NULL,'1755069126281936202',NULL),(13065,2,'1754450456x1285743696','saraban','1341900109994',NULL,1,'2025-08-13 14:12:06',NULL,NULL,'1755069126281936202',NULL),(13066,2,'1754468396x1539791918','saraban','1341900109994',NULL,1,'2025-08-13 14:12:06',NULL,NULL,'1755069126131960947',NULL),(13067,2,'1754468396x1539791918','saraban','1341900109994',NULL,1,'2025-08-13 14:12:06',NULL,NULL,'1755069126131960947',NULL),(13068,2,'1754474091x555187700','saraban','1341900109994',NULL,1,'2025-08-13 14:12:06',NULL,NULL,'17550691262123454293',NULL),(13069,2,'1754474091x555187700','saraban','1341900109994',NULL,1,'2025-08-13 14:12:06',NULL,NULL,'17550691262123454293',NULL),(13070,2,'1754533608x1031158859','saraban','1341900109994',NULL,1,'2025-08-13 14:12:06',NULL,NULL,'17550691261808279321',NULL),(13071,2,'1754533608x1031158859','saraban','1341900109994',NULL,1,'2025-08-13 14:12:06',NULL,NULL,'17550691261808279321',NULL),(13072,2,'1754466419x776381219','saraban','1341900109994',NULL,1,'2025-08-13 14:12:06',NULL,NULL,'1755069126888686793',NULL),(13073,2,'1754466419x776381219','saraban','1341900109994',NULL,1,'2025-08-13 14:12:06',NULL,NULL,'1755069126888686793',NULL),(13074,2,'1754640723x1498325545','saraban','1341900109994',NULL,1,'2025-08-13 14:12:06',NULL,NULL,'17550691261394401896',NULL),(13075,2,'1754640723x1498325545','saraban','1341900109994',NULL,1,'2025-08-13 14:12:06',NULL,NULL,'17550691261394401896',NULL),(13076,2,'1754643399x32550284','saraban','1341900109994',NULL,1,'2025-08-13 14:12:06',NULL,NULL,'17550691261442284921',NULL),(13077,2,'1754643399x32550284','saraban','1341900109994',NULL,1,'2025-08-13 14:12:06',NULL,NULL,'17550691261442284921',NULL),(13078,2,'1754641781x254153283','saraban','1341900109994',NULL,1,'2025-08-13 14:12:06',NULL,NULL,'17550691262130038407',NULL),(13079,2,'1754641781x254153283','saraban','1341900109994',NULL,1,'2025-08-13 14:12:06',NULL,NULL,'17550691262130038407',NULL),(13080,2,'1754641806x253550396','saraban','1341900109994',NULL,1,'2025-08-13 14:12:06',NULL,NULL,'17550691261277227485',NULL),(13081,2,'1754641806x253550396','saraban','1341900109994',NULL,1,'2025-08-13 14:12:06',NULL,NULL,'17550691261277227485',NULL),(13082,2,'1754644369x606241801','saraban','1341900109994',NULL,1,'2025-08-13 14:12:06',NULL,NULL,'17550691261193768844',NULL),(13083,2,'1754644369x606241801','saraban','1341900109994',NULL,1,'2025-08-13 14:12:06',NULL,NULL,'17550691261193768844',NULL),(13084,2,'1755070416x744995771','saraban','1341900109994',NULL,1,'2025-08-13 15:55:12',NULL,NULL,'1755075312247997033',NULL),(13085,2,'1755070416x744995771','saraban','1341900109994',NULL,1,'2025-08-13 15:55:12',NULL,NULL,'1755075312247997033',NULL),(13086,2,'1755070481x1161735765','saraban','1341900109994',NULL,1,'2025-08-13 15:55:12',NULL,NULL,'17550753121779381037',NULL),(13087,2,'1755070481x1161735765','saraban','1341900109994',NULL,1,'2025-08-13 15:55:12',NULL,NULL,'17550753121779381037',NULL),(13088,2,'1755071612x1670369350','saraban','1341900109994',NULL,1,'2025-08-13 15:55:12',NULL,NULL,'17550753121224796960',NULL),(13089,2,'1755071612x1670369350','saraban','1341900109994',NULL,1,'2025-08-13 15:55:12',NULL,NULL,'17550753121224796960',NULL),(13090,2,'1755071809x1120094502','saraban','1341900109994',NULL,1,'2025-08-13 15:55:12',NULL,NULL,'17550753121937070737',NULL),(13091,2,'1755071809x1120094502','saraban','1341900109994',NULL,1,'2025-08-13 15:55:12',NULL,NULL,'17550753121937070737',NULL),(13092,2,'1755072143x1160259719','saraban','1341900109994',NULL,1,'2025-08-13 15:55:12',NULL,NULL,'17550753121052703872',NULL),(13093,2,'1755072143x1160259719','saraban','1341900109994',NULL,1,'2025-08-13 15:55:12',NULL,NULL,'17550753121052703872',NULL),(13094,2,'1755075708x2024815044','saraban','1341900109994',NULL,1,'2025-08-21 13:05:12',NULL,NULL,'1755756312439402985',NULL),(13095,2,'1755075708x2024815044','saraban','1341900109994',NULL,1,'2025-08-21 13:05:12',NULL,NULL,'1755756312439402985',NULL),(13096,2,'1755149871x518111712','saraban','1341900109994',NULL,1,'2025-08-21 13:05:12',NULL,NULL,'17557563121265874956',NULL),(13097,2,'1755149871x518111712','saraban','1341900109994',NULL,1,'2025-08-21 13:05:12',NULL,NULL,'17557563121265874956',NULL),(13098,2,'1755507896x254769970','saraban','1341900109994',NULL,1,'2025-08-21 13:05:12',NULL,NULL,'175575631238217902',NULL),(13099,2,'1755507896x254769970','saraban','1341900109994',NULL,1,'2025-08-21 13:05:12',NULL,NULL,'175575631238217902',NULL),(13100,2,'1755508051x539532322','saraban','1341900109994',NULL,1,'2025-08-21 13:05:12',NULL,NULL,'17557563122094826029',NULL),(13101,2,'1755508051x539532322','saraban','1341900109994',NULL,1,'2025-08-21 13:05:12',NULL,NULL,'17557563122094826029',NULL),(13102,2,'1755248431x727290473','saraban','1341900109994',NULL,1,'2025-08-21 13:05:12',NULL,NULL,'1755756312487224477',NULL),(13103,2,'1755248431x727290473','saraban','1341900109994',NULL,1,'2025-08-21 13:05:12',NULL,NULL,'1755756312487224477',NULL),(13104,2,'1755573226x808009219','saraban','1341900109994',NULL,1,'2025-08-21 13:05:12',NULL,NULL,'1755756312359016886',NULL),(13105,2,'1755573226x808009219','saraban','1341900109994',NULL,1,'2025-08-21 13:05:12',NULL,NULL,'1755756312359016886',NULL),(13106,2,'1755584825x377142424','saraban','1341900109994',NULL,1,'2025-08-21 13:05:12',NULL,NULL,'1755756312920926400',NULL),(13107,2,'1755584825x377142424','saraban','1341900109994',NULL,1,'2025-08-21 13:05:12',NULL,NULL,'1755756312920926400',NULL),(13108,2,'1755585226x320356488','saraban','1341900109994',NULL,1,'2025-08-21 13:05:12',NULL,NULL,'1755756312708291442',NULL),(13109,2,'1755585226x320356488','saraban','1341900109994',NULL,1,'2025-08-21 13:05:12',NULL,NULL,'1755756312708291442',NULL),(13110,2,'1755588352x1526428459','saraban','1341900109994',NULL,1,'2025-08-21 13:05:12',NULL,NULL,'1755756312887049449',NULL),(13111,2,'1755588352x1526428459','saraban','1341900109994',NULL,1,'2025-08-21 13:05:12',NULL,NULL,'1755756312887049449',NULL),(13112,2,'1755663025x2021307252','saraban','1341900109994',NULL,1,'2025-08-21 13:05:12',NULL,NULL,'17557563121725598057',NULL),(13113,2,'1755663025x2021307252','saraban','1341900109994',NULL,1,'2025-08-21 13:05:12',NULL,NULL,'17557563121725598057',NULL),(13114,2,'1755739808x653909974','saraban','1341900109994',NULL,1,'2025-08-21 13:05:12',NULL,NULL,'17557563121172487637',NULL),(13115,2,'1755739808x653909974','saraban','1341900109994',NULL,1,'2025-08-21 13:05:12',NULL,NULL,'17557563121172487637',NULL),(13116,2,'1755768352x1259974719','saraban','1341900109994',NULL,1,'2025-08-26 09:44:53',NULL,NULL,'17561762931130795548',NULL),(13117,2,'1755768352x1259974719','saraban','1341900109994',NULL,1,'2025-08-26 09:44:53',NULL,NULL,'17561762931130795548',NULL),(13118,2,'1755827754x1665482565','saraban','1341900109994',NULL,1,'2025-08-26 09:44:53',NULL,NULL,'175617629384998137',NULL),(13119,2,'1755827754x1665482565','saraban','1341900109994',NULL,1,'2025-08-26 09:44:53',NULL,NULL,'175617629384998137',NULL),(13120,2,'1755837804x677919630','saraban','1341900109994',NULL,1,'2025-08-26 09:44:53',NULL,NULL,'17561762931122267935',NULL),(13121,2,'1755837804x677919630','saraban','1341900109994',NULL,1,'2025-08-26 09:44:53',NULL,NULL,'17561762931122267935',NULL),(13122,2,'1755838352x1367801281','saraban','1341900109994',NULL,1,'2025-08-26 09:44:53',NULL,NULL,'17561762931628344121',NULL),(13123,2,'1755838352x1367801281','saraban','1341900109994',NULL,1,'2025-08-26 09:44:53',NULL,NULL,'17561762931628344121',NULL),(13124,2,'1755838671x471354448','saraban','1341900109994',NULL,1,'2025-08-26 09:44:53',NULL,NULL,'17561762938421498',NULL),(13125,2,'1755838671x471354448','saraban','1341900109994',NULL,1,'2025-08-26 09:44:53',NULL,NULL,'17561762938421498',NULL),(13126,2,'1755844489x285090117','saraban','1341900109994',NULL,1,'2025-08-26 09:44:53',NULL,NULL,'17561762931392822445',NULL),(13127,2,'1755844489x285090117','saraban','1341900109994',NULL,1,'2025-08-26 09:44:53',NULL,NULL,'17561762931392822445',NULL),(13128,2,'1755844785x330782987','saraban','1341900109994',NULL,1,'2025-08-26 09:44:53',NULL,NULL,'1756176293809141600',NULL),(13129,2,'1755844785x330782987','saraban','1341900109994',NULL,1,'2025-08-26 09:44:53',NULL,NULL,'1756176293809141600',NULL),(13130,2,'1755845585x1759305338','saraban','1341900109994',NULL,1,'2025-08-26 09:44:53',NULL,NULL,'1756176293213042711',NULL),(13131,2,'1755845585x1759305338','saraban','1341900109994',NULL,1,'2025-08-26 09:44:53',NULL,NULL,'1756176293213042711',NULL),(13132,2,'1755849994x402058801','saraban','1341900109994',NULL,1,'2025-08-26 09:44:53',NULL,NULL,'17561762931891561695',NULL),(13133,2,'1755849994x402058801','saraban','1341900109994',NULL,1,'2025-08-26 09:44:53',NULL,NULL,'17561762931891561695',NULL),(13134,2,'1755851717x663293589','saraban','1341900109994',NULL,1,'2025-08-26 09:44:53',NULL,NULL,'17561762931837327002',NULL),(13135,2,'1755851717x663293589','saraban','1341900109994',NULL,1,'2025-08-26 09:44:53',NULL,NULL,'17561762931837327002',NULL),(13136,2,'1755852118x1968042356','saraban','1341900109994',NULL,1,'2025-08-26 09:44:53',NULL,NULL,'17561762931098477933',NULL),(13137,2,'1755852118x1968042356','saraban','1341900109994',NULL,1,'2025-08-26 09:44:53',NULL,NULL,'17561762931098477933',NULL),(13138,2,'1755854113x666723241','saraban','1341900109994',NULL,1,'2025-08-26 09:44:53',NULL,NULL,'1756176293519343147',NULL),(13139,2,'1755854113x666723241','saraban','1341900109994',NULL,1,'2025-08-26 09:44:53',NULL,NULL,'1756176293519343147',NULL),(13140,2,'1755842587x48746864','saraban','1341900109994',NULL,1,'2025-08-26 09:44:53',NULL,NULL,'1756176293661598027',NULL),(13141,2,'1755842587x48746864','saraban','1341900109994',NULL,1,'2025-08-26 09:44:53',NULL,NULL,'1756176293661598027',NULL),(13142,2,'1755843058x1863225758','saraban','1341900109994',NULL,1,'2025-08-26 09:44:53',NULL,NULL,'17561762931305128919',NULL),(13143,2,'1755843058x1863225758','saraban','1341900109994',NULL,1,'2025-08-26 09:44:53',NULL,NULL,'17561762931305128919',NULL),(13144,2,'1755849630x745426179','saraban','1341900109994',NULL,1,'2025-08-26 09:44:53',NULL,NULL,'17561762931755024514',NULL),(13145,2,'1755849630x745426179','saraban','1341900109994',NULL,1,'2025-08-26 09:44:53',NULL,NULL,'17561762931755024514',NULL),(13146,2,'1756182663x374085459','saraban','1341900109994',NULL,1,'2025-08-28 12:57:14',NULL,NULL,'17563606342050116495',NULL),(13147,2,'1756182663x374085459','saraban','1341900109994',NULL,1,'2025-08-28 12:57:14',NULL,NULL,'17563606342050116495',NULL),(13148,2,'1756190656x1481765028','saraban','1341900109994',NULL,1,'2025-08-28 12:57:14',NULL,NULL,'17563606341753203904',NULL),(13149,2,'1756190656x1481765028','saraban','1341900109994',NULL,1,'2025-08-28 12:57:14',NULL,NULL,'17563606341753203904',NULL),(13150,2,'1756262157x173613002','saraban','1341900109994',NULL,1,'2025-08-28 12:57:14',NULL,NULL,'1756360634724806815',NULL),(13151,2,'1756262157x173613002','saraban','1341900109994',NULL,1,'2025-08-28 12:57:14',NULL,NULL,'1756360634724806815',NULL),(13152,2,'1756267394x1878667599','saraban','1341900109994',NULL,1,'2025-08-28 12:57:14',NULL,NULL,'17563606341329067408',NULL),(13153,2,'1756267394x1878667599','saraban','1341900109994',NULL,1,'2025-08-28 12:57:14',NULL,NULL,'17563606341329067408',NULL),(13154,2,'1756268334x1751333701','saraban','1341900109994',NULL,1,'2025-08-28 12:57:14',NULL,NULL,'1756360634889304561',NULL),(13155,2,'1756268334x1751333701','saraban','1341900109994',NULL,1,'2025-08-28 12:57:14',NULL,NULL,'1756360634889304561',NULL),(13156,2,'1756268746x1686738601','saraban','1341900109994',NULL,1,'2025-08-28 12:57:14',NULL,NULL,'17563606341938437241',NULL),(13157,2,'1756268746x1686738601','saraban','1341900109994',NULL,1,'2025-08-28 12:57:14',NULL,NULL,'17563606341938437241',NULL),(13158,2,'1756277988x1922582168','saraban','1341900109994',NULL,1,'2025-08-28 12:57:14',NULL,NULL,'17563606341812952158',NULL),(13159,2,'1756277988x1922582168','saraban','1341900109994',NULL,1,'2025-08-28 12:57:14',NULL,NULL,'17563606341812952158',NULL),(13160,2,'1756282139x1623896764','saraban','1341900109994',NULL,1,'2025-08-28 12:57:14',NULL,NULL,'1756360634746472767',NULL),(13161,2,'1756282139x1623896764','saraban','1341900109994',NULL,1,'2025-08-28 12:57:14',NULL,NULL,'1756360634746472767',NULL),(13162,2,'1756282461x1567449413','saraban','1341900109994',NULL,1,'2025-08-28 12:57:14',NULL,NULL,'17563606342095715690',NULL),(13163,2,'1756282461x1567449413','saraban','1341900109994',NULL,1,'2025-08-28 12:57:14',NULL,NULL,'17563606342095715690',NULL),(13164,2,'1756355766x2065433608','saraban','1341900109994',NULL,1,'2025-08-28 12:57:14',NULL,NULL,'17563606341483846136',NULL),(13165,2,'1756355766x2065433608','saraban','1341900109994',NULL,1,'2025-08-28 12:57:14',NULL,NULL,'17563606341483846136',NULL),(13166,2,'1756439395x1568162420','saraban','1341900109994',NULL,1,'2025-09-08 12:56:14',NULL,NULL,'1756439395822719884',NULL),(13167,2,'1756439470x538764058','saraban','1341900109994',NULL,1,'2025-09-08 12:56:15',NULL,NULL,'17564394701287242866',NULL),(13168,2,'1756364589x261009605','saraban','1341900109994',NULL,1,'2025-09-01 11:10:24',NULL,NULL,'1756699824689589773',NULL),(13169,2,'1756364589x261009605','saraban','1341900109994',NULL,1,'2025-09-01 11:10:24',NULL,NULL,'1756699824689589773',NULL),(13170,2,'1756366636x1819875298','saraban','1341900109994',NULL,1,'2025-09-01 11:10:24',NULL,NULL,'1756699824798556945',NULL),(13171,2,'1756366636x1819875298','saraban','1341900109994',NULL,1,'2025-09-01 11:10:24',NULL,NULL,'1756699824798556945',NULL),(13172,2,'1756367068x962190521','saraban','1341900109994',NULL,1,'2025-09-01 11:10:24',NULL,NULL,'1756699824528848196',NULL),(13173,2,'1756367068x962190521','saraban','1341900109994',NULL,1,'2025-09-01 11:10:24',NULL,NULL,'1756699824528848196',NULL),(13174,2,'1756370885x9890673','saraban','1341900109994',NULL,1,'2025-09-01 11:10:24',NULL,NULL,'1756699824846483263',NULL),(13175,2,'1756370885x9890673','saraban','1341900109994',NULL,1,'2025-09-01 11:10:24',NULL,NULL,'1756699824846483263',NULL),(13176,2,'1756372727x1642603634','saraban','1341900109994',NULL,1,'2025-09-01 11:10:24',NULL,NULL,'17566998241558717367',NULL),(13177,2,'1756372727x1642603634','saraban','1341900109994',NULL,1,'2025-09-01 11:10:24',NULL,NULL,'17566998241558717367',NULL),(13178,2,'1756433809x288518910','saraban','1341900109994',NULL,1,'2025-09-01 11:10:24',NULL,NULL,'1756699824955603722',NULL),(13179,2,'1756433809x288518910','saraban','1341900109994',NULL,1,'2025-09-01 11:10:24',NULL,NULL,'1756699824955603722',NULL),(13180,2,'1756436045x629196099','saraban','1341900109994',NULL,1,'2025-09-01 11:10:24',NULL,NULL,'17566998241373760045',NULL),(13181,2,'1756436045x629196099','saraban','1341900109994',NULL,1,'2025-09-01 11:10:24',NULL,NULL,'17566998241373760045',NULL),(13182,2,'1756446398x1902394628','saraban','1341900109994',NULL,1,'2025-09-01 11:10:24',NULL,NULL,'17566998241469982731',NULL),(13183,2,'1756446398x1902394628','saraban','1341900109994',NULL,1,'2025-09-01 11:10:24',NULL,NULL,'17566998241469982731',NULL),(13184,2,'1756453541x2077163737','saraban','1341900109994',NULL,1,'2025-09-01 11:10:24',NULL,NULL,'17566998241984250550',NULL),(13185,2,'1756453541x2077163737','saraban','1341900109994',NULL,1,'2025-09-01 11:10:24',NULL,NULL,'17566998241984250550',NULL),(13186,2,'1756453657x1009084202','saraban','1341900109994',NULL,1,'2025-09-01 11:10:24',NULL,NULL,'1756699824399481336',NULL),(13187,2,'1756453657x1009084202','saraban','1341900109994',NULL,1,'2025-09-01 11:10:24',NULL,NULL,'1756699824399481336',NULL),(13188,2,'1756694981x523956496','saraban','1341900109994',NULL,1,'2025-09-01 11:10:24',NULL,NULL,'175669982478646905',NULL),(13189,2,'1756694981x523956496','saraban','1341900109994',NULL,1,'2025-09-01 11:10:24',NULL,NULL,'175669982478646905',NULL),(13190,2,'1756439748x1989141008','saraban','1341900109994',NULL,1,'2025-09-01 11:10:24',NULL,NULL,'17566998241703025772',NULL),(13191,2,'1756439748x1989141008','saraban','1341900109994',NULL,1,'2025-09-01 11:10:24',NULL,NULL,'17566998241703025772',NULL),(13192,2,'1756713512x516363488','saraban','1341900109994',NULL,1,'2025-09-08 09:47:58',NULL,NULL,'17572996781669433580',NULL),(13193,2,'1756713512x516363488','saraban','1341900109994',NULL,1,'2025-09-08 09:47:58',NULL,NULL,'17572996781669433580',NULL),(13194,2,'1756718322x1864342421','saraban','1341900109994',NULL,1,'2025-09-08 09:47:58',NULL,NULL,'1757299678891553744',NULL),(13195,2,'1756718322x1864342421','saraban','1341900109994',NULL,1,'2025-09-08 09:47:58',NULL,NULL,'1757299678891553744',NULL),(13196,2,'1756783375x31427394','saraban','1341900109994',NULL,1,'2025-09-08 09:47:58',NULL,NULL,'17572996781863548998',NULL),(13197,2,'1756783375x31427394','saraban','1341900109994',NULL,1,'2025-09-08 09:47:58',NULL,NULL,'17572996781863548998',NULL),(13198,2,'1756784899x709783046','saraban','1341900109994',NULL,1,'2025-09-08 09:47:58',NULL,NULL,'1757299678198590667',NULL),(13199,2,'1756784899x709783046','saraban','1341900109994',NULL,1,'2025-09-08 09:47:58',NULL,NULL,'1757299678198590667',NULL),(13200,2,'1756800558x1375098247','saraban','1341900109994',NULL,1,'2025-09-08 09:47:58',NULL,NULL,'17572996781678666683',NULL),(13201,2,'1756800558x1375098247','saraban','1341900109994',NULL,1,'2025-09-08 09:47:58',NULL,NULL,'17572996781678666683',NULL),(13202,2,'1756804502x472385249','saraban','1341900109994',NULL,1,'2025-09-08 09:47:58',NULL,NULL,'17572996781085070598',NULL),(13203,2,'1756804502x472385249','saraban','1341900109994',NULL,1,'2025-09-08 09:47:58',NULL,NULL,'17572996781085070598',NULL),(13204,2,'1756869503x450322226','saraban','1341900109994',NULL,1,'2025-09-08 09:47:58',NULL,NULL,'1757299678484615323',NULL),(13205,2,'1756869503x450322226','saraban','1341900109994',NULL,1,'2025-09-08 09:47:58',NULL,NULL,'1757299678484615323',NULL),(13206,2,'1756882151x1629362366','saraban','1341900109994',NULL,1,'2025-09-08 09:47:58',NULL,NULL,'17572996781029583865',NULL),(13207,2,'1756882151x1629362366','saraban','1341900109994',NULL,1,'2025-09-08 09:47:58',NULL,NULL,'17572996781029583865',NULL),(13208,2,'1756883382x223410371','saraban','1341900109994',NULL,1,'2025-09-08 09:47:58',NULL,NULL,'17572996781907053727',NULL),(13209,2,'1756883382x223410371','saraban','1341900109994',NULL,1,'2025-09-08 09:47:58',NULL,NULL,'17572996781907053727',NULL),(13210,2,'1756886239x1170497998','saraban','1341900109994',NULL,1,'2025-09-08 09:47:58',NULL,NULL,'1757299678148290760',NULL),(13211,2,'1756886239x1170497998','saraban','1341900109994',NULL,1,'2025-09-08 09:47:58',NULL,NULL,'1757299678148290760',NULL),(13212,2,'1756887431x361943974','saraban','1341900109994',NULL,1,'2025-09-08 09:47:58',NULL,NULL,'17572996781799722263',NULL),(13213,2,'1756887431x361943974','saraban','1341900109994',NULL,1,'2025-09-08 09:47:58',NULL,NULL,'17572996781799722263',NULL),(13214,2,'1756887843x768562768','saraban','1341900109994',NULL,1,'2025-09-08 09:47:58',NULL,NULL,'17572996781992517111',NULL),(13215,2,'1756887843x768562768','saraban','1341900109994',NULL,1,'2025-09-08 09:47:58',NULL,NULL,'17572996781992517111',NULL),(13216,2,'1756870901x1390292434','saraban','1341900109994',NULL,1,'2025-09-08 09:47:58',NULL,NULL,'17572996781527425082',NULL),(13217,2,'1756870901x1390292434','saraban','1341900109994',NULL,1,'2025-09-08 09:47:58',NULL,NULL,'17572996781527425082',NULL),(13218,2,'1756960084x568747958','saraban','1341900109994',NULL,1,'2025-09-08 09:47:58',NULL,NULL,'17572996781721823610',NULL),(13219,2,'1756960084x568747958','saraban','1341900109994',NULL,1,'2025-09-08 09:47:58',NULL,NULL,'17572996781721823610',NULL),(13220,2,'1756961201x635509935','saraban','1341900109994',NULL,1,'2025-09-08 09:47:58',NULL,NULL,'17572996782094890723',NULL),(13221,2,'1756961201x635509935','saraban','1341900109994',NULL,1,'2025-09-08 09:47:58',NULL,NULL,'17572996782094890723',NULL),(13222,2,'1756969666x1022420879','saraban','1341900109994',NULL,1,'2025-09-08 09:47:58',NULL,NULL,'1757299678945972647',NULL),(13223,2,'1756969666x1022420879','saraban','1341900109994',NULL,1,'2025-09-08 09:47:58',NULL,NULL,'1757299678945972647',NULL),(13224,2,'1756976899x348125079','saraban','1341900109994',NULL,1,'2025-09-08 09:47:58',NULL,NULL,'1757299678757297247',NULL),(13225,2,'1756976899x348125079','saraban','1341900109994',NULL,1,'2025-09-08 09:47:58',NULL,NULL,'1757299678757297247',NULL),(13226,2,'1756996708x1353204342','saraban','1341900109994',NULL,1,'2025-09-08 09:47:58',NULL,NULL,'1757299678537693460',NULL),(13227,2,'1756996708x1353204342','saraban','1341900109994',NULL,1,'2025-09-08 09:47:58',NULL,NULL,'1757299678537693460',NULL),(13228,2,'1757038269x135244111','saraban','1341900109994',NULL,1,'2025-09-08 09:47:58',NULL,NULL,'1757299678256281080',NULL),(13229,2,'1757038269x135244111','saraban','1341900109994',NULL,1,'2025-09-08 09:47:58',NULL,NULL,'1757299678256281080',NULL),(13230,2,'1757039731x69960934','saraban','1341900109994',NULL,1,'2025-09-08 09:47:58',NULL,NULL,'17572996781862274323',NULL),(13231,2,'1757039731x69960934','saraban','1341900109994',NULL,1,'2025-09-08 09:47:58',NULL,NULL,'17572996781862274323',NULL),(13232,2,'1757056196x831864085','saraban','1341900109994',NULL,1,'2025-09-08 09:47:58',NULL,NULL,'1757299678271978101',NULL),(13233,2,'1757056196x831864085','saraban','1341900109994',NULL,1,'2025-09-08 09:47:58',NULL,NULL,'1757299678271978101',NULL),(13234,2,'1757302857x289486739','saraban','1341900109994',NULL,1,'2025-09-08 12:56:11',NULL,NULL,'17573109711283804834',NULL),(13235,2,'1757302857x289486739','saraban','1341900109994',NULL,1,'2025-09-08 12:56:11',NULL,NULL,'17573109711283804834',NULL),(13236,2,'1757315632x1141179866','saraban','1341900109994',NULL,1,'2025-09-09 10:40:36',NULL,NULL,'17573892361833769566',NULL),(13237,2,'1757315632x1141179866','saraban','1341900109994',NULL,1,'2025-09-09 10:40:36',NULL,NULL,'17573892361833769566',NULL),(13238,2,'1757319689x700100682','saraban','1341900109994',NULL,1,'2025-09-09 10:40:36',NULL,NULL,'17573892361357258363',NULL),(13239,2,'1757319689x700100682','saraban','1341900109994',NULL,1,'2025-09-09 10:40:36',NULL,NULL,'17573892361357258363',NULL),(13240,2,'1757320708x1844902172','saraban','1341900109994',NULL,1,'2025-09-09 10:40:36',NULL,NULL,'17573892361249996873',NULL),(13241,2,'1757320708x1844902172','saraban','1341900109994',NULL,1,'2025-09-09 10:40:36',NULL,NULL,'17573892361249996873',NULL),(13242,2,'1757395433x793577974','saraban','1341900109994',NULL,1,'2025-09-10 14:07:59',NULL,NULL,'17574880801420572654',NULL),(13243,2,'1757395433x793577974','saraban','1341900109994',NULL,1,'2025-09-10 14:07:59',NULL,NULL,'17574880801420572654',NULL),(13244,2,'1757406192x1498918252','saraban','1341900109994',NULL,1,'2025-09-10 14:07:59',NULL,NULL,'1757488080960154313',NULL),(13245,2,'1757406192x1498918252','saraban','1341900109994',NULL,1,'2025-09-10 14:07:59',NULL,NULL,'1757488080960154313',NULL),(13246,2,'1757407208x1448468965','saraban','1341900109994',NULL,1,'2025-09-10 14:07:59',NULL,NULL,'1757488080838596260',NULL),(13247,2,'1757407208x1448468965','saraban','1341900109994',NULL,1,'2025-09-10 14:07:59',NULL,NULL,'1757488080838596260',NULL),(13248,2,'1757405259x1512055309','saraban','1341900109994',NULL,1,'2025-09-10 14:07:59',NULL,NULL,'17574880801893701844',NULL),(13249,2,'1757405259x1512055309','saraban','1341900109994',NULL,1,'2025-09-10 14:07:59',NULL,NULL,'17574880801893701844',NULL),(13250,2,'1757472371x1712988076','saraban','1341900109994',NULL,1,'2025-09-10 14:07:59',NULL,NULL,'1757488080399494902',NULL),(13251,2,'1757472371x1712988076','saraban','1341900109994',NULL,1,'2025-09-10 14:07:59',NULL,NULL,'1757488080399494902',NULL),(13252,2,'1757476938x1111700191','saraban','1341900109994',NULL,1,'2025-09-10 14:07:59',NULL,NULL,'17574880801396046792',NULL),(13253,2,'1757476938x1111700191','saraban','1341900109994',NULL,1,'2025-09-10 14:07:59',NULL,NULL,'17574880801396046792',NULL),(13254,2,'1757484092x273660651','saraban','1341900109994',NULL,1,'2025-09-10 14:07:59',NULL,NULL,'1757488080357344787',NULL),(13255,2,'1757484092x273660651','saraban','1341900109994',NULL,1,'2025-09-10 14:07:59',NULL,NULL,'1757488080357344787',NULL),(13256,2,'1757571520x1985455239','saraban','1341900109994',NULL,1,'2025-09-11 15:06:19',NULL,NULL,'175757797978593104',NULL),(13257,2,'1757571520x1985455239','saraban','1341900109994',NULL,1,'2025-09-11 15:06:19',NULL,NULL,'175757797978593104',NULL),(13258,2,'1757581805x199526663','saraban','1341900109994',NULL,1,'2025-09-15 09:17:59',NULL,NULL,'1757902679674329826',NULL),(13259,2,'1757581805x199526663','saraban','1341900109994',NULL,1,'2025-09-15 09:17:59',NULL,NULL,'1757902679674329826',NULL),(13260,2,'1757644755x625860416','saraban','1341900109994',NULL,1,'2025-09-15 09:17:59',NULL,NULL,'1757902679225452403',NULL),(13261,2,'1757644755x625860416','saraban','1341900109994',NULL,1,'2025-09-15 09:17:59',NULL,NULL,'1757902679225452403',NULL),(13262,2,'1757651384x2039284259','saraban','1341900109994',NULL,1,'2025-09-15 09:17:59',NULL,NULL,'175790267984427698',NULL),(13263,2,'1757651384x2039284259','saraban','1341900109994',NULL,1,'2025-09-15 09:17:59',NULL,NULL,'175790267984427698',NULL),(13264,2,'1757661074x855874857','saraban','1341900109994',NULL,1,'2025-09-15 09:17:59',NULL,NULL,'17579026791117326047',NULL),(13265,2,'1757661074x855874857','saraban','1341900109994',NULL,1,'2025-09-15 09:17:59',NULL,NULL,'17579026791117326047',NULL),(13266,2,'1757663417x757779307','saraban','1341900109994',NULL,1,'2025-09-15 09:17:59',NULL,NULL,'17579026791037349756',NULL),(13267,2,'1757663417x757779307','saraban','1341900109994',NULL,1,'2025-09-15 09:17:59',NULL,NULL,'17579026791037349756',NULL),(13268,2,'1757667766x1380230747','saraban','1341900109994',NULL,1,'2025-09-15 09:17:59',NULL,NULL,'175790267921832064',NULL),(13269,2,'1757667766x1380230747','saraban','1341900109994',NULL,1,'2025-09-15 09:17:59',NULL,NULL,'175790267921832064',NULL),(13270,2,'1757588171x458436165','saraban','1341900109994',NULL,1,'2025-09-15 09:17:59',NULL,NULL,'17579026791393511306',NULL),(13271,2,'1757588171x458436165','saraban','1341900109994',NULL,1,'2025-09-15 09:17:59',NULL,NULL,'17579026791393511306',NULL),(13272,2,'1757905978x1427826950','saraban','1341900109994',NULL,1,'2025-09-15 10:59:59',NULL,NULL,'1757908799365306736',NULL),(13273,2,'1757905978x1427826950','saraban','1341900109994',NULL,1,'2025-09-15 10:59:59',NULL,NULL,'1757908799365306736',NULL),(13274,2,'1757907331x239585858','saraban','1341900109994',NULL,1,'2025-09-15 10:59:59',NULL,NULL,'17579087991328578483',NULL),(13275,2,'1757907331x239585858','saraban','1341900109994',NULL,1,'2025-09-15 10:59:59',NULL,NULL,'17579087991328578483',NULL),(13276,2,'1757917643x1601855999','saraban','1341900109994',NULL,1,'2025-09-17 10:25:14',NULL,NULL,'17580795141855161869',NULL),(13277,2,'1757917643x1601855999','saraban','1341900109994',NULL,1,'2025-09-17 10:25:14',NULL,NULL,'17580795141855161869',NULL),(13278,2,'1757674491x1626955042','saraban','1341900109994',NULL,1,'2025-09-17 10:25:14',NULL,NULL,'17580795141644185865',NULL),(13279,2,'1757674491x1626955042','saraban','1341900109994',NULL,1,'2025-09-17 10:25:14',NULL,NULL,'17580795141644185865',NULL),(13280,2,'1757925023x633156344','saraban','1341900109994',NULL,1,'2025-09-17 10:25:14',NULL,NULL,'1758079514110220503',NULL),(13281,2,'1757925023x633156344','saraban','1341900109994',NULL,1,'2025-09-17 10:25:14',NULL,NULL,'1758079514110220503',NULL),(13282,2,'1757998654x1060340924','saraban','1341900109994',NULL,1,'2025-09-17 10:25:14',NULL,NULL,'17580795141794223920',NULL),(13283,2,'1757998654x1060340924','saraban','1341900109994',NULL,1,'2025-09-17 10:25:14',NULL,NULL,'17580795141794223920',NULL),(13284,2,'1758076129x1206442758','saraban','1341900109994',NULL,1,'2025-09-17 10:25:14',NULL,NULL,'1758079514162392323',NULL),(13285,2,'1758076129x1206442758','saraban','1341900109994',NULL,1,'2025-09-17 10:25:14',NULL,NULL,'1758079514162392323',NULL),(13286,2,'1758077427x901858727','saraban','1341900109994',NULL,1,'2025-09-17 10:25:14',NULL,NULL,'17580795141398984383',NULL),(13287,2,'1758077427x901858727','saraban','1341900109994',NULL,1,'2025-09-17 10:25:14',NULL,NULL,'17580795141398984383',NULL),(13288,2,'1758084297x73386758','saraban','1341900109994',NULL,1,'2025-09-23 10:39:54',NULL,NULL,'17585987941900594400',NULL),(13289,2,'1758084297x73386758','saraban','1341900109994',NULL,1,'2025-09-23 10:39:54',NULL,NULL,'17585987941900594400',NULL),(13290,2,'1758085675x658119671','saraban','1341900109994',NULL,1,'2025-09-23 10:39:54',NULL,NULL,'1758598794491201102',NULL),(13291,2,'1758085675x658119671','saraban','1341900109994',NULL,1,'2025-09-23 10:39:54',NULL,NULL,'1758598794491201102',NULL),(13292,2,'1758086746x581115219','saraban','1341900109994',NULL,1,'2025-09-23 10:39:54',NULL,NULL,'17585987941268316919',NULL),(13293,2,'1758086746x581115219','saraban','1341900109994',NULL,1,'2025-09-23 10:39:54',NULL,NULL,'17585987941268316919',NULL),(13294,2,'1758098393x1616957407','saraban','1341900109994',NULL,1,'2025-09-23 10:39:54',NULL,NULL,'1758598794971075811',NULL),(13295,2,'1758098393x1616957407','saraban','1341900109994',NULL,1,'2025-09-23 10:39:54',NULL,NULL,'1758598794971075811',NULL),(13296,2,'1758180347x543361944','saraban','1341900109994',NULL,1,'2025-09-23 10:39:54',NULL,NULL,'17585987941744766456',NULL),(13297,2,'1758180347x543361944','saraban','1341900109994',NULL,1,'2025-09-23 10:39:54',NULL,NULL,'17585987941744766456',NULL),(13298,2,'1758180586x1527236078','saraban','1341900109994',NULL,1,'2025-09-23 10:39:54',NULL,NULL,'17585987941024534931',NULL),(13299,2,'1758180586x1527236078','saraban','1341900109994',NULL,1,'2025-09-23 10:39:54',NULL,NULL,'17585987941024534931',NULL),(13300,2,'1758180788x876574','saraban','1341900109994',NULL,1,'2025-09-23 10:39:54',NULL,NULL,'1758598794369252864',NULL),(13301,2,'1758180788x876574','saraban','1341900109994',NULL,1,'2025-09-23 10:39:54',NULL,NULL,'1758598794369252864',NULL),(13302,2,'1758181628x2061889629','saraban','1341900109994',NULL,1,'2025-09-23 10:39:54',NULL,NULL,'17585987942091923169',NULL),(13303,2,'1758181628x2061889629','saraban','1341900109994',NULL,1,'2025-09-23 10:39:54',NULL,NULL,'17585987942091923169',NULL),(13304,2,'1758192552x1053230728','saraban','1341900109994',NULL,1,'2025-09-23 10:39:54',NULL,NULL,'17585987941435036677',NULL),(13305,2,'1758192552x1053230728','saraban','1341900109994',NULL,1,'2025-09-23 10:39:54',NULL,NULL,'17585987941435036677',NULL),(13306,2,'1758250189x1817450087','saraban','1341900109994',NULL,1,'2025-09-23 10:39:54',NULL,NULL,'1758598794362653649',NULL),(13307,2,'1758250189x1817450087','saraban','1341900109994',NULL,1,'2025-09-23 10:39:54',NULL,NULL,'1758598794362653649',NULL),(13308,2,'1758256388x420646896','saraban','1341900109994',NULL,1,'2025-09-23 10:39:54',NULL,NULL,'17585987942131569067',NULL),(13309,2,'1758256388x420646896','saraban','1341900109994',NULL,1,'2025-09-23 10:39:54',NULL,NULL,'17585987942131569067',NULL),(13310,2,'1758275228x2047372776','saraban','1341900109994',NULL,1,'2025-09-23 10:39:54',NULL,NULL,'17585987941674048698',NULL),(13311,2,'1758275228x2047372776','saraban','1341900109994',NULL,1,'2025-09-23 10:39:54',NULL,NULL,'17585987941674048698',NULL),(13312,2,'1758347415x1170697444','saraban','1341900109994',NULL,1,'2025-09-23 10:39:54',NULL,NULL,'17585987941104916800',NULL),(13313,2,'1758347415x1170697444','saraban','1341900109994',NULL,1,'2025-09-23 10:39:54',NULL,NULL,'17585987941104916800',NULL),(13314,2,'1758512316x56866375','saraban','1341900109994',NULL,1,'2025-09-23 10:39:54',NULL,NULL,'17585987941895379106',NULL),(13315,2,'1758512316x56866375','saraban','1341900109994',NULL,1,'2025-09-23 10:39:54',NULL,NULL,'17585987941895379106',NULL),(13316,2,'1758595391x1384123457','saraban','1341900109994',NULL,1,'2025-09-23 10:39:54',NULL,NULL,'17585987941064521049',NULL),(13317,2,'1758595391x1384123457','saraban','1341900109994',NULL,1,'2025-09-23 10:39:54',NULL,NULL,'17585987941064521049',NULL),(13318,2,'1758602479x899249334','saraban','1341900109994',NULL,1,'2025-10-03 11:05:27',NULL,NULL,'1759464327742607572',NULL),(13319,2,'1758602479x899249334','saraban','1341900109994',NULL,1,'2025-10-03 11:05:27',NULL,NULL,'1759464327742607572',NULL),(13320,2,'1758618271x1890949311','saraban','1341900109994',NULL,1,'2025-10-03 11:05:27',NULL,NULL,'1759464327193252823',NULL),(13321,2,'1758618271x1890949311','saraban','1341900109994',NULL,1,'2025-10-03 11:05:27',NULL,NULL,'1759464327193252823',NULL),(13322,2,'1758613334x607035827','saraban','1341900109994',NULL,1,'2025-10-03 11:05:27',NULL,NULL,'1759464327358816088',NULL),(13323,2,'1758613334x607035827','saraban','1341900109994',NULL,1,'2025-10-03 11:05:27',NULL,NULL,'1759464327358816088',NULL),(13324,2,'1758678999x1983397047','saraban','1341900109994',NULL,1,'2025-10-03 11:05:27',NULL,NULL,'1759464327656209733',NULL),(13325,2,'1758678999x1983397047','saraban','1341900109994',NULL,1,'2025-10-03 11:05:27',NULL,NULL,'1759464327656209733',NULL),(13326,2,'1758681993x249953152','saraban','1341900109994',NULL,1,'2025-10-03 11:05:27',NULL,NULL,'1759464327442706927',NULL),(13327,2,'1758681993x249953152','saraban','1341900109994',NULL,1,'2025-10-03 11:05:27',NULL,NULL,'1759464327442706927',NULL),(13328,2,'1758681524x1556393744','saraban','1341900109994',NULL,1,'2025-10-03 11:05:27',NULL,NULL,'1759464327458679776',NULL),(13329,2,'1758681524x1556393744','saraban','1341900109994',NULL,1,'2025-10-03 11:05:27',NULL,NULL,'1759464327458679776',NULL),(13330,2,'1758682878x723839029','saraban','1341900109994',NULL,1,'2025-10-03 11:05:27',NULL,NULL,'17594643271819146974',NULL),(13331,2,'1758682878x723839029','saraban','1341900109994',NULL,1,'2025-10-03 11:05:27',NULL,NULL,'17594643271819146974',NULL),(13332,2,'1758687381x1513272311','saraban','1341900109994',NULL,1,'2025-10-03 11:05:27',NULL,NULL,'1759464327297978178',NULL),(13333,2,'1758687381x1513272311','saraban','1341900109994',NULL,1,'2025-10-03 11:05:27',NULL,NULL,'1759464327297978178',NULL),(13334,2,'1758700505x1676973955','saraban','1341900109994',NULL,1,'2025-10-03 11:05:27',NULL,NULL,'17594643271419158928',NULL),(13335,2,'1758700505x1676973955','saraban','1341900109994',NULL,1,'2025-10-03 11:05:27',NULL,NULL,'17594643271419158928',NULL),(13336,2,'1758700495x931203231','saraban','1341900109994',NULL,1,'2025-10-03 11:05:27',NULL,NULL,'1759464327680643175',NULL),(13337,2,'1758700495x931203231','saraban','1341900109994',NULL,1,'2025-10-03 11:05:27',NULL,NULL,'1759464327680643175',NULL),(13338,2,'1758703207x1672741425','saraban','1341900109994',NULL,1,'2025-10-03 11:05:27',NULL,NULL,'17594643271647558005',NULL),(13339,2,'1758703207x1672741425','saraban','1341900109994',NULL,1,'2025-10-03 11:05:27',NULL,NULL,'17594643271647558005',NULL),(13340,2,'1758703720x1282696429','saraban','1341900109994',NULL,1,'2025-10-03 11:05:27',NULL,NULL,'1759464327816884834',NULL),(13341,2,'1758703720x1282696429','saraban','1341900109994',NULL,1,'2025-10-03 11:05:27',NULL,NULL,'1759464327816884834',NULL),(13342,2,'1759115312x403014387','saraban','1341900109994',NULL,1,'2025-10-03 11:05:27',NULL,NULL,'1759464327561558693',NULL),(13343,2,'1759115312x403014387','saraban','1341900109994',NULL,1,'2025-10-03 11:05:27',NULL,NULL,'1759464327561558693',NULL),(13344,2,'1759216715x685892350','saraban','1341900109994',NULL,1,'2025-10-03 11:05:27',NULL,NULL,'17594643271570032047',NULL),(13345,2,'1759216715x685892350','saraban','1341900109994',NULL,1,'2025-10-03 11:05:27',NULL,NULL,'17594643271570032047',NULL),(13346,2,'1759371673x282696974','saraban','1341900109994',NULL,1,'2025-10-03 11:05:27',NULL,NULL,'1759464327205628095',NULL),(13347,2,'1759371673x282696974','saraban','1341900109994',NULL,1,'2025-10-03 11:05:27',NULL,NULL,'1759464327205628095',NULL),(13348,2,'1759392548x1224900477','saraban','1341900109994',NULL,1,'2025-10-03 11:05:27',NULL,NULL,'1759464327108545451',NULL),(13349,2,'1759392548x1224900477','saraban','1341900109994',NULL,1,'2025-10-03 11:05:27',NULL,NULL,'1759464327108545451',NULL),(13350,2,'1759393219x831209127','saraban','1341900109994',NULL,1,'2025-10-03 11:05:27',NULL,NULL,'1759464327177371671',NULL),(13351,2,'1759393219x831209127','saraban','1341900109994',NULL,1,'2025-10-03 11:05:27',NULL,NULL,'1759464327177371671',NULL),(13352,2,'1759393452x446033017','saraban','1341900109994',NULL,1,'2025-10-03 11:05:27',NULL,NULL,'1759464327297932776',NULL),(13353,2,'1759393452x446033017','saraban','1341900109994',NULL,1,'2025-10-03 11:05:27',NULL,NULL,'1759464327297932776',NULL),(13354,2,'1759394784x1460099708','saraban','1341900109994',NULL,1,'2025-10-03 11:05:27',NULL,NULL,'1759464327864359023',NULL),(13355,2,'1759394784x1460099708','saraban','1341900109994',NULL,1,'2025-10-03 11:05:27',NULL,NULL,'1759464327864359023',NULL),(13356,2,'1759463199x476915121','saraban','1341900109994',NULL,1,'2025-10-03 11:05:27',NULL,NULL,'17594643271062232240',NULL),(13357,2,'1759463199x476915121','saraban','1341900109994',NULL,1,'2025-10-03 11:05:27',NULL,NULL,'17594643271062232240',NULL),(13358,2,'1759394222x1941924124','saraban','1341900109994',NULL,1,'2025-10-06 09:49:29',NULL,NULL,'1759718969764393352',NULL),(13359,2,'1759394222x1941924124','saraban','1341900109994',NULL,1,'2025-10-06 09:49:29',NULL,NULL,'1759718969764393352',NULL),(13360,2,'1759476902x148330345','saraban','1341900109994',NULL,1,'2025-10-06 09:49:29',NULL,NULL,'1759718969608059417',NULL),(13361,2,'1759476902x148330345','saraban','1341900109994',NULL,1,'2025-10-06 09:49:29',NULL,NULL,'1759718969608059417',NULL),(13362,2,'1759478672x2031470980','saraban','1341900109994',NULL,1,'2025-10-06 09:49:29',NULL,NULL,'17597189691062110802',NULL),(13363,2,'1759478672x2031470980','saraban','1341900109994',NULL,1,'2025-10-06 09:49:29',NULL,NULL,'17597189691062110802',NULL),(13364,2,'1759483876x1916503120','saraban','1341900109994',NULL,1,'2025-10-06 09:49:29',NULL,NULL,'1759718969782413977',NULL),(13365,2,'1759483876x1916503120','saraban','1341900109994',NULL,1,'2025-10-06 09:49:29',NULL,NULL,'1759718969782413977',NULL),(13366,2,'1759719269x410942556','saraban','1341900109994',NULL,1,'2025-10-08 10:24:31',NULL,NULL,'1759893871933256201',NULL),(13367,2,'1759719269x410942556','saraban','1341900109994',NULL,1,'2025-10-08 10:24:31',NULL,NULL,'1759893871933256201',NULL),(13368,2,'1759740331x1774531935','saraban','1341900109994',NULL,1,'2025-10-08 10:24:31',NULL,NULL,'1759893871162780994',NULL),(13369,2,'1759740331x1774531935','saraban','1341900109994',NULL,1,'2025-10-08 10:24:31',NULL,NULL,'1759893871162780994',NULL),(13370,2,'1759740792x620780021','saraban','1341900109994',NULL,1,'2025-10-08 10:24:31',NULL,NULL,'1759893872750297921',NULL),(13371,2,'1759740792x620780021','saraban','1341900109994',NULL,1,'2025-10-08 10:24:31',NULL,NULL,'1759893872750297921',NULL),(13372,2,'1759741724x641434471','saraban','1341900109994',NULL,1,'2025-10-08 10:24:31',NULL,NULL,'1759893872694423445',NULL),(13373,2,'1759741724x641434471','saraban','1341900109994',NULL,1,'2025-10-08 10:24:31',NULL,NULL,'1759893872694423445',NULL),(13374,2,'1759726631x1478264200','saraban','1341900109994',NULL,1,'2025-10-08 10:24:31',NULL,NULL,'1759893872497083669',NULL),(13375,2,'1759726631x1478264200','saraban','1341900109994',NULL,1,'2025-10-08 10:24:31',NULL,NULL,'1759893872497083669',NULL),(13376,2,'1759816865x988030536','saraban','1341900109994',NULL,1,'2025-10-08 10:24:31',NULL,NULL,'17598938722031117185',NULL),(13377,2,'1759816865x988030536','saraban','1341900109994',NULL,1,'2025-10-08 10:24:31',NULL,NULL,'17598938722031117185',NULL),(13378,2,'1759828352x1344612894','saraban','1341900109994',NULL,1,'2025-10-08 10:24:31',NULL,NULL,'17598938721039415077',NULL),(13379,2,'1759828352x1344612894','saraban','1341900109994',NULL,1,'2025-10-08 10:24:31',NULL,NULL,'17598938721039415077',NULL),(13380,2,'1759828766x760759587','saraban','1341900109994',NULL,1,'2025-10-08 10:24:31',NULL,NULL,'17598938722104545891',NULL),(13381,2,'1759828766x760759587','saraban','1341900109994',NULL,1,'2025-10-08 10:24:31',NULL,NULL,'17598938722104545891',NULL),(13382,2,'1759890457x254584853','saraban','1341900109994',NULL,1,'2025-10-08 10:24:31',NULL,NULL,'1759893872530582887',NULL),(13383,2,'1759890457x254584853','saraban','1341900109994',NULL,1,'2025-10-08 10:24:31',NULL,NULL,'1759893872530582887',NULL),(13384,2,'1759891170x352880726','saraban','1341900109994',NULL,1,'2025-10-08 10:24:31',NULL,NULL,'175989387228800139',NULL),(13385,2,'1759891170x352880726','saraban','1341900109994',NULL,1,'2025-10-08 10:24:31',NULL,NULL,'175989387228800139',NULL),(13386,2,'1759895979x175042337','saraban','1341900109994',NULL,1,'2025-10-08 11:12:24',NULL,NULL,'1759896744477097778',NULL),(13387,2,'1759895979x175042337','saraban','1341900109994',NULL,1,'2025-10-08 11:12:24',NULL,NULL,'1759896744477097778',NULL),(13388,2,'1759818978x1312008958','saraban','1341900109994',NULL,1,'2025-10-10 10:14:09',NULL,NULL,'1760066049374485573',NULL),(13389,2,'1759818978x1312008958','saraban','1341900109994',NULL,1,'2025-10-10 10:14:09',NULL,NULL,'1760066049374485573',NULL),(13390,2,'1759824799x829594693','saraban','1341900109994',NULL,1,'2025-10-10 10:14:09',NULL,NULL,'1760066049883735129',NULL),(13391,2,'1759824799x829594693','saraban','1341900109994',NULL,1,'2025-10-10 10:14:09',NULL,NULL,'1760066049883735129',NULL),(13392,2,'1759913082x613970053','saraban','1341900109994',NULL,1,'2025-10-10 10:14:09',NULL,NULL,'1760066049514126177',NULL),(13393,2,'1759913082x613970053','saraban','1341900109994',NULL,1,'2025-10-10 10:14:09',NULL,NULL,'1760066049514126177',NULL),(13394,2,'1759980557x1654308773','saraban','1341900109994',NULL,1,'2025-10-10 10:14:09',NULL,NULL,'1760066049797875583',NULL),(13395,2,'1759980557x1654308773','saraban','1341900109994',NULL,1,'2025-10-10 10:14:09',NULL,NULL,'1760066049797875583',NULL),(13396,2,'1759991863x749558913','saraban','1341900109994',NULL,1,'2025-10-10 10:14:09',NULL,NULL,'1760066049680364011',NULL),(13397,2,'1759991863x749558913','saraban','1341900109994',NULL,1,'2025-10-10 10:14:09',NULL,NULL,'1760066049680364011',NULL),(13398,2,'1759992979x731053032','saraban','1341900109994',NULL,1,'2025-10-10 10:14:09',NULL,NULL,'17600660491717466147',NULL),(13399,2,'1759992979x731053032','saraban','1341900109994',NULL,1,'2025-10-10 10:14:09',NULL,NULL,'17600660491717466147',NULL),(13400,2,'1759996434x1863099678','saraban','1341900109994',NULL,1,'2025-10-10 10:14:09',NULL,NULL,'17600660491209295346',NULL),(13401,2,'1759996434x1863099678','saraban','1341900109994',NULL,1,'2025-10-10 10:14:09',NULL,NULL,'17600660491209295346',NULL),(13402,2,'1759999066x1503885525','saraban','1341900109994',NULL,1,'2025-10-10 10:14:09',NULL,NULL,'17600660491504205835',NULL),(13403,2,'1759999066x1503885525','saraban','1341900109994',NULL,1,'2025-10-10 10:14:09',NULL,NULL,'17600660491504205835',NULL),(13404,2,'1759996260x2015033509','saraban','1341900109994',NULL,1,'2025-10-10 10:14:09',NULL,NULL,'1760066049180709100',NULL),(13405,2,'1759996260x2015033509','saraban','1341900109994',NULL,1,'2025-10-10 10:14:09',NULL,NULL,'1760066049180709100',NULL),(13406,2,'1760409604x312264121','saraban','1341900109994',NULL,1,'2025-10-14 18:57:26',NULL,NULL,'17604430461472828205',NULL),(13407,2,'1760409604x312264121','saraban','1341900109994',NULL,1,'2025-10-14 18:57:26',NULL,NULL,'17604430461472828205',NULL),(13408,2,'1760411233x1290751417','saraban','1341900109994',NULL,1,'2025-10-14 18:57:26',NULL,NULL,'17604430461916996014',NULL),(13409,2,'1760411233x1290751417','saraban','1341900109994',NULL,1,'2025-10-14 18:57:26',NULL,NULL,'17604430461916996014',NULL),(13410,2,'1760415045x1653783103','saraban','1341900109994',NULL,1,'2025-10-14 18:57:26',NULL,NULL,'17604430461150986032',NULL),(13411,2,'1760415045x1653783103','saraban','1341900109994',NULL,1,'2025-10-14 18:57:26',NULL,NULL,'17604430461150986032',NULL),(13412,2,'1760422467x1656308769','saraban','1341900109994',NULL,1,'2025-10-14 18:57:26',NULL,NULL,'1760443046535258920',NULL),(13413,2,'1760422467x1656308769','saraban','1341900109994',NULL,1,'2025-10-14 18:57:26',NULL,NULL,'1760443046535258920',NULL),(13414,2,'1760431047x479984795','saraban','1341900109994',NULL,1,'2025-10-14 18:57:26',NULL,NULL,'1760443046362533621',NULL),(13415,2,'1760431047x479984795','saraban','1341900109994',NULL,1,'2025-10-14 18:57:26',NULL,NULL,'1760443046362533621',NULL),(13416,2,'1760517619x1606459937','saraban','1341900109994',NULL,1,'2025-10-15 17:45:01',NULL,NULL,'1760525101720551023',NULL),(13417,2,'1760517619x1606459937','saraban','1341900109994',NULL,1,'2025-10-15 17:45:01',NULL,NULL,'1760525101720551023',NULL),(13418,2,'1760522827x2047169799','saraban','1341900109994',NULL,1,'2025-10-15 17:45:01',NULL,NULL,'17605251011085710441',NULL),(13419,2,'1760522827x2047169799','saraban','1341900109994',NULL,1,'2025-10-15 17:45:01',NULL,NULL,'17605251011085710441',NULL),(13420,2,'1760577462x1884284221','saraban','1341900109994',NULL,1,'2025-10-16 12:52:54',NULL,NULL,'1760593974301009755',NULL),(13421,2,'1760577462x1884284221','saraban','1341900109994',NULL,1,'2025-10-16 12:52:54',NULL,NULL,'1760593974301009755',NULL),(13422,2,'1760586422x32446871','saraban','1341900109994',NULL,1,'2025-10-16 12:52:54',NULL,NULL,'1760593974561141822',NULL),(13423,2,'1760586422x32446871','saraban','1341900109994',NULL,1,'2025-10-16 12:52:54',NULL,NULL,'1760593974561141822',NULL),(13424,2,'1760511393x654126471','saraban','1341900109994',NULL,1,'2025-10-16 12:52:54',NULL,NULL,'1760593974573296956',NULL),(13425,2,'1760511393x654126471','saraban','1341900109994',NULL,1,'2025-10-16 12:52:54',NULL,NULL,'1760593974573296956',NULL),(13426,2,'1760592203x1223173456','saraban','1341900109994',NULL,1,'2025-10-16 12:52:54',NULL,NULL,'1760593974410758456',NULL),(13427,2,'1760592203x1223173456','saraban','1341900109994',NULL,1,'2025-10-16 12:52:54',NULL,NULL,'1760593974410758456',NULL),(13428,2,'1760599771x490051794','saraban','1341900109994',NULL,1,'2025-10-16 19:04:51',NULL,NULL,'176061629138682255',NULL),(13429,2,'1760599771x490051794','saraban','1341900109994',NULL,1,'2025-10-16 19:04:51',NULL,NULL,'176061629138682255',NULL),(13430,2,'1760606114x1177522901','saraban','1341900109994',NULL,1,'2025-10-16 19:04:51',NULL,NULL,'17606162911996021129',NULL),(13431,2,'1760606114x1177522901','saraban','1341900109994',NULL,1,'2025-10-16 19:04:51',NULL,NULL,'17606162911996021129',NULL),(13432,2,'1760605566x1711097334','saraban','1341900109994',NULL,1,'2025-10-16 19:04:51',NULL,NULL,'17606162911340552940',NULL),(13433,2,'1760605566x1711097334','saraban','1341900109994',NULL,1,'2025-10-16 19:04:51',NULL,NULL,'17606162911340552940',NULL),(13434,2,'1760666904x155671295','saraban','1341900109994',NULL,1,'2025-10-18 13:07:01',NULL,NULL,'17607676211384854369',NULL),(13435,2,'1760666904x155671295','saraban','1341900109994',NULL,1,'2025-10-18 13:07:01',NULL,NULL,'17607676211384854369',NULL),(13436,2,'1760670103x122525798','saraban','1341900109994',NULL,1,'2025-10-18 13:07:01',NULL,NULL,'17607676211200866394',NULL),(13437,2,'1760670103x122525798','saraban','1341900109994',NULL,1,'2025-10-18 13:07:01',NULL,NULL,'17607676211200866394',NULL),(13438,2,'1760670832x731267672','saraban','1341900109994',NULL,1,'2025-10-18 13:07:01',NULL,NULL,'1760767621378737722',NULL),(13439,2,'1760670832x731267672','saraban','1341900109994',NULL,1,'2025-10-18 13:07:01',NULL,NULL,'1760767621378737722',NULL),(13440,2,'1760675757x399964723','saraban','1341900109994',NULL,1,'2025-10-18 13:07:01',NULL,NULL,'17607676211042566213',NULL),(13441,2,'1760675757x399964723','saraban','1341900109994',NULL,1,'2025-10-18 13:07:01',NULL,NULL,'17607676211042566213',NULL),(13442,2,'1760682896x1907368192','saraban','1341900109994',NULL,1,'2025-10-18 13:07:01',NULL,NULL,'1760767621144781251',NULL),(13443,2,'1760682896x1907368192','saraban','1341900109994',NULL,1,'2025-10-18 13:07:01',NULL,NULL,'1760767621144781251',NULL),(13444,2,'1760695901x1189993133','saraban','1341900109994',NULL,1,'2025-10-18 13:07:01',NULL,NULL,'17607676211367972110',NULL),(13445,2,'1760695901x1189993133','saraban','1341900109994',NULL,1,'2025-10-18 13:07:01',NULL,NULL,'17607676211367972110',NULL),(13446,2,'1760672864x1317301734','saraban','1341900109994',NULL,1,'2025-10-20 10:41:24',NULL,NULL,'17609316842007390111',NULL),(13447,2,'1760672864x1317301734','saraban','1341900109994',NULL,1,'2025-10-20 10:41:24',NULL,NULL,'17609316842007390111',NULL),(13448,2,'1760672926x1646173821','saraban','1341900109994',NULL,1,'2025-10-20 10:41:24',NULL,NULL,'1760931684637170051',NULL),(13449,2,'1760672926x1646173821','saraban','1341900109994',NULL,1,'2025-10-20 10:41:24',NULL,NULL,'1760931684637170051',NULL),(13450,2,'1760672964x771260171','saraban','1341900109994',NULL,1,'2025-10-20 10:41:24',NULL,NULL,'17609316842042634500',NULL),(13451,2,'1760672964x771260171','saraban','1341900109994',NULL,1,'2025-10-20 10:41:24',NULL,NULL,'17609316842042634500',NULL),(13452,2,'1761098469x1788370653','saraban','1341900109994',NULL,1,'2025-10-27 10:29:49',NULL,NULL,'17615357891203807420',NULL),(13453,2,'1761098469x1788370653','saraban','1341900109994',NULL,1,'2025-10-27 10:29:49',NULL,NULL,'17615357891203807420',NULL),(13454,2,'1761108926x179939161','saraban','1341900109994',NULL,1,'2025-10-27 10:29:49',NULL,NULL,'1761535789619271195',NULL),(13455,2,'1761108926x179939161','saraban','1341900109994',NULL,1,'2025-10-27 10:29:49',NULL,NULL,'1761535789619271195',NULL),(13456,2,'1761115210x913814601','saraban','1341900109994',NULL,1,'2025-10-27 10:29:49',NULL,NULL,'17615357892129159416',NULL),(13457,2,'1761115210x913814601','saraban','1341900109994',NULL,1,'2025-10-27 10:29:49',NULL,NULL,'17615357892129159416',NULL),(13458,2,'1761122046x32030088','saraban','1341900109994',NULL,1,'2025-10-27 10:29:49',NULL,NULL,'1761535789169270166',NULL),(13459,2,'1761122046x32030088','saraban','1341900109994',NULL,1,'2025-10-27 10:29:49',NULL,NULL,'1761535789169270166',NULL),(13460,2,'1761292151x2089744943','saraban','1341900109994',NULL,1,'2025-10-27 10:29:49',NULL,NULL,'17615357891319336208',NULL),(13461,2,'1761292151x2089744943','saraban','1341900109994',NULL,1,'2025-10-27 10:29:49',NULL,NULL,'17615357891319336208',NULL),(13462,2,'1761531695x396082728','saraban','1341900109994',NULL,1,'2025-10-27 10:29:49',NULL,NULL,'1761535789297831550',NULL),(13463,2,'1761531695x396082728','saraban','1341900109994',NULL,1,'2025-10-27 10:29:49',NULL,NULL,'1761535789297831550',NULL),(13464,2,'1761531975x1363562324','saraban','1341900109994',NULL,1,'2025-10-27 10:29:49',NULL,NULL,'17615357891454571385',NULL),(13465,2,'1761531975x1363562324','saraban','1341900109994',NULL,1,'2025-10-27 10:29:49',NULL,NULL,'17615357891454571385',NULL),(13466,2,'1761535224x1691773175','saraban','1341900109994',NULL,1,'2025-10-27 10:29:49',NULL,NULL,'17615357892020895913',NULL),(13467,2,'1761535224x1691773175','saraban','1341900109994',NULL,1,'2025-10-27 10:29:49',NULL,NULL,'17615357892020895913',NULL),(13468,2,'1761536325x780841215','saraban','1341900109994',NULL,1,'2025-10-30 19:37:34',NULL,NULL,'1761827854713105916',NULL),(13469,2,'1761536325x780841215','saraban','1341900109994',NULL,1,'2025-10-30 19:37:34',NULL,NULL,'1761827854713105916',NULL),(13470,2,'1761548393x97611901','saraban','1341900109994',NULL,1,'2025-10-30 19:37:34',NULL,NULL,'1761827854161467496',NULL),(13471,2,'1761548393x97611901','saraban','1341900109994',NULL,1,'2025-10-30 19:37:34',NULL,NULL,'1761827854161467496',NULL),(13472,2,'1761549030x1370089033','saraban','1341900109994',NULL,1,'2025-10-30 19:37:34',NULL,NULL,'1761827854573721361',NULL),(13473,2,'1761549030x1370089033','saraban','1341900109994',NULL,1,'2025-10-30 19:37:34',NULL,NULL,'1761827854573721361',NULL),(13474,2,'1761549174x408839210','saraban','1341900109994',NULL,1,'2025-10-30 19:37:34',NULL,NULL,'17618278541020131910',NULL),(13475,2,'1761549174x408839210','saraban','1341900109994',NULL,1,'2025-10-30 19:37:34',NULL,NULL,'17618278541020131910',NULL),(13476,2,'1761549426x1243010508','saraban','1341900109994',NULL,1,'2025-10-30 19:37:34',NULL,NULL,'1761827854116470000',NULL),(13477,2,'1761549426x1243010508','saraban','1341900109994',NULL,1,'2025-10-30 19:37:34',NULL,NULL,'1761827854116470000',NULL),(13478,2,'1761619709x262904336','saraban','1341900109994',NULL,1,'2025-10-30 19:37:34',NULL,NULL,'1761827854646491830',NULL),(13479,2,'1761619709x262904336','saraban','1341900109994',NULL,1,'2025-10-30 19:37:34',NULL,NULL,'1761827854646491830',NULL),(13480,2,'1761534856x760495280','saraban','1341900109994',NULL,1,'2025-10-30 19:37:34',NULL,NULL,'17618278542115101440',NULL),(13481,2,'1761534856x760495280','saraban','1341900109994',NULL,1,'2025-10-30 19:37:34',NULL,NULL,'17618278542115101440',NULL),(13482,2,'1761625148x767162155','saraban','1341900109994',NULL,1,'2025-10-30 19:37:34',NULL,NULL,'1761827854884182307',NULL),(13483,2,'1761625148x767162155','saraban','1341900109994',NULL,1,'2025-10-30 19:37:34',NULL,NULL,'1761827854884182307',NULL),(13484,2,'1761635278x353232203','saraban','1341900109994',NULL,1,'2025-10-30 19:37:34',NULL,NULL,'17618278541260285853',NULL),(13485,2,'1761635278x353232203','saraban','1341900109994',NULL,1,'2025-10-30 19:37:34',NULL,NULL,'17618278541260285853',NULL),(13486,2,'1761642943x870938550','saraban','1341900109994',NULL,1,'2025-10-30 19:37:34',NULL,NULL,'17618278541827010290',NULL),(13487,2,'1761642943x870938550','saraban','1341900109994',NULL,1,'2025-10-30 19:37:34',NULL,NULL,'17618278541827010290',NULL),(13488,2,'1761719946x820786700','saraban','1341900109994',NULL,1,'2025-10-30 19:37:34',NULL,NULL,'17618278541366873523',NULL),(13489,2,'1761719946x820786700','saraban','1341900109994',NULL,1,'2025-10-30 19:37:34',NULL,NULL,'17618278541366873523',NULL),(13490,2,'1761723647x316239344','saraban','1341900109994',NULL,1,'2025-10-30 19:37:34',NULL,NULL,'17618278541206270976',NULL),(13491,2,'1761723647x316239344','saraban','1341900109994',NULL,1,'2025-10-30 19:37:34',NULL,NULL,'17618278541206270976',NULL),(13492,2,'1761730032x650523549','saraban','1341900109994',NULL,1,'2025-10-30 19:37:34',NULL,NULL,'17618278541073403260',NULL),(13493,2,'1761730032x650523549','saraban','1341900109994',NULL,1,'2025-10-30 19:37:34',NULL,NULL,'17618278541073403260',NULL),(13494,2,'1761733308x2022362294','saraban','1341900109994',NULL,1,'2025-10-30 19:37:34',NULL,NULL,'17618278541059866395',NULL),(13495,2,'1761733308x2022362294','saraban','1341900109994',NULL,1,'2025-10-30 19:37:34',NULL,NULL,'17618278541059866395',NULL),(13496,2,'1761791525x13311113','saraban','1341900109994',NULL,1,'2025-10-30 19:37:34',NULL,NULL,'1761827854713146972',NULL),(13497,2,'1761791525x13311113','saraban','1341900109994',NULL,1,'2025-10-30 19:37:34',NULL,NULL,'1761827854713146972',NULL),(13498,2,'1761798213x1879952562','saraban','1341900109994',NULL,1,'2025-10-30 19:37:34',NULL,NULL,'1761827854923138331',NULL),(13499,2,'1761798213x1879952562','saraban','1341900109994',NULL,1,'2025-10-30 19:37:34',NULL,NULL,'1761827854923138331',NULL),(13500,2,'1761815424x1800867903','saraban','1341900109994',NULL,1,'2025-10-30 19:37:34',NULL,NULL,'1761827854771991148',NULL),(13501,2,'1761815424x1800867903','saraban','1341900109994',NULL,1,'2025-10-30 19:37:34',NULL,NULL,'1761827854771991148',NULL),(13502,2,'1761814228x1609531352','saraban','1341900109994',NULL,1,'2025-10-30 19:37:34',NULL,NULL,'17618278541970596854',NULL),(13503,2,'1761814228x1609531352','saraban','1341900109994',NULL,1,'2025-10-30 19:37:34',NULL,NULL,'17618278541970596854',NULL),(13504,2,'1761814324x708101652','saraban','1341900109994',NULL,1,'2025-10-30 19:37:34',NULL,NULL,'1761827854320427709',NULL),(13505,2,'1761814324x708101652','saraban','1341900109994',NULL,1,'2025-10-30 19:37:34',NULL,NULL,'1761827854320427709',NULL),(13506,2,'1761814405x860272222','saraban','1341900109994',NULL,1,'2025-10-30 19:37:34',NULL,NULL,'1761827854910814669',NULL),(13507,2,'1761814405x860272222','saraban','1341900109994',NULL,1,'2025-10-30 19:37:34',NULL,NULL,'1761827854910814669',NULL),(13508,2,'1761812606x58110811','saraban','1341900109994',NULL,1,'2025-11-06 11:57:40',NULL,NULL,'17624050601219777398',NULL),(13509,2,'1761812606x58110811','saraban','1341900109994',NULL,1,'2025-11-06 11:57:40',NULL,NULL,'17624050601219777398',NULL),(13510,2,'1761877030x1511889405','saraban','1341900109994',NULL,1,'2025-11-06 11:57:40',NULL,NULL,'1762405060929673573',NULL),(13511,2,'1761877030x1511889405','saraban','1341900109994',NULL,1,'2025-11-06 11:57:40',NULL,NULL,'1762405060929673573',NULL),(13512,2,'1761893034x854266912','saraban','1341900109994',NULL,1,'2025-11-06 11:57:40',NULL,NULL,'17624050601033168679',NULL),(13513,2,'1761893034x854266912','saraban','1341900109994',NULL,1,'2025-11-06 11:57:40',NULL,NULL,'17624050601033168679',NULL),(13514,2,'1761893155x2077923472','saraban','1341900109994',NULL,1,'2025-11-06 11:57:40',NULL,NULL,'176240506022219998',NULL),(13515,2,'1761893155x2077923472','saraban','1341900109994',NULL,1,'2025-11-06 11:57:40',NULL,NULL,'176240506022219998',NULL),(13516,2,'1761893985x1657070640','saraban','1341900109994',NULL,1,'2025-11-06 11:57:40',NULL,NULL,'1762405060128551715',NULL),(13517,2,'1761893985x1657070640','saraban','1341900109994',NULL,1,'2025-11-06 11:57:40',NULL,NULL,'1762405060128551715',NULL),(13518,2,'1761814936x1287219891','saraban','1341900109994',NULL,1,'2025-11-06 11:57:40',NULL,NULL,'17624050601646206646',NULL),(13519,2,'1761814936x1287219891','saraban','1341900109994',NULL,1,'2025-11-06 11:57:40',NULL,NULL,'17624050601646206646',NULL),(13520,2,'1762062309x1298916265','saraban','1341900109994',NULL,1,'2025-11-06 11:57:40',NULL,NULL,'1762405060388835644',NULL),(13521,2,'1762062309x1298916265','saraban','1341900109994',NULL,1,'2025-11-06 11:57:40',NULL,NULL,'1762405060388835644',NULL),(13522,2,'1762142315x1829032969','saraban','1341900109994',NULL,1,'2025-11-06 11:57:40',NULL,NULL,'1762405060391207793',NULL),(13523,2,'1762142315x1829032969','saraban','1341900109994',NULL,1,'2025-11-06 11:57:40',NULL,NULL,'1762405060391207793',NULL),(13524,2,'1762150600x1472401767','saraban','1341900109994',NULL,1,'2025-11-06 11:57:40',NULL,NULL,'1762405060587404204',NULL),(13525,2,'1762150600x1472401767','saraban','1341900109994',NULL,1,'2025-11-06 11:57:40',NULL,NULL,'1762405060587404204',NULL),(13526,2,'1762137711x1686450306','saraban','1341900109994',NULL,1,'2025-11-06 11:57:40',NULL,NULL,'17624050601165415844',NULL),(13527,2,'1762137711x1686450306','saraban','1341900109994',NULL,1,'2025-11-06 11:57:40',NULL,NULL,'17624050601165415844',NULL),(13528,2,'1762224373x1960236328','saraban','1341900109994',NULL,1,'2025-11-06 11:57:40',NULL,NULL,'17624050601114560758',NULL),(13529,2,'1762224373x1960236328','saraban','1341900109994',NULL,1,'2025-11-06 11:57:40',NULL,NULL,'17624050601114560758',NULL),(13530,2,'1762143403x1525326668','saraban','1341900109994',NULL,1,'2025-11-06 11:57:40',NULL,NULL,'1762405060305786776',NULL),(13531,2,'1762143403x1525326668','saraban','1341900109994',NULL,1,'2025-11-06 11:57:40',NULL,NULL,'1762405060305786776',NULL),(13532,2,'1762143522x1728323744','saraban','1341900109994',NULL,1,'2025-11-06 11:57:40',NULL,NULL,'1762405060104011169',NULL),(13533,2,'1762143522x1728323744','saraban','1341900109994',NULL,1,'2025-11-06 11:57:40',NULL,NULL,'1762405060104011169',NULL),(13534,2,'1762143583x1217937910','saraban','1341900109994',NULL,1,'2025-11-06 11:57:40',NULL,NULL,'176240506032090646',NULL),(13535,2,'1762143583x1217937910','saraban','1341900109994',NULL,1,'2025-11-06 11:57:40',NULL,NULL,'176240506032090646',NULL),(13536,2,'1762225652x2070297950','saraban','1341900109994',NULL,1,'2025-11-06 11:57:40',NULL,NULL,'176240506041511479',NULL),(13537,2,'1762225652x2070297950','saraban','1341900109994',NULL,1,'2025-11-06 11:57:40',NULL,NULL,'176240506041511479',NULL),(13538,2,'1762229339x1148128335','saraban','1341900109994',NULL,1,'2025-11-06 11:57:40',NULL,NULL,'17624050601547491890',NULL),(13539,2,'1762229339x1148128335','saraban','1341900109994',NULL,1,'2025-11-06 11:57:40',NULL,NULL,'17624050601547491890',NULL),(13540,2,'1762236315x809795341','saraban','1341900109994',NULL,1,'2025-11-06 11:57:40',NULL,NULL,'1762405060473237305',NULL),(13541,2,'1762236315x809795341','saraban','1341900109994',NULL,1,'2025-11-06 11:57:40',NULL,NULL,'1762405060473237305',NULL),(13542,2,'1762243735x699388248','saraban','1341900109994',NULL,1,'2025-11-06 11:57:40',NULL,NULL,'17624050602020785363',NULL),(13543,2,'1762243735x699388248','saraban','1341900109994',NULL,1,'2025-11-06 11:57:40',NULL,NULL,'17624050602020785363',NULL),(13544,2,'1762244974x289385281','saraban','1341900109994',NULL,1,'2025-11-06 11:57:40',NULL,NULL,'1762405060706507393',NULL),(13545,2,'1762244974x289385281','saraban','1341900109994',NULL,1,'2025-11-06 11:57:40',NULL,NULL,'1762405060706507393',NULL),(13546,2,'1762245267x966925764','saraban','1341900109994',NULL,1,'2025-11-06 11:57:40',NULL,NULL,'17624050601278878296',NULL),(13547,2,'1762245267x966925764','saraban','1341900109994',NULL,1,'2025-11-06 11:57:40',NULL,NULL,'17624050601278878296',NULL),(13548,2,'1762309865x1191648116','saraban','1341900109994',NULL,1,'2025-11-06 11:57:40',NULL,NULL,'17624050602125480733',NULL),(13549,2,'1762309865x1191648116','saraban','1341900109994',NULL,1,'2025-11-06 11:57:40',NULL,NULL,'17624050602125480733',NULL),(13550,2,'1762315913x1149655777','saraban','1341900109994',NULL,1,'2025-11-06 11:57:40',NULL,NULL,'17624050601296845114',NULL),(13551,2,'1762315913x1149655777','saraban','1341900109994',NULL,1,'2025-11-06 11:57:40',NULL,NULL,'17624050601296845114',NULL),(13552,2,'1762317855x2043608893','saraban','1341900109994',NULL,1,'2025-11-06 11:57:40',NULL,NULL,'1762405060171819779',NULL),(13553,2,'1762317855x2043608893','saraban','1341900109994',NULL,1,'2025-11-06 11:57:40',NULL,NULL,'1762405060171819779',NULL),(13554,2,'1762333785x51724333','saraban','1341900109994',NULL,1,'2025-11-06 11:57:40',NULL,NULL,'1762405060821402764',NULL),(13555,2,'1762333785x51724333','saraban','1341900109994',NULL,1,'2025-11-06 11:57:40',NULL,NULL,'1762405060821402764',NULL),(13556,2,'1762354707x1951253803','saraban','1341900109994',NULL,1,'2025-11-06 11:57:40',NULL,NULL,'17624050602039287280',NULL),(13557,2,'1762354707x1951253803','saraban','1341900109994',NULL,1,'2025-11-06 11:57:40',NULL,NULL,'17624050602039287280',NULL),(13558,2,'1762395437x1214340847','saraban','1341900109994',NULL,1,'2025-11-06 11:57:40',NULL,NULL,'17624050601535236026',NULL),(13559,2,'1762395437x1214340847','saraban','1341900109994',NULL,1,'2025-11-06 11:57:40',NULL,NULL,'17624050601535236026',NULL),(13560,2,'1762395972x1158809959','saraban','1341900109994',NULL,1,'2025-11-06 11:57:40',NULL,NULL,'1762405060520597754',NULL),(13561,2,'1762395972x1158809959','saraban','1341900109994',NULL,1,'2025-11-06 11:57:40',NULL,NULL,'1762405060520597754',NULL),(13562,2,'1762310139x860532028','saraban','1341900109994',NULL,1,'2025-11-06 11:57:40',NULL,NULL,'17624050601868846690',NULL),(13563,2,'1762310139x860532028','saraban','1341900109994',NULL,1,'2025-11-06 11:57:40',NULL,NULL,'17624050601868846690',NULL),(13564,2,'1762317507x1645145225','saraban','1341900109994',NULL,1,'2025-11-06 11:57:40',NULL,NULL,'1762405060765057547',NULL),(13565,2,'1762317507x1645145225','saraban','1341900109994',NULL,1,'2025-11-06 11:57:40',NULL,NULL,'1762405060765057547',NULL),(13566,2,'1762402192x938700042','saraban','1341900109994',NULL,1,'2025-11-06 11:57:40',NULL,NULL,'17624050601239938931',NULL),(13567,2,'1762402192x938700042','saraban','1341900109994',NULL,1,'2025-11-06 11:57:40',NULL,NULL,'17624050601239938931',NULL),(13568,2,'1762479807x1225450889','saraban','1341900109994',NULL,1,'2025-11-07 10:50:55',NULL,NULL,'17624874551748674255',NULL),(13569,2,'1762479807x1225450889','saraban','1341900109994',NULL,1,'2025-11-07 10:50:55',NULL,NULL,'17624874551748674255',NULL),(13570,2,'1762480721x193323452','saraban','1341900109994',NULL,1,'2025-11-07 10:50:55',NULL,NULL,'1762487455839942926',NULL),(13571,2,'1762480721x193323452','saraban','1341900109994',NULL,1,'2025-11-07 10:50:55',NULL,NULL,'1762487455839942926',NULL),(13572,2,'1762482369x1985768835','saraban','1341900109994',NULL,1,'2025-11-07 10:50:55',NULL,NULL,'17624874551122139046',NULL),(13573,2,'1762482369x1985768835','saraban','1341900109994',NULL,1,'2025-11-07 10:50:55',NULL,NULL,'17624874551122139046',NULL),(13574,2,'1762483941x1489832481','saraban','1341900109994',NULL,1,'2025-11-07 10:50:55',NULL,NULL,'1762487455183104591',NULL),(13575,2,'1762483941x1489832481','saraban','1341900109994',NULL,1,'2025-11-07 10:50:55',NULL,NULL,'1762487455183104591',NULL),(13576,2,'1762489594x1119754384','saraban','1341900109994',NULL,1,'2025-11-12 15:36:32',NULL,NULL,'17629365922036014214',NULL),(13577,2,'1762489594x1119754384','saraban','1341900109994',NULL,1,'2025-11-12 15:36:32',NULL,NULL,'17629365922036014214',NULL),(13578,2,'1762400341x1915645926','saraban','1341900109994',NULL,1,'2025-11-12 15:36:32',NULL,NULL,'17629365921738146212',NULL),(13579,2,'1762400341x1915645926','saraban','1341900109994',NULL,1,'2025-11-12 15:36:32',NULL,NULL,'17629365921738146212',NULL),(13580,2,'1762400609x116953810','saraban','1341900109994',NULL,1,'2025-11-12 15:36:32',NULL,NULL,'1762936592994868923',NULL),(13581,2,'1762400609x116953810','saraban','1341900109994',NULL,1,'2025-11-12 15:36:32',NULL,NULL,'1762936592994868923',NULL),(13582,2,'1762507096x2080598994','saraban','1341900109994',NULL,1,'2025-11-12 15:36:32',NULL,NULL,'17629365921169697518',NULL),(13583,2,'1762507096x2080598994','saraban','1341900109994',NULL,1,'2025-11-12 15:36:32',NULL,NULL,'17629365921169697518',NULL),(13584,2,'1762507106x1183943420','saraban','1341900109994',NULL,1,'2025-11-12 15:36:32',NULL,NULL,'1762936592489777176',NULL),(13585,2,'1762507106x1183943420','saraban','1341900109994',NULL,1,'2025-11-12 15:36:32',NULL,NULL,'1762936592489777176',NULL),(13586,2,'1762528028x1137727546','saraban','1341900109994',NULL,1,'2025-11-12 15:36:32',NULL,NULL,'17629365921581593284',NULL),(13587,2,'1762528028x1137727546','saraban','1341900109994',NULL,1,'2025-11-12 15:36:32',NULL,NULL,'17629365921581593284',NULL),(13588,2,'1762749856x701071539','saraban','1341900109994',NULL,1,'2025-11-12 15:36:32',NULL,NULL,'17629365921593011438',NULL),(13589,2,'1762749856x701071539','saraban','1341900109994',NULL,1,'2025-11-12 15:36:32',NULL,NULL,'17629365921593011438',NULL),(13590,2,'1762829809x212470120','saraban','1341900109994',NULL,1,'2025-11-12 15:36:32',NULL,NULL,'17629365921197025923',NULL),(13591,2,'1762829809x212470120','saraban','1341900109994',NULL,1,'2025-11-12 15:36:32',NULL,NULL,'17629365921197025923',NULL),(13592,2,'1762829575x971314727','saraban','1341900109994',NULL,1,'2025-11-12 15:36:32',NULL,NULL,'1762936592677581427',NULL),(13593,2,'1762829575x971314727','saraban','1341900109994',NULL,1,'2025-11-12 15:36:32',NULL,NULL,'1762936592677581427',NULL),(13594,2,'1762830114x481626629','saraban','1341900109994',NULL,1,'2025-11-12 15:36:32',NULL,NULL,'17629365921105600006',NULL),(13595,2,'1762830114x481626629','saraban','1341900109994',NULL,1,'2025-11-12 15:36:32',NULL,NULL,'17629365921105600006',NULL),(13596,2,'1762845605x1725857795','saraban','1341900109994',NULL,1,'2025-11-12 15:36:32',NULL,NULL,'17629365921898783343',NULL),(13597,2,'1762845605x1725857795','saraban','1341900109994',NULL,1,'2025-11-12 15:36:32',NULL,NULL,'17629365921898783343',NULL),(13598,2,'1762849594x380712810','saraban','1341900109994',NULL,1,'2025-11-12 15:36:32',NULL,NULL,'1762936592487061321',NULL),(13599,2,'1762849594x380712810','saraban','1341900109994',NULL,1,'2025-11-12 15:36:32',NULL,NULL,'1762936592487061321',NULL),(13600,2,'1762850466x1927967919','saraban','1341900109994',NULL,1,'2025-11-12 15:36:32',NULL,NULL,'17629365921630781516',NULL),(13601,2,'1762850466x1927967919','saraban','1341900109994',NULL,1,'2025-11-12 15:36:32',NULL,NULL,'17629365921630781516',NULL),(13602,2,'1762850511x236607561','saraban','1341900109994',NULL,1,'2025-11-12 15:36:32',NULL,NULL,'176293659277328528',NULL),(13603,2,'1762850511x236607561','saraban','1341900109994',NULL,1,'2025-11-12 15:36:32',NULL,NULL,'176293659277328528',NULL),(13604,2,'1762841508x2035501673','saraban','1341900109994',NULL,1,'2025-11-12 15:36:32',NULL,NULL,'17629365921496573970',NULL),(13605,2,'1762841508x2035501673','saraban','1341900109994',NULL,1,'2025-11-12 15:36:32',NULL,NULL,'17629365921496573970',NULL),(13606,2,'1762744548x230131834','saraban','1341900109994',NULL,1,'2025-11-12 15:36:32',NULL,NULL,'17629365921740162871',NULL),(13607,2,'1762744548x230131834','saraban','1341900109994',NULL,1,'2025-11-12 15:36:32',NULL,NULL,'17629365921740162871',NULL),(13608,2,'1762744867x2137465874','saraban','1341900109994',NULL,1,'2025-11-12 15:36:32',NULL,NULL,'17629365921274657216',NULL),(13609,2,'1762744867x2137465874','saraban','1341900109994',NULL,1,'2025-11-12 15:36:32',NULL,NULL,'17629365921274657216',NULL),(13610,2,'1762917308x1174360981','saraban','1341900109994',NULL,1,'2025-11-12 15:36:32',NULL,NULL,'1762936592122901950',NULL),(13611,2,'1762917308x1174360981','saraban','1341900109994',NULL,1,'2025-11-12 15:36:32',NULL,NULL,'1762936592122901950',NULL),(13612,2,'1762335252x1044568382','saraban','1341900109994',NULL,1,'2025-11-12 15:36:32',NULL,NULL,'1762936592298402272',NULL),(13613,2,'1762335252x1044568382','saraban','1341900109994',NULL,1,'2025-11-12 15:36:32',NULL,NULL,'1762936592298402272',NULL),(13614,2,'1763347708x1711029631','saraban','1341900109994',NULL,1,'2025-11-17 13:54:36',NULL,NULL,'17633624771078879330',NULL),(13615,2,'1763347708x1711029631','saraban','1341900109994',NULL,1,'2025-11-17 13:54:36',NULL,NULL,'17633624771078879330',NULL),(13616,2,'1763350922x292699241','saraban','1341900109994',NULL,1,'2025-11-17 13:54:36',NULL,NULL,'17633624771705041331',NULL),(13617,2,'1763350922x292699241','saraban','1341900109994',NULL,1,'2025-11-17 13:54:36',NULL,NULL,'17633624771705041331',NULL),(13618,2,'1763361504x1088031550','saraban','1341900109994',NULL,1,'2025-11-17 13:54:36',NULL,NULL,'17633624771008447191',NULL),(13619,2,'1763361504x1088031550','saraban','1341900109994',NULL,1,'2025-11-17 13:54:36',NULL,NULL,'17633624771008447191',NULL),(13620,2,'1763367265x2041322674','saraban','1341900109994',NULL,1,'2025-11-18 09:06:33',NULL,NULL,'17634315931925733525',NULL),(13621,2,'1763367265x2041322674','saraban','1341900109994',NULL,1,'2025-11-18 09:06:33',NULL,NULL,'17634315931925733525',NULL),(13622,2,'1763370723x161028148','saraban','1341900109994',NULL,1,'2025-11-18 09:06:33',NULL,NULL,'17634315931634203025',NULL),(13623,2,'1763370723x161028148','saraban','1341900109994',NULL,1,'2025-11-18 09:06:33',NULL,NULL,'17634315931634203025',NULL),(13624,2,'1763370670x1399920702','saraban','1341900109994',NULL,1,'2025-11-18 09:06:33',NULL,NULL,'17634315931183509526',NULL),(13625,2,'1763370670x1399920702','saraban','1341900109994',NULL,1,'2025-11-18 09:06:33',NULL,NULL,'17634315931183509526',NULL),(13626,2,'1763372123x1115164037','saraban','1341900109994',NULL,1,'2025-11-18 09:06:33',NULL,NULL,'1763431593187968304',NULL),(13627,2,'1763372123x1115164037','saraban','1341900109994',NULL,1,'2025-11-18 09:06:33',NULL,NULL,'1763431593187968304',NULL),(13628,2,'1763372471x1817245859','saraban','1341900109994',NULL,1,'2025-11-18 09:06:33',NULL,NULL,'17634315931202608172',NULL),(13629,2,'1763372471x1817245859','saraban','1341900109994',NULL,1,'2025-11-18 09:06:33',NULL,NULL,'17634315931202608172',NULL),(13630,2,'1763451051x1321113166','saraban','1341900109994',NULL,1,'2025-11-20 09:48:27',NULL,NULL,'1763606907279448375',NULL),(13631,2,'1763451051x1321113166','saraban','1341900109994',NULL,1,'2025-11-20 09:48:27',NULL,NULL,'1763606907279448375',NULL),(13632,2,'1763521926x67109209','saraban','1341900109994',NULL,1,'2025-11-20 09:48:27',NULL,NULL,'176360690740170021',NULL),(13633,2,'1763521926x67109209','saraban','1341900109994',NULL,1,'2025-11-20 09:48:27',NULL,NULL,'176360690740170021',NULL),(13634,2,'1763535423x1360756751','saraban','1341900109994',NULL,1,'2025-11-20 09:48:27',NULL,NULL,'1763606907712820',NULL),(13635,2,'1763535423x1360756751','saraban','1341900109994',NULL,1,'2025-11-20 09:48:27',NULL,NULL,'1763606907712820',NULL),(13636,2,'1763537852x521233700','saraban','1341900109994',NULL,1,'2025-11-20 09:48:27',NULL,NULL,'1763606907892590862',NULL),(13637,2,'1763537852x521233700','saraban','1341900109994',NULL,1,'2025-11-20 09:48:27',NULL,NULL,'1763606907892590862',NULL),(13638,2,'1763541687x2121688396','saraban','1341900109994',NULL,1,'2025-11-20 09:48:27',NULL,NULL,'17636069072013086923',NULL),(13639,2,'1763541687x2121688396','saraban','1341900109994',NULL,1,'2025-11-20 09:48:27',NULL,NULL,'17636069072013086923',NULL),(13640,2,'1763603579x402888823','saraban','1341900109994',NULL,1,'2025-11-20 09:48:27',NULL,NULL,'17636069072034404740',NULL),(13641,2,'1763603579x402888823','saraban','1341900109994',NULL,1,'2025-11-20 09:48:27',NULL,NULL,'17636069072034404740',NULL),(13642,2,'1763604696x669889746','saraban','1341900109994',NULL,1,'2025-11-20 09:48:27',NULL,NULL,'1763606907758852711',NULL),(13643,2,'1763604696x669889746','saraban','1341900109994',NULL,1,'2025-11-20 09:48:27',NULL,NULL,'1763606907758852711',NULL),(13644,2,'1763515086x1031266586','saraban','1341900109994',NULL,1,'2025-11-20 09:48:27',NULL,NULL,'176360690714868341',NULL),(13645,2,'1763515086x1031266586','saraban','1341900109994',NULL,1,'2025-11-20 09:48:27',NULL,NULL,'176360690714868341',NULL),(13646,2,'1763606900x1314874214','saraban','1341900109994',NULL,1,'2025-11-20 11:02:38',NULL,NULL,'176361135839684238',NULL),(13647,2,'1763606900x1314874214','saraban','1341900109994',NULL,1,'2025-11-20 11:02:38',NULL,NULL,'176361135839684238',NULL),(13648,2,'1763613780x640445620','saraban','1341900109994',NULL,1,'2025-11-20 13:14:38',NULL,NULL,'1763619278600137313',NULL),(13649,2,'1763613780x640445620','saraban','1341900109994',NULL,1,'2025-11-20 13:14:38',NULL,NULL,'1763619278600137313',NULL),(13650,2,'1763621893x525283509','saraban','1341900109994',NULL,1,'2025-11-21 09:31:20',NULL,NULL,'1763692280473312148',NULL),(13651,2,'1763621893x525283509','saraban','1341900109994',NULL,1,'2025-11-21 09:31:20',NULL,NULL,'1763692280473312148',NULL),(13652,2,'1763622505x438069299','saraban','1341900109994',NULL,1,'2025-11-21 09:31:20',NULL,NULL,'1763692280522783940',NULL),(13653,2,'1763622505x438069299','saraban','1341900109994',NULL,1,'2025-11-21 09:31:20',NULL,NULL,'1763692280522783940',NULL),(13654,2,'1763623018x1013457761','saraban','1341900109994',NULL,1,'2025-11-21 09:31:20',NULL,NULL,'17636922801846111991',NULL),(13655,2,'1763623018x1013457761','saraban','1341900109994',NULL,1,'2025-11-21 09:31:20',NULL,NULL,'17636922801846111991',NULL),(13656,2,'1763629852x2012414441','saraban','1341900109994',NULL,1,'2025-11-21 09:31:20',NULL,NULL,'176369228080986255',NULL),(13657,2,'1763629852x2012414441','saraban','1341900109994',NULL,1,'2025-11-21 09:31:20',NULL,NULL,'176369228080986255',NULL),(13658,2,'1763630834x844909166','saraban','1341900109994',NULL,1,'2025-11-21 09:31:20',NULL,NULL,'17636922801969851577',NULL),(13659,2,'1763630834x844909166','saraban','1341900109994',NULL,1,'2025-11-21 09:31:20',NULL,NULL,'17636922801969851577',NULL),(13660,2,'1763692996x1759688354','saraban','1341900109994',NULL,1,'2025-11-21 11:57:50',NULL,NULL,'17637010701401888917',NULL),(13661,2,'1763692996x1759688354','saraban','1341900109994',NULL,1,'2025-11-21 11:57:50',NULL,NULL,'17637010701401888917',NULL);

--
-- Table structure for table `bookregister_cer_officer`
--

CREATE TABLE `bookregister_cer_officer` (
  `id` int(11) NOT NULL AUTO_INCREMENT,
  `person_id` varchar(13) NOT NULL,
  `p1` tinyint(4) NOT NULL,
  `officer` varchar(13) NOT NULL,
  `rec_date` date NOT NULL,
  PRIMARY KEY (`id`),
  UNIQUE KEY `person_id` (`person_id`)
) ENGINE=MyISAM AUTO_INCREMENT=3 DEFAULT CHARSET=utf8 COLLATE=utf8_general_ci;

--
-- Dumping data for table `bookregister_cer_officer`
--

INSERT INTO `bookregister_cer_officer` VALUES (1,'3340101288044',1,'3340101288044','2014-09-17'),(2,'3341600065726',1,'3340101288044','2014-09-17');

--
-- Table structure for table `bookregister_cer_sign`
--

CREATE TABLE `bookregister_cer_sign` (
  `id` int(11) NOT NULL AUTO_INCREMENT,
  `code` varchar(13) NOT NULL,
  `name` varchar(200) NOT NULL,
  `position1` varchar(200) NOT NULL,
  `position2` varchar(200) NOT NULL,
  `sign_pic` varchar(150) NOT NULL,
  `sign_now` tinyint(4) NOT NULL DEFAULT 0,
  `officer` varchar(13) NOT NULL,
  `rec_date` date NOT NULL,
  PRIMARY KEY (`id`),
  UNIQUE KEY `code` (`code`)
) ENGINE=MyISAM AUTO_INCREMENT=2 DEFAULT CHARSET=utf8 COLLATE=utf8_general_ci;

--
-- Dumping data for table `bookregister_cer_sign`
--

INSERT INTO `bookregister_cer_sign` VALUES (1,'1','นายธนชาติ  บาตสุวรรณ์','ผู้อำนวยการโรงเรียนบ้านหนองแปน','','',1,'1341900109994','2024-01-05');

--
-- Table structure for table `bookregister_certificate`
--

CREATE TABLE `bookregister_certificate` (
  `ms_id` int(11) NOT NULL AUTO_INCREMENT,
  `year` int(11) NOT NULL,
  `register_number` int(11) NOT NULL,
  `book_no` varchar(50) NOT NULL,
  `signdate` date NOT NULL,
  `name_cer` varchar(150) NOT NULL,
  `subject` varchar(150) NOT NULL,
  `subject2` varchar(250) NOT NULL,
  `comment` varchar(100) DEFAULT NULL,
  `sign_person` varchar(4) NOT NULL,
  `register_date` date NOT NULL,
  `officer` varchar(13) DEFAULT NULL,
  `file_name` varchar(50) DEFAULT NULL,
  `khet_print` tinyint(4) NOT NULL DEFAULT 0,
  `check_status` tinyint(4) NOT NULL DEFAULT 0,
  `quarantee` tinyint(4) NOT NULL DEFAULT 0,
  `quarantee_person` varchar(13) NOT NULL,
  `quarantee_date` date NOT NULL,
  PRIMARY KEY (`ms_id`)
) ENGINE=MyISAM DEFAULT CHARSET=utf8 COLLATE=utf8_general_ci;

--
-- Dumping data for table `bookregister_certificate`
--


--
-- Table structure for table `bookregister_command`
--

CREATE TABLE `bookregister_command` (
  `ms_id` int(11) NOT NULL AUTO_INCREMENT,
  `year` int(11) NOT NULL,
  `register_number` int(11) NOT NULL,
  `book_no` varchar(50) NOT NULL,
  `signdate` date NOT NULL,
  `subject` varchar(150) NOT NULL,
  `comment` varchar(100) DEFAULT NULL,
  `register_date` date NOT NULL,
  `officer` varchar(13) DEFAULT NULL,
  `file_name` varchar(100) DEFAULT NULL,
  `file_des` varchar(100) DEFAULT NULL,
  PRIMARY KEY (`ms_id`)
) ENGINE=MyISAM AUTO_INCREMENT=101 DEFAULT CHARSET=utf8 COLLATE=utf8_general_ci;

--
-- Dumping data for table `bookregister_command`
--

INSERT INTO `bookregister_command` VALUES (1,2557,1,'1/2557','2014-09-15','สำรวจรายชื่อนักเรียนชั้นของตนเอง และ ลงเวลามาของนักเรียน','','2014-09-17','3340101288044','',NULL),(3,2567,1,'1/2567','2024-01-09','แต่งตั้งคณะกรรมการดำเนินงานวันเด็กแห่งชาติ ประจำปี 2567','','2024-01-18','1341900109994','',NULL),(4,2567,2,'2/2567','2024-01-11','แต่งตั้งคณะกรรมการดำเนินงาน PLC ','','2024-01-18','1341900109994','',NULL),(5,2567,3,'3/2567','2024-01-15','ดำเนินงานกิจกรรมวันครู','','2024-01-18','1341900109994','',NULL),(6,2567,4,'4/2567','2024-01-15','แต่งตั้งคณะกรรมการดำเนินการคัดกรองความสามารถในการอ่านเขียนของนักเรียน  ชั้นประถมศึกษาปีที่ ๑-๖ ตามโครงการพัฒนาการเรียนการสอนภาษาไทย ตามนโยบาย         ','','2024-01-18','1341900109994','',NULL),(7,2567,5,'5/2567','2024-01-15','แต่งตั้งครูผู้รับผิดชอบการจัดการเรียนการสอนเพื่อเพิ่มผลสัมฤทธิ์ O –Net ชั้น ประถมศึกษาปีที่ ๖','','2024-01-18','1341900109994','',NULL),(8,2567,6,'6/2567','2024-01-30','ยกเลิกเวรยามรักษาการณ์ประจำสถานที่ราชการ','','2024-02-09','1341900109994','',NULL),(9,2567,7,'7/2567','2024-02-27','แต่งตั้งครูผู้ช่วยให้ดำรงตำแหน่งครู','','2024-02-27','1341900109994','1709018499x412913214.jpg',NULL),(10,2567,8,'8/2567','2024-02-27','แต่งตั้งคณะกรรมการปฏิบัติหน้าที่ควบคุมนักเรียนไปทัศนศึกษานอกสถานที่   ประจำปีการศึกษา ๒๕๖๖','','2024-02-27','1341900109994','',NULL),(11,2567,9,'9/2567','2024-02-21','คณะกรรมการลูกเสือ ','','2024-02-27','1341900109994','',NULL),(12,2567,10,'10/2567','2024-03-11','สอบปลายปี','','2024-03-11','1341900109994','',NULL),(13,2567,11,'11/2567','2024-03-18','แต่งตั้งคณะกรรมการดำเนินงานปัจฉิมนิเทศนักเรียน ปรการศึกษา ๒๕๖๖','','2024-03-19','1341900109994','',NULL),(14,2567,12,'12/2567','2024-03-18','แต่งตั้งนายทะเบียนและเจ้าหน้าที่ทะเบียนโรงเรียน','','2024-03-19','1341900109994','',NULL),(15,2567,13,'13/2567','2024-03-22','แต่งตั้งคณะกรรมการอบรมเชิงปฏิบัติการ และศึกษาดูงานนอกสถานที่ ','','2024-03-25','1341900109994','',NULL),(16,2567,14,'14/2567','2024-03-28','แต่งตั้งคณะกรรมการดำเนินการพิจารณา รายงานผลการพิจารณา เพื่อประกอบการเลื่อนเงินเดือน ข้าราชการครูและบุคลากรทางการศึกษา ครั้งที่ 1 (1 เมษายน 2567) ระดับ','','2024-04-02','1341900109994','',NULL),(17,2567,15,'15/2567','2024-03-29','เวรปิดเทอม','','2024-04-22','1341900109994','',NULL),(19,2567,16,'16/2567','2024-04-22','คณะกรรมคัดเลือกนักการภารโรง','','2024-04-22','1341900109994','',NULL),(20,2567,17,'17/2567','2024-04-23','เลื่อนขั้นเงินเดือนข้าราชการครู','','2024-04-22','1341900109994','',NULL),(21,2567,18,'18/2567','2024-04-30','แต่งตั้งคณะกรรมการตรวจรับพัสดุการจ้างลูกจ้างชั่วคราวอัตราจ้างเหมาบริการ ปฏิบัติงานตำแหน่งนักการภารโรง โดยวิธีเฉพาะเจาะจง','','2024-05-09','1341900109994','',NULL),(22,2567,19,'19/2567','2024-04-30','แต่งตั้งคณะกรรมการดำเนินงานผ้าป่าสามัคคีโรงเรียนบ้านหนองแปน','','2024-05-09','1341900109994','',NULL),(23,2567,20,'20/2567','2024-05-15','แต่งตั้งครูผู้ดูแลความเรียบร้อยประจำวัน ประจำเดือน พฤษภาคม ๒๕๖๗ ','','2024-05-20','1341900109994','',NULL),(24,2567,21,'21/2567','2024-05-15','แต่งตั้งคณะกรรมการดำเนินงานประชุมผู้ปกครองนักเรียน ประจำปีการศึกษา ๒๕๖๗','','2024-05-20','1341900109994','',NULL),(25,2567,22,'22/2567','2024-05-20','แต่งตั้งคณะกรรมการตรวจรับพัสดุการจ้างลูกจ้างชั่วคราวอัตราจ้างเหมาบริการ ปฏิบัติงานตำแหน่งนัการภารโรง โดยวิธีเฉพาะเจาะจง','','2024-05-20','1341900109994','',NULL),(26,2567,23,'23/2567','2024-05-16','แต่งตั้งคณะกรรมการตรวจรับพัสดุการจ้าง ประกอบอาหาร (ปรุงสำเร็จประจำเดือน พฤษภาคม–กรกฎาคม 2567)','','2024-05-20','1341900109994','',NULL),(27,2567,24,'24/2567','2024-05-17','วิชาการ','ครูแอน','2024-05-20','1341900109994','',NULL),(28,2567,25,'25/2567','2024-05-17','วิชาการ','ครูแอน','2024-05-20','1341900109994','',NULL),(29,2567,26,'26/2567','2024-05-17','วิชาการ','ครูแอน','2024-05-20','1341900109994','',NULL),(30,2567,27,'27/2567','2024-05-17','งาน รร','ครูแอน','2024-05-20','1341900109994','',NULL),(31,2567,28,'28/2567','2024-05-17','พพพ แอน','','2024-05-20','1341900109994','',NULL),(32,2567,29,'29/2567','2024-05-20','พพพพพ','','2024-05-20','1341900109994','',NULL),(33,2567,30,'30/2567','2024-05-20','พพพพพพ','','2024-05-20','1341900109994','',NULL),(34,2567,31,'31/2567','2024-04-30','แต่งตั้งคณะกรรมการตรวจรับพัสดุการจ้างลูกจ้างชั่วคราวอัตราจ้างเหมาบริการ ปฏิบัติงานตำแหน่งพี่เลี้ยงเด็กพิการ โดยวิธีเฉพาะเจาะจง','','2024-05-20','1341900109994','',NULL),(35,2567,32,'32/2567','2024-05-21','แต่งตั้งคณธกรรมการกำหนดราคากลาง','','2024-05-23','1341900109994','',NULL),(36,2567,33,'33/2567','2024-05-23','แต่งตั้งคณะกรรมการตรวรับ','','2024-05-23','1341900109994','',NULL),(37,2567,34,'34/2567','2024-06-11','แต่งตั้งคณะกรรมการดำเนินงานโรงเรียนที่มีวิธีปฏิบัติที่เป็นเลิศ (Best Practice) การน้อมนำพระบรมราโชบายด้านการศึกษาของในหลวงรัชกาลที่ ๑0 สู่การปฏิบัติ','','2024-06-11','1341900109994','',NULL),(38,2567,35,'35/2567','2024-06-11','ไหว้ครู','','2024-06-11','1341900109994','',NULL),(39,2567,36,'36/2567','2024-06-17','แต่งตั้งคณะกรรมการนักเรียน','','2024-06-17','1341900109994','',NULL),(40,2567,37,'37/2567','2024-06-25','แต่งตั้งคณะกรรมการดำเนินงาน พระบรมราโชบาย','','2024-06-25','1341900109994','',NULL),(41,2567,38,'38/2567','2024-07-15','แต่งตั้งรักษาการในตำแหน่งผู้อำนวยการโรงเรียน','','2024-07-17','1341900109994','',NULL),(42,2567,39,'39/2567','2024-07-17','แต่งตั้งคณะกรรมการดำเนินงานกิจกรรมวันอาสาฬหบูชาและวันออกพรรษา','','2024-07-17','1341900109994','',NULL),(43,2567,40,'40/2567','2024-07-17','แต้่งตั้งคณะกรรมการคัดกรองนักเรียนยากจน กศส.ภาเรียนที่ 1/2567','','2024-07-17','1341900109994','',NULL),(44,2567,41,'41/2567','2024-07-17','แต่งตั้งข้าราชการครู','','2024-07-17','1341900109994','',NULL),(45,2567,42,'42/2567','2024-07-18','ปรับวุฒิครู  ','','2024-07-18','1341900109994','',NULL),(46,2567,43,'43/2567','2024-07-25','ให้ครูไปราชการ','','2024-08-05','1341900109994','',NULL),(47,2567,44,'44/2567','2024-08-23','กรรมการกำหนดราคากลางจัดตั้งงบครุภัณฑ์','','2024-08-23','1341900109994','',NULL),(48,2567,45,'45/2567','2024-08-23','พ่อป้อม','','2024-08-23','1341900109994','',NULL),(49,2567,46,'46/2567','2024-08-23','วันวิทยาศาสตร์','','2024-08-23','1341900109994','',NULL),(50,2567,47,'47/2567','2024-09-10','แต่งตั้งคณะกรรมการดำเนินงานการอบรมเชิงปฏิบัติการ วPA การพัฒนาข้าราชการครูและบุคลากรทางการศึกษา ประจำปี ๒๕๖๗','','2024-09-11','1341900109994','',NULL),(51,2567,48,'48/2567','2024-09-02','แต่งตั้งคณะกรรมการดำเนินการขับเคลื่อนกระบวนการ PLC (Professional Learning Community) “ชุมชนแห่งการเรียนรู้ทางวิชาชีพ”สู่สถานศึกษา ประจำปีการศึกษา ๒๕๖๗','','2024-09-19','1341900109994','',NULL),(52,2567,49,'49/2567','2024-09-20','แต่งตั้งคณะกรรมการประเมินผลการปฎิบัติงานลูกจ้างชั่วคราว ประจำปีงบประมาณ ๒๕๖๗','','2024-09-23','3340701169496','',NULL),(53,2567,50,'50/2567','2024-09-23','เลื่อนขั้นเงินเดือนข้าราชการครู ตุลาคม  67','','2024-09-23','1341900109994','',NULL),(54,2567,51,'51/2567','2024-10-17','เลื่อนขั้ยเงินเดือน','','2024-10-17','1341900109994','',NULL),(55,2568,1,'1/2568','2025-01-02','แต่งตั้งคณะกรรมการดำเนินงานวันปีไหม่ ๖๘','','2025-01-09','1341900109994','',NULL),(56,2568,2,'2/2568','2025-01-08','แต่งตั้งคณะกรรมการดำเนินงานวันเด็กแห่งชาติ ประจำปี 2568','','2025-01-09','1341900109994','',NULL),(57,2568,3,'3/2568','2025-01-31','วิทย์น้อย','','2025-01-31','1341900109994','',NULL),(58,2568,4,'4/2568','2025-01-31','ลูกเสือ','','2025-01-31','1341900109994','',NULL),(59,2568,5,'5/2568','2025-02-17','แต่งตั้งคณะกรรมการดำเนินงานวิทยาศาสตร์น้อย ระดับประถมศึกษา ปีการศึกษา ๒๕๖๗','','2025-02-17','1341900109994','',NULL),(60,2568,6,'6/2568','2025-02-17','แต่งตั้งคณะกรรมการควบคุมนักเรียนไปทัศนศึกษานอกสถานที่  ปีการศึกษา ๒๕๖๗','','2025-02-17','1341900109994','',NULL),(61,2568,7,'7/2568','2025-03-04','แต่งตั้งคณะกรรมการควบคุมนักเรียนไปแข่งขันกีฬาเขตพื้นที่','','2025-03-27','1341900109994','',NULL),(62,2568,8,'8/2568','2025-03-05','แต่งตั้งคณะกรรมการสอบปลายภาค ปีการศึกษา ๒๕๖๗','','2025-03-27','1341900109994','',NULL),(63,2568,9,'9/2568','2025-03-11','แต่งตั้งคณะกรรมการงานปัจฉิมนิเทศ ๒๕๖๗','','2025-03-27','1341900109994','',NULL),(64,2568,10,'10/2568','2025-03-21','แต่งตั้งคณะกรรมการดำเนินงานพัฒนาบุคลากร','','2025-03-27','1341900109994','',NULL),(65,2568,11,'11/2568','2025-03-28','คำสั่งแต่งตั้งคณะกรรมการดำเนินการเลื่อนขั้นเงินเดือนข้าราชการครูและบุคลากรทางการศึกษา ครั้งที่ ๑ (๑ เมษายน ๒๕๖๘)','','2025-03-28','1341900109994','',NULL),(66,2568,12,'12/2568','2025-04-02','แต่งตั้งนายทะเบียน และคณะกรรมการวิชาการโรงเรียน','','2025-04-03','1341900109994','1743650171x909049476.docx',NULL),(67,2568,13,'13/2568','2025-05-22','ขอเชิญประชุม','','2025-05-22','1341900109994','',NULL),(68,2568,14,'14/2568','2025-05-22','ขอเชิญประชุม','','2025-05-22','1341900109994','',NULL),(69,2568,15,'15/2568','2025-05-22','เลื่อนขั้นเงินเดือน','','2025-05-22','1341900109994','',NULL),(70,2568,16,'16/2568','2025-05-22','ให้ครูไปราชการ','','2025-05-22','1341900109994','',NULL),(71,2568,17,'17/2568','2025-06-11','กิจกรรมไหว้ครู 2568','','2025-06-19','1341900109994','',NULL),(72,2568,18,'18/2568','2025-06-19','เยี่ยมบ้าน','','2025-06-19','1341900109994','',NULL),(73,2568,19,'19/2568','2025-06-19','เรื่อง   แต่งตั้งหัวหน้างานและเจ้าหน้าที่ครูประจำชั้น ประจำภาคเรียนที่ ๑/๒๕๖๘ ','','2025-06-19','1341900109994','',NULL),(74,2568,20,'20/2568','2025-06-19','พัสดุ','','2025-06-19','1341900109994','',NULL),(75,2568,21,'21/2568','2025-06-19','พัสดุ','','2025-06-19','1341900109994','',NULL),(76,2568,22,'22/2568','2025-05-15','แจกเงิน นร 2568','','2025-06-19','1341900109994','',NULL),(77,2568,23,'23/2568','2025-06-19','การเงิน','','2025-06-19','1341900109994','',NULL),(78,2568,24,'24/2568','2025-06-19','งาน','','2025-06-19','1341900109994','',NULL),(79,2568,25,'25/2568','2025-06-19','งาน','','2025-06-19','1341900109994','',NULL),(80,2568,26,'26/2568','2025-06-19','งานวิชาการ','','2025-06-19','1341900109994','',NULL),(81,2568,27,'27/2568','2025-06-19','active','','2025-06-19','1341900109994','',NULL),(82,2568,28,'28/2568','2025-06-19','บอัตราเงินเดือนตามคุณวุฒิ ก.ค.ศ.รับรองและที่ได้รับผลกระทบจากการปรับอัตราเงินเดือนแรกบัญจุใหม่','','2025-06-19','1341900109994','',NULL),(83,2568,29,'29/2568','2025-06-25','วันยาเสพติดโลก ','','2025-06-30','1341900109994','',NULL),(84,2568,30,'30/2568','2025-06-30','วันสถาปนาลูกเสือแห่งชาติ 2568','','2025-06-30','1341900109994','',NULL),(85,2568,31,'31/2568','2025-07-22','คณะกรรมการวันภาษาไทย','','2025-07-22','1341900109994','',NULL),(86,2568,32,'32/2568','2025-08-13','จ่ายเงินทุน กสศ.1/2568 รายเดิม','','2025-08-13','1341900109994','',NULL),(87,2568,33,'33/2568','2025-08-18','ผอ ซ่อมแซม','','2025-08-18','1341900109994','',NULL),(88,2568,34,'34/2568','2025-09-09','งบ โรงเรียนขนาดเล็ก 35000','','2025-09-08','1341900109994','',NULL),(89,2568,35,'35/2568','2025-09-08','คำสั่งแต่งตั้งคณะกรรมการดำเนินการแจกเงินทุนปัจจัยพื้นฐาน กสศ รายใหม่ ๑/๒๕๖๘','','2025-09-08','1341900109994','',NULL),(90,2568,36,'36/2568','2025-09-08','งานเกษียณ ','','2025-09-08','1341900109994','',NULL),(91,2568,37,'37/2568','2025-09-12','แต่งตั้งคณะกรรมการการประเมินผลการปฏิบัติงานของผู้ปฏิบัติงานให้ราชการที่ปฏิบัติงานในสถานศึกษา          โรงเรียนบ้านหนองแปน  สังกัดสำนักงานเขตพื้นที่การ','','2025-09-12','1341900109994','',NULL),(92,2568,38,'38/2568','2025-09-30','แต่งตั้งคณะกรรมการประเมินราคา ในระะบบบริจาค','','2025-10-03','1341900109994','',NULL),(93,2568,39,'39/2568','2025-10-01','ครูส้ม','','2025-10-03','1341900109994','',NULL),(94,2568,40,'40/2568','2025-10-02','แต่งตั้งคณะกรรมการพิารณาเงินเดือน ตุลา ๖๘','','2025-10-03','1341900109994','',NULL),(95,2568,41,'41/2568','2025-10-02','คณะกรรมการัดสรรเงินเลื่อนขั้น ตค ๖๘','','2025-10-03','1341900109994','',NULL),(96,2568,42,'42/2568','2025-10-02','คำสั่งแต่งตั้งคณะกรรมการดำเนินการแจกเงินทุนปัจจัยพื้นฐาน ค่าเครื่องแบบ นร ๑/๒๕๖๘ ','','2025-10-03','1341900109994','',NULL),(97,2568,43,'43/2568','2025-09-26','แต่งตั้งคณะกรรมการตรวจรับพัสดุการจ้างลูกจ้างชั่วคราวอัตราจ้างเหมาบริการ ปฏิบัติงานตำแหน่งนักการภารโรง โดยวิธีเฉพาะเจาะจง','','2025-10-08','1341900109994','',NULL),(98,2568,44,'44/2568','2025-10-26','แต่งตั้งผู้ตรวจรับพัสดุการจ้างลูกจ้างชั่วคราวอัตราจ้างเหมาบริการ ปฏิบัติงานตำแหน่งธุรการโรงเรียน โดยวิธีเฉพาะเจาะจง','','2025-10-08','1341900109994','',NULL),(99,2568,45,'45/2568','2025-10-15','เลื่อนขั้นเวินเดือนครู ไม่มีสิทยฐานะ','','2025-10-15','1341900109994','',NULL),(100,2568,46,'46/2568','2025-10-31','แต่งตั้งคณะทำงานจัดทำแผนบริหารจัดการความเสี่ยงของโรงเรียนบ้านหนองแปน ประจําปีงบประมาณ พ.ศ. ๒๕๖๘','','2025-11-21','1341900109994','',NULL);

--
-- Table structure for table `bookregister_office_no`
--

CREATE TABLE `bookregister_office_no` (
  `id` int(11) NOT NULL AUTO_INCREMENT,
  `office_no` varchar(100) NOT NULL,
  `school_code` varchar(15) DEFAULT NULL,
  `officer` varchar(13) DEFAULT NULL,
  `rec_date` date DEFAULT NULL,
  PRIMARY KEY (`id`)
) ENGINE=MyISAM AUTO_INCREMENT=2 DEFAULT CHARSET=utf8 COLLATE=utf8_general_ci;

--
-- Dumping data for table `bookregister_office_no`
--

INSERT INTO `bookregister_office_no` VALUES (1,'ที่ ศธ04186.136/',NULL,NULL,NULL);

--
-- Table structure for table `bookregister_permission`
--

CREATE TABLE `bookregister_permission` (
  `id` int(11) NOT NULL AUTO_INCREMENT,
  `person_id` varchar(13) NOT NULL,
  `p1` tinyint(4) NOT NULL,
  `p2` tinyint(4) DEFAULT NULL,
  `school_code` varchar(15) DEFAULT NULL,
  `officer` varchar(13) NOT NULL,
  `rec_date` date NOT NULL,
  PRIMARY KEY (`id`),
  UNIQUE KEY `person_id` (`person_id`)
) ENGINE=MyISAM AUTO_INCREMENT=14 DEFAULT CHARSET=utf8 COLLATE=utf8_general_ci;

--
-- Dumping data for table `bookregister_permission`
--

INSERT INTO `bookregister_permission` VALUES (3,'3340101288044',1,NULL,NULL,'3340101288044','2014-09-17'),(4,'3340701169496',1,NULL,NULL,'1341900109994','2023-10-18'),(5,'1349900499013',1,NULL,NULL,'1341900109994','2023-10-18'),(6,'1349900638731',1,NULL,NULL,'1341900109994','2023-10-18'),(7,'1349900454419',1,NULL,NULL,'1341900109994','2023-10-18'),(8,'1839900131623',1,NULL,NULL,'1341900109994','2023-10-18'),(9,'1341500185235',1,NULL,NULL,'1341900109994','2023-10-18'),(10,'1349900285811',1,NULL,NULL,'1341900109994','2023-10-18'),(11,'1341900109994',1,NULL,NULL,'1341900109994','2023-10-18'),(12,'1341500179871',1,NULL,NULL,'1341900109994','2023-10-18'),(13,'3340101302136',1,NULL,NULL,'1341900109994','2025-03-27');

--
-- Table structure for table `bookregister_receive_filebook`
--

CREATE TABLE `bookregister_receive_filebook` (
  `id` int(11) NOT NULL AUTO_INCREMENT,
  `ref_id` varchar(50) NOT NULL,
  `file_name` varchar(100) NOT NULL,
  `file_des` varchar(100) NOT NULL,
  PRIMARY KEY (`id`)
) ENGINE=MyISAM DEFAULT CHARSET=utf8 COLLATE=utf8_general_ci;

--
-- Dumping data for table `bookregister_receive_filebook`
--


--
-- Table structure for table `bookregister_send_filebook`
--

CREATE TABLE `bookregister_send_filebook` (
  `id` int(11) NOT NULL AUTO_INCREMENT,
  `ref_id` varchar(50) NOT NULL,
  `file_name` varchar(100) NOT NULL,
  `file_des` varchar(100) NOT NULL,
  PRIMARY KEY (`id`)
) ENGINE=MyISAM DEFAULT CHARSET=utf8 COLLATE=utf8_general_ci;

--
-- Dumping data for table `bookregister_send_filebook`
--


--
-- Table structure for table `bookregister_year`
--

CREATE TABLE `bookregister_year` (
  `id` int(11) NOT NULL AUTO_INCREMENT,
  `year` int(11) NOT NULL,
  `year_active` tinyint(4) NOT NULL DEFAULT 0,
  `start_receive_num` int(11) NOT NULL DEFAULT 1,
  `start_send_num` int(11) NOT NULL DEFAULT 1,
  `start_command_num` int(11) NOT NULL DEFAULT 1,
  `start_cer_num` int(11) NOT NULL DEFAULT 1,
  `school_code` varchar(15) DEFAULT NULL,
  `officer` varchar(13) DEFAULT NULL,
  `rec_date` date DEFAULT NULL,
  PRIMARY KEY (`id`)
) ENGINE=MyISAM AUTO_INCREMENT=4 DEFAULT CHARSET=utf8 COLLATE=utf8_general_ci;

--
-- Dumping data for table `bookregister_year`
--

INSERT INTO `bookregister_year` VALUES (1,2557,0,1,1,1,1,NULL,NULL,NULL),(2,2567,0,1,1,1,1,NULL,NULL,NULL),(3,2568,1,1,1,1,1,NULL,NULL,NULL);

--
-- Table structure for table `budget_bud`
--

CREATE TABLE `budget_bud` (
  `id` int(11) NOT NULL AUTO_INCREMENT,
  `budget_year` int(11) NOT NULL,
  `doc` varchar(50) NOT NULL,
  `refer_wd_id` int(11) NOT NULL,
  `status` tinyint(11) DEFAULT NULL,
  `bud_type_id` int(11) DEFAULT NULL,
  `item` varchar(150) DEFAULT NULL,
  `receive_amount` double DEFAULT NULL,
  `pay_amount` double DEFAULT NULL,
  `payed_person` varchar(50) NOT NULL,
  `pay_group` int(4) DEFAULT NULL,
  `rec_date` date NOT NULL,
  `officer` varchar(13) NOT NULL,
  PRIMARY KEY (`id`)
) ENGINE=MyISAM DEFAULT CHARSET=utf8 COLLATE=utf8_general_ci;

--
-- Dumping data for table `budget_bud`
--


--
-- Table structure for table `budget_category`
--

CREATE TABLE `budget_category` (
  `id` int(11) NOT NULL AUTO_INCREMENT,
  `category_id` int(11) NOT NULL,
  `category_name` varchar(30) NOT NULL,
  PRIMARY KEY (`id`),
  UNIQUE KEY `category_id` (`category_id`)
) ENGINE=MyISAM AUTO_INCREMENT=7 DEFAULT CHARSET=utf8 COLLATE=utf8_general_ci;

--
-- Dumping data for table `budget_category`
--

INSERT INTO `budget_category` VALUES (1,1,'เงินนอกงบประมาณ'),(2,2,'เงินงบประมาณ'),(3,3,'เงินรายได้แผ่นดิน'),(6,4,'วงเงินงบประมาณที่ได้รับจัดสรร');

--
-- Table structure for table `budget_deega`
--

CREATE TABLE `budget_deega` (
  `id` int(11) NOT NULL AUTO_INCREMENT,
  `budget_year` int(11) NOT NULL,
  `deega_num` float NOT NULL DEFAULT 0,
  `doc` varchar(20) NOT NULL,
  `receive_num` char(3) NOT NULL DEFAULT '',
  `plan` char(2) NOT NULL DEFAULT '',
  `project` varchar(20) NOT NULL,
  `activity` varchar(20) NOT NULL,
  `pay_group` char(3) NOT NULL DEFAULT '',
  `item` varchar(50) NOT NULL DEFAULT '',
  `withdraw` double NOT NULL DEFAULT 0,
  `tax` double NOT NULL DEFAULT 0,
  `pay` double NOT NULL DEFAULT 0,
  `officer` varchar(13) NOT NULL,
  `rec_date` date NOT NULL,
  PRIMARY KEY (`id`)
) ENGINE=MyISAM DEFAULT CHARSET=utf8 COLLATE=utf8_general_ci;

--
-- Dumping data for table `budget_deega`
--


--
-- Table structure for table `budget_document`
--

CREATE TABLE `budget_document` (
  `id` int(11) NOT NULL AUTO_INCREMENT,
  `subject` varchar(150) NOT NULL,
  `file_name` varchar(150) NOT NULL,
  `rec_date` date NOT NULL,
  `officer` varchar(13) NOT NULL,
  PRIMARY KEY (`id`)
) ENGINE=MyISAM DEFAULT CHARSET=utf8 COLLATE=utf8_general_ci;

--
-- Dumping data for table `budget_document`
--


--
-- Table structure for table `budget_main`
--

CREATE TABLE `budget_main` (
  `id` int(11) NOT NULL AUTO_INCREMENT,
  `budget_year` int(11) NOT NULL,
  `doc` varchar(30) NOT NULL,
  `refer_wd_id` int(11) DEFAULT NULL,
  `type_id` int(11) NOT NULL,
  `item` varchar(100) NOT NULL,
  `receive_amount` double DEFAULT NULL,
  `pay_amount` double DEFAULT NULL,
  `payed_person` varchar(50) NOT NULL,
  `change_amount` double DEFAULT NULL,
  `pay_group` int(4) DEFAULT NULL,
  `status` tinyint(4) NOT NULL,
  `rec_date` date NOT NULL,
  `officer` varchar(13) DEFAULT NULL,
  PRIMARY KEY (`id`)
) ENGINE=MyISAM AUTO_INCREMENT=43 DEFAULT CHARSET=utf8 COLLATE=utf8_general_ci;

--
-- Dumping data for table `budget_main`
--

INSERT INTO `budget_main` VALUES (1,2558,'บร 9ก 160005 เลขที่ 2',NULL,112,'ค่ากระแสไฟฟ้า',5000,NULL,'',NULL,NULL,2,'2015-09-29','3341600065726'),(2,2558,'บร.9ก 1600ก เลขที่ 3',NULL,109,'ค่าจัดการเรียนการสอน',85350,NULL,'',NULL,NULL,2,'2015-09-29','3341600065726'),(3,2558,'บร. 9ก 16005 เลขที่ 3',NULL,115,'ค่าอุปกรณ์การเรียน',15285,NULL,'',NULL,NULL,2,'2015-09-29','3341600065726'),(4,2558,'บร. 9ก 16005 เลขที่ 3',NULL,117,'ค่ากิจกรรมพัฒนาคุณภาพผู้เรียน',21570,NULL,'',NULL,NULL,2,'2015-09-29','3341600065726'),(5,2558,'บร. 9ก 1600ก เลขที่ 4',NULL,101,'ค่าบริการร้านค้า  เดือน ธันวาคม 2557',3000,NULL,'',NULL,NULL,1,'2015-09-29','3341600065726'),(6,2558,'บร. 9ก 16005 เลขที่ 5',NULL,101,'ค่าบริการร้านค้า เดือน มกราคม 2558',1500,NULL,'',NULL,NULL,1,'2015-09-29','3341600065726'),(7,2558,'บร.9ก 16005 เลขที่ 6',NULL,118,'เงินสนับสนุนโครงการอาหารกลางวันโรงเรียนบ้านหนองแปน',147000,NULL,'',NULL,NULL,2,'2015-09-29','3341600065726'),(8,2558,'บร. 9ก เลขที่ 7',NULL,112,'ค่าสนับสนุนการศึกษางบเงินอุดหนุนปัจจัยพื้นฐานสำหรับนักเรียนยากจน ภาค 2/2557',18000,NULL,'',NULL,NULL,2,'2015-09-29','3341600065726'),(11,2558,'บร. 9ก 16005 เลขที่ 9',NULL,109,'ค่าจัดการเรียนการสอน ระดับประถมศึกษา ระดับก่อนประถม (ภาค 1/2558    70%)',98250,NULL,'',NULL,NULL,2,'2015-09-29','3341600065726'),(10,2558,'บร.9ก 16005 เลขที่ 8',NULL,109,'เงินอุดหนุนรายหัวระดับประถมศึกษา และระดับก่อนประถมศึกษา ภาค 2/2558 (30%)',51375,NULL,'',NULL,NULL,2,'2015-09-29','3341600065726'),(14,2558,'บร. 9ก 16005 เลขที่ 9',NULL,116,'ค่าเครื่องแบบนักเรียน',36480,NULL,'',NULL,NULL,2,'2015-09-29','3341600065726'),(13,2558,'บร. 9ก 16005 เลขที่ 9',NULL,114,'ค่าหนังสือเรียน',55753,NULL,'',NULL,NULL,2,'2015-09-29','3341600065726'),(15,2558,'บร. 9ก 16005 เลขที่ 9',NULL,115,'ค่าอุปกรณ์การเรียน',17653,NULL,'',NULL,NULL,2,'2015-09-29','3341600065726'),(16,2558,'บร. 9ก 16005 เลขที่ 9',NULL,117,'ค่ากิจกรรมพัฒนาคุณภาพผู้เรียน',24830,NULL,'',NULL,NULL,2,'2015-09-29','3341600065726'),(17,2558,'บร. 9ก 16005 เลขที่ 10',NULL,101,'ค่าเช่าที่จัดงานเลี้ยงของพนักงานบริษัทอุบลไบโอเอทานอล',3000,NULL,'',NULL,NULL,1,'2015-09-29','3341600065726'),(18,2558,'บร. 9ก 16005 เลขที่ 11',NULL,101,'ค่าขายแบบรูปรายการปรับปรุงซ่อมแซมอาคารเอนกประสงค์ โรงเรียนบ้านหนองแปน  หจก.ปัญญา',1000,NULL,'',NULL,NULL,1,'2015-09-29','3341600065726'),(19,2558,'บร. 9ก 16005 เลขที่ 12',NULL,101,'ค่าขายแบบรูปรายการปรับปรุงซ่อมแซมอาคารเอนกประสงค์ โรงเรียนบ้านหนองแปน  หจก.ฤทธิ์รุ่งเรือง',1000,NULL,'',NULL,NULL,1,'2015-09-29','3341600065726'),(20,2558,'บร. 9ก 16005 เลขที่ 13',NULL,101,'ค่าบริการร้านค้า  เดือน กุมภาพันธ์  2558',1500,NULL,'',NULL,NULL,1,'2015-09-29','3341600065726'),(21,2558,'บร. 9ก 16005 เลขที่ 16',NULL,112,'ค่ากระแสไฟฟ้า',5000,NULL,'',NULL,NULL,2,'2015-09-29','3341600065726'),(22,2558,'บร. 9ก 16005 เลขที่ 17',NULL,101,'เงินค่าบริการร้านค้า เดือนกุมภาพันธ์ และมีนาคม 2558',3000,NULL,'',NULL,NULL,1,'2015-09-29','3341600065726'),(23,2558,'บร. 9ก 16005 เลขที่ 18',NULL,118,'เงินอุดหนุนโครงการอาหารกลางวัน โรงเรียนบ้านหนองแปน ภาค 2/ 2557 จำนวน 50 วัน',147000,NULL,'',NULL,NULL,2,'2015-09-29','3341600065726'),(24,2558,'บร. 9ก 16005 เลขที่ 19',NULL,102,'เงินบริจาค คุณอรุณศรี เกลี้ยงสะอาด ค่าสนับสนุนการศึกษาเพื่อต่อเติมห้องเรียนระดับปฐมวัย',5000,NULL,'',NULL,NULL,1,'2015-09-29','3341600065726'),(25,2558,'บร. 9ก 16005 เลขที่ 21',NULL,102,'เงินบริจาค ผอ.ภัสนันท์ ดุจดา เพื่อสนับสนุนการจัดการศึกษา',10500,NULL,'',NULL,NULL,1,'2015-09-29','3341600065726'),(26,2558,'บร. 9ก 16005 เลขที่ 22',NULL,102,'ค่าบริจาค จากบริษัทอุบลไบโอเอทานอล เพื่อสนับสนุนเพื่อจัดการศึกษา',5000,NULL,'',NULL,NULL,1,'2015-09-29','3341600065726'),(27,2558,'บร. 9ก 16005 เลขที่ 23',NULL,114,'เงินอุดหนุนค่าใช้จ่าย ภาคเรียน 1/2558',12524,NULL,'',NULL,NULL,2,'2015-09-29','3341600065726'),(28,2558,'บร. 9ก 16005 เลขที่ 23',NULL,109,'ค่าจัดการเรียนการสอน',18900,NULL,'',NULL,NULL,2,'2015-09-29','3341600065726'),(29,2558,'บร. 9ก 16005 เลขที่ 23',NULL,116,'ค่าเครื่องแบบนักเรียน',7140,NULL,'',NULL,NULL,2,'2015-09-29','3341600065726'),(30,2558,'บร. 9ก 16005 เลขที่ 23',NULL,115,'ค่าอุปกรณ์การเรียน',3805,NULL,'',NULL,NULL,2,'2015-09-29','3341600065726'),(31,2558,'บร. 9ก 16005 เลขที่ 23',NULL,117,'ค่ากิจกรรมพัฒนาคุณภาพผู้เรียน',4775,NULL,'',NULL,NULL,2,'2015-09-29','3341600065726'),(32,2558,'บร. 9ก 16005 เลขที่ 24',NULL,112,'เงินปัจจัยพื้นฐานนักเรียนยากจน',18500,NULL,'',NULL,NULL,2,'2015-09-29','3341600065726'),(33,2558,'บร. 9ก 16005 เลขที่ 25',NULL,118,'เงินโครงการพัฒนาระบบสุขาภิบาลอาหารที่ดีในโรงเรียนประถมศึกษา ปีงบประมาณ 2558',75000,NULL,'',NULL,NULL,2,'2015-09-29','3341600065726'),(34,2558,'บร. 9ก 16005 เลขที่ 26',NULL,118,'เงินอุดหนุนอาหารกลางวันประจำภาคเรียนที่ 1/2558 (50 วัน)',147000,NULL,'',NULL,NULL,2,'2015-09-29','3341600065726'),(35,2558,'บร. 9ก 16005 เลขที่ 27',NULL,112,'ค่าไฟฟ้า',30000,NULL,'',NULL,NULL,2,'2015-09-29','3341600065726'),(36,2563,'บช 018502741306',NULL,118,'จัดทำอาหารกลางวัน',238000,NULL,'',NULL,NULL,2,'2020-11-14','3349700062157'),(37,2564,'บท 1/64',NULL,118,'ยอดยกมา',393026.83,NULL,'',NULL,NULL,2,'2020-10-01','1341000062525'),(38,2564,'บท 1/64',NULL,118,'ยอดยกมา',9920,NULL,'',NULL,NULL,1,'2020-10-01','1341000062525'),(39,2564,'บร 111ก 423/1',NULL,118,'รับเงินอาหารกลางวันจาก อบต.นาดี',119000,NULL,'',NULL,NULL,2,'2020-11-14','1341000062525'),(40,2564,'บท 1/64',NULL,112,'ยอดยกมา',0,NULL,'',NULL,NULL,2,'2020-10-01','1341000062525'),(41,2564,'บท 3/64',NULL,118,'ถอนเงินผ่านธนาคารเป็นเงินสด',NULL,NULL,'',19200,NULL,7,'2020-10-07','1341000062525'),(42,2564,'บค 1/64',1,118,'ขอเบิกเงินอาหารกลางวัน 8 วัน',NULL,19200,'นางสาวณัฐธิดา เชี่ยวชาญ',NULL,203,3,'2020-10-01','1341000062525');

--
-- Table structure for table `budget_money_return`
--

CREATE TABLE `budget_money_return` (
  `id` int(11) NOT NULL AUTO_INCREMENT,
  `budget_year` int(11) DEFAULT NULL,
  `document` varchar(30) NOT NULL DEFAULT '',
  `item` varchar(100) NOT NULL DEFAULT '',
  `pj_activity` varchar(20) NOT NULL DEFAULT '',
  `money` double NOT NULL DEFAULT 0,
  `pay_type` varchar(10) NOT NULL,
  `p_request` varchar(13) NOT NULL DEFAULT '',
  `officer` varchar(13) NOT NULL DEFAULT '',
  `rec_date` date NOT NULL,
  PRIMARY KEY (`id`)
) ENGINE=MyISAM DEFAULT CHARSET=utf8 COLLATE=utf8_general_ci;

--
-- Dumping data for table `budget_money_return`
--


--
-- Table structure for table `budget_pay_type`
--

CREATE TABLE `budget_pay_type` (
  `id` int(11) NOT NULL AUTO_INCREMENT,
  `pay_type_id` int(11) NOT NULL,
  `pay_group_id` tinyint(4) NOT NULL,
  `pay_type_name` varchar(30) NOT NULL,
  PRIMARY KEY (`id`),
  UNIQUE KEY `pay_type_id` (`pay_type_id`)
) ENGINE=MyISAM AUTO_INCREMENT=16 DEFAULT CHARSET=utf8 COLLATE=utf8_general_ci;

--
-- Dumping data for table `budget_pay_type`
--

INSERT INTO `budget_pay_type` VALUES (1,101,1,'เงินเดือน'),(15,102,1,'ค่าจ้างประจำ'),(3,103,1,'ค่าจ้างชั่วคราว'),(4,104,1,'ค่าตอบแทนพนักงานราชการ'),(5,201,2,'ค่าตอบแทน'),(6,202,2,'ค่าใช้สอย'),(7,203,2,'ค่าวัสดุ'),(8,204,2,'ค่าสาธารณูปโภค'),(9,301,3,'ค่าครุภัณฑ์'),(10,302,3,'ค่าที่ดินและสิ่งก่อสร้าง');

--
-- Table structure for table `budget_permission`
--

CREATE TABLE `budget_permission` (
  `id` int(11) NOT NULL AUTO_INCREMENT,
  `person_id` varchar(13) NOT NULL,
  `p1` tinyint(4) NOT NULL,
  `p2` tinyint(4) NOT NULL,
  `p3` tinyint(4) NOT NULL,
  `p4` tinyint(4) NOT NULL,
  `officer` varchar(13) NOT NULL,
  `rec_date` date NOT NULL,
  PRIMARY KEY (`id`)
) ENGINE=MyISAM AUTO_INCREMENT=10 DEFAULT CHARSET=utf8 COLLATE=utf8_general_ci;

--
-- Dumping data for table `budget_permission`
--

INSERT INTO `budget_permission` VALUES (2,'3349700062157',1,1,1,1,'3341600065726','2015-09-29'),(9,'1341900109994',1,1,1,1,'3349700062157','2020-11-14'),(5,'1341000062525',1,1,1,1,'3349700062157','2020-11-14'),(7,'3469900149191',1,1,1,1,'3349700062157','2020-11-14');

--
-- Table structure for table `budget_project`
--

CREATE TABLE `budget_project` (
  `id` int(11) NOT NULL AUTO_INCREMENT,
  `budget_year` int(11) NOT NULL,
  `code` varchar(16) NOT NULL DEFAULT '',
  `name` varchar(80) NOT NULL DEFAULT '',
  PRIMARY KEY (`id`)
) ENGINE=MyISAM DEFAULT CHARSET=utf8 COLLATE=utf8_general_ci;

--
-- Dumping data for table `budget_project`
--


--
-- Table structure for table `budget_receive`
--

CREATE TABLE `budget_receive` (
  `id` int(11) NOT NULL AUTO_INCREMENT,
  `budget_year` int(11) NOT NULL,
  `num` float NOT NULL DEFAULT 0,
  `book_number` varchar(30) NOT NULL DEFAULT '',
  `out_date` varchar(50) NOT NULL DEFAULT '',
  `book_ref` varchar(30) NOT NULL DEFAULT '',
  `plan` char(1) NOT NULL DEFAULT '',
  `project` varchar(16) NOT NULL DEFAULT '',
  `activity` varchar(50) NOT NULL DEFAULT '',
  `activity2` varchar(200) NOT NULL DEFAULT '',
  `m_source` varchar(7) NOT NULL DEFAULT '',
  `account` varchar(30) NOT NULL DEFAULT '',
  `m_pay` char(3) NOT NULL DEFAULT '',
  `item` varchar(250) NOT NULL DEFAULT '',
  `detail` varchar(250) NOT NULL DEFAULT '',
  `money` double NOT NULL DEFAULT 0,
  `rec_date` date DEFAULT NULL,
  `officer` varchar(13) NOT NULL DEFAULT '',
  PRIMARY KEY (`id`),
  UNIQUE KEY `num` (`num`)
) ENGINE=MyISAM DEFAULT CHARSET=utf8 COLLATE=utf8_general_ci;

--
-- Dumping data for table `budget_receive`
--


--
-- Table structure for table `budget_type`
--

CREATE TABLE `budget_type` (
  `id` int(11) NOT NULL AUTO_INCREMENT,
  `type_id` int(11) NOT NULL,
  `category_id` int(11) NOT NULL,
  `type_name` varchar(70) NOT NULL,
  PRIMARY KEY (`id`),
  UNIQUE KEY `type_id` (`type_id`)
) ENGINE=MyISAM AUTO_INCREMENT=51 DEFAULT CHARSET=utf8 COLLATE=utf8_general_ci;

--
-- Dumping data for table `budget_type`
--

INSERT INTO `budget_type` VALUES (1,101,1,'เงินรายได้สถานศึกษา'),(2,102,1,'เงินบริจาค'),(33,103,1,'เงินภาษีหัก ณ ที่จ่าย'),(4,104,1,'เงินลูกเสือ'),(7,107,1,'เงินประกันสัญญา'),(8,108,1,'เงินอุดหนุนทั่วไป(ค่าใช้จ่ายรายหัวก่อนประถมศึกษา)'),(47,119,1,'เงินบริจาคมีวัตถุประสงค์'),(38,304,3,'รายได้เบ็ดเตล็ดอื่น'),(14,301,3,'ค่าขายของเบ็ดเตล็ด'),(36,302,3,'ค่าธรรมเนียมเบ็ดเตล็ด'),(37,303,3,'เงินเหลือจ่ายปีเก่าส่งคืน'),(29,109,1,'เงินอุดหนุนทั่วไป(ค่าใช้จ่ายรายหัวประถมศึกษา)'),(23,112,1,'เงินอุดหนุนทั่วไป(ปัจจัยพื้นฐานนักเรียนยากจนประถมศึกษา)'),(25,114,1,'เรียนฟรี15ปี(ค่าหนังสือเรียน)'),(26,115,1,'เรียนฟรี15ปี(ค่าอุปกรณ์การเรียน)'),(27,116,1,'เรียนฟรี15ปี(ค่าเครื่องแบบนักเรียน)'),(28,117,1,'เรียนฟรี15ปี(ค่ากิจกรรมพัฒนาผู้เรียน)'),(35,118,1,'เงินอาหารกลางวัน'),(49,121,1,'เงินส่งเสริมผลผลิตเพื่ออาหารกลางวัน'),(50,122,1,'เงิน กสศ.เพื่อโรงเรียนบ้านหนองแปน');

--
-- Table structure for table `budget_withdraw`
--

CREATE TABLE `budget_withdraw` (
  `id` int(11) NOT NULL AUTO_INCREMENT,
  `budget_year` int(11) DEFAULT NULL,
  `document` varchar(30) NOT NULL DEFAULT '',
  `item` varchar(100) NOT NULL DEFAULT '',
  `pj_activity` varchar(20) NOT NULL DEFAULT '',
  `money` double NOT NULL DEFAULT 0,
  `money_type` varchar(3) NOT NULL,
  `pay_type` varchar(10) NOT NULL,
  `p_request` varchar(50) NOT NULL,
  `status` tinyint(4) DEFAULT 0,
  `officer` varchar(13) NOT NULL DEFAULT '',
  `rec_date` date NOT NULL,
  `borrowed_rec_date` date NOT NULL,
  `withdraw_rec_date` date NOT NULL,
  PRIMARY KEY (`id`)
) ENGINE=MyISAM AUTO_INCREMENT=2 DEFAULT CHARSET=utf8 COLLATE=utf8_general_ci;

--
-- Dumping data for table `budget_withdraw`
--

INSERT INTO `budget_withdraw` VALUES (1,2564,'บท 1/64','ขอเบิกเงินอาหารกลางวัน 8 วัน','001001',19200,'118','203','นางสาวณัฐธิดา เชี่ยวชาญ',1,'1341000062525','2020-10-07','2020-10-07','2020-10-07');

--
-- Table structure for table `budget_year`
--

CREATE TABLE `budget_year` (
  `id` int(11) NOT NULL AUTO_INCREMENT,
  `budget_year` int(11) NOT NULL,
  `year_active` tinyint(1) NOT NULL,
  PRIMARY KEY (`id`),
  UNIQUE KEY `budget_year` (`budget_year`)
) ENGINE=MyISAM AUTO_INCREMENT=9 DEFAULT CHARSET=utf8 COLLATE=utf8_general_ci;

--
-- Dumping data for table `budget_year`
--

INSERT INTO `budget_year` VALUES (3,2559,0),(2,2558,0),(4,2563,0),(5,2561,0),(6,2560,0),(7,2562,0),(8,2564,1);

--
-- Table structure for table `cabinet_cabinet`
--

CREATE TABLE `cabinet_cabinet` (
  `id` int(11) NOT NULL AUTO_INCREMENT,
  `cabinet_id` int(11) NOT NULL,
  `cabinet_type` tinyint(4) NOT NULL,
  `cabinet_name` varchar(100) NOT NULL,
  `cabinet_size` double NOT NULL,
  `tray_size` double NOT NULL,
  `cabinet_person` varchar(13) NOT NULL,
  PRIMARY KEY (`id`),
  UNIQUE KEY `cabinet_id` (`cabinet_id`)
) ENGINE=MyISAM DEFAULT CHARSET=utf8 COLLATE=utf8_general_ci;

--
-- Dumping data for table `cabinet_cabinet`
--


--
-- Table structure for table `cabinet_file`
--

CREATE TABLE `cabinet_file` (
  `id` int(11) NOT NULL AUTO_INCREMENT,
  `file_id` int(11) NOT NULL,
  `tray_id` bigint(11) NOT NULL,
  `cabinet_id` int(11) NOT NULL,
  `file_name` varchar(100) NOT NULL,
  PRIMARY KEY (`id`)
) ENGINE=MyISAM DEFAULT CHARSET=utf8 COLLATE=utf8_general_ci;

--
-- Dumping data for table `cabinet_file`
--


--
-- Table structure for table `cabinet_main`
--

CREATE TABLE `cabinet_main` (
  `id` int(11) NOT NULL AUTO_INCREMENT,
  `file_id` int(11) NOT NULL,
  `tray_id` bigint(11) NOT NULL,
  `cabinet_id` int(11) NOT NULL,
  `cabinet_type` tinyint(4) NOT NULL,
  `doc_subject` varchar(150) NOT NULL,
  `doc_size` double NOT NULL,
  `doc_name` varchar(100) NOT NULL,
  `doc_type` varchar(10) NOT NULL,
  `status` tinyint(4) NOT NULL DEFAULT 0,
  `person_id` varchar(13) NOT NULL,
  `rec_date` datetime NOT NULL,
  PRIMARY KEY (`id`)
) ENGINE=MyISAM DEFAULT CHARSET=utf8 COLLATE=utf8_general_ci;

--
-- Dumping data for table `cabinet_main`
--


--
-- Table structure for table `cabinet_permission`
--

CREATE TABLE `cabinet_permission` (
  `id` int(11) NOT NULL AUTO_INCREMENT,
  `person_id` varchar(13) NOT NULL,
  `p1` tinyint(4) DEFAULT NULL,
  `officer` varchar(13) NOT NULL,
  `rec_date` date NOT NULL,
  PRIMARY KEY (`id`),
  UNIQUE KEY `person_id` (`person_id`)
) ENGINE=MyISAM AUTO_INCREMENT=10 DEFAULT CHARSET=utf8 COLLATE=utf8_general_ci;

--
-- Dumping data for table `cabinet_permission`
--

INSERT INTO `cabinet_permission` VALUES (1,'1839900131623',0,'3340101288044','2015-01-07'),(2,'3490300234784',0,'3340101288044','2015-01-07'),(3,'3349700062157',0,'3340101288044','2015-01-07'),(4,'3341600065726',0,'3340101288044','2015-01-07'),(5,'3340101288044',0,'3340101288044','2015-01-07'),(6,'3349900343044',0,'3340101288044','2015-01-07'),(7,'3340101288028',0,'3340101288044','2015-01-07'),(8,'3340101302136',0,'3340101288044','2015-01-07'),(9,'1341500162243',0,'3340101288044','2015-01-07');

--
-- Table structure for table `cabinet_tray`
--

CREATE TABLE `cabinet_tray` (
  `id` int(11) NOT NULL AUTO_INCREMENT,
  `tray_id` bigint(20) NOT NULL,
  `cabinet_id` int(11) NOT NULL,
  `tray_name` varchar(100) NOT NULL,
  PRIMARY KEY (`id`)
) ENGINE=MyISAM DEFAULT CHARSET=utf8 COLLATE=utf8_general_ci;

--
-- Dumping data for table `cabinet_tray`
--


--
-- Table structure for table `delegate_main`
--

CREATE TABLE `delegate_main` (
  `id` int(11) NOT NULL AUTO_INCREMENT,
  `person_id` varchar(13) NOT NULL,
  `start` date NOT NULL,
  `finish` date NOT NULL,
  `remark` varchar(250) NOT NULL,
  `officer` varchar(13) NOT NULL,
  `rec_date` date NOT NULL,
  PRIMARY KEY (`id`)
) ENGINE=MyISAM AUTO_INCREMENT=3 DEFAULT CHARSET=utf8 COLLATE=utf8_general_ci;

--
-- Dumping data for table `delegate_main`
--

INSERT INTO `delegate_main` VALUES (2,'3340101288044','2021-10-01','2023-10-01','','3340101288044','2023-09-15');

--
-- Table structure for table `delegate_permission`
--

CREATE TABLE `delegate_permission` (
  `id` int(11) NOT NULL AUTO_INCREMENT,
  `person_id` varchar(13) NOT NULL,
  `p1` tinyint(4) NOT NULL,
  `officer` varchar(13) NOT NULL,
  `rec_date` date NOT NULL,
  PRIMARY KEY (`id`)
) ENGINE=MyISAM AUTO_INCREMENT=2 DEFAULT CHARSET=utf8 COLLATE=utf8_general_ci;

--
-- Dumping data for table `delegate_permission`
--

INSERT INTO `delegate_permission` VALUES (1,'1341900109994',1,'3349700062157','2021-08-02');

--
-- Table structure for table `health_age_height`
--

CREATE TABLE `health_age_height` (
  `id` int(11) NOT NULL AUTO_INCREMENT,
  `type` tinyint(4) NOT NULL DEFAULT 1,
  `sex` tinyint(4) NOT NULL DEFAULT 2,
  `age` double NOT NULL,
  `height_1` double NOT NULL,
  `height_2` double NOT NULL,
  `height_3` double NOT NULL,
  `height_4` double NOT NULL,
  PRIMARY KEY (`id`)
) ENGINE=MyISAM AUTO_INCREMENT=63 DEFAULT CHARSET=utf8 COLLATE=utf8_general_ci;

--
-- Dumping data for table `health_age_height`
--

INSERT INTO `health_age_height` VALUES (1,0,1,1,70,71.5,80,81),(2,0,1,1.25,72.5,73.5,83.5,85),(3,0,1,1.5,75,77,86.5,88),(4,0,1,1.75,77.5,79.5,89.5,91),(5,0,1,2,80,81.5,92,93.5),(6,0,1,2.25,82,84,94,96),(7,0,1,2.5,83.5,84.5,96.5,98),(8,0,1,2.75,85.5,87.5,98.5,100),(9,0,1,3,87,89.5,100.5,102),(10,0,1,3.25,89,91,102.5,104),(11,0,1,3.5,90.5,93,104.5,106),(12,0,1,3.75,92,94.5,106.5,108),(13,0,1,4,93.5,96,108,110),(14,0,1,4.25,95,96.5,110,112),(15,0,1,4.5,97,99,112,113.5),(16,0,1,4.75,98.5,100.5,113.5,115),(17,0,1,5,100,102,115,117.7),(18,0,2,1,67,69,79,80.5),(19,0,2,1.25,70,72,82.5,84.5),(20,0,2,1.5,73,74.5,85,87.5),(21,0,2,1.75,75.5,77,88,89.5),(22,0,2,2,78,79.5,90.5,92),(23,0,2,2.25,80,82,92.5,94.5),(24,0,2,2.5,82,84,95,96.5),(25,0,2,2.75,84,86,97,98.5),(26,0,2,3,85.5,88,99,100.5),(27,0,2,3.25,87.5,89.5,100.5,102.5),(28,0,2,3.5,89,91.5,102.5,104.5),(29,0,2,3.75,90.5,93,104.5,106),(30,0,2,4,92.5,94.5,106.5,108.5),(31,0,2,4.25,94,96,108.5,110.5),(32,0,2,4.5,95.5,98,110.5,112.5),(33,0,2,4.75,97.5,99.5,112.5,114),(34,0,2,5,99,101,114,116),(35,1,1,5,100,102,115,117.5),(36,1,1,6,105.5,107.5,121.5,123.5),(37,1,1,7,110.5,113,127.5,130),(38,1,1,8,114.5,117.5,133.5,136),(39,1,1,9,119,122,138,141),(40,1,1,10,123.5,126.5,143.5,145.5),(41,1,1,11,127.5,130.5,149.5,153),(42,1,1,12,131.5,135,157,161),(43,1,1,13,135,139,162,166),(44,1,1,14,143,147.5,170,173),(45,1,1,15,149.5,153.5,173,176.5),(46,1,1,16,155,158.5,176,178.5),(47,1,1,17,157.5,160.5,177,179.5),(48,1,1,18,158.5,161.5,177.5,180),(49,1,2,5,99,101,114,116),(50,1,2,6,105,107.5,120.5,123),(51,1,2,7,109.5,112.5,126.5,129),(52,1,2,8,114.5,117,132.5,135),(53,1,2,9,119,122,139,142),(54,1,2,10,124,127,146,149.5),(55,1,2,11,129.5,133,152.5,155.5),(56,1,2,12,135.5,138.5,157,159.5),(57,1,2,13,140.5,143.5,160,162.5),(58,1,2,14,144.5,147,162,164.5),(59,1,2,15,146,148,163.5,166),(60,1,2,16,146.5,149,164,166.5),(61,1,2,17,147,149,164,166.5),(62,1,2,18,147,149.5,164,166.5);

--
-- Table structure for table `health_age_weight`
--

CREATE TABLE `health_age_weight` (
  `id` int(11) NOT NULL AUTO_INCREMENT,
  `type` tinyint(4) NOT NULL DEFAULT 1,
  `sex` tinyint(4) NOT NULL DEFAULT 2,
  `age` double NOT NULL,
  `weight_1` double NOT NULL,
  `weight_2` double NOT NULL,
  `weight_3` double NOT NULL,
  `weight_4` double NOT NULL,
  PRIMARY KEY (`id`)
) ENGINE=MyISAM AUTO_INCREMENT=63 DEFAULT CHARSET=utf8 COLLATE=utf8_general_ci;

--
-- Dumping data for table `health_age_weight`
--

INSERT INTO `health_age_weight` VALUES (1,0,1,1,7.8,8.3,11.5,11.5),(2,0,1,1.25,8.5,9,12,12.5),(3,0,1,1.5,8.9,9.4,12.9,13.5),(4,0,1,1.75,9.4,10,13.7,14.4),(5,0,1,2,9.8,10.5,14.5,15.2),(6,0,1,2.25,10.2,11,15,15.8),(7,0,1,2.5,10.6,11.4,15.8,16.7),(8,0,1,2.75,11,11.8,16.6,17.4),(9,0,1,3,11.4,12.2,17.3,18.2),(10,0,1,3.25,11.7,12.6,18,19),(11,0,1,3.5,12,12.8,18.7,19.8),(12,0,1,3.75,12.4,13.3,19.3,20.6),(13,0,1,4,12.7,13.6,20,21.3),(14,0,1,4.25,13.2,13.9,20.7,22),(15,0,1,4.5,13.4,14.3,21.3,22.7),(16,0,1,4.75,13.8,14.6,21.9,23.7),(17,0,1,5,14,15,23,24),(18,0,2,1,7.3,7.7,10.5,11),(19,0,2,1.25,7.8,8.3,11.3,11.9),(20,0,2,1.5,8.3,8.8,12,12.8),(21,0,2,1.75,8.8,9.3,12.9,13.6),(22,0,2,2,9,9.8,13.6,14.4),(23,0,2,2.25,9.5,10.2,14.4,15.2),(24,0,2,2.5,9.8,10.7,15.2,15.9),(25,0,2,2.75,10.3,11.2,15.9,16.9),(26,0,2,3,10.7,11.5,16.6,17.4),(27,0,2,3.25,11.2,11.9,17.3,18.2),(28,0,2,3.5,11.5,12.3,17.9,18.9),(29,0,2,3.75,11.8,12.7,18.5,19.7),(30,0,2,4,12.2,13,19.3,20.5),(31,0,2,4.25,12.4,13.4,19.7,21),(32,0,2,4.5,12.8,13.7,20.3,21.7),(33,0,2,4.75,13,13.9,20.9,22.3),(34,0,2,5,13.5,14,22,23.5),(35,1,1,5,14,15,23,24),(36,1,1,6,15.5,16.5,25.5,27),(37,1,1,7,17,18.5,28.5,31),(38,1,1,8,18.5,20,32,35),(39,1,1,9,20,21.5,36,39.5),(40,1,1,10,21.5,23.5,40.5,44.5),(41,1,1,11,23,25.5,45,49.5),(42,1,1,12,25.5,28,50,54.5),(43,1,1,13,28,31.5,54.5,58.5),(44,1,1,14,32,35.5,58.5,63.5),(45,1,1,15,36.5,40,62,65.5),(46,1,1,16,40.5,44,64,67.5),(47,1,1,17,43,46,66,69),(48,1,1,18,45,48,67,70),(49,1,2,5,13.5,14,22,23.5),(50,1,2,6,15,16,24.5,26.5),(51,1,2,7,16.5,17.5,28.5,31),(52,1,2,8,17.5,19,32.5,35.5),(53,1,2,9,19.5,21,37.5,41),(54,1,2,10,21.5,23.5,42,46),(55,1,2,11,23.5,26,46.5,50.5),(56,1,2,12,26.5,29,50,54),(57,1,2,13,29.5,33,53,55.5),(58,1,2,14,33.5,36.5,55,58.5),(59,1,2,15,36.5,38.5,56.5,59.5),(60,1,2,16,37.5,40,57,60),(61,1,2,17,38,41,57.5,60.5),(62,1,2,18,38.5,41,57.5,60.5);

--
-- Table structure for table `health_base`
--

CREATE TABLE `health_base` (
  `base_id` int(5) NOT NULL AUTO_INCREMENT,
  `study_year` int(5) NOT NULL,
  `term` int(3) NOT NULL,
  `status` int(2) NOT NULL,
  PRIMARY KEY (`base_id`)
) ENGINE=MyISAM AUTO_INCREMENT=10 DEFAULT CHARSET=utf8 COLLATE=utf8_general_ci;

--
-- Dumping data for table `health_base`
--

INSERT INTO `health_base` VALUES (1,2557,1,0),(2,2557,1,0),(3,2557,1,0),(4,2558,1,0),(5,2559,1,0),(6,2563,1,0),(7,2566,1,0),(8,2567,1,0),(9,2568,1,1);

--
-- Table structure for table `health_checking`
--

CREATE TABLE `health_checking` (
  `check_id` int(11) NOT NULL AUTO_INCREMENT,
  `student_id` int(11) NOT NULL,
  `student_number` varchar(13) NOT NULL,
  `year_std` varchar(5) NOT NULL,
  `term_std` varchar(3) NOT NULL,
  `class_now` tinyint(4) NOT NULL,
  `room` tinyint(4) NOT NULL,
  `number_check` int(5) NOT NULL,
  `gum` varchar(100) NOT NULL,
  `iodine` varchar(100) NOT NULL,
  `tooth` varchar(100) NOT NULL,
  `weight` varchar(10) NOT NULL,
  `tall` varchar(10) NOT NULL,
  `comment` text NOT NULL,
  `day` datetime NOT NULL,
  `usenull` text DEFAULT NULL,
  `life` varchar(10) NOT NULL,
  `push` varchar(10) NOT NULL,
  `sit` varchar(10) NOT NULL,
  `roll` varchar(10) NOT NULL,
  `run` varchar(10) NOT NULL,
  `person_check` varchar(255) NOT NULL,
  PRIMARY KEY (`check_id`)
) ENGINE=MyISAM AUTO_INCREMENT=183 DEFAULT CHARSET=utf8 COLLATE=utf8_general_ci;

--
-- Dumping data for table `health_checking`
--

INSERT INTO `health_checking` VALUES (1,904,'0','2557','1',8,1,1,'ไม่มี','ปกติ','ไม่ผุ','44','154','','2557-09-18 09:15:39','','','','','','','3469900149191'),(2,914,'0','2557','1',8,1,1,'ไม่มี','ปกติ','ผุ','30','135','','2557-09-29 01:59:40','','','','','','','3469900149191'),(3,986,'0','2557','1',8,1,1,'ไม่มี','ปกติ','ผุ','40','140','','2557-09-29 02:05:26','','','','','','','3469900149191'),(4,923,'0','2557','1',8,1,1,'ไม่มี','ปกติ','ผุ','30','140','','2557-09-29 02:06:29','','','','','','','3469900149191'),(5,1060,'0','2557','1',8,1,1,'ไม่มี','ปกติ','ไม่ผุ','23','124','','2557-09-18 10:29:44','','','','','','','3469900149191'),(6,920,'0','2557','1',8,1,1,'ไม่มี','ปกติ','ผุ','27','140','','2557-09-29 02:07:13','','','','','','','3469900149191'),(7,918,'0','2557','1',8,1,1,'ไม่มี','ปกติ','ผุ','32','137','','2557-09-29 02:08:17','','','','','','','3469900149191'),(8,985,'0','2557','1',8,1,1,'ไม่มี','ปกติ','ไม่ผุ','27','131','','2557-09-18 10:31:00','','','','','','','3469900149191'),(9,917,'0','2557','1',8,1,1,'ไม่มี','ปกติ','ไม่ผุ','33','137','','2557-09-18 10:31:20','','','','','','','3469900149191'),(10,984,'0','2557','1',8,1,1,'ไม่มี','ปกติ','ไม่ผุ','26','125','','2557-09-18 10:31:38','','','','','','','3469900149191'),(11,987,'0','2557','1',8,1,1,'ไม่มี','ปกติ','ผุ','35','144','','2557-09-29 02:07:58','','','','','','','3469900149191'),(12,916,'0','2557','1',8,1,1,'ไม่มี','ปกติ','ไม่ผุ','31','135','','2557-09-18 10:32:33','','','','','','','3469900149191'),(13,919,'0','2557','1',8,1,1,'ไม่มี','ปกติ','ผุ','35','141','','2557-09-29 02:06:49','','','','','','','3469900149191'),(14,915,'0','2557','1',8,1,1,'ไม่มี','ปกติ','ไม่ผุ','29','133','','2557-09-23 01:38:00','','','','','','','3469900149191'),(15,1058,'0','2557','1',7,1,1,'ไม่มี','ปกติ','ผุ','26','130','','2557-09-25 12:38:43','','','','','','','3340101302136'),(16,929,'0','2557','1',7,1,1,'ไม่มี','ปกติ','ผุ','26','130','','2557-09-25 12:39:41','','','','','','','3340101302136'),(17,988,'0','2557','1',7,1,1,'ไม่มี','ปกติ','ไม่ผุ','30','128','','2557-09-25 12:48:13','','','','','','','3340101302136'),(18,928,'0','2557','1',7,1,1,'ไม่มี','ปกติ','ไม่ผุ','29.5','130','','2557-09-25 12:50:04','','','','','','','3340101302136'),(19,934,'0','2557','1',7,1,1,'ไม่มี','ปกติ','ผุ','32','120','','2557-09-25 12:51:31','','','','','','','3340101302136'),(20,959,'0','2557','1',7,1,1,'ไม่มี','ปกติ','ไม่ผุ','48','146','','2557-09-25 12:51:48','','','','','','','3340101302136'),(21,937,'0','2557','1',7,1,1,'ไม่มี','ปกติ','ผุ','26','134','','2557-09-25 12:52:05','','','','','','','3340101302136'),(22,933,'0','2557','1',7,1,1,'ไม่มี','ปกติ','ผุ','25','126','','2557-09-25 12:52:29','','','','','','','3340101302136'),(23,1020,'0','2557','1',7,1,1,'ไม่มี','ปกติ','ไม่ผุ','34','132','','2557-09-25 12:52:51','','','','','','','3340101302136'),(24,936,'0','2557','1',7,1,1,'ไม่มี','ปกติ','ไม่ผุ','21.5','124','','2557-09-29 10:07:38','','','','','','','3340101302136'),(25,935,'0','2557','1',7,1,1,'ไม่มี','ปกติ','ผุ','34','140','','2557-09-29 10:08:13','','','','','','','3340101302136'),(26,1057,'0','2557','1',7,1,1,'ไม่มี','ปกติ','ผุ','29.5','137','','2557-09-29 10:08:57','','','','','','','3340101302136'),(27,932,'0','2557','1',7,1,1,'ไม่มี','ปกติ','ผุ','29.5','135','','2557-09-29 10:09:36','','','','','','','3340101302136'),(28,931,'0','2557','1',7,1,1,'ไม่มี','ปกติ','ผุ','27.5','134','','2557-09-29 10:10:18','','','','','','','3340101302136'),(29,992,'0','2557','1',7,1,1,'ไม่มี','ปกติ','ผุ','23.5','124','','2557-09-29 10:10:54','','','','','','','3340101302136'),(30,990,'0','2557','1',7,1,1,'ไม่มี','ปกติ','ผุ','29.5','136','','2557-09-30 09:21:33','','','','','','','3340101302136'),(31,962,'1','2557','1',4,1,1,'ไม่มี','ปกติ','ไม่ผุ','20','118','','2557-10-06 11:09:48','','','','','','','3340101288044'),(32,965,'2','2557','1',4,1,1,'ไม่มี','ปกติ','ไม่ผุ','19.5','119','','2557-10-06 11:11:09','','','','','','','3340101288044'),(33,966,'3','2557','1',4,1,1,'ไม่มี','ปกติ','ไม่ผุ','33','130','','2557-10-06 11:11:29','','','','','','','3340101288044'),(34,969,'4','2557','1',4,1,1,'ไม่มี','ปกติ','ไม่ผุ','22.5','118','','2557-10-06 11:11:52','','','','','','','3340101288044'),(35,971,'5','2557','1',4,1,1,'ไม่มี','ปกติ','ไม่ผุ','21.5','124','','2557-10-06 11:12:12','','','','','','','3340101288044'),(36,972,'6','2557','1',4,1,1,'ไม่มี','ปกติ','ไม่ผุ','26.5','120','','2557-10-06 11:12:35','','','','','','','3340101288044'),(37,1004,'7','2557','1',4,1,1,'ไม่มี','ปกติ','ไม่ผุ','18.5','115','','2557-10-06 11:12:51','','','','','','','3340101288044'),(38,1005,'8','2557','1',4,1,1,'ไม่มี','ปกติ','ไม่ผุ','18.5','115','','2557-10-06 11:13:19','','','','','','','3340101288044'),(39,1007,'9','2557','1',4,1,1,'ไม่มี','ปกติ','ไม่ผุ','19.5','121','','2557-10-06 11:13:48','','','','','','','3340101288044'),(40,1021,'10','2557','1',4,1,1,'ไม่มี','ปกติ','ไม่ผุ','23','118','','2557-10-06 11:14:09','','','','','','','3340101288044'),(41,1024,'11','2557','1',4,1,1,'ไม่มี','ปกติ','ไม่ผุ','17.5','110','','2557-10-06 11:14:40','','','','','','','3340101288044'),(42,960,'12','2557','1',4,1,1,'ไม่มี','ปกติ','ไม่ผุ','16','115','','2557-10-06 11:15:05','','','','','','','3340101288044'),(43,976,'13','2557','1',4,1,1,'ไม่มี','ปกติ','ไม่ผุ','17','114','','2557-10-06 11:15:26','','','','','','','3340101288044'),(44,1008,'15','2557','1',4,1,1,'ไม่มี','ปกติ','ไม่ผุ','19.5','119','','2557-10-06 11:16:06','','','','','','','3340101288044'),(45,981,'14','2557','1',4,1,1,'ไม่มี','ปกติ','ไม่ผุ','22.5','122','','2557-10-06 11:16:44','','','','','','','3340101288044'),(46,1010,'16','2557','1',4,1,1,'ไม่มี','ปกติ','ไม่ผุ','19.5','114','','2557-10-06 11:17:01','','','','','','','3340101288044'),(47,1013,'17','2557','1',4,1,1,'ไม่มี','ปกติ','ไม่ผุ','18.5','116','','2557-10-06 11:17:27','','','','','','','3340101288044'),(48,1069,'18','2557','1',4,1,1,'ไม่มี','ปกติ','ไม่ผุ','26','133','','2557-10-06 11:17:57','','','','','','','3340101288044'),(49,1086,'19','2557','1',4,1,1,'ไม่มี','ปกติ','ไม่ผุ','22.','117','','2557-10-06 11:18:17','','','','','','','3340101288044'),(50,963,'1','2557','1',5,1,1,'ไม่มี','ปกติ','ไม่ผุ','24','123','','2557-10-06 11:18:53','','','','','','','3340101288044'),(51,964,'2','2557','1',5,1,1,'ไม่มี','ปกติ','ไม่ผุ','24','118','','2557-10-06 11:19:13','','','','','','','3340101288044'),(52,1017,'3','2557','1',5,1,1,'ไม่มี','ปกติ','ไม่ผุ','24','124','','2557-10-06 11:19:33','','','','','','','3340101288044'),(53,973,'4','2557','1',5,1,1,'ไม่มี','ปกติ','ไม่ผุ','21','118','','2557-10-06 11:19:48','','','','','','','3340101288044'),(54,975,'5','2557','1',5,1,1,'ไม่มี','ปกติ','ไม่ผุ','19.5','120','','2557-10-06 11:20:03','','','','','','','3340101288044'),(55,982,'6','2557','1',5,1,1,'ไม่มี','ปกติ','ไม่ผุ','16.5','120','','2557-10-06 11:20:24','','','','','','','3340101288044'),(56,1068,'7','2557','1',5,1,1,'ไม่มี','ปกติ','ไม่ผุ','18.5','124','','2557-10-06 11:20:43','','','','','','','3340101288044'),(57,944,'1','2557','1',6,1,1,'ไม่มี','ปกติ','ไม่ผุ','20.5','128','','2557-10-06 11:21:25','','','','','','','3340101288044'),(58,945,'2','2557','1',6,1,1,'ไม่มี','ปกติ','ไม่ผุ','24.5','129','','2557-10-06 11:21:53','','','','','','','3340101288044'),(59,946,'3','2557','1',6,1,1,'ไม่มี','ปกติ','ไม่ผุ','27','130','','2557-10-06 11:22:11','','','','','','','3340101288044'),(60,947,'4','2557','1',6,1,1,'ไม่มี','ปกติ','ไม่ผุ','24.5','132','','2557-10-06 11:22:28','','','','','','','3340101288044'),(61,948,'5','2557','1',6,1,1,'ไม่มี','ปกติ','ไม่ผุ','34','137','','2557-10-06 11:22:47','','','','','','','3340101288044'),(62,950,'6','2557','1',6,1,1,'ไม่มี','ปกติ','ไม่ผุ','21.5','125','','2557-10-06 11:23:12','','','','','','','3340101288044'),(63,993,'7','2557','1',6,1,1,'ไม่มี','ปกติ','ไม่ผุ','22','129','','2557-10-06 11:23:33','','','','','','','3340101288044'),(64,994,'8','2557','1',6,1,1,'ไม่มี','ปกติ','ไม่ผุ','19.5','126','','2557-10-06 11:24:00','','','','','','','3340101288044'),(65,1018,'9','2557','1',6,1,1,'ไม่มี','ปกติ','ไม่ผุ','25','129','','2557-10-06 11:24:18','','','','','','','3340101288044'),(66,1062,'10','2557','1',6,1,1,'ไม่มี','ปกติ','ไม่ผุ','27.5','131','','2557-10-06 11:25:08','','','','','','','3340101288044'),(67,1063,'11','2557','1',6,1,1,'ไม่มี','ปกติ','ไม่ผุ','23.5','136','','2557-10-06 11:25:27','','','','','','','3340101288044'),(68,1064,'12','2557','1',6,1,1,'ไม่มี','ปกติ','ไม่ผุ','27.5','133','','2557-10-06 11:25:46','','','','','','','3340101288044'),(69,951,'13','2557','1',6,1,1,'ไม่มี','ปกติ','ไม่ผุ','27.5','132','','2557-10-06 11:26:12','','','','','','','3340101288044'),(70,952,'14','2557','1',6,1,1,'ไม่มี','ปกติ','ไม่ผุ','25','131','','2557-10-06 11:26:36','','','','','','','3340101288044'),(71,953,'15','2557','1',6,1,1,'ไม่มี','ปกติ','ไม่ผุ','27','132','','2557-10-06 11:26:54','','','','','','','3340101288044'),(72,954,'16','2557','1',6,1,1,'ไม่มี','ปกติ','ไม่ผุ','17','120','','2557-10-06 11:27:14','','','','','','','3340101288044'),(73,956,'17','2557','1',6,1,1,'ไม่มี','ปกติ','ไม่ผุ','20','124','','2557-10-06 11:27:31','','','','','','','3340101288044'),(74,996,'18','2557','1',6,1,1,'ไม่มี','ปกติ','ไม่ผุ','24.5','127','','2557-10-06 11:27:56','','','','','','','3340101288044'),(75,1022,'19','2557','1',6,1,1,'ไม่มี','ปกติ','ไม่ผุ','29.5','130','','2557-10-06 11:28:23','','','','','','','3340101288044'),(76,1061,'20','2557','1',6,1,1,'ไม่มี','ปกติ','ไม่ผุ','28.5','135','','2557-10-06 11:28:45','','','','','','','3340101288044'),(77,1065,'21','2557','1',6,1,1,'ไม่มี','ปกติ','ไม่ผุ','22','130','','2557-10-06 11:29:18','','','','','','','3340101288044'),(78,1066,'22','2557','1',6,1,1,'ไม่มี','ปกติ','ไม่ผุ','22','126','','2557-10-06 11:29:54','','','','','','','3340101288044'),(79,1067,'23','2557','1',6,1,1,'ไม่มี','ปกติ','ไม่ผุ','24','132','','2557-10-06 11:30:22','','','','','','','3340101288044'),(80,907,'0','2557','1',9,1,1,'ไม่มี','ปกติ','ไม่ผุ','35.5','146','','2557-10-08 09:21:53','','','','','','','3349900343044'),(81,906,'0','2557','1',9,1,1,'ไม่มี','ปกติ','ไม่ผุ','45','154','','2557-10-08 09:22:17','','','','','','','3349900343044'),(82,894,'0','2557','1',9,1,1,'ไม่มี','ปกติ','ไม่ผุ','49','154','','2557-10-08 09:27:35','','','','','','','3349900343044'),(83,901,'0','2557','1',9,1,1,'ไม่มี','ปกติ','ไม่ผุ','55','156','','2557-10-08 09:57:28','','','','','','','3349900343044'),(84,902,'0','2557','1',9,1,1,'ไม่มี','ปกติ','ไม่ผุ','38','149','','2557-10-08 09:58:39','','','','','','','3349900343044'),(85,900,'0','2557','1',9,1,1,'ไม่มี','ปกติ','ไม่ผุ','41.5','154','','2557-10-08 09:59:05','','','','','','','3349900343044'),(86,898,'0','2557','1',9,1,1,'ไม่มี','ปกติ','ไม่ผุ','31.5','143','','2557-10-08 10:00:48','','','','','','','3349900343044'),(87,928,'1','2557','1',7,1,2,'ไม่มี','ปกติ','ไม่ผุ','28','131','','2557-11-05 02:30:21','','','','','','','3340101302136'),(88,931,'3','2557','1',7,1,2,'ไม่มี','ปกติ','ไม่ผุ','19.5','135','','2557-11-05 02:30:52','','','','','','','3340101302136'),(89,932,'4','2557','1',7,1,2,'ไม่มี','ปกติ','ไม่ผุ','29','134','','2557-11-05 02:31:09','','','','','','','3340101302136'),(90,929,'2','2557','1',7,1,2,'ไม่มี','ปกติ','ไม่ผุ','26','131','','2557-11-05 02:31:36','','','','','','','3340101302136'),(91,988,'5','2557','1',7,1,2,'ไม่มี','ปกติ','ไม่ผุ','30','130','','2557-11-05 02:31:48','','','','','','','3340101302136'),(92,990,'6','2557','1',7,1,2,'ไม่มี','ปกติ','ไม่ผุ','24','136','','2557-11-05 02:32:02','','','','','','','3340101302136'),(93,1058,'7','2557','1',7,1,2,'ไม่มี','ปกติ','ไม่ผุ','26','130','','2557-11-05 02:32:17','','','','','','','3340101302136'),(94,933,'8','2557','1',7,1,2,'ไม่มี','ปกติ','ไม่ผุ','26.5','127','','2557-11-05 02:32:36','','','','','','','3340101302136'),(95,934,'9','2557','1',7,1,2,'ไม่มี','ปกติ','ไม่ผุ','32','121','','2557-11-05 02:32:55','','','','','','','3340101302136'),(96,935,'10','2557','1',7,1,2,'ไม่มี','ปกติ','ไม่ผุ','35.5','142','','2557-11-05 02:33:10','','','','','','','3340101302136'),(97,936,'11','2557','1',7,1,2,'ไม่มี','ปกติ','ไม่ผุ','21.5','125','','2557-11-05 02:33:29','','','','','','','3340101302136'),(98,937,'12','2557','1',7,1,2,'ไม่มี','ปกติ','ไม่ผุ','27','133','','2557-11-05 02:33:46','','','','','','','3340101302136'),(99,959,'13','2557','1',7,1,2,'ไม่มี','ปกติ','ไม่ผุ','48','146','','2557-11-05 02:34:05','','','','','','','3340101302136'),(100,992,'14','2557','1',7,1,2,'ไม่มี','ปกติ','ไม่ผุ','23.5','125','','2557-11-05 02:34:23','','','','','','','3340101302136'),(101,1020,'15','2557','1',7,1,2,'ไม่มี','ปกติ','ไม่ผุ','33.5','135','','2557-11-05 02:34:42','','','','','','','3340101302136'),(102,1057,'16','2557','1',7,1,2,'ไม่มี','ปกติ','ไม่ผุ','30','140','','2557-11-05 02:34:56','','','','','','','3340101302136'),(103,894,'0','2557','2',9,1,1,'ไม่มี','ปกติ','ไม่ผุ','49','158','','2557-11-21 09:31:09','','','','','','','3349900343044'),(104,906,'0','2557','2',9,1,1,'ไม่มี','ปกติ','ไม่ผุ','46.5','156','','2557-11-21 09:31:41','','','','','','','3349900343044'),(105,927,'0','2557','2',9,1,1,'ไม่มี','ปกติ','ไม่ผุ','32','140','','2557-11-21 09:31:56','','','','','','','3349900343044'),(106,903,'0','2557','2',9,1,1,'ไม่มี','ปกติ','ไม่ผุ','41','147','','2557-11-21 09:32:24','','','','','','','3349900343044'),(107,901,'0','2557','2',9,1,1,'ไม่มี','ปกติ','ไม่ผุ','57.5','159','','2557-11-21 09:33:10','','','','','','','3349900343044'),(108,902,'0','2557','2',9,1,1,'ไม่มี','ปกติ','ไม่ผุ','38','150','','2557-11-21 09:33:52','','','','','','','3349900343044'),(109,900,'0','2557','2',9,1,1,'ไม่มี','ปกติ','ไม่ผุ','45','156','','2557-11-21 09:34:19','','','','','','','3349900343044'),(110,898,'0','2557','2',9,1,1,'ไม่มี','ปกติ','ไม่ผุ','34.5','144','','2557-11-21 09:35:30','','','','','','','3349900343044'),(111,897,'0','2557','2',9,1,1,'ไม่มี','ปกติ','ไม่ผุ','27.5','140','','2557-11-21 09:36:19','','','','','','','3349900343044'),(112,907,'0','2557','2',9,1,1,'ไม่มี','ปกติ','ไม่ผุ','36.5','147','','2557-11-21 09:36:52','','','','','','','3349900343044'),(113,914,'0','2558','1',9,1,1,'ไม่มี','ปกติ','ผุ','33.5','139','','2558-06-08 02:38:50','','','','','','','3469900149191'),(114,986,'0','2558','1',9,1,1,'ไม่มี','ปกติ','ไม่ผุ','39','141','','2558-06-08 02:39:32','','','','','','','3469900149191'),(115,917,'0','2558','1',9,1,1,'ไม่มี','ปกติ','ไม่ผุ','45','144','','2558-06-08 02:40:00','','','','','','','3469900149191'),(116,985,'0','2558','1',9,1,1,'ไม่มี','ปกติ','ผุ','32','136','','2558-06-08 02:40:58','','','','','','','3469900149191'),(117,915,'0','2558','1',9,1,1,'ไม่มี','ปกติ','ไม่ผุ','34','139','','2558-06-08 02:42:15','','','','','','','3469900149191'),(118,923,'0','2558','1',9,1,1,'ไม่มี','ปกติ','ผุ','32','145','','2558-06-08 02:44:01','','','','','','','3469900149191'),(119,920,'0','2558','1',9,1,1,'ไม่มี','ปกติ','ไม่ผุ','32','147','','2558-06-08 02:44:46','','','','','','','3469900149191'),(120,918,'0','2558','1',9,1,1,'ไม่มี','ปกติ','ผุ','33.5','142','','2558-06-08 02:45:29','','','','','','','3469900149191'),(121,904,'0','2558','1',9,1,1,'ไม่มี','ปกติ','ผุ','49','159','','2558-06-08 02:46:09','','','','','','','3469900149191'),(122,916,'0','2558','1',9,1,1,'ไม่มี','ปกติ','ไม่ผุ','39.5','140','','2558-06-08 02:47:17','','','','','','','3469900149191'),(123,1090,'0','2558','1',9,1,1,'ไม่มี','ปกติ','ผุ','43.5','155','','2558-06-08 02:56:09','','','','','','','3469900149191'),(124,944,'1','2558','1',7,1,1,'เล็กน้อย','ปกติ','ผุ','22','130','','2558-06-18 02:30:32','','','14','18','3','','3490300234784'),(125,945,'2','2558','1',7,1,1,'เล็กน้อย','ปกติ','ผุ','26','133','','2558-06-18 02:30:59','','','14','21','6','','3490300234784'),(126,946,'3','2558','1',7,1,1,'เล็กน้อย','ปกติ','ผุ','30','133','','2558-06-18 02:33:40','','','26','23','3','','3490300234784'),(127,947,'4','2558','1',7,1,1,'เล็กน้อย','ปกติ','ผุ','27','134','','2558-06-18 02:34:06','','','27','26','6','','3490300234784'),(128,948,'5','2558','1',7,1,1,'เล็กน้อย','ปกติ','ผุ','42','140','','2558-06-18 02:34:27','','','14','6','3','','3490300234784'),(129,950,'6','2558','1',7,1,1,'เล็กน้อย','ปกติ','ผุ','23','128','','2558-06-18 02:36:11','','','23','23','5','','3490300234784'),(130,994,'8','2558','1',7,1,1,'เล็กน้อย','ปกติ','ผุ','21','128','','2558-06-18 02:37:00','','','5','21','9','','3490300234784'),(131,1018,'9','2558','1',7,1,1,'เล็กน้อย','ปกติ','ผุ','27','133','','2558-06-18 02:37:37','','','30','16','9','','3490300234784'),(132,1062,'10','2558','1',7,1,1,'ไม่มี','ปกติ','ไม่ผุ','30','132','','2558-06-18 02:38:22','','','23','19','7','','3490300234784'),(133,1063,'11','2558','1',7,1,1,'เล็กน้อย','ปกติ','ผุ','26','157','','2558-06-18 02:39:19','','','25','5','6','','3490300234784'),(134,1064,'12','2558','1',7,1,1,'ไม่มี','ปกติ','ไม่ผุ','30','134','','2558-06-18 02:40:05','','','28','27','3','','3490300234784'),(135,951,'13','2558','1',7,1,1,'เล็กน้อย','ปกติ','ผุ','33','136','','2558-06-18 02:40:30','','','9','24','7','','3490300234784'),(136,952,'14','2558','1',7,1,1,'เล็กน้อย','ปกติ','ผุ','31','135','','2558-06-18 02:41:23','','','6','35','5','','3490300234784'),(137,953,'15','2558','1',7,1,1,'เล็กน้อย','ปกติ','ผุ','36','136','','2558-06-18 02:42:04','','','4','9','8','','3490300234784'),(138,954,'16','2558','1',7,1,1,'เล็กน้อย','ปกติ','ผุ','18','119','','2558-06-18 02:43:01','','','3','8','6','','3490300234784'),(139,956,'17','2558','1',7,1,1,'เล็กน้อย','ปกติ','ผุ','25','125','','2558-06-18 02:43:50','','','5','11','5','','3490300234784'),(140,996,'18','2558','1',7,1,1,'เล็กน้อย','ปกติ','ผุ','28','129','','2558-06-18 02:44:18','','','6','23','8','','3490300234784'),(141,1022,'19','2558','1',7,1,1,'เล็กน้อย','ปกติ','ผุ','38','132','','2558-06-18 02:45:20','','','4','20','11','','3490300234784'),(142,1061,'20','2558','1',7,1,1,'เล็กน้อย','ปกติ','ผุ','34','136','','2558-06-18 02:46:08','','','7','25','14','','3490300234784'),(143,1066,'22','2558','1',7,1,1,'เล็กน้อย','ปกติ','ผุ','28','132','','2558-06-18 02:46:35','','','4','20','4','','3490300234784'),(144,1067,'23','2558','1',7,1,1,'เล็กน้อย','ปกติ','ผุ','28','135','','2558-06-18 02:47:33','','','6','10','5','','3490300234784'),(145,1038,'1','2563','1',7,1,1,'ไม่มี','ปกติ','ไม่ผุ','22.5','128.5','','2563-08-17 11:04:11','','0','0','0','0','0','3340101288044'),(146,1050,'2','2563','1',7,1,1,'ไม่มี','ปกติ','ไม่ผุ','28','136','','2563-08-17 11:04:28','','0','0','0','0','0','3340101288044'),(147,1052,'3','2563','1',7,1,1,'ไม่มี','ปกติ','ไม่ผุ','29.5','136','','2563-08-17 10:48:55','','0','0','0','0','0','3340101288044'),(148,1054,'4','2563','1',7,1,1,'ไม่มี','ปกติ','ไม่ผุ','34','133.5','','2563-08-17 10:49:21','','0','0','0','0','0','3340101288044'),(149,1074,'5','2563','1',7,1,1,'ไม่มี','ปกติ','ไม่ผุ','26','132','','2563-08-17 10:50:05','','0','0','0','0','0','3340101288044'),(150,1077,'6','2563','1',7,1,1,'ไม่มี','ปกติ','ไม่ผุ','52.5','143','','2563-08-17 10:50:34','','0','0','0','0','0','3340101288044'),(151,1075,'7','2563','1',7,1,1,'ไม่มี','ปกติ','ไม่ผุ','32','131','','2563-08-17 10:51:07','','0','0','0','0','0','3340101288044'),(152,1078,'8','2563','1',7,1,1,'ไม่มี','ปกติ','ไม่ผุ','28.5','127','','2563-08-17 10:51:39','','0','0','0','0','0','3340101288044'),(153,1080,'9','2563','1',7,1,1,'ไม่มี','ปกติ','ไม่ผุ','31.5','135','','2563-08-17 10:52:21','','0','0','0','0','0','3340101288044'),(154,1081,'10','2563','1',7,1,1,'ไม่มี','ปกติ','ไม่ผุ','26.5','130.5','','2563-08-17 10:54:40','','0','0','0','0','0','3340101288044'),(155,1087,'11','2563','1',7,1,1,'ไม่มี','ปกติ','ไม่ผุ','50.5','142.5','','2563-08-17 10:56:09','','0','0','0','0','0','3340101288044'),(156,1160,'12','2563','1',7,1,1,'ไม่มี','ปกติ','ไม่ผุ','42','137','','2563-08-17 10:56:30','','0','0','0','0','0','3340101288044'),(157,1045,'13','2563','1',7,1,1,'ไม่มี','ปกติ','ไม่ผุ','29','135','','2563-08-17 10:56:51','','0','0','0','0','0','3340101288044'),(158,1055,'14','2563','1',7,1,1,'ไม่มี','ปกติ','ไม่ผุ','27','136','','2563-08-17 10:57:11','','0','0','0','0','0','3340101288044'),(159,1085,'15','2563','1',7,1,1,'ไม่มี','ปกติ','ไม่ผุ','26','134','','2563-08-17 10:57:29','','0','0','0','0','0','3340101288044'),(160,1082,'16','2563','1',7,1,1,'ไม่มี','ปกติ','ไม่ผุ','29.5','133','','2563-08-17 10:58:17','','0','0','0','0','0','3340101288044'),(161,1084,'17','2563','1',7,1,1,'ไม่มี','ปกติ','ไม่ผุ','22','126','','2563-08-17 10:59:07','','0','0','0','0','0','3340101288044'),(162,1088,'18','2563','1',7,1,1,'ไม่มี','ปกติ','ไม่ผุ','31.5','132','','2563-08-17 10:59:53','','0','0','0','0','0','3340101288044'),(163,1103,'19','2563','1',7,1,1,'ไม่มี','ปกติ','ไม่ผุ','21.5','126','','2563-08-17 11:00:59','','0','0','0','0','0','3340101288044'),(164,1105,'20','2563','1',7,1,1,'ไม่มี','ปกติ','ไม่ผุ','31','130','','2563-08-17 11:02:42','','0','0','0','0','0','3340101288044'),(165,1106,'21','2563','1',7,1,1,'ไม่มี','ปกติ','ไม่ผุ','23','121','','2563-08-17 11:03:06','','0','0','0','0','0','3340101288044'),(166,1117,'22','2563','1',7,1,1,'ไม่มี','ปกติ','ไม่ผุ','25.5','124.5','','2563-08-17 11:03:47','','0','0','0','0','0','3340101288044'),(167,1000,'1','2563','1',9,1,1,'ไม่มี','ปกติ','ไม่ผุ','39','146','','2563-08-17 11:05:27','','0','0','0','0','0','3340101288044'),(168,1032,'1','2563','1',8,1,1,'ไม่มี','ปกติ','ไม่ผุ','36','145','','2563-08-17 11:06:09','','0','0','0','0','0','3340101288044'),(169,1076,'1','2563','1',6,1,1,'ไม่มี','ปกติ','ไม่ผุ','24','132','','2563-08-17 11:08:59','','0','0','0','0','0','3340101288044'),(170,1124,'1','2563','1',4,1,1,'ไม่มี','ปกติ','ไม่ผุ','19.5','111','','2563-08-17 11:09:54','','0','0','0','0','0','3340101288044'),(171,1114,'1','2563','1',5,1,1,'ไม่มี','ปกติ','ไม่ผุ','25','137','','2563-08-17 11:12:48','','0','0','0','0','0','3340101288044'),(172,1173,'1','2563','1',2,1,1,'ไม่มี','ปกติ','ไม่ผุ','16','109','','2563-08-17 11:21:54','','0','0','0','0','0','3340101288044'),(173,1182,'2','2566','1',4,1,1,'ไม่มี','ปกติ','ไม่ผุ','18','112','','2566-05-30 10:39:09','','','','','','','1341900109994'),(174,1185,'3','2566','1',4,1,1,'ไม่มี','ปกติ','ไม่ผุ','30','122','','2566-05-30 10:39:30','','','','','','','1341900109994'),(175,1184,'4','2566','1',4,1,1,'ไม่มี','ปกติ','ไม่ผุ','13','100','','2566-05-30 10:39:49','','','','','','','1341900109994'),(176,1186,'5','2566','1',4,1,1,'ไม่มี','ปกติ','ไม่ผุ','19','110','','2566-05-30 10:40:05','','','','','','','1341900109994'),(177,1187,'6','2566','1',4,1,1,'ไม่มี','ปกติ','ไม่ผุ','20','117','','2566-05-30 10:40:30','','','','','','','1341900109994'),(178,1190,'7','2566','1',4,1,1,'ไม่มี','ปกติ','ไม่ผุ','15','105','','2566-05-30 10:40:40','','','','','','','1341900109994'),(179,1193,'8','2566','1',4,1,1,'ไม่มี','ปกติ','ไม่ผุ','16','105','','2566-05-30 10:40:53','','','','','','','1341900109994'),(180,1188,'10','2566','1',4,1,1,'ไม่มี','ปกติ','ไม่ผุ','19','115','','2566-05-30 10:41:05','','','','','','','1341900109994'),(181,1191,'11','2566','1',4,1,1,'ไม่มี','ปกติ','ไม่ผุ','20','118','','2566-05-30 10:41:16','','','','','','','1341900109994'),(182,1192,'12','2566','1',4,1,1,'ไม่มี','ปกติ','ไม่ผุ','19','111','','2566-05-30 10:41:27','','','','','','','1341900109994');

--
-- Table structure for table `health_personal`
--

CREATE TABLE `health_personal` (
  `per_id` int(11) NOT NULL AUTO_INCREMENT,
  `personal_code` varchar(13) NOT NULL,
  `per_position` int(3) NOT NULL,
  `per_status` int(3) NOT NULL,
  `person_room` int(3) NOT NULL,
  PRIMARY KEY (`per_id`)
) ENGINE=MyISAM AUTO_INCREMENT=39 DEFAULT CHARSET=utf8 COLLATE=utf8_general_ci;

--
-- Dumping data for table `health_personal`
--

INSERT INTO `health_personal` VALUES (1,'1341900109994',9,1,1),(38,'1341900109994',7,1,1),(4,'1341500185235',5,1,1),(7,'1349900285811',3,1,1),(8,'1839900131623',2,1,1),(9,'3340101288044',2,1,1),(10,'3340101288044',3,1,1),(11,'3340101288044',4,1,1),(12,'3340101288044',6,1,1),(13,'3340101288044',7,1,1),(14,'3340101288044',8,1,1),(15,'3340101288044',9,1,1),(25,'3340101302136',8,1,1),(17,'1341900109994',2,1,1),(18,'1341900109994',3,1,1),(19,'1341900109994',4,1,1),(20,'3349700062157',5,1,1),(21,'1349900454419',6,1,1),(22,'1349900638731',7,1,1),(23,'1341900109994',8,1,1),(24,'1349900499013',9,1,1),(27,'1349900638731',8,1,1),(28,'1341500179871',4,1,1),(29,'1339900200557',4,1,1),(30,'1341900109994',6,1,1),(31,'3340101288044',5,1,1),(32,'3340101288044',1,1,0),(33,'1839900131623',1,1,0),(37,'1341900109994',1,1,0);

--
-- Table structure for table `health_weight_height`
--

CREATE TABLE `health_weight_height` (
  `id` int(11) NOT NULL AUTO_INCREMENT,
  `type` tinyint(4) NOT NULL DEFAULT 0,
  `sex` tinyint(4) NOT NULL DEFAULT 1,
  `height` int(11) NOT NULL,
  `weight_1` double NOT NULL,
  `weight_2` double NOT NULL,
  `weight_3` double NOT NULL,
  `weight_4` double NOT NULL,
  `weight_5` double NOT NULL,
  PRIMARY KEY (`id`)
) ENGINE=MyISAM AUTO_INCREMENT=75 DEFAULT CHARSET=utf8 COLLATE=utf8_general_ci;

--
-- Dumping data for table `health_weight_height`
--

INSERT INTO `health_weight_height` VALUES (1,0,1,50,2.5,3,3.8,4,4.5),(2,0,1,55,3.5,4,4.8,5,6),(3,0,1,60,4.5,5,6.3,6.5,7.5),(4,0,1,65,5.5,6,7.8,8,9),(5,0,1,70,7,7.5,9.3,9.5,10.5),(6,0,1,75,8,8.5,10.8,11,12),(7,0,1,80,9,9.5,12,12.5,13.5),(8,0,1,85,10,10.5,13.5,14,15.5),(9,0,1,90,11,11.5,15,15.5,17),(10,0,1,95,12,12.5,16.5,17,19),(11,0,1,100,13,14,18.5,19,21),(12,0,1,105,14,15,20,21,22.5),(13,0,1,110,15.5,16.5,22,23,25),(14,0,1,115,17,18,24,25,28),(15,0,1,120,18.5,19.5,26.5,28,31),(16,0,1,125,20.5,21.5,29.5,31,35),(17,0,1,130,22,23.5,33,35,39.5),(18,0,1,135,24,25.5,37,39,45),(19,0,1,140,26.5,28,41,44,50),(20,0,2,50,3,3.1,3.8,4,4.5),(21,0,2,55,3.5,4,4.8,5,6),(22,0,2,60,4.5,5,6.3,6.5,7),(23,0,2,65,5.5,6,7.8,8,8.5),(24,0,2,70,6.5,7.5,8.8,9,10),(25,0,2,75,7.5,8.5,10.8,10.5,11.5),(26,0,2,80,8.5,9,11.5,12.5,13),(27,0,2,85,9.5,10,13,13.5,14.5),(28,0,2,90,10.5,11.5,14.5,15.5,16.5),(29,0,2,95,11.5,13,16.5,17,18.5),(30,0,2,100,13,13.5,18,18.5,20.5),(31,0,2,110,15.5,16,22,23,25),(32,0,2,115,16.5,17.5,24,25,28),(33,0,2,120,18,19,27,28.5,31.5),(34,0,2,125,19.5,21.5,30,31.5,35.5),(35,0,2,130,21.5,23,34,36,41),(36,0,2,135,23.5,25,38,40.5,46),(37,0,2,140,25.5,27.5,42.5,45.5,55.5),(38,0,2,105,14,15,19.5,20.5,22.5),(39,1,1,90,11,11.5,15,16,17),(40,1,1,95,12,12.5,17,17.5,19),(41,1,1,100,13,14,18,19,21),(42,1,1,105,14.5,15,19.5,20.5,22.5),(43,1,1,110,16,16.6,21.5,22.5,24.5),(44,1,1,115,17,18,24,25,27.5),(45,1,1,120,19,19.5,26.5,28,30.5),(46,1,1,125,20,21,29,31,34),(47,1,1,130,22,23,33,35,39),(48,1,1,135,24.5,25.5,37,39.5,45),(49,1,1,140,26.5,28.5,41,44,50),(50,1,1,145,29,31,45,48,54.5),(51,1,1,150,32,34,49,52.5,58.5),(52,1,1,155,35,37,53,56.5,62.5),(53,1,1,160,38.5,41,57,60.5,66.5),(54,1,1,165,42.5,45,61.5,64.5,70),(55,1,1,170,46,48.5,65,68,74.5),(56,1,1,175,49.5,52.5,69,72,77),(57,1,1,180,53,56,72,75,80),(58,1,2,90,11,11.5,15,16,17),(59,1,2,95,12,12.5,16,17,18.5),(60,1,2,100,13,13.5,18,19,20.5),(61,1,2,105,14,15,19.5,20.5,22.5),(62,1,2,110,15.5,16,21.5,22.5,25),(63,1,2,115,17,17.5,24,25,27.5),(64,1,2,120,18.5,19,26.5,28,31),(65,1,2,125,20,21,30,32,36),(66,1,2,130,21.5,22.5,33.5,36,41),(67,1,2,135,23.5,25,38,41,46),(68,1,2,140,26,27.5,42.5,45.5,51.5),(69,1,2,145,29,31,47,50,56.5),(70,1,2,150,32.5,34.5,51.5,54.5,61),(71,1,2,155,36,38.5,55.5,58.5,65),(72,1,2,160,39.5,42,59,62,68),(73,1,2,165,43,45.5,62,65,70.5),(74,1,2,170,47,48.5,65.5,67.5,72.5);

--
-- Table structure for table `idplan_education`
--

CREATE TABLE `idplan_education` (
  `id` int(11) NOT NULL AUTO_INCREMENT,
  `person_id` varchar(15) DEFAULT NULL,
  `class` varchar(30) DEFAULT NULL,
  `initials` varchar(30) DEFAULT NULL,
  `subject_1` varchar(150) DEFAULT NULL,
  `subject` varchar(150) DEFAULT NULL,
  `institute` varchar(200) DEFAULT NULL,
  `province` varchar(50) DEFAULT NULL,
  `finish_year` varchar(10) DEFAULT NULL,
  PRIMARY KEY (`id`)
) ENGINE=MyISAM AUTO_INCREMENT=9 DEFAULT CHARSET=utf8 COLLATE=utf8_general_ci;

--
-- Dumping data for table `idplan_education`
--


--
-- Table structure for table `idplan_list_setting`
--

CREATE TABLE `idplan_list_setting` (
  `id` int(11) NOT NULL AUTO_INCREMENT,
  `rating` int(5) DEFAULT NULL,
  `item_list` char(50) DEFAULT NULL,
  `permission` int(2) DEFAULT NULL,
  PRIMARY KEY (`id`)
) ENGINE=MyISAM AUTO_INCREMENT=12 DEFAULT CHARSET=utf8 COLLATE=utf8_general_ci;

--
-- Dumping data for table `idplan_list_setting`
--


--
-- Table structure for table `idplan_lookbook_1`
--

CREATE TABLE `idplan_lookbook_1` (
  `id` int(11) NOT NULL AUTO_INCREMENT,
  `person_id` varchar(15) DEFAULT NULL,
  `study_year` varchar(5) DEFAULT NULL,
  `term` varchar(2) DEFAULT NULL,
  `office` varchar(200) DEFAULT NULL,
  `school_name` varchar(250) DEFAULT NULL,
  `class` varchar(5) DEFAULT NULL,
  `subject_1` varchar(3) DEFAULT NULL,
  `subject_2` varchar(150) DEFAULT NULL,
  `house` int(3) DEFAULT NULL,
  PRIMARY KEY (`id`)
) ENGINE=MyISAM AUTO_INCREMENT=19 DEFAULT CHARSET=utf8 COLLATE=utf8_general_ci;

--
-- Dumping data for table `idplan_lookbook_1`
--


--
-- Table structure for table `idplan_lookbook_2`
--

CREATE TABLE `idplan_lookbook_2` (
  `id` int(11) NOT NULL AUTO_INCREMENT,
  `person_id` varchar(15) DEFAULT NULL,
  `year` varchar(5) DEFAULT NULL,
  `term` varchar(1) DEFAULT NULL,
  `week` varchar(3) DEFAULT NULL,
  `start_date` date DEFAULT NULL,
  `end_date` date DEFAULT NULL,
  `group_vicha_id` varchar(2) DEFAULT NULL,
  `vicha_name` varchar(200) DEFAULT NULL,
  `vicha_code` varchar(10) DEFAULT NULL,
  `vitaya` varchar(2) DEFAULT NULL,
  `hour_term` varchar(5) DEFAULT NULL,
  `time` varchar(5) DEFAULT NULL,
  `time_unit` varchar(25) DEFAULT NULL,
  `learn_type` varchar(2) DEFAULT NULL,
  `garantee` varchar(2) DEFAULT NULL,
  PRIMARY KEY (`id`)
) ENGINE=MyISAM AUTO_INCREMENT=20 DEFAULT CHARSET=utf8 COLLATE=utf8_general_ci;

--
-- Dumping data for table `idplan_lookbook_2`
--


--
-- Table structure for table `idplan_lookbook_3`
--

CREATE TABLE `idplan_lookbook_3` (
  `id` int(11) NOT NULL AUTO_INCREMENT,
  `person_id` varchar(15) DEFAULT NULL,
  `year` varchar(5) DEFAULT NULL,
  `term` varchar(1) DEFAULT NULL,
  `week` varchar(3) DEFAULT NULL,
  `start_date` date DEFAULT NULL,
  `end_date` date DEFAULT NULL,
  `vicha_support` varchar(200) DEFAULT NULL,
  `hour_week` varchar(5) DEFAULT NULL,
  `garantee` varchar(2) DEFAULT NULL,
  PRIMARY KEY (`id`)
) ENGINE=MyISAM AUTO_INCREMENT=22 DEFAULT CHARSET=utf8 COLLATE=utf8_general_ci;

--
-- Dumping data for table `idplan_lookbook_3`
--


--
-- Table structure for table `idplan_lookbook_4`
--

CREATE TABLE `idplan_lookbook_4` (
  `id` int(11) NOT NULL AUTO_INCREMENT,
  `person_id` varchar(15) DEFAULT NULL,
  `year` varchar(5) DEFAULT NULL,
  `term` varchar(1) DEFAULT NULL,
  `week` varchar(3) DEFAULT NULL,
  `start_date` date DEFAULT NULL,
  `end_date` date DEFAULT NULL,
  `policy` varchar(255) DEFAULT NULL,
  `hour_week` varchar(5) DEFAULT NULL,
  `garantee` varchar(2) DEFAULT NULL,
  PRIMARY KEY (`id`)
) ENGINE=MyISAM AUTO_INCREMENT=24 DEFAULT CHARSET=utf8 COLLATE=utf8_general_ci;

--
-- Dumping data for table `idplan_lookbook_4`
--


--
-- Table structure for table `idplan_lookbook_5`
--

CREATE TABLE `idplan_lookbook_5` (
  `id` int(11) NOT NULL AUTO_INCREMENT,
  `person_id` varchar(15) DEFAULT NULL,
  `rec_date` date DEFAULT NULL,
  `develop_name` varchar(255) DEFAULT NULL,
  `develop_code` varchar(15) DEFAULT NULL,
  `knowledge` varchar(10) DEFAULT NULL,
  `skill` varchar(10) DEFAULT NULL,
  `teacher` varchar(10) DEFAULT NULL,
  `develop_hour` varchar(5) DEFAULT NULL,
  `develop_start_date` date DEFAULT NULL,
  `num_date` int(5) DEFAULT NULL,
  `development` varchar(10) DEFAULT NULL,
  `garantee` varchar(2) DEFAULT NULL,
  PRIMARY KEY (`id`)
) ENGINE=MyISAM AUTO_INCREMENT=4 DEFAULT CHARSET=utf8 COLLATE=utf8_general_ci;

--
-- Dumping data for table `idplan_lookbook_5`
--


--
-- Table structure for table `idplan_lookbook_6`
--

CREATE TABLE `idplan_lookbook_6` (
  `id` int(11) NOT NULL AUTO_INCREMENT,
  `person_id` varchar(15) DEFAULT NULL,
  `group_activities` varchar(255) DEFAULT NULL,
  `num_member` int(5) DEFAULT NULL,
  `activities_name` varchar(255) DEFAULT NULL,
  `round` varchar(3) DEFAULT NULL,
  `date_activities` date DEFAULT NULL,
  `term` varchar(2) DEFAULT NULL,
  `year` varchar(5) DEFAULT NULL,
  `num_hour` varchar(5) DEFAULT NULL,
  `r_character` varchar(3) DEFAULT NULL,
  `income_activities` varchar(5) DEFAULT NULL,
  `issues` varchar(255) DEFAULT NULL,
  `cause` varchar(255) DEFAULT NULL,
  `knowledge` varchar(255) DEFAULT NULL,
  `activities` varchar(255) DEFAULT NULL,
  `r_activities` varchar(255) DEFAULT NULL,
  `reapply` varchar(255) DEFAULT NULL,
  `other` varchar(255) DEFAULT NULL,
  `garantee` varchar(2) DEFAULT NULL,
  PRIMARY KEY (`id`)
) ENGINE=MyISAM AUTO_INCREMENT=6 DEFAULT CHARSET=utf8 COLLATE=utf8_general_ci;

--
-- Dumping data for table `idplan_lookbook_6`
--


--
-- Table structure for table `idplan_lookbook_group_subject`
--

CREATE TABLE `idplan_lookbook_group_subject` (
  `id` int(11) NOT NULL AUTO_INCREMENT,
  `g_subject` varchar(255) DEFAULT NULL,
  PRIMARY KEY (`id`)
) ENGINE=MyISAM AUTO_INCREMENT=21 DEFAULT CHARSET=utf8 COLLATE=utf8_general_ci;

--
-- Dumping data for table `idplan_lookbook_group_subject`
--


--
-- Table structure for table `idplan_management_crown`
--

CREATE TABLE `idplan_management_crown` (
  `id` int(11) NOT NULL AUTO_INCREMENT,
  `crown_name_th` char(100) DEFAULT NULL,
  `crown_shot_name` char(10) DEFAULT NULL,
  `crown_name_en` char(150) DEFAULT NULL,
  PRIMARY KEY (`id`)
) ENGINE=MyISAM AUTO_INCREMENT=37 DEFAULT CHARSET=utf8 COLLATE=utf8_general_ci;

--
-- Dumping data for table `idplan_management_crown`
--


--
-- Table structure for table `idplan_management_crown_year`
--

CREATE TABLE `idplan_management_crown_year` (
  `id` int(11) NOT NULL AUTO_INCREMENT,
  `person_id` varchar(15) DEFAULT NULL,
  `crown_id` varchar(3) DEFAULT NULL,
  `crown_year` varchar(7) DEFAULT NULL,
  PRIMARY KEY (`id`)
) ENGINE=MyISAM AUTO_INCREMENT=4 DEFAULT CHARSET=utf8 COLLATE=utf8_general_ci;

--
-- Dumping data for table `idplan_management_crown_year`
--


--
-- Table structure for table `idplan_management_family`
--

CREATE TABLE `idplan_management_family` (
  `id` int(11) NOT NULL AUTO_INCREMENT,
  `person_id` varchar(15) DEFAULT NULL,
  `family_prename` varchar(20) DEFAULT NULL,
  `family_name` varchar(100) DEFAULT NULL,
  `family_surname` varchar(150) DEFAULT NULL,
  `birth_date` date DEFAULT NULL,
  `family_type` varchar(5) DEFAULT NULL,
  PRIMARY KEY (`id`)
) ENGINE=MyISAM AUTO_INCREMENT=9 DEFAULT CHARSET=utf8 COLLATE=utf8_general_ci;

--
-- Dumping data for table `idplan_management_family`
--


--
-- Table structure for table `idplan_management_marry`
--

CREATE TABLE `idplan_management_marry` (
  `person_id` varchar(15) NOT NULL,
  `m_type` varchar(5) DEFAULT NULL,
  `m_prename` varchar(10) DEFAULT NULL,
  `m_name` varchar(50) DEFAULT NULL,
  `m_surname` varchar(150) DEFAULT NULL,
  PRIMARY KEY (`person_id`)
) ENGINE=MyISAM DEFAULT CHARSET=utf8 COLLATE=utf8_general_ci;

--
-- Dumping data for table `idplan_management_marry`
--


--
-- Table structure for table `idplan_management_member`
--

CREATE TABLE `idplan_management_member` (
  `id` int(11) NOT NULL AUTO_INCREMENT,
  `person_id` varchar(15) DEFAULT NULL,
  `member_name` varchar(255) DEFAULT NULL,
  `member_number` varchar(30) DEFAULT NULL,
  PRIMARY KEY (`id`)
) ENGINE=MyISAM AUTO_INCREMENT=4 DEFAULT CHARSET=utf8 COLLATE=utf8_general_ci;

--
-- Dumping data for table `idplan_management_member`
--


--
-- Table structure for table `idplan_management_portfolio`
--

CREATE TABLE `idplan_management_portfolio` (
  `id` int(11) NOT NULL AUTO_INCREMENT,
  `person_id` varchar(15) DEFAULT NULL,
  `topic` varchar(200) DEFAULT NULL,
  `date` date DEFAULT NULL,
  `address` varchar(255) DEFAULT NULL,
  `pic_upload` varchar(50) DEFAULT NULL,
  PRIMARY KEY (`id`)
) ENGINE=MyISAM AUTO_INCREMENT=16 DEFAULT CHARSET=utf8 COLLATE=utf8_general_ci;

--
-- Dumping data for table `idplan_management_portfolio`
--


--
-- Table structure for table `idplan_management_vitaya`
--

CREATE TABLE `idplan_management_vitaya` (
  `id` int(11) NOT NULL AUTO_INCREMENT,
  `person_id` varchar(15) DEFAULT NULL,
  `vitaya_name` varchar(250) DEFAULT NULL,
  `vitaya_shot` varchar(50) DEFAULT NULL,
  `vitaya_date` date DEFAULT NULL,
  PRIMARY KEY (`id`)
) ENGINE=MyISAM AUTO_INCREMENT=8 DEFAULT CHARSET=utf8 COLLATE=utf8_general_ci;

--
-- Dumping data for table `idplan_management_vitaya`
--


--
-- Table structure for table `idplan_permission`
--

CREATE TABLE `idplan_permission` (
  `per_id` int(5) NOT NULL AUTO_INCREMENT,
  `person_id` char(15) DEFAULT NULL,
  `p1` int(2) DEFAULT NULL,
  `office` char(15) DEFAULT NULL,
  `rec_dat` date DEFAULT NULL,
  PRIMARY KEY (`per_id`)
) ENGINE=MyISAM AUTO_INCREMENT=36 DEFAULT CHARSET=utf8 COLLATE=utf8_general_ci;

--
-- Dumping data for table `idplan_permission`
--


--
-- Table structure for table `idplan_person_sch_profile`
--

CREATE TABLE `idplan_person_sch_profile` (
  `person_id` varchar(15) NOT NULL,
  `birth_date` date DEFAULT NULL,
  `f_date` date DEFAULT NULL,
  `vittaya` varchar(50) DEFAULT NULL,
  `work_old` int(3) DEFAULT NULL,
  `at_home` varchar(10) DEFAULT NULL,
  `moo` varchar(3) DEFAULT NULL,
  `tambun` varchar(50) DEFAULT NULL,
  `ampher` varchar(50) DEFAULT NULL,
  `province` varchar(70) DEFAULT NULL,
  `postcode` varchar(10) DEFAULT NULL,
  `home_phone` varchar(15) DEFAULT NULL,
  `mobile` varchar(15) DEFAULT NULL,
  `salary` int(10) DEFAULT NULL,
  `emoluments` int(10) DEFAULT NULL,
  `money_of_position` int(10) DEFAULT NULL,
  `m_type` varchar(5) DEFAULT NULL,
  `update_date` date DEFAULT NULL,
  PRIMARY KEY (`person_id`)
) ENGINE=MyISAM DEFAULT CHARSET=utf8 COLLATE=utf8_general_ci;

--
-- Dumping data for table `idplan_person_sch_profile`
--

INSERT INTO `idplan_person_sch_profile` VALUES ('1349900638731',NULL,NULL,NULL,NULL,NULL,NULL,NULL,NULL,NULL,NULL,NULL,NULL,NULL,NULL,NULL,NULL,NULL),('3340101288044',NULL,NULL,NULL,NULL,NULL,NULL,NULL,NULL,NULL,NULL,NULL,NULL,NULL,NULL,NULL,NULL,NULL),('1341900109994',NULL,NULL,NULL,NULL,NULL,NULL,NULL,NULL,NULL,NULL,NULL,NULL,NULL,NULL,NULL,NULL,NULL),('7777',NULL,NULL,NULL,NULL,NULL,NULL,NULL,NULL,NULL,NULL,NULL,NULL,NULL,NULL,NULL,NULL,NULL),('3349700062157',NULL,NULL,NULL,NULL,NULL,NULL,NULL,NULL,NULL,NULL,NULL,NULL,NULL,NULL,NULL,NULL,NULL),('1349900454419',NULL,NULL,NULL,NULL,NULL,NULL,NULL,NULL,NULL,NULL,NULL,NULL,NULL,NULL,NULL,NULL,NULL),('1341000062525',NULL,NULL,NULL,NULL,NULL,NULL,NULL,NULL,NULL,NULL,NULL,NULL,NULL,NULL,NULL,NULL,NULL),('1250500088001',NULL,NULL,NULL,NULL,NULL,NULL,NULL,NULL,NULL,NULL,NULL,NULL,NULL,NULL,NULL,NULL,NULL),('3340701169496',NULL,NULL,NULL,NULL,NULL,NULL,NULL,NULL,NULL,NULL,NULL,NULL,NULL,NULL,NULL,NULL,NULL);

--
-- Table structure for table `la_cancel`
--

CREATE TABLE `la_cancel` (
  `id` int(11) NOT NULL AUTO_INCREMENT,
  `person_id` varchar(13) NOT NULL,
  `la_type` tinyint(4) NOT NULL,
  `write_at` varchar(100) DEFAULT NULL,
  `permission_start` date NOT NULL,
  `permission_finish` date NOT NULL,
  `permission_total` int(11) NOT NULL,
  `because` varchar(200) NOT NULL,
  `cancel_la_start` date NOT NULL,
  `cancel_la_finish` date NOT NULL,
  `cancel_la_total` int(11) NOT NULL,
  `no_comment` int(11) NOT NULL DEFAULT 0,
  `grant_p_selected` varchar(13) DEFAULT NULL,
  `rec_date` datetime NOT NULL,
  `officer_comment` varchar(200) DEFAULT NULL,
  `officer_sign` varchar(13) DEFAULT NULL,
  `officer_date` datetime DEFAULT NULL,
  `group_comment` varchar(100) DEFAULT NULL,
  `group_sign` varchar(13) DEFAULT NULL,
  `group_date` datetime DEFAULT NULL,
  `comment_date` datetime DEFAULT NULL,
  `commander_grant` tinyint(4) DEFAULT NULL,
  `commander_comment` varchar(100) DEFAULT NULL,
  `commander_sign` varchar(13) DEFAULT NULL,
  `grant_date` datetime DEFAULT NULL,
  PRIMARY KEY (`id`)
) ENGINE=MyISAM DEFAULT CHARSET=utf8 COLLATE=utf8_general_ci;

--
-- Dumping data for table `la_cancel`
--


--
-- Table structure for table `la_collect`
--

CREATE TABLE `la_collect` (
  `id` int(11) NOT NULL AUTO_INCREMENT,
  `year` int(11) NOT NULL,
  `person_id` varchar(13) NOT NULL,
  `collect_day` tinyint(4) NOT NULL DEFAULT 0,
  `this_year_day` tinyint(4) NOT NULL DEFAULT 0,
  `officer` varchar(13) DEFAULT NULL,
  `rec_date` date DEFAULT NULL,
  PRIMARY KEY (`id`)
) ENGINE=MyISAM DEFAULT CHARSET=utf8 COLLATE=utf8_general_ci;

--
-- Dumping data for table `la_collect`
--


--
-- Table structure for table `la_main`
--

CREATE TABLE `la_main` (
  `id` int(11) NOT NULL AUTO_INCREMENT,
  `person_id` varchar(13) NOT NULL,
  `la_type` tinyint(4) NOT NULL,
  `write_at` varchar(100) DEFAULT NULL,
  `because` varchar(250) DEFAULT NULL,
  `la_start` date NOT NULL,
  `la_finish` date NOT NULL,
  `la_total` int(11) NOT NULL,
  `last_la_start` date DEFAULT NULL,
  `last_la_finish` date DEFAULT NULL,
  `last_la_total` int(11) DEFAULT NULL,
  `contact` varchar(150) DEFAULT NULL,
  `contact_tel` varchar(20) DEFAULT NULL,
  `document` varchar(100) DEFAULT NULL,
  `no_comment` tinyint(4) NOT NULL DEFAULT 0,
  `grant_p_selected` varchar(13) DEFAULT NULL,
  `sick_ago` int(11) DEFAULT NULL,
  `sick_this` int(11) DEFAULT NULL,
  `sick_total` int(11) DEFAULT NULL,
  `privacy_ago` int(11) DEFAULT NULL,
  `privacy_this` int(11) DEFAULT NULL,
  `privacy_total` int(11) DEFAULT NULL,
  `birth_ago` int(11) DEFAULT NULL,
  `birth_this` int(11) DEFAULT NULL,
  `birth_total` int(11) DEFAULT NULL,
  `relax_ago` int(11) DEFAULT NULL,
  `relax_this` int(11) DEFAULT NULL,
  `relax_total` int(11) DEFAULT NULL,
  `relax_collect` tinyint(4) DEFAULT NULL,
  `relax_this_year` tinyint(4) DEFAULT NULL,
  `job_person` varchar(13) DEFAULT NULL,
  `job_person_sign` tinyint(4) NOT NULL DEFAULT 0,
  `rec_date` datetime NOT NULL,
  `officer_comment` varchar(200) DEFAULT NULL,
  `officer_sign` varchar(13) DEFAULT NULL,
  `officer_date` datetime DEFAULT NULL,
  `group_comment` varchar(100) DEFAULT NULL,
  `group_sign` varchar(13) DEFAULT NULL,
  `group_date` datetime DEFAULT NULL,
  `comment_date` datetime DEFAULT NULL,
  `commander_grant` tinyint(4) DEFAULT NULL,
  `commander_comment` varchar(100) DEFAULT NULL,
  `commander_sign` varchar(13) DEFAULT NULL,
  `grant_date` datetime DEFAULT NULL,
  PRIMARY KEY (`id`)
) ENGINE=MyISAM DEFAULT CHARSET=utf8 COLLATE=utf8_general_ci;

--
-- Dumping data for table `la_main`
--


--
-- Table structure for table `la_permission`
--

CREATE TABLE `la_permission` (
  `id` int(11) NOT NULL AUTO_INCREMENT,
  `person_id` varchar(13) NOT NULL,
  `p1` tinyint(4) NOT NULL,
  `officer` varchar(13) NOT NULL,
  `rec_date` date NOT NULL,
  PRIMARY KEY (`id`)
) ENGINE=MyISAM AUTO_INCREMENT=2 DEFAULT CHARSET=utf8 COLLATE=utf8_general_ci;

--
-- Dumping data for table `la_permission`
--

INSERT INTO `la_permission` VALUES (1,'3340101288044',1,'3340101288044','2015-07-14');

--
-- Table structure for table `la_person_set`
--

CREATE TABLE `la_person_set` (
  `id` int(11) NOT NULL AUTO_INCREMENT,
  `person_id` varchar(13) NOT NULL,
  `comment_person` varchar(13) DEFAULT NULL,
  `grant_person` varchar(13) DEFAULT NULL,
  `officer` varchar(13) DEFAULT NULL,
  `rec_date` date DEFAULT NULL,
  PRIMARY KEY (`id`),
  UNIQUE KEY `person_id` (`person_id`)
) ENGINE=MyISAM AUTO_INCREMENT=2 DEFAULT CHARSET=utf8 COLLATE=utf8_general_ci;

--
-- Dumping data for table `la_person_set`
--

INSERT INTO `la_person_set` VALUES (1,'3349700062157','3340101288044','','3490300234784','2015-06-15');

--
-- Table structure for table `la_year`
--

CREATE TABLE `la_year` (
  `id` int(11) NOT NULL AUTO_INCREMENT,
  `budget_year` int(11) NOT NULL,
  `year_active` tinyint(1) NOT NULL,
  PRIMARY KEY (`id`),
  UNIQUE KEY `budget_year` (`budget_year`)
) ENGINE=MyISAM AUTO_INCREMENT=4 DEFAULT CHARSET=utf8 COLLATE=utf8_general_ci;

--
-- Dumping data for table `la_year`
--

INSERT INTO `la_year` VALUES (1,2557,0),(2,2558,0),(3,2563,1);

--
-- Table structure for table `mail_filebook`
--

CREATE TABLE `mail_filebook` (
  `id` int(11) NOT NULL AUTO_INCREMENT,
  `ref_id` varchar(50) NOT NULL,
  `file_name` varchar(100) NOT NULL,
  `file_des` varchar(100) NOT NULL,
  PRIMARY KEY (`id`)
) ENGINE=MyISAM AUTO_INCREMENT=12 DEFAULT CHARSET=utf8 COLLATE=utf8_general_ci;

--
-- Dumping data for table `mail_filebook`
--

INSERT INTO `mail_filebook` VALUES (1,'18399001316231410677795','18399001316231410677795_1.jpg','ภาพการทำกิจกรรม'),(2,'33401013021361410678282','33401013021361410678282_1.jpg','อยากไปเที่ยว'),(3,'33401013021361411961282','33401013021361411961282_1.png','รายชื่อนักเรียนชั้น ป4'),(4,'33401012880441420596590','33401012880441420596590_1.doc','คำสั่ง'),(5,'33401012880441420596590','33401012880441420596590_2.xls','รายการอาหาร'),(6,'33401012880441420596590','33401012880441420596590_3.xls','หน้างบอาหาร'),(7,'33401012880441420596590','33401012880441420596590_4.doc','หน้างบ'),(8,'33401012880441421135677','33401012880441421135677_1.doc','หนังสือราชการ'),(9,'33401012880441421135677','33401012880441421135677_2.xls','รายการอาหาร'),(10,'33401012880441421135677','33401012880441421135677_3.xls','หน้างบอาหาร'),(11,'33401012880441421135677','33401012880441421135677_4.doc','หน้างบ');

--
-- Table structure for table `mail_group`
--

CREATE TABLE `mail_group` (
  `grp_id` int(11) NOT NULL AUTO_INCREMENT,
  `grp_name` varchar(50) NOT NULL,
  PRIMARY KEY (`grp_id`)
) ENGINE=MyISAM AUTO_INCREMENT=7 DEFAULT CHARSET=utf8 COLLATE=utf8_general_ci;

--
-- Dumping data for table `mail_group`
--

INSERT INTO `mail_group` VALUES (1,'งานวิชาการ'),(2,'บริหารทั่วไป'),(3,'งบประมาณ'),(4,'กิจการนักเรียน'),(6,'บุคลากร');

--
-- Table structure for table `mail_group_member`
--

CREATE TABLE `mail_group_member` (
  `id` int(11) NOT NULL AUTO_INCREMENT,
  `grp_id` int(11) NOT NULL,
  `person_id` varchar(13) NOT NULL,
  PRIMARY KEY (`id`)
) ENGINE=MyISAM AUTO_INCREMENT=6 DEFAULT CHARSET=utf8 COLLATE=utf8_general_ci;

--
-- Dumping data for table `mail_group_member`
--

INSERT INTO `mail_group_member` VALUES (1,6,'3340101288044'),(2,6,'3349700062157'),(3,3,'3489900246684'),(4,3,'3341600065726'),(5,3,'3349700062157');

--
-- Table structure for table `mail_main`
--

CREATE TABLE `mail_main` (
  `ms_id` int(11) NOT NULL AUTO_INCREMENT,
  `sender` varchar(13) NOT NULL,
  `subject` varchar(150) NOT NULL,
  `detail` text DEFAULT NULL,
  `ref_id` varchar(50) NOT NULL,
  `send_date` datetime NOT NULL,
  PRIMARY KEY (`ms_id`),
  KEY `ref_id` (`ref_id`)
) ENGINE=MyISAM AUTO_INCREMENT=21 DEFAULT CHARSET=utf8 COLLATE=utf8_general_ci;

--
-- Dumping data for table `mail_main`
--

INSERT INTO `mail_main` VALUES (7,'3340101302136','สู้ๆ','ง่วงเราไม่ง่วง เหนื่อยเราไม่เหนื่อย สู้ๆ สู้!','33401013021361410678282','2014-09-14 14:06:19'),(2,'3341501529252','การอบรม','ขอชื่นชมนะครับที่เข้าอบรมด้วยความตั้งใจ','33415015292521410677789','2014-09-14 13:59:39'),(8,'3469900149191','อบรม','ดีใจที่มาอบรมวันนี้','34699001491911410678445','2014-09-14 14:08:56'),(4,'3341600065726','ขอขอบคุณ','ขอขอบคุณที่ท่านนำสิ่งที่ดีๆมาให้ทุกๆอย่าง เพราะท่านจึงมีวันนี้','33416000657261410677794','2014-09-14 14:01:50'),(5,'1839900131623','การไปดูงาน','การไปดูงานในครั้งนี้ขอความกรุณาพี่ๆสนับสนุนค่าใช้จ่าย 55555555 ขำๆเด้อลองเบิ่ง','18399001316231410677795','2014-09-14 14:04:33'),(9,'3469900149191','อบรม','OK มั๊ยคะ','34699001491911410678731','2014-09-14 14:13:37'),(13,'3340101288044','เลขที่นักเรียนชั้นต่างๆ','ถ้าอยากให้เลขที่ของนักเรียนตรงกับของชั้นตนเอง กรุณาเขียนเลขที่ของห้องท่านมาจะได้แก้ให้ถูกต้องตามบัญชีเรียกชื่อครับ','33401012880441410796854','2014-09-15 23:03:10'),(11,'3340101288044','สำรวจรายชื่อนักเรียนชั้นของตนเอง และ ลงเวลามาของนักเรียน','แจ้งสำรวจรายชื่อนักเรียนชั้นของตนเอง ว่าถูกต้องหรือไม่ แจ้งแก้ไขข้อมูลนักเรียนและ ลงเวลามาของนักเรียนได้แล้วตั้งแต่บัดนี้เป็นต้นไป','33401012880441410755275','2014-09-15 11:29:29'),(12,'3469900149191','แจ้งรายชื่อนักเรียน','รายชื่อนักเรียนชั้นป.5 ถูกต้องแล้วค่ะ แต่ทำไมรายชื่อมันไม่เรียงตามเลขที่คะ ลงเวลาเรียนวันนี้แล้วนะคะ ต้องขอโทษด้วยขี้เหล็กไม่มีสัญญาณเน็ตเลยต้องลงตอนเย็นที่บ้านค่ะ ขอบคุณค่ะ','34699001491911410789235','2014-09-15 20:58:21'),(14,'3340101288044','การตรวจสุขภาพนักเรียนครั้งที่ 1/2557','แจ้งครูประจำชั้นเรียนกรอกข้อมูลการตรวจสุขภาพนักเรียนครั้งทึ 1 ','33401012880441410920487','2014-09-17 09:23:02'),(15,'3341501529252','การกรอกข้อมูลการตรวจสุขภาพนักเรียน','ขอให้ครูประจำชั้นทุกชั้นกรอกข้อมูลการตรวจสุขภาพนักเรียนครั้งที่1','33415015292521411560800','2014-09-24 19:15:54'),(16,'3340101302136','รายชื่อนักเรียน ป4','รบกวนเปลี่ยนลำดับนักเรียนตามรายชื่อที่แนบให้ด้วยค่ะ ขอบคุณคะ','33401013021361411961282','2014-09-29 10:34:41'),(17,'3340101288044','เลขที่นักเรียน','เลขที่นักเรียนถ้าไม่ตรงกับป.พ.ให้ แจ้งเลขที่ได้','33401012880441415068228','2014-11-04 09:32:28'),(18,'3340101288044','ส่งมอบงานอาหารกลางวัน','งานอาหารกลางวัน','33401012880441420596590','2015-01-07 09:21:08'),(19,'3340101288044','อาหารกลางวัน','อาหารกลางวัน','33401012880441421135677','2015-01-13 14:55:50'),(20,'3469900149191','รายชื่อนักเรียน','ขาดเด็กชายณัฐวุฒิ ทองคำ นักเรียนชั้นป.6 ค่ะ','34699001491911432614922','2015-05-26 11:36:51');

--
-- Table structure for table `mail_permission`
--

CREATE TABLE `mail_permission` (
  `id` int(11) NOT NULL AUTO_INCREMENT,
  `person_id` varchar(13) NOT NULL,
  `p1` tinyint(4) NOT NULL,
  `officer` varchar(13) NOT NULL,
  `rec_date` date NOT NULL,
  PRIMARY KEY (`id`)
) ENGINE=MyISAM AUTO_INCREMENT=3 DEFAULT CHARSET=utf8 COLLATE=utf8_general_ci;

--
-- Dumping data for table `mail_permission`
--

INSERT INTO `mail_permission` VALUES (1,'3340101288044',1,'3340101288044','2016-08-02'),(2,'3349700062157',1,'3340101288044','2016-08-02');

--
-- Table structure for table `mail_sendto_answer`
--

CREATE TABLE `mail_sendto_answer` (
  `id` int(11) NOT NULL AUTO_INCREMENT,
  `ref_id` varchar(50) NOT NULL,
  `send_to` varchar(13) NOT NULL,
  `answer` tinyint(4) NOT NULL DEFAULT 0,
  `answer_time` datetime NOT NULL,
  PRIMARY KEY (`id`),
  KEY `ref_id` (`ref_id`),
  KEY `send_to` (`send_to`)
) ENGINE=MyISAM AUTO_INCREMENT=126 DEFAULT CHARSET=utf8 COLLATE=utf8_general_ci;

--
-- Dumping data for table `mail_sendto_answer`
--

INSERT INTO `mail_sendto_answer` VALUES (1,'33416000657261410677794','3341501529252',1,'2014-09-14 14:04:30'),(28,'33401013021361410678282','3489900246684',0,'0000-00-00 00:00:00'),(3,'33415015292521410677789','3489900246684',0,'0000-00-00 00:00:00'),(4,'33415015292521410677789','3469900149191',1,'2014-09-14 14:01:57'),(5,'33415015292521410677789','3349900343044',1,'2014-09-14 14:00:21'),(6,'33415015292521410677789','3340101288028',1,'2014-09-14 14:02:17'),(7,'33415015292521410677789','3340101288044',1,'2014-09-14 15:02:21'),(8,'33415015292521410677789','3341600065726',1,'2014-09-14 14:02:22'),(9,'33415015292521410677789','3340100630857',0,'0000-00-00 00:00:00'),(10,'33415015292521410677789','3340101302136',1,'2014-09-14 14:01:15'),(11,'33415015292521410677789','3490300234784',1,'2014-09-23 13:18:06'),(12,'33415015292521410677789','1839900131623',1,'2020-08-05 10:11:07'),(13,'33415015292521410677789','1341500049706',0,'0000-00-00 00:00:00'),(15,'18399001316231410677795','1341500049706',0,'0000-00-00 00:00:00'),(16,'18399001316231410677795','3340101302136',1,'2014-09-14 14:07:16'),(29,'33401013021361410678282','3469900149191',1,'2014-09-14 14:07:00'),(30,'33401013021361410678282','3349900343044',1,'2014-09-14 14:10:57'),(31,'33401013021361410678282','3340101288028',1,'2014-09-14 14:06:45'),(32,'33401013021361410678282','3340101288044',1,'2014-09-14 15:02:26'),(33,'33401013021361410678282','3341600065726',0,'0000-00-00 00:00:00'),(34,'33401013021361410678282','3340100630857',0,'0000-00-00 00:00:00'),(35,'33401013021361410678282','3341501529252',1,'2014-09-14 14:06:33'),(36,'33401013021361410678282','3490300234784',0,'0000-00-00 00:00:00'),(37,'33401013021361410678282','1839900131623',1,'2020-07-31 11:23:50'),(38,'33401013021361410678282','1341500049706',0,'0000-00-00 00:00:00'),(39,'34699001491911410678445','3489900246684',0,'0000-00-00 00:00:00'),(40,'34699001491911410678445','3349900343044',1,'2014-09-14 14:11:10'),(41,'34699001491911410678445','3340101288028',1,'2014-09-14 14:11:13'),(42,'34699001491911410678445','3340101288044',1,'2014-09-15 09:39:57'),(43,'34699001491911410678445','3341600065726',0,'0000-00-00 00:00:00'),(44,'34699001491911410678445','3340100630857',0,'0000-00-00 00:00:00'),(45,'34699001491911410678445','3341501529252',1,'2014-09-14 14:37:59'),(46,'34699001491911410678445','3340101302136',1,'2014-09-14 14:09:26'),(47,'34699001491911410678445','3490300234784',0,'0000-00-00 00:00:00'),(48,'34699001491911410678445','1839900131623',1,'2020-08-05 10:11:14'),(49,'34699001491911410678445','1341500049706',0,'0000-00-00 00:00:00'),(50,'34699001491911410678731','3340101302136',1,'2014-09-14 14:48:47'),(52,'33401012880441410755070','3341600065726',0,'0000-00-00 00:00:00'),(53,'33401012880441410755070','3340101288028',0,'0000-00-00 00:00:00'),(54,'33401012880441410755070','3489900246684',0,'0000-00-00 00:00:00'),(55,'33401012880441410755070','3349900343044',0,'0000-00-00 00:00:00'),(56,'33401012880441410755070','3469900149191',0,'0000-00-00 00:00:00'),(57,'33401012880441410755070','1839900131623',0,'0000-00-00 00:00:00'),(58,'33401012880441410755070','3490300234784',0,'0000-00-00 00:00:00'),(59,'33401012880441410755070','3340101302136',0,'0000-00-00 00:00:00'),(60,'33401012880441410755070','1341500049706',0,'0000-00-00 00:00:00'),(61,'33401012880441410755070','1341500162243',0,'0000-00-00 00:00:00'),(62,'33401012880441410755275','3341600065726',0,'0000-00-00 00:00:00'),(63,'33401012880441410755275','3340101288028',1,'2020-08-05 11:05:39'),(64,'33401012880441410755275','3489900246684',0,'0000-00-00 00:00:00'),(65,'33401012880441410755275','3349900343044',1,'2014-09-19 12:58:40'),(66,'33401012880441410755275','3469900149191',1,'2014-09-15 20:42:06'),(67,'33401012880441410755275','1839900131623',1,'2020-08-05 10:11:16'),(68,'33401012880441410755275','3490300234784',1,'2014-09-23 13:18:17'),(69,'33401012880441410755275','3340101302136',1,'2014-09-25 11:08:35'),(70,'33401012880441410755275','1341500049706',0,'0000-00-00 00:00:00'),(71,'33401012880441410755275','1341500162243',0,'0000-00-00 00:00:00'),(73,'33401012880441410796854','3341600065726',0,'0000-00-00 00:00:00'),(72,'34699001491911410789235','3340101288044',1,'2014-09-15 22:47:12'),(74,'33401012880441410796854','3340101288028',1,'2020-08-05 11:05:42'),(75,'33401012880441410796854','3349900343044',1,'2014-09-19 12:58:58'),(76,'33401012880441410796854','3469900149191',1,'2014-09-16 20:47:50'),(77,'33401012880441410796854','1839900131623',1,'2020-08-05 10:11:18'),(78,'33401012880441410796854','3490300234784',0,'0000-00-00 00:00:00'),(79,'33401012880441410796854','3340101302136',1,'2014-09-25 11:08:58'),(80,'33401012880441410796854','1341500162243',0,'0000-00-00 00:00:00'),(81,'33401012880441410796854','1341500049706',0,'0000-00-00 00:00:00'),(82,'33401012880441410920487','3489900246684',0,'0000-00-00 00:00:00'),(83,'33401012880441410920487','3469900149191',1,'2014-09-17 20:05:20'),(84,'33401012880441410920487','3349900343044',1,'2014-09-19 12:59:17'),(85,'33401012880441410920487','3340101288028',1,'2020-08-05 11:05:43'),(86,'33401012880441410920487','3341600065726',0,'0000-00-00 00:00:00'),(87,'33401012880441410920487','3340100630857',0,'0000-00-00 00:00:00'),(88,'33401012880441410920487','3341501529252',1,'2014-09-24 19:06:39'),(89,'33401012880441410920487','3340101302136',1,'2014-09-25 11:10:02'),(90,'33401012880441410920487','3490300234784',0,'0000-00-00 00:00:00'),(91,'33401012880441410920487','1839900131623',1,'2020-08-05 10:11:19'),(92,'33401012880441410920487','1341500049706',0,'0000-00-00 00:00:00'),(93,'33401012880441410920487','1341500162243',0,'0000-00-00 00:00:00'),(94,'33401012880441410920487','1341900109994',1,'2018-10-01 10:34:25'),(95,'33415015292521411560800','3489900246684',0,'0000-00-00 00:00:00'),(96,'33415015292521411560800','3469900149191',1,'2014-09-25 10:57:14'),(97,'33415015292521411560800','3349900343044',1,'2014-10-01 15:24:31'),(98,'33415015292521411560800','3340101288028',1,'2020-08-05 11:05:45'),(99,'33415015292521411560800','3340101288044',1,'2014-09-30 10:26:12'),(100,'33415015292521411560800','3341600065726',0,'0000-00-00 00:00:00'),(101,'33415015292521411560800','3340100630857',0,'0000-00-00 00:00:00'),(102,'33415015292521411560800','3340101302136',1,'2014-09-25 11:10:28'),(103,'33415015292521411560800','3490300234784',1,'2014-10-01 11:05:57'),(104,'33415015292521411560800','1839900131623',1,'2020-08-05 10:11:23'),(105,'33415015292521411560800','1341500049706',0,'0000-00-00 00:00:00'),(106,'33415015292521411560800','1341500162243',0,'0000-00-00 00:00:00'),(107,'33415015292521411560800','1341900109994',1,'2018-10-01 10:34:23'),(108,'33401013021361411961282','3340101288044',1,'2014-09-30 10:26:21'),(109,'33401012880441415068228','3489900246684',0,'0000-00-00 00:00:00'),(110,'33401012880441415068228','3469900149191',1,'2014-11-05 10:10:22'),(111,'33401012880441415068228','3349900343044',1,'2014-11-21 09:37:55'),(112,'33401012880441415068228','3340101288028',1,'2020-08-05 11:05:47'),(113,'33401012880441415068228','3341600065726',0,'0000-00-00 00:00:00'),(114,'33401012880441415068228','3340100630857',0,'0000-00-00 00:00:00'),(115,'33401012880441415068228','3341501529252',0,'0000-00-00 00:00:00'),(116,'33401012880441415068228','3340101302136',1,'2014-11-04 10:51:06'),(117,'33401012880441415068228','3490300234784',1,'2014-11-16 11:59:05'),(118,'33401012880441415068228','1839900131623',1,'2020-08-05 10:11:25'),(119,'33401012880441415068228','1341500049706',0,'0000-00-00 00:00:00'),(120,'33401012880441415068228','1341500162243',0,'0000-00-00 00:00:00'),(121,'33401012880441415068228','1341900109994',1,'2018-10-01 10:34:19'),(122,'33401012880441420596590','1839900131623',1,'2020-07-31 11:24:00'),(123,'33401012880441420596590','3349700062157',1,'2018-09-29 10:16:20'),(124,'33401012880441421135677','3469900149191',1,'2015-01-13 14:57:09'),(125,'34699001491911432614922','3340101288044',1,'2015-05-26 11:45:38');

--
-- Table structure for table `meeting_main`
--

CREATE TABLE `meeting_main` (
  `id` int(11) NOT NULL AUTO_INCREMENT,
  `room` tinyint(4) NOT NULL,
  `book_date` date NOT NULL,
  `book_date_end` date NOT NULL,
  `start_time` tinyint(4) NOT NULL,
  `finish_time` tinyint(4) NOT NULL,
  `objective` varchar(200) NOT NULL,
  `book_person` varchar(13) NOT NULL,
  `rec_date` datetime NOT NULL,
  `approve` int(11) DEFAULT NULL,
  `reason` varchar(200) DEFAULT NULL,
  `person_num` int(11) NOT NULL,
  `other` varchar(250) NOT NULL,
  `officer` varchar(13) DEFAULT NULL,
  `officer_date` datetime DEFAULT NULL,
  PRIMARY KEY (`id`)
) ENGINE=MyISAM DEFAULT CHARSET=utf8 COLLATE=utf8_general_ci;

--
-- Dumping data for table `meeting_main`
--


--
-- Table structure for table `meeting_permission`
--

CREATE TABLE `meeting_permission` (
  `id` int(11) NOT NULL AUTO_INCREMENT,
  `person_id` varchar(13) NOT NULL,
  `p1` tinyint(4) NOT NULL,
  `officer` varchar(13) NOT NULL,
  `rec_date` date NOT NULL,
  PRIMARY KEY (`id`)
) ENGINE=MyISAM AUTO_INCREMENT=2 DEFAULT CHARSET=utf8 COLLATE=utf8_general_ci;

--
-- Dumping data for table `meeting_permission`
--

INSERT INTO `meeting_permission` VALUES (1,'3349900343044',1,'3340101288044','2016-08-02');

--
-- Table structure for table `meeting_room`
--

CREATE TABLE `meeting_room` (
  `id` int(11) NOT NULL AUTO_INCREMENT,
  `room_code` tinyint(4) NOT NULL,
  `room_name` varchar(100) NOT NULL,
  `active` int(11) NOT NULL DEFAULT 0,
  PRIMARY KEY (`id`)
) ENGINE=MyISAM AUTO_INCREMENT=11 DEFAULT CHARSET=utf8 COLLATE=utf8_general_ci;

--
-- Dumping data for table `meeting_room`
--

INSERT INTO `meeting_room` VALUES (1,1,'ห้องประชุม1',1),(2,2,'ห้องประชุม2',0),(3,3,'ห้องประชุม3',0),(4,4,'หอ้งประชุม4',0),(5,5,'ห้องประชุม5',0),(6,6,'ห้องประชุม6',0),(7,7,'ห้องประชุม7',0),(8,8,'ห้องประชุม8',0),(9,9,'ห้องประชุม9',0),(10,10,'ห้องประชุม10',0);

--
-- Table structure for table `news_mainitem`
--

CREATE TABLE `news_mainitem` (
  `id` int(11) NOT NULL AUTO_INCREMENT,
  `code` int(11) NOT NULL,
  `mainitem` varchar(150) NOT NULL,
  `item_active` tinyint(1) NOT NULL DEFAULT 0,
  PRIMARY KEY (`id`),
  UNIQUE KEY `code` (`code`)
) ENGINE=MyISAM DEFAULT CHARSET=utf8 COLLATE=utf8_general_ci;

--
-- Dumping data for table `news_mainitem`
--


--
-- Table structure for table `news_news`
--

CREATE TABLE `news_news` (
  `id` int(11) NOT NULL AUTO_INCREMENT,
  `report_date` datetime NOT NULL,
  `news` varchar(250) NOT NULL,
  `file` varchar(150) NOT NULL,
  `section` int(11) NOT NULL,
  `mainitem_code` int(11) NOT NULL,
  `officer` varchar(13) NOT NULL,
  PRIMARY KEY (`id`)
) ENGINE=MyISAM DEFAULT CHARSET=utf8 COLLATE=utf8_general_ci;

--
-- Dumping data for table `news_news`
--


--
-- Table structure for table `news_permission`
--

CREATE TABLE `news_permission` (
  `id` int(11) NOT NULL AUTO_INCREMENT,
  `person_id` varchar(13) NOT NULL,
  `p1` tinyint(4) NOT NULL,
  `officer` varchar(13) NOT NULL,
  `rec_date` date NOT NULL,
  PRIMARY KEY (`id`)
) ENGINE=MyISAM DEFAULT CHARSET=utf8 COLLATE=utf8_general_ci;

--
-- Dumping data for table `news_permission`
--


--
-- Table structure for table `news_section`
--

CREATE TABLE `news_section` (
  `id` int(11) NOT NULL AUTO_INCREMENT,
  `code` tinyint(4) NOT NULL,
  `name` varchar(100) NOT NULL,
  `mainitem_code` int(11) NOT NULL,
  PRIMARY KEY (`id`)
) ENGINE=MyISAM DEFAULT CHARSET=utf8 COLLATE=utf8_general_ci;

--
-- Dumping data for table `news_section`
--


--
-- Table structure for table `permission_date`
--

CREATE TABLE `permission_date` (
  `id` int(11) NOT NULL AUTO_INCREMENT,
  `person_id` varchar(13) NOT NULL,
  `ref_id` varchar(50) NOT NULL,
  `date` date NOT NULL,
  `rec_date` datetime NOT NULL,
  PRIMARY KEY (`id`)
) ENGINE=MyISAM AUTO_INCREMENT=3 DEFAULT CHARSET=utf8 COLLATE=utf8_general_ci;

--
-- Dumping data for table `permission_date`
--

INSERT INTO `permission_date` VALUES (2,'3341600065726','143908923917925','2015-08-09','2015-08-09 10:01:49');

--
-- Table structure for table `permission_main`
--

CREATE TABLE `permission_main` (
  `id` int(11) NOT NULL AUTO_INCREMENT,
  `person_id` varchar(13) NOT NULL,
  `ref_id` varchar(50) NOT NULL,
  `subject` varchar(150) NOT NULL,
  `place` varchar(150) NOT NULL,
  `vehicle` varchar(150) DEFAULT NULL,
  `document` varchar(150) DEFAULT NULL,
  `no_comment` tinyint(4) NOT NULL DEFAULT 0,
  `grant_person_selected` varchar(13) DEFAULT NULL,
  `rec_date` datetime NOT NULL,
  `comment` varchar(200) DEFAULT NULL,
  `comment_person` varchar(13) DEFAULT NULL,
  `comment_date` datetime DEFAULT NULL,
  `grant_x` tinyint(4) DEFAULT NULL,
  `grant_comment` varchar(200) DEFAULT NULL,
  `grant_person` varchar(13) DEFAULT NULL,
  `grant_date` datetime DEFAULT NULL,
  `report` text DEFAULT NULL,
  `report_date` datetime DEFAULT NULL,
  PRIMARY KEY (`id`),
  UNIQUE KEY `ref_id` (`ref_id`)
) ENGINE=MyISAM AUTO_INCREMENT=2 DEFAULT CHARSET=utf8 COLLATE=utf8_general_ci;

--
-- Dumping data for table `permission_main`
--

INSERT INTO `permission_main` VALUES (1,'3341600065726','143908923917925','การอบรมเชิงปฏิบัติการการใชระบบSMSS ของโรงเรียนในสังกัด','ห้องประชุม   สพป.อบ.4 ','รถยนต์','',0,'3349700062157','2015-08-09 10:00:39',NULL,NULL,NULL,1,'','3349700062157','2016-08-23 15:57:40',NULL,NULL);

--
-- Table structure for table `permission_permission`
--

CREATE TABLE `permission_permission` (
  `id` int(11) NOT NULL AUTO_INCREMENT,
  `person_id` varchar(13) NOT NULL,
  `p1` tinyint(4) NOT NULL,
  `officer` varchar(13) NOT NULL,
  `rec_date` date NOT NULL,
  PRIMARY KEY (`id`)
) ENGINE=MyISAM DEFAULT CHARSET=utf8 COLLATE=utf8_general_ci;

--
-- Dumping data for table `permission_permission`
--


--
-- Table structure for table `permission_person_set`
--

CREATE TABLE `permission_person_set` (
  `id` int(11) NOT NULL AUTO_INCREMENT,
  `person_id` varchar(13) NOT NULL,
  `comment_person` varchar(13) DEFAULT NULL,
  `grant_person` varchar(13) DEFAULT NULL,
  `officer` varchar(13) DEFAULT NULL,
  `rec_date` date DEFAULT NULL,
  PRIMARY KEY (`id`),
  UNIQUE KEY `person_id` (`person_id`)
) ENGINE=MyISAM AUTO_INCREMENT=2 DEFAULT CHARSET=utf8 COLLATE=utf8_general_ci;

--
-- Dumping data for table `permission_person_set`
--

INSERT INTO `permission_person_set` VALUES (1,'3349700062157','3349700062157','3349700062157','3340101288044','2016-08-23');

--
-- Table structure for table `person_main`
--

CREATE TABLE `person_main` (
  `id` int(11) NOT NULL AUTO_INCREMENT,
  `person_id` varchar(13) NOT NULL,
  `prename` varchar(20) NOT NULL,
  `name` varchar(50) NOT NULL,
  `surname` varchar(50) NOT NULL,
  `position_code` tinyint(4) NOT NULL,
  `pic` varchar(150) DEFAULT NULL,
  `status` tinyint(4) NOT NULL DEFAULT 0,
  `person_order` tinyint(4) DEFAULT 0,
  `officer` varchar(13) NOT NULL,
  `rec_date` date NOT NULL,
  PRIMARY KEY (`id`),
  UNIQUE KEY `person_id` (`person_id`)
) ENGINE=MyISAM AUTO_INCREMENT=31 DEFAULT CHARSET=utf8 COLLATE=utf8_general_ci;

--
-- Dumping data for table `person_main`
--

INSERT INTO `person_main` VALUES (27,'1341500179871','นางสาว','โสภา','พยัคฆ์',3,'modules/person/picture/1341500179871.jpg',0,8,'3340101288044','2023-05-12'),(28,'1341500185235','นาง','ทิพย์วรรณ','ก้อนคำดี',3,'modules/person/picture/1341500185235.jpg',0,3,'3340101288044','2023-05-12'),(20,'1349900454419','นางสาว','จิราภรณ์','ทาทอง',3,'modules/person/picture/1349900454419.jpg',0,6,'3349700062157','2019-02-07'),(26,'1341500212119','นางสาว','สุธิดา','แสนทวีสุข',31,'',0,11,'3340101288044','2023-03-16'),(5,'3340101288044','นาย','อุปถัมภ์','วงศ์ตรี',3,'modules/person/picture/3340101288044.jpg',0,1,'1341900109994','0000-00-00'),(21,'1349900638731','นางสาว','กัลย์ภัสร์ชา','วรรณวงศ์',3,'modules/person/picture/1349900638731.jpg',0,5,'3340101288044','2019-02-07'),(8,'3341501529252','นาย','ไพฑูรย์','สุขสะเกษ',1,'modules/person/picture/3341501529252jpg1',1,1,'3340101288044','0000-00-00'),(9,'3340101302136','นาง','อัจฉรา','แสนบุตร',11,'modules/person/picture/3340101302136.png',0,10,'1341900109994','0000-00-00'),(11,'1839900131623','นางสาว','ณัฐธิดา','เชี่ยวชาญ',3,'modules/person/picture/1839900131623.jpg',0,2,'3349700062157','0000-00-00'),(16,'1250500088001','นาง','ทัศวรรณ','โลหา',3,'modules/person/picture/1250500088001.jpg',1,3,'3349700062157','2015-08-09'),(24,'1349900499013','นางสาว','กมลรัตน์','วงศ์สามารถ',4,'modules/person/picture/1349900499013.jpg',0,7,'3340101288044','2022-01-14'),(29,'1349900285811','นางสาว','รสสุคนธ์','พลบุบผา',3,'modules/person/picture/1349900285811.jpg',0,9,'3340101288044','2023-05-12'),(14,'1341900109994','นาย','อภิชาติ','ฝางคำ',32,'modules/person/picture/1341900109994.png',0,12,'1341900109994','2014-09-15'),(30,'3340701169496','นาย','ธนชาติ','บาตสุวรรณ์',1,'modules/person/picture/1340701169496.jpg',0,1,'1341900109994','2023-10-13');

--
-- Table structure for table `person_permission`
--

CREATE TABLE `person_permission` (
  `id` int(11) NOT NULL AUTO_INCREMENT,
  `person_id` varchar(13) NOT NULL,
  `p1` tinyint(4) NOT NULL,
  `officer` varchar(13) NOT NULL,
  `rec_date` date NOT NULL,
  PRIMARY KEY (`id`)
) ENGINE=MyISAM AUTO_INCREMENT=7 DEFAULT CHARSET=utf8 COLLATE=utf8_general_ci;

--
-- Dumping data for table `person_permission`
--

INSERT INTO `person_permission` VALUES (2,'3340101288044',1,'3340101288044','2015-08-09'),(3,'1341900109994',1,'1341000062525','2018-09-29');

--
-- Table structure for table `person_position`
--

CREATE TABLE `person_position` (
  `id` int(11) NOT NULL AUTO_INCREMENT,
  `position_code` int(11) NOT NULL,
  `position_name` varchar(50) NOT NULL,
  PRIMARY KEY (`id`),
  UNIQUE KEY `position_code` (`position_code`)
) ENGINE=MyISAM AUTO_INCREMENT=23 DEFAULT CHARSET=utf8 COLLATE=utf8_general_ci;

--
-- Dumping data for table `person_position`
--

INSERT INTO `person_position` VALUES (1,1,'ผู้อำนวยการโรงเรียน'),(2,2,'รองผู้อำนวยการโรงเรียน'),(3,3,'ครู'),(4,4,'ครูผู้ช่วย'),(5,11,'พนักงานราชการ(ครูผู้สอน)'),(6,12,'พนักงานราชการ(ครูพี่เลี้ยง)'),(7,13,'พนักงานราชการ(อื่น ๆ)'),(17,41,'ผู้จัดการโรงเรียนเอกชน'),(9,21,'ลูกจ้างประจำ(พนักงานธุรการ)'),(10,22,'ลูกจ้างประจำ(พนักงานขับรถยนต์))'),(11,23,'ลูกจ้างประจำ(ช่างครุภัณฑ์)'),(12,24,'ลูกจ้างประจำ(อื่น ๆ)'),(13,31,'ลูกจ้างชั่วคราว(ครู)'),(14,32,'ลูกจ้างชั่วคราว(เจ้าหน้าที่ธุรการโรงเรียน)'),(15,33,'ลูกจ้างชั่วคราว(นักการภารโรง)'),(16,34,'ลูกจ้างชั่วคราว(อื่น ๆ)'),(18,42,'เจ้าหน้าที่บริหารทั่วไปโรงเรียนเอกชน'),(19,43,'เจ้าหน้าที่อื่น ๆ โรงเรียนเอกชน'),(20,90,'ครูชำนาญการพิเศษ'),(21,67,'ครูชำนาญการ'),(22,19,'ครูพี่เลี้ยงเด็กพิการ');

--
-- Table structure for table `plan_acti`
--

CREATE TABLE `plan_acti` (
  `id` int(11) NOT NULL AUTO_INCREMENT,
  `budget_year` int(11) DEFAULT NULL,
  `code_clus` tinyint(4) NOT NULL,
  `code_proj` char(3) NOT NULL DEFAULT '',
  `code_acti` char(6) NOT NULL DEFAULT '',
  `code_approve` char(3) NOT NULL DEFAULT '',
  `budget_acti` decimal(10,2) NOT NULL DEFAULT 0.00,
  `budget_approve` decimal(10,2) NOT NULL DEFAULT 0.00,
  `dayinput` date NOT NULL DEFAULT '0000-00-00',
  `daythai` char(13) NOT NULL DEFAULT '',
  `name_acti` char(150) NOT NULL,
  `owner_acti` char(50) NOT NULL DEFAULT '',
  `id_defalt` char(13) NOT NULL DEFAULT '',
  `dayseri` datetime NOT NULL DEFAULT '0000-00-00 00:00:00',
  `begin_date` date NOT NULL,
  `finish_date` date NOT NULL,
  `stop` tinyint(1) DEFAULT NULL,
  PRIMARY KEY (`id`)
) ENGINE=MyISAM AUTO_INCREMENT=5 DEFAULT CHARSET=utf8 COLLATE=utf8_general_ci;

--
-- Dumping data for table `plan_acti`
--

INSERT INTO `plan_acti` VALUES (4,2564,4,'001','001001','120',127000.00,0.00,'2563-11-14','14 พ.ย. 2563','อาหารกลางวัน','','','2020-11-14 10:49:49','2020-12-01','2021-04-09',NULL);

--
-- Table structure for table `plan_proj`
--

CREATE TABLE `plan_proj` (
  `id` int(11) NOT NULL AUTO_INCREMENT,
  `budget_year` int(11) DEFAULT NULL,
  `code_clus` tinyint(4) NOT NULL,
  `code_tegy` char(1) NOT NULL DEFAULT '',
  `code_proj` char(3) NOT NULL DEFAULT '',
  `budget_proj` double NOT NULL DEFAULT 0,
  `budget_approve` double NOT NULL DEFAULT 0,
  `name_proj` varchar(250) NOT NULL DEFAULT '',
  `owner_proj` varchar(50) NOT NULL DEFAULT '',
  `file_detail` varchar(100) NOT NULL DEFAULT '',
  `dayrec` datetime NOT NULL DEFAULT '0000-00-00 00:00:00',
  `eval_tegy` varchar(250) NOT NULL DEFAULT '',
  `eval_activity` longtext NOT NULL,
  `eval_result` longtext NOT NULL,
  `eval_obstacle` longtext NOT NULL,
  `eval_particular` varchar(100) NOT NULL DEFAULT '',
  `begin_date` date NOT NULL,
  `finish_date` date NOT NULL,
  `allow_edit` char(1) NOT NULL DEFAULT '',
  PRIMARY KEY (`id`)
) ENGINE=MyISAM AUTO_INCREMENT=4 DEFAULT CHARSET=utf8 COLLATE=utf8_general_ci;

--
-- Dumping data for table `plan_proj`
--

INSERT INTO `plan_proj` VALUES (2,2559,1,'','001',20000,0,'โครงการพัฒนาผลสัมฤทธิ์ทางการเรียน 8 กลุ่มสาระทุกระดับชั้น\r\n','3341600065726','','2015-09-29 10:21:14','','','','','','2015-10-01','2015-09-30',''),(3,2564,4,'3','001',127000,0,'โครงการอาหารกลางวัน','1839900131623','','2020-11-14 10:31:04','','','','','','2020-12-01','2021-04-09','');

--
-- Table structure for table `plan_setgic_year`
--

CREATE TABLE `plan_setgic_year` (
  `id` int(11) NOT NULL AUTO_INCREMENT,
  `budget_year` int(11) NOT NULL,
  `year_active` tinyint(1) NOT NULL,
  PRIMARY KEY (`id`),
  UNIQUE KEY `budget_year` (`budget_year`)
) ENGINE=MyISAM AUTO_INCREMENT=5 DEFAULT CHARSET=utf8 COLLATE=utf8_general_ci;

--
-- Dumping data for table `plan_setgic_year`
--

INSERT INTO `plan_setgic_year` VALUES (4,2554,1);

--
-- Table structure for table `plan_standard`
--

CREATE TABLE `plan_standard` (
  `id` int(11) NOT NULL AUTO_INCREMENT,
  `budget_year` int(11) NOT NULL,
  `sd_year` int(4) NOT NULL,
  `code_clus` tinyint(4) NOT NULL,
  `code_proj` char(3) NOT NULL,
  `code_acti` char(6) NOT NULL,
  `sd_level` char(1) NOT NULL,
  `sd_id` int(11) NOT NULL,
  `id_indicator` int(11) NOT NULL,
  PRIMARY KEY (`id`)
) ENGINE=MyISAM AUTO_INCREMENT=3 DEFAULT CHARSET=utf8 COLLATE=utf8_general_ci;

--
-- Dumping data for table `plan_standard`
--

INSERT INTO `plan_standard` VALUES (1,2558,2554,1,'001','001002','1',5,501),(2,2558,2554,1,'001','001003','1',5,501);

--
-- Table structure for table `plan_stregic`
--

CREATE TABLE `plan_stregic` (
  `id` int(11) NOT NULL AUTO_INCREMENT,
  `id_tegic` int(3) NOT NULL,
  `budget_year` int(4) NOT NULL,
  `strategic` varchar(200) NOT NULL,
  PRIMARY KEY (`id`)
) ENGINE=MyISAM AUTO_INCREMENT=7 DEFAULT CHARSET=utf8 COLLATE=utf8_general_ci;

--
-- Dumping data for table `plan_stregic`
--

INSERT INTO `plan_stregic` VALUES (1,1,2564,'ด้านความมั่นคง'),(2,2,2564,'ด้านความสามารถในการแข่งขัน'),(3,3,2564,'ด้านพัฒนาและเสริมสร้างทรัพยากร'),(4,4,2564,'ด้านการสร้างโอกาสและความเสมอภาคทางสังคม'),(5,5,2564,'ด้านการสร้างการเติบโตบนคุณภาพชีวิตที่เป็นมิตรกับสิ่งแวดล้อม\r\n'),(6,6,2564,'ด้านการปรับสมดุลและการพัฒนาระบบบริหารจัดการภาครัฐ');

--
-- Table structure for table `plan_year`
--

CREATE TABLE `plan_year` (
  `id` int(11) NOT NULL AUTO_INCREMENT,
  `budget_year` int(11) NOT NULL,
  `year_active` tinyint(1) NOT NULL,
  PRIMARY KEY (`id`),
  UNIQUE KEY `budget_year` (`budget_year`)
) ENGINE=MyISAM AUTO_INCREMENT=11 DEFAULT CHARSET=utf8 COLLATE=utf8_general_ci;

--
-- Dumping data for table `plan_year`
--

INSERT INTO `plan_year` VALUES (7,2559,0),(6,2558,0),(8,2563,0),(9,2560,0),(10,2564,1);

--
-- Table structure for table `questionnaire_permission`
--

CREATE TABLE `questionnaire_permission` (
  `id` int(11) NOT NULL AUTO_INCREMENT,
  `person_id` varchar(13) NOT NULL,
  `p1` tinyint(4) NOT NULL,
  `officer` varchar(13) NOT NULL,
  `rec_date` date NOT NULL,
  PRIMARY KEY (`id`),
  UNIQUE KEY `person_id` (`person_id`)
) ENGINE=MyISAM AUTO_INCREMENT=2 DEFAULT CHARSET=utf8 COLLATE=utf8_general_ci;

--
-- Dumping data for table `questionnaire_permission`
--

INSERT INTO `questionnaire_permission` VALUES (1,'1341900109994',1,'3349700062157','2020-03-20');

--
-- Table structure for table `savings_account`
--

CREATE TABLE `savings_account` (
  `account_id` int(11) NOT NULL AUTO_INCREMENT,
  `acc_code` varchar(10) NOT NULL,
  `description` varchar(100) NOT NULL,
  PRIMARY KEY (`account_id`)
) ENGINE=MyISAM AUTO_INCREMENT=7 DEFAULT CHARSET=utf8 COLLATE=utf8_general_ci;

--
-- Dumping data for table `savings_account`
--

INSERT INTO `savings_account` VALUES (1,'1','ฝาก'),(2,'2','ถอน'),(3,'3','ยอดยกมา'),(4,'4','ดอกเบี้ยเงินฝาก'),(5,'5','รายการแก้ไข'),(6,'6','ปิดบัญชี');

--
-- Table structure for table `savings_base`
--

CREATE TABLE `savings_base` (
  `base_id` int(5) NOT NULL AUTO_INCREMENT,
  `study_year` int(5) NOT NULL,
  `status` int(2) NOT NULL,
  PRIMARY KEY (`base_id`)
) ENGINE=MyISAM AUTO_INCREMENT=7 DEFAULT CHARSET=utf8 COLLATE=utf8_general_ci;

--
-- Dumping data for table `savings_base`
--

INSERT INTO `savings_base` VALUES (2,2557,0),(3,2558,0),(4,2561,0),(5,2562,0),(6,2568,1);

--
-- Table structure for table `savings_money`
--

CREATE TABLE `savings_money` (
  `save_id` int(11) NOT NULL AUTO_INCREMENT,
  `std_id` varchar(15) NOT NULL,
  `year_past` varchar(4) NOT NULL,
  `amount_money` decimal(8,2) NOT NULL,
  `day_save` varchar(3) NOT NULL,
  `month_save` varchar(3) NOT NULL,
  `year_save` varchar(5) NOT NULL,
  `timer` time NOT NULL,
  `office` varchar(15) DEFAULT NULL,
  `day_act` varchar(20) NOT NULL,
  `acc_type` varchar(10) NOT NULL,
  `level_class` varchar(5) NOT NULL,
  `room` varchar(5) NOT NULL,
  `student_number` varchar(5) NOT NULL,
  `rec_officer` varchar(13) DEFAULT NULL,
  PRIMARY KEY (`save_id`),
  KEY `std_id` (`std_id`),
  KEY `room` (`room`),
  KEY `level_class` (`level_class`),
  KEY `acc_type` (`acc_type`),
  KEY `day_act` (`day_act`)
) ENGINE=MyISAM AUTO_INCREMENT=214 DEFAULT CHARSET=utf8 COLLATE=utf8_general_ci;

--
-- Dumping data for table `savings_money`
--

INSERT INTO `savings_money` VALUES (1,'929','2557',20.00,'06','11','2014','11:03:00','2014-11-06','06/11/2014','1','7','1','2','3340101302136'),(2,'928','2557',5.00,'06','11','2014','11:05:40','2014-11-06','06/11/2014','1','7','1','1','3340101302136'),(3,'929','2557',20.00,'06','11','2014','11:05:40','2014-11-06','06/11/2014','1','7','1','2','3340101302136'),(4,'931','2557',20.00,'06','11','2014','11:05:40','2014-11-06','06/11/2014','1','7','1','3','3340101302136'),(5,'932','2557',50.00,'06','11','2014','11:05:40','2014-11-06','06/11/2014','1','7','1','4','3340101302136'),(6,'988','2557',2.00,'06','11','2014','11:05:40','2014-11-06','06/11/2014','1','7','1','5','3340101302136'),(7,'933','2557',25.00,'06','11','2014','11:05:40','2014-11-06','06/11/2014','1','7','1','8','3340101302136'),(8,'935','2557',10.00,'06','11','2014','11:05:40','2014-11-06','06/11/2014','1','7','1','10','3340101302136'),(9,'959','2557',50.00,'06','11','2014','11:05:40','2014-11-06','06/11/2014','1','7','1','13','3340101302136'),(10,'992','2557',5.00,'06','11','2014','11:05:40','2014-11-06','06/11/2014','1','7','1','14','3340101302136'),(11,'1057','2557',5.00,'06','11','2014','11:05:40','2014-11-06','06/11/2014','1','7','1','16','3340101302136'),(12,'928','2557',5.00,'07','11','2014','09:48:01','2014-11-07','07/11/2014','1','7','1','1','3340101302136'),(13,'932','2557',10.00,'07','11','2014','09:48:01','2014-11-07','07/11/2014','1','7','1','4','3340101302136'),(14,'988','2557',50.00,'07','11','2014','09:48:01','2014-11-07','07/11/2014','1','7','1','5','3340101302136'),(15,'933','2557',8.00,'07','11','2014','09:48:01','2014-11-07','07/11/2014','1','7','1','8','3340101302136'),(16,'934','2557',20.00,'07','11','2014','09:48:01','2014-11-07','07/11/2014','1','7','1','9','3340101302136'),(17,'935','2557',10.00,'07','11','2014','09:48:01','2014-11-07','07/11/2014','1','7','1','10','3340101302136'),(18,'936','2557',20.00,'07','11','2014','09:48:01','2014-11-07','07/11/2014','1','7','1','11','3340101302136'),(19,'937','2557',16.00,'07','11','2014','09:48:01','2014-11-07','07/11/2014','1','7','1','12','3340101302136'),(20,'992','2557',30.00,'07','11','2014','09:48:01','2014-11-07','07/11/2014','1','7','1','14','3340101302136'),(21,'1057','2557',5.00,'07','11','2014','09:48:01','2014-11-07','07/11/2014','1','7','1','16','3340101302136'),(22,'928','2557',5.00,'10','11','2014','02:13:27','2014-11-10','10/11/2014','1','7','1','1','3340101302136'),(23,'929','2557',6.00,'10','11','2014','02:13:27','2014-11-10','10/11/2014','1','7','1','2','3340101302136'),(24,'931','2557',5.00,'10','11','2014','02:13:27','2014-11-10','10/11/2014','1','7','1','3','3340101302136'),(25,'988','2557',10.00,'10','11','2014','02:13:27','2014-11-10','10/11/2014','1','7','1','5','3340101302136'),(26,'933','2557',30.00,'10','11','2014','02:13:27','2014-11-10','10/11/2014','1','7','1','8','3340101302136'),(27,'934','2557',20.00,'10','11','2014','02:13:27','2014-11-10','10/11/2014','1','7','1','9','3340101302136'),(28,'937','2557',20.00,'10','11','2014','02:13:27','2014-11-10','10/11/2014','1','7','1','12','3340101302136'),(29,'992','2557',10.00,'10','11','2014','02:13:27','2014-11-10','10/11/2014','1','7','1','14','3340101302136'),(30,'928','2557',5.00,'11','11','2014','01:22:52','2014-11-11','11/11/2014','1','7','1','1','3340101302136'),(31,'929','2557',40.00,'11','11','2014','01:22:52','2014-11-11','11/11/2014','1','7','1','2','3340101302136'),(32,'931','2557',5.00,'11','11','2014','01:22:52','2014-11-11','11/11/2014','1','7','1','3','3340101302136'),(33,'990','2557',5.00,'11','11','2014','01:22:52','2014-11-11','11/11/2014','1','7','1','6','3340101302136'),(34,'1058','2557',10.00,'11','11','2014','01:22:52','2014-11-11','11/11/2014','1','7','1','7','3340101302136'),(35,'933','2557',10.00,'11','11','2014','01:22:52','2014-11-11','11/11/2014','1','7','1','8','3340101302136'),(36,'934','2557',15.00,'11','11','2014','01:22:52','2014-11-11','11/11/2014','1','7','1','9','3340101302136'),(37,'937','2557',20.00,'11','11','2014','01:22:52','2014-11-11','11/11/2014','1','7','1','12','3340101302136'),(38,'959','2557',5.00,'11','11','2014','01:22:52','2014-11-11','11/11/2014','1','7','1','13','3340101302136'),(39,'992','2557',10.00,'11','11','2014','01:22:52','2014-11-11','11/11/2014','1','7','1','14','3340101302136'),(40,'1020','2557',8.00,'11','11','2014','01:22:52','2014-11-11','11/11/2014','1','7','1','15','3340101302136'),(41,'1057','2557',5.00,'11','11','2014','01:22:52','2014-11-11','11/11/2014','1','7','1','16','3340101302136'),(42,'928','2557',5.00,'12','11','2014','01:46:13','2014-11-12','12/11/2014','1','7','1','1','3340101302136'),(43,'932','2557',10.00,'12','11','2014','01:46:13','2014-11-12','12/11/2014','1','7','1','4','3340101302136'),(44,'988','2557',10.00,'12','11','2014','01:46:13','2014-11-12','12/11/2014','1','7','1','5','3340101302136'),(45,'990','2557',5.00,'12','11','2014','01:46:13','2014-11-12','12/11/2014','1','7','1','6','3340101302136'),(46,'933','2557',14.00,'12','11','2014','01:46:13','2014-11-12','12/11/2014','1','7','1','8','3340101302136'),(47,'935','2557',3.00,'12','11','2014','01:46:13','2014-11-12','12/11/2014','1','7','1','10','3340101302136'),(48,'937','2557',20.00,'12','11','2014','01:46:13','2014-11-12','12/11/2014','1','7','1','12','3340101302136'),(49,'959','2557',5.00,'12','11','2014','01:46:13','2014-11-12','12/11/2014','1','7','1','13','3340101302136'),(50,'992','2557',5.00,'12','11','2014','01:46:13','2014-11-12','12/11/2014','1','7','1','14','3340101302136'),(51,'1020','2557',20.00,'12','11','2014','01:46:13','2014-11-12','12/11/2014','1','7','1','15','3340101302136'),(52,'928','2557',5.00,'12','11','2014','01:46:14','2014-11-12','12/11/2014','1','7','1','1','3340101302136'),(53,'932','2557',10.00,'12','11','2014','01:46:14','2014-11-12','12/11/2014','1','7','1','4','3340101302136'),(54,'988','2557',10.00,'12','11','2014','01:46:14','2014-11-12','12/11/2014','1','7','1','5','3340101302136'),(55,'990','2557',5.00,'12','11','2014','01:46:14','2014-11-12','12/11/2014','1','7','1','6','3340101302136'),(56,'933','2557',14.00,'12','11','2014','01:46:14','2014-11-12','12/11/2014','1','7','1','8','3340101302136'),(57,'935','2557',3.00,'12','11','2014','01:46:14','2014-11-12','12/11/2014','1','7','1','10','3340101302136'),(58,'937','2557',20.00,'12','11','2014','01:46:14','2014-11-12','12/11/2014','1','7','1','12','3340101302136'),(59,'959','2557',5.00,'12','11','2014','01:46:14','2014-11-12','12/11/2014','1','7','1','13','3340101302136'),(60,'992','2557',5.00,'12','11','2014','01:46:14','2014-11-12','12/11/2014','1','7','1','14','3340101302136'),(61,'1020','2557',20.00,'12','11','2014','01:46:14','2014-11-12','12/11/2014','1','7','1','15','3340101302136'),(62,'907','2557',100.00,'21','11','2014','09:12:19','2014-11-21','21/11/2014','1','9','1','0','3349900343044'),(63,'906','2557',162.00,'21','11','2014','09:17:08','2014-11-21','21/11/2014','1','9','1','0','3349900343044'),(64,'927','2557',20.00,'21','11','2014','09:17:08','2014-11-21','21/11/2014','1','9','1','0','3349900343044'),(65,'903','2557',157.00,'21','11','2014','09:17:08','2014-11-21','21/11/2014','1','9','1','0','3349900343044'),(66,'901','2557',623.00,'21','11','2014','09:17:08','2014-11-21','21/11/2014','1','9','1','0','3349900343044'),(67,'900','2557',210.00,'21','11','2014','09:17:08','2014-11-21','21/11/2014','1','9','1','0','3349900343044'),(68,'898','2557',38.00,'21','11','2014','09:17:08','2014-11-21','21/11/2014','1','9','1','0','3349900343044'),(69,'897','2557',1100.00,'21','11','2014','09:17:08','2014-11-21','21/11/2014','1','9','1','0','3349900343044'),(70,'907','2557',100.00,'21','11','2014','09:17:08','2014-11-21','21/11/2014','1','9','1','0','3349900343044'),(71,'928','2557',5.00,'24','11','2014','01:46:38','2014-11-24','24/11/2014','1','7','1','1','3340101302136'),(72,'929','2557',20.00,'24','11','2014','01:46:38','2014-11-24','24/11/2014','1','7','1','2','3340101302136'),(73,'932','2557',5.00,'24','11','2014','01:46:38','2014-11-24','24/11/2014','1','7','1','4','3340101302136'),(74,'988','2557',5.00,'24','11','2014','01:46:38','2014-11-24','24/11/2014','1','7','1','5','3340101302136'),(75,'990','2557',5.00,'24','11','2014','01:46:38','2014-11-24','24/11/2014','1','7','1','6','3340101302136'),(76,'933','2557',20.00,'24','11','2014','01:46:38','2014-11-24','24/11/2014','1','7','1','8','3340101302136'),(77,'934','2557',20.00,'24','11','2014','01:46:38','2014-11-24','24/11/2014','1','7','1','9','3340101302136'),(78,'936','2557',10.00,'24','11','2014','01:46:38','2014-11-24','24/11/2014','1','7','1','11','3340101302136'),(79,'937','2557',14.00,'24','11','2014','01:46:38','2014-11-24','24/11/2014','1','7','1','12','3340101302136'),(80,'992','2557',10.00,'24','11','2014','01:46:38','2014-11-24','24/11/2014','1','7','1','14','3340101302136'),(81,'1057','2557',7.00,'24','11','2014','01:46:38','2014-11-24','24/11/2014','1','7','1','16','3340101302136'),(82,'928','2557',5.00,'27','11','2014','11:27:50','2014-11-27','27/11/2014','1','7','1','1','3340101302136'),(83,'932','2557',10.00,'27','11','2014','11:27:50','2014-11-27','27/11/2014','1','7','1','4','3340101302136'),(84,'933','2557',10.00,'27','11','2014','11:27:50','2014-11-27','27/11/2014','1','7','1','8','3340101302136'),(85,'934','2557',5.00,'27','11','2014','11:27:50','2014-11-27','27/11/2014','1','7','1','9','3340101302136'),(86,'936','2557',20.00,'27','11','2014','11:27:50','2014-11-27','27/11/2014','1','7','1','11','3340101302136'),(87,'937','2557',30.00,'27','11','2014','11:27:50','2014-11-27','27/11/2014','1','7','1','12','3340101302136'),(88,'959','2557',5.00,'27','11','2014','11:27:50','2014-11-27','27/11/2014','1','7','1','13','3340101302136'),(89,'992','2557',20.00,'27','11','2014','11:27:50','2014-11-27','27/11/2014','1','7','1','14','3340101302136'),(90,'1057','2557',5.00,'27','11','2014','11:27:50','2014-11-27','27/11/2014','1','7','1','16','3340101302136'),(91,'894','2557',10.00,'08','12','2014','10:02:08','2014-12-08','08/12/2014','1','9','1','0','3349900343044'),(92,'894','2557',0.00,'08','12','2014','10:03:19','2014-12-08','08/12/2014','1','9','1','0','3349900343044'),(93,'906','2557',10.00,'08','12','2014','10:03:19','2014-12-08','08/12/2014','1','9','1','0','3349900343044'),(94,'901','2557',25.00,'08','12','2014','10:03:19','2014-12-08','08/12/2014','1','9','1','0','3349900343044'),(95,'897','2557',1100.00,'08','12','2014','10:35:48','2014-12-08','08/12/2014','2','9','1','0','3349900343044'),(96,'894','2557',10.00,'08','12','2014','10:37:29','2014-12-08','08/12/2014','2','9','1','0','3349900343044'),(97,'906','2557',172.00,'08','12','2014','10:37:56','2014-12-08','08/12/2014','2','9','1','0','3349900343044'),(98,'927','2557',20.00,'08','12','2014','10:38:31','2014-12-08','08/12/2014','2','9','1','0','3349900343044'),(99,'903','2557',157.00,'08','12','2014','10:41:01','2014-12-08','08/12/2014','2','9','1','0','3349900343044'),(100,'901','2557',648.00,'08','12','2014','10:41:25','2014-12-08','08/12/2014','2','9','1','0','3349900343044'),(101,'900','2557',210.00,'08','12','2014','10:41:52','2014-12-08','08/12/2014','2','9','1','0','3349900343044'),(102,'898','2557',38.00,'08','12','2014','10:42:14','2014-12-08','08/12/2014','2','9','1','0','3349900343044'),(103,'907','2557',200.00,'08','12','2014','10:42:55','2014-12-08','08/12/2014','2','9','1','0','3349900343044'),(104,'894','2557',18.00,'08','12','2014','10:47:41','2014-12-08','08/12/2014','1','9','1','0','3349900343044'),(105,'906','2557',180.00,'08','12','2014','10:47:41','2014-12-08','08/12/2014','1','9','1','0','3349900343044'),(106,'927','2557',0.00,'08','12','2014','10:47:41','2014-12-08','08/12/2014','1','9','1','0','3349900343044'),(107,'903','2557',137.00,'08','12','2014','10:47:41','2014-12-08','08/12/2014','1','9','1','0','3349900343044'),(108,'901','2557',698.00,'08','12','2014','10:47:41','2014-12-08','08/12/2014','1','9','1','0','3349900343044'),(109,'902','2557',0.00,'08','12','2014','10:47:41','2014-12-08','08/12/2014','1','9','1','0','3349900343044'),(110,'900','2557',210.00,'08','12','2014','10:47:41','2014-12-08','08/12/2014','1','9','1','0','3349900343044'),(111,'898','2557',33.00,'08','12','2014','10:47:41','2014-12-08','08/12/2014','1','9','1','0','3349900343044'),(112,'897','2557',0.00,'08','12','2014','10:47:41','2014-12-08','08/12/2014','1','9','1','0','3349900343044'),(113,'907','2557',105.00,'08','12','2014','10:47:41','2014-12-08','08/12/2014','1','9','1','0','3349900343044'),(114,'894','2557',18.00,'03','06','2015','11:40:47','2015-06-03','03/06/2015','2','9','1','0','3349900343044'),(115,'906','2557',180.00,'03','06','2015','01:10:36','2015-06-03','03/06/2015','2','9','1','0','3349900343044'),(116,'903','2557',137.00,'03','06','2015','01:11:43','2015-06-03','03/06/2015','2','9','1','0','3349900343044'),(117,'901','2557',698.00,'03','06','2015','01:12:17','2015-06-03','03/06/2015','2','9','1','0','3349900343044'),(118,'900','2557',210.00,'03','06','2015','01:13:05','2015-06-03','03/06/2015','2','9','1','0','3349900343044'),(119,'898','2557',33.00,'03','06','2015','01:13:38','2015-06-03','03/06/2015','2','9','1','0','3349900343044'),(120,'907','2557',105.00,'03','06','2015','01:14:24','2015-06-03','03/06/2015','2','9','1','0','3349900343044'),(121,'914','2558',0.00,'08','06','2015','03:05:02','2015-06-08','08/06/2015','1','9','1','0','3469900149191'),(122,'986','2558',660.00,'08','06','2015','03:05:02','2015-06-08','08/06/2015','1','9','1','0','3469900149191'),(123,'923','2558',0.00,'08','06','2015','03:05:02','2015-06-08','08/06/2015','1','9','1','0','3469900149191'),(124,'1060','2558',0.00,'08','06','2015','03:05:02','2015-06-08','08/06/2015','1','9','1','0','3469900149191'),(125,'920','2558',371.00,'08','06','2015','03:05:02','2015-06-08','08/06/2015','1','9','1','0','3469900149191'),(126,'918','2558',68.00,'08','06','2015','03:05:02','2015-06-08','08/06/2015','1','9','1','0','3469900149191'),(127,'904','2558',0.00,'08','06','2015','03:05:02','2015-06-08','08/06/2015','1','9','1','0','3469900149191'),(128,'985','2558',0.00,'08','06','2015','03:05:02','2015-06-08','08/06/2015','1','9','1','0','3469900149191'),(129,'917','2558',0.00,'08','06','2015','03:05:02','2015-06-08','08/06/2015','1','9','1','0','3469900149191'),(130,'984','2558',0.00,'08','06','2015','03:05:02','2015-06-08','08/06/2015','1','9','1','0','3469900149191'),(131,'916','2558',26.00,'08','06','2015','03:05:02','2015-06-08','08/06/2015','1','9','1','0','3469900149191'),(132,'915','2558',0.00,'08','06','2015','03:05:02','2015-06-08','08/06/2015','1','9','1','0','3469900149191'),(133,'1090','2558',0.00,'08','06','2015','03:05:02','2015-06-08','08/06/2015','1','9','1','0','3469900149191'),(134,'1093','2558',0.00,'08','06','2015','03:05:02','2015-06-08','08/06/2015','1','9','1','13','3469900149191'),(135,'914','2558',0.00,'08','06','2015','03:05:09','2015-06-08','08/06/2015','1','9','1','0','3469900149191'),(136,'986','2558',660.00,'08','06','2015','03:05:09','2015-06-08','08/06/2015','1','9','1','0','3469900149191'),(137,'923','2558',0.00,'08','06','2015','03:05:09','2015-06-08','08/06/2015','1','9','1','0','3469900149191'),(138,'1060','2558',0.00,'08','06','2015','03:05:09','2015-06-08','08/06/2015','1','9','1','0','3469900149191'),(139,'920','2558',371.00,'08','06','2015','03:05:09','2015-06-08','08/06/2015','1','9','1','0','3469900149191'),(140,'918','2558',68.00,'08','06','2015','03:05:09','2015-06-08','08/06/2015','1','9','1','0','3469900149191'),(141,'904','2558',0.00,'08','06','2015','03:05:09','2015-06-08','08/06/2015','1','9','1','0','3469900149191'),(142,'985','2558',0.00,'08','06','2015','03:05:09','2015-06-08','08/06/2015','1','9','1','0','3469900149191'),(143,'917','2558',0.00,'08','06','2015','03:05:09','2015-06-08','08/06/2015','1','9','1','0','3469900149191'),(144,'984','2558',0.00,'08','06','2015','03:05:09','2015-06-08','08/06/2015','1','9','1','0','3469900149191'),(145,'916','2558',26.00,'08','06','2015','03:05:09','2015-06-08','08/06/2015','1','9','1','0','3469900149191'),(146,'915','2558',0.00,'08','06','2015','03:05:09','2015-06-08','08/06/2015','1','9','1','0','3469900149191'),(147,'1090','2558',0.00,'08','06','2015','03:05:09','2015-06-08','08/06/2015','1','9','1','0','3469900149191'),(148,'1093','2558',0.00,'08','06','2015','03:05:09','2015-06-08','08/06/2015','1','9','1','13','3469900149191'),(149,'928','2558',40.00,'08','06','2015','03:42:16','2015-06-08','08/06/2015','2','8','1','1','3349900343044'),(150,'929','2558',106.00,'08','06','2015','03:42:56','2015-06-08','08/06/2015','2','8','1','2','3349900343044'),(151,'932','2558',95.00,'08','06','2015','03:43:26','2015-06-08','08/06/2015','2','8','1','4','3349900343044'),(152,'988','2558',87.00,'08','06','2015','03:43:55','2015-06-08','08/06/2015','2','8','1','5','3349900343044'),(153,'1058','2558',10.00,'08','06','2015','03:44:22','2015-06-08','08/06/2015','2','8','1','7','3349900343044'),(154,'934','2558',80.00,'08','06','2015','03:44:51','2015-06-08','08/06/2015','2','8','1','9','3349900343044'),(155,'935','2558',26.00,'08','06','2015','03:45:17','2015-06-08','08/06/2015','2','8','1','10','3349900343044'),(156,'937','2558',140.00,'08','06','2015','03:45:45','2015-06-08','08/06/2015','2','8','1','12','3349900343044'),(157,'959','2558',70.00,'08','06','2015','03:46:24','2015-06-08','08/06/2015','2','8','1','13','3349900343044'),(158,'992','2558',95.00,'08','06','2015','03:47:15','2015-06-08','08/06/2015','2','8','1','14','3349900343044'),(159,'1057','2558',27.00,'08','06','2015','03:47:46','2015-06-08','08/06/2015','2','8','1','16','3349900343044'),(160,'1020','2558',48.00,'08','06','2015','03:48:11','2015-06-08','08/06/2015','2','8','1','15','3349900343044'),(161,'928','2558',5.00,'08','06','2015','03:51:42','2015-06-08','08/06/2015','1','8','1','1','3349900343044'),(162,'929','2558',40.00,'08','06','2015','03:51:42','2015-06-08','08/06/2015','1','8','1','2','3349900343044'),(163,'932','2558',200.00,'08','06','2015','03:51:42','2015-06-08','08/06/2015','1','8','1','4','3349900343044'),(164,'988','2558',80.00,'08','06','2015','03:51:42','2015-06-08','08/06/2015','1','8','1','5','3349900343044'),(165,'1058','2558',20.00,'08','06','2015','03:51:42','2015-06-08','08/06/2015','1','8','1','7','3349900343044'),(166,'934','2558',50.00,'08','06','2015','03:51:42','2015-06-08','08/06/2015','1','8','1','9','3349900343044'),(167,'935','2558',15.00,'08','06','2015','03:51:42','2015-06-08','08/06/2015','1','8','1','10','3349900343044'),(168,'937','2558',120.00,'08','06','2015','03:51:42','2015-06-08','08/06/2015','1','8','1','12','3349900343044'),(169,'959','2558',510.00,'08','06','2015','03:51:42','2015-06-08','08/06/2015','1','8','1','13','3349900343044'),(170,'991','2558',23.00,'08','06','2015','03:51:42','2015-06-08','08/06/2015','1','8','1','13','3349900343044'),(171,'992','2558',35.00,'08','06','2015','03:51:42','2015-06-08','08/06/2015','1','8','1','14','3349900343044'),(172,'1020','2558',44.00,'08','06','2015','03:51:42','2015-06-08','08/06/2015','1','8','1','15','3349900343044'),(173,'1057','2558',34.00,'08','06','2015','03:51:42','2015-06-08','08/06/2015','1','8','1','16','3349900343044'),(174,'928','2558',5.00,'09','06','2015','09:12:41','2015-06-09','09/06/2015','1','8','1','1','3349900343044'),(175,'929','2558',15.00,'09','06','2015','09:12:41','2015-06-09','09/06/2015','1','8','1','2','3349900343044'),(176,'988','2558',10.00,'09','06','2015','09:12:41','2015-06-09','09/06/2015','1','8','1','5','3349900343044'),(177,'1058','2558',10.00,'09','06','2015','09:12:41','2015-06-09','09/06/2015','1','8','1','7','3349900343044'),(178,'937','2558',20.00,'09','06','2015','09:12:41','2015-06-09','09/06/2015','1','8','1','12','3349900343044'),(179,'959','2558',5.00,'09','06','2015','09:12:41','2015-06-09','09/06/2015','1','8','1','13','3349900343044'),(180,'991','2558',5.00,'09','06','2015','09:12:41','2015-06-09','09/06/2015','1','8','1','13','3349900343044'),(181,'992','2558',25.00,'09','06','2015','09:12:41','2015-06-09','09/06/2015','1','8','1','14','3349900343044'),(182,'1020','2558',35.00,'09','06','2015','09:12:41','2015-06-09','09/06/2015','1','8','1','15','3349900343044'),(183,'929','2558',30.00,'15','06','2015','01:06:07','2015-06-15','15/06/2015','1','8','1','2','3349900343044'),(184,'932','2558',15.00,'15','06','2015','01:06:07','2015-06-15','15/06/2015','1','8','1','4','3349900343044'),(185,'988','2558',5.00,'15','06','2015','01:06:07','2015-06-15','15/06/2015','1','8','1','5','3349900343044'),(186,'935','2558',10.00,'15','06','2015','01:06:07','2015-06-15','15/06/2015','1','8','1','10','3349900343044'),(187,'937','2558',30.00,'15','06','2015','01:06:07','2015-06-15','15/06/2015','1','8','1','12','3349900343044'),(188,'991','2558',19.00,'15','06','2015','01:06:07','2015-06-15','15/06/2015','1','8','1','13','3349900343044'),(189,'992','2558',40.00,'15','06','2015','01:06:07','2015-06-15','15/06/2015','1','8','1','14','3349900343044'),(190,'1057','2558',2.00,'15','06','2015','01:06:07','2015-06-15','15/06/2015','1','8','1','16','3349900343044'),(191,'929','2558',30.00,'16','06','2015','01:00:51','2015-06-16','16/06/2015','1','8','1','2','3349900343044'),(192,'932','2558',10.00,'16','06','2015','01:00:51','2015-06-16','16/06/2015','1','8','1','4','3349900343044'),(193,'988','2558',10.00,'16','06','2015','01:00:51','2015-06-16','16/06/2015','1','8','1','5','3349900343044'),(194,'937','2558',10.00,'16','06','2015','01:00:51','2015-06-16','16/06/2015','1','8','1','12','3349900343044'),(195,'959','2558',5.00,'16','06','2015','01:00:51','2015-06-16','16/06/2015','1','8','1','13','3349900343044'),(196,'992','2558',20.00,'16','06','2015','01:00:51','2015-06-16','16/06/2015','1','8','1','14','3349900343044'),(197,'1020','2558',20.00,'16','06','2015','01:00:51','2015-06-16','16/06/2015','1','8','1','15','3349900343044'),(198,'944','2558',15.00,'22','06','2015','01:46:19','2015-06-22','22/06/2015','1','7','1','1','3490300234784'),(199,'945','2558',5.00,'22','06','2015','01:46:19','2015-06-22','22/06/2015','1','7','1','2','3490300234784'),(200,'946','2558',25.00,'22','06','2015','01:46:19','2015-06-22','22/06/2015','1','7','1','3','3490300234784'),(201,'947','2558',5.00,'22','06','2015','01:46:19','2015-06-22','22/06/2015','1','7','1','4','3490300234784'),(202,'950','2558',10.00,'22','06','2015','01:46:19','2015-06-22','22/06/2015','1','7','1','6','3490300234784'),(203,'994','2558',10.00,'22','06','2015','01:46:19','2015-06-22','22/06/2015','1','7','1','8','3490300234784'),(204,'1018','2558',2.00,'22','06','2015','01:46:19','2015-06-22','22/06/2015','1','7','1','9','3490300234784'),(205,'951','2558',25.00,'22','06','2015','01:46:19','2015-06-22','22/06/2015','1','7','1','13','3490300234784'),(206,'952','2558',10.00,'22','06','2015','01:46:19','2015-06-22','22/06/2015','1','7','1','14','3490300234784'),(207,'953','2558',20.00,'22','06','2015','01:46:19','2015-06-22','22/06/2015','1','7','1','15','3490300234784'),(208,'956','2558',20.00,'22','06','2015','01:46:19','2015-06-22','22/06/2015','1','7','1','17','3490300234784'),(209,'996','2558',10.00,'22','06','2015','01:46:19','2015-06-22','22/06/2015','1','7','1','18','3490300234784'),(210,'1022','2558',20.00,'22','06','2015','01:46:19','2015-06-22','22/06/2015','1','7','1','19','3490300234784'),(211,'1061','2558',20.00,'22','06','2015','01:46:19','2015-06-22','22/06/2015','1','7','1','20','3490300234784'),(212,'1067','2558',5.00,'22','06','2015','01:46:19','2015-06-22','22/06/2015','1','7','1','23','3490300234784'),(213,'1038','2562',5.00,'17','08','2020','11:46:29','2020-08-17','17/08/2020','1','7','1','1','3340101288044');

--
