-- Table structure for table `student_check_permission`
--

CREATE TABLE `student_check_permission` (
  `class_now` tinyint(4) NOT NULL,
  `room_now` tinyint(4) NOT NULL,
  `person_id` varchar(13) NOT NULL,
  `student_check_year` int(11) NOT NULL
) ENGINE=MyISAM DEFAULT CHARSET=utf8 COLLATE=utf8_general_ci;

--
-- Dumping data for table `student_check_permission`
--

INSERT INTO `student_check_permission` VALUES (2,1,'3330401490582',2557),(3,1,'1440400004806',2557),(4,1,'3340700957041',2557),(12,1,'3330100377604',2557),(5,1,'3341501062940',2557),(11,1,'3341500478131',2557),(10,1,'3100503488082',2557),(6,1,'3340700812808',2557),(9,1,'5341190001681',2557),(8,1,'1349900054623',2557),(7,1,'3341501448112',2557),(12,1,'3350400249661',2557),(9,1,'3100101215618',2557),(8,1,'3920400492730',2557),(11,1,'3400600351026',2557),(10,1,'3331000086757',2557),(7,1,'3340700812794',2557),(2,1,'1349900054623',2557),(2,1,'3330100377604',2557),(4,1,'3330100377604',2557),(4,1,'1349900054623',2557),(5,1,'1349900054623',2557),(5,1,'3330100377604',2557),(6,1,'3330100377604',2557),(6,1,'1349900054623',2557),(7,1,'5341190001681',2557),(7,1,'1349900054623',2557),(7,1,'3330100377604',2557),(8,1,'3330100377604',2557),(9,1,'3330100377604',2557),(9,1,'1349900054623',2557),(10,1,'3330100377604',2557),(10,1,'1349900054623',2557),(11,1,'3330100377604',2557),(11,1,'1349900054623',2557),(3,1,'1349900054623',2557),(3,1,'3330100377604',2557),(12,1,'1349900054623',2557),(2,1,'5341190001681',2557),(2,1,'3331300095778',2557),(3,1,'5341190001681',2557),(3,1,'3331300095778',2557),(4,1,'5341190001681',2557),(4,1,'3331300095778',2557),(5,1,'5341190001681',2557),(5,1,'3331300095778',2557),(6,1,'5341190001681',2557),(6,1,'3331300095778',2557),(7,1,'3331300095778',2557),(8,1,'5341190001681',2557),(8,1,'3331300095778',2557),(9,1,'3331300095778',2557),(10,1,'5341190001681',2557),(10,1,'3331300095778',2557),(11,1,'5341190001681',2557),(11,1,'3331300095778',2557),(12,1,'5341190001681',2557),(12,1,'3331300095778',2557),(12,1,'3350400249661',2558),(7,1,'3100101215618',2558),(7,1,'5341190001681',2558),(2,1,'3330401490582',2558),(3,1,'1440400004806',2558),(4,1,'3340700812808',2558),(5,1,'3340700957041',2558),(6,1,'3341501062940',2558),(8,1,'3330300256088',2558),(9,1,'3920400492730',2558),(9,1,'1349900054623',2558),(10,1,'3341500478131',2558),(10,1,'3400600351026',2562),(11,1,'3331000086757',2558),(11,1,'3100503488082',2558),(12,1,'3330100377604',2558),(8,1,'5341190001681',2558),(9,1,'5341190001681',2558),(2,1,'5341190001681',2558),(3,1,'5341190001681',2558),(4,1,'5341190001681',2558),(5,1,'5341190001681',2558),(6,1,'5341190001681',2558),(10,1,'5341190001681',2558),(11,1,'5341190001681',2558),(12,1,'5341190001681',2558),(9,1,'5341190001681',2561),(9,1,'3341100274253',2561),(3,1,'1440400004806',2561),(4,1,'3340700957041',2561),(5,1,'3341501062940',2561),(5,1,'5341190001681',2561),(8,1,'3920400492730',2561),(8,1,'1349900054623',2561),(6,1,'1349700153172',2561),(7,1,'3341501448112',2561),(10,1,'3341500478131',2561),(11,1,'3100503488082',2561),(12,1,'3350400249661',2561),(12,1,'3400600351026',2561),(10,1,'3330100377604',2561),(3,1,'3340701441625',2561),(4,1,'3340701441625',2561),(7,1,'5341190001681',2562),(7,1,'3341501448112',2562),(8,1,'3920400492730',2562),(8,1,'1349900054623',2562),(9,1,'5341190001681',2562),(9,1,'3341100274253',2562),(10,1,'3350400249661',2562),(11,1,'3341500478131',2562),(11,1,'3330100377604',2562),(12,1,'3100503488082',2562),(7,1,'1349700153172',2562),(2,0,'3330401490582',2563),(2,0,'3330401490582',2564),(4,0,'3340700957041',2563),(5,0,'1440400004806',2563),(6,0,'3340100228242',2563),(7,0,'1349700153172',2563),(8,0,'1349900054623',2563),(9,0,'5341190001681',2563),(10,0,'3341100274253',2563),(11,0,'3330100377604',2564),(12,0,'3330100377604',2563),(11,0,'1341500089252',2563),(12,0,'3341500478131',2563),(10,0,'5341190001681',2563),(8,0,'5341190001681',2563),(2,0,'5341190001681',2563),(4,0,'3340100228242',2564),(4,0,'5341190001681',2563),(5,0,'5341190001681',2563),(6,0,'5341190001681',2563),(7,0,'5341190001681',2563),(11,0,'5341190001681',2563),(12,0,'5341190001681',2563),(9,0,'1349900054623',2563),(2,0,'1349900054623',2563),(3,0,'3340700293282',2564),(4,0,'1349900054623',2563),(5,0,'1349900054623',2563),(6,0,'1349900054623',2563),(7,0,'1349900054623',2563),(10,0,'1320900250343',2564),(2,0,'1440400004806',2565),(10,0,'1329900134368',2563),(7,0,'1320900250343',2564),(5,0,'3340100228242',2564),(2,0,'3340700293282',2564),(3,0,'1341100147191',2564),(3,0,'3330401490582',2564),(4,0,'1349700153172',2564),(4,0,'5341190001681',2564),(4,0,'3341100274253',2564),(4,0,'3340700957041',2564),(4,0,'1349900054623',2564),(5,0,'1349700153172',2564),(5,0,'5341190001681',2564),(5,0,'3341100274253',2564),(5,0,'1349900054623',2564),(5,0,'1440400004806',2564),(6,0,'1349700153172',2564),(6,0,'3340100228242',2564),(6,0,'5341190001681',2564),(6,0,'3341100274253',2564),(6,0,'1349900054623',2564),(7,0,'1349700153172',2564),(7,0,'5341190001681',2564),(7,0,'3341100274253',2564),(7,0,'1349900054623',2564),(8,0,'1349700153172',2564),(8,0,'5341190001681',2564),(8,0,'3341100274253',2564),(8,0,'1349900054623',2564),(9,0,'1349700153172',2564),(9,0,'5341190001681',2564),(9,0,'3341100274253',2564),(9,0,'1349900054623',2564),(10,0,'3100503488082',2564),(2,0,'3330401490582',2565),(11,0,'1341500089252',2564),(10,0,'5341190001681',2564),(10,0,'3341100274253',2564),(12,0,'1320900250343',2564),(11,0,'1320900250343',2564),(11,0,'3341500478131',2564),(2,0,'3340100228242',2565),(11,0,'5341190001681',2564),(3,0,'3330401490582',2565),(11,0,'1329900134368',2564),(2,0,'1341100147191',2565),(12,0,'1341500089252',2564),(3,0,'5341190001681',2565),(12,0,'5341190001681',2564),(12,0,'3341100274253',2564),(3,0,'3340100228242',2565),(2,0,'1341100147191',2564),(8,0,'3340700293282',2564),(10,0,'1341500089252',2564),(3,0,'1341100147191',2565),(3,0,'1440400004806',2565),(2,0,'5341190001681',2565),(2,0,'3341100274253',2565),(3,0,'3341100274253',2565),(4,0,'3340100228242',2565),(4,0,'5341190001681',2565),(4,0,'3341100274253',2565),(4,0,'3340700957041',2565),(4,0,'1440400004806',2565),(5,0,'3340100228242',2565),(5,0,'5341190001681',2565),(5,0,'3341100274253',2565),(5,0,'1440400004806',2565),(6,0,'3340100228242',2565),(6,0,'5341190001681',2565),(6,0,'3341100274253',2565),(6,0,'1440400004806',2565),(7,0,'1349700153172',2565),(7,0,'5341190001681',2565),(7,0,'3341100274253',2565),(7,0,'1320900250343',2565),(7,0,'1349900054623',2565),(8,0,'5341190001681',2565),(8,0,'3341100274253',2565),(8,0,'3340700293282',2565),(8,0,'1349900054623',2565),(8,0,'3340701441625',2565),(2,0,'3340701441625',2565),(3,0,'3340701441625',2565),(4,0,'3340701441625',2565),(9,0,'1349700153172',2565),(9,0,'5341190001681',2565),(9,0,'3341100274253',2565),(9,0,'1329900134368',2565),(9,0,'1349900054623',2565),(9,0,'3340701441625',2565),(10,0,'3100503488082',2565),(10,0,'1341500089252',2565),(10,0,'5341190001681',2565),(10,0,'3341100274253',2565),(10,0,'3340701441625',2565),(11,0,'3341500478131',2565),(11,0,'1341500089252',2565),(11,0,'5341190001681',2565),(11,0,'3341100274253',2565),(11,0,'3330100377604',2565),(11,0,'1329900134368',2565),(11,0,'3340701441625',2565),(12,0,'1341500089252',2565),(12,0,'5341190001681',2565),(12,0,'3341100274253',2565),(12,0,'1329900134368',2565),(12,0,'3340701441625',2565),(10,0,'1320900250343',2566),(10,0,'1349900054623',2566),(2,0,'3330401490582',2566),(2,0,'1341100147191',2566),(3,0,'3330401490582',2566),(3,0,'1341100147191',2566),(4,0,'3340100228242',2566),(5,0,'1440400004806',2566),(6,0,'3340700957041',2566),(6,0,'1349900054623',2566),(2,0,'1349900054623',2566),(3,0,'1349900054623',2566),(4,0,'1349900054623',2566),(5,0,'1349900054623',2566),(7,0,'1349700153172',2566),(7,0,'1349900054623',2566),(8,0,'3340700293282',2566),(8,0,'1349900054623',2566),(9,0,'5341190001681',2566),(9,0,'1349900054623',2566),(11,0,'1329900134368',2566),(11,0,'3341100274253',2566),(11,0,'1349900054623',2566),(12,0,'1341500089252',2566),(12,0,'3330100377604',2566),(12,0,'1349900054623',2566),(2,0,'3340700293282',2567),(3,0,'1341100147191',2567),(4,0,'3330401490582',2567),(4,0,'3340100228242',2567),(5,0,'1440400004806',2567),(6,0,'3340100228242',2567),(6,0,'3340700957041',2567),(6,0,'1440400004806',2567),(7,0,'1349700153172',2567),(8,0,'1349700153172',2567),(8,0,'1349900054623',2567),(9,0,'1349700153172',2567),(9,0,'1440901310110',2567),(10,0,'3440200085906',2567),(10,0,'1320900250343',2567),(11,0,'1341500089252',2567),(11,0,'3330100377604',2567),(12,0,'1329900134368',2567),(12,0,'3341100274253',2567);

--
-- Table structure for table `student_check_year`
--

CREATE TABLE `student_check_year` (
  `id` int(11) NOT NULL AUTO_INCREMENT,
  `student_check_year` int(11) NOT NULL,
  `year_active` tinyint(1) NOT NULL,
  PRIMARY KEY (`id`),
  UNIQUE KEY `student_check_year` (`student_check_year`)
) ENGINE=MyISAM AUTO_INCREMENT=10 DEFAULT CHARSET=utf8 COLLATE=utf8_general_ci;

--
-- Dumping data for table `student_check_year`
--

INSERT INTO `student_check_year` VALUES (1,2557,0),(2,2558,0),(3,2561,0),(4,2562,0),(5,2563,0),(6,2564,0),(7,2565,0),(8,2566,0),(9,2567,1);

--
-- Table structure for table `student_main`
--

CREATE TABLE `student_main` (
  `id` int(11) NOT NULL AUTO_INCREMENT,
  `student_id` varchar(7) NOT NULL,
  `student_number` int(11) DEFAULT NULL,
  `prename` varchar(20) NOT NULL,
  `name` varchar(50) NOT NULL,
  `surname` varchar(50) NOT NULL,
  `person_id` varchar(20) DEFAULT NULL,
  `sex` tinyint(4) NOT NULL DEFAULT 0,
  `pic` varchar(150) DEFAULT NULL,
  `class_now` tinyint(4) DEFAULT NULL,
  `room` tinyint(4) NOT NULL DEFAULT 0,
  `status` tinyint(4) NOT NULL DEFAULT 0,
  `out_edyear` int(11) DEFAULT NULL,
  `officer` varchar(13) NOT NULL,
  `rec_date` date NOT NULL,
  PRIMARY KEY (`id`),
  UNIQUE KEY `student_number` (`student_id`),
  KEY `class_now` (`class_now`),
  KEY `room` (`room`)
) ENGINE=MyISAM AUTO_INCREMENT=2235 DEFAULT CHARSET=utf8 COLLATE=utf8_general_ci;

--
-- Dumping data for table `student_main`
--

INSERT INTO `student_main` VALUES (2064,'3023',10,'เด็กชาย','พุฒิพงษ์ ',' งิ้วทั่ง','1349901403818',1,NULL,12,0,1,2563,'3451100164295','2020-07-18'),(2063,'3021',9,'เด็กชาย','กิตติ','  เชียรบุญมา','1341501478830',1,NULL,12,0,1,2563,'3451100164295','2020-07-18'),(2061,'2788',7,'เด็กชาย','นฤนาท  ',' วงมาเกษ','1341501478287',1,NULL,12,0,1,2563,'3451100164295','2020-07-18'),(1980,'2941',7,'เด็กหญิง','ก่อกนก ',' อินทมาตย์','1341501524556',2,NULL,11,0,0,NULL,'1349900054623','2020-07-18'),(1979,'2943',9,'เด็กหญิง','ชนาภา  ','โคพะทา','1349901680099',2,NULL,11,0,0,NULL,'1349900054623','2020-07-18'),(2062,'2786',8,'เด็กชาย','ธนธรณ์  ','บุตรเคน','1341501462178',1,NULL,12,0,1,2563,'3451100164295','2020-07-18'),(11,'2889',0,'เด็กชาย','สุริยากาล','คำจันทร์','1640701235805',1,NULL,3,1,2,2557,'','0000-00-00'),(1959,'2959',3,'เด็กชาย','ภัทรพงศ์  ',' แสงอร่าม','1341501543747',1,NULL,10,0,0,NULL,'1349900054623','2020-07-18'),(1978,'2940',6,'เด็กหญิง','กมลวรรณ  ',' วงศ์เสนา','1341501520941',2,NULL,11,0,0,NULL,'1349900054623','2020-07-18'),(1977,'2977',17,'เด็กชาย','ธีรสิทธิ์  ','สาจะลี','1349901739794',1,NULL,11,0,0,NULL,'1349900054623','2020-07-18'),(1976,'2970',16,'เด็กชาย','ณัฐพงษ์   ','กาดำดวน','1129902233292',1,NULL,11,0,0,NULL,'1349900054623','2020-07-18'),(1975,'2937',7,'เด็กชาย','พีรวัส  ',' ทองเกิด','1349901696084',1,NULL,10,0,1,2565,'3451100164295','2020-07-18'),(1974,'2939',6,'เด็กชาย','วัชรพล   ','สานันต์','1100202059348',1,NULL,7,0,2,2564,'3451100164295','2020-07-18'),(21,'2831',0,'เด็กชาย','อนวัช','พันธุกาง','1103900205261',1,NULL,10,1,2,2561,'','0000-00-00'),(1973,'2935',3,'เด็กชาย','ชลธี   ',' โอกาพันธ์','1101000303575',1,NULL,11,0,0,NULL,'1349900054623','2020-07-18'),(1972,'2938',5,'เด็กชาย','รัฐศาสตร์  ','โขงเขต','1341501519196',1,NULL,11,0,0,NULL,'1349900054623','2020-07-18'),(25,'2834',0,'เด็กชาย','น้ำเย็น','อารีเหลือ','1341501491399',1,NULL,10,1,2,2561,'5341190001681','0000-00-00'),(26,'2819',0,'เด็กหญิง','จุฬาลักษณ์','คำวงศ์','1349901447106',2,NULL,10,1,2,2562,'1349900054623','0000-00-00'),(1971,'2936',4,'เด็กชาย','ไชยวัฒน์  ',' โลทัง','1341501518211',1,NULL,11,0,0,NULL,'1349900054623','2020-07-18'),(1966,'2962',10,'เด็กหญิง','นุชญา ',' อินทะนา','1341501533229',2,NULL,10,0,0,NULL,'3451100164295','2020-07-18'),(1970,'2934',2,'เด็กชาย','ชัชนันท์  ','แสนทวีสุข','1341501517746',1,NULL,11,0,0,NULL,'3451100164295','2020-07-18'),(32,'2825',0,'เด็กหญิง','อัญธิชา','พินัส','1341501481172',2,NULL,10,1,2,2561,'','0000-00-00'),(1969,'2932',1,'เด็กชาย','กรภัทร   ','บรรทะท้าว','1341501520488',1,NULL,11,0,0,NULL,'3451100164295','2020-07-18'),(1968,'3026',13,'เด็กหญิง','อุมาพร  ','คำลุน','1348900245037',2,NULL,10,0,2,2567,'1349900054623','2020-07-18'),(35,'2845',0,'เด็กหญิง','อิษยา','คำพะทา','1101501345572',2,NULL,10,1,2,2561,'5341190001681','0000-00-00'),(2059,'2789',5,'เด็กชาย','เศรษฐา  ',' พละพันธ์','1341501474702',1,NULL,12,0,1,2563,'3451100164295','2020-07-18'),(2021,'2846',1,'เด็กชาย','กฤตภาส   ','นักลำทอง','1149600177535',1,NULL,12,0,1,2565,'3451100164295','2020-07-18'),(38,'2783',0,'เด็กชาย','เอกภพ','บัวยืน','1349901376616',1,NULL,11,1,2,2561,'1349900054623','0000-00-00'),(2055,'2781',1,'เด็กชาย','วัชรพล  ',' บุระณะพล','1349901376616',1,NULL,12,0,1,2563,'3451100164295','2020-07-18'),(2054,'2823',15,'เด็กหญิง','นันทกาญจ์  ','ใจน้อย','1341501488762',2,NULL,12,0,1,2564,'3451100164295','2020-07-18'),(2053,'2824',13,'เด็กหญิง','สุภามาตร์','  สื่อกลาง','1341501479895',2,NULL,12,0,1,2564,'3451100164295','2020-07-18'),(43,'2901',0,'เด็กชาย','ณัฐพงษ์','คำมูล','1341501477795',1,NULL,10,1,2,2561,'1349900054623','0000-00-00'),(1962,'2964',6,'เด็กหญิง','วัชราภรณ์  ','ศรีภักดี','1341501544221',2,NULL,10,0,0,NULL,'3451100164295','2020-07-18'),(1967,'2998',12,'เด็กหญิง','กุลจิรา ',' สุนีย์','1341501538981',2,NULL,10,0,0,NULL,'1349900054623','2020-07-18'),(48,'2793',0,'เด็กหญิง','สิรินาถ','ศรีหาวงศ์','1208600009118',2,NULL,11,1,2,2561,'1349900054623','0000-00-00'),(2058,'2784',4,'เด็กชาย','ธนากร   ','อริภู','1341501477825',1,NULL,12,0,1,2563,'3451100164295','2020-07-18'),(50,'2794',0,'เด็กหญิง','อรวรรณ','อุทัยเพชร','1341501472467',2,NULL,11,1,2,2561,'1349900054623','0000-00-00'),(1965,'2963',9,'เด็กหญิง','เปรมสุดา  ','อริภู','1349901769758',2,NULL,10,0,0,NULL,'3451100164295','2020-07-18'),(1964,'2966',8,'เด็กหญิง','ศุมิตรา ',' ศรีโท','1341501528691',2,NULL,10,0,0,NULL,'3451100164295','2020-07-18'),(54,'2799',0,'เด็กหญิง','พัชรินทร์','โคพะทา','1418000062059',2,NULL,6,1,2,2557,'','0000-00-00'),(1963,'2965',7,'เด็กหญิง','ศิริกาญจน์ ',' โทนันต์','1103101175809',2,NULL,10,0,2,2567,'3451100164295','2020-07-18'),(1953,'2987',6,'เด็กหญิง','ธมนวรรณ  ','แพงศรี','1349901867661',2,NULL,9,0,0,NULL,'1349900054623','2020-07-18'),(1952,'2986',5,'เด็กหญิง','ธนภรณ์  ','ปะวิจันตา','1341501548765',2,NULL,9,0,0,NULL,'1349900054623','2020-07-18'),(1951,'2984',1,'เด็กชาย','อภินันท์ ',' สีดี','1341501546436',1,NULL,9,0,0,NULL,'1349900054623','2020-07-18'),(1950,'2982',4,'เด็กชาย','ทิวากร  ','สาริโล','1341501544662',1,NULL,9,0,0,NULL,'3340700293282','2020-07-18'),(2111,'3062',9,'เด็กหญิง','ทิพดาวรรณ','ศรีวะอุไร','1749901591742',2,'',6,0,0,NULL,'1349900054623','2020-07-19'),(1946,'3017',13,'เด็กหญิง','วรัญญา  ','โลทัง','1720800248386',2,NULL,8,0,0,NULL,'1349900054623','2020-07-18'),(1947,'3046',14,'เด็กหญิง','สุพิชญา  ','จันทร์แจ้ง','1341501555192',2,NULL,8,0,0,NULL,'1349900054623','2020-07-18'),(1948,'2980',2,'เด็กชาย','เจริญทรัพย์  ','โลทัง','1341501552355',1,NULL,9,0,0,NULL,'1349900054623','2020-07-18'),(1949,'2981',3,'เด็กชาย','ไชยพศ  ','โลทัง','1341501548676',1,NULL,9,0,0,NULL,'3340700293282','2020-07-18'),(1961,'2997',11,'เด็กชาย','กิตติพัฒน์  ','จันทร์หีบ','1104000312208',1,NULL,10,0,0,NULL,'1349900054623','2020-07-18'),(69,'2844',0,'เด็กชาย','สุธี','สานันต์','1348900091056',1,NULL,7,1,2,2558,'','0000-00-00'),(70,'2757',0,'เด็กหญิง','ยุพาพร','ปะวิจันตา','1349901320220',2,NULL,11,1,2,2560,'1349900054623','0000-00-00'),(2124,'3069',10,'เด็กชาย','จารุกิตต์','มาศพันธ์','1349901876333',1,'',9,0,0,NULL,'1349900054623','2020-07-19'),(72,'2762',0,'เด็กหญิง','พิยะดา','ขะจัด','1348900090416',2,NULL,12,1,2,2562,'1349900054623','0000-00-00'),(1960,'2960',4,'เด็กชาย','วุฒิกร','อริภู','1341501532273',1,NULL,10,0,0,NULL,'1349900054623','2020-07-18'),(74,'2764',0,'เด็กหญิง','ฐิติพร','คำแพง','1348900083860',2,NULL,12,1,2,2562,'1349900054623','0000-00-00'),(76,'2842',0,'เด็กหญิง','ชลิตา','เพชรพงศ์','1341501446008',2,NULL,7,1,2,2558,'','0000-00-00'),(77,'2772',0,'เด็กหญิง','อรทัย','โทนันต์','1348900089744',2,NULL,11,1,2,2560,'1349900054623','0000-00-00'),(78,'2694',0,'เด็กชาย','กวีกร','บุสภาค','1349901208152',1,NULL,10,1,1,2561,'','0000-00-00'),(79,'2726',0,'เด็กชาย','ภัทรพล','สาจะรี','1348900050970',1,NULL,10,1,1,2561,'','0000-00-00'),(80,'2721',0,'เด็กชาย','ศิวกร','ราชขันธ์','1348900071152',1,NULL,10,1,1,2561,'','0000-00-00'),(81,'2729',0,'เด็กชาย','ธนันต์ชัย','โมหา','1348900050210',1,NULL,10,1,1,2561,'','0000-00-00'),(82,'2731',0,'เด็กชาย','ธีรพล','สุดแสดง','1348900071357',1,NULL,10,1,1,2561,'','0000-00-00'),(83,'2734',0,'เด็กชาย','กรกฎ','โลกันต์','1348900072175',1,NULL,10,1,1,2561,'','0000-00-00'),(84,'2733',0,'เด็กชาย','สุรศักดิ์','สาระออน','1348900074186',1,NULL,10,1,1,2561,'','0000-00-00'),(85,'2740',0,'เด็กชาย','จีระศักดิ์','สาจะลี','1342900017799',1,NULL,10,1,1,2561,'','0000-00-00'),(86,'2724',0,'เด็กหญิง','จิระดา','เชียรบุญมา','1348900051577',2,NULL,10,1,1,2561,'','0000-00-00'),(87,'2723',0,'เด็กหญิง','สุภัสสร','แม้นสิริ','1348900050988',2,NULL,10,1,1,2561,'','0000-00-00'),(88,'2727',0,'เด็กหญิง','ปิยณัฐ','บุสบาล','1348900069417',2,NULL,10,1,1,2561,'','0000-00-00'),(89,'2730',0,'เด็กหญิง','อนุศรา','ไชโยธา','1348900061408',2,NULL,10,1,1,2561,'','0000-00-00'),(90,'2728',0,'เด็กหญิง','ณัฐการณจน์','สาจะรี','1348900066132',2,NULL,10,1,1,2561,'','0000-00-00'),(91,'2732',0,'เด็กหญิง','วณิชา','แก้วชนะ','1348900057095',2,NULL,10,1,1,2561,'','0000-00-00'),(92,'2736',0,'เด็กหญิง','ภูชณิษา','ศรีภักดี','1348900071144',2,NULL,10,1,1,2561,'','0000-00-00'),(93,'2735',0,'เด็กหญิง','พนิดา','อุตทาสี','1348900063419',2,NULL,10,1,1,2561,'','0000-00-00'),(94,'2738',0,'เด็กหญิง','อรทัย','บุญครอง','1348900063656',2,NULL,10,1,1,2561,'','0000-00-00'),(95,'2741',0,'เด็กหญิง','จิระดา','ยอดผล','1348900059004',2,NULL,10,1,1,2561,'','0000-00-00'),(96,'2667',0,'เด็กชาย','จิรกิตติ์','บุญแท้','1348900019541',1,NULL,10,1,1,2561,'5341190001681','0000-00-00'),(97,'2742',0,'เด็กหญิง','มาลัยทิพย์','การุณรัตน์','1341501427348',2,NULL,10,1,1,2561,'','0000-00-00'),(98,'2668',0,'เด็กชาย','จิรกร','บุญแท้','1348900019525',1,NULL,10,1,1,2561,'5341190001681','0000-00-00'),(99,'2675',0,'เด็กชาย','จารุกิตติ์','แก่นตะน่อย','1348900025681',1,NULL,10,1,1,2561,'5341190001681','0000-00-00'),(100,'2674',0,'เด็กชาย','ภราดร','ปาโน','1349901180371',1,NULL,10,1,1,2561,'5341190001681','0000-00-00'),(101,'2676',0,'เด็กชาย','วุฒิโรจน์','ขันทะวัตร์','1348900044431',1,NULL,10,1,1,2561,'5341190001681','0000-00-00'),(102,'2677',0,'เด็กชาย','อินตา','โคพะทา','1348900031207',1,NULL,10,1,1,2561,'5341190001681','0000-00-00'),(103,'2680',0,'เด็กชาย','ศุภกานต์','ศรีเสน','1348900046379',1,NULL,10,1,1,2561,'5341190001681','0000-00-00'),(104,'2679',0,'เด็กชาย','พีรยุทธ','วงษาลี','1739902031678',1,NULL,10,1,1,2561,'5341190001681','0000-00-00'),(105,'2686',0,'เด็กชาย','ต้นตระการ','ศรีภักดี','1348900033439',1,NULL,10,1,1,2561,'5341190001681','0000-00-00'),(106,'2690',0,'เด็กชาย','ธีรภัทร์','ท้าวแก้ว','1349901138201',1,NULL,10,1,1,2561,'','0000-00-00'),(107,'2688',0,'เด็กชาย','สุทธิราช','ศรีหาวงค์','1348900029580',1,NULL,10,1,1,2561,'','0000-00-00'),(108,'2695',0,'เด็กชาย','อลงกรณ์','แก้วกรมไกร','1348900024677',1,NULL,9,1,2,2558,'','0000-00-00'),(109,'2711',0,'เด็กชาย','นิพล','จันทรา','1348900030316',1,NULL,10,1,1,2561,'','0000-00-00'),(110,'2712',0,'เด็กชาย','กฤษฎากร','กกพิมาย','1349901177265',1,NULL,10,1,1,2561,'','0000-00-00'),(111,'2714',0,'เด็กชาย','สิริราช','หัตถะมา','1348900027901',1,NULL,10,1,1,2561,'','0000-00-00'),(112,'2713',0,'เด็กชาย','ธนาวุฒิ','โลทัง','1348900036543',1,NULL,10,1,1,2561,'','0000-00-00'),(113,'2715',0,'เด็กชาย','ยอดชาย','ไชยพันธ์','1348900020710',1,NULL,10,1,1,2561,'','0000-00-00'),(114,'2682',0,'เด็กหญิง','ลภัสรดา','ธานี','1348900029571',2,NULL,10,1,1,2561,'5341190001681','0000-00-00'),(115,'2872',0,'เด็กชาย',';วิศวัสต์','พลชาลี','1348900057290',1,NULL,10,1,1,2561,'','0000-00-00'),(116,'2685',0,'เด็กหญิง','สุภาภรณ์','สีดำ','1348900041989',2,NULL,10,1,1,2561,'5341190001681','0000-00-00'),(117,'2687',0,'เด็กหญิง','อรทัย','เทียนทอง','1348900038716',2,NULL,10,1,1,2561,'5341190001681','0000-00-00'),(118,'2779',0,'เด็กหญิง','สไบแพร','สิงครทา','1348900033421',2,NULL,10,1,1,2561,'','0000-00-00'),(119,'2689',0,'เด็กหญิง','อริตา','โทนันต์','1348900020663',2,NULL,10,1,1,2561,'','0000-00-00'),(120,'2600',0,'เด็กชาย','ปิติกร','ธานี','1340701728529',1,NULL,12,1,1,2561,'3340701441625','0000-00-00'),(121,'2568',0,'เด็กชาย','กนกศักดิ์','อินทร์โสม','1349901017985',1,NULL,10,1,1,2561,'5341190001681','0000-00-00'),(122,'2603',0,'เด็กชาย','นรวิชญ์','โทนันต์','1342900017152',1,NULL,12,1,1,2561,'','0000-00-00'),(123,'2605',0,'เด็กชาย','ธนวัฒน์','กริโส','1340701738583',1,NULL,12,1,1,2561,'','0000-00-00'),(124,'2604',0,'เด็กชาย','รัฐพงษ์','คำลีมัค','1349901042815',1,NULL,12,1,1,2561,'','0000-00-00'),(125,'2607',0,'เด็กชาย','ประวิทย์','สลักคำ','1340701727069',1,NULL,12,1,1,2561,'','0000-00-00'),(126,'2612',0,'เด็กชาย','ณัฐพล','แก้วแกว่งกวาย','1342900008650',1,NULL,12,1,1,2561,'','0000-00-00'),(127,'2610',0,'เด็กชาย','นฤพนธ์','มะริโส','1349901055071',1,NULL,11,1,1,2561,'5341190001681','0000-00-00'),(128,'2614',0,'เด็กชาย','พีระพัฒน์','ศรีเมือง','1349901041525',1,NULL,12,1,1,2561,'','0000-00-00'),(129,'2621',0,'เด็กชาย','กิตติชัย','วงมาเกษ','1340701742971',1,NULL,11,1,1,2561,'5341190001681','0000-00-00'),(130,'2626',0,'เด็กชาย','ฐวุฒน์','อารีเหลือ','1340701741321',1,NULL,12,1,1,2561,'','0000-00-00'),(131,'2625',0,'เด็กชาย','ภัทรพล','ภาภักดี','1770600274596',1,NULL,12,1,1,2561,'','0000-00-00'),(132,'2631',0,'เด็กชาย','นนทวัตร์','พบบุญ','1639900334143',1,NULL,10,1,1,2561,'5341190001681','0000-00-00'),(133,'2815',0,'เด็กชาย','จัตตุรณ','ศรีหาวงศ์','1242800197492',1,NULL,12,1,1,2561,'','0000-00-00'),(134,'2893',0,'เด็กชาย','นัทวุฒิ','สุดแสดง','1341501379955',1,NULL,12,1,1,2561,'','0000-00-00'),(135,'2874',0,'เด็กชาย','ณัฐกิตติ์','อายุนันท์','1129901590610',1,NULL,12,1,1,2561,'','0000-00-00'),(136,'2894',0,'เด็กชาย','พงศธร','เที่ยงพุ่ม','1349901056794',1,NULL,10,1,1,2561,'5341190001681','0000-00-00'),(137,'2899',0,'เด็กชาย','สุรชัย','แสงอื้อ','1349901086995',1,NULL,12,1,1,2561,'','0000-00-00'),(138,'2895',0,'เด็กชาย','เอกรัตน์','ขันทะวัต','1340701723090',1,NULL,12,1,1,2561,'','0000-00-00'),(139,'2601',0,'เด็กหญิง','เฟื่องฟ้า','โสภาสิน','1342900016547',2,NULL,12,1,1,2561,'','0000-00-00'),(140,'2602',0,'เด็กหญิง','พัชราภรณ์','เนระวัน','1340701728502',2,NULL,12,1,1,2561,'','0000-00-00'),(141,'2617',0,'เด็กหญิง','วิลัยภรณ์','พบบุญ','1342900017198',2,NULL,12,1,1,2561,'','0000-00-00'),(142,'2896',0,'เด็กหญิง','กัลยา','โพธิ์แจ่ม','1342900017306',2,NULL,11,1,2,2557,'','0000-00-00'),(143,'2623',0,'เด็กหญิง','สุนทรี','เข็มแก้ว','1101501076008',2,NULL,12,1,1,2561,'','0000-00-00'),(144,'2898',0,'เด็กหญิง','พรรณธิดา','บุญชู','1342900017241',2,NULL,12,1,1,2561,'','0000-00-00'),(145,'2897',0,'เด็กหญิง','บุตรธิดา','พรมโสภา','1349901059416',2,NULL,11,1,2,2557,'','0000-00-00'),(148,'2573',0,'เด็กชาย','กัณทรากร','บุสภาค','1349901032551',1,NULL,12,1,1,2558,'','0000-00-00'),(149,'2571',0,'เด็กชาย','วัชรากร','โลทัง','1349901014056',1,NULL,12,1,1,2558,'','0000-00-00'),(150,'2574',0,'เด็กชาย','พีรพล','วงค์ศรี','1349901005758',1,NULL,12,1,1,2558,'','0000-00-00'),(152,'2575',0,'เด็กชาย','วรัญชิต','โปริสา','1349900999164',1,NULL,12,1,1,2558,'','0000-00-00'),(153,'2843',0,'เด็กชาย','สันติ','ศรีสุข','1340500305337',1,NULL,12,1,2,2557,'','0000-00-00'),(154,'2865',0,'เด็กชาย','คัมภีร์','จันทนิจ','1342900015699',1,NULL,11,1,1,2561,'5341190001681','0000-00-00'),(155,'2866',0,'เด็กชาย','เดชดำรงค์','วงมาเกษ','2302501009839',1,NULL,12,1,1,2558,'','0000-00-00'),(156,'2867',0,'เด็กชาย','พรทวี','วงค์มาเกษ','1342900015478',1,NULL,12,1,1,2558,'','0000-00-00'),(157,'2870',0,'เด็กชาย','ศราวุธ','ศรีมาบุตร','1340701723187',1,NULL,12,1,1,2558,'','0000-00-00'),(158,'2868',0,'เด็กชาย','สุบิน','ทองคำ','2342900014160',1,NULL,11,1,1,2561,'5341190001681','0000-00-00'),(159,'2576',0,'เด็กหญิง','ดารุณี','บุญมาทน','1342900015630',2,NULL,12,1,1,2558,'','0000-00-00'),(160,'2581',0,'เด็กหญิง','เขมมาศ','เข็มเพชร','1349900988731',2,NULL,12,1,1,2558,'','0000-00-00'),(161,'2580',0,'เด็กหญิง','ดาริณี','เจริญเชาร์','1342900016270',2,NULL,12,1,1,2558,'','0000-00-00'),(162,'2582',0,'เด็กหญิง','ปวีณา','กะพันพล','1349901027042',2,NULL,12,1,1,2558,'','0000-00-00'),(163,'2585',0,'เด็กหญิง','จรรยา','ชุมมวล','1349900986291',2,NULL,12,1,1,2558,'','0000-00-00'),(164,'2584',0,'เด็กหญิง','ปัทมา','วงมาเกษ','1342900015214',2,NULL,12,1,1,2558,'','0000-00-00'),(165,'2586',0,'เด็กหญิง','จิราวรรณ','โลทัง','1342900015311',2,NULL,12,1,1,2558,'','0000-00-00'),(166,'2864',0,'เด็กหญิง','เกียรติศักดิ์','การุณรัตน์','1340700629471',2,NULL,12,1,1,2558,'','0000-00-00'),(167,'2590',0,'เด็กหญิง','พัชนิดา','เทียนทอง','1342900008552',2,NULL,12,1,1,2558,'','0000-00-00'),(168,'2869',0,'เด็กหญิง','สุพัฒนา','ซุกกระโทก','1349901074237',2,NULL,12,1,1,2561,'','0000-00-00'),(169,'2875',0,'เด็กหญิง','เกษณี','ศรีวิไล','1340701716644',2,NULL,12,1,2,2557,'','0000-00-00'),(2066,'2766',11,'เด็กชาย','กรชวัล   ','แก้วชนะ','1341501457280',1,NULL,12,0,1,2563,'3451100164295','2020-07-18'),(2065,'3022',11,'เด็กชาย','เกรียงไกร   ','อำพันธ์','1341501481563',1,NULL,12,0,1,2562,'3451100164295','2020-07-18'),(2123,'3041',12,'เด็กหญิง','ปานฟ้า','ไชยพันธ์','1349901989243',2,'',7,0,0,NULL,'3340700293282','2020-07-19'),(2097,'3052',1,'เด็กชาย','กวีวัธน์','พิลาสันต์','1349902106680',1,'',5,0,2,2566,'3451100164295','2020-07-18'),(1945,'3019',12,'เด็กหญิง','อรัญญา  ','โลหา','1341501566470',2,NULL,8,0,0,NULL,'1349900054623','2020-07-18'),(1944,'3016',11,'เด็กหญิง','บัวบุศยา  ','ศรีภักดี','1341501561338',2,NULL,8,0,0,NULL,'1349900054623','2020-07-18'),(1943,'3027',10,'เด็กชาย','อณุศร   ','รักสกุล','1341501565830',1,NULL,8,0,0,NULL,'1349900054623','2020-07-18'),(1942,'3015',9,'เด็กชาย','วุฒิศักดิ์  ','มาศพันธุ์','1349901938746',1,NULL,8,0,0,NULL,'1349900054623','2020-07-18'),(1941,'3013',8,'เด็กชาย','วรกานต์   ','บุสบาล','1103704968177',1,NULL,8,0,0,NULL,'1349900054623','2020-07-18'),(1940,'3014',7,'เด็กชาย','วรวุฒิ  ','บุสบาล','1103704968169',1,NULL,8,0,0,NULL,'1349900054623','2020-07-18'),(1939,'3011',6,'เด็กชาย','ปวิช   ','โอกาพันธ์','1101000470935',1,NULL,8,0,0,NULL,'1349900054623','2020-07-18'),(1938,'3012',5,'เด็กชาย','ยุทธการ  ','วงมาเกษ','1341501566097',1,NULL,8,0,0,NULL,'1349900054623','2020-07-18'),(1937,'3009',3,'เด็กชาย','ธนาธิป  ','ตาลหอม','1341501567310',1,NULL,8,0,0,NULL,'1349900054623','2020-07-18'),(1936,'3008',1,'เด็กชาย','ธนวัฒน์   ','ชาดา','1349901914693',1,NULL,8,0,0,NULL,'3340700293282','2020-07-18'),(1935,'3010',2,'เด็กชาย','ธีรภัทร  ','นิตุธร','1341501565279',1,NULL,8,0,0,NULL,'3340700293282','2020-07-18'),(1934,'3007',4,'เด็กชาย','ติณณภพ  ','มาคะวงค์','1341501554960',1,NULL,8,0,0,NULL,'1349900054623','2020-07-18'),(1933,'3042',14,'เด็กหญิง','อริษา ',' โทนันต์','1341501574111',2,NULL,1,0,2,2563,'3451100164295','2020-07-18'),(2121,'3039',11,'เด็กหญิง','ณัฐธิดา','มหามณี','1341501576122',2,'',3,0,2,2564,'3451100164295','2020-07-19'),(2122,'3040',11,'เด็กหญิง','ปาลิตา','เสยเฟื้อง','1341501574146',2,'',7,0,0,NULL,'3340700293282','2020-07-19'),(2119,'3037',9,'เด็กชาย','อดุลย์เดช','โปริสา','1341501575380',1,'',7,0,0,NULL,'3451100164295','2020-07-19'),(2120,'3038',10,'เด็กหญิง','ฐิติมา','ดอกไม้','1349902036100',2,'',7,0,0,NULL,'3451100164295','2020-07-19'),(201,'2606',0,'เด็กชาย','เอกลักษณ์','บัวยืน','1349901076256',1,NULL,11,1,1,2561,'','0000-00-00'),(202,'2611',0,'เด็กชาย','สนธยา','พินัส','1349901082477',1,NULL,11,1,1,2561,'','0000-00-00'),(203,'2613',0,'เด็กชาย','พลกฤษณ์','ศรีหาวงศ์','1349901084046',1,NULL,11,1,1,2561,'','0000-00-00'),(204,'2618',0,'เด็กชาย','ภานุวัฒน์','ขันทะวัต','1349901092154',1,NULL,11,1,1,2561,'','0000-00-00'),(205,'2641',0,'เด็กชาย','คมสันต์','แก้วหนองคู','1348900011974',1,NULL,11,1,1,2561,'','0000-00-00'),(206,'2644',0,'เด็กชาย','นพดล','หวังดี','1348900004706',1,NULL,11,1,1,2561,'','0000-00-00'),(207,'2646',0,'เด็กชาย','ธนากร','แก่นสาร','1348900010897',1,NULL,11,1,1,2561,'','0000-00-00'),(208,'2653',0,'เด็กชาย','ยศเมฆินทร์','อุระมา','2348900001098',1,NULL,10,1,1,2561,'5341190001681','0000-00-00'),(209,'2751',0,'เด็กชาย','วีรภัทร','โทนันต์','1417300003626',1,NULL,11,1,1,2561,'','0000-00-00'),(210,'2916',0,'เด็กชาย','อมร','ขันทะวัตร์','1348900026289',1,NULL,11,1,1,2561,'','0000-00-00'),(211,'2917',0,'เด็กชาย','เกษมพันธุ์','กุณดี','1749800281039',1,NULL,11,1,1,2561,'','0000-00-00'),(212,'2918',0,'เด็กชาย','เกียรติศักดิ์','สิงห์ดง','1342900017390',1,NULL,10,1,2,2558,'','0000-00-00'),(213,'2596',0,'เด็กหญิง','ปริญญาดา','กะพันพล','1349901080601',2,NULL,11,1,1,2561,'','0000-00-00'),(214,'2608',0,'เด็กหญิง','อัฐภิญญา','จอมหงษ์','1340701754490',2,NULL,11,1,1,2561,'','0000-00-00'),(215,'2609',0,'เด็กหญิง','ศิริลักษณ์','หยุดชม','1342900017195',2,NULL,11,1,1,2561,'','0000-00-00'),(216,'2619',0,'เด็กหญิง','อิสริญาภรณ์','ขันธวัตร','1340701754503',2,NULL,11,1,1,2561,'','0000-00-00'),(217,'2632',0,'เด็กหญิง','สิริกัญญา','อารีเหลือ','1340701749224',2,NULL,11,1,1,2561,'','0000-00-00'),(218,'2643',0,'เด็กหญิง','ชลลดา','ขันธวัช','1209000025482',2,NULL,11,1,1,2561,'','0000-00-00'),(219,'2645',0,'เด็กหญิง','อาทิตยา','ชาติสิงคราช','1348900003653',2,NULL,11,1,1,2561,'','0000-00-00'),(220,'2647',0,'เด็กหญิง','ดาริกา','สาจะรี','1398800003741',2,NULL,11,1,1,2561,'','0000-00-00'),(221,'2648',0,'เด็กหญิง','อรจิรา','อุทัยเพชร','1348900007195',2,NULL,11,1,1,2561,'','0000-00-00'),(222,'2649',0,'เด็กหญิง','นฤมล','เข็มเพชร','1349901107259',2,NULL,11,1,1,2561,'','0000-00-00'),(223,'2650',0,'เด็กหญิง','ดวงฤทัย','โลกันต์','1348900009155',2,NULL,11,1,1,2561,'','0000-00-00'),(224,'2651',0,'เด็กหญิง','อทิตยา','สมอาจ','1348900009996',2,NULL,11,1,1,2561,'','0000-00-00'),(225,'2652',0,'เด็กหญิง','ทิพวรรณ','โลกัน','1348900006318',2,NULL,11,1,1,2561,'','0000-00-00'),(226,'2919',0,'เด็กหญิง','สุบุญตา','วงค์มาเกษ','2270501005115',2,NULL,11,1,1,2561,'','0000-00-00'),(227,'2920',0,'เด็กหญิง','รัตนาภรณ์','วงมาเกษ','1348900023018',2,NULL,10,1,2,2558,'','0000-00-00'),(228,'2921',0,'เด็กหญิง','อลิษา','อินทะนา','1348900028044',2,NULL,11,1,1,2561,'','0000-00-00'),(229,'2922',0,'เด็กหญิง','ชนิตา','โคพะทา','1348900026378',2,NULL,12,1,1,2561,'','0000-00-00'),(230,'2923',0,'เด็กหญิง','เอมอมร','ทองคำ','1342900017501',2,NULL,12,1,1,2561,'5341190001681','0000-00-00'),(231,'2924',0,'เด็กหญิง','ปาริฉัตร','ปานประชาติ','1330401634898',2,NULL,11,1,2,2558,'','0000-00-00'),(232,'2925',0,'เด็กหญิง','พันธ์ทิพย์','ขันทะวัตร์','2248100003330',2,NULL,12,1,1,2561,'5341190001681','0000-00-00'),(234,'2956',0,'เด็กชาย','วุฒิไกร','สีมาทอง','1342200143163',1,'',10,1,2,2561,'1349900054623','2015-11-04'),(2069,'2792',14,'เด็กหญิง','โฉมยงค์  ','ตุคำเวียง','1341501465444',2,NULL,12,0,1,2563,'3451100164295','2020-07-18'),(2060,'2785',6,'เด็กชาย','สุทธินนท์  ','เกรียงไกร','1349901389637',1,NULL,12,0,1,2563,'3451100164295','2020-07-18'),(2057,'2787',3,'เด็กชาย','วันเฉลิม  ','ศรีหาวงศ์','1341501471339',1,NULL,12,0,1,2563,'3451100164295','2020-07-18'),(2056,'2782',2,'เด็กชาย','ศุนันทวุธ  ','คำพะทา','1349901374796',1,NULL,12,0,1,2563,'3451100164295','2020-07-18'),(2070,'2798',15,'เด็กหญิง','ประภาพร ',' บรรทะท้าว','1341501475920',2,NULL,12,0,1,2563,'3451100164295','2020-07-18'),(2118,'3036',8,'เด็กชาย','อภิสิทธิ์','บุญเลิศ','1349902015633',1,'',7,0,0,NULL,'3340700293282','2020-07-19'),(2117,'3035',7,'เด็กชาย','สุกฤษฎิ์','เชียรบุญมา','1341501567972',1,'',7,0,0,NULL,'1349900054623','2020-07-19'),(2068,'2791',13,'เด็กหญิง','นิภาภรณ์ ',' พินากัน','1348900108081',2,NULL,12,0,1,2563,'3451100164295','2020-07-18'),(2020,'2928',15,'เด็กหญิง','ระพิณภรณ์ ',' เบาระคน','1341501507856',2,NULL,9,0,2,2563,'3451100164295','2020-07-18'),(2067,'2790',12,'เด็กหญิง','อัญธิกา  ','ไชยพันธ์','1341501468010',2,NULL,12,0,1,2563,'3451100164295','2020-07-18'),(2052,'2822',12,'เด็กหญิง','เฟื่องกมล   ','กริโส','1349700361891',2,NULL,12,0,1,2564,'3451100164295','2020-07-18'),(2051,'2821',11,'เด็กหญิง','ปวีนา ',' ศิริวร','1349901407856',2,NULL,12,0,1,2564,'3451100164295','2020-07-18'),(2019,'2891',11,'เด็กหญิง','วันวิสา ',' โลทัง','1720800230436',2,NULL,12,0,1,2566,'3340700293282','2020-07-18'),(2018,'2892',10,'เด็กหญิง','สกาวใจ   ','ศรีเมือง','1341501502544',2,NULL,12,0,1,2566,'3340700293282','2020-07-18'),(2017,'2890',9,'เด็กหญิง','ธนัญญา ',' จำศรี','1349901593609',2,NULL,12,0,1,2566,'3340700293282','2020-07-18'),(2016,'2888',11,'เด็กหญิง','ณัฐธิดา  ','จันทร์ถอด','1349901560808',2,NULL,10,0,2,2565,'3451100164295','2020-07-18'),(2015,'2886',8,'เด็กหญิง','กัญญาภรณ์  ','บุญครอง','1349901546201',2,NULL,12,0,1,2566,'3340700293282','2020-07-18'),(2000,'2911',6,'เด็กหญิง','สุภัสสร  ','กุนอก','1341501513911',2,NULL,12,0,0,NULL,'1349900054623','2020-07-18'),(2001,'2908',12,'เด็กหญิง','พุทธรักษ์ ',' สิงห์คำ','1349901656252',2,NULL,9,0,1,2564,'3340700293282','2020-07-18'),(2002,'2910',5,'เด็กหญิง','ศศิกานต์  ','ศรีสูงนาง','1341501514933',2,NULL,12,0,0,NULL,'1349900054623','2020-07-18'),(2003,'2915',13,'เด็กหญิง','อัจฉรา ',' เกตุแก้ว','1349901645650',2,NULL,9,0,1,2564,'3340700293282','2020-07-18'),(2004,'2913',7,'เด็กหญิง','สุรางคณา  ','พละพันธ์','1341501508691',2,NULL,12,0,0,NULL,'1349900054623','2020-07-18'),(2005,'2971',9,'เด็กหญิง','สุวิญาณีย์ ',' คำจันทร์','1104000262898',2,NULL,12,0,0,NULL,'1349900054623','2020-07-18'),(2006,'2878',1,'เด็กชาย','ณัฐกิจ  ','ศรีเมือง','1341501500169',1,NULL,12,0,1,2566,'3451100164295','2020-07-18'),(2007,'2876',2,'เด็กชาย','กิตติภัทร  ','ประจญหาญ','1349901534459',1,NULL,9,0,2,2564,'3451100164295','2020-07-18'),(2008,'2877',2,'เด็กชาย','ณภัทร   ','แก้วชนะ','1349901548107',1,NULL,12,0,1,2566,'3340700293282','2020-07-18'),(2009,'2881',3,'เด็กชาย','ธีรภัทร ',' ศรีหาวงค์','1341501499942',1,NULL,12,0,1,2566,'3340700293282','2020-07-18'),(2010,'2882',4,'เด็กชาย','นรินทร์   ','เฉลิมรัตน์','1341501506388',1,NULL,12,0,1,2566,'3340700293282','2020-07-18'),(2011,'2880',5,'เด็กชาย','ธนโชติ  ',' บัวยืน','1341501501351',1,NULL,12,0,1,2566,'3340700293282','2020-07-18'),(2012,'2884',6,'เด็กชาย','วีรวุฒิ  ','ขันธะวัตร','1349901587561',1,NULL,12,0,1,2566,'3340700293282','2020-07-18'),(2013,'2885',8,'เด็กชาย','เอกราช   ','สุดแสดง','1349901563017',1,NULL,11,0,3,2565,'3451100164295','2020-07-18'),(2014,'2999',7,'เด็กชาย','ธีระวัฒน์  ','พาระสิงห์','1341501503184',1,NULL,12,0,1,2566,'3340700293282','2020-07-18'),(1995,'3048',12,'เด็กชาย','ภูวนันท์  ','ทองวร','1347400000379',1,NULL,12,0,0,NULL,'1349900054623','2020-07-18'),(1996,'2904',3,'เด็กหญิง','กมลชนก ','โลทัง','1100704128770',2,NULL,12,0,0,NULL,'1349900054623','2020-07-18'),(1999,'2907',10,'เด็กหญิง','บัณดิตา  ','โลทัง','1349901621386',2,NULL,9,0,1,2564,'3340700293282','2020-07-18'),(1998,'2905',9,'เด็กหญิง','ญาสุมินตรา ',' เลียบโลก','1349901654209',2,NULL,12,0,2,2566,'5341190001681','2020-07-18'),(1997,'2906',4,'เด็กหญิง','นุดีพร  ','บัวยืน','1103704391066',2,NULL,12,0,0,NULL,'1349900054623','2020-07-18'),(1994,'3002',11,'เด็กชาย','นพเก้า  ',' แดนนารินทร์','1209702487630',1,NULL,12,0,0,NULL,'1349900054623','2020-07-18'),(1993,'2972',10,'เด็กชาย','วีรวัฒน์ ',' อิสรารุ่งเรือง','1739300037678',1,NULL,12,0,0,NULL,'1349900054623','2020-07-18'),(1992,'2930',8,'เด็กชาย','ณัฐพล  ','อ่างมณี','1349901640674',1,NULL,12,0,0,NULL,'1349900054623','2020-07-18'),(1991,'2903',2,'เด็กชาย','อนุชิต  ','คำลุน','1341501508267',1,NULL,11,0,0,NULL,'1349900054623','2020-07-18'),(1990,'2902',1,'เด็กชาย','ทินกร  ',' สวัสดี','1341501514348',1,NULL,12,0,0,NULL,'1349900054623','2020-07-18'),(1989,'3020',18,'เด็กหญิง','ขวัญชนก  ',' มาคะวงค์','1341501525081',2,NULL,11,0,0,NULL,'1349900054623','2020-07-18'),(1988,'2955',15,'เด็กหญิง','ศรัณพร  ',' เปรี่ยมสติ','1340701773842',2,NULL,11,0,0,NULL,'1349900054623','2020-07-18'),(1987,'2947',12,'เด็กหญิง','พรประภา  ','แก้วชนะ','1119902578362',2,NULL,11,0,0,NULL,'1349900054623','2020-07-18'),(1986,'2949',14,'เด็กหญิง','ศิรินภา ',' หัตถะมา','1341501525846',2,NULL,11,0,0,NULL,'1349900054623','2020-07-18'),(1985,'2946',11,'เด็กหญิง','บุษกร   ','ธานี','1349901701835',2,NULL,11,0,0,NULL,'1349900054623','2020-07-18'),(1984,'2948',13,'เด็กหญิง','ศรัญญา ','การสมพิศ','1349901727621',2,NULL,11,0,0,NULL,'1349900054623','2020-07-18'),(1982,'2944',10,'เด็กหญิง','ถนอมวรรณ  ','วงมาเกษ','1341501520658',2,NULL,11,0,0,NULL,'1349900054623','2020-07-18'),(1983,'2942',8,'เด็กหญิง','กรกมล ',' ไชยพันธ์','1341501525528',2,NULL,11,0,0,NULL,'1349900054623','2020-07-18'),(2191,'3134',20,'เด็กชาย','บัณฑิต','ดวงดี','1341501515191',1,'',12,0,0,NULL,'1349900054623','2022-09-18'),(1957,'2957',1,'เด็กชาย','ธาราเทพ  ','นิตุธร','1341501534811',1,NULL,10,0,0,NULL,'1349900054623','2020-07-18'),(1958,'2958',2,'เด็กชาย','ธนลภย์  ','บุญจันทร์','1341501541183',1,NULL,10,0,0,NULL,'1349900054623','2020-07-18'),(1955,'2990',9,'เด็กหญิง','อรัญญา ','นระวัน','1341501547599',2,NULL,9,0,0,NULL,'1349900054623','2020-07-18'),(1956,'2989',10,'เด็กหญิง','ศรีมงคล   ','ฆ้องบ้านโข้ง','1102004434799',2,NULL,9,0,0,NULL,'1349900054623','2020-07-18'),(1954,'2988',7,'เด็กหญิง','นริศรา  ','พันนาพบ','1348900294691',2,NULL,9,0,0,NULL,'1349900054623','2020-07-18'),(2115,'3033',5,'เด็กชาย','พีรพัฒน์','ถิระพัฒน์','1341501576238',1,'',7,0,0,NULL,'3451100164295','2020-07-19'),(2116,'3034',6,'เด็กชาย','โยธิน','โพธาราม','1341501576921',1,'',7,0,0,NULL,'3451100164295','2020-07-19'),(2113,'3031',3,'เด็กชาย','ณัฐภพ','มะลิวงษ์','1341501571961',1,'',7,0,0,NULL,'1349900054623','2020-07-19'),(2114,'3032',4,'เด็กชาย','ธันวา','คชะเสน','1341501576262',1,'',7,0,0,NULL,'3451100164295','2020-07-19'),(1920,'3028',1,'เด็กชาย','เจตน์สฤษฎิ์   ','โอกาพันธ์','1341501576343',1,NULL,7,0,0,NULL,'1349900054623','2020-07-18'),(2170,'3124',16,'เด็กชาย','กิตติพิชญ์','คำพะทา','1103705106705',1,'',6,0,0,NULL,'1349900054623','2022-08-03'),(2044,'2830',5,'เด็กชาย','วรชิต  ',' มะลิโส','1349901412779',1,NULL,12,0,1,2564,'3451100164295','2020-07-18'),(2045,'2833',6,'เด็กชาย','พัชรโชค  ',' อินทร์เจริญ','1341501486794',1,NULL,12,0,1,2564,'3451100164295','2020-07-18'),(2050,'2820',10,'เด็กหญิง','นัฐธิดา ',' การุณรัตน์','1341501485828',2,NULL,12,0,1,2564,'3451100164295','2020-07-18'),(2049,'3049',9,'เด็กชาย','พีรภัทร ',' เนตสาร','1101801498056',1,NULL,12,0,1,2564,'3451100164295','2020-07-18'),(2048,'3045',10,'เด็กชาย','อภินันท์  ','กรงาม','1348800037181',1,NULL,10,0,2,2563,'3451100164295','2020-07-18'),(2047,'3044',8,'เด็กชาย','ภูวดล   ','โคพะทา','1329901427172',1,NULL,12,0,1,2564,'3451100164295','2020-07-18'),(2046,'3043',7,'เด็กชาย','ชัยพนัส  ','เที่ยงพุ่ม','1349901446720',1,NULL,12,0,1,2564,'3451100164295','2020-07-18'),(2043,'2832',4,'เด็กชาย','ธานี  ','วงมาเกษ','1100401353637',1,NULL,12,0,1,2564,'3451100164295','2020-07-18'),(2042,'2829',3,'เด็กชาย','ศุภวิชญ์  ','นิยมเสถียร','1349901451685',1,NULL,12,0,1,2564,'3451100164295','2020-07-18'),(2148,'3123',13,'เด็กชาย','รชต','โสดี','1341501607966',1,'',5,0,0,NULL,'3340700293282','2022-08-01'),(2149,'3108',1,'เด็กชาย','รพีภัทร','สานันต์','1341501620016',1,'',4,0,0,NULL,'3340700293282','2022-08-01'),(2040,'2827',2,'เด็กชาย','ศิวดล   ','รักวิเศษ','1349901456156',1,NULL,12,0,1,2564,'3451100164295','2020-07-18'),(2039,'2826',1,'เด็กชาย','กฤษฎา   ','แก่นตะน่อย','1349901440870',1,NULL,12,0,1,2564,'3451100164295','2020-07-18'),(2038,'2979',17,'เด็กหญิง','จิราวรรณ  ','เข็มราช','1341501500061',2,NULL,12,0,1,2565,'3340700293282','2020-07-18'),(2037,'2863',16,'เด็กหญิง','อมรรัตน์   ','ขันทะวัต','1341501498059',2,NULL,12,0,1,2565,'3340700293282','2020-07-18'),(2036,'2862',15,'เด็กหญิง','อภิญญา  ','สาจะรี','1341501496412',2,NULL,12,0,1,2565,'3340700293282','2020-07-18'),(2035,'2861',14,'เด็กหญิง','อภิญญา  ','บุญครอง','1341501493065',2,NULL,12,0,1,2565,'3340700293282','2020-07-18'),(2034,'2860',13,'เด็กหญิง','สุพัตรา  ','ฉายาวรรณ์','1341501490635',2,NULL,12,0,1,2565,'3340700293282','2020-07-18'),(2033,'2858',12,'เด็กหญิง','ศิริลักษณ์ ',' ไชยพันธ์','1341501496722',2,NULL,12,0,1,2565,'3340700293282','2020-07-18'),(2032,'2857',11,'เด็กหญิง','วิชุมา ',' ขะจัด','1341501494665',2,NULL,12,0,1,2565,'3340700293282','2020-07-18'),(2031,'2856',10,'เด็กหญิง','ปาริชาติ ',' ขันธวัช','1100401404819',2,NULL,12,0,1,2565,'3340700293282','2020-07-18'),(2030,'2855',9,'เด็กหญิง','จันทิมา  ','โลทัง','1348900171599',2,NULL,12,0,1,2565,'3340700293282','2020-07-18'),(2025,'2851',5,'เด็กชาย','สมเดช  ','จันทรา','1341501490686',1,NULL,12,0,1,2565,'3451100164295','2020-07-18'),(2029,'2900',9,'เด็กชาย','เกียรติศักดิ์ ',' เนระวัน','1341501497451',1,NULL,12,0,3,2565,'3451100164295','2020-07-18'),(2028,'2853',8,'เด็กชาย','อัจฉริยะ ',' เกษแก้ว','1349901499858',1,NULL,12,0,1,2565,'3451100164295','2020-07-18'),(2027,'2849',7,'เด็กชาย','บุญอมร   ','ขันธวัตร','2349900094151',1,NULL,12,0,1,2565,'3451100164295','2020-07-18'),(2026,'2852',6,'เด็กชาย','อนันตชัย  ','โพธิ์ขาว','1341501492051',1,NULL,12,0,1,2565,'3451100164295','2020-07-18'),(2024,'2848',4,'เด็กชาย','นราวิชญ์ ',' กริโส','1349901467441',1,NULL,12,0,1,2565,'3451100164295','2020-07-18'),(2023,'2850',3,'เด็กชาย','สุริยา  ','ราชขันธ์','1348900181047',1,NULL,12,0,1,2565,'3451100164295','2020-07-18'),(2022,'2847',2,'เด็กชาย','ธนวัฒน์   ','บุญจันทร์','1341501489611',1,NULL,12,0,1,2565,'3451100164295','2020-07-18'),(2071,'2795',16,'เด็กหญิง','อัญชิสา  ','ทองนำ','1349901392913',2,NULL,12,0,1,2563,'3451100164295','2020-07-18'),(2072,'2797',17,'เด็กหญิง','อริศรา ',' พบบุญ','1749901043583',2,NULL,12,0,1,2563,'3451100164295','2020-07-18'),(2073,'2796',18,'เด็กหญิง','ลัดดาวัลย์  ','แก่นคูณ','1199901022131',2,NULL,12,0,1,2563,'3451100164295','2020-07-18'),(2074,'3024',20,'เด็กหญิง','ทัศนียา  ','ศรีพันธ์','1349901365096',2,NULL,12,0,1,2562,'3451100164295','2020-07-18'),(2075,'2758',1,'เด็กชาย','คณาวุฒิ ',' จันทร์แจ้ง','1348900100594',1,NULL,12,0,1,2562,'3451100164295','2020-07-18'),(2076,'2763',2,'เด็กชาย','พาทิศ  ','ศรีเสน','1341501451125',1,NULL,12,0,1,2562,'3451100164295','2020-07-18'),(2077,'2761',3,'เด็กชาย','ภาณุวัตร  ','พินัส','1341501459487',1,NULL,12,0,1,2562,'3451100164295','2020-07-18'),(2078,'2760',4,'เด็กชาย','ธราเทพ   ','จำศรี','1679900625989',1,NULL,12,0,1,2562,'3451100164295','2020-07-18'),(2079,'2759',5,'เด็กชาย','เสฏฐวุฒิ  ','พบบุญ','1341501457841',1,NULL,12,0,1,2562,'3451100164295','2020-07-18'),(2080,'2765',6,'เด็กชาย','ธีระเดช  ','เจริญเชาว์','1348900093253',1,NULL,12,0,1,2562,'3451100164295','2020-07-18'),(2081,'2768',7,'เด็กชาย','พีรพล  ',' แก้วเนตร','1349901331302',1,NULL,12,0,1,2562,'3451100164295','2020-07-18'),(2082,'2771',8,'เด็กชาย','เจษฎาพร ','  ธานี','1348900086478',1,NULL,12,0,1,2562,'3451100164295','2020-07-18'),(2083,'2767',9,'เด็กชาย','อนันดา  ','ปิดตาเน','1341501458383',1,NULL,12,0,1,2562,'3451100164295','2020-07-18'),(2084,'2773',10,'เด็กชาย','อนาวิล  ','ปักกะมานัง','1348900089957',1,NULL,12,0,1,2562,'3451100164295','2020-07-18'),(2085,'2776',11,'เด็กชาย','ณัฐพล  ',' โลทัง','1348900075310',1,NULL,12,0,1,2562,'3451100164295','2020-07-18'),(2086,'2775',12,'เด็กชาย','พงศ์พิสุทธิ์ ',' สังโส','1349901276590',1,NULL,12,0,1,2562,'3451100164295','2020-07-18'),(2087,'2780',13,'เด็กชาย','ศักรินทร์ ',' ขันธวัช','1341501452121',1,NULL,12,0,1,2562,'3451100164295','2020-07-18'),(2088,'2991',14,'เด็กชาย','เจษฏาพร   ','เที่ยงพุ่ม','1349901312855',1,NULL,12,0,1,2562,'3451100164295','2020-07-18'),(2089,'2993',15,'เด็กชาย','เสกษรากรณ์   ','วงมาเกษ','1348900098182',1,NULL,12,0,1,2562,'3451100164295','2020-07-18'),(2090,'2994',16,'เด็กชาย','วาณิช  ','ทวีพัด','1348900098255',1,NULL,12,0,1,2562,'3451100164295','2020-07-18'),(2091,'2995',17,'เด็กชาย','อนุชา  ','พรมโสภา','1341501466424',1,NULL,12,0,1,2562,'3451100164295','2020-07-18'),(2092,'2756',18,'เด็กหญิง','พรกนก  ','วงค์มาเกษ','1348900084017',2,NULL,12,0,1,2562,'3451100164295','2020-07-18'),(2093,'2770',19,'เด็กหญิง','ทิพย์สุดา  ','โพธาราม','1349901315498',2,NULL,12,0,1,2562,'3451100164295','2020-07-18'),(2094,'2769',20,'เด็กหญิง','ทิพากร ',' โพธาราม','1349901315510',2,NULL,12,0,1,2562,'3451100164295','2020-07-18'),(2095,'2996',21,'เด็กหญิง','จารุวรรณ  ','พิมพ์จันทร์','1348900100659',2,NULL,12,0,1,2562,'3451100164295','2020-07-18'),(2096,'3047',22,'เด็กหญิง','ธนชพร ',' โลทัง','1369900688401',2,NULL,12,0,1,2562,'3451100164295','2020-07-18'),(2098,'3053',1,'เด็กชาย','ไกรภพ','พินากัน','1341501581509',1,'',6,0,0,NULL,'1349900054623','2020-07-18'),(2099,'3054',2,'เด็กชาย','ณัฐพล','ศรีภักดี','1341501592098',1,'',6,0,0,NULL,'1349900054623','2020-07-18'),(2100,'3055',3,'เด็กชาย','ภัคภูมิ','โคพะทา','1341501587574',1,'',6,0,0,NULL,'1349900054623','2020-07-18'),(2101,'3056',4,'เด็กชาย','รัชตะ','มานะดี','1347600117377',1,'',6,0,0,NULL,'1349900054623','2020-07-18'),(2102,'3057',5,'เด็กชาย','อนาวิล','ศรีเมือง','1341501587736',1,'',6,0,0,NULL,'1349900054623','2020-07-18'),(2103,'3058',6,'เด็กชาย','อัศนัย','วัดราศรี','1341501585767',1,'',6,0,0,NULL,'1349900054623','2020-07-18'),(2104,'3059',7,'เด็กหญิง','กัลยกร','โคพะทา','1341501594660',2,'',6,0,0,NULL,'1349900054623','2020-07-18'),(2105,'3060',8,'เด็กหญิง','ชลธิชา','กริโส','1341501584991',2,'',6,0,0,NULL,'1349900054623','2020-07-18'),(2106,'3061',10,'เด็กหญิง','ทิพปภา','แสงอร่าม','1209601936064',2,'',5,0,2,2566,'1349900054623','2020-07-18'),(2107,'3063',12,'เด็กหญิง','ธิดารัตน์','แม้นศิริ','1341501581991',2,'',2,0,2,2564,'3451100164295','2020-07-18'),(2108,'3064',11,'เด็กหญิง','ศุภานัน','จันทร์แจ้ง','1341501591415',2,'',6,0,0,NULL,'1349900054623','2020-07-18'),(2109,'3065',12,'เด็กหญิง','สุกัลญา','พระวุธ','1341501585393',2,'',6,0,0,NULL,'1349900054623','2020-07-18'),(2110,'3066',13,'เด็กหญิง','อุรัชญา','อินทิรัตน์','1341501583838',2,'',6,0,0,NULL,'1349900054623','2020-07-18'),(2125,'3050',14,'เด็กชาย','ตุลาการ','วัดพ่วง','1718800168029',1,'',10,0,2,2567,'1349900054623','2020-07-19'),(2126,'3051',8,'เด็กชาย','อัยการ','วัดพ่วง','1718800149954',1,'',10,0,1,2565,'3451100164295','2020-07-19'),(2127,'3070',17,'เด็กหญิง','เกศกัญญา','ศรีจันดี','1341501515387',2,'',9,0,1,2564,'3340700293282','2020-07-19'),(2128,'3068',20,'เด็กหญิง','รุ้งนภา','หอมจันทร์','1341501499098',2,'',12,0,2,2565,'3451100164295','2020-07-19'),(2129,'3067',14,'เด็กหญิง','อภิญญา','คงคาพันธ์','1341501490350',2,'',12,0,1,2564,'3451100164295','2020-07-19'),(2130,'3071',12,'เด็กหญิง','อุไรพร','พันนาพบ','1348900205001',2,'',12,0,1,2566,'3340700293282','2020-10-19'),(2131,'3072',11,'เด็กชาย','สุภกฤต','ปราสาทศรี','1349901911392',1,'',9,0,0,NULL,'1349900054623','2020-10-19'),(2132,'3090',13,'เด็กหญิง','นฤมล','พันนาพบ','1340701774041',2,'',12,0,0,NULL,'1349900054623','2022-03-14'),(2133,'3075',4,'เด็กชาย','ชนะพล','ประดับศรี','1342900056603',1,'',5,0,0,NULL,'1349900054623','2022-04-05'),(2134,'3076',2,'เด็กชาย','ชนาธิป','ศรีโคตร','1341501603430',1,'',5,0,0,NULL,'1349900054623','2022-04-05'),(2135,'3077',5,'เด็กชาย','ณัฐนนท์','มะลิวงษ์','1341501610134',1,'',5,0,0,NULL,'1349900054623','2022-04-05'),(2136,'3078',3,'เด็กชาย','ณัฐภูมินทร์','สานันต์','1341501604711',1,'',5,0,0,NULL,'1349900054623','2022-04-05'),(2137,'3079',6,'เด็กชาย','นิพล','เฉลิมรัตน์','1342900056671',1,'',5,0,0,NULL,'1349900054623','2022-04-05'),(2138,'3080',1,'เด็กชาย','อติวิชญ์','ประแดง','1341501606706',1,'',5,0,0,NULL,'1349900054623','2022-04-05'),(2139,'3081',7,'เด็กหญิง','จันทร์จิรา','จันทรา','1341501598941',2,'',5,0,0,NULL,'1349900054623','2022-04-05'),(2140,'3082',11,'เด็กหญิง','เจริญรัตน์','บุสบาล','	1341501598614',2,'',5,0,0,NULL,'1349900054623','2022-04-05'),(2141,'3083',12,'เด็กหญิง','ฐิติมา','พิลาสันต์','1341501605793',2,'',5,0,0,NULL,'1349900054623','2022-04-05'),(2142,'3084',8,'เด็กหญิง','พศิกา','นวนชนะ','1219901648072',2,'',5,0,0,NULL,'1349900054623','2022-04-05'),(2143,'3085',10,'เด็กหญิง','พร้อมเพรียง','ธานี','1341501596751',2,'',5,0,0,NULL,'1349900054623','2022-04-05'),(2144,'3086',12,'เด็กหญิง','อารียา','ธานี','1104201051991',2,'',2,0,2,2565,'5341190001681','2022-04-05'),(2145,'3087',9,'เด็กหญิง','อรปรียา','อ้วนผิว','1718800225367',2,'',5,0,0,NULL,'1349900054623','2022-04-05'),(2146,'3073',14,'เด็กหญิง','เรื่องทิพย์','ขันทอง','1341501583200',2,'',6,0,0,NULL,'1349900054623','2022-04-05'),(2147,'3093',15,'เด็กหญิง','กมลวรรณ','หมอกมีชัย','1102004710851',2,'',6,0,0,NULL,'1349900054623','2022-04-05'),(2150,'3104',2,'เด็กชาย','นจพง','บัวยืน','1349902221225',1,'',4,0,0,NULL,'3340700293282','2022-08-01'),(2151,'3110',3,'เด็กชาย','สธนสิทธิ์','อินทมาตย์','1341501620083',1,'',4,0,0,NULL,'3340700293282','2022-08-01'),(2152,'3107',4,'เด็กชาย','ภาศกร','บุญศรี','1341501612897',1,'',4,0,0,NULL,'3340700293282','2022-08-01'),(2153,'3099',5,'เด็กชาย','ฐากูร','อัมพร','1341501622844',1,'',4,0,0,NULL,'3340700293282','2022-08-01'),(2154,'3105',6,'เด็กชาย','ปรเมศวร์','มาคะวงค์','1341501626413',1,'',4,0,0,NULL,'3340700293282','2022-08-01'),(2155,'3098',7,'เด็กชาย','ชญานน ','กริโส','1347600138951',1,'',4,0,0,NULL,'3340700293282','2022-08-01'),(2156,'3101',8,'เด็กชาย','ธนโชติ','อนุศาสตร์','1209001012562',1,'',4,0,0,NULL,'3340700293282','2022-08-01'),(2157,'3106',9,'เด็กชาย','ภันเต','ไชยพัธ์','1119902985600',1,'',4,0,0,NULL,'3340700293282','2022-08-01'),(2158,'3100',10,'เด็กชาย','ธนโชติ','โคพะทา','1341501617368',1,'',4,0,0,NULL,'3340700293282','2022-08-01'),(2159,'3102',11,'เด็กชาย','ธนภัทร','แก้วชนะ','1341501617104',1,'',4,0,0,NULL,'3340700293282','2022-08-01'),(2160,'3103',12,'เด็กชาย','ธนัตถ์กรณ์','นาพัง','1341501615713',1,'',4,0,0,NULL,'3340700293282','2022-08-01'),(2161,'3097',13,'เด็กชาย','คฑาวุธ','ทะลาด','1305300118724',1,'',4,0,0,NULL,'3340700293282','2022-08-01'),(2162,'3109',14,'เด็กชาย','รัชชานันท์ ','บุญมาทน','1341501622752',1,'',4,0,0,NULL,'3340700293282','2022-08-01'),(2163,'3117',15,'เด็กหญิง','ลัดดา ','คำบุญมา','1341501616345',2,'',4,0,0,NULL,'3340700293282','2022-08-01'),(2164,'3115',18,'เด็กหญิง','ธัญทิพย์','ราชขันธ์','1341501610860',1,'',4,0,0,NULL,'3340700293282','2022-08-01'),(2165,'3111',16,'เด็กหญิง','กนกพิชญ์','คำพะทา','1341501625328',2,'',4,0,0,NULL,'3340700293282','2022-08-01'),(2166,'3112',17,'เด็กหญิง','กัญญาพัชร','สาจะรี','1341501614482',2,'',4,0,0,NULL,'3340700293282','2022-08-01'),(2167,'3116',20,'เด็กหญิง','ธิญาดา  ','เสยเฟื้อง','1341501613788',2,'',4,0,0,NULL,'3340700293282','2022-08-01'),(2168,'3113',19,'เด็กหญิง','ณัชชารินทร์','ทองแจ่ม','1341501614920',2,'',4,0,0,NULL,'3340700293282','2022-08-01'),(2169,'3114',21,'เด็กหญิง','รัฏฐณิชา','พิลาสันต์','1349700551666',2,'',4,0,0,NULL,'3340700293282','2022-08-01'),(2171,'3029',2,'เด็กชาย','ชนาธิป','โคพะทา','1341501578141',1,'',7,0,2,2567,'1349900054623','2022-08-03'),(2172,'3088',13,'เด็กชาย','อนุชิต','ทีอุทิศ','1349902033127',1,'',6,0,2,2566,'3340700293282','2022-08-03'),(2173,'3125',12,'เด็กหญิง','กมลลักษณ์','ศรีภักดี','1341501551235',2,'',9,0,2,2567,'1349900054623','2022-08-03'),(2174,'3126',19,'เด็กชาย','ชญานนท์','โดนกลาง','1339600214048',1,'',11,0,0,NULL,'1349900054623','2022-08-03'),(2175,'3118',14,'เด็กชาย','ธนโชติ','พลชาลี','1349901658727',1,'',12,0,0,NULL,'1349900054623','2022-08-03'),(2176,'3120',16,'เด็กชาย','วินระวง','ขันเงิน','1349901559737',1,'',11,0,2,2566,'1349900054623','2022-08-03'),(2177,'3121',17,'เด็กชาย','เอกภาพ','อำพันธ์','1349901694791',1,'',12,0,0,NULL,'1349900054623','2022-08-03'),(2178,'3119',15,'เด็กชาย','ธีรยุทต์','เกื้อกูล','1341501511781',1,'',12,0,0,NULL,'1349900054623','2022-08-03'),(2179,'3122',18,'เด็กหญิง','สรัญญา','สุวรรณภูมิ','1341501513864',2,'',12,0,0,NULL,'1349900054623','2022-08-03'),(2180,'3096',20,'เด็กหญิง','อัจฉรา','โปริสา','1779800369050',2,'',10,0,2,2566,'3340700293282','2022-08-03'),(2181,'3089',13,'เด็กชาย','วีรยุ','จตุรเทพ','1469900829331',1,'',12,0,1,2566,'3340700293282','2022-08-03'),(2182,'3091',14,'เด็กหญิง','ปาณิศา','เอี่ยมสุรา','1100202004811',2,'',12,0,1,2566,'3340700293282','2022-08-03'),(2183,'3127',21,'เด็กชาย','เพชรแท้','ป้อสีลา','1349901636961',1,'',11,0,2,2566,'3340700293282','2022-08-04'),(2190,'3133',22,'เด็กชาย','ธีรภัทร','มาลา','1348900219699',1,'',11,0,2,2566,'3340700343794','2022-09-18'),(2185,'3128',19,'เด็กชาย','ศิริชัย','ราชขันธ์','1347600043136',1,'',12,0,0,NULL,'1349900054623','2022-08-04'),(2186,'3129',18,'เด็กชาย','สุริยากาล','คำจันทร์','16470701235805',1,'',12,0,1,2565,'3340700343794','2022-09-18'),(2187,'3130',15,'นางสาว','บุญสิตา','ทองสา','1348900083801',2,'',12,0,1,2566,'3340700343794','2022-09-18'),(2188,'3131',16,'เด็กหญิง','ระพิณภรณ์','เบาระคน','1341501507857',2,'',12,0,1,2566,'3340700343794','2022-09-18'),(2189,'3132',14,'เด็กหญิง','อริษา','โทนันต์','1341501574112',2,'',7,0,0,NULL,'3340700343794','2022-09-18'),(2192,'3137',1,'เด็กชาย','กฤติธี','สุภาเลิศ','1380500023927',1,'',3,0,0,NULL,'1349900054623','2023-07-04'),(2193,'3138',2,'เด็กชาย','กิตติพงษ์','ทองขาว','1341501636109',1,'',3,0,0,NULL,'1349900054623','2023-07-04'),(2194,'3139',3,'เด็กชาย','ชยานันท์','จำศรี','1347600144307',1,'',3,0,0,NULL,'1349900054623','2023-07-04'),(2195,'3140',4,'เด็กชาย','ฐีระวัฒน์','ธานี','1341501629391',1,'',3,0,0,NULL,'1349900054623','2023-07-04'),(2196,'3141',5,'เด็กชาย','ณัชพล','เนตรแสง','1341501638314',1,'',2,0,2,2566,'1349900054623','2023-07-04'),(2197,'3155',14,'เด็กชาย','กรรชัย','จำปาศักดิ์','1629400100739',1,'',5,0,0,NULL,'1349900054623','2023-09-18'),(2198,'3136',15,'เด็กหญิง','กานต์มณี','เกตศักดิ์','1342200157601',2,'',10,0,0,NULL,'1349900054623','2023-09-19'),(2199,'3154',20,'เด็กชาย','ธนวัฒน์','ทะเลดวน','1409800552451',1,'',11,0,0,NULL,'1349900054623','2023-09-19'),(2200,'3092',17,'เด็กหญิง','ปาลิตา','สมหมาย','1104200643429',2,'',12,0,1,2566,'1349900054623','2023-09-19'),(2201,'3153',23,'เด็กชาย','กฤตชยา','มาศพันธ์','1341501611530',1,'',4,0,0,NULL,'5341190001681','2023-10-17'),(2202,'2961',13,'เด็กชาย','สมบุรณ์','สันเทียะ','1341501538361',1,'',10,0,0,NULL,'3340700293282','2023-10-18'),(2203,'3156',23,'เด็กชาย','ทวีทรัพย์','แก้วชนะ','1349902194210',1,'',4,0,0,NULL,'3340700293282','2023-10-18'),(2204,'3135',15,'เด็กชาย','ณฐพัชร','เจนดง','1279900542271',1,'',7,0,2,2567,'1349900054623','2024-03-07'),(2205,'3142',5,'เด็กชาย','ติณณ์ณภัทร','ภูเกิด','1341501641501',1,'',3,0,0,NULL,'1349900054623','2024-03-07'),(2206,'3143',6,'เด็กชาย','ธนกร','ธุลีลาย','1341501640947',1,'',3,0,0,NULL,'1349900054623','2024-03-07'),(2207,'3144',7,'เด็กชาย','นิติภัทร','บุสบาล','1341501633576',1,'',3,0,0,NULL,'1349900054623','2024-03-07'),(2208,'3145',8,'เด็กชาย','ภาคิน','โสภาสิน','1341501628289',1,'',3,0,0,NULL,'1349900054623','2024-03-07'),(2209,'3146',9,'เด็กชาย','วัชรพล','พินัส','1349902264170',1,'',3,0,0,NULL,'1349900054623','2024-03-07'),(2210,'3147',10,'เด็กชาย','ศุภวัฒน์','บุญยืด','1347600143611',1,'',3,0,0,NULL,'1349900054623','2024-03-07'),(2211,'3148',11,'เด็กชาย','อภิชัจ','พินัส','1341501640831',1,'',3,0,0,NULL,'1349900054623','2024-03-07'),(2212,'3149',12,'เด็กหญิง','ขวัญจิรา','ดอกไม้','1341501633843',2,'',3,0,0,NULL,'1349900054623','2024-03-07'),(2213,'3150',13,'เด็กหญิง','ณัฐวิภา','ทะเลดวน','1349902235242',2,'',3,0,0,NULL,'1349900054623','2024-03-07'),(2214,'3151',14,'เด็กหญิง','ธารธารา','พิณทอง','1101501647358',2,'',3,0,0,NULL,'1349900054623','2024-03-07'),(2215,'3152',15,'เด็กหญิง','ภิญญาพัชญ์','ไชยพันธ์','1341501641552',2,'',3,0,0,NULL,'1349900054623','2024-03-07'),(2216,'1361',5,'เด็กชาย','ภัคพล','เชียรบุญมา','1349902312999',1,'',2,1,0,NULL,'3340700293282','2024-06-10'),(2217,'1362',6,'เด็กชาย','ภิรพัฒน์','ขันทะวัตร์','1341501649740',1,'',2,1,0,NULL,'3340700293282','2024-06-10'),(2218,'1363',7,'เด็กชาย','ภูนิภัทร','จันทุมา','1349902290731',1,'',2,1,0,NULL,'3340700293282','2024-06-10'),(2219,'1364',8,'เด็กชาย','ภูวดล','ทาทอง','1341501652066',1,'',2,1,0,NULL,'3340700293282','2024-06-10'),(2220,'3157',1,'เด็กชาย','กิตติคุณ','คำลุน','1341501643083',1,'',2,1,0,NULL,'3340700293282','2024-06-10'),(2221,'3158',2,'เด็กชาย','ธีระภัทร','แก้วชนะ','1349902319349',1,'',2,1,0,NULL,'3340700293282','2024-06-10'),(2222,'3159',3,'เด็กชาย','นัตภัทร','บุญยืด','1347600150935',1,'',2,1,0,NULL,'3340700293282','2024-06-10'),(2223,'3160',4,'เด็กชาย','บุญฤทธิ์','ธานี','1341501650195',1,'',2,1,0,NULL,'3340700293282','2024-06-10'),(2224,'3165',9,'เด็กหญิง','กัญญาณัฐ','สาจะรี','1341501648191',2,'',2,1,0,NULL,'3340700293282','2024-06-10'),(2225,'3166',10,'เด็กหญิง','บุญญาพร','วงมาเกษ','1349902287056',2,'',2,1,0,NULL,'3340700293282','2024-06-10'),(2226,'3167',11,'เด็กหญิง','ศิรประภา','โลทัง','1341501654875',2,'',2,1,0,NULL,'3340700293282','2024-06-10'),(2227,'3168',12,'เด็กหญิง','สรียา','ปราสาทศรี','1200601617289',2,'',2,1,0,NULL,'3340700293282','2024-06-10'),(2228,'3169',5,'เด็กชาย','จิราวัฒน์','ทองสิงหา','1341501534292',1,'',10,1,0,NULL,'3340700293282','2024-06-10'),(2229,'3170',7,'เด็กชาย','สิทธิพล','วงมาเกษ','1341501532729',1,'',10,1,0,NULL,'3340700293282','2024-06-10'),(2230,'3171',14,'เด็กหญิง','บุณยานุช','มูลลา','1341501534365',2,'',10,1,0,NULL,'3340700293282','2024-06-10'),(2231,'3172',16,'เด็กหญิง','อัญญารินณ์','ฉิมทะเล','1349901812297',2,'',10,1,0,NULL,'3340700293282','2024-06-10'),(2232,'3173',15,'เด็กหญิง','สุพรรษา  ','เวียงสิมมา','1341501629323',1,'',3,0,0,NULL,'1349900054623','2024-09-19'),(2233,'3174',12,'เด็กหญิง','สุภัตรา','คำลุน','1349902179288',2,'',4,0,0,NULL,'1349700153172','2024-09-19'),(2234,'2230',12,'เด็กชาย','เอกลักษณ์','จีกลาง','1341501622043',1,'',4,0,0,NULL,'1349700153172','2024-09-19');

--
-- Table structure for table `student_main_class`
--

CREATE TABLE `student_main_class` (
  `id` int(11) NOT NULL AUTO_INCREMENT,
  `class_code` tinyint(4) NOT NULL,
  `class_name` varchar(150) NOT NULL,
  PRIMARY KEY (`id`),
  UNIQUE KEY `class_code` (`class_code`)
) ENGINE=MyISAM AUTO_INCREMENT=13 DEFAULT CHARSET=utf8 COLLATE=utf8_general_ci;

--
-- Dumping data for table `student_main_class`
--

INSERT INTO `student_main_class` VALUES (12,2,'อนุบาล2'),(2,3,'อนุุบาล3'),(3,4,'ประถมศึกษาปีที่1'),(4,5,'ประถมศึกษาปีที่2'),(5,6,'ประถมศึกษาปีที่3'),(6,7,'ประถมศึกษาปีที่4'),(7,8,'ประถมศึกษาปีที่5'),(8,9,'ประถมศึกษาปีที่6'),(9,10,'มัธยมศึกษาปีที่ 1'),(10,11,'มัธยมศึกษาปีที่ 2'),(11,12,'มัธยมศึกษาปีที่ 3');

--
-- Table structure for table `student_main_classlog`
--

CREATE TABLE `student_main_classlog` (
  `id` int(11) NOT NULL AUTO_INCREMENT,
  `ed_year` int(11) NOT NULL,
  `student_id` varchar(7) NOT NULL,
  `student_number` int(11) DEFAULT NULL,
  `class_code` tinyint(4) NOT NULL,
  `room` tinyint(4) DEFAULT 0,
  `officer` varchar(13) NOT NULL,
  `rec_date` date NOT NULL,
  PRIMARY KEY (`id`)
) ENGINE=MyISAM AUTO_INCREMENT=1391 DEFAULT CHARSET=utf8 COLLATE=utf8_general_ci;

--
-- Dumping data for table `student_main_classlog`
--

INSERT INTO `student_main_classlog` VALUES (1,2557,'2902',0,2,1,'1349900054623','2014-09-14'),(2,2557,'2903',0,2,1,'1349900054623','2014-09-14'),(3,2557,'2904',0,2,1,'1349900054623','2014-09-14'),(4,2557,'2905',0,2,1,'1349900054623','2014-09-14'),(5,2557,'2906',0,2,1,'1349900054623','2014-09-14'),(6,2557,'2907',0,2,1,'1349900054623','2014-09-14'),(7,2557,'2908',0,2,1,'1349900054623','2014-09-14'),(8,2557,'2909',0,2,1,'1349900054623','2014-09-14'),(9,2557,'2910',0,2,1,'1349900054623','2014-09-14'),(10,2557,'2911',0,2,1,'1349900054623','2014-09-14'),(11,2557,'2912',0,2,1,'1349900054623','2014-09-14'),(12,2557,'2913',0,2,1,'1349900054623','2014-09-14'),(13,2557,'2914',0,2,1,'1349900054623','2014-09-14'),(14,2557,'2915',0,2,1,'1349900054623','2014-09-14'),(15,2557,'2876',0,3,1,'1349900054623','2014-09-14'),(16,2557,'2877',0,3,1,'1349900054623','2014-09-14'),(17,2557,'2878',0,3,1,'1349900054623','2014-09-14'),(18,2557,'2879',0,3,1,'1349900054623','2014-09-14'),(19,2557,'2880',0,3,1,'1349900054623','2014-09-14'),(20,2557,'2881',0,3,1,'1349900054623','2014-09-14'),(21,2557,'2882',0,3,1,'1349900054623','2014-09-14'),(22,2557,'2883',0,3,1,'1349900054623','2014-09-14'),(23,2557,'2884',0,3,1,'1349900054623','2014-09-14'),(24,2557,'2885',0,3,1,'1349900054623','2014-09-14'),(25,2557,'2886',0,3,1,'1349900054623','2014-09-14'),(26,2557,'2887',0,3,1,'1349900054623','2014-09-14'),(27,2557,'2888',0,3,1,'1349900054623','2014-09-14'),(28,2557,'2889',0,3,1,'1349900054623','2014-09-14'),(29,2557,'2890',0,3,1,'1349900054623','2014-09-14'),(30,2557,'2891',0,3,1,'1349900054623','2014-09-14'),(31,2557,'2892',0,3,1,'1349900054623','2014-09-14'),(32,2557,'2846',0,4,1,'1349900054623','2014-09-14'),(33,2557,'2847',0,4,1,'1349900054623','2014-09-14'),(34,2557,'2848',0,4,1,'1349900054623','2014-09-14'),(35,2557,'2849',0,4,1,'1349900054623','2014-09-14'),(36,2557,'2850',0,4,1,'1349900054623','2014-09-14'),(37,2557,'2851',0,4,1,'1349900054623','2014-09-14'),(38,2557,'2852',0,4,1,'1349900054623','2014-09-14'),(39,2557,'2853',0,4,1,'1349900054623','2014-09-14'),(40,2557,'2855',0,4,1,'1349900054623','2014-09-14'),(41,2557,'2856',0,4,1,'1349900054623','2014-09-14'),(42,2557,'2857',0,4,1,'1349900054623','2014-09-14'),(43,2557,'2858',0,4,1,'1349900054623','2014-09-14'),(44,2557,'2860',0,4,1,'1349900054623','2014-09-14'),(45,2557,'2861',0,4,1,'1349900054623','2014-09-14'),(46,2557,'2862',0,4,1,'1349900054623','2014-09-14'),(47,2557,'2863',0,4,1,'1349900054623','2014-09-14'),(48,2557,'2900',0,4,1,'1349900054623','2014-09-14'),(49,2557,'2818',0,5,1,'1349900054623','2014-09-14'),(50,2557,'2819',0,5,1,'1349900054623','2014-09-14'),(51,2557,'2820',0,5,1,'1349900054623','2014-09-14'),(52,2557,'2821',0,5,1,'1349900054623','2014-09-14'),(53,2557,'2822',0,5,1,'1349900054623','2014-09-14'),(54,2557,'2823',0,5,1,'1349900054623','2014-09-14'),(55,2557,'2824',0,5,1,'1349900054623','2014-09-14'),(56,2557,'2825',0,5,1,'1349900054623','2014-09-14'),(57,2557,'2826',0,5,1,'1349900054623','2014-09-14'),(58,2557,'2828',0,5,1,'1349900054623','2014-09-14'),(59,2557,'2829',0,5,1,'1349900054623','2014-09-14'),(60,2557,'2830',0,5,1,'1349900054623','2014-09-14'),(61,2557,'2831',0,5,1,'1349900054623','2014-09-14'),(62,2557,'2832',0,5,1,'1349900054623','2014-09-14'),(63,2557,'2833',0,5,1,'1349900054623','2014-09-14'),(64,2557,'2834',0,5,1,'1349900054623','2014-09-14'),(65,2557,'2845',0,5,1,'1349900054623','2014-09-14'),(66,2557,'2781',0,6,1,'1349900054623','2014-09-14'),(67,2557,'2782',0,6,1,'1349900054623','2014-09-14'),(68,2557,'2783',0,6,1,'1349900054623','2014-09-14'),(69,2557,'2784',0,6,1,'1349900054623','2014-09-14'),(70,2557,'2785',0,6,1,'1349900054623','2014-09-14'),(71,2557,'2786',0,6,1,'1349900054623','2014-09-14'),(72,2557,'2787',0,6,1,'1349900054623','2014-09-14'),(73,2557,'2788',0,6,1,'1349900054623','2014-09-14'),(74,2557,'2789',0,6,1,'1349900054623','2014-09-14'),(75,2557,'2790',0,6,1,'1349900054623','2014-09-14'),(76,2557,'2791',0,6,1,'1349900054623','2014-09-14'),(77,2557,'2792',0,6,1,'1349900054623','2014-09-14'),(78,2557,'2793',0,6,1,'1349900054623','2014-09-14'),(79,2557,'2794',0,6,1,'1349900054623','2014-09-14'),(80,2557,'2795',0,6,1,'1349900054623','2014-09-14'),(81,2557,'2796',0,6,1,'1349900054623','2014-09-14'),(82,2557,'2797',0,6,1,'1349900054623','2014-09-14'),(83,2557,'2798',0,6,1,'1349900054623','2014-09-14'),(84,2557,'2901',0,6,1,'1349900054623','2014-09-14'),(85,2557,'2756',0,7,1,'1349900054623','2014-09-14'),(86,2557,'2757',0,7,1,'1349900054623','2014-09-14'),(87,2557,'2758',0,7,1,'1349900054623','2014-09-14'),(88,2557,'2759',0,7,1,'1349900054623','2014-09-14'),(89,2557,'2760',0,7,1,'1349900054623','2014-09-14'),(90,2557,'2761',0,7,1,'1349900054623','2014-09-14'),(91,2557,'2762',0,7,1,'1349900054623','2014-09-14'),(92,2557,'2763',0,7,1,'1349900054623','2014-09-14'),(93,2557,'2764',0,7,1,'1349900054623','2014-09-14'),(94,2557,'2765',0,7,1,'1349900054623','2014-09-14'),(95,2557,'2766',0,7,1,'1349900054623','2014-09-14'),(96,2557,'2767',0,7,1,'1349900054623','2014-09-14'),(97,2557,'2768',0,7,1,'1349900054623','2014-09-14'),(98,2557,'2769',0,7,1,'1349900054623','2014-09-14'),(99,2557,'2770',0,7,1,'1349900054623','2014-09-14'),(100,2557,'2771',0,7,1,'1349900054623','2014-09-14'),(101,2557,'2772',0,7,1,'1349900054623','2014-09-14'),(102,2557,'2773',0,7,1,'1349900054623','2014-09-14'),(103,2557,'2775',0,7,1,'1349900054623','2014-09-14'),(104,2557,'2776',0,7,1,'1349900054623','2014-09-14'),(105,2557,'2780',0,7,1,'1349900054623','2014-09-14'),(106,2557,'2842',0,7,1,'1349900054623','2014-09-14'),(107,2557,'2844',0,7,1,'1349900054623','2014-09-14'),(108,2557,'2694',0,8,1,'1349900054623','2014-09-14'),(109,2557,'2721',0,8,1,'1349900054623','2014-09-14'),(110,2557,'2723',0,8,1,'1349900054623','2014-09-14'),(111,2557,'2724',0,8,1,'1349900054623','2014-09-14'),(112,2557,'2726',0,8,1,'1349900054623','2014-09-14'),(113,2557,'2727',0,8,1,'1349900054623','2014-09-14'),(114,2557,'2728',0,8,1,'1349900054623','2014-09-14'),(115,2557,'2729',0,8,1,'1349900054623','2014-09-14'),(116,2557,'2730',0,8,1,'1349900054623','2014-09-14'),(117,2557,'2731',0,8,1,'1349900054623','2014-09-14'),(118,2557,'2732',0,8,1,'1349900054623','2014-09-14'),(119,2557,'2733',0,8,1,'1349900054623','2014-09-14'),(120,2557,'2734',0,8,1,'1349900054623','2014-09-14'),(121,2557,'2735',0,8,1,'1349900054623','2014-09-14'),(122,2557,'2736',0,8,1,'1349900054623','2014-09-14'),(123,2557,'2738',0,8,1,'1349900054623','2014-09-14'),(124,2557,'2740',0,8,1,'1349900054623','2014-09-14'),(125,2557,'2741',0,8,1,'1349900054623','2014-09-14'),(126,2557,'2742',0,8,1,'1349900054623','2014-09-14'),(127,2557,'2667',0,9,1,'1349900054623','2014-09-14'),(128,2557,'2668',0,9,1,'1349900054623','2014-09-14'),(129,2557,'2674',0,9,1,'1349900054623','2014-09-14'),(130,2557,'2675',0,9,1,'1349900054623','2014-09-14'),(131,2557,'2676',0,9,1,'1349900054623','2014-09-14'),(132,2557,'2677',0,9,1,'1349900054623','2014-09-14'),(133,2557,'2679',0,9,1,'1349900054623','2014-09-14'),(134,2557,'2680',0,9,1,'1349900054623','2014-09-14'),(135,2557,'2682',0,9,1,'1349900054623','2014-09-14'),(136,2557,'2685',0,9,1,'1349900054623','2014-09-14'),(137,2557,'2686',0,9,1,'1349900054623','2014-09-14'),(138,2557,'2687',0,9,1,'1349900054623','2014-09-14'),(139,2557,'2688',0,9,1,'1349900054623','2014-09-14'),(140,2557,'2689',0,9,1,'1349900054623','2014-09-14'),(141,2557,'2690',0,9,1,'1349900054623','2014-09-14'),(142,2557,'2695',0,9,1,'1349900054623','2014-09-14'),(143,2557,'2711',0,9,1,'1349900054623','2014-09-14'),(144,2557,'2712',0,9,1,'1349900054623','2014-09-14'),(145,2557,'2713',0,9,1,'1349900054623','2014-09-14'),(146,2557,'2714',0,9,1,'1349900054623','2014-09-14'),(147,2557,'2715',0,9,1,'1349900054623','2014-09-14'),(148,2557,'2779',0,9,1,'1349900054623','2014-09-14'),(149,2557,'2872',0,9,1,'1349900054623','2014-09-14'),(150,2557,'2568',0,10,1,'1349900054623','2014-09-14'),(151,2557,'2596',0,10,1,'1349900054623','2014-09-14'),(152,2557,'2606',0,10,1,'1349900054623','2014-09-14'),(153,2557,'2608',0,10,1,'1349900054623','2014-09-14'),(154,2557,'2609',0,10,1,'1349900054623','2014-09-14'),(155,2557,'2611',0,10,1,'1349900054623','2014-09-14'),(156,2557,'2613',0,10,1,'1349900054623','2014-09-14'),(157,2557,'2618',0,10,1,'1349900054623','2014-09-14'),(158,2557,'2619',0,10,1,'1349900054623','2014-09-14'),(159,2557,'2631',0,10,1,'1349900054623','2014-09-14'),(160,2557,'2632',0,10,1,'1349900054623','2014-09-14'),(161,2557,'2641',0,10,1,'1349900054623','2014-09-14'),(162,2557,'2643',0,10,1,'1349900054623','2014-09-14'),(163,2557,'2644',0,10,1,'1349900054623','2014-09-14'),(164,2557,'2645',0,10,1,'1349900054623','2014-09-14'),(165,2557,'2646',0,10,1,'1349900054623','2014-09-14'),(166,2557,'2647',0,10,1,'1349900054623','2014-09-14'),(167,2557,'2648',0,10,1,'1349900054623','2014-09-14'),(168,2557,'2649',0,10,1,'1349900054623','2014-09-14'),(169,2557,'2650',0,10,1,'1349900054623','2014-09-14'),(170,2557,'2651',0,10,1,'1349900054623','2014-09-14'),(171,2557,'2652',0,10,1,'1349900054623','2014-09-14'),(172,2557,'2653',0,10,1,'1349900054623','2014-09-14'),(173,2557,'2751',0,10,1,'1349900054623','2014-09-14'),(174,2557,'2894',0,10,1,'1349900054623','2014-09-14'),(175,2557,'2916',0,10,1,'1349900054623','2014-09-14'),(176,2557,'2917',0,10,1,'1349900054623','2014-09-14'),(177,2557,'2918',0,10,1,'1349900054623','2014-09-14'),(178,2557,'2919',0,10,1,'1349900054623','2014-09-14'),(179,2557,'2920',0,10,1,'1349900054623','2014-09-14'),(180,2557,'2921',0,10,1,'1349900054623','2014-09-14'),(181,2557,'2922',0,10,1,'1349900054623','2014-09-14'),(182,2557,'2923',0,10,1,'1349900054623','2014-09-14'),(183,2557,'2924',0,10,1,'1349900054623','2014-09-14'),(184,2557,'2925',0,10,1,'1349900054623','2014-09-14'),(185,2557,'2600',0,11,1,'1349900054623','2014-09-14'),(186,2557,'2601',0,11,1,'1349900054623','2014-09-14'),(187,2557,'2602',0,11,1,'1349900054623','2014-09-14'),(188,2557,'2603',0,11,1,'1349900054623','2014-09-14'),(189,2557,'2604',0,11,1,'1349900054623','2014-09-14'),(190,2557,'2605',0,11,1,'1349900054623','2014-09-14'),(191,2557,'2607',0,11,1,'1349900054623','2014-09-14'),(192,2557,'2610',0,11,1,'1349900054623','2014-09-14'),(193,2557,'2612',0,11,1,'1349900054623','2014-09-14'),(194,2557,'2614',0,11,1,'1349900054623','2014-09-14'),(195,2557,'2617',0,11,1,'1349900054623','2014-09-14'),(196,2557,'2621',0,11,1,'1349900054623','2014-09-14'),(197,2557,'2623',0,11,1,'1349900054623','2014-09-14'),(198,2557,'2625',0,11,1,'1349900054623','2014-09-14'),(199,2557,'2626',0,11,1,'1349900054623','2014-09-14'),(200,2557,'2815',0,11,1,'1349900054623','2014-09-14'),(201,2557,'2874',0,11,1,'1349900054623','2014-09-14'),(202,2557,'2893',0,11,1,'1349900054623','2014-09-14'),(203,2557,'2895',0,11,1,'1349900054623','2014-09-14'),(204,2557,'2898',0,11,1,'1349900054623','2014-09-14'),(205,2557,'2899',0,11,1,'1349900054623','2014-09-14'),(206,2557,'2527',0,12,1,'1349900054623','2014-09-14'),(207,2557,'2538',0,12,1,'1349900054623','2014-09-14'),(208,2557,'2571',0,12,1,'1349900054623','2014-09-14'),(209,2557,'2573',0,12,1,'1349900054623','2014-09-14'),(210,2557,'2574',0,12,1,'1349900054623','2014-09-14'),(211,2557,'2575',0,12,1,'1349900054623','2014-09-14'),(212,2557,'2576',0,12,1,'1349900054623','2014-09-14'),(213,2557,'2580',0,12,1,'1349900054623','2014-09-14'),(214,2557,'2581',0,12,1,'1349900054623','2014-09-14'),(215,2557,'2582',0,12,1,'1349900054623','2014-09-14'),(216,2557,'2584',0,12,1,'1349900054623','2014-09-14'),(217,2557,'2585',0,12,1,'1349900054623','2014-09-14'),(218,2557,'2586',0,12,1,'1349900054623','2014-09-14'),(219,2557,'2590',0,12,1,'1349900054623','2014-09-14'),(220,2557,'2836',0,12,1,'1349900054623','2014-09-14'),(221,2557,'2864',0,12,1,'1349900054623','2014-09-14'),(222,2557,'2865',0,12,1,'1349900054623','2014-09-14'),(223,2557,'2866',0,12,1,'1349900054623','2014-09-14'),(224,2557,'2867',0,12,1,'1349900054623','2014-09-14'),(225,2557,'2868',0,12,1,'1349900054623','2014-09-14'),(226,2557,'2869',0,12,1,'1349900054623','2014-09-14'),(227,2557,'2870',0,12,1,'1349900054623','2014-09-14'),(228,2558,'2571',0,12,1,'5341190001681','2015-11-04'),(229,2558,'2573',0,12,1,'5341190001681','2015-11-04'),(230,2558,'2574',0,12,1,'5341190001681','2015-11-04'),(231,2558,'2575',0,12,1,'5341190001681','2015-11-04'),(232,2558,'2576',0,12,1,'5341190001681','2015-11-04'),(233,2558,'2580',0,12,1,'5341190001681','2015-11-04'),(234,2558,'2581',0,12,1,'5341190001681','2015-11-04'),(235,2558,'2582',0,12,1,'5341190001681','2015-11-04'),(236,2558,'2584',0,12,1,'5341190001681','2015-11-04'),(237,2558,'2585',0,12,1,'5341190001681','2015-11-04'),(238,2558,'2586',0,12,1,'5341190001681','2015-11-04'),(239,2558,'2590',0,12,1,'5341190001681','2015-11-04'),(240,2558,'2864',0,12,1,'5341190001681','2015-11-04'),(241,2558,'2866',0,12,1,'5341190001681','2015-11-04'),(242,2558,'2867',0,12,1,'5341190001681','2015-11-04'),(243,2558,'2870',0,12,1,'5341190001681','2015-11-04'),(244,2558,'2923',0,11,1,'5341190001681','2015-11-04'),(245,2558,'2924',0,11,1,'5341190001681','2015-11-04'),(246,2558,'2925',0,11,1,'5341190001681','2015-11-04'),(247,2558,'2842',0,7,1,'5341190001681','2015-11-04'),(248,2558,'2844',0,7,1,'5341190001681','2015-11-04'),(249,2558,'2695',0,9,1,'5341190001681','2015-11-04'),(250,2558,'2918',0,10,1,'5341190001681','2015-11-04'),(251,2558,'2920',0,10,1,'5341190001681','2015-11-04'),(252,2561,'2902',0,3,1,'1349900054623','2019-07-30'),(253,2561,'2903',0,3,1,'1349900054623','2019-07-30'),(254,2561,'2904',0,3,1,'1349900054623','2019-07-30'),(255,2561,'2905',0,3,1,'1349900054623','2019-07-30'),(256,2561,'2906',0,3,1,'1349900054623','2019-07-30'),(257,2561,'2907',0,3,1,'1349900054623','2019-07-30'),(258,2561,'2908',0,3,1,'1349900054623','2019-07-30'),(259,2561,'2909',0,3,1,'1349900054623','2019-07-30'),(260,2561,'2910',0,3,1,'1349900054623','2019-07-30'),(261,2561,'2911',0,3,1,'1349900054623','2019-07-30'),(262,2561,'2912',0,3,1,'1349900054623','2019-07-30'),(263,2561,'2913',0,3,1,'1349900054623','2019-07-30'),(264,2561,'2914',0,3,1,'1349900054623','2019-07-30'),(265,2561,'2915',0,3,1,'1349900054623','2019-07-30'),(266,2561,'2819',0,6,1,'1349900054623','2019-07-30'),(267,2561,'2820',0,6,1,'1349900054623','2019-07-30'),(268,2561,'2821',0,6,1,'1349900054623','2019-07-30'),(269,2561,'2822',0,6,1,'1349900054623','2019-07-30'),(270,2561,'2823',0,6,1,'1349900054623','2019-07-30'),(271,2561,'2824',0,6,1,'1349900054623','2019-07-30'),(272,2561,'2825',0,6,1,'1349900054623','2019-07-30'),(273,2561,'2826',0,6,1,'1349900054623','2019-07-30'),(274,2561,'2827',0,6,1,'1349900054623','2019-07-30'),(275,2561,'2828',0,6,1,'1349900054623','2019-07-30'),(276,2561,'2829',0,6,1,'1349900054623','2019-07-30'),(277,2561,'2830',0,6,1,'1349900054623','2019-07-30'),(278,2561,'2831',0,6,1,'1349900054623','2019-07-30'),(279,2561,'2832',0,6,1,'1349900054623','2019-07-30'),(280,2561,'2833',0,6,1,'1349900054623','2019-07-30'),(281,2561,'2834',0,6,1,'1349900054623','2019-07-30'),(282,2561,'2845',0,6,1,'1349900054623','2019-07-30'),(283,2561,'2956',0,6,1,'1349900054623','2019-07-30'),(284,2561,'2781',0,7,1,'1349900054623','2019-07-30'),(285,2561,'2782',0,7,1,'1349900054623','2019-07-30'),(286,2561,'2783',0,7,1,'1349900054623','2019-07-30'),(287,2561,'2784',0,7,1,'1349900054623','2019-07-30'),(288,2561,'2785',0,7,1,'1349900054623','2019-07-30'),(289,2561,'2786',0,7,1,'1349900054623','2019-07-30'),(290,2561,'2787',0,7,1,'1349900054623','2019-07-30'),(291,2561,'2788',0,7,1,'1349900054623','2019-07-30'),(292,2561,'2789',0,7,1,'1349900054623','2019-07-30'),(293,2561,'2790',0,7,1,'1349900054623','2019-07-30'),(294,2561,'2791',0,7,1,'1349900054623','2019-07-30'),(295,2561,'2792',0,7,1,'1349900054623','2019-07-30'),(296,2561,'2793',0,7,1,'1349900054623','2019-07-30'),(297,2561,'2794',0,7,1,'1349900054623','2019-07-30'),(298,2561,'2795',0,7,1,'1349900054623','2019-07-30'),(299,2561,'2796',0,7,1,'1349900054623','2019-07-30'),(300,2561,'2797',0,7,1,'1349900054623','2019-07-30'),(301,2561,'2798',0,7,1,'1349900054623','2019-07-30'),(302,2561,'2901',0,7,1,'1349900054623','2019-07-30'),(303,2561,'2694',0,9,1,'5341190001681','2019-07-30'),(304,2561,'2721',0,12,1,'5341190001681','2019-07-30'),(305,2561,'2723',0,12,1,'5341190001681','2019-07-30'),(306,2561,'2724',0,12,1,'5341190001681','2019-07-30'),(307,2561,'2726',0,12,1,'5341190001681','2019-07-30'),(308,2561,'2727',0,12,1,'5341190001681','2019-07-30'),(309,2561,'2728',0,12,1,'5341190001681','2019-07-30'),(310,2561,'2729',0,12,1,'5341190001681','2019-07-30'),(311,2561,'2730',0,12,1,'5341190001681','2019-07-30'),(312,2561,'2731',0,12,1,'5341190001681','2019-07-30'),(313,2561,'2732',0,12,1,'5341190001681','2019-07-30'),(314,2561,'2733',0,12,1,'5341190001681','2019-07-30'),(315,2561,'2734',0,9,1,'1349900054623','2019-07-30'),(316,2561,'2735',0,12,1,'5341190001681','2019-07-30'),(317,2561,'2736',0,12,1,'5341190001681','2019-07-30'),(318,2561,'2738',0,12,1,'5341190001681','2019-07-30'),(319,2561,'2740',0,12,1,'5341190001681','2019-07-30'),(320,2561,'2741',0,12,1,'5341190001681','2019-07-30'),(321,2561,'2742',0,12,1,'5341190001681','2019-07-30'),(322,2561,'2600',0,12,1,'1349900054623','2019-07-30'),(323,2561,'2601',0,12,1,'1349900054623','2019-07-30'),(324,2561,'2602',0,12,1,'1349900054623','2019-07-30'),(325,2561,'2603',0,12,1,'1349900054623','2019-07-30'),(326,2561,'2604',0,12,1,'1349900054623','2019-07-30'),(327,2561,'2605',0,12,1,'1349900054623','2019-07-30'),(328,2561,'2607',0,12,1,'1349900054623','2019-07-30'),(329,2561,'2612',0,12,1,'1349900054623','2019-07-30'),(330,2561,'2614',0,12,1,'1349900054623','2019-07-30'),(331,2561,'2617',0,12,1,'1349900054623','2019-07-30'),(332,2561,'2623',0,12,1,'1349900054623','2019-07-30'),(333,2561,'2625',0,12,1,'1349900054623','2019-07-30'),(334,2561,'2626',0,12,1,'1349900054623','2019-07-30'),(335,2561,'2815',0,12,1,'1349900054623','2019-07-30'),(336,2561,'2869',0,12,1,'1349900054623','2019-07-30'),(337,2561,'2874',0,12,1,'1349900054623','2019-07-30'),(338,2561,'2893',0,12,1,'1349900054623','2019-07-30'),(339,2561,'2895',0,12,1,'1349900054623','2019-07-30'),(340,2561,'2898',0,12,1,'1349900054623','2019-07-30'),(341,2561,'2899',0,12,1,'1349900054623','2019-07-30'),(342,2561,'2922',0,12,1,'1349900054623','2019-07-30'),(343,2561,'2923',0,12,1,'1349900054623','2019-07-30'),(344,2561,'2925',0,12,1,'1349900054623','2019-07-30'),(345,2561,'2779',0,10,1,'1349900054623','2019-07-30'),(346,2561,'2872',0,10,1,'1349900054623','2019-07-30'),(347,2561,'2894',0,10,1,'1349900054623','2019-07-30'),(348,2561,'2596',0,11,1,'1349900054623','2019-07-30'),(349,2561,'2606',0,11,1,'1349900054623','2019-07-30'),(350,2561,'2608',0,11,1,'1349900054623','2019-07-30'),(351,2561,'2609',0,11,1,'1349900054623','2019-07-30'),(352,2561,'2610',0,11,1,'1349900054623','2019-07-30'),(353,2561,'2611',0,11,1,'1349900054623','2019-07-30'),(354,2561,'2613',0,11,1,'1349900054623','2019-07-30'),(355,2561,'2618',0,11,1,'1349900054623','2019-07-30'),(356,2561,'2619',0,11,1,'1349900054623','2019-07-30'),(357,2561,'2621',0,11,1,'1349900054623','2019-07-30'),(358,2561,'2632',0,11,1,'1349900054623','2019-07-30'),(359,2561,'2641',0,11,1,'1349900054623','2019-07-30'),(360,2561,'2643',0,11,1,'1349900054623','2019-07-30'),(361,2561,'2644',0,11,1,'1349900054623','2019-07-30'),(362,2561,'2645',0,11,1,'1349900054623','2019-07-30'),(363,2561,'2646',0,11,1,'1349900054623','2019-07-30'),(364,2561,'2647',0,11,1,'1349900054623','2019-07-30'),(365,2561,'2648',0,11,1,'1349900054623','2019-07-30'),(366,2561,'2649',0,11,1,'1349900054623','2019-07-30'),(367,2561,'2650',0,11,1,'1349900054623','2019-07-30'),(368,2561,'2651',0,11,1,'1349900054623','2019-07-30'),(369,2561,'2652',0,11,1,'1349900054623','2019-07-30'),(370,2561,'2751',0,11,1,'1349900054623','2019-07-30'),(371,2561,'2865',0,11,1,'1349900054623','2019-07-30'),(372,2561,'2868',0,11,1,'1349900054623','2019-07-30'),(373,2561,'2916',0,11,1,'1349900054623','2019-07-30'),(374,2561,'2917',0,11,1,'1349900054623','2019-07-30'),(375,2561,'2919',0,11,1,'1349900054623','2019-07-30'),(376,2561,'2921',0,11,1,'1349900054623','2019-07-30'),(377,2561,'2568',0,10,1,'1349900054623','2019-07-30'),(378,2561,'2631',0,10,1,'1349900054623','2019-07-30'),(379,2561,'2653',0,10,1,'1349900054623','2019-07-30'),(380,2561,'2667',0,10,1,'1349900054623','2019-07-30'),(381,2561,'2668',0,10,1,'1349900054623','2019-07-30'),(382,2561,'2674',0,10,1,'1349900054623','2019-07-30'),(383,2561,'2675',0,10,1,'1349900054623','2019-07-30'),(384,2561,'2676',0,10,1,'1349900054623','2019-07-30'),(385,2561,'2677',0,10,1,'1349900054623','2019-07-30'),(386,2561,'2679',0,10,1,'1349900054623','2019-07-30'),(387,2561,'2680',0,10,1,'1349900054623','2019-07-30'),(388,2561,'2682',0,10,1,'1349900054623','2019-07-30'),(389,2561,'2685',0,10,1,'1349900054623','2019-07-30'),(390,2561,'2686',0,10,1,'1349900054623','2019-07-30'),(391,2561,'2687',0,10,1,'1349900054623','2019-07-30'),(392,2561,'2688',0,10,1,'1349900054623','2019-07-30'),(393,2561,'2689',0,10,1,'1349900054623','2019-07-30'),(394,2561,'2690',0,10,1,'1349900054623','2019-07-30'),(395,2561,'2711',0,10,1,'1349900054623','2019-07-30'),(396,2561,'2712',0,10,1,'1349900054623','2019-07-30'),(397,2561,'2713',0,10,1,'1349900054623','2019-07-30'),(398,2561,'2714',0,10,1,'1349900054623','2019-07-30'),(399,2561,'2715',0,10,1,'1349900054623','2019-07-30'),(400,2561,'2756',0,8,1,'1349900054623','2019-07-30'),(401,2561,'2757',0,8,1,'1349900054623','2019-07-30'),(402,2561,'2758',0,8,1,'1349900054623','2019-07-30'),(403,2561,'2759',0,8,1,'1349900054623','2019-07-30'),(404,2561,'2760',0,8,1,'1349900054623','2019-07-30'),(405,2561,'2761',0,8,1,'1349900054623','2019-07-30'),(406,2561,'2762',0,8,1,'1349900054623','2019-07-30'),(407,2561,'2763',0,8,1,'1349900054623','2019-07-30'),(408,2561,'2764',0,8,1,'1349900054623','2019-07-30'),(409,2561,'2765',0,8,1,'1349900054623','2019-07-30'),(410,2561,'2767',0,8,1,'1349900054623','2019-07-30'),(411,2561,'2768',0,8,1,'1349900054623','2019-07-30'),(412,2561,'2769',0,8,1,'1349900054623','2019-07-30'),(413,2561,'2770',0,8,1,'1349900054623','2019-07-30'),(414,2561,'2771',0,8,1,'1349900054623','2019-07-30'),(415,2561,'2772',0,8,1,'1349900054623','2019-07-30'),(416,2561,'2773',0,8,1,'1349900054623','2019-07-30'),(417,2561,'2775',0,8,1,'1349900054623','2019-07-30'),(418,2561,'2776',0,8,1,'1349900054623','2019-07-30'),(419,2561,'2780',0,8,1,'1349900054623','2019-07-30'),(420,2561,'2766',0,8,1,'1349900054623','2019-07-30'),(421,2561,'2876',0,4,1,'1349900054623','2019-07-30'),(422,2561,'2877',0,4,1,'1349900054623','2019-07-30'),(423,2561,'2878',0,4,1,'1349900054623','2019-07-30'),(424,2561,'2879',0,4,1,'1349900054623','2019-07-30'),(425,2561,'2880',0,4,1,'1349900054623','2019-07-30'),(426,2561,'2881',0,4,1,'1349900054623','2019-07-30'),(427,2561,'2882',0,4,1,'1349900054623','2019-07-30'),(428,2561,'2883',0,4,1,'1349900054623','2019-07-30'),(429,2561,'2884',0,4,1,'1349900054623','2019-07-30'),(430,2561,'2885',0,4,1,'1349900054623','2019-07-30'),(431,2561,'2886',0,4,1,'1349900054623','2019-07-30'),(432,2561,'2887',0,4,1,'1349900054623','2019-07-30'),(433,2561,'2888',0,4,1,'1349900054623','2019-07-30'),(434,2561,'2890',0,4,1,'1349900054623','2019-07-30'),(435,2561,'2891',0,4,1,'1349900054623','2019-07-30'),(436,2561,'2846',0,7,1,'5341190001681','2019-07-30'),(437,2561,'2847',0,7,1,'5341190001681','2019-07-30'),(438,2561,'2848',0,7,1,'5341190001681','2019-07-30'),(439,2561,'2849',0,7,1,'5341190001681','2019-07-30'),(440,2561,'2850',0,7,1,'5341190001681','2019-07-30'),(441,2561,'2851',0,7,1,'5341190001681','2019-07-30'),(442,2561,'2852',0,7,1,'5341190001681','2019-07-30'),(443,2561,'2855',0,7,1,'5341190001681','2019-07-30'),(444,2561,'2856',0,7,1,'5341190001681','2019-07-30'),(445,2561,'2857',0,7,1,'5341190001681','2019-07-30'),(446,2561,'2858',0,7,1,'5341190001681','2019-07-30'),(447,2561,'2860',0,7,1,'5341190001681','2019-07-30'),(448,2561,'2861',0,7,1,'5341190001681','2019-07-30'),(449,2561,'2862',0,7,1,'5341190001681','2019-07-30'),(450,2561,'2863',0,7,1,'5341190001681','2019-07-30'),(451,2561,'2900',0,7,1,'5341190001681','2019-07-30'),(452,2562,'2999',7,7,1,'5341190001681','2019-11-28'),(453,2562,'2762',0,12,1,'5341190001681','2019-11-21'),(454,2562,'2764',0,12,1,'5341190001681','2019-11-21'),(455,2562,'2910',0,6,1,'5341190001681','2019-11-28'),(456,2562,'2971',0,6,1,'5341190001681','2019-11-28'),(457,2562,'2930',0,6,1,'5341190001681','2019-11-28'),(458,2560,'2757',0,11,1,'5341190001681','2019-11-21'),(459,2560,'2772',0,11,1,'5341190001681','2019-11-21'),(460,2562,'3002',0,6,1,'5341190001681','2019-11-28'),(461,2562,'2819',0,10,1,'5341190001681','2019-11-21'),(462,2562,'2972',0,6,1,'5341190001681','2019-11-28'),(463,2562,'2902',0,6,1,'5341190001681','2019-11-28'),(464,2562,'2903',0,6,1,'5341190001681','2019-11-28'),(465,2562,'2905',0,6,1,'5341190001681','2019-11-28'),(466,2562,'2907',0,6,1,'5341190001681','2019-11-28'),(467,2562,'2904',0,6,1,'5341190001681','2019-11-28'),(468,2562,'2906',0,6,1,'5341190001681','2019-11-28'),(469,2562,'2908',0,6,1,'5341190001681','2019-11-28'),(470,2562,'2911',0,6,1,'5341190001681','2019-11-28'),(471,2562,'2913',0,6,1,'5341190001681','2019-11-28'),(472,2562,'2915',0,6,1,'5341190001681','2019-11-28'),(473,2562,'2876',0,7,1,'5341190001681','2019-11-28'),(474,2562,'2877',0,7,1,'5341190001681','2019-11-28'),(475,2562,'2878',0,7,1,'5341190001681','2019-11-28'),(476,2562,'2880',0,7,1,'5341190001681','2019-11-28'),(477,2562,'2881',0,7,1,'5341190001681','2019-11-28'),(478,2562,'2882',0,7,1,'5341190001681','2019-11-28'),(479,2562,'2884',0,7,1,'5341190001681','2019-11-28'),(480,2562,'2885',0,7,1,'5341190001681','2019-11-28'),(481,2562,'2886',0,7,1,'5341190001681','2019-11-28'),(482,2562,'2888',0,7,1,'5341190001681','2019-11-28'),(483,2562,'2890',0,7,1,'5341190001681','2019-11-28'),(484,2562,'2891',0,7,1,'5341190001681','2019-11-28'),(485,2562,'2892',0,7,1,'5341190001681','2019-11-28'),(486,2562,'2928',0,7,1,'5341190001681','2019-11-28'),(487,2562,'2847',0,8,1,'5341190001681','2019-11-28'),(488,2562,'2848',0,8,1,'5341190001681','2019-11-28'),(489,2562,'2849',0,8,1,'5341190001681','2019-11-28'),(490,2562,'2850',0,8,1,'5341190001681','2019-11-28'),(491,2562,'2851',0,8,1,'5341190001681','2019-11-28'),(492,2562,'2852',0,8,1,'5341190001681','2019-11-28'),(493,2562,'2853',0,8,1,'5341190001681','2019-11-28'),(494,2562,'2855',0,8,1,'5341190001681','2019-11-28'),(495,2562,'2856',0,8,1,'5341190001681','2019-11-28'),(496,2562,'2857',0,8,1,'5341190001681','2019-11-28'),(497,2562,'2858',0,8,1,'5341190001681','2019-11-28'),(498,2562,'2860',0,8,1,'5341190001681','2019-11-28'),(499,2562,'2861',0,8,1,'5341190001681','2019-11-28'),(500,2562,'2862',0,8,1,'5341190001681','2019-11-28'),(501,2562,'2863',0,8,1,'5341190001681','2019-11-28'),(502,2562,'2900',0,8,1,'5341190001681','2019-11-28'),(503,2562,'2846',0,8,1,'5341190001681','2019-11-28'),(504,2562,'2766',0,10,1,'5341190001681','2019-12-03'),(505,2562,'2781',0,10,1,'5341190001681','2019-12-03'),(506,2562,'2782',0,10,1,'5341190001681','2019-12-03'),(507,2562,'2784',0,10,1,'5341190001681','2019-12-03'),(508,2562,'2785',0,10,1,'5341190001681','2019-12-03'),(509,2562,'2786',0,10,1,'5341190001681','2019-12-03'),(510,2562,'2787',0,10,1,'5341190001681','2019-12-03'),(511,2562,'2788',0,10,1,'5341190001681','2019-12-03'),(512,2562,'2789',0,10,1,'5341190001681','2019-12-03'),(513,2562,'2790',0,10,1,'5341190001681','2019-12-03'),(514,2562,'2791',0,10,1,'5341190001681','2019-12-03'),(515,2562,'2792',0,10,1,'5341190001681','2019-12-03'),(516,2562,'2795',0,10,1,'5341190001681','2019-12-03'),(517,2562,'2796',0,10,1,'5341190001681','2019-12-03'),(518,2562,'2797',0,10,1,'5341190001681','2019-12-03'),(519,2562,'2798',0,10,1,'5341190001681','2019-12-03'),(520,2562,'2820',0,3,1,'5341190001681','2019-12-03'),(521,2562,'2821',0,9,1,'5341190001681','2019-12-03'),(522,2562,'2823',0,9,1,'5341190001681','2019-12-03'),(523,2562,'2824',0,9,1,'5341190001681','2019-12-03'),(524,2562,'2822',0,9,1,'5341190001681','2019-12-03'),(525,2562,'2826',0,9,1,'5341190001681','2019-12-03'),(526,2562,'2827',0,9,1,'5341190001681','2019-12-03'),(527,2562,'2828',0,9,1,'5341190001681','2019-12-03'),(528,2562,'2829',0,9,1,'5341190001681','2019-12-03'),(529,2562,'2830',0,9,1,'5341190001681','2019-12-03'),(530,2562,'2832',0,9,1,'5341190001681','2019-12-03'),(531,2562,'2833',0,8,1,'5341190001681','2019-12-03'),(532,2562,'3028',0,1,0,'1349900054623','2019-12-04'),(533,2562,'3047',178,10,0,'5341190001681','2019-12-03'),(534,2562,'3029',0,1,0,'1349900054623','2019-12-04'),(535,2562,'3031',0,1,0,'1349900054623','2019-12-04'),(536,2562,'3032',0,1,0,'1349900054623','2019-12-04'),(537,2562,'3033',0,1,0,'1349900054623','2019-12-04'),(538,2562,'3034',0,1,0,'1349900054623','2019-12-04'),(539,2562,'3035',0,1,0,'1349900054623','2019-12-04'),(540,2562,'3036',0,1,0,'1349900054623','2019-12-04'),(541,2562,'3037',0,1,0,'1349900054623','2019-12-04'),(542,2562,'3038',0,1,0,'1349900054623','2019-12-04'),(543,2562,'3039',0,1,0,'1349900054623','2019-12-04'),(544,2562,'3040',0,1,0,'1349900054623','2019-12-04'),(545,2562,'3041',0,1,0,'1349900054623','2019-12-04'),(546,2562,'3042',0,1,0,'1349900054623','2019-12-04'),(547,2562,'3007',0,2,0,'1349900054623','2019-12-04'),(548,2562,'3008',0,2,0,'1349900054623','2019-12-04'),(549,2562,'3009',0,2,0,'1349900054623','2019-12-04'),(550,2562,'3010',0,2,0,'1349900054623','2019-12-04'),(551,2562,'3011',0,2,0,'1349900054623','2019-12-04'),(552,2562,'3012',0,2,0,'1349900054623','2019-12-04'),(553,2562,'3013',0,2,0,'1349900054623','2019-12-04'),(554,2562,'3014',0,2,0,'1349900054623','2019-12-04'),(555,2562,'3015',0,2,0,'1349900054623','2019-12-04'),(556,2562,'3016',0,2,0,'1349900054623','2019-12-04'),(557,2562,'3017',0,2,0,'1349900054623','2019-12-04'),(558,2562,'3019',0,2,0,'1349900054623','2019-12-04'),(559,2562,'3027',0,2,0,'1349900054623','2019-12-04'),(560,2562,'3046',0,2,0,'1349900054623','2019-12-04'),(561,2562,'2980',0,3,0,'1349900054623','2019-12-04'),(562,2562,'2981',0,3,0,'1349900054623','2019-12-04'),(563,2562,'2982',0,3,0,'1349900054623','2019-12-04'),(564,2562,'2984',0,3,0,'1349900054623','2019-12-04'),(565,2562,'2986',0,3,0,'1349900054623','2019-12-04'),(566,2562,'2987',0,3,0,'1349900054623','2019-12-04'),(567,2562,'2988',0,3,0,'1349900054623','2019-12-04'),(568,2562,'2989',0,3,0,'1349900054623','2019-12-04'),(569,2562,'2990',0,3,0,'1349900054623','2019-12-04'),(570,2562,'2957',0,4,0,'1349900054623','2019-12-04'),(571,2562,'2958',0,4,0,'1349900054623','2019-12-04'),(572,2562,'2959',0,4,0,'1349900054623','2019-12-04'),(573,2562,'2960',0,4,0,'1349900054623','2019-12-04'),(574,2562,'2962',0,4,0,'1349900054623','2019-12-04'),(575,2562,'2963',0,4,0,'1349900054623','2019-12-04'),(576,2562,'2964',0,4,0,'1349900054623','2019-12-04'),(577,2562,'2965',0,4,0,'1349900054623','2019-12-04'),(578,2562,'2966',0,4,0,'1349900054623','2019-12-04'),(579,2562,'2997',0,4,0,'1349900054623','2019-12-04'),(580,2562,'2998',0,4,0,'1349900054623','2019-12-04'),(581,2562,'3026',0,4,0,'1349900054623','2019-12-04'),(582,2562,'2932',0,5,0,'1349900054623','2019-12-04'),(583,2562,'2934',0,5,0,'1349900054623','2019-12-04'),(584,2562,'3021',9,10,0,'3451100164295','2020-07-18'),(585,2562,'3023',10,10,0,'3451100164295','2020-07-18'),(586,2562,'3022',11,10,0,'3451100164295','2020-07-18'),(587,2562,'3024',20,10,0,'3451100164295','2020-07-18'),(588,2562,'2758',1,11,0,'3451100164295','2020-07-18'),(589,2562,'2763',2,11,0,'3451100164295','2020-07-18'),(590,2562,'2761',3,11,0,'3451100164295','2020-07-18'),(591,2562,'2760',4,11,0,'3451100164295','2020-07-18'),(592,2562,'2759',5,11,0,'3451100164295','2020-07-18'),(593,2562,'2765',6,11,0,'3451100164295','2020-07-18'),(594,2562,'2768',7,11,0,'3451100164295','2020-07-18'),(595,2562,'2771',8,11,0,'3451100164295','2020-07-18'),(596,2562,'2767',9,11,0,'3451100164295','2020-07-18'),(597,2562,'2773',10,11,0,'3451100164295','2020-07-18'),(598,2562,'2776',11,11,0,'3451100164295','2020-07-18'),(599,2562,'2775',12,11,0,'3451100164295','2020-07-18'),(600,2562,'2780',13,11,0,'3451100164295','2020-07-18'),(601,2562,'2991',14,11,0,'3451100164295','2020-07-18'),(602,2562,'2993',15,11,0,'3451100164295','2020-07-18'),(603,2562,'2994',16,11,0,'3451100164295','2020-07-18'),(604,2562,'2995',17,11,0,'3451100164295','2020-07-18'),(605,2562,'2756',18,11,0,'3451100164295','2020-07-18'),(606,2562,'2770',19,11,0,'3451100164295','2020-07-18'),(607,2562,'2769',20,11,0,'3451100164295','2020-07-18'),(608,2562,'2996',21,11,0,'3451100164295','2020-07-18'),(609,2562,'3043',8,9,0,'3451100164295','2020-07-18'),(610,2562,'3044',9,9,0,'3451100164295','2020-07-18'),(611,2562,'3045',10,9,0,'3451100164295','2020-07-18'),(612,2562,'3049',11,9,0,'3451100164295','2020-07-18'),(613,2562,'2979',19,8,0,'3451100164295','2020-07-18'),(614,2562,'3048',6,6,0,'3451100164295','2020-07-18'),(615,2562,'2945',13,5,0,'3451100164295','2020-07-18'),(616,2562,'2944',14,5,0,'3451100164295','2020-07-18'),(617,2562,'2942',15,5,0,'3451100164295','2020-07-18'),(618,2562,'2948',16,5,0,'3451100164295','2020-07-18'),(619,2562,'2946',17,5,0,'3451100164295','2020-07-18'),(620,2562,'2949',18,5,0,'3451100164295','2020-07-18'),(621,2562,'2947',19,5,0,'3451100164295','2020-07-18'),(622,2562,'2955',20,5,0,'3451100164295','2020-07-18'),(623,2562,'3020',21,5,0,'3451100164295','2020-07-18'),(624,2563,'2882',5,9,0,'3451100164295','2020-07-18'),(625,2563,'2880',6,9,0,'3451100164295','2020-07-18'),(626,2563,'2884',7,9,0,'3451100164295','2020-07-18'),(627,2563,'2885',8,9,0,'3451100164295','2020-07-18'),(628,2563,'2999',9,9,0,'3451100164295','2020-07-18'),(629,2563,'2886',10,9,0,'3451100164295','2020-07-18'),(630,2563,'2888',11,9,0,'3451100164295','2020-07-18'),(631,2563,'2890',12,9,0,'3451100164295','2020-07-18'),(632,2563,'2892',13,9,0,'3451100164295','2020-07-18'),(633,2563,'2891',14,9,0,'3451100164295','2020-07-18'),(634,2563,'2928',15,9,0,'3451100164295','2020-07-18'),(635,2563,'2846',1,10,0,'3451100164295','2020-07-18'),(636,2563,'2847',2,10,0,'3451100164295','2020-07-18'),(637,2563,'2850',3,10,0,'3451100164295','2020-07-18'),(638,2563,'2848',4,10,0,'3451100164295','2020-07-18'),(639,2563,'2851',5,10,0,'3451100164295','2020-07-18'),(640,2563,'2852',6,10,0,'3451100164295','2020-07-18'),(641,2563,'2849',7,10,0,'3451100164295','2020-07-18'),(642,2563,'2853',8,10,0,'3451100164295','2020-07-18'),(643,2563,'2855',11,10,0,'3451100164295','2020-07-18'),(644,2563,'2856',12,10,0,'3451100164295','2020-07-18'),(645,2563,'2860',15,10,0,'3451100164295','2020-07-18'),(646,2563,'2861',16,10,0,'3451100164295','2020-07-18'),(647,2563,'2862',17,10,0,'3451100164295','2020-07-18'),(648,2563,'2863',18,10,0,'3451100164295','2020-07-18'),(649,2563,'2979',19,10,0,'3451100164295','2020-07-18'),(650,2563,'2826',1,11,0,'3451100164295','2020-07-18'),(651,2563,'3043',7,11,0,'3451100164295','2020-07-19'),(652,2563,'2827',2,11,0,'3451100164295','2020-07-18'),(653,2563,'2829',3,11,0,'3451100164295','2020-07-19'),(654,2563,'3044',8,11,0,'3451100164295','2020-07-19'),(655,2563,'2830',5,11,0,'3451100164295','2020-07-19'),(656,2563,'2833',6,11,0,'3451100164295','2020-07-19'),(657,2563,'3049',9,11,0,'3451100164295','2020-07-19'),(658,2563,'2820',10,11,0,'3451100164295','2020-07-19'),(659,2563,'2881',4,9,0,'3451100164295','2020-07-18'),(660,2563,'2877',3,9,0,'3451100164295','2020-07-18'),(661,2563,'2876',2,9,0,'3451100164295','2020-07-18'),(662,2563,'2878',1,9,0,'3451100164295','2020-07-18'),(663,2563,'2971',16,8,0,'3451100164295','2020-07-18'),(664,2563,'2913',15,8,0,'3451100164295','2020-07-18'),(665,2563,'2915',13,8,0,'3451100164295','2020-07-18'),(666,2563,'2910',13,8,0,'3451100164295','2020-07-18'),(667,2563,'2908',12,8,0,'3451100164295','2020-07-18'),(668,2563,'2911',11,8,0,'3451100164295','2020-07-18'),(669,2563,'2907',10,8,0,'3451100164295','2020-07-18'),(670,2563,'2905',9,8,0,'3451100164295','2020-07-18'),(671,2563,'2906',8,8,0,'3451100164295','2020-07-18'),(672,2563,'2904',7,8,0,'3451100164295','2020-07-18'),(673,2563,'3048',6,8,0,'3451100164295','2020-07-18'),(674,2563,'3002',5,8,0,'3451100164295','2020-07-18'),(675,2563,'2972',4,8,0,'3451100164295','2020-07-18'),(676,2563,'2902',1,8,0,'3451100164295','2020-07-18'),(677,2563,'2930',3,8,0,'3451100164295','2020-07-18'),(678,2563,'3020',21,7,0,'3451100164295','2020-07-18'),(679,2563,'2903',2,8,0,'3451100164295','2020-07-18'),(680,2563,'2955',20,7,0,'3451100164295','2020-07-18'),(681,2563,'2947',19,7,0,'3451100164295','2020-07-18'),(682,2563,'2949',18,7,0,'3451100164295','2020-07-18'),(683,2563,'2946',17,7,0,'3451100164295','2020-07-18'),(684,2563,'2948',16,7,0,'3451100164295','2020-07-18'),(685,2563,'2942',15,7,0,'3451100164295','2020-07-18'),(686,2563,'3046',14,4,0,'3451100164295','2020-07-19'),(687,2563,'2944',14,7,0,'3451100164295','2020-07-18'),(688,2563,'3017',13,4,0,'3451100164295','2020-07-19'),(689,2563,'2945',13,7,0,'3451100164295','2020-07-18'),(690,2563,'3026',12,6,0,'3451100164295','2020-07-18'),(691,2563,'3019',12,4,0,'3451100164295','2020-07-18'),(692,2563,'2941',12,7,0,'3451100164295','2020-07-18'),(693,2563,'3016',11,4,0,'3451100164295','2020-07-18'),(694,2563,'2943',11,7,0,'3451100164295','2020-07-18'),(695,2563,'2940',10,7,0,'3451100164295','2020-07-18'),(696,2563,'3028',1,3,0,'3451100164295','2020-07-18'),(697,2563,'2998',11,6,0,'3451100164295','2020-07-18'),(698,2563,'3027',10,4,0,'3451100164295','2020-07-19'),(699,2563,'2962',10,6,0,'3451100164295','2020-07-18'),(700,2563,'3015',9,4,0,'3451100164295','2020-07-18'),(701,2563,'2989',9,5,0,'3451100164295','2020-07-18'),(702,2563,'2977',9,7,0,'3451100164295','2020-07-19'),(703,2563,'2963',9,6,0,'3451100164295','2020-07-18'),(704,2563,'3013',8,4,0,'3451100164295','2020-07-18'),(705,2563,'2990',8,5,0,'3451100164295','2020-07-18'),(706,2563,'3052',1,2,0,'3451100164295','2020-07-18'),(707,2563,'3053',2,2,0,'3451100164295','2020-07-18'),(708,2563,'3054',3,2,0,'3451100164295','2020-07-18'),(709,2563,'3055',4,2,0,'3451100164295','2020-07-18'),(710,2563,'3056',5,2,0,'3451100164295','2020-07-18'),(711,2563,'3057',6,2,0,'3451100164295','2020-07-18'),(712,2563,'3058',7,2,0,'3451100164295','2020-07-18'),(713,2563,'3059',8,2,0,'3451100164295','2020-07-18'),(714,2563,'3060',9,2,0,'3451100164295','2020-07-18'),(715,2563,'3061',11,2,0,'3451100164295','2020-07-18'),(716,2563,'3063',12,2,0,'3451100164295','2020-07-18'),(717,2563,'3064',13,2,0,'3451100164295','2020-07-18'),(718,2563,'3065',14,2,0,'3451100164295','2020-07-18'),(719,2563,'3066',15,2,0,'3451100164295','2020-07-18'),(720,2563,'2970',8,7,0,'3451100164295','2020-07-18'),(721,2563,'2937',7,7,0,'3451100164295','2020-07-18'),(722,2563,'2938',4,7,0,'3451100164295','2020-07-18'),(723,2563,'2935',5,7,0,'3451100164295','2020-07-18'),(724,2563,'2932',1,7,0,'3451100164295','2020-07-18'),(725,2563,'2958',2,6,0,'3451100164295','2020-07-18'),(726,2563,'2960',4,6,0,'3451100164295','2020-07-19'),(727,2563,'3008',3,4,0,'3451100164295','2020-07-18'),(728,2563,'2900',9,10,0,'3451100164295','2020-07-18'),(729,2563,'2857',13,10,0,'3451100164295','2020-07-18'),(730,2563,'2858',14,10,0,'3451100164295','2020-07-18'),(731,2563,'2821',11,11,0,'3451100164295','2020-07-19'),(732,2563,'2822',12,11,0,'3451100164295','2020-07-19'),(733,2563,'2824',13,11,0,'3451100164295','2020-07-19'),(734,2563,'2823',15,11,0,'3451100164295','2020-07-19'),(735,2563,'2832',4,11,0,'3451100164295','2020-07-19'),(736,2563,'3007',1,4,0,'3451100164295','2020-07-19'),(737,2563,'3011',6,4,0,'3451100164295','2020-07-18'),(738,2563,'3014',7,4,0,'3451100164295','2020-07-18'),(739,2563,'3009',4,4,0,'3451100164295','2020-07-18'),(740,2563,'3010',2,4,0,'3451100164295','2020-07-18'),(741,2563,'3012',5,4,0,'3451100164295','2020-07-18'),(742,2563,'2957',1,6,0,'3451100164295','2020-07-18'),(743,2563,'2980',5,5,0,'3451100164295','2020-07-18'),(744,2563,'2936',6,7,0,'3451100164295','2020-07-19'),(745,2563,'2981',4,5,0,'3451100164295','2020-07-19'),(746,2563,'2959',3,6,0,'3451100164295','2020-07-18'),(747,2563,'2997',5,6,0,'3451100164295','2020-07-18'),(748,2563,'2964',6,6,0,'3451100164295','2020-07-18'),(749,2563,'2965',7,6,0,'3451100164295','2020-07-18'),(750,2563,'2966',8,6,0,'3451100164295','2020-07-18'),(751,2563,'2934',2,7,0,'3451100164295','2020-07-18'),(752,2563,'2939',6,7,0,'3451100164295','2020-07-18'),(753,2563,'3042',14,1,0,'3451100164295','2020-07-19'),(754,2563,'3045',10,10,0,'3451100164295','2020-07-19'),(755,2563,'3062',10,2,0,'3451100164295','2020-07-19'),(756,2563,'3029',2,3,0,'3451100164295','2020-07-19'),(757,2563,'3031',3,3,0,'3451100164295','2020-07-19'),(758,2563,'3032',4,3,0,'3451100164295','2020-07-19'),(759,2563,'3033',5,3,0,'3451100164295','2020-07-19'),(760,2563,'3034',6,3,0,'3451100164295','2020-07-19'),(761,2563,'3035',0,3,0,'3451100164295','2020-07-19'),(762,2563,'3036',8,3,0,'3451100164295','2020-07-19'),(763,2563,'3037',9,3,0,'3451100164295','2020-07-19'),(764,2563,'3038',10,3,0,'3451100164295','2020-07-19'),(765,2563,'3039',11,3,0,'3451100164295','2020-07-19'),(766,2563,'3040',12,3,0,'3451100164295','2020-07-19'),(767,2563,'3041',13,3,0,'3451100164295','2020-07-19'),(768,2563,'2984',4,5,0,'3451100164295','2020-07-19'),(769,2563,'3069',9,5,0,'3451100164295','2020-07-19'),(770,2563,'3050',13,6,0,'3451100164295','2020-07-19'),(771,2563,'3051',8,7,0,'3451100164295','2020-07-19'),(772,2563,'3070',17,8,0,'3451100164295','2020-07-19'),(773,2563,'3068',20,10,0,'3451100164295','2020-07-19'),(774,2563,'3067',14,11,0,'3451100164295','2020-07-19'),(775,2563,'2766',11,12,0,'3451100164295','2020-07-19'),(776,2563,'2790',12,12,0,'3451100164295','2020-07-19'),(777,2563,'2791',13,12,0,'3451100164295','2020-07-19'),(778,2563,'2792',14,12,0,'3451100164295','2020-07-19'),(779,2563,'2798',15,12,0,'3451100164295','2020-07-19'),(780,2563,'2795',16,12,0,'3451100164295','2020-07-19'),(781,2563,'2797',17,12,0,'3451100164295','2020-07-19'),(782,2563,'2796',18,12,0,'3451100164295','2020-07-19'),(783,2563,'3071',15,9,0,'3451100164295','2020-10-19'),(784,2563,'3072',11,5,0,'3451100164295','2020-10-19'),(785,2563,'2781',1,12,0,'5341190001681','2021-06-15'),(786,2563,'2782',2,12,0,'5341190001681','2021-06-15'),(787,2563,'2787',3,12,0,'5341190001681','2021-06-15'),(788,2563,'2784',4,12,0,'5341190001681','2021-06-15'),(789,2563,'2789',5,12,0,'5341190001681','2021-06-15'),(790,2563,'2785',6,12,0,'5341190001681','2021-06-15'),(791,2563,'2788',7,12,0,'5341190001681','2021-06-15'),(792,2563,'2786',8,12,0,'5341190001681','2021-06-15'),(793,2563,'3021',9,12,0,'5341190001681','2021-06-15'),(794,2563,'3023',10,12,0,'5341190001681','2021-06-15'),(795,2563,'2828',3,10,0,'5341190001681','2021-06-15'),(796,2564,'2876',2,9,0,'5341190001681','2021-06-15'),(797,2564,'2939',6,7,0,'5341190001681','2021-06-15'),(798,2564,'3039',11,3,0,'5341190001681','2021-06-15'),(799,2563,'2982',3,5,0,'5341190001681','2021-06-15'),(800,2563,'2986',5,5,0,'5341190001681','2021-06-15'),(801,2563,'2987',6,5,0,'5341190001681','2021-06-15'),(802,2563,'2988',7,5,0,'5341190001681','2021-06-15'),(803,2564,'3063',12,2,0,'5341190001681','2021-06-15'),(804,2564,'2905',9,9,0,'5341190001681','2022-03-17'),(805,2564,'3090',18,9,0,'5341190001681','2022-03-17'),(806,2564,'3052',1,3,0,'5341190001681','2022-03-17'),(807,2564,'3053',2,3,0,'5341190001681','2022-03-17'),(808,2564,'3054',3,3,0,'5341190001681','2022-03-17'),(809,2564,'3055',4,3,0,'5341190001681','2022-03-17'),(810,2564,'3056',5,3,0,'5341190001681','2022-03-17'),(811,2564,'3057',6,3,0,'5341190001681','2022-03-17'),(812,2564,'3058',7,3,0,'5341190001681','2022-03-17'),(813,2564,'3059',8,3,0,'5341190001681','2022-03-17'),(814,2564,'3060',9,3,0,'5341190001681','2022-03-17'),(815,2564,'3062',10,3,0,'5341190001681','2022-03-17'),(816,2564,'3061',11,3,0,'5341190001681','2022-03-17'),(817,2564,'3064',13,3,0,'5341190001681','2022-03-17'),(818,2564,'3065',14,3,0,'5341190001681','2022-03-17'),(819,2564,'3066',15,3,0,'5341190001681','2022-03-17'),(820,2564,'3035',0,4,0,'5341190001681','2022-03-17'),(821,2564,'3028',1,4,0,'5341190001681','2022-03-17'),(822,2564,'3029',2,4,0,'5341190001681','2022-03-17'),(823,2564,'3031',3,4,0,'5341190001681','2022-03-17'),(824,2564,'3032',4,4,0,'5341190001681','2022-03-17'),(825,2564,'3033',5,4,0,'5341190001681','2022-03-17'),(826,2564,'3034',6,4,0,'5341190001681','2022-03-17'),(827,2564,'3036',8,4,0,'5341190001681','2022-03-17'),(828,2564,'3037',9,4,0,'5341190001681','2022-03-17'),(829,2564,'3038',10,4,0,'5341190001681','2022-03-17'),(830,2564,'3040',12,4,0,'5341190001681','2022-03-17'),(831,2564,'3041',13,4,0,'5341190001681','2022-03-17'),(832,2564,'3007',1,5,0,'5341190001681','2022-03-17'),(833,2564,'3010',2,5,0,'5341190001681','2022-03-17'),(834,2564,'3008',3,5,0,'5341190001681','2022-03-17'),(835,2564,'3009',4,5,0,'5341190001681','2022-03-17'),(836,2564,'3012',5,5,0,'5341190001681','2022-03-17'),(837,2564,'3011',6,5,0,'5341190001681','2022-03-17'),(838,2564,'3014',7,5,0,'5341190001681','2022-03-17'),(839,2564,'3013',8,5,0,'5341190001681','2022-03-17'),(840,2564,'3015',9,5,0,'5341190001681','2022-03-17'),(841,2564,'3027',10,5,0,'5341190001681','2022-03-17'),(842,2564,'3016',11,5,0,'5341190001681','2022-03-17'),(843,2564,'3019',12,5,0,'5341190001681','2022-03-17'),(844,2564,'3017',13,5,0,'5341190001681','2022-03-17'),(845,2564,'3046',14,5,0,'5341190001681','2022-03-17'),(846,2564,'2982',3,6,0,'5341190001681','2022-03-17'),(847,2564,'2981',4,6,0,'5341190001681','2022-03-17'),(848,2564,'2984',4,6,0,'5341190001681','2022-03-17'),(849,2564,'2980',5,6,0,'5341190001681','2022-03-17'),(850,2564,'2986',5,6,0,'5341190001681','2022-03-17'),(851,2564,'2987',6,6,0,'5341190001681','2022-03-17'),(852,2564,'2988',7,6,0,'5341190001681','2022-03-17'),(853,2564,'2990',8,6,0,'5341190001681','2022-03-17'),(854,2564,'2989',9,6,0,'5341190001681','2022-03-17'),(855,2564,'3069',9,6,0,'5341190001681','2022-03-17'),(856,2564,'3072',11,6,0,'5341190001681','2022-03-17'),(857,2564,'2957',1,7,0,'5341190001681','2022-03-17'),(858,2564,'2958',2,7,0,'5341190001681','2022-03-17'),(859,2564,'2959',3,7,0,'5341190001681','2022-03-17'),(860,2564,'2960',4,7,0,'5341190001681','2022-03-17'),(861,2564,'2997',5,7,0,'5341190001681','2022-03-17'),(862,2564,'2964',6,7,0,'5341190001681','2022-03-17'),(863,2564,'2965',7,7,0,'5341190001681','2022-03-17'),(864,2564,'2966',8,7,0,'5341190001681','2022-03-17'),(865,2564,'2963',9,7,0,'5341190001681','2022-03-17'),(866,2564,'2962',10,7,0,'5341190001681','2022-03-17'),(867,2564,'2998',11,7,0,'5341190001681','2022-03-17'),(868,2564,'3026',12,7,0,'5341190001681','2022-03-17'),(869,2564,'3050',13,7,0,'5341190001681','2022-03-17'),(870,2564,'2932',1,8,0,'5341190001681','2022-03-17'),(871,2564,'2934',2,8,0,'5341190001681','2022-03-17'),(872,2564,'2938',4,8,0,'5341190001681','2022-03-17'),(873,2564,'2935',5,8,0,'5341190001681','2022-03-17'),(874,2564,'2936',6,8,0,'5341190001681','2022-03-17'),(875,2564,'2937',7,8,0,'5341190001681','2022-03-17'),(876,2564,'2970',8,8,0,'5341190001681','2022-03-17'),(877,2564,'3051',8,8,0,'5341190001681','2022-03-17'),(878,2564,'2977',9,8,0,'5341190001681','2022-03-17'),(879,2564,'2940',10,8,0,'5341190001681','2022-03-17'),(880,2564,'2943',11,8,0,'5341190001681','2022-03-17'),(881,2564,'2941',12,8,0,'5341190001681','2022-03-17'),(882,2564,'2945',13,8,0,'5341190001681','2022-03-17'),(883,2564,'2944',14,8,0,'5341190001681','2022-03-17'),(884,2564,'2942',15,8,0,'5341190001681','2022-03-17'),(885,2564,'2948',16,8,0,'5341190001681','2022-03-17'),(886,2564,'2946',17,8,0,'5341190001681','2022-03-17'),(887,2564,'2949',18,8,0,'5341190001681','2022-03-17'),(888,2564,'2947',19,8,0,'5341190001681','2022-03-17'),(889,2564,'2955',20,8,0,'5341190001681','2022-03-17'),(890,2564,'3020',21,8,0,'5341190001681','2022-03-17'),(891,2564,'2902',1,9,0,'5341190001681','2022-03-17'),(892,2564,'2903',2,9,0,'5341190001681','2022-03-17'),(893,2564,'2930',3,9,0,'5341190001681','2022-03-17'),(894,2564,'2972',4,9,0,'5341190001681','2022-03-17'),(895,2564,'3002',5,9,0,'5341190001681','2022-03-17'),(896,2564,'3048',6,9,0,'5341190001681','2022-03-17'),(897,2564,'2904',7,9,0,'5341190001681','2022-03-17'),(898,2564,'2906',8,9,0,'5341190001681','2022-03-17'),(899,2564,'2907',10,9,0,'5341190001681','2022-03-17'),(900,2564,'2911',11,9,0,'5341190001681','2022-03-17'),(901,2564,'2908',12,9,0,'5341190001681','2022-03-17'),(902,2564,'2910',13,9,0,'5341190001681','2022-03-17'),(903,2564,'2915',13,9,0,'5341190001681','2022-03-17'),(904,2564,'2913',15,9,0,'5341190001681','2022-03-17'),(905,2564,'2971',16,9,0,'5341190001681','2022-03-17'),(906,2564,'3070',17,9,0,'5341190001681','2022-03-17'),(907,2564,'2878',1,10,0,'5341190001681','2022-03-17'),(908,2564,'2877',3,10,0,'5341190001681','2022-03-17'),(909,2564,'2881',4,10,0,'5341190001681','2022-03-17'),(910,2564,'2882',5,10,0,'5341190001681','2022-03-17'),(911,2564,'2880',6,10,0,'5341190001681','2022-03-17'),(912,2564,'2884',7,10,0,'5341190001681','2022-03-17'),(913,2564,'2885',8,10,0,'5341190001681','2022-03-17'),(914,2564,'2999',9,10,0,'5341190001681','2022-03-17'),(915,2564,'2886',10,10,0,'5341190001681','2022-03-17'),(916,2564,'2888',11,10,0,'5341190001681','2022-03-17'),(917,2564,'2890',12,10,0,'5341190001681','2022-03-17'),(918,2564,'2892',13,10,0,'5341190001681','2022-03-17'),(919,2564,'2891',14,10,0,'5341190001681','2022-03-17'),(920,2564,'3071',15,10,0,'5341190001681','2022-03-17'),(921,2564,'2846',1,11,0,'5341190001681','2022-03-17'),(922,2564,'2847',2,11,0,'5341190001681','2022-03-17'),(923,2564,'2828',3,11,0,'5341190001681','2022-03-17'),(924,2564,'2850',3,11,0,'5341190001681','2022-03-17'),(925,2564,'2848',4,11,0,'5341190001681','2022-03-17'),(926,2564,'2851',5,11,0,'5341190001681','2022-03-17'),(927,2564,'2852',6,11,0,'5341190001681','2022-03-17'),(928,2564,'2849',7,11,0,'5341190001681','2022-03-17'),(929,2564,'2853',8,11,0,'5341190001681','2022-03-17'),(930,2564,'2900',9,11,0,'5341190001681','2022-03-17'),(931,2564,'2855',11,11,0,'5341190001681','2022-03-17'),(932,2564,'2856',12,11,0,'5341190001681','2022-03-17'),(933,2564,'2857',13,11,0,'5341190001681','2022-03-17'),(934,2564,'2858',14,11,0,'5341190001681','2022-03-17'),(935,2564,'2860',15,11,0,'5341190001681','2022-03-17'),(936,2564,'2861',16,11,0,'5341190001681','2022-03-17'),(937,2564,'2862',17,11,0,'5341190001681','2022-03-17'),(938,2564,'2863',18,11,0,'5341190001681','2022-03-17'),(939,2564,'2979',19,11,0,'5341190001681','2022-03-17'),(940,2564,'3068',20,11,0,'5341190001681','2022-03-17'),(941,2564,'2826',1,12,0,'5341190001681','2022-03-17'),(942,2564,'2827',2,12,0,'5341190001681','2022-03-17'),(943,2564,'2829',3,12,0,'5341190001681','2022-03-17'),(944,2564,'2832',4,12,0,'5341190001681','2022-03-17'),(945,2564,'2830',5,12,0,'5341190001681','2022-03-17'),(946,2564,'2833',6,12,0,'5341190001681','2022-03-17'),(947,2564,'3043',7,12,0,'5341190001681','2022-03-17'),(948,2564,'3044',8,12,0,'5341190001681','2022-03-17'),(949,2564,'3049',9,12,0,'5341190001681','2022-03-17'),(950,2564,'2820',10,12,0,'5341190001681','2022-03-17'),(951,2564,'2821',11,12,0,'5341190001681','2022-03-17'),(952,2564,'2822',12,12,0,'5341190001681','2022-03-17'),(953,2564,'2824',13,12,0,'5341190001681','2022-03-17'),(954,2564,'3067',14,12,0,'5341190001681','2022-03-17'),(955,2564,'2823',15,12,0,'5341190001681','2022-03-17'),(956,2564,'3075',1,2,0,'5341190001681','2022-04-05'),(957,2564,'3076',2,2,0,'5341190001681','2022-04-05'),(958,2564,'3077',3,2,0,'5341190001681','2022-04-05'),(959,2564,'3078',4,2,0,'5341190001681','2022-04-05'),(960,2564,'3079',5,2,0,'5341190001681','2022-04-05'),(961,2564,'3080',6,2,0,'5341190001681','2022-04-05'),(962,2564,'3081',7,2,0,'5341190001681','2022-04-05'),(963,2564,'3082',8,2,0,'5341190001681','2022-04-05'),(964,2564,'3083',9,2,0,'5341190001681','2022-04-05'),(965,2564,'3084',10,2,0,'5341190001681','2022-04-05'),(966,2564,'3085',11,2,0,'5341190001681','2022-04-05'),(967,2564,'3086',12,2,0,'5341190001681','2022-04-05'),(968,2564,'3087',13,2,0,'5341190001681','2022-04-05'),(969,2564,'3073',15,3,0,'5341190001681','2022-04-05'),(970,2564,'3093',16,3,0,'5341190001681','2022-04-05'),(971,2565,'2888',11,10,0,'3340700293282','2022-07-25'),(972,2565,'3068',20,12,0,'3340700293282','2022-07-25'),(973,2565,'3086',12,2,0,'3340700293282','2022-07-25'),(974,2565,'2885',8,11,0,'3340700293282','2022-08-01'),(975,2565,'3123',13,3,0,'3340700293282','2022-08-01'),(976,2565,'3087',12,3,0,'3340700293282','2022-08-01'),(977,2565,'3108',1,2,0,'3340700293282','2022-08-01'),(978,2565,'3104',2,2,0,'3340700293282','2022-08-01'),(979,2565,'3110',3,2,0,'3340700293282','2022-08-01'),(980,2565,'3107',4,2,0,'3340700293282','2022-08-01'),(981,2565,'3099',5,2,0,'3340700293282','2022-08-01'),(982,2565,'3105',6,2,0,'3340700293282','2022-08-01'),(983,2565,'3098',7,2,0,'3340700293282','2022-08-01'),(984,2565,'3101',8,2,0,'3340700293282','2022-08-01'),(985,2565,'3106',9,2,0,'3340700293282','2022-08-01'),(986,2565,'3100',10,2,0,'3340700293282','2022-08-01'),(987,2565,'3102',11,2,0,'3340700293282','2022-08-01'),(988,2565,'3103',12,2,0,'3340700293282','2022-08-01'),(989,2565,'3097',13,2,0,'3340700293282','2022-08-01'),(990,2565,'3109',14,2,0,'3340700293282','2022-08-01'),(991,2565,'3117',15,2,0,'3340700293282','2022-08-01'),(992,2565,'3115',18,2,0,'3340700293282','2022-09-17'),(993,2565,'3111',16,2,0,'3340700293282','2022-08-01'),(994,2565,'3112',17,2,0,'3340700293282','2022-08-01'),(995,2565,'3116',20,2,0,'3340700293282','2022-09-17'),(996,2565,'3113',19,2,0,'3340700293282','2022-08-01'),(997,2565,'3114',21,2,0,'3340700293282','2022-08-01'),(998,2565,'3066',14,4,0,'3340700293282','2022-08-03'),(999,2565,'3073',15,4,0,'3340700293282','2022-08-03'),(1000,2565,'3093',16,4,0,'3340700293282','2022-08-03'),(1001,2565,'3064',12,4,0,'3340700293282','2022-08-03'),(1002,2565,'3065',13,4,0,'3340700293282','2022-08-03'),(1003,2565,'3124',17,4,0,'3340700293282','2022-08-03'),(1004,2565,'3028',1,5,0,'3340700293282','2022-08-03'),(1005,2565,'3029',7,5,0,'3340700293282','2022-08-03'),(1006,2565,'3035',2,5,0,'3340700293282','2022-08-03'),(1007,2565,'3041',12,5,0,'3340700293282','2022-08-03'),(1008,2565,'3040',11,5,0,'3340700293282','2022-08-03'),(1009,2565,'3010',2,6,0,'3340700293282','2022-08-03'),(1010,2565,'3088',13,5,0,'3340700293282','2022-08-03'),(1011,2565,'3036',8,5,0,'3340700293282','2022-08-03'),(1012,2565,'3008',1,6,0,'3340700293282','2022-08-03'),(1013,2565,'3007',4,6,0,'3340700293282','2022-08-03'),(1014,2565,'3009',3,6,0,'3340700293282','2022-08-03'),(1015,2565,'2984',1,7,0,'3340700293282','2022-08-03'),(1016,2565,'2982',4,7,0,'3340700293282','2022-08-03'),(1017,2565,'2981',3,7,0,'3340700293282','2022-08-03'),(1018,2565,'2980',2,7,0,'3340700293282','2022-08-03'),(1019,2565,'3072',5,7,0,'3340700293282','2022-08-03'),(1020,2565,'3069',6,7,0,'3340700293282','2022-08-03'),(1021,2565,'2987',7,7,0,'3340700293282','2022-08-03'),(1022,2565,'2986',9,7,0,'3340700293282','2022-08-03'),(1023,2565,'2988',10,7,0,'3340700293282','2022-08-03'),(1024,2565,'2989',11,7,0,'3340700293282','2022-08-03'),(1025,2565,'3125',12,7,0,'3340700293282','2022-08-03'),(1026,2565,'2960',2,8,0,'3340700293282','2022-08-03'),(1027,2565,'2959',3,8,0,'3340700293282','2022-08-03'),(1028,2565,'2958',4,8,0,'3340700293282','2022-08-03'),(1029,2565,'3050',13,8,0,'3340700293282','2022-08-03'),(1030,2565,'2970',3,9,0,'3340700293282','2022-08-03'),(1031,2565,'3126',21,9,0,'3340700343794','2022-09-18'),(1032,2565,'2907',10,9,0,'3340700293282','2022-08-03'),(1033,2565,'3070',17,9,0,'3340700293282','2022-08-03'),(1034,2565,'2908',12,9,0,'3340700293282','2022-08-03'),(1035,2565,'2915',13,9,0,'3340700293282','2022-08-03'),(1036,2565,'2971',10,10,0,'3340700293282','2022-08-03'),(1037,2565,'2913',12,10,0,'3340700293282','2022-08-03'),(1038,2565,'3090',14,10,0,'3340700293282','2022-08-03'),(1039,2565,'3118',15,10,0,'3340700293282','2022-08-03'),(1040,2565,'3120',16,10,0,'3340700293282','2022-08-03'),(1041,2565,'3121',17,10,0,'3340700293282','2022-08-03'),(1042,2565,'3119',18,10,0,'3340700293282','2022-08-03'),(1043,2565,'3122',19,10,0,'3340700293282','2022-08-03'),(1044,2565,'3096',20,10,0,'3340700293282','2022-08-03'),(1045,2565,'3089',13,11,0,'3340700293282','2022-08-03'),(1046,2565,'3091',14,11,0,'3340700293282','2022-08-03'),(1047,2565,'2877',2,11,0,'3340700293282','2022-08-03'),(1048,2565,'2881',3,11,0,'3340700293282','2022-08-03'),(1049,2565,'2882',4,11,0,'3340700293282','2022-08-03'),(1050,2565,'2880',5,11,0,'3340700293282','2022-08-03'),(1051,2565,'2884',6,11,0,'3340700293282','2022-08-03'),(1052,2565,'2999',7,11,0,'3340700293282','2022-08-03'),(1053,2565,'2886',8,11,0,'3340700293282','2022-08-03'),(1054,2565,'2890',9,11,0,'3340700293282','2022-08-03'),(1055,2565,'2892',10,11,0,'3340700293282','2022-08-03'),(1056,2565,'2891',11,11,0,'3340700293282','2022-08-03'),(1057,2565,'3071',12,11,0,'3340700293282','2022-08-03'),(1058,2565,'2900',9,12,0,'3340700293282','2022-08-04'),(1059,2565,'3127',21,10,0,'3340700293282','2022-08-04'),(1075,2565,'3128',23,10,0,'3340700343794','2022-09-18'),(1061,2565,'1',23,10,0,'3340700293282','2022-08-04'),(1062,2565,'2855',9,12,0,'3340700293282','2022-09-17'),(1063,2565,'2856',10,12,0,'3340700293282','2022-09-17'),(1064,2565,'2857',11,12,0,'3340700293282','2022-09-17'),(1065,2565,'2858',12,12,0,'3340700293282','2022-09-17'),(1066,2565,'2860',13,12,0,'3340700293282','2022-09-17'),(1067,2565,'2861',14,12,0,'3340700293282','2022-09-17'),(1068,2565,'2862',15,12,0,'3340700293282','2022-09-17'),(1069,2565,'2863',16,12,0,'3340700293282','2022-09-17'),(1070,2565,'2979',17,12,0,'3340700293282','2022-09-17'),(1071,2565,'3129',18,12,0,'3340700343794','2022-09-18'),(1072,2565,'3130',15,11,0,'3340700343794','2022-09-18'),(1073,2565,'3131',16,11,0,'3340700343794','2022-09-18'),(1074,2565,'3132',14,5,0,'3340700343794','2022-09-18'),(1076,2565,'3133',22,10,0,'3340700343794','2022-09-18'),(1077,2565,'3134',23,10,0,'3340700343794','2022-09-18'),(1078,2565,'2944',13,9,0,'3340700343794','2022-09-18'),(1079,2565,'2942',14,9,0,'3340700343794','2022-09-18'),(1080,2565,'2948',15,9,0,'3340700343794','2022-09-18'),(1081,2565,'2946',16,9,0,'3340700343794','2022-09-18'),(1082,2565,'2949',17,9,0,'3340700343794','2022-09-18'),(1083,2565,'2947',18,9,0,'3340700343794','2022-09-18'),(1084,2565,'2955',19,9,0,'3340700343794','2022-09-18'),(1085,2565,'3020',20,9,0,'3340700343794','2022-09-18'),(1086,2565,'3075',1,3,0,'1349900054623','2023-07-04'),(1087,2565,'3076',2,3,0,'1349900054623','2023-07-04'),(1088,2565,'3077',3,3,0,'1349900054623','2023-07-04'),(1089,2565,'3078',4,3,0,'1349900054623','2023-07-04'),(1090,2565,'3079',5,3,0,'1349900054623','2023-07-04'),(1091,2565,'3080',6,3,0,'1349900054623','2023-07-04'),(1092,2565,'3081',7,3,0,'1349900054623','2023-07-04'),(1093,2565,'3082',8,3,0,'1349900054623','2023-07-04'),(1094,2565,'3083',9,3,0,'1349900054623','2023-07-04'),(1095,2565,'3084',10,3,0,'1349900054623','2023-07-04'),(1096,2565,'3085',11,3,0,'1349900054623','2023-07-04'),(1097,2565,'3052',1,4,0,'1349900054623','2023-07-04'),(1098,2565,'3053',2,4,0,'1349900054623','2023-07-04'),(1099,2565,'3054',3,4,0,'1349900054623','2023-07-04'),(1100,2565,'3055',4,4,0,'1349900054623','2023-07-04'),(1101,2565,'3056',5,4,0,'1349900054623','2023-07-04'),(1102,2565,'3057',6,4,0,'1349900054623','2023-07-04'),(1103,2565,'3058',7,4,0,'1349900054623','2023-07-04'),(1104,2565,'3059',8,4,0,'1349900054623','2023-07-04'),(1105,2565,'3060',9,4,0,'1349900054623','2023-07-04'),(1106,2565,'3062',10,4,0,'1349900054623','2023-07-04'),(1107,2565,'3061',11,4,0,'1349900054623','2023-07-04'),(1108,2565,'3032',4,5,0,'1349900054623','2023-07-04'),(1109,2565,'3033',5,5,0,'1349900054623','2023-07-04'),(1110,2565,'3034',6,5,0,'1349900054623','2023-07-04'),(1111,2565,'3037',9,5,0,'1349900054623','2023-07-04'),(1112,2565,'3038',10,5,0,'1349900054623','2023-07-04'),(1113,2565,'3012',5,6,0,'1349900054623','2023-07-04'),(1114,2565,'3011',6,6,0,'1349900054623','2023-07-04'),(1115,2565,'3014',7,6,0,'1349900054623','2023-07-04'),(1116,2565,'3013',8,6,0,'1349900054623','2023-07-04'),(1117,2565,'3015',9,6,0,'1349900054623','2023-07-04'),(1118,2565,'3027',10,6,0,'1349900054623','2023-07-04'),(1119,2565,'3016',11,6,0,'1349900054623','2023-07-04'),(1120,2565,'3019',12,6,0,'1349900054623','2023-07-04'),(1121,2565,'3017',13,6,0,'1349900054623','2023-07-04'),(1122,2565,'3046',14,6,0,'1349900054623','2023-07-04'),(1123,2565,'2990',8,7,0,'1349900054623','2023-07-04'),(1124,2565,'2964',6,8,0,'1349900054623','2023-07-04'),(1125,2565,'2965',7,8,0,'1349900054623','2023-07-04'),(1126,2565,'2966',8,8,0,'1349900054623','2023-07-04'),(1127,2565,'2963',9,8,0,'1349900054623','2023-07-04'),(1128,2565,'2962',10,8,0,'1349900054623','2023-07-04'),(1129,2565,'2998',11,8,0,'1349900054623','2023-07-04'),(1130,2565,'3026',12,8,0,'1349900054623','2023-07-04'),(1131,2565,'2932',1,9,0,'1349900054623','2023-07-04'),(1132,2565,'2934',2,9,0,'1349900054623','2023-07-04'),(1133,2565,'2938',4,9,0,'1349900054623','2023-07-04'),(1134,2565,'2935',5,9,0,'1349900054623','2023-07-04'),(1135,2565,'2936',6,9,0,'1349900054623','2023-07-04'),(1136,2565,'2937',7,9,0,'1349900054623','2023-07-04'),(1137,2565,'3051',8,9,0,'1349900054623','2023-07-04'),(1138,2565,'2977',9,9,0,'1349900054623','2023-07-04'),(1139,2565,'2940',10,9,0,'1349900054623','2023-07-04'),(1140,2565,'2943',11,9,0,'1349900054623','2023-07-04'),(1141,2565,'2941',12,9,0,'1349900054623','2023-07-04'),(1142,2565,'2902',1,10,0,'1349900054623','2023-07-04'),(1143,2565,'2903',2,10,0,'1349900054623','2023-07-04'),(1144,2565,'2930',3,10,0,'1349900054623','2023-07-04'),(1145,2565,'2972',4,10,0,'1349900054623','2023-07-04'),(1146,2565,'3002',5,10,0,'1349900054623','2023-07-04'),(1147,2565,'3048',6,10,0,'1349900054623','2023-07-04'),(1148,2565,'2904',7,10,0,'1349900054623','2023-07-04'),(1149,2565,'2906',8,10,0,'1349900054623','2023-07-04'),(1150,2565,'2905',9,10,0,'1349900054623','2023-07-04'),(1151,2565,'2878',1,11,0,'1349900054623','2023-07-04'),(1152,2565,'2846',1,12,0,'1349900054623','2023-07-04'),(1153,2565,'2847',2,12,0,'1349900054623','2023-07-04'),(1154,2565,'2850',3,12,0,'1349900054623','2023-07-04'),(1155,2565,'2848',4,12,0,'1349900054623','2023-07-04'),(1156,2565,'2851',5,12,0,'1349900054623','2023-07-04'),(1157,2565,'2852',6,12,0,'1349900054623','2023-07-04'),(1158,2565,'2849',7,12,0,'1349900054623','2023-07-04'),(1159,2565,'2853',8,12,0,'1349900054623','2023-07-04'),(1160,2566,'3133',22,11,0,'1349900054623','2023-07-04'),(1161,2566,'2905',9,12,0,'1349900054623','2023-07-04'),(1162,2566,'3137',1,2,0,'1349900054623','2023-07-04'),(1163,2566,'3138',2,2,0,'1349900054623','2023-07-04'),(1164,2566,'3139',3,2,0,'1349900054623','2023-07-04'),(1165,2566,'2147483',4,2,0,'1349900054623','2023-07-04'),(1166,2566,'3141',5,2,0,'1349900054623','2023-07-04'),(1167,2566,'3140',4,2,0,'1349900054623','2023-07-04'),(1168,2566,'3064',11,5,0,'1349900054623','2023-09-18'),(1169,2566,'3065',12,5,0,'1349900054623','2023-09-18'),(1170,2566,'3066',13,5,0,'1349900054623','2023-09-18'),(1171,2566,'3073',14,5,0,'1349900054623','2023-09-18'),(1172,2566,'3093',15,5,0,'1349900054623','2023-09-18'),(1173,2566,'3124',16,5,0,'1349900054623','2023-09-18'),(1174,2566,'3155',14,4,0,'1349900054623','2023-09-18'),(1175,2566,'3028',1,6,0,'1349900054623','2023-09-18'),(1176,2566,'3052',1,5,0,'1349900054623','2023-09-18'),(1177,2566,'3035',7,6,0,'1349900054623','2023-09-18'),(1178,2566,'3053',1,5,0,'1349900054623','2023-09-18'),(1179,2566,'3054',2,5,0,'1349900054623','2023-09-18'),(1180,2566,'3055',3,5,0,'1349900054623','2023-09-18'),(1181,2566,'3056',4,5,0,'1349900054623','2023-09-18'),(1182,2566,'3057',5,5,0,'1349900054623','2023-09-18'),(1183,2566,'3058',6,5,0,'1349900054623','2023-09-18'),(1184,2566,'3059',7,5,0,'1349900054623','2023-09-18'),(1185,2566,'3060',8,5,0,'1349900054623','2023-09-18'),(1186,2566,'3062',9,5,0,'1349900054623','2023-09-18'),(1187,2566,'3061',10,5,0,'1349900054623','2023-09-18'),(1188,2566,'3029',2,6,0,'1349900054623','2023-09-19'),(1189,2566,'3031',3,6,0,'1349900054623','2023-09-19'),(1190,2566,'3125',12,8,0,'1349900054623','2023-09-19'),(1191,2566,'2957',1,9,0,'1349900054623','2023-09-19'),(1192,2566,'2960',4,9,0,'1349900054623','2023-09-19'),(1193,2566,'2958',2,9,0,'1349900054623','2023-09-19'),(1194,2566,'2959',3,9,0,'1349900054623','2023-09-19'),(1195,2566,'2997',11,9,0,'1349900054623','2023-09-19'),(1196,2566,'3069',10,8,0,'1349900054623','2023-09-19'),(1197,2566,'2990',9,8,0,'1349900054623','2023-09-19'),(1198,2566,'2987',6,8,0,'1349900054623','2023-09-19'),(1199,2566,'2986',5,8,0,'1349900054623','2023-09-19'),(1200,2566,'3072',11,8,0,'1349900054623','2023-09-19'),(1201,2566,'2988',7,8,0,'1349900054623','2023-09-19'),(1202,2566,'2989',8,8,0,'1349900054623','2023-09-19'),(1203,2566,'2998',12,9,0,'1349900054623','2023-09-19'),(1204,2566,'3026',13,9,0,'1349900054623','2023-09-19'),(1205,2566,'3050',14,9,0,'1349900054623','2023-09-19'),(1206,2566,'3136',15,9,0,'1349900054623','2023-09-19'),(1207,2566,'2913',7,11,0,'1349900054623','2023-09-19'),(1208,2566,'2911',6,11,0,'1349900054623','2023-09-19'),(1209,2566,'2910',5,11,0,'1349900054623','2023-09-19'),(1210,2566,'3090',13,11,0,'1349900054623','2023-09-19'),(1211,2566,'3118',14,11,0,'1349900054623','2023-09-19'),(1212,2566,'3096',20,10,0,'1349900054623','2023-09-19'),(1213,2566,'2971',9,11,0,'1349900054623','2023-09-19'),(1214,2566,'3127',21,11,0,'1349900054623','2023-09-19'),(1215,2566,'2902',1,11,0,'1349900054623','2023-09-19'),(1216,2566,'2972',10,11,0,'1349900054623','2023-09-19'),(1217,2566,'2930',8,11,0,'1349900054623','2023-09-19'),(1218,2566,'3002',11,11,0,'1349900054623','2023-09-19'),(1219,2566,'2904',3,11,0,'1349900054623','2023-09-19'),(1220,2566,'2906',4,11,0,'1349900054623','2023-09-19'),(1221,2566,'2903',2,11,0,'1349900054623','2023-09-19'),(1222,2566,'3048',12,11,0,'1349900054623','2023-09-19'),(1223,2566,'3119',15,11,0,'1349900054623','2023-09-19'),(1224,2566,'3121',17,11,0,'1349900054623','2023-09-19'),(1225,2566,'3122',18,11,0,'1349900054623','2023-09-19'),(1226,2566,'3120',16,11,0,'1349900054623','2023-09-19'),(1227,2566,'2935',3,10,0,'1349900054623','2023-09-19'),(1228,2566,'2936',4,10,0,'1349900054623','2023-09-19'),(1229,2566,'2938',5,10,0,'1349900054623','2023-09-19'),(1230,2566,'2940',6,10,0,'1349900054623','2023-09-19'),(1231,2566,'2970',16,10,0,'1349900054623','2023-09-19'),(1232,2566,'2941',7,10,0,'1349900054623','2023-09-19'),(1233,2566,'2942',8,10,0,'1349900054623','2023-09-19'),(1234,2566,'2943',9,10,0,'1349900054623','2023-09-19'),(1235,2566,'2977',17,10,0,'1349900054623','2023-09-19'),(1236,2566,'2944',10,10,0,'1349900054623','2023-09-19'),(1237,2566,'2946',11,10,0,'1349900054623','2023-09-19'),(1238,2566,'2947',12,10,0,'1349900054623','2023-09-19'),(1239,2566,'2948',13,10,0,'1349900054623','2023-09-19'),(1240,2566,'2949',14,10,0,'1349900054623','2023-09-19'),(1241,2566,'2955',15,10,0,'1349900054623','2023-09-19'),(1242,2566,'3020',18,10,0,'1349900054623','2023-09-19'),(1243,2566,'3126',19,10,0,'1349900054623','2023-09-19'),(1244,2566,'3154',20,10,0,'1349900054623','2023-09-19'),(1245,2566,'3128',19,11,0,'1349900054623','2023-09-19'),(1246,2566,'3134',20,11,0,'1349900054623','2023-09-19'),(1247,2566,'3092',17,12,0,'1349900054623','2023-09-19'),(1248,2566,'3153',23,3,0,'5341190001681','2023-10-17'),(1249,2566,'2961',15,9,0,'3340700293282','2023-10-18'),(1250,2566,'3156',23,3,0,'3340700293282','2023-10-18'),(1251,2566,'3135',15,6,0,'1349900054623','2024-03-07'),(1252,2566,'3088',13,6,0,'1349900054623','2024-03-07'),(1253,2566,'3142',5,2,0,'1349900054623','2024-03-07'),(1254,2566,'3143',6,2,0,'1349900054623','2024-03-07'),(1255,2566,'3144',7,2,0,'1349900054623','2024-03-07'),(1256,2566,'3145',8,2,0,'1349900054623','2024-03-07'),(1257,2566,'3146',9,2,0,'1349900054623','2024-03-07'),(1258,2566,'3147',10,2,0,'1349900054623','2024-03-07'),(1259,2566,'3148',11,2,0,'1349900054623','2024-03-07'),(1260,2566,'3149',12,2,0,'1349900054623','2024-03-07'),(1261,2566,'3150',13,2,0,'1349900054623','2024-03-07'),(1262,2566,'3151',14,2,0,'1349900054623','2024-03-07'),(1263,2566,'3152',15,2,0,'1349900054623','2024-03-07'),(1264,2566,'2878',1,12,0,'1349900054623','2024-06-10'),(1265,2566,'2877',2,12,0,'1349900054623','2024-06-10'),(1266,2566,'2881',3,12,0,'1349900054623','2024-06-10'),(1267,2566,'2882',4,12,0,'1349900054623','2024-06-10'),(1268,2566,'2880',5,12,0,'1349900054623','2024-06-10'),(1269,2566,'2884',6,12,0,'1349900054623','2024-06-10'),(1270,2566,'2999',7,12,0,'1349900054623','2024-06-10'),(1271,2566,'2886',8,12,0,'1349900054623','2024-06-10'),(1272,2566,'2890',9,12,0,'1349900054623','2024-06-10'),(1273,2566,'2892',10,12,0,'1349900054623','2024-06-10'),(1274,2566,'2891',11,12,0,'1349900054623','2024-06-10'),(1275,2566,'3071',12,12,0,'1349900054623','2024-06-10'),(1276,2566,'3089',13,12,0,'1349900054623','2024-06-10'),(1277,2566,'3091',14,12,0,'1349900054623','2024-06-10'),(1278,2566,'3130',15,12,0,'1349900054623','2024-06-10'),(1279,2566,'3131',16,12,0,'1349900054623','2024-06-10'),(1280,2567,'2903',2,11,0,'1349900054623','2024-06-10'),(1281,2566,'3108',1,3,0,'1349900054623','2024-06-10'),(1282,2566,'3104',2,3,0,'1349900054623','2024-06-10'),(1283,2566,'3110',3,3,0,'1349900054623','2024-06-10'),(1284,2566,'3107',4,3,0,'1349900054623','2024-06-10'),(1285,2566,'3099',5,3,0,'1349900054623','2024-06-10'),(1286,2566,'3105',6,3,0,'1349900054623','2024-06-10'),(1287,2566,'3098',7,3,0,'1349900054623','2024-06-10'),(1288,2566,'3101',8,3,0,'1349900054623','2024-06-10'),(1289,2566,'3106',9,3,0,'1349900054623','2024-06-10'),(1290,2566,'3100',10,3,0,'1349900054623','2024-06-10'),(1291,2566,'3102',11,3,0,'1349900054623','2024-06-10'),(1292,2566,'3103',12,3,0,'1349900054623','2024-06-10'),(1293,2566,'3097',13,3,0,'1349900054623','2024-06-10'),(1294,2566,'3109',14,3,0,'1349900054623','2024-06-10'),(1295,2566,'3117',15,3,0,'1349900054623','2024-06-10'),(1296,2566,'3111',16,3,0,'1349900054623','2024-06-10'),(1297,2566,'3112',17,3,0,'1349900054623','2024-06-10'),(1298,2566,'3115',18,3,0,'1349900054623','2024-06-10'),(1299,2566,'3113',19,3,0,'1349900054623','2024-06-10'),(1300,2566,'3116',20,3,0,'1349900054623','2024-06-10'),(1301,2566,'3114',21,3,0,'1349900054623','2024-06-10'),(1302,2566,'3075',1,4,0,'1349900054623','2024-06-10'),(1303,2566,'3076',2,4,0,'1349900054623','2024-06-10'),(1304,2566,'3077',3,4,0,'1349900054623','2024-06-10'),(1305,2566,'3078',4,4,0,'1349900054623','2024-06-10'),(1306,2566,'3079',5,4,0,'1349900054623','2024-06-10'),(1307,2566,'3080',6,4,0,'1349900054623','2024-06-10'),(1308,2566,'3081',7,4,0,'1349900054623','2024-06-10'),(1309,2566,'3032',4,6,0,'1349900054623','2024-06-10'),(1310,2566,'3033',5,6,0,'1349900054623','2024-06-10'),(1311,2566,'3034',6,6,0,'1349900054623','2024-06-10'),(1312,2566,'3036',8,6,0,'1349900054623','2024-06-10'),(1313,2566,'3037',9,6,0,'1349900054623','2024-06-10'),(1314,2566,'3038',10,6,0,'1349900054623','2024-06-10'),(1315,2566,'3040',11,6,0,'1349900054623','2024-06-10'),(1316,2566,'3041',12,6,0,'1349900054623','2024-06-10'),(1317,2566,'3132',14,6,0,'1349900054623','2024-06-10'),(1318,2566,'3008',1,7,0,'1349900054623','2024-06-10'),(1319,2566,'3010',2,7,0,'1349900054623','2024-06-10'),(1320,2566,'3009',3,7,0,'1349900054623','2024-06-10'),(1321,2566,'3007',4,7,0,'1349900054623','2024-06-10'),(1322,2566,'3012',5,7,0,'1349900054623','2024-06-10'),(1323,2566,'3011',6,7,0,'1349900054623','2024-06-10'),(1324,2566,'3014',7,7,0,'1349900054623','2024-06-10'),(1325,2566,'3013',8,7,0,'1349900054623','2024-06-10'),(1326,2566,'3015',9,7,0,'1349900054623','2024-06-10'),(1327,2566,'2981',3,8,0,'1349900054623','2024-06-10'),(1328,2566,'2982',4,8,0,'1349900054623','2024-06-10'),(1329,2566,'2964',6,9,0,'1349900054623','2024-06-10'),(1330,2566,'2965',7,9,0,'1349900054623','2024-06-10'),(1331,2566,'2966',8,9,0,'1349900054623','2024-06-10'),(1332,2566,'2963',9,9,0,'1349900054623','2024-06-10'),(1333,2566,'2962',10,9,0,'1349900054623','2024-06-10'),(1334,2566,'2932',1,10,0,'1349900054623','2024-06-10'),(1335,2566,'2934',2,10,0,'1349900054623','2024-06-10'),(1336,2567,'3009',3,8,0,'1349900054623','2024-06-10'),(1337,2567,'3007',4,8,0,'1349900054623','2024-06-10'),(1338,2567,'3012',5,8,0,'1349900054623','2024-06-10'),(1339,2567,'3011',6,8,0,'1349900054623','2024-06-10'),(1340,2567,'2989',10,9,0,'1349900054623','2024-09-19'),(1341,2567,'3015',9,8,0,'1349900054623','2024-06-10'),(1342,2567,'3013',8,8,0,'1349900054623','2024-06-10'),(1343,2567,'3014',7,8,0,'1349900054623','2024-06-10'),(1344,2567,'2984',1,9,0,'1349900054623','2024-06-10'),(1345,2567,'2980',2,9,0,'1349900054623','2024-06-10'),(1346,2567,'3046',14,8,0,'1349900054623','2024-06-10'),(1347,2567,'3017',13,8,0,'1349900054623','2024-06-10'),(1348,2567,'3019',12,8,0,'1349900054623','2024-06-10'),(1349,2567,'3016',11,8,0,'1349900054623','2024-06-10'),(1350,2567,'3027',10,8,0,'1349900054623','2024-06-10'),(1351,2567,'3125',12,9,0,'1349900054623','2024-06-10'),(1352,2567,'2965',7,10,0,'1349900054623','2024-06-10'),(1353,2567,'3050',14,10,0,'1349900054623','2024-06-10'),(1354,2567,'3029',2,7,0,'1349900054623','2024-06-10'),(1355,2567,'3135',15,7,0,'1349900054623','2024-06-10'),(1356,2567,'1361',5,2,1,'3340700293282','2024-06-10'),(1357,2567,'1362',6,2,1,'3340700293282','2024-06-10'),(1358,2567,'1363',7,2,1,'3340700293282','2024-06-10'),(1359,2567,'1364',8,2,1,'3340700293282','2024-06-10'),(1360,2567,'3157',1,2,1,'3340700293282','2024-06-10'),(1361,2567,'3158',2,2,1,'3340700293282','2024-06-10'),(1362,2567,'3159',3,2,1,'3340700293282','2024-06-10'),(1363,2567,'3160',4,2,1,'3340700293282','2024-06-10'),(1364,2567,'3165',9,2,1,'3340700293282','2024-06-10'),(1365,2567,'3166',10,2,1,'3340700293282','2024-06-10'),(1366,2567,'3167',11,2,1,'3340700293282','2024-06-10'),(1367,2567,'3168',12,2,1,'3340700293282','2024-06-10'),(1368,2567,'3026',13,10,0,'3340700293282','2024-06-10'),(1369,2567,'2961',13,10,0,'3340700293282','2024-06-10'),(1370,2567,'3169',5,10,1,'3340700293282','2024-06-10'),(1371,2567,'3170',7,10,1,'3340700293282','2024-06-10'),(1372,2567,'3171',14,10,1,'3340700293282','2024-06-10'),(1373,2567,'3172',16,10,1,'3340700293282','2024-06-10'),(1374,2567,'3140',4,3,0,'1349900054623','2024-09-19'),(1375,2567,'3173',15,3,0,'1349900054623','2024-09-19'),(1376,2566,'3123',13,4,0,'1349900054623','2024-09-19'),(1377,2567,'3075',4,5,0,'1349900054623','2024-09-19'),(1378,2567,'3076',2,5,0,'1349900054623','2024-09-19'),(1379,2567,'3077',5,5,0,'1349900054623','2024-09-19'),(1380,2567,'3078',3,5,0,'1349900054623','2024-09-19'),(1381,2567,'3079',6,5,0,'1349900054623','2024-09-19'),(1382,2567,'3174',12,4,0,'1349700153172','2024-09-19'),(1383,2567,'3080',1,5,0,'1349900054623','2024-09-19'),(1384,2567,'3081',7,5,0,'1349900054623','2024-09-19'),(1385,2567,'3087',9,5,0,'1349900054623','2024-09-19'),(1386,2567,'3082',11,5,0,'1349900054623','2024-09-19'),(1387,2567,'3083',12,5,0,'1349900054623','2024-09-19'),(1388,2567,'3084',8,5,0,'1349900054623','2024-09-19'),(1389,2567,'2230',12,4,0,'1349700153172','2024-09-19'),(1390,2567,'3085',10,5,0,'1349900054623','2024-09-19');

--
-- Table structure for table `student_main_edyear`
--

CREATE TABLE `student_main_edyear` (
  `id` int(11) NOT NULL AUTO_INCREMENT,
  `ed_year` int(11) NOT NULL,
  `year_active` tinyint(4) NOT NULL,
  PRIMARY KEY (`id`),
  UNIQUE KEY `ed_year` (`ed_year`)
) ENGINE=MyISAM AUTO_INCREMENT=14 DEFAULT CHARSET=utf8 COLLATE=utf8_general_ci;

--
-- Dumping data for table `student_main_edyear`
--

INSERT INTO `student_main_edyear` VALUES (1,2557,0),(4,2558,0),(5,2559,0),(6,2560,0),(7,2561,0),(8,2562,0),(9,2563,0),(10,2564,0),(11,2565,0),(12,2566,0),(13,2567,1);

--
-- Table structure for table `student_main_expand1`
--

CREATE TABLE `student_main_expand1` (
  `id` int(11) NOT NULL AUTO_INCREMENT,
  `person_id` varchar(13) NOT NULL,
  `e_name` varchar(50) NOT NULL,
  `e_surname` varchar(50) NOT NULL,
  `birthday` date NOT NULL,
  `blood` varchar(2) NOT NULL,
  `race` varchar(30) NOT NULL,
  `nationlity` varchar(30) NOT NULL,
  `religion` varchar(30) NOT NULL,
  `rec_date` date NOT NULL,
  PRIMARY KEY (`id`),
  UNIQUE KEY `person_id` (`person_id`)
) ENGINE=MyISAM AUTO_INCREMENT=181 DEFAULT CHARSET=utf8 COLLATE=utf8_general_ci;

--
-- Dumping data for table `student_main_expand1`
--

INSERT INTO `student_main_expand1` VALUES (1,'1341501514348','Kitti Phak','Sawatdi','2009-10-22','','','','','2022-04-05'),(2,'1341501508267','Anuchit','Kham Lun','2009-01-18','','','','','2022-04-05'),(3,'1349901640674','nuttapon','angmanee','2009-08-06','','','','','2022-04-05'),(4,'1739300037678','Weerawat','Itsararungrueang','2009-09-29','','','','','2022-04-05'),(5,'1209702487630','Noppakhua','Dannarin','2009-02-09','','','','','2022-04-05'),(6,'1100704128770','Kamon Chanok','Chaeng Net','2009-06-22','','','','','2022-04-05'),(7,'1103704391066','Nu Diphon','Bua Yuen','2009-01-03','','','','','2022-04-05'),(8,'1349901654209','Ya Su Mintra','Khan Thawat','2009-10-02','','','','','2022-04-05'),(9,'1349901621386','Ban Di Ta','Lo Thang','2009-04-21','','','','','2022-04-05'),(10,'1341501513911','Su Phatson','Ku Nok','2009-10-08','','','','','2022-04-05'),(11,'1349901656252','Phut Rak','Sing Kham','2009-10-14','','','','','2022-04-05'),(12,'1341501514933','Sasi Wan','Si Sung Nang','2009-11-13','','','','','2022-04-05'),(13,'1349901645650','Atchara','Ket Kaeo','2009-08-27','','','','','2022-04-05'),(14,'1341501508691','Su Rang Khana','Phala Phan','2009-02-06','','','','','2022-04-05'),(15,'1104000262898','Suwiyanee','Komjan','2009-09-30','','','','','2022-04-05'),(16,'1341501500169','Nattha Kit','Simueang','2008-02-27','','','','','2022-04-05'),(17,'1349901534459','Na Phat','Prachan Han','2008-01-03','-','ไทย','ไทย','พุทธ','2019-12-03'),(18,'1349901548107','Na Phat','Kaeo Chana','2008-03-16','','','','','2022-04-05'),(19,'1341501499942','Thira Phat','Si Ha Wong','2008-02-19','','','','','2022-04-05'),(20,'1341501506388','Narin','Chaloem Rat','2008-11-12','','','','','2022-04-05'),(21,'1341501501351','Thon Chot','Bua Yuen','2008-04-22','','','','','2022-04-05'),(22,'1349901587561','Wira Wutthi','Khan Tha Wat','2008-10-22','','','','','2022-04-05'),(23,'1349901563017','Ekkarat','Sut Sadaeng','2008-06-13','','','','','2022-04-05'),(24,'1349901546201','Kanya Phon','Bun Khrong','2008-03-05','','','','','2022-04-05'),(25,'1349901560808','Nattha Thida','Chan Thot','2008-06-01','','','','','2022-04-05'),(26,'1349901593609','Thanan Ya','Cham Si','2008-11-21','','','','','2022-04-05'),(27,'1341501502544','Sakao Chai','Simueang','2008-06-04','','','','','2022-04-05'),(28,'1720800230436','Wan Wi Sa','Lo Thang','2008-07-26','','','','','2022-04-05'),(29,'1341501507856','Ra Phin Phon','Bao Ra Khon','2008-12-27','-','ไทย','ไทย','พุทธ','2019-12-03'),(30,'1149600177535','Krit Phat','Nak Lam Thong','2007-11-01','','','','','2022-04-05'),(31,'1341501489611','Thon Wat','Bun Chan','2007-01-31','','','','','2022-04-05'),(32,'1348900181047','Suriya','Rat Khan','2007-12-14','','','','','2022-04-05'),(33,'1349901467441','Nara Witcha','Kri So','2007-01-16','','','','','2022-04-05'),(34,'1341501490686','Som Det','Chan Thra','2007-03-09','','','','','2022-04-05'),(35,'1341501492051','Ananta Chai','Pho Khao','2007-05-03','','','','','2022-04-05'),(36,'2349900094151','Bun Amon','Khan Thawat','2007-03-20','','','','','2022-04-05'),(37,'1349901499858','Atchariya','Ket Kaeo','2007-07-15','','','','','2022-04-05'),(38,'1341501497451','Kiattisak','Ne Ra Wan','2007-11-14','','','','','2022-04-05'),(39,'1348900171599','Chan Thi Ma','Lo Thang','2007-08-21','','','','','2022-04-05'),(40,'1100401404819','Thinnakon','Khan Thawat','2007-12-18','','','','','2022-04-05'),(41,'1341501494665','Wi Chu Ma','Kha Chat','2007-08-05','','','','','2022-04-05'),(42,'1341501496722','Siri Lak','Chai Phan','2007-10-18','','','','','2022-04-05'),(43,'1341501490635','Su Phattra','Chaya Wan','2007-03-07','','','','','2022-04-05'),(44,'1341501493065','Aphinya','Bun Khrong','2007-06-16','','','','','2022-04-05'),(45,'1341501496412','Aphinya','Sa Cha Ri','2007-10-05','','','','','2022-04-05'),(46,'1341501498059','Amonrat','Khan Tha Wat','2007-12-06','','','','','2022-04-05'),(47,'1349901440870','Kritsada','Kaen Ta Noi','2006-08-25','','','','','2022-04-05'),(48,'1349901456156','Siwadon','Rukwiset','2006-11-15','','','','','2022-04-05'),(49,'1341501488398','Suppha Rat','Siri Loet','2006-12-16','-','ไทย','ไทย','พุทธ','2022-04-05'),(50,'1349901451685','Suppha Witcha','Niyom Sathian','2006-10-20','','','','','2022-04-05'),(51,'1100401353637','Thani','Wong Ma Ket','2006-12-02','','','','','2022-04-05'),(52,'1349901412779','Won Chit','Mali So','2006-03-23','','','','','2022-04-05'),(53,'1341501486794','patcharachok','inchareon','2006-10-20','','','','','2022-04-05'),(54,'1341501485828','Nat Thida','Ka Run Rat','2006-09-13','','','','','2022-04-05'),(55,'1349901407856','Pawi Na','Siri Won','2006-02-21','','','','','2022-04-05'),(56,'1349700361891','Fueang Klom','Kri So','2006-09-17','','','','','2022-04-05'),(57,'1341501479895','Supha Mat','Sue Klang','2006-01-20','','','','','2022-04-05'),(58,'1341501488762','Nan Thakan','Chainoi','2006-12-28','','','','','2022-04-05'),(59,'1349901374796','Su Nantha Wut','Kham Pha Tha','2005-09-02','-','ไทย','ไทย','พุทธ','2019-12-03'),(60,'1341501471339','Wan Chaloem','Si Ha Wong','2005-08-02','-','ไทย','ไทย','พุทธ','2019-12-03'),(61,'1341501477825','Thana Kon','Ari Phu','2005-11-09','-','ไทย','ไทย','พุทธ','2019-12-03'),(62,'1341501474702','Set Tha','Phala Phan','2005-09-22','-','ไทย','ไทย','พุทธ','2019-12-03'),(63,'1349901389637','Sutthi Non','Kriangkrai','2005-11-11','-','ไทย','ไทย','พุทธ','2019-12-03'),(64,'1341501478287','Naruenat','Wong Ma Ket','2005-11-22','-','ไทย','ไทย','พุทธ','2019-12-03'),(65,'1341501462178','Thon Thon','But Khen','2005-02-19','-','ไทย','ไทย','พุทธ','2019-12-03'),(66,'1341501457280','Kon Chawan','Kaeo Chana','2004-11-25','-','ไทย','ไทย','พุทธ','2019-12-03'),(67,'1341501468010','An Thi Ka','Chai Phan','2005-06-12','-','ไทย','ไทย','พุทธ','2019-12-03'),(68,'1348900108081','Nipha Phon','Phi Na Kan','2005-02-24','-','ไทย','ไทย','พุทธ','2019-12-03'),(69,'1341501465444','Chom Yong','Tu Kham Wiang','2005-04-22','-','ไทย','ไทย','พุทธ','2019-12-03'),(70,'1749901043583','Ari Sara','Phop Bun','2005-07-11','-','ไทย','ไทย','พุทธ','2019-12-03'),(71,'1199901022131','Lat Da Wan','Kaen Khun','2005-01-12','-','ไทย','ไทย','พุทธ','2019-12-03'),(72,'1348900100594','Khana Wutthi','Chan Chaeng','2004-11-22','-','ไทย','ไทย','พุทธ','2019-12-03'),(73,'1341501451125','Pha Thit','Si Sen','2004-08-21','-','ไทย','ไทย','พุทธ','2019-12-03'),(74,'1341501459487','Phanu Wat','Phi Nat','2004-12-30','-','ไทย','ไทย','พุทธ','2019-12-03'),(75,'1679900625989','Thara Thep','Cham Si','2004-12-05','-','ไทย','ไทย','พุทธ','2019-12-03'),(76,'1341501457841','Sadet Wut','Phop Bun','2004-12-02','-','ไทย','ไทย','พุทธ','2019-12-03'),(77,'1348900093253','Thi Ra Det','Charoen Chao','2004-08-31','-','ไทย','ไทย','พุทธ','2019-12-03'),(78,'1349901331302','peeraphon','Kaeo Net','2004-12-30','-','ไทย','ไทย','พุทธ','2019-12-03'),(79,'1348900086478','Chetsada Phon','Thani','2004-06-01','-','ไทย','ไทย','พุทธ','2019-12-03'),(80,'1341501458383','Anan Da','Pit Ta Ne','2004-12-14','-','ไทย','ไทย','พุทธ','2019-12-03'),(81,'1348900089957','Ana Win','Pak Ka Ma Nang','2004-07-18','-','ไทย','ไทย','พุทธ','2019-12-03'),(82,'1348900075310','Nattha Phon','Lo Thang','2004-01-05','-','ไทย','ไทย','พุทธ','2019-12-03'),(83,'1349901276590','Phong Phisut','Sang So','2004-02-11','-','ไทย','ไทย','พุทธ','2019-12-03'),(84,'1341501452121','Sakkarin','Khan Thawat','2004-09-08','-','ไทย','ไทย','ไทย','2019-12-03'),(85,'1348900084017','Phon Kanok','Wong Ma Ket','2004-04-29','-','ไทย','ไทย','พุทธ','2019-12-03'),(86,'1349901315498','Thip Suda','Photharam','2004-10-02','-','ไทย','ไทย','พุทธ','2019-12-03'),(87,'1349901315510','Thiphakon','Photharam','2004-10-02','-','ไทย','ไทย','พุทธ','2019-12-03'),(88,'1341501591415','Suphanan','Chanchaeng','2016-02-13','','','','','2022-04-05'),(89,'1749901591742','Thipdawan','Siwaurai','2016-04-01','','','','','2022-04-05'),(90,'1341501583838','Uratya','Inthirat','2015-08-23','','','','','2022-04-05'),(91,'1341501584991','Chonthicha','Kriso','2015-09-16','','','','','2022-04-05'),(92,'1341501594660','Kanyakon','Khophatha','2016-05-05','','','','','2022-04-05'),(93,'1341501585393','Sukanya','Phrawut','2015-09-25','','','','','2022-04-05'),(94,'1347600117377','Ratta','Manadi','2016-02-01','','','','','2022-04-05'),(95,'1341501581509','Kraiphop','Phinakan','2015-06-21','','','','','2022-04-05'),(96,'1341501587736','Anawin','Simueang','2015-11-15','','','','','2022-04-05'),(97,'1341501587574','Phakphum','Khophatha','2015-11-11','','','','','2022-04-05'),(98,'1209601936064','Thippapha','Saengaram','2015-10-13','','','','','2022-04-05'),(99,'1349902106680','Kawiwattha','Philasan','2016-04-23','','','','','2022-04-05'),(100,'1341501592098','Natthaphon','Siphakdi','2016-03-01','','','','','2022-04-05'),(101,'1341501576343','Chesrit','Okaphan','2015-01-02','','','','','2022-04-05'),(102,'1341501578141','Chanathip','Okaphan','2015-02-25','','','','','2022-04-05'),(103,'1341501571961','Natthaphop','Maliwong','2014-09-15','','','','','2022-04-05'),(104,'1341501576262','Thanwa','Khachasen','2014-12-31','','','','','2022-04-05'),(105,'1341501576238','Phiraphat','Thiraphat','2014-12-30','','','','','2022-04-05'),(106,'1341501567972','Sukritsa','Chianbunma','2014-05-28','','','','','2022-04-05'),(107,'1349902015633','Aphisit','Bunloet','2014-11-17','','','','','2022-04-05'),(108,'1341501575380','Adundet','Porisa','2014-12-10','','','','','2022-04-05'),(109,'1341501576921','Yothin','Photharam','2015-01-21','','','','','2022-04-05'),(110,'1349902036100','Thitima','Dokmai','2015-03-18','','','','','2022-04-05'),(111,'1341501574146','Palita','Soeifueang','2014-11-06','','','','','2022-04-05'),(112,'1349901989243','Panfa','Chaiphan','2014-07-10','','','','','2022-04-05'),(113,'1341501554960','tinna na phop','makhawong','2013-05-21','','','','','2022-04-05'),(114,'1341501565279','Thiraphat','Nituthon','2014-03-15','','','','','2022-04-05'),(115,'1349901914693','thonwat','chada','2013-05-21','','','','','2022-04-05'),(116,'1341501567310','Thanathip','Tanhom','2014-05-12','','','','','2022-04-05'),(117,'1341501566097','Yutthakan','Wongmaket','2014-04-10','','','','','2022-04-05'),(118,'1101000470935','Pawit','Okaphan','2014-01-01','','','','','2022-04-05'),(119,'1103704968169','Wonwutthi','Butban','2014-03-18','','','','','2022-04-05'),(120,'1103704968177','Wonkan','Butban','2014-03-18','','','','','2022-04-05'),(121,'1349901938746','Wutthisak','Matphan','2013-10-03','','','','','2022-04-05'),(122,'1341501565830','Anuson','Raksakun','2014-04-01','','','','','2022-04-05'),(123,'1341501561338','Buabusaya','Siphakdi','2013-11-14','','','','','2022-04-05'),(124,'1341501566470','Aranya','Loha','2014-04-21','','','','','2022-04-05'),(125,'1720800248386','Waranya','Lothang','2013-09-24','','','','','2022-04-05'),(126,'1341501555192','Suphitya','Chanchaeng','2013-05-29','','','','','2022-04-05'),(127,'1341501552355','charoensap','lothang','2013-02-07','','','','','2022-04-05'),(128,'1341501548676','chaiphot','lothang','2012-09-28','','','','','2022-04-05'),(129,'1341501544662','thiwakon','sarilo','2012-05-20','','','','','2022-04-05'),(130,'1349901876333','Jarukit','Madsapan','2012-11-02','O','','','','2022-04-05'),(131,'1341501546436','aphinan','Sidi','2012-07-28','','','','','2022-04-05'),(132,'1341501548765','thonphon','pawichanta','2012-10-01','','','','','2022-04-05'),(133,'1349901867661','thamonwan','phaengsi','2012-09-24','','','','','2022-04-05'),(134,'1348900294691','naritra','phannaphop','2012-09-28','','','','','2022-04-05'),(135,'1341501547599','aranya','nerawan','2012-08-28','','','','','2022-04-05'),(136,'1102004434799','simongkhon','khongbankhong','2013-01-15','','','','','2022-04-05'),(137,'1341501534811','Tharathep','Nituthon','2011-07-31','','','','','2022-04-05'),(138,'1718800168029','Tulakarn','Wadpuang','2011-10-31','','','','','2022-04-05'),(139,'1341501541183','Thonlop','Bunchan','2012-01-22','','','','','2022-04-05'),(140,'1341501543747','Phatphong','Saengaram','2012-04-18','','','','','2022-04-05'),(141,'1341501532273','Wutthikon','Ariphu','2011-05-20','','','','','2022-04-05'),(142,'1104000312208','kritipat','janheeb','2011-09-12','','','','','2022-04-05'),(143,'1341501544221','Watcharaphon','Siphakdi','2012-05-01','','','','','2022-04-05'),(144,'1103101175809','Siphakdi','Thonan','2011-09-13','','','','','2022-04-05'),(145,'1341501528691','Sumittra','Sitho','2011-01-21','','','','','2022-04-05'),(146,'1349901769758','Premsuda','Ariphu','2011-06-09','','','','','2022-04-05'),(147,'1341501533229','Nutya','Inthana','2011-06-15','','','','','2022-04-05'),(148,'1341501538981','Kunjira','Sunee','2011-11-14','','','','','2022-04-05'),(149,'1348900245037','Aumaporn','Khamloon','2011-03-02','','','','','2022-04-05'),(150,'1341501520488','kornpat','bantataw','2010-05-29','','','','','2022-04-05'),(151,'1341501517746','chatchanan','santawesook','2010-02-23','','','','','2022-04-05'),(152,'1341501518211','chaiwat','lotung','2010-03-10','','','','','2022-04-05'),(153,'1341501519196','ratthasat','kongket','2010-04-17','','','','','2022-04-05'),(154,'1101000303575','chonlatee','okapan','2010-08-22','','','','','2022-04-05'),(155,'1349901696084','peerawat','tongked','2010-04-29','','','','','2022-04-05'),(156,'1129902233292','Nattapong','Kalamduan','2010-08-26','','','','','2022-04-05'),(157,'1349901739794','Teerasid','Sajaree','2010-12-18','','','','','2022-04-05'),(158,'1718800149954','Aiyakan','Wadpuang','2010-06-29','','','','','2022-04-05'),(159,'1341501520941','kamonwan','wongsena','2010-06-21','','','','','2022-04-05'),(160,'1349901680099','Chanapa','Kopata','2010-02-05','','','','','2022-04-05'),(161,'1341501524556','kokanok','Intamat','2010-10-01','','','','','2022-04-05'),(162,'1349901735934','Napassor','Masapan','2010-11-29','','','','','2022-04-05'),(163,'1341501520658','Thanomwan','Wongmagat','2010-06-07','','','','','2022-04-05'),(164,'1341501525528','kornkamon','chaiyapan','2010-10-25','','','','','2022-04-05'),(165,'1349901727621','Saranya','Karsompid','2010-10-14','','','','','2022-04-05'),(166,'1349901701835','Busakorn','Thanee','2010-05-31','','','','','2022-04-05'),(167,'1341501525846','Sirinapa','Hattama','2010-11-02','','','','','2022-04-05'),(168,'1119902578362','Pornprapa','Kawchna','2010-09-26','','','','','2022-04-05'),(169,'1340701773842','Saranporn','Priamsati','2010-05-03','','','','','2022-04-05'),(170,'1341501525081','Khwanchanok','Makhawong','2010-10-11','','','','','2022-04-05'),(171,'1347400000379','Phuwanan','Thong Won','2009-06-24','','','','','2022-04-05'),(172,'1341501515387','Ketkanya','Seechandee','2009-12-02','O','','','','2022-04-05'),(173,'1341501503184','teerawat','parasing','2008-07-04','','','','','2022-04-05'),(174,'1341501499098','Rungnapar','Homjan','2008-01-16','','','','','2022-04-05'),(175,'1341501500061','JIRAWAN','KEMRAT','2008-02-22','','','','','2022-04-05'),(176,'1101801498056','Phiraphat','Netsan','2007-02-09','','','','','2022-04-05'),(177,'1349901446720','Chaipanat','Thengpom','2006-09-25','','','','','2022-04-05'),(178,'1329901427172','puwadon','koprata','2006-09-25','','','','','2022-04-05'),(179,'1341501490350','APINYA','KONGKAPUN','2007-02-24','','','','','2022-04-05'),(180,'1340701774041','Naruemon','Phannaphop','2009-03-05','o','ไทย','ไทย','พุทธ','2022-03-21');

--
-- Table structure for table `student_main_permission`
--

CREATE TABLE `student_main_permission` (
  `id` int(11) NOT NULL AUTO_INCREMENT,
  `person_id` varchar(13) NOT NULL,
  `p1` tinyint(4) NOT NULL,
  `officer` varchar(13) NOT NULL,
  `rec_date` date NOT NULL,
  PRIMARY KEY (`id`)
) ENGINE=MyISAM AUTO_INCREMENT=22 DEFAULT CHARSET=utf8 COLLATE=utf8_general_ci;

--
-- Dumping data for table `student_main_permission`
--

INSERT INTO `student_main_permission` VALUES (21,'3340700293282',1,'3340700343794','2023-09-20'),(5,'3340100228242',1,'3451100016429','2020-03-04'),(20,'5341190001681',1,'3340700343794','2023-09-20'),(7,'5341190001681',1,'5341190001681','2014-09-23'),(10,'1349900054623',1,'5341190001681','2014-09-23'),(12,'1349700153172',1,'5341190001681','2019-11-21'),(13,'3341100274253',1,'5341190001681','2019-11-21'),(14,'1440400004806',1,'5341190001681','2019-11-21'),(15,'3340700957041',1,'5341190001681','2019-11-21'),(19,'1341500089252',1,'1349900054623','2020-07-12');

--
-- Table structure for table `system_ed_year`
--

CREATE TABLE `system_ed_year` (
  `id` int(11) NOT NULL AUTO_INCREMENT,
  `ed_year` int(11) NOT NULL,
  `active_ed_year` tinyint(4) NOT NULL,
  PRIMARY KEY (`id`),
  UNIQUE KEY `ed_year` (`ed_year`)
) ENGINE=MyISAM DEFAULT CHARSET=utf8 COLLATE=utf8_general_ci;

--
-- Dumping data for table `system_ed_year`
--


--
-- Table structure for table `system_export_list`
--

CREATE TABLE `system_export_list` (
  `id` int(11) NOT NULL AUTO_INCREMENT,
  `data_name` varchar(50) NOT NULL,
  `thai_dataname` varchar(100) NOT NULL,
  PRIMARY KEY (`id`),
  UNIQUE KEY `data_name` (`data_name`)
) ENGINE=MyISAM AUTO_INCREMENT=7 DEFAULT CHARSET=utf8 COLLATE=utf8_general_ci;

--
-- Dumping data for table `system_export_list`
--

INSERT INTO `system_export_list` VALUES (1,'person','ข้อมูลครูและบุคลากร'),(2,'student','ข้อมูลพื้นฐานนักเรียน'),(3,'onet','ผลสอบ O-NET'),(4,'plan','แผนปฏิบัติการประจำปี'),(5,'student_check','การมาเรียน'),(6,'health','สุขภาพผู้เรียน');

--
-- Table structure for table `system_export_log`
--

CREATE TABLE `system_export_log` (
  `id` int(11) NOT NULL AUTO_INCREMENT,
  `computer_ip` varchar(25) NOT NULL,
  `requester` varchar(50) NOT NULL,
  `login_time` datetime NOT NULL,
  `data` varchar(20) NOT NULL,
  PRIMARY KEY (`id`)
) ENGINE=MyISAM AUTO_INCREMENT=149 DEFAULT CHARSET=utf8 COLLATE=utf8_general_ci;

--
-- Dumping data for table `system_export_log`
--

INSERT INTO `system_export_log` VALUES (1,'61.19.124.234','amssplus','2018-09-28 16:31:03','person'),(2,'61.19.124.234','amssplus','2019-08-20 19:12:46','student'),(3,'61.19.124.234','amssplus','2019-08-20 19:13:50','student'),(4,'61.19.124.234','amssplus','2019-08-20 19:13:59','student'),(5,'61.19.124.234','amssplus','2019-10-08 15:32:11','student_check'),(6,'122.155.223.9','amssplus','2020-03-30 15:00:55','student_check'),(7,'122.155.223.9','amssplus','2020-08-05 10:00:02','person'),(8,'122.155.223.9','amssplus','2020-08-05 10:17:25','student'),(9,'127.0.0.1','amssplus','2021-04-14 14:27:51','student'),(10,'127.0.0.1','amssplus','2021-04-14 14:38:41','student'),(11,'192.168.1.6','amssplus','2021-05-29 11:02:51','student'),(12,'192.168.1.6','amssplus','2021-05-29 11:03:53','student'),(13,'192.168.1.6','amssplus','2021-05-29 11:54:28','student'),(14,'192.168.1.6','amssplus','2021-05-29 11:57:26','student'),(15,'192.168.1.6','amssplus','2021-05-29 11:58:27','student'),(16,'192.168.1.6','amssplus','2021-05-29 12:13:01','student'),(17,'192.168.1.6','amssplus','2021-05-29 12:22:11','student'),(18,'192.168.1.6','amssplus','2021-05-29 12:23:57','student'),(19,'192.168.1.6','amssplus','2021-05-29 12:44:05','student'),(20,'192.168.1.6','amssplus','2021-05-29 12:50:52','student'),(21,'192.168.1.6','amssplus','2021-05-29 12:57:27','student'),(22,'192.168.1.6','amssplus','2021-05-29 12:58:31','student'),(23,'192.168.1.6','amssplus','2021-05-29 14:27:45','student'),(24,'192.168.1.6','amssplus','2021-05-29 14:28:19','student'),(25,'192.168.1.6','amssplus','2021-05-29 14:28:47','student'),(26,'192.168.1.6','amssplus','2021-05-29 14:29:25','student'),(27,'192.168.1.6','amssplus','2021-05-29 14:31:57','student'),(28,'10.1.1.3','amssplus','2021-10-06 10:27:28','student'),(29,'10.1.1.3','amssplus','2021-10-06 10:30:21','student'),(30,'10.1.1.3','amssplus','2022-03-17 07:33:35','student'),(31,'10.1.1.3','amssplus','2022-03-17 07:33:59','student'),(32,'10.1.1.3','amssplus','2022-03-17 15:52:32','student'),(33,'10.1.1.3','amssplus','2022-04-05 12:12:36','student'),(34,'10.1.1.3','amssplus','2022-09-07 14:40:45','student'),(35,'10.1.1.3','amssplus','2022-09-19 09:21:43','student'),(36,'','amssplus','2023-01-02 14:23:41','student_check'),(37,'','amssplus','2023-01-02 17:52:54','student_check'),(38,'','amssplus','2023-01-02 17:54:30','student_check'),(39,'','amssplus','2023-01-02 17:55:04','student_check'),(40,'10.1.1.3','amssplus','2023-01-22 00:23:22','student'),(41,'127.0.0.1','amssplus','2023-02-16 09:21:31','student_check'),(42,'127.0.0.1','amssplus','2023-02-16 09:22:10','student_check'),(43,'127.0.0.1','amssplus','2023-02-16 09:33:03','student_check'),(44,'10.1.1.3','amssplus','2023-04-05 09:48:23','student_check'),(45,'10.1.1.3','amssplus','2023-04-05 22:38:14','student_check'),(46,'10.1.1.3','amssplus','2023-04-06 10:24:16','student_check'),(47,'10.1.1.3','amssplus','2023-04-06 10:25:07','student_check'),(48,'10.1.1.3','amssplus','2023-04-06 10:47:28','student_check'),(49,'10.1.1.3','amssplus','2023-04-06 13:13:42','student_check'),(50,'10.1.1.3','amssplus','2023-06-15 10:20:25','student_check'),(51,'10.1.1.3','amssplus','2023-06-15 10:56:10','student'),(52,'10.1.1.3','amssplus','2023-06-16 15:15:53','student'),(53,'10.1.1.3','amssplus','2023-07-04 11:24:36','student'),(54,'127.0.0.1','amssplus','2023-07-09 13:19:01','student_check'),(55,'127.0.0.1','amssplus','2023-07-09 13:19:48','student_check'),(56,'127.0.0.1','amssplus','2023-07-09 13:20:14','student_check'),(57,'127.0.0.1','amssplus','2023-07-09 13:20:46','student_check'),(58,'127.0.0.1','amssplus','2023-07-09 13:21:45','student_check'),(59,'127.0.0.1','amssplus','2023-07-09 13:27:59','student_check'),(60,'127.0.0.1','amssplus','2023-07-09 13:29:14','student_check'),(61,'127.0.0.1','amssplus','2023-07-09 13:31:16','student_check'),(62,'127.0.0.1','amssplus','2023-07-09 13:36:13','student_check'),(63,'127.0.0.1','amssplus','2023-07-09 13:37:41','student_check'),(64,'127.0.0.1','amssplus','2023-07-09 13:39:13','student_check'),(65,'127.0.0.1','amssplus','2023-07-09 13:41:20','student_check'),(66,'127.0.0.1','amssplus','2023-07-09 13:42:41','student_check'),(67,'127.0.0.1','amssplus','2023-07-09 13:43:39','student_check'),(68,'127.0.0.1','amssplus','2023-07-09 13:47:34','student_check'),(69,'127.0.0.1','amssplus','2023-07-09 13:59:32','student_check'),(70,'127.0.0.1','amssplus','2023-07-09 14:08:15','student_check'),(71,'127.0.0.1','amssplus','2023-07-09 14:17:27','student_check'),(72,'127.0.0.1','amssplus','2023-07-11 07:58:02','student_check'),(73,'127.0.0.1','amssplus','2023-07-11 08:13:01','student_check'),(74,'127.0.0.1','amssplus','2023-07-11 08:13:52','student_check'),(75,'127.0.0.1','amssplus','2023-07-11 08:14:43','student_check'),(76,'127.0.0.1','amssplus','2023-07-26 13:59:19','student_check'),(77,'127.0.0.1','amssplus','2023-07-26 14:00:56','student_check'),(78,'127.0.0.1','amssplus','2023-07-26 14:02:31','student_check'),(79,'127.0.0.1','amssplus','2023-07-26 14:53:12','student_check'),(80,'127.0.0.1','amssplus','2023-07-26 14:58:56','student_check'),(81,'127.0.0.1','amssplus','2023-07-26 15:09:33','student_check'),(82,'127.0.0.1','amssplus','2023-07-26 15:11:24','student_check'),(83,'127.0.0.1','amssplus','2023-07-26 15:12:23','student_check'),(84,'127.0.0.1','amssplus','2023-07-26 15:18:59','student_check'),(85,'127.0.0.1','amssplus','2023-07-26 15:22:55','student_check'),(86,'127.0.0.1','amssplus','2023-07-26 15:27:46','student_check'),(87,'127.0.0.1','amssplus','2023-07-26 15:31:27','student_check'),(88,'127.0.0.1','amssplus','2023-07-26 15:32:34','student_check'),(89,'127.0.0.1','amssplus','2023-07-26 15:33:29','student_check'),(90,'127.0.0.1','amssplus','2023-07-26 15:46:06','student_check'),(91,'127.0.0.1','amssplus','2023-07-26 15:49:21','student_check'),(92,'127.0.0.1','amssplus','2023-07-26 15:51:18','student_check'),(93,'127.0.0.1','amssplus','2023-07-26 15:53:05','student_check'),(94,'127.0.0.1','amssplus','2023-07-26 15:57:36','student_check'),(95,'127.0.0.1','amssplus','2023-07-26 17:14:16','student_check'),(96,'127.0.0.1','amssplus','2023-07-26 17:20:04','student_check'),(97,'127.0.0.1','amssplus','2023-07-26 17:26:57','student_check'),(98,'127.0.0.1','amssplus','2023-07-26 17:28:31','student_check'),(99,'127.0.0.1','amssplus','2023-07-26 17:42:34','student_check'),(100,'10.1.1.3','amssplus','2023-08-24 09:05:32','student_check'),(101,'10.1.1.3','amssplus','2023-08-31 09:02:51','student_check'),(102,'10.1.1.3','amssplus','2023-08-31 09:03:19','student_check'),(103,'10.1.1.3','amssplus','2023-08-31 09:03:39','student_check'),(104,'10.1.1.3','amssplus','2023-09-15 20:09:21','student'),(105,'10.1.1.3','amssplus','2023-09-20 09:01:04','student'),(106,'10.1.1.3','amssplus','2023-09-20 09:01:24','student'),(107,'10.1.1.3','amssplus','2023-10-16 11:28:33','student'),(108,'10.1.1.3','amssplus','2023-10-16 11:29:06','student'),(109,'10.1.1.3','amssplus','2023-10-16 11:29:33','student'),(110,'10.1.1.3','amssplus','2023-10-16 11:29:55','student'),(111,'10.1.1.3','amssplus','2023-10-16 11:30:52','student'),(112,'10.1.1.3','amssplus','2023-10-16 14:56:02','student'),(113,'10.1.1.3','amssplus','2023-10-21 10:57:28','student'),(114,'','amssplus','2023-10-25 14:28:43','student_check'),(115,'','amssplus','2023-10-25 14:28:46','student_check'),(116,'','amssplus','2023-10-25 14:28:48','student_check'),(117,'10.255.199.107','amssplus','2023-11-29 08:55:48','student_check'),(118,'10.255.199.107','amssplus','2023-12-15 12:15:50','student_check'),(119,'10.255.199.107','amssplus','2024-01-25 03:50:22','student_check'),(120,'10.255.199.107','amssplus','2024-06-10 11:59:36','student'),(121,'10.255.199.107','amssplus','2024-06-10 12:33:28','student'),(122,'10.255.199.107','amssplus','2024-06-14 10:46:04','student'),(123,'10.255.199.107','amssplus','2024-06-14 10:52:06','student'),(124,'10.255.199.107','amssplus','2024-06-17 04:37:32','person'),(125,'10.255.199.107','amssplus','2024-06-17 04:39:47','person'),(126,'10.255.199.107','amssplus','2024-06-20 04:51:35','student_check'),(127,'10.255.199.107','amssplus','2024-08-26 16:07:27','student_check'),(128,'10.255.199.107','amssplus','2024-08-26 16:07:27','student_check'),(129,'10.255.199.107','amssplus','2024-08-26 16:07:27','student_check'),(130,'10.255.199.107','amssplus','2024-11-29 08:49:20','student_check'),(131,'10.255.199.107','amssplus','2024-11-29 08:49:20','student_check'),(132,'10.255.199.107','amssplus','2024-11-29 08:49:20','student_check'),(133,'10.255.199.107','amssplus','2025-03-11 07:57:44','student_check'),(134,'10.255.199.107','amssplus','2025-03-11 07:58:04','student_check'),(135,'10.255.199.107','amssplus','2025-03-28 01:48:40','student_check'),(136,'10.255.199.107','amssplus','2025-05-29 08:10:00','person'),(137,'10.255.199.107','amssplus','2025-05-29 08:12:47','person'),(138,'10.255.199.107','amssplus','2025-06-08 04:32:47','student'),(139,'10.255.199.107','amssplus','2025-07-30 08:33:28','student_check'),(140,'10.255.199.107','amssplus','2025-08-01 22:22:46','student_check'),(141,'10.255.199.107','amssplus','2025-08-01 22:22:50','student_check'),(142,'10.255.199.107','amssplus','2025-08-14 04:10:03','person'),(143,'10.255.199.107','amssplus','2025-08-18 02:44:19','student'),(144,'10.255.199.107','amssplus','2025-08-18 07:14:33','student'),(145,'10.255.199.107','amssplus','2025-08-18 07:15:20','student'),(146,'10.255.199.107','amssplus','2025-08-29 02:40:17','student_check'),(147,'10.255.199.107','amssplus','2025-09-13 05:43:36','student_check'),(148,'10.255.199.107','amssplus','2025-09-13 05:54:44','student_check');

--
-- Table structure for table `system_export_permission`
--

CREATE TABLE `system_export_permission` (
  `id` int(11) NOT NULL AUTO_INCREMENT,
  `requester` varchar(50) NOT NULL,
  `data_name` varchar(50) NOT NULL,
  `status` tinyint(4) NOT NULL DEFAULT 0,
  PRIMARY KEY (`id`)
) ENGINE=MyISAM AUTO_INCREMENT=7 DEFAULT CHARSET=utf8 COLLATE=utf8_general_ci;

--
-- Dumping data for table `system_export_permission`
--

INSERT INTO `system_export_permission` VALUES (1,'amssplus','plan',1),(2,'amssplus','onet',1),(3,'amssplus','student',1),(4,'amssplus','person',1),(5,'amssplus','student_check',1),(6,'amssplus','health',1);

--
-- Table structure for table `system_module`
--

CREATE TABLE `system_module` (
  `id` int(11) NOT NULL AUTO_INCREMENT,
  `module` varchar(50) NOT NULL,
  `module_desc` varchar(100) NOT NULL,
  `workgroup` tinyint(4) DEFAULT NULL,
  `module_active` tinyint(4) DEFAULT NULL,
  `module_order` int(11) NOT NULL,
  `web_link` tinyint(4) DEFAULT NULL,
  `url` varchar(150) DEFAULT NULL,
  `where_work` tinyint(4) NOT NULL DEFAULT 0,
  `menu_pic` varchar(25) NOT NULL,
  PRIMARY KEY (`id`),
  UNIQUE KEY `module` (`module`)
) ENGINE=MyISAM AUTO_INCREMENT=31 DEFAULT CHARSET=utf8 COLLATE=utf8_general_ci;

--
-- Dumping data for table `system_module`
--

INSERT INTO `system_module` VALUES (1,'budget','การเงินและบัญชี',2,1,23,NULL,NULL,0,'fab fa-btc'),(2,'person','ข้อมูลพื้นฐานครูและบุคลากร',3,1,27,NULL,NULL,0,'fa fa-user-circle'),(3,'standard','มาตรฐานการศึกษา',1,1,19,NULL,NULL,0,''),(4,'health','ตรวจสุขภาพนักเรียน',1,1,5,NULL,NULL,0,''),(5,'student_check','การมาเรียน',1,1,1,0,'',0,'fa fa-child'),(6,'work','﻿การปฏิบัติราชการ',4,1,45,NULL,NULL,0,''),(7,'news','﻿รายงานข่าว',4,0,51,0,'',0,''),(8,'savings','ออมทรัพย์นักเรียน',1,1,3,NULL,NULL,0,'fab fa-btc'),(9,'student_main','ข้อมูลพื้นฐานนักเรียน',1,1,7,NULL,NULL,0,'fa fa-child'),(10,'plan','การวางแผน',2,1,21,NULL,NULL,0,''),(11,'la','﻿การลา',4,1,43,NULL,NULL,0,''),(12,'mail','ไปรษณีย์_โรงเรียน',4,1,34,NULL,NULL,0,'fa fa-envelope'),(13,'meeting','﻿จองห้องประชุม',4,1,47,NULL,NULL,0,''),(14,'permission','﻿ขออนุญาตไปราชการ',4,1,41,NULL,NULL,0,''),(15,'achievement','﻿ผลสัมฤทธิ์ทางการเรียน',1,1,17,NULL,NULL,0,'fa fa-graduation-cap'),(16,'cabinet','﻿ตู้เอกสาร',4,1,49,NULL,NULL,0,''),(17,'bookregister','﻿ทะเบียนหนังสือราชการ',4,1,31,NULL,NULL,0,'fa fa-book'),(18,'affair','﻿ภารกิจผู้อำนวยการ',4,1,39,0,'',0,''),(19,'amss_bets','﻿ทดสอบการศึกษา_สพท.',1,1,9,0,'',1,'fa fa-graduation-cap'),(20,'amss_budget','﻿การบริหารงบประมาณ_สพท.',2,1,25,0,'',0,'fab fa-btc'),(21,'amss_mail','﻿ไปรษณีย์_สพท.',4,1,35,0,'',0,'fa fa-envelope'),(22,'amss_opportunity','﻿สิทธิและโอกาสทางการศึกษา',1,1,13,0,'',0,'fa fa-child'),(23,'amss_spacial_student','﻿นักเรียนพิเศษ',1,1,15,0,'',0,'fa fa-child'),(24,'amss_supervision','﻿นิเทศ ติดตาม ประเมินผล',1,1,11,0,'',0,'fa fa-graduation-cap'),(25,'book','﻿รับส่งหนังสือราชการ',4,1,33,0,'',0,'fa fa-book'),(26,'delegate','﻿รักษาการในตำแหน่ง',3,1,29,0,'',0,''),(27,'warroom','﻿วิเคราะห์สภาพการณ์',1,1,0,0,'',0,'fa fa-filter'),(28,'questionnaire','﻿แบบสอบถาม',4,1,0,0,'',0,''),(29,'idplan','﻿ข้อมูลครูและบุคลากร(ส่วนเพิ่ม)',3,1,0,0,'',0,''),(30,'amss_safety','สถานศึกษาปลอดภัย',1,1,0,0,'',0,'');

--
-- Table structure for table `system_module_admin`
--

CREATE TABLE `system_module_admin` (
  `id` int(11) NOT NULL AUTO_INCREMENT,
  `person_id` varchar(13) NOT NULL,
  `module` varchar(30) NOT NULL,
  `officer` varchar(13) NOT NULL,
  `rec_date` date NOT NULL,
  PRIMARY KEY (`id`)
) ENGINE=MyISAM AUTO_INCREMENT=93 DEFAULT CHARSET=utf8 COLLATE=utf8_general_ci;

--
-- Dumping data for table `system_module_admin`
--

INSERT INTO `system_module_admin` VALUES (2,'3330100377604','achievement','7777','2014-09-14'),(3,'5341190001681','achievement','7777','2014-09-14'),(4,'3451100016429','bookregister','7777','2018-09-29'),(5,'5341190001681','bookregister','7777','2014-09-14'),(6,'3100503488082','budget','7777','2014-09-14'),(7,'5341190001681','budget','7777','2014-09-14'),(8,'1349900054623','cabinet','7777','2014-09-14'),(9,'5341190001681','cabinet','7777','2014-09-14'),(10,'3340700812808','health','7777','2014-09-14'),(11,'5341190001681','health','7777','2014-09-14'),(12,'1349900054623','la','7777','2014-09-14'),(13,'3451100016429','la','7777','2018-09-29'),(14,'1349900054623','mail','7777','2014-09-14'),(15,'5341190001681','mail','7777','2014-09-14'),(17,'5341190001681','meeting','7777','2014-09-14'),(18,'3331000086757','permission','7777','2014-09-14'),(19,'3451100016429','permission','7777','2018-09-29'),(20,'1349900054623','person','7777','2014-09-14'),(21,'5341190001681','person','7777','2014-09-14'),(22,'3330100377604','plan','7777','2014-09-14'),(23,'5341190001681','plan','7777','2014-09-14'),(24,'1349900054623','savings','7777','2014-09-14'),(25,'5341190001681','savings','7777','2014-09-14'),(26,'3330100377604','standard','7777','2014-09-14'),(27,'5341190001681','standard','7777','2014-09-14'),(28,'3330100377604','student_check','7777','2014-09-14'),(29,'5341190001681','student_check','7777','2014-09-14'),(30,'1349900054623','student_main','7777','2014-09-14'),(31,'5341190001681','student_main','7777','2014-09-14'),(32,'1349900054623','work','3340700343794','2024-03-01'),(33,'5341190001681','work','7777','2014-09-14'),(38,'3330100377604','budget','7777','2015-08-09'),(35,'3340700812808','plan','7777','2015-08-09'),(37,'3340700812808','budget','7777','2015-08-09'),(39,'3340700293282','work','3340700343794','2023-07-04'),(68,'1329900134368','student_check','3340700343794','2024-03-01'),(66,'1349700153172','student_check','3340700343794','2024-03-01'),(67,'3330401490582','student_check','3340700343794','2024-03-01'),(45,'3340701441625','health','3340701441625','2018-11-15'),(77,'1349700153172','amss_supervision','3340700343794','2024-06-10'),(76,'3340700293282','permission','3340700343794','2024-06-10'),(49,'3340701441625','bookregister','3340701441625','2018-11-15'),(69,'1341500089252','student_check','3340700343794','2024-03-01'),(70,'1341100147191','student_check','3340700343794','2024-03-01'),(71,'1349900054623','student_check','3340700343794','2024-03-01'),(72,'1320900250343','student_check','3340700343794','2024-03-01'),(73,'1440901310110','student_check','3340700343794','2024-06-10'),(74,'1440400004806','student_check','3340700343794','2024-06-10'),(75,'3340700957041','student_check','3340700343794','2024-06-10'),(60,'3340700293282','person','3340700343794','2022-07-25'),(61,'3341100274253','student_main','3340700343794','2022-07-25'),(62,'1329900134368','student_main','3340700343794','2022-07-25'),(63,'3340700293282','student_check','3340700343794','2022-07-25'),(64,'3340700293282','student_main','3340700343794','2022-07-25'),(65,'3340100228242','student_check','3340700343794','2022-09-17'),(78,'3330401490582','amss_supervision','3340700343794','2024-06-10'),(79,'1440901310110','amss_supervision','3340700343794','2024-06-10'),(80,'1329900134368','amss_supervision','3340700343794','2024-06-10'),(81,'3340100228242','amss_supervision','3340700343794','2024-06-10'),(82,'1341500089252','amss_supervision','3340700343794','2024-06-10'),(83,'5341190001681','amss_supervision','3340700343794','2024-06-10'),(84,'3341100274253','amss_supervision','3340700343794','2024-06-10'),(85,'3440200085906','amss_supervision','3340700343794','2024-06-10'),(86,'1341100147191','amss_supervision','3340700343794','2024-06-10'),(87,'3340700293282','amss_supervision','3340700343794','2024-06-10'),(88,'1320900250343','amss_supervision','3340700343794','2024-06-10'),(89,'1349900054623','amss_supervision','3340700343794','2024-06-10'),(90,'3330100377604','amss_supervision','3340700343794','2024-06-10'),(91,'3340700957041','amss_supervision','3340700343794','2024-06-10'),(92,'1440400004806','amss_supervision','3340700343794','2024-06-10');

--
-- Table structure for table `system_school_name`
--

CREATE TABLE `system_school_name` (
  `id` tinyint(4) NOT NULL,
  `school_name` varchar(200) NOT NULL,
  `school_type` tinyint(4) NOT NULL DEFAULT 0,
  PRIMARY KEY (`id`)
) ENGINE=MyISAM DEFAULT CHARSET=utf8 COLLATE=utf8_general_ci;

--
-- Dumping data for table `system_school_name`
--

INSERT INTO `system_school_name` VALUES (1,'โรงเรียนบ้านนาดี(อ.นาเยีย)',0);

--
-- Table structure for table `system_sync_code`
--

CREATE TABLE `system_sync_code` (
  `id` tinyint(4) NOT NULL AUTO_INCREMENT,
  `office_code` varchar(10) NOT NULL,
  `system_name` varchar(50) NOT NULL,
  `sync_code` varchar(50) NOT NULL,
  `amssplus_url` varchar(100) NOT NULL,
  PRIMARY KEY (`id`),
  UNIQUE KEY `system_name` (`system_name`)
) ENGINE=MyISAM AUTO_INCREMENT=4 DEFAULT CHARSET=utf8 COLLATE=utf8_general_ci;

--
-- Dumping data for table `system_sync_code`
--

INSERT INTO `system_sync_code` VALUES (3,'34040118','amssplus','34040118','http://10.255.199.107/amssplus');

--
-- Table structure for table `system_version`
--

CREATE TABLE `system_version` (
  `id` int(11) NOT NULL AUTO_INCREMENT,
  `smss_version` varchar(100) NOT NULL,
  `status1` int(11) DEFAULT NULL,
  `status2` int(11) DEFAULT NULL,
  `status3` int(11) DEFAULT NULL,
  `status4` int(11) DEFAULT NULL,
  `status5` int(11) DEFAULT NULL,
  PRIMARY KEY (`id`)
) ENGINE=MyISAM AUTO_INCREMENT=2 DEFAULT CHARSET=utf8 COLLATE=utf8_general_ci;

--
-- Dumping data for table `system_version`
--

INSERT INTO `system_version` VALUES (1,'6.4',1,0,0,0,0);

--
-- Table structure for table `system_workgroup`
--

CREATE TABLE `system_workgroup` (
  `id` tinyint(4) NOT NULL AUTO_INCREMENT,
  `workgroup` tinyint(4) NOT NULL,
  `workgroup_desc` varchar(50) NOT NULL,
  `workgroup_order` int(11) NOT NULL,
  PRIMARY KEY (`id`),
  UNIQUE KEY `workgroup` (`workgroup`)
) ENGINE=MyISAM AUTO_INCREMENT=5 DEFAULT CHARSET=utf8 COLLATE=utf8_general_ci;

--
-- Dumping data for table `system_workgroup`
--

INSERT INTO `system_workgroup` VALUES (1,1,'บริหารวิชาการ',5),(2,2,'บริหารงบประมาณ',2),(3,3,'บริหารงานบุคคล',4),(4,4,'บริหารทั่วไป',6);

--
-- Table structure for table `work_main`
--

CREATE TABLE `work_main` (
  `id` int(11) NOT NULL AUTO_INCREMENT,
  `work_date` date NOT NULL,
  `person_id` varchar(13) NOT NULL,
  `work` tinyint(4) NOT NULL DEFAULT 0,
  `comment` varchar(150) DEFAULT NULL,
  `rec_date` datetime NOT NULL,
  `officer` varchar(13) NOT NULL,
  PRIMARY KEY (`id`),
  KEY `work_date` (`work_date`),
  KEY `person_id` (`person_id`)
) ENGINE=MyISAM AUTO_INCREMENT=310 DEFAULT CHARSET=utf8 COLLATE=utf8_general_ci;

--
-- Dumping data for table `work_main`
--

INSERT INTO `work_main` VALUES (1,'2018-11-15','3451100016429',1,NULL,'2018-11-15 11:41:19','3340701441625'),(2,'2018-11-15','5341190001681',1,NULL,'2018-11-15 11:41:19','3340701441625'),(3,'2018-11-15','3400600351026',1,NULL,'2018-11-15 11:41:19','3340701441625'),(4,'2018-11-15','3330100377604',1,NULL,'2018-11-15 11:41:19','3340701441625'),(5,'2018-11-15','3340700957041',1,NULL,'2018-11-15 11:41:19','3340701441625'),(6,'2018-11-15','3330401490582',1,NULL,'2018-11-15 11:41:19','3340701441625'),(7,'2018-11-15','3341100274253',1,NULL,'2018-11-15 11:41:19','3340701441625'),(8,'2018-11-15','3341501448112',1,NULL,'2018-11-15 11:41:19','3340701441625'),(9,'2018-11-15','3341501062940',1,NULL,'2018-11-15 11:41:19','3340701441625'),(10,'2018-11-15','3100503488082',1,NULL,'2018-11-15 11:41:19','3340701441625'),(11,'2018-11-15','3920400492730',1,NULL,'2018-11-15 11:41:19','3340701441625'),(12,'2018-11-15','3341500478131',1,NULL,'2018-11-15 11:41:19','3340701441625'),(13,'2018-11-15','3350400249661',1,NULL,'2018-11-15 11:41:19','3340701441625'),(14,'2018-11-15','1349700153172',1,NULL,'2018-11-15 11:41:19','3340701441625'),(15,'2018-11-15','1349900054623',1,NULL,'2018-11-15 11:41:19','3340701441625'),(16,'2018-11-15','1440400004806',1,NULL,'2018-11-15 11:41:19','3340701441625'),(17,'2018-11-15','3340701441625',2,NULL,'2018-11-15 11:41:19','3340701441625'),(18,'2018-11-14','3451100016429',1,NULL,'2018-11-15 11:41:32','3340701441625'),(19,'2018-11-14','5341190001681',1,NULL,'2018-11-15 11:41:32','3340701441625'),(20,'2018-11-14','3400600351026',1,NULL,'2018-11-15 11:41:32','3340701441625'),(21,'2018-11-14','3330100377604',1,NULL,'2018-11-15 11:41:32','3340701441625'),(22,'2018-11-14','3340700957041',1,NULL,'2018-11-15 11:41:32','3340701441625'),(23,'2018-11-14','3330401490582',1,NULL,'2018-11-15 11:41:32','3340701441625'),(24,'2018-11-14','3341100274253',1,NULL,'2018-11-15 11:41:32','3340701441625'),(25,'2018-11-14','3341501448112',1,NULL,'2018-11-15 11:41:32','3340701441625'),(26,'2018-11-14','3341501062940',1,NULL,'2018-11-15 11:41:32','3340701441625'),(27,'2018-11-14','3100503488082',1,NULL,'2018-11-15 11:41:32','3340701441625'),(28,'2018-11-14','3920400492730',1,NULL,'2018-11-15 11:41:32','3340701441625'),(29,'2018-11-14','3341500478131',1,NULL,'2018-11-15 11:41:32','3340701441625'),(30,'2018-11-14','3350400249661',1,NULL,'2018-11-15 11:41:32','3340701441625'),(31,'2018-11-14','1349700153172',1,NULL,'2018-11-15 11:41:32','3340701441625'),(32,'2018-11-14','1349900054623',1,NULL,'2018-11-15 11:41:32','3340701441625'),(33,'2018-11-14','1440400004806',1,NULL,'2018-11-15 11:41:32','3340701441625'),(34,'2018-11-14','3340701441625',1,NULL,'2018-11-15 11:41:32','3340701441625'),(35,'2018-11-13','3451100016429',1,NULL,'2018-11-15 11:41:50','3340701441625'),(36,'2018-11-13','5341190001681',1,NULL,'2018-11-15 11:41:50','3340701441625'),(37,'2018-11-13','3400600351026',1,NULL,'2018-11-15 11:41:50','3340701441625'),(38,'2018-11-13','3330100377604',1,NULL,'2018-11-15 11:41:50','3340701441625'),(39,'2018-11-13','3340700957041',1,NULL,'2018-11-15 11:41:50','3340701441625'),(40,'2018-11-13','3330401490582',1,NULL,'2018-11-15 11:41:50','3340701441625'),(41,'2018-11-13','3341100274253',1,NULL,'2018-11-15 11:41:50','3340701441625'),(42,'2018-11-13','3341501448112',1,NULL,'2018-11-15 11:41:50','3340701441625'),(43,'2018-11-13','3341501062940',1,NULL,'2018-11-15 11:41:50','3340701441625'),(44,'2018-11-13','3100503488082',1,NULL,'2018-11-15 11:41:50','3340701441625'),(45,'2018-11-13','3920400492730',1,NULL,'2018-11-15 11:41:50','3340701441625'),(46,'2018-11-13','3341500478131',1,NULL,'2018-11-15 11:41:50','3340701441625'),(47,'2018-11-13','3350400249661',1,NULL,'2018-11-15 11:41:50','3340701441625'),(48,'2018-11-13','1349700153172',1,NULL,'2018-11-15 11:41:50','3340701441625'),(49,'2018-11-13','1349900054623',1,NULL,'2018-11-15 11:41:50','3340701441625'),(50,'2018-11-13','1440400004806',1,NULL,'2018-11-15 11:41:50','3340701441625'),(51,'2018-11-13','3340701441625',2,NULL,'2018-11-15 11:41:50','3340701441625'),(52,'2020-02-07','3451100016429',2,NULL,'2020-02-07 10:48:30','3451100016429'),(53,'2020-07-15','3451100164295',1,NULL,'2020-07-15 15:13:34','3451100164295'),(54,'2020-07-15','5341190001681',1,NULL,'2020-07-15 15:13:34','3451100164295'),(55,'2020-07-15','3330100377604',1,NULL,'2020-07-15 15:13:34','3451100164295'),(56,'2020-07-15','3340700957041',1,NULL,'2020-07-15 15:13:34','3451100164295'),(57,'2020-07-15','3330401490582',1,NULL,'2020-07-15 15:13:34','3451100164295'),(58,'2020-07-15','3100503488082',1,NULL,'2020-07-15 15:13:34','3451100164295'),(59,'2020-07-15','3341100274253',1,NULL,'2020-07-15 15:13:34','3451100164295'),(60,'2020-07-15','3350400249661',1,NULL,'2020-07-15 15:13:34','3451100164295'),(61,'2020-07-15','3920400492730',1,NULL,'2020-07-15 15:13:34','3451100164295'),(62,'2020-07-15','3341500478131',1,NULL,'2020-07-15 15:13:34','3451100164295'),(63,'2020-07-15','3340100228242',1,NULL,'2020-07-15 15:13:34','3451100164295'),(64,'2020-07-15','1341500089252',1,NULL,'2020-07-15 15:13:34','3451100164295'),(65,'2020-07-15','1349700153172',1,NULL,'2020-07-15 15:13:34','3451100164295'),(66,'2020-07-15','1349900054623',6,NULL,'2020-07-15 15:13:34','3451100164295'),(67,'2020-07-15','1440400004806',1,NULL,'2020-07-15 15:13:34','3451100164295'),(68,'2020-07-15','3340701441625',1,NULL,'2020-07-15 15:13:34','3451100164295'),(69,'2020-07-01','3451100164295',1,NULL,'2020-07-27 11:30:40','3451100164295'),(70,'2020-07-01','5341190001681',1,NULL,'2020-07-27 11:30:40','3451100164295'),(71,'2020-07-01','1341500089252',1,NULL,'2020-07-27 11:30:40','3451100164295'),(72,'2020-07-01','3330100377604',1,NULL,'2020-07-27 11:30:40','3451100164295'),(73,'2020-07-01','3340700957041',1,NULL,'2020-07-27 11:30:40','3451100164295'),(74,'2020-07-01','3330401490582',1,NULL,'2020-07-27 11:30:40','3451100164295'),(75,'2020-07-01','1349700153172',1,NULL,'2020-07-27 11:30:40','3451100164295'),(76,'2020-07-01','3340100228242',1,NULL,'2020-07-27 11:30:40','3451100164295'),(77,'2020-07-01','3100503488082',1,NULL,'2020-07-27 11:30:40','3451100164295'),(78,'2020-07-01','3920400492730',1,NULL,'2020-07-27 11:30:40','3451100164295'),(79,'2020-07-01','3341500478131',1,NULL,'2020-07-27 11:30:40','3451100164295'),(80,'2020-07-01','3350400249661',1,NULL,'2020-07-27 11:30:40','3451100164295'),(81,'2020-07-01','3341100274253',1,NULL,'2020-07-27 11:30:40','3451100164295'),(82,'2020-07-01','1349900054623',6,NULL,'2020-07-27 11:30:40','3451100164295'),(83,'2020-07-01','1440400004806',1,NULL,'2020-07-27 11:30:40','3451100164295'),(84,'2020-07-01','3340701441625',1,NULL,'2020-07-27 11:30:40','3451100164295'),(85,'2020-07-02','3451100164295',1,NULL,'2020-07-27 11:30:30','3451100164295'),(86,'2020-07-02','5341190001681',1,NULL,'2020-07-27 11:30:30','3451100164295'),(87,'2020-07-02','1341500089252',1,NULL,'2020-07-27 11:30:30','3451100164295'),(88,'2020-07-02','3330100377604',1,NULL,'2020-07-27 11:30:30','3451100164295'),(89,'2020-07-02','3340700957041',1,NULL,'2020-07-27 11:30:30','3451100164295'),(90,'2020-07-02','3330401490582',1,NULL,'2020-07-27 11:30:30','3451100164295'),(91,'2020-07-02','1349700153172',1,NULL,'2020-07-27 11:30:30','3451100164295'),(92,'2020-07-02','3340100228242',1,NULL,'2020-07-27 11:30:30','3451100164295'),(93,'2020-07-02','3100503488082',1,NULL,'2020-07-27 11:30:30','3451100164295'),(94,'2020-07-02','3920400492730',1,NULL,'2020-07-27 11:30:30','3451100164295'),(95,'2020-07-02','3341500478131',1,NULL,'2020-07-27 11:30:30','3451100164295'),(96,'2020-07-02','3350400249661',1,NULL,'2020-07-27 11:30:30','3451100164295'),(97,'2020-07-02','3341100274253',1,NULL,'2020-07-27 11:30:30','3451100164295'),(98,'2020-07-02','1349900054623',6,NULL,'2020-07-27 11:30:30','3451100164295'),(99,'2020-07-02','1440400004806',1,NULL,'2020-07-27 11:30:30','3451100164295'),(100,'2020-07-02','3340701441625',1,NULL,'2020-07-27 11:30:30','3451100164295'),(101,'2020-07-08','3451100164295',1,NULL,'2020-07-27 12:10:04','3451100164295'),(102,'2020-07-08','5341190001681',1,NULL,'2020-07-27 12:10:04','3451100164295'),(103,'2020-07-08','1341500089252',1,NULL,'2020-07-27 12:10:04','3451100164295'),(104,'2020-07-08','3330100377604',1,NULL,'2020-07-27 12:10:04','3451100164295'),(105,'2020-07-08','3340700957041',1,NULL,'2020-07-27 12:10:04','3451100164295'),(106,'2020-07-08','3330401490582',1,NULL,'2020-07-27 12:10:04','3451100164295'),(107,'2020-07-08','1349700153172',1,NULL,'2020-07-27 12:10:04','3451100164295'),(108,'2020-07-08','3340100228242',1,NULL,'2020-07-27 12:10:04','3451100164295'),(109,'2020-07-08','3100503488082',1,NULL,'2020-07-27 12:10:04','3451100164295'),(110,'2020-07-08','3920400492730',1,NULL,'2020-07-27 12:10:04','3451100164295'),(111,'2020-07-08','3341500478131',1,NULL,'2020-07-27 12:10:04','3451100164295'),(112,'2020-07-08','3350400249661',1,NULL,'2020-07-27 12:10:04','3451100164295'),(113,'2020-07-08','3341100274253',1,NULL,'2020-07-27 12:10:04','3451100164295'),(114,'2020-07-08','1349900054623',6,NULL,'2020-07-27 12:10:04','3451100164295'),(115,'2020-07-08','1440400004806',1,NULL,'2020-07-27 12:10:04','3451100164295'),(116,'2020-07-08','3340701441625',1,NULL,'2020-07-27 12:10:04','3451100164295'),(117,'2020-07-09','3451100164295',1,NULL,'2020-07-27 12:10:37','3451100164295'),(118,'2020-07-09','5341190001681',1,NULL,'2020-07-27 12:10:37','3451100164295'),(119,'2020-07-09','1341500089252',1,NULL,'2020-07-27 12:10:37','3451100164295'),(120,'2020-07-09','3330100377604',1,NULL,'2020-07-27 12:10:37','3451100164295'),(121,'2020-07-09','3340700957041',1,NULL,'2020-07-27 12:10:37','3451100164295'),(122,'2020-07-09','3330401490582',1,NULL,'2020-07-27 12:10:37','3451100164295'),(123,'2020-07-09','1349700153172',1,NULL,'2020-07-27 12:10:37','3451100164295'),(124,'2020-07-09','3340100228242',1,NULL,'2020-07-27 12:10:37','3451100164295'),(125,'2020-07-09','3100503488082',1,NULL,'2020-07-27 12:10:37','3451100164295'),(126,'2020-07-09','3920400492730',1,NULL,'2020-07-27 12:10:37','3451100164295'),(127,'2020-07-09','3341500478131',1,NULL,'2020-07-27 12:10:37','3451100164295'),(128,'2020-07-09','3350400249661',1,NULL,'2020-07-27 12:10:37','3451100164295'),(129,'2020-07-09','3341100274253',1,NULL,'2020-07-27 12:10:37','3451100164295'),(130,'2020-07-09','1349900054623',6,NULL,'2020-07-27 12:10:37','3451100164295'),(131,'2020-07-09','1440400004806',1,NULL,'2020-07-27 12:10:37','3451100164295'),(132,'2020-07-09','3340701441625',1,NULL,'2020-07-27 12:10:37','3451100164295'),(133,'2020-07-10','3451100164295',1,NULL,'2020-07-27 12:11:13','3451100164295'),(134,'2020-07-10','5341190001681',1,NULL,'2020-07-27 12:11:13','3451100164295'),(135,'2020-07-10','1341500089252',1,NULL,'2020-07-27 12:11:13','3451100164295'),(136,'2020-07-10','3330100377604',1,NULL,'2020-07-27 12:11:13','3451100164295'),(137,'2020-07-10','3340700957041',1,NULL,'2020-07-27 12:11:13','3451100164295'),(138,'2020-07-10','3330401490582',1,NULL,'2020-07-27 12:11:13','3451100164295'),(139,'2020-07-10','1349700153172',1,NULL,'2020-07-27 12:11:13','3451100164295'),(140,'2020-07-10','3340100228242',1,NULL,'2020-07-27 12:11:13','3451100164295'),(141,'2020-07-10','3100503488082',1,NULL,'2020-07-27 12:11:13','3451100164295'),(142,'2020-07-10','3920400492730',1,NULL,'2020-07-27 12:11:13','3451100164295'),(143,'2020-07-10','3341500478131',1,NULL,'2020-07-27 12:11:13','3451100164295'),(144,'2020-07-10','3350400249661',1,NULL,'2020-07-27 12:11:13','3451100164295'),(145,'2020-07-10','3341100274253',1,NULL,'2020-07-27 12:11:13','3451100164295'),(146,'2020-07-10','1349900054623',6,NULL,'2020-07-27 12:11:13','3451100164295'),(147,'2020-07-10','1440400004806',1,NULL,'2020-07-27 12:11:13','3451100164295'),(148,'2020-07-10','3340701441625',1,NULL,'2020-07-27 12:11:13','3451100164295'),(149,'2020-07-13','3451100164295',1,NULL,'2020-07-27 12:11:52','3451100164295'),(150,'2020-07-13','5341190001681',1,NULL,'2020-07-27 12:11:52','3451100164295'),(151,'2020-07-13','1341500089252',1,NULL,'2020-07-27 12:11:52','3451100164295'),(152,'2020-07-13','3330100377604',1,NULL,'2020-07-27 12:11:52','3451100164295'),(153,'2020-07-13','3340700957041',1,NULL,'2020-07-27 12:11:52','3451100164295'),(154,'2020-07-13','3330401490582',1,NULL,'2020-07-27 12:11:52','3451100164295'),(155,'2020-07-13','1349700153172',1,NULL,'2020-07-27 12:11:52','3451100164295'),(156,'2020-07-13','3340100228242',1,NULL,'2020-07-27 12:11:52','3451100164295'),(157,'2020-07-13','3100503488082',1,NULL,'2020-07-27 12:11:52','3451100164295'),(158,'2020-07-13','3920400492730',1,NULL,'2020-07-27 12:11:52','3451100164295'),(159,'2020-07-13','3341500478131',1,NULL,'2020-07-27 12:11:52','3451100164295'),(160,'2020-07-13','3350400249661',1,NULL,'2020-07-27 12:11:52','3451100164295'),(161,'2020-07-13','3341100274253',1,NULL,'2020-07-27 12:11:52','3451100164295'),(162,'2020-07-13','1349900054623',6,NULL,'2020-07-27 12:11:52','3451100164295'),(163,'2020-07-13','1440400004806',1,NULL,'2020-07-27 12:11:52','3451100164295'),(164,'2020-07-13','3340701441625',1,NULL,'2020-07-27 12:11:52','3451100164295'),(165,'2020-07-14','3451100164295',1,NULL,'2020-07-27 12:12:19','3451100164295'),(166,'2020-07-14','5341190001681',1,NULL,'2020-07-27 12:12:19','3451100164295'),(167,'2020-07-14','1341500089252',1,NULL,'2020-07-27 12:12:19','3451100164295'),(168,'2020-07-14','3330100377604',1,NULL,'2020-07-27 12:12:19','3451100164295'),(169,'2020-07-14','3340700957041',1,NULL,'2020-07-27 12:12:19','3451100164295'),(170,'2020-07-14','3330401490582',1,NULL,'2020-07-27 12:12:19','3451100164295'),(171,'2020-07-14','1349700153172',1,NULL,'2020-07-27 12:12:19','3451100164295'),(172,'2020-07-14','3340100228242',1,NULL,'2020-07-27 12:12:19','3451100164295'),(173,'2020-07-14','3100503488082',1,NULL,'2020-07-27 12:12:19','3451100164295'),(174,'2020-07-14','3920400492730',1,NULL,'2020-07-27 12:12:19','3451100164295'),(175,'2020-07-14','3341500478131',1,NULL,'2020-07-27 12:12:19','3451100164295'),(176,'2020-07-14','3350400249661',1,NULL,'2020-07-27 12:12:19','3451100164295'),(177,'2020-07-14','3341100274253',1,NULL,'2020-07-27 12:12:19','3451100164295'),(178,'2020-07-14','1349900054623',6,NULL,'2020-07-27 12:12:19','3451100164295'),(179,'2020-07-14','1440400004806',1,NULL,'2020-07-27 12:12:19','3451100164295'),(180,'2020-07-14','3340701441625',1,NULL,'2020-07-27 12:12:19','3451100164295'),(181,'2020-07-16','3451100164295',1,NULL,'2020-07-27 12:12:53','3451100164295'),(182,'2020-07-16','5341190001681',1,NULL,'2020-07-27 12:12:53','3451100164295'),(183,'2020-07-16','1341500089252',1,NULL,'2020-07-27 12:12:53','3451100164295'),(184,'2020-07-16','3330100377604',1,NULL,'2020-07-27 12:12:53','3451100164295'),(185,'2020-07-16','3340700957041',1,NULL,'2020-07-27 12:12:53','3451100164295'),(186,'2020-07-16','3330401490582',1,NULL,'2020-07-27 12:12:53','3451100164295'),(187,'2020-07-16','1349700153172',1,NULL,'2020-07-27 12:12:53','3451100164295'),(188,'2020-07-16','3340100228242',1,NULL,'2020-07-27 12:12:53','3451100164295'),(189,'2020-07-16','3100503488082',1,NULL,'2020-07-27 12:12:53','3451100164295'),(190,'2020-07-16','3920400492730',1,NULL,'2020-07-27 12:12:53','3451100164295'),(191,'2020-07-16','3341500478131',1,NULL,'2020-07-27 12:12:53','3451100164295'),(192,'2020-07-16','3350400249661',1,NULL,'2020-07-27 12:12:53','3451100164295'),(193,'2020-07-16','3341100274253',1,NULL,'2020-07-27 12:12:53','3451100164295'),(194,'2020-07-16','1349900054623',6,NULL,'2020-07-27 12:12:53','3451100164295'),(195,'2020-07-16','1440400004806',1,NULL,'2020-07-27 12:12:53','3451100164295'),(196,'2020-07-16','3340701441625',1,NULL,'2020-07-27 12:12:53','3451100164295'),(197,'2020-07-17','3451100164295',1,NULL,'2020-07-27 12:13:16','3451100164295'),(198,'2020-07-17','5341190001681',1,NULL,'2020-07-27 12:13:16','3451100164295'),(199,'2020-07-17','1341500089252',1,NULL,'2020-07-27 12:13:16','3451100164295'),(200,'2020-07-17','3330100377604',1,NULL,'2020-07-27 12:13:16','3451100164295'),(201,'2020-07-17','3340700957041',1,NULL,'2020-07-27 12:13:16','3451100164295'),(202,'2020-07-17','3330401490582',1,NULL,'2020-07-27 12:13:16','3451100164295'),(203,'2020-07-17','1349700153172',1,NULL,'2020-07-27 12:13:16','3451100164295'),(204,'2020-07-17','3340100228242',1,NULL,'2020-07-27 12:13:16','3451100164295'),(205,'2020-07-17','3100503488082',1,NULL,'2020-07-27 12:13:16','3451100164295'),(206,'2020-07-17','3920400492730',1,NULL,'2020-07-27 12:13:16','3451100164295'),(207,'2020-07-17','3341500478131',1,NULL,'2020-07-27 12:13:16','3451100164295'),(208,'2020-07-17','3350400249661',1,NULL,'2020-07-27 12:13:16','3451100164295'),(209,'2020-07-17','3341100274253',1,NULL,'2020-07-27 12:13:16','3451100164295'),(210,'2020-07-17','1349900054623',6,NULL,'2020-07-27 12:13:16','3451100164295'),(211,'2020-07-17','1440400004806',1,NULL,'2020-07-27 12:13:16','3451100164295'),(212,'2020-07-17','3340701441625',1,NULL,'2020-07-27 12:13:16','3451100164295'),(213,'2020-07-20','3451100164295',1,NULL,'2020-07-27 12:13:46','3451100164295'),(214,'2020-07-20','5341190001681',1,NULL,'2020-07-27 12:13:46','3451100164295'),(215,'2020-07-20','1341500089252',1,NULL,'2020-07-27 12:13:46','3451100164295'),(216,'2020-07-20','3330100377604',1,NULL,'2020-07-27 12:13:46','3451100164295'),(217,'2020-07-20','3340700957041',1,NULL,'2020-07-27 12:13:46','3451100164295'),(218,'2020-07-20','3330401490582',1,NULL,'2020-07-27 12:13:46','3451100164295'),(219,'2020-07-20','1349700153172',1,NULL,'2020-07-27 12:13:46','3451100164295'),(220,'2020-07-20','3340100228242',1,NULL,'2020-07-27 12:13:46','3451100164295'),(221,'2020-07-20','3100503488082',1,NULL,'2020-07-27 12:13:46','3451100164295'),(222,'2020-07-20','3920400492730',1,NULL,'2020-07-27 12:13:46','3451100164295'),(223,'2020-07-20','3341500478131',1,NULL,'2020-07-27 12:13:46','3451100164295'),(224,'2020-07-20','3350400249661',1,NULL,'2020-07-27 12:13:46','3451100164295'),(225,'2020-07-20','3341100274253',1,NULL,'2020-07-27 12:13:46','3451100164295'),(226,'2020-07-20','1349900054623',6,NULL,'2020-07-27 12:13:46','3451100164295'),(227,'2020-07-20','1440400004806',1,NULL,'2020-07-27 12:13:46','3451100164295'),(228,'2020-07-20','3340701441625',1,NULL,'2020-07-27 12:13:46','3451100164295'),(229,'2020-07-21','3451100164295',1,NULL,'2020-07-27 12:14:09','3451100164295'),(230,'2020-07-21','5341190001681',1,NULL,'2020-07-27 12:14:09','3451100164295'),(231,'2020-07-21','1341500089252',1,NULL,'2020-07-27 12:14:09','3451100164295'),(232,'2020-07-21','3330100377604',1,NULL,'2020-07-27 12:14:09','3451100164295'),(233,'2020-07-21','3340700957041',1,NULL,'2020-07-27 12:14:09','3451100164295'),(234,'2020-07-21','3330401490582',1,NULL,'2020-07-27 12:14:09','3451100164295'),(235,'2020-07-21','1349700153172',1,NULL,'2020-07-27 12:14:09','3451100164295'),(236,'2020-07-21','3340100228242',1,NULL,'2020-07-27 12:14:09','3451100164295'),(237,'2020-07-21','3100503488082',1,NULL,'2020-07-27 12:14:09','3451100164295'),(238,'2020-07-21','3920400492730',1,NULL,'2020-07-27 12:14:09','3451100164295'),(239,'2020-07-21','3341500478131',1,NULL,'2020-07-27 12:14:09','3451100164295'),(240,'2020-07-21','3350400249661',1,NULL,'2020-07-27 12:14:09','3451100164295'),(241,'2020-07-21','3341100274253',1,NULL,'2020-07-27 12:14:09','3451100164295'),(242,'2020-07-21','1349900054623',6,NULL,'2020-07-27 12:14:09','3451100164295'),(243,'2020-07-21','1440400004806',1,NULL,'2020-07-27 12:14:09','3451100164295'),(244,'2020-07-21','3340701441625',1,NULL,'2020-07-27 12:14:09','3451100164295'),(245,'2020-07-22','3451100164295',1,NULL,'2020-07-27 12:14:37','3451100164295'),(246,'2020-07-22','5341190001681',1,NULL,'2020-07-27 12:14:37','3451100164295'),(247,'2020-07-22','1341500089252',1,NULL,'2020-07-27 12:14:37','3451100164295'),(248,'2020-07-22','3330100377604',1,NULL,'2020-07-27 12:14:37','3451100164295'),(249,'2020-07-22','3340700957041',1,NULL,'2020-07-27 12:14:37','3451100164295'),(250,'2020-07-22','3330401490582',1,NULL,'2020-07-27 12:14:37','3451100164295'),(251,'2020-07-22','1349700153172',1,NULL,'2020-07-27 12:14:37','3451100164295'),(252,'2020-07-22','3340100228242',1,NULL,'2020-07-27 12:14:37','3451100164295'),(253,'2020-07-22','3100503488082',1,NULL,'2020-07-27 12:14:37','3451100164295'),(254,'2020-07-22','3920400492730',1,NULL,'2020-07-27 12:14:37','3451100164295'),(255,'2020-07-22','3341500478131',1,NULL,'2020-07-27 12:14:37','3451100164295'),(256,'2020-07-22','3350400249661',1,NULL,'2020-07-27 12:14:37','3451100164295'),(257,'2020-07-22','3341100274253',1,NULL,'2020-07-27 12:14:37','3451100164295'),(258,'2020-07-22','1349900054623',6,NULL,'2020-07-27 12:14:37','3451100164295'),(259,'2020-07-22','1440400004806',1,NULL,'2020-07-27 12:14:37','3451100164295'),(260,'2020-07-22','3340701441625',1,NULL,'2020-07-27 12:14:37','3451100164295'),(261,'2020-07-23','3451100164295',1,NULL,'2020-07-27 12:15:03','3451100164295'),(262,'2020-07-23','5341190001681',1,NULL,'2020-07-27 12:15:03','3451100164295'),(263,'2020-07-23','1341500089252',1,NULL,'2020-07-27 12:15:03','3451100164295'),(264,'2020-07-23','3330100377604',1,NULL,'2020-07-27 12:15:03','3451100164295'),(265,'2020-07-23','3340700957041',1,NULL,'2020-07-27 12:15:03','3451100164295'),(266,'2020-07-23','3330401490582',1,NULL,'2020-07-27 12:15:03','3451100164295'),(267,'2020-07-23','1349700153172',1,NULL,'2020-07-27 12:15:03','3451100164295'),(268,'2020-07-23','3340100228242',1,NULL,'2020-07-27 12:15:03','3451100164295'),(269,'2020-07-23','3100503488082',1,NULL,'2020-07-27 12:15:03','3451100164295'),(270,'2020-07-23','3920400492730',1,NULL,'2020-07-27 12:15:03','3451100164295'),(271,'2020-07-23','3341500478131',1,NULL,'2020-07-27 12:15:03','3451100164295'),(272,'2020-07-23','3350400249661',1,NULL,'2020-07-27 12:15:03','3451100164295'),(273,'2020-07-23','3341100274253',1,NULL,'2020-07-27 12:15:03','3451100164295'),(274,'2020-07-23','1349900054623',6,NULL,'2020-07-27 12:15:03','3451100164295'),(275,'2020-07-23','1440400004806',1,NULL,'2020-07-27 12:15:03','3451100164295'),(276,'2020-07-23','3340701441625',1,NULL,'2020-07-27 12:15:03','3451100164295'),(277,'2020-07-24','3451100164295',1,NULL,'2020-07-27 12:15:27','3451100164295'),(278,'2020-07-24','5341190001681',1,NULL,'2020-07-27 12:15:27','3451100164295'),(279,'2020-07-24','1341500089252',1,NULL,'2020-07-27 12:15:27','3451100164295'),(280,'2020-07-24','3330100377604',1,NULL,'2020-07-27 12:15:27','3451100164295'),(281,'2020-07-24','3340700957041',1,NULL,'2020-07-27 12:15:27','3451100164295'),(282,'2020-07-24','3330401490582',1,NULL,'2020-07-27 12:15:27','3451100164295'),(283,'2020-07-24','1349700153172',1,NULL,'2020-07-27 12:15:27','3451100164295'),(284,'2020-07-24','3340100228242',1,NULL,'2020-07-27 12:15:27','3451100164295'),(285,'2020-07-24','3100503488082',1,NULL,'2020-07-27 12:15:27','3451100164295'),(286,'2020-07-24','3920400492730',1,NULL,'2020-07-27 12:15:27','3451100164295'),(287,'2020-07-24','3341500478131',1,NULL,'2020-07-27 12:15:27','3451100164295'),(288,'2020-07-24','3350400249661',1,NULL,'2020-07-27 12:15:27','3451100164295'),(289,'2020-07-24','3341100274253',1,NULL,'2020-07-27 12:15:27','3451100164295'),(290,'2020-07-24','1349900054623',6,NULL,'2020-07-27 12:15:27','3451100164295'),(291,'2020-07-24','1440400004806',1,NULL,'2020-07-27 12:15:27','3451100164295'),(292,'2020-07-24','3340701441625',1,NULL,'2020-07-27 12:15:27','3451100164295'),(293,'2020-09-10','3451100164295',1,NULL,'2020-09-10 14:00:06','3451100164295'),(294,'2020-09-10','5341190001681',1,NULL,'2020-09-10 14:00:06','3451100164295'),(295,'2020-09-10','1341500089252',1,NULL,'2020-09-10 14:00:06','3451100164295'),(296,'2020-09-10','3330100377604',1,NULL,'2020-09-10 14:00:06','3451100164295'),(297,'2020-09-10','3340700957041',1,NULL,'2020-09-10 14:00:06','3451100164295'),(298,'2020-09-10','3330401490582',1,NULL,'2020-09-10 14:00:06','3451100164295'),(299,'2020-09-10','1349700153172',1,NULL,'2020-09-10 14:00:06','3451100164295'),(300,'2020-09-10','3341100274253',1,NULL,'2020-09-10 14:00:06','3451100164295'),(301,'2020-09-10','3340100228242',1,NULL,'2020-09-10 14:00:06','3451100164295'),(302,'2020-09-10','3100503488082',1,NULL,'2020-09-10 14:00:06','3451100164295'),(303,'2020-09-10','3920400492730',1,NULL,'2020-09-10 14:00:06','3451100164295'),(304,'2020-09-10','3350400249661',1,NULL,'2020-09-10 14:00:06','3451100164295'),(305,'2020-09-10','3341500478131',1,NULL,'2020-09-10 14:00:06','3451100164295'),(306,'2020-09-10','1329900134368',1,NULL,'2020-09-10 14:00:06','3451100164295'),(307,'2020-09-10','1349900054623',1,NULL,'2020-09-10 14:00:06','3451100164295'),(308,'2020-09-10','1440400004806',1,NULL,'2020-09-10 14:00:06','3451100164295'),(309,'2020-09-10','3340701441625',1,NULL,'2020-09-10 14:00:06','3451100164295');

--
-- Table structure for table `work_permission`
--

CREATE TABLE `work_permission` (
  `id` int(11) NOT NULL AUTO_INCREMENT,
  `person_id` varchar(13) NOT NULL,
  `p1` tinyint(4) NOT NULL,
  `officer` varchar(13) NOT NULL,
  `rec_date` date NOT NULL,
  PRIMARY KEY (`id`)
) ENGINE=MyISAM AUTO_INCREMENT=4 DEFAULT CHARSET=utf8 COLLATE=utf8_general_ci;

--
-- Dumping data for table `work_permission`
--

INSERT INTO `work_permission` VALUES (1,'3340701441625',1,'3340701441625','2018-11-16'),(2,'5341190001681',1,'5341190001681','2020-07-19'),(3,'3330100377604',1,'3451100164295','2020-07-27');


