--
-- Host: localhost    Database: smss_34040118
-- ------------------------------------------------------


--
-- Table structure for table `achievement_main`
--

CREATE TABLE `achievement_main` (
  `id` int(11) NOT NULL AUTO_INCREMENT,
  `test_type` tinyint(4) NOT NULL,
  `test_class` tinyint(4) NOT NULL,
  `ed_year` int(11) NOT NULL,
  `level` tinyint(4) NOT NULL,
  `thai` float NOT NULL DEFAULT 0,
  `math` float NOT NULL DEFAULT 0,
  `science` float NOT NULL DEFAULT 0,
  `social` float NOT NULL DEFAULT 0,
  `english` float NOT NULL DEFAULT 0,
  `health` float NOT NULL DEFAULT 0,
  `art` float NOT NULL DEFAULT 0,
  `vocation` float NOT NULL DEFAULT 0,
  `score_avg` float NOT NULL DEFAULT 0,
  `officer` varchar(13) DEFAULT NULL,
  `rec_date` date DEFAULT NULL,
  PRIMARY KEY (`id`)
) ENGINE=MyISAM DEFAULT CHARSET=utf8 COLLATE=utf8_general_ci;

--
-- Dumping data for table `achievement_main`
--


--
-- Table structure for table `achievement_permission`
--

CREATE TABLE `achievement_permission` (
  `id` int(11) NOT NULL AUTO_INCREMENT,
  `person_id` varchar(13) NOT NULL,
  `p1` tinyint(4) NOT NULL,
  `p2` tinyint(4) NOT NULL,
  `p3` tinyint(4) NOT NULL,
  `officer` varchar(13) NOT NULL,
  `rec_date` date NOT NULL,
  PRIMARY KEY (`id`)
) ENGINE=MyISAM AUTO_INCREMENT=9 DEFAULT CHARSET=utf8 COLLATE=utf8_general_ci;

--
-- Dumping data for table `achievement_permission`
--

INSERT INTO `achievement_permission` VALUES (1,'5341190001681',1,1,1,'3330100377604','2014-09-14'),(2,'3340700812808',0,1,0,'3330100377604','2014-09-14'),(3,'3340700957041',0,0,1,'3330100377604','2014-09-14'),(4,'3330100377604',1,1,1,'3330100377604','2014-09-14'),(5,'3340100228242',0,1,0,'3451100164295','2020-07-02'),(6,'1349700153172',1,0,0,'3451100164295','2020-07-02'),(7,'3100503488082',1,0,0,'3451100164295','2020-07-02'),(8,'1329900134368',1,1,1,'3340700343794','2023-03-20');

--
-- Table structure for table `affair_main`
--

CREATE TABLE `affair_main` (
  `id` int(11) NOT NULL AUTO_INCREMENT,
  `affair_date` date NOT NULL,
  `affair_time` varchar(50) NOT NULL,
  `subject` varchar(150) NOT NULL,
  `location` varchar(150) NOT NULL,
  `operation_person` varchar(13) NOT NULL,
  `remark` varchar(150) DEFAULT NULL,
  `rec_date` date NOT NULL,
  `officer` varchar(13) NOT NULL,
  PRIMARY KEY (`id`)
) ENGINE=MyISAM AUTO_INCREMENT=2 DEFAULT CHARSET=utf8 COLLATE=utf8_general_ci;

--
-- Dumping data for table `affair_main`
--

INSERT INTO `affair_main` VALUES (1,'2020-02-07','วันที่ 6-7 กพ.2563','โครงการประชุมสัมมนาผู้อำนวยการบรรจุใหม่','ณ พีรดาริเวอร์วิว รีสอร์ท','3451100016429','','2020-02-07','3451100016429');

--
-- Table structure for table `affair_permission`
--

CREATE TABLE `affair_permission` (
  `id` int(11) NOT NULL AUTO_INCREMENT,
  `person_id` varchar(13) NOT NULL,
  `p1` tinyint(4) NOT NULL,
  `officer` varchar(13) NOT NULL,
  `rec_date` date NOT NULL,
  PRIMARY KEY (`id`)
) ENGINE=MyISAM AUTO_INCREMENT=3 DEFAULT CHARSET=utf8 COLLATE=utf8_general_ci;

--
-- Dumping data for table `affair_permission`
--

INSERT INTO `affair_permission` VALUES (1,'3340701441625',1,'3340701441625','2018-11-15'),(2,'5341190001681',1,'3451100016429','2019-11-28');

--
-- Table structure for table `amss_bets_permission`
--

CREATE TABLE `amss_bets_permission` (
  `id` int(11) NOT NULL AUTO_INCREMENT,
  `person_id` varchar(13) NOT NULL,
  `p1` tinyint(4) NOT NULL,
  `officer` varchar(13) NOT NULL,
  `rec_date` date NOT NULL,
  PRIMARY KEY (`id`)
) ENGINE=MyISAM AUTO_INCREMENT=17 DEFAULT CHARSET=utf8 COLLATE=utf8_general_ci;

--
-- Dumping data for table `amss_bets_permission`
--

INSERT INTO `amss_bets_permission` VALUES (1,'5341190001681',1,'3451100164295','2020-07-17'),(2,'3340100228242',1,'3451100164295','2020-07-17'),(3,'1349900054623',1,'3451100164295','2020-07-17'),(6,'1329900134368',1,'5341190001681','2020-10-18'),(7,'3341100274253',1,'5341190001681','2020-10-18'),(8,'3330401490582',1,'3451100164295','2020-11-11'),(9,'3340701441625',1,'3451100164295','2020-11-11'),(10,'3340700293282',1,'5341190001681','2022-03-17'),(11,'3341100274253',1,'5341190001681','2022-03-17'),(12,'1341500089252',1,'5341190001681','2022-03-17'),(13,'3330100377604',1,'5341190001681','2022-03-17'),(14,'1440400004806',1,'5341190001681','2022-03-17'),(15,'3340700343794',1,'3340700343794','2022-10-10'),(16,'1341100147191',1,'3340700343794','2022-10-10');

--
-- Table structure for table `amss_opportunity_permission`
--

CREATE TABLE `amss_opportunity_permission` (
  `id` int(11) NOT NULL AUTO_INCREMENT,
  `person_id` varchar(13) NOT NULL,
  `p1` tinyint(4) NOT NULL,
  `officer` varchar(13) NOT NULL,
  `rec_date` date NOT NULL,
  PRIMARY KEY (`id`)
) ENGINE=MyISAM AUTO_INCREMENT=16 DEFAULT CHARSET=utf8 COLLATE=utf8_general_ci;

--
-- Dumping data for table `amss_opportunity_permission`
--

INSERT INTO `amss_opportunity_permission` VALUES (1,'3340701441625',1,'3340701441625','2018-11-15'),(2,'3100503488082',1,'3451100164295','2020-07-02'),(3,'1349700153172',1,'3451100164295','2020-07-02'),(4,'3330401490582',1,'3451100164295','2020-07-02'),(5,'3341500478131',1,'3451100164295','2020-07-02'),(6,'3340100228242',1,'3451100164295','2020-07-02'),(7,'1341500089252',1,'3451100164295','2020-07-02'),(8,'5341190001681',1,'3451100164295','2020-07-02'),(9,'3341100274253',1,'3451100164295','2020-07-02'),(11,'1329900134368',1,'3340700343794','2023-03-20'),(12,'1349900054623',1,'3451100164295','2020-07-02'),(13,'3330100377604',1,'3451100164295','2020-07-02'),(14,'1440400004806',1,'3451100164295','2020-07-02'),(15,'1341500089252',1,'3451100164295','2020-07-15');

--
-- Table structure for table `book_comment`
--

CREATE TABLE `book_comment` (
  `id` int(11) NOT NULL AUTO_INCREMENT,
  `person_id` varchar(13) NOT NULL,
  `ref2_id` varchar(50) NOT NULL,
  `ref_id` varchar(50) NOT NULL,
  `comment` text NOT NULL,
  `rec_date` datetime NOT NULL,
  PRIMARY KEY (`id`)
) ENGINE=MyISAM AUTO_INCREMENT=4 DEFAULT CHARSET=utf8 COLLATE=utf8_general_ci;

--
-- Dumping data for table `book_comment`
--

INSERT INTO `book_comment` VALUES (1,'3451100016429','153819466723699','1538191621x21602','รายข้อมูลเดํก','2018-09-29 11:17:47'),(2,'3451100016429','153819512315556','1538191621x21602','เพิ่มเติมข้อมูลนักเรียน\r\n','2018-09-29 11:25:23'),(3,'1349900054623','153819658114297','1538196341x22559','bngfnbgfklnf','2018-09-29 11:49:41');

--
-- Table structure for table `book_filebook`
--

CREATE TABLE `book_filebook` (
  `id` int(11) NOT NULL AUTO_INCREMENT,
  `ref_id` varchar(50) NOT NULL,
  `file_name` varchar(100) NOT NULL,
  `file_des` varchar(100) NOT NULL,
  PRIMARY KEY (`id`)
) ENGINE=MyISAM DEFAULT CHARSET=utf8 COLLATE=utf8_general_ci;

--
-- Dumping data for table `book_filebook`
--


--
-- Table structure for table `book_group`
--

CREATE TABLE `book_group` (
  `grp_id` int(11) NOT NULL AUTO_INCREMENT,
  `grp_name` varchar(50) NOT NULL,
  PRIMARY KEY (`grp_id`)
) ENGINE=MyISAM DEFAULT CHARSET=utf8 COLLATE=utf8_general_ci;

--
-- Dumping data for table `book_group`
--


--
-- Table structure for table `book_group_member`
--

CREATE TABLE `book_group_member` (
  `id` int(11) NOT NULL AUTO_INCREMENT,
  `grp_id` int(11) NOT NULL,
  `school_id` varchar(13) NOT NULL,
  PRIMARY KEY (`id`)
) ENGINE=MyISAM DEFAULT CHARSET=utf8 COLLATE=utf8_general_ci;

--
-- Dumping data for table `book_group_member`
--


--
-- Table structure for table `book_permission`
--

CREATE TABLE `book_permission` (
  `id` int(11) NOT NULL AUTO_INCREMENT,
  `person_id` varchar(13) NOT NULL,
  `p1` tinyint(4) DEFAULT NULL,
  `officer` varchar(13) NOT NULL,
  `rec_date` date NOT NULL,
  PRIMARY KEY (`id`),
  UNIQUE KEY `person_id` (`person_id`)
) ENGINE=MyISAM AUTO_INCREMENT=13 DEFAULT CHARSET=utf8 COLLATE=utf8_general_ci;

--
-- Dumping data for table `book_permission`
--

INSERT INTO `book_permission` VALUES (1,'3451100016429',1,'3451100016429','2018-09-29'),(2,'1349900054623',1,'3451100016429','2018-09-29'),(3,'3330300256088',1,'3451100016429','2018-09-29'),(4,'5341190001681',1,'3451100016429','2018-11-01'),(6,'3340701441625',1,'3340701441625','2018-11-15'),(7,'1440400004806',1,'3451100164295','2020-07-02'),(8,'3340100228242',1,'3451100164295','2020-07-02'),(9,'3330100377604',1,'3451100164295','2020-07-02'),(10,'1349700153172',1,'3451100164295','2020-07-23'),(11,'1329900134368',1,'3451100164295','2020-09-11'),(12,'3341100274253',1,'5341190001681','2020-10-25');

--
-- Table structure for table `book_permission2`
--

CREATE TABLE `book_permission2` (
  `id` int(11) NOT NULL AUTO_INCREMENT,
  `person_id` varchar(13) NOT NULL,
  `p2` tinyint(4) DEFAULT NULL,
  `officer` varchar(13) NOT NULL,
  `rec_date` date NOT NULL,
  PRIMARY KEY (`id`),
  UNIQUE KEY `person_id` (`person_id`)
) ENGINE=MyISAM DEFAULT CHARSET=utf8 COLLATE=utf8_general_ci;

--
-- Dumping data for table `book_permission2`
--


--
-- Table structure for table `book_sendto_answer`
--

CREATE TABLE `book_sendto_answer` (
  `id` int(11) NOT NULL AUTO_INCREMENT,
  `send_level` tinyint(4) DEFAULT NULL,
  `ref_id` varchar(50) NOT NULL,
  `send_to` varchar(13) NOT NULL,
  `send_from` varchar(15) DEFAULT NULL,
  `status` tinyint(4) DEFAULT NULL,
  `answer` tinyint(4) DEFAULT NULL,
  `answer_time` datetime DEFAULT NULL,
  `forward_from` varchar(15) DEFAULT NULL,
  `rec_forward_date` datetime DEFAULT NULL,
  `ref2_id` varchar(50) DEFAULT NULL,
  `ref3_id` varchar(50) DEFAULT NULL,
  PRIMARY KEY (`id`),
  KEY `ref_id` (`ref_id`),
  KEY `school` (`send_from`),
  KEY `send_to` (`send_to`)
) ENGINE=MyISAM AUTO_INCREMENT=216 DEFAULT CHARSET=utf8 COLLATE=utf8_general_ci;

--
-- Dumping data for table `book_sendto_answer`
--

INSERT INTO `book_sendto_answer` VALUES (1,2,'1538191621x21602','saraban','1349900054623',NULL,1,'2018-09-29 10:27:01',NULL,NULL,'153819162131219',NULL),(2,NULL,'1538191621x21602','3451100016429','saraban',1,1,'2018-09-29 11:39:28','1349900054623','2018-09-29 10:27:01','15381916219904','153819162131219'),(3,NULL,'1538191621x21602','3330401490582','saraban',1,NULL,NULL,'3451100016429','2018-09-29 11:17:47','153819466723699','153819162131219'),(4,NULL,'1538191621x21602','1349900054623','saraban',1,1,'2018-09-29 11:50:28','1349900054623','2018-09-29 11:22:57','153819497730325','153819162131219'),(5,NULL,'1538191621x21602','3400600351026','saraban',1,NULL,NULL,'3451100016429','2018-09-29 11:25:23','153819512315556','153819162131219'),(6,NULL,'1538191621x21602','1349900054623','3451100016429',5,1,'2018-09-29 11:50:52','3451100016429','2018-09-29 11:39:58','15381959981525','15381916219904'),(7,2,'1538196341x22559','saraban','1349900054623',NULL,1,'2018-09-29 11:49:01',NULL,NULL,'153819654120563',NULL),(8,NULL,'1538196341x22559','1349900054623','saraban',1,1,'2018-09-29 11:50:04','1349900054623','2018-09-29 11:49:41','153819658114297','153819654120563'),(12,2,'1540279508x12258','saraban','3451100016429',NULL,1,'2018-11-01 09:17:55',NULL,NULL,'154103867511849',NULL),(11,2,'1540265846x25614','saraban','3451100016429',NULL,1,'2018-11-01 09:17:55',NULL,NULL,'154103867527728',NULL),(13,2,'1540282125x17920','saraban','3451100016429',NULL,1,'2018-11-01 09:17:55',NULL,NULL,'15410386759038',NULL),(14,2,'1540352689x31983','saraban','3451100016429',NULL,1,'2018-11-01 09:17:55',NULL,NULL,'154103867531855',NULL),(15,2,'1540366232x13308','saraban','3451100016429',NULL,1,'2018-11-01 09:17:55',NULL,NULL,'154103867532124',NULL),(16,2,'1540375593x32716','saraban','3451100016429',NULL,1,'2018-11-01 09:17:55',NULL,NULL,'154103867526117',NULL),(17,2,'1540375931x13667','saraban','3451100016429',NULL,1,'2018-11-01 09:17:55',NULL,NULL,'15410386759818',NULL),(18,2,'1540455475x18344','saraban','3451100016429',NULL,1,'2018-11-01 09:17:55',NULL,NULL,'154103867528811',NULL),(19,2,'1540516998x14869','saraban','3451100016429',NULL,1,'2018-11-01 09:17:55',NULL,NULL,'154103867530056',NULL),(20,2,'1540521985x19586','saraban','3451100016429',NULL,1,'2018-11-01 09:17:55',NULL,NULL,'154103867523937',NULL),(21,2,'1540523544x25281','saraban','3451100016429',NULL,1,'2018-11-01 09:17:55',NULL,NULL,'154103867520006',NULL),(22,2,'1540524380x20669','saraban','3451100016429',NULL,1,'2018-11-01 09:17:55',NULL,NULL,'15410386752663',NULL),(23,2,'1540525290x28915','saraban','3451100016429',NULL,1,'2018-11-01 09:17:55',NULL,NULL,'154103867520',NULL),(24,2,'1540525253x23759','saraban','3451100016429',NULL,1,'2018-11-01 09:17:55',NULL,NULL,'154103867520669',NULL),(25,2,'1540526601x22961','saraban','3451100016429',NULL,1,'2018-11-01 09:17:55',NULL,NULL,'15410386759906',NULL),(26,2,'1540526815x9906','saraban','3451100016429',NULL,1,'2018-11-01 09:17:55',NULL,NULL,'154103867526115',NULL),(27,2,'1540526979x25359','saraban','3451100016429',NULL,1,'2018-11-01 09:17:55',NULL,NULL,'15410386752432',NULL),(28,2,'1540527074x24071','saraban','3451100016429',NULL,1,'2018-11-01 09:17:55',NULL,NULL,'154103867515289',NULL),(29,2,'1540552585x2963','saraban','3451100016429',NULL,1,'2018-11-01 09:17:55',NULL,NULL,'154103867531742',NULL),(30,2,'1540609076x2662','saraban','3451100016429',NULL,1,'2018-11-01 09:17:55',NULL,NULL,'154103867524415',NULL),(31,2,'1540616863x4786','saraban','3451100016429',NULL,1,'2018-11-01 09:17:55',NULL,NULL,'154103867515788',NULL),(32,2,'1540634928x4895','saraban','3451100016429',NULL,1,'2018-11-01 09:17:55',NULL,NULL,'154103867523157',NULL),(33,2,'1540636468x13690','saraban','3451100016429',NULL,1,'2018-11-01 09:17:55',NULL,NULL,'154103867523050',NULL),(34,2,'1540636233x18028','saraban','3451100016429',NULL,1,'2018-11-01 09:17:55',NULL,NULL,'15410386754731',NULL),(35,2,'1540678568x20094','saraban','3451100016429',NULL,1,'2018-11-01 09:17:55',NULL,NULL,'15410386752200',NULL),(36,2,'1540697743x24762','saraban','3451100016429',NULL,1,'2018-11-01 09:17:55',NULL,NULL,'154103867510481',NULL),(37,2,'1540711842x15556','saraban','3451100016429',NULL,1,'2018-11-01 09:17:55',NULL,NULL,'15410386753286',NULL),(38,2,'1540714662x19951','saraban','3451100016429',NULL,1,'2018-11-01 09:17:55',NULL,NULL,'154103867523383',NULL),(39,2,'1540727190x30537','saraban','3451100016429',NULL,1,'2018-11-01 09:17:55',NULL,NULL,'15410386755700',NULL),(40,2,'1540727317x14414','saraban','3451100016429',NULL,1,'2018-11-01 09:17:55',NULL,NULL,'154103867525389',NULL),(41,2,'1540774270x12514','saraban','3451100016429',NULL,1,'2018-11-01 09:17:55',NULL,NULL,'15410386758290',NULL),(42,2,'1540776521x1187','saraban','3451100016429',NULL,1,'2018-11-01 09:17:55',NULL,NULL,'154103867522003',NULL),(43,2,'1540779083x25071','saraban','3451100016429',NULL,1,'2018-11-01 09:17:55',NULL,NULL,'154103867521168',NULL),(44,2,'1540781558x860','saraban','3451100016429',NULL,1,'2018-11-01 09:17:55',NULL,NULL,'15410386751321',NULL),(45,2,'1540787075x29992','saraban','3451100016429',NULL,1,'2018-11-01 09:17:55',NULL,NULL,'154103867524750',NULL),(46,2,'1540804553x7499','saraban','3451100016429',NULL,1,'2018-11-01 09:17:55',NULL,NULL,'154103867524143',NULL),(47,2,'1540805482x24668','saraban','3451100016429',NULL,1,'2018-11-01 09:17:55',NULL,NULL,'154103867527100',NULL),(48,2,'1540819832x23756','saraban','3451100016429',NULL,1,'2018-11-01 09:17:55',NULL,NULL,'154103867519173',NULL),(49,2,'1540866429x23032','saraban','3451100016429',NULL,1,'2018-11-01 09:17:55',NULL,NULL,'154103867522970',NULL),(50,2,'1540881891x30325','saraban','3451100016429',NULL,1,'2018-11-01 09:17:55',NULL,NULL,'15410386754203',NULL),(51,2,'1540881592x18308','saraban','3451100016429',NULL,1,'2018-11-01 09:17:55',NULL,NULL,'154103867518376',NULL),(52,2,'1540883685x9411','saraban','3451100016429',NULL,1,'2018-11-01 09:17:55',NULL,NULL,'154103867512385',NULL),(53,2,'1540888898x17191','saraban','3451100016429',NULL,1,'2018-11-01 09:17:55',NULL,NULL,'154103867522406',NULL),(54,2,'1540890125x3286','saraban','3451100016429',NULL,1,'2018-11-01 09:17:55',NULL,NULL,'154103867518503',NULL),(55,2,'1540906699x16745','saraban','3451100016429',NULL,1,'2018-11-01 09:17:55',NULL,NULL,'15410386756260',NULL),(56,2,'1540913913x21604','saraban','3451100016429',NULL,1,'2018-11-01 09:17:55',NULL,NULL,'154103867529085',NULL),(57,2,'1540924434x5263','saraban','3451100016429',NULL,1,'2018-11-01 09:17:55',NULL,NULL,'154103867526130',NULL),(58,2,'1540941691x5097','saraban','3451100016429',NULL,1,'2018-11-01 09:17:55',NULL,NULL,'15410386758675',NULL),(59,2,'1540946524x3047','saraban','3451100016429',NULL,1,'2018-11-01 09:17:55',NULL,NULL,'154103867518400',NULL),(60,2,'1540948435x2853','saraban','3451100016429',NULL,1,'2018-11-01 09:17:55',NULL,NULL,'15410386752713',NULL),(61,2,'1540948975x26661','saraban','3451100016429',NULL,1,'2018-11-01 09:17:55',NULL,NULL,'154103867520830',NULL),(62,2,'1540955066x17377','saraban','3451100016429',NULL,1,'2018-11-01 09:17:55',NULL,NULL,'154103867531039',NULL),(63,NULL,'1540866429x23032','3920400492730','saraban',1,NULL,NULL,'3451100016429','2018-11-01 09:21:04','154103886413485','154103867522970'),(64,NULL,'1540955066x17377','3400600351026','saraban',1,NULL,NULL,'3451100016429','2018-11-02 13:03:02','154113858214921','154103867531039'),(65,2,'1542595887x5545','saraban','5341190001681',NULL,1,'2018-11-20 13:05:51',NULL,NULL,'154269395115548',NULL),(66,2,'1542686156x28660','saraban','5341190001681',NULL,1,'2018-11-20 13:05:51',NULL,NULL,'154269395121573',NULL),(67,2,'1542687603x2382','saraban','5341190001681',NULL,1,'2018-11-20 13:05:51',NULL,NULL,'15426939516042',NULL),(68,2,'1542687762x31912','saraban','5341190001681',NULL,1,'2018-11-20 13:05:51',NULL,NULL,'154269395110443',NULL),(69,2,'1542687866x11416','saraban','5341190001681',NULL,1,'2018-11-20 13:05:51',NULL,NULL,'154269395126792',NULL),(70,2,'1542688159x15078','saraban','5341190001681',NULL,1,'2018-11-20 13:05:51',NULL,NULL,'154269395128609',NULL),(71,2,'1542688975x16530','saraban','5341190001681',NULL,1,'2018-11-20 13:05:51',NULL,NULL,'15426939514966',NULL),(72,2,'1542689055x31688','saraban','5341190001681',NULL,1,'2018-11-20 13:05:51',NULL,NULL,'15426939511703',NULL),(73,2,'1543480984x32723','saraban','3340701441625',NULL,1,'2018-11-30 08:54:55',NULL,NULL,'154354289510096',NULL),(74,2,'1543455076x10226','saraban','3340701441625',NULL,1,'2018-11-30 08:54:55',NULL,NULL,'15435428956889',NULL),(75,2,'1543487109x12104','saraban','3340701441625',NULL,1,'2018-11-30 08:54:55',NULL,NULL,'15435428959070',NULL),(76,2,'1556082805x22596','saraban','3451100016429',NULL,1,'2019-05-15 13:13:52',NULL,NULL,'155790083226499',NULL),(77,2,'1556172847x884','saraban','3451100016429',NULL,1,'2019-05-15 13:13:52',NULL,NULL,'155790083211520',NULL),(78,2,'1556688058x9019','saraban','3451100016429',NULL,1,'2019-05-15 13:13:52',NULL,NULL,'155790083222841',NULL),(79,2,'1556699193x6678','saraban','3451100016429',NULL,1,'2019-05-15 13:13:52',NULL,NULL,'15579008322942',NULL),(80,2,'1556779034x16562','saraban','3451100016429',NULL,1,'2019-05-15 13:13:52',NULL,NULL,'155790083230943',NULL),(81,2,'1556872925x24099','saraban','3451100016429',NULL,1,'2019-05-15 13:13:52',NULL,NULL,'15579008326444',NULL),(82,2,'1557197503x20674','saraban','3451100016429',NULL,1,'2019-05-15 13:13:52',NULL,NULL,'155790083220469',NULL),(83,2,'1557214663x26959','saraban','3451100016429',NULL,1,'2019-05-15 13:13:52',NULL,NULL,'155790083224970',NULL),(84,2,'1557285828x25469','saraban','3451100016429',NULL,1,'2019-05-15 13:13:52',NULL,NULL,'155790083217403',NULL),(85,2,'1557293066x6053','saraban','3451100016429',NULL,1,'2019-05-15 13:13:52',NULL,NULL,'15579008327192',NULL),(86,2,'1557302087x13862','saraban','3451100016429',NULL,1,'2019-05-15 13:13:52',NULL,NULL,'155790083230321',NULL),(87,2,'1557457672x4157','saraban','3451100016429',NULL,1,'2019-05-15 13:13:52',NULL,NULL,'15579008323158',NULL),(88,2,'1557292478x13350','saraban','3451100016429',NULL,1,'2019-05-15 13:13:52',NULL,NULL,'15579008329431',NULL),(89,2,'1557297932x19477','saraban','3451100016429',NULL,1,'2019-05-15 13:13:52',NULL,NULL,'155790083225028',NULL),(90,2,'1557463833x30312','saraban','3451100016429',NULL,1,'2019-05-15 13:13:52',NULL,NULL,'15579008322221',NULL),(91,2,'1557737734x19126','saraban','3451100016429',NULL,1,'2019-05-15 13:13:52',NULL,NULL,'15579008326114',NULL),(92,2,'1557887201x12812','saraban','3451100016429',NULL,1,'2019-05-15 13:13:52',NULL,NULL,'155790083214195',NULL),(93,2,'1557896210x24399','saraban','3451100016429',NULL,1,'2019-05-15 13:13:52',NULL,NULL,'155790083222064',NULL),(94,NULL,'1557896210x24399','3451100016429','saraban',1,NULL,NULL,'3451100016429','2019-05-15 13:15:05','15579009056391','155790083222064'),(95,NULL,'1557887201x12812','3451100016429','saraban',1,NULL,NULL,'3451100016429','2019-05-15 13:17:18','15579010385262','155790083214195'),(96,NULL,'1557463833x30312','3451100016429','saraban',1,NULL,NULL,'3451100016429','2019-05-15 13:18:12','155790109221742','15579008322221'),(97,NULL,'1557297932x19477','3451100016429','saraban',1,NULL,NULL,'3451100016429','2019-05-15 13:18:28','155790110823951','155790083225028'),(98,NULL,'1557292478x13350','3451100016429','saraban',1,NULL,NULL,'3451100016429','2019-05-15 13:18:43','15579011236172','15579008329431'),(99,NULL,'1557457672x4157','3451100016429','saraban',1,NULL,NULL,'3451100016429','2019-05-15 13:18:59','155790113928860','15579008323158'),(100,NULL,'1557302087x13862','3451100016429','saraban',1,NULL,NULL,'3451100016429','2019-05-15 13:19:12','155790115230789','155790083230321'),(101,NULL,'1557293066x6053','3451100016429','saraban',1,NULL,NULL,'3451100016429','2019-05-15 13:19:31','155790117125595','15579008327192'),(102,NULL,'1557293066x6053','3451100016429','saraban',1,NULL,NULL,'3451100016429','2019-05-15 13:19:49','155790118926511','15579008327192'),(103,NULL,'1557285828x25469','3451100016429','saraban',1,NULL,NULL,'3451100016429','2019-05-15 13:20:02','155790120223068','155790083217403'),(104,NULL,'1557285828x25469','3451100016429','saraban',1,NULL,NULL,'3451100016429','2019-05-15 13:20:09','155790120927546','155790083217403'),(105,NULL,'1557214663x26959','3451100016429','saraban',1,NULL,NULL,'3451100016429','2019-05-15 13:20:45','155790124527851','155790083224970'),(106,NULL,'1557197503x20674','3451100016429','saraban',1,NULL,NULL,'3451100016429','2019-05-15 13:21:09','155790126924041','155790083220469'),(107,2,'1557891568x13407','saraban','3451100016429',NULL,1,'2019-05-15 14:14:00',NULL,NULL,'155790444030984',NULL),(108,NULL,'1557891568x13407','3451100016429','saraban',1,NULL,NULL,'3451100016429','2019-05-15 14:14:18','155790445810401','155790444030984'),(109,2,'1557972620x21023','saraban','3451100016429',NULL,1,'2019-05-16 10:12:41',NULL,NULL,'155797636127693',NULL),(110,2,'1632287643x1423676242','saraban','3340701441625',NULL,1,'2021-09-23 18:09:18',NULL,NULL,'163239535814223',NULL),(111,2,'1632287643x1423676242','saraban','3340701441625',NULL,1,'2021-09-23 18:09:18',NULL,NULL,'163239535814223',NULL),(112,2,'1632292635x1845597914','saraban','3340701441625',NULL,1,'2021-09-23 18:09:18',NULL,NULL,'163239535827164',NULL),(113,2,'1632292635x1845597914','saraban','3340701441625',NULL,1,'2021-09-23 18:09:18',NULL,NULL,'163239535827164',NULL),(114,2,'1632296261x1912457097','saraban','3340701441625',NULL,1,'2021-09-23 18:09:18',NULL,NULL,'163239535826149',NULL),(115,2,'1632296261x1912457097','saraban','3340701441625',NULL,1,'2021-09-23 18:09:18',NULL,NULL,'163239535826149',NULL),(116,2,'1632379514x1926079779','saraban','3340701441625',NULL,1,'2021-09-23 18:09:18',NULL,NULL,'163239535829690',NULL),(117,2,'1632379514x1926079779','saraban','3340701441625',NULL,1,'2021-09-23 18:09:18',NULL,NULL,'163239535829690',NULL),(118,2,'1632391409x1833300579','saraban','3340701441625',NULL,1,'2021-09-23 18:09:18',NULL,NULL,'163239535815787',NULL),(119,2,'1632391409x1833300579','saraban','3340701441625',NULL,1,'2021-09-23 18:09:18',NULL,NULL,'163239535815787',NULL),(120,2,'1632721586x1234079112','saraban','3340701441625',NULL,1,'2021-09-27 19:27:44',NULL,NULL,'163274566411041',NULL),(121,2,'1632721586x1234079112','saraban','3340701441625',NULL,1,'2021-09-27 19:27:44',NULL,NULL,'163274566411041',NULL),(122,2,'1632724900x1880966576','saraban','3340701441625',NULL,1,'2021-09-27 19:27:44',NULL,NULL,'16327456646982',NULL),(123,2,'1632724900x1880966576','saraban','3340701441625',NULL,1,'2021-09-27 19:27:44',NULL,NULL,'16327456646982',NULL),(124,2,'1632725285x65061765','saraban','3340701441625',NULL,1,'2021-09-27 19:27:44',NULL,NULL,'16327456648455',NULL),(125,2,'1632725285x65061765','saraban','3340701441625',NULL,1,'2021-09-27 19:27:44',NULL,NULL,'16327456648455',NULL),(126,2,'1632725276x1620038716','saraban','3340701441625',NULL,1,'2021-09-27 19:27:44',NULL,NULL,'163274566425140',NULL),(127,2,'1632725276x1620038716','saraban','3340701441625',NULL,1,'2021-09-27 19:27:44',NULL,NULL,'163274566425140',NULL),(128,2,'1632726008x774934036','saraban','3340701441625',NULL,1,'2021-09-27 19:27:44',NULL,NULL,'163274566422621',NULL),(129,2,'1632726008x774934036','saraban','3340701441625',NULL,1,'2021-09-27 19:27:44',NULL,NULL,'163274566422621',NULL),(130,2,'1632727531x805962835','saraban','3340701441625',NULL,1,'2021-09-27 19:27:44',NULL,NULL,'16327456649682',NULL),(131,2,'1632727531x805962835','saraban','3340701441625',NULL,1,'2021-09-27 19:27:44',NULL,NULL,'16327456649682',NULL),(132,2,'1632728670x2131821672','saraban','3340701441625',NULL,1,'2021-09-27 19:27:44',NULL,NULL,'163274566418083',NULL),(133,2,'1632728670x2131821672','saraban','3340701441625',NULL,1,'2021-09-27 19:27:44',NULL,NULL,'163274566418083',NULL),(134,2,'1632728083x289911881','saraban','3340701441625',NULL,1,'2021-09-27 19:27:44',NULL,NULL,'163274566428064',NULL),(135,2,'1632728083x289911881','saraban','3340701441625',NULL,1,'2021-09-27 19:27:44',NULL,NULL,'163274566428064',NULL),(136,2,'1632383211x1404424119','saraban','3340701441625',NULL,1,'2021-09-27 19:27:44',NULL,NULL,'16327456647513',NULL),(137,2,'1632383211x1404424119','saraban','3340701441625',NULL,1,'2021-09-27 19:27:44',NULL,NULL,'16327456647513',NULL),(138,2,'1632736735x2088172980','saraban','3340701441625',NULL,1,'2021-09-27 19:27:44',NULL,NULL,'163274566419742',NULL),(139,2,'1632736735x2088172980','saraban','3340701441625',NULL,1,'2021-09-27 19:27:44',NULL,NULL,'163274566419742',NULL),(140,2,'1632736262x1873951531','saraban','3340701441625',NULL,1,'2021-09-27 19:27:44',NULL,NULL,'163274566410751',NULL),(141,2,'1632736262x1873951531','saraban','3340701441625',NULL,1,'2021-09-27 19:27:44',NULL,NULL,'163274566410751',NULL),(142,2,'1647939011x1630654465','saraban','5341190001681',NULL,1,'2022-05-06 08:50:44',NULL,NULL,'165180184416221',NULL),(143,2,'1647939011x1630654465','saraban','5341190001681',NULL,1,'2022-05-06 08:50:44',NULL,NULL,'165180184416221',NULL),(144,2,'1648193270x1006422457','saraban','5341190001681',NULL,1,'2022-05-06 08:50:44',NULL,NULL,'1651801844210',NULL),(145,2,'1648193270x1006422457','saraban','5341190001681',NULL,1,'2022-05-06 08:50:44',NULL,NULL,'1651801844210',NULL),(146,2,'1648632030x48352779','saraban','5341190001681',NULL,1,'2022-05-06 08:50:44',NULL,NULL,'16518018441443',NULL),(147,2,'1648632030x48352779','saraban','5341190001681',NULL,1,'2022-05-06 08:50:44',NULL,NULL,'16518018441443',NULL),(148,2,'1648713246x555593337','saraban','5341190001681',NULL,1,'2022-05-06 08:50:44',NULL,NULL,'165180184416544',NULL),(149,2,'1648713246x555593337','saraban','5341190001681',NULL,1,'2022-05-06 08:50:44',NULL,NULL,'165180184416544',NULL),(150,2,'1649150707x1388755265','saraban','5341190001681',NULL,1,'2022-05-06 08:50:44',NULL,NULL,'165180184429785',NULL),(151,2,'1649150707x1388755265','saraban','5341190001681',NULL,1,'2022-05-06 08:50:44',NULL,NULL,'165180184429785',NULL),(152,2,'1649152893x1201614460','saraban','5341190001681',NULL,1,'2022-05-06 08:50:44',NULL,NULL,'165180184422558',NULL),(153,2,'1649152893x1201614460','saraban','5341190001681',NULL,1,'2022-05-06 08:50:44',NULL,NULL,'165180184422558',NULL),(154,2,'1649384584x860685415','saraban','5341190001681',NULL,1,'2022-05-06 08:50:44',NULL,NULL,'165180184422783',NULL),(155,2,'1649384584x860685415','saraban','5341190001681',NULL,1,'2022-05-06 08:50:44',NULL,NULL,'165180184422783',NULL),(156,2,'1649651291x611795951','saraban','5341190001681',NULL,1,'2022-05-06 08:50:44',NULL,NULL,'165180184418124',NULL),(157,2,'1649651291x611795951','saraban','5341190001681',NULL,1,'2022-05-06 08:50:44',NULL,NULL,'165180184418124',NULL),(158,2,'1649655054x477209107','saraban','5341190001681',NULL,1,'2022-05-06 08:50:44',NULL,NULL,'165180184432021',NULL),(159,2,'1649655054x477209107','saraban','5341190001681',NULL,1,'2022-05-06 08:50:44',NULL,NULL,'165180184432021',NULL),(160,2,'1649317326x373196376','saraban','5341190001681',NULL,1,'2022-05-06 08:50:44',NULL,NULL,'165180184422570',NULL),(161,2,'1649317326x373196376','saraban','5341190001681',NULL,1,'2022-05-06 08:50:44',NULL,NULL,'165180184422570',NULL),(162,2,'1650252896x1666577006','saraban','5341190001681',NULL,1,'2022-05-06 08:50:44',NULL,NULL,'16518018441563',NULL),(163,2,'1650252896x1666577006','saraban','5341190001681',NULL,1,'2022-05-06 08:50:44',NULL,NULL,'16518018441563',NULL),(164,2,'1650958594x200441312','saraban','5341190001681',NULL,1,'2022-05-06 08:50:44',NULL,NULL,'1651801844952',NULL),(165,2,'1650958594x200441312','saraban','5341190001681',NULL,1,'2022-05-06 08:50:44',NULL,NULL,'1651801844952',NULL),(166,2,'1651049942x933133823','saraban','5341190001681',NULL,1,'2022-05-06 08:50:44',NULL,NULL,'165180184421905',NULL),(167,2,'1651049942x933133823','saraban','5341190001681',NULL,1,'2022-05-06 08:50:44',NULL,NULL,'165180184421905',NULL),(168,2,'1651128216x1897258250','saraban','5341190001681',NULL,1,'2022-05-06 08:50:44',NULL,NULL,'165180184419702',NULL),(169,2,'1651128216x1897258250','saraban','5341190001681',NULL,1,'2022-05-06 08:50:44',NULL,NULL,'165180184419702',NULL),(170,2,'1651213845x1639114113','saraban','5341190001681',NULL,1,'2022-05-06 08:50:44',NULL,NULL,'165180184426871',NULL),(171,2,'1651213845x1639114113','saraban','5341190001681',NULL,1,'2022-05-06 08:50:44',NULL,NULL,'165180184426871',NULL),(172,2,'1651313699x342814204','saraban','5341190001681',NULL,1,'2022-05-06 08:50:44',NULL,NULL,'16518018449060',NULL),(173,2,'1651313699x342814204','saraban','5341190001681',NULL,1,'2022-05-06 08:50:44',NULL,NULL,'16518018449060',NULL),(174,2,'1651470528x647458486','saraban','5341190001681',NULL,1,'2022-05-06 08:50:44',NULL,NULL,'165180184414797',NULL),(175,2,'1651470528x647458486','saraban','5341190001681',NULL,1,'2022-05-06 08:50:44',NULL,NULL,'165180184414797',NULL),(176,2,'1651550825x571426988','saraban','5341190001681',NULL,1,'2022-05-06 08:50:44',NULL,NULL,'165180184417026',NULL),(177,2,'1651550825x571426988','saraban','5341190001681',NULL,1,'2022-05-06 08:50:44',NULL,NULL,'165180184417026',NULL),(178,2,'1651559129x954092849','saraban','5341190001681',NULL,1,'2022-05-06 08:50:44',NULL,NULL,'16518018447571',NULL),(179,2,'1651559129x954092849','saraban','5341190001681',NULL,1,'2022-05-06 08:50:44',NULL,NULL,'16518018447571',NULL),(180,2,'1651566731x1775979745','saraban','5341190001681',NULL,1,'2022-05-06 08:50:44',NULL,NULL,'16518018444560',NULL),(181,2,'1651566731x1775979745','saraban','5341190001681',NULL,1,'2022-05-06 08:50:44',NULL,NULL,'16518018444560',NULL),(182,2,'1651567334x2047532010','saraban','5341190001681',NULL,1,'2022-05-06 08:50:44',NULL,NULL,'16518018449673',NULL),(183,2,'1651567334x2047532010','saraban','5341190001681',NULL,1,'2022-05-06 08:50:44',NULL,NULL,'16518018449673',NULL),(184,2,'1651567759x1260621519','saraban','5341190001681',NULL,1,'2022-05-06 08:50:44',NULL,NULL,'16518018441230',NULL),(185,2,'1651567759x1260621519','saraban','5341190001681',NULL,1,'2022-05-06 08:50:44',NULL,NULL,'16518018441230',NULL),(186,2,'1651568126x535624867','saraban','5341190001681',NULL,1,'2022-05-06 08:50:44',NULL,NULL,'165180184432751',NULL),(187,2,'1651568126x535624867','saraban','5341190001681',NULL,1,'2022-05-06 08:50:44',NULL,NULL,'165180184432751',NULL),(188,2,'1651715933x1597974772','saraban','5341190001681',NULL,1,'2022-05-06 08:50:44',NULL,NULL,'165180184431484',NULL),(189,2,'1651715933x1597974772','saraban','5341190001681',NULL,1,'2022-05-06 08:50:44',NULL,NULL,'165180184431484',NULL),(190,2,'1651726085x972848465','saraban','5341190001681',NULL,1,'2022-05-06 08:50:44',NULL,NULL,'165180184421893',NULL),(191,2,'1651726085x972848465','saraban','5341190001681',NULL,1,'2022-05-06 08:50:44',NULL,NULL,'165180184421893',NULL),(192,2,'1651729459x2096978688','saraban','5341190001681',NULL,1,'2022-05-06 08:50:44',NULL,NULL,'16518018448154',NULL),(193,2,'1651729459x2096978688','saraban','5341190001681',NULL,1,'2022-05-06 08:50:44',NULL,NULL,'16518018448154',NULL),(194,2,'1651733906x85823570','saraban','5341190001681',NULL,1,'2022-05-06 08:50:44',NULL,NULL,'165180184411275',NULL),(195,2,'1651733906x85823570','saraban','5341190001681',NULL,1,'2022-05-06 08:50:44',NULL,NULL,'165180184411275',NULL),(196,2,'1651734363x1932327608','saraban','5341190001681',NULL,1,'2022-05-06 08:50:44',NULL,NULL,'165180184419176',NULL),(197,2,'1651734363x1932327608','saraban','5341190001681',NULL,1,'2022-05-06 08:50:44',NULL,NULL,'165180184419176',NULL),(198,2,'1651732738x1880824302','saraban','5341190001681',NULL,1,'2022-05-06 08:50:44',NULL,NULL,'165180184417665',NULL),(199,2,'1651732738x1880824302','saraban','5341190001681',NULL,1,'2022-05-06 08:50:44',NULL,NULL,'165180184417665',NULL),(200,2,'1651733012x342056502','saraban','5341190001681',NULL,1,'2022-05-06 08:50:44',NULL,NULL,'165180184424486',NULL),(201,2,'1651733012x342056502','saraban','5341190001681',NULL,1,'2022-05-06 08:50:44',NULL,NULL,'165180184424486',NULL),(202,2,'1651733223x2129251798','saraban','5341190001681',NULL,1,'2022-05-06 08:50:44',NULL,NULL,'165180184432231',NULL),(203,2,'1651733223x2129251798','saraban','5341190001681',NULL,1,'2022-05-06 08:50:44',NULL,NULL,'165180184432231',NULL),(204,2,'1651739342x584231670','saraban','5341190001681',NULL,1,'2022-05-06 08:50:44',NULL,NULL,'165180184411668',NULL),(205,2,'1651739342x584231670','saraban','5341190001681',NULL,1,'2022-05-06 08:50:44',NULL,NULL,'165180184411668',NULL),(206,2,'1663136990x935316515','saraban','3340701441625',NULL,1,'2022-09-15 13:06:55',NULL,NULL,'166322201622501',NULL),(207,2,'1663136990x935316515','saraban','3340701441625',NULL,1,'2022-09-15 13:06:55',NULL,NULL,'166322201622501',NULL),(208,2,'1663137307x131738727','saraban','3340701441625',NULL,1,'2022-09-15 13:06:55',NULL,NULL,'166322201625274',NULL),(209,2,'1663137307x131738727','saraban','3340701441625',NULL,1,'2022-09-15 13:06:55',NULL,NULL,'166322201625274',NULL),(210,2,'1663143538x1842305110','saraban','3340701441625',NULL,1,'2022-09-15 13:06:55',NULL,NULL,'166322201625963',NULL),(211,2,'1663143538x1842305110','saraban','3340701441625',NULL,1,'2022-09-15 13:06:55',NULL,NULL,'166322201625963',NULL),(212,2,'1663144679x526541514','saraban','3340701441625',NULL,1,'2022-09-15 13:06:55',NULL,NULL,'166322201630920',NULL),(213,2,'1663144679x526541514','saraban','3340701441625',NULL,1,'2022-09-15 13:06:55',NULL,NULL,'166322201630920',NULL),(214,2,'1754277282x121021281','saraban','3340700343794',NULL,1,'2025-08-04 10:43:01',NULL,NULL,'17542789811081022902',NULL),(215,2,'1754277282x121021281','saraban','3340700343794',NULL,1,'2025-08-04 10:43:01',NULL,NULL,'17542789811081022902',NULL);

--
-- Table structure for table `bookregister_cer_officer`
--

CREATE TABLE `bookregister_cer_officer` (
  `id` int(11) NOT NULL AUTO_INCREMENT,
  `person_id` varchar(13) NOT NULL,
  `p1` tinyint(4) NOT NULL,
  `officer` varchar(13) NOT NULL,
  `rec_date` date NOT NULL,
  PRIMARY KEY (`id`),
  UNIQUE KEY `person_id` (`person_id`)
) ENGINE=MyISAM AUTO_INCREMENT=2 DEFAULT CHARSET=utf8 COLLATE=utf8_general_ci;

--
-- Dumping data for table `bookregister_cer_officer`
--

INSERT INTO `bookregister_cer_officer` VALUES (1,'3340700343794',1,'3340700343794','2025-08-05');

--
-- Table structure for table `bookregister_cer_sign`
--

CREATE TABLE `bookregister_cer_sign` (
  `id` int(11) NOT NULL AUTO_INCREMENT,
  `code` varchar(13) NOT NULL,
  `name` varchar(200) NOT NULL,
  `position1` varchar(200) NOT NULL,
  `position2` varchar(200) NOT NULL,
  `sign_pic` varchar(150) NOT NULL,
  `sign_now` tinyint(4) NOT NULL DEFAULT 0,
  `officer` varchar(13) NOT NULL,
  `rec_date` date NOT NULL,
  PRIMARY KEY (`id`),
  UNIQUE KEY `code` (`code`)
) ENGINE=MyISAM AUTO_INCREMENT=2 DEFAULT CHARSET=utf8 COLLATE=utf8_general_ci;

--
-- Dumping data for table `bookregister_cer_sign`
--

INSERT INTO `bookregister_cer_sign` VALUES (1,'01','นางฉัตรอมร ภูทอง','ผู้อำนวยการโรงเรียนบ้านนาดี','','',1,'3340700343794','2025-08-05');

--
-- Table structure for table `bookregister_certificate`
--

CREATE TABLE `bookregister_certificate` (
  `ms_id` int(11) NOT NULL AUTO_INCREMENT,
  `year` int(11) NOT NULL,
  `register_number` int(11) NOT NULL,
  `book_no` varchar(50) NOT NULL,
  `signdate` date NOT NULL,
  `name_cer` varchar(150) NOT NULL,
  `subject` varchar(150) NOT NULL,
  `subject2` varchar(250) NOT NULL,
  `comment` varchar(100) DEFAULT NULL,
  `sign_person` varchar(4) NOT NULL,
  `register_date` date NOT NULL,
  `officer` varchar(13) DEFAULT NULL,
  `file_name` varchar(50) DEFAULT NULL,
  `khet_print` tinyint(4) NOT NULL DEFAULT 0,
  `check_status` tinyint(4) NOT NULL DEFAULT 0,
  `quarantee` tinyint(4) NOT NULL DEFAULT 0,
  `quarantee_person` varchar(13) NOT NULL,
  `quarantee_date` date NOT NULL,
  PRIMARY KEY (`ms_id`)
) ENGINE=MyISAM DEFAULT CHARSET=utf8 COLLATE=utf8_general_ci;

--
-- Dumping data for table `bookregister_certificate`
--


--
-- Table structure for table `bookregister_command`
--

CREATE TABLE `bookregister_command` (
  `ms_id` int(11) NOT NULL AUTO_INCREMENT,
  `year` int(11) NOT NULL,
  `register_number` int(11) NOT NULL,
  `book_no` varchar(50) NOT NULL,
  `signdate` date NOT NULL,
  `subject` varchar(150) NOT NULL,
  `comment` varchar(100) DEFAULT NULL,
  `register_date` date NOT NULL,
  `officer` varchar(13) DEFAULT NULL,
  `file_name` varchar(100) DEFAULT NULL,
  `file_des` varchar(100) DEFAULT NULL,
  PRIMARY KEY (`ms_id`)
) ENGINE=MyISAM DEFAULT CHARSET=utf8 COLLATE=utf8_general_ci;

--
-- Dumping data for table `bookregister_command`
--


--
-- Table structure for table `bookregister_office_no`
--

CREATE TABLE `bookregister_office_no` (
  `id` int(11) NOT NULL AUTO_INCREMENT,
  `office_no` varchar(100) NOT NULL,
  `school_code` varchar(15) DEFAULT NULL,
  `officer` varchar(13) DEFAULT NULL,
  `rec_date` date DEFAULT NULL,
  PRIMARY KEY (`id`)
) ENGINE=MyISAM AUTO_INCREMENT=2 DEFAULT CHARSET=utf8 COLLATE=utf8_general_ci;

--
-- Dumping data for table `bookregister_office_no`
--

INSERT INTO `bookregister_office_no` VALUES (1,'ที่ ศธ04186.057/50',NULL,NULL,NULL);

--
-- Table structure for table `bookregister_permission`
--

CREATE TABLE `bookregister_permission` (
  `id` int(11) NOT NULL AUTO_INCREMENT,
  `person_id` varchar(13) NOT NULL,
  `p1` tinyint(4) NOT NULL,
  `p2` tinyint(4) DEFAULT NULL,
  `school_code` varchar(15) DEFAULT NULL,
  `officer` varchar(13) NOT NULL,
  `rec_date` date NOT NULL,
  PRIMARY KEY (`id`),
  UNIQUE KEY `person_id` (`person_id`)
) ENGINE=MyISAM AUTO_INCREMENT=11 DEFAULT CHARSET=utf8 COLLATE=utf8_general_ci;

--
-- Dumping data for table `bookregister_permission`
--

INSERT INTO `bookregister_permission` VALUES (1,'1349900054623',1,NULL,NULL,'1349900054623','2014-09-14'),(2,'5341190001681',1,NULL,NULL,'1349900054623','2014-09-14'),(3,'3340701441625',1,NULL,NULL,'3340701441625','2018-11-15'),(4,'1349700153172',1,NULL,NULL,'3451100164295','2020-07-23'),(5,'3340100228242',1,NULL,NULL,'3451100164295','2020-07-23'),(6,'3340700343794',1,NULL,NULL,'3340700343794','2025-08-05'),(7,'1329900134368',1,NULL,NULL,'3340700343794','2025-08-05'),(8,'1340700560187',1,NULL,NULL,'3340700343794','2025-08-05'),(9,'3340700293282',1,NULL,NULL,'3340700343794','2025-08-05'),(10,'1341500089252',1,NULL,NULL,'3340700343794','2025-08-05');

--
-- Table structure for table `bookregister_receive_filebook`
--

CREATE TABLE `bookregister_receive_filebook` (
  `id` int(11) NOT NULL AUTO_INCREMENT,
  `ref_id` varchar(50) NOT NULL,
  `file_name` varchar(100) NOT NULL,
  `file_des` varchar(100) NOT NULL,
  PRIMARY KEY (`id`)
) ENGINE=MyISAM AUTO_INCREMENT=2 DEFAULT CHARSET=utf8 COLLATE=utf8_general_ci;

--
-- Dumping data for table `bookregister_receive_filebook`
--

INSERT INTO `bookregister_receive_filebook` VALUES (1,'1538191621x21602','1538191621x21602_1.docx','ัรรนนนน');

--
-- Table structure for table `bookregister_send_filebook`
--

CREATE TABLE `bookregister_send_filebook` (
  `id` int(11) NOT NULL AUTO_INCREMENT,
  `ref_id` varchar(50) NOT NULL,
  `file_name` varchar(100) NOT NULL,
  `file_des` varchar(100) NOT NULL,
  PRIMARY KEY (`id`)
) ENGINE=MyISAM DEFAULT CHARSET=utf8 COLLATE=utf8_general_ci;

--
-- Dumping data for table `bookregister_send_filebook`
--


--
-- Table structure for table `bookregister_year`
--

CREATE TABLE `bookregister_year` (
  `id` int(11) NOT NULL AUTO_INCREMENT,
  `year` int(11) NOT NULL,
  `year_active` tinyint(4) NOT NULL DEFAULT 0,
  `start_receive_num` int(11) NOT NULL DEFAULT 1,
  `start_send_num` int(11) NOT NULL DEFAULT 1,
  `start_command_num` int(11) NOT NULL DEFAULT 1,
  `start_cer_num` int(11) NOT NULL DEFAULT 1,
  `school_code` varchar(15) DEFAULT NULL,
  `officer` varchar(13) DEFAULT NULL,
  `rec_date` date DEFAULT NULL,
  PRIMARY KEY (`id`)
) ENGINE=MyISAM AUTO_INCREMENT=5 DEFAULT CHARSET=utf8 COLLATE=utf8_general_ci;

--
-- Dumping data for table `bookregister_year`
--

INSERT INTO `bookregister_year` VALUES (1,2561,0,370,50,20,1,NULL,NULL,NULL),(2,2562,0,1,1,1,1,NULL,NULL,NULL),(3,2563,0,1,1,1,1,NULL,NULL,NULL),(4,2568,1,1,1,1,1,NULL,NULL,NULL);

--
-- Table structure for table `budget_bud`
--

CREATE TABLE `budget_bud` (
  `id` int(11) NOT NULL AUTO_INCREMENT,
  `budget_year` int(11) NOT NULL,
  `doc` varchar(50) NOT NULL,
  `refer_wd_id` int(11) NOT NULL,
  `status` tinyint(11) DEFAULT NULL,
  `bud_type_id` int(11) DEFAULT NULL,
  `item` varchar(150) DEFAULT NULL,
  `receive_amount` double DEFAULT NULL,
  `pay_amount` double DEFAULT NULL,
  `payed_person` varchar(50) NOT NULL,
  `pay_group` int(4) DEFAULT NULL,
  `rec_date` date NOT NULL,
  `officer` varchar(13) NOT NULL,
  PRIMARY KEY (`id`)
) ENGINE=MyISAM AUTO_INCREMENT=7 DEFAULT CHARSET=utf8 COLLATE=utf8_general_ci;

--
-- Dumping data for table `budget_bud`
--


--
-- Table structure for table `budget_category`
--

CREATE TABLE `budget_category` (
  `id` int(11) NOT NULL AUTO_INCREMENT,
  `category_id` int(11) NOT NULL,
  `category_name` varchar(30) NOT NULL,
  PRIMARY KEY (`id`),
  UNIQUE KEY `category_id` (`category_id`)
) ENGINE=MyISAM AUTO_INCREMENT=7 DEFAULT CHARSET=utf8 COLLATE=utf8_general_ci;

--
-- Dumping data for table `budget_category`
--

INSERT INTO `budget_category` VALUES (1,1,'เงินนอกงบประมาณ'),(2,2,'เงินงบประมาณ'),(3,3,'เงินรายได้แผ่นดิน'),(6,4,'วงเงินงบประมาณที่ได้รับจัดสรร');

--
-- Table structure for table `budget_deega`
--

CREATE TABLE `budget_deega` (
  `id` int(11) NOT NULL AUTO_INCREMENT,
  `budget_year` int(11) NOT NULL,
  `deega_num` float NOT NULL DEFAULT 0,
  `doc` varchar(20) NOT NULL,
  `receive_num` char(3) NOT NULL DEFAULT '',
  `plan` char(2) NOT NULL DEFAULT '',
  `project` varchar(20) NOT NULL,
  `activity` varchar(20) NOT NULL,
  `pay_group` char(3) NOT NULL DEFAULT '',
  `item` varchar(50) NOT NULL DEFAULT '',
  `withdraw` double NOT NULL DEFAULT 0,
  `tax` double NOT NULL DEFAULT 0,
  `pay` double NOT NULL DEFAULT 0,
  `officer` varchar(13) NOT NULL,
  `rec_date` date NOT NULL,
  PRIMARY KEY (`id`)
) ENGINE=MyISAM DEFAULT CHARSET=utf8 COLLATE=utf8_general_ci;

--
-- Dumping data for table `budget_deega`
--


--
-- Table structure for table `budget_document`
--

CREATE TABLE `budget_document` (
  `id` int(11) NOT NULL AUTO_INCREMENT,
  `subject` varchar(150) NOT NULL,
  `file_name` varchar(150) NOT NULL,
  `rec_date` date NOT NULL,
  `officer` varchar(13) NOT NULL,
  PRIMARY KEY (`id`)
) ENGINE=MyISAM DEFAULT CHARSET=utf8 COLLATE=utf8_general_ci;

--
-- Dumping data for table `budget_document`
--


--
-- Table structure for table `budget_main`
--

CREATE TABLE `budget_main` (
  `id` int(11) NOT NULL AUTO_INCREMENT,
  `budget_year` int(11) NOT NULL,
  `doc` varchar(30) NOT NULL,
  `refer_wd_id` int(11) DEFAULT NULL,
  `type_id` int(11) NOT NULL,
  `item` varchar(100) NOT NULL,
  `receive_amount` double DEFAULT NULL,
  `pay_amount` double DEFAULT NULL,
  `payed_person` varchar(50) NOT NULL,
  `change_amount` double DEFAULT NULL,
  `pay_group` int(4) DEFAULT NULL,
  `status` tinyint(4) NOT NULL,
  `rec_date` date NOT NULL,
  `officer` varchar(13) DEFAULT NULL,
  PRIMARY KEY (`id`)
) ENGINE=MyISAM AUTO_INCREMENT=180 DEFAULT CHARSET=utf8 COLLATE=utf8_general_ci;

--
-- Dumping data for table `budget_main`
--

INSERT INTO `budget_main` VALUES (13,2558,'001',NULL,115,'อุปกรณ์การเรียน',84555,NULL,'',NULL,NULL,2,'2015-09-29','3330100377604'),(11,2558,'001',NULL,118,'อาหารกลางวัน ปีงบประมาณ 2558',600000,NULL,'',NULL,NULL,2,'2015-09-29','3330100377604'),(12,2558,'001',NULL,114,'หนังสือเรียน',149949,NULL,'',NULL,NULL,2,'2015-09-29','3330100377604'),(9,2558,'001',NULL,101,'เงินรายได้สถานศึกษา',30000,NULL,'',NULL,NULL,2,'2015-09-29','3330100377604'),(141,2559,'บค18/59',51,118,'อาหารกลางวัน',NULL,3000,'นางประคอง โลทัง',NULL,203,4,'2015-11-16','3330100377604'),(14,2558,'001',NULL,116,'เครื่องแบบนักเรียน',86700,NULL,'',NULL,NULL,2,'2015-09-29','3330100377604'),(118,2559,'บค1/59',27,118,'อาหารกลางวัน',NULL,3000,'นางประคอง โลทัง',NULL,203,3,'2015-10-01','3330100377604'),(15,2558,'001',NULL,117,'พัฒนาผู้เรียน',138905,NULL,'',NULL,NULL,2,'2015-09-29','3330100377604'),(16,2558,'001',NULL,108,'ก่อนประถม',31100,NULL,'',NULL,NULL,2,'2015-09-29','3330100377604'),(17,2558,'001',NULL,109,'ประถมศึกษา',400000,NULL,'',NULL,NULL,2,'2015-09-29','3330100377604'),(18,2558,'001',NULL,111,'มัธยมศึกษา',200000,NULL,'',NULL,NULL,2,'2015-09-29','3330100377604'),(19,2558,'001',NULL,112,'ปัจจัยพื้นฐานนักเรียนประถมศึกษา',58500,NULL,'',NULL,NULL,2,'2015-09-29','3330100377604'),(20,2558,'001',NULL,113,'ปัจจัยพื้นฐานนักเรียนมัธยมศึกษา',59500,NULL,'',NULL,NULL,2,'2015-09-29','3330100377604'),(21,2558,'002',NULL,118,'สุขาภิบาล',75000,NULL,'',NULL,NULL,2,'2015-09-29','3330100377604'),(22,2558,'002',NULL,113,'ค่าสาธารณูปโภค',17300,NULL,'',NULL,NULL,2,'2015-09-29','3330100377604'),(23,2558,'002',NULL,112,'ค่าไฟฟ้า',50000,NULL,'',NULL,NULL,2,'2015-09-29','3330100377604'),(24,2558,'003',NULL,110,'เด็กไทยแก้มใส',42000,NULL,'',NULL,NULL,2,'2015-10-01','3330100377604'),(26,2559,'001',NULL,114,'หนังสือเรียน',149949,NULL,'',NULL,NULL,2,'2015-10-01','3330100377604'),(27,2559,'001',NULL,115,'อุปกรณ์การเรียน',84555,NULL,'',NULL,NULL,2,'2015-10-01','3330100377604'),(28,2559,'001',NULL,116,'เครื่องแบบ',86700,NULL,'',NULL,NULL,2,'2015-10-01','3330100377604'),(29,2559,'001',NULL,117,'พัฒนาผู้เรียน',138905,NULL,'',NULL,NULL,2,'2015-10-01','3330100377604'),(30,2559,'บท1/59',NULL,108,'ยอดยกมา',31100,NULL,'',NULL,NULL,2,'2015-10-01','3330100377604'),(31,2559,'001',NULL,109,'อุดหนุนประถม',400000,NULL,'',NULL,NULL,2,'2015-10-01','3330100377604'),(32,2559,'001',NULL,110,'อุดหนุนมัธยม',200000,NULL,'',NULL,NULL,2,'2015-10-01','3330100377604'),(33,2559,'001',NULL,112,'ปัจจัยพื้นฐานประถม',58500,NULL,'',NULL,NULL,2,'2015-10-01','3330100377604'),(34,2559,'001',NULL,113,'ปัจจัยพื้นฐานมัธยม',59500,NULL,'',NULL,NULL,2,'2015-10-01','3330100377604'),(115,2559,'เปิดบัญชี',NULL,118,'ยอดยกมา',242648,NULL,'',NULL,NULL,2,'2015-10-01','3330100377604'),(36,2559,'002',NULL,112,'สาธารณูปโภค',17300,NULL,'',NULL,NULL,2,'2015-10-01','3330100377604'),(37,2559,'002',NULL,113,'ไฟฟ้า',50000,NULL,'',NULL,NULL,2,'2015-10-01','3330100377604'),(38,2559,'002',NULL,109,'เด็กไทยแก้มใส',42000,NULL,'',NULL,NULL,2,'2015-10-01','3330100377604'),(117,2559,'บท1/59',NULL,118,'ถอนเงินฝากธนาคาร',NULL,NULL,'',21000,NULL,7,'2015-10-01','3330100377604'),(43,2559,'003',4,114,'หนังสือเรียน',NULL,149949,'ร้านอรวรรณบุ๊คเซนเตอร์',NULL,203,4,'2015-10-01','3330100377604'),(44,2559,'004',5,115,'อุปกรณ์การเรียน',NULL,84555,'อุบลวัสดุ',NULL,203,4,'2015-10-01','3330100377604'),(45,2559,'005',6,116,'เครื่องแบบนักเรียน',NULL,86700,'ร้านแดงสปอร์ต',NULL,203,4,'2015-10-01','3330100377604'),(46,2559,'006',7,110,'วันสำคัญ',NULL,15000,'นายสุพิทยะ   อินธิไชย',NULL,203,4,'2015-10-01','3330100377604'),(48,2559,'008',8,109,'อ่านออกเขียนได้',NULL,40000,'นางทิพาพร    ประสงค์แสนสุข',NULL,203,4,'2015-10-01','3330100377604'),(49,2559,'009',9,110,'ความเป็นเลิศ',NULL,50000,'นางสมหมาย   อัครศรีชัยโรจน์',NULL,203,4,'2015-10-01','3330100377604'),(51,2559,'010',10,113,'แบบทดสอบ',NULL,20000,'นางสมหมาย   อัครศรีชัยโรจน์',NULL,203,4,'2015-10-02','3330100377604'),(52,2559,'011',11,110,'ผลิตสื่อการเรียนการสอน',NULL,30000,'สิบเอกทวี  ละพิมพ์',NULL,203,4,'2015-10-02','3330100377604'),(53,2559,'012',12,109,'ทัศนศึกษาแหล่งเรียนรู้',NULL,150000,'นางอิสราวดี   บุนนาค',NULL,202,4,'2015-10-02','3330100377604'),(54,2559,'013',13,108,'พัฒนาทักษะการสอน',NULL,20000,'นางเนตรนภาพร ดุจดำเกิง',NULL,203,4,'2015-10-02','3330100377604'),(55,2559,'014',14,109,'พัฒนางานการเงิน',NULL,20000,'นายสมคิด   ประสงค์แสนสุข',NULL,203,4,'2015-10-02','3330100377604'),(56,2559,'015',15,109,'อบรมสัมมนา',NULL,10000,'นายวิจิตร เชื้อทอง',NULL,202,4,'2015-10-02','3330100377604'),(57,2559,'016',16,113,'บำรุงขวัญ',NULL,10000,'นางเบญจใจพร   เชื้อทอง',NULL,202,4,'2015-10-02','3330100377604'),(58,2559,'017',17,113,'อบรมนักเรียน',NULL,15000,'นายดำรง   ชัยมงคลยศ',NULL,203,4,'2015-10-02','3330100377604'),(59,2559,'018',18,110,'อุปกรณ์กีฬา',NULL,21212.97,'นายสนอง    ส่งเสริม',NULL,203,4,'2015-10-02','3330100377604'),(60,2559,'019',19,113,'กิจกรรมสภานักเรียน',NULL,6000,'สิบเอกทวี    ละพิมพ์',NULL,203,4,'2015-10-02','3330100377604'),(61,2559,'020',20,109,'ค่ารถรับส่งนักเรียน',NULL,98287.03,'นายดำรง  ชัยมงคลยศ',NULL,103,4,'2015-10-02','3330100377604'),(62,2559,'021',21,112,'ปรับปรุงสภาพแวดล้อมและอาคารสถานที่',NULL,65800,'นายสนอง   ส่งเสริม',NULL,203,4,'2015-10-02','3330100377604'),(64,2559,'023',23,110,'ปรับปรุงห้องเรียน',NULL,20000,'นายสนอง    ส่งเสริม',NULL,203,4,'2015-10-02','3330100377604'),(65,2559,'024',24,113,'ปรับปรุงโรงอาหาร',NULL,9500,'นางสมหมาย  อัครศรีชัยดรจน์',NULL,103,4,'2015-10-02','3330100377604'),(66,2559,'025',25,117,'กิจกรรมพัฒนาคุณภาพผู้เรียน',NULL,130000,'สิบเอกทวี   ละพิมพ์',NULL,202,4,'2015-10-02','3330100377604'),(67,2559,'026',26,109,'พัฒนาระบบประกันคุณภาพภายใน',NULL,36531.36,'นางสมหมาย  อัครศรีชัยโรจน์',NULL,203,4,'2015-10-02','3330100377604'),(140,2559,'บค17/59',51,118,'อาหารกลางวัน',NULL,3000,'นางประคอง โลทัง',NULL,203,4,'2015-11-13','3330100377604'),(69,2559,'028',28,109,'ค่าจ้างภารโรง',NULL,6400,'นายวิจิตร  เชื้อทอง',NULL,101,4,'2015-10-02','3330100377604'),(70,2559,'029',29,117,'ค่าไฟฟ้า',NULL,4168.57,'นายสมคิด ประสงค์แสนสุข',NULL,204,4,'2015-10-02','3330100377604'),(71,2559,'030',30,113,'ค่ารถรับส่งนักเรียน',NULL,13860,'นายดำรง   ชัยมงคลยศ',NULL,103,4,'2015-10-02','3330100377604'),(72,2559,'031',31,110,'แข่งขันทักษะวิชาการ',NULL,30000,'นางสมหมาย   อัครศรีชัยโรจน์',NULL,202,4,'2015-10-06','3330100377604'),(73,2559,'032',32,113,'วัสดุการศึกษา',NULL,21295.5,'นางทิพาพร   ประสงค์แสนสุข',NULL,203,4,'2015-10-16','3330100377604'),(74,2559,'032',33,109,'เงินเดือนครูอัตราจ้าง',NULL,3000,'นายวิษณุกร บุญเดช',NULL,101,4,'2015-10-19','3330100377604'),(75,2559,'033',34,117,'พัฒนาคุณภาพผู้เรียน',NULL,15000,'นางทิพาพร   ประสงค์แสนสุข',NULL,203,4,'2015-10-19','3330100377604'),(76,2559,'034',35,108,'พัฒนาทักษะการสอน',NULL,11000,'นางสมหมาย   อัครศรีชัยโรจน์',NULL,203,4,'2015-10-19','3330100377604'),(77,2559,'035',36,112,'ผลิตสื่อการเรียนการสอน',NULL,21212.97,'นายสมคิด   ประสงค์แสนสุข',NULL,203,4,'2015-10-19','3330100377604'),(78,2559,'036',37,109,'เอกสารงานการเงิน',NULL,4000,'นางสมหมาย   อัครศรีชัยโรจน์',NULL,203,4,'2015-10-19','3330100377604'),(89,2559,'001',NULL,109,'ประถมศึกษา',73150,NULL,'',NULL,NULL,2,'2015-11-01','3330100377604'),(85,2559,'038',38,110,'วันสำคัญ',NULL,10500,'นางทิพาพร  ประสงค์แสนสุข',NULL,202,4,'2015-10-27','3330100377604'),(86,2559,'001',NULL,115,'ค่าอุปกรณ์',29605,NULL,'',NULL,NULL,2,'2015-11-01','3330100377604'),(87,2559,'001',NULL,117,'พัฒนาผู้เรียน',49170,NULL,'',NULL,NULL,2,'2015-11-01','3330100377604'),(88,2559,'001',NULL,108,'ก่อนประถม',18700,NULL,'',NULL,NULL,2,'2015-11-01','3330100377604'),(90,2559,'001',NULL,110,'มัธยมศึกษา',136750,NULL,'',NULL,NULL,2,'2015-11-01','3330100377604'),(131,2559,'บค8/59',39,118,'อาหารกลางวัน',NULL,3000,'นางประคอง โลทัง',NULL,203,3,'2015-11-02','3330100377604'),(92,2559,'040',40,117,'ค่าไฟฟ้า',NULL,4052.13,'นายสมคิด ประสงค์แสนสุข',NULL,204,4,'2015-11-03','3330100377604'),(93,2559,'041',41,117,'ค่ารถรับส่งนักเรียน',NULL,3480,'นายลด   สีดาบุตร',NULL,103,4,'2015-11-03','3330100377604'),(94,2559,'041',42,117,'ค่าจ้างนักการภารโรง',NULL,6600,'นายประวัติ   โลทัง',NULL,101,4,'2015-11-03','3330100377604'),(95,2559,'001',NULL,112,'เงินบริจาคพัฒนาโรงเรียน',20000,NULL,'',NULL,NULL,2,'2015-11-09','3330100377604'),(96,2559,'042',43,110,'พัฒนาสนาม  BBL',NULL,31000,'นางอิศราวดี  บุนนาค',NULL,203,4,'2015-11-09','3330100377604'),(97,2559,'044',44,110,'พัฒนาบุคลากร',NULL,10000,'นายวิจิตร  เชื้อทอง',NULL,203,4,'2015-11-09','3330100377604'),(98,2559,'045',45,117,'พัฒนาแหล่งเรียนรู้',NULL,4010,'นายดำรง   ชัยมงคลยศ',NULL,203,4,'2015-11-09','3330100377604'),(99,2559,'046',46,112,'พัฒนาแหล่งเรียนรู้',NULL,8787.03,'นายประวัติ   โลทัง',NULL,203,4,'2015-11-09','3330100377604'),(100,2559,'047',47,109,'พัฒนาการคิด  วิเคราะห์  เขียน',NULL,11212.97,'นางทิพาพร   ประสงค์แสนสุข',NULL,203,4,'2015-11-09','3330100377604'),(101,2559,'048',48,115,'ค่าอุปกรณ์การเรียน',NULL,29605,'นางสมหมาย  อัครศรีชัยโรจน์',NULL,203,4,'2015-11-09','3330100377604'),(102,2559,'049',49,108,'ค่าอุปกรณ์การเรียน',NULL,11215,'นางเนตรนภาพร  ดุจดำเกิง',NULL,203,4,'2015-11-09','3330100377604'),(103,2559,'050',50,109,'วัสดุการศึกษา',NULL,11270,'นายสุพิทยะ   อินธิไชย',NULL,203,4,'2015-11-09','3330100377604'),(130,2559,'บท8/59',NULL,118,'อาหารกลางวัน',NULL,NULL,'',21000,NULL,7,'2015-12-23','3330100377604'),(105,2559,'043',52,109,'ค่าสาธารณูปโภค',NULL,20000.21,'นางสมหมาย   อัครศรีชัยโรจน์',NULL,204,4,'2015-11-30','3330100377604'),(106,2559,'043',53,110,'กีฬา',NULL,13979.79,'นายสนอง    ส่งเสริม',NULL,203,4,'2015-11-30','3330100377604'),(107,2559,'043',54,113,'ค่ารถรับส่งนักเรียน',NULL,10252.21,'นางสมหมาย   อัครศรีชัยโรจน์',NULL,103,4,'2015-11-30','3330100377604'),(108,2559,'043',55,108,'พัฒนาทักษะการสอน  BBL',NULL,5000,'นางสมหมาย   อัครศรีชัยโรจน์',NULL,203,4,'2015-11-30','3330100377604'),(109,2559,'043',56,110,'พัฒนาบุคลากร',NULL,5000,'นางสมหมาย   อัครศรีชัยโรจน์',NULL,202,4,'2015-11-30','3330100377604'),(129,2559,'บท6/59',NULL,118,'อาหารกลางวัน',NULL,NULL,'',21000,NULL,7,'2015-12-14','3330100377604'),(128,2559,'บท5/59',NULL,118,'อาหารกลางวัน',NULL,NULL,'',21000,NULL,7,'2015-12-01','3330100377604'),(127,2559,'บท4/59',NULL,118,'อาหารกลางวัน',NULL,NULL,'',21000,NULL,7,'2015-11-20','3330100377604'),(125,2559,'บท2/59',NULL,118,'อาหารกลางวัน',NULL,NULL,'',21000,NULL,7,'2015-11-02','3330100377604'),(126,2559,'บท3/59',NULL,118,'อาหารกลางวัน',NULL,NULL,'',21000,NULL,7,'2015-11-11','3330100377604'),(114,2559,'22',NULL,118,'อาหารกลางวัน',142000,NULL,'',NULL,NULL,2,'2015-12-23','3330100377604'),(119,2559,'บค2/59',27,118,'อาหารกลางวัน',NULL,3000,'นางประคอง โลทัง',NULL,203,3,'2015-10-02','3330100377604'),(120,2559,'บค3/59',27,118,'อาหารกลางวัน',NULL,3000,'นางประคอง โลทัง',NULL,203,3,'2015-10-05','3330100377604'),(121,2559,'บค4/59',27,118,'อาหารกลางวัน',NULL,3000,'นางประคอง โลทัง',NULL,203,3,'2015-10-06','3330100377604'),(122,2559,'บค5/59',27,118,'อาหารกลางวัน',NULL,3000,'นางประคอง โลทัง',NULL,203,3,'2015-10-07','3330100377604'),(123,2559,'บค6/59',27,118,'อาหารกลางวัน',NULL,3000,'นางประคอง โลทัง',NULL,203,3,'2015-10-08','3330100377604'),(124,2559,'บค7/59',27,118,'อาหารกลางวัน',NULL,3000,'นางประคอง โลทัง',NULL,203,3,'2015-10-09','3330100377604'),(132,2559,'บค9/59',39,118,'อาหารกลางวัน',NULL,3000,'นางประคอง โลทัง',NULL,203,3,'2015-11-03','3330100377604'),(133,2559,'บค10/59',39,118,'อาหารกลางวัน',NULL,3000,'นางประคอง โลทัง',NULL,203,3,'2015-11-04','3330100377604'),(134,2559,'บค11/59',39,118,'อาหารกลางวัน',NULL,3000,'นางประคอง โลทัง',NULL,203,3,'2015-11-05','3330100377604'),(135,2559,'บค12/59',39,118,'อาหารกลางวัน',NULL,3000,'นางประคอง โลทัง',NULL,203,3,'2015-11-06','3330100377604'),(136,2559,'บค13/59',39,118,'อาหารกลางวัน',NULL,3000,'นางประคอง โลทัง',NULL,203,3,'2015-11-09','3330100377604'),(137,2559,'บค14/59',39,118,'อาหารกลางวัน',NULL,3000,'นางประคอง โลทัง',NULL,203,3,'2015-11-10','3330100377604'),(138,2559,'บค15/59',39,118,'อาหารกลางวัน',NULL,3000,'นางประคอง โลทัง',NULL,203,3,'2015-11-11','3330100377604'),(139,2559,'บค16/59',51,118,'อาหารกลางวัน',NULL,3000,'นางประคอง โลทัง',NULL,203,3,'2015-11-12','3330100377604'),(142,2559,'บค19/59',51,118,'อาหารกลางวัน',NULL,3000,'นางประคอง โลทัง',NULL,203,3,'2015-11-17','3330100377604'),(143,2559,'บค20/59',51,118,'อาหารกลางวัน',NULL,3000,'นางประคอง โลทัง',NULL,203,3,'2015-11-18','3330100377604'),(144,2564,'บค1/64',NULL,118,'ยอดยกมา',106713.74,NULL,'',NULL,NULL,2,'2020-10-01','3330100377604'),(145,2564,'บค1/64',NULL,108,'ยอดยกมา',37286.45,NULL,'',NULL,NULL,2,'2020-10-01','3330100377604'),(146,2564,'บค1/64',NULL,109,'ยอดยกมา',6473.69,NULL,'',NULL,NULL,2,'2020-10-01','3330100377604'),(147,2564,'บค1/64',NULL,110,'ยอดยกมา',70628.69,NULL,'',NULL,NULL,2,'2020-10-01','3330100377604'),(148,2564,'บค1/64',NULL,112,'ยอดยกมา',112111.45,NULL,'',NULL,NULL,2,'2020-10-01','3330100377604'),(149,2564,'บค1/64',NULL,117,'ยอดยกมา',5729.97,NULL,'',NULL,NULL,2,'2020-10-01','3330100377604'),(150,2564,'บค1/64',NULL,121,'ยอดยกมา',531.55,NULL,'',NULL,NULL,2,'2020-10-01','3330100377604'),(151,2564,'บค1/64',NULL,122,'ยอดยกมา',297.52,NULL,'',NULL,NULL,2,'2020-10-01','3330100377604'),(152,2564,'บค1/64',NULL,123,'ยอดยกมา',52.89,NULL,'',NULL,NULL,2,'2020-10-01','3330100377604'),(153,2564,'บจ1/64',NULL,118,'ถอนเงิน',NULL,NULL,'',21780,NULL,7,'2020-10-01','3330100377604'),(154,2564,'บค1/64',61,118,'อาหารกลางวัน',NULL,2420,'นางวันเพ็ญ  ศรีสุพรรณ',NULL,203,3,'2020-10-01','3330100377604'),(155,2564,'บค1/64',NULL,124,'ยอดยกมา',106022.54,NULL,'',NULL,NULL,2,'2020-10-01','3330100377604'),(156,2564,'บค2/64',NULL,124,'รับเงินจากกสศ.',90000,NULL,'',NULL,NULL,2,'2020-10-12','3330100377604'),(157,2564,'บค2/64',NULL,118,'รับเงินทุน  EDF',11000,NULL,'',NULL,NULL,2,'2020-11-16','3330100377604'),(158,2564,'บจ1/64',0,124,'จ่ายเงินปัจจัยพื้นฐานนักเรียนยากจนพิเศษ',NULL,194000,'ครูทิพาพร  ประสงค์แสนสุข',NULL,201,3,'2020-10-21','3330100377604'),(159,2564,'บจ1/64',0,124,'จ่ายเงินคืน  กสศ.',NULL,2000,'ครูทิพาพร  ประสงค์แสนสุข',NULL,201,3,'2020-10-30','3330100377604'),(160,2564,'บจ1/64',0,108,'ค่าเงินเดือนภารโรง',NULL,7200,'นายประวัติ   โลทัง',NULL,201,3,'2020-10-01','3330100377604'),(162,2564,'บจ1/64',0,113,'ค่ารถรับส่งนักเรียนและเสื้อกีฬา',NULL,17440,'นายลด   สีดาบุตร',NULL,202,3,'2020-10-01','3330100377604'),(163,2564,'บจ1/64',0,117,'ค่าไฟฟ้าและอินเตอร์เนต',NULL,4508.94,'การไฟฟ้าส่วนภูมิภาค  เนต 3BB',NULL,202,3,'2020-10-01','3330100377604'),(164,2564,'บจ2/64',0,108,'เงินเดือนภารโรง',NULL,7200,'นายประวัติ   โลทัง',NULL,201,3,'2020-10-30','3330100377604'),(165,2564,'บจ2/64',0,110,'ค่าอาหารนักเรียนมัธยมฯและไฟฟ้า',NULL,21163.05,'นางวันเพ็ญ  ศรีสุพรรณ',NULL,202,3,'2020-10-30','3330100377604'),(166,2564,'บจ2/64',0,113,'ค่ารถรับส่งนักเรียนและอินเตอร์เนต',NULL,17824,'นายลด   สีดาบุตร',NULL,202,3,'2020-10-30','3330100377604'),(167,2564,'บจ3/64',0,112,'ค่ากระจกและห้องแอร์',NULL,30000,'นายวิจิตร   อินธิไชย',NULL,203,3,'2020-11-09','3330100377604'),(168,2564,'บจ4/64',0,101,'ค่าวัสดุการศึกษา',NULL,38000,'อุบลวัสดุ',NULL,203,3,'2020-11-26','3330100377604'),(169,2564,'บจ5/64',0,112,'อินเตอร์เนตและไฟฟ้า',NULL,6190.71,'การไฟฟ้าส่วนภูมิภาค  เนต 3BB',NULL,202,3,'2020-11-30','3330100377604'),(170,2564,'บจ4/64',0,108,'เงินเดือนภารโรง',NULL,7200,'นายประวัติ   โลทัง',NULL,201,3,'2020-11-30','3330100377604'),(171,2564,'บจ4/64',0,110,'ค่าอาหารนักเรียนมัธยมฯและรถรับส่ง',NULL,21050,'นางวันเพ็ญ  ศรีสุพรรณ',NULL,202,3,'2020-11-30','3330100377604'),(172,2564,'บค2/64',61,118,'อาหารกลางวัน',NULL,2420,'นางวันเพ็ญ  ศรีสุพรรณ',NULL,203,3,'2020-10-02','3330100377604'),(173,2564,'บจ3/64',61,118,'อาหารกลางวัน',NULL,2420,'นางวันเพ็ญ  ศรีสุพรรณ',NULL,203,3,'2020-10-05','3330100377604'),(174,2564,'บจ5/64',61,118,'อาหารกลางวัน',NULL,2420,'นางวันเพ็ญ  ศรีสุพรรณ',NULL,203,3,'2020-10-06','3330100377604'),(175,2564,'บจ2/64',61,118,'อาหารกลางวัน',NULL,2420,'นางวันเพ็ญ  ศรีสุพรรณ',NULL,203,3,'2020-10-03','3330100377604'),(176,2564,'บจ4/64',61,118,'อาหารกลางวัน',NULL,2420,'นางวันเพ็ญ  ศรีสุพรรณ',NULL,203,3,'2020-10-07','3330100377604'),(177,2564,'บจ1/64',61,118,'อาหารกลางวัน',NULL,2420,'นางวันเพ็ญ  ศรีสุพรรณ',NULL,203,3,'2020-10-08','3330100377604'),(178,2564,'บจ2/64',61,118,'อาหารกลางวัน',NULL,2420,'นางวันเพ็ญ  ศรีสุพรรณ',NULL,203,3,'2020-10-09','3330100377604'),(179,2564,'บจ4/64',61,118,'อาหารกลางวัน',NULL,2420,'นางวันเพ็ญ  ศรีสุพรรณ',NULL,203,3,'2020-10-10','3330100377604');

--
-- Table structure for table `budget_money_return`
--

CREATE TABLE `budget_money_return` (
  `id` int(11) NOT NULL AUTO_INCREMENT,
  `budget_year` int(11) DEFAULT NULL,
  `document` varchar(30) NOT NULL DEFAULT '',
  `item` varchar(100) NOT NULL DEFAULT '',
  `pj_activity` varchar(20) NOT NULL DEFAULT '',
  `money` double NOT NULL DEFAULT 0,
  `pay_type` varchar(10) NOT NULL,
  `p_request` varchar(13) NOT NULL DEFAULT '',
  `officer` varchar(13) NOT NULL DEFAULT '',
  `rec_date` date NOT NULL,
  PRIMARY KEY (`id`)
) ENGINE=MyISAM DEFAULT CHARSET=utf8 COLLATE=utf8_general_ci;

--
-- Dumping data for table `budget_money_return`
--


--
-- Table structure for table `budget_pay_type`
--

CREATE TABLE `budget_pay_type` (
  `id` int(11) NOT NULL AUTO_INCREMENT,
  `pay_type_id` int(11) NOT NULL,
  `pay_group_id` tinyint(4) NOT NULL,
  `pay_type_name` varchar(30) NOT NULL,
  PRIMARY KEY (`id`),
  UNIQUE KEY `pay_type_id` (`pay_type_id`)
) ENGINE=MyISAM AUTO_INCREMENT=16 DEFAULT CHARSET=utf8 COLLATE=utf8_general_ci;

--
-- Dumping data for table `budget_pay_type`
--

INSERT INTO `budget_pay_type` VALUES (1,101,1,'เงินเดือน'),(15,102,1,'ค่าจ้างประจำ'),(3,103,1,'ค่าจ้างชั่วคราว'),(4,104,1,'ค่าตอบแทนพนักงานราชการ'),(5,201,2,'ค่าตอบแทน'),(6,202,2,'ค่าใช้สอย'),(7,203,2,'ค่าวัสดุ'),(8,204,2,'ค่าสาธารณูปโภค'),(9,301,3,'ค่าครุภัณฑ์'),(10,302,3,'ค่าที่ดินและสิ่งก่อสร้าง');

--
-- Table structure for table `budget_permission`
--

CREATE TABLE `budget_permission` (
  `id` int(11) NOT NULL AUTO_INCREMENT,
  `person_id` varchar(13) NOT NULL,
  `p1` tinyint(4) NOT NULL,
  `p2` tinyint(4) NOT NULL,
  `p3` tinyint(4) NOT NULL,
  `p4` tinyint(4) NOT NULL,
  `officer` varchar(13) NOT NULL,
  `rec_date` date NOT NULL,
  PRIMARY KEY (`id`)
) ENGINE=MyISAM AUTO_INCREMENT=12 DEFAULT CHARSET=utf8 COLLATE=utf8_general_ci;

--
-- Dumping data for table `budget_permission`
--

INSERT INTO `budget_permission` VALUES (3,'3330100377604',1,1,1,1,'3330100377604','2015-08-09'),(11,'1329900134368',1,1,1,1,'5341190001681','2024-01-30');

--
-- Table structure for table `budget_project`
--

CREATE TABLE `budget_project` (
  `id` int(11) NOT NULL AUTO_INCREMENT,
  `budget_year` int(11) NOT NULL,
  `code` varchar(16) NOT NULL DEFAULT '',
  `name` varchar(80) NOT NULL DEFAULT '',
  PRIMARY KEY (`id`)
) ENGINE=MyISAM DEFAULT CHARSET=utf8 COLLATE=utf8_general_ci;

--
-- Dumping data for table `budget_project`
--


--
-- Table structure for table `budget_receive`
--

CREATE TABLE `budget_receive` (
  `id` int(11) NOT NULL AUTO_INCREMENT,
  `budget_year` int(11) NOT NULL,
  `num` float NOT NULL DEFAULT 0,
  `book_number` varchar(30) NOT NULL DEFAULT '',
  `out_date` varchar(50) NOT NULL DEFAULT '',
  `book_ref` varchar(30) NOT NULL DEFAULT '',
  `plan` char(1) NOT NULL DEFAULT '',
  `project` varchar(16) NOT NULL DEFAULT '',
  `activity` varchar(50) NOT NULL DEFAULT '',
  `activity2` varchar(200) NOT NULL DEFAULT '',
  `m_source` varchar(7) NOT NULL DEFAULT '',
  `account` varchar(30) NOT NULL DEFAULT '',
  `m_pay` char(3) NOT NULL DEFAULT '',
  `item` varchar(250) NOT NULL DEFAULT '',
  `detail` varchar(250) NOT NULL DEFAULT '',
  `money` double NOT NULL DEFAULT 0,
  `rec_date` date DEFAULT NULL,
  `officer` varchar(13) NOT NULL DEFAULT '',
  PRIMARY KEY (`id`),
  UNIQUE KEY `num` (`num`)
) ENGINE=MyISAM DEFAULT CHARSET=utf8 COLLATE=utf8_general_ci;

--
-- Dumping data for table `budget_receive`
--


--
-- Table structure for table `budget_type`
--

CREATE TABLE `budget_type` (
  `id` int(11) NOT NULL AUTO_INCREMENT,
  `type_id` int(11) NOT NULL,
  `category_id` int(11) NOT NULL,
  `type_name` varchar(70) NOT NULL,
  PRIMARY KEY (`id`),
  UNIQUE KEY `type_id` (`type_id`)
) ENGINE=MyISAM AUTO_INCREMENT=53 DEFAULT CHARSET=utf8 COLLATE=utf8_general_ci;

--
-- Dumping data for table `budget_type`
--

INSERT INTO `budget_type` VALUES (1,101,1,'เงินรายได้สถานศึกษา'),(2,102,1,'เงินบริจาค'),(33,103,1,'เงินภาษีหัก ณ ที่จ่าย'),(4,104,1,'เงินลูกเสือ'),(34,105,1,'เงินเนตรนารี'),(6,106,1,'เงินยุวกาชาด'),(7,107,1,'เงินประกันสัญญา'),(8,108,1,'เงินอุดหนุนทั่วไป(ค่าใช้จ่ายรายหัวก่อนประถมศึกษา)'),(47,119,1,'เงินบริจาคมีวัตถุประสงค์'),(38,304,3,'รายได้เบ็ดเตล็ดอื่น'),(14,301,3,'ค่าขายของเบ็ดเตล็ด'),(36,302,3,'ค่าธรรมเนียมเบ็ดเตล็ด'),(37,303,3,'เงินเหลือจ่ายปีเก่าส่งคืน'),(29,109,1,'เงินอุดหนุนทั่วไป(ค่าใช้จ่ายรายหัวประถมศึกษา)'),(23,112,1,'เงินอุดหนุนทั่วไป(ปัจจัยพื้นฐานนักเรียนยากจนประถมศึกษา)'),(24,113,1,'เงินอุดหนุนทั่วไป(ปัจจัยพื้นฐานนักเรียนยากจนมัธยมต้น)'),(25,114,1,'เรียนฟรี15ปี(ค่าหนังสือเรียน)'),(26,115,1,'เรียนฟรี15ปี(ค่าอุปกรณ์การเรียน)'),(27,116,1,'เรียนฟรี15ปี(ค่าเครื่องแบบนักเรียน)'),(28,117,1,'เรียนฟรี15ปี(ค่ากิจกรรมพัฒนาผู้เรียน)'),(30,110,1,'เงินอุดหนุนทั่วไป(ค่าใช้จ่ายรายหัวมัธยมศึกษาตอนต้น)'),(35,118,1,'เงินอาหารกลางวัน'),(48,120,1,'เงินอุดหนุนที่ได้รับจากอบต./เทศบาล'),(49,121,1,'โครงการเท่ห์กินผักน่ารักกินผลไม้'),(50,122,1,'เงินทุนหมุนเวียนส่งเสริมผลผลิตเพื่ออาหารกลางวัน'),(51,123,1,'เงินกองทุนเพื่อโครงการอาหารกลางวัน'),(52,124,1,'เงินปัจจัยพื้นฐานนักเรียนยากจนพิเศษ จาก กสศ.');

--
-- Table structure for table `budget_withdraw`
--

CREATE TABLE `budget_withdraw` (
  `id` int(11) NOT NULL AUTO_INCREMENT,
  `budget_year` int(11) DEFAULT NULL,
  `document` varchar(30) NOT NULL DEFAULT '',
  `item` varchar(100) NOT NULL DEFAULT '',
  `pj_activity` varchar(20) NOT NULL DEFAULT '',
  `money` double NOT NULL DEFAULT 0,
  `money_type` varchar(3) NOT NULL,
  `pay_type` varchar(10) NOT NULL,
  `p_request` varchar(50) NOT NULL,
  `status` tinyint(4) DEFAULT 0,
  `officer` varchar(13) NOT NULL DEFAULT '',
  `rec_date` date NOT NULL,
  `borrowed_rec_date` date NOT NULL,
  `withdraw_rec_date` date NOT NULL,
  PRIMARY KEY (`id`)
) ENGINE=MyISAM AUTO_INCREMENT=62 DEFAULT CHARSET=utf8 COLLATE=utf8_general_ci;

--
-- Dumping data for table `budget_withdraw`
--

INSERT INTO `budget_withdraw` VALUES (1,2558,'001','อาหารกลางวัน 1/58','002002',50000,'','203','นางสมหมาย  อัครศรีชัยโรจน์',1,'3330100377604','2015-09-29','0000-00-00','2015-09-29'),(4,2559,'003','หนังสือเรียน','006001',149949,'','203','นายสมคิด  ประสงค์แสนสุข',1,'3330100377604','2015-10-01','0000-00-00','2015-10-01'),(5,2559,'004','อุปกรณ์การเรียน','006002',84555,'','203','นางสมหมาย  อัครศรีชัยโรจน์',1,'3330100377604','2015-10-01','0000-00-00','2015-10-01'),(6,2559,'005','เครื่องแบบนักเรียน','006003',86700,'','203','นางทิพาพร ประสงค์แสนสุข',1,'3330100377604','2015-10-01','0000-00-00','2015-10-01'),(7,2559,'006','วันสำคัญ','004001',15000,'','203','นายสุพิทยะ อินธิไชย',1,'3330100377604','2015-10-01','0000-00-00','2015-10-01'),(8,2559,'007','อ่านออก เขียนได้  คิดเลขเป็น','001001',40000,'','203','นางสาวบังอร  จันทร์ถอด',1,'3330100377604','2015-10-01','0000-00-00','2015-10-01'),(9,2559,'008','แข่งทักษะวิชาการ','001002',50000,'','203','นางสมหมาย  อัครศรีชัยโรจน์',1,'3330100377604','2015-10-01','0000-00-00','2015-10-01'),(10,2559,'009','แบบทดสอบ','001004',20000,'','203','นางกนกจิต  โปริสา',1,'3330100377604','2015-10-01','0000-00-00','2015-10-01'),(11,2559,'010','ผลิตสื่อการเรียนการสอน','001005',30000,'','203','สิบเอกทวี   ละพิมพ์',1,'3330100377604','2015-10-01','0000-00-00','2015-10-01'),(12,2559,'011','ทัศนศึกษาแหล่งเรียนรู้','001006',150000,'','202','นางกนกจิต โปริสา',1,'3330100377604','2015-10-01','0000-00-00','2015-10-01'),(13,2559,'012','พัฒนาทักษะการสอน','001008',20000,'','203','นางเนตรนภาพร   ดุจดำเกิง',1,'3330100377604','2015-10-01','0000-00-00','2015-10-01'),(14,2559,'013','พัฒนางานการเงิน','002001',20000,'','203','นายสมคิด ประสงค์แสนสุข',1,'3330100377604','2015-10-01','0000-00-00','2015-10-01'),(15,2559,'014','พัฒนาบุคลากร','003001',10000,'','202','นายวิจิต   เชื้อทอง',1,'3330100377604','2015-10-01','0000-00-00','2015-10-01'),(16,2559,'015','บำรุงขวัญ','003002',10000,'','202','นางเบญจใจพร เชื้อทอง',1,'3330100377604','2015-10-01','0000-00-00','2015-10-01'),(17,2559,'016','พัฒนาผู้เรียน','004002',15000,'','204','นายดำรง   ชัยมงคลยศ',1,'3330100377604','2015-10-01','0000-00-00','2015-10-01'),(18,2559,'017','วัสดุกีฬา','004003',21212.97,'','203','นายสนอง   ส่งเสริม',1,'3330100377604','2015-10-01','0000-00-00','2015-10-01'),(19,2559,'018','ประชาธิปไตย','004004',6000,'','203','สิบเอกทวี  ละพิมพ์',1,'3330100377604','2015-10-01','0000-00-00','2015-10-01'),(20,2559,'019','จ้างรถรับส่งนักเรียน','004005',98287.03,'','204','นายดำรง  ชัยมงคลยศ',1,'3330100377604','2015-10-01','0000-00-00','2015-10-01'),(21,2559,'020','ปรับปรุงอาคารสถานที่','005001',65800,'','203','นายสนอง   ส่งเสริม',1,'3330100377604','2015-10-01','0000-00-00','2015-10-01'),(22,2559,'021','โรงเรียนสะอาด','005002',30000,'','203','นางทิพาพรประสงค์แสนสุข',1,'3330100377604','2015-10-01','0000-00-00','2015-10-01'),(23,2559,'022','ปรับปรุงห้องเรียน','005003',20000,'','203','นางอิศราวดี   บุนนาค',1,'3330100377604','2015-10-01','0000-00-00','2015-10-01'),(24,2559,'023','ปรับปรุงโรงอาหาร','005004',9500,'','203','นางสมหมาย   อัครศรีชัยโรจน์',1,'3330100377604','2015-10-01','0000-00-00','2015-10-01'),(25,2559,'024','พัฒนาผู้เรียน','006004',130000,'','203','นายวิจิตร   เชื้อทอง',1,'3330100377604','2015-10-01','0000-00-00','2015-10-01'),(26,2559,'025','ประกันคุณภาพภายใน','001007',36531.36,'','203','นางสมหมาย อัครศรีชัยโรจน์',1,'3330100377604','2015-10-01','0000-00-00','2015-10-01'),(27,2559,'026','อาหารกลางวัน','007001',21000,'','203','นางสมหมาย อัครศรีชัยโรจน์',1,'3330100377604','2015-10-02','0000-00-00','2015-10-02'),(28,2559,'027','เงินเดือนภารโรง','006004',6400,'','101','นางสมหมาย อัครศรีชัยโรจน์',1,'3330100377604','2015-10-02','0000-00-00','2015-10-02'),(29,2559,'028','ค่าไฟฟ้า','005005',4168.57,'','204','นายสมคิด   ประสงค์แสนสุข',1,'3330100377604','2015-10-02','0000-00-00','2015-10-02'),(30,2559,'029','ค่ารถรับส่งนักเรียน','001005',13860,'','102','นางสมหมาย  อัครศรีชัยโรจน์',1,'3330100377604','2015-10-02','0000-00-00','2015-10-02'),(31,2559,'030','แข่งขันทักษะทางวิชาการ','001002',30000,'','202','นางสมหมายอัครศรีชัยโรจน์',1,'3330100377604','2015-10-06','0000-00-00','2015-10-06'),(32,2559,'031','วัสดุการศึกษา','001004',21295.5,'','203','นางทิพาพร  ประสงค์แสนสุข',1,'3330100377604','2015-10-16','0000-00-00','2015-10-16'),(33,2559,'032','เงินเดือนครูอัตราจ้าง','003001',3000,'','101','นายวิจิตร  เชื้อทอง',1,'3330100377604','2015-10-19','0000-00-00','2015-10-19'),(34,2559,'033','พัฒนาคุณภาพผู้เรียน','006004',15000,'','203','นางทิพาพร   ประสงค์แสนสุข',1,'3330100377604','2015-10-19','0000-00-00','2015-10-19'),(35,2559,'035','พัฒนาทักษะการสอน','001008',11000,'','203','นางสมหมาย   อัครศรีชัยโรจน์',1,'3330100377604','2015-10-19','0000-00-00','2015-10-19'),(36,2559,'036','ผลิตสื่อ','001005',21212.97,'','203','นายสมคิด   ประสงค์แสนสุข',1,'3330100377604','2015-10-19','0000-00-00','2015-10-19'),(37,2559,'037','เอกสารงานการเงิน','002001',4000,'','203','นางสมหมาย  อัครศรีชัยโรจน์',1,'3330100377604','2015-10-19','0000-00-00','2015-10-19'),(38,2559,'038','วันสำคัญ','004001',10500,'','202','นางทิพาพรประสงค์แสนสุข',1,'3330100377604','2015-10-27','0000-00-00','2015-10-27'),(39,2559,'039','อาหารกลางวันปีงบประมาณ 2559','007001',21000,'','203','นางสมหมาย  อัครศรีชัยโรจน์',1,'3330100377604','2015-11-03','0000-00-00','2015-11-03'),(40,2559,'040','ค่าไฟฟ้า','005005',4052.13,'','204','นายสมคิด   ประสงค์แสนสุข',1,'3330100377604','2015-11-03','0000-00-00','2015-11-03'),(41,2559,'041','ค่ารถรับส่งนักเรียน','006004',3480,'','102','นายดำรง  ชัยมงคลยศ',1,'3330100377604','2015-11-03','0000-00-00','2015-11-03'),(42,2559,'042','ค่จ้างนักการภารโรง','006004',6600,'','102','นายดำรง  ชัยมงคลยศ',1,'3330100377604','2015-11-03','0000-00-00','2015-11-03'),(43,2559,'043','พัฒนาการเรียนการสอนBBL','001005',31000,'','203','นางอิศราวดี  บุนนาค',1,'3330100377604','2015-11-09','0000-00-00','2015-11-09'),(44,2559,'044','พัฒนาบุคลากร','003002',10000,'','203','นายวิจิตร   เชื้อทอง',1,'3330100377604','2015-11-09','0000-00-00','2015-11-09'),(45,2559,'045','พัฒนากิจกรรมพัฒนาผู้เรียน','006004',4010,'','203','นายดำรง  ชัยมงคลยศ',1,'3330100377604','2015-11-09','0000-00-00','2015-11-09'),(46,2559,'046','พัฒนาแหล่งเรียนรู้','005005',8787.03,'','203','นายประวัติ   โลทัง',1,'3330100377604','2015-11-09','0000-00-00','2015-11-09'),(47,2559,'047','พัฒนาการคิด วิเคราะห์ เขียน','001001',11212.97,'','203','นางทิพาพร ประสงค์แสนสุข',1,'3330100377604','2015-11-09','0000-00-00','2015-11-09'),(48,2559,'048','อุปกรณ์การเรียน','006002',29605,'','203','นางสมหมาย อัครศรีชัยโรจน์',1,'3330100377604','2015-11-09','0000-00-00','2015-11-09'),(49,2559,'049','อุกรณ์การเรียน','001008',11215,'','203','นางเนตรนภาพร  ดุจดำเกิง',1,'3330100377604','2015-11-09','0000-00-00','2015-11-09'),(50,2559,'050','วัสดุการศึกษา','001003',11270,'','203','นายสุพิทยะ อินธิไชย',1,'3330100377604','2015-11-09','0000-00-00','2015-11-09'),(51,2559,'051','อาหารกลางวัน','007001',42000,'','203','นางสมหมาย  อัครศรีชัยโรจน์',1,'3330100377604','2015-11-11','0000-00-00','2015-11-11'),(52,2559,'043','ค่าสาธารณูปโภค','005005',20000.21,'','202','นางสมหมาย   อัครศรีชัยโรจน์',1,'3330100377604','2015-11-30','0000-00-00','2015-11-30'),(53,2559,'043','กีฬา','004003',14232,'','203','นายสนอง    ส่งเสริม',1,'3330100377604','2015-11-30','0000-00-00','2015-11-30'),(54,2559,'043','ค่ารถรับส่งนักเรียน','004005',10000,'','103','นางสมหมาย   อัครศรีชัยโรจน์',0,'3330100377604','2015-11-30','2015-11-30','0000-00-00'),(55,2559,'043','พัฒนาทักษะการสอน  BBL','001008',5000,'','203','นางสมหมาย   อัครศรีชัยโรจน์',1,'3330100377604','2015-11-30','0000-00-00','2015-11-30'),(56,2559,'043','พัฒนาบุคลากร','003002',5000,'','202','นางสมหมาย   อัครศรีชัยโรจน์',1,'3330100377604','2015-11-30','0000-00-00','2015-11-30'),(61,2564,'บค1/64','อาหารกลางวัน','004001',2420,'118','203','นางกนกจิต   โปริสา',1,'3330100377604','2020-10-01','0000-01-01','2020-10-01');

--
-- Table structure for table `budget_year`
--

CREATE TABLE `budget_year` (
  `id` int(11) NOT NULL AUTO_INCREMENT,
  `budget_year` int(11) NOT NULL,
  `year_active` tinyint(1) NOT NULL,
  PRIMARY KEY (`id`),
  UNIQUE KEY `budget_year` (`budget_year`)
) ENGINE=MyISAM AUTO_INCREMENT=8 DEFAULT CHARSET=utf8 COLLATE=utf8_general_ci;

--
-- Dumping data for table `budget_year`
--

INSERT INTO `budget_year` VALUES (1,2558,0),(2,2559,0),(3,2562,0),(4,2563,0),(5,2564,0),(6,2567,0),(7,2568,1);

--
-- Table structure for table `cabinet_cabinet`
--

CREATE TABLE `cabinet_cabinet` (
  `id` int(11) NOT NULL AUTO_INCREMENT,
  `cabinet_id` int(11) NOT NULL,
  `cabinet_type` tinyint(4) NOT NULL,
  `cabinet_name` varchar(100) NOT NULL,
  `cabinet_size` double NOT NULL,
  `tray_size` double NOT NULL,
  `cabinet_person` varchar(13) NOT NULL,
  PRIMARY KEY (`id`),
  UNIQUE KEY `cabinet_id` (`cabinet_id`)
) ENGINE=MyISAM AUTO_INCREMENT=2 DEFAULT CHARSET=utf8 COLLATE=utf8_general_ci;

--
-- Dumping data for table `cabinet_cabinet`
--

INSERT INTO `cabinet_cabinet` VALUES (1,1,1,'การประชุม',12,34,'3340701441625');

--
-- Table structure for table `cabinet_file`
--

CREATE TABLE `cabinet_file` (
  `id` int(11) NOT NULL AUTO_INCREMENT,
  `file_id` int(11) NOT NULL,
  `tray_id` bigint(11) NOT NULL,
  `cabinet_id` int(11) NOT NULL,
  `file_name` varchar(100) NOT NULL,
  PRIMARY KEY (`id`)
) ENGINE=MyISAM DEFAULT CHARSET=utf8 COLLATE=utf8_general_ci;

--
-- Dumping data for table `cabinet_file`
--


--
-- Table structure for table `cabinet_main`
--

CREATE TABLE `cabinet_main` (
  `id` int(11) NOT NULL AUTO_INCREMENT,
  `file_id` int(11) NOT NULL,
  `tray_id` bigint(11) NOT NULL,
  `cabinet_id` int(11) NOT NULL,
  `cabinet_type` tinyint(4) NOT NULL,
  `doc_subject` varchar(150) NOT NULL,
  `doc_size` double NOT NULL,
  `doc_name` varchar(100) NOT NULL,
  `doc_type` varchar(10) NOT NULL,
  `status` tinyint(4) NOT NULL DEFAULT 0,
  `person_id` varchar(13) NOT NULL,
  `rec_date` datetime NOT NULL,
  PRIMARY KEY (`id`)
) ENGINE=MyISAM DEFAULT CHARSET=utf8 COLLATE=utf8_general_ci;

--
-- Dumping data for table `cabinet_main`
--


--
-- Table structure for table `cabinet_permission`
--

CREATE TABLE `cabinet_permission` (
  `id` int(11) NOT NULL AUTO_INCREMENT,
  `person_id` varchar(13) NOT NULL,
  `p1` tinyint(4) DEFAULT NULL,
  `officer` varchar(13) NOT NULL,
  `rec_date` date NOT NULL,
  PRIMARY KEY (`id`),
  UNIQUE KEY `person_id` (`person_id`)
) ENGINE=MyISAM AUTO_INCREMENT=4 DEFAULT CHARSET=utf8 COLLATE=utf8_general_ci;

--
-- Dumping data for table `cabinet_permission`
--

INSERT INTO `cabinet_permission` VALUES (1,'1349900054623',1,'5341190001681','2014-09-15'),(2,'5341190001681',1,'5341190001681','2014-09-15'),(3,'3340701441625',1,'3340701441625','2018-11-15');

--
-- Table structure for table `cabinet_tray`
--

CREATE TABLE `cabinet_tray` (
  `id` int(11) NOT NULL AUTO_INCREMENT,
  `tray_id` bigint(20) NOT NULL,
  `cabinet_id` int(11) NOT NULL,
  `tray_name` varchar(100) NOT NULL,
  PRIMARY KEY (`id`)
) ENGINE=MyISAM DEFAULT CHARSET=utf8 COLLATE=utf8_general_ci;

--
-- Dumping data for table `cabinet_tray`
--


--
-- Table structure for table `delegate_main`
--

CREATE TABLE `delegate_main` (
  `id` int(11) NOT NULL AUTO_INCREMENT,
  `person_id` varchar(13) NOT NULL,
  `start` date NOT NULL,
  `finish` date NOT NULL,
  `remark` varchar(250) NOT NULL,
  `officer` varchar(13) NOT NULL,
  `rec_date` date NOT NULL,
  PRIMARY KEY (`id`)
) ENGINE=MyISAM AUTO_INCREMENT=3 DEFAULT CHARSET=utf8 COLLATE=utf8_general_ci;

--
-- Dumping data for table `delegate_main`
--

INSERT INTO `delegate_main` VALUES (2,'5341190001681','2020-07-02','2029-07-02','','3451100164295','2020-07-02');

--
-- Table structure for table `delegate_permission`
--

CREATE TABLE `delegate_permission` (
  `id` int(11) NOT NULL AUTO_INCREMENT,
  `person_id` varchar(13) NOT NULL,
  `p1` tinyint(4) NOT NULL,
  `officer` varchar(13) NOT NULL,
  `rec_date` date NOT NULL,
  PRIMARY KEY (`id`)
) ENGINE=MyISAM AUTO_INCREMENT=5 DEFAULT CHARSET=utf8 COLLATE=utf8_general_ci;

--
-- Dumping data for table `delegate_permission`
--

INSERT INTO `delegate_permission` VALUES (3,'3330100377604',1,'3451100164295','2020-07-02'),(2,'5341190001681',1,'3451100164295','2020-07-02'),(4,'3341100274253',1,'3340700343794','2025-08-06');

--
-- Table structure for table `health_age_height`
--

CREATE TABLE `health_age_height` (
  `id` int(11) NOT NULL AUTO_INCREMENT,
  `type` tinyint(4) NOT NULL DEFAULT 1,
  `sex` tinyint(4) NOT NULL DEFAULT 2,
  `age` double NOT NULL,
  `height_1` double NOT NULL,
  `height_2` double NOT NULL,
  `height_3` double NOT NULL,
  `height_4` double NOT NULL,
  PRIMARY KEY (`id`)
) ENGINE=MyISAM AUTO_INCREMENT=63 DEFAULT CHARSET=utf8 COLLATE=utf8_general_ci;

--
-- Dumping data for table `health_age_height`
--

INSERT INTO `health_age_height` VALUES (1,0,1,1,70,71.5,80,81),(2,0,1,1.25,72.5,73.5,83.5,85),(3,0,1,1.5,75,77,86.5,88),(4,0,1,1.75,77.5,79.5,89.5,91),(5,0,1,2,80,81.5,92,93.5),(6,0,1,2.25,82,84,94,96),(7,0,1,2.5,83.5,84.5,96.5,98),(8,0,1,2.75,85.5,87.5,98.5,100),(9,0,1,3,87,89.5,100.5,102),(10,0,1,3.25,89,91,102.5,104),(11,0,1,3.5,90.5,93,104.5,106),(12,0,1,3.75,92,94.5,106.5,108),(13,0,1,4,93.5,96,108,110),(14,0,1,4.25,95,96.5,110,112),(15,0,1,4.5,97,99,112,113.5),(16,0,1,4.75,98.5,100.5,113.5,115),(17,0,1,5,100,102,115,117.7),(18,0,2,1,67,69,79,80.5),(19,0,2,1.25,70,72,82.5,84.5),(20,0,2,1.5,73,74.5,85,87.5),(21,0,2,1.75,75.5,77,88,89.5),(22,0,2,2,78,79.5,90.5,92),(23,0,2,2.25,80,82,92.5,94.5),(24,0,2,2.5,82,84,95,96.5),(25,0,2,2.75,84,86,97,98.5),(26,0,2,3,85.5,88,99,100.5),(27,0,2,3.25,87.5,89.5,100.5,102.5),(28,0,2,3.5,89,91.5,102.5,104.5),(29,0,2,3.75,90.5,93,104.5,106),(30,0,2,4,92.5,94.5,106.5,108.5),(31,0,2,4.25,94,96,108.5,110.5),(32,0,2,4.5,95.5,98,110.5,112.5),(33,0,2,4.75,97.5,99.5,112.5,114),(34,0,2,5,99,101,114,116),(35,1,1,5,100,102,115,117.5),(36,1,1,6,105.5,107.5,121.5,123.5),(37,1,1,7,110.5,113,127.5,130),(38,1,1,8,114.5,117.5,133.5,136),(39,1,1,9,119,122,138,141),(40,1,1,10,123.5,126.5,143.5,145.5),(41,1,1,11,127.5,130.5,149.5,153),(42,1,1,12,131.5,135,157,161),(43,1,1,13,135,139,162,166),(44,1,1,14,143,147.5,170,173),(45,1,1,15,149.5,153.5,173,176.5),(46,1,1,16,155,158.5,176,178.5),(47,1,1,17,157.5,160.5,177,179.5),(48,1,1,18,158.5,161.5,177.5,180),(49,1,2,5,99,101,114,116),(50,1,2,6,105,107.5,120.5,123),(51,1,2,7,109.5,112.5,126.5,129),(52,1,2,8,114.5,117,132.5,135),(53,1,2,9,119,122,139,142),(54,1,2,10,124,127,146,149.5),(55,1,2,11,129.5,133,152.5,155.5),(56,1,2,12,135.5,138.5,157,159.5),(57,1,2,13,140.5,143.5,160,162.5),(58,1,2,14,144.5,147,162,164.5),(59,1,2,15,146,148,163.5,166),(60,1,2,16,146.5,149,164,166.5),(61,1,2,17,147,149,164,166.5),(62,1,2,18,147,149.5,164,166.5);

--
-- Table structure for table `health_age_weight`
--

CREATE TABLE `health_age_weight` (
  `id` int(11) NOT NULL AUTO_INCREMENT,
  `type` tinyint(4) NOT NULL DEFAULT 1,
  `sex` tinyint(4) NOT NULL DEFAULT 2,
  `age` double NOT NULL,
  `weight_1` double NOT NULL,
  `weight_2` double NOT NULL,
  `weight_3` double NOT NULL,
  `weight_4` double NOT NULL,
  PRIMARY KEY (`id`)
) ENGINE=MyISAM AUTO_INCREMENT=63 DEFAULT CHARSET=utf8 COLLATE=utf8_general_ci;

--
-- Dumping data for table `health_age_weight`
--

INSERT INTO `health_age_weight` VALUES (1,0,1,1,7.8,8.3,11.5,11.5),(2,0,1,1.25,8.5,9,12,12.5),(3,0,1,1.5,8.9,9.4,12.9,13.5),(4,0,1,1.75,9.4,10,13.7,14.4),(5,0,1,2,9.8,10.5,14.5,15.2),(6,0,1,2.25,10.2,11,15,15.8),(7,0,1,2.5,10.6,11.4,15.8,16.7),(8,0,1,2.75,11,11.8,16.6,17.4),(9,0,1,3,11.4,12.2,17.3,18.2),(10,0,1,3.25,11.7,12.6,18,19),(11,0,1,3.5,12,12.8,18.7,19.8),(12,0,1,3.75,12.4,13.3,19.3,20.6),(13,0,1,4,12.7,13.6,20,21.3),(14,0,1,4.25,13.2,13.9,20.7,22),(15,0,1,4.5,13.4,14.3,21.3,22.7),(16,0,1,4.75,13.8,14.6,21.9,23.7),(17,0,1,5,14,15,23,24),(18,0,2,1,7.3,7.7,10.5,11),(19,0,2,1.25,7.8,8.3,11.3,11.9),(20,0,2,1.5,8.3,8.8,12,12.8),(21,0,2,1.75,8.8,9.3,12.9,13.6),(22,0,2,2,9,9.8,13.6,14.4),(23,0,2,2.25,9.5,10.2,14.4,15.2),(24,0,2,2.5,9.8,10.7,15.2,15.9),(25,0,2,2.75,10.3,11.2,15.9,16.9),(26,0,2,3,10.7,11.5,16.6,17.4),(27,0,2,3.25,11.2,11.9,17.3,18.2),(28,0,2,3.5,11.5,12.3,17.9,18.9),(29,0,2,3.75,11.8,12.7,18.5,19.7),(30,0,2,4,12.2,13,19.3,20.5),(31,0,2,4.25,12.4,13.4,19.7,21),(32,0,2,4.5,12.8,13.7,20.3,21.7),(33,0,2,4.75,13,13.9,20.9,22.3),(34,0,2,5,13.5,14,22,23.5),(35,1,1,5,14,15,23,24),(36,1,1,6,15.5,16.5,25.5,27),(37,1,1,7,17,18.5,28.5,31),(38,1,1,8,18.5,20,32,35),(39,1,1,9,20,21.5,36,39.5),(40,1,1,10,21.5,23.5,40.5,44.5),(41,1,1,11,23,25.5,45,49.5),(42,1,1,12,25.5,28,50,54.5),(43,1,1,13,28,31.5,54.5,58.5),(44,1,1,14,32,35.5,58.5,63.5),(45,1,1,15,36.5,40,62,65.5),(46,1,1,16,40.5,44,64,67.5),(47,1,1,17,43,46,66,69),(48,1,1,18,45,48,67,70),(49,1,2,5,13.5,14,22,23.5),(50,1,2,6,15,16,24.5,26.5),(51,1,2,7,16.5,17.5,28.5,31),(52,1,2,8,17.5,19,32.5,35.5),(53,1,2,9,19.5,21,37.5,41),(54,1,2,10,21.5,23.5,42,46),(55,1,2,11,23.5,26,46.5,50.5),(56,1,2,12,26.5,29,50,54),(57,1,2,13,29.5,33,53,55.5),(58,1,2,14,33.5,36.5,55,58.5),(59,1,2,15,36.5,38.5,56.5,59.5),(60,1,2,16,37.5,40,57,60),(61,1,2,17,38,41,57.5,60.5),(62,1,2,18,38.5,41,57.5,60.5);

--
-- Table structure for table `health_base`
--

CREATE TABLE `health_base` (
  `base_id` int(5) NOT NULL AUTO_INCREMENT,
  `study_year` int(5) NOT NULL,
  `term` int(3) NOT NULL,
  `status` int(2) NOT NULL,
  PRIMARY KEY (`base_id`)
) ENGINE=MyISAM AUTO_INCREMENT=7 DEFAULT CHARSET=utf8 COLLATE=utf8_general_ci;

--
-- Dumping data for table `health_base`
--

INSERT INTO `health_base` VALUES (1,2557,1,0),(2,2561,2,0),(3,2562,2,0),(4,2562,1,0),(5,2562,2,0),(6,2563,1,1);

--
-- Table structure for table `health_checking`
--

CREATE TABLE `health_checking` (
  `check_id` int(11) NOT NULL AUTO_INCREMENT,
  `student_id` int(11) NOT NULL,
  `student_number` varchar(13) NOT NULL,
  `year_std` varchar(5) NOT NULL,
  `term_std` varchar(3) NOT NULL,
  `class_now` tinyint(4) NOT NULL,
  `room` tinyint(4) NOT NULL,
  `number_check` int(5) NOT NULL,
  `gum` varchar(100) NOT NULL,
  `iodine` varchar(100) NOT NULL,
  `tooth` varchar(100) NOT NULL,
  `weight` varchar(10) NOT NULL,
  `tall` varchar(10) NOT NULL,
  `comment` text NOT NULL,
  `day` datetime NOT NULL,
  `usenull` text DEFAULT NULL,
  `life` varchar(10) NOT NULL,
  `push` varchar(10) NOT NULL,
  `sit` varchar(10) NOT NULL,
  `roll` varchar(10) NOT NULL,
  `run` varchar(10) NOT NULL,
  `person_check` varchar(255) NOT NULL,
  PRIMARY KEY (`check_id`)
) ENGINE=MyISAM DEFAULT CHARSET=utf8 COLLATE=utf8_general_ci;

--
-- Dumping data for table `health_checking`
--


--
-- Table structure for table `health_personal`
--

CREATE TABLE `health_personal` (
  `per_id` int(11) NOT NULL AUTO_INCREMENT,
  `personal_code` varchar(13) NOT NULL,
  `per_position` int(3) NOT NULL,
  `per_status` int(3) NOT NULL,
  `person_room` int(3) NOT NULL,
  PRIMARY KEY (`per_id`)
) ENGINE=MyISAM AUTO_INCREMENT=21 DEFAULT CHARSET=utf8 COLLATE=utf8_general_ci;

--
-- Dumping data for table `health_personal`
--

INSERT INTO `health_personal` VALUES (1,'3330401490582',2,1,0),(20,'3330401490582',3,1,0),(3,'3340700957041',4,1,0),(4,'3340100228242',6,1,0),(5,'5341190001681',9,1,0),(6,'1349700153172',7,1,0),(7,'3920400492730',8,1,0),(8,'1349900054623',8,1,0),(10,'3341100274253',10,1,0),(11,'3341500478131',12,1,0),(12,'1341500089252',11,1,0),(19,'1440400004806',5,1,0),(14,'3100503488082',11,1,0),(15,'3330100377604',12,1,0),(16,'3350400249661',10,1,0);

--
-- Table structure for table `health_weight_height`
--

CREATE TABLE `health_weight_height` (
  `id` int(11) NOT NULL AUTO_INCREMENT,
  `type` tinyint(4) NOT NULL DEFAULT 0,
  `sex` tinyint(4) NOT NULL DEFAULT 1,
  `height` int(11) NOT NULL,
  `weight_1` double NOT NULL,
  `weight_2` double NOT NULL,
  `weight_3` double NOT NULL,
  `weight_4` double NOT NULL,
  `weight_5` double NOT NULL,
  PRIMARY KEY (`id`)
) ENGINE=MyISAM AUTO_INCREMENT=75 DEFAULT CHARSET=utf8 COLLATE=utf8_general_ci;

--
-- Dumping data for table `health_weight_height`
--

INSERT INTO `health_weight_height` VALUES (1,0,1,50,2.5,3,3.8,4,4.5),(2,0,1,55,3.5,4,4.8,5,6),(3,0,1,60,4.5,5,6.3,6.5,7.5),(4,0,1,65,5.5,6,7.8,8,9),(5,0,1,70,7,7.5,9.3,9.5,10.5),(6,0,1,75,8,8.5,10.8,11,12),(7,0,1,80,9,9.5,12,12.5,13.5),(8,0,1,85,10,10.5,13.5,14,15.5),(9,0,1,90,11,11.5,15,15.5,17),(10,0,1,95,12,12.5,16.5,17,19),(11,0,1,100,13,14,18.5,19,21),(12,0,1,105,14,15,20,21,22.5),(13,0,1,110,15.5,16.5,22,23,25),(14,0,1,115,17,18,24,25,28),(15,0,1,120,18.5,19.5,26.5,28,31),(16,0,1,125,20.5,21.5,29.5,31,35),(17,0,1,130,22,23.5,33,35,39.5),(18,0,1,135,24,25.5,37,39,45),(19,0,1,140,26.5,28,41,44,50),(20,0,2,50,3,3.1,3.8,4,4.5),(21,0,2,55,3.5,4,4.8,5,6),(22,0,2,60,4.5,5,6.3,6.5,7),(23,0,2,65,5.5,6,7.8,8,8.5),(24,0,2,70,6.5,7.5,8.8,9,10),(25,0,2,75,7.5,8.5,10.8,10.5,11.5),(26,0,2,80,8.5,9,11.5,12.5,13),(27,0,2,85,9.5,10,13,13.5,14.5),(28,0,2,90,10.5,11.5,14.5,15.5,16.5),(29,0,2,95,11.5,13,16.5,17,18.5),(30,0,2,100,13,13.5,18,18.5,20.5),(31,0,2,110,15.5,16,22,23,25),(32,0,2,115,16.5,17.5,24,25,28),(33,0,2,120,18,19,27,28.5,31.5),(34,0,2,125,19.5,21.5,30,31.5,35.5),(35,0,2,130,21.5,23,34,36,41),(36,0,2,135,23.5,25,38,40.5,46),(37,0,2,140,25.5,27.5,42.5,45.5,55.5),(38,0,2,105,14,15,19.5,20.5,22.5),(39,1,1,90,11,11.5,15,16,17),(40,1,1,95,12,12.5,17,17.5,19),(41,1,1,100,13,14,18,19,21),(42,1,1,105,14.5,15,19.5,20.5,22.5),(43,1,1,110,16,16.6,21.5,22.5,24.5),(44,1,1,115,17,18,24,25,27.5),(45,1,1,120,19,19.5,26.5,28,30.5),(46,1,1,125,20,21,29,31,34),(47,1,1,130,22,23,33,35,39),(48,1,1,135,24.5,25.5,37,39.5,45),(49,1,1,140,26.5,28.5,41,44,50),(50,1,1,145,29,31,45,48,54.5),(51,1,1,150,32,34,49,52.5,58.5),(52,1,1,155,35,37,53,56.5,62.5),(53,1,1,160,38.5,41,57,60.5,66.5),(54,1,1,165,42.5,45,61.5,64.5,70),(55,1,1,170,46,48.5,65,68,74.5),(56,1,1,175,49.5,52.5,69,72,77),(57,1,1,180,53,56,72,75,80),(58,1,2,90,11,11.5,15,16,17),(59,1,2,95,12,12.5,16,17,18.5),(60,1,2,100,13,13.5,18,19,20.5),(61,1,2,105,14,15,19.5,20.5,22.5),(62,1,2,110,15.5,16,21.5,22.5,25),(63,1,2,115,17,17.5,24,25,27.5),(64,1,2,120,18.5,19,26.5,28,31),(65,1,2,125,20,21,30,32,36),(66,1,2,130,21.5,22.5,33.5,36,41),(67,1,2,135,23.5,25,38,41,46),(68,1,2,140,26,27.5,42.5,45.5,51.5),(69,1,2,145,29,31,47,50,56.5),(70,1,2,150,32.5,34.5,51.5,54.5,61),(71,1,2,155,36,38.5,55.5,58.5,65),(72,1,2,160,39.5,42,59,62,68),(73,1,2,165,43,45.5,62,65,70.5),(74,1,2,170,47,48.5,65.5,67.5,72.5);

--
-- Table structure for table `idplan_education`
--

CREATE TABLE `idplan_education` (
  `id` int(11) NOT NULL AUTO_INCREMENT,
  `person_id` varchar(15) DEFAULT NULL,
  `class` varchar(30) DEFAULT NULL,
  `initials` varchar(30) DEFAULT NULL,
  `subject_1` varchar(150) DEFAULT NULL,
  `subject` varchar(150) DEFAULT NULL,
  `institute` varchar(200) DEFAULT NULL,
  `province` varchar(50) DEFAULT NULL,
  `finish_year` varchar(10) DEFAULT NULL,
  PRIMARY KEY (`id`)
) ENGINE=MyISAM AUTO_INCREMENT=20 DEFAULT CHARSET=utf8 COLLATE=utf8_general_ci;

--
-- Dumping data for table `idplan_education`
--

INSERT INTO `idplan_education` VALUES (9,'3451100016429','ปริญญาโท','กศม.','','การบริหารการศึกษา','มหาวิทยาลัยอุบลราชธานี','อุบลราชธานี','2550'),(10,'3340100228242','ศิลปศาสตรบัณฑิต','ศศ.บ.','-','ภาษาไทย','ม.ราชภัฏอุบลราชธานี','อุบลราชธานี','2543'),(11,'3330100377604','ปริญญาโท','คม.','','การพัฒนาหลักสูตรและการเรียนการสอน','มหาวิทยาลัยราชภัฏอุบลราชธานี','อุบลราชธานี','2555'),(15,'1440400004806','ปริญญาตรี','บธ.บ','','การตลาด','มหาวิทยาลัยมหาสารคาม','มหาสารคาม','2550'),(16,'1341500089252','ปริญญาตรี','ศศ.บ.','-','ภาษาอังกฤษธุรกิจ','มหาวิทยาลัยราชภัฎอุบลราชธานี','อุบลราชธานี','2552'),(13,'5341190001681','ศึกษาศาสตร์มหาบัณฑิต','ศษ.ม.','-','การบริหารการศึกษา','มหาวิทยาลัยราชธานี','อุบลราชธานี','2553'),(14,'5341190001681','ศึกษาศาสตร์มหาบัณฑิต','ศษ.ม.','-','หลักสูตรและการสอน','มหาวิทยาลัยราชธานี','อุบลราชธานี','2554'),(17,'1329900134368','ปริญญาตรี','บธ.บ.','','ระบบสารสนเทศเพื่อการจัดการ','มหาวิทยาลัยอุบลราชธานี','อุบลราชธานี','2553'),(18,'1349900054623','ปริญญาตรี','วท.บ.','-','วิทยาการคอมพิวเตอร์','มหาวิทยาลัยราชภัฏอุบลราชธานี','อุบลราชธานี','2549'),(19,'3451100164295','ปริญญาโท','กศม.','-','-','มหาวิทยามหาสารคาม','มหาสารคาม','2552');

--
-- Table structure for table `idplan_list_setting`
--

CREATE TABLE `idplan_list_setting` (
  `id` int(11) NOT NULL AUTO_INCREMENT,
  `rating` int(5) DEFAULT NULL,
  `item_list` char(50) DEFAULT NULL,
  `permission` int(2) DEFAULT NULL,
  PRIMARY KEY (`id`)
) ENGINE=MyISAM AUTO_INCREMENT=12 DEFAULT CHARSET=utf8 COLLATE=utf8_general_ci;

--
-- Dumping data for table `idplan_list_setting`
--


--
-- Table structure for table `idplan_lookbook_1`
--

CREATE TABLE `idplan_lookbook_1` (
  `id` int(11) NOT NULL AUTO_INCREMENT,
  `person_id` varchar(15) DEFAULT NULL,
  `study_year` varchar(5) DEFAULT NULL,
  `term` varchar(2) DEFAULT NULL,
  `office` varchar(200) DEFAULT NULL,
  `school_name` varchar(250) DEFAULT NULL,
  `class` varchar(5) DEFAULT NULL,
  `subject_1` varchar(3) DEFAULT NULL,
  `subject_2` varchar(150) DEFAULT NULL,
  `house` int(3) DEFAULT NULL,
  PRIMARY KEY (`id`)
) ENGINE=MyISAM AUTO_INCREMENT=71 DEFAULT CHARSET=utf8 COLLATE=utf8_general_ci;

--
-- Dumping data for table `idplan_lookbook_1`
--

INSERT INTO `idplan_lookbook_1` VALUES (21,'3451100016429','','','','','6','','',0),(20,'3451100016429','','','','','6','','',0),(26,'3330100377604','2563','1','สพป.อบ.4','โรงเรียนบ้านนาดี(อ.นาเยีย)','8','2','คณิตศาสตร์',4),(25,'3330100377604','2563','1','สพป.อบ.4','โรงเรียนบ้านนาดี(อ.นาเยีย)','10','2','คณิตศาสตร์',4),(27,'3330100377604','2563','1','สพป.อบ.4','โรงเรียนบ้านนาดี(อ.นาเยีย)','10','7','การงานอาชีพ',1),(28,'3330100377604','2563','1','สพป.อบ.4','โรงเรียนบ้านนาดี(อ.นาเยีย)','11','2','คณิตศาสตร์',4),(29,'3330100377604','2563','1','สพป.อบ.4','โรงเรียนบ้านนาดี(อ.นาเยีย)','11','7','การงานอาชีพ',1),(30,'3330100377604','2563','1','สพป.อบ.4','โรงเรียนบ้านนาดี(อ.นาเยีย)','12','2','คณิตศาสตร์',4),(31,'3330100377604','2563','1','สพป.อบ.4','โรงเรียนบ้านนาดี(อ.นาเยีย)','12','7','การงานอาชีพ',1),(32,'5341190001681','2563','1','','โรงเรียนบ้านนาดี(อ.นาเยีย)','9','1','ภาษาไทย',4),(33,'5341190001681','2563','1','','โรงเรียนบ้านนาดี(อ.นาเยีย)','7','1','ภาษาไทย',4),(34,'5341190001681','2563','1','','โรงเรียนบ้านนาดี(อ.นาเยีย)','8','1','ภาษาไทย',4),(35,'5341190001681','2563','1','','โรงเรียนบ้านนาดี(อ.นาเยีย)','7','6','ดนตรีนาฎศิลป์',1),(36,'5341190001681','2563','1','','โรงเรียนบ้านนาดี(อ.นาเยีย)','8','6','ดนตรีนาฎศิลป์',1),(37,'5341190001681','2563','1','','โรงเรียนบ้านนาดี(อ.นาเยีย)','9','6','ดนตรีนาฎศิลป์',1),(38,'1440400004806','2563','1','','โรงเรียนบ้านนาดี(อ.นาเยีย)','5','2','ทุกกลุ่มสาระ',30),(39,'1329900134368','2563','1','สำนักงานเขตพื้นที่การศึกษาประถมศึกษาอุบลราชธานี เขต 4','โรงเรียนบ้านนาดี(อ.นาเยีย)','9','3','วิทยาศาสตร์',2),(42,'1329900134368','2563','1','สำนักงานเขตพื้นที่การศึกษาประถมศึกษาอุบลราชธานี เขต 4','โรงเรียนบ้านนาดี(อ.นาเยีย)','8','3','วิทยาศาสตร์',2),(43,'1329900134368','2563','1','สำนักงานเขตพื้นที่การศึกษาประถมศึกษาอุบลราชธานี เขต 4','โรงเรียนบ้านนาดี(อ.นาเยีย)','7','3','วิทยาศาสตร์',2),(44,'1329900134368','2563','1','สำนักงานเขตพื้นที่การศึกษาประถมศึกษาอุบลราชธานี เขต 4','โรงเรียนบ้านนาดี(อ.นาเยีย)','12','3','วิทยาการคำนวณ',1),(45,'1329900134368','2563','1','สำนักงานเขตพื้นที่การศึกษาประถมศึกษาอุบลราชธานี เขต 4','โรงเรียนบ้านนาดี(อ.นาเยีย)','10','3','เทคโนโลยี (การออกแบบและเทคโนโลยี)',2),(46,'1329900134368','2563','1','สำนักงานเขตพื้นที่การศึกษาประถมศึกษาอุบลราชธานี เขต 4','โรงเรียนบ้านนาดี(อ.นาเยีย)','10','3','วิทยาการคำนวณ',1),(47,'1329900134368','2563','1','สำนักงานเขตพื้นที่การศึกษาประถมศึกษาอุบลราชธานี เขต 4','โรงเรียนบ้านนาดี(อ.นาเยีย)','11','3','เทคโนโลยี (การออกแบบและเทคโนโลยี)',2),(48,'1329900134368','2563','1','สำนักงานเขตพื้นที่การศึกษาประถมศึกษาอุบลราชธานี เขต 4','โรงเรียนบ้านนาดี(อ.นาเยีย)','9','3','คอมพิวเตอร์',1),(49,'1329900134368','2563','1','สำนักงานเขตพื้นที่การศึกษาประถมศึกษาอุบลราชธานี เขต 4','โรงเรียนบ้านนาดี(อ.นาเยีย)','11','3','วิทยาการคำนวณ',1),(50,'1329900134368','2563','1','สำนักงานเขตพื้นที่การศึกษาประถมศึกษาอุบลราชธานี เขต 4','โรงเรียนบ้านนาดี(อ.นาเยีย)','12','','เทคโนโลยี (การออกแบบและเทคโนโลยี)',2),(51,'1329900134368','2563','1','สำนักงานเขตพื้นที่การศึกษาประถมศึกษาอุบลราชธานี เขต 4','โรงเรียนบ้านนาดี(อ.นาเยีย)','8','3','คอมพิวเตอร์',1),(52,'1329900134368','2563','1','สำนักงานเขตพื้นที่การศึกษาประถมศึกษาอุบลราชธานี เขต 4','โรงเรียนบ้านนาดี(อ.นาเยีย)','7','3','คอมพิวเตอร์',1),(58,'5341190001681','2563','2','สพป.อบ4','โรงเรียนบ้านนาดี(อ.นาเยีย)','8','1','ภาษาไทย',4),(57,'5341190001681','2563','2','สพป.อบ4','โรงเรียนบ้านนาดี(อ.นาเยีย)','7','1','ภาษาไทย',4),(59,'5341190001681','2563','2','สพป.อบ4','โรงเรียนบ้านนาดี(อ.นาเยีย)','9','1','ภาษาไทย',4),(67,'5341190001681','2563','2','สพป.อบ4','โรงเรียนบ้านนาดี(อ.นาเยีย)','7','6','ดนตรี-นาฎศิลป์',1),(62,'5341190001681','2563','2','สพป.อบ4','โรงเรียนบ้านนาดี(อ.นาเยีย)','9','6','ดนตรี-นาฎศิลป์',1),(68,'5341190001681','2563','2','','โรงเรียนบ้านนาดี(อ.นาเยีย)','7','','แนะแนว',1),(66,'5341190001681','2563','2','สพป.อบ4','โรงเรียนบ้านนาดี(อ.นาเยีย)','8','6','ดนตรี-นาฎศิลป์',1),(69,'5341190001681','2563','2','สพป.อบ4','โรงเรียนบ้านนาดี(อ.นาเยีย)','8','','แนะแนว',1),(70,'5341190001681','2563','2','สพป.อบ4','โรงเรียนบ้านนาดี(อ.นาเยีย)','9','','แนะแนว',1);

--
-- Table structure for table `idplan_lookbook_2`
--

CREATE TABLE `idplan_lookbook_2` (
  `id` int(11) NOT NULL AUTO_INCREMENT,
  `person_id` varchar(15) DEFAULT NULL,
  `year` varchar(5) DEFAULT NULL,
  `term` varchar(1) DEFAULT NULL,
  `week` varchar(3) DEFAULT NULL,
  `start_date` date DEFAULT NULL,
  `end_date` date DEFAULT NULL,
  `group_vicha_id` varchar(2) DEFAULT NULL,
  `vicha_name` varchar(200) DEFAULT NULL,
  `vicha_code` varchar(10) DEFAULT NULL,
  `vitaya` varchar(2) DEFAULT NULL,
  `hour_term` varchar(5) DEFAULT NULL,
  `time` varchar(5) DEFAULT NULL,
  `time_unit` varchar(25) DEFAULT NULL,
  `learn_type` varchar(2) DEFAULT NULL,
  `garantee` varchar(2) DEFAULT NULL,
  PRIMARY KEY (`id`)
) ENGINE=MyISAM AUTO_INCREMENT=23 DEFAULT CHARSET=utf8 COLLATE=utf8_general_ci;

--
-- Dumping data for table `idplan_lookbook_2`
--

INSERT INTO `idplan_lookbook_2` VALUES (20,'5341190001681','2563','1','1','2011-01-01','2020-07-03','','ภาษาไทย','16101','2','4','1','2','1','1'),(21,'5341190001681','2563','1','1','2020-07-01','2020-07-03','','คณิตศาสตร์','ค16101','2','4','1','2','2','1'),(22,'1329900134368','2563','1','12','2020-09-14','2020-09-18','','วิทยาศาสตร์','','2','','1','2','1','เล');

--
-- Table structure for table `idplan_lookbook_3`
--

CREATE TABLE `idplan_lookbook_3` (
  `id` int(11) NOT NULL AUTO_INCREMENT,
  `person_id` varchar(15) DEFAULT NULL,
  `year` varchar(5) DEFAULT NULL,
  `term` varchar(1) DEFAULT NULL,
  `week` varchar(3) DEFAULT NULL,
  `start_date` date DEFAULT NULL,
  `end_date` date DEFAULT NULL,
  `vicha_support` varchar(200) DEFAULT NULL,
  `hour_week` varchar(5) DEFAULT NULL,
  `garantee` varchar(2) DEFAULT NULL,
  PRIMARY KEY (`id`)
) ENGINE=MyISAM AUTO_INCREMENT=26 DEFAULT CHARSET=utf8 COLLATE=utf8_general_ci;

--
-- Dumping data for table `idplan_lookbook_3`
--

INSERT INTO `idplan_lookbook_3` VALUES (22,'3330100377604','2563','1','1','2020-07-01','2020-07-03','งานการเงินและบัญชี','3','1'),(23,'3330100377604','2563','1','2','2020-07-08','2020-07-10','งานการเงินและบัญชี','3','1'),(24,'3330100377604','2563','1','3','2020-07-13','2020-07-17','งานการเงินและบัญชี','5','1'),(25,'3330100377604','2563','1','4','2020-07-20','2020-07-24','งานการเงินและบัญชี','5','1');

--
-- Table structure for table `idplan_lookbook_4`
--

CREATE TABLE `idplan_lookbook_4` (
  `id` int(11) NOT NULL AUTO_INCREMENT,
  `person_id` varchar(15) DEFAULT NULL,
  `year` varchar(5) DEFAULT NULL,
  `term` varchar(1) DEFAULT NULL,
  `week` varchar(3) DEFAULT NULL,
  `start_date` date DEFAULT NULL,
  `end_date` date DEFAULT NULL,
  `policy` varchar(255) DEFAULT NULL,
  `hour_week` varchar(5) DEFAULT NULL,
  `garantee` varchar(2) DEFAULT NULL,
  PRIMARY KEY (`id`)
) ENGINE=MyISAM AUTO_INCREMENT=26 DEFAULT CHARSET=utf8 COLLATE=utf8_general_ci;

--
-- Dumping data for table `idplan_lookbook_4`
--

INSERT INTO `idplan_lookbook_4` VALUES (24,'3330100377604','2563','1','1','2020-07-01','2020-07-03','งานแผนปฏิบัติการประจำปี','3','1'),(25,'3330100377604','2563','1','3','2020-07-13','2020-07-17','งานลูกเสือต้านภัยยาเสพติด','2','1');

--
-- Table structure for table `idplan_lookbook_5`
--

CREATE TABLE `idplan_lookbook_5` (
  `id` int(11) NOT NULL AUTO_INCREMENT,
  `person_id` varchar(15) DEFAULT NULL,
  `rec_date` date DEFAULT NULL,
  `develop_name` varchar(255) DEFAULT NULL,
  `develop_code` varchar(15) DEFAULT NULL,
  `knowledge` varchar(10) DEFAULT NULL,
  `skill` varchar(10) DEFAULT NULL,
  `teacher` varchar(10) DEFAULT NULL,
  `develop_hour` varchar(5) DEFAULT NULL,
  `develop_start_date` date DEFAULT NULL,
  `num_date` int(5) DEFAULT NULL,
  `development` varchar(10) DEFAULT NULL,
  `garantee` varchar(2) DEFAULT NULL,
  PRIMARY KEY (`id`)
) ENGINE=MyISAM AUTO_INCREMENT=4 DEFAULT CHARSET=utf8 COLLATE=utf8_general_ci;

--
-- Dumping data for table `idplan_lookbook_5`
--


--
-- Table structure for table `idplan_lookbook_6`
--

CREATE TABLE `idplan_lookbook_6` (
  `id` int(11) NOT NULL AUTO_INCREMENT,
  `person_id` varchar(15) DEFAULT NULL,
  `group_activities` varchar(255) DEFAULT NULL,
  `num_member` int(5) DEFAULT NULL,
  `activities_name` varchar(255) DEFAULT NULL,
  `round` varchar(3) DEFAULT NULL,
  `date_activities` date DEFAULT NULL,
  `term` varchar(2) DEFAULT NULL,
  `year` varchar(5) DEFAULT NULL,
  `num_hour` varchar(5) DEFAULT NULL,
  `r_character` varchar(3) DEFAULT NULL,
  `income_activities` varchar(5) DEFAULT NULL,
  `issues` varchar(255) DEFAULT NULL,
  `cause` varchar(255) DEFAULT NULL,
  `knowledge` varchar(255) DEFAULT NULL,
  `activities` varchar(255) DEFAULT NULL,
  `r_activities` varchar(255) DEFAULT NULL,
  `reapply` varchar(255) DEFAULT NULL,
  `other` varchar(255) DEFAULT NULL,
  `garantee` varchar(2) DEFAULT NULL,
  PRIMARY KEY (`id`)
) ENGINE=MyISAM AUTO_INCREMENT=8 DEFAULT CHARSET=utf8 COLLATE=utf8_general_ci;

--
-- Dumping data for table `idplan_lookbook_6`
--

INSERT INTO `idplan_lookbook_6` VALUES (6,'3330100377604','พัฒนาโรงเรียน',4,'พัฒนาโรงเรียนอย่างไรให้สะอาด','1','2020-07-01','1','2563','2','1','4','ความสะอาดของโรงเรียน','โรงเรียนไม่สะอาด','สามัคคีคือพลัง','ช่วยกันทำความสะอาดโรงเรียน','โรงเรียนสะอาด  มีระเบียบดีขึ้น','ใช้ในการพัฒนาโรงเรียนทุกสัปดาห์','ขยายผลไผยังช่วงชั้นอื่น ๆ ','1'),(7,'3330100377604','การจัดกิจกรรมเว้นระยะห่างทางสังคม',4,'การจัดกิจกรรมเว้นระยะห่างทางสังคม','1','2020-07-02','1','2563','2','1','4','โรคโควิด','ให้เว้นระยะห่างทางสังคม','การจัดระยะห่าง','จัดทำระยะห่างให้นักเรียน  ติดสติ๊กเกอร์','ได้ระยะห่างทางสังคมที่เป็นจุดชัดเจน','นักเรียนปลอดภัยจากโรคระบาด','ขยายผลไผยังช่วงชั้นอื่น ๆ ','1');

--
-- Table structure for table `idplan_lookbook_group_subject`
--

CREATE TABLE `idplan_lookbook_group_subject` (
  `id` int(11) NOT NULL AUTO_INCREMENT,
  `g_subject` varchar(255) DEFAULT NULL,
  PRIMARY KEY (`id`)
) ENGINE=MyISAM AUTO_INCREMENT=21 DEFAULT CHARSET=utf8 COLLATE=utf8_general_ci;

--
-- Dumping data for table `idplan_lookbook_group_subject`
--


--
-- Table structure for table `idplan_management_crown`
--

CREATE TABLE `idplan_management_crown` (
  `id` int(11) NOT NULL AUTO_INCREMENT,
  `crown_name_th` char(100) DEFAULT NULL,
  `crown_shot_name` char(10) DEFAULT NULL,
  `crown_name_en` char(150) DEFAULT NULL,
  PRIMARY KEY (`id`)
) ENGINE=MyISAM AUTO_INCREMENT=37 DEFAULT CHARSET=utf8 COLLATE=utf8_general_ci;

--
-- Dumping data for table `idplan_management_crown`
--


--
-- Table structure for table `idplan_management_crown_year`
--

CREATE TABLE `idplan_management_crown_year` (
  `id` int(11) NOT NULL AUTO_INCREMENT,
  `person_id` varchar(15) DEFAULT NULL,
  `crown_id` varchar(3) DEFAULT NULL,
  `crown_year` varchar(7) DEFAULT NULL,
  PRIMARY KEY (`id`)
) ENGINE=MyISAM AUTO_INCREMENT=8 DEFAULT CHARSET=utf8 COLLATE=utf8_general_ci;

--
-- Dumping data for table `idplan_management_crown_year`
--

INSERT INTO `idplan_management_crown_year` VALUES (6,'1440400004806','','2561'),(5,'3330100377604','','2552'),(7,'1440400004806','','');

--
-- Table structure for table `idplan_management_family`
--

CREATE TABLE `idplan_management_family` (
  `id` int(11) NOT NULL AUTO_INCREMENT,
  `person_id` varchar(15) DEFAULT NULL,
  `family_prename` varchar(20) DEFAULT NULL,
  `family_name` varchar(100) DEFAULT NULL,
  `family_surname` varchar(150) DEFAULT NULL,
  `birth_date` date DEFAULT NULL,
  `family_type` varchar(5) DEFAULT NULL,
  PRIMARY KEY (`id`)
) ENGINE=MyISAM AUTO_INCREMENT=30 DEFAULT CHARSET=utf8 COLLATE=utf8_general_ci;

--
-- Dumping data for table `idplan_management_family`
--

INSERT INTO `idplan_management_family` VALUES (9,'3451100016429','นาย','พรมมา','สุวรรณโท','0000-00-00','1'),(10,'3451100016429','นาง','บุญจันทร์','สุวรรณโท','0000-00-00','2'),(13,'3330100377604','นาย','ศุภกร','อัครศรีชัยโรจน์','1998-10-08','3'),(14,'5341190001681','นาย','หนูเกิด','จันทร์ถอด','1981-03-14','1'),(15,'5341190001681','นาง','ปิ่น','จันทร์ถอด','1981-05-09','2'),(16,'1440400004806','นาง','รัชนี','ชินสอน','1958-01-15','2'),(17,'1440400004806','เด็กชาย','ธิรนันท์','ดุจดำเกิง','2008-09-21','3'),(18,'1440400004806','เด็กชาย','รัฎฐากร','ดุจดำเกิง','2013-10-12','3'),(19,'1341500089252','นาย','สุจริต','วงษาสันต์','1958-05-24','1'),(20,'1341500089252','นาง','ประไพ','วงษาสันต์','1961-01-08','2'),(21,'3451100164295','นาย','พรมมา','สุวรรณโท','2479-02-05','1'),(22,'1329900134368','นาย','ภูริณัฐ','อมรศักดิ์','1958-06-03','1'),(23,'1329900134368','นาง','กัญณพัทธ์ภรณ์','อมรศักดิ์','1959-12-07','2'),(24,'1349900054623','นาย','ธวัช','ลาธุลี','1959-06-06','1'),(25,'1349900054623','นาง','สิรินาฏ','ลาธุลี','1960-05-05','2'),(26,'1349900054623','เด็กชาย','พัสกร','ใจแก้ว','2009-08-26','3'),(27,'1349900054623','เด็กหญิง','ณิรุชชนันท์','ใจแก้ว','2010-10-04','4'),(28,'1349900054623','เด็กหญิง','ณัฐนิชา','ใจแก้ว','2020-05-03','4'),(29,'3451100164295','นาย','พรมมา','สุวรรณโท','2488-12-04','1');

--
-- Table structure for table `idplan_management_marry`
--

CREATE TABLE `idplan_management_marry` (
  `person_id` varchar(15) NOT NULL,
  `m_type` varchar(5) DEFAULT NULL,
  `m_prename` varchar(10) DEFAULT NULL,
  `m_name` varchar(50) DEFAULT NULL,
  `m_surname` varchar(150) DEFAULT NULL,
  PRIMARY KEY (`person_id`)
) ENGINE=MyISAM DEFAULT CHARSET=utf8 COLLATE=utf8_general_ci;

--
-- Dumping data for table `idplan_management_marry`
--

INSERT INTO `idplan_management_marry` VALUES ('3330100377604','2','นาย','ทินกร','อัครศรีชัยโรจน์'),('5341190001681','2','นาย','ปรีชา','กรีเมฆ'),('1440400004806','2','นาง','เนตรนภาพร','ดุจดำเกิง'),('1341500089252','2','นาย','ประหยัด','เหลาแก้ว'),('1349900054623','2','นาย','ยงยุทธ','ใจแก้ว'),('3451100164295','2','นาง','วรรณภา','สุวรรณโท');

--
-- Table structure for table `idplan_management_member`
--

CREATE TABLE `idplan_management_member` (
  `id` int(11) NOT NULL AUTO_INCREMENT,
  `person_id` varchar(15) DEFAULT NULL,
  `member_name` varchar(255) DEFAULT NULL,
  `member_number` varchar(30) DEFAULT NULL,
  PRIMARY KEY (`id`)
) ENGINE=MyISAM AUTO_INCREMENT=4 DEFAULT CHARSET=utf8 COLLATE=utf8_general_ci;

--
-- Dumping data for table `idplan_management_member`
--


--
-- Table structure for table `idplan_management_portfolio`
--

CREATE TABLE `idplan_management_portfolio` (
  `id` int(11) NOT NULL AUTO_INCREMENT,
  `person_id` varchar(15) DEFAULT NULL,
  `topic` varchar(200) DEFAULT NULL,
  `date` date DEFAULT NULL,
  `address` varchar(255) DEFAULT NULL,
  `pic_upload` varchar(50) DEFAULT NULL,
  PRIMARY KEY (`id`)
) ENGINE=MyISAM AUTO_INCREMENT=20 DEFAULT CHARSET=utf8 COLLATE=utf8_general_ci;

--
-- Dumping data for table `idplan_management_portfolio`
--

INSERT INTO `idplan_management_portfolio` VALUES (16,'3340100228242','ครูผู้ฝึกสอน','0000-00-00','',''),(17,'3340100228242','','0000-00-00','','202001201579501251.pdf'),(18,'3340100228242','ครูผู้สอนนักเรียน ได้รับรางวัลเหรียญทอง กิจกรรมการแข่งขันหุ้นยนต์ระดับสูง','2019-12-14','เลขาธิการการศึกษาขั้นพื้นฐาน',''),(19,'3451100164295','ครูดีไม่มีอบายมุข','2564-12-01','สพฐ./สสส./สคล.','202103011614567034.');

--
-- Table structure for table `idplan_management_vitaya`
--

CREATE TABLE `idplan_management_vitaya` (
  `id` int(11) NOT NULL AUTO_INCREMENT,
  `person_id` varchar(15) DEFAULT NULL,
  `vitaya_name` varchar(250) DEFAULT NULL,
  `vitaya_shot` varchar(50) DEFAULT NULL,
  `vitaya_date` date DEFAULT NULL,
  PRIMARY KEY (`id`)
) ENGINE=MyISAM AUTO_INCREMENT=13 DEFAULT CHARSET=utf8 COLLATE=utf8_general_ci;

--
-- Dumping data for table `idplan_management_vitaya`
--

INSERT INTO `idplan_management_vitaya` VALUES (8,'3451100016429','ชำนาญการพิเศษ','ชชย.','0000-00-00'),(11,'3451100164295','ชำนาญการพิเศษ','ชชพ.','0000-00-00'),(10,'3330100377604','ชำนาญการพิเศษ','คศ.3','2010-01-29'),(12,'3451100164295','ชำนาญการพิเศษ','ชชพ.','2554-12-08');

--
-- Table structure for table `idplan_permission`
--

CREATE TABLE `idplan_permission` (
  `per_id` int(5) NOT NULL AUTO_INCREMENT,
  `person_id` char(15) DEFAULT NULL,
  `p1` int(2) DEFAULT NULL,
  `office` char(15) DEFAULT NULL,
  `rec_dat` date DEFAULT NULL,
  PRIMARY KEY (`per_id`)
) ENGINE=MyISAM AUTO_INCREMENT=36 DEFAULT CHARSET=utf8 COLLATE=utf8_general_ci;

--
-- Dumping data for table `idplan_permission`
--


--
-- Table structure for table `idplan_person_sch_profile`
--

CREATE TABLE `idplan_person_sch_profile` (
  `person_id` varchar(15) NOT NULL,
  `birth_date` date DEFAULT NULL,
  `f_date` date DEFAULT NULL,
  `vittaya` varchar(50) DEFAULT NULL,
  `work_old` int(3) DEFAULT NULL,
  `at_home` varchar(10) DEFAULT NULL,
  `moo` varchar(3) DEFAULT NULL,
  `tambun` varchar(50) DEFAULT NULL,
  `ampher` varchar(50) DEFAULT NULL,
  `province` varchar(70) DEFAULT NULL,
  `postcode` varchar(10) DEFAULT NULL,
  `home_phone` varchar(15) DEFAULT NULL,
  `mobile` varchar(15) DEFAULT NULL,
  `salary` int(10) DEFAULT NULL,
  `emoluments` int(10) DEFAULT NULL,
  `money_of_position` int(10) DEFAULT NULL,
  `m_type` varchar(5) DEFAULT NULL,
  `update_date` date DEFAULT NULL,
  PRIMARY KEY (`person_id`)
) ENGINE=MyISAM DEFAULT CHARSET=utf8 COLLATE=utf8_general_ci;

--
-- Dumping data for table `idplan_person_sch_profile`
--

INSERT INTO `idplan_person_sch_profile` VALUES ('1349900054623','1985-05-11','2009-01-26','-',12,'45','20','แสนสุข','วารินชำราบ','อุบลราชธานี','','','0834792201',0,0,0,'2','2021-01-18'),('7777',NULL,NULL,NULL,NULL,NULL,NULL,NULL,NULL,NULL,NULL,NULL,NULL,NULL,NULL,NULL,NULL,NULL),('3451100016429','0000-00-00','0000-00-00','',0,'','','','','','','','',0,0,0,'','2019-11-13'),('3340701441625',NULL,NULL,NULL,NULL,NULL,NULL,NULL,NULL,NULL,NULL,NULL,NULL,NULL,NULL,NULL,NULL,NULL),('3340100228242','1978-04-16','2013-03-05','',7,'101','10','ปทุม','เมือง','อุบลราชธานี','','','088-5601403',25350,0,0,'1','2020-07-23'),('345110016429',NULL,NULL,NULL,NULL,NULL,NULL,NULL,NULL,NULL,NULL,NULL,NULL,NULL,NULL,NULL,NULL,NULL),('3451100164295','2515-01-06','2541-08-06','ชำนาญการพิเศษ',23,'96','18','แสนสุข','วารินชำราบ','อุบลราชธานี','','-','0810197220',43,5600,5600,'2','2021-03-01'),('5341190001681','1967-07-15','1991-04-25','ชำนาญการพิเศษ',29,'48','','แสนสุข','วารินชำราบ','อุบลราชธานี','','','0819674559',52450,0,11200,'2','2020-07-23'),('3340700957041','0000-00-00','0000-00-00','',0,'333','3','นาเยีย','นาเยีย','อุบลฯ','','','0874465871',0,0,0,'','2020-07-31'),('3330100377604','2512-09-09','2535-11-02','ชำนาญการพิเศษ',28,'42/4','','วารินชำราบ','วารินชำราบ','อุบลราชธานี','','','0896287208',52450,5600,5600,'2','2020-07-20'),('1349700153172','1994-10-19','2018-10-01','',1,'41 ','8','แก่งโดม','สว่างวีระวงศ์','อุบลราชธานี','','','0906145149',0,0,0,'','2020-07-21'),('1440400004806','1984-07-24','2011-07-01','',9,'170/1','18','ขามใหญ่','เมือง','อุบลราชธานี','','','0958405488',25170,0,0,'2','2020-10-20'),('1341500089252','1986-08-09','2015-11-02','-',8,'130','7','แสนสุข','วารินชำราบ','อุบลราชธานี','','-','086-8332744',20720,0,0,'2','2024-03-01'),('3341100274253',NULL,NULL,NULL,NULL,NULL,NULL,NULL,NULL,NULL,NULL,NULL,NULL,NULL,NULL,NULL,NULL,NULL),('1329900134368','1987-08-19','2020-09-01','',0,'888/107','','แสนสุข','วารินชำราบ','อุบลราชธานี','','','0993544223',15050,0,0,'1','2020-09-10'),('3100503488082',NULL,NULL,NULL,NULL,NULL,NULL,NULL,NULL,NULL,NULL,NULL,NULL,NULL,NULL,NULL,NULL,NULL),('3340700293282',NULL,NULL,NULL,NULL,NULL,NULL,NULL,NULL,NULL,NULL,NULL,NULL,NULL,NULL,NULL,NULL,NULL),('1320900250343',NULL,NULL,NULL,NULL,NULL,NULL,NULL,NULL,NULL,NULL,NULL,NULL,NULL,NULL,NULL,NULL,NULL),('1440901310110',NULL,NULL,NULL,NULL,NULL,NULL,NULL,NULL,NULL,NULL,NULL,NULL,NULL,NULL,NULL,NULL,NULL);

--
-- Table structure for table `la_cancel`
--

CREATE TABLE `la_cancel` (
  `id` int(11) NOT NULL AUTO_INCREMENT,
  `person_id` varchar(13) NOT NULL,
  `la_type` tinyint(4) NOT NULL,
  `write_at` varchar(100) DEFAULT NULL,
  `permission_start` date NOT NULL,
  `permission_finish` date NOT NULL,
  `permission_total` int(11) NOT NULL,
  `because` varchar(200) NOT NULL,
  `cancel_la_start` date NOT NULL,
  `cancel_la_finish` date NOT NULL,
  `cancel_la_total` int(11) NOT NULL,
  `no_comment` int(11) NOT NULL DEFAULT 0,
  `grant_p_selected` varchar(13) DEFAULT NULL,
  `rec_date` datetime NOT NULL,
  `officer_comment` varchar(200) DEFAULT NULL,
  `officer_sign` varchar(13) DEFAULT NULL,
  `officer_date` datetime DEFAULT NULL,
  `group_comment` varchar(100) DEFAULT NULL,
  `group_sign` varchar(13) DEFAULT NULL,
  `group_date` datetime DEFAULT NULL,
  `comment_date` datetime DEFAULT NULL,
  `commander_grant` tinyint(4) DEFAULT NULL,
  `commander_comment` varchar(100) DEFAULT NULL,
  `commander_sign` varchar(13) DEFAULT NULL,
  `grant_date` datetime DEFAULT NULL,
  PRIMARY KEY (`id`)
) ENGINE=MyISAM DEFAULT CHARSET=utf8 COLLATE=utf8_general_ci;

--
-- Dumping data for table `la_cancel`
--


--
-- Table structure for table `la_collect`
--

CREATE TABLE `la_collect` (
  `id` int(11) NOT NULL AUTO_INCREMENT,
  `year` int(11) NOT NULL,
  `person_id` varchar(13) NOT NULL,
  `collect_day` tinyint(4) NOT NULL DEFAULT 0,
  `this_year_day` tinyint(4) NOT NULL DEFAULT 0,
  `officer` varchar(13) DEFAULT NULL,
  `rec_date` date DEFAULT NULL,
  PRIMARY KEY (`id`)
) ENGINE=MyISAM DEFAULT CHARSET=utf8 COLLATE=utf8_general_ci;

--
-- Dumping data for table `la_collect`
--


--
-- Table structure for table `la_main`
--

CREATE TABLE `la_main` (
  `id` int(11) NOT NULL AUTO_INCREMENT,
  `person_id` varchar(13) NOT NULL,
  `la_type` tinyint(4) NOT NULL,
  `write_at` varchar(100) DEFAULT NULL,
  `because` varchar(250) DEFAULT NULL,
  `la_start` date NOT NULL,
  `la_finish` date NOT NULL,
  `la_total` int(11) NOT NULL,
  `last_la_start` date DEFAULT NULL,
  `last_la_finish` date DEFAULT NULL,
  `last_la_total` int(11) DEFAULT NULL,
  `contact` varchar(150) DEFAULT NULL,
  `contact_tel` varchar(20) DEFAULT NULL,
  `document` varchar(100) DEFAULT NULL,
  `no_comment` tinyint(4) NOT NULL DEFAULT 0,
  `grant_p_selected` varchar(13) DEFAULT NULL,
  `sick_ago` int(11) DEFAULT NULL,
  `sick_this` int(11) DEFAULT NULL,
  `sick_total` int(11) DEFAULT NULL,
  `privacy_ago` int(11) DEFAULT NULL,
  `privacy_this` int(11) DEFAULT NULL,
  `privacy_total` int(11) DEFAULT NULL,
  `birth_ago` int(11) DEFAULT NULL,
  `birth_this` int(11) DEFAULT NULL,
  `birth_total` int(11) DEFAULT NULL,
  `relax_ago` int(11) DEFAULT NULL,
  `relax_this` int(11) DEFAULT NULL,
  `relax_total` int(11) DEFAULT NULL,
  `relax_collect` tinyint(4) DEFAULT NULL,
  `relax_this_year` tinyint(4) DEFAULT NULL,
  `job_person` varchar(13) DEFAULT NULL,
  `job_person_sign` tinyint(4) NOT NULL DEFAULT 0,
  `rec_date` datetime NOT NULL,
  `officer_comment` varchar(200) DEFAULT NULL,
  `officer_sign` varchar(13) DEFAULT NULL,
  `officer_date` datetime DEFAULT NULL,
  `group_comment` varchar(100) DEFAULT NULL,
  `group_sign` varchar(13) DEFAULT NULL,
  `group_date` datetime DEFAULT NULL,
  `comment_date` datetime DEFAULT NULL,
  `commander_grant` tinyint(4) DEFAULT NULL,
  `commander_comment` varchar(100) DEFAULT NULL,
  `commander_sign` varchar(13) DEFAULT NULL,
  `grant_date` datetime DEFAULT NULL,
  PRIMARY KEY (`id`)
) ENGINE=MyISAM AUTO_INCREMENT=6 DEFAULT CHARSET=utf8 COLLATE=utf8_general_ci;

--
-- Dumping data for table `la_main`
--

INSERT INTO `la_main` VALUES (1,'5341190001681',1,'48 หมู่ 11  ตำบลแสนสุข อำเภอวารินชำราบ  จังหวัดอุบลราชธานี','ป่วยเป็นไข้หวัด  ','2014-08-22','2014-09-25',1,'2014-08-02','2014-08-03',1,'48 หมู่ 11  ตำบลแสนสุข อำเภอวารินชำราบ  จังหวัดอุบลราชธานี','0819674559','',0,'',1,2,3,0,0,0,0,0,0,NULL,NULL,NULL,NULL,NULL,NULL,0,'2014-09-14 14:29:42',NULL,NULL,NULL,'','3451100016429','2018-10-09 08:40:45',NULL,1,NULL,'3451100016429','2018-11-13 11:02:25'),(2,'5341190001681',1,'โรงเรียนบ้านนาดี','เป็นไข้หวัด','2020-08-10','2020-08-10',1,'2020-08-10','2020-08-10',1,'425 หมู่ 17 ตำบลแสนสุข อำเภอวารินชำราบ  จังหวัดอุบลราชธานี','0819674559','',0,'',0,1,1,0,0,0,0,0,0,NULL,NULL,NULL,NULL,NULL,NULL,0,'2020-08-11 15:02:01',NULL,NULL,NULL,NULL,NULL,NULL,NULL,NULL,NULL,NULL,NULL),(3,'3341100274253',1,'โรงเรียนบ้านนาดี','เป็นไข้หวัด','2020-08-10','2020-08-10',1,'2020-08-10','2020-08-10',1,'425 หมู่ 17 ตำบลแสนสุข อำเภอวารินชำราบ  จังหวัดอุบลราชธานี','0819675517','',0,'',0,1,1,0,0,0,0,0,0,NULL,NULL,NULL,NULL,NULL,NULL,0,'2020-08-11 15:07:32',NULL,NULL,NULL,NULL,NULL,NULL,NULL,NULL,NULL,NULL,NULL),(4,'1440400004806',1,'โรงเรียนบ้านนาดี','ไม่สบาย','2020-09-11','2020-09-11',1,'2020-09-14','2020-09-14',1,'170/1 ต.ขามใหญ่ อ.เมือง จ.อุบลราชธานี','0958405488','',0,'3451100164295',0,0,0,0,0,0,0,0,0,NULL,NULL,NULL,NULL,NULL,NULL,0,'2020-09-14 09:09:15',NULL,NULL,NULL,NULL,NULL,NULL,NULL,1,NULL,'3451100164295','2020-09-26 14:44:12'),(5,'3340100228242',1,'โรงเรียนบ้านาดี','ป่วยเป็นไข้หวัด','2020-12-04','2020-12-04',1,'2020-12-04','2020-12-04',1,'232 ม.12  ต.นาส่วง  อ.เดชอุดม จ.อุบลฯ 34160','0885601403','',0,'3451100164295',0,0,0,0,0,0,0,0,0,NULL,NULL,NULL,NULL,NULL,NULL,0,'2021-03-05 21:27:34',NULL,NULL,NULL,NULL,NULL,NULL,NULL,1,NULL,'3451100164295','2021-03-11 09:39:30');

--
-- Table structure for table `la_permission`
--

CREATE TABLE `la_permission` (
  `id` int(11) NOT NULL AUTO_INCREMENT,
  `person_id` varchar(13) NOT NULL,
  `p1` tinyint(4) NOT NULL,
  `officer` varchar(13) NOT NULL,
  `rec_date` date NOT NULL,
  PRIMARY KEY (`id`)
) ENGINE=MyISAM AUTO_INCREMENT=7 DEFAULT CHARSET=utf8 COLLATE=utf8_general_ci;

--
-- Dumping data for table `la_permission`
--

INSERT INTO `la_permission` VALUES (1,'1349900054623',1,'5341190001681','2014-09-14'),(2,'3340701441625',1,'3340701441625','2018-11-15'),(3,'5341190001681',1,'3451100016429','2020-03-02'),(6,'1329900134368',1,'3451100164295','2020-09-16'),(5,'3330100377604',1,'3451100164295','2020-07-19');

--
-- Table structure for table `la_person_set`
--

CREATE TABLE `la_person_set` (
  `id` int(11) NOT NULL AUTO_INCREMENT,
  `person_id` varchar(13) NOT NULL,
  `comment_person` varchar(13) DEFAULT NULL,
  `grant_person` varchar(13) DEFAULT NULL,
  `officer` varchar(13) DEFAULT NULL,
  `rec_date` date DEFAULT NULL,
  PRIMARY KEY (`id`),
  UNIQUE KEY `person_id` (`person_id`)
) ENGINE=MyISAM AUTO_INCREMENT=23 DEFAULT CHARSET=utf8 COLLATE=utf8_general_ci;

--
-- Dumping data for table `la_person_set`
--

INSERT INTO `la_person_set` VALUES (1,'5341190001681','3451100016429','3451100016429','3451100016429','2018-09-29'),(2,'3350400249661','3451100016429','3451100016429','3451100016429','2018-09-29'),(3,'3341500478131','3451100016429','3451100016429','3451100016429','2018-09-29'),(4,'3920400492730','3451100016429','3451100016429','3451100016429','2018-09-29'),(5,'3100503488082','3451100016429','3451100016429','3451100016429','2018-09-29'),(6,'3341501062940','3451100016429','3451100016429','3451100016429','2018-09-29'),(7,'3340700812808','3451100016429','3451100016429','3451100016429','2018-09-29'),(8,'3100101215618','3451100016429','3451100016429','3451100016429','2018-09-29'),(9,'3330401490582','3451100016429','3451100016429','3451100016429','2018-09-29'),(10,'3340700957041','3451100016429','3451100016429','3451100016429','2018-09-29'),(11,'1349900054623','3451100016429','3451100016429','3451100016429','2018-09-29'),(12,'1440400004806','3451100016429','3451100016429','3451100016429','2018-09-29'),(13,'3330300256088','3451100016429','3451100016429','3451100016429','2018-09-29'),(14,'3330100377604','3451100016429','3451100016429','3451100016429','2018-09-29'),(15,'3400600351026','3451100016429','3451100016429','3451100016429','2018-09-29'),(16,'3341100274253','3451100016429','3451100016429','3451100016429','2018-09-29'),(17,'3451100164295','','3451100164295','3451100164295','2021-03-01'),(18,'3340100228242','3330100377604','3451100164295','3451100164295','2021-03-01'),(19,'1329900134368','3330100377604','3451100164295','3451100164295','2021-03-01'),(20,'1349700153172','3330100377604','3451100164295','3451100164295','2021-03-01'),(21,'3340701441625','3330100377604','3451100164295','3451100164295','2021-03-01'),(22,'1341500089252','3330100377604','3451100164295','3451100164295','2021-03-01');

--
-- Table structure for table `la_year`
--

CREATE TABLE `la_year` (
  `id` int(11) NOT NULL AUTO_INCREMENT,
  `budget_year` int(11) NOT NULL,
  `year_active` tinyint(1) NOT NULL,
  PRIMARY KEY (`id`),
  UNIQUE KEY `budget_year` (`budget_year`)
) ENGINE=MyISAM AUTO_INCREMENT=4 DEFAULT CHARSET=utf8 COLLATE=utf8_general_ci;

--
-- Dumping data for table `la_year`
--

INSERT INTO `la_year` VALUES (1,2561,0),(2,2562,0),(3,2563,1);

--
-- Table structure for table `mail_filebook`
--

CREATE TABLE `mail_filebook` (
  `id` int(11) NOT NULL AUTO_INCREMENT,
  `ref_id` varchar(50) NOT NULL,
  `file_name` varchar(100) NOT NULL,
  `file_des` varchar(100) NOT NULL,
  PRIMARY KEY (`id`)
) ENGINE=MyISAM AUTO_INCREMENT=51 DEFAULT CHARSET=utf8 COLLATE=utf8_general_ci;

--
-- Dumping data for table `mail_filebook`
--

INSERT INTO `mail_filebook` VALUES (1,'34006003510261410677804','34006003510261410677804_1.gif','ส้ม'),(2,'34006003510261410677804','34006003510261410677804_2.jpg','แอปเปิ้ล'),(3,'34006003510261410677804','34006003510261410677804_3.jpg','กล้วย'),(4,'34006003510261410677804','34006003510261410677804_4.gif','หมู'),(5,'34006003510261410677804','34006003510261410677804_5.gif','เป็ด'),(6,'33301003776041410678201','33301003776041410678201_1.png','เชิญชิมอาหาร'),(29,'34006003510261410681282','34006003510261410681282_5.pdf','10'),(28,'34006003510261410681282','34006003510261410681282_4.pdf','9'),(27,'34006003510261410681282','34006003510261410681282_3.pdf','8'),(26,'34006003510261410681282','34006003510261410681282_2.pdf','7'),(25,'34006003510261410681282','34006003510261410681282_1.pdf','6'),(12,'34006003510261410678273','34006003510261410678273_1.jpg','เสพคบธรรมะเด้อครับ'),(13,'34006003510261410678649','34006003510261410678649_1.jpg','บุญกิริยาวัตถุ ๓'),(14,'34006003510261410680258','34006003510261410680258_1.jpg','เปรียบชีวิตดั่งท่อนไม้'),(50,'34006003510261410682406','34006003510261410682406_1.jpg','เป่ายาง'),(20,'34006003510261410680626','34006003510261410680626_1.pdf','1'),(21,'34006003510261410680626','34006003510261410680626_2.pdf','2'),(22,'34006003510261410680626','34006003510261410680626_3.pdf','3'),(23,'34006003510261410680626','34006003510261410680626_4.pdf','4'),(24,'34006003510261410680626','34006003510261410680626_5.pdf','5'),(35,'34006003510261410681594','34006003510261410681594_1.jpg','a'),(36,'34006003510261410681594','34006003510261410681594_2.jpg','a'),(37,'34006003510261410681594','34006003510261410681594_3.jpg','b'),(38,'34006003510261410681594','34006003510261410681594_4.jpg','c'),(39,'34006003510261410681594','34006003510261410681594_5.jpg','d'),(40,'34006003510261410681825','34006003510261410681825_1.jpg','e'),(41,'34006003510261410681825','34006003510261410681825_2.jpg','f'),(42,'34006003510261410681825','34006003510261410681825_3.jpg','g'),(43,'34006003510261410681825','34006003510261410681825_4.jpg','h'),(44,'34006003510261410681825','34006003510261410681825_5.jpg','i'),(45,'34006003510261410682072','34006003510261410682072_1.jpg','j'),(46,'34006003510261410682072','34006003510261410682072_2.jpg','k'),(47,'34006003510261410682072','34006003510261410682072_3.jpg','l'),(48,'34006003510261410682072','34006003510261410682072_4.jpg','m'),(49,'34006003510261410682072','34006003510261410682072_5.jpg','n');

--
-- Table structure for table `mail_group`
--

CREATE TABLE `mail_group` (
  `grp_id` int(11) NOT NULL AUTO_INCREMENT,
  `grp_name` varchar(50) NOT NULL,
  PRIMARY KEY (`grp_id`)
) ENGINE=MyISAM AUTO_INCREMENT=3 DEFAULT CHARSET=utf8 COLLATE=utf8_general_ci;

--
-- Dumping data for table `mail_group`
--

INSERT INTO `mail_group` VALUES (1,'ฝ่ายวิชาการ'),(2,'งานอนามัยโรงเรียน');

--
-- Table structure for table `mail_group_member`
--

CREATE TABLE `mail_group_member` (
  `id` int(11) NOT NULL AUTO_INCREMENT,
  `grp_id` int(11) NOT NULL,
  `person_id` varchar(13) NOT NULL,
  PRIMARY KEY (`id`)
) ENGINE=MyISAM AUTO_INCREMENT=7 DEFAULT CHARSET=utf8 COLLATE=utf8_general_ci;

--
-- Dumping data for table `mail_group_member`
--

INSERT INTO `mail_group_member` VALUES (1,1,'5341190001681'),(2,1,'3330401490582'),(3,1,'3330100377604'),(4,2,'3100503488082'),(5,2,'3341501062940'),(6,2,'3340700812808');

--
-- Table structure for table `mail_main`
--

CREATE TABLE `mail_main` (
  `ms_id` int(11) NOT NULL AUTO_INCREMENT,
  `sender` varchar(13) NOT NULL,
  `subject` varchar(150) NOT NULL,
  `detail` text DEFAULT NULL,
  `ref_id` varchar(50) NOT NULL,
  `send_date` datetime NOT NULL,
  PRIMARY KEY (`ms_id`),
  KEY `ref_id` (`ref_id`)
) ENGINE=MyISAM AUTO_INCREMENT=27 DEFAULT CHARSET=utf8 COLLATE=utf8_general_ci;

--
-- Dumping data for table `mail_main`
--

INSERT INTO `mail_main` VALUES (22,'3400600351026','อังกฤษ','ฝึกเขียน','34006003510261410681594','2014-09-14 15:03:32'),(23,'3400600351026','ฝึกเขียน','a-z','34006003510261410681825','2014-09-14 15:06:58'),(24,'3400600351026','อังกฤษ','a-z','34006003510261410682072','2014-09-14 15:10:57'),(2,'3330100377604','เลขงวดนี้','352','33301003776041410677966','2014-09-14 13:59:47'),(3,'3100503488082','ขอแสดงความยินดี','ยินดีกับหน้าที่ใหม่','31005034880821410677948','2014-09-14 14:00:34'),(4,'5341190001681','ขอเชิญประชุม','เรียนเชิญคณะครูทุกท่านเข้าร่วมประชุมในวันจันทร์ที่  14 กันยายน  2557  เวลา 10.00 น. ณ ห้องประชุมโรงเรียนบ้านนาดี','53411900016811410677875','2014-09-14 14:01:35'),(13,'3400600351026','ของดี','ฟังธรรมวันละนิด จิตแจ่มใส','34006003510261410678649','2014-09-14 14:13:48'),(6,'3400600351026','ภาษาอังกฤษอนุบาล','ส่งแล้วเด้อ','34006003510261410677804','2014-09-14 14:03:20'),(7,'3330100377604','อาหารแซบ ๆ','เชิญชิม','33301003776041410678201','2014-09-14 14:04:33'),(20,'3400600351026','ภาษาอังกฤษ2','ภาษาอังกฤษ2','34006003510261410681282','2014-09-14 14:57:08'),(9,'3340700812808','ทดลองส่ง','งวดนี้มี 1เด้อ','33407008128081410678317','2014-09-14 14:06:22'),(10,'3100503488082','ขอแสดงความยินดี','ขอแสดงความยินดีกับกิจกรรมที่ผ่านเข้าสพป.อบ.4','31005034880821410678301','2014-09-14 14:06:31'),(11,'3331000086757','เรื่องเร่งด่วนเตรียมประเมินโรงเรียนยาเสพติด','ให้คุณครูทุกท่านจัดป้ายนิเทศเกี่ยวกับยาเสพติดที่ห้องเรียนก่อนวันที่ 19','33310000867571410678360','2014-09-14 14:07:39'),(12,'3400600351026','ปฏิจจสมุปบาท','ของดีเด้อ','34006003510261410678273','2014-09-14 14:08:35'),(14,'3100503488082','s;p','468  72','31005034880821410679386','2014-09-14 14:24:08'),(15,'3331000086757','ทบทวนเรื่องเร่งด่วนในสัปดาห์นี้','วันที่ 19 กันยายน 2557 โรงเรียนบ้านนาดีจะได้รับการประเมินจาก สพป.อบ. 4 เกี่ยวกับโรงเรียนยาเสพติดจึงขอความร่วมมือคณะครูทุกท่านได้จัดป้ายนิเทศเกี่ยวกับยาเสพติดในห้องเรียนเพื่อเป็นแหล่งเรียนรู้ยาเสพติดซึ่งเป็นเกณฑ์หนึ่งที่ต้องประเมิน   ขอขอบคุณคณะครูทุกท่านที่ได้ให้ความร่วมมือในครั้งนี้   (ลงชื่อ)  นายวิจิตร  เชื้อทอง ครูผู้รับผิดชอบโครงการ','33310000867571410679627','2014-09-14 14:31:37'),(16,'3331000086757','  การจัดกิจกรรมTo be Number one','วันพุธ 17 กันยายนเชิญชวนคณะครูทุกท่านแต่งกายชุดพลศึกษาเพื่อออกกำลังกายร่วมกันกับนักเรียนที่หน้าเสาธง เวลา15.00น.เพื่อสุขภาพดี หุ่นสวย..','33310000867571410679927','2014-09-14 14:34:45'),(17,'3400600351026','ธรรมะ','พุทธวจนะ','34006003510261410680258','2014-09-14 14:39:42'),(25,'3400600351026','ทบทวนอดีต','เคยเล่นบ่','34006003510261410682406','2014-09-14 15:19:24'),(19,'3400600351026','ภาษาอังกฤษ','สำหรับค้นคว้าครับ','34006003510261410680626','2014-09-14 14:47:40'),(26,'3340701441625','อบรม','อบรม','33407014416251542268496','2018-11-15 14:55:32');

--
-- Table structure for table `mail_permission`
--

CREATE TABLE `mail_permission` (
  `id` int(11) NOT NULL AUTO_INCREMENT,
  `person_id` varchar(13) NOT NULL,
  `p1` tinyint(4) NOT NULL,
  `officer` varchar(13) NOT NULL,
  `rec_date` date NOT NULL,
  PRIMARY KEY (`id`)
) ENGINE=MyISAM AUTO_INCREMENT=3 DEFAULT CHARSET=utf8 COLLATE=utf8_general_ci;

--
-- Dumping data for table `mail_permission`
--

INSERT INTO `mail_permission` VALUES (1,'3330100377604',1,'5341190001681','2014-09-14'),(2,'3340701441625',1,'3340701441625','2018-11-15');

--
-- Table structure for table `mail_sendto_answer`
--

CREATE TABLE `mail_sendto_answer` (
  `id` int(11) NOT NULL AUTO_INCREMENT,
  `ref_id` varchar(50) NOT NULL,
  `send_to` varchar(13) NOT NULL,
  `answer` tinyint(4) NOT NULL DEFAULT 0,
  `answer_time` datetime NOT NULL,
  PRIMARY KEY (`id`),
  KEY `ref_id` (`ref_id`),
  KEY `send_to` (`send_to`)
) ENGINE=MyISAM AUTO_INCREMENT=243 DEFAULT CHARSET=utf8 COLLATE=utf8_general_ci;

--
-- Dumping data for table `mail_sendto_answer`
--

INSERT INTO `mail_sendto_answer` VALUES (1,'33310000867571410677787','3331300095778',0,'0000-00-00 00:00:00'),(237,'34006003510261410682072','1440400004806',0,'0000-00-00 00:00:00'),(236,'34006003510261410682072','3341501448112',0,'0000-00-00 00:00:00'),(234,'34006003510261410681825','3341501448112',0,'0000-00-00 00:00:00'),(233,'34006003510261410681594','1440400004806',1,'2014-09-14 15:07:44'),(232,'34006003510261410681594','3341501448112',0,'0000-00-00 00:00:00'),(20,'33301003776041410677966','5341190001681',1,'2014-09-14 14:02:44'),(21,'33301003776041410677966','3350400249661',0,'0000-00-00 00:00:00'),(22,'33301003776041410677966','3331000086757',1,'2014-09-14 14:24:24'),(23,'33301003776041410677966','3341501448112',0,'0000-00-00 00:00:00'),(24,'33301003776041410677966','3341500478131',1,'2020-07-23 11:03:09'),(25,'33301003776041410677966','3920400492730',1,'2014-09-14 14:16:55'),(26,'33301003776041410677966','3100503488082',1,'2014-09-14 14:01:20'),(27,'33301003776041410677966','3341501062940',0,'0000-00-00 00:00:00'),(28,'33301003776041410677966','3340700812794',0,'0000-00-00 00:00:00'),(29,'33301003776041410677966','3340700812808',1,'2014-09-14 14:07:14'),(30,'33301003776041410677966','3100101215618',0,'0000-00-00 00:00:00'),(31,'33301003776041410677966','3330401490582',1,'2014-09-15 20:05:16'),(32,'33301003776041410677966','3340700957041',1,'2014-09-14 14:09:50'),(33,'33301003776041410677966','3331300095778',0,'0000-00-00 00:00:00'),(34,'33301003776041410677966','1349900054623',1,'2014-09-14 14:01:08'),(35,'33301003776041410677966','1440400004806',1,'2014-09-14 14:03:46'),(36,'33301003776041410677966','3330300256088',0,'0000-00-00 00:00:00'),(37,'33301003776041410677966','3400600351026',1,'2014-09-14 14:04:26'),(38,'31005034880821410677948','1349900054623',1,'2014-09-14 14:01:42'),(235,'34006003510261410681825','1440400004806',0,'0000-00-00 00:00:00'),(39,'33301003776041410678044','1349900054623',0,'0000-00-00 00:00:00'),(40,'53411900016811410677875','3350400249661',0,'0000-00-00 00:00:00'),(41,'53411900016811410677875','3331000086757',1,'2014-09-14 14:24:46'),(42,'53411900016811410677875','3341501448112',0,'0000-00-00 00:00:00'),(43,'53411900016811410677875','3341500478131',1,'2020-07-23 11:03:30'),(44,'53411900016811410677875','3920400492730',1,'2014-09-14 14:17:14'),(45,'53411900016811410677875','3100503488082',1,'2014-09-14 14:02:34'),(46,'53411900016811410677875','3341501062940',0,'0000-00-00 00:00:00'),(47,'53411900016811410677875','3340700812794',0,'0000-00-00 00:00:00'),(48,'53411900016811410677875','3340700812808',1,'2014-09-14 14:07:23'),(49,'53411900016811410677875','3100101215618',0,'0000-00-00 00:00:00'),(50,'53411900016811410677875','3330401490582',1,'2014-09-15 20:05:44'),(51,'53411900016811410677875','3340700957041',1,'2014-09-14 14:10:02'),(52,'53411900016811410677875','3331300095778',0,'0000-00-00 00:00:00'),(53,'53411900016811410677875','1349900054623',1,'2014-09-14 14:02:31'),(54,'53411900016811410677875','1440400004806',1,'2014-09-14 14:04:27'),(55,'53411900016811410677875','3330300256088',0,'0000-00-00 00:00:00'),(56,'53411900016811410677875','3330100377604',1,'2014-09-14 14:02:31'),(57,'53411900016811410677875','3400600351026',1,'2014-09-14 14:30:16'),(59,'34006003510261410677804','1440400004806',1,'2014-09-14 14:04:33'),(60,'33301003776041410678201','1349900054623',1,'2014-09-14 14:05:27'),(79,'33407008128081410678317','5341190001681',1,'2014-09-14 14:14:17'),(80,'33407008128081410678317','3350400249661',0,'0000-00-00 00:00:00'),(81,'33407008128081410678317','3331000086757',1,'2014-09-14 14:11:51'),(82,'33407008128081410678317','3341501448112',0,'0000-00-00 00:00:00'),(83,'33407008128081410678317','3341500478131',1,'2020-07-23 11:04:33'),(84,'33407008128081410678317','3920400492730',1,'2014-09-14 14:33:43'),(85,'33407008128081410678317','3100503488082',1,'2014-09-14 14:07:14'),(86,'33407008128081410678317','3341501062940',0,'0000-00-00 00:00:00'),(87,'33407008128081410678317','3340700812794',0,'0000-00-00 00:00:00'),(88,'33407008128081410678317','3100101215618',0,'0000-00-00 00:00:00'),(89,'33407008128081410678317','3330401490582',0,'0000-00-00 00:00:00'),(90,'33407008128081410678317','3340700957041',1,'2014-09-14 14:10:09'),(91,'33407008128081410678317','3331300095778',0,'0000-00-00 00:00:00'),(92,'33407008128081410678317','1349900054623',1,'2014-09-14 14:08:53'),(93,'33407008128081410678317','1440400004806',1,'2014-09-14 14:08:35'),(94,'33407008128081410678317','3330300256088',0,'0000-00-00 00:00:00'),(95,'33407008128081410678317','3330100377604',1,'2014-09-14 14:30:51'),(96,'33407008128081410678317','3400600351026',1,'2014-09-14 14:15:04'),(97,'31005034880821410678301','5341190001681',1,'2014-09-14 14:12:33'),(98,'31005034880821410678301','3350400249661',0,'0000-00-00 00:00:00'),(99,'31005034880821410678301','3331000086757',1,'2014-09-14 14:11:30'),(100,'31005034880821410678301','3341501448112',0,'0000-00-00 00:00:00'),(101,'31005034880821410678301','3341500478131',1,'2020-07-23 11:03:35'),(102,'31005034880821410678301','3920400492730',1,'2014-09-14 14:34:18'),(103,'31005034880821410678301','3341501062940',0,'0000-00-00 00:00:00'),(104,'31005034880821410678301','3340700812794',0,'0000-00-00 00:00:00'),(105,'31005034880821410678301','3340700812808',1,'2014-09-14 14:07:53'),(106,'31005034880821410678301','3100101215618',0,'0000-00-00 00:00:00'),(107,'31005034880821410678301','3330401490582',1,'2021-10-07 08:33:02'),(108,'31005034880821410678301','3340700957041',1,'2014-09-14 14:10:15'),(109,'31005034880821410678301','3331300095778',0,'0000-00-00 00:00:00'),(110,'31005034880821410678301','1349900054623',1,'2014-09-14 14:08:39'),(111,'31005034880821410678301','1440400004806',1,'2014-09-14 14:08:44'),(112,'31005034880821410678301','3330300256088',0,'0000-00-00 00:00:00'),(113,'31005034880821410678301','3330100377604',1,'2014-09-14 14:31:11'),(114,'31005034880821410678301','3400600351026',1,'2014-09-14 14:10:11'),(115,'33310000867571410678360','5341190001681',1,'2014-09-14 14:12:06'),(116,'33310000867571410678360','3350400249661',0,'0000-00-00 00:00:00'),(117,'33310000867571410678360','3341501448112',0,'0000-00-00 00:00:00'),(118,'33310000867571410678360','3341500478131',1,'2020-07-23 11:04:44'),(119,'33310000867571410678360','3920400492730',1,'2014-09-14 14:34:33'),(120,'33310000867571410678360','3100503488082',1,'2014-09-14 14:08:09'),(121,'33310000867571410678360','3341501062940',0,'0000-00-00 00:00:00'),(122,'33310000867571410678360','3340700812794',0,'0000-00-00 00:00:00'),(123,'33310000867571410678360','3340700812808',1,'2014-09-14 14:08:21'),(124,'33310000867571410678360','3100101215618',0,'0000-00-00 00:00:00'),(125,'33310000867571410678360','3330401490582',0,'0000-00-00 00:00:00'),(126,'33310000867571410678360','3340700957041',1,'2014-09-14 14:36:03'),(127,'33310000867571410678360','3331300095778',0,'0000-00-00 00:00:00'),(128,'33310000867571410678360','1349900054623',1,'2014-09-14 14:08:46'),(129,'33310000867571410678360','1440400004806',1,'2014-09-14 14:08:53'),(130,'33310000867571410678360','3330300256088',0,'0000-00-00 00:00:00'),(131,'33310000867571410678360','3330100377604',1,'2014-09-14 14:31:35'),(132,'33310000867571410678360','3400600351026',1,'2014-09-14 14:09:45'),(133,'34006003510261410678273','3340700957041',1,'2014-09-14 14:10:26'),(134,'34006003510261410678273','3331000086757',1,'2014-09-14 14:10:52'),(135,'34006003510261410678273','3341501448112',0,'0000-00-00 00:00:00'),(136,'34006003510261410678649','3331300095778',0,'0000-00-00 00:00:00'),(137,'34006003510261410678649','5341190001681',1,'2014-09-14 14:14:27'),(138,'34006003510261410678649','3330100377604',1,'2014-09-14 14:29:59'),(139,'34006003510261410678649','3340700957041',1,'2014-09-14 14:35:34'),(140,'34006003510261410678649','3330401490582',0,'0000-00-00 00:00:00'),(141,'34006003510261410678649','3100101215618',0,'0000-00-00 00:00:00'),(142,'34006003510261410678649','3340700812808',1,'2014-09-14 14:36:54'),(143,'34006003510261410678649','3340700812794',0,'0000-00-00 00:00:00'),(144,'34006003510261410678649','3341501062940',0,'0000-00-00 00:00:00'),(145,'34006003510261410678649','3350400249661',0,'0000-00-00 00:00:00'),(146,'34006003510261410678649','3331000086757',1,'2014-09-14 14:25:27'),(147,'34006003510261410678649','3341501448112',0,'0000-00-00 00:00:00'),(148,'34006003510261410678649','3341500478131',1,'2020-07-23 11:04:59'),(149,'34006003510261410678649','3920400492730',1,'2014-09-14 14:34:47'),(150,'34006003510261410678649','3100503488082',1,'2014-11-22 19:36:04'),(151,'34006003510261410678649','3400600351026',1,'2014-09-14 14:16:41'),(152,'34006003510261410678649','1349900054623',1,'2014-09-14 14:25:16'),(153,'34006003510261410678649','1440400004806',0,'0000-00-00 00:00:00'),(154,'34006003510261410678649','3330300256088',0,'0000-00-00 00:00:00'),(213,'34006003510261410681282','3341501448112',0,'0000-00-00 00:00:00'),(155,'31005034880821410679386','1349900054623',1,'2014-09-14 14:25:02'),(156,'33310000867571410679627','5341190001681',1,'2014-09-14 14:32:44'),(157,'33310000867571410679627','3350400249661',0,'0000-00-00 00:00:00'),(158,'33310000867571410679627','3341501448112',0,'0000-00-00 00:00:00'),(159,'33310000867571410679627','3341500478131',1,'2020-07-23 11:05:04'),(160,'33310000867571410679627','3920400492730',1,'2014-09-14 14:35:03'),(161,'33310000867571410679627','3100503488082',1,'2014-11-22 19:36:24'),(162,'33310000867571410679627','3341501062940',0,'0000-00-00 00:00:00'),(163,'33310000867571410679627','3340700812794',0,'0000-00-00 00:00:00'),(164,'33310000867571410679627','3340700812808',1,'2014-09-14 14:37:06'),(165,'33310000867571410679627','3100101215618',0,'0000-00-00 00:00:00'),(166,'33310000867571410679627','3330401490582',0,'0000-00-00 00:00:00'),(167,'33310000867571410679627','3340700957041',1,'2014-09-14 14:35:52'),(168,'33310000867571410679627','3331300095778',0,'0000-00-00 00:00:00'),(169,'33310000867571410679627','1349900054623',1,'2014-09-14 14:32:02'),(170,'33310000867571410679627','1440400004806',0,'0000-00-00 00:00:00'),(171,'33310000867571410679627','3330300256088',0,'0000-00-00 00:00:00'),(172,'33310000867571410679627','3330100377604',1,'2014-09-14 14:33:12'),(173,'33310000867571410679627','3400600351026',1,'2014-09-14 14:32:48'),(174,'33310000867571410679927','5341190001681',1,'2014-09-15 13:10:38'),(175,'33310000867571410679927','3350400249661',0,'0000-00-00 00:00:00'),(176,'33310000867571410679927','3341501448112',0,'0000-00-00 00:00:00'),(177,'33310000867571410679927','3341500478131',1,'2020-07-23 11:06:54'),(178,'33310000867571410679927','3920400492730',1,'2014-09-14 14:35:26'),(179,'33310000867571410679927','3100503488082',1,'2014-11-22 19:36:52'),(180,'33310000867571410679927','3341501062940',0,'0000-00-00 00:00:00'),(181,'33310000867571410679927','3340700812794',0,'0000-00-00 00:00:00'),(182,'33310000867571410679927','3340700812808',1,'2014-09-14 14:37:25'),(183,'33310000867571410679927','3100101215618',0,'0000-00-00 00:00:00'),(184,'33310000867571410679927','3330401490582',0,'0000-00-00 00:00:00'),(185,'33310000867571410679927','3340700957041',1,'2014-09-14 14:35:57'),(186,'33310000867571410679927','3331300095778',0,'0000-00-00 00:00:00'),(187,'33310000867571410679927','1349900054623',0,'0000-00-00 00:00:00'),(188,'33310000867571410679927','1440400004806',0,'0000-00-00 00:00:00'),(189,'33310000867571410679927','3330300256088',0,'0000-00-00 00:00:00'),(190,'33310000867571410679927','3330100377604',1,'2014-09-15 12:49:46'),(191,'33310000867571410679927','3400600351026',1,'2014-09-14 15:11:17'),(192,'34006003510261410680258','3340700957041',1,'2014-09-14 15:00:34'),(193,'34006003510261410680258','3341501448112',0,'0000-00-00 00:00:00'),(240,'34006003510261410682406','3340700957041',1,'2014-09-15 13:52:00'),(239,'34006003510261410682406','3330100377604',1,'2014-09-15 12:50:03'),(212,'34006003510261410680626','3341501448112',0,'0000-00-00 00:00:00'),(241,'34006003510261410682406','3340700812808',0,'0000-00-00 00:00:00'),(238,'34006003510261410682406','5341190001681',1,'2014-09-15 13:11:10'),(242,'33407014416251542268496','1349900054623',1,'2018-11-21 15:43:18');

--
-- Table structure for table `meeting_main`
--

CREATE TABLE `meeting_main` (
  `id` int(11) NOT NULL AUTO_INCREMENT,
  `room` tinyint(4) NOT NULL,
  `book_date` date NOT NULL,
  `book_date_end` date NOT NULL,
  `start_time` tinyint(4) NOT NULL,
  `finish_time` tinyint(4) NOT NULL,
  `objective` varchar(200) NOT NULL,
  `book_person` varchar(13) NOT NULL,
  `rec_date` datetime NOT NULL,
  `approve` int(11) DEFAULT NULL,
  `reason` varchar(200) DEFAULT NULL,
  `person_num` int(11) NOT NULL,
  `other` varchar(250) NOT NULL,
  `officer` varchar(13) DEFAULT NULL,
  `officer_date` datetime DEFAULT NULL,
  PRIMARY KEY (`id`)
) ENGINE=MyISAM AUTO_INCREMENT=2 DEFAULT CHARSET=utf8 COLLATE=utf8_general_ci;

--
-- Dumping data for table `meeting_main`
--

INSERT INTO `meeting_main` VALUES (1,1,'2014-09-17','0000-00-00',13,15,'เพื่อจัดประชุม','5341190001681','2014-09-14 14:05:57',NULL,NULL,20,'',NULL,NULL);

--
-- Table structure for table `meeting_permission`
--

CREATE TABLE `meeting_permission` (
  `id` int(11) NOT NULL AUTO_INCREMENT,
  `person_id` varchar(13) NOT NULL,
  `p1` tinyint(4) NOT NULL,
  `officer` varchar(13) NOT NULL,
  `rec_date` date NOT NULL,
  PRIMARY KEY (`id`)
) ENGINE=MyISAM DEFAULT CHARSET=utf8 COLLATE=utf8_general_ci;

--
-- Dumping data for table `meeting_permission`
--


--
-- Table structure for table `meeting_room`
--

CREATE TABLE `meeting_room` (
  `id` int(11) NOT NULL AUTO_INCREMENT,
  `room_code` tinyint(4) NOT NULL,
  `room_name` varchar(100) NOT NULL,
  `active` int(11) NOT NULL DEFAULT 0,
  PRIMARY KEY (`id`)
) ENGINE=MyISAM AUTO_INCREMENT=11 DEFAULT CHARSET=utf8 COLLATE=utf8_general_ci;

--
-- Dumping data for table `meeting_room`
--

INSERT INTO `meeting_room` VALUES (1,1,'ห้องประชุม1',1),(2,2,'ห้องประชุม2',1),(3,3,'ห้องประชุม3',0),(4,4,'หอ้งประชุม4',0),(5,5,'ห้องประชุม5',0),(6,6,'ห้องประชุม6',0),(7,7,'ห้องประชุม7',0),(8,8,'ห้องประชุม8',0),(9,9,'ห้องประชุม9',0),(10,10,'ห้องประชุม10',0);

--
-- Table structure for table `news_mainitem`
--

CREATE TABLE `news_mainitem` (
  `id` int(11) NOT NULL AUTO_INCREMENT,
  `code` int(11) NOT NULL,
  `mainitem` varchar(150) NOT NULL,
  `item_active` tinyint(1) NOT NULL DEFAULT 0,
  PRIMARY KEY (`id`),
  UNIQUE KEY `code` (`code`)
) ENGINE=MyISAM DEFAULT CHARSET=utf8 COLLATE=utf8_general_ci;

--
-- Dumping data for table `news_mainitem`
--


--
-- Table structure for table `news_news`
--

CREATE TABLE `news_news` (
  `id` int(11) NOT NULL AUTO_INCREMENT,
  `report_date` datetime NOT NULL,
  `news` varchar(250) NOT NULL,
  `file` varchar(150) NOT NULL,
  `section` int(11) NOT NULL,
  `mainitem_code` int(11) NOT NULL,
  `officer` varchar(13) NOT NULL,
  PRIMARY KEY (`id`)
) ENGINE=MyISAM DEFAULT CHARSET=utf8 COLLATE=utf8_general_ci;

--
-- Dumping data for table `news_news`
--


--
-- Table structure for table `news_permission`
--

CREATE TABLE `news_permission` (
  `id` int(11) NOT NULL AUTO_INCREMENT,
  `person_id` varchar(13) NOT NULL,
  `p1` tinyint(4) NOT NULL,
  `officer` varchar(13) NOT NULL,
  `rec_date` date NOT NULL,
  PRIMARY KEY (`id`)
) ENGINE=MyISAM DEFAULT CHARSET=utf8 COLLATE=utf8_general_ci;

--
-- Dumping data for table `news_permission`
--


--
-- Table structure for table `news_section`
--

CREATE TABLE `news_section` (
  `id` int(11) NOT NULL AUTO_INCREMENT,
  `code` tinyint(4) NOT NULL,
  `name` varchar(100) NOT NULL,
  `mainitem_code` int(11) NOT NULL,
  PRIMARY KEY (`id`)
) ENGINE=MyISAM DEFAULT CHARSET=utf8 COLLATE=utf8_general_ci;

--
-- Dumping data for table `news_section`
--


--
-- Table structure for table `permission_date`
--

CREATE TABLE `permission_date` (
  `id` int(11) NOT NULL AUTO_INCREMENT,
  `person_id` varchar(13) NOT NULL,
  `ref_id` varchar(50) NOT NULL,
  `date` date NOT NULL,
  `rec_date` datetime NOT NULL,
  PRIMARY KEY (`id`)
) ENGINE=MyISAM AUTO_INCREMENT=28 DEFAULT CHARSET=utf8 COLLATE=utf8_general_ci;

--
-- Dumping data for table `permission_date`
--

INSERT INTO `permission_date` VALUES (1,'5341190001681','141068090012826','2014-09-14','2014-09-14 14:48:20'),(2,'5341190001681','14108810544377','2014-09-17','2014-09-16 22:24:14'),(12,'1329900134368','17453186071493728960','2025-05-01','2025-04-24 12:25:04'),(11,'1329900134368','17453186071493728960','2025-04-30','2025-04-24 12:25:04'),(10,'1329900134368','17453186071493728960','2025-04-29','2025-04-24 12:25:04'),(9,'1329900134368','17453186071493728960','2025-04-28','2025-04-24 12:25:04'),(8,'1329900134368','17453186071493728960','2025-04-27','2025-04-24 12:25:04'),(27,'3340700343794','17454726441845018627','2025-05-01','2025-04-24 13:56:09'),(26,'3340700343794','17454726441845018627','2025-04-30','2025-04-24 13:56:09'),(25,'3340700343794','17454726441845018627','2025-04-29','2025-04-24 13:56:09'),(24,'3340700343794','17454726441845018627','2025-04-28','2025-04-24 13:56:09'),(23,'3340700343794','17454726441845018627','2025-04-27','2025-04-24 13:56:09');

--
-- Table structure for table `permission_main`
--

CREATE TABLE `permission_main` (
  `id` int(11) NOT NULL AUTO_INCREMENT,
  `person_id` varchar(13) NOT NULL,
  `ref_id` varchar(50) NOT NULL,
  `subject` varchar(150) NOT NULL,
  `place` varchar(150) NOT NULL,
  `vehicle` varchar(150) DEFAULT NULL,
  `document` varchar(150) DEFAULT NULL,
  `no_comment` tinyint(4) NOT NULL DEFAULT 0,
  `grant_person_selected` varchar(13) DEFAULT NULL,
  `rec_date` datetime NOT NULL,
  `comment` varchar(200) DEFAULT NULL,
  `comment_person` varchar(13) DEFAULT NULL,
  `comment_date` datetime DEFAULT NULL,
  `grant_x` tinyint(4) DEFAULT NULL,
  `grant_comment` varchar(200) DEFAULT NULL,
  `grant_person` varchar(13) DEFAULT NULL,
  `grant_date` datetime DEFAULT NULL,
  `report` text DEFAULT NULL,
  `report_date` datetime DEFAULT NULL,
  PRIMARY KEY (`id`),
  UNIQUE KEY `ref_id` (`ref_id`)
) ENGINE=MyISAM AUTO_INCREMENT=6 DEFAULT CHARSET=utf8 COLLATE=utf8_general_ci;

--
-- Dumping data for table `permission_main`
--

INSERT INTO `permission_main` VALUES (1,'5341190001681','141068090012826','การอบรมปฏิบัติการใช้สื่อเทคโนโลยีสารสนเทสและการสื่อสาร เพื่อการบริหารจัดการและการจัดการเรียนการสอน ปีการศึกษา 2557','โรงแรมปทุมรัตน์','','',0,'','2014-09-14 14:48:20',NULL,NULL,NULL,1,NULL,'3451100016429','2018-11-20 13:58:58',NULL,NULL),(2,'5341190001681','14108810544377','ประชุมเพื่อจัดทำงบประมาณซ่อมแซมอาคารเรียน','สพป.อบ 4','พาหนะส่วนบุคคล','',0,'','2014-09-16 22:24:14',NULL,NULL,NULL,1,NULL,'3451100016429','2018-11-20 13:58:58',NULL,NULL),(3,'1329900134368','17453186071493728960','การประชุมเชิงปฏิบัติการถอดบทเรียนและการจัดทำแผนการดำเนินงานตามโครงการบริหารจัดการชั้นเรียนแบบช่วงชั้น','โรงแรมริเวอร์ไซด์  กรุงเทพมหานคร','รถส่วนตัว','',0,'','2025-04-22 17:43:27',NULL,NULL,NULL,NULL,NULL,NULL,NULL,NULL,NULL),(5,'3340700343794','17454726441845018627','การประชุมเชิงปฏิบัติการถอดบทเรียนและการจัดทำแผนการดำเนินงานตามโครงการบริหารจัดการชั้นเรียนแบบช่วงชั้น','โรงแรมริเวอร์ไซด์  กรุงเทพมหานคร','รถประจำทาง','',0,'','2025-04-24 12:30:44',NULL,NULL,NULL,NULL,NULL,NULL,NULL,NULL,NULL);

--
-- Table structure for table `permission_permission`
--

CREATE TABLE `permission_permission` (
  `id` int(11) NOT NULL AUTO_INCREMENT,
  `person_id` varchar(13) NOT NULL,
  `p1` tinyint(4) NOT NULL,
  `officer` varchar(13) NOT NULL,
  `rec_date` date NOT NULL,
  PRIMARY KEY (`id`)
) ENGINE=MyISAM AUTO_INCREMENT=6 DEFAULT CHARSET=utf8 COLLATE=utf8_general_ci;

--
-- Dumping data for table `permission_permission`
--

INSERT INTO `permission_permission` VALUES (1,'5341190001681',1,'5341190001681','2014-09-16'),(2,'1349900054623',1,'5341190001681','2014-09-16'),(5,'3330100377604',1,'3451100164295','2020-07-19');

--
-- Table structure for table `permission_person_set`
--

CREATE TABLE `permission_person_set` (
  `id` int(11) NOT NULL AUTO_INCREMENT,
  `person_id` varchar(13) NOT NULL,
  `comment_person` varchar(13) DEFAULT NULL,
  `grant_person` varchar(13) DEFAULT NULL,
  `officer` varchar(13) DEFAULT NULL,
  `rec_date` date DEFAULT NULL,
  PRIMARY KEY (`id`),
  UNIQUE KEY `person_id` (`person_id`)
) ENGINE=MyISAM AUTO_INCREMENT=20 DEFAULT CHARSET=utf8 COLLATE=utf8_general_ci;

--
-- Dumping data for table `permission_person_set`
--

INSERT INTO `permission_person_set` VALUES (1,'5341190001681','','','3340701441625','2018-11-15'),(2,'3350400249661','','','3340701441625','2018-11-15'),(3,'3451100016429','','','3340701441625','2018-11-15'),(4,'3341500478131','','','3340701441625','2018-11-15'),(5,'3920400492730','','','3340701441625','2018-11-15'),(6,'3100503488082','','','3340701441625','2018-11-15'),(7,'3341501062940','','','3340701441625','2018-11-15'),(8,'3341501448112','','','3340701441625','2018-11-15'),(9,'1349700153172','','','3340701441625','2018-11-15'),(10,'3330401490582','','','3340701441625','2018-11-15'),(11,'3340700957041','','','3340701441625','2018-11-15'),(12,'1349900054623','','','3340701441625','2018-11-15'),(13,'1440400004806','','','3340701441625','2018-11-15'),(14,'3340701441625','','','3340701441625','2018-11-15'),(15,'3330100377604','','','3340701441625','2018-11-15'),(16,'3400600351026','','','3340701441625','2018-11-15'),(17,'3341100274253','','','3340701441625','2018-11-15'),(18,'3451100164295','','','3451100164295','2020-07-19'),(19,'3340700343794','','3340700343794','3340700343794','2025-08-06');

--
-- Table structure for table `person_main`
--

CREATE TABLE `person_main` (
  `id` int(11) NOT NULL AUTO_INCREMENT,
  `person_id` varchar(13) NOT NULL,
  `prename` varchar(20) NOT NULL,
  `name` varchar(50) NOT NULL,
  `surname` varchar(50) NOT NULL,
  `position_code` tinyint(4) NOT NULL,
  `pic` varchar(150) DEFAULT NULL,
  `status` tinyint(4) NOT NULL DEFAULT 0,
  `person_order` tinyint(4) DEFAULT 0,
  `officer` varchar(13) NOT NULL,
  `rec_date` date NOT NULL,
  PRIMARY KEY (`id`),
  UNIQUE KEY `person_id` (`person_id`)
) ENGINE=MyISAM AUTO_INCREMENT=38 DEFAULT CHARSET=utf8 COLLATE=utf8_general_ci;

--
-- Dumping data for table `person_main`
--

INSERT INTO `person_main` VALUES (1,'5341190001681','น.ส.','บังอร','จันทร์ถอด',3,'modules/person/picture/5341190001681.jpg',0,2,'5341190001681','0000-00-00'),(31,'3340700293282','นางสาว','วรรณรัตน์','จันทพรม',3,'modules/person/picture/3340700293282.jpg',0,3,'3451100164295','2021-06-15'),(33,'1341100147191','นางสาว','ยุวดี','ภูผานี',4,'modules/person/picture/1341100147191.jpg',0,0,'3340700293282','2022-07-25'),(37,'1340700560187','นางสาว','ประภัสสร','กรงาม',32,'',0,0,'1349900054623','2024-06-10'),(28,'3340100228242','นางสาว','ธิติมาภรณ์  ','อ้วนผิว',3,'modules/person/picture/3340100228242.png',0,3,'3451100164295','2020-01-07'),(30,'1329900134368','นางสาว','ธนิดา','อมรศักดิ์',3,'modules/person/picture/1329900134368.jpg',0,3,'5341190001681','2020-09-09'),(27,'1349700153172','นาง','จุฑามาศ','ริคาร์โดเฟอร์นันเดซ',3,'modules/person/picture/1349700153172.jpg',0,3,'3451100164295','2018-11-08'),(13,'3330401490582','นาง','จุไรรัตน์','อินธิไชย',3,'modules/person/picture/3330401490582.jpg',0,3,'1349900054623','0000-00-00'),(14,'3340700957041','นาย','สุพิทยะ','อินธิไชย',3,'modules/person/picture/3340700957041.jpg',0,3,'1349900054623','0000-00-00'),(32,'3340700343794','นาง','ฉัตรอมร','ภูทอง',1,'modules/person/picture/3340700343794.jpg',0,1,'7777','2021-11-05'),(16,'1349900054623','นาง','สตรีรัตน์','ใจแก้ว',11,'modules/person/picture/1349900054623.jpg',0,11,'1349900054623','0000-00-00'),(18,'1440400004806','นาง','เนตรนภาพร','ดุจดำเกิง',11,'modules/person/picture/1440400004806.jpg',0,11,'5341190001681','0000-00-00'),(35,'1440901310110','นาย','ธนานนท์','ปธิรูโป',4,'',0,0,'1349900054623','2024-06-10'),(36,'3440200085906','นาย','ปิยะพงษ์','ทองนาคะ',3,'',0,0,'1349900054623','2024-06-10'),(20,'3330100377604','นาง','สมหมาย','อัครศรีชัยโรจน์',3,'modules/person/picture/3330100377604.jpg',0,3,'1349900054623','0000-00-00'),(29,'1341500089252','นางสาว','นฤมล','วงษาสันต์',3,'modules/person/picture/1341500089252.jpg',0,3,'1341500089252','2020-07-02'),(24,'3341100274253','นาย','ปรีชา','กรีเมฆ',3,'modules/person/picture/3341100274253jpeg',0,3,'1349900054623','2018-09-29'),(34,'1320900250343','นางสาว','วีรดา','รัตนาธิวัฒน์',3,'',0,3,'5341190001681','2022-07-25');

--
-- Table structure for table `person_permission`
--

CREATE TABLE `person_permission` (
  `id` int(11) NOT NULL AUTO_INCREMENT,
  `person_id` varchar(13) NOT NULL,
  `p1` tinyint(4) NOT NULL,
  `officer` varchar(13) NOT NULL,
  `rec_date` date NOT NULL,
  PRIMARY KEY (`id`)
) ENGINE=MyISAM AUTO_INCREMENT=25 DEFAULT CHARSET=utf8 COLLATE=utf8_general_ci;

--
-- Dumping data for table `person_permission`
--

INSERT INTO `person_permission` VALUES (1,'5341190001681',1,'3451100016429','2020-02-26'),(2,'1349900054623',1,'3451100016429','2020-02-26'),(5,'3341100274253',1,'5341190001681','2018-10-15'),(4,'1341500089252',1,'3451100164295','2020-07-15'),(7,'1349700153172',1,'5341190001681','2019-11-25'),(24,'3340700343794',1,'3340700343794','2025-08-06'),(9,'3330100377604',1,'5341190001681','2019-11-25'),(10,'1440400004806',1,'3451100016429','2020-02-26'),(19,'3340100228242',1,'3451100016429','2020-02-26'),(23,'1340700560187',1,'3340700343794','2025-08-06'),(13,'3340700957041',1,'5341190001681','2019-11-28'),(14,'3330401490582',1,'5341190001681','2019-11-28'),(21,'3340700293282',1,'3451100164295','2021-06-15'),(20,'1329900134368',1,'3451100164295','2021-06-15'),(22,'1329900134368',1,'3451100164295','2021-06-15');

--
-- Table structure for table `person_position`
--

CREATE TABLE `person_position` (
  `id` int(11) NOT NULL AUTO_INCREMENT,
  `position_code` int(11) NOT NULL,
  `position_name` varchar(50) NOT NULL,
  PRIMARY KEY (`id`),
  UNIQUE KEY `position_code` (`position_code`)
) ENGINE=MyISAM AUTO_INCREMENT=20 DEFAULT CHARSET=utf8 COLLATE=utf8_general_ci;

--
-- Dumping data for table `person_position`
--

INSERT INTO `person_position` VALUES (1,1,'ผู้อำนวยการโรงเรียน'),(2,2,'รองผู้อำนวยการโรงเรียน'),(3,3,'ครู'),(4,4,'ครูผู้ช่วย'),(5,11,'พนักงานราชการ(ครูผู้สอน)'),(6,12,'พนักงานราชการ(ครูพี่เลี้ยง)'),(7,13,'พนักงานราชการ(อื่น ๆ)'),(9,21,'ลูกจ้างประจำ(พนักงานธุรการ)'),(13,31,'ลูกจ้างชั่วคราว(ครู)'),(14,32,'ลูกจ้างชั่วคราว(เจ้าหน้าที่ธุรการโรงเรียน)'),(15,33,'ลูกจ้างชั่วคราว(นักการภารโรง)'),(16,34,'ลูกจ้างชั่วคราว(อื่น ๆ)');

--
-- Table structure for table `plan_acti`
--

CREATE TABLE `plan_acti` (
  `id` int(11) NOT NULL AUTO_INCREMENT,
  `budget_year` int(11) DEFAULT NULL,
  `code_clus` tinyint(4) NOT NULL,
  `code_proj` char(3) NOT NULL DEFAULT '',
  `code_acti` char(6) NOT NULL DEFAULT '',
  `code_approve` char(3) NOT NULL DEFAULT '',
  `budget_acti` decimal(10,2) NOT NULL DEFAULT 0.00,
  `budget_approve` decimal(10,2) NOT NULL DEFAULT 0.00,
  `dayinput` date NOT NULL DEFAULT '0000-00-00',
  `daythai` char(13) NOT NULL DEFAULT '',
  `name_acti` char(150) NOT NULL,
  `owner_acti` char(50) NOT NULL DEFAULT '',
  `id_defalt` char(13) NOT NULL DEFAULT '',
  `dayseri` datetime NOT NULL DEFAULT '0000-00-00 00:00:00',
  `begin_date` date NOT NULL,
  `finish_date` date NOT NULL,
  `stop` tinyint(1) DEFAULT NULL,
  PRIMARY KEY (`id`)
) ENGINE=MyISAM AUTO_INCREMENT=78 DEFAULT CHARSET=utf8 COLLATE=utf8_general_ci;

--
-- Dumping data for table `plan_acti`
--

INSERT INTO `plan_acti` VALUES (1,2558,1,'001','001001','',100000.00,0.00,'0000-00-00','9 ส.ค. 2558','ส่งเสริมการอ่าน','','','2015-08-09 11:25:39','2015-08-09','2015-09-30',NULL),(2,2558,1,'001','001002','',100000.00,0.00,'0000-00-00','9 ส.ค. 2558','ส่งเสริมความเป็นเลิศ','','','2015-08-09 11:26:06','2015-08-09','2015-09-30',NULL),(3,2558,1,'001','001003','',10000.00,0.00,'0000-00-00','9 ส.ค. 2558','พัฒนาหลักสูตร','','','0000-00-00 00:00:00','2015-08-09','2015-09-30',NULL),(4,2558,1,'001','001004','',100000.00,0.00,'0000-00-00','9 ส.ค. 2558','ผลิตและพัฒนาสื่อการเรียนรู้','','','2015-08-09 11:27:10','2015-08-09','2015-09-30',NULL),(5,2558,1,'001','001005','',50000.00,0.00,'0000-00-00','9 ส.ค. 2558','วัดผลประเมินผลและการเทียบโอนผลการเรียนรู้','','','2015-08-09 11:27:51','2015-08-09','2015-09-30',NULL),(6,2558,3,'003','003003','',100000.00,0.00,'0000-00-00','9 ส.ค. 2558','พัฒนาครูและบุคลากรทางการศึกษา','','','0000-00-00 00:00:00','2015-08-09','2015-09-30',NULL),(22,2559,1,'001','001001','109',53150.00,0.00,'0000-00-00','2 พ.ย. 2558','พัฒนาการอ่าน  คิด วิเคราะห์ เขียน','','','0000-00-00 00:00:00','2015-10-01','2016-09-30',NULL),(8,2558,2,'002','002001','',150000.00,0.00,'0000-00-00','9 ส.ค. 2558','ศึกษาและพัฒนาแหล่งเรียนรู้','','','2015-08-09 11:30:20','2015-08-09','2015-09-30',NULL),(9,2558,2,'002','002002','',20000.00,0.00,'0000-00-00','9 ส.ค. 2558','ระบบดูแลช่วยเหลือนักเรียน','','','2015-08-09 11:31:20','2015-08-09','2015-09-30',NULL),(10,2558,1,'001','001007','',30000.00,0.00,'0000-00-00','9 ส.ค. 2558','พัฒนาทักษะการสอน','','','2015-08-09 11:32:04','2015-08-09','2015-09-30',NULL),(11,2558,2,'002','002003','',30000.00,0.00,'0000-00-00','9 ส.ค. 2558','กีฬาและนันทนาการ','','','2015-08-09 11:33:09','2015-08-09','2015-09-30',NULL),(12,2558,3,'003','003001','',150000.00,0.00,'0000-00-00','9 ส.ค. 2558','ศึกษาดูงาน','','','0000-00-00 00:00:00','2015-08-09','2015-09-30',NULL),(13,2558,3,'003','003002','',50000.00,0.00,'0000-00-00','9 ส.ค. 2558','สร้างขวัญและกำลังใจ','','','2015-08-09 11:38:22','2015-08-09','2015-09-30',NULL),(14,2558,3,'005','005001','',30000.00,0.00,'0000-00-00','9 ส.ค. 2558','การบริหารงานตามหลักธรรมาภิบาล','','','2015-08-09 11:40:02','2015-08-09','2015-09-30',NULL),(15,2558,3,'005','005002','',50000.00,0.00,'0000-00-00','9 ส.ค. 2558','เสริมสร้างชุมชนให้มีความเข้มแข็ง','','','0000-00-00 00:00:00','2015-08-09','2015-09-30',NULL),(16,2558,3,'005','005003','',10000.00,0.00,'0000-00-00','9 ส.ค. 2558','การนิเทศภายใน','','','2015-08-09 11:41:59','2015-08-09','2015-09-30',NULL),(17,2558,3,'005','005004','',10000.00,0.00,'0000-00-00','9 ส.ค. 2558','การประกันคุณภาพภายใน','','','2015-08-09 11:42:17','2015-08-09','2015-09-30',NULL),(18,2558,4,'004','004001','',9499.00,0.00,'0000-00-00','9 ส.ค. 2558','เสริมสร้างคุณธรรม  จริยธรรม','','','0000-00-00 00:00:00','2015-08-09','2015-09-30',NULL),(19,2558,4,'004','004002','',5000.00,0.00,'0000-00-00','9 ส.ค. 2558','ส่งเสริมสุขภาพ','','','0000-00-00 00:00:00','2015-08-09','2015-09-30',NULL),(20,2558,4,'004','004003','',5000.00,0.00,'0000-00-00','9 ส.ค. 2558','ประชาธิปไตยในสถานศึกษา','','','0000-00-00 00:00:00','2015-08-09','2015-09-30',NULL),(23,2559,1,'001','001002','110',80000.00,0.00,'0000-00-00','2 พ.ย. 2558','ส่งเสริมความเป็นเลิศ','','','0000-00-00 00:00:00','2015-10-01','2016-09-30',NULL),(24,2559,1,'001','001003','109',20000.00,0.00,'0000-00-00','2 พ.ย. 2558','เข้าค่ายวิชาการ','','','0000-00-00 00:00:00','2015-10-01','2016-09-30',NULL),(25,2559,1,'001','001004','109',50000.00,0.00,'0000-00-00','1 พ.ย. 2558','วัดผลทางการศึกษา','','','0000-00-00 00:00:00','2015-10-01','2016-09-30',NULL),(26,2559,1,'001','001005','110',100000.00,0.00,'0000-00-00','2 พ.ย. 2558','ผลิตและพัฒนาสื่อการเรียนรู้','','','0000-00-00 00:00:00','2015-10-01','2016-09-30',NULL),(27,2559,1,'001','001006','109',192600.00,0.00,'0000-00-00','2 พ.ย. 2558','ทัศนศึกษาแหล่งเรียนรู้','','','0000-00-00 00:00:00','2015-10-01','2016-09-30',NULL),(28,2559,1,'001','001007','109',40000.00,0.00,'0000-00-00','2 ต.ค. 2558','พัฒนาระบบประกันคณภาพภายใน','','','0000-00-00 00:00:00','2015-10-01','2016-09-30',NULL),(29,2559,1,'001','001008','108',49800.00,0.00,'0000-00-00','2 พ.ย. 2558','พัฒนาทักษะการสอน','','','0000-00-00 00:00:00','2015-10-01','2016-09-30',NULL),(30,2559,2,'002','002001','109',30000.00,0.00,'0000-00-00','1 ต.ค. 2558','พัฒนางานการเงิน','','','0000-00-00 00:00:00','2015-10-01','2016-09-30',NULL),(31,2559,2,'006','006001','114',149949.00,0.00,'0000-00-00','1 ต.ค. 2558','หนังสือเรียน','','','0000-00-00 00:00:00','2015-10-01','2016-09-30',NULL),(32,2559,2,'006','006002','115',114160.00,0.00,'0000-00-00','2 พ.ย. 2558','อุปกรณ์การเรียน','','','0000-00-00 00:00:00','2015-10-01','2016-09-30',NULL),(33,2559,2,'006','006003','116',86700.00,0.00,'0000-00-00','1 ต.ค. 2558','เครื่องแบบนักเรียน','','','2015-10-01 05:26:28','2015-10-01','2016-09-30',NULL),(34,2559,2,'006','006004','117',188075.00,0.00,'0000-00-00','2 พ.ย. 2558','พัฒนาผู้เรียน','','','0000-00-00 00:00:00','2015-10-01','2016-09-30',NULL),(35,2559,3,'003','003001','109',20000.00,0.00,'0000-00-00','1 ต.ค. 2558','พัฒนาบุคลากร','','','2015-10-01 05:28:31','2015-10-01','2016-09-30',NULL),(36,2559,3,'003','003002','110',42750.00,0.00,'0000-00-00','2 พ.ย. 2558','บำรุงขวัญและกำลังใจ','','','0000-00-00 00:00:00','2015-10-01','2016-09-30',NULL),(37,2559,4,'004','004001','110',54000.00,0.00,'0000-00-00','2 พ.ย. 2558','วันสำคัญต่าง  ๆ','','','0000-00-00 00:00:00','2015-10-01','2016-09-30',NULL),(39,2559,4,'004','004003','110',60000.00,0.00,'0000-00-00','2 พ.ย. 2558','กีฬาและนันทนาการ','','','0000-00-00 00:00:00','2015-10-01','2016-09-30',NULL),(40,2559,4,'004','004004','109',10000.00,0.00,'0000-00-00','1 พ.ย. 2558','ประชาธิปไตย','','','0000-00-00 00:00:00','2015-10-01','2016-09-30',NULL),(41,2559,4,'005','005001','109',65800.00,0.00,'0000-00-00','1 พ.ย. 2558','พัฒนาอาคารสถานที่  และสิ่งแวดล้อม','','','0000-00-00 00:00:00','2015-10-01','2016-09-30',NULL),(42,2559,4,'005','005002','101',30000.00,0.00,'0000-00-00','1 ต.ค. 2558','กิจกรรมโรงเรียนสะอาด','','','2015-10-01 05:36:00','2015-10-01','2016-09-30',NULL),(44,2559,4,'007','007001','118',742000.00,0.00,'0000-00-00','29 ธ.ค. 2558','อาหารกลางวัน','','','0000-00-00 00:00:00','2015-10-01','2016-09-30',NULL),(45,2559,4,'007','007002','118',75000.00,0.00,'0000-00-00','1 ต.ค. 2558','สุขาภิบาล','','','2015-10-01 05:52:44','2015-10-01','2016-09-30',NULL),(47,2559,4,'005','005003','109',24100.00,0.00,'0000-00-00','1 พ.ย. 2558','ปรับปรุงห้องเรียน','','','0000-00-00 00:00:00','2015-10-01','2016-09-30',NULL),(48,2559,4,'004','004005','113',109500.00,0.00,'0000-00-00','1 พ.ย. 2558','รถรับส่งนักเรียน','','','0000-00-00 00:00:00','2015-10-01','2016-09-30',NULL),(49,2559,4,'005','005004','109',9500.00,0.00,'0000-00-00','1 พ.ย. 2558','ปรับปรุงโรงอาหาร','','','0000-00-00 00:00:00','2015-10-01','2016-09-30',NULL),(50,2559,4,'005','005005','112',95800.00,0.00,'0000-00-00','9 พ.ย. 2558','สาธารณูปโภค','','','0000-00-00 00:00:00','2015-11-01','2016-09-30',NULL),(51,2564,1,'001','001001','109',40000.00,0.00,'2563-11-14','14 พ.ย. 2563','พัฒนาทักษะการอ่านวิเคระห์เขียน','','','2020-11-14 11:57:11','2020-10-01','2021-03-31',NULL),(52,2564,1,'001','001002','110',20000.00,0.00,'2563-11-14','14 พ.ย. 2563','ส่งเสริมความเป็นเลิศ','','','2020-11-14 11:58:20','2020-10-01','2021-03-31',NULL),(53,2564,1,'001','001003','110',10000.00,0.00,'2563-11-14','14 พ.ย. 2563','เข้าค่ายวิชาการ','','','2020-11-14 11:59:18','2020-10-01','2021-03-31',NULL),(54,2564,1,'001','001004','111',50000.00,0.00,'2563-11-14','14 พ.ย. 2563','ผลิตและพัฒนาสื่อการเรียนการสอน','','','2020-11-14 12:00:43','2020-10-01','2021-03-31',NULL),(55,2564,4,'004','004001','118',480000.00,0.00,'2563-11-14','14 พ.ย. 2563','อาหารกลางวัน','','','2020-11-14 12:01:47','2020-10-01','2021-03-31',NULL),(56,2564,1,'001','001005','113',80000.00,0.00,'2563-11-14','14 พ.ย. 2563','ทัศนศึกษาแหล่งเรียนรู้','','','2020-11-14 12:20:01','2020-10-01','2021-03-31',NULL),(57,2564,1,'001','001006','109',2000.00,0.00,'2563-11-14','14 พ.ย. 2563','พัฒนาระบบประกันคุณภาพการศึกษา','','','2020-11-14 12:20:56','2020-10-01','2021-03-31',NULL),(58,2564,1,'001','001007','109',5000.00,0.00,'2563-11-14','14 พ.ย. 2563','พัฒนางานวัดผลประเมินผล','','','2020-11-14 12:22:01','2020-10-01','2021-03-31',NULL),(59,2564,1,'001','001008','109',50000.00,0.00,'2563-11-14','14 พ.ย. 2563','พัฒนาทักษะการสอน','','','2020-11-14 12:22:55','2020-10-01','2021-03-31',NULL),(60,2564,2,'002','002001','110',2000.00,0.00,'2563-11-14','14 พ.ย. 2563','พัฒนาระบบการเงินและบัญชี','','','2020-11-14 12:24:01','2020-10-01','2021-03-31',NULL),(61,2564,2,'002','002002','109',2000.00,0.00,'2563-11-14','14 พ.ย. 2563','พัฒนาระบบงานพัสดุ','','','2020-11-14 12:24:49','2020-10-01','2021-03-31',NULL),(62,2564,3,'003','003001','108',100000.00,0.00,'2563-11-14','14 พ.ย. 2563','พัฒนาบุคลากร','','','2020-11-14 12:26:00','2020-10-01','2021-03-31',NULL),(64,2564,3,'003','003002','109',20000.00,0.00,'2563-11-14','14 พ.ย. 2563','บำรุงขวัญและกำลังใจ','','','2020-11-14 12:27:42','2020-10-01','2021-03-31',NULL),(65,2564,4,'005','005001','110',30000.00,0.00,'2563-11-14','14 พ.ย. 2563','กีฬาและนันทนาการ','','','2020-11-14 12:42:14','2020-10-01','2021-03-31',NULL),(66,2564,4,'005','005002','109',15000.00,0.00,'2563-11-14','14 พ.ย. 2563','ส่งเสริมสุขภาพอนามัย/ยาเสพติด','','','2020-11-14 12:43:24','2020-10-01','2021-03-31',NULL),(67,2564,4,'005','005003','109',2000.00,0.00,'2563-11-14','14 พ.ย. 2563','ประชาธิปไตย','','','2020-11-14 12:45:04','2020-10-01','2021-03-31',NULL),(68,2564,4,'005','005004','110',5000.00,0.00,'2563-11-14','14 พ.ย. 2563','ประชุมผู้ปกครอง/เยี่มบ้านนักเรียน','','','2020-11-14 12:47:13','2020-10-01','2021-03-31',NULL),(69,2564,4,'005','005005','112',120000.00,0.00,'2563-11-14','14 พ.ย. 2563','รถรับส่งนักเรียน','','','2020-11-14 12:49:02','2020-10-01','2021-03-30',NULL),(70,2564,4,'005','005006','108',45000.00,0.00,'2563-11-14','14 พ.ย. 2563','ทุนการศึกษา','','','2020-11-14 12:50:09','2020-10-01','2021-03-31',NULL),(71,2564,4,'006','006001','112',80000.00,0.00,'2563-11-14','14 พ.ย. 2563','พัฒนาอาคารสถานที่','','','2020-11-14 12:51:04','2020-10-01','2021-03-31',NULL),(72,2564,4,'006','006002','111',3000.00,0.00,'2563-11-14','14 พ.ย. 2563','กิจกรรมโรงเรียนสะอาด','','','2020-11-14 12:52:04','2020-10-01','2021-03-31',NULL),(73,2564,4,'006','006003','109',60000.00,0.00,'2563-11-14','14 พ.ย. 2563','ปรับปรุงภูมิทัศน์/ซ่อมแซม','','','2020-11-14 12:53:04','2020-10-01','2021-03-31',NULL),(74,2564,4,'008','008001','108',4000.00,0.00,'2563-11-14','14 พ.ย. 2563','การเลี้ยงหมู / ไก่','','','2020-11-14 12:54:32','2020-10-01','2021-03-31',NULL),(75,2564,4,'008','008002','109',6000.00,0.00,'2563-11-14','14 พ.ย. 2563','การทำนา','','','2020-11-14 12:55:27','2020-10-01','2021-03-01',NULL),(76,2564,4,'008','008003','108',1000.00,0.00,'2563-11-14','14 พ.ย. 2563','โรงสี','','','2020-11-14 12:56:11','2020-10-01','2021-03-31',NULL),(77,2564,4,'008','008004','110',2000.00,0.00,'2563-11-14','14 พ.ย. 2563','ปลูกผักสวนครัว','','','2020-11-14 12:57:11','2020-10-01','2021-03-31',NULL);

--
-- Table structure for table `plan_proj`
--

CREATE TABLE `plan_proj` (
  `id` int(11) NOT NULL AUTO_INCREMENT,
  `budget_year` int(11) DEFAULT NULL,
  `code_clus` tinyint(4) NOT NULL,
  `code_tegy` char(1) NOT NULL DEFAULT '',
  `code_proj` char(3) NOT NULL DEFAULT '',
  `budget_proj` double NOT NULL DEFAULT 0,
  `budget_approve` double NOT NULL DEFAULT 0,
  `name_proj` varchar(250) NOT NULL DEFAULT '',
  `owner_proj` varchar(50) NOT NULL DEFAULT '',
  `file_detail` varchar(100) NOT NULL DEFAULT '',
  `dayrec` datetime NOT NULL DEFAULT '0000-00-00 00:00:00',
  `eval_tegy` varchar(250) NOT NULL DEFAULT '',
  `eval_activity` longtext NOT NULL,
  `eval_result` longtext NOT NULL,
  `eval_obstacle` longtext NOT NULL,
  `eval_particular` varchar(100) NOT NULL DEFAULT '',
  `begin_date` date NOT NULL,
  `finish_date` date NOT NULL,
  `allow_edit` char(1) NOT NULL DEFAULT '',
  PRIMARY KEY (`id`)
) ENGINE=MyISAM AUTO_INCREMENT=47 DEFAULT CHARSET=utf8 COLLATE=utf8_general_ci;

--
-- Dumping data for table `plan_proj`
--

INSERT INTO `plan_proj` VALUES (1,2558,1,'1','001',600000,0,'ส่งเสริมประสิทธิภาพการเรียนการสอน','3330100377604','','2015-08-09 11:49:19','','','','','','2015-08-09','2015-09-30',''),(5,2558,2,'3','002',200000,0,'ส่งเสริมระบบดูแลช่วยเหลือนักเรียน','3920400492730','modules/plan/planproject/detail/plansch2558_002.jpg','2015-08-09 11:48:30','','','','','','2015-08-09','2015-09-30',''),(3,2558,3,'4','003',300000,0,'พัฒนาครูและบุคลากรทางการศึกษา','3331000086757','','2015-08-09 11:03:10','','','','','','2015-08-09','2015-09-30',''),(4,2558,4,'2','004',19499,0,'ปลูกฝังคุณธรรม ความสำนึกในความเป็นชาติไทยและวิถีชีวิตตามหลักปรัชญาเศรษฐกิจ\r\n                พอเพียง \r\n','3100101215618','','2015-08-09 11:04:34','','','','','','2015-08-09','2015-09-30',''),(6,2558,3,'','005',100000,0,'พัฒนาระบบการบริหารจัดการ','3331300095778','','2015-08-09 11:47:14','','','','','','2015-08-09','2015-09-30',''),(8,2559,1,'1','001',585550,0,'พัฒนาระบบงานวิชาการ','3330100377604','','2015-10-01 04:39:29','','','','','','2015-10-01','2016-09-30',''),(9,2559,2,'5','002',30000,0,'พัฒนาระบบการบริหารการเงินและสินทรัพย์','3920400492730','','2015-10-01 04:40:50','','','','','','2015-10-01','2016-09-30',''),(10,2559,3,'','003',62750,0,'พัฒนาบุคลากรบำรุงขวัญและกำลังใจ','3331000086757','','2015-10-01 04:41:43','','','','','','2015-10-01','2016-09-30',''),(11,2559,4,'2','004',233500,0,'ระบบดูแลช่วยเหลือนักเรียน','3341500478131','','2015-10-01 04:42:38','','','','','','2015-10-01','2016-09-30',''),(12,2559,4,'3','005',225200,0,'พัฒนาสภาพแวดล้อม','3100101215618','','2015-10-01 04:43:38','','','','','','2015-10-01','2016-09-30',''),(13,2559,2,'5','006',538884,0,'เรียนฟรี   เรียนดี 15 ปีอย่างมีคุณภาพ','3330100377604','','2015-10-01 04:45:34','','','','','','2015-10-01','2016-09-30',''),(14,2559,4,'1','007',817000,0,'อาหารกลางวัน','3330100377604','','2015-10-01 05:48:51','','','','','','2015-10-01','2016-09-30',''),(15,2563,1,'','001',257000,0,'พัฒนาวิชาการ','5341190001681','modules/plan/planproject/detail/plansch2563_001.docx','2020-11-14 09:43:46','','','','','','2020-07-20','2020-09-30',''),(16,2563,2,'','002',4000,0,'พัฒนาระบบงานบริหารงบประมาณ','3341500478131','modules/plan/planproject/detail/plansch2563_002.docx','2020-11-14 09:44:22','','','','','','2020-07-20','2020-09-30',''),(17,2563,3,'','003',120000,0,'พัฒนาบุคลากรและบำรุงขวัญและกำลังใจ','3330100377604','modules/plan/planproject/detail/plansch2563_003.docx','2020-11-14 09:45:16','','','','','','2020-07-20','2020-09-30',''),(18,2563,4,'','004',217000,0,'ระบบดูแลช่วยเหลือนักเรียน','3341100274253','modules/plan/planproject/detail/plansch2563_004.docx','2020-11-14 09:45:33','','','','','','2020-07-20','2020-09-30',''),(19,2563,4,'','005',143000,0,'พัฒนาสภาพแวดล้อม','3340700957041','modules/plan/planproject/detail/plansch2563_005.docx','2020-11-14 09:46:13','','','','','','2020-07-20','2020-09-30',''),(20,2563,4,'','006',506578,0,'เรียนฟรี  เรียนดี  15  ปีอย่างมีคุณภาพ','3330100377604','modules/plan/planproject/detail/plansch2563_006.docx','2020-11-14 09:46:28','','','','','','2020-07-20','2020-09-30',''),(21,2563,4,'','007',480000,0,'อาหารกลางวัน  อาหารเสริม(นม)','3341500478131','modules/plan/planproject/detail/plansch2563_007.docx','2020-11-14 09:46:41','','','','','','2020-07-20','2020-09-30',''),(22,2563,4,'','008',13000,0,'เศรษฐกิจพอเพียง','3341100274253','modules/plan/planproject/detail/plansch2563_008.docx','2020-11-14 09:48:07','','','','','','2020-07-20','2020-09-30',''),(23,2563,4,'','009',12000,0,'ส่งเสริมวัฒนธรรม','3341500478131','modules/plan/planproject/detail/plansch2563_009.docx','2020-11-14 09:47:25','','','','','','2020-07-20','2020-09-30',''),(24,2564,1,'2','001',257000,0,'พัฒนางานวิชาการ','5341190001681','modules/plan/planproject/detail/plansch2564_001.docx','2020-11-14 10:28:20','','','','','','2020-10-01','2021-03-31',''),(25,2564,2,'4','002',4000,0,'พัฒนาระบบงานบริหารงานงบประมาณ','3330100377604','modules/plan/planproject/detail/plansch2564_002.docx','2020-11-14 10:28:35','','','','','','2020-10-01','2021-03-31',''),(26,2564,3,'3','003',120000,0,'พัฒนาบุคลากรและบำรุงขวัญและกำลังใจ','3330100377604','modules/plan/planproject/detail/plansch2564_003.docx','2020-11-14 10:28:45','','','','','','2020-10-01','2021-03-31',''),(27,2564,4,'5','004',480000,0,'อาหารกลางวัน','3341500478131','modules/plan/planproject/detail/plansch2564_004.docx','2020-11-14 10:29:18','','','','','','2020-10-01','2021-03-31',''),(28,2564,4,'4','005',217000,0,'ระบบดูแลช่วยเหลือนักเรียน','3341500478131','modules/plan/planproject/detail/plansch2564_005.docx','2020-11-14 10:29:43','','','','','','2020-10-01','2021-09-30',''),(29,2564,4,'6','006',143000,0,'พัฒนาสภาพแวดล้อม','3340700957041','modules/plan/planproject/detail/plansch2564_006.docx','2020-11-14 10:30:06','','','','','','2020-10-01','2021-03-31',''),(30,2564,4,'4','007',506578,0,'เรียนฟรีเรียนดี  15 ปีอย่างมีคุณภาพ','3330100377604','modules/plan/planproject/detail/plansch2564_007.docx','2020-11-14 10:31:01','','','','','','2020-10-01','2021-03-31',''),(31,2564,4,'5','008',13000,0,'เศรษฐกิจพอเพียง','3341100274253','modules/plan/planproject/detail/plansch2564_008.docx','2020-11-14 10:31:11','','','','','','2020-10-01','2021-03-31',''),(32,2564,4,'1','009',12000,0,'ส่งเสริมวัฒนธรรม','3341500478131','modules/plan/planproject/detail/plansch2564_009.docx','2020-11-14 10:31:30','','','','','','2020-10-01','2021-03-31',''),(33,2568,1,'','001',10000,0,'ส่งเสริมพัฒนาการของผู้เรียนระดับปฐมวัย','3340700293282','','2025-04-29 15:33:20','','','','','','2025-04-29','2025-09-30',''),(34,2568,1,'','002',30000,0,'ส่งเสริมความเป็นเลิศพัฒนาคุณภาพการศึกษาระดับประถม/มัธยมศึกษาตอนต้น','5341190001681','','2025-04-29 15:35:39','','','','','','2025-04-29','2025-09-30',''),(35,2568,1,'','003',3000,0,'ยกระดับผลสัมฤทธิ์ทางการเรียนทุกระดับชั้น','1341500089252','','2025-04-29 15:37:23','','','','','','2025-04-29','2025-09-30',''),(36,2568,1,'','004',6000,0,'พัฒนาคุณภาพผู้เรียนด้านคอมพิวเตอร์ วิทยาศาสตร์','1329900134368','','2025-04-29 15:38:40','','','','','','2025-04-29','2025-09-30',''),(37,2568,1,'','005',40000,0,'ทัศนศึกษาแหล่งเรียนรู้ทุกระดับชั้น','3341100274253','','2025-04-29 15:39:27','','','','','','2025-04-29','2025-09-30',''),(38,2568,1,'','006',1000,0,'ประกันคุณภาพการศึกษา','5341190001681','','2025-04-29 15:40:08','','','','','','2025-04-29','2025-09-30',''),(39,2568,1,'','007',5000,0,'พัฒนางานวัดผลประเมินผล','1349900054623','','2025-04-29 15:40:52','','','','','','2025-04-29','2025-09-30',''),(40,2568,1,'','008',52500,0,'พัฒนาทักษะการสอน','3340100228242','','2025-04-29 15:41:44','','','','','','2025-04-29','2025-09-30',''),(41,2568,1,'','009',3000,0,'ค่ายวิชาการ','1320900250343','','2025-04-29 15:42:26','','','','','','2025-04-29','2025-09-30',''),(42,2568,1,'','010',250000,0,'เรียนดี  15  ปีอย่างมีคุณภาพ','5341190001681','','2025-04-29 15:43:19','','','','','','2025-04-29','2025-09-30',''),(43,2568,1,'','011',10000,0,'พัฒนางานวิชาการ','1349700153172','','2025-04-29 15:43:53','','','','','','2025-04-29','2025-09-30',''),(44,2568,2,'','012',5000,0,'พัฒนางานการเงิน/บัญชี/พัสดุ','3330100377604','','2025-04-29 15:45:11','','','','','','2025-04-29','2025-09-30',''),(45,2568,2,'','013',100000,0,'ค่าสาธารณูปโภค/เชื้อเพลิง','3340100228242','','2025-04-29 15:46:09','','','','','','2025-04-29','2025-09-30',''),(46,2568,3,'','014',20000,0,'พัฒนาบุคลากร','3340700293282','','2025-04-29 15:47:13','','','','','','2025-04-29','2025-09-30','');

--
-- Table structure for table `plan_setgic_year`
--

CREATE TABLE `plan_setgic_year` (
  `id` int(11) NOT NULL AUTO_INCREMENT,
  `budget_year` int(11) NOT NULL,
  `year_active` tinyint(1) NOT NULL,
  PRIMARY KEY (`id`),
  UNIQUE KEY `budget_year` (`budget_year`)
) ENGINE=MyISAM AUTO_INCREMENT=5 DEFAULT CHARSET=utf8 COLLATE=utf8_general_ci;

--
-- Dumping data for table `plan_setgic_year`
--

INSERT INTO `plan_setgic_year` VALUES (1,2557,0),(4,2558,1),(3,2554,0);

--
-- Table structure for table `plan_standard`
--

CREATE TABLE `plan_standard` (
  `id` int(11) NOT NULL AUTO_INCREMENT,
  `budget_year` int(11) NOT NULL,
  `sd_year` int(4) NOT NULL,
  `code_clus` tinyint(4) NOT NULL,
  `code_proj` char(3) NOT NULL,
  `code_acti` char(6) NOT NULL,
  `sd_level` char(1) NOT NULL,
  `sd_id` int(11) NOT NULL,
  `id_indicator` int(11) NOT NULL,
  PRIMARY KEY (`id`)
) ENGINE=MyISAM DEFAULT CHARSET=utf8 COLLATE=utf8_general_ci;

--
-- Dumping data for table `plan_standard`
--


--
-- Table structure for table `plan_stregic`
--

CREATE TABLE `plan_stregic` (
  `id` int(11) NOT NULL AUTO_INCREMENT,
  `id_tegic` int(3) NOT NULL,
  `budget_year` int(4) NOT NULL,
  `strategic` varchar(200) NOT NULL,
  PRIMARY KEY (`id`)
) ENGINE=MyISAM AUTO_INCREMENT=28 DEFAULT CHARSET=utf8 COLLATE=utf8_general_ci;

--
-- Dumping data for table `plan_stregic`
--

INSERT INTO `plan_stregic` VALUES (1,1,2557,'สร้างความเสมอภาค และเพิ่มโอกาสผู้เรียนได้รับการศึกษาขั้นพื้นฐาน'),(2,2,2557,'เร่งปฏิรูปการศึกษาบุคลากร และกระบวนการเรียนการสอนที่เน้นผู้เรียนเป็นสำคัญ'),(3,3,2557,'สร้างสภาพแวดล้อม แหล่งเรียนรู้วิจัยและนวัตกรรมที่เอื้อต่อการเรียนรู้แบบบูรณาการ'),(4,4,2557,'ส่งเสริมสนับสนุนให้เด็กเกิดการเรียนรู้และพัฒนาตลอดชีวิต'),(5,5,2557,'การส่งเสริมพัฒนาปรับปรุงอาคารสถานที่และจัดสภาพแวดล้อม'),(6,6,2557,'การต่อสู้เพื่อเอาชนะยาเสพติด'),(7,1,2558,'พัฒนาคุณภาพและมาตรฐานการศึกษาทุกระดับตามหลักสูตรและส่งเสริมความสามารถ\r\n                ด้านเทคโนโลยีเพื่อเป็นเครื่องมือการเรียนรู้\r\n'),(8,2,2558,'ปลูกฝังคุณธรรม ความสำนึกในความเป็นชาติไทยและวิถีชีวิตตามหลักปรัชญาเศรษฐกิจ\r\n                พอเพียง \r\n'),(9,3,2558,'ขยายโอกาสทางการศึกษาให้ทั่วถึงครอบคลุมผู้เรียนได้รับโอกาสในการพัฒนาเต็มตาม\r\n                ศักยภาพ \r\n'),(10,4,2558,'พัฒนาครู และบุคลากรทางการศึกษาทั้งระบบ'),(11,5,2558,'พัฒนาประสิทธิภาพการบริหารจัดการตามแนวทางการกระจายอำนาจ ตามหลัก\r\n                ธรรมาภิบาล \r\n'),(12,1,2559,'พัฒนาคุณภาพและมาตรฐานการศึกษาทุกระดับตามหลักสูตรและส่งเสริมความสามารถ ด้านเทคโนโลยีเพื่อเป็นเครื่องมือการเรียนรู้ '),(13,2,2559,' ปลูกฝังคุณธรรม ความสำนึกในความเป็นชาติไทยและวิถีชีวิตตามหลักปรัชญาเศรษฐกิจ พอเพียง '),(14,4,2559,'พัฒนาครู และบุคลากรทางการศึกษาทั้งระบบ'),(15,3,2559,'ขยายโอกาสทางการศึกษาให้ทั่วถึงครอบคลุมผู้เรียนได้รับโอกาสในการพัฒนาเต็มตาม ศักยภาพ '),(16,5,2559,'พัฒนาประสิทธิภาพการบริหารจัดการตามแนวทางการกระจายอำนาจ ตามหลัก ธรรมาภิบาล '),(17,1,2563,' การยกระดับผลสัมฤทธิ์ทางการเรียนและพัฒนาความเป็นเลิศ'),(18,2,2563,'พัฒนาครูและบุคลากรทางการศึกษาเป็นมืออาชีพ\r\n'),(19,3,2563,'การสร้างความเข้มแข็งให้สถานศึกษา'),(20,4,2563,'การสร้างเครือข่ายความร่วมมือ\r\n'),(21,1,2564,'ด้านความมั่นคง'),(22,2,2564,'ด้านการสร้างความสามารถในการแข่งขัน'),(23,3,2564,'ด้านการพัฒนาและเสริมสร้างทรัพยากรมนุษย์'),(24,4,2564,'ด้านการสร้างโอกาสและความเสมอภาคทางสังคม'),(25,5,2564,'ด้านการสร้างการเติบโตบนคุณภาพชีวิตที่เป็นมิตรกับสิ่งแวดล้อม'),(26,6,2564,'ด้านการปรับสมดุลและพัฒนาระบบบริหารจัดการภาครัฐ'),(27,1,2567,'ด้านความมั่นคง');

--
-- Table structure for table `plan_year`
--

CREATE TABLE `plan_year` (
  `id` int(11) NOT NULL AUTO_INCREMENT,
  `budget_year` int(11) NOT NULL,
  `year_active` tinyint(1) NOT NULL,
  PRIMARY KEY (`id`),
  UNIQUE KEY `budget_year` (`budget_year`)
) ENGINE=MyISAM AUTO_INCREMENT=15 DEFAULT CHARSET=utf8 COLLATE=utf8_general_ci;

--
-- Dumping data for table `plan_year`
--

INSERT INTO `plan_year` VALUES (1,2557,0),(3,2558,0),(6,2559,0),(5,2554,0),(7,2562,0),(8,2563,0),(10,2564,0),(11,2567,0),(12,2566,0),(13,2565,0),(14,2568,1);

--
-- Table structure for table `questionnaire_permission`
--

CREATE TABLE `questionnaire_permission` (
  `id` int(11) NOT NULL AUTO_INCREMENT,
  `person_id` varchar(13) NOT NULL,
  `p1` tinyint(4) NOT NULL,
  `officer` varchar(13) NOT NULL,
  `rec_date` date NOT NULL,
  PRIMARY KEY (`id`),
  UNIQUE KEY `person_id` (`person_id`)
) ENGINE=MyISAM AUTO_INCREMENT=8 DEFAULT CHARSET=utf8 COLLATE=utf8_general_ci;

--
-- Dumping data for table `questionnaire_permission`
--

INSERT INTO `questionnaire_permission` VALUES (1,'3341100274253',1,'3451100164295','2020-07-02'),(2,'5341190001681',1,'3451100164295','2020-07-02'),(3,'1341500089252',1,'3451100164295','2020-07-02'),(5,'3340701441625',1,'3451100164295','2020-08-03'),(6,'3330100377604',1,'3451100164295','2020-08-03'),(7,'1329900134368',1,'3451100164295','2020-09-11');

--
-- Table structure for table `savings_account`
--

CREATE TABLE `savings_account` (
  `account_id` int(11) NOT NULL AUTO_INCREMENT,
  `acc_code` varchar(10) NOT NULL,
  `description` varchar(100) NOT NULL,
  PRIMARY KEY (`account_id`)
) ENGINE=MyISAM AUTO_INCREMENT=7 DEFAULT CHARSET=utf8 COLLATE=utf8_general_ci;

--
-- Dumping data for table `savings_account`
--

INSERT INTO `savings_account` VALUES (1,'1','ฝาก'),(2,'2','ถอน'),(3,'3','ยอดยกมา'),(4,'4','ดอกเบี้ยเงินฝาก'),(5,'5','รายการแก้ไข'),(6,'6','ปิดบัญชี');

--
-- Table structure for table `savings_base`
--

CREATE TABLE `savings_base` (
  `base_id` int(5) NOT NULL AUTO_INCREMENT,
  `study_year` int(5) NOT NULL,
  `status` int(2) NOT NULL,
  PRIMARY KEY (`base_id`)
) ENGINE=MyISAM AUTO_INCREMENT=5 DEFAULT CHARSET=utf8 COLLATE=utf8_general_ci;

--
-- Dumping data for table `savings_base`
--

INSERT INTO `savings_base` VALUES (1,2557,0),(2,2561,0),(3,2563,0),(4,2564,1);

--
-- Table structure for table `savings_money`
--

CREATE TABLE `savings_money` (
  `save_id` int(11) NOT NULL AUTO_INCREMENT,
  `std_id` varchar(15) NOT NULL,
  `year_past` varchar(4) NOT NULL,
  `amount_money` decimal(8,2) NOT NULL,
  `day_save` varchar(3) NOT NULL,
  `month_save` varchar(3) NOT NULL,
  `year_save` varchar(5) NOT NULL,
  `timer` time NOT NULL,
  `office` varchar(15) DEFAULT NULL,
  `day_act` varchar(20) NOT NULL,
  `acc_type` varchar(10) NOT NULL,
  `level_class` varchar(5) NOT NULL,
  `room` varchar(5) NOT NULL,
  `student_number` varchar(5) NOT NULL,
  `rec_officer` varchar(13) DEFAULT NULL,
  PRIMARY KEY (`save_id`),
  KEY `std_id` (`std_id`),
  KEY `room` (`room`),
  KEY `level_class` (`level_class`),
  KEY `acc_type` (`acc_type`),
  KEY `day_act` (`day_act`)
) ENGINE=MyISAM AUTO_INCREMENT=480 DEFAULT CHARSET=utf8 COLLATE=utf8_general_ci;

--
-- Dumping data for table `savings_money`
--

INSERT INTO `savings_money` VALUES (1,'2667','',0.00,'15','09','2014','03:00:58','2014-09-15','15/09/2014','1','9','1','0','5341190001681'),(2,'2712','',0.00,'15','09','2014','03:00:58','2014-09-15','15/09/2014','1','9','1','0','5341190001681'),(3,'2714','',0.00,'15','09','2014','03:00:58','2014-09-15','15/09/2014','1','9','1','0','5341190001681'),(4,'2713','',0.00,'15','09','2014','03:00:58','2014-09-15','15/09/2014','1','9','1','0','5341190001681'),(5,'2715','',0.00,'15','09','2014','03:00:58','2014-09-15','15/09/2014','1','9','1','0','5341190001681'),(6,'2682','',5.00,'15','09','2014','03:00:58','2014-09-15','15/09/2014','1','9','1','0','5341190001681'),(7,'2872','',0.00,'15','09','2014','03:00:58','2014-09-15','15/09/2014','1','9','1','0','5341190001681'),(8,'2685','',6.00,'15','09','2014','03:00:58','2014-09-15','15/09/2014','1','9','1','0','5341190001681'),(9,'2687','',0.00,'15','09','2014','03:00:58','2014-09-15','15/09/2014','1','9','1','0','5341190001681'),(10,'2779','',0.00,'15','09','2014','03:00:58','2014-09-15','15/09/2014','1','9','1','0','5341190001681'),(11,'2711','',0.00,'15','09','2014','03:00:58','2014-09-15','15/09/2014','1','9','1','0','5341190001681'),(12,'2695','',0.00,'15','09','2014','03:00:58','2014-09-15','15/09/2014','1','9','1','0','5341190001681'),(13,'2688','',0.00,'15','09','2014','03:00:58','2014-09-15','15/09/2014','1','9','1','0','5341190001681'),(14,'2668','',0.00,'15','09','2014','03:00:58','2014-09-15','15/09/2014','1','9','1','0','5341190001681'),(15,'2675','',0.00,'15','09','2014','03:00:58','2014-09-15','15/09/2014','1','9','1','0','5341190001681'),(16,'2674','',0.00,'15','09','2014','03:00:58','2014-09-15','15/09/2014','1','9','1','0','5341190001681'),(17,'2676','',0.00,'15','09','2014','03:00:58','2014-09-15','15/09/2014','1','9','1','0','5341190001681'),(18,'2677','',0.00,'15','09','2014','03:00:58','2014-09-15','15/09/2014','1','9','1','0','5341190001681'),(19,'2680','',0.00,'15','09','2014','03:00:58','2014-09-15','15/09/2014','1','9','1','0','5341190001681'),(20,'2679','',0.00,'15','09','2014','03:00:58','2014-09-15','15/09/2014','1','9','1','0','5341190001681'),(21,'2686','',0.00,'15','09','2014','03:00:58','2014-09-15','15/09/2014','1','9','1','0','5341190001681'),(22,'2690','',0.00,'15','09','2014','03:00:58','2014-09-15','15/09/2014','1','9','1','0','5341190001681'),(23,'2689','',5.00,'15','09','2014','03:00:58','2014-09-15','15/09/2014','1','9','1','0','5341190001681'),(24,'2872','',2.00,'18','09','2014','11:29:32','2014-09-18','18/09/2014','1','9','1','0','5341190001681'),(25,'2711','',10.00,'18','09','2014','11:29:32','2014-09-18','18/09/2014','1','9','1','0','5341190001681'),(26,'2679','',2.00,'18','09','2014','11:29:32','2014-09-18','18/09/2014','1','9','1','0','5341190001681'),(27,'2689','',5.00,'18','09','2014','11:29:32','2014-09-18','18/09/2014','1','9','1','0','5341190001681'),(28,'2682','',5.00,'19','09','2014','12:36:19','2014-09-19','19/09/2014','1','9','1','0','5341190001681'),(29,'2695','',10.00,'19','09','2014','12:36:19','2014-09-19','19/09/2014','1','9','1','0','5341190001681'),(30,'2674','',5.00,'19','09','2014','12:36:19','2014-09-19','19/09/2014','1','9','1','0','5341190001681'),(31,'2689','',5.00,'19','09','2014','12:36:19','2014-09-19','19/09/2014','1','9','1','0','5341190001681'),(32,'2714','',5.00,'04','11','2014','10:34:56','2014-11-04','04/11/2014','1','9','1','0','5341190001681'),(33,'2713','',5.00,'04','11','2014','10:34:56','2014-11-04','04/11/2014','1','9','1','0','5341190001681'),(34,'2682','',10.00,'04','11','2014','10:34:56','2014-11-04','04/11/2014','1','9','1','0','5341190001681'),(35,'2685','',10.00,'04','11','2014','10:34:56','2014-11-04','04/11/2014','1','9','1','0','5341190001681'),(36,'2687','',5.00,'04','11','2014','10:34:56','2014-11-04','04/11/2014','1','9','1','0','5341190001681'),(37,'2779','',30.00,'04','11','2014','10:34:56','2014-11-04','04/11/2014','1','9','1','0','5341190001681'),(38,'2695','',5.00,'04','11','2014','10:34:56','2014-11-04','04/11/2014','1','9','1','0','5341190001681'),(39,'2688','',3.00,'04','11','2014','10:34:56','2014-11-04','04/11/2014','1','9','1','0','5341190001681'),(40,'2675','',5.00,'04','11','2014','10:34:56','2014-11-04','04/11/2014','1','9','1','0','5341190001681'),(41,'2674','',5.00,'04','11','2014','10:34:56','2014-11-04','04/11/2014','1','9','1','0','5341190001681'),(42,'2689','',14.00,'04','11','2014','10:34:56','2014-11-04','04/11/2014','1','9','1','0','5341190001681'),(43,'2779','',20.00,'10','11','2014','03:33:00','2014-11-10','10/11/2014','1','9','1','0','5341190001681'),(44,'2689','',3.00,'14','11','2014','10:49:54','2014-11-14','14/11/2014','1','9','1','0','5341190001681'),(45,'2685','',10.00,'17','11','2014','10:03:23','2014-11-17','17/11/2014','1','9','1','0','5341190001681'),(46,'2779','',10.00,'17','11','2014','10:03:23','2014-11-17','17/11/2014','1','9','1','0','5341190001681'),(47,'2674','',5.00,'17','11','2014','10:03:23','2014-11-17','17/11/2014','1','9','1','0','5341190001681'),(48,'2689','',5.00,'17','11','2014','10:03:23','2014-11-17','17/11/2014','1','9','1','0','5341190001681'),(49,'2713','',4.00,'17','11','2014','10:11:52','2014-11-17','17/11/2014','1','9','1','0','5341190001681'),(50,'2682','',15.00,'17','11','2014','10:11:52','2014-11-17','17/11/2014','1','9','1','0','5341190001681'),(51,'2687','',5.00,'17','11','2014','10:11:52','2014-11-17','17/11/2014','1','9','1','0','5341190001681'),(52,'2695','',10.00,'17','11','2014','10:11:52','2014-11-17','17/11/2014','1','9','1','0','5341190001681'),(53,'2714','',5.00,'18','11','2014','10:27:57','2014-11-18','18/11/2014','1','9','1','0','5341190001681'),(54,'2682','',5.00,'18','11','2014','10:27:57','2014-11-18','18/11/2014','1','9','1','0','5341190001681'),(55,'2687','',5.00,'18','11','2014','10:27:57','2014-11-18','18/11/2014','1','9','1','0','5341190001681'),(56,'2779','',5.00,'18','11','2014','10:27:57','2014-11-18','18/11/2014','1','9','1','0','5341190001681'),(57,'2695','',5.00,'18','11','2014','10:27:57','2014-11-18','18/11/2014','1','9','1','0','5341190001681'),(58,'2689','',5.00,'18','11','2014','10:27:57','2014-11-18','18/11/2014','1','9','1','0','5341190001681'),(59,'2687','',20.00,'24','11','2014','10:56:30','2014-11-24','24/11/2014','1','9','1','0','5341190001681'),(60,'2779','',5.00,'24','11','2014','10:56:30','2014-11-24','24/11/2014','1','9','1','0','5341190001681'),(61,'2677','',5.00,'24','11','2014','10:56:30','2014-11-24','24/11/2014','1','9','1','0','5341190001681'),(62,'2680','',5.00,'24','11','2014','10:56:30','2014-11-24','24/11/2014','1','9','1','0','5341190001681'),(63,'2689','',10.00,'24','11','2014','10:56:30','2014-11-24','24/11/2014','1','9','1','0','5341190001681'),(64,'2714','',5.00,'26','11','2014','11:13:03','2014-11-26','26/11/2014','1','9','1','0','5341190001681'),(65,'2713','',5.00,'26','11','2014','11:13:03','2014-11-26','26/11/2014','1','9','1','0','5341190001681'),(66,'2682','',5.00,'26','11','2014','11:13:03','2014-11-26','26/11/2014','1','9','1','0','5341190001681'),(67,'2685','',2.00,'26','11','2014','11:13:03','2014-11-26','26/11/2014','1','9','1','0','5341190001681'),(68,'2687','',4.00,'26','11','2014','11:13:03','2014-11-26','26/11/2014','1','9','1','0','5341190001681'),(69,'2779','',5.00,'26','11','2014','11:13:03','2014-11-26','26/11/2014','1','9','1','0','5341190001681'),(70,'2677','',5.00,'26','11','2014','11:13:03','2014-11-26','26/11/2014','1','9','1','0','5341190001681'),(71,'2680','',5.00,'26','11','2014','11:13:03','2014-11-26','26/11/2014','1','9','1','0','5341190001681'),(72,'2686','',2.00,'26','11','2014','11:13:03','2014-11-26','26/11/2014','1','9','1','0','5341190001681'),(73,'2689','',1.00,'26','11','2014','11:13:03','2014-11-26','26/11/2014','1','9','1','0','5341190001681'),(74,'2682','',5.00,'09','12','2014','10:44:29','2014-12-09','09/12/2014','1','9','1','0','5341190001681'),(75,'2779','',5.00,'09','12','2014','10:44:29','2014-12-09','09/12/2014','1','9','1','0','5341190001681'),(76,'2674','',10.00,'09','12','2014','10:44:29','2014-12-09','09/12/2014','1','9','1','0','5341190001681'),(77,'2677','',2.00,'09','12','2014','10:44:29','2014-12-09','09/12/2014','1','9','1','0','5341190001681'),(78,'2679','',5.00,'09','12','2014','10:44:29','2014-12-09','09/12/2014','1','9','1','0','5341190001681'),(79,'2689','',4.00,'09','12','2014','10:44:29','2014-12-09','09/12/2014','1','9','1','0','5341190001681'),(80,'2714','',5.00,'15','12','2014','02:13:37','2014-12-15','15/12/2014','1','9','1','0','5341190001681'),(81,'2682','',5.00,'15','12','2014','02:13:37','2014-12-15','15/12/2014','1','9','1','0','5341190001681'),(82,'2687','',8.00,'15','12','2014','02:13:37','2014-12-15','15/12/2014','1','9','1','0','5341190001681'),(83,'2779','',5.00,'15','12','2014','02:13:37','2014-12-15','15/12/2014','1','9','1','0','5341190001681'),(84,'2689','',4.00,'15','12','2014','02:13:37','2014-12-15','15/12/2014','1','9','1','0','5341190001681'),(85,'2779','',5.00,'23','12','2014','03:15:15','2014-12-23','23/12/2014','1','9','1','0','5341190001681'),(86,'2689','',3.00,'23','12','2014','03:15:15','2014-12-23','23/12/2014','1','9','1','0','5341190001681'),(87,'2712','',6.00,'05','02','2015','09:28:14','2015-02-05','05/02/2015','1','9','1','0','5341190001681'),(88,'2711','',300.00,'05','02','2015','09:28:14','2015-02-05','05/02/2015','1','9','1','0','5341190001681'),(89,'2676','',3.00,'05','02','2015','09:28:14','2015-02-05','05/02/2015','1','9','1','0','5341190001681'),(90,'2680','',5.00,'05','02','2015','09:28:14','2015-02-05','05/02/2015','1','9','1','0','5341190001681'),(91,'2682','',13.00,'09','03','2015','03:05:34','2015-03-09','09/03/2015','1','9','1','0','5341190001681'),(92,'2687','',3.00,'09','03','2015','03:05:34','2015-03-09','09/03/2015','1','9','1','0','5341190001681'),(93,'2779','',20.00,'09','03','2015','03:05:34','2015-03-09','09/03/2015','1','9','1','0','5341190001681'),(94,'2689','',11.00,'09','03','2015','03:05:34','2015-03-09','09/03/2015','1','9','1','0','5341190001681'),(95,'2902','2563',0.00,'21','06','2021','10:53:33','2021-06-21','21/06/2021','1','9','0','1','5341190001681'),(96,'2903','2563',0.00,'21','06','2021','10:53:33','2021-06-21','21/06/2021','1','9','0','2','5341190001681'),(97,'2930','2563',5.00,'21','06','2021','10:53:33','2021-06-21','21/06/2021','1','9','0','3','5341190001681'),(98,'2972','2563',5.00,'21','06','2021','10:53:33','2021-06-21','21/06/2021','1','9','0','4','5341190001681'),(99,'3002','2563',0.00,'21','06','2021','10:53:33','2021-06-21','21/06/2021','1','9','0','5','5341190001681'),(100,'3048','2563',20.00,'21','06','2021','10:53:33','2021-06-21','21/06/2021','1','9','0','6','5341190001681'),(101,'2904','2563',5.00,'21','06','2021','10:53:33','2021-06-21','21/06/2021','1','9','0','7','5341190001681'),(102,'2906','2563',5.00,'21','06','2021','10:53:33','2021-06-21','21/06/2021','1','9','0','8','5341190001681'),(103,'2905','2563',5.00,'21','06','2021','10:53:33','2021-06-21','21/06/2021','1','9','0','9','5341190001681'),(104,'2907','2563',5.00,'21','06','2021','10:53:33','2021-06-21','21/06/2021','1','9','0','10','5341190001681'),(105,'2911','2563',5.00,'21','06','2021','10:53:33','2021-06-21','21/06/2021','1','9','0','11','5341190001681'),(106,'2908','2563',0.00,'21','06','2021','10:53:33','2021-06-21','21/06/2021','1','9','0','12','5341190001681'),(107,'2915','2563',10.00,'21','06','2021','10:53:33','2021-06-21','21/06/2021','1','9','0','13','5341190001681'),(108,'2910','2563',10.00,'21','06','2021','10:53:33','2021-06-21','21/06/2021','1','9','0','13','5341190001681'),(109,'2913','2563',5.00,'21','06','2021','10:53:33','2021-06-21','21/06/2021','1','9','0','15','5341190001681'),(110,'2971','2563',5.00,'21','06','2021','10:53:33','2021-06-21','21/06/2021','1','9','0','16','5341190001681'),(111,'3070','2563',5.00,'21','06','2021','10:53:33','2021-06-21','21/06/2021','1','9','0','17','5341190001681'),(112,'2902','2564',15.00,'22','06','2021','09:21:19','2021-06-22','22/06/2021','1','9','0','1','5341190001681'),(113,'2903','2564',0.00,'22','06','2021','09:21:19','2021-06-22','22/06/2021','1','9','0','2','5341190001681'),(114,'2930','2564',15.00,'22','06','2021','09:21:19','2021-06-22','22/06/2021','1','9','0','3','5341190001681'),(115,'2972','2564',10.00,'22','06','2021','09:21:19','2021-06-22','22/06/2021','1','9','0','4','5341190001681'),(116,'3002','2564',0.00,'22','06','2021','09:21:19','2021-06-22','22/06/2021','1','9','0','5','5341190001681'),(117,'3048','2564',20.00,'22','06','2021','09:21:19','2021-06-22','22/06/2021','1','9','0','6','5341190001681'),(118,'2904','2564',12.00,'22','06','2021','09:21:19','2021-06-22','22/06/2021','1','9','0','7','5341190001681'),(119,'2906','2564',2.00,'22','06','2021','09:21:19','2021-06-22','22/06/2021','1','9','0','8','5341190001681'),(120,'2905','2564',3.00,'22','06','2021','09:21:19','2021-06-22','22/06/2021','1','9','0','9','5341190001681'),(121,'2907','2564',5.00,'22','06','2021','09:21:19','2021-06-22','22/06/2021','1','9','0','10','5341190001681'),(122,'2911','2564',10.00,'22','06','2021','09:21:19','2021-06-22','22/06/2021','1','9','0','11','5341190001681'),(123,'2908','2564',5.00,'22','06','2021','09:21:19','2021-06-22','22/06/2021','1','9','0','12','5341190001681'),(124,'2915','2564',10.00,'22','06','2021','09:21:19','2021-06-22','22/06/2021','1','9','0','13','5341190001681'),(125,'2910','2564',5.00,'22','06','2021','09:21:19','2021-06-22','22/06/2021','1','9','0','13','5341190001681'),(126,'2913','2564',5.00,'22','06','2021','09:21:19','2021-06-22','22/06/2021','1','9','0','15','5341190001681'),(127,'2971','2564',10.00,'22','06','2021','09:21:19','2021-06-22','22/06/2021','1','9','0','16','5341190001681'),(128,'3070','2564',0.00,'22','06','2021','09:21:19','2021-06-22','22/06/2021','1','9','0','17','5341190001681'),(129,'2902','2564',10.00,'28','06','2021','01:24:28','2021-06-28','28/06/2021','1','9','0','1','5341190001681'),(130,'2903','2564',0.00,'28','06','2021','01:24:28','2021-06-28','28/06/2021','1','9','0','2','5341190001681'),(131,'2930','2564',0.00,'28','06','2021','01:24:28','2021-06-28','28/06/2021','1','9','0','3','5341190001681'),(132,'2972','2564',10.00,'28','06','2021','01:24:28','2021-06-28','28/06/2021','1','9','0','4','5341190001681'),(133,'3002','2564',20.00,'28','06','2021','01:24:28','2021-06-28','28/06/2021','1','9','0','5','5341190001681'),(134,'3048','2564',15.00,'28','06','2021','01:24:28','2021-06-28','28/06/2021','1','9','0','6','5341190001681'),(135,'2904','2564',10.00,'28','06','2021','01:24:28','2021-06-28','28/06/2021','1','9','0','7','5341190001681'),(136,'2906','2564',5.00,'28','06','2021','01:24:28','2021-06-28','28/06/2021','1','9','0','8','5341190001681'),(137,'2905','2564',0.00,'28','06','2021','01:24:28','2021-06-28','28/06/2021','1','9','0','9','5341190001681'),(138,'2907','2564',10.00,'28','06','2021','01:24:28','2021-06-28','28/06/2021','1','9','0','10','5341190001681'),(139,'2911','2564',10.00,'28','06','2021','01:24:28','2021-06-28','28/06/2021','1','9','0','11','5341190001681'),(140,'2908','2564',10.00,'28','06','2021','01:24:28','2021-06-28','28/06/2021','1','9','0','12','5341190001681'),(141,'2915','2564',10.00,'28','06','2021','01:24:28','2021-06-28','28/06/2021','1','9','0','13','5341190001681'),(142,'2910','2564',5.00,'28','06','2021','01:24:28','2021-06-28','28/06/2021','1','9','0','13','5341190001681'),(143,'2913','2564',5.00,'28','06','2021','01:24:28','2021-06-28','28/06/2021','1','9','0','15','5341190001681'),(144,'2971','2564',10.00,'28','06','2021','01:24:28','2021-06-28','28/06/2021','1','9','0','16','5341190001681'),(145,'3070','2564',0.00,'28','06','2021','01:24:28','2021-06-28','28/06/2021','1','9','0','17','5341190001681'),(146,'2902','2564',10.00,'30','06','2021','03:48:22','2021-06-30','30/06/2021','1','9','0','1','5341190001681'),(147,'2903','2564',0.00,'30','06','2021','03:48:22','2021-06-30','30/06/2021','1','9','0','2','5341190001681'),(148,'2930','2564',5.00,'30','06','2021','03:48:22','2021-06-30','30/06/2021','1','9','0','3','5341190001681'),(149,'2972','2564',10.00,'30','06','2021','03:48:22','2021-06-30','30/06/2021','1','9','0','4','5341190001681'),(150,'3002','2564',10.00,'30','06','2021','03:48:22','2021-06-30','30/06/2021','1','9','0','5','5341190001681'),(151,'3048','2564',5.00,'30','06','2021','03:48:22','2021-06-30','30/06/2021','1','9','0','6','5341190001681'),(152,'2904','2564',10.00,'30','06','2021','03:48:22','2021-06-30','30/06/2021','1','9','0','7','5341190001681'),(153,'2906','2564',5.00,'30','06','2021','03:48:22','2021-06-30','30/06/2021','1','9','0','8','5341190001681'),(154,'2905','2564',0.00,'30','06','2021','03:48:22','2021-06-30','30/06/2021','1','9','0','9','5341190001681'),(155,'2907','2564',5.00,'30','06','2021','03:48:22','2021-06-30','30/06/2021','1','9','0','10','5341190001681'),(156,'2911','2564',5.00,'30','06','2021','03:48:22','2021-06-30','30/06/2021','1','9','0','11','5341190001681'),(157,'2908','2564',5.00,'30','06','2021','03:48:22','2021-06-30','30/06/2021','1','9','0','12','5341190001681'),(158,'2915','2564',5.00,'30','06','2021','03:48:22','2021-06-30','30/06/2021','1','9','0','13','5341190001681'),(159,'2910','2564',5.00,'30','06','2021','03:48:22','2021-06-30','30/06/2021','1','9','0','13','5341190001681'),(160,'2913','2564',5.00,'30','06','2021','03:48:22','2021-06-30','30/06/2021','1','9','0','15','5341190001681'),(161,'2971','2564',5.00,'30','06','2021','03:48:22','2021-06-30','30/06/2021','1','9','0','16','5341190001681'),(162,'3070','2564',20.00,'30','06','2021','03:48:22','2021-06-30','30/06/2021','1','9','0','17','5341190001681'),(163,'2902','2564',10.00,'01','07','2021','09:13:45','2021-07-01','01/07/2021','1','9','0','1','5341190001681'),(164,'2903','2564',0.00,'01','07','2021','09:13:45','2021-07-01','01/07/2021','1','9','0','2','5341190001681'),(165,'2930','2564',5.00,'01','07','2021','09:13:45','2021-07-01','01/07/2021','1','9','0','3','5341190001681'),(166,'2972','2564',0.00,'01','07','2021','09:13:45','2021-07-01','01/07/2021','1','9','0','4','5341190001681'),(167,'3002','2564',6.00,'01','07','2021','09:13:45','2021-07-01','01/07/2021','1','9','0','5','5341190001681'),(168,'3048','2564',10.00,'01','07','2021','09:13:45','2021-07-01','01/07/2021','1','9','0','6','5341190001681'),(169,'2904','2564',10.00,'01','07','2021','09:13:45','2021-07-01','01/07/2021','1','9','0','7','5341190001681'),(170,'2906','2564',0.00,'01','07','2021','09:13:45','2021-07-01','01/07/2021','1','9','0','8','5341190001681'),(171,'2905','2564',0.00,'01','07','2021','09:13:45','2021-07-01','01/07/2021','1','9','0','9','5341190001681'),(172,'2907','2564',5.00,'01','07','2021','09:13:45','2021-07-01','01/07/2021','1','9','0','10','5341190001681'),(173,'2911','2564',5.00,'01','07','2021','09:13:45','2021-07-01','01/07/2021','1','9','0','11','5341190001681'),(174,'2908','2564',0.00,'01','07','2021','09:13:45','2021-07-01','01/07/2021','1','9','0','12','5341190001681'),(175,'2915','2564',10.00,'01','07','2021','09:13:45','2021-07-01','01/07/2021','1','9','0','13','5341190001681'),(176,'2910','2564',5.00,'01','07','2021','09:13:45','2021-07-01','01/07/2021','1','9','0','13','5341190001681'),(177,'2913','2564',5.00,'01','07','2021','09:13:45','2021-07-01','01/07/2021','1','9','0','15','5341190001681'),(178,'2971','2564',0.00,'01','07','2021','09:13:45','2021-07-01','01/07/2021','1','9','0','16','5341190001681'),(179,'3070','2564',1.00,'01','07','2021','09:13:45','2021-07-01','01/07/2021','1','9','0','17','5341190001681'),(180,'2902','2564',10.00,'02','11','2021','09:04:12','2021-11-02','02/11/2021','1','9','0','1','5341190001681'),(181,'2903','2564',10.00,'02','11','2021','09:04:12','2021-11-02','02/11/2021','1','9','0','2','5341190001681'),(182,'2930','2564',5.00,'02','11','2021','09:04:12','2021-11-02','02/11/2021','1','9','0','3','5341190001681'),(183,'2972','2564',10.00,'02','11','2021','09:04:12','2021-11-02','02/11/2021','1','9','0','4','5341190001681'),(184,'3002','2564',0.00,'02','11','2021','09:04:12','2021-11-02','02/11/2021','1','9','0','5','5341190001681'),(185,'3048','2564',53.00,'02','11','2021','09:04:12','2021-11-02','02/11/2021','1','9','0','6','5341190001681'),(186,'2904','2564',5.00,'02','11','2021','09:04:12','2021-11-02','02/11/2021','1','9','0','7','5341190001681'),(187,'2906','2564',10.00,'02','11','2021','09:04:12','2021-11-02','02/11/2021','1','9','0','8','5341190001681'),(188,'2905','2564',3.00,'02','11','2021','09:04:12','2021-11-02','02/11/2021','1','9','0','9','5341190001681'),(189,'2907','2564',5.00,'02','11','2021','09:04:12','2021-11-02','02/11/2021','1','9','0','10','5341190001681'),(190,'2911','2564',5.00,'02','11','2021','09:04:12','2021-11-02','02/11/2021','1','9','0','11','5341190001681'),(191,'2908','2564',20.00,'02','11','2021','09:04:12','2021-11-02','02/11/2021','1','9','0','12','5341190001681'),(192,'2915','2564',5.00,'02','11','2021','09:04:12','2021-11-02','02/11/2021','1','9','0','13','5341190001681'),(193,'2910','2564',5.00,'02','11','2021','09:04:12','2021-11-02','02/11/2021','1','9','0','13','5341190001681'),(194,'2913','2564',5.00,'02','11','2021','09:04:12','2021-11-02','02/11/2021','1','9','0','15','5341190001681'),(195,'2971','2564',5.00,'02','11','2021','09:04:12','2021-11-02','02/11/2021','1','9','0','16','5341190001681'),(196,'3070','2564',3.00,'02','11','2021','09:04:12','2021-11-02','02/11/2021','1','9','0','17','5341190001681'),(197,'2902','2564',5.00,'03','11','2021','04:38:42','2021-11-03','03/11/2021','1','9','0','1','5341190001681'),(198,'2972','2564',10.00,'03','11','2021','04:38:42','2021-11-03','03/11/2021','1','9','0','4','5341190001681'),(199,'3002','2564',5.00,'03','11','2021','04:38:42','2021-11-03','03/11/2021','1','9','0','5','5341190001681'),(200,'3048','2564',5.00,'03','11','2021','04:38:42','2021-11-03','03/11/2021','1','9','0','6','5341190001681'),(201,'2904','2564',5.00,'03','11','2021','04:38:42','2021-11-03','03/11/2021','1','9','0','7','5341190001681'),(202,'2906','2564',10.00,'03','11','2021','04:38:42','2021-11-03','03/11/2021','1','9','0','8','5341190001681'),(203,'2911','2564',5.00,'03','11','2021','04:38:42','2021-11-03','03/11/2021','1','9','0','11','5341190001681'),(204,'2915','2564',10.00,'03','11','2021','04:38:42','2021-11-03','03/11/2021','1','9','0','13','5341190001681'),(205,'2910','2564',5.00,'03','11','2021','04:38:42','2021-11-03','03/11/2021','1','9','0','13','5341190001681'),(206,'2913','2564',5.00,'03','11','2021','04:38:42','2021-11-03','03/11/2021','1','9','0','15','5341190001681'),(207,'2971','2564',5.00,'03','11','2021','04:38:42','2021-11-03','03/11/2021','1','9','0','16','5341190001681'),(208,'2902','2564',5.00,'04','11','2021','04:42:47','2021-11-04','04/11/2021','1','9','0','1','5341190001681'),(209,'2903','2564',10.00,'04','11','2021','04:42:47','2021-11-04','04/11/2021','1','9','0','2','5341190001681'),(210,'2930','2564',5.00,'04','11','2021','04:42:47','2021-11-04','04/11/2021','1','9','0','3','5341190001681'),(211,'2972','2564',10.00,'04','11','2021','04:42:47','2021-11-04','04/11/2021','1','9','0','4','5341190001681'),(212,'3002','2564',0.00,'04','11','2021','04:42:47','2021-11-04','04/11/2021','1','9','0','5','5341190001681'),(213,'3048','2564',15.00,'04','11','2021','04:42:47','2021-11-04','04/11/2021','1','9','0','6','5341190001681'),(214,'2904','2564',3.00,'04','11','2021','04:42:47','2021-11-04','04/11/2021','1','9','0','7','5341190001681'),(215,'2906','2564',10.00,'04','11','2021','04:42:47','2021-11-04','04/11/2021','1','9','0','8','5341190001681'),(216,'2905','2564',5.00,'04','11','2021','04:42:47','2021-11-04','04/11/2021','1','9','0','9','5341190001681'),(217,'2907','2564',10.00,'04','11','2021','04:42:47','2021-11-04','04/11/2021','1','9','0','10','5341190001681'),(218,'2911','2564',5.00,'04','11','2021','04:42:47','2021-11-04','04/11/2021','1','9','0','11','5341190001681'),(219,'2908','2564',0.00,'04','11','2021','04:42:47','2021-11-04','04/11/2021','1','9','0','12','5341190001681'),(220,'2915','2564',5.00,'04','11','2021','04:42:47','2021-11-04','04/11/2021','1','9','0','13','5341190001681'),(221,'2910','2564',5.00,'04','11','2021','04:42:47','2021-11-04','04/11/2021','1','9','0','13','5341190001681'),(222,'2913','2564',5.00,'04','11','2021','04:42:47','2021-11-04','04/11/2021','1','9','0','15','5341190001681'),(223,'2971','2564',5.00,'04','11','2021','04:42:47','2021-11-04','04/11/2021','1','9','0','16','5341190001681'),(224,'3070','2564',5.00,'04','11','2021','04:42:47','2021-11-04','04/11/2021','1','9','0','17','5341190001681'),(225,'2902','2564',5.00,'15','11','2021','03:23:56','2021-11-15','15/11/2021','1','9','0','1','5341190001681'),(226,'2903','2564',10.00,'15','11','2021','03:23:56','2021-11-15','15/11/2021','1','9','0','2','5341190001681'),(227,'2930','2564',0.00,'15','11','2021','03:23:56','2021-11-15','15/11/2021','1','9','0','3','5341190001681'),(228,'2972','2564',20.00,'15','11','2021','03:23:56','2021-11-15','15/11/2021','1','9','0','4','5341190001681'),(229,'3002','2564',5.00,'15','11','2021','03:23:56','2021-11-15','15/11/2021','1','9','0','5','5341190001681'),(230,'3048','2564',5.00,'15','11','2021','03:23:56','2021-11-15','15/11/2021','1','9','0','6','5341190001681'),(231,'2904','2564',0.00,'15','11','2021','03:23:56','2021-11-15','15/11/2021','1','9','0','7','5341190001681'),(232,'2906','2564',10.00,'15','11','2021','03:23:56','2021-11-15','15/11/2021','1','9','0','8','5341190001681'),(233,'2905','2564',0.00,'15','11','2021','03:23:56','2021-11-15','15/11/2021','1','9','0','9','5341190001681'),(234,'2907','2564',10.00,'15','11','2021','03:23:56','2021-11-15','15/11/2021','1','9','0','10','5341190001681'),(235,'2911','2564',5.00,'15','11','2021','03:23:56','2021-11-15','15/11/2021','1','9','0','11','5341190001681'),(236,'2908','2564',5.00,'15','11','2021','03:23:56','2021-11-15','15/11/2021','1','9','0','12','5341190001681'),(237,'2915','2564',5.00,'15','11','2021','03:23:56','2021-11-15','15/11/2021','1','9','0','13','5341190001681'),(238,'2910','2564',5.00,'15','11','2021','03:23:56','2021-11-15','15/11/2021','1','9','0','13','5341190001681'),(239,'2913','2564',5.00,'15','11','2021','03:23:56','2021-11-15','15/11/2021','1','9','0','15','5341190001681'),(240,'2971','2564',0.00,'15','11','2021','03:23:56','2021-11-15','15/11/2021','1','9','0','16','5341190001681'),(241,'3070','2564',0.00,'15','11','2021','03:23:56','2021-11-15','15/11/2021','1','9','0','17','5341190001681'),(242,'2902','2564',5.00,'17','11','2021','02:31:37','2021-11-17','17/11/2021','1','9','0','1','5341190001681'),(243,'2903','2564',0.00,'17','11','2021','02:31:37','2021-11-17','17/11/2021','1','9','0','2','5341190001681'),(244,'2930','2564',0.00,'17','11','2021','02:31:37','2021-11-17','17/11/2021','1','9','0','3','5341190001681'),(245,'2972','2564',0.00,'17','11','2021','02:31:37','2021-11-17','17/11/2021','1','9','0','4','5341190001681'),(246,'3002','2564',0.00,'17','11','2021','02:31:37','2021-11-17','17/11/2021','1','9','0','5','5341190001681'),(247,'3048','2564',10.00,'17','11','2021','02:31:37','2021-11-17','17/11/2021','1','9','0','6','5341190001681'),(248,'2904','2564',0.00,'17','11','2021','02:31:37','2021-11-17','17/11/2021','1','9','0','7','5341190001681'),(249,'2906','2564',0.00,'17','11','2021','02:31:37','2021-11-17','17/11/2021','1','9','0','8','5341190001681'),(250,'2905','2564',0.00,'17','11','2021','02:31:37','2021-11-17','17/11/2021','1','9','0','9','5341190001681'),(251,'2907','2564',0.00,'17','11','2021','02:31:37','2021-11-17','17/11/2021','1','9','0','10','5341190001681'),(252,'2911','2564',0.00,'17','11','2021','02:31:37','2021-11-17','17/11/2021','1','9','0','11','5341190001681'),(253,'2908','2564',0.00,'17','11','2021','02:31:37','2021-11-17','17/11/2021','1','9','0','12','5341190001681'),(254,'2915','2564',0.00,'17','11','2021','02:31:37','2021-11-17','17/11/2021','1','9','0','13','5341190001681'),(255,'2910','2564',5.00,'17','11','2021','02:31:37','2021-11-17','17/11/2021','1','9','0','13','5341190001681'),(256,'2913','2564',5.00,'17','11','2021','02:31:37','2021-11-17','17/11/2021','1','9','0','15','5341190001681'),(257,'2971','2564',0.00,'17','11','2021','02:31:37','2021-11-17','17/11/2021','1','9','0','16','5341190001681'),(258,'3070','2564',0.00,'17','11','2021','02:31:37','2021-11-17','17/11/2021','1','9','0','17','5341190001681'),(259,'2902','2564',10.00,'18','11','2021','09:46:42','2021-11-18','18/11/2021','1','9','0','1','5341190001681'),(260,'2903','2564',0.00,'18','11','2021','09:46:42','2021-11-18','18/11/2021','1','9','0','2','5341190001681'),(261,'2930','2564',0.00,'18','11','2021','09:46:42','2021-11-18','18/11/2021','1','9','0','3','5341190001681'),(262,'2972','2564',10.00,'18','11','2021','09:46:42','2021-11-18','18/11/2021','1','9','0','4','5341190001681'),(263,'3002','2564',0.00,'18','11','2021','09:46:42','2021-11-18','18/11/2021','1','9','0','5','5341190001681'),(264,'3048','2564',10.00,'18','11','2021','09:46:42','2021-11-18','18/11/2021','1','9','0','6','5341190001681'),(265,'2904','2564',10.00,'18','11','2021','09:46:42','2021-11-18','18/11/2021','1','9','0','7','5341190001681'),(266,'2906','2564',10.00,'18','11','2021','09:46:42','2021-11-18','18/11/2021','1','9','0','8','5341190001681'),(267,'2905','2564',0.00,'18','11','2021','09:46:42','2021-11-18','18/11/2021','1','9','0','9','5341190001681'),(268,'2907','2564',10.00,'18','11','2021','09:46:42','2021-11-18','18/11/2021','1','9','0','10','5341190001681'),(269,'2911','2564',5.00,'18','11','2021','09:46:42','2021-11-18','18/11/2021','1','9','0','11','5341190001681'),(270,'2908','2564',5.00,'18','11','2021','09:46:42','2021-11-18','18/11/2021','1','9','0','12','5341190001681'),(271,'2915','2564',5.00,'18','11','2021','09:46:42','2021-11-18','18/11/2021','1','9','0','13','5341190001681'),(272,'2910','2564',5.00,'18','11','2021','09:46:42','2021-11-18','18/11/2021','1','9','0','13','5341190001681'),(273,'2913','2564',5.00,'18','11','2021','09:46:42','2021-11-18','18/11/2021','1','9','0','15','5341190001681'),(274,'2971','2564',0.00,'18','11','2021','09:46:42','2021-11-18','18/11/2021','1','9','0','16','5341190001681'),(275,'3070','2564',0.00,'18','11','2021','09:46:42','2021-11-18','18/11/2021','1','9','0','17','5341190001681'),(276,'2902','2564',5.00,'22','11','2021','12:40:59','2021-11-22','22/11/2021','1','9','0','1','5341190001681'),(277,'2903','2564',0.00,'22','11','2021','12:40:59','2021-11-22','22/11/2021','1','9','0','2','5341190001681'),(278,'2930','2564',10.00,'22','11','2021','12:40:59','2021-11-22','22/11/2021','1','9','0','3','5341190001681'),(279,'2972','2564',5.00,'22','11','2021','12:40:59','2021-11-22','22/11/2021','1','9','0','4','5341190001681'),(280,'3002','2564',0.00,'22','11','2021','12:40:59','2021-11-22','22/11/2021','1','9','0','5','5341190001681'),(281,'3048','2564',5.00,'22','11','2021','12:40:59','2021-11-22','22/11/2021','1','9','0','6','5341190001681'),(282,'2904','2564',10.00,'22','11','2021','12:40:59','2021-11-22','22/11/2021','1','9','0','7','5341190001681'),(283,'2906','2564',0.00,'22','11','2021','12:40:59','2021-11-22','22/11/2021','1','9','0','8','5341190001681'),(284,'2905','2564',0.00,'22','11','2021','12:40:59','2021-11-22','22/11/2021','1','9','0','9','5341190001681'),(285,'2907','2564',0.00,'22','11','2021','12:40:59','2021-11-22','22/11/2021','1','9','0','10','5341190001681'),(286,'2911','2564',5.00,'22','11','2021','12:40:59','2021-11-22','22/11/2021','1','9','0','11','5341190001681'),(287,'2908','2564',0.00,'22','11','2021','12:40:59','2021-11-22','22/11/2021','1','9','0','12','5341190001681'),(288,'2915','2564',0.00,'22','11','2021','12:40:59','2021-11-22','22/11/2021','1','9','0','13','5341190001681'),(289,'2910','2564',0.00,'22','11','2021','12:40:59','2021-11-22','22/11/2021','1','9','0','13','5341190001681'),(290,'2913','2564',5.00,'22','11','2021','12:40:59','2021-11-22','22/11/2021','1','9','0','15','5341190001681'),(291,'2971','2564',0.00,'22','11','2021','12:40:59','2021-11-22','22/11/2021','1','9','0','16','5341190001681'),(292,'3070','2564',0.00,'22','11','2021','12:40:59','2021-11-22','22/11/2021','1','9','0','17','5341190001681'),(293,'2902','2564',5.00,'22','11','2021','12:44:52','2021-11-22','22/11/2021','1','9','0','1','5341190001681'),(294,'2903','2564',0.00,'22','11','2021','12:44:52','2021-11-22','22/11/2021','1','9','0','2','5341190001681'),(295,'2930','2564',5.00,'22','11','2021','12:44:52','2021-11-22','22/11/2021','1','9','0','3','5341190001681'),(296,'2972','2564',11.00,'22','11','2021','12:44:52','2021-11-22','22/11/2021','1','9','0','4','5341190001681'),(297,'3002','2564',3.00,'22','11','2021','12:44:52','2021-11-22','22/11/2021','1','9','0','5','5341190001681'),(298,'3048','2564',5.00,'22','11','2021','12:44:52','2021-11-22','22/11/2021','1','9','0','6','5341190001681'),(299,'2904','2564',10.00,'22','11','2021','12:44:52','2021-11-22','22/11/2021','1','9','0','7','5341190001681'),(300,'2906','2564',10.00,'22','11','2021','12:44:52','2021-11-22','22/11/2021','1','9','0','8','5341190001681'),(301,'2905','2564',0.00,'22','11','2021','12:44:52','2021-11-22','22/11/2021','1','9','0','9','5341190001681'),(302,'2907','2564',10.00,'22','11','2021','12:44:52','2021-11-22','22/11/2021','1','9','0','10','5341190001681'),(303,'2911','2564',3.00,'22','11','2021','12:44:52','2021-11-22','22/11/2021','1','9','0','11','5341190001681'),(304,'2908','2564',5.00,'22','11','2021','12:44:52','2021-11-22','22/11/2021','1','9','0','12','5341190001681'),(305,'2915','2564',5.00,'22','11','2021','12:44:52','2021-11-22','22/11/2021','1','9','0','13','5341190001681'),(306,'2910','2564',5.00,'22','11','2021','12:44:52','2021-11-22','22/11/2021','1','9','0','13','5341190001681'),(307,'2913','2564',5.00,'22','11','2021','12:44:52','2021-11-22','22/11/2021','1','9','0','15','5341190001681'),(308,'2971','2564',0.00,'22','11','2021','12:44:52','2021-11-22','22/11/2021','1','9','0','16','5341190001681'),(309,'3070','2564',2.00,'22','11','2021','12:44:52','2021-11-22','22/11/2021','1','9','0','17','5341190001681'),(310,'2902','2564',0.00,'26','11','2021','11:05:35','2021-11-26','26/11/2021','1','9','0','1','5341190001681'),(311,'2903','2564',0.00,'26','11','2021','11:05:35','2021-11-26','26/11/2021','1','9','0','2','5341190001681'),(312,'2930','2564',0.00,'26','11','2021','11:05:35','2021-11-26','26/11/2021','1','9','0','3','5341190001681'),(313,'2972','2564',1.00,'26','11','2021','11:05:35','2021-11-26','26/11/2021','1','9','0','4','5341190001681'),(314,'3002','2564',0.00,'26','11','2021','11:05:35','2021-11-26','26/11/2021','1','9','0','5','5341190001681'),(315,'3048','2564',0.00,'26','11','2021','11:05:35','2021-11-26','26/11/2021','1','9','0','6','5341190001681'),(316,'2904','2564',10.00,'26','11','2021','11:05:35','2021-11-26','26/11/2021','1','9','0','7','5341190001681'),(317,'2906','2564',0.00,'26','11','2021','11:05:35','2021-11-26','26/11/2021','1','9','0','8','5341190001681'),(318,'2905','2564',0.00,'26','11','2021','11:05:35','2021-11-26','26/11/2021','1','9','0','9','5341190001681'),(319,'2907','2564',10.00,'26','11','2021','11:05:35','2021-11-26','26/11/2021','1','9','0','10','5341190001681'),(320,'2911','2564',5.00,'26','11','2021','11:05:35','2021-11-26','26/11/2021','1','9','0','11','5341190001681'),(321,'2908','2564',0.00,'26','11','2021','11:05:35','2021-11-26','26/11/2021','1','9','0','12','5341190001681'),(322,'2915','2564',5.00,'26','11','2021','11:05:35','2021-11-26','26/11/2021','1','9','0','13','5341190001681'),(323,'2910','2564',10.00,'26','11','2021','11:05:35','2021-11-26','26/11/2021','1','9','0','13','5341190001681'),(324,'2913','2564',0.00,'26','11','2021','11:05:35','2021-11-26','26/11/2021','1','9','0','15','5341190001681'),(325,'2971','2564',0.00,'26','11','2021','11:05:35','2021-11-26','26/11/2021','1','9','0','16','5341190001681'),(326,'3070','2564',0.00,'26','11','2021','11:05:35','2021-11-26','26/11/2021','1','9','0','17','5341190001681'),(327,'2902','2564',0.00,'25','11','2021','11:09:17','2021-11-25','25/11/2021','1','9','0','1','5341190001681'),(328,'2903','2564',0.00,'25','11','2021','11:09:17','2021-11-25','25/11/2021','1','9','0','2','5341190001681'),(329,'2930','2564',10.00,'25','11','2021','11:09:17','2021-11-25','25/11/2021','1','9','0','3','5341190001681'),(330,'2972','2564',0.00,'25','11','2021','11:09:17','2021-11-25','25/11/2021','1','9','0','4','5341190001681'),(331,'3002','2564',0.00,'25','11','2021','11:09:17','2021-11-25','25/11/2021','1','9','0','5','5341190001681'),(332,'3048','2564',0.00,'25','11','2021','11:09:17','2021-11-25','25/11/2021','1','9','0','6','5341190001681'),(333,'2904','2564',10.00,'25','11','2021','11:09:17','2021-11-25','25/11/2021','1','9','0','7','5341190001681'),(334,'2906','2564',10.00,'25','11','2021','11:09:17','2021-11-25','25/11/2021','1','9','0','8','5341190001681'),(335,'2905','2564',2.00,'25','11','2021','11:09:17','2021-11-25','25/11/2021','1','9','0','9','5341190001681'),(336,'2907','2564',0.00,'25','11','2021','11:09:17','2021-11-25','25/11/2021','1','9','0','10','5341190001681'),(337,'2911','2564',0.00,'25','11','2021','11:09:17','2021-11-25','25/11/2021','1','9','0','11','5341190001681'),(338,'2908','2564',0.00,'25','11','2021','11:09:17','2021-11-25','25/11/2021','1','9','0','12','5341190001681'),(339,'2915','2564',5.00,'25','11','2021','11:09:17','2021-11-25','25/11/2021','1','9','0','13','5341190001681'),(340,'2910','2564',5.00,'25','11','2021','11:09:17','2021-11-25','25/11/2021','1','9','0','13','5341190001681'),(341,'2913','2564',5.00,'25','11','2021','11:09:17','2021-11-25','25/11/2021','1','9','0','15','5341190001681'),(342,'2971','2564',0.00,'25','11','2021','11:09:17','2021-11-25','25/11/2021','1','9','0','16','5341190001681'),(343,'3070','2564',0.00,'25','11','2021','11:09:17','2021-11-25','25/11/2021','1','9','0','17','5341190001681'),(344,'2902','2564',5.00,'24','11','2021','11:12:22','2021-11-24','24/11/2021','1','9','0','1','5341190001681'),(345,'2903','2564',0.00,'24','11','2021','11:12:22','2021-11-24','24/11/2021','1','9','0','2','5341190001681'),(346,'2930','2564',10.00,'24','11','2021','11:12:22','2021-11-24','24/11/2021','1','9','0','3','5341190001681'),(347,'2972','2564',5.00,'24','11','2021','11:12:22','2021-11-24','24/11/2021','1','9','0','4','5341190001681'),(348,'3002','2564',0.00,'24','11','2021','11:12:22','2021-11-24','24/11/2021','1','9','0','5','5341190001681'),(349,'3048','2564',10.00,'24','11','2021','11:12:22','2021-11-24','24/11/2021','1','9','0','6','5341190001681'),(350,'2904','2564',10.00,'24','11','2021','11:12:22','2021-11-24','24/11/2021','1','9','0','7','5341190001681'),(351,'2906','2564',0.00,'24','11','2021','11:12:22','2021-11-24','24/11/2021','1','9','0','8','5341190001681'),(352,'2905','2564',0.00,'24','11','2021','11:12:22','2021-11-24','24/11/2021','1','9','0','9','5341190001681'),(353,'2907','2564',0.00,'24','11','2021','11:12:22','2021-11-24','24/11/2021','1','9','0','10','5341190001681'),(354,'2911','2564',5.00,'24','11','2021','11:12:22','2021-11-24','24/11/2021','1','9','0','11','5341190001681'),(355,'2908','2564',0.00,'24','11','2021','11:12:22','2021-11-24','24/11/2021','1','9','0','12','5341190001681'),(356,'2915','2564',5.00,'24','11','2021','11:12:22','2021-11-24','24/11/2021','1','9','0','13','5341190001681'),(357,'2910','2564',5.00,'24','11','2021','11:12:22','2021-11-24','24/11/2021','1','9','0','13','5341190001681'),(358,'2913','2564',5.00,'24','11','2021','11:12:22','2021-11-24','24/11/2021','1','9','0','15','5341190001681'),(359,'2971','2564',5.00,'24','11','2021','11:12:22','2021-11-24','24/11/2021','1','9','0','16','5341190001681'),(360,'3070','2564',0.00,'24','11','2021','11:12:22','2021-11-24','24/11/2021','1','9','0','17','5341190001681'),(361,'2902','2564',5.00,'18','11','2021','11:17:03','2021-11-18','18/11/2021','1','9','0','1','5341190001681'),(362,'2903','2564',0.00,'18','11','2021','11:17:03','2021-11-18','18/11/2021','1','9','0','2','5341190001681'),(363,'2930','2564',5.00,'18','11','2021','11:17:03','2021-11-18','18/11/2021','1','9','0','3','5341190001681'),(364,'2972','2564',11.00,'18','11','2021','11:17:03','2021-11-18','18/11/2021','1','9','0','4','5341190001681'),(365,'3002','2564',3.00,'18','11','2021','11:17:03','2021-11-18','18/11/2021','1','9','0','5','5341190001681'),(366,'3048','2564',5.00,'18','11','2021','11:17:03','2021-11-18','18/11/2021','1','9','0','6','5341190001681'),(367,'2904','2564',10.00,'18','11','2021','11:17:03','2021-11-18','18/11/2021','1','9','0','7','5341190001681'),(368,'2906','2564',10.00,'18','11','2021','11:17:03','2021-11-18','18/11/2021','1','9','0','8','5341190001681'),(369,'2905','2564',0.00,'18','11','2021','11:17:03','2021-11-18','18/11/2021','1','9','0','9','5341190001681'),(370,'2907','2564',10.00,'18','11','2021','11:17:03','2021-11-18','18/11/2021','1','9','0','10','5341190001681'),(371,'2911','2564',5.00,'18','11','2021','11:17:03','2021-11-18','18/11/2021','1','9','0','11','5341190001681'),(372,'2908','2564',10.00,'18','11','2021','11:17:03','2021-11-18','18/11/2021','1','9','0','12','5341190001681'),(373,'2915','2564',5.00,'18','11','2021','11:17:03','2021-11-18','18/11/2021','1','9','0','13','5341190001681'),(374,'2910','2564',5.00,'18','11','2021','11:17:03','2021-11-18','18/11/2021','1','9','0','13','5341190001681'),(375,'2913','2564',5.00,'18','11','2021','11:17:03','2021-11-18','18/11/2021','1','9','0','15','5341190001681'),(376,'2971','2564',0.00,'18','11','2021','11:17:03','2021-11-18','18/11/2021','1','9','0','16','5341190001681'),(377,'3070','2564',2.00,'18','11','2021','11:17:03','2021-11-18','18/11/2021','1','9','0','17','5341190001681'),(378,'2902','2564',5.00,'19','11','2021','11:24:24','2021-11-19','19/11/2021','1','9','0','1','5341190001681'),(379,'2903','2564',0.00,'19','11','2021','11:24:24','2021-11-19','19/11/2021','1','9','0','2','5341190001681'),(380,'2930','2564',5.00,'19','11','2021','11:24:24','2021-11-19','19/11/2021','1','9','0','3','5341190001681'),(381,'2972','2564',11.00,'19','11','2021','11:24:24','2021-11-19','19/11/2021','1','9','0','4','5341190001681'),(382,'3002','2564',3.00,'19','11','2021','11:24:24','2021-11-19','19/11/2021','1','9','0','5','5341190001681'),(383,'3048','2564',5.00,'19','11','2021','11:24:24','2021-11-19','19/11/2021','1','9','0','6','5341190001681'),(384,'2904','2564',10.00,'19','11','2021','11:24:24','2021-11-19','19/11/2021','1','9','0','7','5341190001681'),(385,'2906','2564',10.00,'19','11','2021','11:24:24','2021-11-19','19/11/2021','1','9','0','8','5341190001681'),(386,'2905','2564',0.00,'19','11','2021','11:24:24','2021-11-19','19/11/2021','1','9','0','9','5341190001681'),(387,'2907','2564',10.00,'19','11','2021','11:24:24','2021-11-19','19/11/2021','1','9','0','10','5341190001681'),(388,'2911','2564',3.00,'19','11','2021','11:24:24','2021-11-19','19/11/2021','1','9','0','11','5341190001681'),(389,'2908','2564',5.00,'19','11','2021','11:24:24','2021-11-19','19/11/2021','1','9','0','12','5341190001681'),(390,'2915','2564',5.00,'19','11','2021','11:24:24','2021-11-19','19/11/2021','1','9','0','13','5341190001681'),(391,'2910','2564',5.00,'19','11','2021','11:24:24','2021-11-19','19/11/2021','1','9','0','13','5341190001681'),(392,'2913','2564',5.00,'19','11','2021','11:24:24','2021-11-19','19/11/2021','1','9','0','15','5341190001681'),(393,'2971','2564',0.00,'19','11','2021','11:24:24','2021-11-19','19/11/2021','1','9','0','16','5341190001681'),(394,'3070','2564',2.00,'19','11','2021','11:24:24','2021-11-19','19/11/2021','1','9','0','17','5341190001681'),(395,'2902','2564',5.00,'17','11','2021','11:28:13','2021-11-17','17/11/2021','1','9','0','1','5341190001681'),(396,'2903','2564',0.00,'17','11','2021','11:28:13','2021-11-17','17/11/2021','1','9','0','2','5341190001681'),(397,'2930','2564',5.00,'17','11','2021','11:28:13','2021-11-17','17/11/2021','1','9','0','3','5341190001681'),(398,'2972','2564',11.00,'17','11','2021','11:28:13','2021-11-17','17/11/2021','1','9','0','4','5341190001681'),(399,'3002','2564',10.00,'17','11','2021','11:28:13','2021-11-17','17/11/2021','1','9','0','5','5341190001681'),(400,'3048','2564',5.00,'17','11','2021','11:28:13','2021-11-17','17/11/2021','1','9','0','6','5341190001681'),(401,'2904','2564',10.00,'17','11','2021','11:28:13','2021-11-17','17/11/2021','1','9','0','7','5341190001681'),(402,'2906','2564',10.00,'17','11','2021','11:28:13','2021-11-17','17/11/2021','1','9','0','8','5341190001681'),(403,'2905','2564',0.00,'17','11','2021','11:28:13','2021-11-17','17/11/2021','1','9','0','9','5341190001681'),(404,'2907','2564',0.00,'17','11','2021','11:28:13','2021-11-17','17/11/2021','1','9','0','10','5341190001681'),(405,'2911','2564',5.00,'17','11','2021','11:28:13','2021-11-17','17/11/2021','1','9','0','11','5341190001681'),(406,'2908','2564',10.00,'17','11','2021','11:28:13','2021-11-17','17/11/2021','1','9','0','12','5341190001681'),(407,'2915','2564',5.00,'17','11','2021','11:28:13','2021-11-17','17/11/2021','1','9','0','13','5341190001681'),(408,'2910','2564',5.00,'17','11','2021','11:28:13','2021-11-17','17/11/2021','1','9','0','13','5341190001681'),(409,'2913','2564',5.00,'17','11','2021','11:28:13','2021-11-17','17/11/2021','1','9','0','15','5341190001681'),(410,'2971','2564',0.00,'17','11','2021','11:28:13','2021-11-17','17/11/2021','1','9','0','16','5341190001681'),(411,'3070','2564',0.00,'17','11','2021','11:28:13','2021-11-17','17/11/2021','1','9','0','17','5341190001681'),(412,'2902','2564',5.00,'09','11','2021','11:32:13','2021-11-09','09/11/2021','1','9','0','1','5341190001681'),(413,'2903','2564',0.00,'09','11','2021','11:32:13','2021-11-09','09/11/2021','1','9','0','2','5341190001681'),(414,'2930','2564',5.00,'09','11','2021','11:32:13','2021-11-09','09/11/2021','1','9','0','3','5341190001681'),(415,'2972','2564',0.00,'09','11','2021','11:32:13','2021-11-09','09/11/2021','1','9','0','4','5341190001681'),(416,'3002','2564',5.00,'09','11','2021','11:32:13','2021-11-09','09/11/2021','1','9','0','5','5341190001681'),(417,'3048','2564',10.00,'09','11','2021','11:32:13','2021-11-09','09/11/2021','1','9','0','6','5341190001681'),(418,'2904','2564',5.00,'09','11','2021','11:32:13','2021-11-09','09/11/2021','1','9','0','7','5341190001681'),(419,'2906','2564',10.00,'09','11','2021','11:32:13','2021-11-09','09/11/2021','1','9','0','8','5341190001681'),(420,'2905','2564',0.00,'09','11','2021','11:32:13','2021-11-09','09/11/2021','1','9','0','9','5341190001681'),(421,'2907','2564',10.00,'09','11','2021','11:32:13','2021-11-09','09/11/2021','1','9','0','10','5341190001681'),(422,'2911','2564',5.00,'09','11','2021','11:32:13','2021-11-09','09/11/2021','1','9','0','11','5341190001681'),(423,'2908','2564',5.00,'09','11','2021','11:32:13','2021-11-09','09/11/2021','1','9','0','12','5341190001681'),(424,'2915','2564',10.00,'09','11','2021','11:32:13','2021-11-09','09/11/2021','1','9','0','13','5341190001681'),(425,'2910','2564',5.00,'09','11','2021','11:32:13','2021-11-09','09/11/2021','1','9','0','13','5341190001681'),(426,'2913','2564',5.00,'09','11','2021','11:32:13','2021-11-09','09/11/2021','1','9','0','15','5341190001681'),(427,'2971','2564',5.00,'09','11','2021','11:32:13','2021-11-09','09/11/2021','1','9','0','16','5341190001681'),(428,'3070','2564',5.00,'09','11','2021','11:32:13','2021-11-09','09/11/2021','1','9','0','17','5341190001681'),(429,'2902','2564',5.00,'10','11','2021','11:34:25','2021-11-10','10/11/2021','1','9','0','1','5341190001681'),(430,'2903','2564',10.00,'10','11','2021','11:34:25','2021-11-10','10/11/2021','1','9','0','2','5341190001681'),(431,'2930','2564',5.00,'10','11','2021','11:34:25','2021-11-10','10/11/2021','1','9','0','3','5341190001681'),(432,'2972','2564',15.00,'10','11','2021','11:34:25','2021-11-10','10/11/2021','1','9','0','4','5341190001681'),(433,'3002','2564',0.00,'10','11','2021','11:34:25','2021-11-10','10/11/2021','1','9','0','5','5341190001681'),(434,'3048','2564',10.00,'10','11','2021','11:34:25','2021-11-10','10/11/2021','1','9','0','6','5341190001681'),(435,'2904','2564',5.00,'10','11','2021','11:34:25','2021-11-10','10/11/2021','1','9','0','7','5341190001681'),(436,'2906','2564',10.00,'10','11','2021','11:34:25','2021-11-10','10/11/2021','1','9','0','8','5341190001681'),(437,'2905','2564',0.00,'10','11','2021','11:34:25','2021-11-10','10/11/2021','1','9','0','9','5341190001681'),(438,'2907','2564',10.00,'10','11','2021','11:34:25','2021-11-10','10/11/2021','1','9','0','10','5341190001681'),(439,'2911','2564',5.00,'10','11','2021','11:34:25','2021-11-10','10/11/2021','1','9','0','11','5341190001681'),(440,'2908','2564',5.00,'10','11','2021','11:34:25','2021-11-10','10/11/2021','1','9','0','12','5341190001681'),(441,'2915','2564',10.00,'10','11','2021','11:34:25','2021-11-10','10/11/2021','1','9','0','13','5341190001681'),(442,'2910','2564',5.00,'10','11','2021','11:34:25','2021-11-10','10/11/2021','1','9','0','13','5341190001681'),(443,'2913','2564',5.00,'10','11','2021','11:34:25','2021-11-10','10/11/2021','1','9','0','15','5341190001681'),(444,'2971','2564',20.00,'10','11','2021','11:34:25','2021-11-10','10/11/2021','1','9','0','16','5341190001681'),(445,'3070','2564',0.00,'10','11','2021','11:34:25','2021-11-10','10/11/2021','1','9','0','17','5341190001681'),(446,'2902','2564',5.00,'23','11','2021','11:37:56','2021-11-23','23/11/2021','1','9','0','1','5341190001681'),(447,'2903','2564',0.00,'23','11','2021','11:37:56','2021-11-23','23/11/2021','1','9','0','2','5341190001681'),(448,'2930','2564',0.00,'23','11','2021','11:37:56','2021-11-23','23/11/2021','1','9','0','3','5341190001681'),(449,'2972','2564',10.00,'23','11','2021','11:37:56','2021-11-23','23/11/2021','1','9','0','4','5341190001681'),(450,'3002','2564',0.00,'23','11','2021','11:37:56','2021-11-23','23/11/2021','1','9','0','5','5341190001681'),(451,'3048','2564',10.00,'23','11','2021','11:37:56','2021-11-23','23/11/2021','1','9','0','6','5341190001681'),(452,'2904','2564',10.00,'23','11','2021','11:37:56','2021-11-23','23/11/2021','1','9','0','7','5341190001681'),(453,'2906','2564',0.00,'23','11','2021','11:37:56','2021-11-23','23/11/2021','1','9','0','8','5341190001681'),(454,'2905','2564',0.00,'23','11','2021','11:37:56','2021-11-23','23/11/2021','1','9','0','9','5341190001681'),(455,'2907','2564',10.00,'23','11','2021','11:37:56','2021-11-23','23/11/2021','1','9','0','10','5341190001681'),(456,'2911','2564',5.00,'23','11','2021','11:37:56','2021-11-23','23/11/2021','1','9','0','11','5341190001681'),(457,'2908','2564',0.00,'23','11','2021','11:37:56','2021-11-23','23/11/2021','1','9','0','12','5341190001681'),(458,'2915','2564',5.00,'23','11','2021','11:37:56','2021-11-23','23/11/2021','1','9','0','13','5341190001681'),(459,'2910','2564',5.00,'23','11','2021','11:37:56','2021-11-23','23/11/2021','1','9','0','13','5341190001681'),(460,'2913','2564',5.00,'23','11','2021','11:37:56','2021-11-23','23/11/2021','1','9','0','15','5341190001681'),(461,'2971','2564',0.00,'23','11','2021','11:37:56','2021-11-23','23/11/2021','1','9','0','16','5341190001681'),(462,'3070','2564',0.00,'23','11','2021','11:37:56','2021-11-23','23/11/2021','1','9','0','17','5341190001681'),(463,'2902','2564',5.00,'29','11','2021','03:33:40','2021-11-29','29/11/2021','1','9','0','1','5341190001681'),(464,'2903','2564',0.00,'29','11','2021','03:33:40','2021-11-29','29/11/2021','1','9','0','2','5341190001681'),(465,'2930','2564',0.00,'29','11','2021','03:33:40','2021-11-29','29/11/2021','1','9','0','3','5341190001681'),(466,'2972','2564',5.00,'29','11','2021','03:33:40','2021-11-29','29/11/2021','1','9','0','4','5341190001681'),(467,'3002','2564',0.00,'29','11','2021','03:33:40','2021-11-29','29/11/2021','1','9','0','5','5341190001681'),(468,'3048','2564',5.00,'29','11','2021','03:33:40','2021-11-29','29/11/2021','1','9','0','6','5341190001681'),(469,'2904','2564',10.00,'29','11','2021','03:33:40','2021-11-29','29/11/2021','1','9','0','7','5341190001681'),(470,'2906','2564',10.00,'29','11','2021','03:33:40','2021-11-29','29/11/2021','1','9','0','8','5341190001681'),(471,'2905','2564',0.00,'29','11','2021','03:33:40','2021-11-29','29/11/2021','1','9','0','9','5341190001681'),(472,'2907','2564',10.00,'29','11','2021','03:33:40','2021-11-29','29/11/2021','1','9','0','10','5341190001681'),(473,'2911','2564',10.00,'29','11','2021','03:33:40','2021-11-29','29/11/2021','1','9','0','11','5341190001681'),(474,'2908','2564',0.00,'29','11','2021','03:33:40','2021-11-29','29/11/2021','1','9','0','12','5341190001681'),(475,'2915','2564',5.00,'29','11','2021','03:33:40','2021-11-29','29/11/2021','1','9','0','13','5341190001681'),(476,'2910','2564',5.00,'29','11','2021','03:33:40','2021-11-29','29/11/2021','1','9','0','13','5341190001681'),(477,'2913','2564',0.00,'29','11','2021','03:33:40','2021-11-29','29/11/2021','1','9','0','15','5341190001681'),(478,'2971','2564',0.00,'29','11','2021','03:33:40','2021-11-29','29/11/2021','1','9','0','16','5341190001681'),(479,'3070','2564',0.00,'29','11','2021','03:33:40','2021-11-29','29/11/2021','1','9','0','17','5341190001681');

--
