CREATE TABLE `bookregister_year` (
  `id` int(11) NOT NULL AUTO_INCREMENT,
  `year` int(11) NOT NULL,
  `year_active` tinyint(4) NOT NULL DEFAULT 0,
  `start_receive_num` int(11) NOT NULL DEFAULT 1,
  `start_send_num` int(11) NOT NULL DEFAULT 1,
  `start_command_num` int(11) NOT NULL DEFAULT 1,
  `start_cer_num` int(11) NOT NULL DEFAULT 1,
  `school_code` varchar(15) DEFAULT NULL,
  `officer` varchar(13) DEFAULT NULL,
  `rec_date` date DEFAULT NULL,
  PRIMARY KEY (`id`)
) ENGINE=MyISAM AUTO_INCREMENT=4 DEFAULT CHARSET=utf8 COLLATE=utf8_general_ci;

--
-- Dumping data for table `bookregister_year`
--

INSERT INTO `bookregister_year` VALUES (1,2561,0,1,1,1,1,NULL,NULL,NULL),(2,2567,0,1,1,1,1,NULL,NULL,NULL),(3,2568,1,1,1,1,1,NULL,NULL,NULL);

--
-- Table structure for table `budget_bud`
--

CREATE TABLE `budget_bud` (
  `id` int(11) NOT NULL AUTO_INCREMENT,
  `budget_year` int(11) NOT NULL,
  `doc` varchar(50) NOT NULL,
  `refer_wd_id` int(11) NOT NULL,
  `status` tinyint(11) DEFAULT NULL,
  `bud_type_id` int(11) DEFAULT NULL,
  `item` varchar(150) DEFAULT NULL,
  `receive_amount` double DEFAULT NULL,
  `pay_amount` double DEFAULT NULL,
  `payed_person` varchar(50) NOT NULL,
  `pay_group` int(4) DEFAULT NULL,
  `rec_date` date NOT NULL,
  `officer` varchar(13) NOT NULL,
  PRIMARY KEY (`id`)
) ENGINE=MyISAM DEFAULT CHARSET=utf8 COLLATE=utf8_general_ci;

--
-- Dumping data for table `budget_bud`
--


--
-- Table structure for table `budget_category`
--

CREATE TABLE `budget_category` (
  `id` int(11) NOT NULL AUTO_INCREMENT,
  `category_id` int(11) NOT NULL,
  `category_name` varchar(30) NOT NULL,
  PRIMARY KEY (`id`),
  UNIQUE KEY `category_id` (`category_id`)
) ENGINE=MyISAM AUTO_INCREMENT=7 DEFAULT CHARSET=utf8 COLLATE=utf8_general_ci;

--
-- Dumping data for table `budget_category`
--

INSERT INTO `budget_category` VALUES (1,1,'เงินนอกงบประมาณ'),(2,2,'เงินงบประมาณ'),(3,3,'เงินรายได้แผ่นดิน'),(6,4,'วงเงินงบประมาณที่ได้รับจัดสรร');

--
-- Table structure for table `budget_deega`
--

CREATE TABLE `budget_deega` (
  `id` int(11) NOT NULL AUTO_INCREMENT,
  `budget_year` int(11) NOT NULL,
  `deega_num` float NOT NULL DEFAULT 0,
  `doc` varchar(20) NOT NULL,
  `receive_num` char(3) NOT NULL DEFAULT '',
  `plan` char(2) NOT NULL DEFAULT '',
  `project` varchar(20) NOT NULL,
  `activity` varchar(20) NOT NULL,
  `pay_group` char(3) NOT NULL DEFAULT '',
  `item` varchar(50) NOT NULL DEFAULT '',
  `withdraw` double NOT NULL DEFAULT 0,
  `tax` double NOT NULL DEFAULT 0,
  `pay` double NOT NULL DEFAULT 0,
  `officer` varchar(13) NOT NULL,
  `rec_date` date NOT NULL,
  PRIMARY KEY (`id`)
) ENGINE=MyISAM DEFAULT CHARSET=utf8 COLLATE=utf8_general_ci;

--
-- Dumping data for table `budget_deega`
--


--
-- Table structure for table `budget_document`
--

CREATE TABLE `budget_document` (
  `id` int(11) NOT NULL AUTO_INCREMENT,
  `subject` varchar(150) NOT NULL,
  `file_name` varchar(150) NOT NULL,
  `rec_date` date NOT NULL,
  `officer` varchar(13) NOT NULL,
  PRIMARY KEY (`id`)
) ENGINE=MyISAM DEFAULT CHARSET=utf8 COLLATE=utf8_general_ci;

--
-- Dumping data for table `budget_document`
--


--
-- Table structure for table `budget_main`
--

CREATE TABLE `budget_main` (
  `id` int(11) NOT NULL AUTO_INCREMENT,
  `budget_year` int(11) NOT NULL,
  `doc` varchar(30) NOT NULL,
  `refer_wd_id` int(11) DEFAULT NULL,
  `type_id` int(11) NOT NULL,
  `item` varchar(100) NOT NULL,
  `receive_amount` double DEFAULT NULL,
  `pay_amount` double DEFAULT NULL,
  `payed_person` varchar(50) NOT NULL,
  `change_amount` double DEFAULT NULL,
  `pay_group` int(4) DEFAULT NULL,
  `status` tinyint(4) NOT NULL,
  `rec_date` date NOT NULL,
  `officer` varchar(13) DEFAULT NULL,
  PRIMARY KEY (`id`)
) ENGINE=MyISAM AUTO_INCREMENT=8 DEFAULT CHARSET=utf8 COLLATE=utf8_general_ci;

--
-- Dumping data for table `budget_main`
--

INSERT INTO `budget_main` VALUES (1,2559,'30/59',NULL,115,'อุปกรณ์การเรียน',5000,NULL,'',NULL,NULL,2,'2016-07-23','3341500551688'),(2,2559,'30/59',0,115,'อุปกรณ์การเรียน',NULL,5000,'นางทิพวัลย์  ทองอินทร์',NULL,203,3,'2016-07-23','3341500551688'),(3,2564,'บท1/64',NULL,118,'ยอดยกมา',216000,NULL,'',NULL,NULL,2,'2020-10-01','1341500135505'),(4,2564,'บร  114 ก 63 /1',NULL,118,'รับเงินอาหารกลางวันจาก อบต.หนองไฮ 81*20*50 ',81000,NULL,'',NULL,NULL,2,'2020-11-27','1341500135505'),(6,2564,'3/64',NULL,118,'ขอเบิกเงินอาหารกลางว้น',NULL,NULL,'',8100,NULL,7,'2020-11-27','1341500135505'),(7,2564,'บค3/64',1,118,'ขอเบิกเงินอาหารกลางว้น',NULL,1820,'นางสาวสีราวัน ดีใจ',NULL,203,3,'2020-11-27','1341500135505');

--
-- Table structure for table `budget_money_return`
--

CREATE TABLE `budget_money_return` (
  `id` int(11) NOT NULL AUTO_INCREMENT,
  `budget_year` int(11) DEFAULT NULL,
  `document` varchar(30) NOT NULL DEFAULT '',
  `item` varchar(100) NOT NULL DEFAULT '',
  `pj_activity` varchar(20) NOT NULL DEFAULT '',
  `money` double NOT NULL DEFAULT 0,
  `pay_type` varchar(10) NOT NULL,
  `p_request` varchar(13) NOT NULL DEFAULT '',
  `officer` varchar(13) NOT NULL DEFAULT '',
  `rec_date` date NOT NULL,
  PRIMARY KEY (`id`)
) ENGINE=MyISAM DEFAULT CHARSET=utf8 COLLATE=utf8_general_ci;

--
-- Dumping data for table `budget_money_return`
--


--
-- Table structure for table `budget_pay_type`
--

CREATE TABLE `budget_pay_type` (
  `id` int(11) NOT NULL AUTO_INCREMENT,
  `pay_type_id` int(11) NOT NULL,
  `pay_group_id` tinyint(4) NOT NULL,
  `pay_type_name` varchar(30) NOT NULL,
  PRIMARY KEY (`id`),
  UNIQUE KEY `pay_type_id` (`pay_type_id`)
) ENGINE=MyISAM AUTO_INCREMENT=16 DEFAULT CHARSET=utf8 COLLATE=utf8_general_ci;

--
-- Dumping data for table `budget_pay_type`
--

INSERT INTO `budget_pay_type` VALUES (1,101,1,'เงินเดือน'),(15,102,1,'ค่าจ้างประจำ'),(3,103,1,'ค่าจ้างชั่วคราว'),(4,104,1,'ค่าตอบแทนพนักงานราชการ'),(5,201,2,'ค่าตอบแทน'),(6,202,2,'ค่าใช้สอย'),(7,203,2,'ค่าวัสดุ'),(8,204,2,'ค่าสาธารณูปโภค'),(9,301,3,'ค่าครุภัณฑ์'),(10,302,3,'ค่าที่ดินและสิ่งก่อสร้าง');

--
-- Table structure for table `budget_permission`
--

CREATE TABLE `budget_permission` (
  `id` int(11) NOT NULL AUTO_INCREMENT,
  `person_id` varchar(13) NOT NULL,
  `p1` tinyint(4) NOT NULL,
  `p2` tinyint(4) NOT NULL,
  `p3` tinyint(4) NOT NULL,
  `p4` tinyint(4) NOT NULL,
  `officer` varchar(13) NOT NULL,
  `rec_date` date NOT NULL,
  PRIMARY KEY (`id`)
) ENGINE=MyISAM AUTO_INCREMENT=12 DEFAULT CHARSET=utf8 COLLATE=utf8_general_ci;

--
-- Dumping data for table `budget_permission`
--

INSERT INTO `budget_permission` VALUES (3,'1341500135505',1,1,1,1,'3349800150724','2016-07-23'),(9,'1101402134832',1,1,1,1,'3349900818875','2024-01-30'),(10,'1342200105415',1,1,1,1,'3349900818875','2024-01-30'),(11,'3340500456331',1,1,1,1,'1341500135505','2025-08-02');

--
-- Table structure for table `budget_project`
--

CREATE TABLE `budget_project` (
  `id` int(11) NOT NULL AUTO_INCREMENT,
  `budget_year` int(11) NOT NULL,
  `code` varchar(16) NOT NULL DEFAULT '',
  `name` varchar(80) NOT NULL DEFAULT '',
  PRIMARY KEY (`id`)
) ENGINE=MyISAM DEFAULT CHARSET=utf8 COLLATE=utf8_general_ci;

--
-- Dumping data for table `budget_project`
--


--
-- Table structure for table `budget_receive`
--

CREATE TABLE `budget_receive` (
  `id` int(11) NOT NULL AUTO_INCREMENT,
  `budget_year` int(11) NOT NULL,
  `num` float NOT NULL DEFAULT 0,
  `book_number` varchar(30) NOT NULL DEFAULT '',
  `out_date` varchar(50) NOT NULL DEFAULT '',
  `book_ref` varchar(30) NOT NULL DEFAULT '',
  `plan` char(1) NOT NULL DEFAULT '',
  `project` varchar(16) NOT NULL DEFAULT '',
  `activity` varchar(50) NOT NULL DEFAULT '',
  `activity2` varchar(200) NOT NULL DEFAULT '',
  `m_source` varchar(7) NOT NULL DEFAULT '',
  `account` varchar(30) NOT NULL DEFAULT '',
  `m_pay` char(3) NOT NULL DEFAULT '',
  `item` varchar(250) NOT NULL DEFAULT '',
  `detail` varchar(250) NOT NULL DEFAULT '',
  `money` double NOT NULL DEFAULT 0,
  `rec_date` date DEFAULT NULL,
  `officer` varchar(13) NOT NULL DEFAULT '',
  PRIMARY KEY (`id`),
  UNIQUE KEY `num` (`num`)
) ENGINE=MyISAM DEFAULT CHARSET=utf8 COLLATE=utf8_general_ci;

--
-- Dumping data for table `budget_receive`
--


--
-- Table structure for table `budget_type`
--

CREATE TABLE `budget_type` (
  `id` int(11) NOT NULL AUTO_INCREMENT,
  `type_id` int(11) NOT NULL,
  `category_id` int(11) NOT NULL,
  `type_name` varchar(70) NOT NULL,
  PRIMARY KEY (`id`),
  UNIQUE KEY `type_id` (`type_id`)
) ENGINE=MyISAM AUTO_INCREMENT=51 DEFAULT CHARSET=utf8 COLLATE=utf8_general_ci;

--
-- Dumping data for table `budget_type`
--

INSERT INTO `budget_type` VALUES (1,101,1,'เงินรายได้สถานศึกษา'),(2,102,1,'เงินบริจาค'),(33,103,1,'เงินภาษีหัก ณ ที่จ่าย'),(4,104,1,'เงินลูกเสือ'),(34,105,1,'เงินเนตรนารี'),(6,106,1,'เงินยุวกาชาด'),(7,107,1,'เงินประกันสัญญา'),(8,108,1,'เงินอุดหนุนทั่วไป(ค่าใช้จ่ายรายหัวก่อนประถมศึกษา)'),(47,119,1,'เงินบริจาคมีวัตถุประสงค์'),(38,304,3,'รายได้เบ็ดเตล็ดอื่น'),(14,301,3,'ค่าขายของเบ็ดเตล็ด'),(36,302,3,'ค่าธรรมเนียมเบ็ดเตล็ด'),(37,303,3,'เงินเหลือจ่ายปีเก่าส่งคืน'),(29,109,1,'เงินอุดหนุนทั่วไป(ค่าใช้จ่ายรายหัวประถมศึกษา)'),(23,112,1,'เงินอุดหนุนทั่วไป(ปัจจัยพื้นฐานนักเรียนยากจนประถมศึกษา)'),(24,113,1,'เงินอุดหนุนทั่วไป(ปัจจัยพื้นฐานนักเรียนยากจนมัธยมต้น)'),(25,114,1,'เรียนฟรี15ปี(ค่าหนังสือเรียน)'),(26,115,1,'เรียนฟรี15ปี(ค่าอุปกรณ์การเรียน)'),(27,116,1,'เรียนฟรี15ปี(ค่าเครื่องแบบนักเรียน)'),(28,117,1,'เรียนฟรี15ปี(ค่ากิจกรรมพัฒนาผู้เรียน)'),(30,110,1,'เงินอุดหนุนทั่วไป(ค่าใช้จ่ายรายหัวมัธยมศึกษาตอนต้น)'),(31,111,1,'เงินอุดหนุนทั่วไป(ค่าใช้จ่ายรายหัวมัธยมศึกษาตอนปลาย)'),(35,118,1,'เงินอาหารกลางวัน'),(48,120,1,'เงินอุดหนุนที่ได้รับจากอบต./เทศบาล'),(49,122,1,'เงินทุนหมุนเวียน'),(50,123,1,'กองทุนส่งเสริมฯ');

--
-- Table structure for table `budget_withdraw`
--

CREATE TABLE `budget_withdraw` (
  `id` int(11) NOT NULL AUTO_INCREMENT,
  `budget_year` int(11) DEFAULT NULL,
  `document` varchar(30) NOT NULL DEFAULT '',
  `item` varchar(100) NOT NULL DEFAULT '',
  `pj_activity` varchar(20) NOT NULL DEFAULT '',
  `money` double NOT NULL DEFAULT 0,
  `money_type` varchar(3) NOT NULL,
  `pay_type` varchar(10) NOT NULL,
  `p_request` varchar(50) NOT NULL,
  `status` tinyint(4) DEFAULT 0,
  `officer` varchar(13) NOT NULL DEFAULT '',
  `rec_date` date NOT NULL,
  `borrowed_rec_date` date NOT NULL,
  `withdraw_rec_date` date NOT NULL,
  PRIMARY KEY (`id`)
) ENGINE=MyISAM AUTO_INCREMENT=2 DEFAULT CHARSET=utf8 COLLATE=utf8_general_ci;

--
-- Dumping data for table `budget_withdraw`
--

INSERT INTO `budget_withdraw` VALUES (1,2564,'บค 1/64','ขอเบิกเงินอาหารกลางว้น','001001',1820,'118','202','นางสาวนภาวรรณ  ดันประเทศ',1,'1341500135505','2020-11-27','0000-01-01','2020-11-27');

--
-- Table structure for table `budget_year`
--

CREATE TABLE `budget_year` (
  `id` int(11) NOT NULL AUTO_INCREMENT,
  `budget_year` int(11) NOT NULL,
  `year_active` tinyint(1) NOT NULL,
  PRIMARY KEY (`id`),
  UNIQUE KEY `budget_year` (`budget_year`)
) ENGINE=MyISAM AUTO_INCREMENT=9 DEFAULT CHARSET=utf8 COLLATE=utf8_general_ci;

--
-- Dumping data for table `budget_year`
--

INSERT INTO `budget_year` VALUES (3,2559,0),(4,2562,0),(5,2563,0),(6,2564,0),(7,2567,0),(8,2568,1);

--
-- Table structure for table `cabinet_cabinet`
--

CREATE TABLE `cabinet_cabinet` (
  `id` int(11) NOT NULL AUTO_INCREMENT,
  `cabinet_id` int(11) NOT NULL,
  `cabinet_type` tinyint(4) NOT NULL,
  `cabinet_name` varchar(100) NOT NULL,
  `cabinet_size` double NOT NULL,
  `tray_size` double NOT NULL,
  `cabinet_person` varchar(13) NOT NULL,
  PRIMARY KEY (`id`),
  UNIQUE KEY `cabinet_id` (`cabinet_id`)
) ENGINE=MyISAM AUTO_INCREMENT=2 DEFAULT CHARSET=utf8 COLLATE=utf8_general_ci;

--
-- Dumping data for table `cabinet_cabinet`
--

INSERT INTO `cabinet_cabinet` VALUES (1,15,1,'ตู้งานธุรการ',1000,100,'1349900178748');

--
-- Table structure for table `cabinet_file`
--

CREATE TABLE `cabinet_file` (
  `id` int(11) NOT NULL AUTO_INCREMENT,
  `file_id` int(11) NOT NULL,
  `tray_id` bigint(11) NOT NULL,
  `cabinet_id` int(11) NOT NULL,
  `file_name` varchar(100) NOT NULL,
  PRIMARY KEY (`id`)
) ENGINE=MyISAM AUTO_INCREMENT=4 DEFAULT CHARSET=utf8 COLLATE=utf8_general_ci;

--
-- Dumping data for table `cabinet_file`
--

INSERT INTO `cabinet_file` VALUES (1,1,1,15,'รายการกิจกรรมนักเรียน'),(2,2,2,15,'อาหารกลางวันนักเรียน'),(3,3,2,15,'งานบุคคล');

--
-- Table structure for table `cabinet_main`
--

CREATE TABLE `cabinet_main` (
  `id` int(11) NOT NULL AUTO_INCREMENT,
  `file_id` int(11) NOT NULL,
  `tray_id` bigint(11) NOT NULL,
  `cabinet_id` int(11) NOT NULL,
  `cabinet_type` tinyint(4) NOT NULL,
  `doc_subject` varchar(150) NOT NULL,
  `doc_size` double NOT NULL,
  `doc_name` varchar(100) NOT NULL,
  `doc_type` varchar(10) NOT NULL,
  `status` tinyint(4) NOT NULL DEFAULT 0,
  `person_id` varchar(13) NOT NULL,
  `rec_date` datetime NOT NULL,
  PRIMARY KEY (`id`)
) ENGINE=MyISAM AUTO_INCREMENT=2 DEFAULT CHARSET=utf8 COLLATE=utf8_general_ci;

--
-- Dumping data for table `cabinet_main`
--

INSERT INTO `cabinet_main` VALUES (1,1,1,15,1,'ธุรการ',3543344,'13499001787481542272046.pdf','pdf',0,'1349900178748','2018-11-15 15:54:06');

--
-- Table structure for table `cabinet_permission`
--

CREATE TABLE `cabinet_permission` (
  `id` int(11) NOT NULL AUTO_INCREMENT,
  `person_id` varchar(13) NOT NULL,
  `p1` tinyint(4) DEFAULT NULL,
  `officer` varchar(13) NOT NULL,
  `rec_date` date NOT NULL,
  PRIMARY KEY (`id`),
  UNIQUE KEY `person_id` (`person_id`)
) ENGINE=MyISAM AUTO_INCREMENT=5 DEFAULT CHARSET=utf8 COLLATE=utf8_general_ci;

--
-- Dumping data for table `cabinet_permission`
--

INSERT INTO `cabinet_permission` VALUES (1,'3349800150724',1,'3349800022629','2016-06-19'),(2,'3341500551688',1,'3349800022629','2016-06-19'),(3,'3349800022629',1,'3349800022629','2016-06-19'),(4,'1349900178748',1,'1349900178748','2018-11-15');

--
-- Table structure for table `cabinet_tray`
--

CREATE TABLE `cabinet_tray` (
  `id` int(11) NOT NULL AUTO_INCREMENT,
  `tray_id` bigint(20) NOT NULL,
  `cabinet_id` int(11) NOT NULL,
  `tray_name` varchar(100) NOT NULL,
  PRIMARY KEY (`id`)
) ENGINE=MyISAM AUTO_INCREMENT=5 DEFAULT CHARSET=utf8 COLLATE=utf8_general_ci;

--
-- Dumping data for table `cabinet_tray`
--

INSERT INTO `cabinet_tray` VALUES (1,1,15,'ข้อมูลเด็กนักเรียน ป.1-3'),(2,2,15,'ข้อมูลเด็กนักเรียน ป.4-6'),(3,3,15,'ข้อมูลบุคลากร'),(4,4,15,'ข้อมูลอนุบาล 1-3');

--
-- Table structure for table `delegate_main`
--

CREATE TABLE `delegate_main` (
  `id` int(11) NOT NULL AUTO_INCREMENT,
  `person_id` varchar(13) NOT NULL,
  `start` date NOT NULL,
  `finish` date NOT NULL,
  `remark` varchar(250) NOT NULL,
  `officer` varchar(13) NOT NULL,
  `rec_date` date NOT NULL,
  PRIMARY KEY (`id`)
) ENGINE=MyISAM AUTO_INCREMENT=3 DEFAULT CHARSET=utf8 COLLATE=utf8_general_ci;

--
-- Dumping data for table `delegate_main`
--

INSERT INTO `delegate_main` VALUES (1,'3349800022629','2018-05-01','2018-09-29','','3349800022629','2018-09-29');

--
-- Table structure for table `delegate_permission`
--

CREATE TABLE `delegate_permission` (
  `id` int(11) NOT NULL AUTO_INCREMENT,
  `person_id` varchar(13) NOT NULL,
  `p1` tinyint(4) NOT NULL,
  `officer` varchar(13) NOT NULL,
  `rec_date` date NOT NULL,
  PRIMARY KEY (`id`)
) ENGINE=MyISAM AUTO_INCREMENT=5 DEFAULT CHARSET=utf8 COLLATE=utf8_general_ci;

--
-- Dumping data for table `delegate_permission`
--

INSERT INTO `delegate_permission` VALUES (1,'3349900818875',1,'3349900818875','2022-07-23'),(2,'3341500551688',1,'3349800022629','2016-06-19'),(3,'1349900178748',1,'1349900178748','2018-11-15');

--
-- Table structure for table `health_age_height`
--

CREATE TABLE `health_age_height` (
  `id` int(11) NOT NULL AUTO_INCREMENT,
  `type` tinyint(4) NOT NULL DEFAULT 1,
  `sex` tinyint(4) NOT NULL DEFAULT 2,
  `age` double NOT NULL,
  `height_1` double NOT NULL,
  `height_2` double NOT NULL,
  `height_3` double NOT NULL,
  `height_4` double NOT NULL,
  PRIMARY KEY (`id`)
) ENGINE=MyISAM AUTO_INCREMENT=63 DEFAULT CHARSET=utf8 COLLATE=utf8_general_ci;

--
-- Dumping data for table `health_age_height`
--

INSERT INTO `health_age_height` VALUES (1,0,1,1,70,71.5,80,81),(2,0,1,1.25,72.5,73.5,83.5,85),(3,0,1,1.5,75,77,86.5,88),(4,0,1,1.75,77.5,79.5,89.5,91),(5,0,1,2,80,81.5,92,93.5),(6,0,1,2.25,82,84,94,96),(7,0,1,2.5,83.5,84.5,96.5,98),(8,0,1,2.75,85.5,87.5,98.5,100),(9,0,1,3,87,89.5,100.5,102),(10,0,1,3.25,89,91,102.5,104),(11,0,1,3.5,90.5,93,104.5,106),(12,0,1,3.75,92,94.5,106.5,108),(13,0,1,4,93.5,96,108,110),(14,0,1,4.25,95,96.5,110,112),(15,0,1,4.5,97,99,112,113.5),(16,0,1,4.75,98.5,100.5,113.5,115),(17,0,1,5,100,102,115,117.7),(18,0,2,1,67,69,79,80.5),(19,0,2,1.25,70,72,82.5,84.5),(20,0,2,1.5,73,74.5,85,87.5),(21,0,2,1.75,75.5,77,88,89.5),(22,0,2,2,78,79.5,90.5,92),(23,0,2,2.25,80,82,92.5,94.5),(24,0,2,2.5,82,84,95,96.5),(25,0,2,2.75,84,86,97,98.5),(26,0,2,3,85.5,88,99,100.5),(27,0,2,3.25,87.5,89.5,100.5,102.5),(28,0,2,3.5,89,91.5,102.5,104.5),(29,0,2,3.75,90.5,93,104.5,106),(30,0,2,4,92.5,94.5,106.5,108.5),(31,0,2,4.25,94,96,108.5,110.5),(32,0,2,4.5,95.5,98,110.5,112.5),(33,0,2,4.75,97.5,99.5,112.5,114),(34,0,2,5,99,101,114,116),(35,1,1,5,100,102,115,117.5),(36,1,1,6,105.5,107.5,121.5,123.5),(37,1,1,7,110.5,113,127.5,130),(38,1,1,8,114.5,117.5,133.5,136),(39,1,1,9,119,122,138,141),(40,1,1,10,123.5,126.5,143.5,145.5),(41,1,1,11,127.5,130.5,149.5,153),(42,1,1,12,131.5,135,157,161),(43,1,1,13,135,139,162,166),(44,1,1,14,143,147.5,170,173),(45,1,1,15,149.5,153.5,173,176.5),(46,1,1,16,155,158.5,176,178.5),(47,1,1,17,157.5,160.5,177,179.5),(48,1,1,18,158.5,161.5,177.5,180),(49,1,2,5,99,101,114,116),(50,1,2,6,105,107.5,120.5,123),(51,1,2,7,109.5,112.5,126.5,129),(52,1,2,8,114.5,117,132.5,135),(53,1,2,9,119,122,139,142),(54,1,2,10,124,127,146,149.5),(55,1,2,11,129.5,133,152.5,155.5),(56,1,2,12,135.5,138.5,157,159.5),(57,1,2,13,140.5,143.5,160,162.5),(58,1,2,14,144.5,147,162,164.5),(59,1,2,15,146,148,163.5,166),(60,1,2,16,146.5,149,164,166.5),(61,1,2,17,147,149,164,166.5),(62,1,2,18,147,149.5,164,166.5);

--
-- Table structure for table `health_age_weight`
--

CREATE TABLE `health_age_weight` (
  `id` int(11) NOT NULL AUTO_INCREMENT,
  `type` tinyint(4) NOT NULL DEFAULT 1,
  `sex` tinyint(4) NOT NULL DEFAULT 2,
  `age` double NOT NULL,
  `weight_1` double NOT NULL,
  `weight_2` double NOT NULL,
  `weight_3` double NOT NULL,
  `weight_4` double NOT NULL,
  PRIMARY KEY (`id`)
) ENGINE=MyISAM AUTO_INCREMENT=63 DEFAULT CHARSET=utf8 COLLATE=utf8_general_ci;

--
-- Dumping data for table `health_age_weight`
--

INSERT INTO `health_age_weight` VALUES (1,0,1,1,7.8,8.3,11.5,11.5),(2,0,1,1.25,8.5,9,12,12.5),(3,0,1,1.5,8.9,9.4,12.9,13.5),(4,0,1,1.75,9.4,10,13.7,14.4),(5,0,1,2,9.8,10.5,14.5,15.2),(6,0,1,2.25,10.2,11,15,15.8),(7,0,1,2.5,10.6,11.4,15.8,16.7),(8,0,1,2.75,11,11.8,16.6,17.4),(9,0,1,3,11.4,12.2,17.3,18.2),(10,0,1,3.25,11.7,12.6,18,19),(11,0,1,3.5,12,12.8,18.7,19.8),(12,0,1,3.75,12.4,13.3,19.3,20.6),(13,0,1,4,12.7,13.6,20,21.3),(14,0,1,4.25,13.2,13.9,20.7,22),(15,0,1,4.5,13.4,14.3,21.3,22.7),(16,0,1,4.75,13.8,14.6,21.9,23.7),(17,0,1,5,14,15,23,24),(18,0,2,1,7.3,7.7,10.5,11),(19,0,2,1.25,7.8,8.3,11.3,11.9),(20,0,2,1.5,8.3,8.8,12,12.8),(21,0,2,1.75,8.8,9.3,12.9,13.6),(22,0,2,2,9,9.8,13.6,14.4),(23,0,2,2.25,9.5,10.2,14.4,15.2),(24,0,2,2.5,9.8,10.7,15.2,15.9),(25,0,2,2.75,10.3,11.2,15.9,16.9),(26,0,2,3,10.7,11.5,16.6,17.4),(27,0,2,3.25,11.2,11.9,17.3,18.2),(28,0,2,3.5,11.5,12.3,17.9,18.9),(29,0,2,3.75,11.8,12.7,18.5,19.7),(30,0,2,4,12.2,13,19.3,20.5),(31,0,2,4.25,12.4,13.4,19.7,21),(32,0,2,4.5,12.8,13.7,20.3,21.7),(33,0,2,4.75,13,13.9,20.9,22.3),(34,0,2,5,13.5,14,22,23.5),(35,1,1,5,14,15,23,24),(36,1,1,6,15.5,16.5,25.5,27),(37,1,1,7,17,18.5,28.5,31),(38,1,1,8,18.5,20,32,35),(39,1,1,9,20,21.5,36,39.5),(40,1,1,10,21.5,23.5,40.5,44.5),(41,1,1,11,23,25.5,45,49.5),(42,1,1,12,25.5,28,50,54.5),(43,1,1,13,28,31.5,54.5,58.5),(44,1,1,14,32,35.5,58.5,63.5),(45,1,1,15,36.5,40,62,65.5),(46,1,1,16,40.5,44,64,67.5),(47,1,1,17,43,46,66,69),(48,1,1,18,45,48,67,70),(49,1,2,5,13.5,14,22,23.5),(50,1,2,6,15,16,24.5,26.5),(51,1,2,7,16.5,17.5,28.5,31),(52,1,2,8,17.5,19,32.5,35.5),(53,1,2,9,19.5,21,37.5,41),(54,1,2,10,21.5,23.5,42,46),(55,1,2,11,23.5,26,46.5,50.5),(56,1,2,12,26.5,29,50,54),(57,1,2,13,29.5,33,53,55.5),(58,1,2,14,33.5,36.5,55,58.5),(59,1,2,15,36.5,38.5,56.5,59.5),(60,1,2,16,37.5,40,57,60),(61,1,2,17,38,41,57.5,60.5),(62,1,2,18,38.5,41,57.5,60.5);

--
-- Table structure for table `health_base`
--

CREATE TABLE `health_base` (
  `base_id` int(5) NOT NULL AUTO_INCREMENT,
  `study_year` int(5) NOT NULL,
  `term` int(3) NOT NULL,
  `status` int(2) NOT NULL,
  PRIMARY KEY (`base_id`)
) ENGINE=MyISAM AUTO_INCREMENT=7 DEFAULT CHARSET=utf8 COLLATE=utf8_general_ci;

--
-- Dumping data for table `health_base`
--

INSERT INTO `health_base` VALUES (5,2562,1,0),(2,2561,2,0),(3,2561,1,0),(4,2562,2,0),(6,2567,1,1);

--
-- Table structure for table `health_checking`
--

CREATE TABLE `health_checking` (
  `check_id` int(11) NOT NULL AUTO_INCREMENT,
  `student_id` int(11) NOT NULL,
  `student_number` varchar(13) NOT NULL,
  `year_std` varchar(5) NOT NULL,
  `term_std` varchar(3) NOT NULL,
  `class_now` tinyint(4) NOT NULL,
  `room` tinyint(4) NOT NULL,
  `number_check` int(5) NOT NULL,
  `gum` varchar(100) NOT NULL,
  `iodine` varchar(100) NOT NULL,
  `tooth` varchar(100) NOT NULL,
  `weight` varchar(10) NOT NULL,
  `tall` varchar(10) NOT NULL,
  `comment` text NOT NULL,
  `day` datetime NOT NULL,
  `usenull` text DEFAULT NULL,
  `life` varchar(10) NOT NULL,
  `push` varchar(10) NOT NULL,
  `sit` varchar(10) NOT NULL,
  `roll` varchar(10) NOT NULL,
  `run` varchar(10) NOT NULL,
  `person_check` varchar(255) NOT NULL,
  PRIMARY KEY (`check_id`)
) ENGINE=MyISAM AUTO_INCREMENT=29 DEFAULT CHARSET=utf8 COLLATE=utf8_general_ci;

--
-- Dumping data for table `health_checking`
--

INSERT INTO `health_checking` VALUES (1,1976,'1','2562','1',6,0,1,'ไม่มี','ปกติ','ไม่ผุ','20.8','123','','2563-03-15 03:35:17','','','','','','','3349900662395'),(2,1985,'2','2562','1',6,0,1,'ไม่มี','ปกติ','ไม่ผุ','29.8','136','','2563-03-15 03:34:59','','','','','','','3349900662395'),(3,1977,'3','2562','1',6,0,1,'ไม่มี','ปกติ','ไม่ผุ','15.9','132','','2563-03-15 03:35:27','','','','','','','3349900662395'),(4,1981,'4','2562','1',6,0,1,'ไม่มี','ปกติ','ไม่ผุ','21.4','121','','2563-03-15 03:35:43','','','','','','','3349900662395'),(5,1979,'5','2562','1',6,0,1,'ไม่มี','ปกติ','ไม่ผุ','29.9','128','','2563-03-15 03:36:03','','','','','','','3349900662395'),(6,1982,'6','2562','1',6,0,1,'ไม่มี','ปกติ','ไม่ผุ','18.9','122','','2563-03-15 03:36:54','','','','','','','3349900662395'),(7,1980,'7','2562','1',6,0,1,'ไม่มี','ปกติ','ไม่ผุ','22.9','128','','2563-03-15 03:37:04','','','','','','','3349900662395'),(8,1976,'1','2562','1',6,0,2,'ไม่มี','ปกติ','ไม่ผุ','21','125','','2563-03-15 03:37:32','','','','','','','3349900662395'),(9,1985,'2','2562','1',6,0,2,'ไม่มี','ปกติ','ไม่ผุ','31','136','','2563-03-15 03:37:48','','','','','','','3349900662395'),(10,1977,'3','2562','1',6,0,2,'ไม่มี','ปกติ','ไม่ผุ','26','133','','2563-03-15 03:37:58','','','','','','','3349900662395'),(11,1981,'4','2562','1',6,0,2,'ไม่มี','ปกติ','ไม่ผุ','23','121','','2563-03-15 03:38:29','','','','','','','3349900662395'),(12,1979,'5','2562','1',6,0,2,'ไม่มี','ปกติ','ไม่ผุ','32','129','','2563-03-15 03:38:38','','','','','','','3349900662395'),(13,1982,'6','2562','1',6,0,2,'ไม่มี','ปกติ','ไม่ผุ','19','122','','2563-03-15 03:38:52','','','','','','','3349900662395'),(14,1980,'7','2562','1',6,0,2,'ไม่มี','ปกติ','ไม่ผุ','24','130','','2563-03-15 03:39:03','','','','','','','3349900662395'),(15,1976,'1','2562','2',6,0,1,'ไม่มี','ปกติ','ไม่ผุ','22','127','','2563-03-15 03:59:47','','','','','','','3349900662395'),(16,1985,'2','2562','2',6,0,1,'ไม่มี','ปกติ','ไม่ผุ','33','137','','2563-03-15 03:59:55','','','','','','','3349900662395'),(17,1977,'3','2562','2',6,0,1,'ไม่มี','ปกติ','ไม่ผุ','27','134','','2563-03-15 04:00:47','','','','','','','3349900662395'),(18,1979,'5','2562','2',6,0,1,'ไม่มี','ปกติ','ไม่ผุ','34','130','','2563-03-15 04:01:25','','','','','','','3349900662395'),(19,1980,'7','2562','2',6,0,1,'ไม่มี','ปกติ','ไม่ผุ','25','132','','2563-03-15 04:01:41','','','','','','','3349900662395'),(20,1981,'4','2562','2',6,0,1,'ไม่มี','ปกติ','ไม่ผุ','26','122','','2563-03-15 04:01:52','','','','','','','3349900662395'),(21,1982,'6','2562','2',6,0,1,'ไม่มี','ปกติ','ไม่ผุ','19','123','','2563-03-15 04:02:03','','','','','','','3349900662395'),(22,1976,'1','2562','2',6,0,2,'ไม่มี','ปกติ','ไม่ผุ','24','129','','2563-03-15 04:02:31','','','','','','','3349900662395'),(23,1985,'2','2562','2',6,0,2,'ไม่มี','ปกติ','ไม่ผุ','36','140','','2563-03-15 04:02:42','','','','','','','3349900662395'),(24,1977,'3','2562','2',6,0,2,'ไม่มี','ปกติ','ไม่ผุ','29','137','','2563-03-15 04:03:03','','','','','','','3349900662395'),(25,1981,'4','2562','2',6,0,2,'ไม่มี','ปกติ','ไม่ผุ','30','124','','2563-03-15 04:03:20','','','','','','','3349900662395'),(26,1979,'5','2562','2',6,0,2,'ไม่มี','ปกติ','ไม่ผุ','37','133','','2563-03-15 04:04:05','','','','','','','3349900662395'),(27,1982,'6','2562','2',6,0,2,'ไม่มี','ปกติ','ไม่ผุ','20','125','','2563-03-15 04:04:23','','','','','','','3349900662395'),(28,1980,'7','2562','2',6,0,2,'ไม่มี','ปกติ','ไม่ผุ','27','136','','2563-03-15 04:04:40','','','','','','','3349900662395');

--
-- Table structure for table `health_personal`
--

CREATE TABLE `health_personal` (
  `per_id` int(11) NOT NULL AUTO_INCREMENT,
  `personal_code` varchar(13) NOT NULL,
  `per_position` int(3) NOT NULL,
  `per_status` int(3) NOT NULL,
  `person_room` int(3) NOT NULL,
  PRIMARY KEY (`per_id`)
) ENGINE=MyISAM AUTO_INCREMENT=12 DEFAULT CHARSET=utf8 COLLATE=utf8_general_ci;

--
-- Dumping data for table `health_personal`
--

INSERT INTO `health_personal` VALUES (4,'4349800002596',7,1,0),(5,'3470800656459',8,1,0),(6,'1341500135505',9,1,0),(7,'1331300095160',2,1,0),(8,'1342200105415',3,1,0),(9,'3341500551688',4,1,0),(10,'1339900430331',5,1,0),(11,'1101402134832',6,1,0);

--
-- Table structure for table `health_weight_height`
--

CREATE TABLE `health_weight_height` (
  `id` int(11) NOT NULL AUTO_INCREMENT,
  `type` tinyint(4) NOT NULL DEFAULT 0,
  `sex` tinyint(4) NOT NULL DEFAULT 1,
  `height` int(11) NOT NULL,
  `weight_1` double NOT NULL,
  `weight_2` double NOT NULL,
  `weight_3` double NOT NULL,
  `weight_4` double NOT NULL,
  `weight_5` double NOT NULL,
  PRIMARY KEY (`id`)
) ENGINE=MyISAM AUTO_INCREMENT=75 DEFAULT CHARSET=utf8 COLLATE=utf8_general_ci;

--
-- Dumping data for table `health_weight_height`
--

INSERT INTO `health_weight_height` VALUES (1,0,1,50,2.5,3,3.8,4,4.5),(2,0,1,55,3.5,4,4.8,5,6),(3,0,1,60,4.5,5,6.3,6.5,7.5),(4,0,1,65,5.5,6,7.8,8,9),(5,0,1,70,7,7.5,9.3,9.5,10.5),(6,0,1,75,8,8.5,10.8,11,12),(7,0,1,80,9,9.5,12,12.5,13.5),(8,0,1,85,10,10.5,13.5,14,15.5),(9,0,1,90,11,11.5,15,15.5,17),(10,0,1,95,12,12.5,16.5,17,19),(11,0,1,100,13,14,18.5,19,21),(12,0,1,105,14,15,20,21,22.5),(13,0,1,110,15.5,16.5,22,23,25),(14,0,1,115,17,18,24,25,28),(15,0,1,120,18.5,19.5,26.5,28,31),(16,0,1,125,20.5,21.5,29.5,31,35),(17,0,1,130,22,23.5,33,35,39.5),(18,0,1,135,24,25.5,37,39,45),(19,0,1,140,26.5,28,41,44,50),(20,0,2,50,3,3.1,3.8,4,4.5),(21,0,2,55,3.5,4,4.8,5,6),(22,0,2,60,4.5,5,6.3,6.5,7),(23,0,2,65,5.5,6,7.8,8,8.5),(24,0,2,70,6.5,7.5,8.8,9,10),(25,0,2,75,7.5,8.5,10.8,10.5,11.5),(26,0,2,80,8.5,9,11.5,12.5,13),(27,0,2,85,9.5,10,13,13.5,14.5),(28,0,2,90,10.5,11.5,14.5,15.5,16.5),(29,0,2,95,11.5,13,16.5,17,18.5),(30,0,2,100,13,13.5,18,18.5,20.5),(31,0,2,110,15.5,16,22,23,25),(32,0,2,115,16.5,17.5,24,25,28),(33,0,2,120,18,19,27,28.5,31.5),(34,0,2,125,19.5,21.5,30,31.5,35.5),(35,0,2,130,21.5,23,34,36,41),(36,0,2,135,23.5,25,38,40.5,46),(37,0,2,140,25.5,27.5,42.5,45.5,55.5),(38,0,2,105,14,15,19.5,20.5,22.5),(39,1,1,90,11,11.5,15,16,17),(40,1,1,95,12,12.5,17,17.5,19),(41,1,1,100,13,14,18,19,21),(42,1,1,105,14.5,15,19.5,20.5,22.5),(43,1,1,110,16,16.6,21.5,22.5,24.5),(44,1,1,115,17,18,24,25,27.5),(45,1,1,120,19,19.5,26.5,28,30.5),(46,1,1,125,20,21,29,31,34),(47,1,1,130,22,23,33,35,39),(48,1,1,135,24.5,25.5,37,39.5,45),(49,1,1,140,26.5,28.5,41,44,50),(50,1,1,145,29,31,45,48,54.5),(51,1,1,150,32,34,49,52.5,58.5),(52,1,1,155,35,37,53,56.5,62.5),(53,1,1,160,38.5,41,57,60.5,66.5),(54,1,1,165,42.5,45,61.5,64.5,70),(55,1,1,170,46,48.5,65,68,74.5),(56,1,1,175,49.5,52.5,69,72,77),(57,1,1,180,53,56,72,75,80),(58,1,2,90,11,11.5,15,16,17),(59,1,2,95,12,12.5,16,17,18.5),(60,1,2,100,13,13.5,18,19,20.5),(61,1,2,105,14,15,19.5,20.5,22.5),(62,1,2,110,15.5,16,21.5,22.5,25),(63,1,2,115,17,17.5,24,25,27.5),(64,1,2,120,18.5,19,26.5,28,31),(65,1,2,125,20,21,30,32,36),(66,1,2,130,21.5,22.5,33.5,36,41),(67,1,2,135,23.5,25,38,41,46),(68,1,2,140,26,27.5,42.5,45.5,51.5),(69,1,2,145,29,31,47,50,56.5),(70,1,2,150,32.5,34.5,51.5,54.5,61),(71,1,2,155,36,38.5,55.5,58.5,65),(72,1,2,160,39.5,42,59,62,68),(73,1,2,165,43,45.5,62,65,70.5),(74,1,2,170,47,48.5,65.5,67.5,72.5);

--
-- Table structure for table `idplan_education`
--

CREATE TABLE `idplan_education` (
  `id` int(11) NOT NULL AUTO_INCREMENT,
  `person_id` varchar(15) DEFAULT NULL,
  `class` varchar(30) DEFAULT NULL,
  `initials` varchar(30) DEFAULT NULL,
  `subject_1` varchar(150) DEFAULT NULL,
  `subject` varchar(150) DEFAULT NULL,
  `institute` varchar(200) DEFAULT NULL,
  `province` varchar(50) DEFAULT NULL,
  `finish_year` varchar(10) DEFAULT NULL,
  PRIMARY KEY (`id`)
) ENGINE=MyISAM AUTO_INCREMENT=12 DEFAULT CHARSET=utf8 COLLATE=utf8_general_ci;

--
-- Dumping data for table `idplan_education`
--

INSERT INTO `idplan_education` VALUES (9,'3349900662395','ปริญญาตรี','ค.บ.','-','วิทยาศาสตร์ทั่วไป','มหาวิทยาลัยราชภัฏอุบลราชธานี','อุบลราชธานี','2539');

--
-- Table structure for table `idplan_list_setting`
--

CREATE TABLE `idplan_list_setting` (
  `id` int(11) NOT NULL AUTO_INCREMENT,
  `rating` int(5) DEFAULT NULL,
  `item_list` char(50) DEFAULT NULL,
  `permission` int(2) DEFAULT NULL,
  PRIMARY KEY (`id`)
) ENGINE=MyISAM AUTO_INCREMENT=12 DEFAULT CHARSET=utf8 COLLATE=utf8_general_ci;

--
-- Dumping data for table `idplan_list_setting`
--


--
-- Table structure for table `idplan_lookbook_1`
--

CREATE TABLE `idplan_lookbook_1` (
  `id` int(11) NOT NULL AUTO_INCREMENT,
  `person_id` varchar(15) DEFAULT NULL,
  `study_year` varchar(5) DEFAULT NULL,
  `term` varchar(2) DEFAULT NULL,
  `office` varchar(200) DEFAULT NULL,
  `school_name` varchar(250) DEFAULT NULL,
  `class` varchar(5) DEFAULT NULL,
  `subject_1` varchar(3) DEFAULT NULL,
  `subject_2` varchar(150) DEFAULT NULL,
  `house` int(3) DEFAULT NULL,
  PRIMARY KEY (`id`)
) ENGINE=MyISAM AUTO_INCREMENT=20 DEFAULT CHARSET=utf8 COLLATE=utf8_general_ci;

--
-- Dumping data for table `idplan_lookbook_1`
--

INSERT INTO `idplan_lookbook_1` VALUES (19,'1341500135505','2562','1','','โรงเรียนบ้านหนองบัว','8','2','ทุกวิชา',25);

--
-- Table structure for table `idplan_lookbook_2`
--

CREATE TABLE `idplan_lookbook_2` (
  `id` int(11) NOT NULL AUTO_INCREMENT,
  `person_id` varchar(15) DEFAULT NULL,
  `year` varchar(5) DEFAULT NULL,
  `term` varchar(1) DEFAULT NULL,
  `week` varchar(3) DEFAULT NULL,
  `start_date` date DEFAULT NULL,
  `end_date` date DEFAULT NULL,
  `group_vicha_id` varchar(2) DEFAULT NULL,
  `vicha_name` varchar(200) DEFAULT NULL,
  `vicha_code` varchar(10) DEFAULT NULL,
  `vitaya` varchar(2) DEFAULT NULL,
  `hour_term` varchar(5) DEFAULT NULL,
  `time` varchar(5) DEFAULT NULL,
  `time_unit` varchar(25) DEFAULT NULL,
  `learn_type` varchar(2) DEFAULT NULL,
  `garantee` varchar(2) DEFAULT NULL,
  PRIMARY KEY (`id`)
) ENGINE=MyISAM AUTO_INCREMENT=20 DEFAULT CHARSET=utf8 COLLATE=utf8_general_ci;

--
-- Dumping data for table `idplan_lookbook_2`
--


--
-- Table structure for table `idplan_lookbook_3`
--

CREATE TABLE `idplan_lookbook_3` (
  `id` int(11) NOT NULL AUTO_INCREMENT,
  `person_id` varchar(15) DEFAULT NULL,
  `year` varchar(5) DEFAULT NULL,
  `term` varchar(1) DEFAULT NULL,
  `week` varchar(3) DEFAULT NULL,
  `start_date` date DEFAULT NULL,
  `end_date` date DEFAULT NULL,
  `vicha_support` varchar(200) DEFAULT NULL,
  `hour_week` varchar(5) DEFAULT NULL,
  `garantee` varchar(2) DEFAULT NULL,
  PRIMARY KEY (`id`)
) ENGINE=MyISAM AUTO_INCREMENT=22 DEFAULT CHARSET=utf8 COLLATE=utf8_general_ci;

--
-- Dumping data for table `idplan_lookbook_3`
--


--
-- Table structure for table `idplan_lookbook_4`
--

CREATE TABLE `idplan_lookbook_4` (
  `id` int(11) NOT NULL AUTO_INCREMENT,
  `person_id` varchar(15) DEFAULT NULL,
  `year` varchar(5) DEFAULT NULL,
  `term` varchar(1) DEFAULT NULL,
  `week` varchar(3) DEFAULT NULL,
  `start_date` date DEFAULT NULL,
  `end_date` date DEFAULT NULL,
  `policy` varchar(255) DEFAULT NULL,
  `hour_week` varchar(5) DEFAULT NULL,
  `garantee` varchar(2) DEFAULT NULL,
  PRIMARY KEY (`id`)
) ENGINE=MyISAM AUTO_INCREMENT=24 DEFAULT CHARSET=utf8 COLLATE=utf8_general_ci;

--
-- Dumping data for table `idplan_lookbook_4`
--


--
-- Table structure for table `idplan_lookbook_5`
--

CREATE TABLE `idplan_lookbook_5` (
  `id` int(11) NOT NULL AUTO_INCREMENT,
  `person_id` varchar(15) DEFAULT NULL,
  `rec_date` date DEFAULT NULL,
  `develop_name` varchar(255) DEFAULT NULL,
  `develop_code` varchar(15) DEFAULT NULL,
  `knowledge` varchar(10) DEFAULT NULL,
  `skill` varchar(10) DEFAULT NULL,
  `teacher` varchar(10) DEFAULT NULL,
  `develop_hour` varchar(5) DEFAULT NULL,
  `develop_start_date` date DEFAULT NULL,
  `num_date` int(5) DEFAULT NULL,
  `development` varchar(10) DEFAULT NULL,
  `garantee` varchar(2) DEFAULT NULL,
  PRIMARY KEY (`id`)
) ENGINE=MyISAM AUTO_INCREMENT=4 DEFAULT CHARSET=utf8 COLLATE=utf8_general_ci;

--
-- Dumping data for table `idplan_lookbook_5`
--


--
-- Table structure for table `idplan_lookbook_6`
--

CREATE TABLE `idplan_lookbook_6` (
  `id` int(11) NOT NULL AUTO_INCREMENT,
  `person_id` varchar(15) DEFAULT NULL,
  `group_activities` varchar(255) DEFAULT NULL,
  `num_member` int(5) DEFAULT NULL,
  `activities_name` varchar(255) DEFAULT NULL,
  `round` varchar(3) DEFAULT NULL,
  `date_activities` date DEFAULT NULL,
  `term` varchar(2) DEFAULT NULL,
  `year` varchar(5) DEFAULT NULL,
  `num_hour` varchar(5) DEFAULT NULL,
  `r_character` varchar(3) DEFAULT NULL,
  `income_activities` varchar(5) DEFAULT NULL,
  `issues` varchar(255) DEFAULT NULL,
  `cause` varchar(255) DEFAULT NULL,
  `knowledge` varchar(255) DEFAULT NULL,
  `activities` varchar(255) DEFAULT NULL,
  `r_activities` varchar(255) DEFAULT NULL,
  `reapply` varchar(255) DEFAULT NULL,
  `other` varchar(255) DEFAULT NULL,
  `garantee` varchar(2) DEFAULT NULL,
  PRIMARY KEY (`id`)
) ENGINE=MyISAM AUTO_INCREMENT=6 DEFAULT CHARSET=utf8 COLLATE=utf8_general_ci;

--
-- Dumping data for table `idplan_lookbook_6`
--


--
-- Table structure for table `idplan_lookbook_group_subject`
--

CREATE TABLE `idplan_lookbook_group_subject` (
  `id` int(11) NOT NULL AUTO_INCREMENT,
  `g_subject` varchar(255) DEFAULT NULL,
  PRIMARY KEY (`id`)
) ENGINE=MyISAM AUTO_INCREMENT=21 DEFAULT CHARSET=utf8 COLLATE=utf8_general_ci;

--
-- Dumping data for table `idplan_lookbook_group_subject`
--


--
-- Table structure for table `idplan_management_crown`
--

CREATE TABLE `idplan_management_crown` (
  `id` int(11) NOT NULL AUTO_INCREMENT,
  `crown_name_th` char(100) DEFAULT NULL,
  `crown_shot_name` char(10) DEFAULT NULL,
  `crown_name_en` char(150) DEFAULT NULL,
  PRIMARY KEY (`id`)
) ENGINE=MyISAM AUTO_INCREMENT=37 DEFAULT CHARSET=utf8 COLLATE=utf8_general_ci;

--
-- Dumping data for table `idplan_management_crown`
--


--
-- Table structure for table `idplan_management_crown_year`
--

CREATE TABLE `idplan_management_crown_year` (
  `id` int(11) NOT NULL AUTO_INCREMENT,
  `person_id` varchar(15) DEFAULT NULL,
  `crown_id` varchar(3) DEFAULT NULL,
  `crown_year` varchar(7) DEFAULT NULL,
  PRIMARY KEY (`id`)
) ENGINE=MyISAM AUTO_INCREMENT=4 DEFAULT CHARSET=utf8 COLLATE=utf8_general_ci;

--
-- Dumping data for table `idplan_management_crown_year`
--


--
-- Table structure for table `idplan_management_family`
--

CREATE TABLE `idplan_management_family` (
  `id` int(11) NOT NULL AUTO_INCREMENT,
  `person_id` varchar(15) DEFAULT NULL,
  `family_prename` varchar(20) DEFAULT NULL,
  `family_name` varchar(100) DEFAULT NULL,
  `family_surname` varchar(150) DEFAULT NULL,
  `birth_date` date DEFAULT NULL,
  `family_type` varchar(5) DEFAULT NULL,
  PRIMARY KEY (`id`)
) ENGINE=MyISAM AUTO_INCREMENT=9 DEFAULT CHARSET=utf8 COLLATE=utf8_general_ci;

--
-- Dumping data for table `idplan_management_family`
--


--
-- Table structure for table `idplan_management_marry`
--

CREATE TABLE `idplan_management_marry` (
  `person_id` varchar(15) NOT NULL,
  `m_type` varchar(5) DEFAULT NULL,
  `m_prename` varchar(10) DEFAULT NULL,
  `m_name` varchar(50) DEFAULT NULL,
  `m_surname` varchar(150) DEFAULT NULL,
  PRIMARY KEY (`person_id`)
) ENGINE=MyISAM DEFAULT CHARSET=utf8 COLLATE=utf8_general_ci;

--
-- Dumping data for table `idplan_management_marry`
--

INSERT INTO `idplan_management_marry` VALUES ('3349900662395','2','นาย','นพดล','นาคแนวดี');

--
-- Table structure for table `idplan_management_member`
--

CREATE TABLE `idplan_management_member` (
  `id` int(11) NOT NULL AUTO_INCREMENT,
  `person_id` varchar(15) DEFAULT NULL,
  `member_name` varchar(255) DEFAULT NULL,
  `member_number` varchar(30) DEFAULT NULL,
  PRIMARY KEY (`id`)
) ENGINE=MyISAM AUTO_INCREMENT=4 DEFAULT CHARSET=utf8 COLLATE=utf8_general_ci;

--
-- Dumping data for table `idplan_management_member`
--


--
-- Table structure for table `idplan_management_portfolio`
--

CREATE TABLE `idplan_management_portfolio` (
  `id` int(11) NOT NULL AUTO_INCREMENT,
  `person_id` varchar(15) DEFAULT NULL,
  `topic` varchar(200) DEFAULT NULL,
  `date` date DEFAULT NULL,
  `address` varchar(255) DEFAULT NULL,
  `pic_upload` varchar(50) DEFAULT NULL,
  PRIMARY KEY (`id`)
) ENGINE=MyISAM AUTO_INCREMENT=16 DEFAULT CHARSET=utf8 COLLATE=utf8_general_ci;

--
-- Dumping data for table `idplan_management_portfolio`
--


--
-- Table structure for table `idplan_management_vitaya`
--

CREATE TABLE `idplan_management_vitaya` (
  `id` int(11) NOT NULL AUTO_INCREMENT,
  `person_id` varchar(15) DEFAULT NULL,
  `vitaya_name` varchar(250) DEFAULT NULL,
  `vitaya_shot` varchar(50) DEFAULT NULL,
  `vitaya_date` date DEFAULT NULL,
  PRIMARY KEY (`id`)
) ENGINE=MyISAM AUTO_INCREMENT=9 DEFAULT CHARSET=utf8 COLLATE=utf8_general_ci;

--
-- Dumping data for table `idplan_management_vitaya`
--

INSERT INTO `idplan_management_vitaya` VALUES (8,'3349900662395','ชำนาญการพิเศษ','คศ.3','0000-00-00');

--
-- Table structure for table `idplan_permission`
--

CREATE TABLE `idplan_permission` (
  `per_id` int(5) NOT NULL AUTO_INCREMENT,
  `person_id` char(15) DEFAULT NULL,
  `p1` int(2) DEFAULT NULL,
  `office` char(15) DEFAULT NULL,
  `rec_dat` date DEFAULT NULL,
  PRIMARY KEY (`per_id`)
) ENGINE=MyISAM AUTO_INCREMENT=36 DEFAULT CHARSET=utf8 COLLATE=utf8_general_ci;

--
-- Dumping data for table `idplan_permission`
--


--
-- Table structure for table `idplan_person_sch_profile`
--

CREATE TABLE `idplan_person_sch_profile` (
  `person_id` varchar(15) NOT NULL,
  `birth_date` date DEFAULT NULL,
  `f_date` date DEFAULT NULL,
  `vittaya` varchar(50) DEFAULT NULL,
  `work_old` int(3) DEFAULT NULL,
  `at_home` varchar(10) DEFAULT NULL,
  `moo` varchar(3) DEFAULT NULL,
  `tambun` varchar(50) DEFAULT NULL,
  `ampher` varchar(50) DEFAULT NULL,
  `province` varchar(70) DEFAULT NULL,
  `postcode` varchar(10) DEFAULT NULL,
  `home_phone` varchar(15) DEFAULT NULL,
  `mobile` varchar(15) DEFAULT NULL,
  `salary` int(10) DEFAULT NULL,
  `emoluments` int(10) DEFAULT NULL,
  `money_of_position` int(10) DEFAULT NULL,
  `m_type` varchar(5) DEFAULT NULL,
  `update_date` date DEFAULT NULL,
  PRIMARY KEY (`person_id`)
) ENGINE=MyISAM DEFAULT CHARSET=utf8 COLLATE=utf8_general_ci;

--
-- Dumping data for table `idplan_person_sch_profile`
--

INSERT INTO `idplan_person_sch_profile` VALUES ('1341500135505','2532-01-07','2555-10-01','-',6,'595','1','แสนสุข','วารินชำราบ','อุบลราชธานี','','-','0868640179',25240,0,0,'1','2019-08-05'),('3349900662395','1974-05-17','1997-07-21','ชำนาญการพิเศษ',22,'332','8','คำน้ำแซบ','วารินชำราบ','อุบลราชธานี','','-','0813933553',37,5600,5600,'2','2019-07-12'),('7777',NULL,NULL,NULL,NULL,NULL,NULL,NULL,NULL,NULL,NULL,NULL,NULL,NULL,NULL,NULL,NULL,NULL),('3349800150724',NULL,NULL,NULL,NULL,NULL,NULL,NULL,NULL,NULL,NULL,NULL,NULL,NULL,NULL,NULL,NULL,NULL),('3349900818875','0000-00-00','0000-00-00','',0,'','','','','','','','',0,0,0,'','2025-04-03'),('1340900178197',NULL,NULL,NULL,NULL,NULL,NULL,NULL,NULL,NULL,NULL,NULL,NULL,NULL,NULL,NULL,NULL,NULL),('1101402134832',NULL,NULL,NULL,NULL,NULL,NULL,NULL,NULL,NULL,NULL,NULL,NULL,NULL,NULL,NULL,NULL,NULL),('1339900430331',NULL,NULL,NULL,NULL,NULL,NULL,NULL,NULL,NULL,NULL,NULL,NULL,NULL,NULL,NULL,NULL,NULL);

--
-- Table structure for table `la_cancel`
--

CREATE TABLE `la_cancel` (
  `id` int(11) NOT NULL AUTO_INCREMENT,
  `person_id` varchar(13) NOT NULL,
  `la_type` tinyint(4) NOT NULL,
  `write_at` varchar(100) DEFAULT NULL,
  `permission_start` date NOT NULL,
  `permission_finish` date NOT NULL,
  `permission_total` int(11) NOT NULL,
  `because` varchar(200) NOT NULL,
  `cancel_la_start` date NOT NULL,
  `cancel_la_finish` date NOT NULL,
  `cancel_la_total` int(11) NOT NULL,
  `no_comment` int(11) NOT NULL DEFAULT 0,
  `grant_p_selected` varchar(13) DEFAULT NULL,
  `rec_date` datetime NOT NULL,
  `officer_comment` varchar(200) DEFAULT NULL,
  `officer_sign` varchar(13) DEFAULT NULL,
  `officer_date` datetime DEFAULT NULL,
  `group_comment` varchar(100) DEFAULT NULL,
  `group_sign` varchar(13) DEFAULT NULL,
  `group_date` datetime DEFAULT NULL,
  `comment_date` datetime DEFAULT NULL,
  `commander_grant` tinyint(4) DEFAULT NULL,
  `commander_comment` varchar(100) DEFAULT NULL,
  `commander_sign` varchar(13) DEFAULT NULL,
  `grant_date` datetime DEFAULT NULL,
  PRIMARY KEY (`id`)
) ENGINE=MyISAM DEFAULT CHARSET=utf8 COLLATE=utf8_general_ci;

--
-- Dumping data for table `la_cancel`
--


--
-- Table structure for table `la_collect`
--

CREATE TABLE `la_collect` (
  `id` int(11) NOT NULL AUTO_INCREMENT,
  `year` int(11) NOT NULL,
  `person_id` varchar(13) NOT NULL,
  `collect_day` tinyint(4) NOT NULL DEFAULT 0,
  `this_year_day` tinyint(4) NOT NULL DEFAULT 0,
  `officer` varchar(13) DEFAULT NULL,
  `rec_date` date DEFAULT NULL,
  PRIMARY KEY (`id`)
) ENGINE=MyISAM DEFAULT CHARSET=utf8 COLLATE=utf8_general_ci;

--
-- Dumping data for table `la_collect`
--


--
-- Table structure for table `la_main`
--

CREATE TABLE `la_main` (
  `id` int(11) NOT NULL AUTO_INCREMENT,
  `person_id` varchar(13) NOT NULL,
  `la_type` tinyint(4) NOT NULL,
  `write_at` varchar(100) DEFAULT NULL,
  `because` varchar(250) DEFAULT NULL,
  `la_start` date NOT NULL,
  `la_finish` date NOT NULL,
  `la_total` int(11) NOT NULL,
  `last_la_start` date DEFAULT NULL,
  `last_la_finish` date DEFAULT NULL,
  `last_la_total` int(11) DEFAULT NULL,
  `contact` varchar(150) DEFAULT NULL,
  `contact_tel` varchar(20) DEFAULT NULL,
  `document` varchar(100) DEFAULT NULL,
  `no_comment` tinyint(4) NOT NULL DEFAULT 0,
  `grant_p_selected` varchar(13) DEFAULT NULL,
  `sick_ago` int(11) DEFAULT NULL,
  `sick_this` int(11) DEFAULT NULL,
  `sick_total` int(11) DEFAULT NULL,
  `privacy_ago` int(11) DEFAULT NULL,
  `privacy_this` int(11) DEFAULT NULL,
  `privacy_total` int(11) DEFAULT NULL,
  `birth_ago` int(11) DEFAULT NULL,
  `birth_this` int(11) DEFAULT NULL,
  `birth_total` int(11) DEFAULT NULL,
  `relax_ago` int(11) DEFAULT NULL,
  `relax_this` int(11) DEFAULT NULL,
  `relax_total` int(11) DEFAULT NULL,
  `relax_collect` tinyint(4) DEFAULT NULL,
  `relax_this_year` tinyint(4) DEFAULT NULL,
  `job_person` varchar(13) DEFAULT NULL,
  `job_person_sign` tinyint(4) NOT NULL DEFAULT 0,
  `rec_date` datetime NOT NULL,
  `officer_comment` varchar(200) DEFAULT NULL,
  `officer_sign` varchar(13) DEFAULT NULL,
  `officer_date` datetime DEFAULT NULL,
  `group_comment` varchar(100) DEFAULT NULL,
  `group_sign` varchar(13) DEFAULT NULL,
  `group_date` datetime DEFAULT NULL,
  `comment_date` datetime DEFAULT NULL,
  `commander_grant` tinyint(4) DEFAULT NULL,
  `commander_comment` varchar(100) DEFAULT NULL,
  `commander_sign` varchar(13) DEFAULT NULL,
  `grant_date` datetime DEFAULT NULL,
  PRIMARY KEY (`id`)
) ENGINE=MyISAM DEFAULT CHARSET=utf8 COLLATE=utf8_general_ci;

--
-- Dumping data for table `la_main`
--


--
-- Table structure for table `la_permission`
--

CREATE TABLE `la_permission` (
  `id` int(11) NOT NULL AUTO_INCREMENT,
  `person_id` varchar(13) NOT NULL,
  `p1` tinyint(4) NOT NULL,
  `officer` varchar(13) NOT NULL,
  `rec_date` date NOT NULL,
  PRIMARY KEY (`id`)
) ENGINE=MyISAM AUTO_INCREMENT=12 DEFAULT CHARSET=utf8 COLLATE=utf8_general_ci;

--
-- Dumping data for table `la_permission`
--

INSERT INTO `la_permission` VALUES (2,'3341501718799',1,'3349800022629','2016-06-19'),(3,'1349900178748',1,'1349900178748','2018-11-15'),(4,'3349800150724',1,'1349900178748','2018-11-15'),(5,'3341500551688',1,'1349900178748','2018-11-15'),(6,'1341500135505',1,'1349900178748','2018-11-15'),(7,'3349800022629',1,'1349900178748','2018-11-15'),(8,'3349900109068',1,'1349900178748','2018-11-15'),(9,'3470800656459',1,'1349900178748','2018-11-15'),(10,'3349900662395',1,'1349900178748','2018-11-15'),(11,'1470300035262',1,'1349900178748','2018-11-15');

--
-- Table structure for table `la_person_set`
--

CREATE TABLE `la_person_set` (
  `id` int(11) NOT NULL AUTO_INCREMENT,
  `person_id` varchar(13) NOT NULL,
  `comment_person` varchar(13) DEFAULT NULL,
  `grant_person` varchar(13) DEFAULT NULL,
  `officer` varchar(13) DEFAULT NULL,
  `rec_date` date DEFAULT NULL,
  PRIMARY KEY (`id`),
  UNIQUE KEY `person_id` (`person_id`)
) ENGINE=MyISAM DEFAULT CHARSET=utf8 COLLATE=utf8_general_ci;

--
-- Dumping data for table `la_person_set`
--


--
-- Table structure for table `la_year`
--

CREATE TABLE `la_year` (
  `id` int(11) NOT NULL AUTO_INCREMENT,
  `budget_year` int(11) NOT NULL,
  `year_active` tinyint(1) NOT NULL,
  PRIMARY KEY (`id`),
  UNIQUE KEY `budget_year` (`budget_year`)
) ENGINE=MyISAM AUTO_INCREMENT=3 DEFAULT CHARSET=utf8 COLLATE=utf8_general_ci;

--
-- Dumping data for table `la_year`
--

INSERT INTO `la_year` VALUES (1,2559,0),(2,2562,1);

--
-- Table structure for table `mail_filebook`
--

CREATE TABLE `mail_filebook` (
  `id` int(11) NOT NULL AUTO_INCREMENT,
  `ref_id` varchar(50) NOT NULL,
  `file_name` varchar(100) NOT NULL,
  `file_des` varchar(100) NOT NULL,
  PRIMARY KEY (`id`)
) ENGINE=MyISAM AUTO_INCREMENT=8 DEFAULT CHARSET=utf8 COLLATE=utf8_general_ci;

--
-- Dumping data for table `mail_filebook`
--

INSERT INTO `mail_filebook` VALUES (1,'33498000226291466308219','33498000226291466308219_1.jpg','ทิพวัลย์'),(2,'33498000226291466308219','33498000226291466308219_2.jpg','สุจิตรา'),(3,'33499001090681466308207','33499001090681466308207_1.docx','แบบประเมินการอ่าน การเขียน มิ.ย.59'),(4,'33498001507241466308224','33498001507241466308224_1.doc','เอกสาร'),(5,'13415001355051466308662','13415001355051466308662_1.jpg','พระอภัยมณี'),(6,'13415001355051466308662','13415001355051466308662_2.jpg','สุนทรภู่'),(7,'13415001355051466308662','13415001355051466308662_3.jpg','นางเงือก');

--
-- Table structure for table `mail_group`
--

CREATE TABLE `mail_group` (
  `grp_id` int(11) NOT NULL AUTO_INCREMENT,
  `grp_name` varchar(50) NOT NULL,
  PRIMARY KEY (`grp_id`)
) ENGINE=MyISAM DEFAULT CHARSET=utf8 COLLATE=utf8_general_ci;

--
-- Dumping data for table `mail_group`
--


--
-- Table structure for table `mail_group_member`
--

CREATE TABLE `mail_group_member` (
  `id` int(11) NOT NULL AUTO_INCREMENT,
  `grp_id` int(11) NOT NULL,
  `person_id` varchar(13) NOT NULL,
  PRIMARY KEY (`id`)
) ENGINE=MyISAM DEFAULT CHARSET=utf8 COLLATE=utf8_general_ci;

--
-- Dumping data for table `mail_group_member`
--


--
-- Table structure for table `mail_main`
--

CREATE TABLE `mail_main` (
  `ms_id` int(11) NOT NULL AUTO_INCREMENT,
  `sender` varchar(13) NOT NULL,
  `subject` varchar(150) NOT NULL,
  `detail` text DEFAULT NULL,
  `ref_id` varchar(50) NOT NULL,
  `send_date` datetime NOT NULL,
  PRIMARY KEY (`ms_id`),
  KEY `ref_id` (`ref_id`)
) ENGINE=MyISAM AUTO_INCREMENT=12 DEFAULT CHARSET=utf8 COLLATE=utf8_general_ci;

--
-- Dumping data for table `mail_main`
--

INSERT INTO `mail_main` VALUES (1,'1341500135505','การอบรม','วันที่ 19 มิ.ย.59 ทางเขต 4 ได้มีการจัดอบรมระบบ smss เป็นระบบที่สอดคล้องกับระบบการทำงานในโรงเรียน เราสามารถใช้และบันทึกผลแทนการทำเอกสารได้เป็นอย่างดี และสามารถนำมาเป็นผลงานนำเสนอได้ในโอกาสต่อไป ค่ะ','13415001355051466308334','2016-06-19 10:54:41'),(2,'3349800022629','ส่งรายชื่อนักเรียน','ส่งรายชื่อนักเรียนให้ด้วย','33498000226291466308219','2016-06-19 10:56:47'),(3,'3349900109068','ประเมินการอ่าน การเขียน ของนักเรียนชั้นประถมศึกษาปีที่ 1-6','ส่งแบบประเมินการอ่านมาให้แล้วนะคะ','33499001090681466308207','2016-06-19 10:57:49'),(4,'3349800150724','รายชื่อนักเรียน','รายชื่อนักเรียน','33498001507241466308224','2016-06-19 10:58:14'),(5,'1341500135505','ภาพระบายสี','เป็นภาพระบายสีวันสุนทรภู่นะคะ','13415001355051466308662','2016-06-19 10:58:53'),(6,'3340700181859','หนังสือลับ','ลับจริงๆ','33407001818591466308995','2016-06-19 11:04:00'),(7,'3349800022629','ประเมินการอ่าน การเขียน ของนักเรียนชั้นประถมศึกษาปีที่ 1-6(ตอบกลับ)','thank','33498000226291538189519','2018-09-29 09:52:26'),(8,'1349900178748','เรื่อง การอบรม SMSS และ AMSS++','สวัสดีค่ะวันนี้หนูมาอบรม ได้ความรู้เยอะมาก ลองมาเข้าระบบ SMSS กันบ่อยๆนะค่ะ นำข้อมูลนักเรียนมาลงในระบบได้เกือบทุกด้านในระบบนี้ ทันสมัยจริงๆ','13499001787481542268207','2018-11-15 14:52:42'),(9,'3349800022629','เรื่อง การอบรม SMSS และ AMSS++(ตอบกลับ)','ok','33498000226291542608733','2018-11-19 13:25:56'),(10,'1341500135505','เรื่อง การอบรม SMSS และ AMSS++(ตอบกลับ)','ยินดีด้วยนะคะ','13415001355051542766437','2018-11-21 09:14:16'),(11,'1349900178748','เรื่อง การอบรม SMSS และ AMSS++(ตอบกลับ)(ตอบกลับ)','ขอบใจจ้า**','13499001787481542768621','2018-11-21 09:50:53');

--
-- Table structure for table `mail_permission`
--

CREATE TABLE `mail_permission` (
  `id` int(11) NOT NULL AUTO_INCREMENT,
  `person_id` varchar(13) NOT NULL,
  `p1` tinyint(4) NOT NULL,
  `officer` varchar(13) NOT NULL,
  `rec_date` date NOT NULL,
  PRIMARY KEY (`id`)
) ENGINE=MyISAM AUTO_INCREMENT=8 DEFAULT CHARSET=utf8 COLLATE=utf8_general_ci;

--
-- Dumping data for table `mail_permission`
--

INSERT INTO `mail_permission` VALUES (1,'3340500456331',1,'3340500456331','2025-08-02'),(2,'1342200105415',1,'3340500456331','2025-08-02'),(3,'1341500135505',1,'3340500456331','2025-08-02'),(4,'1101402134832',1,'3340500456331','2025-08-02'),(5,'1339900430331',1,'3340500456331','2025-08-02'),(6,'4349800002596',1,'3340500456331','2025-08-02'),(7,'3470800656459',1,'3340500456331','2025-08-02');

--
-- Table structure for table `mail_sendto_answer`
--

CREATE TABLE `mail_sendto_answer` (
  `id` int(11) NOT NULL AUTO_INCREMENT,
  `ref_id` varchar(50) NOT NULL,
  `send_to` varchar(13) NOT NULL,
  `answer` tinyint(4) NOT NULL DEFAULT 0,
  `answer_time` datetime NOT NULL,
  PRIMARY KEY (`id`),
  KEY `ref_id` (`ref_id`),
  KEY `send_to` (`send_to`)
) ENGINE=MyISAM AUTO_INCREMENT=28 DEFAULT CHARSET=utf8 COLLATE=utf8_general_ci;

--
-- Dumping data for table `mail_sendto_answer`
--

INSERT INTO `mail_sendto_answer` VALUES (1,'33499001090681466308207','3349900109068',1,'2016-06-19 11:00:07'),(2,'33499001090681466308207','1341500135505',1,'2016-06-19 10:59:04'),(3,'33499001090681466308207','3349800150724',1,'2016-06-19 11:03:00'),(4,'33499001090681466308207','3349800022629',1,'2016-06-19 10:58:01'),(5,'33499001090681466308207','3349900662395',1,'2019-09-24 10:08:42'),(6,'33499001090681466308207','3341500551688',0,'0000-00-00 00:00:00'),(7,'33499001090681466308207','3340700181859',1,'2016-06-19 11:00:03'),(8,'13415001355051466308334','3349900662395',1,'2019-09-24 10:09:28'),(9,'13415001355051466308334','3341501544367',0,'0000-00-00 00:00:00'),(10,'33498001507241466308224','3341500551688',0,'0000-00-00 00:00:00'),(11,'33498001507241466308224','3340700181859',1,'2016-06-19 11:00:15'),(12,'33498000226291466308219','3440900158035',0,'0000-00-00 00:00:00'),(13,'33498000226291466308219','3341500551688',1,'2019-09-09 16:57:18'),(14,'13415001355051466308662','3349900109068',1,'2016-06-19 10:59:03'),(15,'33407001818591466308995','3349900109068',1,'2016-06-20 10:36:50'),(16,'33407001818591466308995','3349800150724',1,'2016-06-19 11:04:38'),(17,'33498000226291538189519','3349900109068',1,'2018-10-02 20:34:04'),(18,'13499001787481542268207','3349800022629',1,'2018-11-19 13:25:33'),(19,'13499001787481542268207','3349900109068',1,'2019-07-09 19:06:59'),(20,'13499001787481542268207','3341500551688',0,'0000-01-01 00:00:00'),(21,'13499001787481542268207','3349900662395',1,'2019-09-24 10:08:26'),(22,'13499001787481542268207','3349800150724',0,'0000-01-01 00:00:00'),(23,'13499001787481542268207','1341500135505',1,'2018-11-21 09:13:57'),(24,'13499001787481542268207','1349900178748',1,'2018-11-16 19:01:43'),(25,'33498000226291542608733','1349900178748',1,'2018-11-19 14:01:39'),(26,'13415001355051542766437','1349900178748',1,'2018-11-21 09:50:21'),(27,'13499001787481542768621','1341500135505',1,'2018-11-26 10:54:20');

--
-- Table structure for table `meeting_main`
--

CREATE TABLE `meeting_main` (
  `id` int(11) NOT NULL AUTO_INCREMENT,
  `room` tinyint(4) NOT NULL,
  `book_date` date NOT NULL,
  `book_date_end` date NOT NULL,
  `start_time` tinyint(4) NOT NULL,
  `finish_time` tinyint(4) NOT NULL,
  `objective` varchar(200) NOT NULL,
  `book_person` varchar(13) NOT NULL,
  `rec_date` datetime NOT NULL,
  `approve` int(11) DEFAULT NULL,
  `reason` varchar(200) DEFAULT NULL,
  `person_num` int(11) NOT NULL,
  `other` varchar(250) NOT NULL,
  `officer` varchar(13) DEFAULT NULL,
  `officer_date` datetime DEFAULT NULL,
  PRIMARY KEY (`id`)
) ENGINE=MyISAM DEFAULT CHARSET=utf8 COLLATE=utf8_general_ci;

--
-- Dumping data for table `meeting_main`
--


--
-- Table structure for table `meeting_permission`
--

CREATE TABLE `meeting_permission` (
  `id` int(11) NOT NULL AUTO_INCREMENT,
  `person_id` varchar(13) NOT NULL,
  `p1` tinyint(4) NOT NULL,
  `officer` varchar(13) NOT NULL,
  `rec_date` date NOT NULL,
  PRIMARY KEY (`id`)
) ENGINE=MyISAM AUTO_INCREMENT=3 DEFAULT CHARSET=utf8 COLLATE=utf8_general_ci;

--
-- Dumping data for table `meeting_permission`
--

INSERT INTO `meeting_permission` VALUES (1,'3349900109068',1,'3349800022629','2016-06-19'),(2,'3349900662395',1,'3349800022629','2016-06-19');

--
-- Table structure for table `meeting_room`
--

CREATE TABLE `meeting_room` (
  `id` int(11) NOT NULL AUTO_INCREMENT,
  `room_code` tinyint(4) NOT NULL,
  `room_name` varchar(100) NOT NULL,
  `active` int(11) NOT NULL DEFAULT 0,
  PRIMARY KEY (`id`)
) ENGINE=MyISAM AUTO_INCREMENT=11 DEFAULT CHARSET=utf8 COLLATE=utf8_general_ci;

--
-- Dumping data for table `meeting_room`
--

INSERT INTO `meeting_room` VALUES (1,1,'ห้องประชุม1',1),(2,2,'ห้องประชุม2',1),(3,3,'ห้องประชุม3',0),(4,4,'หอ้งประชุม4',0),(5,5,'ห้องประชุม5',0),(6,6,'ห้องประชุม6',0),(7,7,'ห้องประชุม7',0),(8,8,'ห้องประชุม8',0),(9,9,'ห้องประชุม9',0),(10,10,'ห้องประชุม10',0);

--
-- Table structure for table `permission_date`
--

CREATE TABLE `permission_date` (
  `id` int(11) NOT NULL AUTO_INCREMENT,
  `person_id` varchar(13) NOT NULL,
  `ref_id` varchar(50) NOT NULL,
  `date` date NOT NULL,
  `rec_date` datetime NOT NULL,
  PRIMARY KEY (`id`)
) ENGINE=MyISAM AUTO_INCREMENT=6 DEFAULT CHARSET=utf8 COLLATE=utf8_general_ci;

--
-- Dumping data for table `permission_date`
--

INSERT INTO `permission_date` VALUES (1,'3349800022629','14663192051537856471','2016-06-19','2016-06-19 13:53:25'),(2,'3349800150724','1466319208816593034','2016-06-19','2016-06-19 13:53:28'),(3,'1349900178748','154225740031562','2018-11-13','2018-11-15 11:50:00'),(4,'1349900178748','154225740031562','2018-11-15','2018-11-15 11:50:00'),(5,'3349900818875','16749117128855','2023-02-01','2023-01-28 20:15:12');

--
-- Table structure for table `permission_main`
--

CREATE TABLE `permission_main` (
  `id` int(11) NOT NULL AUTO_INCREMENT,
  `person_id` varchar(13) NOT NULL,
  `ref_id` varchar(50) NOT NULL,
  `subject` varchar(150) NOT NULL,
  `place` varchar(150) NOT NULL,
  `vehicle` varchar(150) DEFAULT NULL,
  `document` varchar(150) DEFAULT NULL,
  `no_comment` tinyint(4) NOT NULL DEFAULT 0,
  `grant_person_selected` varchar(13) DEFAULT NULL,
  `rec_date` datetime NOT NULL,
  `comment` varchar(200) DEFAULT NULL,
  `comment_person` varchar(13) DEFAULT NULL,
  `comment_date` datetime DEFAULT NULL,
  `grant_x` tinyint(4) DEFAULT NULL,
  `grant_comment` varchar(200) DEFAULT NULL,
  `grant_person` varchar(13) DEFAULT NULL,
  `grant_date` datetime DEFAULT NULL,
  `report` text DEFAULT NULL,
  `report_date` datetime DEFAULT NULL,
  PRIMARY KEY (`id`),
  UNIQUE KEY `ref_id` (`ref_id`)
) ENGINE=MyISAM AUTO_INCREMENT=5 DEFAULT CHARSET=utf8 COLLATE=utf8_general_ci;

--
-- Dumping data for table `permission_main`
--

INSERT INTO `permission_main` VALUES (1,'3349800022629','14663192051537856471','อบรมปฎิบัติการใช้โปรแกรม smss','ห้องประชุม2 สำนักงานเขตพื้นที่การศึกษาประถมศึกษาอุบลราชธานี เขต 4','รถยนต์ส่วนตัว','',1,'3341501718799','2016-06-19 13:53:25',NULL,NULL,NULL,NULL,NULL,NULL,NULL,NULL,NULL),(2,'3349800150724','1466319208816593034','เข้ารับการอบรมปฏิบัติการใช้โปรแกรม สนับสนุนการปฏิบัติราชการ smss ในสถานศึกษา','สพป.อบ.4','รถยนต์ส่วนตัว','',0,'3341501718799','2016-06-19 13:53:28',NULL,NULL,NULL,NULL,NULL,NULL,NULL,NULL,NULL),(3,'1349900178748','154225740031562','เรื่อง การอบรม SMSS และ AMSS++','หอประชุม สพฐ.อบ.4','','',0,'','2018-11-15 11:50:00',NULL,NULL,NULL,NULL,NULL,NULL,NULL,NULL,NULL),(4,'3349900818875','16749117128855','นำนักเรียนเข้าร่วมแข่งขันทักษะทางวิชาการ ภาคตะวันออกเฉียงเหนือ ที่จังหวัดร้อยเอ็ด','โรงเรียนไทยรัฐวิทยา36 (บ้านบะตากา ) อำเภอโพนทอง จังหวัดร้อยเอ็ด','รถยนต์ส่วนตัว','',0,'','2023-01-28 20:15:12',NULL,NULL,NULL,NULL,NULL,NULL,NULL,NULL,NULL);

--
-- Table structure for table `permission_permission`
--

CREATE TABLE `permission_permission` (
  `id` int(11) NOT NULL AUTO_INCREMENT,
  `person_id` varchar(13) NOT NULL,
  `p1` tinyint(4) NOT NULL,
  `officer` varchar(13) NOT NULL,
  `rec_date` date NOT NULL,
  PRIMARY KEY (`id`)
) ENGINE=MyISAM AUTO_INCREMENT=4 DEFAULT CHARSET=utf8 COLLATE=utf8_general_ci;

--
-- Dumping data for table `permission_permission`
--

INSERT INTO `permission_permission` VALUES (2,'3349900818875',1,'3349900818875','2022-07-23'),(3,'1340900178197',1,'3349900818875','2019-07-23');

--
-- Table structure for table `permission_person_set`
--

CREATE TABLE `permission_person_set` (
  `id` int(11) NOT NULL AUTO_INCREMENT,
  `person_id` varchar(13) NOT NULL,
  `comment_person` varchar(13) DEFAULT NULL,
  `grant_person` varchar(13) DEFAULT NULL,
  `officer` varchar(13) DEFAULT NULL,
  `rec_date` date DEFAULT NULL,
  PRIMARY KEY (`id`),
  UNIQUE KEY `person_id` (`person_id`)
) ENGINE=MyISAM DEFAULT CHARSET=utf8 COLLATE=utf8_general_ci;

--
-- Dumping data for table `permission_person_set`
--


--
-- Table structure for table `person_main`
--

CREATE TABLE `person_main` (
  `id` int(11) NOT NULL AUTO_INCREMENT,
  `person_id` varchar(13) NOT NULL,
  `prename` varchar(20) NOT NULL,
  `name` varchar(50) NOT NULL,
  `surname` varchar(50) NOT NULL,
  `position_code` tinyint(4) NOT NULL,
  `pic` varchar(150) DEFAULT NULL,
  `status` tinyint(4) NOT NULL DEFAULT 0,
  `person_order` tinyint(4) DEFAULT 0,
  `officer` varchar(13) NOT NULL,
  `rec_date` date NOT NULL,
  PRIMARY KEY (`id`),
  UNIQUE KEY `person_id` (`person_id`)
) ENGINE=MyISAM AUTO_INCREMENT=33 DEFAULT CHARSET=utf8 COLLATE=utf8_general_ci;

--
-- Dumping data for table `person_main`
--

INSERT INTO `person_main` VALUES (32,'3340500456331','นาย','นิรันดร์','นวลอินทร์',1,'',0,1,'1341500135505','2025-08-02'),(24,'1101402134832','นางสาว','จิรัชญา','ยิ่งยงวงศ์สกุล',3,'modules/person/picture/1101402134832.png',0,3,'1341500135505','2020-10-15'),(30,'4349800002596','นางสาว','นพเกล้า','สิมาพันธ์',3,'',0,5,'1341500135505','2023-05-30'),(5,'3349900189304','นาย','ประสงค์','ศรีจามร',3,'modules/person/picture/3349900189304.jpg',1,4,'3349800022629','0000-00-00'),(6,'3440900158035','นาง','สุจิตรา','ศรีจามร',3,'modules/person/picture/3440900158035.jpg',1,5,'3349800022629','0000-00-00'),(15,'3340700181859','นาง','พัชราวลัย','แก้วดวงดี',7,'modules/person/picture/3340700181859.jpg',1,13,'3349800022629','2016-06-19'),(8,'3341501718799','นาย','บุญธรรม','สมานพงษ์',1,'modules/person/picture/3341501718799.jpg',1,1,'7777','0000-00-00'),(9,'1341500135505','นางสาว','นภาวรรณ','ดันประเทศ',3,'modules/person/picture/1341500135505.jpg',0,2,'1341500135505','0000-00-00'),(10,'3470800656459','นาย','เธียรวิชญ์','บุญภา',31,'modules/person/picture/3470800656459.jpg',0,6,'1341500135505','0000-00-00'),(11,'3341501544367','นาง','จรัสศรี','เจริญชัย',8,'modules/person/picture/3341501544367.jpg',1,10,'3349800022629','0000-00-00'),(12,'1470300035262','นาย','ปัญญา','กอมะลี',33,'modules/person/picture/1470300035262.jpg',0,9,'1341500135505','0000-00-00'),(31,'1331300095160','นางสาว','ปิยธิดา  ','สายสิงห์',31,'',0,7,'1341500135505','2024-05-13'),(28,'1339900430331','นางสาว','อภิญญา','วรอรรถ',3,'',0,4,'1341500135505','2022-05-30'),(29,'1342200105415','นางสาว','จันทร์จิรา','บุตรโท',32,'',0,8,'1341500135505','2022-05-30');

--
-- Table structure for table `person_permission`
--

CREATE TABLE `person_permission` (
  `id` int(11) NOT NULL AUTO_INCREMENT,
  `person_id` varchar(13) NOT NULL,
  `p1` tinyint(4) NOT NULL,
  `officer` varchar(13) NOT NULL,
  `rec_date` date NOT NULL,
  PRIMARY KEY (`id`)
) ENGINE=MyISAM AUTO_INCREMENT=24 DEFAULT CHARSET=utf8 COLLATE=utf8_general_ci;

--
-- Dumping data for table `person_permission`
--

INSERT INTO `person_permission` VALUES (2,'1341500135505',1,'3349900818875','2024-01-30'),(19,'1342200105415',1,'3349900818875','2022-05-30'),(20,'1339900430331',1,'3349900818875','2022-05-30'),(23,'3340500456331',1,'3340500456331','2025-08-02'),(10,'3470800656459',1,'1341500135505','2019-05-27'),(22,'1331300095160',1,'1341500135505','2025-08-02'),(21,'4349800002596',1,'3349900818875','2023-05-30'),(18,'1101402134832',1,'3349900818875','2022-09-16');

--
-- Table structure for table `person_position`
--

CREATE TABLE `person_position` (
  `id` int(11) NOT NULL AUTO_INCREMENT,
  `position_code` int(11) NOT NULL,
  `position_name` varchar(50) NOT NULL,
  PRIMARY KEY (`id`),
  UNIQUE KEY `position_code` (`position_code`)
) ENGINE=MyISAM AUTO_INCREMENT=20 DEFAULT CHARSET=utf8 COLLATE=utf8_general_ci;

--
-- Dumping data for table `person_position`
--

INSERT INTO `person_position` VALUES (1,1,'ผู้อำนวยการโรงเรียน'),(2,2,'ผู้ช่วยผู้อำนวยการโรงเรียน'),(3,3,'ครู'),(4,4,'ครูผู้ช่วย'),(5,11,'พนักงานราชการ(ครูผู้สอน)'),(6,12,'พนักงานราชการ(ครูพี่เลี้ยง)'),(7,13,'พนักงานราชการ(อื่น ๆ)'),(17,41,'ผู้จัดการโรงเรียนเอกชน'),(9,21,'ลูกจ้างประจำ(พนักงานธุรการ)'),(10,22,'ลูกจ้างประจำ(พนักงานขับรถยนต์))'),(11,23,'ลูกจ้างประจำ(ช่างครุภัณฑ์)'),(12,24,'ลูกจ้างประจำ(อื่น ๆ)'),(13,31,'ลูกจ้างชั่วคราว(ครู)'),(14,32,'ลูกจ้างชั่วคราว(เจ้าหน้าที่ธุรการโรงเรียน)'),(15,33,'ลูกจ้างชั่วคราว(นักการภารโรง)'),(16,34,'ลูกจ้างชั่วคราว(อื่น ๆ)'),(18,42,'เจ้าหน้าที่บริหารทั่วไปโรงเรียนเอกชน'),(19,43,'เจ้าหน้าที่อื่น ๆ โรงเรียนเอกชน');

--
-- Table structure for table `plan_acti`
--

CREATE TABLE `plan_acti` (
  `id` int(11) NOT NULL AUTO_INCREMENT,
  `budget_year` int(11) DEFAULT NULL,
  `code_clus` tinyint(4) NOT NULL,
  `code_proj` char(3) NOT NULL DEFAULT '',
  `code_acti` char(6) NOT NULL DEFAULT '',
  `code_approve` char(3) NOT NULL DEFAULT '',
  `budget_acti` decimal(10,2) NOT NULL DEFAULT 0.00,
  `budget_approve` decimal(10,2) NOT NULL DEFAULT 0.00,
  `dayinput` date NOT NULL DEFAULT '0000-00-00',
  `daythai` char(13) NOT NULL DEFAULT '',
  `name_acti` char(150) NOT NULL,
  `owner_acti` char(50) NOT NULL DEFAULT '',
  `id_defalt` char(13) NOT NULL DEFAULT '',
  `dayseri` datetime NOT NULL DEFAULT '0000-00-00 00:00:00',
  `begin_date` date NOT NULL,
  `finish_date` date NOT NULL,
  `stop` tinyint(1) DEFAULT NULL,
  PRIMARY KEY (`id`)
) ENGINE=MyISAM AUTO_INCREMENT=5 DEFAULT CHARSET=utf8 COLLATE=utf8_general_ci;

--
-- Dumping data for table `plan_acti`
--

INSERT INTO `plan_acti` VALUES (1,2559,1,'001','001001','',5000.00,0.00,'0000-00-00','23 ก.ค. 2559','จัดค่ายวิชาการภาษาไทย','','','2016-07-23 11:05:40','2016-07-23','2016-09-30',NULL),(2,2559,1,'002','002002','',5000.00,0.00,'0000-00-00','23 ก.ค. 2559','อ่านคล่องเขียนคล่อง','','','2016-07-23 11:26:42','2016-07-23','2016-09-30',NULL),(3,2559,1,'003','003003','',3000.00,0.00,'0000-00-00','23 ก.ค. 2559','วางทุกงานอ่านทุกคน','','','2016-07-23 11:29:27','2016-07-23','2016-09-30',NULL),(4,2564,4,'001','001001','118',324000.00,0.00,'2021-07-05','27 พ.ย. 2563','จัดทำอาหารกลางวัน','','','2020-11-27 10:18:34','2020-11-27','2021-09-30',NULL);

--
-- Table structure for table `plan_proj`
--

CREATE TABLE `plan_proj` (
  `id` int(11) NOT NULL AUTO_INCREMENT,
  `budget_year` int(11) DEFAULT NULL,
  `code_clus` tinyint(4) NOT NULL,
  `code_tegy` char(1) NOT NULL DEFAULT '',
  `code_proj` char(3) NOT NULL DEFAULT '',
  `budget_proj` double NOT NULL DEFAULT 0,
  `budget_approve` double NOT NULL DEFAULT 0,
  `name_proj` varchar(250) NOT NULL DEFAULT '',
  `owner_proj` varchar(50) NOT NULL DEFAULT '',
  `file_detail` varchar(100) NOT NULL DEFAULT '',
  `dayrec` datetime NOT NULL DEFAULT '0000-00-00 00:00:00',
  `eval_tegy` varchar(250) NOT NULL DEFAULT '',
  `eval_activity` longtext NOT NULL,
  `eval_result` longtext NOT NULL,
  `eval_obstacle` longtext NOT NULL,
  `eval_particular` varchar(100) NOT NULL DEFAULT '',
  `begin_date` date NOT NULL,
  `finish_date` date NOT NULL,
  `allow_edit` char(1) NOT NULL DEFAULT '',
  PRIMARY KEY (`id`)
) ENGINE=MyISAM AUTO_INCREMENT=34 DEFAULT CHARSET=utf8 COLLATE=utf8_general_ci;

--
-- Dumping data for table `plan_proj`
--

INSERT INTO `plan_proj` VALUES (1,2559,1,'','001',5000,0,'จัดค่ายวิชาการภาษาไทย','3349800150724','','2016-07-23 10:47:34','','','','','','2015-10-01','2016-09-30',''),(2,2559,1,'','002',5000,0,'อ่านคล่องเขียนคล่อง','3349800150724','','2016-07-23 11:02:23','','','','','','2015-10-01','2016-09-30',''),(3,2559,1,'','003',3000,0,'วางทุกงานอ่านทุกคน','3349900109068','','2016-07-23 11:16:14','','','','','','2015-10-01','2016-09-30',''),(4,2559,3,'','004',25000,0,'ทัศนศึกษาและดูงาน','3341501718799','','2016-07-23 11:20:35','','','','','','2015-10-01','2016-09-30',''),(5,2562,1,'','001',94626,0,'พัฒนาและส่งเสริมประสิทธิภาพการจัดการเรียนการสอน','3349900109068','','2019-07-11 19:55:15','','','','','','2019-05-16','2020-03-31',''),(6,2564,4,'3','001',324000,0,'อาหารกลางวันในโรงเรียน','1341500135505','modules/plan/planproject/detail/plansch2564_001.docx','2020-11-27 10:27:50','','','','','','2020-10-01','2021-09-30',''),(7,2564,2,'1','002',14193,0,'ส่งเสริมประสิทธิภาพงานการเงินและพัสดุ','3341500551688','','2020-11-27 10:23:12','','','','','','2020-10-01','2021-09-30',''),(8,2564,3,'6','003',118275,0,'พัฒนาบุคลากรเพื่อการปฏิบัติหน้าที่ได้อย่างมีประสิทธิภาพและเกิดประสิทธิผล','3349800150724','','2020-11-27 10:30:25','','','','','','2020-10-01','2021-09-30',''),(10,2567,1,'2','001',58000,0,'ส่งเสริมประสิทธิภาพกระบวนการเรียนรู้ ','1101402134832','','2024-01-30 15:15:46','','','','','','2023-10-01','2024-09-30',''),(11,2567,1,'3','002',1000,0,'การนิเทศภายใน (นิเทศแบบมีส่วนร่วม PLC)','1101402134832','','2024-01-30 15:16:48','','','','','','2023-10-01','2024-09-30',''),(12,2567,1,'3','003',3000,0,'งานทะเบียน วัดและประเมินผล','1101402134832','','2024-01-30 15:17:40','','','','','','2023-10-01','2024-09-30',''),(13,2567,1,'1','004',3000,0,'พัฒนาระบบประกันคุณภาพภายในโรงเรียนบ้านหนองบัว','1101402134832','','2024-01-30 15:19:01','','','','','','2023-10-01','2024-09-30',''),(14,2567,1,'4','005',60000,0,'พัฒนาส่งเสริมสนับสนุนให้ผู้เรียนเกิดการเรียนรู้อย่างมีความสุข','1341500135505','','2024-01-30 15:19:52','','','','','','2023-10-01','2024-09-30',''),(15,2567,1,'5','006',15000,0,'พัฒนาห้องสมุดเฉลิมพระเกียรติฯโรงเรียนบ้านหนองบัว','1101402134832','','2024-01-30 15:20:53','','','','','','2023-10-01','2024-09-30',''),(16,2567,1,'3','007',3000,0,'พัฒนาหลักสูตรสถานศึกษา','1339900430331','','2024-01-30 15:23:12','','','','','','2023-10-01','2024-09-30',''),(17,2567,1,'4','008',116000,0,'เรียนฟรี 15 ปีอย่างมีคุณภาพ','1101402134832','','2024-01-30 15:24:02','','','','','','2023-10-01','2024-09-30',''),(18,2567,1,'','009',2000,0,'บ้านวิทยาศาสตร์น้อย','1101402134832','','2024-01-30 15:24:45','','','','','','2023-10-01','2024-09-30',''),(19,2567,2,'6','010',15000,0,'ส่งเสริมประสิทธิภาพงานการเงินและพัสดุ','1101402134832','','2024-01-30 15:25:47','','','','','','2023-10-01','2024-09-30',''),(20,2567,3,'3','011',50000,0,'พัฒนาและสร้างขวัญกำลังใจให้แก่บุคลากร เพื่อการปฏิบัติหน้าที่ ได้อย่างมีประสิทธิภาพและเกิดประสิทธิผล','1339900430331','','2024-01-30 15:27:27','','','','','','2023-10-01','2024-09-30',''),(21,2567,3,'3','012',60000,0,'สรรหา ครูอัตราจ้าง บุคลากร เพื่อปฏิบัติหน้าที่แทนตำแหน่งว่าง','1339900430331','','2024-01-30 15:28:08','','','','','','2023-10-01','2024-09-30',''),(22,2567,4,'5','013',15000,0,'วันสำคัญ','1341500135505','','2024-01-30 15:29:54','','','','','','2023-10-01','2024-09-30',''),(23,2567,4,'','014',3000,0,'ปลูกฝังค่านิยม อุดมการณ์ ประชาธิปไตย','1339900430331','','2024-01-30 15:30:38','','','','','','2023-10-01','2024-09-30',''),(24,2567,4,'6','015',55000,0,'ปรับปรุงภูมิทัศน์และสิ่งแวดล้อม','3470800656459','','2024-01-30 15:31:28','','','','','','2023-10-01','2024-09-30',''),(25,2567,4,'6','016',1000,0,'ควบคุมภายใน','1341500135505','','2024-01-30 15:32:10','','','','','','2023-10-01','2024-09-30',''),(26,2567,4,'5','017',5000,0,'สัมพันธ์ชุมชน','4349800002596','','2024-01-30 15:34:44','','','','','','2023-10-01','2024-09-30',''),(27,2567,4,'','018',5000,0,'น้อมนำปรัชญาของเศรษฐกิจพอเพียงสู่สถานศึกษา','3470800656459','','2024-01-30 15:35:25','','','','','','2023-10-01','2024-09-30',''),(28,2567,4,'4','019',1000,0,'ระบบดูแลช่วยเหลือนักเรียน','1339900430331','','2024-01-30 15:36:00','','','','','','2023-10-01','2024-09-30',''),(29,2567,4,'5','020',1500,0,'สหกรณ์โรงเรียน','1341500135505','','2024-01-30 15:36:57','','','','','','2023-10-01','2024-09-30',''),(30,2567,4,'','021',351000,0,'อาหารกลางวันในโรงเรียน (งบจาก อบต.หนองไฮ)','1341500135505','','2024-01-30 15:37:53','','','','','','2023-10-01','2024-09-30',''),(31,2567,4,'1','022',15000,0,'เฝ้าระวังป้องกันและรักษาความปลอดภัยในสถานศึกษา','1341500135505','','2024-01-30 15:39:17','','','','','','2023-10-01','2024-09-30',''),(32,2567,4,'1','023',1000,0,'โรงเรียนต้านทุจริตศึกษา (ร.ร.สุจริต)','1101402134832','','2024-01-30 15:42:00','','','','','','2023-10-01','2024-09-30',''),(33,2567,4,'5','024',3000,0,'โรงเรียนส่งเสริมคุณธรรม จริยธรรม','1339900430331','','2024-01-30 15:42:35','','','','','','2023-10-01','2024-09-30','');

--
-- Table structure for table `plan_setgic_year`
--

CREATE TABLE `plan_setgic_year` (
  `id` int(11) NOT NULL AUTO_INCREMENT,
  `budget_year` int(11) NOT NULL,
  `year_active` tinyint(1) NOT NULL,
  PRIMARY KEY (`id`),
  UNIQUE KEY `budget_year` (`budget_year`)
) ENGINE=MyISAM AUTO_INCREMENT=2 DEFAULT CHARSET=utf8 COLLATE=utf8_general_ci;

--
-- Dumping data for table `plan_setgic_year`
--

INSERT INTO `plan_setgic_year` VALUES (1,2554,1);

--
-- Table structure for table `plan_standard`
--

CREATE TABLE `plan_standard` (
  `id` int(11) NOT NULL AUTO_INCREMENT,
  `budget_year` int(11) NOT NULL,
  `sd_year` int(4) NOT NULL,
  `code_clus` tinyint(4) NOT NULL,
  `code_proj` char(3) NOT NULL,
  `code_acti` char(6) NOT NULL,
  `sd_level` char(1) NOT NULL,
  `sd_id` int(11) NOT NULL,
  `id_indicator` int(11) NOT NULL,
  PRIMARY KEY (`id`)
) ENGINE=MyISAM DEFAULT CHARSET=utf8 COLLATE=utf8_general_ci;

--
-- Dumping data for table `plan_standard`
--


--
-- Table structure for table `plan_stregic`
--

CREATE TABLE `plan_stregic` (
  `id` int(11) NOT NULL AUTO_INCREMENT,
  `id_tegic` int(3) NOT NULL,
  `budget_year` int(4) NOT NULL,
  `strategic` varchar(200) NOT NULL,
  PRIMARY KEY (`id`)
) ENGINE=MyISAM AUTO_INCREMENT=13 DEFAULT CHARSET=utf8 COLLATE=utf8_general_ci;

--
-- Dumping data for table `plan_stregic`
--

INSERT INTO `plan_stregic` VALUES (1,1,2564,'  ด้านความมั่นคง'),(2,2,2564,'ด้านการสร้างความสามารถในการแข่งขัน'),(3,3,2564,'ด้าานการพัฒนาและเสริมสร้างทรัพยากรมนุษย์'),(4,4,2564,'ด้านการสร้างโอกาสและความเสมอภาคทางสังคม'),(5,5,2564,'ด้าานการสร้างการเติบโตบนคุณภาพชีวิตที่เป็นมิตรกับสิ่งแวดล้อม'),(6,6,2564,'ด้านการปรับสมดุลและการพัฒนาระบบบริหารการจัดการภาครัฐ'),(7,1,2567,'ด้านความมั่นคง'),(8,2,2567,'ด้านการสร้างความสามารถในการแข่งขัน'),(9,3,2567,'ด้านการพัฒนาและเสริมสร้างทรัพยากรมนุษย์'),(10,4,2567,'ด้านการสร้างโอกาสและความเสมอภาคทางสังคม'),(11,5,2567,'ด้านการสร้างการเติบโตบนคุณภาพชีวิตที่เป็นมิตรกับสิ่งแวดล้อม'),(12,6,2567,'ด้านการปรับสมดุลและพัฒนาระบบบริหารการจัดการภาครัฐ');

--
-- Table structure for table `plan_year`
--

CREATE TABLE `plan_year` (
  `id` int(11) NOT NULL AUTO_INCREMENT,
  `budget_year` int(11) NOT NULL,
  `year_active` tinyint(1) NOT NULL,
  PRIMARY KEY (`id`),
  UNIQUE KEY `budget_year` (`budget_year`)
) ENGINE=MyISAM AUTO_INCREMENT=8 DEFAULT CHARSET=utf8 COLLATE=utf8_general_ci;

--
-- Dumping data for table `plan_year`
--

INSERT INTO `plan_year` VALUES (1,2559,0),(2,2561,0),(3,2562,0),(4,2563,0),(5,2564,0),(6,2567,0),(7,2568,1);

--
-- Table structure for table `questionnaire_permission`
--

CREATE TABLE `questionnaire_permission` (
  `id` int(11) NOT NULL AUTO_INCREMENT,
  `person_id` varchar(13) NOT NULL,
  `p1` tinyint(4) NOT NULL,
  `officer` varchar(13) NOT NULL,
  `rec_date` date NOT NULL,
  PRIMARY KEY (`id`),
  UNIQUE KEY `person_id` (`person_id`)
) ENGINE=MyISAM AUTO_INCREMENT=7 DEFAULT CHARSET=utf8 COLLATE=utf8_general_ci;

--
-- Dumping data for table `questionnaire_permission`
--

INSERT INTO `questionnaire_permission` VALUES (4,'1342200105415',1,'3340500456331','2025-08-02'),(2,'1341500135505',1,'3349900818875','2020-09-26'),(3,'3340500456331',1,'3340500456331','2025-08-02'),(5,'1101402134832',1,'3340500456331','2025-08-02'),(6,'1339900430331',1,'3340500456331','2025-08-02');

--
-- Table structure for table `savings_account`
--

CREATE TABLE `savings_account` (
  `account_id` int(11) NOT NULL AUTO_INCREMENT,
  `acc_code` varchar(10) NOT NULL,
  `description` varchar(100) NOT NULL,
  PRIMARY KEY (`account_id`)
) ENGINE=MyISAM AUTO_INCREMENT=7 DEFAULT CHARSET=utf8 COLLATE=utf8_general_ci;

--
-- Dumping data for table `savings_account`
--

INSERT INTO `savings_account` VALUES (1,'1','ฝาก'),(2,'2','ถอน'),(3,'3','ยอดยกมา'),(4,'4','ดอกเบี้ยเงินฝาก'),(5,'5','รายการแก้ไข'),(6,'6','ปิดบัญชี');

--
-- Table structure for table `savings_base`
--

CREATE TABLE `savings_base` (
  `base_id` int(5) NOT NULL AUTO_INCREMENT,
  `study_year` int(5) NOT NULL,
  `status` int(2) NOT NULL,
  PRIMARY KEY (`base_id`)
) ENGINE=MyISAM AUTO_INCREMENT=7 DEFAULT CHARSET=utf8 COLLATE=utf8_general_ci;

--
-- Dumping data for table `savings_base`
--

INSERT INTO `savings_base` VALUES (1,2559,0),(2,2562,0),(3,2563,0),(4,2565,0),(5,2567,0),(6,2568,1);

--
-- Table structure for table `savings_money`
--

CREATE TABLE `savings_money` (
  `save_id` int(11) NOT NULL AUTO_INCREMENT,
  `std_id` varchar(15) NOT NULL,
  `year_past` varchar(4) NOT NULL,
  `amount_money` decimal(8,2) NOT NULL,
  `day_save` varchar(3) NOT NULL,
  `month_save` varchar(3) NOT NULL,
  `year_save` varchar(5) NOT NULL,
  `timer` time NOT NULL,
  `office` varchar(15) DEFAULT NULL,
  `day_act` varchar(20) NOT NULL,
  `acc_type` varchar(10) NOT NULL,
  `level_class` varchar(5) NOT NULL,
  `room` varchar(5) NOT NULL,
  `student_number` varchar(5) NOT NULL,
  `rec_officer` varchar(13) DEFAULT NULL,
  PRIMARY KEY (`save_id`),
  KEY `std_id` (`std_id`),
  KEY `room` (`room`),
  KEY `level_class` (`level_class`),
  KEY `acc_type` (`acc_type`),
  KEY `day_act` (`day_act`)
) ENGINE=MyISAM AUTO_INCREMENT=2286 DEFAULT CHARSET=utf8 COLLATE=utf8_general_ci;

--
-- Dumping data for table `savings_money`
--

INSERT INTO `savings_money` VALUES (1,'1916','2559',1.00,'22','06','2016','10:44:04','2016-06-22','22/06/2016','1','6','0','0','3349800150724'),(2,'1929','2559',5.00,'22','06','2016','10:44:04','2016-06-22','22/06/2016','1','6','0','0','3349800150724'),(3,'1928','2559',15.00,'22','06','2016','10:44:04','2016-06-22','22/06/2016','1','6','0','0','3349800150724'),(4,'1927','2559',0.00,'22','06','2016','10:44:04','2016-06-22','22/06/2016','1','6','0','0','3349800150724'),(5,'1926','2559',10.00,'22','06','2016','10:44:04','2016-06-22','22/06/2016','1','6','0','0','3349800150724'),(6,'1925','2559',5.00,'22','06','2016','10:44:04','2016-06-22','22/06/2016','1','6','0','0','3349800150724'),(7,'1923','2559',0.00,'22','06','2016','10:44:04','2016-06-22','22/06/2016','1','6','0','0','3349800150724'),(8,'1922','2559',1.00,'22','06','2016','10:44:04','2016-06-22','22/06/2016','1','6','0','0','3349800150724'),(9,'1921','2559',0.00,'22','06','2016','10:44:04','2016-06-22','22/06/2016','1','6','0','0','3349800150724'),(10,'1920','2559',0.00,'22','06','2016','10:44:04','2016-06-22','22/06/2016','1','6','0','0','3349800150724'),(11,'1919','2559',5.00,'22','06','2016','10:44:04','2016-06-22','22/06/2016','1','6','0','0','3349800150724'),(12,'1918','2559',10.00,'22','06','2016','10:44:04','2016-06-22','22/06/2016','1','6','0','0','3349800150724'),(13,'1917','2559',0.00,'22','06','2016','10:44:04','2016-06-22','22/06/2016','1','6','0','0','3349800150724'),(14,'1952','2559',0.00,'22','06','2016','10:44:04','2016-06-22','22/06/2016','1','6','0','0','3349800150724'),(15,'1916','2559',5.00,'23','06','2016','09:12:27','2016-06-23','23/06/2016','1','6','0','0','3349800150724'),(16,'1929','2559',5.00,'23','06','2016','09:12:27','2016-06-23','23/06/2016','1','6','0','0','3349800150724'),(17,'1928','2559',5.00,'23','06','2016','09:12:27','2016-06-23','23/06/2016','1','6','0','0','3349800150724'),(18,'1927','2559',0.00,'23','06','2016','09:12:27','2016-06-23','23/06/2016','1','6','0','0','3349800150724'),(19,'1926','2559',0.00,'23','06','2016','09:12:27','2016-06-23','23/06/2016','1','6','0','0','3349800150724'),(20,'1925','2559',0.00,'23','06','2016','09:12:27','2016-06-23','23/06/2016','1','6','0','0','3349800150724'),(21,'1923','2559',0.00,'23','06','2016','09:12:27','2016-06-23','23/06/2016','1','6','0','0','3349800150724'),(22,'1922','2559',0.00,'23','06','2016','09:12:27','2016-06-23','23/06/2016','1','6','0','0','3349800150724'),(23,'1921','2559',0.00,'23','06','2016','09:12:27','2016-06-23','23/06/2016','1','6','0','0','3349800150724'),(24,'1920','2559',0.00,'23','06','2016','09:12:27','2016-06-23','23/06/2016','1','6','0','0','3349800150724'),(25,'1919','2559',0.00,'23','06','2016','09:12:27','2016-06-23','23/06/2016','1','6','0','0','3349800150724'),(26,'1918','2559',10.00,'23','06','2016','09:12:27','2016-06-23','23/06/2016','1','6','0','0','3349800150724'),(27,'1917','2559',5.00,'23','06','2016','09:12:27','2016-06-23','23/06/2016','1','6','0','0','3349800150724'),(28,'1952','2559',0.00,'23','06','2016','09:12:27','2016-06-23','23/06/2016','1','6','0','0','3349800150724'),(29,'1916','2559',50.00,'24','06','2016','09:16:52','2016-06-24','24/06/2016','1','6','0','0','3349800150724'),(30,'1929','2559',5.00,'24','06','2016','09:16:52','2016-06-24','24/06/2016','1','6','0','0','3349800150724'),(31,'1928','2559',10.00,'24','06','2016','09:16:52','2016-06-24','24/06/2016','1','6','0','0','3349800150724'),(32,'1927','2559',10.00,'24','06','2016','09:16:52','2016-06-24','24/06/2016','1','6','0','0','3349800150724'),(33,'1926','2559',0.00,'24','06','2016','09:16:52','2016-06-24','24/06/2016','1','6','0','0','3349800150724'),(34,'1925','2559',10.00,'24','06','2016','09:16:52','2016-06-24','24/06/2016','1','6','0','0','3349800150724'),(35,'1923','2559',10.00,'24','06','2016','09:16:52','2016-06-24','24/06/2016','1','6','0','0','3349800150724'),(36,'1922','2559',0.00,'24','06','2016','09:16:52','2016-06-24','24/06/2016','1','6','0','0','3349800150724'),(37,'1921','2559',0.00,'24','06','2016','09:16:52','2016-06-24','24/06/2016','1','6','0','0','3349800150724'),(38,'1920','2559',15.00,'24','06','2016','09:16:52','2016-06-24','24/06/2016','1','6','0','0','3349800150724'),(39,'1919','2559',10.00,'24','06','2016','09:16:52','2016-06-24','24/06/2016','1','6','0','0','3349800150724'),(40,'1918','2559',12.00,'24','06','2016','09:16:52','2016-06-24','24/06/2016','1','6','0','0','3349800150724'),(41,'1917','2559',5.00,'24','06','2016','09:16:52','2016-06-24','24/06/2016','1','6','0','0','3349800150724'),(42,'1952','2559',0.00,'24','06','2016','09:16:52','2016-06-24','24/06/2016','1','6','0','0','3349800150724'),(43,'1936','2562',10.00,'23','07','2019','11:15:23','2019-07-23','23/07/2019','1','8','0','4','1341500135505'),(44,'1941','2562',20.00,'23','07','2019','11:15:23','2019-07-23','23/07/2019','1','8','0','8','1341500135505'),(45,'1943','2562',5.00,'23','07','2019','11:15:23','2019-07-23','23/07/2019','1','8','0','10','1341500135505'),(46,'1946','2562',7.00,'23','07','2019','11:15:23','2019-07-23','23/07/2019','1','8','0','12','1341500135505'),(47,'1949','2562',10.00,'23','07','2019','11:15:23','2019-07-23','23/07/2019','1','8','0','14','1341500135505'),(48,'1995','2562',20.00,'23','07','2019','11:15:23','2019-07-23','23/07/2019','1','8','0','17','1341500135505'),(49,'1938','2562',5.00,'23','07','2019','11:15:50','2019-07-23','23/07/2019','1','8','0','6','1341500135505'),(50,'1937','2562',80.00,'23','07','2019','12:37:22','2019-07-23','23/07/2019','1','8','0','5','1341500135505'),(51,'1935','2562',20.00,'23','07','2019','12:39:14','2019-07-23','23/07/2019','1','8','0','3','1341500135505'),(52,'1932','2562',5.00,'24','07','2019','09:13:53','2019-07-24','24/07/2019','1','8','0','1','1341500135505'),(53,'1935','2562',20.00,'24','07','2019','09:13:53','2019-07-24','24/07/2019','1','8','0','3','1341500135505'),(54,'1936','2562',10.00,'24','07','2019','09:13:53','2019-07-24','24/07/2019','1','8','0','4','1341500135505'),(55,'1937','2562',15.00,'24','07','2019','09:13:53','2019-07-24','24/07/2019','1','8','0','5','1341500135505'),(56,'1938','2562',15.00,'24','07','2019','09:13:53','2019-07-24','24/07/2019','1','8','0','6','1341500135505'),(57,'1940','2562',11.00,'24','07','2019','09:13:53','2019-07-24','24/07/2019','1','8','0','7','1341500135505'),(58,'1941','2562',5.00,'24','07','2019','09:13:53','2019-07-24','24/07/2019','1','8','0','8','1341500135505'),(59,'1943','2562',10.00,'24','07','2019','09:13:53','2019-07-24','24/07/2019','1','8','0','10','1341500135505'),(60,'1944','2562',20.00,'24','07','2019','09:13:53','2019-07-24','24/07/2019','1','8','0','11','1341500135505'),(61,'1946','2562',5.00,'24','07','2019','09:13:53','2019-07-24','24/07/2019','1','8','0','12','1341500135505'),(62,'1947','2562',5.00,'24','07','2019','09:13:53','2019-07-24','24/07/2019','1','8','0','13','1341500135505'),(63,'1995','2562',50.00,'24','07','2019','09:13:53','2019-07-24','24/07/2019','1','8','0','17','1341500135505'),(64,'1932','2562',3.00,'25','07','2019','08:49:46','2019-07-25','25/07/2019','1','8','0','1','1341500135505'),(65,'1934','2562',30.00,'25','07','2019','08:49:46','2019-07-25','25/07/2019','1','8','0','2','1341500135505'),(66,'1935','2562',10.00,'25','07','2019','08:49:46','2019-07-25','25/07/2019','1','8','0','3','1341500135505'),(67,'1936','2562',40.00,'25','07','2019','08:49:46','2019-07-25','25/07/2019','1','8','0','4','1341500135505'),(68,'1937','2562',15.00,'25','07','2019','08:49:46','2019-07-25','25/07/2019','1','8','0','5','1341500135505'),(69,'1938','2562',5.00,'25','07','2019','08:49:46','2019-07-25','25/07/2019','1','8','0','6','1341500135505'),(70,'1940','2562',5.00,'25','07','2019','08:49:46','2019-07-25','25/07/2019','1','8','0','7','1341500135505'),(71,'1941','2562',10.00,'25','07','2019','08:49:46','2019-07-25','25/07/2019','1','8','0','8','1341500135505'),(72,'1943','2562',20.00,'25','07','2019','08:49:46','2019-07-25','25/07/2019','1','8','0','10','1341500135505'),(73,'1944','2562',15.00,'25','07','2019','08:49:46','2019-07-25','25/07/2019','1','8','0','11','1341500135505'),(74,'1946','2562',15.00,'25','07','2019','08:49:46','2019-07-25','25/07/2019','1','8','0','12','1341500135505'),(75,'1947','2562',8.00,'25','07','2019','08:49:46','2019-07-25','25/07/2019','1','8','0','13','1341500135505'),(76,'1949','2562',10.00,'25','07','2019','08:49:46','2019-07-25','25/07/2019','1','8','0','14','1341500135505'),(77,'1995','2562',70.00,'25','07','2019','08:49:46','2019-07-25','25/07/2019','1','8','0','17','1341500135505'),(78,'1976','2562',367.00,'25','07','2019','02:28:03','2019-07-25','25/07/2019','1','6','0','1','3349900662395'),(79,'1985','2562',35.00,'25','07','2019','02:28:03','2019-07-25','25/07/2019','1','6','0','2','3349900662395'),(80,'1977','2562',27.00,'25','07','2019','02:28:03','2019-07-25','25/07/2019','1','6','0','3','3349900662395'),(81,'1981','2562',30.00,'25','07','2019','02:28:03','2019-07-25','25/07/2019','1','6','0','4','3349900662395'),(82,'1979','2562',130.00,'25','07','2019','02:28:03','2019-07-25','25/07/2019','1','6','0','5','3349900662395'),(83,'1982','2562',35.00,'25','07','2019','02:28:03','2019-07-25','25/07/2019','1','6','0','6','3349900662395'),(84,'1980','2562',25.00,'25','07','2019','02:28:03','2019-07-25','25/07/2019','1','6','0','7','3349900662395'),(85,'1932','2562',15.00,'26','07','2019','09:11:41','2019-07-26','26/07/2019','1','8','0','1','1341500135505'),(86,'1936','2562',15.00,'26','07','2019','09:11:41','2019-07-26','26/07/2019','1','8','0','4','1341500135505'),(87,'1937','2562',30.00,'26','07','2019','09:11:41','2019-07-26','26/07/2019','1','8','0','5','1341500135505'),(88,'1938','2562',10.00,'26','07','2019','09:11:41','2019-07-26','26/07/2019','1','8','0','6','1341500135505'),(89,'1940','2562',5.00,'26','07','2019','09:11:41','2019-07-26','26/07/2019','1','8','0','7','1341500135505'),(90,'1941','2562',20.00,'26','07','2019','09:11:41','2019-07-26','26/07/2019','1','8','0','8','1341500135505'),(91,'1943','2562',5.00,'26','07','2019','09:11:41','2019-07-26','26/07/2019','1','8','0','10','1341500135505'),(92,'1944','2562',100.00,'26','07','2019','09:11:41','2019-07-26','26/07/2019','1','8','0','11','1341500135505'),(93,'1946','2562',30.00,'26','07','2019','09:11:41','2019-07-26','26/07/2019','1','8','0','12','1341500135505'),(94,'1995','2562',20.00,'26','07','2019','09:11:41','2019-07-26','26/07/2019','1','8','0','17','1341500135505'),(95,'1934','2562',5.00,'30','07','2019','09:24:14','2019-07-30','30/07/2019','1','8','0','2','1341500135505'),(96,'1936','2562',30.00,'30','07','2019','09:24:14','2019-07-30','30/07/2019','1','8','0','4','1341500135505'),(97,'1937','2562',30.00,'30','07','2019','09:24:14','2019-07-30','30/07/2019','1','8','0','5','1341500135505'),(98,'1938','2562',40.00,'30','07','2019','09:24:14','2019-07-30','30/07/2019','1','8','0','6','1341500135505'),(99,'1940','2562',5.00,'30','07','2019','09:24:14','2019-07-30','30/07/2019','1','8','0','7','1341500135505'),(100,'1941','2562',5.00,'30','07','2019','09:24:14','2019-07-30','30/07/2019','1','8','0','8','1341500135505'),(101,'1943','2562',6.00,'30','07','2019','09:24:14','2019-07-30','30/07/2019','1','8','0','10','1341500135505'),(102,'1949','2562',10.00,'30','07','2019','09:24:14','2019-07-30','30/07/2019','1','8','0','14','1341500135505'),(103,'1995','2562',20.00,'30','07','2019','09:24:14','2019-07-30','30/07/2019','1','8','0','17','1341500135505'),(104,'1976','2562',85.00,'30','07','2019','10:25:13','2019-07-30','30/07/2019','1','6','0','1','3349900662395'),(105,'1985','2562',45.00,'30','07','2019','10:25:13','2019-07-30','30/07/2019','1','6','0','2','3349900662395'),(106,'1977','2562',0.00,'30','07','2019','10:25:13','2019-07-30','30/07/2019','1','6','0','3','3349900662395'),(107,'1981','2562',5.00,'30','07','2019','10:25:13','2019-07-30','30/07/2019','1','6','0','4','3349900662395'),(108,'1979','2562',35.00,'30','07','2019','10:25:13','2019-07-30','30/07/2019','1','6','0','5','3349900662395'),(109,'1982','2562',20.00,'30','07','2019','10:25:13','2019-07-30','30/07/2019','1','6','0','6','3349900662395'),(110,'1980','2562',5.00,'30','07','2019','10:25:13','2019-07-30','30/07/2019','1','6','0','7','3349900662395'),(111,'1976','2562',10.00,'31','07','2019','10:31:43','2019-07-31','31/07/2019','1','6','0','1','3349900662395'),(112,'1985','2562',20.00,'31','07','2019','10:31:43','2019-07-31','31/07/2019','1','6','0','2','3349900662395'),(113,'1977','2562',5.00,'31','07','2019','10:31:43','2019-07-31','31/07/2019','1','6','0','3','3349900662395'),(114,'1981','2562',10.00,'31','07','2019','10:31:43','2019-07-31','31/07/2019','1','6','0','4','3349900662395'),(115,'1979','2562',0.00,'31','07','2019','10:31:43','2019-07-31','31/07/2019','1','6','0','5','3349900662395'),(116,'1982','2562',20.00,'31','07','2019','10:31:43','2019-07-31','31/07/2019','1','6','0','6','3349900662395'),(117,'1980','2562',5.00,'31','07','2019','10:31:43','2019-07-31','31/07/2019','1','6','0','7','3349900662395'),(118,'1932','2562',5.00,'31','07','2019','12:57:02','2019-07-31','31/07/2019','1','8','0','1','1341500135505'),(119,'1934','2562',45.00,'31','07','2019','12:57:02','2019-07-31','31/07/2019','1','8','0','2','1341500135505'),(120,'1936','2562',15.00,'31','07','2019','12:57:02','2019-07-31','31/07/2019','1','8','0','4','1341500135505'),(121,'1937','2562',13.00,'31','07','2019','12:57:02','2019-07-31','31/07/2019','1','8','0','5','1341500135505'),(122,'1938','2562',15.00,'31','07','2019','12:57:02','2019-07-31','31/07/2019','1','8','0','6','1341500135505'),(123,'1940','2562',5.00,'31','07','2019','12:57:02','2019-07-31','31/07/2019','1','8','0','7','1341500135505'),(124,'1941','2562',10.00,'31','07','2019','12:57:02','2019-07-31','31/07/2019','1','8','0','8','1341500135505'),(125,'1942','2562',20.00,'31','07','2019','12:57:02','2019-07-31','31/07/2019','1','8','0','9','1341500135505'),(126,'1944','2562',20.00,'31','07','2019','12:57:02','2019-07-31','31/07/2019','1','8','0','11','1341500135505'),(127,'1946','2562',160.00,'31','07','2019','12:57:02','2019-07-31','31/07/2019','1','8','0','12','1341500135505'),(128,'1947','2562',50.00,'31','07','2019','12:57:02','2019-07-31','31/07/2019','1','8','0','13','1341500135505'),(129,'1949','2562',10.00,'31','07','2019','12:57:02','2019-07-31','31/07/2019','1','8','0','14','1341500135505'),(130,'1950','2562',100.00,'31','07','2019','12:57:02','2019-07-31','31/07/2019','1','8','0','15','1341500135505'),(131,'1995','2562',20.00,'31','07','2019','12:57:02','2019-07-31','31/07/2019','1','8','0','17','1341500135505'),(132,'1932','2562',20.00,'01','08','2019','10:12:20','2019-08-01','01/08/2019','1','8','0','1','1341500135505'),(133,'1934','2562',15.00,'01','08','2019','10:12:20','2019-08-01','01/08/2019','1','8','0','2','1341500135505'),(134,'1936','2562',5.00,'01','08','2019','10:12:20','2019-08-01','01/08/2019','1','8','0','4','1341500135505'),(135,'1937','2562',30.00,'01','08','2019','10:12:20','2019-08-01','01/08/2019','1','8','0','5','1341500135505'),(136,'1938','2562',30.00,'01','08','2019','10:12:20','2019-08-01','01/08/2019','1','8','0','6','1341500135505'),(137,'1940','2562',10.00,'01','08','2019','10:12:20','2019-08-01','01/08/2019','1','8','0','7','1341500135505'),(138,'1941','2562',10.00,'01','08','2019','10:12:20','2019-08-01','01/08/2019','1','8','0','8','1341500135505'),(139,'1942','2562',5.00,'01','08','2019','10:12:20','2019-08-01','01/08/2019','1','8','0','9','1341500135505'),(140,'1943','2562',20.00,'01','08','2019','10:12:20','2019-08-01','01/08/2019','1','8','0','10','1341500135505'),(141,'1946','2562',5.00,'01','08','2019','10:12:20','2019-08-01','01/08/2019','1','8','0','12','1341500135505'),(142,'1947','2562',5.00,'01','08','2019','10:12:20','2019-08-01','01/08/2019','1','8','0','13','1341500135505'),(143,'1949','2562',5.00,'01','08','2019','10:12:20','2019-08-01','01/08/2019','1','8','0','14','1341500135505'),(144,'1972','2562',5.00,'01','08','2019','10:12:20','2019-08-01','01/08/2019','1','8','0','16','1341500135505'),(145,'1995','2562',25.00,'01','08','2019','10:12:20','2019-08-01','01/08/2019','1','8','0','17','1341500135505'),(146,'1986','2562',35.00,'01','08','2019','11:25:13','2019-08-01','01/08/2019','1','5','0','1','3470800656459'),(147,'1987','2562',5.00,'01','08','2019','11:25:13','2019-08-01','01/08/2019','1','5','0','2','3470800656459'),(148,'1988','2562',19.00,'01','08','2019','11:25:13','2019-08-01','01/08/2019','1','5','0','3','3470800656459'),(149,'1989','2562',11.00,'01','08','2019','11:25:13','2019-08-01','01/08/2019','1','5','0','4','3470800656459'),(150,'1990','2562',19.00,'01','08','2019','11:25:13','2019-08-01','01/08/2019','1','5','0','5','3470800656459'),(151,'1991','2562',15.00,'01','08','2019','11:25:13','2019-08-01','01/08/2019','1','5','0','6','3470800656459'),(152,'1992','2562',41.00,'01','08','2019','11:25:13','2019-08-01','01/08/2019','1','5','0','7','3470800656459'),(153,'1993','2562',28.00,'01','08','2019','11:25:13','2019-08-01','01/08/2019','1','5','0','8','3470800656459'),(154,'1996','2562',30.00,'01','08','2019','11:25:13','2019-08-01','01/08/2019','1','5','0','9','3470800656459'),(155,'1986','2562',7.00,'02','08','2019','08:58:12','2019-08-02','02/08/2019','1','5','0','1','3470800656459'),(156,'1987','2562',15.00,'02','08','2019','08:58:12','2019-08-02','02/08/2019','1','5','0','2','3470800656459'),(157,'1988','2562',10.00,'02','08','2019','08:58:12','2019-08-02','02/08/2019','1','5','0','3','3470800656459'),(158,'1989','2562',11.00,'02','08','2019','08:58:12','2019-08-02','02/08/2019','1','5','0','4','3470800656459'),(159,'1990','2562',12.00,'02','08','2019','08:58:12','2019-08-02','02/08/2019','1','5','0','5','3470800656459'),(160,'1991','2562',5.00,'02','08','2019','08:58:12','2019-08-02','02/08/2019','1','5','0','6','3470800656459'),(161,'1992','2562',18.00,'02','08','2019','08:58:12','2019-08-02','02/08/2019','1','5','0','7','3470800656459'),(162,'1993','2562',12.00,'02','08','2019','08:58:12','2019-08-02','02/08/2019','1','5','0','8','3470800656459'),(163,'1996','2562',15.00,'02','08','2019','08:58:12','2019-08-02','02/08/2019','1','5','0','9','3470800656459'),(164,'1988','2562',5.00,'02','08','2019','09:30:15','2019-08-02','02/08/2019','1','5','0','3','3470800656459'),(165,'1990','2562',5.00,'02','08','2019','09:30:15','2019-08-02','02/08/2019','1','5','0','5','3470800656459'),(166,'1996','2562',4.00,'02','08','2019','09:30:15','2019-08-02','02/08/2019','1','5','0','9','3470800656459'),(167,'1932','2562',20.00,'02','08','2019','09:48:54','2019-08-02','02/08/2019','1','8','0','1','1341500135505'),(168,'1934','2562',5.00,'02','08','2019','09:48:54','2019-08-02','02/08/2019','1','8','0','2','1341500135505'),(169,'1936','2562',10.00,'02','08','2019','09:48:54','2019-08-02','02/08/2019','1','8','0','4','1341500135505'),(170,'1937','2562',5.00,'02','08','2019','09:48:54','2019-08-02','02/08/2019','1','8','0','5','1341500135505'),(171,'1940','2562',25.00,'02','08','2019','09:48:54','2019-08-02','02/08/2019','1','8','0','7','1341500135505'),(172,'1941','2562',5.00,'02','08','2019','09:48:54','2019-08-02','02/08/2019','1','8','0','8','1341500135505'),(173,'1942','2562',5.00,'02','08','2019','09:48:54','2019-08-02','02/08/2019','1','8','0','9','1341500135505'),(174,'1943','2562',10.00,'02','08','2019','09:48:54','2019-08-02','02/08/2019','1','8','0','10','1341500135505'),(175,'1949','2562',5.00,'02','08','2019','09:48:54','2019-08-02','02/08/2019','1','8','0','14','1341500135505'),(176,'1995','2562',100.00,'02','08','2019','09:48:54','2019-08-02','02/08/2019','1','8','0','17','1341500135505'),(177,'1935','2562',100.00,'02','08','2019','09:50:43','2019-08-02','02/08/2019','1','8','0','3','1341500135505'),(178,'1937','2562',5.00,'02','08','2019','09:50:43','2019-08-02','02/08/2019','1','8','0','5','1341500135505'),(179,'1938','2562',10.00,'02','08','2019','09:51:40','2019-08-02','02/08/2019','1','8','0','6','1341500135505'),(180,'1935','2562',5.00,'05','08','2019','09:00:21','2019-08-05','05/08/2019','1','8','0','3','1341500135505'),(181,'1936','2562',10.00,'05','08','2019','09:00:21','2019-08-05','05/08/2019','1','8','0','4','1341500135505'),(182,'1937','2562',5.00,'05','08','2019','09:00:21','2019-08-05','05/08/2019','1','8','0','5','1341500135505'),(183,'1938','2562',15.00,'05','08','2019','09:00:21','2019-08-05','05/08/2019','1','8','0','6','1341500135505'),(184,'1940','2562',15.00,'05','08','2019','09:00:21','2019-08-05','05/08/2019','1','8','0','7','1341500135505'),(185,'1941','2562',10.00,'05','08','2019','09:00:21','2019-08-05','05/08/2019','1','8','0','8','1341500135505'),(186,'1943','2562',10.00,'05','08','2019','09:00:21','2019-08-05','05/08/2019','1','8','0','10','1341500135505'),(187,'1944','2562',20.00,'05','08','2019','09:00:21','2019-08-05','05/08/2019','1','8','0','11','1341500135505'),(188,'1947','2562',8.00,'05','08','2019','09:00:21','2019-08-05','05/08/2019','1','8','0','13','1341500135505'),(189,'1949','2562',40.00,'05','08','2019','09:00:21','2019-08-05','05/08/2019','1','8','0','14','1341500135505'),(190,'1972','2562',5.00,'05','08','2019','09:00:21','2019-08-05','05/08/2019','1','8','0','16','1341500135505'),(191,'1995','2562',20.00,'05','08','2019','09:00:21','2019-08-05','05/08/2019','1','8','0','17','1341500135505'),(192,'1950','2562',100.00,'05','08','2019','09:02:04','2019-08-05','05/08/2019','2','8','0','15','1341500135505'),(193,'1986','2562',0.00,'05','08','2019','02:23:56','2019-08-05','05/08/2019','1','5','0','1','3470800656459'),(194,'1987','2562',5.00,'05','08','2019','02:23:56','2019-08-05','05/08/2019','1','5','0','2','3470800656459'),(195,'1988','2562',23.00,'05','08','2019','02:23:56','2019-08-05','05/08/2019','1','5','0','3','3470800656459'),(196,'1989','2562',0.00,'05','08','2019','02:23:56','2019-08-05','05/08/2019','1','5','0','4','3470800656459'),(197,'1990','2562',5.00,'05','08','2019','02:23:56','2019-08-05','05/08/2019','1','5','0','5','3470800656459'),(198,'1991','2562',5.00,'05','08','2019','02:23:56','2019-08-05','05/08/2019','1','5','0','6','3470800656459'),(199,'1992','2562',20.00,'05','08','2019','02:23:56','2019-08-05','05/08/2019','1','5','0','7','3470800656459'),(200,'1993','2562',10.00,'05','08','2019','02:23:56','2019-08-05','05/08/2019','1','5','0','8','3470800656459'),(201,'1996','2562',110.00,'05','08','2019','02:23:56','2019-08-05','05/08/2019','1','5','0','9','3470800656459'),(202,'1934','2562',5.00,'06','08','2019','01:13:23','2019-08-06','06/08/2019','1','8','0','2','1341500135505'),(203,'1936','2562',10.00,'06','08','2019','01:13:23','2019-08-06','06/08/2019','1','8','0','4','1341500135505'),(204,'1937','2562',10.00,'06','08','2019','01:13:23','2019-08-06','06/08/2019','1','8','0','5','1341500135505'),(205,'1943','2562',10.00,'06','08','2019','01:13:23','2019-08-06','06/08/2019','1','8','0','10','1341500135505'),(206,'1944','2562',20.00,'06','08','2019','01:13:23','2019-08-06','06/08/2019','1','8','0','11','1341500135505'),(207,'1995','2562',20.00,'06','08','2019','01:13:23','2019-08-06','06/08/2019','1','8','0','17','1341500135505'),(208,'1986','2562',120.00,'06','08','2019','02:08:31','2019-08-06','06/08/2019','1','5','0','1','3470800656459'),(209,'1987','2562',5.00,'06','08','2019','02:08:31','2019-08-06','06/08/2019','1','5','0','2','3470800656459'),(210,'1988','2562',10.00,'06','08','2019','02:08:31','2019-08-06','06/08/2019','1','5','0','3','3470800656459'),(211,'1989','2562',0.00,'06','08','2019','02:08:31','2019-08-06','06/08/2019','1','5','0','4','3470800656459'),(212,'1990','2562',10.00,'06','08','2019','02:08:31','2019-08-06','06/08/2019','1','5','0','5','3470800656459'),(213,'1991','2562',5.00,'06','08','2019','02:08:31','2019-08-06','06/08/2019','1','5','0','6','3470800656459'),(214,'1992','2562',10.00,'06','08','2019','02:08:31','2019-08-06','06/08/2019','1','5','0','7','3470800656459'),(215,'1993','2562',15.00,'06','08','2019','02:08:31','2019-08-06','06/08/2019','1','5','0','8','3470800656459'),(216,'1996','2562',20.00,'06','08','2019','02:08:31','2019-08-06','06/08/2019','1','5','0','9','3470800656459'),(217,'1932','2562',30.00,'07','08','2019','08:52:16','2019-08-07','07/08/2019','1','8','0','1','1341500135505'),(218,'1934','2562',5.00,'07','08','2019','08:52:16','2019-08-07','07/08/2019','1','8','0','2','1341500135505'),(219,'1935','2562',10.00,'07','08','2019','08:52:16','2019-08-07','07/08/2019','1','8','0','3','1341500135505'),(220,'1936','2562',5.00,'07','08','2019','08:52:16','2019-08-07','07/08/2019','1','8','0','4','1341500135505'),(221,'1937','2562',20.00,'07','08','2019','08:52:16','2019-08-07','07/08/2019','1','8','0','5','1341500135505'),(222,'1938','2562',20.00,'07','08','2019','08:52:16','2019-08-07','07/08/2019','1','8','0','6','1341500135505'),(223,'1940','2562',20.00,'07','08','2019','08:52:16','2019-08-07','07/08/2019','1','8','0','7','1341500135505'),(224,'1941','2562',10.00,'07','08','2019','08:52:16','2019-08-07','07/08/2019','1','8','0','8','1341500135505'),(225,'1943','2562',5.00,'07','08','2019','08:52:16','2019-08-07','07/08/2019','1','8','0','10','1341500135505'),(226,'1944','2562',25.00,'07','08','2019','08:52:16','2019-08-07','07/08/2019','1','8','0','11','1341500135505'),(227,'1947','2562',5.00,'07','08','2019','08:52:16','2019-08-07','07/08/2019','1','8','0','13','1341500135505'),(228,'1949','2562',5.00,'07','08','2019','08:52:16','2019-08-07','07/08/2019','1','8','0','14','1341500135505'),(229,'1995','2562',20.00,'07','08','2019','08:52:16','2019-08-07','07/08/2019','1','8','0','17','1341500135505'),(230,'1976','2562',40.00,'01','08','2019','10:50:32','2019-08-01','01/08/2019','1','6','0','1','3349900662395'),(231,'1985','2562',15.00,'01','08','2019','10:50:32','2019-08-01','01/08/2019','1','6','0','2','3349900662395'),(232,'1977','2562',11.00,'01','08','2019','10:50:32','2019-08-01','01/08/2019','1','6','0','3','3349900662395'),(233,'1981','2562',0.00,'01','08','2019','10:50:32','2019-08-01','01/08/2019','1','6','0','4','3349900662395'),(234,'1979','2562',35.00,'01','08','2019','10:50:32','2019-08-01','01/08/2019','1','6','0','5','3349900662395'),(235,'1982','2562',5.00,'01','08','2019','10:50:32','2019-08-01','01/08/2019','1','6','0','6','3349900662395'),(236,'1980','2562',5.00,'01','08','2019','10:50:32','2019-08-01','01/08/2019','1','6','0','7','3349900662395'),(237,'1976','2562',50.00,'07','08','2019','10:51:57','2019-08-07','07/08/2019','1','6','0','1','3349900662395'),(238,'1985','2562',45.00,'07','08','2019','10:51:57','2019-08-07','07/08/2019','1','6','0','2','3349900662395'),(239,'1977','2562',20.00,'07','08','2019','10:51:57','2019-08-07','07/08/2019','1','6','0','3','3349900662395'),(240,'1981','2562',5.00,'07','08','2019','10:51:57','2019-08-07','07/08/2019','1','6','0','4','3349900662395'),(241,'1979','2562',70.00,'07','08','2019','10:51:57','2019-08-07','07/08/2019','1','6','0','5','3349900662395'),(242,'1982','2562',10.00,'07','08','2019','10:51:57','2019-08-07','07/08/2019','1','6','0','6','3349900662395'),(243,'1980','2562',5.00,'07','08','2019','10:51:57','2019-08-07','07/08/2019','1','6','0','7','3349900662395'),(244,'1986','2562',25.00,'07','08','2019','03:24:29','2019-08-07','07/08/2019','1','5','0','1','3470800656459'),(245,'1987','2562',5.00,'07','08','2019','03:24:29','2019-08-07','07/08/2019','1','5','0','2','3470800656459'),(246,'1988','2562',15.00,'07','08','2019','03:24:29','2019-08-07','07/08/2019','1','5','0','3','3470800656459'),(247,'1989','2562',0.00,'07','08','2019','03:24:29','2019-08-07','07/08/2019','1','5','0','4','3470800656459'),(248,'1990','2562',0.00,'07','08','2019','03:24:29','2019-08-07','07/08/2019','1','5','0','5','3470800656459'),(249,'1991','2562',5.00,'07','08','2019','03:24:29','2019-08-07','07/08/2019','1','5','0','6','3470800656459'),(250,'1992','2562',25.00,'07','08','2019','03:24:29','2019-08-07','07/08/2019','1','5','0','7','3470800656459'),(251,'1993','2562',20.00,'07','08','2019','03:24:29','2019-08-07','07/08/2019','1','5','0','8','3470800656459'),(252,'1996','2562',21.00,'07','08','2019','03:24:29','2019-08-07','07/08/2019','1','5','0','9','3470800656459'),(253,'1986','2562',25.00,'08','08','2019','08:40:35','2019-08-08','08/08/2019','1','5','0','1','3470800656459'),(254,'1987','2562',0.00,'08','08','2019','08:40:35','2019-08-08','08/08/2019','1','5','0','2','3470800656459'),(255,'1988','2562',10.00,'08','08','2019','08:40:35','2019-08-08','08/08/2019','1','5','0','3','3470800656459'),(256,'1989','2562',4.00,'08','08','2019','08:40:35','2019-08-08','08/08/2019','1','5','0','4','3470800656459'),(257,'1990','2562',200.00,'08','08','2019','08:40:35','2019-08-08','08/08/2019','1','5','0','5','3470800656459'),(258,'1991','2562',5.00,'08','08','2019','08:40:35','2019-08-08','08/08/2019','1','5','0','6','3470800656459'),(259,'1992','2562',25.00,'08','08','2019','08:40:35','2019-08-08','08/08/2019','1','5','0','7','3470800656459'),(260,'1993','2562',15.00,'08','08','2019','08:40:35','2019-08-08','08/08/2019','1','5','0','8','3470800656459'),(261,'1996','2562',20.00,'08','08','2019','08:40:35','2019-08-08','08/08/2019','1','5','0','9','3470800656459'),(262,'1976','2562',0.00,'08','08','2019','08:59:54','2019-08-08','08/08/2019','1','6','0','1','3349900662395'),(263,'1985','2562',25.00,'08','08','2019','08:59:54','2019-08-08','08/08/2019','1','6','0','2','3349900662395'),(264,'1977','2562',50.00,'08','08','2019','08:59:54','2019-08-08','08/08/2019','1','6','0','3','3349900662395'),(265,'1981','2562',0.00,'08','08','2019','08:59:54','2019-08-08','08/08/2019','1','6','0','4','3349900662395'),(266,'1979','2562',20.00,'08','08','2019','08:59:54','2019-08-08','08/08/2019','1','6','0','5','3349900662395'),(267,'1982','2562',20.00,'08','08','2019','08:59:54','2019-08-08','08/08/2019','1','6','0','6','3349900662395'),(268,'1980','2562',0.00,'08','08','2019','08:59:54','2019-08-08','08/08/2019','1','6','0','7','3349900662395'),(269,'1986','2562',97.00,'09','08','2019','09:07:28','2019-08-09','09/08/2019','1','5','0','1','3470800656459'),(270,'1987','2562',0.00,'09','08','2019','09:07:28','2019-08-09','09/08/2019','1','5','0','2','3470800656459'),(271,'1988','2562',15.00,'09','08','2019','09:07:28','2019-08-09','09/08/2019','1','5','0','3','3470800656459'),(272,'1989','2562',20.00,'09','08','2019','09:07:28','2019-08-09','09/08/2019','1','5','0','4','3470800656459'),(273,'1990','2562',100.00,'09','08','2019','09:07:28','2019-08-09','09/08/2019','1','5','0','5','3470800656459'),(274,'1991','2562',5.00,'09','08','2019','09:07:28','2019-08-09','09/08/2019','1','5','0','6','3470800656459'),(275,'1992','2562',15.00,'09','08','2019','09:07:28','2019-08-09','09/08/2019','1','5','0','7','3470800656459'),(276,'1993','2562',15.00,'09','08','2019','09:07:28','2019-08-09','09/08/2019','1','5','0','8','3470800656459'),(277,'1996','2562',80.00,'09','08','2019','09:07:28','2019-08-09','09/08/2019','1','5','0','9','3470800656459'),(278,'1986','2562',0.00,'09','08','2019','09:13:49','2019-08-09','09/08/2019','1','5','0','1','3470800656459'),(279,'1987','2562',0.00,'09','08','2019','09:13:49','2019-08-09','09/08/2019','1','5','0','2','3470800656459'),(280,'1988','2562',0.00,'09','08','2019','09:13:49','2019-08-09','09/08/2019','1','5','0','3','3470800656459'),(281,'1989','2562',0.00,'09','08','2019','09:13:49','2019-08-09','09/08/2019','1','5','0','4','3470800656459'),(282,'1990','2562',50.00,'09','08','2019','09:13:49','2019-08-09','09/08/2019','1','5','0','5','3470800656459'),(283,'1991','2562',0.00,'09','08','2019','09:13:49','2019-08-09','09/08/2019','1','5','0','6','3470800656459'),(284,'1992','2562',5.00,'09','08','2019','09:13:49','2019-08-09','09/08/2019','1','5','0','7','3470800656459'),(285,'1993','2562',0.00,'09','08','2019','09:13:49','2019-08-09','09/08/2019','1','5','0','8','3470800656459'),(286,'1996','2562',0.00,'09','08','2019','09:13:49','2019-08-09','09/08/2019','1','5','0','9','3470800656459'),(287,'1932','2562',40.00,'09','08','2019','09:18:15','2019-08-09','09/08/2019','1','8','0','1','1341500135505'),(288,'1934','2562',20.00,'09','08','2019','09:18:15','2019-08-09','09/08/2019','1','8','0','2','1341500135505'),(289,'1935','2562',110.00,'09','08','2019','09:18:15','2019-08-09','09/08/2019','1','8','0','3','1341500135505'),(290,'1936','2562',25.00,'09','08','2019','09:18:15','2019-08-09','09/08/2019','1','8','0','4','1341500135505'),(291,'1937','2562',20.00,'09','08','2019','09:18:15','2019-08-09','09/08/2019','1','8','0','5','1341500135505'),(292,'1938','2562',40.00,'09','08','2019','09:18:15','2019-08-09','09/08/2019','1','8','0','6','1341500135505'),(293,'1940','2562',20.00,'09','08','2019','09:18:15','2019-08-09','09/08/2019','1','8','0','7','1341500135505'),(294,'1941','2562',20.00,'09','08','2019','09:18:15','2019-08-09','09/08/2019','1','8','0','8','1341500135505'),(295,'1943','2562',10.00,'09','08','2019','09:18:15','2019-08-09','09/08/2019','1','8','0','10','1341500135505'),(296,'1946','2562',11.00,'09','08','2019','09:18:15','2019-08-09','09/08/2019','1','8','0','12','1341500135505'),(297,'1947','2562',5.00,'09','08','2019','09:18:15','2019-08-09','09/08/2019','1','8','0','13','1341500135505'),(298,'1949','2562',10.00,'09','08','2019','09:18:15','2019-08-09','09/08/2019','1','8','0','14','1341500135505'),(299,'1972','2562',10.00,'09','08','2019','09:18:15','2019-08-09','09/08/2019','1','8','0','16','1341500135505'),(300,'1995','2562',40.00,'09','08','2019','09:18:15','2019-08-09','09/08/2019','1','8','0','17','1341500135505'),(301,'1976','2562',0.00,'09','08','2019','11:30:31','2019-08-09','09/08/2019','1','6','0','1','3349900662395'),(302,'1985','2562',16.00,'09','08','2019','11:30:31','2019-08-09','09/08/2019','1','6','0','2','3349900662395'),(303,'1977','2562',50.00,'09','08','2019','11:30:31','2019-08-09','09/08/2019','1','6','0','3','3349900662395'),(304,'1981','2562',25.00,'09','08','2019','11:30:31','2019-08-09','09/08/2019','1','6','0','4','3349900662395'),(305,'1979','2562',20.00,'09','08','2019','11:30:31','2019-08-09','09/08/2019','1','6','0','5','3349900662395'),(306,'1982','2562',10.00,'09','08','2019','11:30:31','2019-08-09','09/08/2019','1','6','0','6','3349900662395'),(307,'1980','2562',5.00,'09','08','2019','11:30:31','2019-08-09','09/08/2019','1','6','0','7','3349900662395'),(308,'1976','2562',20.00,'13','08','2019','11:31:57','2019-08-13','13/08/2019','1','6','0','1','3349900662395'),(309,'1985','2562',11.00,'13','08','2019','11:31:57','2019-08-13','13/08/2019','1','6','0','2','3349900662395'),(310,'1977','2562',48.00,'13','08','2019','11:31:57','2019-08-13','13/08/2019','1','6','0','3','3349900662395'),(311,'1981','2562',30.00,'13','08','2019','11:31:57','2019-08-13','13/08/2019','1','6','0','4','3349900662395'),(312,'1979','2562',20.00,'13','08','2019','11:31:57','2019-08-13','13/08/2019','1','6','0','5','3349900662395'),(313,'1982','2562',10.00,'13','08','2019','11:31:57','2019-08-13','13/08/2019','1','6','0','6','3349900662395'),(314,'1980','2562',0.00,'13','08','2019','11:31:57','2019-08-13','13/08/2019','1','6','0','7','3349900662395'),(315,'1986','2562',100.00,'13','08','2019','02:42:14','2019-08-13','13/08/2019','1','5','0','1','3470800656459'),(316,'1987','2562',0.00,'13','08','2019','02:42:14','2019-08-13','13/08/2019','1','5','0','2','3470800656459'),(317,'1988','2562',20.00,'13','08','2019','02:42:14','2019-08-13','13/08/2019','1','5','0','3','3470800656459'),(318,'1989','2562',0.00,'13','08','2019','02:42:14','2019-08-13','13/08/2019','1','5','0','4','3470800656459'),(319,'1990','2562',0.00,'13','08','2019','02:42:14','2019-08-13','13/08/2019','1','5','0','5','3470800656459'),(320,'1991','2562',5.00,'13','08','2019','02:42:14','2019-08-13','13/08/2019','1','5','0','6','3470800656459'),(321,'1992','2562',11.00,'13','08','2019','02:42:14','2019-08-13','13/08/2019','1','5','0','7','3470800656459'),(322,'1993','2562',10.00,'13','08','2019','02:42:14','2019-08-13','13/08/2019','1','5','0','8','3470800656459'),(323,'1996','2562',110.00,'13','08','2019','02:42:14','2019-08-13','13/08/2019','1','5','0','9','3470800656459'),(324,'1932','2562',10.00,'14','08','2019','08:56:31','2019-08-14','14/08/2019','1','8','0','1','1341500135505'),(325,'1934','2562',40.00,'14','08','2019','08:56:31','2019-08-14','14/08/2019','1','8','0','2','1341500135505'),(326,'1935','2562',15.00,'14','08','2019','08:56:31','2019-08-14','14/08/2019','1','8','0','3','1341500135505'),(327,'1936','2562',10.00,'14','08','2019','08:56:31','2019-08-14','14/08/2019','1','8','0','4','1341500135505'),(328,'1937','2562',5.00,'14','08','2019','08:56:31','2019-08-14','14/08/2019','1','8','0','5','1341500135505'),(329,'1938','2562',15.00,'14','08','2019','08:56:31','2019-08-14','14/08/2019','1','8','0','6','1341500135505'),(330,'1940','2562',10.00,'14','08','2019','08:56:31','2019-08-14','14/08/2019','1','8','0','7','1341500135505'),(331,'1941','2562',10.00,'14','08','2019','08:56:31','2019-08-14','14/08/2019','1','8','0','8','1341500135505'),(332,'1943','2562',8.00,'14','08','2019','08:56:31','2019-08-14','14/08/2019','1','8','0','10','1341500135505'),(333,'1944','2562',5.00,'14','08','2019','08:56:31','2019-08-14','14/08/2019','1','8','0','11','1341500135505'),(334,'1946','2562',8.00,'14','08','2019','08:56:31','2019-08-14','14/08/2019','1','8','0','12','1341500135505'),(335,'1947','2562',6.00,'14','08','2019','08:56:31','2019-08-14','14/08/2019','1','8','0','13','1341500135505'),(336,'1949','2562',14.00,'14','08','2019','08:56:31','2019-08-14','14/08/2019','1','8','0','14','1341500135505'),(337,'1972','2562',5.00,'14','08','2019','08:56:31','2019-08-14','14/08/2019','1','8','0','16','1341500135505'),(338,'1995','2562',20.00,'14','08','2019','08:56:31','2019-08-14','14/08/2019','1','8','0','17','1341500135505'),(339,'1932','2562',20.00,'14','08','2019','08:59:06','2019-08-14','14/08/2019','1','8','0','1','1341500135505'),(340,'1935','2562',5.00,'14','08','2019','08:59:06','2019-08-14','14/08/2019','1','8','0','3','1341500135505'),(341,'1936','2562',15.00,'14','08','2019','08:59:06','2019-08-14','14/08/2019','1','8','0','4','1341500135505'),(342,'1937','2562',22.00,'14','08','2019','08:59:06','2019-08-14','14/08/2019','1','8','0','5','1341500135505'),(343,'1938','2562',20.00,'14','08','2019','08:59:06','2019-08-14','14/08/2019','1','8','0','6','1341500135505'),(344,'1940','2562',5.00,'14','08','2019','08:59:06','2019-08-14','14/08/2019','1','8','0','7','1341500135505'),(345,'1942','2562',10.00,'14','08','2019','08:59:06','2019-08-14','14/08/2019','1','8','0','9','1341500135505'),(346,'1943','2562',5.00,'14','08','2019','08:59:06','2019-08-14','14/08/2019','1','8','0','10','1341500135505'),(347,'1946','2562',5.00,'14','08','2019','08:59:06','2019-08-14','14/08/2019','1','8','0','12','1341500135505'),(348,'1947','2562',5.00,'14','08','2019','08:59:06','2019-08-14','14/08/2019','1','8','0','13','1341500135505'),(349,'1949','2562',5.00,'14','08','2019','08:59:06','2019-08-14','14/08/2019','1','8','0','14','1341500135505'),(350,'1995','2562',40.00,'14','08','2019','08:59:06','2019-08-14','14/08/2019','1','8','0','17','1341500135505'),(351,'1976','2562',0.00,'14','08','2019','09:25:16','2019-08-14','14/08/2019','1','6','0','1','3349900662395'),(352,'1985','2562',15.00,'14','08','2019','09:25:16','2019-08-14','14/08/2019','1','6','0','2','3349900662395'),(353,'1977','2562',22.00,'14','08','2019','09:25:16','2019-08-14','14/08/2019','1','6','0','3','3349900662395'),(354,'1981','2562',10.00,'14','08','2019','09:25:16','2019-08-14','14/08/2019','1','6','0','4','3349900662395'),(355,'1979','2562',20.00,'14','08','2019','09:25:16','2019-08-14','14/08/2019','1','6','0','5','3349900662395'),(356,'1982','2562',10.00,'14','08','2019','09:25:16','2019-08-14','14/08/2019','1','6','0','6','3349900662395'),(357,'1980','2562',0.00,'14','08','2019','09:25:16','2019-08-14','14/08/2019','1','6','0','7','3349900662395'),(358,'1986','2562',5.00,'14','08','2019','10:36:20','2019-08-14','14/08/2019','1','5','0','1','3470800656459'),(359,'1987','2562',0.00,'14','08','2019','10:36:20','2019-08-14','14/08/2019','1','5','0','2','3470800656459'),(360,'1988','2562',10.00,'14','08','2019','10:36:20','2019-08-14','14/08/2019','1','5','0','3','3470800656459'),(361,'1989','2562',15.00,'14','08','2019','10:36:20','2019-08-14','14/08/2019','1','5','0','4','3470800656459'),(362,'1990','2562',100.00,'14','08','2019','10:36:20','2019-08-14','14/08/2019','1','5','0','5','3470800656459'),(363,'1991','2562',5.00,'14','08','2019','10:36:20','2019-08-14','14/08/2019','1','5','0','6','3470800656459'),(364,'1992','2562',14.00,'14','08','2019','10:36:20','2019-08-14','14/08/2019','1','5','0','7','3470800656459'),(365,'1993','2562',5.00,'14','08','2019','10:36:20','2019-08-14','14/08/2019','1','5','0','8','3470800656459'),(366,'1996','2562',0.00,'14','08','2019','10:36:20','2019-08-14','14/08/2019','1','5','0','9','3470800656459'),(367,'1932','2562',50.00,'19','08','2019','08:48:48','2019-08-19','19/08/2019','1','8','0','1','1341500135505'),(368,'1934','2562',10.00,'19','08','2019','08:48:48','2019-08-19','19/08/2019','1','8','0','2','1341500135505'),(369,'1936','2562',10.00,'19','08','2019','08:48:48','2019-08-19','19/08/2019','1','8','0','4','1341500135505'),(370,'1937','2562',10.00,'19','08','2019','08:48:48','2019-08-19','19/08/2019','1','8','0','5','1341500135505'),(371,'1938','2562',10.00,'19','08','2019','08:48:48','2019-08-19','19/08/2019','1','8','0','6','1341500135505'),(372,'1940','2562',15.00,'19','08','2019','08:48:48','2019-08-19','19/08/2019','1','8','0','7','1341500135505'),(373,'1941','2562',10.00,'19','08','2019','08:48:48','2019-08-19','19/08/2019','1','8','0','8','1341500135505'),(374,'1943','2562',11.00,'19','08','2019','08:48:48','2019-08-19','19/08/2019','1','8','0','10','1341500135505'),(375,'1944','2562',25.00,'19','08','2019','08:48:48','2019-08-19','19/08/2019','1','8','0','11','1341500135505'),(376,'1947','2562',5.00,'19','08','2019','08:48:48','2019-08-19','19/08/2019','1','8','0','13','1341500135505'),(377,'1949','2562',12.00,'19','08','2019','08:48:48','2019-08-19','19/08/2019','1','8','0','14','1341500135505'),(378,'1972','2562',5.00,'19','08','2019','08:48:48','2019-08-19','19/08/2019','1','8','0','16','1341500135505'),(379,'1995','2562',20.00,'19','08','2019','08:48:48','2019-08-19','19/08/2019','1','8','0','17','1341500135505'),(380,'1976','2562',5.00,'19','08','2019','09:14:27','2019-08-19','19/08/2019','1','6','0','1','3349900662395'),(381,'1985','2562',15.00,'19','08','2019','09:14:27','2019-08-19','19/08/2019','1','6','0','2','3349900662395'),(382,'1977','2562',272.00,'19','08','2019','09:14:27','2019-08-19','19/08/2019','1','6','0','3','3349900662395'),(383,'1981','2562',5.00,'19','08','2019','09:14:27','2019-08-19','19/08/2019','1','6','0','4','3349900662395'),(384,'1979','2562',215.00,'19','08','2019','09:14:27','2019-08-19','19/08/2019','1','6','0','5','3349900662395'),(385,'1982','2562',5.00,'19','08','2019','09:14:27','2019-08-19','19/08/2019','1','6','0','6','3349900662395'),(386,'1980','2562',0.00,'19','08','2019','09:14:27','2019-08-19','19/08/2019','1','6','0','7','3349900662395'),(387,'1986','2562',40.00,'19','08','2019','01:43:45','2019-08-19','19/08/2019','1','5','0','1','3470800656459'),(388,'1987','2562',0.00,'19','08','2019','01:43:45','2019-08-19','19/08/2019','1','5','0','2','3470800656459'),(389,'1988','2562',0.00,'19','08','2019','01:43:45','2019-08-19','19/08/2019','1','5','0','3','3470800656459'),(390,'1989','2562',10.00,'19','08','2019','01:43:45','2019-08-19','19/08/2019','1','5','0','4','3470800656459'),(391,'1990','2562',100.00,'19','08','2019','01:43:45','2019-08-19','19/08/2019','1','5','0','5','3470800656459'),(392,'1991','2562',5.00,'19','08','2019','01:43:45','2019-08-19','19/08/2019','1','5','0','6','3470800656459'),(393,'1992','2562',15.00,'19','08','2019','01:43:45','2019-08-19','19/08/2019','1','5','0','7','3470800656459'),(394,'1993','2562',0.00,'19','08','2019','01:43:45','2019-08-19','19/08/2019','1','5','0','8','3470800656459'),(395,'1996','2562',105.00,'19','08','2019','01:43:45','2019-08-19','19/08/2019','1','5','0','9','3470800656459'),(396,'1986','2562',40.00,'19','08','2019','01:43:46','2019-08-19','19/08/2019','1','5','0','1','3470800656459'),(397,'1987','2562',0.00,'19','08','2019','01:43:46','2019-08-19','19/08/2019','1','5','0','2','3470800656459'),(398,'1988','2562',0.00,'19','08','2019','01:43:46','2019-08-19','19/08/2019','1','5','0','3','3470800656459'),(399,'1989','2562',10.00,'19','08','2019','01:43:46','2019-08-19','19/08/2019','1','5','0','4','3470800656459'),(400,'1990','2562',100.00,'19','08','2019','01:43:46','2019-08-19','19/08/2019','1','5','0','5','3470800656459'),(401,'1991','2562',5.00,'19','08','2019','01:43:46','2019-08-19','19/08/2019','1','5','0','6','3470800656459'),(402,'1992','2562',15.00,'19','08','2019','01:43:46','2019-08-19','19/08/2019','1','5','0','7','3470800656459'),(403,'1993','2562',0.00,'19','08','2019','01:43:46','2019-08-19','19/08/2019','1','5','0','8','3470800656459'),(404,'1996','2562',105.00,'19','08','2019','01:43:46','2019-08-19','19/08/2019','1','5','0','9','3470800656459'),(405,'1976','2562',9.00,'20','08','2019','08:52:36','2019-08-20','20/08/2019','1','6','0','1','3349900662395'),(406,'1985','2562',15.00,'20','08','2019','08:52:36','2019-08-20','20/08/2019','1','6','0','2','3349900662395'),(407,'1977','2562',115.00,'20','08','2019','08:52:36','2019-08-20','20/08/2019','1','6','0','3','3349900662395'),(408,'1981','2562',5.00,'20','08','2019','08:52:36','2019-08-20','20/08/2019','1','6','0','4','3349900662395'),(409,'1979','2562',20.00,'20','08','2019','08:52:36','2019-08-20','20/08/2019','1','6','0','5','3349900662395'),(410,'1982','2562',5.00,'20','08','2019','08:52:36','2019-08-20','20/08/2019','1','6','0','6','3349900662395'),(411,'1980','2562',5.00,'20','08','2019','08:52:36','2019-08-20','20/08/2019','1','6','0','7','3349900662395'),(412,'1986','2562',0.00,'20','08','2019','09:49:25','2019-08-20','20/08/2019','1','5','0','1','3470800656459'),(413,'1987','2562',0.00,'20','08','2019','09:49:25','2019-08-20','20/08/2019','1','5','0','2','3470800656459'),(414,'1988','2562',8.00,'20','08','2019','09:49:25','2019-08-20','20/08/2019','1','5','0','3','3470800656459'),(415,'1989','2562',0.00,'20','08','2019','09:49:25','2019-08-20','20/08/2019','1','5','0','4','3470800656459'),(416,'1990','2562',0.00,'20','08','2019','09:49:25','2019-08-20','20/08/2019','1','5','0','5','3470800656459'),(417,'1991','2562',95.00,'20','08','2019','09:49:25','2019-08-20','20/08/2019','1','5','0','6','3470800656459'),(418,'1992','2562',0.00,'20','08','2019','09:49:25','2019-08-20','20/08/2019','1','5','0','7','3470800656459'),(419,'1993','2562',10.00,'20','08','2019','09:49:25','2019-08-20','20/08/2019','1','5','0','8','3470800656459'),(420,'1996','2562',0.00,'20','08','2019','09:49:25','2019-08-20','20/08/2019','1','5','0','9','3470800656459'),(421,'1932','2562',40.00,'21','08','2019','08:57:40','2019-08-21','21/08/2019','1','8','0','1','1341500135505'),(422,'1934','2562',40.00,'21','08','2019','08:57:40','2019-08-21','21/08/2019','1','8','0','2','1341500135505'),(423,'1936','2562',25.00,'21','08','2019','08:57:40','2019-08-21','21/08/2019','1','8','0','4','1341500135505'),(424,'1937','2562',10.00,'21','08','2019','08:57:40','2019-08-21','21/08/2019','1','8','0','5','1341500135505'),(425,'1938','2562',10.00,'21','08','2019','08:57:40','2019-08-21','21/08/2019','1','8','0','6','1341500135505'),(426,'1940','2562',10.00,'21','08','2019','08:57:40','2019-08-21','21/08/2019','1','8','0','7','1341500135505'),(427,'1943','2562',5.00,'21','08','2019','08:57:40','2019-08-21','21/08/2019','1','8','0','10','1341500135505'),(428,'1944','2562',20.00,'21','08','2019','08:57:40','2019-08-21','21/08/2019','1','8','0','11','1341500135505'),(429,'1949','2562',5.00,'21','08','2019','08:57:40','2019-08-21','21/08/2019','1','8','0','14','1341500135505'),(430,'1995','2562',20.00,'21','08','2019','08:57:40','2019-08-21','21/08/2019','1','8','0','17','1341500135505'),(431,'1941','2562',10.00,'21','08','2019','08:58:44','2019-08-21','21/08/2019','1','8','0','8','1341500135505'),(432,'1947','2562',15.00,'21','08','2019','08:58:44','2019-08-21','21/08/2019','1','8','0','13','1341500135505'),(433,'1935','2562',20.00,'21','08','2019','09:00:30','2019-08-21','21/08/2019','1','8','0','3','1341500135505'),(434,'1932','2562',45.00,'22','08','2019','09:19:28','2019-08-22','22/08/2019','1','8','0','1','1341500135505'),(435,'1934','2562',20.00,'22','08','2019','09:19:28','2019-08-22','22/08/2019','1','8','0','2','1341500135505'),(436,'1935','2562',15.00,'22','08','2019','09:19:28','2019-08-22','22/08/2019','1','8','0','3','1341500135505'),(437,'1936','2562',5.00,'22','08','2019','09:19:28','2019-08-22','22/08/2019','1','8','0','4','1341500135505'),(438,'1941','2562',10.00,'22','08','2019','09:19:28','2019-08-22','22/08/2019','1','8','0','8','1341500135505'),(439,'1942','2562',5.00,'22','08','2019','09:19:28','2019-08-22','22/08/2019','1','8','0','9','1341500135505'),(440,'1943','2562',5.00,'22','08','2019','09:19:28','2019-08-22','22/08/2019','1','8','0','10','1341500135505'),(441,'1944','2562',10.00,'22','08','2019','09:19:28','2019-08-22','22/08/2019','1','8','0','11','1341500135505'),(442,'1947','2562',5.00,'22','08','2019','09:19:28','2019-08-22','22/08/2019','1','8','0','13','1341500135505'),(443,'1949','2562',5.00,'22','08','2019','09:19:28','2019-08-22','22/08/2019','1','8','0','14','1341500135505'),(444,'1972','2562',10.00,'22','08','2019','09:19:28','2019-08-22','22/08/2019','1','8','0','16','1341500135505'),(445,'1995','2562',20.00,'22','08','2019','09:19:28','2019-08-22','22/08/2019','1','8','0','17','1341500135505'),(446,'1986','2562',198.00,'22','08','2019','10:29:10','2019-08-22','22/08/2019','1','5','0','1','3470800656459'),(447,'1987','2562',0.00,'22','08','2019','10:29:10','2019-08-22','22/08/2019','1','5','0','2','3470800656459'),(448,'1988','2562',20.00,'22','08','2019','10:29:10','2019-08-22','22/08/2019','1','5','0','3','3470800656459'),(449,'1989','2562',9.00,'22','08','2019','10:29:10','2019-08-22','22/08/2019','1','5','0','4','3470800656459'),(450,'1990','2562',200.00,'22','08','2019','10:29:10','2019-08-22','22/08/2019','1','5','0','5','3470800656459'),(451,'1991','2562',100.00,'22','08','2019','10:29:10','2019-08-22','22/08/2019','1','5','0','6','3470800656459'),(452,'1992','2562',11.00,'22','08','2019','10:29:10','2019-08-22','22/08/2019','1','5','0','7','3470800656459'),(453,'1993','2562',30.00,'22','08','2019','10:29:10','2019-08-22','22/08/2019','1','5','0','8','3470800656459'),(454,'1996','2562',0.00,'22','08','2019','10:29:10','2019-08-22','22/08/2019','1','5','0','9','3470800656459'),(455,'1986','2562',0.00,'22','08','2019','10:39:27','2019-08-22','22/08/2019','1','5','0','1','3470800656459'),(456,'1987','2562',0.00,'22','08','2019','10:39:27','2019-08-22','22/08/2019','1','5','0','2','3470800656459'),(457,'1989','2562',0.00,'22','08','2019','10:39:27','2019-08-22','22/08/2019','1','5','0','4','3470800656459'),(458,'1990','2562',0.00,'22','08','2019','10:39:27','2019-08-22','22/08/2019','1','5','0','5','3470800656459'),(459,'1991','2562',0.00,'22','08','2019','10:39:27','2019-08-22','22/08/2019','1','5','0','6','3470800656459'),(460,'1992','2562',20.00,'22','08','2019','10:39:27','2019-08-22','22/08/2019','1','5','0','7','3470800656459'),(461,'1993','2562',0.00,'22','08','2019','10:39:27','2019-08-22','22/08/2019','1','5','0','8','3470800656459'),(462,'1996','2562',0.00,'22','08','2019','10:39:27','2019-08-22','22/08/2019','1','5','0','9','3470800656459'),(463,'1976','2562',5.00,'23','08','2019','08:56:43','2019-08-23','23/08/2019','1','6','0','1','3349900662395'),(464,'1985','2562',25.00,'23','08','2019','08:56:43','2019-08-23','23/08/2019','1','6','0','2','3349900662395'),(465,'1981','2562',10.00,'23','08','2019','08:56:43','2019-08-23','23/08/2019','1','6','0','4','3349900662395'),(466,'1979','2562',26.00,'23','08','2019','08:56:43','2019-08-23','23/08/2019','1','6','0','5','3349900662395'),(467,'1982','2562',20.00,'23','08','2019','08:56:43','2019-08-23','23/08/2019','1','6','0','6','3349900662395'),(468,'1980','2562',5.00,'23','08','2019','08:56:43','2019-08-23','23/08/2019','1','6','0','7','3349900662395'),(469,'1932','2562',40.00,'23','08','2019','09:17:23','2019-08-23','23/08/2019','1','8','0','1','1341500135505'),(470,'1934','2562',70.00,'23','08','2019','09:17:23','2019-08-23','23/08/2019','1','8','0','2','1341500135505'),(471,'1935','2562',20.00,'23','08','2019','09:17:23','2019-08-23','23/08/2019','1','8','0','3','1341500135505'),(472,'1936','2562',20.00,'23','08','2019','09:17:23','2019-08-23','23/08/2019','1','8','0','4','1341500135505'),(473,'1937','2562',10.00,'23','08','2019','09:17:23','2019-08-23','23/08/2019','1','8','0','5','1341500135505'),(474,'1938','2562',5.00,'23','08','2019','09:17:23','2019-08-23','23/08/2019','1','8','0','6','1341500135505'),(475,'1940','2562',5.00,'23','08','2019','09:17:23','2019-08-23','23/08/2019','1','8','0','7','1341500135505'),(476,'1941','2562',10.00,'23','08','2019','09:17:23','2019-08-23','23/08/2019','1','8','0','8','1341500135505'),(477,'1942','2562',30.00,'23','08','2019','09:17:23','2019-08-23','23/08/2019','1','8','0','9','1341500135505'),(478,'1943','2562',5.00,'23','08','2019','09:17:23','2019-08-23','23/08/2019','1','8','0','10','1341500135505'),(479,'1944','2562',10.00,'23','08','2019','09:17:23','2019-08-23','23/08/2019','1','8','0','11','1341500135505'),(480,'1946','2562',5.00,'23','08','2019','09:17:23','2019-08-23','23/08/2019','1','8','0','12','1341500135505'),(481,'1947','2562',5.00,'23','08','2019','09:17:23','2019-08-23','23/08/2019','1','8','0','13','1341500135505'),(482,'1949','2562',5.00,'23','08','2019','09:17:23','2019-08-23','23/08/2019','1','8','0','14','1341500135505'),(483,'1972','2562',5.00,'23','08','2019','09:17:23','2019-08-23','23/08/2019','1','8','0','16','1341500135505'),(484,'1995','2562',10.00,'23','08','2019','09:17:23','2019-08-23','23/08/2019','1','8','0','17','1341500135505'),(485,'1986','2562',45.00,'23','08','2019','01:07:14','2019-08-23','23/08/2019','1','5','0','1','3470800656459'),(486,'1987','2562',0.00,'23','08','2019','01:07:14','2019-08-23','23/08/2019','1','5','0','2','3470800656459'),(487,'1988','2562',10.00,'23','08','2019','01:07:14','2019-08-23','23/08/2019','1','5','0','3','3470800656459'),(488,'1989','2562',4.00,'23','08','2019','01:07:14','2019-08-23','23/08/2019','1','5','0','4','3470800656459'),(489,'1990','2562',100.00,'23','08','2019','01:07:14','2019-08-23','23/08/2019','1','5','0','5','3470800656459'),(490,'1991','2562',15.00,'23','08','2019','01:07:14','2019-08-23','23/08/2019','1','5','0','6','3470800656459'),(491,'1992','2562',20.00,'23','08','2019','01:07:14','2019-08-23','23/08/2019','1','5','0','7','3470800656459'),(492,'1993','2562',10.00,'23','08','2019','01:07:14','2019-08-23','23/08/2019','1','5','0','8','3470800656459'),(493,'1996','2562',0.00,'23','08','2019','01:07:14','2019-08-23','23/08/2019','1','5','0','9','3470800656459'),(494,'1986','2562',102.00,'26','08','2019','09:30:19','2019-08-26','26/08/2019','1','5','0','1','3470800656459'),(495,'1987','2562',0.00,'26','08','2019','09:30:19','2019-08-26','26/08/2019','1','5','0','2','3470800656459'),(496,'1988','2562',5.00,'26','08','2019','09:30:19','2019-08-26','26/08/2019','1','5','0','3','3470800656459'),(497,'1989','2562',0.00,'26','08','2019','09:30:19','2019-08-26','26/08/2019','1','5','0','4','3470800656459'),(498,'1990','2562',20.00,'26','08','2019','09:30:19','2019-08-26','26/08/2019','1','5','0','5','3470800656459'),(499,'1991','2562',25.00,'26','08','2019','09:30:19','2019-08-26','26/08/2019','1','5','0','6','3470800656459'),(500,'1992','2562',25.00,'26','08','2019','09:30:19','2019-08-26','26/08/2019','1','5','0','7','3470800656459'),(501,'1993','2562',10.00,'26','08','2019','09:30:19','2019-08-26','26/08/2019','1','5','0','8','3470800656459'),(502,'1996','2562',5.00,'26','08','2019','09:30:19','2019-08-26','26/08/2019','1','5','0','9','3470800656459'),(503,'1986','2562',25.00,'28','08','2019','08:51:36','2019-08-28','28/08/2019','1','5','0','1','3470800656459'),(504,'1987','2562',0.00,'28','08','2019','08:51:36','2019-08-28','28/08/2019','1','5','0','2','3470800656459'),(505,'1988','2562',10.00,'28','08','2019','08:51:36','2019-08-28','28/08/2019','1','5','0','3','3470800656459'),(506,'1989','2562',0.00,'28','08','2019','08:51:36','2019-08-28','28/08/2019','1','5','0','4','3470800656459'),(507,'1990','2562',20.00,'28','08','2019','08:51:36','2019-08-28','28/08/2019','1','5','0','5','3470800656459'),(508,'1991','2562',10.00,'28','08','2019','08:51:36','2019-08-28','28/08/2019','1','5','0','6','3470800656459'),(509,'1992','2562',20.00,'28','08','2019','08:51:36','2019-08-28','28/08/2019','1','5','0','7','3470800656459'),(510,'1993','2562',5.00,'28','08','2019','08:51:36','2019-08-28','28/08/2019','1','5','0','8','3470800656459'),(511,'1996','2562',0.00,'28','08','2019','08:51:36','2019-08-28','28/08/2019','1','5','0','9','3470800656459'),(512,'1986','2562',50.00,'29','08','2019','10:36:20','2019-08-29','29/08/2019','1','5','0','1','3470800656459'),(513,'1987','2562',0.00,'29','08','2019','10:36:20','2019-08-29','29/08/2019','1','5','0','2','3470800656459'),(514,'1988','2562',10.00,'29','08','2019','10:36:20','2019-08-29','29/08/2019','1','5','0','3','3470800656459'),(515,'1989','2562',20.00,'29','08','2019','10:36:20','2019-08-29','29/08/2019','1','5','0','4','3470800656459'),(516,'1990','2562',10.00,'29','08','2019','10:36:20','2019-08-29','29/08/2019','1','5','0','5','3470800656459'),(517,'1991','2562',5.00,'29','08','2019','10:36:20','2019-08-29','29/08/2019','1','5','0','6','3470800656459'),(518,'1992','2562',10.00,'29','08','2019','10:36:20','2019-08-29','29/08/2019','1','5','0','7','3470800656459'),(519,'1993','2562',5.00,'29','08','2019','10:36:20','2019-08-29','29/08/2019','1','5','0','8','3470800656459'),(520,'1996','2562',0.00,'29','08','2019','10:36:20','2019-08-29','29/08/2019','1','5','0','9','3470800656459'),(521,'1986','2562',40.00,'30','08','2019','09:06:45','2019-08-30','30/08/2019','1','5','0','1','3470800656459'),(522,'1987','2562',0.00,'30','08','2019','09:06:45','2019-08-30','30/08/2019','1','5','0','2','3470800656459'),(523,'1988','2562',0.00,'30','08','2019','09:06:45','2019-08-30','30/08/2019','1','5','0','3','3470800656459'),(524,'1989','2562',10.00,'30','08','2019','09:06:45','2019-08-30','30/08/2019','1','5','0','4','3470800656459'),(525,'1990','2562',10.00,'30','08','2019','09:06:45','2019-08-30','30/08/2019','1','5','0','5','3470800656459'),(526,'1991','2562',10.00,'30','08','2019','09:06:45','2019-08-30','30/08/2019','1','5','0','6','3470800656459'),(527,'1992','2562',10.00,'30','08','2019','09:06:45','2019-08-30','30/08/2019','1','5','0','7','3470800656459'),(528,'1993','2562',5.00,'30','08','2019','09:06:45','2019-08-30','30/08/2019','1','5','0','8','3470800656459'),(529,'1996','2562',0.00,'30','08','2019','09:06:45','2019-08-30','30/08/2019','1','5','0','9','3470800656459'),(530,'1935','2562',6.00,'03','09','2019','12:17:04','2019-09-03','03/09/2019','1','8','0','3','1341500135505'),(531,'1937','2562',120.00,'03','09','2019','12:17:04','2019-09-03','03/09/2019','1','8','0','5','1341500135505'),(532,'1938','2562',155.00,'03','09','2019','12:17:04','2019-09-03','03/09/2019','1','8','0','6','1341500135505'),(533,'1950','2562',120.00,'03','09','2019','12:17:04','2019-09-03','03/09/2019','1','8','0','15','1341500135505'),(534,'1934','2562',45.00,'11','09','2019','09:28:13','2019-09-11','11/09/2019','1','8','0','2','1341500135505'),(535,'1935','2562',10.00,'11','09','2019','09:28:13','2019-09-11','11/09/2019','1','8','0','3','1341500135505'),(536,'1937','2562',65.00,'11','09','2019','09:28:13','2019-09-11','11/09/2019','1','8','0','5','1341500135505'),(537,'1938','2562',25.00,'11','09','2019','09:28:13','2019-09-11','11/09/2019','1','8','0','6','1341500135505'),(538,'1940','2562',10.00,'11','09','2019','09:28:13','2019-09-11','11/09/2019','1','8','0','7','1341500135505'),(539,'1942','2562',50.00,'11','09','2019','09:28:13','2019-09-11','11/09/2019','1','8','0','9','1341500135505'),(540,'1943','2562',10.00,'11','09','2019','09:28:13','2019-09-11','11/09/2019','1','8','0','10','1341500135505'),(541,'1946','2562',7.00,'11','09','2019','09:28:13','2019-09-11','11/09/2019','1','8','0','12','1341500135505'),(542,'1949','2562',10.00,'11','09','2019','09:28:13','2019-09-11','11/09/2019','1','8','0','14','1341500135505'),(543,'1972','2562',5.00,'11','09','2019','09:28:13','2019-09-11','11/09/2019','1','8','0','16','1341500135505'),(544,'1995','2562',20.00,'11','09','2019','09:28:13','2019-09-11','11/09/2019','1','8','0','17','1341500135505'),(545,'1941','2562',175.00,'11','09','2019','09:28:50','2019-09-11','11/09/2019','2','8','0','8','1341500135505'),(546,'1944','2562',290.00,'11','09','2019','09:29:13','2019-09-11','11/09/2019','2','8','0','11','1341500135505'),(547,'1986','2562',1176.00,'11','09','2019','10:56:24','2019-09-11','11/09/2019','1','5','0','1','3470800656459'),(548,'1987','2562',0.00,'11','09','2019','10:56:24','2019-09-11','11/09/2019','1','5','0','2','3470800656459'),(549,'1988','2562',0.00,'11','09','2019','10:56:24','2019-09-11','11/09/2019','1','5','0','3','3470800656459'),(550,'1989','2562',10.00,'11','09','2019','10:56:24','2019-09-11','11/09/2019','1','5','0','4','3470800656459'),(551,'1990','2562',50.00,'11','09','2019','10:56:24','2019-09-11','11/09/2019','1','5','0','5','3470800656459'),(552,'1991','2562',98.00,'11','09','2019','10:56:24','2019-09-11','11/09/2019','1','5','0','6','3470800656459'),(553,'1992','2562',24.00,'11','09','2019','10:56:24','2019-09-11','11/09/2019','1','5','0','7','3470800656459'),(554,'1993','2562',10.00,'11','09','2019','10:56:24','2019-09-11','11/09/2019','1','5','0','8','3470800656459'),(555,'1996','2562',87.00,'11','09','2019','10:56:24','2019-09-11','11/09/2019','1','5','0','9','3470800656459'),(556,'1935','2562',20.00,'12','09','2019','09:10:39','2019-09-12','12/09/2019','1','8','0','3','1341500135505'),(557,'1936','2562',20.00,'12','09','2019','09:10:39','2019-09-12','12/09/2019','1','8','0','4','1341500135505'),(558,'1937','2562',20.00,'12','09','2019','09:10:39','2019-09-12','12/09/2019','1','8','0','5','1341500135505'),(559,'1938','2562',5.00,'12','09','2019','09:10:39','2019-09-12','12/09/2019','1','8','0','6','1341500135505'),(560,'1940','2562',5.00,'12','09','2019','09:10:39','2019-09-12','12/09/2019','1','8','0','7','1341500135505'),(561,'1942','2562',10.00,'12','09','2019','09:10:39','2019-09-12','12/09/2019','1','8','0','9','1341500135505'),(562,'1943','2562',10.00,'12','09','2019','09:10:39','2019-09-12','12/09/2019','1','8','0','10','1341500135505'),(563,'1947','2562',5.00,'12','09','2019','09:10:39','2019-09-12','12/09/2019','1','8','0','13','1341500135505'),(564,'1949','2562',5.00,'12','09','2019','09:10:39','2019-09-12','12/09/2019','1','8','0','14','1341500135505'),(565,'1995','2562',105.00,'12','09','2019','09:10:39','2019-09-12','12/09/2019','1','8','0','17','1341500135505'),(566,'1949','2562',5.00,'12','09','2019','09:13:33','2019-09-12','12/09/2019','1','8','0','14','1341500135505'),(567,'1995','2562',70.00,'12','09','2019','09:16:49','2019-09-12','12/09/2019','2','8','0','17','1341500135505'),(568,'1986','2562',104.00,'12','09','2019','10:55:21','2019-09-12','12/09/2019','1','5','0','1','3470800656459'),(569,'1987','2562',0.00,'12','09','2019','10:55:21','2019-09-12','12/09/2019','1','5','0','2','3470800656459'),(570,'1988','2562',0.00,'12','09','2019','10:55:21','2019-09-12','12/09/2019','1','5','0','3','3470800656459'),(571,'1989','2562',0.00,'12','09','2019','10:55:21','2019-09-12','12/09/2019','1','5','0','4','3470800656459'),(572,'1990','2562',20.00,'12','09','2019','10:55:21','2019-09-12','12/09/2019','1','5','0','5','3470800656459'),(573,'1991','2562',15.00,'12','09','2019','10:55:21','2019-09-12','12/09/2019','1','5','0','6','3470800656459'),(574,'1992','2562',10.00,'12','09','2019','10:55:21','2019-09-12','12/09/2019','1','5','0','7','3470800656459'),(575,'1993','2562',5.00,'12','09','2019','10:55:21','2019-09-12','12/09/2019','1','5','0','8','3470800656459'),(576,'1996','2562',5.00,'12','09','2019','10:55:21','2019-09-12','12/09/2019','1','5','0','9','3470800656459'),(577,'1986','2562',45.00,'13','09','2019','09:11:05','2019-09-13','13/09/2019','1','5','0','1','3470800656459'),(578,'1987','2562',0.00,'13','09','2019','09:11:05','2019-09-13','13/09/2019','1','5','0','2','3470800656459'),(579,'1988','2562',0.00,'13','09','2019','09:11:05','2019-09-13','13/09/2019','1','5','0','3','3470800656459'),(580,'1989','2562',0.00,'13','09','2019','09:11:05','2019-09-13','13/09/2019','1','5','0','4','3470800656459'),(581,'1990','2562',20.00,'13','09','2019','09:11:05','2019-09-13','13/09/2019','1','5','0','5','3470800656459'),(582,'1991','2562',10.00,'13','09','2019','09:11:05','2019-09-13','13/09/2019','1','5','0','6','3470800656459'),(583,'1992','2562',9.00,'13','09','2019','09:11:05','2019-09-13','13/09/2019','1','5','0','7','3470800656459'),(584,'1993','2562',5.00,'13','09','2019','09:11:05','2019-09-13','13/09/2019','1','5','0','8','3470800656459'),(585,'1996','2562',5.00,'13','09','2019','09:11:05','2019-09-13','13/09/2019','1','5','0','9','3470800656459'),(586,'1986','2562',3.00,'16','09','2019','10:40:43','2019-09-16','16/09/2019','1','5','0','1','3470800656459'),(587,'1987','2562',0.00,'16','09','2019','10:40:43','2019-09-16','16/09/2019','1','5','0','2','3470800656459'),(588,'1988','2562',30.00,'16','09','2019','10:40:43','2019-09-16','16/09/2019','1','5','0','3','3470800656459'),(589,'1989','2562',0.00,'16','09','2019','10:40:43','2019-09-16','16/09/2019','1','5','0','4','3470800656459'),(590,'1990','2562',20.00,'16','09','2019','10:40:43','2019-09-16','16/09/2019','1','5','0','5','3470800656459'),(591,'1991','2562',10.00,'16','09','2019','10:40:43','2019-09-16','16/09/2019','1','5','0','6','3470800656459'),(592,'1992','2562',117.00,'16','09','2019','10:40:43','2019-09-16','16/09/2019','1','5','0','7','3470800656459'),(593,'1993','2562',5.00,'16','09','2019','10:40:43','2019-09-16','16/09/2019','1','5','0','8','3470800656459'),(594,'1996','2562',10.00,'16','09','2019','10:40:43','2019-09-16','16/09/2019','1','5','0','9','3470800656459'),(595,'1976','2562',54.00,'17','09','2019','10:16:47','2019-09-17','17/09/2019','2','6','0','1','3349900662395'),(596,'1985','2562',15.00,'17','09','2019','10:17:51','2019-09-17','17/09/2019','1','6','0','2','3349900662395'),(597,'1979','2562',80.00,'17','09','2019','10:17:51','2019-09-17','17/09/2019','1','6','0','5','3349900662395'),(598,'1982','2562',30.00,'17','09','2019','10:17:51','2019-09-17','17/09/2019','1','6','0','6','3349900662395'),(599,'1986','2562',15.00,'17','09','2019','10:39:33','2019-09-17','17/09/2019','1','5','0','1','3470800656459'),(600,'1987','2562',0.00,'17','09','2019','10:39:33','2019-09-17','17/09/2019','1','5','0','2','3470800656459'),(601,'1988','2562',10.00,'17','09','2019','10:39:33','2019-09-17','17/09/2019','1','5','0','3','3470800656459'),(602,'1989','2562',5.00,'17','09','2019','10:39:33','2019-09-17','17/09/2019','1','5','0','4','3470800656459'),(603,'1990','2562',20.00,'17','09','2019','10:39:33','2019-09-17','17/09/2019','1','5','0','5','3470800656459'),(604,'1991','2562',5.00,'17','09','2019','10:39:33','2019-09-17','17/09/2019','1','5','0','6','3470800656459'),(605,'1992','2562',20.00,'17','09','2019','10:39:33','2019-09-17','17/09/2019','1','5','0','7','3470800656459'),(606,'1993','2562',5.00,'17','09','2019','10:39:33','2019-09-17','17/09/2019','1','5','0','8','3470800656459'),(607,'1996','2562',5.00,'17','09','2019','10:39:33','2019-09-17','17/09/2019','1','5','0','9','3470800656459'),(608,'1932','2562',195.00,'18','09','2019','09:19:40','2019-09-18','18/09/2019','1','8','0','1','1341500135505'),(609,'1935','2562',20.00,'18','09','2019','09:19:40','2019-09-18','18/09/2019','1','8','0','3','1341500135505'),(610,'1937','2562',20.00,'18','09','2019','09:19:40','2019-09-18','18/09/2019','1','8','0','5','1341500135505'),(611,'1938','2562',10.00,'18','09','2019','09:19:40','2019-09-18','18/09/2019','1','8','0','6','1341500135505'),(612,'1940','2562',20.00,'18','09','2019','09:19:40','2019-09-18','18/09/2019','1','8','0','7','1341500135505'),(613,'1943','2562',10.00,'18','09','2019','09:19:40','2019-09-18','18/09/2019','1','8','0','10','1341500135505'),(614,'1944','2562',10.00,'18','09','2019','09:19:40','2019-09-18','18/09/2019','1','8','0','11','1341500135505'),(615,'1946','2562',15.00,'18','09','2019','09:19:40','2019-09-18','18/09/2019','1','8','0','12','1341500135505'),(616,'1986','2562',0.00,'18','09','2019','11:24:01','2019-09-18','18/09/2019','1','5','0','1','3470800656459'),(617,'1987','2562',0.00,'18','09','2019','11:24:01','2019-09-18','18/09/2019','1','5','0','2','3470800656459'),(618,'1988','2562',10.00,'18','09','2019','11:24:01','2019-09-18','18/09/2019','1','5','0','3','3470800656459'),(619,'1989','2562',0.00,'18','09','2019','11:24:01','2019-09-18','18/09/2019','1','5','0','4','3470800656459'),(620,'1990','2562',20.00,'18','09','2019','11:24:01','2019-09-18','18/09/2019','1','5','0','5','3470800656459'),(621,'1991','2562',0.00,'18','09','2019','11:24:01','2019-09-18','18/09/2019','1','5','0','6','3470800656459'),(622,'1992','2562',0.00,'18','09','2019','11:24:01','2019-09-18','18/09/2019','1','5','0','7','3470800656459'),(623,'1993','2562',0.00,'18','09','2019','11:24:01','2019-09-18','18/09/2019','1','5','0','8','3470800656459'),(624,'1996','2562',0.00,'18','09','2019','11:24:01','2019-09-18','18/09/2019','1','5','0','9','3470800656459'),(625,'1932','2562',15.00,'19','09','2019','09:18:09','2019-09-19','19/09/2019','1','8','0','1','1341500135505'),(626,'1937','2562',40.00,'19','09','2019','09:18:09','2019-09-19','19/09/2019','1','8','0','5','1341500135505'),(627,'1938','2562',40.00,'19','09','2019','09:18:09','2019-09-19','19/09/2019','1','8','0','6','1341500135505'),(628,'1940','2562',15.00,'19','09','2019','09:18:09','2019-09-19','19/09/2019','1','8','0','7','1341500135505'),(629,'1942','2562',15.00,'19','09','2019','09:18:09','2019-09-19','19/09/2019','1','8','0','9','1341500135505'),(630,'1943','2562',5.00,'19','09','2019','09:18:09','2019-09-19','19/09/2019','1','8','0','10','1341500135505'),(631,'1949','2562',10.00,'19','09','2019','09:18:09','2019-09-19','19/09/2019','1','8','0','14','1341500135505'),(632,'1995','2562',110.00,'19','09','2019','09:18:09','2019-09-19','19/09/2019','1','8','0','17','1341500135505'),(633,'1986','2562',5.00,'19','09','2019','10:59:51','2019-09-19','19/09/2019','1','5','0','1','3470800656459'),(634,'1987','2562',0.00,'19','09','2019','10:59:51','2019-09-19','19/09/2019','1','5','0','2','3470800656459'),(635,'1988','2562',0.00,'19','09','2019','10:59:51','2019-09-19','19/09/2019','1','5','0','3','3470800656459'),(636,'1989','2562',0.00,'19','09','2019','10:59:51','2019-09-19','19/09/2019','1','5','0','4','3470800656459'),(637,'1990','2562',20.00,'19','09','2019','10:59:51','2019-09-19','19/09/2019','1','5','0','5','3470800656459'),(638,'1991','2562',5.00,'19','09','2019','10:59:51','2019-09-19','19/09/2019','1','5','0','6','3470800656459'),(639,'1992','2562',10.00,'19','09','2019','10:59:51','2019-09-19','19/09/2019','1','5','0','7','3470800656459'),(640,'1993','2562',5.00,'19','09','2019','10:59:51','2019-09-19','19/09/2019','1','5','0','8','3470800656459'),(641,'1996','2562',10.00,'19','09','2019','10:59:51','2019-09-19','19/09/2019','1','5','0','9','3470800656459'),(642,'1986','2562',0.00,'24','09','2019','08:44:08','2019-09-24','24/09/2019','1','5','0','1','3470800656459'),(643,'1987','2562',0.00,'24','09','2019','08:44:08','2019-09-24','24/09/2019','1','5','0','2','3470800656459'),(644,'1988','2562',0.00,'24','09','2019','08:44:08','2019-09-24','24/09/2019','1','5','0','3','3470800656459'),(645,'1989','2562',0.00,'24','09','2019','08:44:08','2019-09-24','24/09/2019','1','5','0','4','3470800656459'),(646,'1990','2562',20.00,'24','09','2019','08:44:08','2019-09-24','24/09/2019','1','5','0','5','3470800656459'),(647,'1991','2562',30.00,'24','09','2019','08:44:08','2019-09-24','24/09/2019','1','5','0','6','3470800656459'),(648,'1992','2562',20.00,'24','09','2019','08:44:08','2019-09-24','24/09/2019','1','5','0','7','3470800656459'),(649,'1993','2562',30.00,'24','09','2019','08:44:08','2019-09-24','24/09/2019','1','5','0','8','3470800656459'),(650,'1996','2562',7.00,'24','09','2019','08:44:08','2019-09-24','24/09/2019','1','5','0','9','3470800656459'),(651,'1934','2562',20.00,'24','09','2019','09:11:32','2019-09-24','24/09/2019','1','8','0','2','1341500135505'),(652,'1937','2562',20.00,'24','09','2019','09:11:32','2019-09-24','24/09/2019','1','8','0','5','1341500135505'),(653,'1938','2562',20.00,'24','09','2019','09:11:32','2019-09-24','24/09/2019','1','8','0','6','1341500135505'),(654,'1940','2562',10.00,'24','09','2019','09:11:32','2019-09-24','24/09/2019','1','8','0','7','1341500135505'),(655,'1934','2562',9.00,'25','09','2019','08:51:13','2019-09-25','25/09/2019','1','8','0','2','1341500135505'),(656,'1935','2562',10.00,'25','09','2019','08:51:13','2019-09-25','25/09/2019','1','8','0','3','1341500135505'),(657,'1937','2562',60.00,'25','09','2019','08:51:13','2019-09-25','25/09/2019','1','8','0','5','1341500135505'),(658,'1938','2562',15.00,'25','09','2019','08:51:13','2019-09-25','25/09/2019','1','8','0','6','1341500135505'),(659,'1940','2562',5.00,'25','09','2019','08:51:13','2019-09-25','25/09/2019','1','8','0','7','1341500135505'),(660,'1950','2562',35.00,'25','09','2019','08:51:13','2019-09-25','25/09/2019','1','8','0','15','1341500135505'),(661,'1932','2562',5.00,'25','09','2019','08:51:46','2019-09-25','25/09/2019','1','8','0','1','1341500135505'),(662,'1986','2562',0.00,'25','09','2019','10:43:53','2019-09-25','25/09/2019','1','5','0','1','3470800656459'),(663,'1987','2562',0.00,'25','09','2019','10:43:53','2019-09-25','25/09/2019','1','5','0','2','3470800656459'),(664,'1988','2562',10.00,'25','09','2019','10:43:53','2019-09-25','25/09/2019','1','5','0','3','3470800656459'),(665,'1989','2562',0.00,'25','09','2019','10:43:53','2019-09-25','25/09/2019','1','5','0','4','3470800656459'),(666,'1990','2562',0.00,'25','09','2019','10:43:53','2019-09-25','25/09/2019','1','5','0','5','3470800656459'),(667,'1991','2562',25.00,'25','09','2019','10:43:53','2019-09-25','25/09/2019','1','5','0','6','3470800656459'),(668,'1992','2562',25.00,'25','09','2019','10:43:53','2019-09-25','25/09/2019','1','5','0','7','3470800656459'),(669,'1993','2562',10.00,'25','09','2019','10:43:53','2019-09-25','25/09/2019','1','5','0','8','3470800656459'),(670,'1996','2562',22.00,'25','09','2019','10:43:53','2019-09-25','25/09/2019','1','5','0','9','3470800656459'),(671,'1932','2562',10.00,'26','09','2019','08:48:50','2019-09-26','26/09/2019','1','8','0','1','1341500135505'),(672,'1934','2562',20.00,'26','09','2019','08:48:50','2019-09-26','26/09/2019','1','8','0','2','1341500135505'),(673,'1935','2562',20.00,'26','09','2019','08:48:50','2019-09-26','26/09/2019','1','8','0','3','1341500135505'),(674,'1936','2562',10.00,'26','09','2019','08:48:50','2019-09-26','26/09/2019','1','8','0','4','1341500135505'),(675,'1937','2562',40.00,'26','09','2019','08:48:50','2019-09-26','26/09/2019','1','8','0','5','1341500135505'),(676,'1938','2562',15.00,'26','09','2019','08:48:50','2019-09-26','26/09/2019','1','8','0','6','1341500135505'),(677,'1940','2562',10.00,'26','09','2019','08:48:50','2019-09-26','26/09/2019','1','8','0','7','1341500135505'),(678,'1942','2562',20.00,'26','09','2019','08:48:50','2019-09-26','26/09/2019','1','8','0','9','1341500135505'),(679,'1943','2562',20.00,'26','09','2019','08:48:50','2019-09-26','26/09/2019','1','8','0','10','1341500135505'),(680,'1986','2562',0.00,'26','09','2019','09:55:00','2019-09-26','26/09/2019','1','5','0','1','3470800656459'),(681,'1987','2562',0.00,'26','09','2019','09:55:00','2019-09-26','26/09/2019','1','5','0','2','3470800656459'),(682,'1988','2562',5.00,'26','09','2019','09:55:00','2019-09-26','26/09/2019','1','5','0','3','3470800656459'),(683,'1989','2562',5.00,'26','09','2019','09:55:00','2019-09-26','26/09/2019','1','5','0','4','3470800656459'),(684,'1990','2562',100.00,'26','09','2019','09:55:00','2019-09-26','26/09/2019','1','5','0','5','3470800656459'),(685,'1991','2562',65.00,'26','09','2019','09:55:00','2019-09-26','26/09/2019','1','5','0','6','3470800656459'),(686,'1992','2562',12.00,'26','09','2019','09:55:00','2019-09-26','26/09/2019','1','5','0','7','3470800656459'),(687,'1993','2562',10.00,'26','09','2019','09:55:00','2019-09-26','26/09/2019','1','5','0','8','3470800656459'),(688,'1996','2562',40.00,'26','09','2019','09:55:00','2019-09-26','26/09/2019','1','5','0','9','3470800656459'),(689,'1986','2562',10.00,'27','09','2019','09:43:58','2019-09-27','27/09/2019','1','5','0','1','3470800656459'),(690,'1987','2562',0.00,'27','09','2019','09:43:58','2019-09-27','27/09/2019','1','5','0','2','3470800656459'),(691,'1988','2562',25.00,'27','09','2019','09:43:58','2019-09-27','27/09/2019','1','5','0','3','3470800656459'),(692,'1989','2562',0.00,'27','09','2019','09:43:58','2019-09-27','27/09/2019','1','5','0','4','3470800656459'),(693,'1990','2562',60.00,'27','09','2019','09:43:58','2019-09-27','27/09/2019','1','5','0','5','3470800656459'),(694,'1991','2562',130.00,'27','09','2019','09:43:58','2019-09-27','27/09/2019','1','5','0','6','3470800656459'),(695,'1992','2562',50.00,'27','09','2019','09:43:58','2019-09-27','27/09/2019','1','5','0','7','3470800656459'),(696,'1993','2562',20.00,'27','09','2019','09:43:58','2019-09-27','27/09/2019','1','5','0','8','3470800656459'),(697,'1996','2562',20.00,'27','09','2019','09:43:58','2019-09-27','27/09/2019','1','5','0','9','3470800656459'),(698,'1932','2562',30.00,'27','09','2019','10:02:44','2019-09-27','27/09/2019','1','8','0','1','1341500135505'),(699,'1934','2562',40.00,'27','09','2019','10:02:44','2019-09-27','27/09/2019','1','8','0','2','1341500135505'),(700,'1936','2562',10.00,'27','09','2019','10:02:44','2019-09-27','27/09/2019','1','8','0','4','1341500135505'),(701,'1937','2562',40.00,'27','09','2019','10:02:44','2019-09-27','27/09/2019','1','8','0','5','1341500135505'),(702,'1938','2562',70.00,'27','09','2019','10:02:44','2019-09-27','27/09/2019','1','8','0','6','1341500135505'),(703,'1940','2562',14.00,'27','09','2019','10:02:44','2019-09-27','27/09/2019','1','8','0','7','1341500135505'),(704,'1942','2562',10.00,'27','09','2019','10:02:44','2019-09-27','27/09/2019','1','8','0','9','1341500135505'),(705,'1943','2562',10.00,'27','09','2019','10:02:44','2019-09-27','27/09/2019','1','8','0','10','1341500135505'),(706,'1986','2562',0.00,'30','09','2019','10:52:53','2019-09-30','30/09/2019','1','5','0','1','3470800656459'),(707,'1987','2562',0.00,'30','09','2019','10:52:53','2019-09-30','30/09/2019','1','5','0','2','3470800656459'),(708,'1988','2562',0.00,'30','09','2019','10:52:53','2019-09-30','30/09/2019','1','5','0','3','3470800656459'),(709,'1989','2562',0.00,'30','09','2019','10:52:53','2019-09-30','30/09/2019','1','5','0','4','3470800656459'),(710,'1990','2562',20.00,'30','09','2019','10:52:53','2019-09-30','30/09/2019','1','5','0','5','3470800656459'),(711,'1991','2562',20.00,'30','09','2019','10:52:53','2019-09-30','30/09/2019','1','5','0','6','3470800656459'),(712,'1992','2562',20.00,'30','09','2019','10:52:53','2019-09-30','30/09/2019','1','5','0','7','3470800656459'),(713,'1993','2562',21.00,'30','09','2019','10:52:53','2019-09-30','30/09/2019','1','5','0','8','3470800656459'),(714,'1996','2562',100.00,'30','09','2019','10:52:53','2019-09-30','30/09/2019','1','5','0','9','3470800656459'),(715,'1986','2562',0.00,'02','10','2019','10:50:37','2019-10-02','02/10/2019','1','5','0','1','3470800656459'),(716,'1987','2562',0.00,'02','10','2019','10:50:37','2019-10-02','02/10/2019','1','5','0','2','3470800656459'),(717,'1988','2562',0.00,'02','10','2019','10:50:37','2019-10-02','02/10/2019','1','5','0','3','3470800656459'),(718,'1989','2562',0.00,'02','10','2019','10:50:37','2019-10-02','02/10/2019','1','5','0','4','3470800656459'),(719,'1990','2562',100.00,'02','10','2019','10:50:37','2019-10-02','02/10/2019','1','5','0','5','3470800656459'),(720,'1991','2562',80.00,'02','10','2019','10:50:37','2019-10-02','02/10/2019','1','5','0','6','3470800656459'),(721,'1992','2562',14.00,'02','10','2019','10:50:37','2019-10-02','02/10/2019','1','5','0','7','3470800656459'),(722,'1993','2562',7.00,'02','10','2019','10:50:37','2019-10-02','02/10/2019','1','5','0','8','3470800656459'),(723,'1996','2562',8.00,'02','10','2019','10:50:37','2019-10-02','02/10/2019','1','5','0','9','3470800656459'),(724,'1976','2562',13.00,'03','10','2019','11:00:39','2019-10-03','03/10/2019','1','6','0','1','3349900662395'),(725,'1985','2562',146.00,'03','10','2019','11:00:39','2019-10-03','03/10/2019','1','6','0','2','3349900662395'),(726,'1977','2562',113.00,'03','10','2019','11:00:39','2019-10-03','03/10/2019','1','6','0','3','3349900662395'),(727,'1981','2562',45.00,'03','10','2019','11:00:39','2019-10-03','03/10/2019','1','6','0','4','3349900662395'),(728,'1979','2562',513.00,'03','10','2019','11:00:39','2019-10-03','03/10/2019','1','6','0','5','3349900662395'),(729,'1982','2562',85.00,'03','10','2019','11:00:39','2019-10-03','03/10/2019','1','6','0','6','3349900662395'),(730,'1980','2562',10.00,'03','10','2019','11:00:39','2019-10-03','03/10/2019','1','6','0','7','3349900662395'),(731,'1986','2562',0.00,'03','10','2019','11:03:29','2019-10-03','03/10/2019','1','5','0','1','3470800656459'),(732,'1987','2562',0.00,'03','10','2019','11:03:29','2019-10-03','03/10/2019','1','5','0','2','3470800656459'),(733,'1988','2562',0.00,'03','10','2019','11:03:29','2019-10-03','03/10/2019','1','5','0','3','3470800656459'),(734,'1989','2562',0.00,'03','10','2019','11:03:29','2019-10-03','03/10/2019','1','5','0','4','3470800656459'),(735,'1990','2562',20.00,'03','10','2019','11:03:29','2019-10-03','03/10/2019','1','5','0','5','3470800656459'),(736,'1991','2562',15.00,'03','10','2019','11:03:29','2019-10-03','03/10/2019','1','5','0','6','3470800656459'),(737,'1992','2562',5.00,'03','10','2019','11:03:29','2019-10-03','03/10/2019','1','5','0','7','3470800656459'),(738,'1993','2562',15.00,'03','10','2019','11:03:29','2019-10-03','03/10/2019','1','5','0','8','3470800656459'),(739,'1996','2562',5.00,'03','10','2019','11:03:29','2019-10-03','03/10/2019','1','5','0','9','3470800656459'),(740,'1986','2562',0.00,'04','10','2019','12:56:19','2019-10-04','04/10/2019','1','5','0','1','3470800656459'),(741,'1987','2562',0.00,'04','10','2019','12:56:19','2019-10-04','04/10/2019','1','5','0','2','3470800656459'),(742,'1988','2562',0.00,'04','10','2019','12:56:19','2019-10-04','04/10/2019','1','5','0','3','3470800656459'),(743,'1989','2562',0.00,'04','10','2019','12:56:19','2019-10-04','04/10/2019','1','5','0','4','3470800656459'),(744,'1990','2562',20.00,'04','10','2019','12:56:19','2019-10-04','04/10/2019','1','5','0','5','3470800656459'),(745,'1991','2562',100.00,'04','10','2019','12:56:19','2019-10-04','04/10/2019','1','5','0','6','3470800656459'),(746,'1992','2562',5.00,'04','10','2019','12:56:19','2019-10-04','04/10/2019','1','5','0','7','3470800656459'),(747,'1993','2562',0.00,'04','10','2019','12:56:19','2019-10-04','04/10/2019','1','5','0','8','3470800656459'),(748,'1996','2562',10.00,'04','10','2019','12:56:19','2019-10-04','04/10/2019','1','5','0','9','3470800656459'),(749,'1932','2562',300.00,'01','11','2019','09:23:19','2019-11-01','01/11/2019','1','8','0','1','1341500135505'),(750,'1934','2562',10.00,'01','11','2019','09:23:19','2019-11-01','01/11/2019','1','8','0','2','1341500135505'),(751,'1937','2562',200.00,'01','11','2019','09:23:19','2019-11-01','01/11/2019','1','8','0','5','1341500135505'),(752,'1938','2562',100.00,'01','11','2019','09:23:19','2019-11-01','01/11/2019','1','8','0','6','1341500135505'),(753,'1943','2562',5.00,'01','11','2019','09:23:19','2019-11-01','01/11/2019','1','8','0','10','1341500135505'),(754,'1947','2562',10.00,'01','11','2019','09:23:19','2019-11-01','01/11/2019','1','8','0','13','1341500135505'),(755,'1995','2562',10.00,'01','11','2019','09:23:19','2019-11-01','01/11/2019','1','8','0','17','1341500135505'),(756,'1986','2562',0.00,'01','11','2019','09:34:45','2019-11-01','01/11/2019','1','5','0','1','3470800656459'),(757,'1987','2562',0.00,'01','11','2019','09:34:45','2019-11-01','01/11/2019','1','5','0','2','3470800656459'),(758,'1988','2562',0.00,'01','11','2019','09:34:45','2019-11-01','01/11/2019','1','5','0','3','3470800656459'),(759,'1989','2562',5.00,'01','11','2019','09:34:45','2019-11-01','01/11/2019','1','5','0','4','3470800656459'),(760,'1990','2562',20.00,'01','11','2019','09:34:45','2019-11-01','01/11/2019','1','5','0','5','3470800656459'),(761,'1991','2562',10.00,'01','11','2019','09:34:45','2019-11-01','01/11/2019','1','5','0','6','3470800656459'),(762,'1992','2562',5.00,'01','11','2019','09:34:45','2019-11-01','01/11/2019','1','5','0','7','3470800656459'),(763,'1993','2562',0.00,'01','11','2019','09:34:45','2019-11-01','01/11/2019','1','5','0','8','3470800656459'),(764,'1996','2562',120.00,'01','11','2019','09:34:45','2019-11-01','01/11/2019','1','5','0','9','3470800656459'),(765,'1986','2562',0.00,'04','11','2019','08:55:25','2019-11-04','04/11/2019','1','5','0','1','3470800656459'),(766,'1987','2562',0.00,'04','11','2019','08:55:25','2019-11-04','04/11/2019','1','5','0','2','3470800656459'),(767,'1988','2562',10.00,'04','11','2019','08:55:25','2019-11-04','04/11/2019','1','5','0','3','3470800656459'),(768,'1989','2562',0.00,'04','11','2019','08:55:25','2019-11-04','04/11/2019','1','5','0','4','3470800656459'),(769,'1990','2562',0.00,'04','11','2019','08:55:25','2019-11-04','04/11/2019','1','5','0','5','3470800656459'),(770,'1991','2562',5.00,'04','11','2019','08:55:25','2019-11-04','04/11/2019','1','5','0','6','3470800656459'),(771,'1992','2562',5.00,'04','11','2019','08:55:25','2019-11-04','04/11/2019','1','5','0','7','3470800656459'),(772,'1993','2562',5.00,'04','11','2019','08:55:25','2019-11-04','04/11/2019','1','5','0','8','3470800656459'),(773,'1996','2562',100.00,'04','11','2019','08:55:25','2019-11-04','04/11/2019','1','5','0','9','3470800656459'),(774,'1932','2562',15.00,'04','11','2019','09:26:27','2019-11-04','04/11/2019','1','8','0','1','1341500135505'),(775,'1937','2562',20.00,'04','11','2019','09:26:27','2019-11-04','04/11/2019','1','8','0','5','1341500135505'),(776,'1938','2562',20.00,'04','11','2019','09:26:27','2019-11-04','04/11/2019','1','8','0','6','1341500135505'),(777,'1940','2562',5.00,'04','11','2019','09:26:27','2019-11-04','04/11/2019','1','8','0','7','1341500135505'),(778,'1943','2562',10.00,'04','11','2019','09:26:27','2019-11-04','04/11/2019','1','8','0','10','1341500135505'),(779,'1946','2562',200.00,'04','11','2019','09:26:27','2019-11-04','04/11/2019','1','8','0','12','1341500135505'),(780,'1947','2562',15.00,'04','11','2019','09:26:27','2019-11-04','04/11/2019','1','8','0','13','1341500135505'),(781,'1950','2562',240.00,'04','11','2019','09:26:27','2019-11-04','04/11/2019','1','8','0','15','1341500135505'),(782,'1995','2562',120.00,'04','11','2019','09:26:27','2019-11-04','04/11/2019','1','8','0','17','1341500135505'),(783,'1934','2562',10.00,'06','11','2019','09:10:38','2019-11-06','06/11/2019','1','8','0','2','1341500135505'),(784,'1935','2562',204.00,'06','11','2019','09:10:38','2019-11-06','06/11/2019','1','8','0','3','1341500135505'),(785,'1936','2562',5.00,'06','11','2019','09:10:38','2019-11-06','06/11/2019','1','8','0','4','1341500135505'),(786,'1937','2562',20.00,'06','11','2019','09:10:38','2019-11-06','06/11/2019','1','8','0','5','1341500135505'),(787,'1938','2562',10.00,'06','11','2019','09:10:38','2019-11-06','06/11/2019','1','8','0','6','1341500135505'),(788,'1940','2562',5.00,'06','11','2019','09:10:38','2019-11-06','06/11/2019','1','8','0','7','1341500135505'),(789,'1943','2562',10.00,'06','11','2019','09:10:38','2019-11-06','06/11/2019','1','8','0','10','1341500135505'),(790,'1944','2562',40.00,'06','11','2019','09:10:38','2019-11-06','06/11/2019','1','8','0','11','1341500135505'),(791,'1946','2562',10.00,'06','11','2019','09:10:38','2019-11-06','06/11/2019','1','8','0','12','1341500135505'),(792,'1947','2562',10.00,'06','11','2019','09:10:38','2019-11-06','06/11/2019','1','8','0','13','1341500135505'),(793,'1949','2562',20.00,'06','11','2019','09:10:38','2019-11-06','06/11/2019','1','8','0','14','1341500135505'),(794,'1950','2562',10.00,'06','11','2019','09:10:38','2019-11-06','06/11/2019','1','8','0','15','1341500135505'),(795,'1995','2562',10.00,'06','11','2019','09:10:38','2019-11-06','06/11/2019','1','8','0','17','1341500135505'),(796,'1932','2562',5.00,'06','11','2019','09:14:22','2019-11-06','06/11/2019','1','8','0','1','1341500135505'),(797,'1934','2562',10.00,'06','11','2019','09:14:22','2019-11-06','06/11/2019','1','8','0','2','1341500135505'),(798,'1936','2562',5.00,'06','11','2019','09:14:22','2019-11-06','06/11/2019','1','8','0','4','1341500135505'),(799,'1937','2562',20.00,'06','11','2019','09:14:22','2019-11-06','06/11/2019','1','8','0','5','1341500135505'),(800,'1940','2562',10.00,'06','11','2019','09:14:22','2019-11-06','06/11/2019','1','8','0','7','1341500135505'),(801,'1942','2562',10.00,'06','11','2019','09:14:22','2019-11-06','06/11/2019','1','8','0','9','1341500135505'),(802,'1943','2562',5.00,'06','11','2019','09:14:22','2019-11-06','06/11/2019','1','8','0','10','1341500135505'),(803,'1944','2562',10.00,'06','11','2019','09:14:22','2019-11-06','06/11/2019','1','8','0','11','1341500135505'),(804,'1949','2562',20.00,'06','11','2019','09:14:22','2019-11-06','06/11/2019','1','8','0','14','1341500135505'),(805,'1950','2562',525.00,'06','11','2019','09:14:22','2019-11-06','06/11/2019','1','8','0','15','1341500135505'),(806,'1995','2562',20.00,'06','11','2019','09:14:22','2019-11-06','06/11/2019','1','8','0','17','1341500135505'),(807,'1934','2562',10.00,'07','11','2019','12:46:16','2019-11-07','07/11/2019','1','8','0','2','1341500135505'),(808,'1936','2562',10.00,'07','11','2019','12:46:16','2019-11-07','07/11/2019','1','8','0','4','1341500135505'),(809,'1940','2562',131.00,'07','11','2019','12:46:16','2019-11-07','07/11/2019','1','8','0','7','1341500135505'),(810,'1943','2562',5.00,'07','11','2019','12:46:16','2019-11-07','07/11/2019','1','8','0','10','1341500135505'),(811,'1944','2562',20.00,'07','11','2019','12:46:16','2019-11-07','07/11/2019','1','8','0','11','1341500135505'),(812,'1947','2562',10.00,'07','11','2019','12:46:16','2019-11-07','07/11/2019','1','8','0','13','1341500135505'),(813,'1949','2562',10.00,'07','11','2019','12:46:16','2019-11-07','07/11/2019','1','8','0','14','1341500135505'),(814,'1995','2562',10.00,'07','11','2019','12:46:16','2019-11-07','07/11/2019','1','8','0','17','1341500135505'),(815,'1976','2562',460.00,'07','11','2019','02:37:54','2019-11-07','07/11/2019','1','6','0','1','3349900662395'),(816,'1985','2562',145.00,'07','11','2019','02:37:54','2019-11-07','07/11/2019','1','6','0','2','3349900662395'),(817,'1977','2562',338.00,'07','11','2019','02:37:54','2019-11-07','07/11/2019','1','6','0','3','3349900662395'),(818,'1981','2562',50.00,'07','11','2019','02:37:54','2019-11-07','07/11/2019','1','6','0','4','3349900662395'),(819,'1979','2562',377.00,'07','11','2019','02:37:54','2019-11-07','07/11/2019','1','6','0','5','3349900662395'),(820,'1982','2562',87.00,'07','11','2019','02:37:54','2019-11-07','07/11/2019','1','6','0','6','3349900662395'),(821,'1980','2562',45.00,'07','11','2019','02:37:54','2019-11-07','07/11/2019','1','6','0','7','3349900662395'),(822,'1986','2562',5.00,'08','11','2019','09:18:11','2019-11-08','08/11/2019','1','5','0','1','3470800656459'),(823,'1987','2562',0.00,'08','11','2019','09:18:11','2019-11-08','08/11/2019','1','5','0','2','3470800656459'),(824,'1988','2562',5.00,'08','11','2019','09:18:11','2019-11-08','08/11/2019','1','5','0','3','3470800656459'),(825,'1989','2562',14.00,'08','11','2019','09:18:11','2019-11-08','08/11/2019','1','5','0','4','3470800656459'),(826,'1990','2562',80.00,'08','11','2019','09:18:11','2019-11-08','08/11/2019','1','5','0','5','3470800656459'),(827,'1991','2562',114.00,'08','11','2019','09:18:11','2019-11-08','08/11/2019','1','5','0','6','3470800656459'),(828,'1992','2562',54.00,'08','11','2019','09:18:11','2019-11-08','08/11/2019','1','5','0','7','3470800656459'),(829,'1993','2562',40.00,'08','11','2019','09:18:11','2019-11-08','08/11/2019','1','5','0','8','3470800656459'),(830,'1996','2562',102.00,'08','11','2019','09:18:11','2019-11-08','08/11/2019','1','5','0','9','3470800656459'),(831,'1934','2562',20.00,'08','11','2019','12:46:03','2019-11-08','08/11/2019','1','8','0','2','1341500135505'),(832,'1935','2562',20.00,'08','11','2019','12:46:03','2019-11-08','08/11/2019','1','8','0','3','1341500135505'),(833,'1936','2562',10.00,'08','11','2019','12:46:03','2019-11-08','08/11/2019','1','8','0','4','1341500135505'),(834,'1938','2562',20.00,'08','11','2019','12:46:03','2019-11-08','08/11/2019','1','8','0','6','1341500135505'),(835,'1943','2562',5.00,'08','11','2019','12:46:03','2019-11-08','08/11/2019','1','8','0','10','1341500135505'),(836,'1944','2562',21.00,'08','11','2019','12:46:03','2019-11-08','08/11/2019','1','8','0','11','1341500135505'),(837,'1949','2562',10.00,'08','11','2019','12:46:03','2019-11-08','08/11/2019','1','8','0','14','1341500135505'),(838,'1995','2562',10.00,'08','11','2019','12:46:03','2019-11-08','08/11/2019','1','8','0','17','1341500135505'),(839,'1932','2562',15.00,'11','11','2019','09:14:06','2019-11-11','11/11/2019','1','8','0','1','1341500135505'),(840,'1935','2562',20.00,'11','11','2019','09:14:06','2019-11-11','11/11/2019','1','8','0','3','1341500135505'),(841,'1936','2562',10.00,'11','11','2019','09:14:06','2019-11-11','11/11/2019','1','8','0','4','1341500135505'),(842,'1937','2562',20.00,'11','11','2019','09:14:06','2019-11-11','11/11/2019','1','8','0','5','1341500135505'),(843,'1940','2562',20.00,'11','11','2019','09:14:06','2019-11-11','11/11/2019','1','8','0','7','1341500135505'),(844,'1942','2562',21.00,'11','11','2019','09:14:06','2019-11-11','11/11/2019','1','8','0','9','1341500135505'),(845,'1943','2562',20.00,'11','11','2019','09:14:06','2019-11-11','11/11/2019','1','8','0','10','1341500135505'),(846,'1946','2562',10.00,'11','11','2019','09:14:06','2019-11-11','11/11/2019','1','8','0','12','1341500135505'),(847,'1947','2562',20.00,'11','11','2019','09:14:06','2019-11-11','11/11/2019','1','8','0','13','1341500135505'),(848,'1949','2562',10.00,'11','11','2019','09:14:06','2019-11-11','11/11/2019','1','8','0','14','1341500135505'),(849,'1995','2562',20.00,'11','11','2019','09:14:06','2019-11-11','11/11/2019','1','8','0','17','1341500135505'),(850,'1972','2562',5.00,'11','11','2019','09:15:43','2019-11-11','11/11/2019','1','8','0','16','1341500135505'),(851,'1932','2562',20.00,'14','11','2019','09:24:25','2019-11-14','14/11/2019','1','8','0','1','1341500135505'),(852,'1934','2562',30.00,'14','11','2019','09:24:25','2019-11-14','14/11/2019','1','8','0','2','1341500135505'),(853,'1935','2562',40.00,'14','11','2019','09:24:25','2019-11-14','14/11/2019','1','8','0','3','1341500135505'),(854,'1936','2562',5.00,'14','11','2019','09:24:25','2019-11-14','14/11/2019','1','8','0','4','1341500135505'),(855,'1937','2562',35.00,'14','11','2019','09:24:25','2019-11-14','14/11/2019','1','8','0','5','1341500135505'),(856,'1938','2562',3.00,'14','11','2019','09:24:25','2019-11-14','14/11/2019','1','8','0','6','1341500135505'),(857,'1940','2562',40.00,'14','11','2019','09:24:25','2019-11-14','14/11/2019','1','8','0','7','1341500135505'),(858,'1942','2562',35.00,'14','11','2019','09:24:25','2019-11-14','14/11/2019','1','8','0','9','1341500135505'),(859,'1943','2562',20.00,'14','11','2019','09:24:25','2019-11-14','14/11/2019','1','8','0','10','1341500135505'),(860,'1944','2562',20.00,'14','11','2019','09:24:25','2019-11-14','14/11/2019','1','8','0','11','1341500135505'),(861,'1946','2562',10.00,'14','11','2019','09:24:25','2019-11-14','14/11/2019','1','8','0','12','1341500135505'),(862,'1947','2562',17.00,'14','11','2019','09:24:25','2019-11-14','14/11/2019','1','8','0','13','1341500135505'),(863,'1949','2562',15.00,'14','11','2019','09:24:25','2019-11-14','14/11/2019','1','8','0','14','1341500135505'),(864,'1995','2562',20.00,'14','11','2019','09:24:25','2019-11-14','14/11/2019','1','8','0','17','1341500135505'),(865,'1935','2562',15.00,'15','11','2019','08:57:03','2019-11-15','15/11/2019','1','8','0','3','1341500135505'),(866,'1936','2562',5.00,'15','11','2019','08:57:03','2019-11-15','15/11/2019','1','8','0','4','1341500135505'),(867,'1937','2562',25.00,'15','11','2019','08:57:03','2019-11-15','15/11/2019','1','8','0','5','1341500135505'),(868,'1938','2562',27.00,'15','11','2019','08:57:03','2019-11-15','15/11/2019','1','8','0','6','1341500135505'),(869,'1940','2562',10.00,'15','11','2019','08:57:03','2019-11-15','15/11/2019','1','8','0','7','1341500135505'),(870,'1942','2562',20.00,'15','11','2019','08:57:03','2019-11-15','15/11/2019','1','8','0','9','1341500135505'),(871,'1943','2562',10.00,'15','11','2019','08:57:03','2019-11-15','15/11/2019','1','8','0','10','1341500135505'),(872,'1946','2562',10.00,'15','11','2019','08:57:03','2019-11-15','15/11/2019','1','8','0','12','1341500135505'),(873,'1947','2562',20.00,'15','11','2019','08:57:03','2019-11-15','15/11/2019','1','8','0','13','1341500135505'),(874,'1949','2562',10.00,'15','11','2019','08:57:03','2019-11-15','15/11/2019','1','8','0','14','1341500135505'),(875,'1950','2562',15.00,'15','11','2019','08:57:03','2019-11-15','15/11/2019','1','8','0','15','1341500135505'),(876,'1995','2562',10.00,'15','11','2019','08:57:03','2019-11-15','15/11/2019','1','8','0','17','1341500135505'),(877,'1932','2562',110.00,'18','11','2019','09:09:39','2019-11-18','18/11/2019','1','8','0','1','1341500135505'),(878,'1934','2562',30.00,'18','11','2019','09:09:39','2019-11-18','18/11/2019','1','8','0','2','1341500135505'),(879,'1937','2562',40.00,'18','11','2019','09:09:39','2019-11-18','18/11/2019','1','8','0','5','1341500135505'),(880,'1940','2562',23.00,'18','11','2019','09:09:39','2019-11-18','18/11/2019','1','8','0','7','1341500135505'),(881,'1942','2562',160.00,'18','11','2019','09:09:39','2019-11-18','18/11/2019','1','8','0','9','1341500135505'),(882,'1943','2562',5.00,'18','11','2019','09:09:39','2019-11-18','18/11/2019','1','8','0','10','1341500135505'),(883,'1944','2562',8.00,'18','11','2019','09:09:39','2019-11-18','18/11/2019','1','8','0','11','1341500135505'),(884,'1946','2562',10.00,'18','11','2019','09:09:39','2019-11-18','18/11/2019','1','8','0','12','1341500135505'),(885,'1947','2562',5.00,'18','11','2019','09:09:39','2019-11-18','18/11/2019','1','8','0','13','1341500135505'),(886,'1949','2562',5.00,'18','11','2019','09:09:39','2019-11-18','18/11/2019','1','8','0','14','1341500135505'),(887,'1950','2562',25.00,'18','11','2019','09:09:39','2019-11-18','18/11/2019','1','8','0','15','1341500135505'),(888,'1995','2562',10.00,'18','11','2019','09:09:39','2019-11-18','18/11/2019','1','8','0','17','1341500135505'),(889,'1986','2562',5.00,'18','11','2019','01:19:06','2019-11-18','18/11/2019','1','5','0','1','3470800656459'),(890,'1987','2562',0.00,'18','11','2019','01:19:06','2019-11-18','18/11/2019','1','5','0','2','3470800656459'),(891,'1988','2562',0.00,'18','11','2019','01:19:06','2019-11-18','18/11/2019','1','5','0','3','3470800656459'),(892,'1989','2562',0.00,'18','11','2019','01:19:06','2019-11-18','18/11/2019','1','5','0','4','3470800656459'),(893,'1990','2562',80.00,'18','11','2019','01:19:06','2019-11-18','18/11/2019','1','5','0','5','3470800656459'),(894,'1991','2562',96.00,'18','11','2019','01:19:06','2019-11-18','18/11/2019','1','5','0','6','3470800656459'),(895,'1992','2562',15.00,'18','11','2019','01:19:06','2019-11-18','18/11/2019','1','5','0','7','3470800656459'),(896,'1993','2562',50.00,'18','11','2019','01:19:06','2019-11-18','18/11/2019','1','5','0','8','3470800656459'),(897,'1996','2562',50.00,'18','11','2019','01:19:06','2019-11-18','18/11/2019','1','5','0','9','3470800656459'),(898,'1976','2562',30.00,'19','11','2019','10:49:58','2019-11-19','19/11/2019','1','6','0','1','3349900662395'),(899,'1985','2562',125.00,'19','11','2019','10:49:58','2019-11-19','19/11/2019','1','6','0','2','3349900662395'),(900,'1977','2562',189.00,'19','11','2019','10:49:58','2019-11-19','19/11/2019','1','6','0','3','3349900662395'),(901,'1981','2562',73.00,'19','11','2019','10:49:58','2019-11-19','19/11/2019','1','6','0','4','3349900662395'),(902,'1979','2562',235.00,'19','11','2019','10:49:58','2019-11-19','19/11/2019','1','6','0','5','3349900662395'),(903,'1982','2562',152.00,'19','11','2019','10:49:58','2019-11-19','19/11/2019','1','6','0','6','3349900662395'),(904,'1980','2562',55.00,'19','11','2019','10:49:58','2019-11-19','19/11/2019','1','6','0','7','3349900662395'),(905,'1932','2562',40.00,'19','11','2019','12:43:53','2019-11-19','19/11/2019','1','8','0','1','1341500135505'),(906,'1940','2562',15.00,'19','11','2019','12:43:53','2019-11-19','19/11/2019','1','8','0','7','1341500135505'),(907,'1943','2562',5.00,'19','11','2019','12:43:53','2019-11-19','19/11/2019','1','8','0','10','1341500135505'),(908,'1949','2562',10.00,'19','11','2019','12:43:53','2019-11-19','19/11/2019','1','8','0','14','1341500135505'),(909,'1995','2562',10.00,'19','11','2019','12:43:53','2019-11-19','19/11/2019','1','8','0','17','1341500135505'),(910,'1942','2562',100.00,'21','11','2019','01:27:19','2019-11-21','21/11/2019','1','8','0','9','1341500135505'),(911,'1934','2562',5.00,'22','11','2019','11:26:10','2019-11-22','22/11/2019','1','8','0','2','1341500135505'),(912,'1937','2562',10.00,'22','11','2019','11:26:10','2019-11-22','22/11/2019','1','8','0','5','1341500135505'),(913,'1943','2562',5.00,'22','11','2019','11:26:10','2019-11-22','22/11/2019','1','8','0','10','1341500135505'),(914,'1946','2562',5.00,'22','11','2019','11:26:10','2019-11-22','22/11/2019','1','8','0','12','1341500135505'),(915,'1947','2562',5.00,'22','11','2019','11:26:10','2019-11-22','22/11/2019','1','8','0','13','1341500135505'),(916,'1995','2562',5.00,'22','11','2019','11:26:10','2019-11-22','22/11/2019','1','8','0','17','1341500135505'),(917,'1976','2562',65.00,'22','11','2019','01:22:06','2019-11-22','22/11/2019','1','6','0','1','3349900662395'),(918,'1985','2562',30.00,'22','11','2019','01:22:06','2019-11-22','22/11/2019','1','6','0','2','3349900662395'),(919,'1977','2562',36.00,'22','11','2019','01:22:06','2019-11-22','22/11/2019','1','6','0','3','3349900662395'),(920,'1981','2562',12.00,'22','11','2019','01:22:06','2019-11-22','22/11/2019','1','6','0','4','3349900662395'),(921,'1979','2562',75.00,'22','11','2019','01:22:06','2019-11-22','22/11/2019','1','6','0','5','3349900662395'),(922,'1982','2562',10.00,'22','11','2019','01:22:06','2019-11-22','22/11/2019','1','6','0','6','3349900662395'),(923,'1980','2562',10.00,'22','11','2019','01:22:06','2019-11-22','22/11/2019','1','6','0','7','3349900662395'),(924,'1986','2562',0.00,'24','11','2019','11:18:12','2019-11-24','24/11/2019','1','5','0','1','3470800656459'),(925,'1987','2562',0.00,'24','11','2019','11:18:12','2019-11-24','24/11/2019','1','5','0','2','3470800656459'),(926,'1988','2562',0.00,'24','11','2019','11:18:12','2019-11-24','24/11/2019','1','5','0','3','3470800656459'),(927,'1989','2562',0.00,'24','11','2019','11:18:12','2019-11-24','24/11/2019','1','5','0','4','3470800656459'),(928,'1990','2562',80.00,'24','11','2019','11:18:12','2019-11-24','24/11/2019','1','5','0','5','3470800656459'),(929,'1991','2562',15.00,'24','11','2019','11:18:12','2019-11-24','24/11/2019','1','5','0','6','3470800656459'),(930,'1992','2562',25.00,'24','11','2019','11:18:12','2019-11-24','24/11/2019','1','5','0','7','3470800656459'),(931,'1993','2562',37.00,'24','11','2019','11:18:12','2019-11-24','24/11/2019','1','5','0','8','3470800656459'),(932,'1996','2562',10.00,'24','11','2019','11:18:12','2019-11-24','24/11/2019','1','5','0','9','3470800656459'),(933,'1937','2562',50.00,'28','11','2019','10:57:54','2019-11-28','28/11/2019','1','8','0','5','1341500135505'),(934,'1995','2562',25.00,'28','11','2019','10:57:54','2019-11-28','28/11/2019','1','8','0','17','1341500135505'),(935,'1932','2562',10.00,'06','01','2020','10:03:30','2020-01-06','06/01/2020','1','8','0','1','1341500135505'),(936,'1934','2562',1.00,'06','01','2020','10:03:30','2020-01-06','06/01/2020','1','8','0','2','1341500135505'),(937,'1937','2562',23.00,'06','01','2020','10:03:30','2020-01-06','06/01/2020','1','8','0','5','1341500135505'),(938,'1938','2562',1.00,'06','01','2020','10:03:30','2020-01-06','06/01/2020','1','8','0','6','1341500135505'),(939,'1940','2562',15.00,'06','01','2020','10:03:30','2020-01-06','06/01/2020','1','8','0','7','1341500135505'),(940,'1942','2562',100.00,'06','01','2020','10:03:30','2020-01-06','06/01/2020','1','8','0','9','1341500135505'),(941,'1943','2562',5.00,'06','01','2020','10:03:30','2020-01-06','06/01/2020','1','8','0','10','1341500135505'),(942,'1944','2562',5.00,'06','01','2020','10:03:30','2020-01-06','06/01/2020','1','8','0','11','1341500135505'),(943,'1949','2562',10.00,'06','01','2020','10:03:30','2020-01-06','06/01/2020','1','8','0','14','1341500135505'),(944,'1995','2562',15.00,'06','01','2020','10:03:30','2020-01-06','06/01/2020','1','8','0','17','1341500135505'),(945,'1935','2562',50.00,'06','01','2020','10:07:10','2020-01-06','06/01/2020','2','8','0','3','1341500135505'),(946,'1936','2562',360.00,'06','01','2020','10:07:33','2020-01-06','06/01/2020','2','8','0','4','1341500135505'),(947,'1946','2562',200.00,'06','01','2020','10:08:13','2020-01-06','06/01/2020','2','8','0','12','1341500135505'),(948,'1950','2562',200.00,'06','01','2020','10:08:33','2020-01-06','06/01/2020','2','8','0','15','1341500135505'),(949,'1942','2562',80.00,'06','01','2020','10:09:52','2020-01-06','06/01/2020','1','8','0','9','1341500135505'),(950,'1947','2562',200.00,'06','01','2020','10:10:27','2020-01-06','06/01/2020','2','8','0','13','1341500135505'),(951,'1934','2562',80.00,'08','01','2020','09:32:43','2020-01-08','08/01/2020','1','8','0','2','1341500135505'),(952,'1935','2562',15.00,'08','01','2020','09:32:43','2020-01-08','08/01/2020','1','8','0','3','1341500135505'),(953,'1937','2562',5.00,'08','01','2020','09:32:43','2020-01-08','08/01/2020','1','8','0','5','1341500135505'),(954,'1938','2562',25.00,'08','01','2020','09:32:43','2020-01-08','08/01/2020','1','8','0','6','1341500135505'),(955,'1940','2562',6.00,'08','01','2020','09:32:43','2020-01-08','08/01/2020','1','8','0','7','1341500135505'),(956,'1942','2562',10.00,'08','01','2020','09:32:43','2020-01-08','08/01/2020','1','8','0','9','1341500135505'),(957,'1943','2562',5.00,'08','01','2020','09:32:43','2020-01-08','08/01/2020','1','8','0','10','1341500135505'),(958,'1949','2562',10.00,'08','01','2020','09:32:43','2020-01-08','08/01/2020','1','8','0','14','1341500135505'),(959,'1995','2562',30.00,'08','01','2020','09:32:43','2020-01-08','08/01/2020','1','8','0','17','1341500135505'),(960,'1934','2562',40.00,'17','01','2020','09:20:44','2020-01-17','17/01/2020','1','8','0','2','1341500135505'),(961,'1936','2562',50.00,'17','01','2020','09:20:44','2020-01-17','17/01/2020','1','8','0','4','1341500135505'),(962,'1937','2562',20.00,'17','01','2020','09:20:44','2020-01-17','17/01/2020','1','8','0','5','1341500135505'),(963,'1938','2562',10.00,'17','01','2020','09:20:44','2020-01-17','17/01/2020','1','8','0','6','1341500135505'),(964,'1940','2562',5.00,'17','01','2020','09:20:44','2020-01-17','17/01/2020','1','8','0','7','1341500135505'),(965,'1942','2562',15.00,'17','01','2020','09:20:44','2020-01-17','17/01/2020','1','8','0','9','1341500135505'),(966,'1943','2562',10.00,'17','01','2020','09:20:44','2020-01-17','17/01/2020','1','8','0','10','1341500135505'),(967,'1944','2562',30.00,'17','01','2020','09:20:44','2020-01-17','17/01/2020','1','8','0','11','1341500135505'),(968,'1947','2562',10.00,'17','01','2020','09:20:44','2020-01-17','17/01/2020','1','8','0','13','1341500135505'),(969,'1949','2562',20.00,'17','01','2020','09:20:44','2020-01-17','17/01/2020','1','8','0','14','1341500135505'),(970,'1995','2562',25.00,'17','01','2020','09:20:44','2020-01-17','17/01/2020','1','8','0','17','1341500135505'),(971,'1932','2562',15.00,'17','01','2020','09:27:27','2020-01-17','17/01/2020','1','8','0','1','1341500135505'),(972,'1934','2562',200.00,'17','01','2020','09:27:27','2020-01-17','17/01/2020','1','8','0','2','1341500135505'),(973,'1937','2562',32.00,'17','01','2020','09:27:27','2020-01-17','17/01/2020','1','8','0','5','1341500135505'),(974,'1938','2562',55.00,'17','01','2020','09:27:27','2020-01-17','17/01/2020','1','8','0','6','1341500135505'),(975,'1940','2562',20.00,'17','01','2020','09:27:27','2020-01-17','17/01/2020','1','8','0','7','1341500135505'),(976,'1943','2562',10.00,'17','01','2020','09:27:27','2020-01-17','17/01/2020','1','8','0','10','1341500135505'),(977,'1944','2562',65.00,'17','01','2020','09:27:27','2020-01-17','17/01/2020','1','8','0','11','1341500135505'),(978,'1947','2562',30.00,'17','01','2020','09:27:27','2020-01-17','17/01/2020','1','8','0','13','1341500135505'),(979,'1949','2562',54.00,'17','01','2020','09:27:27','2020-01-17','17/01/2020','1','8','0','14','1341500135505'),(980,'1995','2562',230.00,'17','01','2020','09:27:27','2020-01-17','17/01/2020','1','8','0','17','1341500135505'),(981,'1935','2562',200.00,'17','01','2020','09:31:00','2020-01-17','17/01/2020','2','8','0','3','1341500135505'),(982,'1940','2562',5.00,'17','01','2020','09:31:21','2020-01-17','17/01/2020','2','8','0','7','1341500135505'),(983,'1934','2562',41.00,'21','01','2020','09:15:17','2020-01-21','21/01/2020','1','8','0','2','1341500135505'),(984,'1935','2562',195.00,'21','01','2020','09:15:17','2020-01-21','21/01/2020','1','8','0','3','1341500135505'),(985,'1936','2562',70.00,'21','01','2020','09:15:17','2020-01-21','21/01/2020','1','8','0','4','1341500135505'),(986,'1937','2562',40.00,'21','01','2020','09:15:17','2020-01-21','21/01/2020','1','8','0','5','1341500135505'),(987,'1938','2562',40.00,'21','01','2020','09:15:17','2020-01-21','21/01/2020','1','8','0','6','1341500135505'),(988,'1940','2562',35.00,'21','01','2020','09:15:17','2020-01-21','21/01/2020','1','8','0','7','1341500135505'),(989,'1942','2562',20.00,'21','01','2020','09:15:17','2020-01-21','21/01/2020','1','8','0','9','1341500135505'),(990,'1943','2562',15.00,'21','01','2020','09:15:17','2020-01-21','21/01/2020','1','8','0','10','1341500135505'),(991,'1944','2562',40.00,'21','01','2020','09:15:17','2020-01-21','21/01/2020','1','8','0','11','1341500135505'),(992,'1947','2562',20.00,'21','01','2020','09:15:17','2020-01-21','21/01/2020','1','8','0','13','1341500135505'),(993,'1949','2562',15.00,'21','01','2020','09:15:17','2020-01-21','21/01/2020','1','8','0','14','1341500135505'),(994,'1995','2562',30.00,'21','01','2020','09:15:17','2020-01-21','21/01/2020','1','8','0','17','1341500135505'),(995,'1934','2562',5.00,'22','01','2020','10:22:14','2020-01-22','22/01/2020','1','8','0','2','1341500135505'),(996,'1935','2562',100.00,'22','01','2020','10:22:14','2020-01-22','22/01/2020','1','8','0','3','1341500135505'),(997,'1938','2562',30.00,'22','01','2020','10:22:14','2020-01-22','22/01/2020','1','8','0','6','1341500135505'),(998,'1940','2562',10.00,'22','01','2020','10:22:14','2020-01-22','22/01/2020','1','8','0','7','1341500135505'),(999,'1943','2562',5.00,'22','01','2020','10:22:14','2020-01-22','22/01/2020','1','8','0','10','1341500135505'),(1000,'1947','2562',11.00,'22','01','2020','10:22:14','2020-01-22','22/01/2020','1','8','0','13','1341500135505'),(1001,'1949','2562',10.00,'22','01','2020','10:22:14','2020-01-22','22/01/2020','1','8','0','14','1341500135505'),(1002,'1995','2562',20.00,'22','01','2020','10:22:14','2020-01-22','22/01/2020','1','8','0','17','1341500135505'),(1003,'1934','2562',60.00,'23','01','2020','10:09:31','2020-01-23','23/01/2020','1','8','0','2','1341500135505'),(1004,'1935','2562',100.00,'23','01','2020','10:09:31','2020-01-23','23/01/2020','1','8','0','3','1341500135505'),(1005,'1937','2562',15.00,'23','01','2020','10:09:31','2020-01-23','23/01/2020','1','8','0','5','1341500135505'),(1006,'1938','2562',20.00,'23','01','2020','10:09:31','2020-01-23','23/01/2020','1','8','0','6','1341500135505'),(1007,'1942','2562',5.00,'23','01','2020','10:09:31','2020-01-23','23/01/2020','1','8','0','9','1341500135505'),(1008,'1943','2562',5.00,'23','01','2020','10:09:31','2020-01-23','23/01/2020','1','8','0','10','1341500135505'),(1009,'1944','2562',41.00,'23','01','2020','10:09:31','2020-01-23','23/01/2020','1','8','0','11','1341500135505'),(1010,'1947','2562',10.00,'23','01','2020','10:09:31','2020-01-23','23/01/2020','1','8','0','13','1341500135505'),(1011,'1949','2562',10.00,'23','01','2020','10:09:31','2020-01-23','23/01/2020','1','8','0','14','1341500135505'),(1012,'1995','2562',10.00,'23','01','2020','10:09:31','2020-01-23','23/01/2020','1','8','0','17','1341500135505'),(1013,'1934','2562',20.00,'24','01','2020','09:47:02','2020-01-24','24/01/2020','1','8','0','2','1341500135505'),(1014,'1935','2562',55.00,'24','01','2020','09:47:02','2020-01-24','24/01/2020','1','8','0','3','1341500135505'),(1015,'1936','2562',15.00,'24','01','2020','09:47:02','2020-01-24','24/01/2020','1','8','0','4','1341500135505'),(1016,'1937','2562',25.00,'24','01','2020','09:47:02','2020-01-24','24/01/2020','1','8','0','5','1341500135505'),(1017,'1938','2562',5.00,'24','01','2020','09:47:02','2020-01-24','24/01/2020','1','8','0','6','1341500135505'),(1018,'1942','2562',30.00,'24','01','2020','09:47:02','2020-01-24','24/01/2020','1','8','0','9','1341500135505'),(1019,'1943','2562',5.00,'24','01','2020','09:47:02','2020-01-24','24/01/2020','1','8','0','10','1341500135505'),(1020,'1947','2562',20.00,'24','01','2020','09:47:02','2020-01-24','24/01/2020','1','8','0','13','1341500135505'),(1021,'1949','2562',10.00,'24','01','2020','09:47:02','2020-01-24','24/01/2020','1','8','0','14','1341500135505'),(1022,'1995','2562',20.00,'24','01','2020','09:47:02','2020-01-24','24/01/2020','1','8','0','17','1341500135505'),(1023,'1932','2562',100.00,'27','01','2020','09:21:30','2020-01-27','27/01/2020','1','8','0','1','1341500135505'),(1024,'1934','2562',40.00,'27','01','2020','09:21:30','2020-01-27','27/01/2020','1','8','0','2','1341500135505'),(1025,'1935','2562',90.00,'27','01','2020','09:21:30','2020-01-27','27/01/2020','1','8','0','3','1341500135505'),(1026,'1937','2562',40.00,'27','01','2020','09:21:30','2020-01-27','27/01/2020','1','8','0','5','1341500135505'),(1027,'1938','2562',40.00,'27','01','2020','09:21:30','2020-01-27','27/01/2020','1','8','0','6','1341500135505'),(1028,'1942','2562',120.00,'27','01','2020','09:21:30','2020-01-27','27/01/2020','1','8','0','9','1341500135505'),(1029,'1943','2562',5.00,'27','01','2020','09:21:30','2020-01-27','27/01/2020','1','8','0','10','1341500135505'),(1030,'1947','2562',10.00,'27','01','2020','09:21:30','2020-01-27','27/01/2020','1','8','0','13','1341500135505'),(1031,'1949','2562',5.00,'27','01','2020','09:21:30','2020-01-27','27/01/2020','1','8','0','14','1341500135505'),(1032,'1995','2562',50.00,'27','01','2020','09:21:30','2020-01-27','27/01/2020','1','8','0','17','1341500135505'),(1033,'1934','2562',80.00,'29','01','2020','08:49:29','2020-01-29','29/01/2020','1','8','0','2','1341500135505'),(1034,'1935','2562',100.00,'29','01','2020','08:49:29','2020-01-29','29/01/2020','1','8','0','3','1341500135505'),(1035,'1937','2562',55.00,'29','01','2020','08:49:29','2020-01-29','29/01/2020','1','8','0','5','1341500135505'),(1036,'1938','2562',30.00,'29','01','2020','08:49:29','2020-01-29','29/01/2020','1','8','0','6','1341500135505'),(1037,'1940','2562',90.00,'29','01','2020','08:49:29','2020-01-29','29/01/2020','1','8','0','7','1341500135505'),(1038,'1942','2562',50.00,'29','01','2020','08:49:29','2020-01-29','29/01/2020','1','8','0','9','1341500135505'),(1039,'1943','2562',10.00,'29','01','2020','08:49:29','2020-01-29','29/01/2020','1','8','0','10','1341500135505'),(1040,'1944','2562',40.00,'29','01','2020','08:49:29','2020-01-29','29/01/2020','1','8','0','11','1341500135505'),(1041,'1947','2562',15.00,'29','01','2020','08:49:29','2020-01-29','29/01/2020','1','8','0','13','1341500135505'),(1042,'1949','2562',5.00,'29','01','2020','08:49:29','2020-01-29','29/01/2020','1','8','0','14','1341500135505'),(1043,'1995','2562',70.00,'29','01','2020','08:49:29','2020-01-29','29/01/2020','1','8','0','17','1341500135505'),(1044,'1934','2562',30.00,'30','01','2020','11:01:33','2020-01-30','30/01/2020','1','8','0','2','1341500135505'),(1045,'1935','2562',20.00,'30','01','2020','11:01:33','2020-01-30','30/01/2020','1','8','0','3','1341500135505'),(1046,'1937','2562',120.00,'30','01','2020','11:01:33','2020-01-30','30/01/2020','1','8','0','5','1341500135505'),(1047,'1938','2562',95.00,'30','01','2020','11:01:33','2020-01-30','30/01/2020','1','8','0','6','1341500135505'),(1048,'1940','2562',10.00,'30','01','2020','11:01:33','2020-01-30','30/01/2020','1','8','0','7','1341500135505'),(1049,'1942','2562',70.00,'30','01','2020','11:01:33','2020-01-30','30/01/2020','1','8','0','9','1341500135505'),(1050,'1943','2562',5.00,'30','01','2020','11:01:33','2020-01-30','30/01/2020','1','8','0','10','1341500135505'),(1051,'1949','2562',5.00,'30','01','2020','11:01:33','2020-01-30','30/01/2020','1','8','0','14','1341500135505'),(1052,'1995','2562',20.00,'30','01','2020','11:01:33','2020-01-30','30/01/2020','1','8','0','17','1341500135505'),(1053,'1932','2562',60.00,'31','01','2020','10:57:08','2020-01-31','31/01/2020','1','8','0','1','1341500135505'),(1054,'1934','2562',40.00,'31','01','2020','10:57:08','2020-01-31','31/01/2020','1','8','0','2','1341500135505'),(1055,'1937','2562',25.00,'31','01','2020','10:57:08','2020-01-31','31/01/2020','1','8','0','5','1341500135505'),(1056,'1938','2562',15.00,'31','01','2020','10:57:08','2020-01-31','31/01/2020','1','8','0','6','1341500135505'),(1057,'1940','2562',10.00,'31','01','2020','10:57:08','2020-01-31','31/01/2020','1','8','0','7','1341500135505'),(1058,'1942','2562',10.00,'31','01','2020','10:57:08','2020-01-31','31/01/2020','1','8','0','9','1341500135505'),(1059,'1943','2562',10.00,'31','01','2020','10:57:08','2020-01-31','31/01/2020','1','8','0','10','1341500135505'),(1060,'1947','2562',10.00,'31','01','2020','10:57:08','2020-01-31','31/01/2020','1','8','0','13','1341500135505'),(1061,'1995','2562',120.00,'31','01','2020','10:57:08','2020-01-31','31/01/2020','1','8','0','17','1341500135505'),(1062,'1932','2562',10.00,'17','02','2020','09:34:27','2020-02-17','17/02/2020','1','8','0','1','1341500135505'),(1063,'1934','2562',10.00,'17','02','2020','09:34:27','2020-02-17','17/02/2020','1','8','0','2','1341500135505'),(1064,'1935','2562',105.00,'17','02','2020','09:34:27','2020-02-17','17/02/2020','1','8','0','3','1341500135505'),(1065,'1937','2562',340.00,'17','02','2020','09:34:27','2020-02-17','17/02/2020','1','8','0','5','1341500135505'),(1066,'1938','2562',204.00,'17','02','2020','09:34:27','2020-02-17','17/02/2020','1','8','0','6','1341500135505'),(1067,'1940','2562',25.00,'17','02','2020','09:34:27','2020-02-17','17/02/2020','1','8','0','7','1341500135505'),(1068,'1942','2562',500.00,'17','02','2020','09:34:27','2020-02-17','17/02/2020','1','8','0','9','1341500135505'),(1069,'1943','2562',46.00,'17','02','2020','09:34:27','2020-02-17','17/02/2020','1','8','0','10','1341500135505'),(1070,'1944','2562',80.00,'17','02','2020','09:34:27','2020-02-17','17/02/2020','1','8','0','11','1341500135505'),(1071,'1946','2562',22.00,'17','02','2020','09:34:27','2020-02-17','17/02/2020','1','8','0','12','1341500135505'),(1072,'1947','2562',50.00,'17','02','2020','09:34:27','2020-02-17','17/02/2020','1','8','0','13','1341500135505'),(1073,'1949','2562',31.00,'17','02','2020','09:34:27','2020-02-17','17/02/2020','1','8','0','14','1341500135505'),(1074,'1995','2562',275.00,'17','02','2020','09:34:27','2020-02-17','17/02/2020','1','8','0','17','1341500135505'),(1075,'1932','2562',412.00,'17','02','2020','09:36:34','2020-02-17','17/02/2020','1','8','0','1','1341500135505'),(1076,'1934','2562',100.00,'17','02','2020','09:36:34','2020-02-17','17/02/2020','1','8','0','2','1341500135505'),(1077,'1949','2562',5.00,'17','02','2020','09:38:27','2020-02-17','17/02/2020','2','8','0','14','1341500135505'),(1078,'1995','2562',30.00,'17','02','2020','09:38:47','2020-02-17','17/02/2020','2','8','0','17','1341500135505'),(1079,'1942','2562',20.00,'18','02','2020','12:51:44','2020-02-18','18/02/2020','1','8','0','9','1341500135505'),(1080,'1949','2562',5.00,'18','02','2020','12:51:44','2020-02-18','18/02/2020','1','8','0','14','1341500135505'),(1081,'1995','2562',20.00,'18','02','2020','12:51:44','2020-02-18','18/02/2020','1','8','0','17','1341500135505'),(1082,'1934','2562',10.00,'19','02','2020','12:49:57','2020-02-19','19/02/2020','1','8','0','2','1341500135505'),(1083,'1937','2562',60.00,'19','02','2020','12:49:57','2020-02-19','19/02/2020','1','8','0','5','1341500135505'),(1084,'1938','2562',30.00,'19','02','2020','12:49:57','2020-02-19','19/02/2020','1','8','0','6','1341500135505'),(1085,'1942','2562',100.00,'19','02','2020','12:49:57','2020-02-19','19/02/2020','1','8','0','9','1341500135505'),(1086,'1949','2562',10.00,'19','02','2020','12:49:57','2020-02-19','19/02/2020','1','8','0','14','1341500135505'),(1087,'1995','2562',50.00,'19','02','2020','12:49:57','2020-02-19','19/02/2020','1','8','0','17','1341500135505'),(1088,'1932','2562',140.00,'24','02','2020','10:22:00','2020-02-24','24/02/2020','1','8','0','1','1341500135505'),(1089,'1934','2562',20.00,'24','02','2020','10:22:00','2020-02-24','24/02/2020','1','8','0','2','1341500135505'),(1090,'1937','2562',20.00,'24','02','2020','10:22:00','2020-02-24','24/02/2020','1','8','0','5','1341500135505'),(1091,'1938','2562',40.00,'24','02','2020','10:22:00','2020-02-24','24/02/2020','1','8','0','6','1341500135505'),(1092,'1942','2562',300.00,'24','02','2020','10:22:00','2020-02-24','24/02/2020','1','8','0','9','1341500135505'),(1093,'1943','2562',5.00,'24','02','2020','10:22:00','2020-02-24','24/02/2020','1','8','0','10','1341500135505'),(1094,'1949','2562',10.00,'24','02','2020','10:22:00','2020-02-24','24/02/2020','1','8','0','14','1341500135505'),(1095,'1995','2562',50.00,'24','02','2020','10:22:00','2020-02-24','24/02/2020','1','8','0','17','1341500135505'),(1096,'1935','2562',35.00,'24','02','2020','10:22:37','2020-02-24','24/02/2020','2','8','0','3','1341500135505'),(1097,'1934','2562',20.00,'25','02','2020','12:41:46','2020-02-25','25/02/2020','1','8','0','2','1341500135505'),(1098,'1935','2562',35.00,'25','02','2020','12:41:46','2020-02-25','25/02/2020','1','8','0','3','1341500135505'),(1099,'1936','2562',10.00,'25','02','2020','12:41:46','2020-02-25','25/02/2020','1','8','0','4','1341500135505'),(1100,'1937','2562',150.00,'25','02','2020','12:41:46','2020-02-25','25/02/2020','1','8','0','5','1341500135505'),(1101,'1938','2562',140.00,'25','02','2020','12:41:46','2020-02-25','25/02/2020','1','8','0','6','1341500135505'),(1102,'1942','2562',60.00,'25','02','2020','12:41:46','2020-02-25','25/02/2020','1','8','0','9','1341500135505'),(1103,'1943','2562',5.00,'25','02','2020','12:41:46','2020-02-25','25/02/2020','1','8','0','10','1341500135505'),(1104,'1949','2562',5.00,'25','02','2020','12:41:46','2020-02-25','25/02/2020','1','8','0','14','1341500135505'),(1105,'1995','2562',50.00,'25','02','2020','12:41:46','2020-02-25','25/02/2020','1','8','0','17','1341500135505'),(1106,'1934','2562',20.00,'26','02','2020','10:34:11','2020-02-26','26/02/2020','1','8','0','2','1341500135505'),(1107,'1935','2562',20.00,'26','02','2020','10:34:11','2020-02-26','26/02/2020','1','8','0','3','1341500135505'),(1108,'1937','2562',130.00,'26','02','2020','10:34:11','2020-02-26','26/02/2020','1','8','0','5','1341500135505'),(1109,'1938','2562',105.00,'26','02','2020','10:34:11','2020-02-26','26/02/2020','1','8','0','6','1341500135505'),(1110,'1943','2562',5.00,'26','02','2020','10:34:11','2020-02-26','26/02/2020','1','8','0','10','1341500135505'),(1111,'1949','2562',5.00,'26','02','2020','10:34:11','2020-02-26','26/02/2020','1','8','0','14','1341500135505'),(1112,'1995','2562',30.00,'26','02','2020','10:34:11','2020-02-26','26/02/2020','1','8','0','17','1341500135505'),(1113,'1950','2562',70.00,'26','02','2020','10:34:34','2020-02-26','26/02/2020','2','8','0','15','1341500135505'),(1114,'1936','2562',145.00,'26','02','2020','10:34:59','2020-02-26','26/02/2020','2','8','0','4','1341500135505'),(1115,'1946','2562',350.00,'26','02','2020','10:35:29','2020-02-26','26/02/2020','2','8','0','12','1341500135505'),(1116,'1934','2562',40.00,'27','02','2020','09:02:34','2020-02-27','27/02/2020','1','8','0','2','1341500135505'),(1117,'1938','2562',15.00,'27','02','2020','09:02:34','2020-02-27','27/02/2020','1','8','0','6','1341500135505'),(1118,'1940','2562',20.00,'27','02','2020','09:02:34','2020-02-27','27/02/2020','1','8','0','7','1341500135505'),(1119,'1942','2562',20.00,'27','02','2020','09:02:34','2020-02-27','27/02/2020','1','8','0','9','1341500135505'),(1120,'1947','2562',20.00,'27','02','2020','09:02:34','2020-02-27','27/02/2020','1','8','0','13','1341500135505'),(1121,'1995','2562',20.00,'27','02','2020','09:02:34','2020-02-27','27/02/2020','1','8','0','17','1341500135505'),(1122,'1935','2562',20.00,'27','02','2020','09:02:53','2020-02-27','27/02/2020','1','8','0','3','1341500135505'),(1123,'1949','2562',30.00,'27','02','2020','09:03:21','2020-02-27','27/02/2020','2','8','0','14','1341500135505'),(1124,'1943','2562',30.00,'27','02','2020','09:03:45','2020-02-27','27/02/2020','2','8','0','10','1341500135505'),(1125,'1932','2562',290.00,'02','03','2020','09:20:37','2020-03-02','02/03/2020','1','8','0','1','1341500135505'),(1126,'1934','2562',20.00,'02','03','2020','09:20:37','2020-03-02','02/03/2020','1','8','0','2','1341500135505'),(1127,'1935','2562',55.00,'02','03','2020','09:20:37','2020-03-02','02/03/2020','1','8','0','3','1341500135505'),(1128,'1937','2562',100.00,'02','03','2020','09:20:37','2020-03-02','02/03/2020','1','8','0','5','1341500135505'),(1129,'1938','2562',45.00,'02','03','2020','09:20:37','2020-03-02','02/03/2020','1','8','0','6','1341500135505'),(1130,'1940','2562',14.00,'02','03','2020','09:20:37','2020-03-02','02/03/2020','1','8','0','7','1341500135505'),(1131,'1942','2562',30.00,'02','03','2020','09:20:37','2020-03-02','02/03/2020','1','8','0','9','1341500135505'),(1132,'1943','2562',5.00,'02','03','2020','09:20:37','2020-03-02','02/03/2020','1','8','0','10','1341500135505'),(1133,'1949','2562',10.00,'02','03','2020','09:20:37','2020-03-02','02/03/2020','1','8','0','14','1341500135505'),(1134,'1995','2562',150.00,'02','03','2020','09:20:37','2020-03-02','02/03/2020','1','8','0','17','1341500135505'),(1135,'1935','2562',40.00,'02','03','2020','09:23:21','2020-03-02','02/03/2020','1','8','0','3','1341500135505'),(1136,'1938','2562',5.00,'02','03','2020','09:23:21','2020-03-02','02/03/2020','1','8','0','6','1341500135505'),(1137,'1942','2562',80.00,'02','03','2020','09:23:21','2020-03-02','02/03/2020','1','8','0','9','1341500135505'),(1138,'1947','2562',10.00,'02','03','2020','09:23:21','2020-03-02','02/03/2020','1','8','0','13','1341500135505'),(1139,'1995','2562',50.00,'02','03','2020','09:23:21','2020-03-02','02/03/2020','1','8','0','17','1341500135505'),(1140,'1932','2562',65.00,'03','03','2020','12:48:09','2020-03-03','03/03/2020','1','8','0','1','1341500135505'),(1141,'1934','2562',10.00,'03','03','2020','12:48:09','2020-03-03','03/03/2020','1','8','0','2','1341500135505'),(1142,'1935','2562',100.00,'03','03','2020','12:48:09','2020-03-03','03/03/2020','1','8','0','3','1341500135505'),(1143,'1937','2562',80.00,'03','03','2020','12:48:09','2020-03-03','03/03/2020','1','8','0','5','1341500135505'),(1144,'1938','2562',100.00,'03','03','2020','12:48:09','2020-03-03','03/03/2020','1','8','0','6','1341500135505'),(1145,'1940','2562',30.00,'03','03','2020','12:48:09','2020-03-03','03/03/2020','1','8','0','7','1341500135505'),(1146,'1995','2562',150.00,'03','03','2020','12:48:09','2020-03-03','03/03/2020','1','8','0','17','1341500135505'),(1147,'1943','2562',446.00,'03','03','2020','12:49:33','2020-03-03','03/03/2020','2','8','0','10','1341500135505'),(1148,'1947','2562',260.00,'03','03','2020','12:51:40','2020-03-03','03/03/2020','2','8','0','13','1341500135505'),(1149,'1949','2562',486.00,'03','03','2020','12:52:06','2020-03-03','03/03/2020','2','8','0','14','1341500135505'),(1150,'1937','2562',2480.00,'25','05','2020','08:04:36','2020-05-25','25/05/2020','2','8','0','5','1341500135505'),(1151,'1938','2562',1850.00,'25','05','2020','08:04:54','2020-05-25','25/05/2020','2','8','0','6','1341500135505'),(1152,'1934','2562',1456.00,'15','06','2020','10:04:40','2020-06-15','15/06/2020','2','8','0','2','1341500135505'),(1153,'1940','2562',799.00,'18','06','2020','08:40:49','2020-06-18','18/06/2020','2','8','0','7','1341500135505'),(1154,'1998','2562',65.00,'06','08','2020','10:38:03','2020-08-06','06/08/2020','1','5','0','1','3470800656459'),(1155,'1999','2562',105.00,'06','08','2020','10:38:03','2020-08-06','06/08/2020','1','5','0','2','3470800656459'),(1156,'2000','2562',4.00,'06','08','2020','10:38:03','2020-08-06','06/08/2020','1','5','0','3','3470800656459'),(1157,'2001','2562',50.00,'06','08','2020','10:38:03','2020-08-06','06/08/2020','1','5','0','4','3470800656459'),(1158,'2002','2562',5.00,'06','08','2020','10:38:03','2020-08-06','06/08/2020','1','5','0','5','3470800656459'),(1159,'2003','2562',44.00,'06','08','2020','10:38:03','2020-08-06','06/08/2020','1','5','0','6','3470800656459'),(1160,'2004','2562',26.00,'06','08','2020','10:38:03','2020-08-06','06/08/2020','1','5','0','7','3470800656459'),(1161,'2006','2562',0.00,'06','08','2020','10:38:03','2020-08-06','06/08/2020','1','5','0','8','3470800656459'),(1162,'1998','2562',20.00,'18','08','2020','10:05:54','2020-08-18','18/08/2020','1','5','0','1','3470800656459'),(1163,'1999','2562',45.00,'18','08','2020','10:05:54','2020-08-18','18/08/2020','1','5','0','2','3470800656459'),(1164,'2000','2562',26.00,'18','08','2020','10:05:54','2020-08-18','18/08/2020','1','5','0','3','3470800656459'),(1165,'2001','2562',55.00,'18','08','2020','10:05:54','2020-08-18','18/08/2020','1','5','0','4','3470800656459'),(1166,'2002','2562',0.00,'18','08','2020','10:05:54','2020-08-18','18/08/2020','1','5','0','5','3470800656459'),(1167,'2003','2562',0.00,'18','08','2020','10:05:54','2020-08-18','18/08/2020','1','5','0','6','3470800656459'),(1168,'2004','2562',19.00,'18','08','2020','10:05:54','2020-08-18','18/08/2020','1','5','0','7','3470800656459'),(1169,'2006','2562',0.00,'18','08','2020','10:05:54','2020-08-18','18/08/2020','1','5','0','8','3470800656459'),(1170,'1998','2563',20.00,'19','08','2020','09:41:23','2020-08-19','19/08/2020','1','5','0','1','3470800656459'),(1171,'1999','2563',10.00,'19','08','2020','09:41:23','2020-08-19','19/08/2020','1','5','0','2','3470800656459'),(1172,'2000','2563',0.00,'19','08','2020','09:41:23','2020-08-19','19/08/2020','1','5','0','3','3470800656459'),(1173,'2001','2563',0.00,'19','08','2020','09:41:23','2020-08-19','19/08/2020','1','5','0','4','3470800656459'),(1178,'1998','2563',0.00,'19','08','2020','09:55:12','2020-08-19','19/08/2020','1','5','0','1','3470800656459'),(1175,'2003','2563',0.00,'19','08','2020','09:41:23','2020-08-19','19/08/2020','1','5','0','6','3470800656459'),(1176,'2004','2563',0.00,'19','08','2020','09:41:23','2020-08-19','19/08/2020','1','5','0','7','3470800656459'),(1177,'2006','2563',0.00,'19','08','2020','09:41:23','2020-08-19','19/08/2020','1','5','0','8','3470800656459'),(1179,'1999','2563',0.00,'19','08','2020','09:55:12','2020-08-19','19/08/2020','1','5','0','2','3470800656459'),(1180,'2000','2563',0.00,'19','08','2020','09:55:12','2020-08-19','19/08/2020','1','5','0','3','3470800656459'),(1181,'2001','2563',0.00,'19','08','2020','09:55:12','2020-08-19','19/08/2020','1','5','0','4','3470800656459'),(1182,'2002','2563',2.00,'19','08','2020','09:55:12','2020-08-19','19/08/2020','1','5','0','5','3470800656459'),(1183,'2003','2563',0.00,'19','08','2020','09:55:12','2020-08-19','19/08/2020','1','5','0','6','3470800656459'),(1184,'2004','2563',0.00,'19','08','2020','09:55:12','2020-08-19','19/08/2020','1','5','0','7','3470800656459'),(1185,'2006','2563',0.00,'19','08','2020','09:55:12','2020-08-19','19/08/2020','1','5','0','8','3470800656459'),(1186,'1932','2563',2205.00,'19','08','2020','10:44:18','2020-08-19','19/08/2020','2','9','0','1','1341500135505'),(1187,'1935','2563',1500.00,'19','08','2020','10:44:53','2020-08-19','19/08/2020','2','9','0','3','1341500135505'),(1188,'1944','2563',430.00,'19','08','2020','10:45:20','2020-08-19','19/08/2020','2','9','0','11','1341500135505'),(1189,'1995','2563',2455.00,'19','08','2020','10:45:37','2020-08-19','19/08/2020','2','9','0','17','1341500135505'),(1190,'1942','2563',2146.00,'19','08','2020','10:46:03','2020-08-19','19/08/2020','2','9','0','9','1341500135505'),(1191,'1950','2563',700.00,'19','08','2020','10:46:16','2020-08-19','19/08/2020','2','9','0','15','1341500135505'),(1192,'1972','2563',55.00,'19','08','2020','10:46:26','2020-08-19','19/08/2020','2','9','0','16','1341500135505'),(1193,'1934','2563',10.00,'19','08','2020','10:50:21','2020-08-19','19/08/2020','1','9','0','2','1341500135505'),(1194,'1936','2563',20.00,'19','08','2020','10:50:21','2020-08-19','19/08/2020','1','9','0','4','1341500135505'),(1195,'1941','2563',10.00,'19','08','2020','10:50:21','2020-08-19','19/08/2020','1','9','0','8','1341500135505'),(1196,'1943','2563',10.00,'19','08','2020','10:50:21','2020-08-19','19/08/2020','1','9','0','10','1341500135505'),(1197,'1949','2563',10.00,'19','08','2020','10:50:21','2020-08-19','19/08/2020','1','9','0','14','1341500135505'),(1198,'1995','2563',60.00,'19','08','2020','10:50:21','2020-08-19','19/08/2020','1','9','0','17','1341500135505'),(1199,'1937','2563',50.00,'19','08','2020','10:54:01','2020-08-19','19/08/2020','1','9','0','5','1341500135505'),(1200,'1938','2563',20.00,'19','08','2020','10:54:01','2020-08-19','19/08/2020','1','9','0','6','1341500135505'),(1201,'1935','2563',10.00,'19','08','2020','10:54:21','2020-08-19','19/08/2020','1','9','0','3','1341500135505'),(1202,'1998','2563',0.00,'20','08','2020','08:56:36','2020-08-20','20/08/2020','1','5','0','1','3470800656459'),(1203,'1999','2563',0.00,'20','08','2020','08:56:36','2020-08-20','20/08/2020','1','5','0','2','3470800656459'),(1204,'2000','2563',5.00,'20','08','2020','08:56:36','2020-08-20','20/08/2020','1','5','0','3','3470800656459'),(1205,'2001','2563',0.00,'20','08','2020','08:56:36','2020-08-20','20/08/2020','1','5','0','4','3470800656459'),(1206,'2002','2563',0.00,'20','08','2020','08:56:36','2020-08-20','20/08/2020','1','5','0','5','3470800656459'),(1207,'2003','2563',0.00,'20','08','2020','08:56:36','2020-08-20','20/08/2020','1','5','0','6','3470800656459'),(1208,'2004','2563',5.00,'20','08','2020','08:56:36','2020-08-20','20/08/2020','1','5','0','7','3470800656459'),(1209,'2006','2563',0.00,'20','08','2020','08:56:36','2020-08-20','20/08/2020','1','5','0','8','3470800656459'),(1210,'1935','2563',10.00,'21','08','2020','10:45:32','2020-08-21','21/08/2020','1','9','0','3','1341500135505'),(1211,'1941','2563',10.00,'21','08','2020','10:45:32','2020-08-21','21/08/2020','1','9','0','8','1341500135505'),(1212,'1943','2563',10.00,'21','08','2020','10:45:32','2020-08-21','21/08/2020','1','9','0','10','1341500135505'),(1213,'1947','2563',5.00,'21','08','2020','10:45:32','2020-08-21','21/08/2020','1','9','0','13','1341500135505'),(1214,'1949','2563',10.00,'21','08','2020','10:45:32','2020-08-21','21/08/2020','1','9','0','14','1341500135505'),(1215,'1995','2563',30.00,'21','08','2020','10:45:32','2020-08-21','21/08/2020','1','9','0','17','1341500135505'),(1216,'1932','2563',21.00,'02','09','2020','09:01:50','2020-09-02','02/09/2020','1','9','0','1','1341500135505'),(1217,'1934','2563',15.00,'02','09','2020','09:01:50','2020-09-02','02/09/2020','1','9','0','2','1341500135505'),(1218,'1935','2563',6.00,'02','09','2020','09:01:50','2020-09-02','02/09/2020','1','9','0','3','1341500135505'),(1219,'1937','2563',1.00,'02','09','2020','09:01:50','2020-09-02','02/09/2020','1','9','0','5','1341500135505'),(1220,'1940','2563',25.00,'02','09','2020','09:01:50','2020-09-02','02/09/2020','1','9','0','7','1341500135505'),(1221,'1941','2563',33.00,'02','09','2020','09:01:50','2020-09-02','02/09/2020','1','9','0','8','1341500135505'),(1222,'1942','2563',10.00,'02','09','2020','09:01:50','2020-09-02','02/09/2020','1','9','0','9','1341500135505'),(1223,'1943','2563',10.00,'02','09','2020','09:01:50','2020-09-02','02/09/2020','1','9','0','10','1341500135505'),(1224,'1947','2563',20.00,'02','09','2020','09:01:50','2020-09-02','02/09/2020','1','9','0','13','1341500135505'),(1225,'1949','2563',25.00,'02','09','2020','09:01:50','2020-09-02','02/09/2020','1','9','0','14','1341500135505'),(1226,'1995','2563',55.00,'02','09','2020','09:01:50','2020-09-02','02/09/2020','1','9','0','17','1341500135505'),(1227,'1935','2563',5.00,'24','08','2020','09:10:22','2020-08-24','24/08/2020','1','9','0','3','1341500135505'),(1228,'1936','2563',50.00,'24','08','2020','09:10:22','2020-08-24','24/08/2020','1','9','0','4','1341500135505'),(1229,'1937','2563',30.00,'24','08','2020','09:10:22','2020-08-24','24/08/2020','1','9','0','5','1341500135505'),(1230,'1938','2563',5.00,'24','08','2020','09:10:22','2020-08-24','24/08/2020','1','9','0','6','1341500135505'),(1231,'1940','2563',10.00,'24','08','2020','09:10:22','2020-08-24','24/08/2020','1','9','0','7','1341500135505'),(1232,'1941','2563',10.00,'24','08','2020','09:10:22','2020-08-24','24/08/2020','1','9','0','8','1341500135505'),(1233,'1943','2563',10.00,'24','08','2020','09:10:22','2020-08-24','24/08/2020','1','9','0','10','1341500135505'),(1234,'1946','2563',10.00,'24','08','2020','09:10:22','2020-08-24','24/08/2020','1','9','0','12','1341500135505'),(1235,'1947','2563',10.00,'24','08','2020','09:10:22','2020-08-24','24/08/2020','1','9','0','13','1341500135505'),(1236,'1949','2563',5.00,'24','08','2020','09:10:22','2020-08-24','24/08/2020','1','9','0','14','1341500135505'),(1237,'1995','2563',25.00,'24','08','2020','09:10:22','2020-08-24','24/08/2020','1','9','0','17','1341500135505'),(1238,'1932','2563',5.00,'25','08','2020','09:10:56','2020-08-25','25/08/2020','1','9','0','1','1341500135505'),(1239,'1936','2563',25.00,'25','08','2020','09:10:56','2020-08-25','25/08/2020','1','9','0','4','1341500135505'),(1240,'1943','2563',10.00,'25','08','2020','09:10:56','2020-08-25','25/08/2020','1','9','0','10','1341500135505'),(1241,'1946','2563',5.00,'25','08','2020','09:10:56','2020-08-25','25/08/2020','1','9','0','12','1341500135505'),(1242,'1947','2563',5.00,'25','08','2020','09:10:56','2020-08-25','25/08/2020','1','9','0','13','1341500135505'),(1243,'1995','2563',20.00,'25','08','2020','09:10:56','2020-08-25','25/08/2020','1','9','0','17','1341500135505'),(1244,'1936','2563',95.00,'02','09','2020','09:12:12','2020-09-02','02/09/2020','2','9','0','4','1341500135505'),(1245,'1935','2563',10.00,'02','09','2020','09:13:19','2020-09-02','02/09/2020','2','9','0','3','1341500135505'),(1246,'1937','2563',40.00,'02','09','2020','09:13:36','2020-09-02','02/09/2020','2','9','0','5','1341500135505'),(1247,'1942','2563',40.00,'02','09','2020','09:17:54','2020-09-02','02/09/2020','1','9','0','9','1341500135505'),(1248,'1943','2563',10.00,'02','09','2020','09:17:54','2020-09-02','02/09/2020','1','9','0','10','1341500135505'),(1249,'1946','2563',10.00,'02','09','2020','09:17:54','2020-09-02','02/09/2020','1','9','0','12','1341500135505'),(1250,'1938','2563',25.00,'02','09','2020','09:20:01','2020-09-02','02/09/2020','2','9','0','6','1341500135505'),(1251,'1935','2563',21.00,'02','09','2020','09:20:20','2020-09-02','02/09/2020','2','9','0','3','1341500135505'),(1252,'1954','2563',5.00,'08','09','2020','09:29:25','2020-09-08','08/09/2020','1','8','0','1','1341500135505'),(1253,'1955','2563',5.00,'08','09','2020','09:29:25','2020-09-08','08/09/2020','1','8','0','2','1341500135505'),(1254,'1956','2563',15.00,'08','09','2020','09:29:25','2020-09-08','08/09/2020','1','8','0','3','1341500135505'),(1255,'1957','2563',15.00,'08','09','2020','09:29:25','2020-09-08','08/09/2020','1','8','0','4','1341500135505'),(1256,'1958','2563',5.00,'08','09','2020','09:29:25','2020-09-08','08/09/2020','1','8','0','5','1341500135505'),(1257,'1959','2563',15.00,'08','09','2020','09:29:25','2020-09-08','08/09/2020','1','8','0','6','1341500135505'),(1258,'1960','2563',5.00,'08','09','2020','09:29:25','2020-09-08','08/09/2020','1','8','0','7','1341500135505'),(1259,'1964','2563',5.00,'08','09','2020','09:29:25','2020-09-08','08/09/2020','1','8','0','8','1341500135505'),(1260,'1965','2563',15.00,'08','09','2020','09:29:25','2020-09-08','08/09/2020','1','8','0','9','1341500135505'),(1261,'1966','2563',5.00,'08','09','2020','09:29:25','2020-09-08','08/09/2020','1','8','0','10','1341500135505'),(1262,'1968','2563',5.00,'08','09','2020','09:29:25','2020-09-08','08/09/2020','1','8','0','11','1341500135505'),(1263,'1969','2563',5.00,'08','09','2020','09:29:25','2020-09-08','08/09/2020','1','8','0','12','1341500135505'),(1264,'1970','2563',0.00,'08','09','2020','09:29:25','2020-09-08','08/09/2020','1','8','0','13','1341500135505'),(1265,'1967','2563',10.00,'08','09','2020','09:29:25','2020-09-08','08/09/2020','1','8','0','14','1341500135505'),(1266,'1954','2563',5.00,'09','09','2020','09:51:51','2020-09-09','09/09/2020','1','8','0','1','1341500135505'),(1267,'1955','2563',5.00,'09','09','2020','09:51:51','2020-09-09','09/09/2020','1','8','0','2','1341500135505'),(1268,'1956','2563',25.00,'09','09','2020','09:51:51','2020-09-09','09/09/2020','1','8','0','3','1341500135505'),(1269,'1957','2563',15.00,'09','09','2020','09:51:51','2020-09-09','09/09/2020','1','8','0','4','1341500135505'),(1270,'1958','2563',10.00,'09','09','2020','09:51:51','2020-09-09','09/09/2020','1','8','0','5','1341500135505'),(1271,'1959','2563',15.00,'09','09','2020','09:51:51','2020-09-09','09/09/2020','1','8','0','6','1341500135505'),(1272,'1960','2563',20.00,'09','09','2020','09:51:51','2020-09-09','09/09/2020','1','8','0','7','1341500135505'),(1273,'1964','2563',20.00,'09','09','2020','09:51:51','2020-09-09','09/09/2020','1','8','0','8','1341500135505'),(1274,'1965','2563',5.00,'09','09','2020','09:51:51','2020-09-09','09/09/2020','1','8','0','9','1341500135505'),(1275,'1966','2563',0.00,'09','09','2020','09:51:51','2020-09-09','09/09/2020','1','8','0','10','1341500135505'),(1276,'1968','2563',61.00,'09','09','2020','09:51:51','2020-09-09','09/09/2020','1','8','0','11','1341500135505'),(1277,'1969','2563',5.00,'09','09','2020','09:51:51','2020-09-09','09/09/2020','1','8','0','12','1341500135505'),(1278,'1970','2563',41.00,'09','09','2020','09:51:51','2020-09-09','09/09/2020','1','8','0','13','1341500135505'),(1279,'1967','2563',12.00,'09','09','2020','09:51:51','2020-09-09','09/09/2020','1','8','0','14','1341500135505'),(1280,'1935','2563',60.00,'09','09','2020','09:58:29','2020-09-09','09/09/2020','1','9','0','3','1341500135505'),(1281,'1940','2563',45.00,'09','09','2020','09:58:29','2020-09-09','09/09/2020','1','9','0','7','1341500135505'),(1282,'1941','2563',23.00,'09','09','2020','09:58:29','2020-09-09','09/09/2020','1','9','0','8','1341500135505'),(1283,'1949','2563',25.00,'09','09','2020','09:58:29','2020-09-09','09/09/2020','1','9','0','14','1341500135505'),(1284,'1995','2563',25.00,'09','09','2020','09:58:29','2020-09-09','09/09/2020','1','9','0','17','1341500135505'),(1285,'1943','2563',10.00,'09','09','2020','09:59:14','2020-09-09','09/09/2020','2','9','0','10','1341500135505'),(1286,'1937','2563',15.00,'09','09','2020','09:59:37','2020-09-09','09/09/2020','2','9','0','5','1341500135505'),(1287,'1934','2563',5.00,'09','09','2020','10:00:26','2020-09-09','09/09/2020','1','9','0','2','1341500135505'),(1288,'1942','2563',15.00,'09','09','2020','10:00:26','2020-09-09','09/09/2020','1','9','0','9','1341500135505'),(1289,'1954','2563',15.00,'10','09','2020','08:53:02','2020-09-10','10/09/2020','1','8','0','1','1341500135505'),(1290,'1955','2563',10.00,'10','09','2020','08:53:02','2020-09-10','10/09/2020','1','8','0','2','1341500135505'),(1291,'1956','2563',20.00,'10','09','2020','08:53:02','2020-09-10','10/09/2020','1','8','0','3','1341500135505'),(1292,'1957','2563',20.00,'10','09','2020','08:53:02','2020-09-10','10/09/2020','1','8','0','4','1341500135505'),(1293,'1958','2563',10.00,'10','09','2020','08:53:02','2020-09-10','10/09/2020','1','8','0','5','1341500135505'),(1294,'1959','2563',15.00,'10','09','2020','08:53:02','2020-09-10','10/09/2020','1','8','0','6','1341500135505'),(1295,'1960','2563',20.00,'10','09','2020','08:53:02','2020-09-10','10/09/2020','1','8','0','7','1341500135505'),(1296,'1964','2563',15.00,'10','09','2020','08:53:02','2020-09-10','10/09/2020','1','8','0','8','1341500135505'),(1297,'1965','2563',60.00,'10','09','2020','08:53:02','2020-09-10','10/09/2020','1','8','0','9','1341500135505'),(1298,'1966','2563',0.00,'10','09','2020','08:53:02','2020-09-10','10/09/2020','1','8','0','10','1341500135505'),(1299,'1968','2563',0.00,'10','09','2020','08:53:02','2020-09-10','10/09/2020','1','8','0','11','1341500135505'),(1300,'1969','2563',5.00,'10','09','2020','08:53:02','2020-09-10','10/09/2020','1','8','0','12','1341500135505'),(1301,'1970','2563',5.00,'10','09','2020','08:53:02','2020-09-10','10/09/2020','1','8','0','13','1341500135505'),(1302,'1967','2563',0.00,'10','09','2020','08:53:02','2020-09-10','10/09/2020','1','8','0','14','1341500135505'),(1303,'1934','2563',10.00,'10','09','2020','09:40:46','2020-09-10','10/09/2020','1','9','0','2','1341500135505'),(1304,'1937','2563',2.00,'10','09','2020','09:40:46','2020-09-10','10/09/2020','1','9','0','5','1341500135505'),(1305,'1941','2563',15.00,'10','09','2020','09:40:46','2020-09-10','10/09/2020','1','9','0','8','1341500135505'),(1306,'1949','2563',10.00,'10','09','2020','09:40:46','2020-09-10','10/09/2020','1','9','0','14','1341500135505'),(1307,'1995','2563',10.00,'10','09','2020','09:40:46','2020-09-10','10/09/2020','1','9','0','17','1341500135505'),(1308,'1940','2563',50.00,'10','09','2020','09:41:18','2020-09-10','10/09/2020','2','9','0','7','1341500135505'),(1309,'1947','2563',10.00,'10','09','2020','09:41:37','2020-09-10','10/09/2020','2','9','0','13','1341500135505'),(1310,'1932','2563',10.00,'10','09','2020','09:42:02','2020-09-10','10/09/2020','2','9','0','1','1341500135505'),(1311,'1935','2563',5.00,'10','09','2020','09:42:20','2020-09-10','10/09/2020','2','9','0','3','1341500135505'),(1312,'1932','2563',1.00,'14','09','2020','09:27:28','2020-09-14','14/09/2020','1','9','0','1','1341500135505'),(1313,'1935','2563',10.00,'14','09','2020','09:27:28','2020-09-14','14/09/2020','1','9','0','3','1341500135505'),(1314,'1938','2563',15.00,'14','09','2020','09:27:28','2020-09-14','14/09/2020','1','9','0','6','1341500135505'),(1315,'1941','2563',5.00,'14','09','2020','09:27:28','2020-09-14','14/09/2020','1','9','0','8','1341500135505'),(1316,'1942','2563',20.00,'14','09','2020','09:27:28','2020-09-14','14/09/2020','1','9','0','9','1341500135505'),(1317,'1944','2563',15.00,'14','09','2020','09:27:28','2020-09-14','14/09/2020','1','9','0','11','1341500135505'),(1318,'1947','2563',20.00,'14','09','2020','09:27:28','2020-09-14','14/09/2020','1','9','0','13','1341500135505'),(1319,'1949','2563',15.00,'14','09','2020','09:27:28','2020-09-14','14/09/2020','1','9','0','14','1341500135505'),(1320,'1995','2563',15.00,'14','09','2020','09:27:28','2020-09-14','14/09/2020','1','9','0','17','1341500135505'),(1321,'1943','2563',50.00,'14','09','2020','09:27:42','2020-09-14','14/09/2020','2','9','0','10','1341500135505'),(1322,'1954','2563',5.00,'14','09','2020','10:10:48','2020-09-14','14/09/2020','1','8','0','1','1341500135505'),(1323,'1955','2563',10.00,'14','09','2020','10:10:48','2020-09-14','14/09/2020','1','8','0','2','1341500135505'),(1324,'1956','2563',20.00,'14','09','2020','10:10:48','2020-09-14','14/09/2020','1','8','0','3','1341500135505'),(1325,'1957','2563',10.00,'14','09','2020','10:10:48','2020-09-14','14/09/2020','1','8','0','4','1341500135505'),(1326,'1958','2563',5.00,'14','09','2020','10:10:48','2020-09-14','14/09/2020','1','8','0','5','1341500135505'),(1327,'1959','2563',0.00,'14','09','2020','10:10:48','2020-09-14','14/09/2020','1','8','0','6','1341500135505'),(1328,'1960','2563',20.00,'14','09','2020','10:10:48','2020-09-14','14/09/2020','1','8','0','7','1341500135505'),(1329,'1964','2563',5.00,'14','09','2020','10:10:48','2020-09-14','14/09/2020','1','8','0','8','1341500135505'),(1330,'1965','2563',5.00,'14','09','2020','10:10:48','2020-09-14','14/09/2020','1','8','0','9','1341500135505'),(1331,'1966','2563',0.00,'14','09','2020','10:10:48','2020-09-14','14/09/2020','1','8','0','10','1341500135505'),(1332,'1968','2563',20.00,'14','09','2020','10:10:48','2020-09-14','14/09/2020','1','8','0','11','1341500135505'),(1333,'1969','2563',0.00,'14','09','2020','10:10:48','2020-09-14','14/09/2020','1','8','0','12','1341500135505'),(1334,'1970','2563',160.00,'14','09','2020','10:10:48','2020-09-14','14/09/2020','1','8','0','13','1341500135505'),(1335,'1967','2563',5.00,'14','09','2020','10:10:48','2020-09-14','14/09/2020','1','8','0','14','1341500135505'),(1336,'1970','2563',15.00,'14','09','2020','02:45:44','2020-09-14','14/09/2020','2','8','0','13','1341500135505'),(1337,'1954','2563',10.00,'15','09','2020','11:02:05','2020-09-15','15/09/2020','1','8','0','1','1341500135505'),(1338,'1955','2563',20.00,'15','09','2020','11:02:05','2020-09-15','15/09/2020','1','8','0','2','1341500135505'),(1339,'1956','2563',20.00,'15','09','2020','11:02:05','2020-09-15','15/09/2020','1','8','0','3','1341500135505'),(1340,'1957','2563',10.00,'15','09','2020','11:02:05','2020-09-15','15/09/2020','1','8','0','4','1341500135505'),(1341,'1958','2563',0.00,'15','09','2020','11:02:05','2020-09-15','15/09/2020','1','8','0','5','1341500135505'),(1342,'1959','2563',5.00,'15','09','2020','11:02:05','2020-09-15','15/09/2020','1','8','0','6','1341500135505'),(1343,'1960','2563',20.00,'15','09','2020','11:02:05','2020-09-15','15/09/2020','1','8','0','7','1341500135505'),(1344,'1964','2563',0.00,'15','09','2020','11:02:05','2020-09-15','15/09/2020','1','8','0','8','1341500135505'),(1345,'1965','2563',5.00,'15','09','2020','11:02:05','2020-09-15','15/09/2020','1','8','0','9','1341500135505'),(1346,'1966','2563',10.00,'15','09','2020','11:02:05','2020-09-15','15/09/2020','1','8','0','10','1341500135505'),(1347,'1968','2563',0.00,'15','09','2020','11:02:05','2020-09-15','15/09/2020','1','8','0','11','1341500135505'),(1348,'1969','2563',0.00,'15','09','2020','11:02:05','2020-09-15','15/09/2020','1','8','0','12','1341500135505'),(1349,'1970','2563',0.00,'15','09','2020','11:02:05','2020-09-15','15/09/2020','1','8','0','13','1341500135505'),(1350,'1967','2563',0.00,'15','09','2020','11:02:05','2020-09-15','15/09/2020','1','8','0','14','1341500135505'),(1351,'1934','2563',40.00,'16','09','2020','12:50:42','2020-09-16','16/09/2020','1','9','0','2','1341500135505'),(1352,'1941','2563',5.00,'16','09','2020','12:50:42','2020-09-16','16/09/2020','1','9','0','8','1341500135505'),(1353,'1949','2563',20.00,'16','09','2020','12:50:42','2020-09-16','16/09/2020','1','9','0','14','1341500135505'),(1354,'1995','2563',20.00,'16','09','2020','12:50:42','2020-09-16','16/09/2020','1','9','0','17','1341500135505'),(1355,'1938','2563',15.00,'16','09','2020','12:51:11','2020-09-16','16/09/2020','2','9','0','6','1341500135505'),(1356,'1946','2563',25.00,'16','09','2020','12:52:48','2020-09-16','16/09/2020','2','9','0','12','1341500135505'),(1357,'1955','2563',20.00,'16','09','2020','01:33:32','2020-09-16','16/09/2020','1','8','0','2','1341500135505'),(1358,'1956','2563',10.00,'16','09','2020','01:33:32','2020-09-16','16/09/2020','1','8','0','3','1341500135505'),(1359,'1957','2563',10.00,'16','09','2020','01:33:32','2020-09-16','16/09/2020','1','8','0','4','1341500135505'),(1360,'1960','2563',20.00,'16','09','2020','01:33:32','2020-09-16','16/09/2020','1','8','0','7','1341500135505'),(1361,'1964','2563',10.00,'16','09','2020','01:33:32','2020-09-16','16/09/2020','1','8','0','8','1341500135505'),(1362,'1965','2563',10.00,'16','09','2020','01:33:32','2020-09-16','16/09/2020','1','8','0','9','1341500135505'),(1363,'1966','2563',5.00,'16','09','2020','01:33:32','2020-09-16','16/09/2020','1','8','0','10','1341500135505'),(1364,'1968','2563',18.00,'16','09','2020','01:33:32','2020-09-16','16/09/2020','1','8','0','11','1341500135505'),(1365,'1970','2563',5.00,'16','09','2020','01:33:32','2020-09-16','16/09/2020','1','8','0','13','1341500135505'),(1366,'1934','2563',5.00,'17','09','2020','09:09:06','2020-09-17','17/09/2020','1','9','0','2','1341500135505'),(1367,'1935','2563',10.00,'17','09','2020','09:09:06','2020-09-17','17/09/2020','1','9','0','3','1341500135505'),(1368,'1944','2563',15.00,'17','09','2020','09:09:06','2020-09-17','17/09/2020','1','9','0','11','1341500135505'),(1369,'1947','2563',10.00,'17','09','2020','09:09:06','2020-09-17','17/09/2020','1','9','0','13','1341500135505'),(1370,'1949','2563',10.00,'17','09','2020','09:09:06','2020-09-17','17/09/2020','1','9','0','14','1341500135505'),(1371,'1995','2563',15.00,'17','09','2020','09:09:06','2020-09-17','17/09/2020','1','9','0','17','1341500135505'),(1372,'1942','2563',20.00,'17','09','2020','09:09:31','2020-09-17','17/09/2020','2','9','0','9','1341500135505'),(1373,'1941','2563',20.00,'17','09','2020','09:10:01','2020-09-17','17/09/2020','2','9','0','8','1341500135505'),(1374,'1954','2563',5.00,'17','09','2020','09:28:37','2020-09-17','17/09/2020','1','8','0','1','1341500135505'),(1375,'1955','2563',20.00,'17','09','2020','09:28:37','2020-09-17','17/09/2020','1','8','0','2','1341500135505'),(1376,'1956','2563',15.00,'17','09','2020','09:28:37','2020-09-17','17/09/2020','1','8','0','3','1341500135505'),(1377,'1957','2563',0.00,'17','09','2020','09:28:37','2020-09-17','17/09/2020','1','8','0','4','1341500135505'),(1378,'1958','2563',20.00,'17','09','2020','09:28:37','2020-09-17','17/09/2020','1','8','0','5','1341500135505'),(1379,'1959','2563',5.00,'17','09','2020','09:28:37','2020-09-17','17/09/2020','1','8','0','6','1341500135505'),(1380,'1960','2563',20.00,'17','09','2020','09:28:37','2020-09-17','17/09/2020','1','8','0','7','1341500135505'),(1381,'1964','2563',5.00,'17','09','2020','09:28:37','2020-09-17','17/09/2020','1','8','0','8','1341500135505'),(1382,'1965','2563',5.00,'17','09','2020','09:28:37','2020-09-17','17/09/2020','1','8','0','9','1341500135505'),(1383,'1966','2563',0.00,'17','09','2020','09:28:37','2020-09-17','17/09/2020','1','8','0','10','1341500135505'),(1384,'1968','2563',40.00,'17','09','2020','09:28:37','2020-09-17','17/09/2020','1','8','0','11','1341500135505'),(1385,'1969','2563',0.00,'17','09','2020','09:28:37','2020-09-17','17/09/2020','1','8','0','12','1341500135505'),(1386,'1970','2563',5.00,'17','09','2020','09:28:37','2020-09-17','17/09/2020','1','8','0','13','1341500135505'),(1387,'1967','2563',5.00,'17','09','2020','09:28:37','2020-09-17','17/09/2020','1','8','0','14','1341500135505'),(1388,'1954','2563',0.00,'21','09','2020','10:47:20','2020-09-21','21/09/2020','1','8','0','1','1341500135505'),(1389,'1955','2563',15.00,'21','09','2020','10:47:20','2020-09-21','21/09/2020','1','8','0','2','1341500135505'),(1390,'1956','2563',10.00,'21','09','2020','10:47:20','2020-09-21','21/09/2020','1','8','0','3','1341500135505'),(1391,'1957','2563',10.00,'21','09','2020','10:47:20','2020-09-21','21/09/2020','1','8','0','4','1341500135505'),(1392,'1958','2563',5.00,'21','09','2020','10:47:20','2020-09-21','21/09/2020','1','8','0','5','1341500135505'),(1393,'1959','2563',0.00,'21','09','2020','10:47:20','2020-09-21','21/09/2020','1','8','0','6','1341500135505'),(1394,'1960','2563',10.00,'21','09','2020','10:47:20','2020-09-21','21/09/2020','1','8','0','7','1341500135505'),(1395,'1964','2563',5.00,'21','09','2020','10:47:20','2020-09-21','21/09/2020','1','8','0','8','1341500135505'),(1396,'1965','2563',15.00,'21','09','2020','10:47:20','2020-09-21','21/09/2020','1','8','0','9','1341500135505'),(1397,'1966','2563',0.00,'21','09','2020','10:47:20','2020-09-21','21/09/2020','1','8','0','10','1341500135505'),(1398,'1968','2563',28.00,'21','09','2020','10:47:20','2020-09-21','21/09/2020','1','8','0','11','1341500135505'),(1399,'1969','2563',5.00,'21','09','2020','10:47:20','2020-09-21','21/09/2020','1','8','0','12','1341500135505'),(1400,'1970','2563',27.00,'21','09','2020','10:47:20','2020-09-21','21/09/2020','1','8','0','13','1341500135505'),(1401,'1967','2563',0.00,'21','09','2020','10:47:20','2020-09-21','21/09/2020','1','8','0','14','1341500135505'),(1402,'1934','2563',10.00,'23','09','2020','09:40:31','2020-09-23','23/09/2020','1','9','0','2','1341500135505'),(1403,'1941','2563',20.00,'23','09','2020','09:40:31','2020-09-23','23/09/2020','1','9','0','8','1341500135505'),(1404,'1942','2563',5.00,'23','09','2020','09:40:31','2020-09-23','23/09/2020','1','9','0','9','1341500135505'),(1405,'1947','2563',5.00,'23','09','2020','09:40:31','2020-09-23','23/09/2020','1','9','0','13','1341500135505'),(1406,'1949','2563',5.00,'23','09','2020','09:40:31','2020-09-23','23/09/2020','1','9','0','14','1341500135505'),(1407,'1995','2563',10.00,'23','09','2020','09:40:31','2020-09-23','23/09/2020','1','9','0','17','1341500135505'),(1408,'1954','2563',0.00,'23','09','2020','10:05:03','2020-09-23','23/09/2020','1','8','0','1','1341500135505'),(1409,'1955','2563',20.00,'23','09','2020','10:05:03','2020-09-23','23/09/2020','1','8','0','2','1341500135505'),(1410,'1956','2563',5.00,'23','09','2020','10:05:03','2020-09-23','23/09/2020','1','8','0','3','1341500135505'),(1411,'1957','2563',0.00,'23','09','2020','10:05:03','2020-09-23','23/09/2020','1','8','0','4','1341500135505'),(1412,'1958','2563',0.00,'23','09','2020','10:05:03','2020-09-23','23/09/2020','1','8','0','5','1341500135505'),(1413,'1959','2563',0.00,'23','09','2020','10:05:03','2020-09-23','23/09/2020','1','8','0','6','1341500135505'),(1414,'1960','2563',22.00,'23','09','2020','10:05:03','2020-09-23','23/09/2020','1','8','0','7','1341500135505'),(1415,'1964','2563',0.00,'23','09','2020','10:05:03','2020-09-23','23/09/2020','1','8','0','8','1341500135505'),(1416,'1965','2563',130.00,'23','09','2020','10:05:03','2020-09-23','23/09/2020','1','8','0','9','1341500135505'),(1417,'1966','2563',0.00,'23','09','2020','10:05:03','2020-09-23','23/09/2020','1','8','0','10','1341500135505'),(1418,'1968','2563',0.00,'23','09','2020','10:05:03','2020-09-23','23/09/2020','1','8','0','11','1341500135505'),(1419,'1969','2563',0.00,'23','09','2020','10:05:03','2020-09-23','23/09/2020','1','8','0','12','1341500135505'),(1420,'1970','2563',20.00,'23','09','2020','10:05:03','2020-09-23','23/09/2020','1','8','0','13','1341500135505'),(1421,'1967','2563',90.00,'23','09','2020','10:05:03','2020-09-23','23/09/2020','1','8','0','14','1341500135505'),(1422,'1958','2563',10.00,'23','09','2020','10:06:08','2020-09-23','23/09/2020','2','8','0','5','1341500135505'),(1423,'1969','2563',5.00,'23','09','2020','10:06:35','2020-09-23','23/09/2020','2','8','0','12','1341500135505'),(1424,'1960','2563',5.00,'23','09','2020','10:16:35','2020-09-23','23/09/2020','2','8','0','7','1341500135505'),(1425,'1959','2563',10.00,'23','09','2020','11:31:15','2020-09-23','23/09/2020','2','8','0','6','1341500135505'),(1426,'1970','2563',5.00,'23','09','2020','11:31:51','2020-09-23','23/09/2020','1','8','0','13','1341500135505'),(1427,'1967','2563',5.00,'23','09','2020','11:31:51','2020-09-23','23/09/2020','1','8','0','14','1341500135505'),(1428,'1934','2563',5.00,'24','09','2020','09:01:48','2020-09-24','24/09/2020','1','9','0','2','1341500135505'),(1429,'1938','2563',10.00,'24','09','2020','09:01:48','2020-09-24','24/09/2020','1','9','0','6','1341500135505'),(1430,'1942','2563',10.00,'24','09','2020','09:01:48','2020-09-24','24/09/2020','1','9','0','9','1341500135505'),(1431,'1995','2563',5.00,'24','09','2020','09:01:48','2020-09-24','24/09/2020','1','9','0','17','1341500135505'),(1432,'1941','2563',10.00,'24','09','2020','09:02:41','2020-09-24','24/09/2020','2','9','0','8','1341500135505'),(1433,'1947','2563',10.00,'24','09','2020','09:03:24','2020-09-24','24/09/2020','2','9','0','13','1341500135505'),(1434,'1935','2563',20.00,'24','09','2020','09:03:50','2020-09-24','24/09/2020','2','9','0','3','1341500135505'),(1435,'1935','2563',10.00,'24','09','2020','09:04:23','2020-09-24','24/09/2020','2','9','0','3','1341500135505'),(1436,'1954','2563',0.00,'24','09','2020','10:27:46','2020-09-24','24/09/2020','1','8','0','1','1341500135505'),(1437,'1955','2563',20.00,'24','09','2020','10:27:46','2020-09-24','24/09/2020','1','8','0','2','1341500135505'),(1438,'1956','2563',0.00,'24','09','2020','10:27:46','2020-09-24','24/09/2020','1','8','0','3','1341500135505'),(1439,'1957','2563',10.00,'24','09','2020','10:27:46','2020-09-24','24/09/2020','1','8','0','4','1341500135505'),(1440,'1958','2563',0.00,'24','09','2020','10:27:46','2020-09-24','24/09/2020','1','8','0','5','1341500135505'),(1441,'1959','2563',0.00,'24','09','2020','10:27:46','2020-09-24','24/09/2020','1','8','0','6','1341500135505'),(1442,'1960','2563',0.00,'24','09','2020','10:27:46','2020-09-24','24/09/2020','1','8','0','7','1341500135505'),(1443,'1964','2563',0.00,'24','09','2020','10:27:46','2020-09-24','24/09/2020','1','8','0','8','1341500135505'),(1444,'1965','2563',20.00,'24','09','2020','10:27:46','2020-09-24','24/09/2020','1','8','0','9','1341500135505'),(1445,'1966','2563',0.00,'24','09','2020','10:27:46','2020-09-24','24/09/2020','1','8','0','10','1341500135505'),(1446,'1968','2563',10.00,'24','09','2020','10:27:46','2020-09-24','24/09/2020','1','8','0','11','1341500135505'),(1447,'1969','2563',0.00,'24','09','2020','10:27:46','2020-09-24','24/09/2020','1','8','0','12','1341500135505'),(1448,'1970','2563',20.00,'24','09','2020','10:27:46','2020-09-24','24/09/2020','1','8','0','13','1341500135505'),(1449,'1967','2563',0.00,'24','09','2020','10:27:46','2020-09-24','24/09/2020','1','8','0','14','1341500135505'),(1450,'1967','2563',5.00,'24','09','2020','10:29:02','2020-09-24','24/09/2020','2','8','0','14','1341500135505'),(1451,'1959','2563',10.00,'24','09','2020','10:30:29','2020-09-24','24/09/2020','2','8','0','6','1341500135505'),(1452,'1954','2563',5.00,'29','09','2020','09:55:55','2020-09-29','29/09/2020','1','8','0','1','1341500135505'),(1453,'1955','2563',20.00,'29','09','2020','09:55:55','2020-09-29','29/09/2020','1','8','0','2','1341500135505'),(1454,'1956','2563',0.00,'29','09','2020','09:55:55','2020-09-29','29/09/2020','1','8','0','3','1341500135505'),(1455,'1957','2563',10.00,'29','09','2020','09:55:55','2020-09-29','29/09/2020','1','8','0','4','1341500135505'),(1456,'1958','2563',10.00,'29','09','2020','09:55:55','2020-09-29','29/09/2020','1','8','0','5','1341500135505'),(1457,'1959','2563',5.00,'29','09','2020','09:55:55','2020-09-29','29/09/2020','1','8','0','6','1341500135505'),(1458,'1960','2563',20.00,'29','09','2020','09:55:55','2020-09-29','29/09/2020','1','8','0','7','1341500135505'),(1459,'1964','2563',0.00,'29','09','2020','09:55:55','2020-09-29','29/09/2020','1','8','0','8','1341500135505'),(1460,'1965','2563',20.00,'29','09','2020','09:55:55','2020-09-29','29/09/2020','1','8','0','9','1341500135505'),(1461,'1966','2563',0.00,'29','09','2020','09:55:55','2020-09-29','29/09/2020','1','8','0','10','1341500135505'),(1462,'1968','2563',5.00,'29','09','2020','09:55:55','2020-09-29','29/09/2020','1','8','0','11','1341500135505'),(1463,'1969','2563',0.00,'29','09','2020','09:55:55','2020-09-29','29/09/2020','1','8','0','12','1341500135505'),(1464,'1970','2563',354.00,'29','09','2020','09:55:55','2020-09-29','29/09/2020','1','8','0','13','1341500135505'),(1465,'1967','2563',105.00,'29','09','2020','09:55:55','2020-09-29','29/09/2020','1','8','0','14','1341500135505'),(1466,'1998','2563',105.00,'29','09','2020','10:30:31','2020-09-29','29/09/2020','1','5','0','1','3470800656459'),(1467,'1999','2563',95.00,'29','09','2020','10:30:31','2020-09-29','29/09/2020','1','5','0','2','3470800656459'),(1468,'2000','2563',41.00,'29','09','2020','10:30:31','2020-09-29','29/09/2020','1','5','0','3','3470800656459'),(1469,'2001','2563',2.00,'29','09','2020','10:30:31','2020-09-29','29/09/2020','1','5','0','4','3470800656459'),(1470,'2002','2563',0.00,'29','09','2020','10:30:31','2020-09-29','29/09/2020','1','5','0','5','3470800656459'),(1471,'2003','2563',13.00,'29','09','2020','10:30:31','2020-09-29','29/09/2020','1','5','0','6','3470800656459'),(1472,'2004','2563',28.00,'29','09','2020','10:30:31','2020-09-29','29/09/2020','1','5','0','7','3470800656459'),(1473,'2006','2563',0.00,'29','09','2020','10:30:31','2020-09-29','29/09/2020','1','5','0','8','3470800656459'),(1474,'1998','2563',0.00,'29','09','2020','10:34:24','2020-09-29','29/09/2020','1','5','0','1','3470800656459'),(1475,'1999','2563',0.00,'29','09','2020','10:34:24','2020-09-29','29/09/2020','1','5','0','2','3470800656459'),(1476,'2000','2563',0.00,'29','09','2020','10:34:24','2020-09-29','29/09/2020','1','5','0','3','3470800656459'),(1477,'2001','2563',0.00,'29','09','2020','10:34:24','2020-09-29','29/09/2020','1','5','0','4','3470800656459'),(1478,'2002','2563',0.00,'29','09','2020','10:34:24','2020-09-29','29/09/2020','1','5','0','5','3470800656459'),(1479,'2003','2563',0.00,'29','09','2020','10:34:24','2020-09-29','29/09/2020','1','5','0','6','3470800656459'),(1480,'2004','2563',0.00,'29','09','2020','10:34:24','2020-09-29','29/09/2020','1','5','0','7','3470800656459'),(1481,'2006','2563',12.00,'29','09','2020','10:34:24','2020-09-29','29/09/2020','1','5','0','8','3470800656459'),(1482,'1954','2563',10.00,'30','09','2020','09:00:47','2020-09-30','30/09/2020','1','8','0','1','1341500135505'),(1483,'1955','2563',20.00,'30','09','2020','09:00:47','2020-09-30','30/09/2020','1','8','0','2','1341500135505'),(1484,'1956','2563',10.00,'30','09','2020','09:00:47','2020-09-30','30/09/2020','1','8','0','3','1341500135505'),(1485,'1957','2563',10.00,'30','09','2020','09:00:47','2020-09-30','30/09/2020','1','8','0','4','1341500135505'),(1486,'1958','2563',10.00,'30','09','2020','09:00:47','2020-09-30','30/09/2020','1','8','0','5','1341500135505'),(1487,'1959','2563',5.00,'30','09','2020','09:00:47','2020-09-30','30/09/2020','1','8','0','6','1341500135505'),(1488,'1960','2563',10.00,'30','09','2020','09:00:47','2020-09-30','30/09/2020','1','8','0','7','1341500135505'),(1489,'1964','2563',5.00,'30','09','2020','09:00:47','2020-09-30','30/09/2020','1','8','0','8','1341500135505'),(1490,'1965','2563',10.00,'30','09','2020','09:00:47','2020-09-30','30/09/2020','1','8','0','9','1341500135505'),(1491,'1966','2563',5.00,'30','09','2020','09:00:47','2020-09-30','30/09/2020','1','8','0','10','1341500135505'),(1492,'1968','2563',4.00,'30','09','2020','09:00:47','2020-09-30','30/09/2020','1','8','0','11','1341500135505'),(1493,'1969','2563',0.00,'30','09','2020','09:00:47','2020-09-30','30/09/2020','1','8','0','12','1341500135505'),(1494,'1970','2563',0.00,'30','09','2020','09:00:47','2020-09-30','30/09/2020','1','8','0','13','1341500135505'),(1495,'1967','2563',0.00,'30','09','2020','09:00:47','2020-09-30','30/09/2020','1','8','0','14','1341500135505'),(1496,'1954','2563',10.00,'30','09','2020','10:29:44','2020-09-30','30/09/2020','2','8','0','1','1341500135505'),(1497,'1955','2563',10.00,'30','09','2020','10:30:41','2020-09-30','30/09/2020','2','8','0','2','1341500135505'),(1498,'1956','2563',10.00,'30','09','2020','10:31:04','2020-09-30','30/09/2020','2','8','0','3','1341500135505'),(1499,'1967','2563',10.00,'30','09','2020','10:31:50','2020-09-30','30/09/2020','2','8','0','14','1341500135505'),(1500,'1958','2563',10.00,'30','09','2020','10:32:14','2020-09-30','30/09/2020','2','8','0','5','1341500135505'),(1501,'1934','2563',45.00,'30','09','2020','10:32:26','2020-09-30','30/09/2020','1','9','0','2','1341500135505'),(1502,'1937','2563',2.00,'30','09','2020','10:32:26','2020-09-30','30/09/2020','1','9','0','5','1341500135505'),(1503,'1938','2563',15.00,'30','09','2020','10:32:26','2020-09-30','30/09/2020','1','9','0','6','1341500135505'),(1504,'1941','2563',95.00,'30','09','2020','10:32:26','2020-09-30','30/09/2020','1','9','0','8','1341500135505'),(1505,'1949','2563',42.00,'30','09','2020','10:32:26','2020-09-30','30/09/2020','1','9','0','14','1341500135505'),(1506,'1995','2563',35.00,'30','09','2020','10:32:26','2020-09-30','30/09/2020','1','9','0','17','1341500135505'),(1507,'1935','2563',10.00,'30','09','2020','10:32:48','2020-09-30','30/09/2020','2','9','0','3','1341500135505'),(1508,'1940','2563',1.00,'30','09','2020','10:33:04','2020-09-30','30/09/2020','2','9','0','7','1341500135505'),(1509,'1942','2563',30.00,'30','09','2020','10:33:41','2020-09-30','30/09/2020','2','9','0','9','1341500135505'),(1510,'1964','2563',10.00,'30','09','2020','10:33:54','2020-09-30','30/09/2020','2','8','0','8','1341500135505'),(1511,'1947','2563',35.00,'30','09','2020','10:34:15','2020-09-30','30/09/2020','2','9','0','13','1341500135505'),(1512,'1970','2563',11.00,'30','09','2020','10:34:38','2020-09-30','30/09/2020','2','8','0','13','1341500135505'),(1513,'1969','2563',10.00,'30','09','2020','10:35:37','2020-09-30','30/09/2020','2','8','0','12','1341500135505'),(1514,'1966','2563',10.00,'30','09','2020','10:36:03','2020-09-30','30/09/2020','2','8','0','10','1341500135505'),(1515,'1959','2563',5.00,'30','09','2020','10:36:41','2020-09-30','30/09/2020','2','8','0','6','1341500135505'),(1516,'1938','2563',25.00,'01','10','2020','11:09:43','2020-10-01','01/10/2020','2','9','0','6','1341500135505'),(1517,'1942','2563',10.00,'01','10','2020','11:10:04','2020-10-01','01/10/2020','2','9','0','9','1341500135505'),(1518,'1935','2563',5.00,'01','10','2020','11:10:22','2020-10-01','01/10/2020','2','9','0','3','1341500135505'),(1519,'1934','2563',10.00,'01','10','2020','11:11:26','2020-10-01','01/10/2020','1','9','0','2','1341500135505'),(1520,'1941','2563',10.00,'01','10','2020','11:11:26','2020-10-01','01/10/2020','1','9','0','8','1341500135505'),(1521,'1947','2563',20.00,'01','10','2020','11:11:26','2020-10-01','01/10/2020','1','9','0','13','1341500135505'),(1522,'1949','2563',20.00,'01','10','2020','11:11:26','2020-10-01','01/10/2020','1','9','0','14','1341500135505'),(1523,'1995','2563',10.00,'01','10','2020','11:11:26','2020-10-01','01/10/2020','1','9','0','17','1341500135505'),(1524,'1940','2563',10.00,'01','10','2020','11:11:43','2020-10-01','01/10/2020','2','9','0','7','1341500135505'),(1525,'1954','2563',29.00,'01','10','2020','01:06:12','2020-10-01','01/10/2020','1','8','0','1','1341500135505'),(1526,'1955','2563',10.00,'01','10','2020','01:06:12','2020-10-01','01/10/2020','1','8','0','2','1341500135505'),(1527,'1958','2563',5.00,'01','10','2020','01:06:12','2020-10-01','01/10/2020','1','8','0','5','1341500135505'),(1528,'1968','2563',5.00,'01','10','2020','01:06:12','2020-10-01','01/10/2020','1','8','0','11','1341500135505'),(1529,'1970','2563',25.00,'01','10','2020','01:06:12','2020-10-01','01/10/2020','1','8','0','13','1341500135505'),(1530,'1967','2563',5.00,'01','10','2020','01:06:12','2020-10-01','01/10/2020','1','8','0','14','1341500135505'),(1531,'1960','2563',10.00,'01','10','2020','01:06:37','2020-10-01','01/10/2020','1','8','0','7','1341500135505'),(1532,'1942','2563',40.00,'02','10','2020','10:36:03','2020-10-02','02/10/2020','2','9','0','9','1341500135505'),(1533,'1947','2563',20.00,'02','10','2020','10:36:20','2020-10-02','02/10/2020','2','9','0','13','1341500135505'),(1534,'1935','2563',10.00,'02','10','2020','10:37:00','2020-10-02','02/10/2020','2','9','0','3','1341500135505'),(1535,'1937','2563',30.00,'02','10','2020','10:37:33','2020-10-02','02/10/2020','2','9','0','5','1341500135505'),(1536,'1935','2563',20.00,'02','10','2020','10:37:50','2020-10-02','02/10/2020','2','9','0','3','1341500135505'),(1537,'1941','2563',100.00,'02','10','2020','10:45:49','2020-10-02','02/10/2020','1','9','0','8','1341500135505'),(1538,'1949','2563',10.00,'02','10','2020','10:45:49','2020-10-02','02/10/2020','1','9','0','14','1341500135505'),(1539,'1995','2563',30.00,'02','10','2020','10:45:49','2020-10-02','02/10/2020','1','9','0','17','1341500135505'),(1540,'1954','2563',14.00,'06','10','2020','10:31:51','2020-10-06','06/10/2020','1','8','0','1','1341500135505'),(1541,'1955','2563',15.00,'06','10','2020','10:31:51','2020-10-06','06/10/2020','1','8','0','2','1341500135505'),(1542,'1956','2563',0.00,'06','10','2020','10:31:51','2020-10-06','06/10/2020','1','8','0','3','1341500135505'),(1543,'1957','2563',0.00,'06','10','2020','10:31:51','2020-10-06','06/10/2020','1','8','0','4','1341500135505'),(1544,'1958','2563',0.00,'06','10','2020','10:31:51','2020-10-06','06/10/2020','1','8','0','5','1341500135505'),(1545,'1959','2563',0.00,'06','10','2020','10:31:51','2020-10-06','06/10/2020','1','8','0','6','1341500135505'),(1546,'1960','2563',0.00,'06','10','2020','10:31:51','2020-10-06','06/10/2020','1','8','0','7','1341500135505'),(1547,'1964','2563',0.00,'06','10','2020','10:31:51','2020-10-06','06/10/2020','1','8','0','8','1341500135505'),(1548,'1965','2563',10.00,'06','10','2020','10:31:51','2020-10-06','06/10/2020','1','8','0','9','1341500135505'),(1549,'1966','2563',0.00,'06','10','2020','10:31:51','2020-10-06','06/10/2020','1','8','0','10','1341500135505'),(1550,'1969','2563',0.00,'06','10','2020','10:31:51','2020-10-06','06/10/2020','1','8','0','12','1341500135505'),(1551,'1970','2563',20.00,'06','10','2020','10:31:51','2020-10-06','06/10/2020','1','8','0','13','1341500135505'),(1552,'1967','2563',0.00,'06','10','2020','10:31:51','2020-10-06','06/10/2020','1','8','0','14','1341500135505'),(1553,'1966','2563',4.00,'06','10','2020','10:34:25','2020-10-06','06/10/2020','1','8','0','10','1341500135505'),(1554,'1954','2563',5.00,'07','10','2020','09:45:20','2020-10-07','07/10/2020','1','8','0','1','1341500135505'),(1555,'1955','2563',5.00,'07','10','2020','09:45:20','2020-10-07','07/10/2020','1','8','0','2','1341500135505'),(1556,'1954','2563',60.00,'08','10','2020','08:39:47','2020-10-08','08/10/2020','2','8','0','1','1341500135505'),(1557,'1954','2563',0.00,'08','10','2020','08:46:44','2020-10-08','08/10/2020','1','8','0','1','1341500135505'),(1558,'1955','2563',20.00,'08','10','2020','08:46:44','2020-10-08','08/10/2020','1','8','0','2','1341500135505'),(1559,'1956','2563',5.00,'08','10','2020','08:46:44','2020-10-08','08/10/2020','1','8','0','3','1341500135505'),(1560,'1957','2563',0.00,'08','10','2020','08:46:44','2020-10-08','08/10/2020','1','8','0','4','1341500135505'),(1561,'1958','2563',10.00,'08','10','2020','08:46:44','2020-10-08','08/10/2020','1','8','0','5','1341500135505'),(1562,'1959','2563',0.00,'08','10','2020','08:46:44','2020-10-08','08/10/2020','1','8','0','6','1341500135505'),(1563,'1960','2563',10.00,'08','10','2020','08:46:44','2020-10-08','08/10/2020','1','8','0','7','1341500135505'),(1564,'1964','2563',0.00,'08','10','2020','08:46:44','2020-10-08','08/10/2020','1','8','0','8','1341500135505'),(1565,'1965','2563',0.00,'08','10','2020','08:46:44','2020-10-08','08/10/2020','1','8','0','9','1341500135505'),(1566,'1966','2563',0.00,'08','10','2020','08:46:44','2020-10-08','08/10/2020','1','8','0','10','1341500135505'),(1567,'1968','2563',0.00,'08','10','2020','08:46:44','2020-10-08','08/10/2020','1','8','0','11','1341500135505'),(1568,'1969','2563',0.00,'08','10','2020','08:46:44','2020-10-08','08/10/2020','1','8','0','12','1341500135505'),(1569,'1970','2563',10.00,'08','10','2020','08:46:44','2020-10-08','08/10/2020','1','8','0','13','1341500135505'),(1570,'1967','2563',0.00,'08','10','2020','08:46:44','2020-10-08','08/10/2020','1','8','0','14','1341500135505'),(1571,'1947','2563',20.00,'09','10','2020','01:28:25','2020-10-09','09/10/2020','2','9','0','13','1341500135505'),(1572,'1957','2563',20.00,'09','10','2020','02:14:52','2020-10-09','09/10/2020','1','8','0','4','1341500135505'),(1573,'1970','2563',20.00,'09','10','2020','02:14:52','2020-10-09','09/10/2020','1','8','0','13','1341500135505'),(1574,'1967','2563',10.00,'09','10','2020','02:14:52','2020-10-09','09/10/2020','1','8','0','14','1341500135505'),(1575,'1998','2563',15.00,'12','10','2020','09:54:53','2020-10-12','12/10/2020','1','5','0','1','3470800656459'),(1576,'1999','2563',60.00,'12','10','2020','09:54:53','2020-10-12','12/10/2020','1','5','0','2','3470800656459'),(1577,'2000','2563',15.00,'12','10','2020','09:54:53','2020-10-12','12/10/2020','1','5','0','3','3470800656459'),(1578,'2001','2563',5.00,'12','10','2020','09:54:53','2020-10-12','12/10/2020','1','5','0','4','3470800656459'),(1579,'2002','2563',5.00,'12','10','2020','09:54:53','2020-10-12','12/10/2020','1','5','0','5','3470800656459'),(1580,'2003','2563',101.00,'12','10','2020','09:54:53','2020-10-12','12/10/2020','1','5','0','6','3470800656459'),(1581,'2004','2563',5.00,'12','10','2020','09:54:53','2020-10-12','12/10/2020','1','5','0','7','3470800656459'),(1582,'1998','2563',0.00,'12','10','2020','09:56:50','2020-10-12','12/10/2020','1','5','0','1','3470800656459'),(1583,'1999','2563',0.00,'12','10','2020','09:56:50','2020-10-12','12/10/2020','1','5','0','2','3470800656459'),(1584,'2000','2563',0.00,'12','10','2020','09:56:50','2020-10-12','12/10/2020','1','5','0','3','3470800656459'),(1585,'2001','2563',0.00,'12','10','2020','09:56:50','2020-10-12','12/10/2020','1','5','0','4','3470800656459'),(1586,'2002','2563',0.00,'12','10','2020','09:56:50','2020-10-12','12/10/2020','1','5','0','5','3470800656459'),(1587,'2003','2563',0.00,'12','10','2020','09:56:50','2020-10-12','12/10/2020','1','5','0','6','3470800656459'),(1588,'2004','2563',0.00,'12','10','2020','09:56:50','2020-10-12','12/10/2020','1','5','0','7','3470800656459'),(1589,'2006','2563',20.00,'12','10','2020','09:56:50','2020-10-12','12/10/2020','1','5','0','8','3470800656459'),(1590,'1998','2563',5.00,'12','10','2020','10:09:55','2020-10-12','12/10/2020','1','5','0','1','3470800656459'),(1591,'1999','2563',0.00,'12','10','2020','10:09:55','2020-10-12','12/10/2020','1','5','0','2','3470800656459'),(1592,'2000','2563',0.00,'12','10','2020','10:09:55','2020-10-12','12/10/2020','1','5','0','3','3470800656459'),(1593,'2001','2563',0.00,'12','10','2020','10:09:55','2020-10-12','12/10/2020','1','5','0','4','3470800656459'),(1594,'2002','2563',0.00,'12','10','2020','10:09:55','2020-10-12','12/10/2020','1','5','0','5','3470800656459'),(1595,'2003','2563',0.00,'12','10','2020','10:09:55','2020-10-12','12/10/2020','1','5','0','6','3470800656459'),(1596,'2004','2563',0.00,'12','10','2020','10:09:55','2020-10-12','12/10/2020','1','5','0','7','3470800656459'),(1597,'2006','2563',0.00,'12','10','2020','10:09:55','2020-10-12','12/10/2020','1','5','0','8','3470800656459'),(1598,'1955','2563',10.00,'12','10','2020','01:47:20','2020-10-12','12/10/2020','1','8','0','2','1341500135505'),(1599,'1970','2563',5.00,'12','10','2020','01:47:20','2020-10-12','12/10/2020','1','8','0','13','1341500135505'),(1600,'1954','2563',5.00,'16','10','2020','10:27:57','2020-10-16','16/10/2020','1','8','0','1','1341500135505'),(1601,'1955','2563',20.00,'16','10','2020','10:27:57','2020-10-16','16/10/2020','1','8','0','2','1341500135505'),(1602,'1957','2563',5.00,'16','10','2020','10:27:57','2020-10-16','16/10/2020','1','8','0','4','1341500135505'),(1603,'1958','2563',5.00,'16','10','2020','10:27:57','2020-10-16','16/10/2020','1','8','0','5','1341500135505'),(1604,'1968','2563',7.00,'16','10','2020','10:27:57','2020-10-16','16/10/2020','1','8','0','11','1341500135505'),(1605,'1969','2563',5.00,'16','10','2020','10:27:57','2020-10-16','16/10/2020','1','8','0','12','1341500135505'),(1606,'1967','2563',5.00,'16','10','2020','10:27:57','2020-10-16','16/10/2020','1','8','0','14','1341500135505'),(1607,'1964','2563',20.00,'19','10','2020','02:58:40','2020-10-19','19/10/2020','1','8','0','8','1341500135505'),(1608,'1968','2563',5.00,'19','10','2020','02:58:40','2020-10-19','19/10/2020','1','8','0','11','1341500135505'),(1609,'1970','2563',10.00,'22','10','2020','02:19:46','2020-10-22','22/10/2020','1','8','0','13','1341500135505'),(1610,'1955','2563',20.00,'22','10','2020','02:20:51','2020-10-22','22/10/2020','1','8','0','2','1341500135505'),(1611,'1957','2563',5.00,'22','10','2020','02:20:51','2020-10-22','22/10/2020','1','8','0','4','1341500135505'),(1612,'1964','2563',5.00,'22','10','2020','02:20:51','2020-10-22','22/10/2020','1','8','0','8','1341500135505'),(1613,'1967','2563',5.00,'22','10','2020','02:20:51','2020-10-22','22/10/2020','1','8','0','14','1341500135505'),(1614,'1941','2563',10.00,'26','10','2020','11:14:41','2020-10-26','26/10/2020','1','9','0','8','1341500135505'),(1615,'1947','2563',20.00,'26','10','2020','11:14:41','2020-10-26','26/10/2020','1','9','0','13','1341500135505'),(1616,'1949','2563',20.00,'26','10','2020','11:14:41','2020-10-26','26/10/2020','1','9','0','14','1341500135505'),(1617,'1995','2563',15.00,'26','10','2020','11:14:41','2020-10-26','26/10/2020','1','9','0','17','1341500135505'),(1618,'1964','2563',5.00,'28','10','2020','01:53:18','2020-10-28','28/10/2020','1','8','0','8','1341500135505'),(1619,'1965','2563',10.00,'28','10','2020','01:53:18','2020-10-28','28/10/2020','1','8','0','9','1341500135505'),(1620,'1968','2563',10.00,'28','10','2020','01:53:18','2020-10-28','28/10/2020','1','8','0','11','1341500135505'),(1621,'1970','2563',20.00,'28','10','2020','01:53:18','2020-10-28','28/10/2020','1','8','0','13','1341500135505'),(1622,'1943','2563',5.00,'29','10','2020','09:46:09','2020-10-29','29/10/2020','1','9','0','10','1341500135505'),(1623,'1947','2563',95.00,'29','10','2020','09:46:09','2020-10-29','29/10/2020','1','9','0','13','1341500135505'),(1624,'1949','2563',10.00,'29','10','2020','09:46:09','2020-10-29','29/10/2020','1','9','0','14','1341500135505'),(1625,'1995','2563',10.00,'29','10','2020','09:46:09','2020-10-29','29/10/2020','1','9','0','17','1341500135505'),(1626,'1954','2563',5.00,'30','10','2020','11:33:06','2020-10-30','30/10/2020','1','8','0','1','1341500135505'),(1627,'1955','2563',15.00,'30','10','2020','11:33:06','2020-10-30','30/10/2020','1','8','0','2','1341500135505'),(1628,'1957','2563',10.00,'30','10','2020','11:33:06','2020-10-30','30/10/2020','1','8','0','4','1341500135505'),(1629,'1970','2563',10.00,'30','10','2020','11:33:06','2020-10-30','30/10/2020','1','8','0','13','1341500135505'),(1630,'1954','2563',10.00,'02','11','2020','09:12:10','2020-11-02','02/11/2020','1','8','0','1','1341500135505'),(1631,'1955','2563',20.00,'02','11','2020','09:12:10','2020-11-02','02/11/2020','1','8','0','2','1341500135505'),(1632,'1959','2563',10.00,'02','11','2020','09:12:10','2020-11-02','02/11/2020','1','8','0','6','1341500135505'),(1633,'1965','2563',10.00,'02','11','2020','09:12:10','2020-11-02','02/11/2020','1','8','0','9','1341500135505'),(1634,'1968','2563',5.00,'02','11','2020','09:12:10','2020-11-02','02/11/2020','1','8','0','11','1341500135505'),(1635,'1970','2563',173.00,'02','11','2020','09:12:10','2020-11-02','02/11/2020','1','8','0','13','1341500135505'),(1636,'1967','2563',5.00,'02','11','2020','09:12:10','2020-11-02','02/11/2020','1','8','0','14','1341500135505'),(1637,'1938','2563',30.00,'02','11','2020','10:01:44','2020-11-02','02/11/2020','1','9','0','6','1341500135505'),(1638,'1943','2563',10.00,'02','11','2020','10:01:44','2020-11-02','02/11/2020','1','9','0','10','1341500135505'),(1639,'1947','2563',75.00,'02','11','2020','10:01:44','2020-11-02','02/11/2020','1','9','0','13','1341500135505'),(1640,'1949','2563',32.00,'02','11','2020','10:01:44','2020-11-02','02/11/2020','1','9','0','14','1341500135505'),(1641,'1995','2563',20.00,'02','11','2020','10:01:44','2020-11-02','02/11/2020','1','9','0','17','1341500135505'),(1642,'1941','2563',316.00,'02','11','2020','10:03:22','2020-11-02','02/11/2020','2','9','0','8','1341500135505'),(1643,'1954','2563',9.00,'03','11','2020','02:18:06','2020-11-03','03/11/2020','1','8','0','1','1341500135505'),(1644,'1955','2563',10.00,'03','11','2020','02:18:06','2020-11-03','03/11/2020','1','8','0','2','1341500135505'),(1645,'1957','2563',10.00,'03','11','2020','02:18:06','2020-11-03','03/11/2020','1','8','0','4','1341500135505'),(1646,'1960','2563',5.00,'03','11','2020','02:18:06','2020-11-03','03/11/2020','1','8','0','7','1341500135505'),(1647,'1968','2563',5.00,'03','11','2020','02:18:06','2020-11-03','03/11/2020','1','8','0','11','1341500135505'),(1648,'1970','2563',10.00,'03','11','2020','02:18:45','2020-11-03','03/11/2020','2','8','0','13','1341500135505'),(1649,'1954','2563',35.00,'05','11','2020','10:53:22','2020-11-05','05/11/2020','1','8','0','1','1341500135505'),(1650,'1959','2563',10.00,'05','11','2020','10:53:22','2020-11-05','05/11/2020','1','8','0','6','1341500135505'),(1651,'1966','2563',5.00,'05','11','2020','10:53:22','2020-11-05','05/11/2020','1','8','0','10','1341500135505'),(1652,'1968','2563',10.00,'05','11','2020','10:53:22','2020-11-05','05/11/2020','1','8','0','11','1341500135505'),(1653,'1970','2563',5.00,'05','11','2020','10:53:22','2020-11-05','05/11/2020','1','8','0','13','1341500135505'),(1654,'1947','2563',40.00,'12','11','2020','11:40:44','2020-11-12','12/11/2020','2','9','0','13','1341500135505'),(1655,'1949','2563',40.00,'12','11','2020','11:41:07','2020-11-12','12/11/2020','2','9','0','14','1341500135505'),(1656,'1998','2563',0.00,'03','12','2020','10:28:50','2020-12-03','03/12/2020','1','5','0','1','3470800656459'),(1657,'1999','2563',30.00,'03','12','2020','10:28:50','2020-12-03','03/12/2020','1','5','0','2','3470800656459'),(1658,'2000','2563',5.00,'03','12','2020','10:28:50','2020-12-03','03/12/2020','1','5','0','3','3470800656459'),(1659,'2001','2563',25.00,'03','12','2020','10:28:50','2020-12-03','03/12/2020','1','5','0','4','3470800656459'),(1660,'2002','2563',5.00,'03','12','2020','10:28:50','2020-12-03','03/12/2020','1','5','0','5','3470800656459'),(1661,'2003','2563',1.00,'03','12','2020','10:28:50','2020-12-03','03/12/2020','1','5','0','6','3470800656459'),(1662,'2004','2563',5.00,'03','12','2020','10:28:50','2020-12-03','03/12/2020','1','5','0','7','3470800656459'),(1663,'2006','2563',8.00,'03','12','2020','10:28:50','2020-12-03','03/12/2020','1','5','0','8','3470800656459'),(1664,'1998','2563',5.00,'25','12','2020','10:38:13','2020-12-25','25/12/2020','1','5','0','1','3470800656459'),(1665,'1999','2563',10.00,'25','12','2020','10:38:13','2020-12-25','25/12/2020','1','5','0','2','3470800656459'),(1666,'2000','2563',0.00,'25','12','2020','10:38:13','2020-12-25','25/12/2020','1','5','0','3','3470800656459'),(1667,'2001','2563',5.00,'25','12','2020','10:38:13','2020-12-25','25/12/2020','1','5','0','4','3470800656459'),(1668,'2002','2563',0.00,'25','12','2020','10:38:13','2020-12-25','25/12/2020','1','5','0','5','3470800656459'),(1669,'2003','2563',0.00,'25','12','2020','10:38:13','2020-12-25','25/12/2020','1','5','0','6','3470800656459'),(1670,'2004','2563',0.00,'25','12','2020','10:38:13','2020-12-25','25/12/2020','1','5','0','7','3470800656459'),(1671,'2006','2563',0.00,'25','12','2020','10:38:13','2020-12-25','25/12/2020','1','5','0','8','3470800656459'),(1672,'1954','2563',30.00,'28','12','2020','09:52:19','2020-12-28','28/12/2020','2','8','0','1','1341500135505'),(1673,'1955','2563',30.00,'28','12','2020','09:53:11','2020-12-28','28/12/2020','2','8','0','2','1341500135505'),(1674,'1956','2563',40.00,'28','12','2020','09:53:37','2020-12-28','28/12/2020','2','8','0','3','1341500135505'),(1675,'1958','2563',30.00,'28','12','2020','09:54:28','2020-12-28','28/12/2020','2','8','0','5','1341500135505'),(1676,'1959','2563',60.00,'28','12','2020','09:56:07','2020-12-28','28/12/2020','2','8','0','6','1341500135505'),(1677,'1960','2563',130.00,'28','12','2020','09:57:28','2020-12-28','28/12/2020','2','8','0','7','1341500135505'),(1678,'1964','2563',40.00,'28','12','2020','09:57:59','2020-12-28','28/12/2020','2','8','0','8','1341500135505'),(1679,'1965','2563',10.00,'28','12','2020','09:58:51','2020-12-28','28/12/2020','2','8','0','9','1341500135505'),(1680,'1968','2563',30.00,'28','12','2020','09:59:22','2020-12-28','28/12/2020','2','8','0','11','1341500135505'),(1681,'1957','2563',10.00,'04','01','2021','09:36:17','2021-01-04','04/01/2021','1','8','0','4','1341500135505'),(1682,'1964','2563',100.00,'04','01','2021','09:36:17','2021-01-04','04/01/2021','1','8','0','8','1341500135505'),(1683,'1965','2563',10.00,'04','01','2021','09:36:17','2021-01-04','04/01/2021','1','8','0','9','1341500135505'),(1684,'1966','2563',6.00,'04','01','2021','09:36:17','2021-01-04','04/01/2021','1','8','0','10','1341500135505'),(1685,'1968','2563',5.00,'04','01','2021','09:36:17','2021-01-04','04/01/2021','1','8','0','11','1341500135505'),(1686,'1970','2563',234.00,'04','01','2021','09:36:17','2021-01-04','04/01/2021','1','8','0','13','1341500135505'),(1687,'1967','2563',8.00,'04','01','2021','09:36:17','2021-01-04','04/01/2021','1','8','0','14','1341500135505'),(1688,'1969','2563',10.00,'04','01','2021','09:36:50','2021-01-04','04/01/2021','1','8','0','12','1341500135505'),(1689,'1968','2563',80.00,'04','01','2021','09:37:19','2021-01-04','04/01/2021','2','8','0','11','1341500135505'),(1690,'1954','2563',50.00,'04','01','2021','09:41:02','2021-01-04','04/01/2021','2','8','0','1','1341500135505'),(1691,'1947','2563',150.00,'04','01','2021','12:54:06','2021-01-04','04/01/2021','2','9','0','13','1341500135505'),(1692,'1954','2563',20.00,'22','01','2021','11:59:09','2021-01-22','22/01/2021','1','8','0','1','1341500135505'),(1693,'1966','2563',20.00,'22','01','2021','11:59:36','2021-01-22','22/01/2021','2','8','0','10','1341500135505'),(1694,'1967','2563',50.00,'22','01','2021','11:59:55','2021-01-22','22/01/2021','2','8','0','14','1341500135505'),(1695,'1970','2563',105.00,'22','01','2021','12:00:13','2021-01-22','22/01/2021','2','8','0','13','1341500135505'),(1696,'1964','2563',40.00,'22','01','2021','12:00:29','2021-01-22','22/01/2021','2','8','0','8','1341500135505'),(1697,'1968','2563',20.00,'22','01','2021','12:00:46','2021-01-22','22/01/2021','2','8','0','11','1341500135505'),(1698,'1965','2563',20.00,'22','01','2021','12:01:03','2021-01-22','22/01/2021','2','8','0','9','1341500135505'),(1699,'1958','2563',20.00,'22','01','2021','12:01:18','2021-01-22','22/01/2021','2','8','0','5','1341500135505'),(1700,'1958','2563',10.00,'22','01','2021','12:02:25','2021-01-22','22/01/2021','2','8','0','5','1341500135505'),(1701,'1957','2563',20.00,'22','01','2021','12:03:40','2021-01-22','22/01/2021','2','8','0','4','1341500135505'),(1702,'1969','2563',10.00,'22','01','2021','12:04:07','2021-01-22','22/01/2021','2','8','0','12','1341500135505'),(1703,'1956','2563',5.00,'22','01','2021','12:07:01','2021-01-22','22/01/2021','2','8','0','3','1341500135505'),(1704,'1960','2563',10.00,'22','01','2021','12:07:26','2021-01-22','22/01/2021','2','8','0','7','1341500135505'),(1705,'1954','2563',85.00,'05','02','2021','02:50:21','2021-02-05','05/02/2021','1','8','0','1','1341500135505'),(1706,'1957','2563',10.00,'05','02','2021','02:50:21','2021-02-05','05/02/2021','1','8','0','4','1341500135505'),(1707,'1970','2563',5.00,'05','02','2021','02:50:21','2021-02-05','05/02/2021','1','8','0','13','1341500135505'),(1708,'1954','2563',140.00,'05','02','2021','02:50:45','2021-02-05','05/02/2021','1','8','0','1','1341500135505'),(1709,'1954','2563',10.00,'05','02','2021','02:54:53','2021-02-05','05/02/2021','1','8','0','1','1341500135505'),(1710,'1967','2563',15.00,'05','02','2021','02:54:53','2021-02-05','05/02/2021','1','8','0','14','1341500135505'),(1711,'1966','2563',10.00,'05','02','2021','02:55:20','2021-02-05','05/02/2021','2','8','0','10','1341500135505'),(1712,'1964','2563',5.00,'05','02','2021','02:55:38','2021-02-05','05/02/2021','2','8','0','8','1341500135505'),(1713,'1968','2563',10.00,'05','02','2021','02:55:57','2021-02-05','05/02/2021','2','8','0','11','1341500135505'),(1714,'1970','2563',5.00,'05','02','2021','02:56:12','2021-02-05','05/02/2021','2','8','0','13','1341500135505'),(1715,'1960','2563',20.00,'05','02','2021','02:56:28','2021-02-05','05/02/2021','2','8','0','7','1341500135505'),(1716,'1958','2563',5.00,'05','02','2021','02:59:06','2021-02-05','05/02/2021','2','8','0','5','1341500135505'),(1717,'1954','2563',60.00,'08','02','2021','03:21:10','2021-02-08','08/02/2021','1','8','0','1','1341500135505'),(1718,'1970','2563',140.00,'09','02','2021','01:58:44','2021-02-09','09/02/2021','2','8','0','13','1341500135505'),(1719,'1949','2563',229.00,'16','02','2021','10:56:16','2021-02-16','16/02/2021','2','9','0','14','1341500135505'),(1720,'1954','2563',30.00,'16','02','2021','01:11:19','2021-02-16','16/02/2021','1','8','0','1','1341500135505'),(1721,'1954','2563',60.00,'03','03','2021','03:30:47','2021-03-03','03/03/2021','2','8','0','1','1341500135505'),(1722,'1970','2563',100.00,'10','03','2021','09:47:50','2021-03-10','10/03/2021','2','8','0','13','1341500135505'),(1723,'1970','2563',793.00,'29','03','2021','10:32:19','2021-03-29','29/03/2021','2','8','0','13','1341500135505'),(1724,'1954','2563',307.00,'29','03','2021','10:35:56','2021-03-29','29/03/2021','2','8','0','1','1341500135505'),(1725,'1955','2563',290.00,'29','03','2021','11:27:20','2021-03-29','29/03/2021','2','8','0','2','1341500135505'),(1726,'1956','2563',100.00,'29','03','2021','11:27:36','2021-03-29','29/03/2021','2','8','0','3','1341500135505'),(1727,'1957','2563',170.00,'29','03','2021','11:27:53','2021-03-29','29/03/2021','2','8','0','4','1341500135505'),(1728,'1958','2563',10.00,'29','03','2021','11:28:17','2021-03-29','29/03/2021','2','8','0','5','1341500135505'),(1729,'1960','2563',47.00,'29','03','2021','11:28:48','2021-03-29','29/03/2021','2','8','0','7','1341500135505'),(1730,'1964','2563',105.00,'29','03','2021','11:29:15','2021-03-29','29/03/2021','2','8','0','8','1341500135505'),(1731,'1965','2563',310.00,'29','03','2021','11:29:35','2021-03-29','29/03/2021','2','8','0','9','1341500135505'),(1732,'1968','2563',103.00,'29','03','2021','11:30:08','2021-03-29','29/03/2021','2','8','0','11','1341500135505'),(1733,'1932','2563',17.00,'01','04','2021','01:25:45','2021-04-01','01/04/2021','2','9','0','1','1341500135505'),(1734,'1934','2563',155.00,'01','04','2021','01:26:00','2021-04-01','01/04/2021','2','9','0','2','1341500135505'),(1735,'1938','2563',30.00,'01','04','2021','01:26:14','2021-04-01','01/04/2021','2','9','0','6','1341500135505'),(1736,'1940','2563',19.00,'01','04','2021','01:26:31','2021-04-01','01/04/2021','2','9','0','7','1341500135505'),(1737,'1943','2563',15.00,'01','04','2021','01:26:51','2021-04-01','01/04/2021','2','9','0','10','1341500135505'),(1738,'1944','2563',30.00,'01','04','2021','01:27:34','2021-04-01','01/04/2021','2','9','0','11','1341500135505'),(1739,'1995','2563',410.00,'01','04','2021','01:27:53','2021-04-01','01/04/2021','2','9','0','17','1341500135505'),(1740,'1954','2564',5.00,'16','06','2021','11:01:27','2021-06-16','16/06/2021','1','9','0','1','1341500135505'),(1741,'1954','2564',5.00,'16','06','2021','11:02:19','2021-06-16','16/06/2021','2','9','0','1','1341500135505'),(1742,'1969','2564',10.00,'16','06','2021','11:02:41','2021-06-16','16/06/2021','2','9','0','12','1341500135505'),(1743,'1967','2564',220.00,'16','06','2021','11:02:58','2021-06-16','16/06/2021','2','9','0','14','1341500135505'),(1744,'1954','2564',40.00,'22','06','2021','09:30:07','2021-06-22','22/06/2021','1','9','0','1','1341500135505'),(1745,'1955','2564',5.00,'22','06','2021','09:30:07','2021-06-22','22/06/2021','1','9','0','2','1341500135505'),(1746,'1956','2564',10.00,'22','06','2021','09:30:07','2021-06-22','22/06/2021','1','9','0','3','1341500135505'),(1747,'1957','2564',10.00,'22','06','2021','09:30:07','2021-06-22','22/06/2021','1','9','0','4','1341500135505'),(1748,'1958','2564',10.00,'22','06','2021','09:30:07','2021-06-22','22/06/2021','1','9','0','5','1341500135505'),(1749,'1959','2564',15.00,'22','06','2021','09:30:07','2021-06-22','22/06/2021','1','9','0','6','1341500135505'),(1750,'1969','2564',10.00,'22','06','2021','09:30:07','2021-06-22','22/06/2021','1','9','0','12','1341500135505'),(1751,'1955','2564',20.00,'30','06','2021','08:56:29','2021-06-30','30/06/2021','1','9','0','2','1341500135505'),(1752,'1956','2564',20.00,'30','06','2021','08:56:29','2021-06-30','30/06/2021','1','9','0','3','1341500135505'),(1753,'1957','2564',5.00,'30','06','2021','08:56:29','2021-06-30','30/06/2021','1','9','0','4','1341500135505'),(1754,'1958','2564',5.00,'30','06','2021','08:56:29','2021-06-30','30/06/2021','1','9','0','5','1341500135505'),(1755,'1959','2564',10.00,'30','06','2021','08:56:29','2021-06-30','30/06/2021','1','9','0','6','1341500135505'),(1756,'1965','2564',10.00,'30','06','2021','08:56:29','2021-06-30','30/06/2021','1','9','0','9','1341500135505'),(1757,'1968','2564',11.00,'30','06','2021','08:56:29','2021-06-30','30/06/2021','1','9','0','11','1341500135505'),(1758,'1967','2564',20.00,'30','06','2021','08:56:29','2021-06-30','30/06/2021','1','9','0','14','1341500135505'),(1759,'1981','2564',10.00,'03','07','2021','11:48:48','2021-07-03','03/07/2021','1','8','0','4','3470800656459'),(1760,'1979','2564',10.00,'03','07','2021','11:48:48','2021-07-03','03/07/2021','1','8','0','5','3470800656459'),(1761,'1955','2564',35.00,'05','07','2021','12:55:21','2021-07-05','05/07/2021','1','9','0','2','1341500135505'),(1762,'1956','2564',15.00,'05','07','2021','12:55:21','2021-07-05','05/07/2021','1','9','0','3','1341500135505'),(1763,'1959','2564',10.00,'05','07','2021','12:55:21','2021-07-05','05/07/2021','1','9','0','6','1341500135505'),(1764,'1964','2564',15.00,'05','07','2021','12:55:21','2021-07-05','05/07/2021','1','9','0','8','1341500135505'),(1765,'1965','2564',25.00,'05','07','2021','12:55:21','2021-07-05','05/07/2021','1','9','0','9','1341500135505'),(1766,'1968','2564',50.00,'05','07','2021','12:55:21','2021-07-05','05/07/2021','1','9','0','11','1341500135505'),(1767,'1970','2564',10.00,'05','07','2021','12:55:21','2021-07-05','05/07/2021','1','9','0','13','1341500135505'),(1768,'1967','2564',60.00,'05','07','2021','12:55:21','2021-07-05','05/07/2021','1','9','0','14','1341500135505'),(1769,'1955','2564',70.00,'08','07','2021','09:11:31','2021-07-08','08/07/2021','1','9','0','2','1341500135505'),(1770,'1956','2564',10.00,'08','07','2021','09:11:31','2021-07-08','08/07/2021','1','9','0','3','1341500135505'),(1771,'1958','2564',5.00,'08','07','2021','09:11:31','2021-07-08','08/07/2021','1','9','0','5','1341500135505'),(1772,'1959','2564',5.00,'08','07','2021','09:11:31','2021-07-08','08/07/2021','1','9','0','6','1341500135505'),(1773,'1965','2564',20.00,'08','07','2021','09:11:31','2021-07-08','08/07/2021','1','9','0','9','1341500135505'),(1774,'1968','2564',10.00,'08','07','2021','09:11:31','2021-07-08','08/07/2021','1','9','0','11','1341500135505'),(1775,'1967','2564',35.00,'08','07','2021','09:11:31','2021-07-08','08/07/2021','1','9','0','14','1341500135505'),(1776,'1955','2564',20.00,'09','07','2021','09:05:56','2021-07-09','09/07/2021','1','9','0','2','1341500135505'),(1777,'1956','2564',10.00,'09','07','2021','09:05:56','2021-07-09','09/07/2021','1','9','0','3','1341500135505'),(1778,'1959','2564',10.00,'09','07','2021','09:05:56','2021-07-09','09/07/2021','1','9','0','6','1341500135505'),(1779,'1965','2564',10.00,'09','07','2021','09:05:56','2021-07-09','09/07/2021','1','9','0','9','1341500135505'),(1780,'1968','2564',5.00,'09','07','2021','09:05:56','2021-07-09','09/07/2021','1','9','0','11','1341500135505'),(1781,'1967','2564',5.00,'09','07','2021','09:05:56','2021-07-09','09/07/2021','1','9','0','14','1341500135505'),(1782,'1954','2564',20.00,'12','07','2021','09:30:32','2021-07-12','12/07/2021','1','9','0','1','1341500135505'),(1783,'1955','2564',20.00,'12','07','2021','09:30:32','2021-07-12','12/07/2021','1','9','0','2','1341500135505'),(1784,'1956','2564',20.00,'12','07','2021','09:30:32','2021-07-12','12/07/2021','1','9','0','3','1341500135505'),(1785,'1958','2564',5.00,'12','07','2021','09:30:32','2021-07-12','12/07/2021','1','9','0','5','1341500135505'),(1786,'1965','2564',20.00,'12','07','2021','09:30:32','2021-07-12','12/07/2021','1','9','0','9','1341500135505'),(1787,'1968','2564',5.00,'12','07','2021','09:30:32','2021-07-12','12/07/2021','1','9','0','11','1341500135505'),(1788,'1967','2564',15.00,'12','07','2021','09:30:32','2021-07-12','12/07/2021','1','9','0','14','1341500135505'),(1789,'1976','2564',0.00,'12','07','2021','02:48:36','2021-07-12','12/07/2021','1','8','0','1','3470800656459'),(1790,'1985','2564',33.00,'12','07','2021','02:48:36','2021-07-12','12/07/2021','1','8','0','2','3470800656459'),(1791,'1977','2564',110.00,'12','07','2021','02:48:36','2021-07-12','12/07/2021','1','8','0','3','3470800656459'),(1792,'1981','2564',43.00,'12','07','2021','02:48:36','2021-07-12','12/07/2021','1','8','0','4','3470800656459'),(1793,'1979','2564',200.00,'12','07','2021','02:48:36','2021-07-12','12/07/2021','1','8','0','5','3470800656459'),(1794,'1982','2564',66.00,'12','07','2021','02:48:36','2021-07-12','12/07/2021','1','8','0','6','3470800656459'),(1795,'1980','2564',5.00,'12','07','2021','02:48:36','2021-07-12','12/07/2021','1','8','0','7','3470800656459'),(1796,'2038','2564',5.00,'12','07','2021','02:48:36','2021-07-12','12/07/2021','1','8','0','8','3470800656459'),(1797,'1955','2564',50.00,'14','07','2021','09:33:41','2021-07-14','14/07/2021','1','9','0','2','1341500135505'),(1798,'1956','2564',15.00,'14','07','2021','09:33:41','2021-07-14','14/07/2021','1','9','0','3','1341500135505'),(1799,'1959','2564',10.00,'14','07','2021','09:33:41','2021-07-14','14/07/2021','1','9','0','6','1341500135505'),(1800,'1965','2564',5.00,'14','07','2021','09:33:41','2021-07-14','14/07/2021','1','9','0','9','1341500135505'),(1801,'1968','2564',10.00,'14','07','2021','09:33:41','2021-07-14','14/07/2021','1','9','0','11','1341500135505'),(1802,'1967','2564',20.00,'14','07','2021','09:33:41','2021-07-14','14/07/2021','1','9','0','14','1341500135505'),(1803,'1976','2564',0.00,'06','08','2021','01:10:19','2021-08-06','06/08/2021','1','8','0','1','3470800656459'),(1804,'1985','2564',0.00,'06','08','2021','01:10:19','2021-08-06','06/08/2021','1','8','0','2','3470800656459'),(1805,'1977','2564',0.00,'06','08','2021','01:10:19','2021-08-06','06/08/2021','1','8','0','3','3470800656459'),(1806,'1981','2564',0.00,'06','08','2021','01:10:19','2021-08-06','06/08/2021','1','8','0','4','3470800656459'),(1807,'1979','2564',0.00,'06','08','2021','01:10:19','2021-08-06','06/08/2021','1','8','0','5','3470800656459'),(1808,'1982','2564',0.00,'06','08','2021','01:10:19','2021-08-06','06/08/2021','1','8','0','6','3470800656459'),(1809,'1980','2564',0.00,'06','08','2021','01:10:19','2021-08-06','06/08/2021','1','8','0','7','3470800656459'),(1810,'2038','2564',5.00,'06','08','2021','01:10:19','2021-08-06','06/08/2021','1','8','0','8','3470800656459'),(1811,'1976','2564',1090.00,'06','08','2021','01:16:24','2021-08-06','06/08/2021','2','8','0','1','3470800656459'),(1812,'1985','2564',683.00,'06','08','2021','01:17:04','2021-08-06','06/08/2021','2','8','0','2','3470800656459'),(1813,'1977','2564',1296.00,'06','08','2021','01:17:41','2021-08-06','06/08/2021','2','8','0','3','3470800656459'),(1814,'1981','2564',320.00,'06','08','2021','01:18:31','2021-08-06','06/08/2021','2','8','0','4','3470800656459'),(1815,'1979','2564',1811.00,'06','08','2021','01:19:24','2021-08-06','06/08/2021','2','8','0','5','3470800656459'),(1816,'1982','2564',534.00,'06','08','2021','01:20:13','2021-08-06','06/08/2021','2','8','0','6','3470800656459'),(1817,'1980','2564',180.00,'06','08','2021','01:20:52','2021-08-06','06/08/2021','2','8','0','7','3470800656459'),(1818,'1976','2564',0.00,'01','11','2021','09:40:38','2021-11-01','01/11/2021','1','8','0','1','3470800656459'),(1819,'1985','2564',20.00,'01','11','2021','09:40:38','2021-11-01','01/11/2021','1','8','0','2','3470800656459'),(1820,'1977','2564',0.00,'01','11','2021','09:40:38','2021-11-01','01/11/2021','1','8','0','3','3470800656459'),(1821,'1981','2564',0.00,'01','11','2021','09:40:38','2021-11-01','01/11/2021','1','8','0','4','3470800656459'),(1822,'1979','2564',20.00,'01','11','2021','09:40:38','2021-11-01','01/11/2021','1','8','0','5','3470800656459'),(1823,'1982','2564',4.00,'01','11','2021','09:40:38','2021-11-01','01/11/2021','1','8','0','6','3470800656459'),(1824,'1980','2564',0.00,'01','11','2021','09:40:38','2021-11-01','01/11/2021','1','8','0','7','3470800656459'),(1825,'2038','2564',0.00,'01','11','2021','09:40:38','2021-11-01','01/11/2021','1','8','0','8','3470800656459'),(1826,'1976','2564',0.00,'02','11','2021','09:21:06','2021-11-02','02/11/2021','1','8','0','1','3470800656459'),(1827,'1985','2564',20.00,'02','11','2021','09:21:06','2021-11-02','02/11/2021','1','8','0','2','3470800656459'),(1828,'1977','2564',10.00,'02','11','2021','09:21:06','2021-11-02','02/11/2021','1','8','0','3','3470800656459'),(1829,'1981','2564',10.00,'02','11','2021','09:21:06','2021-11-02','02/11/2021','1','8','0','4','3470800656459'),(1830,'1979','2564',20.00,'02','11','2021','09:21:06','2021-11-02','02/11/2021','1','8','0','5','3470800656459'),(1831,'1982','2564',5.00,'02','11','2021','09:21:06','2021-11-02','02/11/2021','1','8','0','6','3470800656459'),(1832,'1980','2564',5.00,'02','11','2021','09:21:06','2021-11-02','02/11/2021','1','8','0','7','3470800656459'),(1833,'2038','2564',0.00,'02','11','2021','09:21:06','2021-11-02','02/11/2021','1','8','0','8','3470800656459'),(1834,'1958','2564',25.00,'02','11','2021','10:34:46','2021-11-02','02/11/2021','2','9','0','5','1341500135505'),(1835,'1954','2564',60.00,'02','11','2021','10:35:52','2021-11-02','02/11/2021','2','9','0','1','1341500135505'),(1836,'1956','2564',100.00,'02','11','2021','10:36:15','2021-11-02','02/11/2021','2','9','0','3','1341500135505'),(1837,'1964','2564',5.00,'02','11','2021','10:36:56','2021-11-02','02/11/2021','2','9','0','8','1341500135505'),(1838,'1965','2564',20.00,'02','11','2021','10:37:12','2021-11-02','02/11/2021','2','9','0','9','1341500135505'),(1839,'1970','2564',10.00,'02','11','2021','10:38:00','2021-11-02','02/11/2021','2','9','0','13','1341500135505'),(1840,'1969','2564',10.00,'02','11','2021','10:38:11','2021-11-02','02/11/2021','2','9','0','12','1341500135505'),(1841,'1976','2564',0.00,'03','11','2021','10:10:00','2021-11-03','03/11/2021','1','8','0','1','3470800656459'),(1842,'1985','2564',20.00,'03','11','2021','10:10:00','2021-11-03','03/11/2021','1','8','0','2','3470800656459'),(1843,'1977','2564',0.00,'03','11','2021','10:10:00','2021-11-03','03/11/2021','1','8','0','3','3470800656459'),(1844,'1981','2564',15.00,'03','11','2021','10:10:00','2021-11-03','03/11/2021','1','8','0','4','3470800656459'),(1845,'1979','2564',20.00,'03','11','2021','10:10:00','2021-11-03','03/11/2021','1','8','0','5','3470800656459'),(1846,'1982','2564',5.00,'03','11','2021','10:10:00','2021-11-03','03/11/2021','1','8','0','6','3470800656459'),(1847,'1980','2564',0.00,'03','11','2021','10:10:00','2021-11-03','03/11/2021','1','8','0','7','3470800656459'),(1848,'2038','2564',0.00,'03','11','2021','10:10:00','2021-11-03','03/11/2021','1','8','0','8','3470800656459'),(1849,'1976','2564',5.00,'04','11','2021','09:06:24','2021-11-04','04/11/2021','1','8','0','1','3470800656459'),(1850,'1985','2564',10.00,'04','11','2021','09:06:24','2021-11-04','04/11/2021','1','8','0','2','3470800656459'),(1851,'1977','2564',5.00,'04','11','2021','09:06:24','2021-11-04','04/11/2021','1','8','0','3','3470800656459'),(1852,'1981','2564',0.00,'04','11','2021','09:06:24','2021-11-04','04/11/2021','1','8','0','4','3470800656459'),(1853,'1979','2564',25.00,'04','11','2021','09:06:24','2021-11-04','04/11/2021','1','8','0','5','3470800656459'),(1854,'1982','2564',5.00,'04','11','2021','09:06:24','2021-11-04','04/11/2021','1','8','0','6','3470800656459'),(1855,'1980','2564',0.00,'04','11','2021','09:06:24','2021-11-04','04/11/2021','1','8','0','7','3470800656459'),(1856,'2038','2564',0.00,'04','11','2021','09:06:24','2021-11-04','04/11/2021','1','8','0','8','3470800656459'),(1857,'1976','2564',0.00,'05','11','2021','01:14:56','2021-11-05','05/11/2021','1','8','0','1','3470800656459'),(1858,'1985','2564',0.00,'05','11','2021','01:14:56','2021-11-05','05/11/2021','1','8','0','2','3470800656459'),(1859,'1977','2564',0.00,'05','11','2021','01:14:56','2021-11-05','05/11/2021','1','8','0','3','3470800656459'),(1860,'1981','2564',0.00,'05','11','2021','01:14:56','2021-11-05','05/11/2021','1','8','0','4','3470800656459'),(1861,'1979','2564',25.00,'05','11','2021','01:14:56','2021-11-05','05/11/2021','1','8','0','5','3470800656459'),(1862,'1982','2564',5.00,'05','11','2021','01:14:56','2021-11-05','05/11/2021','1','8','0','6','3470800656459'),(1863,'1980','2564',0.00,'05','11','2021','01:14:56','2021-11-05','05/11/2021','1','8','0','7','3470800656459'),(1864,'2038','2564',0.00,'05','11','2021','01:14:56','2021-11-05','05/11/2021','1','8','0','8','3470800656459'),(1865,'1976','2564',60.00,'08','11','2021','11:25:11','2021-11-08','08/11/2021','1','8','0','1','3470800656459'),(1866,'1985','2564',10.00,'08','11','2021','11:25:11','2021-11-08','08/11/2021','1','8','0','2','3470800656459'),(1867,'1977','2564',0.00,'08','11','2021','11:25:11','2021-11-08','08/11/2021','1','8','0','3','3470800656459'),(1868,'1981','2564',0.00,'08','11','2021','11:25:11','2021-11-08','08/11/2021','1','8','0','4','3470800656459'),(1869,'1979','2564',20.00,'08','11','2021','11:25:11','2021-11-08','08/11/2021','1','8','0','5','3470800656459'),(1870,'1982','2564',3.00,'08','11','2021','11:25:11','2021-11-08','08/11/2021','1','8','0','6','3470800656459'),(1871,'1980','2564',0.00,'08','11','2021','11:25:11','2021-11-08','08/11/2021','1','8','0','7','3470800656459'),(1872,'2038','2564',0.00,'08','11','2021','11:25:11','2021-11-08','08/11/2021','1','8','0','8','3470800656459'),(1873,'1976','2564',100.00,'09','11','2021','09:18:54','2021-11-09','09/11/2021','1','8','0','1','3470800656459'),(1874,'1985','2564',25.00,'09','11','2021','09:18:54','2021-11-09','09/11/2021','1','8','0','2','3470800656459'),(1875,'1977','2564',11.00,'09','11','2021','09:18:54','2021-11-09','09/11/2021','1','8','0','3','3470800656459'),(1876,'1981','2564',0.00,'09','11','2021','09:18:54','2021-11-09','09/11/2021','1','8','0','4','3470800656459'),(1877,'1979','2564',20.00,'09','11','2021','09:18:54','2021-11-09','09/11/2021','1','8','0','5','3470800656459'),(1878,'1982','2564',0.00,'09','11','2021','09:18:54','2021-11-09','09/11/2021','1','8','0','6','3470800656459'),(1879,'1980','2564',0.00,'09','11','2021','09:18:54','2021-11-09','09/11/2021','1','8','0','7','3470800656459'),(1880,'2038','2564',0.00,'09','11','2021','09:18:54','2021-11-09','09/11/2021','1','8','0','8','3470800656459'),(1881,'1976','2564',120.00,'10','11','2021','11:28:33','2021-11-10','10/11/2021','1','8','0','1','3470800656459'),(1882,'1985','2564',0.00,'10','11','2021','11:28:33','2021-11-10','10/11/2021','1','8','0','2','3470800656459'),(1883,'1977','2564',5.00,'10','11','2021','11:28:33','2021-11-10','10/11/2021','1','8','0','3','3470800656459'),(1884,'1981','2564',11.00,'10','11','2021','11:28:33','2021-11-10','10/11/2021','1','8','0','4','3470800656459'),(1885,'1979','2564',20.00,'10','11','2021','11:28:33','2021-11-10','10/11/2021','1','8','0','5','3470800656459'),(1886,'1982','2564',5.00,'10','11','2021','11:28:33','2021-11-10','10/11/2021','1','8','0','6','3470800656459'),(1887,'1980','2564',0.00,'10','11','2021','11:28:33','2021-11-10','10/11/2021','1','8','0','7','3470800656459'),(1888,'2038','2564',0.00,'10','11','2021','11:28:33','2021-11-10','10/11/2021','1','8','0','8','3470800656459'),(1889,'1976','2564',605.00,'17','11','2021','11:36:05','2021-11-17','17/11/2021','1','8','0','1','3470800656459'),(1890,'1985','2564',22.00,'17','11','2021','11:36:05','2021-11-17','17/11/2021','1','8','0','2','3470800656459'),(1891,'1977','2564',0.00,'17','11','2021','11:36:05','2021-11-17','17/11/2021','1','8','0','3','3470800656459'),(1892,'1981','2564',10.00,'17','11','2021','11:36:05','2021-11-17','17/11/2021','1','8','0','4','3470800656459'),(1893,'1979','2564',140.00,'17','11','2021','11:36:05','2021-11-17','17/11/2021','1','8','0','5','3470800656459'),(1894,'1982','2564',5.00,'17','11','2021','11:36:05','2021-11-17','17/11/2021','1','8','0','6','3470800656459'),(1895,'1980','2564',0.00,'17','11','2021','11:36:05','2021-11-17','17/11/2021','1','8','0','7','3470800656459'),(1896,'2038','2564',13.00,'17','11','2021','11:36:05','2021-11-17','17/11/2021','1','8','0','8','3470800656459'),(1897,'1976','2564',695.00,'29','11','2021','01:07:39','2021-11-29','29/11/2021','1','8','0','1','3470800656459'),(1898,'1985','2564',80.00,'29','11','2021','01:07:39','2021-11-29','29/11/2021','1','8','0','2','3470800656459'),(1899,'1977','2564',5.00,'29','11','2021','01:07:39','2021-11-29','29/11/2021','1','8','0','3','3470800656459'),(1900,'1981','2564',0.00,'29','11','2021','01:07:39','2021-11-29','29/11/2021','1','8','0','4','3470800656459'),(1901,'1979','2564',230.00,'29','11','2021','01:07:39','2021-11-29','29/11/2021','1','8','0','5','3470800656459'),(1902,'1982','2564',5.00,'29','11','2021','01:07:39','2021-11-29','29/11/2021','1','8','0','6','3470800656459'),(1903,'1980','2564',0.00,'29','11','2021','01:07:39','2021-11-29','29/11/2021','1','8','0','7','3470800656459'),(1904,'2038','2564',5.00,'29','11','2021','01:07:39','2021-11-29','29/11/2021','1','8','0','8','3470800656459'),(1905,'1976','2564',285.00,'13','12','2021','11:11:41','2021-12-13','13/12/2021','1','8','0','1','3470800656459'),(1906,'1985','2564',90.00,'13','12','2021','11:11:41','2021-12-13','13/12/2021','1','8','0','2','3470800656459'),(1907,'1977','2564',15.00,'13','12','2021','11:11:41','2021-12-13','13/12/2021','1','8','0','3','3470800656459'),(1908,'1981','2564',30.00,'13','12','2021','11:11:41','2021-12-13','13/12/2021','1','8','0','4','3470800656459'),(1909,'1979','2564',160.00,'13','12','2021','11:11:41','2021-12-13','13/12/2021','1','8','0','5','3470800656459'),(1910,'1982','2564',0.00,'13','12','2021','11:11:41','2021-12-13','13/12/2021','1','8','0','6','3470800656459'),(1911,'1980','2564',0.00,'13','12','2021','11:11:41','2021-12-13','13/12/2021','1','8','0','7','3470800656459'),(1912,'2038','2564',0.00,'13','12','2021','11:11:41','2021-12-13','13/12/2021','1','8','0','8','3470800656459'),(1913,'1976','2564',0.00,'13','12','2021','11:15:08','2021-12-13','13/12/2021','1','8','0','1','3470800656459'),(1914,'1985','2564',0.00,'13','12','2021','11:15:08','2021-12-13','13/12/2021','1','8','0','2','3470800656459'),(1915,'1977','2564',5.00,'13','12','2021','11:15:08','2021-12-13','13/12/2021','1','8','0','3','3470800656459'),(1916,'1981','2564',0.00,'13','12','2021','11:15:08','2021-12-13','13/12/2021','1','8','0','4','3470800656459'),(1917,'1979','2564',0.00,'13','12','2021','11:15:08','2021-12-13','13/12/2021','1','8','0','5','3470800656459'),(1918,'1982','2564',0.00,'13','12','2021','11:15:08','2021-12-13','13/12/2021','1','8','0','6','3470800656459'),(1919,'1980','2564',0.00,'13','12','2021','11:15:08','2021-12-13','13/12/2021','1','8','0','7','3470800656459'),(1920,'2038','2564',0.00,'13','12','2021','11:15:08','2021-12-13','13/12/2021','1','8','0','8','3470800656459'),(1921,'1976','2564',0.00,'13','12','2021','11:23:51','2021-12-13','13/12/2021','1','8','0','1','3470800656459'),(1922,'1985','2564',0.00,'13','12','2021','11:23:51','2021-12-13','13/12/2021','1','8','0','2','3470800656459'),(1923,'1977','2564',0.00,'13','12','2021','11:23:51','2021-12-13','13/12/2021','1','8','0','3','3470800656459'),(1924,'1981','2564',0.00,'13','12','2021','11:23:51','2021-12-13','13/12/2021','1','8','0','4','3470800656459'),(1925,'1979','2564',100.00,'13','12','2021','11:23:51','2021-12-13','13/12/2021','1','8','0','5','3470800656459'),(1926,'1982','2564',0.00,'13','12','2021','11:23:51','2021-12-13','13/12/2021','1','8','0','6','3470800656459'),(1927,'1980','2564',0.00,'13','12','2021','11:23:51','2021-12-13','13/12/2021','1','8','0','7','3470800656459'),(1928,'2038','2564',0.00,'13','12','2021','11:23:51','2021-12-13','13/12/2021','1','8','0','8','3470800656459'),(1929,'1976','2564',0.00,'14','12','2021','09:50:52','2021-12-14','14/12/2021','1','8','0','1','3470800656459'),(1930,'1985','2564',20.00,'14','12','2021','09:50:52','2021-12-14','14/12/2021','1','8','0','2','3470800656459'),(1931,'1977','2564',5.00,'14','12','2021','09:50:52','2021-12-14','14/12/2021','1','8','0','3','3470800656459'),(1932,'1981','2564',20.00,'14','12','2021','09:50:52','2021-12-14','14/12/2021','1','8','0','4','3470800656459'),(1933,'1979','2564',40.00,'14','12','2021','09:50:52','2021-12-14','14/12/2021','1','8','0','5','3470800656459'),(1934,'1982','2564',0.00,'14','12','2021','09:50:52','2021-12-14','14/12/2021','1','8','0','6','3470800656459'),(1935,'1980','2564',0.00,'14','12','2021','09:50:52','2021-12-14','14/12/2021','1','8','0','7','3470800656459'),(1936,'2038','2564',5.00,'14','12','2021','09:50:52','2021-12-14','14/12/2021','1','8','0','8','3470800656459'),(1937,'1976','2564',0.00,'15','12','2021','09:24:46','2021-12-15','15/12/2021','1','8','0','1','3470800656459'),(1938,'1985','2564',20.00,'15','12','2021','09:24:46','2021-12-15','15/12/2021','1','8','0','2','3470800656459'),(1939,'1977','2564',10.00,'15','12','2021','09:24:46','2021-12-15','15/12/2021','1','8','0','3','3470800656459'),(1940,'1981','2564',0.00,'15','12','2021','09:24:46','2021-12-15','15/12/2021','1','8','0','4','3470800656459'),(1941,'1979','2564',20.00,'15','12','2021','09:24:46','2021-12-15','15/12/2021','1','8','0','5','3470800656459'),(1942,'1982','2564',0.00,'15','12','2021','09:24:46','2021-12-15','15/12/2021','1','8','0','6','3470800656459'),(1943,'1980','2564',0.00,'15','12','2021','09:24:46','2021-12-15','15/12/2021','1','8','0','7','3470800656459'),(1944,'2038','2564',0.00,'15','12','2021','09:24:46','2021-12-15','15/12/2021','1','8','0','8','3470800656459'),(1945,'1976','2564',25.00,'16','12','2021','09:19:05','2021-12-16','16/12/2021','1','8','0','1','3470800656459'),(1946,'1985','2564',10.00,'16','12','2021','09:19:05','2021-12-16','16/12/2021','1','8','0','2','3470800656459'),(1947,'1977','2564',5.00,'16','12','2021','09:19:05','2021-12-16','16/12/2021','1','8','0','3','3470800656459'),(1948,'1981','2564',0.00,'16','12','2021','09:19:05','2021-12-16','16/12/2021','1','8','0','4','3470800656459'),(1949,'1979','2564',40.00,'16','12','2021','09:19:05','2021-12-16','16/12/2021','1','8','0','5','3470800656459'),(1950,'1982','2564',5.00,'16','12','2021','09:19:05','2021-12-16','16/12/2021','1','8','0','6','3470800656459'),(1951,'1980','2564',0.00,'16','12','2021','09:19:05','2021-12-16','16/12/2021','1','8','0','7','3470800656459'),(1952,'2038','2564',5.00,'16','12','2021','09:19:05','2021-12-16','16/12/2021','1','8','0','8','3470800656459'),(1953,'1976','2564',0.00,'28','02','2022','10:20:27','2022-02-28','28/02/2022','1','8','0','1','3470800656459'),(1954,'1985','2564',120.00,'28','02','2022','10:20:27','2022-02-28','28/02/2022','1','8','0','2','3470800656459'),(1955,'1977','2564',41.00,'28','02','2022','10:20:27','2022-02-28','28/02/2022','1','8','0','3','3470800656459'),(1956,'1981','2564',0.00,'28','02','2022','10:20:27','2022-02-28','28/02/2022','1','8','0','4','3470800656459'),(1957,'1979','2564',870.00,'28','02','2022','10:20:27','2022-02-28','28/02/2022','1','8','0','5','3470800656459'),(1958,'1982','2564',5.00,'28','02','2022','10:20:27','2022-02-28','28/02/2022','1','8','0','6','3470800656459'),(1959,'1980','2564',0.00,'28','02','2022','10:20:27','2022-02-28','28/02/2022','1','8','0','7','3470800656459'),(1960,'2038','2564',14.00,'28','02','2022','10:20:27','2022-02-28','28/02/2022','1','8','0','8','3470800656459'),(1961,'1965','2564',70.00,'07','03','2022','02:46:32','2022-03-07','07/03/2022','2','9','0','9','1341500135505'),(1962,'1968','2564',91.00,'07','03','2022','02:47:07','2022-03-07','07/03/2022','2','9','0','11','1341500135505'),(1963,'1967','2564',155.00,'07','03','2022','02:47:24','2022-03-07','07/03/2022','2','9','0','14','1341500135505'),(1964,'1964','2564',10.00,'07','03','2022','02:48:26','2022-03-07','07/03/2022','2','9','0','8','1341500135505'),(1965,'1959','2564',60.00,'07','03','2022','02:48:51','2022-03-07','07/03/2022','2','9','0','6','1341500135505'),(1966,'1955','2564',220.00,'07','03','2022','02:56:19','2022-03-07','07/03/2022','2','9','0','2','1341500135505'),(1967,'1957','2564',15.00,'07','03','2022','02:56:38','2022-03-07','07/03/2022','2','9','0','4','1341500135505'),(1968,'1986','2564',0.00,'01','06','2022','09:49:23','2022-06-01','01/06/2022','1','8','0','1','3470800656459'),(1969,'1988','2564',0.00,'01','06','2022','09:49:23','2022-06-01','01/06/2022','1','8','0','3','3470800656459'),(1970,'1989','2564',0.00,'01','06','2022','09:49:23','2022-06-01','01/06/2022','1','8','0','4','3470800656459'),(1971,'1990','2564',0.00,'01','06','2022','09:49:23','2022-06-01','01/06/2022','1','8','0','5','3470800656459'),(1972,'1991','2564',0.00,'01','06','2022','09:49:23','2022-06-01','01/06/2022','1','8','0','6','3470800656459'),(1973,'1992','2564',0.00,'01','06','2022','09:49:23','2022-06-01','01/06/2022','1','8','0','7','3470800656459'),(1974,'1993','2564',0.00,'01','06','2022','09:49:23','2022-06-01','01/06/2022','1','8','0','8','3470800656459'),(1975,'1996','2564',15.00,'01','06','2022','09:49:23','2022-06-01','01/06/2022','1','8','0','9','3470800656459'),(1976,'1986','2564',2322.00,'01','06','2022','09:56:03','2022-06-01','01/06/2022','2','8','0','1','3470800656459'),(1977,'1988','2564',305.00,'01','06','2022','09:58:12','2022-06-01','01/06/2022','2','8','0','3','3470800656459'),(1978,'1989','2564',163.00,'01','06','2022','09:59:13','2022-06-01','01/06/2022','2','8','0','4','3470800656459'),(1979,'1990','2564',1831.00,'01','06','2022','09:59:52','2022-06-01','01/06/2022','2','8','0','5','3470800656459'),(1980,'1991','2564',1173.00,'01','06','2022','10:00:31','2022-06-01','01/06/2022','2','8','0','6','3470800656459'),(1981,'1992','2564',775.00,'01','06','2022','10:01:16','2022-06-01','01/06/2022','2','8','0','7','3470800656459'),(1982,'1993','2564',485.00,'01','06','2022','10:01:59','2022-06-01','01/06/2022','2','8','0','8','3470800656459'),(1983,'1996','2564',1356.00,'01','06','2022','10:02:44','2022-06-01','01/06/2022','2','8','0','9','3470800656459'),(1984,'1986','2565',0.00,'01','06','2022','10:08:06','2022-06-01','01/06/2022','1','8','0','1','3470800656459'),(1985,'1988','2565',0.00,'01','06','2022','10:08:06','2022-06-01','01/06/2022','1','8','0','3','3470800656459'),(1986,'1989','2565',0.00,'01','06','2022','10:08:06','2022-06-01','01/06/2022','1','8','0','4','3470800656459'),(1987,'1990','2565',0.00,'01','06','2022','10:08:06','2022-06-01','01/06/2022','1','8','0','5','3470800656459'),(1988,'1991','2565',0.00,'01','06','2022','10:08:06','2022-06-01','01/06/2022','1','8','0','6','3470800656459'),(1989,'1992','2565',0.00,'01','06','2022','10:08:06','2022-06-01','01/06/2022','1','8','0','7','3470800656459'),(1990,'1993','2565',0.00,'01','06','2022','10:08:06','2022-06-01','01/06/2022','1','8','0','8','3470800656459'),(1991,'1996','2565',15.00,'01','06','2022','10:08:06','2022-06-01','01/06/2022','1','8','0','9','3470800656459'),(1992,'1986','2565',16.00,'02','06','2022','09:01:31','2022-06-02','02/06/2022','1','8','0','1','3470800656459'),(1993,'1988','2565',0.00,'02','06','2022','09:01:31','2022-06-02','02/06/2022','1','8','0','3','3470800656459'),(1994,'1989','2565',0.00,'02','06','2022','09:01:31','2022-06-02','02/06/2022','1','8','0','4','3470800656459'),(1995,'1990','2565',0.00,'02','06','2022','09:01:31','2022-06-02','02/06/2022','1','8','0','5','3470800656459'),(1996,'1991','2565',10.00,'02','06','2022','09:01:31','2022-06-02','02/06/2022','1','8','0','6','3470800656459'),(1997,'1992','2565',10.00,'02','06','2022','09:01:31','2022-06-02','02/06/2022','1','8','0','7','3470800656459'),(1998,'1993','2565',10.00,'02','06','2022','09:01:31','2022-06-02','02/06/2022','1','8','0','8','3470800656459'),(1999,'1996','2565',15.00,'02','06','2022','09:01:31','2022-06-02','02/06/2022','1','8','0','9','3470800656459'),(2000,'1986','2565',12.00,'06','06','2022','10:00:08','2022-06-06','06/06/2022','1','8','0','1','3470800656459'),(2001,'1988','2565',5.00,'06','06','2022','10:00:08','2022-06-06','06/06/2022','1','8','0','3','3470800656459'),(2002,'1989','2565',0.00,'06','06','2022','10:00:08','2022-06-06','06/06/2022','1','8','0','4','3470800656459'),(2003,'1990','2565',0.00,'06','06','2022','10:00:08','2022-06-06','06/06/2022','1','8','0','5','3470800656459'),(2004,'1991','2565',10.00,'06','06','2022','10:00:08','2022-06-06','06/06/2022','1','8','0','6','3470800656459'),(2005,'1992','2565',0.00,'06','06','2022','10:00:08','2022-06-06','06/06/2022','1','8','0','7','3470800656459'),(2006,'1993','2565',0.00,'06','06','2022','10:00:08','2022-06-06','06/06/2022','1','8','0','8','3470800656459'),(2007,'1996','2565',5.00,'06','06','2022','10:00:08','2022-06-06','06/06/2022','1','8','0','9','3470800656459'),(2008,'1986','2565',0.00,'10','06','2022','01:54:38','2022-06-10','10/06/2022','1','8','0','1','3470800656459'),(2009,'1988','2565',0.00,'10','06','2022','01:54:38','2022-06-10','10/06/2022','1','8','0','3','3470800656459'),(2010,'1989','2565',0.00,'10','06','2022','01:54:38','2022-06-10','10/06/2022','1','8','0','4','3470800656459'),(2011,'1990','2565',0.00,'10','06','2022','01:54:38','2022-06-10','10/06/2022','1','8','0','5','3470800656459'),(2012,'1991','2565',0.00,'10','06','2022','01:54:38','2022-06-10','10/06/2022','1','8','0','6','3470800656459'),(2013,'1992','2565',0.00,'10','06','2022','01:54:38','2022-06-10','10/06/2022','1','8','0','7','3470800656459'),(2014,'1993','2565',0.00,'10','06','2022','01:54:38','2022-06-10','10/06/2022','1','8','0','8','3470800656459'),(2015,'1996','2565',5.00,'10','06','2022','01:54:38','2022-06-10','10/06/2022','1','8','0','9','3470800656459'),(2016,'1986','2565',10.00,'13','06','2022','10:30:22','2022-06-13','13/06/2022','1','8','0','1','3470800656459'),(2017,'1988','2565',0.00,'13','06','2022','10:30:22','2022-06-13','13/06/2022','1','8','0','3','3470800656459'),(2018,'1989','2565',0.00,'13','06','2022','10:30:22','2022-06-13','13/06/2022','1','8','0','4','3470800656459'),(2019,'1990','2565',0.00,'13','06','2022','10:30:22','2022-06-13','13/06/2022','1','8','0','5','3470800656459'),(2020,'1991','2565',0.00,'13','06','2022','10:30:22','2022-06-13','13/06/2022','1','8','0','6','3470800656459'),(2021,'1992','2565',0.00,'13','06','2022','10:30:22','2022-06-13','13/06/2022','1','8','0','7','3470800656459'),(2022,'1993','2565',0.00,'13','06','2022','10:30:22','2022-06-13','13/06/2022','1','8','0','8','3470800656459'),(2023,'1996','2565',10.00,'13','06','2022','10:30:22','2022-06-13','13/06/2022','1','8','0','9','3470800656459'),(2024,'1986','2565',0.00,'28','06','2022','09:06:01','2022-06-28','28/06/2022','1','8','0','1','3470800656459'),(2025,'1988','2565',0.00,'28','06','2022','09:06:01','2022-06-28','28/06/2022','1','8','0','3','3470800656459'),(2026,'1989','2565',0.00,'28','06','2022','09:06:01','2022-06-28','28/06/2022','1','8','0','4','3470800656459'),(2027,'1990','2565',0.00,'28','06','2022','09:06:01','2022-06-28','28/06/2022','1','8','0','5','3470800656459'),(2028,'1991','2565',0.00,'28','06','2022','09:06:01','2022-06-28','28/06/2022','1','8','0','6','3470800656459'),(2029,'1992','2565',0.00,'28','06','2022','09:06:01','2022-06-28','28/06/2022','1','8','0','7','3470800656459'),(2030,'1993','2565',0.00,'28','06','2022','09:06:01','2022-06-28','28/06/2022','1','8','0','8','3470800656459'),(2031,'1996','2565',10.00,'28','06','2022','09:06:01','2022-06-28','28/06/2022','1','8','0','9','3470800656459'),(2032,'1986','2565',20.00,'05','01','2023','01:34:07','2023-01-05','05/01/2023','2','8','0','1','3470800656459'),(2033,'1986','2565',18.00,'10','01','2023','11:29:37','2023-01-10','10/01/2023','2','8','0','1','3470800656459'),(2034,'1991','2565',20.00,'10','01','2023','11:30:25','2023-01-10','10/01/2023','2','8','0','6','3470800656459'),(2035,'1996','2565',60.00,'10','01','2023','11:34:43','2023-01-10','10/01/2023','2','8','0','9','3470800656459'),(2036,'1993','2565',10.00,'10','01','2023','11:35:20','2023-01-10','10/01/2023','2','8','0','8','3470800656459'),(2037,'1992','2565',10.00,'10','01','2023','11:35:48','2023-01-10','10/01/2023','2','8','0','7','3470800656459'),(2038,'1998','2567',64.00,'28','05','2024','09:15:23','2024-05-28','28/05/2024','1','9','0','1','1341500135505'),(2039,'1999','2567',50.00,'28','05','2024','09:15:23','2024-05-28','28/05/2024','1','9','0','2','1341500135505'),(2040,'2000','2567',5.00,'28','05','2024','09:15:23','2024-05-28','28/05/2024','1','9','0','3','1341500135505'),(2041,'2001','2567',70.00,'28','05','2024','09:15:23','2024-05-28','28/05/2024','1','9','0','4','1341500135505'),(2042,'2002','2567',10.00,'28','05','2024','09:15:23','2024-05-28','28/05/2024','1','9','0','5','1341500135505'),(2043,'2003','2567',20.00,'28','05','2024','09:15:23','2024-05-28','28/05/2024','1','9','0','6','1341500135505'),(2044,'2004','2567',41.00,'28','05','2024','09:15:23','2024-05-28','28/05/2024','1','9','0','7','1341500135505'),(2045,'2006','2567',200.00,'28','05','2024','09:15:23','2024-05-28','28/05/2024','1','9','0','8','1341500135505'),(2046,'2002','2567',35.00,'28','05','2024','09:16:50','2024-05-28','28/05/2024','1','9','0','5','1341500135505'),(2047,'1998','2567',235.00,'28','05','2024','09:20:04','2024-05-28','28/05/2024','2','9','0','1','1341500135505'),(2048,'1999','2567',355.00,'28','05','2024','09:20:36','2024-05-28','28/05/2024','2','9','0','2','1341500135505'),(2049,'2000','2567',96.00,'28','05','2024','09:20:50','2024-05-28','28/05/2024','2','9','0','3','1341500135505'),(2050,'2001','2567',142.00,'28','05','2024','09:21:18','2024-05-28','28/05/2024','2','9','0','4','1341500135505'),(2051,'2002','2567',17.00,'28','05','2024','09:21:42','2024-05-28','28/05/2024','2','9','0','5','1341500135505'),(2052,'2003','2567',159.00,'28','05','2024','09:22:04','2024-05-28','28/05/2024','2','9','0','6','1341500135505'),(2053,'2004','2567',88.00,'28','05','2024','09:22:26','2024-05-28','28/05/2024','2','9','0','7','1341500135505'),(2054,'2006','2567',40.00,'28','05','2024','09:22:38','2024-05-28','28/05/2024','2','9','0','8','1341500135505'),(2055,'1999','2567',20.00,'29','05','2024','10:37:56','2024-05-29','29/05/2024','1','9','0','2','1341500135505'),(2056,'2000','2567',5.00,'29','05','2024','10:37:56','2024-05-29','29/05/2024','1','9','0','3','1341500135505'),(2057,'2001','2567',10.00,'29','05','2024','10:37:56','2024-05-29','29/05/2024','1','9','0','4','1341500135505'),(2058,'2004','2567',5.00,'29','05','2024','10:37:56','2024-05-29','29/05/2024','1','9','0','7','1341500135505'),(2059,'2006','2567',60.00,'29','05','2024','10:37:56','2024-05-29','29/05/2024','1','9','0','8','1341500135505'),(2060,'1998','2567',10.00,'29','05','2024','10:39:40','2024-05-29','29/05/2024','1','9','0','1','1341500135505'),(2061,'1998','2567',40.00,'30','05','2024','10:53:11','2024-05-30','30/05/2024','1','9','0','1','1341500135505'),(2062,'1999','2567',20.00,'30','05','2024','10:53:11','2024-05-30','30/05/2024','1','9','0','2','1341500135505'),(2063,'2000','2567',5.00,'30','05','2024','10:53:11','2024-05-30','30/05/2024','1','9','0','3','1341500135505'),(2064,'2001','2567',10.00,'30','05','2024','10:53:11','2024-05-30','30/05/2024','1','9','0','4','1341500135505'),(2065,'2002','2567',20.00,'30','05','2024','10:53:11','2024-05-30','30/05/2024','1','9','0','5','1341500135505'),(2066,'2003','2567',10.00,'30','05','2024','10:53:11','2024-05-30','30/05/2024','1','9','0','6','1341500135505'),(2067,'2004','2567',10.00,'30','05','2024','10:53:11','2024-05-30','30/05/2024','1','9','0','7','1341500135505'),(2068,'2006','2567',5.00,'30','05','2024','10:53:11','2024-05-30','30/05/2024','1','9','0','8','1341500135505'),(2069,'1998','2567',10.00,'31','05','2024','09:29:46','2024-05-31','31/05/2024','1','9','0','1','1341500135505'),(2070,'1999','2567',10.00,'31','05','2024','09:29:46','2024-05-31','31/05/2024','1','9','0','2','1341500135505'),(2071,'2001','2567',10.00,'31','05','2024','09:29:46','2024-05-31','31/05/2024','1','9','0','4','1341500135505'),(2072,'2002','2567',5.00,'31','05','2024','09:29:46','2024-05-31','31/05/2024','1','9','0','5','1341500135505'),(2073,'2003','2567',5.00,'31','05','2024','09:29:46','2024-05-31','31/05/2024','1','9','0','6','1341500135505'),(2074,'2004','2567',5.00,'31','05','2024','09:29:46','2024-05-31','31/05/2024','1','9','0','7','1341500135505'),(2075,'2006','2567',40.00,'31','05','2024','09:29:46','2024-05-31','31/05/2024','1','9','0','8','1341500135505'),(2076,'1999','2567',20.00,'04','06','2024','10:18:02','2024-06-04','04/06/2024','1','9','0','2','1341500135505'),(2077,'2001','2567',10.00,'04','06','2024','10:18:02','2024-06-04','04/06/2024','1','9','0','4','1341500135505'),(2078,'2002','2567',20.00,'04','06','2024','10:18:02','2024-06-04','04/06/2024','1','9','0','5','1341500135505'),(2079,'2003','2567',5.00,'04','06','2024','10:18:02','2024-06-04','04/06/2024','1','9','0','6','1341500135505'),(2080,'2004','2567',5.00,'04','06','2024','10:18:02','2024-06-04','04/06/2024','1','9','0','7','1341500135505'),(2081,'2006','2567',20.00,'04','06','2024','10:18:02','2024-06-04','04/06/2024','1','9','0','8','1341500135505'),(2082,'1998','2567',30.00,'07','06','2024','08:59:28','2024-06-07','07/06/2024','1','9','0','1','1341500135505'),(2083,'1999','2567',10.00,'07','06','2024','08:59:28','2024-06-07','07/06/2024','1','9','0','2','1341500135505'),(2084,'2000','2567',5.00,'07','06','2024','08:59:28','2024-06-07','07/06/2024','1','9','0','3','1341500135505'),(2085,'2001','2567',10.00,'07','06','2024','08:59:28','2024-06-07','07/06/2024','1','9','0','4','1341500135505'),(2086,'2004','2567',5.00,'07','06','2024','08:59:28','2024-06-07','07/06/2024','1','9','0','7','1341500135505'),(2087,'2006','2567',5.00,'07','06','2024','08:59:28','2024-06-07','07/06/2024','1','9','0','8','1341500135505'),(2088,'1998','2567',10.00,'10','06','2024','09:51:39','2024-06-10','10/06/2024','1','9','0','1','1341500135505'),(2089,'1999','2567',20.00,'10','06','2024','09:51:39','2024-06-10','10/06/2024','1','9','0','2','1341500135505'),(2090,'2000','2567',0.00,'10','06','2024','09:51:39','2024-06-10','10/06/2024','1','9','0','3','1341500135505'),(2091,'2001','2567',10.00,'10','06','2024','09:51:39','2024-06-10','10/06/2024','1','9','0','4','1341500135505'),(2092,'2002','2567',0.00,'10','06','2024','09:51:39','2024-06-10','10/06/2024','1','9','0','5','1341500135505'),(2093,'2003','2567',10.00,'10','06','2024','09:51:39','2024-06-10','10/06/2024','1','9','0','6','1341500135505'),(2094,'2004','2567',5.00,'10','06','2024','09:51:39','2024-06-10','10/06/2024','1','9','0','7','1341500135505'),(2095,'2006','2567',25.00,'10','06','2024','09:51:39','2024-06-10','10/06/2024','1','9','0','8','1341500135505'),(2096,'1998','2567',20.00,'11','06','2024','09:48:11','2024-06-11','11/06/2024','1','9','0','1','1341500135505'),(2097,'1999','2567',10.00,'11','06','2024','09:48:11','2024-06-11','11/06/2024','1','9','0','2','1341500135505'),(2098,'2001','2567',10.00,'11','06','2024','09:48:11','2024-06-11','11/06/2024','1','9','0','4','1341500135505'),(2099,'2003','2567',6.00,'11','06','2024','09:48:11','2024-06-11','11/06/2024','1','9','0','6','1341500135505'),(2100,'2004','2567',5.00,'11','06','2024','09:48:11','2024-06-11','11/06/2024','1','9','0','7','1341500135505'),(2101,'2006','2567',15.00,'11','06','2024','09:48:11','2024-06-11','11/06/2024','1','9','0','8','1341500135505'),(2102,'1998','2567',10.00,'12','06','2024','09:45:13','2024-06-12','12/06/2024','1','9','0','1','1341500135505'),(2103,'1999','2567',20.00,'12','06','2024','09:45:13','2024-06-12','12/06/2024','1','9','0','2','1341500135505'),(2104,'2000','2567',5.00,'12','06','2024','09:45:13','2024-06-12','12/06/2024','1','9','0','3','1341500135505'),(2105,'2001','2567',10.00,'12','06','2024','09:45:13','2024-06-12','12/06/2024','1','9','0','4','1341500135505'),(2106,'2002','2567',10.00,'12','06','2024','09:45:13','2024-06-12','12/06/2024','1','9','0','5','1341500135505'),(2107,'2004','2567',5.00,'12','06','2024','09:45:13','2024-06-12','12/06/2024','1','9','0','7','1341500135505'),(2108,'2006','2567',40.00,'12','06','2024','09:45:13','2024-06-12','12/06/2024','1','9','0','8','1341500135505'),(2109,'1998','2567',15.00,'13','06','2024','09:13:23','2024-06-13','13/06/2024','1','9','0','1','1341500135505'),(2110,'1999','2567',20.00,'13','06','2024','09:13:23','2024-06-13','13/06/2024','1','9','0','2','1341500135505'),(2111,'2000','2567',10.00,'13','06','2024','09:13:23','2024-06-13','13/06/2024','1','9','0','3','1341500135505'),(2112,'2001','2567',10.00,'13','06','2024','09:13:23','2024-06-13','13/06/2024','1','9','0','4','1341500135505'),(2113,'2002','2567',10.00,'13','06','2024','09:13:23','2024-06-13','13/06/2024','1','9','0','5','1341500135505'),(2114,'2004','2567',2.00,'13','06','2024','09:13:23','2024-06-13','13/06/2024','1','9','0','7','1341500135505'),(2115,'2006','2567',10.00,'13','06','2024','09:13:23','2024-06-13','13/06/2024','1','9','0','8','1341500135505'),(2116,'1998','2567',10.00,'14','06','2024','09:39:54','2024-06-14','14/06/2024','1','9','0','1','1341500135505'),(2117,'1999','2567',10.00,'14','06','2024','09:39:54','2024-06-14','14/06/2024','1','9','0','2','1341500135505'),(2118,'2001','2567',10.00,'14','06','2024','09:39:54','2024-06-14','14/06/2024','1','9','0','4','1341500135505'),(2119,'2002','2567',5.00,'14','06','2024','09:39:54','2024-06-14','14/06/2024','1','9','0','5','1341500135505'),(2120,'2003','2567',10.00,'14','06','2024','09:39:54','2024-06-14','14/06/2024','1','9','0','6','1341500135505'),(2121,'1998','2567',10.00,'17','06','2024','09:38:01','2024-06-17','17/06/2024','1','9','0','1','1341500135505'),(2122,'1999','2567',20.00,'17','06','2024','09:38:01','2024-06-17','17/06/2024','1','9','0','2','1341500135505'),(2123,'2000','2567',5.00,'17','06','2024','09:38:01','2024-06-17','17/06/2024','1','9','0','3','1341500135505'),(2124,'2001','2567',10.00,'17','06','2024','09:38:01','2024-06-17','17/06/2024','1','9','0','4','1341500135505'),(2125,'2002','2567',10.00,'17','06','2024','09:38:01','2024-06-17','17/06/2024','1','9','0','5','1341500135505'),(2126,'2003','2567',5.00,'17','06','2024','09:38:01','2024-06-17','17/06/2024','1','9','0','6','1341500135505'),(2127,'2004','2567',5.00,'17','06','2024','09:38:01','2024-06-17','17/06/2024','1','9','0','7','1341500135505'),(2128,'2006','2567',20.00,'17','06','2024','09:38:01','2024-06-17','17/06/2024','1','9','0','8','1341500135505'),(2129,'1998','2567',5.00,'18','06','2024','09:08:27','2024-06-18','18/06/2024','1','9','0','1','1341500135505'),(2130,'1999','2567',20.00,'18','06','2024','09:08:27','2024-06-18','18/06/2024','1','9','0','2','1341500135505'),(2131,'2001','2567',10.00,'18','06','2024','09:08:27','2024-06-18','18/06/2024','1','9','0','4','1341500135505'),(2132,'2003','2567',10.00,'18','06','2024','09:08:27','2024-06-18','18/06/2024','1','9','0','6','1341500135505'),(2133,'2004','2567',10.00,'18','06','2024','09:08:27','2024-06-18','18/06/2024','1','9','0','7','1341500135505'),(2134,'2006','2567',20.00,'18','06','2024','09:08:27','2024-06-18','18/06/2024','1','9','0','8','1341500135505'),(2135,'1998','2567',5.00,'19','06','2024','09:05:57','2024-06-19','19/06/2024','1','9','0','1','1341500135505'),(2136,'1999','2567',20.00,'19','06','2024','09:05:57','2024-06-19','19/06/2024','1','9','0','2','1341500135505'),(2137,'2001','2567',10.00,'19','06','2024','09:05:57','2024-06-19','19/06/2024','1','9','0','4','1341500135505'),(2138,'2003','2567',16.00,'19','06','2024','09:05:57','2024-06-19','19/06/2024','1','9','0','6','1341500135505'),(2139,'2004','2567',5.00,'19','06','2024','09:05:57','2024-06-19','19/06/2024','1','9','0','7','1341500135505'),(2140,'1998','2567',10.00,'20','06','2024','09:47:59','2024-06-20','20/06/2024','1','9','0','1','1341500135505'),(2141,'1999','2567',20.00,'20','06','2024','09:47:59','2024-06-20','20/06/2024','1','9','0','2','1341500135505'),(2142,'2001','2567',10.00,'20','06','2024','09:47:59','2024-06-20','20/06/2024','1','9','0','4','1341500135505'),(2143,'2003','2567',15.00,'20','06','2024','09:47:59','2024-06-20','20/06/2024','1','9','0','6','1341500135505'),(2144,'2006','2567',5.00,'20','06','2024','09:47:59','2024-06-20','20/06/2024','1','9','0','8','1341500135505'),(2145,'1998','2567',10.00,'21','06','2024','09:21:08','2024-06-21','21/06/2024','1','9','0','1','1341500135505'),(2146,'1999','2567',20.00,'21','06','2024','09:21:08','2024-06-21','21/06/2024','1','9','0','2','1341500135505'),(2147,'2000','2567',5.00,'21','06','2024','09:21:08','2024-06-21','21/06/2024','1','9','0','3','1341500135505'),(2148,'2001','2567',10.00,'21','06','2024','09:21:08','2024-06-21','21/06/2024','1','9','0','4','1341500135505'),(2149,'2002','2567',5.00,'21','06','2024','09:21:08','2024-06-21','21/06/2024','1','9','0','5','1341500135505'),(2150,'2003','2567',25.00,'21','06','2024','09:21:08','2024-06-21','21/06/2024','1','9','0','6','1341500135505'),(2151,'2004','2567',15.00,'21','06','2024','09:21:08','2024-06-21','21/06/2024','1','9','0','7','1341500135505'),(2152,'2006','2567',10.00,'21','06','2024','09:21:08','2024-06-21','21/06/2024','1','9','0','8','1341500135505'),(2153,'1998','2567',30.00,'28','06','2024','01:24:22','2024-06-28','28/06/2024','1','9','0','1','1341500135505'),(2154,'1999','2567',50.00,'28','06','2024','01:24:22','2024-06-28','28/06/2024','1','9','0','2','1341500135505'),(2155,'2000','2567',5.00,'28','06','2024','01:24:22','2024-06-28','28/06/2024','1','9','0','3','1341500135505'),(2156,'2001','2567',25.00,'28','06','2024','01:24:22','2024-06-28','28/06/2024','1','9','0','4','1341500135505'),(2157,'2002','2567',5.00,'28','06','2024','01:24:22','2024-06-28','28/06/2024','1','9','0','5','1341500135505'),(2158,'2003','2567',20.00,'28','06','2024','01:24:22','2024-06-28','28/06/2024','1','9','0','6','1341500135505'),(2159,'2004','2567',22.00,'28','06','2024','01:24:22','2024-06-28','28/06/2024','1','9','0','7','1341500135505'),(2160,'1998','2567',48.00,'08','07','2024','09:31:17','2024-07-08','08/07/2024','1','9','0','1','1341500135505'),(2161,'1999','2567',77.00,'08','07','2024','09:31:17','2024-07-08','08/07/2024','1','9','0','2','1341500135505'),(2162,'2001','2567',120.00,'08','07','2024','09:31:17','2024-07-08','08/07/2024','1','9','0','4','1341500135505'),(2163,'2002','2567',45.00,'08','07','2024','09:31:17','2024-07-08','08/07/2024','1','9','0','5','1341500135505'),(2164,'2003','2567',15.00,'08','07','2024','09:31:17','2024-07-08','08/07/2024','1','9','0','6','1341500135505'),(2165,'2004','2567',20.00,'08','07','2024','09:31:17','2024-07-08','08/07/2024','1','9','0','7','1341500135505'),(2166,'2006','2567',35.00,'08','07','2024','09:31:17','2024-07-08','08/07/2024','1','9','0','8','1341500135505'),(2167,'1998','2567',48.00,'08','07','2024','09:31:23','2024-07-08','08/07/2024','1','9','0','1','1341500135505'),(2168,'1999','2567',77.00,'08','07','2024','09:31:23','2024-07-08','08/07/2024','1','9','0','2','1341500135505'),(2169,'2001','2567',120.00,'08','07','2024','09:31:23','2024-07-08','08/07/2024','1','9','0','4','1341500135505'),(2170,'2002','2567',45.00,'08','07','2024','09:31:23','2024-07-08','08/07/2024','1','9','0','5','1341500135505'),(2171,'2003','2567',15.00,'08','07','2024','09:31:23','2024-07-08','08/07/2024','1','9','0','6','1341500135505'),(2172,'2004','2567',20.00,'08','07','2024','09:31:23','2024-07-08','08/07/2024','1','9','0','7','1341500135505'),(2173,'2006','2567',35.00,'08','07','2024','09:31:23','2024-07-08','08/07/2024','1','9','0','8','1341500135505'),(2183,'2065','2567',10.00,'31','05','2024','01:31:36','2024-05-31','31/05/2024','1','2','0','1','1331300095160'),(2175,'2066','2567',0.00,'09','07','2024','01:15:28','2024-07-09','09/07/2024','1','2','0','2','1331300095160'),(2176,'2067','2567',0.00,'09','07','2024','01:15:28','2024-07-09','09/07/2024','1','2','0','3','1331300095160'),(2177,'2068','2567',0.00,'09','07','2024','01:15:28','2024-07-09','09/07/2024','1','2','0','4','1331300095160'),(2178,'2069','2567',0.00,'09','07','2024','01:15:28','2024-07-09','09/07/2024','1','2','0','5','1331300095160'),(2179,'2070','2567',0.00,'09','07','2024','01:15:28','2024-07-09','09/07/2024','1','2','0','6','1331300095160'),(2180,'2071','2567',0.00,'09','07','2024','01:15:28','2024-07-09','09/07/2024','1','2','0','7','1331300095160'),(2181,'2072','2567',0.00,'09','07','2024','01:15:28','2024-07-09','09/07/2024','1','2','0','8','1331300095160'),(2182,'2073','2567',0.00,'09','07','2024','01:15:28','2024-07-09','09/07/2024','1','2','0','9','1331300095160'),(2184,'2066','2567',20.00,'31','05','2024','01:31:36','2024-05-31','31/05/2024','1','2','0','2','1331300095160'),(2185,'2067','2567',0.00,'31','05','2024','01:31:36','2024-05-31','31/05/2024','1','2','0','3','1331300095160'),(2186,'2068','2567',25.00,'31','05','2024','01:31:36','2024-05-31','31/05/2024','1','2','0','4','1331300095160'),(2187,'2069','2567',10.00,'31','05','2024','01:31:36','2024-05-31','31/05/2024','1','2','0','5','1331300095160'),(2188,'2070','2567',20.00,'31','05','2024','01:31:36','2024-05-31','31/05/2024','1','2','0','6','1331300095160'),(2189,'2071','2567',5.00,'31','05','2024','01:31:36','2024-05-31','31/05/2024','1','2','0','7','1331300095160'),(2190,'2072','2567',20.00,'31','05','2024','01:31:36','2024-05-31','31/05/2024','1','2','0','8','1331300095160'),(2191,'2073','2567',5.00,'31','05','2024','01:31:36','2024-05-31','31/05/2024','1','2','0','9','1331300095160'),(2192,'2065','2567',0.00,'04','06','2024','01:32:47','2024-06-04','04/06/2024','1','2','0','1','1331300095160'),(2193,'2066','2567',0.00,'04','06','2024','01:32:47','2024-06-04','04/06/2024','1','2','0','2','1331300095160'),(2194,'2067','2567',0.00,'04','06','2024','01:32:47','2024-06-04','04/06/2024','1','2','0','3','1331300095160'),(2195,'2068','2567',0.00,'04','06','2024','01:32:47','2024-06-04','04/06/2024','1','2','0','4','1331300095160'),(2196,'2069','2567',0.00,'04','06','2024','01:32:47','2024-06-04','04/06/2024','1','2','0','5','1331300095160'),(2197,'2070','2567',0.00,'04','06','2024','01:32:47','2024-06-04','04/06/2024','1','2','0','6','1331300095160'),(2198,'2071','2567',0.00,'04','06','2024','01:32:47','2024-06-04','04/06/2024','1','2','0','7','1331300095160'),(2199,'2072','2567',0.00,'04','06','2024','01:32:47','2024-06-04','04/06/2024','1','2','0','8','1331300095160'),(2200,'2073','2567',0.00,'04','06','2024','01:32:47','2024-06-04','04/06/2024','1','2','0','9','1331300095160'),(2201,'2065','2567',340.00,'28','06','2024','01:44:39','2024-06-28','28/06/2024','1','2','0','1','1331300095160'),(2202,'2066','2567',160.00,'28','06','2024','01:44:39','2024-06-28','28/06/2024','1','2','0','2','1331300095160'),(2203,'2067','2567',155.00,'28','06','2024','01:44:39','2024-06-28','28/06/2024','1','2','0','3','1331300095160'),(2204,'2068','2567',130.00,'28','06','2024','01:44:39','2024-06-28','28/06/2024','1','2','0','4','1331300095160'),(2205,'2069','2567',240.00,'28','06','2024','01:44:39','2024-06-28','28/06/2024','1','2','0','5','1331300095160'),(2206,'2070','2567',205.00,'28','06','2024','01:44:39','2024-06-28','28/06/2024','1','2','0','6','1331300095160'),(2207,'2071','2567',270.00,'28','06','2024','01:44:39','2024-06-28','28/06/2024','1','2','0','7','1331300095160'),(2208,'2072','2567',190.00,'28','06','2024','01:44:39','2024-06-28','28/06/2024','1','2','0','8','1331300095160'),(2209,'2073','2567',145.00,'28','06','2024','01:44:39','2024-06-28','28/06/2024','1','2','0','9','1331300095160'),(2210,'2065','2567',100.00,'06','07','2024','01:54:32','2024-07-06','06/07/2024','1','2','0','1','1331300095160'),(2211,'2066','2567',100.00,'06','07','2024','01:54:32','2024-07-06','06/07/2024','1','2','0','2','1331300095160'),(2212,'2067','2567',45.00,'06','07','2024','01:54:32','2024-07-06','06/07/2024','1','2','0','3','1331300095160'),(2213,'2068','2567',50.00,'06','07','2024','01:54:32','2024-07-06','06/07/2024','1','2','0','4','1331300095160'),(2214,'2069','2567',40.00,'06','07','2024','01:54:32','2024-07-06','06/07/2024','1','2','0','5','1331300095160'),(2215,'2070','2567',50.00,'06','07','2024','01:54:32','2024-07-06','06/07/2024','1','2','0','6','1331300095160'),(2216,'2071','2567',60.00,'06','07','2024','01:54:32','2024-07-06','06/07/2024','1','2','0','7','1331300095160'),(2217,'2072','2567',50.00,'06','07','2024','01:54:32','2024-07-06','06/07/2024','1','2','0','8','1331300095160'),(2218,'2073','2567',60.00,'06','07','2024','01:54:32','2024-07-06','06/07/2024','1','2','0','9','1331300095160'),(2219,'1998','2567',2.00,'10','07','2024','10:09:07','2024-07-10','10/07/2024','1','9','0','1','1341500135505'),(2220,'2002','2567',25.00,'10','07','2024','10:09:07','2024-07-10','10/07/2024','1','9','0','5','1341500135505'),(2221,'1999','2567',24.00,'10','07','2024','10:09:36','2024-07-10','10/07/2024','2','9','0','2','1341500135505'),(2222,'2001','2567',100.00,'10','07','2024','10:09:53','2024-07-10','10/07/2024','2','9','0','4','1341500135505'),(2223,'2003','2567',10.00,'10','07','2024','10:17:39','2024-07-10','10/07/2024','2','9','0','6','1341500135505'),(2224,'2004','2567',5.00,'10','07','2024','10:17:49','2024-07-10','10/07/2024','2','9','0','7','1341500135505'),(2225,'2006','2567',20.00,'10','07','2024','10:18:01','2024-07-10','10/07/2024','2','9','0','8','1341500135505'),(2226,'2065','2567',100.00,'12','07','2024','11:03:12','2024-07-12','12/07/2024','1','2','0','1','1331300095160'),(2227,'2066','2567',70.00,'12','07','2024','11:03:12','2024-07-12','12/07/2024','1','2','0','2','1331300095160'),(2228,'2067','2567',50.00,'12','07','2024','11:03:12','2024-07-12','12/07/2024','1','2','0','3','1331300095160'),(2229,'2068','2567',0.00,'12','07','2024','11:03:12','2024-07-12','12/07/2024','1','2','0','4','1331300095160'),(2230,'2069','2567',20.00,'12','07','2024','11:03:12','2024-07-12','12/07/2024','1','2','0','5','1331300095160'),(2231,'2070','2567',80.00,'12','07','2024','11:03:12','2024-07-12','12/07/2024','1','2','0','6','1331300095160'),(2232,'2071','2567',100.00,'12','07','2024','11:03:12','2024-07-12','12/07/2024','1','2','0','7','1331300095160'),(2233,'2072','2567',30.00,'12','07','2024','11:03:12','2024-07-12','12/07/2024','1','2','0','8','1331300095160'),(2234,'2073','2567',100.00,'12','07','2024','11:03:12','2024-07-12','12/07/2024','1','2','0','9','1331300095160'),(2235,'1998','2567',60.00,'17','07','2024','02:27:27','2024-07-17','17/07/2024','1','9','0','1','1341500135505'),(2236,'1999','2567',80.00,'17','07','2024','02:27:27','2024-07-17','17/07/2024','1','9','0','2','1341500135505'),(2237,'2001','2567',30.00,'17','07','2024','02:27:27','2024-07-17','17/07/2024','1','9','0','4','1341500135505'),(2238,'2002','2567',40.00,'17','07','2024','02:27:27','2024-07-17','17/07/2024','1','9','0','5','1341500135505'),(2239,'2003','2567',10.00,'17','07','2024','02:27:27','2024-07-17','17/07/2024','1','9','0','6','1341500135505'),(2240,'2004','2567',35.00,'17','07','2024','02:27:27','2024-07-17','17/07/2024','1','9','0','7','1341500135505'),(2241,'2006','2567',40.00,'17','07','2024','02:27:27','2024-07-17','17/07/2024','1','9','0','8','1341500135505'),(2242,'2065','2567',40.00,'31','07','2024','02:43:25','2024-07-31','31/07/2024','1','2','0','1','1331300095160'),(2243,'2066','2567',75.00,'31','07','2024','02:43:25','2024-07-31','31/07/2024','1','2','0','2','1331300095160'),(2244,'2067','2567',40.00,'31','07','2024','02:43:25','2024-07-31','31/07/2024','1','2','0','3','1331300095160'),(2245,'2068','2567',25.00,'31','07','2024','02:43:25','2024-07-31','31/07/2024','1','2','0','4','1331300095160'),(2246,'2069','2567',80.00,'31','07','2024','02:43:25','2024-07-31','31/07/2024','1','2','0','5','1331300095160'),(2247,'2070','2567',140.00,'31','07','2024','02:43:25','2024-07-31','31/07/2024','1','2','0','6','1331300095160'),(2248,'2071','2567',110.00,'31','07','2024','02:43:25','2024-07-31','31/07/2024','1','2','0','7','1331300095160'),(2249,'2072','2567',40.00,'31','07','2024','02:43:25','2024-07-31','31/07/2024','1','2','0','8','1331300095160'),(2250,'2073','2567',120.00,'31','07','2024','02:43:25','2024-07-31','31/07/2024','1','2','0','9','1331300095160'),(2251,'1998','2567',143.00,'13','08','2024','09:58:00','2024-08-13','13/08/2024','1','9','0','1','1341500135505'),(2252,'1999','2567',230.00,'13','08','2024','09:58:00','2024-08-13','13/08/2024','1','9','0','2','1341500135505'),(2253,'2000','2567',25.00,'13','08','2024','09:58:00','2024-08-13','13/08/2024','1','9','0','3','1341500135505'),(2254,'2001','2567',185.00,'13','08','2024','09:58:00','2024-08-13','13/08/2024','1','9','0','4','1341500135505'),(2255,'2002','2567',50.00,'13','08','2024','09:58:00','2024-08-13','13/08/2024','1','9','0','5','1341500135505'),(2256,'2003','2567',313.00,'13','08','2024','09:58:00','2024-08-13','13/08/2024','1','9','0','6','1341500135505'),(2257,'2004','2567',255.00,'13','08','2024','09:58:00','2024-08-13','13/08/2024','1','9','0','7','1341500135505'),(2258,'2006','2567',105.00,'13','08','2024','09:58:00','2024-08-13','13/08/2024','1','9','0','8','1341500135505'),(2259,'2065','2567',140.00,'14','08','2024','10:11:40','2024-08-14','14/08/2024','1','2','0','1','1331300095160'),(2260,'2066','2567',115.00,'14','08','2024','10:11:40','2024-08-14','14/08/2024','1','2','0','2','1331300095160'),(2261,'2067','2567',70.00,'14','08','2024','10:11:40','2024-08-14','14/08/2024','1','2','0','3','1331300095160'),(2262,'2068','2567',10.00,'14','08','2024','10:11:40','2024-08-14','14/08/2024','1','2','0','4','1331300095160'),(2263,'2069','2567',60.00,'14','08','2024','10:11:40','2024-08-14','14/08/2024','1','2','0','5','1331300095160'),(2264,'2070','2567',130.00,'14','08','2024','10:11:40','2024-08-14','14/08/2024','1','2','0','6','1331300095160'),(2265,'2071','2567',110.00,'14','08','2024','10:11:40','2024-08-14','14/08/2024','1','2','0','7','1331300095160'),(2266,'2072','2567',80.00,'14','08','2024','10:11:40','2024-08-14','14/08/2024','1','2','0','8','1331300095160'),(2267,'2073','2567',120.00,'14','08','2024','10:11:40','2024-08-14','14/08/2024','1','2','0','9','1331300095160'),(2268,'2065','2567',100.00,'28','08','2024','11:34:48','2024-08-28','28/08/2024','1','2','0','1','1331300095160'),(2269,'2066','2567',110.00,'28','08','2024','11:34:48','2024-08-28','28/08/2024','1','2','0','2','1331300095160'),(2270,'2067','2567',50.00,'28','08','2024','11:34:48','2024-08-28','28/08/2024','1','2','0','3','1331300095160'),(2271,'2068','2567',10.00,'28','08','2024','11:34:48','2024-08-28','28/08/2024','1','2','0','4','1331300095160'),(2272,'2069','2567',40.00,'28','08','2024','11:34:48','2024-08-28','28/08/2024','1','2','0','5','1331300095160'),(2273,'2070','2567',70.00,'28','08','2024','11:34:48','2024-08-28','28/08/2024','1','2','0','6','1331300095160'),(2274,'2071','2567',80.00,'28','08','2024','11:34:48','2024-08-28','28/08/2024','1','2','0','7','1331300095160'),(2275,'2072','2567',80.00,'28','08','2024','11:34:48','2024-08-28','28/08/2024','1','2','0','8','1331300095160'),(2276,'2073','2567',35.00,'28','08','2024','11:34:48','2024-08-28','28/08/2024','1','2','0','9','1331300095160'),(2277,'1999','2567',40.00,'11','11','2024','10:25:36','2024-11-11','11/11/2024','1','9','0','2','1341500135505'),(2278,'1998','2567',590.00,'16','03','2025','03:45:07','2025-03-16','16/03/2025','2','9','0','1','1341500135505'),(2279,'1999','2567',840.00,'16','03','2025','03:45:23','2025-03-16','16/03/2025','2','9','0','2','1341500135505'),(2280,'2000','2567',75.00,'16','03','2025','03:45:35','2025-03-16','16/03/2025','2','9','0','3','1341500135505'),(2281,'2001','2567',600.00,'16','03','2025','03:45:48','2025-03-16','16/03/2025','2','9','0','4','1341500135505'),(2282,'2002','2567',340.00,'16','03','2025','03:46:05','2025-03-16','16/03/2025','2','9','0','5','1341500135505'),(2283,'2003','2567',500.00,'16','03','2025','03:46:23','2025-03-16','16/03/2025','2','9','0','6','1341500135505'),(2284,'2004','2567',470.00,'16','03','2025','03:46:35','2025-03-16','16/03/2025','2','9','0','7','1341500135505'),(2285,'2006','2567',670.00,'16','03','2025','03:46:54','2025-03-16','16/03/2025','2','9','0','8','1341500135505');

--
