('2025-07-30',3454,6,0,2568,'C','1349900196665','2025-10-25 02:10:29'),('2025-07-30',3455,6,0,2568,'C','1349900196665','2025-10-25 02:10:29'),('2025-07-30',3456,6,0,2568,'C','1349900196665','2025-10-25 02:10:29'),('2025-07-30',3457,6,0,2568,'C','1349900196665','2025-10-25 02:10:29'),('2025-07-30',3459,6,0,2568,'C','1349900196665','2025-10-25 02:10:29'),('2025-07-30',3460,6,0,2568,'C','1349900196665','2025-10-25 02:10:29'),('2025-07-30',3461,6,0,2568,'C','1349900196665','2025-10-25 02:10:29'),('2025-07-30',3462,6,0,2568,'C','1349900196665','2025-10-25 02:10:29'),('2025-07-31',3446,6,0,2568,'C','1349900196665','2025-10-25 02:10:35'),('2025-07-31',3447,6,0,2568,'C','1349900196665','2025-10-25 02:10:35'),('2025-07-31',3448,6,0,2568,'C','1349900196665','2025-10-25 02:10:35'),('2025-07-31',3449,6,0,2568,'C','1349900196665','2025-10-25 02:10:35'),('2025-07-31',3450,6,0,2568,'C','1349900196665','2025-10-25 02:10:35'),('2025-07-31',3451,6,0,2568,'C','1349900196665','2025-10-25 02:10:35'),('2025-07-31',3452,6,0,2568,'C','1349900196665','2025-10-25 02:10:35'),('2025-07-31',3453,6,0,2568,'C','1349900196665','2025-10-25 02:10:35'),('2025-07-31',3454,6,0,2568,'C','1349900196665','2025-10-25 02:10:35'),('2025-07-31',3455,6,0,2568,'C','1349900196665','2025-10-25 02:10:35'),('2025-07-31',3456,6,0,2568,'C','1349900196665','2025-10-25 02:10:35'),('2025-07-31',3457,6,0,2568,'C','1349900196665','2025-10-25 02:10:35'),('2025-07-31',3459,6,0,2568,'C','1349900196665','2025-10-25 02:10:35'),('2025-07-31',3460,6,0,2568,'C','1349900196665','2025-10-25 02:10:35'),('2025-07-31',3461,6,0,2568,'C','1349900196665','2025-10-25 02:10:35'),('2025-07-31',3462,6,0,2568,'C','1349900196665','2025-10-25 02:10:35'),('2025-08-01',3446,6,0,2568,'S','1349900196665','2025-10-25 02:10:11'),('2025-08-01',3447,6,0,2568,'C','1349900196665','2025-10-25 02:10:11'),('2025-08-01',3448,6,0,2568,'C','1349900196665','2025-10-25 02:10:11'),('2025-08-01',3449,6,0,2568,'C','1349900196665','2025-10-25 02:10:11'),('2025-08-01',3450,6,0,2568,'C','1349900196665','2025-10-25 02:10:11'),('2025-08-01',3451,6,0,2568,'C','1349900196665','2025-10-25 02:10:11'),('2025-08-01',3452,6,0,2568,'C','1349900196665','2025-10-25 02:10:11'),('2025-08-01',3453,6,0,2568,'C','1349900196665','2025-10-25 02:10:11'),('2025-08-01',3454,6,0,2568,'S','1349900196665','2025-10-25 02:10:11'),('2025-08-01',3455,6,0,2568,'C','1349900196665','2025-10-25 02:10:11'),('2025-08-01',3456,6,0,2568,'C','1349900196665','2025-10-25 02:10:11'),('2025-08-01',3457,6,0,2568,'C','1349900196665','2025-10-25 02:10:11'),('2025-08-01',3459,6,0,2568,'C','1349900196665','2025-10-25 02:10:11'),('2025-08-01',3460,6,0,2568,'C','1349900196665','2025-10-25 02:10:11'),('2025-08-01',3461,6,0,2568,'C','1349900196665','2025-10-25 02:10:11'),('2025-08-01',3462,6,0,2568,'C','1349900196665','2025-10-25 02:10:11'),('2025-08-02',3446,6,0,2568,'C','1349900196665','2025-10-25 02:10:19'),('2025-08-02',3447,6,0,2568,'C','1349900196665','2025-10-25 02:10:19'),('2025-08-02',3448,6,0,2568,'C','1349900196665','2025-10-25 02:10:19'),('2025-08-02',3449,6,0,2568,'C','1349900196665','2025-10-25 02:10:19'),('2025-08-02',3450,6,0,2568,'C','1349900196665','2025-10-25 02:10:19'),('2025-08-02',3451,6,0,2568,'C','1349900196665','2025-10-25 02:10:19'),('2025-08-02',3452,6,0,2568,'C','1349900196665','2025-10-25 02:10:19'),('2025-08-02',3453,6,0,2568,'C','1349900196665','2025-10-25 02:10:19'),('2025-08-02',3454,6,0,2568,'C','1349900196665','2025-10-25 02:10:19'),('2025-08-02',3455,6,0,2568,'C','1349900196665','2025-10-25 02:10:19'),('2025-08-02',3456,6,0,2568,'C','1349900196665','2025-10-25 02:10:19'),('2025-08-02',3457,6,0,2568,'C','1349900196665','2025-10-25 02:10:19'),('2025-08-02',3459,6,0,2568,'C','1349900196665','2025-10-25 02:10:19'),('2025-08-02',3460,6,0,2568,'C','1349900196665','2025-10-25 02:10:19'),('2025-08-02',3461,6,0,2568,'C','1349900196665','2025-10-25 02:10:19'),('2025-08-02',3462,6,0,2568,'C','1349900196665','2025-10-25 02:10:19'),('2025-08-04',3446,6,0,2568,'C','1349900196665','2025-10-25 02:10:28'),('2025-08-04',3447,6,0,2568,'C','1349900196665','2025-10-25 02:10:28'),('2025-08-04',3448,6,0,2568,'C','1349900196665','2025-10-25 02:10:28'),('2025-08-04',3449,6,0,2568,'C','1349900196665','2025-10-25 02:10:28'),('2025-08-04',3450,6,0,2568,'C','1349900196665','2025-10-25 02:10:28'),('2025-08-04',3451,6,0,2568,'C','1349900196665','2025-10-25 02:10:28'),('2025-08-04',3452,6,0,2568,'C','1349900196665','2025-10-25 02:10:28'),('2025-08-04',3453,6,0,2568,'C','1349900196665','2025-10-25 02:10:28'),('2025-08-04',3454,6,0,2568,'C','1349900196665','2025-10-25 02:10:28'),('2025-08-04',3455,6,0,2568,'C','1349900196665','2025-10-25 02:10:28'),('2025-08-04',3456,6,0,2568,'C','1349900196665','2025-10-25 02:10:28'),('2025-08-04',3457,6,0,2568,'C','1349900196665','2025-10-25 02:10:28'),('2025-08-04',3459,6,0,2568,'C','1349900196665','2025-10-25 02:10:28'),('2025-08-04',3460,6,0,2568,'C','1349900196665','2025-10-25 02:10:28'),('2025-08-04',3461,6,0,2568,'C','1349900196665','2025-10-25 02:10:28'),('2025-08-04',3462,6,0,2568,'C','1349900196665','2025-10-25 02:10:28'),('2025-08-05',3446,6,0,2568,'C','1349900196665','2025-10-25 02:10:34'),('2025-08-05',3447,6,0,2568,'C','1349900196665','2025-10-25 02:10:34'),('2025-08-05',3448,6,0,2568,'C','1349900196665','2025-10-25 02:10:34'),('2025-08-05',3449,6,0,2568,'C','1349900196665','2025-10-25 02:10:34'),('2025-08-05',3450,6,0,2568,'C','1349900196665','2025-10-25 02:10:34'),('2025-08-05',3451,6,0,2568,'C','1349900196665','2025-10-25 02:10:34'),('2025-08-05',3452,6,0,2568,'C','1349900196665','2025-10-25 02:10:34'),('2025-08-05',3453,6,0,2568,'C','1349900196665','2025-10-25 02:10:34'),('2025-08-05',3454,6,0,2568,'C','1349900196665','2025-10-25 02:10:34'),('2025-08-05',3455,6,0,2568,'C','1349900196665','2025-10-25 02:10:34'),('2025-08-05',3456,6,0,2568,'C','1349900196665','2025-10-25 02:10:34'),('2025-08-05',3457,6,0,2568,'C','1349900196665','2025-10-25 02:10:34'),('2025-08-05',3459,6,0,2568,'C','1349900196665','2025-10-25 02:10:34'),('2025-08-05',3460,6,0,2568,'C','1349900196665','2025-10-25 02:10:34'),('2025-08-05',3461,6,0,2568,'C','1349900196665','2025-10-25 02:10:34'),('2025-08-05',3462,6,0,2568,'C','1349900196665','2025-10-25 02:10:34'),('2025-08-06',3446,6,0,2568,'C','1349900196665','2025-10-25 02:10:45'),('2025-08-06',3447,6,0,2568,'C','1349900196665','2025-10-25 02:10:45'),('2025-08-06',3448,6,0,2568,'C','1349900196665','2025-10-25 02:10:45'),('2025-08-06',3449,6,0,2568,'C','1349900196665','2025-10-25 02:10:45'),('2025-08-06',3450,6,0,2568,'C','1349900196665','2025-10-25 02:10:45'),('2025-08-06',3451,6,0,2568,'C','1349900196665','2025-10-25 02:10:45'),('2025-08-06',3452,6,0,2568,'C','1349900196665','2025-10-25 02:10:45'),('2025-08-06',3453,6,0,2568,'C','1349900196665','2025-10-25 02:10:45'),('2025-08-06',3454,6,0,2568,'C','1349900196665','2025-10-25 02:10:45'),('2025-08-06',3455,6,0,2568,'C','1349900196665','2025-10-25 02:10:45'),('2025-08-06',3456,6,0,2568,'C','1349900196665','2025-10-25 02:10:45'),('2025-08-06',3457,6,0,2568,'C','1349900196665','2025-10-25 02:10:45'),('2025-08-06',3459,6,0,2568,'C','1349900196665','2025-10-25 02:10:45'),('2025-08-06',3460,6,0,2568,'C','1349900196665','2025-10-25 02:10:45'),('2025-08-06',3461,6,0,2568,'C','1349900196665','2025-10-25 02:10:45'),('2025-08-06',3462,6,0,2568,'C','1349900196665','2025-10-25 02:10:45'),('2025-08-07',3446,6,0,2568,'C','1349900196665','2025-10-25 02:10:53'),('2025-08-07',3447,6,0,2568,'C','1349900196665','2025-10-25 02:10:53'),('2025-08-07',3448,6,0,2568,'C','1349900196665','2025-10-25 02:10:53'),('2025-08-07',3449,6,0,2568,'C','1349900196665','2025-10-25 02:10:53'),('2025-08-07',3450,6,0,2568,'C','1349900196665','2025-10-25 02:10:53'),('2025-08-07',3451,6,0,2568,'C','1349900196665','2025-10-25 02:10:53'),('2025-08-07',3452,6,0,2568,'C','1349900196665','2025-10-25 02:10:53'),('2025-08-07',3453,6,0,2568,'C','1349900196665','2025-10-25 02:10:53'),('2025-08-07',3454,6,0,2568,'C','1349900196665','2025-10-25 02:10:53'),('2025-08-07',3455,6,0,2568,'C','1349900196665','2025-10-25 02:10:53'),('2025-08-07',3456,6,0,2568,'C','1349900196665','2025-10-25 02:10:53'),('2025-08-07',3457,6,0,2568,'C','1349900196665','2025-10-25 02:10:53'),('2025-08-07',3459,6,0,2568,'C','1349900196665','2025-10-25 02:10:53'),('2025-08-07',3460,6,0,2568,'C','1349900196665','2025-10-25 02:10:53'),('2025-08-07',3461,6,0,2568,'C','1349900196665','2025-10-25 02:10:53'),('2025-08-07',3462,6,0,2568,'C','1349900196665','2025-10-25 02:10:53'),('2025-08-08',3446,6,0,2568,'C','1349900196665','2025-10-25 02:10:02'),('2025-08-08',3447,6,0,2568,'C','1349900196665','2025-10-25 02:10:02'),('2025-08-08',3448,6,0,2568,'C','1349900196665','2025-10-25 02:10:02'),('2025-08-08',3449,6,0,2568,'C','1349900196665','2025-10-25 02:10:02'),('2025-08-08',3450,6,0,2568,'C','1349900196665','2025-10-25 02:10:02'),('2025-08-08',3451,6,0,2568,'C','1349900196665','2025-10-25 02:10:02'),('2025-08-08',3452,6,0,2568,'C','1349900196665','2025-10-25 02:10:02'),('2025-08-08',3453,6,0,2568,'C','1349900196665','2025-10-25 02:10:02'),('2025-08-08',3454,6,0,2568,'C','1349900196665','2025-10-25 02:10:02'),('2025-08-08',3455,6,0,2568,'C','1349900196665','2025-10-25 02:10:02'),('2025-08-08',3456,6,0,2568,'C','1349900196665','2025-10-25 02:10:02'),('2025-08-08',3457,6,0,2568,'C','1349900196665','2025-10-25 02:10:02'),('2025-08-08',3459,6,0,2568,'C','1349900196665','2025-10-25 02:10:02'),('2025-08-08',3460,6,0,2568,'C','1349900196665','2025-10-25 02:10:02'),('2025-08-08',3461,6,0,2568,'C','1349900196665','2025-10-25 02:10:02'),('2025-08-08',3462,6,0,2568,'C','1349900196665','2025-10-25 02:10:02'),('2025-08-13',3446,6,0,2568,'C','1349900196665','2025-10-25 02:10:30'),('2025-08-13',3447,6,0,2568,'S','1349900196665','2025-10-25 02:10:30'),('2025-08-13',3448,6,0,2568,'C','1349900196665','2025-10-25 02:10:30'),('2025-08-13',3449,6,0,2568,'C','1349900196665','2025-10-25 02:10:30'),('2025-08-13',3450,6,0,2568,'C','1349900196665','2025-10-25 02:10:30'),('2025-08-13',3451,6,0,2568,'C','1349900196665','2025-10-25 02:10:30'),('2025-08-13',3452,6,0,2568,'C','1349900196665','2025-10-25 02:10:30'),('2025-08-13',3453,6,0,2568,'C','1349900196665','2025-10-25 02:10:30'),('2025-08-13',3454,6,0,2568,'C','1349900196665','2025-10-25 02:10:30'),('2025-08-13',3455,6,0,2568,'S','1349900196665','2025-10-25 02:10:30'),('2025-08-13',3456,6,0,2568,'C','1349900196665','2025-10-25 02:10:30'),('2025-08-13',3457,6,0,2568,'C','1349900196665','2025-10-25 02:10:30'),('2025-08-13',3459,6,0,2568,'C','1349900196665','2025-10-25 02:10:30'),('2025-08-13',3460,6,0,2568,'C','1349900196665','2025-10-25 02:10:30'),('2025-08-13',3461,6,0,2568,'C','1349900196665','2025-10-25 02:10:30'),('2025-08-13',3462,6,0,2568,'C','1349900196665','2025-10-25 02:10:30'),('2025-08-14',3446,6,0,2568,'C','1349900196665','2025-10-25 02:10:46'),('2025-08-14',3447,6,0,2568,'S','1349900196665','2025-10-25 02:10:46'),('2025-08-14',3448,6,0,2568,'C','1349900196665','2025-10-25 02:10:46'),('2025-08-14',3449,6,0,2568,'C','1349900196665','2025-10-25 02:10:46'),('2025-08-14',3450,6,0,2568,'C','1349900196665','2025-10-25 02:10:46'),('2025-08-14',3451,6,0,2568,'C','1349900196665','2025-10-25 02:10:46'),('2025-08-14',3452,6,0,2568,'C','1349900196665','2025-10-25 02:10:46'),('2025-08-14',3453,6,0,2568,'C','1349900196665','2025-10-25 02:10:46'),('2025-08-14',3454,6,0,2568,'C','1349900196665','2025-10-25 02:10:46'),('2025-08-14',3455,6,0,2568,'S','1349900196665','2025-10-25 02:10:46'),('2025-08-14',3456,6,0,2568,'C','1349900196665','2025-10-25 02:10:46'),('2025-08-14',3457,6,0,2568,'C','1349900196665','2025-10-25 02:10:46'),('2025-08-14',3459,6,0,2568,'C','1349900196665','2025-10-25 02:10:46'),('2025-08-14',3460,6,0,2568,'C','1349900196665','2025-10-25 02:10:46'),('2025-08-14',3461,6,0,2568,'C','1349900196665','2025-10-25 02:10:46'),('2025-08-14',3462,6,0,2568,'C','1349900196665','2025-10-25 02:10:46'),('2025-08-15',3446,6,0,2568,'C','1349900196665','2025-10-25 02:10:58'),('2025-08-15',3447,6,0,2568,'C','1349900196665','2025-10-25 02:10:58'),('2025-08-15',3448,6,0,2568,'C','1349900196665','2025-10-25 02:10:58'),('2025-08-15',3449,6,0,2568,'C','1349900196665','2025-10-25 02:10:58'),('2025-08-15',3450,6,0,2568,'C','1349900196665','2025-10-25 02:10:58'),('2025-08-15',3451,6,0,2568,'C','1349900196665','2025-10-25 02:10:58'),('2025-08-15',3452,6,0,2568,'C','1349900196665','2025-10-25 02:10:58'),('2025-08-15',3453,6,0,2568,'C','1349900196665','2025-10-25 02:10:58'),('2025-08-15',3454,6,0,2568,'C','1349900196665','2025-10-25 02:10:58'),('2025-08-15',3455,6,0,2568,'C','1349900196665','2025-10-25 02:10:58'),('2025-08-15',3456,6,0,2568,'C','1349900196665','2025-10-25 02:10:58'),('2025-08-15',3457,6,0,2568,'C','1349900196665','2025-10-25 02:10:58'),('2025-08-15',3459,6,0,2568,'C','1349900196665','2025-10-25 02:10:58'),('2025-08-15',3460,6,0,2568,'C','1349900196665','2025-10-25 02:10:58'),('2025-08-15',3461,6,0,2568,'C','1349900196665','2025-10-25 02:10:58'),('2025-08-15',3462,6,0,2568,'C','1349900196665','2025-10-25 02:10:58'),('2025-08-16',3446,6,0,2568,'C','1349900196665','2025-10-25 02:10:04'),('2025-08-16',3447,6,0,2568,'C','1349900196665','2025-10-25 02:10:04'),('2025-08-16',3448,6,0,2568,'C','1349900196665','2025-10-25 02:10:04'),('2025-08-16',3449,6,0,2568,'C','1349900196665','2025-10-25 02:10:04'),('2025-08-16',3450,6,0,2568,'C','1349900196665','2025-10-25 02:10:04'),('2025-08-16',3451,6,0,2568,'C','1349900196665','2025-10-25 02:10:04'),('2025-08-16',3452,6,0,2568,'C','1349900196665','2025-10-25 02:10:04'),('2025-08-16',3453,6,0,2568,'C','1349900196665','2025-10-25 02:10:04'),('2025-08-16',3454,6,0,2568,'C','1349900196665','2025-10-25 02:10:04'),('2025-08-16',3455,6,0,2568,'C','1349900196665','2025-10-25 02:10:04'),('2025-08-16',3456,6,0,2568,'C','1349900196665','2025-10-25 02:10:04'),('2025-08-16',3457,6,0,2568,'C','1349900196665','2025-10-25 02:10:04'),('2025-08-16',3459,6,0,2568,'C','1349900196665','2025-10-25 02:10:04'),('2025-08-16',3460,6,0,2568,'C','1349900196665','2025-10-25 02:10:04'),('2025-08-16',3461,6,0,2568,'C','1349900196665','2025-10-25 02:10:04'),('2025-08-16',3462,6,0,2568,'C','1349900196665','2025-10-25 02:10:04'),('2025-08-18',3446,6,0,2568,'C','1349900196665','2025-10-25 02:10:22'),('2025-08-18',3447,6,0,2568,'C','1349900196665','2025-10-25 02:10:22'),('2025-08-18',3448,6,0,2568,'C','1349900196665','2025-10-25 02:10:22'),('2025-08-18',3449,6,0,2568,'C','1349900196665','2025-10-25 02:10:22'),('2025-08-18',3450,6,0,2568,'C','1349900196665','2025-10-25 02:10:22'),('2025-08-18',3451,6,0,2568,'C','1349900196665','2025-10-25 02:10:22'),('2025-08-18',3452,6,0,2568,'C','1349900196665','2025-10-25 02:10:22'),('2025-08-18',3453,6,0,2568,'C','1349900196665','2025-10-25 02:10:22'),('2025-08-18',3454,6,0,2568,'C','1349900196665','2025-10-25 02:10:22'),('2025-08-18',3455,6,0,2568,'C','1349900196665','2025-10-25 02:10:22'),('2025-08-18',3456,6,0,2568,'C','1349900196665','2025-10-25 02:10:22'),('2025-08-18',3457,6,0,2568,'C','1349900196665','2025-10-25 02:10:22'),('2025-08-18',3459,6,0,2568,'C','1349900196665','2025-10-25 02:10:22'),('2025-08-18',3460,6,0,2568,'C','1349900196665','2025-10-25 02:10:22'),('2025-08-18',3461,6,0,2568,'C','1349900196665','2025-10-25 02:10:22'),('2025-08-18',3462,6,0,2568,'C','1349900196665','2025-10-25 02:10:22'),('2025-08-19',3446,6,0,2568,'C','1349900196665','2025-10-25 02:10:55'),('2025-08-19',3447,6,0,2568,'C','1349900196665','2025-10-25 02:10:55'),('2025-08-19',3448,6,0,2568,'C','1349900196665','2025-10-25 02:10:55'),('2025-08-19',3449,6,0,2568,'C','1349900196665','2025-10-25 02:10:55'),('2025-08-19',3450,6,0,2568,'C','1349900196665','2025-10-25 02:10:55'),('2025-08-19',3451,6,0,2568,'C','1349900196665','2025-10-25 02:10:55'),('2025-08-19',3452,6,0,2568,'C','1349900196665','2025-10-25 02:10:55'),('2025-08-19',3453,6,0,2568,'C','1349900196665','2025-10-25 02:10:55'),('2025-08-19',3454,6,0,2568,'C','1349900196665','2025-10-25 02:10:55'),('2025-08-19',3455,6,0,2568,'C','1349900196665','2025-10-25 02:10:55'),('2025-08-19',3456,6,0,2568,'C','1349900196665','2025-10-25 02:10:55'),('2025-08-19',3457,6,0,2568,'C','1349900196665','2025-10-25 02:10:55'),('2025-08-19',3459,6,0,2568,'C','1349900196665','2025-10-25 02:10:55'),('2025-08-19',3460,6,0,2568,'C','1349900196665','2025-10-25 02:10:55'),('2025-08-19',3461,6,0,2568,'C','1349900196665','2025-10-25 02:10:55'),('2025-08-19',3462,6,0,2568,'C','1349900196665','2025-10-25 02:10:55'),('2025-08-20',3446,6,0,2568,'C','1349900196665','2025-10-25 02:10:04'),('2025-08-20',3447,6,0,2568,'C','1349900196665','2025-10-25 02:10:04'),('2025-08-20',3448,6,0,2568,'C','1349900196665','2025-10-25 02:10:04'),('2025-08-20',3449,6,0,2568,'C','1349900196665','2025-10-25 02:10:04'),('2025-08-20',3450,6,0,2568,'C','1349900196665','2025-10-25 02:10:04'),('2025-08-20',3451,6,0,2568,'C','1349900196665','2025-10-25 02:10:04'),('2025-08-20',3452,6,0,2568,'C','1349900196665','2025-10-25 02:10:04'),('2025-08-20',3453,6,0,2568,'C','1349900196665','2025-10-25 02:10:04'),('2025-08-20',3454,6,0,2568,'C','1349900196665','2025-10-25 02:10:04'),('2025-08-20',3455,6,0,2568,'C','1349900196665','2025-10-25 02:10:04'),('2025-08-20',3456,6,0,2568,'C','1349900196665','2025-10-25 02:10:04'),('2025-08-20',3457,6,0,2568,'C','1349900196665','2025-10-25 02:10:04'),('2025-08-20',3459,6,0,2568,'C','1349900196665','2025-10-25 02:10:04'),('2025-08-20',3460,6,0,2568,'C','1349900196665','2025-10-25 02:10:04'),('2025-08-20',3461,6,0,2568,'C','1349900196665','2025-10-25 02:10:04'),('2025-08-20',3462,6,0,2568,'C','1349900196665','2025-10-25 02:10:04'),('2025-08-21',3446,6,0,2568,'C','1349900196665','2025-10-25 02:10:12'),('2025-08-21',3447,6,0,2568,'C','1349900196665','2025-10-25 02:10:12'),('2025-08-21',3448,6,0,2568,'C','1349900196665','2025-10-25 02:10:12'),('2025-08-21',3449,6,0,2568,'C','1349900196665','2025-10-25 02:10:12'),('2025-08-21',3450,6,0,2568,'C','1349900196665','2025-10-25 02:10:12'),('2025-08-21',3451,6,0,2568,'C','1349900196665','2025-10-25 02:10:12'),('2025-08-21',3452,6,0,2568,'C','1349900196665','2025-10-25 02:10:12'),('2025-08-21',3453,6,0,2568,'C','1349900196665','2025-10-25 02:10:12'),('2025-08-21',3454,6,0,2568,'C','1349900196665','2025-10-25 02:10:12'),('2025-08-21',3455,6,0,2568,'C','1349900196665','2025-10-25 02:10:12'),('2025-08-21',3456,6,0,2568,'C','1349900196665','2025-10-25 02:10:12'),('2025-08-21',3457,6,0,2568,'C','1349900196665','2025-10-25 02:10:12'),('2025-08-21',3459,6,0,2568,'C','1349900196665','2025-10-25 02:10:12'),('2025-08-21',3460,6,0,2568,'C','1349900196665','2025-10-25 02:10:12'),('2025-08-21',3461,6,0,2568,'C','1349900196665','2025-10-25 02:10:12'),('2025-08-21',3462,6,0,2568,'C','1349900196665','2025-10-25 02:10:12'),('2025-08-22',3446,6,0,2568,'C','1349900196665','2025-10-25 02:10:25'),('2025-08-22',3447,6,0,2568,'C','1349900196665','2025-10-25 02:10:25'),('2025-08-22',3448,6,0,2568,'C','1349900196665','2025-10-25 02:10:25'),('2025-08-22',3449,6,0,2568,'C','1349900196665','2025-10-25 02:10:25'),('2025-08-22',3450,6,0,2568,'C','1349900196665','2025-10-25 02:10:25'),('2025-08-22',3451,6,0,2568,'C','1349900196665','2025-10-25 02:10:25'),('2025-08-22',3452,6,0,2568,'C','1349900196665','2025-10-25 02:10:25'),('2025-08-22',3453,6,0,2568,'C','1349900196665','2025-10-25 02:10:25'),('2025-08-22',3454,6,0,2568,'C','1349900196665','2025-10-25 02:10:25'),('2025-08-22',3455,6,0,2568,'C','1349900196665','2025-10-25 02:10:25'),('2025-08-22',3456,6,0,2568,'C','1349900196665','2025-10-25 02:10:25'),('2025-08-22',3457,6,0,2568,'C','1349900196665','2025-10-25 02:10:25'),('2025-08-22',3459,6,0,2568,'C','1349900196665','2025-10-25 02:10:25'),('2025-08-22',3460,6,0,2568,'C','1349900196665','2025-10-25 02:10:25'),('2025-08-22',3461,6,0,2568,'C','1349900196665','2025-10-25 02:10:25'),('2025-08-22',3462,6,0,2568,'C','1349900196665','2025-10-25 02:10:25'),('2025-08-23',3446,6,0,2568,'C','1349900196665','2025-10-25 02:10:32'),('2025-08-23',3447,6,0,2568,'C','1349900196665','2025-10-25 02:10:32'),('2025-08-23',3448,6,0,2568,'C','1349900196665','2025-10-25 02:10:32'),('2025-08-23',3449,6,0,2568,'C','1349900196665','2025-10-25 02:10:32'),('2025-08-23',3450,6,0,2568,'C','1349900196665','2025-10-25 02:10:32'),('2025-08-23',3451,6,0,2568,'C','1349900196665','2025-10-25 02:10:32'),('2025-08-23',3452,6,0,2568,'C','1349900196665','2025-10-25 02:10:32'),('2025-08-23',3453,6,0,2568,'C','1349900196665','2025-10-25 02:10:32'),('2025-08-23',3454,6,0,2568,'C','1349900196665','2025-10-25 02:10:32'),('2025-08-23',3455,6,0,2568,'C','1349900196665','2025-10-25 02:10:32'),('2025-08-23',3456,6,0,2568,'C','1349900196665','2025-10-25 02:10:32'),('2025-08-23',3457,6,0,2568,'C','1349900196665','2025-10-25 02:10:32'),('2025-08-23',3459,6,0,2568,'C','1349900196665','2025-10-25 02:10:32'),('2025-08-23',3460,6,0,2568,'C','1349900196665','2025-10-25 02:10:32'),('2025-08-23',3461,6,0,2568,'C','1349900196665','2025-10-25 02:10:32'),('2025-08-23',3462,6,0,2568,'C','1349900196665','2025-10-25 02:10:32'),('2025-08-25',3446,6,0,2568,'C','1349900196665','2025-10-25 02:10:48'),('2025-08-25',3447,6,0,2568,'C','1349900196665','2025-10-25 02:10:48'),('2025-08-25',3448,6,0,2568,'C','1349900196665','2025-10-25 02:10:48'),('2025-08-25',3449,6,0,2568,'C','1349900196665','2025-10-25 02:10:48'),('2025-08-25',3450,6,0,2568,'C','1349900196665','2025-10-25 02:10:48'),('2025-08-25',3451,6,0,2568,'C','1349900196665','2025-10-25 02:10:48'),('2025-08-25',3452,6,0,2568,'C','1349900196665','2025-10-25 02:10:48'),('2025-08-25',3453,6,0,2568,'C','1349900196665','2025-10-25 02:10:48'),('2025-08-25',3454,6,0,2568,'C','1349900196665','2025-10-25 02:10:48'),('2025-08-25',3455,6,0,2568,'C','1349900196665','2025-10-25 02:10:48'),('2025-08-25',3456,6,0,2568,'C','1349900196665','2025-10-25 02:10:48'),('2025-08-25',3457,6,0,2568,'C','1349900196665','2025-10-25 02:10:48'),('2025-08-25',3459,6,0,2568,'C','1349900196665','2025-10-25 02:10:48'),('2025-08-25',3460,6,0,2568,'C','1349900196665','2025-10-25 02:10:48'),('2025-08-25',3461,6,0,2568,'C','1349900196665','2025-10-25 02:10:48'),('2025-08-25',3462,6,0,2568,'C','1349900196665','2025-10-25 02:10:48'),('2025-08-26',3446,6,0,2568,'C','1349900196665','2025-10-25 02:10:54'),('2025-08-26',3447,6,0,2568,'C','1349900196665','2025-10-25 02:10:54'),('2025-08-26',3448,6,0,2568,'C','1349900196665','2025-10-25 02:10:54'),('2025-08-26',3449,6,0,2568,'C','1349900196665','2025-10-25 02:10:54'),('2025-08-26',3450,6,0,2568,'C','1349900196665','2025-10-25 02:10:54'),('2025-08-26',3451,6,0,2568,'C','1349900196665','2025-10-25 02:10:54'),('2025-08-26',3452,6,0,2568,'C','1349900196665','2025-10-25 02:10:54'),('2025-08-26',3453,6,0,2568,'C','1349900196665','2025-10-25 02:10:54'),('2025-08-26',3454,6,0,2568,'C','1349900196665','2025-10-25 02:10:54'),('2025-08-26',3455,6,0,2568,'C','1349900196665','2025-10-25 02:10:54'),('2025-08-26',3456,6,0,2568,'C','1349900196665','2025-10-25 02:10:54'),('2025-08-26',3457,6,0,2568,'C','1349900196665','2025-10-25 02:10:54'),('2025-08-26',3459,6,0,2568,'C','1349900196665','2025-10-25 02:10:54'),('2025-08-26',3460,6,0,2568,'C','1349900196665','2025-10-25 02:10:54'),('2025-08-26',3461,6,0,2568,'C','1349900196665','2025-10-25 02:10:54'),('2025-08-26',3462,6,0,2568,'C','1349900196665','2025-10-25 02:10:54'),('2025-08-27',3446,6,0,2568,'C','1349900196665','2025-10-25 02:10:02'),('2025-08-27',3447,6,0,2568,'C','1349900196665','2025-10-25 02:10:02'),('2025-08-27',3448,6,0,2568,'C','1349900196665','2025-10-25 02:10:02'),('2025-08-27',3449,6,0,2568,'C','1349900196665','2025-10-25 02:10:02'),('2025-08-27',3450,6,0,2568,'C','1349900196665','2025-10-25 02:10:02'),('2025-08-27',3451,6,0,2568,'C','1349900196665','2025-10-25 02:10:02'),('2025-08-27',3452,6,0,2568,'C','1349900196665','2025-10-25 02:10:02'),('2025-08-27',3453,6,0,2568,'C','1349900196665','2025-10-25 02:10:02'),('2025-08-27',3454,6,0,2568,'C','1349900196665','2025-10-25 02:10:02'),('2025-08-27',3455,6,0,2568,'C','1349900196665','2025-10-25 02:10:02'),('2025-08-27',3456,6,0,2568,'C','1349900196665','2025-10-25 02:10:02'),('2025-08-27',3457,6,0,2568,'C','1349900196665','2025-10-25 02:10:02'),('2025-08-27',3459,6,0,2568,'C','1349900196665','2025-10-25 02:10:02'),('2025-08-27',3460,6,0,2568,'C','1349900196665','2025-10-25 02:10:02'),('2025-08-27',3461,6,0,2568,'C','1349900196665','2025-10-25 02:10:02'),('2025-08-27',3462,6,0,2568,'C','1349900196665','2025-10-25 02:10:02'),('2025-08-28',3446,6,0,2568,'C','1349900196665','2025-10-25 02:10:09'),('2025-08-28',3447,6,0,2568,'C','1349900196665','2025-10-25 02:10:09'),('2025-08-28',3448,6,0,2568,'C','1349900196665','2025-10-25 02:10:09'),('2025-08-28',3449,6,0,2568,'C','1349900196665','2025-10-25 02:10:09'),('2025-08-28',3450,6,0,2568,'C','1349900196665','2025-10-25 02:10:09'),('2025-08-28',3451,6,0,2568,'C','1349900196665','2025-10-25 02:10:09'),('2025-08-28',3452,6,0,2568,'C','1349900196665','2025-10-25 02:10:09'),('2025-08-28',3453,6,0,2568,'C','1349900196665','2025-10-25 02:10:09'),('2025-08-28',3454,6,0,2568,'C','1349900196665','2025-10-25 02:10:09'),('2025-08-28',3455,6,0,2568,'C','1349900196665','2025-10-25 02:10:09'),('2025-08-28',3456,6,0,2568,'C','1349900196665','2025-10-25 02:10:09'),('2025-08-28',3457,6,0,2568,'C','1349900196665','2025-10-25 02:10:09'),('2025-08-28',3459,6,0,2568,'C','1349900196665','2025-10-25 02:10:09'),('2025-08-28',3460,6,0,2568,'C','1349900196665','2025-10-25 02:10:09'),('2025-08-28',3461,6,0,2568,'C','1349900196665','2025-10-25 02:10:09'),('2025-08-28',3462,6,0,2568,'C','1349900196665','2025-10-25 02:10:09'),('2025-08-29',3446,6,0,2568,'C','1349900196665','2025-10-25 02:10:33'),('2025-08-29',3447,6,0,2568,'C','1349900196665','2025-10-25 02:10:33'),('2025-08-29',3448,6,0,2568,'C','1349900196665','2025-10-25 02:10:33'),('2025-08-29',3449,6,0,2568,'C','1349900196665','2025-10-25 02:10:33'),('2025-08-29',3450,6,0,2568,'C','1349900196665','2025-10-25 02:10:33'),('2025-08-29',3451,6,0,2568,'C','1349900196665','2025-10-25 02:10:33'),('2025-08-29',3452,6,0,2568,'C','1349900196665','2025-10-25 02:10:33'),('2025-08-29',3453,6,0,2568,'C','1349900196665','2025-10-25 02:10:33'),('2025-08-29',3454,6,0,2568,'C','1349900196665','2025-10-25 02:10:33'),('2025-08-29',3455,6,0,2568,'C','1349900196665','2025-10-25 02:10:33'),('2025-08-29',3456,6,0,2568,'C','1349900196665','2025-10-25 02:10:33'),('2025-08-29',3457,6,0,2568,'C','1349900196665','2025-10-25 02:10:33'),('2025-08-29',3459,6,0,2568,'C','1349900196665','2025-10-25 02:10:33'),('2025-08-29',3460,6,0,2568,'C','1349900196665','2025-10-25 02:10:33'),('2025-08-29',3461,6,0,2568,'C','1349900196665','2025-10-25 02:10:33'),('2025-08-29',3462,6,0,2568,'C','1349900196665','2025-10-25 02:10:33'),('2025-09-01',3446,6,0,2568,'C','1349900196665','2025-10-25 02:10:58'),('2025-09-01',3447,6,0,2568,'C','1349900196665','2025-10-25 02:10:58'),('2025-09-01',3448,6,0,2568,'C','1349900196665','2025-10-25 02:10:58'),('2025-09-01',3449,6,0,2568,'C','1349900196665','2025-10-25 02:10:58'),('2025-09-01',3450,6,0,2568,'C','1349900196665','2025-10-25 02:10:58'),('2025-09-01',3451,6,0,2568,'C','1349900196665','2025-10-25 02:10:58'),('2025-09-01',3452,6,0,2568,'C','1349900196665','2025-10-25 02:10:58'),('2025-09-01',3453,6,0,2568,'C','1349900196665','2025-10-25 02:10:58'),('2025-09-01',3454,6,0,2568,'C','1349900196665','2025-10-25 02:10:58'),('2025-09-01',3455,6,0,2568,'C','1349900196665','2025-10-25 02:10:58'),('2025-09-01',3456,6,0,2568,'C','1349900196665','2025-10-25 02:10:58'),('2025-09-01',3457,6,0,2568,'C','1349900196665','2025-10-25 02:10:58'),('2025-09-01',3459,6,0,2568,'C','1349900196665','2025-10-25 02:10:58'),('2025-09-01',3460,6,0,2568,'C','1349900196665','2025-10-25 02:10:58'),('2025-09-01',3461,6,0,2568,'C','1349900196665','2025-10-25 02:10:58'),('2025-09-01',3462,6,0,2568,'C','1349900196665','2025-10-25 02:10:58'),('2025-09-02',3446,6,0,2568,'C','1349900196665','2025-10-25 02:10:04'),('2025-09-02',3447,6,0,2568,'C','1349900196665','2025-10-25 02:10:04'),('2025-09-02',3448,6,0,2568,'C','1349900196665','2025-10-25 02:10:04'),('2025-09-02',3449,6,0,2568,'C','1349900196665','2025-10-25 02:10:04'),('2025-09-02',3450,6,0,2568,'C','1349900196665','2025-10-25 02:10:04'),('2025-09-02',3451,6,0,2568,'C','1349900196665','2025-10-25 02:10:04'),('2025-09-02',3452,6,0,2568,'C','1349900196665','2025-10-25 02:10:04'),('2025-09-02',3453,6,0,2568,'C','1349900196665','2025-10-25 02:10:04'),('2025-09-02',3454,6,0,2568,'C','1349900196665','2025-10-25 02:10:04'),('2025-09-02',3455,6,0,2568,'C','1349900196665','2025-10-25 02:10:04'),('2025-09-02',3456,6,0,2568,'C','1349900196665','2025-10-25 02:10:04'),('2025-09-02',3457,6,0,2568,'C','1349900196665','2025-10-25 02:10:04'),('2025-09-02',3459,6,0,2568,'C','1349900196665','2025-10-25 02:10:04'),('2025-09-02',3460,6,0,2568,'C','1349900196665','2025-10-25 02:10:04'),('2025-09-02',3461,6,0,2568,'C','1349900196665','2025-10-25 02:10:04'),('2025-09-02',3462,6,0,2568,'C','1349900196665','2025-10-25 02:10:04'),('2025-09-03',3446,6,0,2568,'C','1349900196665','2025-10-25 02:10:11'),('2025-09-03',3447,6,0,2568,'C','1349900196665','2025-10-25 02:10:11'),('2025-09-03',3448,6,0,2568,'C','1349900196665','2025-10-25 02:10:11'),('2025-09-03',3449,6,0,2568,'C','1349900196665','2025-10-25 02:10:11'),('2025-09-03',3450,6,0,2568,'C','1349900196665','2025-10-25 02:10:11'),('2025-09-03',3451,6,0,2568,'C','1349900196665','2025-10-25 02:10:11'),('2025-09-03',3452,6,0,2568,'C','1349900196665','2025-10-25 02:10:11'),('2025-09-03',3453,6,0,2568,'C','1349900196665','2025-10-25 02:10:11'),('2025-09-03',3454,6,0,2568,'C','1349900196665','2025-10-25 02:10:11'),('2025-09-03',3455,6,0,2568,'C','1349900196665','2025-10-25 02:10:11'),('2025-09-03',3456,6,0,2568,'C','1349900196665','2025-10-25 02:10:11'),('2025-09-03',3457,6,0,2568,'C','1349900196665','2025-10-25 02:10:11'),('2025-09-03',3459,6,0,2568,'C','1349900196665','2025-10-25 02:10:11'),('2025-09-03',3460,6,0,2568,'C','1349900196665','2025-10-25 02:10:11'),('2025-09-03',3461,6,0,2568,'C','1349900196665','2025-10-25 02:10:11'),('2025-09-03',3462,6,0,2568,'C','1349900196665','2025-10-25 02:10:11'),('2025-09-04',3446,6,0,2568,'C','1349900196665','2025-10-25 02:10:24'),('2025-09-04',3447,6,0,2568,'C','1349900196665','2025-10-25 02:10:24'),('2025-09-04',3448,6,0,2568,'C','1349900196665','2025-10-25 02:10:24'),('2025-09-04',3449,6,0,2568,'C','1349900196665','2025-10-25 02:10:24'),('2025-09-04',3450,6,0,2568,'C','1349900196665','2025-10-25 02:10:24'),('2025-09-04',3451,6,0,2568,'C','1349900196665','2025-10-25 02:10:24'),('2025-09-04',3452,6,0,2568,'C','1349900196665','2025-10-25 02:10:24'),('2025-09-04',3453,6,0,2568,'C','1349900196665','2025-10-25 02:10:24'),('2025-09-04',3454,6,0,2568,'C','1349900196665','2025-10-25 02:10:24'),('2025-09-04',3455,6,0,2568,'C','1349900196665','2025-10-25 02:10:24'),('2025-09-04',3456,6,0,2568,'C','1349900196665','2025-10-25 02:10:24'),('2025-09-04',3457,6,0,2568,'C','1349900196665','2025-10-25 02:10:24'),('2025-09-04',3459,6,0,2568,'C','1349900196665','2025-10-25 02:10:24'),('2025-09-04',3460,6,0,2568,'C','1349900196665','2025-10-25 02:10:24'),('2025-09-04',3461,6,0,2568,'C','1349900196665','2025-10-25 02:10:24'),('2025-09-04',3462,6,0,2568,'C','1349900196665','2025-10-25 02:10:24'),('2025-09-05',3446,6,0,2568,'C','1349900196665','2025-10-25 02:10:36'),('2025-09-05',3447,6,0,2568,'C','1349900196665','2025-10-25 02:10:36'),('2025-09-05',3448,6,0,2568,'C','1349900196665','2025-10-25 02:10:36'),('2025-09-05',3449,6,0,2568,'C','1349900196665','2025-10-25 02:10:36'),('2025-09-05',3450,6,0,2568,'C','1349900196665','2025-10-25 02:10:36'),('2025-09-05',3451,6,0,2568,'C','1349900196665','2025-10-25 02:10:36'),('2025-09-05',3452,6,0,2568,'C','1349900196665','2025-10-25 02:10:36'),('2025-09-05',3453,6,0,2568,'C','1349900196665','2025-10-25 02:10:36'),('2025-09-05',3454,6,0,2568,'C','1349900196665','2025-10-25 02:10:36'),('2025-09-05',3455,6,0,2568,'C','1349900196665','2025-10-25 02:10:36'),('2025-09-05',3456,6,0,2568,'C','1349900196665','2025-10-25 02:10:36'),('2025-09-05',3457,6,0,2568,'C','1349900196665','2025-10-25 02:10:36'),('2025-09-05',3459,6,0,2568,'C','1349900196665','2025-10-25 02:10:36'),('2025-09-05',3460,6,0,2568,'C','1349900196665','2025-10-25 02:10:36'),('2025-09-05',3461,6,0,2568,'C','1349900196665','2025-10-25 02:10:36'),('2025-09-05',3462,6,0,2568,'C','1349900196665','2025-10-25 02:10:36'),('2025-09-08',3446,6,0,2568,'C','1349900196665','2025-10-25 02:10:46'),('2025-09-08',3447,6,0,2568,'C','1349900196665','2025-10-25 02:10:46'),('2025-09-08',3448,6,0,2568,'C','1349900196665','2025-10-25 02:10:46'),('2025-09-08',3449,6,0,2568,'C','1349900196665','2025-10-25 02:10:46'),('2025-09-08',3450,6,0,2568,'C','1349900196665','2025-10-25 02:10:46'),('2025-09-08',3451,6,0,2568,'C','1349900196665','2025-10-25 02:10:46'),('2025-09-08',3452,6,0,2568,'C','1349900196665','2025-10-25 02:10:46'),('2025-09-08',3453,6,0,2568,'C','1349900196665','2025-10-25 02:10:46'),('2025-09-08',3454,6,0,2568,'C','1349900196665','2025-10-25 02:10:46'),('2025-09-08',3455,6,0,2568,'C','1349900196665','2025-10-25 02:10:46'),('2025-09-08',3456,6,0,2568,'C','1349900196665','2025-10-25 02:10:46'),('2025-09-08',3457,6,0,2568,'C','1349900196665','2025-10-25 02:10:46'),('2025-09-08',3459,6,0,2568,'C','1349900196665','2025-10-25 02:10:46'),('2025-09-08',3460,6,0,2568,'C','1349900196665','2025-10-25 02:10:46'),('2025-09-08',3461,6,0,2568,'C','1349900196665','2025-10-25 02:10:46'),('2025-09-08',3462,6,0,2568,'C','1349900196665','2025-10-25 02:10:46'),('2025-09-09',3446,6,0,2568,'C','1349900196665','2025-10-25 02:10:55'),('2025-09-09',3447,6,0,2568,'C','1349900196665','2025-10-25 02:10:55'),('2025-09-09',3448,6,0,2568,'C','1349900196665','2025-10-25 02:10:55'),('2025-09-09',3449,6,0,2568,'C','1349900196665','2025-10-25 02:10:55'),('2025-09-09',3450,6,0,2568,'C','1349900196665','2025-10-25 02:10:55'),('2025-09-09',3451,6,0,2568,'C','1349900196665','2025-10-25 02:10:55'),('2025-09-09',3452,6,0,2568,'C','1349900196665','2025-10-25 02:10:55'),('2025-09-09',3453,6,0,2568,'C','1349900196665','2025-10-25 02:10:55'),('2025-09-09',3454,6,0,2568,'C','1349900196665','2025-10-25 02:10:55'),('2025-09-09',3455,6,0,2568,'C','1349900196665','2025-10-25 02:10:55'),('2025-09-09',3456,6,0,2568,'C','1349900196665','2025-10-25 02:10:55'),('2025-09-09',3457,6,0,2568,'C','1349900196665','2025-10-25 02:10:55'),('2025-09-09',3459,6,0,2568,'C','1349900196665','2025-10-25 02:10:55'),('2025-09-09',3460,6,0,2568,'C','1349900196665','2025-10-25 02:10:55'),('2025-09-09',3461,6,0,2568,'C','1349900196665','2025-10-25 02:10:55'),('2025-09-09',3462,6,0,2568,'C','1349900196665','2025-10-25 02:10:55'),('2025-09-10',3446,6,0,2568,'C','1349900196665','2025-10-25 03:10:01'),('2025-09-10',3447,6,0,2568,'C','1349900196665','2025-10-25 03:10:01'),('2025-09-10',3448,6,0,2568,'C','1349900196665','2025-10-25 03:10:01'),('2025-09-10',3449,6,0,2568,'C','1349900196665','2025-10-25 03:10:01'),('2025-09-10',3450,6,0,2568,'C','1349900196665','2025-10-25 03:10:01'),('2025-09-10',3451,6,0,2568,'C','1349900196665','2025-10-25 03:10:01'),('2025-09-10',3452,6,0,2568,'C','1349900196665','2025-10-25 03:10:01'),('2025-09-10',3453,6,0,2568,'C','1349900196665','2025-10-25 03:10:01'),('2025-09-10',3454,6,0,2568,'C','1349900196665','2025-10-25 03:10:01'),('2025-09-10',3455,6,0,2568,'C','1349900196665','2025-10-25 03:10:01'),('2025-09-10',3456,6,0,2568,'C','1349900196665','2025-10-25 03:10:01'),('2025-09-10',3457,6,0,2568,'C','1349900196665','2025-10-25 03:10:01'),('2025-09-10',3459,6,0,2568,'C','1349900196665','2025-10-25 03:10:01'),('2025-09-10',3460,6,0,2568,'C','1349900196665','2025-10-25 03:10:01'),('2025-09-10',3461,6,0,2568,'C','1349900196665','2025-10-25 03:10:01'),('2025-09-10',3462,6,0,2568,'C','1349900196665','2025-10-25 03:10:01'),('2025-09-11',3446,6,0,2568,'C','1349900196665','2025-10-25 03:10:09'),('2025-09-11',3447,6,0,2568,'C','1349900196665','2025-10-25 03:10:09'),('2025-09-11',3448,6,0,2568,'C','1349900196665','2025-10-25 03:10:09'),('2025-09-11',3449,6,0,2568,'C','1349900196665','2025-10-25 03:10:09'),('2025-09-11',3450,6,0,2568,'C','1349900196665','2025-10-25 03:10:09'),('2025-09-11',3451,6,0,2568,'C','1349900196665','2025-10-25 03:10:09'),('2025-09-11',3452,6,0,2568,'C','1349900196665','2025-10-25 03:10:09'),('2025-09-11',3453,6,0,2568,'C','1349900196665','2025-10-25 03:10:09'),('2025-09-11',3454,6,0,2568,'C','1349900196665','2025-10-25 03:10:09'),('2025-09-11',3455,6,0,2568,'C','1349900196665','2025-10-25 03:10:09'),('2025-09-11',3456,6,0,2568,'C','1349900196665','2025-10-25 03:10:09'),('2025-09-11',3457,6,0,2568,'C','1349900196665','2025-10-25 03:10:09'),('2025-09-11',3459,6,0,2568,'C','1349900196665','2025-10-25 03:10:09'),('2025-09-11',3460,6,0,2568,'C','1349900196665','2025-10-25 03:10:09'),('2025-09-11',3461,6,0,2568,'C','1349900196665','2025-10-25 03:10:09'),('2025-09-11',3462,6,0,2568,'C','1349900196665','2025-10-25 03:10:09'),('2025-09-12',3446,6,0,2568,'C','1349900196665','2025-10-25 03:10:16'),('2025-09-12',3447,6,0,2568,'C','1349900196665','2025-10-25 03:10:16'),('2025-09-12',3448,6,0,2568,'C','1349900196665','2025-10-25 03:10:16'),('2025-09-12',3449,6,0,2568,'C','1349900196665','2025-10-25 03:10:16'),('2025-09-12',3450,6,0,2568,'C','1349900196665','2025-10-25 03:10:16'),('2025-09-12',3451,6,0,2568,'C','1349900196665','2025-10-25 03:10:16'),('2025-09-12',3452,6,0,2568,'C','1349900196665','2025-10-25 03:10:16'),('2025-09-12',3453,6,0,2568,'C','1349900196665','2025-10-25 03:10:16'),('2025-09-12',3454,6,0,2568,'C','1349900196665','2025-10-25 03:10:16'),('2025-09-12',3455,6,0,2568,'C','1349900196665','2025-10-25 03:10:16'),('2025-09-12',3456,6,0,2568,'C','1349900196665','2025-10-25 03:10:16'),('2025-09-12',3457,6,0,2568,'C','1349900196665','2025-10-25 03:10:16'),('2025-09-12',3459,6,0,2568,'C','1349900196665','2025-10-25 03:10:16'),('2025-09-12',3460,6,0,2568,'C','1349900196665','2025-10-25 03:10:16'),('2025-09-12',3461,6,0,2568,'C','1349900196665','2025-10-25 03:10:16'),('2025-09-12',3462,6,0,2568,'C','1349900196665','2025-10-25 03:10:16'),('2025-09-15',3446,6,0,2568,'C','1349900196665','2025-10-25 03:10:26'),('2025-09-15',3447,6,0,2568,'C','1349900196665','2025-10-25 03:10:26'),('2025-09-15',3448,6,0,2568,'C','1349900196665','2025-10-25 03:10:26'),('2025-09-15',3449,6,0,2568,'C','1349900196665','2025-10-25 03:10:26'),('2025-09-15',3450,6,0,2568,'C','1349900196665','2025-10-25 03:10:26'),('2025-09-15',3451,6,0,2568,'C','1349900196665','2025-10-25 03:10:26'),('2025-09-15',3452,6,0,2568,'C','1349900196665','2025-10-25 03:10:26'),('2025-09-15',3453,6,0,2568,'C','1349900196665','2025-10-25 03:10:26'),('2025-09-15',3454,6,0,2568,'C','1349900196665','2025-10-25 03:10:26'),('2025-09-15',3455,6,0,2568,'C','1349900196665','2025-10-25 03:10:26'),('2025-09-15',3456,6,0,2568,'C','1349900196665','2025-10-25 03:10:26'),('2025-09-15',3457,6,0,2568,'C','1349900196665','2025-10-25 03:10:26'),('2025-09-15',3459,6,0,2568,'C','1349900196665','2025-10-25 03:10:26'),('2025-09-15',3460,6,0,2568,'C','1349900196665','2025-10-25 03:10:26'),('2025-09-15',3461,6,0,2568,'C','1349900196665','2025-10-25 03:10:26'),('2025-09-15',3462,6,0,2568,'C','1349900196665','2025-10-25 03:10:26'),('2025-09-16',3446,6,0,2568,'C','1349900196665','2025-10-25 03:10:32'),('2025-09-16',3447,6,0,2568,'C','1349900196665','2025-10-25 03:10:32'),('2025-09-16',3448,6,0,2568,'C','1349900196665','2025-10-25 03:10:32'),('2025-09-16',3449,6,0,2568,'C','1349900196665','2025-10-25 03:10:32'),('2025-09-16',3450,6,0,2568,'C','1349900196665','2025-10-25 03:10:32'),('2025-09-16',3451,6,0,2568,'C','1349900196665','2025-10-25 03:10:32'),('2025-09-16',3452,6,0,2568,'C','1349900196665','2025-10-25 03:10:32'),('2025-09-16',3453,6,0,2568,'C','1349900196665','2025-10-25 03:10:32'),('2025-09-16',3454,6,0,2568,'C','1349900196665','2025-10-25 03:10:32'),('2025-09-16',3455,6,0,2568,'C','1349900196665','2025-10-25 03:10:32'),('2025-09-16',3456,6,0,2568,'C','1349900196665','2025-10-25 03:10:32'),('2025-09-16',3457,6,0,2568,'C','1349900196665','2025-10-25 03:10:32'),('2025-09-16',3459,6,0,2568,'C','1349900196665','2025-10-25 03:10:32'),('2025-09-16',3460,6,0,2568,'C','1349900196665','2025-10-25 03:10:32'),('2025-09-16',3461,6,0,2568,'C','1349900196665','2025-10-25 03:10:32'),('2025-09-16',3462,6,0,2568,'C','1349900196665','2025-10-25 03:10:32'),('2025-09-17',3446,6,0,2568,'C','1349900196665','2025-10-25 03:10:41'),('2025-09-17',3447,6,0,2568,'C','1349900196665','2025-10-25 03:10:41'),('2025-09-17',3448,6,0,2568,'C','1349900196665','2025-10-25 03:10:41'),('2025-09-17',3449,6,0,2568,'C','1349900196665','2025-10-25 03:10:41'),('2025-09-17',3450,6,0,2568,'C','1349900196665','2025-10-25 03:10:41'),('2025-09-17',3451,6,0,2568,'C','1349900196665','2025-10-25 03:10:41'),('2025-09-17',3452,6,0,2568,'C','1349900196665','2025-10-25 03:10:41'),('2025-09-17',3453,6,0,2568,'C','1349900196665','2025-10-25 03:10:41'),('2025-09-17',3454,6,0,2568,'C','1349900196665','2025-10-25 03:10:41'),('2025-09-17',3455,6,0,2568,'C','1349900196665','2025-10-25 03:10:41'),('2025-09-17',3456,6,0,2568,'C','1349900196665','2025-10-25 03:10:41'),('2025-09-17',3457,6,0,2568,'C','1349900196665','2025-10-25 03:10:41'),('2025-09-17',3459,6,0,2568,'C','1349900196665','2025-10-25 03:10:41'),('2025-09-17',3460,6,0,2568,'C','1349900196665','2025-10-25 03:10:41'),('2025-09-17',3461,6,0,2568,'C','1349900196665','2025-10-25 03:10:41'),('2025-09-17',3462,6,0,2568,'C','1349900196665','2025-10-25 03:10:41'),('2025-09-18',3446,6,0,2568,'C','1349900196665','2025-10-25 03:10:49'),('2025-09-18',3447,6,0,2568,'C','1349900196665','2025-10-25 03:10:49'),('2025-09-18',3448,6,0,2568,'C','1349900196665','2025-10-25 03:10:49'),('2025-09-18',3449,6,0,2568,'C','1349900196665','2025-10-25 03:10:49'),('2025-09-18',3450,6,0,2568,'C','1349900196665','2025-10-25 03:10:49'),('2025-09-18',3451,6,0,2568,'C','1349900196665','2025-10-25 03:10:49'),('2025-09-18',3452,6,0,2568,'C','1349900196665','2025-10-25 03:10:49'),('2025-09-18',3453,6,0,2568,'C','1349900196665','2025-10-25 03:10:49'),('2025-09-18',3454,6,0,2568,'C','1349900196665','2025-10-25 03:10:49'),('2025-09-18',3455,6,0,2568,'C','1349900196665','2025-10-25 03:10:49'),('2025-09-18',3456,6,0,2568,'C','1349900196665','2025-10-25 03:10:49'),('2025-09-18',3457,6,0,2568,'C','1349900196665','2025-10-25 03:10:49'),('2025-09-18',3459,6,0,2568,'C','1349900196665','2025-10-25 03:10:49'),('2025-09-18',3460,6,0,2568,'C','1349900196665','2025-10-25 03:10:49'),('2025-09-18',3461,6,0,2568,'C','1349900196665','2025-10-25 03:10:49'),('2025-09-18',3462,6,0,2568,'C','1349900196665','2025-10-25 03:10:49'),('2025-09-19',3446,6,0,2568,'C','1349900196665','2025-10-25 03:10:56'),('2025-09-19',3447,6,0,2568,'C','1349900196665','2025-10-25 03:10:56'),('2025-09-19',3448,6,0,2568,'C','1349900196665','2025-10-25 03:10:56'),('2025-09-19',3449,6,0,2568,'C','1349900196665','2025-10-25 03:10:56'),('2025-09-19',3450,6,0,2568,'C','1349900196665','2025-10-25 03:10:56'),('2025-09-19',3451,6,0,2568,'C','1349900196665','2025-10-25 03:10:56'),('2025-09-19',3452,6,0,2568,'C','1349900196665','2025-10-25 03:10:56'),('2025-09-19',3453,6,0,2568,'C','1349900196665','2025-10-25 03:10:56'),('2025-09-19',3454,6,0,2568,'C','1349900196665','2025-10-25 03:10:56'),('2025-09-19',3455,6,0,2568,'C','1349900196665','2025-10-25 03:10:56'),('2025-09-19',3456,6,0,2568,'C','1349900196665','2025-10-25 03:10:56'),('2025-09-19',3457,6,0,2568,'C','1349900196665','2025-10-25 03:10:56'),('2025-09-19',3459,6,0,2568,'C','1349900196665','2025-10-25 03:10:56'),('2025-09-19',3460,6,0,2568,'C','1349900196665','2025-10-25 03:10:56'),('2025-09-19',3461,6,0,2568,'C','1349900196665','2025-10-25 03:10:56'),('2025-09-19',3462,6,0,2568,'C','1349900196665','2025-10-25 03:10:56'),('2025-09-22',3446,6,0,2568,'C','1349900196665','2025-10-25 03:10:07'),('2025-09-22',3447,6,0,2568,'C','1349900196665','2025-10-25 03:10:07'),('2025-09-22',3448,6,0,2568,'C','1349900196665','2025-10-25 03:10:07'),('2025-09-22',3449,6,0,2568,'C','1349900196665','2025-10-25 03:10:07'),('2025-09-22',3450,6,0,2568,'C','1349900196665','2025-10-25 03:10:07'),('2025-09-22',3451,6,0,2568,'C','1349900196665','2025-10-25 03:10:07'),('2025-09-22',3452,6,0,2568,'C','1349900196665','2025-10-25 03:10:07'),('2025-09-22',3453,6,0,2568,'C','1349900196665','2025-10-25 03:10:07'),('2025-09-22',3454,6,0,2568,'C','1349900196665','2025-10-25 03:10:07'),('2025-09-22',3455,6,0,2568,'C','1349900196665','2025-10-25 03:10:07'),('2025-09-22',3456,6,0,2568,'C','1349900196665','2025-10-25 03:10:07'),('2025-09-22',3457,6,0,2568,'C','1349900196665','2025-10-25 03:10:07'),('2025-09-22',3459,6,0,2568,'C','1349900196665','2025-10-25 03:10:07'),('2025-09-22',3460,6,0,2568,'C','1349900196665','2025-10-25 03:10:07'),('2025-09-22',3461,6,0,2568,'C','1349900196665','2025-10-25 03:10:07'),('2025-09-22',3462,6,0,2568,'C','1349900196665','2025-10-25 03:10:07'),('2025-09-23',3446,6,0,2568,'C','1349900196665','2025-10-25 03:10:17'),('2025-09-23',3447,6,0,2568,'C','1349900196665','2025-10-25 03:10:17'),('2025-09-23',3448,6,0,2568,'C','1349900196665','2025-10-25 03:10:17'),('2025-09-23',3449,6,0,2568,'C','1349900196665','2025-10-25 03:10:17'),('2025-09-23',3450,6,0,2568,'C','1349900196665','2025-10-25 03:10:17'),('2025-09-23',3451,6,0,2568,'C','1349900196665','2025-10-25 03:10:17'),('2025-09-23',3452,6,0,2568,'C','1349900196665','2025-10-25 03:10:17'),('2025-09-23',3453,6,0,2568,'C','1349900196665','2025-10-25 03:10:17'),('2025-09-23',3454,6,0,2568,'C','1349900196665','2025-10-25 03:10:17'),('2025-09-23',3455,6,0,2568,'C','1349900196665','2025-10-25 03:10:17'),('2025-09-23',3456,6,0,2568,'C','1349900196665','2025-10-25 03:10:17'),('2025-09-23',3457,6,0,2568,'C','1349900196665','2025-10-25 03:10:17'),('2025-09-23',3459,6,0,2568,'C','1349900196665','2025-10-25 03:10:17'),('2025-09-23',3460,6,0,2568,'C','1349900196665','2025-10-25 03:10:17'),('2025-09-23',3461,6,0,2568,'C','1349900196665','2025-10-25 03:10:17'),('2025-09-23',3462,6,0,2568,'C','1349900196665','2025-10-25 03:10:17'),('2025-09-24',3446,6,0,2568,'S','1349900196665','2025-10-25 03:10:41'),('2025-09-24',3447,6,0,2568,'C','1349900196665','2025-10-25 03:10:41'),('2025-09-24',3448,6,0,2568,'C','1349900196665','2025-10-25 03:10:41'),('2025-09-24',3449,6,0,2568,'C','1349900196665','2025-10-25 03:10:41'),('2025-09-24',3450,6,0,2568,'C','1349900196665','2025-10-25 03:10:41'),('2025-09-24',3451,6,0,2568,'C','1349900196665','2025-10-25 03:10:41'),('2025-09-24',3452,6,0,2568,'C','1349900196665','2025-10-25 03:10:41'),('2025-09-24',3453,6,0,2568,'C','1349900196665','2025-10-25 03:10:41'),('2025-09-24',3454,6,0,2568,'C','1349900196665','2025-10-25 03:10:41'),('2025-09-24',3455,6,0,2568,'C','1349900196665','2025-10-25 03:10:41'),('2025-09-24',3456,6,0,2568,'C','1349900196665','2025-10-25 03:10:41'),('2025-09-24',3457,6,0,2568,'C','1349900196665','2025-10-25 03:10:41'),('2025-09-24',3459,6,0,2568,'S','1349900196665','2025-10-25 03:10:41'),('2025-09-24',3460,6,0,2568,'C','1349900196665','2025-10-25 03:10:41'),('2025-09-24',3461,6,0,2568,'C','1349900196665','2025-10-25 03:10:41'),('2025-09-24',3462,6,0,2568,'C','1349900196665','2025-10-25 03:10:41'),('2025-09-25',3446,6,0,2568,'S','1349900196665','2025-10-25 03:10:58'),('2025-09-25',3447,6,0,2568,'C','1349900196665','2025-10-25 03:10:58'),('2025-09-25',3448,6,0,2568,'C','1349900196665','2025-10-25 03:10:58'),('2025-09-25',3449,6,0,2568,'C','1349900196665','2025-10-25 03:10:58'),('2025-09-25',3450,6,0,2568,'C','1349900196665','2025-10-25 03:10:58'),('2025-09-25',3451,6,0,2568,'C','1349900196665','2025-10-25 03:10:58'),('2025-09-25',3452,6,0,2568,'C','1349900196665','2025-10-25 03:10:58'),('2025-09-25',3453,6,0,2568,'C','1349900196665','2025-10-25 03:10:58'),('2025-09-25',3454,6,0,2568,'C','1349900196665','2025-10-25 03:10:58'),('2025-09-25',3455,6,0,2568,'C','1349900196665','2025-10-25 03:10:58'),('2025-09-25',3456,6,0,2568,'C','1349900196665','2025-10-25 03:10:58'),('2025-09-25',3457,6,0,2568,'C','1349900196665','2025-10-25 03:10:58'),('2025-09-25',3459,6,0,2568,'S','1349900196665','2025-10-25 03:10:58'),('2025-09-25',3460,6,0,2568,'C','1349900196665','2025-10-25 03:10:58'),('2025-09-25',3461,6,0,2568,'C','1349900196665','2025-10-25 03:10:58'),('2025-09-25',3462,6,0,2568,'C','1349900196665','2025-10-25 03:10:58'),('2025-09-26',3446,6,0,2568,'S','1349900196665','2025-10-25 03:10:36'),('2025-09-26',3447,6,0,2568,'C','1349900196665','2025-10-25 03:10:36'),('2025-09-26',3448,6,0,2568,'C','1349900196665','2025-10-25 03:10:36'),('2025-09-26',3449,6,0,2568,'C','1349900196665','2025-10-25 03:10:36'),('2025-09-26',3450,6,0,2568,'C','1349900196665','2025-10-25 03:10:36'),('2025-09-26',3451,6,0,2568,'C','1349900196665','2025-10-25 03:10:36'),('2025-09-26',3452,6,0,2568,'W','1349900196665','2025-10-25 03:10:36'),('2025-09-26',3453,6,0,2568,'C','1349900196665','2025-10-25 03:10:36'),('2025-09-26',3454,6,0,2568,'C','1349900196665','2025-10-25 03:10:36'),('2025-09-26',3455,6,0,2568,'C','1349900196665','2025-10-25 03:10:36'),('2025-09-26',3456,6,0,2568,'C','1349900196665','2025-10-25 03:10:36'),('2025-09-26',3457,6,0,2568,'L','1349900196665','2025-10-25 03:10:36'),('2025-09-26',3459,6,0,2568,'S','1349900196665','2025-10-25 03:10:36'),('2025-09-26',3460,6,0,2568,'C','1349900196665','2025-10-25 03:10:36'),('2025-09-26',3461,6,0,2568,'L','1349900196665','2025-10-25 03:10:36'),('2025-09-26',3462,6,0,2568,'C','1349900196665','2025-10-25 03:10:36'),('2025-09-29',3462,6,0,2568,'C','1349900196665','2025-10-25 03:10:51'),('2025-09-29',3461,6,0,2568,'S','1349900196665','2025-10-25 03:10:51'),('2025-09-29',3460,6,0,2568,'C','1349900196665','2025-10-25 03:10:51'),('2025-09-29',3459,6,0,2568,'C','1349900196665','2025-10-25 03:10:51'),('2025-09-29',3457,6,0,2568,'C','1349900196665','2025-10-25 03:10:51'),('2025-09-29',3456,6,0,2568,'C','1349900196665','2025-10-25 03:10:51'),('2025-09-29',3455,6,0,2568,'C','1349900196665','2025-10-25 03:10:51'),('2025-09-29',3454,6,0,2568,'C','1349900196665','2025-10-25 03:10:51'),('2025-09-29',3453,6,0,2568,'C','1349900196665','2025-10-25 03:10:51'),('2025-09-29',3452,6,0,2568,'C','1349900196665','2025-10-25 03:10:51'),('2025-09-29',3451,6,0,2568,'C','1349900196665','2025-10-25 03:10:51'),('2025-09-29',3450,6,0,2568,'C','1349900196665','2025-10-25 03:10:51'),('2025-09-29',3449,6,0,2568,'C','1349900196665','2025-10-25 03:10:51'),('2025-09-29',3448,6,0,2568,'C','1349900196665','2025-10-25 03:10:51'),('2025-09-29',3447,6,0,2568,'C','1349900196665','2025-10-25 03:10:51'),('2025-09-29',3446,6,0,2568,'S','1349900196665','2025-10-25 03:10:51'),('2025-09-30',3446,6,0,2568,'C','1349900196665','2025-10-25 03:10:14'),('2025-09-30',3447,6,0,2568,'C','1349900196665','2025-10-25 03:10:14'),('2025-09-30',3448,6,0,2568,'S','1349900196665','2025-10-25 03:10:14'),('2025-09-30',3449,6,0,2568,'C','1349900196665','2025-10-25 03:10:14'),('2025-09-30',3450,6,0,2568,'C','1349900196665','2025-10-25 03:10:14'),('2025-09-30',3451,6,0,2568,'C','1349900196665','2025-10-25 03:10:14'),('2025-09-30',3452,6,0,2568,'C','1349900196665','2025-10-25 03:10:14'),('2025-09-30',3453,6,0,2568,'C','1349900196665','2025-10-25 03:10:14'),('2025-09-30',3454,6,0,2568,'C','1349900196665','2025-10-25 03:10:14'),('2025-09-30',3455,6,0,2568,'C','1349900196665','2025-10-25 03:10:14'),('2025-09-30',3456,6,0,2568,'C','1349900196665','2025-10-25 03:10:14'),('2025-09-30',3457,6,0,2568,'C','1349900196665','2025-10-25 03:10:14'),('2025-09-30',3459,6,0,2568,'C','1349900196665','2025-10-25 03:10:14'),('2025-09-30',3460,6,0,2568,'C','1349900196665','2025-10-25 03:10:14'),('2025-09-30',3461,6,0,2568,'S','1349900196665','2025-10-25 03:10:14'),('2025-09-30',3462,6,0,2568,'C','1349900196665','2025-10-25 03:10:14'),('2025-10-01',3446,6,0,2568,'C','1349900196665','2025-10-25 03:10:41'),('2025-10-01',3447,6,0,2568,'C','1349900196665','2025-10-25 03:10:41'),('2025-10-01',3448,6,0,2568,'C','1349900196665','2025-10-25 03:10:41'),('2025-10-01',3449,6,0,2568,'C','1349900196665','2025-10-25 03:10:41'),('2025-10-01',3450,6,0,2568,'C','1349900196665','2025-10-25 03:10:41'),('2025-10-01',3451,6,0,2568,'C','1349900196665','2025-10-25 03:10:41'),('2025-10-01',3452,6,0,2568,'C','1349900196665','2025-10-25 03:10:41'),('2025-10-01',3453,6,0,2568,'C','1349900196665','2025-10-25 03:10:41'),('2025-10-01',3454,6,0,2568,'C','1349900196665','2025-10-25 03:10:41'),('2025-10-01',3455,6,0,2568,'C','1349900196665','2025-10-25 03:10:41'),('2025-10-01',3456,6,0,2568,'C','1349900196665','2025-10-25 03:10:41'),('2025-10-01',3457,6,0,2568,'C','1349900196665','2025-10-25 03:10:41'),('2025-10-01',3459,6,0,2568,'C','1349900196665','2025-10-25 03:10:41'),('2025-10-01',3460,6,0,2568,'C','1349900196665','2025-10-25 03:10:41'),('2025-10-01',3461,6,0,2568,'S','1349900196665','2025-10-25 03:10:41'),('2025-10-01',3462,6,0,2568,'C','1349900196665','2025-10-25 03:10:41'),('2025-10-02',3446,6,0,2568,'C','1349900196665','2025-10-25 03:10:53'),('2025-10-02',3447,6,0,2568,'C','1349900196665','2025-10-25 03:10:53'),('2025-10-02',3448,6,0,2568,'C','1349900196665','2025-10-25 03:10:53'),('2025-10-02',3449,6,0,2568,'C','1349900196665','2025-10-25 03:10:53'),('2025-10-02',3450,6,0,2568,'C','1349900196665','2025-10-25 03:10:53'),('2025-10-02',3451,6,0,2568,'C','1349900196665','2025-10-25 03:10:53'),('2025-10-02',3452,6,0,2568,'C','1349900196665','2025-10-25 03:10:53'),('2025-10-02',3453,6,0,2568,'C','1349900196665','2025-10-25 03:10:53'),('2025-10-02',3454,6,0,2568,'C','1349900196665','2025-10-25 03:10:53'),('2025-10-02',3455,6,0,2568,'C','1349900196665','2025-10-25 03:10:53'),('2025-10-02',3456,6,0,2568,'C','1349900196665','2025-10-25 03:10:53'),('2025-10-02',3457,6,0,2568,'C','1349900196665','2025-10-25 03:10:53'),('2025-10-02',3459,6,0,2568,'C','1349900196665','2025-10-25 03:10:53'),('2025-10-02',3460,6,0,2568,'C','1349900196665','2025-10-25 03:10:53'),('2025-10-02',3461,6,0,2568,'S','1349900196665','2025-10-25 03:10:53'),('2025-10-02',3462,6,0,2568,'C','1349900196665','2025-10-25 03:10:53'),('2025-10-03',3446,6,0,2568,'C','1349900196665','2025-10-25 03:10:13'),('2025-10-03',3447,6,0,2568,'C','1349900196665','2025-10-25 03:10:13'),('2025-10-03',3448,6,0,2568,'C','1349900196665','2025-10-25 03:10:13'),('2025-10-03',3449,6,0,2568,'C','1349900196665','2025-10-25 03:10:13'),('2025-10-03',3450,6,0,2568,'C','1349900196665','2025-10-25 03:10:13'),('2025-10-03',3451,6,0,2568,'S','1349900196665','2025-10-25 03:10:13'),('2025-10-03',3452,6,0,2568,'C','1349900196665','2025-10-25 03:10:13'),('2025-10-03',3453,6,0,2568,'C','1349900196665','2025-10-25 03:10:13'),('2025-10-03',3454,6,0,2568,'C','1349900196665','2025-10-25 03:10:13'),('2025-10-03',3455,6,0,2568,'C','1349900196665','2025-10-25 03:10:13'),('2025-10-03',3456,6,0,2568,'S','1349900196665','2025-10-25 03:10:13'),('2025-10-03',3457,6,0,2568,'C','1349900196665','2025-10-25 03:10:13'),('2025-10-03',3459,6,0,2568,'C','1349900196665','2025-10-25 03:10:13'),('2025-10-03',3460,6,0,2568,'C','1349900196665','2025-10-25 03:10:13'),('2025-10-03',3461,6,0,2568,'C','1349900196665','2025-10-25 03:10:13'),('2025-10-03',3462,6,0,2568,'C','1349900196665','2025-10-25 03:10:13'),('2025-10-06',3446,6,0,2568,'S','1349900196665','2025-10-25 03:10:43'),('2025-10-06',3447,6,0,2568,'C','1349900196665','2025-10-25 03:10:43'),('2025-10-06',3448,6,0,2568,'C','1349900196665','2025-10-25 03:10:43'),('2025-10-06',3449,6,0,2568,'S','1349900196665','2025-10-25 03:10:43'),('2025-10-06',3450,6,0,2568,'C','1349900196665','2025-10-25 03:10:43'),('2025-10-06',3451,6,0,2568,'C','1349900196665','2025-10-25 03:10:43'),('2025-10-06',3452,6,0,2568,'C','1349900196665','2025-10-25 03:10:43'),('2025-10-06',3453,6,0,2568,'C','1349900196665','2025-10-25 03:10:43'),('2025-10-06',3454,6,0,2568,'C','1349900196665','2025-10-25 03:10:43'),('2025-10-06',3455,6,0,2568,'C','1349900196665','2025-10-25 03:10:43'),('2025-10-06',3456,6,0,2568,'C','1349900196665','2025-10-25 03:10:43'),('2025-10-06',3457,6,0,2568,'C','1349900196665','2025-10-25 03:10:43'),('2025-10-06',3459,6,0,2568,'C','1349900196665','2025-10-25 03:10:43'),('2025-10-06',3460,6,0,2568,'C','1349900196665','2025-10-25 03:10:43'),('2025-10-06',3461,6,0,2568,'C','1349900196665','2025-10-25 03:10:43'),('2025-10-06',3462,6,0,2568,'S','1349900196665','2025-10-25 03:10:43'),('2025-10-07',3446,6,0,2568,'C','1349900196665','2025-10-25 03:10:52'),('2025-10-07',3447,6,0,2568,'C','1349900196665','2025-10-25 03:10:52'),('2025-10-07',3448,6,0,2568,'C','1349900196665','2025-10-25 03:10:52'),('2025-10-07',3449,6,0,2568,'C','1349900196665','2025-10-25 03:10:52'),('2025-10-07',3450,6,0,2568,'C','1349900196665','2025-10-25 03:10:52'),('2025-10-07',3451,6,0,2568,'C','1349900196665','2025-10-25 03:10:52'),('2025-10-07',3452,6,0,2568,'C','1349900196665','2025-10-25 03:10:52'),('2025-10-07',3453,6,0,2568,'C','1349900196665','2025-10-25 03:10:52'),('2025-10-07',3454,6,0,2568,'C','1349900196665','2025-10-25 03:10:52'),('2025-10-07',3455,6,0,2568,'C','1349900196665','2025-10-25 03:10:52'),('2025-10-07',3456,6,0,2568,'C','1349900196665','2025-10-25 03:10:52'),('2025-10-07',3457,6,0,2568,'C','1349900196665','2025-10-25 03:10:52'),('2025-10-07',3459,6,0,2568,'C','1349900196665','2025-10-25 03:10:52'),('2025-10-07',3460,6,0,2568,'C','1349900196665','2025-10-25 03:10:52'),('2025-10-07',3461,6,0,2568,'C','1349900196665','2025-10-25 03:10:52'),('2025-10-07',3462,6,0,2568,'C','1349900196665','2025-10-25 03:10:52'),('2025-10-08',3446,6,0,2568,'C','1349900196665','2025-10-25 03:10:16'),('2025-10-08',3447,6,0,2568,'C','1349900196665','2025-10-25 03:10:16'),('2025-10-08',3448,6,0,2568,'C','1349900196665','2025-10-25 03:10:16'),('2025-10-08',3449,6,0,2568,'C','1349900196665','2025-10-25 03:10:16'),('2025-10-08',3450,6,0,2568,'C','1349900196665','2025-10-25 03:10:16'),('2025-10-08',3451,6,0,2568,'C','1349900196665','2025-10-25 03:10:16'),('2025-10-08',3452,6,0,2568,'C','1349900196665','2025-10-25 03:10:16'),('2025-10-08',3453,6,0,2568,'C','1349900196665','2025-10-25 03:10:16'),('2025-10-08',3454,6,0,2568,'C','1349900196665','2025-10-25 03:10:16'),('2025-10-08',3455,6,0,2568,'C','1349900196665','2025-10-25 03:10:16'),('2025-10-08',3456,6,0,2568,'C','1349900196665','2025-10-25 03:10:16'),('2025-10-08',3457,6,0,2568,'C','1349900196665','2025-10-25 03:10:16'),('2025-10-08',3459,6,0,2568,'C','1349900196665','2025-10-25 03:10:16'),('2025-10-08',3460,6,0,2568,'C','1349900196665','2025-10-25 03:10:16'),('2025-10-08',3461,6,0,2568,'C','1349900196665','2025-10-25 03:10:16'),('2025-10-08',3462,6,0,2568,'C','1349900196665','2025-10-25 03:10:16'),('2025-10-09',3446,6,0,2568,'C','1349900196665','2025-10-25 03:10:29'),('2025-10-09',3447,6,0,2568,'C','1349900196665','2025-10-25 03:10:29'),('2025-10-09',3448,6,0,2568,'C','1349900196665','2025-10-25 03:10:29'),('2025-10-09',3449,6,0,2568,'C','1349900196665','2025-10-25 03:10:29'),('2025-10-09',3450,6,0,2568,'C','1349900196665','2025-10-25 03:10:29'),('2025-10-09',3451,6,0,2568,'C','1349900196665','2025-10-25 03:10:29'),('2025-10-09',3452,6,0,2568,'C','1349900196665','2025-10-25 03:10:29'),('2025-10-09',3453,6,0,2568,'C','1349900196665','2025-10-25 03:10:29'),('2025-10-09',3454,6,0,2568,'C','1349900196665','2025-10-25 03:10:29'),('2025-10-09',3455,6,0,2568,'C','1349900196665','2025-10-25 03:10:29'),('2025-10-09',3456,6,0,2568,'C','1349900196665','2025-10-25 03:10:29'),('2025-10-09',3457,6,0,2568,'C','1349900196665','2025-10-25 03:10:29'),('2025-10-09',3459,6,0,2568,'C','1349900196665','2025-10-25 03:10:29'),('2025-10-09',3460,6,0,2568,'C','1349900196665','2025-10-25 03:10:29'),('2025-10-09',3461,6,0,2568,'C','1349900196665','2025-10-25 03:10:29'),('2025-10-09',3462,6,0,2568,'C','1349900196665','2025-10-25 03:10:29'),('2025-10-10',3446,6,0,2568,'C','1349900196665','2025-10-25 03:10:36'),('2025-10-10',3447,6,0,2568,'C','1349900196665','2025-10-25 03:10:36'),('2025-10-10',3448,6,0,2568,'C','1349900196665','2025-10-25 03:10:36'),('2025-10-10',3449,6,0,2568,'C','1349900196665','2025-10-25 03:10:36'),('2025-10-10',3450,6,0,2568,'C','1349900196665','2025-10-25 03:10:36'),('2025-10-10',3451,6,0,2568,'C','1349900196665','2025-10-25 03:10:36'),('2025-10-10',3452,6,0,2568,'C','1349900196665','2025-10-25 03:10:36'),('2025-10-10',3453,6,0,2568,'C','1349900196665','2025-10-25 03:10:36'),('2025-10-10',3454,6,0,2568,'C','1349900196665','2025-10-25 03:10:36'),('2025-10-10',3455,6,0,2568,'C','1349900196665','2025-10-25 03:10:36'),('2025-10-10',3456,6,0,2568,'C','1349900196665','2025-10-25 03:10:36'),('2025-10-10',3457,6,0,2568,'C','1349900196665','2025-10-25 03:10:36'),('2025-10-10',3459,6,0,2568,'C','1349900196665','2025-10-25 03:10:36'),('2025-10-10',3460,6,0,2568,'C','1349900196665','2025-10-25 03:10:36'),('2025-10-10',3461,6,0,2568,'C','1349900196665','2025-10-25 03:10:36'),('2025-10-10',3462,6,0,2568,'C','1349900196665','2025-10-25 03:10:36'),('2025-06-30',3446,6,0,2568,'C','1349900196665','2025-10-25 03:10:11'),('2025-06-30',3447,6,0,2568,'S','1349900196665','2025-10-25 03:10:11'),('2025-06-30',3448,6,0,2568,'C','1349900196665','2025-10-25 03:10:11'),('2025-06-30',3449,6,0,2568,'C','1349900196665','2025-10-25 03:10:11'),('2025-06-30',3450,6,0,2568,'C','1349900196665','2025-10-25 03:10:11'),('2025-06-30',3451,6,0,2568,'C','1349900196665','2025-10-25 03:10:11'),('2025-06-30',3452,6,0,2568,'C','1349900196665','2025-10-25 03:10:11'),('2025-06-30',3453,6,0,2568,'C','1349900196665','2025-10-25 03:10:11'),('2025-06-30',3454,6,0,2568,'C','1349900196665','2025-10-25 03:10:11'),('2025-06-30',3455,6,0,2568,'C','1349900196665','2025-10-25 03:10:11'),('2025-06-30',3456,6,0,2568,'C','1349900196665','2025-10-25 03:10:11'),('2025-06-30',3457,6,0,2568,'C','1349900196665','2025-10-25 03:10:11'),('2025-06-30',3459,6,0,2568,'C','1349900196665','2025-10-25 03:10:11'),('2025-06-30',3460,6,0,2568,'C','1349900196665','2025-10-25 03:10:11'),('2025-06-30',3461,6,0,2568,'C','1349900196665','2025-10-25 03:10:11'),('2025-06-30',3462,6,0,2568,'C','1349900196665','2025-10-25 03:10:11'),('2025-11-03',3465,5,0,2568,'C','1331300064787','2025-11-04 11:11:09'),('2025-11-03',3466,5,0,2568,'C','1331300064787','2025-11-04 11:11:09'),('2025-11-03',3469,5,0,2568,'C','1331300064787','2025-11-04 11:11:09'),('2025-11-03',3395,5,0,2568,'C','1331300064787','2025-11-04 11:11:09'),('2025-11-03',3470,5,0,2568,'C','1331300064787','2025-11-04 11:11:09'),('2025-11-03',3471,5,0,2568,'C','1331300064787','2025-11-04 11:11:09'),('2025-11-03',3472,5,0,2568,'C','1331300064787','2025-11-04 11:11:09'),('2025-11-03',3473,5,0,2568,'C','1331300064787','2025-11-04 11:11:09'),('2025-11-03',3474,5,0,2568,'C','1331300064787','2025-11-04 11:11:09'),('2025-11-03',3475,5,0,2568,'C','1331300064787','2025-11-04 11:11:09'),('2025-11-03',3501,5,0,2568,'C','1331300064787','2025-11-04 11:11:09'),('2025-11-04',3465,5,0,2568,'C','1331300064787','2025-11-04 11:11:20'),('2025-11-04',3466,5,0,2568,'C','1331300064787','2025-11-04 11:11:20'),('2025-11-04',3469,5,0,2568,'C','1331300064787','2025-11-04 11:11:20'),('2025-11-04',3395,5,0,2568,'C','1331300064787','2025-11-04 11:11:20'),('2025-11-04',3470,5,0,2568,'C','1331300064787','2025-11-04 11:11:20'),('2025-11-04',3471,5,0,2568,'C','1331300064787','2025-11-04 11:11:20'),('2025-11-04',3472,5,0,2568,'C','1331300064787','2025-11-04 11:11:20'),('2025-11-04',3473,5,0,2568,'C','1331300064787','2025-11-04 11:11:20'),('2025-11-04',3474,5,0,2568,'C','1331300064787','2025-11-04 11:11:20'),('2025-11-04',3475,5,0,2568,'C','1331300064787','2025-11-04 11:11:20'),('2025-11-04',3501,5,0,2568,'C','1331300064787','2025-11-04 11:11:20'),('2025-11-12',3502,3,0,2568,'C','1349900566292','2025-11-12 02:11:14'),('2025-11-12',3503,3,0,2568,'C','1349900566292','2025-11-12 02:11:14'),('2025-11-12',3504,3,0,2568,'C','1349900566292','2025-11-12 02:11:14'),('2025-11-12',3505,3,0,2568,'C','1349900566292','2025-11-12 02:11:14'),('2025-11-12',3506,3,0,2568,'C','1349900566292','2025-11-12 02:11:14'),('2025-11-12',3507,3,0,2568,'C','1349900566292','2025-11-12 02:11:14'),('2025-11-12',3508,3,0,2568,'C','1349900566292','2025-11-12 02:11:14'),('2025-11-12',3509,3,0,2568,'C','1349900566292','2025-11-12 02:11:14');
INSERT INTO `student_check_main` VALUES ('2025-11-12',3510,3,0,2568,'C','1349900566292','2025-11-12 02:11:14'),('2025-11-03',3502,3,0,2568,'C','1349900566292','2025-11-12 02:11:01'),('2025-11-03',3503,3,0,2568,'C','1349900566292','2025-11-12 02:11:01'),('2025-11-03',3504,3,0,2568,'C','1349900566292','2025-11-12 02:11:01'),('2025-11-03',3505,3,0,2568,'C','1349900566292','2025-11-12 02:11:01'),('2025-11-03',3506,3,0,2568,'C','1349900566292','2025-11-12 02:11:01'),('2025-11-03',3507,3,0,2568,'S','1349900566292','2025-11-12 02:11:01'),('2025-11-03',3508,3,0,2568,'C','1349900566292','2025-11-12 02:11:01'),('2025-11-03',3509,3,0,2568,'S','1349900566292','2025-11-12 02:11:01'),('2025-11-03',3510,3,0,2568,'C','1349900566292','2025-11-12 02:11:01'),('2025-11-04',3502,3,0,2568,'C','1349900566292','2025-11-12 02:11:14'),('2025-11-04',3503,3,0,2568,'C','1349900566292','2025-11-12 02:11:14'),('2025-11-04',3504,3,0,2568,'C','1349900566292','2025-11-12 02:11:14'),('2025-11-04',3505,3,0,2568,'C','1349900566292','2025-11-12 02:11:14'),('2025-11-04',3506,3,0,2568,'C','1349900566292','2025-11-12 02:11:14'),('2025-11-04',3507,3,0,2568,'S','1349900566292','2025-11-12 02:11:14'),('2025-11-04',3508,3,0,2568,'C','1349900566292','2025-11-12 02:11:14'),('2025-11-04',3509,3,0,2568,'S','1349900566292','2025-11-12 02:11:14'),('2025-11-04',3510,3,0,2568,'C','1349900566292','2025-11-12 02:11:14'),('2025-11-05',3502,3,0,2568,'C','1349900566292','2025-11-12 02:11:28'),('2025-11-05',3503,3,0,2568,'C','1349900566292','2025-11-12 02:11:28'),('2025-11-05',3504,3,0,2568,'C','1349900566292','2025-11-12 02:11:28'),('2025-11-05',3505,3,0,2568,'C','1349900566292','2025-11-12 02:11:28'),('2025-11-05',3506,3,0,2568,'C','1349900566292','2025-11-12 02:11:28'),('2025-11-05',3507,3,0,2568,'S','1349900566292','2025-11-12 02:11:28'),('2025-11-05',3508,3,0,2568,'C','1349900566292','2025-11-12 02:11:28'),('2025-11-05',3509,3,0,2568,'S','1349900566292','2025-11-12 02:11:28'),('2025-11-05',3510,3,0,2568,'C','1349900566292','2025-11-12 02:11:28'),('2025-11-06',3502,3,0,2568,'C','1349900566292','2025-11-12 02:11:39'),('2025-11-06',3503,3,0,2568,'C','1349900566292','2025-11-12 02:11:39'),('2025-11-06',3504,3,0,2568,'C','1349900566292','2025-11-12 02:11:39'),('2025-11-06',3505,3,0,2568,'C','1349900566292','2025-11-12 02:11:39'),('2025-11-06',3506,3,0,2568,'C','1349900566292','2025-11-12 02:11:39'),('2025-11-06',3507,3,0,2568,'S','1349900566292','2025-11-12 02:11:39'),('2025-11-06',3508,3,0,2568,'C','1349900566292','2025-11-12 02:11:39'),('2025-11-06',3509,3,0,2568,'S','1349900566292','2025-11-12 02:11:39'),('2025-11-06',3510,3,0,2568,'C','1349900566292','2025-11-12 02:11:39'),('2025-11-07',3502,3,0,2568,'W','1349900566292','2025-11-12 02:11:51'),('2025-11-07',3503,3,0,2568,'W','1349900566292','2025-11-12 02:11:51'),('2025-11-07',3504,3,0,2568,'W','1349900566292','2025-11-12 02:11:51'),('2025-11-07',3505,3,0,2568,'C','1349900566292','2025-11-12 02:11:51'),('2025-11-07',3506,3,0,2568,'W','1349900566292','2025-11-12 02:11:51'),('2025-11-07',3507,3,0,2568,'W','1349900566292','2025-11-12 02:11:51'),('2025-11-07',3508,3,0,2568,'W','1349900566292','2025-11-12 02:11:51'),('2025-11-07',3509,3,0,2568,'W','1349900566292','2025-11-12 02:11:51'),('2025-11-07',3510,3,0,2568,'W','1349900566292','2025-11-12 02:11:51'),('2025-11-10',3502,3,0,2568,'C','1349900566292','2025-11-12 02:11:00'),('2025-11-10',3503,3,0,2568,'C','1349900566292','2025-11-12 02:11:00'),('2025-11-10',3504,3,0,2568,'C','1349900566292','2025-11-12 02:11:00'),('2025-11-10',3505,3,0,2568,'C','1349900566292','2025-11-12 02:11:00'),('2025-11-10',3506,3,0,2568,'C','1349900566292','2025-11-12 02:11:00'),('2025-11-10',3507,3,0,2568,'C','1349900566292','2025-11-12 02:11:00'),('2025-11-10',3508,3,0,2568,'C','1349900566292','2025-11-12 02:11:00'),('2025-11-10',3509,3,0,2568,'C','1349900566292','2025-11-12 02:11:00'),('2025-11-10',3510,3,0,2568,'C','1349900566292','2025-11-12 02:11:00'),('2025-11-11',3502,3,0,2568,'C','1349900566292','2025-11-12 02:11:09'),('2025-11-11',3503,3,0,2568,'C','1349900566292','2025-11-12 02:11:09'),('2025-11-11',3504,3,0,2568,'C','1349900566292','2025-11-12 02:11:09'),('2025-11-11',3505,3,0,2568,'C','1349900566292','2025-11-12 02:11:09'),('2025-11-11',3506,3,0,2568,'C','1349900566292','2025-11-12 02:11:09'),('2025-11-11',3507,3,0,2568,'C','1349900566292','2025-11-12 02:11:09'),('2025-11-11',3508,3,0,2568,'C','1349900566292','2025-11-12 02:11:09'),('2025-11-11',3509,3,0,2568,'W','1349900566292','2025-11-12 02:11:09'),('2025-11-11',3510,3,0,2568,'C','1349900566292','2025-11-12 02:11:09');

--
-- Table structure for table `student_check_permission`
--

CREATE TABLE `student_check_permission` (
  `class_now` tinyint(4) NOT NULL,
  `room_now` tinyint(4) NOT NULL,
  `person_id` varchar(13) NOT NULL,
  `student_check_year` int(11) NOT NULL
) ENGINE=MyISAM DEFAULT CHARSET=utf8 COLLATE=utf8_general_ci;

--
-- Dumping data for table `student_check_permission`
--

INSERT INTO `student_check_permission` VALUES (3,1,'5342290003059',2562),(5,0,'3341501627491',2559),(6,0,'1342200053644',2562),(7,0,'3349800011660',2559),(8,0,'3349800056311',2559),(9,0,'3349800180950',2559),(9,0,'1349900063908',2559),(6,0,'3341501581629',2563),(4,0,'1310100023881',2564),(8,0,'3349800056311',2561),(6,0,'1340200132852',2565),(4,0,'1331300076904',2568),(3,0,'1349900566292',2568),(3,0,'5342290003059',2562),(6,0,'3341501686161',2562),(6,0,'3341501686161',2561),(2,0,'5342290003059',2561),(4,0,'1310100023881',2563),(2,0,'1349900891223',2568),(6,0,'3341501581629',2562),(2,0,'3341500408273',2568),(8,0,'3349800056311',2562),(3,0,'5342290003059',2564),(2,1,'3341500408273',2562),(2,1,'5342290003059',2562),(2,0,'5342290003059',2562),(5,0,'1342200053644',2562),(9,0,'1342200053644',2562),(4,0,'3341501686161',2562),(3,0,'5342290003059',2565),(8,0,'3349800056311',2563),(8,0,'1349900856045',2563),(3,0,'5342290003059',2563),(2,0,'5342290003059',2563),(6,0,'1340200132852',2563),(6,0,'1342200053644',2563),(9,0,'3341501686161',2563),(4,0,'1331300076904',2567),(6,0,'3341501581629',2564),(6,0,'1340200132852',2564),(2,0,'1349900566292',2566),(8,0,'1349900856045',2564),(8,0,'3349800056311',2564),(9,0,'3341501686161',2564),(7,0,'1342200053644',2564),(2,0,'3341500408273',2564),(2,0,'5342290003059',2564),(3,0,'1342200053644',2564),(3,1,'1349900566292',2566),(8,0,'1349900856045',2565),(9,0,'3341501686161',2565),(4,0,'1342200053644',2565),(4,0,'1331300076904',2565),(2,1,'5342290003059',2565),(9,0,'3341501686161',2566),(8,0,'1349900856045',2566),(2,0,'134900566292',2566),(6,0,'1340200132852',2566),(2,0,'1349900891223',2567),(4,0,'1331300076904',2566),(3,1,'5342290003059',2566),(3,1,'1342200053644',2566),(2,1,'5342290003059',2566),(2,0,'5342290003059',2566),(7,0,'1310100023881',2566),(3,0,'1349900566292',2567),(4,1,'1331300076904',2567),(5,0,'1331300064787',2567),(7,0,'1340200132852',2567),(8,0,'1349900856045',2567),(9,0,'1310100023881',2567),(6,0,'1349900196665',2567),(9,0,'3341501686161',2567),(5,0,'1331300064787',2568),(6,0,'1349900196665',2568),(7,0,'1340200132852',2568),(8,0,'1349900856045',2568),(9,0,'3341501686161',2568),(9,0,'1310100023881',2568),(5,0,'1340200131996',2568),(7,0,'1379900161985',2568),(3,0,'1342200053644',2568);

--
-- Table structure for table `student_check_year`
--

CREATE TABLE `student_check_year` (
  `id` int(11) NOT NULL AUTO_INCREMENT,
  `student_check_year` int(11) NOT NULL,
  `year_active` tinyint(1) NOT NULL,
  PRIMARY KEY (`id`),
  UNIQUE KEY `student_check_year` (`student_check_year`)
) ENGINE=MyISAM AUTO_INCREMENT=10 DEFAULT CHARSET=utf8 COLLATE=utf8_general_ci;

--
-- Dumping data for table `student_check_year`
--

INSERT INTO `student_check_year` VALUES (1,2559,0),(2,2561,0),(3,2562,0),(4,2563,0),(5,2564,0),(6,2565,0),(7,2566,0),(8,2567,0),(9,2568,1);

--
-- Table structure for table `student_inclass_main`
--

CREATE TABLE `student_inclass_main` (
  `check_date` date NOT NULL COMMENT 'วันที่บันทึก',
  `student_id` int(11) NOT NULL COMMENT 'รหัสนักเรียน',
  `class_now` tinyint(4) NOT NULL COMMENT 'ชั้นเรียนปัจจุบันที่บันทึก',
  `room_now` tinyint(4) NOT NULL COMMENT 'ห้องเรียนปัจจุบันที่บันทึก',
  `student_check_year` int(11) NOT NULL COMMENT 'ปีการศึกษาที่บันทึก',
  `check_val` varchar(50) NOT NULL COMMENT 'ค่าการเช็ค',
  `check_person_id` varchar(13) NOT NULL COMMENT 'ผู้ทำรายการ',
  `save_date` datetime NOT NULL COMMENT 'วันที่ทำรายการบันทึก'
) ENGINE=MyISAM DEFAULT CHARSET=utf8 COLLATE=utf8_general_ci;

--
-- Dumping data for table `student_inclass_main`
--


--
-- Table structure for table `student_inclass_part`
--

CREATE TABLE `student_inclass_part` (
  `id` int(11) NOT NULL AUTO_INCREMENT,
  `ed_year` int(11) NOT NULL,
  `part` tinyint(4) NOT NULL,
  `start_date` date NOT NULL,
  `stop_date` date NOT NULL,
  `rec_date` date NOT NULL,
  `officer` varchar(13) NOT NULL,
  PRIMARY KEY (`id`)
) ENGINE=MyISAM AUTO_INCREMENT=2 DEFAULT CHARSET=utf8 COLLATE=utf8_general_ci;

--
-- Dumping data for table `student_inclass_part`
--

INSERT INTO `student_inclass_part` VALUES (1,2561,2,'2018-11-01','2019-03-31','2019-02-27','1342200053644');

--
-- Table structure for table `student_inclass_permission`
--

CREATE TABLE `student_inclass_permission` (
  `class_now` tinyint(4) NOT NULL,
  `room_now` tinyint(4) NOT NULL,
  `person_id` varchar(13) NOT NULL,
  `student_check_year` int(11) NOT NULL
) ENGINE=MyISAM DEFAULT CHARSET=utf8 COLLATE=utf8_general_ci;

--
-- Dumping data for table `student_inclass_permission`
--

INSERT INTO `student_inclass_permission` VALUES (9,0,'1340400164383',2561),(8,0,'3349800056311',2561);

--
-- Table structure for table `student_inclass_ref`
--

CREATE TABLE `student_inclass_ref` (
  `id` int(11) NOT NULL AUTO_INCREMENT,
  `ref_id` varchar(50) NOT NULL,
  `ed_day` varchar(10) NOT NULL,
  `period` tinyint(4) NOT NULL,
  PRIMARY KEY (`id`)
) ENGINE=MyISAM AUTO_INCREMENT=6 DEFAULT CHARSET=utf8 COLLATE=utf8_general_ci;

--
-- Dumping data for table `student_inclass_ref`
--

INSERT INTO `student_inclass_ref` VALUES (1,'15437657138533','Monday',1),(2,'15437657138533','Tuesday',3),(3,'15437657138533','Friday',1),(4,'154376578218282','Tuesday',2),(5,'154376578218282','Friday',2);

--
-- Table structure for table `student_inclass_subject`
--

CREATE TABLE `student_inclass_subject` (
  `id` int(11) NOT NULL AUTO_INCREMENT,
  `ed_year` int(11) NOT NULL,
  `part` tinyint(4) NOT NULL,
  `subject` varchar(100) NOT NULL,
  `std_class` tinyint(4) NOT NULL,
  `room` tinyint(4) NOT NULL,
  `ref_id` varchar(50) NOT NULL,
  `officer` varchar(13) NOT NULL,
  `rec_date` date NOT NULL,
  PRIMARY KEY (`id`)
) ENGINE=MyISAM AUTO_INCREMENT=11 DEFAULT CHARSET=utf8 COLLATE=utf8_general_ci;

--
-- Dumping data for table `student_inclass_subject`
--

INSERT INTO `student_inclass_subject` VALUES (1,2561,2,'ภาษาไทย',7,0,'15437657138533','1349900063908','2018-12-02'),(2,2561,2,'ภาษาอังกฤษ',7,0,'154376578218282','1349900063908','2018-12-02'),(4,2562,2,'ภาษาไทย',8,0,'158251531825761','3349800056311','2020-02-24'),(5,2562,2,'สังคมศึกษา',8,0,'158251535927277','3349800056311','2020-02-24'),(6,2562,2,'ประวัติศาสตร์',8,0,'158251538213787','3349800056311','2020-02-24'),(7,2562,2,'ศิลปะ',8,0,'158251540113823','3349800056311','2020-02-24'),(8,2562,2,'ศิลปะ',7,0,'15825154221090','3349800056311','2020-02-24'),(9,2562,2,'ดนตรี /นาฏศิลป์',9,0,'158251545022270','3349800056311','2020-02-24'),(10,2562,1,'ภาษาไทย',4,0,'162443385825262','1342200053644','2021-06-23');

--
-- Table structure for table `student_inclass_year`
--

CREATE TABLE `student_inclass_year` (
  `id` int(11) NOT NULL AUTO_INCREMENT,
  `student_check_year` int(11) NOT NULL,
  `num_period` int(2) NOT NULL,
  `lunch_period` int(2) NOT NULL,
  `year_active` tinyint(1) NOT NULL,
  PRIMARY KEY (`id`)
) ENGINE=MyISAM AUTO_INCREMENT=4 DEFAULT CHARSET=utf8 COLLATE=utf8_general_ci;

--
-- Dumping data for table `student_inclass_year`
--

INSERT INTO `student_inclass_year` VALUES (1,2561,7,4,0),(2,2562,0,0,0),(3,2564,7,4,1);

--
-- Table structure for table `student_main`
--

CREATE TABLE `student_main` (
  `id` int(11) NOT NULL AUTO_INCREMENT,
  `student_id` varchar(7) NOT NULL,
  `student_number` int(11) DEFAULT NULL,
  `prename` varchar(20) NOT NULL,
  `name` varchar(50) NOT NULL,
  `surname` varchar(50) NOT NULL,
  `person_id` varchar(20) DEFAULT NULL,
  `sex` tinyint(4) NOT NULL DEFAULT 0,
  `pic` varchar(150) DEFAULT NULL,
  `class_now` tinyint(4) DEFAULT NULL,
  `room` tinyint(4) NOT NULL DEFAULT 0,
  `status` tinyint(4) NOT NULL DEFAULT 0,
  `out_edyear` int(11) DEFAULT NULL,
  `officer` varchar(13) NOT NULL,
  `rec_date` date NOT NULL,
  PRIMARY KEY (`id`),
  UNIQUE KEY `student_number` (`student_id`),
  KEY `class_now` (`class_now`),
  KEY `room` (`room`)
) ENGINE=MyISAM AUTO_INCREMENT=332 DEFAULT CHARSET=utf8 COLLATE=utf8_general_ci;

--
-- Dumping data for table `student_main`
--

INSERT INTO `student_main` VALUES (1,'3332',1,'เด็กชาย','ณัฐชัย','สีทาลาด','1342200154513',1,NULL,9,0,1,2565,'1342200053644','0000-00-00'),(238,'3447',2,'เด็กชาย','ณภัทรพงศ์','สีพรม','1347600129154',1,'',6,0,0,NULL,'1342200053644','2021-06-28'),(3,'3334',2,'เด็กชาย','สิรดนัย','คำล้วน','1342200153894',1,NULL,9,0,1,2565,'1342200053644','0000-00-00'),(4,'3335',4,'เด็กชาย','ประธานพร','วิยะพัฒน์','1349901702262',1,NULL,9,0,1,2565,'1342200053644','0000-00-00'),(5,'3336',5,'เด็กชาย','อภิลักษณ์','บุญมานัด','1342200155137',1,NULL,9,0,1,2565,'1342200053644','0000-00-00'),(6,'3337',6,'เด็กชาย','ธุวานนท์','ศรีลาทอง','1342200154246',1,NULL,9,0,1,2565,'1342200053644','0000-00-00'),(7,'3338',7,'เด็กชาย','กมลวิช','ปานเหลา','1719200051806',1,NULL,9,0,1,2565,'1342200053644','0000-00-00'),(8,'3339',8,'เด็กชาย','ธันวา','มณีวัน','1342200155552',1,NULL,9,0,1,2565,'1342200053644','0000-00-00'),(9,'3340',9,'เด็กชาย','ธวัชชัย','ทาดาวงษา','1342200154068',1,NULL,9,0,1,2565,'1342200053644','0000-00-00'),(10,'3341',10,'เด็กชาย','นัทธ์พงศ์','จำปาคำ','1342200155251',1,NULL,9,0,1,2565,'1342200053644','0000-00-00'),(11,'3342',11,'เด็กชาย','วรชิต','ปานเหลา','1342200153916',1,NULL,9,0,1,2565,'1342200053644','0000-00-00'),(12,'3343',12,'เด็กชาย','สรัล','ทาดาวงษา','1342200154980',1,NULL,9,0,1,2565,'1342200053644','0000-00-00'),(13,'3344',13,'เด็กหญิง','ฐิตินันท์','ประพฤติธรรม','1342200154203',2,NULL,9,0,1,2565,'1342200053644','0000-00-00'),(14,'3345',14,'เด็กหญิง','เกศรา','แก้วคำมี','1219901333292',2,NULL,9,0,1,2565,'1342200053644','0000-00-00'),(277,'3475',11,'ด.ญ.','ภัทรฤทัย','ผิววงษ์','1349902206048',2,NULL,5,0,0,NULL,'1342200053644','2022-07-25'),(17,'3348',16,'เด็กหญิง','นริศรา','พวงจำปา','1342200155447',2,NULL,9,0,1,2565,'1342200053644','0000-00-00'),(18,'3349',17,'เด็กหญิง','รุจิรัตน์','สิงห์แจ่ม','1250801131711',2,NULL,9,0,1,2565,'1342200053644','0000-00-00'),(236,'3463',23,'เด็กหญิง','สุทธิชา','กิ่งพิลา','1638900068931',2,'',9,0,1,2565,'1342200053644','2021-06-28'),(20,'3351',18,'เด็กหญิง','อุบลรัตน์','ด้วงคำกอง','1349901737201',2,NULL,9,0,1,2565,'1342200053644','0000-00-00'),(21,'3352',19,'เด็กหญิง','ณิชนันทน์','ศรีพนมวัน','1718800154389',2,NULL,9,0,1,2565,'1342200053644','0000-00-00'),(22,'3353',20,'เด็กหญิง','วราดา','ค่าแพง','1349901721992',2,NULL,9,0,1,2565,'1342200053644','0000-00-00'),(23,'3287',1,'เด็กชาย','พิทวัส','จันดีบุตร','1349901537873',1,NULL,9,0,1,2563,'1342200053644','0000-00-00'),(24,'3288',2,'เด็กชาย','สันติสุข','วงคำเหลา','1342200147401',1,NULL,9,0,1,2563,'1342200053644','0000-00-00'),(25,'3289',3,'เด็กชาย','ณัฐชัย','ศรชัย','1441100081326',1,NULL,8,0,0,NULL,'1342200053644','0000-00-00'),(26,'3290',4,'เด็กชาย','ศรัณย์','สุพรม','1342200146766',1,NULL,9,0,1,2563,'1342200053644','0000-00-00'),(27,'3291',5,'เด็กชาย','กฤตเมธ','ทองวัน','1347600021264',1,NULL,9,0,1,2563,'1342200053644','0000-00-00'),(28,'3292',6,'เด็กชาย','ธีรภัทร','ทองเวช','1342200147908',1,NULL,9,0,1,2563,'1342200053644','0000-00-00'),(29,'3293',7,'เด็กชาย','นันทกร','ปานเหลา','1342200148882',1,NULL,9,0,1,2563,'1342200053644','0000-00-00'),(31,'3295',8,'เด็กหญิง','วนิดา','สารจันทร์','1349901563947',2,NULL,9,0,1,2563,'1342200053644','0000-00-00'),(32,'3296',9,'เด็กหญิง','ศุภิสรา','ปานเหลา','1349901541048',2,NULL,9,0,1,2563,'1342200053644','0000-00-00'),(33,'3297',10,'เด็กหญิง','ภัทราพร','แสวงวงค์','1342200149331',2,NULL,9,0,1,2563,'1342200053644','0000-00-00'),(34,'3298',11,'เด็กหญิง','ณิชาภัทร','มีคำนิตย์','1342200149285',2,NULL,9,0,1,2563,'1342200053644','0000-00-00'),(35,'3299',12,'เด็กหญิง','พัทธนันท์','ปานเหลา','1342200147312',2,NULL,9,0,1,2563,'1342200053644','0000-00-00'),(36,'3300',13,'เด็กหญิง','จันทกานต์','ทองเวช','1349901581198',2,NULL,9,0,1,2563,'1342200053644','0000-00-00'),(37,'3301',14,'เด็กหญิง','สุภาพร','สิมาวัน','1349901585223',2,NULL,9,0,1,2563,'1342200053644','0000-00-00'),(38,'3302',15,'เด็กหญิง','อมรวรรณ','ปานเหลา','1350101852661',2,NULL,9,0,1,2563,'1342200053644','0000-00-00'),(39,'3303',16,'เด็กหญิง','นันทิกานต์','มีคำนิตย์','1342200147576',2,NULL,9,0,1,2563,'1342200053644','0000-00-00'),(40,'3304',17,'เด็กหญิง','วันเพ็ญ','มรรคสุทธิ์','1342200148041',2,NULL,9,0,1,2563,'1342200053644','0000-00-00'),(41,'3305',18,'เด็กหญิง','อรจิรา','วรรณะเวช','1349901555146',2,NULL,9,0,1,2563,'1342200053644','0000-00-00'),(43,'3308',20,'เด็กหญิง','ศรัญญา','ทาดาวงษา','1342200147258',2,NULL,9,0,1,2563,'1342200053644','0000-00-00'),(44,'3329',21,'เด็กหญิง','เกสรา','บุญเลี้ยง','1342200149391',2,NULL,9,0,1,2563,'1342200053644','0000-00-00'),(45,'3251',1,'เด็กชาย','คณนาถ','สิงห์แจ่ม','1342200141691',1,NULL,9,0,1,2562,'1342200053644','0000-00-00'),(46,'3258',2,'เด็กชาย','สุทิวัช','ศรีลาทอง','1342200140628',1,NULL,9,0,1,2562,'1342200053644','0000-00-00'),(47,'3273',3,'เด็กชาย','ชินดนัย','สิงห์แก้ว','1342200146146',1,NULL,9,0,1,2562,'1342200053644','0000-00-00'),(48,'3274',4,'เด็กชาย','ปิยะพงษ์','อำนวย','1349901520008',1,NULL,9,0,1,2562,'1342200053644','0000-00-00'),(49,'3275',5,'เด็กชาย','ปิยวัฒน์','ปัดนาพันธ์','1342200144879',1,NULL,9,0,1,2562,'1342200053644','0000-00-00'),(50,'3276',6,'เด็กชาย','พัทธนันท์','บุตรทองทิม','1342200143619',1,NULL,9,0,1,2562,'1342200053644','0000-00-00'),(51,'3277',7,'เด็กชาย','ศุภวิชญ์','จันทร์พวง','1342200145042',1,NULL,9,0,1,2562,'1342200053644','0000-00-00'),(52,'3278',8,'เด็กหญิง','จินตนา','กันหาสาย','1342200143724',2,NULL,9,0,1,2562,'1342200053644','0000-00-00'),(53,'3279',9,'เด็กหญิง','ธัญวลัย','วรรณะเวช','1342200143651',2,NULL,9,0,1,2562,'1342200053644','0000-00-00'),(54,'3280',10,'เด็กหญิง','นภัสสร','สิงห์แจ่ม','1342200144461',2,NULL,9,0,1,2562,'1342200053644','0000-00-00'),(55,'3281',11,'เด็กหญิง','ภชนันท์','ส่องสีโรจน์','1342200144984',2,NULL,9,0,1,2562,'1342200053644','0000-00-00'),(56,'3282',12,'เด็กหญิง','ศิริรัศมิ์','พวงจำปา','1342200145701',2,NULL,9,0,1,2562,'1342200053644','0000-00-00'),(57,'3283',13,'เด็กหญิง','สุภัตรา','ทาระจันทร์','1349901522744',2,NULL,9,0,1,2562,'1342200053644','0000-00-00'),(58,'3284',14,'เด็กหญิง','อรหทัย','คุ้มเนตร','1718800103938',2,NULL,9,0,1,2562,'1342200053644','0000-00-00'),(59,'3285',15,'เด็กหญิง','อินทิพร','ทารักษ์','1342200143473',2,NULL,9,0,1,2562,'1342200053644','0000-00-00'),(60,'3286',16,'เด็กหญิง','อิ่มฤทัย','สิงห์แจ่ม','1342200144135',2,NULL,9,0,1,2562,'1342200053644','0000-00-00'),(61,'3250',1,'เด็กชาย','เกรียงศักดิ์','จำปาคำ','1338700039077',1,NULL,9,0,1,2561,'1342200053644','0000-00-00'),(62,'3252',2,'เด็กชาย','ฐิติกร','ปานเหลา','1342200140903',1,NULL,9,0,1,2561,'1342200053644','0000-00-00'),(63,'3253',3,'เด็กชาย','ดนัย','ทาดาวงษา','1342200142108',1,NULL,9,0,1,2561,'1342200053644','0000-00-00'),(64,'3254',4,'เด็กชาย','ดนุกรณ์','คำแพงจีน','1119600116200',1,NULL,9,0,1,2561,'1342200053644','0000-00-00'),(65,'3255',5,'เด็กชาย','ธนพล','มะณีวัน','1349901409981',1,NULL,9,0,1,2561,'1342200053644','0000-00-00'),(66,'3256',6,'เด็กชาย','ธนัท','กิ่งบัวทอง','1349901428721',1,NULL,9,0,1,2561,'1342200053644','0000-00-00'),(67,'3257',7,'เด็กชาย','รัฐภูมิ','ทองเวช','1347600005871',1,NULL,9,0,1,2561,'1342200053644','0000-00-00'),(68,'3259',8,'เด็กชาย','อนุชิต','จำปาคำ','1342200143171',1,NULL,9,0,1,2561,'1342200053644','0000-00-00'),(69,'3260',9,'เด็กชาย','อภิรักษ์','มาลาชาติ','1718800099710',1,NULL,9,0,1,2561,'1342200053644','0000-00-00'),(70,'3261',10,'เด็กชาย','เอกสิทธิ์','อินทิศร','1342200142485',1,NULL,9,0,1,2561,'1342200053644','0000-00-00'),(71,'3263',12,'เด็กหญิง','กานต์สินี','สิงห์แก้ว','1342200141152',2,NULL,9,0,1,2561,'1342200053644','0000-00-00'),(72,'3264',13,'เด็กหญิง','กิตติมา','มรรคพิมพ์','1349901417967',2,NULL,9,0,1,2561,'1342200053644','0000-00-00'),(73,'3265',14,'เด็กหญิง','ดอกรัก','ทาดาวงค์ษา','1342200142850',2,NULL,9,0,1,2561,'1342200053644','0000-00-00'),(74,'3266',15,'เด็กหญิง','ไพลิน','ทาระจันทร์','1342200141802',2,NULL,9,0,1,2561,'1342200053644','0000-00-00'),(75,'3267',16,'เด็กหญิง','วรภัทร','บุตรโท','1349901432028',2,NULL,9,0,1,2561,'1342200053644','0000-00-00'),(76,'3268',17,'เด็กหญิง','วิภาวรรณ','ทองเวช','1347600005889',2,NULL,9,0,1,2561,'1342200053644','0000-00-00'),(77,'3269',18,'เด็กหญิง','วิลัยยุพา','สิงห์แจ่ม','1250801116020',2,NULL,9,0,1,2561,'1342200053644','0000-00-00'),(78,'3270',19,'เด็กหญิง','กมลทิพย์','พันธ์ทองดี','1342200141497',2,NULL,9,0,1,2561,'1342200053644','0000-00-00'),(79,'3271',20,'เด็กหญิง','ศิริกานดา','ภูชะกิจ','1409903532789',2,NULL,9,0,1,2561,'1342200053644','0000-00-00'),(80,'3233',0,'เด็กชาย','นัทธพงธ์','กองพงษ์','1342200139760',1,NULL,8,0,1,2561,'','0000-00-00'),(81,'3235',0,'เด็กชาย','เมธี','สมสิงห์','1342200137708',1,NULL,8,0,1,2561,'','0000-00-00'),(82,'3236',0,'เด็กชาย','ศักดิ์ดา','มีคำนิตย์','1342200137929',1,NULL,8,0,1,2561,'','0000-00-00'),(83,'3237',0,'เด็กชาย','ประกิจ','จันดีบุตร','1342200137074',1,NULL,8,0,1,2561,'','0000-00-00'),(84,'3238',0,'เด็กชาย','ภีรภัทร','สารจันทร์','1349901387529',1,NULL,8,0,1,2561,'','0000-00-00'),(85,'3239',0,'เด็กชาย','อภิศักดิ์','สร้อยมาลุน','1342200139581',1,NULL,8,0,1,2561,'','0000-00-00'),(86,'3240',0,'เด็กชาย','ไชยวัฒน์','ปานเหลา','1342200137511',1,NULL,8,0,1,2561,'','0000-00-00'),(87,'3241',0,'เด็กชาย','มนตรี','จันดีบุตร','1342200137449',1,NULL,8,0,1,2561,'','0000-00-00'),(88,'3242',0,'เด็กชาย','ชานนท์','อ่อนงาม','1349901387022',1,NULL,8,0,1,2561,'','0000-00-00'),(89,'3243',0,'เด็กชาย','วีรกร','สุพผา','1342200140555',1,NULL,8,0,1,2561,'','0000-00-00'),(90,'3245',0,'เด็กชาย','ธนวัฒน์','ทองไสล','1342200139573',1,NULL,8,0,1,2561,'','0000-00-00'),(91,'3246',0,'เด็กหญิง','จารุวรรณ','สุภะผา','1342200137830',2,NULL,8,0,1,2561,'','0000-00-00'),(92,'3247',0,'เด็กหญิง','กานต์มณี','ไชยพล','1342200138194',2,NULL,8,0,1,2561,'','0000-00-00'),(93,'3248',0,'เด็กหญิง','สายฝน','สร้อยมาลุน','1342200138771',2,NULL,8,0,1,2561,'','0000-00-00'),(94,'4345',0,'เด็กชาย','พัชรพล','คำแพงจีน','1342200139531',1,NULL,8,0,1,2561,'','0000-00-00'),(95,'3202',0,'เด็กชาย','เดชสิทธิ์','กองพงษ์','1342200135101',1,NULL,9,0,1,2561,'','0000-00-00'),(96,'3203',0,'เด็กชาย','อิทธิกร','แสวงวงค์','1342200136078',1,NULL,9,0,1,2561,'','0000-00-00'),(97,'3204',0,'เด็กชาย','ไชยวัฒน์','บุตรทองทิม','1342200134270',1,NULL,9,0,1,2561,'','0000-00-00'),(98,'3205',0,'เด็กชาย','วุฒิเดช','ศรีลาทอง','1342200135985',1,NULL,9,0,1,2561,'','0000-00-00'),(99,'3206',0,'เด็กชาย','ธีรภัทร์','ประคองใจ','1342200133508',1,NULL,9,0,1,2561,'','0000-00-00'),(100,'3207',0,'เด็กชาย','นัทธพงศ์','ทองรส','1342200136809',1,NULL,9,0,1,2561,'','0000-00-00'),(101,'3208',0,'เด็กชาย','วีระศักดิ์','แสงสิงห์','1349200043904',1,NULL,9,0,1,2561,'','0000-00-00'),(102,'3209',0,'เด็กชาย','นภัสรพี','ปานเหลา','1342200136094',1,NULL,9,0,1,2561,'','0000-00-00'),(103,'3210',0,'เด็กชาย','อนุชา','ปานเหลา','1342200136230',1,NULL,9,0,1,2561,'','0000-00-00'),(104,'3211',0,'เด็กชาย','อนุชา','ปัจณาพันธ์','1342200136400',1,NULL,9,0,1,2561,'','0000-00-00'),(105,'3212',0,'เด็กชาย','จักรินทร์','ศรีอุดม','1342200133982',1,NULL,9,0,1,2561,'','0000-00-00'),(106,'3213',0,'เด็กชาย','วรายุส','วงค์ษาลุน','1342200135381',1,NULL,9,0,1,2561,'','0000-00-00'),(107,'3214',0,'เด็กชาย','ธนากร','มัควา','1342200133346',1,NULL,9,0,1,2561,'','0000-00-00'),(108,'3215',0,'เด็กชาย','กิตติภพ','ปานเหลา','1342200136442',1,NULL,9,0,1,2561,'','0000-00-00'),(109,'3216',0,'เด็กหญิง','ปาริฉัตร','เพ็งสามูล','1342200134202',2,NULL,9,0,1,2561,'','0000-00-00'),(110,'3218',0,'เด็กหญิง','ปิยะกุล','กันหาสาย','1342200136281',2,NULL,9,0,1,2561,'','0000-00-00'),(111,'3219',0,'เด็กหญิง','สิดาพร','ปานเหลา','1342200136949',2,NULL,9,0,1,2561,'','0000-00-00'),(112,'3220',0,'เด็กหญิง','สุรีรัตน์','สุพรม','1342200135110',2,NULL,9,0,1,2561,'','0000-00-00'),(113,'3221',0,'เด็กหญิง','กนกนิภา','การะเลข','1349901330799',2,NULL,9,0,1,2561,'','0000-00-00'),(114,'3222',0,'เด็กหญิง','พรประภา','ทาดาวงษา','1342200135543',2,NULL,9,0,1,2561,'','0000-00-00'),(115,'3223',0,'เด็กหญิง','ปรียาภรณ์','จำปาคำ','1250801111508',2,NULL,9,0,1,2561,'','0000-00-00'),(116,'3224',0,'เด็กหญิง','นันธิดา','ทองรส','1342200134555',2,NULL,9,0,1,2561,'','0000-00-00'),(117,'3226',0,'เด็กหญิง','ปนัดดา','ด้วงคำกอง','1342200135659',2,NULL,9,0,1,2561,'','0000-00-00'),(118,'3227',0,'เด็กหญิง','จิรัชญา','บุญเลี้ยง','1342200136396',2,NULL,9,0,1,2561,'','0000-00-00'),(119,'3228',0,'เด็กหญิง','นาตยา','มรรควา','1342200134385',2,NULL,9,0,1,2561,'','0000-00-00'),(120,'3229',0,'เด็กหญิง','จิรนันท์','วรรณะเวช','1349901323318',2,NULL,9,0,1,2561,'','0000-00-00'),(121,'3231',0,'เด็กหญิง','สุวนันท์','ส่องสีโรจน์','1342200134458',2,NULL,9,0,1,2561,'','0000-00-00'),(122,'3309',1,'ด.ช.','กิตติกานต์','กิ่งบัวทอง','1342200149765',1,'',9,0,1,2564,'1342200053644','2016-06-21'),(123,'3310',2,'ด.ช.','ทักษ์ดนัย','มรรคสุทธิ์','1342200152090',1,'',9,0,1,2564,'1342200053644','2016-06-21'),(124,'3311',3,'เด็กชาย','ชัยมงคล ','ศรีภา','1349901607855',1,'',9,0,1,2564,'1342200053644','2016-09-05'),(125,'3312',4,'เด็กชาย','วรวุฒิ  ','มีคำนิตย์','1349901625705',1,'',9,0,1,2564,'1342200053644','2016-09-05'),(126,'3313',5,'เด็กชาย','พิชิตชัย  ','สิงห์แจ่ม','1349901664921',1,'',9,0,1,2564,'1342200053644','2016-09-05'),(127,'3314',6,'เด็กชาย','บัญชา',' ทาดาวงษา','1219901258509',1,'',9,0,1,2564,'1342200053644','2016-09-05'),(128,'3315',7,'เด็กชาย','ธีรภัทร','ภูขะมัง','1342200149692',1,'',9,0,1,2564,'1342200053644','2016-09-05'),(129,'3316',8,'เด็กชาย','พีรพัฒน์ ','แก่นอาสา','1342200152812',1,'',9,0,1,2564,'1342200053644','2016-09-05'),(220,'3432',4,'เด็กชาย','รัชภูมิ','พันธ์ทอง','1341501587388',1,'',7,0,0,NULL,'1342200053644','2020-08-03'),(131,'3318',10,'เด็กหญิง','ภาวิณีย์','เอกศิริ','1349901659758	',2,'',9,0,1,2564,'1342200053644','2016-09-05'),(132,'3319',11,'เด็กหญิง','รุ่งนภา',' ศรีภา','1342200151263',2,'',9,0,1,2564,'1342200053644','2016-09-05'),(133,'3320',12,'เด็กหญิง','นฤมล ','จันดีบุตร','1342200151816',2,'',9,0,1,2564,'1342200053644','2016-09-05'),(134,'3321',13,'เด็กหญิง','กชนันท์   ','ทรัพย์ประสาร','1719200044869',2,'',9,0,1,2564,'1342200053644','2016-09-05'),(135,'3322',14,'เด็กหญิง','ชนากานต์ ','ธิตัน','1349901641336',2,'',9,0,1,2564,'1342200053644','2016-09-05'),(136,'3323',15,'เด็กหญิง','อภิสรา ','ปานเหลา','1342200150771',2,'',9,0,1,2564,'1342200053644','2016-09-05'),(137,'3324',16,'เด็กหญิง','เกตนิกา ','ทาดาวงษา','1342200150500',2,'',9,0,1,2564,'1342200053644','2016-09-05'),(138,'3325',17,'เด็กหญิง','กาญจนา ',' มัคควา','1342200152634',2,'',9,0,1,2564,'1342200053644','2016-09-05'),(139,'3326',18,'เด็กหญิง','บุญยาพร','พิมพ์เถื่อน','1349901638017',2,'',9,0,1,2564,'1342200053644','2016-09-05'),(140,'3327',19,'เด็กหญิง','นันทกานต์','สิงห์แจ่ม','1349901634704',2,'',9,0,1,2564,'1342200053644','2016-09-05'),(141,'3367',21,'เด็กชาย','สุรสิทธิ์  ','สามุงคุณ','1719200045997',1,'',9,0,1,2564,'1342200053644','2016-09-05'),(142,'3368',22,'เด็กชาย','อภิสิทธิ์  ','สามุงคุณ','1719200035983',1,'',9,0,1,2564,'1342200053644','2016-09-05'),(143,'3355',1,'เด็กชาย','ธนวัฒน์ ','กันหาสาย','1342200044904',1,'',9,0,1,2566,'1342200053644','2016-09-05'),(144,'3356',2,'เด็กชาย','พิชัย ','สุพผา','1342200156796',1,'',9,0,1,2566,'1342200053644','2016-09-05'),(145,'3357',3,'เด็กชาย','ชัยวัฒน์','มัคคะสุด','1349901799347',1,'',9,0,1,2566,'1342200053644','2016-09-05'),(146,'3358',4,'เด็กชาย','ณัฐครเดช  ',' อำนวย','1349901809822',1,'',9,0,1,2566,'1342200053644','2016-09-05'),(148,'3360',6,'เด็กชาย','ศิรวิทย์ ','ทาดาวงษา','1342200155901',1,'',9,0,1,2566,'1342200053644','2016-09-05'),(149,'3361',7,'เด็กหญิง','กิตติยากร ','มีไผ่ล้อม','1349901765558',2,'',9,0,1,2566,'1342200053644','2016-09-05'),(150,'3362',8,'เด็กหญิง','รุ่งทิวา ',' แก้วแจ่ม','1349901755960',2,'',9,0,1,2566,'1342200053644','2016-09-05'),(151,'3363',9,'เด็กหญิง','วันทิดา',' ปานเหลา','1342200158047',2,'',9,0,1,2566,'1342200053644','2016-09-05'),(152,'3364',10,'เด็กหญิง','กัญญารัตน์  ',' สิงห์แก้ว','1342200157342',2,'',9,0,1,2566,'1342200053644','2016-09-05'),(153,'3365',11,'เด็กหญิง','ศุภากร ','  ต้นพิมพ์','1342200158012',2,'',8,0,0,NULL,'1342200053644','2016-09-05'),(154,'3366',12,'เด็กชาย','ณัฐกรณ์','  บุดดาลี','1342200156265',1,'',9,0,1,2566,'1342200053644','2016-09-05'),(155,'3354',21,'เด็กชาย','กิตติศักดิ์','วงษา','1349901688413',1,'',9,0,2,2565,'1342200053644','2018-11-16'),(156,'3371',22,'เด็กชาย','เจษฏา','คำภารัตน์','1250801134362',1,'',9,0,1,2565,'1342200053644','2018-11-16'),(157,'3372',13,'เด็กหญิง','ชัญญานุช','พันวงศ์','1349901819909',2,'',9,0,1,2566,'1342200053644','2018-11-16'),(158,'3370',1,'เด็กชาย','ศิวกร','จำปาคำ','1342200156630',1,'',9,0,1,2567,'1342200053644','2018-11-16'),(159,'3262',11,'เด็กหญิง','กานต์ธิดา','ปานเหลา','1342200142523',2,'',9,0,1,2561,'1342200053644','2018-11-20'),(160,'3373',2,'เด็กชาย','ชินวัตร  ','ปานเหลา','1349901815946',1,'',9,0,1,2567,'1342200053644','2018-11-22'),(161,'3374',3,'เด็กชาย','แทนคุณ','ชาดี','1347600077154',1,'',9,0,1,2567,'1342200053644','2018-11-22'),(162,'3375',4,'เด็กชาย','นฤชิต ','วิชาชัย','1348900287309	',1,'',9,0,1,2567,'1342200053644','2018-11-22'),(217,'3429',1,'เด็กชาย','เจริญทรัพย์','สร้อยมาลุน','1341501592021',1,'',7,0,0,NULL,'1342200053644','2020-08-03'),(163,'3390',1,'เด็กชาย','กุลธร  ','ปานเหลา','1342200161676',1,'',9,0,0,NULL,'1342200053644','2019-02-27'),(164,'3391',2,'เด็กชาย','ชยางกูร','ปานเหลา','1342200161901',1,'',9,0,0,NULL,'1342200053644','2019-02-27'),(165,'3392',3,'เด็กชาย','ทินกร',' ทองเวช','1347600093796',1,'',9,0,0,NULL,'1342200053644','2019-02-27'),(166,'3393',4,'เด็กชาย','ธนกร ','ทาดาวงษา','1342200162419',1,'',9,0,0,NULL,'1342200053644','2019-02-27'),(167,'3394',5,'เด็กชาย','ธนโชติ ',' สองสีโรจน์','1342200161099',1,'',9,0,0,NULL,'1342200053644','2019-02-27'),(168,'3395',6,'เด็กชาย','ธีรภัทร','กันหาสาย','1717400043104',1,'',5,0,0,NULL,'1342200053644','2019-02-27'),(169,'3396',7,'เด็กชาย','ปริญญา ','สิงห์แก้ว','1342200162010',1,'',9,0,0,NULL,'1342200053644','2019-02-27'),(170,'3397',8,'เด็กชาย','ปรีชา ','ทาดาวงษา','1342200161498',1,'',9,0,0,NULL,'1342200053644','2019-02-27'),(171,'3398',9,'เด็กชาย','มงคลชัย','คำล้วน','1342200161684',1,'',9,0,0,NULL,'1342200053644','2019-02-27'),(172,'3399',10,'เด็กชาย','อธิศ','จำปาคำ','1342200162028',1,'',9,0,0,NULL,'1342200053644','2019-02-27'),(173,'3400',11,'เด็กชาย','พิพัฒนชัย','ทองรส','1342200162087',1,'',9,0,0,NULL,'1349900856045','2019-02-27'),(174,'3401',12,'เด็กหญิง','กนกวรรณ ','สุพรม','1342200161749',2,'',9,0,0,NULL,'1342200053644','2019-02-27'),(175,'3402',13,'เด็กหญิง','ทิพวรรณ ','กันหาสาย','1342200161404',2,'',9,0,0,NULL,'1342200053644','2019-02-27'),(178,'3405',15,'เด็กหญิง','วรินยุพา','กันหาสาย','1349901937391',2,'',9,0,0,NULL,'1342200053644','2019-02-27'),(179,'3376',5,'เด็กชาย','วรากร  ','สิงหาเวช','1349901902326',1,'',9,0,1,2567,'1342200053644','2019-02-27'),(180,'3377',6,'เด็กชาย','วีระเทพ','โมลานิล','1342200158977',1,'',9,0,1,2567,'1342200053644','2019-02-27'),(181,'3378',7,'เด็กชาย','วรวุฒิ',' คุ้มเนตร','1342200160556',1,'',9,0,1,2567,'1342200053644','2019-02-28'),(182,'3379',8,'เด็กชาย','อนุวัฒน์','กาละเลข','1342200159469',1,'',9,0,1,2567,'1342200053644','2019-02-28'),(183,'3380',9,'เด็กชาย','เอกพล ','ส่องสีโรจน์','1342200160769',1,'',9,0,1,2567,'1342200053644','2019-02-28'),(184,'3381',10,'เด็กหญิง','กัญญามาศ ','ปั้นดิน','1839902263420',2,'',8,0,2,2566,'1342200053644','2019-02-28'),(185,'3382',11,'เด็กหญิง','กันยาพร ','แก่นอาสา','1342200160521',2,'',9,0,1,2567,'1342200053644','2019-02-28'),(186,'3331',20,'เด็กชาย','ธีรเดช','อนันตกูล','1342200151018',1,'',9,0,1,2564,'1342200053644','2019-03-18'),(237,'3446',1,'เด็กชาย','จิรเชษฐ์','เจรเกษม','1529902676085',1,'',6,0,0,NULL,'1342200053644','2021-06-28'),(188,'3409',1,'ด.ช.','เกียรติศักดิ์','สีจันทร์สอน','1342200163008',1,'',8,0,0,NULL,'1342200053644','2019-06-01'),(189,'3410',2,'ด.ช.','จิรายุ','มัคดี','1349901998722',1,'',8,0,0,NULL,'1342200053644','2019-06-01'),(190,'3411',3,'ด.ช.','จักรินทร์','สีคำทา','1342200162869',1,'',8,0,0,NULL,'1342200053644','2019-06-01'),(191,'3412',4,'ด.ช.','ชินวัฒน์','สิงห์แจ่ม','1349901988671',1,'',8,0,0,NULL,'1342200053644','2019-06-01'),(192,'3413',5,'ด.ช.','ณัฐกิตติ์','เจริญสิน','1349902019302',1,'',8,0,0,NULL,'1342200053644','2019-06-01'),(193,'3414',6,'ด.ช.','นิธิทัศน์','ทองรส','1342200163750',1,'',8,0,0,NULL,'1342200053644','2019-06-01'),(194,'3415',7,'ด.ช.','พีรพัฒน์','สุพรม','1349902000253',1,'',8,0,0,NULL,'1342200053644','2019-06-01'),(195,'3416',8,'ด.ช.','วีระวงค์','บุญเลี้ยง','1309904242025',1,'',8,0,0,NULL,'1342200053644','2019-06-01'),(234,'3426',17,'เด็กหญิง','สุพัตรา','กิ่งบัวทอง','1342200162818',2,'',8,0,0,NULL,'1342200053644','2020-08-04'),(197,'3418',9,'ด.ช.','สุธิมนต์','ประจิระ','1342200163962',1,'',8,0,0,NULL,'1342200053644','2019-06-01'),(198,'3419',10,'ด.ช.','กันตชัย','จำปาคำ','1250801148096',1,'',8,0,0,NULL,'1342200053644','2019-06-01'),(199,'3420',11,'ด.ช.','กันตภัทร','จำปาคำ','1250801148100',1,'',8,0,0,NULL,'1342200053644','2019-06-01'),(200,'3421',12,'ด.ช.','ทินภัทร','ทาดาวงษา','1342200164551',1,'',8,0,0,NULL,'1342200053644','2019-06-01'),(201,'3422',13,'ด.ญ.','ปุณชญา','ดารา','1349902019868',2,'',8,0,0,NULL,'1342200053644','2019-06-01'),(202,'3423',14,'ด.ญ.','โชติกา','สิงห์แจ่ม','1348900367060',2,'',8,0,0,NULL,'1342200053644','2019-06-01'),(235,'3424',16,'เด็กหญิง','สุจินันท์','แววสิงห์','1349902013941',2,'',8,0,0,NULL,'1342200053644','2021-04-05'),(204,'3425',15,'ด.ญ.','นิภาพร','มรรควา','1342200164047',2,'',7,0,0,NULL,'1342200053644','2019-06-01'),(221,'3433',5,'เด็กชาย','ศุภากร','ศรีจันสอน','1342200165485',1,'',7,0,0,NULL,'1342200053644','2020-08-03'),(206,'3408',16,'ด.ญ.','วันวิสา','ศรชัย','1719200067541',2,'',9,0,0,NULL,'1342200053644','2019-06-01'),(207,'3383',12,'เด็กหญิง','จุฑามาศ','	กันหาสาย','1342200159264',2,'',9,0,1,2567,'1342200053644','2019-06-01'),(208,'3384',13,'เด็กหญิง','บัณฑิตา','คำแพงจีน','1342200159124',2,'',9,0,1,2567,'1342200053644','2019-06-01'),(209,'3386',14,'เด็กหญิง','พิมพ์ชนก','ปานเหลา','1711200064285',2,'',9,0,1,2567,'1342200053644','2019-06-01'),(210,'3387',15,'เด็กหญิง','พิมพ์ชนก','วรรณเวช','1342200160726',2,'',9,0,1,2567,'1342200053644','2019-06-01'),(211,'3388',16,'เด็กหญิง','พรพิมล','ปานเหลา','1348900305595',2,'',9,0,1,2567,'1342200053644','2019-06-01'),(212,'3389',17,'เด็กหญิง','มิ่งกมล','มัคคะวา','1342200159647',2,'',9,0,1,2567,'1342200053644','2019-06-01'),(213,'3407',18,'เด็กหญิง','ปิณฑิรา','จันทร์สุกใส','1342200159183',2,'',9,0,1,2567,'1342200053644','2019-06-01'),(218,'3430',2,'เด็กชาย','เดชาวัต','มรรคสุทธิ์','1342200165574',1,'',7,0,0,NULL,'1342200053644','2020-08-03'),(222,'3434',6,'เด็กชาย','สัณห์ชนน','เสนาฤทธิ์','1338700070217',1,'',6,0,2,2567,'1342200053644','2020-08-03'),(223,'3435',7,'เด็กหญิง','กรวรรณ','สุพรม','1342200165833',2,'',7,0,0,NULL,'1342200053644','2020-08-03'),(224,'3436',8,'เด็กหญิง','กัลยรัตน์','สีจันทร์สอน','1342200165116',2,'',7,0,0,NULL,'1342200053644','2020-08-03'),(226,'3438',10,'เด็กหญิง','ณัฐชา','ภูขะมัง','1349902068931',2,'',7,0,0,NULL,'1342200053644','2020-08-03'),(227,'3439',11,'เด็กหญิง','เนตรอัปสร','ทาระจันทร์','1342200164888',2,'',7,0,0,NULL,'1342200053644','2020-08-03'),(228,'3440',12,'เด็กหญิง','นภัสวรรณ','พลหมอ','1349902080702',2,'',7,0,0,NULL,'1342200053644','2020-08-03'),(229,'3441',13,'เด็กหญิง','รุ่งรัศมี','ศรีภา','1342200164683',2,'',7,0,0,NULL,'1342200053644','2020-08-03'),(230,'3442',14,'เด็กหญิง','วิไลวรรณ','มัควา','1342200165663',2,'',7,0,0,NULL,'1342200053644','2020-08-03'),(231,'3443',15,'เด็กหญิง','สรินยา','สิงหาเวช','1341501586501',2,'',7,0,0,NULL,'1342200053644','2020-08-03'),(232,'3444',16,'เด็กหญิง','อนัญญา','อินทิศร','1342200165493',2,'',7,0,0,NULL,'1342200053644','2020-08-03'),(233,'3445',17,'เด็กหญิง','ไอรดา','กัญญาพันธ์','1341501581380',2,'',7,0,0,NULL,'1342200053644','2020-08-03'),(239,'3448',3,'เด็กชาย','ปภาวินทร์','สุภะผา','1341501595321',1,'',6,0,0,NULL,'1342200053644','2021-06-28'),(240,'3449',4,'เด็กชาย','พิทยุตม์','สิงห์แก้ว','1342200166911',1,'',6,0,0,NULL,'1342200053644','2021-06-28'),(241,'3450',5,'เด็กชาย','ศุภกร','ทองคำวัน','1349902131188',1,'',6,0,0,NULL,'1342200053644','2021-06-28'),(242,'3451',6,'เด็กชาย','สิงหรัต','เคนคำตัน','1349902125536',1,'',6,0,0,NULL,'1342200053644','2021-06-28'),(243,'3452',7,'เด็กชาย','ธนัตถ์','จำปาคำ','1342200166414',1,'',6,0,0,NULL,'1342200053644','2021-06-28'),(244,'3453',8,'เด็กชาย','ธันวา','ดาแพง','1349902149516',1,'',6,0,0,NULL,'1342200053644','2021-06-28'),(245,'3454',9,'เด็กหญิง','ฉัตรฤดี','บุญเลี้ยง','1342200166449',2,'',6,0,0,NULL,'1342200053644','2021-06-28'),(246,'3455',10,'เด็กหญิง','ชวัลลักษณ์','บุญสารี','1349902122154',2,'',6,0,0,NULL,'1342200053644','2021-06-29'),(247,'3456',11,'เด็กหญิง','ณัฏฐณิชา','มัคดี','1341501608865',2,'',6,0,0,NULL,'1342200053644','2021-06-29'),(248,'3457',12,'เด็กหญิง','บุญญาพร','จำปาคำ','1250101973647',2,'',6,0,0,NULL,'1342200053644','2021-06-29'),(250,'3459',14,'เด็กหญิง','ปาริชาติ','สิมาทอง','1349902171180',2,'',6,0,0,NULL,'1342200053644','2021-06-29'),(251,'3460',15,'เด็กหญิง','เมลดา','จันดีบุตร','1341501596395',2,'',6,0,0,NULL,'1342200053644','2021-06-29'),(252,'3461',16,'เด็กหญิง','วิลาวัลย์','ทองรส','1342200166333',2,'',6,0,0,NULL,'1342200053644','2021-06-29'),(253,'3462',17,'เด็กหญิง','สุพรรษา','กันยาสาย','1349902120321',2,'',6,0,0,NULL,'1342200053644','2021-06-29'),(276,'3474',10,'ด.ญ.','เทพธิดา','คำภารัตน์','1341501616175',2,NULL,5,0,0,NULL,'1342200053644','2022-07-25'),(275,'3473',9,'ด.ญ.','ธนัตพร','ศิลาวงศ์','1339600390261',2,NULL,5,0,0,NULL,'1342200053644','2022-07-25'),(274,'3472',8,'ด.ญ.','ชัญญานุช','อ่อนน้อม','1250101984746',2,NULL,5,0,0,NULL,'1342200053644','2022-07-25'),(273,'3471',7,'ด.ญ.','ชญานิศ','อ่อนน้อม','1250101984711',2,NULL,5,0,0,NULL,'1342200053644','2022-07-25'),(272,'3470',6,'ด.ญ.','กมลทิพย์','สุพผา','1341501617236',2,NULL,5,0,0,NULL,'1342200053644','2022-07-25'),(271,'3469',5,'ด.ช.','อนุวัต','บัวสอน','1342200167330',1,NULL,5,0,0,NULL,'1342200053644','2022-07-25'),(308,'3502',1,'เด็กชาย','กฤตเมธ','กันหาสาย','1342200169154',1,'',3,0,0,NULL,'1342200053644','2024-09-19'),(269,'3467',3,'ด.ช.','ธนกร','ต่อพันธ์','1119902970777',1,NULL,4,1,2,2567,'1342200053644','2022-07-25'),(268,'3466',2,'ด.ช.','กรวิทย์','รัตนะบาล','1219700124009',1,NULL,5,0,0,NULL,'1342200053644','2022-07-25'),(267,'3465',1,'ด.ช.','ธนาพัฒน์','ศรีภา','1342200167534',1,NULL,5,0,0,NULL,'1342200053644','2022-07-25'),(331,'3510',9,'เด็กหญิง','ชุติกานต์','กล้าหาญ','1349902324580',2,'',3,0,0,NULL,'1349900566292','2025-08-09'),(300,'3501',13,'เด็กชาย','ธนาธิป','สิงห์แก้ว','1348900460931',1,'',5,0,0,NULL,'1342200053644','2024-03-29'),(280,'3478',18,'เด็กชาย','ชนกชนม์','แก้วแจ่ม','1341501580596',1,'',7,0,0,NULL,'1342200053644','2022-07-25'),(285,'3359',16,'เด็กชาย','ธนากร','กันหาสาย','1342200157148',1,'',9,0,1,2566,'1349900856045','2023-02-08'),(282,'3480',19,'เด็กหญิง','นรธิน','ฤทธิ์ทา','1219700082454',2,'',9,0,1,2567,'1342200053644','2022-07-25'),(283,'3464',14,'เด็กชาย','รัตนพล','ปัจณาพันธ์','	1349901775316',1,'',9,0,1,2566,'1342200053644','2022-07-25'),(284,'3479',15,'เด็กชาย','นรภัทร','ฤทธิ์ทา','1219901354877',1,'',9,0,1,2566,'1342200053644','2022-07-25'),(286,'3417',18,'เด็กชาย','อาทร','กันหาสาย','1342200163130',1,'',8,0,0,NULL,'1342200053644','2023-03-07'),(287,'3482',1,'เด็กชาย','กิตติ์กวิน','เจริญศรี','1341501633908',1,'',4,0,0,NULL,'1342200053644','2023-10-03'),(288,'3483',2,'เด็กชาย','ณัฐวุฒิ','ประครองใจ','1103200463888',1,'',4,0,0,NULL,'3349800221672','2023-10-03'),(289,'3484',3,'เด็กชาย','พชรพล','ประคองใจ','1341501634378',1,'',4,0,0,NULL,'1342200053644','2023-10-06'),(291,'3486',5,'เด็กชาย','ทรงวุฒิ','ศิลาวงศ์','1339600425499',1,'',4,0,0,NULL,'1342200053644','2023-10-06'),(292,'3487',6,'เด็กชาย','ธนดล','โสประดิษฐ','1341501642192',1,'',4,0,0,NULL,'1342200053644','2023-10-06'),(293,'3488',7,'เด็กชาย','ธวัชชัย','บุญมี','1341501641714',1,'',4,0,0,NULL,'1342200053644','2023-10-06'),(294,'3490',9,'เด็กชาย','วุฒิภูมิ','บุญขจร','1349902236826',1,'',4,0,0,NULL,'1342200053644','2023-10-14'),(295,'3491',10,'เด็กชาย','อัจฉริยะ','ปานเหลา','1349902266903',1,'',4,0,0,NULL,'1342200053644','2023-10-14'),(297,'3493',12,'เด็กหญิง','เกศริน','พันธ์ทอง','134150164180',2,'',4,0,0,NULL,'1342200053644','2023-10-14'),(298,'3494',13,'เด็กหญิง','ชญาดา','ทาเคลือบ','1349902244764',2,'',4,0,0,NULL,'1342200053644','2023-10-14'),(301,'3489',8,'เด็กชาย','ภัทรดนัย','ผิววงษ์','1347600149643',1,'',4,0,0,NULL,'1342200053644','2024-03-29'),(302,'3495',14,'เด็กหญิง','ภัทรมน','กิ่งบัวทอง','1339600409591',2,'',4,0,0,NULL,'1342200053644','2024-03-29'),(303,'3496',15,'เด็กหญิง','พัทธนันท์','ศรีกุตา','1349902274213',2,'',4,0,0,NULL,'1342200053644','2024-03-29'),(304,'3497',16,'เด็กหญิง','วิลัยรัตน์','บุตรโท','1341501638608',2,'',4,0,0,NULL,'1342200053644','2024-03-29'),(305,'3498',17,'เด็กหญิง','หัทยา','ศิริบูรณ์','1348500223117',2,'',3,0,2,2567,'1342200053644','2024-03-29'),(306,'3499',18,'เด็กหญิง','อุไรพร','ศรีลาพา','1341501630178',2,'',4,0,0,0,'1342200053644','2024-03-29'),(309,'3503',2,'เด็กชาย','ธันวา','อาจหาญ','1349902312808',1,'',3,0,0,NULL,'1342200053644','2024-09-19'),(310,'3504',3,'เด็กชาย','พิชยะ','จันดีบุตร','1342200169049',1,'',3,0,0,NULL,'1342200053644','2024-09-19'),(311,'3505',4,'เด็กชาย','สิทธิพร','คำแพงจีน','1341501649618',1,'',3,0,0,NULL,'1342200053644','2024-09-19'),(312,'3506',5,'เด็กหญิง','ธัญญรัตน์','สีจันทร์สอน','1341501652252',2,'',3,0,0,NULL,'1342200053644','2024-09-19'),(313,'3507',6,'เด็กหญิง','นิภาดา','พรมจันทร์','1341501656592',2,'',3,0,0,NULL,'1342200053644','2024-09-19'),(314,'3508',7,'เด็กหญิง','วรรณภา','ศรชัย','1342200169235',2,'',3,0,0,NULL,'1342200053644','2024-09-19'),(315,'3509',8,'เด็กหญิง','ศศิวิมล','คลธา','1349902327287',2,'',3,0,0,NULL,'1342200053644','2024-09-19'),(316,'3511',1,'เด็กชาย','คมกฤช   ','ทองรส','1200901988461',1,'',2,0,0,NULL,'1342200053644','2025-07-17'),(317,'3512',2,'เด็กชาย','คณาวุฒิ   ','ทองเวช','1342200170276',1,'',2,0,0,NULL,'1342200053644','2025-07-17'),(318,'3513',3,'เด็กชาย','ชญณิพัฑฒ์  ','สุดขำ','1301502274588',1,'',2,0,0,NULL,'1342200053644','2025-07-17'),(319,'3514',4,'เด็กชาย','ชัยนริศ ',' เอกศิริ','1346400000165',1,'',2,0,0,NULL,'1342200053644','2025-07-17'),(320,'3515',5,'เด็กชาย','ธนดล  ','ทองรส','1342200170519',1,'',2,0,0,NULL,'1342200053644','2025-07-17'),(321,'3516',6,'เด็กชาย','ธนวัฒน์  ',' จันทร์สุกใส','1342200170381',1,'',2,0,0,NULL,'1342200053644','2025-07-17'),(322,'3517',7,'เด็กชาย','นนทกร   ','พลหมอ','1342200170373',1,'',2,0,0,NULL,'1342200053644','2025-07-17'),(323,'3518',8,'เด็กชาย','พีระพัฒน์   ','มรรควา   ','1349902368170',1,'',2,0,0,NULL,'1342200053644','2025-07-17'),(324,'3519',9,'เด็กชาย','ภาคิน  ','ประสงค์เสียง','1349902374366',1,'',2,0,0,NULL,'1342200053644','2025-07-17'),(325,'3520',10,'เด็กหญิง','ณัฎฐกานต์   ','เจริญพงษ์','1346400002770',2,'',2,0,0,NULL,'1342200053644','2025-07-17'),(326,'3521',11,'เด็กหญิง','ชนัญพัชร์   ','ทองทราย','1342200170101',2,'',2,0,0,NULL,'1342200053644','2025-07-17'),(327,'3522',12,'เด็กหญิง','ภูริชญา   ','พวงจำปา','1349902338149',2,'',2,0,0,NULL,'1342200053644','2025-07-17'),(328,'3523',13,'เด็กหญิง','มินตรา  ','ทองรส','1342200169651',2,'',2,0,0,NULL,'1342200053644','2025-07-17'),(329,'3524',14,'เด็กหญิง','วริษฐา  ',' หอมนาม','1250102109806',2,'',2,0,0,NULL,'1342200053644','2025-07-17'),(330,'3525',15,'เด็กหญิง','อรปรียา  ',' มรรคสุทธิ์','1342200170055',2,'',2,0,0,NULL,'1342200053644','2025-07-17');

--
-- Table structure for table `student_main_class`
--

CREATE TABLE `student_main_class` (
  `id` int(11) NOT NULL AUTO_INCREMENT,
  `class_code` tinyint(4) NOT NULL,
  `class_name` varchar(150) NOT NULL,
  PRIMARY KEY (`id`),
  UNIQUE KEY `class_code` (`class_code`)
) ENGINE=MyISAM AUTO_INCREMENT=10 DEFAULT CHARSET=utf8 COLLATE=utf8_general_ci;

--
-- Dumping data for table `student_main_class`
--

INSERT INTO `student_main_class` VALUES (1,1,'อนุบาล1'),(2,2,'อนุุบาล2'),(3,4,'ประถมศึกษาปีที่1'),(4,5,'ประถมศึกษาปีที่2'),(5,6,'ประถมศึกษาปีที่3'),(6,7,'ประถมศึกษาปีที่4'),(7,8,'ประถมศึกษาปีที่5'),(8,9,'ประถมศึกษาปีที่6'),(9,3,'อนุบาล3');

--
-- Table structure for table `student_main_classlog`
--

CREATE TABLE `student_main_classlog` (
  `id` int(11) NOT NULL AUTO_INCREMENT,
  `ed_year` int(11) NOT NULL,
  `student_id` varchar(7) NOT NULL,
  `student_number` int(11) DEFAULT NULL,
  `class_code` tinyint(4) NOT NULL,
  `room` tinyint(4) DEFAULT 0,
  `officer` varchar(13) NOT NULL,
  `rec_date` date NOT NULL,
  PRIMARY KEY (`id`)
) ENGINE=MyISAM AUTO_INCREMENT=1026 DEFAULT CHARSET=utf8 COLLATE=utf8_general_ci;

--
-- Dumping data for table `student_main_classlog`
--

INSERT INTO `student_main_classlog` VALUES (58,2561,'3267',16,9,0,'1342200053644','2019-05-21'),(57,2561,'3266',15,9,0,'1342200053644','2019-05-21'),(56,2561,'3265',14,9,0,'1342200053644','2019-05-21'),(55,2561,'3264',13,9,0,'1342200053644','2019-05-21'),(54,2561,'3263',12,9,0,'1342200053644','2019-05-21'),(53,2561,'3262',11,9,0,'1342200053644','2019-05-21'),(43,2561,'3250',1,9,0,'1342200053644','2019-05-21'),(44,2561,'3252',2,9,0,'1342200053644','2019-05-21'),(45,2561,'3253',3,9,0,'1342200053644','2019-05-21'),(46,2561,'3254',4,9,0,'1342200053644','2019-05-21'),(47,2561,'3255',5,9,0,'1342200053644','2019-05-21'),(48,2561,'3256',6,9,0,'1342200053644','2019-05-21'),(49,2561,'3257',7,9,0,'1342200053644','2019-05-21'),(50,2561,'3259',8,9,0,'1342200053644','2019-05-21'),(51,2561,'3260',9,9,0,'1342200053644','2019-05-21'),(52,2561,'3261',10,9,0,'1342200053644','2019-05-21'),(28,2561,'3233',0,8,0,'1342200053644','2018-11-09'),(29,2561,'3235',0,8,0,'1342200053644','2018-11-09'),(30,2561,'3236',0,8,0,'1342200053644','2018-11-09'),(31,2561,'3237',0,8,0,'1342200053644','2018-11-09'),(32,2561,'3238',0,8,0,'1342200053644','2018-11-09'),(33,2561,'3239',0,8,0,'1342200053644','2018-11-09'),(34,2561,'3240',0,8,0,'1342200053644','2018-11-09'),(35,2561,'3241',0,8,0,'1342200053644','2018-11-09'),(36,2561,'3242',0,8,0,'1342200053644','2018-11-09'),(37,2561,'3243',0,8,0,'1342200053644','2018-11-09'),(38,2561,'3245',0,8,0,'1342200053644','2018-11-09'),(39,2561,'3246',0,8,0,'1342200053644','2018-11-09'),(40,2561,'3247',0,8,0,'1342200053644','2018-11-09'),(41,2561,'3248',0,8,0,'1342200053644','2018-11-09'),(42,2561,'4345',0,8,0,'1342200053644','2018-11-09'),(59,2561,'3268',17,9,0,'1342200053644','2019-05-21'),(60,2561,'3269',18,9,0,'1342200053644','2019-05-21'),(61,2561,'3270',19,9,0,'1342200053644','2019-05-21'),(62,2561,'3271',20,9,0,'1342200053644','2019-05-21'),(63,2561,'3251',1,8,0,'1342200053644','2019-05-21'),(64,2561,'3258',2,8,0,'1342200053644','2019-05-21'),(65,2561,'3273',3,8,0,'1342200053644','2019-05-21'),(66,2561,'3274',4,8,0,'1342200053644','2019-05-21'),(67,2561,'3275',5,8,0,'1342200053644','2019-05-21'),(68,2561,'3276',6,8,0,'1342200053644','2019-05-21'),(69,2561,'3277',7,8,0,'1342200053644','2019-05-21'),(70,2561,'3278',8,8,0,'1342200053644','2019-05-21'),(71,2561,'3279',9,8,0,'1342200053644','2019-05-21'),(72,2561,'3280',10,8,0,'1342200053644','2019-05-21'),(73,2561,'3281',11,8,0,'1342200053644','2019-05-21'),(74,2561,'3282',12,8,0,'1342200053644','2019-05-21'),(75,2561,'3283',13,8,0,'1342200053644','2019-05-21'),(76,2561,'3284',14,8,0,'1342200053644','2019-05-21'),(77,2561,'3285',15,8,0,'1342200053644','2019-05-21'),(78,2561,'3286',16,8,0,'1342200053644','2019-05-21'),(79,2561,'3287',1,7,0,'1342200053644','2019-05-21'),(80,2561,'3288',2,7,0,'1342200053644','2019-05-21'),(81,2561,'3289',3,7,0,'1342200053644','2019-05-21'),(82,2561,'3290',4,7,0,'1342200053644','2019-05-21'),(83,2561,'3291',5,7,0,'1342200053644','2019-05-21'),(84,2561,'3292',6,7,0,'1342200053644','2019-05-21'),(85,2561,'3293',7,7,0,'1342200053644','2019-05-21'),(86,2561,'3295',8,7,0,'1342200053644','2019-05-21'),(87,2561,'3296',9,7,0,'1342200053644','2019-05-21'),(88,2561,'3297',10,7,0,'1342200053644','2019-05-21'),(89,2561,'3298',11,7,0,'1342200053644','2019-05-21'),(90,2561,'3299',12,7,0,'1342200053644','2019-05-21'),(91,2561,'3300',13,7,0,'1342200053644','2019-05-21'),(92,2561,'3301',14,7,0,'1342200053644','2019-05-21'),(93,2561,'3302',15,7,0,'1342200053644','2019-05-21'),(94,2561,'3303',16,7,0,'1342200053644','2019-05-21'),(95,2561,'3304',17,7,0,'1342200053644','2019-05-21'),(96,2561,'3305',18,7,0,'1342200053644','2019-05-21'),(97,2561,'3306',19,7,0,'1342200053644','2019-05-21'),(98,2561,'3308',20,7,0,'1342200053644','2019-05-21'),(99,2561,'3329',21,7,0,'1342200053644','2019-05-21'),(100,2561,'3309',1,6,0,'1342200053644','2019-05-21'),(101,2561,'3310',2,6,0,'1342200053644','2019-05-21'),(102,2561,'3311',3,6,0,'1342200053644','2019-05-21'),(103,2561,'3312',4,6,0,'1342200053644','2019-05-21'),(104,2561,'3313',5,6,0,'1342200053644','2019-05-21'),(105,2561,'3314',6,6,0,'1342200053644','2019-05-21'),(106,2561,'3315',7,6,0,'1342200053644','2019-05-21'),(107,2561,'3316',8,6,0,'1342200053644','2019-05-21'),(108,2561,'3317',9,6,0,'1342200053644','2019-05-21'),(109,2561,'3318',10,6,0,'1342200053644','2019-05-21'),(110,2561,'3319',11,6,0,'1342200053644','2019-05-21'),(111,2561,'3320',12,6,0,'1342200053644','2019-05-21'),(112,2561,'3321',13,6,0,'1342200053644','2019-05-21'),(113,2561,'3322',14,6,0,'1342200053644','2019-05-21'),(114,2561,'3323',15,6,0,'1342200053644','2019-05-21'),(115,2561,'3324',16,6,0,'1342200053644','2019-05-21'),(116,2561,'3325',17,6,0,'1342200053644','2019-05-21'),(117,2561,'3326',18,6,0,'1342200053644','2019-05-21'),(118,2561,'3327',19,6,0,'1342200053644','2019-05-21'),(119,2561,'3331',20,6,0,'1342200053644','2019-05-21'),(120,2561,'3367',21,6,0,'1342200053644','2019-05-21'),(121,2561,'3368',22,6,0,'1342200053644','2019-05-21'),(122,2561,'3406',23,6,0,'1342200053644','2019-05-21'),(123,2561,'3332',0,5,0,'1342200053644','2019-05-21'),(124,2561,'3333',0,5,0,'1342200053644','2019-05-21'),(125,2561,'3334',0,5,0,'1342200053644','2019-05-21'),(126,2561,'3335',0,5,0,'1342200053644','2019-05-21'),(127,2561,'3336',0,5,0,'1342200053644','2019-05-21'),(128,2561,'3337',0,5,0,'1342200053644','2019-05-21'),(129,2561,'3338',0,5,0,'1342200053644','2019-05-21'),(130,2561,'3339',0,5,0,'1342200053644','2019-05-21'),(131,2561,'3340',0,5,0,'1342200053644','2019-05-21'),(132,2561,'3341',0,5,0,'1342200053644','2019-05-21'),(133,2561,'3342',0,5,0,'1342200053644','2019-05-21'),(134,2561,'3343',0,5,0,'1342200053644','2019-05-21'),(135,2561,'3344',0,5,0,'1342200053644','2019-05-21'),(136,2561,'3345',0,5,0,'1342200053644','2019-05-21'),(137,2561,'3346',0,5,0,'1342200053644','2019-05-21'),(138,2561,'3348',0,5,0,'1342200053644','2019-05-21'),(139,2561,'3349',0,5,0,'1342200053644','2019-05-21'),(140,2561,'3350',0,5,0,'1342200053644','2019-05-21'),(141,2561,'3351',0,5,0,'1342200053644','2019-05-21'),(142,2561,'3352',0,5,0,'1342200053644','2019-05-21'),(143,2561,'3353',0,5,0,'1342200053644','2019-05-21'),(144,2561,'3354',0,5,0,'1342200053644','2019-05-21'),(145,2561,'3371',0,5,0,'1342200053644','2019-05-21'),(146,2561,'3355',1,4,0,'1342200053644','2019-05-21'),(147,2561,'3356',2,4,0,'1342200053644','2019-05-21'),(148,2561,'3357',3,4,0,'1342200053644','2019-05-21'),(149,2561,'3358',4,4,0,'1342200053644','2019-05-21'),(150,2561,'3359',5,4,0,'1342200053644','2019-05-21'),(151,2561,'3360',6,4,0,'1342200053644','2019-05-21'),(152,2561,'3361',7,4,0,'1342200053644','2019-05-21'),(153,2561,'3362',8,4,0,'1342200053644','2019-05-21'),(154,2561,'3363',9,4,0,'1342200053644','2019-05-21'),(155,2561,'3364',10,4,0,'1342200053644','2019-05-21'),(156,2561,'3365',11,4,0,'1342200053644','2019-05-21'),(157,2561,'3366',12,4,0,'1342200053644','2019-05-21'),(158,2561,'3372',13,4,0,'1342200053644','2019-05-21'),(159,2561,'3373',1,3,0,'1342200053644','2019-05-21'),(160,2561,'3374',2,3,0,'1342200053644','2019-05-21'),(161,2561,'3375',3,3,0,'1342200053644','2019-05-21'),(162,2561,'3376',4,3,0,'1342200053644','2019-05-21'),(163,2561,'3377',5,3,0,'1342200053644','2019-05-21'),(164,2561,'3378',6,3,0,'1342200053644','2019-05-21'),(165,2561,'3379',7,3,0,'1342200053644','2019-05-21'),(166,2561,'3380',8,3,0,'1342200053644','2019-05-21'),(167,2561,'3381',9,3,0,'1342200053644','2019-05-21'),(168,2561,'3382',10,3,0,'1342200053644','2019-05-21'),(169,2561,'3390',1,2,0,'1342200053644','2019-05-21'),(170,2561,'3391',2,2,0,'1342200053644','2019-05-21'),(171,2561,'3392',3,2,0,'1342200053644','2019-05-21'),(172,2561,'3393',4,2,0,'1342200053644','2019-05-21'),(173,2561,'3394',5,2,0,'1342200053644','2019-05-21'),(174,2561,'3395',6,2,0,'1342200053644','2019-05-21'),(175,2561,'3396',7,2,0,'1342200053644','2019-05-21'),(176,2561,'3397',8,2,0,'1342200053644','2019-05-21'),(177,2561,'3398',9,2,0,'1342200053644','2019-05-21'),(178,2561,'3399',10,2,0,'1342200053644','2019-05-21'),(179,2561,'3400',11,2,0,'1342200053644','2019-05-21'),(180,2561,'3401',12,2,0,'1342200053644','2019-05-21'),(181,2561,'3402',13,2,0,'1342200053644','2019-05-21'),(182,2561,'3403',14,2,0,'1342200053644','2019-05-21'),(183,2561,'3404',15,2,0,'1342200053644','2019-05-21'),(184,2561,'3405',16,2,0,'1342200053644','2019-05-21'),(185,2562,'3426',14,5,0,'1342200053644','2019-11-18'),(186,2562,'3404',14,3,0,'1342200053644','2019-11-18'),(187,2562,'3405',15,3,0,'1342200053644','2019-11-18'),(188,2562,'3408',16,3,0,'1342200053644','2019-11-18'),(189,2562,'3351',18,6,0,'1342200053644','2019-11-18'),(190,2562,'3352',19,6,0,'1342200053644','2019-11-18'),(191,2562,'3353',20,6,0,'1342200053644','2019-11-18'),(192,2562,'3354',21,6,0,'1342200053644','2019-11-18'),(193,2562,'3371',22,6,0,'1342200053644','2019-11-18'),(194,2562,'3427',23,6,0,'1342200053644','2019-11-18'),(195,2562,'3373',2,4,0,'1342200053644','2019-11-19'),(196,2562,'3407',18,4,0,'1342200053644','2020-02-07'),(197,2562,'3827',24,6,0,'1342200053644','2020-02-27'),(198,2562,'3275',5,9,0,'1342200053644','2020-07-01'),(199,2562,'3276',6,9,0,'1342200053644','2020-07-01'),(200,2562,'3277',7,9,0,'1342200053644','2020-07-01'),(201,2562,'3278',8,9,0,'1342200053644','2020-07-01'),(202,2562,'3279',9,9,0,'1342200053644','2020-07-01'),(203,2562,'3280',10,9,0,'1342200053644','2020-07-01'),(204,2562,'3281',11,9,0,'1342200053644','2020-07-01'),(205,2562,'3282',12,9,0,'1342200053644','2020-07-01'),(206,2562,'3283',13,9,0,'1342200053644','2020-07-01'),(207,2562,'3284',14,9,0,'1342200053644','2020-07-01'),(208,2562,'3285',15,9,0,'1342200053644','2020-07-01'),(209,2562,'3286',16,9,0,'1342200053644','2020-07-01'),(210,2562,'3409',1,2,0,'1342200053644','2020-07-01'),(211,2562,'3410',2,2,0,'1342200053644','2020-07-01'),(212,2562,'3411',3,2,0,'1342200053644','2020-07-01'),(213,2562,'3412',4,2,0,'1342200053644','2020-07-01'),(214,2562,'3413',5,2,0,'1342200053644','2020-07-01'),(215,2562,'3414',6,2,0,'1342200053644','2020-07-01'),(216,2562,'3415',7,2,0,'1342200053644','2020-07-01'),(217,2562,'3416',8,2,0,'1342200053644','2020-07-01'),(218,2562,'3417',9,2,0,'1342200053644','2020-07-01'),(219,2562,'3418',10,2,0,'1342200053644','2020-07-01'),(220,2562,'3419',11,2,0,'1342200053644','2020-07-01'),(221,2562,'3420',12,2,0,'1342200053644','2020-07-01'),(222,2562,'3421',13,2,0,'1342200053644','2020-07-01'),(223,2562,'3422',14,2,0,'1342200053644','2020-07-01'),(224,2562,'3423',15,2,0,'1342200053644','2020-07-01'),(225,2562,'3425',17,2,0,'1342200053644','2020-07-01'),(226,2562,'3370',1,4,0,'1342200053644','2020-07-01'),(227,2562,'3374',3,4,0,'1342200053644','2020-07-01'),(228,2562,'3375',4,4,0,'1342200053644','2020-07-01'),(229,2562,'3376',5,4,0,'1342200053644','2020-07-01'),(230,2562,'3377',6,4,0,'1342200053644','2020-07-01'),(231,2562,'3378',7,4,0,'1342200053644','2020-07-01'),(232,2562,'3379',8,4,0,'1342200053644','2020-07-01'),(233,2562,'3380',9,4,0,'1342200053644','2020-07-01'),(234,2562,'3381',10,4,0,'1342200053644','2020-07-01'),(235,2562,'3382',11,4,0,'1342200053644','2020-07-01'),(236,2562,'3383',12,4,0,'1342200053644','2020-07-01'),(237,2562,'3384',13,4,0,'1342200053644','2020-07-01'),(238,2562,'3386',14,4,0,'1342200053644','2020-07-01'),(239,2562,'3387',15,4,0,'1342200053644','2020-07-01'),(240,2562,'3388',16,4,0,'1342200053644','2020-07-01'),(241,2562,'3389',17,4,0,'1342200053644','2020-07-01'),(242,2562,'3287',1,8,0,'1342200053644','2020-07-01'),(243,2562,'3288',2,8,0,'1342200053644','2020-07-01'),(244,2562,'3290',4,8,0,'1342200053644','2020-07-01'),(245,2562,'3291',5,8,0,'1342200053644','2020-07-01'),(246,2562,'3292',6,8,0,'1342200053644','2020-07-01'),(247,2562,'3293',7,8,0,'1342200053644','2020-07-01'),(248,2562,'3295',8,8,0,'1342200053644','2020-07-01'),(249,2562,'3296',9,8,0,'1342200053644','2020-07-01'),(250,2562,'3297',10,8,0,'1342200053644','2020-07-01'),(251,2562,'3298',11,8,0,'1342200053644','2020-07-01'),(252,2562,'3299',12,8,0,'1342200053644','2020-07-01'),(253,2562,'3300',13,8,0,'1342200053644','2020-07-01'),(254,2562,'3301',14,8,0,'1342200053644','2020-07-01'),(255,2562,'3302',15,8,0,'1342200053644','2020-07-01'),(256,2562,'3303',16,8,0,'1342200053644','2020-07-01'),(257,2562,'3304',17,8,0,'1342200053644','2020-07-01'),(258,2562,'3305',18,8,0,'1342200053644','2020-07-01'),(259,2562,'3308',20,8,0,'1342200053644','2020-07-01'),(260,2562,'3329',21,8,0,'1342200053644','2020-07-01'),(261,2562,'3309',1,7,0,'1342200053644','2020-07-01'),(262,2562,'3310',2,7,0,'1342200053644','2020-07-01'),(263,2562,'3311',3,7,0,'1342200053644','2020-07-01'),(264,2562,'3312',4,7,0,'1342200053644','2020-07-01'),(265,2562,'3313',5,7,0,'1342200053644','2020-07-01'),(266,2562,'3314',6,7,0,'1342200053644','2020-07-01'),(267,2562,'3315',7,7,0,'1342200053644','2020-07-01'),(268,2562,'3316',8,7,0,'1342200053644','2020-07-01'),(269,2562,'3318',10,7,0,'1342200053644','2020-07-01'),(270,2562,'3319',11,7,0,'1342200053644','2020-07-01'),(271,2562,'3320',12,7,0,'1342200053644','2020-07-01'),(272,2562,'3321',13,7,0,'1342200053644','2020-07-01'),(273,2562,'3322',14,7,0,'1342200053644','2020-07-01'),(274,2562,'3323',15,7,0,'1342200053644','2020-07-01'),(275,2562,'3324',16,7,0,'1342200053644','2020-07-01'),(276,2562,'3325',17,7,0,'1342200053644','2020-07-01'),(277,2562,'3326',18,7,0,'1342200053644','2020-07-01'),(278,2562,'3327',19,7,0,'1342200053644','2020-07-01'),(279,2562,'3331',20,7,0,'1342200053644','2020-07-01'),(280,2562,'3367',21,7,0,'1342200053644','2020-07-01'),(281,2562,'3368',22,7,0,'1342200053644','2020-07-01'),(282,2562,'3406',23,7,0,'1342200053644','2020-07-01'),(283,2562,'3332',1,6,0,'1342200053644','2020-07-01'),(284,2562,'3334',2,6,0,'1342200053644','2020-07-01'),(285,2562,'3333',3,6,0,'1342200053644','2020-07-01'),(286,2562,'3335',4,6,0,'1342200053644','2020-07-01'),(287,2562,'3336',5,6,0,'1342200053644','2020-07-01'),(288,2562,'3337',6,6,0,'1342200053644','2020-07-01'),(289,2562,'3338',7,6,0,'1342200053644','2020-07-01'),(290,2562,'3339',8,6,0,'1342200053644','2020-07-01'),(291,2562,'3340',9,6,0,'1342200053644','2020-07-01'),(292,2562,'3341',10,6,0,'1342200053644','2020-07-01'),(293,2562,'3342',11,6,0,'1342200053644','2020-07-01'),(294,2562,'3343',12,6,0,'1342200053644','2020-07-01'),(295,2562,'3344',13,6,0,'1342200053644','2020-07-01'),(296,2562,'3345',14,6,0,'1342200053644','2020-07-01'),(297,2562,'3346',15,6,0,'1342200053644','2020-07-01'),(298,2562,'3348',16,6,0,'1342200053644','2020-07-01'),(299,2562,'3349',17,6,0,'1342200053644','2020-07-01'),(300,2562,'3355',1,5,0,'1342200053644','2020-07-01'),(301,2562,'3356',2,5,0,'1342200053644','2020-07-01'),(302,2562,'3357',3,5,0,'1342200053644','2020-07-01'),(303,2562,'3358',4,5,0,'1342200053644','2020-07-01'),(304,2562,'3359',5,5,0,'1342200053644','2020-07-01'),(305,2562,'3360',6,5,0,'1342200053644','2020-07-01'),(306,2562,'3361',7,5,0,'1342200053644','2020-07-01'),(307,2562,'3362',8,5,0,'1342200053644','2020-07-01'),(308,2562,'3363',9,5,0,'1342200053644','2020-07-01'),(309,2562,'3364',10,5,0,'1342200053644','2020-07-01'),(310,2562,'3365',11,5,0,'1342200053644','2020-07-01'),(311,2562,'3366',12,5,0,'1342200053644','2020-07-01'),(312,2562,'3372',13,5,0,'1342200053644','2020-07-01'),(313,2562,'3390',1,3,0,'1342200053644','2020-07-01'),(314,2562,'3391',2,3,0,'1342200053644','2020-07-01'),(315,2562,'3392',3,3,0,'1342200053644','2020-07-01'),(316,2562,'3393',4,3,0,'1342200053644','2020-07-01'),(317,2562,'3394',5,3,0,'1342200053644','2020-07-01'),(318,2562,'3395',6,3,0,'1342200053644','2020-07-01'),(319,2562,'3396',7,3,0,'1342200053644','2020-07-01'),(320,2562,'3397',8,3,0,'1342200053644','2020-07-01'),(321,2562,'3398',9,3,0,'1342200053644','2020-07-01'),(322,2562,'3399',10,3,0,'1342200053644','2020-07-01'),(323,2562,'3400',11,3,0,'1342200053644','2020-07-01'),(324,2562,'3401',12,3,0,'1342200053644','2020-07-01'),(325,2562,'3402',13,3,0,'1342200053644','2020-07-01'),(326,2562,'3251',1,9,0,'1342200053644','2020-07-01'),(327,2562,'3258',2,9,0,'1342200053644','2020-07-01'),(328,2562,'3273',3,9,0,'1342200053644','2020-07-01'),(329,2562,'3274',4,9,0,'1342200053644','2020-07-01'),(330,2563,'3429',1,2,0,'1342200053644','2020-08-03'),(331,2563,'3430',2,2,0,'1342200053644','2020-08-03'),(349,2563,'3424',16,3,0,'1342200053644','2021-04-05'),(333,2563,'3432',4,2,0,'1342200053644','2020-08-03'),(334,2563,'3433',5,2,0,'1342200053644','2020-08-03'),(335,2563,'3434',6,2,0,'1342200053644','2020-08-03'),(336,2563,'3435',7,2,0,'1342200053644','2020-08-03'),(337,2563,'3436',8,2,0,'1342200053644','2020-08-03'),(338,2563,'3437',9,2,0,'1342200053644','2020-08-03'),(339,2563,'3438',10,2,0,'1342200053644','2020-08-03'),(340,2563,'3439',11,2,0,'1342200053644','2020-08-03'),(341,2563,'3440',12,2,0,'1342200053644','2020-08-03'),(342,2563,'3441',13,2,0,'1342200053644','2020-08-03'),(343,2563,'3442',14,2,0,'1342200053644','2020-08-03'),(344,2563,'3443',15,2,0,'1342200053644','2020-08-03'),(345,2563,'3444',16,2,0,'1342200053644','2020-08-03'),(346,2563,'3445',17,2,0,'1342200053644','2020-08-03'),(347,2563,'3428',14,6,0,'1342200053644','2020-08-04'),(348,2563,'3426',17,3,0,'1342200053644','2021-04-05'),(350,2563,'3418',9,3,0,'1342200053644','2021-04-05'),(351,2563,'3419',10,3,0,'1342200053644','2021-04-05'),(352,2563,'3420',11,3,0,'1342200053644','2021-04-05'),(353,2563,'3421',12,3,0,'1342200053644','2021-04-05'),(354,2563,'3422',13,3,0,'1342200053644','2021-04-05'),(355,2563,'3423',14,3,0,'1342200053644','2021-04-05'),(356,2563,'3425',15,3,0,'1342200053644','2021-04-05'),(357,2563,'3287',1,9,0,'1342200053644','2021-06-14'),(358,2563,'3288',2,9,0,'1342200053644','2021-06-14'),(359,2563,'3290',4,9,0,'1342200053644','2021-06-14'),(360,2563,'3291',5,9,0,'1342200053644','2021-06-14'),(361,2563,'3292',6,9,0,'1342200053644','2021-06-14'),(362,2563,'3293',7,9,0,'1342200053644','2021-06-14'),(363,2563,'3295',8,9,0,'1342200053644','2021-06-14'),(364,2563,'3296',9,9,0,'1342200053644','2021-06-14'),(365,2563,'3297',10,9,0,'1342200053644','2021-06-14'),(366,2563,'3298',11,9,0,'1342200053644','2021-06-14'),(367,2563,'3299',12,9,0,'1342200053644','2021-06-14'),(368,2563,'3300',13,9,0,'1342200053644','2021-06-14'),(369,2563,'3301',14,9,0,'1342200053644','2021-06-14'),(370,2563,'3302',15,9,0,'1342200053644','2021-06-14'),(371,2563,'3303',16,9,0,'1342200053644','2021-06-14'),(372,2563,'3304',17,9,0,'1342200053644','2021-06-14'),(373,2563,'3305',18,9,0,'1342200053644','2021-06-14'),(374,2563,'3308',20,9,0,'1342200053644','2021-06-14'),(375,2563,'3329',21,9,0,'1342200053644','2021-06-14'),(376,2563,'3309',1,8,0,'1342200053644','2021-06-14'),(377,2563,'3310',2,8,0,'1342200053644','2021-06-14'),(378,2563,'3311',3,8,0,'1342200053644','2021-06-14'),(379,2563,'3312',4,8,0,'1342200053644','2021-06-14'),(380,2563,'3313',5,8,0,'1342200053644','2021-06-14'),(381,2563,'3314',6,8,0,'1342200053644','2021-06-14'),(382,2563,'3315',7,8,0,'1342200053644','2021-06-14'),(383,2563,'3316',8,8,0,'1342200053644','2021-06-14'),(384,2563,'3318',10,8,0,'1342200053644','2021-06-14'),(385,2563,'3319',11,8,0,'1342200053644','2021-06-14'),(386,2563,'3320',12,8,0,'1342200053644','2021-06-14'),(387,2563,'3321',13,8,0,'1342200053644','2021-06-14'),(388,2563,'3322',14,8,0,'1342200053644','2021-06-14'),(389,2563,'3323',15,8,0,'1342200053644','2021-06-14'),(390,2563,'3324',16,8,0,'1342200053644','2021-06-14'),(391,2563,'3325',17,8,0,'1342200053644','2021-06-14'),(392,2563,'3326',18,8,0,'1342200053644','2021-06-14'),(393,2563,'3327',19,8,0,'1342200053644','2021-06-14'),(394,2563,'3331',20,8,0,'1342200053644','2021-06-14'),(395,2563,'3367',21,8,0,'1342200053644','2021-06-14'),(396,2563,'3368',22,8,0,'1342200053644','2021-06-14'),(397,2563,'3406',23,8,0,'1342200053644','2021-06-14'),(398,2563,'3332',1,7,0,'1342200053644','2021-06-14'),(399,2563,'3334',2,7,0,'1342200053644','2021-06-14'),(400,2563,'3335',4,7,0,'1342200053644','2021-06-14'),(401,2563,'3336',5,7,0,'1342200053644','2021-06-14'),(402,2563,'3337',6,7,0,'1342200053644','2021-06-14'),(403,2563,'3338',7,7,0,'1342200053644','2021-06-14'),(404,2563,'3339',8,7,0,'1342200053644','2021-06-14'),(405,2563,'3340',9,7,0,'1342200053644','2021-06-14'),(406,2563,'3341',10,7,0,'1342200053644','2021-06-14'),(407,2563,'3342',11,7,0,'1342200053644','2021-06-14'),(408,2563,'3343',12,7,0,'1342200053644','2021-06-14'),(409,2563,'3344',13,7,0,'1342200053644','2021-06-14'),(410,2563,'3345',14,7,0,'1342200053644','2021-06-14'),(411,2563,'3346',15,7,0,'1342200053644','2021-06-14'),(412,2563,'3348',16,7,0,'1342200053644','2021-06-14'),(413,2563,'3349',17,7,0,'1342200053644','2021-06-14'),(414,2563,'3351',18,7,0,'1342200053644','2021-06-14'),(415,2563,'3352',19,7,0,'1342200053644','2021-06-14'),(416,2563,'3353',20,7,0,'1342200053644','2021-06-14'),(417,2563,'3354',21,7,0,'1342200053644','2021-06-14'),(418,2563,'3371',22,7,0,'1342200053644','2021-06-14'),(419,2563,'3355',1,6,0,'1342200053644','2021-06-14'),(420,2563,'3356',2,6,0,'1342200053644','2021-06-14'),(421,2563,'3357',3,6,0,'1342200053644','2021-06-14'),(422,2563,'3358',4,6,0,'1342200053644','2021-06-14'),(423,2563,'3360',6,6,0,'1342200053644','2021-06-14'),(424,2563,'3361',7,6,0,'1342200053644','2021-06-14'),(425,2563,'3362',8,6,0,'1342200053644','2021-06-14'),(426,2563,'3363',9,6,0,'1342200053644','2021-06-14'),(427,2563,'3364',10,6,0,'1342200053644','2021-06-14'),(428,2563,'3365',11,6,0,'1342200053644','2021-06-14'),(429,2563,'3366',12,6,0,'1342200053644','2021-06-14'),(430,2563,'3372',13,6,0,'1342200053644','2021-06-14'),(431,2563,'3370',1,5,0,'1342200053644','2021-06-14'),(432,2563,'3373',2,5,0,'1342200053644','2021-06-14'),(433,2563,'3374',3,5,0,'1342200053644','2021-06-14'),(434,2563,'3375',4,5,0,'1342200053644','2021-06-14'),(435,2563,'3376',5,5,0,'1342200053644','2021-06-14'),(436,2563,'3377',6,5,0,'1342200053644','2021-06-14'),(437,2563,'3378',7,5,0,'1342200053644','2021-06-14'),(438,2563,'3379',8,5,0,'1342200053644','2021-06-14'),(439,2563,'3380',9,5,0,'1342200053644','2021-06-14'),(440,2563,'3381',10,5,0,'1342200053644','2021-06-14'),(441,2563,'3382',11,5,0,'1342200053644','2021-06-14'),(442,2563,'3383',12,5,0,'1342200053644','2021-06-14'),(443,2563,'3384',13,5,0,'1342200053644','2021-06-14'),(444,2563,'3386',14,5,0,'1342200053644','2021-06-14'),(445,2563,'3387',15,5,0,'1342200053644','2021-06-14'),(446,2563,'3388',16,5,0,'1342200053644','2021-06-14'),(447,2563,'3389',17,5,0,'1342200053644','2021-06-14'),(448,2563,'3407',18,5,0,'1342200053644','2021-06-14'),(449,2563,'3390',1,4,0,'1342200053644','2021-06-14'),(450,2563,'3391',2,4,0,'1342200053644','2021-06-14'),(451,2563,'3392',3,4,0,'1342200053644','2021-06-14'),(452,2563,'3393',4,4,0,'1342200053644','2021-06-14'),(453,2563,'3394',5,4,0,'1342200053644','2021-06-14'),(454,2563,'3396',7,4,0,'1342200053644','2021-06-14'),(455,2563,'3397',8,4,0,'1342200053644','2021-06-14'),(456,2563,'3398',9,4,0,'1342200053644','2021-06-14'),(457,2563,'3399',10,4,0,'1342200053644','2021-06-14'),(458,2563,'3400',11,4,0,'1342200053644','2021-06-14'),(459,2563,'3401',12,4,0,'1342200053644','2021-06-14'),(460,2563,'3402',13,4,0,'1342200053644','2021-06-14'),(461,2563,'3404',14,4,0,'1342200053644','2021-06-14'),(462,2563,'3405',15,4,0,'1342200053644','2021-06-14'),(463,2563,'3408',16,4,0,'1342200053644','2021-06-14'),(464,2563,'3409',1,3,0,'1342200053644','2021-06-14'),(465,2563,'3410',2,3,0,'1342200053644','2021-06-14'),(466,2563,'3411',3,3,0,'1342200053644','2021-06-14'),(467,2563,'3412',4,3,0,'1342200053644','2021-06-14'),(468,2563,'3413',5,3,0,'1342200053644','2021-06-14'),(469,2563,'3414',6,3,0,'1342200053644','2021-06-14'),(470,2563,'3415',7,3,0,'1342200053644','2021-06-14'),(471,2563,'3416',8,3,0,'1342200053644','2021-06-14'),(472,2564,'3463',23,8,0,'1342200053644','2021-06-28'),(473,2564,'3446',1,2,0,'1342200053644','2021-06-28'),(474,2564,'3447',2,2,0,'1342200053644','2021-06-28'),(475,2564,'3448',3,2,0,'1342200053644','2021-06-28'),(476,2564,'3449',4,2,0,'1342200053644','2021-06-28'),(477,2564,'3450',5,2,0,'1342200053644','2021-06-28'),(478,2564,'3451',6,2,0,'1342200053644','2021-06-28'),(479,2564,'3452',7,2,0,'1342200053644','2021-06-28'),(480,2564,'3453',8,2,0,'1342200053644','2021-06-28'),(481,2564,'3454',9,2,0,'1342200053644','2021-06-28'),(482,2564,'3455',10,2,0,'1342200053644','2021-06-29'),(483,2564,'3456',11,2,0,'1342200053644','2021-06-29'),(484,2564,'3457',12,2,0,'1342200053644','2021-06-29'),(485,2564,'3458',13,2,0,'1342200053644','2021-06-29'),(486,2564,'3459',14,2,0,'1342200053644','2021-06-29'),(487,2564,'3460',15,2,0,'1342200053644','2021-06-29'),(488,2564,'3461',16,2,0,'1342200053644','2021-06-29'),(489,2564,'3462',17,2,0,'1342200053644','2021-06-29'),(490,2564,'3309',1,9,0,'1342200053644','2022-05-19'),(491,2564,'3310',2,9,0,'1342200053644','2022-05-19'),(492,2564,'3311',3,9,0,'1342200053644','2022-05-19'),(493,2564,'3312',4,9,0,'1342200053644','2022-05-19'),(494,2564,'3313',5,9,0,'1342200053644','2022-05-19'),(495,2564,'3314',6,9,0,'1342200053644','2022-05-19'),(496,2564,'3315',7,9,0,'1342200053644','2022-05-19'),(497,2564,'3316',8,9,0,'1342200053644','2022-05-19'),(498,2564,'3318',10,9,0,'1342200053644','2022-05-19'),(499,2564,'3319',11,9,0,'1342200053644','2022-05-19'),(500,2564,'3320',12,9,0,'1342200053644','2022-05-19'),(501,2564,'3321',13,9,0,'1342200053644','2022-05-19'),(502,2564,'3322',14,9,0,'1342200053644','2022-05-19'),(503,2564,'3323',15,9,0,'1342200053644','2022-05-19'),(504,2564,'3324',16,9,0,'1342200053644','2022-05-19'),(505,2564,'3325',17,9,0,'1342200053644','2022-05-19'),(506,2564,'3326',18,9,0,'1342200053644','2022-05-19'),(507,2564,'3327',19,9,0,'1342200053644','2022-05-19'),(508,2564,'3331',20,9,0,'1342200053644','2022-05-19'),(509,2564,'3367',21,9,0,'1342200053644','2022-05-19'),(510,2564,'3368',22,9,0,'1342200053644','2022-05-19'),(511,2564,'3332',1,8,0,'1342200053644','2022-05-19'),(512,2564,'3334',2,8,0,'1342200053644','2022-05-19'),(513,2564,'3335',4,8,0,'1342200053644','2022-05-19'),(514,2564,'3336',5,8,0,'1342200053644','2022-05-19'),(515,2564,'3337',6,8,0,'1342200053644','2022-05-19'),(516,2564,'3338',7,8,0,'1342200053644','2022-05-19'),(517,2564,'3339',8,8,0,'1342200053644','2022-05-19'),(518,2564,'3340',9,8,0,'1342200053644','2022-05-19'),(519,2564,'3341',10,8,0,'1342200053644','2022-05-19'),(520,2564,'3342',11,8,0,'1342200053644','2022-05-19'),(521,2564,'3343',12,8,0,'1342200053644','2022-05-19'),(522,2564,'3344',13,8,0,'1342200053644','2022-05-19'),(523,2564,'3345',14,8,0,'1342200053644','2022-05-19'),(524,2564,'3348',16,8,0,'1342200053644','2022-05-19'),(525,2564,'3349',17,8,0,'1342200053644','2022-05-19'),(526,2564,'3351',18,8,0,'1342200053644','2022-05-19'),(527,2564,'3352',19,8,0,'1342200053644','2022-05-19'),(528,2564,'3353',20,8,0,'1342200053644','2022-05-19'),(529,2564,'3354',21,8,0,'1342200053644','2022-05-19'),(530,2564,'3371',22,8,0,'1342200053644','2022-05-19'),(531,2564,'3355',1,7,0,'1342200053644','2022-05-19'),(532,2564,'3356',2,7,0,'1342200053644','2022-05-19'),(533,2564,'3357',3,7,0,'1342200053644','2022-05-19'),(534,2564,'3358',4,7,0,'1342200053644','2022-05-19'),(535,2564,'3360',6,7,0,'1342200053644','2022-05-19'),(536,2564,'3361',7,7,0,'1342200053644','2022-05-19'),(537,2564,'3362',8,7,0,'1342200053644','2022-05-19'),(538,2564,'3363',9,7,0,'1342200053644','2022-05-19'),(539,2564,'3364',10,7,0,'1342200053644','2022-05-19'),(540,2564,'3365',11,7,0,'1342200053644','2022-05-19'),(541,2564,'3366',12,7,0,'1342200053644','2022-05-19'),(542,2564,'3372',13,7,0,'1342200053644','2022-05-19'),(543,2564,'3370',1,6,0,'1342200053644','2022-05-19'),(544,2564,'3373',2,6,0,'1342200053644','2022-05-19'),(545,2564,'3374',3,6,0,'1342200053644','2022-05-19'),(546,2564,'3375',4,6,0,'1342200053644','2022-05-19'),(547,2564,'3376',5,6,0,'1342200053644','2022-05-19'),(548,2564,'3377',6,6,0,'1342200053644','2022-05-19'),(549,2564,'3378',7,6,0,'1342200053644','2022-05-19'),(550,2564,'3379',8,6,0,'1342200053644','2022-05-19'),(551,2564,'3380',9,6,0,'1342200053644','2022-05-19'),(552,2564,'3381',10,6,0,'1342200053644','2022-05-19'),(553,2564,'3382',11,6,0,'1342200053644','2022-05-19'),(554,2564,'3383',12,6,0,'1342200053644','2022-05-19'),(555,2564,'3384',13,6,0,'1342200053644','2022-05-19'),(556,2564,'3386',14,6,0,'1342200053644','2022-05-19'),(557,2564,'3387',15,6,0,'1342200053644','2022-05-19'),(558,2564,'3388',16,6,0,'1342200053644','2022-05-19'),(559,2564,'3389',17,6,0,'1342200053644','2022-05-19'),(560,2564,'3407',18,6,0,'1342200053644','2022-05-19'),(561,2564,'3390',1,5,0,'1342200053644','2022-05-19'),(562,2564,'3391',2,5,0,'1342200053644','2022-05-19'),(563,2564,'3392',3,5,0,'1342200053644','2022-05-19'),(564,2564,'3393',4,5,0,'1342200053644','2022-05-19'),(565,2564,'3394',5,5,0,'1342200053644','2022-05-19'),(566,2564,'3396',7,5,0,'1342200053644','2022-05-19'),(567,2564,'3397',8,5,0,'1342200053644','2022-05-19'),(568,2564,'3398',9,5,0,'1342200053644','2022-05-19'),(569,2564,'3399',10,5,0,'1342200053644','2022-05-19'),(570,2564,'3400',11,5,0,'1342200053644','2022-05-19'),(571,2564,'3401',12,5,0,'1342200053644','2022-05-19'),(572,2564,'3402',13,5,0,'1342200053644','2022-05-19'),(573,2564,'3404',14,5,0,'1342200053644','2022-05-19'),(574,2564,'3405',15,5,0,'1342200053644','2022-05-19'),(575,2564,'3408',16,5,0,'1342200053644','2022-05-19'),(576,2564,'3409',1,4,0,'1342200053644','2022-05-19'),(577,2564,'3410',2,4,0,'1342200053644','2022-05-19'),(578,2564,'3411',3,4,0,'1342200053644','2022-05-19'),(579,2564,'3412',4,4,0,'1342200053644','2022-05-19'),(580,2564,'3413',5,4,0,'1342200053644','2022-05-19'),(581,2564,'3395',6,4,0,'1342200053644','2022-05-19'),(582,2564,'3414',6,4,0,'1342200053644','2022-05-19'),(583,2564,'3415',7,4,0,'1342200053644','2022-05-19'),(584,2564,'3416',8,4,0,'1342200053644','2022-05-19'),(585,2564,'3418',9,4,0,'1342200053644','2022-05-19'),(586,2564,'3419',10,4,0,'1342200053644','2022-05-19'),(587,2564,'3420',11,4,0,'1342200053644','2022-05-19'),(588,2564,'3421',12,4,0,'1342200053644','2022-05-19'),(589,2564,'3422',13,4,0,'1342200053644','2022-05-19'),(590,2564,'3423',14,4,0,'1342200053644','2022-05-19'),(591,2564,'3424',16,4,0,'1342200053644','2022-05-19'),(592,2564,'3426',17,4,0,'1342200053644','2022-05-19'),(593,2564,'3429',1,3,0,'1342200053644','2022-05-19'),(594,2564,'3430',2,3,0,'1342200053644','2022-05-19'),(595,2564,'3432',4,3,0,'1342200053644','2022-05-19'),(596,2564,'3433',5,3,0,'1342200053644','2022-05-19'),(597,2564,'3434',6,3,0,'1342200053644','2022-05-19'),(598,2564,'3435',7,3,0,'1342200053644','2022-05-19'),(599,2564,'3436',8,3,0,'1342200053644','2022-05-19'),(600,2564,'3437',9,3,0,'1342200053644','2022-05-19'),(601,2564,'3438',10,3,0,'1342200053644','2022-05-19'),(602,2564,'3439',11,3,0,'1342200053644','2022-05-19'),(603,2564,'3440',12,3,0,'1342200053644','2022-05-19'),(604,2564,'3441',13,3,0,'1342200053644','2022-05-19'),(605,2564,'3442',14,3,0,'1342200053644','2022-05-19'),(606,2564,'3443',15,3,0,'1342200053644','2022-05-19'),(607,2564,'3444',16,3,0,'1342200053644','2022-05-19'),(608,2564,'3445',17,3,0,'1342200053644','2022-05-19'),(609,2565,'3354',21,9,0,'1342200053644','2022-07-23'),(610,2565,'3478',18,4,0,'1342200053644','2022-07-25'),(617,2565,'3359',16,8,0,'1349900856045','2023-02-08'),(612,2565,'3480',19,7,0,'1342200053644','2022-07-25'),(613,2565,'3464',14,8,0,'1342200053644','2022-07-25'),(614,2565,'3479',15,8,0,'1342200053644','2022-07-25'),(615,2565,'3459',14,3,0,'1342200053644','2022-09-16'),(616,2565,'3446',1,3,0,'1342200053644','2022-09-16'),(618,2565,'3417',18,5,0,'1342200053644','2023-03-07'),(619,2565,'3332',1,9,0,'1342200053644','2023-05-23'),(620,2565,'3334',2,9,0,'1342200053644','2023-05-23'),(621,2565,'3335',4,9,0,'1342200053644','2023-05-23'),(622,2565,'3336',5,9,0,'1342200053644','2023-05-23'),(623,2565,'3337',6,9,0,'1342200053644','2023-05-23'),(624,2565,'3338',7,9,0,'1342200053644','2023-05-23'),(625,2565,'3339',8,9,0,'1342200053644','2023-05-23'),(626,2565,'3340',9,9,0,'1342200053644','2023-05-23'),(627,2565,'3341',10,9,0,'1342200053644','2023-05-23'),(628,2565,'3342',11,9,0,'1342200053644','2023-05-23'),(629,2565,'3343',12,9,0,'1342200053644','2023-05-23'),(630,2565,'3344',13,9,0,'1342200053644','2023-05-23'),(631,2565,'3345',14,9,0,'1342200053644','2023-05-23'),(632,2565,'3348',16,9,0,'1342200053644','2023-05-23'),(633,2565,'3349',17,9,0,'1342200053644','2023-05-23'),(634,2565,'3351',18,9,0,'1342200053644','2023-05-23'),(635,2565,'3352',19,9,0,'1342200053644','2023-05-23'),(636,2565,'3353',20,9,0,'1342200053644','2023-05-23'),(637,2565,'3371',22,9,0,'1342200053644','2023-05-23'),(638,2565,'3463',23,9,0,'1342200053644','2023-05-23'),(639,2565,'3355',1,8,0,'1342200053644','2023-05-23'),(640,2565,'3356',2,8,0,'1342200053644','2023-05-23'),(641,2565,'3357',3,8,0,'1342200053644','2023-05-23'),(642,2565,'3358',4,8,0,'1342200053644','2023-05-23'),(643,2565,'3360',6,8,0,'1342200053644','2023-05-23'),(644,2565,'3361',7,8,0,'1342200053644','2023-05-23'),(645,2565,'3362',8,8,0,'1342200053644','2023-05-23'),(646,2565,'3363',9,8,0,'1342200053644','2023-05-23'),(647,2565,'3364',10,8,0,'1342200053644','2023-05-23'),(648,2565,'3366',12,8,0,'1342200053644','2023-05-23'),(649,2565,'3372',13,8,0,'1342200053644','2023-05-23'),(650,2565,'3370',1,7,0,'1342200053644','2023-05-23'),(651,2565,'3373',2,7,0,'1342200053644','2023-05-23'),(652,2565,'3374',3,7,0,'1342200053644','2023-05-23'),(653,2565,'3375',4,7,0,'1342200053644','2023-05-23'),(654,2565,'3376',5,7,0,'1342200053644','2023-05-23'),(655,2565,'3377',6,7,0,'1342200053644','2023-05-23'),(656,2565,'3378',7,7,0,'1342200053644','2023-05-23'),(657,2565,'3379',8,7,0,'1342200053644','2023-05-23'),(658,2565,'3380',9,7,0,'1342200053644','2023-05-23'),(659,2565,'3381',10,7,0,'1342200053644','2023-05-23'),(660,2565,'3382',11,7,0,'1342200053644','2023-05-23'),(661,2565,'3383',12,7,0,'1342200053644','2023-05-23'),(662,2565,'3384',13,7,0,'1342200053644','2023-05-23'),(663,2565,'3386',14,7,0,'1342200053644','2023-05-23'),(664,2565,'3387',15,7,0,'1342200053644','2023-05-23'),(665,2565,'3388',16,7,0,'1342200053644','2023-05-23'),(666,2565,'3389',17,7,0,'1342200053644','2023-05-23'),(667,2565,'3407',18,7,0,'1342200053644','2023-05-23'),(668,2565,'3390',1,6,0,'1342200053644','2023-05-23'),(669,2565,'3391',2,6,0,'1342200053644','2023-05-23'),(670,2565,'3392',3,6,0,'1342200053644','2023-05-23'),(671,2565,'3393',4,6,0,'1342200053644','2023-05-23'),(672,2565,'3394',5,6,0,'1342200053644','2023-05-23'),(673,2565,'3396',7,6,0,'1342200053644','2023-05-23'),(674,2565,'3397',8,6,0,'1342200053644','2023-05-23'),(675,2565,'3398',9,6,0,'1342200053644','2023-05-23'),(676,2565,'3399',10,6,0,'1342200053644','2023-05-23'),(677,2565,'3400',11,6,0,'1342200053644','2023-05-23'),(678,2565,'3401',12,6,0,'1342200053644','2023-05-23'),(679,2565,'3402',13,6,0,'1342200053644','2023-05-23'),(680,2565,'3404',14,6,0,'1342200053644','2023-05-23'),(681,2565,'3405',15,6,0,'1342200053644','2023-05-23'),(682,2565,'3408',16,6,0,'1342200053644','2023-05-23'),(683,2565,'3409',1,5,0,'1342200053644','2023-05-23'),(684,2565,'3410',2,5,0,'1342200053644','2023-05-23'),(685,2565,'3411',3,5,0,'1342200053644','2023-05-23'),(686,2565,'3412',4,5,0,'1342200053644','2023-05-23'),(687,2565,'3413',5,5,0,'1342200053644','2023-05-23'),(688,2565,'3414',6,5,0,'1342200053644','2023-05-23'),(689,2565,'3415',7,5,0,'1342200053644','2023-05-23'),(690,2565,'3416',8,5,0,'1342200053644','2023-05-23'),(691,2565,'3418',9,5,0,'1342200053644','2023-05-23'),(692,2565,'3419',10,5,0,'1342200053644','2023-05-23'),(693,2565,'3420',11,5,0,'1342200053644','2023-05-23'),(694,2565,'3421',12,5,0,'1342200053644','2023-05-23'),(695,2565,'3422',13,5,0,'1342200053644','2023-05-23'),(696,2565,'3423',14,5,0,'1342200053644','2023-05-23'),(697,2565,'3424',16,5,0,'1342200053644','2023-05-23'),(698,2565,'3426',17,5,0,'1342200053644','2023-05-23'),(699,2565,'3429',1,4,0,'1342200053644','2023-05-23'),(700,2565,'3430',2,4,0,'1342200053644','2023-05-23'),(701,2565,'3432',4,4,0,'1342200053644','2023-05-23'),(702,2565,'3433',5,4,0,'1342200053644','2023-05-23'),(703,2565,'3434',6,4,0,'1342200053644','2023-05-23'),(704,2565,'3435',7,4,0,'1342200053644','2023-05-23'),(705,2565,'3436',8,4,0,'1342200053644','2023-05-23'),(706,2565,'3437',9,4,0,'1342200053644','2023-05-23'),(707,2565,'3438',10,4,0,'1342200053644','2023-05-23'),(708,2565,'3439',11,4,0,'1342200053644','2023-05-23'),(709,2565,'3440',12,4,0,'1342200053644','2023-05-23'),(710,2565,'3441',13,4,0,'1342200053644','2023-05-23'),(711,2565,'3442',14,4,0,'1342200053644','2023-05-23'),(712,2565,'3425',15,4,0,'1342200053644','2023-05-23'),(713,2565,'3443',15,4,0,'1342200053644','2023-05-23'),(714,2565,'3444',16,4,0,'1342200053644','2023-05-23'),(715,2565,'3445',17,4,0,'1342200053644','2023-05-23'),(716,2565,'3447',2,3,0,'1342200053644','2023-05-23'),(717,2565,'3448',3,3,0,'1342200053644','2023-05-23'),(718,2565,'3449',4,3,0,'1342200053644','2023-05-23'),(719,2565,'3450',5,3,0,'1342200053644','2023-05-23'),(720,2565,'3451',6,3,0,'1342200053644','2023-05-23'),(721,2565,'3452',7,3,0,'1342200053644','2023-05-23'),(722,2565,'3453',8,3,0,'1342200053644','2023-05-23'),(723,2565,'3454',9,3,0,'1342200053644','2023-05-23'),(724,2565,'3455',10,3,0,'1342200053644','2023-05-23'),(725,2565,'3456',11,3,0,'1342200053644','2023-05-23'),(726,2565,'3457',12,3,0,'1342200053644','2023-05-23'),(727,2565,'3458',13,3,0,'1342200053644','2023-05-23'),(728,2565,'3460',15,3,0,'1342200053644','2023-05-23'),(729,2565,'3461',16,3,0,'1342200053644','2023-05-23'),(730,2565,'3462',17,3,0,'1342200053644','2023-05-23'),(731,2565,'3465',1,2,1,'1342200053644','2023-05-23'),(732,2565,'3466',2,2,1,'1342200053644','2023-05-23'),(733,2565,'3467',3,2,1,'1342200053644','2023-05-23'),(734,2565,'3468',4,2,1,'1342200053644','2023-05-23'),(735,2565,'3469',5,2,1,'1342200053644','2023-05-23'),(736,2565,'3470',6,2,1,'1342200053644','2023-05-23'),(737,2565,'3471',7,2,1,'1342200053644','2023-05-23'),(738,2565,'3472',8,2,1,'1342200053644','2023-05-23'),(739,2565,'3473',9,2,1,'1342200053644','2023-05-23'),(740,2565,'3474',10,2,1,'1342200053644','2023-05-23'),(741,2565,'3475',11,2,1,'1342200053644','2023-05-23'),(742,2565,'3476',12,2,1,'1342200053644','2023-05-23'),(743,2565,'3477',13,2,1,'1342200053644','2023-05-23'),(744,2566,'3381',10,8,0,'1342200053644','2023-05-23'),(745,2566,'3400',11,7,0,'1349900856045','2023-05-31'),(746,2566,'3482',1,2,0,'1342200053644','2023-10-14'),(747,2566,'3483',2,2,0,'1342200053644','2023-10-14'),(748,2566,'3484',3,2,0,'1342200053644','2023-10-14'),(749,2566,'3485',4,2,0,'1342200053644','2023-10-14'),(750,2566,'3489',8,2,0,'1342200053644','2024-03-29'),(751,2566,'3487',6,2,0,'1342200053644','2023-10-14'),(752,2566,'3488',7,2,0,'1342200053644','2023-10-14'),(753,2566,'3490',9,2,0,'1342200053644','2023-10-14'),(754,2566,'3491',10,2,0,'1342200053644','2023-10-14'),(755,2566,'3495',14,2,0,'1342200053644','2024-03-29'),(756,2566,'3496',15,2,0,'1342200053644','2024-03-29'),(757,2566,'3497',16,2,0,'1342200053644','2024-03-29'),(758,2566,'3500',12,3,1,'1342200053644','2024-03-29'),(759,2566,'3502',13,3,1,'1342200053644','2024-03-29'),(760,2566,'3492',11,2,0,'1342200053644','2024-03-29'),(761,2566,'3493',12,2,0,'1342200053644','2024-03-29'),(762,2566,'3494',13,2,0,'1342200053644','2024-03-29'),(763,2566,'3486',5,2,0,'1342200053644','2024-03-29'),(764,2566,'3498',17,2,0,'1342200053644','2024-03-29'),(765,2566,'3499',18,2,0,'1342200053644','2024-03-29'),(767,2566,'3355',1,9,0,'1342200053644','2024-05-23'),(768,2566,'3356',2,9,0,'1342200053644','2024-05-23'),(769,2566,'3357',3,9,0,'1342200053644','2024-05-23'),(770,2566,'3358',4,9,0,'1342200053644','2024-05-23'),(771,2566,'3360',6,9,0,'1342200053644','2024-05-23'),(772,2566,'3361',7,9,0,'1342200053644','2024-05-23'),(773,2566,'3362',8,9,0,'1342200053644','2024-05-23'),(774,2566,'3363',9,9,0,'1342200053644','2024-05-23'),(775,2566,'3364',10,9,0,'1342200053644','2024-05-23'),(776,2566,'3366',12,9,0,'1342200053644','2024-05-23'),(777,2566,'3372',13,9,0,'1342200053644','2024-05-23'),(778,2566,'3464',14,9,0,'1342200053644','2024-05-23'),(779,2566,'3479',15,9,0,'1342200053644','2024-05-23'),(780,2566,'3359',16,9,0,'1342200053644','2024-05-23'),(781,2566,'3370',1,8,0,'1342200053644','2024-05-23'),(782,2566,'3373',2,8,0,'1342200053644','2024-05-23'),(783,2566,'3374',3,8,0,'1342200053644','2024-05-23'),(784,2566,'3375',4,8,0,'1342200053644','2024-05-23'),(785,2566,'3376',5,8,0,'1342200053644','2024-05-23'),(786,2566,'3377',6,8,0,'1342200053644','2024-05-23'),(787,2566,'3378',7,8,0,'1342200053644','2024-05-23'),(788,2566,'3379',8,8,0,'1342200053644','2024-05-23'),(789,2566,'3380',9,8,0,'1342200053644','2024-05-23'),(790,2566,'3382',11,8,0,'1342200053644','2024-05-23'),(791,2566,'3383',12,8,0,'1342200053644','2024-05-23'),(792,2566,'3384',13,8,0,'1342200053644','2024-05-23'),(793,2566,'3386',14,8,0,'1342200053644','2024-05-23'),(794,2566,'3387',15,8,0,'1342200053644','2024-05-23'),(795,2566,'3388',16,8,0,'1342200053644','2024-05-23'),(796,2566,'3389',17,8,0,'1342200053644','2024-05-23'),(797,2566,'3407',18,8,0,'1342200053644','2024-05-23'),(798,2566,'3480',19,8,0,'1342200053644','2024-05-23'),(799,2566,'3390',1,7,0,'1342200053644','2024-05-23'),(800,2566,'3391',2,7,0,'1342200053644','2024-05-23'),(801,2566,'3392',3,7,0,'1342200053644','2024-05-23'),(802,2566,'3393',4,7,0,'1342200053644','2024-05-23'),(803,2566,'3394',5,7,0,'1342200053644','2024-05-23'),(804,2566,'3396',7,7,0,'1342200053644','2024-05-23'),(805,2566,'3397',8,7,0,'1342200053644','2024-05-23'),(806,2566,'3398',9,7,0,'1342200053644','2024-05-23'),(807,2566,'3399',10,7,0,'1342200053644','2024-05-23'),(808,2566,'3401',12,7,0,'1342200053644','2024-05-23'),(809,2566,'3402',13,7,0,'1342200053644','2024-05-23'),(810,2566,'3404',14,7,0,'1342200053644','2024-05-23'),(811,2566,'3405',15,7,0,'1342200053644','2024-05-23'),(812,2566,'3408',16,7,0,'1342200053644','2024-05-23'),(813,2566,'3409',1,6,0,'1342200053644','2024-05-23'),(814,2566,'3410',2,6,0,'1342200053644','2024-05-23'),(815,2566,'3411',3,6,0,'1342200053644','2024-05-23'),(816,2566,'3412',4,6,0,'1342200053644','2024-05-23'),(817,2566,'3413',5,6,0,'1342200053644','2024-05-23'),(818,2566,'3414',6,6,0,'1342200053644','2024-05-23'),(819,2566,'3415',7,6,0,'1342200053644','2024-05-23'),(820,2566,'3416',8,6,0,'1342200053644','2024-05-23'),(821,2566,'3418',9,6,0,'1342200053644','2024-05-23'),(822,2566,'3419',10,6,0,'1342200053644','2024-05-23'),(823,2566,'3420',11,6,0,'1342200053644','2024-05-23'),(824,2566,'3421',12,6,0,'1342200053644','2024-05-23'),(825,2566,'3422',13,6,0,'1342200053644','2024-05-23'),(826,2566,'3423',14,6,0,'1342200053644','2024-05-23'),(827,2566,'3424',16,6,0,'1342200053644','2024-05-23'),(828,2566,'3426',17,6,0,'1342200053644','2024-05-23'),(829,2566,'3417',18,6,0,'1342200053644','2024-05-23'),(830,2566,'3429',1,5,0,'1342200053644','2024-05-23'),(831,2566,'3430',2,5,0,'1342200053644','2024-05-23'),(832,2566,'3432',4,5,0,'1342200053644','2024-05-23'),(833,2566,'3433',5,5,0,'1342200053644','2024-05-23'),(834,2566,'3434',6,5,0,'1342200053644','2024-05-23'),(835,2566,'3435',7,5,0,'1342200053644','2024-05-23'),(836,2566,'3436',8,5,0,'1342200053644','2024-05-23'),(837,2566,'3437',9,5,0,'1342200053644','2024-05-23'),(838,2566,'3438',10,5,0,'1342200053644','2024-05-23'),(839,2566,'3439',11,5,0,'1342200053644','2024-05-23'),(840,2566,'3440',12,5,0,'1342200053644','2024-05-23'),(841,2566,'3441',13,5,0,'1342200053644','2024-05-23'),(842,2566,'3442',14,5,0,'1342200053644','2024-05-23'),(843,2566,'3425',15,5,0,'1342200053644','2024-05-23'),(844,2566,'3443',15,5,0,'1342200053644','2024-05-23'),(845,2566,'3444',16,5,0,'1342200053644','2024-05-23'),(846,2566,'3445',17,5,0,'1342200053644','2024-05-23'),(847,2566,'3478',18,5,0,'1342200053644','2024-05-23'),(848,2566,'3446',1,4,0,'1342200053644','2024-05-23'),(849,2566,'3447',2,4,0,'1342200053644','2024-05-23'),(850,2566,'3448',3,4,0,'1342200053644','2024-05-23'),(851,2566,'3449',4,4,0,'1342200053644','2024-05-23'),(852,2566,'3450',5,4,0,'1342200053644','2024-05-23'),(853,2566,'3451',6,4,0,'1342200053644','2024-05-23'),(854,2566,'3452',7,4,0,'1342200053644','2024-05-23'),(855,2566,'3453',8,4,0,'1342200053644','2024-05-23'),(856,2566,'3454',9,4,0,'1342200053644','2024-05-23'),(857,2566,'3455',10,4,0,'1342200053644','2024-05-23'),(858,2566,'3456',11,4,0,'1342200053644','2024-05-23'),(859,2566,'3457',12,4,0,'1342200053644','2024-05-23'),(860,2566,'3458',13,4,0,'1342200053644','2024-05-23'),(861,2566,'3459',14,4,0,'1342200053644','2024-05-23'),(862,2566,'3460',15,4,0,'1342200053644','2024-05-23'),(863,2566,'3461',16,4,0,'1342200053644','2024-05-23'),(864,2566,'3462',17,4,0,'1342200053644','2024-05-23'),(865,2566,'3465',1,3,1,'1342200053644','2024-05-23'),(866,2566,'3466',2,3,1,'1342200053644','2024-05-23'),(867,2566,'3467',3,3,1,'1342200053644','2024-05-23'),(868,2566,'3468',4,3,1,'1342200053644','2024-05-23'),(869,2566,'3469',5,3,1,'1342200053644','2024-05-23'),(870,2566,'3470',6,3,1,'1342200053644','2024-05-23'),(871,2566,'3471',7,3,1,'1342200053644','2024-05-23'),(872,2566,'3472',8,3,1,'1342200053644','2024-05-23'),(873,2566,'3473',9,3,1,'1342200053644','2024-05-23'),(874,2566,'3474',10,3,1,'1342200053644','2024-05-23'),(875,2566,'3475',11,3,1,'1342200053644','2024-05-23'),(876,2567,'3499',18,3,0,'1342200053644','2024-05-23'),(877,2567,'3467',3,4,1,'1342200053644','2024-05-23'),(878,2567,'3434',6,6,0,'1342200053644','2024-05-23'),(879,2567,'3498',17,3,0,'1342200053644','2024-05-23'),(880,2567,'3501',13,4,1,'1342200053644','2024-09-19'),(881,2567,'3502',1,2,0,'1342200053644','2024-09-19'),(882,2567,'3503',2,2,0,'1342200053644','2024-09-19'),(883,2567,'3504',3,2,0,'1342200053644','2024-09-19'),(884,2567,'3505',4,2,0,'1342200053644','2024-09-19'),(885,2567,'3506',5,2,0,'1342200053644','2024-09-19'),(886,2567,'3507',6,2,0,'1342200053644','2024-09-19'),(887,2567,'3508',7,2,0,'1342200053644','2024-09-19'),(888,2567,'3509',8,2,0,'1342200053644','2024-09-19'),(889,2567,'3370',1,9,0,'1342200053644','2025-07-17'),(890,2567,'3373',2,9,0,'1342200053644','2025-07-17'),(891,2567,'3374',3,9,0,'1342200053644','2025-07-17'),(892,2567,'3375',4,9,0,'1342200053644','2025-07-17'),(893,2567,'3376',5,9,0,'1342200053644','2025-07-17'),(894,2567,'3377',6,9,0,'1342200053644','2025-07-17'),(895,2567,'3378',7,9,0,'1342200053644','2025-07-17'),(896,2567,'3379',8,9,0,'1342200053644','2025-07-17'),(897,2567,'3380',9,9,0,'1342200053644','2025-07-17'),(898,2567,'3382',11,9,0,'1342200053644','2025-07-17'),(899,2567,'3383',12,9,0,'1342200053644','2025-07-17'),(900,2567,'3384',13,9,0,'1342200053644','2025-07-17'),(901,2567,'3386',14,9,0,'1342200053644','2025-07-17'),(902,2567,'3387',15,9,0,'1342200053644','2025-07-17'),(903,2567,'3388',16,9,0,'1342200053644','2025-07-17'),(904,2567,'3389',17,9,0,'1342200053644','2025-07-17'),(905,2567,'3407',18,9,0,'1342200053644','2025-07-17'),(906,2567,'3480',19,9,0,'1342200053644','2025-07-17'),(907,2567,'3390',1,8,0,'1342200053644','2025-07-17'),(908,2567,'3391',2,8,0,'1342200053644','2025-07-17'),(909,2567,'3392',3,8,0,'1342200053644','2025-07-17'),(910,2567,'3393',4,8,0,'1342200053644','2025-07-17'),(911,2567,'3394',5,8,0,'1342200053644','2025-07-17'),(912,2567,'3396',7,8,0,'1342200053644','2025-07-17'),(913,2567,'3397',8,8,0,'1342200053644','2025-07-17'),(914,2567,'3398',9,8,0,'1342200053644','2025-07-17'),(915,2567,'3399',10,8,0,'1342200053644','2025-07-17'),(916,2567,'3400',11,8,0,'1342200053644','2025-07-17'),(917,2567,'3401',12,8,0,'1342200053644','2025-07-17'),(918,2567,'3402',13,8,0,'1342200053644','2025-07-17'),(919,2567,'3404',14,8,0,'1342200053644','2025-07-17'),(920,2567,'3405',15,8,0,'1342200053644','2025-07-17'),(921,2567,'3408',16,8,0,'1342200053644','2025-07-17'),(922,2567,'3409',1,7,0,'1342200053644','2025-07-17'),(923,2567,'3410',2,7,0,'1342200053644','2025-07-17'),(924,2567,'3411',3,7,0,'1342200053644','2025-07-17'),(925,2567,'3412',4,7,0,'1342200053644','2025-07-17'),(926,2567,'3413',5,7,0,'1342200053644','2025-07-17'),(927,2567,'3414',6,7,0,'1342200053644','2025-07-17'),(928,2567,'3415',7,7,0,'1342200053644','2025-07-17'),(929,2567,'3416',8,7,0,'1342200053644','2025-07-17'),(930,2567,'3418',9,7,0,'1342200053644','2025-07-17'),(931,2567,'3419',10,7,0,'1342200053644','2025-07-17'),(932,2567,'3420',11,7,0,'1342200053644','2025-07-17'),(933,2567,'3421',12,7,0,'1342200053644','2025-07-17'),(934,2567,'3422',13,7,0,'1342200053644','2025-07-17'),(935,2567,'3423',14,7,0,'1342200053644','2025-07-17'),(936,2567,'3424',16,7,0,'1342200053644','2025-07-17'),(937,2567,'3426',17,7,0,'1342200053644','2025-07-17'),(938,2567,'3417',18,7,0,'1342200053644','2025-07-17'),(939,2567,'3429',1,6,0,'1342200053644','2025-07-17'),(940,2567,'3430',2,6,0,'1342200053644','2025-07-17'),(941,2567,'3432',4,6,0,'1342200053644','2025-07-17'),(942,2567,'3433',5,6,0,'1342200053644','2025-07-17'),(943,2567,'3435',7,6,0,'1342200053644','2025-07-17'),(944,2567,'3436',8,6,0,'1342200053644','2025-07-17'),(945,2567,'3437',9,6,0,'1342200053644','2025-07-17'),(946,2567,'3438',10,6,0,'1342200053644','2025-07-17'),(947,2567,'3439',11,6,0,'1342200053644','2025-07-17'),(948,2567,'3440',12,6,0,'1342200053644','2025-07-17'),(949,2567,'3441',13,6,0,'1342200053644','2025-07-17'),(950,2567,'3442',14,6,0,'1342200053644','2025-07-17'),(951,2567,'3425',15,6,0,'1342200053644','2025-07-17'),(952,2567,'3443',15,6,0,'1342200053644','2025-07-17'),(953,2567,'3444',16,6,0,'1342200053644','2025-07-17'),(954,2567,'3445',17,6,0,'1342200053644','2025-07-17'),(955,2567,'3478',18,6,0,'1342200053644','2025-07-17'),(956,2567,'3446',1,5,0,'1342200053644','2025-07-17'),(957,2567,'3447',2,5,0,'1342200053644','2025-07-17'),(958,2567,'3448',3,5,0,'1342200053644','2025-07-17'),(959,2567,'3449',4,5,0,'1342200053644','2025-07-17'),(960,2567,'3450',5,5,0,'1342200053644','2025-07-17'),(961,2567,'3451',6,5,0,'1342200053644','2025-07-17'),(962,2567,'3452',7,5,0,'1342200053644','2025-07-17'),(963,2567,'3453',8,5,0,'1342200053644','2025-07-17'),(964,2567,'3454',9,5,0,'1342200053644','2025-07-17'),(965,2567,'3455',10,5,0,'1342200053644','2025-07-17'),(966,2567,'3456',11,5,0,'1342200053644','2025-07-17'),(967,2567,'3457',12,5,0,'1342200053644','2025-07-17'),(968,2567,'3458',13,5,0,'1342200053644','2025-07-17'),(969,2567,'3459',14,5,0,'1342200053644','2025-07-17'),(970,2567,'3460',15,5,0,'1342200053644','2025-07-17'),(971,2567,'3461',16,5,0,'1342200053644','2025-07-17'),(972,2567,'3462',17,5,0,'1342200053644','2025-07-17'),(973,2567,'3465',1,4,1,'1342200053644','2025-07-17'),(974,2567,'3466',2,4,1,'1342200053644','2025-07-17'),(975,2567,'3469',5,4,1,'1342200053644','2025-07-17'),(976,2567,'3470',6,4,1,'1342200053644','2025-07-17'),(977,2567,'3471',7,4,1,'1342200053644','2025-07-17'),(978,2567,'3472',8,4,1,'1342200053644','2025-07-17'),(979,2567,'3473',9,4,1,'1342200053644','2025-07-17'),(980,2567,'3474',10,4,1,'1342200053644','2025-07-17'),(981,2567,'3475',11,4,1,'1342200053644','2025-07-17'),(982,2567,'3500',12,4,1,'1342200053644','2025-07-17'),(983,2567,'3482',1,3,0,'1342200053644','2025-07-17'),(984,2567,'3483',2,3,0,'1342200053644','2025-07-17'),(985,2567,'3484',3,3,0,'1342200053644','2025-07-17'),(986,2567,'3486',5,3,0,'1342200053644','2025-07-17'),(987,2567,'3487',6,3,0,'1342200053644','2025-07-17'),(988,2567,'3488',7,3,0,'1342200053644','2025-07-17'),(989,2567,'3489',8,3,0,'1342200053644','2025-07-17'),(990,2567,'3490',9,3,0,'1342200053644','2025-07-17'),(991,2567,'3491',10,3,0,'1342200053644','2025-07-17'),(992,2567,'3492',11,3,0,'1342200053644','2025-07-17'),(993,2567,'3493',12,3,0,'1342200053644','2025-07-17'),(994,2567,'3494',13,3,0,'1342200053644','2025-07-17'),(995,2567,'3495',14,3,0,'1342200053644','2025-07-17'),(996,2567,'3496',15,3,0,'1342200053644','2025-07-17'),(997,2567,'3497',16,3,0,'1342200053644','2025-07-17'),(998,2568,'3511',1,2,0,'1342200053644','2025-07-17'),(999,2568,'3512',2,2,0,'1342200053644','2025-07-17'),(1000,2568,'3513',3,2,0,'1342200053644','2025-07-17'),(1001,2568,'3514',4,2,0,'1342200053644','2025-07-17'),(1002,2568,'3515',5,2,0,'1342200053644','2025-07-17'),(1003,2568,'3516',6,2,0,'1342200053644','2025-07-17'),(1004,2568,'3517',7,2,0,'1342200053644','2025-07-17'),(1005,2568,'3518',8,2,0,'1342200053644','2025-07-17'),(1006,2568,'3519',9,2,0,'1342200053644','2025-07-17'),(1007,2568,'3520',10,2,0,'1342200053644','2025-07-17'),(1008,2568,'3521',11,2,0,'1342200053644','2025-07-17'),(1009,2568,'3522',12,2,0,'1342200053644','2025-07-17'),(1010,2568,'3523',13,2,0,'1342200053644','2025-07-17'),(1011,2568,'3524',14,2,0,'1342200053644','2025-07-17'),(1012,2568,'3525',15,2,0,'1342200053644','2025-07-17'),(1013,2568,'3465',1,5,0,'1342200053644','2025-09-05'),(1014,2568,'3466',2,5,0,'1342200053644','2025-07-17'),(1015,2568,'3469',5,5,0,'1342200053644','2025-07-17'),(1016,2568,'3470',6,5,0,'1342200053644','2025-07-17'),(1017,2568,'3471',7,5,0,'1342200053644','2025-07-17'),(1018,2568,'3472',8,5,0,'1342200053644','2025-07-17'),(1019,2568,'3473',9,5,0,'1342200053644','2025-07-17'),(1020,2568,'3474',10,5,0,'1342200053644','2025-07-17'),(1021,2568,'3475',11,5,0,'1342200053644','2025-07-17'),(1024,2568,'3510',9,3,0,'1349900566292','2025-08-09'),(1023,2568,'3501',13,5,0,'1342200053644','2025-07-17'),(1025,2568,'3483',2,4,0,'3349800221672','2025-10-06');

--
-- Table structure for table `student_main_edyear`
--

CREATE TABLE `student_main_edyear` (
  `id` int(11) NOT NULL AUTO_INCREMENT,
  `ed_year` int(11) NOT NULL,
  `year_active` tinyint(4) NOT NULL,
  PRIMARY KEY (`id`),
  UNIQUE KEY `ed_year` (`ed_year`)
) ENGINE=MyISAM AUTO_INCREMENT=11 DEFAULT CHARSET=utf8 COLLATE=utf8_general_ci;

--
-- Dumping data for table `student_main_edyear`
--

INSERT INTO `student_main_edyear` VALUES (1,2559,0),(2,2561,0),(3,2560,0),(4,2562,0),(5,2563,0),(6,2564,0),(7,2565,0),(8,2566,0),(9,2567,0),(10,2568,1);

--
-- Table structure for table `student_main_expand1`
--

CREATE TABLE `student_main_expand1` (
  `id` int(11) NOT NULL AUTO_INCREMENT,
  `person_id` varchar(13) NOT NULL,
  `e_name` varchar(50) NOT NULL,
  `e_surname` varchar(50) NOT NULL,
  `birthday` date NOT NULL,
  `blood` varchar(2) NOT NULL,
  `race` varchar(30) NOT NULL,
  `nationlity` varchar(30) NOT NULL,
  `religion` varchar(30) NOT NULL,
  `rec_date` date NOT NULL,
  PRIMARY KEY (`id`),
  UNIQUE KEY `person_id` (`person_id`)
) ENGINE=MyISAM AUTO_INCREMENT=151 DEFAULT CHARSET=utf8 COLLATE=utf8_general_ci;

--
-- Dumping data for table `student_main_expand1`
--

INSERT INTO `student_main_expand1` VALUES (1,'1342200164888','netapson','tharachun','2015-07-23','','','','','2021-06-14'),(2,'1342200165116','kanyarat','seechanson','2015-09-21','','','','','2021-06-14'),(3,'1341501581380','irada','khanyaphan','2015-06-20','','','','','2021-06-14'),(4,'1342200165663','wilaiwan','makkhava','2016-02-11','','','','','2021-06-14'),(5,'1349902051834','natnicha','noychin','2015-06-23','','','','','2021-06-14'),(6,'1342200164683','rungratsamee','seepha','2015-06-02','','','','','2021-06-14'),(7,'1342200165493','ananya','inthison','2015-12-20','','','','','2021-06-14'),(8,'1349902068931','natcha','phukhamung','2015-09-23','','','','','2021-06-14'),(9,'1341501592021','charoensap','soymalun','2016-02-28','','','','','2021-06-14'),(10,'1349902080702','naphatsawan','phonmo','2015-11-24','','','','','2021-06-14'),(11,'1342200165833','korawan','suphom','2016-04-21','','','','','2021-06-14'),(12,'1341501586501','sarinya','singhawet','2015-10-16','','','','','2021-06-14'),(13,'1341501587388','raychaphum','phanthong','2015-11-07','','','','','2021-06-14'),(14,'1342200165574','dechawat','makkhasut','2016-01-12','','','','','2021-06-14'),(15,'1338700070217','sanchanon','senarit','2015-08-01','','','','','2021-06-14'),(16,'1342200165485','suphakan','seechanson','2015-12-10','','','','','2021-06-14'),(17,'1342200163008','Kiatisak','sichanson','2014-07-07','','','','','2021-06-14'),(18,'1349901998722','Chirayu','makdi','2014-08-31','','','','','2021-06-14'),(19,'1349901988671','Chinnawa','singchaem','2014-07-09','','','','','2021-06-14'),(20,'1342200163962','Suthimon','pachira','2014-12-26','','','','','2021-06-14'),(21,'1250801148096','Kunthachai','champakham','2014-09-25','','','','','2021-06-14'),(22,'1250801148100','Kunthaphat','champakham','2014-09-25','','','','','2021-06-14'),(23,'1342200162869','Chakkarin','sichamtha','2014-06-07','','','','','2021-06-14'),(24,'1349902019302','Nattakit','charoensin','2014-12-04','','','','','2021-06-14'),(25,'1342200163750','Nitithat','thongrot','2014-11-07','','','','','2021-06-14'),(26,'1349902000253','Phiraphat','suphom','2014-09-07','','','','','2021-06-14'),(27,'1309904242025','Wirawong','bunliang','2014-06-04','','','','','2021-06-14'),(28,'1342200164551','Thinnaphat','thadawongsa','2015-05-05','','','','','2021-06-14'),(29,'1349902019868','Punchaya','dara','2014-12-11','','','','','2021-06-14'),(30,'1348900367060','Chothika','singchaem','2015-04-04','','','','','2021-06-14'),(31,'1349902013941','Suchinan','waewsing','2014-11-08','-','ไทย','ไทย','พุทธ','2021-06-14'),(32,'1342200164047','Nipapon','makkhawa','2015-01-06','','','','','2021-06-14'),(33,'1342200162818','Suphattha','kingbuathong','2014-05-30','','','','','2021-06-14'),(34,'1342200161676','kunrathon','panhao','2013-10-13','','','','','2021-06-14'),(35,'1342200161901','chayangkun','panhao','2013-11-15','','','','','2021-06-14'),(36,'1347600093796','tinnakon','thongwach','2014-04-02','','','','','2021-06-14'),(37,'1342200162419','thanakon','thadawongsa','2014-03-18','','','','','2021-06-14'),(38,'1342200161099','thanachot','songsirot','2013-05-27','','','','','2021-06-14'),(39,'1717400043104','thiraput','kanhasay','2014-02-04','','','','','2021-06-14'),(40,'1342200162010','parinya','singkaeo','2013-12-19','','','','','2021-06-14'),(41,'1342200161498','pricha','thadawongsa','2013-09-03','','','','','2021-06-14'),(42,'1342200161684','mongkhonchay','kamruan','2013-10-16','','','','','2021-06-14'),(43,'1342200162028','athit','champakham','2013-12-21','','','','','2021-06-14'),(44,'1342200162087','phiphatthanachai','thongrot','2014-01-10','','','','','2021-06-14'),(45,'1342200161749','Kanokwan','suphom','2013-10-27','','','','','2021-06-14'),(46,'1342200161404','Thippawan','kanhasay','2013-08-18','','','','','2021-06-14'),(47,'1339600303563','wongwaranya','pangwisat','2013-08-23','','','','','2021-06-14'),(48,'1349901937391','warinyupa','kanhasay','2013-09-25','','','','','2021-06-14'),(49,'1719200067541','Wanwisa','Sornchai','2013-05-24','','','','','2021-06-14'),(50,'1342200156630','SIWAKRON','JUMPAKHOM','2011-05-20','','','','','2021-06-14'),(51,'1349901815946','chinnawat','panloue','2012-01-13','','','','','2021-06-14'),(52,'1349901902326','warakon','singhawat','2013-03-16','','','','','2021-06-14'),(53,'1347600077154','tankun','chadee','2012-12-26','','','','','2021-06-14'),(54,'1342200158977','weeratep','moranil','2012-05-15','','','','','2021-06-14'),(55,'1342200160769','aeggapol','songseeroj','2013-03-24','','','','','2021-06-14'),(56,'1342200160556','worawut','kumnat','2013-02-09','','','','','2021-06-14'),(57,'1342200159469','anuwat','karaleg','2012-08-06','','','','','2021-06-14'),(58,'1839902263420','KANYAMAS','PHUNDIN','2012-10-11','','','','','2021-06-14'),(59,'1342200159264','Jutamas','Kanhasay','2012-07-10','','','','','2021-06-14'),(60,'1342200160521','kunyapon','kanasa','2013-01-28','','','','','2021-06-14'),(61,'1348900305595','Ponpimol','Panroue','2013-02-11','','','','','2021-06-14'),(62,'1342200159647','Mingkamol','makkawa','2012-09-06','','','','','2021-06-14'),(63,'1342200160726','Pimchanook','wonnawat','2013-03-17','','','','','2021-06-14'),(64,'1342200159124','Bantita','Kompangjeen','2012-06-17','','','','','2021-06-14'),(65,'1711200064285','Pimchanook','panrour','2013-01-09','','','','','2021-06-14'),(66,'1342200159183','pantira','jansuksai','2012-06-21','','','','','2021-06-14'),(67,'1349901809822','Natkharadet','Umnuoy','2011-12-14','','','','','2021-06-14'),(68,'1342200044904','tanawat','kanhasay','2011-06-20','','','','','2021-06-14'),(69,'1349901799347','chaiwat','makkasut','2011-10-28','','','','','2021-06-14'),(70,'1342200156796','pichai','supapa','2011-06-02','','','','','2021-06-14'),(71,'1342200155901','sirawit','tadawongsa','2011-01-21','','','','','2021-06-14'),(72,'1342200156265','nuttakon','buddalee','2011-03-24','','','','','2021-06-14'),(73,'1348900280371','Krittamat','Wiyawan','2012-04-18','O','','','','2021-06-14'),(74,'1349901755960','rungtiwa','keuwjam','2011-03-22','','','','','2021-06-14'),(75,'1342200158047','wantida','panroua','2011-12-14','','','','','2021-06-14'),(76,'1349901765558','kittiyakhon','meephilom','2011-05-15','','','','','2021-06-14'),(77,'1342200157342','kunyarat','singkeuw','2011-08-22','','','','','2021-06-14'),(78,'1342200158012','supakon','tonpim','2011-12-02','','','','','2021-06-14'),(79,'1349901819909','chanyanut','panwong','2012-02-03','','','','','2021-06-14'),(80,'1349901702262','p','w','2010-05-31','','','','','2021-06-14'),(81,'1342200154513','n','s','2010-08-02','','','','','2021-06-14'),(82,'1342200155137','a','b','2010-10-24','','','','','2021-06-14'),(83,'1342200153894','s','k','2010-05-04','','','','','2021-06-14'),(84,'1342200154246','t','sri','2010-06-23','','','','','2021-06-14'),(85,'1719200051806','k','p','2010-02-28','','','','','2021-06-14'),(86,'1342200155552','t','m','2010-12-12','','','','','2021-06-14'),(87,'1342200154068','t','t','2010-06-01','','','','','2021-06-14'),(88,'1342200155251','n','j','2010-11-05','B','','','','2021-06-14'),(89,'1342200153916','w','p','2010-05-08','O','','','','2021-06-14'),(90,'1342200154980','s','t','2010-09-29','','','','','2021-06-14'),(91,'1349901688413','Kittisuk','Wongsa','2010-03-18','','','','','2021-06-14'),(92,'1250801134362','JEDSADA','KUMPARAT','2010-11-30','','','','','2021-06-14'),(93,'1349901709780','k','b','2010-07-12','','','','','2021-06-14'),(94,'1342200154203','t','p','2010-06-13','','','','','2021-06-14'),(95,'1219901333292','k','k','2010-10-07','','','','','2021-06-14'),(96,'1342200155447','n','p','2010-11-30','','','','','2021-06-14'),(97,'1250801131711','r','s','2010-03-20','O','','','','2021-06-14'),(98,'1349901737201','u','d','2010-12-05','','','','','2021-06-14'),(99,'1718800154389','n','s','2010-10-26','','','','','2021-06-14'),(100,'1349901721992','w','k','2010-10-14','','','','','2021-06-14'),(101,'1342200149765','kitikan','kingbuatong','2009-01-18','O','','','','2021-06-14'),(102,'1349901625705','worawut','mekumnit','2009-05-13','O','','','','2021-06-14'),(103,'1342200152090','takdanai','makasud','2009-09-26','O','','','','2021-06-14'),(104,'1349901607855','chaimongkon','seepa','2009-02-06','','','','','2021-06-14'),(105,'1349901664921','p','s','2009-11-21','','','','','2021-06-14'),(106,'1342200149692','t','p','2009-01-10','','','','','2021-06-14'),(107,'1219901258509','b','t','2009-06-27','','','','','2021-06-14'),(108,'1342200152812','p','k','2009-12-02','','','','','2021-06-14'),(109,'1342200151018','Teeradet','Anantakoon','2009-06-05','','','','','2021-06-14'),(110,'1719200035983','Apisit','Samungkun','2007-06-02','','','','','2021-06-14'),(111,'1719200045997','surasit','samungkun','2009-03-28','','','','','2021-06-14'),(112,'1342000147661','wuttichai','wandee','2009-11-01','','','','','2021-06-14'),(113,'1342200151263','r','s','2009-07-08','','','','','2021-06-14'),(114,'1342200150771','a','p','2009-05-05','O','','','','2021-06-14'),(115,'1342200151816','n','j','2009-09-07','AB','','','','2021-06-14'),(116,'1342200150500','k','t','2009-04-08','B','','','','2021-06-14'),(117,'1349901641336','ch','t','2009-08-09','','','','','2021-06-14'),(118,'1719200044869','k','s','2009-01-22','','','','','2021-06-14'),(119,'1342200152634','k','m','2009-11-06','','','','','2021-06-14'),(120,'1349901638017','b','p','2009-07-22','A','','','','2021-06-14'),(121,'1349901634704','n','s','2009-07-06','A','','','','2021-06-14'),(122,'1342200147401','suntisuk','wongkomroae','2008-04-19','','','','','2021-06-14'),(123,'1347600021264','kittamat','tongwon','2008-02-14','O','','','','2021-06-14'),(124,'1342200146766','sarun','suprom','2008-01-31','O','','','','2021-06-14'),(125,'1349901537873','pittawat','jandeebud','2008-01-22','','','','','2021-06-14'),(126,'1441100081326','nattachai','sonchai','2008-08-14','','','','','2021-06-14'),(127,'1342200147908','teeraput','tongwet','2008-06-28','','','','','2021-06-14'),(128,'1342200148882','nantakon','panroae','2008-10-15','A','','','','2021-06-14'),(129,'1349901563947','wanida','sarnjun','2008-06-18','','','','','2021-06-14'),(130,'1349901541048','supissara','panroae','2008-02-07','','','','','2021-06-14'),(131,'1342200149331','puttarapol','sawangwong','2008-12-13','A','','','','2021-06-14'),(132,'1342200149285','Nichapattara','mechamnit','2008-12-09','','','','','2021-06-14'),(133,'1342200147312','pattanun','panroue','2008-04-06','B','','','','2021-06-14'),(134,'1349901581198','juntakarn','tongwat','2008-09-19','','','','','2021-06-14'),(135,'1349901585223','Supapol','simawon','2008-10-09','O','','','','2021-06-14'),(136,'1350101852661','amolwan','panroae','2008-06-23','','','','','2021-06-14'),(137,'1342200148041','Wanpen','makkasut','2008-07-12','','','','','2021-06-14'),(138,'1349901555146','orjira','wannawat','2008-04-25','','','','','2021-06-14'),(139,'1342200147576','nuntikran','mekhumnit','2008-05-15','B','','','','2021-06-14'),(140,'1342200147258','sarunya','tadawongsa','2008-04-04','','','','','2021-06-14'),(141,'1342200149391','k','b','2008-12-18','','','','','2021-06-14'),(142,'1342200169154','','','2019-11-25','','','','','2025-10-04'),(143,'1349902312808','','','2019-12-06','','','','','2025-10-04'),(144,'1342200169049','','','2019-09-20','','','','','2025-10-04'),(145,'1341501649618','','','2019-10-24','','','','','2025-10-04'),(146,'1341501652252','','','2019-12-26','','','','','2025-10-04'),(147,'1342200169235','','','2019-12-13','','','','','2025-10-04'),(148,'1341501656592','','','2020-04-24','','','','','2025-10-04'),(149,'1349902327287','','','2020-03-19','','','','','2025-10-04'),(150,'1349902324580','','','2020-02-28','','','','','2025-10-04');

--
-- Table structure for table `student_main_permission`
--

CREATE TABLE `student_main_permission` (
  `id` int(11) NOT NULL AUTO_INCREMENT,
  `person_id` varchar(13) NOT NULL,
  `p1` tinyint(4) NOT NULL,
  `officer` varchar(13) NOT NULL,
  `rec_date` date NOT NULL,
  PRIMARY KEY (`id`)
) ENGINE=MyISAM AUTO_INCREMENT=7 DEFAULT CHARSET=utf8 COLLATE=utf8_general_ci;

--
-- Dumping data for table `student_main_permission`
--

INSERT INTO `student_main_permission` VALUES (1,'1342200053644',1,'1342200053644','2016-06-19'),(2,'1340200132852',1,'1342200053644','2021-10-11'),(3,'1349900856045',1,'1342200053644','2021-10-11'),(4,'1349900566292',1,'1342200053644','2024-03-11'),(5,'1310100023881',1,'1342200053644','2025-05-22');

--
-- Table structure for table `system_ed_year`
--

CREATE TABLE `system_ed_year` (
  `id` int(11) NOT NULL AUTO_INCREMENT,
  `ed_year` int(11) NOT NULL,
  `active_ed_year` tinyint(4) NOT NULL,
  PRIMARY KEY (`id`),
  UNIQUE KEY `ed_year` (`ed_year`)
) ENGINE=MyISAM DEFAULT CHARSET=utf8 COLLATE=utf8_general_ci;

--
-- Dumping data for table `system_ed_year`
--


--
-- Table structure for table `system_export_list`
--

CREATE TABLE `system_export_list` (
  `id` int(11) NOT NULL AUTO_INCREMENT,
  `data_name` varchar(50) NOT NULL,
  `thai_dataname` varchar(100) NOT NULL,
  PRIMARY KEY (`id`),
  UNIQUE KEY `data_name` (`data_name`)
) ENGINE=MyISAM AUTO_INCREMENT=7 DEFAULT CHARSET=utf8 COLLATE=utf8_general_ci;

--
-- Dumping data for table `system_export_list`
--

INSERT INTO `system_export_list` VALUES (1,'person','ข้อมูลครูและบุคลากร'),(2,'student','ข้อมูลพื้นฐานนักเรียน'),(3,'onet','ผลสอบ O-NET'),(4,'plan','แผนปฏิบัติการประจำปี'),(5,'student_check','การมาเรียน'),(6,'health','สุขภาพผู้เรียน');

--
-- Table structure for table `system_export_log`
--

CREATE TABLE `system_export_log` (
  `id` int(11) NOT NULL AUTO_INCREMENT,
  `computer_ip` varchar(25) NOT NULL,
  `requester` varchar(50) NOT NULL,
  `login_time` datetime NOT NULL,
  `data` varchar(20) NOT NULL,
  PRIMARY KEY (`id`)
) ENGINE=MyISAM AUTO_INCREMENT=138 DEFAULT CHARSET=utf8 COLLATE=utf8_general_ci;

--
-- Dumping data for table `system_export_log`
--

INSERT INTO `system_export_log` VALUES (1,'61.19.124.234','amssplus','2018-09-28 16:31:02','person'),(2,'127.0.0.1','amssplus','2019-02-28 15:28:30','plan'),(3,'127.0.0.1','amssplus','2019-02-28 15:28:52','plan'),(4,'127.0.0.1','amssplus','2019-02-28 15:29:16','student'),(5,'127.0.0.1','amssplus','2019-02-28 15:29:27','student'),(6,'61.19.124.234','amssplus','2019-10-03 08:22:26','student_check'),(7,'61.19.124.234','amssplus','2019-10-03 09:14:26','student_check'),(8,'61.19.124.234','amssplus','2019-10-08 15:09:19','student_check'),(9,'61.19.124.234','amssplus','2019-11-07 12:11:54','student_check'),(10,'122.155.223.9','amssplus','2020-03-30 14:54:26','student_check'),(11,'122.155.223.9','amssplus','2020-08-05 09:56:46','student'),(12,'127.0.0.1','amssplus','2021-04-14 14:27:51','student'),(13,'127.0.0.1','amssplus','2021-04-14 14:38:41','student'),(14,'192.168.1.6','amssplus','2021-05-29 11:02:50','student'),(15,'192.168.1.6','amssplus','2021-05-29 11:03:53','student'),(16,'192.168.1.6','amssplus','2021-05-29 11:54:28','student'),(17,'192.168.1.6','amssplus','2021-05-29 11:57:25','student'),(18,'192.168.1.6','amssplus','2021-05-29 11:58:26','student'),(19,'192.168.1.6','amssplus','2021-05-29 12:13:00','student'),(20,'192.168.1.6','amssplus','2021-05-29 12:22:11','student'),(21,'192.168.1.6','amssplus','2021-05-29 12:23:57','student'),(22,'192.168.1.6','amssplus','2021-05-29 12:44:05','student'),(23,'192.168.1.6','amssplus','2021-05-29 12:50:51','student'),(24,'192.168.1.6','amssplus','2021-05-29 12:57:26','student'),(25,'192.168.1.6','amssplus','2021-05-29 12:58:31','student'),(26,'192.168.1.6','amssplus','2021-05-29 14:27:44','student'),(27,'192.168.1.6','amssplus','2021-05-29 14:28:18','student'),(28,'192.168.1.6','amssplus','2021-05-29 14:28:46','student'),(29,'192.168.1.6','amssplus','2021-05-29 14:29:24','student'),(30,'192.168.1.6','amssplus','2021-05-29 14:31:57','student'),(31,'10.1.1.3','amssplus','2021-09-10 17:13:37','student'),(32,'10.1.1.3','amssplus','2021-10-06 10:27:28','student'),(33,'10.1.1.3','amssplus','2021-10-06 10:30:21','student'),(34,'10.1.1.3','amssplus','2022-07-23 11:20:20','plan'),(35,'10.1.1.3','amssplus','2022-09-07 14:40:44','student'),(36,'10.1.1.3','amssplus','2022-09-17 19:22:11','student'),(37,'10.1.1.3','amssplus','2022-09-18 21:48:00','student'),(38,'10.1.1.3','amssplus','2022-09-18 21:49:42','student'),(39,'','amssplus','2023-01-02 14:23:41','student_check'),(40,'','amssplus','2023-01-02 17:52:54','student_check'),(41,'','amssplus','2023-01-02 17:54:30','student_check'),(42,'','amssplus','2023-01-02 17:55:04','student_check'),(43,'10.1.1.3','amssplus','2023-01-22 00:23:22','student'),(44,'127.0.0.1','amssplus','2023-02-16 09:21:29','student_check'),(45,'127.0.0.1','amssplus','2023-02-16 09:22:09','student_check'),(46,'127.0.0.1','amssplus','2023-02-16 09:33:03','student_check'),(47,'10.1.1.3','amssplus','2023-04-05 09:48:20','student_check'),(48,'10.1.1.3','amssplus','2023-04-05 22:38:12','student_check'),(49,'10.1.1.3','amssplus','2023-04-06 10:24:16','student_check'),(50,'10.1.1.3','amssplus','2023-04-06 10:25:07','student_check'),(51,'10.1.1.3','amssplus','2023-04-06 10:47:28','student_check'),(52,'10.1.1.3','amssplus','2023-04-06 13:13:41','student_check'),(53,'10.1.1.3','amssplus','2023-06-15 10:20:22','student_check'),(54,'10.1.1.3','amssplus','2023-06-15 10:56:10','student'),(55,'10.1.1.3','amssplus','2023-06-16 15:15:53','student'),(56,'10.1.1.3','amssplus','2023-07-04 11:24:36','student'),(57,'127.0.0.1','amssplus','2023-07-09 13:17:05','student_check'),(58,'127.0.0.1','amssplus','2023-07-09 13:19:00','student_check'),(59,'127.0.0.1','amssplus','2023-07-09 13:19:47','student_check'),(60,'127.0.0.1','amssplus','2023-07-09 13:20:14','student_check'),(61,'127.0.0.1','amssplus','2023-07-09 13:20:46','student_check'),(62,'127.0.0.1','amssplus','2023-07-09 13:21:44','student_check'),(63,'127.0.0.1','amssplus','2023-07-09 13:27:59','student_check'),(64,'127.0.0.1','amssplus','2023-07-09 13:29:13','student_check'),(65,'127.0.0.1','amssplus','2023-07-09 13:31:15','student_check'),(66,'127.0.0.1','amssplus','2023-07-09 13:36:12','student_check'),(67,'127.0.0.1','amssplus','2023-07-09 13:37:19','student_check'),(68,'127.0.0.1','amssplus','2023-07-09 13:37:40','student_check'),(69,'127.0.0.1','amssplus','2023-07-09 13:39:12','student_check'),(70,'127.0.0.1','amssplus','2023-07-09 13:41:19','student_check'),(71,'127.0.0.1','amssplus','2023-07-09 13:42:40','student_check'),(72,'127.0.0.1','amssplus','2023-07-09 13:43:39','student_check'),(73,'127.0.0.1','amssplus','2023-07-09 13:47:34','student_check'),(74,'127.0.0.1','amssplus','2023-07-09 13:59:31','student_check'),(75,'127.0.0.1','amssplus','2023-07-09 14:08:14','student_check'),(76,'127.0.0.1','amssplus','2023-07-09 14:17:27','student_check'),(77,'127.0.0.1','amssplus','2023-07-11 07:57:59','student_check'),(78,'127.0.0.1','amssplus','2023-07-11 08:13:01','student_check'),(79,'127.0.0.1','amssplus','2023-07-11 08:13:51','student_check'),(80,'127.0.0.1','amssplus','2023-07-11 08:14:42','student_check'),(81,'127.0.0.1','amssplus','2023-07-26 13:59:04','student_check'),(82,'127.0.0.1','amssplus','2023-07-26 14:00:43','student_check'),(83,'127.0.0.1','amssplus','2023-07-26 14:02:18','student_check'),(84,'127.0.0.1','amssplus','2023-07-26 14:53:00','student_check'),(85,'127.0.0.1','amssplus','2023-07-26 14:58:36','student_check'),(86,'127.0.0.1','amssplus','2023-07-26 15:09:21','student_check'),(87,'127.0.0.1','amssplus','2023-07-26 15:11:12','student_check'),(88,'127.0.0.1','amssplus','2023-07-26 15:12:10','student_check'),(89,'127.0.0.1','amssplus','2023-07-26 15:18:47','student_check'),(90,'127.0.0.1','amssplus','2023-07-26 15:22:43','student_check'),(91,'127.0.0.1','amssplus','2023-07-26 15:27:34','student_check'),(92,'127.0.0.1','amssplus','2023-07-26 15:31:15','student_check'),(93,'127.0.0.1','amssplus','2023-07-26 15:32:22','student_check'),(94,'127.0.0.1','amssplus','2023-07-26 15:33:17','student_check'),(95,'127.0.0.1','amssplus','2023-07-26 15:45:54','student_check'),(96,'127.0.0.1','amssplus','2023-07-26 15:49:09','student_check'),(97,'127.0.0.1','amssplus','2023-07-26 15:51:06','student_check'),(98,'127.0.0.1','amssplus','2023-07-26 15:52:53','student_check'),(99,'127.0.0.1','amssplus','2023-07-26 15:57:24','student_check'),(100,'127.0.0.1','amssplus','2023-07-26 17:14:04','student_check'),(101,'127.0.0.1','amssplus','2023-07-26 17:19:52','student_check'),(102,'127.0.0.1','amssplus','2023-07-26 17:26:44','student_check'),(103,'127.0.0.1','amssplus','2023-07-26 17:28:20','student_check'),(104,'127.0.0.1','amssplus','2023-07-26 17:42:22','student_check'),(105,'10.1.1.3','amssplus','2023-08-24 09:05:30','student_check'),(106,'10.1.1.3','amssplus','2023-08-31 09:02:48','student_check'),(107,'10.1.1.3','amssplus','2023-08-31 09:03:19','student_check'),(108,'10.1.1.3','amssplus','2023-08-31 09:03:39','student_check'),(109,'10.1.1.3','amssplus','2023-09-15 20:09:21','student'),(110,'','amssplus','2023-10-25 14:28:42','student_check'),(111,'','amssplus','2023-10-25 14:28:46','student_check'),(112,'','amssplus','2023-10-25 14:28:48','student_check'),(113,'10.255.199.107','amssplus','2023-11-29 08:55:48','student_check'),(114,'10.255.199.107','amssplus','2023-12-15 12:15:50','student_check'),(115,'10.255.199.107','amssplus','2024-01-25 03:50:22','student_check'),(116,'10.255.199.107','amssplus','2024-06-10 11:59:34','student'),(117,'10.255.199.107','amssplus','2024-06-10 12:33:25','student'),(118,'10.255.199.107','amssplus','2024-06-14 10:46:04','student'),(119,'10.255.199.107','amssplus','2024-06-14 10:52:06','student'),(120,'10.255.199.107','amssplus','2024-06-17 04:37:32','person'),(121,'10.255.199.107','amssplus','2024-06-17 04:39:47','person'),(122,'10.255.199.107','amssplus','2024-06-20 04:51:34','student_check'),(123,'10.255.199.107','amssplus','2025-03-11 07:57:43','student_check'),(124,'10.255.199.107','amssplus','2025-03-11 07:58:04','student_check'),(125,'10.255.199.107','amssplus','2025-03-28 01:48:39','student_check'),(126,'10.255.199.107','amssplus','2025-05-29 08:10:00','person'),(127,'10.255.199.107','amssplus','2025-05-29 08:12:47','person'),(128,'10.255.199.107','amssplus','2025-06-08 04:32:47','student'),(129,'10.255.199.107','amssplus','2025-07-30 08:33:28','student_check'),(130,'10.255.199.107','amssplus','2025-08-01 22:22:45','student_check'),(131,'10.255.199.107','amssplus','2025-08-01 22:22:49','student_check'),(132,'10.255.199.107','amssplus','2025-08-14 04:10:03','person'),(133,'10.255.199.107','amssplus','2025-08-18 02:44:18','student'),(134,'10.255.199.107','amssplus','2025-08-18 07:13:54','student'),(135,'10.255.199.107','amssplus','2025-08-29 02:40:17','student_check'),(136,'10.255.199.107','amssplus','2025-09-13 05:43:36','student_check'),(137,'10.255.199.107','amssplus','2025-09-13 05:54:44','student_check');

--
-- Table structure for table `system_export_permission`
--

CREATE TABLE `system_export_permission` (
  `id` int(11) NOT NULL AUTO_INCREMENT,
  `requester` varchar(50) NOT NULL,
  `data_name` varchar(50) NOT NULL,
  `status` tinyint(4) NOT NULL DEFAULT 0,
  PRIMARY KEY (`id`)
) ENGINE=MyISAM AUTO_INCREMENT=7 DEFAULT CHARSET=utf8 COLLATE=utf8_general_ci;

--
-- Dumping data for table `system_export_permission`
--

INSERT INTO `system_export_permission` VALUES (1,'amssplus','plan',1),(2,'amssplus','onet',1),(3,'amssplus','student',1),(4,'amssplus','person',1),(5,'amssplus','student_check',1),(6,'amssplus','health',1);

--
-- Table structure for table `system_module`
--

CREATE TABLE `system_module` (
  `id` int(11) NOT NULL AUTO_INCREMENT,
  `module` varchar(50) NOT NULL,
  `module_desc` varchar(100) NOT NULL,
  `workgroup` tinyint(4) DEFAULT NULL,
  `module_active` tinyint(4) DEFAULT NULL,
  `module_order` int(11) NOT NULL,
  `web_link` tinyint(4) DEFAULT NULL,
  `url` varchar(150) DEFAULT NULL,
  `where_work` tinyint(4) NOT NULL DEFAULT 0,
  `menu_pic` varchar(25) NOT NULL,
  PRIMARY KEY (`id`)
) ENGINE=MyISAM AUTO_INCREMENT=118 DEFAULT CHARSET=utf8 COLLATE=utf8_general_ci;

--
-- Dumping data for table `system_module`
--

INSERT INTO `system_module` VALUES (1,'budget','การเงินและบัญชี',2,1,27,NULL,NULL,0,'fab fa-btc'),(32,'person','ข้อมูลพื้นฐานครูและบุคลากร',3,1,31,0,'',0,'fa fa-user-circle'),(36,'standard','มาตรฐานการศึกษา',1,1,23,NULL,NULL,0,''),(49,'health','ตรวจสุขภาพนักเรียน',1,1,5,NULL,NULL,1,''),(50,'student_check','การมาเรียน',1,1,1,NULL,NULL,0,'fa fa-child'),(70,'work','﻿การปฏิบัติราชการ',4,1,49,NULL,NULL,0,''),(48,'savings','ออมทรัพย์นักเรียน',1,1,3,NULL,NULL,1,'fab fa-btc'),(45,'student_main','ข้อมูลพื้นฐานนักเรียน',1,1,7,NULL,NULL,0,'fa fa-child'),(47,'plan','การวางแผน',2,1,25,NULL,NULL,0,''),(73,'la','﻿การลา',4,1,47,NULL,NULL,0,''),(80,'mail','ไปรษณีย์_โรงเรียน',4,1,38,0,'',0,'fa fa-envelope'),(75,'meeting','﻿จองห้องประชุม',4,1,51,NULL,NULL,0,''),(76,'permission','﻿ขออนุญาตไปราชการ',4,1,45,NULL,NULL,0,''),(81,'achievement','﻿ผลสัมฤทธิ์ทางการเรียน',1,1,21,NULL,NULL,0,'fa fa-graduation-cap'),(83,'cabinet','﻿ตู้เอกสาร',4,1,53,NULL,NULL,0,''),(99,'bookregister','﻿ทะเบียนหนังสือราชการ',4,1,35,0,'',0,'fa fa-book'),(104,'bets','ทดสอบการศึกษา_โรงเรียน',1,1,9,0,'',1,'fa fa-graduation-cap'),(103,'student_inclass','﻿การเข้าชั้นเรียน',1,1,19,0,'',0,'fa fa-child'),(105,'delegate','﻿การรักษาราชการแทน',3,1,33,0,'',0,''),(106,'affair','﻿ภารกิจผู้อำนวยการ',4,1,43,0,'',0,''),(107,'amss_bets','﻿ทดสอบการศึกษา_สพท.',1,1,11,0,'',1,'fa fa-graduation-cap'),(108,'amss_budget','﻿การบริหารงบประมาณ_สพท.',2,1,29,0,'',0,'fab fa-btc'),(109,'amss_mail','﻿ไปรษณีย์_สพท.',4,1,39,0,'',0,'fa fa-envelope'),(110,'amss_opportunity','﻿สิทธิและโอกาสทางการศึกษา',1,1,15,0,'',0,'fa fa-child'),(111,'amss_spacial_student','﻿นักเรียนพิเศษ',1,1,17,0,'',0,'fa fa-child'),(112,'amss_supervision','﻿นิเทศ ติดตาม ประเมินผล',1,1,13,0,'',0,'fa fa-graduation-cap'),(113,'book','﻿รับส่งหนังสือราชการ',4,1,37,0,'',0,'fa fa-book'),(114,'warroom','﻿วิเคราะห์สภาพการณ์',1,1,0,0,'',0,'fa fa-filter'),(115,'questionnaire','﻿แบบสอบถาม',4,1,0,0,'',0,''),(116,'idplan','﻿ข้อมูลครูและบุคลากร(ส่วนเพิ่ม)',3,1,0,0,'',0,''),(117,'amss_safety','สถานศึกษาปลอดภัย',1,1,0,0,'',0,'');

--
-- Table structure for table `system_module_admin`
--

CREATE TABLE `system_module_admin` (
  `id` int(11) NOT NULL AUTO_INCREMENT,
  `person_id` varchar(13) NOT NULL,
  `module` varchar(30) NOT NULL,
  `officer` varchar(13) NOT NULL,
  `rec_date` date NOT NULL,
  PRIMARY KEY (`id`)
) ENGINE=MyISAM AUTO_INCREMENT=44 DEFAULT CHARSET=utf8 COLLATE=utf8_general_ci;

--
-- Dumping data for table `system_module_admin`
--

INSERT INTO `system_module_admin` VALUES (3,'1342200053644','bets','7777','2016-06-19'),(2,'1342200053644','achievement','7777','2016-06-19'),(4,'1342200053644','bookregister','7777','2016-06-19'),(5,'1342200053644','budget','7777','2016-06-19'),(6,'1342200053644','cabinet','7777','2016-06-19'),(7,'1342200053644','delegate','7777','2016-06-19'),(8,'1342200053644','health','7777','2016-06-19'),(9,'1342200053644','la','7777','2016-06-19'),(10,'1342200053644','mail','7777','2016-06-19'),(11,'1342200053644','meeting','7777','2016-06-19'),(12,'1342200053644','permission','7777','2016-06-19'),(13,'1342200053644','person','7777','2016-06-19'),(14,'1342200053644','plan','7777','2016-06-19'),(15,'1342200053644','savings','7777','2016-06-19'),(16,'1342200053644','standard','7777','2016-06-19'),(17,'1342200053644','student_check','7777','2016-06-19'),(18,'1342200053644','student_inclass','7777','2016-06-19'),(19,'1342200053644','student_main','7777','2016-06-19'),(20,'1342200053644','work','7777','2016-06-19'),(21,'3349800056311','budget','1342200053644','2016-07-23'),(22,'3349800056311','plan','3349800056311','2016-11-07'),(23,'1342200053644','book','1342200053644','2018-09-29'),(24,'1342200053644','amss_opportunity','1342200053644','2018-09-29'),(25,'3349800056311','amss_opportunity','1342200053644','2018-09-29'),(31,'1349900063908','bookregister','1349900063908','2022-07-23'),(29,'1342200053644','affair','1342200053644','2019-06-18'),(30,'3349800011660','plan','1342200053644','2020-11-27'),(32,'1349900063908','student_main','1349900063908','2022-07-23'),(33,'1342200053644','questionnaire','1342200053644','2022-07-23'),(34,'1342200053644','amss_budget','1342200053644','2022-07-23'),(35,'1349900063908','book','1349900063908','2022-07-23'),(36,'1349900063908','amss_bets','1349900063908','2022-07-23'),(37,'1349900063908','amss_mail','1349900063908','2022-07-23'),(38,'1349900063908','budget','1349900063908','2022-07-23'),(39,'1342200053644','amss_bets','1342200053644','2022-07-23'),(40,'1349900856045','amss_budget','1342200053644','2023-10-10'),(41,'1349900856045','budget','1342200053644','2023-10-10'),(42,'3341501686161','budget','1342200053644','2023-10-10'),(43,'1349900856045','plan','1342200053644','2023-10-16');

--
-- Table structure for table `system_school_name`
--

CREATE TABLE `system_school_name` (
  `id` tinyint(4) NOT NULL,
  `school_name` varchar(200) NOT NULL,
  `school_type` tinyint(4) NOT NULL DEFAULT 0
) ENGINE=MyISAM DEFAULT CHARSET=utf8 COLLATE=utf8_general_ci;

--
-- Dumping data for table `system_school_name`
--

INSERT INTO `system_school_name` VALUES (1,'โรงเรียนบ้านสร้างโหง่น',0);

--
-- Table structure for table `system_sync_code`
--

CREATE TABLE `system_sync_code` (
  `id` tinyint(4) NOT NULL AUTO_INCREMENT,
  `office_code` varchar(10) NOT NULL,
  `system_name` varchar(50) NOT NULL,
  `sync_code` varchar(50) NOT NULL,
  `amssplus_url` varchar(100) NOT NULL,
  PRIMARY KEY (`id`),
  UNIQUE KEY `system_name` (`system_name`)
) ENGINE=MyISAM AUTO_INCREMENT=4 DEFAULT CHARSET=utf8 COLLATE=utf8_general_ci;

--
-- Dumping data for table `system_sync_code`
--

INSERT INTO `system_sync_code` VALUES (3,'34040114','amssplus','34040114','http://10.255.199.107/amssplus');

--
-- Table structure for table `system_version`
--

CREATE TABLE `system_version` (
  `id` int(11) NOT NULL AUTO_INCREMENT,
  `smss_version` varchar(100) NOT NULL,
  `status1` int(11) DEFAULT NULL,
  `status2` int(11) DEFAULT NULL,
  `status3` int(11) DEFAULT NULL,
  `status4` int(11) DEFAULT NULL,
  `status5` int(11) DEFAULT NULL,
  PRIMARY KEY (`id`)
) ENGINE=MyISAM AUTO_INCREMENT=2 DEFAULT CHARSET=utf8 COLLATE=utf8_general_ci;

--
-- Dumping data for table `system_version`
--

INSERT INTO `system_version` VALUES (1,'6.4',1,0,0,0,0);

--
-- Table structure for table `system_workgroup`
--

CREATE TABLE `system_workgroup` (
  `id` tinyint(4) NOT NULL AUTO_INCREMENT,
  `workgroup` tinyint(4) NOT NULL,
  `workgroup_desc` varchar(50) NOT NULL,
  `workgroup_order` int(11) NOT NULL,
  PRIMARY KEY (`id`),
  UNIQUE KEY `workgroup` (`workgroup`)
) ENGINE=MyISAM AUTO_INCREMENT=5 DEFAULT CHARSET=utf8 COLLATE=utf8_general_ci;

--
-- Dumping data for table `system_workgroup`
--

INSERT INTO `system_workgroup` VALUES (1,1,'บริหารวิชาการ',2),(2,2,'บริหารงบประมาณ',4),(3,3,'บริหารงานบุคคล',8),(4,4,'บริหารทั่วไป',9);

--
-- Table structure for table `work_main`
--

CREATE TABLE `work_main` (
  `id` int(11) NOT NULL AUTO_INCREMENT,
  `work_date` date NOT NULL,
  `person_id` varchar(13) NOT NULL,
  `work` tinyint(4) NOT NULL DEFAULT 0,
  `comment` varchar(150) DEFAULT NULL,
  `rec_date` datetime NOT NULL,
  `officer` varchar(13) NOT NULL,
  PRIMARY KEY (`id`),
  KEY `work_date` (`work_date`),
  KEY `person_id` (`person_id`)
) ENGINE=MyISAM AUTO_INCREMENT=3849 DEFAULT CHARSET=utf8 COLLATE=utf8_general_ci;

--
-- Dumping data for table `work_main`
--

INSERT INTO `work_main` VALUES (1,'2016-06-17','3341501205724',1,NULL,'2016-06-19 13:57:39','1342200053644'),(2,'2016-06-17','1349900063908',1,NULL,'2016-06-19 13:57:39','1342200053644'),(3,'2016-06-17','3341501627491',1,NULL,'2016-06-19 13:57:39','1342200053644'),(4,'2016-06-17','3341501581629',1,NULL,'2016-06-19 13:57:39','1342200053644'),(5,'2016-06-17','3349800180950',1,NULL,'2016-06-19 13:57:39','1342200053644'),(6,'2016-06-17','3349800011660',1,NULL,'2016-06-19 13:57:39','1342200053644'),(7,'2016-06-17','3341500253768',1,NULL,'2016-06-19 13:57:39','1342200053644'),(8,'2016-06-17','3349800056311',1,NULL,'2016-06-19 13:57:39','1342200053644'),(9,'2016-06-17','3341501020601',1,NULL,'2016-06-19 13:57:39','1342200053644'),(10,'2016-06-17','3341500408273',1,NULL,'2016-06-19 13:57:39','1342200053644'),(11,'2016-06-17','3341500410898',1,NULL,'2016-06-19 13:57:39','1342200053644'),(12,'2016-06-17','1342200053644',1,NULL,'2016-06-19 13:57:39','1342200053644'),(13,'2016-06-17','5342290003059',1,NULL,'2016-06-19 13:57:39','1342200053644'),(14,'2016-06-17','3341500812350',1,NULL,'2016-06-19 13:57:39','1342200053644'),(15,'2016-06-19','1349900063908',2,NULL,'2016-06-19 13:58:45','3349800056311'),(16,'2016-06-19','3341501627491',2,NULL,'2016-06-19 13:58:45','3349800056311'),(17,'2016-06-19','3341501581629',2,NULL,'2016-06-19 13:58:45','3349800056311'),(18,'2016-06-19','3349800180950',2,NULL,'2016-06-19 13:58:45','3349800056311'),(19,'2016-06-19','3349800011660',2,NULL,'2016-06-19 13:58:45','3349800056311'),(20,'2016-06-19','3341500253768',2,NULL,'2016-06-19 13:58:45','3349800056311'),(21,'2016-06-19','3349800056311',2,NULL,'2016-06-19 13:58:45','3349800056311'),(22,'2016-06-19','3341501020601',2,NULL,'2016-06-19 13:58:45','3349800056311'),(23,'2016-06-19','3341500408273',2,NULL,'2016-06-19 13:58:45','3349800056311'),(24,'2016-06-19','1342200053644',2,NULL,'2016-06-19 13:58:45','3349800056311'),(25,'2016-06-19','5342290003059',2,NULL,'2016-06-19 13:58:45','3349800056311'),(26,'2016-06-19','3341500812350',2,NULL,'2016-06-19 13:58:45','3349800056311'),(27,'2016-08-01','3341501205724',1,NULL,'2016-08-18 09:17:43','1342200053644'),(28,'2016-08-01','1349900063908',1,NULL,'2016-08-18 09:17:43','1342200053644'),(29,'2016-08-01','3341501627491',1,NULL,'2016-08-18 09:17:43','1342200053644'),(30,'2016-08-01','3341501581629',1,NULL,'2016-08-18 09:17:43','1342200053644'),(31,'2016-08-01','3349800180950',1,NULL,'2016-08-18 09:17:43','1342200053644'),(32,'2016-08-01','3349800011660',1,NULL,'2016-08-18 09:17:43','1342200053644'),(33,'2016-08-01','3341500253768',1,NULL,'2016-08-18 09:17:43','1342200053644'),(34,'2016-08-01','3349800056311',1,NULL,'2016-08-18 09:17:43','1342200053644'),(35,'2016-08-01','3341501020601',1,NULL,'2016-08-18 09:17:43','1342200053644'),(36,'2016-08-01','3341500408273',1,NULL,'2016-08-18 09:17:43','1342200053644'),(37,'2016-08-01','5342290003059',1,NULL,'2016-08-18 09:17:43','1342200053644'),(38,'2016-08-01','3341500812350',1,NULL,'2016-08-18 09:17:43','1342200053644'),(39,'2016-08-01','1342200053644',1,NULL,'2016-08-18 09:17:43','1342200053644'),(40,'2016-08-01','3341500410898',1,NULL,'2016-08-18 09:17:43','1342200053644'),(41,'2016-08-02','3341501205724',1,NULL,'2016-08-18 09:18:28','1342200053644'),(42,'2016-08-02','1349900063908',1,NULL,'2016-08-18 09:18:28','1342200053644'),(43,'2016-08-02','3341501627491',1,NULL,'2016-08-18 09:18:28','1342200053644'),(44,'2016-08-02','3341501581629',1,NULL,'2016-08-18 09:18:28','1342200053644'),(45,'2016-08-02','3349800180950',1,NULL,'2016-08-18 09:18:28','1342200053644'),(46,'2016-08-02','3349800011660',1,NULL,'2016-08-18 09:18:28','1342200053644'),(47,'2016-08-02','3341500253768',1,NULL,'2016-08-18 09:18:28','1342200053644'),(48,'2016-08-02','3349800056311',1,NULL,'2016-08-18 09:18:28','1342200053644'),(49,'2016-08-02','3341501020601',1,NULL,'2016-08-18 09:18:28','1342200053644'),(50,'2016-08-02','3341500408273',1,NULL,'2016-08-18 09:18:28','1342200053644'),(51,'2016-08-02','5342290003059',1,NULL,'2016-08-18 09:18:28','1342200053644'),(52,'2016-08-02','3341500812350',1,NULL,'2016-08-18 09:18:28','1342200053644'),(53,'2016-08-02','3341500410898',1,NULL,'2016-08-18 09:18:28','1342200053644'),(54,'2016-08-03','3341501205724',1,NULL,'2016-08-18 09:18:53','1342200053644'),(55,'2016-08-03','1349900063908',1,NULL,'2016-08-18 09:18:53','1342200053644'),(56,'2016-08-03','3341501627491',1,NULL,'2016-08-18 09:18:53','1342200053644'),(57,'2016-08-03','3341501581629',1,NULL,'2016-08-18 09:18:53','1342200053644'),(58,'2016-08-03','3349800180950',1,NULL,'2016-08-18 09:18:53','1342200053644'),(59,'2016-08-03','3349800011660',1,NULL,'2016-08-18 09:18:53','1342200053644'),(60,'2016-08-03','3341500253768',1,NULL,'2016-08-18 09:18:53','1342200053644'),(61,'2016-08-03','3349800056311',1,NULL,'2016-08-18 09:18:53','1342200053644'),(62,'2016-08-03','3341501020601',1,NULL,'2016-08-18 09:18:53','1342200053644'),(63,'2016-08-03','3341500408273',1,NULL,'2016-08-18 09:18:53','1342200053644'),(64,'2016-08-03','5342290003059',1,NULL,'2016-08-18 09:18:53','1342200053644'),(65,'2016-08-03','3341500812350',1,NULL,'2016-08-18 09:18:53','1342200053644'),(66,'2016-08-03','1342200053644',1,NULL,'2016-08-18 09:18:53','1342200053644'),(67,'2016-08-03','3341500410898',1,NULL,'2016-08-18 09:18:53','1342200053644'),(68,'2016-08-04','3341501205724',1,NULL,'2016-08-18 09:33:10','1342200053644'),(69,'2016-08-04','1349900063908',4,NULL,'2016-08-18 09:33:10','1342200053644'),(70,'2016-08-04','3341501627491',1,NULL,'2016-08-18 09:33:10','1342200053644'),(71,'2016-08-04','3341501581629',1,NULL,'2016-08-18 09:33:10','1342200053644'),(72,'2016-08-04','3349800180950',1,NULL,'2016-08-18 09:33:10','1342200053644'),(73,'2016-08-04','3349800011660',2,NULL,'2016-08-18 09:33:10','1342200053644'),(74,'2016-08-04','3341500253768',1,NULL,'2016-08-18 09:33:10','1342200053644'),(75,'2016-08-04','3349800056311',1,NULL,'2016-08-18 09:33:10','1342200053644'),(76,'2016-08-04','3341501020601',1,NULL,'2016-08-18 09:33:10','1342200053644'),(77,'2016-08-04','3341500408273',1,NULL,'2016-08-18 09:33:10','1342200053644'),(78,'2016-08-04','5342290003059',3,NULL,'2016-08-18 09:33:10','1342200053644'),(79,'2016-08-04','3341500812350',1,NULL,'2016-08-18 09:33:10','1342200053644'),(80,'2016-08-04','1342200053644',1,NULL,'2016-08-18 09:33:10','1342200053644'),(81,'2016-08-04','3341500410898',1,NULL,'2016-08-18 09:33:10','1342200053644'),(82,'2016-08-05','3341501205724',1,NULL,'2016-08-18 09:33:36','1342200053644'),(83,'2016-08-05','1349900063908',4,NULL,'2016-08-18 09:33:36','1342200053644'),(84,'2016-08-05','3341501627491',1,NULL,'2016-08-18 09:33:36','1342200053644'),(85,'2016-08-05','3341501581629',1,NULL,'2016-08-18 09:33:36','1342200053644'),(86,'2016-08-05','3349800180950',1,NULL,'2016-08-18 09:33:36','1342200053644'),(87,'2016-08-05','3349800011660',1,NULL,'2016-08-18 09:33:36','1342200053644'),(88,'2016-08-05','3341500253768',1,NULL,'2016-08-18 09:33:36','1342200053644'),(89,'2016-08-05','3349800056311',1,NULL,'2016-08-18 09:33:36','1342200053644'),(90,'2016-08-05','3341501020601',1,NULL,'2016-08-18 09:33:36','1342200053644'),(91,'2016-08-05','3341500408273',1,NULL,'2016-08-18 09:33:36','1342200053644'),(92,'2016-08-05','5342290003059',1,NULL,'2016-08-18 09:33:36','1342200053644'),(93,'2016-08-05','3341500812350',1,NULL,'2016-08-18 09:33:36','1342200053644'),(94,'2016-08-05','1342200053644',1,NULL,'2016-08-18 09:33:36','1342200053644'),(95,'2016-08-05','3341500410898',1,NULL,'2016-08-18 09:33:36','1342200053644'),(96,'2016-08-08','3341501205724',1,NULL,'2016-08-18 09:34:04','1342200053644'),(97,'2016-08-08','1349900063908',1,NULL,'2016-08-18 09:34:04','1342200053644'),(98,'2016-08-08','3341501627491',1,NULL,'2016-08-18 09:34:04','1342200053644'),(99,'2016-08-08','3341501581629',1,NULL,'2016-08-18 09:34:04','1342200053644'),(100,'2016-08-08','3349800180950',1,NULL,'2016-08-18 09:34:04','1342200053644'),(101,'2016-08-08','3349800011660',1,NULL,'2016-08-18 09:34:04','1342200053644'),(102,'2016-08-08','3341500253768',1,NULL,'2016-08-18 09:34:04','1342200053644'),(103,'2016-08-08','3349800056311',1,NULL,'2016-08-18 09:34:04','1342200053644'),(104,'2016-08-08','3341501020601',1,NULL,'2016-08-18 09:34:04','1342200053644'),(105,'2016-08-08','3341500408273',1,NULL,'2016-08-18 09:34:04','1342200053644'),(106,'2016-08-08','5342290003059',1,NULL,'2016-08-18 09:34:04','1342200053644'),(107,'2016-08-08','3341500812350',1,NULL,'2016-08-18 09:34:04','1342200053644'),(108,'2016-08-08','1342200053644',1,NULL,'2016-08-18 09:34:04','1342200053644'),(109,'2016-08-08','3341500410898',1,NULL,'2016-08-18 09:34:04','1342200053644'),(110,'2016-08-09','3341501205724',1,NULL,'2016-08-18 09:34:23','1342200053644'),(111,'2016-08-09','1349900063908',1,NULL,'2016-08-18 09:34:23','1342200053644'),(112,'2016-08-09','3341501627491',1,NULL,'2016-08-18 09:34:23','1342200053644'),(113,'2016-08-09','3341501581629',1,NULL,'2016-08-18 09:34:23','1342200053644'),(114,'2016-08-09','3349800180950',1,NULL,'2016-08-18 09:34:23','1342200053644'),(115,'2016-08-09','3349800011660',1,NULL,'2016-08-18 09:34:23','1342200053644'),(116,'2016-08-09','3341500253768',1,NULL,'2016-08-18 09:34:23','1342200053644'),(117,'2016-08-09','3349800056311',1,NULL,'2016-08-18 09:34:23','1342200053644'),(118,'2016-08-09','3341501020601',1,NULL,'2016-08-18 09:34:23','1342200053644'),(119,'2016-08-09','3341500408273',1,NULL,'2016-08-18 09:34:23','1342200053644'),(120,'2016-08-09','5342290003059',1,NULL,'2016-08-18 09:34:23','1342200053644'),(121,'2016-08-09','3341500812350',1,NULL,'2016-08-18 09:34:23','1342200053644'),(122,'2016-08-09','1342200053644',1,NULL,'2016-08-18 09:34:23','1342200053644'),(123,'2016-08-09','3341500410898',1,NULL,'2016-08-18 09:34:23','1342200053644'),(124,'2016-08-10','3341501205724',1,NULL,'2016-08-18 09:34:51','1342200053644'),(125,'2016-08-10','1349900063908',1,NULL,'2016-08-18 09:34:51','1342200053644'),(126,'2016-08-10','3341501627491',1,NULL,'2016-08-18 09:34:51','1342200053644'),(127,'2016-08-10','3341501581629',1,NULL,'2016-08-18 09:34:51','1342200053644'),(128,'2016-08-10','3349800180950',1,NULL,'2016-08-18 09:34:51','1342200053644'),(129,'2016-08-10','3349800011660',1,NULL,'2016-08-18 09:34:51','1342200053644'),(130,'2016-08-10','3341500253768',1,NULL,'2016-08-18 09:34:51','1342200053644'),(131,'2016-08-10','3349800056311',1,NULL,'2016-08-18 09:34:51','1342200053644'),(132,'2016-08-10','3341501020601',1,NULL,'2016-08-18 09:34:51','1342200053644'),(133,'2016-08-10','3341500408273',1,NULL,'2016-08-18 09:34:51','1342200053644'),(134,'2016-08-10','5342290003059',1,NULL,'2016-08-18 09:34:51','1342200053644'),(135,'2016-08-10','3341500812350',1,NULL,'2016-08-18 09:34:51','1342200053644'),(136,'2016-08-10','1342200053644',1,NULL,'2016-08-18 09:34:51','1342200053644'),(137,'2016-08-10','3341500410898',1,NULL,'2016-08-18 09:34:51','1342200053644'),(138,'2016-08-11','3341501205724',1,NULL,'2016-08-18 09:35:05','1342200053644'),(139,'2016-08-11','1349900063908',1,NULL,'2016-08-18 09:35:05','1342200053644'),(140,'2016-08-11','3341501627491',1,NULL,'2016-08-18 09:35:05','1342200053644'),(141,'2016-08-11','3341501581629',1,NULL,'2016-08-18 09:35:05','1342200053644'),(142,'2016-08-11','3349800180950',1,NULL,'2016-08-18 09:35:05','1342200053644'),(143,'2016-08-11','3349800011660',1,NULL,'2016-08-18 09:35:05','1342200053644'),(144,'2016-08-11','3341500253768',1,NULL,'2016-08-18 09:35:05','1342200053644'),(145,'2016-08-11','3349800056311',1,NULL,'2016-08-18 09:35:05','1342200053644'),(146,'2016-08-11','3341501020601',1,NULL,'2016-08-18 09:35:05','1342200053644'),(147,'2016-08-11','3341500408273',1,NULL,'2016-08-18 09:35:05','1342200053644'),(148,'2016-08-11','5342290003059',1,NULL,'2016-08-18 09:35:05','1342200053644'),(149,'2016-08-11','3341500812350',1,NULL,'2016-08-18 09:35:05','1342200053644'),(150,'2016-08-11','1342200053644',1,NULL,'2016-08-18 09:35:05','1342200053644'),(151,'2016-08-11','3341500410898',1,NULL,'2016-08-18 09:35:05','1342200053644'),(152,'2016-08-15','3341501205724',1,NULL,'2016-09-05 10:08:22','1342200053644'),(153,'2016-08-15','1349900063908',1,NULL,'2016-09-05 10:08:22','1342200053644'),(154,'2016-08-15','3341501627491',1,NULL,'2016-09-05 10:08:22','1342200053644'),(155,'2016-08-15','3341501581629',1,NULL,'2016-09-05 10:08:22','1342200053644'),(156,'2016-08-15','3349800180950',1,NULL,'2016-09-05 10:08:22','1342200053644'),(157,'2016-08-15','3349800011660',1,NULL,'2016-09-05 10:08:22','1342200053644'),(158,'2016-08-15','3341500253768',1,NULL,'2016-09-05 10:08:22','1342200053644'),(159,'2016-08-15','3349800056311',1,NULL,'2016-09-05 10:08:22','1342200053644'),(160,'2016-08-15','3341501020601',1,NULL,'2016-09-05 10:08:22','1342200053644'),(161,'2016-08-15','3341500408273',1,NULL,'2016-09-05 10:08:22','1342200053644'),(162,'2016-08-15','5342290003059',1,NULL,'2016-09-05 10:08:22','1342200053644'),(163,'2016-08-15','3341500812350',1,NULL,'2016-09-05 10:08:22','1342200053644'),(164,'2016-08-15','1342200053644',1,NULL,'2016-09-05 10:08:22','1342200053644'),(165,'2016-08-15','3341500410898',1,NULL,'2016-09-05 10:08:22','1342200053644'),(166,'2016-08-16','3341501205724',1,NULL,'2016-09-05 10:16:20','1342200053644'),(167,'2016-08-16','1349900063908',1,NULL,'2016-09-05 10:16:20','1342200053644'),(169,'2016-08-16','3341501581629',1,NULL,'2016-09-05 10:16:20','1342200053644'),(170,'2016-08-16','3349800180950',1,NULL,'2016-09-05 10:16:20','1342200053644'),(171,'2016-08-16','3349800011660',1,NULL,'2016-09-05 10:16:20','1342200053644'),(172,'2016-08-16','3341500253768',1,NULL,'2016-09-05 10:16:20','1342200053644'),(173,'2016-08-16','3349800056311',1,NULL,'2016-09-05 10:16:20','1342200053644'),(174,'2016-08-16','3341501020601',1,NULL,'2016-09-05 10:16:20','1342200053644'),(175,'2016-08-16','3341500408273',1,NULL,'2016-09-05 10:16:20','1342200053644'),(176,'2016-08-16','5342290003059',1,NULL,'2016-09-05 10:16:20','1342200053644'),(177,'2016-08-16','3341500812350',1,NULL,'2016-09-05 10:16:20','1342200053644'),(178,'2016-08-16','1342200053644',1,NULL,'2016-09-05 10:16:20','1342200053644'),(179,'2016-08-16','3341500410898',1,NULL,'2016-09-05 10:16:20','1342200053644'),(180,'2016-08-17','3341501205724',1,NULL,'2016-09-05 10:16:29','1342200053644'),(181,'2016-08-17','1349900063908',1,NULL,'2016-09-05 10:16:29','1342200053644'),(183,'2016-08-17','3341501581629',1,NULL,'2016-09-05 10:16:29','1342200053644'),(184,'2016-08-17','3349800180950',1,NULL,'2016-09-05 10:16:29','1342200053644'),(185,'2016-08-17','3349800011660',1,NULL,'2016-09-05 10:16:29','1342200053644'),(186,'2016-08-17','3341500253768',1,NULL,'2016-09-05 10:16:29','1342200053644'),(187,'2016-08-17','3349800056311',1,NULL,'2016-09-05 10:16:29','1342200053644'),(188,'2016-08-17','3341501020601',1,NULL,'2016-09-05 10:16:29','1342200053644'),(189,'2016-08-17','3341500408273',1,NULL,'2016-09-05 10:16:29','1342200053644'),(190,'2016-08-17','5342290003059',1,NULL,'2016-09-05 10:16:29','1342200053644'),(191,'2016-08-17','3341500812350',1,NULL,'2016-09-05 10:16:29','1342200053644'),(192,'2016-08-17','1342200053644',1,NULL,'2016-09-05 10:16:29','1342200053644'),(193,'2016-08-17','3341500410898',1,NULL,'2016-09-05 10:16:29','1342200053644'),(194,'2016-08-18','3341501205724',1,NULL,'2016-09-05 10:16:34','1342200053644'),(195,'2016-08-18','1349900063908',1,NULL,'2016-09-05 10:16:34','1342200053644'),(197,'2016-08-18','3341501581629',1,NULL,'2016-09-05 10:16:34','1342200053644'),(198,'2016-08-18','3349800180950',1,NULL,'2016-09-05 10:16:34','1342200053644'),(199,'2016-08-18','3349800011660',1,NULL,'2016-09-05 10:16:34','1342200053644'),(200,'2016-08-18','3341500253768',1,NULL,'2016-09-05 10:16:34','1342200053644'),(201,'2016-08-18','3349800056311',1,NULL,'2016-09-05 10:16:34','1342200053644'),(202,'2016-08-18','3341501020601',1,NULL,'2016-09-05 10:16:34','1342200053644'),(203,'2016-08-18','3341500408273',1,NULL,'2016-09-05 10:16:34','1342200053644'),(204,'2016-08-18','5342290003059',1,NULL,'2016-09-05 10:16:34','1342200053644'),(205,'2016-08-18','3341500812350',1,NULL,'2016-09-05 10:16:34','1342200053644'),(206,'2016-08-18','1342200053644',1,NULL,'2016-09-05 10:16:34','1342200053644'),(207,'2016-08-18','3341500410898',1,NULL,'2016-09-05 10:16:34','1342200053644'),(208,'2016-08-19','3341501205724',1,NULL,'2016-09-05 10:16:40','1342200053644'),(209,'2016-08-19','1349900063908',1,NULL,'2016-09-05 10:16:40','1342200053644'),(211,'2016-08-19','3341501581629',1,NULL,'2016-09-05 10:16:40','1342200053644'),(212,'2016-08-19','3349800180950',1,NULL,'2016-09-05 10:16:40','1342200053644'),(213,'2016-08-19','3349800011660',1,NULL,'2016-09-05 10:16:40','1342200053644'),(214,'2016-08-19','3341500253768',1,NULL,'2016-09-05 10:16:40','1342200053644'),(215,'2016-08-19','3349800056311',1,NULL,'2016-09-05 10:16:40','1342200053644'),(216,'2016-08-19','3341501020601',1,NULL,'2016-09-05 10:16:40','1342200053644'),(217,'2016-08-19','3341500408273',1,NULL,'2016-09-05 10:16:40','1342200053644'),(218,'2016-08-19','5342290003059',1,NULL,'2016-09-05 10:16:40','1342200053644'),(219,'2016-08-19','3341500812350',1,NULL,'2016-09-05 10:16:40','1342200053644'),(220,'2016-08-19','1342200053644',1,NULL,'2016-09-05 10:16:40','1342200053644'),(221,'2016-08-19','3341500410898',1,NULL,'2016-09-05 10:16:40','1342200053644'),(222,'2016-08-22','3341501205724',1,NULL,'2016-09-05 10:09:52','1342200053644'),(223,'2016-08-22','1349900063908',1,NULL,'2016-09-05 10:09:52','1342200053644'),(224,'2016-08-22','3341501627491',1,NULL,'2016-09-05 10:09:52','1342200053644'),(225,'2016-08-22','3341501581629',1,NULL,'2016-09-05 10:09:52','1342200053644'),(226,'2016-08-22','3349800180950',1,NULL,'2016-09-05 10:09:52','1342200053644'),(227,'2016-08-22','3349800011660',1,NULL,'2016-09-05 10:09:52','1342200053644'),(228,'2016-08-22','3341500253768',1,NULL,'2016-09-05 10:09:52','1342200053644'),(229,'2016-08-22','3349800056311',1,NULL,'2016-09-05 10:09:52','1342200053644'),(230,'2016-08-22','3341501020601',1,NULL,'2016-09-05 10:09:52','1342200053644'),(231,'2016-08-22','3341500408273',1,NULL,'2016-09-05 10:09:52','1342200053644'),(232,'2016-08-22','5342290003059',1,NULL,'2016-09-05 10:09:52','1342200053644'),(233,'2016-08-22','3341500812350',1,NULL,'2016-09-05 10:09:52','1342200053644'),(234,'2016-08-22','1342200053644',1,NULL,'2016-09-05 10:09:52','1342200053644'),(235,'2016-08-22','3341500410898',1,NULL,'2016-09-05 10:09:52','1342200053644'),(236,'2016-08-23','3341501205724',1,NULL,'2016-09-05 10:11:14','1342200053644'),(237,'2016-08-23','1349900063908',1,NULL,'2016-09-05 10:11:14','1342200053644'),(238,'2016-08-23','3341501627491',1,NULL,'2016-09-05 10:11:14','1342200053644'),(239,'2016-08-23','3341501581629',1,NULL,'2016-09-05 10:11:14','1342200053644'),(240,'2016-08-23','3349800180950',1,NULL,'2016-09-05 10:11:14','1342200053644'),(241,'2016-08-23','3349800011660',2,NULL,'2016-09-05 10:11:14','1342200053644'),(242,'2016-08-23','3341500253768',3,NULL,'2016-09-05 10:11:14','1342200053644'),(243,'2016-08-23','3349800056311',1,NULL,'2016-09-05 10:11:14','1342200053644'),(244,'2016-08-23','3341501020601',1,NULL,'2016-09-05 10:11:14','1342200053644'),(245,'2016-08-23','3341500408273',1,NULL,'2016-09-05 10:11:14','1342200053644'),(246,'2016-08-23','5342290003059',1,NULL,'2016-09-05 10:11:14','1342200053644'),(247,'2016-08-23','3341500812350',1,NULL,'2016-09-05 10:11:14','1342200053644'),(248,'2016-08-23','3341500410898',1,NULL,'2016-09-05 10:11:14','1342200053644'),(249,'2016-08-24','3341501205724',1,NULL,'2016-09-05 10:11:40','1342200053644'),(250,'2016-08-24','1349900063908',1,NULL,'2016-09-05 10:11:40','1342200053644'),(251,'2016-08-24','3341501627491',1,NULL,'2016-09-05 10:11:40','1342200053644'),(252,'2016-08-24','3341501581629',1,NULL,'2016-09-05 10:11:40','1342200053644'),(253,'2016-08-24','3349800180950',1,NULL,'2016-09-05 10:11:40','1342200053644'),(254,'2016-08-24','3341500253768',3,NULL,'2016-09-05 10:11:40','1342200053644'),(255,'2016-08-24','3349800056311',1,NULL,'2016-09-05 10:11:40','1342200053644'),(256,'2016-08-24','3341501020601',1,NULL,'2016-09-05 10:11:40','1342200053644'),(257,'2016-08-24','3341500408273',1,NULL,'2016-09-05 10:11:40','1342200053644'),(258,'2016-08-24','5342290003059',1,NULL,'2016-09-05 10:11:40','1342200053644'),(259,'2016-08-24','3341500812350',1,NULL,'2016-09-05 10:11:40','1342200053644'),(260,'2016-08-24','1342200053644',1,NULL,'2016-09-05 10:11:40','1342200053644'),(261,'2016-08-24','3341500410898',1,NULL,'2016-09-05 10:11:40','1342200053644'),(262,'2016-08-25','3341501205724',1,NULL,'2016-09-05 10:12:00','1342200053644'),(263,'2016-08-25','1349900063908',1,NULL,'2016-09-05 10:12:00','1342200053644'),(264,'2016-08-25','3341501627491',1,NULL,'2016-09-05 10:12:00','1342200053644'),(265,'2016-08-25','3341501581629',1,NULL,'2016-09-05 10:12:00','1342200053644'),(266,'2016-08-25','3349800180950',1,NULL,'2016-09-05 10:12:00','1342200053644'),(267,'2016-08-25','3349800011660',1,NULL,'2016-09-05 10:12:00','1342200053644'),(268,'2016-08-25','3341500253768',1,NULL,'2016-09-05 10:12:00','1342200053644'),(269,'2016-08-25','3349800056311',1,NULL,'2016-09-05 10:12:00','1342200053644'),(270,'2016-08-25','3341501020601',1,NULL,'2016-09-05 10:12:00','1342200053644'),(271,'2016-08-25','3341500408273',1,NULL,'2016-09-05 10:12:00','1342200053644'),(272,'2016-08-25','5342290003059',1,NULL,'2016-09-05 10:12:00','1342200053644'),(273,'2016-08-25','3341500812350',1,NULL,'2016-09-05 10:12:00','1342200053644'),(274,'2016-08-25','3341500410898',1,NULL,'2016-09-05 10:12:00','1342200053644'),(275,'2016-08-26','3341501205724',1,NULL,'2016-09-05 10:12:16','1342200053644'),(276,'2016-08-26','1349900063908',1,NULL,'2016-09-05 10:12:16','1342200053644'),(277,'2016-08-26','3341501627491',1,NULL,'2016-09-05 10:12:16','1342200053644'),(278,'2016-08-26','3341501581629',1,NULL,'2016-09-05 10:12:16','1342200053644'),(279,'2016-08-26','3349800180950',1,NULL,'2016-09-05 10:12:16','1342200053644'),(280,'2016-08-26','3349800011660',1,NULL,'2016-09-05 10:12:16','1342200053644'),(281,'2016-08-26','3341500253768',1,NULL,'2016-09-05 10:12:16','1342200053644'),(282,'2016-08-26','3349800056311',1,NULL,'2016-09-05 10:12:16','1342200053644'),(283,'2016-08-26','3341501020601',1,NULL,'2016-09-05 10:12:16','1342200053644'),(284,'2016-08-26','3341500408273',1,NULL,'2016-09-05 10:12:16','1342200053644'),(285,'2016-08-26','5342290003059',1,NULL,'2016-09-05 10:12:16','1342200053644'),(286,'2016-08-26','3341500812350',1,NULL,'2016-09-05 10:12:16','1342200053644'),(287,'2016-08-26','1342200053644',1,NULL,'2016-09-05 10:12:16','1342200053644'),(288,'2016-08-26','3341500410898',1,NULL,'2016-09-05 10:12:16','1342200053644'),(289,'2016-08-29','3341501205724',1,NULL,'2016-09-05 10:12:43','1342200053644'),(290,'2016-08-29','1349900063908',1,NULL,'2016-09-05 10:12:43','1342200053644'),(291,'2016-08-29','3341501627491',1,NULL,'2016-09-05 10:12:43','1342200053644'),(292,'2016-08-29','3341501581629',1,NULL,'2016-09-05 10:12:43','1342200053644'),(293,'2016-08-29','3349800180950',1,NULL,'2016-09-05 10:12:43','1342200053644'),(294,'2016-08-29','3349800011660',1,NULL,'2016-09-05 10:12:43','1342200053644'),(295,'2016-08-29','3341500253768',2,NULL,'2016-09-05 10:12:43','1342200053644'),(296,'2016-08-29','3349800056311',1,NULL,'2016-09-05 10:12:43','1342200053644'),(297,'2016-08-29','3341501020601',1,NULL,'2016-09-05 10:12:43','1342200053644'),(298,'2016-08-29','3341500408273',1,NULL,'2016-09-05 10:12:43','1342200053644'),(299,'2016-08-29','5342290003059',1,NULL,'2016-09-05 10:12:43','1342200053644'),(300,'2016-08-29','3341500812350',1,NULL,'2016-09-05 10:12:43','1342200053644'),(301,'2016-08-29','1342200053644',1,NULL,'2016-09-05 10:12:43','1342200053644'),(302,'2016-08-29','3341500410898',1,NULL,'2016-09-05 10:12:43','1342200053644'),(303,'2016-08-30','3341501205724',1,NULL,'2016-09-05 10:13:08','1342200053644'),(304,'2016-08-30','1349900063908',1,NULL,'2016-09-05 10:13:08','1342200053644'),(305,'2016-08-30','3341501627491',1,NULL,'2016-09-05 10:13:08','1342200053644'),(306,'2016-08-30','3341501581629',1,NULL,'2016-09-05 10:13:08','1342200053644'),(307,'2016-08-30','3349800180950',1,NULL,'2016-09-05 10:13:08','1342200053644'),(308,'2016-08-30','3349800011660',1,NULL,'2016-09-05 10:13:08','1342200053644'),(309,'2016-08-30','3341500253768',2,NULL,'2016-09-05 10:13:08','1342200053644'),(310,'2016-08-30','3349800056311',1,NULL,'2016-09-05 10:13:08','1342200053644'),(311,'2016-08-30','3341501020601',1,NULL,'2016-09-05 10:13:08','1342200053644'),(312,'2016-08-30','3341500408273',1,NULL,'2016-09-05 10:13:08','1342200053644'),(313,'2016-08-30','5342290003059',1,NULL,'2016-09-05 10:13:08','1342200053644'),(314,'2016-08-30','3341500812350',1,NULL,'2016-09-05 10:13:08','1342200053644'),(315,'2016-08-30','1342200053644',1,NULL,'2016-09-05 10:13:08','1342200053644'),(316,'2016-08-30','3341500410898',1,NULL,'2016-09-05 10:13:08','1342200053644'),(317,'2016-08-31','3341501205724',1,NULL,'2016-09-05 10:13:42','1342200053644'),(318,'2016-08-31','1349900063908',1,NULL,'2016-09-05 10:13:42','1342200053644'),(319,'2016-08-31','3341501627491',1,NULL,'2016-09-05 10:13:42','1342200053644'),(320,'2016-08-31','3341501581629',1,NULL,'2016-09-05 10:13:42','1342200053644'),(321,'2016-08-31','3349800180950',1,NULL,'2016-09-05 10:13:42','1342200053644'),(322,'2016-08-31','3349800011660',2,NULL,'2016-09-05 10:13:42','1342200053644'),(323,'2016-08-31','3341500253768',1,NULL,'2016-09-05 10:13:42','1342200053644'),(324,'2016-08-31','3349800056311',1,NULL,'2016-09-05 10:13:42','1342200053644'),(325,'2016-08-31','3341501020601',1,NULL,'2016-09-05 10:13:42','1342200053644'),(326,'2016-08-31','3341500408273',1,NULL,'2016-09-05 10:13:42','1342200053644'),(327,'2016-08-31','5342290003059',1,NULL,'2016-09-05 10:13:42','1342200053644'),(328,'2016-08-31','3341500812350',1,NULL,'2016-09-05 10:13:42','1342200053644'),(329,'2016-08-31','3341500410898',1,NULL,'2016-09-05 10:13:42','1342200053644'),(330,'2016-09-01','3341501205724',1,NULL,'2016-09-05 10:14:05','1342200053644'),(331,'2016-09-01','1349900063908',1,NULL,'2016-09-05 10:14:05','1342200053644'),(332,'2016-09-01','3341501627491',1,NULL,'2016-09-05 10:14:05','1342200053644'),(333,'2016-09-01','3341501581629',1,NULL,'2016-09-05 10:14:05','1342200053644'),(334,'2016-09-01','3349800180950',1,NULL,'2016-09-05 10:14:05','1342200053644'),(335,'2016-09-01','3349800011660',2,NULL,'2016-09-05 10:14:05','1342200053644'),(336,'2016-09-01','3341500253768',1,NULL,'2016-09-05 10:14:05','1342200053644'),(337,'2016-09-01','3349800056311',1,NULL,'2016-09-05 10:14:05','1342200053644'),(338,'2016-09-01','3341501020601',1,NULL,'2016-09-05 10:14:05','1342200053644'),(339,'2016-09-01','3341500408273',1,NULL,'2016-09-05 10:14:05','1342200053644'),(340,'2016-09-01','5342290003059',1,NULL,'2016-09-05 10:14:05','1342200053644'),(341,'2016-09-01','3341500812350',1,NULL,'2016-09-05 10:14:05','1342200053644'),(342,'2016-09-01','1342200053644',1,NULL,'2016-09-05 10:14:05','1342200053644'),(343,'2016-09-01','3341500410898',1,NULL,'2016-09-05 10:14:05','1342200053644'),(344,'2016-09-02','3341501205724',1,NULL,'2016-09-05 10:14:45','1342200053644'),(345,'2016-09-02','1349900063908',1,NULL,'2016-09-05 10:14:45','1342200053644'),(346,'2016-09-02','3341501627491',1,NULL,'2016-09-05 10:14:45','1342200053644'),(347,'2016-09-02','3341501581629',1,NULL,'2016-09-05 10:14:45','1342200053644'),(348,'2016-09-02','3349800180950',1,NULL,'2016-09-05 10:14:45','1342200053644'),(349,'2016-09-02','3349800011660',1,NULL,'2016-09-05 10:14:45','1342200053644'),(350,'2016-09-02','3341500253768',1,NULL,'2016-09-05 10:14:45','1342200053644'),(351,'2016-09-02','3349800056311',1,NULL,'2016-09-05 10:14:45','1342200053644'),(352,'2016-09-02','3341501020601',1,NULL,'2016-09-05 10:14:45','1342200053644'),(353,'2016-09-02','3341500408273',1,NULL,'2016-09-05 10:14:45','1342200053644'),(354,'2016-09-02','5342290003059',1,NULL,'2016-09-05 10:14:45','1342200053644'),(355,'2016-09-02','3341500812350',1,NULL,'2016-09-05 10:14:45','1342200053644'),(356,'2016-09-02','3341500410898',1,NULL,'2016-09-05 10:14:45','1342200053644'),(357,'2016-09-05','3341501205724',1,NULL,'2016-09-05 10:15:27','1342200053644'),(358,'2016-09-05','1349900063908',1,NULL,'2016-09-05 10:15:27','1342200053644'),(359,'2016-09-05','3341501581629',1,NULL,'2016-09-05 10:15:27','1342200053644'),(360,'2016-09-05','3349800180950',1,NULL,'2016-09-05 10:15:27','1342200053644'),(361,'2016-09-05','3349800011660',1,NULL,'2016-09-05 10:15:27','1342200053644'),(362,'2016-09-05','3341500253768',1,NULL,'2016-09-05 10:15:27','1342200053644'),(363,'2016-09-05','3349800056311',1,NULL,'2016-09-05 10:15:27','1342200053644'),(364,'2016-09-05','3341501020601',1,NULL,'2016-09-05 10:15:27','1342200053644'),(365,'2016-09-05','3341500408273',1,NULL,'2016-09-05 10:15:27','1342200053644'),(366,'2016-09-05','5342290003059',1,NULL,'2016-09-05 10:15:27','1342200053644'),(367,'2016-09-05','3341500812350',3,NULL,'2016-09-05 10:15:27','1342200053644'),(368,'2016-09-05','1342200053644',1,NULL,'2016-09-05 10:15:27','1342200053644'),(369,'2016-09-05','3341500410898',1,NULL,'2016-09-05 10:15:27','1342200053644'),(370,'2018-10-01','3341501581629',1,NULL,'2018-10-02 10:09:00','1342200053644'),(371,'2018-10-01','3349800180950',1,NULL,'2018-10-02 10:09:00','1342200053644'),(372,'2018-10-01','1349900063908',1,NULL,'2018-10-02 10:09:00','1342200053644'),(373,'2018-10-01','3341500253768',1,NULL,'2018-10-02 10:09:00','1342200053644'),(374,'2018-10-01','3349800056311',1,NULL,'2018-10-02 10:09:00','1342200053644'),(375,'2018-10-01','3349800011660',1,NULL,'2018-10-02 10:09:00','1342200053644'),(376,'2018-10-01','3341501020601',1,NULL,'2018-10-02 10:09:00','1342200053644'),(377,'2018-10-01','1340400164383',1,NULL,'2018-10-02 10:09:00','1342200053644'),(378,'2018-10-01','3341500408273',1,NULL,'2018-10-02 10:09:00','1342200053644'),(379,'2018-10-01','5342290003059',1,NULL,'2018-10-02 10:09:00','1342200053644'),(380,'2018-10-01','3341500812350',1,NULL,'2018-10-02 10:09:00','1342200053644'),(381,'2018-10-01','3341500410898',1,NULL,'2018-10-02 10:09:00','1342200053644'),(382,'2018-10-02','3349800180950',1,NULL,'2018-10-02 15:27:54','1342200053644'),(383,'2018-10-02','1349900063908',1,NULL,'2018-10-02 15:27:54','1342200053644'),(384,'2018-10-02','3341500253768',1,NULL,'2018-10-02 15:27:54','1342200053644'),(385,'2018-10-02','3349800056311',1,NULL,'2018-10-02 15:27:54','1342200053644'),(386,'2018-10-02','3349800011660',1,NULL,'2018-10-02 15:27:54','1342200053644'),(387,'2018-10-02','3341501020601',1,NULL,'2018-10-02 15:27:54','1342200053644'),(388,'2018-10-02','1340400164383',1,NULL,'2018-10-02 15:27:54','1342200053644'),(389,'2018-10-02','3341500408273',1,NULL,'2018-10-02 15:27:54','1342200053644'),(390,'2018-10-02','5342290003059',1,NULL,'2018-10-02 15:27:54','1342200053644'),(391,'2018-10-02','3341500812350',1,NULL,'2018-10-02 15:27:54','1342200053644'),(392,'2018-10-02','1342200053644',1,NULL,'2018-10-02 15:27:54','1342200053644'),(393,'2018-10-02','3341500410898',1,NULL,'2018-10-02 15:27:54','1342200053644'),(394,'2018-10-01','1342200053644',1,NULL,'2018-10-02 10:09:00','1342200053644'),(395,'2018-10-02','3341501581629',1,NULL,'2018-10-02 15:27:54','1342200053644'),(396,'2018-10-03','3341501581629',1,NULL,'2018-10-03 20:22:14','1342200053644'),(397,'2018-10-03','3349800180950',1,NULL,'2018-10-03 20:22:14','1342200053644'),(398,'2018-10-03','1349900063908',1,NULL,'2018-10-03 20:22:14','1342200053644'),(399,'2018-10-03','3341500253768',1,NULL,'2018-10-03 20:22:14','1342200053644'),(400,'2018-10-03','3349800056311',1,NULL,'2018-10-03 20:22:14','1342200053644'),(401,'2018-10-03','3349800011660',1,NULL,'2018-10-03 20:22:14','1342200053644'),(402,'2018-10-03','3341501020601',1,NULL,'2018-10-03 20:22:14','1342200053644'),(403,'2018-10-03','1340400164383',1,NULL,'2018-10-03 20:22:14','1342200053644'),(404,'2018-10-03','3341500408273',1,NULL,'2018-10-03 20:22:14','1342200053644'),(405,'2018-10-03','5342290003059',1,NULL,'2018-10-03 20:22:14','1342200053644'),(406,'2018-10-03','3341500812350',1,NULL,'2018-10-03 20:22:14','1342200053644'),(407,'2018-10-03','1342200053644',1,NULL,'2018-10-03 20:22:14','1342200053644'),(408,'2018-10-03','3341500410898',1,NULL,'2018-10-03 20:22:14','1342200053644'),(409,'2018-11-05','3341501686161',1,NULL,'2018-11-05 09:40:01','1342200053644'),(410,'2018-11-05','3341501581629',1,NULL,'2018-11-05 09:40:01','1342200053644'),(411,'2018-11-05','3349800180950',1,NULL,'2018-11-05 09:40:01','1342200053644'),(412,'2018-11-05','3341500253768',1,NULL,'2018-11-05 09:40:01','1342200053644'),(413,'2018-11-05','3349800056311',1,NULL,'2018-11-05 09:40:01','1342200053644'),(414,'2018-11-05','1349900063908',1,NULL,'2018-11-05 09:40:01','1342200053644'),(415,'2018-11-05','3349800011660',1,NULL,'2018-11-05 09:40:01','1342200053644'),(416,'2018-11-05','3341501020601',1,NULL,'2018-11-05 09:40:01','1342200053644'),(417,'2018-11-05','1340400164383',1,NULL,'2018-11-05 09:40:01','1342200053644'),(418,'2018-11-05','3341500408273',1,NULL,'2018-11-05 09:40:01','1342200053644'),(419,'2018-11-05','5342290003059',1,NULL,'2018-11-05 09:40:01','1342200053644'),(420,'2018-11-05','1342200053644',1,NULL,'2018-11-05 09:40:01','1342200053644'),(421,'2018-11-05','3341500410898',1,NULL,'2018-11-05 09:40:01','1342200053644'),(422,'2018-11-01','3341501686161',1,NULL,'2018-11-05 09:40:36','1342200053644'),(423,'2018-11-01','3341501581629',1,NULL,'2018-11-05 09:40:36','1342200053644'),(424,'2018-11-01','3349800180950',1,NULL,'2018-11-05 09:40:36','1342200053644'),(425,'2018-11-01','3341500253768',1,NULL,'2018-11-05 09:40:36','1342200053644'),(426,'2018-11-01','3349800056311',1,NULL,'2018-11-05 09:40:36','1342200053644'),(427,'2018-11-01','1349900063908',1,NULL,'2018-11-05 09:40:36','1342200053644'),(428,'2018-11-01','3349800011660',1,NULL,'2018-11-05 09:40:36','1342200053644'),(429,'2018-11-01','3341501020601',1,NULL,'2018-11-05 09:40:36','1342200053644'),(430,'2018-11-01','1340400164383',1,NULL,'2018-11-05 09:40:36','1342200053644'),(431,'2018-11-01','3341500408273',1,NULL,'2018-11-05 09:40:36','1342200053644'),(432,'2018-11-01','5342290003059',1,NULL,'2018-11-05 09:40:36','1342200053644'),(433,'2018-11-01','1342200053644',1,NULL,'2018-11-05 09:40:36','1342200053644'),(434,'2018-11-01','3341500410898',1,NULL,'2018-11-05 09:40:36','1342200053644'),(435,'2018-11-02','3341501686161',1,NULL,'2018-11-05 09:40:49','1342200053644'),(436,'2018-11-02','3341501581629',1,NULL,'2018-11-05 09:40:49','1342200053644'),(437,'2018-11-02','3349800180950',1,NULL,'2018-11-05 09:40:49','1342200053644'),(438,'2018-11-02','3341500253768',1,NULL,'2018-11-05 09:40:49','1342200053644'),(439,'2018-11-02','3349800056311',1,NULL,'2018-11-05 09:40:49','1342200053644'),(440,'2018-11-02','1349900063908',1,NULL,'2018-11-05 09:40:49','1342200053644'),(441,'2018-11-02','3349800011660',1,NULL,'2018-11-05 09:40:49','1342200053644'),(442,'2018-11-02','3341501020601',1,NULL,'2018-11-05 09:40:49','1342200053644'),(443,'2018-11-02','1340400164383',1,NULL,'2018-11-05 09:40:49','1342200053644'),(444,'2018-11-02','3341500408273',1,NULL,'2018-11-05 09:40:49','1342200053644'),(445,'2018-11-02','5342290003059',1,NULL,'2018-11-05 09:40:49','1342200053644'),(446,'2018-11-02','1342200053644',1,NULL,'2018-11-05 09:40:49','1342200053644'),(447,'2018-11-02','3341500410898',1,NULL,'2018-11-05 09:40:49','1342200053644'),(448,'2018-11-06','3341501686161',1,NULL,'2018-11-16 15:55:24','1342200053644'),(449,'2018-11-06','3341501581629',1,NULL,'2018-11-16 15:55:24','1342200053644'),(450,'2018-11-06','3349800180950',1,NULL,'2018-11-16 15:55:24','1342200053644'),(451,'2018-11-06','3341500253768',1,NULL,'2018-11-16 15:55:24','1342200053644'),(452,'2018-11-06','3349800056311',1,NULL,'2018-11-16 15:55:24','1342200053644'),(453,'2018-11-06','1349900063908',1,NULL,'2018-11-16 15:55:24','1342200053644'),(454,'2018-11-06','3349800011660',1,NULL,'2018-11-16 15:55:24','1342200053644'),(455,'2018-11-06','3341501020601',1,NULL,'2018-11-16 15:55:24','1342200053644'),(456,'2018-11-06','1340400164383',1,NULL,'2018-11-16 15:55:24','1342200053644'),(457,'2018-11-06','3341500408273',1,NULL,'2018-11-16 15:55:24','1342200053644'),(458,'2018-11-06','5342290003059',1,NULL,'2018-11-16 15:55:24','1342200053644'),(459,'2018-11-06','1342200053644',1,NULL,'2018-11-16 15:55:24','1342200053644'),(460,'2018-11-06','3341500410898',1,NULL,'2018-11-16 15:55:24','1342200053644'),(461,'2018-11-09','3341501686161',1,NULL,'2018-11-16 15:55:09','1342200053644'),(462,'2018-11-09','3341501581629',1,NULL,'2018-11-16 15:55:09','1342200053644'),(463,'2018-11-09','3349800180950',1,NULL,'2018-11-16 15:55:09','1342200053644'),(464,'2018-11-09','3341500253768',1,NULL,'2018-11-16 15:55:09','1342200053644'),(465,'2018-11-09','3349800056311',1,NULL,'2018-11-16 15:55:09','1342200053644'),(466,'2018-11-09','1349900063908',1,NULL,'2018-11-16 15:55:09','1342200053644'),(467,'2018-11-09','3349800011660',1,NULL,'2018-11-16 15:55:09','1342200053644'),(468,'2018-11-09','3341501020601',1,NULL,'2018-11-16 15:55:09','1342200053644'),(469,'2018-11-09','1340400164383',1,NULL,'2018-11-16 15:55:09','1342200053644'),(470,'2018-11-09','3341500408273',1,NULL,'2018-11-16 15:55:09','1342200053644'),(471,'2018-11-09','5342290003059',1,NULL,'2018-11-16 15:55:09','1342200053644'),(472,'2018-11-09','1342200053644',1,NULL,'2018-11-16 15:55:09','1342200053644'),(473,'2018-11-09','3341500410898',1,NULL,'2018-11-16 15:55:09','1342200053644'),(474,'2018-11-08','3341501686161',1,NULL,'2018-11-16 15:55:14','1342200053644'),(475,'2018-11-08','3341501581629',1,NULL,'2018-11-16 15:55:14','1342200053644'),(476,'2018-11-08','3349800180950',1,NULL,'2018-11-16 15:55:14','1342200053644'),(477,'2018-11-08','3341500253768',1,NULL,'2018-11-16 15:55:14','1342200053644'),(478,'2018-11-08','3349800056311',1,NULL,'2018-11-16 15:55:14','1342200053644'),(479,'2018-11-08','1349900063908',1,NULL,'2018-11-16 15:55:14','1342200053644'),(480,'2018-11-08','3349800011660',1,NULL,'2018-11-16 15:55:14','1342200053644'),(481,'2018-11-08','3341501020601',1,NULL,'2018-11-16 15:55:14','1342200053644'),(482,'2018-11-08','1340400164383',1,NULL,'2018-11-16 15:55:14','1342200053644'),(483,'2018-11-08','3341500408273',1,NULL,'2018-11-16 15:55:14','1342200053644'),(484,'2018-11-08','5342290003059',1,NULL,'2018-11-16 15:55:14','1342200053644'),(485,'2018-11-08','1342200053644',1,NULL,'2018-11-16 15:55:14','1342200053644'),(486,'2018-11-08','3341500410898',1,NULL,'2018-11-16 15:55:14','1342200053644'),(487,'2018-11-07','3341501686161',1,NULL,'2018-11-16 15:55:19','1342200053644'),(488,'2018-11-07','3341501581629',1,NULL,'2018-11-16 15:55:19','1342200053644'),(489,'2018-11-07','3349800180950',1,NULL,'2018-11-16 15:55:19','1342200053644'),(490,'2018-11-07','3341500253768',1,NULL,'2018-11-16 15:55:19','1342200053644'),(491,'2018-11-07','3349800056311',1,NULL,'2018-11-16 15:55:19','1342200053644'),(492,'2018-11-07','1349900063908',1,NULL,'2018-11-16 15:55:19','1342200053644'),(493,'2018-11-07','3349800011660',1,NULL,'2018-11-16 15:55:19','1342200053644'),(494,'2018-11-07','3341501020601',1,NULL,'2018-11-16 15:55:19','1342200053644'),(495,'2018-11-07','1340400164383',1,NULL,'2018-11-16 15:55:19','1342200053644'),(496,'2018-11-07','3341500408273',1,NULL,'2018-11-16 15:55:19','1342200053644'),(497,'2018-11-07','5342290003059',1,NULL,'2018-11-16 15:55:19','1342200053644'),(498,'2018-11-07','1342200053644',1,NULL,'2018-11-16 15:55:19','1342200053644'),(499,'2018-11-07','3341500410898',1,NULL,'2018-11-16 15:55:19','1342200053644'),(500,'2018-11-13','3341501686161',1,NULL,'2018-11-13 20:46:41','1342200053644'),(501,'2018-11-13','3341501581629',1,NULL,'2018-11-13 20:46:41','1342200053644'),(502,'2018-11-13','3349800180950',1,NULL,'2018-11-13 20:46:41','1342200053644'),(503,'2018-11-13','3341500253768',1,NULL,'2018-11-13 20:46:41','1342200053644'),(504,'2018-11-13','3349800056311',1,NULL,'2018-11-13 20:46:41','1342200053644'),(505,'2018-11-13','1349900063908',1,NULL,'2018-11-13 20:46:41','1342200053644'),(506,'2018-11-13','3349800011660',1,NULL,'2018-11-13 20:46:41','1342200053644'),(507,'2018-11-13','3341501020601',1,NULL,'2018-11-13 20:46:41','1342200053644'),(508,'2018-11-13','1340400164383',1,NULL,'2018-11-13 20:46:41','1342200053644'),(509,'2018-11-13','3341500408273',1,NULL,'2018-11-13 20:46:41','1342200053644'),(510,'2018-11-13','5342290003059',1,NULL,'2018-11-13 20:46:41','1342200053644'),(511,'2018-11-13','1342200053644',1,NULL,'2018-11-13 20:46:41','1342200053644'),(512,'2018-11-13','3341500410898',1,NULL,'2018-11-13 20:46:41','1342200053644'),(513,'2018-11-12','3341501686161',1,NULL,'2018-11-16 15:55:02','1342200053644'),(514,'2018-11-12','3341501581629',1,NULL,'2018-11-16 15:55:02','1342200053644'),(515,'2018-11-12','3349800180950',1,NULL,'2018-11-16 15:55:02','1342200053644'),(516,'2018-11-12','3341500253768',1,NULL,'2018-11-16 15:55:02','1342200053644'),(517,'2018-11-12','3349800056311',1,NULL,'2018-11-16 15:55:02','1342200053644'),(518,'2018-11-12','1349900063908',1,NULL,'2018-11-16 15:55:02','1342200053644'),(519,'2018-11-12','3349800011660',1,NULL,'2018-11-16 15:55:02','1342200053644'),(520,'2018-11-12','3341501020601',1,NULL,'2018-11-16 15:55:02','1342200053644'),(521,'2018-11-12','1340400164383',1,NULL,'2018-11-16 15:55:02','1342200053644'),(522,'2018-11-12','3341500408273',1,NULL,'2018-11-16 15:55:02','1342200053644'),(523,'2018-11-12','5342290003059',1,NULL,'2018-11-16 15:55:02','1342200053644'),(524,'2018-11-12','1342200053644',1,NULL,'2018-11-16 15:55:02','1342200053644'),(525,'2018-11-12','3341500410898',1,NULL,'2018-11-16 15:55:02','1342200053644'),(526,'2018-11-15','3341501686161',1,NULL,'2018-11-16 15:54:50','1342200053644'),(527,'2018-11-15','3341501581629',1,NULL,'2018-11-16 15:54:50','1342200053644'),(528,'2018-11-15','3349800180950',1,NULL,'2018-11-16 15:54:50','1342200053644'),(529,'2018-11-15','3341500253768',1,NULL,'2018-11-16 15:54:50','1342200053644'),(530,'2018-11-15','3349800056311',1,NULL,'2018-11-16 15:54:50','1342200053644'),(531,'2018-11-15','1349900063908',1,NULL,'2018-11-16 15:54:50','1342200053644'),(532,'2018-11-15','3349800011660',1,NULL,'2018-11-16 15:54:50','1342200053644'),(533,'2018-11-15','3341501020601',1,NULL,'2018-11-16 15:54:50','1342200053644'),(534,'2018-11-15','1340400164383',1,NULL,'2018-11-16 15:54:50','1342200053644'),(535,'2018-11-15','3341500408273',1,NULL,'2018-11-16 15:54:50','1342200053644'),(536,'2018-11-15','5342290003059',1,NULL,'2018-11-16 15:54:50','1342200053644'),(537,'2018-11-15','1342200053644',1,NULL,'2018-11-16 15:54:50','1342200053644'),(538,'2018-11-15','3341500410898',1,NULL,'2018-11-16 15:54:50','1342200053644'),(539,'2018-11-14','3341501686161',1,NULL,'2018-11-16 15:54:56','1342200053644'),(540,'2018-11-14','3341501581629',1,NULL,'2018-11-16 15:54:56','1342200053644'),(541,'2018-11-14','3349800180950',1,NULL,'2018-11-16 15:54:56','1342200053644'),(542,'2018-11-14','3341500253768',1,NULL,'2018-11-16 15:54:56','1342200053644'),(543,'2018-11-14','3349800056311',1,NULL,'2018-11-16 15:54:56','1342200053644'),(544,'2018-11-14','1349900063908',1,NULL,'2018-11-16 15:54:56','1342200053644'),(545,'2018-11-14','3349800011660',1,NULL,'2018-11-16 15:54:56','1342200053644'),(546,'2018-11-14','3341501020601',1,NULL,'2018-11-16 15:54:56','1342200053644'),(547,'2018-11-14','1340400164383',1,NULL,'2018-11-16 15:54:56','1342200053644'),(548,'2018-11-14','3341500408273',1,NULL,'2018-11-16 15:54:56','1342200053644'),(549,'2018-11-14','5342290003059',1,NULL,'2018-11-16 15:54:56','1342200053644'),(550,'2018-11-14','1342200053644',1,NULL,'2018-11-16 15:54:56','1342200053644'),(551,'2018-11-14','3341500410898',1,NULL,'2018-11-16 15:54:56','1342200053644'),(552,'2018-11-16','3330501082605',1,NULL,'2018-11-16 15:54:41','1342200053644'),(553,'2018-11-16','3341501020601',1,NULL,'2018-11-16 15:54:41','1342200053644'),(554,'2018-11-16','1349900063908',1,NULL,'2018-11-16 15:54:41','1342200053644'),(555,'2018-11-16','3341501686161',1,NULL,'2018-11-16 15:54:41','1342200053644'),(556,'2018-11-16','3349800011660',1,NULL,'2018-11-16 15:54:41','1342200053644'),(557,'2018-11-16','3349800056311',1,NULL,'2018-11-16 15:54:41','1342200053644'),(558,'2018-11-16','3341500253768',1,NULL,'2018-11-16 15:54:41','1342200053644'),(559,'2018-11-16','3341501581629',1,NULL,'2018-11-16 15:54:41','1342200053644'),(560,'2018-11-16','3349800180950',1,NULL,'2018-11-16 15:54:41','1342200053644'),(561,'2018-11-16','1340400164383',1,NULL,'2018-11-16 15:54:41','1342200053644'),(562,'2018-11-16','3341500408273',1,NULL,'2018-11-16 15:54:41','1342200053644'),(563,'2018-11-16','5342290003059',1,NULL,'2018-11-16 15:54:41','1342200053644'),(564,'2018-11-16','1342200053644',1,NULL,'2018-11-16 15:54:41','1342200053644'),(565,'2018-11-16','3341500410898',1,NULL,'2018-11-16 15:54:41','1342200053644'),(566,'2018-11-15','3330501082605',1,NULL,'2018-11-16 15:54:50','1342200053644'),(567,'2018-11-14','3330501082605',1,NULL,'2018-11-16 15:54:56','1342200053644'),(568,'2018-11-12','3330501082605',1,NULL,'2018-11-16 15:55:02','1342200053644'),(569,'2018-11-09','3330501082605',1,NULL,'2018-11-16 15:55:09','1342200053644'),(570,'2018-11-08','3330501082605',1,NULL,'2018-11-16 15:55:14','1342200053644'),(571,'2018-11-07','3330501082605',1,NULL,'2018-11-16 15:55:19','1342200053644'),(572,'2018-11-06','3330501082605',1,NULL,'2018-11-16 15:55:24','1342200053644'),(573,'2018-11-19','3330501082605',1,NULL,'2018-11-19 09:28:54','1342200053644'),(574,'2018-11-19','3341501020601',1,NULL,'2018-11-19 09:28:54','1342200053644'),(575,'2018-11-19','1349900063908',1,NULL,'2018-11-19 09:28:54','1342200053644'),(576,'2018-11-19','3341501686161',1,NULL,'2018-11-19 09:28:54','1342200053644'),(577,'2018-11-19','3349800011660',1,NULL,'2018-11-19 09:28:54','1342200053644'),(578,'2018-11-19','3349800056311',1,NULL,'2018-11-19 09:28:54','1342200053644'),(579,'2018-11-19','3341500253768',1,NULL,'2018-11-19 09:28:54','1342200053644'),(580,'2018-11-19','3341501581629',1,NULL,'2018-11-19 09:28:54','1342200053644'),(581,'2018-11-19','3349800180950',1,NULL,'2018-11-19 09:28:54','1342200053644'),(582,'2018-11-19','1340400164383',1,NULL,'2018-11-19 09:28:54','1342200053644'),(583,'2018-11-19','3341500408273',1,NULL,'2018-11-19 09:28:54','1342200053644'),(584,'2018-11-19','5342290003059',1,NULL,'2018-11-19 09:28:54','1342200053644'),(585,'2018-11-19','1342200053644',1,NULL,'2018-11-19 09:28:54','1342200053644'),(586,'2018-11-19','3341500410898',1,NULL,'2018-11-19 09:28:54','1342200053644'),(587,'2018-11-22','3330501082605',1,NULL,'2018-11-22 10:52:17','1342200053644'),(588,'2018-11-22','3341501020601',1,NULL,'2018-11-22 10:52:17','1342200053644'),(589,'2018-11-22','1349900063908',1,NULL,'2018-11-22 10:52:17','1342200053644'),(590,'2018-11-22','3341501686161',1,NULL,'2018-11-22 10:52:17','1342200053644'),(591,'2018-11-22','3349800011660',1,NULL,'2018-11-22 10:52:17','1342200053644'),(592,'2018-11-22','3349800056311',1,NULL,'2018-11-22 10:52:17','1342200053644'),(593,'2018-11-22','3341500253768',1,NULL,'2018-11-22 10:52:17','1342200053644'),(594,'2018-11-22','3341501581629',1,NULL,'2018-11-22 10:52:17','1342200053644'),(595,'2018-11-22','3349800180950',1,NULL,'2018-11-22 10:52:17','1342200053644'),(596,'2018-11-22','1340400164383',1,NULL,'2018-11-22 10:52:17','1342200053644'),(597,'2018-11-22','3341500408273',1,NULL,'2018-11-22 10:52:17','1342200053644'),(598,'2018-11-22','5342290003059',1,NULL,'2018-11-22 10:52:17','1342200053644'),(599,'2018-11-22','1342200053644',1,NULL,'2018-11-22 10:52:17','1342200053644'),(600,'2018-11-22','3341500410898',1,NULL,'2018-11-22 10:52:17','1342200053644'),(601,'2018-11-21','3330501082605',1,NULL,'2018-11-22 10:52:31','1342200053644'),(602,'2018-11-21','3341501020601',1,NULL,'2018-11-22 10:52:31','1342200053644'),(603,'2018-11-21','1349900063908',1,NULL,'2018-11-22 10:52:31','1342200053644'),(604,'2018-11-21','3341501686161',1,NULL,'2018-11-22 10:52:31','1342200053644'),(605,'2018-11-21','3349800011660',1,NULL,'2018-11-22 10:52:31','1342200053644'),(606,'2018-11-21','3349800056311',1,NULL,'2018-11-22 10:52:31','1342200053644'),(607,'2018-11-21','3341500253768',1,NULL,'2018-11-22 10:52:31','1342200053644'),(608,'2018-11-21','3341501581629',1,NULL,'2018-11-22 10:52:31','1342200053644'),(609,'2018-11-21','3349800180950',1,NULL,'2018-11-22 10:52:31','1342200053644'),(610,'2018-11-21','1340400164383',1,NULL,'2018-11-22 10:52:31','1342200053644'),(611,'2018-11-21','3341500408273',1,NULL,'2018-11-22 10:52:31','1342200053644'),(612,'2018-11-21','5342290003059',1,NULL,'2018-11-22 10:52:31','1342200053644'),(613,'2018-11-21','1342200053644',1,NULL,'2018-11-22 10:52:31','1342200053644'),(614,'2018-11-21','3341500410898',1,NULL,'2018-11-22 10:52:31','1342200053644'),(615,'2018-11-20','3330501082605',1,NULL,'2018-11-22 10:52:44','1342200053644'),(616,'2018-11-20','3341501020601',1,NULL,'2018-11-22 10:52:44','1342200053644'),(617,'2018-11-20','1349900063908',1,NULL,'2018-11-22 10:52:44','1342200053644'),(618,'2018-11-20','3341501686161',1,NULL,'2018-11-22 10:52:44','1342200053644'),(619,'2018-11-20','3349800011660',1,NULL,'2018-11-22 10:52:44','1342200053644'),(620,'2018-11-20','3349800056311',1,NULL,'2018-11-22 10:52:44','1342200053644'),(621,'2018-11-20','3341500253768',1,NULL,'2018-11-22 10:52:44','1342200053644'),(622,'2018-11-20','3341501581629',1,NULL,'2018-11-22 10:52:44','1342200053644'),(623,'2018-11-20','3349800180950',1,NULL,'2018-11-22 10:52:44','1342200053644'),(624,'2018-11-20','1340400164383',1,NULL,'2018-11-22 10:52:44','1342200053644'),(625,'2018-11-20','3341500408273',1,NULL,'2018-11-22 10:52:44','1342200053644'),(626,'2018-11-20','5342290003059',1,NULL,'2018-11-22 10:52:44','1342200053644'),(627,'2018-11-20','1342200053644',1,NULL,'2018-11-22 10:52:44','1342200053644'),(628,'2018-11-20','3341500410898',1,NULL,'2018-11-22 10:52:44','1342200053644'),(629,'2018-11-26','3330501082605',1,NULL,'2018-11-27 11:54:14','1342200053644'),(630,'2018-11-26','3341501020601',1,NULL,'2018-11-27 11:54:14','1342200053644'),(631,'2018-11-26','1349900063908',1,NULL,'2018-11-27 11:54:14','1342200053644'),(632,'2018-11-26','3341501686161',1,NULL,'2018-11-27 11:54:14','1342200053644'),(633,'2018-11-26','3349800011660',2,NULL,'2018-11-27 11:54:14','1342200053644'),(634,'2018-11-26','3349800056311',1,NULL,'2018-11-27 11:54:14','1342200053644'),(635,'2018-11-26','3341500253768',1,NULL,'2018-11-27 11:54:14','1342200053644'),(636,'2018-11-26','3341501581629',1,NULL,'2018-11-27 11:54:14','1342200053644'),(637,'2018-11-26','3349800180950',1,NULL,'2018-11-27 11:54:14','1342200053644'),(638,'2018-11-26','1340400164383',1,NULL,'2018-11-27 11:54:14','1342200053644'),(639,'2018-11-26','3341500408273',1,NULL,'2018-11-27 11:54:14','1342200053644'),(640,'2018-11-26','5342290003059',1,NULL,'2018-11-27 11:54:14','1342200053644'),(641,'2018-11-26','1342200053644',1,NULL,'2018-11-27 11:54:14','1342200053644'),(642,'2018-11-26','3341500410898',1,NULL,'2018-11-27 11:54:14','1342200053644'),(643,'2018-11-23','3330501082605',1,NULL,'2018-11-26 11:18:39','1342200053644'),(644,'2018-11-23','3341501020601',1,NULL,'2018-11-26 11:18:39','1342200053644'),(645,'2018-11-23','1349900063908',1,NULL,'2018-11-26 11:18:39','1342200053644'),(646,'2018-11-23','3341501686161',1,NULL,'2018-11-26 11:18:39','1342200053644'),(647,'2018-11-23','3349800011660',1,NULL,'2018-11-26 11:18:39','1342200053644'),(648,'2018-11-23','3349800056311',1,NULL,'2018-11-26 11:18:39','1342200053644'),(649,'2018-11-23','3341500253768',1,NULL,'2018-11-26 11:18:39','1342200053644'),(650,'2018-11-23','3341501581629',1,NULL,'2018-11-26 11:18:39','1342200053644'),(651,'2018-11-23','3349800180950',1,NULL,'2018-11-26 11:18:39','1342200053644'),(652,'2018-11-23','1340400164383',1,NULL,'2018-11-26 11:18:39','1342200053644'),(653,'2018-11-23','3341500408273',1,NULL,'2018-11-26 11:18:39','1342200053644'),(654,'2018-11-23','5342290003059',1,NULL,'2018-11-26 11:18:39','1342200053644'),(655,'2018-11-23','1342200053644',1,NULL,'2018-11-26 11:18:39','1342200053644'),(656,'2018-11-23','3341500410898',1,NULL,'2018-11-26 11:18:39','1342200053644'),(657,'2018-11-27','3330501082605',1,NULL,'2018-11-27 11:54:02','1342200053644'),(658,'2018-11-27','3341501020601',1,NULL,'2018-11-27 11:54:02','1342200053644'),(659,'2018-11-27','1349900063908',1,NULL,'2018-11-27 11:54:02','1342200053644'),(660,'2018-11-27','3341501686161',1,NULL,'2018-11-27 11:54:02','1342200053644'),(661,'2018-11-27','3349800011660',2,NULL,'2018-11-27 11:54:02','1342200053644'),(662,'2018-11-27','3349800056311',1,NULL,'2018-11-27 11:54:02','1342200053644'),(663,'2018-11-27','3341500253768',1,NULL,'2018-11-27 11:54:02','1342200053644'),(664,'2018-11-27','3341501581629',1,NULL,'2018-11-27 11:54:02','1342200053644'),(665,'2018-11-27','3349800180950',1,NULL,'2018-11-27 11:54:02','1342200053644'),(666,'2018-11-27','1340400164383',1,NULL,'2018-11-27 11:54:02','1342200053644'),(667,'2018-11-27','3341500408273',1,NULL,'2018-11-27 11:54:02','1342200053644'),(668,'2018-11-27','5342290003059',1,NULL,'2018-11-27 11:54:02','1342200053644'),(669,'2018-11-27','1342200053644',1,NULL,'2018-11-27 11:54:02','1342200053644'),(670,'2018-11-27','3341500410898',1,NULL,'2018-11-27 11:54:02','1342200053644'),(671,'2018-11-29','3341501020601',1,NULL,'2018-11-29 09:36:55','1342200053644'),(672,'2018-11-29','1349900063908',1,NULL,'2018-11-29 09:36:55','1342200053644'),(673,'2018-11-29','3341501686161',1,NULL,'2018-11-29 09:36:55','1342200053644'),(674,'2018-11-29','3349800011660',2,NULL,'2018-11-29 09:36:55','1342200053644'),(675,'2018-11-29','3349800056311',1,NULL,'2018-11-29 09:36:55','1342200053644'),(676,'2018-11-29','3341500253768',1,NULL,'2018-11-29 09:36:55','1342200053644'),(677,'2018-11-29','3341501581629',1,NULL,'2018-11-29 09:36:55','1342200053644'),(678,'2018-11-29','3349800180950',1,NULL,'2018-11-29 09:36:55','1342200053644'),(679,'2018-11-29','1340400164383',1,NULL,'2018-11-29 09:36:55','1342200053644'),(680,'2018-11-29','3341500408273',1,NULL,'2018-11-29 09:36:55','1342200053644'),(681,'2018-11-29','5342290003059',1,NULL,'2018-11-29 09:36:55','1342200053644'),(682,'2018-11-29','1342200053644',1,NULL,'2018-11-29 09:36:55','1342200053644'),(683,'2018-11-29','3341500410898',1,NULL,'2018-11-29 09:36:55','1342200053644'),(684,'2018-11-28','3330501082605',1,NULL,'2018-11-29 09:37:14','1342200053644'),(685,'2018-11-28','3341501020601',1,NULL,'2018-11-29 09:37:14','1342200053644'),(686,'2018-11-28','1349900063908',1,NULL,'2018-11-29 09:37:14','1342200053644'),(687,'2018-11-28','3341501686161',1,NULL,'2018-11-29 09:37:14','1342200053644'),(688,'2018-11-28','3349800011660',2,NULL,'2018-11-29 09:37:14','1342200053644'),(689,'2018-11-28','3349800056311',1,NULL,'2018-11-29 09:37:14','1342200053644'),(690,'2018-11-28','3341500253768',1,NULL,'2018-11-29 09:37:14','1342200053644'),(691,'2018-11-28','3341501581629',1,NULL,'2018-11-29 09:37:14','1342200053644'),(692,'2018-11-28','3349800180950',1,NULL,'2018-11-29 09:37:14','1342200053644'),(693,'2018-11-28','1340400164383',1,NULL,'2018-11-29 09:37:14','1342200053644'),(694,'2018-11-28','3341500408273',1,NULL,'2018-11-29 09:37:14','1342200053644'),(695,'2018-11-28','5342290003059',1,NULL,'2018-11-29 09:37:14','1342200053644'),(696,'2018-11-28','1342200053644',1,NULL,'2018-11-29 09:37:14','1342200053644'),(697,'2018-11-28','3341500410898',1,NULL,'2018-11-29 09:37:14','1342200053644'),(698,'2018-11-30','3330501082605',1,NULL,'2018-11-30 15:08:40','1342200053644'),(699,'2018-11-30','3341501020601',1,NULL,'2018-11-30 15:08:40','1342200053644'),(700,'2018-11-30','1349900063908',1,NULL,'2018-11-30 15:08:40','1342200053644'),(701,'2018-11-30','3341501686161',1,NULL,'2018-11-30 15:08:40','1342200053644'),(702,'2018-11-30','3349800011660',3,NULL,'2018-11-30 15:08:40','1342200053644'),(703,'2018-11-30','3349800056311',1,NULL,'2018-11-30 15:08:40','1342200053644'),(704,'2018-11-30','3341500253768',1,NULL,'2018-11-30 15:08:40','1342200053644'),(705,'2018-11-30','3341501581629',1,NULL,'2018-11-30 15:08:40','1342200053644'),(706,'2018-11-30','3349800180950',1,NULL,'2018-11-30 15:08:40','1342200053644'),(707,'2018-11-30','1340400164383',1,NULL,'2018-11-30 15:08:40','1342200053644'),(708,'2018-11-30','3341500408273',1,NULL,'2018-11-30 15:08:40','1342200053644'),(709,'2018-11-30','5342290003059',1,NULL,'2018-11-30 15:08:40','1342200053644'),(710,'2018-11-30','1342200053644',1,NULL,'2018-11-30 15:08:40','1342200053644'),(711,'2018-11-30','3341500410898',1,NULL,'2018-11-30 15:08:40','1342200053644'),(712,'2018-12-03','3330501082605',1,NULL,'2018-12-03 09:20:28','1342200053644'),(713,'2018-12-03','3341501020601',1,NULL,'2018-12-03 09:20:28','1342200053644'),(714,'2018-12-03','1349900063908',1,NULL,'2018-12-03 09:20:28','1342200053644'),(715,'2018-12-03','3341501686161',1,NULL,'2018-12-03 09:20:28','1342200053644'),(716,'2018-12-03','3349800011660',1,NULL,'2018-12-03 09:20:28','1342200053644'),(717,'2018-12-03','3349800056311',1,NULL,'2018-12-03 09:20:28','1342200053644'),(718,'2018-12-03','3341500253768',1,NULL,'2018-12-03 09:20:28','1342200053644'),(719,'2018-12-03','3341501581629',1,NULL,'2018-12-03 09:20:28','1342200053644'),(720,'2018-12-03','3349800180950',1,NULL,'2018-12-03 09:20:28','1342200053644'),(721,'2018-12-03','1340400164383',1,NULL,'2018-12-03 09:20:28','1342200053644'),(722,'2018-12-03','3341500408273',1,NULL,'2018-12-03 09:20:28','1342200053644'),(723,'2018-12-03','5342290003059',1,NULL,'2018-12-03 09:20:28','1342200053644'),(724,'2018-12-03','1342200053644',1,NULL,'2018-12-03 09:20:28','1342200053644'),(725,'2018-12-03','3341500410898',1,NULL,'2018-12-03 09:20:28','1342200053644'),(726,'2018-12-11','3330501082605',1,NULL,'2018-12-11 14:07:49','1342200053644'),(727,'2018-12-11','3341501020601',1,NULL,'2018-12-11 14:07:49','1342200053644'),(728,'2018-12-11','1349900063908',1,NULL,'2018-12-11 14:07:49','1342200053644'),(729,'2018-12-11','3341501686161',1,NULL,'2018-12-11 14:07:49','1342200053644'),(730,'2018-12-11','3349800011660',1,NULL,'2018-12-11 14:07:49','1342200053644'),(731,'2018-12-11','3349800056311',1,NULL,'2018-12-11 14:07:49','1342200053644'),(732,'2018-12-11','3341500253768',1,NULL,'2018-12-11 14:07:49','1342200053644'),(733,'2018-12-11','3341501581629',1,NULL,'2018-12-11 14:07:49','1342200053644'),(734,'2018-12-11','3349800180950',1,NULL,'2018-12-11 14:07:49','1342200053644'),(735,'2018-12-11','1340400164383',1,NULL,'2018-12-11 14:07:49','1342200053644'),(736,'2018-12-11','3341500408273',1,NULL,'2018-12-11 14:07:49','1342200053644'),(737,'2018-12-11','5342290003059',1,NULL,'2018-12-11 14:07:49','1342200053644'),(738,'2018-12-11','1342200053644',1,NULL,'2018-12-11 14:07:49','1342200053644'),(739,'2018-12-11','3341500410898',1,NULL,'2018-12-11 14:07:49','1342200053644'),(740,'2018-12-07','3330501082605',1,NULL,'2018-12-11 14:08:08','1342200053644'),(741,'2018-12-07','3341501020601',1,NULL,'2018-12-11 14:08:08','1342200053644'),(742,'2018-12-07','1349900063908',1,NULL,'2018-12-11 14:08:08','1342200053644'),(743,'2018-12-07','3341501686161',1,NULL,'2018-12-11 14:08:08','1342200053644'),(744,'2018-12-07','3349800011660',1,NULL,'2018-12-11 14:08:08','1342200053644'),(745,'2018-12-07','3349800056311',1,NULL,'2018-12-11 14:08:08','1342200053644'),(746,'2018-12-07','3341500253768',1,NULL,'2018-12-11 14:08:08','1342200053644'),(747,'2018-12-07','3341501581629',1,NULL,'2018-12-11 14:08:08','1342200053644'),(748,'2018-12-07','3349800180950',1,NULL,'2018-12-11 14:08:08','1342200053644'),(749,'2018-12-07','1340400164383',1,NULL,'2018-12-11 14:08:08','1342200053644'),(750,'2018-12-07','3341500408273',1,NULL,'2018-12-11 14:08:08','1342200053644'),(751,'2018-12-07','5342290003059',1,NULL,'2018-12-11 14:08:08','1342200053644'),(752,'2018-12-07','1342200053644',1,NULL,'2018-12-11 14:08:08','1342200053644'),(753,'2018-12-07','3341500410898',1,NULL,'2018-12-11 14:08:08','1342200053644'),(754,'2018-12-13','3330501082605',1,NULL,'2018-12-13 09:35:32','1342200053644'),(755,'2018-12-13','3341501020601',1,NULL,'2018-12-13 09:35:32','1342200053644'),(756,'2018-12-13','1349900063908',1,NULL,'2018-12-13 09:35:32','1342200053644'),(757,'2018-12-13','3341501686161',1,NULL,'2018-12-13 09:35:32','1342200053644'),(758,'2018-12-13','3349800011660',1,NULL,'2018-12-13 09:35:32','1342200053644'),(759,'2018-12-13','3349800056311',1,NULL,'2018-12-13 09:35:32','1342200053644'),(760,'2018-12-13','3341500253768',1,NULL,'2018-12-13 09:35:32','1342200053644'),(761,'2018-12-13','3341501581629',1,NULL,'2018-12-13 09:35:32','1342200053644'),(762,'2018-12-13','3349800180950',1,NULL,'2018-12-13 09:35:32','1342200053644'),(763,'2018-12-13','1340400164383',1,NULL,'2018-12-13 09:35:32','1342200053644'),(764,'2018-12-13','3341500408273',1,NULL,'2018-12-13 09:35:32','1342200053644'),(765,'2018-12-13','5342290003059',1,NULL,'2018-12-13 09:35:32','1342200053644'),(766,'2018-12-13','1342200053644',1,NULL,'2018-12-13 09:35:32','1342200053644'),(767,'2018-12-13','3341500410898',1,NULL,'2018-12-13 09:35:32','1342200053644'),(768,'2018-12-12','3330501082605',1,NULL,'2018-12-13 09:35:48','1342200053644'),(769,'2018-12-12','3341501020601',1,NULL,'2018-12-13 09:35:48','1342200053644'),(770,'2018-12-12','1349900063908',1,NULL,'2018-12-13 09:35:48','1342200053644'),(771,'2018-12-12','3341501686161',1,NULL,'2018-12-13 09:35:48','1342200053644'),(772,'2018-12-12','3349800011660',1,NULL,'2018-12-13 09:35:48','1342200053644'),(773,'2018-12-12','3349800056311',1,NULL,'2018-12-13 09:35:48','1342200053644'),(774,'2018-12-12','3341500253768',1,NULL,'2018-12-13 09:35:48','1342200053644'),(775,'2018-12-12','3341501581629',1,NULL,'2018-12-13 09:35:48','1342200053644'),(776,'2018-12-12','3349800180950',1,NULL,'2018-12-13 09:35:48','1342200053644'),(777,'2018-12-12','1340400164383',1,NULL,'2018-12-13 09:35:48','1342200053644'),(778,'2018-12-12','3341500408273',1,NULL,'2018-12-13 09:35:48','1342200053644'),(779,'2018-12-12','5342290003059',1,NULL,'2018-12-13 09:35:48','1342200053644'),(780,'2018-12-12','1342200053644',1,NULL,'2018-12-13 09:35:48','1342200053644'),(781,'2018-12-12','3341500410898',1,NULL,'2018-12-13 09:35:48','1342200053644'),(782,'2018-12-18','3330501082605',1,NULL,'2018-12-18 11:27:58','1342200053644'),(783,'2018-12-18','3341501020601',1,NULL,'2018-12-18 11:27:58','1342200053644'),(784,'2018-12-18','1349900063908',1,NULL,'2018-12-18 11:27:58','1342200053644'),(785,'2018-12-18','3341501686161',1,NULL,'2018-12-18 11:27:58','1342200053644'),(786,'2018-12-18','3349800011660',1,NULL,'2018-12-18 11:27:58','1342200053644'),(787,'2018-12-18','3349800056311',1,NULL,'2018-12-18 11:27:58','1342200053644'),(788,'2018-12-18','3341500253768',1,NULL,'2018-12-18 11:27:58','1342200053644'),(789,'2018-12-18','3341501581629',1,NULL,'2018-12-18 11:27:58','1342200053644'),(790,'2018-12-18','3349800180950',1,NULL,'2018-12-18 11:27:58','1342200053644'),(791,'2018-12-18','1340400164383',1,NULL,'2018-12-18 11:27:58','1342200053644'),(792,'2018-12-18','3341500408273',1,NULL,'2018-12-18 11:27:58','1342200053644'),(793,'2018-12-18','5342290003059',1,NULL,'2018-12-18 11:27:58','1342200053644'),(794,'2018-12-18','1342200053644',1,NULL,'2018-12-18 11:27:58','1342200053644'),(795,'2018-12-18','3341500410898',1,NULL,'2018-12-18 11:27:58','1342200053644'),(796,'2018-12-17','3330501082605',1,NULL,'2018-12-18 11:28:11','1342200053644'),(797,'2018-12-17','3341501020601',1,NULL,'2018-12-18 11:28:11','1342200053644'),(798,'2018-12-17','1349900063908',1,NULL,'2018-12-18 11:28:11','1342200053644'),(799,'2018-12-17','3341501686161',1,NULL,'2018-12-18 11:28:11','1342200053644'),(800,'2018-12-17','3349800011660',1,NULL,'2018-12-18 11:28:11','1342200053644'),(801,'2018-12-17','3349800056311',1,NULL,'2018-12-18 11:28:11','1342200053644'),(802,'2018-12-17','3341500253768',1,NULL,'2018-12-18 11:28:11','1342200053644'),(803,'2018-12-17','3341501581629',1,NULL,'2018-12-18 11:28:11','1342200053644'),(804,'2018-12-17','3349800180950',1,NULL,'2018-12-18 11:28:11','1342200053644'),(805,'2018-12-17','1340400164383',1,NULL,'2018-12-18 11:28:11','1342200053644'),(806,'2018-12-17','3341500408273',1,NULL,'2018-12-18 11:28:11','1342200053644'),(807,'2018-12-17','5342290003059',1,NULL,'2018-12-18 11:28:11','1342200053644'),(808,'2018-12-17','1342200053644',1,NULL,'2018-12-18 11:28:11','1342200053644'),(809,'2018-12-17','3341500410898',1,NULL,'2018-12-18 11:28:11','1342200053644'),(810,'2018-12-14','3330501082605',1,NULL,'2018-12-18 11:28:26','1342200053644'),(811,'2018-12-14','3341501020601',1,NULL,'2018-12-18 11:28:26','1342200053644'),(812,'2018-12-14','1349900063908',1,NULL,'2018-12-18 11:28:26','1342200053644'),(813,'2018-12-14','3341501686161',1,NULL,'2018-12-18 11:28:26','1342200053644'),(814,'2018-12-14','3349800011660',1,NULL,'2018-12-18 11:28:26','1342200053644'),(815,'2018-12-14','3349800056311',1,NULL,'2018-12-18 11:28:26','1342200053644'),(816,'2018-12-14','3341500253768',1,NULL,'2018-12-18 11:28:26','1342200053644'),(817,'2018-12-14','3341501581629',1,NULL,'2018-12-18 11:28:26','1342200053644'),(818,'2018-12-14','3349800180950',1,NULL,'2018-12-18 11:28:26','1342200053644'),(819,'2018-12-14','1340400164383',1,NULL,'2018-12-18 11:28:26','1342200053644'),(820,'2018-12-14','3341500408273',1,NULL,'2018-12-18 11:28:26','1342200053644'),(821,'2018-12-14','5342290003059',1,NULL,'2018-12-18 11:28:26','1342200053644'),(822,'2018-12-14','1342200053644',1,NULL,'2018-12-18 11:28:26','1342200053644'),(823,'2018-12-14','3341500410898',1,NULL,'2018-12-18 11:28:26','1342200053644'),(824,'2018-12-19','3330501082605',1,NULL,'2018-12-19 10:31:06','1342200053644'),(825,'2018-12-19','3341501020601',1,NULL,'2018-12-19 10:31:06','1342200053644'),(826,'2018-12-19','1349900063908',1,NULL,'2018-12-19 10:31:06','1342200053644'),(827,'2018-12-19','3341501686161',1,NULL,'2018-12-19 10:31:06','1342200053644'),(828,'2018-12-19','3349800011660',1,NULL,'2018-12-19 10:31:06','1342200053644'),(829,'2018-12-19','3349800056311',1,NULL,'2018-12-19 10:31:06','1342200053644'),(830,'2018-12-19','3341500253768',1,NULL,'2018-12-19 10:31:06','1342200053644'),(831,'2018-12-19','3341501581629',1,NULL,'2018-12-19 10:31:06','1342200053644'),(832,'2018-12-19','3349800180950',1,NULL,'2018-12-19 10:31:06','1342200053644'),(833,'2018-12-19','1340400164383',1,NULL,'2018-12-19 10:31:06','1342200053644'),(834,'2018-12-19','3341500408273',1,NULL,'2018-12-19 10:31:06','1342200053644'),(835,'2018-12-19','5342290003059',1,NULL,'2018-12-19 10:31:06','1342200053644'),(836,'2018-12-19','1342200053644',1,NULL,'2018-12-19 10:31:06','1342200053644'),(837,'2018-12-19','3341500410898',1,NULL,'2018-12-19 10:31:06','1342200053644'),(838,'2018-12-24','3330501082605',1,NULL,'2018-12-24 10:45:58','1342200053644'),(839,'2018-12-24','3341501020601',1,NULL,'2018-12-24 10:45:58','1342200053644'),(840,'2018-12-24','1349900063908',1,NULL,'2018-12-24 10:45:58','1342200053644'),(841,'2018-12-24','3341501686161',1,NULL,'2018-12-24 10:45:58','1342200053644'),(842,'2018-12-24','3349800011660',2,NULL,'2018-12-24 10:45:58','1342200053644'),(843,'2018-12-24','3349800056311',1,NULL,'2018-12-24 10:45:58','1342200053644'),(844,'2018-12-24','3341500253768',1,NULL,'2018-12-24 10:45:58','1342200053644'),(845,'2018-12-24','3341501581629',1,NULL,'2018-12-24 10:45:58','1342200053644'),(846,'2018-12-24','3349800180950',1,NULL,'2018-12-24 10:45:58','1342200053644'),(847,'2018-12-24','1340400164383',1,NULL,'2018-12-24 10:45:58','1342200053644'),(848,'2018-12-24','3341500408273',1,NULL,'2018-12-24 10:45:58','1342200053644'),(849,'2018-12-24','5342290003059',1,NULL,'2018-12-24 10:45:58','1342200053644'),(850,'2018-12-24','1342200053644',1,NULL,'2018-12-24 10:45:58','1342200053644'),(851,'2018-12-24','3341500410898',1,NULL,'2018-12-24 10:45:58','1342200053644'),(852,'2018-12-21','3330501082605',1,NULL,'2018-12-25 11:34:24','1342200053644'),(853,'2018-12-21','3341501020601',1,NULL,'2018-12-25 11:34:24','1342200053644'),(854,'2018-12-21','1349900063908',1,NULL,'2018-12-25 11:34:24','1342200053644'),(855,'2018-12-21','3341501686161',1,NULL,'2018-12-25 11:34:24','1342200053644'),(856,'2018-12-21','3349800011660',1,NULL,'2018-12-25 11:34:24','1342200053644'),(857,'2018-12-21','3349800056311',1,NULL,'2018-12-25 11:34:24','1342200053644'),(858,'2018-12-21','3341500253768',1,NULL,'2018-12-25 11:34:24','1342200053644'),(859,'2018-12-21','3341501581629',1,NULL,'2018-12-25 11:34:24','1342200053644'),(860,'2018-12-21','3349800180950',1,NULL,'2018-12-25 11:34:24','1342200053644'),(861,'2018-12-21','1340400164383',1,NULL,'2018-12-25 11:34:24','1342200053644'),(862,'2018-12-21','3341500408273',1,NULL,'2018-12-25 11:34:24','1342200053644'),(863,'2018-12-21','5342290003059',1,NULL,'2018-12-25 11:34:24','1342200053644'),(864,'2018-12-21','1342200053644',1,NULL,'2018-12-25 11:34:24','1342200053644'),(865,'2018-12-21','3341500410898',1,NULL,'2018-12-25 11:34:24','1342200053644'),(866,'2018-12-20','3330501082605',1,NULL,'2018-12-25 11:34:36','1342200053644'),(867,'2018-12-20','3341501020601',1,NULL,'2018-12-25 11:34:36','1342200053644'),(868,'2018-12-20','1349900063908',1,NULL,'2018-12-25 11:34:36','1342200053644'),(869,'2018-12-20','3341501686161',1,NULL,'2018-12-25 11:34:36','1342200053644'),(870,'2018-12-20','3349800011660',1,NULL,'2018-12-25 11:34:36','1342200053644'),(871,'2018-12-20','3349800056311',1,NULL,'2018-12-25 11:34:36','1342200053644'),(872,'2018-12-20','3341500253768',1,NULL,'2018-12-25 11:34:36','1342200053644'),(873,'2018-12-20','3341501581629',1,NULL,'2018-12-25 11:34:36','1342200053644'),(874,'2018-12-20','3349800180950',1,NULL,'2018-12-25 11:34:36','1342200053644'),(875,'2018-12-20','1340400164383',1,NULL,'2018-12-25 11:34:36','1342200053644'),(876,'2018-12-20','3341500408273',1,NULL,'2018-12-25 11:34:36','1342200053644'),(877,'2018-12-20','5342290003059',1,NULL,'2018-12-25 11:34:36','1342200053644'),(878,'2018-12-20','1342200053644',1,NULL,'2018-12-25 11:34:36','1342200053644'),(879,'2018-12-20','3341500410898',1,NULL,'2018-12-25 11:34:36','1342200053644'),(880,'2018-12-25','3330501082605',1,NULL,'2018-12-25 11:34:51','1342200053644'),(881,'2018-12-25','3341501020601',1,NULL,'2018-12-25 11:34:51','1342200053644'),(882,'2018-12-25','1349900063908',1,NULL,'2018-12-25 11:34:51','1342200053644'),(883,'2018-12-25','3341501686161',1,NULL,'2018-12-25 11:34:51','1342200053644'),(884,'2018-12-25','3349800011660',2,NULL,'2018-12-25 11:34:51','1342200053644'),(885,'2018-12-25','3349800056311',1,NULL,'2018-12-25 11:34:51','1342200053644'),(886,'2018-12-25','3341500253768',1,NULL,'2018-12-25 11:34:51','1342200053644'),(887,'2018-12-25','3341501581629',1,NULL,'2018-12-25 11:34:51','1342200053644'),(888,'2018-12-25','3349800180950',1,NULL,'2018-12-25 11:34:51','1342200053644'),(889,'2018-12-25','1340400164383',1,NULL,'2018-12-25 11:34:51','1342200053644'),(890,'2018-12-25','3341500408273',1,NULL,'2018-12-25 11:34:51','1342200053644'),(891,'2018-12-25','5342290003059',1,NULL,'2018-12-25 11:34:51','1342200053644'),(892,'2018-12-25','1342200053644',1,NULL,'2018-12-25 11:34:51','1342200053644'),(893,'2018-12-25','3341500410898',1,NULL,'2018-12-25 11:34:51','1342200053644'),(894,'2019-01-03','3330501082605',1,NULL,'2019-01-03 15:08:07','1342200053644'),(895,'2019-01-03','3341501020601',1,NULL,'2019-01-03 15:08:07','1342200053644'),(896,'2019-01-03','1349900063908',3,NULL,'2019-01-03 15:08:07','1342200053644'),(897,'2019-01-03','3341501686161',1,NULL,'2019-01-03 15:08:07','1342200053644'),(898,'2019-01-03','3349800011660',1,NULL,'2019-01-03 15:08:07','1342200053644'),(899,'2019-01-03','3349800056311',1,NULL,'2019-01-03 15:08:07','1342200053644'),(900,'2019-01-03','3341500253768',1,NULL,'2019-01-03 15:08:07','1342200053644'),(901,'2019-01-03','3341501581629',1,NULL,'2019-01-03 15:08:07','1342200053644'),(902,'2019-01-03','3349800180950',1,NULL,'2019-01-03 15:08:07','1342200053644'),(903,'2019-01-03','1340400164383',1,NULL,'2019-01-03 15:08:07','1342200053644'),(904,'2019-01-03','3341500408273',1,NULL,'2019-01-03 15:08:07','1342200053644'),(905,'2019-01-03','5342290003059',1,NULL,'2019-01-03 15:08:07','1342200053644'),(906,'2019-01-03','1342200053644',1,NULL,'2019-01-03 15:08:07','1342200053644'),(907,'2019-01-03','3341500410898',1,NULL,'2019-01-03 15:08:07','1342200053644'),(908,'2019-01-02','3330501082605',1,NULL,'2019-01-03 15:10:35','1342200053644'),(909,'2019-01-02','3341501020601',1,NULL,'2019-01-03 15:10:35','1342200053644'),(910,'2019-01-02','1349900063908',1,NULL,'2019-01-03 15:10:35','1342200053644'),(911,'2019-01-02','3341501686161',1,NULL,'2019-01-03 15:10:35','1342200053644'),(912,'2019-01-02','3349800011660',1,NULL,'2019-01-03 15:10:35','1342200053644'),(913,'2019-01-02','3349800056311',1,NULL,'2019-01-03 15:10:35','1342200053644'),(914,'2019-01-02','3341500253768',1,NULL,'2019-01-03 15:10:35','1342200053644'),(915,'2019-01-02','3341501581629',1,NULL,'2019-01-03 15:10:35','1342200053644'),(916,'2019-01-02','3349800180950',1,NULL,'2019-01-03 15:10:35','1342200053644'),(917,'2019-01-02','1340400164383',1,NULL,'2019-01-03 15:10:35','1342200053644'),(918,'2019-01-02','3341500408273',1,NULL,'2019-01-03 15:10:35','1342200053644'),(919,'2019-01-02','5342290003059',1,NULL,'2019-01-03 15:10:35','1342200053644'),(920,'2019-01-02','1342200053644',1,NULL,'2019-01-03 15:10:35','1342200053644'),(921,'2019-01-02','3341500410898',1,NULL,'2019-01-03 15:10:35','1342200053644'),(922,'2018-12-28','3330501082605',1,NULL,'2019-01-03 15:10:59','1342200053644'),(923,'2018-12-28','3341501020601',1,NULL,'2019-01-03 15:10:59','1342200053644'),(924,'2018-12-28','1349900063908',1,NULL,'2019-01-03 15:10:59','1342200053644'),(925,'2018-12-28','3341501686161',1,NULL,'2019-01-03 15:10:59','1342200053644'),(926,'2018-12-28','3349800011660',1,NULL,'2019-01-03 15:10:59','1342200053644'),(927,'2018-12-28','3349800056311',1,NULL,'2019-01-03 15:10:59','1342200053644'),(928,'2018-12-28','3341500253768',1,NULL,'2019-01-03 15:10:59','1342200053644'),(929,'2018-12-28','3341501581629',1,NULL,'2019-01-03 15:10:59','1342200053644'),(930,'2018-12-28','3349800180950',1,NULL,'2019-01-03 15:10:59','1342200053644'),(931,'2018-12-28','1340400164383',1,NULL,'2019-01-03 15:10:59','1342200053644'),(932,'2018-12-28','3341500408273',1,NULL,'2019-01-03 15:10:59','1342200053644'),(933,'2018-12-28','5342290003059',1,NULL,'2019-01-03 15:10:59','1342200053644'),(934,'2018-12-28','1342200053644',1,NULL,'2019-01-03 15:10:59','1342200053644'),(935,'2018-12-28','3341500410898',1,NULL,'2019-01-03 15:10:59','1342200053644'),(936,'2018-12-27','3330501082605',1,NULL,'2019-01-03 15:11:16','1342200053644'),(937,'2018-12-27','3341501020601',1,NULL,'2019-01-03 15:11:16','1342200053644'),(938,'2018-12-27','1349900063908',1,NULL,'2019-01-03 15:11:16','1342200053644'),(939,'2018-12-27','3341501686161',1,NULL,'2019-01-03 15:11:16','1342200053644'),(940,'2018-12-27','3349800011660',2,NULL,'2019-01-03 15:11:16','1342200053644'),(941,'2018-12-27','3349800056311',1,NULL,'2019-01-03 15:11:16','1342200053644'),(942,'2018-12-27','3341500253768',1,NULL,'2019-01-03 15:11:16','1342200053644'),(943,'2018-12-27','3341501581629',1,NULL,'2019-01-03 15:11:16','1342200053644'),(944,'2018-12-27','3349800180950',1,NULL,'2019-01-03 15:11:16','1342200053644'),(945,'2018-12-27','1340400164383',1,NULL,'2019-01-03 15:11:16','1342200053644'),(946,'2018-12-27','3341500408273',1,NULL,'2019-01-03 15:11:16','1342200053644'),(947,'2018-12-27','5342290003059',1,NULL,'2019-01-03 15:11:16','1342200053644'),(948,'2018-12-27','1342200053644',1,NULL,'2019-01-03 15:11:16','1342200053644'),(949,'2018-12-27','3341500410898',1,NULL,'2019-01-03 15:11:16','1342200053644'),(950,'2018-12-26','3330501082605',1,NULL,'2019-01-03 15:11:30','1342200053644'),(951,'2018-12-26','3341501020601',1,NULL,'2019-01-03 15:11:30','1342200053644'),(952,'2018-12-26','1349900063908',1,NULL,'2019-01-03 15:11:30','1342200053644'),(953,'2018-12-26','3341501686161',1,NULL,'2019-01-03 15:11:30','1342200053644'),(954,'2018-12-26','3349800011660',2,NULL,'2019-01-03 15:11:30','1342200053644'),(955,'2018-12-26','3349800056311',1,NULL,'2019-01-03 15:11:30','1342200053644'),(956,'2018-12-26','3341500253768',1,NULL,'2019-01-03 15:11:30','1342200053644'),(957,'2018-12-26','3341501581629',1,NULL,'2019-01-03 15:11:30','1342200053644'),(958,'2018-12-26','3349800180950',1,NULL,'2019-01-03 15:11:30','1342200053644'),(959,'2018-12-26','1340400164383',1,NULL,'2019-01-03 15:11:30','1342200053644'),(960,'2018-12-26','3341500408273',1,NULL,'2019-01-03 15:11:30','1342200053644'),(961,'2018-12-26','5342290003059',1,NULL,'2019-01-03 15:11:30','1342200053644'),(962,'2018-12-26','1342200053644',1,NULL,'2019-01-03 15:11:30','1342200053644'),(963,'2018-12-26','3341500410898',1,NULL,'2019-01-03 15:11:30','1342200053644'),(964,'2019-01-04','3330501082605',1,NULL,'2019-01-04 11:06:29','1342200053644'),(965,'2019-01-04','3341501020601',1,NULL,'2019-01-04 11:06:29','1342200053644'),(966,'2019-01-04','1349900063908',1,NULL,'2019-01-04 11:06:29','1342200053644'),(967,'2019-01-04','3341501686161',1,NULL,'2019-01-04 11:06:29','1342200053644'),(968,'2019-01-04','3349800011660',1,NULL,'2019-01-04 11:06:29','1342200053644'),(969,'2019-01-04','3349800056311',1,NULL,'2019-01-04 11:06:29','1342200053644'),(970,'2019-01-04','3341500253768',1,NULL,'2019-01-04 11:06:29','1342200053644'),(971,'2019-01-04','3341501581629',1,NULL,'2019-01-04 11:06:29','1342200053644'),(972,'2019-01-04','3349800180950',1,NULL,'2019-01-04 11:06:29','1342200053644'),(973,'2019-01-04','1340400164383',1,NULL,'2019-01-04 11:06:29','1342200053644'),(974,'2019-01-04','3341500408273',1,NULL,'2019-01-04 11:06:29','1342200053644'),(975,'2019-01-04','5342290003059',1,NULL,'2019-01-04 11:06:29','1342200053644'),(976,'2019-01-04','1342200053644',1,NULL,'2019-01-04 11:06:29','1342200053644'),(977,'2019-01-04','3341500410898',1,NULL,'2019-01-04 11:06:29','1342200053644'),(978,'2019-01-07','3330501082605',1,NULL,'2019-01-07 11:22:52','1342200053644'),(979,'2019-01-07','3341501020601',1,NULL,'2019-01-07 11:22:52','1342200053644'),(980,'2019-01-07','1349900063908',1,NULL,'2019-01-07 11:22:52','1342200053644'),(981,'2019-01-07','3341501686161',1,NULL,'2019-01-07 11:22:52','1342200053644'),(982,'2019-01-07','3349800011660',1,NULL,'2019-01-07 11:22:52','1342200053644'),(983,'2019-01-07','3349800056311',1,NULL,'2019-01-07 11:22:52','1342200053644'),(984,'2019-01-07','3341500253768',1,NULL,'2019-01-07 11:22:52','1342200053644'),(985,'2019-01-07','3341501581629',1,NULL,'2019-01-07 11:22:52','1342200053644'),(986,'2019-01-07','3349800180950',1,NULL,'2019-01-07 11:22:52','1342200053644'),(987,'2019-01-07','1340400164383',1,NULL,'2019-01-07 11:22:52','1342200053644'),(988,'2019-01-07','3341500408273',1,NULL,'2019-01-07 11:22:52','1342200053644'),(989,'2019-01-07','5342290003059',1,NULL,'2019-01-07 11:22:52','1342200053644'),(990,'2019-01-07','1342200053644',1,NULL,'2019-01-07 11:22:52','1342200053644'),(991,'2019-01-07','3341500410898',1,NULL,'2019-01-07 11:22:52','1342200053644'),(992,'2019-01-14','3330501082605',1,NULL,'2019-01-14 10:36:30','1342200053644'),(993,'2019-01-14','3341501020601',1,NULL,'2019-01-14 10:36:30','1342200053644'),(994,'2019-01-14','1349900063908',1,NULL,'2019-01-14 10:36:30','1342200053644'),(995,'2019-01-14','3341501686161',1,NULL,'2019-01-14 10:36:30','1342200053644'),(996,'2019-01-14','3349800011660',1,NULL,'2019-01-14 10:36:30','1342200053644'),(997,'2019-01-14','3349800056311',1,NULL,'2019-01-14 10:36:30','1342200053644'),(998,'2019-01-14','3341500253768',3,NULL,'2019-01-14 10:36:30','1342200053644'),(999,'2019-01-14','3341501581629',1,NULL,'2019-01-14 10:36:30','1342200053644'),(1000,'2019-01-14','3349800180950',1,NULL,'2019-01-14 10:36:30','1342200053644'),(1001,'2019-01-14','1340400164383',1,NULL,'2019-01-14 10:36:30','1342200053644'),(1002,'2019-01-14','3341500408273',1,NULL,'2019-01-14 10:36:30','1342200053644'),(1003,'2019-01-14','5342290003059',1,NULL,'2019-01-14 10:36:30','1342200053644'),(1004,'2019-01-14','1342200053644',1,NULL,'2019-01-14 10:36:30','1342200053644'),(1005,'2019-01-14','3341500410898',1,NULL,'2019-01-14 10:36:30','1342200053644'),(1006,'2019-01-11','3330501082605',1,NULL,'2019-01-14 10:36:56','1342200053644'),(1007,'2019-01-11','3341501020601',1,NULL,'2019-01-14 10:36:56','1342200053644'),(1008,'2019-01-11','1349900063908',1,NULL,'2019-01-14 10:36:56','1342200053644'),(1009,'2019-01-11','3341501686161',1,NULL,'2019-01-14 10:36:56','1342200053644'),(1010,'2019-01-11','3349800011660',1,NULL,'2019-01-14 10:36:56','1342200053644'),(1011,'2019-01-11','3349800056311',1,NULL,'2019-01-14 10:36:56','1342200053644'),(1012,'2019-01-11','3341500253768',3,NULL,'2019-01-14 10:36:56','1342200053644'),(1013,'2019-01-11','3341501581629',1,NULL,'2019-01-14 10:36:56','1342200053644'),(1014,'2019-01-11','3349800180950',1,NULL,'2019-01-14 10:36:56','1342200053644'),(1015,'2019-01-11','1340400164383',1,NULL,'2019-01-14 10:36:56','1342200053644'),(1016,'2019-01-11','3341500408273',1,NULL,'2019-01-14 10:36:56','1342200053644'),(1017,'2019-01-11','5342290003059',1,NULL,'2019-01-14 10:36:56','1342200053644'),(1018,'2019-01-11','1342200053644',1,NULL,'2019-01-14 10:36:56','1342200053644'),(1019,'2019-01-11','3341500410898',1,NULL,'2019-01-14 10:36:56','1342200053644'),(1020,'2019-01-10','3330501082605',1,NULL,'2019-01-14 10:37:42','1342200053644'),(1021,'2019-01-10','3341501020601',1,NULL,'2019-01-14 10:37:42','1342200053644'),(1022,'2019-01-10','1349900063908',1,NULL,'2019-01-14 10:37:42','1342200053644'),(1023,'2019-01-10','3341501686161',1,NULL,'2019-01-14 10:37:42','1342200053644'),(1024,'2019-01-10','3349800011660',1,NULL,'2019-01-14 10:37:42','1342200053644'),(1025,'2019-01-10','3349800056311',1,NULL,'2019-01-14 10:37:42','1342200053644'),(1026,'2019-01-10','3341500253768',3,NULL,'2019-01-14 10:37:42','1342200053644'),(1027,'2019-01-10','3341501581629',1,NULL,'2019-01-14 10:37:42','1342200053644'),(1028,'2019-01-10','3349800180950',1,NULL,'2019-01-14 10:37:42','1342200053644'),(1029,'2019-01-10','1340400164383',1,NULL,'2019-01-14 10:37:42','1342200053644'),(1030,'2019-01-10','3341500408273',1,NULL,'2019-01-14 10:37:42','1342200053644'),(1031,'2019-01-10','5342290003059',1,NULL,'2019-01-14 10:37:42','1342200053644'),(1032,'2019-01-10','1342200053644',1,NULL,'2019-01-14 10:37:42','1342200053644'),(1033,'2019-01-10','3341500410898',1,NULL,'2019-01-14 10:37:42','1342200053644'),(1034,'2019-01-09','3330501082605',1,NULL,'2019-01-14 10:39:08','1342200053644'),(1035,'2019-01-09','3341501020601',1,NULL,'2019-01-14 10:39:08','1342200053644'),(1036,'2019-01-09','1349900063908',1,NULL,'2019-01-14 10:39:08','1342200053644'),(1037,'2019-01-09','3341501686161',1,NULL,'2019-01-14 10:39:08','1342200053644'),(1038,'2019-01-09','3349800011660',3,NULL,'2019-01-14 10:39:08','1342200053644'),(1039,'2019-01-09','3349800056311',3,NULL,'2019-01-14 10:39:08','1342200053644'),(1040,'2019-01-09','3341500253768',3,NULL,'2019-01-14 10:39:08','1342200053644'),(1041,'2019-01-09','3341501581629',1,NULL,'2019-01-14 10:39:08','1342200053644'),(1042,'2019-01-09','3349800180950',1,NULL,'2019-01-14 10:39:08','1342200053644'),(1043,'2019-01-09','1340400164383',1,NULL,'2019-01-14 10:39:08','1342200053644'),(1044,'2019-01-09','3341500408273',1,NULL,'2019-01-14 10:39:08','1342200053644'),(1045,'2019-01-09','5342290003059',1,NULL,'2019-01-14 10:39:08','1342200053644'),(1046,'2019-01-09','1342200053644',1,NULL,'2019-01-14 10:39:08','1342200053644'),(1047,'2019-01-09','3341500410898',1,NULL,'2019-01-14 10:39:08','1342200053644'),(1048,'2019-01-08','3330501082605',1,NULL,'2019-01-14 10:39:28','1342200053644'),(1049,'2019-01-08','3341501020601',1,NULL,'2019-01-14 10:39:28','1342200053644'),(1050,'2019-01-08','1349900063908',1,NULL,'2019-01-14 10:39:28','1342200053644'),(1051,'2019-01-08','3341501686161',1,NULL,'2019-01-14 10:39:28','1342200053644'),(1052,'2019-01-08','3349800011660',1,NULL,'2019-01-14 10:39:28','1342200053644'),(1053,'2019-01-08','3349800056311',1,NULL,'2019-01-14 10:39:28','1342200053644'),(1054,'2019-01-08','3341500253768',3,NULL,'2019-01-14 10:39:28','1342200053644'),(1055,'2019-01-08','3341501581629',1,NULL,'2019-01-14 10:39:28','1342200053644'),(1056,'2019-01-08','3349800180950',1,NULL,'2019-01-14 10:39:28','1342200053644'),(1057,'2019-01-08','1340400164383',1,NULL,'2019-01-14 10:39:28','1342200053644'),(1058,'2019-01-08','3341500408273',1,NULL,'2019-01-14 10:39:28','1342200053644'),(1059,'2019-01-08','5342290003059',1,NULL,'2019-01-14 10:39:28','1342200053644'),(1060,'2019-01-08','1342200053644',1,NULL,'2019-01-14 10:39:28','1342200053644'),(1061,'2019-01-08','3341500410898',1,NULL,'2019-01-14 10:39:28','1342200053644'),(1062,'2019-01-15','3330501082605',1,NULL,'2019-01-15 10:56:15','1342200053644'),(1063,'2019-01-15','3341501020601',1,NULL,'2019-01-15 10:56:15','1342200053644'),(1064,'2019-01-15','1349900063908',1,NULL,'2019-01-15 10:56:15','1342200053644'),(1065,'2019-01-15','3341501686161',1,NULL,'2019-01-15 10:56:15','1342200053644'),(1066,'2019-01-15','3349800011660',1,NULL,'2019-01-15 10:56:15','1342200053644'),(1067,'2019-01-15','3349800056311',1,NULL,'2019-01-15 10:56:15','1342200053644'),(1068,'2019-01-15','3341500253768',1,NULL,'2019-01-15 10:56:15','1342200053644'),(1069,'2019-01-15','3341501581629',1,NULL,'2019-01-15 10:56:15','1342200053644'),(1070,'2019-01-15','3349800180950',1,NULL,'2019-01-15 10:56:15','1342200053644'),(1071,'2019-01-15','1340400164383',1,NULL,'2019-01-15 10:56:15','1342200053644'),(1072,'2019-01-15','3341500408273',1,NULL,'2019-01-15 10:56:15','1342200053644'),(1073,'2019-01-15','5342290003059',1,NULL,'2019-01-15 10:56:15','1342200053644'),(1074,'2019-01-15','1342200053644',1,NULL,'2019-01-15 10:56:15','1342200053644'),(1075,'2019-01-15','3341500410898',1,NULL,'2019-01-15 10:56:15','1342200053644'),(1076,'2019-01-21','3330501082605',1,NULL,'2019-01-21 09:16:18','1342200053644'),(1077,'2019-01-21','3341501020601',1,NULL,'2019-01-21 09:16:18','1342200053644'),(1078,'2019-01-21','1349900063908',1,NULL,'2019-01-21 09:16:18','1342200053644'),(1079,'2019-01-21','3341501686161',1,NULL,'2019-01-21 09:16:18','1342200053644'),(1080,'2019-01-21','3349800011660',1,NULL,'2019-01-21 09:16:18','1342200053644'),(1081,'2019-01-21','3349800056311',1,NULL,'2019-01-21 09:16:18','1342200053644'),(1082,'2019-01-21','3341500253768',1,NULL,'2019-01-21 09:16:18','1342200053644'),(1083,'2019-01-21','3341501581629',1,NULL,'2019-01-21 09:16:18','1342200053644'),(1084,'2019-01-21','3349800180950',1,NULL,'2019-01-21 09:16:18','1342200053644'),(1085,'2019-01-21','1340400164383',1,NULL,'2019-01-21 09:16:18','1342200053644'),(1086,'2019-01-21','3341500408273',1,NULL,'2019-01-21 09:16:18','1342200053644'),(1087,'2019-01-21','5342290003059',1,NULL,'2019-01-21 09:16:18','1342200053644'),(1088,'2019-01-21','1342200053644',1,NULL,'2019-01-21 09:16:18','1342200053644'),(1089,'2019-01-21','3341500410898',1,NULL,'2019-01-21 09:16:18','1342200053644'),(1090,'2019-01-18','3330501082605',1,NULL,'2019-01-21 14:48:23','1342200053644'),(1091,'2019-01-18','3341501020601',1,NULL,'2019-01-21 14:48:23','1342200053644'),(1092,'2019-01-18','1349900063908',1,NULL,'2019-01-21 14:48:23','1342200053644'),(1093,'2019-01-18','3341501686161',1,NULL,'2019-01-21 14:48:23','1342200053644'),(1094,'2019-01-18','3349800011660',1,NULL,'2019-01-21 14:48:23','1342200053644'),(1095,'2019-01-18','3349800056311',1,NULL,'2019-01-21 14:48:23','1342200053644'),(1096,'2019-01-18','3341500253768',1,NULL,'2019-01-21 14:48:23','1342200053644'),(1097,'2019-01-18','3341501581629',1,NULL,'2019-01-21 14:48:23','1342200053644'),(1098,'2019-01-18','3349800180950',1,NULL,'2019-01-21 14:48:23','1342200053644'),(1099,'2019-01-18','1340400164383',1,NULL,'2019-01-21 14:48:23','1342200053644'),(1100,'2019-01-18','3341500408273',1,NULL,'2019-01-21 14:48:23','1342200053644'),(1101,'2019-01-18','5342290003059',1,NULL,'2019-01-21 14:48:23','1342200053644'),(1102,'2019-01-18','1342200053644',1,NULL,'2019-01-21 14:48:23','1342200053644'),(1103,'2019-01-18','3341500410898',1,NULL,'2019-01-21 14:48:23','1342200053644'),(1104,'2019-01-17','3330501082605',1,NULL,'2019-01-21 14:48:38','1342200053644'),(1105,'2019-01-17','3341501020601',1,NULL,'2019-01-21 14:48:38','1342200053644'),(1106,'2019-01-17','1349900063908',1,NULL,'2019-01-21 14:48:38','1342200053644'),(1107,'2019-01-17','3341501686161',1,NULL,'2019-01-21 14:48:38','1342200053644'),(1108,'2019-01-17','3349800011660',1,NULL,'2019-01-21 14:48:38','1342200053644'),(1109,'2019-01-17','3349800056311',1,NULL,'2019-01-21 14:48:38','1342200053644'),(1110,'2019-01-17','3341500253768',1,NULL,'2019-01-21 14:48:38','1342200053644'),(1111,'2019-01-17','3341501581629',1,NULL,'2019-01-21 14:48:38','1342200053644'),(1112,'2019-01-17','3349800180950',1,NULL,'2019-01-21 14:48:38','1342200053644'),(1113,'2019-01-17','1340400164383',1,NULL,'2019-01-21 14:48:38','1342200053644'),(1114,'2019-01-17','3341500408273',1,NULL,'2019-01-21 14:48:38','1342200053644'),(1115,'2019-01-17','5342290003059',1,NULL,'2019-01-21 14:48:38','1342200053644'),(1116,'2019-01-17','1342200053644',1,NULL,'2019-01-21 14:48:38','1342200053644'),(1117,'2019-01-17','3341500410898',1,NULL,'2019-01-21 14:48:38','1342200053644'),(1118,'2019-01-16','3330501082605',1,NULL,'2019-01-21 14:48:52','1342200053644'),(1119,'2019-01-16','3341501020601',1,NULL,'2019-01-21 14:48:52','1342200053644'),(1120,'2019-01-16','1349900063908',1,NULL,'2019-01-21 14:48:52','1342200053644'),(1121,'2019-01-16','3341501686161',1,NULL,'2019-01-21 14:48:52','1342200053644'),(1122,'2019-01-16','3349800011660',1,NULL,'2019-01-21 14:48:52','1342200053644'),(1123,'2019-01-16','3349800056311',1,NULL,'2019-01-21 14:48:52','1342200053644'),(1124,'2019-01-16','3341500253768',1,NULL,'2019-01-21 14:48:52','1342200053644'),(1125,'2019-01-16','3341501581629',1,NULL,'2019-01-21 14:48:52','1342200053644'),(1126,'2019-01-16','3349800180950',1,NULL,'2019-01-21 14:48:52','1342200053644'),(1127,'2019-01-16','1340400164383',1,NULL,'2019-01-21 14:48:52','1342200053644'),(1128,'2019-01-16','3341500408273',1,NULL,'2019-01-21 14:48:52','1342200053644'),(1129,'2019-01-16','5342290003059',1,NULL,'2019-01-21 14:48:52','1342200053644'),(1130,'2019-01-16','1342200053644',1,NULL,'2019-01-21 14:48:52','1342200053644'),(1131,'2019-01-16','3341500410898',1,NULL,'2019-01-21 14:48:52','1342200053644'),(1132,'2019-01-29','3330501082605',1,NULL,'2019-01-29 13:30:42','1342200053644'),(1133,'2019-01-29','3341501020601',1,NULL,'2019-01-29 13:30:42','1342200053644'),(1134,'2019-01-29','1349900063908',1,NULL,'2019-01-29 13:30:42','1342200053644'),(1135,'2019-01-29','3341501686161',1,NULL,'2019-01-29 13:30:42','1342200053644'),(1136,'2019-01-29','3349800011660',1,NULL,'2019-01-29 13:30:42','1342200053644'),(1137,'2019-01-29','3349800056311',3,NULL,'2019-01-29 13:30:42','1342200053644'),(1138,'2019-01-29','3341500253768',1,NULL,'2019-01-29 13:30:42','1342200053644'),(1139,'2019-01-29','3341501581629',1,NULL,'2019-01-29 13:30:42','1342200053644'),(1140,'2019-01-29','3349800180950',1,NULL,'2019-01-29 13:30:42','1342200053644'),(1141,'2019-01-29','1340400164383',1,NULL,'2019-01-29 13:30:42','1342200053644'),(1142,'2019-01-29','3341500408273',1,NULL,'2019-01-29 13:30:42','1342200053644'),(1143,'2019-01-29','5342290003059',1,NULL,'2019-01-29 13:30:42','1342200053644'),(1144,'2019-01-29','1342200053644',1,NULL,'2019-01-29 13:30:42','1342200053644'),(1145,'2019-01-29','3341500410898',1,NULL,'2019-01-29 13:30:42','1342200053644'),(1146,'2019-01-28','3330501082605',1,NULL,'2019-01-29 13:31:28','1342200053644'),(1147,'2019-01-28','3341501020601',1,NULL,'2019-01-29 13:31:28','1342200053644'),(1148,'2019-01-28','1349900063908',1,NULL,'2019-01-29 13:31:28','1342200053644'),(1149,'2019-01-28','3341501686161',1,NULL,'2019-01-29 13:31:28','1342200053644'),(1150,'2019-01-28','3349800011660',1,NULL,'2019-01-29 13:31:28','1342200053644'),(1151,'2019-01-28','3349800056311',3,NULL,'2019-01-29 13:31:28','1342200053644'),(1152,'2019-01-28','3341500253768',1,NULL,'2019-01-29 13:31:28','1342200053644'),(1153,'2019-01-28','3341501581629',1,NULL,'2019-01-29 13:31:28','1342200053644'),(1154,'2019-01-28','3349800180950',1,NULL,'2019-01-29 13:31:28','1342200053644'),(1155,'2019-01-28','1340400164383',1,NULL,'2019-01-29 13:31:28','1342200053644'),(1156,'2019-01-28','3341500408273',1,NULL,'2019-01-29 13:31:28','1342200053644'),(1157,'2019-01-28','5342290003059',1,NULL,'2019-01-29 13:31:28','1342200053644'),(1158,'2019-01-28','1342200053644',1,NULL,'2019-01-29 13:31:28','1342200053644'),(1159,'2019-01-28','3341500410898',1,NULL,'2019-01-29 13:31:28','1342200053644'),(1160,'2019-02-20','3330501082605',1,NULL,'2019-02-20 11:35:06','1342200053644'),(1161,'2019-02-20','3341501020601',1,NULL,'2019-02-20 11:35:06','1342200053644'),(1162,'2019-02-20','1349900063908',1,NULL,'2019-02-20 11:35:06','1342200053644'),(1163,'2019-02-20','3341501686161',1,NULL,'2019-02-20 11:35:06','1342200053644'),(1164,'2019-02-20','3349800011660',1,NULL,'2019-02-20 11:35:06','1342200053644'),(1165,'2019-02-20','3349800056311',1,NULL,'2019-02-20 11:35:06','1342200053644'),(1166,'2019-02-20','3341500253768',1,NULL,'2019-02-20 11:35:06','1342200053644'),(1167,'2019-02-20','3341501581629',1,NULL,'2019-02-20 11:35:06','1342200053644'),(1168,'2019-02-20','3349800180950',1,NULL,'2019-02-20 11:35:06','1342200053644'),(1169,'2019-02-20','1340400164383',1,NULL,'2019-02-20 11:35:06','1342200053644'),(1170,'2019-02-20','3341500408273',1,NULL,'2019-02-20 11:35:06','1342200053644'),(1171,'2019-02-20','5342290003059',1,NULL,'2019-02-20 11:35:06','1342200053644'),(1172,'2019-02-20','1342200053644',1,NULL,'2019-02-20 11:35:06','1342200053644'),(1173,'2019-02-20','3341500410898',1,NULL,'2019-02-20 11:35:06','1342200053644'),(1174,'2019-02-18','3330501082605',1,NULL,'2019-02-20 11:35:30','1342200053644'),(1175,'2019-02-18','3341501020601',1,NULL,'2019-02-20 11:35:30','1342200053644'),(1176,'2019-02-18','1349900063908',1,NULL,'2019-02-20 11:35:30','1342200053644'),(1177,'2019-02-18','3341501686161',1,NULL,'2019-02-20 11:35:30','1342200053644'),(1178,'2019-02-18','3349800011660',1,NULL,'2019-02-20 11:35:30','1342200053644'),(1179,'2019-02-18','3349800056311',1,NULL,'2019-02-20 11:35:30','1342200053644'),(1180,'2019-02-18','3341500253768',1,NULL,'2019-02-20 11:35:30','1342200053644'),(1181,'2019-02-18','3341501581629',1,NULL,'2019-02-20 11:35:30','1342200053644'),(1182,'2019-02-18','3349800180950',1,NULL,'2019-02-20 11:35:30','1342200053644'),(1183,'2019-02-18','1340400164383',1,NULL,'2019-02-20 11:35:30','1342200053644'),(1184,'2019-02-18','3341500408273',1,NULL,'2019-02-20 11:35:30','1342200053644'),(1185,'2019-02-18','5342290003059',1,NULL,'2019-02-20 11:35:30','1342200053644'),(1186,'2019-02-18','1342200053644',1,NULL,'2019-02-20 11:35:30','1342200053644'),(1187,'2019-02-18','3341500410898',1,NULL,'2019-02-20 11:35:30','1342200053644'),(1188,'2019-02-15','3330501082605',1,NULL,'2019-02-20 11:35:45','1342200053644'),(1189,'2019-02-15','3341501020601',1,NULL,'2019-02-20 11:35:45','1342200053644'),(1190,'2019-02-15','1349900063908',1,NULL,'2019-02-20 11:35:45','1342200053644'),(1191,'2019-02-15','3341501686161',1,NULL,'2019-02-20 11:35:45','1342200053644'),(1192,'2019-02-15','3349800011660',1,NULL,'2019-02-20 11:35:45','1342200053644'),(1193,'2019-02-15','3349800056311',1,NULL,'2019-02-20 11:35:45','1342200053644'),(1194,'2019-02-15','3341500253768',1,NULL,'2019-02-20 11:35:45','1342200053644'),(1195,'2019-02-15','3341501581629',1,NULL,'2019-02-20 11:35:45','1342200053644'),(1196,'2019-02-15','3349800180950',1,NULL,'2019-02-20 11:35:45','1342200053644'),(1197,'2019-02-15','1340400164383',1,NULL,'2019-02-20 11:35:45','1342200053644'),(1198,'2019-02-15','3341500408273',1,NULL,'2019-02-20 11:35:45','1342200053644'),(1199,'2019-02-15','5342290003059',1,NULL,'2019-02-20 11:35:45','1342200053644'),(1200,'2019-02-15','1342200053644',1,NULL,'2019-02-20 11:35:45','1342200053644'),(1201,'2019-02-15','3341500410898',1,NULL,'2019-02-20 11:35:45','1342200053644'),(1202,'2019-02-14','3330501082605',1,NULL,'2019-02-20 11:35:59','1342200053644'),(1203,'2019-02-14','3341501020601',1,NULL,'2019-02-20 11:35:59','1342200053644'),(1204,'2019-02-14','1349900063908',1,NULL,'2019-02-20 11:35:59','1342200053644'),(1205,'2019-02-14','3341501686161',1,NULL,'2019-02-20 11:35:59','1342200053644'),(1206,'2019-02-14','3349800011660',1,NULL,'2019-02-20 11:35:59','1342200053644'),(1207,'2019-02-14','3349800056311',1,NULL,'2019-02-20 11:35:59','1342200053644'),(1208,'2019-02-14','3341500253768',1,NULL,'2019-02-20 11:35:59','1342200053644'),(1209,'2019-02-14','3341501581629',1,NULL,'2019-02-20 11:35:59','1342200053644'),(1210,'2019-02-14','3349800180950',1,NULL,'2019-02-20 11:35:59','1342200053644'),(1211,'2019-02-14','1340400164383',1,NULL,'2019-02-20 11:35:59','1342200053644'),(1212,'2019-02-14','3341500408273',1,NULL,'2019-02-20 11:35:59','1342200053644'),(1213,'2019-02-14','5342290003059',1,NULL,'2019-02-20 11:35:59','1342200053644'),(1214,'2019-02-14','1342200053644',1,NULL,'2019-02-20 11:35:59','1342200053644'),(1215,'2019-02-14','3341500410898',1,NULL,'2019-02-20 11:35:59','1342200053644'),(1216,'2019-02-13','3330501082605',1,NULL,'2019-02-20 11:36:16','1342200053644'),(1217,'2019-02-13','3341501020601',1,NULL,'2019-02-20 11:36:16','1342200053644'),(1218,'2019-02-13','1349900063908',1,NULL,'2019-02-20 11:36:16','1342200053644'),(1219,'2019-02-13','3341501686161',1,NULL,'2019-02-20 11:36:16','1342200053644'),(1220,'2019-02-13','3349800011660',1,NULL,'2019-02-20 11:36:16','1342200053644'),(1221,'2019-02-13','3349800056311',1,NULL,'2019-02-20 11:36:16','1342200053644'),(1222,'2019-02-13','3341500253768',1,NULL,'2019-02-20 11:36:16','1342200053644'),(1223,'2019-02-13','3341501581629',1,NULL,'2019-02-20 11:36:16','1342200053644'),(1224,'2019-02-13','3349800180950',1,NULL,'2019-02-20 11:36:16','1342200053644'),(1225,'2019-02-13','1340400164383',1,NULL,'2019-02-20 11:36:16','1342200053644'),(1226,'2019-02-13','3341500408273',1,NULL,'2019-02-20 11:36:16','1342200053644'),(1227,'2019-02-13','5342290003059',1,NULL,'2019-02-20 11:36:16','1342200053644'),(1228,'2019-02-13','1342200053644',1,NULL,'2019-02-20 11:36:16','1342200053644'),(1229,'2019-02-13','3341500410898',1,NULL,'2019-02-20 11:36:16','1342200053644'),(1230,'2019-02-12','3330501082605',1,NULL,'2019-02-20 11:36:39','1342200053644'),(1231,'2019-02-12','3341501020601',1,NULL,'2019-02-20 11:36:39','1342200053644'),(1232,'2019-02-12','1349900063908',1,NULL,'2019-02-20 11:36:39','1342200053644'),(1233,'2019-02-12','3341501686161',1,NULL,'2019-02-20 11:36:39','1342200053644'),(1234,'2019-02-12','3349800011660',1,NULL,'2019-02-20 11:36:39','1342200053644'),(1235,'2019-02-12','3349800056311',1,NULL,'2019-02-20 11:36:39','1342200053644'),(1236,'2019-02-12','3341500253768',3,NULL,'2019-02-20 11:36:39','1342200053644'),(1237,'2019-02-12','3341501581629',1,NULL,'2019-02-20 11:36:39','1342200053644'),(1238,'2019-02-12','3349800180950',1,NULL,'2019-02-20 11:36:39','1342200053644'),(1239,'2019-02-12','1340400164383',1,NULL,'2019-02-20 11:36:39','1342200053644'),(1240,'2019-02-12','3341500408273',1,NULL,'2019-02-20 11:36:39','1342200053644'),(1241,'2019-02-12','5342290003059',1,NULL,'2019-02-20 11:36:39','1342200053644'),(1242,'2019-02-12','1342200053644',3,NULL,'2019-02-20 11:36:39','1342200053644'),(1243,'2019-02-12','3341500410898',1,NULL,'2019-02-20 11:36:39','1342200053644'),(1244,'2019-02-11','3330501082605',1,NULL,'2019-02-20 11:36:53','1342200053644'),(1245,'2019-02-11','3341501020601',1,NULL,'2019-02-20 11:36:53','1342200053644'),(1246,'2019-02-11','1349900063908',1,NULL,'2019-02-20 11:36:53','1342200053644'),(1247,'2019-02-11','3341501686161',1,NULL,'2019-02-20 11:36:53','1342200053644'),(1248,'2019-02-11','3349800011660',1,NULL,'2019-02-20 11:36:53','1342200053644'),(1249,'2019-02-11','3349800056311',1,NULL,'2019-02-20 11:36:53','1342200053644'),(1250,'2019-02-11','3341500253768',1,NULL,'2019-02-20 11:36:53','1342200053644'),(1251,'2019-02-11','3341501581629',1,NULL,'2019-02-20 11:36:53','1342200053644'),(1252,'2019-02-11','3349800180950',1,NULL,'2019-02-20 11:36:53','1342200053644'),(1253,'2019-02-11','1340400164383',1,NULL,'2019-02-20 11:36:53','1342200053644'),(1254,'2019-02-11','3341500408273',1,NULL,'2019-02-20 11:36:53','1342200053644'),(1255,'2019-02-11','5342290003059',1,NULL,'2019-02-20 11:36:53','1342200053644'),(1256,'2019-02-11','1342200053644',1,NULL,'2019-02-20 11:36:53','1342200053644'),(1257,'2019-02-11','3341500410898',1,NULL,'2019-02-20 11:36:53','1342200053644'),(1258,'2019-02-08','3330501082605',1,NULL,'2019-02-20 11:37:06','1342200053644'),(1259,'2019-02-08','3341501020601',1,NULL,'2019-02-20 11:37:06','1342200053644'),(1260,'2019-02-08','1349900063908',1,NULL,'2019-02-20 11:37:06','1342200053644'),(1261,'2019-02-08','3341501686161',1,NULL,'2019-02-20 11:37:06','1342200053644'),(1262,'2019-02-08','3349800011660',1,NULL,'2019-02-20 11:37:06','1342200053644'),(1263,'2019-02-08','3349800056311',1,NULL,'2019-02-20 11:37:06','1342200053644'),(1264,'2019-02-08','3341500253768',1,NULL,'2019-02-20 11:37:06','1342200053644'),(1265,'2019-02-08','3341501581629',1,NULL,'2019-02-20 11:37:06','1342200053644'),(1266,'2019-02-08','3349800180950',1,NULL,'2019-02-20 11:37:06','1342200053644'),(1267,'2019-02-08','1340400164383',1,NULL,'2019-02-20 11:37:06','1342200053644'),(1268,'2019-02-08','3341500408273',1,NULL,'2019-02-20 11:37:06','1342200053644'),(1269,'2019-02-08','5342290003059',1,NULL,'2019-02-20 11:37:06','1342200053644'),(1270,'2019-02-08','1342200053644',1,NULL,'2019-02-20 11:37:06','1342200053644'),(1271,'2019-02-08','3341500410898',1,NULL,'2019-02-20 11:37:06','1342200053644'),(1272,'2019-02-07','3330501082605',1,NULL,'2019-02-20 11:37:18','1342200053644'),(1273,'2019-02-07','3341501020601',1,NULL,'2019-02-20 11:37:18','1342200053644'),(1274,'2019-02-07','1349900063908',1,NULL,'2019-02-20 11:37:18','1342200053644'),(1275,'2019-02-07','3341501686161',1,NULL,'2019-02-20 11:37:18','1342200053644'),(1276,'2019-02-07','3349800011660',1,NULL,'2019-02-20 11:37:18','1342200053644'),(1277,'2019-02-07','3349800056311',1,NULL,'2019-02-20 11:37:18','1342200053644'),(1278,'2019-02-07','3341500253768',1,NULL,'2019-02-20 11:37:18','1342200053644'),(1279,'2019-02-07','3341501581629',1,NULL,'2019-02-20 11:37:18','1342200053644'),(1280,'2019-02-07','3349800180950',1,NULL,'2019-02-20 11:37:18','1342200053644'),(1281,'2019-02-07','1340400164383',1,NULL,'2019-02-20 11:37:18','1342200053644'),(1282,'2019-02-07','3341500408273',1,NULL,'2019-02-20 11:37:18','1342200053644'),(1283,'2019-02-07','5342290003059',1,NULL,'2019-02-20 11:37:18','1342200053644'),(1284,'2019-02-07','1342200053644',1,NULL,'2019-02-20 11:37:18','1342200053644'),(1285,'2019-02-07','3341500410898',1,NULL,'2019-02-20 11:37:18','1342200053644'),(1286,'2019-02-06','3330501082605',1,NULL,'2019-02-20 11:37:40','1342200053644'),(1287,'2019-02-06','3341501020601',1,NULL,'2019-02-20 11:37:40','1342200053644'),(1288,'2019-02-06','1349900063908',1,NULL,'2019-02-20 11:37:40','1342200053644'),(1289,'2019-02-06','3341501686161',1,NULL,'2019-02-20 11:37:40','1342200053644'),(1290,'2019-02-06','3349800011660',1,NULL,'2019-02-20 11:37:40','1342200053644'),(1291,'2019-02-06','3349800056311',1,NULL,'2019-02-20 11:37:40','1342200053644'),(1292,'2019-02-06','3341500253768',1,NULL,'2019-02-20 11:37:40','1342200053644'),(1293,'2019-02-06','3341501581629',1,NULL,'2019-02-20 11:37:40','1342200053644'),(1294,'2019-02-06','3349800180950',1,NULL,'2019-02-20 11:37:40','1342200053644'),(1295,'2019-02-06','1340400164383',1,NULL,'2019-02-20 11:37:40','1342200053644'),(1296,'2019-02-06','3341500408273',1,NULL,'2019-02-20 11:37:40','1342200053644'),(1297,'2019-02-06','5342290003059',1,NULL,'2019-02-20 11:37:40','1342200053644'),(1298,'2019-02-06','1342200053644',1,NULL,'2019-02-20 11:37:40','1342200053644'),(1299,'2019-02-06','3341500410898',1,NULL,'2019-02-20 11:37:40','1342200053644'),(1300,'2019-02-05','3330501082605',1,NULL,'2019-02-20 11:37:53','1342200053644'),(1301,'2019-02-05','3341501020601',1,NULL,'2019-02-20 11:37:53','1342200053644'),(1302,'2019-02-05','1349900063908',1,NULL,'2019-02-20 11:37:53','1342200053644'),(1303,'2019-02-05','3341501686161',1,NULL,'2019-02-20 11:37:53','1342200053644'),(1304,'2019-02-05','3349800011660',1,NULL,'2019-02-20 11:37:53','1342200053644'),(1305,'2019-02-05','3349800056311',1,NULL,'2019-02-20 11:37:53','1342200053644'),(1306,'2019-02-05','3341500253768',1,NULL,'2019-02-20 11:37:53','1342200053644'),(1307,'2019-02-05','3341501581629',1,NULL,'2019-02-20 11:37:53','1342200053644'),(1308,'2019-02-05','3349800180950',1,NULL,'2019-02-20 11:37:53','1342200053644'),(1309,'2019-02-05','1340400164383',1,NULL,'2019-02-20 11:37:53','1342200053644'),(1310,'2019-02-05','3341500408273',1,NULL,'2019-02-20 11:37:53','1342200053644'),(1311,'2019-02-05','5342290003059',1,NULL,'2019-02-20 11:37:53','1342200053644'),(1312,'2019-02-05','1342200053644',1,NULL,'2019-02-20 11:37:53','1342200053644'),(1313,'2019-02-05','3341500410898',1,NULL,'2019-02-20 11:37:53','1342200053644'),(1314,'2019-02-04','3330501082605',1,NULL,'2019-02-20 11:38:09','1342200053644'),(1315,'2019-02-04','3341501020601',1,NULL,'2019-02-20 11:38:09','1342200053644'),(1316,'2019-02-04','1349900063908',1,NULL,'2019-02-20 11:38:09','1342200053644'),(1317,'2019-02-04','3341501686161',1,NULL,'2019-02-20 11:38:09','1342200053644'),(1318,'2019-02-04','3349800011660',1,NULL,'2019-02-20 11:38:09','1342200053644'),(1319,'2019-02-04','3349800056311',1,NULL,'2019-02-20 11:38:09','1342200053644'),(1320,'2019-02-04','3341500253768',1,NULL,'2019-02-20 11:38:09','1342200053644'),(1321,'2019-02-04','3341501581629',1,NULL,'2019-02-20 11:38:09','1342200053644'),(1322,'2019-02-04','3349800180950',1,NULL,'2019-02-20 11:38:09','1342200053644'),(1323,'2019-02-04','1340400164383',1,NULL,'2019-02-20 11:38:09','1342200053644'),(1324,'2019-02-04','3341500408273',1,NULL,'2019-02-20 11:38:09','1342200053644'),(1325,'2019-02-04','5342290003059',1,NULL,'2019-02-20 11:38:09','1342200053644'),(1326,'2019-02-04','1342200053644',1,NULL,'2019-02-20 11:38:09','1342200053644'),(1327,'2019-02-04','3341500410898',1,NULL,'2019-02-20 11:38:09','1342200053644'),(1328,'2019-02-01','3330501082605',1,NULL,'2019-02-20 11:38:21','1342200053644'),(1329,'2019-02-01','3341501020601',1,NULL,'2019-02-20 11:38:21','1342200053644'),(1330,'2019-02-01','1349900063908',1,NULL,'2019-02-20 11:38:21','1342200053644'),(1331,'2019-02-01','3341501686161',1,NULL,'2019-02-20 11:38:21','1342200053644'),(1332,'2019-02-01','3349800011660',1,NULL,'2019-02-20 11:38:21','1342200053644'),(1333,'2019-02-01','3349800056311',1,NULL,'2019-02-20 11:38:21','1342200053644'),(1334,'2019-02-01','3341500253768',1,NULL,'2019-02-20 11:38:21','1342200053644'),(1335,'2019-02-01','3341501581629',1,NULL,'2019-02-20 11:38:21','1342200053644'),(1336,'2019-02-01','3349800180950',1,NULL,'2019-02-20 11:38:21','1342200053644'),(1337,'2019-02-01','1340400164383',1,NULL,'2019-02-20 11:38:21','1342200053644'),(1338,'2019-02-01','3341500408273',1,NULL,'2019-02-20 11:38:21','1342200053644'),(1339,'2019-02-01','5342290003059',1,NULL,'2019-02-20 11:38:21','1342200053644'),(1340,'2019-02-01','1342200053644',1,NULL,'2019-02-20 11:38:21','1342200053644'),(1341,'2019-02-01','3341500410898',1,NULL,'2019-02-20 11:38:21','1342200053644'),(1342,'2019-01-30','3330501082605',1,NULL,'2019-02-20 11:38:39','1342200053644'),(1343,'2019-01-30','3341501020601',1,NULL,'2019-02-20 11:38:39','1342200053644'),(1344,'2019-01-30','1349900063908',1,NULL,'2019-02-20 11:38:39','1342200053644'),(1345,'2019-01-30','3341501686161',1,NULL,'2019-02-20 11:38:39','1342200053644'),(1346,'2019-01-30','3349800011660',1,NULL,'2019-02-20 11:38:39','1342200053644'),(1347,'2019-01-30','3349800056311',1,NULL,'2019-02-20 11:38:39','1342200053644'),(1348,'2019-01-30','3341500253768',1,NULL,'2019-02-20 11:38:39','1342200053644'),(1349,'2019-01-30','3341501581629',1,NULL,'2019-02-20 11:38:39','1342200053644'),(1350,'2019-01-30','3349800180950',1,NULL,'2019-02-20 11:38:39','1342200053644'),(1351,'2019-01-30','1340400164383',1,NULL,'2019-02-20 11:38:39','1342200053644'),(1352,'2019-01-30','3341500408273',1,NULL,'2019-02-20 11:38:39','1342200053644'),(1353,'2019-01-30','5342290003059',1,NULL,'2019-02-20 11:38:39','1342200053644'),(1354,'2019-01-30','1342200053644',1,NULL,'2019-02-20 11:38:39','1342200053644'),(1355,'2019-01-30','3341500410898',1,NULL,'2019-02-20 11:38:39','1342200053644'),(1356,'2019-06-10','3330501082605',1,NULL,'2019-06-10 10:48:29','1342200053644'),(1357,'2019-06-10','3341501020601',1,NULL,'2019-06-10 10:48:29','1342200053644'),(1358,'2019-06-10','1349900063908',1,NULL,'2019-06-10 10:48:29','1342200053644'),(1359,'2019-06-10','3341501686161',1,NULL,'2019-06-10 10:48:29','1342200053644'),(1360,'2019-06-10','3349800011660',4,NULL,'2019-06-10 10:48:29','1342200053644'),(1361,'2019-06-10','3349800056311',1,NULL,'2019-06-10 10:48:29','1342200053644'),(1362,'2019-06-10','3341500253768',1,NULL,'2019-06-10 10:48:29','1342200053644'),(1363,'2019-06-10','3341501581629',1,NULL,'2019-06-10 10:48:29','1342200053644'),(1364,'2019-06-10','3349800180950',1,NULL,'2019-06-10 10:48:29','1342200053644'),(1365,'2019-06-10','1340400164383',1,NULL,'2019-06-10 10:48:29','1342200053644'),(1366,'2019-06-10','3341500408273',1,NULL,'2019-06-10 10:48:29','1342200053644'),(1367,'2019-06-10','5342290003059',1,NULL,'2019-06-10 10:48:29','1342200053644'),(1368,'2019-06-10','1342200053644',1,NULL,'2019-06-10 10:48:29','1342200053644'),(1369,'2019-06-10','3341500410898',1,NULL,'2019-06-10 10:48:29','1342200053644'),(1370,'2019-06-04','3330501082605',1,NULL,'2019-06-10 10:48:54','1342200053644'),(1371,'2019-06-04','3341501020601',1,NULL,'2019-06-10 10:48:54','1342200053644'),(1372,'2019-06-04','1349900063908',1,NULL,'2019-06-10 10:48:54','1342200053644'),(1373,'2019-06-04','3341501686161',4,NULL,'2019-06-10 10:48:54','1342200053644'),(1374,'2019-06-04','3349800011660',1,NULL,'2019-06-10 10:48:54','1342200053644'),(1375,'2019-06-04','3349800056311',1,NULL,'2019-06-10 10:48:54','1342200053644'),(1376,'2019-06-04','3341500253768',1,NULL,'2019-06-10 10:48:54','1342200053644'),(1377,'2019-06-04','3341501581629',1,NULL,'2019-06-10 10:48:54','1342200053644'),(1378,'2019-06-04','3349800180950',1,NULL,'2019-06-10 10:48:54','1342200053644'),(1379,'2019-06-04','1340400164383',1,NULL,'2019-06-10 10:48:54','1342200053644'),(1380,'2019-06-04','3341500408273',1,NULL,'2019-06-10 10:48:54','1342200053644'),(1381,'2019-06-04','5342290003059',1,NULL,'2019-06-10 10:48:54','1342200053644'),(1382,'2019-06-04','1342200053644',1,NULL,'2019-06-10 10:48:54','1342200053644'),(1383,'2019-06-04','3341500410898',1,NULL,'2019-06-10 10:48:54','1342200053644'),(1384,'2019-06-11','3330501082605',1,NULL,'2019-06-11 10:01:32','1342200053644'),(1385,'2019-06-11','3341501020601',1,NULL,'2019-06-11 10:01:32','1342200053644'),(1386,'2019-06-11','1349900063908',1,NULL,'2019-06-11 10:01:32','1342200053644'),(1387,'2019-06-11','3341501686161',1,NULL,'2019-06-11 10:01:32','1342200053644'),(1388,'2019-06-11','3349800011660',4,NULL,'2019-06-11 10:01:32','1342200053644'),(1389,'2019-06-11','3349800056311',1,NULL,'2019-06-11 10:01:32','1342200053644'),(1390,'2019-06-11','3341500253768',1,NULL,'2019-06-11 10:01:32','1342200053644'),(1391,'2019-06-11','3341501581629',1,NULL,'2019-06-11 10:01:32','1342200053644'),(1392,'2019-06-11','3349800180950',1,NULL,'2019-06-11 10:01:32','1342200053644'),(1393,'2019-06-11','1340400164383',1,NULL,'2019-06-11 10:01:32','1342200053644'),(1394,'2019-06-11','3341500408273',1,NULL,'2019-06-11 10:01:32','1342200053644'),(1395,'2019-06-11','5342290003059',1,NULL,'2019-06-11 10:01:32','1342200053644'),(1396,'2019-06-11','1342200053644',1,NULL,'2019-06-11 10:01:32','1342200053644'),(1397,'2019-06-11','3341500410898',1,NULL,'2019-06-11 10:01:32','1342200053644'),(1398,'2019-06-17','3330501082605',1,NULL,'2019-06-17 10:13:24','1342200053644'),(1399,'2019-06-17','3341501020601',1,NULL,'2019-06-17 10:13:24','1342200053644'),(1400,'2019-06-17','1349900063908',3,NULL,'2019-06-17 10:13:24','1342200053644'),(1401,'2019-06-17','3341501686161',1,NULL,'2019-06-17 10:13:24','1342200053644'),(1402,'2019-06-17','3349800011660',1,NULL,'2019-06-17 10:13:24','1342200053644'),(1403,'2019-06-17','3349800056311',1,NULL,'2019-06-17 10:13:24','1342200053644'),(1404,'2019-06-17','3341500253768',1,NULL,'2019-06-17 10:13:24','1342200053644'),(1405,'2019-06-17','3341501581629',1,NULL,'2019-06-17 10:13:24','1342200053644'),(1406,'2019-06-17','3349800180950',1,NULL,'2019-06-17 10:13:24','1342200053644'),(1407,'2019-06-17','1340400164383',1,NULL,'2019-06-17 10:13:24','1342200053644'),(1408,'2019-06-17','3341500408273',1,NULL,'2019-06-17 10:13:24','1342200053644'),(1409,'2019-06-17','5342290003059',1,NULL,'2019-06-17 10:13:24','1342200053644'),(1410,'2019-06-17','1342200053644',1,NULL,'2019-06-17 10:13:24','1342200053644'),(1411,'2019-06-17','3341500410898',1,NULL,'2019-06-17 10:13:24','1342200053644'),(1412,'2019-06-18','3330501082605',1,NULL,'2019-06-18 09:20:54','1342200053644'),(1413,'2019-06-18','3341501020601',1,NULL,'2019-06-18 09:20:54','1342200053644'),(1414,'2019-06-18','1349900063908',1,NULL,'2019-06-18 09:20:54','1342200053644'),(1415,'2019-06-18','3341501686161',1,NULL,'2019-06-18 09:20:54','1342200053644'),(1416,'2019-06-18','3349800011660',1,NULL,'2019-06-18 09:20:54','1342200053644'),(1417,'2019-06-18','3349800056311',1,NULL,'2019-06-18 09:20:54','1342200053644'),(1418,'2019-06-18','3341500253768',1,NULL,'2019-06-18 09:20:54','1342200053644'),(1419,'2019-06-18','3341501581629',1,NULL,'2019-06-18 09:20:54','1342200053644'),(1420,'2019-06-18','3349800180950',1,NULL,'2019-06-18 09:20:54','1342200053644'),(1421,'2019-06-18','1340400164383',1,NULL,'2019-06-18 09:20:54','1342200053644'),(1422,'2019-06-18','3341500408273',1,NULL,'2019-06-18 09:20:54','1342200053644'),(1423,'2019-06-18','5342290003059',1,NULL,'2019-06-18 09:20:54','1342200053644'),(1424,'2019-06-18','1342200053644',1,NULL,'2019-06-18 09:20:54','1342200053644'),(1425,'2019-06-18','3341500410898',1,NULL,'2019-06-18 09:20:54','1342200053644'),(1426,'2019-06-19','3330501082605',1,NULL,'2019-06-19 09:11:32','1342200053644'),(1427,'2019-06-19','3341501020601',1,NULL,'2019-06-19 09:11:32','1342200053644'),(1428,'2019-06-19','1349900063908',1,NULL,'2019-06-19 09:11:32','1342200053644'),(1429,'2019-06-19','1340400164383',1,NULL,'2019-06-19 09:11:32','1342200053644'),(1430,'2019-06-19','3341501686161',1,NULL,'2019-06-19 09:11:32','1342200053644'),(1431,'2019-06-19','3349800011660',1,NULL,'2019-06-19 09:11:32','1342200053644'),(1432,'2019-06-19','3349800056311',1,NULL,'2019-06-19 09:11:32','1342200053644'),(1433,'2019-06-19','3341500253768',1,NULL,'2019-06-19 09:11:32','1342200053644'),(1434,'2019-06-19','3341501581629',1,NULL,'2019-06-19 09:11:32','1342200053644'),(1435,'2019-06-19','3349800180950',1,NULL,'2019-06-19 09:11:32','1342200053644'),(1436,'2019-06-19','3341500408273',1,NULL,'2019-06-19 09:11:32','1342200053644'),(1437,'2019-06-19','5342290003059',1,NULL,'2019-06-19 09:11:32','1342200053644'),(1438,'2019-06-19','1342200053644',1,NULL,'2019-06-19 09:11:32','1342200053644'),(1439,'2019-06-19','3341500410898',1,NULL,'2019-06-19 09:11:32','1342200053644'),(1440,'2019-06-20','3330501082605',1,NULL,'2019-06-20 09:43:01','1342200053644'),(1441,'2019-06-20','3341501020601',1,NULL,'2019-06-20 09:43:01','1342200053644'),(1442,'2019-06-20','1349900063908',1,NULL,'2019-06-20 09:43:01','1342200053644'),(1443,'2019-06-20','1340400164383',1,NULL,'2019-06-20 09:43:01','1342200053644'),(1444,'2019-06-20','3341501686161',1,NULL,'2019-06-20 09:43:01','1342200053644'),(1445,'2019-06-20','3349800011660',1,NULL,'2019-06-20 09:43:01','1342200053644'),(1446,'2019-06-20','3349800056311',1,NULL,'2019-06-20 09:43:01','1342200053644'),(1447,'2019-06-20','3341500253768',1,NULL,'2019-06-20 09:43:01','1342200053644'),(1448,'2019-06-20','3341501581629',1,NULL,'2019-06-20 09:43:01','1342200053644'),(1449,'2019-06-20','3349800180950',1,NULL,'2019-06-20 09:43:01','1342200053644'),(1450,'2019-06-20','3341500408273',1,NULL,'2019-06-20 09:43:01','1342200053644'),(1451,'2019-06-20','5342290003059',1,NULL,'2019-06-20 09:43:01','1342200053644'),(1452,'2019-06-20','1342200053644',1,NULL,'2019-06-20 09:43:01','1342200053644'),(1453,'2019-06-20','3341500410898',1,NULL,'2019-06-20 09:43:01','1342200053644'),(1454,'2019-06-13','3330501082605',1,NULL,'2019-06-20 10:46:14','1342200053644'),(1455,'2019-06-13','3341501020601',1,NULL,'2019-06-20 10:46:14','1342200053644'),(1456,'2019-06-13','1349900063908',1,NULL,'2019-06-20 10:46:14','1342200053644'),(1457,'2019-06-13','1340400164383',1,NULL,'2019-06-20 10:46:14','1342200053644'),(1458,'2019-06-13','3341501686161',1,NULL,'2019-06-20 10:46:14','1342200053644'),(1459,'2019-06-13','3349800011660',1,NULL,'2019-06-20 10:46:14','1342200053644'),(1460,'2019-06-13','3349800056311',1,NULL,'2019-06-20 10:46:14','1342200053644'),(1461,'2019-06-13','3341500253768',1,NULL,'2019-06-20 10:46:14','1342200053644'),(1462,'2019-06-13','3341501581629',1,NULL,'2019-06-20 10:46:14','1342200053644'),(1463,'2019-06-13','3349800180950',1,NULL,'2019-06-20 10:46:14','1342200053644'),(1464,'2019-06-13','3341500408273',1,NULL,'2019-06-20 10:46:14','1342200053644'),(1465,'2019-06-13','5342290003059',1,NULL,'2019-06-20 10:46:14','1342200053644'),(1466,'2019-06-13','1342200053644',3,NULL,'2019-06-20 10:46:14','1342200053644'),(1467,'2019-06-13','3341500410898',1,NULL,'2019-06-20 10:46:14','1342200053644'),(1468,'2019-06-14','3330501082605',1,NULL,'2019-06-20 10:46:28','1342200053644'),(1469,'2019-06-14','3341501020601',1,NULL,'2019-06-20 10:46:28','1342200053644'),(1470,'2019-06-14','1349900063908',1,NULL,'2019-06-20 10:46:28','1342200053644'),(1471,'2019-06-14','1340400164383',1,NULL,'2019-06-20 10:46:28','1342200053644'),(1472,'2019-06-14','3341501686161',1,NULL,'2019-06-20 10:46:28','1342200053644'),(1473,'2019-06-14','3349800011660',1,NULL,'2019-06-20 10:46:28','1342200053644'),(1474,'2019-06-14','3349800056311',1,NULL,'2019-06-20 10:46:28','1342200053644'),(1475,'2019-06-14','3341500253768',1,NULL,'2019-06-20 10:46:28','1342200053644'),(1476,'2019-06-14','3341501581629',1,NULL,'2019-06-20 10:46:28','1342200053644'),(1477,'2019-06-14','3349800180950',1,NULL,'2019-06-20 10:46:28','1342200053644'),(1478,'2019-06-14','3341500408273',1,NULL,'2019-06-20 10:46:28','1342200053644'),(1479,'2019-06-14','5342290003059',1,NULL,'2019-06-20 10:46:28','1342200053644'),(1480,'2019-06-14','1342200053644',1,NULL,'2019-06-20 10:46:28','1342200053644'),(1481,'2019-06-14','3341500410898',1,NULL,'2019-06-20 10:46:28','1342200053644'),(1482,'2019-06-12','3330501082605',1,NULL,'2019-06-20 10:47:43','1342200053644'),(1483,'2019-06-12','3341501020601',1,NULL,'2019-06-20 10:47:43','1342200053644'),(1484,'2019-06-12','1349900063908',1,NULL,'2019-06-20 10:47:43','1342200053644'),(1485,'2019-06-12','1340400164383',1,NULL,'2019-06-20 10:47:43','1342200053644'),(1486,'2019-06-12','3341501686161',1,NULL,'2019-06-20 10:47:43','1342200053644'),(1487,'2019-06-12','3349800011660',1,NULL,'2019-06-20 10:47:43','1342200053644'),(1488,'2019-06-12','3349800056311',1,NULL,'2019-06-20 10:47:43','1342200053644'),(1489,'2019-06-12','3341500253768',1,NULL,'2019-06-20 10:47:43','1342200053644'),(1490,'2019-06-12','3341501581629',1,NULL,'2019-06-20 10:47:43','1342200053644'),(1491,'2019-06-12','3349800180950',1,NULL,'2019-06-20 10:47:43','1342200053644'),(1492,'2019-06-12','3341500408273',1,NULL,'2019-06-20 10:47:43','1342200053644'),(1493,'2019-06-12','5342290003059',1,NULL,'2019-06-20 10:47:43','1342200053644'),(1494,'2019-06-12','1342200053644',1,NULL,'2019-06-20 10:47:43','1342200053644'),(1495,'2019-06-12','3341500410898',1,NULL,'2019-06-20 10:47:43','1342200053644'),(1496,'2019-06-07','3330501082605',2,NULL,'2019-06-20 10:48:52','1342200053644'),(1497,'2019-06-07','3341501020601',1,NULL,'2019-06-20 10:48:52','1342200053644'),(1498,'2019-06-07','1349900063908',1,NULL,'2019-06-20 10:48:52','1342200053644'),(1499,'2019-06-07','1340400164383',1,NULL,'2019-06-20 10:48:52','1342200053644'),(1500,'2019-06-07','3341501686161',1,NULL,'2019-06-20 10:48:52','1342200053644'),(1501,'2019-06-07','3349800011660',1,NULL,'2019-06-20 10:48:52','1342200053644'),(1502,'2019-06-07','3349800056311',2,NULL,'2019-06-20 10:48:52','1342200053644'),(1503,'2019-06-07','3341500253768',1,NULL,'2019-06-20 10:48:52','1342200053644'),(1504,'2019-06-07','3341501581629',1,NULL,'2019-06-20 10:48:52','1342200053644'),(1505,'2019-06-07','3349800180950',1,NULL,'2019-06-20 10:48:52','1342200053644'),(1506,'2019-06-07','3341500408273',1,NULL,'2019-06-20 10:48:52','1342200053644'),(1507,'2019-06-07','5342290003059',1,NULL,'2019-06-20 10:48:52','1342200053644'),(1508,'2019-06-07','1342200053644',1,NULL,'2019-06-20 10:48:52','1342200053644'),(1509,'2019-06-07','3341500410898',1,NULL,'2019-06-20 10:48:52','1342200053644'),(1510,'2019-06-06','3330501082605',1,NULL,'2019-06-20 10:49:09','1342200053644'),(1511,'2019-06-06','3341501020601',1,NULL,'2019-06-20 10:49:09','1342200053644'),(1512,'2019-06-06','1349900063908',1,NULL,'2019-06-20 10:49:09','1342200053644'),(1513,'2019-06-06','1340400164383',1,NULL,'2019-06-20 10:49:09','1342200053644'),(1514,'2019-06-06','3341501686161',1,NULL,'2019-06-20 10:49:09','1342200053644'),(1515,'2019-06-06','3349800011660',1,NULL,'2019-06-20 10:49:09','1342200053644'),(1516,'2019-06-06','3349800056311',1,NULL,'2019-06-20 10:49:09','1342200053644'),(1517,'2019-06-06','3341500253768',1,NULL,'2019-06-20 10:49:09','1342200053644'),(1518,'2019-06-06','3341501581629',1,NULL,'2019-06-20 10:49:09','1342200053644'),(1519,'2019-06-06','3349800180950',1,NULL,'2019-06-20 10:49:09','1342200053644'),(1520,'2019-06-06','3341500408273',1,NULL,'2019-06-20 10:49:09','1342200053644'),(1521,'2019-06-06','5342290003059',1,NULL,'2019-06-20 10:49:09','1342200053644'),(1522,'2019-06-06','1342200053644',1,NULL,'2019-06-20 10:49:09','1342200053644'),(1523,'2019-06-06','3341500410898',1,NULL,'2019-06-20 10:49:09','1342200053644'),(1524,'2019-06-05','3330501082605',1,NULL,'2019-06-20 10:49:25','1342200053644'),(1525,'2019-06-05','3341501020601',1,NULL,'2019-06-20 10:49:25','1342200053644'),(1526,'2019-06-05','1349900063908',1,NULL,'2019-06-20 10:49:25','1342200053644'),(1527,'2019-06-05','1340400164383',1,NULL,'2019-06-20 10:49:25','1342200053644'),(1528,'2019-06-05','3341501686161',1,NULL,'2019-06-20 10:49:25','1342200053644'),(1529,'2019-06-05','3349800011660',1,NULL,'2019-06-20 10:49:25','1342200053644'),(1530,'2019-06-05','3349800056311',1,NULL,'2019-06-20 10:49:25','1342200053644'),(1531,'2019-06-05','3341500253768',1,NULL,'2019-06-20 10:49:25','1342200053644'),(1532,'2019-06-05','3341501581629',1,NULL,'2019-06-20 10:49:25','1342200053644'),(1533,'2019-06-05','3349800180950',1,NULL,'2019-06-20 10:49:25','1342200053644'),(1534,'2019-06-05','3341500408273',1,NULL,'2019-06-20 10:49:25','1342200053644'),(1535,'2019-06-05','5342290003059',1,NULL,'2019-06-20 10:49:25','1342200053644'),(1536,'2019-06-05','1342200053644',1,NULL,'2019-06-20 10:49:25','1342200053644'),(1537,'2019-06-05','3341500410898',1,NULL,'2019-06-20 10:49:25','1342200053644'),(1538,'2019-05-16','3330501082605',1,NULL,'2019-06-20 10:49:55','1342200053644'),(1539,'2019-05-16','3341501020601',1,NULL,'2019-06-20 10:49:55','1342200053644'),(1540,'2019-05-16','1349900063908',1,NULL,'2019-06-20 10:49:55','1342200053644'),(1541,'2019-05-16','1340400164383',1,NULL,'2019-06-20 10:49:55','1342200053644'),(1542,'2019-05-16','3341501686161',1,NULL,'2019-06-20 10:49:55','1342200053644'),(1543,'2019-05-16','3349800011660',1,NULL,'2019-06-20 10:49:55','1342200053644'),(1544,'2019-05-16','3349800056311',1,NULL,'2019-06-20 10:49:55','1342200053644'),(1545,'2019-05-16','3341500253768',1,NULL,'2019-06-20 10:49:55','1342200053644'),(1546,'2019-05-16','3341501581629',1,NULL,'2019-06-20 10:49:55','1342200053644'),(1547,'2019-05-16','3349800180950',1,NULL,'2019-06-20 10:49:55','1342200053644'),(1548,'2019-05-16','3341500408273',1,NULL,'2019-06-20 10:49:55','1342200053644'),(1549,'2019-05-16','5342290003059',1,NULL,'2019-06-20 10:49:55','1342200053644'),(1550,'2019-05-16','1342200053644',3,NULL,'2019-06-20 10:49:55','1342200053644'),(1551,'2019-05-16','3341500410898',1,NULL,'2019-06-20 10:49:55','1342200053644'),(1552,'2019-05-17','3330501082605',1,NULL,'2019-06-20 10:50:24','1342200053644'),(1553,'2019-05-17','3341501020601',1,NULL,'2019-06-20 10:50:24','1342200053644'),(1554,'2019-05-17','1349900063908',1,NULL,'2019-06-20 10:50:24','1342200053644'),(1555,'2019-05-17','1340400164383',1,NULL,'2019-06-20 10:50:24','1342200053644'),(1556,'2019-05-17','3341501686161',1,NULL,'2019-06-20 10:50:24','1342200053644'),(1557,'2019-05-17','3349800011660',1,NULL,'2019-06-20 10:50:24','1342200053644'),(1558,'2019-05-17','3349800056311',1,NULL,'2019-06-20 10:50:24','1342200053644'),(1559,'2019-05-17','3341500253768',1,NULL,'2019-06-20 10:50:24','1342200053644'),(1560,'2019-05-17','3341501581629',1,NULL,'2019-06-20 10:50:24','1342200053644'),(1561,'2019-05-17','3349800180950',1,NULL,'2019-06-20 10:50:24','1342200053644'),(1562,'2019-05-17','3341500408273',1,NULL,'2019-06-20 10:50:24','1342200053644'),(1563,'2019-05-17','5342290003059',1,NULL,'2019-06-20 10:50:24','1342200053644'),(1564,'2019-05-17','1342200053644',1,NULL,'2019-06-20 10:50:24','1342200053644'),(1565,'2019-05-17','3341500410898',1,NULL,'2019-06-20 10:50:24','1342200053644'),(1566,'2019-05-21','3330501082605',1,NULL,'2019-06-20 10:50:44','1342200053644'),(1567,'2019-05-21','3341501020601',1,NULL,'2019-06-20 10:50:44','1342200053644'),(1568,'2019-05-21','1349900063908',1,NULL,'2019-06-20 10:50:44','1342200053644'),(1569,'2019-05-21','1340400164383',1,NULL,'2019-06-20 10:50:44','1342200053644'),(1570,'2019-05-21','3341501686161',1,NULL,'2019-06-20 10:50:44','1342200053644'),(1571,'2019-05-21','3349800011660',1,NULL,'2019-06-20 10:50:44','1342200053644'),(1572,'2019-05-21','3349800056311',1,NULL,'2019-06-20 10:50:44','1342200053644'),(1573,'2019-05-21','3341500253768',1,NULL,'2019-06-20 10:50:44','1342200053644'),(1574,'2019-05-21','3341501581629',1,NULL,'2019-06-20 10:50:44','1342200053644'),(1575,'2019-05-21','3349800180950',1,NULL,'2019-06-20 10:50:44','1342200053644'),(1576,'2019-05-21','3341500408273',1,NULL,'2019-06-20 10:50:44','1342200053644'),(1577,'2019-05-21','5342290003059',1,NULL,'2019-06-20 10:50:44','1342200053644'),(1578,'2019-05-21','1342200053644',1,NULL,'2019-06-20 10:50:44','1342200053644'),(1579,'2019-05-21','3341500410898',1,NULL,'2019-06-20 10:50:44','1342200053644'),(1580,'2019-05-22','3330501082605',1,NULL,'2019-06-20 10:51:01','1342200053644'),(1581,'2019-05-22','3341501020601',1,NULL,'2019-06-20 10:51:01','1342200053644'),(1582,'2019-05-22','1349900063908',1,NULL,'2019-06-20 10:51:01','1342200053644'),(1583,'2019-05-22','1340400164383',1,NULL,'2019-06-20 10:51:01','1342200053644'),(1584,'2019-05-22','3341501686161',1,NULL,'2019-06-20 10:51:01','1342200053644'),(1585,'2019-05-22','3349800011660',1,NULL,'2019-06-20 10:51:01','1342200053644'),(1586,'2019-05-22','3349800056311',1,NULL,'2019-06-20 10:51:01','1342200053644'),(1587,'2019-05-22','3341500253768',1,NULL,'2019-06-20 10:51:01','1342200053644'),(1588,'2019-05-22','3341501581629',1,NULL,'2019-06-20 10:51:01','1342200053644'),(1589,'2019-05-22','3349800180950',1,NULL,'2019-06-20 10:51:01','1342200053644'),(1590,'2019-05-22','3341500408273',1,NULL,'2019-06-20 10:51:01','1342200053644'),(1591,'2019-05-22','5342290003059',1,NULL,'2019-06-20 10:51:01','1342200053644'),(1592,'2019-05-22','1342200053644',1,NULL,'2019-06-20 10:51:01','1342200053644'),(1593,'2019-05-22','3341500410898',1,NULL,'2019-06-20 10:51:01','1342200053644'),(1594,'2019-05-23','3330501082605',1,NULL,'2019-06-20 10:51:41','1342200053644'),(1595,'2019-05-23','3341501020601',1,NULL,'2019-06-20 10:51:41','1342200053644'),(1596,'2019-05-23','1349900063908',3,NULL,'2019-06-20 10:51:41','1342200053644'),(1597,'2019-05-23','1340400164383',1,NULL,'2019-06-20 10:51:41','1342200053644'),(1598,'2019-05-23','3341501686161',1,NULL,'2019-06-20 10:51:41','1342200053644'),(1599,'2019-05-23','3349800011660',1,NULL,'2019-06-20 10:51:41','1342200053644'),(1600,'2019-05-23','3349800056311',1,NULL,'2019-06-20 10:51:41','1342200053644'),(1601,'2019-05-23','3341500253768',1,NULL,'2019-06-20 10:51:41','1342200053644'),(1602,'2019-05-23','3341501581629',1,NULL,'2019-06-20 10:51:41','1342200053644'),(1603,'2019-05-23','3349800180950',2,NULL,'2019-06-20 10:51:41','1342200053644'),(1604,'2019-05-23','3341500408273',1,NULL,'2019-06-20 10:51:41','1342200053644'),(1605,'2019-05-23','5342290003059',1,NULL,'2019-06-20 10:51:41','1342200053644'),(1606,'2019-05-23','1342200053644',1,NULL,'2019-06-20 10:51:41','1342200053644'),(1607,'2019-05-23','3341500410898',1,NULL,'2019-06-20 10:51:41','1342200053644'),(1608,'2019-05-24','3330501082605',1,NULL,'2019-06-20 10:51:58','1342200053644'),(1609,'2019-05-24','3341501020601',1,NULL,'2019-06-20 10:51:58','1342200053644'),(1610,'2019-05-24','1349900063908',1,NULL,'2019-06-20 10:51:58','1342200053644'),(1611,'2019-05-24','1340400164383',1,NULL,'2019-06-20 10:51:58','1342200053644'),(1612,'2019-05-24','3341501686161',1,NULL,'2019-06-20 10:51:58','1342200053644'),(1613,'2019-05-24','3349800011660',1,NULL,'2019-06-20 10:51:58','1342200053644'),(1614,'2019-05-24','3349800056311',1,NULL,'2019-06-20 10:51:58','1342200053644'),(1615,'2019-05-24','3341500253768',1,NULL,'2019-06-20 10:51:58','1342200053644'),(1616,'2019-05-24','3341501581629',1,NULL,'2019-06-20 10:51:58','1342200053644'),(1617,'2019-05-24','3349800180950',1,NULL,'2019-06-20 10:51:58','1342200053644'),(1618,'2019-05-24','3341500408273',1,NULL,'2019-06-20 10:51:58','1342200053644'),(1619,'2019-05-24','5342290003059',1,NULL,'2019-06-20 10:51:58','1342200053644'),(1620,'2019-05-24','1342200053644',1,NULL,'2019-06-20 10:51:58','1342200053644'),(1621,'2019-05-24','3341500410898',1,NULL,'2019-06-20 10:51:58','1342200053644'),(1622,'2019-05-27','3330501082605',2,NULL,'2019-06-20 10:52:21','1342200053644'),(1623,'2019-05-27','3341501020601',1,NULL,'2019-06-20 10:52:21','1342200053644'),(1624,'2019-05-27','1349900063908',1,NULL,'2019-06-20 10:52:21','1342200053644'),(1625,'2019-05-27','1340400164383',1,NULL,'2019-06-20 10:52:21','1342200053644'),(1626,'2019-05-27','3341501686161',1,NULL,'2019-06-20 10:52:21','1342200053644'),(1627,'2019-05-27','3349800011660',1,NULL,'2019-06-20 10:52:21','1342200053644'),(1628,'2019-05-27','3349800056311',1,NULL,'2019-06-20 10:52:21','1342200053644'),(1629,'2019-05-27','3341500253768',1,NULL,'2019-06-20 10:52:21','1342200053644'),(1630,'2019-05-27','3341501581629',1,NULL,'2019-06-20 10:52:21','1342200053644'),(1631,'2019-05-27','3349800180950',1,NULL,'2019-06-20 10:52:21','1342200053644'),(1632,'2019-05-27','3341500408273',1,NULL,'2019-06-20 10:52:21','1342200053644'),(1633,'2019-05-27','5342290003059',1,NULL,'2019-06-20 10:52:21','1342200053644'),(1634,'2019-05-27','1342200053644',1,NULL,'2019-06-20 10:52:21','1342200053644'),(1635,'2019-05-27','3341500410898',1,NULL,'2019-06-20 10:52:21','1342200053644'),(1636,'2019-05-28','3330501082605',1,NULL,'2019-06-20 11:01:52','1342200053644'),(1637,'2019-05-28','3341501020601',1,NULL,'2019-06-20 11:01:52','1342200053644'),(1638,'2019-05-28','1349900063908',1,NULL,'2019-06-20 11:01:52','1342200053644'),(1639,'2019-05-28','1340400164383',1,NULL,'2019-06-20 11:01:52','1342200053644'),(1640,'2019-05-28','3341501686161',1,NULL,'2019-06-20 11:01:52','1342200053644'),(1641,'2019-05-28','3349800011660',2,NULL,'2019-06-20 11:01:52','1342200053644'),(1642,'2019-05-28','3349800056311',1,NULL,'2019-06-20 11:01:52','1342200053644'),(1643,'2019-05-28','3341500253768',1,NULL,'2019-06-20 11:01:52','1342200053644'),(1644,'2019-05-28','3341501581629',2,NULL,'2019-06-20 11:01:52','1342200053644'),(1645,'2019-05-28','3349800180950',1,NULL,'2019-06-20 11:01:52','1342200053644'),(1646,'2019-05-28','3341500408273',1,NULL,'2019-06-20 11:01:52','1342200053644'),(1647,'2019-05-28','5342290003059',1,NULL,'2019-06-20 11:01:52','1342200053644'),(1648,'2019-05-28','1342200053644',1,NULL,'2019-06-20 11:01:52','1342200053644'),(1649,'2019-05-28','3341500410898',1,NULL,'2019-06-20 11:01:52','1342200053644'),(1650,'2019-05-29','3330501082605',1,NULL,'2019-06-20 11:10:58','1342200053644'),(1651,'2019-05-29','3341501020601',1,NULL,'2019-06-20 11:10:58','1342200053644'),(1652,'2019-05-29','1349900063908',1,NULL,'2019-06-20 11:10:58','1342200053644'),(1653,'2019-05-29','1340400164383',1,NULL,'2019-06-20 11:10:58','1342200053644'),(1654,'2019-05-29','3341501686161',1,NULL,'2019-06-20 11:10:58','1342200053644'),(1655,'2019-05-29','3349800011660',2,NULL,'2019-06-20 11:10:58','1342200053644'),(1656,'2019-05-29','3349800056311',1,NULL,'2019-06-20 11:10:58','1342200053644'),(1657,'2019-05-29','3341500253768',1,NULL,'2019-06-20 11:10:58','1342200053644'),(1658,'2019-05-29','3341501581629',1,NULL,'2019-06-20 11:10:58','1342200053644'),(1659,'2019-05-29','3349800180950',1,NULL,'2019-06-20 11:10:58','1342200053644'),(1660,'2019-05-29','3341500408273',1,NULL,'2019-06-20 11:10:58','1342200053644'),(1661,'2019-05-29','5342290003059',1,NULL,'2019-06-20 11:10:58','1342200053644'),(1662,'2019-05-29','1342200053644',1,NULL,'2019-06-20 11:10:58','1342200053644'),(1663,'2019-05-29','3341500410898',1,NULL,'2019-06-20 11:10:58','1342200053644'),(1664,'2019-05-30','3330501082605',1,NULL,'2019-06-20 11:11:18','1342200053644'),(1665,'2019-05-30','3341501020601',1,NULL,'2019-06-20 11:11:18','1342200053644'),(1666,'2019-05-30','1349900063908',1,NULL,'2019-06-20 11:11:18','1342200053644'),(1667,'2019-05-30','1340400164383',1,NULL,'2019-06-20 11:11:18','1342200053644'),(1668,'2019-05-30','3341501686161',1,NULL,'2019-06-20 11:11:18','1342200053644'),(1669,'2019-05-30','3349800011660',1,NULL,'2019-06-20 11:11:18','1342200053644'),(1670,'2019-05-30','3349800056311',1,NULL,'2019-06-20 11:11:18','1342200053644'),(1671,'2019-05-30','3341500253768',1,NULL,'2019-06-20 11:11:18','1342200053644'),(1672,'2019-05-30','3341501581629',1,NULL,'2019-06-20 11:11:18','1342200053644'),(1673,'2019-05-30','3349800180950',1,NULL,'2019-06-20 11:11:18','1342200053644'),(1674,'2019-05-30','3341500408273',1,NULL,'2019-06-20 11:11:18','1342200053644'),(1675,'2019-05-30','5342290003059',1,NULL,'2019-06-20 11:11:18','1342200053644'),(1676,'2019-05-30','1342200053644',2,NULL,'2019-06-20 11:11:18','1342200053644'),(1677,'2019-05-30','3341500410898',1,NULL,'2019-06-20 11:11:18','1342200053644'),(1678,'2019-05-31','3330501082605',2,NULL,'2019-06-20 11:11:46','1342200053644'),(1679,'2019-05-31','3341501020601',1,NULL,'2019-06-20 11:11:46','1342200053644'),(1680,'2019-05-31','1349900063908',1,NULL,'2019-06-20 11:11:46','1342200053644'),(1681,'2019-05-31','1340400164383',1,NULL,'2019-06-20 11:11:46','1342200053644'),(1682,'2019-05-31','3341501686161',1,NULL,'2019-06-20 11:11:46','1342200053644'),(1683,'2019-05-31','3349800011660',1,NULL,'2019-06-20 11:11:46','1342200053644'),(1684,'2019-05-31','3349800056311',1,NULL,'2019-06-20 11:11:46','1342200053644'),(1685,'2019-05-31','3341500253768',1,NULL,'2019-06-20 11:11:46','1342200053644'),(1686,'2019-05-31','3341501581629',1,NULL,'2019-06-20 11:11:46','1342200053644'),(1687,'2019-05-31','3349800180950',1,NULL,'2019-06-20 11:11:46','1342200053644'),(1688,'2019-05-31','3341500408273',1,NULL,'2019-06-20 11:11:46','1342200053644'),(1689,'2019-05-31','5342290003059',1,NULL,'2019-06-20 11:11:46','1342200053644'),(1690,'2019-05-31','1342200053644',1,NULL,'2019-06-20 11:11:46','1342200053644'),(1691,'2019-05-31','3341500410898',1,NULL,'2019-06-20 11:11:46','1342200053644'),(1692,'2019-06-21','3330501082605',2,NULL,'2019-06-21 12:08:20','1342200053644'),(1693,'2019-06-21','3341501020601',1,NULL,'2019-06-21 12:08:20','1342200053644'),(1694,'2019-06-21','1349900063908',1,NULL,'2019-06-21 12:08:20','1342200053644'),(1695,'2019-06-21','1340400164383',1,NULL,'2019-06-21 12:08:20','1342200053644'),(1696,'2019-06-21','3341501686161',1,NULL,'2019-06-21 12:08:20','1342200053644'),(1697,'2019-06-21','3349800011660',1,NULL,'2019-06-21 12:08:20','1342200053644'),(1698,'2019-06-21','3349800056311',1,NULL,'2019-06-21 12:08:20','1342200053644'),(1699,'2019-06-21','3341500253768',1,NULL,'2019-06-21 12:08:20','1342200053644'),(1700,'2019-06-21','3341501581629',1,NULL,'2019-06-21 12:08:20','1342200053644'),(1701,'2019-06-21','3349800180950',2,NULL,'2019-06-21 12:08:20','1342200053644'),(1702,'2019-06-21','3341500408273',1,NULL,'2019-06-21 12:08:20','1342200053644'),(1703,'2019-06-21','5342290003059',1,NULL,'2019-06-21 12:08:20','1342200053644'),(1704,'2019-06-21','1342200053644',1,NULL,'2019-06-21 12:08:20','1342200053644'),(1705,'2019-06-21','3341500410898',1,NULL,'2019-06-21 12:08:20','1342200053644'),(1706,'2019-06-24','3330501082605',2,NULL,'2019-06-24 10:12:41','1342200053644'),(1707,'2019-06-24','3341501020601',1,NULL,'2019-06-24 10:12:41','1342200053644'),(1708,'2019-06-24','1349900063908',1,NULL,'2019-06-24 10:12:41','1342200053644'),(1709,'2019-06-24','1340400164383',1,NULL,'2019-06-24 10:12:41','1342200053644'),(1710,'2019-06-24','3341501686161',1,NULL,'2019-06-24 10:12:41','1342200053644'),(1711,'2019-06-24','3349800011660',1,NULL,'2019-06-24 10:12:41','1342200053644'),(1712,'2019-06-24','3349800056311',1,NULL,'2019-06-24 10:12:41','1342200053644'),(1713,'2019-06-24','3341500253768',1,NULL,'2019-06-24 10:12:41','1342200053644'),(1714,'2019-06-24','3341501581629',1,NULL,'2019-06-24 10:12:41','1342200053644'),(1715,'2019-06-24','3349800180950',1,NULL,'2019-06-24 10:12:41','1342200053644'),(1716,'2019-06-24','3341500408273',1,NULL,'2019-06-24 10:12:41','1342200053644'),(1717,'2019-06-24','5342290003059',1,NULL,'2019-06-24 10:12:41','1342200053644'),(1718,'2019-06-24','1342200053644',1,NULL,'2019-06-24 10:12:41','1342200053644'),(1719,'2019-06-24','3341500410898',1,NULL,'2019-06-24 10:12:41','1342200053644'),(1720,'2019-06-25','3330501082605',1,NULL,'2019-06-25 14:39:09','1342200053644'),(1721,'2019-06-25','3349800011660',1,NULL,'2019-06-25 14:39:09','1342200053644'),(1722,'2019-06-25','3341501020601',1,NULL,'2019-06-25 14:39:09','1342200053644'),(1723,'2019-06-25','1340400164383',1,NULL,'2019-06-25 14:39:09','1342200053644'),(1724,'2019-06-25','3341501686161',1,NULL,'2019-06-25 14:39:09','1342200053644'),(1725,'2019-06-25','1349900063908',1,NULL,'2019-06-25 14:39:09','1342200053644'),(1726,'2019-06-25','3349800056311',1,NULL,'2019-06-25 14:39:09','1342200053644'),(1727,'2019-06-25','3341500253768',1,NULL,'2019-06-25 14:39:09','1342200053644'),(1728,'2019-06-25','3341501581629',1,NULL,'2019-06-25 14:39:09','1342200053644'),(1729,'2019-06-25','3349800180950',1,NULL,'2019-06-25 14:39:09','1342200053644'),(1730,'2019-06-25','3341500408273',1,NULL,'2019-06-25 14:39:09','1342200053644'),(1731,'2019-06-25','5342290003059',1,NULL,'2019-06-25 14:39:09','1342200053644'),(1732,'2019-06-25','1342200053644',1,NULL,'2019-06-25 14:39:09','1342200053644'),(1733,'2019-06-25','3341500410898',1,NULL,'2019-06-25 14:39:09','1342200053644'),(1734,'2019-06-27','3330501082605',2,NULL,'2019-06-27 10:14:34','1342200053644'),(1735,'2019-06-27','3349800011660',1,NULL,'2019-06-27 10:14:34','1342200053644'),(1736,'2019-06-27','3341501020601',1,NULL,'2019-06-27 10:14:34','1342200053644'),(1737,'2019-06-27','1340400164383',1,NULL,'2019-06-27 10:14:34','1342200053644'),(1738,'2019-06-27','3341501686161',1,NULL,'2019-06-27 10:14:34','1342200053644'),(1739,'2019-06-27','1349900063908',1,NULL,'2019-06-27 10:14:34','1342200053644'),(1740,'2019-06-27','3349800056311',1,NULL,'2019-06-27 10:14:34','1342200053644'),(1741,'2019-06-27','3341500253768',1,NULL,'2019-06-27 10:14:34','1342200053644'),(1742,'2019-06-27','3341501581629',1,NULL,'2019-06-27 10:14:34','1342200053644'),(1743,'2019-06-27','3349800180950',2,NULL,'2019-06-27 10:14:34','1342200053644'),(1744,'2019-06-27','3341500408273',1,NULL,'2019-06-27 10:14:34','1342200053644'),(1745,'2019-06-27','5342290003059',1,NULL,'2019-06-27 10:14:34','1342200053644'),(1746,'2019-06-27','1342200053644',1,NULL,'2019-06-27 10:14:34','1342200053644'),(1747,'2019-06-27','3341500410898',1,NULL,'2019-06-27 10:14:34','1342200053644'),(1748,'2019-06-26','3330501082605',1,NULL,'2019-06-27 10:14:50','1342200053644'),(1749,'2019-06-26','3349800011660',1,NULL,'2019-06-27 10:14:50','1342200053644'),(1750,'2019-06-26','3341501020601',1,NULL,'2019-06-27 10:14:50','1342200053644'),(1751,'2019-06-26','1340400164383',1,NULL,'2019-06-27 10:14:50','1342200053644'),(1752,'2019-06-26','3341501686161',1,NULL,'2019-06-27 10:14:50','1342200053644'),(1753,'2019-06-26','1349900063908',1,NULL,'2019-06-27 10:14:50','1342200053644'),(1754,'2019-06-26','3349800056311',1,NULL,'2019-06-27 10:14:50','1342200053644'),(1755,'2019-06-26','3341500253768',1,NULL,'2019-06-27 10:14:50','1342200053644'),(1756,'2019-06-26','3341501581629',1,NULL,'2019-06-27 10:14:50','1342200053644'),(1757,'2019-06-26','3349800180950',1,NULL,'2019-06-27 10:14:50','1342200053644'),(1758,'2019-06-26','3341500408273',1,NULL,'2019-06-27 10:14:50','1342200053644'),(1759,'2019-06-26','5342290003059',1,NULL,'2019-06-27 10:14:50','1342200053644'),(1760,'2019-06-26','1342200053644',1,NULL,'2019-06-27 10:14:50','1342200053644'),(1761,'2019-06-26','3341500410898',1,NULL,'2019-06-27 10:14:50','1342200053644'),(1762,'2019-06-28','3330501082605',1,NULL,'2019-06-28 11:47:25','1342200053644'),(1763,'2019-06-28','3349800011660',2,NULL,'2019-06-28 11:47:25','1342200053644'),(1764,'2019-06-28','3341501020601',1,NULL,'2019-06-28 11:47:25','1342200053644'),(1765,'2019-06-28','1340400164383',1,NULL,'2019-06-28 11:47:25','1342200053644'),(1766,'2019-06-28','3341501686161',1,NULL,'2019-06-28 11:47:25','1342200053644'),(1767,'2019-06-28','1349900063908',1,NULL,'2019-06-28 11:47:25','1342200053644'),(1768,'2019-06-28','3349800056311',1,NULL,'2019-06-28 11:47:25','1342200053644'),(1769,'2019-06-28','3341500253768',1,NULL,'2019-06-28 11:47:25','1342200053644'),(1770,'2019-06-28','3341501581629',1,NULL,'2019-06-28 11:47:25','1342200053644'),(1771,'2019-06-28','3349800180950',1,NULL,'2019-06-28 11:47:25','1342200053644'),(1772,'2019-06-28','3341500408273',1,NULL,'2019-06-28 11:47:25','1342200053644'),(1773,'2019-06-28','5342290003059',1,NULL,'2019-06-28 11:47:25','1342200053644'),(1774,'2019-06-28','1342200053644',1,NULL,'2019-06-28 11:47:25','1342200053644'),(1775,'2019-06-28','3341500410898',1,NULL,'2019-06-28 11:47:25','1342200053644'),(1776,'2019-07-01','3330501082605',1,NULL,'2019-07-01 11:36:18','1342200053644'),(1777,'2019-07-01','3349800011660',1,NULL,'2019-07-01 11:36:18','1342200053644'),(1778,'2019-07-01','3341501020601',1,NULL,'2019-07-01 11:36:18','1342200053644'),(1779,'2019-07-01','1340400164383',1,NULL,'2019-07-01 11:36:18','1342200053644'),(1780,'2019-07-01','3341501686161',1,NULL,'2019-07-01 11:36:18','1342200053644'),(1781,'2019-07-01','1349900063908',1,NULL,'2019-07-01 11:36:18','1342200053644'),(1782,'2019-07-01','3349800056311',1,NULL,'2019-07-01 11:36:18','1342200053644'),(1783,'2019-07-01','3341500253768',1,NULL,'2019-07-01 11:36:18','1342200053644'),(1784,'2019-07-01','3341501581629',1,NULL,'2019-07-01 11:36:18','1342200053644'),(1785,'2019-07-01','3349800180950',1,NULL,'2019-07-01 11:36:18','1342200053644'),(1786,'2019-07-01','3341500408273',1,NULL,'2019-07-01 11:36:18','1342200053644'),(1787,'2019-07-01','5342290003059',1,NULL,'2019-07-01 11:36:18','1342200053644'),(1788,'2019-07-01','1342200053644',1,NULL,'2019-07-01 11:36:18','1342200053644'),(1789,'2019-07-01','3341500410898',1,NULL,'2019-07-01 11:36:18','1342200053644'),(1790,'2019-07-02','3330501082605',1,NULL,'2019-07-02 09:34:17','1342200053644'),(1791,'2019-07-02','3349800011660',1,NULL,'2019-07-02 09:34:17','1342200053644'),(1792,'2019-07-02','3341501020601',1,NULL,'2019-07-02 09:34:17','1342200053644'),(1793,'2019-07-02','1340400164383',1,NULL,'2019-07-02 09:34:17','1342200053644'),(1794,'2019-07-02','3341501686161',1,NULL,'2019-07-02 09:34:17','1342200053644'),(1795,'2019-07-02','1349900063908',1,NULL,'2019-07-02 09:34:17','1342200053644'),(1796,'2019-07-02','3349800056311',1,NULL,'2019-07-02 09:34:17','1342200053644'),(1797,'2019-07-02','3341500253768',1,NULL,'2019-07-02 09:34:17','1342200053644'),(1798,'2019-07-02','3341501581629',1,NULL,'2019-07-02 09:34:17','1342200053644'),(1799,'2019-07-02','3349800180950',1,NULL,'2019-07-02 09:34:17','1342200053644'),(1800,'2019-07-02','3341500408273',1,NULL,'2019-07-02 09:34:17','1342200053644'),(1801,'2019-07-02','5342290003059',1,NULL,'2019-07-02 09:34:17','1342200053644'),(1802,'2019-07-02','1342200053644',1,NULL,'2019-07-02 09:34:17','1342200053644'),(1803,'2019-07-02','3341500410898',1,NULL,'2019-07-02 09:34:17','1342200053644'),(1804,'2019-07-03','3330501082605',1,NULL,'2019-07-03 09:10:11','1342200053644'),(1805,'2019-07-03','3349800011660',1,NULL,'2019-07-03 09:10:11','1342200053644'),(1806,'2019-07-03','3341501020601',1,NULL,'2019-07-03 09:10:11','1342200053644'),(1807,'2019-07-03','1340400164383',1,NULL,'2019-07-03 09:10:11','1342200053644'),(1808,'2019-07-03','3341501686161',1,NULL,'2019-07-03 09:10:11','1342200053644'),(1809,'2019-07-03','1349900063908',1,NULL,'2019-07-03 09:10:11','1342200053644'),(1810,'2019-07-03','3349800056311',1,NULL,'2019-07-03 09:10:11','1342200053644'),(1811,'2019-07-03','3341500253768',3,NULL,'2019-07-03 09:10:11','1342200053644'),(1812,'2019-07-03','3341501581629',1,NULL,'2019-07-03 09:10:11','1342200053644'),(1813,'2019-07-03','3349800180950',1,NULL,'2019-07-03 09:10:11','1342200053644'),(1814,'2019-07-03','3341500408273',1,NULL,'2019-07-03 09:10:11','1342200053644'),(1815,'2019-07-03','5342290003059',1,NULL,'2019-07-03 09:10:11','1342200053644'),(1816,'2019-07-03','1342200053644',1,NULL,'2019-07-03 09:10:11','1342200053644'),(1817,'2019-07-03','3341500410898',1,NULL,'2019-07-03 09:10:11','1342200053644'),(1818,'2019-07-04','3330501082605',1,NULL,'2019-07-04 13:15:45','1342200053644'),(1819,'2019-07-04','3349800011660',1,NULL,'2019-07-04 13:15:45','1342200053644'),(1820,'2019-07-04','3341501020601',1,NULL,'2019-07-04 13:15:45','1342200053644'),(1821,'2019-07-04','1340400164383',1,NULL,'2019-07-04 13:15:45','1342200053644'),(1822,'2019-07-04','3341501686161',1,NULL,'2019-07-04 13:15:45','1342200053644'),(1823,'2019-07-04','1349900063908',1,NULL,'2019-07-04 13:15:45','1342200053644'),(1824,'2019-07-04','3349800056311',1,NULL,'2019-07-04 13:15:45','1342200053644'),(1825,'2019-07-04','3341500253768',3,NULL,'2019-07-04 13:15:45','1342200053644'),(1826,'2019-07-04','3341501581629',1,NULL,'2019-07-04 13:15:45','1342200053644'),(1827,'2019-07-04','3349800180950',1,NULL,'2019-07-04 13:15:45','1342200053644'),(1828,'2019-07-04','3341500408273',1,NULL,'2019-07-04 13:15:45','1342200053644'),(1829,'2019-07-04','5342290003059',1,NULL,'2019-07-04 13:15:45','1342200053644'),(1830,'2019-07-04','1342200053644',1,NULL,'2019-07-04 13:15:45','1342200053644'),(1831,'2019-07-04','3341500410898',1,NULL,'2019-07-04 13:15:45','1342200053644'),(1832,'2019-07-05','3330501082605',2,NULL,'2019-07-05 09:21:55','1342200053644'),(1833,'2019-07-05','3349800011660',2,NULL,'2019-07-05 09:21:55','1342200053644'),(1834,'2019-07-05','3341501020601',1,NULL,'2019-07-05 09:21:55','1342200053644'),(1835,'2019-07-05','1340400164383',1,NULL,'2019-07-05 09:21:55','1342200053644'),(1836,'2019-07-05','3341501686161',1,NULL,'2019-07-05 09:21:55','1342200053644'),(1837,'2019-07-05','1349900063908',1,NULL,'2019-07-05 09:21:55','1342200053644'),(1838,'2019-07-05','3349800056311',1,NULL,'2019-07-05 09:21:55','1342200053644'),(1839,'2019-07-05','3341500253768',3,NULL,'2019-07-05 09:21:55','1342200053644'),(1840,'2019-07-05','3341501581629',1,NULL,'2019-07-05 09:21:55','1342200053644'),(1841,'2019-07-05','3349800180950',2,NULL,'2019-07-05 09:21:55','1342200053644'),(1842,'2019-07-05','3341500408273',1,NULL,'2019-07-05 09:21:55','1342200053644'),(1843,'2019-07-05','5342290003059',1,NULL,'2019-07-05 09:21:55','1342200053644'),(1844,'2019-07-05','1342200053644',1,NULL,'2019-07-05 09:21:55','1342200053644'),(1845,'2019-07-05','3341500410898',1,NULL,'2019-07-05 09:21:55','1342200053644'),(1846,'2019-07-08','3330501082605',1,NULL,'2019-07-08 09:21:48','1342200053644'),(1847,'2019-07-08','3349800011660',3,NULL,'2019-07-08 09:21:48','1342200053644'),(1848,'2019-07-08','3341501020601',1,NULL,'2019-07-08 09:21:48','1342200053644'),(1849,'2019-07-08','1340400164383',3,NULL,'2019-07-08 09:21:48','1342200053644'),(1850,'2019-07-08','3341501686161',1,NULL,'2019-07-08 09:21:48','1342200053644'),(1851,'2019-07-08','1349900063908',1,NULL,'2019-07-08 09:21:48','1342200053644'),(1852,'2019-07-08','3349800056311',1,NULL,'2019-07-08 09:21:48','1342200053644'),(1853,'2019-07-08','3341500253768',1,NULL,'2019-07-08 09:21:48','1342200053644'),(1854,'2019-07-08','3341501581629',1,NULL,'2019-07-08 09:21:48','1342200053644'),(1855,'2019-07-08','3349800180950',1,NULL,'2019-07-08 09:21:48','1342200053644'),(1856,'2019-07-08','3341500408273',1,NULL,'2019-07-08 09:21:48','1342200053644'),(1857,'2019-07-08','5342290003059',1,NULL,'2019-07-08 09:21:48','1342200053644'),(1858,'2019-07-08','1342200053644',1,NULL,'2019-07-08 09:21:48','1342200053644'),(1859,'2019-07-08','3341500410898',1,NULL,'2019-07-08 09:21:48','1342200053644'),(1860,'2019-07-09','3330501082605',1,NULL,'2019-07-09 11:19:14','1342200053644'),(1861,'2019-07-09','3349800011660',1,NULL,'2019-07-09 11:19:14','1342200053644'),(1862,'2019-07-09','3341501020601',1,NULL,'2019-07-09 11:19:14','1342200053644'),(1863,'2019-07-09','1340400164383',1,NULL,'2019-07-09 11:19:14','1342200053644'),(1864,'2019-07-09','3341501686161',1,NULL,'2019-07-09 11:19:14','1342200053644'),(1865,'2019-07-09','1349900063908',1,NULL,'2019-07-09 11:19:14','1342200053644'),(1866,'2019-07-09','3349800056311',1,NULL,'2019-07-09 11:19:14','1342200053644'),(1867,'2019-07-09','3341500253768',1,NULL,'2019-07-09 11:19:14','1342200053644'),(1868,'2019-07-09','3341501581629',1,NULL,'2019-07-09 11:19:14','1342200053644'),(1869,'2019-07-09','3349800180950',1,NULL,'2019-07-09 11:19:14','1342200053644'),(1870,'2019-07-09','3341500408273',1,NULL,'2019-07-09 11:19:14','1342200053644'),(1871,'2019-07-09','5342290003059',1,NULL,'2019-07-09 11:19:14','1342200053644'),(1872,'2019-07-09','1342200053644',1,NULL,'2019-07-09 11:19:14','1342200053644'),(1873,'2019-07-09','3341500410898',1,NULL,'2019-07-09 11:19:14','1342200053644'),(1874,'2019-07-10','3330501082605',1,NULL,'2019-07-10 11:09:04','1342200053644'),(1875,'2019-07-10','3349800011660',1,NULL,'2019-07-10 11:09:04','1342200053644'),(1876,'2019-07-10','3341501020601',1,NULL,'2019-07-10 11:09:04','1342200053644'),(1877,'2019-07-10','1340400164383',1,NULL,'2019-07-10 11:09:04','1342200053644'),(1878,'2019-07-10','3341501686161',1,NULL,'2019-07-10 11:09:04','1342200053644'),(1879,'2019-07-10','1349900063908',1,NULL,'2019-07-10 11:09:04','1342200053644'),(1880,'2019-07-10','3349800056311',1,NULL,'2019-07-10 11:09:04','1342200053644'),(1881,'2019-07-10','3341500253768',1,NULL,'2019-07-10 11:09:04','1342200053644'),(1882,'2019-07-10','3341501581629',1,NULL,'2019-07-10 11:09:04','1342200053644'),(1883,'2019-07-10','3349800180950',1,NULL,'2019-07-10 11:09:04','1342200053644'),(1884,'2019-07-10','3341500408273',1,NULL,'2019-07-10 11:09:04','1342200053644'),(1885,'2019-07-10','5342290003059',1,NULL,'2019-07-10 11:09:04','1342200053644'),(1886,'2019-07-10','1342200053644',1,NULL,'2019-07-10 11:09:04','1342200053644'),(1887,'2019-07-10','3341500410898',1,NULL,'2019-07-10 11:09:04','1342200053644'),(1888,'2019-07-11','3330501082605',2,NULL,'2019-07-11 10:06:23','1342200053644'),(1889,'2019-07-11','3349800011660',2,NULL,'2019-07-11 10:06:23','1342200053644'),(1890,'2019-07-11','3341501020601',1,NULL,'2019-07-11 10:06:23','1342200053644'),(1891,'2019-07-11','1340400164383',1,NULL,'2019-07-11 10:06:23','1342200053644'),(1892,'2019-07-11','3341501686161',1,NULL,'2019-07-11 10:06:23','1342200053644'),(1893,'2019-07-11','1349900063908',1,NULL,'2019-07-11 10:06:23','1342200053644'),(1894,'2019-07-11','3349800056311',1,NULL,'2019-07-11 10:06:23','1342200053644'),(1895,'2019-07-11','3341500253768',1,NULL,'2019-07-11 10:06:23','1342200053644'),(1896,'2019-07-11','3341501581629',1,NULL,'2019-07-11 10:06:23','1342200053644'),(1897,'2019-07-11','3349800180950',1,NULL,'2019-07-11 10:06:23','1342200053644'),(1898,'2019-07-11','3341500408273',1,NULL,'2019-07-11 10:06:23','1342200053644'),(1899,'2019-07-11','5342290003059',1,NULL,'2019-07-11 10:06:23','1342200053644'),(1900,'2019-07-11','1342200053644',1,NULL,'2019-07-11 10:06:23','1342200053644'),(1901,'2019-07-11','3341500410898',1,NULL,'2019-07-11 10:06:23','1342200053644'),(1902,'2019-07-12','3330501082605',1,NULL,'2019-07-12 11:36:44','1342200053644'),(1903,'2019-07-12','3349800011660',1,NULL,'2019-07-12 11:36:44','1342200053644'),(1904,'2019-07-12','3341501020601',1,NULL,'2019-07-12 11:36:44','1342200053644'),(1905,'2019-07-12','1340400164383',1,NULL,'2019-07-12 11:36:44','1342200053644'),(1906,'2019-07-12','3341501686161',1,NULL,'2019-07-12 11:36:44','1342200053644'),(1907,'2019-07-12','1349900063908',1,NULL,'2019-07-12 11:36:44','1342200053644'),(1908,'2019-07-12','3349800056311',1,NULL,'2019-07-12 11:36:44','1342200053644'),(1909,'2019-07-12','3341500253768',1,NULL,'2019-07-12 11:36:44','1342200053644'),(1910,'2019-07-12','3341501581629',1,NULL,'2019-07-12 11:36:44','1342200053644'),(1911,'2019-07-12','3349800180950',1,NULL,'2019-07-12 11:36:44','1342200053644'),(1912,'2019-07-12','3341500408273',1,NULL,'2019-07-12 11:36:44','1342200053644'),(1913,'2019-07-12','5342290003059',1,NULL,'2019-07-12 11:36:44','1342200053644'),(1914,'2019-07-12','1342200053644',1,NULL,'2019-07-12 11:36:44','1342200053644'),(1915,'2019-07-12','3341500410898',1,NULL,'2019-07-12 11:36:44','1342200053644'),(1916,'2019-07-15','3330501082605',3,NULL,'2019-07-23 10:29:10','1342200053644'),(1917,'2019-07-15','3349800011660',1,NULL,'2019-07-23 10:29:10','1342200053644'),(1918,'2019-07-15','3341501020601',1,NULL,'2019-07-23 10:29:10','1342200053644'),(1919,'2019-07-15','1340400164383',1,NULL,'2019-07-23 10:29:10','1342200053644'),(1920,'2019-07-15','3341501686161',1,NULL,'2019-07-23 10:29:10','1342200053644'),(1921,'2019-07-15','1349900063908',1,NULL,'2019-07-23 10:29:10','1342200053644'),(1922,'2019-07-15','3349800056311',1,NULL,'2019-07-23 10:29:10','1342200053644'),(1923,'2019-07-15','3341500253768',1,NULL,'2019-07-23 10:29:10','1342200053644'),(1924,'2019-07-15','3341501581629',1,NULL,'2019-07-23 10:29:10','1342200053644'),(1925,'2019-07-15','3349800180950',1,NULL,'2019-07-23 10:29:10','1342200053644'),(1926,'2019-07-15','3341500408273',1,NULL,'2019-07-23 10:29:10','1342200053644'),(1927,'2019-07-15','5342290003059',1,NULL,'2019-07-23 10:29:10','1342200053644'),(1928,'2019-07-15','1342200053644',1,NULL,'2019-07-23 10:29:10','1342200053644'),(1929,'2019-07-15','3341500410898',1,NULL,'2019-07-23 10:29:10','1342200053644'),(1930,'2019-07-22','3330501082605',1,NULL,'2019-07-23 10:26:38','1342200053644'),(1931,'2019-07-22','3349800011660',1,NULL,'2019-07-23 10:26:38','1342200053644'),(1932,'2019-07-22','3341501020601',1,NULL,'2019-07-23 10:26:38','1342200053644'),(1933,'2019-07-22','1340400164383',1,NULL,'2019-07-23 10:26:38','1342200053644'),(1934,'2019-07-22','3341501686161',1,NULL,'2019-07-23 10:26:38','1342200053644'),(1935,'2019-07-22','1349900063908',1,NULL,'2019-07-23 10:26:38','1342200053644'),(1936,'2019-07-22','3349800056311',1,NULL,'2019-07-23 10:26:38','1342200053644'),(1937,'2019-07-22','3341500253768',1,NULL,'2019-07-23 10:26:38','1342200053644'),(1938,'2019-07-22','3341501581629',1,NULL,'2019-07-23 10:26:38','1342200053644'),(1939,'2019-07-22','3349800180950',1,NULL,'2019-07-23 10:26:38','1342200053644'),(1940,'2019-07-22','3341500408273',1,NULL,'2019-07-23 10:26:38','1342200053644'),(1941,'2019-07-22','5342290003059',1,NULL,'2019-07-23 10:26:38','1342200053644'),(1942,'2019-07-22','1342200053644',1,NULL,'2019-07-23 10:26:38','1342200053644'),(1943,'2019-07-22','3341500410898',1,NULL,'2019-07-23 10:26:38','1342200053644'),(1944,'2019-07-23','3330501082605',1,NULL,'2019-07-23 10:17:31','1342200053644'),(1945,'2019-07-23','3349800011660',3,NULL,'2019-07-23 10:17:31','1342200053644'),(1946,'2019-07-23','3341501020601',1,NULL,'2019-07-23 10:17:31','1342200053644'),(1947,'2019-07-23','1340400164383',1,NULL,'2019-07-23 10:17:31','1342200053644'),(1948,'2019-07-23','3341501686161',1,NULL,'2019-07-23 10:17:31','1342200053644'),(1949,'2019-07-23','1349900063908',1,NULL,'2019-07-23 10:17:31','1342200053644'),(1950,'2019-07-23','3349800056311',1,NULL,'2019-07-23 10:17:31','1342200053644'),(1951,'2019-07-23','3341500253768',1,NULL,'2019-07-23 10:17:31','1342200053644'),(1952,'2019-07-23','3341501581629',1,NULL,'2019-07-23 10:17:31','1342200053644'),(1953,'2019-07-23','3349800180950',1,NULL,'2019-07-23 10:17:31','1342200053644'),(1954,'2019-07-23','3341500408273',1,NULL,'2019-07-23 10:17:31','1342200053644'),(1955,'2019-07-23','5342290003059',1,NULL,'2019-07-23 10:17:31','1342200053644'),(1956,'2019-07-23','1342200053644',1,NULL,'2019-07-23 10:17:31','1342200053644'),(1957,'2019-07-23','3341500410898',1,NULL,'2019-07-23 10:17:31','1342200053644'),(1958,'2019-07-19','3330501082605',3,NULL,'2019-07-23 10:27:20','1342200053644'),(1959,'2019-07-19','3349800011660',1,NULL,'2019-07-23 10:27:20','1342200053644'),(1960,'2019-07-19','3341501020601',1,NULL,'2019-07-23 10:27:20','1342200053644'),(1961,'2019-07-19','1340400164383',1,NULL,'2019-07-23 10:27:20','1342200053644'),(1962,'2019-07-19','3341501686161',1,NULL,'2019-07-23 10:27:20','1342200053644'),(1963,'2019-07-19','1349900063908',1,NULL,'2019-07-23 10:27:20','1342200053644'),(1964,'2019-07-19','3349800056311',1,NULL,'2019-07-23 10:27:20','1342200053644'),(1965,'2019-07-19','3341500253768',1,NULL,'2019-07-23 10:27:20','1342200053644'),(1966,'2019-07-19','3341501581629',1,NULL,'2019-07-23 10:27:20','1342200053644'),(1967,'2019-07-19','3349800180950',2,NULL,'2019-07-23 10:27:20','1342200053644'),(1968,'2019-07-19','3341500408273',1,NULL,'2019-07-23 10:27:20','1342200053644'),(1969,'2019-07-19','5342290003059',1,NULL,'2019-07-23 10:27:20','1342200053644'),(1970,'2019-07-19','1342200053644',1,NULL,'2019-07-23 10:27:20','1342200053644'),(1971,'2019-07-19','3341500410898',1,NULL,'2019-07-23 10:27:20','1342200053644'),(1972,'2019-07-18','3330501082605',3,NULL,'2019-07-23 10:27:11','1342200053644'),(1973,'2019-07-18','3349800011660',1,NULL,'2019-07-23 10:27:11','1342200053644'),(1974,'2019-07-18','3341501020601',1,NULL,'2019-07-23 10:27:11','1342200053644'),(1975,'2019-07-18','1340400164383',1,NULL,'2019-07-23 10:27:11','1342200053644'),(1976,'2019-07-18','3341501686161',1,NULL,'2019-07-23 10:27:11','1342200053644'),(1977,'2019-07-18','1349900063908',1,NULL,'2019-07-23 10:27:11','1342200053644'),(1978,'2019-07-18','3349800056311',1,NULL,'2019-07-23 10:27:11','1342200053644'),(1979,'2019-07-18','3341500253768',1,NULL,'2019-07-23 10:27:11','1342200053644'),(1980,'2019-07-18','3341501581629',1,NULL,'2019-07-23 10:27:11','1342200053644'),(1981,'2019-07-18','3349800180950',1,NULL,'2019-07-23 10:27:11','1342200053644'),(1982,'2019-07-18','3341500408273',1,NULL,'2019-07-23 10:27:11','1342200053644'),(1983,'2019-07-18','5342290003059',1,NULL,'2019-07-23 10:27:11','1342200053644'),(1984,'2019-07-18','1342200053644',1,NULL,'2019-07-23 10:27:11','1342200053644'),(1985,'2019-07-18','3341500410898',1,NULL,'2019-07-23 10:27:11','1342200053644'),(1986,'2019-07-24','3330501082605',1,NULL,'2019-07-24 10:05:13','1342200053644'),(1987,'2019-07-24','3349800011660',3,NULL,'2019-07-24 10:05:13','1342200053644'),(1988,'2019-07-24','3341501020601',1,NULL,'2019-07-24 10:05:13','1342200053644'),(1989,'2019-07-24','1340400164383',1,NULL,'2019-07-24 10:05:13','1342200053644'),(1990,'2019-07-24','3341501686161',1,NULL,'2019-07-24 10:05:13','1342200053644'),(1991,'2019-07-24','1349900063908',1,NULL,'2019-07-24 10:05:13','1342200053644'),(1992,'2019-07-24','3349800056311',1,NULL,'2019-07-24 10:05:13','1342200053644'),(1993,'2019-07-24','3341500253768',1,NULL,'2019-07-24 10:05:13','1342200053644'),(1994,'2019-07-24','3341501581629',1,NULL,'2019-07-24 10:05:13','1342200053644'),(1995,'2019-07-24','3349800180950',1,NULL,'2019-07-24 10:05:13','1342200053644'),(1996,'2019-07-24','3341500408273',1,NULL,'2019-07-24 10:05:13','1342200053644'),(1997,'2019-07-24','5342290003059',1,NULL,'2019-07-24 10:05:13','1342200053644'),(1998,'2019-07-24','1342200053644',1,NULL,'2019-07-24 10:05:13','1342200053644'),(1999,'2019-07-24','3341500410898',1,NULL,'2019-07-24 10:05:13','1342200053644'),(2000,'2019-07-25','3330501082605',1,NULL,'2019-07-25 10:25:06','1342200053644'),(2001,'2019-07-25','3349800011660',1,NULL,'2019-07-25 10:25:06','1342200053644'),(2002,'2019-07-25','3341501020601',1,NULL,'2019-07-25 10:25:06','1342200053644'),(2003,'2019-07-25','1340400164383',1,NULL,'2019-07-25 10:25:06','1342200053644'),(2004,'2019-07-25','3341501686161',1,NULL,'2019-07-25 10:25:06','1342200053644'),(2005,'2019-07-25','1349900063908',1,NULL,'2019-07-25 10:25:06','1342200053644'),(2006,'2019-07-25','3349800056311',1,NULL,'2019-07-25 10:25:06','1342200053644'),(2007,'2019-07-25','3341500253768',1,NULL,'2019-07-25 10:25:06','1342200053644'),(2008,'2019-07-25','3341501581629',1,NULL,'2019-07-25 10:25:06','1342200053644'),(2009,'2019-07-25','3349800180950',1,NULL,'2019-07-25 10:25:06','1342200053644'),(2010,'2019-07-25','3341500408273',1,NULL,'2019-07-25 10:25:06','1342200053644'),(2011,'2019-07-25','5342290003059',1,NULL,'2019-07-25 10:25:06','1342200053644'),(2012,'2019-07-25','1342200053644',1,NULL,'2019-07-25 10:25:06','1342200053644'),(2013,'2019-07-25','3341500410898',1,NULL,'2019-07-25 10:25:06','1342200053644'),(2014,'2019-07-30','3330501082605',1,NULL,'2019-07-30 13:57:19','1342200053644'),(2015,'2019-07-30','3349800011660',1,NULL,'2019-07-30 13:57:19','1342200053644'),(2016,'2019-07-30','3341501020601',1,NULL,'2019-07-30 13:57:19','1342200053644'),(2017,'2019-07-30','1340400164383',1,NULL,'2019-07-30 13:57:19','1342200053644'),(2018,'2019-07-30','3341501686161',1,NULL,'2019-07-30 13:57:19','1342200053644'),(2019,'2019-07-30','1349900063908',1,NULL,'2019-07-30 13:57:19','1342200053644'),(2020,'2019-07-30','3349800056311',1,NULL,'2019-07-30 13:57:19','1342200053644'),(2021,'2019-07-30','3341500253768',4,NULL,'2019-07-30 13:57:19','1342200053644'),(2022,'2019-07-30','3341501581629',1,NULL,'2019-07-30 13:57:19','1342200053644'),(2023,'2019-07-30','3349800180950',1,NULL,'2019-07-30 13:57:19','1342200053644'),(2024,'2019-07-30','3341500408273',1,NULL,'2019-07-30 13:57:19','1342200053644'),(2025,'2019-07-30','5342290003059',1,NULL,'2019-07-30 13:57:19','1342200053644'),(2026,'2019-07-30','1342200053644',1,NULL,'2019-07-30 13:57:19','1342200053644'),(2027,'2019-07-30','3341500410898',1,NULL,'2019-07-30 13:57:19','1342200053644'),(2028,'2019-07-31','3330501082605',1,NULL,'2019-07-31 10:17:56','1342200053644'),(2029,'2019-07-31','3349800011660',1,NULL,'2019-07-31 10:17:56','1342200053644'),(2030,'2019-07-31','3341501020601',1,NULL,'2019-07-31 10:17:56','1342200053644'),(2031,'2019-07-31','1340400164383',1,NULL,'2019-07-31 10:17:56','1342200053644'),(2032,'2019-07-31','3341501686161',1,NULL,'2019-07-31 10:17:56','1342200053644'),(2033,'2019-07-31','1349900063908',1,NULL,'2019-07-31 10:17:56','1342200053644'),(2034,'2019-07-31','3349800056311',1,NULL,'2019-07-31 10:17:56','1342200053644'),(2035,'2019-07-31','3341500253768',1,NULL,'2019-07-31 10:17:56','1342200053644'),(2036,'2019-07-31','3341501581629',1,NULL,'2019-07-31 10:17:56','1342200053644'),(2037,'2019-07-31','3349800180950',1,NULL,'2019-07-31 10:17:56','1342200053644'),(2038,'2019-07-31','3341500408273',1,NULL,'2019-07-31 10:17:56','1342200053644'),(2039,'2019-07-31','5342290003059',1,NULL,'2019-07-31 10:17:56','1342200053644'),(2040,'2019-07-31','1342200053644',1,NULL,'2019-07-31 10:17:56','1342200053644'),(2041,'2019-07-31','3341500410898',1,NULL,'2019-07-31 10:17:56','1342200053644'),(2042,'2019-08-01','3330501082605',1,NULL,'2019-08-01 11:38:13','1342200053644'),(2043,'2019-08-01','3349800011660',1,NULL,'2019-08-01 11:38:13','1342200053644'),(2044,'2019-08-01','3341501020601',1,NULL,'2019-08-01 11:38:13','1342200053644'),(2045,'2019-08-01','1340400164383',1,NULL,'2019-08-01 11:38:13','1342200053644'),(2046,'2019-08-01','3341501686161',3,NULL,'2019-08-01 11:38:13','1342200053644'),(2047,'2019-08-01','1349900063908',4,NULL,'2019-08-01 11:38:13','1342200053644'),(2048,'2019-08-01','3349800056311',1,NULL,'2019-08-01 11:38:13','1342200053644'),(2049,'2019-08-01','3341500253768',1,NULL,'2019-08-01 11:38:13','1342200053644'),(2050,'2019-08-01','3341501581629',1,NULL,'2019-08-01 11:38:13','1342200053644'),(2051,'2019-08-01','3349800180950',1,NULL,'2019-08-01 11:38:13','1342200053644'),(2052,'2019-08-01','3341500408273',1,NULL,'2019-08-01 11:38:13','1342200053644'),(2053,'2019-08-01','5342290003059',1,NULL,'2019-08-01 11:38:13','1342200053644'),(2054,'2019-08-01','1342200053644',1,NULL,'2019-08-01 11:38:13','1342200053644'),(2055,'2019-08-01','3341500410898',1,NULL,'2019-08-01 11:38:13','1342200053644'),(2056,'2019-08-05','3330501082605',1,NULL,'2019-08-05 15:11:24','1342200053644'),(2057,'2019-08-05','3349800011660',2,NULL,'2019-08-05 15:11:24','1342200053644'),(2058,'2019-08-05','3341501020601',1,NULL,'2019-08-05 15:11:24','1342200053644'),(2059,'2019-08-05','1340400164383',1,NULL,'2019-08-05 15:11:24','1342200053644'),(2060,'2019-08-05','3341501686161',1,NULL,'2019-08-05 15:11:24','1342200053644'),(2061,'2019-08-05','1349900063908',1,NULL,'2019-08-05 15:11:24','1342200053644'),(2062,'2019-08-05','3349800056311',1,NULL,'2019-08-05 15:11:24','1342200053644'),(2063,'2019-08-05','3341500253768',1,NULL,'2019-08-05 15:11:24','1342200053644'),(2064,'2019-08-05','3341501581629',1,NULL,'2019-08-05 15:11:24','1342200053644'),(2065,'2019-08-05','3349800180950',1,NULL,'2019-08-05 15:11:24','1342200053644'),(2066,'2019-08-05','3341500408273',1,NULL,'2019-08-05 15:11:24','1342200053644'),(2067,'2019-08-05','5342290003059',1,NULL,'2019-08-05 15:11:24','1342200053644'),(2068,'2019-08-05','1342200053644',1,NULL,'2019-08-05 15:11:24','1342200053644'),(2069,'2019-08-05','3341500410898',1,NULL,'2019-08-05 15:11:24','1342200053644'),(2070,'2019-08-02','3330501082605',1,NULL,'2019-08-05 15:12:30','1342200053644'),(2071,'2019-08-02','3349800011660',1,NULL,'2019-08-05 15:12:30','1342200053644'),(2072,'2019-08-02','3341501020601',1,NULL,'2019-08-05 15:12:30','1342200053644'),(2073,'2019-08-02','1340400164383',1,NULL,'2019-08-05 15:12:30','1342200053644'),(2074,'2019-08-02','3341501686161',1,NULL,'2019-08-05 15:12:30','1342200053644'),(2075,'2019-08-02','1349900063908',1,NULL,'2019-08-05 15:12:30','1342200053644'),(2076,'2019-08-02','3349800056311',1,NULL,'2019-08-05 15:12:30','1342200053644'),(2077,'2019-08-02','3341500253768',3,NULL,'2019-08-05 15:12:30','1342200053644'),(2078,'2019-08-02','3341501581629',2,NULL,'2019-08-05 15:12:30','1342200053644'),(2079,'2019-08-02','3349800180950',1,NULL,'2019-08-05 15:12:30','1342200053644'),(2080,'2019-08-02','3341500408273',1,NULL,'2019-08-05 15:12:30','1342200053644'),(2081,'2019-08-02','5342290003059',1,NULL,'2019-08-05 15:12:30','1342200053644'),(2082,'2019-08-02','1342200053644',1,NULL,'2019-08-05 15:12:30','1342200053644'),(2083,'2019-08-02','3341500410898',1,NULL,'2019-08-05 15:12:30','1342200053644'),(2084,'2019-08-06','3330501082605',1,NULL,'2019-08-06 16:04:36','1342200053644'),(2085,'2019-08-06','3349800011660',1,NULL,'2019-08-06 16:04:36','1342200053644'),(2086,'2019-08-06','3341501020601',1,NULL,'2019-08-06 16:04:36','1342200053644'),(2087,'2019-08-06','1340400164383',1,NULL,'2019-08-06 16:04:36','1342200053644'),(2088,'2019-08-06','3341501686161',1,NULL,'2019-08-06 16:04:36','1342200053644'),(2089,'2019-08-06','1349900063908',1,NULL,'2019-08-06 16:04:36','1342200053644'),(2090,'2019-08-06','3349800056311',1,NULL,'2019-08-06 16:04:36','1342200053644'),(2091,'2019-08-06','3341500253768',1,NULL,'2019-08-06 16:04:36','1342200053644'),(2092,'2019-08-06','3341501581629',1,NULL,'2019-08-06 16:04:36','1342200053644'),(2093,'2019-08-06','3349800180950',1,NULL,'2019-08-06 16:04:36','1342200053644'),(2094,'2019-08-06','3341500408273',1,NULL,'2019-08-06 16:04:36','1342200053644'),(2095,'2019-08-06','5342290003059',1,NULL,'2019-08-06 16:04:36','1342200053644'),(2096,'2019-08-06','1342200053644',1,NULL,'2019-08-06 16:04:36','1342200053644'),(2097,'2019-08-06','3341500410898',1,NULL,'2019-08-06 16:04:36','1342200053644'),(2098,'2019-08-08','3330501082605',1,NULL,'2019-08-08 13:46:44','1342200053644'),(2099,'2019-08-08','3349800011660',1,NULL,'2019-08-08 13:46:44','1342200053644'),(2100,'2019-08-08','3341501020601',1,NULL,'2019-08-08 13:46:44','1342200053644'),(2101,'2019-08-08','1340400164383',1,NULL,'2019-08-08 13:46:44','1342200053644'),(2102,'2019-08-08','3341501686161',1,NULL,'2019-08-08 13:46:44','1342200053644'),(2103,'2019-08-08','1349900063908',1,NULL,'2019-08-08 13:46:44','1342200053644'),(2104,'2019-08-08','3349800056311',1,NULL,'2019-08-08 13:46:44','1342200053644'),(2105,'2019-08-08','3341500253768',1,NULL,'2019-08-08 13:46:44','1342200053644'),(2106,'2019-08-08','3341501581629',1,NULL,'2019-08-08 13:46:44','1342200053644'),(2107,'2019-08-08','3349800180950',1,NULL,'2019-08-08 13:46:44','1342200053644'),(2108,'2019-08-08','3341500408273',1,NULL,'2019-08-08 13:46:44','1342200053644'),(2109,'2019-08-08','5342290003059',1,NULL,'2019-08-08 13:46:44','1342200053644'),(2110,'2019-08-08','1342200053644',1,NULL,'2019-08-08 13:46:44','1342200053644'),(2111,'2019-08-08','3341500410898',1,NULL,'2019-08-08 13:46:44','1342200053644'),(2112,'2019-08-13','3330501082605',1,NULL,'2019-08-13 09:34:44','1342200053644'),(2113,'2019-08-13','3349800011660',1,NULL,'2019-08-13 09:34:44','1342200053644'),(2114,'2019-08-13','3341501020601',1,NULL,'2019-08-13 09:34:44','1342200053644'),(2115,'2019-08-13','1340400164383',1,NULL,'2019-08-13 09:34:44','1342200053644'),(2116,'2019-08-13','3341501686161',1,NULL,'2019-08-13 09:34:44','1342200053644'),(2117,'2019-08-13','1349900063908',1,NULL,'2019-08-13 09:34:44','1342200053644'),(2118,'2019-08-13','3349800056311',1,NULL,'2019-08-13 09:34:44','1342200053644'),(2119,'2019-08-13','3341500253768',1,NULL,'2019-08-13 09:34:44','1342200053644'),(2120,'2019-08-13','3341501581629',1,NULL,'2019-08-13 09:34:44','1342200053644'),(2121,'2019-08-13','3349800180950',1,NULL,'2019-08-13 09:34:44','1342200053644'),(2122,'2019-08-13','3341500408273',1,NULL,'2019-08-13 09:34:44','1342200053644'),(2123,'2019-08-13','5342290003059',1,NULL,'2019-08-13 09:34:44','1342200053644'),(2124,'2019-08-13','1342200053644',1,NULL,'2019-08-13 09:34:44','1342200053644'),(2125,'2019-08-13','3341500410898',1,NULL,'2019-08-13 09:34:44','1342200053644'),(2126,'2019-08-09','3330501082605',1,NULL,'2019-08-13 09:35:33','1342200053644'),(2127,'2019-08-09','3349800011660',1,NULL,'2019-08-13 09:35:33','1342200053644'),(2128,'2019-08-09','3341501020601',1,NULL,'2019-08-13 09:35:33','1342200053644'),(2129,'2019-08-09','1340400164383',1,NULL,'2019-08-13 09:35:33','1342200053644'),(2130,'2019-08-09','3341501686161',2,NULL,'2019-08-13 09:35:33','1342200053644'),(2131,'2019-08-09','1349900063908',1,NULL,'2019-08-13 09:35:33','1342200053644'),(2132,'2019-08-09','3349800056311',1,NULL,'2019-08-13 09:35:33','1342200053644'),(2133,'2019-08-09','3341500253768',1,NULL,'2019-08-13 09:35:33','1342200053644'),(2134,'2019-08-09','3341501581629',1,NULL,'2019-08-13 09:35:33','1342200053644'),(2135,'2019-08-09','3349800180950',1,NULL,'2019-08-13 09:35:33','1342200053644'),(2136,'2019-08-09','3341500408273',1,NULL,'2019-08-13 09:35:33','1342200053644'),(2137,'2019-08-09','5342290003059',1,NULL,'2019-08-13 09:35:33','1342200053644'),(2138,'2019-08-09','1342200053644',1,NULL,'2019-08-13 09:35:33','1342200053644'),(2139,'2019-08-09','3341500410898',1,NULL,'2019-08-13 09:35:33','1342200053644'),(2140,'2019-08-19','3330501082605',1,NULL,'2019-08-19 10:27:50','1342200053644'),(2141,'2019-08-19','3349800011660',2,NULL,'2019-08-19 10:27:50','1342200053644'),(2142,'2019-08-19','3341501020601',1,NULL,'2019-08-19 10:27:50','1342200053644'),(2143,'2019-08-19','1340400164383',1,NULL,'2019-08-19 10:27:50','1342200053644'),(2144,'2019-08-19','3341501686161',2,NULL,'2019-08-19 10:27:50','1342200053644'),(2145,'2019-08-19','1349900063908',1,NULL,'2019-08-19 10:27:50','1342200053644'),(2146,'2019-08-19','3349800056311',1,NULL,'2019-08-19 10:27:50','1342200053644'),(2147,'2019-08-19','3341500253768',1,NULL,'2019-08-19 10:27:50','1342200053644'),(2148,'2019-08-19','3341501581629',1,NULL,'2019-08-19 10:27:50','1342200053644'),(2149,'2019-08-19','3349800180950',1,NULL,'2019-08-19 10:27:50','1342200053644'),(2150,'2019-08-19','3341500408273',1,NULL,'2019-08-19 10:27:50','1342200053644'),(2151,'2019-08-19','5342290003059',1,NULL,'2019-08-19 10:27:50','1342200053644'),(2152,'2019-08-19','1342200053644',1,NULL,'2019-08-19 10:27:50','1342200053644'),(2153,'2019-08-19','3341500410898',1,NULL,'2019-08-19 10:27:50','1342200053644'),(2154,'2019-08-21','3330501082605',1,NULL,'2019-08-21 11:19:19','1342200053644'),(2155,'2019-08-21','3349800011660',1,NULL,'2019-08-21 11:19:19','1342200053644'),(2156,'2019-08-21','3341501020601',1,NULL,'2019-08-21 11:19:19','1342200053644'),(2157,'2019-08-21','1340400164383',1,NULL,'2019-08-21 11:19:19','1342200053644'),(2158,'2019-08-21','3341501686161',1,NULL,'2019-08-21 11:19:19','1342200053644'),(2159,'2019-08-21','1349900063908',1,NULL,'2019-08-21 11:19:19','1342200053644'),(2160,'2019-08-21','3349800056311',1,NULL,'2019-08-21 11:19:19','1342200053644'),(2161,'2019-08-21','3341500253768',1,NULL,'2019-08-21 11:19:19','1342200053644'),(2162,'2019-08-21','3341501581629',1,NULL,'2019-08-21 11:19:19','1342200053644'),(2163,'2019-08-21','3349800180950',1,NULL,'2019-08-21 11:19:19','1342200053644'),(2164,'2019-08-21','3341500408273',1,NULL,'2019-08-21 11:19:19','1342200053644'),(2165,'2019-08-21','5342290003059',1,NULL,'2019-08-21 11:19:19','1342200053644'),(2166,'2019-08-21','1342200053644',1,NULL,'2019-08-21 11:19:19','1342200053644'),(2167,'2019-08-21','3341500410898',1,NULL,'2019-08-21 11:19:19','1342200053644'),(2168,'2019-08-20','3330501082605',1,NULL,'2019-08-21 11:24:35','1342200053644'),(2169,'2019-08-20','3349800011660',1,NULL,'2019-08-21 11:24:35','1342200053644'),(2170,'2019-08-20','3341501020601',1,NULL,'2019-08-21 11:24:35','1342200053644'),(2171,'2019-08-20','1340400164383',1,NULL,'2019-08-21 11:24:35','1342200053644'),(2172,'2019-08-20','3341501686161',1,NULL,'2019-08-21 11:24:35','1342200053644'),(2173,'2019-08-20','1349900063908',1,NULL,'2019-08-21 11:24:35','1342200053644'),(2174,'2019-08-20','3349800056311',1,NULL,'2019-08-21 11:24:35','1342200053644'),(2175,'2019-08-20','3341500253768',1,NULL,'2019-08-21 11:24:35','1342200053644'),(2176,'2019-08-20','3341501581629',1,NULL,'2019-08-21 11:24:35','1342200053644'),(2177,'2019-08-20','3349800180950',1,NULL,'2019-08-21 11:24:35','1342200053644'),(2178,'2019-08-20','3341500408273',1,NULL,'2019-08-21 11:24:35','1342200053644'),(2179,'2019-08-20','5342290003059',1,NULL,'2019-08-21 11:24:35','1342200053644'),(2180,'2019-08-20','1342200053644',1,NULL,'2019-08-21 11:24:35','1342200053644'),(2181,'2019-08-20','3341500410898',1,NULL,'2019-08-21 11:24:35','1342200053644'),(2182,'2019-08-23','3330501082605',1,NULL,'2019-08-23 15:23:47','1342200053644'),(2183,'2019-08-23','3349800011660',1,NULL,'2019-08-23 15:23:47','1342200053644'),(2184,'2019-08-23','3341501020601',1,NULL,'2019-08-23 15:23:47','1342200053644'),(2185,'2019-08-23','1340400164383',1,NULL,'2019-08-23 15:23:47','1342200053644'),(2186,'2019-08-23','3341501686161',1,NULL,'2019-08-23 15:23:47','1342200053644'),(2187,'2019-08-23','1349900063908',1,NULL,'2019-08-23 15:23:47','1342200053644'),(2188,'2019-08-23','3349800056311',1,NULL,'2019-08-23 15:23:47','1342200053644'),(2189,'2019-08-23','3341500253768',1,NULL,'2019-08-23 15:23:47','1342200053644'),(2190,'2019-08-23','3341501581629',1,NULL,'2019-08-23 15:23:47','1342200053644'),(2191,'2019-08-23','3349800180950',1,NULL,'2019-08-23 15:23:47','1342200053644'),(2192,'2019-08-23','3341500408273',1,NULL,'2019-08-23 15:23:47','1342200053644'),(2193,'2019-08-23','5342290003059',1,NULL,'2019-08-23 15:23:47','1342200053644'),(2194,'2019-08-23','1342200053644',1,NULL,'2019-08-23 15:23:47','1342200053644'),(2195,'2019-08-23','3341500410898',1,NULL,'2019-08-23 15:23:47','1342200053644'),(2196,'2019-08-22','3330501082605',1,NULL,'2019-08-23 15:24:26','1342200053644'),(2197,'2019-08-22','3349800011660',1,NULL,'2019-08-23 15:24:26','1342200053644'),(2198,'2019-08-22','3341501020601',1,NULL,'2019-08-23 15:24:26','1342200053644'),(2199,'2019-08-22','1340400164383',1,NULL,'2019-08-23 15:24:26','1342200053644'),(2200,'2019-08-22','3341501686161',1,NULL,'2019-08-23 15:24:26','1342200053644'),(2201,'2019-08-22','1349900063908',1,NULL,'2019-08-23 15:24:26','1342200053644'),(2202,'2019-08-22','3349800056311',1,NULL,'2019-08-23 15:24:26','1342200053644'),(2203,'2019-08-22','3341500253768',1,NULL,'2019-08-23 15:24:26','1342200053644'),(2204,'2019-08-22','3341501581629',1,NULL,'2019-08-23 15:24:26','1342200053644'),(2205,'2019-08-22','3349800180950',1,NULL,'2019-08-23 15:24:26','1342200053644'),(2206,'2019-08-22','3341500408273',1,NULL,'2019-08-23 15:24:26','1342200053644'),(2207,'2019-08-22','5342290003059',1,NULL,'2019-08-23 15:24:26','1342200053644'),(2208,'2019-08-22','1342200053644',1,NULL,'2019-08-23 15:24:26','1342200053644'),(2209,'2019-08-22','3341500410898',1,NULL,'2019-08-23 15:24:26','1342200053644'),(2210,'2019-08-26','3330501082605',1,NULL,'2019-08-26 10:16:12','1342200053644'),(2211,'2019-08-26','3349800011660',1,NULL,'2019-08-26 10:16:12','1342200053644'),(2212,'2019-08-26','3341501020601',1,NULL,'2019-08-26 10:16:12','1342200053644'),(2213,'2019-08-26','1340400164383',1,NULL,'2019-08-26 10:16:12','1342200053644'),(2214,'2019-08-26','3341501686161',1,NULL,'2019-08-26 10:16:12','1342200053644'),(2215,'2019-08-26','1349900063908',1,NULL,'2019-08-26 10:16:12','1342200053644'),(2216,'2019-08-26','3349800056311',1,NULL,'2019-08-26 10:16:12','1342200053644'),(2217,'2019-08-26','3341500253768',1,NULL,'2019-08-26 10:16:12','1342200053644'),(2218,'2019-08-26','3341501581629',1,NULL,'2019-08-26 10:16:12','1342200053644'),(2219,'2019-08-26','3349800180950',1,NULL,'2019-08-26 10:16:12','1342200053644'),(2220,'2019-08-26','3341500408273',1,NULL,'2019-08-26 10:16:12','1342200053644'),(2221,'2019-08-26','5342290003059',1,NULL,'2019-08-26 10:16:12','1342200053644'),(2222,'2019-08-26','1342200053644',1,NULL,'2019-08-26 10:16:12','1342200053644'),(2223,'2019-08-26','3341500410898',1,NULL,'2019-08-26 10:16:12','1342200053644'),(2224,'2019-08-27','3330501082605',1,NULL,'2019-08-27 14:42:11','1342200053644'),(2225,'2019-08-27','3349800011660',1,NULL,'2019-08-27 14:42:11','1342200053644'),(2226,'2019-08-27','3341501020601',1,NULL,'2019-08-27 14:42:11','1342200053644'),(2227,'2019-08-27','1340400164383',1,NULL,'2019-08-27 14:42:11','1342200053644'),(2228,'2019-08-27','3341501686161',1,NULL,'2019-08-27 14:42:11','1342200053644'),(2229,'2019-08-27','1349900063908',1,NULL,'2019-08-27 14:42:11','1342200053644'),(2230,'2019-08-27','3349800056311',1,NULL,'2019-08-27 14:42:11','1342200053644'),(2231,'2019-08-27','3341500253768',1,NULL,'2019-08-27 14:42:11','1342200053644'),(2232,'2019-08-27','3341501581629',1,NULL,'2019-08-27 14:42:11','1342200053644'),(2233,'2019-08-27','3349800180950',1,NULL,'2019-08-27 14:42:11','1342200053644'),(2234,'2019-08-27','3341500408273',1,NULL,'2019-08-27 14:42:11','1342200053644'),(2235,'2019-08-27','5342290003059',1,NULL,'2019-08-27 14:42:11','1342200053644'),(2236,'2019-08-27','1342200053644',1,NULL,'2019-08-27 14:42:11','1342200053644'),(2237,'2019-08-27','3341500410898',1,NULL,'2019-08-27 14:42:11','1342200053644'),(2238,'2019-08-28','3330501082605',1,NULL,'2019-08-28 11:20:22','1342200053644'),(2239,'2019-08-28','3349800011660',1,NULL,'2019-08-28 11:20:22','1342200053644'),(2240,'2019-08-28','3341501020601',1,NULL,'2019-08-28 11:20:22','1342200053644'),(2241,'2019-08-28','1340400164383',1,NULL,'2019-08-28 11:20:22','1342200053644'),(2242,'2019-08-28','3341501686161',1,NULL,'2019-08-28 11:20:22','1342200053644'),(2243,'2019-08-28','1349900063908',1,NULL,'2019-08-28 11:20:22','1342200053644'),(2244,'2019-08-28','3349800056311',1,NULL,'2019-08-28 11:20:22','1342200053644'),(2245,'2019-08-28','3341500253768',1,NULL,'2019-08-28 11:20:22','1342200053644'),(2246,'2019-08-28','3341501581629',1,NULL,'2019-08-28 11:20:22','1342200053644'),(2247,'2019-08-28','3349800180950',1,NULL,'2019-08-28 11:20:22','1342200053644'),(2248,'2019-08-28','3341500408273',1,NULL,'2019-08-28 11:20:22','1342200053644'),(2249,'2019-08-28','5342290003059',1,NULL,'2019-08-28 11:20:22','1342200053644'),(2250,'2019-08-28','1342200053644',1,NULL,'2019-08-28 11:20:22','1342200053644'),(2251,'2019-08-28','3341500410898',1,NULL,'2019-08-28 11:20:22','1342200053644'),(2252,'2019-08-29','3330501082605',1,NULL,'2019-08-29 09:01:02','1342200053644'),(2253,'2019-08-29','3349800011660',1,NULL,'2019-08-29 09:01:02','1342200053644'),(2254,'2019-08-29','3341501020601',1,NULL,'2019-08-29 09:01:02','1342200053644'),(2255,'2019-08-29','1340400164383',1,NULL,'2019-08-29 09:01:02','1342200053644'),(2256,'2019-08-29','3341501686161',1,NULL,'2019-08-29 09:01:02','1342200053644'),(2257,'2019-08-29','1349900063908',1,NULL,'2019-08-29 09:01:02','1342200053644'),(2258,'2019-08-29','3349800056311',1,NULL,'2019-08-29 09:01:02','1342200053644'),(2259,'2019-08-29','3341500253768',1,NULL,'2019-08-29 09:01:02','1342200053644'),(2260,'2019-08-29','3341501581629',1,NULL,'2019-08-29 09:01:02','1342200053644'),(2261,'2019-08-29','3349800180950',1,NULL,'2019-08-29 09:01:02','1342200053644'),(2262,'2019-08-29','3341500408273',1,NULL,'2019-08-29 09:01:02','1342200053644'),(2263,'2019-08-29','5342290003059',1,NULL,'2019-08-29 09:01:02','1342200053644'),(2264,'2019-08-29','1342200053644',1,NULL,'2019-08-29 09:01:02','1342200053644'),(2265,'2019-08-29','3341500410898',1,NULL,'2019-08-29 09:01:02','1342200053644'),(2266,'2019-08-30','3330501082605',1,NULL,'2019-08-30 10:39:02','1342200053644'),(2267,'2019-08-30','3349800011660',1,NULL,'2019-08-30 10:39:02','1342200053644'),(2268,'2019-08-30','3341501020601',1,NULL,'2019-08-30 10:39:02','1342200053644'),(2269,'2019-08-30','1340400164383',1,NULL,'2019-08-30 10:39:02','1342200053644'),(2270,'2019-08-30','3341501686161',1,NULL,'2019-08-30 10:39:02','1342200053644'),(2271,'2019-08-30','1349900063908',1,NULL,'2019-08-30 10:39:02','1342200053644'),(2272,'2019-08-30','3349800056311',1,NULL,'2019-08-30 10:39:02','1342200053644'),(2273,'2019-08-30','3341500253768',1,NULL,'2019-08-30 10:39:02','1342200053644'),(2274,'2019-08-30','3341501581629',1,NULL,'2019-08-30 10:39:02','1342200053644'),(2275,'2019-08-30','3349800180950',1,NULL,'2019-08-30 10:39:02','1342200053644'),(2276,'2019-08-30','3341500408273',1,NULL,'2019-08-30 10:39:02','1342200053644'),(2277,'2019-08-30','5342290003059',1,NULL,'2019-08-30 10:39:02','1342200053644'),(2278,'2019-08-30','1342200053644',1,NULL,'2019-08-30 10:39:02','1342200053644'),(2279,'2019-08-30','3341500410898',1,NULL,'2019-08-30 10:39:02','1342200053644'),(2280,'2019-09-05','3330501082605',1,NULL,'2019-09-05 10:10:55','1342200053644'),(2281,'2019-09-05','3349800011660',1,NULL,'2019-09-05 10:10:55','1342200053644'),(2282,'2019-09-05','3341501020601',1,NULL,'2019-09-05 10:10:55','1342200053644'),(2283,'2019-09-05','1340400164383',1,NULL,'2019-09-05 10:10:55','1342200053644'),(2284,'2019-09-05','3341501686161',1,NULL,'2019-09-05 10:10:55','1342200053644'),(2285,'2019-09-05','1349900063908',1,NULL,'2019-09-05 10:10:55','1342200053644'),(2286,'2019-09-05','3349800056311',1,NULL,'2019-09-05 10:10:55','1342200053644'),(2287,'2019-09-05','3341500253768',1,NULL,'2019-09-05 10:10:55','1342200053644'),(2288,'2019-09-05','3341501581629',1,NULL,'2019-09-05 10:10:55','1342200053644'),(2289,'2019-09-05','3349800180950',1,NULL,'2019-09-05 10:10:55','1342200053644'),(2290,'2019-09-05','3341500408273',1,NULL,'2019-09-05 10:10:55','1342200053644'),(2291,'2019-09-05','5342290003059',1,NULL,'2019-09-05 10:10:55','1342200053644'),(2292,'2019-09-05','1342200053644',1,NULL,'2019-09-05 10:10:55','1342200053644'),(2293,'2019-09-05','3341500410898',1,NULL,'2019-09-05 10:10:55','1342200053644'),(2294,'2019-09-04','3330501082605',1,NULL,'2019-09-05 10:11:14','1342200053644'),(2295,'2019-09-04','3349800011660',1,NULL,'2019-09-05 10:11:14','1342200053644'),(2296,'2019-09-04','3341501020601',1,NULL,'2019-09-05 10:11:14','1342200053644'),(2297,'2019-09-04','1340400164383',1,NULL,'2019-09-05 10:11:14','1342200053644'),(2298,'2019-09-04','3341501686161',1,NULL,'2019-09-05 10:11:14','1342200053644'),(2299,'2019-09-04','1349900063908',1,NULL,'2019-09-05 10:11:14','1342200053644'),(2300,'2019-09-04','3349800056311',1,NULL,'2019-09-05 10:11:14','1342200053644'),(2301,'2019-09-04','3341500253768',1,NULL,'2019-09-05 10:11:14','1342200053644'),(2302,'2019-09-04','3341501581629',1,NULL,'2019-09-05 10:11:14','1342200053644'),(2303,'2019-09-04','3349800180950',1,NULL,'2019-09-05 10:11:14','1342200053644'),(2304,'2019-09-04','3341500408273',1,NULL,'2019-09-05 10:11:14','1342200053644'),(2305,'2019-09-04','5342290003059',1,NULL,'2019-09-05 10:11:14','1342200053644'),(2306,'2019-09-04','1342200053644',1,NULL,'2019-09-05 10:11:14','1342200053644'),(2307,'2019-09-04','3341500410898',1,NULL,'2019-09-05 10:11:14','1342200053644'),(2308,'2019-09-03','3330501082605',1,NULL,'2019-09-05 10:11:29','1342200053644'),(2309,'2019-09-03','3349800011660',1,NULL,'2019-09-05 10:11:29','1342200053644'),(2310,'2019-09-03','3341501020601',1,NULL,'2019-09-05 10:11:29','1342200053644'),(2311,'2019-09-03','1340400164383',1,NULL,'2019-09-05 10:11:29','1342200053644'),(2312,'2019-09-03','3341501686161',1,NULL,'2019-09-05 10:11:29','1342200053644'),(2313,'2019-09-03','1349900063908',1,NULL,'2019-09-05 10:11:29','1342200053644'),(2314,'2019-09-03','3349800056311',1,NULL,'2019-09-05 10:11:29','1342200053644'),(2315,'2019-09-03','3341500253768',1,NULL,'2019-09-05 10:11:29','1342200053644'),(2316,'2019-09-03','3341501581629',1,NULL,'2019-09-05 10:11:29','1342200053644'),(2317,'2019-09-03','3349800180950',1,NULL,'2019-09-05 10:11:29','1342200053644'),(2318,'2019-09-03','3341500408273',1,NULL,'2019-09-05 10:11:29','1342200053644'),(2319,'2019-09-03','5342290003059',1,NULL,'2019-09-05 10:11:29','1342200053644'),(2320,'2019-09-03','1342200053644',1,NULL,'2019-09-05 10:11:29','1342200053644'),(2321,'2019-09-03','3341500410898',1,NULL,'2019-09-05 10:11:29','1342200053644'),(2322,'2019-09-02','3330501082605',1,NULL,'2019-09-05 10:11:46','1342200053644'),(2323,'2019-09-02','3349800011660',1,NULL,'2019-09-05 10:11:46','1342200053644'),(2324,'2019-09-02','3341501020601',1,NULL,'2019-09-05 10:11:46','1342200053644'),(2325,'2019-09-02','1340400164383',1,NULL,'2019-09-05 10:11:46','1342200053644'),(2326,'2019-09-02','3341501686161',1,NULL,'2019-09-05 10:11:46','1342200053644'),(2327,'2019-09-02','1349900063908',1,NULL,'2019-09-05 10:11:46','1342200053644'),(2328,'2019-09-02','3349800056311',1,NULL,'2019-09-05 10:11:46','1342200053644'),(2329,'2019-09-02','3341500253768',1,NULL,'2019-09-05 10:11:46','1342200053644'),(2330,'2019-09-02','3341501581629',1,NULL,'2019-09-05 10:11:46','1342200053644'),(2331,'2019-09-02','3349800180950',1,NULL,'2019-09-05 10:11:46','1342200053644'),(2332,'2019-09-02','3341500408273',1,NULL,'2019-09-05 10:11:46','1342200053644'),(2333,'2019-09-02','5342290003059',1,NULL,'2019-09-05 10:11:46','1342200053644'),(2334,'2019-09-02','1342200053644',1,NULL,'2019-09-05 10:11:46','1342200053644'),(2335,'2019-09-02','3341500410898',1,NULL,'2019-09-05 10:11:46','1342200053644'),(2336,'2019-09-06','3330501082605',1,NULL,'2019-09-06 11:07:57','1342200053644'),(2337,'2019-09-06','3349800011660',1,NULL,'2019-09-06 11:07:57','1342200053644'),(2338,'2019-09-06','3341501020601',1,NULL,'2019-09-06 11:07:57','1342200053644'),(2339,'2019-09-06','1340400164383',1,NULL,'2019-09-06 11:07:57','1342200053644'),(2340,'2019-09-06','3341501686161',1,NULL,'2019-09-06 11:07:57','1342200053644'),(2341,'2019-09-06','1349900063908',1,NULL,'2019-09-06 11:07:57','1342200053644'),(2342,'2019-09-06','3349800056311',1,NULL,'2019-09-06 11:07:57','1342200053644'),(2343,'2019-09-06','3341500253768',1,NULL,'2019-09-06 11:07:57','1342200053644'),(2344,'2019-09-06','3341501581629',1,NULL,'2019-09-06 11:07:57','1342200053644'),(2345,'2019-09-06','3349800180950',1,NULL,'2019-09-06 11:07:57','1342200053644'),(2346,'2019-09-06','3341500408273',1,NULL,'2019-09-06 11:07:57','1342200053644'),(2347,'2019-09-06','5342290003059',1,NULL,'2019-09-06 11:07:57','1342200053644'),(2348,'2019-09-06','1342200053644',1,NULL,'2019-09-06 11:07:57','1342200053644'),(2349,'2019-09-06','3341500410898',1,NULL,'2019-09-06 11:07:57','1342200053644'),(2350,'2019-09-10','3330501082605',1,NULL,'2019-09-10 10:31:19','1342200053644'),(2351,'2019-09-10','3349800011660',1,NULL,'2019-09-10 10:31:19','1342200053644'),(2352,'2019-09-10','3341501020601',1,NULL,'2019-09-10 10:31:19','1342200053644'),(2353,'2019-09-10','1340400164383',1,NULL,'2019-09-10 10:31:19','1342200053644'),(2354,'2019-09-10','3341501686161',1,NULL,'2019-09-10 10:31:19','1342200053644'),(2355,'2019-09-10','1349900063908',1,NULL,'2019-09-10 10:31:19','1342200053644'),(2356,'2019-09-10','3349800056311',1,NULL,'2019-09-10 10:31:19','1342200053644'),(2357,'2019-09-10','3341500253768',1,NULL,'2019-09-10 10:31:19','1342200053644'),(2358,'2019-09-10','3341501581629',1,NULL,'2019-09-10 10:31:19','1342200053644'),(2359,'2019-09-10','3349800180950',1,NULL,'2019-09-10 10:31:19','1342200053644'),(2360,'2019-09-10','3341500408273',1,NULL,'2019-09-10 10:31:19','1342200053644'),(2361,'2019-09-10','5342290003059',1,NULL,'2019-09-10 10:31:19','1342200053644'),(2362,'2019-09-10','1342200053644',1,NULL,'2019-09-10 10:31:19','1342200053644'),(2363,'2019-09-10','3341500410898',1,NULL,'2019-09-10 10:31:19','1342200053644'),(2364,'2019-09-12','3330501082605',1,NULL,'2019-09-12 10:17:17','1342200053644'),(2365,'2019-09-12','3349800011660',1,NULL,'2019-09-12 10:17:17','1342200053644'),(2366,'2019-09-12','3341501020601',1,NULL,'2019-09-12 10:17:17','1342200053644'),(2367,'2019-09-12','1340400164383',1,NULL,'2019-09-12 10:17:17','1342200053644'),(2368,'2019-09-12','3341501686161',1,NULL,'2019-09-12 10:17:17','1342200053644'),(2369,'2019-09-12','1349900063908',1,NULL,'2019-09-12 10:17:17','1342200053644'),(2370,'2019-09-12','3349800056311',1,NULL,'2019-09-12 10:17:17','1342200053644'),(2371,'2019-09-12','3341500253768',1,NULL,'2019-09-12 10:17:17','1342200053644'),(2372,'2019-09-12','3341501581629',1,NULL,'2019-09-12 10:17:17','1342200053644'),(2373,'2019-09-12','3349800180950',1,NULL,'2019-09-12 10:17:17','1342200053644'),(2374,'2019-09-12','3341500408273',1,NULL,'2019-09-12 10:17:17','1342200053644'),(2375,'2019-09-12','5342290003059',1,NULL,'2019-09-12 10:17:17','1342200053644'),(2376,'2019-09-12','1342200053644',1,NULL,'2019-09-12 10:17:17','1342200053644'),(2377,'2019-09-12','3341500410898',1,NULL,'2019-09-12 10:17:17','1342200053644'),(2378,'2019-09-11','3330501082605',1,NULL,'2019-09-12 10:18:44','1342200053644'),(2379,'2019-09-11','3349800011660',1,NULL,'2019-09-12 10:18:44','1342200053644'),(2380,'2019-09-11','3341501020601',1,NULL,'2019-09-12 10:18:44','1342200053644'),(2381,'2019-09-11','1340400164383',1,NULL,'2019-09-12 10:18:44','1342200053644'),(2382,'2019-09-11','3341501686161',1,NULL,'2019-09-12 10:18:44','1342200053644'),(2383,'2019-09-11','1349900063908',1,NULL,'2019-09-12 10:18:44','1342200053644'),(2384,'2019-09-11','3349800056311',1,NULL,'2019-09-12 10:18:44','1342200053644'),(2385,'2019-09-11','3341500253768',1,NULL,'2019-09-12 10:18:44','1342200053644'),(2386,'2019-09-11','3341501581629',1,NULL,'2019-09-12 10:18:44','1342200053644'),(2387,'2019-09-11','3349800180950',1,NULL,'2019-09-12 10:18:44','1342200053644'),(2388,'2019-09-11','3341500408273',1,NULL,'2019-09-12 10:18:44','1342200053644'),(2389,'2019-09-11','5342290003059',1,NULL,'2019-09-12 10:18:44','1342200053644'),(2390,'2019-09-11','1342200053644',1,NULL,'2019-09-12 10:18:44','1342200053644'),(2391,'2019-09-11','3341500410898',1,NULL,'2019-09-12 10:18:44','1342200053644'),(2392,'2019-09-16','3330501082605',1,NULL,'2019-09-16 09:36:00','1342200053644'),(2393,'2019-09-16','3349800011660',1,NULL,'2019-09-16 09:36:00','1342200053644'),(2394,'2019-09-16','3341501020601',1,NULL,'2019-09-16 09:36:00','1342200053644'),(2395,'2019-09-16','1340400164383',1,NULL,'2019-09-16 09:36:00','1342200053644'),(2396,'2019-09-16','3341501686161',1,NULL,'2019-09-16 09:36:00','1342200053644'),(2397,'2019-09-16','1349900063908',1,NULL,'2019-09-16 09:36:00','1342200053644'),(2398,'2019-09-16','3349800056311',1,NULL,'2019-09-16 09:36:00','1342200053644'),(2399,'2019-09-16','3341500253768',1,NULL,'2019-09-16 09:36:00','1342200053644'),(2400,'2019-09-16','3341501581629',1,NULL,'2019-09-16 09:36:00','1342200053644'),(2401,'2019-09-16','3349800180950',1,NULL,'2019-09-16 09:36:00','1342200053644'),(2402,'2019-09-16','3341500408273',1,NULL,'2019-09-16 09:36:00','1342200053644'),(2403,'2019-09-16','5342290003059',1,NULL,'2019-09-16 09:36:00','1342200053644'),(2404,'2019-09-16','1342200053644',1,NULL,'2019-09-16 09:36:00','1342200053644'),(2405,'2019-09-16','3341500410898',1,NULL,'2019-09-16 09:36:00','1342200053644'),(2406,'2019-09-19','3330501082605',1,NULL,'2019-09-19 11:20:21','1342200053644'),(2407,'2019-09-19','3349800011660',1,NULL,'2019-09-19 11:20:21','1342200053644'),(2408,'2019-09-19','3341501020601',1,NULL,'2019-09-19 11:20:21','1342200053644'),(2409,'2019-09-19','1340400164383',1,NULL,'2019-09-19 11:20:21','1342200053644'),(2410,'2019-09-19','3341501686161',1,NULL,'2019-09-19 11:20:21','1342200053644'),(2411,'2019-09-19','1349900063908',1,NULL,'2019-09-19 11:20:21','1342200053644'),(2412,'2019-09-19','3349800056311',1,NULL,'2019-09-19 11:20:21','1342200053644'),(2413,'2019-09-19','3341500253768',1,NULL,'2019-09-19 11:20:21','1342200053644'),(2414,'2019-09-19','3341501581629',1,NULL,'2019-09-19 11:20:21','1342200053644'),(2415,'2019-09-19','3349800180950',1,NULL,'2019-09-19 11:20:21','1342200053644'),(2416,'2019-09-19','3341500408273',1,NULL,'2019-09-19 11:20:21','1342200053644'),(2417,'2019-09-19','5342290003059',1,NULL,'2019-09-19 11:20:21','1342200053644'),(2418,'2019-09-19','1342200053644',1,NULL,'2019-09-19 11:20:21','1342200053644'),(2419,'2019-09-19','3341500410898',1,NULL,'2019-09-19 11:20:21','1342200053644'),(2420,'2019-09-23','3330501082605',1,NULL,'2019-09-23 11:24:08','1342200053644'),(2421,'2019-09-23','3349800011660',2,NULL,'2019-09-23 11:24:08','1342200053644'),(2422,'2019-09-23','3341501020601',1,NULL,'2019-09-23 11:24:08','1342200053644'),(2423,'2019-09-23','1340400164383',1,NULL,'2019-09-23 11:24:08','1342200053644'),(2424,'2019-09-23','3341501686161',1,NULL,'2019-09-23 11:24:08','1342200053644'),(2425,'2019-09-23','1349900063908',1,NULL,'2019-09-23 11:24:08','1342200053644'),(2426,'2019-09-23','3349800056311',1,NULL,'2019-09-23 11:24:08','1342200053644'),(2427,'2019-09-23','3341500253768',1,NULL,'2019-09-23 11:24:08','1342200053644'),(2428,'2019-09-23','3341501581629',1,NULL,'2019-09-23 11:24:08','1342200053644'),(2429,'2019-09-23','3349800180950',1,NULL,'2019-09-23 11:24:08','1342200053644'),(2430,'2019-09-23','3341500408273',1,NULL,'2019-09-23 11:24:08','1342200053644'),(2431,'2019-09-23','5342290003059',1,NULL,'2019-09-23 11:24:08','1342200053644'),(2432,'2019-09-23','1342200053644',1,NULL,'2019-09-23 11:24:08','1342200053644'),(2433,'2019-09-23','3341500410898',1,NULL,'2019-09-23 11:24:08','1342200053644'),(2434,'2019-09-24','3330501082605',1,NULL,'2019-09-24 10:02:04','1342200053644'),(2435,'2019-09-24','3349800011660',2,NULL,'2019-09-24 10:02:04','1342200053644'),(2436,'2019-09-24','3341501020601',1,NULL,'2019-09-24 10:02:04','1342200053644'),(2437,'2019-09-24','1340400164383',1,NULL,'2019-09-24 10:02:04','1342200053644'),(2438,'2019-09-24','3341501686161',1,NULL,'2019-09-24 10:02:04','1342200053644'),(2439,'2019-09-24','1349900063908',1,NULL,'2019-09-24 10:02:04','1342200053644'),(2440,'2019-09-24','3349800056311',1,NULL,'2019-09-24 10:02:04','1342200053644'),(2441,'2019-09-24','3341500253768',1,NULL,'2019-09-24 10:02:04','1342200053644'),(2442,'2019-09-24','3341501581629',1,NULL,'2019-09-24 10:02:04','1342200053644'),(2443,'2019-09-24','3349800180950',1,NULL,'2019-09-24 10:02:04','1342200053644'),(2444,'2019-09-24','3341500408273',1,NULL,'2019-09-24 10:02:04','1342200053644'),(2445,'2019-09-24','5342290003059',1,NULL,'2019-09-24 10:02:04','1342200053644'),(2446,'2019-09-24','1342200053644',1,NULL,'2019-09-24 10:02:04','1342200053644'),(2447,'2019-09-24','3341500410898',1,NULL,'2019-09-24 10:02:04','1342200053644'),(2448,'2019-09-09','3330501082605',1,NULL,'2019-09-24 10:02:47','1342200053644'),(2449,'2019-09-09','3349800011660',1,NULL,'2019-09-24 10:02:47','1342200053644'),(2450,'2019-09-09','3341501020601',1,NULL,'2019-09-24 10:02:47','1342200053644'),(2451,'2019-09-09','1340400164383',1,NULL,'2019-09-24 10:02:47','1342200053644'),(2452,'2019-09-09','3341501686161',1,NULL,'2019-09-24 10:02:47','1342200053644'),(2453,'2019-09-09','1349900063908',1,NULL,'2019-09-24 10:02:47','1342200053644'),(2454,'2019-09-09','3349800056311',1,NULL,'2019-09-24 10:02:47','1342200053644'),(2455,'2019-09-09','3341500253768',1,NULL,'2019-09-24 10:02:47','1342200053644'),(2456,'2019-09-09','3341501581629',1,NULL,'2019-09-24 10:02:47','1342200053644'),(2457,'2019-09-09','3349800180950',1,NULL,'2019-09-24 10:02:47','1342200053644'),(2458,'2019-09-09','3341500408273',1,NULL,'2019-09-24 10:02:47','1342200053644'),(2459,'2019-09-09','5342290003059',1,NULL,'2019-09-24 10:02:47','1342200053644'),(2460,'2019-09-09','1342200053644',1,NULL,'2019-09-24 10:02:47','1342200053644'),(2461,'2019-09-09','3341500410898',1,NULL,'2019-09-24 10:02:47','1342200053644'),(2462,'2019-09-13','3330501082605',1,NULL,'2019-09-24 10:03:10','1342200053644'),(2463,'2019-09-13','3349800011660',1,NULL,'2019-09-24 10:03:10','1342200053644'),(2464,'2019-09-13','3341501020601',1,NULL,'2019-09-24 10:03:10','1342200053644'),(2465,'2019-09-13','1340400164383',1,NULL,'2019-09-24 10:03:10','1342200053644'),(2466,'2019-09-13','3341501686161',1,NULL,'2019-09-24 10:03:10','1342200053644'),(2467,'2019-09-13','1349900063908',1,NULL,'2019-09-24 10:03:10','1342200053644'),(2468,'2019-09-13','3349800056311',1,NULL,'2019-09-24 10:03:10','1342200053644'),(2469,'2019-09-13','3341500253768',1,NULL,'2019-09-24 10:03:10','1342200053644'),(2470,'2019-09-13','3341501581629',1,NULL,'2019-09-24 10:03:10','1342200053644'),(2471,'2019-09-13','3349800180950',1,NULL,'2019-09-24 10:03:10','1342200053644'),(2472,'2019-09-13','3341500408273',1,NULL,'2019-09-24 10:03:10','1342200053644'),(2473,'2019-09-13','5342290003059',1,NULL,'2019-09-24 10:03:10','1342200053644'),(2474,'2019-09-13','1342200053644',1,NULL,'2019-09-24 10:03:10','1342200053644'),(2475,'2019-09-13','3341500410898',1,NULL,'2019-09-24 10:03:10','1342200053644'),(2476,'2019-09-17','3330501082605',1,NULL,'2019-09-24 10:03:26','1342200053644'),(2477,'2019-09-17','3349800011660',1,NULL,'2019-09-24 10:03:26','1342200053644'),(2478,'2019-09-17','3341501020601',1,NULL,'2019-09-24 10:03:26','1342200053644'),(2479,'2019-09-17','1340400164383',1,NULL,'2019-09-24 10:03:26','1342200053644'),(2480,'2019-09-17','3341501686161',1,NULL,'2019-09-24 10:03:26','1342200053644'),(2481,'2019-09-17','1349900063908',1,NULL,'2019-09-24 10:03:26','1342200053644'),(2482,'2019-09-17','3349800056311',1,NULL,'2019-09-24 10:03:26','1342200053644'),(2483,'2019-09-17','3341500253768',1,NULL,'2019-09-24 10:03:26','1342200053644'),(2484,'2019-09-17','3341501581629',1,NULL,'2019-09-24 10:03:26','1342200053644'),(2485,'2019-09-17','3349800180950',1,NULL,'2019-09-24 10:03:26','1342200053644'),(2486,'2019-09-17','3341500408273',1,NULL,'2019-09-24 10:03:26','1342200053644'),(2487,'2019-09-17','5342290003059',1,NULL,'2019-09-24 10:03:26','1342200053644'),(2488,'2019-09-17','1342200053644',1,NULL,'2019-09-24 10:03:26','1342200053644'),(2489,'2019-09-17','3341500410898',1,NULL,'2019-09-24 10:03:26','1342200053644'),(2490,'2019-09-18','3330501082605',1,NULL,'2019-09-24 10:03:38','1342200053644'),(2491,'2019-09-18','3349800011660',1,NULL,'2019-09-24 10:03:38','1342200053644'),(2492,'2019-09-18','3341501020601',1,NULL,'2019-09-24 10:03:38','1342200053644'),(2493,'2019-09-18','1340400164383',1,NULL,'2019-09-24 10:03:38','1342200053644'),(2494,'2019-09-18','3341501686161',1,NULL,'2019-09-24 10:03:38','1342200053644'),(2495,'2019-09-18','1349900063908',1,NULL,'2019-09-24 10:03:38','1342200053644'),(2496,'2019-09-18','3349800056311',1,NULL,'2019-09-24 10:03:38','1342200053644'),(2497,'2019-09-18','3341500253768',1,NULL,'2019-09-24 10:03:38','1342200053644'),(2498,'2019-09-18','3341501581629',1,NULL,'2019-09-24 10:03:38','1342200053644'),(2499,'2019-09-18','3349800180950',1,NULL,'2019-09-24 10:03:38','1342200053644'),(2500,'2019-09-18','3341500408273',1,NULL,'2019-09-24 10:03:38','1342200053644'),(2501,'2019-09-18','5342290003059',1,NULL,'2019-09-24 10:03:38','1342200053644'),(2502,'2019-09-18','1342200053644',1,NULL,'2019-09-24 10:03:38','1342200053644'),(2503,'2019-09-18','3341500410898',1,NULL,'2019-09-24 10:03:38','1342200053644'),(2504,'2019-09-20','3330501082605',1,NULL,'2019-09-24 10:03:56','1342200053644'),(2505,'2019-09-20','3349800011660',1,NULL,'2019-09-24 10:03:56','1342200053644'),(2506,'2019-09-20','3341501020601',1,NULL,'2019-09-24 10:03:56','1342200053644'),(2507,'2019-09-20','1340400164383',1,NULL,'2019-09-24 10:03:56','1342200053644'),(2508,'2019-09-20','3341501686161',1,NULL,'2019-09-24 10:03:56','1342200053644'),(2509,'2019-09-20','1349900063908',1,NULL,'2019-09-24 10:03:56','1342200053644'),(2510,'2019-09-20','3349800056311',1,NULL,'2019-09-24 10:03:56','1342200053644'),(2511,'2019-09-20','3341500253768',1,NULL,'2019-09-24 10:03:56','1342200053644'),(2512,'2019-09-20','3341501581629',1,NULL,'2019-09-24 10:03:56','1342200053644'),(2513,'2019-09-20','3349800180950',1,NULL,'2019-09-24 10:03:56','1342200053644'),(2514,'2019-09-20','3341500408273',1,NULL,'2019-09-24 10:03:56','1342200053644'),(2515,'2019-09-20','5342290003059',1,NULL,'2019-09-24 10:03:56','1342200053644'),(2516,'2019-09-20','1342200053644',1,NULL,'2019-09-24 10:03:56','1342200053644'),(2517,'2019-09-20','3341500410898',1,NULL,'2019-09-24 10:03:56','1342200053644'),(2518,'2019-09-30','3330501082605',1,NULL,'2019-09-30 10:26:34','1342200053644'),(2519,'2019-09-30','3349800011660',1,NULL,'2019-09-30 10:26:34','1342200053644'),(2520,'2019-09-30','3341501020601',1,NULL,'2019-09-30 10:26:34','1342200053644'),(2521,'2019-09-30','1340400164383',1,NULL,'2019-09-30 10:26:34','1342200053644'),(2522,'2019-09-30','3341501686161',1,NULL,'2019-09-30 10:26:34','1342200053644'),(2523,'2019-09-30','1349900063908',1,NULL,'2019-09-30 10:26:34','1342200053644'),(2524,'2019-09-30','3349800056311',1,NULL,'2019-09-30 10:26:34','1342200053644'),(2525,'2019-09-30','3341500253768',1,NULL,'2019-09-30 10:26:34','1342200053644'),(2526,'2019-09-30','3341501581629',1,NULL,'2019-09-30 10:26:34','1342200053644'),(2527,'2019-09-30','3349800180950',1,NULL,'2019-09-30 10:26:34','1342200053644'),(2528,'2019-09-30','3341500408273',1,NULL,'2019-09-30 10:26:34','1342200053644'),(2529,'2019-09-30','5342290003059',1,NULL,'2019-09-30 10:26:34','1342200053644'),(2530,'2019-09-30','1342200053644',1,NULL,'2019-09-30 10:26:34','1342200053644'),(2531,'2019-09-30','3341500410898',1,NULL,'2019-09-30 10:26:34','1342200053644'),(2532,'2019-10-01','3330501082605',1,NULL,'2019-10-01 11:07:52','1342200053644'),(2533,'2019-10-01','3349800011660',1,NULL,'2019-10-01 11:07:52','1342200053644'),(2534,'2019-10-01','3341501020601',1,NULL,'2019-10-01 11:07:52','1342200053644'),(2535,'2019-10-01','1340400164383',1,NULL,'2019-10-01 11:07:52','1342200053644'),(2536,'2019-10-01','3341501686161',1,NULL,'2019-10-01 11:07:52','1342200053644'),(2537,'2019-10-01','1349900063908',1,NULL,'2019-10-01 11:07:52','1342200053644'),(2538,'2019-10-01','3349800056311',1,NULL,'2019-10-01 11:07:52','1342200053644'),(2539,'2019-10-01','3341500253768',1,NULL,'2019-10-01 11:07:52','1342200053644'),(2540,'2019-10-01','3341501581629',1,NULL,'2019-10-01 11:07:52','1342200053644'),(2541,'2019-10-01','3349800180950',1,NULL,'2019-10-01 11:07:52','1342200053644'),(2542,'2019-10-01','3341500408273',1,NULL,'2019-10-01 11:07:52','1342200053644'),(2543,'2019-10-01','5342290003059',1,NULL,'2019-10-01 11:07:52','1342200053644'),(2544,'2019-10-01','1342200053644',1,NULL,'2019-10-01 11:07:52','1342200053644'),(2545,'2019-10-01','3341500410898',1,NULL,'2019-10-01 11:07:52','1342200053644'),(2546,'2019-10-02','3330501082605',1,NULL,'2019-10-02 09:37:40','1342200053644'),(2547,'2019-10-02','3349800011660',1,NULL,'2019-10-02 09:37:40','1342200053644'),(2548,'2019-10-02','3341501020601',1,NULL,'2019-10-02 09:37:40','1342200053644'),(2549,'2019-10-02','1340400164383',1,NULL,'2019-10-02 09:37:40','1342200053644'),(2550,'2019-10-02','3341501686161',1,NULL,'2019-10-02 09:37:40','1342200053644'),(2551,'2019-10-02','1349900063908',1,NULL,'2019-10-02 09:37:40','1342200053644'),(2552,'2019-10-02','3349800056311',1,NULL,'2019-10-02 09:37:40','1342200053644'),(2553,'2019-10-02','3341500253768',1,NULL,'2019-10-02 09:37:40','1342200053644'),(2554,'2019-10-02','3341501581629',1,NULL,'2019-10-02 09:37:40','1342200053644'),(2555,'2019-10-02','3349800180950',1,NULL,'2019-10-02 09:37:40','1342200053644'),(2556,'2019-10-02','3341500408273',1,NULL,'2019-10-02 09:37:40','1342200053644'),(2557,'2019-10-02','5342290003059',1,NULL,'2019-10-02 09:37:40','1342200053644'),(2558,'2019-10-02','1342200053644',1,NULL,'2019-10-02 09:37:40','1342200053644'),(2559,'2019-10-02','3341500410898',1,NULL,'2019-10-02 09:37:40','1342200053644'),(2560,'2019-11-08','3330501082605',1,NULL,'2019-11-08 09:55:17','1342200053644'),(2561,'2019-11-08','3349800011660',1,NULL,'2019-11-08 09:55:17','1342200053644'),(2562,'2019-11-08','3341501020601',1,NULL,'2019-11-08 09:55:17','1342200053644'),(2563,'2019-11-08','1340400164383',1,NULL,'2019-11-08 09:55:17','1342200053644'),(2564,'2019-11-08','3341501686161',1,NULL,'2019-11-08 09:55:17','1342200053644'),(2565,'2019-11-08','1349900063908',1,NULL,'2019-11-08 09:55:17','1342200053644'),(2566,'2019-11-08','3349800056311',4,NULL,'2019-11-08 09:55:17','1342200053644'),(2567,'2019-11-08','3341500253768',1,NULL,'2019-11-08 09:55:17','1342200053644'),(2568,'2019-11-08','3341501581629',1,NULL,'2019-11-08 09:55:17','1342200053644'),(2569,'2019-11-08','3349800180950',1,NULL,'2019-11-08 09:55:17','1342200053644'),(2570,'2019-11-08','3341500408273',1,NULL,'2019-11-08 09:55:17','1342200053644'),(2571,'2019-11-08','5342290003059',1,NULL,'2019-11-08 09:55:17','1342200053644'),(2572,'2019-11-08','1342200053644',1,NULL,'2019-11-08 09:55:17','1342200053644'),(2573,'2019-11-08','3341500410898',1,NULL,'2019-11-08 09:55:17','1342200053644'),(2574,'2019-11-01','3330501082605',1,NULL,'2019-11-08 09:55:35','1342200053644'),(2575,'2019-11-01','3349800011660',1,NULL,'2019-11-08 09:55:35','1342200053644'),(2576,'2019-11-01','3341501020601',1,NULL,'2019-11-08 09:55:35','1342200053644'),(2577,'2019-11-01','1340400164383',1,NULL,'2019-11-08 09:55:35','1342200053644'),(2578,'2019-11-01','3341501686161',1,NULL,'2019-11-08 09:55:35','1342200053644'),(2579,'2019-11-01','1349900063908',1,NULL,'2019-11-08 09:55:35','1342200053644'),(2580,'2019-11-01','3349800056311',1,NULL,'2019-11-08 09:55:35','1342200053644'),(2581,'2019-11-01','3341500253768',1,NULL,'2019-11-08 09:55:35','1342200053644'),(2582,'2019-11-01','3341501581629',1,NULL,'2019-11-08 09:55:35','1342200053644'),(2583,'2019-11-01','3349800180950',1,NULL,'2019-11-08 09:55:35','1342200053644'),(2584,'2019-11-01','3341500408273',1,NULL,'2019-11-08 09:55:35','1342200053644'),(2585,'2019-11-01','5342290003059',1,NULL,'2019-11-08 09:55:35','1342200053644'),(2586,'2019-11-01','1342200053644',1,NULL,'2019-11-08 09:55:35','1342200053644'),(2587,'2019-11-01','3341500410898',1,NULL,'2019-11-08 09:55:35','1342200053644'),(2588,'2019-11-04','3330501082605',1,NULL,'2019-11-08 09:55:58','1342200053644'),(2589,'2019-11-04','3349800011660',1,NULL,'2019-11-08 09:55:58','1342200053644'),(2590,'2019-11-04','3341501020601',1,NULL,'2019-11-08 09:55:58','1342200053644'),(2591,'2019-11-04','1340400164383',1,NULL,'2019-11-08 09:55:58','1342200053644'),(2592,'2019-11-04','3341501686161',4,NULL,'2019-11-08 09:55:58','1342200053644'),(2593,'2019-11-04','1349900063908',1,NULL,'2019-11-08 09:55:58','1342200053644'),(2594,'2019-11-04','3349800056311',4,NULL,'2019-11-08 09:55:58','1342200053644'),(2595,'2019-11-04','3341500253768',1,NULL,'2019-11-08 09:55:58','1342200053644'),(2596,'2019-11-04','3341501581629',1,NULL,'2019-11-08 09:55:58','1342200053644'),(2597,'2019-11-04','3349800180950',1,NULL,'2019-11-08 09:55:58','1342200053644'),(2598,'2019-11-04','3341500408273',1,NULL,'2019-11-08 09:55:58','1342200053644'),(2599,'2019-11-04','5342290003059',1,NULL,'2019-11-08 09:55:58','1342200053644'),(2600,'2019-11-04','1342200053644',1,NULL,'2019-11-08 09:55:58','1342200053644'),(2601,'2019-11-04','3341500410898',1,NULL,'2019-11-08 09:55:58','1342200053644'),(2602,'2019-11-05','3330501082605',1,NULL,'2019-11-08 09:56:18','1342200053644'),(2603,'2019-11-05','3349800011660',1,NULL,'2019-11-08 09:56:18','1342200053644'),(2604,'2019-11-05','3341501020601',1,NULL,'2019-11-08 09:56:18','1342200053644'),(2605,'2019-11-05','1340400164383',1,NULL,'2019-11-08 09:56:18','1342200053644'),(2606,'2019-11-05','3341501686161',4,NULL,'2019-11-08 09:56:18','1342200053644'),(2607,'2019-11-05','1349900063908',1,NULL,'2019-11-08 09:56:18','1342200053644'),(2608,'2019-11-05','3349800056311',4,NULL,'2019-11-08 09:56:18','1342200053644'),(2609,'2019-11-05','3341500253768',1,NULL,'2019-11-08 09:56:18','1342200053644'),(2610,'2019-11-05','3341501581629',1,NULL,'2019-11-08 09:56:18','1342200053644'),(2611,'2019-11-05','3349800180950',1,NULL,'2019-11-08 09:56:18','1342200053644'),(2612,'2019-11-05','3341500408273',1,NULL,'2019-11-08 09:56:18','1342200053644'),(2613,'2019-11-05','5342290003059',1,NULL,'2019-11-08 09:56:18','1342200053644'),(2614,'2019-11-05','1342200053644',1,NULL,'2019-11-08 09:56:18','1342200053644'),(2615,'2019-11-05','3341500410898',1,NULL,'2019-11-08 09:56:18','1342200053644'),(2616,'2019-11-06','3330501082605',1,NULL,'2019-11-08 09:56:39','1342200053644'),(2617,'2019-11-06','3349800011660',1,NULL,'2019-11-08 09:56:39','1342200053644'),(2618,'2019-11-06','3341501020601',1,NULL,'2019-11-08 09:56:39','1342200053644'),(2619,'2019-11-06','1340400164383',1,NULL,'2019-11-08 09:56:39','1342200053644'),(2620,'2019-11-06','3341501686161',4,NULL,'2019-11-08 09:56:39','1342200053644'),(2621,'2019-11-06','1349900063908',1,NULL,'2019-11-08 09:56:39','1342200053644'),(2622,'2019-11-06','3349800056311',4,NULL,'2019-11-08 09:56:39','1342200053644'),(2623,'2019-11-06','3341500253768',1,NULL,'2019-11-08 09:56:39','1342200053644'),(2624,'2019-11-06','3341501581629',1,NULL,'2019-11-08 09:56:39','1342200053644'),(2625,'2019-11-06','3349800180950',1,NULL,'2019-11-08 09:56:39','1342200053644'),(2626,'2019-11-06','3341500408273',1,NULL,'2019-11-08 09:56:39','1342200053644'),(2627,'2019-11-06','5342290003059',1,NULL,'2019-11-08 09:56:39','1342200053644'),(2628,'2019-11-06','1342200053644',1,NULL,'2019-11-08 09:56:39','1342200053644'),(2629,'2019-11-06','3341500410898',1,NULL,'2019-11-08 09:56:39','1342200053644'),(2630,'2019-11-07','3330501082605',1,NULL,'2019-11-08 09:56:57','1342200053644'),(2631,'2019-11-07','3349800011660',1,NULL,'2019-11-08 09:56:57','1342200053644'),(2632,'2019-11-07','3341501020601',1,NULL,'2019-11-08 09:56:57','1342200053644'),(2633,'2019-11-07','1340400164383',1,NULL,'2019-11-08 09:56:57','1342200053644'),(2634,'2019-11-07','3341501686161',1,NULL,'2019-11-08 09:56:57','1342200053644'),(2635,'2019-11-07','1349900063908',1,NULL,'2019-11-08 09:56:57','1342200053644'),(2636,'2019-11-07','3349800056311',4,NULL,'2019-11-08 09:56:57','1342200053644'),(2637,'2019-11-07','3341500253768',1,NULL,'2019-11-08 09:56:57','1342200053644'),(2638,'2019-11-07','3341501581629',1,NULL,'2019-11-08 09:56:57','1342200053644'),(2639,'2019-11-07','3349800180950',1,NULL,'2019-11-08 09:56:57','1342200053644'),(2640,'2019-11-07','3341500408273',1,NULL,'2019-11-08 09:56:57','1342200053644'),(2641,'2019-11-07','5342290003059',1,NULL,'2019-11-08 09:56:57','1342200053644'),(2642,'2019-11-07','1342200053644',1,NULL,'2019-11-08 09:56:57','1342200053644'),(2643,'2019-11-07','3341500410898',1,NULL,'2019-11-08 09:56:57','1342200053644'),(2644,'2019-11-12','3330501082605',1,NULL,'2019-11-12 10:25:33','1342200053644'),(2645,'2019-11-12','3349800011660',4,NULL,'2019-11-12 10:25:33','1342200053644'),(2646,'2019-11-12','3341501020601',1,NULL,'2019-11-12 10:25:33','1342200053644'),(2647,'2019-11-12','1340400164383',1,NULL,'2019-11-12 10:25:33','1342200053644'),(2648,'2019-11-12','3341501686161',1,NULL,'2019-11-12 10:25:33','1342200053644'),(2649,'2019-11-12','1349900063908',3,NULL,'2019-11-12 10:25:33','1342200053644'),(2650,'2019-11-12','3349800056311',1,NULL,'2019-11-12 10:25:33','1342200053644'),(2651,'2019-11-12','3341500253768',1,NULL,'2019-11-12 10:25:33','1342200053644'),(2652,'2019-11-12','3341501581629',1,NULL,'2019-11-12 10:25:33','1342200053644'),(2653,'2019-11-12','3349800180950',1,NULL,'2019-11-12 10:25:33','1342200053644'),(2654,'2019-11-12','3341500408273',1,NULL,'2019-11-12 10:25:33','1342200053644'),(2655,'2019-11-12','5342290003059',1,NULL,'2019-11-12 10:25:33','1342200053644'),(2656,'2019-11-12','1342200053644',1,NULL,'2019-11-12 10:25:33','1342200053644'),(2657,'2019-11-12','3341500410898',1,NULL,'2019-11-12 10:25:33','1342200053644'),(2658,'2019-11-11','3330501082605',1,NULL,'2019-11-12 10:26:01','1342200053644'),(2659,'2019-11-11','3349800011660',1,NULL,'2019-11-12 10:26:01','1342200053644'),(2660,'2019-11-11','3341501020601',1,NULL,'2019-11-12 10:26:01','1342200053644'),(2661,'2019-11-11','1340400164383',1,NULL,'2019-11-12 10:26:01','1342200053644'),(2662,'2019-11-11','3341501686161',1,NULL,'2019-11-12 10:26:01','1342200053644'),(2663,'2019-11-11','1349900063908',1,NULL,'2019-11-12 10:26:01','1342200053644'),(2664,'2019-11-11','3349800056311',1,NULL,'2019-11-12 10:26:01','1342200053644'),(2665,'2019-11-11','3341500253768',1,NULL,'2019-11-12 10:26:01','1342200053644'),(2666,'2019-11-11','3341501581629',1,NULL,'2019-11-12 10:26:01','1342200053644'),(2667,'2019-11-11','3349800180950',1,NULL,'2019-11-12 10:26:01','1342200053644'),(2668,'2019-11-11','3341500408273',1,NULL,'2019-11-12 10:26:01','1342200053644'),(2669,'2019-11-11','5342290003059',1,NULL,'2019-11-12 10:26:01','1342200053644'),(2670,'2019-11-11','1342200053644',1,NULL,'2019-11-12 10:26:01','1342200053644'),(2671,'2019-11-11','3341500410898',1,NULL,'2019-11-12 10:26:01','1342200053644'),(2672,'2019-11-18','3330501082605',1,NULL,'2019-11-18 13:24:57','1342200053644'),(2673,'2019-11-18','3349800011660',4,NULL,'2019-11-18 13:24:57','1342200053644'),(2674,'2019-11-18','3341501020601',1,NULL,'2019-11-18 13:24:57','1342200053644'),(2675,'2019-11-18','1340400164383',4,NULL,'2019-11-18 13:24:57','1342200053644'),(2676,'2019-11-18','3341501686161',1,NULL,'2019-11-18 13:24:57','1342200053644'),(2677,'2019-11-18','1349900063908',1,NULL,'2019-11-18 13:24:57','1342200053644'),(2678,'2019-11-18','3349800056311',1,NULL,'2019-11-18 13:24:57','1342200053644'),(2679,'2019-11-18','3341500253768',1,NULL,'2019-11-18 13:24:57','1342200053644'),(2680,'2019-11-18','3341501581629',1,NULL,'2019-11-18 13:24:57','1342200053644'),(2681,'2019-11-18','3349800180950',1,NULL,'2019-11-18 13:24:57','1342200053644'),(2682,'2019-11-18','3341500408273',1,NULL,'2019-11-18 13:24:57','1342200053644'),(2683,'2019-11-18','5342290003059',1,NULL,'2019-11-18 13:24:57','1342200053644'),(2684,'2019-11-18','1342200053644',1,NULL,'2019-11-18 13:24:57','1342200053644'),(2685,'2019-11-18','3341500410898',1,NULL,'2019-11-18 13:24:57','1342200053644'),(2686,'2019-11-15','3330501082605',1,NULL,'2019-11-18 13:25:26','1342200053644'),(2687,'2019-11-15','3349800011660',1,NULL,'2019-11-18 13:25:26','1342200053644'),(2688,'2019-11-15','3341501020601',1,NULL,'2019-11-18 13:25:26','1342200053644'),(2689,'2019-11-15','1340400164383',1,NULL,'2019-11-18 13:25:26','1342200053644'),(2690,'2019-11-15','3341501686161',1,NULL,'2019-11-18 13:25:26','1342200053644'),(2691,'2019-11-15','1349900063908',1,NULL,'2019-11-18 13:25:26','1342200053644'),(2692,'2019-11-15','3349800056311',1,NULL,'2019-11-18 13:25:26','1342200053644'),(2693,'2019-11-15','3341500253768',1,NULL,'2019-11-18 13:25:26','1342200053644'),(2694,'2019-11-15','3341501581629',1,NULL,'2019-11-18 13:25:26','1342200053644'),(2695,'2019-11-15','3349800180950',1,NULL,'2019-11-18 13:25:26','1342200053644'),(2696,'2019-11-15','3341500408273',1,NULL,'2019-11-18 13:25:26','1342200053644'),(2697,'2019-11-15','5342290003059',1,NULL,'2019-11-18 13:25:26','1342200053644'),(2698,'2019-11-15','1342200053644',1,NULL,'2019-11-18 13:25:26','1342200053644'),(2699,'2019-11-15','3341500410898',1,NULL,'2019-11-18 13:25:26','1342200053644'),(2700,'2019-11-14','3330501082605',1,NULL,'2019-11-18 13:25:46','1342200053644'),(2701,'2019-11-14','3349800011660',4,NULL,'2019-11-18 13:25:46','1342200053644'),(2702,'2019-11-14','3341501020601',1,NULL,'2019-11-18 13:25:46','1342200053644'),(2703,'2019-11-14','1340400164383',4,NULL,'2019-11-18 13:25:46','1342200053644'),(2704,'2019-11-14','3341501686161',1,NULL,'2019-11-18 13:25:46','1342200053644'),(2705,'2019-11-14','1349900063908',1,NULL,'2019-11-18 13:25:46','1342200053644'),(2706,'2019-11-14','3349800056311',1,NULL,'2019-11-18 13:25:46','1342200053644'),(2707,'2019-11-14','3341500253768',1,NULL,'2019-11-18 13:25:46','1342200053644'),(2708,'2019-11-14','3341501581629',1,NULL,'2019-11-18 13:25:46','1342200053644'),(2709,'2019-11-14','3349800180950',1,NULL,'2019-11-18 13:25:46','1342200053644'),(2710,'2019-11-14','3341500408273',1,NULL,'2019-11-18 13:25:46','1342200053644'),(2711,'2019-11-14','5342290003059',1,NULL,'2019-11-18 13:25:46','1342200053644'),(2712,'2019-11-14','1342200053644',1,NULL,'2019-11-18 13:25:46','1342200053644'),(2713,'2019-11-14','3341500410898',1,NULL,'2019-11-18 13:25:46','1342200053644'),(2714,'2019-11-13','3330501082605',1,NULL,'2019-11-18 13:26:18','1342200053644'),(2715,'2019-11-13','3349800011660',4,NULL,'2019-11-18 13:26:18','1342200053644'),(2716,'2019-11-13','3341501020601',1,NULL,'2019-11-18 13:26:18','1342200053644'),(2717,'2019-11-13','1340400164383',4,NULL,'2019-11-18 13:26:18','1342200053644'),(2718,'2019-11-13','3341501686161',1,NULL,'2019-11-18 13:26:18','1342200053644'),(2719,'2019-11-13','1349900063908',1,NULL,'2019-11-18 13:26:18','1342200053644'),(2720,'2019-11-13','3349800056311',1,NULL,'2019-11-18 13:26:18','1342200053644'),(2721,'2019-11-13','3341500253768',1,NULL,'2019-11-18 13:26:18','1342200053644'),(2722,'2019-11-13','3341501581629',1,NULL,'2019-11-18 13:26:18','1342200053644'),(2723,'2019-11-13','3349800180950',1,NULL,'2019-11-18 13:26:18','1342200053644'),(2724,'2019-11-13','3341500408273',1,NULL,'2019-11-18 13:26:18','1342200053644'),(2725,'2019-11-13','5342290003059',1,NULL,'2019-11-18 13:26:18','1342200053644'),(2726,'2019-11-13','1342200053644',1,NULL,'2019-11-18 13:26:18','1342200053644'),(2727,'2019-11-13','3341500410898',1,NULL,'2019-11-18 13:26:18','1342200053644'),(2728,'2019-11-19','3330501082605',1,NULL,'2019-11-19 09:57:43','1342200053644'),(2729,'2019-11-19','3349800011660',1,NULL,'2019-11-19 09:57:43','1342200053644'),(2730,'2019-11-19','3341501020601',1,NULL,'2019-11-19 09:57:43','1342200053644'),(2731,'2019-11-19','1340400164383',4,NULL,'2019-11-19 09:57:43','1342200053644'),(2732,'2019-11-19','3341501686161',1,NULL,'2019-11-19 09:57:43','1342200053644'),(2733,'2019-11-19','1349900063908',1,NULL,'2019-11-19 09:57:43','1342200053644'),(2734,'2019-11-19','3349800056311',1,NULL,'2019-11-19 09:57:43','1342200053644'),(2735,'2019-11-19','3341500253768',1,NULL,'2019-11-19 09:57:43','1342200053644'),(2736,'2019-11-19','3341501581629',1,NULL,'2019-11-19 09:57:43','1342200053644'),(2737,'2019-11-19','3349800180950',1,NULL,'2019-11-19 09:57:43','1342200053644'),(2738,'2019-11-19','3341500408273',1,NULL,'2019-11-19 09:57:43','1342200053644'),(2739,'2019-11-19','5342290003059',1,NULL,'2019-11-19 09:57:43','1342200053644'),(2740,'2019-11-19','1342200053644',1,NULL,'2019-11-19 09:57:43','1342200053644'),(2741,'2019-11-19','3341500410898',1,NULL,'2019-11-19 09:57:43','1342200053644'),(2742,'2019-11-20','3330501082605',1,NULL,'2019-11-20 10:08:46','1342200053644'),(2743,'2019-11-20','3349800011660',1,NULL,'2019-11-20 10:08:46','1342200053644'),(2744,'2019-11-20','3341501020601',1,NULL,'2019-11-20 10:08:46','1342200053644'),(2745,'2019-11-20','1340400164383',1,NULL,'2019-11-20 10:08:46','1342200053644'),(2746,'2019-11-20','3341501686161',1,NULL,'2019-11-20 10:08:46','1342200053644'),(2747,'2019-11-20','1349900063908',1,NULL,'2019-11-20 10:08:46','1342200053644'),(2748,'2019-11-20','3349800056311',1,NULL,'2019-11-20 10:08:46','1342200053644'),(2749,'2019-11-20','3341500253768',1,NULL,'2019-11-20 10:08:46','1342200053644'),(2750,'2019-11-20','3341501581629',1,NULL,'2019-11-20 10:08:46','1342200053644'),(2751,'2019-11-20','3349800180950',1,NULL,'2019-11-20 10:08:46','1342200053644'),(2752,'2019-11-20','3341500408273',1,NULL,'2019-11-20 10:08:46','1342200053644'),(2753,'2019-11-20','5342290003059',1,NULL,'2019-11-20 10:08:46','1342200053644'),(2754,'2019-11-20','1342200053644',1,NULL,'2019-11-20 10:08:46','1342200053644'),(2755,'2019-11-20','3341500410898',1,NULL,'2019-11-20 10:08:46','1342200053644'),(2756,'2019-11-22','3330501082605',1,NULL,'2019-11-22 11:42:27','1342200053644'),(2757,'2019-11-22','3349800011660',1,NULL,'2019-11-22 11:42:27','1342200053644'),(2758,'2019-11-22','3341501020601',1,NULL,'2019-11-22 11:42:27','1342200053644'),(2759,'2019-11-22','1340400164383',1,NULL,'2019-11-22 11:42:27','1342200053644'),(2760,'2019-11-22','3341501686161',1,NULL,'2019-11-22 11:42:27','1342200053644'),(2761,'2019-11-22','1349900063908',4,NULL,'2019-11-22 11:42:27','1342200053644'),(2762,'2019-11-22','3349800056311',1,NULL,'2019-11-22 11:42:27','1342200053644'),(2763,'2019-11-22','3341500253768',1,NULL,'2019-11-22 11:42:27','1342200053644'),(2764,'2019-11-22','3341501581629',1,NULL,'2019-11-22 11:42:27','1342200053644'),(2765,'2019-11-22','3349800180950',1,NULL,'2019-11-22 11:42:27','1342200053644'),(2766,'2019-11-22','3341500408273',1,NULL,'2019-11-22 11:42:27','1342200053644'),(2767,'2019-11-22','5342290003059',1,NULL,'2019-11-22 11:42:27','1342200053644'),(2768,'2019-11-22','1342200053644',1,NULL,'2019-11-22 11:42:27','1342200053644'),(2769,'2019-11-22','3341500410898',1,NULL,'2019-11-22 11:42:27','1342200053644'),(2770,'2019-11-25','3330501082605',1,NULL,'2019-11-25 10:56:20','1342200053644'),(2771,'2019-11-25','3349800011660',1,NULL,'2019-11-25 10:56:20','1342200053644'),(2772,'2019-11-25','3341501020601',1,NULL,'2019-11-25 10:56:20','1342200053644'),(2773,'2019-11-25','1340400164383',1,NULL,'2019-11-25 10:56:20','1342200053644'),(2774,'2019-11-25','3341501686161',1,NULL,'2019-11-25 10:56:20','1342200053644'),(2775,'2019-11-25','1349900063908',1,NULL,'2019-11-25 10:56:20','1342200053644'),(2776,'2019-11-25','3349800056311',1,NULL,'2019-11-25 10:56:20','1342200053644'),(2777,'2019-11-25','3341500253768',1,NULL,'2019-11-25 10:56:20','1342200053644'),(2778,'2019-11-25','3341501581629',1,NULL,'2019-11-25 10:56:20','1342200053644'),(2779,'2019-11-25','3349800180950',1,NULL,'2019-11-25 10:56:20','1342200053644'),(2780,'2019-11-25','3341500408273',1,NULL,'2019-11-25 10:56:20','1342200053644'),(2781,'2019-11-25','5342290003059',1,NULL,'2019-11-25 10:56:20','1342200053644'),(2782,'2019-11-25','1342200053644',1,NULL,'2019-11-25 10:56:20','1342200053644'),(2783,'2019-11-25','3341500410898',1,NULL,'2019-11-25 10:56:20','1342200053644'),(2784,'2019-11-26','3330501082605',1,NULL,'2019-11-26 10:01:25','1342200053644'),(2785,'2019-11-26','3349800011660',1,NULL,'2019-11-26 10:01:25','1342200053644'),(2786,'2019-11-26','3341501020601',1,NULL,'2019-11-26 10:01:25','1342200053644'),(2787,'2019-11-26','1340400164383',1,NULL,'2019-11-26 10:01:25','1342200053644'),(2788,'2019-11-26','3341501686161',1,NULL,'2019-11-26 10:01:25','1342200053644'),(2789,'2019-11-26','1349900063908',1,NULL,'2019-11-26 10:01:25','1342200053644'),(2790,'2019-11-26','3349800056311',1,NULL,'2019-11-26 10:01:25','1342200053644'),(2791,'2019-11-26','3341500253768',1,NULL,'2019-11-26 10:01:25','1342200053644'),(2792,'2019-11-26','3341501581629',1,NULL,'2019-11-26 10:01:25','1342200053644'),(2793,'2019-11-26','3349800180950',1,NULL,'2019-11-26 10:01:25','1342200053644'),(2794,'2019-11-26','3341500408273',1,NULL,'2019-11-26 10:01:25','1342200053644'),(2795,'2019-11-26','5342290003059',1,NULL,'2019-11-26 10:01:25','1342200053644'),(2796,'2019-11-26','1342200053644',1,NULL,'2019-11-26 10:01:25','1342200053644'),(2797,'2019-11-26','3341500410898',1,NULL,'2019-11-26 10:01:25','1342200053644'),(2798,'2019-11-27','3330501082605',1,NULL,'2019-11-27 10:33:55','1342200053644'),(2799,'2019-11-27','3349800011660',1,NULL,'2019-11-27 10:33:55','1342200053644'),(2800,'2019-11-27','3341501020601',1,NULL,'2019-11-27 10:33:55','1342200053644'),(2801,'2019-11-27','1340400164383',1,NULL,'2019-11-27 10:33:55','1342200053644'),(2802,'2019-11-27','3341501686161',1,NULL,'2019-11-27 10:33:55','1342200053644'),(2803,'2019-11-27','1349900063908',1,NULL,'2019-11-27 10:33:55','1342200053644'),(2804,'2019-11-27','3349800056311',1,NULL,'2019-11-27 10:33:55','1342200053644'),(2805,'2019-11-27','3341500253768',1,NULL,'2019-11-27 10:33:55','1342200053644'),(2806,'2019-11-27','3341501581629',1,NULL,'2019-11-27 10:33:55','1342200053644'),(2807,'2019-11-27','3349800180950',1,NULL,'2019-11-27 10:33:55','1342200053644'),(2808,'2019-11-27','3341500408273',1,NULL,'2019-11-27 10:33:55','1342200053644'),(2809,'2019-11-27','5342290003059',1,NULL,'2019-11-27 10:33:55','1342200053644'),(2810,'2019-11-27','1342200053644',1,NULL,'2019-11-27 10:33:55','1342200053644'),(2811,'2019-11-27','3341500410898',1,NULL,'2019-11-27 10:33:55','1342200053644'),(2812,'2019-11-28','3330501082605',1,NULL,'2019-11-28 09:21:57','1342200053644'),(2813,'2019-11-28','3349800011660',1,NULL,'2019-11-28 09:21:57','1342200053644'),(2814,'2019-11-28','3341501020601',1,NULL,'2019-11-28 09:21:57','1342200053644'),(2815,'2019-11-28','1340400164383',1,NULL,'2019-11-28 09:21:57','1342200053644'),(2816,'2019-11-28','3341501686161',1,NULL,'2019-11-28 09:21:57','1342200053644'),(2817,'2019-11-28','1349900063908',1,NULL,'2019-11-28 09:21:57','1342200053644'),(2818,'2019-11-28','3349800056311',1,NULL,'2019-11-28 09:21:57','1342200053644'),(2819,'2019-11-28','3341500253768',1,NULL,'2019-11-28 09:21:57','1342200053644'),(2820,'2019-11-28','3341501581629',1,NULL,'2019-11-28 09:21:57','1342200053644'),(2821,'2019-11-28','3349800180950',1,NULL,'2019-11-28 09:21:57','1342200053644'),(2822,'2019-11-28','3341500408273',1,NULL,'2019-11-28 09:21:57','1342200053644'),(2823,'2019-11-28','5342290003059',1,NULL,'2019-11-28 09:21:57','1342200053644'),(2824,'2019-11-28','1342200053644',1,NULL,'2019-11-28 09:21:57','1342200053644'),(2825,'2019-11-28','3341500410898',1,NULL,'2019-11-28 09:21:57','1342200053644'),(2826,'2019-11-29','3330501082605',1,NULL,'2019-11-29 13:31:07','1342200053644'),(2827,'2019-11-29','3349800011660',1,NULL,'2019-11-29 13:31:07','1342200053644'),(2828,'2019-11-29','3341501020601',1,NULL,'2019-11-29 13:31:07','1342200053644'),(2829,'2019-11-29','1340400164383',1,NULL,'2019-11-29 13:31:07','1342200053644'),(2830,'2019-11-29','3341501686161',1,NULL,'2019-11-29 13:31:07','1342200053644'),(2831,'2019-11-29','1349900063908',1,NULL,'2019-11-29 13:31:07','1342200053644'),(2832,'2019-11-29','3349800056311',1,NULL,'2019-11-29 13:31:07','1342200053644'),(2833,'2019-11-29','3341500253768',1,NULL,'2019-11-29 13:31:07','1342200053644'),(2834,'2019-11-29','3341501581629',1,NULL,'2019-11-29 13:31:07','1342200053644'),(2835,'2019-11-29','3349800180950',1,NULL,'2019-11-29 13:31:07','1342200053644'),(2836,'2019-11-29','3341500408273',1,NULL,'2019-11-29 13:31:07','1342200053644'),(2837,'2019-11-29','5342290003059',1,NULL,'2019-11-29 13:31:07','1342200053644'),(2838,'2019-11-29','1342200053644',1,NULL,'2019-11-29 13:31:07','1342200053644'),(2839,'2019-11-29','3341500410898',1,NULL,'2019-11-29 13:31:07','1342200053644'),(2840,'2019-12-02','3330501082605',1,NULL,'2019-12-02 09:41:05','1342200053644'),(2841,'2019-12-02','3349800011660',1,NULL,'2019-12-02 09:41:05','1342200053644'),(2842,'2019-12-02','3341501020601',1,NULL,'2019-12-02 09:41:05','1342200053644'),(2843,'2019-12-02','1340400164383',1,NULL,'2019-12-02 09:41:05','1342200053644'),(2844,'2019-12-02','3341501686161',1,NULL,'2019-12-02 09:41:05','1342200053644'),(2845,'2019-12-02','1349900063908',1,NULL,'2019-12-02 09:41:05','1342200053644'),(2846,'2019-12-02','3349800056311',1,NULL,'2019-12-02 09:41:05','1342200053644'),(2847,'2019-12-02','3341500253768',1,NULL,'2019-12-02 09:41:05','1342200053644'),(2848,'2019-12-02','3341501581629',1,NULL,'2019-12-02 09:41:05','1342200053644'),(2849,'2019-12-02','3349800180950',1,NULL,'2019-12-02 09:41:05','1342200053644'),(2850,'2019-12-02','3341500408273',1,NULL,'2019-12-02 09:41:05','1342200053644'),(2851,'2019-12-02','5342290003059',1,NULL,'2019-12-02 09:41:05','1342200053644'),(2852,'2019-12-02','1342200053644',1,NULL,'2019-12-02 09:41:05','1342200053644'),(2853,'2019-12-02','3341500410898',1,NULL,'2019-12-02 09:41:05','1342200053644'),(2854,'2019-12-03','3330501082605',1,NULL,'2019-12-03 09:30:18','1342200053644'),(2855,'2019-12-03','3349800011660',1,NULL,'2019-12-03 09:30:18','1342200053644'),(2856,'2019-12-03','3341501020601',1,NULL,'2019-12-03 09:30:18','1342200053644'),(2857,'2019-12-03','1340400164383',1,NULL,'2019-12-03 09:30:18','1342200053644'),(2858,'2019-12-03','3341501686161',1,NULL,'2019-12-03 09:30:18','1342200053644'),(2859,'2019-12-03','1349900063908',1,NULL,'2019-12-03 09:30:18','1342200053644'),(2860,'2019-12-03','3349800056311',1,NULL,'2019-12-03 09:30:18','1342200053644'),(2861,'2019-12-03','3341500253768',1,NULL,'2019-12-03 09:30:18','1342200053644'),(2862,'2019-12-03','3341501581629',1,NULL,'2019-12-03 09:30:18','1342200053644'),(2863,'2019-12-03','3349800180950',1,NULL,'2019-12-03 09:30:18','1342200053644'),(2864,'2019-12-03','3341500408273',1,NULL,'2019-12-03 09:30:18','1342200053644'),(2865,'2019-12-03','5342290003059',1,NULL,'2019-12-03 09:30:18','1342200053644'),(2866,'2019-12-03','1342200053644',1,NULL,'2019-12-03 09:30:18','1342200053644'),(2867,'2019-12-03','3341500410898',1,NULL,'2019-12-03 09:30:18','1342200053644'),(2868,'2019-12-04','3330501082605',1,NULL,'2019-12-04 10:57:03','1342200053644'),(2869,'2019-12-04','3349800011660',1,NULL,'2019-12-04 10:57:03','1342200053644'),(2870,'2019-12-04','3341501020601',1,NULL,'2019-12-04 10:57:03','1342200053644'),(2871,'2019-12-04','1340400164383',1,NULL,'2019-12-04 10:57:03','1342200053644'),(2872,'2019-12-04','3341501686161',1,NULL,'2019-12-04 10:57:03','1342200053644'),(2873,'2019-12-04','1349900063908',1,NULL,'2019-12-04 10:57:03','1342200053644'),(2874,'2019-12-04','3349800056311',1,NULL,'2019-12-04 10:57:03','1342200053644'),(2875,'2019-12-04','3341500253768',1,NULL,'2019-12-04 10:57:03','1342200053644'),(2876,'2019-12-04','3341501581629',1,NULL,'2019-12-04 10:57:03','1342200053644'),(2877,'2019-12-04','3349800180950',1,NULL,'2019-12-04 10:57:03','1342200053644'),(2878,'2019-12-04','3341500408273',1,NULL,'2019-12-04 10:57:03','1342200053644'),(2879,'2019-12-04','5342290003059',1,NULL,'2019-12-04 10:57:03','1342200053644'),(2880,'2019-12-04','1342200053644',1,NULL,'2019-12-04 10:57:03','1342200053644'),(2881,'2019-12-04','3341500410898',1,NULL,'2019-12-04 10:57:03','1342200053644'),(2882,'2019-12-06','3330501082605',1,NULL,'2019-12-06 11:02:25','1342200053644'),(2883,'2019-12-06','3349800011660',1,NULL,'2019-12-06 11:02:25','1342200053644'),(2884,'2019-12-06','3341501020601',1,NULL,'2019-12-06 11:02:25','1342200053644'),(2885,'2019-12-06','1340400164383',1,NULL,'2019-12-06 11:02:25','1342200053644'),(2886,'2019-12-06','3341501686161',1,NULL,'2019-12-06 11:02:25','1342200053644'),(2887,'2019-12-06','1349900063908',1,NULL,'2019-12-06 11:02:25','1342200053644'),(2888,'2019-12-06','3349800056311',1,NULL,'2019-12-06 11:02:25','1342200053644'),(2889,'2019-12-06','3341500253768',1,NULL,'2019-12-06 11:02:25','1342200053644'),(2890,'2019-12-06','3341501581629',1,NULL,'2019-12-06 11:02:25','1342200053644'),(2891,'2019-12-06','3349800180950',1,NULL,'2019-12-06 11:02:25','1342200053644'),(2892,'2019-12-06','3341500408273',1,NULL,'2019-12-06 11:02:25','1342200053644'),(2893,'2019-12-06','5342290003059',1,NULL,'2019-12-06 11:02:25','1342200053644'),(2894,'2019-12-06','1342200053644',1,NULL,'2019-12-06 11:02:25','1342200053644'),(2895,'2019-12-06','3341500410898',1,NULL,'2019-12-06 11:02:25','1342200053644'),(2896,'2019-12-09','3330501082605',1,NULL,'2019-12-09 10:17:51','1342200053644'),(2897,'2019-12-09','3349800011660',1,NULL,'2019-12-09 10:17:51','1342200053644'),(2898,'2019-12-09','3341501020601',1,NULL,'2019-12-09 10:17:51','1342200053644'),(2899,'2019-12-09','1340400164383',1,NULL,'2019-12-09 10:17:51','1342200053644'),(2900,'2019-12-09','3341501686161',1,NULL,'2019-12-09 10:17:51','1342200053644'),(2901,'2019-12-09','1349900063908',1,NULL,'2019-12-09 10:17:51','1342200053644'),(2902,'2019-12-09','3349800056311',1,NULL,'2019-12-09 10:17:51','1342200053644'),(2903,'2019-12-09','3341500253768',1,NULL,'2019-12-09 10:17:51','1342200053644'),(2904,'2019-12-09','3341501581629',1,NULL,'2019-12-09 10:17:51','1342200053644'),(2905,'2019-12-09','3349800180950',1,NULL,'2019-12-09 10:17:51','1342200053644'),(2906,'2019-12-09','3341500408273',1,NULL,'2019-12-09 10:17:51','1342200053644'),(2907,'2019-12-09','5342290003059',1,NULL,'2019-12-09 10:17:51','1342200053644'),(2908,'2019-12-09','1342200053644',1,NULL,'2019-12-09 10:17:51','1342200053644'),(2909,'2019-12-09','3341500410898',1,NULL,'2019-12-09 10:17:51','1342200053644'),(2910,'2019-12-17','3330501082605',1,NULL,'2019-12-17 11:11:55','1342200053644'),(2911,'2019-12-17','3349800011660',1,NULL,'2019-12-17 11:11:55','1342200053644'),(2912,'2019-12-17','3341501020601',1,NULL,'2019-12-17 11:09:57','1342200053644'),(2913,'2019-12-17','1340400164383',1,NULL,'2019-12-17 11:11:55','1342200053644'),(2914,'2019-12-17','3341501686161',1,NULL,'2019-12-17 11:11:55','1342200053644'),(2915,'2019-12-17','1349900063908',1,NULL,'2019-12-17 11:11:55','1342200053644'),(2916,'2019-12-17','3349800056311',1,NULL,'2019-12-17 11:11:55','1342200053644'),(2917,'2019-12-17','3341500253768',1,NULL,'2019-12-17 11:11:55','1342200053644'),(2918,'2019-12-17','3341501581629',1,NULL,'2019-12-17 11:11:55','1342200053644'),(2919,'2019-12-17','3349800180950',1,NULL,'2019-12-17 11:11:55','1342200053644'),(2920,'2019-12-17','3341500408273',1,NULL,'2019-12-17 11:11:55','1342200053644'),(2921,'2019-12-17','5342290003059',1,NULL,'2019-12-17 11:11:55','1342200053644'),(2922,'2019-12-17','1342200053644',1,NULL,'2019-12-17 11:11:55','1342200053644'),(2923,'2019-12-17','3341500410898',1,NULL,'2019-12-17 11:11:55','1342200053644'),(2924,'2019-12-16','3330501082605',1,NULL,'2019-12-17 11:10:12','1342200053644'),(2925,'2019-12-16','3349800011660',1,NULL,'2019-12-17 11:10:12','1342200053644'),(2926,'2019-12-16','3341501020601',1,NULL,'2019-12-17 11:10:12','1342200053644'),(2927,'2019-12-16','1340400164383',1,NULL,'2019-12-17 11:10:12','1342200053644'),(2928,'2019-12-16','3341501686161',1,NULL,'2019-12-17 11:10:12','1342200053644'),(2929,'2019-12-16','1349900063908',1,NULL,'2019-12-17 11:10:12','1342200053644'),(2930,'2019-12-16','3349800056311',1,NULL,'2019-12-17 11:10:12','1342200053644'),(2931,'2019-12-16','3341500253768',1,NULL,'2019-12-17 11:10:12','1342200053644'),(2932,'2019-12-16','3341501581629',1,NULL,'2019-12-17 11:10:12','1342200053644'),(2933,'2019-12-16','3349800180950',1,NULL,'2019-12-17 11:10:12','1342200053644'),(2934,'2019-12-16','3341500408273',1,NULL,'2019-12-17 11:10:12','1342200053644'),(2935,'2019-12-16','5342290003059',1,NULL,'2019-12-17 11:10:12','1342200053644'),(2936,'2019-12-16','1342200053644',1,NULL,'2019-12-17 11:10:12','1342200053644'),(2937,'2019-12-16','3341500410898',1,NULL,'2019-12-17 11:10:12','1342200053644'),(2938,'2019-12-20','3330501082605',1,NULL,'2019-12-20 09:24:42','1342200053644'),(2939,'2019-12-20','3349800011660',1,NULL,'2019-12-20 09:24:42','1342200053644'),(2940,'2019-12-20','1340400164383',1,NULL,'2019-12-20 09:24:42','1342200053644'),(2941,'2019-12-20','1349900063908',3,NULL,'2019-12-20 09:24:42','1342200053644'),(2942,'2019-12-20','3341501686161',1,NULL,'2019-12-20 09:24:42','1342200053644'),(2943,'2019-12-20','3349800056311',1,NULL,'2019-12-20 09:24:42','1342200053644'),(2944,'2019-12-20','3341500253768',1,NULL,'2019-12-20 09:24:42','1342200053644'),(2945,'2019-12-20','3341501581629',1,NULL,'2019-12-20 09:24:42','1342200053644'),(2946,'2019-12-20','3349800180950',1,NULL,'2019-12-20 09:24:42','1342200053644'),(2947,'2019-12-20','3341500408273',1,NULL,'2019-12-20 09:24:42','1342200053644'),(2948,'2019-12-20','5342290003059',1,NULL,'2019-12-20 09:24:42','1342200053644'),(2949,'2019-12-20','1342200053644',1,NULL,'2019-12-20 09:24:42','1342200053644'),(2950,'2019-12-20','3341500410898',1,NULL,'2019-12-20 09:24:42','1342200053644'),(2951,'2019-12-24','3330501082605',1,NULL,'2019-12-24 13:49:53','1342200053644'),(2952,'2019-12-24','3349800011660',1,NULL,'2019-12-24 13:49:53','1342200053644'),(2953,'2019-12-24','1340400164383',1,NULL,'2019-12-24 13:49:53','1342200053644'),(2954,'2019-12-24','1349900063908',1,NULL,'2019-12-24 13:49:53','1342200053644'),(2955,'2019-12-24','3341501686161',1,NULL,'2019-12-24 13:49:53','1342200053644'),(2956,'2019-12-24','3349800056311',1,NULL,'2019-12-24 13:49:53','1342200053644'),(2957,'2019-12-24','3341500253768',1,NULL,'2019-12-24 13:49:53','1342200053644'),(2958,'2019-12-24','3341501581629',1,NULL,'2019-12-24 13:49:53','1342200053644'),(2959,'2019-12-24','3349800180950',1,NULL,'2019-12-24 13:49:53','1342200053644'),(2960,'2019-12-24','3341500408273',1,NULL,'2019-12-24 13:49:53','1342200053644'),(2961,'2019-12-24','5342290003059',1,NULL,'2019-12-24 13:49:53','1342200053644'),(2962,'2019-12-24','1342200053644',1,NULL,'2019-12-24 13:49:53','1342200053644'),(2963,'2019-12-24','3341500410898',1,NULL,'2019-12-24 13:49:53','1342200053644'),(2964,'2020-01-06','3330501082605',1,NULL,'2020-01-06 12:02:18','1342200053644'),(2965,'2020-01-06','3349800011660',1,NULL,'2020-01-06 12:02:18','1342200053644'),(2966,'2020-01-06','1340400164383',1,NULL,'2020-01-06 12:02:18','1342200053644'),(2967,'2020-01-06','1349900063908',1,NULL,'2020-01-06 12:02:18','1342200053644'),(2968,'2020-01-06','3341501686161',1,NULL,'2020-01-06 12:02:18','1342200053644'),(2969,'2020-01-06','3349800056311',1,NULL,'2020-01-06 12:02:18','1342200053644'),(2970,'2020-01-06','3341500253768',1,NULL,'2020-01-06 12:02:18','1342200053644'),(2971,'2020-01-06','3341501581629',1,NULL,'2020-01-06 12:02:18','1342200053644'),(2972,'2020-01-06','3349800180950',1,NULL,'2020-01-06 12:02:18','1342200053644'),(2973,'2020-01-06','3341500408273',1,NULL,'2020-01-06 12:02:18','1342200053644'),(2974,'2020-01-06','5342290003059',1,NULL,'2020-01-06 12:02:18','1342200053644'),(2975,'2020-01-06','1342200053644',1,NULL,'2020-01-06 12:02:18','1342200053644'),(2976,'2020-01-06','3341500410898',1,NULL,'2020-01-06 12:02:18','1342200053644'),(2977,'2020-01-17','3330501082605',1,NULL,'2020-01-17 11:59:27','1342200053644'),(2978,'2020-01-17','3349800011660',1,NULL,'2020-01-17 11:59:27','1342200053644'),(2979,'2020-01-17','1340400164383',1,NULL,'2020-01-17 11:59:27','1342200053644'),(2980,'2020-01-17','1349900063908',1,NULL,'2020-01-17 11:59:27','1342200053644'),(2981,'2020-01-17','3341501686161',1,NULL,'2020-01-17 11:59:27','1342200053644'),(2982,'2020-01-17','3349800056311',1,NULL,'2020-01-17 11:59:27','1342200053644'),(2983,'2020-01-17','3341500253768',1,NULL,'2020-01-17 11:59:27','1342200053644'),(2984,'2020-01-17','3341501581629',1,NULL,'2020-01-17 11:59:27','1342200053644'),(2985,'2020-01-17','3349800180950',1,NULL,'2020-01-17 11:59:27','1342200053644'),(2986,'2020-01-17','3341500408273',1,NULL,'2020-01-17 11:59:27','1342200053644'),(2987,'2020-01-17','5342290003059',1,NULL,'2020-01-17 11:59:27','1342200053644'),(2988,'2020-01-17','1342200053644',1,NULL,'2020-01-17 11:59:27','1342200053644'),(2989,'2020-01-17','3341500410898',1,NULL,'2020-01-17 11:59:27','1342200053644'),(2990,'2020-01-20','3330501082605',1,NULL,'2020-01-20 11:16:24','1342200053644'),(2991,'2020-01-20','3349800011660',1,NULL,'2020-01-20 11:16:24','1342200053644'),(2992,'2020-01-20','1340400164383',1,NULL,'2020-01-20 11:16:24','1342200053644'),(2993,'2020-01-20','1349900063908',1,NULL,'2020-01-20 11:16:24','1342200053644'),(2994,'2020-01-20','3341501686161',1,NULL,'2020-01-20 11:16:24','1342200053644'),(2995,'2020-01-20','3349800056311',1,NULL,'2020-01-20 11:16:24','1342200053644'),(2996,'2020-01-20','3341500253768',1,NULL,'2020-01-20 11:16:24','1342200053644'),(2997,'2020-01-20','3341501581629',1,NULL,'2020-01-20 11:16:24','1342200053644'),(2998,'2020-01-20','3349800180950',1,NULL,'2020-01-20 11:16:24','1342200053644'),(2999,'2020-01-20','3341500408273',1,NULL,'2020-01-20 11:16:24','1342200053644'),(3000,'2020-01-20','5342290003059',1,NULL,'2020-01-20 11:16:24','1342200053644'),(3001,'2020-01-20','1342200053644',1,NULL,'2020-01-20 11:16:24','1342200053644'),(3002,'2020-01-20','3341500410898',1,NULL,'2020-01-20 11:16:24','1342200053644'),(3003,'2020-01-22','3330501082605',1,NULL,'2020-01-22 10:12:15','1342200053644'),(3004,'2020-01-22','3349800011660',1,NULL,'2020-01-22 10:12:15','1342200053644'),(3005,'2020-01-22','1340400164383',1,NULL,'2020-01-22 10:12:15','1342200053644'),(3006,'2020-01-22','1349900063908',3,NULL,'2020-01-22 10:12:15','1342200053644'),(3007,'2020-01-22','3341501686161',1,NULL,'2020-01-22 10:12:15','1342200053644'),(3008,'2020-01-22','3349800056311',1,NULL,'2020-01-22 10:12:15','1342200053644'),(3009,'2020-01-22','3341500253768',1,NULL,'2020-01-22 10:12:15','1342200053644'),(3010,'2020-01-22','3341501581629',1,NULL,'2020-01-22 10:12:15','1342200053644'),(3011,'2020-01-22','3349800180950',1,NULL,'2020-01-22 10:12:15','1342200053644'),(3012,'2020-01-22','3341500408273',1,NULL,'2020-01-22 10:12:15','1342200053644'),(3013,'2020-01-22','5342290003059',1,NULL,'2020-01-22 10:12:15','1342200053644'),(3014,'2020-01-22','1342200053644',1,NULL,'2020-01-22 10:12:15','1342200053644'),(3015,'2020-01-22','3341500410898',1,NULL,'2020-01-22 10:12:15','1342200053644'),(3016,'2020-01-24','3330501082605',1,NULL,'2020-01-24 10:32:32','1342200053644'),(3017,'2020-01-24','3349800011660',1,NULL,'2020-01-24 10:32:32','1342200053644'),(3018,'2020-01-24','1340400164383',1,NULL,'2020-01-24 10:32:32','1342200053644'),(3019,'2020-01-24','1349900063908',1,NULL,'2020-01-24 10:32:32','1342200053644'),(3020,'2020-01-24','3341501686161',1,NULL,'2020-01-24 10:32:32','1342200053644'),(3021,'2020-01-24','3349800056311',1,NULL,'2020-01-24 10:32:32','1342200053644'),(3022,'2020-01-24','3341500253768',1,NULL,'2020-01-24 10:32:32','1342200053644'),(3023,'2020-01-24','3341501581629',1,NULL,'2020-01-24 10:32:32','1342200053644'),(3024,'2020-01-24','3349800180950',1,NULL,'2020-01-24 10:32:32','1342200053644'),(3025,'2020-01-24','3341500408273',1,NULL,'2020-01-24 10:32:32','1342200053644'),(3026,'2020-01-24','5342290003059',1,NULL,'2020-01-24 10:32:32','1342200053644'),(3027,'2020-01-24','1342200053644',1,NULL,'2020-01-24 10:32:32','1342200053644'),(3028,'2020-01-24','3341500410898',1,NULL,'2020-01-24 10:32:32','1342200053644'),(3029,'2020-01-29','3330501082605',1,NULL,'2020-01-29 13:37:33','1342200053644'),(3030,'2020-01-29','3349800011660',1,NULL,'2020-01-29 13:37:33','1342200053644'),(3031,'2020-01-29','1340400164383',1,NULL,'2020-01-29 13:37:33','1342200053644'),(3032,'2020-01-29','1349900063908',1,NULL,'2020-01-29 13:37:33','1342200053644'),(3033,'2020-01-29','3341501686161',1,NULL,'2020-01-29 13:37:33','1342200053644'),(3034,'2020-01-29','3349800056311',1,NULL,'2020-01-29 13:37:33','1342200053644'),(3035,'2020-01-29','3341500253768',1,NULL,'2020-01-29 13:37:33','1342200053644'),(3036,'2020-01-29','3341501581629',1,NULL,'2020-01-29 13:37:33','1342200053644'),(3037,'2020-01-29','3349800180950',1,NULL,'2020-01-29 13:37:33','1342200053644'),(3038,'2020-01-29','3341500408273',1,NULL,'2020-01-29 13:37:33','1342200053644'),(3039,'2020-01-29','5342290003059',1,NULL,'2020-01-29 13:37:33','1342200053644'),(3040,'2020-01-29','1342200053644',1,NULL,'2020-01-29 13:37:33','1342200053644'),(3041,'2020-01-29','3341500410898',1,NULL,'2020-01-29 13:37:33','1342200053644'),(3042,'2020-02-03','3330501082605',1,NULL,'2020-02-03 09:42:48','1342200053644'),(3043,'2020-02-03','3349800011660',1,NULL,'2020-02-03 09:42:48','1342200053644'),(3044,'2020-02-03','1340400164383',1,NULL,'2020-02-03 09:42:48','1342200053644'),(3045,'2020-02-03','1349900063908',1,NULL,'2020-02-03 09:42:48','1342200053644'),(3046,'2020-02-03','3341501686161',1,NULL,'2020-02-03 09:42:48','1342200053644'),(3047,'2020-02-03','3349800056311',1,NULL,'2020-02-03 09:42:48','1342200053644'),(3048,'2020-02-03','3341500253768',1,NULL,'2020-02-03 09:42:48','1342200053644'),(3049,'2020-02-03','3341501581629',1,NULL,'2020-02-03 09:42:48','1342200053644'),(3050,'2020-02-03','3349800180950',1,NULL,'2020-02-03 09:42:48','1342200053644'),(3051,'2020-02-03','3341500408273',1,NULL,'2020-02-03 09:42:48','1342200053644'),(3052,'2020-02-03','5342290003059',1,NULL,'2020-02-03 09:42:48','1342200053644'),(3053,'2020-02-03','1342200053644',1,NULL,'2020-02-03 09:42:48','1342200053644'),(3054,'2020-02-03','3341500410898',1,NULL,'2020-02-03 09:42:48','1342200053644'),(3055,'2020-02-04','3330501082605',1,NULL,'2020-02-04 10:23:20','1342200053644'),(3056,'2020-02-04','3349800011660',1,NULL,'2020-02-04 10:23:20','1342200053644'),(3057,'2020-02-04','1340400164383',1,NULL,'2020-02-04 10:23:20','1342200053644'),(3058,'2020-02-04','1349900063908',1,NULL,'2020-02-04 10:23:20','1342200053644'),(3059,'2020-02-04','3341501686161',1,NULL,'2020-02-04 10:23:20','1342200053644'),(3060,'2020-02-04','3349800056311',1,NULL,'2020-02-04 10:23:20','1342200053644'),(3061,'2020-02-04','3341500253768',1,NULL,'2020-02-04 10:23:20','1342200053644'),(3062,'2020-02-04','3341501581629',1,NULL,'2020-02-04 10:23:20','1342200053644'),(3063,'2020-02-04','3349800180950',1,NULL,'2020-02-04 10:23:20','1342200053644'),(3064,'2020-02-04','3341500408273',1,NULL,'2020-02-04 10:23:20','1342200053644'),(3065,'2020-02-04','5342290003059',1,NULL,'2020-02-04 10:23:20','1342200053644'),(3066,'2020-02-04','1342200053644',1,NULL,'2020-02-04 10:23:20','1342200053644'),(3067,'2020-02-04','3341500410898',1,NULL,'2020-02-04 10:23:20','1342200053644'),(3068,'2020-01-31','3330501082605',1,NULL,'2020-02-04 10:23:43','1342200053644'),(3069,'2020-01-31','3349800011660',1,NULL,'2020-02-04 10:23:43','1342200053644'),(3070,'2020-01-31','1340400164383',1,NULL,'2020-02-04 10:23:43','1342200053644'),(3071,'2020-01-31','1349900063908',1,NULL,'2020-02-04 10:23:43','1342200053644'),(3072,'2020-01-31','3341501686161',1,NULL,'2020-02-04 10:23:43','1342200053644'),(3073,'2020-01-31','3349800056311',1,NULL,'2020-02-04 10:23:43','1342200053644'),(3074,'2020-01-31','3341500253768',1,NULL,'2020-02-04 10:23:43','1342200053644'),(3075,'2020-01-31','3341501581629',1,NULL,'2020-02-04 10:23:43','1342200053644'),(3076,'2020-01-31','3349800180950',1,NULL,'2020-02-04 10:23:43','1342200053644'),(3077,'2020-01-31','3341500408273',1,NULL,'2020-02-04 10:23:43','1342200053644'),(3078,'2020-01-31','5342290003059',1,NULL,'2020-02-04 10:23:43','1342200053644'),(3079,'2020-01-31','1342200053644',3,NULL,'2020-02-04 10:23:43','1342200053644'),(3080,'2020-01-31','3341500410898',1,NULL,'2020-02-04 10:23:43','1342200053644'),(3081,'2020-02-05','3330501082605',1,NULL,'2020-02-05 11:09:49','1342200053644'),(3082,'2020-02-05','3349800011660',1,NULL,'2020-02-05 11:09:49','1342200053644'),(3083,'2020-02-05','1340400164383',1,NULL,'2020-02-05 11:09:49','1342200053644'),(3084,'2020-02-05','1349900063908',1,NULL,'2020-02-05 11:09:49','1342200053644'),(3085,'2020-02-05','3341501686161',1,NULL,'2020-02-05 11:09:49','1342200053644'),(3086,'2020-02-05','3349800056311',1,NULL,'2020-02-05 11:09:49','1342200053644'),(3087,'2020-02-05','3341500253768',1,NULL,'2020-02-05 11:09:49','1342200053644'),(3088,'2020-02-05','3341501581629',1,NULL,'2020-02-05 11:09:49','1342200053644'),(3089,'2020-02-05','3349800180950',1,NULL,'2020-02-05 11:09:49','1342200053644'),(3090,'2020-02-05','3341500408273',1,NULL,'2020-02-05 11:09:49','1342200053644'),(3091,'2020-02-05','5342290003059',1,NULL,'2020-02-05 11:09:49','1342200053644'),(3092,'2020-02-05','1342200053644',1,NULL,'2020-02-05 11:09:49','1342200053644'),(3093,'2020-02-05','3341500410898',1,NULL,'2020-02-05 11:09:49','1342200053644'),(3094,'2020-02-06','3330501082605',1,NULL,'2020-02-06 10:15:00','1342200053644'),(3095,'2020-02-06','3349800011660',2,NULL,'2020-02-06 10:15:00','1342200053644'),(3096,'2020-02-06','1340400164383',1,NULL,'2020-02-06 10:15:00','1342200053644'),(3097,'2020-02-06','1349900063908',1,NULL,'2020-02-06 10:15:00','1342200053644'),(3098,'2020-02-06','3341501686161',1,NULL,'2020-02-06 10:15:00','1342200053644'),(3099,'2020-02-06','3349800056311',1,NULL,'2020-02-06 10:15:00','1342200053644'),(3100,'2020-02-06','3341500253768',1,NULL,'2020-02-06 10:15:00','1342200053644'),(3101,'2020-02-06','3341501581629',1,NULL,'2020-02-06 10:15:00','1342200053644'),(3102,'2020-02-06','3349800180950',1,NULL,'2020-02-06 10:15:00','1342200053644'),(3103,'2020-02-06','3341500408273',1,NULL,'2020-02-06 10:15:00','1342200053644'),(3104,'2020-02-06','5342290003059',1,NULL,'2020-02-06 10:15:00','1342200053644'),(3105,'2020-02-06','1342200053644',1,NULL,'2020-02-06 10:15:00','1342200053644'),(3106,'2020-02-06','3341500410898',1,NULL,'2020-02-06 10:15:00','1342200053644'),(3107,'2020-02-07','3330501082605',1,NULL,'2020-02-07 11:29:10','1342200053644'),(3108,'2020-02-07','3349800011660',4,NULL,'2020-02-07 11:29:10','1342200053644'),(3109,'2020-02-07','1340400164383',1,NULL,'2020-02-07 11:29:10','1342200053644'),(3110,'2020-02-07','1349900063908',1,NULL,'2020-02-07 11:29:10','1342200053644'),(3111,'2020-02-07','3341501686161',1,NULL,'2020-02-07 11:29:10','1342200053644'),(3112,'2020-02-07','3349800056311',1,NULL,'2020-02-07 11:29:10','1342200053644'),(3113,'2020-02-07','3341500253768',1,NULL,'2020-02-07 11:29:10','1342200053644'),(3114,'2020-02-07','3341501581629',1,NULL,'2020-02-07 11:29:10','1342200053644'),(3115,'2020-02-07','3349800180950',1,NULL,'2020-02-07 11:29:10','1342200053644'),(3116,'2020-02-07','3341500408273',1,NULL,'2020-02-07 11:29:10','1342200053644'),(3117,'2020-02-07','5342290003059',1,NULL,'2020-02-07 11:29:10','1342200053644'),(3118,'2020-02-07','1342200053644',1,NULL,'2020-02-07 11:29:10','1342200053644'),(3119,'2020-02-07','3341500410898',1,NULL,'2020-02-07 11:29:10','1342200053644'),(3120,'2020-02-12','3330501082605',1,NULL,'2020-02-12 11:58:46','1342200053644'),(3121,'2020-02-12','3349800011660',1,NULL,'2020-02-12 11:58:46','1342200053644'),(3122,'2020-02-12','1340400164383',1,NULL,'2020-02-12 11:58:46','1342200053644'),(3123,'2020-02-12','1349900063908',1,NULL,'2020-02-12 11:58:46','1342200053644'),(3124,'2020-02-12','3341501686161',1,NULL,'2020-02-12 11:58:46','1342200053644'),(3125,'2020-02-12','3349800056311',1,NULL,'2020-02-12 11:58:46','1342200053644'),(3126,'2020-02-12','3341500253768',4,NULL,'2020-02-12 11:58:46','1342200053644'),(3127,'2020-02-12','3341501581629',1,NULL,'2020-02-12 11:58:46','1342200053644'),(3128,'2020-02-12','3349800180950',1,NULL,'2020-02-12 11:58:46','1342200053644'),(3129,'2020-02-12','3341500408273',1,NULL,'2020-02-12 11:58:46','1342200053644'),(3130,'2020-02-12','5342290003059',4,NULL,'2020-02-12 11:58:46','1342200053644'),(3131,'2020-02-12','1342200053644',1,NULL,'2020-02-12 11:58:46','1342200053644'),(3132,'2020-02-12','3341500410898',1,NULL,'2020-02-12 11:58:46','1342200053644'),(3133,'2020-02-14','3330501082605',1,NULL,'2020-02-14 14:27:56','1342200053644'),(3134,'2020-02-14','3349800011660',1,NULL,'2020-02-14 14:27:56','1342200053644'),(3135,'2020-02-14','1340400164383',1,NULL,'2020-02-14 14:27:56','1342200053644'),(3136,'2020-02-14','1349900063908',1,NULL,'2020-02-14 14:27:56','1342200053644'),(3137,'2020-02-14','3341501686161',1,NULL,'2020-02-14 14:27:56','1342200053644'),(3138,'2020-02-14','3349800056311',1,NULL,'2020-02-14 14:27:56','1342200053644'),(3139,'2020-02-14','3341500253768',1,NULL,'2020-02-14 14:27:56','1342200053644'),(3140,'2020-02-14','3341501581629',1,NULL,'2020-02-14 14:27:56','1342200053644'),(3141,'2020-02-14','3349800180950',1,NULL,'2020-02-14 14:27:56','1342200053644'),(3142,'2020-02-14','3341500408273',1,NULL,'2020-02-14 14:27:56','1342200053644'),(3143,'2020-02-14','5342290003059',1,NULL,'2020-02-14 14:27:56','1342200053644'),(3144,'2020-02-14','1342200053644',1,NULL,'2020-02-14 14:27:56','1342200053644'),(3145,'2020-02-14','3341500410898',1,NULL,'2020-02-14 14:27:56','1342200053644'),(3146,'2020-02-13','3330501082605',1,NULL,'2020-02-14 14:28:19','1342200053644'),(3147,'2020-02-13','3349800011660',1,NULL,'2020-02-14 14:28:19','1342200053644'),(3148,'2020-02-13','1340400164383',1,NULL,'2020-02-14 14:28:19','1342200053644'),(3149,'2020-02-13','1349900063908',1,NULL,'2020-02-14 14:28:19','1342200053644'),(3150,'2020-02-13','3341501686161',1,NULL,'2020-02-14 14:28:19','1342200053644'),(3151,'2020-02-13','3349800056311',1,NULL,'2020-02-14 14:28:19','1342200053644'),(3152,'2020-02-13','3341500253768',1,NULL,'2020-02-14 14:28:19','1342200053644'),(3153,'2020-02-13','3341501581629',1,NULL,'2020-02-14 14:28:19','1342200053644'),(3154,'2020-02-13','3349800180950',1,NULL,'2020-02-14 14:28:19','1342200053644'),(3155,'2020-02-13','3341500408273',1,NULL,'2020-02-14 14:28:19','1342200053644'),(3156,'2020-02-13','5342290003059',4,NULL,'2020-02-14 14:28:19','1342200053644'),(3157,'2020-02-13','1342200053644',1,NULL,'2020-02-14 14:28:19','1342200053644'),(3158,'2020-02-13','3341500410898',1,NULL,'2020-02-14 14:28:19','1342200053644'),(3159,'2020-02-17','3330501082605',1,NULL,'2020-02-17 09:28:56','1342200053644'),(3160,'2020-02-17','3349800011660',1,NULL,'2020-02-17 09:28:56','1342200053644'),(3161,'2020-02-17','1340400164383',1,NULL,'2020-02-17 09:28:56','1342200053644'),(3162,'2020-02-17','1349900063908',1,NULL,'2020-02-17 09:28:56','1342200053644'),(3163,'2020-02-17','3341501686161',1,NULL,'2020-02-17 09:28:56','1342200053644'),(3164,'2020-02-17','3349800056311',1,NULL,'2020-02-17 09:28:56','1342200053644'),(3165,'2020-02-17','3341500253768',1,NULL,'2020-02-17 09:28:56','1342200053644'),(3166,'2020-02-17','3341501581629',1,NULL,'2020-02-17 09:28:56','1342200053644'),(3167,'2020-02-17','3349800180950',1,NULL,'2020-02-17 09:28:56','1342200053644'),(3168,'2020-02-17','3341500408273',1,NULL,'2020-02-17 09:28:56','1342200053644'),(3169,'2020-02-17','5342290003059',1,NULL,'2020-02-17 09:28:56','1342200053644'),(3170,'2020-02-17','1342200053644',1,NULL,'2020-02-17 09:28:56','1342200053644'),(3171,'2020-02-17','3341500410898',1,NULL,'2020-02-17 09:28:56','1342200053644'),(3172,'2020-02-19','3330501082605',1,NULL,'2020-02-19 11:30:18','1342200053644'),(3173,'2020-02-19','3349800011660',1,NULL,'2020-02-19 11:30:18','1342200053644'),(3174,'2020-02-19','1340400164383',1,NULL,'2020-02-19 11:30:18','1342200053644'),(3175,'2020-02-19','1349900063908',1,NULL,'2020-02-19 11:30:18','1342200053644'),(3176,'2020-02-19','3341501686161',1,NULL,'2020-02-19 11:30:18','1342200053644'),(3177,'2020-02-19','3349800056311',1,NULL,'2020-02-19 11:30:18','1342200053644'),(3178,'2020-02-19','3341500253768',1,NULL,'2020-02-19 11:30:18','1342200053644'),(3179,'2020-02-19','3341501581629',1,NULL,'2020-02-19 11:30:18','1342200053644'),(3180,'2020-02-19','3349800180950',1,NULL,'2020-02-19 11:30:18','1342200053644'),(3181,'2020-02-19','3341500408273',1,NULL,'2020-02-19 11:30:18','1342200053644'),(3182,'2020-02-19','5342290003059',1,NULL,'2020-02-19 11:30:18','1342200053644'),(3183,'2020-02-19','1342200053644',1,NULL,'2020-02-19 11:30:18','1342200053644'),(3184,'2020-02-19','3341500410898',1,NULL,'2020-02-19 11:30:18','1342200053644'),(3185,'2020-02-24','3330501082605',1,NULL,'2020-02-24 10:08:01','1342200053644'),(3186,'2020-02-24','3349800011660',1,NULL,'2020-02-24 10:08:01','1342200053644'),(3187,'2020-02-24','1340400164383',1,NULL,'2020-02-24 10:08:01','1342200053644'),(3188,'2020-02-24','1349900063908',1,NULL,'2020-02-24 10:08:01','1342200053644'),(3189,'2020-02-24','3341501686161',1,NULL,'2020-02-24 10:08:01','1342200053644'),(3190,'2020-02-24','3349800056311',1,NULL,'2020-02-24 10:08:01','1342200053644'),(3191,'2020-02-24','3341500253768',1,NULL,'2020-02-24 10:08:01','1342200053644'),(3192,'2020-02-24','3341501581629',1,NULL,'2020-02-24 10:08:01','1342200053644'),(3193,'2020-02-24','3349800180950',1,NULL,'2020-02-24 10:08:01','1342200053644'),(3194,'2020-02-24','3341500408273',1,NULL,'2020-02-24 10:08:01','1342200053644'),(3195,'2020-02-24','5342290003059',1,NULL,'2020-02-24 10:08:01','1342200053644'),(3196,'2020-02-24','1342200053644',1,NULL,'2020-02-24 10:08:01','1342200053644'),(3197,'2020-02-24','3341500410898',1,NULL,'2020-02-24 10:08:01','1342200053644'),(3198,'2020-02-25','3330501082605',1,NULL,'2020-02-25 11:21:37','1342200053644'),(3199,'2020-02-25','3349800011660',1,NULL,'2020-02-25 11:21:37','1342200053644'),(3200,'2020-02-25','1340400164383',1,NULL,'2020-02-25 11:21:37','1342200053644'),(3201,'2020-02-25','1349900063908',1,NULL,'2020-02-25 11:21:37','1342200053644'),(3202,'2020-02-25','3341501686161',1,NULL,'2020-02-25 11:21:37','1342200053644'),(3203,'2020-02-25','3349800056311',1,NULL,'2020-02-25 11:21:37','1342200053644'),(3204,'2020-02-25','3341500253768',1,NULL,'2020-02-25 11:21:37','1342200053644'),(3205,'2020-02-25','3341501581629',1,NULL,'2020-02-25 11:21:37','1342200053644'),(3206,'2020-02-25','3349800180950',1,NULL,'2020-02-25 11:21:37','1342200053644'),(3207,'2020-02-25','3341500408273',1,NULL,'2020-02-25 11:21:37','1342200053644'),(3208,'2020-02-25','5342290003059',1,NULL,'2020-02-25 11:21:37','1342200053644'),(3209,'2020-02-25','1342200053644',1,NULL,'2020-02-25 11:21:37','1342200053644'),(3210,'2020-02-25','3341500410898',1,NULL,'2020-02-25 11:21:37','1342200053644'),(3211,'2020-02-26','3330501082605',1,NULL,'2020-02-26 13:57:15','1342200053644'),(3212,'2020-02-26','3349800011660',1,NULL,'2020-02-26 13:57:15','1342200053644'),(3213,'2020-02-26','1340400164383',1,NULL,'2020-02-26 13:57:15','1342200053644'),(3214,'2020-02-26','1349900063908',1,NULL,'2020-02-26 13:57:15','1342200053644'),(3215,'2020-02-26','3341501686161',1,NULL,'2020-02-26 13:57:15','1342200053644'),(3216,'2020-02-26','3349800056311',1,NULL,'2020-02-26 13:57:15','1342200053644'),(3217,'2020-02-26','3341500253768',1,NULL,'2020-02-26 13:57:15','1342200053644'),(3218,'2020-02-26','3341501581629',1,NULL,'2020-02-26 13:57:15','1342200053644'),(3219,'2020-02-26','3349800180950',1,NULL,'2020-02-26 13:57:15','1342200053644'),(3220,'2020-02-26','3341500408273',1,NULL,'2020-02-26 13:57:15','1342200053644'),(3221,'2020-02-26','5342290003059',1,NULL,'2020-02-26 13:57:15','1342200053644'),(3222,'2020-02-26','1342200053644',1,NULL,'2020-02-26 13:57:15','1342200053644'),(3223,'2020-02-26','3341500410898',1,NULL,'2020-02-26 13:57:15','1342200053644'),(3224,'2020-02-27','3330501082605',1,NULL,'2020-02-27 10:52:13','1342200053644'),(3225,'2020-02-27','3349800011660',1,NULL,'2020-02-27 10:52:13','1342200053644'),(3226,'2020-02-27','1340400164383',1,NULL,'2020-02-27 10:52:13','1342200053644'),(3227,'2020-02-27','1349900063908',3,NULL,'2020-02-27 10:52:13','1342200053644'),(3228,'2020-02-27','3341501686161',1,NULL,'2020-02-27 10:52:13','1342200053644'),(3229,'2020-02-27','3349800056311',1,NULL,'2020-02-27 10:52:13','1342200053644'),(3230,'2020-02-27','3341500253768',1,NULL,'2020-02-27 10:52:13','1342200053644'),(3231,'2020-02-27','3341501581629',1,NULL,'2020-02-27 10:52:13','1342200053644'),(3232,'2020-02-27','3349800180950',1,NULL,'2020-02-27 10:52:13','1342200053644'),(3233,'2020-02-27','3341500408273',1,NULL,'2020-02-27 10:52:13','1342200053644'),(3234,'2020-02-27','5342290003059',1,NULL,'2020-02-27 10:52:13','1342200053644'),(3235,'2020-02-27','1342200053644',1,NULL,'2020-02-27 10:52:13','1342200053644'),(3236,'2020-02-27','3341500410898',1,NULL,'2020-02-27 10:52:13','1342200053644'),(3237,'2020-03-02','3330501082605',1,NULL,'2020-03-02 11:16:33','1342200053644'),(3238,'2020-03-02','3349800011660',1,NULL,'2020-03-02 11:16:33','1342200053644'),(3239,'2020-03-02','1340400164383',1,NULL,'2020-03-02 11:16:33','1342200053644'),(3240,'2020-03-02','1349900063908',1,NULL,'2020-03-02 11:16:33','1342200053644'),(3241,'2020-03-02','3341501686161',1,NULL,'2020-03-02 11:16:33','1342200053644'),(3242,'2020-03-02','3349800056311',1,NULL,'2020-03-02 11:16:33','1342200053644'),(3243,'2020-03-02','3341500253768',1,NULL,'2020-03-02 11:16:33','1342200053644'),(3244,'2020-03-02','3341501581629',1,NULL,'2020-03-02 11:16:33','1342200053644'),(3245,'2020-03-02','3349800180950',1,NULL,'2020-03-02 11:16:33','1342200053644'),(3246,'2020-03-02','3341500408273',1,NULL,'2020-03-02 11:16:33','1342200053644'),(3247,'2020-03-02','5342290003059',1,NULL,'2020-03-02 11:16:33','1342200053644'),(3248,'2020-03-02','1342200053644',1,NULL,'2020-03-02 11:16:33','1342200053644'),(3249,'2020-03-02','3341500410898',1,NULL,'2020-03-02 11:16:33','1342200053644'),(3250,'2020-07-16','3330501082605',1,NULL,'2020-07-16 15:21:15','1342200053644'),(3251,'2020-07-16','3349800011660',1,NULL,'2020-07-16 15:21:15','1342200053644'),(3252,'2020-07-16','1310100023881',1,NULL,'2020-07-16 15:21:15','1342200053644'),(3253,'2020-07-16','1340400164383',1,NULL,'2020-07-16 15:21:15','1342200053644'),(3254,'2020-07-16','3341501686161',1,NULL,'2020-07-16 15:21:15','1342200053644'),(3255,'2020-07-16','1349900063908',4,NULL,'2020-07-16 15:21:15','1342200053644'),(3256,'2020-07-16','3349800056311',1,NULL,'2020-07-16 15:21:15','1342200053644'),(3257,'2020-07-16','3341500253768',1,NULL,'2020-07-16 15:21:15','1342200053644'),(3258,'2020-07-16','3341501581629',1,NULL,'2020-07-16 15:21:15','1342200053644'),(3259,'2020-07-16','3349800180950',1,NULL,'2020-07-16 15:21:15','1342200053644'),(3260,'2020-07-16','3341500408273',1,NULL,'2020-07-16 15:21:15','1342200053644'),(3261,'2020-07-16','5342290003059',1,NULL,'2020-07-16 15:21:15','1342200053644'),(3262,'2020-07-16','1342200053644',1,NULL,'2020-07-16 15:21:15','1342200053644'),(3263,'2020-07-16','3341500410898',1,NULL,'2020-07-16 15:21:15','1342200053644'),(3264,'2020-07-15','3330501082605',1,NULL,'2020-07-16 09:59:09','1342200053644'),(3265,'2020-07-15','3349800011660',1,NULL,'2020-07-16 09:59:09','1342200053644'),(3266,'2020-07-15','1310100023881',1,NULL,'2020-07-16 09:59:09','1342200053644'),(3267,'2020-07-15','1340400164383',1,NULL,'2020-07-16 09:59:09','1342200053644'),(3268,'2020-07-15','3341501686161',1,NULL,'2020-07-16 09:59:09','1342200053644'),(3269,'2020-07-15','1349900063908',1,NULL,'2020-07-16 09:59:09','1342200053644'),(3270,'2020-07-15','3349800056311',1,NULL,'2020-07-16 09:59:09','1342200053644'),(3271,'2020-07-15','3341500253768',1,NULL,'2020-07-16 09:59:09','1342200053644'),(3272,'2020-07-15','3341501581629',1,NULL,'2020-07-16 09:59:09','1342200053644'),(3273,'2020-07-15','3349800180950',1,NULL,'2020-07-16 09:59:09','1342200053644'),(3274,'2020-07-15','3341500408273',1,NULL,'2020-07-16 09:59:09','1342200053644'),(3275,'2020-07-15','5342290003059',1,NULL,'2020-07-16 09:59:09','1342200053644'),(3276,'2020-07-15','1342200053644',1,NULL,'2020-07-16 09:59:09','1342200053644'),(3277,'2020-07-15','3341500410898',1,NULL,'2020-07-16 09:59:09','1342200053644'),(3278,'2020-07-14','3330501082605',1,NULL,'2020-07-16 09:59:26','1342200053644'),(3279,'2020-07-14','3349800011660',1,NULL,'2020-07-16 09:59:26','1342200053644'),(3280,'2020-07-14','1310100023881',1,NULL,'2020-07-16 09:59:26','1342200053644'),(3281,'2020-07-14','1340400164383',1,NULL,'2020-07-16 09:59:26','1342200053644'),(3282,'2020-07-14','3341501686161',4,NULL,'2020-07-16 09:59:26','1342200053644'),(3283,'2020-07-14','1349900063908',1,NULL,'2020-07-16 09:59:26','1342200053644'),(3284,'2020-07-14','3349800056311',1,NULL,'2020-07-16 09:59:26','1342200053644'),(3285,'2020-07-14','3341500253768',1,NULL,'2020-07-16 09:59:26','1342200053644'),(3286,'2020-07-14','3341501581629',1,NULL,'2020-07-16 09:59:26','1342200053644'),(3287,'2020-07-14','3349800180950',1,NULL,'2020-07-16 09:59:26','1342200053644'),(3288,'2020-07-14','3341500408273',1,NULL,'2020-07-16 09:59:26','1342200053644'),(3289,'2020-07-14','5342290003059',1,NULL,'2020-07-16 09:59:26','1342200053644'),(3290,'2020-07-14','1342200053644',1,NULL,'2020-07-16 09:59:26','1342200053644'),(3291,'2020-07-14','3341500410898',1,NULL,'2020-07-16 09:59:26','1342200053644'),(3292,'2020-07-13','3330501082605',1,NULL,'2020-07-16 09:59:42','1342200053644'),(3293,'2020-07-13','3349800011660',1,NULL,'2020-07-16 09:59:42','1342200053644'),(3294,'2020-07-13','1310100023881',1,NULL,'2020-07-16 09:59:42','1342200053644'),(3295,'2020-07-13','1340400164383',1,NULL,'2020-07-16 09:59:42','1342200053644'),(3296,'2020-07-13','3341501686161',4,NULL,'2020-07-16 09:59:42','1342200053644'),(3297,'2020-07-13','1349900063908',1,NULL,'2020-07-16 09:59:42','1342200053644'),(3298,'2020-07-13','3349800056311',1,NULL,'2020-07-16 09:59:42','1342200053644'),(3299,'2020-07-13','3341500253768',1,NULL,'2020-07-16 09:59:42','1342200053644'),(3300,'2020-07-13','3341501581629',1,NULL,'2020-07-16 09:59:42','1342200053644'),(3301,'2020-07-13','3349800180950',1,NULL,'2020-07-16 09:59:42','1342200053644'),(3302,'2020-07-13','3341500408273',1,NULL,'2020-07-16 09:59:42','1342200053644'),(3303,'2020-07-13','5342290003059',1,NULL,'2020-07-16 09:59:42','1342200053644'),(3304,'2020-07-13','1342200053644',1,NULL,'2020-07-16 09:59:42','1342200053644'),(3305,'2020-07-13','3341500410898',1,NULL,'2020-07-16 09:59:42','1342200053644'),(3306,'2020-07-17','3330501082605',1,NULL,'2020-07-17 14:28:04','1342200053644'),(3307,'2020-07-17','3349800011660',1,NULL,'2020-07-17 14:28:04','1342200053644'),(3308,'2020-07-17','1310100023881',1,NULL,'2020-07-17 14:28:04','1342200053644'),(3309,'2020-07-17','1340400164383',1,NULL,'2020-07-17 14:28:04','1342200053644'),(3310,'2020-07-17','3341501686161',1,NULL,'2020-07-17 14:28:04','1342200053644'),(3311,'2020-07-17','1349900063908',1,NULL,'2020-07-17 14:28:04','1342200053644'),(3312,'2020-07-17','3349800056311',1,NULL,'2020-07-17 14:28:04','1342200053644'),(3313,'2020-07-17','3341500253768',1,NULL,'2020-07-17 14:28:04','1342200053644'),(3314,'2020-07-17','3341501581629',1,NULL,'2020-07-17 14:28:04','1342200053644'),(3315,'2020-07-17','3349800180950',1,NULL,'2020-07-17 14:28:04','1342200053644'),(3316,'2020-07-17','3341500408273',1,NULL,'2020-07-17 14:28:04','1342200053644'),(3317,'2020-07-17','5342290003059',1,NULL,'2020-07-17 14:28:04','1342200053644'),(3318,'2020-07-17','1342200053644',1,NULL,'2020-07-17 14:28:04','1342200053644'),(3319,'2020-07-17','3341500410898',1,NULL,'2020-07-17 14:28:04','1342200053644'),(3320,'2020-07-20','3330501082605',1,NULL,'2020-07-21 09:18:51','1342200053644'),(3321,'2020-07-20','3349800011660',1,NULL,'2020-07-21 09:18:51','1342200053644'),(3322,'2020-07-20','1310100023881',1,NULL,'2020-07-21 09:18:51','1342200053644'),(3323,'2020-07-20','1340400164383',1,NULL,'2020-07-21 09:18:51','1342200053644'),(3324,'2020-07-20','3341501686161',1,NULL,'2020-07-21 09:18:51','1342200053644'),(3325,'2020-07-20','1349900063908',1,NULL,'2020-07-21 09:18:51','1342200053644'),(3326,'2020-07-20','3349800056311',1,NULL,'2020-07-21 09:18:51','1342200053644'),(3327,'2020-07-20','3341500253768',1,NULL,'2020-07-21 09:18:51','1342200053644'),(3328,'2020-07-20','3341501581629',1,NULL,'2020-07-21 09:18:51','1342200053644'),(3329,'2020-07-20','3349800180950',1,NULL,'2020-07-21 09:18:51','1342200053644'),(3330,'2020-07-20','3341500408273',1,NULL,'2020-07-21 09:18:51','1342200053644'),(3331,'2020-07-20','5342290003059',1,NULL,'2020-07-21 09:18:51','1342200053644'),(3332,'2020-07-20','1342200053644',1,NULL,'2020-07-21 09:18:51','1342200053644'),(3333,'2020-07-20','3341500410898',1,NULL,'2020-07-21 09:18:51','1342200053644'),(3334,'2020-07-21','3330501082605',1,NULL,'2020-07-21 10:36:12','1342200053644'),(3335,'2020-07-21','3349800011660',1,NULL,'2020-07-21 10:36:12','1342200053644'),(3336,'2020-07-21','1310100023881',1,NULL,'2020-07-21 10:36:12','1342200053644'),(3337,'2020-07-21','1340400164383',1,NULL,'2020-07-21 10:36:12','1342200053644'),(3338,'2020-07-21','3341501686161',1,NULL,'2020-07-21 10:36:12','1342200053644'),(3339,'2020-07-21','1349900063908',1,NULL,'2020-07-21 10:36:12','1342200053644'),(3340,'2020-07-21','3349800056311',1,NULL,'2020-07-21 10:36:12','1342200053644'),(3341,'2020-07-21','3341500253768',1,NULL,'2020-07-21 10:36:12','1342200053644'),(3342,'2020-07-21','3341501581629',1,NULL,'2020-07-21 10:36:12','1342200053644'),(3343,'2020-07-21','3349800180950',1,NULL,'2020-07-21 10:36:12','1342200053644'),(3344,'2020-07-21','3341500408273',1,NULL,'2020-07-21 10:36:12','1342200053644'),(3345,'2020-07-21','5342290003059',1,NULL,'2020-07-21 10:36:12','1342200053644'),(3346,'2020-07-21','1342200053644',1,NULL,'2020-07-21 10:36:12','1342200053644'),(3347,'2020-07-21','3341500410898',1,NULL,'2020-07-21 10:36:12','1342200053644'),(3348,'2020-07-22','3330501082605',1,NULL,'2020-07-22 10:44:04','1342200053644'),(3349,'2020-07-22','3349800011660',1,NULL,'2020-07-22 10:44:04','1342200053644'),(3350,'2020-07-22','1310100023881',1,NULL,'2020-07-22 10:44:04','1342200053644'),(3351,'2020-07-22','1340400164383',1,NULL,'2020-07-22 10:44:04','1342200053644'),(3352,'2020-07-22','3341501686161',1,NULL,'2020-07-22 10:44:04','1342200053644'),(3353,'2020-07-22','1349900063908',1,NULL,'2020-07-22 10:44:04','1342200053644'),(3354,'2020-07-22','3349800056311',1,NULL,'2020-07-22 10:44:04','1342200053644'),(3355,'2020-07-22','3341500253768',1,NULL,'2020-07-22 10:44:04','1342200053644'),(3356,'2020-07-22','3341501581629',1,NULL,'2020-07-22 10:44:04','1342200053644'),(3357,'2020-07-22','3349800180950',1,NULL,'2020-07-22 10:44:04','1342200053644'),(3358,'2020-07-22','3341500408273',1,NULL,'2020-07-22 10:44:04','1342200053644'),(3359,'2020-07-22','5342290003059',1,NULL,'2020-07-22 10:44:04','1342200053644'),(3360,'2020-07-22','1342200053644',1,NULL,'2020-07-22 10:44:04','1342200053644'),(3361,'2020-07-22','3341500410898',1,NULL,'2020-07-22 10:44:04','1342200053644'),(3362,'2020-07-29','3330501082605',1,NULL,'2020-07-29 09:22:17','1342200053644'),(3363,'2020-07-29','3349800011660',1,NULL,'2020-07-29 09:22:17','1342200053644'),(3364,'2020-07-29','1310100023881',1,NULL,'2020-07-29 09:22:17','1342200053644'),(3365,'2020-07-29','1340400164383',1,NULL,'2020-07-29 09:22:17','1342200053644'),(3366,'2020-07-29','3341501686161',1,NULL,'2020-07-29 09:22:17','1342200053644'),(3367,'2020-07-29','1349900063908',1,NULL,'2020-07-29 09:22:17','1342200053644'),(3368,'2020-07-29','3349800056311',1,NULL,'2020-07-29 09:22:17','1342200053644'),(3369,'2020-07-29','3341500253768',1,NULL,'2020-07-29 09:22:17','1342200053644'),(3370,'2020-07-29','3341501581629',1,NULL,'2020-07-29 09:22:17','1342200053644'),(3371,'2020-07-29','3349800180950',1,NULL,'2020-07-29 09:22:17','1342200053644'),(3372,'2020-07-29','3341500408273',1,NULL,'2020-07-29 09:22:17','1342200053644'),(3373,'2020-07-29','5342290003059',1,NULL,'2020-07-29 09:22:17','1342200053644'),(3374,'2020-07-29','1342200053644',1,NULL,'2020-07-29 09:22:17','1342200053644'),(3375,'2020-07-29','3341500410898',1,NULL,'2020-07-29 09:22:17','1342200053644'),(3376,'2020-08-03','3330501082605',1,NULL,'2020-08-03 09:39:51','1342200053644'),(3377,'2020-08-03','3349800011660',3,NULL,'2020-08-03 09:39:51','1342200053644'),(3378,'2020-08-03','1310100023881',1,NULL,'2020-08-03 09:39:51','1342200053644'),(3379,'2020-08-03','1340400164383',1,NULL,'2020-08-03 09:39:51','1342200053644'),(3380,'2020-08-03','3341501686161',1,NULL,'2020-08-03 09:39:51','1342200053644'),(3381,'2020-08-03','1349900063908',1,NULL,'2020-08-03 09:39:51','1342200053644'),(3382,'2020-08-03','3349800056311',1,NULL,'2020-08-03 09:39:51','1342200053644'),(3383,'2020-08-03','3341500253768',1,NULL,'2020-08-03 09:39:51','1342200053644'),(3384,'2020-08-03','3341501581629',1,NULL,'2020-08-03 09:39:51','1342200053644'),(3385,'2020-08-03','3349800180950',1,NULL,'2020-08-03 09:39:51','1342200053644'),(3386,'2020-08-03','3341500408273',1,NULL,'2020-08-03 09:39:51','1342200053644'),(3387,'2020-08-03','5342290003059',1,NULL,'2020-08-03 09:39:51','1342200053644'),(3388,'2020-08-03','1342200053644',1,NULL,'2020-08-03 09:39:51','1342200053644'),(3389,'2020-08-03','3341500410898',1,NULL,'2020-08-03 09:39:51','1342200053644'),(3390,'2020-08-04','3330501082605',1,NULL,'2020-08-04 11:11:07','1342200053644'),(3391,'2020-08-04','3349800011660',1,NULL,'2020-08-04 11:11:07','1342200053644'),(3392,'2020-08-04','1310100023881',1,NULL,'2020-08-04 11:11:07','1342200053644'),(3393,'2020-08-04','1340400164383',1,NULL,'2020-08-04 11:11:07','1342200053644'),(3394,'2020-08-04','3341501686161',1,NULL,'2020-08-04 11:11:07','1342200053644'),(3395,'2020-08-04','1349900063908',1,NULL,'2020-08-04 11:11:07','1342200053644'),(3396,'2020-08-04','3349800056311',1,NULL,'2020-08-04 11:11:07','1342200053644'),(3397,'2020-08-04','3341500253768',1,NULL,'2020-08-04 11:11:07','1342200053644'),(3398,'2020-08-04','3341501581629',1,NULL,'2020-08-04 11:11:07','1342200053644'),(3399,'2020-08-04','3349800180950',1,NULL,'2020-08-04 11:11:07','1342200053644'),(3400,'2020-08-04','3341500408273',1,NULL,'2020-08-04 11:11:07','1342200053644'),(3401,'2020-08-04','5342290003059',1,NULL,'2020-08-04 11:11:07','1342200053644'),(3402,'2020-08-04','1342200053644',1,NULL,'2020-08-04 11:11:07','1342200053644'),(3403,'2020-08-04','3341500410898',1,NULL,'2020-08-04 11:11:07','1342200053644'),(3404,'2020-08-05','3330501082605',1,NULL,'2020-08-05 09:57:45','1342200053644'),(3405,'2020-08-05','3349800011660',1,NULL,'2020-08-05 09:57:45','1342200053644'),(3406,'2020-08-05','1310100023881',1,NULL,'2020-08-05 09:57:45','1342200053644'),(3407,'2020-08-05','1340400164383',1,NULL,'2020-08-05 09:57:45','1342200053644'),(3408,'2020-08-05','3341501686161',1,NULL,'2020-08-05 09:57:45','1342200053644'),(3409,'2020-08-05','1349900063908',1,NULL,'2020-08-05 09:57:45','1342200053644'),(3410,'2020-08-05','3349800056311',1,NULL,'2020-08-05 09:57:45','1342200053644'),(3411,'2020-08-05','3341500253768',1,NULL,'2020-08-05 09:57:45','1342200053644'),(3412,'2020-08-05','3341501581629',1,NULL,'2020-08-05 09:57:45','1342200053644'),(3413,'2020-08-05','3349800180950',1,NULL,'2020-08-05 09:57:45','1342200053644'),(3414,'2020-08-05','3341500408273',1,NULL,'2020-08-05 09:57:45','1342200053644'),(3415,'2020-08-05','5342290003059',1,NULL,'2020-08-05 09:57:45','1342200053644'),(3416,'2020-08-05','1342200053644',1,NULL,'2020-08-05 09:57:45','1342200053644'),(3417,'2020-08-05','3341500410898',1,NULL,'2020-08-05 09:57:45','1342200053644'),(3418,'2020-08-07','3330501082605',1,NULL,'2020-08-07 10:02:20','1342200053644'),(3419,'2020-08-07','3349800011660',1,NULL,'2020-08-07 10:02:20','1342200053644'),(3420,'2020-08-07','1310100023881',1,NULL,'2020-08-07 10:02:20','1342200053644'),(3421,'2020-08-07','1340400164383',1,NULL,'2020-08-07 10:02:20','1342200053644'),(3422,'2020-08-07','3341501686161',1,NULL,'2020-08-07 10:02:20','1342200053644'),(3423,'2020-08-07','1349900063908',1,NULL,'2020-08-07 10:02:20','1342200053644'),(3424,'2020-08-07','3349800056311',1,NULL,'2020-08-07 10:02:20','1342200053644'),(3425,'2020-08-07','3341500253768',1,NULL,'2020-08-07 10:02:20','1342200053644'),(3426,'2020-08-07','3341501581629',1,NULL,'2020-08-07 10:02:20','1342200053644'),(3427,'2020-08-07','3349800180950',1,NULL,'2020-08-07 10:02:20','1342200053644'),(3428,'2020-08-07','3341500408273',1,NULL,'2020-08-07 10:02:20','1342200053644'),(3429,'2020-08-07','5342290003059',1,NULL,'2020-08-07 10:02:20','1342200053644'),(3430,'2020-08-07','1342200053644',1,NULL,'2020-08-07 10:02:20','1342200053644'),(3431,'2020-08-07','3341500410898',1,NULL,'2020-08-07 10:02:20','1342200053644'),(3432,'2020-08-19','3330501082605',1,NULL,'2020-08-19 11:52:30','1342200053644'),(3433,'2020-08-19','3349800011660',1,NULL,'2020-08-19 11:52:30','1342200053644'),(3434,'2020-08-19','1310100023881',1,NULL,'2020-08-19 11:52:30','1342200053644'),(3435,'2020-08-19','1340400164383',1,NULL,'2020-08-19 11:52:30','1342200053644'),(3436,'2020-08-19','3341501686161',1,NULL,'2020-08-19 11:52:30','1342200053644'),(3437,'2020-08-19','1349900063908',1,NULL,'2020-08-19 11:52:30','1342200053644'),(3438,'2020-08-19','3349800056311',1,NULL,'2020-08-19 11:52:30','1342200053644'),(3439,'2020-08-19','3341500253768',3,NULL,'2020-08-19 11:52:30','1342200053644'),(3440,'2020-08-19','3341501581629',1,NULL,'2020-08-19 11:52:30','1342200053644'),(3441,'2020-08-19','3349800180950',1,NULL,'2020-08-19 11:52:30','1342200053644'),(3442,'2020-08-19','3341500408273',1,NULL,'2020-08-19 11:52:30','1342200053644'),(3443,'2020-08-19','5342290003059',1,NULL,'2020-08-19 11:52:30','1342200053644'),(3444,'2020-08-19','1342200053644',1,NULL,'2020-08-19 11:52:30','1342200053644'),(3445,'2020-08-19','3341500410898',1,NULL,'2020-08-19 11:52:30','1342200053644'),(3446,'2020-08-18','3330501082605',1,NULL,'2020-08-19 11:52:51','1342200053644'),(3447,'2020-08-18','3349800011660',1,NULL,'2020-08-19 11:52:51','1342200053644'),(3448,'2020-08-18','1310100023881',1,NULL,'2020-08-19 11:52:51','1342200053644'),(3449,'2020-08-18','1340400164383',1,NULL,'2020-08-19 11:52:51','1342200053644'),(3450,'2020-08-18','3341501686161',1,NULL,'2020-08-19 11:52:51','1342200053644'),(3451,'2020-08-18','1349900063908',1,NULL,'2020-08-19 11:52:51','1342200053644'),(3452,'2020-08-18','3349800056311',1,NULL,'2020-08-19 11:52:51','1342200053644'),(3453,'2020-08-18','3341500253768',1,NULL,'2020-08-19 11:52:51','1342200053644'),(3454,'2020-08-18','3341501581629',1,NULL,'2020-08-19 11:52:51','1342200053644'),(3455,'2020-08-18','3349800180950',1,NULL,'2020-08-19 11:52:51','1342200053644'),(3456,'2020-08-18','3341500408273',1,NULL,'2020-08-19 11:52:51','1342200053644'),(3457,'2020-08-18','5342290003059',1,NULL,'2020-08-19 11:52:51','1342200053644'),(3458,'2020-08-18','1342200053644',1,NULL,'2020-08-19 11:52:51','1342200053644'),(3459,'2020-08-18','3341500410898',1,NULL,'2020-08-19 11:52:51','1342200053644'),(3460,'2020-08-17','3330501082605',1,NULL,'2020-08-19 11:53:04','1342200053644'),(3461,'2020-08-17','3349800011660',1,NULL,'2020-08-19 11:53:04','1342200053644'),(3462,'2020-08-17','1310100023881',1,NULL,'2020-08-19 11:53:04','1342200053644'),(3463,'2020-08-17','1340400164383',1,NULL,'2020-08-19 11:53:04','1342200053644'),(3464,'2020-08-17','3341501686161',1,NULL,'2020-08-19 11:53:04','1342200053644'),(3465,'2020-08-17','1349900063908',1,NULL,'2020-08-19 11:53:04','1342200053644'),(3466,'2020-08-17','3349800056311',1,NULL,'2020-08-19 11:53:04','1342200053644'),(3467,'2020-08-17','3341500253768',1,NULL,'2020-08-19 11:53:04','1342200053644'),(3468,'2020-08-17','3341501581629',1,NULL,'2020-08-19 11:53:04','1342200053644'),(3469,'2020-08-17','3349800180950',1,NULL,'2020-08-19 11:53:04','1342200053644'),(3470,'2020-08-17','3341500408273',1,NULL,'2020-08-19 11:53:04','1342200053644'),(3471,'2020-08-17','5342290003059',1,NULL,'2020-08-19 11:53:04','1342200053644'),(3472,'2020-08-17','1342200053644',1,NULL,'2020-08-19 11:53:04','1342200053644'),(3473,'2020-08-17','3341500410898',1,NULL,'2020-08-19 11:53:04','1342200053644'),(3474,'2020-08-14','3330501082605',1,NULL,'2020-08-19 11:53:17','1342200053644'),(3475,'2020-08-14','3349800011660',1,NULL,'2020-08-19 11:53:17','1342200053644'),(3476,'2020-08-14','1310100023881',1,NULL,'2020-08-19 11:53:17','1342200053644'),(3477,'2020-08-14','1340400164383',1,NULL,'2020-08-19 11:53:17','1342200053644'),(3478,'2020-08-14','3341501686161',1,NULL,'2020-08-19 11:53:17','1342200053644'),(3479,'2020-08-14','1349900063908',1,NULL,'2020-08-19 11:53:17','1342200053644'),(3480,'2020-08-14','3349800056311',1,NULL,'2020-08-19 11:53:17','1342200053644'),(3481,'2020-08-14','3341500253768',1,NULL,'2020-08-19 11:53:17','1342200053644'),(3482,'2020-08-14','3341501581629',1,NULL,'2020-08-19 11:53:17','1342200053644'),(3483,'2020-08-14','3349800180950',1,NULL,'2020-08-19 11:53:17','1342200053644'),(3484,'2020-08-14','3341500408273',1,NULL,'2020-08-19 11:53:17','1342200053644'),(3485,'2020-08-14','5342290003059',1,NULL,'2020-08-19 11:53:17','1342200053644'),(3486,'2020-08-14','1342200053644',1,NULL,'2020-08-19 11:53:17','1342200053644'),(3487,'2020-08-14','3341500410898',1,NULL,'2020-08-19 11:53:17','1342200053644'),(3488,'2020-08-13','3330501082605',1,NULL,'2020-08-19 11:53:35','1342200053644'),(3489,'2020-08-13','3349800011660',4,NULL,'2020-08-19 11:53:35','1342200053644'),(3490,'2020-08-13','1310100023881',1,NULL,'2020-08-19 11:53:35','1342200053644'),(3491,'2020-08-13','1340400164383',1,NULL,'2020-08-19 11:53:35','1342200053644'),(3492,'2020-08-13','3341501686161',1,NULL,'2020-08-19 11:53:35','1342200053644'),(3493,'2020-08-13','1349900063908',1,NULL,'2020-08-19 11:53:35','1342200053644'),(3494,'2020-08-13','3349800056311',1,NULL,'2020-08-19 11:53:35','1342200053644'),(3495,'2020-08-13','3341500253768',1,NULL,'2020-08-19 11:53:35','1342200053644'),(3496,'2020-08-13','3341501581629',1,NULL,'2020-08-19 11:53:35','1342200053644'),(3497,'2020-08-13','3349800180950',1,NULL,'2020-08-19 11:53:35','1342200053644'),(3498,'2020-08-13','3341500408273',1,NULL,'2020-08-19 11:53:35','1342200053644'),(3499,'2020-08-13','5342290003059',1,NULL,'2020-08-19 11:53:35','1342200053644'),(3500,'2020-08-13','1342200053644',1,NULL,'2020-08-19 11:53:35','1342200053644'),(3501,'2020-08-13','3341500410898',1,NULL,'2020-08-19 11:53:35','1342200053644'),(3502,'2020-08-20','3330501082605',1,NULL,'2020-08-20 13:35:11','1342200053644'),(3503,'2020-08-20','3349800011660',1,NULL,'2020-08-20 13:35:11','1342200053644'),(3504,'2020-08-20','1310100023881',1,NULL,'2020-08-20 13:35:11','1342200053644'),(3505,'2020-08-20','1340400164383',1,NULL,'2020-08-20 13:35:11','1342200053644'),(3506,'2020-08-20','3341501686161',1,NULL,'2020-08-20 13:35:11','1342200053644'),(3507,'2020-08-20','1349900063908',1,NULL,'2020-08-20 13:35:11','1342200053644'),(3508,'2020-08-20','3349800056311',1,NULL,'2020-08-20 13:35:11','1342200053644'),(3509,'2020-08-20','3341500253768',3,NULL,'2020-08-20 13:35:11','1342200053644'),(3510,'2020-08-20','3341501581629',1,NULL,'2020-08-20 13:35:11','1342200053644'),(3511,'2020-08-20','3349800180950',1,NULL,'2020-08-20 13:35:11','1342200053644'),(3512,'2020-08-20','3341500408273',1,NULL,'2020-08-20 13:35:11','1342200053644'),(3513,'2020-08-20','5342290003059',1,NULL,'2020-08-20 13:35:11','1342200053644'),(3514,'2020-08-20','1342200053644',1,NULL,'2020-08-20 13:35:11','1342200053644'),(3515,'2020-08-20','3341500410898',1,NULL,'2020-08-20 13:35:11','1342200053644'),(3516,'2020-09-10','3330501082605',1,NULL,'2020-09-10 09:22:04','1342200053644'),(3517,'2020-09-10','3349800011660',1,NULL,'2020-09-10 09:22:04','1342200053644'),(3518,'2020-09-10','1310100023881',1,NULL,'2020-09-10 09:22:04','1342200053644'),(3519,'2020-09-10','1340400164383',1,NULL,'2020-09-10 09:22:04','1342200053644'),(3520,'2020-09-10','3341501686161',1,NULL,'2020-09-10 09:22:04','1342200053644'),(3521,'2020-09-10','1349900063908',3,NULL,'2020-09-10 09:22:04','1342200053644'),(3522,'2020-09-10','3349800056311',1,NULL,'2020-09-10 09:22:04','1342200053644'),(3523,'2020-09-10','3341500253768',1,NULL,'2020-09-10 09:22:04','1342200053644'),(3524,'2020-09-10','3341501581629',1,NULL,'2020-09-10 09:22:04','1342200053644'),(3525,'2020-09-10','3349800180950',1,NULL,'2020-09-10 09:22:04','1342200053644'),(3526,'2020-09-10','3341500408273',1,NULL,'2020-09-10 09:22:04','1342200053644'),(3527,'2020-09-10','5342290003059',1,NULL,'2020-09-10 09:22:04','1342200053644'),(3528,'2020-09-10','1342200053644',1,NULL,'2020-09-10 09:22:04','1342200053644'),(3529,'2020-09-10','3341500410898',1,NULL,'2020-09-10 09:22:04','1342200053644'),(3530,'2020-09-09','3330501082605',1,NULL,'2020-09-10 09:22:23','1342200053644'),(3531,'2020-09-09','3349800011660',1,NULL,'2020-09-10 09:22:23','1342200053644'),(3532,'2020-09-09','1310100023881',1,NULL,'2020-09-10 09:22:23','1342200053644'),(3533,'2020-09-09','1340400164383',1,NULL,'2020-09-10 09:22:23','1342200053644'),(3534,'2020-09-09','3341501686161',2,NULL,'2020-09-10 09:22:23','1342200053644'),(3535,'2020-09-09','1349900063908',1,NULL,'2020-09-10 09:22:23','1342200053644'),(3536,'2020-09-09','3349800056311',1,NULL,'2020-09-10 09:22:23','1342200053644'),(3537,'2020-09-09','3341500253768',1,NULL,'2020-09-10 09:22:23','1342200053644'),(3538,'2020-09-09','3341501581629',1,NULL,'2020-09-10 09:22:23','1342200053644'),(3539,'2020-09-09','3349800180950',1,NULL,'2020-09-10 09:22:23','1342200053644'),(3540,'2020-09-09','3341500408273',1,NULL,'2020-09-10 09:22:23','1342200053644'),(3541,'2020-09-09','5342290003059',1,NULL,'2020-09-10 09:22:23','1342200053644'),(3542,'2020-09-09','1342200053644',1,NULL,'2020-09-10 09:22:23','1342200053644'),(3543,'2020-09-09','3341500410898',1,NULL,'2020-09-10 09:22:23','1342200053644'),(3544,'2020-09-08','3330501082605',1,NULL,'2020-09-10 09:22:39','1342200053644'),(3545,'2020-09-08','3349800011660',1,NULL,'2020-09-10 09:22:39','1342200053644'),(3546,'2020-09-08','1310100023881',1,NULL,'2020-09-10 09:22:39','1342200053644'),(3547,'2020-09-08','1340400164383',1,NULL,'2020-09-10 09:22:39','1342200053644'),(3548,'2020-09-08','3341501686161',1,NULL,'2020-09-10 09:22:39','1342200053644'),(3549,'2020-09-08','1349900063908',1,NULL,'2020-09-10 09:22:39','1342200053644'),(3550,'2020-09-08','3349800056311',1,NULL,'2020-09-10 09:22:39','1342200053644'),(3551,'2020-09-08','3341500253768',2,NULL,'2020-09-10 09:22:39','1342200053644'),(3552,'2020-09-08','3341501581629',1,NULL,'2020-09-10 09:22:39','1342200053644'),(3553,'2020-09-08','3349800180950',1,NULL,'2020-09-10 09:22:39','1342200053644'),(3554,'2020-09-08','3341500408273',1,NULL,'2020-09-10 09:22:39','1342200053644'),(3555,'2020-09-08','5342290003059',1,NULL,'2020-09-10 09:22:39','1342200053644'),(3556,'2020-09-08','1342200053644',1,NULL,'2020-09-10 09:22:39','1342200053644'),(3557,'2020-09-08','3341500410898',1,NULL,'2020-09-10 09:22:39','1342200053644'),(3558,'2020-09-03','3330501082605',1,NULL,'2020-09-10 09:23:03','1342200053644'),(3559,'2020-09-03','3349800011660',1,NULL,'2020-09-10 09:23:03','1342200053644'),(3560,'2020-09-03','1310100023881',1,NULL,'2020-09-10 09:23:03','1342200053644'),(3561,'2020-09-03','1340400164383',1,NULL,'2020-09-10 09:23:03','1342200053644'),(3562,'2020-09-03','3341501686161',1,NULL,'2020-09-10 09:23:03','1342200053644'),(3563,'2020-09-03','1349900063908',1,NULL,'2020-09-10 09:23:03','1342200053644'),(3564,'2020-09-03','3349800056311',1,NULL,'2020-09-10 09:23:03','1342200053644'),(3565,'2020-09-03','3341500253768',1,NULL,'2020-09-10 09:23:03','1342200053644'),(3566,'2020-09-03','3341501581629',1,NULL,'2020-09-10 09:23:03','1342200053644'),(3567,'2020-09-03','3349800180950',1,NULL,'2020-09-10 09:23:03','1342200053644'),(3568,'2020-09-03','3341500408273',1,NULL,'2020-09-10 09:23:03','1342200053644'),(3569,'2020-09-03','5342290003059',1,NULL,'2020-09-10 09:23:03','1342200053644'),(3570,'2020-09-03','1342200053644',1,NULL,'2020-09-10 09:23:03','1342200053644'),(3571,'2020-09-03','3341500410898',1,NULL,'2020-09-10 09:23:03','1342200053644'),(3572,'2020-09-11','3330501082605',1,NULL,'2020-09-11 10:42:59','1342200053644'),(3573,'2020-09-11','3349800011660',1,NULL,'2020-09-11 10:42:59','1342200053644'),(3574,'2020-09-11','1310100023881',1,NULL,'2020-09-11 10:42:59','1342200053644'),(3575,'2020-09-11','1340400164383',1,NULL,'2020-09-11 10:42:59','1342200053644'),(3576,'2020-09-11','3341501686161',1,NULL,'2020-09-11 10:42:59','1342200053644'),(3577,'2020-09-11','1349900063908',3,NULL,'2020-09-11 10:42:59','1342200053644'),(3578,'2020-09-11','3349800056311',1,NULL,'2020-09-11 10:42:59','1342200053644'),(3579,'2020-09-11','3341500253768',1,NULL,'2020-09-11 10:42:59','1342200053644'),(3580,'2020-09-11','3341501581629',1,NULL,'2020-09-11 10:42:59','1342200053644'),(3581,'2020-09-11','3349800180950',1,NULL,'2020-09-11 10:42:59','1342200053644'),(3582,'2020-09-11','3341500408273',1,NULL,'2020-09-11 10:42:59','1342200053644'),(3583,'2020-09-11','5342290003059',1,NULL,'2020-09-11 10:42:59','1342200053644'),(3584,'2020-09-11','1342200053644',1,NULL,'2020-09-11 10:42:59','1342200053644'),(3585,'2020-09-11','3341500410898',1,NULL,'2020-09-11 10:42:59','1342200053644'),(3586,'2020-09-12','3330501082605',1,NULL,'2020-09-12 09:36:37','1342200053644'),(3587,'2020-09-12','3349800011660',1,NULL,'2020-09-12 09:36:37','1342200053644'),(3588,'2020-09-12','1310100023881',1,NULL,'2020-09-12 09:36:37','1342200053644'),(3589,'2020-09-12','1340400164383',1,NULL,'2020-09-12 09:36:37','1342200053644'),(3590,'2020-09-12','3341501686161',1,NULL,'2020-09-12 09:36:37','1342200053644'),(3591,'2020-09-12','1349900063908',1,NULL,'2020-09-12 09:36:37','1342200053644'),(3592,'2020-09-12','3349800056311',1,NULL,'2020-09-12 09:36:37','1342200053644'),(3593,'2020-09-12','3341500253768',1,NULL,'2020-09-12 09:36:37','1342200053644'),(3594,'2020-09-12','3341501581629',1,NULL,'2020-09-12 09:36:37','1342200053644'),(3595,'2020-09-12','3349800180950',1,NULL,'2020-09-12 09:36:37','1342200053644'),(3596,'2020-09-12','3341500408273',1,NULL,'2020-09-12 09:36:37','1342200053644'),(3597,'2020-09-12','5342290003059',1,NULL,'2020-09-12 09:36:37','1342200053644'),(3598,'2020-09-12','1342200053644',1,NULL,'2020-09-12 09:36:37','1342200053644'),(3599,'2020-09-12','3341500410898',1,NULL,'2020-09-12 09:36:37','1342200053644'),(3600,'2020-09-16','3330501082605',1,NULL,'2020-09-16 13:56:35','1342200053644'),(3601,'2020-09-16','3349800011660',1,NULL,'2020-09-16 13:56:35','1342200053644'),(3602,'2020-09-16','1310100023881',1,NULL,'2020-09-16 13:56:35','1342200053644'),(3603,'2020-09-16','1340400164383',1,NULL,'2020-09-16 13:56:35','1342200053644'),(3604,'2020-09-16','3341501686161',1,NULL,'2020-09-16 13:56:35','1342200053644'),(3605,'2020-09-16','1349900063908',1,NULL,'2020-09-16 13:56:35','1342200053644'),(3606,'2020-09-16','3349800056311',1,NULL,'2020-09-16 13:56:35','1342200053644'),(3607,'2020-09-16','3341500253768',1,NULL,'2020-09-16 13:56:35','1342200053644'),(3608,'2020-09-16','3341501581629',1,NULL,'2020-09-16 13:56:35','1342200053644'),(3609,'2020-09-16','3349800180950',1,NULL,'2020-09-16 13:56:35','1342200053644'),(3610,'2020-09-16','3341500408273',1,NULL,'2020-09-16 13:56:35','1342200053644'),(3611,'2020-09-16','5342290003059',1,NULL,'2020-09-16 13:56:35','1342200053644'),(3612,'2020-09-16','1342200053644',1,NULL,'2020-09-16 13:56:35','1342200053644'),(3613,'2020-09-16','3341500410898',1,NULL,'2020-09-16 13:56:35','1342200053644'),(3614,'2020-09-17','3330501082605',1,NULL,'2020-09-17 10:36:17','1342200053644'),(3615,'2020-09-17','3349800011660',1,NULL,'2020-09-17 10:36:17','1342200053644'),(3616,'2020-09-17','1310100023881',1,NULL,'2020-09-17 10:36:17','1342200053644'),(3617,'2020-09-17','1340400164383',1,NULL,'2020-09-17 10:36:17','1342200053644'),(3618,'2020-09-17','3341501686161',1,NULL,'2020-09-17 10:36:17','1342200053644'),(3619,'2020-09-17','1349900063908',1,NULL,'2020-09-17 10:36:17','1342200053644'),(3620,'2020-09-17','3349800056311',1,NULL,'2020-09-17 10:36:17','1342200053644'),(3621,'2020-09-17','3341500253768',1,NULL,'2020-09-17 10:36:17','1342200053644'),(3622,'2020-09-17','3341501581629',1,NULL,'2020-09-17 10:36:17','1342200053644'),(3623,'2020-09-17','3349800180950',1,NULL,'2020-09-17 10:36:17','1342200053644'),(3624,'2020-09-17','3341500408273',1,NULL,'2020-09-17 10:36:17','1342200053644'),(3625,'2020-09-17','5342290003059',1,NULL,'2020-09-17 10:36:17','1342200053644'),(3626,'2020-09-17','1342200053644',1,NULL,'2020-09-17 10:36:17','1342200053644'),(3627,'2020-09-17','3341500410898',1,NULL,'2020-09-17 10:36:17','1342200053644'),(3628,'2020-11-07','3330501082605',1,NULL,'2020-11-07 10:36:01','1342200053644'),(3629,'2020-11-07','3349800011660',1,NULL,'2020-11-07 10:36:01','1342200053644'),(3630,'2020-11-07','1310100023881',1,NULL,'2020-11-07 10:36:01','1342200053644'),(3631,'2020-11-07','1340400164383',1,NULL,'2020-11-07 10:36:01','1342200053644'),(3632,'2020-11-07','3341501686161',1,NULL,'2020-11-07 10:36:01','1342200053644'),(3633,'2020-11-07','3349800056311',1,NULL,'2020-11-07 10:36:01','1342200053644'),(3634,'2020-11-07','3341501581629',1,NULL,'2020-11-07 10:36:01','1342200053644'),(3635,'2020-11-07','1349900063908',1,NULL,'2020-11-07 10:36:01','1342200053644'),(3636,'2020-11-07','3349800180950',1,NULL,'2020-11-07 10:36:01','1342200053644'),(3637,'2020-11-07','3341500408273',1,NULL,'2020-11-07 10:36:01','1342200053644'),(3638,'2020-11-07','5342290003059',1,NULL,'2020-11-07 10:36:01','1342200053644'),(3639,'2020-11-07','1342200053644',1,NULL,'2020-11-07 10:36:01','1342200053644'),(3640,'2020-11-07','3341500410898',1,NULL,'2020-11-07 10:36:01','1342200053644'),(3641,'2020-11-06','3330501082605',1,NULL,'2020-11-07 10:36:21','1342200053644'),(3642,'2020-11-06','3349800011660',1,NULL,'2020-11-07 10:36:21','1342200053644'),(3643,'2020-11-06','1310100023881',1,NULL,'2020-11-07 10:36:21','1342200053644'),(3644,'2020-11-06','1340400164383',1,NULL,'2020-11-07 10:36:21','1342200053644'),(3645,'2020-11-06','3341501686161',1,NULL,'2020-11-07 10:36:21','1342200053644'),(3646,'2020-11-06','3349800056311',1,NULL,'2020-11-07 10:36:21','1342200053644'),(3647,'2020-11-06','3341501581629',1,NULL,'2020-11-07 10:36:21','1342200053644'),(3648,'2020-11-06','1349900063908',1,NULL,'2020-11-07 10:36:21','1342200053644'),(3649,'2020-11-06','3349800180950',1,NULL,'2020-11-07 10:36:21','1342200053644'),(3650,'2020-11-06','3341500408273',1,NULL,'2020-11-07 10:36:21','1342200053644'),(3651,'2020-11-06','5342290003059',1,NULL,'2020-11-07 10:36:21','1342200053644'),(3652,'2020-11-06','1342200053644',1,NULL,'2020-11-07 10:36:21','1342200053644'),(3653,'2020-11-06','3341500410898',1,NULL,'2020-11-07 10:36:21','1342200053644'),(3654,'2020-11-05','3330501082605',1,NULL,'2020-11-07 10:36:37','1342200053644'),(3655,'2020-11-05','3349800011660',1,NULL,'2020-11-07 10:36:37','1342200053644'),(3656,'2020-11-05','1310100023881',1,NULL,'2020-11-07 10:36:37','1342200053644'),(3657,'2020-11-05','1340400164383',1,NULL,'2020-11-07 10:36:37','1342200053644'),(3658,'2020-11-05','3341501686161',1,NULL,'2020-11-07 10:36:37','1342200053644'),(3659,'2020-11-05','3349800056311',1,NULL,'2020-11-07 10:36:37','1342200053644'),(3660,'2020-11-05','3341501581629',1,NULL,'2020-11-07 10:36:37','1342200053644'),(3661,'2020-11-05','1349900063908',1,NULL,'2020-11-07 10:36:37','1342200053644'),(3662,'2020-11-05','3349800180950',1,NULL,'2020-11-07 10:36:37','1342200053644'),(3663,'2020-11-05','3341500408273',1,NULL,'2020-11-07 10:36:37','1342200053644'),(3664,'2020-11-05','5342290003059',1,NULL,'2020-11-07 10:36:37','1342200053644'),(3665,'2020-11-05','1342200053644',1,NULL,'2020-11-07 10:36:37','1342200053644'),(3666,'2020-11-05','3341500410898',1,NULL,'2020-11-07 10:36:37','1342200053644'),(3667,'2022-07-22','3330501082605',1,NULL,'2022-07-23 13:40:19','1342200053644'),(3668,'2022-07-22','3341501581629',1,NULL,'2022-07-23 13:40:19','1342200053644'),(3669,'2022-07-22','3349800056311',1,NULL,'2022-07-23 13:40:19','1342200053644'),(3670,'2022-07-22','3349800011660',1,NULL,'2022-07-23 13:40:19','1342200053644'),(3671,'2022-07-22','3341501686161',1,NULL,'2022-07-23 13:40:19','1342200053644'),(3672,'2022-07-22','1349900063908',1,NULL,'2022-07-23 13:40:19','1342200053644'),(3673,'2022-07-22','1310100023881',1,NULL,'2022-07-23 13:40:19','1342200053644'),(3674,'2022-07-22','3349800180950',1,NULL,'2022-07-23 13:40:19','1342200053644'),(3675,'2022-07-22','1349900856045',1,NULL,'2022-07-23 13:40:19','1342200053644'),(3676,'2022-07-22','1340200132852',1,NULL,'2022-07-23 13:40:19','1342200053644'),(3677,'2022-07-22','1331300076904',1,NULL,'2022-07-23 13:40:19','1342200053644'),(3678,'2022-07-22','3341500408273',1,NULL,'2022-07-23 13:40:19','1342200053644'),(3679,'2022-07-22','5342290003059',1,NULL,'2022-07-23 13:40:19','1342200053644'),(3680,'2022-07-22','1342200053644',1,NULL,'2022-07-23 13:40:19','1342200053644'),(3681,'2022-07-22','3341500410898',1,NULL,'2022-07-23 13:40:19','1342200053644'),(3682,'2023-11-01','3349800221672',1,NULL,'2023-11-26 21:49:30','3349800221672'),(3683,'2023-11-01','134900566292',1,NULL,'2023-11-26 21:49:30','3349800221672'),(3684,'2023-11-01','1349900856045',1,NULL,'2023-11-26 21:49:30','3349800221672'),(3685,'2023-11-01','1340200132852',1,NULL,'2023-11-26 21:49:30','3349800221672'),(3686,'2023-11-01','3349800011660',1,NULL,'2023-11-26 21:49:30','3349800221672'),(3687,'2023-11-01','1349900063908',1,NULL,'2023-11-26 21:49:30','3349800221672'),(3688,'2023-11-01','1310100023881',1,NULL,'2023-11-26 21:49:30','3349800221672'),(3689,'2023-11-01','3341501686161',1,NULL,'2023-11-26 21:49:30','3349800221672'),(3690,'2023-11-01','3341501581629',1,NULL,'2023-11-26 21:49:30','3349800221672'),(3691,'2023-11-01','1331300076904',1,NULL,'2023-11-26 21:49:30','3349800221672'),(3692,'2023-11-01','3341500408273',1,NULL,'2023-11-26 21:49:30','3349800221672'),(3693,'2023-11-01','5342290003059',1,NULL,'2023-11-26 21:49:30','3349800221672'),(3694,'2023-11-01','1342200053644',1,NULL,'2023-11-26 21:49:30','3349800221672'),(3695,'2023-11-01','3341500410898',1,NULL,'2023-11-26 21:49:30','3349800221672'),(3696,'2023-11-02','3349800221672',1,NULL,'2023-11-26 21:50:03','3349800221672'),(3697,'2023-11-02','134900566292',1,NULL,'2023-11-26 21:50:03','3349800221672'),(3698,'2023-11-02','1349900856045',1,NULL,'2023-11-26 21:50:03','3349800221672'),(3699,'2023-11-02','1340200132852',1,NULL,'2023-11-26 21:50:03','3349800221672'),(3700,'2023-11-02','3349800011660',1,NULL,'2023-11-26 21:50:03','3349800221672'),(3701,'2023-11-02','1349900063908',1,NULL,'2023-11-26 21:50:03','3349800221672'),(3702,'2023-11-02','1310100023881',1,NULL,'2023-11-26 21:50:03','3349800221672'),(3703,'2023-11-02','3341501686161',1,NULL,'2023-11-26 21:50:03','3349800221672'),(3704,'2023-11-02','3341501581629',1,NULL,'2023-11-26 21:50:03','3349800221672'),(3705,'2023-11-02','1331300076904',1,NULL,'2023-11-26 21:50:03','3349800221672'),(3706,'2023-11-02','3341500408273',1,NULL,'2023-11-26 21:50:03','3349800221672'),(3707,'2023-11-02','5342290003059',1,NULL,'2023-11-26 21:50:03','3349800221672'),(3708,'2023-11-02','1342200053644',1,NULL,'2023-11-26 21:50:03','3349800221672'),(3709,'2023-11-02','3341500410898',1,NULL,'2023-11-26 21:50:03','3349800221672'),(3710,'2023-11-03','3349800221672',1,NULL,'2023-11-26 21:50:51','3349800221672'),(3711,'2023-11-03','134900566292',1,NULL,'2023-11-26 21:50:51','3349800221672'),(3712,'2023-11-03','1349900856045',1,NULL,'2023-11-26 21:50:51','3349800221672'),(3713,'2023-11-03','1340200132852',1,NULL,'2023-11-26 21:50:51','3349800221672'),(3714,'2023-11-03','3349800011660',1,NULL,'2023-11-26 21:50:51','3349800221672'),(3715,'2023-11-03','1349900063908',1,NULL,'2023-11-26 21:50:51','3349800221672'),(3716,'2023-11-03','1310100023881',1,NULL,'2023-11-26 21:50:51','3349800221672'),(3717,'2023-11-03','3341501686161',1,NULL,'2023-11-26 21:50:51','3349800221672'),(3718,'2023-11-03','3341501581629',1,NULL,'2023-11-26 21:50:51','3349800221672'),(3719,'2023-11-03','1331300076904',1,NULL,'2023-11-26 21:50:51','3349800221672'),(3720,'2023-11-03','3341500408273',1,NULL,'2023-11-26 21:50:51','3349800221672'),(3721,'2023-11-03','5342290003059',1,NULL,'2023-11-26 21:50:51','3349800221672'),(3722,'2023-11-03','1342200053644',1,NULL,'2023-11-26 21:50:51','3349800221672'),(3723,'2023-11-03','3341500410898',1,NULL,'2023-11-26 21:50:51','3349800221672'),(3724,'2023-11-06','3349800221672',1,NULL,'2023-11-26 22:29:11','3349800221672'),(3725,'2023-11-06','134900566292',1,NULL,'2023-11-26 22:29:11','3349800221672'),(3726,'2023-11-06','1349900856045',1,NULL,'2023-11-26 22:29:11','3349800221672'),(3727,'2023-11-06','1340200132852',1,NULL,'2023-11-26 22:29:11','3349800221672'),(3728,'2023-11-06','3349800011660',1,NULL,'2023-11-26 22:29:11','3349800221672'),(3729,'2023-11-06','1349900063908',1,NULL,'2023-11-26 22:29:11','3349800221672'),(3730,'2023-11-06','1310100023881',1,NULL,'2023-11-26 22:29:11','3349800221672'),(3731,'2023-11-06','3341501686161',1,NULL,'2023-11-26 22:29:11','3349800221672'),(3732,'2023-11-06','3341501581629',1,NULL,'2023-11-26 22:29:11','3349800221672'),(3733,'2023-11-06','1331300076904',1,NULL,'2023-11-26 22:29:11','3349800221672'),(3734,'2023-11-06','3341500408273',1,NULL,'2023-11-26 22:29:11','3349800221672'),(3735,'2023-11-06','5342290003059',1,NULL,'2023-11-26 22:29:11','3349800221672'),(3736,'2023-11-06','1342200053644',1,NULL,'2023-11-26 22:29:11','3349800221672'),(3737,'2023-11-06','3341500410898',1,NULL,'2023-11-26 22:29:11','3349800221672'),(3738,'2025-07-21','3349800221672',1,NULL,'2025-07-21 09:36:57','1342200053644'),(3739,'2025-07-21','1340200132852',1,NULL,'2025-07-21 09:36:57','1342200053644'),(3740,'2025-07-21','1349900856045',1,NULL,'2025-07-21 09:36:57','1342200053644'),(3741,'2025-07-21','1349900196665',1,NULL,'2025-07-21 09:36:57','1342200053644'),(3742,'2025-07-21','1331300076904',1,NULL,'2025-07-21 09:36:57','1342200053644'),(3743,'2025-07-21','1310100023881',1,NULL,'2025-07-21 09:36:57','1342200053644'),(3744,'2025-07-21','1331300064787',1,NULL,'2025-07-21 09:36:57','1342200053644'),(3745,'2025-07-21','3341501686161',1,NULL,'2025-07-21 09:36:57','1342200053644'),(3746,'2025-07-21','1349900566292',1,NULL,'2025-07-21 09:36:57','1342200053644'),(3747,'2025-07-21','1340200131996',1,NULL,'2025-07-21 09:36:57','1342200053644'),(3748,'2025-07-21','3341500408273',1,NULL,'2025-07-21 09:36:57','1342200053644'),(3749,'2025-07-21','1379900161985',1,NULL,'2025-07-21 09:36:57','1342200053644'),(3750,'2025-07-21','1349900891223',1,NULL,'2025-07-21 09:36:57','1342200053644'),(3751,'2025-07-21','1342200053644',1,NULL,'2025-07-21 09:36:57','1342200053644'),(3752,'2025-07-21','3341500410898',1,NULL,'2025-07-21 09:36:57','1342200053644'),(3753,'2025-08-02','3349800221672',1,NULL,'2025-08-02 22:02:59','1349900566292'),(3754,'2025-08-02','3341501686161',1,NULL,'2025-08-02 22:02:59','1349900566292'),(3755,'2025-08-02','1340200132852',1,NULL,'2025-08-02 22:02:59','1349900566292'),(3756,'2025-08-02','1349900196665',1,NULL,'2025-08-02 22:02:59','1349900566292'),(3757,'2025-08-02','1331300076904',1,NULL,'2025-08-02 22:02:59','1349900566292'),(3758,'2025-08-02','3349800011660',2,NULL,'2025-08-02 22:02:59','1349900566292'),(3759,'2025-08-02','1310100023881',1,NULL,'2025-08-02 22:02:59','1349900566292'),(3760,'2025-08-02','1331300064787',1,NULL,'2025-08-02 22:02:59','1349900566292'),(3761,'2025-08-02','1349900566292',1,NULL,'2025-08-02 22:02:59','1349900566292'),(3762,'2025-08-02','1349900856045',1,NULL,'2025-08-02 22:02:59','1349900566292'),(3763,'2025-08-02','1340200131996',1,NULL,'2025-08-02 22:02:59','1349900566292'),(3764,'2025-08-02','3341500408273',1,NULL,'2025-08-02 22:02:59','1349900566292'),(3765,'2025-08-02','1379900161985',1,NULL,'2025-08-02 22:02:59','1349900566292'),(3766,'2025-08-02','1349900891223',1,NULL,'2025-08-02 22:02:59','1349900566292'),(3767,'2025-08-02','1342200053644',1,NULL,'2025-08-02 22:02:59','1349900566292'),(3768,'2025-08-02','3341500410898',1,NULL,'2025-08-02 22:02:59','1349900566292'),(3769,'2025-08-01','3349800221672',1,NULL,'2025-08-02 10:52:32','3349800221672'),(3770,'2025-08-01','3341501686161',1,NULL,'2025-08-02 10:52:32','3349800221672'),(3771,'2025-08-01','1340200132852',1,NULL,'2025-08-02 10:52:32','3349800221672'),(3772,'2025-08-01','1349900196665',1,NULL,'2025-08-02 10:52:32','3349800221672'),(3773,'2025-08-01','1331300076904',1,NULL,'2025-08-02 10:52:32','3349800221672'),(3774,'2025-08-01','3349800011660',2,NULL,'2025-08-02 10:52:32','3349800221672'),(3775,'2025-08-01','1310100023881',1,NULL,'2025-08-02 10:52:32','3349800221672'),(3776,'2025-08-01','1331300064787',1,NULL,'2025-08-02 10:52:32','3349800221672'),(3777,'2025-08-01','1349900566292',1,NULL,'2025-08-02 10:52:32','3349800221672'),(3778,'2025-08-01','1349900856045',1,NULL,'2025-08-02 10:52:32','3349800221672'),(3779,'2025-08-01','1340200131996',1,NULL,'2025-08-02 10:52:32','3349800221672'),(3780,'2025-08-01','3341500408273',1,NULL,'2025-08-02 10:52:32','3349800221672'),(3781,'2025-08-01','1379900161985',1,NULL,'2025-08-02 10:52:32','3349800221672'),(3782,'2025-08-01','1349900891223',1,NULL,'2025-08-02 10:52:32','3349800221672'),(3783,'2025-08-01','1342200053644',1,NULL,'2025-08-02 10:52:32','3349800221672'),(3784,'2025-08-01','3341500410898',1,NULL,'2025-08-02 10:52:32','3349800221672'),(3785,'2025-07-31','3349800221672',1,NULL,'2025-08-02 22:03:56','1349900566292'),(3786,'2025-07-31','3341501686161',1,NULL,'2025-08-02 22:03:56','1349900566292'),(3787,'2025-07-31','1340200132852',1,NULL,'2025-08-02 22:03:56','1349900566292'),(3788,'2025-07-31','1349900196665',1,NULL,'2025-08-02 22:03:56','1349900566292'),(3789,'2025-07-31','1331300076904',1,NULL,'2025-08-02 22:03:56','1349900566292'),(3790,'2025-07-31','3349800011660',2,NULL,'2025-08-02 22:03:56','1349900566292'),(3791,'2025-07-31','1310100023881',1,NULL,'2025-08-02 22:03:56','1349900566292'),(3792,'2025-07-31','1331300064787',1,NULL,'2025-08-02 22:03:56','1349900566292'),(3793,'2025-07-31','1349900566292',1,NULL,'2025-08-02 22:03:56','1349900566292'),(3794,'2025-07-31','1349900856045',1,NULL,'2025-08-02 22:03:56','1349900566292'),(3795,'2025-07-31','1340200131996',1,NULL,'2025-08-02 22:03:56','1349900566292'),(3796,'2025-07-31','3341500408273',1,NULL,'2025-08-02 22:03:56','1349900566292'),(3797,'2025-07-31','1379900161985',1,NULL,'2025-08-02 22:03:56','1349900566292'),(3798,'2025-07-31','1349900891223',1,NULL,'2025-08-02 22:03:56','1349900566292'),(3799,'2025-07-31','1342200053644',1,NULL,'2025-08-02 22:03:56','1349900566292'),(3800,'2025-07-31','3341500410898',1,NULL,'2025-08-02 22:03:56','1349900566292'),(3801,'2025-07-29','3349800221672',1,NULL,'2025-08-02 22:04:17','1349900566292'),(3802,'2025-07-29','3341501686161',1,NULL,'2025-08-02 22:04:17','1349900566292'),(3803,'2025-07-29','1340200132852',1,NULL,'2025-08-02 22:04:17','1349900566292'),(3804,'2025-07-29','1349900196665',1,NULL,'2025-08-02 22:04:17','1349900566292'),(3805,'2025-07-29','1331300076904',1,NULL,'2025-08-02 22:04:17','1349900566292'),(3806,'2025-07-29','3349800011660',2,NULL,'2025-08-02 22:04:17','1349900566292'),(3807,'2025-07-29','1310100023881',1,NULL,'2025-08-02 22:04:17','1349900566292'),(3808,'2025-07-29','1331300064787',1,NULL,'2025-08-02 22:04:17','1349900566292'),(3809,'2025-07-29','1349900566292',1,NULL,'2025-08-02 22:04:17','1349900566292'),(3810,'2025-07-29','1349900856045',1,NULL,'2025-08-02 22:04:17','1349900566292'),(3811,'2025-07-29','1340200131996',1,NULL,'2025-08-02 22:04:17','1349900566292'),(3812,'2025-07-29','3341500408273',1,NULL,'2025-08-02 22:04:17','1349900566292'),(3813,'2025-07-29','1379900161985',1,NULL,'2025-08-02 22:04:17','1349900566292'),(3814,'2025-07-29','1349900891223',1,NULL,'2025-08-02 22:04:17','1349900566292'),(3815,'2025-07-29','1342200053644',1,NULL,'2025-08-02 22:04:17','1349900566292'),(3816,'2025-07-29','3341500410898',1,NULL,'2025-08-02 22:04:17','1349900566292'),(3817,'2025-08-05','3349800221672',2,NULL,'2025-08-05 13:52:43','1349900566292'),(3818,'2025-08-05','3341501686161',1,NULL,'2025-08-05 13:52:43','1349900566292'),(3819,'2025-08-05','1340200132852',1,NULL,'2025-08-05 13:52:43','1349900566292'),(3820,'2025-08-05','1349900196665',1,NULL,'2025-08-05 13:52:43','1349900566292'),(3821,'2025-08-05','1331300076904',1,NULL,'2025-08-05 13:52:43','1349900566292'),(3822,'2025-08-05','3349800011660',2,NULL,'2025-08-05 13:52:43','1349900566292'),(3823,'2025-08-05','1310100023881',2,NULL,'2025-08-05 13:52:43','1349900566292'),(3824,'2025-08-05','1331300064787',1,NULL,'2025-08-05 13:52:43','1349900566292'),(3825,'2025-08-05','1349900566292',1,NULL,'2025-08-05 13:52:43','1349900566292'),(3826,'2025-08-05','1349900856045',1,NULL,'2025-08-05 13:52:43','1349900566292'),(3827,'2025-08-05','1340200131996',1,NULL,'2025-08-05 13:52:43','1349900566292'),(3828,'2025-08-05','3341500408273',1,NULL,'2025-08-05 13:52:43','1349900566292'),(3829,'2025-08-05','1379900161985',1,NULL,'2025-08-05 13:52:43','1349900566292'),(3830,'2025-08-05','1349900891223',1,NULL,'2025-08-05 13:52:43','1349900566292'),(3831,'2025-08-05','1342200053644',1,NULL,'2025-08-05 13:52:43','1349900566292'),(3832,'2025-08-05','3341500410898',1,NULL,'2025-08-05 13:52:43','1349900566292'),(3833,'2025-08-04','3349800221672',2,NULL,'2025-08-05 13:54:04','1349900566292'),(3834,'2025-08-04','3341501686161',1,NULL,'2025-08-05 13:54:04','1349900566292'),(3835,'2025-08-04','1340200132852',1,NULL,'2025-08-05 13:54:04','1349900566292'),(3836,'2025-08-04','1349900196665',1,NULL,'2025-08-05 13:54:04','1349900566292'),(3837,'2025-08-04','1331300076904',1,NULL,'2025-08-05 13:54:04','1349900566292'),(3838,'2025-08-04','3349800011660',2,NULL,'2025-08-05 13:54:04','1349900566292'),(3839,'2025-08-04','1310100023881',1,NULL,'2025-08-05 13:54:04','1349900566292'),(3840,'2025-08-04','1349900566292',1,NULL,'2025-08-05 13:54:04','1349900566292'),(3841,'2025-08-04','1349900856045',1,NULL,'2025-08-05 13:54:04','1349900566292'),(3842,'2025-08-04','1340200131996',1,NULL,'2025-08-05 13:54:04','1349900566292'),(3843,'2025-08-04','3341500408273',1,NULL,'2025-08-05 13:54:04','1349900566292'),(3844,'2025-08-04','1379900161985',1,NULL,'2025-08-05 13:54:04','1349900566292'),(3845,'2025-08-04','1349900891223',1,NULL,'2025-08-05 13:54:04','1349900566292'),(3846,'2025-08-04','1342200053644',1,NULL,'2025-08-05 13:54:04','1349900566292'),(3847,'2025-08-04','3341500410898',1,NULL,'2025-08-05 13:54:04','1349900566292'),(3848,'2025-08-04','1331300064787',1,NULL,'2025-08-05 13:54:04','1349900566292');

--
-- Table structure for table `work_permission`
--

CREATE TABLE `work_permission` (
  `id` int(11) NOT NULL AUTO_INCREMENT,
  `person_id` varchar(13) NOT NULL,
  `p1` tinyint(4) NOT NULL,
  `officer` varchar(13) NOT NULL,
  `rec_date` date NOT NULL,
  PRIMARY KEY (`id`)
) ENGINE=MyISAM AUTO_INCREMENT=5 DEFAULT CHARSET=utf8 COLLATE=utf8_general_ci;

--
-- Dumping data for table `work_permission`
--

INSERT INTO `work_permission` VALUES (1,'1342200053644',1,'1342200053644','2016-06-19'),(4,'1349900566292',1,'1342200053644','2025-07-21');


