-- Table structure for table `budget_money_return`
--

CREATE TABLE `budget_money_return` (
  `id` int(11) NOT NULL AUTO_INCREMENT,
  `budget_year` int(11) DEFAULT NULL,
  `document` varchar(30) NOT NULL DEFAULT '',
  `item` varchar(100) NOT NULL DEFAULT '',
  `pj_activity` varchar(20) NOT NULL DEFAULT '',
  `money` double NOT NULL DEFAULT 0,
  `pay_type` varchar(10) NOT NULL,
  `p_request` varchar(13) NOT NULL DEFAULT '',
  `officer` varchar(13) NOT NULL DEFAULT '',
  `rec_date` date NOT NULL,
  PRIMARY KEY (`id`)
) ENGINE=MyISAM AUTO_INCREMENT=16 DEFAULT CHARSET=utf8 COLLATE=utf8_general_ci;

--
-- Dumping data for table `budget_money_return`
--

INSERT INTO `budget_money_return` VALUES (3,2566,'001/2566','ค่าเครื่องแบบนักเรียน','027001',7190,'202','นางสุภาพร ไหว','3341500256406','2023-08-08'),(4,2566,'002/2566','ค่าอุปกรณ์การเรียน ','027001',197,'203','นางสุภาพร ไหว','3341500256406','2023-08-08'),(5,2566,'003/2566','ค่าจ้างครู','039003',8000,'103','นางเอมพิการ์ ','3341500256406','2023-08-08'),(6,2567,'บช3141550069','ค่าอุปกรณ์การเรียน','006001',4750,'203','นายโชคชัย  ศา','3341500256406','2024-01-12'),(7,2567,'บช3141550069','ค่าถ้วยรางวัล','003001',600,'203','นายโชคชัย  ศา','3341500256406','2024-01-12'),(8,2567,'บช3141550069','ค่าลูกฟุตบอล','003001',880,'203','นายโชคชัย  ศา','3341500256406','2024-01-12'),(10,2567,'บช3141550069','ค่าเครื่องแบบนักเรียน','030001',2085,'202','นางสุภาพร ไหว','3341500256406','2024-05-30'),(11,2567,'บช3141550069','ค่าอุปกรณ์การเรียน (ส่งใช้เงินยืม)','030001',6015,'202','นางสุภาพร ไหว','3341500256406','2024-08-13'),(12,2567,'บช3141550069','ค่าเครื่องแบบนักเรียน(ส่งใช้เงินยืม)','024001',9190,'202','นางสุภาพร ไหว','3341500256406','2024-08-13'),(13,2568,'001/2568','ค่าอุปกรณ์การเรียน','009001',4390,'203','นางสุภาพร  ไห','3341500256406','2024-12-20'),(14,2568,'002/2568','คืนเงินยืมค่าอุปกรณ์การเรียนให้กับกิจกรรมพัฒนาผู้เรียน','031001',3150,'203','นางสุภาพร  ไห','3341500256406','2025-08-07'),(15,2568,'003/2568','คืนเงินยืมค่าเครื่องแบบนักเรียนให้กับกิจกรรมพัฒนาผู้เรียน','031001',5850,'202','นางสุภาพร  ไห','3341500256406','2025-08-07');

--
-- Table structure for table `budget_pay_type`
--

CREATE TABLE `budget_pay_type` (
  `id` int(11) NOT NULL AUTO_INCREMENT,
  `pay_type_id` int(11) NOT NULL,
  `pay_group_id` tinyint(4) NOT NULL,
  `pay_type_name` varchar(30) NOT NULL,
  PRIMARY KEY (`id`),
  UNIQUE KEY `pay_type_id` (`pay_type_id`)
) ENGINE=MyISAM AUTO_INCREMENT=16 DEFAULT CHARSET=utf8 COLLATE=utf8_general_ci;

--
-- Dumping data for table `budget_pay_type`
--

INSERT INTO `budget_pay_type` VALUES (1,101,1,'เงินเดือน'),(15,102,1,'ค่าจ้างประจำ'),(3,103,1,'ค่าจ้างชั่วคราว'),(4,104,1,'ค่าตอบแทนพนักงานราชการ'),(5,201,2,'ค่าตอบแทน'),(6,202,2,'ค่าใช้สอย'),(7,203,2,'ค่าวัสดุ'),(8,204,2,'ค่าสาธารณูปโภค'),(9,301,3,'ค่าครุภัณฑ์'),(10,302,3,'ค่าที่ดินและสิ่งก่อสร้าง');

--
-- Table structure for table `budget_permission`
--

CREATE TABLE `budget_permission` (
  `id` int(11) NOT NULL AUTO_INCREMENT,
  `person_id` varchar(13) NOT NULL,
  `p1` tinyint(4) NOT NULL,
  `p2` tinyint(4) NOT NULL,
  `p3` tinyint(4) NOT NULL,
  `p4` tinyint(4) NOT NULL,
  `officer` varchar(13) NOT NULL,
  `rec_date` date NOT NULL,
  PRIMARY KEY (`id`)
) ENGINE=MyISAM AUTO_INCREMENT=16 DEFAULT CHARSET=utf8 COLLATE=utf8_general_ci;

--
-- Dumping data for table `budget_permission`
--

INSERT INTO `budget_permission` VALUES (11,'3331300217946',1,0,0,0,'3341500256406','2024-01-29'),(5,'3341500256406',1,1,1,1,'3341500256406','2018-09-04'),(12,'1341500274874',1,0,0,0,'3341500256406','2024-01-29');

--
-- Table structure for table `budget_project`
--

CREATE TABLE `budget_project` (
  `id` int(11) NOT NULL AUTO_INCREMENT,
  `budget_year` int(11) NOT NULL,
  `code` varchar(16) NOT NULL DEFAULT '',
  `name` varchar(80) NOT NULL DEFAULT '',
  PRIMARY KEY (`id`)
) ENGINE=MyISAM DEFAULT CHARSET=utf8 COLLATE=utf8_general_ci;

--
-- Dumping data for table `budget_project`
--


--
-- Table structure for table `budget_receive`
--

CREATE TABLE `budget_receive` (
  `id` int(11) NOT NULL AUTO_INCREMENT,
  `budget_year` int(11) NOT NULL,
  `num` float NOT NULL DEFAULT 0,
  `book_number` varchar(30) NOT NULL DEFAULT '',
  `out_date` varchar(50) NOT NULL DEFAULT '',
  `book_ref` varchar(30) NOT NULL DEFAULT '',
  `plan` char(1) NOT NULL DEFAULT '',
  `project` varchar(16) NOT NULL DEFAULT '',
  `activity` varchar(50) NOT NULL DEFAULT '',
  `activity2` varchar(200) NOT NULL DEFAULT '',
  `m_source` varchar(7) NOT NULL DEFAULT '',
  `account` varchar(30) NOT NULL DEFAULT '',
  `m_pay` char(3) NOT NULL DEFAULT '',
  `item` varchar(250) NOT NULL DEFAULT '',
  `detail` varchar(250) NOT NULL DEFAULT '',
  `money` double NOT NULL DEFAULT 0,
  `rec_date` date DEFAULT NULL,
  `officer` varchar(13) NOT NULL DEFAULT '',
  PRIMARY KEY (`id`),
  UNIQUE KEY `num` (`num`)
) ENGINE=MyISAM DEFAULT CHARSET=utf8 COLLATE=utf8_general_ci;

--
-- Dumping data for table `budget_receive`
--


--
-- Table structure for table `budget_type`
--

CREATE TABLE `budget_type` (
  `id` int(11) NOT NULL AUTO_INCREMENT,
  `type_id` int(11) NOT NULL,
  `category_id` int(11) NOT NULL,
  `type_name` varchar(70) NOT NULL,
  PRIMARY KEY (`id`),
  UNIQUE KEY `type_id` (`type_id`)
) ENGINE=MyISAM AUTO_INCREMENT=55 DEFAULT CHARSET=utf8 COLLATE=utf8_general_ci;

--
-- Dumping data for table `budget_type`
--

INSERT INTO `budget_type` VALUES (1,101,1,'เงินรายได้สถานศึกษา'),(2,102,1,'เงินบริจาค'),(33,103,1,'เงินภาษีหัก ณ ที่จ่าย'),(4,104,1,'เงินลูกเสือ'),(34,105,1,'เงินเนตรนารี'),(6,106,1,'เงินยุวกาชาด'),(7,107,1,'เงินประกันสัญญา'),(8,108,1,'เงินอุดหนุนทั่วไป(ค่าใช้จ่ายรายหัวก่อนประถมศึกษา )'),(47,119,1,'เงินบริจาคมีวัตถุประสงค์'),(38,304,3,'รายได้เบ็ดเตล็ดอื่น'),(14,301,3,'ค่าขายของเบ็ดเตล็ด'),(36,302,3,'ค่าธรรมเนียมเบ็ดเตล็ด'),(37,303,3,'เงินเหลือจ่ายปีเก่าส่งคืน'),(23,112,1,'เงินอุดหนุนทั่วไป(ปัจจัยพื้นฐานนักเรียนยากจนประถมศึกษา)'),(24,113,1,'เงินอุดหนุนทั่วไป(ปัจจัยพื้นฐานนักเรียนยากจนมัธยมต้น)'),(25,114,1,'เรียนฟรี15ปี(ค่าหนังสือเรียน)'),(26,115,1,'เรียนฟรี15ปี(ค่าอุปกรณ์การเรียน)'),(27,116,1,'เรียนฟรี15ปี(ค่าเครื่องแบบนักเรียน)'),(28,117,1,'เรียนฟรี15ปี(ค่ากิจกรรมพัฒนาผู้เรียน)'),(30,110,1,'เงินอุดหนุนทั่วไป(ค่าใช้จ่ายรายหัวมัธยมศึกษาตอนต้น)'),(31,111,1,'เงินอุดหนุนทั่วไป(ค่าใช้จ่ายรายหัวมัธยมศึกษาตอนปลาย)'),(35,118,1,'เงินอาหารกลางวัน'),(48,120,1,'เงินอุดหนุนที่ได้รับจากอบต./เทศบาล'),(49,121,1,'กสศ.'),(50,122,1,'เงินกองทุนเพื่อโครงการอาหารกลางวันฯ'),(51,305,3,'ดอกเบี้ยเงินอุดหนุนอื่น'),(52,306,3,'ดอกเบี้ยเงินอาหารกลางวัน'),(54,109,1,'เงินอุดหนุนทั่วไป(ค่าใช้จ่ายรายหัวประถมศึกษา)');

--
-- Table structure for table `budget_withdraw`
--

CREATE TABLE `budget_withdraw` (
  `id` int(11) NOT NULL AUTO_INCREMENT,
  `budget_year` int(11) DEFAULT NULL,
  `document` varchar(30) NOT NULL DEFAULT '',
  `item` varchar(100) NOT NULL DEFAULT '',
  `pj_activity` varchar(20) NOT NULL DEFAULT '',
  `money` double NOT NULL DEFAULT 0,
  `money_type` varchar(3) NOT NULL,
  `pay_type` varchar(10) NOT NULL,
  `p_request` varchar(50) NOT NULL,
  `status` tinyint(4) DEFAULT 0,
  `officer` varchar(13) NOT NULL DEFAULT '',
  `rec_date` date NOT NULL,
  `borrowed_rec_date` date NOT NULL,
  `withdraw_rec_date` date NOT NULL,
  PRIMARY KEY (`id`)
) ENGINE=MyISAM AUTO_INCREMENT=474 DEFAULT CHARSET=utf8 COLLATE=utf8_general_ci;

--
-- Dumping data for table `budget_withdraw`
--

INSERT INTO `budget_withdraw` VALUES (1,2559,'บร10ก','ค่าวัสดุอุปกรณ์','001001',3000,'108','203','นางกอ',1,'3331300217946','2016-07-23','0000-00-00','2016-07-23'),(2,2559,'บร 10 ก','เงินปัจจัยพื้นฐานนักเรียนยากจน','002002',15000,'112','202','นางก',1,'3349900516062','2016-07-23','0000-00-00','2016-07-23'),(3,2564,'บท1/64','ขอเบิกเงินอาหารกลางวัน','001001',10000,'118','203','นางเอมพิการ์  โชติพันธ์',1,'3341500256406','2020-10-03','0000-01-01','2020-10-03'),(4,2564,'บย 1/64','ยืมเงินอาหารกลางวันตามสัญญายืม เลขที่ 1/64','001001',15000,'118','203','นางประกอบอาหาร',0,'1342200068293','2020-11-27','2020-11-27','0000-01-01'),(12,2565,'บช020150107511','กสศ','021006',15000,'121','202','นางสุภาพร ไหว้พรหม',1,'3341500256406','2021-10-05','0000-01-01','2021-10-05'),(13,2565,'บช3141352364','ค่าอาหารกลางวัน','022001',9600,'118','203','นางเอมพิการ์ โชติพันธ์',1,'3341500256406','2021-10-07','0000-01-01','2021-10-07'),(14,2565,'บช3141352364','ค่าอาหารกลางวัน','022001',19383,'118','203','นางเอมพิการ์ โชติพันธ์',1,'3341500256406','2021-10-29','0000-01-01','2021-10-29'),(15,2565,'บช3141550069','ค่าจ้างครู','016001',8000,'108','103','นางสุภาพร ไหว้พรหม',1,'3341500256406','2021-10-29','0000-01-01','2021-10-29'),(16,2565,'บช3141550069','ปัจจัยพื้นฐานนักเรียนยากจนประถมศึกษา','021005',23500,'112','203','นางสุภาพร ไหว้พรหม',1,'3341500256406','2021-11-10','0000-01-01','2021-11-10'),(17,2565,'บช3141352364','ค่าอาหารกลางวัน','022001',19929,'118','203','นางเอมพิการ์ โชติพันธ์',1,'3341500256406','2021-11-17','0000-01-01','2021-11-17'),(18,2565,'บช3141550069','ค่าวัสดุ','019001',1000,'108','203','นางสุภาพร ไหว้พรหม',1,'3341500256406','2021-11-17','0000-01-01','2021-11-17'),(19,2565,'บช3141550069','ค่าวัสดุ','006001',14000,'108','203','นางสุภาพร ไหว้พรหม',1,'3341500256406','2021-11-17','0000-01-01','2021-11-17'),(20,2565,'บช3141550069','ค่าวัสดุ','013001',3000,'108','203','นางสุภาพร ไหว้พรหม',1,'3341500256406','2021-11-17','0000-01-01','2021-11-17'),(21,2565,'บช3141550069','ค่าวัสดุ','015001',519,'108','203','นางสุภาพร ไหว้พรหม',1,'3341500256406','2021-11-17','0000-01-01','2021-11-17'),(22,2565,'บช3141550069','ค่าวัสดุ','010001',2000,'108','203','นางสาวพัชรี เนียมจันทร์',1,'3341500256406','2021-11-17','0000-01-01','2021-11-17'),(23,2565,'บช3141550069','ค่าวัสดุ','008001',1000,'108','203','นางสุภาพร ไหว้พรหม',1,'3341500256406','2021-11-17','0000-01-01','2021-11-17'),(24,2565,'บช3141550069','ค่าวัสดุ','002001',5981,'108','203','นางสาวกัณฐมณี  สังฆราม',1,'3341500256406','2021-11-17','0000-01-01','2021-11-17'),(25,2565,'บช3141550069','ค่าไฟฟ้า เดือน 7-11/2564','017001',6158.4,'108','204','นางสุภาพร ไหว้พรหม',1,'3341500256406','2021-11-24','0000-01-01','2021-11-24'),(26,2565,'บช3141550069','ค่ากรอบรูป ร.6','009001',608,'108','203','นางสาวพัชรี เนียมจันทร์',1,'3341500256406','2021-11-24','0000-01-01','2021-11-24'),(27,2565,'บช3141550069','ค่าจ้างครู','016001',8000,'108','103','นางสุภาพร ไหว้พรหม',1,'3341500256406','2021-11-30','0000-01-01','2021-11-30'),(28,2565,'บช3141550069','ค่าอุปกรณ์การเรียน','021001',13430,'115','203','นางสุภาพร ไหว้พรหม',1,'3341500256406','2021-12-07','0000-01-01','2021-12-07'),(29,2565,'บช3141352364','ค่าอาหารกลางวัน','022001',19656,'118','203','นางเอมพิการ์ โชติพันธ์',1,'3341500256406','2021-12-07','0000-01-01','2021-12-07'),(30,2565,'บช3141352364','ค่าอาหารกลางวัน','022001',19656,'118','203','นางเอมพิการ์ โชติพันธ์',1,'3341500256406','2021-12-28','0000-01-01','2021-12-28'),(31,2565,'บช3141550069','ค่าจ้างครู','016001',8000,'108','103','นางสุภาพร ไหว้พรหม',1,'3341500256406','2021-12-28','0000-01-01','2021-12-28'),(32,2565,'บช3141550069','ค่าอาหารกลางวัน','022001',19656,'118','203','นางเอมพิการ์ โชติพันธ์',1,'3341500256406','2022-01-18','0000-01-01','2022-01-18'),(33,2565,'บช020150107511','กสศ','021006',89000,'121','202','นางสุภาพร ไหว้พรหม',1,'3341500256406','2022-01-18','0000-01-01','2022-01-18'),(34,2565,'บช3141550069','ค่าจ้างครู','016001',8000,'108','103','นางสุภาพร ไหว้พรหม',1,'3341500256406','2022-01-31','0000-01-01','2022-01-31'),(35,2565,'บช3141550069','ค่าไฟฟ้า เดือน 12-1/2565','017001',1666.14,'108','204','นางสุภาพร ไหว้พรหม',1,'3341500256406','2022-01-31','0000-01-01','2022-01-31'),(37,2565,'บช3141352364','ค่าอาหารกลางวัน','022001',19656,'118','203','นางเอมพิการ์ โชติพันธ์',1,'3341500256406','2022-02-03','0000-01-01','2022-02-03'),(38,2565,'บช3141550069','ปัจจัยพื้นฐานนักเรียนยากจนประถมศึกษา','021005',23500,'112','203','นางสุภาพร ไหว้พรหม',1,'3341500256406','2022-02-24','0000-01-01','2022-02-24'),(39,2565,'บช3141352364','ค่าอาหารกลางวัน','022001',19656,'118','203','นางเอมพิการ์ โชติพันธ์',1,'3341500256406','2022-02-24','0000-01-01','2022-02-24'),(40,2565,'บช3141550069','ค่าจ้างครู','016001',8000,'108','103','นางสุภาพร ไหว้พรหม',1,'3341500256406','2022-02-28','0000-01-01','2022-02-28'),(41,2565,'บช3141550069','ค่าอาหารลูกเสือเนตรนารี','009001',3392,'108','103','นางเอมพิการ์ โชติพันธ์',1,'3341500256406','2022-03-02','0000-01-01','2022-03-02'),(42,2565,'บช3141550069','ค่าวัสดุอุปกรณ์กีฬา','018001',3480,'108','203','นางสาวพัชรี เนียมจันทร์',1,'3341500256406','2022-03-08','0000-01-01','2022-03-08'),(43,2565,'บช3141550069','ค่าวัสดุ','014001',2000,'108','203','นางสุภาพร ไหว้พรหม',1,'3341500256406','2022-03-08','0000-01-01','2022-03-08'),(44,2565,'บช3141550069','ค่าวัสดุ','003001',2000,'108','203','นางสาวกัณฐมณี  สังฆราม',1,'3341500256406','2022-03-08','0000-01-01','2022-03-08'),(45,2565,'บช3141550069','ค่าแบบทดสอบ  RT , NT','005001',432,'108','203','นางสาวพัชรี เนียมจันทร์',1,'3341500256406','2022-03-08','0000-01-01','2022-03-08'),(46,2565,'บช3141550069','ค่าจ้างเหมารถ','021004',50000,'117','103','นางเอมพิการ์ โชติพันธ์',1,'3341500256406','2022-03-10','0000-01-01','2022-03-10'),(47,2565,'บช3141550069','ค่าวัสดุ','001001',4990,'108','203','นางสาวกัณฐมณี  สังฆราม',1,'3341500256406','2022-03-15','0000-01-01','2022-03-15'),(48,2565,'บช3141550069','ค่าวัสดุ','007001',1000,'108','203','นางสาวเจนจิรา  ไชยรินทร์',1,'3341500256406','2022-03-15','0000-01-01','2022-03-15'),(49,2565,'บช3141550069','ค่าวัสดุ','011001',2000,'108','203','นางสาวพัชรี เนียมจันทร์',1,'3341500256406','2022-03-15','0000-01-01','2022-03-15'),(50,2565,'บช3141550069','ค่าวัสดุ','012001',4000,'108','203','นางสาวพัชรี เนียมจันทร์',1,'3341500256406','2022-03-15','0000-01-01','2022-03-15'),(51,2565,'บช3141550069','ค่าวัสดุ','020001',4810,'108','203','นางสาวพัชรี เนียมจันทร์',1,'3341500256406','2022-03-15','0000-01-01','2022-03-15'),(52,2565,'บช3141550069','ค่าวัสดุ','020001',2190,'108','203','นางสาวพัชรี เนียมจันทร์',1,'3341500256406','2022-03-15','0000-01-01','2022-03-15'),(53,2565,'บช3141550069','ค่าวัสดุ','005001',4990,'108','203','นางสาวพัชรี เนียมจันทร์',1,'3341500256406','2022-03-15','0000-01-01','2022-03-15'),(54,2565,'บช3141550069','ค่าวัสดุ','005001',4990,'108','203','นางสาวพัชรี เนียมจันทร์',1,'3341500256406','2022-03-15','0000-01-01','2022-03-15'),(55,2565,'บช3141550069','ค่าวัสดุ','005001',360,'108','203','นางสาวพัชรี เนียมจันทร์',1,'3341500256406','2022-03-15','0000-01-01','2022-03-15'),(56,2565,'บช3141550069','ค่าวัสดุ','005001',2818,'108','203','นางสาวพัชรี เนียมจันทร์',1,'3341500256406','2022-03-15','2022-03-15','2022-03-15'),(57,2565,'บช3141352364','ค่าอาหารกลางวัน','022001',13608,'118','203','นางเอมพิการ์ โชติพันธ์',1,'3341500256406','2022-03-15','0000-01-01','2022-03-15'),(58,2565,'บช3141550069','ค่าวัสดุ','001001',4412,'108','203','นางสาวหทัยรัตน์  อุดหนุน',1,'3341500256406','2022-03-24','0000-01-01','2022-03-24'),(59,2565,'บช3141550069','ค่าวัสดุ','004001',2000,'108','203','นางสาวหทัยรัตน์  อุดหนุน',1,'3341500256406','2022-03-24','0000-01-01','2022-03-24'),(60,2565,'บช3141550069','ค่าจ้างเหมา','005001',4000,'108','103','นางสาวพัชรี เนียมจันทร์',1,'3341500256406','2022-03-24','0000-01-01','2022-03-24'),(61,2565,'บช3141550069','ค่าไฟฟ้า เดือน 2-3/2565','017001',1853.02,'108','204','นางสุภาพร ไหว้พรหม',1,'3341500256406','2022-03-24','0000-01-01','2022-03-24'),(62,2565,'บช3141550069','ค่าจ้างครู','016001',8000,'108','103','นางสุภาพร ไหว้พรหม',1,'3341500256406','2022-03-31','0000-01-01','2022-03-31'),(63,2565,'บช3141550069','ค่าจ้างครู','016001',8000,'108','103','นางสุภาพร ไหว้พรหม',1,'3341500256406','2022-04-29','0000-01-01','2022-04-29'),(64,2565,'บช3141550069','ค่าไฟฟ้า เดือน 4/2565','017001',489.21,'108','204','นางสุภาพร ไหว้พรหม',1,'3341500256406','2022-04-29','0000-01-01','2022-04-29'),(65,2565,'บช3141550069','ค่าเครื่องแบบนักเรียน','045002',7045,'117','202','นางสุภาพร ไหว้พรหม',0,'3341500256406','2022-05-10','2022-05-10','0000-01-01'),(66,2565,'บช3141550069','ค่าเครื่องแบบนักเรียน','045002',22355,'116','202','นางสุภาพร ไหว้พรหม',1,'3341500256406','2022-05-10','0000-01-01','2022-05-10'),(67,2565,'บช3141550069','ค่าอุปกรณ์การเรียน','045001',13925,'115','203','นางสุภาพร ไหว้พรหม',1,'3341500256406','2022-05-10','0000-01-01','2022-05-10'),(68,2565,'บช3141550069','ค่าอุปกรณ์การเรียน','045001',100,'115','203','นางสุภาพร ไหว้พรหม',1,'3341500256406','2022-05-17','0000-01-01','2022-05-17'),(69,2565,'บช3141550069','ค่าเครื่องแบบนักเรียน','045002',300,'117','202','นางสุภาพร ไหว้พรหม',0,'3341500256406','2022-05-17','2022-05-17','0000-01-01'),(70,2565,'บช3141352364','ค่าอาหารกลางวัน','044001',20000,'118','203','นางเอมพิการ์ โชติพันธ์',1,'3341500256406','2022-05-17','0000-01-01','2022-05-17'),(71,2565,'บช3141550069','ค่าวัสดุ','024001',3181,'108','203','นางสาวหทัยรัตน์  อุดหนุน',1,'3341500256406','2022-05-18','0000-01-01','2022-05-18'),(72,2565,'บช3141550069','ค่าวัสดุ','024001',2819,'108','203','นางสาวหทัยรัตน์  อุดหนุน',1,'3341500256406','2022-05-18','0000-01-01','2022-05-18'),(73,2565,'บช3141550069','ค่าวัสดุ','041001',1000,'108','203','นางสาวรัตนา  ลาวงค์',1,'3341500256406','2022-05-18','0000-01-01','2022-05-18'),(74,2565,'บช3141550069','ค่าวัสดุ','028001',14000,'108','203','นางสาวพัชรี เนียมจันทร์',1,'3341500256406','2022-05-18','0000-01-01','2022-05-18'),(75,2565,'บช3141550069','ค่าวัสดุ','043001',1960,'108','203','นางเอมพิการ์ โชติพันธ์',1,'3341500256406','2022-05-18','0000-01-01','2022-05-18'),(76,2565,'บช3141550069','ค่าจ้างครู','038001',2533,'108','103','นางสุภาพร ไหว้พรหม',1,'3341500256406','2022-05-19','0000-01-01','2022-05-19'),(77,2565,'บช3141550069','ค่าหนังสือเรียน','045003',31139,'114','203','นางสุภาพร ไหว้พรหม',1,'3341500256406','2022-05-24','0000-01-01','2022-05-24'),(78,2565,'บช3141550069','ค่าหนังสือเรียน','045003',12620,'117','202','นางสุภาพร ไหว้พรหม',0,'3341500256406','2022-05-24','2022-05-24','0000-01-01'),(79,2565,'บช3141550069','ค่าหนังสือเรียน','045003',2256,'108','202','นางสุภาพร ไหว้พรหม',0,'3341500256406','2022-05-24','2022-05-24','0000-01-01'),(80,2565,'บช3141550069','ค่าอุปกรณ์การเรียน','045001',100,'115','202','นางสุภาพร ไหว้พรหม',1,'3341500256406','2022-05-24','0000-01-01','2022-05-24'),(81,2565,'บช3141550069','ค่าเครื่องแบบนักเรียน','045002',300,'108','202','นางสุภาพร ไหว้พรหม',0,'3341500256406','2022-05-24','2022-05-24','0000-01-01'),(82,2565,'บช3141352364','ค่าอาหารกลางวัน','044001',19312,'118','203','นางเอมพิการ์ โชติพันธ์',1,'3341500256406','2022-05-31','0000-01-01','2022-05-31'),(83,2565,'บช3141550069','ค่าจ้างครู','038001',5467,'108','103','นางเอมพิการ์ โชติพันธ์',1,'3341500256406','2022-05-31','0000-01-01','2022-05-31'),(84,2565,'บช3141352364','ค่าอาหารกลางวัน','044001',19656,'118','203','นางเอมพิการ์ โชติพันธ์',1,'3341500256406','2022-06-22','0000-01-01','2022-06-22'),(85,2565,'บช3141550069','ค่าวัสดุ','027001',350,'108','203','นางสาวพัชรี เนียมจันทร์',1,'3341500256406','2022-06-22','0000-01-01','2022-06-22'),(86,2565,'บช3141550069','ค่าวัสดุ','027001',742,'108','203','นางสาวพัชรี เนียมจันทร์',1,'3341500256406','2022-06-22','0000-01-01','2022-06-22'),(87,2565,'บช3141550069','ค่าหนังสือเรียน','045003',200,'108','203','นางสุภาพร ไหว้พรหม',0,'3341500256406','2022-06-22','2022-06-22','0000-01-01'),(88,2565,'บช3141550069','ค่าจ้างครู','038001',8000,'108','103','นางเอมพิการ์ โชติพันธ์',1,'3341500256406','2022-06-30','0000-01-01','2022-06-30'),(89,2565,'บช3141550069','ค่าวัสดุ','027001',350,'108','203','นางสาวพัชรี เนียมจันทร์',1,'3341500256406','2022-06-30','0000-01-01','2022-06-30'),(90,2565,'บช3141550069','ค่าวัสดุ','027001',350,'108','203','นางสาวพัชรี เนียมจันทร์',1,'3341500256406','2022-06-30','0000-01-01','2022-06-30'),(91,2565,'020150107511','ปัจจัยพื้นฐานนักเรียนยากจนพิเศษ','045006',5000,'121','202','นางสุภาพร ไหว้พรหม',1,'3341500256406','2022-07-07','0000-01-01','2022-07-07'),(92,2565,'บช3141352364','ค่าอาหารกลางวัน','044001',19656,'118','203','นางเอมพิการ์ โชติพันธ์',1,'3341500256406','2022-07-12','0000-01-01','2022-07-12'),(93,2565,'บช3141550069','ค่าจ้างครู','038001',8000,'108','103','นางเอมพิการ์ โชติพันธ์',1,'3341500256406','2022-07-27','0000-01-01','2022-07-27'),(105,2565,'บช3141550069','ค่าหนังสือเรียน','045003',15729,'114','202','นางสุภาพร ไหว้พรหม',1,'3341500256406','2022-08-05','0000-01-01','2022-08-05'),(106,2565,'บช3141550069','ค่าเครื่องแบบนักเรียน','045002',7645,'116','202','นางสุภาพร ไหว้พรหม',1,'3341500256406','2022-08-05','0000-01-01','2022-08-05'),(107,2565,'บช3141352364','ค่าอาหารกลางวัน','044001',19026,'118','203','นางเอมพิการ์ โชติพันธ์',1,'3341500256406','2022-08-08','0000-01-01','2022-08-08'),(108,2565,'บช3141550069','ปัจจัยพื้นฐานนักเรียนยากจนพิเศษ','045006',77000,'121','202','นางสุภาพร ไหว้พรหม',1,'3341500256406','2022-08-09','0000-01-01','2022-09-11'),(109,2565,'บช3141550069','ค่าไฟฟ้า ','039001',4806.98,'108','204','นางสุภาพร ไหว้พรหม',1,'3341500256406','2022-08-18','0000-01-01','2022-09-11'),(110,2565,'บช3141550069','ค่า ปพ','023001',646,'108','203','นางสาวหทัยรัตน์  อุดหนุน',1,'3341500256406','2022-08-18','0000-01-01','2022-08-18'),(111,2565,'บช3141550069','ค่า ปพ','027001',1510,'108','203','นางสาวพัชรี เนียมจันทร์',1,'3341500256406','2022-08-18','0000-01-01','2022-08-18'),(112,2565,'บช3141550069','ค่าจ้างเหมารถ','027001',4500,'108','103','นางสาวพัชรี เนียมจันทร์',1,'3341500256406','2022-08-18','0000-01-01','2022-08-18'),(113,2565,'020150107511','ยาเสพติด','046001',10000,'120','203','นางสาวกัณฐมณี  สังฆราม',1,'3341500256406','2022-08-23','0000-01-01','2022-08-23'),(114,2565,'บช3141352364','ค่าอาหารกลางวัน','044001',18900,'118','203','นางเอมพิการ์ โชติพันธ์',1,'3341500256406','2022-08-23','0000-01-01','2022-08-23'),(115,2565,'บช3141550069','ค่าจ้างครู','038001',8000,'108','103','นางเอมพิการ์ โชติพันธ์',1,'3341500256406','2022-08-31','0000-01-01','2022-08-31'),(116,2565,'บช3141550069','ค่าเครื่องปริ้นเตอร์','029001',5000,'108','203','นางสาวพัชรี เนียมจันทร์',1,'3341500256406','2022-08-31','0000-01-01','2022-08-31'),(118,2565,'บช3141550069','ค่าเครื่องปริ้นเตอร์','041001',5000,'108','203','นางสาวรัตนา  ลาวงค์',1,'3341500256406','2022-09-08','0000-01-01','2022-09-08'),(119,2565,'บช3141352364','ค่าอาหารกลางวัน','044001',18900,'118','203','นางเอมพิการ์ โชติพันธ์',1,'3341500256406','2022-09-08','0000-01-01','2022-09-08'),(120,2565,'บช3141352364','ค่าอาหารกลางวัน','044001',18900,'118','203','นางเอมพิการ์ โชติพันธ์',1,'3341500256406','2022-09-27','0000-01-01','2022-09-27'),(121,2565,'บช3141550069','ค่าวัสดุ','026001',4300,'108','203','นางสาวหทัยรัตน์  อุดหนุน',1,'3341500256406','2022-09-27','0000-01-01','2022-09-27'),(122,2565,'บช3141550069','ค่าวัสดุ','026001',700,'108','203','นางสาวหทัยรัตน์  อุดหนุน',1,'3341500256406','2022-09-27','0000-01-01','2022-09-27'),(123,2565,'บช3141550069','ค่าวัสดุ','037001',800,'108','203','นางสุภาพร ไหว้พรหม',1,'3341500256406','2022-09-27','0000-01-01','2022-09-27'),(124,2565,'บช3141550069','ค่าวัสดุ','035001',3000,'108','203','นางสาวกวินทิพย์ วงค์คำเหลา',1,'3341500256406','2022-09-27','0000-01-01','2022-09-27'),(125,2565,'บช3141550069','ค่าวัสดุ','036001',2000,'108','203','นางเอมพิการ์ โชติพันธ์',1,'3341500256406','2022-09-27','0000-01-01','2022-09-27'),(126,2565,'บช020150107511','ปัจจัยพื้นฐานนักเรียนยากจน','045005',23500,'112','203','นางสุภาพร ไหว้พรหม',1,'3341500256406','2022-09-27','0000-01-01','2022-09-27'),(127,2565,'บช3141550069','ค่าไฟฟ้า เดือน 9/2565','039001',1620,'108','204','นางสุภาพร ไหว้พรหม',1,'3341500256406','2022-09-27','0000-01-01','2022-09-27'),(128,2565,'บช3141550069','ค่าจ้างครู','038001',8000,'108','103','นางสุภาพร ไหว้พรหม',1,'3341500256406','2022-09-30','0000-01-01','2022-09-30'),(129,2566,'บช020150107511','ปัจจัยพื้นฐานนักเรียนยากจนพิเศษ','016003',12500,'121','202','นางสุภาพร ไหว้พรหม',1,'3341500256406','2022-10-05','0000-01-01','2022-10-05'),(130,2566,'บช3141550069','ค่าจ้างครู','010001',8000,'108','103','นางเอมพิการ์ โชติพันธ์',1,'3341500256406','2022-10-31','0000-01-01','2022-10-31'),(131,2566,'บช3141352364','ค่าอาหารกลางวัน','015001',18900,'118','203','นางเอมพิการ์ โชติพันธ์',1,'3341500256406','2022-10-31','0000-01-01','2022-10-31'),(132,2566,'บช3141550069','ค่าอุปกรณ์การเรียน','016001',17030,'115','203','นางสุภาพร ไหว้พรหม',1,'3341500256406','2022-11-14','0000-01-01','2022-11-14'),(133,2566,'บช3141550069','ค่าดำเนินการสอบนักธรรม','016004',3475,'108','202','นางสุภาพร ไหว้พรหม',1,'3341500256406','2022-11-14','0000-01-01','2022-11-14'),(134,2566,'บช3141550069','ค่าจ้างเหมารถ','008001',29000,'117','103','นางสาวกัณฐมณี  สังฆราม',1,'3341500256406','2022-11-15','0000-01-01','2022-11-15'),(135,2566,'บช3141352364','ค่าอาหารกลางวัน','015001',18900,'118','203','นางเอมพิการ์ โชติพันธ์',1,'3341500256406','2022-11-17','0000-01-01','2022-11-17'),(136,2566,'บช3141550069','ค่าวัสดุ','001001',1189,'108','203','นางสาวหทัยรัตน์  อุดหนุน',1,'3341500256406','2022-11-22','0000-01-01','2022-11-22'),(137,2566,'บช3141550069','ค่าจ้างครู','010001',8000,'108','103','นางสุภาพร ไหว้พรหม',1,'3341500256406','2022-11-30','0000-01-01','2022-11-30'),(138,2566,'บช3141352364','ค่าอาหารกลางวัน','015001',18900,'118','203','นางเอมพิการ์ โชติพันธ์',1,'3341500256406','2022-12-02','0000-01-01','2022-12-02'),(139,2566,'บช3141550069','ค่ากรอบรูป ร.6','006001',500,'117','203','นายโชคชัย  ศาลาแก้ว',1,'3341500256406','2022-12-16','0000-01-01','2022-12-16'),(140,2566,'บช3141550069','ค่าวัสดุกีฬา','012001',430,'117','203','นายโชคชัย  ศาลาแก้ว',1,'3341500256406','2022-12-16','0000-01-01','2022-12-16'),(141,2566,'บช3141550069','ค่าไม้คฑา','012001',440,'117','203','นายโชคชัย  ศาลาแก้ว',1,'3341500256406','2022-12-16','0000-01-01','2022-12-16'),(142,2566,'บช3141550069','ค่าจ้างเหมารถ','012001',3130,'117','103','นายโชคชัย  ศาลาแก้ว',1,'3341500256406','2022-12-16','0000-01-01','2022-12-16'),(143,2566,'บช3141352364','ค่าอาหารกลางวัน','015001',18900,'118','203','นางเอมพิการ์ โชติพันธ์',1,'3341500256406','2022-12-23','0000-01-01','2022-12-23'),(144,2566,'บช3141550069','ค่าไฟฟ้า','011001',3243.48,'108','204','นางสุภาพร ไหว้พรหม',1,'3341500256406','2022-12-23','0000-01-01','2022-12-23'),(145,2566,'บช3141550069','ค่าจ้างเหมารถ','004001',4500,'108','103','นางสาวพิกุลแก้ว  หกลา',1,'3341500256406','2022-12-23','0000-01-01','2022-12-23'),(146,2566,'บช3141550069','ปัจจัยพื้นฐานนักเรียนยากจน','016002',2500,'112','203','นางสุภาพร ไหว้พรหม',1,'3341500256406','2022-12-23','0000-01-01','2022-12-23'),(147,2566,'บช3141550069','ค่าจ้างครู','010001',8000,'108','103','นางเอมพิการ์ โชติพันธ์',1,'3341500256406','2022-12-29','0000-01-01','2022-12-29'),(148,2566,'บช3141352364','ค่าอาหารกลางวัน','015001',18900,'118','203','นางเอมพิการ์ โชติพันธ์',1,'3341500256406','2023-01-12','0000-01-01','2023-01-12'),(149,2566,'บช3141550069','ค่าวัสดุ','002001',4000,'108','203','นางสาวหทัยรัตน์  อุดหนุน',1,'3341500256406','2023-01-12','0000-01-01','2023-01-12'),(150,2566,'บช3141550069','ค่าวัสดุ','009001',4000,'117','203','นางสาวพัชรี เนียมจันทร์',1,'3341500256406','2023-01-12','0000-01-01','2023-01-12'),(151,2566,'บช3141550069','ค่าวัสดุ','007001',2000,'108','203','นางสาวพัชรี เนียมจันทร์',1,'3341500256406','2023-01-12','0000-01-01','2023-01-12'),(152,2566,'บช3141550069','ค่าวัสดุ','005001',1000,'108','203','นางสาวพัชรี เนียมจันทร์',1,'3341500256406','2023-01-12','0000-01-01','2023-01-12'),(153,2566,'บช3141550069','ค่าป้ายไวนิล','004001',500,'108','203','นางสาวพัชรี เนียมจันทร์',1,'3341500256406','2023-01-12','0000-01-01','2023-01-12'),(154,2566,'บช3141550069','ค่าป้ายไวนิล','004001',500,'108','203','นางสาวพัชรี เนียมจันทร์',1,'3341500256406','2023-01-12','0000-01-01','2023-01-12'),(155,2566,'บช3141550069','ค่าจ้างเหมาอาหาร','004001',4000,'108','103','นางสาวพัชรี เนียมจันทร์',1,'3341500256406','2023-01-12','0000-01-01','2023-01-12'),(156,2566,'บช020150107511','ปัจจัยพื้นฐานนักเรียนยากจนพิเศษ','016003',89500,'121','202','นางสุภาพร ไหว้พรหม',1,'3341500256406','2023-01-23','0000-01-01','2023-01-23'),(157,2566,'บช3141352364','ค่าอาหารกลางวัน','015001',15975,'118','203','นางเอมพิการ์ โชติพันธ์',1,'3341500256406','2023-01-26','0000-01-01','2023-01-26'),(158,2566,'บช3141550069','ค่าจ้างเหมารถ','001001',4900,'108','103','นางสาวหทัยรัตน์  อุดหนุน',1,'3341500256406','2023-01-26','0000-01-01','2023-01-26'),(159,2566,'บช3141550069','ค่าวัสดุ','001001',4000,'108','203','นางสาวหทัยรัตน์  อุดหนุน',1,'3341500256406','2023-01-26','0000-01-01','2023-01-26'),(160,2566,'บช3141550069','ค่าวัสดุ','003001',3630,'108','203','นางสาวหทัยรัตน์  อุดหนุน',1,'3341500256406','2023-01-26','0000-01-01','2023-01-26'),(161,2566,'บช3141550069','ค่าวัสดุ','003001',1370,'108','203','นางสาวหทัยรัตน์  อุดหนุน',1,'3341500256406','2023-01-26','0000-01-01','2023-01-26'),(162,2566,'บช3141550069','ค่าจ้างเหมารถ','004001',4900,'108','103','นางสาวพัชรี เนียมจันทร์',1,'3341500256406','2023-01-26','0000-01-01','2023-01-26'),(163,2566,'บช3141550069','ค่ายา','013001',5000,'108','203','นางสาวพิกุลแก้ว  หกลา',1,'3341500256406','2023-01-26','0000-01-01','2023-01-26'),(164,2566,'บช3141550069','ค่าจ้างเหมารถไถ','014001',4500,'108','103','นางเอมพิการ์ โชติพันธ์',1,'3341500256406','2023-01-26','0000-01-01','2023-01-26'),(165,2566,'บช3141550069','ค่าจ้างครู','010001',8000,'108','103','นางเอมพิการ์ โชติพันธ์',1,'3341500256406','2023-01-31','0000-01-01','2023-01-31'),(166,2566,'บช3141550069','ค่า RT/ NT','004001',480,'108','203','นางสาวพัชรี เนียมจันทร์',1,'3341500256406','2023-01-31','0000-01-01','2023-01-31'),(167,2566,'บช3141352364','ค่าอาหารกลางวัน','015001',12150,'118','203','นางเอมพิการ์ โชติพันธ์',1,'3341500256406','2023-02-08','0000-01-01','2023-02-08'),(168,2566,'บช3141550069','ค่าจ้างเหมารถ','006001',1500,'117','103','นายโชคชัย  ศาลาแก้ว',1,'3341500256406','2023-02-14','0000-01-01','2023-02-14'),(169,2566,'บช3141550069','ค่าจ้างเหมาอาหาร','006001',5000,'117','103','นายโชคชัย  ศาลาแก้ว',1,'3341500256406','2023-02-14','0000-01-01','2023-02-14'),(170,2566,'บช3141352364','ค่าอาหารกลางวัน','015001',18225,'118','203','นางเอมพิการ์ โชติพันธ์',1,'3341500256406','2023-02-17','0000-01-01','2023-02-17'),(171,2566,'บช3141550069','ค่าไฟฟ้า ด.1-2/2566','011001',2173.18,'108','204','นางสุภาพร ไหว้พรหม',1,'3341500256406','2023-02-22','0000-01-01','2023-02-22'),(172,2566,'บช3141550069','ปัจจัยพื้นฐานนักเรียนยากจนประถมศึกษา','016002',26000,'112','203','นางสุภาพร ไหว้พรหม',1,'3341500256406','2023-02-22','0000-01-01','2023-02-22'),(173,2566,'บช3141550069','ค่าจ้างครู','010001',8000,'108','103','นางสุภาพร ไหว้พรหม',1,'3341500256406','2023-02-28','0000-01-01','2023-02-28'),(174,2566,'บช3141352364','ค่าอาหารกลางวัน','015001',18225,'118','203','นางเอมพิการ์ โชติพันธ์',1,'3341500256406','2023-03-01','0000-01-01','2023-03-01'),(175,2566,'บช3141550069','ค่าป้ายไวนิล','006001',500,'117','203','นายโชคชัย  ศาลาแก้ว',1,'3341500256406','2023-03-01','0000-01-01','2023-03-01'),(176,2566,'บช3141550069','ค่าจ้างเหมาอาหาร','006001',4314.7,'117','103','นายโชคชัย  ศาลาแก้ว',1,'3341500256406','2023-03-01','0000-01-01','2023-03-01'),(177,2566,'บช3141352364','ค่าอาหารกลางวัน','015001',18225,'118','203','นางเอมพิการ์ โชติพันธ์',1,'3341500256406','2023-03-15','0000-01-01','2023-03-15'),(178,2566,'บช3141550069','ค่าวัสดุ','004001',600,'108','203','นางสาวพัชรี เนียมจันทร์',1,'3341500256406','2023-03-15','0000-01-01','2023-03-15'),(179,2566,'บช3141550069','ค่าวัสดุ','001001',4400,'108','203','นางสาวพัชรี เนียมจันทร์',1,'3341500256406','2023-03-15','0000-01-01','2023-03-15'),(180,2566,'บช3141550069','ค่าป้ายไวนิล','004001',1000,'108','203','นางสาวพิกุลแก้ว  หกลา',1,'3341500256406','2023-03-21','0000-01-01','2023-03-21'),(181,2566,'บช3141550069','ค่าจ้างเหมาพาขวัญ','004001',1500,'108','103','นางสาวพิกุลแก้ว  หกลา',1,'3341500256406','2023-03-21','0000-01-01','2023-03-21'),(182,2566,'บช3141550069','ค่าจ้างเหมาอาหาร','004001',7500,'108','103','นางสาวพิกุลแก้ว  หกลา',1,'3341500256406','2023-03-21','0000-01-01','2023-03-21'),(183,2566,'บช020150107511','ปัจจัยพื้นฐานนักเรียนยากจนพิเศษ','016003',12000,'121','202','นางสุภาพร ไหว้พรหม',1,'3341500256406','2023-03-09','0000-01-01','2023-03-09'),(184,2566,'บช020150107511','ทุนการศึกษา บริษัทเอสโซ่ (ประเทศเทศ)จำกัด(มหาชน)','016003',3000,'121','202','นางสุภาพร ไหว้พรหม',1,'3341500256406','2023-03-09','0000-01-01','2023-03-09'),(185,2566,'บช3141550069','ค่าจ้างครู','010001',8000,'108','103','นางสุภาพร ไหว้พรหม',1,'3341500256406','2023-03-31','0000-01-01','2023-03-31'),(186,2566,'บช3141550069','ค่าจ้างครู','010001',8000,'108','103','นางเอมพิการ์ โชติพันธ์',1,'3341500256406','2023-04-28','0000-01-01','2023-04-28'),(187,2566,'บช3141550069','ค่าไฟฟ้า ด.3-4/2566','011001',2106.68,'108','204','นางสุภาพร ไหว้พรหม',1,'3341500256406','2023-04-28','0000-01-01','2023-04-28'),(188,2566,'บช3141550069','ค่าวัสดุ','022001',14000,'108','203','นางสาวพัชรี เนียมจันทร์',1,'3341500256406','2023-05-02','0000-01-01','2023-05-02'),(189,2566,'บช3141550069','ค่าวัสดุ','037001',2107,'108','203','นางเอมพิการ์ โชติพันธ์',1,'3341500256406','2023-05-02','0000-01-01','2023-05-02'),(190,2566,'บช3141550069','ค่าวัสดุ','018001',2141,'108','203','นางสาวหทัยรัตน์  อุดหนุน',1,'3341500256406','2023-05-02','0000-01-01','2023-05-02'),(191,2566,'บช3141550069','ค่าวัสดุ','018001',3859,'108','203','นางสาวหทัยรัตน์  อุดหนุน',1,'3341500256406','2023-05-02','0000-01-01','2023-05-02'),(192,2566,'บช3141550069','ค่าเครื่องแบบนักเรียน','027001',7190,'117','202','นางสุภาพร ไหว้พรหม',0,'3341500256406','2023-05-08','2023-05-08','0000-01-01'),(193,2566,'บช3141550069','ค่าเครื่องแบบนักเรียน','039001',27085,'116','202','นางสุภาพร ไหว้พรหม',1,'3341500256406','2023-05-08','0000-01-01','2023-05-08'),(194,2566,'บช3141550069','ค่าวัสดุ','039002',17338,'115','203','นางสุภาพร ไหว้พรหม',1,'3341500256406','2023-05-08','0000-01-01','2023-05-08'),(195,2566,'บช3141550069','ค่าอุปกรณ์การเรียน','027001',197,'117','203','นางสุภาพร ไหว้พรหม',0,'3341500256406','2023-05-08','2023-05-08','0000-01-01'),(196,2566,'บช3141352364','ค่าอาหารกลางวัน','038001',20000,'118','202','นางสาวกัณฐมณี  สังฆราม',1,'3341500256406','2023-05-15','0000-01-01','2023-05-15'),(197,2566,'บช3141352364','ค่าอาหารกลางวัน','038001',18475,'118','202','นางสาวกัณฐมณี  สังฆราม',1,'3341500256406','2023-05-30','0000-01-01','2023-05-30'),(198,2566,'บช3141550069','ค่าจ้างครู','032001',8000,'108','103','นางเอมพิการ์ โชติพันธ์',1,'3341500256406','2023-05-31','0000-01-01','2023-05-31'),(199,2566,'บช3141352364','ค่าอาหารกลางวัน','038001',18225,'118','202','นางสาวกัณฐมณี  สังฆราม',1,'3341500256406','2023-06-14','0000-01-01','2023-06-14'),(200,2566,'บช3141352364','ค่าอาหารกลางวัน','038001',18225,'118','202','นางสาวกัณฐมณี  สังฆราม',1,'3341500256406','2023-06-26','0000-01-01','2023-06-26'),(201,2566,'บช3141550069','ค่าจ้างครู','032001',8000,'108','103','นางเอมพิการ์ โชติพันธ์',1,'3341500256406','2023-06-30','0000-01-01','2023-06-30'),(202,2566,'บช3141352364','ค่าอาหารกลางวัน','038001',18225,'118','202','นางสาวกัณฐมณี  สังฆราม',1,'3341500256406','2023-07-07','0000-01-01','2023-07-07'),(203,2566,'บช3141352364','ค่าอาหารกลางวัน','038001',18225,'118','202','นางสาวกัณฐมณี  สังฆราม',1,'3341500256406','2023-07-20','0000-01-01','2023-07-20'),(204,2566,'บช3141550069','ค่าจ้างครู','039003',8000,'114','103','นางเอมพิการ์ โชติพันธ์',0,'3341500256406','2023-07-27','2023-07-27','0000-01-01'),(205,2566,'บช3141550069','ค่าเครื่องแบบนักเรียน(ส่งใช้เงินยืม)','039001',7190,'116','202','นางสุภาพร ไหว้พรหม',1,'3341500256406','2023-08-08','0000-01-01','2023-08-08'),(206,2566,'บช3141550069','ค่าอุปกรณ์การเรียน (ส่งใช้เงินยืม)','039002',197,'115','203','นางสุภาพร ไหว้พรหม',1,'3341500256406','2023-08-08','0000-01-01','2023-08-08'),(207,2566,'บช3141550069','ค่าจ้างครู (ส่งใช้เงินยืม)','032001',8000,'108','103','นางเอมพิการ์ โชติพันธ์',1,'3341500256406','2023-08-08','0000-01-01','2023-08-08'),(208,2566,'บช3141352364','ค่าอาหารกลางวัน','038001',18225,'118','202','นางสาวกัณฐมณี  สังฆราม',1,'3341500256406','2023-08-08','0000-01-01','2023-08-08'),(209,2566,'บช3141550069','ค่าหนังสือเรียน','039003',47177,'114','203','นางสุภาพร ไหว้พรหม',1,'3341500256406','2023-08-08','0000-01-01','2023-08-08'),(210,2566,'บช3141550069','ค่าไฟฟ้า ด.5-7/2566','033001',4425.83,'108','204','นางสุภาพร ไหว้พรหม',1,'3341500256406','2023-08-08','0000-01-01','2023-08-08'),(211,2566,'บช3141550069','ค่า ปพ','017001',790,'108','203','นางสาวหทัยรัตน์  อุดหนุน',1,'3341500256406','2023-08-08','0000-01-01','2023-08-08'),(212,2566,'บช3141550069','ค่า ปพ','021001',1485,'108','203','นายโชคชัย  ศาลาแก้ว',1,'3341500256406','2023-08-08','0000-01-01','2023-08-08'),(213,2566,'บช3141550069','ค่าธงชาติไทย','025001',260,'117','203','นายโชคชัย  ศาลาแก้ว',1,'3341500256406','2023-08-08','0000-01-01','2023-08-08'),(215,2566,'บช3141550069','ค่าวัสดุ','020001',5000,'108','203','นางสาวหทัยรัตน์  อุดหนุน',1,'3341500256406','2023-08-08','0000-01-01','2023-08-08'),(216,2566,'บช3141550069','ค่าจ้างเหมารถ','037001',2300,'108','201','นางเอมพิการ์ โชติพันธ์',1,'3341500256406','2023-08-08','0000-01-01','2023-08-08'),(217,2566,'บช3141550069','ค่าวัสดุ','029001',5000,'108','203','นางสาวจารุณี ใจภักดี',1,'3341500256406','2023-08-18','0000-01-01','2023-08-11'),(218,2566,'บช3141550069','ค่าจ้างเหมารถ','027001',6000,'117','201','นางเอมพิการ์ โชติพันธ์',1,'3341500256406','2023-08-18','0000-01-01','2023-08-18'),(219,2566,'บช020150107511','ปัจจัยพื้นฐานนักเรียนยากจนพิเศษ','039005',25000,'121','202','นางสุภาพร ไหว้พรหม',1,'3341500256406','2023-08-09','0000-01-01','2023-08-09'),(220,2566,'บช3141352364','ค่าอาหารกลางวัน','038001',18954,'118','202','นางสาวกัณฐมณี  สังฆราม',1,'3341500256406','2023-08-23','0000-01-01','2023-08-23'),(221,2566,'บช3141550069','ค่าจ้างครู','032001',8000,'108','103','นางเอมพิการ์ โชติพันธ์',1,'3341500256406','2023-08-30','0000-01-01','2023-08-30'),(222,2566,'บช3141550069','ค่าอุปกรณ์การเรียน','039002',4988,'115','202','นางสุภาพร ไหว้พรหม',1,'3341500256406','2023-09-15','0000-01-01','2023-09-15'),(223,2566,'บช3141550069','ค่าเครื่องแบบนักเรียน','039001',3035,'108','202','นางสุภาพร ไหว้พรหม',1,'3341500256406','2023-09-15','0000-01-01','2023-09-15'),(224,2566,'บช3141550069','ปัจจัยพื้นฐานนักเรียนยากจนประถมศึกษา','039004',6000,'112','202','นางสุภาพร ไหว้พรหม',1,'3341500256406','2023-09-15','0000-01-01','2023-09-15'),(225,2566,'บช3141550069','ค่าจ้างครู','032001',8000,'108','103','นางเอมพิการ์ โชติพันธ์',1,'3341500256406','2023-09-28','0000-01-01','2023-09-28'),(226,2566,'บช3141550069','ค่าไฟฟ้า ด.8-9/2566','033001',2961.19,'108','204','นางสุภาพร ไหว้พรหม',1,'3341500256406','2023-09-28','0000-01-01','2023-09-28'),(227,2566,'บช3141352364','ค่าอาหารกลางวัน','038001',18954,'118','202','นางสาวกัณฐมณี  สังฆราม',1,'3341500256406','2023-09-04','0000-01-01','2023-09-04'),(228,2566,'บช3141352364','ค่าอาหารกลางวัน','038001',18954,'118','202','นางสาวกัณฐมณี  สังฆราม',1,'3341500256406','2023-09-15','0000-01-01','2023-09-15'),(229,2566,'บช3141352364','ค่าอาหารกลางวัน','038001',2106,'118','202','นางสาวกัณฐมณี  สังฆราม',1,'3341500256406','2023-09-28','0000-01-01','2023-09-28'),(230,2566,'บช3141352364','ค่าวัสดุ','040001',25000,'120','202','นางสาวกัณฐมณี  สังฆราม',1,'3341500256406','2023-08-23','0000-01-01','2023-08-23'),(231,2567,'บช3141352364','ค่าอาหารกลางวัน','018001',16848,'118','202','นางสาวกัณฐมณี  สังฆราม',1,'3341500256406','2023-10-02','0000-01-01','2023-10-02'),(232,2567,'บช020150107511','ปัจจัยพื้นฐานนักเรียนยากจนพิเศษ','019003',77500,'121','202','นางสุภาพร ไหว้พรหม',1,'3341500256406','2023-10-05','0000-01-01','2023-10-05'),(233,2567,'บช3141550069','ปัจจัยพื้นฐานนักเรียนยากจนประถมศึกษา','019002',20000,'112','202','นางสุภาพร ไหว้พรหม',1,'3341500256406','2023-10-06','0000-01-01','2023-10-06'),(234,2567,'บช3141550069','ค่าจ้างครู','012001',8000,'108','103','นางเอมพิการ์ โชติพันธ์',1,'3341500256406','2023-10-31','0000-01-01','2023-10-31'),(235,2567,'บช3141352364','ค่าอาหารกลางวัน','018001',20000,'118','202','นางสาวกัณฐมณี  สังฆราม',1,'3341500256406','2023-10-31','0000-01-01','2023-10-31'),(236,2567,'บช3141550069','ค่าอุปกรณ์การเรียน 2/2566 ','019001',12785,'115','203','นางสุภาพร ไหว้พรหม',1,'3341500256406','2023-11-14','0000-01-01','2023-11-14'),(237,2567,'บช3141352364','ค่าอาหารกลางวัน','018001',17908,'118','202','นางสาวกัณฐมณี  สังฆราม',1,'3341500256406','2023-11-14','0000-01-01','2023-11-14'),(238,2567,'บช3141352364','ค่าอาหารกลางวัน','018001',10530,'118','202','นางสาวกัณฐมณี  สังฆราม',1,'3341500256406','2023-11-27','0000-01-01','2023-11-27'),(239,2567,'บช3141550069','ค่าจ้างครู','012001',8000,'108','103','นางเอมพิการ์ โชติพันธ์',1,'3341500256406','2023-11-30','0000-01-01','2023-11-30'),(240,2567,'บช3141550069','ค่าอุปกรณ์การเรียน','006001',4750,'117','203','นางสุภาพร ไหว้พรหม',0,'3341500256406','2023-11-14','2023-11-14','0000-01-01'),(241,2567,'บช3141352364','ค่าอาหารกลางวัน','018001',18954,'118','202','นางสาวกัณฐมณี  สังฆราม',1,'3341500256406','2023-12-04','0000-01-01','2023-12-04'),(242,2567,'บช3141550069','ค่าไฟฟ้า ด.10-11/2566','013001',1836.97,'108','204','นางสุภาพร ไหว้พรหม',1,'3341500256406','2023-12-04','0000-01-01','2023-12-04'),(243,2567,'บช3141550069','ค่าวัสดุ','011001',1778,'108','203','นางสุภาพร ไหว้พรหม',1,'3341500256406','2023-12-04','0000-01-01','2023-12-04'),(244,2567,'บช3141550069','ค่าวัสดุ','015001',4000,'108','203','นางสุภาพร ไหว้พรหม',1,'3341500256406','2023-12-04','0000-01-01','2023-12-04'),(245,2567,'บช3141550069','ค่าวัสดุ','016001',3000,'108','203','นางสาวจารุณี ใจภักดี',1,'3341500256406','2023-12-04','0000-01-01','2023-12-04'),(246,2567,'บช3141550069','ค่าวัสดุ','001001',1290,'108','203','นางเอมพิการ์ โชติพันธ์',1,'3341500256406','2023-12-04','0000-01-01','2023-12-04'),(247,2567,'บช3141550069','ค่าจ้างเหมารถ','008001',24000,'117','103','นางเอมพิการ์ โชติพันธ์',1,'3341500256406','2023-12-18','0000-01-01','2023-12-18'),(248,2567,'บช3141352364','ค่าอาหารกลางวัน','018001',18954,'118','202','นางสาวกัณฐมณี  สังฆราม',1,'3341500256406','2023-12-18','0000-01-01','2023-12-18'),(249,2567,'บช3141352364','ค่าอาหารกลางวัน','018001',16848,'118','202','นางสาวกัณฐมณี  สังฆราม',1,'3341500256406','2023-12-28','0000-01-01','2023-12-28'),(250,2567,'บช3141550069','ค่าจ้างครู','012001',8000,'108','103','นางเอมพิการ์ โชติพันธ์',1,'3341500256406','2023-12-28','0000-01-01','2023-12-28'),(251,2567,'บช3141550069','ค่าถ้วยรางวัล','003001',600,'108','203','นายโชคชัย  ศาลาแก้ว',0,'3341500256406','2023-12-28','2023-12-28','0000-01-01'),(252,2567,'บช3141550069','ค่าฉาบเดินแถว','014001',2400,'117','203','นายโชคชัย  ศาลาแก้ว',1,'3341500256406','2023-12-28','0000-01-01','2023-12-28'),(253,2567,'บช3141550069','ค่าจ้างเหมารถ','014001',915,'117','103','นายโชคชัย  ศาลาแก้ว',1,'3341500256406','2023-12-28','0000-01-01','2023-12-28'),(254,2567,'บช3141550069','ค่าลูกฟุตบอล','003001',880,'108','203','นายโชคชัย  ศาลาแก้ว',0,'3341500256406','2023-12-28','2023-12-28','0000-01-01'),(255,2567,'บช3141352364','ค่าอาหารกลางวัน','018001',18954,'118','202','นางสาวกัณฐมณี  สังฆราม',1,'3341500256406','2024-01-12','0000-01-01','2024-01-12'),(256,2567,'บช3141550069','ค่าป้ายไวนิล','003001',350,'108','203','นายโชคชัย  ศาลาแก้ว',1,'3341500256406','2024-01-12','0000-01-01','2024-01-12'),(257,2567,'บช3141550069','ค่าอุปกรณ์การเรียน','019001',4750,'115','202','นางสุภาพร ไหว้พรหม',1,'3341500256406','2024-01-12','0000-01-01','2024-01-02'),(258,2567,'บช3141550069','ค่าถ้วยรางวัล','014001',600,'117','203','นายโชคชัย  ศาลาแก้ว',1,'3341500256406','2024-01-12','0000-01-01','2024-01-02'),(259,2567,'บช3141550069','ค่าลูกฟุตบอล','014001',880,'117','203','นายโชคชัย  ศาลาแก้ว',1,'3341500256406','2024-01-12','0000-01-01','2024-01-02'),(261,2567,'บช3141550069','ค่าจ้างเหมาอาหาร-อาหารว่าง  ','003001',4650,'108','103','นายโชคชัย  ศาลาแก้ว',1,'3341500256406','2024-01-12','0000-01-01','2024-01-12'),(262,2567,'บช020150107511','ปัจจัยพื้นฐานนักเรียนยากจนพิเศษ','019003',100500,'121','202','นางสุภาพร ไหว้พรหม',1,'3341500256406','2024-01-19','0000-01-01','2024-01-19'),(263,2567,'บช3141352364','ค่าอาหารกลางวัน','018001',16416,'118','202','นางสาวกัณฐมณี  สังฆราม',1,'3341500256406','2024-01-25','0000-01-01','2024-01-25'),(264,2567,'บช3141550069','ค่าไฟฟ้า ด.12/2566 - ด.1/2567','013001',1989.64,'108','204','นางสุภาพร ไหว้พรหม',1,'3341500256406','2024-01-25','0000-01-01','2024-01-25'),(265,2567,'บช3141550069','ค่าจ้างเหมาอาหาร','006001',4500,'117','103','นายโชคชัย  ศาลาแก้ว',1,'3341500256406','2024-01-25','0000-01-01','2024-01-25'),(266,2567,'บช3141550069','ค่าป้ายไวนิล','006001',500,'117','203','นายโชคชัย  ศาลาแก้ว',1,'3341500256406','2024-01-25','0000-01-01','2024-01-25'),(267,2567,'บช3141550069','ค่าจ้างครู','012001',8000,'108','103','นางเอมพิการ์ โชติพันธ์',1,'3341500256406','2024-01-31','0000-01-01','2024-01-31'),(268,2567,'บช3141352364','ค่าอาหารกลางวัน','018001',18711,'118','202','นางสาวกัณฐมณี  สังฆราม',1,'3341500256406','2024-02-07','0000-01-01','2024-02-07'),(269,2567,'บช3141550069','ค่าวัสดุ','009001',4750,'117','203','นางสาวกัณฐมณี  สังฆราม',1,'3341500256406','2024-02-07','0000-01-01','2024-02-07'),(270,2567,'บช3141550069','ปัจจัยพื้นฐานนักเรียนยากจนประถมศึกษา 2/2566','019002',26000,'112','202','นางสุภาพร ไหว้พรหม',1,'3341500256406','2024-02-21','0000-01-01','2024-02-21'),(271,2567,'บช3141550069','ค่าวัสดุ','004001',6000,'108','203','นางสาวพัชรี เนียมจันทร์',1,'3341500256406','2024-02-21','0000-01-01','2024-02-21'),(272,2567,'บช3141550069','ค่าวัสดุ','005001',5000,'108','203','นายโชคชัย  ศาลาแก้ว',1,'3341500256406','2024-02-21','0000-01-01','2024-02-21'),(273,2567,'บช3141550069','ค่าวัสดุ','007001',4000,'108','203','นางสาวกัณฐมณี  สังฆราม',1,'3341500256406','2024-02-21','0000-01-01','2024-02-21'),(274,2567,'บช3141550069','ค่าวัสดุ','010001',5000,'108','203','นางเอมพิการ์ โชติพันธ์',1,'3341500256406','2024-02-21','0000-01-01','2024-02-21'),(275,2567,'บช3141550069','ค่าจ้างเหมารถ','017001',4800,'108','103','นางเอมพิการ์ โชติพันธ์',1,'3341500256406','2024-02-21','0000-01-01','2024-02-21'),(276,2567,'บช3141352364','ค่าอาหารกลางวัน','018001',18711,'118','203','นางสาวกัณฐมณี  สังฆราม',1,'3341500256406','2024-02-21','0000-01-01','2024-02-21'),(277,2567,'บช3141550069','ค่าจ้างครู','012001',8000,'108','103','นางสุภาพร ไหว้พรหม',1,'3341500256406','2024-02-29','0000-01-01','2024-02-29'),(278,2567,'บช3141550069','ค่าวัสดุ','002001',5000,'108','203','นางรัตนา ลาวงค์',1,'3341500256406','2024-02-29','0000-01-01','2024-02-29'),(279,2567,'บช3141550069','ค่าวัสดุ','001001',3920,'108','203','นางสาวรัตนา ลาวงค์',1,'3341500256406','2024-02-29','0000-01-01','2024-02-29'),(280,2567,'บช3141550069','ค่าวัสดุ','003001',10770,'108','203','นายโชคชัย  ศาลาแก้ว',1,'3341500256406','2024-02-29','0000-01-01','2024-02-29'),(281,2567,'บช3141550069','ค่าข้อสอบ RT','003001',153,'108','203','นายโชคชัย  ศาลาแก้ว',1,'3341500256406','2024-02-29','0000-01-01','2024-02-29'),(282,2567,'บช3141550069','ค่าข้อสอบNT','003001',238,'108','203','นายโชคชัย  ศาลาแก้ว',1,'3341500256406','2024-02-29','0000-01-01','2024-02-29'),(283,2567,'บช3141352364','ค่าอาหารกลางวัน','018001',18711,'118','203','นางสาวกัณฐมณี  สังฆราม',1,'3341500256406','2024-03-06','0000-01-01','2024-03-06'),(284,2567,'บช3141550069','ค่าวัสดุ','003001',3666,'108','203','นายโชคชัย  ศาลาแก้ว',1,'3341500256406','2024-03-12','0000-01-01','2024-03-12'),(285,2567,'บช3141550069','ค่าหมึกเครื่องปริ้นเตอร์','003001',900,'108','203','นายโชคชัย  ศาลาแก้ว',1,'3341500256406','2024-03-12','0000-01-01','2024-03-12'),(286,2567,'บช3141550069','ค่าป้ายไวนิล','003001',2000,'108','203','นายโชคชัย  ศาลาแก้ว',1,'3341500256406','2024-03-12','0000-01-01','2024-03-12'),(287,2567,'บช3141550069','ค่าจ้างซ่อมเครื่องเสียง','017001',1500,'108','103','นางเอมพิการ์ โชติพันธ์',1,'3341500256406','2024-03-12','0000-01-01','2024-03-12'),(288,2567,'บช3141352364','ค่าอาหารกลางวัน','018001',14553,'118','203','นางสาวกัณฐมณี  สังฆราม',1,'3341500256406','2024-03-19','0000-01-01','2024-03-19'),(289,2567,'บช3141550069','ค่าวัสดุ','003001',8788,'108','203','นายโชคชัย  ศาลาแก้ว',1,'3341500256406','2024-03-19','0000-01-01','2024-03-19'),(290,2567,'บช3141550069','ค่าจ้างเหมารถไถ','017001',2000,'108','103','นางเอมพิการ์ โชติพันธ์',1,'3341500256406','2024-03-19','0000-01-01','2024-03-19'),(291,2567,'บช3141550069','ค่าไฟฟ้า ด.2-3/2567','013001',3109.69,'108','204','นางสุภาพร ไหว้พรหม',1,'3341500256406','2024-03-19','0000-01-01','2024-03-19'),(292,2567,'บช3141550069','ค่าจ้างครู','012001',8000,'108','103','นางเอมพิการ์ โชติพันธ์',1,'3341500256406','2024-03-29','0000-01-01','2024-03-29'),(293,2567,'บช3141550069','ค่าจ้างครู','012001',8000,'108','103','นางสุภาพร ไหว้พรหม',1,'3341500256406','2024-04-30','0000-01-01','2024-04-30'),(294,2567,'บช3141550069','ค่าไฟฟ้า ด.4/2567','013001',437.41,'108','204','นางสุภาพร ไหว้พรหม',1,'3341500256406','2024-04-30','0000-01-01','2024-04-30'),(295,2567,'บช3141550069','ค่าวัสดุ','021001',2528,'108','203','นางสาวกรรณิกา  จำปาเต็ม',1,'3341500256406','2024-05-03','0000-01-01','2024-05-03'),(296,2567,'บช3141550069','ค่าวัสดุ','021001',458,'108','203','นางสาวกรรณิกา  จำปาเต็ม',1,'3341500256406','2024-05-03','0000-01-01','2024-05-03'),(297,2567,'บช3141550069','ค่าวัสดุ','025001',5500,'108','203','นางสาวกรรณิกา  จำปาเต็ม',1,'3341500256406','2024-05-03','0000-01-01','2024-05-03'),(298,2567,'บช3141550069','ค่าอุปกรณ์การเรียน 1/2567','042002',10800,'115','203','นางสุภาพร ไหว้พรหม',1,'3341500256406','2024-05-09','0000-01-01','2024-05-09'),(299,2567,'บช3141550069','ค่าอุปกรณ์การเรียน 1/2567','030001',6015,'117','203','นางสุภาพร ไหว้พรหม',0,'3341500256406','2024-05-09','2024-05-09','0000-01-01'),(300,2567,'บช3141550069','ค่าเครื่องแบบนักเรียน 1/2567 ','042001',21200,'116','202','นางสุภาพร ไหว้พรหม',1,'3341500256406','2024-05-09','0000-01-01','2024-05-09'),(301,2567,'บช3141550069','ค่าเครื่องแบบนักเรียน 1/2567','030001',2085,'117','202','นางสุภาพร ไหว้พรหม',0,'3341500256406','2024-05-09','2024-05-09','0000-01-01'),(302,2567,'บช3141550069','ค่าเครื่องแบบนักเรียน 1/2567','024001',9190,'108','202','นางสุภาพร ไหว้พรหม',0,'3341500256406','2024-05-09','2024-05-09','0000-01-01'),(303,2567,'บช3141352364','ค่าอาหารกลางวัน','041001',18711,'118','203','นางเอมพิการ์ โชติพันธ์',1,'3341500256406','2024-05-15','0000-01-01','2024-05-15'),(332,2567,'บช3141352364','ค่าอาหารกลางวัน','041001',19926,'118','203','นางเอมพิการ์ โชติพันธ์',1,'3341500256406','2024-08-28','0000-01-01','2024-08-28'),(305,2567,'บช3141352364','ค่าอาหารกลางวัน','041001',18711,'118','203','นางเอมพิการ์ โชติพันธ์',1,'3341500256406','2024-05-30','0000-01-01','2024-05-30'),(306,2567,'บช3141550069','ส่งใช้เงินยืมค่าเครื่องแบบนักเรียน','042001',2085,'116','203','นางสุภาพร ไหว้พรหม',1,'3341500256406','2024-05-30','0000-01-01','2024-05-30'),(307,2567,'บช3141550069','ค่าจ้างครู','035001',8000,'108','103','นางเอมพิการ์ โชติพันธ์',1,'3341500256406','2024-05-31','0000-01-01','2024-05-31'),(308,2567,'บช3141352364','ค่าอาหารกลางวัน','041001',18711,'118','203','นางเอมพิการ์ โชติพันธ์',1,'3341500256406','2024-06-12','0000-01-01','2024-06-12'),(309,2567,'บช3141352364','ส่งเงินค่าอาหารกลางวันไปที่ สพป.อบ.4','041001',48535.14,'118','203','นางเอมพิการ์ โชติพันธ์',1,'3341500256406','2024-06-12','0000-01-01','2024-06-12'),(310,2567,'บช3141550069','นำเงินอุดหนุนส่งที่ สพป.อบ.4','036001',1308.37,'108','204','นางสุภาพร ไหว้พรหม',1,'3341500256406','2024-06-14','0000-01-01','2024-06-14'),(311,2567,'บช3141550069','ค่าไฟฟ้า ด.5-6/2567','036001',2512.54,'108','204','นางสุภาพร ไหว้พรหม',1,'3341500256406','2024-06-21','0000-01-01','2024-06-21'),(312,2567,'บช3141550069','ค่าวัสดุ','029001',4000,'108','203','นางสาวกัณฐมณี  สังฆราม',1,'3341500256406','2024-06-21','0000-01-01','2024-06-21'),(313,2567,'บช3141550069','ค่าวัสดุ','033001',5000,'108','203','นางเอมพิการ์ โชติพันธ์',1,'3341500256406','2024-06-21','0000-01-01','2024-06-21'),(314,2567,'บช3141550069','ค่าวัสดุ','024001',1000,'108','203','นายโชคชัย  ศาลาแก้ว',1,'3341500256406','2024-06-21','0000-01-01','2024-06-21'),(315,2567,'บช3141550069','ค่าจ้างเหมา','040001',5000,'108','103','นางเอมพิการ์ โชติพันธ์',1,'3341500256406','2024-06-21','0000-01-01','2024-06-21'),(316,2567,'บช3141352364','ค่าอาหารกลางวัน','041001',18711,'118','203','นางเอมพิการ์ โชติพันธ์',1,'3341500256406','2024-06-25','0000-01-01','2024-06-25'),(317,2567,'บช3141550069','ค่าวัสดุ','028001',760,'117','203','นายโชคชัย  ศาลาแก้ว',1,'3341500256406','2024-06-25','0000-01-01','2024-06-25'),(318,2567,'บช3141550069','บัตรบันทึกสุขภาพนักเรียน','039001',280,'108','203','นางสาวจารุณี ใจภักดี',1,'3341500256406','2024-06-25','0000-01-01','2024-06-25'),(319,2567,'บช3141550069','ค่าจ้างครู','035001',8000,'108','103','นางเอมพิการ์ โชติพันธ์',1,'3341500256406','2024-06-28','0000-01-01','2024-06-28'),(320,2567,'บช3141352364','ค่าอาหารกลางวัน','041001',18711,'118','203','นางเอมพิการ์ โชติพันธ์',1,'3341500256406','2024-07-09','0000-01-01','2024-07-09'),(321,2567,'บช3141550069','ค่า ปพ.','025001',1510,'108','203','นางสุภาพร ไหว้พรหม',1,'3341500256406','2024-07-09','0000-01-01','2024-07-09'),(322,2567,'บช3141550069','ค่าบัญชีเรียกชื่อ','021001',646,'108','203','นางสาวกรรณิกา  จำปาเต็ม',1,'3341500256406','2024-07-09','0000-01-01','2024-07-09'),(323,2567,'บช3141352364','ค่าอาหารกลางวัน','041001',10395,'118','203','นางเอมพิการ์ โชติพันธ์',1,'3341500256406','2024-07-19','0000-01-01','2024-07-19'),(324,2567,'บช3141550069','ค่าจ้างครู','035001',8000,'108','103','นางเอมพิการ์ โชติพันธ์',1,'3341500256406','2024-07-31','0000-01-01','2024-07-31'),(325,2567,'บช3141352364','ค่าอาหารกลางวัน','041001',19926,'118','203','นางเอมพิการ์ โชติพันธ์',1,'3341500256406','2024-08-01','0000-01-01','2024-08-01'),(326,2567,'บช3141550069','ค่าอุปกรณ์การเรียน (ส่งใช้เงินยืม)','042002',6015,'115','202','นางสุภาพร ไหว้พรหม',1,'3341500256406','2024-08-13','0000-01-01','2024-08-13'),(327,2567,'บช3141550069','ส่งใช้เงินยืมค่าเครื่องแบบนักเรียน','042001',9190,'116','203','นางสุภาพร ไหว้พรหม',1,'3341500256406','2024-08-13','0000-01-01','2024-08-13'),(328,2567,'บช3141352364','ค่าอาหารกลางวัน','041001',19926,'118','203','นางเอมพิการ์ โชติพันธ์',1,'3341500256406','2024-08-16','0000-01-01','2024-08-16'),(329,2567,'บช3141550069','ค่าหนังสือเรียน','042003',47139,'114','203','นางสุภาพร ไหว้พรหม',1,'3341500256406','2024-08-16','0000-01-01','2024-08-16'),(330,2567,'บช3141550069','ค่าจ้างเหมารถ','030001',10000,'117','103','นางเอมพิการ์ โชติพันธ์',1,'3341500256406','2024-08-16','0000-01-01','2024-08-16'),(331,2567,'บช020150107511','ปัจจัยพื้นฐานนักเรียนยากจนพิเศษ','042005',94820,'121','202','นางสุภาพร ไหว้พรหม',1,'3341500256406','2024-08-19','0000-01-01','2024-08-19'),(333,2567,'บช3141550069','ค่าจ้างครู','035001',8000,'108','103','นางเอมพิการ์ โชติพันธ์',1,'3341500256406','2024-08-30','0000-01-01','2024-08-30'),(334,2567,'บช3141550069','ค่าไฟฟ้า ด.7-8/2567','036001',3381.52,'108','204','นางสุภาพร ไหว้พรหม',1,'3341500256406','2024-08-30','0000-01-01','2024-08-30'),(335,2567,'บช3141550069','ค่าวัสดุ','039001',2720,'108','203','นางสาวจารุณี ใจภักดี',1,'3341500256406','2024-08-30','0000-01-01','2024-08-30'),(336,2567,'บช3141550069','ค่าวัสดุ','034001',1328,'108','203','นางสุภาพร ไหว้พรหม',1,'3341500256406','2024-08-30','0000-01-01','2024-08-30'),(337,2567,'บช3141550069','ค่าวัสดุ','020001',3000,'108','203','นางสาวกรรณิกา  จำปาเต็ม',1,'3341500256406','2024-08-30','0000-01-01','2024-08-30'),(338,2567,'บช3141550069','ค่าวัสดุ','025001',6990,'108','203','นางสุภาพร ไหว้พรหม',1,'3341500256406','2024-08-30','0000-01-01','2024-08-30'),(339,2567,'บช3141550069','ค่าวัสดุ','028001',1000,'117','203','นายโชคชัย  ศาลาแก้ว',1,'3341500256406','2024-08-30','0000-01-01','2024-08-30'),(340,2567,'บช3141550069','ปัจจัยพื้นฐานนักเรียนยากจนประถมศึกษา','042006',24000,'112','202','นางสุภาพร ไหว้พรหม',1,'3341500256406','2024-08-30','0000-01-01','2024-08-30'),(341,2567,'บช3141352364','ค่าอาหารกลางวัน','041001',19926,'118','203','นางเอมพิการ์ โชติพันธ์',1,'3341500256406','2024-09-10','0000-01-01','2024-09-10'),(342,2567,'บช3141352364','ค่าอาหารกลางวัน','041001',19926,'118','203','นางเอมพิการ์ โชติพันธ์',1,'3341500256406','2024-09-19','0000-01-01','2024-09-19'),(343,2567,'บช3141550069','ค่าไฟฟ้า ด.9/2567','036001',1619.08,'108','204','นางสุภาพร ไหว้พรหม',1,'3341500256406','2024-09-30','0000-01-01','2024-09-30'),(344,2567,'บช3141550069','ค่าจ้างครู','035001',8000,'108','103','นางเอมพิการ์ โชติพันธ์',1,'3341500256406','2024-09-30','0000-01-01','2024-09-30'),(345,2567,'บช3141550069','ปัจจัยพื้นฐานนักเรียนยากจนประถมศึกษา(กลุ่มใหม่)','042006',3000,'112','202','นางสุภาพร ไหว้พรหม',1,'3341500256406','2024-09-30','0000-01-01','2024-09-30'),(346,2567,'บช3141550069','ค่าเครื่องแบบนักเรียน(เพิ่มเติม)','042001',10000,'116','202','นางสุภาพร ไหว้พรหม',1,'3341500256406','2024-09-30','0000-01-01','2024-09-30'),(347,2568,'1/2568','ค่าอาหารกลางวัน','016001',11070,'118','203','นางเอมพิการ์  โชติพันธ์',1,'3341500256406','2024-10-03','0000-01-01','2024-10-03'),(348,2568,'2/2568','ปัจจัยพื้นฐานนักเรียนยากจนพิเศษแบมีเงื่อนไข','017005',38440,'121','202','นางสุภาพร  ไหว้พรหม',1,'3341500256406','2024-10-07','0000-01-01','2024-10-07'),(349,2568,'3/2568','ค่าจ้างครู','012001',8000,'108','103','นางเอมพิการ์  โชติพันธ์',1,'3341500256406','2024-10-31','0000-01-01','2024-10-31'),(350,2568,'4/2568','ค่าอาหารกลางวัน','016001',19926,'118','203','นางเอมพิการ์  โชติพันธ์',1,'3341500256406','2024-10-31','0000-01-01','2024-10-31'),(352,2568,'5/2568','ค่าอาหารกลางวัน','016001',19926,'118','203','นางเอมพิการ์  โชติพันธ์',1,'3341500256406','2024-11-14','0000-01-01','2024-11-14'),(353,2568,'6/2568','ค่าอุปกรณ์การเรียน','009001',4390,'117','203','นางสุภาพร  ไหว้พรหม',0,'3341500256406','2024-11-14','2024-11-14','0000-01-01'),(354,2568,'7/2568','ค่าอุปกรณ์การเรียน','017002',12135,'115','203','นางสุภาพร  ไหว้พรหม',1,'3341500256406','2024-11-14','2024-11-14','2024-11-14'),(355,2568,'8/2568','ค่าอาหารกลางวัน','016001',19926,'118','203','นางเอมพิการ์  โชติพันธ์',1,'3341500256406','2024-11-26','0000-01-01','2024-11-26'),(356,2568,'9/2568','ค่าไฟฟ้า เดือน 10/11/2568','013001',1874.09,'108','204','นางสุภาพร  ไหว้พรหม',1,'3341500256406','2024-11-26','0000-01-01','2024-11-26'),(357,2568,'10/2568','ค่าวัสดุ','002001',1260,'108','203','นางสาวกรรณิกา จำปาเต็ม',1,'3341500256406','2024-11-26','0000-01-01','2024-11-26'),(358,2568,'11/2568','ค่าป้ายไวนิล','005001',2000,'108','203','นายโชคชัย  ศาลาแก้ว',1,'3341500256406','2024-11-26','0000-01-01','2024-11-26'),(359,2568,'12/2568','ค่าวัสดุ','005001',4000,'108','203','นายโชคชัย  ศาลาแก้ว',1,'3341500256406','2024-11-26','0000-01-01','2024-11-26'),(360,2568,'13/2568','ค่าจ้างครู','012001',8000,'108','103','นางเอมพิการ์  โชติพันธ์',1,'3341500256406','2024-11-29','0000-01-01','2024-11-29'),(361,2568,'14/2568','ค่าอาหารกลางวัน','016001',19926,'118','203','นางเอมพิการ์  โชติพันธ์',1,'3341500256406','2024-12-09','0000-01-01','2024-12-09'),(362,2568,'15/2568','ค่าวัสดุ','005001',1000,'108','203','นายโชคชัย  ศาลาแก้ว',1,'3341500256406','2024-12-09','0000-01-01','2024-12-09'),(363,2568,'16/2568','ค่าไวนิล','005001',2000,'108','201','นายโชคชัย  ศาลาแก้ว',1,'3341500256406','2024-12-09','0000-01-01','2024-12-09'),(364,2568,'17/2568','ค่าวัสดุ','014001',3000,'117','203','นายโชคชัย  ศาลาแก้ว',1,'3341500256406','2024-12-09','0000-01-01','2024-12-09'),(365,2568,'18/2568','ค่าวัสดุ','015001',4000,'108','203','นางสุภาพร  ไหว้พรหม',1,'3341500256406','2024-12-09','0000-01-01','2024-12-09'),(366,2568,'19/2568','ค่าอาหารกลางวัน','016001',19926,'118','203','นางเอมพิการ์  โชติพันธ์',1,'3341500256406','2024-12-20','0000-01-01','2024-12-20'),(367,2568,'20/2568','ค่าจ้างรถรับส่ง','005001',3000,'108','103','นายโชคชัย  ศาลาแก้ว',1,'3341500256406','2024-12-20','0000-01-01','2024-12-20'),(368,2568,'21/2568','ค่าป้ายไวนิล','014001',1392,'117','201','นายโชคชัย  ศาลาแก้ว',1,'3341500256406','2024-12-20','0000-01-01','2024-12-20'),(369,2568,'22/2568','ส่งใช้เงินยืมให้กับค่ากิจกรรมพัฒนาคุณภาพผู้เรียน','017002',4390,'115','203','นางสุภาพร  ไหว้พรหม',1,'3341500256406','2024-12-20','0000-01-01','2024-12-20'),(370,2568,'23/2568','ค่าจ้างครู','012001',8000,'108','103','นางเอมพิการ์  โชติพันธ์',1,'3341500256406','2024-12-27','0000-01-01','2024-12-27'),(371,2568,'24/2568','ค่าอาหารกลางวัน','016001',11070,'118','203','นางเอมพิการ์  โชติพันธ์',1,'3341500256406','2025-01-09','0000-01-01','2025-01-09'),(372,2568,'25/2568','ค่าไฟฟ้า เดือน 12/2567','013001',1124.85,'108','204','นางสุภาพร  ไหว้พรหม',1,'3341500256406','2025-01-09','0000-01-01','2025-01-09'),(373,2568,'26/2568','ค่าจ้างเครื่องเสียง','005001',2500,'108','103','นายโชคชัย  ศาลาแก้ว',1,'3341500256406','2025-01-09','0000-01-01','2025-01-09'),(374,2568,'27/2568','ค่าจ้างไวนิล','005001',2500,'108','103','นายโชคชัย  ศาลาแก้ว',1,'3341500256406','2025-01-09','0000-01-01','2025-01-09'),(375,2568,'28/2568','ค่าอาหารกลางวัน','016001',19683,'118','203','นางเอมพิการ์  โชติพันธ์',1,'3341500256406','2025-01-22','0000-01-01','2025-01-22'),(376,2568,'29/2568','จ่ายเงิน กสศ.','017005',133260,'121','202','นางสุภาพร  ไหว้พรหม',1,'3341500256406','2025-01-27','0000-01-01','2025-01-27'),(377,2568,'30/2568','ค่าอาหารกลางวัน','016001',19683,'118','203','นางเอมพิการ์  โชติพันธ์',1,'3341500256406','2025-01-31','0000-01-01','2025-01-31'),(378,2568,'31/2568','ค่าจ้างครู','012001',8000,'108','103','นางสุภาพร  ไหว้พรหม',1,'3341500256406','2025-01-31','0000-01-01','2025-01-31'),(379,2568,'32/2568','ค่าไฟฟ้า เดือน 1/2568','013001',674.85,'108','204','นางสุภาพร  ไหว้พรหม',1,'3341500256406','2025-01-31','0000-01-01','2025-01-31'),(380,2568,'33/2568','ค่าธงชาติ','008001',720,'117','203','นายโชคชัย  ศาลาแก้ว',1,'3341500256406','2025-01-31','0000-01-01','2025-01-31'),(381,2568,'34/2568','ค่าจ้าง','008001',3217,'117','103','นายโชคชัย  ศาลาแก้ว',1,'3341500256406','2025-02-14','0000-01-01','2025-02-14'),(382,2568,'35/2568','ค่าอาหารกลางวัน','016001',19683,'118','203','นางเอมพิการ์  โชติพันธ์',1,'3341500256406','2025-02-18','0000-01-01','2025-02-18'),(383,2568,'36/2568','ค่าปัจจัยพื้นฐานนักเรียนยากจน','017004',27000,'112','202','นางสุภาพร  ไหว้พรหม',1,'3341500256406','2025-02-18','0000-01-01','2025-02-18'),(384,2568,'37/2568','ค่าไฟฟ้า เดือน 2/2568','013001',851.62,'108','204','นางสุภาพร  ไหว้พรหม',1,'3341500256406','2025-02-18','0000-01-01','2025-02-18'),(385,2568,'38/2568','ค่าวัสดุ','007001',5000,'108','203','นายโชคชัย  ศาลาแก้ว',1,'3341500256406','2025-02-18','0000-01-01','2025-02-18'),(386,2568,'39/2568','ค่าวัสดุ','010001',4000,'117','203','นางสาวกัณฐมณี สังฆราม',1,'3341500256406','2025-02-18','0000-01-01','2025-02-18'),(387,2568,'40/2568','ค่าวัสดุ','011001',5000,'108','203','นางสาวจารุณี ใจภักดี',1,'3341500256406','2025-02-18','0000-01-01','2025-02-18'),(388,2568,'41/2568','ค่าวัสดุ','001001',3000,'108','203','นางสาวกรรณิกา จำปาเต็ม',1,'3341500256406','2025-02-18','0000-01-01','2025-02-18'),(389,2568,'42/2568','ค่าวัสดุ','002001',1108,'108','203','นางสาวกรรณิกา จำปาเต็ม',1,'3341500256406','2025-02-18','0000-01-01','2025-02-18'),(390,2568,'43/2568','ค่าอาหารกลางวัน','016001',19683,'118','203','นางเอมพิการ์  โชติพันธ์',1,'3341500256406','2025-03-03','0000-01-01','2025-03-03'),(391,2568,'44/2568','ค่าจ้างครู','012001',8000,'108','103','นางเอมพิการ์  โชติพันธ์',1,'3341500256406','2025-03-03','0000-01-01','2025-03-03'),(392,2568,'45/2568','ค่าจ้างเหมารถ','009001',14240,'117','103','นางเอมพิการ์  โชติพันธ์',1,'3341500256406','2025-03-03','0000-01-01','2025-03-03'),(393,2568,'46/2568','ค่าจ้างทำอาหาร','009001',5760,'117','103','นางเอมพิการ์  โชติพันธ์',1,'3341500256406','2025-03-03','0000-01-01','2025-03-03'),(394,2568,'47/2568','ค่าอาหารกลางวัน','016001',19683,'118','203','นางเอมพิการ์  โชติพันธ์',1,'3341500256406','2025-03-13','0000-01-01','2025-03-13'),(395,2568,'48/2568','ค่าวัสดุ','003001',5000,'108','203','นางสาวกรรณิกา จำปาเต็ม',1,'3341500256406','2025-03-13','0000-01-01','2025-03-13'),(396,2568,'49/2568','ค่าวัสดุ','004001',5000,'108','203','นางสาวกรรณิกา จำปาเต็ม',1,'3341500256406','2025-03-13','0000-01-01','2025-03-13'),(397,2568,'50/2568','ค่าวัสดุ','006001',6000,'108','203','นายโชคชัย  ศาลาแก้ว',1,'3341500256406','2025-03-13','0000-01-01','2025-03-13'),(398,2568,'51/2568','ค่าไฟฟ้า เดือน 3/2568','013001',1303.36,'108','204','นางสุภาพร  ไหว้พรหม',1,'3341500256406','2025-03-25','0000-01-01','2025-03-25'),(399,2568,'52/2568','ค่าผ้า','005001',3600,'108','203','นายโชคชัย  ศาลาแก้ว',1,'3341500256406','2025-03-25','0000-01-01','2025-03-25'),(405,2568,'57/2568','ค่าอาหารกลางวัน','016001',10935,'118','203','นางเอมพิการ์  โชติพันธ์',1,'3341500256406','2025-03-25','0000-01-01','2025-03-25'),(401,2568,'53/2568','ค่าจ้างไวนิล','005001',2000,'108','103','นายโชคชัย  ศาลาแก้ว',1,'3341500256406','2025-03-25','0000-01-01','2025-03-25'),(402,2568,'54/2568','ค่าจ้างเครื่องเสียง','005001',3000,'108','103','นายโชคชัย  ศาลาแก้ว',1,'3341500256406','2025-03-25','0000-01-01','2025-03-25'),(403,2568,'55/2568','ค่าวัสดุ','005001',3400,'108','203','นายโชคชัย  ศาลาแก้ว',1,'3341500256406','2025-03-25','0000-01-01','2025-03-25'),(404,2568,'56/2568','ค่าจ้าง','018001',3892,'108','103','นางเอมพิการ์  โชติพันธ์',1,'3341500256406','2025-03-25','0000-01-01','2025-03-25'),(406,2568,'58/2568','ค่าจ้างครู','012001',8000,'108','103','นางเอมพิการ์  โชติพันธ์',1,'3341500256406','2025-03-31','0000-01-01','2025-03-31'),(407,2568,'59/2568','ค่าจ้างครู','012001',8000,'108','103','นางเอมพิการ์  โชติพันธ์',1,'3341500256406','2025-04-30','0000-01-01','2025-04-30'),(408,2568,'60/2568','ค่าไฟฟ้า เดือน4/2568','013001',584.97,'108','204','นางสุภาพร  ไหว้พรหม',1,'3341500256406','2025-04-30','0000-01-01','2025-04-30'),(409,2568,'1/2568','ยืมเงินจ่ายค่าเครื่องแบบนักเรียน','031001',5850,'117','202','นางสุภาพร  ไหว้พรหม',0,'3341500256406','2025-05-13','2025-05-13','0000-01-01'),(410,2568,'2/2568','ยืมเงินจ่ายค่าอุปกรณ์การเรียน','031001',3150,'117','203','นางสุภาพร  ไหว้พรหม',0,'3341500256406','2025-05-13','2025-05-13','0000-01-01'),(411,2568,'61/2568','ค่าเครื่องแบบนักเรียน','044001',23475,'116','202','นางสุภาพร  ไหว้พรหม',1,'3341500256406','2025-05-13','0000-01-01','2025-05-13'),(412,2568,'62/2568','ค่าอุปกรณ์การเรียน','044002',12135,'115','203','นางสุภาพร  ไหว้พรหม',1,'3341500256406','2025-05-13','0000-01-01','2025-05-13'),(413,2568,'63/2568','ค่าอาหารกลางวัน','041001',19683,'118','203','นางเอมพิการ์  โชติพันธ์',1,'3341500256406','2025-05-16','0000-01-01','2025-05-16'),(414,2568,'64/2568','จ้างเปลี่ยนโถสุขภัณฑ์ห้องน้ำ2ห้องแบบชักโครกราดน้ำเอง','046001',5000,'102','103','นางสุภาพร  ไหว้พรหม',1,'3341500256406','2025-05-21','0000-01-01','2025-05-21'),(415,2568,'65/2568','ค่าอาหารกลางวัน','041001',19683,'118','203','นางเอมพิการ์  โชติพันธ์',1,'3341500256406','2025-05-28','0000-01-01','2025-05-28'),(416,2568,'66/2568','ค่าจ้างครู','036001',4000,'108','103','นางเอมพิการ์  โชติพันธ์',1,'3341500256406','2025-06-04','0000-01-01','2025-06-04'),(417,2568,'67/2568','ค่าจ้างครู','024001',4000,'108','103','นางเอมพิการ์  โชติพันธ์',1,'3341500256406','2025-06-04','0000-01-01','2025-06-04'),(418,2568,'68/2568','ค่าจ้างเปลี่ยนโถสุขภัณฑ์ห้องน้ำ1ห้องแบบชักโครก','046001',2000,'102','103','นางสุภาพร  ไหว้พรหม',1,'3341500256406','2025-06-05','0000-01-01','2025-06-05'),(419,2568,'69/2568','ค่าอาหารกลางวัน','041001',17496,'118','203','นางเอมพิการ์  โชติพันธ์',1,'3341500256406','2025-06-12','0000-01-01','2025-06-12'),(420,2568,'70/2568','ค่าวัสดุ','030001',4000,'108','203','นางสาวกัณฐมณี สังฆราม',1,'3341500256406','2025-06-12','0000-01-01','2025-06-12'),(421,2568,'71/2568','ค่าอาหารกลางวัน','041001',19683,'118','203','นางเอมพิการ์  โชติพันธ์',1,'3341500256406','2025-06-24','0000-01-01','2025-06-24'),(422,2568,'72/2568','ค่าไฟฟ้า เดือน 5-6/2568','037001',2260.05,'108','204','นางสุภาพร  ไหว้พรหม',1,'3341500256406','2025-06-24','0000-01-01','2025-06-24'),(423,2568,'73/2568','ค่าวัสดุ','025002',1000,'108','203','นายโชคชัย  ศาลาแก้ว',1,'3341500256406','2025-06-24','0000-01-01','2025-06-24'),(424,2568,'74/2568','ค่าพานพุ่ม','025002',2500,'108','203','นายโชคชัย  ศาลาแก้ว',1,'3341500256406','2025-06-24','2025-06-24','2025-06-24'),(425,2568,'75/2568','ค่าจ้างครู','024001',4000,'108','103','นางเอมพิการ์  โชติพันธ์',1,'3341500256406','2025-06-30','0000-01-01','2025-06-30'),(426,2568,'76/2568','ค่าจ้างครู','036001',4000,'108','103','นางเอมพิการ์  โชติพันธ์',1,'3341500256406','2025-06-30','0000-01-01','2025-06-30'),(427,2568,'77/2568','เงินภาษีหัก ณ ที่จ่าย','044007',46.73,'103','203','นางสุภาพร  ไหว้พรหม',1,'3341500256406','2025-07-03','0000-01-01','2025-07-03'),(428,2568,'78/2568','ค่าอาหารกลางวัน','041001',19683,'118','203','นางเอมพิการ์  โชติพันธ์',1,'3341500256406','2025-07-08','0000-01-01','2025-07-08'),(429,2568,'79/2568','ค่าอาหารกลางวัน','041001',13122,'118','203','นางเอมพิการ์  โชติพันธ์',1,'3341500256406','2025-07-22','0000-01-01','2025-07-22'),(431,2568,'80/2568','ค่าไฟฟ้า เดือน 7/2568','037001',1652.52,'108','204','นางสุภาพร  ไหว้พรหม',1,'3341500256406','2025-07-31','0000-01-01','2025-07-31'),(432,2568,'81/2568','ค่าจ้างครู','024001',4000,'108','103','นางเอมพิการ์  โชติพันธ์',1,'3341500256406','2025-07-31','0000-01-01','2025-07-31'),(433,2568,'82/2568','ค่าจ้างครู','036001',4000,'108','103','นางเอมพิการ์  โชติพันธ์',1,'3341500256406','2025-07-31','0000-01-01','2025-07-31'),(434,2568,'83/2568','ค่าอาหารกลางวัน','041001',18954,'118','203','นางเอมพิการ์  โชติพันธ์',1,'3341500256406','2025-07-31','0000-01-01','2025-07-31'),(435,2568,'84/2568','ค่าหนังสือเรียน','044003',43357,'114','203','นางสุภาพร  ไหว้พรหม',1,'3341500256406','2025-08-07','0000-01-01','2025-08-07'),(436,2568,'85/2568','ค่าวัสดุ','045001',1000,'108','203','นางสาวกัณฐมณี สังฆราม',1,'3341500256406','2025-08-07','0000-01-01','2025-08-07'),(437,2568,'86/2568','ส่งใช้เงินยืมค่าอุปกรณ์การเรียนให้กับค่ากิจกรรมพัฒนาคุณภาพผู้เรียน','044002',3150,'115','202','นางสุภาพร  ไหว้พรหม',1,'3341500256406','2025-08-07','0000-01-01','2025-08-07'),(438,2568,'87/2568','ส่งใช้เงินยืมค่าเครื่องแบบนักเรียนให้กับค่ากิจกรรมพัฒนาคุณภาพผู้เรียน','044001',5850,'116','202','นางสุภาพร  ไหว้พรหม',1,'3341500256406','2025-08-07','0000-01-01','2025-08-07'),(439,2568,'88/2568','ขอยืมเงินค่าอาหารกลางวัน ตามสัญญาการยืมเงิน ที่ 1/2568','041001',21060,'118','203','นางเอมพิการ์  โชติพันธ์',1,'3341500256406','2025-08-15','0000-01-01','2025-08-15'),(440,2568,'89/2568','ค่าวัสดุ','025003',540,'108','203','นายโชคชัย  ศาลาแก้ว',1,'3341500256406','2025-08-15','0000-01-01','2025-08-15'),(441,2568,'90/2568','ค่าจ้างทำอาหารว่าง','025003',5460,'108','202','นายโชคชัย  ศาลาแก้ว',1,'3341500256406','2025-08-15','0000-01-01','2025-08-15'),(442,2568,'91/2568','ค่าวัสดุ','021001',3000,'108','203','นางสาวกรรณิกา จำปาเต็ม',1,'3341500256406','2025-08-15','0000-01-01','2025-08-15'),(443,2568,'92/2568','ปัจจัยพื้นฐานนักเรียนยากจนพิเศษแบบมีเงื่อนไข','044005',100800,'121','202','นางสุภาพร  ไหว้พรหม',1,'3341500256406','2025-08-20','0000-01-01','2025-08-20'),(444,2568,'93/2568','ปัจจัยพื้นฐานนักเรียนยากจนประถมศึกษา','044004',21500,'112','202','นางสุภาพร  ไหว้พรหม',1,'3341500256406','2025-08-20','0000-01-01','2025-08-20'),(445,2568,'94/2568','ค่าวัสดุ','038001',2930,'117','203','นายโชคชัย  ศาลาแก้ว',1,'3341500256406','2025-08-20','0000-01-01','2025-08-20'),(446,2568,'95/2568','ขอยืมเงินค่าอาหารกลางวัน ตามสัญญาการยืมเงินที่ 2/2568','041001',21060,'118','203','นางเอมพิการ์  โชติพันธ์',1,'3341500256406','2025-08-29','0000-01-01','2025-08-29'),(447,2568,'0000','ค่าไฟฟ้า เดือน 8/2568','037001',1591.05,'108','204','นางสุภาพร  ไหว้พรหม',1,'3341500256406','2025-08-29','0000-01-01','2025-08-29'),(448,2568,'0000','ค่าจ้างครู','024001',4000,'108','103','นางเอมพิการ์  โชติพันธ์',1,'3341500256406','2025-08-29','0000-01-01','2025-08-29'),(449,2568,'0000','ค่าจ้างครู','036001',4000,'108','103','นางเอมพิการ์  โชติพันธ์',1,'3341500256406','2025-08-29','0000-01-01','2025-08-29'),(450,2568,'0000','ถอนเงินประกันสัญญา','044006',2625,'107','202','นางสุภาพร  ไหว้พรหม',1,'3341500256406','2025-08-29','0000-01-01','2025-08-29'),(451,2568,'0000','ค่าภาษีหัก ณ ที่จ่าย','044007',476.01,'103','203','นางสุภาพร  ไหว้พรหม',1,'3341500256406','2025-09-04','0000-01-01','2025-09-04'),(452,2568,'0000','ค่าปัจจัยพื้นฐานนักเรียนยากจนพิเศษแบบมีเงื่อนไข','044005',35440,'121','202','นางสุภาพร  ไหว้พรหม',1,'3341500256406','2025-09-09','0000-01-01','2025-09-09'),(453,2568,'0000','ขอยืมเงินค่าอาหารกลางวัน ตามสัญญาการยืมเงินที่ 3/2568','041001',21060,'118','203','นางเอมพิการ์  โชติพันธ์',1,'3341500256406','2025-09-12','0000-01-01','2025-09-12'),(454,2568,'สัญญาการยืมเงินที่4/2568','ขอยืมเงินค่าอาหารกลางวัน ตามสัญญาการยืมเงินที่ 4/2568','041001',23166,'118','203','นางเอมพิการ์  โชติพันธ์',1,'3341500256406','2025-09-26','0000-01-01','2025-09-26'),(455,2568,'000','จ่ายค่าไฟฟ้า เดือน9/2568','037001',1636.47,'108','204','นางสุภาพร  ไหว้พรหม',1,'3341500256406','2025-09-30','0000-01-01','2025-09-30'),(456,2568,'000','ค่าปัจจัยพื้นฐานนักเรียนยากจนประถมศึกษา','044004',3500,'112','202','นางสุภาพร  ไหว้พรหม',1,'3341500256406','2025-09-30','0000-01-01','2025-09-30'),(457,2568,'000','ค่าจ้างครู เดือน 9/2568','036001',4000,'108','103','นางเอมพิการ์  โชติพันธ์',1,'3341500256406','2025-09-30','0000-01-01','2025-09-30'),(458,2568,'000','ค่าจ้างครู เดือน 9/2568','024001',4000,'108','103','นางเอมพิการ์  โชติพันธ์',1,'3341500256406','2025-09-30','0000-01-01','2025-09-30'),(459,2569,'1/2569','ค่าวัสดุ','026001',3000,'120','203','นางสาวกัณฐมณี สังฆราม',1,'3341500256406','2025-10-03','0000-01-01','2025-10-03'),(460,2569,'1/2569','ค่าจ้างป้ายไวนิล','026002',5610,'120','103','นางสาวกัณฐมณี สังฆราม',1,'3341500256406','2025-10-03','0000-01-01','2025-10-03'),(461,2569,'1/2569','ค่าอาหารและค่าเบรก','026003',4590,'120','202','นางสาวกัณฐมณี สังฆราม',1,'3341500256406','2025-10-03','0000-01-01','2025-10-03'),(462,2569,'1/2569','ค่าวิทยากร','026004',1800,'120','201','นางสาวกัณฐมณี สังฆราม',1,'3341500256406','2025-10-03','0000-01-01','2025-10-03'),(463,2569,'2/2569','ค่าวัสดุ','002001',3000,'108','203','นางสาวกรรณิกา จำปาเต็ม',1,'3341500256406','2025-10-08','0000-01-01','2025-10-08'),(464,2569,'2/2569','ค่าวัสดุ','007001',14000,'109','203','นางสุภาพร  ไหว้พรหม',1,'3341500256406','2025-10-08','0000-01-01','2025-10-08'),(465,2569,'2/2569','ค่าวัสดุ','019001',3000,'109','203','นางสุภาพร  ไหว้พรหม',1,'3341500256406','2025-10-08','0000-01-01','2025-10-08'),(466,2569,'3/2569','ค่าเครื่องแบบนักเรียน(เพิ่มเติม)','023002',10400,'116','202','นางสุภาพร  ไหว้พรหม',1,'3341500256406','2025-10-30','0000-01-01','2025-10-30'),(467,2569,'4/2569','ค่าจ้างครู','005001',4000,'108','103','นางเอมพิการ์  โชติพันธ์',1,'3341500256406','2025-10-31','0000-01-01','2025-10-31'),(468,2569,'4/2569','ค่าจ้างครู','016001',4000,'109','103','นางเอมพิการ์  โชติพันธ์',1,'3341500256406','2025-10-31','0000-01-01','2025-10-31'),(469,2569,'1/2569','ค่าอาหารกลางวัน','024001',21060,'118','203','นางเอมพิการ์  โชติพันธ์',1,'3341500256406','2025-10-31','0000-01-01','2025-10-31'),(471,2569,'5/2569','ค่าอุปกรณ์การเรียน','011001',4315,'117','203','นางสุภาพร  ไหว้พรหม',0,'3341500256406','2025-11-04','2025-11-04','0000-01-01'),(470,2569,'ภ1/2569','เงินภาษีหัก ณ ที่จ่าย','023006',186.91,'103','203','นางสุภาพร  ไหว้พรหม',1,'3341500256406','2025-11-04','0000-01-01','2025-11-04'),(472,2569,'6/2569','ค่าอุปกรณ์การเรียน','023001',11190,'115','203','นางสุภาพร  ไหว้พรหม',1,'3341500256406','2025-11-04','0000-01-01','2025-11-04'),(473,2569,'7/2569','ค่าวัสดุ','025001',19340,'102','203','นางสุภาพร  ไหว้พรหม',1,'3341500256406','2025-11-05','0000-01-01','2025-11-05');

--
-- Table structure for table `budget_year`
--

CREATE TABLE `budget_year` (
  `id` int(11) NOT NULL AUTO_INCREMENT,
  `budget_year` int(11) NOT NULL,
  `year_active` tinyint(1) NOT NULL,
  PRIMARY KEY (`id`),
  UNIQUE KEY `budget_year` (`budget_year`)
) ENGINE=MyISAM AUTO_INCREMENT=12 DEFAULT CHARSET=utf8 COLLATE=utf8_general_ci;

--
-- Dumping data for table `budget_year`
--

INSERT INTO `budget_year` VALUES (3,2559,0),(4,2560,0),(5,2562,0),(6,2564,0),(7,2565,0),(8,2566,0),(9,2567,0),(10,2568,0),(11,2569,1);

--
-- Table structure for table `cabinet_cabinet`
--

CREATE TABLE `cabinet_cabinet` (
  `id` int(11) NOT NULL AUTO_INCREMENT,
  `cabinet_id` int(11) NOT NULL,
  `cabinet_type` tinyint(4) NOT NULL,
  `cabinet_name` varchar(100) NOT NULL,
  `cabinet_size` double NOT NULL,
  `tray_size` double NOT NULL,
  `cabinet_person` varchar(13) NOT NULL,
  PRIMARY KEY (`id`),
  UNIQUE KEY `cabinet_id` (`cabinet_id`)
) ENGINE=MyISAM AUTO_INCREMENT=3 DEFAULT CHARSET=utf8 COLLATE=utf8_general_ci;

--
-- Dumping data for table `cabinet_cabinet`
--

INSERT INTO `cabinet_cabinet` VALUES (1,1,1,'งานธุรการ',1000,100,'1342200068293'),(2,2,2,'ส่วนบุคคล',500,500,'1342200068293');

--
-- Table structure for table `cabinet_file`
--

CREATE TABLE `cabinet_file` (
  `id` int(11) NOT NULL AUTO_INCREMENT,
  `file_id` int(11) NOT NULL,
  `tray_id` bigint(11) NOT NULL,
  `cabinet_id` int(11) NOT NULL,
  `file_name` varchar(100) NOT NULL,
  PRIMARY KEY (`id`)
) ENGINE=MyISAM AUTO_INCREMENT=12 DEFAULT CHARSET=utf8 COLLATE=utf8_general_ci;

--
-- Dumping data for table `cabinet_file`
--

INSERT INTO `cabinet_file` VALUES (1,1,1,15,'รายชื่อ'),(2,2,2,15,'รายชื่อ'),(3,2,1,15,'งานต่างๆ'),(4,3,3,15,'รายชื่อ'),(5,1,1,1,'สัญญาค้ำประกันนักการภารโรง'),(6,2,1,1,'การขอมีบัตรพนักงานควบคุมผลิตภัณฑ์ยาสูบ'),(7,3,1,1,'บันทึกการประชุมผ่านทางไกล'),(8,4,1,1,'รายงานการตรวจติดตามประเมินภายใน'),(9,1,2,1,'สัญญาจ้างงวด 14 พ.ย.61- 31ม.ค. 62'),(10,2,2,1,'สัญญาค้ำประกัน'),(11,3,2,1,'ขอบเขต');

--
-- Table structure for table `cabinet_main`
--

CREATE TABLE `cabinet_main` (
  `id` int(11) NOT NULL AUTO_INCREMENT,
  `file_id` int(11) NOT NULL,
  `tray_id` bigint(11) NOT NULL,
  `cabinet_id` int(11) NOT NULL,
  `cabinet_type` tinyint(4) NOT NULL,
  `doc_subject` varchar(150) NOT NULL,
  `doc_size` double NOT NULL,
  `doc_name` varchar(100) NOT NULL,
  `doc_type` varchar(10) NOT NULL,
  `status` tinyint(4) NOT NULL DEFAULT 0,
  `person_id` varchar(13) NOT NULL,
  `rec_date` datetime NOT NULL,
  PRIMARY KEY (`id`)
) ENGINE=MyISAM AUTO_INCREMENT=8 DEFAULT CHARSET=utf8 COLLATE=utf8_general_ci;

--
-- Dumping data for table `cabinet_main`
--

INSERT INTO `cabinet_main` VALUES (1,1,1,1,1,'สัญญาจ้างนักการภารโรง',135168,'13422000682931542611652.doc','doc',0,'1342200068293','2018-11-19 14:14:12'),(2,2,1,1,1,'02',137216,'13422000682931542611842.doc','doc',0,'1342200068293','2018-11-19 14:17:22'),(3,3,1,1,1,'3',135168,'13422000682931542611861.doc','doc',0,'1342200068293','2018-11-19 14:17:41'),(4,4,1,1,1,'บันทึกการตรวจติดตามประเมินภายใน',135680,'13422000682931542611904.doc','doc',0,'1342200068293','2018-11-19 14:18:24'),(5,1,2,1,1,'สัญญษจ้าง',42496,'13422000682931542612083.doc','doc',0,'1342200068293','2018-11-19 14:21:23'),(6,2,2,1,1,'สัญญาค้ำประกัน',36864,'13422000682931542612159.doc','doc',0,'1342200068293','2018-11-19 14:22:39'),(7,3,2,1,1,'ขอบเขตงานธุรการโรงเรียน',39424,'13422000682931542612192.doc','doc',0,'1342200068293','2018-11-19 14:23:12');

--
-- Table structure for table `cabinet_permission`
--

CREATE TABLE `cabinet_permission` (
  `id` int(11) NOT NULL AUTO_INCREMENT,
  `person_id` varchar(13) NOT NULL,
  `p1` tinyint(4) DEFAULT NULL,
  `officer` varchar(13) NOT NULL,
  `rec_date` date NOT NULL,
  PRIMARY KEY (`id`),
  UNIQUE KEY `person_id` (`person_id`)
) ENGINE=MyISAM AUTO_INCREMENT=2 DEFAULT CHARSET=utf8 COLLATE=utf8_general_ci;

--
-- Dumping data for table `cabinet_permission`
--

INSERT INTO `cabinet_permission` VALUES (1,'1342200068293',1,'1342200068293','2018-11-15');

--
-- Table structure for table `cabinet_tray`
--

CREATE TABLE `cabinet_tray` (
  `id` int(11) NOT NULL AUTO_INCREMENT,
  `tray_id` bigint(20) NOT NULL,
  `cabinet_id` int(11) NOT NULL,
  `tray_name` varchar(100) NOT NULL,
  PRIMARY KEY (`id`)
) ENGINE=MyISAM AUTO_INCREMENT=7 DEFAULT CHARSET=utf8 COLLATE=utf8_general_ci;

--
-- Dumping data for table `cabinet_tray`
--

INSERT INTO `cabinet_tray` VALUES (1,1,15,'ประวัติบุคลากร'),(2,2,15,'ประวัตินักเรียน'),(3,3,15,'ประวัติส่วนตัว'),(4,1,1,'หนังสือส่ง เดือนพฤศจิกายน 2561'),(5,2,1,'สัญญาจ้างธุรการ'),(6,0,1,'ระบบดูแลช่วยเหลือนักเรียน');

--
-- Table structure for table `delegate_main`
--

CREATE TABLE `delegate_main` (
  `id` int(11) NOT NULL AUTO_INCREMENT,
  `person_id` varchar(13) NOT NULL,
  `start` date NOT NULL,
  `finish` date NOT NULL,
  `remark` varchar(250) NOT NULL,
  `officer` varchar(13) NOT NULL,
  `rec_date` date NOT NULL,
  PRIMARY KEY (`id`)
) ENGINE=MyISAM AUTO_INCREMENT=2 DEFAULT CHARSET=utf8 COLLATE=utf8_general_ci;

--
-- Dumping data for table `delegate_main`
--

INSERT INTO `delegate_main` VALUES (1,'3331300217946','2020-10-09','2023-05-31','','3331300217946','2023-05-29');

--
-- Table structure for table `delegate_permission`
--

CREATE TABLE `delegate_permission` (
  `id` int(11) NOT NULL AUTO_INCREMENT,
  `person_id` varchar(13) NOT NULL,
  `p1` tinyint(4) NOT NULL,
  `officer` varchar(13) NOT NULL,
  `rec_date` date NOT NULL,
  PRIMARY KEY (`id`)
) ENGINE=MyISAM AUTO_INCREMENT=3 DEFAULT CHARSET=utf8 COLLATE=utf8_general_ci;

--
-- Dumping data for table `delegate_permission`
--

INSERT INTO `delegate_permission` VALUES (1,'1342200068293',1,'1342200068293','2018-11-15'),(2,'3331300217946',1,'3331300217946','2021-01-07');

--
-- Table structure for table `health_age_height`
--

CREATE TABLE `health_age_height` (
  `id` int(11) NOT NULL AUTO_INCREMENT,
  `type` tinyint(4) NOT NULL DEFAULT 1,
  `sex` tinyint(4) NOT NULL DEFAULT 2,
  `age` double NOT NULL,
  `height_1` double NOT NULL,
  `height_2` double NOT NULL,
  `height_3` double NOT NULL,
  `height_4` double NOT NULL,
  PRIMARY KEY (`id`)
) ENGINE=MyISAM AUTO_INCREMENT=63 DEFAULT CHARSET=utf8 COLLATE=utf8_general_ci;

--
-- Dumping data for table `health_age_height`
--

INSERT INTO `health_age_height` VALUES (1,0,1,1,70,71.5,80,81),(2,0,1,1.25,72.5,73.5,83.5,85),(3,0,1,1.5,75,77,86.5,88),(4,0,1,1.75,77.5,79.5,89.5,91),(5,0,1,2,80,81.5,92,93.5),(6,0,1,2.25,82,84,94,96),(7,0,1,2.5,83.5,84.5,96.5,98),(8,0,1,2.75,85.5,87.5,98.5,100),(9,0,1,3,87,89.5,100.5,102),(10,0,1,3.25,89,91,102.5,104),(11,0,1,3.5,90.5,93,104.5,106),(12,0,1,3.75,92,94.5,106.5,108),(13,0,1,4,93.5,96,108,110),(14,0,1,4.25,95,96.5,110,112),(15,0,1,4.5,97,99,112,113.5),(16,0,1,4.75,98.5,100.5,113.5,115),(17,0,1,5,100,102,115,117.7),(18,0,2,1,67,69,79,80.5),(19,0,2,1.25,70,72,82.5,84.5),(20,0,2,1.5,73,74.5,85,87.5),(21,0,2,1.75,75.5,77,88,89.5),(22,0,2,2,78,79.5,90.5,92),(23,0,2,2.25,80,82,92.5,94.5),(24,0,2,2.5,82,84,95,96.5),(25,0,2,2.75,84,86,97,98.5),(26,0,2,3,85.5,88,99,100.5),(27,0,2,3.25,87.5,89.5,100.5,102.5),(28,0,2,3.5,89,91.5,102.5,104.5),(29,0,2,3.75,90.5,93,104.5,106),(30,0,2,4,92.5,94.5,106.5,108.5),(31,0,2,4.25,94,96,108.5,110.5),(32,0,2,4.5,95.5,98,110.5,112.5),(33,0,2,4.75,97.5,99.5,112.5,114),(34,0,2,5,99,101,114,116),(35,1,1,5,100,102,115,117.5),(36,1,1,6,105.5,107.5,121.5,123.5),(37,1,1,7,110.5,113,127.5,130),(38,1,1,8,114.5,117.5,133.5,136),(39,1,1,9,119,122,138,141),(40,1,1,10,123.5,126.5,143.5,145.5),(41,1,1,11,127.5,130.5,149.5,153),(42,1,1,12,131.5,135,157,161),(43,1,1,13,135,139,162,166),(44,1,1,14,143,147.5,170,173),(45,1,1,15,149.5,153.5,173,176.5),(46,1,1,16,155,158.5,176,178.5),(47,1,1,17,157.5,160.5,177,179.5),(48,1,1,18,158.5,161.5,177.5,180),(49,1,2,5,99,101,114,116),(50,1,2,6,105,107.5,120.5,123),(51,1,2,7,109.5,112.5,126.5,129),(52,1,2,8,114.5,117,132.5,135),(53,1,2,9,119,122,139,142),(54,1,2,10,124,127,146,149.5),(55,1,2,11,129.5,133,152.5,155.5),(56,1,2,12,135.5,138.5,157,159.5),(57,1,2,13,140.5,143.5,160,162.5),(58,1,2,14,144.5,147,162,164.5),(59,1,2,15,146,148,163.5,166),(60,1,2,16,146.5,149,164,166.5),(61,1,2,17,147,149,164,166.5),(62,1,2,18,147,149.5,164,166.5);

--
-- Table structure for table `health_age_weight`
--

CREATE TABLE `health_age_weight` (
  `id` int(11) NOT NULL AUTO_INCREMENT,
  `type` tinyint(4) NOT NULL DEFAULT 1,
  `sex` tinyint(4) NOT NULL DEFAULT 2,
  `age` double NOT NULL,
  `weight_1` double NOT NULL,
  `weight_2` double NOT NULL,
  `weight_3` double NOT NULL,
  `weight_4` double NOT NULL,
  PRIMARY KEY (`id`)
) ENGINE=MyISAM AUTO_INCREMENT=63 DEFAULT CHARSET=utf8 COLLATE=utf8_general_ci;

--
-- Dumping data for table `health_age_weight`
--

INSERT INTO `health_age_weight` VALUES (1,0,1,1,7.8,8.3,11.5,11.5),(2,0,1,1.25,8.5,9,12,12.5),(3,0,1,1.5,8.9,9.4,12.9,13.5),(4,0,1,1.75,9.4,10,13.7,14.4),(5,0,1,2,9.8,10.5,14.5,15.2),(6,0,1,2.25,10.2,11,15,15.8),(7,0,1,2.5,10.6,11.4,15.8,16.7),(8,0,1,2.75,11,11.8,16.6,17.4),(9,0,1,3,11.4,12.2,17.3,18.2),(10,0,1,3.25,11.7,12.6,18,19),(11,0,1,3.5,12,12.8,18.7,19.8),(12,0,1,3.75,12.4,13.3,19.3,20.6),(13,0,1,4,12.7,13.6,20,21.3),(14,0,1,4.25,13.2,13.9,20.7,22),(15,0,1,4.5,13.4,14.3,21.3,22.7),(16,0,1,4.75,13.8,14.6,21.9,23.7),(17,0,1,5,14,15,23,24),(18,0,2,1,7.3,7.7,10.5,11),(19,0,2,1.25,7.8,8.3,11.3,11.9),(20,0,2,1.5,8.3,8.8,12,12.8),(21,0,2,1.75,8.8,9.3,12.9,13.6),(22,0,2,2,9,9.8,13.6,14.4),(23,0,2,2.25,9.5,10.2,14.4,15.2),(24,0,2,2.5,9.8,10.7,15.2,15.9),(25,0,2,2.75,10.3,11.2,15.9,16.9),(26,0,2,3,10.7,11.5,16.6,17.4),(27,0,2,3.25,11.2,11.9,17.3,18.2),(28,0,2,3.5,11.5,12.3,17.9,18.9),(29,0,2,3.75,11.8,12.7,18.5,19.7),(30,0,2,4,12.2,13,19.3,20.5),(31,0,2,4.25,12.4,13.4,19.7,21),(32,0,2,4.5,12.8,13.7,20.3,21.7),(33,0,2,4.75,13,13.9,20.9,22.3),(34,0,2,5,13.5,14,22,23.5),(35,1,1,5,14,15,23,24),(36,1,1,6,15.5,16.5,25.5,27),(37,1,1,7,17,18.5,28.5,31),(38,1,1,8,18.5,20,32,35),(39,1,1,9,20,21.5,36,39.5),(40,1,1,10,21.5,23.5,40.5,44.5),(41,1,1,11,23,25.5,45,49.5),(42,1,1,12,25.5,28,50,54.5),(43,1,1,13,28,31.5,54.5,58.5),(44,1,1,14,32,35.5,58.5,63.5),(45,1,1,15,36.5,40,62,65.5),(46,1,1,16,40.5,44,64,67.5),(47,1,1,17,43,46,66,69),(48,1,1,18,45,48,67,70),(49,1,2,5,13.5,14,22,23.5),(50,1,2,6,15,16,24.5,26.5),(51,1,2,7,16.5,17.5,28.5,31),(52,1,2,8,17.5,19,32.5,35.5),(53,1,2,9,19.5,21,37.5,41),(54,1,2,10,21.5,23.5,42,46),(55,1,2,11,23.5,26,46.5,50.5),(56,1,2,12,26.5,29,50,54),(57,1,2,13,29.5,33,53,55.5),(58,1,2,14,33.5,36.5,55,58.5),(59,1,2,15,36.5,38.5,56.5,59.5),(60,1,2,16,37.5,40,57,60),(61,1,2,17,38,41,57.5,60.5),(62,1,2,18,38.5,41,57.5,60.5);

--
-- Table structure for table `health_base`
--

CREATE TABLE `health_base` (
  `base_id` int(5) NOT NULL AUTO_INCREMENT,
  `study_year` int(5) NOT NULL,
  `term` int(3) NOT NULL,
  `status` int(2) NOT NULL,
  PRIMARY KEY (`base_id`)
) ENGINE=MyISAM AUTO_INCREMENT=10 DEFAULT CHARSET=utf8 COLLATE=utf8_general_ci;

--
-- Dumping data for table `health_base`
--

INSERT INTO `health_base` VALUES (1,2559,1,0),(2,2561,1,0),(3,2562,1,0),(4,2562,2,0),(5,2565,1,0),(6,2567,2,0),(7,2568,1,0),(8,2568,2,0),(9,2568,1,1);

--
-- Table structure for table `health_checking`
--

CREATE TABLE `health_checking` (
  `check_id` int(11) NOT NULL AUTO_INCREMENT,
  `student_id` int(11) NOT NULL,
  `student_number` varchar(13) NOT NULL,
  `year_std` varchar(5) NOT NULL,
  `term_std` varchar(3) NOT NULL,
  `class_now` tinyint(4) NOT NULL,
  `room` tinyint(4) NOT NULL,
  `number_check` int(5) NOT NULL,
  `gum` varchar(100) NOT NULL,
  `iodine` varchar(100) NOT NULL,
  `tooth` varchar(100) NOT NULL,
  `weight` varchar(10) NOT NULL,
  `tall` varchar(10) NOT NULL,
  `comment` text NOT NULL,
  `day` datetime NOT NULL,
  `usenull` text DEFAULT NULL,
  `life` varchar(10) NOT NULL,
  `push` varchar(10) NOT NULL,
  `sit` varchar(10) NOT NULL,
  `roll` varchar(10) NOT NULL,
  `run` varchar(10) NOT NULL,
  `person_check` varchar(255) NOT NULL,
  PRIMARY KEY (`check_id`)
) ENGINE=MyISAM AUTO_INCREMENT=92 DEFAULT CHARSET=utf8 COLLATE=utf8_general_ci;

--
-- Dumping data for table `health_checking`
--

INSERT INTO `health_checking` VALUES (1,2715,'1','2559','1',7,0,1,'ไม่มี','ปกติ','ไม่ผุ','49','142','','2559-08-24 02:09:55','','70','20','66','','','1341500141661'),(2,2732,'16','2559','1',7,0,1,'ไม่มี','ปกติ','ไม่ผุ','44','139','','2559-08-17 01:35:54','','88','17','46','','','1341500141661'),(3,2728,'11','2559','1',7,0,1,'ไม่มี','ปกติ','ไม่ผุ','23','124','','2559-08-17 01:34:35','','70','20','70','','','1341500141661'),(4,2727,'10','2559','1',7,0,1,'ไม่มี','ปกติ','ไม่ผุ','47','140','','2559-08-17 01:34:16','','88','19','60','','','1341500141661'),(5,2730,'14','2559','1',7,0,1,'ไม่มี','ปกติ','ไม่ผุ','23','127','','2559-08-17 01:35:28','','70','20','70','','','1341500141661'),(6,2729,'13','2559','1',7,0,1,'ไม่มี','ปกติ','ไม่ผุ','29','137','','2559-08-17 01:35:11','','77','19','60','','','1341500141661'),(7,2726,'17','2559','1',7,0,1,'ไม่มี','ปกติ','ไม่ผุ','26','140','','2559-08-17 01:36:07','','79','18','45','','','1341500141661'),(8,2731,'15','2559','1',7,0,1,'ไม่มี','ปกติ','ไม่ผุ','26','129','','2559-08-17 01:35:43','','73','18','40','','','1341500141661'),(9,2710,'12','2559','1',7,0,1,'ไม่มี','ปกติ','ไม่ผุ','24','132','','2559-08-17 01:34:55','','78','18','50','','','1341500141661'),(10,2716,'2','2559','1',7,0,1,'ไม่มี','ปกติ','ไม่ผุ','30','140','','2559-08-17 01:27:18','','89','21','70','','','1341500141661'),(11,2722,'8','2559','1',7,0,1,'ไม่มี','ปกติ','ไม่ผุ','20','135','','2559-08-17 01:33:40','','72','20','64','','','1341500141661'),(12,2721,'7','2559','1',7,0,1,'ไม่มี','ปกติ','ไม่ผุ','25','125','','2559-08-17 01:33:23','','87','22','66','','','1341500141661'),(13,2717,'3','2559','1',7,0,1,'ไม่มี','ปกติ','ไม่ผุ','35','140','','2559-08-17 01:27:25','','79','23','50','','','1341500141661'),(14,2718,'4','2559','1',7,0,1,'ไม่มี','ปกติ','ไม่ผุ','24','130','','2559-08-17 01:32:47','','84','23','50','','','1341500141661'),(15,2719,'5','2559','1',7,0,1,'ไม่มี','ปกติ','ไม่ผุ','26','133','','2559-08-17 01:32:56','','70','24','65','','','1341500141661'),(16,2720,'6','2559','1',7,0,1,'ไม่มี','ปกติ','ไม่ผุ','22','136','','2559-08-17 01:33:08','','72','21','70','','','1341500141661'),(17,2700,'3','2559','1',8,0,1,'ไม่มี','ปกติ','ไม่ผุ','45','138','','2559-08-25 02:09:19','','95','11','51','3','10','3401800115394'),(18,2708,'9','2559','1',7,0,1,'ไม่มี','ปกติ','ไม่ผุ','47','135','','2559-08-24 02:09:15','','77','21','72','','','1341500141661'),(19,2701,'4','2559','1',8,0,1,'ไม่มี','ปกติ','ไม่ผุ','41','138','','2559-08-25 02:12:44','','100','18','39','4','9','3401800115394'),(20,2698,'1','2559','1',8,0,1,'ไม่มี','ปกติ','ไม่ผุ','67','152','','2559-08-25 02:04:46','','103','10','18','5','9','3401800115394'),(21,2699,'2','2559','1',8,0,1,'ไม่มี','ปกติ','ไม่ผุ','36','143','','2559-08-25 02:07:47','','110','15','30','4','8','3401800115394'),(22,2702,'5','2559','1',8,0,1,'ไม่มี','ปกติ','ไม่ผุ','47','144','','2559-08-25 02:11:00','','100','13','15','4','9','3401800115394'),(23,2703,'6','2559','1',8,0,1,'ไม่มี','ปกติ','ไม่ผุ','53','149','','2559-08-25 02:14:14','','95','6','25','4','9','3401800115394'),(24,2704,'7','2559','1',8,0,1,'ไม่มี','ปกติ','ไม่ผุ','31','137','','2559-08-25 02:15:25','','110','20','30','4','10','3401800115394'),(25,2705,'8','2559','1',8,0,1,'ไม่มี','ปกติ','ไม่ผุ','27','136','','2559-08-25 02:16:36','','91','20','45','5','9','3401800115394'),(26,2706,'9','2559','1',8,0,1,'ไม่มี','ปกติ','ไม่ผุ','27','138','','2559-08-25 02:17:57','','103','20','60','8','8','3401800115394'),(27,2707,'10','2559','1',8,0,1,'ไม่มี','ปกติ','ไม่ผุ','57','150','','2559-08-25 02:19:16','','102','19','33','3','10','3401800115394'),(28,2714,'11','2559','1',8,0,1,'ไม่มี','ปกติ','ไม่ผุ','37','154','','2559-08-25 02:20:31','','102','10','60','4','9','3401800115394'),(29,2791,'12','2559','1',8,0,1,'ไม่มี','ปกติ','ไม่ผุ','60','155','','2559-08-25 02:22:12','','102','10','41','4','10','3401800115394'),(30,2747,'1','2562','1',8,0,1,'ไม่มี','ปกติ','ไม่ผุ','28','132','','2562-05-29 01:16:43','','','','','','','1349900566772'),(31,2734,'2','2562','1',8,0,1,'ไม่มี','ปกติ','ไม่ผุ','28','135','','2562-05-29 01:16:55','','','','','','','1349900566772'),(32,2750,'3','2562','1',8,0,1,'ไม่มี','ปกติ','ไม่ผุ','40','144','','2562-05-29 01:17:07','','','','','','','1349900566772'),(33,2738,'4','2562','1',8,0,1,'ไม่มี','ปกติ','ไม่ผุ','35','143','','2562-05-29 01:17:20','','','','','','','1349900566772'),(34,2739,'5','2562','1',8,0,1,'ไม่มี','ปกติ','ไม่ผุ','26','132','','2562-05-29 01:17:31','','','','','','','1349900566772'),(35,2751,'6','2562','1',8,0,1,'ไม่มี','ปกติ','ไม่ผุ','32','144','','2562-05-29 01:17:42','','','','','','','1349900566772'),(36,2752,'7','2562','1',8,0,1,'ไม่มี','ปกติ','ไม่ผุ','32','134','','2562-05-29 01:17:56','','','','','','','1349900566772'),(37,2780,'8','2562','1',8,0,1,'ไม่มี','ปกติ','ไม่ผุ','26','131','','2562-05-29 01:18:05','','','','','','','1349900566772'),(38,2755,'9','2562','1',8,0,1,'ไม่มี','ปกติ','ไม่ผุ','31','141','','2562-05-29 01:18:16','','','','','','','1349900566772'),(39,2759,'10','2562','1',8,0,1,'ไม่มี','ปกติ','ไม่ผุ','29','134','','2562-05-29 01:18:31','','','','','','','1349900566772'),(40,2744,'11','2562','1',8,0,1,'ไม่มี','ปกติ','ไม่ผุ','21','130','','2562-05-29 01:18:47','','','','','','','1349900566772'),(41,2760,'12','2562','1',8,0,1,'ไม่มี','ปกติ','ไม่ผุ','44','153','','2562-05-29 01:18:58','','','','','','','1349900566772'),(42,2742,'13','2562','1',8,0,1,'ไม่มี','ปกติ','ไม่ผุ','39','147','','2562-05-29 01:19:11','','','','','','','1349900566772'),(43,2763,'1','2562','1',6,0,1,'ไม่มี','ปกติ','ไม่ผุ','21.15','122','','2563-02-24 12:55:47','','','','','','','3341500256406'),(44,2769,'2','2562','1',6,0,1,'ไม่มี','ปกติ','ไม่ผุ','19.49','120','','2563-02-24 12:56:16','','','','','','','3341500256406'),(45,2790,'3','2562','1',6,0,1,'ไม่มี','ปกติ','ไม่ผุ','28.78','129','','2563-02-24 12:56:33','','','','','','','3341500256406'),(46,2772,'4','2562','1',6,0,1,'ไม่มี','ปกติ','ไม่ผุ','32.25','130','','2563-02-24 12:56:49','','','','','','','3341500256406'),(47,2754,'5','2562','1',6,0,1,'ไม่มี','ปกติ','ไม่ผุ','27.37','132','','2563-02-24 12:57:05','','','','','','','3341500256406'),(48,2765,'6','2562','1',6,0,1,'ไม่มี','ปกติ','ไม่ผุ','19.21','121','','2563-02-24 12:57:20','','','','','','','3341500256406'),(49,2766,'7','2562','1',6,0,1,'ไม่มี','ปกติ','ไม่ผุ','26.25','131','','2563-02-24 12:57:35','','','','','','','3341500256406'),(50,2768,'8','2562','1',6,0,1,'ไม่มี','ปกติ','ไม่ผุ','26.25','127','','2563-02-24 12:57:57','','','','','','','3341500256406'),(51,2776,'9','2562','1',6,0,1,'ไม่มี','ปกติ','ไม่ผุ','20.86','122','','2563-02-24 12:58:13','','','','','','','3341500256406'),(52,2777,'10','2562','1',6,0,1,'ไม่มี','ปกติ','ไม่ผุ','26.75','134','','2563-02-24 12:58:28','','','','','','','3341500256406'),(53,2763,'1','2562','2',6,0,1,'ไม่มี','ปกติ','ไม่ผุ','21.45','125','','2563-02-24 12:59:43','','','','','','','3341500256406'),(54,2769,'2','2562','2',6,0,1,'ไม่มี','ปกติ','ไม่ผุ','21.45','122','','2563-02-24 12:59:57','','','','','','','3341500256406'),(55,2790,'3','2562','2',6,0,1,'ไม่มี','ปกติ','ไม่ผุ','28.70','131','','2563-02-24 01:00:32','','','','','','','3341500256406'),(56,2772,'4','2562','2',6,0,1,'ไม่มี','ปกติ','ไม่ผุ','38.13','134','','2563-02-24 01:00:56','','','','','','','3341500256406'),(57,2754,'5','2562','2',6,0,1,'ไม่มี','ปกติ','ไม่ผุ','30.00','136','','2563-02-24 01:01:11','','','','','','','3341500256406'),(58,2765,'6','2562','2',6,0,1,'ไม่มี','ปกติ','ไม่ผุ','21.72','124','','2563-02-24 01:01:29','','','','','','','3341500256406'),(59,2766,'7','2562','2',6,0,1,'ไม่มี','ปกติ','ไม่ผุ','28.95','135','','2563-02-24 01:01:49','','','','','','','3341500256406'),(60,2768,'8','2562','2',6,0,1,'ไม่มี','ปกติ','ไม่ผุ','29.41','130','','2563-02-24 01:02:07','','','','','','','3341500256406'),(61,2776,'9','2562','2',6,0,1,'ไม่มี','ปกติ','ไม่ผุ','23.09','125','','2563-02-24 01:02:28','','','','','','','3341500256406'),(62,2777,'10','2562','2',6,0,1,'ไม่มี','ปกติ','ไม่ผุ','30.73','138','','2563-02-24 01:02:52','','','','','','','3341500256406'),(63,2819,'1','2562','2',1,0,2,'ไม่มี','ปกติ','ไม่ผุ','22.4','119','','2563-02-24 02:10:24','','','','','','','1342200068293'),(64,2820,'2','2562','2',1,0,2,'ไม่มี','ปกติ','ไม่ผุ','28.8','110','','2563-02-24 02:10:15','','','','','','','1342200068293'),(65,2821,'3','2562','2',1,0,2,'ไม่มี','ปกติ','ไม่ผุ','22.06','109','','2563-02-24 02:10:43','','','','','','','1342200068293'),(66,2735,'1','2562','2',9,0,1,'ไม่มี','ปกติ','ไม่ผุ','50','144','','2563-03-02 08:22:14','','','','','','','1349900566772'),(67,2736,'2','2562','2',9,0,1,'ไม่มี','ปกติ','ไม่ผุ','36','147','','2563-03-02 08:22:37','','','','','','','1349900566772'),(68,2737,'3','2562','2',9,0,1,'ไม่มี','ปกติ','ไม่ผุ','64','151','','2563-03-02 08:22:45','','','','','','','1349900566772'),(69,2740,'4','2562','2',9,0,1,'ไม่มี','ปกติ','ไม่ผุ','30','141','','2563-03-02 08:22:52','','','','','','','1349900566772'),(70,2741,'5','2562','2',9,0,1,'ไม่มี','ปกติ','ไม่ผุ','89','156','','2563-03-02 08:23:01','','','','','','','1349900566772'),(71,2762,'6','2562','2',9,0,1,'ไม่มี','ปกติ','ไม่ผุ','36','146','','2563-03-02 08:23:08','','','','','','','1349900566772'),(72,2743,'7','2562','2',9,0,1,'ไม่มี','ปกติ','ไม่ผุ','45','147','','2563-03-02 08:23:16','','','','','','','1349900566772'),(73,2723,'8','2562','2',9,0,1,'ไม่มี','ปกติ','ไม่ผุ','36','148','','2563-03-02 08:23:25','','','','','','','1349900566772'),(74,2735,'1','2562','2',9,0,2,'ไม่มี','ปกติ','ไม่ผุ','51','145','','2563-03-02 08:23:55','','','','','','','1349900566772'),(75,2736,'2','2562','2',9,0,2,'ไม่มี','ปกติ','ไม่ผุ','37','148','','2563-03-02 08:24:03','','','','','','','1349900566772'),(76,2737,'3','2562','2',9,0,2,'ไม่มี','ปกติ','ไม่ผุ','64','151','','2563-03-02 08:24:12','','','','','','','1349900566772'),(77,2740,'4','2562','2',9,0,2,'ไม่มี','ปกติ','ไม่ผุ','31','142','','2563-03-02 08:24:21','','','','','','','1349900566772'),(78,2741,'5','2562','2',9,0,2,'ไม่มี','ปกติ','ไม่ผุ','90','157','','2563-03-02 08:24:33','','','','','','','1349900566772'),(79,2762,'6','2562','2',9,0,2,'ไม่มี','ปกติ','ไม่ผุ','36','147','','2563-03-02 08:24:49','','','','','','','1349900566772'),(80,2743,'7','2562','2',9,0,2,'ไม่มี','ปกติ','ไม่ผุ','45','148','','2563-03-02 08:24:57','','','','','','','1349900566772'),(81,2723,'8','2562','2',9,0,2,'ไม่มี','ปกติ','ไม่ผุ','37','149','','2563-03-02 08:25:06','','','','','','','1349900566772'),(82,2735,'1','2562','1',9,0,1,'ไม่มี','ปกติ','ไม่ผุ','49','144','','2563-03-02 08:26:38','','','','','','','1349900566772'),(83,2842,'1','2568','2',5,0,1,'ไม่มี','ปกติ','ไม่ผุ','21.70','120','','2568-11-12 02:33:17','','','','','','','3331300217946'),(84,2843,'2','2568','2',5,0,1,'ไม่มี','ปกติ','ไม่ผุ','18.75','120','','2568-11-12 02:34:01','','','','','','','3331300217946'),(85,2844,'3','2568','2',5,0,1,'ไม่มี','ปกติ','ไม่ผุ','23.25','123','','2568-11-12 02:34:21','','','','','','','3331300217946'),(86,2845,'4','2568','2',5,0,1,'ไม่มี','ปกติ','ไม่ผุ','21.35','125','','2568-11-12 02:34:45','','','','','','','3331300217946'),(87,2847,'5','2568','2',5,0,1,'ไม่มี','ปกติ','ไม่ผุ','21','121','','2568-11-12 02:35:00','','','','','','','3331300217946'),(88,2848,'6','2568','2',5,0,1,'ไม่มี','ปกติ','ไม่ผุ','27.20','127','','2568-11-12 02:35:15','','','','','','','3331300217946'),(89,2849,'7','2568','2',5,0,1,'ไม่มี','ปกติ','ไม่ผุ','29.65','135','','2568-11-12 02:35:34','','','','','','','3331300217946'),(90,2850,'8','2568','2',5,0,1,'ไม่มี','ปกติ','ไม่ผุ','18.20','118','','2568-11-12 02:35:53','','','','','','','3331300217946'),(91,2868,'10','2568','2',5,0,1,'ไม่มี','ปกติ','ไม่ผุ','25.40','123','','2568-11-12 02:36:08','','','','','','','3331300217946');

--
-- Table structure for table `health_personal`
--

CREATE TABLE `health_personal` (
  `per_id` int(11) NOT NULL AUTO_INCREMENT,
  `personal_code` varchar(13) NOT NULL,
  `per_position` int(3) NOT NULL,
  `per_status` int(3) NOT NULL,
  `person_room` int(3) NOT NULL,
  PRIMARY KEY (`per_id`)
) ENGINE=MyISAM AUTO_INCREMENT=26 DEFAULT CHARSET=utf8 COLLATE=utf8_general_ci;

--
-- Dumping data for table `health_personal`
--

INSERT INTO `health_personal` VALUES (1,'1342200096688',9,1,0),(14,'1341501369241',3,1,0),(3,'1339900575445',4,1,0),(5,'1341500274874',6,1,0),(17,'1342200068293',1,1,0),(10,'3341500535585',8,1,0),(9,'1480200086035',7,1,0),(12,'1349901028987',1,1,0),(13,'1349901028987',2,1,0),(15,'3331300217946',5,1,0),(18,'1342200068293',2,1,0),(19,'1342200068293',3,1,0),(20,'1342200068293',4,1,0),(21,'1342200068293',5,1,0),(22,'1342200068293',6,1,0),(23,'1342200068293',7,1,0),(24,'1342200068293',8,1,0),(25,'1342200068293',9,1,0);

--
-- Table structure for table `health_weight_height`
--

CREATE TABLE `health_weight_height` (
  `id` int(11) NOT NULL AUTO_INCREMENT,
  `type` tinyint(4) NOT NULL DEFAULT 0,
  `sex` tinyint(4) NOT NULL DEFAULT 1,
  `height` int(11) NOT NULL,
  `weight_1` double NOT NULL,
  `weight_2` double NOT NULL,
  `weight_3` double NOT NULL,
  `weight_4` double NOT NULL,
  `weight_5` double NOT NULL,
  PRIMARY KEY (`id`)
) ENGINE=MyISAM AUTO_INCREMENT=75 DEFAULT CHARSET=utf8 COLLATE=utf8_general_ci;

--
-- Dumping data for table `health_weight_height`
--

INSERT INTO `health_weight_height` VALUES (1,0,1,50,2.5,3,3.8,4,4.5),(2,0,1,55,3.5,4,4.8,5,6),(3,0,1,60,4.5,5,6.3,6.5,7.5),(4,0,1,65,5.5,6,7.8,8,9),(5,0,1,70,7,7.5,9.3,9.5,10.5),(6,0,1,75,8,8.5,10.8,11,12),(7,0,1,80,9,9.5,12,12.5,13.5),(8,0,1,85,10,10.5,13.5,14,15.5),(9,0,1,90,11,11.5,15,15.5,17),(10,0,1,95,12,12.5,16.5,17,19),(11,0,1,100,13,14,18.5,19,21),(12,0,1,105,14,15,20,21,22.5),(13,0,1,110,15.5,16.5,22,23,25),(14,0,1,115,17,18,24,25,28),(15,0,1,120,18.5,19.5,26.5,28,31),(16,0,1,125,20.5,21.5,29.5,31,35),(17,0,1,130,22,23.5,33,35,39.5),(18,0,1,135,24,25.5,37,39,45),(19,0,1,140,26.5,28,41,44,50),(20,0,2,50,3,3.1,3.8,4,4.5),(21,0,2,55,3.5,4,4.8,5,6),(22,0,2,60,4.5,5,6.3,6.5,7),(23,0,2,65,5.5,6,7.8,8,8.5),(24,0,2,70,6.5,7.5,8.8,9,10),(25,0,2,75,7.5,8.5,10.8,10.5,11.5),(26,0,2,80,8.5,9,11.5,12.5,13),(27,0,2,85,9.5,10,13,13.5,14.5),(28,0,2,90,10.5,11.5,14.5,15.5,16.5),(29,0,2,95,11.5,13,16.5,17,18.5),(30,0,2,100,13,13.5,18,18.5,20.5),(31,0,2,110,15.5,16,22,23,25),(32,0,2,115,16.5,17.5,24,25,28),(33,0,2,120,18,19,27,28.5,31.5),(34,0,2,125,19.5,21.5,30,31.5,35.5),(35,0,2,130,21.5,23,34,36,41),(36,0,2,135,23.5,25,38,40.5,46),(37,0,2,140,25.5,27.5,42.5,45.5,55.5),(38,0,2,105,14,15,19.5,20.5,22.5),(39,1,1,90,11,11.5,15,16,17),(40,1,1,95,12,12.5,17,17.5,19),(41,1,1,100,13,14,18,19,21),(42,1,1,105,14.5,15,19.5,20.5,22.5),(43,1,1,110,16,16.6,21.5,22.5,24.5),(44,1,1,115,17,18,24,25,27.5),(45,1,1,120,19,19.5,26.5,28,30.5),(46,1,1,125,20,21,29,31,34),(47,1,1,130,22,23,33,35,39),(48,1,1,135,24.5,25.5,37,39.5,45),(49,1,1,140,26.5,28.5,41,44,50),(50,1,1,145,29,31,45,48,54.5),(51,1,1,150,32,34,49,52.5,58.5),(52,1,1,155,35,37,53,56.5,62.5),(53,1,1,160,38.5,41,57,60.5,66.5),(54,1,1,165,42.5,45,61.5,64.5,70),(55,1,1,170,46,48.5,65,68,74.5),(56,1,1,175,49.5,52.5,69,72,77),(57,1,1,180,53,56,72,75,80),(58,1,2,90,11,11.5,15,16,17),(59,1,2,95,12,12.5,16,17,18.5),(60,1,2,100,13,13.5,18,19,20.5),(61,1,2,105,14,15,19.5,20.5,22.5),(62,1,2,110,15.5,16,21.5,22.5,25),(63,1,2,115,17,17.5,24,25,27.5),(64,1,2,120,18.5,19,26.5,28,31),(65,1,2,125,20,21,30,32,36),(66,1,2,130,21.5,22.5,33.5,36,41),(67,1,2,135,23.5,25,38,41,46),(68,1,2,140,26,27.5,42.5,45.5,51.5),(69,1,2,145,29,31,47,50,56.5),(70,1,2,150,32.5,34.5,51.5,54.5,61),(71,1,2,155,36,38.5,55.5,58.5,65),(72,1,2,160,39.5,42,59,62,68),(73,1,2,165,43,45.5,62,65,70.5),(74,1,2,170,47,48.5,65.5,67.5,72.5);

--
-- Table structure for table `idplan_education`
--

CREATE TABLE `idplan_education` (
  `id` int(11) NOT NULL AUTO_INCREMENT,
  `person_id` varchar(15) DEFAULT NULL,
  `class` varchar(30) DEFAULT NULL,
  `initials` varchar(30) DEFAULT NULL,
  `subject_1` varchar(150) DEFAULT NULL,
  `subject` varchar(150) DEFAULT NULL,
  `institute` varchar(200) DEFAULT NULL,
  `province` varchar(50) DEFAULT NULL,
  `finish_year` varchar(10) DEFAULT NULL,
  PRIMARY KEY (`id`)
) ENGINE=MyISAM AUTO_INCREMENT=9 DEFAULT CHARSET=utf8 COLLATE=utf8_general_ci;

--
-- Dumping data for table `idplan_education`
--


--
-- Table structure for table `idplan_list_setting`
--

CREATE TABLE `idplan_list_setting` (
  `id` int(11) NOT NULL AUTO_INCREMENT,
  `rating` int(5) DEFAULT NULL,
  `item_list` char(50) DEFAULT NULL,
  `permission` int(2) DEFAULT NULL,
  PRIMARY KEY (`id`)
) ENGINE=MyISAM AUTO_INCREMENT=12 DEFAULT CHARSET=utf8 COLLATE=utf8_general_ci;

--
-- Dumping data for table `idplan_list_setting`
--


--
-- Table structure for table `idplan_lookbook_1`
--

CREATE TABLE `idplan_lookbook_1` (
  `id` int(11) NOT NULL AUTO_INCREMENT,
  `person_id` varchar(15) DEFAULT NULL,
  `study_year` varchar(5) DEFAULT NULL,
  `term` varchar(2) DEFAULT NULL,
  `office` varchar(200) DEFAULT NULL,
  `school_name` varchar(250) DEFAULT NULL,
  `class` varchar(5) DEFAULT NULL,
  `subject_1` varchar(3) DEFAULT NULL,
  `subject_2` varchar(150) DEFAULT NULL,
  `house` int(3) DEFAULT NULL,
  PRIMARY KEY (`id`)
) ENGINE=MyISAM AUTO_INCREMENT=19 DEFAULT CHARSET=utf8 COLLATE=utf8_general_ci;

--
-- Dumping data for table `idplan_lookbook_1`
--


--
-- Table structure for table `idplan_lookbook_2`
--

CREATE TABLE `idplan_lookbook_2` (
  `id` int(11) NOT NULL AUTO_INCREMENT,
  `person_id` varchar(15) DEFAULT NULL,
  `year` varchar(5) DEFAULT NULL,
  `term` varchar(1) DEFAULT NULL,
  `week` varchar(3) DEFAULT NULL,
  `start_date` date DEFAULT NULL,
  `end_date` date DEFAULT NULL,
  `group_vicha_id` varchar(2) DEFAULT NULL,
  `vicha_name` varchar(200) DEFAULT NULL,
  `vicha_code` varchar(10) DEFAULT NULL,
  `vitaya` varchar(2) DEFAULT NULL,
  `hour_term` varchar(5) DEFAULT NULL,
  `time` varchar(5) DEFAULT NULL,
  `time_unit` varchar(25) DEFAULT NULL,
  `learn_type` varchar(2) DEFAULT NULL,
  `garantee` varchar(2) DEFAULT NULL,
  PRIMARY KEY (`id`)
) ENGINE=MyISAM AUTO_INCREMENT=20 DEFAULT CHARSET=utf8 COLLATE=utf8_general_ci;

--
-- Dumping data for table `idplan_lookbook_2`
--


--
-- Table structure for table `idplan_lookbook_3`
--

CREATE TABLE `idplan_lookbook_3` (
  `id` int(11) NOT NULL AUTO_INCREMENT,
  `person_id` varchar(15) DEFAULT NULL,
  `year` varchar(5) DEFAULT NULL,
  `term` varchar(1) DEFAULT NULL,
  `week` varchar(3) DEFAULT NULL,
  `start_date` date DEFAULT NULL,
  `end_date` date DEFAULT NULL,
  `vicha_support` varchar(200) DEFAULT NULL,
  `hour_week` varchar(5) DEFAULT NULL,
  `garantee` varchar(2) DEFAULT NULL,
  PRIMARY KEY (`id`)
) ENGINE=MyISAM AUTO_INCREMENT=22 DEFAULT CHARSET=utf8 COLLATE=utf8_general_ci;

--
-- Dumping data for table `idplan_lookbook_3`
--


--
-- Table structure for table `idplan_lookbook_4`
--

CREATE TABLE `idplan_lookbook_4` (
  `id` int(11) NOT NULL AUTO_INCREMENT,
  `person_id` varchar(15) DEFAULT NULL,
  `year` varchar(5) DEFAULT NULL,
  `term` varchar(1) DEFAULT NULL,
  `week` varchar(3) DEFAULT NULL,
  `start_date` date DEFAULT NULL,
  `end_date` date DEFAULT NULL,
  `policy` varchar(255) DEFAULT NULL,
  `hour_week` varchar(5) DEFAULT NULL,
  `garantee` varchar(2) DEFAULT NULL,
  PRIMARY KEY (`id`)
) ENGINE=MyISAM AUTO_INCREMENT=24 DEFAULT CHARSET=utf8 COLLATE=utf8_general_ci;

--
-- Dumping data for table `idplan_lookbook_4`
--


--
-- Table structure for table `idplan_lookbook_5`
--

CREATE TABLE `idplan_lookbook_5` (
  `id` int(11) NOT NULL AUTO_INCREMENT,
  `person_id` varchar(15) DEFAULT NULL,
  `rec_date` date DEFAULT NULL,
  `develop_name` varchar(255) DEFAULT NULL,
  `develop_code` varchar(15) DEFAULT NULL,
  `knowledge` varchar(10) DEFAULT NULL,
  `skill` varchar(10) DEFAULT NULL,
  `teacher` varchar(10) DEFAULT NULL,
  `develop_hour` varchar(5) DEFAULT NULL,
  `develop_start_date` date DEFAULT NULL,
  `num_date` int(5) DEFAULT NULL,
  `development` varchar(10) DEFAULT NULL,
  `garantee` varchar(2) DEFAULT NULL,
  PRIMARY KEY (`id`)
) ENGINE=MyISAM AUTO_INCREMENT=4 DEFAULT CHARSET=utf8 COLLATE=utf8_general_ci;

--
-- Dumping data for table `idplan_lookbook_5`
--


--
-- Table structure for table `idplan_lookbook_6`
--

CREATE TABLE `idplan_lookbook_6` (
  `id` int(11) NOT NULL AUTO_INCREMENT,
  `person_id` varchar(15) DEFAULT NULL,
  `group_activities` varchar(255) DEFAULT NULL,
  `num_member` int(5) DEFAULT NULL,
  `activities_name` varchar(255) DEFAULT NULL,
  `round` varchar(3) DEFAULT NULL,
  `date_activities` date DEFAULT NULL,
  `term` varchar(2) DEFAULT NULL,
  `year` varchar(5) DEFAULT NULL,
  `num_hour` varchar(5) DEFAULT NULL,
  `r_character` varchar(3) DEFAULT NULL,
  `income_activities` varchar(5) DEFAULT NULL,
  `issues` varchar(255) DEFAULT NULL,
  `cause` varchar(255) DEFAULT NULL,
  `knowledge` varchar(255) DEFAULT NULL,
  `activities` varchar(255) DEFAULT NULL,
  `r_activities` varchar(255) DEFAULT NULL,
  `reapply` varchar(255) DEFAULT NULL,
  `other` varchar(255) DEFAULT NULL,
  `garantee` varchar(2) DEFAULT NULL,
  PRIMARY KEY (`id`)
) ENGINE=MyISAM AUTO_INCREMENT=6 DEFAULT CHARSET=utf8 COLLATE=utf8_general_ci;

--
-- Dumping data for table `idplan_lookbook_6`
--


--
-- Table structure for table `idplan_lookbook_group_subject`
--

CREATE TABLE `idplan_lookbook_group_subject` (
  `id` int(11) NOT NULL AUTO_INCREMENT,
  `g_subject` varchar(255) DEFAULT NULL,
  PRIMARY KEY (`id`)
) ENGINE=MyISAM AUTO_INCREMENT=21 DEFAULT CHARSET=utf8 COLLATE=utf8_general_ci;

--
-- Dumping data for table `idplan_lookbook_group_subject`
--


--
-- Table structure for table `idplan_management_crown`
--

CREATE TABLE `idplan_management_crown` (
  `id` int(11) NOT NULL AUTO_INCREMENT,
  `crown_name_th` char(100) DEFAULT NULL,
  `crown_shot_name` char(10) DEFAULT NULL,
  `crown_name_en` char(150) DEFAULT NULL,
  PRIMARY KEY (`id`)
) ENGINE=MyISAM AUTO_INCREMENT=37 DEFAULT CHARSET=utf8 COLLATE=utf8_general_ci;

--
-- Dumping data for table `idplan_management_crown`
--


--
-- Table structure for table `idplan_management_crown_year`
--

CREATE TABLE `idplan_management_crown_year` (
  `id` int(11) NOT NULL AUTO_INCREMENT,
  `person_id` varchar(15) DEFAULT NULL,
  `crown_id` varchar(3) DEFAULT NULL,
  `crown_year` varchar(7) DEFAULT NULL,
  PRIMARY KEY (`id`)
) ENGINE=MyISAM AUTO_INCREMENT=4 DEFAULT CHARSET=utf8 COLLATE=utf8_general_ci;

--
-- Dumping data for table `idplan_management_crown_year`
--


--
-- Table structure for table `idplan_management_family`
--

CREATE TABLE `idplan_management_family` (
  `id` int(11) NOT NULL AUTO_INCREMENT,
  `person_id` varchar(15) DEFAULT NULL,
  `family_prename` varchar(20) DEFAULT NULL,
  `family_name` varchar(100) DEFAULT NULL,
  `family_surname` varchar(150) DEFAULT NULL,
  `birth_date` date DEFAULT NULL,
  `family_type` varchar(5) DEFAULT NULL,
  PRIMARY KEY (`id`)
) ENGINE=MyISAM AUTO_INCREMENT=9 DEFAULT CHARSET=utf8 COLLATE=utf8_general_ci;

--
-- Dumping data for table `idplan_management_family`
--


--
-- Table structure for table `idplan_management_marry`
--

CREATE TABLE `idplan_management_marry` (
  `person_id` varchar(15) NOT NULL,
  `m_type` varchar(5) DEFAULT NULL,
  `m_prename` varchar(10) DEFAULT NULL,
  `m_name` varchar(50) DEFAULT NULL,
  `m_surname` varchar(150) DEFAULT NULL,
  PRIMARY KEY (`person_id`)
) ENGINE=MyISAM DEFAULT CHARSET=utf8 COLLATE=utf8_general_ci;

--
-- Dumping data for table `idplan_management_marry`
--


--
-- Table structure for table `idplan_management_member`
--

CREATE TABLE `idplan_management_member` (
  `id` int(11) NOT NULL AUTO_INCREMENT,
  `person_id` varchar(15) DEFAULT NULL,
  `member_name` varchar(255) DEFAULT NULL,
  `member_number` varchar(30) DEFAULT NULL,
  PRIMARY KEY (`id`)
) ENGINE=MyISAM AUTO_INCREMENT=4 DEFAULT CHARSET=utf8 COLLATE=utf8_general_ci;

--
-- Dumping data for table `idplan_management_member`
--


--
-- Table structure for table `idplan_management_portfolio`
--

CREATE TABLE `idplan_management_portfolio` (
  `id` int(11) NOT NULL AUTO_INCREMENT,
  `person_id` varchar(15) DEFAULT NULL,
  `topic` varchar(200) DEFAULT NULL,
  `date` date DEFAULT NULL,
  `address` varchar(255) DEFAULT NULL,
  `pic_upload` varchar(50) DEFAULT NULL,
  PRIMARY KEY (`id`)
) ENGINE=MyISAM AUTO_INCREMENT=16 DEFAULT CHARSET=utf8 COLLATE=utf8_general_ci;

--
-- Dumping data for table `idplan_management_portfolio`
--


--
-- Table structure for table `idplan_management_vitaya`
--

CREATE TABLE `idplan_management_vitaya` (
  `id` int(11) NOT NULL AUTO_INCREMENT,
  `person_id` varchar(15) DEFAULT NULL,
  `vitaya_name` varchar(250) DEFAULT NULL,
  `vitaya_shot` varchar(50) DEFAULT NULL,
  `vitaya_date` date DEFAULT NULL,
  PRIMARY KEY (`id`)
) ENGINE=MyISAM AUTO_INCREMENT=8 DEFAULT CHARSET=utf8 COLLATE=utf8_general_ci;

--
-- Dumping data for table `idplan_management_vitaya`
--


--
-- Table structure for table `idplan_permission`
--

CREATE TABLE `idplan_permission` (
  `per_id` int(5) NOT NULL AUTO_INCREMENT,
  `person_id` char(15) DEFAULT NULL,
  `p1` int(2) DEFAULT NULL,
  `office` char(15) DEFAULT NULL,
  `rec_dat` date DEFAULT NULL,
  PRIMARY KEY (`per_id`)
) ENGINE=MyISAM AUTO_INCREMENT=36 DEFAULT CHARSET=utf8 COLLATE=utf8_general_ci;

--
-- Dumping data for table `idplan_permission`
--


--
-- Table structure for table `idplan_person_sch_profile`
--

CREATE TABLE `idplan_person_sch_profile` (
  `person_id` varchar(15) NOT NULL,
  `birth_date` date DEFAULT NULL,
  `f_date` date DEFAULT NULL,
  `vittaya` varchar(50) DEFAULT NULL,
  `work_old` int(3) DEFAULT NULL,
  `at_home` varchar(10) DEFAULT NULL,
  `moo` varchar(3) DEFAULT NULL,
  `tambun` varchar(50) DEFAULT NULL,
  `ampher` varchar(50) DEFAULT NULL,
  `province` varchar(70) DEFAULT NULL,
  `postcode` varchar(10) DEFAULT NULL,
  `home_phone` varchar(15) DEFAULT NULL,
  `mobile` varchar(15) DEFAULT NULL,
  `salary` int(10) DEFAULT NULL,
  `emoluments` int(10) DEFAULT NULL,
  `money_of_position` int(10) DEFAULT NULL,
  `m_type` varchar(5) DEFAULT NULL,
  `update_date` date DEFAULT NULL,
  PRIMARY KEY (`person_id`)
) ENGINE=MyISAM DEFAULT CHARSET=utf8 COLLATE=utf8_general_ci;

--
-- Dumping data for table `idplan_person_sch_profile`
--

INSERT INTO `idplan_person_sch_profile` VALUES ('1342200068293',NULL,NULL,NULL,NULL,NULL,NULL,NULL,NULL,NULL,NULL,NULL,NULL,NULL,NULL,NULL,NULL,NULL),('3341500256406',NULL,NULL,NULL,NULL,NULL,NULL,NULL,NULL,NULL,NULL,NULL,NULL,NULL,NULL,NULL,NULL,NULL),('1480200086035',NULL,NULL,NULL,NULL,NULL,NULL,NULL,NULL,NULL,NULL,NULL,NULL,NULL,NULL,NULL,NULL,NULL),('1341500141661',NULL,NULL,NULL,NULL,NULL,NULL,NULL,NULL,NULL,NULL,NULL,NULL,NULL,NULL,NULL,NULL,NULL),('3331300217946',NULL,NULL,NULL,NULL,NULL,NULL,NULL,NULL,NULL,NULL,NULL,NULL,NULL,NULL,NULL,NULL,NULL),('1349900566772','1993-03-26','0000-00-00','',0,'17','1','หนองไฮ','สำโรง','อุบลราชธานี','','','0985853124',0,0,0,'1','2020-03-14'),('3349900367288',NULL,NULL,NULL,NULL,NULL,NULL,NULL,NULL,NULL,NULL,NULL,NULL,NULL,NULL,NULL,NULL,NULL),('1341500274874',NULL,NULL,NULL,NULL,NULL,NULL,NULL,NULL,NULL,NULL,NULL,NULL,NULL,NULL,NULL,NULL,NULL),('1342200096688',NULL,NULL,NULL,NULL,NULL,NULL,NULL,NULL,NULL,NULL,NULL,NULL,NULL,NULL,NULL,NULL,NULL);

--
-- Table structure for table `la_cancel`
--

CREATE TABLE `la_cancel` (
  `id` int(11) NOT NULL AUTO_INCREMENT,
  `person_id` varchar(13) NOT NULL,
  `la_type` tinyint(4) NOT NULL,
  `write_at` varchar(100) DEFAULT NULL,
  `permission_start` date NOT NULL,
  `permission_finish` date NOT NULL,
  `permission_total` int(11) NOT NULL,
  `because` varchar(200) NOT NULL,
  `cancel_la_start` date NOT NULL,
  `cancel_la_finish` date NOT NULL,
  `cancel_la_total` int(11) NOT NULL,
  `no_comment` int(11) NOT NULL DEFAULT 0,
  `grant_p_selected` varchar(13) DEFAULT NULL,
  `rec_date` datetime NOT NULL,
  `officer_comment` varchar(200) DEFAULT NULL,
  `officer_sign` varchar(13) DEFAULT NULL,
  `officer_date` datetime DEFAULT NULL,
  `group_comment` varchar(100) DEFAULT NULL,
  `group_sign` varchar(13) DEFAULT NULL,
  `group_date` datetime DEFAULT NULL,
  `comment_date` datetime DEFAULT NULL,
  `commander_grant` tinyint(4) DEFAULT NULL,
  `commander_comment` varchar(100) DEFAULT NULL,
  `commander_sign` varchar(13) DEFAULT NULL,
  `grant_date` datetime DEFAULT NULL,
  PRIMARY KEY (`id`)
) ENGINE=MyISAM DEFAULT CHARSET=utf8 COLLATE=utf8_general_ci;

--
-- Dumping data for table `la_cancel`
--


--
-- Table structure for table `la_collect`
--

CREATE TABLE `la_collect` (
  `id` int(11) NOT NULL AUTO_INCREMENT,
  `year` int(11) NOT NULL,
  `person_id` varchar(13) NOT NULL,
  `collect_day` tinyint(4) NOT NULL DEFAULT 0,
  `this_year_day` tinyint(4) NOT NULL DEFAULT 0,
  `officer` varchar(13) DEFAULT NULL,
  `rec_date` date DEFAULT NULL,
  PRIMARY KEY (`id`)
) ENGINE=MyISAM DEFAULT CHARSET=utf8 COLLATE=utf8_general_ci;

--
-- Dumping data for table `la_collect`
--


--
-- Table structure for table `la_main`
--

CREATE TABLE `la_main` (
  `id` int(11) NOT NULL AUTO_INCREMENT,
  `person_id` varchar(13) NOT NULL,
  `la_type` tinyint(4) NOT NULL,
  `write_at` varchar(100) DEFAULT NULL,
  `because` varchar(250) DEFAULT NULL,
  `la_start` date NOT NULL,
  `la_finish` date NOT NULL,
  `la_total` int(11) NOT NULL,
  `last_la_start` date DEFAULT NULL,
  `last_la_finish` date DEFAULT NULL,
  `last_la_total` int(11) DEFAULT NULL,
  `contact` varchar(150) DEFAULT NULL,
  `contact_tel` varchar(20) DEFAULT NULL,
  `document` varchar(100) DEFAULT NULL,
  `no_comment` tinyint(4) NOT NULL DEFAULT 0,
  `grant_p_selected` varchar(13) DEFAULT NULL,
  `sick_ago` int(11) DEFAULT NULL,
  `sick_this` int(11) DEFAULT NULL,
  `sick_total` int(11) DEFAULT NULL,
  `privacy_ago` int(11) DEFAULT NULL,
  `privacy_this` int(11) DEFAULT NULL,
  `privacy_total` int(11) DEFAULT NULL,
  `birth_ago` int(11) DEFAULT NULL,
  `birth_this` int(11) DEFAULT NULL,
  `birth_total` int(11) DEFAULT NULL,
  `relax_ago` int(11) DEFAULT NULL,
  `relax_this` int(11) DEFAULT NULL,
  `relax_total` int(11) DEFAULT NULL,
  `relax_collect` tinyint(4) DEFAULT NULL,
  `relax_this_year` tinyint(4) DEFAULT NULL,
  `job_person` varchar(13) DEFAULT NULL,
  `job_person_sign` tinyint(4) NOT NULL DEFAULT 0,
  `rec_date` datetime NOT NULL,
  `officer_comment` varchar(200) DEFAULT NULL,
  `officer_sign` varchar(13) DEFAULT NULL,
  `officer_date` datetime DEFAULT NULL,
  `group_comment` varchar(100) DEFAULT NULL,
  `group_sign` varchar(13) DEFAULT NULL,
  `group_date` datetime DEFAULT NULL,
  `comment_date` datetime DEFAULT NULL,
  `commander_grant` tinyint(4) DEFAULT NULL,
  `commander_comment` varchar(100) DEFAULT NULL,
  `commander_sign` varchar(13) DEFAULT NULL,
  `grant_date` datetime DEFAULT NULL,
  PRIMARY KEY (`id`)
) ENGINE=MyISAM DEFAULT CHARSET=utf8 COLLATE=utf8_general_ci;

--
-- Dumping data for table `la_main`
--


--
-- Table structure for table `la_permission`
--

CREATE TABLE `la_permission` (
  `id` int(11) NOT NULL AUTO_INCREMENT,
  `person_id` varchar(13) NOT NULL,
  `p1` tinyint(4) NOT NULL,
  `officer` varchar(13) NOT NULL,
  `rec_date` date NOT NULL,
  PRIMARY KEY (`id`)
) ENGINE=MyISAM AUTO_INCREMENT=2 DEFAULT CHARSET=utf8 COLLATE=utf8_general_ci;

--
-- Dumping data for table `la_permission`
--

INSERT INTO `la_permission` VALUES (1,'1342200068293',1,'1342200068293','2018-11-15');

--
-- Table structure for table `la_person_set`
--

CREATE TABLE `la_person_set` (
  `id` int(11) NOT NULL AUTO_INCREMENT,
  `person_id` varchar(13) NOT NULL,
  `comment_person` varchar(13) DEFAULT NULL,
  `grant_person` varchar(13) DEFAULT NULL,
  `officer` varchar(13) DEFAULT NULL,
  `rec_date` date DEFAULT NULL,
  PRIMARY KEY (`id`),
  UNIQUE KEY `person_id` (`person_id`)
) ENGINE=MyISAM DEFAULT CHARSET=utf8 COLLATE=utf8_general_ci;

--
-- Dumping data for table `la_person_set`
--


--
-- Table structure for table `la_year`
--

CREATE TABLE `la_year` (
  `id` int(11) NOT NULL AUTO_INCREMENT,
  `budget_year` int(11) NOT NULL,
  `year_active` tinyint(1) NOT NULL,
  PRIMARY KEY (`id`),
  UNIQUE KEY `budget_year` (`budget_year`)
) ENGINE=MyISAM AUTO_INCREMENT=2 DEFAULT CHARSET=utf8 COLLATE=utf8_general_ci;

--
-- Dumping data for table `la_year`
--

INSERT INTO `la_year` VALUES (1,2562,1);

--
-- Table structure for table `mail_filebook`
--

CREATE TABLE `mail_filebook` (
  `id` int(11) NOT NULL AUTO_INCREMENT,
  `ref_id` varchar(50) NOT NULL,
  `file_name` varchar(100) NOT NULL,
  `file_des` varchar(100) NOT NULL,
  PRIMARY KEY (`id`)
) ENGINE=MyISAM AUTO_INCREMENT=15 DEFAULT CHARSET=utf8 COLLATE=utf8_general_ci;

--
-- Dumping data for table `mail_filebook`
--

INSERT INTO `mail_filebook` VALUES (11,'33313002179461470203655','33313002179461470203655_1.doc','รายชื่อนักเรียนป๊59'),(3,'33499005160621466308220','33499005160621466308220_1.jpg','รายชื่อนักเรียน   ชั้นป.6'),(10,'13415001634441470203421','13415001634441470203421_1.gif','กรอบลายไทย'),(5,'13422000029691466405520','13422000029691466405520_1.doc','รายชื่อนักเรียน'),(6,'33313002179461470190732','33313002179461470190732_1.docx','คำนำ'),(7,'33313002179461470190732','33313002179461470190732_2.docx','คู่มือ'),(8,'33313002179461470190732','33313002179461470190732_3.jpg','ปก'),(9,'33313002179461470190732','33313002179461470190732_4.doc','แบบรายงานเขต'),(12,'13422000682931542295380','13422000682931542295380_1.docx','บันทึกการจ้าง'),(13,'13422000682931542295380','13422000682931542295380_2.doc','TOR ธุรการ'),(14,'13422000682931542295380','13422000682931542295380_3.doc','หนังสือส่ง');

--
-- Table structure for table `mail_group`
--

CREATE TABLE `mail_group` (
  `grp_id` int(11) NOT NULL AUTO_INCREMENT,
  `grp_name` varchar(50) NOT NULL,
  PRIMARY KEY (`grp_id`)
) ENGINE=MyISAM DEFAULT CHARSET=utf8 COLLATE=utf8_general_ci;

--
-- Dumping data for table `mail_group`
--


--
-- Table structure for table `mail_group_member`
--

CREATE TABLE `mail_group_member` (
  `id` int(11) NOT NULL AUTO_INCREMENT,
  `grp_id` int(11) NOT NULL,
  `person_id` varchar(13) NOT NULL,
  PRIMARY KEY (`id`)
) ENGINE=MyISAM DEFAULT CHARSET=utf8 COLLATE=utf8_general_ci;

--
-- Dumping data for table `mail_group_member`
--


--
-- Table structure for table `mail_main`
--

CREATE TABLE `mail_main` (
  `ms_id` int(11) NOT NULL AUTO_INCREMENT,
  `sender` varchar(13) NOT NULL,
  `subject` varchar(150) NOT NULL,
  `detail` text DEFAULT NULL,
  `ref_id` varchar(50) NOT NULL,
  `send_date` datetime NOT NULL,
  PRIMARY KEY (`ms_id`),
  KEY `ref_id` (`ref_id`)
) ENGINE=MyISAM AUTO_INCREMENT=10 DEFAULT CHARSET=utf8 COLLATE=utf8_general_ci;

--
-- Dumping data for table `mail_main`
--

INSERT INTO `mail_main` VALUES (8,'3331300217946','รายชื่อนักเรียน','รายชื่อนักเรียนโรงเรียนบ้านนานวล','33313002179461470203655','2016-08-03 12:55:27'),(3,'3349900516062','รายชื่อนักเรียน   ชั้นป.6','รายชื่อนักเรียน   ชั้นป.6','33499005160621466308220','2016-06-19 10:58:37'),(7,'1341500163444','กรอบลายไทย','กรอบลายไทยหลากหลาย','13415001634441470203421','2016-08-03 12:52:21'),(5,'1342200002969','รายชื่อนักเรียน ๒๕๕๙ ป.๑-๖','รายชื่อนักเรียน','13422000029691466405520','2016-06-20 13:53:41'),(6,'3331300217946','ระบบดูแลช่วยเหลือนักเรียน','ระบบดูแลช่วยเหลือนักเรียน สพป.อบ.4','33313002179461470190732','2016-08-03 09:22:05'),(9,'1342200068293','รายละเอียดการจ้างผู้ปฏิบัติบัติงานให้ราชการ ตำแหน่งธุรการโรงเรียน','ธุรการโรงเรียน','13422000682931542295380','2018-11-15 22:52:38');

--
-- Table structure for table `mail_permission`
--

CREATE TABLE `mail_permission` (
  `id` int(11) NOT NULL AUTO_INCREMENT,
  `person_id` varchar(13) NOT NULL,
  `p1` tinyint(4) NOT NULL,
  `officer` varchar(13) NOT NULL,
  `rec_date` date NOT NULL,
  PRIMARY KEY (`id`)
) ENGINE=MyISAM AUTO_INCREMENT=2 DEFAULT CHARSET=utf8 COLLATE=utf8_general_ci;

--
-- Dumping data for table `mail_permission`
--

INSERT INTO `mail_permission` VALUES (1,'1342200068293',1,'1342200068293','2018-11-15');

--
-- Table structure for table `mail_sendto_answer`
--

CREATE TABLE `mail_sendto_answer` (
  `id` int(11) NOT NULL AUTO_INCREMENT,
  `ref_id` varchar(50) NOT NULL,
  `send_to` varchar(13) NOT NULL,
  `answer` tinyint(4) NOT NULL DEFAULT 0,
  `answer_time` datetime NOT NULL,
  PRIMARY KEY (`id`),
  KEY `ref_id` (`ref_id`),
  KEY `send_to` (`send_to`)
) ENGINE=MyISAM AUTO_INCREMENT=32 DEFAULT CHARSET=utf8 COLLATE=utf8_general_ci;

--
-- Dumping data for table `mail_sendto_answer`
--

INSERT INTO `mail_sendto_answer` VALUES (1,'33313002179461466308210','1342200002969',0,'0000-00-00 00:00:00'),(2,'33499005160621466308220','1342200002969',1,'2016-06-19 10:58:58'),(3,'33499005160621466308220','3341500561535',0,'0000-00-00 00:00:00'),(5,'13422000029691466308260','3331300217946',0,'0000-00-00 00:00:00'),(6,'33499005467191466308264','3331300217946',0,'0000-00-00 00:00:00'),(7,'33499005467191466308264','1342200002969',0,'0000-00-00 00:00:00'),(8,'33313002179461466308210','3349900516062',0,'0000-00-00 00:00:00'),(12,'13422000029691466308260','3349900516062',0,'0000-00-00 00:00:00'),(21,'33313002179461470203655','1341500163444',1,'2016-08-03 12:55:48'),(20,'13415001634441470203421','3331300217946',1,'2016-08-03 12:53:23'),(15,'13422000029691466405520','3331300217946',1,'2016-06-20 13:56:41'),(16,'33313002179461470144355','1342200002969',0,'0000-00-00 00:00:00'),(17,'33313002179461470144665','1342200002969',0,'0000-00-00 00:00:00'),(18,'33313002179461470144665','1341500163444',0,'0000-00-00 00:00:00'),(19,'33313002179461470190732','1342200002969',1,'2016-08-03 11:32:37'),(22,'13422000682931542267983','3349900367288',0,'0000-01-01 00:00:00'),(23,'13422000682931542267983','3349900516062',0,'0000-01-01 00:00:00'),(24,'13422000682931542267983','3341501542151',0,'0000-01-01 00:00:00'),(25,'13422000682931542267983','3331300217946',0,'0000-01-01 00:00:00'),(26,'13422000682931542267983','3341500256406',0,'0000-01-01 00:00:00'),(27,'13422000682931542267983','1342200002969',0,'0000-01-01 00:00:00'),(28,'13422000682931542267983','1341500141661',0,'0000-01-01 00:00:00'),(29,'13422000682931542267983','1342200068293',0,'0000-01-01 00:00:00'),(30,'13422000682931542295029','3349900367288',0,'0000-01-01 00:00:00'),(31,'13422000682931542295380','3349900367288',1,'2018-11-18 16:48:58');

--
-- Table structure for table `meeting_main`
--

CREATE TABLE `meeting_main` (
  `id` int(11) NOT NULL AUTO_INCREMENT,
  `room` tinyint(4) NOT NULL,
  `book_date` date NOT NULL,
  `book_date_end` date NOT NULL,
  `start_time` tinyint(4) NOT NULL,
  `finish_time` tinyint(4) NOT NULL,
  `objective` varchar(200) NOT NULL,
  `book_person` varchar(13) NOT NULL,
  `rec_date` datetime NOT NULL,
  `approve` int(11) DEFAULT NULL,
  `reason` varchar(200) DEFAULT NULL,
  `person_num` int(11) NOT NULL,
  `other` varchar(250) NOT NULL,
  `officer` varchar(13) DEFAULT NULL,
  `officer_date` datetime DEFAULT NULL,
  PRIMARY KEY (`id`)
) ENGINE=MyISAM DEFAULT CHARSET=utf8 COLLATE=utf8_general_ci;

--
-- Dumping data for table `meeting_main`
--


--
-- Table structure for table `meeting_permission`
--

CREATE TABLE `meeting_permission` (
  `id` int(11) NOT NULL AUTO_INCREMENT,
  `person_id` varchar(13) NOT NULL,
  `p1` tinyint(4) NOT NULL,
  `officer` varchar(13) NOT NULL,
  `rec_date` date NOT NULL,
  PRIMARY KEY (`id`)
) ENGINE=MyISAM AUTO_INCREMENT=3 DEFAULT CHARSET=utf8 COLLATE=utf8_general_ci;

--
-- Dumping data for table `meeting_permission`
--

INSERT INTO `meeting_permission` VALUES (1,'1342200068293',1,'1342200068293','2018-11-15');

--
-- Table structure for table `meeting_room`
--

CREATE TABLE `meeting_room` (
  `id` int(11) NOT NULL AUTO_INCREMENT,
  `room_code` tinyint(4) NOT NULL,
  `room_name` varchar(100) NOT NULL,
  `active` int(11) NOT NULL DEFAULT 0,
  PRIMARY KEY (`id`)
) ENGINE=MyISAM AUTO_INCREMENT=11 DEFAULT CHARSET=utf8 COLLATE=utf8_general_ci;

--
-- Dumping data for table `meeting_room`
--

INSERT INTO `meeting_room` VALUES (1,1,'ห้องประชุม1',1),(2,2,'ห้องประชุม2',1),(3,3,'ห้องประชุม3',0),(4,4,'หอ้งประชุม4',0),(5,5,'ห้องประชุม5',0),(6,6,'ห้องประชุม6',0),(7,7,'ห้องประชุม7',0),(8,8,'ห้องประชุม8',0),(9,9,'ห้องประชุม9',0),(10,10,'ห้องประชุม10',0);

--
-- Table structure for table `permission_date`
--

CREATE TABLE `permission_date` (
  `id` int(11) NOT NULL AUTO_INCREMENT,
  `person_id` varchar(13) NOT NULL,
  `ref_id` varchar(50) NOT NULL,
  `date` date NOT NULL,
  `rec_date` datetime NOT NULL,
  PRIMARY KEY (`id`)
) ENGINE=MyISAM AUTO_INCREMENT=6 DEFAULT CHARSET=utf8 COLLATE=utf8_general_ci;

--
-- Dumping data for table `permission_date`
--

INSERT INTO `permission_date` VALUES (1,'3349900516062','146631917938307611','2016-06-19','2016-06-19 13:52:59'),(2,'3331300217946','146631920620717934','2016-06-19','2016-06-19 13:53:26'),(3,'1342200068293','15422573937407','2018-11-13','2018-11-15 11:49:53'),(4,'1342200068293','15422573937407','2018-11-15','2018-11-15 11:49:53'),(5,'1342200068293','154354222828146','2018-11-30','2018-11-30 08:43:48');

--
-- Table structure for table `permission_main`
--

CREATE TABLE `permission_main` (
  `id` int(11) NOT NULL AUTO_INCREMENT,
  `person_id` varchar(13) NOT NULL,
  `ref_id` varchar(50) NOT NULL,
  `subject` varchar(150) NOT NULL,
  `place` varchar(150) NOT NULL,
  `vehicle` varchar(150) DEFAULT NULL,
  `document` varchar(150) DEFAULT NULL,
  `no_comment` tinyint(4) NOT NULL DEFAULT 0,
  `grant_person_selected` varchar(13) DEFAULT NULL,
  `rec_date` datetime NOT NULL,
  `comment` varchar(200) DEFAULT NULL,
  `comment_person` varchar(13) DEFAULT NULL,
  `comment_date` datetime DEFAULT NULL,
  `grant_x` tinyint(4) DEFAULT NULL,
  `grant_comment` varchar(200) DEFAULT NULL,
  `grant_person` varchar(13) DEFAULT NULL,
  `grant_date` datetime DEFAULT NULL,
  `report` text DEFAULT NULL,
  `report_date` datetime DEFAULT NULL,
  PRIMARY KEY (`id`),
  UNIQUE KEY `ref_id` (`ref_id`)
) ENGINE=MyISAM AUTO_INCREMENT=5 DEFAULT CHARSET=utf8 COLLATE=utf8_general_ci;

--
-- Dumping data for table `permission_main`
--

INSERT INTO `permission_main` VALUES (1,'3349900516062','146631917938307611','อบรมปฏิบัติการใช้โปรแกรมระบบสนับสนุนการบริหารการจัดการศึกษา(smss)','ห้องประชุมสพป.อบ.4','รถยนต์ส่วนตัว','',0,'3349900367288','2016-06-19 13:52:59',NULL,NULL,NULL,1,'','3349900367288','2018-10-01 10:49:20',NULL,NULL),(2,'3331300217946','146631920620717934','อบรมการปฏิบัติการใช้โปรแกรมระบบสนับสนุนการบริหารการจัดการศึกษา','ห้องประชุม สพป.อบ 4','รถยนต์ส่วนตัว','',0,'','2016-06-19 13:53:26',NULL,NULL,NULL,1,'','3349900367288','2018-11-20 13:26:26',NULL,NULL),(3,'1342200068293','15422573937407','อบรมเจ้าหน้าที่ปฏิบัติงานธุรการ','สำนักงานเขตพื้นที่การศึกษาประถมศึกษาอุบลราชธานีเขต 4','รถประจำทาง','',0,'','2018-11-15 11:49:53',NULL,NULL,NULL,1,'','3349900367288','2018-11-20 13:26:31',NULL,NULL),(4,'1342200068293','154354222828146','อบรม e-GP ','สำนักงานเขตพื้นที่การศึกษาประถมศึกษาอุบลราชธานีเขต 4','รถยนต์','',0,'','2018-11-30 08:43:48',NULL,NULL,NULL,1,'','3349900367288','2018-11-30 11:12:00',NULL,NULL);

--
-- Table structure for table `permission_permission`
--

CREATE TABLE `permission_permission` (
  `id` int(11) NOT NULL AUTO_INCREMENT,
  `person_id` varchar(13) NOT NULL,
  `p1` tinyint(4) NOT NULL,
  `officer` varchar(13) NOT NULL,
  `rec_date` date NOT NULL,
  PRIMARY KEY (`id`)
) ENGINE=MyISAM AUTO_INCREMENT=2 DEFAULT CHARSET=utf8 COLLATE=utf8_general_ci;

--
-- Dumping data for table `permission_permission`
--

INSERT INTO `permission_permission` VALUES (1,'1342200068293',1,'1342200068293','2018-11-15');

--
-- Table structure for table `permission_person_set`
--

CREATE TABLE `permission_person_set` (
  `id` int(11) NOT NULL AUTO_INCREMENT,
  `person_id` varchar(13) NOT NULL,
  `comment_person` varchar(13) DEFAULT NULL,
  `grant_person` varchar(13) DEFAULT NULL,
  `officer` varchar(13) DEFAULT NULL,
  `rec_date` date DEFAULT NULL,
  PRIMARY KEY (`id`),
  UNIQUE KEY `person_id` (`person_id`)
) ENGINE=MyISAM AUTO_INCREMENT=10 DEFAULT CHARSET=utf8 COLLATE=utf8_general_ci;

--
-- Dumping data for table `permission_person_set`
--

INSERT INTO `permission_person_set` VALUES (1,'3349900516062','','3349900367288','1342200068293','2018-11-15'),(2,'3401800115394','','3349900367288','1342200068293','2018-11-15'),(3,'3341501542151','','3349900367288','1342200068293','2018-11-15'),(4,'3349900367288','','3349900367288','1342200068293','2018-11-15'),(5,'1342200002969','','3349900367288','1342200068293','2018-11-15'),(6,'1342200068293','','3349900367288','1342200068293','2018-11-15'),(7,'3331300217946','','3349900367288','1342200068293','2018-11-15'),(8,'1341500141661','','3349900367288','1342200068293','2018-11-15'),(9,'3341500256406','','3349900367288','1342200068293','2018-11-15');

--
-- Table structure for table `person_main`
--

CREATE TABLE `person_main` (
  `id` int(11) NOT NULL AUTO_INCREMENT,
  `person_id` varchar(13) NOT NULL,
  `prename` varchar(20) NOT NULL,
  `name` varchar(50) NOT NULL,
  `surname` varchar(50) NOT NULL,
  `position_code` tinyint(4) NOT NULL,
  `pic` varchar(150) DEFAULT NULL,
  `status` tinyint(4) NOT NULL DEFAULT 0,
  `person_order` tinyint(4) DEFAULT 0,
  `officer` varchar(13) NOT NULL,
  `rec_date` date NOT NULL,
  PRIMARY KEY (`id`),
  UNIQUE KEY `person_id` (`person_id`)
) ENGINE=MyISAM AUTO_INCREMENT=33 DEFAULT CHARSET=utf8 COLLATE=utf8_general_ci;

--
-- Dumping data for table `person_main`
--

INSERT INTO `person_main` VALUES (1,'3349900516062','นาง','อรทัย','คำหล่อ',3,'modules/person/picture/3349900516062.jpg',1,3,'7777','0000-00-00'),(21,'1330800120049','นางสาว','พัชรี','เนียมจันทร์',3,'modules/person/picture/1330800120049.jpg',1,0,'3331300217946','2020-10-14'),(18,'1349900566772','นางสาว','เจนจิรา','ไชยรินทร์',31,'modules/person/picture/1349900566772.jpg',1,0,'1349900566772','2019-03-21'),(5,'3341501542151','นาง','ภคมน','โมราษฎร์',3,'modules/person/picture/3341501542151.jpg',1,3,'7777','0000-00-00'),(6,'3349900367288','นาย','ทองใบ','แก้ววงษา',1,'modules/person/picture/3349900367288.jpg',1,1,'7777','0000-00-00'),(19,'3341500562841','นาย','สมาน','ยอดมาลี',33,'modules/person/picture/3341500562841.jpg',0,0,'1342200068293','2019-09-30'),(17,'1480200086035','นางสาว','พิกุลแก้ว','หกลา',31,'modules/person/picture/1480200086035.jpg',0,0,'1342200068293','2019-02-01'),(16,'1342200068293','นางสาว','รัตนา','ลาวงค์',32,'modules/person/picture/1342200068293.jpg',0,0,'1342200068293','2018-11-15'),(10,'3331300217946','นาง','เอมพิการ์','โชติพันธ์',1,'modules/person/picture/3331300217946.jpg',0,0,'1342200068293','0000-00-00'),(20,'1419900546193','นาย','เอกสิริ ','แก่นศักดิ์ศิริ',11,'',1,11,'1342200068293','2020-08-06'),(14,'3341500256406','นาง','สุภาพร','ไหว้พรหม',3,'',0,0,'3341500256406','2018-09-04'),(22,'1341500274874','นางสาว','กัณฐมณี','สังฆราม',3,'modules/person/picture/1341500274874.jpg',0,0,'3331300217946','2020-12-03'),(23,'1349900734250','นางสาว','ชนาธนาถ','แสนอ้วน',11,'',1,0,'1342200068293','2021-02-23'),(24,'1119900618022','นางสาว','ภรณ์สิภัค','สุวพัฒน์',11,'',1,0,'1342200068293','2021-07-27'),(25,'1342200096688','นาย','โชคชัย','ศาลาแก้ว',3,'modules/person/picture/1342200096688.jpg',0,0,'3341500256406','2021-11-04'),(26,'1330300183947','นางสาว','หทัยรัตน์','อุดหนุน',11,'modules/person/picture/1330300183947.jpg',1,0,'1342200068293','2021-11-09'),(29,'1349901028987','นางสาว','ศิริพัฒน์','กิ่งสุข',31,'',0,0,'1342200068293','2023-08-29'),(30,'3341500535585','นางสาว','จารุณี','ใจภักดี',3,'',0,0,'1342200068293','2024-03-15'),(31,'1341501369241','นางสาว','กรรณิกา ','จำปาเต็ม',4,'',0,0,'1342200068293','2024-04-09'),(32,'1339900575445','นางสาว','สุชาวดี','ชิณวงศ์',4,'',0,0,'1342200068293','2024-08-01');

--
-- Table structure for table `person_permission`
--

CREATE TABLE `person_permission` (
  `id` int(11) NOT NULL AUTO_INCREMENT,
  `person_id` varchar(13) NOT NULL,
  `p1` tinyint(4) NOT NULL,
  `officer` varchar(13) NOT NULL,
  `rec_date` date NOT NULL,
  PRIMARY KEY (`id`)
) ENGINE=MyISAM AUTO_INCREMENT=8 DEFAULT CHARSET=utf8 COLLATE=utf8_general_ci;

--
-- Dumping data for table `person_permission`
--

INSERT INTO `person_permission` VALUES (3,'1342200068293',1,'1342200068293','2018-11-15'),(4,'3331300217946',1,'1342200068293','2019-09-09'),(5,'3341500256406',1,'1342200068293','2019-09-09');

--
-- Table structure for table `person_position`
--

CREATE TABLE `person_position` (
  `id` int(11) NOT NULL AUTO_INCREMENT,
  `position_code` int(11) NOT NULL,
  `position_name` varchar(50) NOT NULL,
  PRIMARY KEY (`id`),
  UNIQUE KEY `position_code` (`position_code`)
) ENGINE=MyISAM AUTO_INCREMENT=20 DEFAULT CHARSET=utf8 COLLATE=utf8_general_ci;

--
-- Dumping data for table `person_position`
--

INSERT INTO `person_position` VALUES (1,1,'ผู้อำนวยการโรงเรียน'),(2,2,'รองผู้อำนวยการโรงเรียน'),(3,3,'ครู'),(4,4,'ครูผู้ช่วย'),(5,11,'พนักงานราชการ(ครูผู้สอน)'),(6,12,'พนักงานราชการ(ครูพี่เลี้ยง)'),(7,13,'พนักงานราชการ(อื่น ๆ)'),(17,41,'ผู้จัดการโรงเรียนเอกชน'),(9,21,'ลูกจ้างประจำ(พนักงานธุรการ)'),(10,22,'ลูกจ้างประจำ(พนักงานขับรถยนต์))'),(11,23,'ลูกจ้างประจำ(ช่างครุภัณฑ์)'),(12,24,'ลูกจ้างประจำ(อื่น ๆ)'),(13,31,'ลูกจ้างชั่วคราว(ครู)'),(14,32,'ลูกจ้างชั่วคราว(เจ้าหน้าที่ธุรการโรงเรียน)'),(15,33,'ลูกจ้างชั่วคราว(นักการภารโรง)'),(16,34,'ลูกจ้างชั่วคราว(อื่น ๆ)'),(18,42,'เจ้าหน้าที่บริหารทั่วไปโรงเรียนเอกชน'),(19,43,'เจ้าหน้าที่อื่น ๆ โรงเรียนเอกชน');

--
-- Table structure for table `plan_acti`
--

CREATE TABLE `plan_acti` (
  `id` int(11) NOT NULL AUTO_INCREMENT,
  `budget_year` int(11) DEFAULT NULL,
  `code_clus` tinyint(4) NOT NULL,
  `code_proj` char(3) NOT NULL DEFAULT '',
  `code_acti` char(6) NOT NULL DEFAULT '',
  `code_approve` char(3) NOT NULL DEFAULT '',
  `budget_acti` decimal(10,2) NOT NULL DEFAULT 0.00,
  `budget_approve` decimal(10,2) NOT NULL DEFAULT 0.00,
  `dayinput` date NOT NULL DEFAULT '0000-00-00',
  `daythai` char(13) NOT NULL DEFAULT '',
  `name_acti` char(150) NOT NULL,
  `owner_acti` char(50) NOT NULL DEFAULT '',
  `id_defalt` char(13) NOT NULL DEFAULT '',
  `dayseri` datetime NOT NULL DEFAULT '0000-00-00 00:00:00',
  `begin_date` date NOT NULL,
  `finish_date` date NOT NULL,
  `stop` tinyint(1) DEFAULT NULL,
  PRIMARY KEY (`id`)
) ENGINE=MyISAM AUTO_INCREMENT=259 DEFAULT CHARSET=utf8 COLLATE=utf8_general_ci;

--
-- Dumping data for table `plan_acti`
--

INSERT INTO `plan_acti` VALUES (1,2559,1,'001','001001','',4000.00,0.00,'0000-00-00','23 ก.ค. 2559','การพัฒนาแหล่งเรียนรู้','','','2016-07-23 11:03:45','2016-07-23','2016-09-30',NULL),(2,2559,2,'002','002002','',5000.00,0.00,'0000-00-00','23 ก.ค. 2559','การบริหารงบประมาณปัจจัยพื้นฐานนักเรียนยากจน','','','2016-07-23 11:03:53','2016-07-23','2016-09-30',NULL),(3,2559,1,'001','001002','',6000.00,0.00,'0000-00-00','23 ก.ค. 2559','การพัฒนาสื่อและนวัตกรรมและเทคโนโลยี','','','2016-07-23 11:06:25','2016-07-23','2016-09-30',NULL),(8,2565,1,'009','009001','108',4000.00,0.00,'2021-11-23','10 พ.ย. 2564','เข้าค่ายพักแรมของลูกเสือสามัญ และเดินทางไกลของลูกเสือสำรอง','','','2021-11-10 14:53:50','2021-10-01','2022-09-30',NULL),(7,2565,1,'006','006001','108',14000.00,0.00,'2021-11-23','10 พ.ย. 2564','จัดหาวัสดุและ ปพ.','','','2021-11-10 14:51:28','2021-10-01','2022-09-30',NULL),(9,2565,4,'010','010001','108',2000.00,0.00,'2021-11-23','10 พ.ย. 2564','เยี่ยมบ้านนักเรียน','','','2021-11-10 14:56:52','2021-10-01','2022-09-30',NULL),(10,2565,4,'011','011001','108',2000.00,0.00,'2021-11-23','10 พ.ย. 2564','กิจกรรมวันไหว้ครู และ  วันสำคัญทางศาสนา','','','2021-11-10 14:59:03','2021-10-01','2022-09-30',NULL),(11,2565,1,'012','012001','108',4000.00,0.00,'2021-11-23','10 พ.ย. 2564','ฝึกทักษะทางวิชาการ และฝึกทักษะทางอาชีพ','','','2021-11-10 15:00:30','2021-10-01','2022-09-30',NULL),(12,2565,1,'013','013001','108',3000.00,0.00,'2021-11-23','10 พ.ย. 2564','การสอนซ่อมเสริม','','','2021-11-10 15:01:12','2021-10-01','2022-09-30',NULL),(13,2565,1,'014','014001','108',2000.00,0.00,'2021-11-23','10 พ.ย. 2564','นิเทศการเรียนการสอน','','','2021-11-10 15:02:17','2021-10-01','2022-09-30',NULL),(14,2565,2,'015','015001','108',519.00,0.00,'2021-11-23','10 พ.ย. 2564','พัฒนาระบบการบริหารงานงบประมาณ','','','2021-11-10 15:03:22','2021-10-01','2022-09-30',NULL),(15,2565,3,'016','016001','108',56000.00,0.00,'2021-11-23','10 พ.ย. 2564','ส่งเสริมพัฒนาศักยภาพครูและบุคลากรทางการศึกษา','','','2021-11-10 15:04:41','2021-10-01','2022-09-30',NULL),(16,2565,4,'017','017001','108',10200.00,0.00,'2022-09-10','10 พ.ย. 2564','ค่าสาธารณูปโภค','','','2021-11-10 15:12:05','2021-10-01','2022-09-30',NULL),(17,2565,4,'018','018001','108',3480.00,0.00,'2021-11-23','10 พ.ย. 2564','ค่าวัสดุอุปกรณ์กีฬา','','','2021-11-10 15:14:46','2021-10-01','2022-09-30',NULL),(18,2565,4,'019','019001','108',1000.00,0.00,'2021-11-23','10 พ.ย. 2564','จัดซื้อวัสดุสำนักงาน','','','2021-11-10 15:15:55','2021-10-01','2022-09-30',NULL),(19,2565,4,'022','022001','118',205501.14,0.00,'2022-09-10','10 พ.ย. 2564','ค่าอาหารกลางวัน','','','2021-11-10 15:16:36','2021-05-01','2022-09-30',NULL),(20,2565,1,'008','008001','108',1000.00,0.00,'2021-11-23','10 พ.ย. 2564','ค่ากระดาษ และหมึกเครื่องปริ้นเตอร์','','','2021-11-10 15:18:40','2021-10-01','2022-09-30',NULL),(21,2565,1,'021','021001','115',18418.00,0.00,'2022-03-07','12 พ.ย. 2564','ค่าอุปกรณ์การเรียน','','','2021-11-12 13:50:27','2021-10-01','2022-09-30',NULL),(22,2565,1,'021','021002','114',0.00,0.00,'2021-11-23','12 พ.ย. 2564','ค่าหนังสือเรียน','','','2021-11-12 14:00:27','2021-10-01','2022-09-30',NULL),(23,2565,1,'021','021003','116',3035.00,0.00,'2022-01-31','12 พ.ย. 2564','ค่าเครื่องแบบนักเรียน','','','2021-11-12 14:01:16','2021-10-01','2022-09-30',NULL),(24,2565,1,'021','021004','117',56785.70,0.00,'2022-03-07','14 พ.ย. 2564','ค่ากิจกรรมพัฒนาผู้เรียน','','','2021-11-14 14:50:10','2021-10-01','2022-09-30',NULL),(25,2565,1,'021','021005','112',47000.00,0.00,'2022-03-03','14 พ.ย. 2564','ค่าปัจจัยพื้นฐานนักเรียนยากจน','','','2021-11-14 14:51:47','2021-10-01','2022-09-30',NULL),(26,2565,1,'021','021006','121',104000.00,0.00,'2022-09-10','14 พ.ย. 2564','ค่า กสศ.','','','2021-11-14 14:52:35','2021-10-01','2022-09-30',NULL),(27,2565,1,'002','002001','108',5981.00,0.00,'2564-11-23','23 พ.ย. 2564','วัสดุการศึกษา','','','2021-11-23 20:48:12','2021-10-01','2022-09-30',NULL),(28,2565,1,'003','003001','108',2000.00,0.00,'2565-03-14','14 มี.ค. 2565','เปิดบ้านปฐมวัย','','','2022-03-14 10:14:54','2021-11-01','2022-09-30',NULL),(29,2565,1,'005','005001','108',17590.00,0.00,'2022-09-10','14 มี.ค. 2565','พัฒนาคุณภาพผู้เรียนประถม','','','2022-03-14 10:18:29','2021-11-01','2022-09-30',NULL),(30,2565,1,'001','001001','108',9402.00,0.00,'2565-03-23','23 มี.ค. 2565','พัฒนาคุณภาพการศึกษาปฐมวัย','','','2022-03-23 18:59:52','2021-10-01','2022-09-30',NULL),(31,2565,1,'007','007001','108',1000.00,0.00,'2565-03-23','23 มี.ค. 2565','ค่าวัสดุ','','','2022-03-23 19:06:01','2021-10-01','2022-09-30',NULL),(32,2565,4,'020','020001','108',7000.00,0.00,'2565-03-23','23 มี.ค. 2565','ส่งเสริมสุขภาพนักเรียน','','','2022-03-23 19:12:48','2021-10-01','2022-09-30',NULL),(33,2565,1,'004','004001','108',2000.00,0.00,'2565-09-10','10 ก.ย. 2565','วัสดุบ้านวิทยาสาศตร์น้อย','','','2022-09-10 19:33:43','2021-10-01','2022-09-30',NULL),(34,2565,4,'041','041001','108',6000.00,0.00,'2022-09-10','10 ก.ย. 2565','จัดหาวัสดุสำนักงาน','','','2022-09-10 20:59:30','2022-05-02','2022-09-30',NULL),(35,2565,4,'042','042001','108',5000.00,0.00,'2022-09-10','10 ก.ย. 2565','ส่งเสริมสุขภาพนักเรียน','','','2022-09-10 21:01:37','2022-05-02','2022-09-30',NULL),(36,2565,4,'043','043001','108',5000.00,0.00,'2022-09-10','10 ก.ย. 2565','ปรับปรุงอาคารสถานที่และภูมิทัศน์','','','2022-09-10 21:03:35','2022-05-02','2022-09-30',NULL),(37,2565,4,'044','044001','118',302400.00,0.00,'2022-09-10','10 ก.ย. 2565','อาหารกลางวัน','','','2022-09-10 21:04:25','2022-05-02','2022-09-30',NULL),(38,2565,1,'031','031001','117',4000.00,0.00,'2022-09-10','10 ก.ย. 2565','เข้าค่ายลูกเสือเนตรนารี','','','2022-09-10 21:05:38','2022-05-02','2022-09-30',NULL),(39,2565,4,'032','032001','108',2000.00,0.00,'2022-09-10','10 ก.ย. 2565','ระบบดูแลช่วยเหลือนักเรียน','','','2022-09-10 21:07:09','2022-05-02','2022-09-30',NULL),(40,2565,4,'033','033001','117',29020.00,0.00,'2022-09-10','10 ก.ย. 2565','พัฒนาแหล่งเรียนรู้','','','2022-09-10 21:08:01','2022-05-02','2022-09-30',NULL),(41,2565,1,'034','034001','117',4000.00,0.00,'2022-09-10','10 ก.ย. 2565','ลดเวลาเรียนเพิ่มเวลารู้','','','2022-09-10 21:09:02','2022-05-02','2022-09-30',NULL),(42,2565,1,'035','035001','108',3000.00,0.00,'2022-09-10','10 ก.ย. 2565','สอนซ่อมเสริม','','','2022-09-10 21:09:40','2022-05-02','2022-09-30',NULL),(43,2565,1,'036','036001','108',2000.00,0.00,'2022-09-10','10 ก.ย. 2565','นิเทศภายใน','','','2022-09-10 21:10:21','2022-05-02','2022-09-30',NULL),(44,2565,2,'037','037001','108',800.00,0.00,'2022-09-10','10 ก.ย. 2565','บริหารงานงบประมาณ','','','2022-09-10 21:11:09','2022-05-02','2022-09-30',NULL),(45,2565,3,'038','038001','108',96000.00,0.00,'2022-09-10','10 ก.ย. 2565','ค่าจ้างครู','','','2022-09-10 21:11:56','2022-05-02','2022-09-30',NULL),(46,2565,4,'039','039001','108',12000.00,0.00,'2022-09-10','10 ก.ย. 2565','ค่าไฟฟ้า','','','2022-09-10 21:12:27','2022-05-02','2022-09-30',NULL),(47,2565,4,'040','040001','108',4000.00,0.00,'2022-09-10','10 ก.ย. 2565','วัสดุกีฬา','','','2022-09-10 21:13:10','2022-05-02','2022-09-30',NULL),(48,2565,1,'023','023001','108',10000.00,0.00,'2022-09-10','10 ก.ย. 2565','พัฒนาคุณภาพการศึกษาปฐมวัย','','','2022-09-10 21:30:49','2022-05-02','2022-09-30',NULL),(49,2565,1,'024','024001','108',10000.00,0.00,'2022-09-10','10 ก.ย. 2565','จัดหาวัสดุการศึกษา','','','2022-09-10 21:32:04','2022-05-02','2022-09-30',NULL),(50,2565,1,'025','025001','108',5000.00,0.00,'2022-09-10','10 ก.ย. 2565','วัสดุเปิดบ้านปฐมวัย','','','2022-09-10 21:32:51','2022-05-02','2022-09-30',NULL),(51,2565,1,'026','026001','108',5000.00,0.00,'2022-09-10','10 ก.ย. 2565','วัสดุบ้านนักวิทยาศาสาตร์น้อย','','','2022-09-10 21:33:38','2022-05-02','2022-09-30',NULL),(52,2565,1,'027','027001','108',25000.00,0.00,'2022-09-10','10 ก.ย. 2565','พัฒนาคุณภาพผู้เรียน','','','2022-09-10 21:34:25','2022-05-02','2022-09-30',NULL),(53,2565,1,'028','028001','108',14000.00,0.00,'2022-09-10','10 ก.ย. 2565','จัดซื้อวัสดุ','','','2022-09-10 21:35:07','2022-05-02','2022-09-30',NULL),(54,2565,1,'029','029001','108',5000.00,0.00,'2022-09-10','10 ก.ย. 2565','พัฒนาระบบสารสนเทศ','','','2022-09-10 21:35:49','2022-05-02','2022-09-30',NULL),(55,2565,1,'030','030001','108',1000.00,0.00,'2022-09-10','10 ก.ย. 2565','ปรับปรุงหลักสูตรสถานศึกษา','','','2022-09-10 21:36:42','2022-05-02','2022-09-30',NULL),(56,2565,1,'045','045001','115',28250.00,0.00,'2022-09-10','10 ก.ย. 2565','ค่าอุปกรณ์การเรียน','','','2022-09-10 21:38:23','2022-05-02','2022-09-30',NULL),(57,2565,1,'045','045002','116',30000.00,0.00,'2022-09-10','10 ก.ย. 2565','ค่าเครื่องแบบนักเรียน','','','2022-09-10 21:39:15','2022-05-02','2022-09-30',NULL),(58,2565,1,'045','045003','114',46868.00,0.00,'2022-09-10','10 ก.ย. 2565','ค่าหนังสือเรียน','','','2022-09-10 21:39:56','2022-05-02','2022-09-30',NULL),(59,2565,1,'045','045004','117',0.00,0.00,'2022-11-15','10 ก.ย. 2565','ค่ากิจกรรมพัฒนาผู้เรียน','','','2022-09-10 21:40:52','2022-05-02','2022-09-30',NULL),(60,2565,1,'045','045005','112',55000.00,0.00,'2022-09-10','10 ก.ย. 2565','ค่าปัจจัยพื้นฐานนักเรียนยากจน','','','2022-09-10 21:42:26','2022-05-02','2022-09-30',NULL),(61,2565,1,'045','045006','121',82000.00,0.00,'2022-09-11','10 ก.ย. 2565','ค่า กสศ.','','','2022-09-10 21:44:28','2022-05-02','2022-09-30',NULL),(62,2565,4,'046','046001','120',10000.00,0.00,'2022-09-11','11 ก.ย. 2565','ป้องกันและแก้ไขยาเสพติด','','','2022-09-11 10:37:02','2022-05-02','2022-09-30',NULL),(63,2566,1,'001','001001','108',14489.00,0.00,'2023-03-27','15 พ.ย. 2565','พัฒนาคุณภาพการศึกษาปฐมวัย','','','2022-11-15 13:40:48','2022-10-01','2023-04-30',NULL),(64,2566,1,'002','002001','108',4000.00,0.00,'2565-11-15','15 พ.ย. 2565','จัดหาวัสดุการศึกษา','','','2022-11-15 13:41:42','2022-10-01','2023-04-30',NULL),(65,2566,1,'003','003001','108',5000.00,0.00,'2565-11-15','15 พ.ย. 2565','วัสดุเปิดบ้านปฐมวัย','','','2022-11-15 13:42:55','2022-10-01','2023-04-30',NULL),(66,2566,1,'004','004001','108',25480.00,0.00,'2023-03-27','15 พ.ย. 2565','พัฒนาคุณภาพผู้เรียน','','','2022-11-15 13:43:55','2022-10-01','2023-04-30',NULL),(67,2566,1,'005','005001','108',1000.00,0.00,'2565-11-15','15 พ.ย. 2565','ปรับปรุงหลักสูตรสถานศึกษา','','','2022-11-15 13:45:05','2022-10-01','2023-04-30',NULL),(68,2566,4,'006','006001','117',11814.70,0.00,'2023-03-14','15 พ.ย. 2565','เข้าค่ายลูกเสือเนตรนารี','','','2022-11-15 13:57:34','2022-10-01','2023-04-30',NULL),(69,2566,4,'007','007001','108',2000.00,0.00,'2023-03-16','15 พ.ย. 2565','ระบบดูแลช่วยเหลือนักเรียน','','','2022-11-15 13:59:44','2022-10-01','2023-04-30',NULL),(70,2566,1,'008','008001','117',29000.00,0.00,'2565-11-15','15 พ.ย. 2565','พัฒนาแหล่งเรียนรู้','','','2022-11-15 14:01:04','2022-10-01','2023-04-30',NULL),(71,2566,1,'009','009001','117',4000.00,0.00,'2565-11-15','15 พ.ย. 2565','ลดเวลาเรียนเพิ่มเวลารู้','','','2022-11-15 14:02:25','2022-10-01','2023-04-30',NULL),(72,2566,3,'010','010001','108',56000.00,0.00,'2022-11-15','15 พ.ย. 2565','ค่าจ้างครู','','','2022-11-15 14:03:33','2022-10-01','2023-04-30',NULL),(73,2566,4,'011','011001','108',7523.34,0.00,'2023-07-16','15 พ.ย. 2565','ค่าไฟฟ้า','','','2022-11-15 14:04:20','2022-10-01','2023-04-30',NULL),(74,2566,4,'012','012001','117',4000.00,0.00,'2022-11-15','15 พ.ย. 2565','วัสดุกีฬา','','','2022-11-15 14:05:08','2022-10-01','2023-04-30',NULL),(75,2566,4,'013','013001','108',5000.00,0.00,'2565-11-15','15 พ.ย. 2565','ส่งเสริมสุขภาพนักเรียน','','','2022-11-15 14:23:48','2022-10-01','2023-04-30',NULL),(76,2566,4,'014','014001','108',4500.00,0.00,'2023-02-13','15 พ.ย. 2565','ปรับปรุงอาคารสถานที่และภูมิทัศน์','','','2022-11-15 14:24:46','2022-10-01','2023-04-30',NULL),(77,2566,4,'015','015001','118',212551.14,0.00,'2023-02-21','15 พ.ย. 2565','ค่าอาหารกลางวัน','','','2022-11-15 14:25:42','2022-10-01','2023-04-30',NULL),(78,2566,4,'016','016001','115',17030.00,0.00,'2022-12-19','15 พ.ย. 2565','ค่าอุปกรณ์การเรียน','','','2022-11-15 14:26:26','2022-10-01','2023-04-30',NULL),(79,2566,4,'016','016002','112',28500.00,0.00,'2023-02-13','15 พ.ย. 2565','ค่าปัจจัยพื้นฐานนักเรียนยากจน','','','2022-11-15 14:29:52','2022-10-01','2023-04-30',NULL),(80,2566,4,'016','016003','121',117000.00,0.00,'2023-07-16','15 พ.ย. 2565','ค่า กสศ.','','','2022-11-15 14:30:48','2022-10-01','2023-04-30',NULL),(81,2566,4,'016','016004','108',3475.00,0.00,'2565-11-15','15 พ.ย. 2565','ค่าดำเนินการสอบนักธรรม','','','2022-11-15 19:28:08','2022-10-01','2023-04-30',NULL),(82,2566,1,'017','017001','108',6000.00,0.00,'2023-12-03','12 ก.ค. 2566','จัดหาสื่อสร้างสรรค์ พัฒนาห้องเรียน','','','2023-07-12 19:05:19','2023-05-01','2023-09-30',NULL),(83,2566,1,'018','018001','108',6000.00,0.00,'2023-12-03','12 ก.ค. 2566','จัดหาจัดซื้ออุปกรณ์ที่จำเป็น','','','2023-07-12 19:08:31','2023-05-01','2023-09-30',NULL),(84,2566,1,'019','019001','108',5000.00,0.00,'2023-12-03','12 ก.ค. 2566','จัดนิทรรศการการแสดงผลงานเด็ก','','','2023-07-12 19:10:15','2023-05-01','2023-09-30',NULL),(85,2566,1,'020','020001','108',5000.00,0.00,'2023-12-03','12 ก.ค. 2566','ค่าอุปกรณ์ที่ใช้ในการทดลองกิจกรรมวิทยาศาสตร์','','','2023-07-12 19:11:58','2023-05-01','2023-09-30',NULL),(86,2566,1,'021','021001','108',33000.00,0.00,'2023-12-03','12 ก.ค. 2566','พัฒนาคุณภาพผู้เรียนระดับประถมศึกษา','','','2023-07-12 19:13:58','2023-05-01','2023-09-30',NULL),(87,2566,1,'022','022001','108',14000.00,0.00,'2566-07-12','12 ก.ค. 2566','จัดหาจัดซื้ออุปกรณ์ที่จำเป็น','','','2023-07-12 19:16:06','2023-05-01','2023-09-30',NULL),(88,2566,4,'023','023001','108',6000.00,0.00,'2566-07-12','12 ก.ค. 2566','พัฒนาระบบสารสนเทศ','','','2023-07-12 19:17:42','2023-05-01','2023-09-30',NULL),(89,2566,1,'024','024001','108',5000.00,0.00,'2566-07-12','12 ก.ค. 2566','ประชุม/สัมมนาปรับปรุงหลักสูตรสถานศึกษา','','','2023-07-12 19:19:25','2023-05-01','2023-09-30',NULL),(90,2566,4,'025','025001','117',5000.00,0.00,'2566-07-12','12 ก.ค. 2566','เดินทางไกลและเข้าค่ายพักแรมลูกเสือเนตรนารี','','','2023-07-12 19:21:05','2023-05-01','2023-09-30',NULL),(91,2566,4,'026','026001','108',4000.00,0.00,'2566-07-12','12 ก.ค. 2566','คัดกรองนักเรียนและเยี่ยมบ้านนักเรียน','','','2023-07-12 19:23:07','2023-05-01','2023-09-30',NULL),(92,2566,4,'027','027001','117',30000.00,0.00,'2566-07-12','12 ก.ค. 2566','พัฒนาแหล่งเรียนรู้','','','2023-07-12 19:24:21','2023-05-01','2023-09-30',NULL),(93,2566,4,'028','028001','117',4000.00,0.00,'2566-07-12','12 ก.ค. 2566','ฝึกทักษะอาชีพ และฝึกทักษะทางวิชาการ','','','2023-07-12 19:26:57','2023-05-01','2023-09-30',NULL),(94,2566,1,'029','029001','108',5000.00,0.00,'2566-07-12','12 ก.ค. 2566','สอนซ่อมเสริม','','','2023-07-12 19:28:18','2023-05-01','2023-09-30',NULL),(95,2566,1,'030','030001','108',5000.00,0.00,'2566-07-12','12 ก.ค. 2566','นิเทศภายใน','','','2023-07-12 19:30:18','2023-05-01','2023-09-30',NULL),(96,2566,2,'031','031001','108',1778.00,0.00,'2566-07-12','12 ก.ค. 2566','จัดหาวัสดุอุปกรณ์จัดเก็บงาน','','','2023-07-12 19:31:47','2023-05-01','2023-09-30',NULL),(97,2566,3,'032','032001','108',96000.00,0.00,'2023-12-03','12 ก.ค. 2566','จ้างบุคลากรเพื่อเพิ่มประสิทธิภาพการจัดการศึกษา','','','2023-07-12 19:33:16','2023-05-01','2023-09-30',NULL),(98,2566,4,'033','033001','108',15000.00,0.00,'2566-07-12','12 ก.ค. 2566','ค่าสาธารณูปโภค','','','2023-07-12 19:34:11','2023-05-01','2023-09-30',NULL),(99,2566,4,'034','034001','117',4542.00,0.00,'2566-07-12','12 ก.ค. 2566','การแข่งขันกีฬานักเรียน','','','2023-07-12 19:35:34','2023-05-01','2023-09-30',NULL),(100,2566,4,'035','035001','108',4000.00,0.00,'2023-12-03','12 ก.ค. 2566','จัดซื้อวัสดุสำนักงาน','','','2023-07-12 19:36:41','2023-05-01','2023-09-30',NULL),(101,2566,4,'036','036001','108',3000.00,0.00,'2023-12-03','12 ก.ค. 2566','จัดหาจัดซื้อวัสดุส่งเสริมสุขภาพนักเรียน','','','2023-07-12 19:38:09','2023-05-01','2023-09-30',NULL),(102,2566,4,'037','037001','108',5000.00,0.00,'2023-12-03','12 ก.ค. 2566','ปรับปรุงอาคารสถานที่และภูมิทัศน์','','','2023-07-12 19:45:03','2023-05-01','2023-09-30',NULL),(103,2566,4,'038','038001','118',405000.00,0.00,'2566-07-12','12 ก.ค. 2566','อาหารกลางวันนักเรียน','','','2023-07-12 19:47:42','2023-05-01','2023-09-30',NULL),(104,2566,4,'039','039001','116',37310.00,0.00,'2023-12-03','12 ก.ค. 2566','ค่าเครื่องแบบนักเรียน','','','2023-07-12 19:52:03','2023-05-01','2023-09-30',NULL),(105,2566,4,'039','039002','115',22523.00,0.00,'2023-12-03','12 ก.ค. 2566','ค่าอุปกรณ์การเรียน','','','2023-07-12 19:52:47','2023-05-01','2023-09-30',NULL),(106,2566,4,'039','039003','114',47177.00,0.00,'2023-07-16','12 ก.ค. 2566','ค่าหนังสือเรียน','','','2023-07-12 19:53:26','2023-05-01','2023-09-30',NULL),(107,2566,4,'039','039004','112',54000.00,0.00,'2023-07-16','16 ก.ค. 2566','ปัจจัยพื้นฐานนักเรียนยากจน','','','2023-07-16 12:19:24','2023-05-01','2023-09-30',NULL),(108,2566,4,'039','039005','121',25000.00,0.00,'2023-08-09','18 ก.ค. 2566','กสศ.','','','2023-07-18 10:54:57','2023-05-01','2023-09-30',NULL),(109,2566,4,'040','040001','120',25000.00,0.00,'2023-11-30','29 พ.ย. 2566','ส่งเสริมพฤติกรรมการคัดแยกขยะและรักษาสิ่งแวดล้อม','','','2023-11-29 20:16:41','2023-05-16','2023-09-29',NULL),(110,2567,1,'001','001001','108',5210.00,0.00,'2023-12-03','3 ธ.ค. 2566','จัดหาสื่อสร้างสรรค์ พัฒนาห้องเรียน','','','2023-12-03 10:21:42','2023-10-02','2024-09-30',NULL),(111,2567,1,'002','002001','108',5000.00,0.00,'2566-12-03','3 ธ.ค. 2566','จัดนิทรรศการแสดงผลงานเด็ก','','','2023-12-03 10:26:11','2023-10-02','2024-04-30',NULL),(112,2567,1,'003','003001','108',31515.00,0.00,'2023-12-03','3 ธ.ค. 2566','พัฒนาคุณภาพผู้เรียนระดับประถมศึกษา','','','2023-12-03 10:29:23','2023-10-02','2024-04-30',NULL),(113,2567,4,'004','004001','108',6000.00,0.00,'2566-12-03','3 ธ.ค. 2566','พัฒนาระบบสารสนเทศ','','','2023-12-03 10:32:13','2023-10-02','2024-04-30',NULL),(114,2567,1,'005','005001','108',5000.00,0.00,'2566-12-03','3 ธ.ค. 2566','ประชุม/สัมมนาปรับปรุงหลักสูตรสถานศึกษา','','','2023-12-03 10:35:08','2023-10-02','2024-04-30',NULL),(115,2567,4,'006','006001','117',5000.00,0.00,'2024-01-30','3 ธ.ค. 2566','เดินทางไกลและเข้าค่ายพักแรมลูกเสือเนตรนารี','','','2023-12-03 10:37:37','2023-10-02','2024-04-30',NULL),(116,2567,4,'007','007001','108',4000.00,0.00,'2566-12-03','3 ธ.ค. 2566','คัดกรองนักเรียนและเยี่ยมบ้านนักเรียน','','','2023-12-03 10:40:17','2023-10-02','2024-04-30',NULL),(117,2567,4,'008','008001','117',24000.00,0.00,'2566-12-03','3 ธ.ค. 2566','พัฒนาแหล่งเรียนรู้','','','2023-12-03 10:42:16','2023-10-02','2024-04-30',NULL),(118,2567,4,'009','009001','117',4750.00,0.00,'2024-02-06','3 ธ.ค. 2566','ฝึกทักษะอาชีพ และฝึกทักษะทางวิชาการ','','','2023-12-03 10:44:49','2023-10-02','2024-04-30',NULL),(119,2567,1,'010','010001','108',5000.00,0.00,'2566-12-03','3 ธ.ค. 2566','นิเทศภายใน','','','2023-12-03 10:47:10','2023-10-02','2024-04-30',NULL),(120,2567,2,'011','011001','108',1778.00,0.00,'2566-12-03','3 ธ.ค. 2566','จัดหาวัสดุอุปกรณ์จัดเก็บงาน','','','2023-12-03 10:50:10','2023-10-02','2024-04-30',NULL),(121,2567,3,'012','012001','108',56000.00,0.00,'2566-12-03','3 ธ.ค. 2566','จ้างบุคลากรเพื่อเพิ่มประสิทธิภาพการจัดการศึกษา','','','2023-12-03 10:53:36','2023-10-02','2024-04-30',NULL),(122,2567,4,'013','013001','108',8682.08,0.00,'2024-04-30','3 ธ.ค. 2566','ค่าสาธารณูปโภค','','','2023-12-03 10:56:11','2023-10-02','2024-04-30',NULL),(123,2567,4,'014','014001','117',4795.00,0.00,'2024-01-24','3 ธ.ค. 2566','การแข่งขันกีฬานักเรียน','','','2023-12-03 10:58:30','2023-10-02','2024-04-30',NULL),(124,2567,4,'015','015001','108',4000.00,0.00,'2566-12-03','3 ธ.ค. 2566','จัดซื้อวัสดุสำนักงาน','','','2023-12-03 11:00:39','2023-10-02','2024-04-30',NULL),(125,2567,4,'016','016001','108',3000.00,0.00,'2566-12-03','3 ธ.ค. 2566','จัดหาจัดซื้อวัสดุส่งเสริมสุขภาพนักเรียน','','','2023-12-03 11:03:37','2023-10-02','2024-04-30',NULL),(126,2567,4,'017','017001','108',8300.00,0.00,'2024-04-30','3 ธ.ค. 2566','ปรับปรุงอาคารสถานที่และภูมิทัศน์','','','2023-12-03 11:06:45','2023-10-02','2024-04-30',NULL),(127,2567,4,'018','018001','118',274633.14,0.00,'2024-03-11','3 ธ.ค. 2566','อาหารกลางวันนักเรียน','','','2023-12-03 11:09:54','2023-10-02','2024-04-30',NULL),(128,2567,4,'019','019001','115',17535.00,0.00,'2566-12-03','3 ธ.ค. 2566','ค่าอุปกรณ์นักเรียน','','','2023-12-03 11:14:02','2023-10-02','2024-04-30',NULL),(129,2567,4,'019','019002','112',46000.00,0.00,'2024-02-21','3 ธ.ค. 2566','ปัจจัยพื้นฐานนักเรียนยากจน','','','2023-12-03 11:16:27','2023-10-02','2024-04-30',NULL),(130,2567,4,'019','019003','121',178000.00,0.00,'2024-01-24','3 ธ.ค. 2566','กสศ','','','2023-12-03 11:17:31','2023-10-02','2024-04-30',NULL),(131,2567,1,'020','020001','108',6000.00,0.00,'2567-05-22','22 พ.ค. 2567','จัดหาสื่อสร้างสรรค์ พัฒนาห้องเรียนสำหรับเด็ก','','','2024-05-22 11:45:12','2024-05-01','2024-09-30',NULL),(132,2567,1,'021','021001','108',6000.00,0.00,'2567-05-22','22 พ.ค. 2567','จัดหาจัดซื้ออุปกรณ์ที่จำเป็นและครงความต้องการ','','','2024-05-22 11:48:06','2024-05-01','2024-09-30',NULL),(133,2567,4,'022','022001','108',5000.00,0.00,'2567-05-22','22 พ.ค. 2567','จัดนิทรรศการแสดงผลงานเด็ก','','','2024-05-22 11:49:46','2024-05-01','2024-09-30',NULL),(134,2567,1,'023','023001','108',5000.00,0.00,'2567-05-22','22 พ.ค. 2567','ค่าอุปกรณ์ที่ใช้ในการทดลองกิจกรรมวิทยาศาสตร์','','','2024-05-22 11:51:48','2024-05-01','2024-09-30',NULL),(135,2567,1,'024','024001','108',30000.00,0.00,'2024-05-22','22 พ.ค. 2567','ยกระดับผลสัมฤทธฺิ์ทางการเรียนทุกกลุ่มสาระการเรียนรู้','','','2024-05-22 11:54:57','2024-05-01','2024-09-30',NULL),(136,2567,1,'025','025001','108',14000.00,0.00,'2567-05-22','22 พ.ค. 2567','จัดสรรงบประมาณให้แก่ห้องเรียนและจัดหาแบบ ปพ.ประจำชั้นเรียน','','','2024-05-22 11:58:40','2024-05-01','2024-09-30',NULL),(137,2567,1,'026','026001','108',6000.00,0.00,'2567-05-22','22 พ.ค. 2567','พัฒนาระบบสารสนเทศ','','','2024-05-22 12:02:08','2024-05-01','2024-09-30',NULL),(138,2567,1,'027','027001','108',5000.00,0.00,'2024-05-22','22 พ.ค. 2567','ปรับปรุงหลักสูตรสถานศึกษา','','','2024-05-22 12:03:38','2024-05-01','2024-09-30',NULL),(139,2567,1,'028','028001','117',5000.00,0.00,'2024-05-22','22 พ.ค. 2567','เข้าค่ายพักแรมลูกเสือเนตรนารี ป.6และเดินทางไกลลูกเสือ ป.1-ป.5','','','2024-05-22 12:07:14','2024-05-01','2024-09-30',NULL),(140,2567,4,'029','029001','108',4000.00,0.00,'2567-05-22','22 พ.ค. 2567','คัดกรอง เยี่ยมบ้าน แนะแนว','','','2024-05-22 12:19:04','2024-05-01','2024-09-30',NULL),(141,2567,1,'030','030001','117',30000.00,0.00,'2567-05-22','22 พ.ค. 2567','พัฒนาแหล่งเรียนรู้','','','2024-05-22 12:25:05','2024-05-01','2024-09-30',NULL),(142,2567,1,'031','031001','117',4000.00,0.00,'2567-05-22','22 พ.ค. 2567','ฝึกทักษะอาชีพ','','','2024-05-22 12:27:53','2024-05-01','2024-09-30',NULL),(143,2567,1,'032','032001','108',5000.00,0.00,'2567-05-22','22 พ.ค. 2567','การสอนซ่อมเสริม','','','2024-05-22 12:28:44','2024-05-01','2024-09-30',NULL),(144,2567,3,'033','033001','108',5000.00,0.00,'2567-05-22','22 พ.ค. 2567','นิเทศการเรียนการสอน','','','2024-05-22 12:49:21','2024-05-01','2024-09-30',NULL),(145,2567,2,'034','034001','108',1328.00,0.00,'2567-05-22','22 พ.ค. 2567','จัดหาวัสดุอุปกรณ์จัดเก็บงาน','','','2024-05-22 12:51:36','2024-05-01','2024-09-30',NULL),(146,2567,3,'035','035001','108',96000.00,0.00,'2567-05-22','22 พ.ค. 2567','จ้างบุคลากรเพื่อเพิ่มประสิทธิภาพการจัดการศึกษา','','','2024-05-22 12:54:43','2024-05-01','2024-09-30',NULL),(147,2567,4,'036','036001','108',15000.00,0.00,'2567-05-22','22 พ.ค. 2567','ค่าสาธารณูปโภค','','','2024-05-22 12:55:48','2024-05-01','2024-09-30',NULL),(148,2567,4,'037','037001','117',4392.00,0.00,'2567-05-22','22 พ.ค. 2567','จัดหาวัสดุและการแข่งขันกีฬาภายในและระดับกลุ่ม','','','2024-05-22 13:00:06','2024-05-01','2024-09-30',NULL),(149,2567,4,'038','038001','108',4000.00,0.00,'2567-05-22','22 พ.ค. 2567','จัดหาวัสดุสำนักงาน','','','2024-05-22 13:01:01','2024-05-01','2024-09-30',NULL),(150,2567,4,'039','039001','108',3000.00,0.00,'2567-05-22','22 พ.ค. 2567','ส่งเสริมสุขภาพนักเรียน','','','2024-05-22 13:02:09','2024-05-01','2024-09-30',NULL),(151,2567,4,'041','041001','118',464335.14,0.00,'2024-06-20','22 พ.ค. 2567','ค่าอาหารกลางวัน','','','2024-05-22 13:03:03','2024-05-01','2024-09-30',NULL),(152,2567,4,'040','040001','108',5000.00,0.00,'2567-05-22','22 พ.ค. 2567','ปรับปรุงอาคารสถานที่และภูมิทัศน์','','','2024-05-22 13:04:56','2024-05-01','2024-09-30',NULL),(153,2567,2,'042','042001','116',42475.00,0.00,'2024-11-25','22 พ.ค. 2567','ค่าเครื่องแบบนักเรียน','','','2024-05-22 13:06:15','2024-05-01','2024-09-30',NULL),(154,2567,2,'042','042002','115',16815.00,0.00,'2024-06-13','22 พ.ค. 2567','ค่าอุปกรณ์การเรียน','','','2024-05-22 13:06:50','2024-05-01','2024-09-30',NULL),(155,2567,2,'042','042003','114',47139.00,0.00,'2024-06-13','22 พ.ค. 2567','ค่าหนังสือเรียน','','','2024-05-22 13:07:41','2024-05-01','2024-09-30',NULL),(156,2567,2,'042','042004','107',27425.00,0.00,'2024-06-13','5 มิ.ย. 2567','เงินประกันสัญญา','','','2024-06-05 19:35:08','2024-05-24','2024-09-30',NULL),(157,2567,2,'042','042005','121',94820.00,0.00,'2567-08-25','25 ส.ค. 2567','กสศ.','','','2024-08-25 10:56:22','2024-05-01','2024-09-30',NULL),(158,2567,2,'042','042006','112',27000.00,0.00,'2024-11-25','31 ส.ค. 2567','ปัจจัยพื้นฐานนักเรียนยากจน','','','2024-08-31 09:25:09','2024-05-01','2024-09-30',NULL),(159,2568,1,'001','001001','108',3000.00,0.00,'2567-11-25','25 พ.ย. 2567','จัดหาสื่อสร้างสรรค์ พัฒนาห้องเรียนสำหรับเด็ก','','','2024-11-25 11:13:09','2024-10-01','2025-09-30',NULL),(160,2568,1,'002','002001','108',2368.00,0.00,'2567-11-25','25 พ.ย. 2567','จัดหาจัดซื้ออุปกรณ์ที่จำเป็นและตรงความต้องการ','','','2024-11-25 11:14:28','2024-10-01','2025-09-30',NULL),(161,2568,1,'003','003001','108',5000.00,0.00,'2567-11-25','25 พ.ย. 2567','จัดนิทรรศการแสดงผลงานเด็ก','','','2024-11-25 11:15:27','2024-10-01','2025-09-30',NULL),(162,2568,1,'004','004001','108',5000.00,0.00,'2567-11-25','25 พ.ย. 2567','ค่าอุปกรณ์ที่ใช้ในการทดลองกิจกรรมวิทยาศาสตร์','','','2024-11-25 11:17:05','2024-10-01','2025-09-30',NULL),(163,2568,1,'005','005001','108',29000.00,0.00,'2567-11-25','25 พ.ย. 2567','ยกระดับผลสัมฤทธิ์ทางการเรียนทุกกลุ่มสาระการเรียนรู้','','','2024-11-25 11:18:27','2024-10-01','2025-09-30',NULL),(164,2568,4,'006','006001','108',6000.00,0.00,'2567-11-25','25 พ.ย. 2567','พัฒนาระบบสารสนเทศ','','','2024-11-25 11:19:13','2024-10-01','2025-09-30',NULL),(165,2568,1,'007','007001','108',5000.00,0.00,'2567-11-25','25 พ.ย. 2567','ปรับปรุงหลักสูตรสถานศึกษา','','','2024-11-25 11:20:05','2024-10-01','2025-09-30',NULL),(166,2568,4,'008','008001','117',3937.00,0.00,'2025-02-16','25 พ.ย. 2567','เข้าค่ายพักแรมลูกเสือเนตรนานรี ป.6และเดินทางไกลลูกเสือ ป.1-ป.5','','','2024-11-25 11:21:34','2024-10-01','2025-09-30',NULL),(167,2568,1,'009','009001','117',20000.00,0.00,'2567-11-25','25 พ.ย. 2567','พัฒนาแหล่งเรียนรู้','','','2024-11-25 11:22:19','2024-10-01','2025-09-30',NULL),(168,2568,1,'010','010001','117',4000.00,0.00,'2567-11-25','25 พ.ย. 2567','ฝึกทักษะอาชีพ','','','2024-11-25 11:23:21','2024-10-01','2025-09-30',NULL),(169,2568,1,'011','011001','108',5000.00,0.00,'2567-11-25','25 พ.ย. 2567','สอนซ่อมเสริม','','','2024-11-25 11:25:07','2024-10-01','2025-09-30',NULL),(170,2568,3,'012','012001','108',56000.00,0.00,'2567-11-25','25 พ.ย. 2567','จ้างบุคลากรเพื่อเพิ่มประสิทธิภาพการจัดการศึกษา','','','2024-11-25 11:26:20','2024-10-01','2025-09-30',NULL),(171,2568,4,'013','013001','108',7486.86,0.00,'2025-02-17','25 พ.ย. 2567','ค่าสาธารณูปโภค','','','2024-11-25 11:27:10','2024-10-01','2025-09-30',NULL),(172,2568,4,'014','014001','117',4392.00,0.00,'2567-11-25','25 พ.ย. 2567','จัดหาวัสดุและการแข่งขันกีฬาภายในและระดับกลุ่ม','','','2024-11-25 11:30:15','2024-10-01','2025-09-30',NULL),(173,2568,4,'015','015001','108',4000.00,0.00,'2567-11-25','25 พ.ย. 2567','จัดหาวัสดุสำนักงาน','','','2024-11-25 11:31:07','2024-10-01','2025-09-30',NULL),(174,2568,4,'016','016001','118',231120.00,0.00,'2025-02-16','25 พ.ย. 2567','ค่าอาหารกลางวัน','','','2024-11-25 11:32:43','2024-10-01','2025-09-30',NULL),(175,2568,4,'017','017001','116',0.00,0.00,'2567-11-25','25 พ.ย. 2567','ค่าเครื่องแบบนักเรียน','','','2024-11-25 11:33:34','2024-10-01','2025-09-30',NULL),(176,2568,4,'017','017002','115',16525.00,0.00,'2025-01-07','25 พ.ย. 2567','ค่าอุปกรณ์การเรียน','','','2024-11-25 11:34:12','2024-10-01','2025-09-30',NULL),(177,2568,4,'017','017003','114',0.00,0.00,'2567-11-25','25 พ.ย. 2567','ค่าหนังสือเรียน','','','2024-11-25 11:34:41','2024-10-01','2025-09-30',NULL),(178,2568,4,'017','017004','112',27000.00,0.00,'2025-02-16','25 พ.ย. 2567','ค่าปัจจัยพื้นฐานนักเรียนยากจน','','','2024-11-25 11:35:29','2024-10-01','2025-09-30',NULL),(179,2568,4,'017','017005','121',171700.00,0.00,'2025-01-31','25 พ.ย. 2567','กสศ.','','','2024-11-25 11:36:07','2024-10-01','2025-09-30',NULL),(180,2568,4,'017','017006','107',27425.00,0.00,'2567-11-25','25 พ.ย. 2567','เงินประกันสัญญา','','','2024-11-25 11:36:55','2024-10-01','2025-09-30',NULL),(181,2568,4,'018','018001','108',3892.00,0.00,'2568-03-27','27 มี.ค. 2568','ปรับปรุงอาคารสถานที่และภูมิทัศน์','','','2025-03-27 10:25:25','2024-10-01','2025-09-30',NULL),(182,2568,1,'019','019001','108',3000.00,0.00,'2568-07-23','23 ก.ค. 2568','จัดหาสื่อสร้างสรรค์ พัฒนาห้องเรียนสำหรับเด็ก','','','2025-07-23 13:52:44','2025-05-01','2025-09-30',NULL),(183,2568,4,'020','020001','108',4800.00,0.00,'2568-07-23','23 ก.ค. 2568','จัดหาจัดซื้ออุปกรณ์ที่จำเป็นและตรงความต้องการ','','','2025-07-23 13:56:29','2025-05-01','2025-09-30',NULL),(184,2568,1,'021','021001','108',3000.00,0.00,'2568-07-23','23 ก.ค. 2568','จัดนิทรรศการแสดงผลงานเด็ก และวันเด็กแห่งชาติ','','','2025-07-23 14:01:21','2025-05-01','2025-09-30',NULL),(185,2568,1,'022','022001','108',3000.00,0.00,'2568-07-23','23 ก.ค. 2568','ค่าอุปกรณ์ที่ใช้ในการทดลองกิจกรรมวิทยาศาสตร์','','','2025-07-23 14:02:45','2025-05-01','2025-09-30',NULL),(186,2568,4,'023','023001','117',12250.00,0.00,'2568-07-23','23 ก.ค. 2568','พัฒนาแหล่งเรียนรู้','','','2025-07-23 14:03:38','2025-05-01','2025-09-30',NULL),(187,2568,3,'024','024001','108',48000.00,0.00,'2568-07-23','23 ก.ค. 2568','จ้างบุคลากรเพื่อเพิ่มประสิทธิภาพการจัดการศึกษา','','','2025-07-23 14:04:54','2025-05-01','2025-09-30',NULL),(188,2568,1,'025','025001','108',10000.00,0.00,'2568-07-23','23 ก.ค. 2568','ยกระดับผลสัมฤทธิ์ทางการเรียนทุกกลุ่มสาระการเรียนรู้','','','2025-07-23 14:06:41','2025-05-01','2025-09-30',NULL),(189,2568,1,'025','025002','108',8000.00,0.00,'2568-07-23','23 ก.ค. 2568','ประกวดกิจกรรม','','','2025-07-23 14:07:21','2025-05-01','2025-09-30',NULL),(190,2568,1,'025','025003','108',8000.00,0.00,'2568-07-23','23 ก.ค. 2568','ค่ายวิชาการ','','','2025-07-23 14:07:51','2025-05-01','2025-09-30',NULL),(191,2568,1,'025','025004','108',4000.00,0.00,'2568-07-23','23 ก.ค. 2568','โรงเรียนต้านทุจริต','','','2025-07-23 14:08:36','2025-05-01','2025-09-30',NULL),(192,2568,4,'026','026001','108',14000.00,0.00,'2025-11-13','23 ก.ค. 2568','จัดหา จัดซื้ออุปกรณ์ที่จำเป็นและความต้องการของแต่ละห้อง','','','2025-07-23 14:10:16','2025-05-01','2025-09-30',NULL),(193,2568,4,'027','027001','108',6000.00,0.00,'2568-07-23','23 ก.ค. 2568','พัฒนาระบบสารสนเทศ','','','2025-07-23 14:11:09','2025-05-01','2025-09-30',NULL),(194,2568,1,'028','028001','108',2000.00,0.00,'2568-07-23','23 ก.ค. 2568','ปรับปรุงหลักสูตรสถานศึกษา','','','2025-07-23 14:12:36','2025-05-01','2025-09-30',NULL),(195,2568,4,'029','029001','117',3000.00,0.00,'2568-07-23','23 ก.ค. 2568','เข้าค่ายพักแรมลูกเสือเนตรนารี ป.6','','','2025-07-23 14:13:49','2025-05-01','2025-09-30',NULL),(196,2568,4,'029','029002','117',2000.00,0.00,'2025-11-13','23 ก.ค. 2568','เดินทางไกลลูกเสือเนตรนารี ป.1-ป.5','','','2025-07-23 14:14:48','2025-05-01','2025-09-30',NULL),(197,2568,4,'030','030001','108',4000.00,0.00,'2568-07-23','23 ก.ค. 2568','คัดกรอง เยี่ยมบ้านนักเรียน แนะแนว','','','2025-07-23 14:16:39','2025-05-01','2025-09-30',NULL),(198,2568,4,'031','031001','117',12750.00,0.00,'2568-07-23','23 ก.ค. 2568','พัฒนาแหล่งเรียนรู้','','','2025-07-23 14:17:40','2025-05-01','2025-09-30',NULL),(199,2568,1,'032','032001','117',4000.00,0.00,'2025-07-23','23 ก.ค. 2568','ฝึกทักษะอาชีพ','','','2025-07-23 14:18:37','2025-05-01','2025-09-30',NULL),(200,2568,1,'033','033001','108',5000.00,0.00,'2568-07-23','23 ก.ค. 2568','การสอนซ่อมเสริม','','','2025-07-23 14:20:08','2025-05-01','2025-09-30',NULL),(201,2568,1,'034','034001','108',5000.00,0.00,'2568-07-23','23 ก.ค. 2568','จัดทำตาราง คู่มือและเครื่องมือการนิเทศการเรียนการสอน การเยี่ยมชั้นเรียนและกิจกรรม PLC','','','2025-07-23 14:23:16','2025-05-01','2025-09-30',NULL),(202,2568,2,'035','035001','108',3312.00,0.00,'2568-07-23','23 ก.ค. 2568','จัดหาวัสดุ อุปกรณ์จัดเก็บงาน','','','2025-07-23 14:24:15','2025-05-01','2025-09-30',NULL),(203,2568,3,'036','036001','108',48000.00,0.00,'2568-07-23','23 ก.ค. 2568','จ้างบุคลากรเพื่อเพิ่มประสิทธิภาพการจัดการศึกษา','','','2025-07-23 14:25:23','2025-05-01','2025-09-30',NULL),(204,2568,4,'037','037001','108',15073.12,0.00,'2568-07-23','23 ก.ค. 2568','ค่าสาธ่ารณูปโภค','','','2025-07-23 14:26:29','2025-05-01','2025-09-30',NULL),(205,2568,4,'038','038001','117',6294.00,0.00,'2568-07-23','23 ก.ค. 2568','ค่าวัสดุอุปกรณ์กีฬาและการแข่งขันกีฬาภายในและระดับกลุ่ม','','','2025-07-23 14:28:56','2025-05-01','2025-09-30',NULL),(206,2568,4,'039','039001','108',4000.00,0.00,'2568-07-23','23 ก.ค. 2568','จัดหาวัสดุสำนักงาน','','','2025-07-23 14:30:01','2025-05-01','2025-09-30',NULL),(207,2568,4,'040','040001','108',3000.00,0.00,'2568-07-23','23 ก.ค. 2568','ส่งเสริมสุขภาพนักเรียน','','','2025-07-23 14:31:12','2025-05-01','2025-09-30',NULL),(208,2568,4,'041','041001','118',214650.00,0.00,'2025-11-11','23 ก.ค. 2568','ค่าอาหารกลางวัน','','','2025-07-23 14:32:08','2025-05-01','2025-09-30',NULL),(209,2568,4,'042','042001','108',5000.00,0.00,'2568-07-23','23 ก.ค. 2568','การปรับปรุงภูมิทัศน์','','','2025-07-23 14:33:20','2025-05-01','2025-09-30',NULL),(210,2568,4,'043','043001','117',1000.00,0.00,'2568-07-23','23 ก.ค. 2568','บริการเทคโนโลยีสารสนเทศ ICT','','','2025-07-23 14:34:32','2025-05-01','2025-09-30',NULL),(211,2568,4,'045','045001','108',1000.00,0.00,'2568-07-23','23 ก.ค. 2568','โรงเรียนคุณธรรม','','','2025-07-23 14:36:03','2025-05-01','2025-09-30',NULL),(212,2568,1,'044','044001','116',29325.00,0.00,'2025-07-23','23 ก.ค. 2568','ค่าเครื่องแบบนักเรียน','','','2025-07-23 17:25:35','2025-05-01','2025-09-30',NULL),(213,2568,1,'044','044002','115',15285.00,0.00,'2568-07-23','23 ก.ค. 2568','ค่าอุปกรณ์การเรียน','','','2025-07-23 17:26:26','2025-05-01','2025-09-30',NULL),(214,2568,4,'046','046001','102',7114.29,0.00,'2025-08-05','23 ก.ค. 2568','เงินบริจาค','','','2025-07-23 21:20:14','2025-05-01','2025-09-30',NULL),(215,2568,1,'044','044003','114',43357.00,0.00,'2568-07-23','23 ก.ค. 2568','ค่าหนังสือเรียน','','','2025-07-23 22:53:02','2025-05-01','2025-09-30',NULL),(216,2568,1,'044','044004','112',25000.00,0.00,'2025-11-11','23 ก.ค. 2568','ปัจจัยพื้นฐานนักเรียนยากจน','','','2025-07-23 22:55:25','2025-05-01','2025-09-30',NULL),(217,2568,1,'044','044005','121',136240.00,0.00,'2025-11-11','23 ก.ค. 2568','เงิน กสศ','','','2025-07-23 22:58:18','2025-05-01','2025-09-30',NULL),(218,2568,1,'044','044006','107',27425.00,0.00,'2025-08-05','23 ก.ค. 2568','เงินประกันสัญญา','','','2025-07-23 22:59:06','2025-05-01','2025-09-30',NULL),(219,2568,1,'044','044007','103',522.74,0.00,'2025-11-11','23 ก.ค. 2568','เงินภาษีหัก ณ ที่จ่าย','','','2025-07-23 22:59:56','2025-05-01','2025-09-30',NULL),(220,2569,1,'001','001001','108',3000.00,0.00,'2568-11-11','11 พ.ย. 2568','จัดหาสื่อสร้างสรรค์ พัฒนาห้องเรียนสำหรับเด็ก','','','2025-11-11 21:44:16','2025-10-01','2026-09-30',NULL),(221,2569,1,'002','002001','108',4800.00,0.00,'2025-11-12','11 พ.ย. 2568','จัดหาจัดซื้ออุปกรณ์ที่จำเป็นและตรงตามความต้องการ','','','2025-11-11 21:45:34','2025-10-01','2026-09-30',NULL),(222,2569,1,'003','003001','108',3000.00,0.00,'2568-11-11','11 พ.ย. 2568','ค่าอุปกรณ์ที่ใช้ในการทดลองกิจกรรมวิทยาศาสตร์','','','2025-11-11 21:46:44','2025-10-01','2026-09-30',NULL),(223,2569,2,'004','004001','117',12250.00,0.00,'2568-11-11','11 พ.ย. 2568','พัฒนาแหล่งเรียนรู้','','','2025-11-11 21:47:35','2025-10-01','2026-09-30',NULL),(224,2569,3,'005','005001','108',28000.00,0.00,'2568-11-11','11 พ.ย. 2568','จ้างบุคลากรเพื่อเพิ่มประสิทธิภาพการจัดการศึกษา','','','2025-11-11 21:48:48','2025-10-01','2026-09-30',NULL),(225,2569,1,'006','006001','109',10000.00,0.00,'2025-11-12','11 พ.ย. 2568','ยกระดับผลสัมฤทธิ์ทางการเรียนทุกกลุ่มสาระการเรียนรู้','','','2025-11-11 21:50:38','2025-10-01','2026-09-30',NULL),(226,2569,1,'006','006002','109',4500.00,0.00,'2025-11-12','11 พ.ย. 2568','ประกวดกิจกรรม','','','2025-11-11 21:51:18','2025-10-01','2026-09-30',NULL),(227,2569,1,'006','006003','109',2000.00,0.00,'2025-11-12','11 พ.ย. 2568','ค่ายวิชาการ','','','2025-11-11 21:51:49','2025-10-01','2026-09-30',NULL),(228,2569,1,'006','006004','109',4000.00,0.00,'2025-11-12','11 พ.ย. 2568','โรงเรียนต้านทุจริต','','','2025-11-11 21:53:08','2025-10-01','2026-09-30',NULL),(229,2569,4,'007','007001','109',14000.00,0.00,'2025-11-12','11 พ.ย. 2568','จัดหา จัดซื้ออุปกรณ์ที่จำเป็นและความต้องการของแต่ละห้อง','','','2025-11-11 21:54:16','2025-10-01','2026-09-30',NULL),(230,2569,4,'008','008001','109',6000.00,0.00,'2025-11-12','11 พ.ย. 2568','พัฒนาระบบสารสนเทศ','','','2025-11-11 21:55:03','2025-10-01','2026-09-30',NULL),(231,2569,1,'009','009001','109',2000.00,0.00,'2025-11-12','11 พ.ย. 2568','ปรับปรุงหลักสูตรสถานศึกษา','','','2025-11-11 21:55:45','2025-10-01','2026-09-30',NULL),(232,2569,1,'010','010001','117',3000.00,0.00,'2568-11-11','11 พ.ย. 2568','เข้าค่ายพักแรมลูกเสือเนตรนารี ป.6','','','2025-11-11 21:57:25','2025-10-01','2026-09-30',NULL),(233,2569,1,'010','010002','117',2000.00,0.00,'2568-11-11','11 พ.ย. 2568','เดินทางไกลลูกเสือเนตรนารี ป.1-ป.5','','','2025-11-11 21:58:41','2025-10-01','2026-09-30',NULL),(234,2569,4,'011','011001','117',12750.00,0.00,'2568-11-11','11 พ.ย. 2568','พัฒนาแหล่งเรียนรู้','','','2025-11-11 21:59:48','2025-10-01','2026-09-30',NULL),(235,2569,1,'012','012001','117',4000.00,0.00,'2568-11-11','11 พ.ย. 2568','ฝึกทักษะอาชีพ','','','2025-11-11 22:00:29','2025-10-01','2026-09-30',NULL),(236,2569,1,'013','013001','109',5000.00,0.00,'2025-11-12','11 พ.ย. 2568','การสอนซ่อมเสริม','','','2025-11-11 22:01:06','2025-10-01','2026-09-30',NULL),(237,2569,3,'014','014001','109',5000.00,0.00,'2025-11-12','11 พ.ย. 2568','จัดทำตาราง คู่มือและเครื่องมือการนิเทศการเรียนการสอน การเยี่ยมชั้นเรียนและกิจกรรม PLC','','','2025-11-11 22:02:44','2025-10-01','2026-09-30',NULL),(238,2569,2,'015','015001','109',3312.00,0.00,'2025-11-12','11 พ.ย. 2568','จัดหาวัสดุ อุปกรณ์จัดเก็บงาน','','','2025-11-11 22:03:36','2025-10-01','2026-09-30',NULL),(239,2569,2,'016','016001','109',28000.00,0.00,'2025-11-12','11 พ.ย. 2568','จ้างบุคลากรเพื่อเพิ่มประสิทธิภาพการจัดการศึกษา','','','2025-11-11 22:04:38','2025-10-01','2026-09-30',NULL),(240,2569,4,'017','017001','109',7933.03,0.00,'2025-11-12','11 พ.ย. 2568','ค่าสาธารณูปโภค','','','2025-11-11 22:05:17','2025-10-01','2026-09-30',NULL),(241,2569,4,'018','018001','117',3364.00,0.00,'2568-11-11','11 พ.ย. 2568','ค่าวัสดุอุปกรณ์กีฬาและการแข่งขันกีฬาภายในและระดับกลุ่ม','','','2025-11-11 22:07:00','2025-10-01','2026-09-30',NULL),(242,2569,4,'019','019001','109',4000.00,0.00,'2025-11-12','11 พ.ย. 2568','จัดหาวัสดุสำนักงาน','','','2025-11-11 22:07:41','2025-10-01','2026-09-30',NULL),(243,2569,4,'020','020001','109',3000.00,0.00,'2025-11-12','11 พ.ย. 2568','ส่งเสริมสุขภาพนักเรียน','','','2025-11-11 22:08:25','2025-10-01','2026-09-30',NULL),(244,2569,4,'021','021001','109',5000.00,0.00,'2025-11-12','11 พ.ย. 2568','การปรับปรุงภูมิทัศน์','','','2025-11-11 22:09:12','2025-10-01','2026-09-30',NULL),(245,2569,4,'022','022001','117',1000.00,0.00,'2568-11-11','11 พ.ย. 2568','บริการเทคโนโลยีสารสนเทศ ICT','','','2025-11-11 22:10:06','2025-10-01','2026-09-30',NULL),(246,2569,2,'024','024001','118',105300.00,0.00,'2568-11-11','11 พ.ย. 2568','ค่าอาหารกลางวัน','','','2025-11-11 22:10:42','2025-10-01','2026-09-30',NULL),(247,2569,2,'025','025001','102',20118.30,0.00,'2025-11-12','11 พ.ย. 2568','เงินบริจาค','','','2025-11-11 22:11:48','2025-10-01','2026-09-30',NULL),(248,2569,3,'023','023001','115',11190.00,0.00,'2025-11-12','11 พ.ย. 2568','ค่าอุปกรณ์การเรียน','','','2025-11-11 22:13:01','2025-10-01','2026-09-30',NULL),(249,2569,3,'023','023002','116',10400.00,0.00,'2568-11-11','11 พ.ย. 2568','ค่าเครื่องแบบนักเรียน','','','2025-11-11 22:14:09','2025-10-01','2026-09-30',NULL),(250,2569,3,'023','023003','112',0.00,0.00,'2568-11-11','11 พ.ย. 2568','ปัจจัยพื้นฐานนักเรียนยากจน','','','2025-11-11 22:15:16','2025-10-01','2026-09-30',NULL),(251,2569,3,'023','023004','121',296.44,0.00,'2025-11-12','11 พ.ย. 2568','เงิน กสศ.','','','2025-11-11 22:16:25','2025-10-01','2026-09-30',NULL),(252,2569,3,'023','023005','107',24800.00,0.00,'2568-11-11','11 พ.ย. 2568','เงินประกันสัญญา','','','2025-11-11 22:17:24','2025-10-01','2026-09-30',NULL),(253,2569,3,'023','023006','103',367.66,0.00,'2025-11-12','11 พ.ย. 2568','เงินภาษีหัก ณ ที่จ่าย','','','2025-11-11 22:18:26','2025-10-01','2026-09-30',NULL),(254,2569,4,'026','026001','120',3000.00,0.00,'2568-11-12','12 พ.ย. 2568','ค่าวัสดุ','','','2025-11-12 09:52:48','2025-10-01','2026-09-30',NULL),(255,2569,4,'026','026002','120',5610.00,0.00,'2568-11-12','12 พ.ย. 2568','ค่าป้ายไวนิล','','','2025-11-12 09:53:21','2025-10-01','2026-09-30',NULL),(256,2569,4,'026','026003','120',4590.00,0.00,'2568-11-12','12 พ.ย. 2568','ค่าอาหารและค่าเบรค','','','2025-11-12 09:55:47','2025-10-01','2026-09-30',NULL),(257,2569,4,'026','026004','120',1800.00,0.00,'2568-11-12','12 พ.ย. 2568','ค่าวิทยากร','','','2025-11-12 09:56:23','2025-10-01','2026-09-30',NULL),(258,2569,3,'023','023007','122',516.41,0.00,'2568-11-12','12 พ.ย. 2568','เงินกองทุนเพื่อโครงการอาหารกลางวันฯ','','','2025-11-12 15:27:04','2025-10-01','2026-09-30',NULL);

--
-- Table structure for table `plan_permission`
--

CREATE TABLE `plan_permission` (
  `id` int(11) NOT NULL AUTO_INCREMENT,
  `id_person` char(13) NOT NULL DEFAULT '',
  `name_perm` char(40) NOT NULL DEFAULT '',
  `password_new` char(4) NOT NULL DEFAULT '',
  `password_old` char(4) NOT NULL DEFAULT '',
  `perm_view` char(1) NOT NULL DEFAULT '',
  `perm_read` char(1) NOT NULL DEFAULT '',
  `perm_add` char(1) NOT NULL DEFAULT '',
  `perm_edit` char(1) NOT NULL DEFAULT '',
  `perm_dele` char(1) NOT NULL DEFAULT '',
  `comment` char(1) NOT NULL DEFAULT '',
  `moderate` char(1) NOT NULL DEFAULT '',
  `admin` char(1) NOT NULL DEFAULT '',
  `id_defalt` char(13) NOT NULL DEFAULT '',
  PRIMARY KEY (`id`),
  UNIQUE KEY `id_person` (`id_person`)
) ENGINE=MyISAM AUTO_INCREMENT=11 DEFAULT CHARSET=utf8 COLLATE=utf8_general_ci;

--
-- Dumping data for table `plan_permission`
--

INSERT INTO `plan_permission` VALUES (3,'3331300217946','นางเอมพิการ์  โชติพันธ์','7946','7946','0','0','1','0','0','0','0','0','3331300217946'),(5,'3341500256406','นางสุภาพร  ไหว้พรหม','6406','6406','0','0','1','1','1','0','0','0','3341500256406'),(10,'3341500535585','นางสาวจารุณี  ใจภักดี','5585','5585','0','0','1','0','0','0','0','0','3341500535585');

--
-- Table structure for table `plan_proj`
--

CREATE TABLE `plan_proj` (
  `id` int(11) NOT NULL AUTO_INCREMENT,
  `budget_year` int(11) DEFAULT NULL,
  `code_clus` tinyint(4) NOT NULL,
  `code_tegy` char(1) NOT NULL DEFAULT '',
  `code_proj` char(3) NOT NULL DEFAULT '',
  `budget_proj` double NOT NULL DEFAULT 0,
  `budget_approve` double NOT NULL DEFAULT 0,
  `name_proj` varchar(250) NOT NULL DEFAULT '',
  `owner_proj` varchar(50) NOT NULL DEFAULT '',
  `file_detail` varchar(100) NOT NULL DEFAULT '',
  `dayrec` datetime NOT NULL DEFAULT '0000-00-00 00:00:00',
  `eval_tegy` varchar(250) NOT NULL DEFAULT '',
  `eval_activity` longtext NOT NULL,
  `eval_result` longtext NOT NULL,
  `eval_obstacle` longtext NOT NULL,
  `eval_particular` varchar(100) NOT NULL DEFAULT '',
  `begin_date` date NOT NULL,
  `finish_date` date NOT NULL,
  `allow_edit` char(1) NOT NULL DEFAULT '',
  PRIMARY KEY (`id`)
) ENGINE=MyISAM AUTO_INCREMENT=207 DEFAULT CHARSET=utf8 COLLATE=utf8_general_ci;

--
-- Dumping data for table `plan_proj`
--

INSERT INTO `plan_proj` VALUES (1,2559,1,'','001',20000,0,'การจัดประสบการณ์ให้นักเรียนมีความรู้ความสามารถตามหลักสูตร','3331300217946','','2018-11-12 14:52:51','','','','','','2016-07-23','2016-09-30',''),(2,2559,2,'','002',10000,0,'การบริหารงบประมาณให้เกิดประสิทธิภาพ','3349900516062','','2016-07-23 10:47:15','','','','','','2016-07-23','2016-09-30',''),(3,2559,2,'','003',10000,0,'การบริหารงานงบประมาณให้เกิดประสิทธิภาพ','3349900516062','','2016-07-23 10:48:26','','','','','','2016-07-23','2016-09-30',''),(27,2565,4,'6','022',205501.14,0,'โครงการอาหารกลางวันนักเรียน','3331300217946','','2021-11-10 14:12:06','','','','','','2021-10-01','2022-09-30',''),(6,2565,1,'3','001',9402,0,'พัฒนาคุณภาพการศึกษาปฐมวัยส่งเสริมสุขภาพนักเรียน','1341500274874','','2021-11-10 09:04:08','','','','','','2021-10-01','2022-09-30',''),(7,2565,1,'5','002',5981,0,'จัดหาวัสดุการศึกษา(รายหัวปฐมวัย)','1341500274874','','2021-11-10 09:06:06','','','','','','2021-10-01','2022-09-30',''),(8,2565,1,'1','003',2000,0,'เปิดบ้านปฐมวัย','1341500274874','','2021-11-10 09:07:07','','','','','','2021-10-01','2022-09-30',''),(9,2565,1,'1','004',2000,0,'บ้านนักวิทยาศาสตร์น้อย','1341500274874','','2021-11-10 09:08:08','','','','','','2021-10-01','2022-09-30',''),(10,2565,1,'3','005',17590,0,'พัฒนาคุณภาพผู้เรียนระดับประถมศึกษา','1330800120049','','2021-11-10 09:09:18','','','','','','2021-10-01','2022-09-30',''),(11,2565,1,'5','006',14000,0,'จัดซื้อวัสดุระดับประถมศึกษา','3341500256406','','2021-11-10 09:10:17','','','','','','2021-10-01','2022-09-30',''),(12,2565,1,'6','007',1000,0,'พัฒนาระบบสารสนเทศ','1349900566772','','2021-11-10 09:11:04','','','','','','2021-10-01','2022-09-30',''),(13,2565,1,'6','008',1000,0,'ปรับปรุงหลักสูตรสถานศึกษา','1480200086035','','2021-11-10 09:12:05','','','','','','2021-10-01','2022-09-30',''),(14,2565,1,'3','009',4000,0,'ลูกเสือเนตรนารี','3331300217946','','2021-11-10 09:13:07','','','','','','2021-10-01','2022-09-30',''),(15,2565,4,'5','010',2000,0,'ระบบดูแลช่วยเหลือนักเรียน','1330800120049','','2021-11-10 09:14:01','','','','','','2021-10-01','2022-09-30',''),(16,2565,4,'2','011',2000,0,'พัฒนาแหล่งเรียนรู้และจัดกิจกรรมวันสำคัญ','3341500256406','','2021-11-10 09:15:28','','','','','','2021-10-01','2022-09-30',''),(17,2565,1,'1','012',4000,0,'ลดเวลาเรียน เพิ่มเวลารู้','1349900566772','','2021-11-10 09:16:40','','','','','','2021-10-01','2022-09-30',''),(18,2565,1,'2','013',3000,0,'สอนซ่อมเสริม','3341500256406','','2021-11-10 09:17:48','','','','','','2021-10-01','2022-09-30',''),(19,2565,1,'5','014',2000,0,'นิเทศภายใน','1330800120049','','2021-11-10 09:18:32','','','','','','2021-10-01','2022-09-30',''),(20,2565,2,'6','015',519,0,'พัฒนาระบบการบริหารงานงบประมาณ','3341500256406','','2021-11-10 09:19:31','','','','','','2021-10-01','2022-09-30',''),(21,2565,3,'3','016',56000,0,'ส่งเสริมพัฒนาศักยภาพครูและบุคลากรทางการศึกษา','3331300217946','','2021-11-10 09:20:51','','','','','','2021-10-01','2022-09-30',''),(22,2565,4,'6','017',10200,0,'พัฒนาระบบสาธารณุปโภค','3341500256406','','2021-11-10 09:21:40','','','','','','2021-10-01','2022-09-30',''),(23,2565,4,'2','018',3480,0,'กีฬานักเรียน','1330800120049','','2021-11-10 09:22:40','','','','','','2021-10-01','2022-09-30',''),(24,2565,4,'6','019',1000,0,'จัดซื้อวัสดุสำนักงาน','3341500256406','','2021-11-10 09:23:35','','','','','','2021-10-01','2022-09-30',''),(25,2565,4,'5','020',7000,0,'ส่งเสริมสุขภาพนักเรียน','1330800120049','','2021-11-10 09:24:43','','','','','','2021-10-01','2022-09-30',''),(26,2565,1,'4','021',229238.7,0,'สนับสนุนค่าใช้จ่ายในการจัดการศึกษา','3331300217946','','2021-11-10 09:26:02','','','','','','2021-10-01','2022-09-30',''),(28,2565,1,'5','023',10000,0,'พัฒนาคูณภาพการศึกษาปฐมวัยส่งเสริมสุขภาพนักเรียน','1330300183947','modules/plan/planproject/detail/plansch2565_023.pdf','2022-09-11 13:18:12','','','','','','2022-05-17','2022-09-30',''),(29,2565,1,'6','024',10000,0,'จัดหาวัสดุการศึกษา(รายหัวปฐมวัย)','1330300183947','modules/plan/planproject/detail/plansch2565_024.pdf','2022-09-11 13:18:29','','','','','','2022-05-17','2022-09-30',''),(30,2565,1,'4','025',5000,0,'เปิดบ้านปฐมวัย','1330300183947','modules/plan/planproject/detail/plansch2565_025.pdf','2022-09-11 13:18:39','','','','','','2022-05-17','2022-09-30',''),(31,2565,1,'4','026',5000,0,'บ้านนักวิทยาศาสตร์น้อย','1330300183947','modules/plan/planproject/detail/plansch2565_026.pdf','2022-09-11 13:18:49','','','','','','2022-05-17','2022-09-30',''),(32,2565,1,'5','027',25000,0,'พัฒนาคุณภาพผู้เรียนระดับประถมศึกษา','1330800120049','modules/plan/planproject/detail/plansch2565_027.pdf','2022-09-11 13:19:03','','','','','','2022-05-17','2022-09-30',''),(33,2565,1,'6','028',14000,0,'จัดซื้อวัสดุระดับประถมศึกษา','1330800120049','modules/plan/planproject/detail/plansch2565_028.pdf','2022-09-11 13:19:17','','','','','','2022-05-17','2022-09-30',''),(34,2565,1,'6','029',5000,0,'พัฒนาระบบสารสนเทศ','1330800120049','modules/plan/planproject/detail/plansch2565_029.pdf','2022-09-11 13:19:26','','','','','','2022-05-17','2022-09-30',''),(35,2565,1,'1','030',1000,0,'ปรับปรุงหลักสูตรสถานศึกษา','1342200096688','modules/plan/planproject/detail/plansch2565_030.pdf','2022-09-11 13:19:37','','','','','','2022-05-17','2022-09-30',''),(36,2565,1,'3','031',4000,0,'ลูกเสือเนตรนารี','1342200096688','modules/plan/planproject/detail/plansch2565_031.pdf','2022-09-11 13:19:47','','','','','','2022-05-17','2022-09-30',''),(37,2565,4,'3','032',2000,0,'ระบบดูแลช่วยเหลือนักเรียน','1340700609488','modules/plan/planproject/detail/plansch2565_032.pdf','2022-09-11 13:19:57','','','','','','2022-05-17','2022-09-30',''),(38,2565,4,'2','033',29020,0,'พัฒนาแหล่งเรียนรู้','1341500274874','modules/plan/planproject/detail/plansch2565_033.pdf','2022-09-11 13:20:10','','','','','','2022-05-17','2022-09-30',''),(39,2565,1,'2','034',4000,0,'ลดเวลาเรียนเพิ่มเวลารู้','1341500274874','modules/plan/planproject/detail/plansch2565_034.pdf','2022-09-11 13:20:26','','','','','','2022-05-17','2022-09-30',''),(40,2565,1,'3','035',3000,0,'สอนซ่อมเสริม','1340700609488','modules/plan/planproject/detail/plansch2565_035.pdf','2022-09-11 13:20:42','','','','','','2022-05-17','2022-09-30',''),(41,2565,1,'6','036',2000,0,'นิเทศภายใน','3331300217946','modules/plan/planproject/detail/plansch2565_036.pdf','2022-09-11 13:20:55','','','','','','2022-05-17','2022-09-30',''),(42,2565,2,'6','037',800,0,'พัฒนาระบบการบริหารงานงบประมาณ','3341500256406','modules/plan/planproject/detail/plansch2565_037.pdf','2022-09-11 13:21:07','','','','','','2022-05-17','2022-09-30',''),(43,2565,3,'','038',96000,0,'ส่งเสริมพัฒนาศักยภาพครูและบุคลากรทางการศึกษา','3331300217946','modules/plan/planproject/detail/plansch2565_038.pdf','2022-09-11 13:21:22','','','','','','2022-05-17','2022-09-30',''),(44,2565,4,'6','039',12000,0,'พัฒนาระบบสาธารณูปโภค','3341500256406','modules/plan/planproject/detail/plansch2565_039.pdf','2022-09-11 13:21:36','','','','','','2022-05-17','2022-09-30',''),(45,2565,4,'3','040',4000,0,'กีฬานักเรียน','1342200096688','modules/plan/planproject/detail/plansch2565_040.pdf','2022-09-11 13:21:51','','','','','','2022-05-17','2022-09-30',''),(46,2565,4,'6','041',6000,0,'จัดหาวัสดุสำนักงาน','1342200068293','modules/plan/planproject/detail/plansch2565_041.pdf','2022-09-11 13:24:31','','','','','','2022-05-17','2022-09-30',''),(47,2565,4,'3','042',5000,0,'ส่งเสริมสุขภาพนักเรียน','1480200086035','modules/plan/planproject/detail/plansch2565_042.pdf','2022-09-11 13:24:51','','','','','','2022-05-17','2022-09-30',''),(48,2565,4,'6','043',5000,0,'ปรับปรุงอาคารสถานที่และภูมิทัศน์','3331300217946','modules/plan/planproject/detail/plansch2565_043.pdf','2022-09-11 13:25:03','','','','','','2022-05-17','2022-09-30',''),(49,2565,4,'4','044',302400,0,'อาหารกลางวันนักเรียน','3331300217946','modules/plan/planproject/detail/plansch2565_044.pdf','2022-09-11 13:25:20','','','','','','2022-05-17','2022-09-30',''),(50,2565,1,'4','045',242118,0,'สนับสนุนค่าใช้จ่ายในการจัดการศึกษา','3341500256406','modules/plan/planproject/detail/plansch2565_045.pdf','2022-09-11 13:25:31','','','','','','2022-05-17','2022-09-30',''),(51,2565,4,'6','046',10000,0,'ป้องกันและแก้ไขปัญหายาเสพติดในสถานศึกษา','1341500274874','modules/plan/planproject/detail/plansch2565_046.docx','2022-09-12 14:46:36','','','','','','2022-05-02','2022-09-30',''),(52,2566,1,'1','001',14489,0,'พัฒนาคุณภาพการศึกษาปฐมวัยส่งเสริมสุขภาพนักเรียน','1330300183947','','2022-11-15 11:25:57','','','','','','2022-10-01','2023-04-30',''),(53,2566,1,'2','002',4000,0,'จัดหาวัสดุการศึกษา(รายหัวปฐมวัย)','1330300183947','','2022-11-15 11:28:18','','','','','','2022-10-01','2023-04-30',''),(54,2566,1,'2','003',5000,0,'เปิดบ้านปฐมวัย','1330300183947','','2022-11-15 11:30:24','','','','','','2022-10-01','2023-04-30',''),(55,2566,1,'1','004',25480,0,'พัฒนาคุณภาพผู้เรียนระดับประถมศึกษา','1480200086035','','2022-11-15 11:32:46','','','','','','2022-10-01','2023-04-30',''),(56,2566,1,'1','005',1000,0,'ปรับปรุงหลักสูตรสถานศึกษา','1342200096688','','2022-11-15 13:19:55','','','','','','2022-10-01','2023-04-30',''),(57,2566,4,'3','006',11814.7,0,'ลูกเสือเนตรนารี','1342200096688','','2022-11-15 13:21:03','','','','','','2022-10-01','2023-04-30',''),(58,2566,4,'4','007',2000,0,'ระบบดูแลช่วยเหลือนักเรียน','1340700609488','','2022-11-15 13:22:21','','','','','','2022-10-01','2023-04-30',''),(59,2566,1,'3','008',29000,0,'พัฒนาแหล่งเรียนรู้','1341500274874','','2022-11-15 13:23:38','','','','','','2022-10-01','2023-04-30',''),(60,2566,1,'3','009',4000,0,'ลดเวลาเรียนเพิ่มเวลารู้','1341500274874','','2022-11-15 13:25:07','','','','','','2022-10-01','2023-04-30',''),(61,2566,3,'3','010',56000,0,'ส่งเสริมพัฒนาศักยภาพครูและบุคลากรทางการศึกษา','3331300217946','','2022-11-15 13:27:17','','','','','','2022-10-01','2023-04-30',''),(62,2566,4,'6','011',7523.34,0,'พัฒนาระบบสาธารณูปโภค','3341500256406','','2022-11-15 13:29:24','','','','','','2022-10-01','2023-04-30',''),(63,2566,4,'5','012',4000,0,'กีฬานักเรียน','1342200096688','','2022-11-15 13:30:29','','','','','','2022-10-01','2023-04-30',''),(64,2566,4,'5','013',5000,0,'ส่งเสริมสุขภาพนักเรียน','1480200086035','','2022-11-15 13:31:50','','','','','','2022-10-01','2023-04-30',''),(65,2566,4,'6','014',4500,0,'ปรับปรุงอาคารสถานที่และภูมิทัศน์','3331300217946','','2022-11-15 13:33:49','','','','','','2022-10-01','2023-04-30',''),(66,2566,4,'4','015',212551.14,0,'อาหารกลางวันนักเรียน','3331300217946','','2022-11-15 13:35:04','','','','','','2022-10-01','2023-04-30',''),(67,2566,4,'2','016',166005,0,'สนับสนุนค่าใช้จ่ายในการจัดการศึกษา','3341500256406','','2022-11-15 13:37:23','','','','','','2022-10-01','2023-04-30',''),(68,2566,1,'2','017',6000,0,'พัฒนาคุณภาพการศึกษาปฐมวัยส่งเสริมสุขภาพนักเรียน','1330300183947','','2023-07-12 18:31:04','','','','','','2023-05-01','2023-09-30',''),(69,2566,1,'4','018',6000,0,'จัดหาวัสดุการศึกษา(รายหัวปฐมวัย)','1330300183947','','2023-07-12 18:32:53','','','','','','2023-05-01','2023-09-30',''),(70,2566,1,'1','019',5000,0,'เปิดบ้านปฐมวัย','1330300183947','','2023-07-12 18:34:16','','','','','','2023-05-01','2023-09-30',''),(71,2566,1,'2','020',5000,0,'บ้านนักวิทยาศาสตร์น้อย','1330300183947','','2023-07-12 18:35:47','','','','','','2023-05-01','2023-09-30',''),(72,2566,1,'1','021',33000,0,'พัฒนาคุณภาพผู้เรียนระดับประถมศึกษา','1342200096688','','2023-07-12 18:37:08','','','','','','2023-05-01','2023-09-30',''),(73,2566,1,'2','022',14000,0,'จัดซื้อวัสดุระดับประถมศึกษา','1330800120049','','2023-07-12 18:39:01','','','','','','2023-05-01','2023-09-30',''),(74,2566,4,'6','023',6000,0,'พัฒนาระบบสารสนเทศ','1330800120049','','2023-07-12 18:40:18','','','','','','2023-05-01','2023-09-30',''),(75,2566,1,'1','024',5000,0,'ปรับปรุงหลักสูตรสถานศึกษา','1342200096688','','2023-07-12 18:41:54','','','','','','2023-05-01','2023-09-30',''),(76,2566,4,'3','025',5000,0,'ลูกเสือเนตรนารี','1342200096688','','2023-07-12 18:43:05','','','','','','2023-05-01','2023-09-30',''),(77,2566,4,'4','026',4000,0,'ระบบดูแลช่วยเหลือนักเรียน','1341500274874','','2023-07-12 18:44:21','','','','','','2023-05-01','2023-09-30',''),(78,2566,4,'3','027',30000,0,'พัฒนาแหล่งเรียนรู้','3331300217946','','2023-07-12 18:45:27','','','','','','2023-05-01','2023-09-30',''),(79,2566,4,'3','028',4000,0,'ลดเวลาเรียน เพิ่มเวลารู้','1341500274874','','2023-07-12 18:46:31','','','','','','2023-05-01','2023-09-30',''),(80,2566,1,'2','029',5000,0,'สอนซ่อมเสริม','3341500535585','','2023-07-12 18:47:24','','','','','','2023-05-01','2023-09-30',''),(81,2566,1,'5','030',5000,0,'นิเทศภายใน','3331300217946','','2023-07-12 18:48:34','','','','','','2023-05-01','2023-09-30',''),(82,2566,2,'6','031',1778,0,'พัฒนาระบบการบริหารงานงบประมาณ','3341500256406','','2023-07-12 18:49:59','','','','','','2023-05-01','2023-09-30',''),(83,2566,3,'3','032',96000,0,'ส่งเสริมพัฒนาศักยภาพครูและบุคลากรทางการศึกษา','3331300217946','','2023-07-12 18:51:30','','','','','','2023-05-01','2023-09-30',''),(84,2566,4,'6','033',15000,0,'พัฒนาระบบสาธารณูปโภค','3341500256406','','2023-07-12 18:52:36','','','','','','2023-05-01','2023-09-30',''),(85,2566,4,'3','034',4542,0,'กีฬานักเรียน','1342200096688','','2023-07-12 18:53:37','','','','','','2023-05-01','2023-09-30',''),(86,2566,4,'6','035',4000,0,'จัดซื้อวัสดุสำนักงาน','3341500256406','','2023-07-12 18:54:32','','','','','','2023-05-01','2023-09-30',''),(87,2566,4,'5','036',3000,0,'ส่งเสริมสุขภาพนักเรียน','3341500535585','','2023-07-12 18:56:41','','','','','','2023-05-01','2023-09-30',''),(88,2566,4,'6','037',5000,0,'ปรับปรุงอาคารสถานที่และภูมิทัศน์','3331300217946','','2023-07-12 18:58:01','','','','','','2023-05-01','2023-09-30',''),(89,2566,4,'4','038',405000,0,'อาหารกลางวัน','1341500274874','','2023-07-12 18:58:58','','','','','','2023-05-01','2023-09-30',''),(90,2566,4,'4','039',186010,0,'สนับสนุนค่าใช้จ่ายในการจัดการศึกษา','3341500256406','','2023-07-12 19:00:15','','','','','','2023-05-01','2023-09-30',''),(91,2566,4,'6','040',25000,0,'ส่งเสริมพฤติกรรมการคัดแยกขยะและรักษาสิ่งแวดล้อม','1341500274874','','2023-11-29 20:13:52','','','','','','2023-05-16','2023-09-29',''),(92,2567,1,'3','001',5210,0,'พัฒนาคุณภาพการศึกษาปฐมวัยส่งเสริมสุขภาพนักเรียน','3331300217946','','2023-12-03 10:19:36','','','','','','2023-10-02','2024-04-30',''),(93,2567,1,'1','002',5000,0,'เปิดบ้านปฐมวัย','3331300217946','','2023-12-03 10:23:46','','','','','','2023-10-02','2024-04-30',''),(94,2567,1,'3','003',31515,0,'พัฒนาคุณภาพผู้เรียนระดับประถมศึกษา','1342200096688','','2023-12-03 10:28:05','','','','','','2023-10-02','2024-04-30',''),(95,2567,4,'6','004',6000,0,'พัฒนาระบบสารสนเทศ','1330800120049','','2023-12-03 10:30:47','','','','','','2023-10-02','2024-04-30',''),(96,2567,1,'1','005',5000,0,'ปรับปรุงหลักสูตรสถานศึกษา','1342200096688','','2023-12-03 10:33:32','','','','','','2023-10-02','2024-04-30',''),(97,2567,4,'3','006',5000,0,'ลูกเสือเนตรนารี','1342200096688','','2023-12-03 10:36:14','','','','','','2023-10-02','2024-04-30',''),(98,2567,4,'4','007',4000,0,'ระบบดูแลช่วยเหลือนักเรียน','1341500274874','','2023-12-03 10:39:11','','','','','','2023-10-02','2024-04-30',''),(99,2567,4,'4','008',24000,0,'พัฒนาแหล่งเรียนรู้','3331300217946','','2023-12-03 10:41:28','','','','','','2023-10-02','2024-04-30',''),(100,2567,4,'4','009',4750,0,'ลดเวลาเรียน เพิ่มเวลารู้','1341500274874','','2023-12-03 10:43:35','','','','','','2023-10-02','2024-04-30',''),(101,2567,1,'5','010',5000,0,'นิเทศภายใน','3331300217946','','2023-12-03 10:46:23','','','','','','2023-10-02','2024-04-30',''),(102,2567,2,'6','011',1778,0,'พัฒนาระบบการบริหารงานงบประมาณ','3341500256406','','2023-12-03 10:49:00','','','','','','2023-10-02','2024-04-30',''),(103,2567,3,'3','012',56000,0,'ส่งเสริมพัฒนาศักยภาพครูและบุคลากรทางการศึกษา','3331300217946','','2023-12-03 10:51:59','','','','','','2023-10-02','2024-04-30',''),(104,2567,4,'6','013',8682.08,0,'พัฒนาระบบสาธารณูปโภค','3341500256406','','2023-12-03 10:55:21','','','','','','2023-10-02','2024-04-30',''),(105,2567,4,'4','014',4795,0,'กีฬานักเรียน','1342200096688','','2023-12-03 10:57:25','','','','','','2023-10-02','2024-04-30',''),(106,2567,4,'6','015',4000,0,'จัดซื้อวัสดุสำนักงาน','3341500256406','','2023-12-03 10:59:42','','','','','','2023-10-02','2024-04-30',''),(107,2567,4,'3','016',3000,0,'ส่งเสริมสุขภาพนักเรียน','3341500535585','','2023-12-03 11:02:09','','','','','','2023-10-02','2024-04-30',''),(108,2567,4,'6','017',8300,0,'ปรับปรุงอาคารสถานที่และภูมิทัศน์','3331300217946','','2023-12-03 11:05:40','','','','','','2023-10-02','2024-04-30',''),(109,2567,4,'4','018',274633.14,0,'อาหารกลางวัน','1341500274874','','2023-12-03 11:08:59','','','','','','2023-10-02','2024-04-30',''),(110,2567,4,'4','019',241535,0,'สนับสนุนค่าใช้จ่ายในการจัดการศึกษา','3341500256406','','2023-12-03 11:11:57','','','','','','2023-10-02','2024-04-30',''),(111,2567,1,'2','020',6000,0,'พัฒนาคุณภาพการศึกษาปฐมวัยส่งเสริมสุขภาพนักเรียน','1341501369241','','2024-05-22 11:03:58','','','','','','2024-05-01','2024-09-30',''),(112,2567,1,'2','021',6000,0,'จัดหาวัสดุการศึกษา(รายหัวปฐมวัย)','1341501369241','','2024-05-22 11:05:59','','','','','','2024-05-01','2024-09-30',''),(113,2567,4,'1','022',5000,0,'เปิดบ้านปฐมวัย','1341501369241','','2024-05-22 11:07:42','','','','','','2024-05-01','2024-09-30',''),(114,2567,1,'1','023',5000,0,'บ้านนักวิทยาศาสตร์น้อย','1341501369241','','2024-05-22 11:08:59','','','','','','2024-05-01','2024-09-30',''),(115,2567,1,'3','024',30000,0,'พัฒนาคุณภาพผู้เรียนระดับประถมศึกษา','1342200096688','','2024-05-22 11:10:58','','','','','','2024-05-01','2024-09-30',''),(116,2567,1,'5','025',14000,0,'จัดซื้อวัสดุระดับประถมศึกษา','3341500256406','','2024-05-22 11:12:27','','','','','','2024-05-01','2024-09-30',''),(117,2567,1,'6','026',6000,0,'พัฒนาระบบสารสนเทศ','1342200096688','','2024-05-22 11:13:57','','','','','','2024-05-01','2024-09-30',''),(118,2567,1,'1','027',5000,0,'ปรับปรุงหลักสูตรสถานศึกษา','1342200096688','','2024-05-22 11:15:26','','','','','','2024-05-01','2024-09-30',''),(119,2567,1,'1','028',5000,0,'ลูกเสือเนตรนารี','1342200096688','','2024-05-22 11:16:09','','','','','','2024-05-01','2024-09-30',''),(120,2567,4,'4','029',4000,0,'ระบบดูแลช่วยเหลือนักเรียน','1341500274874','','2024-05-22 11:17:03','','','','','','2024-05-01','2024-09-30',''),(121,2567,1,'5','030',30000,0,'พัฒนาแหล่งเรียนรู้','3331300217946','','2024-05-22 11:18:08','','','','','','2024-05-01','2024-09-30',''),(122,2567,1,'2','031',4000,0,'ลดเวลาเรียนเพิ่มเวลารู้','1341500274874','','2024-05-22 11:19:04','','','','','','2024-05-01','2024-09-30',''),(123,2567,1,'3','032',5000,0,'สอนซ่อมเสริม','3341500535585','','2024-05-22 11:20:12','','','','','','2024-05-01','2024-09-30',''),(124,2567,3,'3','033',5000,0,'นิเทศภายใน','3331300217946','','2024-05-22 11:21:23','','','','','','2024-05-01','2024-09-30',''),(125,2567,2,'6','034',1328,0,'พัฒนาระบบการบริหารงานงบประมาณ','3341500256406','','2024-05-22 11:23:15','','','','','','2024-05-01','2024-09-30',''),(126,2567,3,'3','035',96000,0,'ส่งเสริมพัฒนาศักยภาพครูและบุคลากรทางการศึกษา','3331300217946','','2024-05-22 11:25:08','','','','','','2024-05-01','2024-09-30',''),(127,2567,4,'6','036',15000,0,'พัฒนาระบบสาธารณูปโภค','3341500256406','','2024-05-22 11:26:28','','','','','','2024-05-01','2024-09-30',''),(128,2567,4,'3','037',4392,0,'กีฬานักเรียน','1342200096688','','2024-05-22 11:27:36','','','','','','2024-05-01','2024-09-30',''),(129,2567,4,'6','038',4000,0,'จัดซื้อวัสดุสำนักงาน','3341500256406','','2024-05-22 11:29:24','','','','','','2024-05-01','2024-09-30',''),(130,2567,4,'3','039',3000,0,'ส่งเสริมสุขภาพนักเรียน','3341500535585','','2024-05-22 11:31:19','','','','','','2024-05-01','2024-09-30',''),(131,2567,4,'6','040',5000,0,'โครงการปรับปรุงอาคารสถานที่และภูมิทัศน์','3331300217946','','2024-05-22 11:35:11','','','','','','2024-05-01','2024-09-30',''),(132,2567,4,'6','041',464335.14,0,'โครงการอาหารกลางวัน','1341500274874','','2024-05-22 11:36:52','','','','','','2024-05-01','2024-09-30',''),(133,2567,2,'2','042',255674,0,'สนับสนุนค่าใช้จ่ายในการจัดการศึกษา','3341500256406','','2024-05-22 11:40:03','','','','','','2024-05-01','2024-09-30',''),(134,2568,1,'','001',3000,0,'พัฒนาคุณภาพการศึกษาปฐมวัยส่งเสริมสุขภาพนักเรียน','1341501369241','','2025-08-05 21:03:49','','','','','','2024-10-01','2025-09-30',''),(135,2568,1,'','002',2368,0,'จัดหาวัสดุการศึกษา(รายหัวปฐมวัย)','1341501369241','','2024-11-25 10:37:54','','','','','','2024-10-01','2025-09-30',''),(136,2568,1,'','003',5000,0,'เปิดบ้านปฐมวัย','1341501369241','','2024-11-25 10:38:38','','','','','','2024-10-01','2025-09-30',''),(137,2568,1,'','004',5000,0,'บ้านนักวิทยาศาสตร์น้อย','1341501369241','','2024-11-25 10:39:20','','','','','','2024-10-01','2025-09-30',''),(138,2568,1,'','005',29000,0,'พัฒนาคุณภาพผู้เรียนระดับประถมศึกษา','1342200096688','','2024-11-25 10:40:37','','','','','','2024-10-01','2025-09-30',''),(139,2568,4,'','006',6000,0,'พัฒนาระบบสารสนเทศ','1342200096688','','2024-11-25 10:53:41','','','','','','2024-10-01','2025-09-30',''),(140,2568,1,'','007',5000,0,'ปรับปรุงหลักสูตรสถานศึกษา','1342200096688','','2024-11-25 10:54:48','','','','','','2024-10-01','2025-09-30',''),(141,2568,4,'','008',3937,0,'ลูกเสือเนตรนารี','1342200096688','','2024-11-25 10:55:45','','','','','','2024-10-01','2025-09-30',''),(142,2568,1,'','009',20000,0,'พัฒนาแหล่งเรียนรู้','3331300217946','','2024-11-25 10:57:00','','','','','','2024-10-01','2025-09-30',''),(143,2568,1,'','010',4000,0,'ลดเวลาเรียนเพิ่มเวลารู้','1341500274874','','2024-11-25 10:57:59','','','','','','2024-10-01','2025-09-30',''),(144,2568,1,'','011',5000,0,'สอนซ่อมเสริม','1341500274874','','2024-11-25 10:59:07','','','','','','2024-10-01','2025-09-30',''),(145,2568,3,'','012',56000,0,'ส่งเสริมพัฒนาศักยภาพครูและบุคลากรทางการศึกษา','3331300217946','','2024-11-25 11:00:32','','','','','','2024-10-01','2025-09-30',''),(146,2568,4,'','013',7486.86,0,'พัฒนาระบบสาธารณูปโภค','3341500256406','','2024-11-25 11:01:38','','','','','','2024-10-01','2025-09-30',''),(147,2568,4,'','014',4392,0,'กีฬานักเรียน','1342200096688','','2024-11-25 11:02:28','','','','','','2024-10-01','2025-09-30',''),(148,2568,4,'','015',4000,0,'จัดหาวัสดุสำนักงาน','3341500256406','','2024-11-25 11:03:27','','','','','','2024-10-01','2025-09-30',''),(149,2568,4,'','016',231120,0,'โครงการอาหารกลางวัน','3331300217946','','2024-11-25 11:04:39','','','','','','2024-10-01','2025-09-30',''),(150,2568,4,'','017',242650,0,'สนับสนุนค่าใช้จ่ายในการจัดการศึกษา','3341500256406','','2024-11-25 11:06:25','','','','','','2024-10-01','2025-09-30',''),(151,2568,4,'','018',3892,0,'ปรับปรุงอาคารสถานที่และภูมิทัศน์','3331300217946','','2025-03-27 10:23:54','','','','','','2024-10-01','2025-09-30',''),(152,2568,1,'','019',3000,0,'พัฒนาคุณภาพการศึกษาปฐมวัยส่งเสริมสุขภาพนักเรียน','1341501369241','','2025-07-28 21:12:32','','','','','','2025-05-01','2025-09-30',''),(153,2568,4,'','020',4800,0,'จัดหาวัสดุการศึกษา(รายหัวปฐมวัย)','1341501369241','','2025-07-25 20:15:58','','','','','','2025-05-01','2025-09-30',''),(154,2568,1,'','021',3000,0,'เปิดบ้านปฐมวัย','1341501369241','','2025-07-25 20:16:22','','','','','','2025-05-01','2025-09-30',''),(155,2568,1,'','022',3000,0,'บ้านนักวิทยาศาสตร์น้อย','1341501369241','','2025-07-23 13:18:54','','','','','','2025-05-01','2025-09-30',''),(156,2568,4,'','023',12250,0,'พัฒนาแหล่งเรียนรู้(ปฐมวัย)','3331300217946','','2025-07-23 13:21:43','','','','','','2025-05-01','2025-09-30',''),(157,2568,3,'','024',48000,0,'ส่งเสริมพัฒนาศักยภาพครูและบุคลากรทางการศึกษา','3331300217946','','2025-07-23 13:22:58','','','','','','2025-05-01','2025-09-30',''),(158,2568,1,'','025',30000,0,'พัฒนาคุณภาพผู้เรียนระดับประถมศึกษา','1342200096688','','2025-07-23 13:24:25','','','','','','2025-05-01','2025-09-30',''),(159,2568,4,'','026',14000,0,'จัดซื้อวัสดุระดับประถมศึกษา','3341500256406','','2025-07-23 13:25:10','','','','','','2025-05-01','2025-09-30',''),(160,2568,4,'','027',6000,0,'พัฒนาระบบสารสนเทศ','1339900575445','','2025-07-23 13:25:51','','','','','','2025-05-01','2025-09-30',''),(161,2568,1,'','028',2000,0,'ปรับปรุงหลักสูตรสถานศึกษา','1342200096688','','2025-07-23 13:26:39','','','','','','2025-05-01','2025-09-30',''),(162,2568,4,'','029',5000,0,'ลูกเสือเนตรนารี','1342200096688','','2025-07-23 13:27:20','','','','','','2025-05-01','2025-09-30',''),(163,2568,4,'','030',4000,0,'ระบบดูแลช่วยเหลือนักเรียน','1341500274874','','2025-07-23 13:28:10','','','','','','2025-05-01','2025-09-30',''),(164,2568,4,'','031',12750,0,'พัฒนาแหล่งเรียนรู้','3331300217946','','2025-07-23 13:28:48','','','','','','2025-05-01','2025-09-30',''),(165,2568,1,'','032',4000,0,'ลดเวลาเรียนเพิ่มเวลารู้','1341500274874','','2025-07-23 13:29:33','','','','','','2025-05-01','2025-09-30',''),(166,2568,1,'','033',5000,0,'สอนซ่อมเสริม','3341500535585','','2025-07-23 13:30:12','','','','','','2025-05-01','2025-09-30',''),(167,2568,1,'','034',5000,0,'นิเทศภายใน','3331300217946','','2025-07-23 13:30:52','','','','','','2025-05-01','2025-09-30',''),(168,2568,2,'','035',3312,0,'พัฒนาระบบการบริหารงานงบประมาณ','3341500535585','','2025-07-23 13:31:56','','','','','','2025-05-01','2025-09-30',''),(169,2568,3,'','036',48000,0,'ส่งเสริมพัฒนาศักยภาพครูและบุคลากรทางการศึกษา','3331300217946','','2025-07-23 13:33:09','','','','','','2025-05-01','2025-09-30',''),(170,2568,4,'','037',15073.12,0,'พัฒนาระบบสาธารณูปโภค','3341500256406','','2025-07-23 13:34:11','','','','','','2025-05-01','2025-09-30',''),(171,2568,4,'','038',6294,0,'กีฬานักเรียน','1339900575445','','2025-07-23 13:34:49','','','','','','2025-05-01','2025-09-30',''),(172,2568,4,'','039',4000,0,'จัดซื้อวัสดุสำนักงาน','3341500256406','','2025-07-23 13:35:35','','','','','','2025-05-01','2025-09-30',''),(173,2568,4,'','040',3000,0,'ส่งเสริมสุขภาพนักเรียน','3341500535585','','2025-07-23 13:36:18','','','','','','2025-05-01','2025-09-30',''),(174,2568,4,'','041',214650,0,'โครงการอาหารกลางวัน','3331300217946','','2025-07-23 13:38:10','','','','','','2025-05-01','2025-09-30',''),(175,2568,4,'','042',5000,0,'โครงการปรับปรุงอาคารสถานที่และภูมิทัศน์','1341501369241','','2025-07-23 13:39:39','','','','','','2025-05-01','2025-09-30',''),(176,2568,4,'','043',1000,0,'บริการเทคโนโลยีสารสนเทศ ICT','1342200096688','','2025-07-23 13:40:53','','','','','','2025-05-01','2025-09-30',''),(177,2568,2,'','044',277154.74,0,'สนับสนุนค่าใช้จ่ายในการจัดการศึกษา','3341500256406','','2025-07-25 20:19:06','','','','','','2025-05-01','2025-09-30',''),(178,2568,4,'','045',1000,0,'โครงการโรงเรียนคุณธรรม','1341500274874','','2025-07-23 13:43:59','','','','','','2025-05-01','2025-09-30',''),(179,2568,4,'','046',7114.29,0,'รายได้สถานศึกษา','3341500256406','','2025-07-23 21:17:01','','','','','','2025-05-01','2025-09-30',''),(180,2569,1,'','001',3000,0,'พัฒนาคุณภาพการศึกษาปฐมวัยส่งเสริมสุขภาพนักเรียน','1341501369241','','2025-11-20 13:19:56','','','','','','2025-10-01','2026-09-30',''),(181,2569,1,'','002',4800,0,'จัดหาวัสดุการศึกษา(รายหัวปฐมวัย)','1341501369241','','2025-11-11 21:05:41','','','','','','2025-10-01','2026-09-30',''),(183,2569,1,'2','003',3000,0,'บ้านนักวิทยาศาสตร์น้อย','1341501369241','','2025-11-11 21:08:24','','','','','','2025-10-01','2026-09-30',''),(184,2569,2,'3','004',12250,0,'พัฒนาแหล่งเรียนรู้(ปฐมวัย)','3331300217946','','2025-11-11 21:10:14','','','','','','2025-10-01','2026-09-30',''),(185,2569,3,'3','005',28000,0,'ส่งเสริมพัฒนาศักยภาพครูและบุคลากรทางการศึกษา','3331300217946','','2025-11-11 21:11:51','','','','','','2025-10-01','2026-09-30',''),(186,2569,1,'1','006',20500,0,'พัฒนาคุณภาพผู้เรียนระดับประถมศึกษา','1342200096688','','2025-11-11 21:13:58','','','','','','2025-10-01','2026-09-30',''),(187,2569,4,'5','007',14000,0,'จัดซื้อวัสดุระดับประถมศึกษา','3341500256406','','2025-11-11 21:16:05','','','','','','2025-10-01','2026-09-30',''),(188,2569,4,'6','008',6000,0,'พัฒนาระบบสารสนเทศ','1339900575445','','2025-11-11 21:17:05','','','','','','2025-10-01','2026-09-30',''),(189,2569,1,'1','009',2000,0,'ปรับปรุงหลักสูตรสถานศึกษา','1342200096688','','2025-11-11 21:18:02','','','','','','2025-10-01','2026-09-30',''),(190,2569,1,'3','010',5000,0,'ลูกเสือเนตรนารี','1342200096688','','2025-11-11 21:19:04','','','','','','2025-10-01','2026-09-30',''),(191,2569,4,'3','011',12750,0,'พัฒนาแหล่งเรียนรู้','3331300217946','','2025-11-11 21:20:12','','','','','','2025-10-01','2026-09-30',''),(192,2569,1,'3','012',4000,0,'ลดเวลาเรียนเพิ่มเวลารู้','1341500274874','','2025-11-11 21:21:42','','','','','','2025-10-01','2026-09-30',''),(193,2569,1,'2','013',5000,0,'สอนซ่อมเสริม','3341500535585','','2025-11-11 21:22:41','','','','','','2025-10-01','2026-09-30',''),(194,2569,3,'6','014',5000,0,'นิเทศภายใน','3331300217946','','2025-11-11 21:23:49','','','','','','2025-10-01','2026-09-30',''),(195,2569,2,'6','015',3312,0,'พัฒนาระบบการบริหารงานงบประมาณ','3341500535585','','2025-11-11 21:25:25','','','','','','2025-10-01','2026-09-30',''),(196,2569,2,'3','016',28000,0,'ส่งเสริมพัฒนาศักยภาพครูและบุคลากรทางการศึกษา','3331300217946','','2025-11-11 21:26:39','','','','','','2025-10-01','2026-09-30',''),(197,2569,4,'6','017',7933.03,0,'พัฒนาระบบสาธารณูปโภค','3341500256406','','2025-11-11 21:28:41','','','','','','2025-10-01','2026-09-30',''),(198,2569,4,'3','018',3364,0,'กีฬานักเรียน','1339900575445','','2025-11-11 21:29:42','','','','','','2025-10-01','2026-09-30',''),(199,2569,4,'6','019',4000,0,'จัดซื้อวัสดุสำนักงาน','3341500256406','','2025-11-11 21:30:50','','','','','','2025-10-01','2026-09-30',''),(200,2569,4,'4','020',3000,0,'ส่งเสริมสุขภาพนักเรียน','3341500535585','','2025-11-11 21:32:05','','','','','','2025-10-01','2026-09-30',''),(201,2569,4,'5','021',5000,0,'ปรับปรุงอาคารสถานที่และภูมิทัศน์','1341500274874','','2025-11-11 21:33:37','','','','','','2025-10-01','2026-09-30',''),(202,2569,4,'3','022',1000,0,'บริการเทคโนโลยีสารสนเทศ ICT','1342200096688','','2025-11-11 21:35:13','','','','','','2025-10-01','2026-09-30',''),(203,2569,3,'4','023',47570.51,0,'สนับสนุนค่าใช้จ่ายในการจัดการศึกษา','3341500256406','','2025-11-11 21:37:03','','','','','','2025-10-01','2026-09-30',''),(204,2569,2,'5','024',105300,0,'อาหารกลางวัน','3331300217946','','2025-11-11 21:38:49','','','','','','2025-10-01','2026-09-30',''),(205,2569,2,'1','025',20118.3,0,'รายได้สถานศึกษา','3341500256406','','2025-11-11 21:40:47','','','','','','2025-10-01','2026-09-30',''),(206,2569,4,'2','026',15000,0,'บุหรี่ไฟฟ้ามหันตภัยใหม่ใกล้ตัวเยาวชน','1341500274874','','2025-11-12 09:48:38','','','','','','2025-10-01','2026-09-30','');

--
-- Table structure for table `plan_setgic_year`
--

CREATE TABLE `plan_setgic_year` (
  `id` int(11) NOT NULL AUTO_INCREMENT,
  `budget_year` int(11) NOT NULL,
  `year_active` tinyint(1) NOT NULL,
  PRIMARY KEY (`id`),
  UNIQUE KEY `budget_year` (`budget_year`)
) ENGINE=MyISAM AUTO_INCREMENT=2 DEFAULT CHARSET=utf8 COLLATE=utf8_general_ci;

--
-- Dumping data for table `plan_setgic_year`
--

INSERT INTO `plan_setgic_year` VALUES (1,2554,1);

--
-- Table structure for table `plan_standard`
--

CREATE TABLE `plan_standard` (
  `id` int(11) NOT NULL AUTO_INCREMENT,
  `budget_year` int(11) NOT NULL,
  `sd_year` int(4) NOT NULL,
  `code_clus` tinyint(4) NOT NULL,
  `code_proj` char(3) NOT NULL,
  `code_acti` char(6) NOT NULL,
  `sd_level` char(1) NOT NULL,
  `sd_id` int(11) NOT NULL,
  `id_indicator` int(11) NOT NULL,
  PRIMARY KEY (`id`)
) ENGINE=MyISAM DEFAULT CHARSET=utf8 COLLATE=utf8_general_ci;

--
-- Dumping data for table `plan_standard`
--


--
-- Table structure for table `plan_stregic`
--

CREATE TABLE `plan_stregic` (
  `id` int(11) NOT NULL AUTO_INCREMENT,
  `id_tegic` int(3) NOT NULL,
  `budget_year` int(4) NOT NULL,
  `strategic` varchar(200) NOT NULL,
  PRIMARY KEY (`id`)
) ENGINE=MyISAM AUTO_INCREMENT=36 DEFAULT CHARSET=utf8 COLLATE=utf8_general_ci;

--
-- Dumping data for table `plan_stregic`
--

INSERT INTO `plan_stregic` VALUES (7,2,2564,'ด้านการสร้างความสามารถในการแข่งขัน'),(6,1,2564,'ด้านความมั่นคง'),(8,3,2564,'ด้านการพัฒนาและเสริมสร้างทรัพยากรมนุษย์'),(9,4,2564,'การสร้างโอกาสและความเสมอภาคทางสังคม'),(10,5,2564,'ด้านการสร้างการเติบโตบนคุณภาพชีวิตที่เป็นมิตรกับสิ่งแวดล้อม'),(11,6,2564,'ด้านการปรับสมดุลและพัฒนาระบบบริหารจัดการภาครัฐ'),(12,1,2565,'จัดการศึกษาที่มั่นคง'),(13,2,2565,'ส่งเสริมการจัดการศึกษาเพื่อสร้างขีดความสามารถในการแข่งขัน'),(14,3,2565,'พัฒนาคุณภาพผู้เรียน ครูและบุคลากรทางการศึกษา'),(15,4,2565,'สร้างโอกาสความเสมอภาค และความเท่าเทียมการเข้าถึงการบริการทางการศึกษา'),(16,5,2565,'จัดการศึกษาเพื่อเสริมสร้างคุณภาพชีวิตที่เป็นมิตรกับสิ่งแวดล้อม'),(17,6,2565,'พัฒนาระบบบริหารจัดการและส่งเสริมให้ทุกภาคส่วนมีส่วนร่วมในการจัดการศึกษา'),(18,1,2566,'จัดการศึกษาที่มั่นคง'),(19,2,2566,'ส่งเสริมการจัดการศึกษาเพื่อสร้างขีดความสามารถในการแข่งขัน'),(20,3,2566,'พัฒนาคุณภาพผู้เรียน ครูและบุคลากรทางการศึกษา'),(21,4,2566,'สร้างโอกาสความเสมอภาค และความเท่าเทียมการเข้าถึงการบริการทางการศึกษา'),(22,5,2566,'จัดการศึกษาเพื่อเสริมสร้างคุณภาพชีวิตที่เป็นมิตรกับสิ่งแวดล้อม'),(23,6,2566,'พัฒนาระบบบริหารจัดการและส่งเสริมให้ทุกภาคส่วนมีส่วนร่วมในการจัดการศึกษา'),(24,1,2567,'จัดการศึกษาที่มั่นคง'),(25,2,2567,'ส่งเสริมการจัดการศึกษาเพื่อสร้างขีดความสามารถในการแข่งขัน'),(26,3,2567,'พัฒนาคุณภาพผู้เรียน ครูและบุคลากรทางการศึกษา'),(27,4,2567,'สร้างโอกาสความเสมอภาค และความเท่าเทียมการเข้าถึงการบริการทางการศึกษา'),(28,5,2567,'จัดการศึกษาเพื่อเสริมสร้างคุณภาพชีวิตที่เป็นมิตรกับสิ่งแวดล้อม'),(29,6,2567,'พัฒนาระบบบริหารจัดการและส่งเสริมให้ทุกภาคส่วนมีส่วนร่วมในการจัดการศึกษา'),(30,1,2569,'จัดการศึกษาที่มั่นคง'),(31,2,2569,'ส่งเสริมการจัดการศึกษาเพื่อสร้างขีดความสามารถในการแข่งขัน'),(32,3,2569,'พัฒนาคุณภาพผู้เรียน ครูและบุคลากรทางการศึกษา'),(33,4,2569,'สร้างโอกาสความเสมอภาค และความเท่าเทียมการเข้าถึงการบริการทางการศึกษา'),(34,5,2569,'จัดการศึกษาเพื่อเสริมสร้างคุณภาพชีวิตที่เป็นมิตรกับสิ่งแวดล้อม'),(35,6,2569,'พัฒนาระบบบริหารจัดการและส่งเสริมให้ทุกภาคส่วนมีส่วนร่วมในการจัดการศึกษา');

--
-- Table structure for table `plan_year`
--

CREATE TABLE `plan_year` (
  `id` int(11) NOT NULL AUTO_INCREMENT,
  `budget_year` int(11) NOT NULL,
  `year_active` tinyint(1) NOT NULL,
  PRIMARY KEY (`id`),
  UNIQUE KEY `budget_year` (`budget_year`)
) ENGINE=MyISAM AUTO_INCREMENT=10 DEFAULT CHARSET=utf8 COLLATE=utf8_general_ci;

--
-- Dumping data for table `plan_year`
--

INSERT INTO `plan_year` VALUES (2,2559,0),(3,2561,0),(4,2564,0),(5,2565,0),(6,2566,0),(7,2567,0),(8,2568,0),(9,2569,1);

--
-- Table structure for table `questionnaire_permission`
--

CREATE TABLE `questionnaire_permission` (
  `id` int(11) NOT NULL AUTO_INCREMENT,
  `person_id` varchar(13) NOT NULL,
  `p1` tinyint(4) NOT NULL,
  `officer` varchar(13) NOT NULL,
  `rec_date` date NOT NULL,
  PRIMARY KEY (`id`),
  UNIQUE KEY `person_id` (`person_id`)
) ENGINE=MyISAM AUTO_INCREMENT=3 DEFAULT CHARSET=utf8 COLLATE=utf8_general_ci;

--
-- Dumping data for table `questionnaire_permission`
--

INSERT INTO `questionnaire_permission` VALUES (1,'3331300217946',1,'3349900367288','2020-09-23'),(2,'1342200068293',1,'3349900367288','2020-09-23');

--
-- Table structure for table `savings_account`
--

CREATE TABLE `savings_account` (
  `account_id` int(11) NOT NULL AUTO_INCREMENT,
  `acc_code` varchar(10) NOT NULL,
  `description` varchar(100) NOT NULL,
  PRIMARY KEY (`account_id`)
) ENGINE=MyISAM AUTO_INCREMENT=7 DEFAULT CHARSET=utf8 COLLATE=utf8_general_ci;

--
-- Dumping data for table `savings_account`
--

INSERT INTO `savings_account` VALUES (1,'1','ฝาก'),(2,'2','ถอน'),(3,'3','ยอดยกมา'),(4,'4','ดอกเบี้ยเงินฝาก'),(5,'5','รายการแก้ไข'),(6,'6','ปิดบัญชี');

--
-- Table structure for table `savings_base`
--

CREATE TABLE `savings_base` (
  `base_id` int(5) NOT NULL AUTO_INCREMENT,
  `study_year` int(5) NOT NULL,
  `status` int(2) NOT NULL,
  PRIMARY KEY (`base_id`)
) ENGINE=MyISAM AUTO_INCREMENT=6 DEFAULT CHARSET=utf8 COLLATE=utf8_general_ci;

--
-- Dumping data for table `savings_base`
--

INSERT INTO `savings_base` VALUES (1,2559,0),(2,2561,0),(3,2562,0),(4,2565,0),(5,2568,1);

--
-- Table structure for table `savings_money`
--

CREATE TABLE `savings_money` (
  `save_id` int(11) NOT NULL AUTO_INCREMENT,
  `std_id` varchar(15) NOT NULL,
  `year_past` varchar(4) NOT NULL,
  `amount_money` decimal(8,2) NOT NULL,
  `day_save` varchar(3) NOT NULL,
  `month_save` varchar(3) NOT NULL,
  `year_save` varchar(5) NOT NULL,
  `timer` time NOT NULL,
  `office` varchar(15) DEFAULT NULL,
  `day_act` varchar(20) NOT NULL,
  `acc_type` varchar(10) NOT NULL,
  `level_class` varchar(5) NOT NULL,
  `room` varchar(5) NOT NULL,
  `student_number` varchar(5) NOT NULL,
  `rec_officer` varchar(13) DEFAULT NULL,
  PRIMARY KEY (`save_id`),
  KEY `std_id` (`std_id`),
  KEY `room` (`room`),
  KEY `level_class` (`level_class`),
  KEY `acc_type` (`acc_type`),
  KEY `day_act` (`day_act`)
) ENGINE=MyISAM AUTO_INCREMENT=493 DEFAULT CHARSET=utf8 COLLATE=utf8_general_ci;

--
-- Dumping data for table `savings_money`
--

INSERT INTO `savings_money` VALUES (1,'2688','2559',5.00,'02','08','2016','01:32:30','2016-08-02','02/08/2016','1','9','0','1','1342200002969'),(2,'2689','2559',5.00,'02','08','2016','01:32:30','2016-08-02','02/08/2016','1','9','0','2','1342200002969'),(3,'2690','2559',1.00,'02','08','2016','01:32:30','2016-08-02','02/08/2016','1','9','0','3','1342200002969'),(4,'2691','2559',0.00,'02','08','2016','01:32:30','2016-08-02','02/08/2016','1','9','0','4','1342200002969'),(5,'2692','2559',5.00,'02','08','2016','01:32:30','2016-08-02','02/08/2016','1','9','0','5','1342200002969'),(6,'2693','2559',5.00,'02','08','2016','01:32:30','2016-08-02','02/08/2016','1','9','0','6','1342200002969'),(7,'2694','2559',10.00,'02','08','2016','01:32:30','2016-08-02','02/08/2016','1','9','0','7','1342200002969'),(8,'2965','2559',5.00,'02','08','2016','01:32:30','2016-08-02','02/08/2016','1','9','0','8','1342200002969'),(9,'2696','2559',5.00,'02','08','2016','01:32:30','2016-08-02','02/08/2016','1','9','0','9','1342200002969'),(10,'2697','2559',12.00,'02','08','2016','01:32:30','2016-08-02','02/08/2016','1','9','0','10','1342200002969'),(11,'2711','2559',12.00,'02','08','2016','01:32:30','2016-08-02','02/08/2016','1','9','0','11','1342200002969'),(12,'2735','2559',10.00,'03','08','2016','09:24:59','2016-08-03','03/08/2016','1','6','0','1','3331300217946'),(13,'2736','2559',7.00,'03','08','2016','09:24:59','2016-08-03','03/08/2016','1','6','0','2','3331300217946'),(14,'2737','2559',1.00,'03','08','2016','09:24:59','2016-08-03','03/08/2016','1','6','0','3','3331300217946'),(15,'2740','2559',2.00,'03','08','2016','09:24:59','2016-08-03','03/08/2016','1','6','0','4','3331300217946'),(16,'2762','2559',15.00,'03','08','2016','09:24:59','2016-08-03','03/08/2016','1','6','0','6','3331300217946'),(17,'2743','2559',5.00,'03','08','2016','09:24:59','2016-08-03','03/08/2016','1','6','0','7','3331300217946'),(18,'2723','2559',2.00,'03','08','2016','09:24:59','2016-08-03','03/08/2016','1','6','0','8','3331300217946'),(19,'2734','2559',2.00,'03','08','2016','09:37:23','2016-08-03','03/08/2016','1','5','0','2','3341501542151'),(20,'2752','2559',40.00,'03','08','2016','09:37:23','2016-08-03','03/08/2016','1','5','0','7','3341501542151'),(21,'2780','2559',20.00,'03','08','2016','09:37:23','2016-08-03','03/08/2016','1','5','0','8','3341501542151'),(22,'2755','2559',5.00,'03','08','2016','09:37:23','2016-08-03','03/08/2016','1','5','0','9','3341501542151'),(23,'2759','2559',5.00,'03','08','2016','09:37:23','2016-08-03','03/08/2016','1','5','0','10','3341501542151'),(24,'2744','2559',5.00,'03','08','2016','09:37:23','2016-08-03','03/08/2016','1','5','0','11','3341501542151'),(25,'2688','2559',10.00,'01','08','2016','11:49:44','2016-08-01','01/08/2016','1','9','0','1','1342200002969'),(26,'2689','2559',10.00,'01','08','2016','11:49:44','2016-08-01','01/08/2016','1','9','0','2','1342200002969'),(27,'2690','2559',0.00,'01','08','2016','11:49:44','2016-08-01','01/08/2016','1','9','0','3','1342200002969'),(28,'2691','2559',0.00,'01','08','2016','11:49:44','2016-08-01','01/08/2016','1','9','0','4','1342200002969'),(29,'2692','2559',11.00,'01','08','2016','11:49:44','2016-08-01','01/08/2016','1','9','0','5','1342200002969'),(30,'2693','2559',10.00,'01','08','2016','11:49:44','2016-08-01','01/08/2016','1','9','0','6','1342200002969'),(31,'2694','2559',10.00,'01','08','2016','11:49:44','2016-08-01','01/08/2016','1','9','0','7','1342200002969'),(32,'2965','2559',5.00,'01','08','2016','11:49:44','2016-08-01','01/08/2016','1','9','0','8','1342200002969'),(33,'2696','2559',10.00,'01','08','2016','11:49:44','2016-08-01','01/08/2016','1','9','0','9','1342200002969'),(34,'2697','2559',0.00,'01','08','2016','11:49:44','2016-08-01','01/08/2016','1','9','0','10','1342200002969'),(35,'2711','2559',10.00,'01','08','2016','11:49:44','2016-08-01','01/08/2016','1','9','0','11','1342200002969'),(36,'2769','2559',10.00,'03','08','2016','12:48:07','2016-08-03','03/08/2016','1','3','0','2','1341500163444'),(37,'2765','2559',5.00,'03','08','2016','12:48:07','2016-08-03','03/08/2016','1','3','0','6','1341500163444'),(38,'2766','2559',10.00,'03','08','2016','12:48:07','2016-08-03','03/08/2016','1','3','0','7','1341500163444'),(39,'2777','2559',10.00,'03','08','2016','12:48:07','2016-08-03','03/08/2016','1','3','0','10','1341500163444'),(40,'2688','2559',10.00,'04','08','2016','09:26:48','2016-08-04','04/08/2016','1','9','0','1','1342200002969'),(41,'2689','2559',10.00,'04','08','2016','09:26:48','2016-08-04','04/08/2016','1','9','0','2','1342200002969'),(42,'2690','2559',0.00,'04','08','2016','09:26:48','2016-08-04','04/08/2016','1','9','0','3','1342200002969'),(43,'2691','2559',0.00,'04','08','2016','09:26:48','2016-08-04','04/08/2016','1','9','0','4','1342200002969'),(44,'2692','2559',5.00,'04','08','2016','09:26:48','2016-08-04','04/08/2016','1','9','0','5','1342200002969'),(45,'2693','2559',10.00,'04','08','2016','09:26:48','2016-08-04','04/08/2016','1','9','0','6','1342200002969'),(46,'2694','2559',10.00,'04','08','2016','09:26:48','2016-08-04','04/08/2016','1','9','0','7','1342200002969'),(47,'2965','2559',1.00,'04','08','2016','09:26:48','2016-08-04','04/08/2016','1','9','0','8','1342200002969'),(48,'2696','2559',5.00,'04','08','2016','09:26:48','2016-08-04','04/08/2016','1','9','0','9','1342200002969'),(49,'2697','2559',0.00,'04','08','2016','09:26:48','2016-08-04','04/08/2016','1','9','0','10','1342200002969'),(50,'2711','2559',10.00,'04','08','2016','09:26:48','2016-08-04','04/08/2016','1','9','0','11','1342200002969'),(51,'2747','2559',5.00,'04','08','2016','09:49:23','2016-08-04','04/08/2016','1','5','0','1','3341501542151'),(52,'2734','2559',1.00,'04','08','2016','09:49:23','2016-08-04','04/08/2016','1','5','0','2','3341501542151'),(53,'2750','2559',2.00,'04','08','2016','09:49:23','2016-08-04','04/08/2016','1','5','0','3','3341501542151'),(54,'2738','2559',3.00,'04','08','2016','09:49:23','2016-08-04','04/08/2016','1','5','0','4','3341501542151'),(55,'2739','2559',4.00,'04','08','2016','09:49:23','2016-08-04','04/08/2016','1','5','0','5','3341501542151'),(56,'2752','2559',20.00,'04','08','2016','09:49:23','2016-08-04','04/08/2016','1','5','0','7','3341501542151'),(57,'2780','2559',5.00,'04','08','2016','09:49:23','2016-08-04','04/08/2016','1','5','0','8','3341501542151'),(58,'2747','2559',5.00,'04','08','2016','10:03:24','2016-08-04','04/08/2016','1','5','0','1','3341501542151'),(59,'2734','2559',1.00,'04','08','2016','10:03:24','2016-08-04','04/08/2016','1','5','0','2','3341501542151'),(60,'2750','2559',2.00,'04','08','2016','10:03:24','2016-08-04','04/08/2016','1','5','0','3','3341501542151'),(61,'2738','2559',3.00,'04','08','2016','10:03:24','2016-08-04','04/08/2016','1','5','0','4','3341501542151'),(62,'2739','2559',4.00,'04','08','2016','10:03:24','2016-08-04','04/08/2016','1','5','0','5','3341501542151'),(63,'2752','2559',20.00,'04','08','2016','10:03:24','2016-08-04','04/08/2016','1','5','0','7','3341501542151'),(64,'2780','2559',5.00,'04','08','2016','10:03:24','2016-08-04','04/08/2016','1','5','0','8','3341501542151'),(65,'2735','2559',11.00,'04','08','2016','10:26:34','2016-08-04','04/08/2016','1','6','0','1','3331300217946'),(66,'2762','2559',6.00,'04','08','2016','10:26:34','2016-08-04','04/08/2016','1','6','0','6','3331300217946'),(67,'2743','2559',1.00,'04','08','2016','10:26:34','2016-08-04','04/08/2016','1','6','0','7','3331300217946'),(68,'2723','2559',1.00,'04','08','2016','10:26:34','2016-08-04','04/08/2016','1','6','0','8','3331300217946'),(69,'2748','2559',23.00,'04','08','2016','02:52:55','2016-08-04','04/08/2016','1','4','0','1','3349900516062'),(70,'2764','2559',44.00,'04','08','2016','02:52:55','2016-08-04','04/08/2016','1','4','0','2','3349900516062'),(71,'2749','2559',60.00,'04','08','2016','02:52:55','2016-08-04','04/08/2016','1','4','0','3','3349900516062'),(72,'2753','2559',57.00,'04','08','2016','02:52:55','2016-08-04','04/08/2016','1','4','0','4','3349900516062'),(73,'2756','2559',187.00,'04','08','2016','02:52:55','2016-08-04','04/08/2016','1','4','0','5','3349900516062'),(74,'2767','2559',295.00,'04','08','2016','02:52:55','2016-08-04','04/08/2016','1','4','0','6','3349900516062'),(75,'2757','2559',121.00,'04','08','2016','02:52:55','2016-08-04','04/08/2016','1','4','0','7','3349900516062'),(76,'2758','2559',165.00,'04','08','2016','02:52:55','2016-08-04','04/08/2016','1','4','0','8','3349900516062'),(77,'2761','2559',222.00,'04','08','2016','02:52:55','2016-08-04','04/08/2016','1','4','0','9','3349900516062'),(78,'2735','2559',10.00,'05','08','2016','11:53:01','2016-08-05','05/08/2016','1','6','0','1','3331300217946'),(79,'2736','2559',5.00,'05','08','2016','11:53:01','2016-08-05','05/08/2016','1','6','0','2','3331300217946'),(80,'2737','2559',1.00,'05','08','2016','11:53:01','2016-08-05','05/08/2016','1','6','0','3','3331300217946'),(81,'2740','2559',2.00,'05','08','2016','11:53:01','2016-08-05','05/08/2016','1','6','0','4','3331300217946'),(82,'2762','2559',5.00,'05','08','2016','11:53:01','2016-08-05','05/08/2016','1','6','0','6','3331300217946'),(83,'2723','2559',2.00,'05','08','2016','11:53:01','2016-08-05','05/08/2016','1','6','0','8','3331300217946'),(84,'2748','2559',5.00,'05','08','2016','01:01:28','2016-08-05','05/08/2016','1','4','0','1','3349900516062'),(85,'2764','2559',5.00,'05','08','2016','01:01:28','2016-08-05','05/08/2016','1','4','0','2','3349900516062'),(86,'2749','2559',17.00,'05','08','2016','01:01:28','2016-08-05','05/08/2016','1','4','0','3','3349900516062'),(87,'2753','2559',1.00,'05','08','2016','01:01:28','2016-08-05','05/08/2016','1','4','0','4','3349900516062'),(88,'2756','2559',0.00,'05','08','2016','01:01:28','2016-08-05','05/08/2016','1','4','0','5','3349900516062'),(89,'2767','2559',1.00,'05','08','2016','01:01:28','2016-08-05','05/08/2016','1','4','0','6','3349900516062'),(90,'2757','2559',7.00,'05','08','2016','01:01:28','2016-08-05','05/08/2016','1','4','0','7','3349900516062'),(91,'2758','2559',0.00,'05','08','2016','01:01:28','2016-08-05','05/08/2016','1','4','0','8','3349900516062'),(92,'2761','2559',17.00,'05','08','2016','01:01:28','2016-08-05','05/08/2016','1','4','0','9','3349900516062'),(93,'2735','2559',10.00,'08','08','2016','09:15:30','2016-08-08','08/08/2016','1','6','0','1','3331300217946'),(94,'2736','2559',5.00,'08','08','2016','09:15:30','2016-08-08','08/08/2016','1','6','0','2','3331300217946'),(95,'2737','2559',5.00,'08','08','2016','09:15:30','2016-08-08','08/08/2016','1','6','0','3','3331300217946'),(96,'2741','2559',15.00,'08','08','2016','09:15:30','2016-08-08','08/08/2016','1','6','0','5','3331300217946'),(97,'2762','2559',5.00,'08','08','2016','09:15:30','2016-08-08','08/08/2016','1','6','0','6','3331300217946'),(98,'2743','2559',6.00,'08','08','2016','09:15:30','2016-08-08','08/08/2016','1','6','0','7','3331300217946'),(99,'2688','2559',15.00,'08','08','2016','10:34:50','2016-08-08','08/08/2016','1','9','0','1','1342200002969'),(100,'2689','2559',10.00,'08','08','2016','10:34:50','2016-08-08','08/08/2016','1','9','0','2','1342200002969'),(101,'2690','2559',0.00,'08','08','2016','10:34:50','2016-08-08','08/08/2016','1','9','0','3','1342200002969'),(102,'2691','2559',0.00,'08','08','2016','10:34:50','2016-08-08','08/08/2016','1','9','0','4','1342200002969'),(103,'2692','2559',5.00,'08','08','2016','10:34:50','2016-08-08','08/08/2016','1','9','0','5','1342200002969'),(104,'2693','2559',5.00,'08','08','2016','10:34:50','2016-08-08','08/08/2016','1','9','0','6','1342200002969'),(105,'2694','2559',10.00,'08','08','2016','10:34:50','2016-08-08','08/08/2016','1','9','0','7','1342200002969'),(106,'2965','2559',5.00,'08','08','2016','10:34:50','2016-08-08','08/08/2016','1','9','0','8','1342200002969'),(107,'2696','2559',5.00,'08','08','2016','10:34:50','2016-08-08','08/08/2016','1','9','0','9','1342200002969'),(108,'2697','2559',5.00,'08','08','2016','10:34:50','2016-08-08','08/08/2016','1','9','0','10','1342200002969'),(109,'2711','2559',10.00,'08','08','2016','10:34:50','2016-08-08','08/08/2016','1','9','0','11','1342200002969'),(110,'2735','2559',10.00,'09','08','2016','09:51:35','2016-08-09','09/08/2016','1','6','0','1','3331300217946'),(111,'2736','2559',10.00,'09','08','2016','09:51:35','2016-08-09','09/08/2016','1','6','0','2','3331300217946'),(112,'2737','2559',5.00,'09','08','2016','09:51:35','2016-08-09','09/08/2016','1','6','0','3','3331300217946'),(113,'2762','2559',20.00,'09','08','2016','09:51:35','2016-08-09','09/08/2016','1','6','0','6','3331300217946'),(114,'2743','2559',5.00,'09','08','2016','09:51:35','2016-08-09','09/08/2016','1','6','0','7','3331300217946'),(115,'2723','2559',5.00,'09','08','2016','09:51:35','2016-08-09','09/08/2016','1','6','0','8','3331300217946'),(116,'2748','2559',0.00,'08','08','2016','11:38:41','2016-08-08','08/08/2016','1','4','0','1','3349900516062'),(117,'2764','2559',0.00,'08','08','2016','11:38:41','2016-08-08','08/08/2016','1','4','0','2','3349900516062'),(118,'2749','2559',0.00,'08','08','2016','11:38:41','2016-08-08','08/08/2016','1','4','0','3','3349900516062'),(119,'2753','2559',1.00,'08','08','2016','11:38:41','2016-08-08','08/08/2016','1','4','0','4','3349900516062'),(120,'2756','2559',4.00,'08','08','2016','11:38:41','2016-08-08','08/08/2016','1','4','0','5','3349900516062'),(121,'2767','2559',5.00,'08','08','2016','11:38:41','2016-08-08','08/08/2016','1','4','0','6','3349900516062'),(122,'2757','2559',5.00,'08','08','2016','11:38:41','2016-08-08','08/08/2016','1','4','0','7','3349900516062'),(123,'2758','2559',5.00,'08','08','2016','11:38:41','2016-08-08','08/08/2016','1','4','0','8','3349900516062'),(124,'2761','2559',7.00,'08','08','2016','11:38:41','2016-08-08','08/08/2016','1','4','0','9','3349900516062'),(125,'2748','2559',0.00,'09','08','2016','11:41:57','2016-08-09','09/08/2016','1','4','0','1','3349900516062'),(126,'2764','2559',0.00,'09','08','2016','11:41:57','2016-08-09','09/08/2016','1','4','0','2','3349900516062'),(127,'2749','2559',0.00,'09','08','2016','11:41:57','2016-08-09','09/08/2016','1','4','0','3','3349900516062'),(128,'2753','2559',0.00,'09','08','2016','11:41:57','2016-08-09','09/08/2016','1','4','0','4','3349900516062'),(129,'2756','2559',5.00,'09','08','2016','11:41:57','2016-08-09','09/08/2016','1','4','0','5','3349900516062'),(130,'2767','2559',2.00,'09','08','2016','11:41:57','2016-08-09','09/08/2016','1','4','0','6','3349900516062'),(131,'2757','2559',2.00,'09','08','2016','11:41:57','2016-08-09','09/08/2016','1','4','0','7','3349900516062'),(132,'2758','2559',5.00,'09','08','2016','11:41:57','2016-08-09','09/08/2016','1','4','0','8','3349900516062'),(133,'2761','2559',2.00,'09','08','2016','11:41:57','2016-08-09','09/08/2016','1','4','0','9','3349900516062'),(134,'2688','2559',0.00,'05','08','2016','08:24:30','2016-08-05','05/08/2016','1','9','0','1','1342200002969'),(135,'2689','2559',5.00,'05','08','2016','08:24:30','2016-08-05','05/08/2016','1','9','0','2','1342200002969'),(136,'2690','2559',0.00,'05','08','2016','08:24:30','2016-08-05','05/08/2016','1','9','0','3','1342200002969'),(137,'2691','2559',0.00,'05','08','2016','08:24:30','2016-08-05','05/08/2016','1','9','0','4','1342200002969'),(138,'2692','2559',5.00,'05','08','2016','08:24:30','2016-08-05','05/08/2016','1','9','0','5','1342200002969'),(139,'2693','2559',5.00,'05','08','2016','08:24:30','2016-08-05','05/08/2016','1','9','0','6','1342200002969'),(140,'2694','2559',10.00,'05','08','2016','08:24:30','2016-08-05','05/08/2016','1','9','0','7','1342200002969'),(141,'2965','2559',5.00,'05','08','2016','08:24:30','2016-08-05','05/08/2016','1','9','0','8','1342200002969'),(142,'2696','2559',0.00,'05','08','2016','08:24:30','2016-08-05','05/08/2016','1','9','0','9','1342200002969'),(143,'2697','2559',0.00,'05','08','2016','08:24:30','2016-08-05','05/08/2016','1','9','0','10','1342200002969'),(144,'2711','2559',10.00,'05','08','2016','08:24:30','2016-08-05','05/08/2016','1','9','0','11','1342200002969'),(145,'2688','2559',5.00,'03','08','2016','08:29:27','2016-08-03','03/08/2016','1','9','0','1','1342200002969'),(146,'2689','2559',5.00,'03','08','2016','08:29:27','2016-08-03','03/08/2016','1','9','0','2','1342200002969'),(147,'2691','2559',5.00,'03','08','2016','08:29:27','2016-08-03','03/08/2016','1','9','0','4','1342200002969'),(148,'2692','2559',5.00,'03','08','2016','08:29:27','2016-08-03','03/08/2016','1','9','0','5','1342200002969'),(149,'2693','2559',5.00,'03','08','2016','08:29:27','2016-08-03','03/08/2016','1','9','0','6','1342200002969'),(150,'2694','2559',10.00,'03','08','2016','08:29:27','2016-08-03','03/08/2016','1','9','0','7','1342200002969'),(151,'2965','2559',4.00,'03','08','2016','08:29:27','2016-08-03','03/08/2016','1','9','0','8','1342200002969'),(152,'2697','2559',5.00,'03','08','2016','08:29:27','2016-08-03','03/08/2016','1','9','0','10','1342200002969'),(153,'2711','2559',9.00,'03','08','2016','08:29:27','2016-08-03','03/08/2016','1','9','0','11','1342200002969'),(154,'2735','2559',10.00,'10','08','2016','01:41:52','2016-08-10','10/08/2016','1','6','0','1','3331300217946'),(155,'2736','2559',10.00,'10','08','2016','01:41:52','2016-08-10','10/08/2016','1','6','0','2','3331300217946'),(156,'2737','2559',5.00,'10','08','2016','01:41:52','2016-08-10','10/08/2016','1','6','0','3','3331300217946'),(157,'2762','2559',6.00,'10','08','2016','01:41:52','2016-08-10','10/08/2016','1','6','0','6','3331300217946'),(158,'2743','2559',5.00,'10','08','2016','01:41:52','2016-08-10','10/08/2016','1','6','0','7','3331300217946'),(159,'2723','2559',5.00,'10','08','2016','01:41:52','2016-08-10','10/08/2016','1','6','0','8','3331300217946'),(160,'2689','2559',10.00,'10','08','2016','02:36:31','2016-08-10','10/08/2016','1','9','0','2','1342200002969'),(161,'2691','2559',10.00,'10','08','2016','02:36:31','2016-08-10','10/08/2016','1','9','0','4','1342200002969'),(162,'2692','2559',10.00,'10','08','2016','02:36:31','2016-08-10','10/08/2016','1','9','0','5','1342200002969'),(163,'2693','2559',5.00,'10','08','2016','02:36:31','2016-08-10','10/08/2016','1','9','0','6','1342200002969'),(164,'2694','2559',5.00,'10','08','2016','02:36:31','2016-08-10','10/08/2016','1','9','0','7','1342200002969'),(165,'2696','2559',10.00,'10','08','2016','02:36:31','2016-08-10','10/08/2016','1','9','0','9','1342200002969'),(166,'2697','2559',5.00,'10','08','2016','02:36:31','2016-08-10','10/08/2016','1','9','0','10','1342200002969'),(167,'2711','2559',10.00,'10','08','2016','02:36:31','2016-08-10','10/08/2016','1','9','0','11','1342200002969'),(168,'2748','2559',0.00,'10','08','2016','02:58:19','2016-08-10','10/08/2016','1','4','0','1','3349900516062'),(169,'2764','2559',0.00,'10','08','2016','02:58:19','2016-08-10','10/08/2016','1','4','0','2','3349900516062'),(170,'2749','2559',20.00,'10','08','2016','02:58:19','2016-08-10','10/08/2016','1','4','0','3','3349900516062'),(171,'2753','2559',0.00,'10','08','2016','02:58:19','2016-08-10','10/08/2016','1','4','0','4','3349900516062'),(172,'2756','2559',0.00,'10','08','2016','02:58:19','2016-08-10','10/08/2016','1','4','0','5','3349900516062'),(173,'2767','2559',3.00,'10','08','2016','02:58:19','2016-08-10','10/08/2016','1','4','0','6','3349900516062'),(174,'2757','2559',5.00,'10','08','2016','02:58:19','2016-08-10','10/08/2016','1','4','0','7','3349900516062'),(175,'2758','2559',5.00,'10','08','2016','02:58:19','2016-08-10','10/08/2016','1','4','0','8','3349900516062'),(176,'2761','2559',5.00,'10','08','2016','02:58:19','2016-08-10','10/08/2016','1','4','0','9','3349900516062'),(177,'2735','2559',10.00,'11','08','2016','09:17:57','2016-08-11','11/08/2016','1','6','0','1','3331300217946'),(178,'2736','2559',15.00,'11','08','2016','09:17:57','2016-08-11','11/08/2016','1','6','0','2','3331300217946'),(179,'2737','2559',5.00,'11','08','2016','09:17:57','2016-08-11','11/08/2016','1','6','0','3','3331300217946'),(180,'2740','2559',5.00,'11','08','2016','09:17:57','2016-08-11','11/08/2016','1','6','0','4','3331300217946'),(181,'2741','2559',1.00,'11','08','2016','09:17:57','2016-08-11','11/08/2016','1','6','0','5','3331300217946'),(182,'2743','2559',5.00,'11','08','2016','09:17:57','2016-08-11','11/08/2016','1','6','0','7','3331300217946'),(183,'2723','2559',5.00,'11','08','2016','09:17:57','2016-08-11','11/08/2016','1','6','0','8','3331300217946'),(184,'2748','2559',0.00,'11','08','2016','01:00:15','2016-08-11','11/08/2016','1','4','0','1','3349900516062'),(185,'2764','2559',7.00,'11','08','2016','01:00:15','2016-08-11','11/08/2016','1','4','0','2','3349900516062'),(186,'2749','2559',0.00,'11','08','2016','01:00:15','2016-08-11','11/08/2016','1','4','0','3','3349900516062'),(187,'2753','2559',0.00,'11','08','2016','01:00:15','2016-08-11','11/08/2016','1','4','0','4','3349900516062'),(188,'2756','2559',5.00,'11','08','2016','01:00:15','2016-08-11','11/08/2016','1','4','0','5','3349900516062'),(189,'2767','2559',19.00,'11','08','2016','01:00:15','2016-08-11','11/08/2016','1','4','0','6','3349900516062'),(190,'2757','2559',4.00,'11','08','2016','01:00:15','2016-08-11','11/08/2016','1','4','0','7','3349900516062'),(191,'2758','2559',5.00,'11','08','2016','01:00:15','2016-08-11','11/08/2016','1','4','0','8','3349900516062'),(192,'2761','2559',5.00,'11','08','2016','01:00:15','2016-08-11','11/08/2016','1','4','0','9','3349900516062'),(193,'2735','2559',10.00,'15','08','2016','09:38:12','2016-08-15','15/08/2016','1','6','0','1','3331300217946'),(194,'2736','2559',10.00,'15','08','2016','09:38:12','2016-08-15','15/08/2016','1','6','0','2','3331300217946'),(195,'2737','2559',1.00,'15','08','2016','09:38:12','2016-08-15','15/08/2016','1','6','0','3','3331300217946'),(196,'2762','2559',5.00,'15','08','2016','09:38:12','2016-08-15','15/08/2016','1','6','0','6','3331300217946'),(197,'2743','2559',3.00,'15','08','2016','09:38:12','2016-08-15','15/08/2016','1','6','0','7','3331300217946'),(198,'2723','2559',5.00,'15','08','2016','09:38:12','2016-08-15','15/08/2016','1','6','0','8','3331300217946'),(199,'2735','2559',10.00,'16','08','2016','10:17:22','2016-08-16','16/08/2016','1','6','0','1','3331300217946'),(200,'2736','2559',10.00,'16','08','2016','10:17:22','2016-08-16','16/08/2016','1','6','0','2','3331300217946'),(201,'2740','2559',1.00,'16','08','2016','10:17:22','2016-08-16','16/08/2016','1','6','0','4','3331300217946'),(202,'2743','2559',8.00,'16','08','2016','10:17:22','2016-08-16','16/08/2016','1','6','0','7','3331300217946'),(203,'2723','2559',5.00,'16','08','2016','10:17:22','2016-08-16','16/08/2016','1','6','0','8','3331300217946'),(204,'2689','2559',5.00,'16','08','2016','10:49:08','2016-08-16','16/08/2016','1','9','0','2','1342200002969'),(205,'2691','2559',5.00,'16','08','2016','10:49:08','2016-08-16','16/08/2016','1','9','0','4','1342200002969'),(206,'2692','2559',40.00,'16','08','2016','10:49:08','2016-08-16','16/08/2016','1','9','0','5','1342200002969'),(207,'2693','2559',5.00,'16','08','2016','10:49:08','2016-08-16','16/08/2016','1','9','0','6','1342200002969'),(208,'2694','2559',20.00,'16','08','2016','10:49:08','2016-08-16','16/08/2016','1','9','0','7','1342200002969'),(209,'2965','2559',5.00,'16','08','2016','10:49:08','2016-08-16','16/08/2016','1','9','0','8','1342200002969'),(210,'2696','2559',5.00,'16','08','2016','10:49:08','2016-08-16','16/08/2016','1','9','0','9','1342200002969'),(211,'2697','2559',5.00,'16','08','2016','10:49:08','2016-08-16','16/08/2016','1','9','0','10','1342200002969'),(212,'2711','2559',5.00,'16','08','2016','10:49:08','2016-08-16','16/08/2016','1','9','0','11','1342200002969'),(213,'2689','2559',5.00,'15','08','2016','10:51:36','2016-08-15','15/08/2016','1','9','0','2','1342200002969'),(214,'2691','2559',5.00,'15','08','2016','10:51:36','2016-08-15','15/08/2016','1','9','0','4','1342200002969'),(215,'2694','2559',20.00,'15','08','2016','10:51:36','2016-08-15','15/08/2016','1','9','0','7','1342200002969'),(216,'2711','2559',10.00,'15','08','2016','10:51:36','2016-08-15','15/08/2016','1','9','0','11','1342200002969'),(217,'2688','2559',12.00,'17','08','2016','10:03:23','2016-08-17','17/08/2016','1','9','0','1','1342200002969'),(218,'2689','2559',5.00,'17','08','2016','10:03:23','2016-08-17','17/08/2016','1','9','0','2','1342200002969'),(219,'2691','2559',5.00,'17','08','2016','10:03:23','2016-08-17','17/08/2016','1','9','0','4','1342200002969'),(220,'2692','2559',5.00,'17','08','2016','10:03:23','2016-08-17','17/08/2016','1','9','0','5','1342200002969'),(221,'2693','2559',5.00,'17','08','2016','10:03:23','2016-08-17','17/08/2016','1','9','0','6','1342200002969'),(222,'2694','2559',5.00,'17','08','2016','10:03:23','2016-08-17','17/08/2016','1','9','0','7','1342200002969'),(223,'2696','2559',10.00,'17','08','2016','10:03:23','2016-08-17','17/08/2016','1','9','0','9','1342200002969'),(224,'2697','2559',5.00,'17','08','2016','10:03:23','2016-08-17','17/08/2016','1','9','0','10','1342200002969'),(225,'2711','2559',5.00,'17','08','2016','10:03:23','2016-08-17','17/08/2016','1','9','0','11','1342200002969'),(226,'2735','2559',10.00,'17','08','2016','10:31:56','2016-08-17','17/08/2016','1','6','0','1','3331300217946'),(227,'2736','2559',10.00,'17','08','2016','10:31:56','2016-08-17','17/08/2016','1','6','0','2','3331300217946'),(228,'2737','2559',5.00,'17','08','2016','10:31:56','2016-08-17','17/08/2016','1','6','0','3','3331300217946'),(229,'2740','2559',5.00,'17','08','2016','10:31:56','2016-08-17','17/08/2016','1','6','0','4','3331300217946'),(230,'2741','2559',1.00,'17','08','2016','10:31:56','2016-08-17','17/08/2016','1','6','0','5','3331300217946'),(231,'2762','2559',10.00,'17','08','2016','10:31:56','2016-08-17','17/08/2016','1','6','0','6','3331300217946'),(232,'2743','2559',3.00,'17','08','2016','10:31:56','2016-08-17','17/08/2016','1','6','0','7','3331300217946'),(233,'2723','2559',5.00,'17','08','2016','10:31:56','2016-08-17','17/08/2016','1','6','0','8','3331300217946'),(234,'2698','2559',5.00,'04','08','2016','09:50:29','2016-08-04','04/08/2016','1','8','0','1','3401800115394'),(235,'2699','2559',10.00,'04','08','2016','09:50:29','2016-08-04','04/08/2016','1','8','0','2','3401800115394'),(236,'2700','2559',5.00,'04','08','2016','09:50:29','2016-08-04','04/08/2016','1','8','0','3','3401800115394'),(237,'2701','2559',10.00,'04','08','2016','09:50:29','2016-08-04','04/08/2016','1','8','0','4','3401800115394'),(238,'2704','2559',10.00,'04','08','2016','09:50:29','2016-08-04','04/08/2016','1','8','0','7','3401800115394'),(239,'2705','2559',10.00,'04','08','2016','09:50:29','2016-08-04','04/08/2016','1','8','0','8','3401800115394'),(240,'2706','2559',10.00,'04','08','2016','09:50:29','2016-08-04','04/08/2016','1','8','0','9','3401800115394'),(241,'2707','2559',20.00,'04','08','2016','09:50:29','2016-08-04','04/08/2016','1','8','0','10','3401800115394'),(242,'2714','2559',10.00,'04','08','2016','09:50:29','2016-08-04','04/08/2016','1','8','0','11','3401800115394'),(243,'2791','2559',20.00,'04','08','2016','09:50:29','2016-08-04','04/08/2016','1','8','0','12','3401800115394'),(244,'2698','2559',20.00,'05','08','2016','09:54:57','2016-08-05','05/08/2016','1','8','0','1','3401800115394'),(245,'2699','2559',15.00,'05','08','2016','09:54:57','2016-08-05','05/08/2016','1','8','0','2','3401800115394'),(246,'2700','2559',15.00,'05','08','2016','09:54:57','2016-08-05','05/08/2016','1','8','0','3','3401800115394'),(247,'2701','2559',15.00,'05','08','2016','09:54:57','2016-08-05','05/08/2016','1','8','0','4','3401800115394'),(248,'2702','2559',25.00,'05','08','2016','09:54:57','2016-08-05','05/08/2016','1','8','0','5','3401800115394'),(249,'2703','2559',10.00,'05','08','2016','09:54:57','2016-08-05','05/08/2016','1','8','0','6','3401800115394'),(250,'2704','2559',15.00,'05','08','2016','09:54:57','2016-08-05','05/08/2016','1','8','0','7','3401800115394'),(251,'2705','2559',20.00,'05','08','2016','09:54:57','2016-08-05','05/08/2016','1','8','0','8','3401800115394'),(252,'2706','2559',10.00,'05','08','2016','09:54:57','2016-08-05','05/08/2016','1','8','0','9','3401800115394'),(253,'2707','2559',35.00,'05','08','2016','09:54:57','2016-08-05','05/08/2016','1','8','0','10','3401800115394'),(254,'2714','2559',40.00,'05','08','2016','09:54:57','2016-08-05','05/08/2016','1','8','0','11','3401800115394'),(255,'2791','2559',7.00,'05','08','2016','09:54:57','2016-08-05','05/08/2016','1','8','0','12','3401800115394'),(256,'2698','2559',15.00,'08','08','2016','09:58:25','2016-08-08','08/08/2016','1','8','0','1','3401800115394'),(257,'2699','2559',20.00,'08','08','2016','09:58:25','2016-08-08','08/08/2016','1','8','0','2','3401800115394'),(258,'2700','2559',15.00,'08','08','2016','09:58:25','2016-08-08','08/08/2016','1','8','0','3','3401800115394'),(259,'2701','2559',15.00,'08','08','2016','09:58:25','2016-08-08','08/08/2016','1','8','0','4','3401800115394'),(260,'2702','2559',5.00,'08','08','2016','09:58:25','2016-08-08','08/08/2016','1','8','0','5','3401800115394'),(261,'2703','2559',5.00,'08','08','2016','09:58:25','2016-08-08','08/08/2016','1','8','0','6','3401800115394'),(262,'2704','2559',20.00,'08','08','2016','09:58:25','2016-08-08','08/08/2016','1','8','0','7','3401800115394'),(263,'2705','2559',5.00,'08','08','2016','09:58:25','2016-08-08','08/08/2016','1','8','0','8','3401800115394'),(264,'2706','2559',10.00,'08','08','2016','09:58:25','2016-08-08','08/08/2016','1','8','0','9','3401800115394'),(265,'2707','2559',10.00,'08','08','2016','09:58:25','2016-08-08','08/08/2016','1','8','0','10','3401800115394'),(266,'2714','2559',15.00,'08','08','2016','09:58:25','2016-08-08','08/08/2016','1','8','0','11','3401800115394'),(267,'2791','2559',15.00,'08','08','2016','09:58:25','2016-08-08','08/08/2016','1','8','0','12','3401800115394'),(268,'2698','2559',10.00,'10','08','2016','10:03:29','2016-08-10','10/08/2016','1','8','0','1','3401800115394'),(269,'2700','2559',5.00,'10','08','2016','10:03:29','2016-08-10','10/08/2016','1','8','0','3','3401800115394'),(270,'2702','2559',5.00,'10','08','2016','10:03:29','2016-08-10','10/08/2016','1','8','0','5','3401800115394'),(271,'2703','2559',5.00,'10','08','2016','10:03:29','2016-08-10','10/08/2016','1','8','0','6','3401800115394'),(272,'2704','2559',100.00,'10','08','2016','10:03:29','2016-08-10','10/08/2016','1','8','0','7','3401800115394'),(273,'2705','2559',10.00,'10','08','2016','10:03:29','2016-08-10','10/08/2016','1','8','0','8','3401800115394'),(274,'2706','2559',15.00,'10','08','2016','10:03:29','2016-08-10','10/08/2016','1','8','0','9','3401800115394'),(275,'2707','2559',5.00,'10','08','2016','10:03:29','2016-08-10','10/08/2016','1','8','0','10','3401800115394'),(276,'2714','2559',10.00,'10','08','2016','10:03:29','2016-08-10','10/08/2016','1','8','0','11','3401800115394'),(277,'2791','2559',5.00,'10','08','2016','10:03:29','2016-08-10','10/08/2016','1','8','0','12','3401800115394'),(278,'2700','2559',20.00,'11','08','2016','10:04:24','2016-08-11','11/08/2016','1','8','0','3','3401800115394'),(279,'2698','2559',20.00,'18','08','2016','10:25:40','2016-08-18','18/08/2016','1','8','0','1','3401800115394'),(280,'2699','2559',5.00,'18','08','2016','10:25:40','2016-08-18','18/08/2016','1','8','0','2','3401800115394'),(281,'2700','2559',15.00,'18','08','2016','10:25:40','2016-08-18','18/08/2016','1','8','0','3','3401800115394'),(282,'2701','2559',10.00,'18','08','2016','10:25:40','2016-08-18','18/08/2016','1','8','0','4','3401800115394'),(283,'2702','2559',5.00,'18','08','2016','10:25:40','2016-08-18','18/08/2016','1','8','0','5','3401800115394'),(284,'2703','2559',100.00,'18','08','2016','10:25:40','2016-08-18','18/08/2016','1','8','0','6','3401800115394'),(285,'2705','2559',5.00,'18','08','2016','10:25:40','2016-08-18','18/08/2016','1','8','0','8','3401800115394'),(286,'2706','2559',10.00,'18','08','2016','10:25:40','2016-08-18','18/08/2016','1','8','0','9','3401800115394'),(287,'2714','2559',6.00,'18','08','2016','10:25:40','2016-08-18','18/08/2016','1','8','0','11','3401800115394'),(288,'2791','2559',5.00,'18','08','2016','10:25:40','2016-08-18','18/08/2016','1','8','0','12','3401800115394'),(289,'2735','2559',10.00,'18','08','2016','01:46:35','2016-08-18','18/08/2016','1','6','0','1','3331300217946'),(290,'2736','2559',10.00,'18','08','2016','01:46:35','2016-08-18','18/08/2016','1','6','0','2','3331300217946'),(291,'2737','2559',1.00,'18','08','2016','01:46:35','2016-08-18','18/08/2016','1','6','0','3','3331300217946'),(292,'2740','2559',1.00,'18','08','2016','01:46:35','2016-08-18','18/08/2016','1','6','0','4','3331300217946'),(293,'2698','2559',20.00,'19','08','2016','10:22:04','2016-08-19','19/08/2016','1','8','0','1','3401800115394'),(294,'2699','2559',10.00,'19','08','2016','10:22:04','2016-08-19','19/08/2016','1','8','0','2','3401800115394'),(295,'2700','2559',5.00,'19','08','2016','10:22:04','2016-08-19','19/08/2016','1','8','0','3','3401800115394'),(296,'2702','2559',5.00,'19','08','2016','10:22:04','2016-08-19','19/08/2016','1','8','0','5','3401800115394'),(297,'2703','2559',10.00,'19','08','2016','10:22:04','2016-08-19','19/08/2016','1','8','0','6','3401800115394'),(298,'2704','2559',10.00,'19','08','2016','10:22:04','2016-08-19','19/08/2016','1','8','0','7','3401800115394'),(299,'2705','2559',10.00,'19','08','2016','10:22:04','2016-08-19','19/08/2016','1','8','0','8','3401800115394'),(300,'2706','2559',10.00,'19','08','2016','10:22:04','2016-08-19','19/08/2016','1','8','0','9','3401800115394'),(301,'2707','2559',5.00,'19','08','2016','10:22:04','2016-08-19','19/08/2016','1','8','0','10','3401800115394'),(302,'2714','2559',100.00,'19','08','2016','10:22:04','2016-08-19','19/08/2016','1','8','0','11','3401800115394'),(303,'2791','2559',5.00,'19','08','2016','10:22:04','2016-08-19','19/08/2016','1','8','0','12','3401800115394'),(304,'2698','2559',20.00,'19','08','2016','10:25:51','2016-08-19','19/08/2016','1','8','0','1','3401800115394'),(305,'2699','2559',10.00,'19','08','2016','10:25:51','2016-08-19','19/08/2016','1','8','0','2','3401800115394'),(306,'2700','2559',5.00,'19','08','2016','10:25:51','2016-08-19','19/08/2016','1','8','0','3','3401800115394'),(307,'2702','2559',5.00,'19','08','2016','10:25:51','2016-08-19','19/08/2016','1','8','0','5','3401800115394'),(308,'2703','2559',10.00,'19','08','2016','10:25:51','2016-08-19','19/08/2016','1','8','0','6','3401800115394'),(309,'2704','2559',10.00,'19','08','2016','10:25:51','2016-08-19','19/08/2016','1','8','0','7','3401800115394'),(310,'2705','2559',10.00,'19','08','2016','10:25:51','2016-08-19','19/08/2016','1','8','0','8','3401800115394'),(311,'2706','2559',10.00,'19','08','2016','10:25:51','2016-08-19','19/08/2016','1','8','0','9','3401800115394'),(312,'2707','2559',5.00,'19','08','2016','10:25:51','2016-08-19','19/08/2016','1','8','0','10','3401800115394'),(313,'2714','2559',100.00,'19','08','2016','10:25:51','2016-08-19','19/08/2016','1','8','0','11','3401800115394'),(314,'2791','2559',5.00,'19','08','2016','10:25:51','2016-08-19','19/08/2016','1','8','0','12','3401800115394'),(315,'2735','2559',10.00,'19','08','2016','01:14:05','2016-08-19','19/08/2016','1','6','0','1','3331300217946'),(316,'2737','2559',4.00,'19','08','2016','01:14:05','2016-08-19','19/08/2016','1','6','0','3','3331300217946'),(317,'2740','2559',2.00,'19','08','2016','01:14:05','2016-08-19','19/08/2016','1','6','0','4','3331300217946'),(318,'2762','2559',5.00,'19','08','2016','01:14:05','2016-08-19','19/08/2016','1','6','0','6','3331300217946'),(319,'2743','2559',5.00,'19','08','2016','01:14:05','2016-08-19','19/08/2016','1','6','0','7','3331300217946'),(320,'2723','2559',2.00,'19','08','2016','01:14:05','2016-08-19','19/08/2016','1','6','0','8','3331300217946'),(321,'2735','2559',10.00,'22','08','2016','10:13:22','2016-08-22','22/08/2016','1','6','0','1','3331300217946'),(322,'2736','2559',15.00,'22','08','2016','10:13:22','2016-08-22','22/08/2016','1','6','0','2','3331300217946'),(323,'2737','2559',5.00,'22','08','2016','10:13:22','2016-08-22','22/08/2016','1','6','0','3','3331300217946'),(324,'2740','2559',5.00,'22','08','2016','10:13:22','2016-08-22','22/08/2016','1','6','0','4','3331300217946'),(325,'2762','2559',11.00,'22','08','2016','10:13:22','2016-08-22','22/08/2016','1','6','0','6','3331300217946'),(326,'2723','2559',5.00,'22','08','2016','10:13:22','2016-08-22','22/08/2016','1','6','0','8','3331300217946'),(327,'2748','2559',0.00,'22','08','2016','12:16:21','2016-08-22','22/08/2016','1','4','0','1','3349900516062'),(328,'2764','2559',0.00,'22','08','2016','12:16:21','2016-08-22','22/08/2016','1','4','0','2','3349900516062'),(329,'2749','2559',5.00,'22','08','2016','12:16:21','2016-08-22','22/08/2016','1','4','0','3','3349900516062'),(330,'2753','2559',0.00,'22','08','2016','12:16:21','2016-08-22','22/08/2016','1','4','0','4','3349900516062'),(331,'2756','2559',4.00,'22','08','2016','12:16:21','2016-08-22','22/08/2016','1','4','0','5','3349900516062'),(332,'2767','2559',5.00,'22','08','2016','12:16:21','2016-08-22','22/08/2016','1','4','0','6','3349900516062'),(333,'2757','2559',0.00,'22','08','2016','12:16:21','2016-08-22','22/08/2016','1','4','0','7','3349900516062'),(334,'2758','2559',0.00,'22','08','2016','12:16:21','2016-08-22','22/08/2016','1','4','0','8','3349900516062'),(335,'2761','2559',5.00,'22','08','2016','12:16:21','2016-08-22','22/08/2016','1','4','0','9','3349900516062'),(336,'2748','2559',5.00,'22','08','2016','12:29:07','2016-08-22','22/08/2016','1','4','0','1','3349900516062'),(337,'2764','2559',16.00,'22','08','2016','12:29:07','2016-08-22','22/08/2016','1','4','0','2','3349900516062'),(338,'2749','2559',35.00,'22','08','2016','12:29:07','2016-08-22','22/08/2016','1','4','0','3','3349900516062'),(339,'2753','2559',8.00,'22','08','2016','12:29:07','2016-08-22','22/08/2016','1','4','0','4','3349900516062'),(340,'2756','2559',2.00,'22','08','2016','12:29:07','2016-08-22','22/08/2016','1','4','0','5','3349900516062'),(341,'2767','2559',24.00,'22','08','2016','12:29:07','2016-08-22','22/08/2016','1','4','0','6','3349900516062'),(342,'2757','2559',8.00,'22','08','2016','12:29:07','2016-08-22','22/08/2016','1','4','0','7','3349900516062'),(343,'2758','2559',22.00,'22','08','2016','12:29:07','2016-08-22','22/08/2016','1','4','0','8','3349900516062'),(344,'2761','2559',46.00,'22','08','2016','12:29:07','2016-08-22','22/08/2016','1','4','0','9','3349900516062'),(345,'2688','2559',10.00,'22','08','2016','02:01:15','2016-08-22','22/08/2016','1','9','0','1','1342200002969'),(346,'2689','2559',5.00,'22','08','2016','02:01:15','2016-08-22','22/08/2016','1','9','0','2','1342200002969'),(347,'2692','2559',10.00,'22','08','2016','02:01:15','2016-08-22','22/08/2016','1','9','0','5','1342200002969'),(348,'2693','2559',5.00,'22','08','2016','02:01:15','2016-08-22','22/08/2016','1','9','0','6','1342200002969'),(349,'2694','2559',10.00,'22','08','2016','02:01:15','2016-08-22','22/08/2016','1','9','0','7','1342200002969'),(350,'2696','2559',5.00,'22','08','2016','02:01:15','2016-08-22','22/08/2016','1','9','0','9','1342200002969'),(351,'2697','2559',7.00,'22','08','2016','02:01:15','2016-08-22','22/08/2016','1','9','0','10','1342200002969'),(352,'2711','2559',15.00,'22','08','2016','02:01:15','2016-08-22','22/08/2016','1','9','0','11','1342200002969'),(353,'2735','2559',10.00,'25','08','2016','12:52:57','2016-08-25','25/08/2016','1','6','0','1','3331300217946'),(354,'2737','2559',5.00,'25','08','2016','12:52:57','2016-08-25','25/08/2016','1','6','0','3','3331300217946'),(355,'2762','2559',10.00,'25','08','2016','12:52:57','2016-08-25','25/08/2016','1','6','0','6','3331300217946'),(356,'2743','2559',1.00,'25','08','2016','12:52:57','2016-08-25','25/08/2016','1','6','0','7','3331300217946'),(357,'2723','2559',2.00,'25','08','2016','12:52:57','2016-08-25','25/08/2016','1','6','0','8','3331300217946'),(358,'2698','2559',20.00,'19','08','2016','01:23:35','2016-08-19','19/08/2016','1','8','0','1','3401800115394'),(359,'2699','2559',10.00,'19','08','2016','01:23:35','2016-08-19','19/08/2016','1','8','0','2','3401800115394'),(360,'2700','2559',5.00,'19','08','2016','01:23:35','2016-08-19','19/08/2016','1','8','0','3','3401800115394'),(361,'2702','2559',5.00,'19','08','2016','01:23:35','2016-08-19','19/08/2016','1','8','0','5','3401800115394'),(362,'2703','2559',10.00,'19','08','2016','01:23:35','2016-08-19','19/08/2016','1','8','0','6','3401800115394'),(363,'2704','2559',10.00,'19','08','2016','01:23:35','2016-08-19','19/08/2016','1','8','0','7','3401800115394'),(364,'2705','2559',10.00,'19','08','2016','01:23:35','2016-08-19','19/08/2016','1','8','0','8','3401800115394'),(365,'2706','2559',10.00,'19','08','2016','01:23:35','2016-08-19','19/08/2016','1','8','0','9','3401800115394'),(366,'2707','2559',5.00,'19','08','2016','01:23:35','2016-08-19','19/08/2016','1','8','0','10','3401800115394'),(367,'2714','2559',100.00,'19','08','2016','01:23:35','2016-08-19','19/08/2016','1','8','0','11','3401800115394'),(368,'2791','2559',5.00,'19','08','2016','01:23:35','2016-08-19','19/08/2016','1','8','0','12','3401800115394'),(369,'2698','2559',20.00,'24','08','2016','01:25:42','2016-08-24','24/08/2016','1','8','0','1','3401800115394'),(370,'2700','2559',20.00,'24','08','2016','01:25:42','2016-08-24','24/08/2016','1','8','0','3','3401800115394'),(371,'2705','2559',15.00,'24','08','2016','01:25:42','2016-08-24','24/08/2016','1','8','0','8','3401800115394'),(372,'2706','2559',20.00,'24','08','2016','01:25:42','2016-08-24','24/08/2016','1','8','0','9','3401800115394'),(373,'2714','2559',20.00,'24','08','2016','01:25:42','2016-08-24','24/08/2016','1','8','0','11','3401800115394'),(374,'2791','2559',20.00,'24','08','2016','01:25:42','2016-08-24','24/08/2016','1','8','0','12','3401800115394'),(375,'2698','2559',20.00,'19','08','2016','01:28:50','2016-08-19','19/08/2016','1','8','0','1','3401800115394'),(376,'2699','2559',10.00,'19','08','2016','01:28:50','2016-08-19','19/08/2016','1','8','0','2','3401800115394'),(377,'2700','2559',5.00,'19','08','2016','01:28:50','2016-08-19','19/08/2016','1','8','0','3','3401800115394'),(378,'2702','2559',5.00,'19','08','2016','01:28:50','2016-08-19','19/08/2016','1','8','0','5','3401800115394'),(379,'2703','2559',10.00,'19','08','2016','01:28:50','2016-08-19','19/08/2016','1','8','0','6','3401800115394'),(380,'2704','2559',10.00,'19','08','2016','01:28:50','2016-08-19','19/08/2016','1','8','0','7','3401800115394'),(381,'2705','2559',10.00,'19','08','2016','01:28:50','2016-08-19','19/08/2016','1','8','0','8','3401800115394'),(382,'2706','2559',10.00,'19','08','2016','01:28:50','2016-08-19','19/08/2016','1','8','0','9','3401800115394'),(383,'2707','2559',5.00,'19','08','2016','01:28:50','2016-08-19','19/08/2016','1','8','0','10','3401800115394'),(384,'2714','2559',100.00,'19','08','2016','01:28:50','2016-08-19','19/08/2016','1','8','0','11','3401800115394'),(385,'2791','2559',5.00,'19','08','2016','01:28:50','2016-08-19','19/08/2016','1','8','0','12','3401800115394'),(386,'2748','2559',47.00,'14','09','2016','01:57:32','2016-09-14','14/09/2016','1','4','0','1','3349900516062'),(387,'2764','2559',24.00,'14','09','2016','01:57:32','2016-09-14','14/09/2016','1','4','0','2','3349900516062'),(388,'2749','2559',27.00,'14','09','2016','01:57:32','2016-09-14','14/09/2016','1','4','0','3','3349900516062'),(389,'2753','2559',35.00,'14','09','2016','01:57:32','2016-09-14','14/09/2016','1','4','0','4','3349900516062'),(390,'2756','2559',43.00,'14','09','2016','01:57:32','2016-09-14','14/09/2016','1','4','0','5','3349900516062'),(391,'2767','2559',84.00,'14','09','2016','01:57:32','2016-09-14','14/09/2016','1','4','0','6','3349900516062'),(392,'2757','2559',10.00,'14','09','2016','01:57:32','2016-09-14','14/09/2016','1','4','0','7','3349900516062'),(393,'2758','2559',71.00,'14','09','2016','01:57:32','2016-09-14','14/09/2016','1','4','0','8','3349900516062'),(394,'2761','2559',84.00,'14','09','2016','01:57:32','2016-09-14','14/09/2016','1','4','0','9','3349900516062'),(395,'2748','2559',33.00,'30','09','2016','01:39:56','2016-09-30','30/09/2016','1','4','0','1','3349900516062'),(396,'2764','2559',36.00,'30','09','2016','01:39:56','2016-09-30','30/09/2016','1','4','0','2','3349900516062'),(397,'2749','2559',113.00,'30','09','2016','01:39:56','2016-09-30','30/09/2016','1','4','0','3','3349900516062'),(398,'2753','2559',31.00,'30','09','2016','01:39:56','2016-09-30','30/09/2016','1','4','0','4','3349900516062'),(399,'2756','2559',107.00,'30','09','2016','01:39:56','2016-09-30','30/09/2016','1','4','0','5','3349900516062'),(400,'2767','2559',133.00,'30','09','2016','01:39:56','2016-09-30','30/09/2016','1','4','0','6','3349900516062'),(401,'2757','2559',10.00,'30','09','2016','01:39:56','2016-09-30','30/09/2016','1','4','0','7','3349900516062'),(402,'2758','2559',56.00,'30','09','2016','01:39:56','2016-09-30','30/09/2016','1','4','0','8','3349900516062'),(403,'2761','2559',154.00,'30','09','2016','01:39:56','2016-09-30','30/09/2016','1','4','0','9','3349900516062'),(404,'2748','2559',0.00,'05','10','2016','11:16:23','2016-10-05','05/10/2016','1','4','0','1','3349900516062'),(405,'2764','2559',19.00,'05','10','2016','11:16:23','2016-10-05','05/10/2016','1','4','0','2','3349900516062'),(406,'2749','2559',15.00,'05','10','2016','11:16:23','2016-10-05','05/10/2016','1','4','0','3','3349900516062'),(407,'2753','2559',11.00,'05','10','2016','11:16:23','2016-10-05','05/10/2016','1','4','0','4','3349900516062'),(408,'2756','2559',22.00,'05','10','2016','11:16:23','2016-10-05','05/10/2016','1','4','0','5','3349900516062'),(409,'2767','2559',30.00,'05','10','2016','11:16:23','2016-10-05','05/10/2016','1','4','0','6','3349900516062'),(410,'2757','2559',14.00,'05','10','2016','11:16:23','2016-10-05','05/10/2016','1','4','0','7','3349900516062'),(411,'2758','2559',10.00,'05','10','2016','11:16:23','2016-10-05','05/10/2016','1','4','0','8','3349900516062'),(412,'2761','2559',20.00,'05','10','2016','11:16:23','2016-10-05','05/10/2016','1','4','0','9','3349900516062'),(413,'2715','2559',10.00,'28','11','2016','01:52:49','2016-11-28','28/11/2016','1','7','0','1','1341500141661'),(414,'2718','2559',10.00,'28','11','2016','01:52:49','2016-11-28','28/11/2016','1','7','0','4','1341500141661'),(415,'2721','2559',5.00,'28','11','2016','01:52:49','2016-11-28','28/11/2016','1','7','0','7','1341500141661'),(416,'2708','2559',1.00,'28','11','2016','01:52:49','2016-11-28','28/11/2016','1','7','0','9','1341500141661'),(417,'2727','2559',1.00,'28','11','2016','01:52:49','2016-11-28','28/11/2016','1','7','0','10','1341500141661'),(418,'2728','2559',1.00,'28','11','2016','01:52:49','2016-11-28','28/11/2016','1','7','0','11','1341500141661'),(419,'2730','2559',1.00,'28','11','2016','01:52:49','2016-11-28','28/11/2016','1','7','0','14','1341500141661'),(420,'2726','2559',1.00,'28','11','2016','01:52:49','2016-11-28','28/11/2016','1','7','0','17','1341500141661'),(421,'2748','2559',50.00,'19','12','2016','03:22:37','2016-12-19','19/12/2016','1','4','0','1','3349900516062'),(422,'2764','2559',125.00,'19','12','2016','03:22:37','2016-12-19','19/12/2016','1','4','0','2','3349900516062'),(423,'2749','2559',140.00,'19','12','2016','03:22:37','2016-12-19','19/12/2016','1','4','0','3','3349900516062'),(424,'2753','2559',14.00,'19','12','2016','03:22:37','2016-12-19','19/12/2016','1','4','0','4','3349900516062'),(425,'2756','2559',22.00,'19','12','2016','03:22:37','2016-12-19','19/12/2016','1','4','0','5','3349900516062'),(426,'2767','2559',196.00,'19','12','2016','03:22:37','2016-12-19','19/12/2016','1','4','0','6','3349900516062'),(427,'2757','2559',45.00,'19','12','2016','03:22:37','2016-12-19','19/12/2016','1','4','0','7','3349900516062'),(428,'2758','2559',81.00,'19','12','2016','03:22:37','2016-12-19','19/12/2016','1','4','0','8','3349900516062'),(429,'2761','2559',286.00,'19','12','2016','03:22:37','2016-12-19','19/12/2016','1','4','0','9','3349900516062'),(430,'2748','2559',9.00,'19','01','2017','09:57:15','2017-01-19','19/01/2017','1','4','0','1','3349900516062'),(431,'2764','2559',65.00,'19','01','2017','09:57:15','2017-01-19','19/01/2017','1','4','0','2','3349900516062'),(432,'2749','2559',44.00,'19','01','2017','09:57:15','2017-01-19','19/01/2017','1','4','0','3','3349900516062'),(433,'2753','2559',7.00,'19','01','2017','09:57:15','2017-01-19','19/01/2017','1','4','0','4','3349900516062'),(434,'2756','2559',23.00,'19','01','2017','09:57:15','2017-01-19','19/01/2017','1','4','0','5','3349900516062'),(435,'2767','2559',215.00,'19','01','2017','09:57:15','2017-01-19','19/01/2017','1','4','0','6','3349900516062'),(436,'2757','2559',49.00,'19','01','2017','09:57:15','2017-01-19','19/01/2017','1','4','0','7','3349900516062'),(437,'2758','2559',77.00,'19','01','2017','09:57:15','2017-01-19','19/01/2017','1','4','0','8','3349900516062'),(438,'2761','2559',185.00,'19','01','2017','09:57:15','2017-01-19','19/01/2017','1','4','0','9','3349900516062'),(439,'2748','2559',0.00,'06','02','2017','02:45:14','2017-02-06','06/02/2017','1','4','0','1','3349900516062'),(440,'2764','2559',120.00,'06','02','2017','02:45:14','2017-02-06','06/02/2017','1','4','0','2','3349900516062'),(441,'2749','2559',50.00,'06','02','2017','02:45:14','2017-02-06','06/02/2017','1','4','0','3','3349900516062'),(442,'2753','2559',22.00,'06','02','2017','02:45:14','2017-02-06','06/02/2017','1','4','0','4','3349900516062'),(443,'2756','2559',1.00,'06','02','2017','02:45:14','2017-02-06','06/02/2017','1','4','0','5','3349900516062'),(444,'2767','2559',51.00,'06','02','2017','02:45:14','2017-02-06','06/02/2017','1','4','0','6','3349900516062'),(445,'2757','2559',11.00,'06','02','2017','02:45:14','2017-02-06','06/02/2017','1','4','0','7','3349900516062'),(446,'2758','2559',43.00,'06','02','2017','02:45:14','2017-02-06','06/02/2017','1','4','0','8','3349900516062'),(447,'2761','2559',63.00,'06','02','2017','02:45:14','2017-02-06','06/02/2017','1','4','0','9','3349900516062'),(448,'2688','2559',67.00,'03','03','2017','02:13:28','2017-03-03','03/03/2017','2','9','0','1','1342200002969'),(449,'2689','2559',75.00,'03','03','2017','02:13:52','2017-03-03','03/03/2017','2','9','0','2','1342200002969'),(450,'2690','2559',1.00,'03','03','2017','02:14:11','2017-03-03','03/03/2017','2','9','0','3','1342200002969'),(451,'2691','2559',30.00,'03','03','2017','02:14:27','2017-03-03','03/03/2017','2','9','0','4','1342200002969'),(452,'2692','2559',101.00,'03','03','2017','02:14:46','2017-03-03','03/03/2017','2','9','0','5','1342200002969'),(453,'2693','2559',60.00,'03','03','2017','02:19:15','2017-03-03','03/03/2017','2','9','0','6','1342200002969'),(454,'2694','2559',120.00,'03','03','2017','02:20:09','2017-03-03','03/03/2017','2','9','0','7','1342200002969'),(455,'2965','2559',30.00,'03','03','2017','02:20:30','2017-03-03','03/03/2017','2','9','0','8','1342200002969'),(456,'2696','2559',55.00,'03','03','2017','02:21:03','2017-03-03','03/03/2017','2','9','0','9','1342200002969'),(457,'2697','2559',44.00,'03','03','2017','02:21:39','2017-03-03','03/03/2017','2','9','0','10','1342200002969'),(458,'2711','2559',106.00,'03','03','2017','02:22:46','2017-03-03','03/03/2017','2','9','0','11','1342200002969'),(483,'2758','2562',545.00,'31','05','2019','12:16:11','2019-05-31','31/05/2019','2','7','0','8','1342200002969'),(479,'2753','2562',187.00,'31','05','2019','12:15:17','2019-05-31','31/05/2019','2','7','0','4','1342200002969'),(480,'2756','2562',425.00,'31','05','2019','12:15:30','2019-05-31','31/05/2019','2','7','0','5','1342200002969'),(481,'2767','2562',1063.00,'31','05','2019','12:15:44','2019-05-31','31/05/2019','2','7','0','6','1342200002969'),(482,'2757','2562',291.00,'31','05','2019','12:15:59','2019-05-31','31/05/2019','2','7','0','7','1342200002969'),(478,'2749','2562',526.00,'31','05','2019','12:15:00','2019-05-31','31/05/2019','2','7','0','3','1342200002969'),(475,'2777','2562',10.00,'29','05','2019','02:39:18','2019-05-29','29/05/2019','2','6','0','10','1342200002969'),(474,'2766','2562',10.00,'29','05','2019','02:39:04','2019-05-29','29/05/2019','2','6','0','7','1342200002969'),(477,'2764','2562',461.00,'31','05','2019','12:14:46','2019-05-31','31/05/2019','2','7','0','2','1342200002969'),(473,'2765','2562',5.00,'29','05','2019','02:38:42','2019-05-29','29/05/2019','2','6','0','6','1342200002969'),(476,'2748','2562',172.00,'31','05','2019','12:14:28','2019-05-31','31/05/2019','2','7','0','1','1342200002969'),(472,'2769','2562',10.00,'29','05','2019','02:38:27','2019-05-29','29/05/2019','2','6','0','2','1342200002969'),(484,'2761','2562',1101.00,'31','05','2019','12:20:48','2019-05-31','31/05/2019','2','7','0','9','1342200002969'),(485,'2735','2562',141.00,'31','05','2019','12:21:29','2019-05-31','31/05/2019','2','9','0','1','1342200002969'),(486,'2736','2562',107.00,'31','05','2019','12:21:41','2019-05-31','31/05/2019','2','9','0','2','1342200002969'),(487,'2737','2562',43.00,'31','05','2019','12:21:53','2019-05-31','31/05/2019','2','9','0','3','1342200002969'),(488,'2740','2562',23.00,'31','05','2019','12:22:08','2019-05-31','31/05/2019','2','9','0','4','1342200002969'),(489,'2741','2562',17.00,'31','05','2019','12:22:47','2019-05-31','31/05/2019','2','9','0','5','1342200002969'),(490,'2762','2562',98.00,'31','05','2019','12:22:58','2019-05-31','31/05/2019','2','9','0','6','1342200002969'),(491,'2743','2562',47.00,'31','05','2019','12:23:09','2019-05-31','31/05/2019','2','9','0','7','1342200002969'),(492,'2723','2562',44.00,'31','05','2019','12:23:27','2019-05-31','31/05/2019','2','9','0','8','1342200002969');

--
