-- Table structure for table `bets_substance`
--

CREATE TABLE `bets_substance` (
  `id` int(11) NOT NULL AUTO_INCREMENT,
  `group_code` varchar(7) NOT NULL,
  `substance_code` varchar(10) NOT NULL,
  `substance_name` varchar(250) NOT NULL,
  PRIMARY KEY (`id`),
  UNIQUE KEY `substance_code_2` (`substance_code`)
) ENGINE=MyISAM AUTO_INCREMENT=41 DEFAULT CHARSET=utf8 COLLATE=utf8_general_ci;

--
-- Dumping data for table `bets_substance`
--

INSERT INTO `bets_substance` VALUES (1,'255106','25510601','ทัศนศิลป์'),(2,'255106','25510602','ดนตรี'),(3,'255106','25510603','นาฏศิลป์'),(4,'255101','25510101','การอ่าน'),(5,'255101','25510102','การเขียน'),(6,'255101','25510103','การฟัง การดู และการพูด'),(7,'255101','25510104','หลักการใช้ภาษาไทย'),(8,'255101','25510105','วรรณคดีและวรรณกรรม'),(9,'255102','25510201','จำนวนและการดำเนินการ'),(10,'255102','25510202','การวัด'),(11,'255102','25510203','เรขาคณิต'),(12,'255102','25510204','พีชคณิต'),(13,'255102','25510205','การวิเคราะห์ข้อมูลและความน่าจะเป็น'),(14,'255102','25510206','ทักษะและกระบวนการทางคณิตศาสตร์'),(15,'255103','25510301','สิ่งมีชีวิตกับกระบวนการดำรงชีวิต'),(16,'255103','25510302','ชีวิตกับสิ่งแวดล้อม'),(17,'255103','25510303','สารและสมบัติของสาร'),(18,'255103','25510304','แรงและการเคลื่อนที่'),(19,'255103','25510305','พลังงาน'),(20,'255103','25510306','กระบวนการเปลี่ยนแปลงของโลก'),(21,'255103','25510307','ดาราศาสตร์และอวกาศ'),(22,'255103','25510308','ธรรมชาติของวิทยาศาสตร์และเทคโนโลยี'),(23,'255104','25510401','ศาสนา ศีลธรรม จริยธรรม'),(24,'255104','25510402','หน้าที่พลเมือง วัฒนธรรม และการดำเนินชีวิตในสังคม'),(25,'255104','25510403','เศรษฐศาสตร์'),(26,'255104','25510404','ประวัติศาสตร์'),(27,'255104','25510405','ภูมิศาสตร์'),(28,'255105','25510501','การเจริญเติบโตและพัฒนาการของมนุษย์'),(29,'255105','25510502','ชีวิตและครอบครัว'),(30,'255105','25510503','การเคลื่อนไหว การออกกำลังกาย การเล่นเกม กีฬาไทย และกีฬาสากล'),(31,'255105','25510504','การสร้างเสริมสุขภาพ สมรรถภาพและการป้องกันโรค'),(32,'255105','25510505','ความปลอดภัยในชีวิต'),(33,'255107','25510701','การดำรงชีวิตและครอบครัว'),(34,'255107','25510702','การออกแบบและเทคโนโลยี'),(35,'255107','25510703','เทคโนโลยีสารสนเทศและการสื่อสาร'),(36,'255107','25510704','การอาชีพ'),(37,'255108','25510801','ภาษาเพื่อการสื่อสาร'),(38,'255108','25510802','ภาษาและวัฒนธรรม'),(39,'255108','25510803','ภาษากับความสัมพันธ์กับกลุ่มสาระการเรียนรู้อื่น'),(40,'255108','25510804','ภาษากับความสัมพันธ์กับชุมชนและโลก');

--
-- Table structure for table `bets_test`
--

CREATE TABLE `bets_test` (
  `id` int(11) NOT NULL AUTO_INCREMENT,
  `test_name` varchar(150) NOT NULL,
  `master_test` int(11) NOT NULL,
  `s_group` int(11) NOT NULL,
  `statement` varchar(250) NOT NULL,
  `class_room` tinyint(4) NOT NULL,
  `item_num` int(11) NOT NULL,
  `test_score` int(11) NOT NULL,
  `test_time` int(11) NOT NULL,
  `g1` float NOT NULL,
  `g2` float NOT NULL,
  `test_active` tinyint(4) NOT NULL,
  `officer` varchar(13) NOT NULL,
  `rec_date` date NOT NULL,
  PRIMARY KEY (`id`)
) ENGINE=MyISAM AUTO_INCREMENT=7 DEFAULT CHARSET=utf8 COLLATE=utf8_general_ci;

--
-- Dumping data for table `bets_test`
--

INSERT INTO `bets_test` VALUES (1,'ภาษาไทย',1,255101,'เลือกข้อที่ถูกเพียง 1 ข้อ',4,20,20,60,70,40,1,'3349800001231','2022-09-19'),(2,'ภาษาไทย 1',7,255101,'เลือกข้อที่ถูกเพียง 1 ข้อ',4,20,20,60,70,30,1,'3349800001231','2022-09-19'),(3,'คณิตศาสตร์ 1',8,255102,'เลือดข้อที่ถูกเพียง 1 ข้อ',4,20,20,60,70,30,1,'3349800001231','2022-09-19'),(4,'วิทยาศาสตร์ 1',9,255103,'เลือกข้อที่ถูกเพียง 1 ข้อ',4,20,20,60,70,30,1,'3349800001231','2022-09-19'),(5,'ภาษาอังกฤษ 1',10,255108,'เลือกข้อที่ถูกเพียง 1 ข้อ',4,20,20,60,70,30,1,'3349800001231','2022-09-19'),(6,'ภาษาอังกฤษสื่อสาร 1',11,255108,'เลือกข้อที่ถูกเพียง 1 ข้อ',4,20,20,60,70,30,1,'3349800001231','2022-09-19');

--
-- Table structure for table `bets_test_schuser`
--

CREATE TABLE `bets_test_schuser` (
  `id` int(11) NOT NULL AUTO_INCREMENT,
  `test_id` int(11) NOT NULL,
  `teacher` varchar(13) NOT NULL,
  `start_date` datetime NOT NULL,
  `stop_date` datetime NOT NULL,
  `officer` varchar(13) NOT NULL,
  `rec_date` date NOT NULL,
  PRIMARY KEY (`id`)
) ENGINE=MyISAM AUTO_INCREMENT=2 DEFAULT CHARSET=utf8 COLLATE=utf8_general_ci;

--
-- Dumping data for table `bets_test_schuser`
--

INSERT INTO `bets_test_schuser` VALUES (1,2,'3349800001231','2022-09-19 08:00:00','2022-09-19 18:00:00','3349800001231','2022-09-19');

--
-- Table structure for table `book_comment`
--

CREATE TABLE `book_comment` (
  `id` int(11) NOT NULL AUTO_INCREMENT,
  `person_id` varchar(13) NOT NULL,
  `ref2_id` varchar(50) NOT NULL,
  `ref_id` varchar(50) NOT NULL,
  `comment` text NOT NULL,
  `rec_date` datetime NOT NULL,
  PRIMARY KEY (`id`)
) ENGINE=MyISAM AUTO_INCREMENT=3 DEFAULT CHARSET=utf8 COLLATE=utf8_general_ci;

--
-- Dumping data for table `book_comment`
--

INSERT INTO `book_comment` VALUES (1,'3410900087481','15382053073469','1538204392x25327','ewrgjkhrekhgtrktlktr','2018-09-29 14:15:07'),(2,'3410900087481','1538205352434','1538205132x6256','cfngjkului;i;y','2018-09-29 14:15:52');

--
-- Table structure for table `book_filebook`
--

CREATE TABLE `book_filebook` (
  `id` int(11) NOT NULL AUTO_INCREMENT,
  `ref_id` varchar(50) NOT NULL,
  `file_name` varchar(100) NOT NULL,
  `file_des` varchar(100) NOT NULL,
  PRIMARY KEY (`id`)
) ENGINE=MyISAM DEFAULT CHARSET=utf8 COLLATE=utf8_general_ci;

--
-- Dumping data for table `book_filebook`
--


--
-- Table structure for table `book_group`
--

CREATE TABLE `book_group` (
  `grp_id` int(11) NOT NULL AUTO_INCREMENT,
  `grp_name` varchar(50) NOT NULL,
  PRIMARY KEY (`grp_id`)
) ENGINE=MyISAM DEFAULT CHARSET=utf8 COLLATE=utf8_general_ci;

--
-- Dumping data for table `book_group`
--


--
-- Table structure for table `book_group_member`
--

CREATE TABLE `book_group_member` (
  `id` int(11) NOT NULL AUTO_INCREMENT,
  `grp_id` int(11) NOT NULL,
  `school_id` varchar(13) NOT NULL,
  PRIMARY KEY (`id`)
) ENGINE=MyISAM DEFAULT CHARSET=utf8 COLLATE=utf8_general_ci;

--
-- Dumping data for table `book_group_member`
--


--
-- Table structure for table `book_permission`
--

CREATE TABLE `book_permission` (
  `id` int(11) NOT NULL AUTO_INCREMENT,
  `person_id` varchar(13) NOT NULL,
  `p1` tinyint(4) DEFAULT NULL,
  `officer` varchar(13) NOT NULL,
  `rec_date` date NOT NULL,
  PRIMARY KEY (`id`),
  UNIQUE KEY `person_id` (`person_id`)
) ENGINE=MyISAM AUTO_INCREMENT=19 DEFAULT CHARSET=utf8 COLLATE=utf8_general_ci;

--
-- Dumping data for table `book_permission`
--

INSERT INTO `book_permission` VALUES (1,'3410900087481',1,'3410900087481','2018-09-29'),(2,'3480900271613',1,'3480900271613','2018-10-22'),(4,'1349900557633',1,'3480900271613','2018-10-22'),(6,'3330400729361',1,'3330400729361','2020-03-18'),(7,'1349900068721',1,'3330400729361','2020-02-08'),(14,'1471200129649',1,'3480900271613','2023-11-07'),(10,'3349900739177',1,'3330400729361','2020-02-08'),(11,'3331300004357',1,'3331300004357','2023-11-01'),(12,'3340700181859',1,'3331300004357','2023-11-01'),(15,'3349800001231',1,'3331300004357','2024-04-16'),(16,'3349900342153',1,'3331300004357','2024-04-16'),(17,'1349900926701',1,'3331300004357','2025-10-11'),(18,'1341401243148',1,'1349900926701','2025-11-14');

--
-- Table structure for table `book_permission2`
--

CREATE TABLE `book_permission2` (
  `id` int(11) NOT NULL AUTO_INCREMENT,
  `person_id` varchar(13) NOT NULL,
  `p2` tinyint(4) DEFAULT NULL,
  `officer` varchar(13) NOT NULL,
  `rec_date` date NOT NULL,
  PRIMARY KEY (`id`),
  UNIQUE KEY `person_id` (`person_id`)
) ENGINE=MyISAM AUTO_INCREMENT=9 DEFAULT CHARSET=utf8 COLLATE=utf8_general_ci;

--
-- Dumping data for table `book_permission2`
--

INSERT INTO `book_permission2` VALUES (1,'3410900087481',4,'3410900087481','2018-09-29'),(2,'3480900271613',3,'3330400729361','2021-09-21'),(3,'1471200129649',2,'3330400729361','2020-02-08'),(4,'3330400729361',0,'3330400729361','2019-07-21'),(5,'5340900004281',4,'3330400729361','2020-02-08'),(6,'3349800001231',1,'3330400729361','2020-02-08'),(7,'1349900068721',3,'3330400729361','2020-02-08'),(8,'3349900342153',3,'3331300004357','2025-10-11');

--
-- Table structure for table `book_sendto_answer`
--

CREATE TABLE `book_sendto_answer` (
  `id` int(11) NOT NULL AUTO_INCREMENT,
  `send_level` tinyint(4) DEFAULT NULL,
  `ref_id` varchar(50) NOT NULL,
  `send_to` varchar(13) NOT NULL,
  `send_from` varchar(15) DEFAULT NULL,
  `status` tinyint(4) DEFAULT NULL,
  `answer` tinyint(4) DEFAULT NULL,
  `answer_time` datetime DEFAULT NULL,
  `forward_from` varchar(15) DEFAULT NULL,
  `rec_forward_date` datetime DEFAULT NULL,
  `ref2_id` varchar(50) DEFAULT NULL,
  `ref3_id` varchar(50) DEFAULT NULL,
  PRIMARY KEY (`id`),
  KEY `ref_id` (`ref_id`),
  KEY `school` (`send_from`),
  KEY `send_to` (`send_to`)
) ENGINE=MyISAM AUTO_INCREMENT=453 DEFAULT CHARSET=utf8 COLLATE=utf8_general_ci;

--
-- Dumping data for table `book_sendto_answer`
--

INSERT INTO `book_sendto_answer` VALUES (1,2,'1538204392x25327','saraban','3349900739177',NULL,1,'2018-09-29 14:12:14',NULL,NULL,'15382051342242',NULL),(2,2,'1538205132x6256','saraban','3410900087481',NULL,1,'2018-09-29 14:14:36',NULL,NULL,'153820527614269',NULL),(3,NULL,'1538204392x25327','3410900087481','saraban',1,1,'2018-09-29 14:15:18','3410900087481','2018-09-29 14:15:07','15382053073469','15382051342242'),(4,NULL,'1538205132x6256','3410900087481','saraban',1,1,'2018-09-29 14:16:00','3410900087481','2018-09-29 14:15:52','1538205352434','153820527614269'),(5,2,'1538378445x9374','saraban','3410900087481',NULL,1,'2018-10-02 13:37:23',NULL,NULL,'153846224330701',NULL),(6,2,'1538379059x6785','saraban','3410900087481',NULL,1,'2018-10-02 13:37:23',NULL,NULL,'153846224330242',NULL),(7,2,'1538379577x10574','saraban','3410900087481',NULL,1,'2018-10-02 13:37:23',NULL,NULL,'153846224322707',NULL),(8,2,'1538379784x10200','saraban','3410900087481',NULL,1,'2018-10-02 13:37:23',NULL,NULL,'153846224332368',NULL),(9,2,'1538380318x24453','saraban','3410900087481',NULL,1,'2018-10-02 13:37:23',NULL,NULL,'15384622439705',NULL),(10,2,'1538382604x5783','saraban','3410900087481',NULL,1,'2018-10-02 13:37:23',NULL,NULL,'153846224321102',NULL),(11,2,'1538448185x5600','saraban','3410900087481',NULL,1,'2018-10-02 13:37:23',NULL,NULL,'153846224319727',NULL),(12,2,'1538110937x192','saraban','3410900087481',NULL,1,'2018-10-02 13:37:23',NULL,NULL,'15384622434508',NULL),(13,2,'1538456018x26043','saraban','3410900087481',NULL,1,'2018-10-02 13:37:23',NULL,NULL,'153846224314245',NULL),(14,2,'1538458833x31448','saraban','3410900087481',NULL,1,'2018-10-02 13:37:23',NULL,NULL,'153846224310106',NULL),(15,2,'1538462165x12198','saraban','3410900087481',NULL,1,'2018-10-03 12:11:51',NULL,NULL,'15385435114351',NULL),(16,2,'1538462841x21709','saraban','3410900087481',NULL,1,'2018-10-03 12:11:51',NULL,NULL,'15385435117884',NULL),(17,2,'1538464908x25374','saraban','3410900087481',NULL,1,'2018-10-03 12:11:51',NULL,NULL,'153854351129973',NULL),(18,2,'1538475546x17561','saraban','3410900087481',NULL,1,'2018-10-03 12:11:51',NULL,NULL,'153854351128714',NULL),(19,2,'1538476023x23993','saraban','3410900087481',NULL,1,'2018-10-03 12:11:51',NULL,NULL,'153854351115899',NULL),(20,2,'1538529879x20729','saraban','3410900087481',NULL,1,'2018-10-03 12:11:51',NULL,NULL,'153854351123480',NULL),(21,2,'1538539888x1566','saraban','3410900087481',NULL,1,'2018-10-03 12:11:51',NULL,NULL,'153854351119857',NULL),(22,2,'1538547908x12884','saraban','3410900087481',NULL,1,'2018-10-07 21:25:37',NULL,NULL,'15389223379119',NULL),(23,2,'1538552506x13821','saraban','3410900087481',NULL,1,'2018-10-07 21:25:37',NULL,NULL,'153892233719692',NULL),(24,2,'1538553276x9578','saraban','3410900087481',NULL,1,'2018-10-07 21:25:37',NULL,NULL,'153892233722709',NULL),(25,2,'1538636041x25895','saraban','3410900087481',NULL,1,'2018-10-07 21:25:37',NULL,NULL,'15389223376986',NULL),(26,2,'1538636482x31293','saraban','3410900087481',NULL,1,'2018-10-07 21:25:37',NULL,NULL,'153892233723227',NULL),(27,2,'1538636937x4940','saraban','3410900087481',NULL,1,'2018-10-07 21:25:37',NULL,NULL,'153892233719416',NULL),(28,2,'1538637966x22883','saraban','3410900087481',NULL,1,'2018-10-07 21:25:37',NULL,NULL,'153892233719249',NULL),(29,2,'1538639158x11384','saraban','3410900087481',NULL,1,'2018-10-07 21:25:37',NULL,NULL,'15389223378726',NULL),(30,2,'1538706977x32258','saraban','3410900087481',NULL,1,'2018-10-07 21:25:37',NULL,NULL,'153892233726519',NULL),(31,2,'1538712582x31056','saraban','3410900087481',NULL,1,'2018-10-07 21:25:37',NULL,NULL,'153892233719844',NULL),(32,2,'1538724688x25769','saraban','3410900087481',NULL,1,'2018-10-07 21:25:37',NULL,NULL,'153892233726989',NULL),(33,2,'1538725864x13757','saraban','3410900087481',NULL,1,'2018-10-07 21:25:37',NULL,NULL,'153892233718850',NULL),(34,2,'1538726452x13571','saraban','3410900087481',NULL,1,'2018-10-07 21:25:37',NULL,NULL,'153892233726163',NULL),(35,2,'1538726918x6444','saraban','3410900087481',NULL,1,'2018-10-07 21:25:37',NULL,NULL,'153892233715856',NULL),(36,2,'1538727388x31291','saraban','3410900087481',NULL,1,'2018-10-07 21:25:37',NULL,NULL,'153892233712137',NULL),(37,2,'1538727482x2292','saraban','3410900087481',NULL,1,'2018-10-07 21:25:37',NULL,NULL,'153892233724046',NULL),(38,2,'1538727563x32171','saraban','3410900087481',NULL,1,'2018-10-07 21:25:37',NULL,NULL,'153892233712943',NULL),(39,2,'1538731527x30667','saraban','3410900087481',NULL,1,'2018-10-07 21:25:37',NULL,NULL,'153892233718716',NULL),(40,2,'1538731764x15669','saraban','3410900087481',NULL,1,'2018-10-07 21:25:37',NULL,NULL,'153892233722821',NULL),(41,2,'1538732215x21023','saraban','3410900087481',NULL,1,'2018-10-07 21:25:37',NULL,NULL,'153892233727386',NULL),(42,2,'1538733254x31690','saraban','3410900087481',NULL,1,'2018-10-07 21:25:37',NULL,NULL,'153892233726795',NULL),(43,2,'1538792708x14981','saraban','3410900087481',NULL,1,'2018-10-07 21:25:37',NULL,NULL,'153892233723304',NULL),(44,2,'1538962219x26058','saraban','3410900087481',NULL,1,'2018-10-10 13:19:43',NULL,NULL,'153915238318239',NULL),(45,2,'1538968597x23135','saraban','3410900087481',NULL,1,'2018-10-10 13:19:43',NULL,NULL,'153915238314348',NULL),(46,2,'1538979365x11927','saraban','3410900087481',NULL,1,'2018-10-10 13:19:43',NULL,NULL,'153915238313653',NULL),(47,2,'1538990398x31314','saraban','3410900087481',NULL,1,'2018-10-10 13:19:43',NULL,NULL,'153915238319306',NULL),(48,2,'1538990540x8300','saraban','3410900087481',NULL,1,'2018-10-10 13:19:43',NULL,NULL,'15391523836235',NULL),(49,2,'1539035530x20473','saraban','3410900087481',NULL,1,'2018-10-10 13:19:43',NULL,NULL,'153915238318680',NULL),(50,2,'1539038332x13085','saraban','3410900087481',NULL,1,'2018-10-10 13:19:43',NULL,NULL,'153915238320945',NULL),(51,2,'1539056759x949','saraban','3410900087481',NULL,1,'2018-10-10 13:19:43',NULL,NULL,'153915238313366',NULL),(52,2,'1539058993x12856','saraban','3410900087481',NULL,1,'2018-10-10 13:19:43',NULL,NULL,'153915238324375',NULL),(53,2,'1539067132x10716','saraban','3410900087481',NULL,1,'2018-10-10 13:19:43',NULL,NULL,'153915238331908',NULL),(54,2,'1539138473x21932','saraban','3410900087481',NULL,1,'2018-10-10 13:19:43',NULL,NULL,'153915238314861',NULL),(55,2,'1539147289x24665','saraban','3410900087481',NULL,1,'2018-10-10 13:19:43',NULL,NULL,'153915238324002',NULL),(56,2,'1539155612x3619','saraban','3410900087481',NULL,1,'2018-10-11 20:13:52',NULL,NULL,'153926363230683',NULL),(57,2,'1539161353x30549','saraban','3410900087481',NULL,1,'2018-10-11 20:13:52',NULL,NULL,'153926363229304',NULL),(58,2,'1539161422x13949','saraban','3410900087481',NULL,1,'2018-10-11 20:13:52',NULL,NULL,'153926363232081',NULL),(59,2,'1539222650x26678','saraban','3410900087481',NULL,1,'2018-10-11 20:13:52',NULL,NULL,'153926363214774',NULL),(60,2,'1539331380x12481','saraban','3410900087481',NULL,1,'2018-10-12 15:45:55',NULL,NULL,'153933395518615',NULL),(61,2,'1539331484x22046','saraban','3410900087481',NULL,1,'2018-10-12 15:45:55',NULL,NULL,'153933395526660',NULL),(62,2,'1539407841x4743','saraban','3410900087481',NULL,1,'2018-10-23 08:35:11',NULL,NULL,'15402585118913',NULL),(63,2,'1539664329x10103','saraban','3410900087481',NULL,1,'2018-10-23 08:35:11',NULL,NULL,'154025851112598',NULL),(64,2,'1539674444x7980','saraban','3410900087481',NULL,1,'2018-10-23 08:35:11',NULL,NULL,'15402585116199',NULL),(65,2,'1539674128x30439','saraban','3410900087481',NULL,1,'2018-10-23 08:35:11',NULL,NULL,'154025851116804',NULL),(66,2,'1539751582x4284','saraban','3410900087481',NULL,1,'2018-10-23 08:35:11',NULL,NULL,'15402585116925',NULL),(67,2,'1539759975x8791','saraban','3410900087481',NULL,1,'2018-10-23 08:35:11',NULL,NULL,'154025851110946',NULL),(68,2,'1539763871x19730','saraban','3410900087481',NULL,1,'2018-10-23 08:35:11',NULL,NULL,'1540258511211',NULL),(69,2,'1539764362x17584','saraban','3410900087481',NULL,1,'2018-10-23 08:35:11',NULL,NULL,'154025851121520',NULL),(70,2,'1539765853x18421','saraban','3410900087481',NULL,1,'2018-10-23 08:35:11',NULL,NULL,'154025851123305',NULL),(71,2,'1539835358x15792','saraban','3410900087481',NULL,1,'2018-10-23 08:35:11',NULL,NULL,'154025851112558',NULL),(72,2,'1539918694x11377','saraban','3410900087481',NULL,1,'2018-10-23 08:35:11',NULL,NULL,'154025851122319',NULL),(73,2,'1539925923x19000','saraban','3410900087481',NULL,1,'2018-10-23 08:35:11',NULL,NULL,'15402585118508',NULL),(74,2,'1539927544x21750','saraban','3410900087481',NULL,1,'2018-10-23 08:35:11',NULL,NULL,'15402585117877',NULL),(75,2,'1539928803x7123','saraban','3410900087481',NULL,1,'2018-10-23 08:35:11',NULL,NULL,'154025851120506',NULL),(76,2,'1539929483x20278','saraban','3410900087481',NULL,1,'2018-10-23 08:35:11',NULL,NULL,'154025851114155',NULL),(77,2,'1539930408x17652','saraban','3410900087481',NULL,1,'2018-10-23 08:35:11',NULL,NULL,'15402585115416',NULL),(78,2,'1539932752x15302','saraban','3410900087481',NULL,1,'2018-10-23 08:35:11',NULL,NULL,'154025851125153',NULL),(79,2,'1539933365x30261','saraban','3410900087481',NULL,1,'2018-10-23 08:35:11',NULL,NULL,'154025851121478',NULL),(80,2,'1539938839x24282','saraban','3410900087481',NULL,1,'2018-10-23 08:35:11',NULL,NULL,'154025851132039',NULL),(81,2,'1539942105x15731','saraban','3410900087481',NULL,1,'2018-10-23 08:35:11',NULL,NULL,'154025851123508',NULL),(82,2,'1540000996x13497','saraban','3410900087481',NULL,1,'2018-10-23 08:35:11',NULL,NULL,'154025851124957',NULL),(83,2,'1540003450x28937','saraban','3410900087481',NULL,1,'2018-10-23 08:35:11',NULL,NULL,'154025851118546',NULL),(84,2,'1540004278x21493','saraban','3410900087481',NULL,1,'2018-10-23 08:35:11',NULL,NULL,'154025851117603',NULL),(85,2,'1540005060x22760','saraban','3410900087481',NULL,1,'2018-10-23 08:35:11',NULL,NULL,'154025851124896',NULL),(86,2,'1540008669x17576','saraban','3410900087481',NULL,1,'2018-10-23 08:35:11',NULL,NULL,'15402585116265',NULL),(87,2,'1540017287x18750','saraban','3410900087481',NULL,1,'2018-10-23 08:35:11',NULL,NULL,'154025851131166',NULL),(88,2,'1540020742x7060','saraban','3410900087481',NULL,1,'2018-10-23 08:35:11',NULL,NULL,'154025851127167',NULL),(89,2,'1540020999x26619','saraban','3410900087481',NULL,1,'2018-10-23 08:35:11',NULL,NULL,'154025851120844',NULL),(90,2,'1540029381x5237','saraban','3410900087481',NULL,1,'2018-10-23 08:35:11',NULL,NULL,'154025851117205',NULL),(91,2,'1540085784x19626','saraban','3410900087481',NULL,1,'2018-10-23 08:35:11',NULL,NULL,'154025851129642',NULL),(92,2,'1540101516x23808','saraban','3410900087481',NULL,1,'2018-10-23 08:35:11',NULL,NULL,'15402585112363',NULL),(93,2,'1540102831x9497','saraban','3410900087481',NULL,1,'2018-10-23 08:35:11',NULL,NULL,'15402585116232',NULL),(94,2,'1540102915x18745','saraban','3410900087481',NULL,1,'2018-10-23 08:35:11',NULL,NULL,'154025851123985',NULL),(95,2,'1540124237x26631','saraban','3410900087481',NULL,1,'2018-10-23 08:35:11',NULL,NULL,'1540258511662',NULL),(96,2,'1540124665x26133','saraban','3410900087481',NULL,1,'2018-10-23 08:35:11',NULL,NULL,'154025851132279',NULL),(97,2,'1540177621x19913','saraban','3410900087481',NULL,1,'2018-10-23 08:35:11',NULL,NULL,'154025851125092',NULL),(98,2,'1540180411x13551','saraban','3410900087481',NULL,1,'2018-10-23 08:35:11',NULL,NULL,'15402585119197',NULL),(99,2,'1540181487x26225','saraban','3410900087481',NULL,1,'2018-10-23 08:35:11',NULL,NULL,'154025851112834',NULL),(100,2,'1540185587x15446','saraban','3410900087481',NULL,1,'2018-10-23 08:35:11',NULL,NULL,'154025851125779',NULL),(101,2,'1540188875x192','saraban','3410900087481',NULL,1,'2018-10-23 08:35:11',NULL,NULL,'15402585116768',NULL),(102,2,'1540193696x24563','saraban','3410900087481',NULL,1,'2018-10-23 08:35:11',NULL,NULL,'15402585114585',NULL),(103,2,'1540193969x22658','saraban','3410900087481',NULL,1,'2018-10-23 08:35:11',NULL,NULL,'154025851120078',NULL),(104,2,'1540194524x5296','saraban','3410900087481',NULL,1,'2018-10-23 08:35:11',NULL,NULL,'15402585116415',NULL),(105,2,'1540196921x17220','saraban','3410900087481',NULL,1,'2018-10-23 08:35:11',NULL,NULL,'154025851128060',NULL),(106,2,'1540197235x974','saraban','3410900087481',NULL,1,'2018-10-23 08:35:11',NULL,NULL,'154025851125509',NULL),(107,2,'1540197745x31419','saraban','3410900087481',NULL,1,'2018-10-23 08:35:11',NULL,NULL,'154025851125466',NULL),(108,2,'1540198121x26607','saraban','3410900087481',NULL,1,'2018-10-23 08:35:11',NULL,NULL,'154025851114123',NULL),(109,2,'1540197486x31148','saraban','3410900087481',NULL,1,'2018-10-23 08:35:11',NULL,NULL,'154025851118312',NULL),(110,2,'1540203832x27453','saraban','3410900087481',NULL,1,'2018-10-23 08:35:11',NULL,NULL,'15402585115409',NULL),(111,2,'1540217458x16059','saraban','3410900087481',NULL,1,'2018-10-23 08:35:11',NULL,NULL,'154025851115686',NULL),(112,NULL,'1540181487x26225','1471200129649','saraban',1,1,'2018-10-25 14:37:11','1471200129649','2018-10-25 14:36:19','1540452979302','154025851112834'),(113,NULL,'1540181487x26225','1471200129649','saraban',1,1,'2018-10-26 12:11:17','1471200129649','2018-10-25 14:36:27','154045298713519','154025851112834'),(114,NULL,'1540196921x17220','1471200129649','saraban',1,1,'2018-10-26 12:13:06','1471200129649','2018-10-26 12:12:59','154053077918087','154025851128060'),(115,NULL,'1540181487x26225','saraban','1471200129649',4,1,'2018-10-26 12:13:52','1471200129649','2018-10-26 12:13:39','154053081919433','154045298713519'),(116,2,'1540552585x2963','saraban','3410900087481',NULL,1,'2018-10-29 07:42:26',NULL,NULL,'154077374624500',NULL),(117,2,'1540609076x2662','saraban','3410900087481',NULL,1,'2018-10-29 07:42:26',NULL,NULL,'154077374618397',NULL),(118,2,'1540616863x4786','saraban','3410900087481',NULL,1,'2018-10-29 07:42:26',NULL,NULL,'15407737468018',NULL),(119,2,'1540634928x4895','saraban','3410900087481',NULL,1,'2018-10-29 07:42:26',NULL,NULL,'1540773746547',NULL),(120,2,'1540636468x13690','saraban','3410900087481',NULL,1,'2018-10-29 07:42:26',NULL,NULL,'154077374617184',NULL),(121,2,'1540636233x18028','saraban','3410900087481',NULL,1,'2018-10-29 07:42:26',NULL,NULL,'15407737461241',NULL),(122,2,'1540650833x32519','saraban','3410900087481',NULL,1,'2018-10-29 07:42:26',NULL,NULL,'154077374624222',NULL),(123,2,'1540677781x28855','saraban','3410900087481',NULL,1,'2018-10-29 07:42:26',NULL,NULL,'15407737467551',NULL),(124,2,'1540697743x24762','saraban','3410900087481',NULL,1,'2018-10-29 07:42:26',NULL,NULL,'154077374629004',NULL),(125,2,'1540702197x3873','saraban','3410900087481',NULL,1,'2018-10-29 07:42:26',NULL,NULL,'15407737465525',NULL),(126,2,'1540711842x15556','saraban','3410900087481',NULL,1,'2018-10-29 07:42:26',NULL,NULL,'154077374618090',NULL),(127,2,'1540714662x19951','saraban','3410900087481',NULL,1,'2018-10-29 07:42:26',NULL,NULL,'15407737464763',NULL),(128,2,'1540727190x30537','saraban','3410900087481',NULL,1,'2018-10-29 07:42:26',NULL,NULL,'154077374622072',NULL),(129,2,'1540727317x14414','saraban','3410900087481',NULL,1,'2018-10-29 07:42:26',NULL,NULL,'154077374630225',NULL),(130,2,'1540774270x12514','saraban','3410900087481',NULL,1,'2018-10-29 21:20:15',NULL,NULL,'154082281515286',NULL),(131,2,'1540776521x1187','saraban','3410900087481',NULL,1,'2018-10-29 21:20:15',NULL,NULL,'15408228154279',NULL),(132,2,'1540779083x25071','saraban','3410900087481',NULL,1,'2018-10-29 21:20:15',NULL,NULL,'15408228154132',NULL),(133,2,'1540781558x860','saraban','3410900087481',NULL,1,'2018-10-29 21:20:15',NULL,NULL,'15408228151933',NULL),(134,2,'1540787075x29992','saraban','3410900087481',NULL,1,'2018-10-29 21:20:15',NULL,NULL,'154082281523874',NULL),(135,2,'1540804553x7499','saraban','3410900087481',NULL,1,'2018-10-29 21:20:15',NULL,NULL,'1540822815339',NULL),(136,2,'1540805482x24668','saraban','3410900087481',NULL,1,'2018-10-29 21:20:15',NULL,NULL,'15408228152704',NULL),(137,2,'1540819832x23756','saraban','3410900087481',NULL,1,'2018-10-29 21:20:15',NULL,NULL,'15408228153977',NULL),(138,2,'1540820000x28927','saraban','3410900087481',NULL,1,'2018-10-29 21:20:15',NULL,NULL,'15408228152958',NULL),(139,2,'1540855012x30960','saraban','3410900087481',NULL,1,'2018-10-31 18:17:05',NULL,NULL,'1540984625284',NULL),(140,2,'1540866429x23032','saraban','3410900087481',NULL,1,'2018-10-31 18:17:05',NULL,NULL,'154098462512581',NULL),(141,2,'1540881891x30325','saraban','3410900087481',NULL,1,'2018-10-31 18:17:05',NULL,NULL,'154098462525338',NULL),(142,2,'1540881592x18308','saraban','3410900087481',NULL,1,'2018-10-31 18:17:05',NULL,NULL,'1540984625171',NULL),(143,2,'1540883685x9411','saraban','3410900087481',NULL,1,'2018-10-31 18:17:05',NULL,NULL,'15409846254872',NULL),(144,2,'1540888898x17191','saraban','3410900087481',NULL,1,'2018-10-31 18:17:05',NULL,NULL,'154098462515009',NULL),(145,2,'1540890125x3286','saraban','3410900087481',NULL,1,'2018-10-31 18:17:05',NULL,NULL,'154098462513510',NULL),(146,2,'1540895325x22006','saraban','3410900087481',NULL,1,'2018-10-31 18:17:05',NULL,NULL,'154098462531879',NULL),(147,2,'1540906699x16745','saraban','3410900087481',NULL,1,'2018-10-31 18:17:05',NULL,NULL,'154098462522452',NULL),(148,2,'1540913913x21604','saraban','3410900087481',NULL,1,'2018-10-31 18:17:05',NULL,NULL,'154098462524541',NULL),(149,2,'1540924434x5263','saraban','3410900087481',NULL,1,'2018-10-31 18:17:05',NULL,NULL,'154098462522354',NULL),(150,2,'1540941691x5097','saraban','3410900087481',NULL,1,'2018-10-31 18:17:05',NULL,NULL,'154098462523075',NULL),(151,2,'1540946524x3047','saraban','3410900087481',NULL,1,'2018-10-31 18:17:05',NULL,NULL,'154098462515136',NULL),(152,2,'1540948435x2853','saraban','3410900087481',NULL,1,'2018-10-31 18:17:05',NULL,NULL,'15409846257385',NULL),(153,2,'1540948975x26661','saraban','3410900087481',NULL,1,'2018-10-31 18:17:05',NULL,NULL,'15409846255790',NULL),(154,2,'1540955066x17377','saraban','3410900087481',NULL,1,'2018-10-31 18:17:05',NULL,NULL,'154098462530079',NULL),(155,2,'1540958674x27407','saraban','3410900087481',NULL,1,'2018-10-31 18:17:05',NULL,NULL,'154098462526956',NULL),(156,2,'1540963536x29247','saraban','3410900087481',NULL,1,'2018-10-31 18:17:05',NULL,NULL,'154098462511669',NULL),(157,2,'1540968329x31724','saraban','3410900087481',NULL,1,'2018-10-31 18:17:05',NULL,NULL,'154098462532426',NULL),(158,2,'1540970925x23426','saraban','3410900087481',NULL,1,'2018-10-31 18:17:05',NULL,NULL,'154098462527291',NULL),(159,2,'1540975398x18566','saraban','3410900087481',NULL,1,'2018-10-31 18:17:05',NULL,NULL,'154098462520024',NULL),(160,2,'1540978619x5563','saraban','3410900087481',NULL,1,'2018-10-31 18:17:05',NULL,NULL,'15409846253601',NULL),(161,2,'1541042014x27720','saraban','3480900271613',NULL,1,'2018-11-01 10:21:17',NULL,NULL,'154104247725680',NULL),(162,2,'1541044285x12601','saraban','3410900087481',NULL,1,'2018-11-01 14:23:04',NULL,NULL,'154105698426676',NULL),(163,2,'1541042870x4793','saraban','3410900087481',NULL,1,'2018-11-01 14:23:04',NULL,NULL,'154105698426205',NULL),(164,2,'1541047602x20422','saraban','3410900087481',NULL,1,'2018-11-01 14:23:04',NULL,NULL,'15410569847122',NULL),(165,2,'1543208164x14475','saraban','3410900087481',NULL,1,'2018-12-21 11:43:26',NULL,NULL,'154536740613566',NULL),(166,2,'1543208592x4163','saraban','3410900087481',NULL,1,'2018-12-21 11:43:26',NULL,NULL,'15453674069311',NULL),(167,2,'1543487109x12104','saraban','3410900087481',NULL,1,'2018-12-21 11:43:26',NULL,NULL,'15453674067852',NULL),(168,2,'1543562714x12182','saraban','3410900087481',NULL,1,'2018-12-21 11:43:26',NULL,NULL,'154536740610101',NULL),(169,2,'1543574041x9263','saraban','3410900087481',NULL,1,'2018-12-21 11:43:26',NULL,NULL,'15453674068970',NULL),(170,2,'1544083007x27842','saraban','3410900087481',NULL,1,'2018-12-21 11:43:26',NULL,NULL,'154536740610107',NULL),(171,2,'1544500273x15587','saraban','3410900087481',NULL,1,'2018-12-21 11:43:26',NULL,NULL,'154536740631128',NULL),(172,2,'1544155958x8232','saraban','3410900087481',NULL,1,'2018-12-21 11:43:26',NULL,NULL,'154536740617905',NULL),(173,2,'1544511299x7204','saraban','3410900087481',NULL,1,'2018-12-21 11:43:26',NULL,NULL,'154536740626070',NULL),(174,2,'1544523109x23330','saraban','3410900087481',NULL,1,'2018-12-21 11:43:26',NULL,NULL,'154536740616471',NULL),(175,2,'1544523237x1925','saraban','3410900087481',NULL,1,'2018-12-21 11:43:26',NULL,NULL,'15453674065956',NULL),(176,2,'1544585277x31837','saraban','3410900087481',NULL,1,'2018-12-21 11:43:26',NULL,NULL,'154536740620525',NULL),(177,2,'1544589249x16007','saraban','3410900087481',NULL,1,'2018-12-21 11:43:26',NULL,NULL,'15453674062402',NULL),(178,2,'1545362168x21672','saraban','3410900087481',NULL,1,'2018-12-21 11:43:26',NULL,NULL,'15453674062803',NULL),(179,2,'1545366455x15997','saraban','3410900087481',NULL,1,'2018-12-21 11:43:26',NULL,NULL,'154536740625520',NULL),(180,2,'1545382655x4565','saraban','3410900087481',NULL,1,'2019-01-02 11:23:42',NULL,NULL,'15464030226026',NULL),(181,2,'1545720778x17867','saraban','3410900087481',NULL,1,'2019-01-02 11:23:42',NULL,NULL,'154640302216891',NULL),(182,2,'1545726951x1298','saraban','3410900087481',NULL,1,'2019-01-02 11:23:42',NULL,NULL,'154640302216920',NULL),(183,2,'1545721113x3657','saraban','3410900087481',NULL,1,'2019-01-02 11:23:42',NULL,NULL,'15464030229329',NULL),(184,2,'1545721251x3070','saraban','3410900087481',NULL,1,'2019-01-02 11:23:42',NULL,NULL,'15464030228790',NULL),(185,2,'1545731249x19789','saraban','3410900087481',NULL,1,'2019-01-02 11:23:42',NULL,NULL,'1546403022727',NULL),(186,2,'1545811451x7695','saraban','3410900087481',NULL,1,'2019-01-02 11:23:42',NULL,NULL,'154640302226564',NULL),(187,2,'1545874362x12939','saraban','3410900087481',NULL,1,'2019-01-02 11:23:42',NULL,NULL,'15464030225805',NULL),(188,2,'1545968177x18543','saraban','3410900087481',NULL,1,'2019-01-02 11:23:42',NULL,NULL,'15464030223554',NULL),(189,2,'1545971594x21831','saraban','3410900087481',NULL,1,'2019-01-02 11:23:42',NULL,NULL,'154640302230067',NULL),(190,2,'1545979967x14624','saraban','3410900087481',NULL,1,'2019-01-02 11:23:42',NULL,NULL,'154640302215408',NULL),(191,2,'1545980080x32564','saraban','3410900087481',NULL,1,'2019-01-02 11:23:42',NULL,NULL,'154640302228841',NULL),(192,2,'1546401999x4702','saraban','3410900087481',NULL,1,'2019-01-02 11:23:42',NULL,NULL,'15464030229774',NULL),(193,2,'1546852922x30909','saraban','3410900087481',NULL,1,'2019-01-09 11:07:05',NULL,NULL,'15470068257418',NULL),(194,2,'1559023202x19098','saraban','3480900271613',NULL,1,'2019-05-28 13:26:16',NULL,NULL,'155902477615983',NULL),(195,2,'1560320562x17077','saraban','1471200129649',NULL,1,'2019-06-13 12:01:35',NULL,NULL,'156040209510353',NULL),(196,NULL,'1560320562x17077','1471200129649','saraban',1,NULL,NULL,'1471200129649','2019-06-13 12:03:45','156040222525652','156040209510353'),(197,2,'1582084912x1967723542','saraban','3480900271613',NULL,1,'2020-02-22 12:58:25',NULL,NULL,'158235110528624',NULL),(198,2,'1582091258x572049382','saraban','3480900271613',NULL,1,'2020-02-22 12:58:25',NULL,NULL,'158235110511209',NULL),(199,2,'1582104273x733169112','saraban','3480900271613',NULL,1,'2020-02-22 12:58:25',NULL,NULL,'15823511054814',NULL),(200,2,'1582105057x614421883','saraban','3480900271613',NULL,1,'2020-02-22 12:58:25',NULL,NULL,'158235110530191',NULL),(201,2,'1582106800x2072714829','saraban','3480900271613',NULL,1,'2020-02-22 12:58:25',NULL,NULL,'158235110514588',NULL),(202,2,'1582170685x1775250067','saraban','3480900271613',NULL,1,'2020-02-22 12:58:25',NULL,NULL,'158235110515237',NULL),(203,2,'1582187146x453823973','saraban','3480900271613',NULL,1,'2020-02-22 12:58:25',NULL,NULL,'15823511053546',NULL),(204,2,'1582098040x1225987412','saraban','3480900271613',NULL,1,'2020-02-22 12:58:25',NULL,NULL,'1582351105523',NULL),(205,2,'1582251461x1581017956','saraban','3480900271613',NULL,1,'2020-02-22 12:58:25',NULL,NULL,'158235110526856',NULL),(206,2,'1582254443x1887939049','saraban','3480900271613',NULL,1,'2020-02-22 12:58:25',NULL,NULL,'15823511052817',NULL),(207,2,'1582257179x1915014043','saraban','3480900271613',NULL,1,'2020-02-22 12:58:25',NULL,NULL,'158235110511686',NULL),(208,2,'1582260298x393200525','saraban','3480900271613',NULL,1,'2020-02-22 12:58:25',NULL,NULL,'158235110513287',NULL),(209,2,'1582267491x1960177483','saraban','3480900271613',NULL,1,'2020-02-22 12:58:25',NULL,NULL,'158235110511156',NULL),(210,2,'1582268338x76072500','saraban','3480900271613',NULL,1,'2020-02-22 12:58:25',NULL,NULL,'158235110522077',NULL),(211,2,'1582277660x1922419285','saraban','3480900271613',NULL,1,'2020-02-22 12:58:25',NULL,NULL,'158235110532306',NULL),(212,2,'1582342670x870579113','saraban','3480900271613',NULL,1,'2020-02-22 12:58:25',NULL,NULL,'158235110510115',NULL),(213,2,'1593936538x1600886228','saraban','3330400729361',NULL,1,'2020-07-08 07:05:38',NULL,NULL,'159416673815271',NULL),(214,2,'1670405666x1679333540','saraban','3349900342153',NULL,1,'2022-12-07 17:16:02',NULL,NULL,'167040816210016',NULL),(215,2,'1670405666x1679333540','saraban','3349900342153',NULL,1,'2022-12-07 17:16:02',NULL,NULL,'167040816210016',NULL),(216,2,'1670406473x1122632953','saraban','3349900342153',NULL,1,'2022-12-07 17:16:02',NULL,NULL,'16704081626361',NULL),(217,2,'1670406473x1122632953','saraban','3349900342153',NULL,1,'2022-12-07 17:16:02',NULL,NULL,'16704081626361',NULL),(218,2,'1670406689x1028272084','saraban','3349900342153',NULL,1,'2022-12-07 17:16:02',NULL,NULL,'167040816225246',NULL),(219,2,'1670406689x1028272084','saraban','3349900342153',NULL,1,'2022-12-07 17:16:02',NULL,NULL,'167040816225246',NULL),(220,2,'1670406982x1538758732','saraban','3349900342153',NULL,1,'2022-12-07 17:16:02',NULL,NULL,'167040816220863',NULL),(221,2,'1670406982x1538758732','saraban','3349900342153',NULL,1,'2022-12-07 17:16:02',NULL,NULL,'167040816220863',NULL),(222,NULL,'1582257179x1915014043','3340700181859','saraban',1,NULL,NULL,'3349900342153','2023-02-23 09:48:18','167712049830659','158235110511686'),(223,2,'1698809490x2128653669','saraban','3331300004357',NULL,1,'2023-11-01 13:42:57',NULL,NULL,'169882097722293',NULL),(224,2,'1698809490x2128653669','saraban','3331300004357',NULL,1,'2023-11-01 13:42:57',NULL,NULL,'169882097722293',NULL),(225,2,'1698811800x122491014','saraban','3331300004357',NULL,1,'2023-11-01 13:42:57',NULL,NULL,'169882097710794',NULL),(226,2,'1698811800x122491014','saraban','3331300004357',NULL,1,'2023-11-01 13:42:57',NULL,NULL,'169882097710794',NULL),(227,2,'1698819331x2025217333','saraban','3331300004357',NULL,1,'2023-11-01 13:42:57',NULL,NULL,'169882097728699',NULL),(228,2,'1698819331x2025217333','saraban','3331300004357',NULL,1,'2023-11-01 13:42:57',NULL,NULL,'169882097728699',NULL),(229,2,'1759719269x410942556','saraban','1471200129649',NULL,1,'2025-10-07 10:01:59',NULL,NULL,'1759806119840123225',NULL),(230,2,'1759719269x410942556','saraban','1471200129649',NULL,1,'2025-10-07 10:01:59',NULL,NULL,'1759806119840123225',NULL),(231,2,'1759726631x1478264200','saraban','1471200129649',NULL,1,'2025-10-07 10:01:59',NULL,NULL,'1759806119439462977',NULL),(232,2,'1759726631x1478264200','saraban','1471200129649',NULL,1,'2025-10-07 10:01:59',NULL,NULL,'1759806119439462977',NULL),(233,2,'1759821949x756684502','saraban','1471200129649',NULL,1,'2025-10-07 14:50:52',NULL,NULL,'1759823452834024209',NULL),(234,2,'1759821949x756684502','saraban','1471200129649',NULL,1,'2025-10-07 14:50:52',NULL,NULL,'1759823452834024209',NULL),(235,2,'1759895979x175042337','saraban','1471200129649',NULL,1,'2025-10-09 10:19:58',NULL,NULL,'17599799982060426155',NULL),(236,2,'1759895979x175042337','saraban','1471200129649',NULL,1,'2025-10-09 10:19:58',NULL,NULL,'17599799982060426155',NULL),(237,2,'1759818978x1312008958','saraban','1471200129649',NULL,1,'2025-10-09 10:19:58',NULL,NULL,'1759979998975962752',NULL),(238,2,'1759818978x1312008958','saraban','1471200129649',NULL,1,'2025-10-09 10:19:58',NULL,NULL,'1759979998975962752',NULL),(239,2,'1759824799x829594693','saraban','1471200129649',NULL,1,'2025-10-09 10:19:58',NULL,NULL,'1759979998489327393',NULL),(240,2,'1759824799x829594693','saraban','1471200129649',NULL,1,'2025-10-09 10:19:58',NULL,NULL,'1759979998489327393',NULL),(241,2,'1759913082x613970053','saraban','1471200129649',NULL,1,'2025-10-09 10:19:58',NULL,NULL,'17599799981001475404',NULL),(242,2,'1759913082x613970053','saraban','1471200129649',NULL,1,'2025-10-09 10:19:58',NULL,NULL,'17599799981001475404',NULL),(243,2,'1759980557x1654308773','saraban','1471200129649',NULL,1,'2025-10-09 10:51:47',NULL,NULL,'17599819071414043976',NULL),(244,2,'1759980557x1654308773','saraban','1471200129649',NULL,1,'2025-10-09 10:51:47',NULL,NULL,'17599819071414043976',NULL),(245,2,'1759991863x749558913','saraban','1471200129649',NULL,1,'2025-10-09 15:18:30',NULL,NULL,'175999791015535445',NULL),(246,2,'1759991863x749558913','saraban','1471200129649',NULL,1,'2025-10-09 15:18:30',NULL,NULL,'175999791015535445',NULL),(247,2,'1759992979x731053032','saraban','1471200129649',NULL,1,'2025-10-09 15:18:30',NULL,NULL,'17599979101527944722',NULL),(248,2,'1759992979x731053032','saraban','1471200129649',NULL,1,'2025-10-09 15:18:30',NULL,NULL,'17599979101527944722',NULL),(249,2,'1759996434x1863099678','saraban','1471200129649',NULL,1,'2025-10-09 15:18:30',NULL,NULL,'1759997910178266458',NULL),(250,2,'1759996434x1863099678','saraban','1471200129649',NULL,1,'2025-10-09 15:18:30',NULL,NULL,'1759997910178266458',NULL),(251,2,'1759999066x1503885525','saraban','1471200129649',NULL,1,'2025-10-14 13:09:02',NULL,NULL,'1760422142253225136',NULL),(252,2,'1759999066x1503885525','saraban','1471200129649',NULL,1,'2025-10-14 13:09:02',NULL,NULL,'1760422142253225136',NULL),(253,2,'1759996260x2015033509','saraban','1471200129649',NULL,1,'2025-10-14 13:09:02',NULL,NULL,'1760422142885226993',NULL),(254,2,'1759996260x2015033509','saraban','1471200129649',NULL,1,'2025-10-14 13:09:02',NULL,NULL,'1760422142885226993',NULL),(255,2,'1760408998x1659081700','saraban','1471200129649',NULL,1,'2025-10-14 13:09:02',NULL,NULL,'1760422142573511079',NULL),(256,2,'1760408998x1659081700','saraban','1471200129649',NULL,1,'2025-10-14 13:09:02',NULL,NULL,'1760422142573511079',NULL),(257,2,'1760409604x312264121','saraban','1471200129649',NULL,1,'2025-10-14 13:09:02',NULL,NULL,'17604221421576518786',NULL),(258,2,'1760409604x312264121','saraban','1471200129649',NULL,1,'2025-10-14 13:09:02',NULL,NULL,'17604221421576518786',NULL),(259,2,'1760411233x1290751417','saraban','1471200129649',NULL,1,'2025-10-14 13:09:02',NULL,NULL,'17604221421988404086',NULL),(260,2,'1760411233x1290751417','saraban','1471200129649',NULL,1,'2025-10-14 13:09:02',NULL,NULL,'17604221421988404086',NULL),(261,2,'1760415045x1653783103','saraban','1471200129649',NULL,1,'2025-10-14 13:09:02',NULL,NULL,'1760422142916910152',NULL),(262,2,'1760415045x1653783103','saraban','1471200129649',NULL,1,'2025-10-14 13:09:02',NULL,NULL,'1760422142916910152',NULL),(263,2,'1760517619x1606459937','saraban','1349900926701',NULL,1,'2025-10-15 15:48:08',NULL,NULL,'17605180881426869227',NULL),(264,2,'1760517619x1606459937','saraban','1349900926701',NULL,1,'2025-10-15 15:48:08',NULL,NULL,'17605180881426869227',NULL),(265,2,'1760522827x2047169799','saraban','1349900926701',NULL,1,'2025-10-16 10:09:45',NULL,NULL,'1760584185650960514',NULL),(266,2,'1760522827x2047169799','saraban','1349900926701',NULL,1,'2025-10-16 10:09:45',NULL,NULL,'1760584185650960514',NULL),(267,2,'1760577462x1884284221','saraban','1349900926701',NULL,1,'2025-10-16 10:09:45',NULL,NULL,'1760584185728043552',NULL),(268,2,'1760577462x1884284221','saraban','1349900926701',NULL,1,'2025-10-16 10:09:45',NULL,NULL,'1760584185728043552',NULL),(269,2,'1760599771x490051794','saraban','1349900926701',NULL,1,'2025-10-16 17:20:44',NULL,NULL,'17606100441187447870',NULL),(270,2,'1760599771x490051794','saraban','1349900926701',NULL,1,'2025-10-16 17:20:44',NULL,NULL,'17606100441187447870',NULL),(271,2,'1760605566x1711097334','saraban','1349900926701',NULL,1,'2025-10-16 17:20:44',NULL,NULL,'17606100441407595319',NULL),(272,2,'1760605566x1711097334','saraban','1349900926701',NULL,1,'2025-10-16 17:20:44',NULL,NULL,'17606100441407595319',NULL),(273,2,'1760666904x155671295','saraban','1349900926701',NULL,1,'2025-10-17 14:22:58',NULL,NULL,'17606857781012469265',NULL),(274,2,'1760666904x155671295','saraban','1349900926701',NULL,1,'2025-10-17 14:22:58',NULL,NULL,'17606857781012469265',NULL),(275,2,'1760670103x122525798','saraban','1349900926701',NULL,1,'2025-10-17 14:22:58',NULL,NULL,'17606857781189982312',NULL),(276,2,'1760670103x122525798','saraban','1349900926701',NULL,1,'2025-10-17 14:22:58',NULL,NULL,'17606857781189982312',NULL),(277,2,'1760670832x731267672','saraban','1349900926701',NULL,1,'2025-10-17 14:22:58',NULL,NULL,'1760685778228586313',NULL),(278,2,'1760670832x731267672','saraban','1349900926701',NULL,1,'2025-10-17 14:22:58',NULL,NULL,'1760685778228586313',NULL),(279,2,'1760675757x399964723','saraban','1349900926701',NULL,1,'2025-10-17 14:22:58',NULL,NULL,'17606857781922740366',NULL),(280,2,'1760675757x399964723','saraban','1349900926701',NULL,1,'2025-10-17 14:22:58',NULL,NULL,'17606857781922740366',NULL),(281,2,'1760682896x1907368192','saraban','1349900926701',NULL,1,'2025-10-17 14:22:58',NULL,NULL,'17606857782104267412',NULL),(282,2,'1760682896x1907368192','saraban','1349900926701',NULL,1,'2025-10-17 14:22:58',NULL,NULL,'17606857782104267412',NULL),(283,2,'1760694104x1096972095','saraban','1349900926701',NULL,1,'2025-10-27 21:40:48',NULL,NULL,'17615760481681566400',NULL),(284,2,'1760694104x1096972095','saraban','1349900926701',NULL,1,'2025-10-27 21:40:48',NULL,NULL,'17615760481681566400',NULL),(285,2,'1760695901x1189993133','saraban','1349900926701',NULL,1,'2025-10-27 21:40:48',NULL,NULL,'176157604860313874',NULL),(286,2,'1760695901x1189993133','saraban','1349900926701',NULL,1,'2025-10-27 21:40:48',NULL,NULL,'176157604860313874',NULL),(287,2,'1760672864x1317301734','saraban','1349900926701',NULL,1,'2025-10-27 21:40:48',NULL,NULL,'17615760481169317354',NULL),(288,2,'1760672864x1317301734','saraban','1349900926701',NULL,1,'2025-10-27 21:40:48',NULL,NULL,'17615760481169317354',NULL),(289,2,'1760672964x771260171','saraban','1349900926701',NULL,1,'2025-10-27 21:40:48',NULL,NULL,'17615760482024528553',NULL),(290,2,'1760672964x771260171','saraban','1349900926701',NULL,1,'2025-10-27 21:40:48',NULL,NULL,'17615760482024528553',NULL),(291,2,'1760948557x1778955653','saraban','1349900926701',NULL,1,'2025-10-27 21:40:48',NULL,NULL,'1761576048292034212',NULL),(292,2,'1760948557x1778955653','saraban','1349900926701',NULL,1,'2025-10-27 21:40:48',NULL,NULL,'1761576048292034212',NULL),(293,2,'1761012865x2100894007','saraban','1349900926701',NULL,1,'2025-10-27 21:40:48',NULL,NULL,'1761576048437111242',NULL),(294,2,'1761012865x2100894007','saraban','1349900926701',NULL,1,'2025-10-27 21:40:48',NULL,NULL,'1761576048437111242',NULL),(295,2,'1761013133x205156104','saraban','1349900926701',NULL,1,'2025-10-27 21:40:48',NULL,NULL,'1761576048627542434',NULL),(296,2,'1761013133x205156104','saraban','1349900926701',NULL,1,'2025-10-27 21:40:48',NULL,NULL,'1761576048627542434',NULL),(297,2,'1761098469x1788370653','saraban','1349900926701',NULL,1,'2025-10-27 21:40:48',NULL,NULL,'17615760481840009905',NULL),(298,2,'1761098469x1788370653','saraban','1349900926701',NULL,1,'2025-10-27 21:40:48',NULL,NULL,'17615760481840009905',NULL),(299,2,'1761115210x913814601','saraban','1349900926701',NULL,1,'2025-10-27 21:40:48',NULL,NULL,'1761576048596014942',NULL),(300,2,'1761115210x913814601','saraban','1349900926701',NULL,1,'2025-10-27 21:40:48',NULL,NULL,'1761576048596014942',NULL),(301,2,'1761292151x2089744943','saraban','1349900926701',NULL,1,'2025-10-27 21:40:48',NULL,NULL,'1761576048223383808',NULL),(302,2,'1761292151x2089744943','saraban','1349900926701',NULL,1,'2025-10-27 21:40:48',NULL,NULL,'1761576048223383808',NULL),(303,2,'1761531695x396082728','saraban','1349900926701',NULL,1,'2025-10-27 21:40:48',NULL,NULL,'17615760481776965081',NULL),(304,2,'1761531695x396082728','saraban','1349900926701',NULL,1,'2025-10-27 21:40:48',NULL,NULL,'17615760481776965081',NULL),(305,2,'1761531975x1363562324','saraban','1349900926701',NULL,1,'2025-10-27 21:40:48',NULL,NULL,'176157604830142337',NULL),(306,2,'1761531975x1363562324','saraban','1349900926701',NULL,1,'2025-10-27 21:40:48',NULL,NULL,'176157604830142337',NULL),(307,2,'1761533372x900350050','saraban','1349900926701',NULL,1,'2025-10-27 21:40:48',NULL,NULL,'1761576048202240250',NULL),(308,2,'1761533372x900350050','saraban','1349900926701',NULL,1,'2025-10-27 21:40:48',NULL,NULL,'1761576048202240250',NULL),(309,2,'1761535224x1691773175','saraban','1349900926701',NULL,1,'2025-10-27 21:40:48',NULL,NULL,'17615760481216971756',NULL),(310,2,'1761535224x1691773175','saraban','1349900926701',NULL,1,'2025-10-27 21:40:48',NULL,NULL,'17615760481216971756',NULL),(311,2,'1761536325x780841215','saraban','1349900926701',NULL,1,'2025-10-27 21:40:48',NULL,NULL,'17615760481484445468',NULL),(312,2,'1761536325x780841215','saraban','1349900926701',NULL,1,'2025-10-27 21:40:48',NULL,NULL,'17615760481484445468',NULL),(313,2,'1761548393x97611901','saraban','1349900926701',NULL,1,'2025-10-27 21:40:48',NULL,NULL,'1761576048397437468',NULL),(314,2,'1761548393x97611901','saraban','1349900926701',NULL,1,'2025-10-27 21:40:48',NULL,NULL,'1761576048397437468',NULL),(315,2,'1761549030x1370089033','saraban','1349900926701',NULL,1,'2025-10-27 21:40:48',NULL,NULL,'1761576048150359820',NULL),(316,2,'1761549030x1370089033','saraban','1349900926701',NULL,1,'2025-10-27 21:40:48',NULL,NULL,'1761576048150359820',NULL),(317,2,'1761549174x408839210','saraban','1349900926701',NULL,1,'2025-10-27 21:40:48',NULL,NULL,'17615760481579211750',NULL),(318,2,'1761549174x408839210','saraban','1349900926701',NULL,1,'2025-10-27 21:40:48',NULL,NULL,'17615760481579211750',NULL),(319,2,'1761549426x1243010508','saraban','1349900926701',NULL,1,'2025-10-27 21:40:48',NULL,NULL,'17615760481022976541',NULL),(320,2,'1761549426x1243010508','saraban','1349900926701',NULL,1,'2025-10-27 21:40:48',NULL,NULL,'17615760481022976541',NULL),(321,2,'1761619709x262904336','saraban','1349900926701',NULL,1,'2025-10-29 19:32:41',NULL,NULL,'1761741161171184397',NULL),(322,2,'1761619709x262904336','saraban','1349900926701',NULL,1,'2025-10-29 19:32:41',NULL,NULL,'1761741161171184397',NULL),(323,2,'1761534856x760495280','saraban','1349900926701',NULL,1,'2025-10-29 19:32:41',NULL,NULL,'1761741161229999651',NULL),(324,2,'1761534856x760495280','saraban','1349900926701',NULL,1,'2025-10-29 19:32:41',NULL,NULL,'1761741161229999651',NULL),(325,2,'1761625148x767162155','saraban','1349900926701',NULL,1,'2025-10-29 19:32:41',NULL,NULL,'1761741161517930472',NULL),(326,2,'1761625148x767162155','saraban','1349900926701',NULL,1,'2025-10-29 19:32:41',NULL,NULL,'1761741161517930472',NULL),(327,2,'1761719946x820786700','saraban','1349900926701',NULL,1,'2025-10-29 19:32:41',NULL,NULL,'176174116146599325',NULL),(328,2,'1761719946x820786700','saraban','1349900926701',NULL,1,'2025-10-29 19:32:41',NULL,NULL,'176174116146599325',NULL),(329,2,'1761723647x316239344','saraban','1349900926701',NULL,1,'2025-10-29 19:32:41',NULL,NULL,'17617411611431759719',NULL),(330,2,'1761723647x316239344','saraban','1349900926701',NULL,1,'2025-10-29 19:32:41',NULL,NULL,'17617411611431759719',NULL),(331,2,'1761730032x650523549','saraban','1349900926701',NULL,1,'2025-10-29 19:32:41',NULL,NULL,'1761741161526556307',NULL),(332,2,'1761730032x650523549','saraban','1349900926701',NULL,1,'2025-10-29 19:32:41',NULL,NULL,'1761741161526556307',NULL),(333,2,'1761733308x2022362294','saraban','1349900926701',NULL,1,'2025-10-29 19:32:41',NULL,NULL,'17617411611968083569',NULL),(334,2,'1761733308x2022362294','saraban','1349900926701',NULL,1,'2025-10-29 19:32:41',NULL,NULL,'17617411611968083569',NULL),(335,2,'1761791525x13311113','saraban','1349900926701',NULL,1,'2025-10-31 09:57:56',NULL,NULL,'17618794762008072417',NULL),(336,2,'1761791525x13311113','saraban','1349900926701',NULL,1,'2025-10-31 09:57:56',NULL,NULL,'17618794762008072417',NULL),(337,2,'1761798213x1879952562','saraban','1349900926701',NULL,1,'2025-10-31 09:57:56',NULL,NULL,'17618794761424105228',NULL),(338,2,'1761798213x1879952562','saraban','1349900926701',NULL,1,'2025-10-31 09:57:56',NULL,NULL,'17618794761424105228',NULL),(339,2,'1761815424x1800867903','saraban','1349900926701',NULL,1,'2025-10-31 09:57:56',NULL,NULL,'17618794761809304773',NULL),(340,2,'1761815424x1800867903','saraban','1349900926701',NULL,1,'2025-10-31 09:57:56',NULL,NULL,'17618794761809304773',NULL),(341,2,'1761814228x1609531352','saraban','1349900926701',NULL,1,'2025-10-31 09:57:56',NULL,NULL,'1761879476830207179',NULL),(342,2,'1761814228x1609531352','saraban','1349900926701',NULL,1,'2025-10-31 09:57:56',NULL,NULL,'1761879476830207179',NULL),(343,2,'1761814324x708101652','saraban','1349900926701',NULL,1,'2025-10-31 09:57:56',NULL,NULL,'17618794762023664033',NULL),(344,2,'1761814324x708101652','saraban','1349900926701',NULL,1,'2025-10-31 09:57:56',NULL,NULL,'17618794762023664033',NULL),(345,2,'1761814405x860272222','saraban','1349900926701',NULL,1,'2025-10-31 09:57:56',NULL,NULL,'17618794761679385968',NULL),(346,2,'1761814405x860272222','saraban','1349900926701',NULL,1,'2025-10-31 09:57:56',NULL,NULL,'17618794761679385968',NULL),(347,2,'1761812606x58110811','saraban','1349900926701',NULL,1,'2025-10-31 09:57:56',NULL,NULL,'1761879476205405419',NULL),(348,2,'1761812606x58110811','saraban','1349900926701',NULL,1,'2025-10-31 09:57:56',NULL,NULL,'1761879476205405419',NULL),(349,2,'1761877030x1511889405','saraban','1349900926701',NULL,1,'2025-10-31 09:57:56',NULL,NULL,'1761879476719337753',NULL),(350,2,'1761877030x1511889405','saraban','1349900926701',NULL,1,'2025-10-31 09:57:56',NULL,NULL,'1761879476719337753',NULL),(351,2,'1761893034x854266912','saraban','1349900926701',NULL,1,'2025-11-03 08:35:03',NULL,NULL,'1762133703261239156',NULL),(352,2,'1761893034x854266912','saraban','1349900926701',NULL,1,'2025-11-03 08:35:03',NULL,NULL,'1762133703261239156',NULL),(353,2,'1761893155x2077923472','saraban','1349900926701',NULL,1,'2025-11-03 08:35:03',NULL,NULL,'1762133703371539844',NULL),(354,2,'1761893155x2077923472','saraban','1349900926701',NULL,1,'2025-11-03 08:35:03',NULL,NULL,'1762133703371539844',NULL),(355,2,'1761893985x1657070640','saraban','1349900926701',NULL,1,'2025-11-03 08:35:03',NULL,NULL,'17621337031203501119',NULL),(356,2,'1761893985x1657070640','saraban','1349900926701',NULL,1,'2025-11-03 08:35:03',NULL,NULL,'17621337031203501119',NULL),(357,2,'1761814936x1287219891','saraban','1349900926701',NULL,1,'2025-11-03 08:35:03',NULL,NULL,'1762133703280104838',NULL),(358,2,'1761814936x1287219891','saraban','1349900926701',NULL,1,'2025-11-03 08:35:03',NULL,NULL,'1762133703280104838',NULL),(359,2,'1762062309x1298916265','saraban','1349900926701',NULL,1,'2025-11-03 08:35:03',NULL,NULL,'17621337031634073573',NULL),(360,2,'1762062309x1298916265','saraban','1349900926701',NULL,1,'2025-11-03 08:35:03',NULL,NULL,'17621337031634073573',NULL),(361,2,'1762142315x1829032969','saraban','1349900926701',NULL,1,'2025-11-03 12:43:03',NULL,NULL,'1762148583116847582',NULL),(362,2,'1762142315x1829032969','saraban','1349900926701',NULL,1,'2025-11-03 12:43:03',NULL,NULL,'1762148583116847582',NULL),(363,2,'1762150600x1472401767','saraban','1349900926701',NULL,1,'2025-11-04 08:47:44',NULL,NULL,'17622208641670733736',NULL),(364,2,'1762150600x1472401767','saraban','1349900926701',NULL,1,'2025-11-04 08:47:44',NULL,NULL,'17622208641670733736',NULL),(365,2,'1762156848x202169555','saraban','1349900926701',NULL,1,'2025-11-04 08:47:44',NULL,NULL,'17622208641213391512',NULL),(366,2,'1762156848x202169555','saraban','1349900926701',NULL,1,'2025-11-04 08:47:44',NULL,NULL,'17622208641213391512',NULL),(367,2,'1762137711x1686450306','saraban','1349900926701',NULL,1,'2025-11-04 08:47:44',NULL,NULL,'17622208642124194251',NULL),(368,2,'1762137711x1686450306','saraban','1349900926701',NULL,1,'2025-11-04 08:47:44',NULL,NULL,'17622208642124194251',NULL),(369,2,'1762224373x1960236328','saraban','1349900926701',NULL,1,'2025-11-04 13:02:57',NULL,NULL,'17622361771530972744',NULL),(370,2,'1762224373x1960236328','saraban','1349900926701',NULL,1,'2025-11-04 13:02:57',NULL,NULL,'17622361771530972744',NULL),(371,2,'1762143403x1525326668','saraban','1349900926701',NULL,1,'2025-11-04 13:02:57',NULL,NULL,'17622361771997092828',NULL),(372,2,'1762143403x1525326668','saraban','1349900926701',NULL,1,'2025-11-04 13:02:57',NULL,NULL,'17622361771997092828',NULL),(373,2,'1762143522x1728323744','saraban','1349900926701',NULL,1,'2025-11-04 13:02:57',NULL,NULL,'1762236177301295146',NULL),(374,2,'1762143522x1728323744','saraban','1349900926701',NULL,1,'2025-11-04 13:02:57',NULL,NULL,'1762236177301295146',NULL),(375,2,'1762143583x1217937910','saraban','1349900926701',NULL,1,'2025-11-04 13:02:57',NULL,NULL,'1762236177920472226',NULL),(376,2,'1762143583x1217937910','saraban','1349900926701',NULL,1,'2025-11-04 13:02:57',NULL,NULL,'1762236177920472226',NULL),(377,2,'1762225652x2070297950','saraban','1349900926701',NULL,1,'2025-11-04 13:02:57',NULL,NULL,'17622361771306062571',NULL),(378,2,'1762225652x2070297950','saraban','1349900926701',NULL,1,'2025-11-04 13:02:57',NULL,NULL,'17622361771306062571',NULL),(379,2,'1762229339x1148128335','saraban','1349900926701',NULL,1,'2025-11-04 13:02:57',NULL,NULL,'17622361771277724081',NULL),(380,2,'1762229339x1148128335','saraban','1349900926701',NULL,1,'2025-11-04 13:02:57',NULL,NULL,'17622361771277724081',NULL),(381,2,'1762315913x1149655777','saraban','1349900926701',NULL,1,'2025-11-05 12:51:33',NULL,NULL,'1762321893454180407',NULL),(382,2,'1762315913x1149655777','saraban','1349900926701',NULL,1,'2025-11-05 12:51:33',NULL,NULL,'1762321893454180407',NULL),(383,2,'1762317855x2043608893','saraban','1349900926701',NULL,1,'2025-11-05 12:51:33',NULL,NULL,'17623218931706954599',NULL),(384,2,'1762317855x2043608893','saraban','1349900926701',NULL,1,'2025-11-05 12:51:33',NULL,NULL,'17623218931706954599',NULL),(385,2,'1762310139x860532028','saraban','1349900926701',NULL,1,'2025-11-06 13:18:22',NULL,NULL,'17624099021936896364',NULL),(386,2,'1762310139x860532028','saraban','1349900926701',NULL,1,'2025-11-06 13:18:22',NULL,NULL,'17624099021936896364',NULL),(387,2,'1762317507x1645145225','saraban','1349900926701',NULL,1,'2025-11-06 13:18:22',NULL,NULL,'1762409902871762710',NULL),(388,2,'1762317507x1645145225','saraban','1349900926701',NULL,1,'2025-11-06 13:18:22',NULL,NULL,'1762409902871762710',NULL),(389,2,'1762402192x938700042','saraban','1349900926701',NULL,1,'2025-11-06 13:18:22',NULL,NULL,'17624099022072017975',NULL),(390,2,'1762402192x938700042','saraban','1349900926701',NULL,1,'2025-11-06 13:18:22',NULL,NULL,'17624099022072017975',NULL),(391,2,'1762480721x193323452','saraban','1349900926701',NULL,1,'2025-11-07 09:10:34',NULL,NULL,'17624814341634671958',NULL),(392,2,'1762480721x193323452','saraban','1349900926701',NULL,1,'2025-11-07 09:10:34',NULL,NULL,'17624814341634671958',NULL),(393,2,'1762826155x1275206605','saraban','1349900926701',NULL,1,'2025-11-11 09:04:17',NULL,NULL,'17628266572092551900',NULL),(394,2,'1762826155x1275206605','saraban','1349900926701',NULL,1,'2025-11-11 09:04:17',NULL,NULL,'17628266572092551900',NULL),(395,2,'1762845605x1725857795','saraban','1349900926701',NULL,1,'2025-11-11 15:14:41',NULL,NULL,'1762848881357181815',NULL),(396,2,'1762845605x1725857795','saraban','1349900926701',NULL,1,'2025-11-11 15:14:41',NULL,NULL,'1762848881357181815',NULL),(397,2,'1762841508x2035501673','saraban','1349900926701',NULL,1,'2025-11-12 10:05:43',NULL,NULL,'17629167432095840987',NULL),(398,2,'1762841508x2035501673','saraban','1349900926701',NULL,1,'2025-11-12 10:05:43',NULL,NULL,'17629167432095840987',NULL),(399,2,'1762744548x230131834','saraban','1349900926701',NULL,1,'2025-11-12 10:05:43',NULL,NULL,'17629167431642100291',NULL),(400,2,'1762744548x230131834','saraban','1349900926701',NULL,1,'2025-11-12 10:05:43',NULL,NULL,'17629167431642100291',NULL),(401,2,'1762744867x2137465874','saraban','1349900926701',NULL,1,'2025-11-12 10:05:43',NULL,NULL,'1762916743353828354',NULL),(402,2,'1762744867x2137465874','saraban','1349900926701',NULL,1,'2025-11-12 10:05:43',NULL,NULL,'1762916743353828354',NULL),(403,2,'1762335252x1044568382','saraban','1349900926701',NULL,1,'2025-11-13 09:13:33',NULL,NULL,'1763000013830932645',NULL),(404,2,'1762335252x1044568382','saraban','1349900926701',NULL,1,'2025-11-13 09:13:33',NULL,NULL,'1763000013830932645',NULL),(405,2,'1762999321x1918384109','saraban','1349900926701',NULL,1,'2025-11-13 09:13:33',NULL,NULL,'17630000131131034870',NULL),(406,2,'1762999321x1918384109','saraban','1349900926701',NULL,1,'2025-11-13 09:13:33',NULL,NULL,'17630000131131034870',NULL),(407,2,'1763013947x1067679514','saraban','1349900926701',NULL,1,'2025-11-14 08:29:38',NULL,NULL,'1763083778346163260',NULL),(408,2,'1763013947x1067679514','saraban','1349900926701',NULL,1,'2025-11-14 08:29:38',NULL,NULL,'1763083778346163260',NULL),(409,2,'1763024200x652766219','saraban','1349900926701',NULL,1,'2025-11-14 08:29:38',NULL,NULL,'1763083778919913019',NULL),(410,2,'1763024200x652766219','saraban','1349900926701',NULL,1,'2025-11-14 08:29:38',NULL,NULL,'1763083778919913019',NULL),(411,2,'1762946244x1391330335','saraban','1349900926701',NULL,1,'2025-11-14 08:29:38',NULL,NULL,'1763083778430887984',NULL),(412,2,'1762946244x1391330335','saraban','1349900926701',NULL,1,'2025-11-14 08:29:38',NULL,NULL,'1763083778430887984',NULL),(413,2,'1762946413x510710919','saraban','1349900926701',NULL,1,'2025-11-14 08:29:38',NULL,NULL,'1763083778202164457',NULL),(414,2,'1762946413x510710919','saraban','1349900926701',NULL,1,'2025-11-14 08:29:38',NULL,NULL,'1763083778202164457',NULL),(415,2,'1763350922x292699241','saraban','1349900926701',NULL,1,'2025-11-17 14:42:01',NULL,NULL,'17633653211077357363',NULL),(416,2,'1763350922x292699241','saraban','1349900926701',NULL,1,'2025-11-17 14:42:01',NULL,NULL,'17633653211077357363',NULL),(417,2,'1763361504x1088031550','saraban','1349900926701',NULL,1,'2025-11-17 14:42:01',NULL,NULL,'176336532175677719',NULL),(418,2,'1763361504x1088031550','saraban','1349900926701',NULL,1,'2025-11-17 14:42:01',NULL,NULL,'176336532175677719',NULL),(419,2,'1763367265x2041322674','saraban','1349900926701',NULL,1,'2025-11-18 08:27:02',NULL,NULL,'1763429222523487069',NULL),(420,2,'1763367265x2041322674','saraban','1349900926701',NULL,1,'2025-11-18 08:27:02',NULL,NULL,'1763429222523487069',NULL),(421,2,'1763368439x1383745702','saraban','1349900926701',NULL,1,'2025-11-18 08:27:02',NULL,NULL,'1763429222612485647',NULL),(422,2,'1763368439x1383745702','saraban','1349900926701',NULL,1,'2025-11-18 08:27:02',NULL,NULL,'1763429222612485647',NULL),(423,2,'1763370723x161028148','saraban','1349900926701',NULL,1,'2025-11-18 08:27:02',NULL,NULL,'1763429222888987606',NULL),(424,2,'1763370723x161028148','saraban','1349900926701',NULL,1,'2025-11-18 08:27:02',NULL,NULL,'1763429222888987606',NULL),(425,2,'1763370670x1399920702','saraban','1349900926701',NULL,1,'2025-11-18 08:27:02',NULL,NULL,'1763429222559443668',NULL),(426,2,'1763370670x1399920702','saraban','1349900926701',NULL,1,'2025-11-18 08:27:02',NULL,NULL,'1763429222559443668',NULL),(427,2,'1763370992x1374636679','saraban','1349900926701',NULL,1,'2025-11-18 08:27:02',NULL,NULL,'1763429222934629115',NULL),(428,2,'1763370992x1374636679','saraban','1349900926701',NULL,1,'2025-11-18 08:27:02',NULL,NULL,'1763429222934629115',NULL),(429,2,'1763372123x1115164037','saraban','1349900926701',NULL,1,'2025-11-18 08:27:02',NULL,NULL,'17634292221173799095',NULL),(430,2,'1763372123x1115164037','saraban','1349900926701',NULL,1,'2025-11-18 08:27:02',NULL,NULL,'17634292221173799095',NULL),(431,2,'1763372471x1817245859','saraban','1349900926701',NULL,1,'2025-11-18 08:27:02',NULL,NULL,'17634292221395798916',NULL),(432,2,'1763372471x1817245859','saraban','1349900926701',NULL,1,'2025-11-18 08:27:02',NULL,NULL,'17634292221395798916',NULL),(433,2,'1763521926x67109209','saraban','1349900926701',NULL,1,'2025-11-19 11:03:17',NULL,NULL,'1763524997492850078',NULL),(434,2,'1763521926x67109209','saraban','1349900926701',NULL,1,'2025-11-19 11:03:17',NULL,NULL,'1763524997492850078',NULL),(435,2,'1763535423x1360756751','saraban','1349900926701',NULL,1,'2025-11-19 14:04:00',NULL,NULL,'17635358401623241836',NULL),(436,2,'1763535423x1360756751','saraban','1349900926701',NULL,1,'2025-11-19 14:04:00',NULL,NULL,'17635358401623241836',NULL),(437,2,'1763613780x640445620','saraban','1349900926701',NULL,1,'2025-11-20 13:48:06',NULL,NULL,'1763621286480280578',NULL),(438,2,'1763613780x640445620','saraban','1349900926701',NULL,1,'2025-11-20 13:48:06',NULL,NULL,'1763621286480280578',NULL),(439,2,'1763621893x525283509','saraban','1349900926701',NULL,1,'2025-11-21 11:01:09',NULL,NULL,'17636976691655614064',NULL),(440,2,'1763621893x525283509','saraban','1349900926701',NULL,1,'2025-11-21 11:01:09',NULL,NULL,'17636976691655614064',NULL),(441,2,'1763622505x438069299','saraban','1349900926701',NULL,1,'2025-11-21 11:01:09',NULL,NULL,'17636976691403156298',NULL),(442,2,'1763622505x438069299','saraban','1349900926701',NULL,1,'2025-11-21 11:01:09',NULL,NULL,'17636976691403156298',NULL),(443,2,'1763623018x1013457761','saraban','1349900926701',NULL,1,'2025-11-21 11:01:09',NULL,NULL,'1763697669413617525',NULL),(444,2,'1763623018x1013457761','saraban','1349900926701',NULL,1,'2025-11-21 11:01:09',NULL,NULL,'1763697669413617525',NULL),(445,2,'1763629852x2012414441','saraban','1349900926701',NULL,1,'2025-11-21 11:01:09',NULL,NULL,'1763697669522993286',NULL),(446,2,'1763629852x2012414441','saraban','1349900926701',NULL,1,'2025-11-21 11:01:09',NULL,NULL,'1763697669522993286',NULL),(447,2,'1763630834x844909166','saraban','1349900926701',NULL,1,'2025-11-21 11:01:09',NULL,NULL,'17636976691914577292',NULL),(448,2,'1763630834x844909166','saraban','1349900926701',NULL,1,'2025-11-21 11:01:09',NULL,NULL,'17636976691914577292',NULL),(449,2,'1763692996x1759688354','saraban','1349900926701',NULL,1,'2025-11-21 11:01:09',NULL,NULL,'17636976691259469393',NULL),(450,2,'1763692996x1759688354','saraban','1349900926701',NULL,1,'2025-11-21 11:01:09',NULL,NULL,'17636976691259469393',NULL),(451,2,'1763957159x741778950','saraban','1349900926701',NULL,1,'2025-11-24 13:24:37',NULL,NULL,'1763965477237926960',NULL),(452,2,'1763957159x741778950','saraban','1349900926701',NULL,1,'2025-11-24 13:24:37',NULL,NULL,'1763965477237926960',NULL);

--
-- Table structure for table `bookregister_cer_officer`
--

CREATE TABLE `bookregister_cer_officer` (
  `id` int(11) NOT NULL AUTO_INCREMENT,
  `person_id` varchar(13) NOT NULL,
  `p1` tinyint(4) NOT NULL,
  `officer` varchar(13) NOT NULL,
  `rec_date` date NOT NULL,
  PRIMARY KEY (`id`),
  UNIQUE KEY `person_id` (`person_id`)
) ENGINE=MyISAM DEFAULT CHARSET=utf8 COLLATE=utf8_general_ci;

--
-- Dumping data for table `bookregister_cer_officer`
--


--
-- Table structure for table `bookregister_cer_sign`
--

CREATE TABLE `bookregister_cer_sign` (
  `id` int(11) NOT NULL AUTO_INCREMENT,
  `code` varchar(13) NOT NULL,
  `name` varchar(200) NOT NULL,
  `position1` varchar(200) NOT NULL,
  `position2` varchar(200) NOT NULL,
  `sign_pic` varchar(150) NOT NULL,
  `sign_now` tinyint(4) NOT NULL DEFAULT 0,
  `officer` varchar(13) NOT NULL,
  `rec_date` date NOT NULL,
  PRIMARY KEY (`id`),
  UNIQUE KEY `code` (`code`)
) ENGINE=MyISAM AUTO_INCREMENT=2 DEFAULT CHARSET=utf8 COLLATE=utf8_general_ci;

--
-- Dumping data for table `bookregister_cer_sign`
--

INSERT INTO `bookregister_cer_sign` VALUES (1,'1','นางกาญจนา  ยอดมาลี','ผู้อำนวยการโรงเรียนบ้านนาแก','','1754104840x2002567559.jpg',1,'3331300004357','2025-08-02');

--
-- Table structure for table `bookregister_certificate`
--

CREATE TABLE `bookregister_certificate` (
  `ms_id` int(11) NOT NULL AUTO_INCREMENT,
  `year` int(11) NOT NULL,
  `register_number` int(11) NOT NULL,
  `book_no` varchar(50) NOT NULL,
  `signdate` date NOT NULL,
  `name_cer` varchar(150) NOT NULL,
  `subject` varchar(150) NOT NULL,
  `subject2` varchar(250) NOT NULL,
  `comment` varchar(100) DEFAULT NULL,
  `sign_person` varchar(4) NOT NULL,
  `register_date` date NOT NULL,
  `officer` varchar(13) DEFAULT NULL,
  `file_name` varchar(50) DEFAULT NULL,
  `khet_print` tinyint(4) NOT NULL DEFAULT 0,
  `check_status` tinyint(4) NOT NULL DEFAULT 0,
  `quarantee` tinyint(4) NOT NULL DEFAULT 0,
  `quarantee_person` varchar(13) NOT NULL,
  `quarantee_date` date NOT NULL,
  PRIMARY KEY (`ms_id`)
) ENGINE=MyISAM DEFAULT CHARSET=utf8 COLLATE=utf8_general_ci;

--
-- Dumping data for table `bookregister_certificate`
--


--
-- Table structure for table `bookregister_command`
--

CREATE TABLE `bookregister_command` (
  `ms_id` int(11) NOT NULL AUTO_INCREMENT,
  `year` int(11) NOT NULL,
  `register_number` int(11) NOT NULL,
  `book_no` varchar(50) NOT NULL,
  `signdate` date NOT NULL,
  `subject` varchar(150) NOT NULL,
  `comment` varchar(100) DEFAULT NULL,
  `register_date` date NOT NULL,
  `officer` varchar(13) DEFAULT NULL,
  `file_name` varchar(100) DEFAULT NULL,
  `file_des` varchar(100) DEFAULT NULL,
  PRIMARY KEY (`ms_id`)
) ENGINE=MyISAM DEFAULT CHARSET=utf8 COLLATE=utf8_general_ci;

--
-- Dumping data for table `bookregister_command`
--


--
-- Table structure for table `bookregister_office_no`
--

CREATE TABLE `bookregister_office_no` (
  `id` int(11) NOT NULL AUTO_INCREMENT,
  `office_no` varchar(100) NOT NULL,
  `school_code` varchar(15) DEFAULT NULL,
  `officer` varchar(13) DEFAULT NULL,
  `rec_date` date DEFAULT NULL,
  PRIMARY KEY (`id`)
) ENGINE=MyISAM AUTO_INCREMENT=2 DEFAULT CHARSET=utf8 COLLATE=utf8_general_ci;

--
-- Dumping data for table `bookregister_office_no`
--

INSERT INTO `bookregister_office_no` VALUES (1,'ที่ ศธ04186.054/    ',NULL,NULL,NULL);

--
-- Table structure for table `bookregister_permission`
--

CREATE TABLE `bookregister_permission` (
  `id` int(11) NOT NULL AUTO_INCREMENT,
  `person_id` varchar(13) NOT NULL,
  `p1` tinyint(4) NOT NULL,
  `p2` tinyint(4) DEFAULT NULL,
  `school_code` varchar(15) DEFAULT NULL,
  `officer` varchar(13) NOT NULL,
  `rec_date` date NOT NULL,
  PRIMARY KEY (`id`),
  UNIQUE KEY `person_id` (`person_id`)
) ENGINE=MyISAM AUTO_INCREMENT=8 DEFAULT CHARSET=utf8 COLLATE=utf8_general_ci;

--
-- Dumping data for table `bookregister_permission`
--

INSERT INTO `bookregister_permission` VALUES (3,'3330400729361',1,NULL,NULL,'3330400729361','2019-05-27'),(6,'3480900271613',1,NULL,NULL,'3330400729361','2021-05-10'),(4,'3349800001231',1,NULL,NULL,'3330400729361','2021-05-10'),(5,'1471200129649',0,NULL,NULL,'3331300004357','2025-08-02'),(7,'3340700181859',1,NULL,NULL,'3331300004357','2025-08-02');

--
-- Table structure for table `bookregister_receive_filebook`
--

CREATE TABLE `bookregister_receive_filebook` (
  `id` int(11) NOT NULL AUTO_INCREMENT,
  `ref_id` varchar(50) NOT NULL,
  `file_name` varchar(100) NOT NULL,
  `file_des` varchar(100) NOT NULL,
  PRIMARY KEY (`id`)
) ENGINE=MyISAM DEFAULT CHARSET=utf8 COLLATE=utf8_general_ci;

--
-- Dumping data for table `bookregister_receive_filebook`
--


--
-- Table structure for table `bookregister_send_filebook`
--

CREATE TABLE `bookregister_send_filebook` (
  `id` int(11) NOT NULL AUTO_INCREMENT,
  `ref_id` varchar(50) NOT NULL,
  `file_name` varchar(100) NOT NULL,
  `file_des` varchar(100) NOT NULL,
  PRIMARY KEY (`id`)
) ENGINE=MyISAM DEFAULT CHARSET=utf8 COLLATE=utf8_general_ci;

--
-- Dumping data for table `bookregister_send_filebook`
--


--
-- Table structure for table `bookregister_year`
--

CREATE TABLE `bookregister_year` (
  `id` int(11) NOT NULL AUTO_INCREMENT,
  `year` int(11) NOT NULL,
  `year_active` tinyint(4) NOT NULL DEFAULT 0,
  `start_receive_num` int(11) NOT NULL DEFAULT 1,
  `start_send_num` int(11) NOT NULL DEFAULT 1,
  `start_command_num` int(11) NOT NULL DEFAULT 1,
  `start_cer_num` int(11) NOT NULL DEFAULT 1,
  `school_code` varchar(15) DEFAULT NULL,
  `officer` varchar(13) DEFAULT NULL,
  `rec_date` date DEFAULT NULL,
  PRIMARY KEY (`id`)
) ENGINE=MyISAM AUTO_INCREMENT=5 DEFAULT CHARSET=utf8 COLLATE=utf8_general_ci;

--
-- Dumping data for table `bookregister_year`
--

INSERT INTO `bookregister_year` VALUES (1,2561,0,355,85,56,4,NULL,NULL,NULL),(2,2564,0,1,1,1,1,NULL,NULL,NULL),(3,2567,0,1,1,1,1,NULL,NULL,NULL),(4,2568,1,1,1,1,1,NULL,NULL,NULL);

--
-- Table structure for table `budget_bud`
--

CREATE TABLE `budget_bud` (
  `id` int(11) NOT NULL AUTO_INCREMENT,
  `budget_year` int(11) NOT NULL,
  `doc` varchar(50) NOT NULL,
  `refer_wd_id` int(11) NOT NULL,
  `status` tinyint(11) DEFAULT NULL,
  `bud_type_id` int(11) DEFAULT NULL,
  `item` varchar(150) DEFAULT NULL,
  `receive_amount` double DEFAULT NULL,
  `pay_amount` double DEFAULT NULL,
  `payed_person` varchar(50) NOT NULL,
  `pay_group` int(4) DEFAULT NULL,
  `rec_date` date NOT NULL,
  `officer` varchar(13) NOT NULL,
  PRIMARY KEY (`id`)
) ENGINE=MyISAM DEFAULT CHARSET=utf8 COLLATE=utf8_general_ci;

--
-- Dumping data for table `budget_bud`
--


--
-- Table structure for table `budget_category`
--

CREATE TABLE `budget_category` (
  `id` int(11) NOT NULL AUTO_INCREMENT,
  `category_id` int(11) NOT NULL,
  `category_name` varchar(30) NOT NULL,
  PRIMARY KEY (`id`),
  UNIQUE KEY `category_id` (`category_id`)
) ENGINE=MyISAM AUTO_INCREMENT=7 DEFAULT CHARSET=utf8 COLLATE=utf8_general_ci;

--
-- Dumping data for table `budget_category`
--

INSERT INTO `budget_category` VALUES (1,1,'เงินนอกงบประมาณ'),(2,2,'เงินงบประมาณ'),(3,3,'เงินรายได้แผ่นดิน'),(6,4,'วงเงินงบประมาณที่ได้รับจัดสรร');

--
-- Table structure for table `budget_deega`
--

CREATE TABLE `budget_deega` (
  `id` int(11) NOT NULL AUTO_INCREMENT,
  `budget_year` int(11) NOT NULL,
  `deega_num` float NOT NULL DEFAULT 0,
  `doc` varchar(20) NOT NULL,
  `receive_num` char(3) NOT NULL DEFAULT '',
  `plan` char(2) NOT NULL DEFAULT '',
  `project` varchar(20) NOT NULL,
  `activity` varchar(20) NOT NULL,
  `pay_group` char(3) NOT NULL DEFAULT '',
  `item` varchar(50) NOT NULL DEFAULT '',
  `withdraw` double NOT NULL DEFAULT 0,
  `tax` double NOT NULL DEFAULT 0,
  `pay` double NOT NULL DEFAULT 0,
  `officer` varchar(13) NOT NULL,
  `rec_date` date NOT NULL,
  PRIMARY KEY (`id`)
) ENGINE=MyISAM DEFAULT CHARSET=utf8 COLLATE=utf8_general_ci;

--
-- Dumping data for table `budget_deega`
--


--
-- Table structure for table `budget_document`
--

CREATE TABLE `budget_document` (
  `id` int(11) NOT NULL AUTO_INCREMENT,
  `subject` varchar(150) NOT NULL,
  `file_name` varchar(150) NOT NULL,
  `rec_date` date NOT NULL,
  `officer` varchar(13) NOT NULL,
  PRIMARY KEY (`id`)
) ENGINE=MyISAM DEFAULT CHARSET=utf8 COLLATE=utf8_general_ci;

--
-- Dumping data for table `budget_document`
--


--
-- Table structure for table `budget_main`
--

CREATE TABLE `budget_main` (
  `id` int(11) NOT NULL AUTO_INCREMENT,
  `budget_year` int(11) NOT NULL,
  `doc` varchar(30) NOT NULL,
  `refer_wd_id` int(11) DEFAULT NULL,
  `type_id` int(11) NOT NULL,
  `item` varchar(100) NOT NULL,
  `receive_amount` double DEFAULT NULL,
  `pay_amount` double DEFAULT NULL,
  `payed_person` varchar(50) NOT NULL,
  `change_amount` double DEFAULT NULL,
  `pay_group` int(4) DEFAULT NULL,
  `status` tinyint(4) NOT NULL,
  `rec_date` date NOT NULL,
  `officer` varchar(13) DEFAULT NULL,
  PRIMARY KEY (`id`)
) ENGINE=MyISAM AUTO_INCREMENT=60 DEFAULT CHARSET=utf8 COLLATE=utf8_general_ci;

--
-- Dumping data for table `budget_main`
--

INSERT INTO `budget_main` VALUES (4,2559,'บัญชี 314-1-50932-8',NULL,118,'รับเงินอาหารกลางวัน',16000,NULL,'',NULL,NULL,1,'2016-07-29','3349900342153'),(5,2559,'บัญชี 314-1-50932-8',0,118,'จ่ายอาหารกลางวัน',NULL,1600,'นางสาววิไล  สายงาม',NULL,203,3,'2016-07-29','3349900342153'),(6,2559,'บค158/59',0,118,'จ่ายอาหารกลางวัน',NULL,1600,'นางสาววิไล  สายงาม',NULL,203,3,'2016-08-01','3349900342153'),(7,2559,'บค159/59',0,118,'จ่านอาหารกลางวัน',NULL,1600,'นางสาววิไล  สายงาม',NULL,203,3,'2016-08-02','3349900342153'),(8,2559,'บค1ุุ60/59',0,118,'จ่านอาหารกลางวัน',NULL,1600,'นางสาววิไล  สายงาม',NULL,203,3,'2016-08-03','3349900342153'),(9,2559,'บค1ุ61/59',0,118,'จ่ายอาหารกลางวัน',NULL,1600,'นางสาววิไล  สายงาม',NULL,203,3,'2016-08-04','3349900342153'),(10,2559,'บค1ุ62/255ุ9',0,118,'จ่านอาหารกลางวัน',NULL,1600,'นางสาววิไล  สายงาม',NULL,203,3,'2016-08-05','3349900342153'),(11,2559,'บค1ุ63/59',0,118,'จ่ายอาหารกลางวัน',NULL,1600,'นางสาววิไล  สายงาม',NULL,203,3,'2016-08-08','3349900342153'),(12,2559,'บค1ุ64/2559',0,118,'จ่ายอาหารกลางวัน',NULL,1600,'นางสาววิไล  สายงาม',NULL,203,3,'2016-08-09','3349900342153'),(13,2559,'บค165/59',0,118,'จ่ายอาหารกลางวัน',NULL,1600,'นางสาววิไล  สายงาม',NULL,203,3,'2016-08-10','3349900342153'),(14,2559,'บช.314-1-50932-8',NULL,118,'รับเงินอาหารกลางวัน',19200,NULL,'',NULL,NULL,1,'2016-08-11','3349900342153'),(15,2559,'บค1ุ66/59',0,118,'จ่ายอาหารกลางวัน',NULL,1600,'นางสาววิไล  สายงาม',NULL,203,3,'2016-08-11','3349900342153'),(16,2559,'บค1ุุ67/59',0,118,'จ่ายอาหารกลางวัน',NULL,1600,'นางสาววิไล  สายงาม',NULL,203,3,'2016-08-15','3349900342153'),(17,2559,'บค1ุ68/59',0,118,'จ่ายอาหารกลางวัน',NULL,1600,'นางสาววิไล  สายงาม',NULL,203,3,'2016-08-16','3349900342153'),(18,2559,'บค1ุ69/59',0,101,'จ่ายอาหารกลางวัน',NULL,1600,'นางสาววิไล  สายงาม',NULL,203,3,'2016-08-17','3349900342153'),(19,2559,'บค1ึ70/59',0,101,'จ่ายอาหารกลางวัน',NULL,1600,'นางสาววิไล  สายงาม',NULL,203,3,'2016-08-18','3349900342153'),(20,2559,'บค171/59',0,101,'จ่ายอาหารกลางวัน',NULL,1600,'นางสาววิไล  สายงาม',NULL,203,3,'2016-08-19','3349900342153'),(21,2559,'บค172/59',0,118,'จ่ายอาหารกลางวัน',NULL,1600,'นางสาววิไล  สายงาม',NULL,203,3,'2016-08-22','3349900342153'),(22,2559,'บค173/59',0,118,'จ่ายอาหารกลางวัน',NULL,1600,'นางสาววิไล  สายงาม',NULL,203,3,'2016-08-23','3349900342153'),(23,2559,'บค174/59',0,118,'จ่ายอาหารกลางวัน',NULL,1600,'นางสาววิไล  สายงาม',NULL,203,3,'2016-08-24','3349900342153'),(24,2559,'บค175/59',0,101,'จ่ายอาหารกลางวัน',NULL,1600,'นางสาววิไล  สายงาม',NULL,203,3,'2016-08-25','3349900342153'),(25,2559,'บค176/59',0,101,'จ่ายอาหารกลางวัน',NULL,1600,'นางสาววิไล  สายงาม',NULL,203,3,'2016-08-26','3349900342153'),(26,2559,'บค176/59',0,118,'จ่ายอาหารกลางวัน',NULL,1600,'นางสาววิไล  สายงาม',NULL,203,3,'2016-08-26','3349900342153'),(27,2559,'บค177/59',0,118,'จ่ายอาหารกลางวัน',NULL,1600,'นางสาววิไล  สายงาม',NULL,203,3,'2016-08-29','3349900342153'),(31,2559,'บค.179/59',0,118,'จ่ายอาหารกลางวัน',NULL,1600,'นางสาววิไล  สายงาม',NULL,203,3,'2016-08-31','3349900342153'),(29,2559,'เลขที่บัญชี 314-1-50932-8',NULL,118,'รับเงินอาหารกลางวัน',19200,NULL,'',NULL,NULL,1,'2016-08-30','3349900342153'),(30,2559,'บค.178/59',0,118,'จ่ายอาหารกลางวัน',NULL,1600,'นางสาววิไล  สายงาม',NULL,203,3,'2016-08-30','3349900342153'),(32,2559,'บค.180/59',0,118,'จ่ายอาหารกลางวัน',NULL,1600,'นางสาววิไล  สายงาม',NULL,203,3,'2016-09-01','3349900342153'),(33,2559,'บค.181/59',0,118,'จ่ายอาหารกลางวัน',NULL,1600,'นางสาววิไล  สายงาม',NULL,203,3,'2016-09-02','3349900342153'),(34,2559,'บค.182/59',0,118,'จ่ายอาหารกลางวัน',NULL,1600,'นางสาววิไล  สายงาม',NULL,203,3,'2016-09-05','3349900342153'),(35,2559,'บค.183/59',0,118,'จ่ายอาหารกลางวัน',NULL,1600,'นางสาววิไล  สายงาม',NULL,203,3,'2016-09-06','3349900342153'),(36,2559,'บค.184/59',0,118,'จ่ายอาหารกลางวัน',NULL,1600,'นางสาววิไล',NULL,203,3,'2016-09-07','3349900342153'),(38,2559,'บค.185/59',0,118,'จ่ายอาหารกลางวัน',NULL,1600,'นางสาววิไล  สายงาม',NULL,203,3,'2016-09-08','3349900342153'),(39,2559,'บค.190/59',0,118,'จ่ายอาหารกลางวัน',NULL,1600,'นางสาววิไล  สายงาม',NULL,203,3,'2016-09-15','3349900342153'),(40,2559,'บค.189/59',0,118,'จ่ายอาหารกลางวัน',NULL,1600,'นางสาววิไล  สายงาม',NULL,203,3,'2016-09-14','3349900342153'),(41,2559,'บค.186/59',0,118,'จ่ายอาหารกลางวัน',NULL,1600,'นางสาววิไล  สายงาม',NULL,203,3,'2016-09-09','3349900342153'),(42,2559,'บค.187/59',0,118,'จ่ายอาหารกลางวัน',NULL,1600,'นางสาววิไล  สายงาม',NULL,203,3,'2016-09-12','3349900342153'),(43,2559,'บค.188/59',0,118,'จ่ายอาหารกลางวัน',NULL,1600,'นางสาววิไล  สายงาม',NULL,203,3,'2016-09-13','3349900342153'),(44,2559,'บค.191/59',0,118,'จ่ายอาหารกลางวัน',NULL,1600,'นางสาววิไล  สายงาม',NULL,203,3,'2016-09-16','3349900342153'),(45,2559,'บค.192/59',0,118,'จ่ายอาหารกลางวัน',NULL,1600,'นางสาววิไล  สายงาม',NULL,203,3,'2016-09-19','3349900342153'),(46,2559,'บค.193/59',0,118,'จ่ายอาหารกลางวัน',NULL,1600,'นางสาววิไล  สายงาม',NULL,203,3,'2016-09-20','3349900342153'),(47,2559,'บค.194/59',0,118,'จ่ายอาหารกลางวัน',NULL,1600,'นางสาววิไล  สายงาม',NULL,203,3,'2016-09-21','3349900342153'),(48,2559,'บค.195/59',0,118,'จ่ายอาหารกลางวัน',NULL,1600,'นางสาววิไล  สายงาม',NULL,203,3,'2016-09-22','3349900342153'),(49,2559,'บค.196/59',0,118,'จ่ายอาหารกลางวัน',NULL,1600,'นางสาววิไล  สายงาม',NULL,203,3,'2016-09-23','3349900342153'),(50,2559,'บค.197/59',0,118,'จ่ายอาหารกลางวัน',NULL,1600,'นางสาววิไล  สายงาม',NULL,203,3,'2016-09-26','3349900342153'),(51,2559,'บค.198/59',0,118,'จ่ายอาหารกลางวัน',NULL,1600,'นางสาววิไล  สายงาม',NULL,203,3,'2016-09-27','3349900342153'),(52,2559,'บค.199/59',0,118,'จ่ายอาหารกลางวัน',NULL,1600,'นางสาววิไล  สายงาม',NULL,203,3,'2016-09-28','3349900342153'),(53,2559,'บค.200/59',0,118,'จ่ายอาหารกลางวัน',NULL,1600,'นางสาววิไล  สายงาม',NULL,203,3,'2016-09-29','3349900342153'),(54,2559,'บค.201/59',0,118,'จ่ายอาหารกลางวัน',NULL,1600,'นางสาววิไล  สายงาม',NULL,203,3,'2016-09-30','3349900342153'),(55,2559,'บค.1/60',0,118,'จ่ายอาหารกลางวัน',NULL,1600,'นางสาววิไล  สายงาม',NULL,203,3,'2016-10-03','3349900342153'),(56,2559,'บค.5/60',0,118,'จ่ายอาหารกลางวัน',NULL,1600,'นางสาววิไล  สายงาม',NULL,203,3,'2017-10-09','3349900342153'),(57,2559,'บค.2/60',0,118,'จ่ายอาหารกลางวัน',NULL,1600,'นางสาววิไล  สายงาม',NULL,203,3,'2016-10-04','3349900342153'),(58,2559,'บค.4/ุ60',0,118,'จ่ายอาหารกลางวัน',NULL,1600,'นางสาววิไล  สายงาม',NULL,203,3,'2016-10-05','3349900342153'),(59,2564,'1/64',NULL,118,'เงืนอาหารกลางวัน',85000,NULL,'',NULL,NULL,2,'2020-11-27','1471200129649');

--
-- Table structure for table `budget_money_return`
--

CREATE TABLE `budget_money_return` (
  `id` int(11) NOT NULL AUTO_INCREMENT,
  `budget_year` int(11) DEFAULT NULL,
  `document` varchar(30) NOT NULL DEFAULT '',
  `item` varchar(100) NOT NULL DEFAULT '',
  `pj_activity` varchar(20) NOT NULL DEFAULT '',
  `money` double NOT NULL DEFAULT 0,
  `pay_type` varchar(10) NOT NULL,
  `p_request` varchar(13) NOT NULL DEFAULT '',
  `officer` varchar(13) NOT NULL DEFAULT '',
  `rec_date` date NOT NULL,
  PRIMARY KEY (`id`)
) ENGINE=MyISAM DEFAULT CHARSET=utf8 COLLATE=utf8_general_ci;

--
-- Dumping data for table `budget_money_return`
--


--
-- Table structure for table `budget_pay_type`
--

CREATE TABLE `budget_pay_type` (
  `id` int(11) NOT NULL AUTO_INCREMENT,
  `pay_type_id` int(11) NOT NULL,
  `pay_group_id` tinyint(4) NOT NULL,
  `pay_type_name` varchar(30) NOT NULL,
  PRIMARY KEY (`id`),
  UNIQUE KEY `pay_type_id` (`pay_type_id`)
) ENGINE=MyISAM AUTO_INCREMENT=16 DEFAULT CHARSET=utf8 COLLATE=utf8_general_ci;

--
-- Dumping data for table `budget_pay_type`
--

INSERT INTO `budget_pay_type` VALUES (1,101,1,'เงินเดือน'),(15,102,1,'ค่าจ้างประจำ'),(3,103,1,'ค่าจ้างชั่วคราว'),(4,104,1,'ค่าตอบแทนพนักงานราชการ'),(5,201,2,'ค่าตอบแทน'),(6,202,2,'ค่าใช้สอย'),(7,203,2,'ค่าวัสดุ'),(8,204,2,'ค่าสาธารณูปโภค'),(9,301,3,'ค่าครุภัณฑ์'),(10,302,3,'ค่าที่ดินและสิ่งก่อสร้าง');

--
-- Table structure for table `budget_permission`
--

CREATE TABLE `budget_permission` (
  `id` int(11) NOT NULL AUTO_INCREMENT,
  `person_id` varchar(13) NOT NULL,
  `p1` tinyint(4) NOT NULL,
  `p2` tinyint(4) NOT NULL,
  `p3` tinyint(4) NOT NULL,
  `p4` tinyint(4) NOT NULL,
  `officer` varchar(13) NOT NULL,
  `rec_date` date NOT NULL,
  PRIMARY KEY (`id`)
) ENGINE=MyISAM AUTO_INCREMENT=11 DEFAULT CHARSET=utf8 COLLATE=utf8_general_ci;

--
-- Dumping data for table `budget_permission`
--

INSERT INTO `budget_permission` VALUES (2,'3340700181859',1,1,1,1,'3349900342153','2023-10-14'),(6,'3331300004357',1,1,1,1,'3331300004357','2025-08-02');

--
-- Table structure for table `budget_project`
--

CREATE TABLE `budget_project` (
  `id` int(11) NOT NULL AUTO_INCREMENT,
  `budget_year` int(11) NOT NULL,
  `code` varchar(16) NOT NULL DEFAULT '',
  `name` varchar(80) NOT NULL DEFAULT '',
  PRIMARY KEY (`id`)
) ENGINE=MyISAM DEFAULT CHARSET=utf8 COLLATE=utf8_general_ci;

--
-- Dumping data for table `budget_project`
--


--
-- Table structure for table `budget_receive`
--

CREATE TABLE `budget_receive` (
  `id` int(11) NOT NULL AUTO_INCREMENT,
  `budget_year` int(11) NOT NULL,
  `num` float NOT NULL DEFAULT 0,
  `book_number` varchar(30) NOT NULL DEFAULT '',
  `out_date` varchar(50) NOT NULL DEFAULT '',
  `book_ref` varchar(30) NOT NULL DEFAULT '',
  `plan` char(1) NOT NULL DEFAULT '',
  `project` varchar(16) NOT NULL DEFAULT '',
  `activity` varchar(50) NOT NULL DEFAULT '',
  `activity2` varchar(200) NOT NULL DEFAULT '',
  `m_source` varchar(7) NOT NULL DEFAULT '',
  `account` varchar(30) NOT NULL DEFAULT '',
  `m_pay` char(3) NOT NULL DEFAULT '',
  `item` varchar(250) NOT NULL DEFAULT '',
  `detail` varchar(250) NOT NULL DEFAULT '',
  `money` double NOT NULL DEFAULT 0,
  `rec_date` date DEFAULT NULL,
  `officer` varchar(13) NOT NULL DEFAULT '',
  PRIMARY KEY (`id`),
  UNIQUE KEY `num` (`num`)
) ENGINE=MyISAM DEFAULT CHARSET=utf8 COLLATE=utf8_general_ci;

--
-- Dumping data for table `budget_receive`
--


--
-- Table structure for table `budget_type`
--

CREATE TABLE `budget_type` (
  `id` int(11) NOT NULL AUTO_INCREMENT,
  `type_id` int(11) NOT NULL,
  `category_id` int(11) NOT NULL,
  `type_name` varchar(70) NOT NULL,
  PRIMARY KEY (`id`),
  UNIQUE KEY `type_id` (`type_id`)
) ENGINE=MyISAM AUTO_INCREMENT=49 DEFAULT CHARSET=utf8 COLLATE=utf8_general_ci;

--
-- Dumping data for table `budget_type`
--

INSERT INTO `budget_type` VALUES (1,101,1,'เงินรายได้สถานศึกษา'),(2,102,1,'เงินบริจาค'),(33,103,1,'เงินภาษีหัก ณ ที่จ่าย'),(4,104,1,'เงินลูกเสือ'),(34,105,1,'เงินเนตรนารี'),(6,106,1,'เงินยุวกาชาด'),(7,107,1,'เงินประกันสัญญา'),(8,108,1,'เงินอุดหนุนทั่วไป(ค่าใช้จ่ายรายหัวก่อนประถมศึกษา)'),(47,119,1,'เงินบริจาคมีวัตถุประสงค์'),(38,304,3,'รายได้เบ็ดเตล็ดอื่น'),(14,301,3,'ค่าขายของเบ็ดเตล็ด'),(36,302,3,'ค่าธรรมเนียมเบ็ดเตล็ด'),(37,303,3,'เงินเหลือจ่ายปีเก่าส่งคืน'),(29,109,1,'เงินอุดหนุนทั่วไป(ค่าใช้จ่ายรายหัวประถมศึกษา)'),(23,112,1,'เงินอุดหนุนทั่วไป(ปัจจัยพื้นฐานนักเรียนยากจนประถมศึกษา)'),(24,113,1,'เงินอุดหนุนทั่วไป(ปัจจัยพื้นฐานนักเรียนยากจนมัธยมต้น)'),(25,114,1,'เรียนฟรี15ปี(ค่าหนังสือเรียน)'),(26,115,1,'เรียนฟรี15ปี(ค่าอุปกรณ์การเรียน)'),(27,116,1,'เรียนฟรี15ปี(ค่าเครื่องแบบนักเรียน)'),(28,117,1,'เรียนฟรี15ปี(ค่ากิจกรรมพัฒนาผู้เรียน)'),(30,110,1,'เงินอุดหนุนทั่วไป(ค่าใช้จ่ายรายหัวมัธยมศึกษาตอนต้น)'),(31,111,1,'เงินอุดหนุนทั่วไป(ค่าใช้จ่ายรายหัวมัธยมศึกษาตอนปลาย)'),(35,118,1,'เงินอาหารกลางวัน'),(48,120,1,'เงินอุดหนุนที่ได้รับจากอบต./เทศบาล');

--
-- Table structure for table `budget_withdraw`
--

CREATE TABLE `budget_withdraw` (
  `id` int(11) NOT NULL AUTO_INCREMENT,
  `budget_year` int(11) DEFAULT NULL,
  `document` varchar(30) NOT NULL DEFAULT '',
  `item` varchar(100) NOT NULL DEFAULT '',
  `pj_activity` varchar(20) NOT NULL DEFAULT '',
  `money` double NOT NULL DEFAULT 0,
  `money_type` varchar(3) NOT NULL,
  `pay_type` varchar(10) NOT NULL,
  `p_request` varchar(50) NOT NULL,
  `status` tinyint(4) DEFAULT 0,
  `officer` varchar(13) NOT NULL DEFAULT '',
  `rec_date` date NOT NULL,
  `borrowed_rec_date` date NOT NULL,
  `withdraw_rec_date` date NOT NULL,
  PRIMARY KEY (`id`)
) ENGINE=MyISAM DEFAULT CHARSET=utf8 COLLATE=utf8_general_ci;

--
-- Dumping data for table `budget_withdraw`
--


--
-- Table structure for table `budget_year`
--

CREATE TABLE `budget_year` (
  `id` int(11) NOT NULL AUTO_INCREMENT,
  `budget_year` int(11) NOT NULL,
  `year_active` tinyint(1) NOT NULL,
  PRIMARY KEY (`id`),
  UNIQUE KEY `budget_year` (`budget_year`)
) ENGINE=MyISAM AUTO_INCREMENT=6 DEFAULT CHARSET=utf8 COLLATE=utf8_general_ci;

--
-- Dumping data for table `budget_year`
--

INSERT INTO `budget_year` VALUES (2,2563,0),(3,2564,0),(4,2567,0),(5,2568,1);

--
-- Table structure for table `cabinet_cabinet`
--

CREATE TABLE `cabinet_cabinet` (
  `id` int(11) NOT NULL AUTO_INCREMENT,
  `cabinet_id` int(11) NOT NULL,
  `cabinet_type` tinyint(4) NOT NULL,
  `cabinet_name` varchar(100) NOT NULL,
  `cabinet_size` double NOT NULL,
  `tray_size` double NOT NULL,
  `cabinet_person` varchar(13) NOT NULL,
  PRIMARY KEY (`id`),
  UNIQUE KEY `cabinet_id` (`cabinet_id`)
) ENGINE=MyISAM DEFAULT CHARSET=utf8 COLLATE=utf8_general_ci;

--
-- Dumping data for table `cabinet_cabinet`
--


--
-- Table structure for table `cabinet_file`
--

CREATE TABLE `cabinet_file` (
  `id` int(11) NOT NULL AUTO_INCREMENT,
  `file_id` int(11) NOT NULL,
  `tray_id` bigint(11) NOT NULL,
  `cabinet_id` int(11) NOT NULL,
  `file_name` varchar(100) NOT NULL,
  PRIMARY KEY (`id`)
) ENGINE=MyISAM DEFAULT CHARSET=utf8 COLLATE=utf8_general_ci;

--
-- Dumping data for table `cabinet_file`
--


--
-- Table structure for table `cabinet_main`
--

CREATE TABLE `cabinet_main` (
  `id` int(11) NOT NULL AUTO_INCREMENT,
  `file_id` int(11) NOT NULL,
  `tray_id` bigint(11) NOT NULL,
  `cabinet_id` int(11) NOT NULL,
  `cabinet_type` tinyint(4) NOT NULL,
  `doc_subject` varchar(150) NOT NULL,
  `doc_size` double NOT NULL,
  `doc_name` varchar(100) NOT NULL,
  `doc_type` varchar(10) NOT NULL,
  `status` tinyint(4) NOT NULL DEFAULT 0,
  `person_id` varchar(13) NOT NULL,
  `rec_date` datetime NOT NULL,
  PRIMARY KEY (`id`)
) ENGINE=MyISAM DEFAULT CHARSET=utf8 COLLATE=utf8_general_ci;

--
-- Dumping data for table `cabinet_main`
--


--
-- Table structure for table `cabinet_permission`
--

CREATE TABLE `cabinet_permission` (
  `id` int(11) NOT NULL AUTO_INCREMENT,
  `person_id` varchar(13) NOT NULL,
  `p1` tinyint(4) DEFAULT NULL,
  `officer` varchar(13) NOT NULL,
  `rec_date` date NOT NULL,
  PRIMARY KEY (`id`),
  UNIQUE KEY `person_id` (`person_id`)
) ENGINE=MyISAM AUTO_INCREMENT=2 DEFAULT CHARSET=utf8 COLLATE=utf8_general_ci;

--
-- Dumping data for table `cabinet_permission`
--

INSERT INTO `cabinet_permission` VALUES (1,'3330400729361',1,'3330400729361','2020-07-24');

--
-- Table structure for table `cabinet_tray`
--

CREATE TABLE `cabinet_tray` (
  `id` int(11) NOT NULL AUTO_INCREMENT,
  `tray_id` bigint(20) NOT NULL,
  `cabinet_id` int(11) NOT NULL,
  `tray_name` varchar(100) NOT NULL,
  PRIMARY KEY (`id`)
) ENGINE=MyISAM DEFAULT CHARSET=utf8 COLLATE=utf8_general_ci;

--
-- Dumping data for table `cabinet_tray`
--


--
-- Table structure for table `delegate_main`
--

CREATE TABLE `delegate_main` (
  `id` int(11) NOT NULL AUTO_INCREMENT,
  `person_id` varchar(13) NOT NULL,
  `start` date NOT NULL,
  `finish` date NOT NULL,
  `remark` varchar(250) NOT NULL,
  `officer` varchar(13) NOT NULL,
  `rec_date` date NOT NULL,
  PRIMARY KEY (`id`)
) ENGINE=MyISAM AUTO_INCREMENT=2 DEFAULT CHARSET=utf8 COLLATE=utf8_general_ci;

--
-- Dumping data for table `delegate_main`
--

INSERT INTO `delegate_main` VALUES (1,'3349900739177','2018-05-18','2019-02-28','','3330400729361','2021-05-10');

--
-- Table structure for table `delegate_permission`
--

CREATE TABLE `delegate_permission` (
  `id` int(11) NOT NULL AUTO_INCREMENT,
  `person_id` varchar(13) NOT NULL,
  `p1` tinyint(4) NOT NULL,
  `officer` varchar(13) NOT NULL,
  `rec_date` date NOT NULL,
  PRIMARY KEY (`id`)
) ENGINE=MyISAM AUTO_INCREMENT=5 DEFAULT CHARSET=utf8 COLLATE=utf8_general_ci;

--
-- Dumping data for table `delegate_permission`
--

INSERT INTO `delegate_permission` VALUES (4,'3349900739177',1,'3330400729361','2021-05-10'),(3,'3330400729361',1,'3330400729361','2020-07-24');

--
-- Table structure for table `health_age_height`
--

CREATE TABLE `health_age_height` (
  `id` int(11) NOT NULL AUTO_INCREMENT,
  `type` tinyint(4) NOT NULL DEFAULT 1,
  `sex` tinyint(4) NOT NULL DEFAULT 2,
  `age` double NOT NULL,
  `height_1` double NOT NULL,
  `height_2` double NOT NULL,
  `height_3` double NOT NULL,
  `height_4` double NOT NULL,
  PRIMARY KEY (`id`)
) ENGINE=MyISAM AUTO_INCREMENT=63 DEFAULT CHARSET=utf8 COLLATE=utf8_general_ci;

--
-- Dumping data for table `health_age_height`
--

INSERT INTO `health_age_height` VALUES (1,0,1,1,70,71.5,80,81),(2,0,1,1.25,72.5,73.5,83.5,85),(3,0,1,1.5,75,77,86.5,88),(4,0,1,1.75,77.5,79.5,89.5,91),(5,0,1,2,80,81.5,92,93.5),(6,0,1,2.25,82,84,94,96),(7,0,1,2.5,83.5,84.5,96.5,98),(8,0,1,2.75,85.5,87.5,98.5,100),(9,0,1,3,87,89.5,100.5,102),(10,0,1,3.25,89,91,102.5,104),(11,0,1,3.5,90.5,93,104.5,106),(12,0,1,3.75,92,94.5,106.5,108),(13,0,1,4,93.5,96,108,110),(14,0,1,4.25,95,96.5,110,112),(15,0,1,4.5,97,99,112,113.5),(16,0,1,4.75,98.5,100.5,113.5,115),(17,0,1,5,100,102,115,117.7),(18,0,2,1,67,69,79,80.5),(19,0,2,1.25,70,72,82.5,84.5),(20,0,2,1.5,73,74.5,85,87.5),(21,0,2,1.75,75.5,77,88,89.5),(22,0,2,2,78,79.5,90.5,92),(23,0,2,2.25,80,82,92.5,94.5),(24,0,2,2.5,82,84,95,96.5),(25,0,2,2.75,84,86,97,98.5),(26,0,2,3,85.5,88,99,100.5),(27,0,2,3.25,87.5,89.5,100.5,102.5),(28,0,2,3.5,89,91.5,102.5,104.5),(29,0,2,3.75,90.5,93,104.5,106),(30,0,2,4,92.5,94.5,106.5,108.5),(31,0,2,4.25,94,96,108.5,110.5),(32,0,2,4.5,95.5,98,110.5,112.5),(33,0,2,4.75,97.5,99.5,112.5,114),(34,0,2,5,99,101,114,116),(35,1,1,5,100,102,115,117.5),(36,1,1,6,105.5,107.5,121.5,123.5),(37,1,1,7,110.5,113,127.5,130),(38,1,1,8,114.5,117.5,133.5,136),(39,1,1,9,119,122,138,141),(40,1,1,10,123.5,126.5,143.5,145.5),(41,1,1,11,127.5,130.5,149.5,153),(42,1,1,12,131.5,135,157,161),(43,1,1,13,135,139,162,166),(44,1,1,14,143,147.5,170,173),(45,1,1,15,149.5,153.5,173,176.5),(46,1,1,16,155,158.5,176,178.5),(47,1,1,17,157.5,160.5,177,179.5),(48,1,1,18,158.5,161.5,177.5,180),(49,1,2,5,99,101,114,116),(50,1,2,6,105,107.5,120.5,123),(51,1,2,7,109.5,112.5,126.5,129),(52,1,2,8,114.5,117,132.5,135),(53,1,2,9,119,122,139,142),(54,1,2,10,124,127,146,149.5),(55,1,2,11,129.5,133,152.5,155.5),(56,1,2,12,135.5,138.5,157,159.5),(57,1,2,13,140.5,143.5,160,162.5),(58,1,2,14,144.5,147,162,164.5),(59,1,2,15,146,148,163.5,166),(60,1,2,16,146.5,149,164,166.5),(61,1,2,17,147,149,164,166.5),(62,1,2,18,147,149.5,164,166.5);

--
-- Table structure for table `health_age_weight`
--

CREATE TABLE `health_age_weight` (
  `id` int(11) NOT NULL AUTO_INCREMENT,
  `type` tinyint(4) NOT NULL DEFAULT 1,
  `sex` tinyint(4) NOT NULL DEFAULT 2,
  `age` double NOT NULL,
  `weight_1` double NOT NULL,
  `weight_2` double NOT NULL,
  `weight_3` double NOT NULL,
  `weight_4` double NOT NULL,
  PRIMARY KEY (`id`)
) ENGINE=MyISAM AUTO_INCREMENT=63 DEFAULT CHARSET=utf8 COLLATE=utf8_general_ci;

--
-- Dumping data for table `health_age_weight`
--

INSERT INTO `health_age_weight` VALUES (1,0,1,1,7.8,8.3,11.5,11.5),(2,0,1,1.25,8.5,9,12,12.5),(3,0,1,1.5,8.9,9.4,12.9,13.5),(4,0,1,1.75,9.4,10,13.7,14.4),(5,0,1,2,9.8,10.5,14.5,15.2),(6,0,1,2.25,10.2,11,15,15.8),(7,0,1,2.5,10.6,11.4,15.8,16.7),(8,0,1,2.75,11,11.8,16.6,17.4),(9,0,1,3,11.4,12.2,17.3,18.2),(10,0,1,3.25,11.7,12.6,18,19),(11,0,1,3.5,12,12.8,18.7,19.8),(12,0,1,3.75,12.4,13.3,19.3,20.6),(13,0,1,4,12.7,13.6,20,21.3),(14,0,1,4.25,13.2,13.9,20.7,22),(15,0,1,4.5,13.4,14.3,21.3,22.7),(16,0,1,4.75,13.8,14.6,21.9,23.7),(17,0,1,5,14,15,23,24),(18,0,2,1,7.3,7.7,10.5,11),(19,0,2,1.25,7.8,8.3,11.3,11.9),(20,0,2,1.5,8.3,8.8,12,12.8),(21,0,2,1.75,8.8,9.3,12.9,13.6),(22,0,2,2,9,9.8,13.6,14.4),(23,0,2,2.25,9.5,10.2,14.4,15.2),(24,0,2,2.5,9.8,10.7,15.2,15.9),(25,0,2,2.75,10.3,11.2,15.9,16.9),(26,0,2,3,10.7,11.5,16.6,17.4),(27,0,2,3.25,11.2,11.9,17.3,18.2),(28,0,2,3.5,11.5,12.3,17.9,18.9),(29,0,2,3.75,11.8,12.7,18.5,19.7),(30,0,2,4,12.2,13,19.3,20.5),(31,0,2,4.25,12.4,13.4,19.7,21),(32,0,2,4.5,12.8,13.7,20.3,21.7),(33,0,2,4.75,13,13.9,20.9,22.3),(34,0,2,5,13.5,14,22,23.5),(35,1,1,5,14,15,23,24),(36,1,1,6,15.5,16.5,25.5,27),(37,1,1,7,17,18.5,28.5,31),(38,1,1,8,18.5,20,32,35),(39,1,1,9,20,21.5,36,39.5),(40,1,1,10,21.5,23.5,40.5,44.5),(41,1,1,11,23,25.5,45,49.5),(42,1,1,12,25.5,28,50,54.5),(43,1,1,13,28,31.5,54.5,58.5),(44,1,1,14,32,35.5,58.5,63.5),(45,1,1,15,36.5,40,62,65.5),(46,1,1,16,40.5,44,64,67.5),(47,1,1,17,43,46,66,69),(48,1,1,18,45,48,67,70),(49,1,2,5,13.5,14,22,23.5),(50,1,2,6,15,16,24.5,26.5),(51,1,2,7,16.5,17.5,28.5,31),(52,1,2,8,17.5,19,32.5,35.5),(53,1,2,9,19.5,21,37.5,41),(54,1,2,10,21.5,23.5,42,46),(55,1,2,11,23.5,26,46.5,50.5),(56,1,2,12,26.5,29,50,54),(57,1,2,13,29.5,33,53,55.5),(58,1,2,14,33.5,36.5,55,58.5),(59,1,2,15,36.5,38.5,56.5,59.5),(60,1,2,16,37.5,40,57,60),(61,1,2,17,38,41,57.5,60.5),(62,1,2,18,38.5,41,57.5,60.5);

--
-- Table structure for table `health_base`
--

CREATE TABLE `health_base` (
  `base_id` int(5) NOT NULL AUTO_INCREMENT,
  `study_year` int(5) NOT NULL,
  `term` int(3) NOT NULL,
  `status` int(2) NOT NULL,
  PRIMARY KEY (`base_id`)
) ENGINE=MyISAM AUTO_INCREMENT=6 DEFAULT CHARSET=utf8 COLLATE=utf8_general_ci;

--
-- Dumping data for table `health_base`
--

INSERT INTO `health_base` VALUES (3,2563,1,0),(4,2563,2,0),(5,2564,1,1);

--
-- Table structure for table `health_checking`
--

CREATE TABLE `health_checking` (
  `check_id` int(11) NOT NULL AUTO_INCREMENT,
  `student_id` int(11) NOT NULL,
  `student_number` varchar(13) NOT NULL,
  `year_std` varchar(5) NOT NULL,
  `term_std` varchar(3) NOT NULL,
  `class_now` tinyint(4) NOT NULL,
  `room` tinyint(4) NOT NULL,
  `number_check` int(5) NOT NULL,
  `gum` varchar(100) NOT NULL,
  `iodine` varchar(100) NOT NULL,
  `tooth` varchar(100) NOT NULL,
  `weight` varchar(10) NOT NULL,
  `tall` varchar(10) NOT NULL,
  `comment` text NOT NULL,
  `day` datetime NOT NULL,
  `usenull` text DEFAULT NULL,
  `life` varchar(10) NOT NULL,
  `push` varchar(10) NOT NULL,
  `sit` varchar(10) NOT NULL,
  `roll` varchar(10) NOT NULL,
  `run` varchar(10) NOT NULL,
  `person_check` varchar(255) NOT NULL,
  PRIMARY KEY (`check_id`)
) ENGINE=MyISAM AUTO_INCREMENT=157 DEFAULT CHARSET=utf8 COLLATE=utf8_general_ci;

--
-- Dumping data for table `health_checking`
--

INSERT INTO `health_checking` VALUES (1,2277,'1','2559','1',8,0,1,'ไม่มี','ปกติ','ไม่ผุ','40','150','','2559-07-29 02:51:04','','','','','','','3410900087481'),(2,2278,'2','2559','1',8,0,1,'ไม่มี','ปกติ','ไม่ผุ','40','145','','2559-07-29 02:51:22','','','','','','','3410900087481'),(3,2279,'3','2559','1',8,0,1,'ไม่มี','ปกติ','ไม่ผุ','42','144','','2559-07-29 02:51:35','','','','','','','3410900087481'),(4,2280,'4','2559','1',8,0,1,'ไม่มี','ปกติ','ไม่ผุ','28','143','','2559-07-29 02:51:44','','','','','','','3410900087481'),(5,2281,'5','2559','1',8,0,1,'ไม่มี','ปกติ','ไม่ผุ','26','135','','2559-07-29 02:51:57','','','','','','','3410900087481'),(6,2282,'6','2559','1',8,0,1,'ไม่มี','ปกติ','ไม่ผุ','30','139','','2559-07-29 02:52:13','','','','','','','3410900087481'),(7,2283,'7','2559','1',8,0,1,'ไม่มี','ปกติ','ไม่ผุ','23','138','','2559-07-29 02:52:26','','','','','','','3410900087481'),(8,2284,'8','2559','1',8,0,1,'ไม่มี','ปกติ','ไม่ผุ','33','146','','2559-07-29 02:52:36','','','','','','','3410900087481'),(9,2323,'0','2559','1',5,0,1,'ไม่มี','ปกติ','ไม่ผุ','18','118','','2559-07-29 02:53:48','','','','','','','1349900314773'),(10,2324,'0','2559','1',5,0,1,'ไม่มี','ปกติ','ไม่ผุ','22','125','','2559-07-29 02:54:40','','','','','','','1349900314773'),(11,2325,'0','2559','1',5,0,1,'ไม่มี','ปกติ','ไม่ผุ','20','119','','2559-07-29 02:54:51','','','','','','','1349900314773'),(12,2327,'0','2559','1',5,0,1,'ไม่มี','ปกติ','ไม่ผุ','20','117','','2559-07-29 02:55:06','','','','','','','1349900314773'),(13,2328,'0','2559','1',5,0,1,'ไม่มี','ปกติ','ไม่ผุ','20','118','','2559-07-29 02:55:19','','','','','','','1349900314773'),(14,2329,'0','2559','1',5,0,1,'ไม่มี','ปกติ','ไม่ผุ','19','121','','2559-07-29 02:55:48','','','','','','','1349900314773'),(15,2330,'0','2559','1',5,0,1,'ไม่มี','ปกติ','ไม่ผุ','21','120','','2559-07-29 02:55:57','','','','','','','1349900314773'),(16,2326,'5','2559','1',5,0,1,'ไม่มี','ปกติ','ไม่ผุ','27','137','','2559-08-03 09:13:18','','','','','','','1349900314773'),(17,2350,'1','2559','1',2,0,1,'ไม่มี','ปกติ','ไม่ผุ','13','100','','2559-08-18 01:15:45','','','','','','','3349900739177'),(18,2351,'2','2559','1',2,0,1,'ไม่มี','ปกติ','ไม่ผุ','19','107','','2559-08-18 01:16:02','','','','','','','3349900739177'),(19,2352,'3','2559','1',2,0,1,'ไม่มี','ปกติ','ไม่ผุ','13','99','','2559-08-18 01:16:14','','','','','','','3349900739177'),(20,2353,'4','2559','1',2,0,1,'ไม่มี','ปกติ','ไม่ผุ','15','104','','2559-08-18 01:16:24','','','','','','','3349900739177'),(21,2353,'4','2559','1',2,0,1,'ไม่มี','ปกติ','ไม่ผุ','15','104','','2559-08-18 01:16:54','','','','','','','3349900739177'),(22,2354,'5','2559','1',2,0,1,'ไม่มี','ปกติ','ไม่ผุ','15','104','','2559-08-18 01:17:06','','','','','','','3349900739177'),(23,2355,'6','2559','1',2,0,1,'ไม่มี','ปกติ','ไม่ผุ','15','102','','2559-08-18 01:17:19','','','','','','','3349900739177'),(24,2356,'7','2559','1',2,0,1,'ไม่มี','ปกติ','ไม่ผุ','14','105','','2559-08-18 01:17:33','','','','','','','3349900739177'),(25,2357,'8','2559','1',2,0,1,'ไม่มี','ปกติ','ไม่ผุ','16','106','','2559-08-18 01:17:49','','','','','','','3349900739177'),(26,2344,'1','2559','1',3,0,1,'ไม่มี','ปกติ','ไม่ผุ','18','111','','2559-08-18 01:18:49','','','','','','','3349900739177'),(27,2345,'2','2559','1',3,0,1,'ไม่มี','ปกติ','ไม่ผุ','21','111','','2559-08-18 01:19:02','','','','','','','3349900739177'),(28,2347,'3','2559','1',3,0,1,'ไม่มี','ปกติ','ไม่ผุ','15','109','','2559-08-18 01:19:15','','','','','','','3349900739177'),(29,2348,'4','2559','1',3,0,1,'ไม่มี','ปกติ','ไม่ผุ','16','108','','2559-08-18 01:19:33','','','','','','','3349900739177'),(30,2358,'5','2559','1',3,0,1,'ไม่มี','ปกติ','ไม่ผุ','17','110','','2559-08-18 01:21:06','','','','','','','3349900739177'),(31,2323,'1','2563','2',9,1,1,'ไม่มี','ปกติ','ไม่ผุ','','','','2563-11-27 11:18:39','','','','','','','3330400729361'),(32,2417,'1','2564','1',2,0,1,'ไม่มี','ปกติ','ไม่ผุ','24','110','','2564-08-10 08:41:55','','','','','','','3330400729361'),(33,2415,'2','2564','1',2,0,1,'ไม่มี','ปกติ','ไม่ผุ','13','106','','2564-08-10 08:42:11','','','','','','','3330400729361'),(34,2416,'3','2564','1',2,0,1,'ไม่มี','ปกติ','ไม่ผุ','16','110','','2564-08-10 08:42:27','','','','','','','3330400729361'),(35,2406,'1','2564','1',3,0,1,'ไม่มี','ปกติ','ไม่ผุ','18','106','','2564-08-10 08:43:02','','','','','','','3330400729361'),(37,2407,'2','2564','1',3,0,1,'ไม่มี','ปกติ','ไม่ผุ','22','113','','2564-08-10 08:44:00','','','','','','','3330400729361'),(38,2408,'3','2564','1',3,0,1,'ไม่มี','ปกติ','ไม่ผุ','22','113','','2564-08-10 08:44:23','','','','','','','3330400729361'),(39,2409,'4','2564','1',3,0,1,'ไม่มี','ปกติ','ไม่ผุ','15','108','','2564-08-10 08:44:38','','','','','','','3330400729361'),(40,2410,'5','2564','1',3,0,1,'ไม่มี','ปกติ','ไม่ผุ','16','110','','2564-08-10 08:44:55','','','','','','','3330400729361'),(41,2411,'6','2564','1',3,0,1,'ไม่มี','ปกติ','ไม่ผุ','16','113','','2564-08-10 08:45:10','','','','','','','3330400729361'),(42,2412,'7','2564','1',3,0,1,'ไม่มี','ปกติ','ไม่ผุ','17','108','','2564-08-10 08:45:26','','','','','','','3330400729361'),(43,2413,'8','2564','1',3,0,1,'ไม่มี','ปกติ','ไม่ผุ','18','108','','2564-08-10 08:45:36','','','','','','','3330400729361'),(44,2398,'1','2564','1',4,0,1,'ไม่มี','ปกติ','ไม่ผุ','16','114','','2564-08-10 08:46:28','','','','','','','3330400729361'),(45,2399,'2','2564','1',4,0,1,'ไม่มี','ปกติ','ไม่ผุ','18','113','','2564-08-10 08:46:37','','','','','','','3330400729361'),(46,2400,'3','2564','1',4,0,1,'ไม่มี','ปกติ','ไม่ผุ','21','116','','2564-08-10 08:46:52','','','','','','','3330400729361'),(47,2401,'4','2564','1',4,0,1,'ไม่มี','ปกติ','ไม่ผุ','40','123','','2564-08-10 08:47:07','','','','','','','3330400729361'),(48,2402,'5','2564','1',4,0,1,'ไม่มี','ปกติ','ไม่ผุ','34','123','','2564-08-10 08:47:18','','','','','','','3330400729361'),(49,2403,'6','2564','1',4,0,1,'ไม่มี','ปกติ','ไม่ผุ','17','115','','2564-08-10 08:47:33','','','','','','','3330400729361'),(50,2404,'7','2564','1',4,0,1,'ไม่มี','ปกติ','ไม่ผุ','25','120','','2564-08-10 08:47:43','','','','','','','3330400729361'),(51,2377,'1','2564','1',5,0,1,'ไม่มี','ปกติ','ไม่ผุ','22','125','','2564-08-10 08:48:15','','','','','','','3330400729361'),(52,2378,'2','2564','1',5,0,1,'ไม่มี','ปกติ','ไม่ผุ','24','122','','2564-08-10 08:48:56','','','','','','','3330400729361'),(53,2380,'3','2564','1',5,0,1,'ไม่มี','ปกติ','ไม่ผุ','30','135','','2564-09-13 10:53:06','','','','','','','3330400729361'),(54,2380,'3','2564','1',5,0,1,'ไม่มี','ปกติ','ไม่ผุ','30','135','','2564-08-10 08:48:50','','','','','','','3330400729361'),(55,2381,'4','2564','1',5,0,1,'ไม่มี','ปกติ','ไม่ผุ','19','119','','2564-08-10 08:49:07','','','','','','','3330400729361'),(56,2382,'5','2564','1',5,0,1,'ไม่มี','ปกติ','ไม่ผุ','24','129','','2564-09-13 10:53:16','','','','','','','3330400729361'),(57,2382,'5','2564','1',5,0,1,'ไม่มี','ปกติ','ไม่ผุ','24','129','','2564-08-10 08:49:20','','','','','','','3330400729361'),(58,2383,'6','2564','1',5,0,1,'ไม่มี','ปกติ','ไม่ผุ','19','120','','2564-08-10 08:49:30','','','','','','','3330400729361'),(59,2384,'7','2564','1',5,0,1,'ไม่มี','ปกติ','ไม่ผุ','25','128','','2564-08-10 08:49:41','','','','','','','3330400729361'),(60,2386,'8','2564','1',5,0,1,'ไม่มี','ปกติ','ไม่ผุ','20','120','','2564-08-10 08:50:00','','','','','','','3330400729361'),(61,2387,'9','2564','1',5,0,1,'ไม่มี','ปกติ','ไม่ผุ','22','125','','2564-08-10 08:50:13','','','','','','','3330400729361'),(62,2388,'10','2564','1',5,0,1,'ไม่มี','ปกติ','ไม่ผุ','19','119','','2564-08-10 08:50:23','','','','','','','3330400729361'),(63,2385,'11','2564','1',5,0,1,'ไม่มี','ปกติ','ไม่ผุ','31','135','','2564-08-10 08:50:34','','','','','','','3330400729361'),(64,2362,'1','2564','1',6,0,1,'ไม่มี','ปกติ','ไม่ผุ','22','129','','2564-08-10 08:51:09','','','','','','','3330400729361'),(65,2363,'2','2564','1',6,0,1,'ไม่มี','ปกติ','ไม่ผุ','53','146','','2564-08-10 08:51:24','','','','','','','3330400729361'),(66,2364,'3','2564','1',6,0,1,'ไม่มี','ปกติ','ไม่ผุ','23','125','','2564-08-10 08:51:35','','','','','','','3330400729361'),(67,2365,'4','2564','1',6,0,1,'ไม่มี','ปกติ','ไม่ผุ','25','133','','2564-08-10 08:51:48','','','','','','','3330400729361'),(68,2366,'5','2564','1',6,0,1,'ไม่มี','ปกติ','ไม่ผุ','24','123','','2564-08-10 08:51:59','','','','','','','3330400729361'),(69,2367,'6','2564','1',6,0,1,'ไม่มี','ปกติ','ไม่ผุ','31','134','','2564-08-10 08:52:10','','','','','','','3330400729361'),(70,2397,'7','2564','1',6,0,1,'ไม่มี','ปกติ','ไม่ผุ','21','125','','2564-08-10 08:52:25','','','','','','','3330400729361'),(71,2414,'8','2564','1',6,0,1,'ไม่มี','ปกติ','ไม่ผุ','37','134','','2564-08-10 08:52:45','','','','','','','3330400729361'),(72,2350,'1','2564','1',7,0,1,'ไม่มี','ปกติ','ไม่ผุ','25','128','','2564-08-10 08:53:08','','','','','','','3330400729361'),(73,2351,'2','2564','1',7,0,1,'ไม่มี','ปกติ','ไม่ผุ','42','144','','2564-08-10 08:53:23','','','','','','','3330400729361'),(74,2352,'3','2564','1',7,0,1,'ไม่มี','ปกติ','ไม่ผุ','23','131','','2564-08-10 08:53:37','','','','','','','3330400729361'),(75,2353,'4','2564','1',7,0,1,'ไม่มี','ปกติ','ไม่ผุ','31','136','','2564-08-10 08:53:51','','','','','','','3330400729361'),(76,2354,'5','2564','1',7,0,1,'ไม่มี','ปกติ','ไม่ผุ','32','135','','2564-08-10 08:54:03','','','','','','','3330400729361'),(77,2356,'6','2564','1',7,0,1,'ไม่มี','ปกติ','ไม่ผุ','50','151','','2564-08-10 08:54:14','','','','','','','3330400729361'),(78,2372,'7','2564','1',7,0,1,'ไม่มี','ปกติ','ไม่ผุ','25','136','','2564-08-10 08:54:27','','','','','','','3330400729361'),(79,2389,'8','2564','1',7,0,1,'ไม่มี','ปกติ','ไม่ผุ','35','134','','2564-08-10 08:54:41','','','','','','','3330400729361'),(80,2390,'9','2564','1',7,0,1,'ไม่มี','ปกติ','ไม่ผุ','34','136','','2564-08-10 08:54:51','','','','','','','3330400729361'),(81,2391,'10','2564','1',7,0,1,'ไม่มี','ปกติ','ไม่ผุ','28','139','','2564-08-10 08:55:02','','','','','','','3330400729361'),(82,2418,'11','2564','1',7,0,1,'ไม่มี','ปกติ','ไม่ผุ','24','134','','2564-08-10 08:55:11','','','','','','','3330400729361'),(83,2344,'1','2564','1',8,0,1,'ไม่มี','ปกติ','ไม่ผุ','32','140','','2564-08-10 08:55:37','','','','','','','3330400729361'),(84,2345,'2','2564','1',8,0,1,'ไม่มี','ปกติ','ไม่ผุ','37','147','','2564-08-10 08:55:49','','','','','','','3330400729361'),(85,2348,'3','2564','1',8,0,1,'ไม่มี','ปกติ','ไม่ผุ','27','144','','2564-08-10 08:58:04','','','','','','','3330400729361'),(86,2358,'4','2564','1',8,0,1,'ไม่มี','ปกติ','ไม่ผุ','31','145','','2564-08-10 08:58:27','','','','','','','3330400729361'),(87,2368,'5','2564','1',8,0,1,'ไม่มี','ปกติ','ไม่ผุ','25','136','','2564-08-10 08:58:52','','','','','','','3330400729361'),(88,2369,'6','2564','1',8,0,1,'ไม่มี','ปกติ','ไม่ผุ','90','161','','2564-08-10 08:59:08','','','','','','','3330400729361'),(89,2370,'7','2564','1',8,0,1,'ไม่มี','ปกติ','ไม่ผุ','39','155','','2564-08-10 08:59:32','','','','','','','3330400729361'),(90,2371,'8','2564','1',8,0,1,'ไม่มี','ปกติ','ไม่ผุ','35','152','','2564-08-10 08:59:51','','','','','','','3330400729361'),(91,2373,'9','2564','1',8,0,1,'ไม่มี','ปกติ','ไม่ผุ','24','135','','2564-08-10 09:00:09','','','','','','','3330400729361'),(92,2392,'10','2564','1',8,0,1,'ไม่มี','ปกติ','ไม่ผุ','26','132','','2564-08-10 09:00:20','','','','','','','3330400729361'),(93,2393,'11','2564','1',8,0,1,'ไม่มี','ปกติ','ไม่ผุ','80','160','','2564-08-10 09:00:35','','','','','','','3330400729361'),(94,2394,'12','2564','1',8,0,1,'ไม่มี','ปกติ','ไม่ผุ','32','135','','2564-08-10 09:00:48','','','','','','','3330400729361'),(95,2395,'13','2564','1',8,0,1,'ไม่มี','ปกติ','ไม่ผุ','32','139','','2564-08-10 09:01:01','','','','','','','3330400729361'),(96,2396,'14','2564','1',8,0,1,'ไม่มี','ปกติ','ไม่ผุ','31','151','','2564-08-10 09:01:15','','','','','','','3330400729361'),(97,2332,'1','2564','1',9,0,1,'ไม่มี','ปกติ','ไม่ผุ','44','147','','2564-08-10 09:01:58','','','','','','','3330400729361'),(98,2333,'2','2564','1',9,0,1,'ไม่มี','ปกติ','ไม่ผุ','31','134','','2564-08-10 09:02:07','','','','','','','3330400729361'),(99,2334,'3','2564','1',9,0,1,'ไม่มี','ปกติ','ไม่ผุ','35','148','','2564-08-10 09:02:17','','','','','','','3330400729361'),(100,2335,'4','2564','1',9,0,1,'ไม่มี','ปกติ','ไม่ผุ','51','150','','2564-08-10 09:02:32','','','','','','','3330400729361'),(101,2336,'5','2564','1',9,0,1,'ไม่มี','ปกติ','ไม่ผุ','37','150','','2564-08-10 09:02:42','','','','','','','3330400729361'),(102,2337,'6','2564','1',9,0,1,'ไม่มี','ปกติ','ไม่ผุ','44','159','','2564-08-10 09:02:54','','','','','','','3330400729361'),(103,2338,'7','2564','1',9,0,1,'ไม่มี','ปกติ','ไม่ผุ','34','150','','2564-08-10 09:03:11','','','','','','','3330400729361'),(104,2340,'8','2564','1',9,0,1,'ไม่มี','ปกติ','ไม่ผุ','34','150','','2564-08-10 09:03:30','','','','','','','3330400729361'),(105,2342,'9','2564','1',9,0,1,'ไม่มี','ปกติ','ไม่ผุ','62','158','','2564-08-10 09:03:47','','','','','','','3330400729361'),(106,2343,'10','2564','1',9,0,1,'ไม่มี','ปกติ','ไม่ผุ','45','154','','2564-08-10 09:04:07','','','','','','','3330400729361'),(107,2398,'1','2564','1',4,0,2,'ไม่มี','ปกติ','ไม่ผุ','17','115','','2564-10-14 04:18:11','','','','','','','3349800001231'),(108,2399,'2','2564','1',4,0,2,'ไม่มี','ปกติ','ไม่ผุ','17','115','','2564-10-14 04:20:14','','','','','','','3349800001231'),(109,2400,'3','2564','1',4,0,2,'ไม่มี','ปกติ','ไม่ผุ','22','117','','2564-10-14 04:20:42','','','','','','','3349800001231'),(110,2401,'4','2564','1',4,0,2,'ไม่มี','ปกติ','ไม่ผุ','42','124','','2564-10-14 04:21:00','','','','','','','3349800001231'),(111,2402,'5','2564','1',4,0,2,'ไม่มี','ปกติ','ไม่ผุ','35','124','','2564-10-14 04:21:39','','','','','','','3349800001231'),(112,2403,'6','2564','1',4,0,2,'ไม่มี','ปกติ','ไม่ผุ','17','116','','2564-10-14 04:21:59','','','','','','','3349800001231'),(113,2404,'7','2564','1',4,0,2,'ไม่มี','ปกติ','ไม่ผุ','25','121','','2564-10-14 04:22:10','','','','','','','3349800001231'),(114,2362,'1','2564','1',6,0,2,'ไม่มี','ปกติ','ไม่ผุ','22','130','','2564-10-14 05:12:48','','','','','','','5340900004281'),(115,2363,'2','2564','1',6,0,2,'ไม่มี','ปกติ','ไม่ผุ','54','147','','2564-10-14 05:15:54','','','','','','','5340900004281'),(116,2364,'3','2564','1',6,0,2,'ไม่มี','ปกติ','ไม่ผุ','26','134','','2564-10-14 05:16:45','','','','','','','5340900004281'),(117,2365,'4','2564','1',6,0,2,'ไม่มี','ปกติ','ไม่ผุ','25','124','','2564-10-14 05:17:08','','','','','','','5340900004281'),(118,2366,'5','2564','1',6,0,2,'ไม่มี','ปกติ','ไม่ผุ','32','135','','2564-10-14 05:18:23','','','','','','','5340900004281'),(119,2367,'6','2564','1',6,0,2,'ไม่มี','ปกติ','ไม่ผุ','22','126','','2564-10-14 05:19:49','','','','','','','5340900004281'),(120,2397,'7','2564','1',6,0,2,'ไม่มี','ปกติ','ไม่ผุ','24','126','','2564-10-14 05:20:01','','','','','','','5340900004281'),(121,2414,'8','2564','1',6,0,2,'ไม่มี','ปกติ','ไม่ผุ','38','135','','2564-10-14 05:20:15','','','','','','','5340900004281'),(122,2350,'1','2564','1',7,0,2,'ไม่มี','ปกติ','ไม่ผุ','26','130','','2564-10-14 05:20:58','','','','','','','5340900004281'),(123,2351,'2','2564','1',7,0,2,'ไม่มี','ปกติ','ไม่ผุ','44','146','','2564-10-14 05:21:23','','','','','','','5340900004281'),(124,2352,'3','2564','1',7,0,2,'ไม่มี','ปกติ','ไม่ผุ','24','133','','2564-10-14 05:21:45','','','','','','','5340900004281'),(125,2353,'4','2564','1',7,0,2,'ไม่มี','ปกติ','ไม่ผุ','32','138','','2564-10-14 05:22:09','','','','','','','5340900004281'),(126,2354,'5','2564','1',7,0,2,'ไม่มี','ปกติ','ไม่ผุ','33','137','','2564-10-14 05:22:20','','','','','','','5340900004281'),(127,2356,'6','2564','1',7,0,2,'ไม่มี','ปกติ','ไม่ผุ','27','138','','2564-10-14 05:24:02','','','','','','','5340900004281'),(128,2372,'7','2564','1',7,0,2,'ไม่มี','ปกติ','ไม่ผุ','36','136','','2564-10-14 05:25:01','','','','','','','5340900004281'),(129,2389,'8','2564','1',7,0,2,'ไม่มี','ปกติ','ไม่ผุ','52','153','','2564-10-14 05:24:25','','','','','','','5340900004281'),(130,2390,'9','2564','1',7,0,2,'ไม่มี','ปกติ','ไม่ผุ','35','138','','2564-10-14 05:25:16','','','','','','','5340900004281'),(131,2391,'10','2564','1',7,0,2,'ไม่มี','ปกติ','ไม่ผุ','30','141','','2564-10-14 05:25:42','','','','','','','5340900004281'),(132,2418,'11','2564','1',7,0,2,'ไม่มี','ปกติ','ไม่ผุ','25','136','','2564-10-14 05:25:52','','','','','','','5340900004281'),(133,2344,'1','2564','1',8,0,2,'ไม่มี','ปกติ','ไม่ผุ','34','142','','2564-10-14 05:35:14','','','','','','','1471200129649'),(134,2345,'2','2564','1',8,0,2,'ไม่มี','ปกติ','ไม่ผุ','38','149','','2564-10-14 05:35:37','','','','','','','1471200129649'),(135,2348,'3','2564','1',8,0,2,'ไม่มี','ปกติ','ไม่ผุ','28','145','','2564-10-14 05:36:05','','','','','','','1471200129649'),(136,2358,'4','2564','1',8,0,2,'ไม่มี','ปกติ','ไม่ผุ','32','147','','2564-10-14 05:36:39','','','','','','','1471200129649'),(137,2368,'5','2564','1',8,0,2,'ไม่มี','ปกติ','ไม่ผุ','26','138','','2564-10-14 05:36:56','','','','','','','1471200129649'),(138,2369,'6','2564','1',8,0,2,'ไม่มี','ปกติ','ไม่ผุ','92','163','','2564-10-14 05:37:45','','','','','','','1471200129649'),(139,2370,'7','2564','1',8,0,2,'ไม่มี','ปกติ','ไม่ผุ','40','157','','2564-10-14 05:38:05','','','','','','','1471200129649'),(140,2371,'8','2564','1',8,0,2,'ไม่มี','ปกติ','ไม่ผุ','36','154','','2564-10-14 05:38:29','','','','','','','1471200129649'),(141,2373,'9','2564','1',8,0,2,'ไม่มี','ปกติ','ไม่ผุ','25','137','','2564-10-14 05:38:50','','','','','','','1471200129649'),(142,2392,'10','2564','1',8,0,2,'ไม่มี','ปกติ','ไม่ผุ','28','134','','2564-10-14 05:39:05','','','','','','','1471200129649'),(143,2393,'11','2564','1',8,0,2,'ไม่มี','ปกติ','ไม่ผุ','82','162','','2564-10-14 05:39:24','','','','','','','1471200129649'),(144,2394,'12','2564','1',8,0,2,'ไม่มี','ปกติ','ไม่ผุ','34','137','','2564-10-14 05:39:44','','','','','','','1471200129649'),(145,2395,'13','2564','1',8,0,2,'ไม่มี','ปกติ','ไม่ผุ','34','141','','2564-10-14 05:40:01','','','','','','','1471200129649'),(146,2396,'14','2564','1',8,0,2,'ไม่มี','ปกติ','ไม่ผุ','33','153','','2564-10-14 05:40:15','','','','','','','1471200129649'),(147,2332,'1','2564','1',9,0,2,'ไม่มี','ปกติ','ไม่ผุ','46','149','','2564-10-18 11:51:28','','','','','','','1471200129649'),(148,2333,'2','2564','1',9,0,2,'ไม่มี','ปกติ','ไม่ผุ','33','136','','2564-10-18 11:51:38','','','','','','','1471200129649'),(149,2334,'3','2564','1',9,0,2,'ไม่มี','ปกติ','ไม่ผุ','37','150','','2564-10-18 11:51:49','','','','','','','1471200129649'),(150,2335,'4','2564','1',9,0,2,'ไม่มี','ปกติ','ไม่ผุ','53','152','','2564-10-18 11:52:02','','','','','','','1471200129649'),(151,2336,'5','2564','1',9,0,2,'ไม่มี','ปกติ','ไม่ผุ','39','152','','2564-10-18 11:52:15','','','','','','','1471200129649'),(152,2337,'6','2564','1',9,0,2,'ไม่มี','ปกติ','ไม่ผุ','46','160','','2564-10-18 11:52:26','','','','','','','1471200129649'),(153,2338,'7','2564','1',9,0,2,'ไม่มี','ปกติ','ไม่ผุ','35','151','','2564-10-18 11:52:42','','','','','','','1471200129649'),(154,2340,'8','2564','1',9,0,2,'ไม่มี','ปกติ','ไม่ผุ','35','151','','2564-10-18 11:52:56','','','','','','','1471200129649'),(155,2342,'9','2564','1',9,0,2,'ไม่มี','ปกติ','ไม่ผุ','64','160','','2564-10-18 11:53:08','','','','','','','1471200129649'),(156,2343,'10','2564','1',9,0,2,'ไม่มี','ปกติ','ไม่ผุ','47','156','','2564-10-18 11:53:18','','','','','','','1471200129649');

--
-- Table structure for table `health_personal`
--

CREATE TABLE `health_personal` (
  `per_id` int(11) NOT NULL AUTO_INCREMENT,
  `personal_code` varchar(13) NOT NULL,
  `per_position` int(3) NOT NULL,
  `per_status` int(3) NOT NULL,
  `person_room` int(3) NOT NULL,
  PRIMARY KEY (`per_id`)
) ENGINE=MyISAM AUTO_INCREMENT=23 DEFAULT CHARSET=utf8 COLLATE=utf8_general_ci;

--
-- Dumping data for table `health_personal`
--

INSERT INTO `health_personal` VALUES (1,'1471200129649',8,1,0),(2,'3349900342153',2,1,0),(3,'3349900342153',3,1,0),(22,'5340900004281',7,1,0),(6,'5340900004281',6,1,0),(7,'3349800001231',4,1,0),(8,'1471200129649',9,1,0),(9,'3330400729361',2,1,0),(18,'3330400729361',3,1,0),(12,'3330400729361',4,1,0),(13,'3330400729361',5,1,0),(14,'3330400729361',6,1,0),(16,'3330400729361',8,1,0),(17,'3330400729361',9,1,0),(20,'3330400729361',7,1,0),(21,'3349900739177',5,1,0);

--
-- Table structure for table `health_weight_height`
--

CREATE TABLE `health_weight_height` (
  `id` int(11) NOT NULL AUTO_INCREMENT,
  `type` tinyint(4) NOT NULL DEFAULT 0,
  `sex` tinyint(4) NOT NULL DEFAULT 1,
  `height` int(11) NOT NULL,
  `weight_1` double NOT NULL,
  `weight_2` double NOT NULL,
  `weight_3` double NOT NULL,
  `weight_4` double NOT NULL,
  `weight_5` double NOT NULL,
  PRIMARY KEY (`id`)
) ENGINE=MyISAM AUTO_INCREMENT=75 DEFAULT CHARSET=utf8 COLLATE=utf8_general_ci;

--
-- Dumping data for table `health_weight_height`
--

INSERT INTO `health_weight_height` VALUES (1,0,1,50,2.5,3,3.8,4,4.5),(2,0,1,55,3.5,4,4.8,5,6),(3,0,1,60,4.5,5,6.3,6.5,7.5),(4,0,1,65,5.5,6,7.8,8,9),(5,0,1,70,7,7.5,9.3,9.5,10.5),(6,0,1,75,8,8.5,10.8,11,12),(7,0,1,80,9,9.5,12,12.5,13.5),(8,0,1,85,10,10.5,13.5,14,15.5),(9,0,1,90,11,11.5,15,15.5,17),(10,0,1,95,12,12.5,16.5,17,19),(11,0,1,100,13,14,18.5,19,21),(12,0,1,105,14,15,20,21,22.5),(13,0,1,110,15.5,16.5,22,23,25),(14,0,1,115,17,18,24,25,28),(15,0,1,120,18.5,19.5,26.5,28,31),(16,0,1,125,20.5,21.5,29.5,31,35),(17,0,1,130,22,23.5,33,35,39.5),(18,0,1,135,24,25.5,37,39,45),(19,0,1,140,26.5,28,41,44,50),(20,0,2,50,3,3.1,3.8,4,4.5),(21,0,2,55,3.5,4,4.8,5,6),(22,0,2,60,4.5,5,6.3,6.5,7),(23,0,2,65,5.5,6,7.8,8,8.5),(24,0,2,70,6.5,7.5,8.8,9,10),(25,0,2,75,7.5,8.5,10.8,10.5,11.5),(26,0,2,80,8.5,9,11.5,12.5,13),(27,0,2,85,9.5,10,13,13.5,14.5),(28,0,2,90,10.5,11.5,14.5,15.5,16.5),(29,0,2,95,11.5,13,16.5,17,18.5),(30,0,2,100,13,13.5,18,18.5,20.5),(31,0,2,110,15.5,16,22,23,25),(32,0,2,115,16.5,17.5,24,25,28),(33,0,2,120,18,19,27,28.5,31.5),(34,0,2,125,19.5,21.5,30,31.5,35.5),(35,0,2,130,21.5,23,34,36,41),(36,0,2,135,23.5,25,38,40.5,46),(37,0,2,140,25.5,27.5,42.5,45.5,55.5),(38,0,2,105,14,15,19.5,20.5,22.5),(39,1,1,90,11,11.5,15,16,17),(40,1,1,95,12,12.5,17,17.5,19),(41,1,1,100,13,14,18,19,21),(42,1,1,105,14.5,15,19.5,20.5,22.5),(43,1,1,110,16,16.6,21.5,22.5,24.5),(44,1,1,115,17,18,24,25,27.5),(45,1,1,120,19,19.5,26.5,28,30.5),(46,1,1,125,20,21,29,31,34),(47,1,1,130,22,23,33,35,39),(48,1,1,135,24.5,25.5,37,39.5,45),(49,1,1,140,26.5,28.5,41,44,50),(50,1,1,145,29,31,45,48,54.5),(51,1,1,150,32,34,49,52.5,58.5),(52,1,1,155,35,37,53,56.5,62.5),(53,1,1,160,38.5,41,57,60.5,66.5),(54,1,1,165,42.5,45,61.5,64.5,70),(55,1,1,170,46,48.5,65,68,74.5),(56,1,1,175,49.5,52.5,69,72,77),(57,1,1,180,53,56,72,75,80),(58,1,2,90,11,11.5,15,16,17),(59,1,2,95,12,12.5,16,17,18.5),(60,1,2,100,13,13.5,18,19,20.5),(61,1,2,105,14,15,19.5,20.5,22.5),(62,1,2,110,15.5,16,21.5,22.5,25),(63,1,2,115,17,17.5,24,25,27.5),(64,1,2,120,18.5,19,26.5,28,31),(65,1,2,125,20,21,30,32,36),(66,1,2,130,21.5,22.5,33.5,36,41),(67,1,2,135,23.5,25,38,41,46),(68,1,2,140,26,27.5,42.5,45.5,51.5),(69,1,2,145,29,31,47,50,56.5),(70,1,2,150,32.5,34.5,51.5,54.5,61),(71,1,2,155,36,38.5,55.5,58.5,65),(72,1,2,160,39.5,42,59,62,68),(73,1,2,165,43,45.5,62,65,70.5),(74,1,2,170,47,48.5,65.5,67.5,72.5);

--
-- Table structure for table `idplan_education`
--

CREATE TABLE `idplan_education` (
  `id` int(11) NOT NULL AUTO_INCREMENT,
  `person_id` varchar(15) DEFAULT NULL,
  `class` varchar(30) DEFAULT NULL,
  `initials` varchar(30) DEFAULT NULL,
  `subject_1` varchar(150) DEFAULT NULL,
  `subject` varchar(150) DEFAULT NULL,
  `institute` varchar(200) DEFAULT NULL,
  `province` varchar(50) DEFAULT NULL,
  `finish_year` varchar(10) DEFAULT NULL,
  PRIMARY KEY (`id`)
) ENGINE=MyISAM AUTO_INCREMENT=12 DEFAULT CHARSET=utf8 COLLATE=utf8_general_ci;

--
-- Dumping data for table `idplan_education`
--

INSERT INTO `idplan_education` VALUES (9,'3330400729361','ปริญญาตรี','ศศ.บ.ดนตรี(ดนตรีสากล)','-','-','สถาบันราชภัฏอุบลราชธานี','อุบลราชธานี','2547'),(10,'3330400729361','ประกาศนียบัตรวิชาชีพครู','ป.บัญฑิตวิชาชีพครู','-','-','มหาวิทยาลัยการจัดการเทคโนโลยีอีสเทิร์น','อุบลราชธานี','2555'),(11,'3330400729361','ปริญญาโท','ศษ.ม.การบริหารการศึกษา','-','-','มหาวิทยาลัยการจัดการเทคโนโลยีอีสเทิร์น','อุบลราชธานี','2556');

--
-- Table structure for table `idplan_list_setting`
--

CREATE TABLE `idplan_list_setting` (
  `id` int(11) NOT NULL AUTO_INCREMENT,
  `rating` int(5) DEFAULT NULL,
  `item_list` char(50) DEFAULT NULL,
  `permission` int(2) DEFAULT NULL,
  PRIMARY KEY (`id`)
) ENGINE=MyISAM AUTO_INCREMENT=12 DEFAULT CHARSET=utf8 COLLATE=utf8_general_ci;

--
-- Dumping data for table `idplan_list_setting`
--


--
-- Table structure for table `idplan_lookbook_1`
--

CREATE TABLE `idplan_lookbook_1` (
  `id` int(11) NOT NULL AUTO_INCREMENT,
  `person_id` varchar(15) DEFAULT NULL,
  `study_year` varchar(5) DEFAULT NULL,
  `term` varchar(2) DEFAULT NULL,
  `office` varchar(200) DEFAULT NULL,
  `school_name` varchar(250) DEFAULT NULL,
  `class` varchar(5) DEFAULT NULL,
  `subject_1` varchar(3) DEFAULT NULL,
  `subject_2` varchar(150) DEFAULT NULL,
  `house` int(3) DEFAULT NULL,
  PRIMARY KEY (`id`)
) ENGINE=MyISAM AUTO_INCREMENT=19 DEFAULT CHARSET=utf8 COLLATE=utf8_general_ci;

--
-- Dumping data for table `idplan_lookbook_1`
--


--
-- Table structure for table `idplan_lookbook_2`
--

CREATE TABLE `idplan_lookbook_2` (
  `id` int(11) NOT NULL AUTO_INCREMENT,
  `person_id` varchar(15) DEFAULT NULL,
  `year` varchar(5) DEFAULT NULL,
  `term` varchar(1) DEFAULT NULL,
  `week` varchar(3) DEFAULT NULL,
  `start_date` date DEFAULT NULL,
  `end_date` date DEFAULT NULL,
  `group_vicha_id` varchar(2) DEFAULT NULL,
  `vicha_name` varchar(200) DEFAULT NULL,
  `vicha_code` varchar(10) DEFAULT NULL,
  `vitaya` varchar(2) DEFAULT NULL,
  `hour_term` varchar(5) DEFAULT NULL,
  `time` varchar(5) DEFAULT NULL,
  `time_unit` varchar(25) DEFAULT NULL,
  `learn_type` varchar(2) DEFAULT NULL,
  `garantee` varchar(2) DEFAULT NULL,
  PRIMARY KEY (`id`)
) ENGINE=MyISAM AUTO_INCREMENT=20 DEFAULT CHARSET=utf8 COLLATE=utf8_general_ci;

--
-- Dumping data for table `idplan_lookbook_2`
--


--
-- Table structure for table `idplan_lookbook_3`
--

CREATE TABLE `idplan_lookbook_3` (
  `id` int(11) NOT NULL AUTO_INCREMENT,
  `person_id` varchar(15) DEFAULT NULL,
  `year` varchar(5) DEFAULT NULL,
  `term` varchar(1) DEFAULT NULL,
  `week` varchar(3) DEFAULT NULL,
  `start_date` date DEFAULT NULL,
  `end_date` date DEFAULT NULL,
  `vicha_support` varchar(200) DEFAULT NULL,
  `hour_week` varchar(5) DEFAULT NULL,
  `garantee` varchar(2) DEFAULT NULL,
  PRIMARY KEY (`id`)
) ENGINE=MyISAM AUTO_INCREMENT=22 DEFAULT CHARSET=utf8 COLLATE=utf8_general_ci;

--
-- Dumping data for table `idplan_lookbook_3`
--


--
-- Table structure for table `idplan_lookbook_4`
--

CREATE TABLE `idplan_lookbook_4` (
  `id` int(11) NOT NULL AUTO_INCREMENT,
  `person_id` varchar(15) DEFAULT NULL,
  `year` varchar(5) DEFAULT NULL,
  `term` varchar(1) DEFAULT NULL,
  `week` varchar(3) DEFAULT NULL,
  `start_date` date DEFAULT NULL,
  `end_date` date DEFAULT NULL,
  `policy` varchar(255) DEFAULT NULL,
  `hour_week` varchar(5) DEFAULT NULL,
  `garantee` varchar(2) DEFAULT NULL,
  PRIMARY KEY (`id`)
) ENGINE=MyISAM AUTO_INCREMENT=24 DEFAULT CHARSET=utf8 COLLATE=utf8_general_ci;

--
-- Dumping data for table `idplan_lookbook_4`
--


--
-- Table structure for table `idplan_lookbook_5`
--

CREATE TABLE `idplan_lookbook_5` (
  `id` int(11) NOT NULL AUTO_INCREMENT,
  `person_id` varchar(15) DEFAULT NULL,
  `rec_date` date DEFAULT NULL,
  `develop_name` varchar(255) DEFAULT NULL,
  `develop_code` varchar(15) DEFAULT NULL,
  `knowledge` varchar(10) DEFAULT NULL,
  `skill` varchar(10) DEFAULT NULL,
  `teacher` varchar(10) DEFAULT NULL,
  `develop_hour` varchar(5) DEFAULT NULL,
  `develop_start_date` date DEFAULT NULL,
  `num_date` int(5) DEFAULT NULL,
  `development` varchar(10) DEFAULT NULL,
  `garantee` varchar(2) DEFAULT NULL,
  PRIMARY KEY (`id`)
) ENGINE=MyISAM AUTO_INCREMENT=4 DEFAULT CHARSET=utf8 COLLATE=utf8_general_ci;

--
-- Dumping data for table `idplan_lookbook_5`
--


--
-- Table structure for table `idplan_lookbook_6`
--

CREATE TABLE `idplan_lookbook_6` (
  `id` int(11) NOT NULL AUTO_INCREMENT,
  `person_id` varchar(15) DEFAULT NULL,
  `group_activities` varchar(255) DEFAULT NULL,
  `num_member` int(5) DEFAULT NULL,
  `activities_name` varchar(255) DEFAULT NULL,
  `round` varchar(3) DEFAULT NULL,
  `date_activities` date DEFAULT NULL,
  `term` varchar(2) DEFAULT NULL,
  `year` varchar(5) DEFAULT NULL,
  `num_hour` varchar(5) DEFAULT NULL,
  `r_character` varchar(3) DEFAULT NULL,
  `income_activities` varchar(5) DEFAULT NULL,
  `issues` varchar(255) DEFAULT NULL,
  `cause` varchar(255) DEFAULT NULL,
  `knowledge` varchar(255) DEFAULT NULL,
  `activities` varchar(255) DEFAULT NULL,
  `r_activities` varchar(255) DEFAULT NULL,
  `reapply` varchar(255) DEFAULT NULL,
  `other` varchar(255) DEFAULT NULL,
  `garantee` varchar(2) DEFAULT NULL,
  PRIMARY KEY (`id`)
) ENGINE=MyISAM AUTO_INCREMENT=6 DEFAULT CHARSET=utf8 COLLATE=utf8_general_ci;

--
-- Dumping data for table `idplan_lookbook_6`
--


--
-- Table structure for table `idplan_lookbook_group_subject`
--

CREATE TABLE `idplan_lookbook_group_subject` (
  `id` int(11) NOT NULL AUTO_INCREMENT,
  `g_subject` varchar(255) DEFAULT NULL,
  PRIMARY KEY (`id`)
) ENGINE=MyISAM AUTO_INCREMENT=21 DEFAULT CHARSET=utf8 COLLATE=utf8_general_ci;

--
-- Dumping data for table `idplan_lookbook_group_subject`
--


--
-- Table structure for table `idplan_management_crown`
--

CREATE TABLE `idplan_management_crown` (
  `id` int(11) NOT NULL AUTO_INCREMENT,
  `crown_name_th` char(100) DEFAULT NULL,
  `crown_shot_name` char(10) DEFAULT NULL,
  `crown_name_en` char(150) DEFAULT NULL,
  PRIMARY KEY (`id`)
) ENGINE=MyISAM AUTO_INCREMENT=37 DEFAULT CHARSET=utf8 COLLATE=utf8_general_ci;

--
-- Dumping data for table `idplan_management_crown`
--


--
-- Table structure for table `idplan_management_crown_year`
--

CREATE TABLE `idplan_management_crown_year` (
  `id` int(11) NOT NULL AUTO_INCREMENT,
  `person_id` varchar(15) DEFAULT NULL,
  `crown_id` varchar(3) DEFAULT NULL,
  `crown_year` varchar(7) DEFAULT NULL,
  PRIMARY KEY (`id`)
) ENGINE=MyISAM AUTO_INCREMENT=5 DEFAULT CHARSET=utf8 COLLATE=utf8_general_ci;

--
-- Dumping data for table `idplan_management_crown_year`
--

INSERT INTO `idplan_management_crown_year` VALUES (4,'3330400729361','','2564');

--
-- Table structure for table `idplan_management_family`
--

CREATE TABLE `idplan_management_family` (
  `id` int(11) NOT NULL AUTO_INCREMENT,
  `person_id` varchar(15) DEFAULT NULL,
  `family_prename` varchar(20) DEFAULT NULL,
  `family_name` varchar(100) DEFAULT NULL,
  `family_surname` varchar(150) DEFAULT NULL,
  `birth_date` date DEFAULT NULL,
  `family_type` varchar(5) DEFAULT NULL,
  PRIMARY KEY (`id`)
) ENGINE=MyISAM AUTO_INCREMENT=11 DEFAULT CHARSET=utf8 COLLATE=utf8_general_ci;

--
-- Dumping data for table `idplan_management_family`
--

INSERT INTO `idplan_management_family` VALUES (9,'3330400729361','นาย','ประสิทธิ์','โทบุดดี','0000-00-00','1'),(10,'3330400729361','นาง','คำพันธ์','โทบุดดี','0000-00-00','2');

--
-- Table structure for table `idplan_management_marry`
--

CREATE TABLE `idplan_management_marry` (
  `person_id` varchar(15) NOT NULL,
  `m_type` varchar(5) DEFAULT NULL,
  `m_prename` varchar(10) DEFAULT NULL,
  `m_name` varchar(50) DEFAULT NULL,
  `m_surname` varchar(150) DEFAULT NULL,
  PRIMARY KEY (`person_id`)
) ENGINE=MyISAM DEFAULT CHARSET=utf8 COLLATE=utf8_general_ci;

--
-- Dumping data for table `idplan_management_marry`
--

INSERT INTO `idplan_management_marry` VALUES ('3330400729361','2','นางสาว','กฤษณา','พาสว่าง'),('3349900342153','2','นาย','อภิชาติ','คงแสง');

--
-- Table structure for table `idplan_management_member`
--

CREATE TABLE `idplan_management_member` (
  `id` int(11) NOT NULL AUTO_INCREMENT,
  `person_id` varchar(15) DEFAULT NULL,
  `member_name` varchar(255) DEFAULT NULL,
  `member_number` varchar(30) DEFAULT NULL,
  PRIMARY KEY (`id`)
) ENGINE=MyISAM AUTO_INCREMENT=5 DEFAULT CHARSET=utf8 COLLATE=utf8_general_ci;

--
-- Dumping data for table `idplan_management_member`
--

INSERT INTO `idplan_management_member` VALUES (4,'3330400729361','1','1');

--
-- Table structure for table `idplan_management_portfolio`
--

CREATE TABLE `idplan_management_portfolio` (
  `id` int(11) NOT NULL AUTO_INCREMENT,
  `person_id` varchar(15) DEFAULT NULL,
  `topic` varchar(200) DEFAULT NULL,
  `date` date DEFAULT NULL,
  `address` varchar(255) DEFAULT NULL,
  `pic_upload` varchar(50) DEFAULT NULL,
  PRIMARY KEY (`id`)
) ENGINE=MyISAM AUTO_INCREMENT=17 DEFAULT CHARSET=utf8 COLLATE=utf8_general_ci;

--
-- Dumping data for table `idplan_management_portfolio`
--

INSERT INTO `idplan_management_portfolio` VALUES (16,'3330400729361','ผู้บังตับบัญชาลูกเสือดีเด่น','0000-00-00','สพป.อบ.4','');

--
-- Table structure for table `idplan_management_vitaya`
--

CREATE TABLE `idplan_management_vitaya` (
  `id` int(11) NOT NULL AUTO_INCREMENT,
  `person_id` varchar(15) DEFAULT NULL,
  `vitaya_name` varchar(250) DEFAULT NULL,
  `vitaya_shot` varchar(50) DEFAULT NULL,
  `vitaya_date` date DEFAULT NULL,
  PRIMARY KEY (`id`)
) ENGINE=MyISAM AUTO_INCREMENT=9 DEFAULT CHARSET=utf8 COLLATE=utf8_general_ci;

--
-- Dumping data for table `idplan_management_vitaya`
--

INSERT INTO `idplan_management_vitaya` VALUES (8,'3330400729361','ชำนาญการพิเศษ','ชนพ.','0000-00-00');

--
-- Table structure for table `idplan_permission`
--

CREATE TABLE `idplan_permission` (
  `per_id` int(5) NOT NULL AUTO_INCREMENT,
  `person_id` char(15) DEFAULT NULL,
  `p1` int(2) DEFAULT NULL,
  `office` char(15) DEFAULT NULL,
  `rec_dat` date DEFAULT NULL,
  PRIMARY KEY (`per_id`)
) ENGINE=MyISAM AUTO_INCREMENT=36 DEFAULT CHARSET=utf8 COLLATE=utf8_general_ci;

--
-- Dumping data for table `idplan_permission`
--


--
-- Table structure for table `idplan_person_sch_profile`
--

CREATE TABLE `idplan_person_sch_profile` (
  `person_id` varchar(15) NOT NULL,
  `birth_date` date DEFAULT NULL,
  `f_date` date DEFAULT NULL,
  `vittaya` varchar(50) DEFAULT NULL,
  `work_old` int(3) DEFAULT NULL,
  `at_home` varchar(10) DEFAULT NULL,
  `moo` varchar(3) DEFAULT NULL,
  `tambun` varchar(50) DEFAULT NULL,
  `ampher` varchar(50) DEFAULT NULL,
  `province` varchar(70) DEFAULT NULL,
  `postcode` varchar(10) DEFAULT NULL,
  `home_phone` varchar(15) DEFAULT NULL,
  `mobile` varchar(15) DEFAULT NULL,
  `salary` int(10) DEFAULT NULL,
  `emoluments` int(10) DEFAULT NULL,
  `money_of_position` int(10) DEFAULT NULL,
  `m_type` varchar(5) DEFAULT NULL,
  `update_date` date DEFAULT NULL,
  PRIMARY KEY (`person_id`)
) ENGINE=MyISAM DEFAULT CHARSET=utf8 COLLATE=utf8_general_ci;

--
-- Dumping data for table `idplan_person_sch_profile`
--

INSERT INTO `idplan_person_sch_profile` VALUES ('3330400729361','1981-08-16','2008-06-02','ชำนาญการพิเศษ',11,'888/423','1','แสนสุข','อำเภอวารินชำราบ','อุบลราชธานี','','','0945083545',32780,5600,5600,'2','2020-07-24'),('3349800001231',NULL,NULL,NULL,NULL,NULL,NULL,NULL,NULL,NULL,NULL,NULL,NULL,NULL,NULL,NULL,NULL,NULL),('3480900271613',NULL,NULL,NULL,NULL,NULL,NULL,NULL,NULL,NULL,NULL,NULL,NULL,NULL,NULL,NULL,NULL,NULL),('3349900342153','1966-12-18','2537-01-08','ชำนาญการพิเศษ',32,'1 :ซอยชยาง','','ในเมือง','เมือง','อุบลราชธานี','','','0911712288',0,5600,5600,'2','2025-04-06'),('1471200129649',NULL,NULL,NULL,NULL,NULL,NULL,NULL,NULL,NULL,NULL,NULL,NULL,NULL,NULL,NULL,NULL,NULL),('3331300004357',NULL,NULL,NULL,NULL,NULL,NULL,NULL,NULL,NULL,NULL,NULL,NULL,NULL,NULL,NULL,NULL,NULL),('7777',NULL,NULL,NULL,NULL,NULL,NULL,NULL,NULL,NULL,NULL,NULL,NULL,NULL,NULL,NULL,NULL,NULL);

--
-- Table structure for table `la_cancel`
--

CREATE TABLE `la_cancel` (
  `id` int(11) NOT NULL AUTO_INCREMENT,
  `person_id` varchar(13) NOT NULL,
  `la_type` tinyint(4) NOT NULL,
  `write_at` varchar(100) DEFAULT NULL,
  `permission_start` date NOT NULL,
  `permission_finish` date NOT NULL,
  `permission_total` int(11) NOT NULL,
  `because` varchar(200) NOT NULL,
  `cancel_la_start` date NOT NULL,
  `cancel_la_finish` date NOT NULL,
  `cancel_la_total` int(11) NOT NULL,
  `no_comment` int(11) NOT NULL DEFAULT 0,
  `grant_p_selected` varchar(13) DEFAULT NULL,
  `rec_date` datetime NOT NULL,
  `officer_comment` varchar(200) DEFAULT NULL,
  `officer_sign` varchar(13) DEFAULT NULL,
  `officer_date` datetime DEFAULT NULL,
  `group_comment` varchar(100) DEFAULT NULL,
  `group_sign` varchar(13) DEFAULT NULL,
  `group_date` datetime DEFAULT NULL,
  `comment_date` datetime DEFAULT NULL,
  `commander_grant` tinyint(4) DEFAULT NULL,
  `commander_comment` varchar(100) DEFAULT NULL,
  `commander_sign` varchar(13) DEFAULT NULL,
  `grant_date` datetime DEFAULT NULL,
  PRIMARY KEY (`id`)
) ENGINE=MyISAM DEFAULT CHARSET=utf8 COLLATE=utf8_general_ci;

--
-- Dumping data for table `la_cancel`
--


--
-- Table structure for table `la_collect`
--

CREATE TABLE `la_collect` (
  `id` int(11) NOT NULL AUTO_INCREMENT,
  `year` int(11) NOT NULL,
  `person_id` varchar(13) NOT NULL,
  `collect_day` tinyint(4) NOT NULL DEFAULT 0,
  `this_year_day` tinyint(4) NOT NULL DEFAULT 0,
  `officer` varchar(13) DEFAULT NULL,
  `rec_date` date DEFAULT NULL,
  PRIMARY KEY (`id`)
) ENGINE=MyISAM DEFAULT CHARSET=utf8 COLLATE=utf8_general_ci;

--
-- Dumping data for table `la_collect`
--


--
-- Table structure for table `la_main`
--

CREATE TABLE `la_main` (
  `id` int(11) NOT NULL AUTO_INCREMENT,
  `person_id` varchar(13) NOT NULL,
  `la_type` tinyint(4) NOT NULL,
  `write_at` varchar(100) DEFAULT NULL,
  `because` varchar(250) DEFAULT NULL,
  `la_start` date NOT NULL,
  `la_finish` date NOT NULL,
  `la_total` int(11) NOT NULL,
  `last_la_start` date DEFAULT NULL,
  `last_la_finish` date DEFAULT NULL,
  `last_la_total` int(11) DEFAULT NULL,
  `contact` varchar(150) DEFAULT NULL,
  `contact_tel` varchar(20) DEFAULT NULL,
  `document` varchar(100) DEFAULT NULL,
  `no_comment` tinyint(4) NOT NULL DEFAULT 0,
  `grant_p_selected` varchar(13) DEFAULT NULL,
  `sick_ago` int(11) DEFAULT NULL,
  `sick_this` int(11) DEFAULT NULL,
  `sick_total` int(11) DEFAULT NULL,
  `privacy_ago` int(11) DEFAULT NULL,
  `privacy_this` int(11) DEFAULT NULL,
  `privacy_total` int(11) DEFAULT NULL,
  `birth_ago` int(11) DEFAULT NULL,
  `birth_this` int(11) DEFAULT NULL,
  `birth_total` int(11) DEFAULT NULL,
  `relax_ago` int(11) DEFAULT NULL,
  `relax_this` int(11) DEFAULT NULL,
  `relax_total` int(11) DEFAULT NULL,
  `relax_collect` tinyint(4) DEFAULT NULL,
  `relax_this_year` tinyint(4) DEFAULT NULL,
  `job_person` varchar(13) DEFAULT NULL,
  `job_person_sign` tinyint(4) NOT NULL DEFAULT 0,
  `rec_date` datetime NOT NULL,
  `officer_comment` varchar(200) DEFAULT NULL,
  `officer_sign` varchar(13) DEFAULT NULL,
  `officer_date` datetime DEFAULT NULL,
  `group_comment` varchar(100) DEFAULT NULL,
  `group_sign` varchar(13) DEFAULT NULL,
  `group_date` datetime DEFAULT NULL,
  `comment_date` datetime DEFAULT NULL,
  `commander_grant` tinyint(4) DEFAULT NULL,
  `commander_comment` varchar(100) DEFAULT NULL,
  `commander_sign` varchar(13) DEFAULT NULL,
  `grant_date` datetime DEFAULT NULL,
  PRIMARY KEY (`id`)
) ENGINE=MyISAM DEFAULT CHARSET=utf8 COLLATE=utf8_general_ci;

--
-- Dumping data for table `la_main`
--


--
-- Table structure for table `la_permission`
--

CREATE TABLE `la_permission` (
  `id` int(11) NOT NULL AUTO_INCREMENT,
  `person_id` varchar(13) NOT NULL,
  `p1` tinyint(4) NOT NULL,
  `officer` varchar(13) NOT NULL,
  `rec_date` date NOT NULL,
  PRIMARY KEY (`id`)
) ENGINE=MyISAM AUTO_INCREMENT=4 DEFAULT CHARSET=utf8 COLLATE=utf8_general_ci;

--
-- Dumping data for table `la_permission`
--

INSERT INTO `la_permission` VALUES (3,'3349900739177',1,'3330400729361','2021-05-10'),(2,'3330400729361',1,'3330400729361','2020-03-18');

--
-- Table structure for table `la_person_set`
--

CREATE TABLE `la_person_set` (
  `id` int(11) NOT NULL AUTO_INCREMENT,
  `person_id` varchar(13) NOT NULL,
  `comment_person` varchar(13) DEFAULT NULL,
  `grant_person` varchar(13) DEFAULT NULL,
  `officer` varchar(13) DEFAULT NULL,
  `rec_date` date DEFAULT NULL,
  PRIMARY KEY (`id`),
  UNIQUE KEY `person_id` (`person_id`)
) ENGINE=MyISAM AUTO_INCREMENT=11 DEFAULT CHARSET=utf8 COLLATE=utf8_general_ci;

--
-- Dumping data for table `la_person_set`
--

INSERT INTO `la_person_set` VALUES (1,'3330400729361','3330400729361','3330400729361','3330400729361','2021-05-10'),(2,'3349900739177','3349900739177','3330400729361','3330400729361','2021-05-10'),(3,'3349900342153','3349900342153','3331300004357','3331300004357','2025-08-02'),(4,'1471200129649','3349900342153','3331300004357','3331300004357','2025-08-02'),(5,'3349800001231','3349900342153','3331300004357','3331300004357','2025-08-02'),(6,'5340900004281','3349900342153','3331300004357','3331300004357','2025-08-02'),(7,'3480900271613','3349900342153','3331300004357','3331300004357','2025-08-02'),(8,'3340700181859','3349900342153','3331300004357','3331300004357','2025-08-02'),(9,'1349901078089','3349900342153','3331300004357','3331300004357','2025-08-02'),(10,'3341500419321','3349900342153','3331300004357','3331300004357','2025-08-02');

--
-- Table structure for table `la_year`
--

CREATE TABLE `la_year` (
  `id` int(11) NOT NULL AUTO_INCREMENT,
  `budget_year` int(11) NOT NULL,
  `year_active` tinyint(1) NOT NULL,
  PRIMARY KEY (`id`),
  UNIQUE KEY `budget_year` (`budget_year`)
) ENGINE=MyISAM AUTO_INCREMENT=6 DEFAULT CHARSET=utf8 COLLATE=utf8_general_ci;

--
-- Dumping data for table `la_year`
--

INSERT INTO `la_year` VALUES (1,2559,0),(2,2561,0),(3,2563,0),(4,2564,0),(5,2568,1);

--
-- Table structure for table `mail_filebook`
--

CREATE TABLE `mail_filebook` (
  `id` int(11) NOT NULL AUTO_INCREMENT,
  `ref_id` varchar(50) NOT NULL,
  `file_name` varchar(100) NOT NULL,
  `file_des` varchar(100) NOT NULL,
  PRIMARY KEY (`id`)
) ENGINE=MyISAM AUTO_INCREMENT=3 DEFAULT CHARSET=utf8 COLLATE=utf8_general_ci;

--
-- Dumping data for table `mail_filebook`
--

INSERT INTO `mail_filebook` VALUES (1,'13499003147731466308216','13499003147731466308216_1.doc','รายชื่อนักเรียน'),(2,'34109000874811466308758','34109000874811466308758_1.jpg','bbl');

--
-- Table structure for table `mail_group`
--

CREATE TABLE `mail_group` (
  `grp_id` int(11) NOT NULL AUTO_INCREMENT,
  `grp_name` varchar(50) NOT NULL,
  PRIMARY KEY (`grp_id`)
) ENGINE=MyISAM AUTO_INCREMENT=5 DEFAULT CHARSET=utf8 COLLATE=utf8_general_ci;

--
-- Dumping data for table `mail_group`
--

INSERT INTO `mail_group` VALUES (1,'งานบริหารวิชาการ'),(2,'งานบริหารงบประมาณ'),(3,'งานบริหารบุคคล'),(4,'งานบริหารทั่วไป');

--
-- Table structure for table `mail_group_member`
--

CREATE TABLE `mail_group_member` (
  `id` int(11) NOT NULL AUTO_INCREMENT,
  `grp_id` int(11) NOT NULL,
  `person_id` varchar(13) NOT NULL,
  PRIMARY KEY (`id`)
) ENGINE=MyISAM AUTO_INCREMENT=27 DEFAULT CHARSET=utf8 COLLATE=utf8_general_ci;

--
-- Dumping data for table `mail_group_member`
--

INSERT INTO `mail_group_member` VALUES (1,1,'1349900557633'),(2,1,'3349900342153'),(3,1,'3349900739177'),(4,1,'5340900004281'),(5,1,'3480900271613'),(6,1,'1349900068721'),(7,1,'1471200129649'),(8,1,'3330400729361'),(9,1,'3349800001231'),(10,2,'5340900004281'),(11,2,'1349900068721'),(12,2,'3330400729361'),(13,3,'3349900342153'),(14,3,'3349900739177'),(15,3,'3480900271613'),(16,3,'1471200129649'),(17,3,'3330400729361'),(18,4,'1349900557633'),(19,4,'3349900342153'),(20,4,'3349900739177'),(21,4,'5340900004281'),(22,4,'3480900271613'),(23,4,'1349900068721'),(24,4,'1471200129649'),(25,4,'3330400729361'),(26,4,'3349800001231');

--
-- Table structure for table `mail_main`
--

CREATE TABLE `mail_main` (
  `ms_id` int(11) NOT NULL AUTO_INCREMENT,
  `sender` varchar(13) NOT NULL,
  `subject` varchar(150) NOT NULL,
  `detail` text DEFAULT NULL,
  `ref_id` varchar(50) NOT NULL,
  `send_date` datetime NOT NULL,
  PRIMARY KEY (`ms_id`),
  KEY `ref_id` (`ref_id`)
) ENGINE=MyISAM AUTO_INCREMENT=3 DEFAULT CHARSET=utf8 COLLATE=utf8_general_ci;

--
-- Dumping data for table `mail_main`
--

INSERT INTO `mail_main` VALUES (1,'1349900314773','รายชื่อนักเรียน ','รายชื่อนักเรียน','13499003147731466308216','2016-06-19 10:58:57'),(2,'3410900087481','รายชื่อนักเรียน','รายชื่อ','34109000874811466308758','2016-06-19 11:00:29');

--
-- Table structure for table `mail_permission`
--

CREATE TABLE `mail_permission` (
  `id` int(11) NOT NULL AUTO_INCREMENT,
  `person_id` varchar(13) NOT NULL,
  `p1` tinyint(4) NOT NULL,
  `officer` varchar(13) NOT NULL,
  `rec_date` date NOT NULL,
  PRIMARY KEY (`id`)
) ENGINE=MyISAM AUTO_INCREMENT=9 DEFAULT CHARSET=utf8 COLLATE=utf8_general_ci;

--
-- Dumping data for table `mail_permission`
--

INSERT INTO `mail_permission` VALUES (4,'1471200129649',1,'3330400729361','2020-11-27'),(3,'3330400729361',1,'3330400729361','2020-11-27'),(6,'3480900271613',1,'3330400729361','2020-11-27'),(8,'3349800001231',1,'3330400729361','2020-11-27');

--
-- Table structure for table `mail_sendto_answer`
--

CREATE TABLE `mail_sendto_answer` (
  `id` int(11) NOT NULL AUTO_INCREMENT,
  `ref_id` varchar(50) NOT NULL,
  `send_to` varchar(13) NOT NULL,
  `answer` tinyint(4) NOT NULL DEFAULT 0,
  `answer_time` datetime NOT NULL,
  PRIMARY KEY (`id`),
  KEY `ref_id` (`ref_id`),
  KEY `send_to` (`send_to`)
) ENGINE=MyISAM AUTO_INCREMENT=5 DEFAULT CHARSET=utf8 COLLATE=utf8_general_ci;

--
-- Dumping data for table `mail_sendto_answer`
--

INSERT INTO `mail_sendto_answer` VALUES (1,'13499003147731466308216','3410900087481',1,'2016-06-19 11:01:22'),(2,'13499003147731466308216','1349900068721',1,'2016-07-23 09:20:26'),(3,'34109000874811466308758','1349900068721',1,'2016-07-23 13:00:58'),(4,'34109000874811466308758','1349900314773',1,'2016-06-19 11:00:54');

--
-- Table structure for table `meeting_main`
--

CREATE TABLE `meeting_main` (
  `id` int(11) NOT NULL AUTO_INCREMENT,
  `room` tinyint(4) NOT NULL,
  `book_date` date NOT NULL,
  `book_date_end` date NOT NULL,
  `start_time` tinyint(4) NOT NULL,
  `finish_time` tinyint(4) NOT NULL,
  `objective` varchar(200) NOT NULL,
  `book_person` varchar(13) NOT NULL,
  `rec_date` datetime NOT NULL,
  `approve` int(11) DEFAULT NULL,
  `reason` varchar(200) DEFAULT NULL,
  `person_num` int(11) NOT NULL,
  `other` varchar(250) NOT NULL,
  `officer` varchar(13) DEFAULT NULL,
  `officer_date` datetime DEFAULT NULL,
  PRIMARY KEY (`id`)
) ENGINE=MyISAM DEFAULT CHARSET=utf8 COLLATE=utf8_general_ci;

--
-- Dumping data for table `meeting_main`
--


--
-- Table structure for table `meeting_permission`
--

CREATE TABLE `meeting_permission` (
  `id` int(11) NOT NULL AUTO_INCREMENT,
  `person_id` varchar(13) NOT NULL,
  `p1` tinyint(4) NOT NULL,
  `officer` varchar(13) NOT NULL,
  `rec_date` date NOT NULL,
  PRIMARY KEY (`id`)
) ENGINE=MyISAM AUTO_INCREMENT=3 DEFAULT CHARSET=utf8 COLLATE=utf8_general_ci;

--
-- Dumping data for table `meeting_permission`
--

INSERT INTO `meeting_permission` VALUES (1,'3330400729361',1,'3330400729361','2021-05-10'),(2,'5340900004281',1,'3330400729361','2021-05-10');

--
-- Table structure for table `meeting_room`
--

CREATE TABLE `meeting_room` (
  `id` int(11) NOT NULL AUTO_INCREMENT,
  `room_code` tinyint(4) NOT NULL,
  `room_name` varchar(100) NOT NULL,
  `active` int(11) NOT NULL DEFAULT 0,
  PRIMARY KEY (`id`)
) ENGINE=MyISAM AUTO_INCREMENT=11 DEFAULT CHARSET=utf8 COLLATE=utf8_general_ci;

--
-- Dumping data for table `meeting_room`
--

INSERT INTO `meeting_room` VALUES (1,1,'ห้องประชุม1',1),(2,2,'ห้องประชุม2',1),(3,3,'ห้องประชุม3',0),(4,4,'หอ้งประชุม4',0),(5,5,'ห้องประชุม5',0),(6,6,'ห้องประชุม6',0),(7,7,'ห้องประชุม7',0),(8,8,'ห้องประชุม8',0),(9,9,'ห้องประชุม9',0),(10,10,'ห้องประชุม10',0);

--
-- Table structure for table `permission_date`
--

CREATE TABLE `permission_date` (
  `id` int(11) NOT NULL AUTO_INCREMENT,
  `person_id` varchar(13) NOT NULL,
  `ref_id` varchar(50) NOT NULL,
  `date` date NOT NULL,
  `rec_date` datetime NOT NULL,
  PRIMARY KEY (`id`)
) ENGINE=MyISAM AUTO_INCREMENT=16 DEFAULT CHARSET=utf8 COLLATE=utf8_general_ci;

--
-- Dumping data for table `permission_date`
--

INSERT INTO `permission_date` VALUES (1,'3410900087481','1466319220200241938','2016-06-19','2016-06-19 13:53:40'),(15,'3330400729361','16172955196835','2021-04-22','2021-04-01 23:50:22'),(14,'3330400729361','16172955196835','2021-04-21','2021-04-01 23:50:22'),(13,'3330400729361','16172955196835','2021-04-20','2021-04-01 23:50:22'),(12,'3330400729361','16172955196835','2021-04-19','2021-04-01 23:50:22'),(11,'3330400729361','16172955196835','2021-04-18','2021-04-01 23:50:22'),(10,'3330400729361','16172955196835','2021-04-17','2021-04-01 23:50:22'),(9,'3330400729361','16172955196835','2021-04-16','2021-04-01 23:50:22');

--
-- Table structure for table `permission_main`
--

CREATE TABLE `permission_main` (
  `id` int(11) NOT NULL AUTO_INCREMENT,
  `person_id` varchar(13) NOT NULL,
  `ref_id` varchar(50) NOT NULL,
  `subject` varchar(150) NOT NULL,
  `place` varchar(150) NOT NULL,
  `vehicle` varchar(150) DEFAULT NULL,
  `document` varchar(150) DEFAULT NULL,
  `no_comment` tinyint(4) NOT NULL DEFAULT 0,
  `grant_person_selected` varchar(13) DEFAULT NULL,
  `rec_date` datetime NOT NULL,
  `comment` varchar(200) DEFAULT NULL,
  `comment_person` varchar(13) DEFAULT NULL,
  `comment_date` datetime DEFAULT NULL,
  `grant_x` tinyint(4) DEFAULT NULL,
  `grant_comment` varchar(200) DEFAULT NULL,
  `grant_person` varchar(13) DEFAULT NULL,
  `grant_date` datetime DEFAULT NULL,
  `report` text DEFAULT NULL,
  `report_date` datetime DEFAULT NULL,
  PRIMARY KEY (`id`),
  UNIQUE KEY `ref_id` (`ref_id`)
) ENGINE=MyISAM AUTO_INCREMENT=3 DEFAULT CHARSET=utf8 COLLATE=utf8_general_ci;

--
-- Dumping data for table `permission_main`
--

INSERT INTO `permission_main` VALUES (1,'3410900087481','1466319220200241938','ขออนุญาตไปราชการอบรมปฎิบัติการ smss','ห้องประชุม สพป. อบ. 4','รถส่วนตัว','',0,'3341501542143','2016-06-19 13:53:40',NULL,NULL,NULL,NULL,NULL,NULL,NULL,NULL,NULL),(2,'3330400729361','16172955196835','อบรมผู้ช่วยผู้ให้การฝึกอบรมผู้บังคับบัญชาลูกเสือ วูดแบดจ์ 3 ท่อน','ค่ายลูกเสือสวนสัตว์อุบลราชธานี','รถยนต์ส่วนตัว','',0,'3330400729361','2021-04-01 23:45:19',NULL,NULL,NULL,1,'','3330400729361','2021-04-01 23:50:53',NULL,NULL);

--
-- Table structure for table `permission_permission`
--

CREATE TABLE `permission_permission` (
  `id` int(11) NOT NULL AUTO_INCREMENT,
  `person_id` varchar(13) NOT NULL,
  `p1` tinyint(4) NOT NULL,
  `officer` varchar(13) NOT NULL,
  `rec_date` date NOT NULL,
  PRIMARY KEY (`id`)
) ENGINE=MyISAM AUTO_INCREMENT=4 DEFAULT CHARSET=utf8 COLLATE=utf8_general_ci;

--
-- Dumping data for table `permission_permission`
--

INSERT INTO `permission_permission` VALUES (1,'3330400729361',1,'3330400729361','2021-05-10'),(2,'3349900739177',1,'3330400729361','2021-05-10'),(3,'3349900342153',1,'3331300004357','2025-08-02');

--
-- Table structure for table `permission_person_set`
--

CREATE TABLE `permission_person_set` (
  `id` int(11) NOT NULL AUTO_INCREMENT,
  `person_id` varchar(13) NOT NULL,
  `comment_person` varchar(13) DEFAULT NULL,
  `grant_person` varchar(13) DEFAULT NULL,
  `officer` varchar(13) DEFAULT NULL,
  `rec_date` date DEFAULT NULL,
  PRIMARY KEY (`id`),
  UNIQUE KEY `person_id` (`person_id`)
) ENGINE=MyISAM AUTO_INCREMENT=8 DEFAULT CHARSET=utf8 COLLATE=utf8_general_ci;

--
-- Dumping data for table `permission_person_set`
--

INSERT INTO `permission_person_set` VALUES (1,'3330400729361','3330400729361','3330400729361','3330400729361','2021-05-10'),(2,'3480900271613','3349900739177','3330400729361','3330400729361','2021-05-10'),(3,'3349900739177','3349900739177','3330400729361','3330400729361','2021-05-10'),(4,'3349900342153','3349900739177','3330400729361','3330400729361','2021-05-10'),(5,'1471200129649','3349900739177','3330400729361','3330400729361','2021-05-10'),(6,'3349800001231','3349900739177','3330400729361','3330400729361','2021-05-10'),(7,'5340900004281','3349900739177','3330400729361','3330400729361','2021-05-10');

--
-- Table structure for table `person_main`
--

CREATE TABLE `person_main` (
  `id` int(11) NOT NULL AUTO_INCREMENT,
  `person_id` varchar(13) NOT NULL,
  `prename` varchar(20) NOT NULL,
  `name` varchar(50) NOT NULL,
  `surname` varchar(50) NOT NULL,
  `position_code` tinyint(4) NOT NULL,
  `pic` varchar(150) DEFAULT NULL,
  `status` tinyint(4) NOT NULL DEFAULT 0,
  `person_order` tinyint(4) DEFAULT 0,
  `officer` varchar(13) NOT NULL,
  `rec_date` date NOT NULL,
  PRIMARY KEY (`id`),
  UNIQUE KEY `person_id` (`person_id`)
) ENGINE=MyISAM AUTO_INCREMENT=26 DEFAULT CHARSET=utf8 COLLATE=utf8_general_ci;

--
-- Dumping data for table `person_main`
--

INSERT INTO `person_main` VALUES (19,'3340700181859','นาง','พัชราวลัย','แก้วดวงดี',3,'',0,5,'3331300004357','2021-10-18'),(3,'3349900342153','นาง','อุไรรัตน์','คงแสง',3,NULL,0,2,'3331300004357','0000-00-00'),(21,'3331300004357','นาง','กาญจนา','ยอดมาลี',1,'modules/person/picture/3331300004357.jpg',0,0,'3340700181859','2023-11-01'),(8,'5340900004281','นาย','ขจรศักดิ์','หาคำ',31,NULL,0,6,'3480900271613','0000-00-00'),(25,'1341401243148','นางสาว','สุพัฒตรา','วังแก้ว',4,'',0,0,'1349900926701','2025-11-14'),(11,'1471200129649','นาย','สุรชาติ','ศรีชองเชษฐ์',3,NULL,0,3,'3331300004357','0000-00-00'),(20,'3341500730078','นาง','ยลรวี','พิพัฒน์พร',1,'',1,1,'3480900271613','2022-01-23'),(18,'3349800001231','นางสาว','ปุญญิกา','บัวงาม',3,'',0,4,'3331300004357','2019-06-12'),(22,'1349901078089','นาย','สิทธิพันธ์  ','แก้วสาลี',31,'',0,8,'3331300004357','2025-08-02'),(23,'3341500419321','นาย','แสงจันทร์  ','สมศิริ',33,'',0,9,'3331300004357','2025-08-02'),(24,'1349900926701','นางสาว','วาสนา','ใยรัก',32,'',0,10,'7777','2025-10-07');

--
-- Table structure for table `person_permission`
--

CREATE TABLE `person_permission` (
  `id` int(11) NOT NULL AUTO_INCREMENT,
  `person_id` varchar(13) NOT NULL,
  `p1` tinyint(4) NOT NULL,
  `officer` varchar(13) NOT NULL,
  `rec_date` date NOT NULL,
  PRIMARY KEY (`id`)
) ENGINE=MyISAM AUTO_INCREMENT=21 DEFAULT CHARSET=utf8 COLLATE=utf8_general_ci;

--
-- Dumping data for table `person_permission`
--

INSERT INTO `person_permission` VALUES (17,'3340700181859',1,'3480900271613','2022-02-14'),(7,'3349900342153',1,'3480900271613','2021-10-18'),(8,'1471200129649',1,'3330400729361','2019-09-30'),(15,'3349900342153',1,'3480900271613','2021-10-18'),(13,'5340900004281',1,'3330400729361','2021-05-10'),(11,'3349800001231',1,'3330400729361','2019-09-30'),(20,'1341401243148',0,'1349900926701','2025-11-14'),(18,'1349900926701',1,'1471200129649','2025-10-08');

--
-- Table structure for table `person_position`
--

CREATE TABLE `person_position` (
  `id` int(11) NOT NULL AUTO_INCREMENT,
  `position_code` int(11) NOT NULL,
  `position_name` varchar(50) NOT NULL,
  PRIMARY KEY (`id`),
  UNIQUE KEY `position_code` (`position_code`)
) ENGINE=MyISAM AUTO_INCREMENT=20 DEFAULT CHARSET=utf8 COLLATE=utf8_general_ci;

--
-- Dumping data for table `person_position`
--

INSERT INTO `person_position` VALUES (1,1,'ผู้อำนวยการโรงเรียน'),(2,2,'รองผู้อำนวยการโรงเรียน'),(3,3,'ครู'),(4,4,'ครูผู้ช่วย'),(5,11,'พนักงานราชการ(ครูผู้สอน)'),(6,12,'พนักงานราชการ(ครูพี่เลี้ยง)'),(7,13,'พนักงานราชการ(อื่น ๆ)'),(17,41,'ผู้จัดการโรงเรียนเอกชน'),(9,21,'ลูกจ้างประจำ(พนักงานธุรการ)'),(10,22,'ลูกจ้างประจำ(พนักงานขับรถยนต์))'),(11,23,'ลูกจ้างประจำ(ช่างครุภัณฑ์)'),(12,24,'ลูกจ้างประจำ(อื่น ๆ)'),(13,31,'ลูกจ้างชั่วคราว(ครู)'),(14,32,'ลูกจ้างชั่วคราว(เจ้าหน้าที่ธุรการโรงเรียน)'),(15,33,'ลูกจ้างชั่วคราว(นักการภารโรง)'),(16,34,'ลูกจ้างชั่วคราว(อื่น ๆ)'),(18,42,'เจ้าหน้าที่บริหารทั่วไปโรงเรียนเอกชน'),(19,43,'เจ้าหน้าที่อื่น ๆ โรงเรียนเอกชน');

--
-- Table structure for table `plan_acti`
--

CREATE TABLE `plan_acti` (
  `id` int(11) NOT NULL AUTO_INCREMENT,
  `budget_year` int(11) DEFAULT NULL,
  `code_clus` tinyint(4) NOT NULL,
  `code_proj` char(3) NOT NULL DEFAULT '',
  `code_acti` char(6) NOT NULL DEFAULT '',
  `code_approve` char(3) NOT NULL DEFAULT '',
  `budget_acti` decimal(10,2) NOT NULL DEFAULT 0.00,
  `budget_approve` decimal(10,2) NOT NULL DEFAULT 0.00,
  `dayinput` date NOT NULL DEFAULT '0000-00-00',
  `daythai` char(13) NOT NULL DEFAULT '',
  `name_acti` char(150) NOT NULL,
  `owner_acti` char(50) NOT NULL DEFAULT '',
  `id_defalt` char(13) NOT NULL DEFAULT '',
  `dayseri` datetime NOT NULL DEFAULT '0000-00-00 00:00:00',
  `begin_date` date NOT NULL,
  `finish_date` date NOT NULL,
  `stop` tinyint(1) DEFAULT NULL,
  PRIMARY KEY (`id`)
) ENGINE=MyISAM AUTO_INCREMENT=73 DEFAULT CHARSET=utf8 COLLATE=utf8_general_ci;

--
-- Dumping data for table `plan_acti`
--

INSERT INTO `plan_acti` VALUES (2,2563,1,'001','001001','115',40000.00,0.00,'2020-08-06','24 ก.ค. 2563','อุปกรณ์การเรียน\r\n','','','2020-07-24 00:04:43','2020-07-24','2020-09-30',NULL),(3,2563,1,'001','001002','116',7850.00,0.00,'2020-07-24','24 ก.ค. 2563','ชุดนักเรียน','','','2020-07-24 00:12:39','2020-07-24','2020-09-30',NULL),(4,2563,1,'001','001003','114',43000.00,0.00,'2020-07-24','24 ก.ค. 2563','หนังสือเรียน','','','2020-07-24 00:13:05','2020-07-24','2020-09-30',NULL),(5,2563,1,'001','001004','117',27000.00,0.00,'2020-07-24','24 ก.ค. 2563','จัดการเรียนการสอน','','','2020-07-24 00:13:44','2020-07-24','2020-09-30',NULL),(6,2563,1,'002','002001','109',72000.00,0.00,'2563-07-24','24 ก.ค. 2563','จัดจ้างบุคลากร ครูผู้สอน','','','2020-07-24 00:23:23','2020-07-24','2020-09-30',NULL),(7,2563,1,'003','003001','109',35000.00,0.00,'2563-07-24','24 ก.ค. 2563','จัดซื้ออุปกรณ์ สนามเด็กเล่น','','','2020-07-24 00:24:39','2020-07-24','2020-09-30',NULL),(8,2563,1,'004','004001','102',34921.00,0.00,'2020-08-06','24 ก.ค. 2563','สวนเกษตรผลไม้','','','2020-07-24 00:27:35','2020-07-24','2020-09-30',NULL),(9,2563,1,'005','005001','117',30000.00,0.00,'2563-07-24','24 ก.ค. 2563','นำนักเรียนเรียนรู้นอกสถานที่','','','2020-07-24 00:29:12','2020-07-24','2020-09-30',NULL),(10,2563,1,'006','006001','109',15000.00,0.00,'2020-08-07','24 ก.ค. 2563','จัดทำป้ายนิเทศ','','','2020-07-24 00:31:26','2020-07-24','2020-09-30',NULL),(11,2563,1,'007','007001','117',10000.00,0.00,'2020-08-07','24 ก.ค. 2563','นำนักเรียนแข่งขันกีฬา  กลุ่มฯ','','','2020-07-24 00:35:08','2020-07-24','2020-09-30',NULL),(12,2563,1,'008','008001','117',4000.00,0.00,'2563-07-24','24 ก.ค. 2563','นำนักเรียนเข้าค่ายลูกเสือกลุ่มฯ','','','2020-07-24 00:52:30','2020-07-24','2020-09-30',NULL),(13,2563,1,'008','008002','117',3000.00,0.00,'2563-07-24','24 ก.ค. 2563','นำนักเรียนเดินทางไกลค่ายร.ร.บ้านนาแก','','','2020-07-24 00:53:33','2020-07-24','2020-09-30',NULL),(16,2563,1,'010','010001','109',4000.00,0.00,'2020-08-07','24 ก.ค. 2563','จัดทำป้ายสื่อประชาสัมพันธ์','','','2020-07-24 01:01:03','2020-07-24','2020-09-30',NULL),(15,2563,1,'009','009002','109',6000.00,0.00,'2563-07-24','24 ก.ค. 2563','นำนักเรียนแข่งทักษะวิชาการกลุ่มฯ/เขต','','','2020-07-24 00:58:10','2020-07-24','2020-09-30',NULL),(17,2563,1,'011','011001','109',4000.00,0.00,'2020-08-07','24 ก.ค. 2563','พัฒนาห้องคอมพิวเตอร์','','','2020-07-24 01:11:51','2020-07-24','2020-09-30',NULL),(18,2563,1,'012','012001','109',4000.00,0.00,'2020-08-07','24 ก.ค. 2563','ยกระดับผลสัมฤทธิ์ทางการเรียน','','','2020-07-24 01:15:30','2020-07-24','2020-09-30',NULL),(19,2563,1,'013','013001','109',1000.00,0.00,'2563-07-24','24 ก.ค. 2563','สอนซ่อมเสริมอย่างมีระบบ','','','2020-07-24 01:19:45','2020-07-24','2020-09-30',NULL),(20,2563,1,'014','014001','109',1000.00,0.00,'2563-07-24','24 ก.ค. 2563','การนิเทศที่มีระบบ','','','2020-07-24 01:21:53','2020-07-24','2020-09-30',NULL),(21,2563,1,'015','015001','109',1000.00,0.00,'2563-07-24','24 ก.ค. 2563','จัดระบบประกันคุณภาพภายใน','','','2020-07-24 01:23:12','2020-07-24','2020-09-30',NULL),(22,2563,2,'016','016001','112',30000.00,0.00,'2020-07-24','24 ก.ค. 2563','ปัจจัยนักเรียนยากจน','','','2020-07-24 01:26:26','2020-07-24','2020-09-30',NULL),(23,2563,2,'017','017001','109',18000.00,0.00,'2563-07-24','24 ก.ค. 2563','ค่าสาธารณูปโภค','','','2020-07-24 01:31:23','2020-07-24','2020-09-30',NULL),(24,2563,3,'018','018001','109',20000.00,0.00,'2563-07-24','24 ก.ค. 2563','พัฒนาบุคลากรและขวัญกำลังใจ','','','2020-07-24 01:45:23','2020-07-24','2020-09-30',NULL),(25,2563,4,'019','019001','109',30000.00,0.00,'2563-07-24','24 ก.ค. 2563','ซ่อมแซมอาคารเรียนและสิ่งปลูกสร้าง','','','2020-07-24 01:49:55','2020-07-24','2020-09-30',NULL),(26,2563,4,'019','019002','109',7400.00,0.00,'2563-07-24','24 ก.ค. 2563','ปรับปรุงสาธารณูปโภค','','','2020-07-24 01:51:08','2020-07-24','2020-09-30',NULL),(27,2563,3,'020','020001','109',9250.00,0.00,'2020-08-06','24 ก.ค. 2563','ประชุมคณะกรรมการสถานศึกษาขั้นพื้นฐาน','','','2020-07-24 07:40:33','2020-07-24','2020-09-30',NULL),(37,2564,1,'001','001001','115',40000.00,0.00,'2020-11-27','27 พ.ย. 2563','อุปกรณ์การเรียน','','','2020-11-27 23:28:44','2020-10-01','2021-09-30',NULL),(29,2563,4,'021','021001','109',10000.00,0.00,'2020-08-07','24 ก.ค. 2563','วันสำคัญ','','','2020-07-24 07:43:23','2020-07-24','2020-09-30',NULL),(30,2563,4,'022','022001','109',2000.00,0.00,'2020-08-07','24 ก.ค. 2563','เยี่ยมบ้านนักเรียน','','','2020-07-24 07:45:39','2020-07-24','2020-09-30',NULL),(31,2563,4,'023','023001','109',3000.00,0.00,'2563-07-24','24 ก.ค. 2563','ส่งเสริมสุขภาพ','','','2020-07-24 07:48:11','2020-07-24','2020-09-30',NULL),(32,2563,4,'024','024001','109',2000.00,0.00,'2020-08-07','24 ก.ค. 2563','จัดตั้งสหกรณ์โรงเรียน','','','2020-07-24 07:50:42','2020-07-24','2020-09-30',NULL),(33,2563,4,'025','025001','109',2000.00,0.00,'2563-07-24','24 ก.ค. 2563','พัฒนางานธุรการ','','','2020-07-24 07:52:16','2020-07-24','2020-09-30',NULL),(34,2563,4,'026','026001','120',304000.00,0.00,'2563-07-24','24 ก.ค. 2563','อาหารกลางวัน','','','2020-07-24 07:55:01','2020-07-24','2020-09-30',NULL),(35,2563,4,'027','027001','120',60000.00,0.00,'2563-07-24','24 ก.ค. 2563','นมเพื่อสุขภาพ','','','2020-07-24 07:59:01','2020-07-24','2020-09-30',NULL),(38,2564,1,'001','001002','116',7850.00,0.00,'2020-11-27','27 พ.ย. 2563','ชุดนักเรียน','','','2020-11-27 23:30:47','2020-10-01','2021-09-30',NULL),(39,2564,1,'001','001003','114',43000.00,0.00,'2563-11-27','27 พ.ย. 2563','หนังสือเรียน','','','2020-11-27 23:32:08','2020-10-01','2021-09-30',NULL),(40,2564,1,'001','001004','117',27000.00,0.00,'2563-11-27','27 พ.ย. 2563','จัดการเรียนการสอน','','','2020-11-27 23:33:13','2020-10-01','2021-09-30',NULL),(41,2564,1,'002','002001','109',72000.00,0.00,'2020-11-29','27 พ.ย. 2563','จัดจ้างบุคลากรครูผู้สอน','','','2020-11-27 23:36:29','2020-10-01','2021-09-30',NULL),(47,2564,1,'003','003001','109',10000.00,0.00,'2021-02-22','28 พ.ย. 2563','จัดซื้อโทรทัศน์','','','2020-11-28 06:49:33','2020-10-01','2021-09-30',NULL),(48,2564,1,'003','003002','109',10000.00,0.00,'2563-11-28','28 พ.ย. 2563','ซื้อสื่อการสอน','','','2020-11-28 06:50:30','2020-10-01','2021-09-30',NULL),(44,2564,1,'004','004001','117',25000.00,0.00,'2021-02-22','27 พ.ย. 2563','นำนักเรียนทัศนศึกษานอกสถานที่','','','2020-11-27 23:45:18','2020-10-01','2021-09-30',NULL),(45,2564,1,'005','005001','109',10000.00,0.00,'2021-02-22','27 พ.ย. 2563','นาแกนิคส์ฟาร์มสคูล','','','2020-11-27 23:50:51','2020-10-01','2021-09-30',NULL),(46,2564,1,'006','006001','109',5000.00,0.00,'2020-11-29','27 พ.ย. 2563','จัดทำป้ายนิเทศ ป้ายรักการอ่าน','','','2020-11-27 23:53:39','2020-10-01','2021-09-30',NULL),(49,2564,1,'007','007001','117',2000.00,0.00,'2020-11-29','28 พ.ย. 2563','กิจกรรมกีฬากลุ่มส่งเสริมฯ รอบคัดเลือก','','','2020-11-28 06:54:22','2020-10-01','2021-09-30',NULL),(50,2564,1,'007','007002','117',5000.00,0.00,'2020-11-29','28 พ.ย. 2563','กิจกรรมกีฬากลุ่มส่งเสริมฯ รอบชิงชนะเลิศ','','','2020-11-28 06:55:58','2020-10-01','2021-09-30',NULL),(51,2564,1,'008','008001','117',2000.00,0.00,'2021-02-22','28 พ.ย. 2563','กิจกรรมเดินทางไกล','','','2020-11-28 06:59:08','2020-10-01','2021-09-30',NULL),(52,2564,1,'008','008002','117',5000.00,0.00,'2020-11-28','28 พ.ย. 2563','กิจกรรมค่ายพักแรม','','','2020-11-28 06:59:40','2020-10-01','2021-09-30',NULL),(53,2564,1,'009','009001','109',6000.00,0.00,'2021-02-22','28 พ.ย. 2563','แข่งขันทักษะวิชาการ','','','2020-11-28 07:02:35','2020-10-01','2021-09-30',NULL),(54,2564,1,'010','010001','109',1500.00,0.00,'2563-11-28','28 พ.ย. 2563','แนะแนวอาชีพ','','','2020-11-28 07:06:24','2020-10-01','2021-09-30',NULL),(55,2564,1,'010','010002','109',1500.00,0.00,'2021-02-22','28 พ.ย. 2563','แนะแนวศึกษาต่อ','','','2020-11-28 07:07:05','2020-10-01','2021-09-30',NULL),(56,2564,1,'011','011001','109',4500.00,0.00,'2563-11-29','29 พ.ย. 2563','พัฒนาสนามกีฬา','','','2020-11-29 11:37:05','2020-10-01','2021-09-30',NULL),(57,2564,1,'012','012001','109',1000.00,0.00,'2563-11-29','29 พ.ย. 2563','เน้นย้ำซ้ำเติม','','','2020-11-29 11:41:17','2020-10-01','2021-09-30',NULL),(58,2564,1,'013','013001','109',1000.00,0.00,'2563-11-29','29 พ.ย. 2563','กิจกรรม plc','','','2020-11-29 11:41:45','2020-10-01','2021-09-30',NULL),(59,2564,1,'014','014001','109',1000.00,0.00,'2563-11-29','29 พ.ย. 2563','การประกันคุณภาพภายใน','','','2020-11-29 11:42:29','2020-10-01','2021-09-30',NULL),(60,2564,2,'015','015001','112',30000.00,0.00,'2563-11-29','29 พ.ย. 2563','ปัจจัยนักเรียนยากจน','','','2020-11-29 11:45:26','2020-10-01','2021-09-30',NULL),(61,2564,2,'016','016001','109',20000.00,0.00,'2563-11-29','29 พ.ย. 2563','ค่าสาธารณูปโภค','','','2020-11-29 11:46:05','2020-10-01','2021-09-30',NULL),(62,2564,3,'017','017001','109',5000.00,0.00,'2021-02-22','29 พ.ย. 2563','ศึกษาดูงาน','','','2020-11-29 12:22:46','2020-10-01','2021-09-30',NULL),(63,2564,3,'017','017002','109',5000.00,0.00,'2021-02-22','29 พ.ย. 2563','พัฒนา/อบรม','','','2020-11-29 12:23:17','2020-10-01','2021-09-30',NULL),(64,2564,4,'018','018001','109',10000.00,0.00,'2021-02-22','29 พ.ย. 2563','ซ่อมแซมอาคารเรียน อาคารประกอบ','','','2020-11-29 12:24:55','2020-10-01','2021-09-30',NULL),(65,2564,4,'018','018002','109',10000.00,0.00,'2021-02-22','29 พ.ย. 2563','ปรับปรุงสาธารณูปโภค','','','2020-11-29 12:26:22','2020-10-01','2021-09-30',NULL),(66,2564,4,'019','019001','109',9250.00,0.00,'2563-11-29','29 พ.ย. 2563','ประชุมคณะกรรมการสถานศึกษาฯ','','','2020-11-29 12:28:48','2020-10-01','2021-09-30',NULL),(67,2564,4,'020','020001','109',2000.00,0.00,'2021-02-22','29 พ.ย. 2563','วันสำคัญทั่วไป','','','2020-11-29 12:31:51','2020-11-29','2021-09-30',NULL),(68,2564,4,'020','020002','109',1000.00,0.00,'2021-02-22','29 พ.ย. 2563','วันสำคัญทางศาสนา','','','2020-11-29 12:32:21','2020-10-01','2021-09-30',NULL),(69,2564,4,'021','021001','109',2000.00,0.00,'2020-11-29','29 พ.ย. 2563','เยี่ยมบ้านนักเรียน','','','2020-11-29 12:38:16','2020-10-01','2021-09-30',NULL),(70,2564,4,'022','022001','109',1000.00,0.00,'2021-02-22','29 พ.ย. 2563','อบรม/เดินรณรงค์','','','2020-11-29 12:39:08','2020-10-01','2021-09-30',NULL),(71,2564,4,'023','023001','117',1000.00,0.00,'2020-11-29','29 พ.ย. 2563','จัดตั้งสหกรณ์โรงเรียน','','','2020-11-29 12:39:47','2020-10-01','2021-09-30',NULL),(72,2564,4,'024','024001','109',1000.00,0.00,'2020-11-29','29 พ.ย. 2563','อุปกรณ์สำนักงาน','','','2020-11-29 12:40:31','2020-10-01','2021-09-30',NULL);

--
-- Table structure for table `plan_proj`
--

CREATE TABLE `plan_proj` (
  `id` int(11) NOT NULL AUTO_INCREMENT,
  `budget_year` int(11) DEFAULT NULL,
  `code_clus` tinyint(4) NOT NULL,
  `code_tegy` char(1) NOT NULL DEFAULT '',
  `code_proj` char(3) NOT NULL DEFAULT '',
  `budget_proj` double NOT NULL DEFAULT 0,
  `budget_approve` double NOT NULL DEFAULT 0,
  `name_proj` varchar(250) NOT NULL DEFAULT '',
  `owner_proj` varchar(50) NOT NULL DEFAULT '',
  `file_detail` varchar(100) NOT NULL DEFAULT '',
  `dayrec` datetime NOT NULL DEFAULT '0000-00-00 00:00:00',
  `eval_tegy` varchar(250) NOT NULL DEFAULT '',
  `eval_activity` longtext NOT NULL,
  `eval_result` longtext NOT NULL,
  `eval_obstacle` longtext NOT NULL,
  `eval_particular` varchar(100) NOT NULL DEFAULT '',
  `begin_date` date NOT NULL,
  `finish_date` date NOT NULL,
  `allow_edit` char(1) NOT NULL DEFAULT '',
  PRIMARY KEY (`id`)
) ENGINE=MyISAM AUTO_INCREMENT=101 DEFAULT CHARSET=utf8 COLLATE=utf8_general_ci;

--
-- Dumping data for table `plan_proj`
--

INSERT INTO `plan_proj` VALUES (44,2559,2,'','019',27000,0,'อุดหนุนปัจจัยพื้นฐาน','3349900342153','','2016-08-01 03:36:51','','','','','','2016-05-16','2016-09-30',''),(25,0,0,'','',0,0,'','','','2016-08-01 03:05:46','','','','','','0000-00-00','0000-00-00',''),(26,2559,1,'','001',1000,0,'การจัดระบบประกันคุณภาพภายใน','3410900087481','','2016-08-01 03:07:20','','','','','','2016-05-16','2016-09-30',''),(27,2559,1,'','002',22100,0,'เพาะบ่มปฐมวัย','3349900739177','','2016-08-01 03:08:29','','','','','','2016-05-16','2016-09-30',''),(28,2559,1,'','003',55000,0,'ครูช่วยสอน','3341501542143','','2016-08-01 03:09:44','','','','','','2016-05-16','2016-09-30',''),(29,2559,1,'','004',2000,0,'วัดผลประเมินผลระหว่างเรียน','1349900068721','','2016-08-01 03:11:59','','','','','','2016-05-16','2016-09-30',''),(30,2559,1,'','005',2000,0,'ประเมินคุณภาพนักเรียนประจำปี','1349900068721','','2016-08-01 03:13:10','','','','','','2016-05-16','2016-09-30',''),(31,2559,1,'','006',16000,0,'ผลิตสื่อและการใช้สื่อการเรียนการสอน','1349900068721','','2016-08-01 03:15:54','','','','','','2016-05-16','2016-09-30',''),(32,2559,1,'','007',3000,0,'ส่งเสริมการอ่านการเรียนการสอนภาษาไทยและภาษาอังกฤษ','3410900087481','','2016-08-01 03:19:32','','','','','','2016-05-16','2016-09-30',''),(33,2559,1,'','008',10000,0,'ส่งเสริมมหกรรมแข่งขันศิลปหัตกรรมนักเรียนด้านวิชาการ ดนตรีและกีฬา','1349900068721','','2016-08-01 03:21:57','','','','','','2016-05-16','2016-09-30',''),(34,2559,1,'','009',2000,0,'วิจัยในชั้นเรียน','1349900068721','','2016-08-01 03:22:43','','','','','','2016-05-16','2016-09-30',''),(35,2559,1,'','010',2000,0,'ห้องสมุด','1349900314773','','2016-08-01 03:23:43','','','','','','2016-05-16','2016-09-30',''),(36,2559,1,'','011',2000,0,'หนึ่งโรงเรียนหนึ่งนวัตกรรม','1349900068721','','2016-08-01 03:24:36','','','','','','2016-05-16','2016-09-30',''),(37,2559,1,'','012',15000,0,'เพิ่มศักยภาพการเรียนรู้สู่ความเป็นเลิศ','1349900068721','','2016-08-01 03:26:09','','','','','','2016-05-16','2016-09-30',''),(38,2559,1,'','013',2000,0,'พัฒนางานวิชาการ','1349900068721','','2016-08-01 03:27:29','','','','','','2016-05-16','2016-09-30',''),(39,2559,3,'','014',500,0,'นิเทศภายใน','3341501542143','','2016-08-01 03:28:14','','','','','','2016-05-16','2016-09-30',''),(40,2559,3,'','015',5000,0,'อบรมครูและบุคลากร','3341501542143','','2016-08-01 03:29:44','','','','','','2016-05-16','2016-09-30',''),(41,2559,2,'','016',22000,0,'ค่าสาธารณูปโภค','3341501542143','','2016-08-01 03:31:02','','','','','','2016-05-16','2016-09-30',''),(42,2559,2,'','017',3000,0,'ปรับปรุงสภาพแวดล้อมบริเวณโรงเรียน','5340900004281','','2016-08-01 03:32:32','','','','','','2016-05-16','2016-09-30',''),(43,2559,2,'','018',177807,0,'จัดการศึกษาเรียนฟรี 15 ปี อย่างมีคุณภาพและทั่วถึง','3349900342153','','2016-08-01 03:35:06','','','','','','2016-05-16','2016-09-30',''),(45,2559,4,'','020',8000,0,'วันสำคัญ','3349900739177','','2016-08-01 03:37:53','','','','','','2016-05-16','2016-09-30',''),(46,2559,4,'','021',4000,0,'พัฒนางานธุรการ','3410900087481','','2016-08-01 03:38:44','','','','','','2016-05-16','2016-09-30',''),(47,2559,4,'','022',2000,0,'เดินทางไกลอยู่ค่ายพักแรมลูกเสือและเนตรนารี','1471200129649','','2016-08-01 03:40:24','','','','','','2016-05-16','2016-09-30',''),(48,2563,1,'2','001',117850,0,'เรียนฟรี ๑๕ ปี อย่างมีคุณภาพ','1471200129649','modules/plan/planproject/detail/plansch2563_001.doc','2020-07-24 00:16:50','','','','','','2020-07-23','2020-09-30',''),(49,2563,1,'1','002',72000,0,'จัดจ้างครูลูกจ้างชั่วคราว','3349800001231','','2020-07-24 00:20:40','','','','','','2020-07-24','2020-09-30',''),(50,2563,1,'1','003',35000,0,'เพาะบ่มปฐมวัย','3349900739177','','2020-07-24 00:21:55','','','','','','2020-07-24','2020-09-30',''),(51,2563,1,'4','004',34921,0,'เกษตรยั่งยืน(ยุวเกษตร)','3480900271613','','2020-07-24 00:26:37','','','','','','2020-07-24','2020-09-30',''),(52,2563,1,'1','005',30000,0,'ทัศนศึกษา','3349800001231','','2020-07-24 00:28:33','','','','','','2020-07-24','2020-09-30',''),(53,2563,1,'1','006',15000,0,'ภาษาไทยอังกฤษวันละคำ','1349900068721','','2020-07-24 00:30:11','','','','','','2020-07-24','2020-09-30',''),(54,2563,1,'1','007',10000,0,'พัฒนาทักษะด้านกีฬา','5340900004281','','2020-07-24 00:33:58','','','','','','2020-07-24','2020-09-30',''),(55,2563,1,'1','008',7000,0,'พัฒนาค่ายลูกเสือ','5340900004281','','2020-07-24 00:36:07','','','','','','2020-07-24','2020-09-30',''),(56,2563,1,'1','009',6000,0,'แข่งขันทักษะวิชาการ','3349800001231','','2020-07-24 00:55:11','','','','','','2020-07-24','2020-09-30',''),(57,2563,1,'2','010',4000,0,'แนะแนวเพื่อศึกษาต่อ','1349900557633','','2020-07-24 01:00:06','','','','','','2020-07-24','2020-09-30',''),(58,2563,1,'2','011',4000,0,'พัฒนาแหล่งเรียนรู้','1349900557633','','2020-07-24 01:10:17','','','','','','2020-07-24','2020-09-30',''),(59,2563,1,'1','012',4000,0,'ยกระดับผลสัมฤทธิ์ทางการเรียน','3349800001231','','2020-07-24 01:13:49','','','','','','2020-07-24','2020-09-30',''),(60,2563,1,'1','013',1000,0,'สอนซ่อมเสริม','1349900068721','','2020-07-24 01:18:49','','','','','','2020-07-24','2020-09-30',''),(61,2563,1,'3','014',1000,0,'นิเทศ 4.0','1349900068721','','2020-07-24 01:20:43','','','','','','2020-07-24','2020-09-30',''),(62,2563,1,'4','015',1000,0,'จัดระบบประกันคุณภาพภายใน','1349900068721','','2020-07-24 01:22:53','','','','','','2020-07-24','2020-09-30',''),(63,2563,2,'2','016',30000,0,'ปัจจัยพื้นฐานนักเรียนยากจน','1471200129649','','2020-07-24 01:25:22','','','','','','2020-07-24','2020-09-30',''),(64,2563,2,'4','017',18000,0,'สาธารณูปโภค','1471200129649','','2020-07-24 01:30:11','','','','','','2020-07-24','2020-09-30',''),(65,2563,3,'3','018',20000,0,'พัฒนาบุคลากรและขวัญกำลังใจ','3349900739177','','2020-07-24 01:43:56','','','','','','2020-07-24','2020-09-30',''),(66,2563,4,'4','019',37400,0,'ซ่อมแซมอาคารเรียนและสิ่งปลูกสร้าง ปรับปรุงสาธารณูปโภค','1471200129649','','2020-07-24 01:49:12','','','','','','2020-07-24','2020-09-30',''),(67,2563,3,'3','020',9250,0,'ประชุมคณะกรรมการสถานศึกษาขั้นพื้นฐาน','1471200129649','','2020-07-24 07:39:26','','','','','','2020-07-24','2020-09-30',''),(68,2563,4,'4','021',10000,0,'วันสำคัญ','5340900004281','','2020-07-24 07:42:55','','','','','','2020-07-24','2020-09-30',''),(69,2563,4,'2','022',2000,0,'เยี่ยมบ้านนักเรียน','1349900557633','','2020-07-24 07:45:02','','','','','','2020-07-24','2020-09-30',''),(70,2563,4,'1','023',3000,0,'ส่งเสริมสุขภาพ','5340900004281','','2020-07-24 07:46:56','','','','','','2020-07-24','2020-09-30',''),(71,2563,4,'1','024',2000,0,'สหกรณ์สานฝันอาชีพ','3349900342153','','2020-07-24 07:49:12','','','','','','2020-07-24','2020-09-30',''),(72,2563,4,'4','025',2000,0,'พัฒนางานธุรการ','3480900271613','','2020-07-24 07:51:32','','','','','','2020-07-24','2020-09-30',''),(73,2563,4,'2','026',304000,0,'อาหารกลางวัน','3349900342153','','2020-07-24 07:53:54','','','','','','2020-07-24','2020-09-30',''),(74,2563,4,'2','027',60000,0,'อาหารเสริม','1349900557633','','2020-07-24 07:56:16','','','','','','2020-07-24','2020-09-30',''),(76,2564,1,'3','001',117850,0,'เรียนฟรี ๑๕ ปีอย่างมีคุณภาพ','1471200129649','','2020-11-27 23:27:23','','','','','','2020-10-01','2021-09-30',''),(77,2564,1,'4','002',72000,0,'จ้างครูผู้สอน','3349800001231','','2020-11-27 23:34:47','','','','','','2020-10-01','2021-09-30',''),(82,2564,1,'3','003',20000,0,'ยกระดับผลสัมฤทธิ์ทางการเรียน','3349800001231','','2020-11-28 06:47:32','','','','','','2020-10-01','2021-09-30',''),(79,2564,1,'3','004',25000,0,'ทัศนศึกษา','3349800001231','','2020-11-27 23:43:38','','','','','','2020-10-01','2021-09-30',''),(80,2564,1,'5','005',10000,0,'ยุวเกษตร','1349900557633','','2020-11-27 23:49:45','','','','','','2020-10-01','2021-09-30',''),(81,2564,1,'3','006',5000,0,'ไทยอังกฤษวันละคำ','1349900068721','','2020-11-27 23:52:40','','','','','','2020-10-01','2021-09-30',''),(83,2564,1,'3','007',7000,0,'พัฒนาทักษะด้านกีฬา','5340900004281','','2020-11-28 06:52:30','','','','','','2020-10-01','2021-09-30',''),(84,2564,1,'3','008',7000,0,'พัฒนาค่ายลูกเสือ','5340900004281','','2020-11-28 06:57:51','','','','','','2020-10-01','2021-09-30',''),(85,2564,1,'3','009',6000,0,'ทักษะวิชาการ','3349800001231','','2020-11-28 07:01:34','','','','','','2020-10-01','2021-09-30',''),(86,2564,1,'3','010',3000,0,'แนะแนว','1349900557633','','2020-11-28 07:05:37','','','','','','2020-10-01','2021-09-30',''),(87,2564,1,'3','011',4500,0,'พัฒนาแหล่งเรียนรู้','5340900004281','','2020-11-29 11:36:05','','','','','','2020-10-01','2021-09-30',''),(88,2564,1,'3','012',1000,0,'สอนซ่อมเสริม','1349900068721','','2020-11-29 11:39:03','','','','','','2020-10-01','2021-09-30',''),(89,2564,1,'3','013',1000,0,'นิเทศ/plc','1349900068721','','2020-11-29 11:39:54','','','','','','2020-10-01','2021-09-30',''),(90,2564,1,'4','014',1000,0,'ประกันคุณภาพ','1349900068721','','2020-11-29 11:40:40','','','','','','2020-10-01','2021-09-30',''),(91,2564,2,'4','015',30000,0,'ปัจจัยพื้นฐานนักเรียนยากจน','1471200129649','','2020-11-29 11:43:31','','','','','','2020-10-01','2021-09-30',''),(92,2564,2,'4','016',20000,0,'สาธารณูปโภค','1471200129649','','2020-11-29 11:44:43','','','','','','2020-10-01','2021-09-30',''),(93,2564,3,'3','017',10000,0,'พัฒนาบุคลากร','3349900342153','','2020-11-29 12:19:30','','','','','','2020-10-01','2021-09-30',''),(94,2564,4,'3','018',20000,0,'ซ่อมแซมอาคาร','5340900004281','','2020-11-29 12:21:02','','','','','','2020-10-01','2021-09-30',''),(95,2564,4,'4','019',9250,0,'ประชุมคณะกรรมการสถานศึกษา','1471200129649','','2020-11-29 12:27:58','','','','','','2020-10-01','2021-09-30',''),(96,2564,4,'3','020',3000,0,'วันสำคัญ','5340900004281','','2020-11-29 12:30:54','','','','','','2020-10-01','2021-09-30',''),(97,2564,4,'4','021',2000,0,'ระบบดูแลช่วยเหลือนักเรียน','1349900557633','','2020-11-29 12:34:12','','','','','','2020-10-01','2021-09-30',''),(98,2564,4,'4','022',1000,0,'ส่งเสริมสุขภาพ','5340900004281','','2020-11-29 12:34:57','','','','','','2020-10-01','2021-09-30',''),(99,2564,4,'4','023',1000,0,'สหกรณ์สานฝันอาชีพ','3349900342153','','2020-11-29 12:35:50','','','','','','2020-10-01','2021-09-30',''),(100,2564,4,'3','024',1000,0,'พัฒนางานธุรการ','3480900271613','','2020-11-29 12:37:38','','','','','','2020-10-01','2021-09-30','');

--
-- Table structure for table `plan_setgic_year`
--

CREATE TABLE `plan_setgic_year` (
  `id` int(11) NOT NULL AUTO_INCREMENT,
  `budget_year` int(11) NOT NULL,
  `year_active` tinyint(1) NOT NULL,
  PRIMARY KEY (`id`),
  UNIQUE KEY `budget_year` (`budget_year`)
) ENGINE=MyISAM AUTO_INCREMENT=2 DEFAULT CHARSET=utf8 COLLATE=utf8_general_ci;

--
-- Dumping data for table `plan_setgic_year`
--

INSERT INTO `plan_setgic_year` VALUES (1,2554,1);

--
-- Table structure for table `plan_standard`
--

CREATE TABLE `plan_standard` (
  `id` int(11) NOT NULL AUTO_INCREMENT,
  `budget_year` int(11) NOT NULL,
  `sd_year` int(4) NOT NULL,
  `code_clus` tinyint(4) NOT NULL,
  `code_proj` char(3) NOT NULL,
  `code_acti` char(6) NOT NULL,
  `sd_level` char(1) NOT NULL,
  `sd_id` int(11) NOT NULL,
  `id_indicator` int(11) NOT NULL,
  PRIMARY KEY (`id`)
) ENGINE=MyISAM DEFAULT CHARSET=utf8 COLLATE=utf8_general_ci;

--
-- Dumping data for table `plan_standard`
--


--
-- Table structure for table `plan_stregic`
--

CREATE TABLE `plan_stregic` (
  `id` int(11) NOT NULL AUTO_INCREMENT,
  `id_tegic` int(3) NOT NULL,
  `budget_year` int(4) NOT NULL,
  `strategic` varchar(200) NOT NULL,
  PRIMARY KEY (`id`)
) ENGINE=MyISAM AUTO_INCREMENT=11 DEFAULT CHARSET=utf8 COLLATE=utf8_general_ci;

--
-- Dumping data for table `plan_stregic`
--

INSERT INTO `plan_stregic` VALUES (1,2,2563,'การเพิ่มโอกาสให้ผู้เรียนเข้าถึงบริการการศึกษาขั้นพื้นฐาน'),(2,1,2563,'การพัฒนาคุณภาพผู้เรียนในระดับการศึกษาขั้นพื้นฐาน'),(3,3,2563,'การพัฒนาคุณภาพครูและบุคลากรทางการศึกษา'),(4,4,2563,'การพัฒนาระบบการบริหารจัดการ'),(5,1,2564,'ด้านความมั่นคง'),(6,2,2564,'ด้านการสร้างความสามารถในการแข่งขัน'),(7,3,2564,'ด้านการพัฒนาและเสริมสร้างศักยภาพทรัพยากรมนุษย์'),(8,4,2564,'ด้านการสร้างโอกาสและความเสมอภาคทางสังคม'),(9,5,2564,'ด้านการสร้างการเติบโตบนคุณภาพชีวิตที่เป็นมิตรต่อสิ่งแวดล้อม'),(10,6,2564,'ด้านการปรับสมดุลและพัฒนาระบบ\r\nการบริหารจัดการภาครัฐ');

--
-- Table structure for table `plan_year`
--

CREATE TABLE `plan_year` (
  `id` int(11) NOT NULL AUTO_INCREMENT,
  `budget_year` int(11) NOT NULL,
  `year_active` tinyint(1) NOT NULL,
  PRIMARY KEY (`id`),
  UNIQUE KEY `budget_year` (`budget_year`)
) ENGINE=MyISAM AUTO_INCREMENT=8 DEFAULT CHARSET=utf8 COLLATE=utf8_general_ci;

--
-- Dumping data for table `plan_year`
--

INSERT INTO `plan_year` VALUES (4,2564,0),(2,2562,0),(3,2563,0),(5,2565,0),(6,2567,0),(7,2568,1);

--
-- Table structure for table `questionnaire_permission`
--

CREATE TABLE `questionnaire_permission` (
  `id` int(11) NOT NULL AUTO_INCREMENT,
  `person_id` varchar(13) NOT NULL,
  `p1` tinyint(4) NOT NULL,
  `officer` varchar(13) NOT NULL,
  `rec_date` date NOT NULL,
  PRIMARY KEY (`id`),
  UNIQUE KEY `person_id` (`person_id`)
) ENGINE=MyISAM AUTO_INCREMENT=4 DEFAULT CHARSET=utf8 COLLATE=utf8_general_ci;

--
-- Dumping data for table `questionnaire_permission`
--

INSERT INTO `questionnaire_permission` VALUES (1,'3330400729361',1,'3330400729361','2020-02-05'),(2,'1471200129649',1,'3330400729361','2020-02-05'),(3,'3349800001231',1,'3330400729361','2021-05-10');

--
-- Table structure for table `savings_account`
--

CREATE TABLE `savings_account` (
  `account_id` int(11) NOT NULL AUTO_INCREMENT,
  `acc_code` varchar(10) NOT NULL,
  `description` varchar(100) NOT NULL,
  PRIMARY KEY (`account_id`)
) ENGINE=MyISAM AUTO_INCREMENT=7 DEFAULT CHARSET=utf8 COLLATE=utf8_general_ci;

--
-- Dumping data for table `savings_account`
--

INSERT INTO `savings_account` VALUES (1,'1','ฝาก'),(2,'2','ถอน'),(3,'3','ยอดยกมา'),(4,'4','ดอกเบี้ยเงินฝาก'),(5,'5','รายการแก้ไข'),(6,'6','ปิดบัญชี');

--
-- Table structure for table `savings_base`
--

CREATE TABLE `savings_base` (
  `base_id` int(5) NOT NULL AUTO_INCREMENT,
  `study_year` int(5) NOT NULL,
  `status` int(2) NOT NULL,
  PRIMARY KEY (`base_id`)
) ENGINE=MyISAM AUTO_INCREMENT=8 DEFAULT CHARSET=utf8 COLLATE=utf8_general_ci;

--
-- Dumping data for table `savings_base`
--

INSERT INTO `savings_base` VALUES (5,2564,0),(2,2561,0),(3,2563,0),(6,2565,0),(7,2568,1);

--
-- Table structure for table `savings_money`
--

CREATE TABLE `savings_money` (
  `save_id` int(11) NOT NULL AUTO_INCREMENT,
  `std_id` varchar(15) NOT NULL,
  `year_past` varchar(4) NOT NULL,
  `amount_money` decimal(8,2) NOT NULL,
  `day_save` varchar(3) NOT NULL,
  `month_save` varchar(3) NOT NULL,
  `year_save` varchar(5) NOT NULL,
  `timer` time NOT NULL,
  `office` varchar(15) DEFAULT NULL,
  `day_act` varchar(20) NOT NULL,
  `acc_type` varchar(10) NOT NULL,
  `level_class` varchar(5) NOT NULL,
  `room` varchar(5) NOT NULL,
  `student_number` varchar(5) NOT NULL,
  `rec_officer` varchar(13) DEFAULT NULL,
  PRIMARY KEY (`save_id`),
  KEY `std_id` (`std_id`),
  KEY `room` (`room`),
  KEY `level_class` (`level_class`),
  KEY `acc_type` (`acc_type`),
  KEY `day_act` (`day_act`)
) ENGINE=MyISAM AUTO_INCREMENT=593 DEFAULT CHARSET=utf8 COLLATE=utf8_general_ci;

--
-- Dumping data for table `savings_money`
--

INSERT INTO `savings_money` VALUES (1,'2332','2559',5.00,'25','07','2016','01:15:55','2016-07-25','25/07/2016','1','4','0','1','1349900068721'),(2,'2333','2559',5.00,'25','07','2016','01:15:55','2016-07-25','25/07/2016','1','4','0','2','1349900068721'),(3,'2334','2559',5.00,'25','07','2016','01:15:55','2016-07-25','25/07/2016','1','4','0','3','1349900068721'),(4,'2335','2559',5.00,'25','07','2016','01:15:55','2016-07-25','25/07/2016','1','4','0','4','1349900068721'),(5,'2336','2559',5.00,'25','07','2016','01:15:55','2016-07-25','25/07/2016','1','4','0','5','1349900068721'),(6,'2337','2559',5.00,'25','07','2016','01:15:55','2016-07-25','25/07/2016','1','4','0','6','1349900068721'),(7,'2338','2559',5.00,'25','07','2016','01:15:55','2016-07-25','25/07/2016','1','4','0','7','1349900068721'),(8,'2339','2559',5.00,'25','07','2016','01:15:55','2016-07-25','25/07/2016','1','4','0','8','1349900068721'),(9,'2340','2559',5.00,'25','07','2016','01:15:55','2016-07-25','25/07/2016','1','4','0','9','1349900068721'),(10,'2342','2559',5.00,'25','07','2016','01:15:55','2016-07-25','25/07/2016','1','4','0','10','1349900068721'),(11,'2343','2559',5.00,'25','07','2016','01:15:55','2016-07-25','25/07/2016','1','4','0','11','1349900068721'),(12,'2349','2559',5.00,'25','07','2016','01:15:55','2016-07-25','25/07/2016','1','4','0','12','1349900068721'),(13,'2332','2559',5.00,'25','07','2016','01:17:17','2016-07-25','25/07/2016','1','4','0','1','1349900068721'),(14,'2333','2559',5.00,'25','07','2016','01:17:17','2016-07-25','25/07/2016','1','4','0','2','1349900068721'),(15,'2334','2559',5.00,'25','07','2016','01:17:17','2016-07-25','25/07/2016','1','4','0','3','1349900068721'),(16,'2335','2559',5.00,'25','07','2016','01:17:17','2016-07-25','25/07/2016','1','4','0','4','1349900068721'),(17,'2336','2559',5.00,'25','07','2016','01:17:17','2016-07-25','25/07/2016','1','4','0','5','1349900068721'),(18,'2337','2559',5.00,'25','07','2016','01:17:17','2016-07-25','25/07/2016','1','4','0','6','1349900068721'),(19,'2338','2559',5.00,'25','07','2016','01:17:17','2016-07-25','25/07/2016','1','4','0','7','1349900068721'),(20,'2339','2559',5.00,'25','07','2016','01:17:17','2016-07-25','25/07/2016','1','4','0','8','1349900068721'),(21,'2340','2559',5.00,'25','07','2016','01:17:17','2016-07-25','25/07/2016','1','4','0','9','1349900068721'),(22,'2342','2559',5.00,'25','07','2016','01:17:17','2016-07-25','25/07/2016','1','4','0','10','1349900068721'),(23,'2343','2559',5.00,'25','07','2016','01:17:17','2016-07-25','25/07/2016','1','4','0','11','1349900068721'),(24,'2349','2559',5.00,'25','07','2016','01:17:17','2016-07-25','25/07/2016','1','4','0','12','1349900068721'),(25,'2332','2559',5.00,'23','07','2016','01:19:42','2016-07-23','23/07/2016','2','4','0','1','1349900068721'),(26,'2333','2559',5.00,'23','07','2016','01:20:01','2016-07-23','23/07/2016','2','4','0','2','1349900068721'),(27,'2334','2559',5.00,'23','07','2016','01:20:18','2016-07-23','23/07/2016','2','4','0','3','1349900068721'),(28,'2335','2559',5.00,'23','07','2016','01:20:33','2016-07-23','23/07/2016','2','4','0','4','1349900068721'),(29,'2336','2559',5.00,'23','07','2016','01:20:52','2016-07-23','23/07/2016','2','4','0','5','1349900068721'),(30,'2337','2559',5.00,'23','07','2016','01:21:14','2016-07-23','23/07/2016','2','4','0','6','1349900068721'),(31,'2338','2559',5.00,'23','07','2016','01:21:30','2016-07-23','23/07/2016','2','4','0','7','1349900068721'),(32,'2339','2559',5.00,'23','07','2016','01:21:48','2016-07-23','23/07/2016','2','4','0','8','1349900068721'),(33,'2340','2559',5.00,'23','07','2016','01:22:00','2016-07-23','23/07/2016','2','4','0','9','1349900068721'),(34,'2342','2559',5.00,'23','07','2016','01:22:28','2016-07-23','23/07/2016','2','4','0','10','1349900068721'),(35,'2343','2559',5.00,'23','07','2016','01:22:41','2016-07-23','23/07/2016','2','4','0','11','1349900068721'),(36,'2349','2559',5.00,'23','07','2016','01:22:52','2016-07-23','23/07/2016','2','4','0','12','1349900068721'),(37,'2332','2559',10.00,'27','07','2016','11:46:25','2016-07-27','27/07/2016','1','4','0','1','1349900068721'),(38,'2333','2559',5.00,'27','07','2016','11:46:25','2016-07-27','27/07/2016','1','4','0','2','1349900068721'),(39,'2334','2559',10.00,'27','07','2016','11:46:25','2016-07-27','27/07/2016','1','4','0','3','1349900068721'),(40,'2335','2559',10.00,'27','07','2016','11:46:25','2016-07-27','27/07/2016','1','4','0','4','1349900068721'),(41,'2336','2559',0.00,'27','07','2016','11:46:25','2016-07-27','27/07/2016','1','4','0','5','1349900068721'),(42,'2338','2559',5.00,'27','07','2016','11:46:25','2016-07-27','27/07/2016','1','4','0','7','1349900068721'),(43,'2339','2559',10.00,'27','07','2016','11:46:25','2016-07-27','27/07/2016','1','4','0','8','1349900068721'),(44,'2340','2559',10.00,'27','07','2016','11:46:25','2016-07-27','27/07/2016','1','4','0','9','1349900068721'),(45,'2342','2559',0.00,'27','07','2016','11:46:25','2016-07-27','27/07/2016','1','4','0','10','1349900068721'),(46,'2343','2559',0.00,'27','07','2016','11:46:25','2016-07-27','27/07/2016','1','4','0','11','1349900068721'),(47,'2349','2559',0.00,'27','07','2016','11:46:25','2016-07-27','27/07/2016','1','4','0','12','1349900068721'),(48,'2332','2559',5.00,'28','07','2016','02:27:55','2016-07-28','28/07/2016','1','4','0','1','1349900068721'),(49,'2333','2559',5.00,'28','07','2016','02:27:55','2016-07-28','28/07/2016','1','4','0','2','1349900068721'),(50,'2334','2559',10.00,'28','07','2016','02:27:55','2016-07-28','28/07/2016','1','4','0','3','1349900068721'),(51,'2335','2559',5.00,'28','07','2016','02:27:55','2016-07-28','28/07/2016','1','4','0','4','1349900068721'),(52,'2336','2559',0.00,'28','07','2016','02:27:55','2016-07-28','28/07/2016','1','4','0','5','1349900068721'),(53,'2337','2559',0.00,'28','07','2016','02:27:55','2016-07-28','28/07/2016','1','4','0','6','1349900068721'),(54,'2338','2559',5.00,'28','07','2016','02:27:55','2016-07-28','28/07/2016','1','4','0','7','1349900068721'),(55,'2339','2559',10.00,'28','07','2016','02:27:55','2016-07-28','28/07/2016','1','4','0','8','1349900068721'),(56,'2340','2559',3.00,'28','07','2016','02:27:55','2016-07-28','28/07/2016','1','4','0','9','1349900068721'),(57,'2342','2559',0.00,'28','07','2016','02:27:55','2016-07-28','28/07/2016','1','4','0','10','1349900068721'),(58,'2343','2559',5.00,'28','07','2016','02:27:55','2016-07-28','28/07/2016','1','4','0','11','1349900068721'),(59,'2349','2559',5.00,'28','07','2016','02:27:55','2016-07-28','28/07/2016','1','4','0','12','1349900068721'),(60,'2327','2559',5.00,'01','08','2016','10:55:27','2016-08-01','01/08/2016','1','5','0','0','1349900314773'),(61,'2328','2559',5.00,'01','08','2016','10:55:59','2016-08-01','01/08/2016','1','5','0','0','1349900314773'),(62,'2325','2559',5.00,'01','08','2016','10:56:21','2016-08-01','01/08/2016','1','5','0','0','1349900314773'),(63,'2326','2559',5.00,'01','08','2016','10:56:50','2016-08-01','01/08/2016','1','5','0','5','1349900314773'),(64,'2329','2559',5.00,'01','08','2016','10:57:15','2016-08-01','01/08/2016','1','5','0','0','1349900314773'),(65,'2330','2559',1.00,'01','08','2016','10:57:41','2016-08-01','01/08/2016','1','5','0','0','1349900314773'),(66,'2277','2559',5.00,'01','08','2016','10:59:51','2016-08-01','01/08/2016','1','8','0','1','3410900087481'),(67,'2278','2559',5.00,'01','08','2016','10:59:51','2016-08-01','01/08/2016','1','8','0','2','3410900087481'),(68,'2279','2559',5.00,'01','08','2016','10:59:51','2016-08-01','01/08/2016','1','8','0','3','3410900087481'),(69,'2281','2559',5.00,'01','08','2016','10:59:51','2016-08-01','01/08/2016','1','8','0','5','3410900087481'),(70,'2282','2559',2.00,'01','08','2016','10:59:51','2016-08-01','01/08/2016','1','8','0','6','3410900087481'),(71,'2283','2559',5.00,'01','08','2016','10:59:51','2016-08-01','01/08/2016','1','8','0','7','3410900087481'),(72,'2284','2559',2.00,'01','08','2016','10:59:51','2016-08-01','01/08/2016','1','8','0','8','3410900087481'),(73,'2332','2559',2.00,'29','07','2016','02:06:44','2016-07-29','29/07/2016','1','4','0','1','1349900068721'),(74,'2333','2559',5.00,'29','07','2016','02:06:44','2016-07-29','29/07/2016','1','4','0','2','1349900068721'),(75,'2334','2559',0.00,'29','07','2016','02:06:44','2016-07-29','29/07/2016','1','4','0','3','1349900068721'),(76,'2335','2559',0.00,'29','07','2016','02:06:44','2016-07-29','29/07/2016','1','4','0','4','1349900068721'),(77,'2336','2559',5.00,'29','07','2016','02:06:44','2016-07-29','29/07/2016','1','4','0','5','1349900068721'),(78,'2337','2559',10.00,'29','07','2016','02:06:44','2016-07-29','29/07/2016','1','4','0','6','1349900068721'),(79,'2338','2559',5.00,'29','07','2016','02:06:44','2016-07-29','29/07/2016','1','4','0','7','1349900068721'),(80,'2339','2559',10.00,'29','07','2016','02:06:44','2016-07-29','29/07/2016','1','4','0','8','1349900068721'),(81,'2340','2559',10.00,'29','07','2016','02:06:44','2016-07-29','29/07/2016','1','4','0','9','1349900068721'),(82,'2342','2559',10.00,'29','07','2016','02:06:44','2016-07-29','29/07/2016','1','4','0','10','1349900068721'),(83,'2343','2559',10.00,'29','07','2016','02:06:44','2016-07-29','29/07/2016','1','4','0','11','1349900068721'),(84,'2349','2559',0.00,'29','07','2016','02:06:44','2016-07-29','29/07/2016','1','4','0','12','1349900068721'),(85,'2332','2559',5.00,'01','08','2016','02:08:33','2016-08-01','01/08/2016','1','4','0','1','1349900068721'),(86,'2333','2559',5.00,'01','08','2016','02:08:33','2016-08-01','01/08/2016','1','4','0','2','1349900068721'),(87,'2334','2559',0.00,'01','08','2016','02:08:33','2016-08-01','01/08/2016','1','4','0','3','1349900068721'),(88,'2335','2559',5.00,'01','08','2016','02:08:33','2016-08-01','01/08/2016','1','4','0','4','1349900068721'),(89,'2336','2559',0.00,'01','08','2016','02:08:33','2016-08-01','01/08/2016','1','4','0','5','1349900068721'),(90,'2337','2559',5.00,'01','08','2016','02:08:33','2016-08-01','01/08/2016','1','4','0','6','1349900068721'),(91,'2338','2559',10.00,'01','08','2016','02:08:33','2016-08-01','01/08/2016','1','4','0','7','1349900068721'),(92,'2339','2559',0.00,'01','08','2016','02:08:33','2016-08-01','01/08/2016','1','4','0','8','1349900068721'),(93,'2340','2559',0.00,'01','08','2016','02:08:33','2016-08-01','01/08/2016','1','4','0','9','1349900068721'),(94,'2342','2559',0.00,'01','08','2016','02:08:33','2016-08-01','01/08/2016','1','4','0','10','1349900068721'),(95,'2343','2559',0.00,'01','08','2016','02:08:33','2016-08-01','01/08/2016','1','4','0','11','1349900068721'),(96,'2349','2559',0.00,'01','08','2016','02:08:33','2016-08-01','01/08/2016','1','4','0','12','1349900068721'),(97,'2285','2559',5.00,'02','08','2016','11:44:24','2016-08-02','02/08/2016','1','7','0','0','3349900342153'),(98,'2303','2559',5.00,'02','08','2016','11:44:24','2016-08-02','02/08/2016','1','7','0','0','3349900342153'),(99,'2302','2559',5.00,'02','08','2016','11:44:24','2016-08-02','02/08/2016','1','7','0','0','3349900342153'),(100,'2298','2559',5.00,'02','08','2016','11:44:24','2016-08-02','02/08/2016','1','7','0','0','3349900342153'),(101,'2297','2559',5.00,'02','08','2016','11:44:24','2016-08-02','02/08/2016','1','7','0','0','3349900342153'),(102,'2295','2559',5.00,'02','08','2016','11:44:24','2016-08-02','02/08/2016','1','7','0','0','3349900342153'),(103,'2293','2559',5.00,'02','08','2016','11:44:24','2016-08-02','02/08/2016','1','7','0','0','3349900342153'),(104,'2292','2559',5.00,'02','08','2016','11:44:24','2016-08-02','02/08/2016','1','7','0','0','3349900342153'),(105,'2291','2559',5.00,'02','08','2016','11:44:24','2016-08-02','02/08/2016','1','7','0','0','3349900342153'),(106,'2289','2559',10.00,'02','08','2016','11:44:24','2016-08-02','02/08/2016','1','7','0','0','3349900342153'),(107,'2323','2559',5.00,'02','08','2016','01:23:39','2016-08-02','02/08/2016','1','5','0','0','1349900314773'),(108,'2324','2559',5.00,'03','08','2016','09:14:38','2016-08-03','03/08/2016','1','5','0','0','1349900314773'),(109,'2329','2559',5.00,'03','08','2016','09:15:00','2016-08-03','03/08/2016','1','5','0','0','1349900314773'),(110,'2323','2559',5.00,'03','08','2016','09:15:18','2016-08-03','03/08/2016','1','5','0','0','1349900314773'),(111,'2328','2559',5.00,'03','08','2016','09:15:43','2016-08-03','03/08/2016','1','5','0','0','1349900314773'),(112,'2325','2559',5.00,'03','08','2016','09:15:59','2016-08-03','03/08/2016','1','5','0','0','1349900314773'),(113,'2303','2559',5.00,'03','08','2016','11:14:55','2016-08-03','03/08/2016','1','7','0','0','3349900342153'),(114,'2302','2559',5.00,'03','08','2016','11:14:55','2016-08-03','03/08/2016','1','7','0','0','3349900342153'),(115,'2300','2559',5.00,'03','08','2016','11:14:55','2016-08-03','03/08/2016','1','7','0','0','3349900342153'),(116,'2298','2559',5.00,'03','08','2016','11:14:55','2016-08-03','03/08/2016','1','7','0','0','3349900342153'),(117,'2297','2559',15.00,'03','08','2016','11:14:55','2016-08-03','03/08/2016','1','7','0','0','3349900342153'),(118,'2295','2559',10.00,'03','08','2016','11:14:55','2016-08-03','03/08/2016','1','7','0','0','3349900342153'),(119,'2293','2559',5.00,'03','08','2016','11:14:55','2016-08-03','03/08/2016','1','7','0','0','3349900342153'),(120,'2292','2559',5.00,'03','08','2016','11:14:55','2016-08-03','03/08/2016','1','7','0','0','3349900342153'),(121,'2291','2559',5.00,'03','08','2016','11:14:55','2016-08-03','03/08/2016','1','7','0','0','3349900342153'),(122,'2290','2559',5.00,'03','08','2016','11:14:55','2016-08-03','03/08/2016','1','7','0','0','3349900342153'),(123,'2289','2559',20.00,'03','08','2016','11:14:55','2016-08-03','03/08/2016','1','7','0','0','3349900342153'),(124,'2287','2559',5.00,'03','08','2016','11:14:55','2016-08-03','03/08/2016','1','7','0','0','3349900342153'),(125,'2286','2559',360.00,'03','08','2016','11:14:55','2016-08-03','03/08/2016','1','7','0','0','3349900342153'),(126,'2360','2559',10.00,'03','08','2016','11:14:55','2016-08-03','03/08/2016','1','7','0','18','3349900342153'),(127,'2278','2559',5.00,'03','08','2016','01:21:35','2016-08-03','03/08/2016','1','8','0','2','3410900087481'),(128,'2279','2559',5.00,'03','08','2016','01:21:35','2016-08-03','03/08/2016','1','8','0','3','3410900087481'),(129,'2280','2559',5.00,'03','08','2016','01:21:35','2016-08-03','03/08/2016','1','8','0','4','3410900087481'),(130,'2282','2559',2.00,'03','08','2016','01:21:35','2016-08-03','03/08/2016','1','8','0','6','3410900087481'),(131,'2283','2559',5.00,'03','08','2016','01:21:35','2016-08-03','03/08/2016','1','8','0','7','3410900087481'),(132,'2284','2559',2.00,'03','08','2016','01:21:35','2016-08-03','03/08/2016','1','8','0','8','3410900087481'),(133,'2344','2559',5.00,'03','08','2016','05:21:52','2016-08-03','03/08/2016','1','3','0','0','3349900739177'),(134,'2345','2559',2.00,'03','08','2016','05:21:52','2016-08-03','03/08/2016','1','3','0','0','3349900739177'),(135,'2347','2559',3.00,'03','08','2016','05:21:52','2016-08-03','03/08/2016','1','3','0','0','3349900739177'),(136,'2348','2559',2.00,'03','08','2016','05:21:52','2016-08-03','03/08/2016','1','3','0','0','3349900739177'),(137,'2358','2559',3.00,'03','08','2016','05:21:52','2016-08-03','03/08/2016','1','3','0','5','3349900739177'),(138,'2277','2559',5.00,'04','08','2016','11:38:49','2016-08-04','04/08/2016','1','8','0','1','3410900087481'),(139,'2278','2559',5.00,'04','08','2016','11:38:49','2016-08-04','04/08/2016','1','8','0','2','3410900087481'),(140,'2281','2559',5.00,'04','08','2016','11:38:49','2016-08-04','04/08/2016','1','8','0','5','3410900087481'),(141,'2282','2559',5.00,'04','08','2016','11:38:49','2016-08-04','04/08/2016','1','8','0','6','3410900087481'),(142,'2283','2559',3.00,'04','08','2016','11:38:49','2016-08-04','04/08/2016','1','8','0','7','3410900087481'),(143,'2332','2559',5.00,'03','08','2016','12:10:50','2016-08-03','03/08/2016','1','4','0','1','1349900068721'),(144,'2333','2559',5.00,'03','08','2016','12:10:50','2016-08-03','03/08/2016','1','4','0','2','1349900068721'),(145,'2334','2559',5.00,'03','08','2016','12:10:50','2016-08-03','03/08/2016','1','4','0','3','1349900068721'),(146,'2335','2559',5.00,'03','08','2016','12:10:50','2016-08-03','03/08/2016','1','4','0','4','1349900068721'),(147,'2337','2559',5.00,'03','08','2016','12:10:50','2016-08-03','03/08/2016','1','4','0','6','1349900068721'),(148,'2338','2559',5.00,'03','08','2016','12:10:50','2016-08-03','03/08/2016','1','4','0','7','1349900068721'),(149,'2339','2559',5.00,'03','08','2016','12:10:50','2016-08-03','03/08/2016','1','4','0','8','1349900068721'),(150,'2340','2559',5.00,'03','08','2016','12:10:50','2016-08-03','03/08/2016','1','4','0','9','1349900068721'),(151,'2342','2559',5.00,'04','08','2016','12:11:18','2016-08-04','04/08/2016','1','4','0','10','1349900068721'),(152,'2332','2559',5.00,'04','08','2016','01:38:52','2016-08-04','04/08/2016','1','4','0','1','1349900068721'),(153,'2333','2559',5.00,'04','08','2016','01:38:52','2016-08-04','04/08/2016','1','4','0','2','1349900068721'),(154,'2334','2559',5.00,'04','08','2016','01:38:52','2016-08-04','04/08/2016','1','4','0','3','1349900068721'),(155,'2335','2559',10.00,'04','08','2016','01:38:52','2016-08-04','04/08/2016','1','4','0','4','1349900068721'),(156,'2336','2559',5.00,'04','08','2016','01:38:52','2016-08-04','04/08/2016','1','4','0','5','1349900068721'),(157,'2337','2559',5.00,'04','08','2016','01:38:52','2016-08-04','04/08/2016','1','4','0','6','1349900068721'),(158,'2338','2559',5.00,'04','08','2016','01:38:52','2016-08-04','04/08/2016','1','4','0','7','1349900068721'),(159,'2339','2559',5.00,'04','08','2016','01:38:52','2016-08-04','04/08/2016','1','4','0','8','1349900068721'),(160,'2340','2559',5.00,'04','08','2016','01:38:52','2016-08-04','04/08/2016','1','4','0','9','1349900068721'),(161,'2343','2559',0.00,'04','08','2016','01:38:52','2016-08-04','04/08/2016','1','4','0','11','1349900068721'),(162,'2349','2559',0.00,'04','08','2016','01:38:52','2016-08-04','04/08/2016','1','4','0','12','1349900068721'),(163,'2285','2559',5.00,'04','08','2016','02:34:44','2016-08-04','04/08/2016','1','7','0','0','3349900342153'),(164,'2303','2559',5.00,'04','08','2016','02:34:44','2016-08-04','04/08/2016','1','7','0','0','3349900342153'),(165,'2302','2559',5.00,'04','08','2016','02:34:44','2016-08-04','04/08/2016','1','7','0','0','3349900342153'),(166,'2300','2559',5.00,'04','08','2016','02:34:44','2016-08-04','04/08/2016','1','7','0','0','3349900342153'),(167,'2298','2559',10.00,'04','08','2016','02:34:44','2016-08-04','04/08/2016','1','7','0','0','3349900342153'),(168,'2297','2559',10.00,'04','08','2016','02:34:44','2016-08-04','04/08/2016','1','7','0','0','3349900342153'),(169,'2296','2559',5.00,'04','08','2016','02:34:44','2016-08-04','04/08/2016','1','7','0','0','3349900342153'),(170,'2295','2559',5.00,'04','08','2016','02:34:44','2016-08-04','04/08/2016','1','7','0','0','3349900342153'),(171,'2293','2559',5.00,'04','08','2016','02:34:44','2016-08-04','04/08/2016','1','7','0','0','3349900342153'),(172,'2292','2559',5.00,'04','08','2016','02:34:44','2016-08-04','04/08/2016','1','7','0','0','3349900342153'),(173,'2291','2559',5.00,'04','08','2016','02:34:44','2016-08-04','04/08/2016','1','7','0','0','3349900342153'),(174,'2290','2559',10.00,'04','08','2016','02:34:44','2016-08-04','04/08/2016','1','7','0','0','3349900342153'),(175,'2289','2559',10.00,'04','08','2016','02:34:44','2016-08-04','04/08/2016','1','7','0','0','3349900342153'),(176,'2286','2559',40.00,'04','08','2016','02:34:44','2016-08-04','04/08/2016','1','7','0','0','3349900342153'),(177,'2360','2559',5.00,'04','08','2016','02:34:44','2016-08-04','04/08/2016','1','7','0','18','3349900342153'),(178,'2332','2559',5.00,'05','08','2016','10:41:25','2016-08-05','05/08/2016','1','4','0','1','1349900068721'),(179,'2333','2559',5.00,'05','08','2016','10:41:25','2016-08-05','05/08/2016','1','4','0','2','1349900068721'),(180,'2334','2559',0.00,'05','08','2016','10:41:25','2016-08-05','05/08/2016','1','4','0','3','1349900068721'),(181,'2335','2559',10.00,'05','08','2016','10:41:25','2016-08-05','05/08/2016','1','4','0','4','1349900068721'),(182,'2336','2559',5.00,'05','08','2016','10:41:25','2016-08-05','05/08/2016','1','4','0','5','1349900068721'),(183,'2337','2559',5.00,'05','08','2016','10:41:25','2016-08-05','05/08/2016','1','4','0','6','1349900068721'),(184,'2338','2559',5.00,'05','08','2016','10:41:25','2016-08-05','05/08/2016','1','4','0','7','1349900068721'),(185,'2339','2559',10.00,'05','08','2016','10:41:25','2016-08-05','05/08/2016','1','4','0','8','1349900068721'),(186,'2340','2559',5.00,'05','08','2016','10:41:25','2016-08-05','05/08/2016','1','4','0','9','1349900068721'),(187,'2342','2559',5.00,'05','08','2016','10:41:25','2016-08-05','05/08/2016','1','4','0','10','1349900068721'),(188,'2343','2559',0.00,'05','08','2016','10:41:25','2016-08-05','05/08/2016','1','4','0','11','1349900068721'),(189,'2349','2559',5.00,'05','08','2016','10:41:25','2016-08-05','05/08/2016','1','4','0','12','1349900068721'),(190,'2285','2559',5.00,'05','08','2016','11:29:57','2016-08-05','05/08/2016','1','7','0','0','3349900342153'),(191,'2303','2559',5.00,'05','08','2016','11:29:57','2016-08-05','05/08/2016','1','7','0','0','3349900342153'),(192,'2302','2559',5.00,'05','08','2016','11:29:57','2016-08-05','05/08/2016','1','7','0','0','3349900342153'),(193,'2298','2559',5.00,'05','08','2016','11:29:57','2016-08-05','05/08/2016','1','7','0','0','3349900342153'),(194,'2297','2559',5.00,'05','08','2016','11:29:57','2016-08-05','05/08/2016','1','7','0','0','3349900342153'),(195,'2296','2559',5.00,'05','08','2016','11:29:57','2016-08-05','05/08/2016','1','7','0','0','3349900342153'),(196,'2295','2559',5.00,'05','08','2016','11:29:57','2016-08-05','05/08/2016','1','7','0','0','3349900342153'),(197,'2293','2559',10.00,'05','08','2016','11:29:57','2016-08-05','05/08/2016','1','7','0','0','3349900342153'),(198,'2292','2559',5.00,'05','08','2016','11:29:57','2016-08-05','05/08/2016','1','7','0','0','3349900342153'),(199,'2291','2559',5.00,'05','08','2016','11:29:57','2016-08-05','05/08/2016','1','7','0','0','3349900342153'),(200,'2289','2559',5.00,'05','08','2016','11:29:57','2016-08-05','05/08/2016','1','7','0','0','3349900342153'),(201,'2286','2559',5.00,'05','08','2016','11:29:57','2016-08-05','05/08/2016','1','7','0','0','3349900342153'),(202,'2360','2559',5.00,'05','08','2016','11:29:57','2016-08-05','05/08/2016','1','7','0','18','3349900342153'),(203,'2285','2559',5.00,'05','08','2016','11:34:16','2016-08-05','05/08/2016','1','7','0','0','3349900342153'),(204,'2303','2559',5.00,'05','08','2016','11:34:16','2016-08-05','05/08/2016','1','7','0','0','3349900342153'),(205,'2302','2559',5.00,'05','08','2016','11:34:16','2016-08-05','05/08/2016','1','7','0','0','3349900342153'),(206,'2298','2559',5.00,'05','08','2016','11:34:16','2016-08-05','05/08/2016','1','7','0','0','3349900342153'),(207,'2297','2559',5.00,'05','08','2016','11:34:16','2016-08-05','05/08/2016','1','7','0','0','3349900342153'),(208,'2296','2559',10.00,'05','08','2016','11:34:16','2016-08-05','05/08/2016','1','7','0','0','3349900342153'),(209,'2295','2559',5.00,'05','08','2016','11:34:16','2016-08-05','05/08/2016','1','7','0','0','3349900342153'),(210,'2293','2559',10.00,'05','08','2016','11:34:16','2016-08-05','05/08/2016','1','7','0','0','3349900342153'),(211,'2292','2559',5.00,'05','08','2016','11:34:16','2016-08-05','05/08/2016','1','7','0','0','3349900342153'),(212,'2290','2559',5.00,'05','08','2016','11:34:16','2016-08-05','05/08/2016','1','7','0','0','3349900342153'),(213,'2289','2559',5.00,'05','08','2016','11:34:16','2016-08-05','05/08/2016','1','7','0','0','3349900342153'),(214,'2286','2559',5.00,'05','08','2016','11:34:16','2016-08-05','05/08/2016','1','7','0','0','3349900342153'),(215,'2360','2559',5.00,'05','08','2016','11:34:16','2016-08-05','05/08/2016','1','7','0','18','3349900342153'),(216,'2277','2559',5.00,'05','08','2016','01:57:54','2016-08-05','05/08/2016','1','8','0','1','3410900087481'),(217,'2278','2559',5.00,'05','08','2016','01:57:54','2016-08-05','05/08/2016','1','8','0','2','3410900087481'),(218,'2279','2559',3.00,'05','08','2016','01:57:54','2016-08-05','05/08/2016','1','8','0','3','3410900087481'),(219,'2281','2559',5.00,'05','08','2016','01:57:54','2016-08-05','05/08/2016','1','8','0','5','3410900087481'),(220,'2282','2559',5.00,'05','08','2016','01:57:54','2016-08-05','05/08/2016','1','8','0','6','3410900087481'),(221,'2283','2559',5.00,'05','08','2016','01:57:54','2016-08-05','05/08/2016','1','8','0','7','3410900087481'),(222,'2284','2559',5.00,'05','08','2016','01:57:54','2016-08-05','05/08/2016','1','8','0','8','3410900087481'),(223,'2344','2559',2.00,'05','08','2016','06:03:23','2016-08-05','05/08/2016','1','3','0','0','3349900739177'),(224,'2345','2559',2.00,'05','08','2016','06:03:23','2016-08-05','05/08/2016','1','3','0','0','3349900739177'),(225,'2347','2559',3.00,'05','08','2016','06:03:23','2016-08-05','05/08/2016','1','3','0','0','3349900739177'),(226,'2348','2559',2.00,'05','08','2016','06:03:23','2016-08-05','05/08/2016','1','3','0','0','3349900739177'),(227,'2358','2559',1.00,'05','08','2016','06:03:23','2016-08-05','05/08/2016','1','3','0','5','3349900739177'),(228,'2303','2559',5.00,'08','08','2016','11:15:52','2016-08-08','08/08/2016','1','7','0','0','3349900342153'),(229,'2302','2559',5.00,'08','08','2016','11:15:52','2016-08-08','08/08/2016','1','7','0','0','3349900342153'),(230,'2298','2559',5.00,'08','08','2016','11:15:52','2016-08-08','08/08/2016','1','7','0','0','3349900342153'),(231,'2297','2559',5.00,'08','08','2016','11:15:52','2016-08-08','08/08/2016','1','7','0','0','3349900342153'),(232,'2295','2559',5.00,'08','08','2016','11:15:52','2016-08-08','08/08/2016','1','7','0','0','3349900342153'),(233,'2293','2559',5.00,'08','08','2016','11:15:52','2016-08-08','08/08/2016','1','7','0','0','3349900342153'),(234,'2291','2559',5.00,'08','08','2016','11:15:52','2016-08-08','08/08/2016','1','7','0','0','3349900342153'),(235,'2288','2559',5.00,'08','08','2016','11:15:52','2016-08-08','08/08/2016','1','7','0','0','3349900342153'),(236,'2286','2559',40.00,'08','08','2016','11:15:52','2016-08-08','08/08/2016','1','7','0','0','3349900342153'),(237,'2360','2559',5.00,'08','08','2016','11:15:52','2016-08-08','08/08/2016','1','7','0','18','3349900342153'),(238,'2328','2559',5.00,'09','08','2016','08:42:16','2016-08-09','09/08/2016','1','5','0','0','1349900314773'),(239,'2328','2559',5.00,'15','08','2016','10:15:05','2016-08-15','15/08/2016','1','5','0','6','1349900314773'),(240,'2328','2559',0.00,'15','08','2016','10:15:33','2016-08-15','15/08/2016','1','5','0','6','1349900314773'),(241,'2324','2559',5.00,'15','08','2016','10:16:00','2016-08-15','15/08/2016','1','5','0','2','1349900314773'),(242,'2325','2559',5.00,'15','08','2016','10:16:34','2016-08-15','15/08/2016','1','5','0','3','1349900314773'),(243,'2277','2559',5.00,'15','08','2016','10:52:12','2016-08-15','15/08/2016','1','8','0','1','3410900087481'),(244,'2278','2559',5.00,'15','08','2016','10:52:12','2016-08-15','15/08/2016','1','8','0','2','3410900087481'),(245,'2279','2559',3.00,'15','08','2016','10:52:12','2016-08-15','15/08/2016','1','8','0','3','3410900087481'),(246,'2281','2559',2.00,'15','08','2016','10:52:12','2016-08-15','15/08/2016','1','8','0','5','3410900087481'),(247,'2282','2559',5.00,'15','08','2016','10:52:12','2016-08-15','15/08/2016','1','8','0','6','3410900087481'),(248,'2283','2559',5.00,'15','08','2016','10:52:12','2016-08-15','15/08/2016','1','8','0','7','3410900087481'),(249,'2284','2559',5.00,'15','08','2016','10:52:12','2016-08-15','15/08/2016','1','8','0','8','3410900087481'),(250,'2325','2559',5.00,'17','08','2016','10:53:38','2016-08-17','17/08/2016','1','5','0','3','1349900314773'),(251,'2326','2559',5.00,'17','08','2016','10:54:05','2016-08-17','17/08/2016','1','5','0','5','1349900314773'),(252,'2324','2559',5.00,'17','08','2016','10:54:35','2016-08-17','17/08/2016','1','5','0','2','1349900314773'),(253,'2323','2559',5.00,'17','08','2016','10:55:00','2016-08-17','17/08/2016','1','5','0','1','1349900314773'),(254,'2328','2559',5.00,'17','08','2016','10:55:25','2016-08-17','17/08/2016','1','5','0','6','1349900314773'),(255,'2330','2559',5.00,'17','08','2016','10:55:49','2016-08-17','17/08/2016','1','5','0','8','1349900314773'),(256,'2329','2559',5.00,'17','08','2016','11:09:37','2016-08-17','17/08/2016','1','5','0','7','1349900314773'),(257,'2330','2559',5.00,'16','08','2016','11:11:49','2016-08-16','16/08/2016','1','5','0','8','1349900314773'),(258,'2344','2559',3.00,'17','08','2016','08:10:43','2016-08-17','17/08/2016','1','3','0','1','3349900739177'),(259,'2345','2559',2.00,'17','08','2016','08:10:43','2016-08-17','17/08/2016','1','3','0','2','3349900739177'),(260,'2347','2559',2.00,'17','08','2016','08:10:43','2016-08-17','17/08/2016','1','3','0','3','3349900739177'),(261,'2348','2559',5.00,'17','08','2016','08:10:43','2016-08-17','17/08/2016','1','3','0','4','3349900739177'),(262,'2326','2559',5.00,'18','08','2016','10:19:24','2016-08-18','18/08/2016','1','5','0','5','1349900314773'),(263,'2325','2559',5.00,'18','08','2016','01:30:51','2016-08-18','18/08/2016','1','5','0','3','1349900314773'),(264,'2324','2559',5.00,'18','08','2016','01:31:16','2016-08-18','18/08/2016','1','5','0','2','1349900314773'),(265,'2328','2559',5.00,'18','08','2016','01:31:42','2016-08-18','18/08/2016','1','5','0','6','1349900314773'),(266,'2332','2559',0.00,'15','08','2016','02:41:33','2016-08-15','15/08/2016','1','4','0','1','1349900068721'),(267,'2333','2559',5.00,'15','08','2016','02:41:33','2016-08-15','15/08/2016','1','4','0','2','1349900068721'),(268,'2334','2559',0.00,'15','08','2016','02:41:33','2016-08-15','15/08/2016','1','4','0','3','1349900068721'),(269,'2335','2559',20.00,'15','08','2016','02:41:33','2016-08-15','15/08/2016','1','4','0','4','1349900068721'),(270,'2336','2559',15.00,'15','08','2016','02:41:33','2016-08-15','15/08/2016','1','4','0','5','1349900068721'),(271,'2337','2559',0.00,'15','08','2016','02:41:33','2016-08-15','15/08/2016','1','4','0','6','1349900068721'),(272,'2338','2559',0.00,'15','08','2016','02:41:33','2016-08-15','15/08/2016','1','4','0','7','1349900068721'),(273,'2339','2559',10.00,'15','08','2016','02:41:33','2016-08-15','15/08/2016','1','4','0','8','1349900068721'),(274,'2340','2559',0.00,'15','08','2016','02:41:33','2016-08-15','15/08/2016','1','4','0','9','1349900068721'),(275,'2342','2559',5.00,'15','08','2016','02:41:33','2016-08-15','15/08/2016','1','4','0','10','1349900068721'),(276,'2343','2559',0.00,'15','08','2016','02:41:33','2016-08-15','15/08/2016','1','4','0','11','1349900068721'),(277,'2349','2559',5.00,'15','08','2016','02:41:33','2016-08-15','15/08/2016','1','4','0','12','1349900068721'),(278,'2332','2559',0.00,'16','08','2016','02:43:16','2016-08-16','16/08/2016','1','4','0','1','1349900068721'),(279,'2333','2559',5.00,'16','08','2016','02:43:16','2016-08-16','16/08/2016','1','4','0','2','1349900068721'),(280,'2334','2559',0.00,'16','08','2016','02:43:16','2016-08-16','16/08/2016','1','4','0','3','1349900068721'),(281,'2335','2559',15.00,'16','08','2016','02:43:16','2016-08-16','16/08/2016','1','4','0','4','1349900068721'),(282,'2336','2559',0.00,'16','08','2016','02:43:16','2016-08-16','16/08/2016','1','4','0','5','1349900068721'),(283,'2337','2559',10.00,'16','08','2016','02:43:16','2016-08-16','16/08/2016','1','4','0','6','1349900068721'),(284,'2338','2559',10.00,'16','08','2016','02:43:16','2016-08-16','16/08/2016','1','4','0','7','1349900068721'),(285,'2339','2559',20.00,'16','08','2016','02:43:16','2016-08-16','16/08/2016','1','4','0','8','1349900068721'),(286,'2340','2559',0.00,'16','08','2016','02:43:16','2016-08-16','16/08/2016','1','4','0','9','1349900068721'),(287,'2342','2559',0.00,'16','08','2016','02:43:16','2016-08-16','16/08/2016','1','4','0','10','1349900068721'),(288,'2343','2559',0.00,'16','08','2016','02:43:16','2016-08-16','16/08/2016','1','4','0','11','1349900068721'),(289,'2349','2559',0.00,'16','08','2016','02:43:16','2016-08-16','16/08/2016','1','4','0','12','1349900068721'),(290,'2332','2559',5.00,'17','08','2016','02:45:00','2016-08-17','17/08/2016','1','4','0','1','1349900068721'),(291,'2333','2559',5.00,'17','08','2016','02:45:00','2016-08-17','17/08/2016','1','4','0','2','1349900068721'),(292,'2334','2559',0.00,'17','08','2016','02:45:00','2016-08-17','17/08/2016','1','4','0','3','1349900068721'),(293,'2335','2559',25.00,'17','08','2016','02:45:00','2016-08-17','17/08/2016','1','4','0','4','1349900068721'),(294,'2336','2559',0.00,'17','08','2016','02:45:00','2016-08-17','17/08/2016','1','4','0','5','1349900068721'),(295,'2337','2559',5.00,'17','08','2016','02:45:00','2016-08-17','17/08/2016','1','4','0','6','1349900068721'),(296,'2338','2559',10.00,'17','08','2016','02:45:00','2016-08-17','17/08/2016','1','4','0','7','1349900068721'),(297,'2339','2559',20.00,'17','08','2016','02:45:00','2016-08-17','17/08/2016','1','4','0','8','1349900068721'),(298,'2340','2559',0.00,'17','08','2016','02:45:00','2016-08-17','17/08/2016','1','4','0','9','1349900068721'),(299,'2342','2559',0.00,'17','08','2016','02:45:00','2016-08-17','17/08/2016','1','4','0','10','1349900068721'),(300,'2343','2559',10.00,'17','08','2016','02:45:00','2016-08-17','17/08/2016','1','4','0','11','1349900068721'),(301,'2349','2559',0.00,'17','08','2016','02:45:00','2016-08-17','17/08/2016','1','4','0','12','1349900068721'),(302,'2332','2559',5.00,'19','08','2016','02:46:25','2016-08-19','19/08/2016','1','4','0','1','1349900068721'),(303,'2333','2559',5.00,'19','08','2016','02:46:25','2016-08-19','19/08/2016','1','4','0','2','1349900068721'),(304,'2335','2559',17.00,'19','08','2016','02:46:25','2016-08-19','19/08/2016','1','4','0','4','1349900068721'),(305,'2338','2559',5.00,'19','08','2016','02:46:25','2016-08-19','19/08/2016','1','4','0','7','1349900068721'),(306,'2339','2559',20.00,'19','08','2016','02:46:25','2016-08-19','19/08/2016','1','4','0','8','1349900068721'),(307,'2342','2559',5.00,'19','08','2016','02:46:25','2016-08-19','19/08/2016','1','4','0','10','1349900068721'),(308,'2349','2559',5.00,'19','08','2016','02:46:25','2016-08-19','19/08/2016','1','4','0','12','1349900068721'),(309,'2326','2559',15.00,'23','08','2016','10:47:01','2016-08-23','23/08/2016','1','5','0','5','1349900314773'),(310,'2324','2559',5.00,'23','08','2016','10:47:28','2016-08-23','23/08/2016','1','5','0','2','1349900314773'),(311,'2330','2559',5.00,'23','08','2016','10:47:54','2016-08-23','23/08/2016','1','5','0','8','1349900314773'),(312,'2328','2559',5.00,'23','08','2016','10:48:13','2016-08-23','23/08/2016','1','5','0','6','1349900314773'),(313,'2324','2559',0.00,'23','08','2016','10:49:23','2016-08-23','23/08/2016','1','5','0','2','1349900314773'),(314,'2325','2559',15.00,'23','08','2016','10:49:23','2016-08-23','23/08/2016','1','5','0','3','1349900314773'),(315,'2332','2559',20.00,'23','08','2016','02:55:05','2016-08-23','23/08/2016','1','4','0','1','1349900068721'),(316,'2333','2559',5.00,'23','08','2016','02:55:05','2016-08-23','23/08/2016','1','4','0','2','1349900068721'),(317,'2334','2559',10.00,'23','08','2016','02:55:05','2016-08-23','23/08/2016','1','4','0','3','1349900068721'),(318,'2335','2559',30.00,'23','08','2016','02:55:05','2016-08-23','23/08/2016','1','4','0','4','1349900068721'),(319,'2336','2559',5.00,'23','08','2016','02:55:05','2016-08-23','23/08/2016','1','4','0','5','1349900068721'),(320,'2337','2559',0.00,'23','08','2016','02:55:05','2016-08-23','23/08/2016','1','4','0','6','1349900068721'),(321,'2338','2559',15.00,'23','08','2016','02:55:05','2016-08-23','23/08/2016','1','4','0','7','1349900068721'),(322,'2339','2559',5.00,'23','08','2016','02:55:05','2016-08-23','23/08/2016','1','4','0','8','1349900068721'),(323,'2340','2559',5.00,'23','08','2016','02:55:05','2016-08-23','23/08/2016','1','4','0','9','1349900068721'),(324,'2342','2559',10.00,'23','08','2016','02:55:05','2016-08-23','23/08/2016','1','4','0','10','1349900068721'),(325,'2343','2559',10.00,'23','08','2016','02:55:05','2016-08-23','23/08/2016','1','4','0','11','1349900068721'),(326,'2349','2559',5.00,'23','08','2016','02:55:05','2016-08-23','23/08/2016','1','4','0','12','1349900068721'),(327,'2323','2559',5.00,'24','08','2016','10:18:56','2016-08-24','24/08/2016','1','5','0','1','1349900314773'),(328,'2325','2559',5.00,'24','08','2016','10:18:56','2016-08-24','24/08/2016','1','5','0','3','1349900314773'),(329,'2326','2559',5.00,'24','08','2016','10:18:56','2016-08-24','24/08/2016','1','5','0','5','1349900314773'),(330,'2328','2559',5.00,'24','08','2016','10:18:56','2016-08-24','24/08/2016','1','5','0','6','1349900314773'),(331,'2330','2559',5.00,'24','08','2016','10:18:56','2016-08-24','24/08/2016','1','5','0','8','1349900314773'),(332,'2277','2559',5.00,'24','08','2016','11:35:19','2016-08-24','24/08/2016','1','8','0','1','3410900087481'),(333,'2278','2559',5.00,'24','08','2016','11:35:19','2016-08-24','24/08/2016','1','8','0','2','3410900087481'),(334,'2279','2559',5.00,'24','08','2016','11:35:19','2016-08-24','24/08/2016','1','8','0','3','3410900087481'),(335,'2280','2559',2.00,'24','08','2016','11:35:19','2016-08-24','24/08/2016','1','8','0','4','3410900087481'),(336,'2281','2559',5.00,'24','08','2016','11:35:19','2016-08-24','24/08/2016','1','8','0','5','3410900087481'),(337,'2282','2559',5.00,'24','08','2016','11:35:19','2016-08-24','24/08/2016','1','8','0','6','3410900087481'),(338,'2283','2559',5.00,'24','08','2016','11:35:19','2016-08-24','24/08/2016','1','8','0','7','3410900087481'),(339,'2284','2559',5.00,'24','08','2016','11:35:19','2016-08-24','24/08/2016','1','8','0','8','3410900087481'),(340,'2332','2559',20.00,'24','08','2016','01:15:04','2016-08-24','24/08/2016','1','4','0','1','1349900068721'),(341,'2333','2559',5.00,'24','08','2016','01:15:04','2016-08-24','24/08/2016','1','4','0','2','1349900068721'),(342,'2334','2559',10.00,'24','08','2016','01:15:04','2016-08-24','24/08/2016','1','4','0','3','1349900068721'),(343,'2335','2559',15.00,'24','08','2016','01:15:04','2016-08-24','24/08/2016','1','4','0','4','1349900068721'),(344,'2336','2559',16.00,'24','08','2016','01:15:04','2016-08-24','24/08/2016','1','4','0','5','1349900068721'),(345,'2337','2559',10.00,'24','08','2016','01:15:04','2016-08-24','24/08/2016','1','4','0','6','1349900068721'),(346,'2338','2559',15.00,'24','08','2016','01:15:04','2016-08-24','24/08/2016','1','4','0','7','1349900068721'),(347,'2339','2559',20.00,'24','08','2016','01:15:04','2016-08-24','24/08/2016','1','4','0','8','1349900068721'),(348,'2340','2559',5.00,'24','08','2016','01:15:04','2016-08-24','24/08/2016','1','4','0','9','1349900068721'),(349,'2342','2559',10.00,'24','08','2016','01:15:04','2016-08-24','24/08/2016','1','4','0','10','1349900068721'),(350,'2343','2559',10.00,'24','08','2016','01:15:04','2016-08-24','24/08/2016','1','4','0','11','1349900068721'),(351,'2349','2559',5.00,'24','08','2016','01:15:04','2016-08-24','24/08/2016','1','4','0','12','1349900068721'),(352,'2333','2559',5.00,'25','08','2016','03:33:52','2016-08-25','25/08/2016','1','4','0','2','1349900068721'),(353,'2334','2559',5.00,'25','08','2016','03:33:52','2016-08-25','25/08/2016','1','4','0','3','1349900068721'),(354,'2335','2559',15.00,'25','08','2016','03:33:52','2016-08-25','25/08/2016','1','4','0','4','1349900068721'),(355,'2336','2559',10.00,'25','08','2016','03:33:52','2016-08-25','25/08/2016','1','4','0','5','1349900068721'),(356,'2337','2559',5.00,'25','08','2016','03:33:52','2016-08-25','25/08/2016','1','4','0','6','1349900068721'),(357,'2338','2559',15.00,'25','08','2016','03:33:52','2016-08-25','25/08/2016','1','4','0','7','1349900068721'),(358,'2339','2559',10.00,'25','08','2016','03:33:52','2016-08-25','25/08/2016','1','4','0','8','1349900068721'),(359,'2340','2559',5.00,'25','08','2016','03:33:52','2016-08-25','25/08/2016','1','4','0','9','1349900068721'),(360,'2342','2559',0.00,'25','08','2016','03:33:52','2016-08-25','25/08/2016','1','4','0','10','1349900068721'),(361,'2343','2559',10.00,'25','08','2016','03:33:52','2016-08-25','25/08/2016','1','4','0','11','1349900068721'),(362,'2349','2559',10.00,'25','08','2016','03:33:52','2016-08-25','25/08/2016','1','4','0','12','1349900068721'),(363,'2324','2559',10.00,'29','08','2016','10:30:53','2016-08-29','29/08/2016','1','5','0','2','1349900314773'),(364,'2326','2559',10.00,'29','08','2016','10:30:53','2016-08-29','29/08/2016','1','5','0','5','1349900314773'),(365,'2330','2559',5.00,'29','08','2016','10:30:53','2016-08-29','29/08/2016','1','5','0','8','1349900314773'),(366,'2332','2559',20.00,'26','08','2016','11:30:59','2016-08-26','26/08/2016','1','4','0','1','1349900068721'),(367,'2333','2559',0.00,'26','08','2016','11:30:59','2016-08-26','26/08/2016','1','4','0','2','1349900068721'),(368,'2334','2559',0.00,'26','08','2016','11:30:59','2016-08-26','26/08/2016','1','4','0','3','1349900068721'),(369,'2335','2559',20.00,'26','08','2016','11:30:59','2016-08-26','26/08/2016','1','4','0','4','1349900068721'),(370,'2336','2559',10.00,'26','08','2016','11:30:59','2016-08-26','26/08/2016','1','4','0','5','1349900068721'),(371,'2337','2559',10.00,'26','08','2016','11:30:59','2016-08-26','26/08/2016','1','4','0','6','1349900068721'),(372,'2338','2559',10.00,'26','08','2016','11:30:59','2016-08-26','26/08/2016','1','4','0','7','1349900068721'),(373,'2339','2559',20.00,'26','08','2016','11:30:59','2016-08-26','26/08/2016','1','4','0','8','1349900068721'),(374,'2340','2559',5.00,'26','08','2016','11:30:59','2016-08-26','26/08/2016','1','4','0','9','1349900068721'),(375,'2342','2559',20.00,'26','08','2016','11:30:59','2016-08-26','26/08/2016','1','4','0','10','1349900068721'),(376,'2343','2559',20.00,'26','08','2016','11:30:59','2016-08-26','26/08/2016','1','4','0','11','1349900068721'),(377,'2349','2559',0.00,'26','08','2016','11:30:59','2016-08-26','26/08/2016','1','4','0','12','1349900068721'),(378,'2332','2559',10.00,'29','08','2016','11:33:37','2016-08-29','29/08/2016','1','4','0','1','1349900068721'),(379,'2333','2559',5.00,'29','08','2016','11:33:37','2016-08-29','29/08/2016','1','4','0','2','1349900068721'),(380,'2334','2559',0.00,'29','08','2016','11:33:37','2016-08-29','29/08/2016','1','4','0','3','1349900068721'),(381,'2335','2559',25.00,'29','08','2016','11:33:37','2016-08-29','29/08/2016','1','4','0','4','1349900068721'),(382,'2336','2559',0.00,'29','08','2016','11:33:37','2016-08-29','29/08/2016','1','4','0','5','1349900068721'),(383,'2337','2559',0.00,'29','08','2016','11:33:37','2016-08-29','29/08/2016','1','4','0','6','1349900068721'),(384,'2338','2559',0.00,'29','08','2016','11:33:37','2016-08-29','29/08/2016','1','4','0','7','1349900068721'),(385,'2339','2559',10.00,'29','08','2016','11:33:37','2016-08-29','29/08/2016','1','4','0','8','1349900068721'),(386,'2340','2559',5.00,'29','08','2016','11:33:37','2016-08-29','29/08/2016','1','4','0','9','1349900068721'),(387,'2342','2559',10.00,'29','08','2016','11:33:37','2016-08-29','29/08/2016','1','4','0','10','1349900068721'),(388,'2343','2559',10.00,'29','08','2016','11:33:37','2016-08-29','29/08/2016','1','4','0','11','1349900068721'),(389,'2349','2559',5.00,'29','08','2016','11:33:37','2016-08-29','29/08/2016','1','4','0','12','1349900068721'),(390,'2324','2559',5.00,'30','08','2016','01:40:38','2016-08-30','30/08/2016','1','5','0','2','1349900314773'),(391,'2328','2559',5.00,'30','08','2016','01:40:38','2016-08-30','30/08/2016','1','5','0','6','1349900314773'),(392,'2277','2559',5.00,'01','09','2016','01:25:26','2016-09-01','01/09/2016','1','8','0','1','3410900087481'),(393,'2279','2559',3.00,'01','09','2016','01:25:26','2016-09-01','01/09/2016','1','8','0','3','3410900087481'),(394,'2280','2559',5.00,'01','09','2016','01:25:26','2016-09-01','01/09/2016','1','8','0','4','3410900087481'),(395,'2281','2559',1.00,'01','09','2016','01:25:26','2016-09-01','01/09/2016','1','8','0','5','3410900087481'),(396,'2335','2559',15.00,'08','09','2016','01:09:48','2016-09-08','08/09/2016','1','4','0','4','1349900068721'),(397,'2338','2559',5.00,'08','09','2016','01:09:48','2016-09-08','08/09/2016','1','4','0','7','1349900068721'),(398,'2339','2559',5.00,'08','09','2016','01:09:48','2016-09-08','08/09/2016','1','4','0','8','1349900068721'),(399,'2340','2559',5.00,'08','09','2016','01:09:48','2016-09-08','08/09/2016','1','4','0','9','1349900068721'),(400,'2342','2559',20.00,'08','09','2016','01:09:48','2016-09-08','08/09/2016','1','4','0','10','1349900068721'),(401,'2343','2559',20.00,'08','09','2016','01:09:48','2016-09-08','08/09/2016','1','4','0','11','1349900068721'),(402,'2349','2559',5.00,'08','09','2016','01:09:48','2016-09-08','08/09/2016','1','4','0','12','1349900068721'),(403,'2329','2559',5.00,'08','09','2016','01:21:43','2016-09-08','08/09/2016','1','5','0','7','1349900314773'),(404,'2277','2559',5.00,'09','09','2016','10:55:39','2016-09-09','09/09/2016','1','8','0','1','3410900087481'),(405,'2278','2559',5.00,'09','09','2016','10:55:39','2016-09-09','09/09/2016','1','8','0','2','3410900087481'),(406,'2279','2559',5.00,'09','09','2016','10:55:39','2016-09-09','09/09/2016','1','8','0','3','3410900087481'),(407,'2281','2559',4.00,'09','09','2016','10:55:39','2016-09-09','09/09/2016','1','8','0','5','3410900087481'),(408,'2282','2559',5.00,'09','09','2016','10:55:39','2016-09-09','09/09/2016','1','8','0','6','3410900087481'),(409,'2283','2559',3.00,'09','09','2016','10:55:39','2016-09-09','09/09/2016','1','8','0','7','3410900087481'),(410,'2328','2559',5.00,'09','09','2016','01:59:38','2016-09-09','09/09/2016','1','5','0','6','1349900314773'),(411,'2328','2559',10.00,'09','09','2016','02:03:38','2016-09-09','09/09/2016','1','5','0','6','1349900314773'),(412,'2326','2559',5.00,'12','09','2016','09:34:26','2016-09-12','12/09/2016','1','5','0','5','1349900314773'),(413,'2328','2559',5.00,'12','09','2016','09:34:26','2016-09-12','12/09/2016','1','5','0','6','1349900314773'),(414,'2330','2559',5.00,'12','09','2016','09:34:26','2016-09-12','12/09/2016','1','5','0','8','1349900314773'),(415,'2326','2559',5.00,'13','09','2016','11:28:44','2016-09-13','13/09/2016','1','5','0','5','1349900314773'),(416,'2328','2559',5.00,'13','09','2016','11:30:20','2016-09-13','13/09/2016','1','5','0','6','1349900314773'),(417,'2278','2559',5.00,'19','09','2016','10:37:15','2016-09-19','19/09/2016','1','8','0','2','3410900087481'),(418,'2281','2559',5.00,'19','09','2016','10:37:15','2016-09-19','19/09/2016','1','8','0','5','3410900087481'),(419,'2283','2559',5.00,'19','09','2016','10:37:15','2016-09-19','19/09/2016','1','8','0','7','3410900087481'),(420,'2278','2559',10.00,'22','09','2016','11:25:52','2016-09-22','22/09/2016','1','8','0','2','3410900087481'),(421,'2279','2559',5.00,'22','09','2016','11:25:52','2016-09-22','22/09/2016','1','8','0','3','3410900087481'),(422,'2280','2559',10.00,'22','09','2016','11:25:52','2016-09-22','22/09/2016','1','8','0','4','3410900087481'),(423,'2281','2559',18.00,'22','09','2016','11:25:52','2016-09-22','22/09/2016','1','8','0','5','3410900087481'),(424,'2282','2559',10.00,'22','09','2016','11:25:52','2016-09-22','22/09/2016','1','8','0','6','3410900087481'),(425,'2283','2559',15.00,'22','09','2016','11:25:52','2016-09-22','22/09/2016','1','8','0','7','3410900087481'),(426,'2284','2559',1.00,'22','09','2016','11:25:52','2016-09-22','22/09/2016','1','8','0','8','3410900087481'),(427,'2324','2559',5.00,'26','09','2016','09:22:39','2016-09-26','26/09/2016','1','5','0','2','1349900314773'),(428,'2325','2559',5.00,'26','09','2016','09:22:39','2016-09-26','26/09/2016','1','5','0','3','1349900314773'),(429,'2326','2559',5.00,'26','09','2016','09:22:39','2016-09-26','26/09/2016','1','5','0','5','1349900314773'),(430,'2328','2559',5.00,'26','09','2016','09:22:39','2016-09-26','26/09/2016','1','5','0','6','1349900314773'),(431,'2330','2559',5.00,'26','09','2016','09:22:39','2016-09-26','26/09/2016','1','5','0','8','1349900314773'),(432,'2324','2559',5.00,'27','09','2016','09:42:41','2016-09-27','27/09/2016','1','5','0','2','1349900314773'),(433,'2328','2559',5.00,'27','09','2016','09:42:41','2016-09-27','27/09/2016','1','5','0','6','1349900314773'),(434,'2329','2559',5.00,'27','09','2016','09:42:41','2016-09-27','27/09/2016','1','5','0','7','1349900314773'),(435,'2330','2559',5.00,'27','09','2016','09:42:41','2016-09-27','27/09/2016','1','5','0','8','1349900314773'),(436,'2277','2559',10.00,'27','09','2016','09:44:30','2016-09-27','27/09/2016','1','8','0','1','3410900087481'),(437,'2278','2559',15.00,'27','09','2016','09:44:30','2016-09-27','27/09/2016','1','8','0','2','3410900087481'),(438,'2279','2559',5.00,'27','09','2016','09:44:30','2016-09-27','27/09/2016','1','8','0','3','3410900087481'),(439,'2280','2559',10.00,'27','09','2016','09:44:30','2016-09-27','27/09/2016','1','8','0','4','3410900087481'),(440,'2281','2559',20.00,'27','09','2016','09:44:30','2016-09-27','27/09/2016','1','8','0','5','3410900087481'),(441,'2282','2559',10.00,'27','09','2016','09:44:30','2016-09-27','27/09/2016','1','8','0','6','3410900087481'),(442,'2283','2559',13.00,'27','09','2016','09:44:30','2016-09-27','27/09/2016','1','8','0','7','3410900087481'),(443,'2277','2559',10.00,'28','09','2016','10:10:50','2016-09-28','28/09/2016','1','8','0','1','3410900087481'),(444,'2278','2559',15.00,'28','09','2016','10:10:50','2016-09-28','28/09/2016','1','8','0','2','3410900087481'),(445,'2279','2559',5.00,'28','09','2016','10:10:50','2016-09-28','28/09/2016','1','8','0','3','3410900087481'),(446,'2280','2559',10.00,'28','09','2016','10:10:50','2016-09-28','28/09/2016','1','8','0','4','3410900087481'),(447,'2281','2559',20.00,'28','09','2016','10:10:50','2016-09-28','28/09/2016','1','8','0','5','3410900087481'),(448,'2283','2559',10.00,'28','09','2016','10:10:50','2016-09-28','28/09/2016','1','8','0','7','3410900087481'),(449,'2278','2559',1.00,'29','09','2016','10:55:27','2016-09-29','29/09/2016','1','8','0','2','3410900087481'),(450,'2283','2559',11.00,'29','09','2016','10:55:27','2016-09-29','29/09/2016','1','8','0','7','3410900087481'),(451,'2284','2559',10.00,'29','09','2016','10:55:27','2016-09-29','29/09/2016','1','8','0','8','3410900087481'),(452,'2278','2559',5.00,'30','09','2016','10:39:30','2016-09-30','30/09/2016','1','8','0','2','3410900087481'),(453,'2281','2559',1.00,'30','09','2016','10:39:30','2016-09-30','30/09/2016','1','8','0','5','3410900087481'),(454,'2282','2559',5.00,'30','09','2016','10:39:30','2016-09-30','30/09/2016','1','8','0','6','3410900087481'),(455,'2283','2559',10.00,'30','09','2016','10:39:30','2016-09-30','30/09/2016','1','8','0','7','3410900087481'),(456,'2325','2559',3.00,'04','10','2016','10:49:12','2016-10-04','04/10/2016','1','5','0','3','1349900314773'),(457,'2278','2559',10.00,'03','11','2016','11:12:33','2016-11-03','03/11/2016','1','8','0','2','3410900087481'),(458,'2279','2559',5.00,'03','11','2016','11:12:33','2016-11-03','03/11/2016','1','8','0','3','3410900087481'),(459,'2281','2559',2.00,'03','11','2016','11:12:33','2016-11-03','03/11/2016','1','8','0','5','3410900087481'),(460,'2283','2559',10.00,'03','11','2016','11:12:33','2016-11-03','03/11/2016','1','8','0','7','3410900087481'),(461,'2277','2559',10.00,'09','11','2016','11:30:45','2016-11-09','09/11/2016','1','8','0','1','3410900087481'),(462,'2278','2559',5.00,'09','11','2016','11:30:45','2016-11-09','09/11/2016','1','8','0','2','3410900087481'),(463,'2279','2559',9.00,'09','11','2016','11:30:45','2016-11-09','09/11/2016','1','8','0','3','3410900087481'),(464,'2282','2559',5.00,'09','11','2016','11:30:45','2016-11-09','09/11/2016','1','8','0','6','3410900087481'),(465,'2283','2559',10.00,'09','11','2016','11:30:45','2016-11-09','09/11/2016','1','8','0','7','3410900087481'),(466,'2277','2559',10.00,'10','11','2016','11:34:44','2016-11-10','10/11/2016','1','8','0','1','3410900087481'),(467,'2278','2559',10.00,'10','11','2016','11:34:44','2016-11-10','10/11/2016','1','8','0','2','3410900087481'),(468,'2279','2559',10.00,'10','11','2016','11:34:44','2016-11-10','10/11/2016','1','8','0','3','3410900087481'),(469,'2281','2559',10.00,'10','11','2016','11:34:44','2016-11-10','10/11/2016','1','8','0','5','3410900087481'),(470,'2283','2559',10.00,'10','11','2016','11:34:44','2016-11-10','10/11/2016','1','8','0','7','3410900087481'),(471,'2280','2559',20.00,'14','11','2016','11:38:09','2016-11-14','14/11/2016','2','8','0','4','3410900087481'),(472,'2284','2559',10.00,'14','11','2016','11:38:31','2016-11-14','14/11/2016','2','8','0','8','3410900087481'),(473,'2278','2559',11.00,'14','11','2016','11:38:57','2016-11-14','14/11/2016','2','8','0','2','3410900087481'),(474,'2277','2559',15.00,'14','11','2016','11:39:28','2016-11-14','14/11/2016','2','8','0','1','3410900087481'),(475,'2283','2559',5.00,'15','11','2016','11:38:48','2016-11-15','15/11/2016','2','8','0','7','3410900087481'),(476,'2282','2559',9.00,'15','11','2016','11:39:33','2016-11-15','15/11/2016','2','8','0','6','3410900087481'),(477,'2284','2559',10.00,'15','11','2016','11:40:03','2016-11-15','15/11/2016','2','8','0','8','3410900087481'),(478,'2280','2559',5.00,'15','11','2016','11:40:37','2016-11-15','15/11/2016','2','8','0','4','3410900087481'),(479,'2279','2559',5.00,'15','11','2016','11:41:27','2016-11-15','15/11/2016','2','8','0','3','3410900087481'),(480,'2278','2559',20.00,'15','11','2016','11:41:59','2016-11-15','15/11/2016','2','8','0','2','3410900087481'),(481,'2277','2559',5.00,'15','11','2016','11:42:51','2016-11-15','15/11/2016','2','8','0','1','3410900087481'),(482,'2280','2559',7.00,'17','11','2016','11:43:07','2016-11-17','17/11/2016','2','8','0','4','3410900087481'),(483,'2278','2559',20.00,'17','11','2016','11:43:23','2016-11-17','17/11/2016','2','8','0','2','3410900087481'),(484,'2279','2559',10.00,'17','11','2016','11:43:45','2016-11-17','17/11/2016','2','8','0','3','3410900087481'),(485,'2281','2559',10.00,'17','11','2016','11:44:12','2016-11-17','17/11/2016','2','8','0','5','3410900087481'),(486,'2282','2559',5.00,'17','11','2016','11:44:38','2016-11-17','17/11/2016','2','8','0','6','3410900087481'),(487,'2277','2559',5.00,'17','11','2016','11:45:10','2016-11-17','17/11/2016','2','8','0','1','3410900087481'),(488,'2279','2559',5.00,'18','11','2016','11:51:34','2016-11-18','18/11/2016','2','8','0','3','3410900087481'),(489,'2278','2559',20.00,'18','11','2016','11:52:14','2016-11-18','18/11/2016','2','8','0','2','3410900087481'),(490,'2281','2559',20.00,'18','11','2016','11:52:35','2016-11-18','18/11/2016','2','8','0','5','3410900087481'),(491,'2282','2559',5.00,'18','11','2016','11:53:13','2016-11-18','18/11/2016','2','8','0','6','3410900087481'),(492,'2279','2559',8.00,'21','11','2016','11:38:11','2016-11-21','21/11/2016','2','8','0','3','3410900087481'),(493,'2281','2559',13.00,'21','11','2016','11:38:33','2016-11-21','21/11/2016','2','8','0','5','3410900087481'),(494,'2277','2559',20.00,'22','11','2016','02:57:55','2016-11-22','22/11/2016','2','8','0','1','3410900087481'),(495,'2279','2559',10.00,'22','11','2016','02:58:21','2016-11-22','22/11/2016','2','8','0','3','3410900087481'),(496,'2281','2559',20.00,'22','11','2016','02:59:34','2016-11-22','22/11/2016','2','8','0','5','3410900087481'),(497,'2277','2559',10.00,'23','11','2016','11:54:08','2016-11-23','23/11/2016','2','8','0','1','3410900087481'),(498,'2278','2559',10.00,'23','11','2016','11:54:26','2016-11-23','23/11/2016','2','8','0','2','3410900087481'),(499,'2282','2559',5.00,'23','11','2016','11:54:42','2016-11-23','23/11/2016','2','8','0','6','3410900087481'),(500,'2281','2559',10.00,'23','11','2016','11:55:02','2016-11-23','23/11/2016','2','8','0','5','3410900087481'),(501,'2278','2559',10.00,'24','11','2016','11:49:46','2016-11-24','24/11/2016','2','8','0','2','3410900087481'),(502,'2277','2559',10.00,'25','11','2016','10:53:06','2016-11-25','25/11/2016','2','8','0','1','3410900087481'),(503,'2278','2559',10.00,'25','11','2016','10:53:21','2016-11-25','25/11/2016','2','8','0','2','3410900087481'),(504,'2281','2559',10.00,'25','11','2016','10:53:45','2016-11-25','25/11/2016','2','8','0','5','3410900087481'),(505,'2283','2559',20.00,'28','11','2016','10:32:22','2016-11-28','28/11/2016','2','8','0','7','3410900087481'),(506,'2282','2559',10.00,'28','11','2016','10:32:43','2016-11-28','28/11/2016','2','8','0','6','3410900087481'),(507,'2281','2559',10.00,'28','11','2016','10:33:07','2016-11-28','28/11/2016','2','8','0','5','3410900087481'),(508,'2332','2559',120.00,'01','12','2016','02:05:38','2016-12-01','01/12/2016','2','4','0','1','1349900068721'),(509,'2333','2559',80.00,'01','12','2016','02:06:31','2016-12-01','01/12/2016','2','4','0','2','1349900068721'),(510,'2335','2559',150.00,'01','12','2016','02:07:31','2016-12-01','01/12/2016','2','4','0','4','1349900068721'),(511,'2336','2559',76.00,'01','12','2016','02:08:45','2016-12-01','01/12/2016','2','4','0','5','1349900068721'),(512,'2336','2559',6.00,'01','12','2016','02:09:08','2016-12-01','01/12/2016','1','4','0','5','1349900068721'),(513,'2337','2559',75.00,'01','12','2016','02:09:33','2016-12-01','01/12/2016','2','4','0','6','1349900068721'),(514,'2338','2559',30.00,'01','12','2016','02:10:13','2016-12-01','01/12/2016','2','4','0','7','1349900068721'),(515,'2339','2559',150.00,'01','12','2016','02:11:07','2016-12-01','01/12/2016','2','4','0','8','1349900068721'),(516,'2340','2559',73.00,'01','12','2016','02:11:26','2016-12-01','01/12/2016','2','4','0','9','1349900068721'),(517,'2342','2559',100.00,'01','12','2016','02:11:55','2016-12-01','01/12/2016','2','4','0','10','1349900068721'),(518,'2343','2559',110.00,'01','12','2016','02:12:17','2016-12-01','01/12/2016','2','4','0','11','1349900068721'),(519,'2349','2559',50.00,'01','12','2016','02:12:40','2016-12-01','01/12/2016','2','4','0','12','1349900068721'),(520,'2334','2559',5.00,'01','12','2016','02:16:52','2016-12-01','01/12/2016','1','4','0','3','1349900068721'),(521,'2335','2559',20.00,'01','12','2016','02:16:52','2016-12-01','01/12/2016','1','4','0','4','1349900068721'),(522,'2336','2559',5.00,'01','12','2016','02:16:52','2016-12-01','01/12/2016','1','4','0','5','1349900068721'),(523,'2340','2559',5.00,'01','12','2016','02:16:52','2016-12-01','01/12/2016','1','4','0','9','1349900068721'),(524,'2343','2559',15.00,'01','12','2016','02:16:52','2016-12-01','01/12/2016','1','4','0','11','1349900068721'),(525,'2277','2559',10.00,'31','03','2017','10:01:23','2017-03-31','31/03/2017','2','8','0','1','3410900087481'),(526,'2278','2559',10.00,'31','03','2017','10:01:47','2017-03-31','31/03/2017','2','8','0','2','3410900087481'),(527,'2279','2559',30.00,'31','03','2017','10:02:12','2017-03-31','31/03/2017','2','8','0','3','3410900087481'),(528,'2280','2559',10.00,'31','03','2017','10:02:33','2017-03-31','31/03/2017','2','8','0','4','3410900087481'),(529,'2281','2559',10.00,'31','03','2017','10:02:54','2017-03-31','31/03/2017','2','8','0','5','3410900087481'),(530,'2282','2559',25.00,'31','03','2017','10:03:12','2017-03-31','31/03/2017','2','8','0','6','3410900087481'),(531,'2283','2559',100.00,'31','03','2017','10:03:46','2017-03-31','31/03/2017','2','8','0','7','3410900087481'),(532,'2284','2559',10.00,'31','03','2017','10:04:00','2017-03-31','31/03/2017','2','8','0','8','3410900087481'),(533,'2332','2564',1.00,'30','06','2021','11:31:51','2021-06-30','30/06/2021','1','9','0','1','3330400729361'),(534,'2333','2564',1.00,'30','06','2021','11:31:51','2021-06-30','30/06/2021','1','9','0','2','3330400729361'),(535,'2334','2564',1.00,'30','06','2021','11:31:51','2021-06-30','30/06/2021','1','9','0','3','3330400729361'),(536,'2335','2564',1.00,'30','06','2021','11:31:51','2021-06-30','30/06/2021','1','9','0','4','3330400729361'),(537,'2336','2564',1.00,'30','06','2021','11:31:51','2021-06-30','30/06/2021','1','9','0','5','3330400729361'),(538,'2337','2564',1.00,'30','06','2021','11:31:51','2021-06-30','30/06/2021','1','9','0','6','3330400729361'),(539,'2338','2564',1.00,'30','06','2021','11:31:51','2021-06-30','30/06/2021','1','9','0','7','3330400729361'),(540,'2340','2564',1.00,'30','06','2021','11:31:51','2021-06-30','30/06/2021','1','9','0','8','3330400729361'),(541,'2342','2564',1.00,'30','06','2021','11:31:51','2021-06-30','30/06/2021','1','9','0','9','3330400729361'),(542,'2343','2564',1.00,'30','06','2021','11:31:51','2021-06-30','30/06/2021','1','9','0','10','3330400729361'),(543,'2344','2564',1.00,'30','06','2021','11:38:58','2021-06-30','30/06/2021','1','8','0','1','3330400729361'),(544,'2345','2564',1.00,'30','06','2021','11:38:58','2021-06-30','30/06/2021','1','8','0','2','3330400729361'),(545,'2348','2564',1.00,'30','06','2021','11:38:58','2021-06-30','30/06/2021','1','8','0','3','3330400729361'),(546,'2358','2564',1.00,'30','06','2021','11:38:58','2021-06-30','30/06/2021','1','8','0','4','3330400729361'),(547,'2368','2564',1.00,'30','06','2021','11:38:58','2021-06-30','30/06/2021','1','8','0','5','3330400729361'),(548,'2369','2564',1.00,'30','06','2021','11:38:58','2021-06-30','30/06/2021','1','8','0','6','3330400729361'),(549,'2370','2564',1.00,'30','06','2021','11:38:58','2021-06-30','30/06/2021','1','8','0','7','3330400729361'),(550,'2371','2564',1.00,'30','06','2021','11:38:58','2021-06-30','30/06/2021','1','8','0','8','3330400729361'),(551,'2373','2564',1.00,'30','06','2021','11:38:58','2021-06-30','30/06/2021','1','8','0','9','3330400729361'),(552,'2392','2564',1.00,'30','06','2021','11:38:58','2021-06-30','30/06/2021','1','8','0','10','3330400729361'),(553,'2393','2564',1.00,'30','06','2021','11:38:58','2021-06-30','30/06/2021','1','8','0','11','3330400729361'),(554,'2394','2564',1.00,'30','06','2021','11:38:58','2021-06-30','30/06/2021','1','8','0','12','3330400729361'),(555,'2395','2564',1.00,'30','06','2021','11:38:58','2021-06-30','30/06/2021','1','8','0','13','3330400729361'),(556,'2396','2564',1.00,'30','06','2021','11:38:58','2021-06-30','30/06/2021','1','8','0','14','3330400729361'),(557,'2350','2564',1.00,'30','06','2021','11:39:30','2021-06-30','30/06/2021','1','7','0','1','3330400729361'),(558,'2351','2564',1.00,'30','06','2021','11:39:30','2021-06-30','30/06/2021','1','7','0','2','3330400729361'),(559,'2352','2564',1.00,'30','06','2021','11:39:30','2021-06-30','30/06/2021','1','7','0','3','3330400729361'),(560,'2353','2564',1.00,'30','06','2021','11:39:30','2021-06-30','30/06/2021','1','7','0','4','3330400729361'),(561,'2354','2564',1.00,'30','06','2021','11:39:30','2021-06-30','30/06/2021','1','7','0','5','3330400729361'),(562,'2356','2564',1.00,'30','06','2021','11:39:30','2021-06-30','30/06/2021','1','7','0','6','3330400729361'),(563,'2372','2564',1.00,'30','06','2021','11:39:30','2021-06-30','30/06/2021','1','7','0','7','3330400729361'),(564,'2389','2564',1.00,'30','06','2021','11:39:30','2021-06-30','30/06/2021','1','7','0','8','3330400729361'),(565,'2390','2564',1.00,'30','06','2021','11:39:30','2021-06-30','30/06/2021','1','7','0','9','3330400729361'),(566,'2391','2564',1.00,'30','06','2021','11:39:30','2021-06-30','30/06/2021','1','7','0','10','3330400729361'),(567,'2418','2564',1.00,'30','06','2021','11:39:30','2021-06-30','30/06/2021','1','7','0','11','3330400729361'),(568,'2362','2564',1.00,'30','06','2021','11:39:55','2021-06-30','30/06/2021','1','6','0','1','3330400729361'),(569,'2363','2564',1.00,'30','06','2021','11:39:55','2021-06-30','30/06/2021','1','6','0','2','3330400729361'),(570,'2364','2564',1.00,'30','06','2021','11:39:55','2021-06-30','30/06/2021','1','6','0','3','3330400729361'),(571,'2365','2564',1.00,'30','06','2021','11:39:55','2021-06-30','30/06/2021','1','6','0','4','3330400729361'),(572,'2366','2564',1.00,'30','06','2021','11:39:55','2021-06-30','30/06/2021','1','6','0','5','3330400729361'),(573,'2367','2564',1.00,'30','06','2021','11:39:55','2021-06-30','30/06/2021','1','6','0','6','3330400729361'),(574,'2397','2564',1.00,'30','06','2021','11:39:55','2021-06-30','30/06/2021','1','6','0','7','3330400729361'),(575,'2414','2564',1.00,'30','06','2021','11:39:55','2021-06-30','30/06/2021','1','6','0','8','3330400729361'),(576,'2377','2564',1.00,'30','06','2021','11:40:20','2021-06-30','30/06/2021','1','5','0','1','3330400729361'),(577,'2378','2564',1.00,'30','06','2021','11:40:20','2021-06-30','30/06/2021','1','5','0','2','3330400729361'),(578,'2380','2564',1.00,'30','06','2021','11:40:20','2021-06-30','30/06/2021','1','5','0','3','3330400729361'),(579,'2381','2564',1.00,'30','06','2021','11:40:20','2021-06-30','30/06/2021','1','5','0','4','3330400729361'),(580,'2382','2564',1.00,'30','06','2021','11:40:20','2021-06-30','30/06/2021','1','5','0','5','3330400729361'),(581,'2383','2564',1.00,'30','06','2021','11:40:20','2021-06-30','30/06/2021','1','5','0','6','3330400729361'),(582,'2384','2564',1.00,'30','06','2021','11:40:20','2021-06-30','30/06/2021','1','5','0','7','3330400729361'),(583,'2386','2564',1.00,'30','06','2021','11:40:20','2021-06-30','30/06/2021','1','5','0','8','3330400729361'),(584,'2387','2564',1.00,'30','06','2021','11:40:20','2021-06-30','30/06/2021','1','5','0','9','3330400729361'),(585,'2388','2564',1.00,'30','06','2021','11:40:20','2021-06-30','30/06/2021','1','5','0','10','3330400729361'),(586,'2398','2564',1.00,'30','06','2021','11:40:39','2021-06-30','30/06/2021','1','4','0','1','3330400729361'),(587,'2399','2564',1.00,'30','06','2021','11:40:39','2021-06-30','30/06/2021','1','4','0','2','3330400729361'),(588,'2400','2564',1.00,'30','06','2021','11:40:39','2021-06-30','30/06/2021','1','4','0','3','3330400729361'),(589,'2401','2564',1.00,'30','06','2021','11:40:39','2021-06-30','30/06/2021','1','4','0','4','3330400729361'),(590,'2402','2564',1.00,'30','06','2021','11:40:39','2021-06-30','30/06/2021','1','4','0','5','3330400729361'),(591,'2403','2564',1.00,'30','06','2021','11:40:39','2021-06-30','30/06/2021','1','4','0','6','3330400729361'),(592,'2404','2564',1.00,'30','06','2021','11:40:39','2021-06-30','30/06/2021','1','4','0','7','3330400729361');

--
