(5670,2567,156,'ที่ ศธ 04186/ว741','2024-02-12','สพท.(กลุ่มนโยบายและแผน)','โรงเรียนบ้านบุ่ง','ประกาศแต่งตั้งคณะกรรมการบริหารกลุ่มส่งเสริมประสิทธิภาพการศึกษาสำโรง 3 (2024-02-12 16:12:16)',NULL,0,0,NULL,'2024-02-13','1707729055x1673765058','1339900347957',5,0),(5671,2567,157,'ที่ ๐๔๑๘๖/ว ๗๒๑','2024-02-12','สพท.(กลุ่มนิเทศฯ)','โรงเรียนบ้านบุ่ง','การประเมินความสามารถด้านการอ่านของผู้เรียน (RT) ชั้นประถมศึกษาปีที่ 1 ปีการศึกษา 256ุ6 (2024-02-12 20:08:06)',NULL,0,0,NULL,'2024-02-13','1707743184x1254296844','1339900347957',5,0),(5672,2567,158,'ที่ ศธ 04186/ว749','2024-02-13','สพท.(กลุ่มนิเทศฯ)','โรงเรียนบ้านบุ่ง','การประกวดโรงเรียนจัดการเรียนรู้สหกรณ์ ประจำปี 2567 (2024-02-13 08:45:14)',NULL,0,0,NULL,'2024-02-13','1707788498x890679933','1339900347957',5,0),(5673,2567,159,'ที่ ศธ 04186/ว750','2024-02-13','สพท.(กลุ่มนิเทศฯ)','โรงเรียนบ้านบุ่ง','การอบรมออนไลน์หลักสูตรผู้นำด้านเทคโนโลยีเพื่อการศึกษา (ICT Talent) ภาครัฐประจำปี พ.ศ. 2567 (2024-02-13 08:51:33)',NULL,0,0,NULL,'2024-02-13','1707788954x1714471977','1339900347957',5,0),(5674,2567,160,'ที่ ศธ 04186/ว751','2024-02-13','สพท.(กลุ่มนิเทศฯ)','โรงเรียนบ้านบุ่ง','โครงการส่งเสริมและพัฒนาคุณภาพโรงเรียน จากแผนพัฒนาการศึกษาของโรงเรียน (งบแลกเป้า) (2024-02-13 08:54:28)',NULL,0,0,NULL,'2024-02-13','1707789164x784054496','1339900347957',5,0),(5675,2567,161,'ที่ ศธ 04186/752','2024-02-13','สพท.(กลุ่มนิเทศฯ)','โรงเรียนบ้านบุ่ง','การบันทึกข้อมูลสำหรับโรงเรียนคอนเน็กซ์อีดี ประจำปีการศึกษา 2566 บนระบบฐานข้อมูลและบริหารจัดการสถานศึกษา (SMS: School Management System) (2024-02-13 08',NULL,0,0,NULL,'2024-02-13','1707789327x965013742','1339900347957',5,0),(5676,2567,162,'ที่ ศธ 04186/ว753','2024-02-13','สพท.(กลุ่มนิเทศฯ)','โรงเรียนบ้านบุ่ง','เก็บข้อมูลเพื่อใช้ในการวิจัย (นายสุริยนต์ ไชยมาตร์) (2024-02-13 09:00:30)',NULL,0,0,NULL,'2024-02-13','1707789508x339667709','1339900347957',5,0),(5677,2567,163,'ที่ ศธ 04186/ว754','2024-02-13','สพท.(กลุ่มนิเทศฯ)','โรงเรียนบ้านบุ่ง','การกรอกแบบสอบถามเกี่ยวกับสื่อนการเรียนรู้ คลิปวีดิทัศน์โครงการ Meditation CFH (Calm, Focus & Happiness) (2024-02-13 09:03:49)',NULL,0,0,NULL,'2024-02-13','1707789722x647945815','1339900347957',5,0),(5678,2567,164,'ที่ ศธ 04186/ว755','2024-02-13','สพท.(กลุ่มนิเทศฯ)','โรงเรียนบ้านบุ่ง','โครงการประชุมนำเสนอผลงานวิจัย ระดับชาติและนานาชาติ (ICE2024) (2024-02-13 09:07:20)',NULL,0,0,NULL,'2024-02-13','1707789892x669170409','1339900347957',5,0),(5679,2567,165,'ที่ ศธ 04186/ว756','2024-02-13','สพท.(กลุ่มนิเทศฯ)','โรงเรียนบ้านบุ่ง','จัดการประชุมสัมมนาวิชาการระดับชาติและนานาชาติ ครั้งที่ 2 ภายใต้หัวข้อ \"การบริหารสถานศึกษา:ตอบโจทย์นโยบายเรียนดี มีความสุข เป็นเลิศ มีชีวิตที่มั่นคง\" (',NULL,0,0,NULL,'2024-02-13','1707790134x1782655929','1339900347957',5,0),(5680,2567,166,'ที่ ศธ 04186/757','2024-02-13','สพท.(กลุ่มนิเทศฯ)','โรงเรียนบ้านบุ่ง','ประชาสัมพันธ์และคัดเลือกปูชนียบุคคล ด้านภาษาไทย ผู้ใช้ภาษาไทยดีเด่น ผู้ใช้ภาษาไทยถิ่นดีเด่นและผู้มีคุณูปการต่อการใช้ภาษาไทย พ.ศ. 2567 (2024-02-13 09:2',NULL,0,0,NULL,'2024-02-13','1707790717x1072767416','1339900347957',5,0),(5681,2567,167,'ที่ ศธ 04186/737','2024-02-12','สพท.(กลุ่มส่งเสริมการจัดการศึกษา)','โรงเรียนบ้านบุ่ง','การนำเข้ากำล้งพลผู้ปฏิบัติงานด้านยาเสพติด ปีงบประมาณ 2567 (2024-02-13 10:33:12)',NULL,0,0,NULL,'2024-02-13','1707795117x626653428','1339900347957',5,0),(5682,2567,168,'ที่ ศธ 04186/ว773','2024-02-13','สพท.(กลุ่มส่งเสริมการจัดการศึกษา)','โรงเรียนบ้านบุ่ง','กิจกรรมการเฝ้าระวังเหตุและสร้างความปลอดภัยในช่วงเทศกาลวันแห่งความรัก ประจำปี 2567 (2024-02-13 13:45:24)',NULL,0,0,NULL,'2024-02-13','1707805917x87216469','1339900347957',5,0),(5683,2567,169,'ที่ ศธ 04186/ว774','2024-02-13','สพท.(กลุ่มนิเทศฯ)','โรงเรียนบ้านบุ่ง','ขอความร่วมมือตอบแบบรายงานผลการจัดการเรียนรู้เชิงรุก (Active learning) ที่ส่งผลต่อสมรรถนะสำคัญของผู้เรียน (2024-02-13 14:35:04)',NULL,0,0,NULL,'2024-02-13','1707809489x1865768514','1339900347957',5,0),(5684,2567,170,'ที่ ศธ 04186/ว775','2024-02-13','สพท.(กลุ่มนิเทศฯ)','โรงเรียนบ้านบุ่ง','กำชับมาตรการดำเนินงานกิจกรรมออมทรัพย์นักเรียนของโรงเรียน (2024-02-13 14:38:36)',NULL,0,0,NULL,'2024-02-13','1707809751x1910651637','1339900347957',5,0),(5685,2567,171,'ที่ ศธ 04186/ว776','2024-02-13','สพท.(กลุ่มนิเทศฯ)','โรงเรียนบ้านบุ่ง','การสมัครและคัดเลือกเครือข่ายพื้นที่สีขาวต้นแบบในการป้องกันและเฝ้าระวังการทุจริตของสำนักงานคณะกรรมการการป้องกันและปราบปรามการทุจริตในภาครัฐ (2024-02-13',NULL,0,0,NULL,'2024-02-13','1707809996x642429368','1339900347957',5,0),(5686,2567,172,'ที่ ศธ 04186/ว779','2024-02-13','สพท.(กลุ่มนิเทศฯ)','โรงเรียนบ้านบุ่ง','การจัดกิจกรรม \"ความห่วงใยจากใจครู มอบความรู้ด้วยความรัก\" นักเรียนชั้นประถมศึกษาตอนปลาย (2024-02-13 14:52:45)',NULL,0,0,NULL,'2024-02-13','1707810656x157846561','1339900347957',5,0),(5687,2567,173,'ที่ ศธ 04186/ว781','2024-02-13','สพท.(กลุ่มนิเทศฯ)','โรงเรียนบ้านบุ่ง','การแข่งขันทางวิชาการด้านคณิตศาสตร์ และวิทยาศาสตร์ ระดับนานาชาติ ประจำปี พ.ศ. 2567 (2024-02-13 14:58:48)',NULL,0,0,NULL,'2024-02-13','1707810832x1071026882','1339900347957',5,0),(5688,2567,174,'ที่ ๐๔๑๘๖/ว ๗๒๑','2024-02-13','สพท.(กลุ่มนิเทศฯ)','โรงเรียนบ้านบุ่ง','แต่งตั้งคณะกรรมการดำเนินงานการประเมินความสามารถด้านการอ่านของผู้เรียน (RT) ชั้นประถมศึกษาปีที่ ๑ ปีการศึกษา ๒๕๖๖ (แก้ไข) (2024-02-13 22:37:24)',NULL,0,0,NULL,'2024-02-14','1707838226x1782718743','1339900347957',5,0),(5689,2567,175,'ที่ ศธ 04186/ว796','2024-02-14','สพท.(กลุ่มบริหารงานบุคคล)','โรงเรียนบ้านบุ่ง','เห็นชอบการจัดทำข้อตกลงในการพัฒนางาน PA (2024-02-14 10:16:37)',NULL,0,0,NULL,'2024-02-14','1707880195x963832503','1339900347957',5,0),(5690,2567,176,'ที่ ศธ 04186/ว 799','2024-02-14','สพท.(กลุ่มพัฒนาครูและบุคลากรทางการศึกษา)','โรงเรียนบ้านบุ่ง','โครงการสอนภาษาไทยและวัฒนธรรมไทยในต่างประเทศ ประจำปี พ.ศ. 2567 (รอบ 2) (2024-02-14 16:24:40)',NULL,0,0,NULL,'2024-02-15','1707902618x726913546','1339900347957',5,0),(5691,2567,177,'ที่ ๐๔๑๘๖/ว ๗๔๘','2024-02-14','สพท.(กลุ่มนิเทศฯ)','โรงเรียนบ้านบุ่ง','ขอความร่วมมือสร้างและพัฒนาข้อสอบประเมินคุณภาพมาตรฐานนักเรียนชั้นประถมศึกษาปีที่ ๑ – ชั้น          มัธยมศึกษาปีที่ ๓  (2024-02-14 17:58:26)',NULL,0,0,NULL,'2024-02-15','1707908165x989781486','1339900347957',5,0),(5692,2567,178,'ที่ ศธ 04186/ว805','2024-02-15','สพท.(กลุ่มนโยบายและแผน)','โรงเรียนบ้านบุ่ง','การดำเนินการจัดทำแผนปฏิบัติการขับเคลื่อนนโยบายฯ ประจำปีงบประมาณ พ.ศ.2567 ของโรงเรียน (2024-02-15 10:13:21)',NULL,0,0,NULL,'2024-02-15','1707966347x2132550277','1339900347957',5,0),(5693,2567,179,'ที่ ศธ 04186/ว800','2024-02-14','สพท.(กลุ่มบริหารการเงินและสินทรัพย์)','โรงเรียนบ้านบุ่ง','ขอความร่วมมือสำรวจรายละเอียดข้อมูลไม้มีค่าในที่ราชพัสดุ (2024-02-15 10:17:22)',NULL,0,0,NULL,'2024-02-15','1707903124x452712342','1339900347957',5,0),(5694,2567,180,'ที่ ศธ 04186/ว801','2024-02-14','สพท.(กลุ่มบริหารการเงินและสินทรัพย์)','โรงเรียนบ้านบุ่ง','การส่งคืนที่ราชพัสดุพร้อมสิ่งปลูกสร้าง (2024-02-15 10:20:16)',NULL,0,0,NULL,'2024-02-15','1707903282x1641571576','1339900347957',5,0),(5695,2567,181,'ที่ ศธ 04186/811','2024-02-15','สพท.(กลุ่มนิเทศฯ)','โรงเรียนบ้านบุ่ง','ประชาสัมพันธ์และขอเชิญร่วมส่งผลงานเข้าร่วมโครงการประกวดการพัฒนาและรณรงค์การใช้หญ่แฝก อันเนื่องมาจากพระราชดำริ ครั้งที่ 13 (พ.ศ. 2566-2567) (2024-02-15',NULL,0,0,NULL,'2024-02-16','1707977155x528023354','1339900347957',5,0),(5696,2567,182,'ที่ ศธ 04186/810','2024-02-15','สพท.(กลุ่มนิเทศฯ)','โรงเรียนบ้านบุ่ง','โครงการตอบปัญหาธรรมะ \"ทางก้าวหน้า\" ครั้งที่ 42 ประจำปีการศึกษา 2567 (2024-02-15 13:16:55)',NULL,0,0,NULL,'2024-02-16','1707975413x21487576','1339900347957',5,0),(5697,2567,183,'ที่ ศธ 04186/ว813','2024-02-15','สพท.(กลุ่มพัฒนาครูและบุคลากรทางการศึกษา)','โรงเรียนบ้านบุ่ง','โครงการปฎิบัติธรรมสำหรับครูฟื้นฟูศีลธรรมโลก (2024-02-15 14:28:50)',NULL,0,0,NULL,'2024-02-16','1707982106x1007247637','1339900347957',5,0),(5698,2567,184,'ที่ ศธ 04186/ว818','2024-02-15','สพท.(กลุ่มส่งเสริมการศึกษาทางไกลฯ)','โรงเรียนบ้านบุ่ง','แนวทางการบริหารจัดการห้องเรียน DLTV สำหรับโรงเรียนขนาดเล็ก (2024-02-15 16:42:43)',NULL,0,0,NULL,'2024-02-16','1707989693x1789081390','1339900347957',5,0),(5699,2567,185,'ที่ ศธ 04186/ว821','2024-02-16','สพท.(กลุ่มนิเทศฯ)','โรงเรียนบ้านบุ่ง','หนังสืออิเล็กทรอนิกส์การประกวดเรียงความเฉลิมพระเกียรติ \"ร้อยถ้อยคำ ร้อยความทรงจำ จากดวงใจ\" เจ็ดทศวรรษ 5 ครองธรรม 5 ครองไทย พระบาทสมเด็จพระบรมชนกาธิเบศ',NULL,0,0,NULL,'2024-02-16','1708047623x1485252211','1339900347957',5,0),(5700,2567,186,'ที่ ศธ 04186/ว 825','2024-02-16','สพท.(กลุ่มอำนวยการ)','โรงเรียนบ้านบุ่ง','ประกาศผลการตัดสินคลิปวีดีทัศน์ประชาสัมพันธ์ (Short Clip) หัวข้อ \"เปิดสวิตซ์พลเมืองรุ่นใหม่ ใส่ใจพัฒนาประชาธิปไตย\" (2024-02-16 11:17:04)',NULL,0,0,NULL,'2024-02-16','1708056942x754534986','1339900347957',5,0),(5701,2567,187,'ที่ ศธ 04186/837','2024-02-19','สพท.(กลุ่มนิเทศฯ)','โรงเรียนบ้านบุ่ง','ประชาสัมพันธ์การส่งบทความวิจัยตีพิมพ์ในวารสารการวิจัยการศึกษาขั้นพื้นฐาน (2024-02-19 08:49:15)',NULL,0,0,NULL,'2024-02-19','1708307164x493860489','1339900347957',5,0),(5702,2567,188,'ที่ ศธ 04186/824','2024-02-19','สพท.(กลุ่มส่งเสริมการจัดการศึกษา)','โรงเรียนบ้านบุ่ง','แนวทางการป้องกัน ควบคุมและแก้ไขปัญาการแพร่ระบาดบุหรี่ไฟฟ้า (2024-02-19 09:03:41)',NULL,0,0,NULL,'2024-02-19','1708308083x778124186','1339900347957',5,0),(5703,2567,189,'ที่ ศธ 04186/ว834','2024-02-16','สพท.(กลุ่มบริหารงานบุคคล)','โรงเรียนบ้านบุ่ง','หลักเกณฑ์และวิธีการย้ายข้าราชการครูและบุคลากรทางการศึกษา ตำแหน่งครู สังกัดกระทรวงศึกษาธิการ (เริ่มใช้ 1 มกราคม 2568) (2024-02-19 09:36:26)',NULL,0,0,NULL,'2024-02-19','1708310130x2046216052','1339900347957',5,0),(5704,2567,190,'ที่ ศธ 04186/ว848','2024-02-19','สพท.(กลุ่มบริหารการเงินและสินทรัพย์)','โรงเรียนบ้านบุ่ง','ส่งสำเนาหนังสือแนวทางปฏิบัติในการเตรียมการจัดซื้อจัดจ้างและการเร่งรัดการใช้จ่ายเงินงบประมาณ พ.ศ. 2567 (2024-02-19 10:37:35)',NULL,0,0,NULL,'2024-02-19','1708313505x1684782001','1339900347957',5,0),(5705,2567,191,'ที่ ศธ 04186/ว850','2024-02-19','สพท.(กลุ่มนิเทศฯ)','โรงเรียนบ้านบุ่ง','ประกาศรายชื่อสถานศึกษาที่เข้าร่วมกิจกรรม “3R ท้าพิสูจน์ UBN4 โรงเรียน/ห้องเรียน อ่านออก เขียนได้ 100%” ภาคเรียนที่ 2 ปีการศึกษา 2566 (2024-02-19 11:05',NULL,0,0,NULL,'2024-02-19','1708315096x40849488','1339900347957',5,0),(5706,2567,192,'ที่ ศธ 04186/865','2024-02-19','สพท.(กลุ่มนิเทศฯ)','โรงเรียนบ้านบุ่ง','ประชาสัมพันธ์โครงการประกวดนวัตกรรมเพื่อพัฒนาประชาธิปไตยเชิงคุณภาพ ประจำปี 2567 (2024-02-19 15:02:04)',NULL,0,0,NULL,'2024-02-19','1708329486x1487984585','1339900347957',5,0),(5707,2567,193,'ที่ ศธ 04186/835','2024-02-18','สพท.(กลุ่มส่งเสริมการจัดการศึกษา)','โรงเรียนบ้านบุ่ง','ประชาสัมพันธ์ระบบการรับเรื่องร้องเรียนและการเรียนรู้ S&D E-Learning (2024-02-19 16:27:23)',NULL,0,0,NULL,'2024-02-20','1708334787x1463633256','1339900347957',5,0),(5708,2567,194,'ที่ ศธ 04186/ว832','2024-02-16','สพท.(กลุ่มส่งเสริมการจัดการศึกษา)','โรงเรียนบ้านบุ่ง','การลงพื้นที่กำกับ ติดตามการดำเนินงานโครงการอาหารกลางวัน และโครงการอาหารเสริม (นม) โรงเรียน ปีการศึกษา 2566 (2024-02-19 19:48:50)',NULL,0,0,NULL,'2024-02-20','1708079200x1560305486','1339900347957',5,0),(5709,2567,195,'ที่ ศธ 04186/ว833','2024-02-16','สพท.(กลุ่มส่งเสริมการจัดการศึกษา)','โรงเรียนบ้านบุ่ง','การรายงานผลการดำเนินงานโครงการอาหารกลางวัน และโครงการอาหารเสริม (นม) โรงเรียน ปีการศึกษา 2566 (2024-02-19 19:49:46)',NULL,0,0,NULL,'2024-02-20','1708079254x219312794','1339900347957',5,0),(5710,2567,196,'ที่ ศธ 04186/ว871','2024-02-20','สพท.(กลุ่มพัฒนาครูและบุคลากรทางการศึกษา)','โรงเรียนบ้านบุ่ง','ขอประชาสัมพันธ์โครงการ การบังคับคดีสำหรับเจ้าพนักงานบังคับทางปกครอง รุ่นที่ 15   (2024-02-20 09:36:09)',NULL,0,0,NULL,'2024-02-20','1708396541x388194272','1339900347957',5,0),(5711,2567,197,'ที่ ศธ 04186/ว872','2024-02-20','สพท.(กลุ่มพัฒนาครูและบุคลากรทางการศึกษา)','โรงเรียนบ้านบุ่ง','ขอความอนุเคราะห์ประชาสัมพันธ์เข้าร่วมการอบรมพัฒนาศักยภาพผู้บริหารสถานศึกษามืออาชีพฯ   (2024-02-20 09:48:20)',NULL,0,0,NULL,'2024-02-20','1708397272x1915782903','1339900347957',5,0),(5712,2567,198,'ที่ ศธ 04186/ว873','2024-02-20','สพท.(กลุ่มพัฒนาครูและบุคลากรทางการศึกษา)','โรงเรียนบ้านบุ่ง','ประชาสัมพันธ์การรับสมัครผู้ประกอบวิชาชีพทางการศึกษาเข้าร่วมโครงการประยุกต์ใช้หลักสมาธิในการปฏิบัติตนตามจรรยาบรรณของวิชาชีพ  	 (2024-02-20 09:52:16)',NULL,0,0,NULL,'2024-02-20','1708397506x1997414654','1339900347957',5,0),(5713,2567,199,'ที่ ศธ ๐๔๑๘๖.๑๓๗/(ก)๗','2024-02-20','บ้านโพนงาม','โรงเรียนบ้านบุ่ง','ขอเชิญเข้าร่วมประชุม (2024-02-20 10:50:40)',NULL,0,0,NULL,'2024-02-20','1708400913x1293935089','1339900347957',5,0),(5714,2567,200,'ที่ศธ 04186/ว826','2024-02-16','สพท.(กลุ่มนิเทศฯ)','โรงเรียนบ้านบุ่ง','การประชุมชี้แจงเพื่อสื่อสารสร้างความเข้าใจในการรายงานผลการประเมินตนเอง (Self-Assessment         Report : SAR) และการรายงานผลการประเมินตนเองของสถานศึกษ',NULL,0,0,NULL,'2024-02-20','1708412941x1541168285','1339900347957',5,0),(5715,2567,201,'ที่ ศธ ๐๔๑๘๖.๑๓๗/(ก)๘','2024-02-19','บ้านโพนงาม','โรงเรียนบ้านบุ่ง','แต่งตั้งกรรมการดำเนินการกิจกรรมเดินทางไกลและเข้าค่ายพักแรมลูกเสือ-เนตรนารีสามัญ  กลุ่มส่งเสริมประสิทธิภาพการศึกษาสำโรง ๓ ประจำปีการศึกษา 25๖๖  (2024-0',NULL,0,0,NULL,'2024-02-21','1708439049x525159072','1339900347957',5,0),(5716,2567,202,'ที่ ศธ 04186/ว880','2024-02-21','สพท.(กลุ่มส่งเสริมการศึกษาทางไกลฯ)','โรงเรียนบ้านบุ่ง','ประชาสัมพันธ์นโยบายและจุดเน้นของสำนักงานเขตพื้นที่การศึกษาประถมศึกษาอุบลราชธานี เขต 4 ปีงบประมาณ พ.ศ. 2567 (2024-02-21 09:38:15)',NULL,0,0,NULL,'2024-02-21','1708482666x1057436342','1339900347957',5,0),(5717,2567,203,'ที่ ศธ 04186/ว885','2024-02-21','สพท.(กลุ่มนิเทศฯ)','โรงเรียนบ้านบุ่ง','การน้อมนำพระบรมราโชบายด้านการศึกษาของในหลวง รัชกาลที่ 10 สู่การปฏิบัติ (2024-02-21 11:10:16)',NULL,0,0,NULL,'2024-02-21','1708488382x1152230869','1339900347957',5,0),(5718,2567,204,'ที่ ศธ 04186/ว886','2024-02-21','สพท.(กลุ่มนิเทศฯ)','โรงเรียนบ้านบุ่ง','ขอเชิญประชุมหารือการจัดกิจกรรมตามโครงการ \"พัฒนาศักยภาพพหุปัญญา ด้านควาทมสามารถพิเศษด้านกีฬา ประจำปีงบประมาณ พ.ศ. 2567\" (2024-02-21 11:16:05)',NULL,0,0,NULL,'2024-02-21','1708488700x556859777','1339900347957',5,0),(5719,2567,205,'ที่ ศธ 04186/ว887','2024-02-21','สพท.(กลุ่มนิเทศฯ)','โรงเรียนบ้านบุ่ง','การนิเทศ ติดตามการขับเคลื่อนคุณภาพการศึกษาด้วยนวัตกรรมการบริหาร เขตก้าวหน้า สร้างคุณภาพการศึกษาอย่างยั่งยืน ภาคเรียนที่ 2 ปีการศึกษา 2566 (2024-02-21 ',NULL,0,0,NULL,'2024-02-22','1708502202x752990183','1339900347957',5,0),(5720,2567,206,'ที่ ศธ 04186/ว900','2024-02-22','สพท.(กลุ่มนิเทศฯ)','โรงเรียนบ้านบุ่ง','แจ้งกรอบแนวทางการประกันคุณภาพภายนอกสถานศึกษา การศึกษาปฐมวัย ระดับการศึกษาขั้นพื้นฐานและด้านการอาชีวศึกษา (พ.ศ. 2567-2571)(ฉบับปรับปรุงเพิ่มเติม) และค่',NULL,0,0,NULL,'2024-02-22','1708574551x1908003982','1339900347957',5,0),(5721,2567,207,'ที่ ศธ 04186/ว853','2024-02-19','สพท.(กลุ่มส่งเสริมการจัดการศึกษา)','โรงเรียนบ้านบุ่ง','โครงการส่งเสริมระเบียบวินัยลูกเสือ เนตรนารี ประจำปี 2567 (2024-02-22 14:15:23)',NULL,0,0,NULL,'2024-02-22','1708318487x56327910','1339900347957',5,0),(5722,2567,208,'ที่ ศธ 04186/ว854','2024-02-19','สพท.(กลุ่มส่งเสริมการจัดการศึกษา)','โรงเรียนบ้านบุ่ง','การคัดเลือกยุวกาชาดดีเด่นโล่พระราชทานฯ ประจำปี 2567 (2024-02-22 14:25:57)',NULL,0,0,NULL,'2024-02-22','1708319627x266284784','1339900347957',5,0),(5723,2567,209,'ที่ ศธ 04186/ว863','2024-02-19','สพท.(กลุ่มอำนวยการ)','โรงเรียนบ้านบุ่ง','การแต่งกายเพื่อเฉลิมพระเกียรติพระบาทสมเด็จพระเจ้าอยู่หัว เนื่องในโอกาสมหามงคล เฉลิมพระชนมพรรษา 6 รอบ 28 กรกฎาคม 2567 (2024-02-23 09:15:13)',NULL,0,0,NULL,'2024-02-23','1708329236x593305646','1339900347957',5,0),(5724,2567,210,'ที่ ศธ ๐๔๑๘๖.๑๓๗/(ก)๙','2024-02-22','บ้านโพนงาม','โรงเรียนบ้านบุ่ง','ขอเชิญเข้าร่วมประชุมเพื่อดำเนินการสร้างและพัฒนาข้อสอบประเมินคุณภาพมาตรฐานนักเรียน ชั้นประถมศึกษาปีที่ ๑ - ชั้นมัธยมศึกษาปีที่ ๓ (2024-02-23 11:28:19)',NULL,0,0,NULL,'2024-02-23','1708662287x376391421','1339900347957',5,0),(5725,2567,211,'ที่ ศธ 04186/ว935','2024-02-23','สพท.(กลุ่มนิเทศฯ)','โรงเรียนบ้านบุ่ง','เชิญประชุม กิจกรรม “3R ท้าพิสูจน์ UBN 4 โรงเรียน/ห้องเรียน อ่านออก เขียนได้ 100%” (2024-02-23 12:03:02)',NULL,0,0,NULL,'2024-02-27','1708664248x1470067093','1339900347957',5,0),(5726,2567,212,'ที่ศธ 04186/ว934','2024-02-23','สพท.(กลุ่มนิเทศฯ)','โรงเรียนบ้านบุ่ง','การประชุมเชิงปฏิบัติการพัฒนาบุคลากรระบบงานการประกันคุณภาพการศึกษาและระบบรายงานแบบอิเล็กทรอนิกส์ (ระบบ e-SAR)  ปีงบประมาณ พ.ศ. ๒๕๖๗ (2024-02-23 13:13:1',NULL,0,0,NULL,'2024-02-27','1708668611x985927772','1339900347957',5,0),(5727,2567,213,'ที่ ศธ 04186/ว942','2024-02-23','สพท.(กลุ่มนิเทศฯ)','โรงเรียนบ้านบุ่ง','ประชาสัมพันธ์โครงการวิจัย \"การพัฒนาสู่สังคมยั่งยืนเพื่อสนับสนุนการเข้าสู่เป้าหมายการปล่อยก๊าซเรือนกระจกสุทธิเป็นศูนย์ - การจัดกระทำพฤติกรรมและเปลี่ยนพ',NULL,0,0,NULL,'2024-02-27','1708677228x417719961','1339900347957',5,0),(5728,2567,214,'ที่ ศธ 04186/ว943','2024-02-23','สพท.(กลุ่มนิเทศฯ)','โรงเรียนบ้านบุ่ง','ประชาสัมพันธ์การทดสอบสมรรถนะการให้ข้อมูลป้อนกลับ (2024-02-23 15:38:42)',NULL,0,0,NULL,'2024-02-27','1708677342x1483783231','1339900347957',5,0),(5729,2567,215,'ที่ ศธ 04186/ว944','2024-02-23','สพท.(กลุ่มนิเทศฯ)','โรงเรียนบ้านบุ่ง','การจัดตั้งศูนย์ส่งเสริมการเรียนการสอนภาษาจีน (2024-02-23 15:43:18)',NULL,0,0,NULL,'2024-02-27','1708677598x1056109834','1339900347957',5,0),(5730,2567,216,'ที่ ศธ 04186/ว945','2024-02-23','สพท.(กลุ่มนิเทศฯ)','โรงเรียนบ้านบุ่ง','สำรวจความต้องการครูผู้สอนชาวจีน สำหรับโรงเรียนที่มีความประสงค์เปิดห้องเรียนพิเศษภาษาจีน (2024-02-23 15:46:07)',NULL,0,0,NULL,'2024-02-27','1708677852x1863400330','1339900347957',5,0),(5731,2567,217,'ที่ ศธ 04186/946','2024-02-23','สพท.(กลุ่มนิเทศฯ)','โรงเรียนบ้านบุ่ง','การติดตามผลการดำเนินงานของคณะกรรมการติดตาม ตรวจสอบ ประเมินผล และนิเทศการศึกษาของเขตพื้นที่การศึกษา (ก.ต.ป.น.) ประจำปีงบประมาณ พ.ศ. 2567 (2024-02-23 15',NULL,0,0,NULL,'2024-02-27','1708678033x919074122','1339900347957',5,0),(5732,2567,218,'ที่ ศธ 04186/ว947','2024-02-23','สพท.(กลุ่มนิเทศฯ)','โรงเรียนบ้านบุ่ง','กำหนดการลงพื้นที่การติดตามผลการดำเนินงานของคณะกรรมการติดตาม ตรวจสอบ ประเมินผล และนิเทศการศึกษาของเขตพื้นที่การศึกษา (ก.ต.ป.น.) ประจำปีงบประมาณ พ.ศ. 25',NULL,0,0,NULL,'2024-02-27','1708678171x1614657060','1339900347957',5,0),(5733,2567,219,'ที่ ศธ 04186/ว956','2024-02-23','สพท.(กลุ่มบริหารงานบุคคล)','โรงเรียนบ้านบุ่ง','ผลการพิจารณาย้ายข้าราชการครูและบุคคลากรทางการศึกษา ตำแหน่งครู ประจำปี พ.ศ. 2567 (กรณีย้ายสับเปลี่ยน) (2024-02-23 16:52:37)',NULL,0,0,NULL,'2024-02-27','1708681805x638185589','1339900347957',5,0),(5734,2567,220,'ที่ ศธ 04186/951','2024-02-23','สพท.(กลุ่มส่งเสริมการจัดการศึกษา)','โรงเรียนบ้านบุ่ง','เชิญครูผู้รับผิดชอบงานอนามัยโรงเรียนเข้าประชุมการพัฒนาความรอบรู้ด้านสุขภาพในกลุ่มวัยเรียนตามนโยบายส่งเสริมสุขบัญญัติแห่งชาติ ผ่านระบบออนไลน์  (2024-02',NULL,0,0,NULL,'2024-02-27','1708682491x1944416210','1339900347957',5,0),(5735,2567,221,'ที่ ศธ 04186/ว960','2024-02-23','สพท.(กลุ่มบริหารงานบุคคล)','โรงเรียนบ้านบุ่ง','ซักซ้อมแนวปฏิบัติในการนำผลการประเมินข้อตกลงในการพัฒนางานและการยื่นคำขอผ่านระบบ DPA (2024-02-23 17:12:13)',NULL,0,0,NULL,'2024-02-27','1708683015x2054024510','1339900347957',5,0),(5736,2567,222,'ที่ ๐๔๑๘๖/ว ๖๙๑','2024-02-23','สพท.(กลุ่มนิเทศฯ)','โรงเรียนบ้านบุ่ง','การประเมินคุณภาพผู้เรียน (NT) ชั้นประถมศึกษาปีที่ ๓ ปีการศึกษา ๒๕๖๖ (2024-02-23 22:49:54)',NULL,0,0,NULL,'2024-02-27','1708703317x338349579','1339900347957',5,0),(5737,2567,223,'ที่ ๐๔๑๘๖/ว ๙๖๑','2024-02-24','สพท.(กลุ่มนิเทศฯ)','โรงเรียนบ้านบุ่ง','การประเมินคุณภาพผู้เรียน (NT) ชั้นประถมศึกษาปีที่ ๓ ปีการศึกษา ๒๕๖๖ (แก้ไขคำสั่ง) (2024-02-24 09:25:38)',NULL,0,0,NULL,'2024-02-27','1708741475x263404212','1339900347957',5,0),(5738,2567,224,'ที่ ศธ 04186/ว972','2024-02-27','สพท.(กลุ่มพัฒนาครูและบุคลากรทางการศึกษา)','โรงเรียนบ้านบุ่ง','ขอความอนุเคราะห์ประชาสัมพันธ์ และขอเชิญบุคลากรของสถานศึกษาสมัครเข้าร่วมโครงการฝึกอบรมเชิงปฏิบัติการ หลักสูตรฯ  	 (2024-02-27 15:04:04)',NULL,0,0,NULL,'2024-02-27','1709021014x617528835','1339900347957',5,0),(5739,2567,225,'ที่ ศธ 04186/ว973','2024-02-27','สพท.(กลุ่มพัฒนาครูและบุคลากรทางการศึกษา)','โรงเรียนบ้านบุ่ง','ประชาสัมพันธ์การสรรหาผู้บริหารสถานศึกษาดีเด่นประจำปี 2566   	 (2024-02-27 15:04:51)',NULL,0,0,NULL,'2024-02-27','1709021061x1489322813','1339900347957',5,0),(5740,2567,226,'ที่ ศธ 04186/ว974','2024-02-27','สพท.(กลุ่มนโยบายและแผน)','โรงเรียนบ้านบุ่ง','การเปิดรับข้อเสนอคำขออาสาสมัครเกาหลี ประจำปี 2567 (2024-02-27 17:04:33)',NULL,0,0,NULL,'2024-02-27','1709028173x1758486083','1339900347957',5,0),(5741,2567,227,'ที่ ศธ 04186/ว984','2024-02-28','สพท.(กลุ่มนิเทศฯ)','โรงเรียนบ้านบุ่ง','การประเมินคุณภาพมาตรฐานผู้เรียน ภาคเรียนที่ 2 ปีการศึกษา 2566 (2024-02-28 11:27:00)',NULL,0,0,NULL,'2024-02-28','1709094217x1110827175','1339900347957',5,0),(5742,2567,228,'ที่ ศธ 04186/989','2024-02-28','สพท.(กลุ่มส่งเสริมการจัดการศึกษา)','โรงเรียนบ้านบุ่ง','กำชับการรับนักเรียนที่ไม่มีหลักฐานทะเบียนราษฎรหรือไม่มีสัญชาติไทย (2024-02-28 14:49:09)',NULL,0,0,NULL,'2024-02-28','1709106482x1410658678','1339900347957',5,0),(5743,2567,229,'ที่ ศธ 04186/990','2024-02-28','สพท.(กลุ่มส่งเสริมการจัดการศึกษา)','โรงเรียนบ้านบุ่ง','การเผยแพร่ประชาสัมพันธ์สื่อเพื่อรณรงค์ให้ความรู้จากภยันตรายและการเสพบุหรี่ไฟฟ้า (2024-02-28 14:50:07)',NULL,0,0,NULL,'2024-02-28','1709106554x654313632','1339900347957',5,0),(5744,2567,230,'ที่ ศธ 04186/988','2024-02-28','สพท.(กลุ่มส่งเสริมการจัดการศึกษา)','โรงเรียนบ้านบุ่ง','ยกเลิกระเบียนแสดงผลการเรียนหลักสูตรแกนกลางการศึกษาขั้นพื้นฐาน (ปพ.1) (2024-02-29 18:57:31)',NULL,0,0,NULL,'2024-03-01','1709207816x1313973323','1339900347957',5,0),(5745,2567,231,'ที่ ศธ 04186/ว1014','2024-03-01','สพท.(กลุ่มนิเทศฯ)','โรงเรียนบ้านบุ่ง','ขอเชิญประชุมหารือการจัดกิจกรรมตามโครงการ \"พัฒนาศักยภาพพหุปัญญา ด้านควาทมสามารถพิเศษด้านกีฬา ประจำปีงบประมาณ พ.ศ. 2567\" (กรรมการตัดสินฟุตบอล 7 คน) (202',NULL,0,0,NULL,'2024-03-01','1709258132x1036793812','1339900347957',5,0),(5746,2567,232,'ที่ ศธ 04186/ว1016','2024-03-01','สพท.(กลุ่มนิเทศฯ)','โรงเรียนบ้านบุ่ง','ขอเชิญประชุมหารือการจัดกิจกรรมตามโครงการ \"พัฒนาศักยภาพพหุปัญญา ด้านควาทมสามารถพิเศษด้านกีฬา ประจำปีงบประมาณ พ.ศ. 2567\" (2024-03-01 09:02:34)',NULL,0,0,NULL,'2024-03-01','1709258390x1601187282','1339900347957',5,0),(5747,2567,233,'ที่ ศธ 04186/ว1017','2024-02-29','สพท.(กลุ่มอำนวยการ)','โรงเรียนบ้านบุ่ง','การขอรับความช่วยเหลือจากต่างประเทศ (2024-03-01 11:19:14)',NULL,0,0,NULL,'2024-03-01','1709266606x568572637','1339900347957',5,0),(5748,2567,234,'ที่ ศธ 04186/ว1018','2024-02-29','สพท.(กลุ่มอำนวยการ)','โรงเรียนบ้านบุ่ง','แจ้งเตือนการเข้าสู่ฤดูร้อนของประเทศไทย พ.ศ.2567 (2024-03-01 12:04:44)',NULL,0,0,NULL,'2024-03-01','1709269383x1834060788','1339900347957',5,0),(5749,2567,235,'ที่ ศธ 04186/ว1019','2024-03-01','สพท.(กลุ่มบริหารงานบุคคล)','โรงเรียนบ้านบุ่ง','การนับมีตัวข้าราชการและลูกจ้างประจำ ที่มีตัวอยู่จริง ณ วันที่ 1 มีนาคม 2567 และซักซ้อมการเลื่อนเงินเดือนข้าราชการและเลื่อนขั้นค่าจ้างลูกจ้างประจำ ครั้',NULL,0,0,NULL,'2024-03-01','1709280468x388023838','1339900347957',5,0),(5750,2567,236,'ที่ ศธ 04186/1042','2024-03-04','สพท.(กลุ่มนิเทศฯ)','โรงเรียนบ้านบุ่ง','ประชาสัมพันธ์โครงการแข่งขันการอ่านออกเสียงภาษาจีนของครูสอนภาษาจีนชาวไทย (2024-03-04 15:29:34)',NULL,0,0,NULL,'2024-03-04','1709540388x1097085005','1339900347957',5,0),(5751,2567,237,'ที่ ศธ 04186/1043','2024-03-04','สพท.(กลุ่มนิเทศฯ)','โรงเรียนบ้านบุ่ง','ขอเชิญบุคลากรในสังกัดเข้าร่วมอบรมเชิงปฏิบัติการ (2024-03-04 15:32:41)',NULL,0,0,NULL,'2024-03-04','1709540395x198445424','1339900347957',5,0),(5752,2567,238,'ที่ ศธ 04186/1045','2024-03-04','สพท.(กลุ่มนิเทศฯ)','โรงเรียนบ้านบุ่ง','ประชาสัมพันธ์ทุน 2024 Huayu Enrichment Scholarship (HES) (2024-03-04 15:36:57)',NULL,0,0,NULL,'2024-03-04','1709541170x611547320','1339900347957',5,0),(5753,2567,239,'ที่ ศธ 04186/ว1041','2024-03-04','สพท.(กลุ่มนิเทศฯ)','โรงเรียนบ้านบุ่ง','ประชาสัมพันธ์โครงการอบรมเชิงปฏิบัติการออนไลน์ \"การนำเวทคณิตสู่ชั้นเรียน\" (2024-03-04 15:37:11)',NULL,0,0,NULL,'2024-03-04','1709540315x896883857','1339900347957',5,0),(5754,2567,240,'ที่ ศธ 04186/ว1040','2024-03-04','สพท.(กลุ่มนิเทศฯ)','โรงเรียนบ้านบุ่ง','ขอเชิญอบรมส่งเสริมพัฒนาการ อีคิดและไอคิวของเด็กปฐมวัย เขตสุขภาพ 10 หลักสูตรออนไลน์ (2024-03-04 15:40:40)',NULL,0,0,NULL,'2024-03-04','1709540158x579336713','1339900347957',5,0),(5755,2567,241,'ที่ ศธ 04186/ว1039','2024-03-04','สพท.(กลุ่มนิเทศฯ)','โรงเรียนบ้านบุ่ง','ขอเชิญบุคลากรในสังกัดเข้าร่วมอบรมเชิงปฎิบัติการ (2024-03-04 15:43:55)',NULL,0,0,NULL,'2024-03-04','1709540061x1332135353','1339900347957',5,0),(5756,2567,242,'ที่ ศธ 04186/ว1054','2024-03-05','สพท.(กลุ่มนิเทศฯ)','โรงเรียนบ้านบุ่ง','ขอเชิญร่วมพิธีเปิดกีฬานักเรียน ประจำปีการศึกษา 2566 \"UBN4 Games\" ครั้งที่ 1 (2024-03-05 09:04:15)',NULL,0,0,NULL,'2024-03-05','1709604151x858776971','1339900347957',5,0),(5757,2567,243,'ที่ ศธ 04186/1056','2024-03-05','สพท.(กลุ่มนิเทศฯ)','โรงเรียนบ้านบุ่ง','โครงการอบรมเชิงปฏิบัติการส่งเสริมและพัฒนาการจัดการเรียนรู้เพื่อสิ่งแวดล้อมที่ยั่งยืน (2024-03-05 10:11:41)',NULL,0,0,NULL,'2024-03-05','1709606926x356798562','1339900347957',5,0),(5758,2567,244,'ที่ ศธ 04186/1058','2024-03-05','สพท.(กลุ่มนิเทศฯ)','โรงเรียนบ้านบุ่ง','ประชาสัมพันธ์การประกวดสปอตโทรทัศน์รณรงค์เพื่อสิ่งแวดล้อมที่ยั่งยืน (2024-03-05 10:22:11)',NULL,0,0,NULL,'2024-03-05','1709608586x515962395','1339900347957',5,0),(5759,2567,245,'ที่ ศธ 04186/1060','2024-03-05','สพท.(กลุ่มนิเทศฯ)','โรงเรียนบ้านบุ่ง','ประชาสัมพันธ์โครงการวิจัยเพื่อการพัฒนาและยกระดับการศึกษาโรงเรียนภายใต้โครงการคอนเน็กซ์อีดี (2024-03-05 10:32:48)',NULL,0,0,NULL,'2024-03-05','1709609185x1937797399','1339900347957',5,0),(5760,2567,246,'ที่','2024-03-05','บ้านหนองเทา','โรงเรียนบ้านบุ่ง',' ขอประชาสัมพันธ์ประกาศรับสมัครคัดเลือกบุคคลเพื่อจ้างเป็นลูกจ้างชั่วคราว ตำแหน่งธุรการโรงเรียน (อัตรา 9,000 บาท) (2024-03-05 13:47:39)',NULL,0,0,NULL,'2024-03-05','1709621198x839772201','1339900347957',5,0),(5761,2567,247,'ที่ ศธ 04186/1066','2024-03-05','สพท.(กลุ่มนิเทศฯ)','โรงเรียนบ้านบุ่ง','ขอเชิญประชุมเพื่อเตรียมความพร้อมการจัดกิจกรรมตลาดน้ำซับ @UBN4 \"เวทีอวดดี อวดเก่ง อวดรู้ สู่ทักษะอาชีพและทักษะชีวิต\" ประจำปีการศึกษา 2566 (2024-03-05 1',NULL,0,0,NULL,'2024-03-05','1709620672x1752573722','1339900347957',5,0),(5762,2567,248,'ที่ ศธ ๐๔๑๘๖.๑๓๗/(ก)๑๑','2024-03-05','บ้านโพนงาม','โรงเรียนบ้านบุ่ง','การแต่งตั้งคณะกรรมการดำเนินการเข้าร่วมพิธีเปิดการแข่งขันกีฬานักเรียน ประจำปีการศึกษา 2566 “UBN 4 GAMES” ครั้งที่ 1 (2024-03-05 15:50:30)',NULL,0,0,NULL,'2024-03-05','1709628529x1367565980','1339900347957',5,0),(5763,2567,249,'ที่ ศธ 04186/1073','2024-03-06','สพท.(กลุ่มนิเทศฯ)','โรงเรียนบ้านบุ่ง','ขอความอนุเคราะห์เก็บข้อมูลเพื่อการวิจัย (2024-03-06 14:32:20)',NULL,0,0,NULL,'2024-03-06','1709709961x832471314','1339900347957',5,0),(5764,2567,250,'ที่ ศธ 04186/1074','2024-03-06','สพท.(กลุ่มนิเทศฯ)','โรงเรียนบ้านบุ่ง','เผยแพร่ผลงานทางวิขาการ (2024-03-06 14:38:46)',NULL,0,0,NULL,'2024-03-06','1709710519x87654299','1339900347957',5,0),(5765,2567,251,'ที่ ศธ 04186/1077','2024-03-06','สพท.(กลุ่มนิเทศฯ)','โรงเรียนบ้านบุ่ง','การดำเนินงานการน้อมนำพระบรมราโชบาย ด้านการศึกษา ในหลวงรัชกาลที่ 10 สู่การปฏิบัติ (2024-03-06 15:41:11)',NULL,0,0,NULL,'2024-03-06','1709714169x158346178','1339900347957',5,0),(5766,2567,252,'ที่ ศธ 04186/ว1076','2024-03-07','สพท.(กลุ่มพัฒนาครูและบุคลากรทางการศึกษา)','โรงเรียนบ้านบุ่ง','ประชาสัมพันธ์หลักสูตรอบรม  (2024-03-07 08:21:46)',NULL,0,0,NULL,'2024-03-07','1709774479x1152036802','1339900347957',5,0),(5767,2567,253,'ที่ ศธ 04186/ว1090','2024-03-07','สพท.(กลุ่มบริหารงานบุคคล)','โรงเรียนบ้านบุ่ง','การคัดเลือกบุคคลเพื่อบรรจุและแต่งตั้งให้ดำรงตำแหน่งศึกษานิเทศก์ สังกัดสำนักงานยคณะกรรมการการศึกษาขั้นพื้นฐาน ปี พ.ศ.2567 (2024-03-07 09:45:40)',NULL,0,0,NULL,'2024-03-07','1709779427x1043837013','1339900347957',5,0),(5768,2567,254,'ที่ ศธ 04186/ว1093','2024-03-07','สพท.(กลุ่มนิเทศฯ)','โรงเรียนบ้านบุ่ง','ประชาสัมพันธ์บุคลากรที่สนใจสมัครเพื่อเข้ารับการคัดเลือกเป็นแกนนำเครือข่ายนวัตกรรมระบบประกันคุณภาพภายในสถานศึกษา (IQA Support Team) สำนักงานเขตพื้นที่ก',NULL,0,0,NULL,'2024-03-07','1709783545x470747872','1339900347957',5,0),(5769,2567,255,'ที่ศธ ๐๔๑๘๖.1๓7/(ก)12','2024-03-07','บ้านโพนงาม','โรงเรียนบ้านบุ่ง','การแต่งตั้งคณะกรรมการดำเนินการเข้าร่วมพิธีปิดการแข่งขันกีฬานักเรียน ประจำปีการศึกษา ๒๕๖๖ \"UBN ๔ GAMES\" ครั้งที่ ๑ (2024-03-07 12:44:02)',NULL,0,0,NULL,'2024-03-07','1709790161x1168660544','1339900347957',5,0),(5770,2567,256,'ที่ ศธ 04186/ว1101','2024-03-07','สพท.(กลุ่มพัฒนาครูและบุคลากรทางการศึกษา)','โรงเรียนบ้านบุ่ง','ประชาสัมพันธ์และส่งบุคลากรเข้าอบรม (2024-03-07 14:09:36)',NULL,0,0,NULL,'2024-03-07','1709795129x349899253','1339900347957',5,0),(5771,2567,257,'ที่ ศธ 04186/ว1102','2024-03-07','สพท.(กลุ่มพัฒนาครูและบุคลากรทางการศึกษา)','โรงเรียนบ้านบุ่ง','ประชาสัมพันธ์การอบรมหลักสูตรการเรียนรู้ตลอดชีวิตสำหรับบุคลากรทางการศึกษา (2024-03-07 14:17:39)',NULL,0,0,NULL,'2024-03-07','1709795686x750751559','1339900347957',5,0),(5772,2567,258,'ที่ ศธ 04186/ว1105','2024-03-07','สพท.(กลุ่มนิเทศฯ)','โรงเรียนบ้านบุ่ง','ขอความอนุเคราะห์ตอบแบบสอบถามการรับรู้สภาพปัจจุบัน ความคาดหวังและความต้องการในการพัฒนาตนเองของครูวิทยาศาสตร์ และคณิตศาสตร์ ระดับการศึกษาขั้นพื้นฐาน  (2',NULL,0,0,NULL,'2024-03-07','1709796031x1835695004','1339900347957',5,0),(5773,2567,259,'ที่ ศธ 04186/ว 1107','2024-03-07','สพท.(กลุ่มอำนวยการ)','โรงเรียนบ้านบุ่ง','รายงานความก้าวหน้าโครงการจัดตั้งศูนย์การเรียนรู้แห่งชาติ OKMD : OKMD National Knowledge Center (2024-03-07 15:22:47)',NULL,0,0,NULL,'2024-03-07','1709799644x696735193','1339900347957',5,0),(5774,2567,260,'ที่ ศธ 04186/ว1067','2024-03-05','สพท.(กลุ่มอำนวยการ)','โรงเรียนบ้านบุ่ง','การกำหนดวันหยุดราชการเพิ่มเป็นกรณีพิเศษ ประจำปี 2567 (เพิ่มเติม) (2024-03-08 09:16:53)',NULL,0,0,NULL,'2024-03-08','1709622221x46268286','1339900347957',5,0),(5775,2567,261,'ที่ ศธ 04186/ว1131','2024-03-11','สพท.(กลุ่มนโยบายและแผน)','โรงเรียนบ้านบุ่ง','ซักซ้อมความเข้าใจเกี่ยวกับหนังสือเรียนและแบบฝึกหัด ปีงบประมาณ พ.ศ.2567 (2024-03-11 14:17:05)',NULL,0,0,NULL,'2024-03-12','1710141302x665091084','1339900347957',5,0),(5776,2567,262,'ที่ ศธ 04186/ว1133','2024-03-11','สพท.(กลุ่มส่งเสริมการจัดการศึกษา)','โรงเรียนบ้านบุ่ง','โครงการพัฒนาโภชนาการเด็ก FOOD FOR GOOD “โภชนาการที่ดี คือรากฐานของการเจริญเติบโต” (2024-03-11 14:56:47)',NULL,0,0,NULL,'2024-03-12','1710143498x330208097','1339900347957',5,0),(5777,2567,263,'ที่ ศธ 04186/ว 1076','2024-03-06','สพท.(กลุ่มอำนวยการ)','โรงเรียนบ้านบุ่ง','การชะลอชำระหนี้และการฟ้องร้องบังคับคดีครูและบุคลากรทางการศึกษาของกระทรวงศึกษาธิการ (2024-03-12 14:04:04)',NULL,0,0,NULL,'2024-03-12','1710226923x457860520','1339900347957',5,0),(5778,2567,264,'ที่ ศธ 04186/ว1144','2024-03-12','สพท.(กลุ่มนโยบายและแผน)','โรงเรียนบ้านบุ่ง','จัดสรรงบประมาณปีงบประมาณ พ.ศ.2566 ไปพลางก่อน งบเงินอุดหนุน ภาคเรียนที่ 1/2567 (70%) (2024-03-12 14:52:08)',NULL,0,0,NULL,'2024-03-12','1710229822x1572777382','1339900347957',5,0),(5779,2567,265,'ที่ ศธ 04186/ว1138','2024-03-12','สพท.(กลุ่มพัฒนาครูและบุคลากรทางการศึกษา)','โรงเรียนบ้านบุ่ง','ประชาสัมพันธ์โครงการพัฒนาข้าราชการครูและบุคลากรทางการศึกษาของสำนักงานศึกษาะิการและหน่วยงานทางการศึกษาในจังหวัดให้มีความเป็นเลิศทางวิชาการและวิชาชีพ ปร',NULL,0,0,NULL,'2024-03-13','1710232730x1915486602','1339900347957',5,0),(5780,2567,266,'ที่ ศธ 04186/ว1139','2024-03-12','สพท.(กลุ่มพัฒนาครูและบุคลากรทางการศึกษา)','โรงเรียนบ้านบุ่ง','ประกาศผลการคัดเลือกบุคคลดีเด่น ประจำปี 2566 และขอเรียนเชิญเข้าร่วมประชุมสัมนาวิชาการและประชุมใหญ่สามัญ ประจำปี 2566 (2024-03-12 15:55:40)',NULL,0,0,NULL,'2024-03-13','1710233489x2086509730','1339900347957',5,0),(5781,2567,267,'ที่ ศธ 04186/ว1129','2024-03-11','สพท.(กลุ่มส่งเสริมการจัดการศึกษา)','โรงเรียนบ้านบุ่ง','โครงการทุนการศึกษาพระราชทาน ม.ท.ศ. ปี 2567 ภายใต้ “มูลนิธิทุนการศึกษาพระราชทาน สมเด็จพระบรมโอรสาธิราชฯ สยามมกุฎราชกุมาร (ม.ท.ศ.)”  (2024-03-12 16:15:2',NULL,0,0,NULL,'2024-03-13','1710134238x698424389','1339900347957',5,0),(5782,2567,268,'ที่ ศธ 04186/ว1142','2024-03-12','สพท.(กลุ่มบริหารงานบุคคล)','โรงเรียนบ้านบุ่ง','ส่งบัญชีรายชื่อและข้อมูลพื่้นฐานของข้าราชการครูและบุลากรทางการศึกษา ตำแหน่งครู ที่ยื่นคำร้องขอย้าย (2024-03-12 17:13:52)',NULL,0,0,NULL,'2024-03-13','1710238376x1735865385','1339900347957',5,0),(5783,2567,269,'ที่ ศธ 04186/ว1142','2024-03-12','สพท.(กลุ่มบริหารงานบุคคล)','โรงเรียนบ้านบุ่ง','ส่งบัญชีรายชื่อและข้อมูลพื่้นฐานของข้าราชการครูและบุลากรทางการศึกษา ตำแหน่งครู ที่ยื่นคำร้องขอย้าย (2024-03-12 17:38:24)',NULL,0,0,NULL,'2024-03-13','1710239650x1376582696','1339900347957',5,0),(5784,2567,270,'ที่ ศธ 04186/ว1142','2024-03-12','สพท.(กลุ่มบริหารงานบุคคล)','โรงเรียนบ้านบุ่ง','(ส่งแนบเพิ่มเติม) ส่งบัญชีรายชื่อและข้อมูลพื้นฐานของข้าราชการครูและบุคลากรทางการศึกษา ตำแหน่งครู (การย้ายกรณีพิเศษ) (2024-03-12 18:00:44)',NULL,0,0,NULL,'2024-03-13','1710240984x1928169759','1339900347957',5,0),(5785,2567,271,'ที่ ศธ 04186/1137','2024-03-12','สพท.(กลุ่มส่งเสริมการจัดการศึกษา)','โรงเรียนบ้านบุ่ง','ยกเลิกระเบียนแสดงผลการเรียนหลักสูตรแกนกลางการศึกษาขั้นพื้นฐาน (ปพ.1) (2024-03-13 14:12:33)',NULL,0,0,NULL,'2024-03-13','1710313883x864774300','1339900347957',5,0),(5786,2567,272,'ที่ ศธ 04186/ว1158','2024-03-13','สพท.(กลุ่มนิเทศฯ)','โรงเรียนบ้านบุ่ง','การจัดกิจกรรม ตลาดน้ำซับ@UBN4 \"เวทีอวดดี อวดเก่ง อวดรู้ สู่ทักษะอาชีพและทักษะชีวิต\" (2024-03-13 14:25:08)',NULL,0,0,NULL,'2024-03-13','1710314529x1420153295','1339900347957',5,0),(5787,2567,273,'ที่ ศธ 04186/ว1156','2024-03-13','สพท.(กลุ่มส่งเสริมการจัดการศึกษา)','โรงเรียนบ้านบุ่ง','ขอความอนุเคราะห์ช่วยเหลือบ้านพักเด็กนักเรียนประสบอัคคีภัย (2024-03-13 15:07:34)',NULL,0,0,NULL,'2024-03-13','1710312792x1922215150','1339900347957',5,0),(5788,2567,274,'ที่ ศธ 04186/1128','2024-03-11','สพท.(กลุ่มส่งเสริมการจัดการศึกษา)','โรงเรียนบ้านบุ่ง','การรายงานผู้สำเร็จการศึกษาตามหลักสูตรแกนกลางการศึกษาขั้นพื้นฐาน (ปพ.๓) ประจำปีการศึกษา ๒๕๖๖ (2024-03-13 17:18:42)',NULL,0,0,NULL,'2024-03-14','1710324898x214967878','1339900347957',5,0),(5789,2567,275,'ที่ ศธ 04186/ว1164','2024-03-14','สพท.(กลุ่มพัฒนาครูและบุคลากรทางการศึกษา)','โรงเรียนบ้านบุ่ง','ประชุมสัมนาเชิงวิชาการ เรื่อง \"ร่างพระราชบัญญัติสวัสดิการการรักษาพยาบาลลูกจ้างผู้รับบำเหน็จรายเดือนและผู้รับบำเหน็จพิเศษรายเดือน พ.ศ....\"และการปรับเพิ',NULL,0,0,NULL,'2024-03-14','1710388484x1708166089','1339900347957',5,0),(5790,2567,276,'ที่ ศธ 04186/ว1165','2024-03-14','สพท.(กลุ่มส่งเสริมการจัดการศึกษา)','โรงเรียนบ้านบุ่ง','การสรรหาและเลือกตั้งคณะกรรมการลูกเสือเขตพื้นที่การศึกษา (2024-03-14 11:30:23)',NULL,0,0,NULL,'2024-03-14','1710389921x1499144194','1339900347957',5,0),(5791,2567,277,'ที่ ศธ 04186/1169','2024-03-14','สพท.(กลุ่มนิเทศฯ)','โรงเรียนบ้านบุ่ง','ประชาสัมพันธ์การประชุมวิชาการ \"สานพลัง สร้างงานวิจัย พลิกโฉมเศรษฐกิจและสังคมไทย ด้วย BCG Implementation (Co-Creating R&D Values to Foster Thai Economi',NULL,0,0,NULL,'2024-03-15','1710395014x144746637','1339900347957',5,0),(5792,2567,278,'ที่ ศธ 04186/1168','2024-03-14','สพท.(กลุ่มนิเทศฯ)','โรงเรียนบ้านบุ่ง','ประชาสัมพันธ์โครงการโรงเรียนโค้ดดิ้งพัฒนาคุณภาพชีวิต (Coding for Better Life) (2024-03-14 12:49:15)',NULL,0,0,NULL,'2024-03-15','1710395011x1724331045','1339900347957',5,0),(5793,2567,279,'ที่ สค.บส. ว.10 /2567','2024-03-14','บ้านสำโรง(คุรุประชาสามัคคี)','โรงเรียนบ้านบุ่ง','การอบรมเชิงปฏิบัติการเพื่อเพิ่มประสิทธิภาพการบริหารจัดการ ด้านการเงิน การบัญชี และการพัสดุ (2024-03-14 15:50:22)',NULL,0,0,NULL,'2024-03-15','1710406164x421422056','1339900347957',5,0),(5794,2567,280,'ที่ ศธ 04186/ว1175','2024-03-15','สพท.(กลุ่มส่งเสริมการจัดการศึกษา)','โรงเรียนบ้านบุ่ง','กำชับมาตรการการเตรียมความพร้อมช่วงปิดภาคเรียน (2024-03-15 08:48:45)',NULL,0,0,NULL,'2024-03-15','1710467118x1109453317','1339900347957',5,0),(5795,2567,281,'ที่ ศธ 04186/1179','2024-03-15','สพท.(กลุ่มนิเทศฯ)','โรงเรียนบ้านบุ่ง','การประกวด \"หนูน้อยขวัญใจตลาดน้ำซับ@UBN๔ ประจำปีการศึกษา ๒๕๖๖\" (2024-03-15 09:17:32)',NULL,0,0,NULL,'2024-03-15','1710468704x1515460947','1339900347957',5,0),(5796,2567,282,'ที่ ศธ 04186/ว1181','2024-03-15','สพท.(กลุ่มนิเทศฯ)','โรงเรียนบ้านบุ่ง','ขอเชิญร่วมงานและประชาสัมพันธ์การส่งผลงานวิจัยเข้าร่วมนำเสนอในการประชุมวิชาการระดับชาติศึกษาศาสตร์วิจัย มหาวิทยาลัยนโรศวร ครั้งที่ 11 (2024-03-15 09:22',NULL,0,0,NULL,'2024-03-15','1710468989x2073901313','1339900347957',5,0),(5797,2567,283,'ที่ ศธ 04186/ว1189','2024-03-15','สพท.(กลุ่มบริหารการเงินและสินทรัพย์)','โรงเรียนบ้านบุ่ง','แจ้งเวียนรายชื่อผู้ทิ้งงาน (2024-03-15 13:42:49)',NULL,0,0,NULL,'2024-03-16','1710484928x588427361','1860500079693',5,0),(5798,2567,284,'ที่ ศธ 04186/ว1190','2024-03-15','สพท.(กลุ่มบริหารการเงินและสินทรัพย์)','โรงเรียนบ้านบุ่ง','โครงการอบรมเชิงปฏิบัติการเพื่อเพิ่มประสิทธิภาพการบริการจัดการ ด้านการเงิน การบัญชีและการพัสดุ รร. (2024-03-15 14:19:06)',NULL,0,0,NULL,'2024-03-16','1710485689x1057314497','1860500079693',5,0),(5799,2567,285,'ที่ ศธ 04186/ว1190','2024-03-15','สพท.(กลุ่มบริหารการเงินและสินทรัพย์)','โรงเรียนบ้านบุ่ง','โครงการอบรมเชิงปฏิบัติการเพื่อเพิ่มประสิทธิภาพการบริการจัดการ ด้านการเงิน การบัญชีและการพัสดุ รร.   (2024-03-15 15:12:33)',NULL,0,0,NULL,'2024-03-16','1710490312x1112895536','1860500079693',5,0),(5800,2567,286,'ที่ ศธ 04186/ว1184','2024-03-15','สพท.(กลุ่มส่งเสริมการจัดการศึกษา)','โรงเรียนบ้านบุ่ง','การขอพระราชทานเหรียญลูกเสือสรรเสริญ ประจำปี 2567    (2024-03-15 15:48:16)',NULL,0,0,NULL,'2024-03-16','1710492471x1125837185','1860500079693',5,0),(5801,2567,287,'ที่ ศธ 04186/1208','2024-03-17','สพท.(กลุ่มนิเทศฯ)','โรงเรียนบ้านบุ่ง','อบรมการจัดทำหลักสูตรสถานศึกษาโรงเรียนนำร่องพื้นที่นวัตกรรมการศึกษา (2024-03-18 10:26:41)',NULL,0,0,NULL,'2024-03-18','1710731044x1057946751','1339900347957',5,0),(5802,2567,288,'ที่ ศธ 04186/1221','2024-03-19','สพท.(กลุ่มนิเทศฯ)','โรงเรียนบ้านบุ่ง','การสอบแข่งขันทางวิชาการ ระดับนานาชาติ (2024-03-19 09:17:32)',NULL,0,0,NULL,'2024-03-19','1710813986x559662835','1339900347957',5,0),(5803,2567,289,'ที่ ศธ 04186/ว1226','2024-03-19','สพท.(กลุ่มส่งเสริมการศึกษาทางไกลฯ)','โรงเรียนบ้านบุ่ง','ขอความอนุเคราะห์ประชาสัมพันธ์กิจกรรม ETDA Digital Citizen Trainer Season 3 (2024-03-19 11:19:17)',NULL,0,0,NULL,'2024-03-19','1710821906x1153506955','1339900347957',5,0),(5804,2567,290,'ที่ ศธ 04186/ว1213','2024-03-18','สพท.(กลุ่มส่งเสริมการจัดการศึกษา)','โรงเรียนบ้านบุ่ง','เชิญประชุมถ่ายทอดสด รายการ จับมือนักเรียนไว้แล้วไปด้วยกันกับครูแนะแนวและวิธีเลือกคณะที่ใช่ ให้ตอบใจและตอบโจทย์ (2024-03-19 12:17:41)',NULL,0,0,NULL,'2024-03-19','1710737943x340566871','1339900347957',5,0),(5805,2567,291,'ที่ ศธ 04186/ว1228','2024-03-19','สพท.(กลุ่มส่งเสริมการจัดการศึกษา)','โรงเรียนบ้านบุ่ง','การคัดเลือกเยาวชนดีเด่น เนื่องในโอกาสวันเยาวชนแห่งชาติ ประจำปี 2567 (2024-03-19 12:38:12)',NULL,0,0,NULL,'2024-03-19','1710826115x597430201','1339900347957',5,0),(5806,2567,292,'ที่ ศธ 04186/ว1238','2024-03-19','สพท.(กลุ่มส่งเสริมการจัดการศึกษา)','โรงเรียนบ้านบุ่ง','แต่งตั้งพนักงานเจ้าหน้าที่ส่งเสริมความประพฤตินักเรียนและนักศึกษาเป็นสมาชิกเครือข่ายปฏิบัติงานประจำอำเภอของจังหวัดอุบลราชธานี (2024-03-19 17:36:03)',NULL,0,0,NULL,'2024-03-20','1710841962x1416011108','1339900347957',5,0),(5807,2567,293,'ที่ ศธ 04186/1220','2024-03-18','สพท.(กลุ่มส่งเสริมการจัดการศึกษา)','โรงเรียนบ้านบุ่ง','เชิญประชุมเชิงปฏิบัติการขับเคลื่อนนโยบายสู่การปฏิบัติในสถานศึกษา (2024-03-19 17:51:12)',NULL,0,0,NULL,'2024-03-20','1710845135x1433736915','1339900347957',5,0),(5808,2567,294,'ที่ ศธ 04186/ว1245','2024-03-20','สพท.(กลุ่มพัฒนาครูและบุคลากรทางการศึกษา)','โรงเรียนบ้านบุ่ง','ขออนุญาตบุคลากรเข้าร่วมโครงการ \"การฝึกอบรมเพื่อรับรองมาตรฐาน ผู้ทำหน้าที่จิตวิทยาตามประมวลกฎหมายวิธีพิจารณาความอาญา(แบับที่ 20) พ.ศ.2542 (ป.วิอาญา) รุ',NULL,0,0,NULL,'2024-03-21','1710916550x1233671185','1339900347957',5,0),(5809,2567,295,'ที่ ศธ 04186/ว1247','2024-03-20','สพท.(กลุ่มพัฒนาครูและบุคลากรทางการศึกษา)','โรงเรียนบ้านบุ่ง','การคัดเลือกผู้ประกอบวิชาชีพทางการศึกษาที่สมควรได้รับรางวัลคุรุสภา ประจำปี 2567 (2024-03-20 13:54:04)',NULL,0,0,NULL,'2024-03-21','1710917257x390181507','1339900347957',5,0),(5810,2567,296,'ที่ ศธ 04186/ว1247','2024-03-20','สพท.(กลุ่มพัฒนาครูและบุคลากรทางการศึกษา)','โรงเรียนบ้านบุ่ง','การคัดเลือกผู้ประกอบวิชาชีพทางการศึกษาที่สมควรได้รับรางวัลคุรุสภา ประจำปี 2567 (2024-03-20 13:59:33)',NULL,0,0,NULL,'2024-03-21','1710917661x1955317868','1339900347957',5,0),(5811,2567,297,'ที่ ศธ 04186/1258','2024-03-21','สพท.(กลุ่มนิเทศฯ)','โรงเรียนบ้านบุ่ง','การสำรวจแววความสามารถพิเศษ ประจำปีการศึกษา 2566 ช่วงที่ 2 (1 ตุลาคม 2566-31 มีนาคม 2567) (2024-03-21 10:38:50)',NULL,0,0,NULL,'2024-03-21','1710992077x387009791','1339900347957',5,0),(5812,2567,298,'ที่ ศธ 04186/ว1259','2024-03-21','สพท.(กลุ่มนิเทศฯ)','โรงเรียนบ้านบุ่ง','การอบรมโครงการพัฒนาการอ่านการเขียน สำหรับผู้เรียนที่มีความบกพร่องทางการเรียนรู้ (LD) (2024-03-21 10:49:37)',NULL,0,0,NULL,'2024-03-21','1710992383x1317321565','1339900347957',5,0),(5813,2567,299,'ที่ ศธ 04186/ว1260','2024-03-21','สพท.(กลุ่มนิเทศฯ)','โรงเรียนบ้านบุ่ง','การ Coaching สถานศึกษาในสังกัดที่ได้รับการพิจารณาคัดเลือก รับการประเมินภายนอกจากสำนักงานรับรองมาตรฐานและประเมินคุณภาพการศึกษา(องค์การมหาชน) รอบที่ 5 (',NULL,0,0,NULL,'2024-03-21','1710998503x877833057','1339900347957',5,0),(5814,2567,300,'ที่ ศธ 04186/ว1264','2024-03-21','สพท.(กลุ่มบริหารการเงินและสินทรัพย์)','โรงเรียนบ้านบุ่ง','แจ้งโอนค่าใช้จ่ายในการจัดการศึกษาขั้นพื้นฐาน งบเงินอุดหนุน สำหรับภาคเรียนที่ 1/2567 (2024-03-21 15:10:13)',NULL,0,0,NULL,'2024-03-21','1711006322x841476595','1339900347957',5,0),(5815,2567,301,'ที่ ศธ 04186/1246','2024-03-20','สพท.(กลุ่มส่งเสริมการจัดการศึกษา)','โรงเรียนบ้านบุ่ง','การดำเนินการป้องกันและแก้ไขปัญหายาเสพติดในระยะเร่งด่วน (Quick Win) (2024-03-21 15:17:26)',NULL,0,0,NULL,'2024-03-21','1711008949x438115','1339900347957',5,0),(5816,2567,302,'ที่ ศธ 04186/ว1267','2024-03-21','สพท.(กลุ่มบริหารการเงินและสินทรัพย์)','โรงเรียนบ้านบุ่ง','สำรวจข้อมูลด้านสวัสดิการและสวัสดิภาพปัจจุบันของครูและบุคลากรทางการศึกษา (2024-03-21 15:23:17)',NULL,0,0,NULL,'2024-03-21','1711006763x862380533','1339900347957',5,0),(5817,2567,303,'ที่ ศธ 04186/ว1279','2024-03-22','สพท.(กลุ่มพัฒนาครูและบุคลากรทางการศึกษา)','โรงเรียนบ้านบุ่ง','ขอเชิญส่งบุคลากรเข้าร่วมโครงการฝึกอบรม \"สร้างนักวิจัยรุ่นใหม่\" (ลูกไก่) รุ่นที่ 11 (2024-03-22 14:14:59)',NULL,0,0,NULL,'2024-03-22','1711091626x997233457','1339900347957',5,0),(5818,2567,304,'ที่ ศธ 04186/1281','2024-03-25','สพท.(กลุ่มนิเทศฯ)','โรงเรียนบ้านบุ่ง','จัดส่งคู่มือการเปิดห้องเรียนพิเศษภาษาจีนให้กับหน่วยงานที่เกี่ยวข้อง (2024-03-25 09:46:00)',NULL,0,0,NULL,'2024-03-25','1711334430x282502818','1339900347957',5,0),(5819,2567,305,'ที่ ศธ 04186/1284','2024-03-25','สพท.(กลุ่มนิเทศฯ)','โรงเรียนบ้านบุ่ง','ประชาสัมพันธ์เผยแพร่วารสารกรมวิทยาศาสตร์บริการ ปีที่ 73 ฉบับที่ 224 (2024-03-25 10:23:48)',NULL,0,0,NULL,'2024-03-25','1711336768x639456292','1339900347957',5,0),(5820,2567,306,'ที่ ศธ 04186/1285','2024-03-25','สพท.(กลุ่มนิเทศฯ)','โรงเรียนบ้านบุ่ง','ขอความอนุเคราะห์ในการเก็บข้อมูลเพื่อใช้ในการวิจัย (2024-03-25 10:40:47)',NULL,0,0,NULL,'2024-03-25','1711337800x1922813927','1339900347957',5,0),(5821,2567,307,'ที่ ศธ 04186/ว1276','2024-03-22','สพท.(กลุ่มส่งเสริมการจัดการศึกษา)','โรงเรียนบ้านบุ่ง','ประชาสัมพันธ์โครงการประชุมวิชาการด้านลูกเสือ ประจำปี 2567 “งานลูกเสือเพื่อลูกเสือ และสังคม” (Scout for Scouts and Community) (2024-03-25 14:52:23)',NULL,0,0,NULL,'2024-03-25','1711082747x1806852385','1339900347957',5,0),(5822,2567,308,'ที่ ศธ 04186/ว1293','2024-03-25','สพท.(กลุ่มบริหารงานบุคคล)','โรงเรียนบ้านบุ่ง','มาตรการป้องกันการทุจริตการสอบแข่งขันเพื่อบรรจุและแต่งตั้งบุคคลเข้ารับราชการเป็นข้าราชการครูและบุคลากรทางการศึกษา ตำแหน่งบุคลากรทางการศึกษาอื่นตามมาตรา',NULL,0,0,NULL,'2024-03-25','1711353766x1458050401','1339900347957',5,0),(5823,2567,309,'ที่ ศธ 04186/ว1286','2024-03-25','สพท.(กลุ่มส่งเสริมการจัดการศึกษา)','โรงเรียนบ้านบุ่ง','แจ้งโรงเรียนให้ดำเนินการกรอกข้อมูลในระบบฐานข้อมูลด้านลูกเสือ ยุวกาชาดและกิจการนักเรียน  ปี 2567               (2024-03-25 15:22:48)',NULL,0,0,NULL,'2024-03-25','1711339184x2020363811','1339900347957',5,0),(5824,2567,310,'ที่ ศธ 04186/ว1294','2024-03-25','สพท.(กลุ่มบริหารงานบุคคล)','โรงเรียนบ้านบุ่ง','นโยบายเกี่ยวกับการบริหารงานบุคคล (2024-03-25 15:34:23)',NULL,0,0,NULL,'2024-03-25','1711353908x1459744315','1339900347957',5,0),(5825,2567,311,'ที่ ศธ 04186/ว1287','2024-03-25','สพท.(กลุ่มส่งเสริมการจัดการศึกษา)','โรงเรียนบ้านบุ่ง','การประกวดสื่อสร้างสรรค์ตามคำปฏิญาณตนยุวกาชาด “RCY Creator”      (2024-03-25 16:08:53)',NULL,0,0,NULL,'2024-03-25','1711339478x1123099946','1339900347957',5,0),(5826,2567,312,'ที่ ศธ 04186/ว1305','2024-03-26','สพท.(กลุ่มส่งเสริมการจัดการศึกษา)','โรงเรียนบ้านบุ่ง','ขอเชิญอบรมการใช้งานระบบสุขภาพจิตโรงเรียนวิถีใหม่ School Health Hero ปีการศึกษา 2567 (2024-03-26 09:23:53)',NULL,0,0,NULL,'2024-03-26','1711418986x1883012796','1339900347957',5,0),(5827,2567,313,'ที่ ศธ 04186/ว1311','2024-03-26','สพท.(กลุ่มนิเทศฯ)','โรงเรียนบ้านบุ่ง','การดำเนินงาน Active learning โดยใช้รูปแบบนวัตกรรม Open Approach And Lesson Study (2024-03-26 13:22:58)',NULL,0,0,NULL,'2024-03-26','1711433981x1376478094','1339900347957',5,0),(5828,2567,314,'ที่ ศธ 04186/ว1312','2024-03-26','สพท.(กลุ่มนิเทศฯ)','โรงเรียนบ้านบุ่ง','กิจกรรมการเขียนความประทับใจที่มีต่อพระราชกรณียกิจสมเด็จพระกนิษฐาธิราชเจ้า กรมสมเด็จพระเทพรัตนราชสุดาฯ สยามบรมราชกุมารี (2024-03-26 13:28:02)',NULL,0,0,NULL,'2024-03-26','1711434380x1920050185','1339900347957',5,0),(5829,2567,315,'ที่ ศธ 04186/1307','2024-03-25','สพท.(กลุ่มส่งเสริมการจัดการศึกษา)','โรงเรียนบ้านบุ่ง','กำชับการดำเนินการรับนักเรียน ปีการศึกษา 2567 ตามมาตรการป้องกันการทุจริตในการเรียกรับทรัพย์สินฯ (2024-03-26 15:45:12)',NULL,0,0,NULL,'2024-03-27','1711442493x443283401','1339900347957',5,0),(5830,2567,316,'ที่ ศธ 04186/ว 1319','2024-03-26','สพท.(กลุ่มอำนวยการ)','โรงเรียนบ้านบุ่ง','การให้กู้เงิน “โครงการสินเชื่อที่อยู่อาศัยเพื่อบุคลากรภาครัฐ ปี 2567” (2024-03-27 09:27:46)',NULL,0,0,NULL,'2024-03-27','1711506319x871711345','1339900347957',5,0),(5831,2567,317,'ที่ ศธ 04186/1303','2024-03-25','สพท.(กลุ่มส่งเสริมการจัดการศึกษา)','โรงเรียนบ้านบุ่ง','ขอความร่วมมือดำเนินงานโรงเรียนส่งเสริมสุขภาพระดับมาตรฐานสากล (GSHPS) เขตสุขภาพที่ 10 (2024-03-27 13:06:00)',NULL,0,0,NULL,'2024-03-27','1711519529x2016800635','1339900347957',5,0),(5832,2567,318,'ที่ ศธ 04186/1329','2024-03-27','สพท.(กลุ่มนิเทศฯ)','โรงเรียนบ้านบุ่ง','ประชาสัมพันธ์การอบรมหลักสูตรอบรมออนไลน์การจัดการเรียนรู้วิทยาการคำนวณสำหรับครูชั้นสูง (C๔T) รุ่น ๕ (2024-03-27 13:34:57)',NULL,0,0,NULL,'2024-03-27','1711520718x1335448386','1339900347957',5,0),(5833,2567,319,'ที่ ศธ 04186/ว1325','2024-03-27','สพท.(กลุ่มนโยบายและแผน)','โรงเรียนบ้านบุ่ง','กำชับการดำเนินงานเกี่ยวกับหนังสือเรียนและแบบฝึกหัด ปีงบประมาณ พ.ศ.2567 (2024-03-27 13:48:43)',NULL,0,0,NULL,'2024-03-27','1711521825x1392276542','1339900347957',5,0),(5834,2567,320,'ที่ศธ 04186/ว1331','2024-03-27','สพท.(กลุ่มนิเทศฯ)','โรงเรียนบ้านบุ่ง','ขอเชิญร่วมเป็นเกียรติในงาน “การจัดนิทรรศการแสดงผลงานโรงเรียนที่ขอรับตราพระราชทาน  “บ้านนักวิทยาศาสตร์น้อย ประเทศไทย” ระดับประถมศึกษา ปีการศึกษา ๒๕๖๖ (',NULL,0,0,NULL,'2024-03-28','1711530839x1930570871','1339900347957',5,0),(5835,2567,321,'ที่ ศธ 04186/ว1333','2024-03-27','สพท.(กลุ่มอำนวยการ)','โรงเรียนบ้านบุ่ง','การประกวดสื่อสร้างสรรค์เพื่อพัฒนาระบบราชการของกระทรวงศึกษาธิการ (2024-03-27 16:43:30)',NULL,0,0,NULL,'2024-03-28','1711532512x327848485','1339900347957',5,0),(5836,2567,322,'ที่ศธ 04186/ว1313','2024-03-26','สพท.(กลุ่มนิเทศฯ)','โรงเรียนบ้านบุ่ง','แต่งตั้งคณะกรรมการเพื่อพิจารณากลั่นกรองและประเมินผลงานโรงเรียนในสังกัดที่ขอรับการประเมิน         โครงการบ้านนักวิทยาศาสตร์น้อย ประเทศไทย ระดับประถมศึก',NULL,0,0,NULL,'2024-03-28','1711532072x834423463','1339900347957',5,0),(5837,2567,323,'ที่ ศธ 04186/ว 1334','2024-03-27','สพท.(กลุ่มอำนวยการ)','โรงเรียนบ้านบุ่ง','การสำรวจความต้องการกู้ยืมเงินทุนหมุนเวียนเพื่อแก้ไขปัญหาหนี้สินข้าราชการครู  (2024-03-28 11:18:57)',NULL,0,0,NULL,'2024-03-28','1711599480x882441168','1339900347957',5,0),(5838,2567,324,'ที่ ศธ 04186/ว1342','2024-03-28','สพท.(กลุ่มพัฒนาครูและบุคลากรทางการศึกษา)','โรงเรียนบ้านบุ่ง','ระเบียบกระทรวงศึกษาธิการ ว่าด้วยเข็มกระทรวงศึกษาธิการ พ.ศ.2567 (2024-03-28 11:51:32)',NULL,0,0,NULL,'2024-03-28','1711601387x1270877838','1339900347957',5,0),(5839,2567,325,'ที่ ศธ 04186/ว1349','2024-03-28','สพท.(กลุ่มอำนวยการ)','โรงเรียนบ้านบุ่ง','การเผยแพร่ประชาสัมพันธ์การเลือกสมาชิกวุฒิสภา (2024-03-28 15:51:28)',NULL,0,0,NULL,'2024-03-30','1711615817x1127401631','1339900347957',5,0),(5840,2567,326,'ที่ ศธ 04186/ว1351','2024-03-28','สพท.(กลุ่มบริหารงานบุคคล)','โรงเรียนบ้านบุ่ง','การคัดเลือกบุคคลเพื่อบรรจุและแต่งตั้งเข้ารับราชการเป็นข้าราชการครูและบุคลากรทางการศึกษา ตำแหน่งครูผู้ช่วย กรณีที่มีความจำเป็นหรือมีเหตุพิเศษ  สังกัด ส',NULL,0,0,NULL,'2024-03-30','1711620932x1869906965','1339900347957',5,0),(5841,2567,327,'ที่ ศธ 04186/ว1353','2024-03-29','สพท.(กลุ่มส่งเสริมการจัดการศึกษา)','โรงเรียนบ้านบุ่ง','แจ้งเลื่อนการอบรมการใช้งานระบบสุขภาพจิตโรงเรียนวิถีใหม่ School Health Hero  ปีการศึกษา 2567 (2024-03-29 08:47:58)',NULL,0,0,NULL,'2024-03-30','1711676673x1448726100','1339900347957',5,0),(5842,2567,328,'ที่ ศธ 04186/ว1357','2024-03-29','สพท.(กลุ่มบริหารงานบุคคล)','โรงเรียนบ้านบุ่ง','การคัดเลือกบุคคลเพื่อบรรจุและแต่งตั้งให้ดำรงตำแหน่งรองผู้อำนวยการสถานศึกษา  และผู้อำนวยการสถานศึกษา สังกัดสำนักงานคณะกรรมการการศึกษาขั้นพื้นฐาน ปี พ.ศ',NULL,0,0,NULL,'2024-03-30','1711680226x1033712516','1339900347957',5,0),(5843,2567,329,'ที่ ศธ 04186/1376','2024-03-29','สพท.(กลุ่มนิเทศฯ)','โรงเรียนบ้านบุ่ง','สรุปผลการประเมินความสามรถด้านการอ่าน (RT) ชั้นประถมศึกษาปีที่ 1 ปีการศึกษา 2566 (2024-03-29 15:11:16)',NULL,0,0,NULL,'2024-03-30','1711697735x1922471526','1339900347957',5,0),(5844,2567,330,'ที่ ศธ 04186/ว1359','2024-03-29','สพท.(กลุ่มอำนวยการ)','โรงเรียนบ้านบุ่ง','การนำลายผ้าพระราชทานโดยสมเด็จพระเจ้าลูกเธอ เจ้าฟ้าสิริวัณณวรี นารีรัตนราชกัญญาทรงออกแบบหรือผ้าพื้นเมืองไปออกแบบเครื่องแต่งกาย และส่งเสริมการสวมใส่ฯ (2',NULL,0,0,NULL,'2024-03-30','1711682008x2053345469','1339900347957',5,0),(5845,2567,331,'ที่ ศธ 04186/ว1362','2024-03-29','สพท.(กลุ่มอำนวยการ)','โรงเรียนบ้านบุ่ง','การจัดกิจกรรมเนื่องในโอกาสวันคล้ายวันพระราชสมภพสมเด็จพระกนิษฐาธิราชเจ้า กรมสมเด็จพระเทพรัตนราชสุดา ฯ สยามบรมราชกุมารี 2 เมษายน 2 (2024-03-29 15:51:53)',NULL,0,0,NULL,'2024-03-30','1711687596x698151394','1339900347957',5,0),(5846,2567,332,'ที่ ศธ 04186/ว1379','2024-03-29','สพท.(กลุ่มบริหารงานบุคคล)','โรงเรียนบ้านบุ่ง','สำรวจความขาดแคลนผู้ปฏิบัติงานในสถานศึกษา ตำแหน่งนักการภารโรง+ธุรการโรงเรียน (2024-03-29 16:24:58)',NULL,0,0,NULL,'2024-03-30','1711704156x997478044','1339900347957',5,0),(5847,2567,333,'ที่ศธ 04186/ว 1380','2024-03-29','สพท.(กลุ่มบริหารงานบุคคล)','โรงเรียนบ้านบุ่ง','ประชาสัมพันธ์การจัดเก็บอัตรลักษณ์(หัวกระสุนปืนและปอกกระสุนปืน) (2024-04-01 10:22:11)',NULL,0,0,NULL,'2024-04-01','1711941456x426917995','1339900347957',5,0),(5848,2567,334,'ที่ศธ 04186/ว 1380','2024-03-29','สพท.(กลุ่มบริหารงานบุคคล)','โรงเรียนบ้านบุ่ง','ประชาสัมพันธ์การจัดเก็บอัตรลักษณ์(หัวกระสุนปืนและปอกกระสุนปืน) (2024-04-01 10:49:19)',NULL,0,0,NULL,'2024-04-01','1711943277x1462265886','1339900347957',5,0),(5849,2567,335,'ที่ ศธ 04186/1337','2024-03-28','สพท.(กลุ่มส่งเสริมการจัดการศึกษา)','โรงเรียนบ้านบุ่ง','ขอความร่วมมือดำเนินการตามมาตรการเฝ้าระวัง ป้องกัน ควบคุมโรคติดต่อนำโดยยุงลายในโรงเรียน (2024-04-01 17:28:37)',NULL,0,0,NULL,'2024-04-02','1711967187x1527343986','1339900347957',5,0),(5850,2567,336,'ที่ ศธ 04186/1338','2024-03-28','สพท.(กลุ่มส่งเสริมการจัดการศึกษา)','โรงเรียนบ้านบุ่ง','ตอบแบบสอบถามข้อมูลการเฝ้าระวังพฤติกรรมสุขภาพ \"พฤติกรรมที่อาจทำให้เกิดความเสี่ยงด้านสุขภาพในช่วงเทศกาลสงกรานต์\" ในกลุ่มวัยเด็ก (2024-04-01 17:37:30)',NULL,0,0,NULL,'2024-04-02','1711967682x1793297000','1339900347957',5,0),(5851,2567,337,'ที่ศธ 04186/ว 1402','2024-04-02','สพท.(กลุ่มบริหารงานบุคคล)','โรงเรียนบ้านบุ่ง','การพิจารณาคุณสมบัติของผู้มีสิทธิเข้ารับการคัดเลือกฯตำแหน่งครูผู้ช่วย กรณีพิเศษ (2024-04-02 08:08:24)',NULL,0,0,NULL,'2024-04-02','1712019728x199240347','1339900347957',5,0),(5852,2567,338,'ที่ ศธ 04186/ว1424','2024-04-03','สพท.(กลุ่มนิเทศฯ)','โรงเรียนบ้านบุ่ง','การประชุมเชิงปฏิบัติการระบบงานการประกันคุณภาพการศึกษาเพื่อเตรียมความพร้อมสถานศึกษาในการประเมินภายนอกจากสำนักงานรับรองมาตรฐานและประเมินคุณภาพการศึกษา(อ',NULL,0,0,NULL,'2024-04-03','1712109095x915184023','1339900347957',5,0),(5853,2567,339,'ที่ ศธ 04186/ว1432','2024-04-03','สพท.(กลุ่มบริหารงานบุคคล)','โรงเรียนบ้านบุ่ง','การบริหารจัดการสถานศึกษาที่ไม่มีผู้อำนวยการสถานศึกษา (2024-04-03 16:32:25)',NULL,0,0,NULL,'2024-04-03','1712136561x1206063757','1339900347957',5,0),(5854,2567,340,'ที่ ศธ 04186/ว1435','2024-04-04','สพท.(กลุ่มพัฒนาครูและบุคลากรทางการศึกษา)','โรงเรียนบ้านบุ่ง','การขอรับเครื่องหมายเชิดชูเกียรติ ประกาศนียบัตร และเงินช่วยเหลือครูอาวุโส ประจำปี ๒๕๖๗ (2024-04-04 10:49:38)',NULL,0,0,NULL,'2024-04-04','1712202524x1777945928','1339900347957',5,0),(5855,2567,341,'ที่ ศธ 04186/ว1445','2024-04-04','สพท.(หน่วยตรวจสอบภายใน)','โรงเรียนบ้านบุ่ง','การตรวจสอบการใช้จ่ายค่าสาธารณูปโภคของส่วนราชการ (ไตรมาสที่ 2 ปีงบประมาณ 2567) (2024-04-04 14:10:32)',NULL,0,0,NULL,'2024-04-05','1712214536x640063246','1339900347957',5,0),(5856,2567,342,'ที่ ศธ 04186/ว1435','2024-04-04','สพท.(กลุ่มพัฒนาครูและบุคลากรทางการศึกษา)','โรงเรียนบ้านบุ่ง','การขอรับเครื่องหมายเชิดชูเกียรติ ประกาศนียบัตร และเงินช่วยเหลือครูอาวุโส ประจำปี 2567 (แก้ไขข้อมูลผู้เกษียณอายุราชการ) (2024-04-04 15:22:56)',NULL,0,0,NULL,'2024-04-05','1712218729x1769648613','1339900347957',5,0),(5857,2567,343,'ที่ ศธ 04186/ว1449','2024-04-04','สพท.(กลุ่มนโยบายและแผน)','โรงเรียนบ้านบุ่ง','การจัดเก็บข้อมูลนักเรียนรายบุคคล ผ่านระบบ DMC รอบสิ้นปีการศึกษา 2566 (2024-04-04 15:24:53)',NULL,0,0,NULL,'2024-04-05','1712219004x1196018288','1339900347957',5,0),(5858,2567,344,'ที่ ศธ 04186/ว1467','2024-04-05','สพท.(กลุ่มนิเทศฯ)','โรงเรียนบ้านบุ่ง','การจัดทำแผนกลยุทธ์พัฒนาคุณภาพการศึกษาและการจัดทำหลักสูตรสถานศึกษาของโรงเรียนนำร่องพื้นที่นวัตกรรมการศึกษา (2024-04-05 14:06:21)',NULL,0,0,NULL,'2024-04-05','1712300625x1166871785','1339900347957',5,0),(5859,2567,345,'ที่ ศธ 04186/ว1464','2024-04-05','สพท.(กลุ่มส่งเสริมการจัดการศึกษา)','โรงเรียนบ้านบุ่ง','การบันทึกข้อมูลและการปรับปรุงข้อมูลพนักงานเจ้าหน้าที่ส่งเสริมความประพฤตินักเรียนและนักศึกษา สังกัดสำนักงานคณะกรรมการการศึกษาขั้นพื้นฐาน (2024-04-05 17',NULL,0,0,NULL,'2024-04-06','1712293681x1081727443','1339900347957',5,0),(5860,2567,346,'ที่ ศธ 04186/ว1474','2024-04-06','สพท.(กลุ่มบริหารงานบุคคล)','โรงเรียนบ้านบุ่ง','มาตรการป้องกันการทุจริตการคัดเลือกฯ ตำแหน่งครูผู้ช่วย กรณีที่มีความจำเป็นหรือมีเหตุพิเศษ ตำแหน่งรองผู้อำนวยการสถานศึกษา และผู้อำนวยการสถานศึกษา สังกัด',NULL,0,0,NULL,'2024-04-06','1712365793x620793992','1339900347957',5,0),(5861,2567,347,'ที่ ศธ 04186/1468','2024-04-09','สพท.(กลุ่มส่งเสริมการจัดการศึกษา)','โรงเรียนบ้านบุ่ง','ขอความอนเคราะห์ในการดำเนินการเผยแพร่ประชาสัมพันธ์ฯ (2024-04-09 09:57:06)',NULL,0,0,NULL,'2024-04-09','1712631309x1574190451','1339900347957',5,0),(5862,2567,348,'ที่ ศธ 04186/ว1480','2024-04-09','สพท.(กลุ่มบริหารงานบุคคล)','โรงเรียนบ้านบุ่ง','การปฏิบัติงานในหน้าที่ของอัตราจ้างปฏิบัติงานธุรการโรงเรียนตามโครงการคืนครูให้นักเรียน (2024-04-09 10:19:18)',NULL,0,0,NULL,'2024-04-09','1712632266x1976004603','1339900347957',5,0),(5863,2567,349,'ที่ ศธ 04186/1482','2024-04-09','สพท.(กลุ่มอำนวยการ)','โรงเรียนบ้านบุ่ง','แจ้งกำหนดสถานที่จัดให้จอดรถฯ (2024-04-10 08:28:53)',NULL,0,0,NULL,'2024-04-16','1712712416x2027396646','1339900347957',5,0),(5864,2567,350,'ที่ ศธ 04186/ว1502','2024-04-10','สพท.(กลุ่มนิเทศฯ)','โรงเรียนบ้านบุ่ง','ส่งมอบเกียรติบัตรให้นักเรียนที่ได้คะแนนเต็ม 100 คะแนน ในความสามารถด้านการอ่าน (RT) จากการประเมินความสามารถด้านการอ่าน (RT) ชั้นประถมศึกษาปีที่ 1 ปีการ',NULL,0,0,NULL,'2024-04-16','1712724919x1845508409','1339900347957',5,0),(5865,2567,351,'ที่ ศธ 04186/ว1505','2024-04-10','สพท.(กลุ่มส่งเสริมการจัดการศึกษา)','โรงเรียนบ้านบุ่ง','ขอความร่วมมือตอบแบบสำรวจการเสริมสร้างความรู้ความเข้าใจเกี่ยวกับภัยคุกคามรูปแบบใหม่ ทุกรูปแบบให้กับนักเรียน ปีการศึกษา 2566 (2024-04-10 13:42:23)',NULL,0,0,NULL,'2024-04-16','1712731204x594898473','1339900347957',5,0),(5866,2567,352,'ที่ ศธ 04186/ว1506','2024-04-10','สพท.(กลุ่มส่งเสริมการจัดการศึกษา)','โรงเรียนบ้านบุ่ง','สำรวจข้อมูลพี่เลี้ยงเด็กพิการเพื่อดำเนินโครงการพัฒนาศักยภาพพี่เลี้ยงเด็กพิการเพื่อการปฏิบัติงาน ในสถานศึกษาสำหรับเด็กที่มีความต้องการจำเป็นพิเศษ (2024',NULL,0,0,NULL,'2024-04-16','1712731408x527058845','1339900347957',5,0),(5867,2567,353,'ที่ ศธ 04186/ว1496','2024-04-09','สพท.(กลุ่มบริหารงานบุคคล)','โรงเรียนบ้านบุ่ง','รับสมัครบุคคลเพื่อคัดเลือกและแต่งตั้งให้ดำรงตำแหน่งที่ปรึกษาสถานศึกษา โรงเรียนบ้านน้ำเที่ยง โดยวิธีพิเศษ (2024-04-10 15:22:47)',NULL,0,0,NULL,'2024-04-16','1712736992x1384599074','1339900347957',5,0),(5868,2567,354,'ที่ ศธ 04186/1484','2024-04-09','สพท.(กลุ่มส่งเสริมการจัดการศึกษา)','โรงเรียนบ้านบุ่ง','ขอเชิญประชุมผู้รับผิดชอบระบบรายงานการรับนักเรียน ปีการศึกษา  2567 (2024-04-11 07:26:26)',NULL,0,0,NULL,'2024-04-16','1712795115x1596108761','1339900347957',5,0),(5869,2567,355,'ที่ ศธ 04186/ว1511','2024-04-11','สพท.(กลุ่มนิเทศฯ)','โรงเรียนบ้านบุ่ง','การสำรวจความต้องการในการอบรมการจัดการเรียนรู้เชิงรุก (Active Learning) ปีการศึกษา ๒๕๖๗ (2024-04-11 11:03:45)',NULL,0,0,NULL,'2024-04-16','1712807437x1023117832','1339900347957',5,0),(5870,2567,356,'ที่ ศธ 04186/ว1518','2024-04-11','สพท.(กลุ่มนิเทศฯ)','โรงเรียนบ้านบุ่ง','การรายงานผลการประเมินตนเองประจำปีการศึกษา 2566 (SAR) (2024-04-11 16:40:36)',NULL,0,0,NULL,'2024-04-16','1712828169x1347537975','1339900347957',5,0),(5871,2567,357,'ที่ ศธ 04186/1519','2024-04-11','สพท.(กลุ่มนิเทศฯ)','โรงเรียนบ้านบุ่ง','ขอความร่วมมือบันทึกข้อมูลในระบบฐานข้อมูลสารสนเทศการพัฒนาเด็กปฐมวัยตามมาตรฐานชาติ ปีการศึกษา 2566 (2024-04-11 16:45:52)',NULL,0,0,NULL,'2024-04-16','1712828602x997414610','1339900347957',5,0),(5872,2567,358,'ที่ ศธ 04186/ว1526','2024-04-17','สพท.(กลุ่มบริหารงานบุคคล)','โรงเรียนบ้านบุ่ง','การจัดสรรอัตราจ้างผู้ปฏิบัติงานให้ราชการ ตำแหน่งนักการภารโรง ปีงบประมาณ พ.ศ. 2567 (เพิ่มเติม) (2024-04-17 15:19:56)',NULL,0,0,NULL,'2024-04-17','1713341914x1112332462','1339900347957',5,0),(5873,2567,359,'ที่ ศธ 04186/1530','2024-04-17','สพท.(กลุ่มนิเทศฯ)','โรงเรียนบ้านบุ่ง','การพัฒนาหลักสูตรสถานศึกษาและการจัดทำรายวิชาเพิ่มเติมหลักสูตรต้านทุจริตศึกษา (2024-04-17 15:47:35)',NULL,0,0,NULL,'2024-04-17','1713342916x1863457098','1339900347957',5,0),(5874,2567,360,'ที่ ศธ 04186/ว1532','2024-04-17','สพท.(กลุ่มส่งเสริมการศึกษาทางไกลฯ)','โรงเรียนบ้านบุ่ง','การปรับปรุงการให้บริการพื้นที่จัดเก็บข้อมูลของบริษัท Google ภายใต้โดเมน @moe.go.th (2024-04-17 16:48:52)',NULL,0,0,NULL,'2024-04-17','1713347256x1364802980','1339900347957',5,0),(5875,2567,361,'ที่ ศธ 04186/ว1534','2024-04-18','สพท.(กลุ่มนิเทศฯ)','โรงเรียนบ้านบุ่ง','ประชาสัมพันธ์โครงการโรงเรียนโค้ดดิ้งพัฒนาคุณภาพชีวิต (Coding for Better Life) (2024-04-18 08:54:33)',NULL,0,0,NULL,'2024-04-18','1713404823x2084099341','1339900347957',5,0),(5876,2567,362,'ที่ ศธ 04186/ว1535','2024-04-18','สพท.(กลุ่มส่งเสริมการจัดการศึกษา)','โรงเรียนบ้านบุ่ง','ขอความร่วมมือตอบแบบสอบถามการดำเนินงานของโรงเรียนในประเด็นความปลอดภัยของสถานศึกษา ประจำปีการศึกษา 2566 (2024-04-18 09:44:50)',NULL,0,0,NULL,'2024-04-18','1713408026x1554578911','1339900347957',5,0),(5877,2567,363,'ที่ ศธ 04186/ว1536','2024-04-18','สพท.(กลุ่มบริหารการเงินและสินทรัพย์)','โรงเรียนบ้านบุ่ง','ขอส่งสำเนาหนังสือสำนักงานคณะกรรมการการศึกษาขั้นพื้นฐาน (2024-04-18 10:22:28)',NULL,0,0,NULL,'2024-04-18','1713409973x358458107','1339900347957',5,0),(5878,2567,364,'.....','2024-04-19','บ้านนาโหนนน้อย','โรงเรียนบ้านบุ่ง','ประกาศโรงเรียนบ้านนาโหนนน้อย    เรื่อง    รับสมัครคัดเลือกบุคคลเพื่อจ้างเป็นลูกจ้างชั่วคราวปฏิบัติหน้าที่นักการภารโรง (2024-04-19 11:49:47)',NULL,0,0,NULL,'2024-04-19','1713502137x1461305310','1339900347957',5,0),(5879,2567,365,'ที่ ศธ 04186/1544','2024-04-18','สพท.(กลุ่มนิเทศฯ)','โรงเรียนบ้านบุ่ง','ส่งมอบเกียรติบัตรการทดสอบทางการศึกษาระดับชาติขั้นพื้นฐาน (ONET) นักเรียนชั้นประถมศึกษาปีที่ 6 และชั้นมัธยมศึกษาปีที่ 3 ปีการศึกษา 2566 (2024-04-19 12:',NULL,0,0,NULL,'2024-04-19','1713429752x705450087','1339900347957',5,0),(5880,2567,366,'ที่ ศธ 04186/ว1117','2024-03-08','สพท.(กลุ่มอำนวยการ)','โรงเรียนบ้านบุ่ง','การตกแต่งสถานที่ ประดับไฟและธงเฉลิมพระเกียรติและการใช้ตราสัญลักษณ์ งานเฉลิมพระเกียรติ พระบาทสมเด็จพระเจ้าอยู่หัว เนื่องในโอกาสมหามงคลเฉลิมพระชนมพรรษา ',NULL,0,0,NULL,'2024-04-19','1709869945x1375716210','1339900347957',5,0),(5881,2567,367,'ที่ ศธ 04186/ว1551','2024-04-19','สพท.(กลุ่มบริหารงานบุคคล)','โรงเรียนบ้านบุ่ง','การสรรหาและจัดจ้างผู้ปฏิบัติงานให้ราชการ ตำแหน่งนักการภารโรง ปีงบประมาณ 2567 (เพิ่มเติม) (2024-04-19 14:26:41)',NULL,0,0,NULL,'2024-04-19','1713510252x978658720','1339900347957',5,0),(5882,2567,368,'ที่ ศธ 04186/ว 1552','2024-04-19','สพท.(กลุ่มอำนวยการ)','โรงเรียนบ้านบุ่ง','การเตรียมความพร้อม และมอบนโยบายก่อนเปิดภาคเรียน ปีการศึกษา 2567 (2024-04-19 15:16:15)',NULL,0,0,NULL,'2024-04-19','1713514408x476748488','1339900347957',5,0),(5883,2567,369,'ที่ ศธ 04186/1556','2024-04-19','สพท.(กลุ่มนิเทศฯ)','โรงเรียนบ้านบุ่ง','แจ้งรายชื่อครูเข้าอบรมการจัดการเรียนรู้เชิงรุก (Active Learning) ปีการศึกษา 2567 (2024-04-19 16:05:48)',NULL,0,0,NULL,'2024-04-20','1713516079x1035669757','1339900347957',5,0),(5884,2567,370,'ที่','2024-04-19','บ้านห้วยขะยุง(คุรุพานิชวิทยาคาร)','โรงเรียนบ้านบุ่ง','ประกาศรับสมัครคัดเลือกอัตราจ้างผู้มาปฏิบัติงานให้ราชการ ตำแหน่งนักการภารโรง (2024-04-19 19:27:57)',NULL,0,0,NULL,'2024-04-20','1713529271x2023235493','1339900347957',5,0),(5885,2567,371,'ที่','2024-04-21','บ้านหนองเทา','โรงเรียนบ้านบุ่ง','ประกาศรับสมัครคัดเลือกบุคคลเพื่อจ้างเป็นลูกจ้างชั่วคราวปฏิบัติหน้าที่นักการภารโรง (2024-04-21 21:10:47)',NULL,0,0,NULL,'2024-04-22','1713708553x209281530','1339900347957',5,0),(5886,2567,372,'ที่ ศธ 04186/ว1560','2024-04-22','สพท.(กลุ่มอำนวยการ)','โรงเรียนบ้านบุ่ง','โครงการสถานศึกษาส่งเสริมวินัยการออมกับกองทุนการออมแห่งชาติ (กอช.) กลุ่มนักเรียน                (2024-04-22 08:52:57)',NULL,0,0,NULL,'2024-04-22','1713750521x619783040','1339900347957',5,0),(5887,2567,373,'ที่','2024-04-22','บ้านวังคกอูบมุง','โรงเรียนบ้านบุ่ง',' ประกาศรับสมัครคัดเลือกบุคคลเพื่อจ้างเป็นลูกจ้างชั่วคราวปฏิบัติหน้าที่นักการภารโรง  (2024-04-22 11:31:50)',NULL,0,0,NULL,'2024-04-22','1713760202x894433259','1339900347957',5,0),(5888,2567,374,'ที่ ศธ 04186/ว1550','2024-04-19','สพท.(กลุ่มบริหารงานบุคคล)','โรงเรียนบ้านบุ่ง','การรับทราบผลการประเมินการปฏิบัติงานของข้าราชการครูและบุคลากรทางการศึกษา (2024-04-22 12:04:39)',NULL,0,0,NULL,'2024-04-22','1713762002x105441167','1339900347957',5,0),(5889,2567,375,'ที่ ศธ 04186/ว1575','2024-04-22','สพท.(กลุ่มนิเทศฯ)','โรงเรียนบ้านบุ่ง','แต่งตั้งคณะกรรมการตรวจสอบและกลั่นกรองผลงานที่ส่งประเมินเพื่อรับตราพระราชทาน \"บ้านวิทยาศสตร์น้อย ประเทศไทยไ ระดับปฐมวัย สำหรับโรเรียนในเครือข่าย สำนักง',NULL,0,0,NULL,'2024-04-22','1713765489x108599023','1339900347957',5,0),(5890,2567,376,'ที่ ศธ 04186/ว1580','2024-04-22','สพท.(กลุ่มส่งเสริมการจัดการศึกษา)','โรงเรียนบ้านบุ่ง','สำรวจความคิดเห็นเกี่ยวกับการส่งเสริมความประพฤตินักเรียนและนักศึกษา (2024-04-22 18:04:01)',NULL,0,0,NULL,'2024-04-23','1713772354x1527894138','1339900347957',5,0),(5891,2567,377,'ที่ ศธ 04186/ว1581','2024-04-22','สพท.(กลุ่มส่งเสริมการจัดการศึกษา)','โรงเรียนบ้านบุ่ง','การคัดเลือกผู้บริหาร ผู้สอน และผู้สนับสนุน กิจการลูกเสือดีเด่น ประจำปี 2567 (2024-04-23 10:31:39)',NULL,0,0,NULL,'2024-04-23','1713775041x832359901','1339900347957',5,0),(5892,2567,378,'ที่ ศธ 04186/1591','2024-04-22','สพท.(กลุ่มนิเทศฯ)','โรงเรียนบ้านบุ่ง','การประชุมการปรับปรุงแผนกลยุทธ์พัฒนาคุณภาพการศึกษา สถานศึกษานำร่องพื้นที่นวัตกรรมการศึกษา (2024-04-23 10:46:15)',NULL,0,0,NULL,'2024-04-23','1713843705x768088521','1339900347957',5,0),(5893,2567,379,'ที่ ศธ 04186/1592','2024-04-22','สพท.(กลุ่มนิเทศฯ)','โรงเรียนบ้านบุ่ง','การสั่งซื้อเอกสารประเมินผล (ปพ.๔-ปพ.๙) และเอกสารประจำชั้นระดับปฐมวัย (อนุบาลชั้นปีที่ ๑-๓) (2024-04-23 11:04:19)',NULL,0,0,NULL,'2024-04-23','1713844694x894539558','1339900347957',5,0),(5894,2567,380,'ที่ ศธ 04186/ว1584','2024-04-22','สพท.(กลุ่มส่งเสริมการจัดการศึกษา)','โรงเรียนบ้านบุ่ง','โครงการฝึกอบรมสมาชิกยุวกาชาด หลักสูตรนักอนุรักษ์และพัฒนาสิ่งแวดล้อม ประจำปี 2567   (2024-04-23 11:18:08)',NULL,0,0,NULL,'2024-04-23','1713777488x1001926747','1339900347957',5,0),(5895,2567,381,'ที่','2024-04-24','บ้านวังคกอูบมุง','โรงเรียนบ้านบุ่ง','ประกาศรายชื่อผู้มีสิทธิ์สอบคัดเลือกบุคคลเพื่อจ้างเป็นลูกจ้างชั่วคราว ตำแหน่ง นักการภารโรง (2024-04-24 12:11:40)',NULL,0,0,NULL,'2024-04-24','1713935464x1429125699','1339900347957',5,0),(5896,2567,382,'ที่ ศธ 04186/1611','2024-04-24','สพท.(กลุ่มส่งเสริมการจัดการศึกษา)','โรงเรียนบ้านบุ่ง','ขอความร่วมมือการแก้ไขปัญหาบุหรี่ไฟฟ้าและการพนันออนไลน์ในสถานศึกษา (2024-04-24 14:24:40)',NULL,0,0,NULL,'2024-04-24','1713943423x1398946508','1339900347957',5,0),(5897,2567,383,'ที่ศธ ๐๔๑๘๖/๑๕๙๘','2024-04-23','สพท.(กลุ่มส่งเสริมการจัดการศึกษา)','โรงเรียนบ้านบุ่ง','ประชาสัมพันธ์โครงการสุขภาพดีด้วยทฤษฎีเพื่อน (ตาย)ด้วยหลัก ๑๐ อ (Thailand 10 for Health) ปี ๒๕๖๗   (2024-04-24 14:41:39)',NULL,0,0,NULL,'2024-04-24','1713944041x1910443846','1339900347957',5,0),(5898,2567,384,'ที่ ศธ 04186/ว1614','2024-04-24','สพท.(กลุ่มพัฒนาครูและบุคลากรทางการศึกษา)','โรงเรียนบ้านบุ่ง','ขอประชาสัมพันธ์โครงการฝึกอบรมหลักสูตร “การไกล่เกลี่ยข้อพิพาทตามพระราชบัญญัติการไกล่เกลี่ยข้อพิพาท พ.ศ. ๒๕๖๒” รุ่นที่ ๑๐ (2024-04-24 14:47:04)',NULL,0,0,NULL,'2024-04-24','1713944548x1749487262','1339900347957',5,0),(5899,2567,385,'ที่ ศธ 04186/ว1614','2024-04-24','สพท.(กลุ่มพัฒนาครูและบุคลากรทางการศึกษา)','โรงเรียนบ้านบุ่ง','ขอประชาสัมพันธ์โครงการฝึกอบรมหลักสูตร “การไกล่เกลี่ยข้อพิพาทตามพระราชบัญญัติการไกล่เกลี่ยข้อพิพาท พ.ศ. ๒๕๖๒” รุ่นที่ ๑๐ (2024-04-24 14:47:04)',NULL,0,0,NULL,'2024-04-24','1713944548x1749487262','1339900347957',5,0),(5900,2567,386,'ที่ ศธ 04186/ว1614','2024-04-24','สพท.(กลุ่มพัฒนาครูและบุคลากรทางการศึกษา)','โรงเรียนบ้านบุ่ง','ขอประชาสัมพันธ์โครงการฝึกอบรมหลักสูตร “การไกล่เกลี่ยข้อพิพาทตามพระราชบัญญัติการไกล่เกลี่ยข้อพิพาท พ.ศ. ๒๕๖๒” รุ่นที่ ๑๐ (2024-04-24 14:47:36)',NULL,0,0,NULL,'2024-04-24','1713944548x1749487262','1339900347957',5,0),(5901,2567,387,'ที่ ศธ 04186/ว1614','2024-04-24','สพท.(กลุ่มพัฒนาครูและบุคลากรทางการศึกษา)','โรงเรียนบ้านบุ่ง','ขอประชาสัมพันธ์โครงการฝึกอบรมหลักสูตร “การไกล่เกลี่ยข้อพิพาทตามพระราชบัญญัติการไกล่เกลี่ยข้อพิพาท พ.ศ. ๒๕๖๒” รุ่นที่ ๑๐ (2024-04-24 14:47:36)',NULL,0,0,NULL,'2024-04-24','1713944548x1749487262','1339900347957',5,0),(5902,2567,388,'ที่ ศธ 04186/ว1621','2024-04-24','สพท.(กลุ่มนิเทศฯ)','โรงเรียนบ้านบุ่ง','การประเมินผลงานเพื่อรับตราพระราชทาน \"บ้านนักวิทยาศาสตร์น้อย ประเทศไทย\" ระดับปฐมวัย ปีการศึกษา 2566 (2024-04-24 17:06:51)',NULL,0,0,NULL,'2024-04-25','1713952343x1734484324','1339900347957',5,0),(5903,2567,389,'ที่ ศธ 04186/ว1640','2024-04-25','สพท.(กลุ่มนิเทศฯ)','โรงเรียนบ้านบุ่ง','ขอความอนุเคราะห์ทดลองใช้เครื่องเสียง (2024-04-25 15:00:38)',NULL,0,0,NULL,'2024-04-25','1714030360x865573326','1339900347957',5,0),(5904,2567,390,'ที่ศธ ๐๔๑๘๖/ว๑๖๔๓','2024-04-25','สพท.(กลุ่มส่งเสริมการจัดการศึกษา)','โรงเรียนบ้านบุ่ง','ประชาสัมพันธ์และสรรหาบุคคลและองค์กรที่ดำเนินการดีเด่นด้านการป้องกันควบคุมการบริโภค เครื่องดื่มแอลกอฮอล์ เพื่อรับโล่รางวัลประกาศเกียรติคุณ เนื่องในวันง',NULL,0,0,NULL,'2024-04-25','1714033972x1905618407','1339900347957',5,0),(5905,2567,391,'ที่ ศธ 04186/ว1636','2024-04-25','สพท.(กลุ่มพัฒนาครูและบุคลากรทางการศึกษา)','โรงเรียนบ้านบุ่ง','ขอเชิญเข้ารับการอบรมภายใต้โครงการเสริมสร้างหลักปฏิบัติราชการที่ดีจากคำวินิจฉัยของศาลปกครองและให้ความรู้เกี่ยวกับบทบาทหน้าที่ของศาลปกครองและการใช้สิทธิ',NULL,0,0,NULL,'2024-04-26','1714035469x422276887','1339900347957',5,0),(5906,2567,392,'ที่ ศธ 04186/ว1635','2024-04-25','สพท.(กลุ่มพัฒนาครูและบุคลากรทางการศึกษา)','โรงเรียนบ้านบุ่ง','ประชาสัมพันธ์หลักสูตรอบรมเชิงปฏิบัติการเกี่ยวกับแพลตฟอร์มและปัญญาประดิษฐ์ (AI) เพื่อสร้างสื่อการจัดการเรียนรู้ออนไลน์ และการทำผลงานทางวิชาการวิทยฐานะเ',NULL,0,0,NULL,'2024-04-26','1714035574x919810822','1339900347957',5,0),(5907,2567,393,'ที่','2024-04-26','บ้านวังคกอูบมุง','โรงเรียนบ้านบุ่ง','ประกาศผลผู้ผ่านการสอบคัดเลือกบุคคลเพื่อจ้างเป็นลูกจ้างชั่วคราว ตำแหน่งนักการภารโรง (2024-04-26 12:01:55)',NULL,0,0,NULL,'2024-04-26','1714107630x1432715091','1339900347957',5,0),(5908,2567,394,'ที่ ศธ 04186/ว1654','2024-04-26','สพท.(กลุ่มนิเทศฯ)','โรงเรียนบ้านบุ่ง','การแข่งขัน international Olympaid in Biology (2024-04-26 13:36:31)',NULL,0,0,NULL,'2024-04-26','1714112048x282456720','1339900347957',5,0),(5909,2567,395,'ที่ ศธ 04186/ว1649','2024-04-26','สพท.(กลุ่มบริหารงานบุคคล)','โรงเรียนบ้านบุ่ง','แจ้งผลการเลื่อนเงินเดือนข้าราชการครูและบุคลากรทางการศึกษา ครั้งที่ 1 (1 เมษายน 2567) (2024-04-29 09:51:07)',NULL,0,0,NULL,'2024-04-30','1714358831x1910390058','1339900347957',5,0),(5910,2567,396,'ที่ ศธ 04186/ว1653','2024-04-26','สพท.(กลุ่มบริหารงานบุคคล)','โรงเรียนบ้านบุ่ง','การเลื่อนขั้นค่าจ้างลูกจ้างประจำ ครั้งที่ 1 (1 เมษายน 2567) (2024-04-29 10:00:59)',NULL,0,0,NULL,'2024-04-30','1714359592x943724372','1339900347957',5,0),(5911,2567,397,'ที่ ศธ 04186/ว1664','2024-04-29','สพท.(กลุ่มนโยบายและแผน)','โรงเรียนบ้านบุ่ง','รายงานข้อมูลโครงการพัฒนาระบบรายงานข้อมูลการเงินด้านการศึกษาของสถานศึกษา(ระบบบัญชีการศึกษาขั้นพื้นฐ่น)ครั้งที่1ประจำปีงบประมาณพ.ศ.2567 (2024-04-29 10:2',NULL,0,0,NULL,'2024-04-30','1714361087x1234773904','1339900347957',5,0),(5912,2567,398,'ที่ ศธ 04186/1465','2024-04-26','สพท.(กลุ่มส่งเสริมการจัดการศึกษา)','โรงเรียนบ้านบุ่ง','ประกาศกระทรวงศึกษาธิการ แจ้งแนวปฏิบัติเมื่อพบบุหรี่ไฟฟ้า (2024-04-29 11:22:06)',NULL,0,0,NULL,'2024-04-30','1714364453x2030549693','1339900347957',5,0),(5913,2567,399,'ที่ ศธ 04186/1668','2024-04-29','สพท.(กลุ่มส่งเสริมการจัดการศึกษา)','โรงเรียนบ้านบุ่ง','บันทึกข้อมูลผู้คัดกรองคนพิการทางการศึกษา และ ตรวจสอบข้อมูลแผนจัดการศึกษาเฉพาะบุคคล  IEP และ IIP ของนักเรียนพิการในโรงเรียนทั่วไปจัดการเรียนรวม ปีการศึ',NULL,0,0,NULL,'2024-04-30','1714372043x1468226382','1339900347957',5,0),(5914,2567,400,'ที่','2024-04-29','สพท.(กลุ่มบริหารการเงินและสินทรัพย์)','โรงเรียนบ้านบุ่ง','ข้อสั่งการของรองนายกรัฐมนตรีและรัซมนตรี ในการปฏิบัติราชการในพื้นที่กลุ่มจังหวัดภาคเหนือตอนบน 2 ที่เกี่ยวข้องกับการบริหารสินทรัพย์ การป้องกันและปราบปรา',NULL,0,0,NULL,'2024-04-30','1714377852x963703049','1339900347957',5,0),(5915,2567,401,'ที่','2024-04-29','สพท.(กลุ่มบริหารการเงินและสินทรัพย์)','โรงเรียนบ้านบุ่ง','แนวทางปฏิบัติในการดำเนินการเตรียมเอกสารในขั้นตอนหาผู้รับจ้างและบริหารสัญญา (2024-04-29 15:37:58)',NULL,0,0,NULL,'2024-04-30','1714379738x1518028342','1339900347957',5,0),(5916,2567,402,'ที่ ศธ 04186/1683','2024-04-30','สพท.(กลุ่มนิเทศฯ)','โรงเรียนบ้านบุ่ง','ขอเชิญร่วมเป็นเกียรติในพิธีเปิดงาน \"การจัดนิทรรศการแสดงผลงานโรงเรียนที่ขอรับการประเมินเพื่อรับตราพระราชทาน บ้านนักวิทยาศาสตร์น้อย ประเทศไทย\" ระดับปฐมว',NULL,0,0,NULL,'2024-05-02','1714447261x633560646','1339900347957',5,0),(5917,2567,403,'ที่ ศธ 04186/1690','2024-04-30','สพท.(กลุ่มนิเทศฯ)','โรงเรียนบ้านบุ่ง','ขอเชิญเข้าร่วมประชุมโครงการสร้างความรอบรู้เรื่องการเฝ้าระวังและส่งเสริมพัฒนาการเด็กปฐมวัยและวินัยเชิงบวกจังหวัดอุบลราชธานี (2024-04-30 12:08:24)',NULL,0,0,NULL,'2024-05-02','1714452786x866574825','1339900347957',5,0),(5918,2567,404,'ที่ ศธ 04186/1692','2024-04-30','สพท.(กลุ่มนิเทศฯ)','โรงเรียนบ้านบุ่ง','การจัดทำข้อเสนอคำขอรับอาสาสมัครญี่ปุ่น สาขา City and Local Environment Improvement (2024-04-30 13:05:40)',NULL,0,0,NULL,'2024-05-02','1714456779x431043670','1339900347957',5,0),(5919,2567,405,'ที่ ศธ 04186/ว1693','2024-04-30','สพท.(กลุ่มนิเทศฯ)','โรงเรียนบ้านบุ่ง',' การประกาศนโยบายสำนักงานเขตพื้นที่การศุึกษาประถมศึกษาอุบลราชธานี เขต 4 เรื่อง นโยบายการไม่รับของขวัญและของกำนัลทุกชนิดจากการปฏิบัติหน้า (No Gift Polic',NULL,0,0,NULL,'2024-05-02','1714457432x326109040','1339900347957',5,0),(5920,2567,406,'ที่ ศธ 04186/ว1595','2024-04-23','สพท.(กลุ่มส่งเสริมการจัดการศึกษา)','โรงเรียนบ้านบุ่ง','ประกาศแต่งตั้งคณะกรรมการลูกเสือเขตพื้นที่การศึกษาอุบลราชธานี เขต 4   (2024-04-30 14:13:24)',NULL,0,0,NULL,'2024-05-02','1713855047x2035855544','1339900347957',5,0),(5921,2567,407,'ที่ ศธ 04186/ว1696','2024-04-30','สพท.(กลุ่มบริหารงานบุคคล)','โรงเรียนบ้านบุ่ง','การจัดสรรงบประมาณรายจ่ายประจำปีงบประมาณ พ.ศ.2566 ไปพลางก่อน สำหรับจ้างเหมาบริการนักการภารโรงระยะเวลา 5 เดือน (พฤษภาคม - กันยายน 2567) (2024-04-30 15:2',NULL,0,0,NULL,'2024-05-02','1714462068x1237918859','1339900347957',5,0),(5922,2567,408,'ที่ ศธ 04186/ว1699','2024-04-30','สพท.(กลุ่มนิเทศฯ)','โรงเรียนบ้านบุ่ง','ประชาสัมพันธ์โครงการโรงเรียนรักษาศีล ๕ เชิงคุณภาพ ครอบครัวอบอุ่น ด้วย ๗ กิจวัตรความดี ปีการศึกษา ๒๕๖๗ (2024-04-30 16:20:33)',NULL,0,0,NULL,'2024-05-02','1714468118x1786176098','1339900347957',5,0),(5923,2567,409,'ที่ศธ ๐๔๑๘๖/ว๑๖๙๘','2024-05-01','สพท.(กลุ่มส่งเสริมการจัดการศึกษา)','โรงเรียนบ้านบุ่ง','การเสนอชื่อนักเรียนนักศึกษาเพื่อรับทุนกองทุนการศึกษา\"บรมราชาภิเษก ๔ พฤษภาคม ๒๕๖๗\" (2024-05-01 10:16:02)',NULL,0,0,NULL,'2024-05-02','1714533050x608555568','1339900347957',5,0),(5924,2567,410,'ที่ ศธ 04186/ว 1707','2024-05-01','สพท.(กลุ่มบริหารงานบุคคล)','โรงเรียนบ้านบุ่ง','การเสนอขอพระราชทานเครื่องราชอิสริยาภรณ์ ประจำปี 2567 ชั้นสายสะพาย (เพิ่มเติม) (2024-05-01 12:01:39)',NULL,0,0,NULL,'2024-05-02','1714539585x581194885','1339900347957',5,0),(5925,2567,411,'ที่ ศธ 04186/ว1713','2024-05-01','สพท.(กลุ่มบริหารงานบุคคล)','โรงเรียนบ้านบุ่ง','ประกาศรับสมัครสอบแข่งขันเพื่อบรรจุและแต่งตั้งบุคคลเข้ารับราชการเป็นข้าราชการครูและบุคลากราทางการศึกษา ตำแหน่งครูผู้ช่วย สังกัดสำนักงานคณะกรรมการการศึก',NULL,0,0,NULL,'2024-05-02','1714542496x557541951','1339900347957',5,0),(5926,2567,412,'ที่ ศธ 04186/ว1707','2024-05-01','สพท.(กลุ่มบริหารงานบุคคล)','โรงเรียนบ้านบุ่ง','แนวทางการจ้างผู้ปฏิบัติงานให้ราชการ ตำแหน่งนักการภารโรง ปีงบประมาณ พ.ศ. 2567 (เพิ่มเติม) (2024-05-02 09:08:01)',NULL,0,0,NULL,'2024-05-02','1714615324x1706436859','1339900347957',5,0),(5927,2567,413,'ที่ ศธ 04186/1549','2024-04-19','สพท.(กลุ่มส่งเสริมการจัดการศึกษา)','โรงเรียนบ้านบุ่ง','จัดส่งทะเบียนคุมเอกสารการยกเลิกแบบพิมพ์ ปพ.1 ปีพุทธศักราช 2566 (2024-05-02 10:11:23)',NULL,0,0,NULL,'2024-05-02','1714619311x2012649799','1339900347957',5,0),(5928,2567,414,'ที่ ศธ 04186/1701','2024-04-30','สพท.(กลุ่มส่งเสริมการจัดการศึกษา)','โรงเรียนบ้านบุ่ง','ยกเลิกระเบียนแสดงผลการเรียนหลักสูตรแกนกลางการศึกษาขั้นพื้นฐาน (ปพ.1) (2024-05-02 10:13:19)',NULL,0,0,NULL,'2024-05-02','1714619513x1491184342','1339900347957',5,0),(5929,2567,415,'ที่ ศธ 04186/1736','2024-05-02','สพท.(กลุ่มส่งเสริมการจัดการศึกษา)','โรงเรียนบ้านบุ่ง','รายงานสถานการณ์และการกำหนดสถานะบุคคลฯ (2024-05-02 13:29:37)',NULL,0,0,NULL,'2024-05-02','1714631223x1270301536','1339900347957',5,0),(5930,2567,416,'ที่ ศธ 04186/ว1735','2024-05-02','สพท.(กลุ่มส่งเสริมการศึกษาทางไกลฯ)','โรงเรียนบ้านบุ่ง','การส่งมอบชุดกิจกรรมการเรียนรู้ (ใบงานและใบความรู้) ระดับชั้นประถมศึกษาปีที่ ๑ - ๖ (ฉบับปรับปรุงครั้งที่ ๓) ภาคเรียนที่ 1 ปีการศึกษา ๒๕๖7 (2024-05-02 1',NULL,0,0,NULL,'2024-05-02','1714619764x1087201458','1339900347957',5,0),(5931,2567,417,'ที่ ศธ 04186/1738','2024-05-02','สพท.(กลุ่มนิเทศฯ)','โรงเรียนบ้านบุ่ง','ส่งมอบเกียรติบัตรให้นักเรียนที่ได้คะแนนเต็ม100คะแนน ในการประเมินคุณภาพผู้เรียน(NT) ชั้นประถมศึกษาปีที่ 3 ปีการศึกษา 2566 และสถานศึกษาที่มีผลการประเมิน',NULL,0,0,NULL,'2024-05-02','1714630537x1415867215','1339900347957',5,0),(5932,2567,418,'ที่ ศธ 04186/1739','2024-05-02','สพท.(กลุ่มนิเทศฯ)','โรงเรียนบ้านบุ่ง','สรุปผลการประเมินคุณภาพผู้เรียน (NT) ชั้นประถมศึกาาปีที่ 3 ปีการศึกษา 2566 (2024-05-02 16:08:05)',NULL,0,0,NULL,'2024-05-02','1714630626x1551672529','1339900347957',5,0),(5933,2567,419,'ที่ ศธ 04186/ว 1746','2024-05-03','สพท.(กลุ่มอำนวยการ)','โรงเรียนบ้านบุ่ง','ขอประชาสัมพันธ์การจำหน่ายเสื้อโปโลสีเหลืองประดับตราสัญลักษณ์งานเฉลิมพระเกียรติพระบาทสมเด็จพระเจ้าอยู่หัว พร้อมประดับตราเสมาธรรมจักรที่แขนเสื้อด้านขวา ',NULL,0,0,NULL,'2024-05-03','1714703775x873111340','1339900347957',5,0),(5934,2567,420,'ที่ ศธ 04186/ว1686','2024-04-30','สพท.(กลุ่มอำนวยการ)','โรงเรียนบ้านบุ่ง','การจัดกิจกรรมเฉลิมพระเกียรติพระบาทสมเด็จพระเจ้าอยู่หัว เนื่องในโอกาสวันฉัตรมงคล  วันที่ ๔ พฤษภาคม ๒๕๖๗ (2024-05-03 10:14:13)',NULL,0,0,NULL,'2024-05-03','1714450279x2084974611','1339900347957',5,0),(5935,2567,421,'ที่ ศธ 04186/ว1694','2024-04-30','สพท.(กลุ่มอำนวยการ)','โรงเรียนบ้านบุ่ง','การจัดกิจกรรมเฉลิมพระเกียรติพระบาทสมเด็จพระเจ้าอยู่หัว เนื่องในโอกาสพระราชพิธีมหามงคล เฉลิมพระชนมพรรษา ๖ รอบ ๒๘ กรกฎาคม ๒๕๖๗ (2024-05-03 10:20:25)',NULL,0,0,NULL,'2024-05-03','1714458059x970456596','1339900347957',5,0),(5936,2567,422,'ที่ ศธ 04186/ว1705','2024-05-01','สพท.(กลุ่มอำนวยการ)','โรงเรียนบ้านบุ่ง','การสืบสานประเพณีไทยและวัฒนธรรมไทย : พิธีไหว้ครู (2024-05-03 10:26:16)',NULL,0,0,NULL,'2024-05-03','1714533902x257512925','1339900347957',5,0),(5937,2567,423,'ที่ ศธ 04186/ว1752','2024-05-02','สพท.(กลุ่มบริหารการเงินและสินทรัพย์)','โรงเรียนบ้านบุ่ง','การปรับปรุงหลักเกณฑ์การเบิกจ่ายค่าใช้จ่ายในการฝึกอบรม ค่าใช้จ่ายในการจัดงานและค่าใช้จ่ายในการจัดประชุม (2024-05-03 11:15:17)',NULL,0,0,NULL,'2024-05-03','1714709082x1366368771','1339900347957',5,0),(5938,2567,424,'ที่ ศธ 04186/1755','2024-05-03','สพท.(กลุ่มนิเทศฯ)','โรงเรียนบ้านบุ่ง','ขอเชิญเข้าร่วมการประชุมชี้แจงการดำเนินการยกระดับมาตรฐานการศึกษา โดยการใช้องค์ความรู้ PIAS ของกระทรวงศึกษาธิการ ผ่านระบบออนไลน์ YouTube OBEC Channel (2',NULL,0,0,NULL,'2024-05-03','1714717564x1812349904','1339900347957',5,0),(5939,2567,425,'ที่ ศธ 04186/ว1760','2024-05-07','สพท.(กลุ่มส่งเสริมการจัดการศึกษา)','โรงเรียนบ้านบุ่ง','มาตรการการเตรียมความพร้อมการเปิดภาคเรียนที่ 1 ปีการศึกษา 2567  (2024-05-07 10:47:39)',NULL,0,0,NULL,'2024-05-07','1715053038x1602689334','1860500079693',5,0),(5940,2567,426,'ที่ ศธ 04186/ว1762','2024-05-07','สพท.(กลุ่มส่งเสริมการจัดการศึกษา)','โรงเรียนบ้านบุ่ง','ประชาสัมพันธ์บอร์ดเกมส่งเสริมทักษะความปลอดภัยสำหรับเด็กประถม iSafe Challenge Game (2024-05-07 11:47:23)',NULL,0,0,NULL,'2024-05-07','1715057028x237587471','1860500079693',5,0),(5941,2567,427,'ที่ ศธ 04186/1764','2024-05-07','สพท.(กลุ่มบริหารงานบุคคล)','โรงเรียนบ้านบุ่ง','การให้ลูกจ้างชั่วคราวปฏิบัติหน้าที่ธุรการโรงเรียน (จ้างเหมาบริการ) ลาออก (2024-05-07 13:22:56)',NULL,0,0,NULL,'2024-05-07','1715062527x657718437','1860500079693',5,0),(5942,2567,428,'ที่ ศธ 04186/1769','2024-05-07','สพท.(กลุ่มส่งเสริมการจัดการศึกษา)','โรงเรียนบ้านบุ่ง','การประเมินสถานศึกษาสีขาว ปลอดยาเสพติดและอบายมุขปีการศึกษา 2566 ระดับจังหวัด (2024-05-07 14:55:27)',NULL,0,0,NULL,'2024-05-07','1715068418x484933496','1860500079693',5,0),(5943,2567,429,'ที่ ศธ 04186/ว1774','2024-05-08','สพท.(กลุ่มนิเทศฯ)','โรงเรียนบ้านบุ่ง','ประชาสัมพันธ์การรับสมัครโรงเรียนวิถีพุทธชั้นนำ รุ่นที่ 15 (2024-05-08 09:49:05)',NULL,0,0,NULL,'2024-05-08','1715135745x1181863283','1860500079693',5,0),(5944,2567,430,'ที่ ศธ 04186/ว 1767','2024-05-07','สพท.(กลุ่มอำนวยการ)','โรงเรียนบ้านบุ่ง','เชิญเข้าร่วมโครงการติดตั้งและบำรุงรักษาอุปกรณ์ประหยัดพลังงานในระบบการผลิตไฟฟ้าจากพลังงานทดแทนหรือพลังงานทางเลือก (2024-05-08 11:53:06)',NULL,0,0,NULL,'2024-05-08','1715143807x1341806990','1860500079693',5,0),(5945,2567,431,'ที่ ศธ 04186/ว1777','2024-05-08','สพท.(กลุ่มบริหารการเงินและสินทรัพย์)','โรงเรียนบ้านบุ่ง','ขอความร่วมมือสำรวจรายละเอียดข้อมูลไม้มีค่าในที่ราชพัสดุ (2024-05-08 13:55:29)',NULL,0,0,NULL,'2024-05-08','1715150354x155625053','1860500079693',5,0),(5946,2567,432,'ที่ ศธ 04186/ว1780','2024-05-08','สพท.(กลุ่มนิเทศฯ)','โรงเรียนบ้านบุ่ง','ประชาสัมพันธ์การอบรมสร้างสื่อด้วย Canva และ Generative Ai (2024-05-08 14:26:33)',NULL,0,0,NULL,'2024-05-08','1715153022x462115306','1860500079693',5,0),(5947,2567,433,'ที่ ศธ 04186/ว1781','2024-05-08','สพท.(กลุ่มนิเทศฯ)','โรงเรียนบ้านบุ่ง','ประกาศรายชื่อครูที่ผ่านการคัดเลือกเข้ารับการอบรมเชิงปฏิบัติการการพัฒนาศักยภาพครูผู้สอนวิทยาการคำนวณเพื่อส่งเสริมทักษะการคิดและการใช้งานโปรแกรม Scratch',NULL,0,0,NULL,'2024-05-08','1715153312x548323495','1860500079693',5,0),(5948,2567,434,'ที่ ศธ 04186/ว1791','2024-05-09','สพท.(กลุ่มนิเทศฯ)','โรงเรียนบ้านบุ่ง','การนิเทศ ติดตามการขับเคลื่อนคุณภาพการศึกษาด้วยนวัตกรรมการบริหารการศึกษา\"เขตก้าวหน้า สร้างคุณภาพการศึกษาอย่างยั่งยืน\" และเตรียมความพร้อมเปิดภาคเรียนที่',NULL,0,0,NULL,'2024-05-09','1715218503x1674780721','1860500079693',5,0),(5949,2567,435,'ที่ ศธ 04186/ว1788','2024-05-09','สพท.(กลุ่มพัฒนาครูและบุคลากรทางการศึกษา)','โรงเรียนบ้านบุ่ง','ประชาสัมพันธ์กิจกรรมอบรมการแนะแนวยุคใหม่ ผ่านการใช้งานระบบ WE Space (2024-05-09 08:49:17)',NULL,0,0,NULL,'2024-05-09','1715218591x988932876','1860500079693',5,0),(5950,2567,436,'ที่ ศธ 04186/ว1789','2024-05-09','สพท.(กลุ่มพัฒนาครูและบุคลากรทางการศึกษา)','โรงเรียนบ้านบุ่ง','ประชาสัมพันธ์โครงการอบรมเชิงปฏิบัติการที่สอดคล้องกับการประเมินตำแหน่งและวิทยฐานะตามระบบ PA (2024-05-09 08:51:52)',NULL,0,0,NULL,'2024-05-09','1715219368x701373810','1860500079693',5,0),(5951,2567,437,'ที่ ศธ 04186/ว1790','2024-05-09','สพท.(กลุ่มพัฒนาครูและบุคลากรทางการศึกษา)','โรงเรียนบ้านบุ่ง','ขอเชิญเข้าร่วมประชุมใหญ่สามัญและอบรมสัมมนาวิชาการประจำปี ๒๕๖๖ (2024-05-09 08:53:41)',NULL,0,0,NULL,'2024-05-09','1715219524x468346610','1860500079693',5,0),(5952,2567,438,'ที่ ศธ 04186/ว1798','2024-05-09','สพท.(กลุ่มนโยบายและแผน)','โรงเรียนบ้านบุ่ง','จัดสรรงบประมาณรายจ่ายประจำปี พ.ศ.2567 งบเงินอุดหนุน ภาคเรียนที่ 1/2567 (70%) เพิ่มเติม (2024-05-09 11:07:16)',NULL,127,0,NULL,'2024-05-09','1715227557x194784580','1860500079693',5,0),(5953,2567,439,'ที่ ศธ 04186/ว1800','2024-05-09','สพท.(กลุ่มนโยบายและแผน)','โรงเรียนบ้านบุ่ง','การจัดทำข้อมูลสวัสดิการบ้านพักของข้าราชการครูและบุคลากรทางการศึกษาในระบบสินทรัพย์ สพฐ. (OBEC-Asset) (2024-05-09 11:15:26)',NULL,0,0,NULL,'2024-05-09','1715228006x1393469353','1860500079693',5,0),(5954,2567,440,'ที่ ศธ 04186/1787','2024-05-08','สพท.(กลุ่มส่งเสริมการจัดการศึกษา)','โรงเรียนบ้านบุ่ง','ขอความอนุเคราะห์ประชาสัมพันธ์และเก็บข้อมูลเฝ้าระวังพฤติกรรมสุขภาพ (2024-05-09 11:39:49)',NULL,0,0,NULL,'2024-05-09','1715229421x322014694','1860500079693',5,0),(5955,2567,441,'ที่ศธ04186/ว1791','2024-05-09','สพท.(กลุ่มนิเทศฯ)','โรงเรียนบ้านบุ่ง','การนิเทศ ติดตามการขับเคลื่อนคุณภาพการศึกษาด้วยนวัตกรรมการบริหารการศึกษา “เขตก้าวหน้า สร้างคุณภาพการศึกษาอย่างยั่งยืน” และเตรียมความพร้อมเปิดภาคเรียนที',NULL,0,0,NULL,'2024-05-09','1715240708x541602731','1860500079693',5,0),(5956,2567,442,'ที่ ศธ 04186/ว1823','2024-05-13','สพท.(กลุ่มบริหารงานบุคคล)','โรงเรียนบ้านบุ่ง','การกำหนดอัตราเงินเดือนสำหรับคุณวุฒิที่ ก.ค.ศ.รับรอง และการกำหนดอัตราเงินเดือนชดเชย และจำนวนเงินที่ได้ปรับตามคุณวุฒิที่ ก.ค.ศ.รับรอง (2024-05-13 09:27:',NULL,0,0,NULL,'2024-05-13','1715567090x2079378575','1860500079693',5,0),(5957,2567,443,'ที่ ศธ 04186/ว1831','2024-05-13','สพท.(กลุ่มบริหารงานบุคคล)','โรงเรียนบ้านบุ่ง','การรับสมัครคัดเลือกผู้รับทุนโครงการผลิตครูเพื่อพัฒนาท้องถิ่น หลักสูตรระดับปริญญาโททางการสอนในประเทศ/ต่างประเทศ รุ่นบรรจุปี พ.ศ. ๒๕๖๓  (2024-05-13 09:5',NULL,0,0,NULL,'2024-05-13','1715568478x486061482','1860500079693',5,0),(5958,2567,444,'ที่ ศธ 04186/ว1812','2024-05-09','สพท.(กลุ่มส่งเสริมการจัดการศึกษา)','โรงเรียนบ้านบุ่ง','แนวทางการแต่งกายชุดเครื่องแบบลูกเสือ เนตรนารี ยุวกาชาด ประจำปีการศึกษา 2567                 (2024-05-13 10:29:55)',NULL,0,0,NULL,'2024-05-13','1715242674x3087789','1860500079693',5,0),(5959,2567,445,'ที่ ศธ 04186/ว1850','2024-05-13','สพท.(กลุ่มส่งเสริมการศึกษาทางไกลฯ)','โรงเรียนบ้านบุ่ง','การขับเคลื่อนคุณภาพการศึกษาตามนโยบาย “สพป.อบ.4 องค์กรคุณภาพ สร้างสรรค์นักเรียนดี มีความสุข”  จุดเน้นที่ 1 โรงเรียนบริหารจัดการด้วยเทคโนโลยีดิจิทัลและร',NULL,0,0,NULL,'2024-05-13','1715584801x1666817421','1860500079693',5,0),(5960,2567,446,'ที่ ศธ 04186/ว1855','2024-05-13','สพท.(กลุ่มนิเทศฯ)','โรงเรียนบ้านบุ่ง','ขอเชิญบุคลากรเข้าร่วมประชุมสื่อสารสร้างความเข้าใจแนวทางการดำเนินงานการประกันคุณภาพระดับการศึกษาขั้นพื้นฐาน และการเตรียมความพร้อมรับการประเมินคุณภาพภาย',NULL,0,0,NULL,'2024-05-14','1715590514x826611018','1860500079693',5,0),(5961,2567,447,'ที่ ศธ 04186/ว1863','2024-05-14','สพท.(กลุ่มบริหารการเงินและสินทรัพย์)','โรงเรียนบ้านบุ่ง','แจ้งเวียนมาตรการเร่งรัดการใช้จ่ายงบประมาณรายจ่ายประจำปีงบประมาณ พ.ศ.2567 (2024-05-14 14:13:21)',NULL,0,0,NULL,'2024-05-15','1715670712x813356214','1860500079693',5,0),(5962,2567,448,'ที่ ศธ 04186/ว1871','2024-05-14','สพท.(กลุ่มนิเทศฯ)','โรงเรียนบ้านบุ่ง','ประกาศผลการประเมินโครงการ บ้านนักวิทยาศาสตร์น้อย ประเทศไทย ระดับประถมศึกษา ปีการศึกษา 2566 (2024-05-14 15:14:06)',NULL,127,0,NULL,'2024-05-15','1715673795x1123149386','1860500079693',5,0),(5963,2567,449,'ที่ ศธ 04186/ว1873','2024-05-14','สพท.(กลุ่มพัฒนาครูและบุคลากรทางการศึกษา)','โรงเรียนบ้านบุ่ง','ประชาสัมพันธ์การพัฒนาข้าราชการครูและบุคลากรทางการศึกษา ด้วยรูปแบบ Digital ผ่านสื่ออิเล็กทรอนิกส์ (E-Learning)  (2024-05-14 15:42:34)',NULL,127,0,NULL,'2024-05-15','1715675820x752236687','1860500079693',5,0),(5964,2567,450,'ที่ ศธ 04186/ว1874','2024-05-14','สพท.(กลุ่มนิเทศฯ)','โรงเรียนบ้านบุ่ง','โครงการทุนอบรมครู ณ ประเทศญี่ปุ่น ครั้งที่ ๔ ของมูลนิธิฮาคูโฮโด (2024-05-14 15:43:25)',NULL,127,0,NULL,'2024-05-15','1715675811x1869738768','1860500079693',5,0),(5965,2567,451,'ที่ ศธ 04186/ว1906','2024-05-15','สพท.(กลุ่มบริหารการเงินและสินทรัพย์)','โรงเรียนบ้านบุ่ง','โอนงบประมาณรายจ่ายประจำปีงบประมาณ พ.ศ.2567 โครงการสนับสนุนค่าใช้จ่ายในการจัดการศึกษาตั้งแต่รัดับอนุบาลจนจบการศึกษาขั้นพื้นฐาน งบเงินอุดหนุน ภาคเรียนที',NULL,127,0,NULL,'2024-05-15','1715766576x470543080','1860500079693',5,0),(5966,2567,452,'ที่ ศธ 04186/ว1907','2024-05-15','สพท.(กลุ่มบริหารการเงินและสินทรัพย์)','โรงเรียนบ้านบุ่ง','ขอความร่วมมือแจ้งเจ้าหน้าที่/พนักงานในสังกัดให้ยื่นแบบแสดงรายการภาษีเงินได้บุคคลธรรมดา ปีภาษี2565 (2024-05-15 17:09:46)',NULL,127,0,NULL,'2024-05-15','1715767650x597446437','1860500079693',5,0),(5967,2567,453,'ที่ศธ ๐๔๑๘๖/ว๑๙๑๑','2024-05-16','สพท.(กลุ่มส่งเสริมการจัดการศึกษา)','โรงเรียนบ้านบุ่ง','ประชาสัมพันธ์การประชุมเชิงปฏิบัติการแลกเปลี่ยนเรียนรู้การดำเนินงานเครือข่ายโรงเรียนเด็กไทย            ฟันดีและโรงเรียนผู้พิทักษ์ฟันดี   (2024-05-16 13',NULL,127,0,NULL,'2024-05-16','1715839928x725243002','1860500079693',5,0),(5968,2567,454,'ที่ ศธ 04186/ว2775','2024-07-08','สพท.(กลุ่มพัฒนาครูและบุคลากรทางการศึกษา)','โรงเรียนบ้านบุ่ง','การเตรียมความพร้อมการพัฒนาข้าราชการครูและบุคลากรทางการศึกษาตำแหน่งผู้บริหารสถานศึกษา                (ตำแหน่งผู้อำนวยการสถานศึกษาและรองผู้อำนวยการสถานศ',NULL,127,0,NULL,'2024-07-08','1720425843x1724325080','3341501007663',5,0),(5969,2567,455,'ที่ ศธ 04186/ว2788','2024-07-10','สพท.(กลุ่มนิเทศฯ)','โรงเรียนบ้านบุ่ง','ขอความอนุเคราะห์ประชาสัมพันธ์มหกรรมการแข่งขันเกมกีฬาเพื่อการศึกษาทักษะภาษา และคณิตศาสตร์ ชิงแชมป์ประเทศไทย และกิจกรรมการต่อคำศัพท์ และสมการ รายการ ROI',NULL,3,0,NULL,'2024-07-10','1720576757x1192360677','3341501007663',5,0),(5970,2567,456,'ที่ ศธ 04186/ว2789','2024-07-10','สพท.(กลุ่มนิเทศฯ)','โรงเรียนบ้านบุ่ง','ขอความร่วมมือดำเนินงานสัปดาห์รณรงค์คัดกรองพัฒนาการเด็กปฐมวัย ปี 2567 (2024-07-10 09:31:08)',NULL,3,0,NULL,'2024-07-10','1720577689x1579797863','3341501007663',5,0),(5971,2567,457,'ที่ ศธ 04186/ว2794','2024-07-10','สพท.(กลุ่มบริหารงานบุคคล)','โรงเรียนบ้านบุ่ง','แจ้งแนวทางการบริหารจัดการอัตราจ้างผู้ปฏิบัติงานให้ราชการ (2024-07-10 15:06:49)',NULL,127,0,NULL,'2024-07-11','1720598730x1455268134','3341501007663',5,0),(5972,2567,458,'ที่ ศธ 04186/2799','2024-07-10','สพท.(กลุ่มนิเทศฯ)','โรงเรียนบ้านบุ่ง','การดำเนินงานโครงการน้อมนำพระบรมราโชบายด้านการศึกษาของรัชกาลที่ ๑๐ สู่การปฏิบัติ ปี ๒๕๖๗ (2024-07-10 15:48:52)',NULL,127,0,NULL,'2024-07-11','1720600814x1748030679','3341501007663',5,0),(5973,2567,459,'ที่ ศธ 04186/ว2811','2024-07-11','สพท.(กลุ่มนโยบายและแผน)','โรงเรียนบ้านบุ่ง','ติดตามความก้าวหน้าการดำเนินโครงการสุขาดี มีความสุข (2024-07-11 14:36:51)',NULL,127,0,NULL,'2024-07-11','1720683285x2070742619','3341501007663',5,0),(5974,2567,460,'ที่ ศธ 04186/ว 2831','2024-07-15','สพท.(กลุ่มอำนวยการ)','โรงเรียนบ้านบุ่ง','ขอเชิญร่วมอนุโมทนาถวายผ้าพระกฐินพระราชทาน สำนักงานคณะกรรมการการศึกษาขั้นพื้นฐาน ประจำปีพุทธศักราช 2567 (2024-07-15 10:47:25)',NULL,3,0,NULL,'2024-07-15','1721015118x1874471112','3341501007663',5,0),(5975,2567,461,'ที่ ศธ 04186/ว2841','2024-07-15','สพท.(กลุ่มส่งเสริมการจัดการศึกษา)','โรงเรียนบ้านบุ่ง','แนวทางการดำเนินงานระบบการดูแลช่วยเหลือนักเรียนของสำนักงานเขตพื้นที่การศึกษาประถมศึกษาอุบลราชธานี เขต 4 ปีการศึกษา 2567   (2024-07-15 11:36:23)',NULL,3,0,NULL,'2024-07-15','1721017236x296903523','3341501007663',5,0),(5976,2567,462,'ที่ ศธ 04186/2840','2024-07-15','สพท.(กลุ่มส่งเสริมการจัดการศึกษา)','โรงเรียนบ้านบุ่ง','ขอความร่วมมือดำเนินการคัดกรองนักเรียนรายบุคคล ภาคเรียนที่ 1/2567 (2024-07-15 11:52:22)',NULL,127,0,NULL,'2024-07-15','1721016724x38298285','3341501007663',5,0),(5977,2567,463,'ที่ ศธ 04186/ว2827','2024-07-12','สพท.(กลุ่มส่งเสริมการจัดการศึกษา)','โรงเรียนบ้านบุ่ง','โครงการลูกเสือ เนตรนารีบำเพ็ญตนเพื่อสาธารณะประโยชน์ ประจำปี 2567 (2024-07-15 12:34:52)',NULL,127,0,NULL,'2024-07-15','1720776194x338440257','3341501007663',5,0),(5978,2567,464,'ที่ ศธ 04186/2849','2024-07-15','สพท.(กลุ่มนิเทศฯ)','โรงเรียนบ้านบุ่ง','การประชุมสร้างการรับรู้การดำเนินโครงการขับเคลื่อนการพัฒนาศักยภาพการอ่านออก เขียนได้ของเด็กไทย/เยาวชนไทย ในพื้นที่กลุ่มจังหวัดภาคตะวันออกเฉียงเหนือตอนล',NULL,127,0,NULL,'2024-07-15','1721028848x1963576239','3341501007663',5,0),(5979,2567,465,'ที่ ศธ 04186/2851','2024-07-15','สพท.(กลุ่มนิเทศฯ)','โรงเรียนบ้านบุ่ง','เชิญชวนสมัครเข้ารับการอบรมเชิงปฏิบัติการจัดทำสื่อการเรียนรู้ออนไลน์ (2024-07-15 14:56:59)',NULL,3,0,NULL,'2024-07-16','1721029870x70083159','3341501007663',5,0),(5980,2567,466,'ที่ ศธ 04186/ว2852','2024-07-15','สพท.(กลุ่มนิเทศฯ)','โรงเรียนบ้านบุ่ง','โครงการโรงเรียนคุณธรรม สพฐ. ประจำปีงบประมาณ พ.ศ.2567 (2024-07-15 15:02:08)',NULL,3,0,NULL,'2024-07-16','1721030314x1880371147','3341501007663',5,0),(5981,2567,467,'ที่ ศธ 04186/ว2857','2024-07-15','สพท.(กลุ่มส่งเสริมการจัดการศึกษา)','โรงเรียนบ้านบุ่ง','การคัดเลือกพนักงานเจ้าหน้าที่ส่งเสริมความประพฤตินักเรียนและนักศึกษา (พสน.) ประจำปี 2566 ระดับประเทศ (2024-07-15 17:53:07)',NULL,3,0,NULL,'2024-07-16','1721032328x885942136','3341501007663',5,0),(5982,2567,468,'ที่ ศธ 04186/2842','2024-07-15','สพท.(กลุ่มส่งเสริมการจัดการศึกษา)','โรงเรียนบ้านบุ่ง','แนวทางการป้องกันและแก้ไขปัญหายาเสพติดในสถานศึกษาในระยะเร่งด่วน 3 เดือน (2024-07-16 09:15:07)',NULL,127,0,NULL,'2024-07-16','1721095967x1793878084','3341501007663',5,0),(5983,2567,469,'ที่ ศธ 04186/ว2832','2024-07-15','สพท.(กลุ่มส่งเสริมการจัดการศึกษา)','โรงเรียนบ้านบุ่ง','ประชาสัมพันธ์คลิปวีดีพิธีปฏิญาณตนและสวนสนามของยุวกาชาด (2024-07-16 10:29:37)',NULL,127,0,NULL,'2024-07-16','1721010826x1000978556','3341501007663',5,0),(5984,2567,470,'ที่ ศธ 04186/ว2860','2024-07-15','สพท.(กลุ่มบริหารงานบุคคล)','โรงเรียนบ้านบุ่ง','การแก้ไขเพิ่มเติมหลักเกณฑ์และวิธีการประเมินตำแหน่งและวิทยฐานะฯ (แก้ไขชื่อส่วนราชการและหน่วยงานการศึกษา) (2024-07-16 14:18:18)',NULL,3,0,NULL,'2024-07-16','1721036282x450629113','3341501007663',5,0),(5985,2567,471,'ที่ ศธ 04186/ว2861','2024-07-15','สพท.(กลุ่มบริหารงานบุคคล)','โรงเรียนบ้านบุ่ง','การแก้ไขเพิ่มเติมหลักเกณฑ์และวิธีการประเมินตำแหน่งและวิทยฐานะข้าราชการครูและบุคลากรทางการศึกษา ตำแหน่งครู   	ตำแหน่งผู้บริหารสถานศึกษา ตำแหน่งศึกษานิเ',NULL,3,0,NULL,'2024-07-16','1721036348x477468600','3341501007663',5,0),(5986,2567,472,'ที่ ศธ 04186/ว2862','2024-07-15','สพท.(กลุ่มบริหารงานบุคคล)','โรงเรียนบ้านบุ่ง','การตรวจสอบความซ้ำซ้อนหรือความคล้ายคลึงของผลงานทางวิชาการที่เสนอขอมีหรือเลื่อนเป็นวิทยฐานะเชี่ยวชาญและเชี่ยวชาญพิเศษ (2024-07-16 14:22:20)',NULL,3,0,NULL,'2024-07-16','1721036426x1201215835','3341501007663',5,0),(5987,2567,473,'ที่ ศธ 04186/ว2863','2024-07-15','สพท.(กลุ่มบริหารงานบุคคล)','โรงเรียนบ้านบุ่ง','การให้ข้าราชการครูและบุคลากรทางการศึกษา ตำแหน่งครู ผู้มีผลงานการสร้างและพัฒนานวัตกรรมเลื่อนเป็นวิทยฐานะครูชำนาญการพิเศษ วิทยฐานะครูเชี่ยวชาญ และวิทยฐา',NULL,127,0,NULL,'2024-07-16','1721036613x604373852','3341501007663',5,0),(5988,2567,474,'ที่ ศธ 04186/ว2897','2024-07-17','สพท.(กลุ่มส่งเสริมการจัดการศึกษา)','โรงเรียนบ้านบุ่ง','แต่งตั้งพนักงานเจ้าหน้าที่ส่งเสริมความประพฤตินักเรียนและนักศึกษาเป็นสมาชิกเครือข่ายปฏิบัติงานประจำอำเภอของจังหวัดอุบลราชธานี (2024-07-17 16:32:49)',NULL,127,0,NULL,'2024-07-18','1721207283x921636424','3341501007663',5,0),(5989,2567,475,'ที่ ศธ 04186/ว2900','2024-07-17','สพท.(กลุ่มส่งเสริมการจัดการศึกษา)','โรงเรียนบ้านบุ่ง','สำรวจความต้องการฝึกอบรมหลักสูตรพนักงานเจ้าหน้าที่ส่งเสริมความประพฤตินักเรียนและนักศึกษา (2024-07-18 12:07:40)',NULL,127,0,NULL,'2024-07-18','1721213707x116851214','3341501007663',5,0),(5990,2567,476,'ที่ ศธ 04186/ว2915','2024-07-18','สพท.(กลุ่มส่งเสริมการจัดการศึกษา)','โรงเรียนบ้านบุ่ง','การให้ทุนอุดหนุนเพื่อโครงการด้านการกุศลของสมาคมราชกรีฑาสโมสร ประจำปี 2567 (2024-07-18 15:29:05)',NULL,0,0,NULL,'2024-07-19','1721290403x279204508','3341501007663',5,0),(5991,2567,477,'ที่ ศธ 04186/2908','2024-07-18','สพท.(กลุ่มส่งเสริมการจัดการศึกษา)','โรงเรียนบ้านบุ่ง','โครงการโพธิสัตว์น้อยลูกขอพ่อแม่เลิกเหล้า ปี 2567 (2024-07-18 16:32:13)',NULL,0,0,NULL,'2024-07-19','1721293965x456487826','3341501007663',5,0),(5992,2567,478,'ที่ ศธ 04186/ว2859','2024-07-15','สพท.(กลุ่มส่งเสริมการจัดการศึกษา)','โรงเรียนบ้านบุ่ง','ประกาศผลการเลือกตั้งประธานคณะกรรมการสภานักเรียน ระดับเขตพื้นที่การศึกษา ประจำปี 2567 (2024-07-18 16:39:53)',NULL,127,0,NULL,'2024-07-19','1721034910x1961338661','3341501007663',5,0),(5993,2567,479,'ที่ ศธ 04186/ว2924','2024-07-18','สพท.(กลุ่มพัฒนาครูและบุคลากรทางการศึกษา)','โรงเรียนบ้านบุ่ง','ประชาสัมพันธ์การทดสอบสมรรถนะสนับสนุนการทำงานด้านการใช้ดิจิทัล(Digital Literacy) สำหรับผุ้บริหารของกระทรวงศึกษาธิการ (2024-07-18 17:32:23)',NULL,3,0,NULL,'2024-07-19','1721298610x573695990','3341501007663',5,0),(5994,2567,480,'ที่ ศธ 04186/ว2930','2024-07-19','สพท.(กลุ่มบริหารการเงินและสินทรัพย์)','โรงเรียนบ้านบุ่ง','ขอแจ้งเปลี่ยนแปลงรายชื่อเจ้าหน้าที่ผู้ปฏิบัติงานตรวจสอบ (2024-07-19 10:30:59)',NULL,2,0,NULL,'2024-07-19','1721359457x468018761','3341501007663',5,0),(5995,2567,481,'ที่ ศธ 04186/ว 2932','2024-07-19','สพท.(กลุ่มอำนวยการ)','โรงเรียนบ้านบุ่ง','การประชาสัมพันธ์งาน “มหกรรมแก้หนี้สร้างวิถีแห่งความเป็นธรรม” (2024-07-19 11:54:50)',NULL,3,0,NULL,'2024-07-19','1721364776x1551785922','3341501007663',5,0),(5996,2567,482,'ที่ ศธ 04186/2933','2024-07-19','สพท.(กลุ่มบริหารการเงินและสินทรัพย์)','โรงเรียนบ้านบุ่ง','แจ้งเวียนรายชื่อผู้ทิ้งงาน (2024-07-19 12:00:47)',NULL,2,0,NULL,'2024-07-19','1721365228x1796363264','3341501007663',5,0),(5997,2567,483,'ที่ ศธ 04186/ว2935','2024-07-19','สพท.(กลุ่มบริหารการเงินและสินทรัพย์)','โรงเรียนบ้านบุ่ง','แจ้งเวียนรายชื่อผู้ทิ้งงาน จำนวน 22 ราย (2024-07-19 13:42:29)',NULL,2,0,NULL,'2024-07-19','1721371339x104212034','3341501007663',5,0),(5998,2567,484,'ที่ ศธ 04186/ว2937','2024-07-19','สพท.(กลุ่มบริหารการเงินและสินทรัพย์)','โรงเรียนบ้านบุ่ง','แจ้งเวียนรายชื่อผู้ทิ้งงาน จำนวน 18 ราย (2024-07-19 13:58:48)',NULL,3,0,NULL,'2024-07-19','1721372319x1787587890','3341501007663',5,0),(5999,2567,485,'ที่ ศธ 04186/ว2928','2024-07-19','สพท.(กลุ่มอำนวยการ)','โรงเรียนบ้านบุ่ง','พิธีถวายสัตย์ปฏิญาณเพื่อเป็นข้าราชการที่ดีและพลังของแผ่นดิน  (2024-07-19 14:38:28)',NULL,3,0,NULL,'2024-07-19','1721355626x566571608','3341501007663',5,0),(6000,2567,486,'ที่ ศธ 04186/ว2943','2024-07-19','สพท.(กลุ่มนิเทศฯ)','โรงเรียนบ้านบุ่ง','การประกวด Best Practice โครงการโรงเรียนสุจริต ระดับเขตพื้นที่การศึกษา (2024-07-19 15:18:35)',NULL,127,0,NULL,'2024-07-19','1721376891x1220454501','3341501007663',5,0),(6001,2567,487,'ที่ ศธ 04186/ว2944','2024-07-19','สพท.(กลุ่มนิเทศฯ)','โรงเรียนบ้านบุ่ง','การประกวด Best Practice โครงการโรงเรียนสุจริต ระดับเขตพื้นที่การศึกษา (2024-07-19 15:24:56)',NULL,127,0,NULL,'2024-07-19','1721377263x245801810','3341501007663',5,0),(6002,2567,488,'ที่ศธ 04186/ว2950','2024-07-23','สพท.(กลุ่มนิเทศฯ)','โรงเรียนบ้านบุ่ง','พิธีมอบโล่และเกียรติบัตรสถานศึกษารางวัล  IQA AWARD ประจำปีการศึกษา ๒๕๖๕  (2024-07-23 06:50:36)',NULL,3,0,NULL,'2024-07-23','1721692152x291142092','3341501007663',5,0),(6003,2567,489,'ที่ ศธ 04186/ว2877','2024-07-16','สพท.(กลุ่มส่งเสริมการจัดการศึกษา)','โรงเรียนบ้านบุ่ง','ประกาศรายชื่อโรงเรียนต้นแบบลูกเสือ สู่ศตวรรษที่ 21 ของสำนักงานคณะกรรมการการศึกษาขั้นพื้นฐาน    ประจำปีงบประมาณ พ.ศ.2567 (2024-07-23 10:44:23)',NULL,127,0,NULL,'2024-07-23','1721116210x1634124583','3341501007663',5,0),(6004,2567,490,'ที่ ศธ 04186/2956','2024-07-23','สพท.(กลุ่มนิเทศฯ)','โรงเรียนบ้านบุ่ง','การแต่งตั้งคณะอนุกรรมการติดตาม ตรวจสอบ ประเมินผลและนิเทศการศึกษาของเขตพื้นที่การศึกษา (ก.ต.ป.น.) เป็นรายอำเภอในสังกัดสำนักงานเขตพื้นที่การศึกษาประถมศึ',NULL,127,0,NULL,'2024-07-23','1721709330x1790599263','3341501007663',5,0),(6005,2567,491,'ที่ ศธ 04186/ว2962','2024-07-23','สพท.(กลุ่มพัฒนาครูและบุคลากรทางการศึกษา)','โรงเรียนบ้านบุ่ง','การคัดเลือกบุคลากรทางการศึกษาเพื่อรับรางวัลพระพฤหัสบดี ประจำปี พ.ศ.2567 (2024-07-23 16:04:20)',NULL,127,0,NULL,'2024-07-23','1721725354x299695624','3341501007663',5,0),(6006,2567,492,'ที่ ศธ 04186/ว 2961','2024-07-23','สพท.(กลุ่มอำนวยการ)','โรงเรียนบ้านบุ่ง','ขอความอนุเคราะห์ประชาสัมพันธ์หลักสูตรการบริหารจัดการด้านการเงินตามหลักปรัชญาของเศรษฐกิจพอเพียง สำหรับข้าราชการครูและบุคลากรทางการศึกษา  (2024-07-23 16',NULL,2,0,NULL,'2024-07-23','1721725874x1466787009','3341501007663',5,0),(6007,2567,493,'ที่ ศธ 04186/3041','2024-07-30','สพท.(กลุ่มส่งเสริมการจัดการศึกษา)','โรงเรียนบ้านบุ่ง','ขอความร่วมมือสนับสขอความร่วมมือสนับสนุนกิจกรรมวันงดดื่มสุราแห่งชาติ ปี 2567 (2024-07-30 16:09:09)',NULL,127,0,NULL,'2024-07-31','1722330471x1728227818','3341501007663',5,0),(6008,2567,494,'ที่ ศธ 04186/ว3055','2024-07-31','สพท.(กลุ่มนิเทศฯ)','โรงเรียนบ้านบุ่ง','การอบรมเชิงปฏิบัติการขั้นพื้นฐานและการเขียนรายงานโครงงานโดยกระบวนการสืบเสาะของเด็กปฐมวัย ตามแนวทางโครงการบ้านนักวิทยาศาสตร์น้อย ประเทศไทย ระดับปฐมวัย ',NULL,127,0,NULL,'2024-07-31','1722396582x1932914141','3341501007663',5,0),(6009,2567,495,'ที่ ศธ 04186/ว3057','2024-07-31','สพท.(กลุ่มนิเทศฯ)','โรงเรียนบ้านบุ่ง','การขับเคลื่อนโครงการพัฒนาคุณภาพการเรียนการสอนภาษาไทย ตามนโยบาย \"เด็กไทยวิถีใหม่อ่านออกเขียนได้ทุกคน\" ปีการศึกษา 2567 (2024-07-31 10:45:47)',NULL,127,0,NULL,'2024-07-31','1722397417x1736756018','3341501007663',5,0),(6010,2567,496,'ที่ ศธ 04186/ว4096','2024-10-08','สพท.(กลุ่มบริหารงานบุคคล)','โรงเรียนบ้านบุ่ง','การแก้ไขเพิ่มเติมหลักเกณฑ์และวิธีการประเมินตำแหน่งและวิทยฐานะข้าราชการครูและบุคลากรทางการศึกษา (2024-10-09 10:28:51)',NULL,127,0,NULL,'2024-10-10','1728444098x476325562','1860500079693',5,0),(6011,2567,497,'ที่ศธ ๐๔๑๘๖/ว๔๐๗๗','2024-10-09','สพท.(กลุ่มส่งเสริมการจัดการศึกษา)','โรงเรียนบ้านบุ่ง','กำชับแนวทางปฏิบัติในการพานักเรียนไปนอกสถานศึกษา (2024-10-09 14:18:06)',NULL,0,0,NULL,'2024-10-10','1728458196x250590564','1860500079693',5,0),(6012,2567,498,'ที่ศธ ๐๔๑๘๖/ว๔๐๗๗','2024-10-09','สพท.(กลุ่มส่งเสริมการจัดการศึกษา)','โรงเรียนบ้านบุ่ง','กำชับแนวทางปฏิบัติในการพานักเรียนไปนอกสถานศึกษา (2024-10-09 14:59:59)',NULL,0,0,NULL,'2024-10-10','1728458196x250590564','1860500079693',5,0),(6013,2567,499,'ที่ ศธ 04186/4111','2024-10-10','สพท.(กลุ่มนิเทศฯ)','โรงเรียนบ้านบุ่ง','ประชาสัมพันธ์การแข่งขันสารานุกรมไทยสำหรับเยาวชน (2024-10-10 11:28:07)',NULL,0,0,NULL,'2024-10-10','1728534302x1482719995','1860500079693',5,0),(6014,2567,500,'ที่ ศธ 04186/4112','2024-10-10','สพท.(กลุ่มนิเทศฯ)','โรงเรียนบ้านบุ่ง','ประชาสัมพันธ์การประกวดเรียงความ หัวข้อ \"อนาคตการศึกษาของเด็กไทยและอาชีพในฝันของเด็กไทยในอนาคต\" (2024-10-10 11:33:29)',NULL,0,0,NULL,'2024-10-10','1728534636x871160062','1860500079693',5,0);
INSERT INTO `bookregister_receive` VALUES (6015,2567,501,'ที่ ศธ 04186/ว4155','2024-10-11','สพท.(กลุ่มอำนวยการ)','โรงเรียนบ้านบุ่ง','งานถวายบังคมพระบรมราชานุสาวรีย์พระบาทสมเด็จพระบรมชนกาธิเบศร มหาภูมิพลอดุลยเดชมหาราช บรมนาถบพิตร เนื่องในวันนวมินทรมหาราช พุทธศักราช 2567 (2024-10-11 1',NULL,0,0,NULL,'2024-10-11','1728638344x1088275353','1860500079693',5,0),(6016,2567,502,'ที่ ศธ 04186/ว4153','2024-10-11','สพท.(กลุ่มอำนวยการ)','โรงเรียนบ้านบุ่ง','การจัดกิจกรรมจิตอาสาบำเพ็ญสาธารณประโยชน์และบำเพ็ญสาธารณกุศล เนื่องในวันนวมินทรมหาราช 13 ตุลาคม 2567 และวันปิยมหาราช 23 ตุลาคม 2567  (2024-10-11 17:18:',NULL,0,0,NULL,'2024-10-11','1728637230x1003943714','1860500079693',5,0),(6017,2567,503,'ที่ ศธ 04186/4271','2024-10-22','สพท.(กลุ่มส่งเสริมการจัดการศึกษา)','โรงเรียนบ้านบุ่ง','ยกเลิกระเบียนแสดงผลการเรียนหลักสูตรแกนกลางการศึกษาขั้นพื้นฐาน (ปพ.1) (2024-10-22 11:49:23)',NULL,127,0,NULL,'2024-10-22','1729572501x1226946521','1860500079693',5,0),(6018,2567,504,'ที่ ศธ 04186/ว4273','2024-10-22','สพท.(กลุ่มส่งเสริมการศึกษาทางไกลฯ)','โรงเรียนบ้านบุ่ง','ขอให้สำรวจจำนวนเครื่องคอมพิวเตอร์ของโรงเรียน (2024-10-22 11:52:16)',NULL,127,0,NULL,'2024-10-22','1729571681x2037650277','1860500079693',5,0),(6019,2567,505,'ที่ ศธ 04186/ว4329','2024-10-25','สพท.(กลุ่มส่งเสริมการจัดการศึกษา)','โรงเรียนบ้านบุ่ง','รายงานผลข้อมูลนักเรียนพิการในโรงเรียนทั่วไปจัดการเรียนรวม ปีการศึกษา 2567 (ภาคเรียนที่ 2/2567) (2024-10-25 09:53:50)',NULL,0,0,NULL,'2024-10-25','1729823462x1637945457','1860500079693',5,0),(6020,2567,506,'ที่ ศธ 04186/ว4399','2024-10-28','สพท.(กลุ่มนิเทศฯ)','โรงเรียนบ้านบุ่ง','การรับฟังความคิดเห็นการประเมินผลสัมฤทธิ์พระราชบัญญัติพื้นที่นวัตกรรมการศึกษา พ.ศ.2562 (2024-10-28 16:30:32)',NULL,0,0,NULL,'2024-10-29','1730107477x1475471209','3341501007663',5,0),(6021,2567,507,'ที่ ศธ 04186/ว4398','2024-10-28','สพท.(กลุ่มส่งเสริมการศึกษาทางไกลฯ)','โรงเรียนบ้านบุ่ง','แจ้งเรื่องประกาศคณะกรรมการพัฒนารัฐบาลดิจิทัล เรื่อง มาตรฐานรัฐบาลดิจิทัลว่าด้วยแนวทางการเปิดเผยข้อมูลเปิดภาครัฐในรูปแบบดิจิทัลต่อสาธารณะ เวอร์ชัน 2.0 ',NULL,0,0,NULL,'2024-10-29','1730106228x2010594155','3341501007663',5,0),(6022,2567,508,'ที่ ศธ 04186/ว4429','2024-10-29','สพท.(กลุ่มส่งเสริมการจัดการศึกษา)','โรงเรียนบ้านบุ่ง','มาตรการการเตรียมความพร้อมการเปิดภาคเรียนที่ 2 ปีการศึกษา 2567  (2024-10-29 13:28:08)',NULL,127,0,NULL,'2024-10-29','1730183014x358342493','3341501007663',5,0),(6023,2567,509,'ที่ ศธ 04186/ว4428','2024-10-29','สพท.(กลุ่มนโยบายและแผน)','โรงเรียนบ้านบุ่ง','การจัดทำแผนชั้นเรียนของสถานศึกษา ปีการศึกษา 2568 (2024-10-29 14:17:54)',NULL,127,0,NULL,'2024-10-29','1730186108x928003953','3341501007663',5,0),(6024,2567,510,'ที่ ศธ 04186/ว4512','2024-11-01','สพท.(กลุ่มพัฒนาครูและบุคลากรทางการศึกษา)','โรงเรียนบ้านบุ่ง','ประชาสัมพันธ์โครงการอบรมเชิงปฏิบัติการหลักสูตร \"ปฏิวัติการเรียนการสอน สร้างสรรค์สื่อและการเขียนงานวิจัยด้วย Generative AI และการใช้แพลตฟอร์มดิจิทัลเชิ',NULL,0,0,NULL,'2024-11-01','1730433027x748248330','1860500079693',5,0),(6025,2567,511,'ที่ ศธ ๐๔๑๘๖.1๓7/(ก)31','2024-11-01','บ้านโพนงาม','โรงเรียนบ้านบุ่ง','ขอเชิญประชุม (2024-11-01 11:04:02)',NULL,0,0,NULL,'2024-11-01','1730433789x1161409433','1860500079693',5,0),(6026,2567,512,'ที่ ศธ 04186/4779','2024-11-19','สพท.(กลุ่มส่งเสริมการจัดการศึกษา)','โรงเรียนบ้านบุ่ง','แจ้งประกาศจัดตั้งศูนย์ประสานงานการรับนักเรียนและแต่งตั้งคณะกรรมการประจำศูนย์ประสานงานการรับนักเรียน ปีการศึกษา 2568 (2024-11-21 11:21:24)',NULL,0,0,NULL,'2024-11-21','1732162770x1079108829','1860500079693',5,0),(6027,2567,513,'ที่ ศธ 04186/4785','2024-11-20','สพท.(กลุ่มส่งเสริมการจัดการศึกษา)','โรงเรียนบ้านบุ่ง','ยกเลิกระเบียนแสดงผลการเรียนหลักสูตรแกนกลางการศึกษาขั้นพื้นฐาน (ปพ.1) (2024-11-21 14:17:13)',NULL,0,0,NULL,'2024-11-21','1732173348x1531753286','1860500079693',5,0),(6028,2567,514,'ที่ ศธ 04186/ว4838','2024-11-22','สพท.(กลุ่มนโยบายและแผน)','โรงเรียนบ้านบุ่ง','การตรวจสอบและเร่งรัดการชำระค่าไฟฟ้าและค่าน้ำประปาค้างชำระของหน่วยงานในสังกัด สพฐ. (2024-11-22 11:24:33)',NULL,127,0,NULL,'2024-11-22','1732249411x177559874','3341501007663',5,0),(6029,2567,515,'ที่ ศธ 04186.053/160','2024-12-03','บ้านธาตุ','โรงเรียนบ้านบุ่ง','ขอความอนุเคราะห์ประชาสัมพันธ์กิจกรรม Open Class (2024-12-03 14:25:41)',NULL,0,0,NULL,'2024-12-04','1733210673x1162008611','1860500079693',5,0),(6030,2567,516,'ที่ ศธ 04186/5025','2024-12-03','สพท.(กลุ่มนิเทศฯ)','โรงเรียนบ้านบุ่ง','ประชาสัมพันธ์โครงการจัดกิจกรรมประกวดเขียนโครงเรื่องภาคต่อของภาพยนต์แอนิเมชั่น \"องครักษ์พิทักษ์เจี๊ยบ Out Of The Nest\" ในระดับโรงเรียน (2024-12-03 15:3',NULL,0,0,NULL,'2024-12-04','1733214417x869492609','1860500079693',5,0),(6031,2567,517,'ที่ ศธ 04186/5027','2024-12-03','สพท.(กลุ่มนิเทศฯ)','โรงเรียนบ้านบุ่ง','การประกวดสื่อสร้างสรรค์ส่งเสริมครอบครัวคุณธรรม หัวข้อ \"Family of Love ครอบครัวแห่งความรัก\" (2024-12-03 16:30:48)',NULL,0,0,NULL,'2024-12-04','1733218100x4010960','1860500079693',5,0),(6032,2567,518,'ที่ ศธ 04186/ว229','2025-01-21','สพท.(กลุ่มพัฒนาครูและบุคลากรทางการศึกษา)','โรงเรียนบ้านบุ่ง','ขอเชิญสมัครเข้ารับการอบรม หลักสูตร \"การตรวจสอบกิจการของสหกรณ์ระดับมาตรฐาน\" (2025-01-21 09:23:15)',NULL,3,0,NULL,'2025-01-21','1737426118x1530713266','3341501007663',5,0),(6033,2567,519,'ที่ ศธ 04186/ว1579','2025-05-13','สพท.(กลุ่มส่งเสริมการศึกษาทางไกลฯ)','โรงเรียนบ้านบุ่ง','แต่งตั้งผู้บริหารความมั่นคงปลอดภัยสารสนเทศระดับสูง (Chief Information Security Officer: CISO)  (2025-05-13 10:50:16)',NULL,127,0,NULL,'2025-05-16','1747106939x272941163','3341501007663',5,0),(6034,2567,520,'ที่ ศธ 04186/ว1653','2025-05-16','สพท.(กลุ่มบริหารการเงินและสินทรัพย์)','โรงเรียนบ้านบุ่ง','กิจกรรม หลักสูตร \"เสริมสร้างความรู้ทางการเงิน การลงทุนและการส่งเสริมการออม\" ประจำปี 2568 สำหรับสมาชิก กบข. ในสังกัด สพป.อบ.4 (2025-05-16 13:32:49)',NULL,3,0,NULL,'2025-05-16','1747376951x1975482776','3341501007663',5,0),(6035,2568,1,'ที่ ศธ 04186/ว 2635','2025-07-30','สพท.(กลุ่มนิเทศฯ)','โรงเรียนบ้านบุ่ง','การคัดเลือกสถานศึกษาเพื่อรับรางวัล IQA AWARD ประจำปีการศึกษา ๒๕๖๗ (2025-07-31 11:22:44)',NULL,0,0,NULL,'2025-08-02','1753935659x1972058895','3341501007663',5,0),(6036,2568,2,'ที่ ศธ 04186/ว2674','2025-08-01','สพท.(กลุ่มนิเทศฯ)','โรงเรียนบ้านบุ่ง','การประชุมเชิงปฏิบัติการพัฒนาสื่อส่งเสริมการอ่านการเขียนภาษาไทยด้วยการประยุกต์ใช้ AI ปี ๒๕๖๘ (2025-08-01 09:24:53)',NULL,0,0,NULL,'2025-08-02','1754014351x1230487671','3341501007663',5,0),(6037,2568,3,'ที่ ศธ 04186/ว2682','2025-07-31','สพท.(กลุ่มนิเทศฯ)','โรงเรียนบ้านบุ่ง','ประกาศผลการคัดเลือกนวัตกรรมวิธีปฏิบัติที่เป็นเลิศ (Best Practice) ระดับจังหวัด โครงการ Innovation For Thai Education (IFTE) นวัตกรรมการศึกษา เพื่อพัฒน',NULL,0,0,NULL,'2025-08-02','1754034077x2098532370','3341501007663',5,0),(6038,2568,4,'ที่ ศธ 04186/ว2686','2025-08-01','สพท.(กลุ่มบริหารงานบุคคล)','โรงเรียนบ้านบุ่ง','การประชุมเชิงปฏิบัติการพัฒนาศักยภาพบุคลากรด้านระบบสารสนเทศเพื่อการบริหารทรัพยากรบุคคล (HRMS.OBEC) (2025-08-01 15:28:32)',NULL,0,0,NULL,'2025-08-02','1754036769x1049625961','3341501007663',5,0);

--
-- Table structure for table `bookregister_receive_filebook`
--

CREATE TABLE `bookregister_receive_filebook` (
  `id` int(11) NOT NULL AUTO_INCREMENT,
  `ref_id` varchar(50) NOT NULL,
  `file_name` varchar(100) NOT NULL,
  `file_des` varchar(100) NOT NULL,
  PRIMARY KEY (`id`)
) ENGINE=MyISAM AUTO_INCREMENT=4 DEFAULT CHARSET=utf8 COLLATE=utf8_general_ci;

--
-- Dumping data for table `bookregister_receive_filebook`
--

INSERT INTO `bookregister_receive_filebook` VALUES (1,'1642567348x28012','1642567348x28012_1.pdf','หนังสือนำส่ง'),(2,'1643860196x85','1643860196x85_1.pdf','หนังสือส่งและสิ่งที่ส่งมาด้วย'),(3,'1664158750x26836','1664158750x26836_1.jpg','หนังสือนำส่ง');

--
-- Table structure for table `bookregister_send`
--

CREATE TABLE `bookregister_send` (
  `ms_id` int(11) NOT NULL AUTO_INCREMENT,
  `year` int(11) NOT NULL,
  `register_number` int(11) NOT NULL,
  `book_no` varchar(50) NOT NULL,
  `signdate` date NOT NULL,
  `book_from` varchar(200) NOT NULL,
  `book_to` varchar(200) NOT NULL,
  `subject` varchar(150) NOT NULL,
  `operation` varchar(150) DEFAULT NULL,
  `workgroup` tinyint(4) NOT NULL DEFAULT 0,
  `comment` varchar(100) DEFAULT NULL,
  `register_date` date NOT NULL,
  `ref_id` varchar(50) NOT NULL,
  `officer` varchar(13) DEFAULT NULL,
  `secret` tinyint(4) NOT NULL DEFAULT 0,
  `office_type` tinyint(4) NOT NULL DEFAULT 1,
  PRIMARY KEY (`ms_id`)
) ENGINE=MyISAM AUTO_INCREMENT=67 DEFAULT CHARSET=utf8 COLLATE=utf8_general_ci;

--
-- Dumping data for table `bookregister_send`
--

INSERT INTO `bookregister_send` VALUES (1,2565,1,'ที่ ศธ 04186.088/ว1','2022-01-02','โรงเรียนบ้านบุ่ง','ผู้ใหญ่บ้านบ้านบุ่ง/ดอนผึ้ง/หนองแต้ และ ผู้ปกครองนักเรียน','การปรับรูปแบบการเรียนการสอนจากรูปแบบ on site เป็นรูปแบบอื่น','นางสุเนตร ไชยดี',1,'','2022-01-03','1641192816x4949','1100702095769',0,1),(2,2565,2,'ที่ ศธ 04186.088/2','2022-01-02','โรงเรียนบ้านบุ่ง','ผู้อำนวยการสำนักงานเขตพื้นที่การศึกษาประถมศึกษาอุบลราชธานี เขต 4','การปรับรูปแบบการเรียนการสอนจากรูปแบบ on site เป็นรูปแบบอื่น','นางสุเนตร ไชยดี',1,'','2022-01-03','1641192939x20456','1100702095769',0,1),(3,2565,3,'ที่ ศธ 04186.088/3','2022-01-04','โรงเรียนบ้านบุ่ง','ผู้อำนวยการสำนักงานเขตพื้นที่การศึกษาประถมศึกษาอุบลราชธานี เขต 4','ส่งแผนเตรียมการรับนักเรียน ปีการศึกษา 2565','นางสุเนตร ไชยดี',4,'-','2022-01-04','1641285783x2439','1100702095769',0,1),(4,2565,4,'ที่ ศธ 04186.088/4','2022-01-06','โรงเรียนบ้านบุ่ง','ผู้อำนวยการสำนักงานเขตพื้นที่การศึกษาประถมศึกษาอุบลราชธานี เขต 4','ส่งรายงานการดำเนินงานขับเคลื่อนนวัตกรรมเขตก้าวหน้าสร้างคุณภาพการศึกษาอย่างยั่งยืน จุดเน้นที่ 5,6,7','นางสุเนตร ไชยดี',1,'-','2022-01-06','1641460660x18835','1100702095769',0,1),(5,2565,5,'ที่ ศธ 04186.088/5','2022-01-11','โรงเรียนบ้านบุ่ง','นายกองค์การบริหารส่วนตำบลโนนกาเล็น','ส่งบันทึกข้อตกลงการรับเงินอุดหนุนโครงการอาหารกลางวัน ประจำภาคเรียนที่ 2/2565','นางสาวณภาภัช ทองเพ็ญ',2,'','2022-01-11','1641890375x21259','1100702095769',0,1),(6,2565,6,'ที่ ศธ 04186.088/6','2022-01-13','โรงเรียนบ้านบุ่ง','ผู้อำนวยการสำนักงานเขตพื้นที่การศึกษาประถมศึกษาอุบลราชธานี เขต 4','ส่งรายงานการประเมิน Thai Stop Covid Plus (TSC+) การดำเนินการ Sandbox Safety Zone  ตามมาตรการของกระทรวงสาธารณสุขและการประเมินมาตรความปลอดภัยสำหรับองค์ ','-',4,'-','2022-01-13','1642061006x5696','1100702095769',0,1),(7,2565,7,'ที่ ศธ 04186.088/ว7','2022-01-15','โรงเรียนบ้านบุ่ง','ผู้ใหญ่บ้านบ้านบุ่ง/ดอนผึ้ง/หนองแต้ และ ผู้ปกครองนักเรียน','การปรับรูปแบบการเรียนการสอนจากรูปแบบ on site เป็นรูปแบบอื่น','นางสุเนตร ไชยดี',1,'-','2022-01-17','1642398081x20256','1100702095769',0,1),(8,2565,8,'ที่ ศธ 04186.088/8','2022-01-18','โรงเรียนบ้านบุ่ง','ผู้อำนวยการสำนักงานเขตพื้นที่การศึกษาประถมศึกษาอุบลราชธานี เขต 4','การดำเนินงานระบบมาตรฐานความปลอดภัย MOE Safety Center','นายยุทธภูมิ บำเรอพงษ์',4,'-','2022-01-18','1642492097x9344','1100702095769',0,1),(9,2565,9,'ที่ ศธ 04186.088/9','2022-01-19','โรงเรียนบ้านบุ่ง','ผู้อำนวยการสำนักงานเขตพื้นที่การศึกษาประถมศึกษาอุบลราชธานี เขต 4','การฉีดวัคซีน Pfizer ให้แก่นักเรียน อายุ 5-11 ปี กระทรวงศึกษาธิการ','นางขวัญใจ บุญคูณ',4,'-','2022-01-19','1642579294x26742','1100702095769',0,1),(10,2565,10,'ที่ ศธ 04186.088/10','2022-01-19','โรงเรียนบ้านบุ่ง','ผู้ใหญ่บ้านบ้านบุ่ง/ดอนผึ้ง/หนองแต้ และ ผู้ปกครองนักเรียน','ประชาสัมพันธ์การแจ้งรับนักเรียนโรงเรียนบ้านบุ่ง','นางสุเนตร ไชยดี',4,'-','2022-01-19','1642579355x7799','1100702095769',0,1),(11,2565,11,'ที่ ศธ 04186.088/11','2022-01-24','โรงเรียนบ้านบุ่ง','ผู้อำนวยการสำนักงานเขตพื้นที่การศึกษาประถมศึกษาอุบลราชธานี เขต 4','ขอเบิกเงินสวัสดิการศึกษาบุตร','นายพัฒนคิด บุญเกิด',3,'-','2022-01-24','1643005924x29062','1100702095769',0,1),(12,2565,12,'ที่ ศธ 04186.088/12','2022-01-24','โรงเรียนบ้านบุ่ง','ผู้อำนวยการสำนักงานเขตพื้นที่การศึกษาประถมศึกษาอุบลราชธานี เขต 4','ส่งรายงานการจัดกิจกรรมสัปดาห์วันครู ครั้งที่ 66 พ.ศ. 2565','นางสุเนตร ไชยดี',4,'-','2022-01-24','1643005969x23111','1100702095769',0,1),(13,2565,13,'ที่ ศธ 04186.088/13','2022-01-24','โรงเรียนบ้านบุ่ง','ผู้อำนวยการสำนักงานเขตพื้นที่การศึกษาประถมศึกษาอุบลราชธานี เขต 4','นำส่งเงินรายได้แผ่นดินที่เกิดจากดอกเบี้ยเงินฝาก','นางสาวณภาภัช ทองเพ็ญ',2,'-','2022-01-24','1643015250x10438','1100702095769',0,1),(14,2565,14,'ที่ ศธ 04186.088/14','2022-01-31','โรงเรียนบ้านบุ่ง','ผู้อำนวยการสำนักงานเขตพื้นที่การศึกษาประถมศึกษาอุบลราชธานี เขต 4','การจัดทำข้อตกลงในการพัฒนางานของข้าราชการครูและบุคลากรทางการศึกษา (PA)','นางกวีกาญจน์ พุฒพิมพ์',3,'-','2022-01-31','1643611156x8589','1100702095769',0,1),(15,2565,15,'ที่ ศธ 04186.088/15','2022-01-31','โรงเรียนบ้านบุ่ง','ผู้อำนวยการสำนักงานเขตพื้นที่การศึกษาประถมศึกษาอุบลราชธานี เขต 4','ขออนุมัติเบิกเงินค่าจ้างปฏิบัติงานธุรการโรงเรียน (จ้างเหมา) ประจำเดือน มกราคม','นายพายุ สุขเจริญ',3,'-','2022-01-31','1643611304x2817','1100702095769',0,1),(16,2565,16,'ที่ ศธ 04186.088/16','2022-01-31','โรงเรียนบ้านบุ่ง','ผู้จัดการธนาคารกรุงไทย สาขา วารินชำราบ','ขอเปลี่ยนแปลงรหัสบัตรอิเล็กทรอนิกส์','นางสาวณภาภัช ทองเพ็ญ',2,'-','2022-01-31','1643612768x32300','1100702095769',0,1),(17,2565,17,'ที่ ศธ 04186.088/17','2022-02-02','โรงเรียนบ้านบุ่ง','ผู้อำนวยการสำนักงานเขตพื้นที่การศึกษาประถมศึกษาอุบลราชธานี เขต 4','ส่งแบบคำขอความร่วมมือคัดเลือกเด็กนักเรียนยากจนเพื่อช่วยเหลือ จำนวน 100 คน','นางเบญจมาศ สัมปันนัง',4,'-','2022-02-02','1643768803x23311','1100702095769',0,1),(18,2565,18,'ที่ ศธ 04186.088/18','2022-02-02','โรงเรียนบ้านบุ่ง','ผู้อำนวยการสำนักงานเขตพื้นที่การศึกษาประถมศึกษาอุบลราชธานี เขต 4','ส่งรายงานการดำเนินงานขับเคลื่อนนวัตกรรมเขตก้าวหน้าสร้างคุณภาพการศึกษาอย่างยั่งยืน  จุดเน้นที่ 5,6,7','นางสุเนตร ไชยดี',1,'-','2022-02-02','1643776348x19200','1100702095769',0,1),(19,2565,19,'ที่ ศธ 04186.088/19','2022-02-02','โรงเรียนบ้านบุ่ง','ผู้อำนวยการโรงเรียนบ้านน้ำเที่ยง','ขอความอนุเคราะห์เป็นคณะกรรมการประเมินผลการพัฒนางานตามข้อตกลง  ( Performance Agreement : PA ) ปีงบประมาณ 2565','นางสุเนตร ไชยดี',3,'-','2022-02-02','1643777024x3629','1100702095769',0,1),(20,2565,20,'ที่ ศธ 04186.088/20','2022-02-02','โรงเรียนบ้านบุ่ง','ผู้อำนวยการโรงเรียนบ้านท่าลาด','ขอความอนุเคราะห์เป็นคณะกรรมการประเมินผลการพัฒนางานตามข้อตกลง ( Performance Agreement : PA ) ปีงบประมาณ 2565','นางสุเนตร ไชยดี',3,'-','2022-02-02','1643781490x8067','1100702095769',0,1),(21,2565,21,'ที่ ศธ 04186.088/21','2022-02-02','โรงเรียนบ้านบุ่ง','ผู้อำนวยการโรงเรียนบ้านสว่าง (สว่างวิทยาคาร)','ขอความอนุเคราะห์เป็นคณะกรรมการประเมินผลการพัฒนางานตามข้อตกลง ( Performance Agreement : PA ) ปีงบประมาณ 2565','นางสาวปวีณา ดุจดา',3,'-','2022-02-02','1643782232x30956','1100702095769',0,1),(22,2565,22,'ที่ ศธ 04186.088/22','2022-02-02','โรงเรียนบ้านบุ่ง','ผู้อำนวยการโรงเรียนโพนเมืองโนนกาเล็น (ศีลสุนทรคุรุราษฎร์วิทยา)','ขอความอนุเคราะห์เป็นคณะกรรมการประเมินผลการพัฒนางานตามข้อตกลง           ( Performance Agreement : PA ) ปีงบประมาณ 2565','นางสาวปวีณา ดุจดา',3,'-','2022-02-02','1643782277x5301','1100702095769',0,1),(23,2565,23,'ที่ ศธ 04186.088/23','2022-02-02','โรงเรียนบ้านบุ่ง','ผู้อำนวยการโรงเรียนบ้านโนนทรายน้อย','ขอความอนุเคราะห์เป็นคณะกรรมการประเมินผลการพัฒนางานตามข้อตกลง           ( Performance Agreement : PA ) ปีงบประมาณ 2565','นางสาวณภาภัช ทองเพ็ญ',3,'-','2022-02-02','1643782611x16774','1100702095769',0,1),(24,2565,24,'ที่ ศธ 04186.088/24','2022-02-02','โรงเรียนบ้านบุ่ง','ผู้อำนวยการโรงเรียนบ้านบุ่งหวาย','ขอความอนุเคราะห์เป็นคณะกรรมการประเมินผลการพัฒนางานตามข้อตกลง           ( Performance Agreement : PA ) ปีงบประมาณ 2565','นางสาวณภาภัช ทองเพ็ญ',3,'-','2022-02-02','1643782866x1280','1100702095769',0,1),(25,2565,25,'ที่ ศธ 04186.088/25','2022-02-02','โรงเรียนบ้านบุ่ง','ผู้อำนวยการโรงเรียนบ้านค้อบอน','ขอความอนุเคราะห์เป็นคณะกรรมการประเมินผลการพัฒนางานตามข้อตกลง           ( Performance Agreement : PA ) ปีงบประมาณ 2565','นายยุทธภูมิ บำเรอพงษ์',3,'-','2022-02-02','1643783115x13225','1100702095769',0,1),(26,2565,26,'ที่ ศธ 04186.088/26','2022-02-02','โรงเรียนบ้านบุ่ง','ผู้อำนวยการโรงเรียนโพนเมืองโนนกาเล็น (ศีลสุนทรคุรุราษฎร์วิทยา)','ขอความอนุเคราะห์เป็นคณะกรรมการประเมินผลการพัฒนางานตามข้อตกลง           ( Performance Agreement : PA ) ปีงบประมาณ 2565','นายยุทธภูมิ บำเรอพงษ์',3,'-','2022-02-02','1643783321x5834','1100702095769',0,1),(27,2565,27,'ที่ ศธ 04186.088/27','2022-02-02','โรงเรียนบ้านบุ่ง','ผู้อำนวยการโรงเรียนบ้านค้อบอน','ขอความอนุเคราะห์เป็นคณะกรรมการประเมินผลการพัฒนางานตามข้อตกลง           ( Performance Agreement : PA ) ปีงบประมาณ 2565','นางขวัญใจ บุญคูณ',3,'-','2022-02-02','1643783576x29216','1100702095769',0,1),(28,2565,28,'ที่ ศธ 04186.088/28','2022-02-07','โรงเรียนบ้านบุ่ง','ผู้อำนวยการโรงพยาบาลส่งเสริมสุขภาพตำบลศรีมงคล','ขอความอนุเคราะห์เวชภัณฑ์ยาและบุคลากร','นางสุเนตร ไชยดี',4,'-','2022-02-07','1644204783x10682','1100702095769',0,1),(29,2565,29,'ที่ ศธ 04186.088/29','2022-02-10','โรงเรียนบ้านบุ่ง','ผู้อำนวยการโรงเรียนกลุ่มส่งเสริมประสิทธิภาพการศึกษาสำโรง 3','ขอเชิญร่วมเป็นเกียรติในพิธีเปิดการแข่งขันกีฬาสีภายในโรงเรียนบ้านบุ่ง','นางกวีกาญจน์ พุฒพิมพ์',4,'-','2022-02-10','1644481698x606','1100702095769',0,1),(30,2565,30,'ที่ ศธ 04186.088/30','2022-02-10','โรงเรียนบ้านบุ่ง','ผู้ปกครองนักเรียนโรงเรียนบ้านบุ่ง','ขอเชิญร่วมกิจกรรมการแข่งขันกีฬาสีภายในโรงเรียนบ้านบุ่ง','นางสุเนตร ไชยดี',4,'-','2022-02-10','1644481756x6725','1100702095769',0,1),(31,2565,31,'ที่ ศธ 04186.088/31','2022-02-10','โรงเรียนบ้านบุ่ง','ขอเชิญร่วมเป็นเกียรติในพิธีเปิดการแข่งขันกีฬาสีภายในโรงเรียนบ้านบุ่ง','คณะกรรมการสถานศึกษาโรงเรียนบ้านบุ่ง','นางสุเนตร ไชยดี',4,'-','2022-02-10','1644481804x17466','1100702095769',0,1),(32,2565,32,'ที่ ศธ 04186.088/32','2022-02-10','โรงเรียนบ้านบุ่ง','ขอความอนุเคราะห์ประชาสัมพันธ์การแข่งขันกีฬาสีภายในโรงเรียนบ้านบุ่ง','ผู้ใหญ่บ้าน บ้านบุ่ง,บ้านดอนผึ้ง,บ้านหนองแต้','นางสุเนตร ไชยดี',4,'-','2022-02-10','1644481854x7521','1100702095769',0,1),(33,2565,33,'ที่ ศธ 04186.088/33','2022-02-11','โรงเรียนบ้านบุ่ง','ผู้อำนวยการสำนักงานเขตพื้นที่การศึกษาประถมศึกษาอุบลราชธานี เขต 4','ส่งแบบสรุปผลการประเมิน ตำแหน่งครูผู้ช่วย ครั้งที่ 2','นางสาวปุณญพร บุญชูวิสิฐ',3,'-','2022-02-11','1644548628x20256','1100702095769',0,1),(34,2565,34,'ที่ ศธ 04186.088/34','2022-02-11','โรงเรียนบ้านบุ่ง','-','หนังสือรับรองเงินเดือน','นางสาวปุณญพร บุญชูวิสิฐ',4,'-','2022-02-11','1644549505x29589','1100702095769',0,1),(35,2565,35,'ที่ ศธ 04186.088/35','2022-02-17','โรงเรียนบ้านบุ่ง','ผู้อำนวยการสำนักงานเขตพื้นที่การศึกษาประถมศึกษาอุบลราชธานี เขต 4','ส่งรายงานการเฝ้าระวัง และส่งเสริมสร้างสรรค์วันวาเลนไทน์ ประจำปี 2565','นายพัฒนคิด บุญเกิด',4,'-','2022-02-17','1645087418x30998','1100702095769',0,1),(36,2565,36,'ที่ ศธ 04186.088/36','2022-02-18','โรงเรียนบ้านบุ่ง','ผู้ปกครองนักเรียนโรงเรียนบ้านบุ่ง','การรับเงินอุดหนุนนักเรียนยากจน งบเงินอุดหนุนทั่วไป ภาคเรียนที่ 2/2564','นางเบญจมาศ สัมปันนัง',4,'-','2022-02-18','1645154258x28599','1100702095769',0,1),(37,2565,37,'ที่ ศธ 04186.088/37','2022-02-19','โรงเรียนบ้านบุ่ง','ผู้อำนวยการสำนักงานเขตพื้นที่การศึกษาประถมศึกษาอุบลราชธานี เขต 4','ส่งรายชื่อคณะกรรมการประเมินความสามารถด้านการอ่านของผู้เรียน (RT) ชั้นประถมศึกษาปีที่ 1  และการประเมินคุณภาพผู้เรียน (NT) ชั้นประถมศึกษาปีที่ 3 ปีการศึ','นางสุเนตร ไชยดี',1,'-','2022-02-19','1645239684x30421','1100702095769',0,1),(38,2565,38,'ที่ ศธ 04186.088/38','2022-02-21','โรงเรียนบ้านบุ่ง','ผู้อำนวยการสำนักงานเขตพื้นที่การศึกษาประถมศึกษาอุบลราชธานี เขต 4','ส่งรายงานการตรวจสอบความซ้ำซ้อนของข้อมูลนักเรียนรายบุคคล ประจำปีการศึกษา 2564  ภาคเรียนที่ 2','นางสุเนตร ไชยดี',4,'-','2022-02-21','1645427056x31852','1100702095769',0,1),(39,2565,39,'ที่ ศธ 04186.088/39','2022-02-21','โรงเรียนบ้านบุ่ง','ผู้อำนวยการสำนักงานเขตพื้นที่การศึกษาประถมศึกษาอุบลราชธานี เขต 4','การย้ายข้าราชการครูและบุคลากรทางการศึกษา ตำแหน่งครู สังกัดสำนักงานคณะกรรมการการศึกษาขั้นพื้นฐาน (กรณีปกติ) ปี พ.ศ.2565','นางกวีกาญจน์ พุฒพิมพ์',3,'-','2022-02-21','1645429251x31955','1100702095769',0,1),(40,2565,40,'ที่ ศธ 04186.088/40','2022-02-28','โรงเรียนบ้านบุ่ง','ผู้อำนวยการสำนักงานเขตพื้นที่การศึกษาประถมศึกษาอุบลราชธานี เขต 4','ขออนุมัติเบิกเงินค่าจ้างปฏิบัติงานธุรการโรงเรียน (จ้างเหมา) ประจำเดือน กุมภาพันธ์','นายพายุ สุขเจริญ',3,'-','2022-02-28','1646031493x30204','1100702095769',0,1),(41,2565,41,'ที่ ศธ 04186.088/41','2022-02-28','โรงเรียนบ้านบุ่ง','ผู้อำนวยการสำนักงานเขตพื้นที่การศึกษาประถมศึกษาอุบลราชธานี เขต 4','ส่งเอกสารเบิกค่าเช่าใช้บริการสัญญาณอินเทอร์เน็ต','นายยุทธภูมิ บำเรอพงษ์',2,'-','2022-02-28','1646031744x3913','1100702095769',0,1),(42,2565,42,'ที่ ศธ 04186.088/42','2022-03-04','โรงเรียนบ้านบุ่ง','ผู้อำนวยการสำนักงานเขตพื้นที่การศึกษาประถมศึกษาอุบลราชธานี เขต 4','การนับมีตัวข้าราชการครูและลูกจ้างประจำที่มีตัวอยู่จริง ณ วันที่ 1 มีนาคม 2565  เพื่อเตรียมการเลื่อนเงินเดือนและเลื่อนขั้นค่าจ้างลูกจ้างประจำ ครั้งที่ ','-',3,'-','2022-03-04','1646376775x25037','1100702095769',0,1),(43,2565,43,'ที่ ศธ 04186.088/43','2022-03-04','โรงเรียนบ้านบุ่ง','ผู้อำนวยการสำนักงานเขตพื้นที่การศึกษาประถมศึกษาอุบลราชธานี เขต 4','ส่งรายงานการดำเนินงานขับเคลื่อนนวัตกรรมเขตก้าวหน้าสร้างคุณภาพการศึกษาอย่างยั่งยืน  จุดเน้นที่ 5,6,7','นางสุเนตร ไชยดี',1,'-','2022-03-04','1646376817x23609','1100702095769',0,1),(44,2565,44,'ที่ ศธ 04186.088/44','2022-03-14','โรงเรียนบ้านบุ่ง','ผู้ปกครองนักเรียนโรงเรียนบ้านบุ่ง','แจ้งปรับรูปแบบการเรียน จาก ON SITE เป็น ON HAND','นางสุเนตร ไชยดี',4,'-','2022-03-14','1647233040x27756','1100702095769',0,1),(45,2565,45,'ที่ ศธ 04186.088/45','2022-03-14','โรงเรียนบ้านบุ่ง','ผู้อำนวยการสำนักงานเขตพื้นที่การศึกษาประถมศึกษาอุบลราชธานี เขต 4','แจ้งปรับรูปแบบการเรียน จาก ON SITE เป็น ON HAND','นางสุเนตร ไชยดี',4,'-','2022-03-14','1647233100x10727','1100702095769',0,1),(46,2565,46,'ที่ ศธ 04186.088/46','2022-03-14','โรงเรียนบ้านบุ่ง','นายกองค์การบริหารส่วนตำบลโนนกาเล็น','ขอความอนุเคราะห์รับการฉีดพ่นทำความสะอาดในบริเวณโรงเรียน','นางสุเนตร ไชยดี',4,'-','2022-03-14','1647233220x4744','1100702095769',0,1),(47,2565,47,'ที่ ศธ 04186.088/47','2022-03-14','โรงเรียนบ้านบุ่ง','นายกองค์การบริหารส่วนตำบลโนนกาเล็น','ขอเสนอโครงการเพื่อขอรับการสนันสนุนงบประมาณ','นางขวัญใจ บุญคูณ',2,'-','2022-03-14','1647233287x20241','1100702095769',0,1),(48,2565,48,'ที่ ศธ 04186.088/48','2022-03-14','โรงเรียนบ้านบุ่ง','ผู้อำนวยการสำนักงานเขตพื้นที่การศึกษาประถมศึกษาอุบลราชธานี เขต 4','ส่งแบบบันทึกผลคะแนนการประเมินความสามารถด้านการอ่านของผู้เรียน (RT)','นางสุเนตร ไชยดี',1,'-','2022-03-14','1647233339x2166','1100702095769',0,1),(49,2565,49,'ที่ ศธ 04186.088/49','2022-03-21','โรงเรียนบ้านบุ่ง','ผู้อำนวยการสำนักงานเขตพื้นที่การศึกษาประถมศึกษาอุบลราชธานี เขต 4','ส่งใบสั่งซื้อเอกสารประเมินผล (ปพ.4-ปพ.9) และเอกสารประจำชั้นระดับปฐมวัย  (อนุบาลชั้นปีที่ 1-3)','นางสุเนตร ไชยดี',4,'-','2022-03-22','1647924110x11362','1100702095769',0,1),(50,2565,50,'ที่ ศธ 04186.088/50','2022-03-22','โรงเรียนบ้านบุ่ง','ผู้อำนวยการสำนักงานเขตพื้นที่การศึกษาประถมศึกษาอุบลราชธานี เขต 4','ส่งแบบบันทึกผลคะแนนการประเมินคุณภาพผู้เรียน (NT) ชั้นประถมศึกษาปีที่ ๓ ปีการศึกษา 2564','นางสุเนตร ไชยดี',1,'-','2022-03-22','1647924663x6473','1100702095769',0,1),(51,2565,51,'ที่ ศธ 04186.088/51','2022-03-24','โรงเรียนบ้านบุ่ง','ผู้อำนวยการสำนักงานเขตพื้นที่การศึกษาประถมศึกษาอุบลราชธานี เขต 4','ส่งเอกสารเบิกค่าเช่าใช้บริการสัญญาณอินเทอร์เน็ต','นายพายุ สุขเจริญ',2,'-','2022-03-24','1648103742x4522','1100702095769',0,1),(52,2565,52,'ที่ ศธ 04186.088/52','2022-03-24','โรงเรียนบ้านบุ่ง','ผู้อำนวยการสำนักงานเขตพื้นที่การศึกษาประถมศึกษาอุบลราชธานี เขต 4','ส่งใบรับสมัครคัดเลือกโรงเรียนเพื่อเข้าร่วมโครงการบ้านนักวิทยาศาสตร์น้อย ประเทศไทย','นางสาวปวีณา ดุจดา',1,'-','2022-03-24','1648103777x411','1100702095769',0,1),(53,2565,53,'ที่ ศธ 04186.088/53','2022-04-03','โรงเรียนบ้านบุ่ง','ผู้อำนวยการสำนักงานเขตพื้นที่การศึกษาประถมศึกษาอุบลราชธานี เขต 4','ขอเบิกค่าสวัสดิการเกี่ยวกับการรักษาพยาบาล','นางเบญจมาศ สัมปันนัง',4,'-','2022-04-03','1648972318x5806','1100702095769',0,1),(54,2565,54,'ที่ ศธ 04186.088/54','2022-04-03','โรงเรียนบ้านบุ่ง','-','จอง','-',4,'-','2022-04-03','1648972363x17000','1100702095769',0,1),(55,2565,55,'ที่ ศธ 04186.088/55','2022-04-03','โรงเรียนบ้านบุ่ง','ผู้อำนวยการสำนักงานเขตพื้นที่การศึกษาประถมศึกษาอุบลราชธานี เขต 4','การรายงานผู้สำเร็จการศึกษาตามหลักสูตรแกนกลางการศึกษาขั้นพื้นฐาน (ปพ.3)  ประจำปีการศึกษา 2564','นางสุเนตร ไชยดี',1,'-','2022-04-03','1648972402x9857','1100702095769',0,1),(56,2565,56,'ที่ ศธ 04186.088/56','2022-04-03','โรงเรียนบ้านบุ่ง','ผู้อำนวยการสำนักงานเขตพื้นที่การศึกษาประถมศึกษาอุบลราชธานี เขต 4','ขออนุมัติเบิกเงินค่าจ้างปฏิบัติงานธุรการโรงเรียน (จ้างเหมา) ประจำเดือน มีนาคม','นายพายุ สุขเจริญ',3,'-','2022-04-03','1648972459x25382','1100702095769',0,1),(57,2565,57,'ที่ ศธ 04186.088/57','2022-04-03','โรงเรียนบ้านบุ่ง','ผู้อำนวยการโรงเรียนเทศบาลบ้านตูม','ส่งนักเรียนขอย้ายมาเข้าเรียน','นางสุเนตร ไชยดี',1,'-','2022-04-03','1648972543x10240','1100702095769',0,1),(58,2565,58,'ที่ ศธ 04186.088/58','2022-04-04','โรงเรียนบ้านบุ่ง','ผู้อำนวยการสำนักงานเขตพื้นที่การศึกษาประถมศึกษาอุบลราชธานี เขต 4','การเลื่อนเงินเดือนข้าราชการและเลื่อนขั้นค่าจ้างลูกจ้างประจำ ครั้งที่ 1 (1 เมษายน 2565)','นางกวีกาญจน์ พุฒพิมพ์',3,'-','2022-04-03','1648974002x21520','1100702095769',0,1),(59,2565,59,'ที่ ศธ 04186.088/59','2022-04-04','โรงเรียนบ้านบุ่ง','ผู้อำนวยการสำนักงานเขตพื้นที่การศึกษาประถมศึกษาอุบลราชธานี เขต 4','ส่งแบบสรุปผลการประเมินการปฏิบัติงานของข้าราชการครูและบุคลากรทางการศึกษา','นางสุเนตร ไชยดี',3,'-','2022-04-03','1648974917x17445','1100702095769',0,1),(60,2565,60,'ที่ ศธ 04186.088/60','2022-04-11','โรงเรียนบ้านบุ่ง','ผู้อำนวยการสำนักงานเขตพื้นที่การศึกษาประถมศึกษาอุบลราชธานี เขต 4','รายงานผลการรับนักเรียน ปีการศึกษา 2565','นางสุเนตร ไชยดี',1,'-','2022-04-11','1649660273x10941','1100702095769',0,1),(61,2565,61,'ที่ ศธ 04186.088/61','2022-04-11','โรงเรียนบ้านบุ่ง','ผู้อำนวยการสำนักงานเขตพื้นที่การศึกษาประถมศึกษาอุบลราชธานี เขต 4','รายงานการจำหน่ายนักเรียน','นางสุเนตร ไชยดี',1,'-','2022-04-11','1649660306x25978','1100702095769',0,1),(62,2565,62,'ที่ ศธ 04186.088/62','2022-04-11','โรงเรียนบ้านบุ่ง','กำกับกองพิสูจน์หลักฐานจังหวัดอุบลราชธานี','ขอตรวจสอบลายนิ้วมื้อ','นางสุเนตร ไชยดี',3,'-','2022-04-11','1649660336x18476','1100702095769',0,1),(63,2565,63,'ที่ ศธ 04186.088/63','2022-04-11','โรงเรียนบ้านบุ่ง','ผู้อำนวยการสำนักงานเขตพื้นที่การศึกษาประถมศึกษาอุบลราชธานี เขต 4','รับรายงานตัวข้าราชการครูและบุคลากรทางการศึกษา ตำแหน่ง ครูผู้ช่วย','นางสุเนตร ไชยดี',3,'-','2022-04-11','1649660361x24611','1100702095769',0,1),(64,2565,64,'ที่ ศธ 04186.088/64','2022-04-11','โรงเรียนบ้านบุ่ง','ผู้อำนวยการสำนักงานเขตพื้นที่การศึกษาประถมศึกษาอุบลราชธานี เขต 4','รับรายงานตัวข้าราชการครูและบุคลากรทางการศึกษา ตำแหน่ง ครู','นางสุเนตร ไชยดี',3,'-','2022-04-11','1649660383x15717','1100702095769',0,1),(65,2565,65,'ที่ ศธ 04186.088/65','2022-04-19','โรงเรียนบ้านบุ่ง','ผู้อำนวยการสำนักงานเขตพื้นที่การศึกษาประถมศึกษาอุบลราชธานี เขต 4','ส่งรายงานสำรวจข้อมูลสถานศึกษา ผู้บริหารสถานศึกษาครูและบุคลากรทางการศึกษา  ที่ได้รับรางวัลประจำปี 2563 ถึงปัจจุบัน ( ณ วันที่ 31 มีนาคม 2565)','นางสุเนตร ไชยดี',3,'-','2022-04-19','1650353787x4476','1100702095769',0,1),(66,2565,66,'ที่ ศธ 04186.088/66','2022-04-29','โรงเรียนบ้านบุ่ง','นายกองค์การบริหารส่วนตำบลโนนกาเล็น','ส่งรายงานผลการใช้เงินอุดหนุนอาหารกลางวัน ประจำภาคเรียนที่ 2/2564','นางสาวณภาภัช ทองเพ็ญ',2,'-','2022-04-29','1651217643x7701','1100702095769',0,1);

--
-- Table structure for table `bookregister_send_filebook`
--

CREATE TABLE `bookregister_send_filebook` (
  `id` int(11) NOT NULL AUTO_INCREMENT,
  `ref_id` varchar(50) NOT NULL,
  `file_name` varchar(100) NOT NULL,
  `file_des` varchar(100) NOT NULL,
  PRIMARY KEY (`id`)
) ENGINE=MyISAM AUTO_INCREMENT=71 DEFAULT CHARSET=utf8 COLLATE=utf8_general_ci;

--
-- Dumping data for table `bookregister_send_filebook`
--

INSERT INTO `bookregister_send_filebook` VALUES (1,'1641192816x4949','1641192816x4949_1.pdf','หนังสือนำส่ง'),(2,'1641192816x4949','1641192816x4949_2.pdf','สื่งที่ส่งมาด้วย'),(3,'1641192939x20456','1641192939x20456_1.pdf','หนังสือนำส่ง'),(4,'1641192939x20456','1641192939x20456_2.pdf','สื่งที่ส่งมาด้วย'),(5,'1641285783x2439','1641285783x2439_1.pdf','หนังสือส่งและสิ่งที่ส่งมาด้วย'),(6,'1641460660x18835','1641460660x18835_1.pdf','หนังสือส่งและสิ่งที่ส่งมาด้วย'),(7,'1641890375x21259','1641890375x21259_1.pdf','หนังสือส่งและสิ่งที่ส่งมาด้วย'),(8,'1642061006x5696','1642061006x5696_1.pdf','หนังสือส่งและสิ่งที่ส่งมาด้วย'),(9,'1642398081x20256','1642398081x20256_1.pdf','หนังสือนำส่ง'),(10,'1642492097x9344','1642492097x9344_1.pdf','หนังสือส่งและสิ่งที่ส่งมาด้วย'),(11,'1642579294x26742','1642579294x26742_1.pdf','หนังสือนำส่ง'),(12,'1642579294x26742','1642579294x26742_2.xlsx','สื่งที่ส่งมาด้วย 1,2'),(13,'1642579294x26742','1642579294x26742_3.xlsx','สื่งที่ส่งมาด้วย 3'),(14,'1642579355x7799','1642579355x7799_1.pdf','หนังสือนำส่ง'),(15,'1643005924x29062','1643005924x29062_1.pdf','หนังสือนำส่ง'),(16,'1643005969x23111','1643005969x23111_1.pdf','หนังสือส่งและสิ่งที่ส่งมาด้วย'),(17,'1643015250x10438','1643015250x10438_1.pdf','หนังสือนำส่ง'),(18,'1643611156x8589','1643611156x8589_1.pdf','หนังสือนำส่ง'),(19,'1643611304x2817','1643611304x2817_1.pdf','หนังสือนำส่ง'),(20,'1643612768x32300','1643612768x32300_1.pdf','หนังสือนำส่ง'),(21,'1643768803x23311','1643768803x23311_1.pdf','หนังสือส่งและสิ่งที่ส่งมาด้วย'),(22,'1643776348x19200','1643776348x19200_1.pdf','หนังสือส่งและสิ่งที่ส่งมาด้วย'),(23,'1643777024x3629','1643777024x3629_1.pdf','หนังสือนำส่ง'),(24,'1643781490x8067','1643781490x8067_1.pdf','หนังสือนำส่ง'),(25,'1643782232x30956','1643782232x30956_1.pdf','หนังสือนำส่ง'),(26,'1643782277x5301','1643782277x5301_1.pdf','หนังสือนำส่ง'),(27,'1643782611x16774','1643782611x16774_1.pdf','หนังสือนำส่ง'),(28,'1643782866x1280','1643782866x1280_1.pdf','หนังสือนำส่ง'),(29,'1643783115x13225','1643783115x13225_1.pdf','หนังสือนำส่ง'),(30,'1643783321x5834','1643783321x5834_1.pdf','หนังสือนำส่ง'),(31,'1643783576x29216','1643783576x29216_1.pdf','หนังสือนำส่ง'),(32,'1643777024x3629','1643777024x3629_2.docx','สื่งที่ส่งมาด้วย'),(33,'1644204783x10682','1644204783x10682_1.pdf','หนังสือนำส่ง'),(34,'1644481698x606','1644481698x606_1.pdf','หนังสือนำส่ง'),(35,'1644481756x6725','1644481756x6725_1.pdf','หนังสือนำส่ง'),(36,'1644481804x17466','1644481804x17466_1.pdf','หนังสือนำส่ง'),(37,'1644481854x7521','1644481854x7521_1.pdf','หนังสือนำส่ง'),(38,'1644548628x20256','1644548628x20256_1.pdf','หนังสือนำส่ง'),(39,'1644549505x29589','1644549505x29589_1.pdf','หนังสือนำส่ง'),(40,'1645087418x30998','1645087418x30998_1.pdf','หนังสือส่งและสิ่งที่ส่งมาด้วย'),(41,'1645154258x28599','1645154258x28599_1.pdf','หนังสือนำส่ง'),(42,'1645239684x30421','1645239684x30421_1.docx','หนังสือส่งและสิ่งที่ส่งมาด้วย'),(43,'1645239684x30421','1645239684x30421_2.docx','สื่งที่ส่งมาด้วย 2'),(44,'1645427056x31852','1645427056x31852_1.pdf','หนังสือนำส่ง'),(45,'1645429251x31955','1645429251x31955_1.pdf','หนังสือนำส่ง'),(46,'1645429251x31955','1645429251x31955_2.pdf','สื่งที่ส่งมาด้วย'),(47,'1646031493x30204','1646031493x30204_1.pdf','หนังสือนำส่ง'),(48,'1646031744x3913','1646031744x3913_1.pdf','หนังสือนำส่ง'),(49,'1646376775x25037','1646376775x25037_1.pdf','หนังสือนำส่ง'),(50,'1646376817x23609','1646376817x23609_1.pdf','หนังสือส่งและสิ่งที่ส่งมาด้วย'),(51,'1647233220x4744','1647233220x4744_1.pdf','หนังสือนำส่ง'),(52,'1647233287x20241','1647233287x20241_1.pdf','หนังสือส่งและสิ่งที่ส่งมาด้วย'),(53,'1647233339x2166','1647233339x2166_1.pdf','หนังสือนำส่ง'),(54,'1647924110x11362','1647924110x11362_1.pdf','หนังสือนำส่ง'),(55,'1647924663x6473','1647924663x6473_1.pdf','หนังสือนำส่ง'),(56,'1648103742x4522','1648103742x4522_1.pdf','หนังสือนำส่ง'),(57,'1648103777x411','1648103777x411_1.pdf','หนังสือส่งและสิ่งที่ส่งมาด้วย'),(58,'1648972318x5806','1648972318x5806_1.pdf','หนังสือนำส่ง'),(59,'1648972402x9857','1648972402x9857_1.pdf','หนังสือนำส่ง'),(60,'1648972459x25382','1648972459x25382_1.pdf','หนังสือนำส่ง'),(61,'1648972543x10240','1648972543x10240_1.pdf','หนังสือนำส่ง'),(62,'1648974002x21520','1648974002x21520_1.pdf','หนังสือส่งและสิ่งที่ส่งมาด้วย'),(63,'1648974917x17445','1648974917x17445_1.pdf','หนังสือส่งและสิ่งที่ส่งมาด้วย'),(64,'1649660273x10941','1649660273x10941_1.pdf','หนังสือนำส่ง'),(65,'1649660306x25978','1649660306x25978_1.pdf','หนังสือนำส่ง'),(66,'1649660336x18476','1649660336x18476_1.pdf','หนังสือนำส่ง'),(67,'1649660361x24611','1649660361x24611_1.pdf','หนังสือนำส่ง'),(68,'1649660383x15717','1649660383x15717_1.pdf','หนังสือนำส่ง'),(69,'1650353787x4476','1650353787x4476_1.pdf','หนังสือส่งและสิ่งที่ส่งมาด้วย'),(70,'1651217643x7701','1651217643x7701_1.pdf','หนังสือนำส่ง');

--
-- Table structure for table `bookregister_year`
--

CREATE TABLE `bookregister_year` (
  `id` int(11) NOT NULL AUTO_INCREMENT,
  `year` int(11) NOT NULL,
  `year_active` tinyint(4) NOT NULL DEFAULT 0,
  `start_receive_num` int(11) NOT NULL DEFAULT 1,
  `start_send_num` int(11) NOT NULL DEFAULT 1,
  `start_command_num` int(11) NOT NULL DEFAULT 1,
  `start_cer_num` int(11) NOT NULL DEFAULT 1,
  `school_code` varchar(15) DEFAULT NULL,
  `officer` varchar(13) DEFAULT NULL,
  `rec_date` date DEFAULT NULL,
  PRIMARY KEY (`id`)
) ENGINE=MyISAM AUTO_INCREMENT=9 DEFAULT CHARSET=utf8 COLLATE=utf8_general_ci;

--
-- Dumping data for table `bookregister_year`
--

INSERT INTO `bookregister_year` VALUES (4,2562,0,11,1,1,1,NULL,NULL,NULL),(3,2561,0,105,120,25,1,NULL,NULL,NULL),(5,2564,0,7,5,7,1,NULL,NULL,NULL),(6,2565,0,1,1,1,1,NULL,NULL,NULL),(7,2567,0,1,1,1,1,NULL,NULL,NULL),(8,2568,1,1,1,1,1,NULL,NULL,NULL);

--
-- Table structure for table `budget_bud`
--

CREATE TABLE `budget_bud` (
  `id` int(11) NOT NULL AUTO_INCREMENT,
  `budget_year` int(11) NOT NULL,
  `doc` varchar(50) NOT NULL,
  `refer_wd_id` int(11) NOT NULL,
  `status` tinyint(11) DEFAULT NULL,
  `bud_type_id` int(11) DEFAULT NULL,
  `item` varchar(150) DEFAULT NULL,
  `receive_amount` double DEFAULT NULL,
  `pay_amount` double DEFAULT NULL,
  `payed_person` varchar(50) NOT NULL,
  `pay_group` int(4) DEFAULT NULL,
  `rec_date` date NOT NULL,
  `officer` varchar(13) NOT NULL,
  PRIMARY KEY (`id`)
) ENGINE=MyISAM DEFAULT CHARSET=utf8 COLLATE=utf8_general_ci;

--
-- Dumping data for table `budget_bud`
--


--
-- Table structure for table `budget_category`
--

CREATE TABLE `budget_category` (
  `id` int(11) NOT NULL AUTO_INCREMENT,
  `category_id` int(11) NOT NULL,
  `category_name` varchar(30) NOT NULL,
  PRIMARY KEY (`id`),
  UNIQUE KEY `category_id` (`category_id`)
) ENGINE=MyISAM AUTO_INCREMENT=7 DEFAULT CHARSET=utf8 COLLATE=utf8_general_ci;

--
-- Dumping data for table `budget_category`
--

INSERT INTO `budget_category` VALUES (1,1,'เงินนอกงบประมาณ'),(2,2,'เงินงบประมาณ'),(3,3,'เงินรายได้แผ่นดิน'),(6,4,'วงเงินงบประมาณที่ได้รับจัดสรร');

--
-- Table structure for table `budget_deega`
--

CREATE TABLE `budget_deega` (
  `id` int(11) NOT NULL AUTO_INCREMENT,
  `budget_year` int(11) NOT NULL,
  `deega_num` float NOT NULL DEFAULT 0,
  `doc` varchar(20) NOT NULL,
  `receive_num` char(3) NOT NULL DEFAULT '',
  `plan` char(2) NOT NULL DEFAULT '',
  `project` varchar(20) NOT NULL,
  `activity` varchar(20) NOT NULL,
  `pay_group` char(3) NOT NULL DEFAULT '',
  `item` varchar(50) NOT NULL DEFAULT '',
  `withdraw` double NOT NULL DEFAULT 0,
  `tax` double NOT NULL DEFAULT 0,
  `pay` double NOT NULL DEFAULT 0,
  `officer` varchar(13) NOT NULL,
  `rec_date` date NOT NULL,
  PRIMARY KEY (`id`)
) ENGINE=MyISAM DEFAULT CHARSET=utf8 COLLATE=utf8_general_ci;

--
-- Dumping data for table `budget_deega`
--


--
-- Table structure for table `budget_document`
--

CREATE TABLE `budget_document` (
  `id` int(11) NOT NULL AUTO_INCREMENT,
  `subject` varchar(150) NOT NULL,
  `file_name` varchar(150) NOT NULL,
  `rec_date` date NOT NULL,
  `officer` varchar(13) NOT NULL,
  PRIMARY KEY (`id`)
) ENGINE=MyISAM DEFAULT CHARSET=utf8 COLLATE=utf8_general_ci;

--
-- Dumping data for table `budget_document`
--


--
-- Table structure for table `budget_main`
--

CREATE TABLE `budget_main` (
  `id` int(11) NOT NULL AUTO_INCREMENT,
  `budget_year` int(11) NOT NULL,
  `doc` varchar(30) NOT NULL,
  `refer_wd_id` int(11) DEFAULT NULL,
  `type_id` int(11) NOT NULL,
  `item` varchar(100) NOT NULL,
  `receive_amount` double DEFAULT NULL,
  `pay_amount` double DEFAULT NULL,
  `payed_person` varchar(50) NOT NULL,
  `change_amount` double DEFAULT NULL,
  `pay_group` int(4) DEFAULT NULL,
  `status` tinyint(4) NOT NULL,
  `rec_date` date NOT NULL,
  `officer` varchar(13) DEFAULT NULL,
  PRIMARY KEY (`id`)
) ENGINE=MyISAM AUTO_INCREMENT=73 DEFAULT CHARSET=utf8 COLLATE=utf8_general_ci;

--
-- Dumping data for table `budget_main`
--

INSERT INTO `budget_main` VALUES (1,2559,'บร001',NULL,102,'เงินบริจาคชุมชน',1000,NULL,'',NULL,NULL,1,'2016-07-23','3349800148428'),(2,2559,'บร1234',NULL,104,'เงินค่าบำรุง',345,NULL,'',NULL,NULL,1,'2016-07-23','3349800148428'),(3,2559,'บร022',NULL,118,'เงินอาาหารกลางวัน',35000,NULL,'',NULL,NULL,2,'2016-07-23','3349800148428'),(4,2559,'บถ.1',NULL,118,'ขอถอนเงินอาหารกลางวัน',NULL,NULL,'',550,NULL,9,'2016-07-23','3349800148428'),(5,2564,'บท 1/64',NULL,118,'ยอดยกมา',187168.1,NULL,'',NULL,NULL,2,'2020-10-01','1349900386553'),(10,2564,'บจ 1/64',NULL,118,'ค่าอาหารกลางวัน งวดที่ 1/64',NULL,NULL,'',17300,NULL,7,'2020-10-05','1349900386553'),(8,2564,'บร 21 ก 60211/5',NULL,118,'รับเงินอาหารกลางวัน จากอบต.โนนกาเล็น ภาคเรียนที่2/2563 จำนวน 50 วันทำการ',174000,NULL,'',NULL,NULL,2,'2020-11-13','1349900386553'),(9,2564,'บจ 1/64',5,118,'ขอยืมเงินอาหารกลางวันงวดที่ 1/64',NULL,17300,'นางสาวปวีณา ดุจดา',NULL,203,3,'2020-10-09','1349900386553'),(11,2564,'บร 21ก 60211/12',NULL,118,'รับเงินอาหารกลางวัน จากอบต.โนนกาเล็น ภาคเรียนที่2/2563 จำนวน 50 วันทำการ',172000,NULL,'',NULL,NULL,2,'2021-01-21','1349900386553'),(12,2564,'บจ 2/64',6,118,'ขอยืมเงินอาหารกลางวันงวดที่ 2/64',NULL,13840,'นางสาวณภาภัช ทองเพ็ญ',NULL,203,3,'2020-10-16','1349900386553'),(13,2564,'บจ 3/64',7,118,'ขอยืมเงินอาหารกลางวันงวดที่ 3/64',NULL,13840,'นางสาวณภาภัช ทองเพ็ญ',NULL,203,3,'2020-10-23','1349900386553'),(14,2564,'บจ 4/64',8,118,'ขอยืมเงินอาหารกลางวันงวดที่ 4/64',NULL,17300,'นางสาวณภาภัช ทองเพ็ญ',NULL,203,3,'2020-10-30','1349900386553'),(15,2564,'บจ 5/64',9,118,'ขอยืมเงินอาหารกลางวันงวดที่ 5/64',NULL,17300,'นางสาวณภาภัช ทองเพ็ญ',NULL,203,3,'2020-11-06','1349900386553'),(16,2564,'บจ 6/64',10,118,'ขอยืมเงินอาหารกลางวันงวดที่ 6/64',NULL,17300,'นางสาวณภาภัช ทองเพ็ญ',NULL,203,3,'2020-11-13','1349900386553'),(17,2564,'บจ 7/64',11,118,'ขอยืมเงินอาหารกลางวันงวดที่ 7/64',NULL,17300,'นางสาวปวีณา ดุจดา',NULL,203,3,'2020-12-04','1349900386553'),(18,2564,'บจ 8/64',12,118,'ขอยืมเงินอาหารกลางวันงวดที่ 8/64',NULL,10320,'นางสาวปวีณา ดุจดา',NULL,203,3,'2020-12-11','1349900386553'),(19,2564,'บจ 9/64',13,118,'ขอยืมเงินอาหารกลางวันงวดที่ 9/64',NULL,20640,'นางสาวปวีณา ดุจดา',NULL,203,3,'2020-12-18','1349900386553'),(20,2564,'บจ 10/64',14,118,'ขอยืมเงินอาหารกลางวันงวดที่ 10/64',NULL,20640,'นางสาวปวีณา ดุจดา',NULL,203,3,'2020-12-21','1349900386553'),(21,2564,'บจ 11/64',15,118,'ขอยืมเงินอาหารกลางวันงวดที่ 11/64',NULL,17200,'นางสาวปวีณา ดุจดา',NULL,203,3,'2021-01-08','1349900386553'),(22,2564,'บจ 12/64',16,118,'ขอยืมเงินอาหารกลางวันงวดที่ 12/64',NULL,17200,'นางสาวปวีณา ดุจดา',NULL,203,3,'2021-01-15','1349900386553'),(23,2564,'บจ 13/64',17,118,'ขอยืมเงินอาหารกลางวันงวดที่ 13/64',NULL,20640,'นางสาวปวีณา ดุจดา',NULL,203,3,'2021-01-22','1349900386553'),(24,2564,'บจ 14/64',18,118,'ขอยืมเงินอาหารกลางวันงวดที่ 14/64',NULL,20640,'นางสาวปวีณา ดุจดา',NULL,203,3,'2021-01-29','1349900386553'),(25,2564,'บจ 15/64',19,118,'ขอยืมเงินอาหารกลางวันงวดที่ 15/64',NULL,20640,'นางสาวปวีณา ดุจดา',NULL,203,3,'2021-02-05','1349900386553'),(26,2564,'บจ 16/64',20,118,'ขอยืมเงินอาหารกลางวันงวดที่ 16/64',NULL,13760,'นางสาวปวีณา ดุจดา',NULL,203,3,'2021-02-12','1349900386553'),(27,2564,'บจ 17/64',21,118,'ขอยืมเงินอาหารกลางวันงวดที่ 17/64',NULL,20640,'นางสาวปวีณา ดุจดา',NULL,203,3,'2021-02-19','1349900386553'),(28,2564,'บจ 18/64',22,118,'ขอยืมเงินอาหารกลางวันงวดที่ 18/64',NULL,13760,'นางสาวปวีณา ดุจดา',NULL,203,3,'2021-02-26','1349900386553'),(29,2564,'บจ 2/64',NULL,118,'ค่าอาหารกลางวัน งวดที่ 2/64',NULL,NULL,'',13840,NULL,7,'2020-10-12','1349900386553'),(30,2564,'บจ 3/64',NULL,118,'ค่าอาหารกลางวัน งวดที่ 3/64',NULL,NULL,'',13840,NULL,7,'2020-10-19','1349900386553'),(31,2564,'บจ 4/64',NULL,118,'ค่าอาหารกลางวัน งวดที่ 4/64',NULL,NULL,'',17300,NULL,7,'2020-10-26','1349900386553'),(32,2564,'บจ 5/64',NULL,118,'ค่าอาหารกลางวัน งวดที่ 5/64',NULL,NULL,'',17300,NULL,7,'2020-10-30','1349900386553'),(33,2564,'บจ 6/64',NULL,118,'ค่าอาหารกลางวัน งวดที่ 6/64',NULL,NULL,'',17300,NULL,7,'2020-11-09','1349900386553'),(34,2564,'บจ 7/64',NULL,118,'ค่าอาหารกลางวัน งวดที่ 7/64',NULL,NULL,'',17300,NULL,7,'2020-12-01','1349900386553'),(35,2564,'บจ 8/64',NULL,118,'ค่าอาหารกลางวัน งวดที่ 8/64',NULL,NULL,'',10320,NULL,7,'2020-12-08','1349900386553'),(36,2564,'บจ 9/64',NULL,118,'ค่าอาหารกลางวัน งวดที่ 9/64',NULL,NULL,'',20640,NULL,7,'2020-12-14','1349900386553'),(37,2564,'บจ 10/64',NULL,118,'ค่าอาหารกลางวัน งวดที่ 10/64',NULL,NULL,'',20640,NULL,7,'2020-12-21','1349900386553'),(38,2564,'บจ 11/64',NULL,118,'ค่าอาหารกลางวัน งวดที่ 11/64',NULL,NULL,'',17200,NULL,7,'2021-01-05','1349900386553'),(39,2564,'บจ 12/64',NULL,118,'ค่าอาหารกลางวัน งวดที่ 12/64',NULL,NULL,'',17200,NULL,7,'2021-01-11','1349900386553'),(40,2564,'บจ 13/64',NULL,118,'ค่าอาหารกลางวัน งวดที่ 13/64',NULL,NULL,'',20640,NULL,7,'2021-01-18','1349900386553'),(41,2564,'บจ 14/64',NULL,118,'ค่าอาหารกลางวัน งวดที่ 14/64',NULL,NULL,'',20640,NULL,7,'2021-01-25','1349900386553'),(42,2564,'บจ 15/64',NULL,118,'ค่าอาหารกลางวัน งวดที่ 15/64',NULL,NULL,'',20640,NULL,7,'2021-02-01','1349900386553'),(43,2564,'บจ 16/64',NULL,118,'ค่าอาหารกลางวัน งวดที่ 16/64',NULL,NULL,'',13760,NULL,7,'2021-02-08','1349900386553'),(44,2564,'บจ 17/64',NULL,118,'ค่าอาหารกลางวัน งวดที่ 17/64',NULL,NULL,'',20640,NULL,7,'2021-02-15','1349900386553'),(45,2564,'บจ 18/64',NULL,118,'ค่าอาหารกลางวัน งวดที่ 18/64',NULL,NULL,'',13760,NULL,7,'2021-02-22','1349900386553'),(46,2564,'บท 1/64',NULL,101,'ยอดยกมา',3440.79,NULL,'',NULL,NULL,2,'2020-10-28','1349900386553'),(47,2564,'บร 21ก 60211/4',NULL,101,'บริจาคสนับสนุนการศึกษา',10000,NULL,'',NULL,NULL,2,'2020-10-28','1349900386553'),(48,2564,'บร 21ก 60211/6',NULL,108,'ค่าจัดกิจกรรมการเรียนการสอนก่อนประถมศึกษา',34850,NULL,'',NULL,NULL,2,'2020-12-03','1349900386553'),(49,2564,'บร 21ก 60211/6',NULL,109,'ค่าจัดการเรียนการสอนประถมศึกษา',79800,NULL,'',NULL,NULL,2,'2020-12-03','1349900386553'),(50,2564,'บร 21ก 60211/6',NULL,115,'ค่าอุปกรณ์การเรียน',20480,NULL,'',NULL,NULL,2,'2020-12-03','1349900386553'),(51,2564,'บร 21ก 60211/6',NULL,117,'ค่ากิจกรรมพัฒนาผู้เรียน',28975,NULL,'',NULL,NULL,2,'2020-12-03','1349900386553'),(52,2564,'บร 21ก 60211/7',NULL,101,'บริจาคสนับสนุนการศึกษา',600,NULL,'',NULL,NULL,2,'2020-12-19','1349900386553'),(53,2564,'บร 21ก 60211/8',NULL,101,'บริจาคสนับสนุนการศึกษา',100,NULL,'',NULL,NULL,2,'2020-12-19','1349900386553'),(54,2564,'บร 21ก 60211/9',NULL,101,'บริจาคสนับสนุนการศึกษา',100,NULL,'',NULL,NULL,2,'2020-12-21','1349900386553'),(55,2564,'บร 21ก 60211/10',NULL,101,'บริจาคสนับสนุนการศึกษา',500,NULL,'',NULL,NULL,2,'2020-12-22','1349900386553'),(56,2564,'บร2/64',NULL,101,'บริจาคสนับสนุนการศึกษา',500,NULL,'',NULL,NULL,2,'2020-12-22','1349900386553'),(57,2564,'บร 21ก 60211/11',NULL,101,'บริจาคสนับสนุนการศึกษา',500,NULL,'',NULL,NULL,2,'2020-12-25','1349900386553'),(58,2564,'บร 3/64',NULL,101,'บริจาคสนับสนุนการศึกษา',500,NULL,'',NULL,NULL,2,'2020-12-26','1349900386553'),(59,2564,'บร 4/64',NULL,101,'ดอกเบี้ย',10.58,NULL,'',NULL,NULL,2,'2020-12-31','1349900386553'),(60,2564,'บจ 1/64',0,112,'เงินยากจน',NULL,32500,'นางสาวสุภาภรณ์ ตรีรักษา',NULL,202,3,'2020-10-20','1349900386553'),(61,2564,'บจ 2/64',0,109,'อุปกรณ์ซ่อมกระดิ่ง',NULL,2729,'นางสุเนตร ไชยดี',NULL,301,3,'2020-10-30','1349900386553'),(62,2564,'บจ 3/64',0,109,'ค่าจ้างนักการ',NULL,9000,'นายสมศรี มีสง่า',NULL,102,3,'2020-10-30','1349900386553'),(63,2564,'บจ 4/64',0,109,'ซ่อมบำรุงคอมพิวเตอร์',NULL,1700,'นางสุเนตร ไชยดี',NULL,301,3,'2020-11-09','1349900386553'),(64,2564,'บจ 5/64',0,109,'กระดาษ A4',NULL,2046,'นางสุเนตร ไชยดี',NULL,203,3,'2020-11-09','1349900386553'),(65,2564,'บจ 6/64',0,109,'อุปกรณ์ประกอบโต๊ะหมู่บูชา',NULL,2792,'นางสุเนตร ไชยดี',NULL,301,3,'2020-11-09','1349900386553'),(66,2564,'บจ 7/64',0,109,'9000',NULL,9000,'นายสมศรี มีสง่า',NULL,102,3,'2020-12-01','1349900386553'),(67,2564,'บจ 8/64',0,108,'จัดซื้อวัสดุอุปกรณ์การเรียน',NULL,9000,'นางสาวณภาภัช  ทองเพ็ญ',NULL,203,4,'2020-12-04','1349900386553'),(68,2564,'บจ 8/64',0,109,'จัดซื้อวัสดุอุปกรณ์การเรียน',NULL,21000,'นางสุเนตร  ไชยดี',NULL,203,4,'2020-12-04','1349900386553'),(69,2564,'บจ 9/64',0,109,'อุปกรณ์ทำความสะอาด',NULL,8936,'นายพัฒนคิด บุญเกิด',NULL,301,3,'2020-12-09','1349900386553'),(70,2564,'บท 2/64',NULL,115,'ยอดยกมา',28415,NULL,'',NULL,NULL,2,'2020-11-13','1349900386553'),(71,2564,'บท 3/64',NULL,117,'ยอดยกมา',18528,NULL,'',NULL,NULL,2,'2020-11-13','1349900386553'),(72,2564,'บจ 10/64 ',0,115,'อุปกรณ์การเรียน',NULL,28315,'นางสุเนตร ไชยดี ',NULL,203,3,'2020-12-14','1349900386553');

--
-- Table structure for table `budget_money_return`
--

CREATE TABLE `budget_money_return` (
  `id` int(11) NOT NULL AUTO_INCREMENT,
  `budget_year` int(11) DEFAULT NULL,
  `document` varchar(30) NOT NULL DEFAULT '',
  `item` varchar(100) NOT NULL DEFAULT '',
  `pj_activity` varchar(20) NOT NULL DEFAULT '',
  `money` double NOT NULL DEFAULT 0,
  `pay_type` varchar(10) NOT NULL,
  `p_request` varchar(13) NOT NULL DEFAULT '',
  `officer` varchar(13) NOT NULL DEFAULT '',
  `rec_date` date NOT NULL,
  PRIMARY KEY (`id`)
) ENGINE=MyISAM DEFAULT CHARSET=utf8 COLLATE=utf8_general_ci;

--
-- Dumping data for table `budget_money_return`
--


--
-- Table structure for table `budget_pay_type`
--

CREATE TABLE `budget_pay_type` (
  `id` int(11) NOT NULL AUTO_INCREMENT,
  `pay_type_id` int(11) NOT NULL,
  `pay_group_id` tinyint(4) NOT NULL,
  `pay_type_name` varchar(30) NOT NULL,
  PRIMARY KEY (`id`),
  UNIQUE KEY `pay_type_id` (`pay_type_id`)
) ENGINE=MyISAM AUTO_INCREMENT=16 DEFAULT CHARSET=utf8 COLLATE=utf8_general_ci;

--
-- Dumping data for table `budget_pay_type`
--

INSERT INTO `budget_pay_type` VALUES (1,101,1,'เงินเดือน'),(15,102,1,'ค่าจ้างประจำ'),(3,103,1,'ค่าจ้างชั่วคราว'),(4,104,1,'ค่าตอบแทนพนักงานราชการ'),(5,201,2,'ค่าตอบแทน'),(6,202,2,'ค่าใช้สอย'),(7,203,2,'ค่าวัสดุ'),(8,204,2,'ค่าสาธารณูปโภค'),(9,301,3,'ค่าครุภัณฑ์'),(10,302,3,'ค่าที่ดินและสิ่งก่อสร้าง');

--
-- Table structure for table `budget_permission`
--

CREATE TABLE `budget_permission` (
  `id` int(11) NOT NULL AUTO_INCREMENT,
  `person_id` varchar(13) NOT NULL,
  `p1` tinyint(4) NOT NULL,
  `p2` tinyint(4) NOT NULL,
  `p3` tinyint(4) NOT NULL,
  `p4` tinyint(4) NOT NULL,
  `officer` varchar(13) NOT NULL,
  `rec_date` date NOT NULL,
  PRIMARY KEY (`id`)
) ENGINE=MyISAM AUTO_INCREMENT=13 DEFAULT CHARSET=utf8 COLLATE=utf8_general_ci;

--
-- Dumping data for table `budget_permission`
--

INSERT INTO `budget_permission` VALUES (6,'1339900455351',1,1,1,1,'3341501007663','2025-08-02'),(12,'3341501007663',1,1,1,1,'3341501007663','2025-08-02'),(4,'1349900142638',1,1,1,1,'1349900142638','2016-07-23'),(9,'3349800070968',1,1,1,1,'3349800148428','2016-07-24'),(11,'1349900386553',1,1,1,1,'1100702095769','2020-11-27');

--
-- Table structure for table `budget_project`
--

CREATE TABLE `budget_project` (
  `id` int(11) NOT NULL AUTO_INCREMENT,
  `budget_year` int(11) NOT NULL,
  `code` varchar(16) NOT NULL DEFAULT '',
  `name` varchar(80) NOT NULL DEFAULT '',
  PRIMARY KEY (`id`)
) ENGINE=MyISAM DEFAULT CHARSET=utf8 COLLATE=utf8_general_ci;

--
-- Dumping data for table `budget_project`
--


--
-- Table structure for table `budget_receive`
--

CREATE TABLE `budget_receive` (
  `id` int(11) NOT NULL AUTO_INCREMENT,
  `budget_year` int(11) NOT NULL,
  `num` float NOT NULL DEFAULT 0,
  `book_number` varchar(30) NOT NULL DEFAULT '',
  `out_date` varchar(50) NOT NULL DEFAULT '',
  `book_ref` varchar(30) NOT NULL DEFAULT '',
  `plan` char(1) NOT NULL DEFAULT '',
  `project` varchar(16) NOT NULL DEFAULT '',
  `activity` varchar(50) NOT NULL DEFAULT '',
  `activity2` varchar(200) NOT NULL DEFAULT '',
  `m_source` varchar(7) NOT NULL DEFAULT '',
  `account` varchar(30) NOT NULL DEFAULT '',
  `m_pay` char(3) NOT NULL DEFAULT '',
  `item` varchar(250) NOT NULL DEFAULT '',
  `detail` varchar(250) NOT NULL DEFAULT '',
  `money` double NOT NULL DEFAULT 0,
  `rec_date` date DEFAULT NULL,
  `officer` varchar(13) NOT NULL DEFAULT '',
  PRIMARY KEY (`id`),
  UNIQUE KEY `num` (`num`)
) ENGINE=MyISAM DEFAULT CHARSET=utf8 COLLATE=utf8_general_ci;

--
-- Dumping data for table `budget_receive`
--


--
-- Table structure for table `budget_type`
--

CREATE TABLE `budget_type` (
  `id` int(11) NOT NULL AUTO_INCREMENT,
  `type_id` int(11) NOT NULL,
  `category_id` int(11) NOT NULL,
  `type_name` varchar(70) NOT NULL,
  PRIMARY KEY (`id`),
  UNIQUE KEY `type_id` (`type_id`)
) ENGINE=MyISAM AUTO_INCREMENT=50 DEFAULT CHARSET=utf8 COLLATE=utf8_general_ci;

--
-- Dumping data for table `budget_type`
--

INSERT INTO `budget_type` VALUES (1,101,1,'เงินรายได้สถานศึกษา'),(2,102,1,'เงินบริจาค'),(33,103,1,'เงินภาษีหัก ณ ที่จ่าย'),(4,104,1,'เงินลูกเสือ'),(34,105,1,'เงินเนตรนารี'),(6,106,1,'เงินยุวกาชาด'),(7,107,1,'เงินประกันสัญญา'),(8,108,1,'เงินอุดหนุนทั่วไป(ค่าใช้จ่ายรายหัวก่อนประถมศึกษา)'),(47,119,1,'เงินบริจาคมีวัตถุประสงค์'),(38,304,3,'รายได้เบ็ดเตล็ดอื่น'),(14,301,3,'ค่าขายของเบ็ดเตล็ด'),(36,302,3,'ค่าธรรมเนียมเบ็ดเตล็ด'),(37,303,3,'เงินเหลือจ่ายปีเก่าส่งคืน'),(29,109,1,'เงินอุดหนุนทั่วไป(ค่าใช้จ่ายรายหัวประถมศึกษา)'),(23,112,1,'เงินอุดหนุนทั่วไป(ปัจจัยพื้นฐานนักเรียนยากจนประถมศึกษา)'),(24,113,1,'เงินอุดหนุนทั่วไป(ปัจจัยพื้นฐานนักเรียนยากจนมัธยมต้น)'),(25,114,1,'เรียนฟรี15ปี(ค่าหนังสือเรียน)'),(26,115,1,'เรียนฟรี15ปี(ค่าอุปกรณ์การเรียน)'),(27,116,1,'เรียนฟรี15ปี(ค่าเครื่องแบบนักเรียน)'),(28,117,1,'เรียนฟรี15ปี(ค่ากิจกรรมพัฒนาผู้เรียน)'),(30,110,1,'เงินอุดหนุนทั่วไป(ค่าใช้จ่ายรายหัวมัธยมศึกษาตอนต้น)'),(31,111,1,'เงินอุดหนุนทั่วไป(ค่าใช้จ่ายรายหัวมัธยมศึกษาตอนปลาย)'),(35,118,1,'เงินอาหารกลางวัน'),(48,120,1,'เงินอุดหนุนที่ได้รับจากอบต./เทศบาล'),(49,305,3,'เงินเหลือใช้ปีเก่าส่งคืน');

--
-- Table structure for table `budget_withdraw`
--

CREATE TABLE `budget_withdraw` (
  `id` int(11) NOT NULL AUTO_INCREMENT,
  `budget_year` int(11) DEFAULT NULL,
  `document` varchar(30) NOT NULL DEFAULT '',
  `item` varchar(100) NOT NULL DEFAULT '',
  `pj_activity` varchar(20) NOT NULL DEFAULT '',
  `money` double NOT NULL DEFAULT 0,
  `money_type` varchar(3) NOT NULL,
  `pay_type` varchar(10) NOT NULL,
  `p_request` varchar(50) NOT NULL,
  `status` tinyint(4) DEFAULT 0,
  `officer` varchar(13) NOT NULL DEFAULT '',
  `rec_date` date NOT NULL,
  `borrowed_rec_date` date NOT NULL,
  `withdraw_rec_date` date NOT NULL,
  PRIMARY KEY (`id`)
) ENGINE=MyISAM AUTO_INCREMENT=25 DEFAULT CHARSET=utf8 COLLATE=utf8_general_ci;

--
-- Dumping data for table `budget_withdraw`
--

INSERT INTO `budget_withdraw` VALUES (1,2559,'003','เงินอุดหนุน','',155,'109','203','d',0,'3349800148428','2016-07-23','2016-07-23','0000-00-00'),(2,2559,'2000','เบิกเงินงบประมาณ','',3000,'108','203','สงกา',1,'3349800148428','2016-07-23','0000-00-00','2016-07-23'),(5,2564,'บท 1/64','ขอยืมเงินอาหารกลางวันงวดที่ 1/64','001001',17300,'118','203','นางสาวปวีณา ดุจดา',1,'1349900386553','2020-10-05','2020-10-05','2020-11-27'),(6,2564,'บท 2/64','ขอยืมเงินอาหารกลางวันงวดที่ 2/64','001001',13840,'118','203','นางสาวณภาภัช ทองเพ็ญ',1,'1349900386553','2020-10-12','2020-10-12','2021-03-04'),(7,2564,'บท 3/64','ขอยืมเงินอาหารกลางวันงวดที่ 3/64','001001',13840,'118','203','นางสาวณภาภัช ทองเพ็ญ',1,'1349900386553','2020-10-19','2020-10-19','2021-03-04'),(8,2564,'บท 4/64','ขอยืมเงินอาหารกลางวันงวดที่ 4/64','001001',17300,'118','203','นางสาวณภาภัช ทองเพ็ญ',1,'1349900386553','2020-10-26','2020-10-26','2021-03-04'),(9,2564,'บท 5/64','ขอยืมเงินอาหารกลางวันงวดที่ 5/64','001001',17300,'118','203','นางสาวณภาภัช ทองเพ็ญ',1,'1349900386553','2020-10-30','2020-10-30','2021-03-04'),(10,2564,'บท 6/64','ขอยืมเงินอาหารกลางวันงวดที่ 6/64','001001',17300,'118','203','นางสาวณภาภัช ทองเพ็ญ',1,'1349900386553','2020-11-09','2020-11-09','2021-03-04'),(11,2564,'บท 7/64','ขอยืมเงินอาหารกลางวันงวดที่ 7/64','001001',17300,'118','203','นางสาวปวีณา ดุจดา',1,'1349900386553','2020-12-01','2020-12-01','2021-03-04'),(12,2564,'บท 8/64','ขอยืมเงินอาหารกลางวันงวดที่ 8/64','001001',10320,'118','203','นางสาวปวีณา ดุจดา',1,'1349900386553','2020-12-08','2020-12-08','2021-03-04'),(13,2564,'บท 9/64','ขอยืมเงินอาหารกลางวันงวดที่ 9/64','001001',20640,'118','203','นางสาวปวีณา ดุจดา',1,'1349900386553','2020-12-14','2020-12-14','2021-03-04'),(14,2564,'บท 10/64','ขอยืมเงินอาหารกลางวันงวดที่ 10/64','001001',20640,'118','203','นางสาวปวีณา ดุจดา',1,'1349900386553','2020-12-21','2020-12-21','2021-03-04'),(15,2564,'บท 11/64','ขอยืมเงินอาหารกลางวันงวดที่ 11/64','001001',17200,'118','203','นางสาวปวีณา ดุจดา',1,'1349900386553','2021-01-05','2021-01-05','2021-03-04'),(16,2564,'บท 12/64','ขอยืมเงินอาหารกลางวันงวดที่ 12/64','001001',17200,'118','203','นางสาวปวีณา ดุจดา',1,'1349900386553','2021-01-11','2021-01-11','2021-03-04'),(17,2564,'บท 13/64','ขอยืมเงินอาหารกลางวันงวดที่ 13/64','001001',20640,'118','203','นางสาวปวีณา ดุจดา',1,'1349900386553','2021-01-18','2021-01-18','2021-03-04'),(18,2564,'บท 14/64','ขอยืมเงินอาหารกลางวันงวดที่ 14/64','001001',20640,'118','203','นางสาวปวีณา ดุจดา',1,'1349900386553','2021-01-25','2021-01-25','2021-03-04'),(19,2564,'บท 15/64','ขอยืมเงินอาหารกลางวันงวดที่ 15/64','001001',20640,'118','203','นางสาวปวีณา ดุจดา',1,'1349900386553','2021-02-01','2021-02-01','2021-03-04'),(20,2564,'บท 16/64','ขอยืมเงินอาหารกลางวันงวดที่ 16/64','001001',13760,'118','203','นางสาวปวีณา ดุจดา',1,'1349900386553','2021-02-08','2021-02-08','2021-03-04'),(21,2564,'บท 17/64','ขอยืมเงินอาหารกลางวันงวดที่ 17/64','001001',20640,'118','203','นางสาวปวีณา ดุจดา',1,'1349900386553','2021-02-15','2021-02-15','2021-03-04'),(22,2564,'บท 18/64','ขอยืมเงินอาหารกลางวันงวดที่ 18/64','001001',13760,'118','203','นางสาวปวีณา ดุจดา',1,'1349900386553','2021-02-22','2021-02-22','2021-03-04'),(23,2564,'บท 19/64','ขอยืมเงินอาหารกลางวันงวดที่ 19/64','001001',20640,'118','203','นางสาวปวีณา ดุจดา',0,'1349900386553','2021-03-01','2021-03-01','0000-01-01');

--
-- Table structure for table `budget_year`
--

CREATE TABLE `budget_year` (
  `id` int(11) NOT NULL AUTO_INCREMENT,
  `budget_year` int(11) NOT NULL,
  `year_active` tinyint(1) NOT NULL,
  PRIMARY KEY (`id`),
  UNIQUE KEY `budget_year` (`budget_year`)
) ENGINE=MyISAM AUTO_INCREMENT=5 DEFAULT CHARSET=utf8 COLLATE=utf8_general_ci;

--
-- Dumping data for table `budget_year`
--

INSERT INTO `budget_year` VALUES (1,2559,0),(2,2562,0),(3,2564,0),(4,2568,1);

--
-- Table structure for table `cabinet_cabinet`
--

CREATE TABLE `cabinet_cabinet` (
  `id` int(11) NOT NULL AUTO_INCREMENT,
  `cabinet_id` int(11) NOT NULL,
  `cabinet_type` tinyint(4) NOT NULL,
  `cabinet_name` varchar(100) NOT NULL,
  `cabinet_size` double NOT NULL,
  `tray_size` double NOT NULL,
  `cabinet_person` varchar(13) NOT NULL,
  PRIMARY KEY (`id`),
  UNIQUE KEY `cabinet_id` (`cabinet_id`)
) ENGINE=MyISAM AUTO_INCREMENT=4 DEFAULT CHARSET=utf8 COLLATE=utf8_general_ci;

--
-- Dumping data for table `cabinet_cabinet`
--

INSERT INTO `cabinet_cabinet` VALUES (2,1,1,'งานธุรการ',1000,100,'1100702095769'),(3,2,2,'เอกสารพายุ',10000,1000,'1100702095769');

--
-- Table structure for table `cabinet_file`
--

CREATE TABLE `cabinet_file` (
  `id` int(11) NOT NULL AUTO_INCREMENT,
  `file_id` int(11) NOT NULL,
  `tray_id` bigint(11) NOT NULL,
  `cabinet_id` int(11) NOT NULL,
  `file_name` varchar(100) NOT NULL,
  PRIMARY KEY (`id`)
) ENGINE=MyISAM AUTO_INCREMENT=9 DEFAULT CHARSET=utf8 COLLATE=utf8_general_ci;

--
-- Dumping data for table `cabinet_file`
--

INSERT INTO `cabinet_file` VALUES (4,1,2,1,'ข้อมูลน้ำหนักส่วนสูง 2561'),(6,1,3,1,'คำสั่ง 61'),(7,1,1,1,'รายชื่อนักเรียน 2561'),(8,1,1100702095769,2,'เอกสารสัญญาจ้าง');

--
-- Table structure for table `cabinet_main`
--

CREATE TABLE `cabinet_main` (
  `id` int(11) NOT NULL AUTO_INCREMENT,
  `file_id` int(11) NOT NULL,
  `tray_id` bigint(11) NOT NULL,
  `cabinet_id` int(11) NOT NULL,
  `cabinet_type` tinyint(4) NOT NULL,
  `doc_subject` varchar(150) NOT NULL,
  `doc_size` double NOT NULL,
  `doc_name` varchar(100) NOT NULL,
  `doc_type` varchar(10) NOT NULL,
  `status` tinyint(4) NOT NULL DEFAULT 0,
  `person_id` varchar(13) NOT NULL,
  `rec_date` datetime NOT NULL,
  PRIMARY KEY (`id`)
) ENGINE=MyISAM AUTO_INCREMENT=14 DEFAULT CHARSET=utf8 COLLATE=utf8_general_ci;

--
-- Dumping data for table `cabinet_main`
--

INSERT INTO `cabinet_main` VALUES (4,1,1,1,1,'ป.1',31744,'11007020957691542855148.doc','doc',0,'1100702095769','2018-11-22 09:52:28'),(2,1,2,1,1,'Excel น้ำหนักส่วนสูง',1497600,'11007020957691542854364.xls','xls',0,'1100702095769','2018-11-22 09:39:24'),(3,1,3,1,1,'คำสั่ง 61',394543,'11007020957691542854504.docx','docx',0,'1100702095769','2018-11-22 09:41:44'),(5,1,1,1,1,'ป.2',45056,'11007020957691542855169.doc','doc',0,'1100702095769','2018-11-22 09:52:49'),(6,1,1,1,1,'ป.3',33280,'11007020957691542855190.doc','doc',0,'1100702095769','2018-11-22 09:53:10'),(7,1,1,1,1,'ป.4',39424,'11007020957691542855238.doc','doc',0,'1100702095769','2018-11-22 09:53:58'),(8,1,1,1,1,'ป.5',46592,'11007020957691542855248.doc','doc',0,'1100702095769','2018-11-22 09:54:08'),(9,1,1,1,1,'ป.6',52736,'11007020957691542855263.doc','doc',0,'1100702095769','2018-11-22 09:54:23'),(10,1,1,1,1,'อ.1',48640,'11007020957691542855302.doc','doc',0,'1100702095769','2018-11-22 09:55:02'),(11,1,1,1,1,'อ.2',33792,'11007020957691542855320.doc','doc',0,'1100702095769','2018-11-22 09:55:20'),(12,1,1,1,1,'อ.3',36864,'11007020957691542855333.doc','doc',0,'1100702095769','2018-11-22 09:55:33'),(13,1,1100702095769,2,2,'งวดที่ 8',154497,'11007020957691653966987.pdf','pdf',0,'1100702095769','2022-05-31 10:16:27');

--
-- Table structure for table `cabinet_permission`
--

CREATE TABLE `cabinet_permission` (
  `id` int(11) NOT NULL AUTO_INCREMENT,
  `person_id` varchar(13) NOT NULL,
  `p1` tinyint(4) DEFAULT NULL,
  `officer` varchar(13) NOT NULL,
  `rec_date` date NOT NULL,
  PRIMARY KEY (`id`),
  UNIQUE KEY `person_id` (`person_id`)
) ENGINE=MyISAM AUTO_INCREMENT=9 DEFAULT CHARSET=utf8 COLLATE=utf8_general_ci;

--
-- Dumping data for table `cabinet_permission`
--

INSERT INTO `cabinet_permission` VALUES (1,'5340900003535',1,'3349800070968','2016-06-26'),(2,'3349800070968',1,'3349800070968','2016-06-26'),(3,'3349800148428',1,'3349800070968','2016-06-26'),(4,'1349900174572',1,'3349800070968','2016-06-26'),(8,'1100702095769',1,'1100702095769','2018-11-15'),(6,'1102001348719',1,'3349800070968','2016-06-26'),(7,'1349900142638',1,'3349800070968','2016-06-26');

--
-- Table structure for table `cabinet_tray`
--

CREATE TABLE `cabinet_tray` (
  `id` int(11) NOT NULL AUTO_INCREMENT,
  `tray_id` bigint(20) NOT NULL,
  `cabinet_id` int(11) NOT NULL,
  `tray_name` varchar(100) NOT NULL,
  PRIMARY KEY (`id`)
) ENGINE=MyISAM AUTO_INCREMENT=7 DEFAULT CHARSET=utf8 COLLATE=utf8_general_ci;

--
-- Dumping data for table `cabinet_tray`
--

INSERT INTO `cabinet_tray` VALUES (2,0,0,''),(3,1,1,'รายชื่อนักเรียน'),(4,2,1,'ข้อมูลน้ำหนักส่วนสูง'),(5,3,1,'คำสั่ง'),(6,1100702095769,2,'พายุ_สุขเจริญ');

--
-- Table structure for table `delegate_main`
--

CREATE TABLE `delegate_main` (
  `id` int(11) NOT NULL AUTO_INCREMENT,
  `person_id` varchar(13) NOT NULL,
  `start` date NOT NULL,
  `finish` date NOT NULL,
  `remark` varchar(250) NOT NULL,
  `officer` varchar(13) NOT NULL,
  `rec_date` date NOT NULL,
  PRIMARY KEY (`id`)
) ENGINE=MyISAM DEFAULT CHARSET=utf8 COLLATE=utf8_general_ci;

--
-- Dumping data for table `delegate_main`
--


--
-- Table structure for table `delegate_permission`
--

CREATE TABLE `delegate_permission` (
  `id` int(11) NOT NULL AUTO_INCREMENT,
  `person_id` varchar(13) NOT NULL,
  `p1` tinyint(4) NOT NULL,
  `officer` varchar(13) NOT NULL,
  `rec_date` date NOT NULL,
  PRIMARY KEY (`id`)
) ENGINE=MyISAM AUTO_INCREMENT=4 DEFAULT CHARSET=utf8 COLLATE=utf8_general_ci;

--
-- Dumping data for table `delegate_permission`
--

INSERT INTO `delegate_permission` VALUES (1,'3341501007663',1,'1100702095769','2022-07-23'),(2,'3349800148428',1,'3349800070968','2016-06-26'),(3,'1339900347957',1,'3349800070968','2024-02-08');

--
-- Table structure for table `health_age_height`
--

CREATE TABLE `health_age_height` (
  `id` int(11) NOT NULL AUTO_INCREMENT,
  `type` tinyint(4) NOT NULL DEFAULT 1,
  `sex` tinyint(4) NOT NULL DEFAULT 2,
  `age` double NOT NULL,
  `height_1` double NOT NULL,
  `height_2` double NOT NULL,
  `height_3` double NOT NULL,
  `height_4` double NOT NULL,
  PRIMARY KEY (`id`)
) ENGINE=MyISAM AUTO_INCREMENT=63 DEFAULT CHARSET=utf8 COLLATE=utf8_general_ci;

--
-- Dumping data for table `health_age_height`
--

INSERT INTO `health_age_height` VALUES (1,0,1,1,70,71.5,80,81),(2,0,1,1.25,72.5,73.5,83.5,85),(3,0,1,1.5,75,77,86.5,88),(4,0,1,1.75,77.5,79.5,89.5,91),(5,0,1,2,80,81.5,92,93.5),(6,0,1,2.25,82,84,94,96),(7,0,1,2.5,83.5,84.5,96.5,98),(8,0,1,2.75,85.5,87.5,98.5,100),(9,0,1,3,87,89.5,100.5,102),(10,0,1,3.25,89,91,102.5,104),(11,0,1,3.5,90.5,93,104.5,106),(12,0,1,3.75,92,94.5,106.5,108),(13,0,1,4,93.5,96,108,110),(14,0,1,4.25,95,96.5,110,112),(15,0,1,4.5,97,99,112,113.5),(16,0,1,4.75,98.5,100.5,113.5,115),(17,0,1,5,100,102,115,117.7),(18,0,2,1,67,69,79,80.5),(19,0,2,1.25,70,72,82.5,84.5),(20,0,2,1.5,73,74.5,85,87.5),(21,0,2,1.75,75.5,77,88,89.5),(22,0,2,2,78,79.5,90.5,92),(23,0,2,2.25,80,82,92.5,94.5),(24,0,2,2.5,82,84,95,96.5),(25,0,2,2.75,84,86,97,98.5),(26,0,2,3,85.5,88,99,100.5),(27,0,2,3.25,87.5,89.5,100.5,102.5),(28,0,2,3.5,89,91.5,102.5,104.5),(29,0,2,3.75,90.5,93,104.5,106),(30,0,2,4,92.5,94.5,106.5,108.5),(31,0,2,4.25,94,96,108.5,110.5),(32,0,2,4.5,95.5,98,110.5,112.5),(33,0,2,4.75,97.5,99.5,112.5,114),(34,0,2,5,99,101,114,116),(35,1,1,5,100,102,115,117.5),(36,1,1,6,105.5,107.5,121.5,123.5),(37,1,1,7,110.5,113,127.5,130),(38,1,1,8,114.5,117.5,133.5,136),(39,1,1,9,119,122,138,141),(40,1,1,10,123.5,126.5,143.5,145.5),(41,1,1,11,127.5,130.5,149.5,153),(42,1,1,12,131.5,135,157,161),(43,1,1,13,135,139,162,166),(44,1,1,14,143,147.5,170,173),(45,1,1,15,149.5,153.5,173,176.5),(46,1,1,16,155,158.5,176,178.5),(47,1,1,17,157.5,160.5,177,179.5),(48,1,1,18,158.5,161.5,177.5,180),(49,1,2,5,99,101,114,116),(50,1,2,6,105,107.5,120.5,123),(51,1,2,7,109.5,112.5,126.5,129),(52,1,2,8,114.5,117,132.5,135),(53,1,2,9,119,122,139,142),(54,1,2,10,124,127,146,149.5),(55,1,2,11,129.5,133,152.5,155.5),(56,1,2,12,135.5,138.5,157,159.5),(57,1,2,13,140.5,143.5,160,162.5),(58,1,2,14,144.5,147,162,164.5),(59,1,2,15,146,148,163.5,166),(60,1,2,16,146.5,149,164,166.5),(61,1,2,17,147,149,164,166.5),(62,1,2,18,147,149.5,164,166.5);

--
-- Table structure for table `health_age_weight`
--

CREATE TABLE `health_age_weight` (
  `id` int(11) NOT NULL AUTO_INCREMENT,
  `type` tinyint(4) NOT NULL DEFAULT 1,
  `sex` tinyint(4) NOT NULL DEFAULT 2,
  `age` double NOT NULL,
  `weight_1` double NOT NULL,
  `weight_2` double NOT NULL,
  `weight_3` double NOT NULL,
  `weight_4` double NOT NULL,
  PRIMARY KEY (`id`)
) ENGINE=MyISAM AUTO_INCREMENT=63 DEFAULT CHARSET=utf8 COLLATE=utf8_general_ci;

--
-- Dumping data for table `health_age_weight`
--

INSERT INTO `health_age_weight` VALUES (1,0,1,1,7.8,8.3,11.5,11.5),(2,0,1,1.25,8.5,9,12,12.5),(3,0,1,1.5,8.9,9.4,12.9,13.5),(4,0,1,1.75,9.4,10,13.7,14.4),(5,0,1,2,9.8,10.5,14.5,15.2),(6,0,1,2.25,10.2,11,15,15.8),(7,0,1,2.5,10.6,11.4,15.8,16.7),(8,0,1,2.75,11,11.8,16.6,17.4),(9,0,1,3,11.4,12.2,17.3,18.2),(10,0,1,3.25,11.7,12.6,18,19),(11,0,1,3.5,12,12.8,18.7,19.8),(12,0,1,3.75,12.4,13.3,19.3,20.6),(13,0,1,4,12.7,13.6,20,21.3),(14,0,1,4.25,13.2,13.9,20.7,22),(15,0,1,4.5,13.4,14.3,21.3,22.7),(16,0,1,4.75,13.8,14.6,21.9,23.7),(17,0,1,5,14,15,23,24),(18,0,2,1,7.3,7.7,10.5,11),(19,0,2,1.25,7.8,8.3,11.3,11.9),(20,0,2,1.5,8.3,8.8,12,12.8),(21,0,2,1.75,8.8,9.3,12.9,13.6),(22,0,2,2,9,9.8,13.6,14.4),(23,0,2,2.25,9.5,10.2,14.4,15.2),(24,0,2,2.5,9.8,10.7,15.2,15.9),(25,0,2,2.75,10.3,11.2,15.9,16.9),(26,0,2,3,10.7,11.5,16.6,17.4),(27,0,2,3.25,11.2,11.9,17.3,18.2),(28,0,2,3.5,11.5,12.3,17.9,18.9),(29,0,2,3.75,11.8,12.7,18.5,19.7),(30,0,2,4,12.2,13,19.3,20.5),(31,0,2,4.25,12.4,13.4,19.7,21),(32,0,2,4.5,12.8,13.7,20.3,21.7),(33,0,2,4.75,13,13.9,20.9,22.3),(34,0,2,5,13.5,14,22,23.5),(35,1,1,5,14,15,23,24),(36,1,1,6,15.5,16.5,25.5,27),(37,1,1,7,17,18.5,28.5,31),(38,1,1,8,18.5,20,32,35),(39,1,1,9,20,21.5,36,39.5),(40,1,1,10,21.5,23.5,40.5,44.5),(41,1,1,11,23,25.5,45,49.5),(42,1,1,12,25.5,28,50,54.5),(43,1,1,13,28,31.5,54.5,58.5),(44,1,1,14,32,35.5,58.5,63.5),(45,1,1,15,36.5,40,62,65.5),(46,1,1,16,40.5,44,64,67.5),(47,1,1,17,43,46,66,69),(48,1,1,18,45,48,67,70),(49,1,2,5,13.5,14,22,23.5),(50,1,2,6,15,16,24.5,26.5),(51,1,2,7,16.5,17.5,28.5,31),(52,1,2,8,17.5,19,32.5,35.5),(53,1,2,9,19.5,21,37.5,41),(54,1,2,10,21.5,23.5,42,46),(55,1,2,11,23.5,26,46.5,50.5),(56,1,2,12,26.5,29,50,54),(57,1,2,13,29.5,33,53,55.5),(58,1,2,14,33.5,36.5,55,58.5),(59,1,2,15,36.5,38.5,56.5,59.5),(60,1,2,16,37.5,40,57,60),(61,1,2,17,38,41,57.5,60.5),(62,1,2,18,38.5,41,57.5,60.5);

--
-- Table structure for table `health_base`
--

CREATE TABLE `health_base` (
  `base_id` int(5) NOT NULL AUTO_INCREMENT,
  `study_year` int(5) NOT NULL,
  `term` int(3) NOT NULL,
  `status` int(2) NOT NULL,
  PRIMARY KEY (`base_id`)
) ENGINE=MyISAM AUTO_INCREMENT=7 DEFAULT CHARSET=utf8 COLLATE=utf8_general_ci;

--
-- Dumping data for table `health_base`
--

INSERT INTO `health_base` VALUES (1,2559,1,0),(2,2561,1,0),(3,2562,1,0),(4,2567,1,0),(5,2567,2,0),(6,2568,1,1);

--
-- Table structure for table `health_checking`
--

CREATE TABLE `health_checking` (
  `check_id` int(11) NOT NULL AUTO_INCREMENT,
  `student_id` int(11) NOT NULL,
  `student_number` varchar(13) NOT NULL,
  `year_std` varchar(5) NOT NULL,
  `term_std` varchar(3) NOT NULL,
  `class_now` tinyint(4) NOT NULL,
  `room` tinyint(4) NOT NULL,
  `number_check` int(5) NOT NULL,
  `gum` varchar(100) NOT NULL,
  `iodine` varchar(100) NOT NULL,
  `tooth` varchar(100) NOT NULL,
  `weight` varchar(10) NOT NULL,
  `tall` varchar(10) NOT NULL,
  `comment` text NOT NULL,
  `day` datetime NOT NULL,
  `usenull` text DEFAULT NULL,
  `life` varchar(10) NOT NULL,
  `push` varchar(10) NOT NULL,
  `sit` varchar(10) NOT NULL,
  `roll` varchar(10) NOT NULL,
  `run` varchar(10) NOT NULL,
  `person_check` varchar(255) NOT NULL,
  PRIMARY KEY (`check_id`)
) ENGINE=MyISAM AUTO_INCREMENT=2 DEFAULT CHARSET=utf8 COLLATE=utf8_general_ci;

--
-- Dumping data for table `health_checking`
--

INSERT INTO `health_checking` VALUES (1,2513,'0','2559','1',5,0,1,'ไม่มี','ปกติ','ไม่ผุ','40','120','','2559-06-26 01:29:16','','','','','','','3341300283175');

--
-- Table structure for table `health_personal`
--

CREATE TABLE `health_personal` (
  `per_id` int(11) NOT NULL AUTO_INCREMENT,
  `personal_code` varchar(13) NOT NULL,
  `per_position` int(3) NOT NULL,
  `per_status` int(3) NOT NULL,
  `person_room` int(3) NOT NULL,
  PRIMARY KEY (`per_id`)
) ENGINE=MyISAM AUTO_INCREMENT=17 DEFAULT CHARSET=utf8 COLLATE=utf8_general_ci;

--
-- Dumping data for table `health_personal`
--

INSERT INTO `health_personal` VALUES (1,'1349900386553',2,1,0),(2,'3341300283175',5,1,0),(3,'3349900293195',6,1,2),(4,'3340100640402',9,1,0),(5,'3341501610807',7,1,0),(12,'1349900386553',3,1,0),(8,'3349800070968',9,1,0),(9,'1349900142638',4,1,0),(14,'1860500079693',1,1,0),(11,'1342200072991',9,1,0),(13,'1339900455351',7,1,0),(15,'3349800244583',8,1,0),(16,'1349900837580',6,1,1);

--
-- Table structure for table `health_weight_height`
--

CREATE TABLE `health_weight_height` (
  `id` int(11) NOT NULL AUTO_INCREMENT,
  `type` tinyint(4) NOT NULL DEFAULT 0,
  `sex` tinyint(4) NOT NULL DEFAULT 1,
  `height` int(11) NOT NULL,
  `weight_1` double NOT NULL,
  `weight_2` double NOT NULL,
  `weight_3` double NOT NULL,
  `weight_4` double NOT NULL,
  `weight_5` double NOT NULL,
  PRIMARY KEY (`id`)
) ENGINE=MyISAM AUTO_INCREMENT=75 DEFAULT CHARSET=utf8 COLLATE=utf8_general_ci;

--
-- Dumping data for table `health_weight_height`
--

INSERT INTO `health_weight_height` VALUES (1,0,1,50,2.5,3,3.8,4,4.5),(2,0,1,55,3.5,4,4.8,5,6),(3,0,1,60,4.5,5,6.3,6.5,7.5),(4,0,1,65,5.5,6,7.8,8,9),(5,0,1,70,7,7.5,9.3,9.5,10.5),(6,0,1,75,8,8.5,10.8,11,12),(7,0,1,80,9,9.5,12,12.5,13.5),(8,0,1,85,10,10.5,13.5,14,15.5),(9,0,1,90,11,11.5,15,15.5,17),(10,0,1,95,12,12.5,16.5,17,19),(11,0,1,100,13,14,18.5,19,21),(12,0,1,105,14,15,20,21,22.5),(13,0,1,110,15.5,16.5,22,23,25),(14,0,1,115,17,18,24,25,28),(15,0,1,120,18.5,19.5,26.5,28,31),(16,0,1,125,20.5,21.5,29.5,31,35),(17,0,1,130,22,23.5,33,35,39.5),(18,0,1,135,24,25.5,37,39,45),(19,0,1,140,26.5,28,41,44,50),(20,0,2,50,3,3.1,3.8,4,4.5),(21,0,2,55,3.5,4,4.8,5,6),(22,0,2,60,4.5,5,6.3,6.5,7),(23,0,2,65,5.5,6,7.8,8,8.5),(24,0,2,70,6.5,7.5,8.8,9,10),(25,0,2,75,7.5,8.5,10.8,10.5,11.5),(26,0,2,80,8.5,9,11.5,12.5,13),(27,0,2,85,9.5,10,13,13.5,14.5),(28,0,2,90,10.5,11.5,14.5,15.5,16.5),(29,0,2,95,11.5,13,16.5,17,18.5),(30,0,2,100,13,13.5,18,18.5,20.5),(31,0,2,110,15.5,16,22,23,25),(32,0,2,115,16.5,17.5,24,25,28),(33,0,2,120,18,19,27,28.5,31.5),(34,0,2,125,19.5,21.5,30,31.5,35.5),(35,0,2,130,21.5,23,34,36,41),(36,0,2,135,23.5,25,38,40.5,46),(37,0,2,140,25.5,27.5,42.5,45.5,55.5),(38,0,2,105,14,15,19.5,20.5,22.5),(39,1,1,90,11,11.5,15,16,17),(40,1,1,95,12,12.5,17,17.5,19),(41,1,1,100,13,14,18,19,21),(42,1,1,105,14.5,15,19.5,20.5,22.5),(43,1,1,110,16,16.6,21.5,22.5,24.5),(44,1,1,115,17,18,24,25,27.5),(45,1,1,120,19,19.5,26.5,28,30.5),(46,1,1,125,20,21,29,31,34),(47,1,1,130,22,23,33,35,39),(48,1,1,135,24.5,25.5,37,39.5,45),(49,1,1,140,26.5,28.5,41,44,50),(50,1,1,145,29,31,45,48,54.5),(51,1,1,150,32,34,49,52.5,58.5),(52,1,1,155,35,37,53,56.5,62.5),(53,1,1,160,38.5,41,57,60.5,66.5),(54,1,1,165,42.5,45,61.5,64.5,70),(55,1,1,170,46,48.5,65,68,74.5),(56,1,1,175,49.5,52.5,69,72,77),(57,1,1,180,53,56,72,75,80),(58,1,2,90,11,11.5,15,16,17),(59,1,2,95,12,12.5,16,17,18.5),(60,1,2,100,13,13.5,18,19,20.5),(61,1,2,105,14,15,19.5,20.5,22.5),(62,1,2,110,15.5,16,21.5,22.5,25),(63,1,2,115,17,17.5,24,25,27.5),(64,1,2,120,18.5,19,26.5,28,31),(65,1,2,125,20,21,30,32,36),(66,1,2,130,21.5,22.5,33.5,36,41),(67,1,2,135,23.5,25,38,41,46),(68,1,2,140,26,27.5,42.5,45.5,51.5),(69,1,2,145,29,31,47,50,56.5),(70,1,2,150,32.5,34.5,51.5,54.5,61),(71,1,2,155,36,38.5,55.5,58.5,65),(72,1,2,160,39.5,42,59,62,68),(73,1,2,165,43,45.5,62,65,70.5),(74,1,2,170,47,48.5,65.5,67.5,72.5);

--
-- Table structure for table `idplan_education`
--

CREATE TABLE `idplan_education` (
  `id` int(11) NOT NULL AUTO_INCREMENT,
  `person_id` varchar(15) DEFAULT NULL,
  `class` varchar(30) DEFAULT NULL,
  `initials` varchar(30) DEFAULT NULL,
  `subject_1` varchar(150) DEFAULT NULL,
  `subject` varchar(150) DEFAULT NULL,
  `institute` varchar(200) DEFAULT NULL,
  `province` varchar(50) DEFAULT NULL,
  `finish_year` varchar(10) DEFAULT NULL,
  PRIMARY KEY (`id`)
) ENGINE=MyISAM AUTO_INCREMENT=10 DEFAULT CHARSET=utf8 COLLATE=utf8_general_ci;

--
-- Dumping data for table `idplan_education`
--

INSERT INTO `idplan_education` VALUES (9,'3349800070968','การศึกษามหาบัณฑิต','กศ.ม.','','หลักสูตรและการสอน','มหาวิทยาลัยมหาสารคาม','มหาสารคาม','2560');

--
-- Table structure for table `idplan_list_setting`
--

CREATE TABLE `idplan_list_setting` (
  `id` int(11) NOT NULL AUTO_INCREMENT,
  `rating` int(5) DEFAULT NULL,
  `item_list` char(50) DEFAULT NULL,
  `permission` int(2) DEFAULT NULL,
  PRIMARY KEY (`id`)
) ENGINE=MyISAM AUTO_INCREMENT=12 DEFAULT CHARSET=utf8 COLLATE=utf8_general_ci;

--
-- Dumping data for table `idplan_list_setting`
--


--
-- Table structure for table `idplan_lookbook_1`
--

CREATE TABLE `idplan_lookbook_1` (
  `id` int(11) NOT NULL AUTO_INCREMENT,
  `person_id` varchar(15) DEFAULT NULL,
  `study_year` varchar(5) DEFAULT NULL,
  `term` varchar(2) DEFAULT NULL,
  `office` varchar(200) DEFAULT NULL,
  `school_name` varchar(250) DEFAULT NULL,
  `class` varchar(5) DEFAULT NULL,
  `subject_1` varchar(3) DEFAULT NULL,
  `subject_2` varchar(150) DEFAULT NULL,
  `house` int(3) DEFAULT NULL,
  PRIMARY KEY (`id`)
) ENGINE=MyISAM AUTO_INCREMENT=35 DEFAULT CHARSET=utf8 COLLATE=utf8_general_ci;

--
-- Dumping data for table `idplan_lookbook_1`
--

INSERT INTO `idplan_lookbook_1` VALUES (19,'3341501610807','2565','2','','โรงเรียนบ้านบุ่ง','7','4','สังคมศึกษา ประวัติศาสตร์ ศิลปศึกษา พลศึกษา',19),(26,'3349800070968','2567','1','โรงเรียนบ้านบุ่ง','โรงเรียนบ้านบุ่ง','6','1','ภาษาไทย  ',5),(30,'3349800070968','2567','1','โรงเรียนบ้านบุ่ง','โรงเรียนบ้านบุ่ง','7','1','ภาษาไทย  ',4),(28,'3349800070968','2567','1','โรงเรียนบ้านบุ่ง','โรงเรียนบ้านบุ่ง','8','1','ภาษาไทย  ',4),(29,'3349800070968','2567','1','โรงเรียนบ้านบุ่ง','โรงเรียนบ้านบุ่ง','9','1','ภาษาไทย  ',4),(31,'3349800070968','2567','1','โรงเรียนบ้านบุ่ง','โรงเรียนบ้านบุ่ง','8','','รายวิชาป้องกันการทุจริต',1),(32,'3349800070968','2567','1','โรงเรียนบ้านบุ่ง','โรงเรียนบ้านบุ่ง','9','','รายวิชาป้องกันการทุจริต',1),(33,'3349800070968','2567','1','โรงเรียนบ้านบุ่ง','โรงเรียนบ้านบุ่ง','7','','ลูกเสือ ชมรม  จริยธรรม บำเพ็ญประโยชน์ แนะแนว',3),(34,'1349900142638','2567','1','สพฐ.  สพป.อบ.4 กลุ่มสำโรง 3','โรงเรียนบ้านบุ่ง','4','1','ภาษาไทย คณิตศาสตร์ วิทยาศาสตร์ฯ  ลูกเสือ แนะแนว ชมรม สังคมฯ ประวัติศาสตร์ การงานอาชีพ ป้องกันการทุจริต สุขศึกษา ศิลปะ',22);

--
-- Table structure for table `idplan_lookbook_2`
--

CREATE TABLE `idplan_lookbook_2` (
  `id` int(11) NOT NULL AUTO_INCREMENT,
  `person_id` varchar(15) DEFAULT NULL,
  `year` varchar(5) DEFAULT NULL,
  `term` varchar(1) DEFAULT NULL,
  `week` varchar(3) DEFAULT NULL,
  `start_date` date DEFAULT NULL,
  `end_date` date DEFAULT NULL,
  `group_vicha_id` varchar(2) DEFAULT NULL,
  `vicha_name` varchar(200) DEFAULT NULL,
  `vicha_code` varchar(10) DEFAULT NULL,
  `vitaya` varchar(2) DEFAULT NULL,
  `hour_term` varchar(5) DEFAULT NULL,
  `time` varchar(5) DEFAULT NULL,
  `time_unit` varchar(25) DEFAULT NULL,
  `learn_type` varchar(2) DEFAULT NULL,
  `garantee` varchar(2) DEFAULT NULL,
  PRIMARY KEY (`id`)
) ENGINE=MyISAM AUTO_INCREMENT=77 DEFAULT CHARSET=utf8 COLLATE=utf8_general_ci;

--
-- Dumping data for table `idplan_lookbook_2`
--

INSERT INTO `idplan_lookbook_2` VALUES (71,'3349800070968','2567','1','4','2024-06-06','2024-06-06','','การป้องกันการทุจริต','ส 15201','2','1','1','2','1','1'),(70,'3349800070968','2567','1','3','2024-05-30','2024-05-30','','การป้องกันการทุจริต','ส 15201','2','1','1','2','1','1'),(69,'3349800070968','2567','1','2','2024-05-23','2024-05-23','','การป้องกันการทุจริต','ส 15201','2','1','1','2','1','1'),(68,'3349800070968','2567','1','1','2024-05-16','2024-05-16','','การป้องกันการทุจริต','ส 15201','2','1','1','2','1','1'),(67,'3349800070968','2567','1','5','2024-06-10','2024-06-14','','ภาษาไทย','ท16101','2','4','1','2','1','1'),(66,'3349800070968','2567','1','4','2024-06-04','2024-06-07','','ภาษาไทย','ท16101','2','4','1','2','1','1'),(65,'3349800070968','2567','1','3','2024-05-27','2024-05-31','','ภาษาไทย','ท16101','2','4','1','2','1','1'),(64,'3349800070968','2567','1','2','2024-05-20','2024-05-24','','ภาษาไทย','ท16101','2','4','1','2','1','1'),(63,'3349800070968','2567','1','1','2024-05-16','2024-05-17','','ภาษาไทย','ท16101','2','2','1','2','1','1'),(62,'3349800070968','2567','1','5','2024-06-10','2024-06-14','','ภาษาไทย','ท15101','2','4','1','2','1','1'),(61,'3349800070968','2567','1','4','2024-06-04','2024-06-07','','ภาษาไทย','ท15101','2','4','1','2','1','1'),(59,'3349800070968','2567','1','3','2024-05-27','2024-05-31','','ภาษาไทย','ท15101','2','4','1','2','1','1'),(60,'3349800070968','2567','1','2','2024-05-20','2024-05-24','','ภาษาไทย','ท15101','2','4','1','2','1','1'),(57,'3349800070968','2567','1','1','2024-05-16','2024-05-17','','ภาษาไทย','ท 15101','2','2','1','2','1','1'),(56,'3349800070968','2567','1','5','2024-06-10','2024-06-14','','ภาษาไทย','ท14101','2','4','1','2','1','1'),(55,'3349800070968','2567','1','4','2024-06-03','2024-06-07','','ภาษาไทย','ท14101','2','4','1','2','1','1'),(54,'3349800070968','2567','1','3','2024-05-27','2024-05-31','','ภาษาไทย','ท14101','2','4','1','2','1','1'),(53,'3349800070968','2567','1','2','2024-05-20','2024-05-24','','ภาษาไทย','ท14101','2','5','1','2','1','1'),(52,'3349800070968','2567','1','1','2024-05-16','2024-05-17','','ภาษาไทย','ท14101','2','2','1','2','1','1'),(51,'3349800070968','2567','1','5','2024-06-10','2024-06-14','','ภาษาไทย','ท13101','2','5','1','2','1','1'),(50,'3349800070968','2567','1','4','2024-06-04','2024-06-08','','ภาษาไทย','ท13101','2','5','1','2','1','1'),(49,'3349800070968','2567','1','3','2024-05-27','2024-05-31','','ภาษาไทย','ท13101','2','5','1','2','1','1'),(48,'3349800070968','2567','1','2','2024-05-20','2024-05-24','','ภาษาไทย','ท13101','2','5','1','2','เล','1'),(47,'3349800070968','2567','1','1','2024-05-16','2024-05-17','','ภาษาไทย','ท13101','2','2','1','2','1','1'),(72,'3349800070968','2567','1','5','2024-06-13','2024-06-13','','การป้องกันการทุจริต','ส 15201','2','1','1','2','1','1'),(73,'3349800070968','2567','1','2','2024-05-21','2024-05-21','','การป้องกันการทุจริต','ส 16201','2','1','1','2','1','1'),(74,'3349800070968','2567','1','3','2024-05-28','2024-05-28','','การป้องกันการทุจริต','ส 16201','2','1','1','2','1','1'),(75,'3349800070968','2567','1','4','2024-06-04','0000-00-00','','การป้องกันการทุจริต','ส 16201','2','1','1','2','1','1'),(76,'3349800070968','2567','1','5','2024-06-12','2024-06-12','','การป้องกันการทุจริต','ส 16201','2','1','1','2','1','1');

--
-- Table structure for table `idplan_lookbook_3`
--

CREATE TABLE `idplan_lookbook_3` (
  `id` int(11) NOT NULL AUTO_INCREMENT,
  `person_id` varchar(15) DEFAULT NULL,
  `year` varchar(5) DEFAULT NULL,
  `term` varchar(1) DEFAULT NULL,
  `week` varchar(3) DEFAULT NULL,
  `start_date` date DEFAULT NULL,
  `end_date` date DEFAULT NULL,
  `vicha_support` varchar(200) DEFAULT NULL,
  `hour_week` varchar(5) DEFAULT NULL,
  `garantee` varchar(2) DEFAULT NULL,
  PRIMARY KEY (`id`)
) ENGINE=MyISAM AUTO_INCREMENT=27 DEFAULT CHARSET=utf8 COLLATE=utf8_general_ci;

--
-- Dumping data for table `idplan_lookbook_3`
--

INSERT INTO `idplan_lookbook_3` VALUES (22,'3349800070968','2567','1','1','2024-05-16','2024-05-17','เอกสารงานหลักสูตรในโรงเรียน','4','1'),(23,'3349800070968','2567','1','2','2024-05-20','2024-05-24','งานเอกสารหลักสูตรรายวิชา','8','1'),(24,'3349800070968','2567','1','3','2024-05-27','2024-05-31','เอกสารงานหลักสูตรในโรงเรียน','8','1'),(25,'3349800070968','2567','1','4','2024-06-03','2024-06-07','เอกสารงาน PLC รายสัปดาห์','8','1'),(26,'3349800070968','2567','1','5','2024-06-10','2024-06-14','เอกสาร SAR  หลักสูตรรายวิชา ','8','1');

--
-- Table structure for table `idplan_lookbook_4`
--

CREATE TABLE `idplan_lookbook_4` (
  `id` int(11) NOT NULL AUTO_INCREMENT,
  `person_id` varchar(15) DEFAULT NULL,
  `year` varchar(5) DEFAULT NULL,
  `term` varchar(1) DEFAULT NULL,
  `week` varchar(3) DEFAULT NULL,
  `start_date` date DEFAULT NULL,
  `end_date` date DEFAULT NULL,
  `policy` varchar(255) DEFAULT NULL,
  `hour_week` varchar(5) DEFAULT NULL,
  `garantee` varchar(2) DEFAULT NULL,
  PRIMARY KEY (`id`)
) ENGINE=MyISAM AUTO_INCREMENT=29 DEFAULT CHARSET=utf8 COLLATE=utf8_general_ci;

--
-- Dumping data for table `idplan_lookbook_4`
--

INSERT INTO `idplan_lookbook_4` VALUES (24,'3349800070968','2567','1','1','2024-05-16','2024-05-17','แผนยกระดับการอ่านและการเขียน','4','1'),(25,'3349800070968','2567','1','2','2024-05-20','2024-05-24','แผนยกระดับการอ่านและการเขียน  ','5','1'),(26,'3349800070968','2567','1','3','2024-05-27','2024-05-31','การออกแบบการเรียนรู้ พัฒนาการอ่าน การเขียน','5','1'),(27,'3349800070968','2567','1','4','2024-06-03','2024-06-07','การวิเคราะห์สภาพการณ์ ผลสัมฤทธิ์ และอ อกแบบการเรียนรู้','5','1'),(28,'3349800070968','2567','1','5','2024-06-10','2024-06-14','การจัดทำแผน Active Learning','5','1');

--
-- Table structure for table `idplan_lookbook_5`
--

CREATE TABLE `idplan_lookbook_5` (
  `id` int(11) NOT NULL AUTO_INCREMENT,
  `person_id` varchar(15) DEFAULT NULL,
  `rec_date` date DEFAULT NULL,
  `develop_name` varchar(255) DEFAULT NULL,
  `develop_code` varchar(15) DEFAULT NULL,
  `knowledge` varchar(10) DEFAULT NULL,
  `skill` varchar(10) DEFAULT NULL,
  `teacher` varchar(10) DEFAULT NULL,
  `develop_hour` varchar(5) DEFAULT NULL,
  `develop_start_date` date DEFAULT NULL,
  `num_date` int(5) DEFAULT NULL,
  `development` varchar(10) DEFAULT NULL,
  `garantee` varchar(2) DEFAULT NULL,
  PRIMARY KEY (`id`)
) ENGINE=MyISAM AUTO_INCREMENT=6 DEFAULT CHARSET=utf8 COLLATE=utf8_general_ci;

--
-- Dumping data for table `idplan_lookbook_5`
--

INSERT INTO `idplan_lookbook_5` VALUES (4,'3349800070968','2024-06-13','การพัฒนางานตามข้อตกลงเพื่อคงวิทยฐานะ','','1','1','1','12','2024-05-20',0,'1','1'),(5,'1349900142638','2024-06-17','การพัฒนาสมรรถนะครูสู่มืออาชีพ Module ที่ 1 การพัฒนาและปลูกฝังจิตวิญญาณความเป็นครูให้มีความรักชาติ ศาสน์ กษัตริย์ ','33-1196-66','1','1','1','6','2023-11-19',1,'1','1');

--
-- Table structure for table `idplan_lookbook_6`
--

CREATE TABLE `idplan_lookbook_6` (
  `id` int(11) NOT NULL AUTO_INCREMENT,
  `person_id` varchar(15) DEFAULT NULL,
  `group_activities` varchar(255) DEFAULT NULL,
  `num_member` int(5) DEFAULT NULL,
  `activities_name` varchar(255) DEFAULT NULL,
  `round` varchar(3) DEFAULT NULL,
  `date_activities` date DEFAULT NULL,
  `term` varchar(2) DEFAULT NULL,
  `year` varchar(5) DEFAULT NULL,
  `num_hour` varchar(5) DEFAULT NULL,
  `r_character` varchar(3) DEFAULT NULL,
  `income_activities` varchar(5) DEFAULT NULL,
  `issues` varchar(255) DEFAULT NULL,
  `cause` varchar(255) DEFAULT NULL,
  `knowledge` varchar(255) DEFAULT NULL,
  `activities` varchar(255) DEFAULT NULL,
  `r_activities` varchar(255) DEFAULT NULL,
  `reapply` varchar(255) DEFAULT NULL,
  `other` varchar(255) DEFAULT NULL,
  `garantee` varchar(2) DEFAULT NULL,
  PRIMARY KEY (`id`)
) ENGINE=MyISAM AUTO_INCREMENT=12 DEFAULT CHARSET=utf8 COLLATE=utf8_general_ci;

--
-- Dumping data for table `idplan_lookbook_6`
--

INSERT INTO `idplan_lookbook_6` VALUES (6,'3349800070968','PLC โรงเรียนบ้านบุ่ง',13,'การสร้างชุมชนแห่งการเรียนรู้ทางวิชาชีพ','1','2024-05-17','1','2567','2','4','12','การพัฒนางานวิชาการในโรงเรียน','เริ่มภาคเรียน','การจัดการเรียนรู้เชิงรุก และการจัดการเรียนรู้แบบ BBL','เตรียมความพร้อม วิเคราะห์สภาพการณ์ ','ครูทุกคนมีความพร้อม และพื้นฐานเหมาะสม','พัฒนางาน','','1'),(7,'3349800070968','PLC โรงเรียนบ้านบุ่ง',13,'การพัฒนางานวิชาการในโรงเรียน','2','2024-05-24','1','2567','2','1','12','การพัฒนางานวิชาการในโรงเรียน','มุ่งสนองงานนโยบา่ยและจุดเน้น','แนวทางการจัดการเรียนรู้ BBL  ตัวชี้วัดระหว่างทางและปลายทาง /การออกแบบการเรียนรู้','แลกเปลี่ยนเรียนรู้','ครูทุกคนมีความพร้อม ที่จะพัฒนาตนเอง เพื่อคุณภาพนักเรียน','พัฒนางาน','ออกแบบตัวอย่างแผนการจัดการเรียนรู้ ใหเ้คุณครู','1'),(8,'3349800070968','PLC โรงเรียนบ้านบุ่ง',13,'การสร้างชุมชนแห่งการเรียนรู้ทางวิชาชีพ','3','2024-05-31','1','2567','2','1','12','การพัฒนางานวิชาการในโรงเรียน','มุ่งสนองงานนโยบา่ยและจุดเน้น','แนวทางการจัดการเรียนรู้ BBL  ตัวชี้วัดระหว่างทางและปลายทาง /การออกแบบการเรียนรู้','นำเสนอองค์ประกอบของแผน BBL / ให้ตัวอย่าง /ออกแบบแผน/วิเคราะห์เนื้อหา','ครูทุกคนมีความรู้ตามศักยภาพ','พัฒนางาน','','1'),(9,'3349800070968','PLC โรงเรียนบ้านบุ่ง',13,'การพัฒนางานวิชาการในโรงเรียน','4','2024-06-07','1','2567','2','1','12','การพัฒนางานวิชาการในโรงเรียน','มุ่งสนองงานนโยบา่ยและจุดเน้น','การนำแผนฯสู่กห้องเรียน  สะท้อนผล  การรับการนิเทศ','นิเทศแผนการจัดการเรียนรู้','ครูทุกคนมีความพร้อม ที่จะพัฒนาตนเอง เพื่อคุณภาพนักเรียน','พัฒนางาน','','1'),(10,'3349800070968','PLC โรงเรียนบ้านบุ่ง',13,'การพัฒนางานวิชาการในโรงเรียน','5','2024-06-14','1','2567','2','1','12','การพัฒนางานวิชาการในโรงเรียน','มุ่งสนองงานนโยบา่ยและจุดเน้น','แลกเปลี่ยนเรียนรู้ ปรับปรุง พัฒนาแผน/ การนำแผนสู่ห้องเรียน /การสะท้อนผล ','การนิเทศแผนการจัดการเรียนรู้ และเยี่ยมชั้นเรียน ','ครูทุกคนมีความพร้อม ที่จะพัฒนาตนเอง เพื่อคุณภาพนักเรียน','พัฒนางาน','','1'),(11,'1349900142638','การพัฒนาการศึกษาตามนวัตกรรม เขตก้าวหน้า สร้างคุณภาพการศึกษายั่งยืน',11,'สร้างชุมชนการเรียนรู้วิชาชีพ PLC จุดเน้นที่ 4 และ Active Learning','1','2024-05-16','1','2567','14','1','11','การพัฒนางานวิชาการในโรงเรียน ปีการศึกษา 2567','เพื่อการพัฒนาการจัดการเรียนการสอน','การจัดการเรียนรู้ตามแนวทาง BBL การใช้สมองเป็นฐานและการจัดการเรียนการสอนเชิงรุก Active Learning','ครูจัดทำแผนการจัดการเรียนรู้ตามแนวทางBBL การใช้สมองเป็นฐานและการจัดการเรียนการสอนเชิงรุก Active Learning แล้วนำมาสอนนักเรียน','ครูมีความรู้ความเข้าใจเรื่องการจัดการเรียนรู้ตามแนวทางBBL การใช้สมองเป็นฐานและการจัดการเรียนการสอนเชิงรุก Active Learning นักเรียนเกิดการเรียนรู้ด้วยการปฏิบัติจริงทำให้เกิดผลบรรลุตามจุดประสงค์ที่กำหนดไว้','ครูนำผลการจัดการเรียนรู้ที่ได้รับไปปรับใช้กับนักเรียนต่อไป','-','1');

--
-- Table structure for table `idplan_lookbook_group_subject`
--

CREATE TABLE `idplan_lookbook_group_subject` (
  `id` int(11) NOT NULL AUTO_INCREMENT,
  `g_subject` varchar(255) DEFAULT NULL,
  PRIMARY KEY (`id`)
) ENGINE=MyISAM AUTO_INCREMENT=21 DEFAULT CHARSET=utf8 COLLATE=utf8_general_ci;

--
-- Dumping data for table `idplan_lookbook_group_subject`
--


--
-- Table structure for table `idplan_management_crown`
--

CREATE TABLE `idplan_management_crown` (
  `id` int(11) NOT NULL AUTO_INCREMENT,
  `crown_name_th` char(100) DEFAULT NULL,
  `crown_shot_name` char(10) DEFAULT NULL,
  `crown_name_en` char(150) DEFAULT NULL,
  PRIMARY KEY (`id`)
) ENGINE=MyISAM AUTO_INCREMENT=37 DEFAULT CHARSET=utf8 COLLATE=utf8_general_ci;

--
-- Dumping data for table `idplan_management_crown`
--


--
-- Table structure for table `idplan_management_crown_year`
--

CREATE TABLE `idplan_management_crown_year` (
  `id` int(11) NOT NULL AUTO_INCREMENT,
  `person_id` varchar(15) DEFAULT NULL,
  `crown_id` varchar(3) DEFAULT NULL,
  `crown_year` varchar(7) DEFAULT NULL,
  PRIMARY KEY (`id`)
) ENGINE=MyISAM AUTO_INCREMENT=4 DEFAULT CHARSET=utf8 COLLATE=utf8_general_ci;

--
-- Dumping data for table `idplan_management_crown_year`
--


--
-- Table structure for table `idplan_management_family`
--

CREATE TABLE `idplan_management_family` (
  `id` int(11) NOT NULL AUTO_INCREMENT,
  `person_id` varchar(15) DEFAULT NULL,
  `family_prename` varchar(20) DEFAULT NULL,
  `family_name` varchar(100) DEFAULT NULL,
  `family_surname` varchar(150) DEFAULT NULL,
  `birth_date` date DEFAULT NULL,
  `family_type` varchar(5) DEFAULT NULL,
  PRIMARY KEY (`id`)
) ENGINE=MyISAM AUTO_INCREMENT=9 DEFAULT CHARSET=utf8 COLLATE=utf8_general_ci;

--
-- Dumping data for table `idplan_management_family`
--


--
-- Table structure for table `idplan_management_marry`
--

CREATE TABLE `idplan_management_marry` (
  `person_id` varchar(15) NOT NULL,
  `m_type` varchar(5) DEFAULT NULL,
  `m_prename` varchar(10) DEFAULT NULL,
  `m_name` varchar(50) DEFAULT NULL,
  `m_surname` varchar(150) DEFAULT NULL,
  PRIMARY KEY (`person_id`)
) ENGINE=MyISAM DEFAULT CHARSET=utf8 COLLATE=utf8_general_ci;

--
-- Dumping data for table `idplan_management_marry`
--

INSERT INTO `idplan_management_marry` VALUES ('3349800070968','2','นาย','กิติศักดิ์','ไชยดี'),('3341501610807','2','นาง','อรวรรณ','บำเรอพงษ์');

--
-- Table structure for table `idplan_management_member`
--

CREATE TABLE `idplan_management_member` (
  `id` int(11) NOT NULL AUTO_INCREMENT,
  `person_id` varchar(15) DEFAULT NULL,
  `member_name` varchar(255) DEFAULT NULL,
  `member_number` varchar(30) DEFAULT NULL,
  PRIMARY KEY (`id`)
) ENGINE=MyISAM AUTO_INCREMENT=4 DEFAULT CHARSET=utf8 COLLATE=utf8_general_ci;

--
-- Dumping data for table `idplan_management_member`
--


--
-- Table structure for table `idplan_management_portfolio`
--

CREATE TABLE `idplan_management_portfolio` (
  `id` int(11) NOT NULL AUTO_INCREMENT,
  `person_id` varchar(15) DEFAULT NULL,
  `topic` varchar(200) DEFAULT NULL,
  `date` date DEFAULT NULL,
  `address` varchar(255) DEFAULT NULL,
  `pic_upload` varchar(50) DEFAULT NULL,
  PRIMARY KEY (`id`)
) ENGINE=MyISAM AUTO_INCREMENT=16 DEFAULT CHARSET=utf8 COLLATE=utf8_general_ci;

--
-- Dumping data for table `idplan_management_portfolio`
--


--
-- Table structure for table `idplan_management_vitaya`
--

CREATE TABLE `idplan_management_vitaya` (
  `id` int(11) NOT NULL AUTO_INCREMENT,
  `person_id` varchar(15) DEFAULT NULL,
  `vitaya_name` varchar(250) DEFAULT NULL,
  `vitaya_shot` varchar(50) DEFAULT NULL,
  `vitaya_date` date DEFAULT NULL,
  PRIMARY KEY (`id`)
) ENGINE=MyISAM AUTO_INCREMENT=8 DEFAULT CHARSET=utf8 COLLATE=utf8_general_ci;

--
-- Dumping data for table `idplan_management_vitaya`
--


--
-- Table structure for table `idplan_permission`
--

CREATE TABLE `idplan_permission` (
  `per_id` int(5) NOT NULL AUTO_INCREMENT,
  `person_id` char(15) DEFAULT NULL,
  `p1` int(2) DEFAULT NULL,
  `office` char(15) DEFAULT NULL,
  `rec_dat` date DEFAULT NULL,
  PRIMARY KEY (`per_id`)
) ENGINE=MyISAM AUTO_INCREMENT=36 DEFAULT CHARSET=utf8 COLLATE=utf8_general_ci;

--
-- Dumping data for table `idplan_permission`
--


--
-- Table structure for table `idplan_person_sch_profile`
--

CREATE TABLE `idplan_person_sch_profile` (
  `person_id` varchar(15) NOT NULL,
  `birth_date` date DEFAULT NULL,
  `f_date` date DEFAULT NULL,
  `vittaya` varchar(50) DEFAULT NULL,
  `work_old` int(3) DEFAULT NULL,
  `at_home` varchar(10) DEFAULT NULL,
  `moo` varchar(3) DEFAULT NULL,
  `tambun` varchar(50) DEFAULT NULL,
  `ampher` varchar(50) DEFAULT NULL,
  `province` varchar(70) DEFAULT NULL,
  `postcode` varchar(10) DEFAULT NULL,
  `home_phone` varchar(15) DEFAULT NULL,
  `mobile` varchar(15) DEFAULT NULL,
  `salary` int(10) DEFAULT NULL,
  `emoluments` int(10) DEFAULT NULL,
  `money_of_position` int(10) DEFAULT NULL,
  `m_type` varchar(5) DEFAULT NULL,
  `update_date` date DEFAULT NULL,
  PRIMARY KEY (`person_id`)
) ENGINE=MyISAM DEFAULT CHARSET=utf8 COLLATE=utf8_general_ci;

--
-- Dumping data for table `idplan_person_sch_profile`
--

INSERT INTO `idplan_person_sch_profile` VALUES ('3349800148428',NULL,NULL,NULL,NULL,NULL,NULL,NULL,NULL,NULL,NULL,NULL,NULL,NULL,NULL,NULL,NULL,NULL),('3349800070968','0000-00-00','0000-00-00','ชำนาญการพิเศษ',33,'270/2','','วารินชำราบ','วารินชำราบ','อุบลราชธานี','','','0922568449',0,5600,5600,'2','2024-06-12'),('5340900003535',NULL,NULL,NULL,NULL,NULL,NULL,NULL,NULL,NULL,NULL,NULL,NULL,NULL,NULL,NULL,NULL,NULL),('1349900386553','1990-12-13','2017-09-14','',2,'66','1','หนองแก้ว','หัวตะพาน','อำนาจเจริญ','','','091-2094960',18,0,0,'','2020-03-24'),('1339900455351','1996-07-02','2020-11-23','',0,'1246/3','','เมืองเหนือ','เมือง','ศรีสะเกษ','','','0959914963',15,0,0,'','2024-10-11'),('1100702095769',NULL,NULL,NULL,NULL,NULL,NULL,NULL,NULL,NULL,NULL,NULL,NULL,NULL,NULL,NULL,NULL,NULL),('1860500079693',NULL,NULL,NULL,NULL,NULL,NULL,NULL,NULL,NULL,NULL,NULL,NULL,NULL,NULL,NULL,NULL,NULL),('3341501610807','2509-12-04','2538-03-09','ครู',27,'213','15','แสนสุข','วารินชำราบ','อุบลราชธานี','','','0880420571',49,5,5,'2','2025-11-04'),('1349900837580','1997-02-19','2022-05-09','',0,'','','','','','','','',0,0,0,'1','2024-11-27'),('3341501007663',NULL,NULL,NULL,NULL,NULL,NULL,NULL,NULL,NULL,NULL,NULL,NULL,NULL,NULL,NULL,NULL,NULL);

--
-- Table structure for table `la_cancel`
--

CREATE TABLE `la_cancel` (
  `id` int(11) NOT NULL AUTO_INCREMENT,
  `person_id` varchar(13) NOT NULL,
  `la_type` tinyint(4) NOT NULL,
  `write_at` varchar(100) DEFAULT NULL,
  `permission_start` date NOT NULL,
  `permission_finish` date NOT NULL,
  `permission_total` int(11) NOT NULL,
  `because` varchar(200) NOT NULL,
  `cancel_la_start` date NOT NULL,
  `cancel_la_finish` date NOT NULL,
  `cancel_la_total` int(11) NOT NULL,
  `no_comment` int(11) NOT NULL DEFAULT 0,
  `grant_p_selected` varchar(13) DEFAULT NULL,
  `rec_date` datetime NOT NULL,
  `officer_comment` varchar(200) DEFAULT NULL,
  `officer_sign` varchar(13) DEFAULT NULL,
  `officer_date` datetime DEFAULT NULL,
  `group_comment` varchar(100) DEFAULT NULL,
  `group_sign` varchar(13) DEFAULT NULL,
  `group_date` datetime DEFAULT NULL,
  `comment_date` datetime DEFAULT NULL,
  `commander_grant` tinyint(4) DEFAULT NULL,
  `commander_comment` varchar(100) DEFAULT NULL,
  `commander_sign` varchar(13) DEFAULT NULL,
  `grant_date` datetime DEFAULT NULL,
  PRIMARY KEY (`id`)
) ENGINE=MyISAM DEFAULT CHARSET=utf8 COLLATE=utf8_general_ci;

--
-- Dumping data for table `la_cancel`
--


--
-- Table structure for table `la_collect`
--

CREATE TABLE `la_collect` (
  `id` int(11) NOT NULL AUTO_INCREMENT,
  `year` int(11) NOT NULL,
  `person_id` varchar(13) NOT NULL,
  `collect_day` tinyint(4) NOT NULL DEFAULT 0,
  `this_year_day` tinyint(4) NOT NULL DEFAULT 0,
  `officer` varchar(13) DEFAULT NULL,
  `rec_date` date DEFAULT NULL,
  PRIMARY KEY (`id`)
) ENGINE=MyISAM DEFAULT CHARSET=utf8 COLLATE=utf8_general_ci;

--
-- Dumping data for table `la_collect`
--


--
-- Table structure for table `la_main`
--

CREATE TABLE `la_main` (
  `id` int(11) NOT NULL AUTO_INCREMENT,
  `person_id` varchar(13) NOT NULL,
  `la_type` tinyint(4) NOT NULL,
  `write_at` varchar(100) DEFAULT NULL,
  `because` varchar(250) DEFAULT NULL,
  `la_start` date NOT NULL,
  `la_finish` date NOT NULL,
  `la_total` int(11) NOT NULL,
  `last_la_start` date DEFAULT NULL,
  `last_la_finish` date DEFAULT NULL,
  `last_la_total` int(11) DEFAULT NULL,
  `contact` varchar(150) DEFAULT NULL,
  `contact_tel` varchar(20) DEFAULT NULL,
  `document` varchar(100) DEFAULT NULL,
  `no_comment` tinyint(4) NOT NULL DEFAULT 0,
  `grant_p_selected` varchar(13) DEFAULT NULL,
  `sick_ago` int(11) DEFAULT NULL,
  `sick_this` int(11) DEFAULT NULL,
  `sick_total` int(11) DEFAULT NULL,
  `privacy_ago` int(11) DEFAULT NULL,
  `privacy_this` int(11) DEFAULT NULL,
  `privacy_total` int(11) DEFAULT NULL,
  `birth_ago` int(11) DEFAULT NULL,
  `birth_this` int(11) DEFAULT NULL,
  `birth_total` int(11) DEFAULT NULL,
  `relax_ago` int(11) DEFAULT NULL,
  `relax_this` int(11) DEFAULT NULL,
  `relax_total` int(11) DEFAULT NULL,
  `relax_collect` tinyint(4) DEFAULT NULL,
  `relax_this_year` tinyint(4) DEFAULT NULL,
  `job_person` varchar(13) DEFAULT NULL,
  `job_person_sign` tinyint(4) NOT NULL DEFAULT 0,
  `rec_date` datetime NOT NULL,
  `officer_comment` varchar(200) DEFAULT NULL,
  `officer_sign` varchar(13) DEFAULT NULL,
  `officer_date` datetime DEFAULT NULL,
  `group_comment` varchar(100) DEFAULT NULL,
  `group_sign` varchar(13) DEFAULT NULL,
  `group_date` datetime DEFAULT NULL,
  `comment_date` datetime DEFAULT NULL,
  `commander_grant` tinyint(4) DEFAULT NULL,
  `commander_comment` varchar(100) DEFAULT NULL,
  `commander_sign` varchar(13) DEFAULT NULL,
  `grant_date` datetime DEFAULT NULL,
  PRIMARY KEY (`id`)
) ENGINE=MyISAM AUTO_INCREMENT=4 DEFAULT CHARSET=utf8 COLLATE=utf8_general_ci;

--
-- Dumping data for table `la_main`
--

INSERT INTO `la_main` VALUES (1,'1349900174572',1,'โรงเรียนบ้านบุ่ง','ปวดหัวอย่างรุนแรง','2016-06-26','2016-06-27',1,'2016-06-26','2016-06-27',1,'บ้านหนองกินเพล ต.หนองกินเพล อ.วารินชำราบ จ.อุบลราชธานี 34190','0619410658','',0,'5340900003535',0,0,0,0,0,0,0,0,0,NULL,NULL,NULL,NULL,NULL,NULL,0,'2016-06-26 13:59:54',NULL,NULL,NULL,NULL,NULL,NULL,NULL,1,NULL,'5340900003535','2016-06-28 19:29:54'),(2,'3341501610807',2,'213ม.15','ไปเยี่ยมญาตป่วยที่โรงพยาบาลสรรพสิทธิประสงค์','2016-06-28','2016-06-29',2,'2016-06-28','2016-06-29',2,'213ม.15 ','0880420571','',0,'5340900003535',0,0,0,0,0,0,0,0,0,NULL,NULL,NULL,NULL,NULL,NULL,0,'2016-06-26 14:01:05',NULL,NULL,NULL,NULL,NULL,NULL,NULL,1,NULL,'5340900003535','2016-06-28 19:29:54'),(3,'3340701631297',2,'144 หมู่ 6 บ้านท่าช้าง ต.ท่าช้าง อ.สว่างวีระวงศ์ จ.อุบลฯ','พาลูกไปเข้ายาเคมีบำบัด ที่ ร.พ.สรรพสิทธิประสงค์','2016-06-27','2016-06-27',1,'2016-06-26','2016-06-26',0,'144 หมู่ 6 บ้านท่าช้าง ต.ท่าช้าง อ.สว่างวีระวงศ์ จ.อุบลฯ','0981727923','',1,'5340900003535',0,0,0,0,0,0,0,0,0,NULL,NULL,NULL,NULL,NULL,NULL,0,'2016-06-26 14:02:04',NULL,NULL,NULL,NULL,NULL,NULL,NULL,1,NULL,'5340900003535','2016-06-28 19:29:54');

--
-- Table structure for table `la_permission`
--

CREATE TABLE `la_permission` (
  `id` int(11) NOT NULL AUTO_INCREMENT,
  `person_id` varchar(13) NOT NULL,
  `p1` tinyint(4) NOT NULL,
  `officer` varchar(13) NOT NULL,
  `rec_date` date NOT NULL,
  PRIMARY KEY (`id`)
) ENGINE=MyISAM AUTO_INCREMENT=13 DEFAULT CHARSET=utf8 COLLATE=utf8_general_ci;

--
-- Dumping data for table `la_permission`
--

INSERT INTO `la_permission` VALUES (2,'3340100640402',1,'3349800070968','2016-06-26'),(4,'1349900837580',1,'3341501007663','2025-08-02'),(5,'1349900386553',1,'5340900003535','2019-08-30'),(6,'3341300283175',1,'3349800070968','2016-06-26'),(7,'3341501610807',1,'3349800070968','2016-06-26'),(8,'1342200072991',1,'3341501007663','2025-08-02'),(9,'3349800070968',1,'3349800070968','2016-06-26'),(10,'3341501007663',1,'3341501007663','2025-08-02'),(11,'1349900142638',1,'3349800070968','2016-06-26'),(12,'3349900293195',1,'5340900003535','2019-08-30');

--
-- Table structure for table `la_person_set`
--

CREATE TABLE `la_person_set` (
  `id` int(11) NOT NULL AUTO_INCREMENT,
  `person_id` varchar(13) NOT NULL,
  `comment_person` varchar(13) DEFAULT NULL,
  `grant_person` varchar(13) DEFAULT NULL,
  `officer` varchar(13) DEFAULT NULL,
  `rec_date` date DEFAULT NULL,
  PRIMARY KEY (`id`),
  UNIQUE KEY `person_id` (`person_id`)
) ENGINE=MyISAM AUTO_INCREMENT=21 DEFAULT CHARSET=utf8 COLLATE=utf8_general_ci;

--
-- Dumping data for table `la_person_set`
--

INSERT INTO `la_person_set` VALUES (1,'5340900003535','5340900003535','5340900003535','3349800070968','2016-06-26'),(2,'3341501231245','3341501007663','3341501007663','1100702095769','2022-07-23'),(3,'3349800070968','3341501007663','3341501007663','1100702095769','2022-07-23'),(4,'3349800148428','3341501007663','3341501007663','1100702095769','2022-07-23'),(5,'3341300283175','3341501007663','3341501007663','1100702095769','2022-07-23'),(6,'3349800213891','','5340900003535','5340900003535','2019-08-30'),(7,'1349900174572','','5340900003535','5340900003535','2019-08-30'),(8,'1349900386553','3341501007663','3341501007663','1100702095769','2022-07-23'),(9,'1330400433139','','5340900003535','5340900003535','2019-08-30'),(10,'3349900293195','3341501007663','3341501007663','1100702095769','2022-07-23'),(11,'3341501610807','3341501007663','3341501007663','1100702095769','2022-07-23'),(12,'3340100640402','3341501007663','3341501007663','1100702095769','2022-07-23'),(13,'1349900142638','3341501007663','3341501007663','1100702095769','2022-07-23'),(14,'1100702095769','3341501007663','3341501007663','1100702095769','2022-07-23'),(15,'3341501007663','','3341501007663','1100702095769','2022-07-23'),(16,'1339900455351','3341501007663','3341501007663','1100702095769','2022-07-23'),(17,'1860500079693','3341501007663','3341501007663','1100702095769','2022-07-23'),(18,'3349800244583','3341501007663','3341501007663','1100702095769','2022-07-23'),(19,'1349900837580','3341501007663','3341501007663','3341501007663','2025-08-02'),(20,'1342200072991','3341501007663','3341501007663','3341501007663','2025-08-02');

--
-- Table structure for table `la_year`
--

CREATE TABLE `la_year` (
  `id` int(11) NOT NULL AUTO_INCREMENT,
  `budget_year` int(11) NOT NULL,
  `year_active` tinyint(1) NOT NULL,
  PRIMARY KEY (`id`),
  UNIQUE KEY `budget_year` (`budget_year`)
) ENGINE=MyISAM AUTO_INCREMENT=5 DEFAULT CHARSET=utf8 COLLATE=utf8_general_ci;

--
-- Dumping data for table `la_year`
--

INSERT INTO `la_year` VALUES (1,2559,0),(2,2560,0),(3,2562,0),(4,2568,1);

--
-- Table structure for table `mail_filebook`
--

CREATE TABLE `mail_filebook` (
  `id` int(11) NOT NULL AUTO_INCREMENT,
  `ref_id` varchar(50) NOT NULL,
  `file_name` varchar(100) NOT NULL,
  `file_des` varchar(100) NOT NULL,
  PRIMARY KEY (`id`)
) ENGINE=MyISAM AUTO_INCREMENT=21 DEFAULT CHARSET=utf8 COLLATE=utf8_general_ci;

--
-- Dumping data for table `mail_filebook`
--

INSERT INTO `mail_filebook` VALUES (10,'13499001426381466911401','13499001426381466911401_1.jpg','ภาพเด้กๆ'),(8,'33498000709681466911491','33498000709681466911491_1.jpg','ยิ้มๆ'),(3,'33498001484281466910488','33498001484281466910488_1.docx','สิ่งที่ส่งมาด้วย'),(4,'33413002831751466910516','33413002831751466910516_1.docx','สิ่งที่ส่งมาด้วย'),(6,'33401006404021466910946','33401006404021466910946_1.png','แอบชอบคนชื่อขวัญ'),(9,'11020013487191466911434','11020013487191466911434_1.jpg','chanon'),(11,'13499001745721466911412','13499001745721466911412_1.jpg','หิววว'),(13,'33498001484281466911400','33498001484281466911400_1.jpg','วิ้ดวิ้ว'),(14,'33498001484281466911400','33498001484281466911400_1.jpg','วิ้ดวิ้ว'),(15,'33498001484281466911400','33498001484281466911400_1.jpg','วิ้ดวิ้ว'),(16,'33401006404021466911424','33401006404021466911424_1.docx','สารบัญ'),(17,'33413002831751466911444','33413002831751466911444_1.docx','สิ่งที่ส่งมาด้วย'),(18,'33498000709681466911772','33498000709681466911772_1.jpg','รับได้ด่วน'),(19,'33498000709681466911988','33498000709681466911988_1.jpg','รับ'),(20,'33498002138911466912886','33498002138911466912886_1.docx','เยี่ยมบ้าน59');

--
-- Table structure for table `mail_group`
--

CREATE TABLE `mail_group` (
  `grp_id` int(11) NOT NULL AUTO_INCREMENT,
  `grp_name` varchar(50) NOT NULL,
  PRIMARY KEY (`grp_id`)
) ENGINE=MyISAM DEFAULT CHARSET=utf8 COLLATE=utf8_general_ci;

--
-- Dumping data for table `mail_group`
--


--
-- Table structure for table `mail_group_member`
--

CREATE TABLE `mail_group_member` (
  `id` int(11) NOT NULL AUTO_INCREMENT,
  `grp_id` int(11) NOT NULL,
  `person_id` varchar(13) NOT NULL,
  PRIMARY KEY (`id`)
) ENGINE=MyISAM DEFAULT CHARSET=utf8 COLLATE=utf8_general_ci;

--
-- Dumping data for table `mail_group_member`
--


--
-- Table structure for table `mail_main`
--

CREATE TABLE `mail_main` (
  `ms_id` int(11) NOT NULL AUTO_INCREMENT,
  `sender` varchar(13) NOT NULL,
  `subject` varchar(150) NOT NULL,
  `detail` text DEFAULT NULL,
  `ref_id` varchar(50) NOT NULL,
  `send_date` datetime NOT NULL,
  PRIMARY KEY (`ms_id`),
  KEY `ref_id` (`ref_id`)
) ENGINE=MyISAM AUTO_INCREMENT=34 DEFAULT CHARSET=utf8 COLLATE=utf8_general_ci;

--
-- Dumping data for table `mail_main`
--

INSERT INTO `mail_main` VALUES (26,'5340900003535','การใช้โปรแกรม smss','ขอบคุณทุกท่านที่เข้ารับการอบรม ขอให้นำมาใช้อย่างจริงจัง เพื่อประโยชน์ของนักเรียยนและทุกคน','53409000035351466995420','2016-06-27 09:46:03'),(2,'1349900174572','การอบรมsmss','วันที่26 มิถุนายน 2559 \r\nได้มาอบรมที่สพปอบ.4 \r\nเรื่องsmssระบบสนับสนุนการบริหารจัดการสถานศึกษา','13499001745721466910499','2016-06-26 10:12:55'),(13,'1102001348719','My baby boy','ชนน','11020013487191466911434','2016-06-26 10:26:33'),(14,'1349900142638','เด้กน้อยน่ารัก','บรรยากาศในห้องเรียน','13499001426381466911401','2016-06-26 10:26:35'),(12,'3349800070968','ส่งภาพคนน่ารัก','ดูแล้วยิ้มนะ','33498000709681466911491','2016-06-26 10:25:51'),(5,'3349800148428','การอบรมSMSS','การอบรมSMSS ','33498001484281466910488','2016-06-26 10:14:14'),(6,'3341300283175','การอบรมsmss','การอบรม smss','33413002831751466910516','2016-06-26 10:14:33'),(27,'3341501610807','ขออนุญาตเข้าร่วมประชุมสัมมนาตามโครงการพัฒนาคุณภาพการจัดการศึกษาเรียนร่วม/เรียนรวม ปีการศึกษา๒๕๕๙','ด้วยข้าพเจ้านายยุทธภูมิ  บำเรอพงษ์ ขออนุญาตเข้าร่วมประชุมประชุมสัมนา ณ ห้องประชุม ๒ สพป.อบ.๔ ในวันที่ ๒๘-๒๙ มิถุนายน ๒๕๕๘ เป็นเวลา ๒ วัน\r\n\r\n            ','33415016108071467072280','2016-06-28 07:12:16'),(8,'3349900291486','ก่ารอบรมsmss ที่สพท อบ4','การอบรม','33499002914861466910484','2016-06-26 10:16:58'),(9,'3340100640402','สวยค่ะ','แอบชอบคนชื่อขวัญ','33401006404021466910946','2016-06-26 10:18:37'),(15,'1349900174572','อยากกินกาแฟ','พาไปกินกาแฟอเมซอลหน่อยยยยยยยขนมด้วยยยย','13499001745721466911412','2016-06-26 10:27:20'),(17,'3349900291486','ขอยืมเงินค่าแท็กซี่กลับบ้านหน่อย 100 บาท','ขอยืมเงินค่าแท็กซี่กลับบ้านหน่อย 100 บาท','33499002914861466911432','2016-06-26 10:28:16'),(18,'3349800148428','การอบรมSMSS วันนี้','การอบรมSMSS วันนี้','33498001484281466911400','2016-06-26 10:28:54'),(19,'3349800148428','การอบรมSMSS วันนี้','การอบรมSMSS วันนี้','33498001484281466911400','2016-06-26 10:29:01'),(20,'3349800148428','การอบรมSMSS วันนี้','การอบรมSMSS วันนี้','33498001484281466911400','2016-06-26 10:29:04'),(21,'3340100640402','การอบรมsmssวันนี้','คำนำ','33401006404021466911424','2016-06-26 10:29:30'),(22,'3341300283175','การอบรมsmss','การอบรมsmss','33413002831751466911444','2016-06-26 10:29:47'),(23,'3349800070968','แจ้งการยืมเงิน','รับได้ที่ ผอ.นะ','33498000709681466911772','2016-06-26 10:30:30'),(24,'3349800070968','รับคนสวย','เขมรอพยพ','33498000709681466911988','2016-06-26 10:35:11'),(25,'3349800213891','รายงานการเยี่ยมบ้านนักเรียน','ส่งรายงานการเยี่ยมบ้านนักเรียน','33498002138911466912886','2016-06-26 10:49:41'),(28,'3341501610807','ขอเชิญประชุมสัมมนาตามโครงการพัฒนาคุณภาพการจัดการศึกษาเรียนร่วม/เรียนรวม ปีการศึกษา ๒๕๕๙','ด้วยข้าพเจ้านายยุทธภูมิ  บำเรอพงษ์ ครูผู้รับผิดชอบเด็กพิการเรียนร่วมขออนุญาตเข้าร่วมประชุมสัมมนา ณ ห้องประชุม ๒ สพป.อบ.๔ ในวันที่๒๘-๒๙ มิถุนายน ๒๕๕๙ เป็นเวลา ๒ วัน\r\n\r\n            \r\n\r\n                     \r\n\r\n                      \r\n','33415016108071467074892','2016-06-28 08:00:08'),(29,'3349800070968','การคัดเลือกครูพี่เลี้ยงอนุบาล','ดำเนินการเสร็จเรียบร้อยแล้ว  ผู้ได้รับการคัดเลือก คือ หมายเลข 1 นางสาวนิจวิภา  สร้อยปัดสา  ทำสัญญาวันที่ 30 มิ.ย. ปฏิบัติหน้าที่ 1 ก.ค. เป็นต้นไป','33498000709681467109068','2016-06-28 17:20:23'),(30,'3341501610807','เชิญประชุมเชิงปฎิบัติการเพื่อพัฒนาครูสุขศีกษาและพลศึกษาในการเสริมสร้างภูมิคุ้มกันทางสังคมและทักษะชีวิตให้แก่นักเรียน','ด้วยสำนักงานเขตพื้นที่ประถมศึกษาอุบลราชธานี เขต ๔ จัดอบรมเชิงปฎิบัติการเพื่อพัฒนาครูสุขศึกษาและพลศึกษาฯ ในวันที่ ๑ - ๒ กรกฎาคม  ๒๕๕๙\r\nณ โรงแรมไอศยารีสอร์ท อำเภอวารินชำราบ จังหวัดอุบลราชธานี ข้าพเจ้านายยุทธภูมิ  บำเรอพงษ์ ครูชำนาญการพิเศษ จึงขออนุญาตเข้าอบรมในวัน เวลาดังกล่าว\r\n\r\n          จึงเรียนมาเพื่อทราบและโปรดพิจารณา','33415016108071467301011','2016-06-30 22:55:08'),(31,'3349800148428','เชิญประชุมเชิงปฎิบัติการเพื่อพัฒนาครูสุขศีกษาและพลศึกษาในการเสริมสร้างภูมิคุ้มกันทางสังคมและทักษะชีวิตให้แก่นักเรียน(ตอบกลับ)','ทราบ','33498001484281537583458','2018-09-22 09:31:30'),(32,'1100702095769','การอบรมธุรการโรงเรียน','ทดสอบการส่งไปรษณีย์ผ่านระบบ SMSS\r\n\r\nพายุ','11007020957691542267981','2018-11-15 14:48:14'),(33,'5340900003535','การอบรมธุรการโรงเรียน(ตอบกลับ)','ทราบ','53409000035351553844907','2019-03-29 14:35:20');

--
-- Table structure for table `mail_permission`
--

CREATE TABLE `mail_permission` (
  `id` int(11) NOT NULL AUTO_INCREMENT,
  `person_id` varchar(13) NOT NULL,
  `p1` tinyint(4) NOT NULL,
  `officer` varchar(13) NOT NULL,
  `rec_date` date NOT NULL,
  PRIMARY KEY (`id`)
) ENGINE=MyISAM AUTO_INCREMENT=2 DEFAULT CHARSET=utf8 COLLATE=utf8_general_ci;

--
-- Dumping data for table `mail_permission`
--

INSERT INTO `mail_permission` VALUES (1,'1100702095769',1,'1100702095769','2018-11-15');

--
-- Table structure for table `mail_sendto_answer`
--

CREATE TABLE `mail_sendto_answer` (
  `id` int(11) NOT NULL AUTO_INCREMENT,
  `ref_id` varchar(50) NOT NULL,
  `send_to` varchar(13) NOT NULL,
  `answer` tinyint(4) NOT NULL DEFAULT 0,
  `answer_time` datetime NOT NULL,
  PRIMARY KEY (`id`),
  KEY `ref_id` (`ref_id`),
  KEY `send_to` (`send_to`)
) ENGINE=MyISAM AUTO_INCREMENT=249 DEFAULT CHARSET=utf8 COLLATE=utf8_general_ci;

--
-- Dumping data for table `mail_sendto_answer`
--

INSERT INTO `mail_sendto_answer` VALUES (175,'53409000035351466995420','3341501610807',1,'2016-06-29 09:11:22'),(171,'53409000035351466995420','3349900291486',0,'0000-00-00 00:00:00'),(169,'53409000035351466995420','3341300283175',0,'0000-00-00 00:00:00'),(168,'53409000035351466995420','3349800148428',0,'0000-00-00 00:00:00'),(167,'53409000035351466995420','3349800070968',1,'2016-06-28 17:15:31'),(14,'13499001745721466910499','3341500353568',0,'0000-00-00 00:00:00'),(15,'13499001745721466910499','3349800070968',1,'2016-06-26 10:19:36'),(16,'13499001745721466910499','3349800148428',1,'2016-06-26 10:20:07'),(17,'13499001745721466910499','3341300283175',1,'2016-06-26 10:16:00'),(18,'13499001745721466910499','3349800213891',1,'2016-06-26 10:18:17'),(19,'13499001745721466910499','3349900291486',0,'0000-00-00 00:00:00'),(20,'13499001745721466910499','3341500296831',0,'0000-00-00 00:00:00'),(21,'13499001745721466910499','5340900003535',1,'2016-06-27 09:40:02'),(22,'13499001745721466910499','3340701631297',0,'0000-00-00 00:00:00'),(23,'13499001745721466910499','3341501610807',1,'2016-06-26 10:19:46'),(24,'13499001745721466910499','3340100640402',0,'0000-00-00 00:00:00'),(25,'13499001745721466910499','1349900142638',1,'2016-06-26 10:18:37'),(26,'13499001745721466910499','1102001348719',0,'0000-00-00 00:00:00'),(170,'53409000035351466995420','3349800213891',1,'2019-07-10 15:52:49'),(162,'33498000709681466911772','3349900291486',1,'2016-06-26 10:31:06'),(176,'53409000035351466995420','3340100640402',0,'0000-00-00 00:00:00'),(161,'33413002831751466911444','3340701631297',0,'0000-00-00 00:00:00'),(160,'13499001745721466911412','3340701631297',0,'0000-00-00 00:00:00'),(158,'33401006404021466911424','1102001348719',0,'0000-00-00 00:00:00'),(184,'33415016108071467074892','3341501610807',1,'2016-06-28 09:32:35'),(142,'33498000709681466911491','1102001348719',1,'2016-06-26 10:28:06'),(138,'11020013487191466911434','1102001348719',1,'2016-06-26 10:27:58'),(177,'53409000035351466995420','1349900142638',0,'0000-00-00 00:00:00'),(135,'13499001426381466911401','1102001348719',1,'2016-06-26 10:27:39'),(134,'13499001426381466911401','3341501610807',1,'2016-06-26 10:32:13'),(132,'13499001426381466911401','3349800148428',0,'0000-00-00 00:00:00'),(139,'33413002831751466911444','3340100640402',0,'0000-00-00 00:00:00'),(53,'33498001484281466910488','3341500353568',0,'0000-00-00 00:00:00'),(54,'33498001484281466910488','3349800070968',1,'2016-06-26 10:17:48'),(55,'33498001484281466910488','3341300283175',1,'2016-06-26 10:16:55'),(56,'33498001484281466910488','3349800213891',1,'2016-06-26 10:19:06'),(57,'33498001484281466910488','3349900291486',0,'0000-00-00 00:00:00'),(58,'33498001484281466910488','1349900174572',1,'2016-06-26 10:15:17'),(59,'33498001484281466910488','3341500296831',0,'0000-00-00 00:00:00'),(60,'33498001484281466910488','5340900003535',1,'2016-06-27 09:40:10'),(61,'33498001484281466910488','3340701631297',0,'0000-00-00 00:00:00'),(62,'33498001484281466910488','3341501610807',1,'2016-06-26 10:22:10'),(63,'33498001484281466910488','3340100640402',0,'0000-00-00 00:00:00'),(64,'33498001484281466910488','1349900142638',0,'0000-00-00 00:00:00'),(65,'33498001484281466910488','1102001348719',0,'0000-00-00 00:00:00'),(66,'33413002831751466910516','3341500353568',0,'0000-00-00 00:00:00'),(67,'33413002831751466910516','3349800070968',1,'2016-06-26 10:18:56'),(68,'33413002831751466910516','3349800148428',1,'2016-07-23 11:18:19'),(69,'33413002831751466910516','3349800213891',1,'2016-06-26 10:19:27'),(70,'33413002831751466910516','3349900291486',0,'0000-00-00 00:00:00'),(71,'33413002831751466910516','1349900174572',1,'2016-06-26 10:15:23'),(72,'33413002831751466910516','3341500296831',0,'0000-00-00 00:00:00'),(73,'33413002831751466910516','5340900003535',1,'2016-06-27 09:40:18'),(74,'33413002831751466910516','3340701631297',0,'0000-00-00 00:00:00'),(75,'33413002831751466910516','3341501610807',1,'2016-06-26 10:22:17'),(76,'33413002831751466910516','3340100640402',0,'0000-00-00 00:00:00'),(77,'33413002831751466910516','1349900142638',1,'2016-06-26 10:18:48'),(78,'33413002831751466910516','1102001348719',0,'0000-00-00 00:00:00'),(137,'11020013487191466911434','3340100640402',0,'0000-00-00 00:00:00'),(172,'53409000035351466995420','1349900174572',0,'0000-00-00 00:00:00'),(197,'33415016108071467074892','3349800213891',1,'2019-07-10 15:53:05'),(196,'33415016108071467074892','3341300283175',0,'0000-00-00 00:00:00'),(195,'33415016108071467074892','3349800148428',0,'0000-00-00 00:00:00'),(192,'33415016108071467074892','3330300122430',0,'0000-00-00 00:00:00'),(190,'33415016108071467074892','3349800148428',0,'0000-00-00 00:00:00'),(189,'33415016108071467074892','3341300283175',0,'0000-00-00 00:00:00'),(188,'33415016108071467074892','3349800213891',1,'2019-07-10 15:53:05'),(187,'33415016108071467074892','3349900291486',0,'0000-00-00 00:00:00'),(186,'33415016108071467074892','1349900174572',0,'0000-00-00 00:00:00'),(185,'33415016108071467074892','3349800070968',1,'2016-06-28 17:15:54'),(141,'33498000709681466911491','3349800148428',0,'0000-00-00 00:00:00'),(92,'33499002914861466910484','3341500353568',0,'0000-00-00 00:00:00'),(93,'33499002914861466910484','3349800070968',1,'2016-06-26 10:18:11'),(94,'33499002914861466910484','3349800148428',0,'0000-00-00 00:00:00'),(95,'33499002914861466910484','3341300283175',1,'2016-06-26 10:19:45'),(96,'33499002914861466910484','3349800213891',1,'2016-06-26 10:19:20'),(97,'33499002914861466910484','1349900174572',1,'2016-06-26 10:18:14'),(98,'33499002914861466910484','3341500296831',0,'0000-00-00 00:00:00'),(99,'33499002914861466910484','5340900003535',1,'2016-06-27 09:40:22'),(100,'33499002914861466910484','3340701631297',0,'0000-00-00 00:00:00'),(101,'33499002914861466910484','3341501610807',1,'2016-06-26 10:33:12'),(102,'33499002914861466910484','3340100640402',0,'0000-00-00 00:00:00'),(103,'33499002914861466910484','1349900142638',0,'0000-00-00 00:00:00'),(104,'33499002914861466910484','1102001348719',1,'2016-06-26 10:28:18'),(174,'53409000035351466995420','3330300122430',0,'0000-00-00 00:00:00'),(191,'33415016108071467074892','1102001348719',0,'0000-00-00 00:00:00'),(159,'13499001745721466911412','3349800213891',1,'2016-06-26 10:27:30'),(140,'33498000709681466911491','1349900142638',1,'2016-06-26 10:27:56'),(105,'33401006404021466910946','3341500353568',0,'0000-00-00 00:00:00'),(106,'33401006404021466910946','3349800070968',1,'2016-06-26 10:27:25'),(107,'33401006404021466910946','3349800148428',0,'0000-00-00 00:00:00'),(108,'33401006404021466910946','3341300283175',1,'2016-06-26 10:19:59'),(109,'33401006404021466910946','3349800213891',1,'2016-06-26 10:20:29'),(110,'33401006404021466910946','3349900291486',0,'0000-00-00 00:00:00'),(111,'33401006404021466910946','1349900174572',1,'2016-06-26 10:19:39'),(112,'33401006404021466910946','3341500296831',0,'0000-00-00 00:00:00'),(113,'33401006404021466910946','5340900003535',1,'2016-06-27 09:40:28'),(114,'33401006404021466910946','3340701631297',0,'0000-00-00 00:00:00'),(115,'33401006404021466910946','3341501610807',1,'2016-06-26 10:32:08'),(116,'33401006404021466910946','1349900142638',1,'2016-06-26 10:28:24'),(117,'33401006404021466910946','1102001348719',1,'2016-06-26 10:20:57'),(143,'33498001484281466911400','3341300283175',1,'2016-06-26 10:33:13'),(157,'33401006404021466911424','3349800070968',1,'2016-06-26 10:57:24'),(156,'33401006404021466911424','1349900142638',0,'0000-00-00 00:00:00'),(155,'33499002914861466911432','1102001348719',1,'2016-06-26 10:32:52'),(154,'33499002914861466911432','3349800070968',1,'2016-06-26 10:29:20'),(152,'33499002914861466911432','1349900142638',1,'2016-06-26 10:29:30'),(183,'33415016108071467074892','3340100640402',0,'0000-00-00 00:00:00'),(182,'33415016108071467074892','1349900142638',0,'0000-00-00 00:00:00'),(178,'53409000035351466995420','1102001348719',0,'0000-00-00 00:00:00'),(179,'33415016108071467072280','5340900003535',1,'2018-07-05 11:53:18'),(194,'33415016108071467074892','3349800070968',1,'2016-06-28 17:15:54'),(173,'53409000035351466995420','3340701631297',0,'0000-00-00 00:00:00'),(151,'33499002914861466911432','3340100640402',1,'2022-01-13 11:23:13'),(133,'13499001426381466911401','3349800070968',1,'2016-06-26 10:27:39'),(193,'33415016108071467074892','3340701631297',0,'0000-00-00 00:00:00'),(180,'33415016108071467072280','3349800070968',1,'2016-06-28 17:15:44'),(153,'33499002914861466911432','3349900291486',0,'0000-00-00 00:00:00'),(163,'33498000709681466911988','3349900291486',0,'0000-00-00 00:00:00'),(181,'33415016108071467074892','5340900003535',1,'2018-07-05 11:53:23'),(164,'33498002138911466912886','5340900003535',1,'2016-06-27 09:40:37'),(165,'33498002138911466912886','3340100640402',1,'2022-01-13 11:23:40'),(166,'33498002138911466912886','1349900174572',1,'2016-06-26 10:50:04'),(198,'33415016108071467074892','3349900291486',0,'0000-00-00 00:00:00'),(199,'33415016108071467074892','1349900174572',0,'0000-00-00 00:00:00'),(200,'33415016108071467074892','5340900003535',1,'2018-07-05 11:53:23'),(201,'33415016108071467074892','3340701631297',0,'0000-00-00 00:00:00'),(202,'33415016108071467074892','3330300122430',0,'0000-00-00 00:00:00'),(203,'33415016108071467074892','3340100640402',0,'0000-00-00 00:00:00'),(204,'33415016108071467074892','1349900142638',0,'0000-00-00 00:00:00'),(205,'33415016108071467074892','1102001348719',0,'0000-00-00 00:00:00'),(206,'33498000709681467109068','3349800148428',0,'0000-00-00 00:00:00'),(207,'33498000709681467109068','3341300283175',0,'0000-00-00 00:00:00'),(208,'33498000709681467109068','3349800213891',1,'2019-07-10 15:53:18'),(209,'33498000709681467109068','3349900291486',0,'0000-00-00 00:00:00'),(210,'33498000709681467109068','1349900174572',1,'2019-01-18 13:53:23'),(211,'33498000709681467109068','5340900003535',1,'2018-07-05 11:58:20'),(212,'33498000709681467109068','3340701631297',1,'2017-01-18 06:56:09'),(213,'33498000709681467109068','3330300122430',0,'0000-00-00 00:00:00'),(214,'33498000709681467109068','3341501610807',1,'2016-06-29 09:11:52'),(215,'33498000709681467109068','3340100640402',0,'0000-00-00 00:00:00'),(216,'33498000709681467109068','1349900142638',0,'0000-00-00 00:00:00'),(217,'33498000709681467109068','1102001348719',0,'0000-00-00 00:00:00'),(218,'33415016108071467301011','5340900003535',1,'2018-07-05 11:53:40'),(219,'33415016108071467301011','1349900142638',0,'0000-00-00 00:00:00'),(220,'33415016108071467301011','3340100640402',1,'2022-01-13 11:23:29'),(221,'33415016108071467301011','3349800070968',1,'2016-07-04 19:09:05'),(222,'33415016108071467301011','1349900174572',0,'0000-00-00 00:00:00'),(223,'33415016108071467301011','3349900291486',0,'0000-00-00 00:00:00'),(224,'33415016108071467301011','3349800213891',1,'2019-07-10 15:53:26'),(225,'33415016108071467301011','3341300283175',0,'0000-00-00 00:00:00'),(226,'33415016108071467301011','3349800148428',1,'2016-07-23 11:19:04'),(227,'33415016108071467301011','1102001348719',0,'0000-00-00 00:00:00'),(228,'33415016108071467301011','3330300122430',0,'0000-00-00 00:00:00'),(229,'33498001484281537583458','3341501610807',0,'0000-01-01 00:00:00'),(230,'11007020957691542267981','5340900003535',1,'2019-03-29 14:35:07'),(231,'11007020957691542267981','3340100640402',1,'2022-01-13 11:23:20'),(232,'11007020957691542267981','3341501610807',0,'0000-01-01 00:00:00'),(233,'11007020957691542267981','3349900293195',0,'0000-01-01 00:00:00'),(234,'11007020957691542267981','1349900142638',0,'0000-01-01 00:00:00'),(235,'11007020957691542267981','1349900174572',0,'0000-01-01 00:00:00'),(236,'11007020957691542267981','3349800213891',1,'2019-07-10 15:53:30'),(237,'11007020957691542267981','3341300283175',0,'0000-01-01 00:00:00'),(238,'11007020957691542267981','3349800148428',0,'0000-01-01 00:00:00'),(239,'11007020957691542267981','3349800070968',1,'2019-08-29 13:45:53'),(240,'11007020957691542267981','1349900386553',1,'2019-08-13 16:17:20'),(241,'11007020957691542267981','1102001348719',0,'0000-01-01 00:00:00'),(242,'11007020957691542267981','1100702095769',1,'2018-11-15 14:48:30'),(243,'53409000035351553844907','1100702095769',1,'2019-04-03 15:11:49'),(244,'11007020957691567581439','1349900142638',0,'0000-01-01 00:00:00'),(245,'11007020957691567581575','1349900142638',0,'0000-01-01 00:00:00'),(246,'13499001426381567585262','5340900003535',0,'0000-01-01 00:00:00'),(247,'13499001426381567585679','5340900003535',0,'0000-01-01 00:00:00'),(248,'13499001426381567585679','3349800070968',0,'0000-01-01 00:00:00');

--
-- Table structure for table `meeting_main`
--

CREATE TABLE `meeting_main` (
  `id` int(11) NOT NULL AUTO_INCREMENT,
  `room` tinyint(4) NOT NULL,
  `book_date` date NOT NULL,
  `book_date_end` date NOT NULL,
  `start_time` tinyint(4) NOT NULL,
  `finish_time` tinyint(4) NOT NULL,
  `objective` varchar(200) NOT NULL,
  `book_person` varchar(13) NOT NULL,
  `rec_date` datetime NOT NULL,
  `approve` int(11) DEFAULT NULL,
  `reason` varchar(200) DEFAULT NULL,
  `person_num` int(11) NOT NULL,
  `other` varchar(250) NOT NULL,
  `officer` varchar(13) DEFAULT NULL,
  `officer_date` datetime DEFAULT NULL,
  PRIMARY KEY (`id`)
) ENGINE=MyISAM DEFAULT CHARSET=utf8 COLLATE=utf8_general_ci;

--
-- Dumping data for table `meeting_main`
--


--
-- Table structure for table `meeting_permission`
--

CREATE TABLE `meeting_permission` (
  `id` int(11) NOT NULL AUTO_INCREMENT,
  `person_id` varchar(13) NOT NULL,
  `p1` tinyint(4) NOT NULL,
  `officer` varchar(13) NOT NULL,
  `rec_date` date NOT NULL,
  PRIMARY KEY (`id`)
) ENGINE=MyISAM AUTO_INCREMENT=7 DEFAULT CHARSET=utf8 COLLATE=utf8_general_ci;

--
-- Dumping data for table `meeting_permission`
--

INSERT INTO `meeting_permission` VALUES (1,'3349800070968',1,'3349800070968','2016-06-26'),(2,'1102001348719',1,'3349800070968','2016-06-26'),(3,'5340900003535',1,'3349800070968','2016-06-26'),(4,'3349800148428',1,'3349800070968','2016-06-26'),(5,'3349800213891',1,'3349800070968','2016-06-26'),(6,'1100702095769',1,'1100702095769','2018-11-15');

--
-- Table structure for table `meeting_room`
--

CREATE TABLE `meeting_room` (
  `id` int(11) NOT NULL AUTO_INCREMENT,
  `room_code` tinyint(4) NOT NULL,
  `room_name` varchar(100) NOT NULL,
  `active` int(11) NOT NULL DEFAULT 0,
  PRIMARY KEY (`id`)
) ENGINE=MyISAM AUTO_INCREMENT=11 DEFAULT CHARSET=utf8 COLLATE=utf8_general_ci;

--
-- Dumping data for table `meeting_room`
--

INSERT INTO `meeting_room` VALUES (1,1,'ห้องประชุม1',1),(2,2,'ห้องประชุม2',1),(3,3,'ห้องประชุม3',0),(4,4,'หอ้งประชุม4',0),(5,5,'ห้องประชุม5',0),(6,6,'ห้องประชุม6',0),(7,7,'ห้องประชุม7',0),(8,8,'ห้องประชุม8',0),(9,9,'ห้องประชุม9',0),(10,10,'ห้องประชุม10',0);

--
-- Table structure for table `permission_date`
--

CREATE TABLE `permission_date` (
  `id` int(11) NOT NULL AUTO_INCREMENT,
  `person_id` varchar(13) NOT NULL,
  `ref_id` varchar(50) NOT NULL,
  `date` date NOT NULL,
  `rec_date` datetime NOT NULL,
  PRIMARY KEY (`id`)
) ENGINE=MyISAM AUTO_INCREMENT=34 DEFAULT CHARSET=utf8 COLLATE=utf8_general_ci;

--
-- Dumping data for table `permission_date`
--

INSERT INTO `permission_date` VALUES (1,'3349800213891','14669237511747564699','2016-06-26','2016-06-26 13:49:11'),(2,'3349800070968','14669237861295893222','2016-06-26','2016-06-26 13:49:46'),(3,'1349900142638','1466923839990902307','2016-06-26','2016-06-26 13:50:39'),(4,'3341501610807','14669238641661836794','2016-06-26','2016-06-26 13:51:04'),(5,'3340701631297','14669238881586745906','2016-06-26','2016-06-26 13:51:28'),(6,'1349900174572','14669239411081508317','2016-06-26','2016-06-26 13:52:21'),(7,'1102001348719','14669239531338094693','2016-06-26','2016-06-26 13:52:33'),(8,'3341300283175','1466923969136950126','2016-06-26','2016-06-26 13:52:49'),(9,'3340100640402','14669240061018522745','2016-06-26','2016-06-26 13:53:26'),(10,'3349900291486','1466924013975526508','2016-06-26','2016-06-26 13:53:33'),(14,'3349800070968','1469265464554501930','2016-07-23','2016-07-23 16:17:44'),(13,'1349900142638','1469238466994941194','2016-07-23','2016-07-23 08:47:46'),(15,'3349800070968','1469265464554501930','2016-07-24','2016-07-23 16:17:44'),(16,'3349800070968','14692655111969442366','2016-07-25','2016-07-23 16:18:31'),(17,'1100702095769','154225740620683','2018-11-13','2018-11-15 11:50:06'),(18,'1100702095769','154225740620683','2018-11-15','2018-11-15 11:50:06'),(19,'3349800070968','157049025510066','2019-10-08','2019-10-08 06:17:35'),(20,'3349800148428','157049045627171','2019-10-08','2019-10-08 06:20:56'),(21,'1349900142638','157052578924400','2019-10-08','2019-10-08 16:09:49'),(22,'3349900293195','157058595124407','2019-10-08','2019-10-09 08:52:31'),(23,'3340100640402','157058649816377','2019-10-08','2019-10-09 09:01:38'),(24,'3341300283175','15706061724369','2019-10-08','2019-10-09 14:29:32'),(25,'3341300283175','15706061724369','2019-10-09','2019-10-09 14:29:32'),(27,'3349800213891','157070206528863','2019-10-09','2019-10-10 17:08:05'),(29,'3349800213891','157129715015534','2019-10-15','2019-10-17 14:25:50'),(30,'3349800213891','157129715015534','2019-10-16','2019-10-17 14:25:50'),(31,'3349800213891','157129729519251','2019-10-18','2019-10-17 14:28:15');

--
-- Table structure for table `permission_main`
--

CREATE TABLE `permission_main` (
  `id` int(11) NOT NULL AUTO_INCREMENT,
  `person_id` varchar(13) NOT NULL,
  `ref_id` varchar(50) NOT NULL,
  `subject` varchar(150) NOT NULL,
  `place` varchar(150) NOT NULL,
  `vehicle` varchar(150) DEFAULT NULL,
  `document` varchar(150) DEFAULT NULL,
  `no_comment` tinyint(4) NOT NULL DEFAULT 0,
  `grant_person_selected` varchar(13) DEFAULT NULL,
  `rec_date` datetime NOT NULL,
  `comment` varchar(200) DEFAULT NULL,
  `comment_person` varchar(13) DEFAULT NULL,
  `comment_date` datetime DEFAULT NULL,
  `grant_x` tinyint(4) DEFAULT NULL,
  `grant_comment` varchar(200) DEFAULT NULL,
  `grant_person` varchar(13) DEFAULT NULL,
  `grant_date` datetime DEFAULT NULL,
  `report` text DEFAULT NULL,
  `report_date` datetime DEFAULT NULL,
  PRIMARY KEY (`id`),
  UNIQUE KEY `ref_id` (`ref_id`)
) ENGINE=MyISAM AUTO_INCREMENT=28 DEFAULT CHARSET=utf8 COLLATE=utf8_general_ci;

--
-- Dumping data for table `permission_main`
--

INSERT INTO `permission_main` VALUES (1,'3349800213891','14669237511747564699','อบรมการใช้โปรแกรมsmss','สพป.อบ.4','รถส่วนตัว','',0,'5340900003535','2016-06-26 13:49:11',NULL,NULL,NULL,1,NULL,'5340900003535','2016-06-26 14:34:07','เรียนผู้อำนวยการโรงเรียนบ้านบุ่ง\r\n   ตามที่ข้าพเจ้าได้เข้ารับการอบรมการใช้โปรแกรมsmssนั้น ได้นำความรู้ไปใช้ในการปฏิบัติงานที่ได้รับมอบหมาย\r\n   จึงเรียนมาเพื่อโปรดทราบ','2019-10-10 17:10:58'),(2,'3349800070968','14669237861295893222','การเข้ารับการอบรม smss','ห้องประชุม 2 สพป.อบ.4','รถส่วนตัว','',0,'5340900003535','2016-06-26 13:49:46',NULL,NULL,NULL,1,NULL,'5340900003535','2016-06-26 14:34:07','ผลการอบรมนำมาพัฒนาระบบงานในโรงเรียน','2016-07-23 16:19:08'),(3,'1349900142638','1466923839990902307','อบรมปฏิบัติการการใช้โปรแกรมระบบสนับสนุนการบริหารจัดการสถานศึกษา (SMSS)','ห้องประชุม สพป.อบ.4','รถส่วนตัว','',0,'5340900003535','2016-06-26 13:50:39',NULL,NULL,NULL,1,NULL,'5340900003535','2016-06-26 14:34:07',NULL,NULL),(4,'3341501610807','14669238641661836794','อบรมปฏิการsmss','สพป.อบ4','รถยนต์ส่วนตัว','',0,'5340900003535','2016-06-26 13:51:04',NULL,NULL,NULL,1,NULL,'5340900003535','2016-06-26 14:34:07',NULL,NULL),(5,'3340701631297','14669238881586745906','อบรมปฏิบัติการการใช้โปรแกรมsmss','ห้องประชุม2 สพป.อบ.4','รถยนต์ส่วนตัว','',1,'5340900003535','2016-06-26 13:51:28',NULL,NULL,NULL,1,NULL,'5340900003535','2016-06-26 14:34:07',NULL,NULL),(6,'1349900174572','14669239411081508317','อรมการใช้SMSS','สพป.อบ4','รถส่วนตัว','',0,'5340900003535','2016-06-26 13:52:21',NULL,NULL,NULL,1,NULL,'5340900003535','2016-06-26 14:34:07',NULL,NULL),(7,'1102001348719','14669239531338094693','อบรมการปฏิบัติการใช้โปรแกรมระบบสนับสนุนการบริหารสถานศึกษา (SMSS)','ห้องประชุม สพป.อบ.4','รถยนต์ส่วนตัว','',0,'5340900003535','2016-06-26 13:52:33',NULL,NULL,NULL,1,NULL,'5340900003535','2016-06-26 14:34:07',NULL,NULL),(8,'3341300283175','1466923969136950126','ข้าพเจ้าขออนุญาตไปราชการ','สพปอบ  4','รถยนต์','',0,'','2016-06-26 13:52:49',NULL,NULL,NULL,1,'','5340900003535','2019-08-30 14:41:04',NULL,NULL),(9,'3340100640402','14669240061018522745','อบรมปฎิบัติการใช้โปรแกรมระบบสนับสนุนการบริหารสถานศึกษา (smss)','ห้องประชุม  สพป.อบ 4','รถยนต์ส่วนตัว','',0,'5340900003535','2016-06-26 13:53:26',NULL,NULL,NULL,1,NULL,'5340900003535','2016-06-26 14:34:07',NULL,NULL),(10,'3349900291486','1466924013975526508','อบรมการปฏิบัติการใช้โปรแกรมระบบสนับสนุน smss ห้องประชุม สพปอบ4','สพปอบ4','รถประจำทาง','',0,'5340900003535','2016-06-26 13:53:33',NULL,NULL,NULL,1,NULL,'5340900003535','2016-06-26 14:34:07',NULL,NULL),(12,'1349900142638','1469238466994941194','การอบรมเชิงปฏิบัติการใช้ระบบSMSSของโรงเรียนในสังกัด','สพป.อบ.4','รถส่วนตัว','',0,'5340900003535','2016-07-23 08:47:46',NULL,NULL,NULL,1,NULL,'5340900003535','2018-07-05 11:34:14',NULL,NULL),(13,'3349800070968','1469265464554501930','เป็นวิทยากรการเข้าค่ายหนังสือเล่มเล็ก','โรงเรียนบ้านคำขวาง  อ.วารินชำราบ','รถส่วนตัว','',0,'','2016-07-23 16:17:44',NULL,NULL,NULL,1,'','5340900003535','2019-08-30 14:41:17',NULL,NULL),(14,'3349800070968','14692655111969442366','โครงการ เปิดชั้นเรียน โครงการคูปองพัฒนาครูภาษาไทย','โรงเรียนบ้านท่าช้าง  อ.สว่างวีระวงศ์','รถส่วนตัว','',0,'','2016-07-23 16:18:31',NULL,NULL,NULL,1,'','5340900003535','2019-08-30 14:41:25',NULL,NULL),(15,'1100702095769','154225740620683','การอบรมธุรการโรงเรียน','สำนักงานเขตพื้นที่การศึกษาประถมศึกษาอุบลราชธานี เขต 4','จักรยานยนต์','',0,'5340900003535','2018-11-15 11:50:06',NULL,NULL,NULL,1,NULL,'5340900003535','2018-11-20 14:42:05',NULL,NULL),(16,'3349800070968','157049025510066','เป็นกรรมการงานศิลปหัตถกรรม ครั้งที่ 69 ระดับเขต','โรงเรียนบ้านคำขวาง','รถตนเอง  สามีไปส่ง','',0,'5340900003535','2019-10-08 06:17:35',NULL,NULL,NULL,1,'','5340900003535','2020-01-28 11:42:35',NULL,NULL),(17,'3349800148428','157049045627171','รับ-ส่ง  นำนักเรียนไปแข่งขันงานศิลปหัตถกรรม ระดับเขต ครั้งที่ 69','สพป.อบ.4/โรงเรียนบ้านคำขวาง/โรงเรียนบ้านธาตุ','รถยนต์ส่วนตัว','',0,'5340900003535','2019-10-08 06:20:56',NULL,NULL,NULL,1,'','5340900003535','2020-01-28 11:42:43',NULL,NULL),(19,'1349900142638','157052578924400','การนำนักเรียนเข้าร่วมการแข่งขันศิลปหัตถกรรมนักเรียน ระดับเขตฯ ครั้งที่69','โรงเรียนบ้านคำขวาง','รถยนต์ส่วนตัว','',0,'5340900003535','2019-10-08 16:09:49',NULL,NULL,NULL,1,'','5340900003535','2020-01-28 11:42:54',NULL,NULL),(20,'3349900293195','157058595124407','ขออนุญาตไปราชการ','โรงเรียนบ้านคำขวาง','รถยนต์ส่วนตัว','',0,'5340900003535','2019-10-09 08:52:31',NULL,NULL,NULL,1,'','5340900003535','2020-01-28 11:43:13',NULL,NULL),(21,'3340100640402','157058649816377','การนำนักเรียนเข้าร่วมการแข่งขันศิลปหัตถกรรมนักเรียน ระดับเขตฯ ครั้งที่69','โรงเรียนประชารัฐ(ธนาคารกรุงเทพ 13)','รถยนต์ส่วนตัว','',0,'5340900003535','2019-10-09 09:01:38',NULL,NULL,NULL,1,'','5340900003535','2020-01-28 11:43:27',NULL,NULL),(22,'3341300283175','15706061724369','ขออนุญาตไปราชการ','โรงเรียนเทศบาลแสนสุข','รถยนต์ส่วนตัว','',0,'5340900003535','2019-10-09 14:29:32',NULL,NULL,NULL,1,'','5340900003535','2019-10-15 16:57:30',NULL,NULL),(23,'3349800213891','157070206528863','นำนักเรียนเข้าร่วมการแข่งขันงานศิลปหัตถกรรมนักเรียน ระดับเขต','รร.เทศบาลแสนสุข','รถยนต์ส่วนตัว','',0,'5340900003535','2019-10-10 17:07:45',NULL,NULL,NULL,1,'','5340900003535','2019-10-15 16:56:27','เรียนผู้อำนวยการโรงเรียนบ้านบุ่ง\r\n    ตามที่ข้าพเจ้าและนายพัฒนคิด บุญเกิด ได้นำนักเรียนไปแข่งขันงานศิลปหัตถกรรมนักเรียน ครั้งที่ 69 ระดับเขตฯ กิจกรรมการวาดภาพกราฟิกด้วยโปรแกรมPaintผลการแข่งขันได้ลำดับที่ 4 เหรียญทอง\r\n    จึงเรียนมาเพื่อโปรดทราบ\r\n                           รำพึง มลิวงศ์','2019-10-17 14:23:59'),(25,'3349800213891','157129715015534','การอบรมครูผู้สอนภาษาอังกฤษ ชั้นประถมศึกษาปีท่ี 1-3','โรงแรมรีเจ้นท์ อ.เมือง จ.อุบลราชานี','รถยนต์ส่วนตัว','',0,'5340900003535','2019-10-17 14:25:50',NULL,NULL,NULL,1,'','5340900003535','2019-11-12 09:16:52',NULL,NULL),(26,'3349800213891','157129729519251','นำนักเรียนไปแข่งขันงานศิลปหัตถกรรมน้กเรียน ครั้งที่69(พิเศษ เรียนรวม)','โรงเรียนบ้านคำขวาง','รถยนต์ส่วนตัว','',0,'5340900003535','2019-10-17 14:28:15',NULL,NULL,NULL,1,'','5340900003535','2019-11-12 09:17:01','ตามที่ข้าพเจ้าได้นำนักเรียนไปแข่งขันงานศิลปหัตถกรรมนักเรียนที่รร.บ้านคำขวางนั้น ปรากฏว่านักเรียนที่เข้าแข่งขันได้รัลรางวัลชนะเลิศ และเป็นตัวแทนของเขตพื้นที่ฯ ไปแข่งขันระดับชาติที่จศรีสะเกษ','2019-12-16 14:55:59');

--
-- Table structure for table `permission_permission`
--

CREATE TABLE `permission_permission` (
  `id` int(11) NOT NULL AUTO_INCREMENT,
  `person_id` varchar(13) NOT NULL,
  `p1` tinyint(4) NOT NULL,
  `officer` varchar(13) NOT NULL,
  `rec_date` date NOT NULL,
  PRIMARY KEY (`id`)
) ENGINE=MyISAM AUTO_INCREMENT=16 DEFAULT CHARSET=utf8 COLLATE=utf8_general_ci;

--
-- Dumping data for table `permission_permission`
--

INSERT INTO `permission_permission` VALUES (1,'3349800148428',1,'3349800070968','2016-06-26'),(2,'3340100640402',1,'3349800070968','2016-06-26'),(3,'1330400433139',1,'5340900003535','2019-08-30'),(4,'1349900386553',1,'5340900003535','2019-08-30'),(5,'3341300283175',1,'3349800070968','2016-06-26'),(6,'3341501610807',1,'3349800070968','2016-06-26'),(7,'3349800213891',1,'3349800070968','2016-06-26'),(8,'3349900293195',1,'5340900003535','2019-08-30'),(9,'1349900174572',1,'3349800070968','2016-06-26'),(10,'3349800070968',1,'3349800070968','2016-06-26'),(11,'3330300122430',1,'3349800070968','2016-06-26'),(12,'1349900142638',1,'3349800070968','2016-06-26'),(15,'1100702095769',1,'1100702095769','2018-11-15');

--
-- Table structure for table `permission_person_set`
--

CREATE TABLE `permission_person_set` (
  `id` int(11) NOT NULL AUTO_INCREMENT,
  `person_id` varchar(13) NOT NULL,
  `comment_person` varchar(13) DEFAULT NULL,
  `grant_person` varchar(13) DEFAULT NULL,
  `officer` varchar(13) DEFAULT NULL,
  `rec_date` date DEFAULT NULL,
  PRIMARY KEY (`id`),
  UNIQUE KEY `person_id` (`person_id`)
) ENGINE=MyISAM AUTO_INCREMENT=19 DEFAULT CHARSET=utf8 COLLATE=utf8_general_ci;

--
-- Dumping data for table `permission_person_set`
--

INSERT INTO `permission_person_set` VALUES (1,'3341501231245','3341501007663','3341501007663','1100702095769','2022-07-23'),(2,'3349800070968','3341501007663','3341501007663','1100702095769','2022-07-23'),(3,'3349800148428','3341501007663','3341501007663','1100702095769','2022-07-23'),(4,'3341300283175','3341501007663','3341501007663','1100702095769','2022-07-23'),(5,'3349800213891','','5340900003535','5340900003535','2019-08-30'),(6,'1349900174572','','5340900003535','5340900003535','2019-08-30'),(7,'1349900386553','3341501007663','3341501007663','1100702095769','2022-07-23'),(8,'5340900003535','','5340900003535','5340900003535','2019-08-30'),(9,'1330400433139','','5340900003535','5340900003535','2019-08-30'),(10,'3349900293195','3341501007663','3341501007663','1100702095769','2022-07-23'),(11,'3341501610807','3341501007663','3341501007663','1100702095769','2022-07-23'),(12,'3340100640402','3341501007663','3341501007663','1100702095769','2022-07-23'),(13,'1349900142638','3341501007663','3341501007663','1100702095769','2022-07-23'),(14,'1100702095769','3341501007663','3341501007663','1100702095769','2022-07-23'),(15,'3341501007663','','3341501007663','1100702095769','2022-07-23'),(16,'1339900455351','3341501007663','3341501007663','1100702095769','2022-07-23'),(17,'1860500079693','3341501007663','3341501007663','1100702095769','2022-07-23'),(18,'3349800244583','3341501007663','3341501007663','1100702095769','2022-07-23');

--
-- Table structure for table `person_main`
--

CREATE TABLE `person_main` (
  `id` int(11) NOT NULL AUTO_INCREMENT,
  `person_id` varchar(13) NOT NULL,
  `prename` varchar(20) NOT NULL,
  `name` varchar(50) NOT NULL,
  `surname` varchar(50) NOT NULL,
  `position_code` tinyint(4) NOT NULL,
  `pic` varchar(150) DEFAULT NULL,
  `status` tinyint(4) NOT NULL DEFAULT 0,
  `person_order` tinyint(4) DEFAULT 0,
  `officer` varchar(13) NOT NULL,
  `rec_date` date NOT NULL,
  PRIMARY KEY (`id`),
  UNIQUE KEY `person_id` (`person_id`)
) ENGINE=MyISAM AUTO_INCREMENT=39 DEFAULT CHARSET=utf8 COLLATE=utf8_general_ci;

--
-- Dumping data for table `person_main`
--

INSERT INTO `person_main` VALUES (20,'3341501231245','นาย','สมศรี','มีสง่า',33,'',0,0,'1100702095769','2016-07-04'),(2,'3349800070968','นาง','สุเนตร','ไชยดี',3,NULL,0,0,'3341501007663','0000-00-00'),(37,'1349900837580','นาย','สมรักษ์','รัฐสุพรรณวงษ์',3,'',0,0,'3341501007663','2024-11-08'),(5,'3341300283175','นาย','พัฒนคิด','บุญเกิด',3,NULL,0,0,'','0000-00-00'),(7,'3349800213891','นาง','รำพึง','มลิวงศ์',3,NULL,1,0,'','0000-00-00'),(9,'1349900174572','นางสาว','สุภาภรณ์','ตรีรักษา',3,NULL,1,0,'','0000-00-00'),(28,'1349900386553','นางสาว','ณภาภัช','ทองเพ็ญ',3,'',0,0,'3341501007663','2019-08-21'),(11,'5340900003535','นาย','ประเสริฐ','เลิศล้ำ',1,NULL,1,1,'1100702095769','0000-00-00'),(31,'1341500084218','นาง','ชุติมา','แสงสวาท',12,'',1,0,'1100702095769','2020-12-01'),(22,'3349900293195','นางสาว','ปวีณา','ดุจดา',3,'',0,0,'3349800148428','2018-09-22'),(14,'3341501610807','นาย','ยุทธภูมิ','บำเรอพงษ์',3,NULL,0,0,'3341501007663','0000-00-00'),(15,'3340100640402','นาง','ขวัญใจ','บุญคูณ',3,NULL,0,0,'','0000-00-00'),(16,'1349900142638','นาง','เบญจมาศ','สัมปันนัง',3,NULL,0,0,'','0000-00-00'),(30,'3341501007663','นาง','กวีกาญจน์','พุฒพิมพ์',1,'',0,0,'1100702095769','2020-12-01'),(24,'1100702095769','นาย','พายุ','สุขเจริญ',32,'',1,0,'1100702095769','2018-11-01'),(32,'1339900455351','นางสาว','ปุณญพร','บุญชูวิสิฐ',3,'',0,0,'1339900455351','2020-12-01'),(33,'1860500079693','นางสาว','อารียา','ยะฮวดสา',3,'',0,0,'3341501007663','2022-05-18'),(34,'3349800244583','นาง','บุญญิสา','วงพรมมา',3,'',0,0,'1100702095769','2022-05-18'),(36,'1342200072991','ว่าที่ร้อยตรีหญิง','กนกณัฐ','สุพะผา',32,'',0,0,'1860500079693','2024-05-22');

--
-- Table structure for table `person_permission`
--

CREATE TABLE `person_permission` (
  `id` int(11) NOT NULL AUTO_INCREMENT,
  `person_id` varchar(13) NOT NULL,
  `p1` tinyint(4) NOT NULL,
  `officer` varchar(13) NOT NULL,
  `rec_date` date NOT NULL,
  PRIMARY KEY (`id`)
) ENGINE=MyISAM AUTO_INCREMENT=11 DEFAULT CHARSET=utf8 COLLATE=utf8_general_ci;

--
-- Dumping data for table `person_permission`
--

INSERT INTO `person_permission` VALUES (1,'3341501007663',1,'1100702095769','2022-07-23'),(3,'3349800148428',1,'3349800148428','2016-07-23'),(4,'3349800070968',1,'3349800070968','2016-07-23'),(9,'1339900455351',0,'3349800070968','2023-03-24'),(10,'1342200072991',1,'1860500079693','2024-05-22');

--
-- Table structure for table `person_position`
--

CREATE TABLE `person_position` (
  `id` int(11) NOT NULL AUTO_INCREMENT,
  `position_code` int(11) NOT NULL,
  `position_name` varchar(50) NOT NULL,
  PRIMARY KEY (`id`),
  UNIQUE KEY `position_code` (`position_code`)
) ENGINE=MyISAM AUTO_INCREMENT=20 DEFAULT CHARSET=utf8 COLLATE=utf8_general_ci;

--
-- Dumping data for table `person_position`
--

INSERT INTO `person_position` VALUES (1,1,'ผู้อำนวยการโรงเรียน'),(2,2,'รองผู้อำนวยการโรงเรียน'),(3,3,'ครู'),(4,4,'ครูผู้ช่วย'),(5,11,'พนักงานราชการ(ครูผู้สอน)'),(6,12,'พนักงานราชการ(ครูพี่เลี้ยง)'),(7,13,'พนักงานราชการ(อื่น ๆ)'),(17,41,'ผู้จัดการโรงเรียนเอกชน'),(9,21,'ลูกจ้างประจำ(พนักงานธุรการ)'),(10,22,'ลูกจ้างประจำ(พนักงานขับรถยนต์))'),(11,23,'ลูกจ้างประจำ(ช่างครุภัณฑ์)'),(12,24,'ลูกจ้างประจำ(อื่น ๆ)'),(13,31,'ลูกจ้างชั่วคราว(ครู)'),(14,32,'ลูกจ้างชั่วคราว(เจ้าหน้าที่ธุรการโรงเรียน)'),(15,33,'ลูกจ้างชั่วคราว(นักการภารโรง)'),(16,34,'ลูกจ้างชั่วคราว(อื่น ๆ)'),(18,42,'เจ้าหน้าที่บริหารทั่วไปโรงเรียนเอกชน'),(19,43,'เจ้าหน้าที่อื่น ๆ โรงเรียนเอกชน');

--
-- Table structure for table `plan_acti`
--

CREATE TABLE `plan_acti` (
  `id` int(11) NOT NULL AUTO_INCREMENT,
  `budget_year` int(11) DEFAULT NULL,
  `code_clus` tinyint(4) NOT NULL,
  `code_proj` char(3) NOT NULL DEFAULT '',
  `code_acti` char(6) NOT NULL DEFAULT '',
  `code_approve` char(3) NOT NULL DEFAULT '',
  `budget_acti` decimal(10,2) NOT NULL DEFAULT 0.00,
  `budget_approve` decimal(10,2) NOT NULL DEFAULT 0.00,
  `dayinput` date NOT NULL DEFAULT '0000-00-00',
  `daythai` char(13) NOT NULL DEFAULT '',
  `name_acti` char(150) NOT NULL,
  `owner_acti` char(50) NOT NULL DEFAULT '',
  `id_defalt` char(13) NOT NULL DEFAULT '',
  `dayseri` datetime NOT NULL DEFAULT '0000-00-00 00:00:00',
  `begin_date` date NOT NULL,
  `finish_date` date NOT NULL,
  `stop` tinyint(1) DEFAULT NULL,
  PRIMARY KEY (`id`)
) ENGINE=MyISAM AUTO_INCREMENT=3 DEFAULT CHARSET=utf8 COLLATE=utf8_general_ci;

--
-- Dumping data for table `plan_acti`
--

INSERT INTO `plan_acti` VALUES (1,2564,4,'001','001001','118',17300.00,0.00,'2563-11-27','27 พ.ย. 2563','เงินโครงการอาหารกลางวัน','','','2020-11-27 10:23:27','2020-11-09','2020-11-13',NULL);

--
