('2025-11-06',222,1,0,2568,'C','1342200059359','2025-11-06 09:11:58'),('2025-11-06',333,1,0,2568,'C','1342200059359','2025-11-06 09:11:58'),('2025-11-06',444,1,0,2568,'C','1342200059359','2025-11-06 09:11:58'),('2025-11-06',1918,2,0,2568,'C','1342200059359','2025-11-06 09:11:05'),('2025-11-06',1919,2,0,2568,'C','1342200059359','2025-11-06 09:11:05'),('2025-11-06',1920,2,0,2568,'C','1342200059359','2025-11-06 09:11:05'),('2025-11-06',1921,2,0,2568,'C','1342200059359','2025-11-06 09:11:05'),('2025-11-06',1922,2,0,2568,'C','1342200059359','2025-11-06 09:11:05'),('2025-11-06',1923,2,0,2568,'C','1342200059359','2025-11-06 09:11:05'),('2025-11-06',1924,2,0,2568,'C','1342200059359','2025-11-06 09:11:05'),('2025-11-06',1925,2,0,2568,'C','1342200059359','2025-11-06 09:11:05'),('2025-11-06',1926,2,0,2568,'C','1342200059359','2025-11-06 09:11:05'),('2025-11-06',1927,2,0,2568,'C','1342200059359','2025-11-06 09:11:05'),('2025-11-06',1928,2,0,2568,'C','1342200059359','2025-11-06 09:11:05'),('2025-11-06',1929,2,0,2568,'C','1342200059359','2025-11-06 09:11:05'),('2025-11-06',1908,3,0,2568,'C','1342200059359','2025-11-06 09:11:13'),('2025-11-06',1909,3,0,2568,'C','1342200059359','2025-11-06 09:11:13'),('2025-11-06',1910,3,0,2568,'C','1342200059359','2025-11-06 09:11:13'),('2025-11-06',1911,3,0,2568,'C','1342200059359','2025-11-06 09:11:13'),('2025-11-06',1912,3,0,2568,'C','1342200059359','2025-11-06 09:11:13'),('2025-11-06',1913,3,0,2568,'C','1342200059359','2025-11-06 09:11:13'),('2025-11-06',1914,3,0,2568,'C','1342200059359','2025-11-06 09:11:13'),('2025-11-06',1915,3,0,2568,'C','1342200059359','2025-11-06 09:11:13'),('2025-11-06',1916,3,0,2568,'C','1342200059359','2025-11-06 09:11:13'),('2025-11-06',1010101,3,0,2568,'C','1342200059359','2025-11-06 09:11:13'),('2025-11-06',2000,5,0,2568,'C','1342200059359','2025-11-06 09:11:22'),('2025-11-06',2001,5,0,2568,'C','1342200059359','2025-11-06 09:11:22'),('2025-11-06',2002,5,0,2568,'C','1342200059359','2025-11-06 09:11:22'),('2025-11-06',2003,5,0,2568,'C','1342200059359','2025-11-06 09:11:22'),('2025-11-06',2005,5,0,2568,'C','1342200059359','2025-11-06 09:11:22'),('2025-11-06',2006,5,0,2568,'C','1342200059359','2025-11-06 09:11:22'),('2025-11-06',2007,5,0,2568,'C','1342200059359','2025-11-06 09:11:22'),('2025-11-06',2009,5,0,2568,'C','1342200059359','2025-11-06 09:11:22'),('2025-11-06',2010,5,0,2568,'C','1342200059359','2025-11-06 09:11:22'),('2025-11-06',2011,5,0,2568,'C','1342200059359','2025-11-06 09:11:22'),('2025-11-06',2012,5,0,2568,'C','1342200059359','2025-11-06 09:11:22'),('2025-11-06',1871,6,0,2568,'C','1342200059359','2025-11-06 09:11:29'),('2025-11-06',1872,6,0,2568,'C','1342200059359','2025-11-06 09:11:29'),('2025-11-06',1874,6,0,2568,'C','1342200059359','2025-11-06 09:11:29'),('2025-11-06',1860,7,0,2568,'C','1342200059359','2025-11-06 09:11:37'),('2025-11-06',1858,7,0,2568,'C','1342200059359','2025-11-06 09:11:37'),('2025-11-06',1857,7,0,2568,'C','1342200059359','2025-11-06 09:11:37'),('2025-11-06',1853,7,0,2568,'C','1342200059359','2025-11-06 09:11:37'),('2025-11-06',1850,7,0,2568,'C','1342200059359','2025-11-06 09:11:37'),('2025-11-06',1855,7,0,2568,'C','1342200059359','2025-11-06 09:11:37'),('2025-11-06',1856,7,0,2568,'C','1342200059359','2025-11-06 09:11:37'),('2025-11-06',1861,7,0,2568,'C','1342200059359','2025-11-06 09:11:37'),('2025-11-06',1854,7,0,2568,'C','1342200059359','2025-11-06 09:11:37'),('2025-11-06',1859,7,0,2568,'C','1342200059359','2025-11-06 09:11:37'),('2025-11-06',1851,7,0,2568,'C','1342200059359','2025-11-06 09:11:37'),('2025-11-06',0,7,0,2568,'C','1342200059359','2025-11-06 09:11:37'),('2025-11-06',1049,8,0,2568,'C','1342200059359','2025-11-06 09:11:49'),('2025-11-06',1050,8,0,2568,'C','1342200059359','2025-11-06 09:11:49'),('2025-11-06',1052,8,0,2568,'C','1342200059359','2025-11-06 09:11:49'),('2025-11-06',1053,8,0,2568,'C','1342200059359','2025-11-06 09:11:49'),('2025-11-06',1055,8,0,2568,'C','1342200059359','2025-11-06 09:11:49'),('2025-11-06',1056,8,0,2568,'C','1342200059359','2025-11-06 09:11:49'),('2025-11-06',1057,8,0,2568,'C','1342200059359','2025-11-06 09:11:49'),('2025-11-06',1058,8,0,2568,'C','1342200059359','2025-11-06 09:11:49'),('2025-11-06',1059,8,0,2568,'C','1342200059359','2025-11-06 09:11:49'),('2025-11-06',1060,8,0,2568,'C','1342200059359','2025-11-06 09:11:49'),('2025-11-06',1061,8,0,2568,'C','1342200059359','2025-11-06 09:11:49'),('2025-11-06',1062,8,0,2568,'C','1342200059359','2025-11-06 09:11:49'),('2025-11-06',1063,8,0,2568,'C','1342200059359','2025-11-06 09:11:49'),('2025-11-06',1444444,8,0,2568,'C','1342200059359','2025-11-06 09:11:49'),('2025-11-06',1906,8,0,2568,'C','1342200059359','2025-11-06 09:11:49'),('2025-11-06',777,8,0,2568,'C','1342200059359','2025-11-06 09:11:49'),('2025-11-06',1831,9,0,2568,'C','1342200059359','2025-11-06 09:11:23'),('2025-11-06',1832,9,0,2568,'C','1342200059359','2025-11-06 09:11:23'),('2025-11-06',1833,9,0,2568,'C','1342200059359','2025-11-06 09:11:23'),('2025-11-06',1834,9,0,2568,'C','1342200059359','2025-11-06 09:11:23'),('2025-11-06',1835,9,0,2568,'C','1342200059359','2025-11-06 09:11:23'),('2025-11-06',1836,9,0,2568,'C','1342200059359','2025-11-06 09:11:23'),('2025-11-06',1837,9,0,2568,'C','1342200059359','2025-11-06 09:11:23'),('2025-11-06',1838,9,0,2568,'C','1342200059359','2025-11-06 09:11:23'),('2025-11-06',1839,9,0,2568,'C','1342200059359','2025-11-06 09:11:23'),('2025-11-06',1841,9,0,2568,'C','1342200059359','2025-11-06 09:11:23'),('2025-11-06',1842,9,0,2568,'C','1342200059359','2025-11-06 09:11:23'),('2025-11-06',1843,9,0,2568,'C','1342200059359','2025-11-06 09:11:23'),('2025-11-06',1844,9,0,2568,'C','1342200059359','2025-11-06 09:11:23'),('2025-11-06',1895,4,0,2568,'C','1342200059359','2025-11-06 09:11:45'),('2025-11-06',3,4,0,2568,'C','1342200059359','2025-11-06 09:11:45'),('2025-11-06',1898,4,0,2568,'C','1342200059359','2025-11-06 09:11:45'),('2025-11-06',1900,4,0,2568,'C','1342200059359','2025-11-06 09:11:45'),('2025-11-06',1901,4,0,2568,'C','1342200059359','2025-11-06 09:11:45'),('2025-11-06',1902,4,0,2568,'C','1342200059359','2025-11-06 09:11:45'),('2025-11-06',1903,4,0,2568,'C','1342200059359','2025-11-06 09:11:45'),('2025-11-06',1904,4,0,2568,'C','1342200059359','2025-11-06 09:11:45'),('2025-11-06',1905,4,0,2568,'C','1342200059359','2025-11-06 09:11:45'),('2025-11-10',111,1,0,2568,'C','1342200059359','2025-11-10 10:11:48'),('2025-11-10',222,1,0,2568,'C','1342200059359','2025-11-10 10:11:48'),('2025-11-10',333,1,0,2568,'C','1342200059359','2025-11-10 10:11:48'),('2025-11-10',444,1,0,2568,'C','1342200059359','2025-11-10 10:11:48'),('2025-11-10',1918,2,0,2568,'C','1342200059359','2025-11-10 10:11:54'),('2025-11-10',1919,2,0,2568,'C','1342200059359','2025-11-10 10:11:54'),('2025-11-10',1920,2,0,2568,'C','1342200059359','2025-11-10 10:11:54'),('2025-11-10',1921,2,0,2568,'C','1342200059359','2025-11-10 10:11:54'),('2025-11-10',1922,2,0,2568,'C','1342200059359','2025-11-10 10:11:54'),('2025-11-10',1923,2,0,2568,'C','1342200059359','2025-11-10 10:11:54'),('2025-11-10',1924,2,0,2568,'C','1342200059359','2025-11-10 10:11:54'),('2025-11-10',1925,2,0,2568,'C','1342200059359','2025-11-10 10:11:54'),('2025-11-10',1926,2,0,2568,'C','1342200059359','2025-11-10 10:11:54'),('2025-11-10',1927,2,0,2568,'C','1342200059359','2025-11-10 10:11:54'),('2025-11-10',1928,2,0,2568,'C','1342200059359','2025-11-10 10:11:54'),('2025-11-10',1929,2,0,2568,'C','1342200059359','2025-11-10 10:11:54'),('2025-11-10',1908,3,0,2568,'C','1342200059359','2025-11-10 10:11:00'),('2025-11-10',1909,3,0,2568,'C','1342200059359','2025-11-10 10:11:00'),('2025-11-10',1910,3,0,2568,'C','1342200059359','2025-11-10 10:11:00'),('2025-11-10',1911,3,0,2568,'C','1342200059359','2025-11-10 10:11:00'),('2025-11-10',1912,3,0,2568,'C','1342200059359','2025-11-10 10:11:00'),('2025-11-10',1913,3,0,2568,'C','1342200059359','2025-11-10 10:11:00'),('2025-11-10',1914,3,0,2568,'C','1342200059359','2025-11-10 10:11:00'),('2025-11-10',1915,3,0,2568,'C','1342200059359','2025-11-10 10:11:00'),('2025-11-10',1916,3,0,2568,'C','1342200059359','2025-11-10 10:11:00'),('2025-11-10',1010101,3,0,2568,'C','1342200059359','2025-11-10 10:11:00'),('2025-11-10',1895,4,0,2568,'C','1342200059359','2025-11-10 10:11:05'),('2025-11-10',3,4,0,2568,'C','1342200059359','2025-11-10 10:11:05'),('2025-11-10',1898,4,0,2568,'C','1342200059359','2025-11-10 10:11:05'),('2025-11-10',1900,4,0,2568,'C','1342200059359','2025-11-10 10:11:05'),('2025-11-10',1901,4,0,2568,'C','1342200059359','2025-11-10 10:11:05'),('2025-11-10',1902,4,0,2568,'C','1342200059359','2025-11-10 10:11:05'),('2025-11-10',1903,4,0,2568,'C','1342200059359','2025-11-10 10:11:05'),('2025-11-10',1904,4,0,2568,'C','1342200059359','2025-11-10 10:11:05'),('2025-11-10',1905,4,0,2568,'C','1342200059359','2025-11-10 10:11:05'),('2025-11-10',2000,5,0,2568,'C','1342200059359','2025-11-10 10:11:11'),('2025-11-10',2001,5,0,2568,'C','1342200059359','2025-11-10 10:11:11'),('2025-11-10',2002,5,0,2568,'C','1342200059359','2025-11-10 10:11:11'),('2025-11-10',2003,5,0,2568,'C','1342200059359','2025-11-10 10:11:11'),('2025-11-10',2005,5,0,2568,'C','1342200059359','2025-11-10 10:11:11'),('2025-11-10',2006,5,0,2568,'C','1342200059359','2025-11-10 10:11:11'),('2025-11-10',2007,5,0,2568,'C','1342200059359','2025-11-10 10:11:11'),('2025-11-10',2009,5,0,2568,'C','1342200059359','2025-11-10 10:11:11'),('2025-11-10',2010,5,0,2568,'C','1342200059359','2025-11-10 10:11:11'),('2025-11-10',2011,5,0,2568,'C','1342200059359','2025-11-10 10:11:11'),('2025-11-10',2012,5,0,2568,'C','1342200059359','2025-11-10 10:11:11'),('2025-11-10',1871,6,0,2568,'C','1342200059359','2025-11-10 10:11:16'),('2025-11-10',1872,6,0,2568,'C','1342200059359','2025-11-10 10:11:16'),('2025-11-10',1874,6,0,2568,'C','1342200059359','2025-11-10 10:11:16'),('2025-11-10',1860,7,0,2568,'C','1342200059359','2025-11-10 10:11:21'),('2025-11-10',1858,7,0,2568,'C','1342200059359','2025-11-10 10:11:21'),('2025-11-10',1857,7,0,2568,'C','1342200059359','2025-11-10 10:11:21'),('2025-11-10',1853,7,0,2568,'C','1342200059359','2025-11-10 10:11:21'),('2025-11-10',1850,7,0,2568,'C','1342200059359','2025-11-10 10:11:21'),('2025-11-10',1855,7,0,2568,'C','1342200059359','2025-11-10 10:11:21'),('2025-11-10',1856,7,0,2568,'C','1342200059359','2025-11-10 10:11:21'),('2025-11-10',1861,7,0,2568,'C','1342200059359','2025-11-10 10:11:21'),('2025-11-10',1854,7,0,2568,'C','1342200059359','2025-11-10 10:11:21'),('2025-11-10',1859,7,0,2568,'C','1342200059359','2025-11-10 10:11:21'),('2025-11-10',1851,7,0,2568,'C','1342200059359','2025-11-10 10:11:21'),('2025-11-10',0,7,0,2568,'C','1342200059359','2025-11-10 10:11:21'),('2025-11-10',1049,8,0,2568,'C','1342200059359','2025-11-10 10:11:28'),('2025-11-10',1050,8,0,2568,'C','1342200059359','2025-11-10 10:11:28'),('2025-11-10',1052,8,0,2568,'C','1342200059359','2025-11-10 10:11:28'),('2025-11-10',1053,8,0,2568,'C','1342200059359','2025-11-10 10:11:28'),('2025-11-10',1055,8,0,2568,'C','1342200059359','2025-11-10 10:11:28'),('2025-11-10',1056,8,0,2568,'C','1342200059359','2025-11-10 10:11:28'),('2025-11-10',1057,8,0,2568,'C','1342200059359','2025-11-10 10:11:28'),('2025-11-10',1058,8,0,2568,'C','1342200059359','2025-11-10 10:11:28'),('2025-11-10',1059,8,0,2568,'C','1342200059359','2025-11-10 10:11:28'),('2025-11-10',1060,8,0,2568,'C','1342200059359','2025-11-10 10:11:28'),('2025-11-10',1061,8,0,2568,'C','1342200059359','2025-11-10 10:11:28'),('2025-11-10',1062,8,0,2568,'C','1342200059359','2025-11-10 10:11:28'),('2025-11-10',1063,8,0,2568,'C','1342200059359','2025-11-10 10:11:28'),('2025-11-10',1444444,8,0,2568,'C','1342200059359','2025-11-10 10:11:28'),('2025-11-10',1906,8,0,2568,'C','1342200059359','2025-11-10 10:11:28'),('2025-11-10',777,8,0,2568,'C','1342200059359','2025-11-10 10:11:28'),('2025-11-10',1831,9,0,2568,'C','1342200059359','2025-11-10 10:11:35'),('2025-11-10',1832,9,0,2568,'C','1342200059359','2025-11-10 10:11:35'),('2025-11-10',1833,9,0,2568,'C','1342200059359','2025-11-10 10:11:35'),('2025-11-10',1834,9,0,2568,'C','1342200059359','2025-11-10 10:11:35'),('2025-11-10',1835,9,0,2568,'C','1342200059359','2025-11-10 10:11:35'),('2025-11-10',1836,9,0,2568,'C','1342200059359','2025-11-10 10:11:35'),('2025-11-10',1837,9,0,2568,'C','1342200059359','2025-11-10 10:11:35'),('2025-11-10',1838,9,0,2568,'C','1342200059359','2025-11-10 10:11:35'),('2025-11-10',1839,9,0,2568,'C','1342200059359','2025-11-10 10:11:35'),('2025-11-10',1841,9,0,2568,'C','1342200059359','2025-11-10 10:11:35'),('2025-11-10',1842,9,0,2568,'C','1342200059359','2025-11-10 10:11:35'),('2025-11-10',1843,9,0,2568,'C','1342200059359','2025-11-10 10:11:35'),('2025-11-10',1844,9,0,2568,'C','1342200059359','2025-11-10 10:11:35'),('2025-11-07',111,1,0,2568,'C','1342200059359','2025-11-10 10:11:45'),('2025-11-07',222,1,0,2568,'C','1342200059359','2025-11-10 10:11:45'),('2025-11-07',333,1,0,2568,'C','1342200059359','2025-11-10 10:11:45'),('2025-11-07',444,1,0,2568,'C','1342200059359','2025-11-10 10:11:45'),('2025-11-07',1918,2,0,2568,'C','1342200059359','2025-11-10 10:11:52'),('2025-11-07',1919,2,0,2568,'C','1342200059359','2025-11-10 10:11:52'),('2025-11-07',1920,2,0,2568,'C','1342200059359','2025-11-10 10:11:52'),('2025-11-07',1921,2,0,2568,'C','1342200059359','2025-11-10 10:11:52'),('2025-11-07',1922,2,0,2568,'C','1342200059359','2025-11-10 10:11:52'),('2025-11-07',1923,2,0,2568,'C','1342200059359','2025-11-10 10:11:52'),('2025-11-07',1924,2,0,2568,'C','1342200059359','2025-11-10 10:11:52'),('2025-11-07',1925,2,0,2568,'C','1342200059359','2025-11-10 10:11:52'),('2025-11-07',1926,2,0,2568,'C','1342200059359','2025-11-10 10:11:52'),('2025-11-07',1927,2,0,2568,'C','1342200059359','2025-11-10 10:11:52'),('2025-11-07',1928,2,0,2568,'C','1342200059359','2025-11-10 10:11:52'),('2025-11-07',1929,2,0,2568,'C','1342200059359','2025-11-10 10:11:52'),('2025-11-07',1908,3,0,2568,'C','1342200059359','2025-11-10 10:11:02'),('2025-11-07',1909,3,0,2568,'C','1342200059359','2025-11-10 10:11:02'),('2025-11-07',1910,3,0,2568,'C','1342200059359','2025-11-10 10:11:02'),('2025-11-07',1911,3,0,2568,'C','1342200059359','2025-11-10 10:11:02'),('2025-11-07',1912,3,0,2568,'C','1342200059359','2025-11-10 10:11:02'),('2025-11-07',1913,3,0,2568,'C','1342200059359','2025-11-10 10:11:02'),('2025-11-07',1914,3,0,2568,'C','1342200059359','2025-11-10 10:11:02'),('2025-11-07',1915,3,0,2568,'C','1342200059359','2025-11-10 10:11:02'),('2025-11-07',1916,3,0,2568,'C','1342200059359','2025-11-10 10:11:02'),('2025-11-07',1010101,3,0,2568,'C','1342200059359','2025-11-10 10:11:02'),('2025-11-07',1895,4,0,2568,'C','1342200059359','2025-11-10 10:11:10'),('2025-11-07',3,4,0,2568,'C','1342200059359','2025-11-10 10:11:10'),('2025-11-07',1898,4,0,2568,'C','1342200059359','2025-11-10 10:11:10'),('2025-11-07',1900,4,0,2568,'C','1342200059359','2025-11-10 10:11:10'),('2025-11-07',1901,4,0,2568,'C','1342200059359','2025-11-10 10:11:10'),('2025-11-07',1902,4,0,2568,'C','1342200059359','2025-11-10 10:11:10'),('2025-11-07',1903,4,0,2568,'C','1342200059359','2025-11-10 10:11:10'),('2025-11-07',1904,4,0,2568,'C','1342200059359','2025-11-10 10:11:10'),('2025-11-07',1905,4,0,2568,'C','1342200059359','2025-11-10 10:11:10'),('2025-11-07',2000,5,0,2568,'C','1342200059359','2025-11-10 10:11:18'),('2025-11-07',2001,5,0,2568,'C','1342200059359','2025-11-10 10:11:18'),('2025-11-07',2002,5,0,2568,'C','1342200059359','2025-11-10 10:11:18'),('2025-11-07',2003,5,0,2568,'C','1342200059359','2025-11-10 10:11:18'),('2025-11-07',2005,5,0,2568,'C','1342200059359','2025-11-10 10:11:18'),('2025-11-07',2006,5,0,2568,'C','1342200059359','2025-11-10 10:11:18'),('2025-11-07',2007,5,0,2568,'C','1342200059359','2025-11-10 10:11:18'),('2025-11-07',2009,5,0,2568,'C','1342200059359','2025-11-10 10:11:18'),('2025-11-07',2010,5,0,2568,'C','1342200059359','2025-11-10 10:11:18'),('2025-11-07',2011,5,0,2568,'C','1342200059359','2025-11-10 10:11:18'),('2025-11-07',2012,5,0,2568,'C','1342200059359','2025-11-10 10:11:18'),('2025-11-07',1871,6,0,2568,'C','1342200059359','2025-11-10 10:11:26'),('2025-11-07',1872,6,0,2568,'C','1342200059359','2025-11-10 10:11:26'),('2025-11-07',1874,6,0,2568,'C','1342200059359','2025-11-10 10:11:26'),('2025-11-07',1049,8,0,2568,'C','1342200059359','2025-11-10 10:11:34'),('2025-11-07',1050,8,0,2568,'C','1342200059359','2025-11-10 10:11:34'),('2025-11-07',1052,8,0,2568,'C','1342200059359','2025-11-10 10:11:34'),('2025-11-07',1053,8,0,2568,'C','1342200059359','2025-11-10 10:11:34'),('2025-11-07',1055,8,0,2568,'C','1342200059359','2025-11-10 10:11:34'),('2025-11-07',1056,8,0,2568,'C','1342200059359','2025-11-10 10:11:34'),('2025-11-07',1057,8,0,2568,'C','1342200059359','2025-11-10 10:11:34'),('2025-11-07',1058,8,0,2568,'C','1342200059359','2025-11-10 10:11:34'),('2025-11-07',1059,8,0,2568,'C','1342200059359','2025-11-10 10:11:34'),('2025-11-07',1060,8,0,2568,'C','1342200059359','2025-11-10 10:11:34'),('2025-11-07',1061,8,0,2568,'C','1342200059359','2025-11-10 10:11:34'),('2025-11-07',1062,8,0,2568,'C','1342200059359','2025-11-10 10:11:34'),('2025-11-07',1063,8,0,2568,'C','1342200059359','2025-11-10 10:11:34'),('2025-11-07',1444444,8,0,2568,'C','1342200059359','2025-11-10 10:11:34'),('2025-11-07',1906,8,0,2568,'C','1342200059359','2025-11-10 10:11:34'),('2025-11-07',777,8,0,2568,'C','1342200059359','2025-11-10 10:11:34'),('2025-11-07',1831,9,0,2568,'C','1342200059359','2025-11-10 10:11:41'),('2025-11-07',1832,9,0,2568,'C','1342200059359','2025-11-10 10:11:41'),('2025-11-07',1833,9,0,2568,'C','1342200059359','2025-11-10 10:11:41'),('2025-11-07',1834,9,0,2568,'C','1342200059359','2025-11-10 10:11:41'),('2025-11-07',1835,9,0,2568,'C','1342200059359','2025-11-10 10:11:41'),('2025-11-07',1836,9,0,2568,'C','1342200059359','2025-11-10 10:11:41'),('2025-11-07',1837,9,0,2568,'C','1342200059359','2025-11-10 10:11:41'),('2025-11-07',1838,9,0,2568,'C','1342200059359','2025-11-10 10:11:41'),('2025-11-07',1839,9,0,2568,'C','1342200059359','2025-11-10 10:11:41'),('2025-11-07',1841,9,0,2568,'C','1342200059359','2025-11-10 10:11:41'),('2025-11-07',1842,9,0,2568,'C','1342200059359','2025-11-10 10:11:41'),('2025-11-07',1843,9,0,2568,'C','1342200059359','2025-11-10 10:11:41'),('2025-11-07',1844,9,0,2568,'C','1342200059359','2025-11-10 10:11:41'),('2025-11-07',1860,7,0,2568,'C','1342200059359','2025-11-10 10:11:59'),('2025-11-07',1858,7,0,2568,'C','1342200059359','2025-11-10 10:11:59'),('2025-11-07',1857,7,0,2568,'C','1342200059359','2025-11-10 10:11:59'),('2025-11-07',1853,7,0,2568,'C','1342200059359','2025-11-10 10:11:59'),('2025-11-07',1850,7,0,2568,'C','1342200059359','2025-11-10 10:11:59'),('2025-11-07',1855,7,0,2568,'C','1342200059359','2025-11-10 10:11:59'),('2025-11-07',1856,7,0,2568,'C','1342200059359','2025-11-10 10:11:59'),('2025-11-07',1861,7,0,2568,'C','1342200059359','2025-11-10 10:11:59'),('2025-11-07',1854,7,0,2568,'C','1342200059359','2025-11-10 10:11:59'),('2025-11-07',1859,7,0,2568,'C','1342200059359','2025-11-10 10:11:59'),('2025-11-07',1851,7,0,2568,'C','1342200059359','2025-11-10 10:11:59'),('2025-11-07',0,7,0,2568,'C','1342200059359','2025-11-10 10:11:59'),('2025-11-11',111,1,0,2568,'C','1342200059359','2025-11-11 08:11:12'),('2025-11-11',222,1,0,2568,'C','1342200059359','2025-11-11 08:11:12'),('2025-11-11',333,1,0,2568,'C','1342200059359','2025-11-11 08:11:12'),('2025-11-11',444,1,0,2568,'C','1342200059359','2025-11-11 08:11:12'),('2025-11-11',1918,2,0,2568,'C','1342200059359','2025-11-11 08:11:26'),('2025-11-11',1919,2,0,2568,'C','1342200059359','2025-11-11 08:11:26'),('2025-11-11',1920,2,0,2568,'C','1342200059359','2025-11-11 08:11:26'),('2025-11-11',1921,2,0,2568,'C','1342200059359','2025-11-11 08:11:26'),('2025-11-11',1922,2,0,2568,'C','1342200059359','2025-11-11 08:11:26'),('2025-11-11',1923,2,0,2568,'C','1342200059359','2025-11-11 08:11:26'),('2025-11-11',1924,2,0,2568,'C','1342200059359','2025-11-11 08:11:26'),('2025-11-11',1925,2,0,2568,'C','1342200059359','2025-11-11 08:11:26'),('2025-11-11',1926,2,0,2568,'C','1342200059359','2025-11-11 08:11:26'),('2025-11-11',1927,2,0,2568,'C','1342200059359','2025-11-11 08:11:26'),('2025-11-11',1928,2,0,2568,'C','1342200059359','2025-11-11 08:11:26'),('2025-11-11',1929,2,0,2568,'C','1342200059359','2025-11-11 08:11:26'),('2025-11-11',1908,3,0,2568,'C','1342200059359','2025-11-11 08:11:04'),('2025-11-11',1909,3,0,2568,'C','1342200059359','2025-11-11 08:11:04'),('2025-11-11',1910,3,0,2568,'C','1342200059359','2025-11-11 08:11:04'),('2025-11-11',1911,3,0,2568,'C','1342200059359','2025-11-11 08:11:04'),('2025-11-11',1912,3,0,2568,'C','1342200059359','2025-11-11 08:11:04'),('2025-11-11',1913,3,0,2568,'C','1342200059359','2025-11-11 08:11:04'),('2025-11-11',1914,3,0,2568,'C','1342200059359','2025-11-11 08:11:04'),('2025-11-11',1915,3,0,2568,'C','1342200059359','2025-11-11 08:11:04'),('2025-11-11',1916,3,0,2568,'C','1342200059359','2025-11-11 08:11:04'),('2025-11-11',1010101,3,0,2568,'C','1342200059359','2025-11-11 08:11:04'),('2025-11-11',1895,4,0,2568,'C','1342200059359','2025-11-11 08:11:13'),('2025-11-11',3,4,0,2568,'C','1342200059359','2025-11-11 08:11:13'),('2025-11-11',1898,4,0,2568,'C','1342200059359','2025-11-11 08:11:13'),('2025-11-11',1900,4,0,2568,'C','1342200059359','2025-11-11 08:11:13'),('2025-11-11',1901,4,0,2568,'C','1342200059359','2025-11-11 08:11:13'),('2025-11-11',1902,4,0,2568,'C','1342200059359','2025-11-11 08:11:13'),('2025-11-11',1903,4,0,2568,'C','1342200059359','2025-11-11 08:11:13'),('2025-11-11',1904,4,0,2568,'C','1342200059359','2025-11-11 08:11:13'),('2025-11-11',1905,4,0,2568,'C','1342200059359','2025-11-11 08:11:13'),('2025-11-11',2000,5,0,2568,'C','1342200059359','2025-11-11 08:11:18'),('2025-11-11',2001,5,0,2568,'C','1342200059359','2025-11-11 08:11:18'),('2025-11-11',2002,5,0,2568,'C','1342200059359','2025-11-11 08:11:18'),('2025-11-11',2003,5,0,2568,'C','1342200059359','2025-11-11 08:11:18'),('2025-11-11',2005,5,0,2568,'C','1342200059359','2025-11-11 08:11:18'),('2025-11-11',2006,5,0,2568,'C','1342200059359','2025-11-11 08:11:18'),('2025-11-11',2007,5,0,2568,'C','1342200059359','2025-11-11 08:11:18'),('2025-11-11',2009,5,0,2568,'C','1342200059359','2025-11-11 08:11:18'),('2025-11-11',2010,5,0,2568,'C','1342200059359','2025-11-11 08:11:18'),('2025-11-11',2011,5,0,2568,'C','1342200059359','2025-11-11 08:11:18'),('2025-11-11',2012,5,0,2568,'C','1342200059359','2025-11-11 08:11:18'),('2025-11-11',1871,6,0,2568,'C','1342200059359','2025-11-11 08:11:24'),('2025-11-11',1872,6,0,2568,'C','1342200059359','2025-11-11 08:11:24'),('2025-11-11',1874,6,0,2568,'C','1342200059359','2025-11-11 08:11:24'),('2025-11-11',1860,7,0,2568,'C','1342200059359','2025-11-11 08:11:30'),('2025-11-11',1858,7,0,2568,'C','1342200059359','2025-11-11 08:11:30'),('2025-11-11',1857,7,0,2568,'C','1342200059359','2025-11-11 08:11:30'),('2025-11-11',1853,7,0,2568,'C','1342200059359','2025-11-11 08:11:30'),('2025-11-11',1850,7,0,2568,'C','1342200059359','2025-11-11 08:11:30'),('2025-11-11',1855,7,0,2568,'C','1342200059359','2025-11-11 08:11:30'),('2025-11-11',1856,7,0,2568,'C','1342200059359','2025-11-11 08:11:30'),('2025-11-11',1861,7,0,2568,'C','1342200059359','2025-11-11 08:11:30'),('2025-11-11',1854,7,0,2568,'C','1342200059359','2025-11-11 08:11:30'),('2025-11-11',1859,7,0,2568,'C','1342200059359','2025-11-11 08:11:30'),('2025-11-11',1851,7,0,2568,'C','1342200059359','2025-11-11 08:11:30'),('2025-11-11',0,7,0,2568,'C','1342200059359','2025-11-11 08:11:30'),('2025-11-11',1049,8,0,2568,'C','1342200059359','2025-11-11 08:11:34'),('2025-11-11',1050,8,0,2568,'C','1342200059359','2025-11-11 08:11:34'),('2025-11-11',1052,8,0,2568,'C','1342200059359','2025-11-11 08:11:34'),('2025-11-11',1053,8,0,2568,'C','1342200059359','2025-11-11 08:11:34'),('2025-11-11',1055,8,0,2568,'C','1342200059359','2025-11-11 08:11:34'),('2025-11-11',1056,8,0,2568,'C','1342200059359','2025-11-11 08:11:34'),('2025-11-11',1057,8,0,2568,'C','1342200059359','2025-11-11 08:11:34'),('2025-11-11',1058,8,0,2568,'C','1342200059359','2025-11-11 08:11:34'),('2025-11-11',1059,8,0,2568,'C','1342200059359','2025-11-11 08:11:34'),('2025-11-11',1060,8,0,2568,'C','1342200059359','2025-11-11 08:11:34'),('2025-11-11',1061,8,0,2568,'C','1342200059359','2025-11-11 08:11:34'),('2025-11-11',1062,8,0,2568,'C','1342200059359','2025-11-11 08:11:34'),('2025-11-11',1063,8,0,2568,'C','1342200059359','2025-11-11 08:11:34'),('2025-11-11',1444444,8,0,2568,'C','1342200059359','2025-11-11 08:11:34'),('2025-11-11',1906,8,0,2568,'C','1342200059359','2025-11-11 08:11:34'),('2025-11-11',777,8,0,2568,'C','1342200059359','2025-11-11 08:11:34'),('2025-11-11',1831,9,0,2568,'C','1342200059359','2025-11-11 08:11:40'),('2025-11-11',1832,9,0,2568,'C','1342200059359','2025-11-11 08:11:40'),('2025-11-11',1833,9,0,2568,'C','1342200059359','2025-11-11 08:11:40'),('2025-11-11',1834,9,0,2568,'C','1342200059359','2025-11-11 08:11:40'),('2025-11-11',1835,9,0,2568,'C','1342200059359','2025-11-11 08:11:40'),('2025-11-11',1836,9,0,2568,'C','1342200059359','2025-11-11 08:11:40'),('2025-11-11',1837,9,0,2568,'C','1342200059359','2025-11-11 08:11:40'),('2025-11-11',1838,9,0,2568,'C','1342200059359','2025-11-11 08:11:40'),('2025-11-11',1839,9,0,2568,'C','1342200059359','2025-11-11 08:11:40'),('2025-11-11',1841,9,0,2568,'C','1342200059359','2025-11-11 08:11:40'),('2025-11-11',1842,9,0,2568,'C','1342200059359','2025-11-11 08:11:40'),('2025-11-11',1843,9,0,2568,'C','1342200059359','2025-11-11 08:11:40'),('2025-11-11',1844,9,0,2568,'C','1342200059359','2025-11-11 08:11:40'),('2025-11-12',111,1,0,2568,'C','1342200059359','2025-11-12 01:11:57'),('2025-11-12',222,1,0,2568,'C','1342200059359','2025-11-12 01:11:57'),('2025-11-12',333,1,0,2568,'C','1342200059359','2025-11-12 01:11:57'),('2025-11-12',444,1,0,2568,'C','1342200059359','2025-11-12 01:11:57'),('2025-11-12',1918,2,0,2568,'C','1342200059359','2025-11-12 01:11:03'),('2025-11-12',1919,2,0,2568,'C','1342200059359','2025-11-12 01:11:03'),('2025-11-12',1920,2,0,2568,'C','1342200059359','2025-11-12 01:11:03'),('2025-11-12',1921,2,0,2568,'C','1342200059359','2025-11-12 01:11:03'),('2025-11-12',1922,2,0,2568,'C','1342200059359','2025-11-12 01:11:03'),('2025-11-12',1923,2,0,2568,'C','1342200059359','2025-11-12 01:11:03'),('2025-11-12',1924,2,0,2568,'C','1342200059359','2025-11-12 01:11:03'),('2025-11-12',1925,2,0,2568,'C','1342200059359','2025-11-12 01:11:03'),('2025-11-12',1926,2,0,2568,'C','1342200059359','2025-11-12 01:11:03'),('2025-11-12',1927,2,0,2568,'C','1342200059359','2025-11-12 01:11:03'),('2025-11-12',1928,2,0,2568,'C','1342200059359','2025-11-12 01:11:03'),('2025-11-12',1929,2,0,2568,'C','1342200059359','2025-11-12 01:11:03'),('2025-11-12',1908,3,0,2568,'C','1342200059359','2025-11-12 01:11:08'),('2025-11-12',1909,3,0,2568,'C','1342200059359','2025-11-12 01:11:08'),('2025-11-12',1910,3,0,2568,'C','1342200059359','2025-11-12 01:11:08'),('2025-11-12',1911,3,0,2568,'C','1342200059359','2025-11-12 01:11:08'),('2025-11-12',1912,3,0,2568,'C','1342200059359','2025-11-12 01:11:08'),('2025-11-12',1913,3,0,2568,'C','1342200059359','2025-11-12 01:11:08'),('2025-11-12',1914,3,0,2568,'C','1342200059359','2025-11-12 01:11:08'),('2025-11-12',1915,3,0,2568,'C','1342200059359','2025-11-12 01:11:08'),('2025-11-12',1916,3,0,2568,'C','1342200059359','2025-11-12 01:11:08'),('2025-11-12',1010101,3,0,2568,'C','1342200059359','2025-11-12 01:11:08'),('2025-11-12',1895,4,0,2568,'C','1342200059359','2025-11-12 01:11:13'),('2025-11-12',3,4,0,2568,'C','1342200059359','2025-11-12 01:11:13'),('2025-11-12',1898,4,0,2568,'C','1342200059359','2025-11-12 01:11:13'),('2025-11-12',1900,4,0,2568,'C','1342200059359','2025-11-12 01:11:13'),('2025-11-12',1901,4,0,2568,'C','1342200059359','2025-11-12 01:11:13'),('2025-11-12',1902,4,0,2568,'C','1342200059359','2025-11-12 01:11:13'),('2025-11-12',1903,4,0,2568,'C','1342200059359','2025-11-12 01:11:13'),('2025-11-12',1904,4,0,2568,'C','1342200059359','2025-11-12 01:11:13'),('2025-11-12',1905,4,0,2568,'C','1342200059359','2025-11-12 01:11:13'),('2025-11-12',2000,5,0,2568,'C','1342200059359','2025-11-12 01:11:18'),('2025-11-12',2001,5,0,2568,'C','1342200059359','2025-11-12 01:11:18'),('2025-11-12',2002,5,0,2568,'C','1342200059359','2025-11-12 01:11:18'),('2025-11-12',2003,5,0,2568,'C','1342200059359','2025-11-12 01:11:18'),('2025-11-12',2005,5,0,2568,'C','1342200059359','2025-11-12 01:11:18'),('2025-11-12',2006,5,0,2568,'C','1342200059359','2025-11-12 01:11:18'),('2025-11-12',2007,5,0,2568,'C','1342200059359','2025-11-12 01:11:18'),('2025-11-12',2009,5,0,2568,'C','1342200059359','2025-11-12 01:11:18'),('2025-11-12',2010,5,0,2568,'C','1342200059359','2025-11-12 01:11:18'),('2025-11-12',2011,5,0,2568,'C','1342200059359','2025-11-12 01:11:18'),('2025-11-12',2012,5,0,2568,'C','1342200059359','2025-11-12 01:11:18'),('2025-11-12',1871,6,0,2568,'C','1342200059359','2025-11-12 01:11:23'),('2025-11-12',1872,6,0,2568,'C','1342200059359','2025-11-12 01:11:23'),('2025-11-12',1874,6,0,2568,'C','1342200059359','2025-11-12 01:11:23'),('2025-11-12',1860,7,0,2568,'C','1342200059359','2025-11-12 01:11:29'),('2025-11-12',1858,7,0,2568,'C','1342200059359','2025-11-12 01:11:29'),('2025-11-12',1857,7,0,2568,'C','1342200059359','2025-11-12 01:11:29'),('2025-11-12',1853,7,0,2568,'C','1342200059359','2025-11-12 01:11:29'),('2025-11-12',1850,7,0,2568,'C','1342200059359','2025-11-12 01:11:29'),('2025-11-12',1855,7,0,2568,'C','1342200059359','2025-11-12 01:11:29'),('2025-11-12',1856,7,0,2568,'C','1342200059359','2025-11-12 01:11:29'),('2025-11-12',1861,7,0,2568,'C','1342200059359','2025-11-12 01:11:29'),('2025-11-12',1854,7,0,2568,'C','1342200059359','2025-11-12 01:11:29'),('2025-11-12',1859,7,0,2568,'C','1342200059359','2025-11-12 01:11:29'),('2025-11-12',1851,7,0,2568,'C','1342200059359','2025-11-12 01:11:29'),('2025-11-12',0,7,0,2568,'C','1342200059359','2025-11-12 01:11:29'),('2025-11-12',1049,8,0,2568,'C','1342200059359','2025-11-12 01:11:34'),('2025-11-12',1050,8,0,2568,'C','1342200059359','2025-11-12 01:11:34'),('2025-11-12',1052,8,0,2568,'C','1342200059359','2025-11-12 01:11:34'),('2025-11-12',1053,8,0,2568,'C','1342200059359','2025-11-12 01:11:34'),('2025-11-12',1055,8,0,2568,'C','1342200059359','2025-11-12 01:11:34'),('2025-11-12',1056,8,0,2568,'C','1342200059359','2025-11-12 01:11:34'),('2025-11-12',1057,8,0,2568,'C','1342200059359','2025-11-12 01:11:34'),('2025-11-12',1058,8,0,2568,'C','1342200059359','2025-11-12 01:11:34'),('2025-11-12',1059,8,0,2568,'C','1342200059359','2025-11-12 01:11:34'),('2025-11-12',1060,8,0,2568,'C','1342200059359','2025-11-12 01:11:34'),('2025-11-12',1061,8,0,2568,'C','1342200059359','2025-11-12 01:11:34'),('2025-11-12',1062,8,0,2568,'C','1342200059359','2025-11-12 01:11:34'),('2025-11-12',1063,8,0,2568,'C','1342200059359','2025-11-12 01:11:34'),('2025-11-12',1444444,8,0,2568,'C','1342200059359','2025-11-12 01:11:34'),('2025-11-12',1906,8,0,2568,'C','1342200059359','2025-11-12 01:11:34'),('2025-11-12',777,8,0,2568,'C','1342200059359','2025-11-12 01:11:34'),('2025-11-12',1831,9,0,2568,'C','1342200059359','2025-11-12 01:11:54'),('2025-11-12',1832,9,0,2568,'C','1342200059359','2025-11-12 01:11:54'),('2025-11-12',1833,9,0,2568,'C','1342200059359','2025-11-12 01:11:54'),('2025-11-12',1834,9,0,2568,'C','1342200059359','2025-11-12 01:11:54'),('2025-11-12',1835,9,0,2568,'C','1342200059359','2025-11-12 01:11:54'),('2025-11-12',1836,9,0,2568,'C','1342200059359','2025-11-12 01:11:54'),('2025-11-12',1837,9,0,2568,'C','1342200059359','2025-11-12 01:11:54'),('2025-11-12',1838,9,0,2568,'C','1342200059359','2025-11-12 01:11:54'),('2025-11-12',1839,9,0,2568,'C','1342200059359','2025-11-12 01:11:54'),('2025-11-12',1841,9,0,2568,'C','1342200059359','2025-11-12 01:11:54'),('2025-11-12',1842,9,0,2568,'C','1342200059359','2025-11-12 01:11:54'),('2025-11-12',1843,9,0,2568,'C','1342200059359','2025-11-12 01:11:54'),('2025-11-12',1844,9,0,2568,'C','1342200059359','2025-11-12 01:11:54'),('2025-11-13',111,1,0,2568,'C','1342200059359','2025-11-13 11:11:40'),('2025-11-13',222,1,0,2568,'C','1342200059359','2025-11-13 11:11:40'),('2025-11-13',333,1,0,2568,'C','1342200059359','2025-11-13 11:11:40'),('2025-11-13',444,1,0,2568,'C','1342200059359','2025-11-13 11:11:40'),('2025-11-13',1918,2,0,2568,'C','1342200059359','2025-11-13 11:11:45'),('2025-11-13',1919,2,0,2568,'C','1342200059359','2025-11-13 11:11:45'),('2025-11-13',1920,2,0,2568,'C','1342200059359','2025-11-13 11:11:45'),('2025-11-13',1921,2,0,2568,'C','1342200059359','2025-11-13 11:11:45'),('2025-11-13',1922,2,0,2568,'C','1342200059359','2025-11-13 11:11:45'),('2025-11-13',1923,2,0,2568,'C','1342200059359','2025-11-13 11:11:45'),('2025-11-13',1924,2,0,2568,'C','1342200059359','2025-11-13 11:11:45'),('2025-11-13',1925,2,0,2568,'C','1342200059359','2025-11-13 11:11:45'),('2025-11-13',1926,2,0,2568,'C','1342200059359','2025-11-13 11:11:45'),('2025-11-13',1927,2,0,2568,'C','1342200059359','2025-11-13 11:11:45'),('2025-11-13',1928,2,0,2568,'C','1342200059359','2025-11-13 11:11:45'),('2025-11-13',1929,2,0,2568,'C','1342200059359','2025-11-13 11:11:45'),('2025-11-13',1908,3,0,2568,'C','1342200059359','2025-11-13 11:11:51'),('2025-11-13',1909,3,0,2568,'C','1342200059359','2025-11-13 11:11:51'),('2025-11-13',1910,3,0,2568,'C','1342200059359','2025-11-13 11:11:51'),('2025-11-13',1911,3,0,2568,'C','1342200059359','2025-11-13 11:11:51'),('2025-11-13',1912,3,0,2568,'C','1342200059359','2025-11-13 11:11:51'),('2025-11-13',1913,3,0,2568,'C','1342200059359','2025-11-13 11:11:51'),('2025-11-13',1914,3,0,2568,'C','1342200059359','2025-11-13 11:11:51'),('2025-11-13',1915,3,0,2568,'C','1342200059359','2025-11-13 11:11:51'),('2025-11-13',1916,3,0,2568,'C','1342200059359','2025-11-13 11:11:51'),('2025-11-13',1010101,3,0,2568,'C','1342200059359','2025-11-13 11:11:51'),('2025-11-13',1895,4,0,2568,'C','1342200059359','2025-11-13 11:11:56'),('2025-11-13',3,4,0,2568,'C','1342200059359','2025-11-13 11:11:56'),('2025-11-13',1898,4,0,2568,'C','1342200059359','2025-11-13 11:11:56'),('2025-11-13',1900,4,0,2568,'C','1342200059359','2025-11-13 11:11:56'),('2025-11-13',1901,4,0,2568,'C','1342200059359','2025-11-13 11:11:56'),('2025-11-13',1902,4,0,2568,'C','1342200059359','2025-11-13 11:11:56'),('2025-11-13',1903,4,0,2568,'C','1342200059359','2025-11-13 11:11:56'),('2025-11-13',1904,4,0,2568,'C','1342200059359','2025-11-13 11:11:56'),('2025-11-13',1905,4,0,2568,'C','1342200059359','2025-11-13 11:11:56'),('2025-11-13',2000,5,0,2568,'C','1342200059359','2025-11-13 11:11:02'),('2025-11-13',2001,5,0,2568,'C','1342200059359','2025-11-13 11:11:02'),('2025-11-13',2002,5,0,2568,'C','1342200059359','2025-11-13 11:11:02'),('2025-11-13',2003,5,0,2568,'C','1342200059359','2025-11-13 11:11:02'),('2025-11-13',2005,5,0,2568,'C','1342200059359','2025-11-13 11:11:02'),('2025-11-13',2006,5,0,2568,'C','1342200059359','2025-11-13 11:11:02'),('2025-11-13',2007,5,0,2568,'C','1342200059359','2025-11-13 11:11:02'),('2025-11-13',2009,5,0,2568,'C','1342200059359','2025-11-13 11:11:02'),('2025-11-13',2010,5,0,2568,'C','1342200059359','2025-11-13 11:11:02'),('2025-11-13',2011,5,0,2568,'C','1342200059359','2025-11-13 11:11:02'),('2025-11-13',2012,5,0,2568,'C','1342200059359','2025-11-13 11:11:02'),('2025-11-13',1871,6,0,2568,'C','1342200059359','2025-11-13 11:11:08'),('2025-11-13',1872,6,0,2568,'C','1342200059359','2025-11-13 11:11:08'),('2025-11-13',1874,6,0,2568,'C','1342200059359','2025-11-13 11:11:08'),('2025-11-13',1860,7,0,2568,'C','1342200059359','2025-11-13 11:11:13'),('2025-11-13',1858,7,0,2568,'C','1342200059359','2025-11-13 11:11:13'),('2025-11-13',1857,7,0,2568,'C','1342200059359','2025-11-13 11:11:13'),('2025-11-13',1853,7,0,2568,'C','1342200059359','2025-11-13 11:11:13'),('2025-11-13',1850,7,0,2568,'C','1342200059359','2025-11-13 11:11:13'),('2025-11-13',1855,7,0,2568,'C','1342200059359','2025-11-13 11:11:13'),('2025-11-13',1856,7,0,2568,'C','1342200059359','2025-11-13 11:11:13'),('2025-11-13',1861,7,0,2568,'C','1342200059359','2025-11-13 11:11:13'),('2025-11-13',1854,7,0,2568,'C','1342200059359','2025-11-13 11:11:13'),('2025-11-13',1859,7,0,2568,'C','1342200059359','2025-11-13 11:11:13'),('2025-11-13',1851,7,0,2568,'C','1342200059359','2025-11-13 11:11:13'),('2025-11-13',0,7,0,2568,'C','1342200059359','2025-11-13 11:11:13'),('2025-11-13',1049,8,0,2568,'C','1342200059359','2025-11-13 11:11:18'),('2025-11-13',1050,8,0,2568,'C','1342200059359','2025-11-13 11:11:18'),('2025-11-13',1052,8,0,2568,'C','1342200059359','2025-11-13 11:11:18'),('2025-11-13',1053,8,0,2568,'C','1342200059359','2025-11-13 11:11:18'),('2025-11-13',1055,8,0,2568,'C','1342200059359','2025-11-13 11:11:18'),('2025-11-13',1056,8,0,2568,'C','1342200059359','2025-11-13 11:11:18'),('2025-11-13',1057,8,0,2568,'C','1342200059359','2025-11-13 11:11:18'),('2025-11-13',1058,8,0,2568,'C','1342200059359','2025-11-13 11:11:18'),('2025-11-13',1059,8,0,2568,'C','1342200059359','2025-11-13 11:11:18'),('2025-11-13',1060,8,0,2568,'C','1342200059359','2025-11-13 11:11:18'),('2025-11-13',1061,8,0,2568,'C','1342200059359','2025-11-13 11:11:18'),('2025-11-13',1062,8,0,2568,'C','1342200059359','2025-11-13 11:11:18'),('2025-11-13',1063,8,0,2568,'C','1342200059359','2025-11-13 11:11:18'),('2025-11-13',1444444,8,0,2568,'C','1342200059359','2025-11-13 11:11:18'),('2025-11-13',1906,8,0,2568,'C','1342200059359','2025-11-13 11:11:18'),('2025-11-13',777,8,0,2568,'C','1342200059359','2025-11-13 11:11:18'),('2025-11-13',1831,9,0,2568,'C','1342200059359','2025-11-13 11:11:26'),('2025-11-13',1832,9,0,2568,'C','1342200059359','2025-11-13 11:11:26'),('2025-11-13',1833,9,0,2568,'C','1342200059359','2025-11-13 11:11:26'),('2025-11-13',1834,9,0,2568,'C','1342200059359','2025-11-13 11:11:26'),('2025-11-13',1835,9,0,2568,'C','1342200059359','2025-11-13 11:11:26'),('2025-11-13',1836,9,0,2568,'C','1342200059359','2025-11-13 11:11:26'),('2025-11-13',1837,9,0,2568,'C','1342200059359','2025-11-13 11:11:26'),('2025-11-13',1838,9,0,2568,'C','1342200059359','2025-11-13 11:11:26'),('2025-11-13',1839,9,0,2568,'C','1342200059359','2025-11-13 11:11:26'),('2025-11-13',1841,9,0,2568,'C','1342200059359','2025-11-13 11:11:26'),('2025-11-13',1842,9,0,2568,'C','1342200059359','2025-11-13 11:11:26'),('2025-11-13',1843,9,0,2568,'C','1342200059359','2025-11-13 11:11:26'),('2025-11-13',1844,9,0,2568,'C','1342200059359','2025-11-13 11:11:26'),('2025-11-17',111,1,0,2568,'C','1342200059359','2025-11-17 09:11:28'),('2025-11-17',222,1,0,2568,'C','1342200059359','2025-11-17 09:11:28'),('2025-11-17',333,1,0,2568,'C','1342200059359','2025-11-17 09:11:28'),('2025-11-17',444,1,0,2568,'C','1342200059359','2025-11-17 09:11:28'),('2025-11-17',1918,2,0,2568,'C','1342200059359','2025-11-17 09:11:42'),('2025-11-17',1919,2,0,2568,'C','1342200059359','2025-11-17 09:11:42'),('2025-11-17',1920,2,0,2568,'C','1342200059359','2025-11-17 09:11:42'),('2025-11-17',1921,2,0,2568,'C','1342200059359','2025-11-17 09:11:42'),('2025-11-17',1922,2,0,2568,'C','1342200059359','2025-11-17 09:11:42'),('2025-11-17',1923,2,0,2568,'C','1342200059359','2025-11-17 09:11:42'),('2025-11-17',1924,2,0,2568,'C','1342200059359','2025-11-17 09:11:42'),('2025-11-17',1925,2,0,2568,'C','1342200059359','2025-11-17 09:11:42'),('2025-11-17',1926,2,0,2568,'C','1342200059359','2025-11-17 09:11:42'),('2025-11-17',1927,2,0,2568,'C','1342200059359','2025-11-17 09:11:42'),('2025-11-17',1928,2,0,2568,'C','1342200059359','2025-11-17 09:11:42'),('2025-11-17',1929,2,0,2568,'C','1342200059359','2025-11-17 09:11:42'),('2025-11-17',1908,3,0,2568,'C','1342200059359','2025-11-17 09:11:48'),('2025-11-17',1909,3,0,2568,'C','1342200059359','2025-11-17 09:11:48'),('2025-11-17',1910,3,0,2568,'C','1342200059359','2025-11-17 09:11:48'),('2025-11-17',1911,3,0,2568,'C','1342200059359','2025-11-17 09:11:48'),('2025-11-17',1912,3,0,2568,'C','1342200059359','2025-11-17 09:11:48'),('2025-11-17',1913,3,0,2568,'C','1342200059359','2025-11-17 09:11:48'),('2025-11-17',1914,3,0,2568,'C','1342200059359','2025-11-17 09:11:48'),('2025-11-17',1915,3,0,2568,'C','1342200059359','2025-11-17 09:11:48'),('2025-11-17',1916,3,0,2568,'C','1342200059359','2025-11-17 09:11:48'),('2025-11-17',1010101,3,0,2568,'C','1342200059359','2025-11-17 09:11:48'),('2025-11-17',1895,4,0,2568,'C','1342200059359','2025-11-17 09:11:57'),('2025-11-17',3,4,0,2568,'C','1342200059359','2025-11-17 09:11:57'),('2025-11-17',1898,4,0,2568,'C','1342200059359','2025-11-17 09:11:57'),('2025-11-17',1900,4,0,2568,'C','1342200059359','2025-11-17 09:11:57'),('2025-11-17',1901,4,0,2568,'C','1342200059359','2025-11-17 09:11:57'),('2025-11-17',1902,4,0,2568,'C','1342200059359','2025-11-17 09:11:57'),('2025-11-17',1903,4,0,2568,'C','1342200059359','2025-11-17 09:11:57'),('2025-11-17',1904,4,0,2568,'C','1342200059359','2025-11-17 09:11:57'),('2025-11-17',1905,4,0,2568,'C','1342200059359','2025-11-17 09:11:57'),('2025-11-17',2000,5,0,2568,'C','1342200059359','2025-11-17 09:11:10'),('2025-11-17',2001,5,0,2568,'C','1342200059359','2025-11-17 09:11:10'),('2025-11-17',2002,5,0,2568,'C','1342200059359','2025-11-17 09:11:10'),('2025-11-17',2003,5,0,2568,'C','1342200059359','2025-11-17 09:11:10'),('2025-11-17',2005,5,0,2568,'C','1342200059359','2025-11-17 09:11:10'),('2025-11-17',2006,5,0,2568,'C','1342200059359','2025-11-17 09:11:10'),('2025-11-17',2007,5,0,2568,'C','1342200059359','2025-11-17 09:11:10'),('2025-11-17',2009,5,0,2568,'C','1342200059359','2025-11-17 09:11:10'),('2025-11-17',2010,5,0,2568,'C','1342200059359','2025-11-17 09:11:10'),('2025-11-17',2011,5,0,2568,'C','1342200059359','2025-11-17 09:11:10'),('2025-11-17',2012,5,0,2568,'C','1342200059359','2025-11-17 09:11:10'),('2025-11-17',1860,7,0,2568,'C','1342200059359','2025-11-17 09:11:16'),('2025-11-17',1858,7,0,2568,'C','1342200059359','2025-11-17 09:11:16'),('2025-11-17',1857,7,0,2568,'C','1342200059359','2025-11-17 09:11:16'),('2025-11-17',1853,7,0,2568,'C','1342200059359','2025-11-17 09:11:16'),('2025-11-17',1850,7,0,2568,'C','1342200059359','2025-11-17 09:11:16'),('2025-11-17',1855,7,0,2568,'C','1342200059359','2025-11-17 09:11:16'),('2025-11-17',1856,7,0,2568,'C','1342200059359','2025-11-17 09:11:16'),('2025-11-17',1861,7,0,2568,'C','1342200059359','2025-11-17 09:11:16'),('2025-11-17',1854,7,0,2568,'C','1342200059359','2025-11-17 09:11:16'),('2025-11-17',1859,7,0,2568,'C','1342200059359','2025-11-17 09:11:16'),('2025-11-17',1851,7,0,2568,'C','1342200059359','2025-11-17 09:11:16'),('2025-11-17',0,7,0,2568,'C','1342200059359','2025-11-17 09:11:16'),('2025-11-17',1049,8,0,2568,'C','1342200059359','2025-11-17 09:11:20'),('2025-11-17',1050,8,0,2568,'C','1342200059359','2025-11-17 09:11:20'),('2025-11-17',1052,8,0,2568,'C','1342200059359','2025-11-17 09:11:20'),('2025-11-17',1053,8,0,2568,'C','1342200059359','2025-11-17 09:11:20'),('2025-11-17',1055,8,0,2568,'C','1342200059359','2025-11-17 09:11:20'),('2025-11-17',1056,8,0,2568,'C','1342200059359','2025-11-17 09:11:20'),('2025-11-17',1057,8,0,2568,'C','1342200059359','2025-11-17 09:11:20'),('2025-11-17',1058,8,0,2568,'C','1342200059359','2025-11-17 09:11:20'),('2025-11-17',1059,8,0,2568,'C','1342200059359','2025-11-17 09:11:20'),('2025-11-17',1060,8,0,2568,'C','1342200059359','2025-11-17 09:11:20'),('2025-11-17',1061,8,0,2568,'C','1342200059359','2025-11-17 09:11:20'),('2025-11-17',1062,8,0,2568,'C','1342200059359','2025-11-17 09:11:20'),('2025-11-17',1063,8,0,2568,'C','1342200059359','2025-11-17 09:11:20'),('2025-11-17',1444444,8,0,2568,'C','1342200059359','2025-11-17 09:11:20'),('2025-11-17',1906,8,0,2568,'C','1342200059359','2025-11-17 09:11:20'),('2025-11-17',777,8,0,2568,'C','1342200059359','2025-11-17 09:11:20'),('2025-11-17',1831,9,0,2568,'C','1342200059359','2025-11-17 09:11:26'),('2025-11-17',1832,9,0,2568,'C','1342200059359','2025-11-17 09:11:26'),('2025-11-17',1833,9,0,2568,'C','1342200059359','2025-11-17 09:11:26'),('2025-11-17',1834,9,0,2568,'C','1342200059359','2025-11-17 09:11:26'),('2025-11-17',1835,9,0,2568,'C','1342200059359','2025-11-17 09:11:26'),('2025-11-17',1836,9,0,2568,'C','1342200059359','2025-11-17 09:11:26'),('2025-11-17',1837,9,0,2568,'C','1342200059359','2025-11-17 09:11:26'),('2025-11-17',1838,9,0,2568,'C','1342200059359','2025-11-17 09:11:26'),('2025-11-17',1839,9,0,2568,'C','1342200059359','2025-11-17 09:11:26'),('2025-11-17',1841,9,0,2568,'C','1342200059359','2025-11-17 09:11:26'),('2025-11-17',1842,9,0,2568,'C','1342200059359','2025-11-17 09:11:26'),('2025-11-17',1843,9,0,2568,'C','1342200059359','2025-11-17 09:11:26'),('2025-11-17',1844,9,0,2568,'C','1342200059359','2025-11-17 09:11:26'),('2025-11-17',1871,6,0,2568,'C','1342200059359','2025-11-17 09:11:52'),('2025-11-17',1872,6,0,2568,'C','1342200059359','2025-11-17 09:11:52'),('2025-11-17',1874,6,0,2568,'C','1342200059359','2025-11-17 09:11:52'),('2025-11-18',111,1,0,2568,'C','1342200059359','2025-11-18 09:11:23'),('2025-11-18',222,1,0,2568,'C','1342200059359','2025-11-18 09:11:23'),('2025-11-18',333,1,0,2568,'C','1342200059359','2025-11-18 09:11:23'),('2025-11-18',444,1,0,2568,'C','1342200059359','2025-11-18 09:11:23'),('2025-11-18',1918,2,0,2568,'C','1342200059359','2025-11-18 09:11:27'),('2025-11-18',1919,2,0,2568,'C','1342200059359','2025-11-18 09:11:27'),('2025-11-18',1920,2,0,2568,'C','1342200059359','2025-11-18 09:11:27'),('2025-11-18',1921,2,0,2568,'C','1342200059359','2025-11-18 09:11:27'),('2025-11-18',1922,2,0,2568,'C','1342200059359','2025-11-18 09:11:27'),('2025-11-18',1923,2,0,2568,'C','1342200059359','2025-11-18 09:11:27'),('2025-11-18',1924,2,0,2568,'C','1342200059359','2025-11-18 09:11:27'),('2025-11-18',1925,2,0,2568,'C','1342200059359','2025-11-18 09:11:27'),('2025-11-18',1926,2,0,2568,'C','1342200059359','2025-11-18 09:11:27'),('2025-11-18',1927,2,0,2568,'C','1342200059359','2025-11-18 09:11:27'),('2025-11-18',1928,2,0,2568,'C','1342200059359','2025-11-18 09:11:27'),('2025-11-18',1929,2,0,2568,'C','1342200059359','2025-11-18 09:11:27'),('2025-11-18',1908,3,0,2568,'C','1342200059359','2025-11-18 09:11:32'),('2025-11-18',1909,3,0,2568,'C','1342200059359','2025-11-18 09:11:32'),('2025-11-18',1910,3,0,2568,'C','1342200059359','2025-11-18 09:11:32'),('2025-11-18',1911,3,0,2568,'C','1342200059359','2025-11-18 09:11:32'),('2025-11-18',1912,3,0,2568,'C','1342200059359','2025-11-18 09:11:32'),('2025-11-18',1913,3,0,2568,'C','1342200059359','2025-11-18 09:11:32'),('2025-11-18',1914,3,0,2568,'C','1342200059359','2025-11-18 09:11:32'),('2025-11-18',1915,3,0,2568,'C','1342200059359','2025-11-18 09:11:32'),('2025-11-18',1916,3,0,2568,'C','1342200059359','2025-11-18 09:11:32'),('2025-11-18',1010101,3,0,2568,'C','1342200059359','2025-11-18 09:11:32'),('2025-11-18',1895,4,0,2568,'C','1342200059359','2025-11-18 09:11:37'),('2025-11-18',3,4,0,2568,'C','1342200059359','2025-11-18 09:11:37'),('2025-11-18',1898,4,0,2568,'C','1342200059359','2025-11-18 09:11:37'),('2025-11-18',1900,4,0,2568,'C','1342200059359','2025-11-18 09:11:37'),('2025-11-18',1901,4,0,2568,'C','1342200059359','2025-11-18 09:11:37'),('2025-11-18',1902,4,0,2568,'C','1342200059359','2025-11-18 09:11:37'),('2025-11-18',1903,4,0,2568,'C','1342200059359','2025-11-18 09:11:37'),('2025-11-18',1904,4,0,2568,'C','1342200059359','2025-11-18 09:11:37'),('2025-11-18',1905,4,0,2568,'C','1342200059359','2025-11-18 09:11:37'),('2025-11-18',2000,5,0,2568,'C','1342200059359','2025-11-18 09:11:44'),('2025-11-18',2001,5,0,2568,'C','1342200059359','2025-11-18 09:11:44'),('2025-11-18',2002,5,0,2568,'C','1342200059359','2025-11-18 09:11:44'),('2025-11-18',2003,5,0,2568,'C','1342200059359','2025-11-18 09:11:44'),('2025-11-18',2005,5,0,2568,'C','1342200059359','2025-11-18 09:11:44'),('2025-11-18',2006,5,0,2568,'C','1342200059359','2025-11-18 09:11:44'),('2025-11-18',2007,5,0,2568,'C','1342200059359','2025-11-18 09:11:44'),('2025-11-18',2009,5,0,2568,'C','1342200059359','2025-11-18 09:11:44'),('2025-11-18',2010,5,0,2568,'C','1342200059359','2025-11-18 09:11:44'),('2025-11-18',2011,5,0,2568,'C','1342200059359','2025-11-18 09:11:44'),('2025-11-18',2012,5,0,2568,'C','1342200059359','2025-11-18 09:11:44'),('2025-11-18',1871,6,0,2568,'C','1342200059359','2025-11-18 09:11:49'),('2025-11-18',1872,6,0,2568,'C','1342200059359','2025-11-18 09:11:49'),('2025-11-18',1874,6,0,2568,'C','1342200059359','2025-11-18 09:11:49'),('2025-11-18',1860,7,0,2568,'C','1342200059359','2025-11-18 09:11:55'),('2025-11-18',1858,7,0,2568,'C','1342200059359','2025-11-18 09:11:55'),('2025-11-18',1857,7,0,2568,'C','1342200059359','2025-11-18 09:11:55'),('2025-11-18',1853,7,0,2568,'C','1342200059359','2025-11-18 09:11:55'),('2025-11-18',1850,7,0,2568,'C','1342200059359','2025-11-18 09:11:55'),('2025-11-18',1855,7,0,2568,'C','1342200059359','2025-11-18 09:11:55'),('2025-11-18',1856,7,0,2568,'C','1342200059359','2025-11-18 09:11:55'),('2025-11-18',1861,7,0,2568,'C','1342200059359','2025-11-18 09:11:55'),('2025-11-18',1854,7,0,2568,'C','1342200059359','2025-11-18 09:11:55'),('2025-11-18',1859,7,0,2568,'C','1342200059359','2025-11-18 09:11:55'),('2025-11-18',1851,7,0,2568,'C','1342200059359','2025-11-18 09:11:55'),('2025-11-18',0,7,0,2568,'C','1342200059359','2025-11-18 09:11:55'),('2025-11-18',1049,8,0,2568,'C','1342200059359','2025-11-18 09:11:00'),('2025-11-18',1050,8,0,2568,'C','1342200059359','2025-11-18 09:11:00'),('2025-11-18',1052,8,0,2568,'C','1342200059359','2025-11-18 09:11:00'),('2025-11-18',1053,8,0,2568,'C','1342200059359','2025-11-18 09:11:00'),('2025-11-18',1055,8,0,2568,'C','1342200059359','2025-11-18 09:11:00'),('2025-11-18',1056,8,0,2568,'C','1342200059359','2025-11-18 09:11:00'),('2025-11-18',1057,8,0,2568,'C','1342200059359','2025-11-18 09:11:00'),('2025-11-18',1058,8,0,2568,'C','1342200059359','2025-11-18 09:11:00'),('2025-11-18',1059,8,0,2568,'C','1342200059359','2025-11-18 09:11:00'),('2025-11-18',1060,8,0,2568,'C','1342200059359','2025-11-18 09:11:00'),('2025-11-18',1061,8,0,2568,'C','1342200059359','2025-11-18 09:11:00'),('2025-11-18',1062,8,0,2568,'C','1342200059359','2025-11-18 09:11:00'),('2025-11-18',1063,8,0,2568,'C','1342200059359','2025-11-18 09:11:00'),('2025-11-18',1444444,8,0,2568,'C','1342200059359','2025-11-18 09:11:00'),('2025-11-18',1906,8,0,2568,'C','1342200059359','2025-11-18 09:11:00'),('2025-11-18',777,8,0,2568,'C','1342200059359','2025-11-18 09:11:00'),('2025-11-18',1831,9,0,2568,'C','1342200059359','2025-11-18 09:11:46'),('2025-11-18',1832,9,0,2568,'C','1342200059359','2025-11-18 09:11:46'),('2025-11-18',1833,9,0,2568,'C','1342200059359','2025-11-18 09:11:46'),('2025-11-18',1834,9,0,2568,'C','1342200059359','2025-11-18 09:11:46'),('2025-11-18',1835,9,0,2568,'C','1342200059359','2025-11-18 09:11:46'),('2025-11-18',1836,9,0,2568,'C','1342200059359','2025-11-18 09:11:46'),('2025-11-18',1837,9,0,2568,'C','1342200059359','2025-11-18 09:11:46'),('2025-11-18',1838,9,0,2568,'C','1342200059359','2025-11-18 09:11:46'),('2025-11-18',1839,9,0,2568,'C','1342200059359','2025-11-18 09:11:46'),('2025-11-18',1841,9,0,2568,'C','1342200059359','2025-11-18 09:11:46'),('2025-11-18',1842,9,0,2568,'C','1342200059359','2025-11-18 09:11:46'),('2025-11-18',1843,9,0,2568,'C','1342200059359','2025-11-18 09:11:46'),('2025-11-18',1844,9,0,2568,'C','1342200059359','2025-11-18 09:11:46'),('2025-11-19',111,1,0,2568,'C','1342200059359','2025-11-19 09:11:21'),('2025-11-19',222,1,0,2568,'C','1342200059359','2025-11-19 09:11:21'),('2025-11-19',333,1,0,2568,'C','1342200059359','2025-11-19 09:11:21'),('2025-11-19',444,1,0,2568,'C','1342200059359','2025-11-19 09:11:21'),('2025-11-19',1918,2,0,2568,'C','1342200059359','2025-11-19 09:11:26'),('2025-11-19',1919,2,0,2568,'C','1342200059359','2025-11-19 09:11:26'),('2025-11-19',1920,2,0,2568,'C','1342200059359','2025-11-19 09:11:26'),('2025-11-19',1921,2,0,2568,'C','1342200059359','2025-11-19 09:11:26'),('2025-11-19',1922,2,0,2568,'C','1342200059359','2025-11-19 09:11:26'),('2025-11-19',1923,2,0,2568,'C','1342200059359','2025-11-19 09:11:26'),('2025-11-19',1924,2,0,2568,'C','1342200059359','2025-11-19 09:11:26'),('2025-11-19',1925,2,0,2568,'C','1342200059359','2025-11-19 09:11:26'),('2025-11-19',1926,2,0,2568,'C','1342200059359','2025-11-19 09:11:26'),('2025-11-19',1927,2,0,2568,'C','1342200059359','2025-11-19 09:11:26'),('2025-11-19',1928,2,0,2568,'C','1342200059359','2025-11-19 09:11:26'),('2025-11-19',1929,2,0,2568,'C','1342200059359','2025-11-19 09:11:26'),('2025-11-19',1908,3,0,2568,'C','1342200059359','2025-11-19 09:11:33'),('2025-11-19',1909,3,0,2568,'C','1342200059359','2025-11-19 09:11:33'),('2025-11-19',1910,3,0,2568,'C','1342200059359','2025-11-19 09:11:33'),('2025-11-19',1911,3,0,2568,'C','1342200059359','2025-11-19 09:11:33'),('2025-11-19',1912,3,0,2568,'C','1342200059359','2025-11-19 09:11:33'),('2025-11-19',1913,3,0,2568,'C','1342200059359','2025-11-19 09:11:33'),('2025-11-19',1914,3,0,2568,'C','1342200059359','2025-11-19 09:11:33'),('2025-11-19',1915,3,0,2568,'C','1342200059359','2025-11-19 09:11:33'),('2025-11-19',1916,3,0,2568,'C','1342200059359','2025-11-19 09:11:33'),('2025-11-19',1010101,3,0,2568,'C','1342200059359','2025-11-19 09:11:33'),('2025-11-19',1895,4,0,2568,'C','1342200059359','2025-11-19 09:11:38'),('2025-11-19',3,4,0,2568,'C','1342200059359','2025-11-19 09:11:38'),('2025-11-19',1898,4,0,2568,'C','1342200059359','2025-11-19 09:11:38'),('2025-11-19',1900,4,0,2568,'C','1342200059359','2025-11-19 09:11:38'),('2025-11-19',1901,4,0,2568,'C','1342200059359','2025-11-19 09:11:38'),('2025-11-19',1902,4,0,2568,'C','1342200059359','2025-11-19 09:11:38'),('2025-11-19',1903,4,0,2568,'C','1342200059359','2025-11-19 09:11:38'),('2025-11-19',1904,4,0,2568,'C','1342200059359','2025-11-19 09:11:38'),('2025-11-19',1905,4,0,2568,'C','1342200059359','2025-11-19 09:11:38'),('2025-11-19',2000,5,0,2568,'C','1342200059359','2025-11-19 09:11:43'),('2025-11-19',2001,5,0,2568,'C','1342200059359','2025-11-19 09:11:43'),('2025-11-19',2002,5,0,2568,'C','1342200059359','2025-11-19 09:11:43'),('2025-11-19',2003,5,0,2568,'C','1342200059359','2025-11-19 09:11:43'),('2025-11-19',2005,5,0,2568,'C','1342200059359','2025-11-19 09:11:43'),('2025-11-19',2006,5,0,2568,'C','1342200059359','2025-11-19 09:11:43'),('2025-11-19',2007,5,0,2568,'C','1342200059359','2025-11-19 09:11:43'),('2025-11-19',2009,5,0,2568,'C','1342200059359','2025-11-19 09:11:43'),('2025-11-19',2010,5,0,2568,'C','1342200059359','2025-11-19 09:11:43'),('2025-11-19',2011,5,0,2568,'C','1342200059359','2025-11-19 09:11:43'),('2025-11-19',2012,5,0,2568,'C','1342200059359','2025-11-19 09:11:43'),('2025-11-19',1871,6,0,2568,'C','1342200059359','2025-11-19 09:11:49'),('2025-11-19',1872,6,0,2568,'C','1342200059359','2025-11-19 09:11:49'),('2025-11-19',1874,6,0,2568,'C','1342200059359','2025-11-19 09:11:49'),('2025-11-19',1860,7,0,2568,'C','1342200059359','2025-11-19 09:11:57'),('2025-11-19',1858,7,0,2568,'C','1342200059359','2025-11-19 09:11:57'),('2025-11-19',1857,7,0,2568,'C','1342200059359','2025-11-19 09:11:57'),('2025-11-19',1853,7,0,2568,'C','1342200059359','2025-11-19 09:11:57'),('2025-11-19',1850,7,0,2568,'C','1342200059359','2025-11-19 09:11:57'),('2025-11-19',1855,7,0,2568,'C','1342200059359','2025-11-19 09:11:57'),('2025-11-19',1856,7,0,2568,'C','1342200059359','2025-11-19 09:11:57'),('2025-11-19',1861,7,0,2568,'C','1342200059359','2025-11-19 09:11:57'),('2025-11-19',1854,7,0,2568,'C','1342200059359','2025-11-19 09:11:57'),('2025-11-19',1859,7,0,2568,'C','1342200059359','2025-11-19 09:11:57'),('2025-11-19',1851,7,0,2568,'C','1342200059359','2025-11-19 09:11:57'),('2025-11-19',0,7,0,2568,'C','1342200059359','2025-11-19 09:11:57'),('2025-11-19',1049,8,0,2568,'C','1342200059359','2025-11-19 09:11:02'),('2025-11-19',1050,8,0,2568,'C','1342200059359','2025-11-19 09:11:02'),('2025-11-19',1052,8,0,2568,'C','1342200059359','2025-11-19 09:11:02'),('2025-11-19',1053,8,0,2568,'C','1342200059359','2025-11-19 09:11:02'),('2025-11-19',1055,8,0,2568,'C','1342200059359','2025-11-19 09:11:02'),('2025-11-19',1056,8,0,2568,'C','1342200059359','2025-11-19 09:11:02'),('2025-11-19',1057,8,0,2568,'C','1342200059359','2025-11-19 09:11:02'),('2025-11-19',1058,8,0,2568,'C','1342200059359','2025-11-19 09:11:02'),('2025-11-19',1059,8,0,2568,'C','1342200059359','2025-11-19 09:11:02'),('2025-11-19',1060,8,0,2568,'C','1342200059359','2025-11-19 09:11:02'),('2025-11-19',1061,8,0,2568,'C','1342200059359','2025-11-19 09:11:02'),('2025-11-19',1062,8,0,2568,'C','1342200059359','2025-11-19 09:11:02'),('2025-11-19',1063,8,0,2568,'C','1342200059359','2025-11-19 09:11:02'),('2025-11-19',1444444,8,0,2568,'C','1342200059359','2025-11-19 09:11:02'),('2025-11-19',1906,8,0,2568,'C','1342200059359','2025-11-19 09:11:02'),('2025-11-19',777,8,0,2568,'C','1342200059359','2025-11-19 09:11:02'),('2025-11-19',1831,9,0,2568,'C','1342200059359','2025-11-19 09:11:07'),('2025-11-19',1832,9,0,2568,'C','1342200059359','2025-11-19 09:11:07'),('2025-11-19',1833,9,0,2568,'C','1342200059359','2025-11-19 09:11:07'),('2025-11-19',1834,9,0,2568,'C','1342200059359','2025-11-19 09:11:07'),('2025-11-19',1835,9,0,2568,'C','1342200059359','2025-11-19 09:11:07'),('2025-11-19',1836,9,0,2568,'C','1342200059359','2025-11-19 09:11:07'),('2025-11-19',1837,9,0,2568,'C','1342200059359','2025-11-19 09:11:07'),('2025-11-19',1838,9,0,2568,'C','1342200059359','2025-11-19 09:11:07'),('2025-11-19',1839,9,0,2568,'C','1342200059359','2025-11-19 09:11:07'),('2025-11-19',1841,9,0,2568,'C','1342200059359','2025-11-19 09:11:07'),('2025-11-19',1842,9,0,2568,'C','1342200059359','2025-11-19 09:11:07'),('2025-11-19',1843,9,0,2568,'C','1342200059359','2025-11-19 09:11:07'),('2025-11-19',1844,9,0,2568,'C','1342200059359','2025-11-19 09:11:07'),('2025-11-21',111,1,0,2568,'C','1342200059359','2025-11-21 11:11:50'),('2025-11-21',222,1,0,2568,'C','1342200059359','2025-11-21 11:11:50'),('2025-11-21',333,1,0,2568,'C','1342200059359','2025-11-21 11:11:50'),('2025-11-21',444,1,0,2568,'C','1342200059359','2025-11-21 11:11:50'),('2025-11-21',1918,2,0,2568,'C','1342200059359','2025-11-21 11:11:56'),('2025-11-21',1919,2,0,2568,'C','1342200059359','2025-11-21 11:11:56'),('2025-11-21',1920,2,0,2568,'C','1342200059359','2025-11-21 11:11:56'),('2025-11-21',1921,2,0,2568,'C','1342200059359','2025-11-21 11:11:56'),('2025-11-21',1922,2,0,2568,'C','1342200059359','2025-11-21 11:11:56'),('2025-11-21',1923,2,0,2568,'C','1342200059359','2025-11-21 11:11:56'),('2025-11-21',1924,2,0,2568,'C','1342200059359','2025-11-21 11:11:56'),('2025-11-21',1925,2,0,2568,'C','1342200059359','2025-11-21 11:11:56'),('2025-11-21',1926,2,0,2568,'C','1342200059359','2025-11-21 11:11:56'),('2025-11-21',1927,2,0,2568,'C','1342200059359','2025-11-21 11:11:56'),('2025-11-21',1928,2,0,2568,'C','1342200059359','2025-11-21 11:11:56'),('2025-11-21',1929,2,0,2568,'C','1342200059359','2025-11-21 11:11:56'),('2025-11-21',1908,3,0,2568,'C','1342200059359','2025-11-21 11:11:01'),('2025-11-21',1909,3,0,2568,'C','1342200059359','2025-11-21 11:11:01'),('2025-11-21',1910,3,0,2568,'C','1342200059359','2025-11-21 11:11:01'),('2025-11-21',1911,3,0,2568,'C','1342200059359','2025-11-21 11:11:01'),('2025-11-21',1912,3,0,2568,'C','1342200059359','2025-11-21 11:11:01'),('2025-11-21',1913,3,0,2568,'C','1342200059359','2025-11-21 11:11:01'),('2025-11-21',1914,3,0,2568,'C','1342200059359','2025-11-21 11:11:01'),('2025-11-21',1915,3,0,2568,'C','1342200059359','2025-11-21 11:11:01'),('2025-11-21',1916,3,0,2568,'C','1342200059359','2025-11-21 11:11:01'),('2025-11-21',1010101,3,0,2568,'C','1342200059359','2025-11-21 11:11:01'),('2025-11-21',1895,4,0,2568,'C','1342200059359','2025-11-21 11:11:06'),('2025-11-21',3,4,0,2568,'C','1342200059359','2025-11-21 11:11:06'),('2025-11-21',1898,4,0,2568,'C','1342200059359','2025-11-21 11:11:06'),('2025-11-21',1900,4,0,2568,'C','1342200059359','2025-11-21 11:11:06'),('2025-11-21',1901,4,0,2568,'C','1342200059359','2025-11-21 11:11:06'),('2025-11-21',1902,4,0,2568,'C','1342200059359','2025-11-21 11:11:06'),('2025-11-21',1903,4,0,2568,'C','1342200059359','2025-11-21 11:11:06'),('2025-11-21',1904,4,0,2568,'C','1342200059359','2025-11-21 11:11:06'),('2025-11-21',1905,4,0,2568,'C','1342200059359','2025-11-21 11:11:06'),('2025-11-21',2000,5,0,2568,'C','1342200059359','2025-11-21 11:11:12'),('2025-11-21',2001,5,0,2568,'C','1342200059359','2025-11-21 11:11:12'),('2025-11-21',2002,5,0,2568,'C','1342200059359','2025-11-21 11:11:12'),('2025-11-21',2003,5,0,2568,'C','1342200059359','2025-11-21 11:11:12'),('2025-11-21',2005,5,0,2568,'C','1342200059359','2025-11-21 11:11:12'),('2025-11-21',2006,5,0,2568,'C','1342200059359','2025-11-21 11:11:12'),('2025-11-21',2007,5,0,2568,'C','1342200059359','2025-11-21 11:11:12'),('2025-11-21',2009,5,0,2568,'C','1342200059359','2025-11-21 11:11:12'),('2025-11-21',2010,5,0,2568,'C','1342200059359','2025-11-21 11:11:12'),('2025-11-21',2011,5,0,2568,'C','1342200059359','2025-11-21 11:11:12'),('2025-11-21',2012,5,0,2568,'C','1342200059359','2025-11-21 11:11:12'),('2025-11-21',1860,7,0,2568,'C','1342200059359','2025-11-21 11:11:16'),('2025-11-21',1858,7,0,2568,'C','1342200059359','2025-11-21 11:11:16'),('2025-11-21',1857,7,0,2568,'C','1342200059359','2025-11-21 11:11:16'),('2025-11-21',1853,7,0,2568,'C','1342200059359','2025-11-21 11:11:16'),('2025-11-21',1850,7,0,2568,'C','1342200059359','2025-11-21 11:11:16'),('2025-11-21',1855,7,0,2568,'C','1342200059359','2025-11-21 11:11:16'),('2025-11-21',1856,7,0,2568,'C','1342200059359','2025-11-21 11:11:16'),('2025-11-21',1861,7,0,2568,'C','1342200059359','2025-11-21 11:11:16'),('2025-11-21',1854,7,0,2568,'C','1342200059359','2025-11-21 11:11:16'),('2025-11-21',1859,7,0,2568,'C','1342200059359','2025-11-21 11:11:16'),('2025-11-21',1851,7,0,2568,'C','1342200059359','2025-11-21 11:11:16'),('2025-11-21',0,7,0,2568,'C','1342200059359','2025-11-21 11:11:16'),('2025-11-21',1871,6,0,2568,'C','1342200059359','2025-11-21 11:11:21'),('2025-11-21',1872,6,0,2568,'C','1342200059359','2025-11-21 11:11:21'),('2025-11-21',1874,6,0,2568,'C','1342200059359','2025-11-21 11:11:21'),('2025-11-21',1049,8,0,2568,'C','1342200059359','2025-11-21 11:11:26'),('2025-11-21',1050,8,0,2568,'C','1342200059359','2025-11-21 11:11:26'),('2025-11-21',1052,8,0,2568,'C','1342200059359','2025-11-21 11:11:26'),('2025-11-21',1053,8,0,2568,'C','1342200059359','2025-11-21 11:11:26'),('2025-11-21',1055,8,0,2568,'C','1342200059359','2025-11-21 11:11:26'),('2025-11-21',1056,8,0,2568,'C','1342200059359','2025-11-21 11:11:26'),('2025-11-21',1057,8,0,2568,'C','1342200059359','2025-11-21 11:11:26'),('2025-11-21',1058,8,0,2568,'C','1342200059359','2025-11-21 11:11:26'),('2025-11-21',1059,8,0,2568,'C','1342200059359','2025-11-21 11:11:26'),('2025-11-21',1060,8,0,2568,'C','1342200059359','2025-11-21 11:11:26'),('2025-11-21',1061,8,0,2568,'C','1342200059359','2025-11-21 11:11:26'),('2025-11-21',1062,8,0,2568,'C','1342200059359','2025-11-21 11:11:26'),('2025-11-21',1063,8,0,2568,'C','1342200059359','2025-11-21 11:11:26'),('2025-11-21',1444444,8,0,2568,'C','1342200059359','2025-11-21 11:11:26'),('2025-11-21',1906,8,0,2568,'C','1342200059359','2025-11-21 11:11:26'),('2025-11-21',777,8,0,2568,'C','1342200059359','2025-11-21 11:11:26'),('2025-11-21',1831,9,0,2568,'C','1342200059359','2025-11-21 11:11:31'),('2025-11-21',1832,9,0,2568,'C','1342200059359','2025-11-21 11:11:31'),('2025-11-21',1833,9,0,2568,'C','1342200059359','2025-11-21 11:11:31'),('2025-11-21',1834,9,0,2568,'C','1342200059359','2025-11-21 11:11:31'),('2025-11-21',1835,9,0,2568,'C','1342200059359','2025-11-21 11:11:31'),('2025-11-21',1836,9,0,2568,'C','1342200059359','2025-11-21 11:11:31'),('2025-11-21',1837,9,0,2568,'C','1342200059359','2025-11-21 11:11:31'),('2025-11-21',1838,9,0,2568,'C','1342200059359','2025-11-21 11:11:31'),('2025-11-21',1839,9,0,2568,'C','1342200059359','2025-11-21 11:11:31'),('2025-11-21',1841,9,0,2568,'C','1342200059359','2025-11-21 11:11:31'),('2025-11-21',1842,9,0,2568,'C','1342200059359','2025-11-21 11:11:31'),('2025-11-21',1843,9,0,2568,'C','1342200059359','2025-11-21 11:11:31'),('2025-11-21',1844,9,0,2568,'C','1342200059359','2025-11-21 11:11:31'),('2025-11-25',111,1,0,2568,'C','1342200059359','2025-11-25 09:11:47'),('2025-11-25',222,1,0,2568,'C','1342200059359','2025-11-25 09:11:47'),('2025-11-25',333,1,0,2568,'C','1342200059359','2025-11-25 09:11:47'),('2025-11-25',444,1,0,2568,'C','1342200059359','2025-11-25 09:11:47'),('2025-11-25',1918,2,0,2568,'C','1342200059359','2025-11-25 09:11:53'),('2025-11-25',1919,2,0,2568,'C','1342200059359','2025-11-25 09:11:53'),('2025-11-25',1920,2,0,2568,'C','1342200059359','2025-11-25 09:11:53'),('2025-11-25',1921,2,0,2568,'C','1342200059359','2025-11-25 09:11:53'),('2025-11-25',1922,2,0,2568,'C','1342200059359','2025-11-25 09:11:53'),('2025-11-25',1923,2,0,2568,'C','1342200059359','2025-11-25 09:11:53'),('2025-11-25',1924,2,0,2568,'C','1342200059359','2025-11-25 09:11:53'),('2025-11-25',1925,2,0,2568,'C','1342200059359','2025-11-25 09:11:53'),('2025-11-25',1926,2,0,2568,'C','1342200059359','2025-11-25 09:11:53'),('2025-11-25',1927,2,0,2568,'C','1342200059359','2025-11-25 09:11:53'),('2025-11-25',1928,2,0,2568,'C','1342200059359','2025-11-25 09:11:53'),('2025-11-25',1929,2,0,2568,'C','1342200059359','2025-11-25 09:11:53'),('2025-11-25',1908,3,0,2568,'C','1342200059359','2025-11-25 09:11:59'),('2025-11-25',1909,3,0,2568,'C','1342200059359','2025-11-25 09:11:59'),('2025-11-25',1910,3,0,2568,'C','1342200059359','2025-11-25 09:11:59'),('2025-11-25',1911,3,0,2568,'C','1342200059359','2025-11-25 09:11:59'),('2025-11-25',1912,3,0,2568,'C','1342200059359','2025-11-25 09:11:59'),('2025-11-25',1913,3,0,2568,'C','1342200059359','2025-11-25 09:11:59'),('2025-11-25',1914,3,0,2568,'C','1342200059359','2025-11-25 09:11:59'),('2025-11-25',1915,3,0,2568,'C','1342200059359','2025-11-25 09:11:59'),('2025-11-25',1916,3,0,2568,'C','1342200059359','2025-11-25 09:11:59'),('2025-11-25',1010101,3,0,2568,'C','1342200059359','2025-11-25 09:11:59'),('2025-11-25',1895,4,0,2568,'C','1342200059359','2025-11-25 09:11:04'),('2025-11-25',3,4,0,2568,'C','1342200059359','2025-11-25 09:11:04'),('2025-11-25',1898,4,0,2568,'C','1342200059359','2025-11-25 09:11:04'),('2025-11-25',1900,4,0,2568,'C','1342200059359','2025-11-25 09:11:04'),('2025-11-25',1901,4,0,2568,'C','1342200059359','2025-11-25 09:11:04'),('2025-11-25',1902,4,0,2568,'C','1342200059359','2025-11-25 09:11:04'),('2025-11-25',1903,4,0,2568,'C','1342200059359','2025-11-25 09:11:04'),('2025-11-25',1904,4,0,2568,'C','1342200059359','2025-11-25 09:11:04'),('2025-11-25',1905,4,0,2568,'C','1342200059359','2025-11-25 09:11:04'),('2025-11-25',2000,5,0,2568,'C','1342200059359','2025-11-25 09:11:10'),('2025-11-25',2001,5,0,2568,'C','1342200059359','2025-11-25 09:11:10'),('2025-11-25',2002,5,0,2568,'C','1342200059359','2025-11-25 09:11:10'),('2025-11-25',2003,5,0,2568,'C','1342200059359','2025-11-25 09:11:10'),('2025-11-25',2005,5,0,2568,'C','1342200059359','2025-11-25 09:11:10'),('2025-11-25',2006,5,0,2568,'C','1342200059359','2025-11-25 09:11:10'),('2025-11-25',2007,5,0,2568,'C','1342200059359','2025-11-25 09:11:10'),('2025-11-25',2009,5,0,2568,'C','1342200059359','2025-11-25 09:11:10'),('2025-11-25',2010,5,0,2568,'C','1342200059359','2025-11-25 09:11:10'),('2025-11-25',2011,5,0,2568,'C','1342200059359','2025-11-25 09:11:10'),('2025-11-25',2012,5,0,2568,'C','1342200059359','2025-11-25 09:11:10'),('2025-11-25',1871,6,0,2568,'C','1342200059359','2025-11-25 09:11:17'),('2025-11-25',1872,6,0,2568,'C','1342200059359','2025-11-25 09:11:17'),('2025-11-25',1874,6,0,2568,'C','1342200059359','2025-11-25 09:11:17'),('2025-11-25',1860,7,0,2568,'C','1342200059359','2025-11-25 09:11:23'),('2025-11-25',1858,7,0,2568,'C','1342200059359','2025-11-25 09:11:23'),('2025-11-25',1857,7,0,2568,'C','1342200059359','2025-11-25 09:11:23'),('2025-11-25',1853,7,0,2568,'C','1342200059359','2025-11-25 09:11:23'),('2025-11-25',1850,7,0,2568,'C','1342200059359','2025-11-25 09:11:23'),('2025-11-25',1855,7,0,2568,'C','1342200059359','2025-11-25 09:11:23'),('2025-11-25',1856,7,0,2568,'C','1342200059359','2025-11-25 09:11:23'),('2025-11-25',1861,7,0,2568,'C','1342200059359','2025-11-25 09:11:23'),('2025-11-25',1854,7,0,2568,'C','1342200059359','2025-11-25 09:11:23'),('2025-11-25',1859,7,0,2568,'C','1342200059359','2025-11-25 09:11:23'),('2025-11-25',1851,7,0,2568,'C','1342200059359','2025-11-25 09:11:23'),('2025-11-25',0,7,0,2568,'C','1342200059359','2025-11-25 09:11:23'),('2025-11-25',1049,8,0,2568,'C','1342200059359','2025-11-25 09:11:30'),('2025-11-25',1050,8,0,2568,'C','1342200059359','2025-11-25 09:11:30'),('2025-11-25',1052,8,0,2568,'C','1342200059359','2025-11-25 09:11:30'),('2025-11-25',1053,8,0,2568,'C','1342200059359','2025-11-25 09:11:30'),('2025-11-25',1055,8,0,2568,'C','1342200059359','2025-11-25 09:11:30'),('2025-11-25',1056,8,0,2568,'C','1342200059359','2025-11-25 09:11:30'),('2025-11-25',1057,8,0,2568,'C','1342200059359','2025-11-25 09:11:30'),('2025-11-25',1058,8,0,2568,'C','1342200059359','2025-11-25 09:11:30'),('2025-11-25',1059,8,0,2568,'C','1342200059359','2025-11-25 09:11:30'),('2025-11-25',1060,8,0,2568,'C','1342200059359','2025-11-25 09:11:30'),('2025-11-25',1061,8,0,2568,'C','1342200059359','2025-11-25 09:11:30'),('2025-11-25',1062,8,0,2568,'C','1342200059359','2025-11-25 09:11:30'),('2025-11-25',1063,8,0,2568,'C','1342200059359','2025-11-25 09:11:30'),('2025-11-25',1444444,8,0,2568,'C','1342200059359','2025-11-25 09:11:30'),('2025-11-25',1906,8,0,2568,'C','1342200059359','2025-11-25 09:11:30'),('2025-11-25',777,8,0,2568,'C','1342200059359','2025-11-25 09:11:30'),('2025-11-25',1831,9,0,2568,'C','1342200059359','2025-11-25 09:11:37'),('2025-11-25',1832,9,0,2568,'C','1342200059359','2025-11-25 09:11:37'),('2025-11-25',1833,9,0,2568,'C','1342200059359','2025-11-25 09:11:37'),('2025-11-25',1834,9,0,2568,'C','1342200059359','2025-11-25 09:11:37'),('2025-11-25',1835,9,0,2568,'C','1342200059359','2025-11-25 09:11:37'),('2025-11-25',1836,9,0,2568,'C','1342200059359','2025-11-25 09:11:37'),('2025-11-25',1837,9,0,2568,'C','1342200059359','2025-11-25 09:11:37'),('2025-11-25',1838,9,0,2568,'C','1342200059359','2025-11-25 09:11:37'),('2025-11-25',1839,9,0,2568,'C','1342200059359','2025-11-25 09:11:37'),('2025-11-25',1841,9,0,2568,'C','1342200059359','2025-11-25 09:11:37'),('2025-11-25',1842,9,0,2568,'C','1342200059359','2025-11-25 09:11:37'),('2025-11-25',1843,9,0,2568,'C','1342200059359','2025-11-25 09:11:37'),('2025-11-25',1844,9,0,2568,'C','1342200059359','2025-11-25 09:11:37'),('2025-11-24',111,1,0,2568,'C','1342200059359','2025-11-25 09:11:52'),('2025-11-24',222,1,0,2568,'C','1342200059359','2025-11-25 09:11:52'),('2025-11-24',333,1,0,2568,'C','1342200059359','2025-11-25 09:11:52'),('2025-11-24',444,1,0,2568,'C','1342200059359','2025-11-25 09:11:52'),('2025-11-24',1918,2,0,2568,'C','1342200059359','2025-11-25 09:11:00'),('2025-11-24',1919,2,0,2568,'C','1342200059359','2025-11-25 09:11:00'),('2025-11-24',1920,2,0,2568,'C','1342200059359','2025-11-25 09:11:00'),('2025-11-24',1921,2,0,2568,'C','1342200059359','2025-11-25 09:11:00'),('2025-11-24',1922,2,0,2568,'C','1342200059359','2025-11-25 09:11:00'),('2025-11-24',1923,2,0,2568,'C','1342200059359','2025-11-25 09:11:00'),('2025-11-24',1924,2,0,2568,'C','1342200059359','2025-11-25 09:11:00'),('2025-11-24',1925,2,0,2568,'C','1342200059359','2025-11-25 09:11:00'),('2025-11-24',1926,2,0,2568,'C','1342200059359','2025-11-25 09:11:00'),('2025-11-24',1927,2,0,2568,'C','1342200059359','2025-11-25 09:11:00'),('2025-11-24',1928,2,0,2568,'C','1342200059359','2025-11-25 09:11:00'),('2025-11-24',1929,2,0,2568,'C','1342200059359','2025-11-25 09:11:00'),('2025-11-24',1908,3,0,2568,'C','1342200059359','2025-11-25 09:11:10'),('2025-11-24',1909,3,0,2568,'C','1342200059359','2025-11-25 09:11:10'),('2025-11-24',1910,3,0,2568,'C','1342200059359','2025-11-25 09:11:10'),('2025-11-24',1911,3,0,2568,'C','1342200059359','2025-11-25 09:11:10'),('2025-11-24',1912,3,0,2568,'C','1342200059359','2025-11-25 09:11:10'),('2025-11-24',1913,3,0,2568,'C','1342200059359','2025-11-25 09:11:10'),('2025-11-24',1914,3,0,2568,'C','1342200059359','2025-11-25 09:11:10'),('2025-11-24',1915,3,0,2568,'C','1342200059359','2025-11-25 09:11:10'),('2025-11-24',1916,3,0,2568,'C','1342200059359','2025-11-25 09:11:10'),('2025-11-24',1010101,3,0,2568,'C','1342200059359','2025-11-25 09:11:10'),('2025-11-24',1895,4,0,2568,'C','1342200059359','2025-11-25 09:11:20'),('2025-11-24',3,4,0,2568,'C','1342200059359','2025-11-25 09:11:20'),('2025-11-24',1898,4,0,2568,'C','1342200059359','2025-11-25 09:11:20'),('2025-11-24',1900,4,0,2568,'C','1342200059359','2025-11-25 09:11:20'),('2025-11-24',1901,4,0,2568,'C','1342200059359','2025-11-25 09:11:20'),('2025-11-24',1902,4,0,2568,'C','1342200059359','2025-11-25 09:11:20'),('2025-11-24',1903,4,0,2568,'C','1342200059359','2025-11-25 09:11:20'),('2025-11-24',1904,4,0,2568,'C','1342200059359','2025-11-25 09:11:20'),('2025-11-24',1905,4,0,2568,'C','1342200059359','2025-11-25 09:11:20'),('2025-11-24',2000,5,0,2568,'C','1342200059359','2025-11-25 09:11:28'),('2025-11-24',2001,5,0,2568,'C','1342200059359','2025-11-25 09:11:28'),('2025-11-24',2002,5,0,2568,'C','1342200059359','2025-11-25 09:11:28'),('2025-11-24',2003,5,0,2568,'C','1342200059359','2025-11-25 09:11:28'),('2025-11-24',2005,5,0,2568,'C','1342200059359','2025-11-25 09:11:28'),('2025-11-24',2006,5,0,2568,'C','1342200059359','2025-11-25 09:11:28'),('2025-11-24',2007,5,0,2568,'C','1342200059359','2025-11-25 09:11:28'),('2025-11-24',2009,5,0,2568,'C','1342200059359','2025-11-25 09:11:28'),('2025-11-24',2010,5,0,2568,'C','1342200059359','2025-11-25 09:11:28'),('2025-11-24',2011,5,0,2568,'C','1342200059359','2025-11-25 09:11:28'),('2025-11-24',2012,5,0,2568,'C','1342200059359','2025-11-25 09:11:28'),('2025-11-24',1871,6,0,2568,'C','1342200059359','2025-11-25 09:11:37'),('2025-11-24',1872,6,0,2568,'C','1342200059359','2025-11-25 09:11:37'),('2025-11-24',1874,6,0,2568,'C','1342200059359','2025-11-25 09:11:37'),('2025-11-24',1860,7,0,2568,'C','1342200059359','2025-11-25 09:11:44'),('2025-11-24',1858,7,0,2568,'C','1342200059359','2025-11-25 09:11:44'),('2025-11-24',1857,7,0,2568,'C','1342200059359','2025-11-25 09:11:44'),('2025-11-24',1853,7,0,2568,'C','1342200059359','2025-11-25 09:11:44'),('2025-11-24',1850,7,0,2568,'C','1342200059359','2025-11-25 09:11:44'),('2025-11-24',1855,7,0,2568,'C','1342200059359','2025-11-25 09:11:44'),('2025-11-24',1856,7,0,2568,'C','1342200059359','2025-11-25 09:11:44'),('2025-11-24',1861,7,0,2568,'C','1342200059359','2025-11-25 09:11:44'),('2025-11-24',1854,7,0,2568,'C','1342200059359','2025-11-25 09:11:44'),('2025-11-24',1859,7,0,2568,'C','1342200059359','2025-11-25 09:11:44'),('2025-11-24',1851,7,0,2568,'C','1342200059359','2025-11-25 09:11:44'),('2025-11-24',0,7,0,2568,'C','1342200059359','2025-11-25 09:11:44'),('2025-11-24',1049,8,0,2568,'C','1342200059359','2025-11-25 09:11:53'),('2025-11-24',1050,8,0,2568,'C','1342200059359','2025-11-25 09:11:53'),('2025-11-24',1052,8,0,2568,'C','1342200059359','2025-11-25 09:11:53'),('2025-11-24',1053,8,0,2568,'C','1342200059359','2025-11-25 09:11:53'),('2025-11-24',1055,8,0,2568,'C','1342200059359','2025-11-25 09:11:53'),('2025-11-24',1056,8,0,2568,'C','1342200059359','2025-11-25 09:11:53'),('2025-11-24',1057,8,0,2568,'C','1342200059359','2025-11-25 09:11:53'),('2025-11-24',1058,8,0,2568,'C','1342200059359','2025-11-25 09:11:53'),('2025-11-24',1059,8,0,2568,'C','1342200059359','2025-11-25 09:11:53'),('2025-11-24',1060,8,0,2568,'C','1342200059359','2025-11-25 09:11:53'),('2025-11-24',1061,8,0,2568,'C','1342200059359','2025-11-25 09:11:53'),('2025-11-24',1062,8,0,2568,'C','1342200059359','2025-11-25 09:11:53'),('2025-11-24',1063,8,0,2568,'C','1342200059359','2025-11-25 09:11:53'),('2025-11-24',1444444,8,0,2568,'C','1342200059359','2025-11-25 09:11:53'),('2025-11-24',1906,8,0,2568,'C','1342200059359','2025-11-25 09:11:53'),('2025-11-24',777,8,0,2568,'C','1342200059359','2025-11-25 09:11:53'),('2025-11-24',1831,9,0,2568,'C','1342200059359','2025-11-25 09:11:01'),('2025-11-24',1832,9,0,2568,'C','1342200059359','2025-11-25 09:11:01'),('2025-11-24',1833,9,0,2568,'C','1342200059359','2025-11-25 09:11:01'),('2025-11-24',1834,9,0,2568,'C','1342200059359','2025-11-25 09:11:01'),('2025-11-24',1835,9,0,2568,'C','1342200059359','2025-11-25 09:11:01'),('2025-11-24',1836,9,0,2568,'C','1342200059359','2025-11-25 09:11:01'),('2025-11-24',1837,9,0,2568,'C','1342200059359','2025-11-25 09:11:01'),('2025-11-24',1838,9,0,2568,'C','1342200059359','2025-11-25 09:11:01'),('2025-11-24',1839,9,0,2568,'C','1342200059359','2025-11-25 09:11:01'),('2025-11-24',1841,9,0,2568,'C','1342200059359','2025-11-25 09:11:01'),('2025-11-24',1842,9,0,2568,'C','1342200059359','2025-11-25 09:11:01'),('2025-11-24',1843,9,0,2568,'C','1342200059359','2025-11-25 09:11:01'),('2025-11-24',1844,9,0,2568,'C','1342200059359','2025-11-25 09:11:01');

--
-- Table structure for table `student_check_permission`
--

CREATE TABLE `student_check_permission` (
  `class_now` tinyint(4) NOT NULL,
  `room_now` tinyint(4) NOT NULL,
  `person_id` varchar(13) NOT NULL,
  `student_check_year` int(11) NOT NULL
) ENGINE=MyISAM DEFAULT CHARSET=utf8 COLLATE=utf8_general_ci;

--
-- Dumping data for table `student_check_permission`
--

INSERT INTO `student_check_permission` VALUES (2,1,'3341500395870',2557),(3,1,'3341500395870',2557),(4,1,'3341500247725',2557),(5,1,'3349800270827',2557),(6,1,'3349800200411',2557),(7,1,'3341501255365',2557),(8,1,'3341500647022',2557),(9,1,'3349700145966',2557),(7,1,'3349700145966',2557),(3,1,'3341500395870',2558),(4,1,'3341500247725',2558),(5,1,'3349800270827',2558),(6,1,'3349800200411',2558),(7,1,'3341501255365',2558),(8,1,'3341500647022',2558),(9,1,'3349700145966',2558),(2,1,'1349900432253',2558),(4,1,'3340700405943',2558),(7,1,'1342200054934',2558),(8,1,'3341500608159',2558),(4,1,'3349700145966',2558),(2,1,'3349700145966',2558),(3,1,'3349700145966',2558),(5,1,'3349700145966',2558),(6,1,'3349700145966',2558),(7,1,'3349700145966',2558),(8,1,'3349700145966',2558),(2,1,'1342200059359',2561),(2,1,'1349900617032',2562),(3,0,'1349900588288',2562),(4,1,'3341500247725',2562),(5,1,'3341501255365',2562),(6,1,'3349800200411',2562),(7,1,'3341500647022',2562),(8,1,'1349900657255',2562),(9,1,'3341500002935',2562),(2,0,'3100602977944',2565),(2,0,'1349900588288',2562),(4,0,'3341501255390',2562),(4,0,'3341500247725',2562),(5,0,'3341501255390',2562),(5,0,'3341501255365',2562),(6,0,'3341501255390',2562),(6,0,'3349800200411',2562),(7,0,'3341501255390',2562),(2,0,'1349900588287',2562),(2,0,'1342200059359',2564),(7,0,'1341000175206',2562),(9,0,'3341501255390',2562),(9,0,'3341500002935',2562),(1,0,'3341501255390',2562),(1,0,'1342200059359',2564),(3,0,'3341501255390',2562),(1,0,'1342200059359',2562),(2,0,'1342200059359',2562),(3,0,'1342200059359',2562),(4,0,'1342200059359',2562),(5,0,'1342200059359',2562),(6,0,'1342200059359',2562),(7,0,'1342200059359',2562),(8,0,'1342200059359',2562),(9,0,'1342200059359',2562),(1,0,'3100602977944',2565),(3,0,'1349900588287',2562),(8,0,'1341000175206',2562),(2,0,'1349900617032',2563),(2,0,'1342200059359',2563),(3,0,'3341501255390',2563),(3,0,'1349900588287',2563),(3,0,'1342200059359',2563),(4,0,'3341501255390',2563),(4,0,'1401800073954',2563),(4,0,'1342200059359',2563),(5,0,'3341501255390',2563),(5,0,'3341501255365',2563),(5,0,'1342200059359',2563),(6,0,'3341501255390',2563),(6,0,'3349800200411',2563),(6,0,'1342200059359',2563),(7,0,'3341501255390',2563),(7,0,'1331600017091',2563),(7,0,'1342200059359',2563),(2,0,'1349900588287',2564),(2,0,'1349900588287',2563),(8,0,'1342200059359',2563),(9,0,'3341501255390',2563),(9,0,'3341500002935',2563),(9,0,'1342200059359',2563),(1,0,'3341501255390',2563),(1,0,'1331000205148',2565),(1,0,'1342200059359',2563),(8,0,'1331000205148',2563),(3,0,'1349900588287',2564),(3,0,'1342200059359',2564),(4,0,'1401800073954',2564),(4,0,'1342200059359',2564),(5,0,'1401800073954',2564),(5,0,'1342200059359',2564),(5,0,'3341501255365',2564),(6,0,'1401800073954',2564),(6,0,'1342200059359',2564),(7,0,'1331600017091',2564),(7,0,'1342200059359',2564),(8,0,'1331000205148',2564),(8,0,'1342200059359',2564),(9,0,'3341500002935',2564),(9,0,'1342200059359',2564),(1,0,'1349900617032',2565),(1,0,'1342200059359',2565),(2,0,'1349900617032',2565),(2,0,'1342200059359',2565),(3,0,'1349900617032',2565),(3,0,'1342200059359',2565),(4,0,'1342200054098',2565),(4,0,'1342200059359',2565),(5,0,'3341500002935',2565),(5,0,'1342200059359',2565),(6,0,'1331600017091',2565),(6,0,'1342200059359',2565),(7,0,'1401800073954',2565),(7,0,'1342200059359',2565),(8,0,'3341501255365',2565),(8,0,'1342200059359',2565),(9,0,'1331000205148',2565),(9,0,'1342200059359',2565),(3,0,'3100602977944',2565),(4,0,'3100602977944',2565),(5,0,'3100602977944',2565),(6,0,'3100602977944',2565),(7,0,'3100602977944',2565),(8,0,'3100602977944',2565),(9,0,'3100602977944',2565),(1,0,'1104300384077',2566),(1,0,'1342200059359',2566),(2,0,'1349900617032',2566),(2,0,'1104300384077',2566),(2,0,'1342200059359',2566),(3,0,'1349900617032',2566),(3,0,'1104300384077',2566),(3,0,'1342200059359',2566),(4,0,'1342200054098',2566),(4,0,'1342200059359',2566),(5,0,'3341500002935',2566),(5,0,'1342200059359',2566),(6,0,'1331600017091',2566),(6,0,'1342200059359',2566),(7,0,'1401800073954',2566),(7,0,'1342200059359',2566),(8,0,'3341501255365',2566),(8,0,'1401800073954',2566),(8,0,'1342200059359',2566),(9,0,'1331000205148',2566),(9,0,'1342200059359',2566),(1,0,'1349900617032',2567),(1,0,'1104300384077',2567),(1,0,'1342200059359',2567),(2,0,'1349900617032',2567),(2,0,'1104300384077',2567),(2,0,'1342200059359',2567),(3,0,'1349900617032',2567),(3,0,'1104300384077',2567),(3,0,'1342200059359',2567),(4,0,'1342200054098',2567),(4,0,'1342200059359',2567),(5,0,'3341500002935',2567),(5,0,'1342200059359',2567),(6,0,'1331600017091',2567),(6,0,'1342200059359',2567),(7,0,'3341501255365',2567),(7,0,'1342200059359',2567),(8,0,'1342200059359',2567),(9,0,'1331000205148',2567),(9,0,'1342200059359',2567),(7,0,'111111',2567),(1,0,'1349900617032',2568),(1,0,'1104300384077',2568),(1,0,'1342200059359',2568),(2,0,'1349900617032',2568),(2,0,'1104300384077',2568),(2,0,'1342200059359',2568),(3,0,'1349900617032',2568),(3,0,'1342200059359',2568),(3,0,'1104300384077',2568),(4,0,'1342200054098',2568),(4,0,'1342200059359',2568),(5,0,'1331600017091',2568),(5,0,'1342200059359',2568),(6,0,'1331600017091',2568),(6,0,'1342200059359',2568),(7,0,'3341500002935',2568),(7,0,'1342200059359',2568),(8,0,'1730601229314',2568),(8,0,'1342200059359',2568),(9,0,'1331000205148',2568),(9,0,'1342200059359',2568);

--
-- Table structure for table `student_check_year`
--

CREATE TABLE `student_check_year` (
  `id` int(11) NOT NULL AUTO_INCREMENT,
  `student_check_year` int(11) NOT NULL,
  `year_active` tinyint(1) NOT NULL,
  PRIMARY KEY (`id`),
  UNIQUE KEY `student_check_year` (`student_check_year`)
) ENGINE=MyISAM AUTO_INCREMENT=11 DEFAULT CHARSET=utf8 COLLATE=utf8_general_ci;

--
-- Dumping data for table `student_check_year`
--

INSERT INTO `student_check_year` VALUES (1,2557,0),(2,2558,0),(3,2561,0),(4,2562,0),(5,2563,0),(6,2564,0),(7,2565,0),(8,2566,0),(9,2567,0),(10,2568,1);

--
-- Table structure for table `student_main`
--

CREATE TABLE `student_main` (
  `id` int(11) NOT NULL AUTO_INCREMENT,
  `student_id` varchar(7) NOT NULL,
  `student_number` int(11) DEFAULT NULL,
  `prename` varchar(20) NOT NULL,
  `name` varchar(50) NOT NULL,
  `surname` varchar(50) NOT NULL,
  `person_id` varchar(20) DEFAULT NULL,
  `sex` tinyint(4) NOT NULL DEFAULT 0,
  `pic` varchar(150) DEFAULT NULL,
  `class_now` tinyint(4) DEFAULT NULL,
  `room` tinyint(4) NOT NULL DEFAULT 0,
  `status` tinyint(4) NOT NULL DEFAULT 0,
  `out_edyear` int(11) DEFAULT NULL,
  `officer` varchar(13) NOT NULL,
  `rec_date` date NOT NULL,
  PRIMARY KEY (`id`),
  UNIQUE KEY `student_number` (`student_id`),
  KEY `class_now` (`class_now`),
  KEY `room` (`room`)
) ENGINE=MyISAM AUTO_INCREMENT=264 DEFAULT CHARSET=utf8 COLLATE=utf8_general_ci;

--
-- Dumping data for table `student_main`
--

INSERT INTO `student_main` VALUES (1,'1772',1,'เด็กชาย','ณัฐธวัช','จันเนา','1342200149722',1,'modules/student_main/picture/pic_1772.jpg',9,0,1,2563,'1342200059359','0000-00-00'),(2,'1773',2,'เด็กชาย','ทิวากร','โสภากุ','1349901579860',1,'modules/student_main/picture/pic_1773.jpg',9,0,1,2563,'1342200059359','0000-00-00'),(3,'1774',3,'เด็กชาย','ธนโชติ','สะอาด','1349901618539',1,'modules/student_main/picture/pic_1774.jpg',9,0,1,2563,'1342200059359','0000-00-00'),(4,'1775',4,'เด็กชาย','ธนากร','โสภากุ','1349901620134',1,'modules/student_main/picture/pic_1775.jpg',9,0,1,2563,'1342200059359','0000-00-00'),(5,'1776',5,'เด็กหญิง','กิติยา','โมอินทร์','1129701462502',2,'modules/student_main/picture/pic_1776.jpg',9,0,1,2563,'1342200059359','0000-00-00'),(6,'1778',7,'เด็กหญิง','เยาวเรศ','เหล่าบุตรสา','1349901609424',2,'modules/student_main/picture/pic_1778.jpg',9,0,1,2563,'1342200059359','0000-00-00'),(7,'1777',6,'เด็กหญิง','ปวีณา','โคตรธรรม','1349901560093',2,'modules/student_main/picture/pic_1777.jpg',9,0,1,2563,'1342200059359','0000-00-00'),(8,'1779',8,'เด็กหญิง','สิราลักษณ์','วรรณพาน','1342200149030',2,'modules/student_main/picture/pic_1779.jpg',9,0,1,2563,'1342200059359','0000-00-00'),(9,'1780',9,'เด็กหญิง','อนันตญา','โป่งจิตร','1342200148173',2,'modules/student_main/picture/pic_1780.jpg',9,0,1,2563,'1342200059359','0000-00-00'),(110,'1781',1,'ด.ช.','พงศกร','กัญญาสาย','1349901701916',1,'modules/student_main/picture/pic_1781.jpg',9,0,1,2565,'1342200059359','2015-11-24'),(177,'1851',11,'เด็กหญิง','กมลพร','ศรีมาบุตร','1349902048949',2,'modules/student_main/picture/pic_1851.jpg',7,0,0,NULL,'1342200059359','2019-05-31'),(176,'1850',5,'เด็กหญิง','กชกร','โสภากุ','1349902078961',2,'modules/student_main/picture/pic_1850.jpg',7,0,0,NULL,'1342200059359','2019-05-31'),(175,'1849',1,'เด็กชาย','ยุทธพิชัย','บุญตา','1341501584257',1,'modules/student_main/picture/pic_1849.jpg',2,0,2,2564,'1342200059359','2019-05-31'),(171,'1816',6,'เด็กหญิง','คณิศร','ชูศักดิ์','1209601756210',2,'modules/student_main/picture/pic_1816.jpg',9,0,1,2566,'3341501255390','2019-05-29'),(172,'1820',7,'เด็กหญิง','วรัญญา','บุญสาลี','1349901829521',2,'modules/student_main/picture/pic_1820.jpg',9,0,1,2566,'3341501255390','2019-05-29'),(173,'1846',8,'เด็กชาย','ธนกฤต','แสงใส','1349901823256',1,'modules/student_main/picture/pic_1846.jpg',9,0,1,2566,'3341501255390','2019-05-29'),(174,'1796',16,'เด็กหญิง','วราทิพย์','บุญเยี่ยม','1110201403037',2,'modules/student_main/picture/pic_1796.jpg',9,0,1,2565,'1342200059359','2019-05-29'),(170,'1815',5,'เด็กหญิง','ขวัญแก้ว','วิลาวรรณ','1342200158039',2,'modules/student_main/picture/pic_1815.jpg',9,0,1,2566,'3341501255390','2019-05-29'),(169,'1814',4,'เด็กชาย','อนุวัฒน์','ดวงแก้ว','1342200158365',1,'modules/student_main/picture/pic_1814.jpg',9,0,1,2566,'3341501255390','2019-05-29'),(168,'1813',3,'เด็กชาย','วรินทร','ไกรศรีทุม','1349901805355',1,'modules/student_main/picture/pic_1813.jpg',9,0,1,2566,'3341501255390','2019-05-29'),(167,'1812',2,'เด็กชาย','ภูริภัทร','วงมาเกษ','1349901770951',1,'modules/student_main/picture/pic_1812.jpg',9,0,1,2566,'1342200059359','2019-05-29'),(166,'1811',1,'เด็กชาย','นัฐทพล','บุญมางาม','1339901145401',1,'modules/student_main/picture/pic_1811.jpg',9,0,1,2566,'1342200059359','2019-05-29'),(165,'1830',11,'เด็กหญิง','นัยยนา','สมสิงห์','1349901901991',2,'modules/student_main/picture/pic_1830.jpg',9,0,1,2567,'1342200059359','2019-05-29'),(164,'1829',10,'เด็กหญิง','กิตติยาพร','ปัตถาพิมพ์','1347600074112',2,'modules/student_main/picture/pic_1829.jpg',9,0,1,2567,'1342200059359','2019-05-29'),(163,'1828',9,'เด็กชาย','อดิเทพ','ใจภักดี','1342200160602',1,'modules/student_main/picture/pic_1828.jpg',9,0,1,2567,'1342200059359','2019-05-29'),(162,'1827',8,'เด็กชาย','วรปรัชญ์','วงสาลุน','1349901872923',1,'modules/student_main/picture/pic_1827.jpg',9,0,1,2567,'1342200059359','2019-05-29'),(161,'1826',7,'เด็กชาย','มงคลชัย','พรมศิลา','1342200160068',1,'modules/student_main/picture/pic_1826.jpg',9,0,1,2567,'1342200059359','2019-05-29'),(160,'1825',6,'เด็กชาย','ภูมิวิช','มาแก้ว','1103704813475',1,'modules/student_main/picture/pic_1825.jpg',9,0,1,2567,'1342200059359','2019-05-29'),(159,'1824',5,'เด็กชาย','บดินทร์','คำศรี','1342200160505',1,'modules/student_main/picture/pic_1824.jpg',9,0,1,2567,'1342200059359','2019-05-29'),(157,'1822',3,'เด็กชาย','ธีรภัทร','เนืองนอง','1349901850016',1,'modules/student_main/picture/pic_1822.jpg',9,0,1,2567,'1342200059359','2019-05-29'),(158,'1823',4,'เด็กชาย','ธีรศักดิ์','คำศรี','1349901890221',1,'modules/student_main/picture/pic_1823.jpg',9,0,2,2567,'1342200059359','2019-05-29'),(156,'1821',2,'เด็กชาย','ณัฐวัฒน์','แก้วสง่า','1349901906038',1,'modules/student_main/picture/pic_1821.jpg',9,0,1,2567,'1342200059359','2019-05-29'),(155,'1048',1,'เด็กชาย','ทินภัทร','สังขเนตร','1101000396638',1,'modules/student_main/picture/pic_1048.jpg',4,0,2,2563,'1342200059359','2019-05-29'),(188,'1862',15,'เด็กหญิง','พิมพ์นิภา','ชุมนวล','1342200163059',2,'modules/student_main/picture/pic_1862.jpg',5,0,2,2565,'1342200059359','2019-06-04'),(68,'1657',0,'เด็กชาย','จักรกฤษ','ละเลิศ','1349901163701',1,NULL,9,1,1,2557,'','0000-00-00'),(69,'1659',0,'เด็กชาย','นรินทรัพย์','บุบุ่น','1349901144235',1,NULL,9,1,1,2557,'','0000-00-00'),(70,'1660',0,'เด็กชาย','พีระยุทธ','สีจันสอน','1349901180304',1,NULL,9,1,1,2557,'','0000-00-00'),(71,'1661',0,'เด็กชาย','เลิศชาย','ใยสูบ','1349901152696',1,NULL,9,1,1,2557,'','0000-00-00'),(72,'1662',0,'เด็กชาย','วุฒิพงษ์','จุลทัศน์','1349900117872',1,NULL,9,1,1,2557,'','0000-00-00'),(73,'1663',0,'เด็กชาย','ศักดิ์ชัย','ใยคำ','1342200113736',1,NULL,9,1,1,2557,'','0000-00-00'),(74,'1664',0,'เด็กชาย','สุพิชัย','มังคะการ','1342200115127',1,NULL,9,1,1,2557,'','0000-00-00'),(75,'1665',0,'เด็กชาย','อธิวัฒน์','บุญใหญ่','1342200115518',1,NULL,9,1,1,2557,'','0000-00-00'),(76,'1666',0,'เด็กชาย','อภิวัฒน์','บุสภาค','1342200114651',1,NULL,9,1,1,2557,'','0000-00-00'),(77,'1667',0,'เด็กหญิง','ปิยะดา','อันโย','2349900045771',2,NULL,9,1,1,2557,'','0000-00-00'),(78,'1704',0,'เด็กชาย','ธนากร','คำแสนราช','1349901163914',1,NULL,9,1,1,2557,'','0000-00-00'),(79,'1668',0,'เด็กหญิง','ปนัดดา','อันโย','2349900045762',2,NULL,9,1,1,2557,'','0000-00-00'),(80,'1670',0,'เด็กหญิง','พรพิมล','คำศรี','1342200115526',2,NULL,9,1,1,2557,'','0000-00-00'),(81,'1671',0,'เด็กหญิง','ศุภิสรา','แก้วสง่า','1342200112811',2,NULL,9,1,1,2557,'','0000-00-00'),(82,'1672',0,'เด็กหญิง','ศรินทิพย์','ศรชัย','1349901157795',2,NULL,9,1,1,2557,'','0000-00-00'),(83,'1673',0,'เด็กหญิง','อัญชลี','บุสภาค','1349900113027',2,NULL,9,1,1,2557,'','0000-00-00'),(84,'1699',0,'เด็กหญิง','ปัทมวรรณ','ทองสืบ','1349901152017',2,NULL,9,1,1,2557,'','0000-00-00'),(85,'1742',13,'เด็กชาย','พิทักษ์ศิลป์','ศรีพรม','1342200146413',1,'modules/student_main/picture/pic_1742.jpg',9,0,1,2562,'3341501255390','0000-00-00'),(86,'1743',1,'เด็กชาย','พลกฤต','บุสภาค','1342200144861',1,'modules/student_main/picture/pic_1743.jpg',9,0,1,2562,'3341501255390','0000-00-00'),(87,'1744',2,'เด็กชาย','สาริน','จุลทัศน์','1342200145425',1,'modules/student_main/picture/pic_1744.jpg',9,0,1,2562,'3341501255390','0000-00-00'),(88,'1746',3,'เด็กหญิง','กาญจนา','ถุงพลอย','1717800040897',2,'modules/student_main/picture/pic_1746.jpg',9,0,1,2562,'3341501255390','0000-00-00'),(89,'1747',4,'เด็กหญิง','กวินทิพย์','ทองภาธรรม','1342200144623',2,'modules/student_main/picture/pic_1747.jpg',9,0,1,2562,'3341501255390','0000-00-00'),(90,'1748',5,'เด็กหญิง','กัลยรัตน์','สุพรม','1342200146855',2,'modules/student_main/picture/pic_1748.jpg',9,0,1,2562,'3341501255390','0000-00-00'),(91,'1749',6,'เด็กหญิง','จิรัชญา','ใยสูบ','1349901520946',2,'modules/student_main/picture/pic_1749.jpg',9,0,1,2562,'3341501255390','0000-00-00'),(93,'1751',7,'เด็กหญิง','ชัญญานุช','พิมพา','1342200145662',2,'modules/student_main/picture/pic_1751.jpg',9,0,1,2562,'3341501255390','0000-00-00'),(94,'1752',8,'เด็กหญิง','ชลธิชา','บุญมี','1342200146324',2,'modules/student_main/picture/pic_1752.jpg',9,0,1,2562,'3341501255390','0000-00-00'),(96,'1754',9,'เด็กหญิง','พรไพริน','ป้อมพิทักษ์','1342200145646',2,'modules/student_main/picture/pic_1754.jpg',9,0,1,2562,'3341501255390','0000-00-00'),(97,'1755',10,'เด็กหญิง','รัชฏาภรณ์','คำแสนราช','1342200145972',2,'modules/student_main/picture/pic_1755.jpg',9,0,1,2562,'3341501255390','0000-00-00'),(98,'1756',11,'เด็กหญิง','วาสนา','กุลบุญญา','1347600022503',2,'modules/student_main/picture/pic_1756.jpg',9,0,1,2562,'3341501255390','0000-00-00'),(99,'1757',12,'เด็กหญิง','สุภัสตรา','นันทบุตร','1349901508920',2,'modules/student_main/picture/pic_1757.jpg',9,0,1,2562,'3341501255390','0000-00-00'),(100,'1786',1,'เด็กชาย','ไชยวัฒน์','โสภณวิชณ์','1349901681150',1,'modules/student_main/picture/pic_1786.jpg',9,0,1,2564,'3341501255390','0000-00-00'),(101,'1799',3,'เด็กชาย','อนันต์','ทองคำวัน','1349901682695',1,'modules/student_main/picture/pic_1799.jpg',9,0,1,2564,'1342200059359','0000-00-00'),(102,'1800',4,'เด็กชาย','สถาพร','สมสิงห์','1342200153690',1,'modules/student_main/picture/pic_1800.jpg',9,0,1,2564,'1342200059359','0000-00-00'),(103,'1802',6,'เด็กชาย','ภูมินทร์','บุญอาสา','1342200153151',1,'modules/student_main/picture/pic_1802.jpg',9,0,1,2564,'1342200059359','0000-00-00'),(104,'1798',2,'เด็กหญิง','โยธิตา','ลาพรมมา','1342200152618',2,'modules/student_main/picture/pic_1798.jpg',9,0,1,2564,'3341501255390','0000-00-00'),(105,'1801',5,'เด็กหญิง','กัญญาพัชร','บุสภาค','1342200151506',2,'modules/student_main/picture/pic_1801.jpg',9,0,1,2564,'1342200059359','0000-00-00'),(106,'1803',7,'เด็กหญิง','สุพรรษา','บุญสิงห์','1349901654543',2,'modules/student_main/picture/pic_1803.jpg',9,0,1,2564,'1342200059359','0000-00-00'),(107,'1804',8,'เด็กหญิง','ศิริวิภา','หนุนวงศ์','1342200150895',2,'modules/student_main/picture/pic_1804.jpg',9,0,1,2564,'1342200059359','0000-00-00'),(108,'1806',10,'เด็กหญิง','ศศิวิมล','แก้วเนตร','1342200151123',2,'modules/student_main/picture/pic_1806.jpg',9,0,1,2564,'1342200059359','0000-00-00'),(111,'1782',2,'เด็กชาย','จักกาย','ชูศักดิ์','1209601691410',1,'modules/student_main/picture/pic_1782.jpg',9,0,1,2565,'3341501255390','2015-11-24'),(112,'1783',3,'เด็กชาย','เกรียงไกร','ลาพรมมา','1349901717103',1,'modules/student_main/picture/pic_1783.jpg',9,0,1,2565,'1342200059359','2015-11-24'),(113,'1784',4,'เด็กชาย','อานนท์','นันทะบุตร','1349901717189',1,'modules/student_main/picture/pic_1784.jpg',9,0,1,2565,'3341501255390','2015-11-24'),(114,'1785',5,'เด็กชาย','อมรเทพ','บุตรดีภักดิ์','1103704560232',1,'modules/student_main/picture/pic_1785.jpg',9,0,1,2565,'1342200059359','2015-11-24'),(115,'1788',6,'เด็กหญิง','พรทิพย์','ละเลิศ','1342201555587',2,'modules/student_main/picture/pic_1788.jpg',9,0,1,2565,'3341501255390','2015-11-24'),(116,'1789',7,'เด็กหญิง','รุ่งวิภา','แก้วสง่า','1342200154335',2,'modules/student_main/picture/pic_1789.jpg',9,0,1,2565,'1342200059359','2015-11-24'),(117,'1790',8,'เด็กหญิง','อภิสรา','บุญใหญ่','1342200154025',2,'modules/student_main/picture/pic_1790.jpg',9,0,1,2565,'1342200059359','2015-11-24'),(118,'1791',9,'เด็กหญิง','วราภรณ์','ธรรมาวัติ','1342200155021',2,'modules/student_main/picture/pic_1791.jpg',9,0,1,2565,'1342200059359','2015-11-24'),(119,'1792',10,'เด็กหญิง','ณิชาภัทร','ชูวงศ์','1342200156559',2,'modules/student_main/picture/pic_1792.jpg',9,0,1,2565,'3341501255390','2015-11-24'),(120,'1793',11,'เด็กหญิง','อุมาภรณ์','ศรีมณี','1320300384438',2,'modules/student_main/picture/pic_1793.jpg',9,0,1,2565,'1342200059359','2015-11-24'),(121,'1794',12,'เด็กชาย','พัชระ','สีหาเวช','1349901744585',1,'modules/student_main/picture/pic_1794.jpg',9,0,1,2565,'1342200059359','2015-11-24'),(122,'1795',13,'เด็กชาย','ปิยะวัฒน์','ใจงาม','1349901756648',1,'modules/student_main/picture/pic_1795.jpg',9,0,1,2565,'1342200059359','2015-11-24'),(123,'1808',14,'เด็กชาย','ฉลองชัย','บุญมางำ','1342200155803',1,'modules/student_main/picture/pic_1808.jpg',9,0,1,2565,'3341501255390','2015-11-24'),(124,'1809',15,'เด็กชาย','อดิศร','ดาแก้ว','1349901705181',1,'modules/student_main/picture/pic_1809.jpg',9,0,1,2565,'3341501255390','2015-11-24'),(125,'1864',9,'เด็กชาย','ธีร์ธวัช','เพ็งมาศ','1342200153673',1,'modules/student_main/picture/pic_1864.jpg',9,0,1,2564,'3341501255390','2019-03-12'),(127,'1049',1,'เด็กหญิง','กานต์ธิดา','คนพินิจ','1342200164152',2,'modules/student_main/picture/pic_1049.jpg',8,0,0,NULL,'1342200059359','2019-05-24'),(128,'1050',2,'เด็กชาย','จตุพล','โอชพัด','1349902042088',1,'modules/student_main/picture/pic_1050.jpg',8,0,0,NULL,'1342200059359','2019-05-24'),(129,'1052',3,'เด็กหญิง','ณัฐชยา','ศรีสุข','1349902036398',2,'',8,0,0,NULL,'1342200059359','2019-05-24'),(130,'1053',4,'เด็กชาย','ณัฐชัย','บุญมางำ','1342200164349',1,'modules/student_main/picture/pic_1053.jpg',8,0,0,NULL,'1342200059359','2019-05-24'),(131,'1054',5,'เด็กชาย','ณัฐพล','นะกุลรัมย์','1100704509374',1,'modules/student_main/picture/pic_1054.jpg',7,0,2,2567,'1342200059359','2019-05-24'),(132,'1055',6,'เด็กชาย','นัทธพงศ์','บุญมางาม','1342200163164',1,'modules/student_main/picture/pic_1055.jpg',8,0,0,0,'1342200059359','2019-05-24'),(133,'1056',7,'เด็กหญิง','นันทิชา','โอชารส','1347600096680',2,'modules/student_main/picture/pic_1056.jpg',8,0,0,NULL,'1342200059359','2019-05-24'),(134,'1057',8,'เด็กหญิง','นิภาดา','ศรคำ','1342200163024',2,'modules/student_main/picture/pic_1057.jpg',8,0,0,NULL,'1342200059359','2019-05-24'),(135,'1058',9,'เด็กชาย','ปภังกร','ดาแก้ว','1342200164268',1,'modules/student_main/picture/pic_1058.jpg',8,0,0,0,'1342200059359','2019-05-24'),(136,'1059',10,'เด็กหญิง','พรทิตา','คำภูบาล','1349902024411',2,'modules/student_main/picture/pic_1059.jpg',8,0,0,NULL,'1342200059359','2019-05-24'),(137,'1060',11,'เด็กชาย','พีรัชชัย','ลาพรมมา','1349902043718',1,'modules/student_main/picture/pic_1060.jpg',8,0,0,NULL,'1342200059359','2019-05-24'),(138,'1061',12,'เด็กชาย','อดิศักดิ์','ปุณประวัติ','1349902021871',1,'modules/student_main/picture/pic_1061.jpg',8,0,0,NULL,'1342200059359','2019-05-24'),(139,'1062',13,'เด็กชาย','อภิรักษ์','วงสีแก้ว','1349902033224',1,'modules/student_main/picture/pic_1062.jpg',8,0,0,NULL,'1342200059359','2019-05-24'),(140,'1063',14,'เด็กชาย','เอกวิทย์','ศรีพรม','1347600098771',1,'modules/student_main/picture/pic_1063.jpg',8,0,0,NULL,'1342200059359','2019-05-24'),(141,'1831',1,'เด็กชาย','กิตติพศ','บุญเกิ่ง','1342200161706',1,'modules/student_main/picture/pic_1831.jpg',9,0,0,NULL,'1342200059359','2019-05-24'),(142,'1832',2,'เด็กชาย','ธนวัฒน์','ดาแก้ว','1342200161595',1,'modules/student_main/picture/pic_1832.jpg',9,0,0,NULL,'1342200059359','2019-05-24'),(143,'1833',3,'เด็กชาย','นัยนันทน์','คำศรี','1342200161544',1,'modules/student_main/picture/pic_1833.jpg',9,0,0,0,'1342200059359','2019-05-24'),(144,'1834',4,'เด็กชาย','ปริวัฒน์','ใจงาม','1349901973711',1,'modules/student_main/picture/pic_1834.jpg',9,0,0,NULL,'1342200059359','2019-05-24'),(145,'1835',5,'เด็กชาย','พงศกร','โอชพัด','1349901957163',1,'modules/student_main/picture/pic_1835.jpg',9,0,0,NULL,'1342200059359','2019-05-24'),(146,'1836',6,'เด็กชาย','ภูมิน','ปุณประวัติ','1349901973126',1,'modules/student_main/picture/pic_1836.jpg',9,0,0,NULL,'1342200059359','2019-05-24'),(147,'1837',7,'เด็กชาย','สมพร','สายราช','1342200162346',1,'modules/student_main/picture/pic_1837.jpg',9,0,0,NULL,'1342200059359','2019-05-24'),(148,'1838',8,'เด็กชาย','สุชาครีย์','อ่อนจันทร์','1347600092641',1,'modules/student_main/picture/pic_1838.jpg',9,0,0,NULL,'1342200059359','2019-05-24'),(149,'1839',9,'เด็กหญิง','กัญญภัทร','วงมาเกษ','1347600092200',2,'modules/student_main/picture/pic_1839.jpg',9,0,0,NULL,'1342200059359','2019-05-24'),(150,'1840',10,'เด็กหญิง','เบญญา','บุศภาค','1342200162052',2,'modules/student_main/picture/pic_1840.jpg',3,0,2,2561,'1342200059359','2019-05-24'),(151,'1841',11,'เด็กหญิง','พิชญ์สิณี','คำแสนราช','1349901919431',2,'modules/student_main/picture/pic_1841.jpg',9,0,0,NULL,'1342200059359','2019-05-24'),(152,'1842',12,'เด็กหญิง','เพ็ญประภา','บุดดีภักดิ์','1349901952609',2,'modules/student_main/picture/pic_1842.jpg',9,0,0,0,'1342200059359','2019-05-24'),(153,'1843',13,'เด็กหญิง','รตินาถ','นีละเสน','1339600318382',2,'modules/student_main/picture/pic_1843.jpg',9,0,0,NULL,'1342200059359','2019-05-24'),(154,'1844',14,'เด็กหญิง','วนิดา','บุญสาลี','1409904221388',2,'modules/student_main/picture/pic_1844.jpg',9,0,0,NULL,'1342200059359','2019-05-24'),(178,'1852',4,'เด็กหญิง','กวิศรา','จันทร์ดี','1341501581614',2,'modules/student_main/picture/pic_1852.jpg',2,0,2,2563,'1342200059359','2019-05-31'),(179,'1853',4,'เด็กหญิง','กุลทรัพย์','แสงใส','1349902048744',2,'modules/student_main/picture/pic_1853.jpg',7,0,0,NULL,'1342200059359','2019-05-31'),(180,'1854',9,'เด็กหญิง','ชลธิชา','ศรีพรหม','1342200165761',2,'modules/student_main/picture/pic_1854.jpg',7,0,0,NULL,'1342200059359','2019-05-31'),(181,'1855',6,'เด็กหญิง','ฐิตาภรณ์','จุลทัศน์','1349902098261',2,'modules/student_main/picture/pic_1855.jpg',7,0,0,NULL,'1342200059359','2019-05-31'),(182,'1856',7,'เด็กหญิง','ดาวนภา','มะนิวง','1342200165710',2,'modules/student_main/picture/pic_1856.jpg',7,0,0,NULL,'1342200059359','2019-05-31'),(183,'1857',3,'เด็กหญิง','ใบข้าว','ละเลิศ','1349902078571',2,'modules/student_main/picture/pic_1857.jpg',7,0,0,NULL,'1342200059359','2019-05-31'),(185,'1859',10,'เด็กหญิง','ยุวธิดา','ศรีมาบุตร','1349902105446',2,'modules/student_main/picture/pic_1859.jpg',7,0,0,NULL,'1342200059359','2019-05-31'),(186,'1860',1,'เด็กหญิง','รวิภา','กิ่งสุข','1342200164900',2,'modules/student_main/picture/pic_1860.jpg',7,0,0,NULL,'1342200059359','2019-05-31'),(187,'1861',8,'เด็กหญิง','ศศวิมล','คำแสนราช','1349902096200',2,'modules/student_main/picture/pic_1861.jpg',7,0,0,NULL,'1342200059359','2019-05-31'),(189,'1807',16,'เด็กชาย','ธนภัทร','สาคำสี','1349901997386',1,'',2,0,2,2561,'3341501255390','2019-06-06'),(190,'1866',10,'เด็กหญิง','วนิดา','กองแพง','1104200649150',2,'',9,0,2,2563,'1342200059359','2019-11-25'),(191,'1865',9,'เด็กชาย','ชุติเทพ','ไชยพล','1349901784501',1,'modules/student_main/picture/pic_1865.jpg',9,0,1,2566,'1342200059359','2019-11-25'),(192,'1867',10,'เด็กชาย','จิรายุ','กองแพง','1409700323522',1,'',3,0,2,2563,'1342200059359','2019-11-27'),(193,'1868',14,'เด็กชาย','ชินวุฒิ','กองแพง','1409700336535',1,'',2,0,2,2563,'1342200059359','2019-11-27'),(232,'1858',2,'เด็กหญิง','ภัสร์ธนารีย์','ปุณประวัติ','1341501581665',2,'modules/student_main/picture/pic_1858.jpg',7,0,0,NULL,'1342200059359','2022-05-23'),(194,'1869',1,'เด็กชาย','จิรวัฒน์','กันตะบุตร','1349902141647',1,'modules/student_main/picture/pic_1869.jpg',4,0,2,2566,'1342200059359','2020-07-11'),(195,'1870',2,'เด็กชาย','ณัฐนันท์','ห่วงเพชร','1339700082283',1,'modules/student_main/picture/pic_1870.jpg',4,0,2,2566,'1342200059359','2020-07-11'),(196,'1871',3,'เด็กชาย','ธีรเมธ','สิงหาเวช','1349902137101',1,'modules/student_main/picture/pic_1871.jpg',6,0,0,NULL,'1342200059359','2020-07-11'),(197,'1872',4,'เด็กชาย','พงศกร','ดวงแก้ว','1341501600996',1,'modules/student_main/picture/pic_1872.jpg',6,0,0,NULL,'1342200059359','2020-07-11'),(198,'1873',5,'เด็กชาย','พีระพัฒน์','ศรีชัย','1342200165957',1,'modules/student_main/picture/pic_1873.jpg',4,0,2,2566,'1342200059359','2020-07-11'),(199,'1874',6,'เด็กชาย','อิทธิภัทร์','สิทธิเสนา','1349902124467',1,'modules/student_main/picture/pic_1874.jpg',6,0,0,NULL,'1342200059359','2020-07-11'),(200,'1875',7,'เด็กหญิง','ณัฐกานต์','นะกุลรัมย์','1119501153221',2,'modules/student_main/picture/pic_1875.jpg',5,0,2,2567,'1342200059359','2020-07-11'),(201,'1876',8,'เด็กหญิง','ปวริษา','ภักดีบุรุษ','1341501602875',2,'modules/student_main/picture/pic_1876.jpg',5,0,2,2567,'1342200059359','2020-07-11'),(202,'1877',9,'เด็กหญิง','พิจิกา','โพธิ์พุ่ม','1110201476824',2,'modules/student_main/picture/pic_1877.jpg',1,0,2,2564,'1342200059359','2020-07-11'),(203,'1897',14,'เด็กชาย','ธีรภาพ','สุขสุลี','1709902016245',1,'modules/student_main/picture/pic_1897.jpg',4,0,2,2563,'1342200059359','2020-07-11'),(204,'1880',11,'เด็กหญิง','ณัมท์ธิกาณต์','แสงจันทร์','1279800324107',2,'',9,0,1,2567,'1342200059359','2020-07-11'),(205,'1878',10,'เด็กหญิง','ญาวีร์','ทินโนรส','1347600002120',2,'modules/student_main/picture/pic_1878.jpg',9,0,1,2563,'1342200059359','2020-12-24'),(206,'1890',12,'เด็กหญิง','อภิญญา','ลาพรมมา','1349901846949',2,'',9,0,1,2567,'1342200059359','2021-06-14'),(207,'2000',1,'เด็กชาย','อนุพงษ์','ปุณประวัติ','1349902222728',1,'modules/student_main/picture/pic_2000.jpg',5,0,0,NULL,'1342200059359','2021-06-14'),(208,'2001',2,'เด็กชาย','สงกรานต์','ชูศักดิ์','1342200167836',1,'modules/student_main/picture/pic_2001.jpg',5,0,0,NULL,'1342200059359','2021-06-14'),(209,'2002',3,'เด็กชาย','ธนชัย','สะอาด','1341501617805',1,'modules/student_main/picture/pic_2002.jpg',5,0,0,NULL,'1342200059359','2021-06-14'),(210,'2003',4,'เด็กชาย','รพีภัทร','คำศรี','1341501616108',1,'modules/student_main/picture/pic_2003.jpg',5,0,0,NULL,'1342200059359','2021-06-14'),(211,'2004',5,'เด็กชาย','ศิวกร','ปัดถาสาย','1341501626618',1,'modules/student_main/picture/pic_2004.jpg',2,0,2,2566,'1342200059359','2021-06-14'),(212,'2005',6,'เด็กชาย','มังกร','นิลวันดี','1342200167259',1,'modules/student_main/picture/pic_2005.jpg',5,0,0,NULL,'1342200059359','2021-06-14'),(213,'2006',6,'เด็กชาย','นาธาร','ปอโสกเชือก','1341501622841',1,'modules/student_main/picture/pic_2006.jpg',5,0,0,NULL,'1342200059359','2021-06-14'),(214,'2007',8,'เด็กหญิง','ธัญชนก','บุษภาค','1349902210118',2,'modules/student_main/picture/pic_2007.jpg',5,0,0,NULL,'1342200059359','2021-06-14'),(215,'2009',9,'เด็กหญิง','สุทธิกานต์','วงสิงห์','1341501614334',2,'modules/student_main/picture/pic_2009.jpg',5,0,0,NULL,'1342200059359','2021-06-14'),(216,'2010',10,'เด็กหญิง','สุพัฒตรา','คำแสนราช','1349902189721',2,'modules/student_main/picture/pic_2010.jpg',5,0,0,NULL,'1342200059359','2021-06-14'),(217,'2011',11,'เด็กหญิง','ชนกนันท์','คำมุงคุล','1341501609012',2,'modules/student_main/picture/pic_2011.jpg',5,0,0,NULL,'1342200059359','2021-06-14'),(218,'2012',12,'เด็กหญิง','มณีพร','ศรีสมบัติ','1341501611998',2,'modules/student_main/picture/pic_2012.jpg',5,0,0,NULL,'1342200059359','2021-06-14'),(220,'1895',1,'เด็กชาย','ณัฏฐพล  ','บุญจันสี','1349902272890',1,'',4,0,0,NULL,'1342200059359','2022-05-18'),(221,'1896',2,'เด็กชาย','ธนากร','สิงห์แก้ว','1349902271940',1,'',2,0,2,2566,'1342200059359','2022-05-18'),(222,'3',3,'เด็กชาย','ธีนทร','หมูนวงศ์','1240401319381',1,'',4,0,0,NULL,'1342200059359','2022-05-18'),(223,'1898',4,'เด็กชาย','วัชรพงศ์','คำแสนราช','1349902277565',1,'',4,0,0,NULL,'1342200059359','2022-05-18'),(224,'1899',5,'เด็กชาย','อธิรัตน์','ห่วงเพชร','1339700087382',1,'',2,0,2,2566,'1342200059359','2022-05-18'),(225,'1900',6,'เด็กชาย','อธิวัฒน์','สีดาอก','1349902230241',1,'',4,0,0,NULL,'1342200059359','2022-05-18'),(226,'1901',7,'เด็กหญิง','กานต์มณี','สมสิงห์','1342200168263',2,'',4,0,0,NULL,'1342200059359','2022-05-18'),(227,'1902',8,'เด็กหญิง','จุฑาทิพย์','ทิพรักษา','1341501629650',2,'',4,0,0,NULL,'1342200059359','2022-05-18'),(228,'1903',9,'เด็กหญิง','ชุติกาณจน์','ปัดถาพิมพ์','1349902271133',2,'',4,0,0,NULL,'1342200059359','2022-05-18'),(229,'1904',10,'เด็กหญิง','วริศรา  ','ศรีชัย','1342200168484',2,'',4,0,0,NULL,'1342200059359','2022-05-18'),(230,'1905',11,'เด็กหญิง','อัยรดา','ธรรมวัฒ','1341501627703',2,'',4,0,0,NULL,'1342200059359','2022-05-18'),(231,'1906',15,'เด็กหญิง','ธนพร','ไชยพิมพ์','1349901994921',2,'modules/student_main/picture/pic_1906.jpg',8,0,0,NULL,'1342200059359','2022-05-18'),(233,'2',10,'เด็กชาย','ศุภชัย','ราศรีมิน','1349901766210',1,'',8,0,2,2566,'1342200059359','2022-09-05'),(234,'1908',1,'เด็กชาย','ธนวรรธน์  ','ปุณประวัติ','1341501647062',1,'',3,0,0,NULL,'1342200059359','2023-05-16'),(235,'1909',2,'เด็กชาย','นันทิพัฒน์','ใยพรม','1347300034514',1,'',3,0,0,NULL,'1342200059359','2023-05-16'),(236,'1910',3,'เด็กชาย','วุฒิภัทร','ทองภาธรรม','1349902328691',1,'',3,0,0,NULL,'1342200059359','2023-05-16'),(237,'1911',4,'เด็กหญิง','ทิพย์มณี','ปัดถาสาย','1341501654697',2,'',3,0,0,NULL,'1342200059359','2023-05-16'),(238,'1912',5,'เด็กหญิง','ธิดารัตน์','ปุณประวัติ','1341501649731',2,'',3,0,0,NULL,'1342200059359','2023-05-16'),(239,'1913',6,'เด็กหญิง','นันท์นลิน','คำมุลคุล','1347600158791',2,'',3,0,0,NULL,'1342200059359','2023-05-16'),(240,'1914',7,'เด็กหญิง','ปัณจรัตน์','บุญฉิมพลี','1348900499583',2,'',3,0,0,NULL,'1342200059359','2023-05-16'),(241,'1915',8,'เด็กหญิง','ปวิณา','สีชาลี','1349902318334',2,'',3,0,0,NULL,'1342200059359','2023-05-16'),(242,'1916',9,'เด็กหญิง','มณฑิชา','พรมศิลา','1219700142121',2,'',3,0,0,NULL,'1342200059359','2023-05-16'),(243,'1918',1,'เด็กชาย','กมลเทพ  ','แก้วสง่า','1349902382784',1,'',2,0,0,NULL,'1342200059359','2024-05-16'),(244,'1920',3,'เด็กชาย','ธนภัทร  ','บุญใหญ่','1342200169731',1,'',2,0,0,NULL,'1342200059359','2024-05-16'),(245,'1921',4,'เด็กชาย','ธนวัฒน์  ','กุลบุดดี','1346400008263',1,'',2,0,0,NULL,'1342200059359','2024-05-16'),(246,'1922',5,'เด็กชาย','ธนวัฒน์  ','ศรีสุข','1346400009324',1,'',2,0,0,NULL,'1342200059359','2024-05-16'),(247,'1923',6,'เด็กชาย','ภูริพรรธน์  ','สายทอง','1342200170462',1,'',2,0,0,NULL,'1342200059359','2024-05-16'),(248,'1924',7,'เด็กชาย','ภูมิรพี  ','แสงงาม','1346400000688',1,'',2,0,0,NULL,'1342200059359','2024-05-16'),(249,'1925',8,'เด็กชาย','รัชชานนท์  ','วงค์คำเหลา','1342200170110',1,'',2,0,0,NULL,'1342200059359','2024-05-16'),(250,'1926',9,'เด็กหญิง','ขวัญชนก  ','บุษภาค','1349902380978',2,'',2,0,0,NULL,'1342200059359','2024-05-16'),(251,'1927',10,'เด็กหญิง','จันทร์ชนก  ','บุษภาค','1349902380986',2,'',2,0,0,NULL,'1342200059359','2024-05-16'),(252,'1928',11,'เด็กหญิง','จิรัชญา  ','เกษพันธ์','1342200170306',2,'',2,0,0,NULL,'1342200059359','2024-05-16'),(253,'1929',12,'เด็กหญิง','นทีลลิน  ','สิทธิเสนา','1349902345391',2,'',2,0,0,NULL,'1342200059359','2024-05-16'),(254,'1919',2,'เด็กชาย','ชนดล','เนืองนอง','1349902359936',1,'',2,0,0,NULL,'1342200059359','2024-05-27'),(255,'111',1,'เด็กชาย','ธนภัทร','โอชพัด','1342200170934',1,'',1,0,0,NULL,'1342200059359','2025-05-19'),(260,'1444444',14,'เด็กชาย','ก้องเกียรติ','ลาพรมมา','1349901996339',1,'',8,0,0,NULL,'1342200059359','2025-05-19'),(256,'222',2,'เด็กชาย','ธิติวัฒน์','คำแสนราช','1346400019877',1,'',1,0,0,NULL,'1342200059359','2025-05-19'),(257,'333',3,'เด็กชาย','ภานุพล','แซ่เหง่า','1346400026334',1,'',1,0,0,NULL,'1342200059359','2025-05-19'),(258,'444',4,'เด็กหญิง','ธัญชนิศรา','สายทอง','1349902427362',2,'',1,0,0,NULL,'1342200059359','2025-05-19'),(262,'0',12,'เด็กชาย','ทินพัทธ์','บุญฉิมพลี','1348900387036',1,'',7,0,0,NULL,'1342200059359','2025-11-04'),(261,'1010101',10,'เด็กหญิง','มาริษา','เนินทราย','1342200169146',2,'',3,0,0,NULL,'1342200059359','2025-05-20'),(263,'777',16,'เด็กหญิง','ปนัดดา','บุญฉิมพลี','1347600097996',2,'',8,0,0,NULL,'1342200059359','2025-11-04');

--
-- Table structure for table `student_main_class`
--

CREATE TABLE `student_main_class` (
  `id` int(11) NOT NULL AUTO_INCREMENT,
  `class_code` tinyint(4) NOT NULL,
  `class_name` varchar(150) NOT NULL,
  PRIMARY KEY (`id`),
  UNIQUE KEY `class_code` (`class_code`)
) ENGINE=MyISAM AUTO_INCREMENT=10 DEFAULT CHARSET=utf8 COLLATE=utf8_general_ci;

--
-- Dumping data for table `student_main_class`
--

INSERT INTO `student_main_class` VALUES (1,2,'อนุบาล2'),(2,3,'อนุุบาล3'),(3,4,'ประถมศึกษาปีที่1'),(4,5,'ประถมศึกษาปีที่2'),(5,6,'ประถมศึกษาปีที่3'),(6,7,'ประถมศึกษาปีที่4'),(7,8,'ประถมศึกษาปีที่5'),(8,9,'ประถมศึกษาปีที่6'),(9,1,'อนุบาล1');

--
-- Table structure for table `student_main_classlog`
--

CREATE TABLE `student_main_classlog` (
  `id` int(11) NOT NULL AUTO_INCREMENT,
  `ed_year` int(11) NOT NULL,
  `student_id` varchar(7) NOT NULL,
  `student_number` int(11) DEFAULT NULL,
  `class_code` tinyint(4) NOT NULL,
  `room` tinyint(4) DEFAULT 0,
  `officer` varchar(13) NOT NULL,
  `rec_date` date NOT NULL,
  PRIMARY KEY (`id`)
) ENGINE=MyISAM AUTO_INCREMENT=798 DEFAULT CHARSET=utf8 COLLATE=utf8_general_ci;

--
-- Dumping data for table `student_main_classlog`
--

INSERT INTO `student_main_classlog` VALUES (1,2558,'1657',0,9,1,'3349700145966','2015-06-29'),(2,2558,'1659',0,9,1,'3349700145966','2015-06-29'),(3,2558,'1660',0,9,1,'3349700145966','2015-06-29'),(4,2558,'1661',0,9,1,'3349700145966','2015-06-29'),(5,2558,'1662',0,9,1,'3349700145966','2015-06-29'),(6,2558,'1663',0,9,1,'3349700145966','2015-06-29'),(7,2558,'1664',0,9,1,'3349700145966','2015-06-29'),(8,2558,'1665',0,9,1,'3349700145966','2015-06-29'),(9,2558,'1666',0,9,1,'3349700145966','2015-06-29'),(10,2558,'1667',0,9,1,'3349700145966','2015-06-29'),(11,2558,'1668',0,9,1,'3349700145966','2015-06-29'),(12,2558,'1670',0,9,1,'3349700145966','2015-06-29'),(13,2558,'1671',0,9,1,'3349700145966','2015-06-29'),(14,2558,'1672',0,9,1,'3349700145966','2015-06-29'),(15,2558,'1673',0,9,1,'3349700145966','2015-06-29'),(16,2558,'1699',0,9,1,'3349700145966','2015-06-29'),(17,2558,'1704',0,9,1,'3349700145966','2015-06-29'),(18,2557,'1657',0,9,1,'3349700145966','2015-06-29'),(19,2557,'1659',0,9,1,'3349700145966','2015-06-29'),(20,2557,'1660',0,9,1,'3349700145966','2015-06-29'),(21,2557,'1661',0,9,1,'3349700145966','2015-06-29'),(22,2557,'1662',0,9,1,'3349700145966','2015-06-29'),(23,2557,'1663',0,9,1,'3349700145966','2015-06-29'),(24,2557,'1664',0,9,1,'3349700145966','2015-06-29'),(25,2557,'1665',0,9,1,'3349700145966','2015-06-29'),(26,2557,'1666',0,9,1,'3349700145966','2015-06-29'),(27,2557,'1667',0,9,1,'3349700145966','2015-06-29'),(28,2557,'1668',0,9,1,'3349700145966','2015-06-29'),(29,2557,'1670',0,9,1,'3349700145966','2015-06-29'),(30,2557,'1671',0,9,1,'3349700145966','2015-06-29'),(31,2557,'1672',0,9,1,'3349700145966','2015-06-29'),(32,2557,'1673',0,9,1,'3349700145966','2015-06-29'),(33,2557,'1699',0,9,1,'3349700145966','2015-06-29'),(34,2557,'1704',0,9,1,'3349700145966','2015-06-29'),(35,2557,'1786',0,2,1,'3349700145966','2015-06-29'),(36,2557,'1798',0,2,1,'3349700145966','2015-06-29'),(37,2557,'1799',0,2,1,'3349700145966','2015-06-29'),(38,2557,'1800',0,2,1,'3349700145966','2015-06-29'),(39,2557,'1801',0,2,1,'3349700145966','2015-06-29'),(40,2557,'1802',0,2,1,'3349700145966','2015-06-29'),(41,2557,'1803',0,2,1,'3349700145966','2015-06-29'),(42,2557,'1804',0,2,1,'3349700145966','2015-06-29'),(43,2557,'1806',0,2,1,'3349700145966','2015-06-29'),(44,2557,'1807',0,2,1,'3349700145966','2015-06-29'),(45,2557,'1772',0,3,1,'3349700145966','2015-06-29'),(46,2557,'1773',0,3,1,'3349700145966','2015-06-29'),(47,2557,'1774',0,3,1,'3349700145966','2015-06-29'),(48,2557,'1775',0,3,1,'3349700145966','2015-06-29'),(49,2557,'1776',0,3,1,'3349700145966','2015-06-29'),(50,2557,'1777',0,3,1,'3349700145966','2015-06-29'),(51,2557,'1778',0,3,1,'3349700145966','2015-06-29'),(52,2557,'1779',0,3,1,'3349700145966','2015-06-29'),(53,2557,'1780',0,3,1,'3349700145966','2015-06-29'),(54,2557,'1742',0,4,1,'3349700145966','2015-06-29'),(55,2557,'1743',0,4,1,'3349700145966','2015-06-29'),(56,2557,'1744',0,4,1,'3349700145966','2015-06-29'),(57,2557,'1746',0,4,1,'3349700145966','2015-06-29'),(58,2557,'1747',0,4,1,'3349700145966','2015-06-29'),(59,2557,'1748',0,4,1,'3349700145966','2015-06-29'),(60,2557,'1749',0,4,1,'3349700145966','2015-06-29'),(61,2557,'1750',0,4,1,'3349700145966','2015-06-29'),(62,2557,'1751',0,4,1,'3349700145966','2015-06-29'),(63,2557,'1752',0,4,1,'3349700145966','2015-06-29'),(64,2557,'1753',0,4,1,'3349700145966','2015-06-29'),(65,2557,'1754',0,4,1,'3349700145966','2015-06-29'),(66,2557,'1755',0,4,1,'3349700145966','2015-06-29'),(67,2557,'1756',0,4,1,'3349700145966','2015-06-29'),(68,2557,'1757',0,4,1,'3349700145966','2015-06-29'),(69,2557,'1724',0,5,1,'3349700145966','2015-06-29'),(70,2557,'1725',0,5,1,'3349700145966','2015-06-29'),(71,2557,'1726',0,5,1,'3349700145966','2015-06-29'),(72,2557,'1727',0,5,1,'3349700145966','2015-06-29'),(73,2557,'1728',0,5,1,'3349700145966','2015-06-29'),(74,2557,'1729',0,5,1,'3349700145966','2015-06-29'),(75,2557,'1731',0,5,1,'3349700145966','2015-06-29'),(76,2557,'1732',0,5,1,'3349700145966','2015-06-29'),(77,2557,'1733',0,5,1,'3349700145966','2015-06-29'),(78,2557,'1734',0,5,1,'3349700145966','2015-06-29'),(79,2557,'1735',0,5,1,'3349700145966','2015-06-29'),(80,2557,'1736',0,5,1,'3349700145966','2015-06-29'),(81,2557,'1737',0,5,1,'3349700145966','2015-06-29'),(82,2557,'1738',0,5,1,'3349700145966','2015-06-29'),(83,2557,'1739',0,5,1,'3349700145966','2015-06-29'),(84,2557,'1740',0,5,1,'3349700145966','2015-06-29'),(85,2557,'1741',0,5,1,'3349700145966','2015-06-29'),(86,2557,'1760',0,5,1,'3349700145966','2015-06-29'),(87,2557,'1706',0,6,1,'3349700145966','2015-06-29'),(88,2557,'1707',0,6,1,'3349700145966','2015-06-29'),(89,2557,'1708',0,6,1,'3349700145966','2015-06-29'),(90,2557,'1710',0,6,1,'3349700145966','2015-06-29'),(91,2557,'1711',0,6,1,'3349700145966','2015-06-29'),(92,2557,'1712',0,6,1,'3349700145966','2015-06-29'),(93,2557,'1713',0,6,1,'3349700145966','2015-06-29'),(94,2557,'1714',0,6,1,'3349700145966','2015-06-29'),(95,2557,'1715',0,6,1,'3349700145966','2015-06-29'),(96,2557,'1716',0,6,1,'3349700145966','2015-06-29'),(97,2557,'1717',0,6,1,'3349700145966','2015-06-29'),(98,2557,'1718',0,6,1,'3349700145966','2015-06-29'),(99,2557,'1719',0,6,1,'3349700145966','2015-06-29'),(100,2557,'1720',0,6,1,'3349700145966','2015-06-29'),(101,2557,'1771',0,6,1,'3349700145966','2015-06-29'),(102,2557,'1689',0,7,1,'3349700145966','2015-06-29'),(103,2557,'1690',0,7,1,'3349700145966','2015-06-29'),(104,2557,'1691',0,7,1,'3349700145966','2015-06-29'),(105,2557,'1692',0,7,1,'3349700145966','2015-06-29'),(106,2557,'1693',0,7,1,'3349700145966','2015-06-29'),(107,2557,'1694',0,7,1,'3349700145966','2015-06-29'),(108,2557,'1695',0,7,1,'3349700145966','2015-06-29'),(109,2557,'1696',0,7,1,'3349700145966','2015-06-29'),(110,2557,'1697',0,7,1,'3349700145966','2015-06-29'),(111,2557,'1698',0,7,1,'3349700145966','2015-06-29'),(112,2557,'1703',0,7,1,'3349700145966','2015-06-29'),(113,2557,'1758',0,7,1,'3349700145966','2015-06-29'),(114,2557,'1674',0,8,1,'3349700145966','2015-06-29'),(115,2557,'1675',0,8,1,'3349700145966','2015-06-29'),(116,2557,'1677',0,8,1,'3349700145966','2015-06-29'),(117,2557,'1678',0,8,1,'3349700145966','2015-06-29'),(118,2557,'1679',0,8,1,'3349700145966','2015-06-29'),(119,2557,'1680',0,8,1,'3349700145966','2015-06-29'),(120,2557,'1681',0,8,1,'3349700145966','2015-06-29'),(121,2557,'1683',0,8,1,'3349700145966','2015-06-29'),(122,2557,'1684',0,8,1,'3349700145966','2015-06-29'),(123,2557,'1685',0,8,1,'3349700145966','2015-06-29'),(124,2557,'1686',0,8,1,'3349700145966','2015-06-29'),(125,2557,'1687',0,8,1,'3349700145966','2015-06-29'),(126,2557,'1705',0,8,1,'3349700145966','2015-06-29'),(127,2561,'1807',16,2,0,'3341501255390','2019-06-06'),(128,2562,'1849',1,1,0,'3341501255390','2019-06-06'),(129,2562,'1850',2,1,0,'3341501255390','2019-06-06'),(130,2562,'1851',3,1,0,'3341501255390','2019-06-06'),(131,2562,'1852',4,1,0,'3341501255390','2019-06-06'),(132,2562,'1853',5,1,0,'3341501255390','2019-06-06'),(133,2562,'1854',6,1,0,'3341501255390','2019-06-06'),(134,2562,'1855',7,1,0,'3341501255390','2019-06-06'),(135,2562,'1856',8,1,0,'3341501255390','2019-06-06'),(136,2562,'1857',9,1,0,'3341501255390','2019-06-06'),(137,2562,'1858',10,1,0,'3341501255390','2019-06-06'),(138,2562,'1859',11,1,0,'3341501255390','2019-06-06'),(139,2562,'1860',12,1,0,'3341501255390','2019-06-06'),(140,2562,'1861',13,1,0,'3341501255390','2019-06-06'),(141,2562,'1049',1,2,0,'3341501255390','2019-06-06'),(142,2562,'1050',2,2,0,'3341501255390','2019-06-06'),(143,2562,'1052',3,2,0,'3341501255390','2019-06-06'),(144,2562,'1053',4,2,0,'3341501255390','2019-06-06'),(145,2562,'1054',5,2,0,'3341501255390','2019-06-06'),(146,2562,'1055',6,2,0,'3341501255390','2019-06-06'),(147,2562,'1056',7,2,0,'3341501255390','2019-06-06'),(148,2562,'1057',8,2,0,'3341501255390','2019-06-06'),(149,2562,'1058',9,2,0,'3341501255390','2019-06-06'),(150,2562,'1059',10,2,0,'3341501255390','2019-06-06'),(151,2562,'1060',11,2,0,'3341501255390','2019-06-06'),(152,2562,'1061',12,2,0,'3341501255390','2019-06-06'),(153,2562,'1062',13,2,0,'3341501255390','2019-06-06'),(154,2562,'1063',14,2,0,'3341501255390','2019-06-06'),(155,2562,'1862',15,2,0,'3341501255390','2019-06-06'),(156,2562,'1831',1,3,0,'3341501255390','2019-06-06'),(157,2562,'1832',2,3,0,'3341501255390','2019-06-06'),(158,2562,'1833',3,3,0,'3341501255390','2019-06-06'),(159,2562,'1834',4,3,0,'3341501255390','2019-06-06'),(160,2562,'1835',5,3,0,'3341501255390','2019-06-06'),(161,2562,'1836',6,3,0,'3341501255390','2019-06-06'),(162,2562,'1837',7,3,0,'3341501255390','2019-06-06'),(163,2562,'1838',8,3,0,'3341501255390','2019-06-06'),(164,2562,'1839',9,3,0,'3341501255390','2019-06-06'),(165,2562,'1840',10,3,0,'3341501255390','2019-06-06'),(166,2562,'1841',11,3,0,'3341501255390','2019-06-06'),(167,2562,'1842',12,3,0,'3341501255390','2019-06-06'),(168,2562,'1843',13,3,0,'3341501255390','2019-06-06'),(169,2562,'1844',14,3,0,'3341501255390','2019-06-06'),(170,2562,'1048',1,4,0,'3341501255390','2019-06-06'),(171,2562,'1821',2,4,0,'3341501255390','2019-06-06'),(172,2562,'1822',3,4,0,'3341501255390','2019-06-06'),(173,2562,'1823',4,4,0,'3341501255390','2019-06-06'),(174,2562,'1824',5,4,0,'3341501255390','2019-06-06'),(175,2562,'1825',6,4,0,'3341501255390','2019-06-06'),(176,2562,'1826',7,4,0,'3341501255390','2019-06-06'),(177,2562,'1827',8,4,0,'3341501255390','2019-06-06'),(178,2562,'1828',9,4,0,'3341501255390','2019-06-06'),(179,2562,'1829',10,4,0,'3341501255390','2019-06-06'),(180,2562,'1830',11,4,0,'3341501255390','2019-06-06'),(181,2562,'1811',1,5,0,'3341501255390','2019-06-06'),(182,2562,'1812',2,5,0,'3341501255390','2019-06-06'),(183,2562,'1813',3,5,0,'3341501255390','2019-06-06'),(184,2562,'1814',4,5,0,'3341501255390','2019-06-06'),(185,2562,'1815',5,5,0,'3341501255390','2019-06-06'),(186,2562,'1816',6,5,0,'3341501255390','2019-06-06'),(187,2562,'1820',7,5,0,'3341501255390','2019-06-06'),(188,2562,'1846',8,5,0,'3341501255390','2019-06-06'),(189,2562,'1781',1,6,0,'3341501255390','2019-06-06'),(190,2562,'1782',2,6,0,'3341501255390','2019-06-06'),(191,2562,'1783',3,6,0,'3341501255390','2019-06-06'),(192,2562,'1784',4,6,0,'3341501255390','2019-06-06'),(193,2562,'1785',5,6,0,'3341501255390','2019-06-06'),(194,2562,'1788',6,6,0,'3341501255390','2019-06-06'),(195,2562,'1789',7,6,0,'3341501255390','2019-06-06'),(196,2562,'1790',8,6,0,'3341501255390','2019-06-06'),(197,2562,'1791',9,6,0,'3341501255390','2019-06-06'),(198,2562,'1792',10,6,0,'3341501255390','2019-06-06'),(199,2562,'1793',11,6,0,'3341501255390','2019-06-06'),(200,2562,'1794',12,6,0,'3341501255390','2019-06-06'),(201,2562,'1795',13,6,0,'3341501255390','2019-06-06'),(202,2562,'1796',14,6,0,'3341501255390','2019-06-06'),(203,2562,'1808',14,6,0,'3341501255390','2019-06-06'),(204,2562,'1809',15,6,0,'3341501255390','2019-06-06'),(205,2562,'1786',1,7,0,'3341501255390','2019-06-06'),(206,2562,'1798',2,7,0,'3341501255390','2019-06-06'),(207,2562,'1799',3,7,0,'3341501255390','2019-06-06'),(208,2562,'1800',4,7,0,'3341501255390','2019-06-06'),(209,2562,'1801',5,7,0,'3341501255390','2019-06-06'),(210,2562,'1802',6,7,0,'3341501255390','2019-06-06'),(211,2562,'1803',7,7,0,'3341501255390','2019-06-06'),(212,2562,'1804',8,7,0,'3341501255390','2019-06-06'),(213,2562,'1864',9,7,0,'3341501255390','2019-06-06'),(214,2562,'1806',10,7,0,'3341501255390','2019-06-06'),(215,2562,'1772',1,8,0,'3341501255390','2019-06-06'),(216,2562,'1773',2,8,0,'3341501255390','2019-06-06'),(217,2562,'1774',3,8,0,'3341501255390','2019-06-06'),(218,2562,'1775',4,8,0,'3341501255390','2019-06-06'),(219,2562,'1776',5,8,0,'3341501255390','2019-06-06'),(220,2562,'1777',6,8,0,'3341501255390','2019-06-06'),(221,2562,'1778',7,8,0,'3341501255390','2019-06-06'),(222,2562,'1779',8,8,0,'3341501255390','2019-06-06'),(223,2562,'1780',9,8,0,'3341501255390','2019-06-06'),(224,2562,'1743',1,9,0,'3341501255390','2019-06-06'),(225,2562,'1744',2,9,0,'3341501255390','2019-06-06'),(226,2562,'1746',3,9,0,'3341501255390','2019-06-06'),(227,2562,'1747',4,9,0,'3341501255390','2019-06-06'),(228,2562,'1748',5,9,0,'3341501255390','2019-06-06'),(229,2562,'1749',6,9,0,'3341501255390','2019-06-06'),(230,2562,'1751',7,9,0,'3341501255390','2019-06-06'),(231,2562,'1752',8,9,0,'3341501255390','2019-06-06'),(232,2562,'1754',9,9,0,'3341501255390','2019-06-06'),(233,2562,'1755',10,9,0,'3341501255390','2019-06-06'),(234,2562,'1756',11,9,0,'3341501255390','2019-06-06'),(235,2562,'1757',12,9,0,'3341501255390','2019-06-06'),(236,2562,'1742',13,9,0,'3341501255390','2019-06-06'),(237,2561,'1866',10,8,0,'1342200059359','2019-11-25'),(238,2561,'1840',10,3,0,'1342200059359','2019-11-25'),(239,2561,'1865',9,5,0,'1342200059359','2019-11-25'),(240,2561,'1867',10,3,0,'1342200059359','2019-11-27'),(241,2561,'1868',14,1,0,'1342200059359','2019-11-27'),(242,2562,'1866',10,8,0,'3341501255390','2020-07-01'),(243,2562,'1868',14,1,0,'1342200059359','2020-07-02'),(244,2562,'1865',9,5,0,'1342200059359','2020-07-02'),(245,2563,'1050',2,3,0,'1342200059359','2020-07-02'),(246,2563,'1053',4,3,0,'1342200059359','2020-07-02'),(247,2563,'1054',5,3,0,'1342200059359','2020-07-02'),(248,2563,'1836',6,3,0,'1342200059359','2020-07-02'),(249,2563,'1062',13,3,0,'1342200059359','2020-07-02'),(250,2563,'1063',14,3,0,'1342200059359','2020-07-02'),(251,2563,'1056',7,3,0,'1342200059359','2020-07-02'),(252,2563,'1057',8,3,0,'1342200059359','2020-07-02'),(253,2563,'1059',10,3,0,'1342200059359','2020-07-02'),(254,2563,'1862',15,3,0,'1342200059359','2020-07-02'),(255,2563,'1058',9,3,0,'1342200059359','2020-07-11'),(256,2563,'1858',10,2,0,'1342200059359','2020-07-02'),(257,2563,'1868',14,2,0,'1342200059359','2020-07-02'),(258,2563,'1867',10,3,0,'1342200059359','2020-07-02'),(259,2563,'1866',10,9,0,'1342200059359','2020-07-02'),(260,2563,'1048',1,4,0,'1342200059359','2020-07-02'),(261,2563,'1061',12,3,0,'1342200059359','2020-07-08'),(262,2563,'1060',11,3,0,'1342200059359','2020-07-08'),(263,2563,'1869',1,1,0,'1342200059359','2020-08-06'),(264,2563,'1870',2,1,0,'1342200059359','2020-08-06'),(265,2563,'1871',3,1,0,'1342200059359','2020-08-06'),(266,2563,'1872',4,1,0,'1342200059359','2020-08-06'),(267,2563,'1873',5,1,0,'1342200059359','2020-08-06'),(268,2563,'1874',6,1,0,'1342200059359','2020-08-06'),(269,2563,'1875',7,1,0,'1342200059359','2020-08-06'),(270,2563,'1876',8,1,0,'1342200059359','2020-08-06'),(271,2563,'1877',9,1,0,'1342200059359','2021-01-04'),(272,2563,'1860',12,2,0,'1342200059359','2020-07-11'),(273,2563,'1832',2,4,0,'1342200059359','2020-07-11'),(274,2563,'1897',14,4,0,'1342200059359','2020-08-06'),(275,2563,'1829',10,5,0,'1342200059359','2020-07-11'),(276,2563,'1880',11,5,0,'1342200059359','2020-07-11'),(277,2563,'1055',6,3,0,'1342200059359','2020-07-11'),(278,2563,'1811',1,6,0,'1342200059359','2021-01-10'),(279,2563,'1812',2,6,0,'1342200059359','2020-08-05'),(280,2563,'1865',9,6,0,'1342200059359','2020-08-05'),(281,2563,'1837',7,4,0,'1342200059359','2020-08-06'),(282,2563,'1852',4,2,0,'1342200059359','2020-10-09'),(283,2563,'1878',10,9,0,'1342200059359','2021-01-10'),(284,2563,'1831',1,4,0,'1342200059359','2021-02-04'),(285,2563,'1849',1,2,0,'3100602977944','2021-06-14'),(286,2563,'1772',1,9,0,'3100602977944','2021-06-14'),(287,2563,'1773',2,9,0,'3100602977944','2021-06-14'),(288,2563,'1774',3,9,0,'3100602977944','2021-06-14'),(289,2563,'1775',4,9,0,'3100602977944','2021-06-14'),(290,2563,'1776',5,9,0,'3100602977944','2021-06-14'),(291,2563,'1777',6,9,0,'3100602977944','2021-06-14'),(292,2563,'1778',7,9,0,'3100602977944','2021-06-14'),(293,2563,'1779',8,9,0,'3100602977944','2021-06-14'),(294,2563,'1780',9,9,0,'3100602977944','2021-06-14'),(295,2563,'1854',6,2,0,'1342200059359','2021-06-14'),(296,2563,'1855',7,2,0,'1342200059359','2021-06-14'),(297,2563,'1856',8,2,0,'1342200059359','2021-06-14'),(298,2563,'1857',9,2,0,'1342200059359','2021-06-14'),(299,2563,'1859',11,2,0,'1342200059359','2021-06-14'),(300,2563,'1861',13,2,0,'1342200059359','2021-06-14'),(301,2563,'1049',1,3,0,'1342200059359','2021-06-14'),(302,2563,'1052',3,3,0,'1342200059359','2021-06-14'),(303,2563,'1864',9,8,0,'1342200059359','2021-06-14'),(304,2563,'1806',10,8,0,'1342200059359','2021-06-14'),(305,2563,'1786',1,8,0,'1342200059359','2021-06-14'),(306,2563,'1798',2,8,0,'1342200059359','2021-06-14'),(307,2563,'1799',3,8,0,'1342200059359','2021-06-14'),(308,2563,'1800',4,8,0,'1342200059359','2021-06-14'),(309,2563,'1801',5,8,0,'1342200059359','2021-06-14'),(310,2563,'1802',6,8,0,'1342200059359','2021-06-14'),(311,2563,'1803',7,8,0,'1342200059359','2021-06-14'),(312,2563,'1804',8,8,0,'1342200059359','2021-06-14'),(313,2563,'1782',2,7,0,'1342200059359','2021-06-14'),(314,2563,'1783',3,7,0,'1342200059359','2021-06-14'),(315,2563,'1784',4,7,0,'1342200059359','2021-06-14'),(316,2563,'1785',5,7,0,'1342200059359','2021-06-14'),(317,2563,'1788',6,7,0,'1342200059359','2021-06-14'),(318,2563,'1789',7,7,0,'1342200059359','2021-06-14'),(319,2563,'1790',8,7,0,'1342200059359','2021-06-14'),(320,2563,'1791',9,7,0,'1342200059359','2021-06-14'),(321,2563,'1792',10,7,0,'1342200059359','2021-06-14'),(322,2563,'1793',11,7,0,'1342200059359','2021-06-14'),(323,2563,'1794',12,7,0,'1342200059359','2021-06-14'),(324,2563,'1795',13,7,0,'1342200059359','2021-06-14'),(325,2563,'1796',14,7,0,'1342200059359','2021-06-14'),(326,2563,'1808',14,7,0,'1342200059359','2021-06-14'),(327,2563,'1809',15,7,0,'1342200059359','2021-06-14'),(328,2563,'1781',1,7,0,'1342200059359','2021-06-14'),(329,2563,'1813',3,6,0,'1342200059359','2021-06-14'),(330,2563,'1814',4,6,0,'1342200059359','2021-06-14'),(331,2563,'1815',5,6,0,'1342200059359','2021-06-14'),(332,2563,'1816',6,6,0,'1342200059359','2021-06-14'),(333,2563,'1820',7,6,0,'1342200059359','2021-06-14'),(334,2563,'1846',8,6,0,'1342200059359','2021-06-14'),(335,2563,'1821',2,5,0,'1342200059359','2021-06-14'),(336,2563,'1822',3,5,0,'1342200059359','2021-06-14'),(337,2563,'1823',4,5,0,'1342200059359','2021-06-14'),(338,2563,'1824',5,5,0,'1342200059359','2021-06-14'),(339,2563,'1825',6,5,0,'1342200059359','2021-06-14'),(340,2563,'1826',7,5,0,'1342200059359','2021-06-14'),(341,2563,'1827',8,5,0,'1342200059359','2021-06-14'),(342,2563,'1828',9,5,0,'1342200059359','2021-06-14'),(343,2563,'1830',11,5,0,'1342200059359','2021-06-14'),(344,2563,'1839',9,4,0,'1342200059359','2021-06-14'),(345,2563,'1833',3,4,0,'1342200059359','2021-06-14'),(346,2563,'1834',4,4,0,'1342200059359','2021-06-14'),(347,2563,'1835',5,4,0,'1342200059359','2021-06-14'),(348,2563,'1838',8,4,0,'1342200059359','2021-06-14'),(349,2563,'1841',11,4,0,'1342200059359','2021-06-14'),(350,2563,'1842',12,4,0,'1342200059359','2021-06-14'),(351,2563,'1843',13,4,0,'1342200059359','2021-06-14'),(352,2563,'1844',14,4,0,'1342200059359','2021-06-14'),(353,2564,'1876',8,2,0,'1342200059359','2021-06-14'),(354,2564,'1850',5,3,0,'1342200059359','2021-06-14'),(355,2564,'1875',7,2,0,'1342200059359','2021-06-14'),(356,2564,'1874',6,2,0,'1342200059359','2021-06-14'),(357,2564,'1851',11,3,0,'1342200059359','2021-06-14'),(358,2564,'1853',4,3,0,'1342200059359','2021-06-14'),(359,2564,'1063',14,4,0,'1342200059359','2021-06-14'),(360,2564,'1890',12,6,0,'1342200059359','2021-06-14'),(361,2564,'2000',1,1,0,'1342200059359','2021-07-06'),(362,2564,'2001',2,1,0,'1342200059359','2021-07-06'),(363,2564,'2002',3,1,0,'1342200059359','2021-07-06'),(364,2564,'2003',4,1,0,'1342200059359','2021-07-06'),(365,2564,'2004',5,1,0,'1342200059359','2021-07-06'),(366,2564,'2005',6,1,0,'1342200059359','2021-07-06'),(367,2564,'2006',6,1,0,'1342200059359','2021-07-06'),(368,2564,'2007',8,1,0,'1342200059359','2021-07-06'),(369,2564,'2009',9,1,0,'1342200059359','2021-07-06'),(370,2564,'2010',10,1,0,'1342200059359','2021-07-06'),(371,2564,'2011',11,1,0,'1342200059359','2021-07-06'),(372,2564,'2012',12,1,0,'1342200059359','2021-07-06'),(373,2564,'1860',1,3,0,'1342200059359','2021-06-14'),(374,2564,'1858',2,3,0,'1342200059359','2021-06-14'),(375,2564,'1857',3,3,0,'1342200059359','2021-06-14'),(376,2564,'1855',6,3,0,'1342200059359','2021-06-14'),(377,2564,'1856',7,3,0,'1342200059359','2021-06-14'),(378,2564,'1861',8,3,0,'1342200059359','2021-06-14'),(379,2564,'1854',9,3,0,'1342200059359','2021-06-14'),(380,2564,'1859',10,3,0,'1342200059359','2021-06-14'),(381,2564,'1877',9,1,0,'1342200059359','2021-06-14'),(382,2564,'1849',1,2,0,'1342200059359','2021-06-14'),(383,2564,'1823',4,6,0,'1342200059359','2021-07-08'),(384,2564,'1841',11,5,0,'1342200059359','2021-10-25'),(385,2564,'1785',5,8,0,'1342200059359','2021-10-25'),(386,2564,'1793',11,8,0,'1342200059359','2021-10-25'),(387,2564,'1862',15,4,0,'1342200059359','2021-11-12'),(388,2564,'1786',1,9,0,'1342200059359','2022-05-17'),(389,2564,'1798',2,9,0,'1342200059359','2022-05-17'),(390,2564,'1799',3,9,0,'1342200059359','2022-05-17'),(391,2564,'1800',4,9,0,'1342200059359','2022-05-17'),(392,2564,'1801',5,9,0,'1342200059359','2022-05-17'),(393,2564,'1802',6,9,0,'1342200059359','2022-05-17'),(394,2564,'1803',7,9,0,'1342200059359','2022-05-17'),(395,2564,'1804',8,9,0,'1342200059359','2022-05-17'),(396,2564,'1864',9,9,0,'1342200059359','2022-05-17'),(397,2564,'1806',10,9,0,'1342200059359','2022-05-17'),(398,2564,'1869',1,2,0,'1342200059359','2022-05-17'),(399,2564,'1870',2,2,0,'1342200059359','2022-05-17'),(400,2564,'1871',3,2,0,'1342200059359','2022-05-17'),(401,2564,'1872',4,2,0,'1342200059359','2022-05-17'),(402,2564,'1873',5,2,0,'1342200059359','2022-05-17'),(403,2564,'1049',1,4,0,'1342200059359','2022-05-17'),(404,2564,'1050',2,4,0,'1342200059359','2022-05-17'),(405,2564,'1052',3,4,0,'1342200059359','2022-05-17'),(406,2564,'1053',4,4,0,'1342200059359','2022-05-17'),(407,2564,'1054',5,4,0,'1342200059359','2022-05-17'),(408,2564,'1055',6,4,0,'1342200059359','2022-05-17'),(409,2564,'1056',7,4,0,'1342200059359','2022-05-17'),(410,2564,'1057',8,4,0,'1342200059359','2022-05-17'),(411,2564,'1058',9,4,0,'1342200059359','2022-05-17'),(412,2564,'1059',10,4,0,'1342200059359','2022-05-17'),(413,2564,'1060',11,4,0,'1342200059359','2022-05-17'),(414,2564,'1061',12,4,0,'1342200059359','2022-05-17'),(415,2564,'1062',13,4,0,'1342200059359','2022-05-17'),(416,2564,'1794',12,8,0,'1342200059359','2022-05-17'),(417,2564,'1795',13,8,0,'1342200059359','2022-05-17'),(418,2564,'1796',14,8,0,'1342200059359','2022-05-17'),(419,2564,'1808',14,8,0,'1342200059359','2022-05-17'),(420,2564,'1809',15,8,0,'1342200059359','2022-05-17'),(421,2564,'1781',1,8,0,'1342200059359','2022-05-17'),(422,2564,'1782',2,8,0,'1342200059359','2022-05-17'),(423,2564,'1783',3,8,0,'1342200059359','2022-05-17'),(424,2564,'1784',4,8,0,'1342200059359','2022-05-17'),(425,2564,'1788',6,8,0,'1342200059359','2022-05-17'),(426,2564,'1789',7,8,0,'1342200059359','2022-05-17'),(427,2564,'1790',8,8,0,'1342200059359','2022-05-17'),(428,2564,'1791',9,8,0,'1342200059359','2022-05-17'),(429,2564,'1792',10,8,0,'1342200059359','2022-05-17'),(430,2564,'1811',1,7,0,'1342200059359','2022-05-17'),(431,2564,'1812',2,7,0,'1342200059359','2022-05-17'),(432,2564,'1813',3,7,0,'1342200059359','2022-05-17'),(433,2564,'1814',4,7,0,'1342200059359','2022-05-17'),(434,2564,'1815',5,7,0,'1342200059359','2022-05-17'),(435,2564,'1816',6,7,0,'1342200059359','2022-05-17'),(436,2564,'1820',7,7,0,'1342200059359','2022-05-17'),(437,2564,'1846',8,7,0,'1342200059359','2022-05-17'),(438,2564,'1865',9,7,0,'1342200059359','2022-05-17'),(439,2564,'1821',2,6,0,'1342200059359','2022-05-17'),(440,2564,'1822',3,6,0,'1342200059359','2022-05-17'),(441,2564,'1824',5,6,0,'1342200059359','2022-05-17'),(442,2564,'1825',6,6,0,'1342200059359','2022-05-17'),(443,2564,'1826',7,6,0,'1342200059359','2022-05-17'),(444,2564,'1827',8,6,0,'1342200059359','2022-05-17'),(445,2564,'1828',9,6,0,'1342200059359','2022-05-17'),(446,2564,'1829',10,6,0,'1342200059359','2022-05-17'),(447,2564,'1830',11,6,0,'1342200059359','2022-05-17'),(448,2564,'1880',11,6,0,'1342200059359','2022-05-17'),(449,2564,'1831',1,5,0,'1342200059359','2022-05-17'),(450,2564,'1832',2,5,0,'1342200059359','2022-05-17'),(451,2564,'1833',3,5,0,'1342200059359','2022-05-17'),(452,2564,'1834',4,5,0,'1342200059359','2022-05-17'),(453,2564,'1835',5,5,0,'1342200059359','2022-05-17'),(454,2564,'1836',6,5,0,'1342200059359','2022-05-17'),(455,2564,'1837',7,5,0,'1342200059359','2022-05-17'),(456,2564,'1842',12,5,0,'1342200059359','2022-05-17'),(457,2564,'1843',13,5,0,'1342200059359','2022-05-17'),(458,2564,'1844',14,5,0,'1342200059359','2022-05-17'),(459,2564,'1838',8,5,0,'1342200059359','2022-05-17'),(460,2564,'1839',9,5,0,'1342200059359','2022-05-17'),(461,2565,'1811',1,8,0,'1342200059359','2022-05-17'),(462,2565,'1796',16,9,0,'1342200059359','2022-05-17'),(464,2565,'0',1,1,0,'1342200059359','2022-05-18'),(465,2565,'2',10,8,0,'1342200059359','2022-09-05'),(466,2565,'3',3,1,0,'1342200059359','2022-05-18'),(467,2565,'4',4,1,0,'1342200059359','2022-05-18'),(468,2565,'5',5,1,0,'1342200059359','2022-05-18'),(469,2565,'6',6,1,0,'1342200059359','2022-05-18'),(470,2565,'7',7,1,0,'1342200059359','2022-05-18'),(471,2565,'8',8,1,0,'1342200059359','2022-05-18'),(472,2565,'9',9,1,0,'1342200059359','2022-05-18'),(473,2565,'10',10,1,0,'1342200059359','2022-05-18'),(474,2565,'11',11,1,0,'1342200059359','2022-05-18'),(475,2565,'1',1,1,0,'1342200059359','2022-05-18'),(476,2565,'12',16,5,0,'1342200059359','2022-05-24'),(487,2565,'1858',2,4,0,'1342200059359','2022-05-24'),(478,2565,'1860',1,4,0,'1342200059359','2022-05-23'),(479,2565,'1857',3,4,0,'1342200059359','2022-05-24'),(480,2565,'1851',11,4,0,'1342200059359','2022-05-23'),(481,2565,'1859',10,4,0,'1342200059359','2022-05-23'),(482,2565,'1854',9,4,0,'1342200059359','2022-05-23'),(483,2565,'1861',8,4,0,'1342200059359','2022-05-23'),(484,2565,'1853',4,4,0,'1342200059359','2022-05-23'),(485,2565,'1856',7,4,0,'1342200059359','2022-05-23'),(486,2565,'1850',5,4,0,'1342200059359','2022-05-23'),(488,2565,'1053',4,5,0,'1342200059359','2022-06-08'),(489,2565,'1055',6,5,0,'1342200059359','2022-05-24'),(490,2565,'1054',5,5,0,'1342200059359','2022-06-08'),(491,2565,'1056',7,5,0,'1342200059359','2022-06-08'),(492,2565,'1057',8,5,0,'1342200059359','2022-05-24'),(493,2565,'1058',9,5,0,'1342200059359','2022-06-08'),(494,2565,'1059',10,5,0,'1342200059359','2022-06-08'),(495,2565,'1060',11,5,0,'1342200059359','2022-06-08'),(496,2565,'1061',12,5,0,'1342200059359','2022-06-08'),(497,2565,'1062',13,5,0,'1342200059359','2022-06-08'),(498,2565,'1063',14,5,0,'1342200059359','2022-06-08'),(499,2565,'1862',15,5,0,'1342200059359','2022-05-25'),(500,2565,'1895',1,1,0,'1342200059359','2022-05-30'),(501,2565,'1896',2,1,0,'1342200059359','2022-05-30'),(502,2565,'1898',4,1,0,'1342200059359','2022-05-30'),(503,2565,'1899',5,1,0,'1342200059359','2022-05-30'),(504,2565,'1900',6,1,0,'1342200059359','2022-05-30'),(505,2565,'1905',11,1,0,'1342200059359','2022-05-30'),(506,2565,'1904',10,1,0,'1342200059359','2022-05-30'),(507,2565,'1903',9,1,0,'1342200059359','2022-05-30'),(508,2565,'1901',7,1,0,'1342200059359','2022-05-30'),(509,2565,'1902',8,1,0,'1342200059359','2022-05-30'),(510,2565,'2001',2,2,0,'1342200059359','2022-06-06'),(511,2565,'2012',12,2,0,'1342200059359','2022-06-06'),(512,2565,'2000',1,2,0,'1342200059359','2022-06-06'),(513,2565,'1049',1,5,0,'1342200059359','2022-06-08'),(514,2565,'1050',2,5,0,'1342200059359','2022-06-08'),(515,2565,'1906',16,5,0,'1342200059359','2022-06-08'),(516,2565,'1876',8,3,0,'1342200059359','2022-06-08'),(517,2565,'1781',1,9,0,'1342200059359','2023-05-16'),(518,2565,'1782',2,9,0,'1342200059359','2023-05-16'),(519,2565,'1783',3,9,0,'1342200059359','2023-05-16'),(520,2565,'1784',4,9,0,'1342200059359','2023-05-16'),(521,2565,'1785',5,9,0,'1342200059359','2023-05-16'),(522,2565,'1788',6,9,0,'1342200059359','2023-05-16'),(523,2565,'1789',7,9,0,'1342200059359','2023-05-16'),(524,2565,'1790',8,9,0,'1342200059359','2023-05-16'),(525,2565,'1791',9,9,0,'1342200059359','2023-05-16'),(526,2565,'1792',10,9,0,'1342200059359','2023-05-16'),(527,2565,'1793',11,9,0,'1342200059359','2023-05-16'),(528,2565,'1794',12,9,0,'1342200059359','2023-05-16'),(529,2565,'1795',13,9,0,'1342200059359','2023-05-16'),(530,2565,'1808',14,9,0,'1342200059359','2023-05-16'),(531,2565,'1809',15,9,0,'1342200059359','2023-05-16'),(532,2566,'2',10,8,0,'1342200059359','2023-05-16'),(533,2566,'2004',5,2,0,'1342200059359','2023-05-16'),(534,2565,'1831',1,6,0,'1342200059359','2023-05-16'),(535,2565,'1832',2,6,0,'1342200059359','2023-05-16'),(536,2565,'1833',3,6,0,'1342200059359','2023-05-16'),(537,2565,'1834',4,6,0,'1342200059359','2023-05-16'),(538,2565,'1835',5,6,0,'1342200059359','2023-05-16'),(539,2565,'1836',6,6,0,'1342200059359','2023-05-16'),(540,2565,'1837',7,6,0,'1342200059359','2023-05-16'),(541,2565,'1838',8,6,0,'1342200059359','2023-05-16'),(542,2565,'1839',9,6,0,'1342200059359','2023-05-16'),(543,2565,'1841',11,6,0,'1342200059359','2023-05-16'),(544,2565,'1842',12,6,0,'1342200059359','2023-05-16'),(545,2565,'1843',13,6,0,'1342200059359','2023-05-16'),(546,2565,'1844',14,6,0,'1342200059359','2023-05-16'),(547,2565,'1821',2,7,0,'1342200059359','2023-05-16'),(548,2565,'1822',3,7,0,'1342200059359','2023-05-16'),(549,2565,'1823',4,7,0,'1342200059359','2023-05-16'),(550,2565,'1824',5,7,0,'1342200059359','2023-05-16'),(551,2565,'1825',6,7,0,'1342200059359','2023-05-16'),(552,2565,'1826',7,7,0,'1342200059359','2023-05-16'),(553,2565,'1827',8,7,0,'1342200059359','2023-05-16'),(554,2565,'1828',9,7,0,'1342200059359','2023-05-16'),(555,2565,'1829',10,7,0,'1342200059359','2023-05-16'),(556,2565,'1830',11,7,0,'1342200059359','2023-05-16'),(557,2565,'1880',11,7,0,'1342200059359','2023-05-16'),(558,2565,'1890',12,7,0,'1342200059359','2023-05-16'),(559,2565,'1812',2,8,0,'1342200059359','2023-05-16'),(560,2565,'1813',3,8,0,'1342200059359','2023-05-16'),(561,2565,'1814',4,8,0,'1342200059359','2023-05-16'),(562,2565,'1815',5,8,0,'1342200059359','2023-05-16'),(563,2565,'1816',6,8,0,'1342200059359','2023-05-16'),(564,2565,'1820',7,8,0,'1342200059359','2023-05-16'),(565,2565,'1846',8,8,0,'1342200059359','2023-05-16'),(566,2565,'1865',9,8,0,'1342200059359','2023-05-16'),(567,2565,'2006',6,2,0,'1342200059359','2023-05-16'),(568,2565,'2007',8,2,0,'1342200059359','2023-05-16'),(569,2565,'2009',9,2,0,'1342200059359','2023-05-16'),(570,2565,'2010',10,2,0,'1342200059359','2023-05-16'),(571,2565,'2011',11,2,0,'1342200059359','2023-05-16'),(572,2565,'1869',1,3,0,'1342200059359','2023-05-16'),(573,2565,'1870',2,3,0,'1342200059359','2023-05-16'),(574,2565,'1871',3,3,0,'1342200059359','2023-05-16'),(575,2565,'1872',4,3,0,'1342200059359','2023-05-16'),(576,2565,'1873',5,3,0,'1342200059359','2023-05-16'),(577,2565,'1874',6,3,0,'1342200059359','2023-05-16'),(578,2565,'1875',7,3,0,'1342200059359','2023-05-16'),(579,2565,'1855',6,4,0,'1342200059359','2023-05-16'),(580,2566,'2000',1,3,0,'1342200059359','2023-05-16'),(581,2566,'2001',2,3,0,'1342200059359','2023-05-16'),(582,2566,'2003',4,3,0,'1342200059359','2023-05-16'),(583,2566,'1901',7,2,0,'1342200059359','2023-05-16'),(584,2566,'1902',8,2,0,'1342200059359','2023-05-16'),(585,2566,'1903',9,2,0,'1342200059359','2023-05-16'),(586,2566,'1904',10,2,0,'1342200059359','2023-05-16'),(587,2566,'1905',11,2,0,'1342200059359','2023-05-16'),(588,2566,'2005',6,3,0,'1342200059359','2023-05-16'),(589,2566,'2006',6,3,0,'1342200059359','2023-05-16'),(590,2566,'2002',3,3,0,'1342200059359','2023-05-16'),(591,2566,'1049',1,6,0,'1342200059359','2023-05-16'),(592,2566,'1050',2,6,0,'1342200059359','2023-05-16'),(593,2566,'1052',3,6,0,'1342200059359','2023-05-16'),(594,2566,'1053',4,6,0,'1342200059359','2023-05-16'),(595,2566,'11',1,1,0,'1342200059359','2023-05-16'),(596,2566,'12',2,1,0,'1342200059359','2023-05-16'),(597,2566,'13',3,1,0,'1342200059359','2023-05-16'),(598,2566,'14',4,1,0,'1342200059359','2023-05-16'),(599,2566,'15',5,1,0,'1342200059359','2023-05-16'),(600,2566,'16',6,1,0,'1342200059359','2023-05-16'),(601,2566,'17',7,1,0,'1342200059359','2023-05-16'),(602,2566,'18',8,1,0,'1342200059359','2023-05-16'),(603,2566,'19',9,1,0,'1342200059359','2023-05-16'),(604,2566,'1873',5,4,0,'1342200059359','2023-05-23'),(605,2566,'1906',15,6,0,'1342200059359','2023-06-08'),(606,2566,'1896',2,2,0,'1342200059359','2024-02-08'),(607,2566,'1869',1,4,0,'1342200059359','2024-02-08'),(608,2566,'1811',1,9,0,'1342200059359','2024-05-16'),(609,2566,'1812',2,9,0,'1342200059359','2024-05-16'),(610,2566,'1813',3,9,0,'1342200059359','2024-05-16'),(611,2566,'1899',5,2,0,'1342200059359','2024-05-16'),(612,2566,'1870',2,4,0,'1342200059359','2024-05-16'),(613,2566,'1821',2,8,0,'1342200059359','2024-05-16'),(614,2566,'1822',3,8,0,'1342200059359','2024-05-16'),(615,2566,'1823',4,8,0,'1342200059359','2024-05-16'),(616,2566,'1824',5,8,0,'1342200059359','2024-05-16'),(617,2566,'1825',6,8,0,'1342200059359','2024-05-16'),(618,2566,'1826',7,8,0,'1342200059359','2024-05-16'),(619,2566,'1827',8,8,0,'1342200059359','2024-05-16'),(620,2566,'1828',9,8,0,'1342200059359','2024-05-16'),(621,2566,'1829',10,8,0,'1342200059359','2024-05-16'),(622,2566,'1830',11,8,0,'1342200059359','2024-05-16'),(623,2566,'1880',11,8,0,'1342200059359','2024-05-16'),(624,2566,'1890',12,8,0,'1342200059359','2024-05-16'),(625,2566,'1831',1,7,0,'1342200059359','2024-05-16'),(626,2566,'1832',2,7,0,'1342200059359','2024-05-16'),(627,2566,'1833',3,7,0,'1342200059359','2024-05-16'),(628,2566,'1834',4,7,0,'1342200059359','2024-05-16'),(629,2566,'1835',5,7,0,'1342200059359','2024-05-16'),(630,2566,'1836',6,7,0,'1342200059359','2024-05-16'),(631,2566,'1837',7,7,0,'1342200059359','2024-05-16'),(632,2566,'1838',8,7,0,'1342200059359','2024-05-16'),(633,2566,'1839',9,7,0,'1342200059359','2024-05-16'),(634,2566,'1841',11,7,0,'1342200059359','2024-05-16'),(635,2566,'1842',12,7,0,'1342200059359','2024-05-16'),(636,2566,'1843',13,7,0,'1342200059359','2024-05-16'),(637,2566,'1844',14,7,0,'1342200059359','2024-05-16'),(638,2566,'1054',5,6,0,'1342200059359','2024-05-16'),(639,2566,'1055',6,6,0,'1342200059359','2024-05-16'),(640,2566,'1056',7,6,0,'1342200059359','2024-05-16'),(641,2566,'1057',8,6,0,'1342200059359','2024-05-16'),(642,2566,'1058',9,6,0,'1342200059359','2024-05-16'),(643,2566,'1059',10,6,0,'1342200059359','2024-05-16'),(644,2566,'1060',11,6,0,'1342200059359','2024-05-16'),(645,2566,'1061',12,6,0,'1342200059359','2024-05-16'),(646,2566,'1062',13,6,0,'1342200059359','2024-05-16'),(647,2566,'1063',14,6,0,'1342200059359','2024-05-16'),(648,2566,'1860',1,5,0,'1342200059359','2024-05-16'),(649,2566,'1858',2,5,0,'1342200059359','2024-05-16'),(650,2566,'1857',3,5,0,'1342200059359','2024-05-16'),(651,2566,'1853',4,5,0,'1342200059359','2024-05-16'),(652,2566,'1850',5,5,0,'1342200059359','2024-05-16'),(653,2566,'1855',6,5,0,'1342200059359','2024-05-16'),(654,2566,'1856',7,5,0,'1342200059359','2024-05-16'),(655,2566,'1861',8,5,0,'1342200059359','2024-05-16'),(656,2566,'1854',9,5,0,'1342200059359','2024-05-16'),(657,2566,'1859',10,5,0,'1342200059359','2024-05-16'),(658,2566,'1851',11,5,0,'1342200059359','2024-05-16'),(659,2566,'1871',3,4,0,'1342200059359','2024-05-16'),(660,2566,'1872',4,4,0,'1342200059359','2024-05-16'),(661,2566,'1874',6,4,0,'1342200059359','2024-05-16'),(662,2566,'1875',7,4,0,'1342200059359','2024-05-16'),(663,2566,'1876',8,4,0,'1342200059359','2024-05-16'),(664,2566,'2007',8,3,0,'1342200059359','2024-05-16'),(665,2566,'2009',9,3,0,'1342200059359','2024-05-16'),(666,2566,'2010',10,3,0,'1342200059359','2024-05-16'),(667,2566,'2011',11,3,0,'1342200059359','2024-05-16'),(668,2566,'2012',12,3,0,'1342200059359','2024-05-16'),(669,2566,'1895',1,2,0,'1342200059359','2024-05-16'),(670,2566,'3',3,2,0,'1342200059359','2024-05-16'),(671,2566,'1898',4,2,0,'1342200059359','2024-05-16'),(672,2566,'1900',6,2,0,'1342200059359','2024-05-16'),(673,2566,'1814',4,9,0,'1342200059359','2024-05-16'),(674,2566,'1815',5,9,0,'1342200059359','2024-05-16'),(675,2566,'1816',6,9,0,'1342200059359','2024-05-16'),(676,2566,'1820',7,9,0,'1342200059359','2024-05-16'),(677,2566,'1846',8,9,0,'1342200059359','2024-05-16'),(678,2566,'1865',9,9,0,'1342200059359','2024-05-16'),(679,2567,'1',1,1,0,'1342200059359','2024-05-16'),(680,2567,'222',3,1,0,'1342200059359','2024-05-16'),(681,2567,'333',3,1,0,'1342200059359','2024-05-16'),(682,2567,'444',4,1,0,'1342200059359','2024-05-16'),(683,2567,'555',5,1,0,'1342200059359','2024-05-16'),(684,2567,'666',6,1,0,'1342200059359','2024-05-16'),(685,2567,'777',7,1,0,'1342200059359','2024-05-16'),(686,2567,'888',8,1,0,'1342200059359','2024-05-16'),(687,2567,'999',9,1,0,'1342200059359','2024-05-16'),(688,2567,'101010',10,1,0,'1342200059359','2024-05-16'),(689,2567,'11111',11,1,0,'1342200059359','2024-05-16'),(690,2567,'1054',5,7,0,'1342200059359','2024-05-27'),(691,2567,'1875',7,5,0,'1342200059359','2024-05-27'),(692,2567,'1876',8,5,0,'1342200059359','2024-05-27'),(693,2567,'1919',2,1,0,'1342200059359','2024-06-07'),(694,2567,'1918',1,1,0,'1342200059359','2024-06-07'),(695,2567,'1920',3,1,0,'1342200059359','2024-06-07'),(696,2567,'1921',4,1,0,'1342200059359','2024-05-27'),(697,2567,'1922',5,1,0,'1342200059359','2024-05-27'),(698,2567,'1923',6,1,0,'1342200059359','2024-06-07'),(699,2567,'1925',8,1,0,'1342200059359','2024-05-27'),(700,2567,'1924',7,1,0,'1342200059359','2024-05-27'),(701,2567,'1926',9,1,0,'1342200059359','2024-06-07'),(702,2567,'1927',10,1,0,'1342200059359','2024-06-07'),(703,2567,'1928',11,1,0,'1342200059359','2024-05-27'),(704,2567,'1929',12,1,0,'1342200059359','2024-05-27'),(705,2567,'1908',1,2,0,'1342200059359','2024-05-27'),(706,2567,'1909',2,2,0,'1342200059359','2024-05-27'),(707,2567,'1910',3,2,0,'1342200059359','2024-05-27'),(708,2567,'1911',4,2,0,'1342200059359','2024-05-27'),(709,2567,'1912',5,2,0,'1342200059359','2024-05-27'),(710,2567,'1913',6,2,0,'1342200059359','2024-05-27'),(711,2567,'1914',7,2,0,'1342200059359','2024-05-27'),(712,2567,'1915',8,2,0,'1342200059359','2024-05-27'),(713,2567,'1916',9,2,0,'1342200059359','2024-05-27'),(714,2567,'1823',4,9,0,'1342200059359','2024-09-19'),(715,2567,'2003',4,4,0,'1342200059359','2024-11-07'),(716,2567,'1830',11,9,0,'1342200059359','2025-05-19'),(717,2567,'1880',11,9,0,'1342200059359','2025-05-19'),(718,2567,'1890',12,9,0,'1342200059359','2025-05-19'),(719,2567,'1831',1,8,0,'1342200059359','2025-05-19'),(720,2567,'1832',2,8,0,'1342200059359','2025-05-19'),(721,2567,'1833',3,8,0,'1342200059359','2025-05-19'),(722,2567,'1834',4,8,0,'1342200059359','2025-05-19'),(723,2567,'1835',5,8,0,'1342200059359','2025-05-19'),(724,2567,'1836',6,8,0,'1342200059359','2025-05-19'),(725,2567,'1837',7,8,0,'1342200059359','2025-05-19'),(726,2567,'1838',8,8,0,'1342200059359','2025-05-19'),(727,2567,'1839',9,8,0,'1342200059359','2025-05-19'),(728,2567,'1841',11,8,0,'1342200059359','2025-05-19'),(729,2567,'1842',12,8,0,'1342200059359','2025-05-19'),(730,2567,'1843',13,8,0,'1342200059359','2025-05-19'),(731,2567,'1844',14,8,0,'1342200059359','2025-05-19'),(732,2567,'1049',1,7,0,'1342200059359','2025-05-19'),(733,2567,'1050',2,7,0,'1342200059359','2025-05-19'),(734,2567,'1052',3,7,0,'1342200059359','2025-05-19'),(735,2567,'1053',4,7,0,'1342200059359','2025-05-19'),(736,2567,'1055',6,7,0,'1342200059359','2025-05-19'),(737,2567,'1056',7,7,0,'1342200059359','2025-05-19'),(738,2567,'1057',8,7,0,'1342200059359','2025-05-19'),(739,2567,'1058',9,7,0,'1342200059359','2025-05-19'),(740,2567,'1059',10,7,0,'1342200059359','2025-05-19'),(741,2567,'1060',11,7,0,'1342200059359','2025-05-19'),(742,2567,'1061',12,7,0,'1342200059359','2025-05-19'),(743,2567,'1062',13,7,0,'1342200059359','2025-05-19'),(744,2567,'1063',14,7,0,'1342200059359','2025-05-19'),(745,2567,'1906',15,7,0,'1342200059359','2025-05-19'),(746,2567,'1858',2,6,0,'1342200059359','2025-05-19'),(747,2567,'1857',3,6,0,'1342200059359','2025-05-19'),(748,2567,'1853',4,6,0,'1342200059359','2025-05-19'),(749,2567,'1850',5,6,0,'1342200059359','2025-05-19'),(750,2567,'1855',6,6,0,'1342200059359','2025-05-19'),(751,2567,'1856',7,6,0,'1342200059359','2025-05-19'),(752,2567,'1861',8,6,0,'1342200059359','2025-05-19'),(753,2567,'1854',9,6,0,'1342200059359','2025-05-19'),(754,2567,'1859',10,6,0,'1342200059359','2025-05-19'),(755,2567,'1851',11,6,0,'1342200059359','2025-05-19'),(756,2567,'1860',1,6,0,'1342200059359','2025-05-19'),(757,2567,'1871',3,5,0,'1342200059359','2025-05-19'),(758,2567,'1872',4,5,0,'1342200059359','2025-05-19'),(759,2567,'1874',6,5,0,'1342200059359','2025-05-19'),(760,2567,'2000',1,4,0,'1342200059359','2025-05-19'),(761,2567,'2001',2,4,0,'1342200059359','2025-05-19'),(762,2567,'2002',3,4,0,'1342200059359','2025-05-19'),(763,2567,'2005',6,4,0,'1342200059359','2025-05-19'),(764,2567,'2006',6,4,0,'1342200059359','2025-05-19'),(765,2567,'2007',8,4,0,'1342200059359','2025-05-19'),(766,2567,'2009',9,4,0,'1342200059359','2025-05-19'),(767,2567,'2010',10,4,0,'1342200059359','2025-05-19'),(768,2567,'2011',11,4,0,'1342200059359','2025-05-19'),(769,2567,'2012',12,4,0,'1342200059359','2025-05-19'),(770,2567,'1895',1,3,0,'1342200059359','2025-05-19'),(771,2567,'3',3,3,0,'1342200059359','2025-05-19'),(772,2567,'1898',4,3,0,'1342200059359','2025-05-19'),(773,2567,'1900',6,3,0,'1342200059359','2025-05-19'),(774,2567,'1901',7,3,0,'1342200059359','2025-05-19'),(775,2567,'1902',8,3,0,'1342200059359','2025-05-19'),(776,2567,'1903',9,3,0,'1342200059359','2025-05-19'),(777,2567,'1904',10,3,0,'1342200059359','2025-05-19'),(778,2567,'1905',11,3,0,'1342200059359','2025-05-19'),(779,2567,'1821',2,9,0,'1342200059359','2025-05-19'),(780,2567,'1822',3,9,0,'1342200059359','2025-05-19'),(781,2567,'1824',5,9,0,'1342200059359','2025-05-19'),(782,2567,'1825',6,9,0,'1342200059359','2025-05-19'),(783,2567,'1826',7,9,0,'1342200059359','2025-05-19'),(784,2567,'1827',8,9,0,'1342200059359','2025-05-19'),(785,2567,'1828',9,9,0,'1342200059359','2025-05-19'),(786,2567,'1829',10,9,0,'1342200059359','2025-05-19'),(787,2568,'111',1,1,0,'1342200059359','2025-05-19'),(788,2568,'222',2,1,0,'1342200059359','2025-05-19'),(789,2568,'333',3,1,0,'1342200059359','2025-05-19'),(790,2568,'444',4,1,0,'1342200059359','2025-05-19'),(791,2568,'555',5,1,0,'1342200059359','2025-05-19'),(792,2568,'1058',9,8,0,'1342200059359','2025-05-19'),(793,2568,'18',13,8,0,'1342200059359','2025-05-19'),(794,2568,'1010101',10,3,0,'1342200059359','2025-05-20'),(795,2568,'1444444',14,8,0,'1342200059359','2025-05-20'),(796,2568,'0',12,7,0,'1342200059359','2025-11-04'),(797,2568,'777',16,8,0,'1342200059359','2025-11-04');

--
-- Table structure for table `student_main_edyear`
--

CREATE TABLE `student_main_edyear` (
  `id` int(11) NOT NULL AUTO_INCREMENT,
  `ed_year` int(11) NOT NULL,
  `year_active` tinyint(4) NOT NULL,
  PRIMARY KEY (`id`),
  UNIQUE KEY `ed_year` (`ed_year`)
) ENGINE=MyISAM AUTO_INCREMENT=11 DEFAULT CHARSET=utf8 COLLATE=utf8_general_ci;

--
-- Dumping data for table `student_main_edyear`
--

INSERT INTO `student_main_edyear` VALUES (1,2557,0),(2,2558,0),(3,2561,0),(4,2562,0),(5,2563,0),(6,2564,0),(7,2565,0),(8,2566,0),(9,2567,0),(10,2568,1);

--
-- Table structure for table `student_main_expand1`
--

CREATE TABLE `student_main_expand1` (
  `id` int(11) NOT NULL AUTO_INCREMENT,
  `person_id` varchar(13) NOT NULL,
  `e_name` varchar(50) NOT NULL,
  `e_surname` varchar(50) NOT NULL,
  `birthday` date NOT NULL,
  `blood` varchar(2) NOT NULL,
  `race` varchar(30) NOT NULL,
  `nationlity` varchar(30) NOT NULL,
  `religion` varchar(30) NOT NULL,
  `rec_date` date NOT NULL,
  PRIMARY KEY (`id`),
  UNIQUE KEY `person_id` (`person_id`)
) ENGINE=MyISAM DEFAULT CHARSET=utf8 COLLATE=utf8_general_ci;

--
-- Dumping data for table `student_main_expand1`
--


--
-- Table structure for table `student_main_permission`
--

CREATE TABLE `student_main_permission` (
  `id` int(11) NOT NULL AUTO_INCREMENT,
  `person_id` varchar(13) NOT NULL,
  `p1` tinyint(4) NOT NULL,
  `officer` varchar(13) NOT NULL,
  `rec_date` date NOT NULL,
  PRIMARY KEY (`id`)
) ENGINE=MyISAM AUTO_INCREMENT=10 DEFAULT CHARSET=utf8 COLLATE=utf8_general_ci;

--
-- Dumping data for table `student_main_permission`
--

INSERT INTO `student_main_permission` VALUES (8,'1331000205148',1,'1342200059359','2022-05-18'),(5,'3341500002935',0,'1342200059359','2021-11-03'),(4,'1342200059359',1,'1342200059359','2022-05-18'),(7,'3100602977944',1,'1342200059359','2021-11-03'),(9,'1331600017091',1,'1342200059359','2024-06-07');

--
-- Table structure for table `system_ed_year`
--

CREATE TABLE `system_ed_year` (
  `id` int(11) NOT NULL AUTO_INCREMENT,
  `ed_year` int(11) NOT NULL,
  `active_ed_year` tinyint(4) NOT NULL,
  PRIMARY KEY (`id`),
  UNIQUE KEY `ed_year` (`ed_year`)
) ENGINE=MyISAM DEFAULT CHARSET=utf8 COLLATE=utf8_general_ci;

--
-- Dumping data for table `system_ed_year`
--


--
-- Table structure for table `system_export_list`
--

CREATE TABLE `system_export_list` (
  `id` int(11) NOT NULL AUTO_INCREMENT,
  `data_name` varchar(50) NOT NULL,
  `thai_dataname` varchar(100) NOT NULL,
  PRIMARY KEY (`id`),
  UNIQUE KEY `data_name` (`data_name`)
) ENGINE=MyISAM AUTO_INCREMENT=7 DEFAULT CHARSET=utf8 COLLATE=utf8_general_ci;

--
-- Dumping data for table `system_export_list`
--

INSERT INTO `system_export_list` VALUES (1,'person','ข้อมูลครูและบุคลากร'),(2,'student','ข้อมูลพื้นฐานนักเรียน'),(3,'onet','ผลสอบ O-NET'),(4,'plan','แผนปฏิบัติการประจำปี'),(5,'student_check','การมาเรียน'),(6,'health','สุขภาพผู้เรียน');

--
-- Table structure for table `system_export_log`
--

CREATE TABLE `system_export_log` (
  `id` int(11) NOT NULL AUTO_INCREMENT,
  `computer_ip` varchar(25) NOT NULL,
  `requester` varchar(50) NOT NULL,
  `login_time` datetime NOT NULL,
  `data` varchar(20) NOT NULL,
  PRIMARY KEY (`id`)
) ENGINE=MyISAM AUTO_INCREMENT=143 DEFAULT CHARSET=utf8 COLLATE=utf8_general_ci;

--
-- Dumping data for table `system_export_log`
--

INSERT INTO `system_export_log` VALUES (1,'61.19.124.234','amssplus','2018-09-21 04:36:43','person'),(2,'61.19.124.234','amssplus','2019-03-13 03:35:05','student'),(3,'61.19.124.234','amssplus','2019-10-03 08:16:28','student_check'),(4,'61.19.124.234','amssplus','2019-10-03 08:58:27','student_check'),(5,'61.19.124.234','amssplus','2019-10-03 09:05:20','student_check'),(6,'61.19.124.234','amssplus','2019-10-08 14:54:15','student_check'),(7,'122.155.223.9','amssplus','2019-12-12 11:08:45','student_check'),(8,'122.155.223.9','amssplus','2019-12-12 11:08:46','student_check'),(9,'122.155.223.9','amssplus','2019-12-12 11:08:51','student_check'),(10,'122.155.223.9','amssplus','2019-12-12 11:08:52','student_check'),(11,'122.155.223.9','amssplus','2020-03-09 10:08:05','student'),(12,'122.155.223.9','amssplus','2020-03-30 14:50:16','student_check'),(13,'122.155.223.9','amssplus','2020-07-16 05:31:54','plan'),(14,'122.155.223.9','amssplus','2020-08-05 09:47:44','student'),(15,'122.155.223.9','amssplus','2021-02-23 05:35:39','plan'),(16,'122.155.223.9','amssplus','2021-02-23 05:36:12','student_check'),(17,'122.155.223.9','amssplus','2021-02-23 05:36:15','student_check'),(18,'122.155.223.9','amssplus','2021-02-23 05:36:24','student_check'),(19,'192.168.1.6','amssplus','2021-05-29 11:02:45','student'),(20,'192.168.1.6','amssplus','2021-05-29 11:03:51','student'),(21,'192.168.1.6','amssplus','2021-05-29 11:54:26','student'),(22,'192.168.1.6','amssplus','2021-05-29 11:57:23','student'),(23,'192.168.1.6','amssplus','2021-05-29 11:58:24','student'),(24,'192.168.1.6','amssplus','2021-05-29 12:12:58','student'),(25,'192.168.1.6','amssplus','2021-05-29 12:22:09','student'),(26,'192.168.1.6','amssplus','2021-05-29 12:23:55','student'),(27,'192.168.1.6','amssplus','2021-05-29 12:44:03','student'),(28,'192.168.1.6','amssplus','2021-05-29 12:50:49','student'),(29,'192.168.1.6','amssplus','2021-05-29 12:57:24','student'),(30,'192.168.1.6','amssplus','2021-05-29 12:58:29','student'),(31,'192.168.1.6','amssplus','2021-05-29 14:27:42','student'),(32,'192.168.1.6','amssplus','2021-05-29 14:28:16','student'),(33,'192.168.1.6','amssplus','2021-05-29 14:28:44','student'),(34,'192.168.1.6','amssplus','2021-05-29 14:29:22','student'),(35,'192.168.1.6','amssplus','2021-05-29 14:31:55','student'),(36,'10.1.1.3','amssplus','2021-10-06 10:32:14','student'),(37,'10.1.1.3','amssplus','2021-10-25 11:56:58','student'),(38,'10.1.1.3','amssplus','2021-10-25 12:05:08','student'),(39,'10.1.1.3','amssplus','2022-07-23 11:16:50','plan'),(40,'10.1.1.3','amssplus','2022-09-07 14:39:51','student'),(41,'10.1.1.3','amssplus','2022-09-16 21:25:16','student'),(42,'','amssplus','2023-01-02 14:23:40','student_check'),(43,'','amssplus','2023-01-02 17:52:54','student_check'),(44,'','amssplus','2023-01-02 17:54:30','student_check'),(45,'','amssplus','2023-01-02 17:55:04','student_check'),(46,'10.1.1.3','amssplus','2023-01-22 00:24:29','student'),(47,'127.0.0.1','amssplus','2023-02-16 09:21:28','student_check'),(48,'127.0.0.1','amssplus','2023-02-16 09:22:08','student_check'),(49,'127.0.0.1','amssplus','2023-02-16 09:33:03','student_check'),(50,'10.1.1.3','amssplus','2023-04-05 09:48:19','student_check'),(51,'10.1.1.3','amssplus','2023-04-05 22:38:10','student_check'),(52,'10.1.1.3','amssplus','2023-04-06 10:24:16','student_check'),(53,'10.1.1.3','amssplus','2023-04-06 10:25:07','student_check'),(54,'10.1.1.3','amssplus','2023-04-06 10:47:27','student_check'),(55,'10.1.1.3','amssplus','2023-04-06 13:13:41','student_check'),(56,'10.1.1.3','amssplus','2023-06-15 10:20:21','student_check'),(57,'10.1.1.3','amssplus','2023-06-15 10:59:12','student'),(58,'10.1.1.3','amssplus','2023-06-16 15:19:33','student'),(59,'10.1.1.3','amssplus','2023-07-04 11:26:09','student'),(60,'127.0.0.1','amssplus','2023-07-09 13:17:03','student_check'),(61,'127.0.0.1','amssplus','2023-07-09 13:19:00','student_check'),(62,'127.0.0.1','amssplus','2023-07-09 13:19:47','student_check'),(63,'127.0.0.1','amssplus','2023-07-09 13:20:13','student_check'),(64,'127.0.0.1','amssplus','2023-07-09 13:20:45','student_check'),(65,'127.0.0.1','amssplus','2023-07-09 13:21:44','student_check'),(66,'127.0.0.1','amssplus','2023-07-09 13:27:58','student_check'),(67,'127.0.0.1','amssplus','2023-07-09 13:29:13','student_check'),(68,'127.0.0.1','amssplus','2023-07-09 13:31:15','student_check'),(69,'127.0.0.1','amssplus','2023-07-09 13:36:12','student_check'),(70,'127.0.0.1','amssplus','2023-07-09 13:37:18','student_check'),(71,'127.0.0.1','amssplus','2023-07-09 13:37:40','student_check'),(72,'127.0.0.1','amssplus','2023-07-09 13:39:11','student_check'),(73,'127.0.0.1','amssplus','2023-07-09 13:41:19','student_check'),(74,'127.0.0.1','amssplus','2023-07-09 13:42:40','student_check'),(75,'127.0.0.1','amssplus','2023-07-09 13:43:38','student_check'),(76,'127.0.0.1','amssplus','2023-07-09 13:47:33','student_check'),(77,'127.0.0.1','amssplus','2023-07-09 13:59:31','student_check'),(78,'127.0.0.1','amssplus','2023-07-09 14:08:14','student_check'),(79,'127.0.0.1','amssplus','2023-07-09 14:17:26','student_check'),(80,'127.0.0.1','amssplus','2023-07-11 07:57:58','student_check'),(81,'127.0.0.1','amssplus','2023-07-11 08:13:01','student_check'),(82,'127.0.0.1','amssplus','2023-07-11 08:13:51','student_check'),(83,'127.0.0.1','amssplus','2023-07-11 08:14:42','student_check'),(84,'127.0.0.1','amssplus','2023-07-26 13:59:00','student_check'),(85,'127.0.0.1','amssplus','2023-07-26 14:00:40','student_check'),(86,'127.0.0.1','amssplus','2023-07-26 14:02:15','student_check'),(87,'127.0.0.1','amssplus','2023-07-26 14:52:57','student_check'),(88,'127.0.0.1','amssplus','2023-07-26 14:58:33','student_check'),(89,'127.0.0.1','amssplus','2023-07-26 15:09:15','student_check'),(90,'127.0.0.1','amssplus','2023-07-26 15:11:09','student_check'),(91,'127.0.0.1','amssplus','2023-07-26 15:12:07','student_check'),(92,'127.0.0.1','amssplus','2023-07-26 15:18:44','student_check'),(93,'127.0.0.1','amssplus','2023-07-26 15:22:40','student_check'),(94,'127.0.0.1','amssplus','2023-07-26 15:27:31','student_check'),(95,'127.0.0.1','amssplus','2023-07-26 15:31:10','student_check'),(96,'127.0.0.1','amssplus','2023-07-26 15:32:19','student_check'),(97,'127.0.0.1','amssplus','2023-07-26 15:33:14','student_check'),(98,'127.0.0.1','amssplus','2023-07-26 15:45:51','student_check'),(99,'127.0.0.1','amssplus','2023-07-26 15:49:06','student_check'),(100,'127.0.0.1','amssplus','2023-07-26 15:51:03','student_check'),(101,'127.0.0.1','amssplus','2023-07-26 15:52:50','student_check'),(102,'127.0.0.1','amssplus','2023-07-26 15:57:21','student_check'),(103,'127.0.0.1','amssplus','2023-07-26 17:14:01','student_check'),(104,'127.0.0.1','amssplus','2023-07-26 17:19:49','student_check'),(105,'127.0.0.1','amssplus','2023-07-26 17:26:41','student_check'),(106,'127.0.0.1','amssplus','2023-07-26 17:28:17','student_check'),(107,'127.0.0.1','amssplus','2023-07-26 17:42:19','student_check'),(108,'10.1.1.3','amssplus','2023-08-24 09:05:29','student_check'),(109,'10.1.1.3','amssplus','2023-08-31 09:02:47','student_check'),(110,'10.1.1.3','amssplus','2023-08-31 09:03:18','student_check'),(111,'10.1.1.3','amssplus','2023-08-31 09:03:39','student_check'),(112,'10.1.1.3','amssplus','2023-09-15 20:10:52','student'),(113,'','amssplus','2023-10-25 14:28:41','student_check'),(114,'','amssplus','2023-10-25 14:28:46','student_check'),(115,'','amssplus','2023-10-25 14:28:48','student_check'),(116,'10.255.199.107','amssplus','2023-11-29 08:55:48','student_check'),(117,'10.255.199.107','amssplus','2023-12-15 12:15:49','student_check'),(118,'10.255.199.107','amssplus','2024-01-25 03:50:22','student_check'),(119,'10.255.199.107','amssplus','2024-06-10 11:59:20','student'),(120,'10.255.199.107','amssplus','2024-06-10 12:33:06','student'),(121,'10.255.199.107','amssplus','2024-06-14 10:46:03','student'),(122,'10.255.199.107','amssplus','2024-06-14 10:52:05','student'),(123,'10.255.199.107','amssplus','2024-06-17 04:37:32','person'),(124,'10.255.199.107','amssplus','2024-06-17 04:39:47','person'),(125,'10.255.199.107','amssplus','2024-06-20 04:51:34','student_check'),(126,'10.255.199.107','amssplus','2024-08-08 03:18:57','person'),(127,'10.255.199.107','amssplus','2025-03-11 07:57:43','student_check'),(128,'10.255.199.107','amssplus','2025-03-11 07:58:04','student_check'),(129,'10.255.199.107','amssplus','2025-03-28 01:48:39','student_check'),(130,'10.255.199.107','amssplus','2025-05-29 08:07:45','person'),(131,'10.255.199.107','amssplus','2025-05-29 08:14:00','person'),(132,'10.255.199.107','amssplus','2025-06-08 04:21:19','student'),(133,'10.255.199.107','amssplus','2025-06-08 04:23:08','student'),(134,'10.255.199.107','amssplus','2025-07-30 08:33:28','student_check'),(135,'10.255.199.107','amssplus','2025-08-01 22:22:45','student_check'),(136,'10.255.199.107','amssplus','2025-08-01 22:22:49','student_check'),(137,'10.255.199.107','amssplus','2025-08-14 04:06:12','person'),(138,'10.255.199.107','amssplus','2025-08-14 04:06:48','person'),(139,'10.255.199.107','amssplus','2025-08-14 04:25:27','student'),(140,'10.255.199.107','amssplus','2025-08-29 02:40:17','student_check'),(141,'10.255.199.107','amssplus','2025-09-13 05:43:36','student_check'),(142,'10.255.199.107','amssplus','2025-09-13 05:54:44','student_check');

--
-- Table structure for table `system_export_permission`
--

CREATE TABLE `system_export_permission` (
  `id` int(11) NOT NULL AUTO_INCREMENT,
  `requester` varchar(50) NOT NULL,
  `data_name` varchar(50) NOT NULL,
  `status` tinyint(4) NOT NULL DEFAULT 0,
  PRIMARY KEY (`id`)
) ENGINE=MyISAM AUTO_INCREMENT=7 DEFAULT CHARSET=utf8 COLLATE=utf8_general_ci;

--
-- Dumping data for table `system_export_permission`
--

INSERT INTO `system_export_permission` VALUES (1,'amssplus','plan',1),(2,'amssplus','onet',1),(3,'amssplus','student',1),(4,'amssplus','person',1),(5,'amssplus','student_check',1),(6,'amssplus','health',1);

--
-- Table structure for table `system_module`
--

CREATE TABLE `system_module` (
  `id` int(11) NOT NULL AUTO_INCREMENT,
  `module` varchar(50) NOT NULL,
  `module_desc` varchar(100) NOT NULL,
  `workgroup` tinyint(4) DEFAULT NULL,
  `module_active` tinyint(4) DEFAULT NULL,
  `module_order` int(11) NOT NULL,
  `web_link` tinyint(4) DEFAULT NULL,
  `url` varchar(150) DEFAULT NULL,
  `where_work` tinyint(4) NOT NULL DEFAULT 0,
  `menu_pic` varchar(25) NOT NULL,
  PRIMARY KEY (`id`),
  UNIQUE KEY `module` (`module`)
) ENGINE=MyISAM AUTO_INCREMENT=32 DEFAULT CHARSET=utf8 COLLATE=utf8_general_ci;

--
-- Dumping data for table `system_module`
--

INSERT INTO `system_module` VALUES (1,'budget','การเงินและบัญชี',2,1,25,NULL,NULL,0,'fab fa-btc'),(2,'person','ข้อมูลพื้นฐานครูและบุคลากร',3,1,29,NULL,NULL,0,'fa fa-user-circle'),(3,'standard','มาตรฐานการศึกษา',1,1,21,NULL,NULL,0,''),(4,'health','ตรวจสุขภาพนักเรียน',1,1,5,NULL,NULL,0,''),(5,'student_check','การมาเรียน',1,1,1,NULL,NULL,0,'fa fa-child'),(6,'work','﻿การปฏิบัติราชการ',4,1,47,NULL,NULL,0,''),(7,'news','﻿รายงานข่าว',4,1,53,0,'',0,''),(8,'savings','ออมทรัพย์นักเรียน',1,1,3,NULL,NULL,0,'fab fa-btc'),(9,'student_main','ข้อมูลพื้นฐานนักเรียน',1,1,7,NULL,NULL,0,'fa fa-child'),(10,'plan','การวางแผน',2,1,23,NULL,NULL,0,''),(11,'la','﻿การลา',4,1,45,NULL,NULL,0,''),(12,'mail','ไปรษณีย์_โรงเรียน',4,1,37,NULL,NULL,0,'fa fa-envelope'),(13,'meeting','﻿จองห้องประชุม',4,1,49,NULL,NULL,0,''),(14,'permission','﻿ขออนุญาตไปราชการ',4,1,43,NULL,NULL,0,''),(15,'achievement','﻿ผลสัมฤทธิ์ทางการเรียน',1,1,19,NULL,NULL,0,'fa fa-graduation-cap'),(16,'cabinet','﻿ตู้เอกสาร',4,1,51,NULL,NULL,0,''),(17,'bookregister','﻿ทะเบียนหนังสือราชการ',4,1,33,NULL,NULL,0,'fa fa-book'),(18,'bets','ทดสอบการศึกษา_โรงเรียน',1,1,9,0,'',1,'fa fa-graduation-cap'),(19,'affair','﻿ภารกิจผู้อำนวยการ',4,1,39,0,'',0,''),(20,'amss_bets','﻿ทดสอบการศึกษา_สพท.',1,1,11,0,'',1,'fa fa-graduation-cap'),(21,'amss_budget','﻿การบริหารงบประมาณ_สพท.',2,1,27,0,'',0,'fab fa-btc'),(22,'amss_mail','﻿ไปรษณีย์_สพท.',4,1,38,0,'',0,'fa fa-envelope'),(23,'amss_opportunity','﻿สิทธิและโอกาสทางการศึกษา',1,1,15,0,'',0,'fa fa-child'),(24,'amss_spacial_student','﻿นักเรียนพิเศษ',1,1,17,0,'',0,'fa fa-child'),(25,'amss_supervision','﻿นิเทศ ติดตาม ประเมินผล',1,1,13,0,'',0,'fa fa-graduation-cap'),(26,'book','﻿รับส่งหนังสือราชการ',4,1,35,0,'',0,'fa fa-book'),(27,'delegate','﻿รักษาการในตำแหน่ง',3,1,31,0,'',0,''),(28,'warroom','﻿วิเคราะห์สภาพการณ์',1,1,0,0,'',0,'fa fa-filter'),(29,'questionnaire','﻿แบบสอบถาม',4,1,0,0,'',0,''),(30,'idplan','﻿ข้อมูลครูและบุคลากร(ส่วนเพิ่ม)',3,1,0,0,'',0,''),(31,'amss_safety','สถานศึกษาปลอดภัย',1,1,0,0,'',0,'');

--
-- Table structure for table `system_module_admin`
--

CREATE TABLE `system_module_admin` (
  `id` int(11) NOT NULL AUTO_INCREMENT,
  `person_id` varchar(13) NOT NULL,
  `module` varchar(30) NOT NULL,
  `officer` varchar(13) NOT NULL,
  `rec_date` date NOT NULL,
  PRIMARY KEY (`id`)
) ENGINE=MyISAM AUTO_INCREMENT=65 DEFAULT CHARSET=utf8 COLLATE=utf8_general_ci;

--
-- Dumping data for table `system_module_admin`
--

INSERT INTO `system_module_admin` VALUES (2,'3349700145966','bookregister','7777','2014-09-13'),(3,'3341500247725','budget','7777','2014-09-13'),(46,'1342200059359','student_main','1342200059359','2018-11-15'),(48,'1342200059359','savings','1342200059359','2018-11-15'),(7,'3349700145966','mail','7777','2014-09-13'),(8,'3349700145966','student_check','7777','2014-09-13'),(9,'3349700145966','plan','3349700145966','2015-06-28'),(10,'3349700145966','budget','3349700145966','2015-06-28'),(11,'3349700145966','bets','3349700145966','2015-06-29'),(12,'3349700145966','person','3349700145966','2015-06-29'),(13,'3349700145966','la','3349700145966','2015-06-29'),(14,'3349700145966','health','3349700145966','2015-06-29'),(15,'3349700145966','permission','3349700145966','2015-06-29'),(16,'3349700145966','savings','3349700145966','2015-06-29'),(17,'3349800200411','savings','3349700145966','2015-06-29'),(18,'3349700145966','standard','3349700145966','2015-06-29'),(19,'3349700145966','student_main','3349700145966','2015-06-29'),(20,'3349700145966','work','3349700145966','2015-06-29'),(22,'3349700145966','achievement','3349700145966','2015-11-15'),(40,'3349800200411','book','7777','2018-10-08'),(41,'1350300098508','bookregister','7777','2018-10-08'),(42,'1350300098508','book','7777','2018-10-08'),(43,'1342200059359','work','1342200059359','2018-11-15'),(44,'1342200059359','permission','1342200059359','2018-11-15'),(30,'3341500247725','plan','3349700145966','2015-11-15'),(47,'1342200059359','student_check','1342200059359','2018-11-15'),(32,'3349700145966','news','3349700145966','2015-11-15'),(33,'3349700145966','cabinet','3349700145966','2015-11-15'),(49,'1342200059359','health','1342200059359','2018-11-15'),(45,'1342200059359','person','1342200059359','2018-11-15'),(50,'1342200059359','affair','1342200059359','2018-11-15'),(51,'1342200059359','la','1342200059359','2018-11-15'),(52,'1342200059359','bookregister','1342200059359','2018-11-15'),(53,'1342200059359','book','1342200059359','2018-11-15'),(54,'1342200059359','delegate','1342200059359','2018-11-15'),(55,'1342200059359','mail','1342200059359','2018-11-15'),(56,'1342200059359','amss_mail','1342200059359','2018-11-15'),(57,'1342200059359','plan','1342200059359','2018-11-15'),(58,'1342200059359','budget','1342200059359','2018-11-15'),(59,'1342200059359','amss_opportunity','1342200059359','2018-11-15'),(60,'1342200059359','bets','1342200059359','2018-11-15'),(61,'1342200059359','amss_bets','1342200059359','2018-11-15'),(62,'1342200059359','achievement','1342200059359','2018-11-15'),(63,'1342200059359','cabinet','1342200059359','2018-11-15'),(64,'3341500002935','budget','7777','2020-11-27');

--
-- Table structure for table `system_school_name`
--

CREATE TABLE `system_school_name` (
  `id` tinyint(4) NOT NULL,
  `school_name` varchar(200) NOT NULL,
  `school_type` tinyint(4) NOT NULL DEFAULT 0,
  PRIMARY KEY (`id`)
) ENGINE=MyISAM DEFAULT CHARSET=utf8 COLLATE=utf8_general_ci;

--
-- Dumping data for table `system_school_name`
--

INSERT INTO `system_school_name` VALUES (1,'โรงเรียนบ้านหนองผือโปร่งคำ',0);

--
-- Table structure for table `system_sync_code`
--

CREATE TABLE `system_sync_code` (
  `id` tinyint(4) NOT NULL AUTO_INCREMENT,
  `office_code` varchar(10) NOT NULL,
  `system_name` varchar(50) NOT NULL,
  `sync_code` varchar(50) NOT NULL,
  `amssplus_url` varchar(100) NOT NULL,
  PRIMARY KEY (`id`),
  UNIQUE KEY `system_name` (`system_name`)
) ENGINE=MyISAM AUTO_INCREMENT=4 DEFAULT CHARSET=utf8 COLLATE=utf8_general_ci;

--
-- Dumping data for table `system_sync_code`
--

INSERT INTO `system_sync_code` VALUES (3,'34040099','amssplus','34040099','http://10.255.199.107/amssplus');

--
-- Table structure for table `system_version`
--

CREATE TABLE `system_version` (
  `id` int(11) NOT NULL AUTO_INCREMENT,
  `smss_version` varchar(100) NOT NULL,
  `status1` int(11) DEFAULT NULL,
  `status2` int(11) DEFAULT NULL,
  `status3` int(11) DEFAULT NULL,
  `status4` int(11) DEFAULT NULL,
  `status5` int(11) DEFAULT NULL,
  PRIMARY KEY (`id`)
) ENGINE=MyISAM AUTO_INCREMENT=2 DEFAULT CHARSET=utf8 COLLATE=utf8_general_ci;

--
-- Dumping data for table `system_version`
--

INSERT INTO `system_version` VALUES (1,'6.4',1,0,0,0,0);

--
-- Table structure for table `system_workgroup`
--

CREATE TABLE `system_workgroup` (
  `id` tinyint(4) NOT NULL AUTO_INCREMENT,
  `workgroup` tinyint(4) NOT NULL,
  `workgroup_desc` varchar(50) NOT NULL,
  `workgroup_order` int(11) NOT NULL,
  PRIMARY KEY (`id`),
  UNIQUE KEY `workgroup` (`workgroup`)
) ENGINE=MyISAM AUTO_INCREMENT=5 DEFAULT CHARSET=utf8 COLLATE=utf8_general_ci;

--
-- Dumping data for table `system_workgroup`
--

INSERT INTO `system_workgroup` VALUES (1,1,'บริหารวิชาการ',4),(2,2,'บริหารงบประมาณ',6),(3,3,'บริหารงานบุคคล',8),(4,4,'บริหารทั่วไป',10);

--
-- Table structure for table `work_main`
--

CREATE TABLE `work_main` (
  `id` int(11) NOT NULL AUTO_INCREMENT,
  `work_date` date NOT NULL,
  `person_id` varchar(13) NOT NULL,
  `work` tinyint(4) NOT NULL DEFAULT 0,
  `comment` varchar(150) DEFAULT NULL,
  `rec_date` datetime NOT NULL,
  `officer` varchar(13) NOT NULL,
  PRIMARY KEY (`id`),
  KEY `work_date` (`work_date`),
  KEY `person_id` (`person_id`)
) ENGINE=MyISAM AUTO_INCREMENT=4 DEFAULT CHARSET=utf8 COLLATE=utf8_general_ci;

--
-- Dumping data for table `work_main`
--

INSERT INTO `work_main` VALUES (1,'2018-11-15','1342200059359',2,NULL,'2018-11-15 11:39:03','1342200059359'),(2,'2018-11-13','1342200059359',2,NULL,'2018-11-15 11:40:41','1342200059359'),(3,'2018-11-14','1342200059359',1,NULL,'2018-11-15 11:40:55','1342200059359');

--
-- Table structure for table `work_permission`
--

CREATE TABLE `work_permission` (
  `id` int(11) NOT NULL AUTO_INCREMENT,
  `person_id` varchar(13) NOT NULL,
  `p1` tinyint(4) NOT NULL,
  `officer` varchar(13) NOT NULL,
  `rec_date` date NOT NULL,
  PRIMARY KEY (`id`)
) ENGINE=MyISAM AUTO_INCREMENT=3 DEFAULT CHARSET=utf8 COLLATE=utf8_general_ci;

--
-- Dumping data for table `work_permission`
--

INSERT INTO `work_permission` VALUES (1,'3321200313927',1,'3349700145966','2015-11-15'),(2,'1342200059359',1,'1342200059359','2018-11-15');


