(12907,2,'1752567571x134379836','saraban','3490300100494',NULL,1,'2025-07-22 11:23:04',NULL,NULL,'1753158184401016843',NULL),(12908,2,'1752567571x134379836','saraban','3490300100494',NULL,1,'2025-07-22 11:23:04',NULL,NULL,'1753158184401016843',NULL),(12909,2,'1752568042x2026247038','saraban','3490300100494',NULL,1,'2025-07-22 11:23:04',NULL,NULL,'17531581841074830831',NULL),(12910,2,'1752568042x2026247038','saraban','3490300100494',NULL,1,'2025-07-22 11:23:04',NULL,NULL,'17531581841074830831',NULL),(12911,2,'1752569982x1524231604','saraban','3490300100494',NULL,1,'2025-07-22 11:23:04',NULL,NULL,'17531581841805651693',NULL),(12912,2,'1752569982x1524231604','saraban','3490300100494',NULL,1,'2025-07-22 11:23:04',NULL,NULL,'17531581841805651693',NULL),(12913,2,'1752570759x1406299167','saraban','3490300100494',NULL,1,'2025-07-22 11:23:04',NULL,NULL,'1753158184278244916',NULL),(12914,2,'1752570759x1406299167','saraban','3490300100494',NULL,1,'2025-07-22 11:23:04',NULL,NULL,'1753158184278244916',NULL),(12915,2,'1752572857x74766469','saraban','3490300100494',NULL,1,'2025-07-22 11:23:04',NULL,NULL,'17531581841573279673',NULL),(12916,2,'1752572857x74766469','saraban','3490300100494',NULL,1,'2025-07-22 11:23:04',NULL,NULL,'17531581841573279673',NULL),(12917,2,'1752628568x284312559','saraban','3490300100494',NULL,1,'2025-07-22 11:23:04',NULL,NULL,'17531581841153360199',NULL),(12918,2,'1752628568x284312559','saraban','3490300100494',NULL,1,'2025-07-22 11:23:04',NULL,NULL,'17531581841153360199',NULL),(12919,2,'1752564824x1854982668','saraban','3490300100494',NULL,1,'2025-07-22 11:23:04',NULL,NULL,'1753158184385081491',NULL),(12920,2,'1752564824x1854982668','saraban','3490300100494',NULL,1,'2025-07-22 11:23:04',NULL,NULL,'1753158184385081491',NULL),(12921,2,'1752648558x1194549333','saraban','3490300100494',NULL,1,'2025-07-22 11:23:04',NULL,NULL,'17531581841791198070',NULL),(12922,2,'1752648558x1194549333','saraban','3490300100494',NULL,1,'2025-07-22 11:23:04',NULL,NULL,'17531581841791198070',NULL),(12923,2,'1752650250x1435302444','saraban','3490300100494',NULL,1,'2025-07-22 11:23:04',NULL,NULL,'17531581841103618469',NULL),(12924,2,'1752650250x1435302444','saraban','3490300100494',NULL,1,'2025-07-22 11:23:04',NULL,NULL,'17531581841103618469',NULL),(12925,2,'1752653585x2014289234','saraban','3490300100494',NULL,1,'2025-07-22 11:23:04',NULL,NULL,'17531581841078992570',NULL),(12926,2,'1752653585x2014289234','saraban','3490300100494',NULL,1,'2025-07-22 11:23:04',NULL,NULL,'17531581841078992570',NULL),(12927,2,'1752656292x43158840','saraban','3490300100494',NULL,1,'2025-07-22 11:23:04',NULL,NULL,'1753158184306333950',NULL),(12928,2,'1752656292x43158840','saraban','3490300100494',NULL,1,'2025-07-22 11:23:04',NULL,NULL,'1753158184306333950',NULL),(12929,2,'1752661332x941162970','saraban','3490300100494',NULL,1,'2025-07-22 11:23:04',NULL,NULL,'17531581841807827915',NULL),(12930,2,'1752661332x941162970','saraban','3490300100494',NULL,1,'2025-07-22 11:23:04',NULL,NULL,'17531581841807827915',NULL),(12931,2,'1752715166x1281707398','saraban','3490300100494',NULL,1,'2025-07-22 11:23:04',NULL,NULL,'1753158184972424408',NULL),(12932,2,'1752715166x1281707398','saraban','3490300100494',NULL,1,'2025-07-22 11:23:04',NULL,NULL,'1753158184972424408',NULL),(12933,2,'1752721394x552316790','saraban','3490300100494',NULL,1,'2025-07-22 11:23:04',NULL,NULL,'1753158184446210793',NULL),(12934,2,'1752721394x552316790','saraban','3490300100494',NULL,1,'2025-07-22 11:23:04',NULL,NULL,'1753158184446210793',NULL),(12935,2,'1752732566x1955359543','saraban','3490300100494',NULL,1,'2025-07-22 11:23:04',NULL,NULL,'17531581841160322790',NULL),(12936,2,'1752732566x1955359543','saraban','3490300100494',NULL,1,'2025-07-22 11:23:04',NULL,NULL,'17531581841160322790',NULL),(12937,2,'1752736422x812849967','saraban','3490300100494',NULL,1,'2025-07-22 11:23:04',NULL,NULL,'1753158184863568530',NULL),(12938,2,'1752736422x812849967','saraban','3490300100494',NULL,1,'2025-07-22 11:23:04',NULL,NULL,'1753158184863568530',NULL),(12939,2,'1752818759x2020621379','saraban','3490300100494',NULL,1,'2025-07-22 11:23:04',NULL,NULL,'17531581841412359510',NULL),(12940,2,'1752818759x2020621379','saraban','3490300100494',NULL,1,'2025-07-22 11:23:04',NULL,NULL,'17531581841412359510',NULL),(12941,2,'1752825926x813395099','saraban','3490300100494',NULL,1,'2025-07-22 11:23:04',NULL,NULL,'17531581842036962852',NULL),(12942,2,'1752825926x813395099','saraban','3490300100494',NULL,1,'2025-07-22 11:23:04',NULL,NULL,'17531581842036962852',NULL),(12943,2,'1752827679x776748767','saraban','3490300100494',NULL,1,'2025-07-22 11:23:04',NULL,NULL,'17531581841546304314',NULL),(12944,2,'1752827679x776748767','saraban','3490300100494',NULL,1,'2025-07-22 11:23:04',NULL,NULL,'17531581841546304314',NULL),(12945,2,'1751624121x1322776934','saraban','3490300100494',NULL,1,'2025-07-22 11:23:04',NULL,NULL,'17531581841552519099',NULL),(12946,2,'1751624121x1322776934','saraban','3490300100494',NULL,1,'2025-07-22 11:23:04',NULL,NULL,'17531581841552519099',NULL),(12947,2,'1753085691x1571612644','saraban','3490300100494',NULL,1,'2025-07-22 11:23:04',NULL,NULL,'17531581841471487206',NULL),(12948,2,'1753085691x1571612644','saraban','3490300100494',NULL,1,'2025-07-22 11:23:04',NULL,NULL,'17531581841471487206',NULL),(12949,2,'1753062188x54086332','saraban','3490300100494',NULL,1,'2025-07-22 11:23:04',NULL,NULL,'17531581841693827113',NULL),(12950,2,'1753062188x54086332','saraban','3490300100494',NULL,1,'2025-07-22 11:23:04',NULL,NULL,'17531581841693827113',NULL),(12951,2,'1753088425x711450890','saraban','3490300100494',NULL,1,'2025-07-22 11:23:04',NULL,NULL,'17531581841678458241',NULL),(12952,2,'1753088425x711450890','saraban','3490300100494',NULL,1,'2025-07-22 11:23:04',NULL,NULL,'17531581841678458241',NULL),(12953,2,'1753089296x274760687','saraban','3490300100494',NULL,1,'2025-07-22 11:23:04',NULL,NULL,'1753158184150240664',NULL),(12954,2,'1753089296x274760687','saraban','3490300100494',NULL,1,'2025-07-22 11:23:04',NULL,NULL,'1753158184150240664',NULL),(12955,2,'1753080132x1727615025','saraban','3490300100494',NULL,1,'2025-07-22 11:23:04',NULL,NULL,'1753158184164080559',NULL),(12956,2,'1753080132x1727615025','saraban','3490300100494',NULL,1,'2025-07-22 11:23:04',NULL,NULL,'1753158184164080559',NULL),(12957,2,'1753079905x2015531525','saraban','3490300100494',NULL,1,'2025-07-22 11:23:04',NULL,NULL,'1753158184950112880',NULL),(12958,2,'1753079905x2015531525','saraban','3490300100494',NULL,1,'2025-07-22 11:23:04',NULL,NULL,'1753158184950112880',NULL),(12959,2,'1753151025x1455201927','saraban','3490300100494',NULL,1,'2025-07-22 11:23:04',NULL,NULL,'17531581841180421821',NULL),(12960,2,'1753151025x1455201927','saraban','3490300100494',NULL,1,'2025-07-22 11:23:04',NULL,NULL,'17531581841180421821',NULL),(12961,2,'1753152742x1783505141','saraban','3490300100494',NULL,1,'2025-07-22 11:23:04',NULL,NULL,'17531581841560726529',NULL),(12962,2,'1753152742x1783505141','saraban','3490300100494',NULL,1,'2025-07-22 11:23:04',NULL,NULL,'17531581841560726529',NULL),(12963,2,'1753154617x1042362574','saraban','3490300100494',NULL,1,'2025-07-22 11:23:04',NULL,NULL,'1753158184687472945',NULL),(12964,2,'1753154617x1042362574','saraban','3490300100494',NULL,1,'2025-07-22 11:23:04',NULL,NULL,'1753158184687472945',NULL),(12965,2,'1753164133x1652215967','saraban','3490300100494',NULL,1,'2025-07-24 09:39:21',NULL,NULL,'17533247611304318709',NULL),(12966,2,'1753164133x1652215967','saraban','3490300100494',NULL,1,'2025-07-24 09:39:21',NULL,NULL,'17533247611304318709',NULL),(12967,2,'1753164915x610150741','saraban','3490300100494',NULL,1,'2025-07-24 09:39:21',NULL,NULL,'17533247611291027093',NULL),(12968,2,'1753164915x610150741','saraban','3490300100494',NULL,1,'2025-07-24 09:39:21',NULL,NULL,'17533247611291027093',NULL),(12969,2,'1753166018x680503039','saraban','3490300100494',NULL,1,'2025-07-24 09:39:21',NULL,NULL,'17533247611469590170',NULL),(12970,2,'1753166018x680503039','saraban','3490300100494',NULL,1,'2025-07-24 09:39:21',NULL,NULL,'17533247611469590170',NULL),(12971,2,'1753237571x361121036','saraban','3490300100494',NULL,1,'2025-07-24 09:39:21',NULL,NULL,'1753324761676445792',NULL),(12972,2,'1753237571x361121036','saraban','3490300100494',NULL,1,'2025-07-24 09:39:21',NULL,NULL,'1753324761676445792',NULL),(12973,2,'1753237881x224445173','saraban','3490300100494',NULL,1,'2025-07-24 09:39:21',NULL,NULL,'17533247611603513526',NULL),(12974,2,'1753237881x224445173','saraban','3490300100494',NULL,1,'2025-07-24 09:39:21',NULL,NULL,'17533247611603513526',NULL),(12975,2,'1753239993x54362761','saraban','3490300100494',NULL,1,'2025-07-24 09:39:21',NULL,NULL,'17533247611901522889',NULL),(12976,2,'1753239993x54362761','saraban','3490300100494',NULL,1,'2025-07-24 09:39:21',NULL,NULL,'17533247611901522889',NULL),(12977,2,'1753241856x42013556','saraban','3490300100494',NULL,1,'2025-07-24 09:39:21',NULL,NULL,'1753324761364635962',NULL),(12978,2,'1753241856x42013556','saraban','3490300100494',NULL,1,'2025-07-24 09:39:21',NULL,NULL,'1753324761364635962',NULL),(12979,2,'1753242782x1747312827','saraban','3490300100494',NULL,1,'2025-07-24 09:39:21',NULL,NULL,'17533247611116890921',NULL),(12980,2,'1753242782x1747312827','saraban','3490300100494',NULL,1,'2025-07-24 09:39:21',NULL,NULL,'17533247611116890921',NULL),(12981,2,'1753246417x1548849514','saraban','3490300100494',NULL,1,'2025-07-24 09:39:21',NULL,NULL,'1753324761389834036',NULL),(12982,2,'1753246417x1548849514','saraban','3490300100494',NULL,1,'2025-07-24 09:39:21',NULL,NULL,'1753324761389834036',NULL),(12983,2,'1753246202x220712054','saraban','3490300100494',NULL,1,'2025-07-24 09:39:21',NULL,NULL,'1753324761189290486',NULL),(12984,2,'1753246202x220712054','saraban','3490300100494',NULL,1,'2025-07-24 09:39:21',NULL,NULL,'1753324761189290486',NULL),(12985,2,'1753330677x461172813','saraban','3490300100494',NULL,1,'2025-07-29 08:28:41',NULL,NULL,'1753752521422945097',NULL),(12986,2,'1753330677x461172813','saraban','3490300100494',NULL,1,'2025-07-29 08:28:41',NULL,NULL,'1753752521422945097',NULL),(12987,2,'1753347051x1192350298','saraban','3490300100494',NULL,1,'2025-07-29 08:28:41',NULL,NULL,'17537525211192036582',NULL),(12988,2,'1753347051x1192350298','saraban','3490300100494',NULL,1,'2025-07-29 08:28:41',NULL,NULL,'17537525211192036582',NULL),(12989,2,'1753409907x208324889','saraban','3490300100494',NULL,1,'2025-07-29 08:28:41',NULL,NULL,'1753752521537169169',NULL),(12990,2,'1753409907x208324889','saraban','3490300100494',NULL,1,'2025-07-29 08:28:41',NULL,NULL,'1753752521537169169',NULL),(12991,2,'1753433932x2029467330','saraban','3490300100494',NULL,1,'2025-07-29 08:28:41',NULL,NULL,'1753752521933816350',NULL),(12992,2,'1753433932x2029467330','saraban','3490300100494',NULL,1,'2025-07-29 08:28:41',NULL,NULL,'1753752521933816350',NULL),(12993,2,'1753758158x864680953','saraban','3490300100494',NULL,1,'2025-07-29 10:33:12',NULL,NULL,'17537599921405159018',NULL),(12994,2,'1753758158x864680953','saraban','3490300100494',NULL,1,'2025-07-29 10:33:12',NULL,NULL,'17537599921405159018',NULL),(12995,2,'1753758626x1931092045','saraban','3490300100494',NULL,1,'2025-07-29 10:33:12',NULL,NULL,'1753759992267976809',NULL),(12996,2,'1753758626x1931092045','saraban','3490300100494',NULL,1,'2025-07-29 10:33:12',NULL,NULL,'1753759992267976809',NULL),(12997,2,'1753771095x1225938169','saraban','3490300100494',NULL,1,'2025-07-31 12:43:30',NULL,NULL,'1753940610116198710',NULL),(12998,2,'1753771095x1225938169','saraban','3490300100494',NULL,1,'2025-07-31 12:43:30',NULL,NULL,'1753940610116198710',NULL),(12999,2,'1753850489x1109026390','saraban','3490300100494',NULL,1,'2025-07-31 12:43:30',NULL,NULL,'17539406101918007677',NULL),(13000,2,'1753850489x1109026390','saraban','3490300100494',NULL,1,'2025-07-31 12:43:30',NULL,NULL,'17539406101918007677',NULL),(13001,2,'1753864673x985240081','saraban','3490300100494',NULL,1,'2025-07-31 12:43:30',NULL,NULL,'1753940610494129404',NULL),(13002,2,'1753864673x985240081','saraban','3490300100494',NULL,1,'2025-07-31 12:43:30',NULL,NULL,'1753940610494129404',NULL),(13003,2,'1753926859x1576590551','saraban','3490300100494',NULL,1,'2025-07-31 12:43:30',NULL,NULL,'1753940610284863391',NULL),(13004,2,'1753926859x1576590551','saraban','3490300100494',NULL,1,'2025-07-31 12:43:30',NULL,NULL,'1753940610284863391',NULL),(13005,2,'1753935659x1972058895','saraban','3490300100494',NULL,1,'2025-07-31 12:43:30',NULL,NULL,'17539406102096717164',NULL),(13006,2,'1753935659x1972058895','saraban','3490300100494',NULL,1,'2025-07-31 12:43:30',NULL,NULL,'17539406102096717164',NULL),(13007,2,'1754014351x1230487671','saraban','3490300100494',NULL,1,'2025-08-05 09:05:15',NULL,NULL,'17543595151063234597',NULL),(13008,2,'1754014351x1230487671','saraban','3490300100494',NULL,1,'2025-08-05 09:05:15',NULL,NULL,'17543595151063234597',NULL),(13009,2,'1754034077x2098532370','saraban','3490300100494',NULL,1,'2025-08-05 09:05:15',NULL,NULL,'1754359515923077317',NULL),(13010,2,'1754034077x2098532370','saraban','3490300100494',NULL,1,'2025-08-05 09:05:15',NULL,NULL,'1754359515923077317',NULL),(13011,2,'1754036769x1049625961','saraban','3490300100494',NULL,1,'2025-08-05 09:05:15',NULL,NULL,'17543595151965432860',NULL),(13012,2,'1754036769x1049625961','saraban','3490300100494',NULL,1,'2025-08-05 09:05:15',NULL,NULL,'17543595151965432860',NULL),(13013,2,'1754037513x1870974297','saraban','3490300100494',NULL,1,'2025-08-05 09:05:15',NULL,NULL,'17543595151209158350',NULL),(13014,2,'1754037513x1870974297','saraban','3490300100494',NULL,1,'2025-08-05 09:05:15',NULL,NULL,'17543595151209158350',NULL),(13015,2,'1754277282x121021281','saraban','3490300100494',NULL,1,'2025-08-05 09:05:15',NULL,NULL,'17543595151267095876',NULL),(13016,2,'1754277282x121021281','saraban','3490300100494',NULL,1,'2025-08-05 09:05:15',NULL,NULL,'17543595151267095876',NULL),(13017,2,'1754278991x1075088607','saraban','3490300100494',NULL,1,'2025-08-05 09:05:15',NULL,NULL,'175435951595683964',NULL),(13018,2,'1754278991x1075088607','saraban','3490300100494',NULL,1,'2025-08-05 09:05:15',NULL,NULL,'175435951595683964',NULL),(13019,2,'1754283127x1536748682','saraban','3490300100494',NULL,1,'2025-08-05 09:05:15',NULL,NULL,'1754359515399073450',NULL),(13020,2,'1754283127x1536748682','saraban','3490300100494',NULL,1,'2025-08-05 09:05:15',NULL,NULL,'1754359515399073450',NULL),(13021,2,'1754377553x1934475750','saraban','3490300100494',NULL,1,'2025-08-05 14:08:16',NULL,NULL,'17543776961683606481',NULL),(13022,2,'1754377553x1934475750','saraban','3490300100494',NULL,1,'2025-08-05 14:08:16',NULL,NULL,'17543776961683606481',NULL),(13023,2,'1754378829x1386341543','saraban','3490300100494',NULL,1,'2025-08-14 09:32:39',NULL,NULL,'17551387591502887401',NULL),(13024,2,'1754378829x1386341543','saraban','3490300100494',NULL,1,'2025-08-14 09:32:39',NULL,NULL,'17551387591502887401',NULL),(13025,2,'1754380228x1917759638','saraban','3490300100494',NULL,1,'2025-08-14 09:32:39',NULL,NULL,'17551387591187661592',NULL),(13026,2,'1754380228x1917759638','saraban','3490300100494',NULL,1,'2025-08-14 09:32:39',NULL,NULL,'17551387591187661592',NULL),(13027,2,'1754388271x1285323862','saraban','3490300100494',NULL,1,'2025-08-14 09:32:39',NULL,NULL,'17551387591689558172',NULL),(13028,2,'1754388271x1285323862','saraban','3490300100494',NULL,1,'2025-08-14 09:32:39',NULL,NULL,'17551387591689558172',NULL),(13029,2,'1754388304x786426742','saraban','3490300100494',NULL,1,'2025-08-14 09:32:39',NULL,NULL,'17551387591054879620',NULL),(13030,2,'1754388304x786426742','saraban','3490300100494',NULL,1,'2025-08-14 09:32:39',NULL,NULL,'17551387591054879620',NULL),(13031,2,'1754445145x556036390','saraban','3490300100494',NULL,1,'2025-08-14 09:32:39',NULL,NULL,'175513875940846963',NULL),(13032,2,'1754445145x556036390','saraban','3490300100494',NULL,1,'2025-08-14 09:32:39',NULL,NULL,'175513875940846963',NULL),(13033,2,'1754445518x1931111380','saraban','3490300100494',NULL,1,'2025-08-14 09:32:39',NULL,NULL,'1755138759254101200',NULL),(13034,2,'1754445518x1931111380','saraban','3490300100494',NULL,1,'2025-08-14 09:32:39',NULL,NULL,'1755138759254101200',NULL),(13035,2,'1754445915x51494271','saraban','3490300100494',NULL,1,'2025-08-14 09:32:39',NULL,NULL,'17551387591055548205',NULL),(13036,2,'1754445915x51494271','saraban','3490300100494',NULL,1,'2025-08-14 09:32:39',NULL,NULL,'17551387591055548205',NULL),(13037,2,'1754471589x1210962809','saraban','3490300100494',NULL,1,'2025-08-14 09:32:39',NULL,NULL,'17551387591367960816',NULL),(13038,2,'1754471589x1210962809','saraban','3490300100494',NULL,1,'2025-08-14 09:32:39',NULL,NULL,'17551387591367960816',NULL),(13039,2,'1754472993x341283323','saraban','3490300100494',NULL,1,'2025-08-14 09:32:39',NULL,NULL,'17551387592142045831',NULL),(13040,2,'1754472993x341283323','saraban','3490300100494',NULL,1,'2025-08-14 09:32:39',NULL,NULL,'17551387592142045831',NULL),(13041,2,'1754450456x1285743696','saraban','3490300100494',NULL,1,'2025-08-14 09:32:39',NULL,NULL,'17551387591098795498',NULL),(13042,2,'1754450456x1285743696','saraban','3490300100494',NULL,1,'2025-08-14 09:32:39',NULL,NULL,'17551387591098795498',NULL),(13043,2,'1754468396x1539791918','saraban','3490300100494',NULL,1,'2025-08-14 09:32:39',NULL,NULL,'17551387591978613454',NULL),(13044,2,'1754468396x1539791918','saraban','3490300100494',NULL,1,'2025-08-14 09:32:39',NULL,NULL,'17551387591978613454',NULL),(13045,2,'1754474091x555187700','saraban','3490300100494',NULL,1,'2025-08-14 09:32:39',NULL,NULL,'17551387591004365335',NULL),(13046,2,'1754474091x555187700','saraban','3490300100494',NULL,1,'2025-08-14 09:32:39',NULL,NULL,'17551387591004365335',NULL),(13047,2,'1754532168x994197661','saraban','3490300100494',NULL,1,'2025-08-14 09:32:39',NULL,NULL,'17551387591078898109',NULL),(13048,2,'1754532168x994197661','saraban','3490300100494',NULL,1,'2025-08-14 09:32:39',NULL,NULL,'17551387591078898109',NULL),(13049,2,'1754533608x1031158859','saraban','3490300100494',NULL,1,'2025-08-14 09:32:39',NULL,NULL,'1755138759841907284',NULL),(13050,2,'1754533608x1031158859','saraban','3490300100494',NULL,1,'2025-08-14 09:32:39',NULL,NULL,'1755138759841907284',NULL),(13051,2,'1754466419x776381219','saraban','3490300100494',NULL,1,'2025-08-14 09:32:39',NULL,NULL,'17551387591531743909',NULL),(13052,2,'1754466419x776381219','saraban','3490300100494',NULL,1,'2025-08-14 09:32:39',NULL,NULL,'17551387591531743909',NULL),(13053,2,'1754640723x1498325545','saraban','3490300100494',NULL,1,'2025-08-14 09:32:39',NULL,NULL,'1755138759320977658',NULL),(13054,2,'1754640723x1498325545','saraban','3490300100494',NULL,1,'2025-08-14 09:32:39',NULL,NULL,'1755138759320977658',NULL),(13055,2,'1754643399x32550284','saraban','3490300100494',NULL,1,'2025-08-14 09:32:39',NULL,NULL,'1755138759957251808',NULL),(13056,2,'1754643399x32550284','saraban','3490300100494',NULL,1,'2025-08-14 09:32:39',NULL,NULL,'1755138759957251808',NULL),(13057,2,'1754641781x254153283','saraban','3490300100494',NULL,1,'2025-08-14 09:32:39',NULL,NULL,'1755138759177055896',NULL),(13058,2,'1754641781x254153283','saraban','3490300100494',NULL,1,'2025-08-14 09:32:39',NULL,NULL,'1755138759177055896',NULL),(13059,2,'1754641806x253550396','saraban','3490300100494',NULL,1,'2025-08-14 09:32:39',NULL,NULL,'17551387591981006155',NULL),(13060,2,'1754641806x253550396','saraban','3490300100494',NULL,1,'2025-08-14 09:32:39',NULL,NULL,'17551387591981006155',NULL),(13061,2,'1754644369x606241801','saraban','3490300100494',NULL,1,'2025-08-14 09:32:39',NULL,NULL,'1755138759727923030',NULL),(13062,2,'1754644369x606241801','saraban','3490300100494',NULL,1,'2025-08-14 09:32:39',NULL,NULL,'1755138759727923030',NULL),(13063,2,'1755070416x744995771','saraban','3490300100494',NULL,1,'2025-08-14 09:32:39',NULL,NULL,'17551387591734707352',NULL),(13064,2,'1755070416x744995771','saraban','3490300100494',NULL,1,'2025-08-14 09:32:39',NULL,NULL,'17551387591734707352',NULL),(13065,2,'1755070481x1161735765','saraban','3490300100494',NULL,1,'2025-08-14 09:32:39',NULL,NULL,'17551387591280694270',NULL),(13066,2,'1755070481x1161735765','saraban','3490300100494',NULL,1,'2025-08-14 09:32:39',NULL,NULL,'17551387591280694270',NULL),(13067,2,'1755071612x1670369350','saraban','3490300100494',NULL,1,'2025-08-14 09:32:39',NULL,NULL,'17551387592083383455',NULL),(13068,2,'1755071612x1670369350','saraban','3490300100494',NULL,1,'2025-08-14 09:32:39',NULL,NULL,'17551387592083383455',NULL),(13069,2,'1755072143x1160259719','saraban','3490300100494',NULL,1,'2025-08-14 09:32:39',NULL,NULL,'17551387591952087681',NULL),(13070,2,'1755072143x1160259719','saraban','3490300100494',NULL,1,'2025-08-14 09:32:39',NULL,NULL,'17551387591952087681',NULL),(13071,2,'1755075708x2024815044','saraban','3490300100494',NULL,1,'2025-08-14 09:32:39',NULL,NULL,'1755138759356340219',NULL),(13072,2,'1755075708x2024815044','saraban','3490300100494',NULL,1,'2025-08-14 09:32:39',NULL,NULL,'1755138759356340219',NULL),(13073,2,'1755149871x518111712','saraban','3490300100494',NULL,1,'2025-08-14 14:03:06',NULL,NULL,'1755154986977675222',NULL),(13074,2,'1755149871x518111712','saraban','3490300100494',NULL,1,'2025-08-14 14:03:06',NULL,NULL,'1755154986977675222',NULL),(13075,2,'1755158975x738947358','saraban','3490300100494',NULL,1,'2025-08-20 08:19:13',NULL,NULL,'175565275387575262',NULL),(13076,2,'1755158975x738947358','saraban','3490300100494',NULL,1,'2025-08-20 08:19:13',NULL,NULL,'175565275387575262',NULL),(13077,2,'1755161751x1101221717','saraban','3490300100494',NULL,1,'2025-08-20 08:19:13',NULL,NULL,'17556527531572227677',NULL),(13078,2,'1755161751x1101221717','saraban','3490300100494',NULL,1,'2025-08-20 08:19:13',NULL,NULL,'17556527531572227677',NULL),(13079,2,'1755160030x1339538327','saraban','3490300100494',NULL,1,'2025-08-20 08:19:13',NULL,NULL,'17556527531518668561',NULL),(13080,2,'1755160030x1339538327','saraban','3490300100494',NULL,1,'2025-08-20 08:19:13',NULL,NULL,'17556527531518668561',NULL),(13081,2,'1755223446x2000716238','saraban','3490300100494',NULL,1,'2025-08-20 08:19:13',NULL,NULL,'175565275361499325',NULL),(13082,2,'1755223446x2000716238','saraban','3490300100494',NULL,1,'2025-08-20 08:19:13',NULL,NULL,'175565275361499325',NULL),(13083,2,'1755223909x1889245807','saraban','3490300100494',NULL,1,'2025-08-20 08:19:13',NULL,NULL,'17556527531254022477',NULL),(13084,2,'1755223909x1889245807','saraban','3490300100494',NULL,1,'2025-08-20 08:19:13',NULL,NULL,'17556527531254022477',NULL),(13085,2,'1755232941x696780574','saraban','3490300100494',NULL,1,'2025-08-20 08:19:13',NULL,NULL,'1755652753385322663',NULL),(13086,2,'1755232941x696780574','saraban','3490300100494',NULL,1,'2025-08-20 08:19:13',NULL,NULL,'1755652753385322663',NULL),(13087,2,'1755242782x132491967','saraban','3490300100494',NULL,1,'2025-08-20 08:19:13',NULL,NULL,'1755652753160809186',NULL),(13088,2,'1755242782x132491967','saraban','3490300100494',NULL,1,'2025-08-20 08:19:13',NULL,NULL,'1755652753160809186',NULL),(13089,2,'1755232879x958941447','saraban','3490300100494',NULL,1,'2025-08-20 08:19:13',NULL,NULL,'17556527531268305391',NULL),(13090,2,'1755232879x958941447','saraban','3490300100494',NULL,1,'2025-08-20 08:19:13',NULL,NULL,'17556527531268305391',NULL),(13091,2,'1755245194x1689766274','saraban','3490300100494',NULL,1,'2025-08-20 08:19:13',NULL,NULL,'17556527531959400673',NULL),(13092,2,'1755245194x1689766274','saraban','3490300100494',NULL,1,'2025-08-20 08:19:13',NULL,NULL,'17556527531959400673',NULL),(13093,2,'1755246500x1208211168','saraban','3490300100494',NULL,1,'2025-08-20 08:19:13',NULL,NULL,'1755652753668219437',NULL),(13094,2,'1755246500x1208211168','saraban','3490300100494',NULL,1,'2025-08-20 08:19:13',NULL,NULL,'1755652753668219437',NULL),(13095,2,'1755170917x178372613','saraban','3490300100494',NULL,1,'2025-08-20 08:19:13',NULL,NULL,'17556527531089361464',NULL),(13096,2,'1755170917x178372613','saraban','3490300100494',NULL,1,'2025-08-20 08:19:13',NULL,NULL,'17556527531089361464',NULL),(13097,2,'1755493349x1079260440','saraban','3490300100494',NULL,1,'2025-08-20 08:19:13',NULL,NULL,'1755652753773757006',NULL),(13098,2,'1755493349x1079260440','saraban','3490300100494',NULL,1,'2025-08-20 08:19:13',NULL,NULL,'1755652753773757006',NULL),(13099,2,'1755507896x254769970','saraban','3490300100494',NULL,1,'2025-08-20 08:19:13',NULL,NULL,'1755652753532197485',NULL),(13100,2,'1755507896x254769970','saraban','3490300100494',NULL,1,'2025-08-20 08:19:13',NULL,NULL,'1755652753532197485',NULL),(13101,2,'1755508051x539532322','saraban','3490300100494',NULL,1,'2025-08-20 08:19:13',NULL,NULL,'17556527531684358280',NULL),(13102,2,'1755508051x539532322','saraban','3490300100494',NULL,1,'2025-08-20 08:19:13',NULL,NULL,'17556527531684358280',NULL),(13103,2,'1755248431x727290473','saraban','3490300100494',NULL,1,'2025-08-20 08:19:13',NULL,NULL,'17556527532129731080',NULL),(13104,2,'1755248431x727290473','saraban','3490300100494',NULL,1,'2025-08-20 08:19:13',NULL,NULL,'17556527532129731080',NULL),(13105,2,'1755573226x808009219','saraban','3490300100494',NULL,1,'2025-08-20 08:19:13',NULL,NULL,'17556527532137460555',NULL),(13106,2,'1755573226x808009219','saraban','3490300100494',NULL,1,'2025-08-20 08:19:13',NULL,NULL,'17556527532137460555',NULL),(13107,2,'1755584825x377142424','saraban','3490300100494',NULL,1,'2025-08-20 08:19:13',NULL,NULL,'17556527531542365506',NULL),(13108,2,'1755584825x377142424','saraban','3490300100494',NULL,1,'2025-08-20 08:19:13',NULL,NULL,'17556527531542365506',NULL),(13109,2,'1755585226x320356488','saraban','3490300100494',NULL,1,'2025-08-20 08:19:13',NULL,NULL,'1755652753224422846',NULL),(13110,2,'1755585226x320356488','saraban','3490300100494',NULL,1,'2025-08-20 08:19:13',NULL,NULL,'1755652753224422846',NULL),(13111,2,'1755588352x1526428459','saraban','3490300100494',NULL,1,'2025-08-20 08:19:13',NULL,NULL,'17556527531120933003',NULL),(13112,2,'1755588352x1526428459','saraban','3490300100494',NULL,1,'2025-08-20 08:19:13',NULL,NULL,'17556527531120933003',NULL),(13113,2,'1755663025x2021307252','saraban','3490300100494',NULL,1,'2025-08-20 12:56:03',NULL,NULL,'175566936370463399',NULL),(13114,2,'1755663025x2021307252','saraban','3490300100494',NULL,1,'2025-08-20 12:56:03',NULL,NULL,'175566936370463399',NULL),(13115,2,'1755739808x653909974','saraban','3490300100494',NULL,1,'2025-08-27 09:52:14',NULL,NULL,'1756263134513387079',NULL),(13116,2,'1755739808x653909974','saraban','3490300100494',NULL,1,'2025-08-27 09:52:14',NULL,NULL,'1756263134513387079',NULL),(13117,2,'1755768352x1259974719','saraban','3490300100494',NULL,1,'2025-08-27 09:52:14',NULL,NULL,'17562631341571724845',NULL),(13118,2,'1755768352x1259974719','saraban','3490300100494',NULL,1,'2025-08-27 09:52:14',NULL,NULL,'17562631341571724845',NULL),(13119,2,'1755827754x1665482565','saraban','3490300100494',NULL,1,'2025-08-27 09:52:14',NULL,NULL,'17562631341258407453',NULL),(13120,2,'1755827754x1665482565','saraban','3490300100494',NULL,1,'2025-08-27 09:52:14',NULL,NULL,'17562631341258407453',NULL),(13121,2,'1755837804x677919630','saraban','3490300100494',NULL,1,'2025-08-27 09:52:14',NULL,NULL,'17562631341740133629',NULL),(13122,2,'1755837804x677919630','saraban','3490300100494',NULL,1,'2025-08-27 09:52:14',NULL,NULL,'17562631341740133629',NULL),(13123,2,'1755838352x1367801281','saraban','3490300100494',NULL,1,'2025-08-27 09:52:14',NULL,NULL,'1756263134938470304',NULL),(13124,2,'1755838352x1367801281','saraban','3490300100494',NULL,1,'2025-08-27 09:52:14',NULL,NULL,'1756263134938470304',NULL),(13125,2,'1755838671x471354448','saraban','3490300100494',NULL,1,'2025-08-27 09:52:14',NULL,NULL,'17562631341862395123',NULL),(13126,2,'1755838671x471354448','saraban','3490300100494',NULL,1,'2025-08-27 09:52:14',NULL,NULL,'17562631341862395123',NULL),(13127,2,'1755844489x285090117','saraban','3490300100494',NULL,1,'2025-08-27 09:52:14',NULL,NULL,'1756263134856302185',NULL),(13128,2,'1755844489x285090117','saraban','3490300100494',NULL,1,'2025-08-27 09:52:14',NULL,NULL,'1756263134856302185',NULL),(13129,2,'1755844785x330782987','saraban','3490300100494',NULL,1,'2025-08-27 09:52:14',NULL,NULL,'17562631341851582017',NULL),(13130,2,'1755844785x330782987','saraban','3490300100494',NULL,1,'2025-08-27 09:52:14',NULL,NULL,'17562631341851582017',NULL),(13131,2,'1755845585x1759305338','saraban','3490300100494',NULL,1,'2025-08-27 09:52:14',NULL,NULL,'17562631341518166990',NULL),(13132,2,'1755845585x1759305338','saraban','3490300100494',NULL,1,'2025-08-27 09:52:14',NULL,NULL,'17562631341518166990',NULL),(13133,2,'1755849994x402058801','saraban','3490300100494',NULL,1,'2025-08-27 09:52:14',NULL,NULL,'17562631342086379745',NULL),(13134,2,'1755849994x402058801','saraban','3490300100494',NULL,1,'2025-08-27 09:52:14',NULL,NULL,'17562631342086379745',NULL),(13135,2,'1755851717x663293589','saraban','3490300100494',NULL,1,'2025-08-27 09:52:14',NULL,NULL,'1756263134277642742',NULL),(13136,2,'1755851717x663293589','saraban','3490300100494',NULL,1,'2025-08-27 09:52:14',NULL,NULL,'1756263134277642742',NULL),(13137,2,'1755852118x1968042356','saraban','3490300100494',NULL,1,'2025-08-27 09:52:14',NULL,NULL,'17562631341461790257',NULL),(13138,2,'1755852118x1968042356','saraban','3490300100494',NULL,1,'2025-08-27 09:52:14',NULL,NULL,'17562631341461790257',NULL),(13139,2,'1755854113x666723241','saraban','3490300100494',NULL,1,'2025-08-27 09:52:14',NULL,NULL,'1756263134248084664',NULL),(13140,2,'1755854113x666723241','saraban','3490300100494',NULL,1,'2025-08-27 09:52:14',NULL,NULL,'1756263134248084664',NULL),(13141,2,'1755842587x48746864','saraban','3490300100494',NULL,1,'2025-08-27 09:52:14',NULL,NULL,'1756263134174359662',NULL),(13142,2,'1755842587x48746864','saraban','3490300100494',NULL,1,'2025-08-27 09:52:14',NULL,NULL,'1756263134174359662',NULL),(13143,2,'1755843058x1863225758','saraban','3490300100494',NULL,1,'2025-08-27 09:52:14',NULL,NULL,'1756263134223935783',NULL),(13144,2,'1755843058x1863225758','saraban','3490300100494',NULL,1,'2025-08-27 09:52:14',NULL,NULL,'1756263134223935783',NULL),(13145,2,'1756102322x1451772745','saraban','3490300100494',NULL,1,'2025-08-27 09:52:14',NULL,NULL,'17562631341826920197',NULL),(13146,2,'1756102322x1451772745','saraban','3490300100494',NULL,1,'2025-08-27 09:52:14',NULL,NULL,'17562631341826920197',NULL),(13147,2,'1756105009x2133073021','saraban','3490300100494',NULL,1,'2025-08-27 09:52:14',NULL,NULL,'17562631341658914537',NULL),(13148,2,'1756105009x2133073021','saraban','3490300100494',NULL,1,'2025-08-27 09:52:14',NULL,NULL,'17562631341658914537',NULL),(13149,2,'1755849630x745426179','saraban','3490300100494',NULL,1,'2025-08-27 09:52:14',NULL,NULL,'17562631341401536640',NULL),(13150,2,'1755849630x745426179','saraban','3490300100494',NULL,1,'2025-08-27 09:52:14',NULL,NULL,'17562631341401536640',NULL),(13151,2,'1756182663x374085459','saraban','3490300100494',NULL,1,'2025-08-27 09:52:14',NULL,NULL,'17562631341560091821',NULL),(13152,2,'1756182663x374085459','saraban','3490300100494',NULL,1,'2025-08-27 09:52:14',NULL,NULL,'17562631341560091821',NULL),(13153,2,'1756190656x1481765028','saraban','3490300100494',NULL,1,'2025-08-27 09:52:14',NULL,NULL,'17562631341391028198',NULL),(13154,2,'1756190656x1481765028','saraban','3490300100494',NULL,1,'2025-08-27 09:52:14',NULL,NULL,'17562631341391028198',NULL),(13155,2,'1756262157x173613002','saraban','3490300100494',NULL,1,'2025-08-27 09:52:14',NULL,NULL,'1756263134634365122',NULL),(13156,2,'1756262157x173613002','saraban','3490300100494',NULL,1,'2025-08-27 09:52:14',NULL,NULL,'1756263134634365122',NULL),(13157,2,'1756267394x1878667599','saraban','1349900462900',NULL,1,'2025-08-28 09:02:54',NULL,NULL,'1756346574617844735',NULL),(13158,2,'1756267394x1878667599','saraban','1349900462900',NULL,1,'2025-08-28 09:02:54',NULL,NULL,'1756346574617844735',NULL),(13159,2,'1756268334x1751333701','saraban','1349900462900',NULL,1,'2025-08-28 09:02:54',NULL,NULL,'1756346574718974711',NULL),(13160,2,'1756268334x1751333701','saraban','1349900462900',NULL,1,'2025-08-28 09:02:54',NULL,NULL,'1756346574718974711',NULL),(13161,2,'1756268746x1686738601','saraban','1349900462900',NULL,1,'2025-08-28 09:02:54',NULL,NULL,'1756346574520455442',NULL),(13162,2,'1756268746x1686738601','saraban','1349900462900',NULL,1,'2025-08-28 09:02:54',NULL,NULL,'1756346574520455442',NULL),(13163,2,'1756277988x1922582168','saraban','1349900462900',NULL,1,'2025-08-28 09:02:54',NULL,NULL,'17563465741399847311',NULL),(13164,2,'1756277988x1922582168','saraban','1349900462900',NULL,1,'2025-08-28 09:02:54',NULL,NULL,'17563465741399847311',NULL),(13165,2,'1756282139x1623896764','saraban','1349900462900',NULL,1,'2025-08-28 09:02:54',NULL,NULL,'17563465741616240403',NULL),(13166,2,'1756282139x1623896764','saraban','1349900462900',NULL,1,'2025-08-28 09:02:54',NULL,NULL,'17563465741616240403',NULL),(13167,2,'1756364589x261009605','saraban','3490300100494',NULL,1,'2025-09-02 10:39:05',NULL,NULL,'17567843451175514622',NULL),(13168,2,'1756364589x261009605','saraban','3490300100494',NULL,1,'2025-09-02 10:39:05',NULL,NULL,'17567843451175514622',NULL),(13169,2,'1756366636x1819875298','saraban','3490300100494',NULL,1,'2025-09-02 10:39:05',NULL,NULL,'17567843451062658325',NULL),(13170,2,'1756366636x1819875298','saraban','3490300100494',NULL,1,'2025-09-02 10:39:05',NULL,NULL,'17567843451062658325',NULL),(13171,2,'1756367068x962190521','saraban','3490300100494',NULL,1,'2025-09-02 10:39:05',NULL,NULL,'17567843452123089019',NULL),(13172,2,'1756367068x962190521','saraban','3490300100494',NULL,1,'2025-09-02 10:39:05',NULL,NULL,'17567843452123089019',NULL),(13173,2,'1756370885x9890673','saraban','3490300100494',NULL,1,'2025-09-02 10:39:05',NULL,NULL,'17567843451075085533',NULL),(13174,2,'1756370885x9890673','saraban','3490300100494',NULL,1,'2025-09-02 10:39:05',NULL,NULL,'17567843451075085533',NULL),(13175,2,'1756372727x1642603634','saraban','3490300100494',NULL,1,'2025-09-02 10:39:05',NULL,NULL,'17567843451572831043',NULL),(13176,2,'1756372727x1642603634','saraban','3490300100494',NULL,1,'2025-09-02 10:39:05',NULL,NULL,'17567843451572831043',NULL),(13177,2,'1756433809x288518910','saraban','3490300100494',NULL,1,'2025-09-02 10:39:05',NULL,NULL,'1756784345647326329',NULL),(13178,2,'1756433809x288518910','saraban','3490300100494',NULL,1,'2025-09-02 10:39:05',NULL,NULL,'1756784345647326329',NULL),(13179,2,'1756436045x629196099','saraban','3490300100494',NULL,1,'2025-09-02 10:39:05',NULL,NULL,'17567843451622026254',NULL),(13180,2,'1756436045x629196099','saraban','3490300100494',NULL,1,'2025-09-02 10:39:05',NULL,NULL,'17567843451622026254',NULL),(13181,2,'1756446398x1902394628','saraban','3490300100494',NULL,1,'2025-09-02 10:39:05',NULL,NULL,'17567843451080304847',NULL),(13182,2,'1756446398x1902394628','saraban','3490300100494',NULL,1,'2025-09-02 10:39:05',NULL,NULL,'17567843451080304847',NULL),(13183,2,'1756453541x2077163737','saraban','3490300100494',NULL,1,'2025-09-02 10:39:05',NULL,NULL,'17567843451383406581',NULL),(13184,2,'1756453541x2077163737','saraban','3490300100494',NULL,1,'2025-09-02 10:39:05',NULL,NULL,'17567843451383406581',NULL),(13185,2,'1756453657x1009084202','saraban','3490300100494',NULL,1,'2025-09-02 10:39:05',NULL,NULL,'1756784345883798002',NULL),(13186,2,'1756453657x1009084202','saraban','3490300100494',NULL,1,'2025-09-02 10:39:05',NULL,NULL,'1756784345883798002',NULL),(13187,2,'1756694981x523956496','saraban','3490300100494',NULL,1,'2025-09-02 10:39:05',NULL,NULL,'17567843451259112070',NULL),(13188,2,'1756694981x523956496','saraban','3490300100494',NULL,1,'2025-09-02 10:39:05',NULL,NULL,'17567843451259112070',NULL),(13189,2,'1756439748x1989141008','saraban','3490300100494',NULL,1,'2025-09-02 10:39:05',NULL,NULL,'17567843451981539489',NULL),(13190,2,'1756439748x1989141008','saraban','3490300100494',NULL,1,'2025-09-02 10:39:05',NULL,NULL,'17567843451981539489',NULL),(13191,2,'1756713512x516363488','saraban','3490300100494',NULL,1,'2025-09-02 10:39:05',NULL,NULL,'1756784345457428802',NULL),(13192,2,'1756713512x516363488','saraban','3490300100494',NULL,1,'2025-09-02 10:39:05',NULL,NULL,'1756784345457428802',NULL),(13193,2,'1756718322x1864342421','saraban','3490300100494',NULL,1,'2025-09-02 10:39:05',NULL,NULL,'17567843451583366632',NULL),(13194,2,'1756718322x1864342421','saraban','3490300100494',NULL,1,'2025-09-02 10:39:05',NULL,NULL,'17567843451583366632',NULL),(13195,2,'1756784899x709783046','saraban','3490300100494',NULL,1,'2025-09-02 12:39:36',NULL,NULL,'1756791576494478206',NULL),(13196,2,'1756784899x709783046','saraban','3490300100494',NULL,1,'2025-09-02 12:39:36',NULL,NULL,'1756791576494478206',NULL),(13197,2,'1756800558x1375098247','saraban','3490300100494',NULL,1,'2025-09-08 09:40:59',NULL,NULL,'17572992591770174196',NULL),(13198,2,'1756800558x1375098247','saraban','3490300100494',NULL,1,'2025-09-08 09:40:59',NULL,NULL,'17572992591770174196',NULL),(13199,2,'1756804502x472385249','saraban','3490300100494',NULL,1,'2025-09-08 09:40:59',NULL,NULL,'1757299259426779769',NULL),(13200,2,'1756804502x472385249','saraban','3490300100494',NULL,1,'2025-09-08 09:40:59',NULL,NULL,'1757299259426779769',NULL),(13201,2,'1756869503x450322226','saraban','3490300100494',NULL,1,'2025-09-08 09:40:59',NULL,NULL,'17572992591277576075',NULL),(13202,2,'1756869503x450322226','saraban','3490300100494',NULL,1,'2025-09-08 09:40:59',NULL,NULL,'17572992591277576075',NULL),(13203,2,'1756882151x1629362366','saraban','3490300100494',NULL,1,'2025-09-08 09:40:59',NULL,NULL,'175729925954310414',NULL),(13204,2,'1756882151x1629362366','saraban','3490300100494',NULL,1,'2025-09-08 09:40:59',NULL,NULL,'175729925954310414',NULL),(13205,2,'1756883382x223410371','saraban','3490300100494',NULL,1,'2025-09-08 09:40:59',NULL,NULL,'1757299259702340955',NULL),(13206,2,'1756883382x223410371','saraban','3490300100494',NULL,1,'2025-09-08 09:40:59',NULL,NULL,'1757299259702340955',NULL),(13207,2,'1756886239x1170497998','saraban','3490300100494',NULL,1,'2025-09-08 09:40:59',NULL,NULL,'17572992591347849017',NULL),(13208,2,'1756886239x1170497998','saraban','3490300100494',NULL,1,'2025-09-08 09:40:59',NULL,NULL,'17572992591347849017',NULL),(13209,2,'1756887431x361943974','saraban','3490300100494',NULL,1,'2025-09-08 09:40:59',NULL,NULL,'1757299259932990520',NULL),(13210,2,'1756887431x361943974','saraban','3490300100494',NULL,1,'2025-09-08 09:40:59',NULL,NULL,'1757299259932990520',NULL),(13211,2,'1756887843x768562768','saraban','3490300100494',NULL,1,'2025-09-08 09:40:59',NULL,NULL,'1757299259301834285',NULL),(13212,2,'1756887843x768562768','saraban','3490300100494',NULL,1,'2025-09-08 09:40:59',NULL,NULL,'1757299259301834285',NULL),(13213,2,'1756870901x1390292434','saraban','3490300100494',NULL,1,'2025-09-08 09:40:59',NULL,NULL,'17572992592124256118',NULL),(13214,2,'1756870901x1390292434','saraban','3490300100494',NULL,1,'2025-09-08 09:40:59',NULL,NULL,'17572992592124256118',NULL),(13215,2,'1756960084x568747958','saraban','3490300100494',NULL,1,'2025-09-08 09:40:59',NULL,NULL,'1757299259929856624',NULL),(13216,2,'1756960084x568747958','saraban','3490300100494',NULL,1,'2025-09-08 09:40:59',NULL,NULL,'1757299259929856624',NULL),(13217,2,'1756961201x635509935','saraban','3490300100494',NULL,1,'2025-09-08 09:40:59',NULL,NULL,'175729925954837401',NULL),(13218,2,'1756961201x635509935','saraban','3490300100494',NULL,1,'2025-09-08 09:40:59',NULL,NULL,'175729925954837401',NULL),(13219,2,'1756969666x1022420879','saraban','3490300100494',NULL,1,'2025-09-08 09:40:59',NULL,NULL,'1757299259931470448',NULL),(13220,2,'1756969666x1022420879','saraban','3490300100494',NULL,1,'2025-09-08 09:40:59',NULL,NULL,'1757299259931470448',NULL),(13221,2,'1756996708x1353204342','saraban','3490300100494',NULL,1,'2025-09-08 09:40:59',NULL,NULL,'17572992591562800020',NULL),(13222,2,'1756996708x1353204342','saraban','3490300100494',NULL,1,'2025-09-08 09:40:59',NULL,NULL,'17572992591562800020',NULL),(13223,2,'1757038269x135244111','saraban','3490300100494',NULL,1,'2025-09-08 09:40:59',NULL,NULL,'1757299259223070777',NULL),(13224,2,'1757038269x135244111','saraban','3490300100494',NULL,1,'2025-09-08 09:40:59',NULL,NULL,'1757299259223070777',NULL),(13225,2,'1757039731x69960934','saraban','3490300100494',NULL,1,'2025-09-08 09:40:59',NULL,NULL,'1757299259420161926',NULL),(13226,2,'1757039731x69960934','saraban','3490300100494',NULL,1,'2025-09-08 09:40:59',NULL,NULL,'1757299259420161926',NULL),(13227,2,'1757302857x289486739','saraban','3490300100494',NULL,1,'2025-09-09 10:21:46',NULL,NULL,'1757388106245849109',NULL),(13228,2,'1757302857x289486739','saraban','3490300100494',NULL,1,'2025-09-09 10:21:46',NULL,NULL,'1757388106245849109',NULL),(13229,2,'1757315632x1141179866','saraban','3490300100494',NULL,1,'2025-09-09 10:21:46',NULL,NULL,'17573881062131883234',NULL),(13230,2,'1757315632x1141179866','saraban','3490300100494',NULL,1,'2025-09-09 10:21:46',NULL,NULL,'17573881062131883234',NULL),(13231,2,'1757320708x1844902172','saraban','3490300100494',NULL,1,'2025-09-09 10:21:46',NULL,NULL,'17573881061050567159',NULL),(13232,2,'1757320708x1844902172','saraban','3490300100494',NULL,1,'2025-09-09 10:21:46',NULL,NULL,'17573881061050567159',NULL),(13233,2,'1757391024x883368185','saraban','3490300100494',NULL,1,'2025-09-09 11:59:06',NULL,NULL,'1757393946463791797',NULL),(13234,2,'1757391024x883368185','saraban','3490300100494',NULL,1,'2025-09-09 11:59:06',NULL,NULL,'1757393946463791797',NULL),(13235,2,'1757395433x793577974','saraban','3490300100494',NULL,1,'2025-09-10 08:14:40',NULL,NULL,'1757466880350214748',NULL),(13236,2,'1757395433x793577974','saraban','3490300100494',NULL,1,'2025-09-10 08:14:40',NULL,NULL,'1757466880350214748',NULL),(13237,2,'1757400162x218011085','saraban','3490300100494',NULL,1,'2025-09-10 08:14:40',NULL,NULL,'175746688091501593',NULL),(13238,2,'1757400162x218011085','saraban','3490300100494',NULL,1,'2025-09-10 08:14:40',NULL,NULL,'175746688091501593',NULL),(13239,2,'1757406192x1498918252','saraban','3490300100494',NULL,1,'2025-09-10 08:14:40',NULL,NULL,'17574668801935401488',NULL),(13240,2,'1757406192x1498918252','saraban','3490300100494',NULL,1,'2025-09-10 08:14:40',NULL,NULL,'17574668801935401488',NULL),(13241,2,'1757407208x1448468965','saraban','3490300100494',NULL,1,'2025-09-10 08:14:40',NULL,NULL,'1757466880775101522',NULL),(13242,2,'1757407208x1448468965','saraban','3490300100494',NULL,1,'2025-09-10 08:14:40',NULL,NULL,'1757466880775101522',NULL),(13243,2,'1757405259x1512055309','saraban','3490300100494',NULL,1,'2025-09-10 08:14:40',NULL,NULL,'17574668801525633958',NULL),(13244,2,'1757405259x1512055309','saraban','3490300100494',NULL,1,'2025-09-10 08:14:40',NULL,NULL,'17574668801525633958',NULL),(13245,2,'1757472371x1712988076','saraban','3490300100494',NULL,1,'2025-09-10 10:34:21',NULL,NULL,'1757475261502696054',NULL),(13246,2,'1757472371x1712988076','saraban','3490300100494',NULL,1,'2025-09-10 10:34:21',NULL,NULL,'1757475261502696054',NULL),(13247,2,'1757476938x1111700191','saraban','3490300100494',NULL,1,'2025-09-10 12:48:21',NULL,NULL,'1757483301582000366',NULL),(13248,2,'1757476938x1111700191','saraban','3490300100494',NULL,1,'2025-09-10 12:48:21',NULL,NULL,'1757483301582000366',NULL),(13249,2,'1757484092x273660651','saraban','3490300100494',NULL,1,'2025-09-11 10:49:01',NULL,NULL,'1757562541830677723',NULL),(13250,2,'1757484092x273660651','saraban','3490300100494',NULL,1,'2025-09-11 10:49:01',NULL,NULL,'1757562541830677723',NULL),(13251,2,'1757562551x1283350981','saraban','3490300100494',NULL,1,'2025-09-22 12:59:26',NULL,NULL,'1758520766869018671',NULL),(13252,2,'1757562551x1283350981','saraban','3490300100494',NULL,1,'2025-09-22 12:59:26',NULL,NULL,'1758520766869018671',NULL),(13253,2,'1757571520x1985455239','saraban','3490300100494',NULL,1,'2025-09-22 12:59:26',NULL,NULL,'17585207661019147815',NULL),(13254,2,'1757571520x1985455239','saraban','3490300100494',NULL,1,'2025-09-22 12:59:26',NULL,NULL,'17585207661019147815',NULL),(13255,2,'1757581805x199526663','saraban','3490300100494',NULL,1,'2025-09-22 12:59:26',NULL,NULL,'1758520766830093849',NULL),(13256,2,'1757581805x199526663','saraban','3490300100494',NULL,1,'2025-09-22 12:59:26',NULL,NULL,'1758520766830093849',NULL),(13257,2,'1757644755x625860416','saraban','3490300100494',NULL,1,'2025-09-22 12:59:26',NULL,NULL,'17585207661427627693',NULL),(13258,2,'1757644755x625860416','saraban','3490300100494',NULL,1,'2025-09-22 12:59:26',NULL,NULL,'17585207661427627693',NULL),(13259,2,'1757663417x757779307','saraban','3490300100494',NULL,1,'2025-09-22 12:59:26',NULL,NULL,'17585207661551871218',NULL),(13260,2,'1757663417x757779307','saraban','3490300100494',NULL,1,'2025-09-22 12:59:26',NULL,NULL,'17585207661551871218',NULL),(13261,2,'1757667766x1380230747','saraban','3490300100494',NULL,1,'2025-09-22 12:59:26',NULL,NULL,'17585207661994402706',NULL),(13262,2,'1757667766x1380230747','saraban','3490300100494',NULL,1,'2025-09-22 12:59:26',NULL,NULL,'17585207661994402706',NULL),(13263,2,'1757588171x458436165','saraban','3490300100494',NULL,1,'2025-09-22 12:59:26',NULL,NULL,'1758520766841957118',NULL),(13264,2,'1757588171x458436165','saraban','3490300100494',NULL,1,'2025-09-22 12:59:26',NULL,NULL,'1758520766841957118',NULL),(13265,2,'1757905978x1427826950','saraban','3490300100494',NULL,1,'2025-09-22 12:59:26',NULL,NULL,'17585207662045290975',NULL),(13266,2,'1757905978x1427826950','saraban','3490300100494',NULL,1,'2025-09-22 12:59:26',NULL,NULL,'17585207662045290975',NULL),(13267,2,'1757907331x239585858','saraban','3490300100494',NULL,1,'2025-09-22 12:59:26',NULL,NULL,'17585207661091533608',NULL),(13268,2,'1757907331x239585858','saraban','3490300100494',NULL,1,'2025-09-22 12:59:26',NULL,NULL,'17585207661091533608',NULL),(13269,2,'1757917643x1601855999','saraban','3490300100494',NULL,1,'2025-09-22 12:59:26',NULL,NULL,'1758520766491992730',NULL),(13270,2,'1757917643x1601855999','saraban','3490300100494',NULL,1,'2025-09-22 12:59:26',NULL,NULL,'1758520766491992730',NULL),(13271,2,'1757920608x424417124','saraban','3490300100494',NULL,1,'2025-09-22 12:59:26',NULL,NULL,'1758520766115405317',NULL),(13272,2,'1757920608x424417124','saraban','3490300100494',NULL,1,'2025-09-22 12:59:26',NULL,NULL,'1758520766115405317',NULL),(13273,2,'1757674491x1626955042','saraban','3490300100494',NULL,1,'2025-09-22 12:59:26',NULL,NULL,'17585207661732392340',NULL),(13274,2,'1757674491x1626955042','saraban','3490300100494',NULL,1,'2025-09-22 12:59:26',NULL,NULL,'17585207661732392340',NULL),(13275,2,'1757925023x633156344','saraban','3490300100494',NULL,1,'2025-09-22 12:59:26',NULL,NULL,'1758520766438144040',NULL),(13276,2,'1757925023x633156344','saraban','3490300100494',NULL,1,'2025-09-22 12:59:26',NULL,NULL,'1758520766438144040',NULL),(13277,2,'1757998654x1060340924','saraban','3490300100494',NULL,1,'2025-09-22 12:59:26',NULL,NULL,'1758520766439168425',NULL),(13278,2,'1757998654x1060340924','saraban','3490300100494',NULL,1,'2025-09-22 12:59:26',NULL,NULL,'1758520766439168425',NULL),(13279,2,'1758076129x1206442758','saraban','3490300100494',NULL,1,'2025-09-22 12:59:26',NULL,NULL,'17585207661874618398',NULL),(13280,2,'1758076129x1206442758','saraban','3490300100494',NULL,1,'2025-09-22 12:59:26',NULL,NULL,'17585207661874618398',NULL),(13281,2,'1758077427x901858727','saraban','3490300100494',NULL,1,'2025-09-22 12:59:26',NULL,NULL,'1758520766809171173',NULL),(13282,2,'1758077427x901858727','saraban','3490300100494',NULL,1,'2025-09-22 12:59:26',NULL,NULL,'1758520766809171173',NULL),(13283,2,'1758084297x73386758','saraban','3490300100494',NULL,1,'2025-09-22 12:59:26',NULL,NULL,'1758520766212500449',NULL),(13284,2,'1758084297x73386758','saraban','3490300100494',NULL,1,'2025-09-22 12:59:26',NULL,NULL,'1758520766212500449',NULL),(13285,2,'1758085675x658119671','saraban','3490300100494',NULL,1,'2025-09-22 12:59:26',NULL,NULL,'1758520766930727306',NULL),(13286,2,'1758085675x658119671','saraban','3490300100494',NULL,1,'2025-09-22 12:59:26',NULL,NULL,'1758520766930727306',NULL),(13287,2,'1758086746x581115219','saraban','3490300100494',NULL,1,'2025-09-22 12:59:26',NULL,NULL,'17585207661453930632',NULL),(13288,2,'1758086746x581115219','saraban','3490300100494',NULL,1,'2025-09-22 12:59:26',NULL,NULL,'17585207661453930632',NULL),(13289,2,'1758180347x543361944','saraban','3490300100494',NULL,1,'2025-09-22 12:59:26',NULL,NULL,'17585207661352908431',NULL),(13290,2,'1758180347x543361944','saraban','3490300100494',NULL,1,'2025-09-22 12:59:26',NULL,NULL,'17585207661352908431',NULL),(13291,2,'1758180586x1527236078','saraban','3490300100494',NULL,1,'2025-09-22 12:59:26',NULL,NULL,'17585207661933465411',NULL),(13292,2,'1758180586x1527236078','saraban','3490300100494',NULL,1,'2025-09-22 12:59:26',NULL,NULL,'17585207661933465411',NULL),(13293,2,'1758180788x876574','saraban','3490300100494',NULL,1,'2025-09-22 12:59:26',NULL,NULL,'1758520766986526416',NULL),(13294,2,'1758180788x876574','saraban','3490300100494',NULL,1,'2025-09-22 12:59:26',NULL,NULL,'1758520766986526416',NULL),(13295,2,'1758181628x2061889629','saraban','3490300100494',NULL,1,'2025-09-22 12:59:26',NULL,NULL,'17585207661377131559',NULL),(13296,2,'1758181628x2061889629','saraban','3490300100494',NULL,1,'2025-09-22 12:59:26',NULL,NULL,'17585207661377131559',NULL),(13297,2,'1758250189x1817450087','saraban','3490300100494',NULL,1,'2025-09-22 12:59:26',NULL,NULL,'17585207661747734898',NULL),(13298,2,'1758250189x1817450087','saraban','3490300100494',NULL,1,'2025-09-22 12:59:26',NULL,NULL,'17585207661747734898',NULL),(13299,2,'1758256388x420646896','saraban','3490300100494',NULL,1,'2025-09-22 12:59:26',NULL,NULL,'1758520766846245378',NULL),(13300,2,'1758256388x420646896','saraban','3490300100494',NULL,1,'2025-09-22 12:59:26',NULL,NULL,'1758520766846245378',NULL),(13301,2,'1758264960x1230477096','saraban','3490300100494',NULL,1,'2025-09-22 12:59:26',NULL,NULL,'1758520766794182498',NULL),(13302,2,'1758264960x1230477096','saraban','3490300100494',NULL,1,'2025-09-22 12:59:26',NULL,NULL,'1758520766794182498',NULL),(13303,2,'1758275228x2047372776','saraban','3490300100494',NULL,1,'2025-09-22 12:59:26',NULL,NULL,'17585207661006308319',NULL),(13304,2,'1758275228x2047372776','saraban','3490300100494',NULL,1,'2025-09-22 12:59:26',NULL,NULL,'17585207661006308319',NULL),(13305,2,'1758335218x1926493114','saraban','3490300100494',NULL,1,'2025-09-22 12:59:26',NULL,NULL,'17585207661882810761',NULL),(13306,2,'1758335218x1926493114','saraban','3490300100494',NULL,1,'2025-09-22 12:59:26',NULL,NULL,'17585207661882810761',NULL),(13307,2,'1758347415x1170697444','saraban','3490300100494',NULL,1,'2025-09-22 12:59:26',NULL,NULL,'175852076631972252',NULL),(13308,2,'1758347415x1170697444','saraban','3490300100494',NULL,1,'2025-09-22 12:59:26',NULL,NULL,'175852076631972252',NULL),(13309,2,'1758512316x56866375','saraban','3490300100494',NULL,1,'2025-09-22 12:59:26',NULL,NULL,'1758520766104814250',NULL),(13310,2,'1758512316x56866375','saraban','3490300100494',NULL,1,'2025-09-22 12:59:26',NULL,NULL,'1758520766104814250',NULL),(13311,2,'1758596605x852281080','saraban','3490300100494',NULL,1,'2025-09-23 10:19:39',NULL,NULL,'17585975791621508710',NULL),(13312,2,'1758596605x852281080','saraban','3490300100494',NULL,1,'2025-09-23 10:19:39',NULL,NULL,'17585975791621508710',NULL),(13313,2,'1758602479x899249334','saraban','3490300100494',NULL,1,'2025-09-23 13:25:26',NULL,NULL,'17586087261770178150',NULL),(13314,2,'1758602479x899249334','saraban','3490300100494',NULL,1,'2025-09-23 13:25:26',NULL,NULL,'17586087261770178150',NULL),(13315,2,'1758611095x717155742','saraban','3490300100494',NULL,1,'2025-09-25 10:22:46',NULL,NULL,'17587705662079042971',NULL),(13316,2,'1758611095x717155742','saraban','3490300100494',NULL,1,'2025-09-25 10:22:46',NULL,NULL,'17587705662079042971',NULL),(13317,2,'1758618271x1890949311','saraban','3490300100494',NULL,1,'2025-09-25 10:22:46',NULL,NULL,'1758770566592919373',NULL),(13318,2,'1758618271x1890949311','saraban','3490300100494',NULL,1,'2025-09-25 10:22:46',NULL,NULL,'1758770566592919373',NULL),(13319,2,'1758613334x607035827','saraban','3490300100494',NULL,1,'2025-09-25 10:22:46',NULL,NULL,'17587705661305386855',NULL),(13320,2,'1758613334x607035827','saraban','3490300100494',NULL,1,'2025-09-25 10:22:46',NULL,NULL,'17587705661305386855',NULL),(13321,2,'1758678999x1983397047','saraban','3490300100494',NULL,1,'2025-09-25 10:22:46',NULL,NULL,'17587705661698031357',NULL),(13322,2,'1758678999x1983397047','saraban','3490300100494',NULL,1,'2025-09-25 10:22:46',NULL,NULL,'17587705661698031357',NULL),(13323,2,'1758681993x249953152','saraban','3490300100494',NULL,1,'2025-09-25 10:22:46',NULL,NULL,'17587705661329404308',NULL),(13324,2,'1758681993x249953152','saraban','3490300100494',NULL,1,'2025-09-25 10:22:46',NULL,NULL,'17587705661329404308',NULL),(13325,2,'1758681524x1556393744','saraban','3490300100494',NULL,1,'2025-09-25 10:22:46',NULL,NULL,'17587705661959024128',NULL),(13326,2,'1758681524x1556393744','saraban','3490300100494',NULL,1,'2025-09-25 10:22:46',NULL,NULL,'17587705661959024128',NULL),(13327,2,'1758682878x723839029','saraban','3490300100494',NULL,1,'2025-09-25 10:22:46',NULL,NULL,'1758770566899951003',NULL),(13328,2,'1758682878x723839029','saraban','3490300100494',NULL,1,'2025-09-25 10:22:46',NULL,NULL,'1758770566899951003',NULL),(13329,2,'1758700505x1676973955','saraban','3490300100494',NULL,1,'2025-09-25 10:22:46',NULL,NULL,'17587705661588610330',NULL),(13330,2,'1758700505x1676973955','saraban','3490300100494',NULL,1,'2025-09-25 10:22:46',NULL,NULL,'17587705661588610330',NULL),(13331,2,'1758700495x931203231','saraban','3490300100494',NULL,1,'2025-09-25 10:22:46',NULL,NULL,'1758770566220497097',NULL),(13332,2,'1758700495x931203231','saraban','3490300100494',NULL,1,'2025-09-25 10:22:46',NULL,NULL,'1758770566220497097',NULL),(13333,2,'1758703176x1047412533','saraban','3490300100494',NULL,1,'2025-09-25 10:22:46',NULL,NULL,'17587705661350476612',NULL),(13334,2,'1758703176x1047412533','saraban','3490300100494',NULL,1,'2025-09-25 10:22:46',NULL,NULL,'17587705661350476612',NULL),(13335,2,'1758703207x1672741425','saraban','3490300100494',NULL,1,'2025-09-25 10:22:46',NULL,NULL,'17587705661775907324',NULL),(13336,2,'1758703207x1672741425','saraban','3490300100494',NULL,1,'2025-09-25 10:22:46',NULL,NULL,'17587705661775907324',NULL),(13337,2,'1758703720x1282696429','saraban','3490300100494',NULL,1,'2025-09-25 10:22:46',NULL,NULL,'1758770566561021539',NULL),(13338,2,'1758703720x1282696429','saraban','3490300100494',NULL,1,'2025-09-25 10:22:46',NULL,NULL,'1758770566561021539',NULL),(13339,2,'1759115312x403014387','saraban','3490300100494',NULL,1,'2025-09-29 12:31:24',NULL,NULL,'17591238841566071101',NULL),(13340,2,'1759115312x403014387','saraban','3490300100494',NULL,1,'2025-09-29 12:31:24',NULL,NULL,'17591238841566071101',NULL),(13341,2,'1759132664x380836714','saraban','3490300100494',NULL,1,'2025-09-30 10:15:56',NULL,NULL,'1759202156730034777',NULL),(13342,2,'1759132664x380836714','saraban','3490300100494',NULL,1,'2025-09-30 10:15:56',NULL,NULL,'1759202156730034777',NULL),(13343,2,'1759216439x618159701','saraban','3490300100494',NULL,1,'2025-10-01 10:38:25',NULL,NULL,'1759289905474029114',NULL),(13344,2,'1759216439x618159701','saraban','3490300100494',NULL,1,'2025-10-01 10:38:25',NULL,NULL,'1759289905474029114',NULL),(13345,2,'1759216715x685892350','saraban','3490300100494',NULL,1,'2025-10-01 10:38:25',NULL,NULL,'17592899051018796921',NULL),(13346,2,'1759216715x685892350','saraban','3490300100494',NULL,1,'2025-10-01 10:38:25',NULL,NULL,'17592899051018796921',NULL),(13347,2,'1759299818x1660026086','saraban','3490300100494',NULL,1,'2025-10-01 14:03:04',NULL,NULL,'1759302184718311519',NULL),(13348,2,'1759299818x1660026086','saraban','3490300100494',NULL,1,'2025-10-01 14:03:04',NULL,NULL,'1759302184718311519',NULL),(13349,2,'1759284428x1111485839','saraban','3490300100494',NULL,1,'2025-10-01 14:03:04',NULL,NULL,'17593021841885576130',NULL),(13350,2,'1759284428x1111485839','saraban','3490300100494',NULL,1,'2025-10-01 14:03:04',NULL,NULL,'17593021841885576130',NULL),(13351,2,'1759392548x1224900477','saraban','3490300100494',NULL,1,'2025-10-02 15:47:22',NULL,NULL,'17593948421390001144',NULL),(13352,2,'1759392548x1224900477','saraban','3490300100494',NULL,1,'2025-10-02 15:47:22',NULL,NULL,'17593948421390001144',NULL),(13353,2,'1759393219x831209127','saraban','3490300100494',NULL,1,'2025-10-02 15:47:22',NULL,NULL,'17593948421288976715',NULL),(13354,2,'1759393219x831209127','saraban','3490300100494',NULL,1,'2025-10-02 15:47:22',NULL,NULL,'17593948421288976715',NULL),(13355,2,'1759393452x446033017','saraban','3490300100494',NULL,1,'2025-10-02 15:47:22',NULL,NULL,'1759394842923349375',NULL),(13356,2,'1759393452x446033017','saraban','3490300100494',NULL,1,'2025-10-02 15:47:22',NULL,NULL,'1759394842923349375',NULL),(13357,2,'1759463199x476915121','saraban','3490300100494',NULL,1,'2025-10-03 11:14:26',NULL,NULL,'17594648661254061002',NULL),(13358,2,'1759463199x476915121','saraban','3490300100494',NULL,1,'2025-10-03 11:14:26',NULL,NULL,'17594648661254061002',NULL),(13359,2,'1759394222x1941924124','saraban','3490300100494',NULL,1,'2025-10-03 17:07:12',NULL,NULL,'17594860322091928007',NULL),(13360,2,'1759394222x1941924124','saraban','3490300100494',NULL,1,'2025-10-03 17:07:12',NULL,NULL,'17594860322091928007',NULL),(13361,2,'1759476902x148330345','saraban','3490300100494',NULL,1,'2025-10-03 17:07:12',NULL,NULL,'17594860321790820697',NULL),(13362,2,'1759476902x148330345','saraban','3490300100494',NULL,1,'2025-10-03 17:07:12',NULL,NULL,'17594860321790820697',NULL),(13363,2,'1759478672x2031470980','saraban','3490300100494',NULL,1,'2025-10-03 17:07:12',NULL,NULL,'1759486032723221387',NULL),(13364,2,'1759478672x2031470980','saraban','3490300100494',NULL,1,'2025-10-03 17:07:12',NULL,NULL,'1759486032723221387',NULL),(13365,2,'1759483876x1916503120','saraban','3490300100494',NULL,1,'2025-10-03 17:07:12',NULL,NULL,'1759486032525354148',NULL),(13366,2,'1759483876x1916503120','saraban','3490300100494',NULL,1,'2025-10-03 17:07:12',NULL,NULL,'1759486032525354148',NULL),(13367,2,'1759719269x410942556','saraban','3490300100494',NULL,1,'2025-10-06 13:29:32',NULL,NULL,'1759732172863201068',NULL),(13368,2,'1759719269x410942556','saraban','3490300100494',NULL,1,'2025-10-06 13:29:32',NULL,NULL,'1759732172863201068',NULL),(13369,2,'1759741724x641434471','saraban','3490300100494',NULL,1,'2025-10-07 13:59:02',NULL,NULL,'1759820342554836619',NULL),(13370,2,'1759741724x641434471','saraban','3490300100494',NULL,1,'2025-10-07 13:59:02',NULL,NULL,'1759820342554836619',NULL),(13371,2,'1759726631x1478264200','saraban','3490300100494',NULL,1,'2025-10-07 13:59:02',NULL,NULL,'1759820342498271848',NULL),(13372,2,'1759726631x1478264200','saraban','3490300100494',NULL,1,'2025-10-07 13:59:02',NULL,NULL,'1759820342498271848',NULL),(13373,2,'1759816865x988030536','saraban','3490300100494',NULL,1,'2025-10-07 13:59:02',NULL,NULL,'1759820342116959655',NULL),(13374,2,'1759816865x988030536','saraban','3490300100494',NULL,1,'2025-10-07 13:59:02',NULL,NULL,'1759820342116959655',NULL),(13375,2,'1759828766x760759587','saraban','3490300100494',NULL,1,'2025-10-08 08:49:45',NULL,NULL,'1759888185645845680',NULL),(13376,2,'1759828766x760759587','saraban','3490300100494',NULL,1,'2025-10-08 08:49:45',NULL,NULL,'1759888185645845680',NULL),(13377,2,'1759890457x254584853','saraban','3490300100494',NULL,1,'2025-10-08 10:41:16',NULL,NULL,'17598948761644323512',NULL),(13378,2,'1759890457x254584853','saraban','3490300100494',NULL,1,'2025-10-08 10:41:16',NULL,NULL,'17598948761644323512',NULL),(13379,2,'1759891170x352880726','saraban','3490300100494',NULL,1,'2025-10-08 10:41:16',NULL,NULL,'17598948761260090995',NULL),(13380,2,'1759891170x352880726','saraban','3490300100494',NULL,1,'2025-10-08 10:41:16',NULL,NULL,'17598948761260090995',NULL),(13381,2,'1759895979x175042337','saraban','3490300100494',NULL,1,'2025-10-08 17:27:57',NULL,NULL,'1759919277686623703',NULL),(13382,2,'1759895979x175042337','saraban','3490300100494',NULL,1,'2025-10-08 17:27:57',NULL,NULL,'1759919277686623703',NULL),(13383,2,'1759818978x1312008958','saraban','3490300100494',NULL,1,'2025-10-08 17:27:57',NULL,NULL,'17599192771342208723',NULL),(13384,2,'1759818978x1312008958','saraban','3490300100494',NULL,1,'2025-10-08 17:27:57',NULL,NULL,'17599192771342208723',NULL),(13385,2,'1759824799x829594693','saraban','3490300100494',NULL,1,'2025-10-08 17:27:57',NULL,NULL,'17599192771215748255',NULL),(13386,2,'1759824799x829594693','saraban','3490300100494',NULL,1,'2025-10-08 17:27:57',NULL,NULL,'17599192771215748255',NULL),(13387,2,'1759913082x613970053','saraban','3490300100494',NULL,1,'2025-10-08 17:27:57',NULL,NULL,'17599192772136904962',NULL),(13388,2,'1759913082x613970053','saraban','3490300100494',NULL,1,'2025-10-08 17:27:57',NULL,NULL,'17599192772136904962',NULL),(13389,2,'1759980557x1654308773','saraban','3490300100494',NULL,1,'2025-10-10 11:04:40',NULL,NULL,'1760069080448375180',NULL),(13390,2,'1759980557x1654308773','saraban','3490300100494',NULL,1,'2025-10-10 11:04:40',NULL,NULL,'1760069080448375180',NULL),(13391,2,'1759991863x749558913','saraban','3490300100494',NULL,1,'2025-10-10 11:04:40',NULL,NULL,'17600690801658500649',NULL),(13392,2,'1759991863x749558913','saraban','3490300100494',NULL,1,'2025-10-10 11:04:40',NULL,NULL,'17600690801658500649',NULL),(13393,2,'1759992979x731053032','saraban','3490300100494',NULL,1,'2025-10-10 11:04:40',NULL,NULL,'1760069080491620470',NULL),(13394,2,'1759992979x731053032','saraban','3490300100494',NULL,1,'2025-10-10 11:04:40',NULL,NULL,'1760069080491620470',NULL),(13395,2,'1759996434x1863099678','saraban','3490300100494',NULL,1,'2025-10-10 11:04:40',NULL,NULL,'17600690801379127916',NULL),(13396,2,'1759996434x1863099678','saraban','3490300100494',NULL,1,'2025-10-10 11:04:40',NULL,NULL,'17600690801379127916',NULL),(13397,2,'1759999066x1503885525','saraban','3490300100494',NULL,1,'2025-10-10 11:04:40',NULL,NULL,'17600690801982637893',NULL),(13398,2,'1759999066x1503885525','saraban','3490300100494',NULL,1,'2025-10-10 11:04:40',NULL,NULL,'17600690801982637893',NULL),(13399,2,'1759996260x2015033509','saraban','3490300100494',NULL,1,'2025-10-10 11:04:40',NULL,NULL,'1760069080289242853',NULL),(13400,2,'1759996260x2015033509','saraban','3490300100494',NULL,1,'2025-10-10 11:04:40',NULL,NULL,'1760069080289242853',NULL),(13401,2,'1760066263x1359530616','saraban','3490300100494',NULL,1,'2025-10-10 11:04:40',NULL,NULL,'1760069080425662475',NULL),(13402,2,'1760066263x1359530616','saraban','3490300100494',NULL,1,'2025-10-10 11:04:40',NULL,NULL,'1760069080425662475',NULL),(13403,2,'1760078321x1819139410','saraban','3490300100494',NULL,1,'2025-10-15 11:26:53',NULL,NULL,'17605024131088689560',NULL),(13404,2,'1760078321x1819139410','saraban','3490300100494',NULL,1,'2025-10-15 11:26:53',NULL,NULL,'17605024131088689560',NULL),(13405,2,'1760408998x1659081700','saraban','3490300100494',NULL,1,'2025-10-15 11:26:53',NULL,NULL,'1760502413216469996',NULL),(13406,2,'1760408998x1659081700','saraban','3490300100494',NULL,1,'2025-10-15 11:26:53',NULL,NULL,'1760502413216469996',NULL),(13407,2,'1760409604x312264121','saraban','3490300100494',NULL,1,'2025-10-15 11:26:53',NULL,NULL,'17605024131513676628',NULL),(13408,2,'1760409604x312264121','saraban','3490300100494',NULL,1,'2025-10-15 11:26:53',NULL,NULL,'17605024131513676628',NULL),(13409,2,'1760411233x1290751417','saraban','3490300100494',NULL,1,'2025-10-15 11:26:53',NULL,NULL,'1760502413865298093',NULL),(13410,2,'1760411233x1290751417','saraban','3490300100494',NULL,1,'2025-10-15 11:26:53',NULL,NULL,'1760502413865298093',NULL),(13411,2,'1760415045x1653783103','saraban','3490300100494',NULL,1,'2025-10-15 11:26:53',NULL,NULL,'1760502413731455592',NULL),(13412,2,'1760415045x1653783103','saraban','3490300100494',NULL,1,'2025-10-15 11:26:53',NULL,NULL,'1760502413731455592',NULL),(13413,2,'1760422467x1656308769','saraban','3490300100494',NULL,1,'2025-10-15 11:26:53',NULL,NULL,'1760502413154395274',NULL),(13414,2,'1760422467x1656308769','saraban','3490300100494',NULL,1,'2025-10-15 11:26:53',NULL,NULL,'1760502413154395274',NULL),(13415,2,'1760517619x1606459937','saraban','3490300100494',NULL,1,'2025-10-17 10:24:11',NULL,NULL,'1760671451799967227',NULL),(13416,2,'1760517619x1606459937','saraban','3490300100494',NULL,1,'2025-10-17 10:24:11',NULL,NULL,'1760671451799967227',NULL),(13417,2,'1760522827x2047169799','saraban','3490300100494',NULL,1,'2025-10-17 10:24:11',NULL,NULL,'17606714511558011226',NULL),(13418,2,'1760522827x2047169799','saraban','3490300100494',NULL,1,'2025-10-17 10:24:11',NULL,NULL,'17606714511558011226',NULL),(13419,2,'1760577462x1884284221','saraban','3490300100494',NULL,1,'2025-10-17 10:24:11',NULL,NULL,'17606714511112100742',NULL),(13420,2,'1760577462x1884284221','saraban','3490300100494',NULL,1,'2025-10-17 10:24:11',NULL,NULL,'17606714511112100742',NULL),(13421,2,'1760579357x286067662','saraban','3490300100494',NULL,1,'2025-10-17 10:24:11',NULL,NULL,'1760671452957655277',NULL),(13422,2,'1760579357x286067662','saraban','3490300100494',NULL,1,'2025-10-17 10:24:11',NULL,NULL,'1760671452957655277',NULL),(13423,2,'1760586422x32446871','saraban','3490300100494',NULL,1,'2025-10-17 10:24:11',NULL,NULL,'17606714521755915608',NULL),(13424,2,'1760586422x32446871','saraban','3490300100494',NULL,1,'2025-10-17 10:24:11',NULL,NULL,'17606714521755915608',NULL),(13425,2,'1760592203x1223173456','saraban','3490300100494',NULL,1,'2025-10-17 10:24:11',NULL,NULL,'1760671452131940432',NULL),(13426,2,'1760592203x1223173456','saraban','3490300100494',NULL,1,'2025-10-17 10:24:11',NULL,NULL,'1760671452131940432',NULL),(13427,2,'1760599771x490051794','saraban','3490300100494',NULL,1,'2025-10-17 10:24:11',NULL,NULL,'1760671452962742389',NULL),(13428,2,'1760599771x490051794','saraban','3490300100494',NULL,1,'2025-10-17 10:24:11',NULL,NULL,'1760671452962742389',NULL),(13429,2,'1760606114x1177522901','saraban','3490300100494',NULL,1,'2025-10-17 10:24:11',NULL,NULL,'17606714521281514612',NULL),(13430,2,'1760606114x1177522901','saraban','3490300100494',NULL,1,'2025-10-17 10:24:11',NULL,NULL,'17606714521281514612',NULL),(13431,2,'1760605566x1711097334','saraban','3490300100494',NULL,1,'2025-10-17 10:24:11',NULL,NULL,'1760671452827747315',NULL),(13432,2,'1760605566x1711097334','saraban','3490300100494',NULL,1,'2025-10-17 10:24:11',NULL,NULL,'1760671452827747315',NULL),(13433,2,'1760666904x155671295','saraban','3490300100494',NULL,1,'2025-10-17 10:24:11',NULL,NULL,'176067145221480348',NULL),(13434,2,'1760666904x155671295','saraban','3490300100494',NULL,1,'2025-10-17 10:24:11',NULL,NULL,'176067145221480348',NULL),(13435,2,'1760670103x122525798','saraban','3490300100494',NULL,1,'2025-10-17 10:24:11',NULL,NULL,'1760671452157066758',NULL),(13436,2,'1760670103x122525798','saraban','3490300100494',NULL,1,'2025-10-17 10:24:11',NULL,NULL,'1760671452157066758',NULL),(13437,2,'1760670832x731267672','saraban','3490300100494',NULL,1,'2025-10-17 10:24:11',NULL,NULL,'17606714521257356402',NULL),(13438,2,'1760670832x731267672','saraban','3490300100494',NULL,1,'2025-10-17 10:24:11',NULL,NULL,'17606714521257356402',NULL),(13439,2,'1760675757x399964723','saraban','3490300100494',NULL,1,'2025-10-20 09:38:42',NULL,NULL,'17609279221977031571',NULL),(13440,2,'1760675757x399964723','saraban','3490300100494',NULL,1,'2025-10-20 09:38:42',NULL,NULL,'17609279221977031571',NULL),(13441,2,'1760682896x1907368192','saraban','3490300100494',NULL,1,'2025-10-20 09:38:42',NULL,NULL,'17609279221624786575',NULL),(13442,2,'1760682896x1907368192','saraban','3490300100494',NULL,1,'2025-10-20 09:38:42',NULL,NULL,'17609279221624786575',NULL),(13443,2,'1760695901x1189993133','saraban','3490300100494',NULL,1,'2025-10-20 09:38:42',NULL,NULL,'17609279221499275980',NULL),(13444,2,'1760695901x1189993133','saraban','3490300100494',NULL,1,'2025-10-20 09:38:42',NULL,NULL,'17609279221499275980',NULL),(13445,2,'1760929147x537258370','saraban','3490300100494',NULL,1,'2025-11-03 13:43:02',NULL,NULL,'1762152182426551683',NULL),(13446,2,'1760929147x537258370','saraban','3490300100494',NULL,1,'2025-11-03 13:43:02',NULL,NULL,'1762152182426551683',NULL),(13447,2,'1760672864x1317301734','saraban','3490300100494',NULL,1,'2025-11-03 13:43:02',NULL,NULL,'17621521821757833905',NULL),(13448,2,'1760672864x1317301734','saraban','3490300100494',NULL,1,'2025-11-03 13:43:02',NULL,NULL,'17621521821757833905',NULL),(13449,2,'1760672926x1646173821','saraban','3490300100494',NULL,1,'2025-11-03 13:43:02',NULL,NULL,'17621521821155195716',NULL),(13450,2,'1760672926x1646173821','saraban','3490300100494',NULL,1,'2025-11-03 13:43:02',NULL,NULL,'17621521821155195716',NULL),(13451,2,'1760672964x771260171','saraban','3490300100494',NULL,1,'2025-11-03 13:43:02',NULL,NULL,'17621521821663839897',NULL),(13452,2,'1760672964x771260171','saraban','3490300100494',NULL,1,'2025-11-03 13:43:02',NULL,NULL,'17621521821663839897',NULL),(13453,2,'1760948557x1778955653','saraban','3490300100494',NULL,1,'2025-11-03 13:43:02',NULL,NULL,'17621521821993467571',NULL),(13454,2,'1760948557x1778955653','saraban','3490300100494',NULL,1,'2025-11-03 13:43:02',NULL,NULL,'17621521821993467571',NULL),(13455,2,'1761012865x2100894007','saraban','3490300100494',NULL,1,'2025-11-03 13:43:02',NULL,NULL,'1762152182336140758',NULL),(13456,2,'1761012865x2100894007','saraban','3490300100494',NULL,1,'2025-11-03 13:43:02',NULL,NULL,'1762152182336140758',NULL),(13457,2,'1761013133x205156104','saraban','3490300100494',NULL,1,'2025-11-03 13:43:02',NULL,NULL,'176215218215092778',NULL),(13458,2,'1761013133x205156104','saraban','3490300100494',NULL,1,'2025-11-03 13:43:02',NULL,NULL,'176215218215092778',NULL),(13459,2,'1761014053x1584075715','saraban','3490300100494',NULL,1,'2025-11-03 13:43:02',NULL,NULL,'1762152182731472050',NULL),(13460,2,'1761014053x1584075715','saraban','3490300100494',NULL,1,'2025-11-03 13:43:02',NULL,NULL,'1762152182731472050',NULL),(13461,2,'1761033204x64922717','saraban','3490300100494',NULL,1,'2025-11-03 13:43:02',NULL,NULL,'1762152182155845341',NULL),(13462,2,'1761033204x64922717','saraban','3490300100494',NULL,1,'2025-11-03 13:43:02',NULL,NULL,'1762152182155845341',NULL),(13463,2,'1761098469x1788370653','saraban','3490300100494',NULL,1,'2025-11-03 13:43:02',NULL,NULL,'1762152182789578762',NULL),(13464,2,'1761098469x1788370653','saraban','3490300100494',NULL,1,'2025-11-03 13:43:02',NULL,NULL,'1762152182789578762',NULL),(13465,2,'1761108926x179939161','saraban','3490300100494',NULL,1,'2025-11-03 13:43:02',NULL,NULL,'17621521821342647982',NULL),(13466,2,'1761108926x179939161','saraban','3490300100494',NULL,1,'2025-11-03 13:43:02',NULL,NULL,'17621521821342647982',NULL),(13467,2,'1761115210x913814601','saraban','3490300100494',NULL,1,'2025-11-03 13:43:02',NULL,NULL,'17621521821133745465',NULL),(13468,2,'1761115210x913814601','saraban','3490300100494',NULL,1,'2025-11-03 13:43:02',NULL,NULL,'17621521821133745465',NULL),(13469,2,'1761122046x32030088','saraban','3490300100494',NULL,1,'2025-11-03 13:43:02',NULL,NULL,'17621521821423667622',NULL),(13470,2,'1761122046x32030088','saraban','3490300100494',NULL,1,'2025-11-03 13:43:02',NULL,NULL,'17621521821423667622',NULL),(13471,2,'1761292151x2089744943','saraban','3490300100494',NULL,1,'2025-11-03 13:43:02',NULL,NULL,'1762152182425665178',NULL),(13472,2,'1761292151x2089744943','saraban','3490300100494',NULL,1,'2025-11-03 13:43:02',NULL,NULL,'1762152182425665178',NULL),(13473,2,'1761531695x396082728','saraban','3490300100494',NULL,1,'2025-11-03 13:43:02',NULL,NULL,'17621521821258028344',NULL),(13474,2,'1761531695x396082728','saraban','3490300100494',NULL,1,'2025-11-03 13:43:02',NULL,NULL,'17621521821258028344',NULL),(13475,2,'1761531975x1363562324','saraban','3490300100494',NULL,1,'2025-11-03 13:43:02',NULL,NULL,'1762152182272138507',NULL),(13476,2,'1761531975x1363562324','saraban','3490300100494',NULL,1,'2025-11-03 13:43:02',NULL,NULL,'1762152182272138507',NULL),(13477,2,'1761533372x900350050','saraban','3490300100494',NULL,1,'2025-11-03 13:43:02',NULL,NULL,'1762152182749951999',NULL),(13478,2,'1761533372x900350050','saraban','3490300100494',NULL,1,'2025-11-03 13:43:02',NULL,NULL,'1762152182749951999',NULL),(13479,2,'1761535224x1691773175','saraban','3490300100494',NULL,1,'2025-11-03 13:43:02',NULL,NULL,'17621521821081826081',NULL),(13480,2,'1761535224x1691773175','saraban','3490300100494',NULL,1,'2025-11-03 13:43:02',NULL,NULL,'17621521821081826081',NULL),(13481,2,'1761536325x780841215','saraban','3490300100494',NULL,1,'2025-11-03 13:43:02',NULL,NULL,'17621521821479749772',NULL),(13482,2,'1761536325x780841215','saraban','3490300100494',NULL,1,'2025-11-03 13:43:02',NULL,NULL,'17621521821479749772',NULL),(13483,2,'1761548393x97611901','saraban','3490300100494',NULL,1,'2025-11-03 13:43:02',NULL,NULL,'17621521821857536153',NULL),(13484,2,'1761548393x97611901','saraban','3490300100494',NULL,1,'2025-11-03 13:43:02',NULL,NULL,'17621521821857536153',NULL),(13485,2,'1761549030x1370089033','saraban','3490300100494',NULL,1,'2025-11-03 13:43:02',NULL,NULL,'17621521821536864333',NULL),(13486,2,'1761549030x1370089033','saraban','3490300100494',NULL,1,'2025-11-03 13:43:02',NULL,NULL,'17621521821536864333',NULL),(13487,2,'1761549174x408839210','saraban','3490300100494',NULL,1,'2025-11-03 13:43:02',NULL,NULL,'17621521821018472583',NULL),(13488,2,'1761549174x408839210','saraban','3490300100494',NULL,1,'2025-11-03 13:43:02',NULL,NULL,'17621521821018472583',NULL),(13489,2,'1761549426x1243010508','saraban','3490300100494',NULL,1,'2025-11-03 13:43:02',NULL,NULL,'1762152182484030485',NULL),(13490,2,'1761549426x1243010508','saraban','3490300100494',NULL,1,'2025-11-03 13:43:02',NULL,NULL,'1762152182484030485',NULL),(13491,2,'1761619709x262904336','saraban','3490300100494',NULL,1,'2025-11-03 13:43:02',NULL,NULL,'17621521823273521',NULL),(13492,2,'1761619709x262904336','saraban','3490300100494',NULL,1,'2025-11-03 13:43:02',NULL,NULL,'17621521823273521',NULL),(13493,2,'1761534856x760495280','saraban','3490300100494',NULL,1,'2025-11-03 13:43:02',NULL,NULL,'1762152182640432780',NULL),(13494,2,'1761534856x760495280','saraban','3490300100494',NULL,1,'2025-11-03 13:43:02',NULL,NULL,'1762152182640432780',NULL),(13495,2,'1761625148x767162155','saraban','3490300100494',NULL,1,'2025-11-03 13:43:02',NULL,NULL,'1762152182804743955',NULL),(13496,2,'1761625148x767162155','saraban','3490300100494',NULL,1,'2025-11-03 13:43:02',NULL,NULL,'1762152182804743955',NULL),(13497,2,'1761633171x1692388114','saraban','3490300100494',NULL,1,'2025-11-03 13:43:02',NULL,NULL,'176215218286963723',NULL),(13498,2,'1761633171x1692388114','saraban','3490300100494',NULL,1,'2025-11-03 13:43:02',NULL,NULL,'176215218286963723',NULL),(13499,2,'1761635278x353232203','saraban','3490300100494',NULL,1,'2025-11-03 13:43:02',NULL,NULL,'17621521821838441192',NULL),(13500,2,'1761635278x353232203','saraban','3490300100494',NULL,1,'2025-11-03 13:43:02',NULL,NULL,'17621521821838441192',NULL),(13501,2,'1761642943x870938550','saraban','3490300100494',NULL,1,'2025-11-03 13:43:02',NULL,NULL,'176215218286363767',NULL),(13502,2,'1761642943x870938550','saraban','3490300100494',NULL,1,'2025-11-03 13:43:02',NULL,NULL,'176215218286363767',NULL),(13503,2,'1761719946x820786700','saraban','3490300100494',NULL,1,'2025-11-03 13:43:02',NULL,NULL,'17621521821576586',NULL),(13504,2,'1761719946x820786700','saraban','3490300100494',NULL,1,'2025-11-03 13:43:02',NULL,NULL,'17621521821576586',NULL),(13505,2,'1761723647x316239344','saraban','3490300100494',NULL,1,'2025-11-03 13:43:02',NULL,NULL,'17621521822045650142',NULL),(13506,2,'1761723647x316239344','saraban','3490300100494',NULL,1,'2025-11-03 13:43:02',NULL,NULL,'17621521822045650142',NULL),(13507,2,'1761730032x650523549','saraban','3490300100494',NULL,1,'2025-11-03 13:43:02',NULL,NULL,'17621521822087002690',NULL),(13508,2,'1761730032x650523549','saraban','3490300100494',NULL,1,'2025-11-03 13:43:02',NULL,NULL,'17621521822087002690',NULL),(13509,2,'1761733308x2022362294','saraban','3490300100494',NULL,1,'2025-11-03 13:43:02',NULL,NULL,'17621521822097538311',NULL),(13510,2,'1761733308x2022362294','saraban','3490300100494',NULL,1,'2025-11-03 13:43:02',NULL,NULL,'17621521822097538311',NULL),(13511,2,'1761791525x13311113','saraban','3490300100494',NULL,1,'2025-11-03 13:43:02',NULL,NULL,'1762152182635706376',NULL),(13512,2,'1761791525x13311113','saraban','3490300100494',NULL,1,'2025-11-03 13:43:02',NULL,NULL,'1762152182635706376',NULL),(13513,2,'1761798213x1879952562','saraban','3490300100494',NULL,1,'2025-11-03 13:43:02',NULL,NULL,'1762152182706799874',NULL),(13514,2,'1761798213x1879952562','saraban','3490300100494',NULL,1,'2025-11-03 13:43:02',NULL,NULL,'1762152182706799874',NULL),(13515,2,'1761815424x1800867903','saraban','3490300100494',NULL,1,'2025-11-03 13:43:02',NULL,NULL,'17621521821023814358',NULL),(13516,2,'1761815424x1800867903','saraban','3490300100494',NULL,1,'2025-11-03 13:43:02',NULL,NULL,'17621521821023814358',NULL),(13517,2,'1761814228x1609531352','saraban','3490300100494',NULL,1,'2025-11-03 13:43:02',NULL,NULL,'1762152182732852337',NULL),(13518,2,'1761814228x1609531352','saraban','3490300100494',NULL,1,'2025-11-03 13:43:02',NULL,NULL,'1762152182732852337',NULL),(13519,2,'1761814324x708101652','saraban','3490300100494',NULL,1,'2025-11-03 13:43:02',NULL,NULL,'17621521821158404592',NULL),(13520,2,'1761814324x708101652','saraban','3490300100494',NULL,1,'2025-11-03 13:43:02',NULL,NULL,'17621521821158404592',NULL),(13521,2,'1761814405x860272222','saraban','3490300100494',NULL,1,'2025-11-03 13:43:02',NULL,NULL,'17621521821642487113',NULL),(13522,2,'1761814405x860272222','saraban','3490300100494',NULL,1,'2025-11-03 13:43:02',NULL,NULL,'17621521821642487113',NULL),(13523,2,'1761812606x58110811','saraban','3490300100494',NULL,1,'2025-11-03 13:43:02',NULL,NULL,'17621521821855591802',NULL),(13524,2,'1761812606x58110811','saraban','3490300100494',NULL,1,'2025-11-03 13:43:02',NULL,NULL,'17621521821855591802',NULL),(13525,2,'1761877030x1511889405','saraban','3490300100494',NULL,1,'2025-11-03 13:43:02',NULL,NULL,'176215218262083303',NULL),(13526,2,'1761877030x1511889405','saraban','3490300100494',NULL,1,'2025-11-03 13:43:02',NULL,NULL,'176215218262083303',NULL),(13527,2,'1761893034x854266912','saraban','3490300100494',NULL,1,'2025-11-03 13:43:02',NULL,NULL,'17621521821683218465',NULL),(13528,2,'1761893034x854266912','saraban','3490300100494',NULL,1,'2025-11-03 13:43:02',NULL,NULL,'17621521821683218465',NULL),(13529,2,'1761893985x1657070640','saraban','3490300100494',NULL,1,'2025-11-03 13:43:02',NULL,NULL,'17621521821140298307',NULL),(13530,2,'1761893985x1657070640','saraban','3490300100494',NULL,1,'2025-11-03 13:43:02',NULL,NULL,'17621521821140298307',NULL),(13531,2,'1761814936x1287219891','saraban','3490300100494',NULL,1,'2025-11-03 13:43:02',NULL,NULL,'17621521821313739834',NULL),(13532,2,'1761814936x1287219891','saraban','3490300100494',NULL,1,'2025-11-03 13:43:02',NULL,NULL,'17621521821313739834',NULL),(13533,2,'1762062309x1298916265','saraban','3490300100494',NULL,1,'2025-11-03 13:43:02',NULL,NULL,'176215218291925054',NULL),(13534,2,'1762062309x1298916265','saraban','3490300100494',NULL,1,'2025-11-03 13:43:02',NULL,NULL,'176215218291925054',NULL),(13535,2,'1762142315x1829032969','saraban','3490300100494',NULL,1,'2025-11-03 13:43:02',NULL,NULL,'17621521821965704649',NULL),(13536,2,'1762142315x1829032969','saraban','3490300100494',NULL,1,'2025-11-03 13:43:02',NULL,NULL,'17621521821965704649',NULL),(13537,2,'1762150600x1472401767','saraban','3490300100494',NULL,1,'2025-11-03 13:43:02',NULL,NULL,'1762152182197681389',NULL),(13538,2,'1762150600x1472401767','saraban','3490300100494',NULL,1,'2025-11-03 13:43:02',NULL,NULL,'1762152182197681389',NULL),(13539,2,'1762137711x1686450306','saraban','3490300100494',NULL,1,'2025-11-04 08:58:29',NULL,NULL,'17622215091651973643',NULL),(13540,2,'1762137711x1686450306','saraban','3490300100494',NULL,1,'2025-11-04 08:58:29',NULL,NULL,'17622215091651973643',NULL),(13541,2,'1762143403x1525326668','saraban','3490300100494',NULL,1,'2025-11-04 13:31:06',NULL,NULL,'17622378661606771750',NULL),(13542,2,'1762143403x1525326668','saraban','3490300100494',NULL,1,'2025-11-04 13:31:06',NULL,NULL,'17622378661606771750',NULL),(13543,2,'1762143522x1728323744','saraban','3490300100494',NULL,1,'2025-11-04 13:31:06',NULL,NULL,'17622378661441849535',NULL),(13544,2,'1762143522x1728323744','saraban','3490300100494',NULL,1,'2025-11-04 13:31:06',NULL,NULL,'17622378661441849535',NULL),(13545,2,'1762143583x1217937910','saraban','3490300100494',NULL,1,'2025-11-04 13:31:06',NULL,NULL,'1762237866458992113',NULL),(13546,2,'1762143583x1217937910','saraban','3490300100494',NULL,1,'2025-11-04 13:31:06',NULL,NULL,'1762237866458992113',NULL),(13547,2,'1762225652x2070297950','saraban','3490300100494',NULL,1,'2025-11-04 13:31:06',NULL,NULL,'1762237866243602832',NULL),(13548,2,'1762225652x2070297950','saraban','3490300100494',NULL,1,'2025-11-04 13:31:06',NULL,NULL,'1762237866243602832',NULL),(13549,2,'1762229339x1148128335','saraban','3490300100494',NULL,1,'2025-11-04 13:31:06',NULL,NULL,'17622378661762356496',NULL),(13550,2,'1762229339x1148128335','saraban','3490300100494',NULL,1,'2025-11-04 13:31:06',NULL,NULL,'17622378661762356496',NULL),(13551,2,'1762243735x699388248','saraban','3490300100494',NULL,1,'2025-11-11 10:26:23',NULL,NULL,'1762831583481909778',NULL),(13552,2,'1762243735x699388248','saraban','3490300100494',NULL,1,'2025-11-11 10:26:23',NULL,NULL,'1762831583481909778',NULL),(13553,2,'1762244974x289385281','saraban','3490300100494',NULL,1,'2025-11-11 10:26:23',NULL,NULL,'1762831583199298177',NULL),(13554,2,'1762244974x289385281','saraban','3490300100494',NULL,1,'2025-11-11 10:26:23',NULL,NULL,'1762831583199298177',NULL),(13555,2,'1762245267x966925764','saraban','3490300100494',NULL,1,'2025-11-11 10:26:23',NULL,NULL,'17628315831801068265',NULL),(13556,2,'1762245267x966925764','saraban','3490300100494',NULL,1,'2025-11-11 10:26:23',NULL,NULL,'17628315831801068265',NULL),(13557,2,'1762309865x1191648116','saraban','3490300100494',NULL,1,'2025-11-11 10:26:23',NULL,NULL,'1762831583733601154',NULL),(13558,2,'1762309865x1191648116','saraban','3490300100494',NULL,1,'2025-11-11 10:26:23',NULL,NULL,'1762831583733601154',NULL),(13559,2,'1762315913x1149655777','saraban','3490300100494',NULL,1,'2025-11-11 10:26:23',NULL,NULL,'1762831583237170159',NULL),(13560,2,'1762315913x1149655777','saraban','3490300100494',NULL,1,'2025-11-11 10:26:23',NULL,NULL,'1762831583237170159',NULL),(13561,2,'1762317855x2043608893','saraban','3490300100494',NULL,1,'2025-11-11 10:26:23',NULL,NULL,'17628315831573499179',NULL),(13562,2,'1762317855x2043608893','saraban','3490300100494',NULL,1,'2025-11-11 10:26:23',NULL,NULL,'17628315831573499179',NULL),(13563,2,'1762333785x51724333','saraban','3490300100494',NULL,1,'2025-11-11 10:26:23',NULL,NULL,'1762831583352718616',NULL),(13564,2,'1762333785x51724333','saraban','3490300100494',NULL,1,'2025-11-11 10:26:23',NULL,NULL,'1762831583352718616',NULL),(13565,2,'1762395437x1214340847','saraban','3490300100494',NULL,1,'2025-11-11 10:26:23',NULL,NULL,'17628315831247817800',NULL),(13566,2,'1762395437x1214340847','saraban','3490300100494',NULL,1,'2025-11-11 10:26:23',NULL,NULL,'17628315831247817800',NULL),(13567,2,'1762395972x1158809959','saraban','3490300100494',NULL,1,'2025-11-11 10:26:23',NULL,NULL,'17628315832138199728',NULL),(13568,2,'1762395972x1158809959','saraban','3490300100494',NULL,1,'2025-11-11 10:26:23',NULL,NULL,'17628315832138199728',NULL),(13569,2,'1762310139x860532028','saraban','3490300100494',NULL,1,'2025-11-11 10:26:23',NULL,NULL,'176283158325834401',NULL),(13570,2,'1762310139x860532028','saraban','3490300100494',NULL,1,'2025-11-11 10:26:23',NULL,NULL,'176283158325834401',NULL),(13571,2,'1762317507x1645145225','saraban','3490300100494',NULL,1,'2025-11-11 10:26:23',NULL,NULL,'17628315831343059517',NULL),(13572,2,'1762317507x1645145225','saraban','3490300100494',NULL,1,'2025-11-11 10:26:23',NULL,NULL,'17628315831343059517',NULL),(13573,2,'1762402192x938700042','saraban','3490300100494',NULL,1,'2025-11-11 10:26:23',NULL,NULL,'17628315831707630073',NULL),(13574,2,'1762402192x938700042','saraban','3490300100494',NULL,1,'2025-11-11 10:26:23',NULL,NULL,'17628315831707630073',NULL),(13575,2,'1762479807x1225450889','saraban','3490300100494',NULL,1,'2025-11-11 10:26:23',NULL,NULL,'17628315831954920036',NULL),(13576,2,'1762479807x1225450889','saraban','3490300100494',NULL,1,'2025-11-11 10:26:23',NULL,NULL,'17628315831954920036',NULL),(13577,2,'1762480721x193323452','saraban','3490300100494',NULL,1,'2025-11-11 10:26:23',NULL,NULL,'17628315831778271675',NULL),(13578,2,'1762480721x193323452','saraban','3490300100494',NULL,1,'2025-11-11 10:26:23',NULL,NULL,'17628315831778271675',NULL),(13579,2,'1762482369x1985768835','saraban','3490300100494',NULL,1,'2025-11-11 10:26:23',NULL,NULL,'17628315831568130554',NULL),(13580,2,'1762482369x1985768835','saraban','3490300100494',NULL,1,'2025-11-11 10:26:23',NULL,NULL,'17628315831568130554',NULL),(13581,2,'1762483941x1489832481','saraban','3490300100494',NULL,1,'2025-11-11 10:26:23',NULL,NULL,'1762831583192648886',NULL),(13582,2,'1762483941x1489832481','saraban','3490300100494',NULL,1,'2025-11-11 10:26:23',NULL,NULL,'1762831583192648886',NULL),(13583,2,'1762489594x1119754384','saraban','3490300100494',NULL,1,'2025-11-11 10:26:23',NULL,NULL,'17628315831187812193',NULL),(13584,2,'1762489594x1119754384','saraban','3490300100494',NULL,1,'2025-11-11 10:26:23',NULL,NULL,'17628315831187812193',NULL),(13585,2,'1762400341x1915645926','saraban','3490300100494',NULL,1,'2025-11-11 10:26:23',NULL,NULL,'1762831583732060853',NULL),(13586,2,'1762400341x1915645926','saraban','3490300100494',NULL,1,'2025-11-11 10:26:23',NULL,NULL,'1762831583732060853',NULL),(13587,2,'1762400609x116953810','saraban','3490300100494',NULL,1,'2025-11-11 10:26:23',NULL,NULL,'17628315831753108774',NULL),(13588,2,'1762400609x116953810','saraban','3490300100494',NULL,1,'2025-11-11 10:26:23',NULL,NULL,'17628315831753108774',NULL),(13589,2,'1762507096x2080598994','saraban','3490300100494',NULL,1,'2025-11-11 10:26:23',NULL,NULL,'17628315831544237503',NULL),(13590,2,'1762507096x2080598994','saraban','3490300100494',NULL,1,'2025-11-11 10:26:23',NULL,NULL,'17628315831544237503',NULL),(13591,2,'1762507106x1183943420','saraban','3490300100494',NULL,1,'2025-11-11 10:26:23',NULL,NULL,'17628315832141014186',NULL),(13592,2,'1762507106x1183943420','saraban','3490300100494',NULL,1,'2025-11-11 10:26:23',NULL,NULL,'17628315832141014186',NULL),(13593,2,'1762749856x701071539','saraban','3490300100494',NULL,1,'2025-11-11 10:26:23',NULL,NULL,'17628315831647511808',NULL),(13594,2,'1762749856x701071539','saraban','3490300100494',NULL,1,'2025-11-11 10:26:23',NULL,NULL,'17628315831647511808',NULL),(13595,2,'1762829809x212470120','saraban','3490300100494',NULL,1,'2025-11-11 10:26:23',NULL,NULL,'1762831583922055627',NULL),(13596,2,'1762829809x212470120','saraban','3490300100494',NULL,1,'2025-11-11 10:26:23',NULL,NULL,'1762831583922055627',NULL),(13597,2,'1762829575x971314727','saraban','3490300100494',NULL,1,'2025-11-11 10:26:23',NULL,NULL,'17628315831765155471',NULL),(13598,2,'1762829575x971314727','saraban','3490300100494',NULL,1,'2025-11-11 10:26:23',NULL,NULL,'17628315831765155471',NULL),(13599,2,'1762830114x481626629','saraban','3490300100494',NULL,1,'2025-11-11 10:26:23',NULL,NULL,'176283158333009142',NULL),(13600,2,'1762830114x481626629','saraban','3490300100494',NULL,1,'2025-11-11 10:26:23',NULL,NULL,'176283158333009142',NULL),(13601,2,'1762832233x1017922728','saraban','3490300100494',NULL,1,'2025-11-11 10:56:01',NULL,NULL,'17628333611054411351',NULL),(13602,2,'1762832233x1017922728','saraban','3490300100494',NULL,1,'2025-11-11 10:56:01',NULL,NULL,'17628333611054411351',NULL),(13603,2,'1762845605x1725857795','saraban','1349900462900',NULL,1,'2025-11-12 11:13:26',NULL,NULL,'1762920806379760034',NULL),(13604,2,'1762845605x1725857795','saraban','1349900462900',NULL,1,'2025-11-12 11:13:26',NULL,NULL,'1762920806379760034',NULL),(13605,2,'1762849594x380712810','saraban','1349900462900',NULL,1,'2025-11-12 11:13:26',NULL,NULL,'1762920806480049255',NULL),(13606,2,'1762849594x380712810','saraban','1349900462900',NULL,1,'2025-11-12 11:13:26',NULL,NULL,'1762920806480049255',NULL),(13607,2,'1762850511x236607561','saraban','1349900462900',NULL,1,'2025-11-12 11:13:26',NULL,NULL,'1762920806255443092',NULL),(13608,2,'1762850511x236607561','saraban','1349900462900',NULL,1,'2025-11-12 11:13:26',NULL,NULL,'1762920806255443092',NULL),(13609,2,'1762841508x2035501673','saraban','1349900462900',NULL,1,'2025-11-12 11:13:26',NULL,NULL,'1762920806758425124',NULL),(13610,2,'1762841508x2035501673','saraban','1349900462900',NULL,1,'2025-11-12 11:13:26',NULL,NULL,'1762920806758425124',NULL),(13611,2,'1762744548x230131834','saraban','1349900462900',NULL,1,'2025-11-12 11:13:26',NULL,NULL,'17629208061927829503',NULL),(13612,2,'1762744548x230131834','saraban','1349900462900',NULL,1,'2025-11-12 11:13:26',NULL,NULL,'17629208061927829503',NULL),(13613,2,'1762744867x2137465874','saraban','1349900462900',NULL,1,'2025-11-12 11:13:26',NULL,NULL,'17629208061811222153',NULL),(13614,2,'1762744867x2137465874','saraban','1349900462900',NULL,1,'2025-11-12 11:13:26',NULL,NULL,'17629208061811222153',NULL),(13615,2,'1762917308x1174360981','saraban','1349900462900',NULL,1,'2025-11-12 11:13:26',NULL,NULL,'17629208061737456628',NULL),(13616,2,'1762917308x1174360981','saraban','1349900462900',NULL,1,'2025-11-12 11:13:26',NULL,NULL,'17629208061737456628',NULL),(13617,2,'1762934964x631178688','saraban','1349900462900',NULL,1,'2025-11-13 09:20:00',NULL,NULL,'17630004001682730733',NULL),(13618,2,'1762934964x631178688','saraban','1349900462900',NULL,1,'2025-11-13 09:20:00',NULL,NULL,'17630004001682730733',NULL),(13619,2,'1762335252x1044568382','saraban','1349900462900',NULL,1,'2025-11-13 09:20:00',NULL,NULL,'17630004001048508351',NULL),(13620,2,'1762335252x1044568382','saraban','1349900462900',NULL,1,'2025-11-13 09:20:00',NULL,NULL,'17630004001048508351',NULL),(13621,2,'1762999321x1918384109','saraban','1349900462900',NULL,1,'2025-11-13 09:20:00',NULL,NULL,'17630004001536464797',NULL),(13622,2,'1762999321x1918384109','saraban','1349900462900',NULL,1,'2025-11-13 09:20:00',NULL,NULL,'17630004001536464797',NULL),(13623,2,'1763013947x1067679514','saraban','3490300100494',NULL,1,'2025-11-14 08:06:59',NULL,NULL,'1763082419382452230',NULL),(13624,2,'1763013947x1067679514','saraban','3490300100494',NULL,1,'2025-11-14 08:06:59',NULL,NULL,'1763082419382452230',NULL),(13625,2,'1763024200x652766219','saraban','3490300100494',NULL,1,'2025-11-14 08:06:59',NULL,NULL,'1763082419133047539',NULL),(13626,2,'1763024200x652766219','saraban','3490300100494',NULL,1,'2025-11-14 08:06:59',NULL,NULL,'1763082419133047539',NULL),(13627,2,'1762946244x1391330335','saraban','3490300100494',NULL,1,'2025-11-14 08:06:59',NULL,NULL,'17630824191683133005',NULL),(13628,2,'1762946244x1391330335','saraban','3490300100494',NULL,1,'2025-11-14 08:06:59',NULL,NULL,'17630824191683133005',NULL),(13629,2,'1762946413x510710919','saraban','3490300100494',NULL,1,'2025-11-14 08:06:59',NULL,NULL,'17630824191781516060',NULL),(13630,2,'1762946413x510710919','saraban','3490300100494',NULL,1,'2025-11-14 08:06:59',NULL,NULL,'17630824191781516060',NULL),(13631,NULL,'1762333785x51724333','3490300100494','saraban',1,NULL,NULL,'3490300100494','2025-11-20 11:10:11','17636118111288814580','1762831583352718616'),(13632,NULL,'1762333785x51724333','3490300100494','saraban',1,NULL,NULL,'3490300100494','2025-11-20 11:10:11','1763611811253325155','1762831583352718616');

--
-- Table structure for table `bookregister_cer_officer`
--

CREATE TABLE `bookregister_cer_officer` (
  `id` int(11) NOT NULL AUTO_INCREMENT,
  `person_id` varchar(13) NOT NULL,
  `p1` tinyint(4) NOT NULL,
  `officer` varchar(13) NOT NULL,
  `rec_date` date NOT NULL,
  PRIMARY KEY (`id`),
  UNIQUE KEY `person_id` (`person_id`)
) ENGINE=MyISAM AUTO_INCREMENT=5 DEFAULT CHARSET=utf8 COLLATE=utf8_general_ci;

--
-- Dumping data for table `bookregister_cer_officer`
--

INSERT INTO `bookregister_cer_officer` VALUES (3,'3490300100494',1,'1349900462900','2024-01-14'),(2,'1349900462900',1,'1349900462900','2024-01-04'),(4,'1342200068901',1,'1349900462900','2024-01-14');

--
-- Table structure for table `bookregister_cer_sign`
--

CREATE TABLE `bookregister_cer_sign` (
  `id` int(11) NOT NULL AUTO_INCREMENT,
  `code` varchar(13) NOT NULL,
  `name` varchar(200) NOT NULL,
  `position1` varchar(200) NOT NULL,
  `position2` varchar(200) NOT NULL,
  `sign_pic` varchar(150) NOT NULL,
  `sign_now` tinyint(4) NOT NULL DEFAULT 0,
  `officer` varchar(13) NOT NULL,
  `rec_date` date NOT NULL,
  PRIMARY KEY (`id`),
  UNIQUE KEY `code` (`code`)
) ENGINE=MyISAM AUTO_INCREMENT=2 DEFAULT CHARSET=utf8 COLLATE=utf8_general_ci;

--
-- Dumping data for table `bookregister_cer_sign`
--

INSERT INTO `bookregister_cer_sign` VALUES (1,'01/2567','นางบุญหนุน  สนีค','ครูชำนาญการพิเศษ','รักษาการณ์ในตำแหน่งผู้อำนวยการโรงเรียนบ้านเปือย','1704338118x1434622773.jpg',1,'1349900462900','2024-01-04');

--
-- Table structure for table `bookregister_certificate`
--

CREATE TABLE `bookregister_certificate` (
  `ms_id` int(11) NOT NULL AUTO_INCREMENT,
  `year` int(11) NOT NULL,
  `register_number` int(11) NOT NULL,
  `book_no` varchar(50) NOT NULL,
  `signdate` date NOT NULL,
  `name_cer` varchar(150) NOT NULL,
  `subject` varchar(150) NOT NULL,
  `subject2` varchar(250) NOT NULL,
  `comment` varchar(100) DEFAULT NULL,
  `sign_person` varchar(4) NOT NULL,
  `register_date` date NOT NULL,
  `officer` varchar(13) DEFAULT NULL,
  `file_name` varchar(50) DEFAULT NULL,
  `khet_print` tinyint(4) NOT NULL DEFAULT 0,
  `check_status` tinyint(4) NOT NULL DEFAULT 0,
  `quarantee` tinyint(4) NOT NULL DEFAULT 0,
  `quarantee_person` varchar(13) NOT NULL,
  `quarantee_date` date NOT NULL,
  PRIMARY KEY (`ms_id`)
) ENGINE=MyISAM AUTO_INCREMENT=19 DEFAULT CHARSET=utf8 COLLATE=utf8_general_ci;

--
-- Dumping data for table `bookregister_certificate`
--

INSERT INTO `bookregister_certificate` VALUES (1,2563,1,'1/2563','2020-01-09','เด็กชายกุลโรจน์  คำศรี','ได้รับการคัดเลือกเป็นนักเรียนดีเด่น เนื่องในวันเด็กแห่งชาติ ประจำปี 2563','','','','2020-01-21','1341500009828','',0,0,0,'','0000-01-01'),(2,2568,1,'1/2568','2025-11-11','1/2568','ได้เข้าศึกษาดูาน การพัฒนาประสิทธิภาพบุคลากร ปีการศึกษา 2568','','','01/2','2025-11-11','3490300100494','',0,0,0,'','0000-01-01'),(3,2568,2,'2/2568','2025-11-11','2/2568','ได้เข้าศึกษาดูาน การพัฒนาประสิทธิภาพบุคลากร ปีการศึกษา 2568','','','','2025-11-11','3490300100494','',0,0,0,'','0000-01-01'),(4,2568,3,'3/2568','2025-11-11','3/2568','ได้เข้าศึกษาดูาน การพัฒนาประสิทธิภาพบุคลากร ปีการศึกษา 2568','','','01/2','2025-11-11','3490300100494','',0,0,0,'','0000-01-01'),(5,2568,4,'4/2568','2025-11-11','4/2568','ได้เข้าศึกษาดูาน การพัฒนาประสิทธิภาพบุคลากร ปีการศึกษา 2568','','','','2025-11-11','3490300100494','',0,0,0,'','0000-01-01'),(6,2568,5,'5/2568','2025-11-11','5/2568','ได้เข้าศึกษาดูาน การพัฒนาประสิทธิภาพบุคลากร ปีการศึกษา 2568','','','','2025-11-11','3490300100494','',0,0,0,'','0000-01-01'),(7,2568,6,'6/2568','2025-11-11','6/2568','ได้เข้าศึกษาดูาน การพัฒนาประสิทธิภาพบุคลากร ปีการศึกษา 2568','','','','2025-11-11','3490300100494','',0,0,0,'','0000-01-01'),(8,2568,7,'7/2568','2025-11-11','7/2568','ได้เข้าศึกษาดูาน การพัฒนาประสิทธิภาพบุคลากร ปีการศึกษา 2568','','','','2025-11-11','3490300100494','',0,0,0,'','0000-01-01'),(9,2568,8,'8/2568','2025-11-11','8/2568','ได้เข้าศึกษาดูาน การพัฒนาประสิทธิภาพบุคลากร ปีการศึกษา 2568','','','','2025-11-11','3490300100494','',0,0,0,'','0000-01-01'),(10,2568,9,'9/2568','2025-11-11','9/2568','ได้เข้าศึกษาดูาน การพัฒนาประสิทธิภาพบุคลากร ปีการศึกษา 2568','','','','2025-11-11','3490300100494','',0,0,0,'','0000-01-01'),(11,2568,10,'10/2568','2025-11-11','10/2568','ได้เข้าศึกษาดูาน การพัฒนาประสิทธิภาพบุคลากร ปีการศึกษา 2568','','','','2025-11-11','3490300100494','',0,0,0,'','0000-01-01'),(12,2568,11,'11/2568','2025-11-11','11/2568','ได้เข้าศึกษาดูาน การพัฒนาประสิทธิภาพบุคลากร ปีการศึกษา 2568','','','','2025-11-11','3490300100494','',0,0,0,'','0000-01-01'),(13,2568,12,'12/2568','2025-11-11','12/2568','ได้เข้าศึกษาดูาน การพัฒนาประสิทธิภาพบุคลากร ปีการศึกษา 2568','','','','2025-11-11','3490300100494','',0,0,0,'','0000-01-01'),(14,2568,13,'13/2568','2025-11-11','13/2568','ได้เข้าศึกษาดูาน การพัฒนาประสิทธิภาพบุคลากร ปีการศึกษา 2568','','','','2025-11-11','3490300100494','',0,0,0,'','0000-01-01'),(15,2568,14,'14/2568','2025-11-11','14/2568','ได้เข้าศึกษาดูาน การพัฒนาประสิทธิภาพบุคลากร ปีการศึกษา 2568','','','','2025-11-11','3490300100494','',0,0,0,'','0000-01-01'),(16,2568,15,'15/2568','2025-11-11','15/2568','ได้เข้าศึกษาดูาน การพัฒนาประสิทธิภาพบุคลากร ปีการศึกษา 2568','','','','2025-11-11','3490300100494','',0,0,0,'','0000-01-01'),(17,2568,16,'16/2568','2025-11-11','16/2568','ได้เข้าศึกษาดูาน การพัฒนาประสิทธิภาพบุคลากร ปีการศึกษา 2568','','','','2025-11-11','3490300100494','',0,0,0,'','0000-01-01'),(18,2568,17,'17/2568','2025-11-11','17/2568','ได้เข้าศึกษาดูาน การพัฒนาประสิทธิภาพบุคลากร ปีการศึกษา 2568','','','','2025-11-11','3490300100494','',0,0,0,'','0000-01-01');

--
-- Table structure for table `bookregister_command`
--

CREATE TABLE `bookregister_command` (
  `ms_id` int(11) NOT NULL AUTO_INCREMENT,
  `year` int(11) NOT NULL,
  `register_number` int(11) NOT NULL,
  `book_no` varchar(50) NOT NULL,
  `signdate` date NOT NULL,
  `subject` varchar(150) NOT NULL,
  `comment` varchar(100) DEFAULT NULL,
  `register_date` date NOT NULL,
  `officer` varchar(13) DEFAULT NULL,
  `file_name` varchar(100) DEFAULT NULL,
  `file_des` varchar(100) DEFAULT NULL,
  PRIMARY KEY (`ms_id`)
) ENGINE=MyISAM AUTO_INCREMENT=95 DEFAULT CHARSET=utf8 COLLATE=utf8_general_ci;

--
-- Dumping data for table `bookregister_command`
--

INSERT INTO `bookregister_command` VALUES (1,2562,1,'1/2562','2018-12-28','แต่งตั้งเจ้าหน้าที่เวรรักษาการณ์   เวรประจำวัน   ผู้ตรวจเวรรักษาการณ์    ประจำเดือน มกราคม  2562','','2019-02-20','1341500009828','',NULL),(2,2562,2,'2/2562','2019-01-04','แต่งตั้งคณะกรรมการดำเนินจัดการทดสอบทางการศึกษาระดับชาติชั้นพื้นฐาน ( Pre O-NET) ชั้นประถมศึกษาปีที่ 6 ประจำปีการศึกษา 2561 ','','2019-02-20','1341500009828','',NULL),(3,2567,1,'1/2567','2024-01-08','คำสั่งเวร เดือน  ม.ค.67','','2024-01-08','1349900462900','',NULL),(4,2567,2,'2/2567','2024-01-08','คำสั่งแต่งตั้งคณะกรรมการดำเนินการจัดการแข่งขันกีฬา-กรีฑานักเรียน ประจำปีการศึกษา 2566','','2024-01-08','1349900462900','1704700791x956311014.docx',NULL),(5,2567,3,'3/2567','2024-01-17','แต่งตั้งคณะกรรมการคัดกรองความสามารถในการอ่านการเขียนภาษาไทย  นักเรียนชั้นประถมศึกษาปีที่ 1 ถึง 6  ภาคเรียนที่  2 ปีการศึกษา 2566','','2024-01-17','3490300100494','',NULL),(6,2567,4,'4/2567','2024-02-01','แต่งตั้งเวรยามประจำเดือนกุมภาพันธ์ 67','','2024-02-06','3490300100494','',NULL),(7,2567,5,'5/2567','2024-02-12','คำสั่งแต่งตั้งคณะกรรมการนำนักเรียนไปทดสอบ o-Net','','2024-02-12','3490300100494','',NULL),(8,2567,6,'6/2567','2024-02-12','การควบคุมนักเรียนเข้าร่วมกิจกรรมเข้าค่ายพักแรมลูกเสือ-เนตรนารี สามัญ  ประจำปี  2566','','2024-02-12','3490300100494','',NULL),(9,2567,7,'7/2567','2024-03-04','แต่งตั้งเวรยามประจำเดือนมีนาคม 67','','2024-03-04','3490300100494','',NULL),(10,2567,8,'8/2567','2024-03-04','แต่งตั้งคณะกรรมการจัดกิจกรรมเดินทางไกลลูกเสือ-เนตรนารีสำรอง 2566','','2024-03-04','3490300100494','',NULL),(11,2567,9,'9/2567','2024-03-14','แต่งตั้งคณะดำเนินการจัดงานปัจฉิมนิเทศ นักเรียนชั้นประถมศึกษาปีที่ ๖ ประจำปีการศึกษา 2566','','2024-03-14','3490300100494','',NULL),(12,2567,10,'10/2567','2024-03-14','แต่งตั้งคณะกรรมการดูแลนักเรียน เข้าร่วมแข่งขันกีฬาเยาวชนและประชาชนตำบลโนนกาเล็น  ','','2024-03-14','3490300100494','',NULL),(13,2567,11,'11/2567','2024-03-29','แต่งตั้งเวรประจำวันเดือนเมษายน พ.ศ. ๒๕๖๗','','2024-03-28','3490300100494','',NULL),(14,2567,12,'12/2567','2024-03-28','แต่งตั้งเวรประจำวันเดือนพฤษภาคม พ.ศ. ๒๕๖๗','','2024-03-28','3490300100494','',NULL),(15,2567,13,'13/2567','2024-03-28','แต่งตั้งคณะกรรมการดำเนินการจัดทำแบบรายงานผู้สำเร็จการศึกษา (ปพ.๓) ปีการศึกษา 2566','','2024-03-28','3490300100494','',NULL),(16,2567,14,'14/2567','2024-04-05','แต่งตั้งคณะกรรมการดำเนินการพิจารณารายงานผลเพื่อประกอบการเลื่อเงินเดือน ครั้งที่ 1 (1 เมษายน 2567)','','2024-04-05','3490300100494','',NULL),(17,2567,15,'15/2567','2024-04-17','-','คุณครูบุญหนุน','2024-04-22','3490300100494','',NULL),(18,2567,16,'16/2567','2024-04-17','-','คุณครูบุญหนุน','2024-04-22','3490300100494','',NULL),(19,2567,17,'17/2567','2024-04-17','-','คุณครูบุญหนุน','2024-04-22','3490300100494','',NULL),(20,2567,18,'18/2567','2024-05-03','แต่งตั้งคณะกรรมการเลื่อนเงิน','','2024-05-20','3490300100494','',NULL),(21,2567,19,'19/2567','2024-05-06','แต่งตั้งคณะกรรมการตรวจรับผู้ปฏิบัติงานในตำแหน่งนักการภารโรง','','2024-05-20','3490300100494','',NULL),(22,2567,20,'20/2567','2024-05-20','แต่งตั้งคณะกรรมการบริหารหลักสูตรและงานวิชาการสถานศึกษาขั้นพื้นฐาน','','2024-05-20','3490300100494','',NULL),(23,2567,21,'21/2567','2024-05-23','คำสั่งปรับเงินเดือนตามคุณวุฒิ ณ 1 พ.ค.67','','2024-05-23','3490300100494','',NULL),(24,2567,22,'22/2567','2024-06-14','แต่งตั้งคณะกรรมการสภานักเรียน ','','2024-06-14','3490300100494','',NULL),(26,2567,23,'23/2567','2024-06-21','แต่งตั้งคณะกรรมการปรับปรุงหลักสูตร','','2024-06-21','3490300100494','',NULL),(27,2567,24,'24/2567','2024-07-01','แต่งตั้งคณะกรรมการบรรจุครูผู้ช่วย','','2024-07-01','3490300100494','',NULL),(28,2567,25,'25/2567','2024-05-31','คำสั่งเดือนมิถุนายน','','2024-07-03','3490300100494','',NULL),(29,2567,26,'26/2567','2024-06-25','แต่งตั้งคณะกรรมการดำเนินการเยียมบ้านนักเรียน','','2024-07-03','3490300100494','',NULL),(30,2567,27,'27/2567','2024-06-24','แต่งตั้งคณะกรรมการจัดกิจกรรมวันสุนทรภู่และวันต่อต้านยาเสพติด','','2024-07-03','3490300100494','',NULL),(31,2567,28,'28/2567','2024-06-28','แต่งตั้งเวรประจำวันเดือนมิถุนายน พ.ศ. ๒๕๖๗','','2024-07-03','3490300100494','',NULL),(32,2567,29,'29/2567','2024-05-16','แต่งตั้งคณะกรรมการนิเทศภายใน  ปีการศึกษา  2567','','2024-07-12','3490300100494','',NULL),(33,2567,30,'30/2567','2024-07-01','คำสั่งแต่งตั้งมอบหมายงานในหน้าที่ความรับผิดชอบ ครูผู้สอนและครูประจำชั้นเรียน ปีการศึกษา 2567','','2024-07-16','3490300100494','',NULL),(34,2567,31,'31/2567','2024-07-01','แต่งตั้งหัวหน้าเจ้าหน้าที่พัสดุ','','2024-07-18','3490300100494','',NULL),(35,2567,32,'32/2567','2024-05-16','แต่งตั้งนายทะเบียนสถานศึกษา ','','2024-07-18','3490300100494','',NULL),(36,2567,33,'33/2567','2024-02-08',' แต่งตั้งคณะกรรมการเตรียมงานรับนักเรียนชั้นอนุบาล 1 และชั้นประถมศึกษาปีที่  1    ปีการศึกษา  256๗','','2024-07-18','3490300100494','',NULL),(37,2567,34,'34/2567','2024-02-01','แต่งตั้งคณะกรรมการตรวจสอบพัสดุ  ','','2024-07-18','3490300100494','',NULL),(38,2567,35,'35/2567','2024-05-17','การแต่งตั้งเจ้าหน้าที่การเงินและเจ้าหน้าที่บัญชีโรงเรียน','','2024-07-18','3490300100494','',NULL),(39,2567,36,'36/2567','2024-05-17','แต่งตั้งเจ้าหน้าที่ตรวจสอบการรับ-จ่ายเงินประจำวันของโรงเรียน','','2024-07-18','3490300100494','',NULL),(40,2567,37,'37/2567','2024-05-16','การแต่งตั้งกรรมการเก็บรักษาเงินโรงเรียน','','2024-07-18','3490300100494','',NULL),(41,2567,38,'38/2567','2024-03-08','แต่งตั้งคณะกรรมการดำเนินการทดสอบออนไลน์นักเรียนชั้นประถมศึกษาปีที่ 1-6 ','','2024-07-18','3490300100494','',NULL),(42,2567,39,'39/2567','2024-03-09','แต่งตั้งคณะกรรมการประเมินพัฒนาการเด็กปฐมวัยที่จบหลักสูตรการศึกษาปฐมวัย ','','2024-07-18','3490300100494','',NULL),(43,2567,40,'40/2567','2024-03-08','แต่งตั้งคณะกรรมการทดสอบและประเมินผลการเรียนปลายภาค','','2024-07-18','3490300100494','',NULL),(44,2567,41,'41/2567','2024-07-23','แต่งตั้งคณะกรรมการจ่ายเงินตามโครงการขยายโอกาสการเข้าถึงบริการทางการศึกษาและการเรียนรู้ ตลอดชีวิตอย่างทั่งถึงและมีคุณภาพ 1/2567 ','','2024-07-23','3490300100494','',NULL),(45,2567,42,'42/2567','2024-08-29','แต่งตั้งคณะกรรมการขับเคลื่อนการเสริมสร้างมาตรฐานทางจริยธรรมข้าราชการครู และบุคลากรทางการศึกษา','','2024-08-29','3490300100494','',NULL),(46,2567,43,'43/2567','2024-09-06','แต่งตั้งคณะกรรมการประเมินผลการปฏิบัติงานลูกจ้างชั่วคราว','','2024-09-06','3490300100494','',NULL),(47,2567,44,'44/2567','2024-09-12','แต่งตั้งคณะกรรมการประเมินผลการควบคุมภายใน ประจำปี 2567','','2024-09-12','3490300100494','',NULL),(48,2567,45,'45/2567','2024-09-30','เลื่อนเงินเดือนข้าราชการครู','','2024-09-30','3490300100494','',NULL),(49,2567,46,'46/2567','2024-10-01','แต่งตั้งคณะกรรมการดำเนินโครงการส่งเสริมและดูแลสุขภาพช่องปาก','','2024-10-01','3490300100494','',NULL),(50,2567,47,'47/2567','2024-10-10','พี่หนุน','','2024-10-10','3490300100494','',NULL),(51,2567,48,'48/2567','2024-11-15','แต่งตั้งคณะกรรมการควบคุมนักเรียนไปแข่งขันงานศิลปหัตถกรรมนักเรียน   ครั้งที่ ๗2  ปีการศึกษา ๒๕๖7 ','','2024-11-15','3490300100494','',NULL),(52,2567,49,'49/2567','2024-12-09','แต่งตั้งคณะกรรมการครุภัณฑ์','','2024-12-09','3490300100494','',NULL),(53,2568,1,'1/2568','2025-01-10','แต่งตั้งคณะกรรมการดำเนินกีฬาสีภ่ยใน','','2025-01-22','3490300100494','',NULL),(54,2568,2,'2/2568','2025-01-22','แต่งตั้งคณะกรรมการดำเนินกิจกรรมเดินทางไกล และเข้าค่ายพักแรมลูกเสือ เนตรนารี 2567','','2025-01-22','3490300100494','',NULL),(55,2568,3,'3/2568','2025-02-11','แต่งตั้งคณะกรรมการจัดกิจกรรมเดินทางสำรวจลูกเสือ-เนตรนารีสำรอง  ประจำปีการศึกษา 2567','','2025-02-11','3490300100494','',NULL),(56,2568,4,'4/2568','2025-04-02','แต่งตั้งนายทะเบียนและคณะกรรมการวิชาการ','','2025-04-02','3490300100494','',NULL),(57,2568,5,'5/2568','2025-04-02','แต่งตั้งคณะกรรมการพิจารณาเลื่อนเงินเดือน ครั้งที่ 1 (1 เมษายน 2568)','','2025-04-02','3490300100494','',NULL),(58,2568,6,'6/2568','2025-05-15','คำสั่งปัจฉิมนิเทศ','','2025-05-15','3490300100494','',NULL),(59,2568,7,'7/2568','2025-05-15','คำสั่งเวรยามเดือน','','2025-05-15','3490300100494','',NULL),(60,2568,8,'8/2568','2025-05-15','คำสั่งเลื่อนเงินเดือน','','2025-05-15','3490300100494','',NULL),(61,2568,9,'9/2568','2025-05-09','แต่งตั้งคณะกรรมการภาคีเครือข่ายซื้อหนังสือ','','2025-06-04','3490300100494','',NULL),(62,2568,10,'10/2568','2025-06-04','แต่งตั้งคณะกรรมการดำนินการประชุมผู้ปกครองนักเรียน ภาคเรียนที่ 1/2568','','2025-06-04','3490300100494','',NULL),(63,2568,11,'11/2568','2025-06-04','แต่งตั้งคณะกรรมการจ่ายเงินค่าเครื่องแบบนักเรียน ค่าอุปกรณ์การเรียน ภาคเรียนที่ 1/2568','','2025-06-04','3490300100494','',NULL),(64,2568,12,'12/2568','2025-06-04','มอบหมายหน้าที่การปฎิบัติงานข้าราชการครูและบุคลากรทางกการศึกษา ประจำปีการศึกษา 2568','','2025-06-04','3490300100494','',NULL),(65,2568,13,'13/2568','2025-06-04','แต่งตั้งคณะกรรมการปฏิบัติหน้าที่การสอน','','2025-06-04','3490300100494','',NULL),(66,2568,14,'14/2568','2025-06-04','แต่งตั้งคณะกรรมการจัดทำแผนปฏิบัติการ ประจำปี 2568','','2025-06-04','3490300100494','',NULL),(67,2568,15,'15/2568','2025-06-04','แต่งตั้งคณะกรรมการประเมินควบคุมภายใน','','2025-06-04','3490300100494','',NULL),(68,2568,16,'16/2568','2025-06-04','แต่งตั้งคณะกรรมการตรวจรับพัสดุ ประจำปีงบประมาณ 2568','','2025-06-04','3490300100494','',NULL),(69,2568,17,'17/2568','2025-06-04','แต่งั้งเจ้าหน้าที่การเงินและเจ้าหน้าที่บัญชีโรงเรียน','','2025-06-04','3490300100494','',NULL),(70,2568,18,'18/2568','2025-06-04','แต่งตั้งคณะกรรมการเก็บรักษาเงินโรงเรียน','','2025-06-04','3490300100494','',NULL),(71,2568,19,'19/2568','2025-06-04','แต่งตั้งคณะกรรมการตรวจหลักฐานการรับ-จ่ายเงินประจจำโรงเรียน','','2025-06-04','3490300100494','',NULL),(72,2568,20,'20/2568','2025-06-04','การแต่งตั้งหัวหน้าเจ้าหน้าที่พัสดุและเจ้าหน้าที่พัสดุโรงเรียน','','2025-06-04','3490300100494','',NULL),(73,2568,21,'21/2568','2025-06-04','แต่งตั้งข้าราชการครูรับผิดชอบโครงการอาหารกลางวันโรงเรียน','','2025-06-04','3490300100494','',NULL),(74,2568,22,'22/2568','2025-06-04','แต่งตั้งครูประจำชั้น ประจำปีการศึกษา 2568','','2025-06-04','3490300100494','',NULL),(75,2568,23,'23/2568','2025-06-04','แต่งตั้งคณะกรรมการจัดทำข้อมูลสารสนเทศทางการศึกษา ปีการศึกษา 2568','','2025-06-04','3490300100494','',NULL),(76,2568,24,'24/2568','2025-06-04','แต่งตั้งผู้ดูแลระบบประเมินวิทยฐานะดิจิทัลระดับสถานศึกษา ประจำปีงบประมาณ 2568','','2025-06-04','3490300100494','',NULL),(77,2568,25,'25/2568','2025-06-20','คำสั่งเพื่อปรับเงินเดือนตามคุณวุฒิที่ ก.ค.ศ. รับรองและชดเชย','','2025-06-20','3490300100494','',NULL),(78,2568,26,'26/2568','2025-06-30','แต่งตั้งคณะกรรมการวันสุทรภู่','','2025-06-30','3490300100494','',NULL),(79,2568,27,'27/2568','2025-07-21','แต่งตั้งคณะกรรมการจ่ายเงินปัจจัยพื้นฐานนักเรียนยากจนพิเศษแบบมีเงื่อนไข','','2025-07-21','3490300100494','',NULL),(80,2568,28,'28/2568','2025-07-21','แต่งตั้งคณะกรรมการจ่ายเงินปัจจัยพื้นฐานนักเรียนยากจน','','2025-07-21','3490300100494','',NULL),(81,2568,29,'29/2568','2025-07-22','แต่งตั้งคณะกรรมการขับเคลื่อนโครงการยกระดับผลสัมฤทธิ์ทางการเรียนแบบยั่งยืน PLC','','2025-07-22','3490300100494','',NULL),(82,2568,30,'30/2568','2025-07-22','แต่งตั้งคณะกรรมการบริหารหลักสูตรและงานวิชาการสถานศึกษาขั้นพื้นฐาน','','2025-07-22','3490300100494','',NULL),(83,2568,31,'31/2568','2025-07-22','แต่งตั้งคณะกรรมการสภานักเรียน ','','2025-07-22','3490300100494','',NULL),(84,2568,32,'32/2568','2025-09-11','แต่งตั้งคณะกรรมการประเมินผลการปฏิบัติงานของลูกจ้างชั่วคราวที่ปฏิบัติงานในสถานศึกษา','','2025-09-11','3490300100494','',NULL),(85,2568,33,'33/2568','2025-09-25','แต่งตั้งคณะกรรมการดำเนินการพิจารณา รายงานผลการพิจารณา เพื่อประกอบการเลื่อนเงินเดือน ข้าราชการครูและบุคลากรทางการศึกษา ครั้งที่ 2 (1 ตุลาคม 2568) ระดับ','','2025-09-25','3490300100494','',NULL),(86,2568,34,'34/2568','2025-10-07','แต่งตั้งคณะกรรมจ้างครูวิกฤต','','2025-10-07','3490300100494','',NULL),(87,2568,35,'35/2568','2025-10-07','แต่งตั้งคณะกรรมจ้างลูกจ้างชั่วคราวนักการภารโรง','','2025-10-07','3490300100494','',NULL),(88,2568,36,'36/2568','2025-10-15','เลื่อนเงินเดือน','','2025-10-15','3490300100494','',NULL),(89,2568,37,'37/2568','2025-11-04','คำสังมอบหมายงานในหน้าที่ 2/2568','','2025-11-04','3490300100494','',NULL),(94,2568,39,'39/2568','2025-11-21','แต่งตั้งคณะกรรมการควบคุมนักเรียนไปแข่งขันงานศิลปหัตถกรรมนักเรียน  ','','2025-11-21','3490300100494','',NULL),(93,2568,38,'38/2568','2025-11-04','คำสั่งเวรยามเดือนพฤศจิกายน 2568','','2025-11-04','3490300100494','',NULL);

--
-- Table structure for table `bookregister_office_no`
--

CREATE TABLE `bookregister_office_no` (
  `id` int(11) NOT NULL AUTO_INCREMENT,
  `office_no` varchar(100) NOT NULL,
  `school_code` varchar(15) DEFAULT NULL,
  `officer` varchar(13) DEFAULT NULL,
  `rec_date` date DEFAULT NULL,
  PRIMARY KEY (`id`)
) ENGINE=MyISAM AUTO_INCREMENT=2 DEFAULT CHARSET=utf8 COLLATE=utf8_general_ci;

--
-- Dumping data for table `bookregister_office_no`
--

INSERT INTO `bookregister_office_no` VALUES (1,'ที่ ศธ 04186.094/',NULL,NULL,NULL);

--
-- Table structure for table `bookregister_permission`
--

CREATE TABLE `bookregister_permission` (
  `id` int(11) NOT NULL AUTO_INCREMENT,
  `person_id` varchar(13) NOT NULL,
  `p1` tinyint(4) NOT NULL,
  `p2` tinyint(4) DEFAULT NULL,
  `school_code` varchar(15) DEFAULT NULL,
  `officer` varchar(13) NOT NULL,
  `rec_date` date NOT NULL,
  PRIMARY KEY (`id`),
  UNIQUE KEY `person_id` (`person_id`)
) ENGINE=MyISAM AUTO_INCREMENT=11 DEFAULT CHARSET=utf8 COLLATE=utf8_general_ci;

--
-- Dumping data for table `bookregister_permission`
--

INSERT INTO `bookregister_permission` VALUES (4,'1349900462900',1,NULL,NULL,'3490300100494','2024-01-19'),(9,'1103702716006',1,NULL,NULL,'1349900462900','2024-10-08'),(5,'1342200068901',1,NULL,NULL,'1349900462900','2022-10-15'),(6,'3490300100494',1,NULL,NULL,'1341500009828','2023-08-15'),(7,'1342200058387',1,NULL,NULL,'1341500009828','2023-08-15'),(8,'3350300199904',1,NULL,NULL,'1341500009828','2023-08-15'),(10,'1330800204145',1,NULL,NULL,'3490300100494','2025-11-11');

--
-- Table structure for table `bookregister_receive_filebook`
--

CREATE TABLE `bookregister_receive_filebook` (
  `id` int(11) NOT NULL AUTO_INCREMENT,
  `ref_id` varchar(50) NOT NULL,
  `file_name` varchar(100) NOT NULL,
  `file_des` varchar(100) NOT NULL,
  PRIMARY KEY (`id`)
) ENGINE=MyISAM AUTO_INCREMENT=90 DEFAULT CHARSET=utf8 COLLATE=utf8_general_ci;

--
-- Dumping data for table `bookregister_receive_filebook`
--

INSERT INTO `bookregister_receive_filebook` VALUES (1,'1597994806x14275','1597994806x14275_1.jpg','หนังสือนำส่ง'),(2,'1597994806x14275','1597994806x14275_2.jpg','ไฟล์แนบ 1'),(3,'1597994806x14275','1597994806x14275_3.jpg','ไฟล์แนบ 2'),(4,'1642568177x9708','1642568177x9708_1.pdf','ไฟล์เอกสาร'),(5,'1642568272x7595','1642568272x7595_1.pdf','หนังสือนำส่ง'),(6,'1642568344x15432','1642568344x15432_1.pdf','หนังสือนำส่ง'),(7,'1642568344x15432','1642568344x15432_2.docx','ไฟล์แนบ 1'),(8,'1642568428x4454','1642568428x4454_1.pdf','หนังสือนำส่ง'),(9,'1642568481x4288','1642568481x4288_1.pdf','หนังสือนำส่ง'),(10,'1642568536x8097','1642568536x8097_2.pdf','ไฟล์แนบ '),(11,'1642568536x8097','1642568536x8097_3.pdf','ไฟล์แนบ 2'),(12,'1642568582x16748','1642568582x16748_1.pdf','ไฟล์เอกสาร'),(13,'1642568582x16748','1642568582x16748_2.pdf','ไฟล์แนบ '),(14,'1642568582x16748','1642568582x16748_3.pdf','ไฟล์แนบ 2'),(15,'1642568628x7242','1642568628x7242_1.pdf','ไฟล์เอกสาร'),(16,'1642568696x28683','1642568696x28683_1.pdf','ไฟล์เอกสาร'),(17,'1642568750x28263','1642568750x28263_1.pdf','ไฟล์เอกสาร'),(18,'1642568750x28263','1642568750x28263_2.pdf','ไฟล์แนบ '),(19,'1642568800x21693','1642568800x21693_1.pdf','หนังสือนำส่ง'),(20,'1642568800x21693','1642568800x21693_2.docx','ไฟล์แนบ '),(21,'1642568848x30014','1642568848x30014_1.pdf','หนังสือนำส่ง'),(22,'1642568848x30014','1642568848x30014_2.pdf','ไฟล์แนบ '),(23,'1642568893x8198','1642568893x8198_1.pdf','หนังสือนำส่ง'),(24,'1642568936x7951','1642568936x7951_1.pdf','หนังสือนำส่ง'),(25,'1642569004x21748','1642569004x21748_1.pdf','หนังสือนำส่ง'),(26,'1642569057x32111','1642569057x32111_1.pdf','หนังสือนำส่ง'),(27,'1642569105x2481','1642569105x2481_1.pdf','หนังสือนำส่ง'),(28,'1642569105x2481','1642569105x2481_2.pdf','ไฟล์แนบ 1'),(29,'1642569150x10497','1642569150x10497_1.pdf','หนังสือนำส่ง'),(30,'1642569150x10497','1642569150x10497_2.pdf','ไฟล์แนบ 1'),(31,'1642569196x13970','1642569196x13970_1.pdf','หนังสือนำส่ง'),(32,'1642569238x9962','1642569238x9962_1.jpg','หนังสือนำส่ง'),(33,'1642569238x9962','1642569238x9962_2.pdf','ไฟล์แนบ 1'),(34,'1642569238x9962','1642569238x9962_3.zip','ไฟล์แนบ 2'),(35,'1642569238x9962','1642569238x9962_4.zip','ไฟล์แนบ 3'),(36,'1642569287x31518','1642569287x31518_1.pdf','หนังสือนำส่ง'),(37,'1642569332x19552','1642569332x19552_1.pdf','หนังสือนำส่ง'),(38,'1642569385x22949','1642569385x22949_1.jpg','หนังสือนำส่ง'),(39,'1642569385x22949','1642569385x22949_2.pdf','ไฟล์แนบ 1'),(40,'1642569385x22949','1642569385x22949_3.pdf','ไฟล์แนบ 2'),(41,'1642569385x22949','1642569385x22949_4.pdf','ไฟล์แนบ 3'),(42,'1642569385x22949','1642569385x22949_5.pdf','ไฟล์แนบ 4'),(43,'1642569434x20600','1642569434x20600_1.pdf','หนังสือนำส่ง'),(44,'1642569434x20600','1642569434x20600_2.pdf','ไฟล์แนบ 1'),(45,'1642569481x8652','1642569481x8652_1.pdf','หนังสือนำส่ง'),(46,'1642569526x49','1642569526x49_1.pdf','หนังสือนำส่ง'),(47,'1642569526x49','1642569526x49_2.pdf','ไฟล์แนบ 1'),(48,'1642569526x49','1642569526x49_3.pdf','ไฟล์แนบ 2'),(49,'1642569628x30956','1642569628x30956_1.pdf','หนังสือนำส่ง'),(50,'1642569685x10058','1642569685x10058_1.pdf','หนังสือนำส่ง'),(51,'1642569743x18358','1642569743x18358_1.pdf','หนังสือนำส่ง'),(52,'1642569743x18358','1642569743x18358_2.pdf','ไฟล์แนบ 1'),(53,'1642569806x13704','1642569806x13704_1.pdf','หนังสือนำส่ง'),(54,'1642569847x27015','1642569847x27015_1.pdf','หนังสือนำส่ง'),(55,'1642569895x23366','1642569895x23366_1.pdf','หนังสือนำส่ง'),(56,'1642569939x9367','1642569939x9367_1.pdf','หนังสือนำส่ง'),(57,'1642569939x9367','1642569939x9367_2.pdf','ไฟล์แนบ 1'),(58,'1642569990x28269','1642569990x28269_1.pdf','หนังสือนำส่ง'),(59,'1642569990x28269','1642569990x28269_2.pdf','ไฟล์แนบ '),(60,'1642569990x28269','1642569990x28269_3.pdf','ไฟล์แนบ 2'),(61,'1642569990x28269','1642569990x28269_4.pdf','ไฟล์แนบ 3'),(62,'1642570030x8756','1642570030x8756_1.pdf','หนังสือนำส่ง'),(63,'1642570030x8756','1642570030x8756_2.xlsx','ไฟล์แนบ 1'),(64,'1642570075x29491','1642570075x29491_1.pdf','หนังสือนำส่ง'),(65,'1642570075x29491','1642570075x29491_2.pdf','ไฟล์แนบ 1'),(66,'1642570131x5341','1642570131x5341_1.pdf','หนังสือนำส่ง'),(67,'1642570131x5341','1642570131x5341_2.pdf','ไฟล์แนบ 1'),(68,'1642570172x10175','1642570172x10175_1.pdf','หนังสือนำส่ง'),(69,'1642570226x1129','1642570226x1129_1.pdf','หนังสือนำส่ง'),(70,'1642570277x14296','1642570277x14296_1.pdf','หนังสือนำส่ง'),(71,'1642570316x25546','1642570316x25546_1.pdf','หนังสือนำส่ง'),(72,'1642570316x25546','1642570316x25546_2.pdf','ไฟล์แนบ '),(73,'1642570363x7192','1642570363x7192_1.pdf','หนังสือนำส่ง'),(74,'1642570363x7192','1642570363x7192_2.pdf','ไฟล์แนบ '),(75,'1642570408x20229','1642570408x20229_1.pdf','หนังสือนำส่ง'),(76,'1642570456x23835','1642570456x23835_1.pdf','หนังสือนำส่ง'),(77,'1642570456x23835','1642570456x23835_2.pdf','ไฟล์แนบ 1'),(78,'1642570456x23835','1642570456x23835_3.pdf','ไฟล์แนบ 2'),(79,'1642570508x32260','1642570508x32260_1.pdf','หนังสือนำส่ง'),(80,'1642570547x26066','1642570547x26066_1.pdf','หนังสือนำส่ง'),(81,'1642570547x26066','1642570547x26066_2.xlsx','ไฟล์แนบ 1'),(82,'1642570547x26066','1642570547x26066_3.xlsx','ไฟล์แนบ 2'),(83,'1642570588x1169','1642570588x1169_1.pdf','หนังสือนำส่ง'),(84,'1642570588x1169','1642570588x1169_2.pdf','ไฟล์แนบ '),(85,'1642570588x1169','1642570588x1169_3.pdf','ไฟล์แนบ 2'),(86,'1642570628x11810','1642570628x11810_1.pdf','หนังสือนำส่ง'),(87,'1642570628x11810','1642570628x11810_2.pdf','ไฟล์แนบ '),(88,'1643088289x20342','1643088289x20342_1.jpg','หนังสือนำส่ง'),(89,'1648026099x15383','1648026099x15383_1.rar','ไฟล์เอกสาร');

--
-- Table structure for table `bookregister_send_filebook`
--

CREATE TABLE `bookregister_send_filebook` (
  `id` int(11) NOT NULL AUTO_INCREMENT,
  `ref_id` varchar(50) NOT NULL,
  `file_name` varchar(100) NOT NULL,
  `file_des` varchar(100) NOT NULL,
  PRIMARY KEY (`id`)
) ENGINE=MyISAM AUTO_INCREMENT=17 DEFAULT CHARSET=utf8 COLLATE=utf8_general_ci;

--
-- Dumping data for table `bookregister_send_filebook`
--

INSERT INTO `bookregister_send_filebook` VALUES (1,'1581568065x6238','1581568065x6238_1.docx','หนังสือนำส่ง'),(2,'1704700128x144994867','1704700128x144994867_1.docx','หนังสือนำส่ง'),(3,'1704785762x630797394','1704785762x630797394_1.docx','หนังสือนำส่ง ขอความอนุเคราะห์'),(4,'1704785844x1357978359','1704785844x1357978359_1.docx','หนังสือขอความอนุเคราะห์'),(5,'1704854778x884149826','1704854778x884149826_1.pdf','หนังสือนำส่ง'),(6,'1705564870x1600011467','1705564870x1600011467_1.docx','หนังสือนำส่ง'),(7,'1705564870x1600011467','1705564870x1600011467_2.pdf','สิ่งที่ส่งมาด้วย'),(8,'1705634357x522088167','1705634357x522088167_1.docx','หนังสือนำส่ง'),(9,'1705992269x1919276702','1705992269x1919276702_1.pdf','นำส่ง'),(10,'1705992269x1919276702','1705992269x1919276702_2.pdf','แบบรายงาน'),(11,'1705992334x1838582212','1705992334x1838582212_1.pdf','นำส่ง'),(12,'1706170300x1691555539','1706170300x1691555539_1.docx','นำส่ง'),(13,'1706514642x1448476082','1706514642x1448476082_1.pdf','หนังสือนำส่ง'),(14,'1706767368x1458460880','1706767368x1458460880_1.docx','หนังสือนำส่ง'),(15,'1707275549x371445031','1707275549x371445031_1.docx','หนังสือขอบคุณ'),(16,'1711682438x1958128495','1711682438x1958128495_1.doc','หนังสือนำส่ง');

--
-- Table structure for table `bookregister_year`
--

CREATE TABLE `bookregister_year` (
  `id` int(11) NOT NULL AUTO_INCREMENT,
  `year` int(11) NOT NULL,
  `year_active` tinyint(4) NOT NULL DEFAULT 0,
  `start_receive_num` int(11) NOT NULL DEFAULT 1,
  `start_send_num` int(11) NOT NULL DEFAULT 1,
  `start_command_num` int(11) NOT NULL DEFAULT 1,
  `start_cer_num` int(11) NOT NULL DEFAULT 1,
  `school_code` varchar(15) DEFAULT NULL,
  `officer` varchar(13) DEFAULT NULL,
  `rec_date` date DEFAULT NULL,
  PRIMARY KEY (`id`)
) ENGINE=MyISAM AUTO_INCREMENT=10 DEFAULT CHARSET=utf8 COLLATE=utf8_general_ci;

--
-- Dumping data for table `bookregister_year`
--

INSERT INTO `bookregister_year` VALUES (1,2559,0,1,1,1,1,NULL,NULL,NULL),(2,2561,0,1,1,1,1,NULL,NULL,NULL),(3,2562,0,1,1,1,1,NULL,NULL,NULL),(4,2563,0,1,1,1,1,NULL,NULL,NULL),(5,2564,0,1,1,1,1,NULL,NULL,NULL),(6,2565,0,1,1,1,1,NULL,NULL,NULL),(7,2566,0,1,1,1,1,NULL,NULL,NULL),(8,2567,0,1,1,1,1,NULL,NULL,NULL),(9,2568,1,1,1,1,1,NULL,NULL,NULL);

--
-- Table structure for table `budget_bud`
--

CREATE TABLE `budget_bud` (
  `id` int(11) NOT NULL AUTO_INCREMENT,
  `budget_year` int(11) NOT NULL,
  `doc` varchar(50) NOT NULL,
  `refer_wd_id` int(11) NOT NULL,
  `status` tinyint(11) DEFAULT NULL,
  `bud_type_id` int(11) DEFAULT NULL,
  `item` varchar(150) DEFAULT NULL,
  `receive_amount` double DEFAULT NULL,
  `pay_amount` double DEFAULT NULL,
  `payed_person` varchar(50) NOT NULL,
  `pay_group` int(4) DEFAULT NULL,
  `rec_date` date NOT NULL,
  `officer` varchar(13) NOT NULL,
  PRIMARY KEY (`id`)
) ENGINE=MyISAM DEFAULT CHARSET=utf8 COLLATE=utf8_general_ci;

--
-- Dumping data for table `budget_bud`
--


--
-- Table structure for table `budget_category`
--

CREATE TABLE `budget_category` (
  `id` int(11) NOT NULL AUTO_INCREMENT,
  `category_id` int(11) NOT NULL,
  `category_name` varchar(30) NOT NULL,
  PRIMARY KEY (`id`),
  UNIQUE KEY `category_id` (`category_id`)
) ENGINE=MyISAM AUTO_INCREMENT=7 DEFAULT CHARSET=utf8 COLLATE=utf8_general_ci;

--
-- Dumping data for table `budget_category`
--

INSERT INTO `budget_category` VALUES (1,1,'เงินนอกงบประมาณ'),(2,2,'เงินงบประมาณ'),(3,3,'เงินรายได้แผ่นดิน'),(6,4,'วงเงินงบประมาณที่ได้รับจัดสรร');

--
-- Table structure for table `budget_deega`
--

CREATE TABLE `budget_deega` (
  `id` int(11) NOT NULL AUTO_INCREMENT,
  `budget_year` int(11) NOT NULL,
  `deega_num` float NOT NULL DEFAULT 0,
  `doc` varchar(20) NOT NULL,
  `receive_num` char(3) NOT NULL DEFAULT '',
  `plan` char(2) NOT NULL DEFAULT '',
  `project` varchar(20) NOT NULL,
  `activity` varchar(20) NOT NULL,
  `pay_group` char(3) NOT NULL DEFAULT '',
  `item` varchar(50) NOT NULL DEFAULT '',
  `withdraw` double NOT NULL DEFAULT 0,
  `tax` double NOT NULL DEFAULT 0,
  `pay` double NOT NULL DEFAULT 0,
  `officer` varchar(13) NOT NULL,
  `rec_date` date NOT NULL,
  PRIMARY KEY (`id`)
) ENGINE=MyISAM DEFAULT CHARSET=utf8 COLLATE=utf8_general_ci;

--
-- Dumping data for table `budget_deega`
--


--
-- Table structure for table `budget_document`
--

CREATE TABLE `budget_document` (
  `id` int(11) NOT NULL AUTO_INCREMENT,
  `subject` varchar(150) NOT NULL,
  `file_name` varchar(150) NOT NULL,
  `rec_date` date NOT NULL,
  `officer` varchar(13) NOT NULL,
  PRIMARY KEY (`id`)
) ENGINE=MyISAM DEFAULT CHARSET=utf8 COLLATE=utf8_general_ci;

--
-- Dumping data for table `budget_document`
--


--
-- Table structure for table `budget_main`
--

CREATE TABLE `budget_main` (
  `id` int(11) NOT NULL AUTO_INCREMENT,
  `budget_year` int(11) NOT NULL,
  `doc` varchar(30) NOT NULL,
  `refer_wd_id` int(11) DEFAULT NULL,
  `type_id` int(11) NOT NULL,
  `item` varchar(100) NOT NULL,
  `receive_amount` double DEFAULT NULL,
  `pay_amount` double DEFAULT NULL,
  `payed_person` varchar(50) NOT NULL,
  `change_amount` double DEFAULT NULL,
  `pay_group` int(4) DEFAULT NULL,
  `status` tinyint(4) NOT NULL,
  `rec_date` date NOT NULL,
  `officer` varchar(13) DEFAULT NULL,
  PRIMARY KEY (`id`)
) ENGINE=MyISAM AUTO_INCREMENT=11 DEFAULT CHARSET=utf8 COLLATE=utf8_general_ci;

--
-- Dumping data for table `budget_main`
--

INSERT INTO `budget_main` VALUES (1,2559,'บร.001/6ก',NULL,108,'รับเงินอุดหนุนรายหัวก่อนประถมฯ',10000,NULL,'',NULL,NULL,2,'2016-07-23','3341501221126'),(2,2559,'บค.1/59',1,108,'ค่าวัสดุ',NULL,500,'ร้าน ก.',NULL,203,4,'2016-07-23','3341501221126'),(3,2559,'บค1/59',2,108,'ค่าวัสดุ',NULL,500,'บริษัท ดูโฮม จำกัด',NULL,203,4,'2016-07-23','3340500734447'),(4,2559,'บร.2/59',NULL,118,'ค่าอาหารกลางวัน 50 วัน',92000,NULL,'',NULL,NULL,2,'2016-07-23','3340500734447'),(5,2559,'บร.2/59',NULL,118,'ขอถอนเงินอาหาร',NULL,NULL,'',500,NULL,7,'2016-07-23','3341501221126'),(6,2559,'บถ1/2559',NULL,118,'ถอนเงินค่าอาหารกลางวัน',NULL,NULL,'',16200,NULL,7,'2016-07-23','3340500734447'),(7,2564,'1/2564',NULL,118,'ยอดยกมา',116320.65,NULL,'',NULL,NULL,2,'2020-10-01','3340500734447'),(8,2564,'บร 111 /1',NULL,118,'รับเงินอาหารกลางวันจาก อบต.โนนกาเล็น 2/63 50 วัน',20000,NULL,'',NULL,NULL,2,'2020-11-27','3340500734447'),(9,2564,'3/64',NULL,118,'ขอเบิกเงินอาหารกลางวัน',NULL,NULL,'',1000,NULL,7,'2020-11-27','3340500734447'),(10,2564,'บค 1/64',3,118,'ยืมเงินอาหารกลางวันตามสัญญายืมที่ 1/64',NULL,300,'นางศรีอัมพร  สืบจันทา',NULL,202,3,'2020-11-27','3340500734447');

--
-- Table structure for table `budget_money_return`
--

CREATE TABLE `budget_money_return` (
  `id` int(11) NOT NULL AUTO_INCREMENT,
  `budget_year` int(11) DEFAULT NULL,
  `document` varchar(30) NOT NULL DEFAULT '',
  `item` varchar(100) NOT NULL DEFAULT '',
  `pj_activity` varchar(20) NOT NULL DEFAULT '',
  `money` double NOT NULL DEFAULT 0,
  `pay_type` varchar(10) NOT NULL,
  `p_request` varchar(13) NOT NULL DEFAULT '',
  `officer` varchar(13) NOT NULL DEFAULT '',
  `rec_date` date NOT NULL,
  PRIMARY KEY (`id`)
) ENGINE=MyISAM DEFAULT CHARSET=utf8 COLLATE=utf8_general_ci;

--
-- Dumping data for table `budget_money_return`
--


--
-- Table structure for table `budget_pay_type`
--

CREATE TABLE `budget_pay_type` (
  `id` int(11) NOT NULL AUTO_INCREMENT,
  `pay_type_id` int(11) NOT NULL,
  `pay_group_id` tinyint(4) NOT NULL,
  `pay_type_name` varchar(30) NOT NULL,
  PRIMARY KEY (`id`),
  UNIQUE KEY `pay_type_id` (`pay_type_id`)
) ENGINE=MyISAM AUTO_INCREMENT=16 DEFAULT CHARSET=utf8 COLLATE=utf8_general_ci;

--
-- Dumping data for table `budget_pay_type`
--

INSERT INTO `budget_pay_type` VALUES (1,101,1,'เงินเดือน'),(15,102,1,'ค่าจ้างประจำ'),(3,103,1,'ค่าจ้างชั่วคราว'),(4,104,1,'ค่าตอบแทนพนักงานราชการ'),(5,201,2,'ค่าตอบแทน'),(6,202,2,'ค่าใช้สอย'),(7,203,2,'ค่าวัสดุ'),(8,204,2,'ค่าสาธารณูปโภค'),(9,301,3,'ค่าครุภัณฑ์'),(10,302,3,'ค่าที่ดินและสิ่งก่อสร้าง');

--
-- Table structure for table `budget_permission`
--

CREATE TABLE `budget_permission` (
  `id` int(11) NOT NULL AUTO_INCREMENT,
  `person_id` varchar(13) NOT NULL,
  `p1` tinyint(4) NOT NULL,
  `p2` tinyint(4) NOT NULL,
  `p3` tinyint(4) NOT NULL,
  `p4` tinyint(4) NOT NULL,
  `officer` varchar(13) NOT NULL,
  `rec_date` date NOT NULL,
  PRIMARY KEY (`id`)
) ENGINE=MyISAM AUTO_INCREMENT=9 DEFAULT CHARSET=utf8 COLLATE=utf8_general_ci;

--
-- Dumping data for table `budget_permission`
--

INSERT INTO `budget_permission` VALUES (1,'1330800204145',1,1,1,1,'1349900462900','2025-11-12'),(3,'1103702716006',1,1,1,1,'1349900462900','2025-11-12'),(6,'1342200058387',1,1,1,1,'3490300100494','2024-01-30'),(8,'3490300100494',1,1,1,1,'3490300100494','2024-01-30');

--
-- Table structure for table `budget_project`
--

CREATE TABLE `budget_project` (
  `id` int(11) NOT NULL AUTO_INCREMENT,
  `budget_year` int(11) NOT NULL,
  `code` varchar(16) NOT NULL DEFAULT '',
  `name` varchar(80) NOT NULL DEFAULT '',
  PRIMARY KEY (`id`)
) ENGINE=MyISAM DEFAULT CHARSET=utf8 COLLATE=utf8_general_ci;

--
-- Dumping data for table `budget_project`
--


--
-- Table structure for table `budget_receive`
--

CREATE TABLE `budget_receive` (
  `id` int(11) NOT NULL AUTO_INCREMENT,
  `budget_year` int(11) NOT NULL,
  `num` float NOT NULL DEFAULT 0,
  `book_number` varchar(30) NOT NULL DEFAULT '',
  `out_date` varchar(50) NOT NULL DEFAULT '',
  `book_ref` varchar(30) NOT NULL DEFAULT '',
  `plan` char(1) NOT NULL DEFAULT '',
  `project` varchar(16) NOT NULL DEFAULT '',
  `activity` varchar(50) NOT NULL DEFAULT '',
  `activity2` varchar(200) NOT NULL DEFAULT '',
  `m_source` varchar(7) NOT NULL DEFAULT '',
  `account` varchar(30) NOT NULL DEFAULT '',
  `m_pay` char(3) NOT NULL DEFAULT '',
  `item` varchar(250) NOT NULL DEFAULT '',
  `detail` varchar(250) NOT NULL DEFAULT '',
  `money` double NOT NULL DEFAULT 0,
  `rec_date` date DEFAULT NULL,
  `officer` varchar(13) NOT NULL DEFAULT '',
  PRIMARY KEY (`id`),
  UNIQUE KEY `num` (`num`)
) ENGINE=MyISAM DEFAULT CHARSET=utf8 COLLATE=utf8_general_ci;

--
-- Dumping data for table `budget_receive`
--


--
-- Table structure for table `budget_type`
--

CREATE TABLE `budget_type` (
  `id` int(11) NOT NULL AUTO_INCREMENT,
  `type_id` int(11) NOT NULL,
  `category_id` int(11) NOT NULL,
  `type_name` varchar(70) NOT NULL,
  PRIMARY KEY (`id`),
  UNIQUE KEY `type_id` (`type_id`)
) ENGINE=MyISAM AUTO_INCREMENT=49 DEFAULT CHARSET=utf8 COLLATE=utf8_general_ci;

--
-- Dumping data for table `budget_type`
--

INSERT INTO `budget_type` VALUES (1,101,1,'เงินรายได้สถานศึกษา'),(2,102,1,'เงินบริจาค'),(33,103,1,'เงินภาษีหัก ณ ที่จ่าย'),(4,104,1,'เงินลูกเสือ'),(34,105,1,'เงินเนตรนารี'),(6,106,1,'เงินยุวกาชาด'),(7,107,1,'เงินประกันสัญญา'),(8,108,1,'เงินอุดหนุนทั่วไป(ค่าใช้จ่ายรายหัวก่อนประถมศึกษา)'),(47,119,1,'เงินบริจาคมีวัตถุประสงค์'),(38,304,3,'รายได้เบ็ดเตล็ดอื่น'),(14,301,3,'ค่าขายของเบ็ดเตล็ด'),(36,302,3,'ค่าธรรมเนียมเบ็ดเตล็ด'),(37,303,3,'เงินเหลือจ่ายปีเก่าส่งคืน'),(29,109,1,'เงินอุดหนุนทั่วไป(ค่าใช้จ่ายรายหัวประถมศึกษา)'),(23,112,1,'เงินอุดหนุนทั่วไป(ปัจจัยพื้นฐานนักเรียนยากจนประถมศึกษา)'),(24,113,1,'เงินอุดหนุนทั่วไป(ปัจจัยพื้นฐานนักเรียนยากจนมัธยมต้น)'),(25,114,1,'เรียนฟรี15ปี(ค่าหนังสือเรียน)'),(26,115,1,'เรียนฟรี15ปี(ค่าอุปกรณ์การเรียน)'),(27,116,1,'เรียนฟรี15ปี(ค่าเครื่องแบบนักเรียน)'),(28,117,1,'เรียนฟรี15ปี(ค่ากิจกรรมพัฒนาผู้เรียน)'),(30,110,1,'เงินอุดหนุนทั่วไป(ค่าใช้จ่ายรายหัวมัธยมศึกษาตอนต้น)'),(31,111,1,'เงินอุดหนุนทั่วไป(ค่าใช้จ่ายรายหัวมัธยมศึกษาตอนปลาย)'),(35,118,1,'เงินอาหารกลางวัน'),(48,120,1,'เงินอุดหนุนที่ได้รับจากอบต./เทศบาล');

--
-- Table structure for table `budget_withdraw`
--

CREATE TABLE `budget_withdraw` (
  `id` int(11) NOT NULL AUTO_INCREMENT,
  `budget_year` int(11) DEFAULT NULL,
  `document` varchar(30) NOT NULL DEFAULT '',
  `item` varchar(100) NOT NULL DEFAULT '',
  `pj_activity` varchar(20) NOT NULL DEFAULT '',
  `money` double NOT NULL DEFAULT 0,
  `money_type` varchar(3) NOT NULL,
  `pay_type` varchar(10) NOT NULL,
  `p_request` varchar(50) NOT NULL,
  `status` tinyint(4) DEFAULT 0,
  `officer` varchar(13) NOT NULL DEFAULT '',
  `rec_date` date NOT NULL,
  `borrowed_rec_date` date NOT NULL,
  `withdraw_rec_date` date NOT NULL,
  PRIMARY KEY (`id`)
) ENGINE=MyISAM AUTO_INCREMENT=4 DEFAULT CHARSET=utf8 COLLATE=utf8_general_ci;

--
-- Dumping data for table `budget_withdraw`
--

INSERT INTO `budget_withdraw` VALUES (1,2559,'บท.1/59','ขอนุมัติเบิกเงิน','',2000,'108','203','นางสายอาลัย  ชาติวงศ์',1,'3341501221126','2016-07-23','0000-00-00','2016-07-23'),(2,2559,'บท1/59','ซื้ออุปกรณ์การเรียน','',500,'108','203','นาง ก',1,'3340500734447','1459-07-23','0000-00-00','1459-07-23'),(3,2564,'บย 1/64 (ทดลอง)','ยืมเงินอาหารกลางวันตามสัญญายืมที่ 1/64','001001',10000,'118','203','นางศรีอัมพร  สืบจันทา',0,'3340500734447','2020-11-27','2020-11-27','0000-01-01');

--
-- Table structure for table `budget_year`
--

CREATE TABLE `budget_year` (
  `id` int(11) NOT NULL AUTO_INCREMENT,
  `budget_year` int(11) NOT NULL,
  `year_active` tinyint(1) NOT NULL,
  PRIMARY KEY (`id`),
  UNIQUE KEY `budget_year` (`budget_year`)
) ENGINE=MyISAM AUTO_INCREMENT=9 DEFAULT CHARSET=utf8 COLLATE=utf8_general_ci;

--
-- Dumping data for table `budget_year`
--

INSERT INTO `budget_year` VALUES (1,2563,0),(5,2566,0),(4,2564,0),(6,2567,0),(7,2565,0),(8,2569,1);

--
-- Table structure for table `cabinet_cabinet`
--

CREATE TABLE `cabinet_cabinet` (
  `id` int(11) NOT NULL AUTO_INCREMENT,
  `cabinet_id` int(11) NOT NULL,
  `cabinet_type` tinyint(4) NOT NULL,
  `cabinet_name` varchar(100) NOT NULL,
  `cabinet_size` double NOT NULL,
  `tray_size` double NOT NULL,
  `cabinet_person` varchar(13) NOT NULL,
  PRIMARY KEY (`id`),
  UNIQUE KEY `cabinet_id` (`cabinet_id`)
) ENGINE=MyISAM AUTO_INCREMENT=4 DEFAULT CHARSET=utf8 COLLATE=utf8_general_ci;

--
-- Dumping data for table `cabinet_cabinet`
--

INSERT INTO `cabinet_cabinet` VALUES (1,1,1,'เอกสารงานบริหารทั่วไป',1,3,'3330900779456'),(2,2,1,'เอกสารงานบริหารทั่วไป',1,3,'1341500009828'),(3,3,2,'ส่วนบุคคล',1,3,'1341500009828');

--
-- Table structure for table `cabinet_file`
--

CREATE TABLE `cabinet_file` (
  `id` int(11) NOT NULL AUTO_INCREMENT,
  `file_id` int(11) NOT NULL,
  `tray_id` bigint(11) NOT NULL,
  `cabinet_id` int(11) NOT NULL,
  `file_name` varchar(100) NOT NULL,
  PRIMARY KEY (`id`)
) ENGINE=MyISAM DEFAULT CHARSET=utf8 COLLATE=utf8_general_ci;

--
-- Dumping data for table `cabinet_file`
--


--
-- Table structure for table `cabinet_main`
--

CREATE TABLE `cabinet_main` (
  `id` int(11) NOT NULL AUTO_INCREMENT,
  `file_id` int(11) NOT NULL,
  `tray_id` bigint(11) NOT NULL,
  `cabinet_id` int(11) NOT NULL,
  `cabinet_type` tinyint(4) NOT NULL,
  `doc_subject` varchar(150) NOT NULL,
  `doc_size` double NOT NULL,
  `doc_name` varchar(100) NOT NULL,
  `doc_type` varchar(10) NOT NULL,
  `status` tinyint(4) NOT NULL DEFAULT 0,
  `person_id` varchar(13) NOT NULL,
  `rec_date` datetime NOT NULL,
  PRIMARY KEY (`id`)
) ENGINE=MyISAM DEFAULT CHARSET=utf8 COLLATE=utf8_general_ci;

--
-- Dumping data for table `cabinet_main`
--


--
-- Table structure for table `cabinet_permission`
--

CREATE TABLE `cabinet_permission` (
  `id` int(11) NOT NULL AUTO_INCREMENT,
  `person_id` varchar(13) NOT NULL,
  `p1` tinyint(4) DEFAULT NULL,
  `officer` varchar(13) NOT NULL,
  `rec_date` date NOT NULL,
  PRIMARY KEY (`id`),
  UNIQUE KEY `person_id` (`person_id`)
) ENGINE=MyISAM AUTO_INCREMENT=3 DEFAULT CHARSET=utf8 COLLATE=utf8_general_ci;

--
-- Dumping data for table `cabinet_permission`
--

INSERT INTO `cabinet_permission` VALUES (1,'3330900779456',1,'1341500009828','2019-01-09'),(2,'1341500009828',1,'1341500009828','2019-01-09');

--
-- Table structure for table `cabinet_tray`
--

CREATE TABLE `cabinet_tray` (
  `id` int(11) NOT NULL AUTO_INCREMENT,
  `tray_id` bigint(20) NOT NULL,
  `cabinet_id` int(11) NOT NULL,
  `tray_name` varchar(100) NOT NULL,
  PRIMARY KEY (`id`)
) ENGINE=MyISAM DEFAULT CHARSET=utf8 COLLATE=utf8_general_ci;

--
-- Dumping data for table `cabinet_tray`
--


--
-- Table structure for table `delegate_main`
--

CREATE TABLE `delegate_main` (
  `id` int(11) NOT NULL AUTO_INCREMENT,
  `person_id` varchar(13) NOT NULL,
  `start` date NOT NULL,
  `finish` date NOT NULL,
  `remark` varchar(250) NOT NULL,
  `officer` varchar(13) NOT NULL,
  `rec_date` date NOT NULL,
  PRIMARY KEY (`id`)
) ENGINE=MyISAM AUTO_INCREMENT=4 DEFAULT CHARSET=utf8 COLLATE=utf8_general_ci;

--
-- Dumping data for table `delegate_main`
--

INSERT INTO `delegate_main` VALUES (1,'3340500734447','2020-11-04','2020-11-04','','3330900779456','2020-11-04'),(2,'3340500734447','2020-11-04','2021-11-04','','3330900779456','2020-11-04'),(3,'3490300100494','2023-06-19','2026-06-27','ปฏิบัติราชการแทนผู้อำนวยการโรงเรียน','1341500009828','2023-06-27');

--
-- Table structure for table `delegate_permission`
--

CREATE TABLE `delegate_permission` (
  `id` int(11) NOT NULL AUTO_INCREMENT,
  `person_id` varchar(13) NOT NULL,
  `p1` tinyint(4) NOT NULL,
  `officer` varchar(13) NOT NULL,
  `rec_date` date NOT NULL,
  PRIMARY KEY (`id`)
) ENGINE=MyISAM AUTO_INCREMENT=3 DEFAULT CHARSET=utf8 COLLATE=utf8_general_ci;

--
-- Dumping data for table `delegate_permission`
--

INSERT INTO `delegate_permission` VALUES (1,'3340500734447',1,'3341501221126','2016-06-26'),(2,'5340100033618',1,'3341501221126','2016-06-26');

--
-- Table structure for table `health_age_height`
--

CREATE TABLE `health_age_height` (
  `id` int(11) NOT NULL AUTO_INCREMENT,
  `type` tinyint(4) NOT NULL DEFAULT 1,
  `sex` tinyint(4) NOT NULL DEFAULT 2,
  `age` double NOT NULL,
  `height_1` double NOT NULL,
  `height_2` double NOT NULL,
  `height_3` double NOT NULL,
  `height_4` double NOT NULL,
  PRIMARY KEY (`id`)
) ENGINE=MyISAM AUTO_INCREMENT=63 DEFAULT CHARSET=utf8 COLLATE=utf8_general_ci;

--
-- Dumping data for table `health_age_height`
--

INSERT INTO `health_age_height` VALUES (1,0,1,1,70,71.5,80,81),(2,0,1,1.25,72.5,73.5,83.5,85),(3,0,1,1.5,75,77,86.5,88),(4,0,1,1.75,77.5,79.5,89.5,91),(5,0,1,2,80,81.5,92,93.5),(6,0,1,2.25,82,84,94,96),(7,0,1,2.5,83.5,84.5,96.5,98),(8,0,1,2.75,85.5,87.5,98.5,100),(9,0,1,3,87,89.5,100.5,102),(10,0,1,3.25,89,91,102.5,104),(11,0,1,3.5,90.5,93,104.5,106),(12,0,1,3.75,92,94.5,106.5,108),(13,0,1,4,93.5,96,108,110),(14,0,1,4.25,95,96.5,110,112),(15,0,1,4.5,97,99,112,113.5),(16,0,1,4.75,98.5,100.5,113.5,115),(17,0,1,5,100,102,115,117.7),(18,0,2,1,67,69,79,80.5),(19,0,2,1.25,70,72,82.5,84.5),(20,0,2,1.5,73,74.5,85,87.5),(21,0,2,1.75,75.5,77,88,89.5),(22,0,2,2,78,79.5,90.5,92),(23,0,2,2.25,80,82,92.5,94.5),(24,0,2,2.5,82,84,95,96.5),(25,0,2,2.75,84,86,97,98.5),(26,0,2,3,85.5,88,99,100.5),(27,0,2,3.25,87.5,89.5,100.5,102.5),(28,0,2,3.5,89,91.5,102.5,104.5),(29,0,2,3.75,90.5,93,104.5,106),(30,0,2,4,92.5,94.5,106.5,108.5),(31,0,2,4.25,94,96,108.5,110.5),(32,0,2,4.5,95.5,98,110.5,112.5),(33,0,2,4.75,97.5,99.5,112.5,114),(34,0,2,5,99,101,114,116),(35,1,1,5,100,102,115,117.5),(36,1,1,6,105.5,107.5,121.5,123.5),(37,1,1,7,110.5,113,127.5,130),(38,1,1,8,114.5,117.5,133.5,136),(39,1,1,9,119,122,138,141),(40,1,1,10,123.5,126.5,143.5,145.5),(41,1,1,11,127.5,130.5,149.5,153),(42,1,1,12,131.5,135,157,161),(43,1,1,13,135,139,162,166),(44,1,1,14,143,147.5,170,173),(45,1,1,15,149.5,153.5,173,176.5),(46,1,1,16,155,158.5,176,178.5),(47,1,1,17,157.5,160.5,177,179.5),(48,1,1,18,158.5,161.5,177.5,180),(49,1,2,5,99,101,114,116),(50,1,2,6,105,107.5,120.5,123),(51,1,2,7,109.5,112.5,126.5,129),(52,1,2,8,114.5,117,132.5,135),(53,1,2,9,119,122,139,142),(54,1,2,10,124,127,146,149.5),(55,1,2,11,129.5,133,152.5,155.5),(56,1,2,12,135.5,138.5,157,159.5),(57,1,2,13,140.5,143.5,160,162.5),(58,1,2,14,144.5,147,162,164.5),(59,1,2,15,146,148,163.5,166),(60,1,2,16,146.5,149,164,166.5),(61,1,2,17,147,149,164,166.5),(62,1,2,18,147,149.5,164,166.5);

--
-- Table structure for table `health_age_weight`
--

CREATE TABLE `health_age_weight` (
  `id` int(11) NOT NULL AUTO_INCREMENT,
  `type` tinyint(4) NOT NULL DEFAULT 1,
  `sex` tinyint(4) NOT NULL DEFAULT 2,
  `age` double NOT NULL,
  `weight_1` double NOT NULL,
  `weight_2` double NOT NULL,
  `weight_3` double NOT NULL,
  `weight_4` double NOT NULL,
  PRIMARY KEY (`id`)
) ENGINE=MyISAM AUTO_INCREMENT=63 DEFAULT CHARSET=utf8 COLLATE=utf8_general_ci;

--
-- Dumping data for table `health_age_weight`
--

INSERT INTO `health_age_weight` VALUES (1,0,1,1,7.8,8.3,11.5,11.5),(2,0,1,1.25,8.5,9,12,12.5),(3,0,1,1.5,8.9,9.4,12.9,13.5),(4,0,1,1.75,9.4,10,13.7,14.4),(5,0,1,2,9.8,10.5,14.5,15.2),(6,0,1,2.25,10.2,11,15,15.8),(7,0,1,2.5,10.6,11.4,15.8,16.7),(8,0,1,2.75,11,11.8,16.6,17.4),(9,0,1,3,11.4,12.2,17.3,18.2),(10,0,1,3.25,11.7,12.6,18,19),(11,0,1,3.5,12,12.8,18.7,19.8),(12,0,1,3.75,12.4,13.3,19.3,20.6),(13,0,1,4,12.7,13.6,20,21.3),(14,0,1,4.25,13.2,13.9,20.7,22),(15,0,1,4.5,13.4,14.3,21.3,22.7),(16,0,1,4.75,13.8,14.6,21.9,23.7),(17,0,1,5,14,15,23,24),(18,0,2,1,7.3,7.7,10.5,11),(19,0,2,1.25,7.8,8.3,11.3,11.9),(20,0,2,1.5,8.3,8.8,12,12.8),(21,0,2,1.75,8.8,9.3,12.9,13.6),(22,0,2,2,9,9.8,13.6,14.4),(23,0,2,2.25,9.5,10.2,14.4,15.2),(24,0,2,2.5,9.8,10.7,15.2,15.9),(25,0,2,2.75,10.3,11.2,15.9,16.9),(26,0,2,3,10.7,11.5,16.6,17.4),(27,0,2,3.25,11.2,11.9,17.3,18.2),(28,0,2,3.5,11.5,12.3,17.9,18.9),(29,0,2,3.75,11.8,12.7,18.5,19.7),(30,0,2,4,12.2,13,19.3,20.5),(31,0,2,4.25,12.4,13.4,19.7,21),(32,0,2,4.5,12.8,13.7,20.3,21.7),(33,0,2,4.75,13,13.9,20.9,22.3),(34,0,2,5,13.5,14,22,23.5),(35,1,1,5,14,15,23,24),(36,1,1,6,15.5,16.5,25.5,27),(37,1,1,7,17,18.5,28.5,31),(38,1,1,8,18.5,20,32,35),(39,1,1,9,20,21.5,36,39.5),(40,1,1,10,21.5,23.5,40.5,44.5),(41,1,1,11,23,25.5,45,49.5),(42,1,1,12,25.5,28,50,54.5),(43,1,1,13,28,31.5,54.5,58.5),(44,1,1,14,32,35.5,58.5,63.5),(45,1,1,15,36.5,40,62,65.5),(46,1,1,16,40.5,44,64,67.5),(47,1,1,17,43,46,66,69),(48,1,1,18,45,48,67,70),(49,1,2,5,13.5,14,22,23.5),(50,1,2,6,15,16,24.5,26.5),(51,1,2,7,16.5,17.5,28.5,31),(52,1,2,8,17.5,19,32.5,35.5),(53,1,2,9,19.5,21,37.5,41),(54,1,2,10,21.5,23.5,42,46),(55,1,2,11,23.5,26,46.5,50.5),(56,1,2,12,26.5,29,50,54),(57,1,2,13,29.5,33,53,55.5),(58,1,2,14,33.5,36.5,55,58.5),(59,1,2,15,36.5,38.5,56.5,59.5),(60,1,2,16,37.5,40,57,60),(61,1,2,17,38,41,57.5,60.5),(62,1,2,18,38.5,41,57.5,60.5);

--
-- Table structure for table `health_base`
--

CREATE TABLE `health_base` (
  `base_id` int(5) NOT NULL AUTO_INCREMENT,
  `study_year` int(5) NOT NULL,
  `term` int(3) NOT NULL,
  `status` int(2) NOT NULL,
  PRIMARY KEY (`base_id`)
) ENGINE=MyISAM AUTO_INCREMENT=12 DEFAULT CHARSET=utf8 COLLATE=utf8_general_ci;

--
-- Dumping data for table `health_base`
--

INSERT INTO `health_base` VALUES (2,2559,1,0),(3,2560,1,0),(4,2560,2,0),(5,2561,1,0),(6,2561,2,0),(7,2562,1,0),(8,2562,2,0),(11,2565,1,1),(10,2564,1,0);

--
-- Table structure for table `health_checking`
--

CREATE TABLE `health_checking` (
  `check_id` int(11) NOT NULL AUTO_INCREMENT,
  `student_id` int(11) NOT NULL,
  `student_number` varchar(13) NOT NULL,
  `year_std` varchar(5) NOT NULL,
  `term_std` varchar(3) NOT NULL,
  `class_now` tinyint(4) NOT NULL,
  `room` tinyint(4) NOT NULL,
  `number_check` int(5) NOT NULL,
  `gum` varchar(100) NOT NULL,
  `iodine` varchar(100) NOT NULL,
  `tooth` varchar(100) NOT NULL,
  `weight` varchar(10) NOT NULL,
  `tall` varchar(10) NOT NULL,
  `comment` text NOT NULL,
  `day` datetime NOT NULL,
  `usenull` text DEFAULT NULL,
  `life` varchar(10) NOT NULL,
  `push` varchar(10) NOT NULL,
  `sit` varchar(10) NOT NULL,
  `roll` varchar(10) NOT NULL,
  `run` varchar(10) NOT NULL,
  `person_check` varchar(255) NOT NULL,
  PRIMARY KEY (`check_id`)
) ENGINE=MyISAM AUTO_INCREMENT=107 DEFAULT CHARSET=utf8 COLLATE=utf8_general_ci;

--
-- Dumping data for table `health_checking`
--

INSERT INTO `health_checking` VALUES (34,1770,'7','2562','2',8,0,1,'ไม่มี','ปกติ','ไม่ผุ','51','142','','2563-01-25 02:07:58','','','','','','','3740300046993'),(2,1752,'1','2562','2',9,0,1,'ไม่มี','ปกติ','ไม่ผุ','49','158','','2562-11-04 11:44:50','','','','','','','3740300046993'),(3,1753,'2','2562','2',9,0,1,'ไม่มี','ปกติ','ไม่ผุ','41','151','','2562-11-04 11:45:00','','','','','','','3740300046993'),(4,1754,'3','2562','2',9,0,1,'ไม่มี','ปกติ','ไม่ผุ','46','142','','2562-11-04 11:45:10','','','','','','','3740300046993'),(5,1755,'4','2562','2',9,0,1,'ไม่มี','ปกติ','ไม่ผุ','30','142','','2562-11-04 11:45:23','','','','','','','3740300046993'),(6,1756,'5','2562','2',9,0,1,'ไม่มี','ปกติ','ไม่ผุ','43','151','','2562-11-04 11:45:32','','','','','','','3740300046993'),(7,1757,'6','2562','2',9,0,1,'ไม่มี','ปกติ','ไม่ผุ','44','157','','2562-11-04 11:46:03','','','','','','','3740300046993'),(8,1758,'7','2562','2',9,0,1,'ไม่มี','ปกติ','ไม่ผุ','46','140','','2562-11-04 11:46:17','','','','','','','3740300046993'),(9,1759,'8','2562','2',9,0,1,'ไม่มี','ปกติ','ไม่ผุ','29','142','','2562-11-04 11:46:30','','','','','','','3740300046993'),(10,1760,'9','2562','2',9,0,1,'ไม่มี','ปกติ','ไม่ผุ','50','150','','2562-11-04 11:46:42','','','','','','','3740300046993'),(11,1761,'10','2562','2',9,0,1,'ไม่มี','ปกติ','ไม่ผุ','27','139','','2562-11-04 11:47:01','','','','','','','3740300046993'),(12,1762,'11','2562','2',9,0,1,'ไม่มี','ปกติ','ไม่ผุ','39','149','','2562-11-04 11:47:25','','','','','','','3740300046993'),(53,1776,'10','2562','2',8,0,2,'ไม่มี','ปกติ','ไม่ผุ','80','157','','2563-02-05 09:39:29','','','','','','','3740300046993'),(33,1774,'7','2562','2',8,0,1,'ไม่มี','ปกติ','ไม่ผุ','44','145','','2563-01-25 02:07:27','','','','','','','3740300046993'),(44,1764,'1','2562','2',8,0,2,'ไม่มี','ปกติ','ไม่ผุ','67','157','','2563-02-05 09:24:08','','','','','','','3740300046993'),(31,1769,'6','2562','2',8,0,1,'ไม่มี','ปกติ','ไม่ผุ','52','148','','2563-01-25 02:15:13','','','','','','','3740300046993'),(46,1766,'3','2562','2',8,0,2,'ไม่มี','ปกติ','ไม่ผุ','33','144','','2563-02-05 09:24:30','','','','','','','3740300046993'),(45,1765,'2','2562','2',8,0,2,'ไม่มี','ปกติ','ไม่ผุ','36','139','','2563-02-05 09:24:19','','','','','','','3740300046993'),(28,1768,'5','2562','2',8,0,1,'ไม่มี','ปกติ','ไม่ผุ','46','144','','2563-01-25 02:07:00','','','','','','','3740300046993'),(27,1767,'4','2562','2',8,0,1,'ไม่มี','ปกติ','ไม่ผุ','43','144','','2563-01-25 02:06:44','','','','','','','3740300046993'),(26,1766,'3','2562','2',8,0,1,'ไม่มี','ปกติ','ไม่ผุ','43','146','','2563-01-25 02:06:26','','','','','','','3740300046993'),(25,1765,'2','2562','2',8,0,1,'ไม่มี','ปกติ','ไม่ผุ','44','151','','2563-01-25 02:06:15','','','','','','','3740300046993'),(24,1764,'1','2562','2',8,0,1,'ไม่มี','ปกติ','ไม่ผุ','67','153','','2563-01-25 02:06:03','','','','','','','3740300046993'),(52,1771,'8','2562','2',8,0,2,'ไม่มี','ปกติ','ไม่ผุ','50','155','','2563-02-05 09:26:16','','','','','','','3740300046993'),(37,1771,'8','2562','2',8,0,1,'ไม่มี','ปกติ','ไม่ผุ','55','144','','2563-01-25 02:08:12','','','','','','','3740300046993'),(51,1770,'7','2562','2',8,0,2,'ไม่มี','ปกติ','ไม่ผุ','38','140','','2563-02-05 09:25:50','','','','','','','3740300046993'),(50,1774,'7','2562','2',8,0,2,'ไม่มี','ปกติ','ไม่ผุ','35','144','','2563-02-05 09:25:37','','','','','','','3740300046993'),(49,1769,'6','2562','2',8,0,2,'ไม่มี','ปกติ','ไม่ผุ','51','140','','2563-02-05 09:25:03','','','','','','','3740300046993'),(48,1768,'5','2562','2',8,0,2,'ไม่มี','ปกติ','ไม่ผุ','28','135','','2563-02-05 09:24:53','','','','','','','3740300046993'),(47,1767,'4','2562','2',8,0,2,'ไม่มี','ปกติ','ไม่ผุ','30','136','','2563-02-05 09:24:42','','','','','','','3740300046993'),(43,1776,'10','2562','2',8,0,1,'ไม่มี','ปกติ','ไม่ผุ','70','146','','2563-01-25 02:08:32','','','','','','','3740300046993'),(54,1752,'1','2562','2',9,0,2,'ไม่มี','ปกติ','ไม่ผุ','30','139','','2563-02-05 09:27:41','','','','','','','3740300046993'),(55,1753,'2','2562','2',9,0,2,'ไม่มี','ปกติ','ไม่ผุ','45','154','','2563-02-05 09:27:53','','','','','','','3740300046993'),(56,1754,'3','2562','2',9,0,2,'ไม่มี','ปกติ','ไม่ผุ','49','147','','2563-02-05 09:28:03','','','','','','','3740300046993'),(57,1755,'4','2562','2',9,0,2,'ไม่มี','ปกติ','ไม่ผุ','33','145','','2563-02-05 09:28:14','','','','','','','3740300046993'),(58,1756,'5','2562','2',9,0,2,'ไม่มี','ปกติ','ไม่ผุ','43','153','','2563-02-05 09:28:26','','','','','','','3740300046993'),(59,1757,'6','2562','2',9,0,2,'ไม่มี','ปกติ','ไม่ผุ','46','161','','2563-02-05 09:28:42','','','','','','','3740300046993'),(60,1758,'7','2562','2',9,0,2,'ไม่มี','ปกติ','ไม่ผุ','47','144','','2563-02-05 09:28:55','','','','','','','3740300046993'),(61,1759,'8','2562','2',9,0,2,'ไม่มี','ปกติ','ไม่ผุ','28','144','','2563-02-05 09:29:06','','','','','','','3740300046993'),(62,1760,'9','2562','2',9,0,2,'ไม่มี','ปกติ','ไม่ผุ','49','150','','2563-02-05 09:29:17','','','','','','','3740300046993'),(63,1761,'10','2562','2',9,0,2,'ไม่มี','ปกติ','ไม่ผุ','30','140','','2563-02-05 09:29:27','','','','','','','3740300046993'),(64,1762,'11','2562','2',9,0,2,'ไม่มี','ปกติ','ไม่ผุ','40','151','','2563-02-05 09:29:37','','','','','','','3740300046993'),(65,1764,'1','2563','1',9,0,1,'ไม่มี','ปกติ','ไม่ผุ','73','160','','2563-07-09 08:44:28','','','','','','','3740300046993'),(66,1765,'2','2563','1',9,0,1,'ไม่มี','ปกติ','ไม่ผุ','36','140','','2563-07-09 08:44:46','','','','','','','3740300046993'),(67,1766,'3','2563','1',9,0,1,'ไม่มี','ปกติ','ไม่ผุ','33','147','','2563-07-09 08:44:57','','','','','','','3740300046993'),(68,1767,'4','2563','1',9,0,1,'ไม่มี','ปกติ','ไม่ผุ','33','136','','2563-07-09 08:45:07','','','','','','','3740300046993'),(69,1768,'5','2563','1',9,0,1,'ไม่มี','ปกติ','ไม่ผุ','31','136','','2563-07-09 08:45:17','','','','','','','3740300046993'),(70,1769,'6','2563','1',9,0,1,'ไม่มี','ปกติ','ไม่ผุ','54','145','','2563-07-09 08:45:27','','','','','','','3740300046993'),(71,1770,'7','2563','1',9,0,1,'ไม่มี','ปกติ','ไม่ผุ','40','142','','2563-07-09 08:45:38','','','','','','','3740300046993'),(72,1771,'8','2563','1',9,0,1,'ไม่มี','ปกติ','ไม่ผุ','57','162','','2563-07-09 08:45:51','','','','','','','3740300046993'),(73,1774,'9','2563','1',9,0,1,'ไม่มี','ปกติ','ไม่ผุ','40','147','','2563-07-09 08:46:00','','','','','','','3740300046993'),(74,1776,'10','2563','1',9,0,1,'ไม่มี','ปกติ','ไม่ผุ','88','160','','2563-07-09 08:46:14','','','','','','','3740300046993'),(75,1764,'1','2563','1',9,0,2,'ไม่มี','ปกติ','ไม่ผุ','78','163','','2563-11-04 02:01:25','','','','','','','3740300046993'),(76,1765,'2','2563','1',9,0,2,'ไม่มี','ปกติ','ไม่ผุ','40','144','','2563-11-04 02:01:33','','','','','','','3740300046993'),(77,1766,'3','2563','1',9,0,2,'ไม่มี','ปกติ','ไม่ผุ','33','150','','2563-11-04 02:01:42','','','','','','','3740300046993'),(78,1767,'4','2563','1',9,0,2,'ไม่มี','ปกติ','ไม่ผุ','34','139','','2563-11-04 02:01:51','','','','','','','3740300046993'),(79,1768,'5','2563','1',9,0,2,'ไม่มี','ปกติ','ไม่ผุ','29','139','','2563-11-04 02:02:01','','','','','','','3740300046993'),(80,1769,'6','2563','1',9,0,2,'ไม่มี','ปกติ','ไม่ผุ','59','147','','2563-11-04 02:02:10','','','','','','','3740300046993'),(81,1770,'7','2563','1',9,0,2,'ไม่มี','ปกติ','ไม่ผุ','46','146','','2563-11-04 02:02:23','','','','','','','3740300046993'),(82,1771,'8','2563','1',9,0,2,'ไม่มี','ปกติ','ไม่ผุ','59','165','','2563-11-04 02:02:34','','','','','','','3740300046993'),(83,1774,'9','2563','1',9,0,2,'ไม่มี','ปกติ','ไม่ผุ','41','146','','2563-11-04 02:02:44','','','','','','','3740300046993'),(84,1776,'10','2563','1',9,0,2,'ไม่มี','ปกติ','ไม่ผุ','87','161','','2563-11-04 02:02:53','','','','','','','3740300046993'),(85,1780,'1','2563','1',8,0,2,'ไม่มี','ปกติ','ไม่ผุ','36','145','','2563-11-04 02:09:33','','','','','','','3740300046993'),(86,1782,'2','2563','1',8,0,2,'ไม่มี','ปกติ','ไม่ผุ','26','132','','2563-11-04 02:09:42','','','','','','','3740300046993'),(87,1783,'3','2563','1',8,0,2,'ไม่มี','ปกติ','ไม่ผุ','51','148','','2563-11-04 02:09:51','','','','','','','3740300046993'),(88,1784,'4','2563','1',8,0,2,'ไม่มี','ปกติ','ไม่ผุ','29','138','','2563-11-04 02:10:04','','','','','','','3740300046993'),(89,1785,'5','2563','1',8,0,2,'ไม่มี','ปกติ','ไม่ผุ','24','137','','2563-11-04 02:10:14','','','','','','','3740300046993'),(90,1786,'6','2563','1',8,0,2,'ไม่มี','ปกติ','ไม่ผุ','37','152','','2563-11-04 02:10:25','','','','','','','3740300046993'),(91,1788,'8','2563','1',8,0,2,'ไม่มี','ปกติ','ไม่ผุ','26','134','','2563-11-04 02:10:53','','','','','','','3740300046993'),(92,1789,'9','2563','1',8,0,2,'ไม่มี','ปกติ','ไม่ผุ','34','139','','2563-11-04 02:11:09','','','','','','','3740300046993'),(93,1791,'10','2563','1',8,0,2,'ไม่มี','ปกติ','ไม่ผุ','43','145','','2563-11-04 02:11:21','','','','','','','3740300046993'),(94,1787,'7','2563','1',8,0,2,'ไม่มี','ปกติ','ไม่ผุ','43','145','','2563-11-04 02:11:53','','','','','','','3740300046993'),(95,1847,'11','2563','1',8,0,2,'ไม่มี','ปกติ','ไม่ผุ','38','143','','2563-11-04 02:12:07','','','','','','','3740300046993'),(96,1830,'1','2564','1',4,0,1,'ไม่มี','ปกติ','ไม่ผุ','19','119','','2564-07-28 10:31:43','','','','','','','3740300046993'),(97,1832,'2','2564','1',4,0,1,'ไม่มี','ปกติ','ไม่ผุ','16','110','','2564-07-28 10:31:57','','','','','','','3740300046993'),(98,1833,'3','2564','1',4,0,1,'ไม่มี','ปกติ','ไม่ผุ','20','119','','2564-07-28 10:32:07','','','','','','','3740300046993'),(99,1834,'4','2564','1',4,0,1,'ไม่มี','ปกติ','ไม่ผุ','15','113','','2564-07-28 10:32:19','','','','','','','3740300046993'),(100,1835,'5','2564','1',4,0,1,'ไม่มี','ปกติ','ไม่ผุ','37','129','','2564-07-28 10:32:36','','','','','','','3740300046993'),(101,1819,'1','2564','1',5,0,1,'ไม่มี','ปกติ','ไม่ผุ','19','123','','2564-07-28 10:33:23','','','','','','','3740300046993'),(102,1820,'2','2564','1',5,0,1,'ไม่มี','ปกติ','ไม่ผุ','16','120','','2564-07-28 10:33:32','','','','','','','3740300046993'),(103,1821,'3','2564','1',5,0,1,'ไม่มี','ปกติ','ไม่ผุ','20','123','','2564-07-28 10:33:42','','','','','','','3740300046993'),(104,1822,'4','2564','1',5,0,1,'ไม่มี','ปกติ','ไม่ผุ','30','136','','2564-07-28 10:33:51','','','','','','','3740300046993'),(105,1823,'5','2564','1',5,0,1,'ไม่มี','ปกติ','ไม่ผุ','16','115','','2564-07-28 10:34:01','','','','','','','3740300046993'),(106,1824,'6','2564','1',5,0,1,'ไม่มี','ปกติ','ไม่ผุ','15','114','','2564-07-28 10:34:10','','','','','','','3740300046993');

--
-- Table structure for table `health_personal`
--

CREATE TABLE `health_personal` (
  `per_id` int(11) NOT NULL AUTO_INCREMENT,
  `personal_code` varchar(13) NOT NULL,
  `per_position` int(3) NOT NULL,
  `per_status` int(3) NOT NULL,
  `person_room` int(3) NOT NULL,
  PRIMARY KEY (`per_id`)
) ENGINE=MyISAM AUTO_INCREMENT=18 DEFAULT CHARSET=utf8 COLLATE=utf8_general_ci;

--
-- Dumping data for table `health_personal`
--

INSERT INTO `health_personal` VALUES (6,'3740300046993',5,1,0),(5,'3740300046993',4,1,0),(7,'1342200068901',3,1,0),(9,'1342200068901',2,1,0),(12,'1349900462900',6,1,0),(13,'3350300199904',8,1,0),(17,'1349900462900',7,1,0),(16,'5340100033618',9,1,0);

--
-- Table structure for table `health_weight_height`
--

CREATE TABLE `health_weight_height` (
  `id` int(11) NOT NULL AUTO_INCREMENT,
  `type` tinyint(4) NOT NULL DEFAULT 0,
  `sex` tinyint(4) NOT NULL DEFAULT 1,
  `height` int(11) NOT NULL,
  `weight_1` double NOT NULL,
  `weight_2` double NOT NULL,
  `weight_3` double NOT NULL,
  `weight_4` double NOT NULL,
  `weight_5` double NOT NULL,
  PRIMARY KEY (`id`)
) ENGINE=MyISAM AUTO_INCREMENT=75 DEFAULT CHARSET=utf8 COLLATE=utf8_general_ci;

--
-- Dumping data for table `health_weight_height`
--

INSERT INTO `health_weight_height` VALUES (1,0,1,50,2.5,3,3.8,4,4.5),(2,0,1,55,3.5,4,4.8,5,6),(3,0,1,60,4.5,5,6.3,6.5,7.5),(4,0,1,65,5.5,6,7.8,8,9),(5,0,1,70,7,7.5,9.3,9.5,10.5),(6,0,1,75,8,8.5,10.8,11,12),(7,0,1,80,9,9.5,12,12.5,13.5),(8,0,1,85,10,10.5,13.5,14,15.5),(9,0,1,90,11,11.5,15,15.5,17),(10,0,1,95,12,12.5,16.5,17,19),(11,0,1,100,13,14,18.5,19,21),(12,0,1,105,14,15,20,21,22.5),(13,0,1,110,15.5,16.5,22,23,25),(14,0,1,115,17,18,24,25,28),(15,0,1,120,18.5,19.5,26.5,28,31),(16,0,1,125,20.5,21.5,29.5,31,35),(17,0,1,130,22,23.5,33,35,39.5),(18,0,1,135,24,25.5,37,39,45),(19,0,1,140,26.5,28,41,44,50),(20,0,2,50,3,3.1,3.8,4,4.5),(21,0,2,55,3.5,4,4.8,5,6),(22,0,2,60,4.5,5,6.3,6.5,7),(23,0,2,65,5.5,6,7.8,8,8.5),(24,0,2,70,6.5,7.5,8.8,9,10),(25,0,2,75,7.5,8.5,10.8,10.5,11.5),(26,0,2,80,8.5,9,11.5,12.5,13),(27,0,2,85,9.5,10,13,13.5,14.5),(28,0,2,90,10.5,11.5,14.5,15.5,16.5),(29,0,2,95,11.5,13,16.5,17,18.5),(30,0,2,100,13,13.5,18,18.5,20.5),(31,0,2,110,15.5,16,22,23,25),(32,0,2,115,16.5,17.5,24,25,28),(33,0,2,120,18,19,27,28.5,31.5),(34,0,2,125,19.5,21.5,30,31.5,35.5),(35,0,2,130,21.5,23,34,36,41),(36,0,2,135,23.5,25,38,40.5,46),(37,0,2,140,25.5,27.5,42.5,45.5,55.5),(38,0,2,105,14,15,19.5,20.5,22.5),(39,1,1,90,11,11.5,15,16,17),(40,1,1,95,12,12.5,17,17.5,19),(41,1,1,100,13,14,18,19,21),(42,1,1,105,14.5,15,19.5,20.5,22.5),(43,1,1,110,16,16.6,21.5,22.5,24.5),(44,1,1,115,17,18,24,25,27.5),(45,1,1,120,19,19.5,26.5,28,30.5),(46,1,1,125,20,21,29,31,34),(47,1,1,130,22,23,33,35,39),(48,1,1,135,24.5,25.5,37,39.5,45),(49,1,1,140,26.5,28.5,41,44,50),(50,1,1,145,29,31,45,48,54.5),(51,1,1,150,32,34,49,52.5,58.5),(52,1,1,155,35,37,53,56.5,62.5),(53,1,1,160,38.5,41,57,60.5,66.5),(54,1,1,165,42.5,45,61.5,64.5,70),(55,1,1,170,46,48.5,65,68,74.5),(56,1,1,175,49.5,52.5,69,72,77),(57,1,1,180,53,56,72,75,80),(58,1,2,90,11,11.5,15,16,17),(59,1,2,95,12,12.5,16,17,18.5),(60,1,2,100,13,13.5,18,19,20.5),(61,1,2,105,14,15,19.5,20.5,22.5),(62,1,2,110,15.5,16,21.5,22.5,25),(63,1,2,115,17,17.5,24,25,27.5),(64,1,2,120,18.5,19,26.5,28,31),(65,1,2,125,20,21,30,32,36),(66,1,2,130,21.5,22.5,33.5,36,41),(67,1,2,135,23.5,25,38,41,46),(68,1,2,140,26,27.5,42.5,45.5,51.5),(69,1,2,145,29,31,47,50,56.5),(70,1,2,150,32.5,34.5,51.5,54.5,61),(71,1,2,155,36,38.5,55.5,58.5,65),(72,1,2,160,39.5,42,59,62,68),(73,1,2,165,43,45.5,62,65,70.5),(74,1,2,170,47,48.5,65.5,67.5,72.5);

--
-- Table structure for table `idplan_education`
--

CREATE TABLE `idplan_education` (
  `id` int(11) NOT NULL AUTO_INCREMENT,
  `person_id` varchar(15) DEFAULT NULL,
  `class` varchar(30) DEFAULT NULL,
  `initials` varchar(30) DEFAULT NULL,
  `subject_1` varchar(150) DEFAULT NULL,
  `subject` varchar(150) DEFAULT NULL,
  `institute` varchar(200) DEFAULT NULL,
  `province` varchar(50) DEFAULT NULL,
  `finish_year` varchar(10) DEFAULT NULL,
  PRIMARY KEY (`id`)
) ENGINE=MyISAM AUTO_INCREMENT=13 DEFAULT CHARSET=utf8 COLLATE=utf8_general_ci;

--
-- Dumping data for table `idplan_education`
--

INSERT INTO `idplan_education` VALUES (9,'3740300046993','ปริญญาตรี','กศ.บ.','-','สังคมศึกษา','มหาวิทยาลัยศรีนครินทรวิโรฒ  วิทยาเขต บางเขน','กรุงเทพฯ','2528'),(10,'1349900462900','ปริญญาตรี','ค.บ.','-','ภาษาอังกฤษ','มหาวิทยาลัยราชภัฏอุบลราชธานี','อุบลราชธานี','2558'),(11,'5340100033618','ศึกษาศาสตรมหาบัณฑิต','ศษ.ม.','','บริหารการศึกษา','มหาวิทยาลัยกรุงเทพธนบุรี','กรุงเทพมหานคร',''),(12,'3740300046993','ประกาศนียบัตรวิชาชีพครู  ชั้นส','ป.กศ.สูง','-','สังคมศึกษา','วิทยาลัยครูนครปฐม','นครปฐม','2526');

--
-- Table structure for table `idplan_list_setting`
--

CREATE TABLE `idplan_list_setting` (
  `id` int(11) NOT NULL AUTO_INCREMENT,
  `rating` int(5) DEFAULT NULL,
  `item_list` char(50) DEFAULT NULL,
  `permission` int(2) DEFAULT NULL,
  PRIMARY KEY (`id`)
) ENGINE=MyISAM AUTO_INCREMENT=12 DEFAULT CHARSET=utf8 COLLATE=utf8_general_ci;

--
-- Dumping data for table `idplan_list_setting`
--


--
-- Table structure for table `idplan_lookbook_1`
--

CREATE TABLE `idplan_lookbook_1` (
  `id` int(11) NOT NULL AUTO_INCREMENT,
  `person_id` varchar(15) DEFAULT NULL,
  `study_year` varchar(5) DEFAULT NULL,
  `term` varchar(2) DEFAULT NULL,
  `office` varchar(200) DEFAULT NULL,
  `school_name` varchar(250) DEFAULT NULL,
  `class` varchar(5) DEFAULT NULL,
  `subject_1` varchar(3) DEFAULT NULL,
  `subject_2` varchar(150) DEFAULT NULL,
  `house` int(3) DEFAULT NULL,
  PRIMARY KEY (`id`)
) ENGINE=MyISAM AUTO_INCREMENT=128 DEFAULT CHARSET=utf8 COLLATE=utf8_general_ci;

--
-- Dumping data for table `idplan_lookbook_1`
--

INSERT INTO `idplan_lookbook_1` VALUES (32,'3740300046993','2563','1','สพป.อบ.4','โรงเรียนบ้านเปือย','9','','แนะแนว',1),(33,'3740300046993','2563','1','สพป.อบ.4','โรงเรียนบ้านเปือย','9','','ลูกเสือ',1),(21,'3740300046993','2563','1','สพป.อบ.4','โรงเรียนบ้านเปือย','9','1','',4),(22,'3740300046993','2563','1','สพป.อบ.4','โรงเรียนบ้านเปือย','9','2','',4),(23,'3740300046993','2563','1','สพป.อบ.4','โรงเรียนบ้านเปือย','9','3','',3),(34,'3740300046993','2563','1','สพป.อบ.4','โรงเรียนบ้านเปือย','9','','กิจกรรมเพื่อสังคมและสาธารณประโยชน์',0),(25,'3740300046993','2563','1','สพป.อบ.4','โรงเรียนบ้านเปือย','9','7','',2),(26,'3740300046993','2563','1','สพป.อบ.4','โรงเรียนบ้านเปือย','9','6','',1),(27,'3740300046993','2563','1','สพป.อบ.4','โรงเรียนบ้านเปือย','9','5','',2),(28,'3740300046993','2563','1','สพป.อบ.4','โรงเรียนบ้านเปือย','9','4','',4),(35,'3740300046993','2563','1','สพป.อบ.4','โรงเรียนบ้านเปือย','9','8','อังกฤษเพื่อการสื่อสาร',2),(41,'5340100033618','2563','1','','โรงเรียนบ้านเปือย','4','2','คณิตศาตร์',5),(40,'5340100033618','2563','1','','โรงเรียนบ้านเปือย','4','1','ภาษาไทย',5),(42,'5340100033618','2563','1','','โรงเรียนบ้านเปือย','4','3','วิทยาศาสตร์',2),(43,'5340100033618','2563','1','','โรงเรียนบ้านเปือย','4','3','วิทยาการคำนวณ',1),(44,'5340100033618','2563','1','','โรงเรียนบ้านเปือย','4','4','สังคมศึกษา ศาสนา และวัฒนธรรม',2),(45,'5340100033618','2563','1','','โรงเรียนบ้านเปือย','4','4','ประวัติศาสตร์',1),(46,'5340100033618','2563','1','','โรงเรียนบ้านเปือย','4','5','สุขศึกษาพละศึกษา',1),(47,'5340100033618','2563','1','','โรงเรียนบ้านเปือย','4','6','ศิลปะ',1),(48,'5340100033618','2563','1','','โรงเรียนบ้านเปือย','4','7','การงานอาชีพฯ',1),(49,'5340100033618','2563','1','','โรงเรียนบ้านเปือย','4','8','ภาษาอังกฤษ',3),(50,'5340100033618','2563','1','','โรงเรียนบ้านเปือย','4','4','ป้องกันทุจริต',1),(51,'5340100033618','2563','1','','โรงเรียนบ้านเปือย','4','8','ภาษาอังกฤษเพื่อการสื่อสาร',2),(52,'5340100033618','2563','1','','โรงเรียนบ้านเปือย','5','1','ภาษาไทย',5),(53,'5340100033618','2563','1','','โรงเรียนบ้านเปือย','5','2','คณิตศาตร์',5),(54,'5340100033618','2563','1','','โรงเรียนบ้านเปือย','5','3','วิทยาศาสตร์',2),(55,'5340100033618','2563','1','','โรงเรียนบ้านเปือย','5','3','วิทยาการคำนวณ',1),(56,'5340100033618','2563','1','','โรงเรียนบ้านเปือย','5','4','สังคมศึกษา ศาสนา และวัฒนธรรม',2),(57,'5340100033618','2563','1','','โรงเรียนบ้านเปือย','5','4','ประวัติศาสตร์',1),(58,'5340100033618','2563','1','','โรงเรียนบ้านเปือย','5','5','สุขศึกษาพละศึกษา',1),(59,'5340100033618','2563','1','','โรงเรียนบ้านเปือย','5','6','ศิลปะ',1),(60,'5340100033618','2563','1','','โรงเรียนบ้านเปือย','5','7','การงานอาชีพฯ',1),(61,'5340100033618','2563','1','','โรงเรียนบ้านเปือย','5','8','ภาษาอังกฤษ',3),(62,'5340100033618','2563','1','','โรงเรียนบ้านเปือย','5','4','ป้องกันทุจริต',1),(63,'5340100033618','2563','1','','โรงเรียนบ้านเปือย','5','8','ภาษาอังกฤษเพื่อการสื่อสาร',2),(67,'3740300046993','2563','1','สพป.อบ.4','โรงเรียนบ้านเปือย','8','1','',4),(68,'3740300046993','2563','1','สพป.อบ.4','โรงเรียนบ้านเปือย','8','2','',4),(69,'3740300046993','2563','1','สพป.อบ.4','โรงเรียนบ้านเปือย','8','3','',3),(70,'3740300046993','2563','1','สพป.อบ.4','โรงเรียนบ้านเปือย','8','4','',2),(71,'3740300046993','2563','1','สพป.อบ.4','โรงเรียนบ้านเปือย','8','4','',1),(72,'3740300046993','2563','1','สพป.อบ.4','โรงเรียนบ้านเปือย','8','5','',2),(73,'3740300046993','2563','1','สพป.อบ.4','โรงเรียนบ้านเปือย','8','6','',1),(74,'3740300046993','2563','1','สพป.อบ.4','โรงเรียนบ้านเปือย','8','7','',1),(75,'3740300046993','2563','1','สพป.อบ.4','โรงเรียนบ้านเปือย','8','8','',3),(76,'3740300046993','2563','1','สพป.อบ.4','โรงเรียนบ้านเปือย','8','8','อังกฤษเพื่อการสื่อสาร',2),(77,'3740300046993','2563','1','สพป.อบ.4','โรงเรียนบ้านเปือย','8','4','การป้องกันการทุจริต',1),(79,'3740300046993','2563','1','สพป.อบ.4','โรงเรียนบ้านเปือย','8','','แนะแนว',1),(80,'3740300046993','2563','1','สพป.อบ.4','โรงเรียนบ้านเปือย','8','','ลูกเสือ',1),(82,'3740300046993','2563','1','สพป.อบ.4','โรงเรียนบ้านเปือย','8','','ชุมนุมส่งเสริมการเรียนรู้',1),(83,'3740300046993','2563','1','สพป.อบ.4','โรงเรียนบ้านเปือย','8','','กิจกรรมเพื่อสังคมและสาธารณประโยชน์',0),(84,'1349900462900','2563','1','','โรงเรียนบ้านเปือย','1','1','',0),(85,'1349900462900','2564','1','สพป.อบ.4','โรงเรียนบ้านเปือย','6','8','ทุกวิชา',30),(92,'3740300046993','2564','1','สพป.อบ.4','โรงเรียนบ้านเปือย','5','','แนะแนว',1),(89,'3740300046993','2564','1','สพป.อบ.4','โรงเรียนบ้านเปือย','5','','กิจกรรมเพื่อสังคมและสาธารณประโยชน์',0),(90,'3740300046993','2564','1','สพป.อบ.4','โรงเรียนบ้านเปือย','5','','ลูกเสือ',1),(93,'3740300046993','2564','1','สพป.อบ.4','โรงเรียนบ้านเปือย','5','','ชุมนุมส่งเสริมการเรียนรู้',1),(94,'3740300046993','2564','1','สพป.อบ.4','โรงเรียนบ้านเปือย','5','8','อังกฤษเพื่อการสื่อสาร',2),(95,'3740300046993','2564','1','สพป.อบ.4','โรงเรียนบ้านเปือย','5','4','การป้องกันการทุจริต',1),(96,'3740300046993','2564','1','สพป.อบ.4','โรงเรียนบ้านเปือย','5','8','ภาษาอังกฤษ',4),(97,'3740300046993','2564','1','สพป.อบ.4','โรงเรียนบ้านเปือย','5','7','การงาน',1),(98,'3740300046993','2564','1','สพป.อบ.4','โรงเรียนบ้านเปือย','5','6','ศิลปะ  ดนตรี  นาฏศิลป์',1),(99,'3740300046993','2564','1','สพป.อบ.4','โรงเรียนบ้านเปือย','5','5','สุขศึกษาและพลศึกษา',1),(100,'3740300046993','2564','1','สพป.อบ.4','โรงเรียนบ้านเปือย','5','4','ประวัติศาสตร์',1),(101,'3740300046993','2564','1','สพป.อบ.4','โรงเรียนบ้านเปือย','5','4','สังคม     หน้าที่พลเมือง',3),(102,'3740300046993','2564','1','สพป.อบ.4','โรงเรียนบ้านเปือย','5','3','วิทยาศาสตร์   เทคโนโลยี     การคำนวณ',4),(103,'3740300046993','2564','1','สพป.อบ.4','โรงเรียนบ้านเปือย','5','2','คณิตศาสตร์',6),(104,'3740300046993','2564','1','สพป.อบ.4','โรงเรียนบ้านเปือย','5','1','ภาษาไทย',6),(107,'3740300046993','2564','1','สพป.อบ.4','โรงเรียนบ้านเปือย','4','','กิจกรรมเพื่อสังคมและสาธารณประโยชน์',0),(108,'3740300046993','2564','1','สพป.อบ.4','โรงเรียนบ้านเปือย','4','','ลูกเสือ',1),(109,'3740300046993','2564','1','สพป.อบ.4','โรงเรียนบ้านเปือย','4','','แนะแนว',1),(110,'3740300046993','2564','1','สพป.อบ.4','โรงเรียนบ้านเปือย','4','8','อังกฤษเพื่อการสื่อสาร',2),(111,'3740300046993','2564','1','สพป.อบ.4','โรงเรียนบ้านเปือย','4','4','การป้องกันการทุจริต',1),(112,'3740300046993','2564','1','สพป.อบ.4','โรงเรียนบ้านเปือย','4','8','ภาษาอังกฤษ',4),(113,'3740300046993','2564','1','สพป.อบ.4','โรงเรียนบ้านเปือย','4','7','การงาน อาชีพ',1),(114,'3740300046993','2564','1','สพป.อบ.4','โรงเรียนบ้านเปือย','4','6','ศิลปะ  ดนตรี นาฏศิลป์',1),(115,'3740300046993','2564','1','สพป.อบ.4','โรงเรียนบ้านเปือย','4','5','สุขศึกษาและพลศึกษา',1),(116,'3740300046993','2564','1','สพป.อบ.4','โรงเรียนบ้านเปือย','4','4','สังคม     หน้าที่พลเมือง',3),(117,'3740300046993','2564','1','สพป.อบ.4','โรงเรียนบ้านเปือย','4','4','ประวัติศาสตร์',1),(118,'3740300046993','2564','1','สพป.อบ.4','โรงเรียนบ้านเปือย','4','3','วิทยาศาสตร์   เทคโนโลยี     การคำนวณ',4),(119,'3740300046993','2564','1','สพป.อบ.4','โรงเรียนบ้านเปือย','4','2','คณิตศาสตร์',6),(120,'3740300046993','2564','1','สพป.อบ.4','โรงเรียนบ้านเปือย','4','1','ภาษาไทย',6),(121,'1349900462900','2565','1','','โรงเรียนบ้านเปือย','6','8','ทุกรายวิชา',30),(122,'1349900462900','2566','1','','โรงเรียนบ้านเปือย','','8','ทุกวิชา',30),(127,'1349900462900','2567','1','สพป.อบ4','โรงเรียนบ้านเปือย','6','1','ทุกวิชา',30),(125,'1349900462900','','2','','โรงเรียนบ้านเปือย','5','8','ทุกวิชา',30);

--
-- Table structure for table `idplan_lookbook_2`
--

CREATE TABLE `idplan_lookbook_2` (
  `id` int(11) NOT NULL AUTO_INCREMENT,
  `person_id` varchar(15) DEFAULT NULL,
  `year` varchar(5) DEFAULT NULL,
  `term` varchar(1) DEFAULT NULL,
  `week` varchar(3) DEFAULT NULL,
  `start_date` date DEFAULT NULL,
  `end_date` date DEFAULT NULL,
  `group_vicha_id` varchar(2) DEFAULT NULL,
  `vicha_name` varchar(200) DEFAULT NULL,
  `vicha_code` varchar(10) DEFAULT NULL,
  `vitaya` varchar(2) DEFAULT NULL,
  `hour_term` varchar(5) DEFAULT NULL,
  `time` varchar(5) DEFAULT NULL,
  `time_unit` varchar(25) DEFAULT NULL,
  `learn_type` varchar(2) DEFAULT NULL,
  `garantee` varchar(2) DEFAULT NULL,
  PRIMARY KEY (`id`)
) ENGINE=MyISAM AUTO_INCREMENT=23 DEFAULT CHARSET=utf8 COLLATE=utf8_general_ci;

--
-- Dumping data for table `idplan_lookbook_2`
--

INSERT INTO `idplan_lookbook_2` VALUES (20,'3740300046993','2563','1','1-4','2020-07-01','2021-04-09','','ภาษาไทย','ท16101','เล','160','40','1','1','เล'),(21,'3740300046993','2564','1','1-2','2021-06-14','2021-10-08','','ทุกวิชา  ระดับประถมสึกษา','ทุกวิชา  ร','1','30','40','2','1','1'),(22,'3740300046993','2564','1','1-2','2021-06-14','2021-10-08','','ทุกวิชา  ระดับประถมสึกษา','ทุกวิชา  ร','1','160','160','2','1','1');

--
-- Table structure for table `idplan_lookbook_3`
--

CREATE TABLE `idplan_lookbook_3` (
  `id` int(11) NOT NULL AUTO_INCREMENT,
  `person_id` varchar(15) DEFAULT NULL,
  `year` varchar(5) DEFAULT NULL,
  `term` varchar(1) DEFAULT NULL,
  `week` varchar(3) DEFAULT NULL,
  `start_date` date DEFAULT NULL,
  `end_date` date DEFAULT NULL,
  `vicha_support` varchar(200) DEFAULT NULL,
  `hour_week` varchar(5) DEFAULT NULL,
  `garantee` varchar(2) DEFAULT NULL,
  PRIMARY KEY (`id`)
) ENGINE=MyISAM AUTO_INCREMENT=26 DEFAULT CHARSET=utf8 COLLATE=utf8_general_ci;

--
-- Dumping data for table `idplan_lookbook_3`
--

INSERT INTO `idplan_lookbook_3` VALUES (22,'3740300046993','2563','1','1-4','2020-07-01','2021-04-09','วิชาการโรงเรียน','30','1'),(23,'3740300046993','2563','1','1-4','2020-07-01','2021-04-09','นายทะเบียนโรงเรียน','30','1'),(24,'3740300046993','2564','1','1-2','2021-06-14','2021-10-08','นายทะเบียนโรงเรียน','100','1'),(25,'3740300046993','2564','1','1-2','2021-06-14','2021-10-08','วิชาการโรงเรียน','100','1');

--
-- Table structure for table `idplan_lookbook_4`
--

CREATE TABLE `idplan_lookbook_4` (
  `id` int(11) NOT NULL AUTO_INCREMENT,
  `person_id` varchar(15) DEFAULT NULL,
  `year` varchar(5) DEFAULT NULL,
  `term` varchar(1) DEFAULT NULL,
  `week` varchar(3) DEFAULT NULL,
  `start_date` date DEFAULT NULL,
  `end_date` date DEFAULT NULL,
  `policy` varchar(255) DEFAULT NULL,
  `hour_week` varchar(5) DEFAULT NULL,
  `garantee` varchar(2) DEFAULT NULL,
  PRIMARY KEY (`id`)
) ENGINE=MyISAM AUTO_INCREMENT=31 DEFAULT CHARSET=utf8 COLLATE=utf8_general_ci;

--
-- Dumping data for table `idplan_lookbook_4`
--

INSERT INTO `idplan_lookbook_4` VALUES (24,'3740300046993','2563','1','1-2','2020-07-01','2020-07-10','จัดทำหลักสูตรสถานศึกษา ปีการศึกษา 2563','10','1'),(25,'3740300046993','2563','2','1-4','2021-01-18','2021-01-18','ประชุมทางไกล ชี้แจงการดำเนินโครงการขับเคลื่อนการจัดการเรียนรู้วิทยาการคำนวณและ Coding','2','1'),(26,'3740300046993','2563','2','1-4','2020-12-25','2020-12-25','ประชุมทางไกล \"การชี้แจงนโยบายและซักซ้อมความเข้าใจในการเตรียมรับผลกระทบจาก โควิด-19','2','1'),(27,'3740300046993','2564','1','1-2','2021-06-14','2021-10-08','ประชุมทางไกล \"สพท วิถีใหม่นักเรียนอ่านออกเขียนได้ ปลอดภัยทุกคน\"  2 กค 2564','3','1'),(28,'3740300046993','2564','1','1-2','2021-06-14','2021-10-08','ประชุมทางไกล  \"การจัดการเรียนการสอน ในสถานการณ์โรคระบาด  27 กค 2564\"','3','1'),(29,'3740300046993','2564','1','10','2021-08-18','2021-08-18','นิเทศก์กาเรรียนการสอนในสถนการโรคระบาด','3','1'),(30,'3740300046993','2564','1','11','2021-08-26','2021-08-26','ประชุมการดำเนินการการเรียนรู้เพื่อยกระดับการเรียนรู้ของนักเรียนในสถานการณ์โรคระบาด','3','1');

--
-- Table structure for table `idplan_lookbook_5`
--

CREATE TABLE `idplan_lookbook_5` (
  `id` int(11) NOT NULL AUTO_INCREMENT,
  `person_id` varchar(15) DEFAULT NULL,
  `rec_date` date DEFAULT NULL,
  `develop_name` varchar(255) DEFAULT NULL,
  `develop_code` varchar(15) DEFAULT NULL,
  `knowledge` varchar(10) DEFAULT NULL,
  `skill` varchar(10) DEFAULT NULL,
  `teacher` varchar(10) DEFAULT NULL,
  `develop_hour` varchar(5) DEFAULT NULL,
  `develop_start_date` date DEFAULT NULL,
  `num_date` int(5) DEFAULT NULL,
  `development` varchar(10) DEFAULT NULL,
  `garantee` varchar(2) DEFAULT NULL,
  PRIMARY KEY (`id`)
) ENGINE=MyISAM AUTO_INCREMENT=6 DEFAULT CHARSET=utf8 COLLATE=utf8_general_ci;

--
-- Dumping data for table `idplan_lookbook_5`
--

INSERT INTO `idplan_lookbook_5` VALUES (4,'3740300046993','2020-05-07','การอบรมการเรียนการสอนทางไกล ในสถานการแพร่ระบาดของโรคติดเชื้อไวรัสโคโรนา2019','','1','1','1','3','2020-05-07',3,'1','1'),(5,'3740300046993','2020-05-09','อบรมออนไลน์การจัดการเรียนการรู้วิทยาการคำนวณสำหรับครูประถมศึกษาปีที่ 4-6','C4T-7','1','1','1','12','2020-05-09',5,'1','1');

--
-- Table structure for table `idplan_lookbook_6`
--

CREATE TABLE `idplan_lookbook_6` (
  `id` int(11) NOT NULL AUTO_INCREMENT,
  `person_id` varchar(15) DEFAULT NULL,
  `group_activities` varchar(255) DEFAULT NULL,
  `num_member` int(5) DEFAULT NULL,
  `activities_name` varchar(255) DEFAULT NULL,
  `round` varchar(3) DEFAULT NULL,
  `date_activities` date DEFAULT NULL,
  `term` varchar(2) DEFAULT NULL,
  `year` varchar(5) DEFAULT NULL,
  `num_hour` varchar(5) DEFAULT NULL,
  `r_character` varchar(3) DEFAULT NULL,
  `income_activities` varchar(5) DEFAULT NULL,
  `issues` varchar(255) DEFAULT NULL,
  `cause` varchar(255) DEFAULT NULL,
  `knowledge` varchar(255) DEFAULT NULL,
  `activities` varchar(255) DEFAULT NULL,
  `r_activities` varchar(255) DEFAULT NULL,
  `reapply` varchar(255) DEFAULT NULL,
  `other` varchar(255) DEFAULT NULL,
  `garantee` varchar(2) DEFAULT NULL,
  PRIMARY KEY (`id`)
) ENGINE=MyISAM AUTO_INCREMENT=16 DEFAULT CHARSET=utf8 COLLATE=utf8_general_ci;

--
-- Dumping data for table `idplan_lookbook_6`
--

INSERT INTO `idplan_lookbook_6` VALUES (6,'3740300046993','วิชาการ',7,'การสอบ โอเน็ต  ปีการศึกษา 2563','1','2020-07-02','1','2563','1','1','7','การเพิ่มผลสัมฤทธิ์','ผลสัมฤทธิืลดลงจากปีก่อน',' สพป.อบ.4  มีการตั้งเกณฑ์การเพิ่มผลสัมฤทธิ์','วิเคราะห์สาเหตุ   สอนเสริม','-  ระดับความรู้ของนักเรียน','ตั้งเกณฑ์เพิ่มผล  1%   คือ เพิ่มเป็น 33.00','','1'),(7,'3740300046993','ทั่วไป',7,'การเตรียมการรับเสด็จฯ ตามแผนเผชิญเหตุ','1','2020-08-21','1','2563','2','1','7','การเตรียมการ ความพร้อมด้านอาคาร สถานที่','เพื่อเหตุฉุกเฉิน','การจัดเตรียมสถานที่','การจัดเตรียมสถานที่','สถานที่มีความพร้อม','ความพร้อมในการต้อนรับ','','1'),(8,'3740300046993','ทั่วไป',7,'การเตรียมการรับเสด็จฯ ตามแผนเผชิญเหตุ','2','2020-08-25','1','2563','1','1','7','การเตรียมการ ความพร้อมด้านอาคาร สถานที่','เพื่อเหตุฉุกเฉิน  พร้อมต้อนรับ','การจัดเตรียมสถานที่','การจัดเตรียมสถานที่','สถานที่มีความพร้อม','จุดบกพร่องที่ต้องแก้ไขและดำเนินการให้ทันเวลา','','1'),(9,'3740300046993','ทั่วไป',7,'การเตรียมการรับเสด็จฯ ตามแผนเผชิญเหตุ','3','2020-08-26','1','2563','1','1','7','สรุปผลการดำเนินการ แก้ไขจุดบกพร่องนั้นๆ','เพื่อเหตุฉุกเฉิน  พร้อมต้อนรับ','การจัดเตรียมสถานที่','วิเคราะห์สาเหตุ   ','สถานที่มีความพร้อม','แก้ไขจุดบกพร่องที่ต้องแก้ไขและดำเนินการให้ทันเวลา','','1'),(10,'3740300046993','วิชาการ',5,'การจัดครูสอนทดแทนครูลาคลอด','1','2020-08-11','1','2563','1','4','5','จัดครูสอนชั้นอนุบาล','ครูประจำชั้นอนุบาล  ลาคลอด','หาครูสอนแทน','ปรึกษา','ให้ครูสตรี ไปสอนแทน','ครูกชพรรณ  ผาลา   จากสอน ป5 ไปสอนอนุบาลแทน','','1'),(11,'3740300046993','ทั่วไป',6,'การเตรียมการรับเสด็จฯ ตามแผนเผชิญเหตุ','4','2020-08-28','1','2563','1','1','6','สรุปผลการดำเนินการ ','-','ผลการดำเนินการจัดเตรียม อาคารสถานที่และอื่นๆในการต้อนรับ','วิเคราะห์ผลการดำเนินการ','โรงเรียนต้องใช้งบประมาณจำนวนมาก','การวางแผนการเตรียมการ','ของบเพิ่มจากหน่วยเหนือ','1'),(12,'3740300046993','ทั่วไป',5,'ประชุมครู','','2020-10-07','1','2563','2','1','5','การดำเนินงานต่างๆของโรงเรียน','','การดำเนินการเขตก้าวหน้า','ดำเนินการตามแผนเขตก้าวหน้า','มีความก้าวหน้า ด้านวิชาการและอื่นๆ','การวางแผนการเตรียมการ','','1'),(13,'3740300046993','วิชาการ',6,'การจัดการเรียนการสอนในสถานการณ์โรคระบาด','1','2021-07-05','1','2564','2','1','6','การจัดการเรียนการสอน  on hand & on air','เกิดการระบาดของโรคระบาด  โควิด 19','การจัดกิจกรรมการเรียนการสอน','แบบฝึกหัดและใบงาน','นักเรียนได้เรียนรู้ในขณะเกิดโรคระบาด','นักเรียนมีความรู้และเกิดทักษะ','ขอความร่วมมือจากผู้ปกครอง','1'),(14,'3740300046993','วิชาการ',5,'การจัดการเรียนการสอนในสถานการณ์โรคระบาด','2','2021-07-20','1','2564','2','1','5','สรุปผลการดำเนินการ และการระบาดโรคที่รุนแรง','ผลการดำเนินการ และการระบาดโรคที่รุนแรง','การจัดกิจกรรมการเรียนการสอน','สรุปผล     ','นักเรียนได้เรียนรู้ในขณะเกิดโรคระบาด   ใบงาน','การวางแผนการเตรียมการ','นักเรียนไม่มีสมาธิต่อการเรียน  ','1'),(15,'3740300046993','ทั่วไป',102,'การจัดการเรียนการสอนในสถานการณ์โรคระบาด  ออนไลน์','1','2021-07-27','1','2564','3','2','61','การจัดการเรียนการสอนในสถานการณ์โรคระบาด','เกิดการระบาดของโรคระบาด  โควิด 19','การจัดกิจกรรมการเรียนการสอน','วิเคราะห์ผลการดำเนินการ','นักเรียนได้เรียนรู้ในขณะเกิดโรคระบาด',' ติดต่อสื่อสารและขอความร่วมกับผู้ปกครองมากขึ้น','ขอความร่วมมือจากผู้ปกครอง','1');

--
-- Table structure for table `idplan_lookbook_group_subject`
--

CREATE TABLE `idplan_lookbook_group_subject` (
  `id` int(11) NOT NULL AUTO_INCREMENT,
  `g_subject` varchar(255) DEFAULT NULL,
  PRIMARY KEY (`id`)
) ENGINE=MyISAM AUTO_INCREMENT=21 DEFAULT CHARSET=utf8 COLLATE=utf8_general_ci;

--
-- Dumping data for table `idplan_lookbook_group_subject`
--


--
-- Table structure for table `idplan_management_crown`
--

CREATE TABLE `idplan_management_crown` (
  `id` int(11) NOT NULL AUTO_INCREMENT,
  `crown_name_th` char(100) DEFAULT NULL,
  `crown_shot_name` char(10) DEFAULT NULL,
  `crown_name_en` char(150) DEFAULT NULL,
  PRIMARY KEY (`id`)
) ENGINE=MyISAM AUTO_INCREMENT=37 DEFAULT CHARSET=utf8 COLLATE=utf8_general_ci;

--
-- Dumping data for table `idplan_management_crown`
--


--
-- Table structure for table `idplan_management_crown_year`
--

CREATE TABLE `idplan_management_crown_year` (
  `id` int(11) NOT NULL AUTO_INCREMENT,
  `person_id` varchar(15) DEFAULT NULL,
  `crown_id` varchar(3) DEFAULT NULL,
  `crown_year` varchar(7) DEFAULT NULL,
  PRIMARY KEY (`id`)
) ENGINE=MyISAM AUTO_INCREMENT=9 DEFAULT CHARSET=utf8 COLLATE=utf8_general_ci;

--
-- Dumping data for table `idplan_management_crown_year`
--

INSERT INTO `idplan_management_crown_year` VALUES (5,'3740300046993','','2550'),(6,'3740300046993','','2563');

--
-- Table structure for table `idplan_management_family`
--

CREATE TABLE `idplan_management_family` (
  `id` int(11) NOT NULL AUTO_INCREMENT,
  `person_id` varchar(15) DEFAULT NULL,
  `family_prename` varchar(20) DEFAULT NULL,
  `family_name` varchar(100) DEFAULT NULL,
  `family_surname` varchar(150) DEFAULT NULL,
  `birth_date` date DEFAULT NULL,
  `family_type` varchar(5) DEFAULT NULL,
  PRIMARY KEY (`id`)
) ENGINE=MyISAM AUTO_INCREMENT=21 DEFAULT CHARSET=utf8 COLLATE=utf8_general_ci;

--
-- Dumping data for table `idplan_management_family`
--

INSERT INTO `idplan_management_family` VALUES (9,'3740300046993','นาย','แสวง','มรรคเจริญ','0000-00-00','1'),(10,'3740300046993','นาง','ลิ้นจี่','มรรคเจริญ','0000-00-00','2'),(11,'3740300046993','นาย','อภิวัฒน์','มรรคเจริญ','1991-08-25','3'),(12,'3740300046993','นาย','พัฒนชัย','มรรคเจริญ','1995-02-18','3'),(13,'1349900462900','นาย','จินดา','ศรีรวัฒน์','1963-10-31','1'),(14,'5340100033618','นาย','แปลง','บุญโสภา','0000-00-00','1'),(15,'5340100033618','นาง','บานเย็น','บุญโสภา','0000-00-00','2'),(16,'5340100033618','เด็กหญิง','ณัฏฐณิชา','บุญโสภา','2012-11-22','4'),(17,'5340100033618','เด็กชาย','คุณากร','บุญโสภา','2017-06-22','3'),(18,'1349900462900','นาง','นันทิยา','ศรีรวัฒน์','2507-11-04','2'),(19,'1349900462900','เด็กหญิง','ขวัญชีวา','พื้นอินทร์','2563-09-13','4'),(20,'1349900462900','เด็กหญิง','ขวัญชนก','พื้นอินทร์','2565-01-28','4');

--
-- Table structure for table `idplan_management_marry`
--

CREATE TABLE `idplan_management_marry` (
  `person_id` varchar(15) NOT NULL,
  `m_type` varchar(5) DEFAULT NULL,
  `m_prename` varchar(10) DEFAULT NULL,
  `m_name` varchar(50) DEFAULT NULL,
  `m_surname` varchar(150) DEFAULT NULL,
  PRIMARY KEY (`person_id`)
) ENGINE=MyISAM DEFAULT CHARSET=utf8 COLLATE=utf8_general_ci;

--
-- Dumping data for table `idplan_management_marry`
--

INSERT INTO `idplan_management_marry` VALUES ('3740300046993','2','นาง','ประภาพรรณ','มรรคเริญ'),('1349900462900','2','นาง','จีระนันท์','พื้นอินทร์'),('7777','2','','',''),('5340100033618','2','นาง','ไขแสง','บุญโสภา');

--
-- Table structure for table `idplan_management_member`
--

CREATE TABLE `idplan_management_member` (
  `id` int(11) NOT NULL AUTO_INCREMENT,
  `person_id` varchar(15) DEFAULT NULL,
  `member_name` varchar(255) DEFAULT NULL,
  `member_number` varchar(30) DEFAULT NULL,
  PRIMARY KEY (`id`)
) ENGINE=MyISAM AUTO_INCREMENT=10 DEFAULT CHARSET=utf8 COLLATE=utf8_general_ci;

--
-- Dumping data for table `idplan_management_member`
--

INSERT INTO `idplan_management_member` VALUES (5,'3740300046993','กบข.',''),(6,'3740300046993','ออมทรัพย์ครู','33938'),(7,'3740300046993','คุรุสภา','อบ33920'),(8,'3740300046993','ชพค','552862'),(9,'3740300046993','ชพส','258506');

--
-- Table structure for table `idplan_management_portfolio`
--

CREATE TABLE `idplan_management_portfolio` (
  `id` int(11) NOT NULL AUTO_INCREMENT,
  `person_id` varchar(15) DEFAULT NULL,
  `topic` varchar(200) DEFAULT NULL,
  `date` date DEFAULT NULL,
  `address` varchar(255) DEFAULT NULL,
  `pic_upload` varchar(50) DEFAULT NULL,
  PRIMARY KEY (`id`)
) ENGINE=MyISAM AUTO_INCREMENT=16 DEFAULT CHARSET=utf8 COLLATE=utf8_general_ci;

--
-- Dumping data for table `idplan_management_portfolio`
--


--
-- Table structure for table `idplan_management_vitaya`
--

CREATE TABLE `idplan_management_vitaya` (
  `id` int(11) NOT NULL AUTO_INCREMENT,
  `person_id` varchar(15) DEFAULT NULL,
  `vitaya_name` varchar(250) DEFAULT NULL,
  `vitaya_shot` varchar(50) DEFAULT NULL,
  `vitaya_date` date DEFAULT NULL,
  PRIMARY KEY (`id`)
) ENGINE=MyISAM AUTO_INCREMENT=13 DEFAULT CHARSET=utf8 COLLATE=utf8_general_ci;

--
-- Dumping data for table `idplan_management_vitaya`
--

INSERT INTO `idplan_management_vitaya` VALUES (8,'5340100033618','ชำนาญการ','','0000-00-00'),(12,'3740300046993','ชำนาญการพิเศษ','ค.ศ.3','2009-09-01'),(11,'3740300046993','ชำนาญการ','ค.ศ.2','2005-03-23');

--
-- Table structure for table `idplan_permission`
--

CREATE TABLE `idplan_permission` (
  `per_id` int(5) NOT NULL AUTO_INCREMENT,
  `person_id` char(15) DEFAULT NULL,
  `p1` int(2) DEFAULT NULL,
  `office` char(15) DEFAULT NULL,
  `rec_dat` date DEFAULT NULL,
  PRIMARY KEY (`per_id`)
) ENGINE=MyISAM AUTO_INCREMENT=36 DEFAULT CHARSET=utf8 COLLATE=utf8_general_ci;

--
-- Dumping data for table `idplan_permission`
--


--
-- Table structure for table `idplan_person_sch_profile`
--

CREATE TABLE `idplan_person_sch_profile` (
  `person_id` varchar(15) NOT NULL,
  `birth_date` date DEFAULT NULL,
  `f_date` date DEFAULT NULL,
  `vittaya` varchar(50) DEFAULT NULL,
  `work_old` int(3) DEFAULT NULL,
  `at_home` varchar(10) DEFAULT NULL,
  `moo` varchar(3) DEFAULT NULL,
  `tambun` varchar(50) DEFAULT NULL,
  `ampher` varchar(50) DEFAULT NULL,
  `province` varchar(70) DEFAULT NULL,
  `postcode` varchar(10) DEFAULT NULL,
  `home_phone` varchar(15) DEFAULT NULL,
  `mobile` varchar(15) DEFAULT NULL,
  `salary` int(10) DEFAULT NULL,
  `emoluments` int(10) DEFAULT NULL,
  `money_of_position` int(10) DEFAULT NULL,
  `m_type` varchar(5) DEFAULT NULL,
  `update_date` date DEFAULT NULL,
  PRIMARY KEY (`person_id`)
) ENGINE=MyISAM DEFAULT CHARSET=utf8 COLLATE=utf8_general_ci;

--
-- Dumping data for table `idplan_person_sch_profile`
--

INSERT INTO `idplan_person_sch_profile` VALUES ('7777','0000-00-00','0000-00-00','',0,'','','โนนกาเล็น','สำโรง','อุบลราชธานี','','','0810475758',0,0,0,'2','2020-07-02'),('3740300046993','2505-07-25','2532-06-16','ชำนาญการพิเศษ',30,'60/2','','เทศบาล  9','วารินชำราบ','อุบลราชธานี','','','0898441664',52940,5600,5600,'2','2021-07-29'),('3340500734447','0000-00-00','0000-00-00','',0,'','','','','','','','098-1948268',0,0,0,'','2019-09-29'),('3330900779456',NULL,NULL,NULL,NULL,NULL,NULL,NULL,NULL,NULL,NULL,NULL,NULL,NULL,NULL,NULL,NULL,NULL),('1349900462900','2535-02-04','2018-06-08','-',2,'259/433','9','โนนผึ้ง','วารินชำราบ','อุบลราชธานี','','','095-5931760',15000,0,0,'2','2021-02-15'),('1341500009828',NULL,NULL,NULL,NULL,NULL,NULL,NULL,NULL,NULL,NULL,NULL,NULL,NULL,NULL,NULL,NULL,NULL),('5340100033618','1983-05-24','2009-05-16','ชำนาญการ',11,'9/14','18','ขามใหญ่','เมือง','อุบลราชธานี','','','0857625958',30450,0,3500,'2','2020-10-22'),('1342200068901',NULL,NULL,NULL,NULL,NULL,NULL,NULL,NULL,NULL,NULL,NULL,NULL,NULL,NULL,NULL,NULL,NULL),('3490300100494',NULL,NULL,NULL,NULL,NULL,NULL,NULL,NULL,NULL,NULL,NULL,NULL,NULL,NULL,NULL,NULL,NULL);

--
-- Table structure for table `la_cancel`
--

CREATE TABLE `la_cancel` (
  `id` int(11) NOT NULL AUTO_INCREMENT,
  `person_id` varchar(13) NOT NULL,
  `la_type` tinyint(4) NOT NULL,
  `write_at` varchar(100) DEFAULT NULL,
  `permission_start` date NOT NULL,
  `permission_finish` date NOT NULL,
  `permission_total` int(11) NOT NULL,
  `because` varchar(200) NOT NULL,
  `cancel_la_start` date NOT NULL,
  `cancel_la_finish` date NOT NULL,
  `cancel_la_total` int(11) NOT NULL,
  `no_comment` int(11) NOT NULL DEFAULT 0,
  `grant_p_selected` varchar(13) DEFAULT NULL,
  `rec_date` datetime NOT NULL,
  `officer_comment` varchar(200) DEFAULT NULL,
  `officer_sign` varchar(13) DEFAULT NULL,
  `officer_date` datetime DEFAULT NULL,
  `group_comment` varchar(100) DEFAULT NULL,
  `group_sign` varchar(13) DEFAULT NULL,
  `group_date` datetime DEFAULT NULL,
  `comment_date` datetime DEFAULT NULL,
  `commander_grant` tinyint(4) DEFAULT NULL,
  `commander_comment` varchar(100) DEFAULT NULL,
  `commander_sign` varchar(13) DEFAULT NULL,
  `grant_date` datetime DEFAULT NULL,
  PRIMARY KEY (`id`)
) ENGINE=MyISAM DEFAULT CHARSET=utf8 COLLATE=utf8_general_ci;

--
-- Dumping data for table `la_cancel`
--


--
-- Table structure for table `la_collect`
--

CREATE TABLE `la_collect` (
  `id` int(11) NOT NULL AUTO_INCREMENT,
  `year` int(11) NOT NULL,
  `person_id` varchar(13) NOT NULL,
  `collect_day` tinyint(4) NOT NULL DEFAULT 0,
  `this_year_day` tinyint(4) NOT NULL DEFAULT 0,
  `officer` varchar(13) DEFAULT NULL,
  `rec_date` date DEFAULT NULL,
  PRIMARY KEY (`id`)
) ENGINE=MyISAM DEFAULT CHARSET=utf8 COLLATE=utf8_general_ci;

--
-- Dumping data for table `la_collect`
--


--
-- Table structure for table `la_main`
--

CREATE TABLE `la_main` (
  `id` int(11) NOT NULL AUTO_INCREMENT,
  `person_id` varchar(13) NOT NULL,
  `la_type` tinyint(4) NOT NULL,
  `write_at` varchar(100) DEFAULT NULL,
  `because` varchar(250) DEFAULT NULL,
  `la_start` date NOT NULL,
  `la_finish` date NOT NULL,
  `la_total` int(11) NOT NULL,
  `last_la_start` date DEFAULT NULL,
  `last_la_finish` date DEFAULT NULL,
  `last_la_total` int(11) DEFAULT NULL,
  `contact` varchar(150) DEFAULT NULL,
  `contact_tel` varchar(20) DEFAULT NULL,
  `document` varchar(100) DEFAULT NULL,
  `no_comment` tinyint(4) NOT NULL DEFAULT 0,
  `grant_p_selected` varchar(13) DEFAULT NULL,
  `sick_ago` int(11) DEFAULT NULL,
  `sick_this` int(11) DEFAULT NULL,
  `sick_total` int(11) DEFAULT NULL,
  `privacy_ago` int(11) DEFAULT NULL,
  `privacy_this` int(11) DEFAULT NULL,
  `privacy_total` int(11) DEFAULT NULL,
  `birth_ago` int(11) DEFAULT NULL,
  `birth_this` int(11) DEFAULT NULL,
  `birth_total` int(11) DEFAULT NULL,
  `relax_ago` int(11) DEFAULT NULL,
  `relax_this` int(11) DEFAULT NULL,
  `relax_total` int(11) DEFAULT NULL,
  `relax_collect` tinyint(4) DEFAULT NULL,
  `relax_this_year` tinyint(4) DEFAULT NULL,
  `job_person` varchar(13) DEFAULT NULL,
  `job_person_sign` tinyint(4) NOT NULL DEFAULT 0,
  `rec_date` datetime NOT NULL,
  `officer_comment` varchar(200) DEFAULT NULL,
  `officer_sign` varchar(13) DEFAULT NULL,
  `officer_date` datetime DEFAULT NULL,
  `group_comment` varchar(100) DEFAULT NULL,
  `group_sign` varchar(13) DEFAULT NULL,
  `group_date` datetime DEFAULT NULL,
  `comment_date` datetime DEFAULT NULL,
  `commander_grant` tinyint(4) DEFAULT NULL,
  `commander_comment` varchar(100) DEFAULT NULL,
  `commander_sign` varchar(13) DEFAULT NULL,
  `grant_date` datetime DEFAULT NULL,
  PRIMARY KEY (`id`)
) ENGINE=MyISAM AUTO_INCREMENT=4 DEFAULT CHARSET=utf8 COLLATE=utf8_general_ci;

--
-- Dumping data for table `la_main`
--

INSERT INTO `la_main` VALUES (1,'1349900462900',2,'โรงเรียนบ้านเปือย','ติดภาระกิจส่วนตัวที่ต่างจังหวัด','2018-11-09','2018-11-10',2,'2018-11-05','2018-11-05',0,'30 หมู่ 2 ต.ท่าช้าง  อ.สว่างวีระวงศ์  จ.อุบลราชธานี ','095-5931760','',0,'',0,0,0,0,0,0,0,0,0,NULL,NULL,NULL,NULL,NULL,NULL,0,'2018-11-05 09:41:43',NULL,NULL,NULL,'','3330900779456','2020-02-07 10:23:12',NULL,1,'','3330900779456','2020-02-07 11:52:35'),(2,'1349900462900',1,'30 หมุ่ที่ 2 ตำบลท่าช้าง อำเภอสว่างวีระวงศ์ จังหวัดอุบลราชธานี 34190','ใกล้ถึงกำหนดคลอด','2022-01-18','2022-01-18',1,'2022-01-18','2022-01-18',1,'30 หมุ่ที่ 2 ตำบลท่าช้าง อำเภอสว่างวีระวงศ์ จังหวัดอุบลราชธานี 34190','0955931760','',0,'3330900779456',0,0,0,0,0,0,0,0,0,NULL,NULL,NULL,NULL,NULL,NULL,0,'2022-01-18 11:32:47',NULL,NULL,NULL,'','3330900779456','2022-05-31 10:36:39',NULL,1,NULL,'3330900779456','2022-07-20 11:00:06'),(3,'1349900462900',2,'โรงเรียนบ้านเปือย','ขออนุญาตไปทำกิจธุระส่วนตัว','2023-06-21','2023-06-23',3,'2023-06-07','2023-06-07',1,'บ้านเลขที่ 30 หมุ่2 ตำบลท่าช้าง อำเภอสว่างวีระวงศ์ จังหวัดอุบลราชธานี 34190','0955931760','',0,'',1,0,1,0,3,3,0,0,0,NULL,NULL,NULL,NULL,NULL,NULL,0,'2023-06-19 09:56:10',NULL,NULL,NULL,NULL,NULL,NULL,NULL,1,NULL,'3490300100494','2024-01-24 11:34:04');

--
-- Table structure for table `la_permission`
--

CREATE TABLE `la_permission` (
  `id` int(11) NOT NULL AUTO_INCREMENT,
  `person_id` varchar(13) NOT NULL,
  `p1` tinyint(4) NOT NULL,
  `officer` varchar(13) NOT NULL,
  `rec_date` date NOT NULL,
  PRIMARY KEY (`id`)
) ENGINE=MyISAM AUTO_INCREMENT=8 DEFAULT CHARSET=utf8 COLLATE=utf8_general_ci;

--
-- Dumping data for table `la_permission`
--

INSERT INTO `la_permission` VALUES (7,'1349900462900',1,'3490300100494','2024-01-17'),(6,'1342200068901',1,'1342200068901','2022-07-23');

--
-- Table structure for table `la_person_set`
--

CREATE TABLE `la_person_set` (
  `id` int(11) NOT NULL AUTO_INCREMENT,
  `person_id` varchar(13) NOT NULL,
  `comment_person` varchar(13) DEFAULT NULL,
  `grant_person` varchar(13) DEFAULT NULL,
  `officer` varchar(13) DEFAULT NULL,
  `rec_date` date DEFAULT NULL,
  PRIMARY KEY (`id`),
  UNIQUE KEY `person_id` (`person_id`)
) ENGINE=MyISAM AUTO_INCREMENT=8 DEFAULT CHARSET=utf8 COLLATE=utf8_general_ci;

--
-- Dumping data for table `la_person_set`
--

INSERT INTO `la_person_set` VALUES (1,'3340500734447','3330900779456','3330900779456','1341500009828','2020-02-06'),(2,'5340100033618','3330900779456','3330900779456','1341500009828','2020-02-06'),(3,'3341501221126','','3341501221126','3341501221126','2016-06-26'),(4,'3740300046993','3330900779456','3330900779456','1341500009828','2020-02-06'),(5,'1349900462900','3330900779456','3330900779456','1341500009828','2020-02-06'),(6,'1341500009828','3330900779456','3330900779456','1341500009828','2020-02-06'),(7,'1342200068901','3330900779456','3330900779456','1342200068901','2022-07-23');

--
-- Table structure for table `la_year`
--

CREATE TABLE `la_year` (
  `id` int(11) NOT NULL AUTO_INCREMENT,
  `budget_year` int(11) NOT NULL,
  `year_active` tinyint(1) NOT NULL,
  PRIMARY KEY (`id`),
  UNIQUE KEY `budget_year` (`budget_year`)
) ENGINE=MyISAM AUTO_INCREMENT=4 DEFAULT CHARSET=utf8 COLLATE=utf8_general_ci;

--
-- Dumping data for table `la_year`
--

INSERT INTO `la_year` VALUES (1,2562,0),(2,2563,0),(3,2567,1);

--
-- Table structure for table `mail_filebook`
--

CREATE TABLE `mail_filebook` (
  `id` int(11) NOT NULL AUTO_INCREMENT,
  `ref_id` varchar(50) NOT NULL,
  `file_name` varchar(100) NOT NULL,
  `file_des` varchar(100) NOT NULL,
  PRIMARY KEY (`id`)
) ENGINE=MyISAM AUTO_INCREMENT=103 DEFAULT CHARSET=utf8 COLLATE=utf8_general_ci;

--
-- Dumping data for table `mail_filebook`
--

INSERT INTO `mail_filebook` VALUES (1,'33415012211261466910490','33415012211261466910490_1.docx','โปรดอ่าน'),(2,'33415012211261466910490','33415012211261466910490_2.docx','โปรดอ่าน'),(3,'53401000336181466910493','53401000336181466910493_1.docx','ใบสำคัญรับเงิน'),(4,'53401000336181466911429','53401000336181466911429_1.docx','ใบสำคัญรับเงิน'),(5,'53401000336181466911429','53401000336181466911429_1.docx','ใบสำคัญรับเงิน'),(6,'33407001656591466911415','33407001656591466911415_1.jpg','สวยสวย'),(7,'53401000336181466911712','53401000336181466911712_1.jpg','ภาพบรรยากาศการอบรม'),(8,'33415012211261466912062','33415012211261466912062_1.jpg','เที่ยว'),(9,'33415012211261466912062','33415012211261466912062_1.jpg','เที่ยว'),(20,'33407016312971483848667','33407016312971483848667_1.xlsx','ผลการสอบ'),(11,'53401000336181467619620','53401000336181467619620_1.pdf','คำนำ'),(12,'53401000336181467619620','53401000336181467619620_2.pdf','คู่มือดำเนินการฯ'),(13,'53401000336181467619620','53401000336181467619620_3.pdf','รายงาน 5 บท'),(14,'53401000336181467619620','53401000336181467619620_4.jpg','ปก'),(15,'53401000336181468209545','53401000336181468209545_1.docx','คำนำ'),(16,'53401000336181468209545','53401000336181468209545_2.docx','คู่มือดำเนินการฯ'),(17,'53401000336181468209545','53401000336181468209545_3.doc','รายงาน 5 บท'),(18,'33498000566981479451317','33498000566981479451317_1.pdf','กลอนเมืองอุบล'),(19,'33498000566981482496242','33498000566981482496242_1.xlsx','ผลสอบ ปรีโอเน็ต ธันวาคม 2559  ส่งเขต'),(21,'33498000566981486953302','33498000566981486953302_1.xls','ปร4 ปี2561'),(22,'33498000566981489042350','33498000566981489042350_1.pdf','คำตอบLass1ปี2558'),(23,'33498000566981489042350','33498000566981489042350_2.pdf','คำตอบLass2ปี2558'),(24,'33498000566981489042350','33498000566981489042350_3.pdf','คำตอบLass3ปี2558'),(25,'33498000566981489042350','33498000566981489042350_4.pdf','คำตอบLass0ปี2558'),(26,'33498000566981489639932','33498000566981489639932_1.xlsx','ป4'),(27,'33498000566981489639932','33498000566981489639932_2.xlsx','ป5'),(28,'33498000566981489676323','33498000566981489676323_1.xlsx','ป2'),(29,'33498000566981489919973','33498000566981489919973_1.xlsx','แบบกรอกคะแนน ป1-3'),(30,'33498000566981506518731','33498000566981506518731_1.pdf','ประนอม  แก้วเกิด'),(32,'37403000469931566985445','37403000469931566985445_1.docx','ใบงานวิเคราะห์ผลสอบมาตรฐาน  28สค62'),(35,'37403000469931567719951','37403000469931567719951_1.xlsx','แบบกรอกคะแนน ประเมิน4.0'),(36,'37403000469931575357361','37403000469931575357361_1.pdf','ใบงาน ป1-3'),(37,'37403000469931575357478','37403000469931575357478_1.pdf','ใบงานอนุบาล'),(38,'37403000469931583894875','37403000469931583894875_1.xlsx','แบบกรอกคะแนน ป3'),(39,'37403000469931583894875','37403000469931583894875_2.xlsx','แบบกรอกคะแนน ป4'),(40,'37403000469931586402286','37403000469931586402286_1.xlsx','แบบกรอกคะแนน ป3 ป4'),(41,'33405007344471586505990','33405007344471586505990_1.xlsx','ผลการทดสอบป.3/2562'),(42,'33405007344471586505990','33405007344471586505990_2.xlsx','ผลการทดสอบป.4/2562'),(43,'37403000469931587983088','37403000469931587983088_1.docx','แบบคำสั่ง'),(44,'37403000469931588227961','37403000469931588227961_1.pdf','หลักสูตร 63'),(45,'37403000469931588230737','37403000469931588230737_1.pdf','ผลสัมฤทธิ์ทางการเรียน ปี 2562'),(46,'37403000469931588231780','37403000469931588231780_1.xls','รายการหนังสือ'),(47,'37403000469931588232754','37403000469931588232754_1.pdf','นักเรียน อบ1/2563'),(48,'33405007344471589178369','33405007344471589178369_1.xls','หนังสือเรียนและราคา ของป.3และป.4'),(49,'37403000469931589796389','37403000469931589796389_1.pdf','รายงานผล online'),(51,'37403000469931590044743','37403000469931590044743_1.pdf','แบบบันทึกข้อความ รายงานเรียนDLTV'),(61,'37403000469931590615571','37403000469931590615571_1.pdf','รายชื่อ นร 2563'),(53,'37403000469931590613414','37403000469931590613414_1.docx','ระดับ เขต'),(54,'37403000469931590613414','37403000469931590613414_2.pdf','ใบประกาศ1'),(55,'37403000469931590613414','37403000469931590613414_3.pdf','ใบประกาศ2'),(56,'37403000469931590613414','37403000469931590613414_4.pdf','ใบประกาศ3'),(57,'37403000469931590613414','37403000469931590613414_5.pdf','ใบประกาศ4'),(58,'37403000469931590613616','37403000469931590613616_1.docx','สรุป ระดับชาติ'),(59,'37403000469931590613616','37403000469931590613616_2.pdf','ใบประกาศ5'),(60,'37403000469931590613866','37403000469931590613866_1.pdf','ใบประกาศ6  จอย'),(62,'37403000469931590621388','37403000469931590621388_1.pdf','บันทึกข้อความ'),(63,'37403000469931596779739','37403000469931596779739_1.xlsx','ตารางเรียนปี2563'),(64,'37403000469931596784529','37403000469931596784529_1.docx','แบบกรอก PLC'),(70,'37403000469931617228972','37403000469931617228972_1.xlsx','แบบกรอกคะแนน ปลายปี ปี2563'),(71,'37403000469931617272428','37403000469931617272428_1.xlsx','แบบ ปพ 5 ป5  ปี2563'),(72,'33503001999041617622745','33503001999041617622745_1.xlsx','ส่งแบบกรอกคะแนน'),(73,'33503001999041617628524','33503001999041617628524_1.xlsx','ส่งปพ5ป5'),(74,'33503001999041620367646','33503001999041620367646_1.xlsx','แบบกรอกคะแนน 63'),(75,'33503001999041620367968','33503001999041620367968_1.xlsx','ส่งปพ5ป5'),(76,'37403000469931620370099','37403000469931620370099_1.xlsx','แบบกรอกคะแนน ป 5  แก้ไข'),(83,'37403000469931621927809','37403000469931621927809_2.xlsx','ปพ  5  ปี 2564 ป4'),(82,'37403000469931621927809','37403000469931621927809_1.xlsx','ปพ  5  ปี 2564 ป3'),(81,'37403000469931621927691','37403000469931621927691_1.xlsx','ปพ 5  ปี 2564 ป6'),(84,'37403000469931621927875','37403000469931621927875_1.xlsx','ปพ  5  ปี 2564 ป5'),(85,'37403000469931623655099','37403000469931623655099_1.xlsx','ตารางเรียนปี 2564'),(86,'37403000469931624060429','37403000469931624060429_1.xlsx','บ/ช ออมทรัพย์'),(87,'13499004629001626686455','13499004629001626686455_1.rar','แบบสังเกตพฤติกรรม'),(88,'13499004629001626686455','13499004629001626686455_2.pdf','แบบสำรวจพฤติกรรม'),(89,'13499004629001626686455','13499004629001626686455_3.rar','แบบประเมินความฉลาดทางอารมณ์'),(90,'13499004629001626686455','13499004629001626686455_4.rar','แบบประเมินจุดแข็งจุดอ่อน'),(91,'13499004629001626686455','13499004629001626686455_5.rar','แบบประเมินพฤติกรรม'),(92,'37403000469931629010822','37403000469931629010822_1.xlsx','รายงานผลการเรียน online'),(93,'37403000469931645927351','37403000469931645927351_1.xlsx','ปพ5_2564  ป3'),(94,'37403000469931645927351','37403000469931645927351_2.xlsx','ปพ5_2564  ป4'),(95,'37403000469931656750709','37403000469931656750709_1.xlsx','ปพ5  ป3'),(96,'37403000469931656750709','37403000469931656750709_2.xlsx','ปพ5  ป4'),(97,'37403000469931656750709','37403000469931656750709_3.xlsx','ปพ5  ป5'),(98,'37403000469931656750709','37403000469931656750709_4.xlsx','ปพ5  ป6'),(99,'37403000469931656751014','37403000469931656751014_1.pdf','สมุดประจำตัว อบ3'),(100,'37403000469931656751014','37403000469931656751014_2.pdf','ระเบียนสะสม'),(101,'37403000469931659511509','37403000469931659511509_1.pdf','อบ3'),(102,'37403000469931659511509','37403000469931659511509_2.pdf','สะสม');

--
-- Table structure for table `mail_group`
--

CREATE TABLE `mail_group` (
  `grp_id` int(11) NOT NULL AUTO_INCREMENT,
  `grp_name` varchar(50) NOT NULL,
  PRIMARY KEY (`grp_id`)
) ENGINE=MyISAM DEFAULT CHARSET=utf8 COLLATE=utf8_general_ci;

--
-- Dumping data for table `mail_group`
--


--
-- Table structure for table `mail_group_member`
--

CREATE TABLE `mail_group_member` (
  `id` int(11) NOT NULL AUTO_INCREMENT,
  `grp_id` int(11) NOT NULL,
  `person_id` varchar(13) NOT NULL,
  PRIMARY KEY (`id`)
) ENGINE=MyISAM DEFAULT CHARSET=utf8 COLLATE=utf8_general_ci;

--
-- Dumping data for table `mail_group_member`
--


--
-- Table structure for table `mail_main`
--

CREATE TABLE `mail_main` (
  `ms_id` int(11) NOT NULL AUTO_INCREMENT,
  `sender` varchar(13) NOT NULL,
  `subject` varchar(150) NOT NULL,
  `detail` text DEFAULT NULL,
  `ref_id` varchar(50) NOT NULL,
  `send_date` datetime NOT NULL,
  PRIMARY KEY (`ms_id`),
  KEY `ref_id` (`ref_id`)
) ENGINE=MyISAM AUTO_INCREMENT=84 DEFAULT CHARSET=utf8 COLLATE=utf8_general_ci;

--
-- Dumping data for table `mail_main`
--

INSERT INTO `mail_main` VALUES (1,'3341500458122','การอบรบsmss','การอบรบ','33415004581221466910489','2016-06-26 10:15:14'),(2,'3341501221126','การอบรม smss','การอบรม smss','33415012211261466910490','2016-06-26 10:17:23'),(3,'5340100033618','การอบรม SMSS','ทดสอบการส่งไปรษณีย์ \"ใบสำคัญรับเงิน\" ด้วยระบบ SMSS สพป.อบ.4','53401000336181466910493','2016-06-26 10:20:06'),(4,'3341500458122','การอบรม','การอบรม','33415004581221466911193','2016-06-26 10:21:39'),(6,'5340100033618','ใบสำคัญรับเงิน','ไฟล์ใบสำคัญรับเงิน','53401000336181466911429','2016-06-26 10:25:29'),(14,'3341501221126','ภาพ','ภาพ','33415012211261466912062','2016-06-26 10:36:12'),(8,'3341500458122','การอบรมวันนี้','การอบรมวันนี้','33415004581221466911441','2016-06-26 10:28:55'),(9,'5340100033618','ใบสำคัญรับเงิน','ไฟล์ใบสำคัญรับเงิน','53401000336181466911429','2016-06-26 10:29:01'),(15,'1342200051579','รักนะจุ๊ฟๆๆๆ','อิอิ','13422000515791466912137','2016-06-26 10:36:17'),(16,'3341501221126','ภาพ','ภาพ','33415012211261466912062','2016-06-26 10:36:17'),(11,'3340700165659','การอบรมวันนี้','การอรม','33407001656591466911415','2016-06-26 10:30:16'),(12,'3340500734447','การอบรม SMSS  วันนี้','การอบรม SMSS วันนี้ ','33405007344471466911496','2016-06-26 10:30:51'),(13,'5340100033618','อบรม SMSS สพป.อบ.4','ภาพบรรยากาศการเข้าอบรม','53401000336181466911712','2016-06-26 10:31:09'),(18,'1342200051579','อบรม SMSS','อบรม','13422000515791466913222','2016-06-26 10:54:38'),(25,'3340701631297','ผลการสอบ Pre O-net สนาม ร.ร.บ้านโนนทรายน้อย','ผลการสอบ Pre O-net สนาม ร.ร.บ้านโนนทรายน้อย','33407016312971483848667','2017-01-08 11:13:42'),(20,'5340100033618','อบรมระบบดูแลช่วยเหลือนักเรียน','อบรมระบบดูแลช่วยเหลือนักเรียน ณ ห้องประชุม2 สพป.อบ.4','53401000336181467262541','2016-06-30 11:56:59'),(21,'5340100033618','เอกสาร ระบบดูแลช่วยเหลือนักเรียน','เอกสารประกอบการอบรมและดำเนินการ ระบบดูแลช่วยเหลือนักเรียน ปีการศึกษา 2559','53401000336181467619620','2016-07-04 15:10:58'),(22,'5340100033618','ระบบดูแลฯ.doc','ไฟล์ Word ระบบดูแลช่วยเหลือนักเรียนปีการศึกษา 2559','53401000336181468209545','2016-07-11 11:01:29'),(23,'3349800056698','กลอนเมืองอุบล','กลอนเมืองอุบล   สอนนักเรียน','33498000566981479451317','2016-11-18 13:43:48'),(24,'3349800056698','ผลสอบ ปรีโอเน็ต ธันวาคม 2559  ส่งเขต','ตรวจสอบแล้วส่ง เขต ทาง ออฟฟิสโรงเรียนนะ   ถ้ามีการแก้ไขส่งสำเนากลับคืนด้วย','33498000566981482496242','2016-12-23 19:34:23'),(26,'3349800056698','แบบ ปร 4  งบ 2561','แบบ ปร 4  งบ 61 ','33498000566981486953302','2017-02-13 09:38:50'),(27,'3349800056698','คำตอบLassปี2558','คำตอบLassปี2558','33498000566981489042350','2017-03-09 13:57:31'),(28,'3349800056698','คะแนนสอบ ลาส2559','ตรวจสอบแล้วส่ง','33498000566981489639932','2017-03-16 11:53:57'),(29,'3349800056698','คะแนนสอบ ลาส2559 ป2 ','คะแนนสอบ ลาส2559 ป2 ','33498000566981489676323','2017-03-16 21:59:48'),(30,'3349800056698','แบบกรอกคะแนนปลายปี','แบบกรอกคะแนน','33498000566981489919973','2017-03-19 17:41:08'),(31,'3349800056698','เอกสารนักเรียนย้ายเข้า','เอกสารนักเรียนย้ายเข้า เด็กหญิงประนอม  แก้วเกิด นักเรียนชั้น ป5','33498000566981506518731','2017-09-27 20:27:46'),(33,'3740300046993','ใบงานวิเคราะห์ผลสอบมาตรฐาน  28สค62','ใบงานวิเคราะห์ผลสอบมาตรฐาน  28สค62','37403000469931566985445','2019-08-28 16:45:28'),(37,'3740300046993','ใบงานทัศนศึกษา  ป1-3','พิมพ์ แจกนักเรียน ป1-3   ทุกคน','37403000469931575357361','2019-12-03 14:17:37'),(36,'3740300046993','แบบกรอกคะแนน ประเมิน4.0','แบบกรอกคะแนน ประเมิน4.0','37403000469931567719951','2019-09-06 04:46:44'),(38,'3740300046993','ใบงานทัศนศึกษา  ','พิมพ์แจกนักเรียน ไปวันทัศนศึกษา \r\n...........  เตรียมดินสอให้นักเรียนด้วย','37403000469931575357478','2019-12-03 14:19:35'),(39,'3740300046993','แบบกรอกคะแนน ปลายปี2562','แบบกรอกคะแนน ป3-4','37403000469931583894875','2020-03-11 09:49:58'),(40,'3740300046993','แบบกรอกคะแนน ปลายปี2562',' ส่งคะแนนสอบนักเรียน ปลายปีให้หน่อยครับ จะกรอกลงระบบ','37403000469931586402286','2020-04-09 10:19:57'),(41,'3340500734447','รายงานผลการทดสอบ','1.ผลการทดสอบป.3/2562\r\n2.ผลการทดสอบป.4/2562','33405007344471586505990','2020-04-10 15:10:37'),(42,'3740300046993','ขอคำสังปรับปรุงหลักสูตร เขต','   ทำหนังสือ/ส่งขอคำสั่งปรับปรุงหลักสูตร เขต   ','37403000469931587983088','2020-04-27 17:27:05'),(43,'3740300046993','หลักสูตรโรงเรียน ปี 63','หลักสูตร 63','37403000469931588227961','2020-04-30 13:26:53'),(44,'3740300046993','ผลสัมฤทธิ์ทางการเรียน ปี 2562','ผลสัมฤทธิ์ทางการเรียน ปี 2562','37403000469931588230737','2020-04-30 14:13:12'),(45,'3740300046993','รายการหนังสือ','รายการหนังสือ','37403000469931588231780','2020-04-30 14:31:06'),(46,'3740300046993','นักเรียน อบ1/2563','นักเรียน อบ1/2563','37403000469931588232754','2020-04-30 14:46:46'),(47,'3340500734447','หนังสือเรียน2563','รายการหนังสือ ป.3-ป.4\r\nราคาเฉลี่ย(สีแดง)','33405007344471589178369','2020-05-11 13:44:33'),(48,'3740300046993','รายงานผลการเรียน online','  จาการตรวจเยี่ยมบ้านเพื่อตรวจสอบการเรียน online ในวันที่ 18 พค 2563  พบปัญหา ดังหนังสือแนบ','37403000469931589796389','2020-05-18 17:09:34'),(50,'3740300046993','บันทึกรายงานการเรียนออนไลน์','  ตามที่ส่งแบบรายงานเพื่อกรอกข้อมูลรายงานผล นั้น  บัดนี้ข้าพเจ้าได้ดำเนินการเรียบร้อบแล้วตามแบบ จึงจัดส่งมา ณ ที่นี้','37403000469931590044743','2020-05-21 14:08:16'),(55,'3740300046993','รายชื่อนักเรียน',' รายชื่อนักเรียน 63  แนบท้ายเลย','37403000469931590615571','2020-05-28 04:40:42'),(52,'3740300046993','ใบประกาศ  ระดับเขต','  ใบประกาศ','37403000469931590613414','2020-05-28 04:06:52'),(53,'3740300046993','ใบประกาศ ระดับชาติ','  มวยไทย','37403000469931590613616','2020-05-28 04:09:08'),(54,'3740300046993','อังกฤษ ระดับกลุ่ม','  อังกฤษ ระดับกลุ่ม','37403000469931590613866','2020-05-28 04:12:38'),(56,'3740300046993','การตรวจรับพัสดุ  งานจ้าง','  ขอให้เชิญหรือแต่งตั้งผู้ทรง(ผู้มีความรู้) เป็นกรรมการตรวจรับงานจ้าง','37403000469931590621388','2020-05-28 06:20:11'),(57,'1349900462900','ใบประกาศ ระดับชาติ(ตอบกลับ)','ขอบคุณมากค่ะ ','13499004629001590651549','2020-05-28 14:39:29'),(58,'3740300046993','ตาราียน 2563','ส่งตารางเรียน ปี 2563','37403000469931596779739','2020-08-07 12:57:23'),(59,'3740300046993','แบบ PLC','แบบกรอก PLC','37403000469931596784529','2020-08-07 14:16:59'),(60,'3740300046993','สรุปเวลาเรียนภาคเรียนที่ 1 ปีการศึกษา 2563','    ส่งสรุปเวลาเรียนภาคเรียนที่ 1 ปีการศึกษา 2563 เพื่อประกอบการสำรวจเวลาเรียน/ลงเวลาเรียนใน ปพ 5 /smss','37403000469931605404067','2020-11-15 08:37:19'),(66,'3740300046993','ปพ5 ป5','แบบ ปพ 5 ป5  ปี2563','37403000469931617272428','2021-04-01 17:22:38'),(65,'3740300046993','แบบกรอกคะแนน ปลายปี2563','แบบกรอกคะแนน  ให้ครูกรอกเฉพาะคะแนนเก็บและคะแนนสอบเท่านั้น','37403000469931617228972','2021-04-01 05:18:34'),(67,'3350300199904','ส่งแบบกรอกคะแนนปลายปี ปี2563','ส่งแบบกรอกคะแนนปลายปี 2563','33503001999041617622745','2021-04-05 18:45:46'),(68,'3350300199904','ส่งปพ.5 ป5','ส่งปพ.5ป5','33503001999041617628524','2021-04-05 20:17:54'),(69,'3350300199904','ส่งแบบกรอกคะแนนปลายปี ปี2563','แบบกรอกคะแนน 2563','33503001999041620367646','2021-05-07 13:12:35'),(70,'3350300199904','ส่งปพ.5 ป5','ส่งปพ.5ป.5','33503001999041620367968','2021-05-07 13:14:08'),(71,'3740300046993','แบบกรอกคะแนน ปลายปี2563  แก้ไขแล้ว',' ครูแก้ไข  เอาแบบนี้   ขอภัยที่รบกวนแก้ไขให้','37403000469931620370099','2021-05-07 13:50:23'),(73,'3740300046993','ปพ5 ป6','ปพ  5  ปี 2564','37403000469931621927691','2021-05-25 14:30:05'),(74,'3740300046993','ปพ  5  ปี 2564','ปพ  5  ปี 2564','37403000469931621927809','2021-05-25 14:31:12'),(75,'3740300046993','ปพ  5  ปี 2564','ปพ  5  ปี 2564','37403000469931621927875','2021-05-25 14:31:52'),(76,'3740300046993','ตารางเรียน ปี 2564','ตารางเรียนปี 2564','37403000469931623655099','2021-06-14 14:32:33'),(77,'3740300046993','ออมทรัพย์','ออมทรัพย์','37403000469931624060429','2021-06-19 06:55:25'),(78,'1349900462900','คู่มือ และ แบบประเมินพฤติกรรมนักเรียนค่ะ','ขออนุญาตแจ้งค่ะ  \r\n\r\n????????????จากการประชุมโครงการจัดบริการคัดกรองและดูแลช่วยเหลือสุขภาพจิตในกลุ่มเด็ก 6-15 ปี (เด็ก)(เด็ก)\r\nกรมสุขภาพจิต  รพ.สำโรง แจ้งให้ รร  ดำเนินการดังนี้ค่ะ  \r\n\r\n1.รายชื่อนักเรียนโครงการจัดบริการคัดกรองและดูแลช่วยเหลือสุขภาพจิตในกลุ่มเด็ก 6 - 15 ปี โรงพยาบาลสำโรง จังหวัดอุบลราชธานี  ปี 2564 \r\n2.ทำแบบประเมิน และแบบสำรวจที่ได้รับ และทำในระบบคอมพิวเตอร์หน้าเพจสสจ. ด้วยค่ะ\r\n3.โรงเรียนท่านใดทำแบบประเมินเสร็จแล้ว  รบกวนแจ้งโรงพยาบาลเพื่อออกไปเก็บเอกสารค่ะ\r\n4.ส่งไฟล์แบบประเมินอารมณ์ในเด็ก 12-17 ปี รบกวนช่วยโหลดเก็บก่อนจะหมดอายุนะคะ\r\n\r\n\r\n\r\nซึ่งแบบประเมิน จะดำเนินการสแกน เป็นไฟล์ แล้วจะส่งเข้าระบบ ไปรษณีย์ใน smss ส่วนตัวครูประจำชั้น และทางไลน์กลุ่ม รร  นะคะ  เนื่องจาก ดิฉันไม่ได้เดินทางไป ที่ รร ในวันพุธที่จะถึงนี้ได้   รบกวนคุณครูประจำชั้น ทำแบบประเมิน นักเรียนทุกคน  และ ในส่วนของผู้ปกครองให้แจกให้นักเรียนนำไปให้ ผู้ปกครองประเมินด้วยค่ะ  เมื่อเสร็จแล้วจะรวบรวมมาลงในระบบอีกครั้งค่ะ  ขอบพระคุณค่ะ','13499004629001626686455','2021-07-19 16:27:19'),(79,'3740300046993','รายงานผลการเรียน online','แบบรายงานผล  ','37403000469931629010822','2021-08-15 14:02:36'),(80,'3740300046993','ปพ 5','ปพ 5  ป3 -4','37403000469931645927351','2022-02-27 09:04:18'),(81,'3740300046993','ปพ5','ปพ5   แก้ไขเช็คเวลาเรียน','37403000469931656750709','2022-07-02 15:36:15'),(82,'3740300046993','ปพ อนุบาล','ปพ อนุบาล','37403000469931656751014','2022-07-02 15:39:40'),(83,'3740300046993','แบบ ปพ','อบ','37403000469931659511509','2022-08-03 14:27:16');

--
-- Table structure for table `mail_permission`
--

CREATE TABLE `mail_permission` (
  `id` int(11) NOT NULL AUTO_INCREMENT,
  `person_id` varchar(13) NOT NULL,
  `p1` tinyint(4) NOT NULL,
  `officer` varchar(13) NOT NULL,
  `rec_date` date NOT NULL,
  PRIMARY KEY (`id`)
) ENGINE=MyISAM AUTO_INCREMENT=2 DEFAULT CHARSET=utf8 COLLATE=utf8_general_ci;

--
-- Dumping data for table `mail_permission`
--


--
-- Table structure for table `mail_sendto_answer`
--

CREATE TABLE `mail_sendto_answer` (
  `id` int(11) NOT NULL AUTO_INCREMENT,
  `ref_id` varchar(50) NOT NULL,
  `send_to` varchar(13) NOT NULL,
  `answer` tinyint(4) NOT NULL DEFAULT 0,
  `answer_time` datetime NOT NULL,
  PRIMARY KEY (`id`),
  KEY `ref_id` (`ref_id`),
  KEY `send_to` (`send_to`)
) ENGINE=MyISAM AUTO_INCREMENT=237 DEFAULT CHARSET=utf8 COLLATE=utf8_general_ci;

--
-- Dumping data for table `mail_sendto_answer`
--

INSERT INTO `mail_sendto_answer` VALUES (1,'33415004581221466910489','3349800056698',1,'2016-06-26 10:20:08'),(2,'33415004581221466910489','3340500734447',1,'2019-09-17 15:04:17'),(3,'33415004581221466910489','3341500285261',0,'0000-00-00 00:00:00'),(4,'33415004581221466910489','5340100033618',0,'0000-00-00 00:00:00'),(5,'33415004581221466910489','3340700165659',1,'2016-06-26 10:22:56'),(6,'33415004581221466910489','1342200051579',1,'2016-06-26 10:19:55'),(7,'33415004581221466910489','3341501221126',1,'2016-06-26 10:19:58'),(8,'33415012211261466910490','3341500458122',1,'2016-06-26 10:35:37'),(9,'33415012211261466910490','3349800056698',1,'2016-06-26 14:26:58'),(10,'33415012211261466910490','3340500734447',0,'0000-00-00 00:00:00'),(11,'33415012211261466910490','3341500285261',0,'0000-00-00 00:00:00'),(12,'33415012211261466910490','5340100033618',1,'2016-06-26 10:34:04'),(13,'33415012211261466910490','1342200051579',1,'2016-06-26 10:20:04'),(14,'53401000336181466910493','3341500458122',1,'2016-06-26 10:36:48'),(15,'53401000336181466910493','3349800056698',1,'2016-06-26 14:26:38'),(16,'53401000336181466910493','3340500734447',0,'0000-00-00 00:00:00'),(17,'53401000336181466910493','3341500285261',0,'0000-00-00 00:00:00'),(18,'53401000336181466910493','3340700165659',1,'2016-06-26 10:23:00'),(19,'53401000336181466910493','1342200051579',1,'2016-06-26 10:21:10'),(20,'53401000336181466910493','3341501221126',1,'2016-06-26 10:20:20'),(21,'33415004581221466911193','3349800056698',1,'2016-06-26 14:26:33'),(22,'33415004581221466911193','3340500734447',0,'0000-00-00 00:00:00'),(23,'33415004581221466911193','3341500285261',0,'0000-00-00 00:00:00'),(24,'33415004581221466911193','5340100033618',0,'0000-00-00 00:00:00'),(25,'33415004581221466911193','3340700165659',1,'2016-06-26 10:23:06'),(26,'33415004581221466911193','1342200051579',1,'2016-06-26 10:31:31'),(27,'33415004581221466911193','3341501221126',1,'2016-06-26 10:29:32'),(28,'53401000336181466911429','3341500458122',0,'0000-00-00 00:00:00'),(29,'33407001656591466911415','3341500458122',0,'0000-00-00 00:00:00'),(30,'33407001656591466911415','3340500734447',0,'0000-00-00 00:00:00'),(88,'33415004581221466914704','1342200051579',0,'0000-00-00 00:00:00'),(87,'33415004581221466914704','3340701631297',0,'0000-00-00 00:00:00'),(86,'33415004581221466914704','3340700165659',0,'0000-00-00 00:00:00'),(84,'33415004581221466914704','5340100033618',0,'0000-00-00 00:00:00'),(38,'33415012211261466911426','3341500458122',0,'0000-00-00 00:00:00'),(39,'33415012211261466911426','3349800056698',0,'0000-00-00 00:00:00'),(40,'33415012211261466911426','3340500734447',0,'0000-00-00 00:00:00'),(41,'33415012211261466911426','5340100033618',0,'0000-00-00 00:00:00'),(42,'33415012211261466911426','3340700165659',0,'0000-00-00 00:00:00'),(43,'33415012211261466911426','1342200051579',0,'0000-00-00 00:00:00'),(44,'33415004581221466911441','3349800056698',1,'2016-06-26 14:26:29'),(45,'33415004581221466911441','1342200051579',1,'2016-06-26 10:31:41'),(46,'33405007344471466911496','3341501221126',1,'2016-06-26 10:33:38'),(77,'13422000515791466913222','3340700165659',1,'2016-06-26 10:56:02'),(76,'13422000515791466913222','5340100033618',0,'0000-00-00 00:00:00'),(75,'13422000515791466913222','3341500285261',0,'0000-00-00 00:00:00'),(74,'13422000515791466913222','3340500734447',0,'0000-00-00 00:00:00'),(73,'13422000515791466913222','3349800056698',1,'2016-06-26 12:07:49'),(72,'13422000515791466913222','3341500458122',0,'0000-00-00 00:00:00'),(70,'13422000515791466912137','3349800056698',1,'2016-06-26 12:07:45'),(69,'33415012211261466912062','5340100033618',1,'2016-06-26 10:36:23'),(81,'33415004581221466914704','3341500458122',0,'0000-00-00 00:00:00'),(80,'33415004581221466914704','3341501221126',0,'0000-00-00 00:00:00'),(78,'13422000515791466913222','3341501221126',0,'0000-00-00 00:00:00'),(62,'53401000336181466911712','3341500458122',0,'0000-00-00 00:00:00'),(63,'53401000336181466911712','3349800056698',1,'2016-06-26 14:25:44'),(64,'53401000336181466911712','3340500734447',0,'0000-00-00 00:00:00'),(65,'53401000336181466911712','3341500285261',0,'0000-00-00 00:00:00'),(66,'53401000336181466911712','3340700165659',1,'2016-06-26 10:33:24'),(67,'53401000336181466911712','1342200051579',1,'2016-06-26 10:32:25'),(68,'53401000336181466911712','3341501221126',1,'2016-06-26 10:33:03'),(85,'33415004581221466914704','3341500285261',0,'0000-00-00 00:00:00'),(79,'13422000515791466913222','3340701631297',1,'2016-12-30 07:39:26'),(83,'33415004581221466914704','3340500734447',0,'0000-00-00 00:00:00'),(82,'33415004581221466914704','3349800056698',0,'0000-00-00 00:00:00'),(90,'53401000336181467262541','3341500458122',0,'0000-00-00 00:00:00'),(91,'53401000336181467262541','3349800056698',1,'2016-07-23 13:23:33'),(92,'53401000336181467262541','3340500734447',0,'0000-00-00 00:00:00'),(93,'53401000336181467262541','3341500285261',0,'0000-00-00 00:00:00'),(94,'53401000336181467262541','3340700165659',1,'2016-07-21 11:13:07'),(95,'53401000336181467262541','1342200051579',0,'0000-00-00 00:00:00'),(96,'53401000336181467262541','3341501221126',0,'0000-00-00 00:00:00'),(97,'53401000336181467262541','3340701631297',1,'2016-12-30 07:39:28'),(98,'53401000336181467619620','3341500458122',0,'0000-00-00 00:00:00'),(99,'53401000336181467619620','3349800056698',1,'2016-07-09 11:39:56'),(100,'53401000336181467619620','3340500734447',0,'0000-00-00 00:00:00'),(101,'53401000336181467619620','3341500285261',0,'0000-00-00 00:00:00'),(102,'53401000336181467619620','3340700165659',1,'2016-07-21 11:13:14'),(103,'53401000336181467619620','1342200051579',0,'0000-00-00 00:00:00'),(104,'53401000336181467619620','3341501221126',0,'0000-00-00 00:00:00'),(105,'53401000336181467619620','3340701631297',1,'2016-12-30 07:39:31'),(106,'53401000336181468209545','3341500458122',0,'0000-00-00 00:00:00'),(107,'53401000336181468209545','3349800056698',1,'2016-07-11 14:28:42'),(108,'53401000336181468209545','3340500734447',0,'0000-00-00 00:00:00'),(109,'53401000336181468209545','3341500285261',0,'0000-00-00 00:00:00'),(110,'53401000336181468209545','3340700165659',1,'2016-08-03 10:17:36'),(111,'53401000336181468209545','1342200051579',0,'0000-00-00 00:00:00'),(112,'53401000336181468209545','3341501221126',0,'0000-00-00 00:00:00'),(113,'53401000336181468209545','3340701631297',1,'2016-12-30 07:39:39'),(114,'33498000566981479451317','3341500458122',0,'0000-00-00 00:00:00'),(115,'33498000566981479451317','3340500734447',0,'0000-00-00 00:00:00'),(116,'33498000566981479451317','3340700165659',0,'0000-00-00 00:00:00'),(117,'33498000566981479451317','1342200051579',0,'0000-00-00 00:00:00'),(118,'33498000566981482496242','3340701631297',1,'2016-12-30 07:39:44'),(119,'33407016312971483848667','3341500458122',0,'0000-00-00 00:00:00'),(120,'33407016312971483848667','3349800056698',1,'2017-01-08 11:39:32'),(121,'33407016312971483848667','3340500734447',1,'2019-10-04 09:51:04'),(122,'33407016312971483848667','3341500285261',0,'0000-00-00 00:00:00'),(123,'33407016312971483848667','5340100033618',0,'0000-00-00 00:00:00'),(124,'33407016312971483848667','3340700165659',0,'0000-00-00 00:00:00'),(125,'33407016312971483848667','1342200051579',0,'0000-00-00 00:00:00'),(126,'33498000566981486953302','5340100033618',0,'0000-00-00 00:00:00'),(127,'33498000566981489042350','5340100033618',0,'0000-00-00 00:00:00'),(128,'33498000566981489639932','3340701631297',1,'2017-03-29 06:27:19'),(129,'33498000566981489676323','3340701631297',1,'2017-03-29 06:28:28'),(130,'33498000566981489919973','3340500734447',1,'2020-12-15 11:05:21'),(131,'33498000566981489919973','3340700165659',0,'0000-00-00 00:00:00'),(132,'33498000566981506518731','3340500734447',1,'2018-10-01 09:35:13'),(133,'33498000566981506518731','3340701631297',0,'0000-00-00 00:00:00'),(134,'37403000469931538571848','3349800056698',0,'0000-01-01 00:00:00'),(146,'37403000469931566985445','1349900462900',1,'2019-08-29 10:11:17'),(145,'37403000469931566985445','5340100033618',1,'2021-01-12 14:02:23'),(144,'37403000469931566985445','3740300046993',1,'2019-08-29 19:55:22'),(143,'37403000469931566985445','3340500734447',1,'2019-09-17 15:01:43'),(142,'37403000469931566985445','3341500458122',0,'0000-01-01 00:00:00'),(141,'37403000469931566985445','3330900779456',1,'2020-01-22 14:23:20'),(158,'37403000469931567719951','5340100033618',1,'2021-01-12 13:58:32'),(157,'37403000469931567719951','3740300046993',1,'2019-09-06 12:46:04'),(156,'37403000469931567719951','3340500734447',1,'2019-09-17 14:30:01'),(155,'37403000469931567719951','3341500458122',0,'0000-01-01 00:00:00'),(159,'37403000469931567719951','1349900462900',1,'2019-09-06 09:36:55'),(160,'37403000469931575357361','3340500734447',0,'0000-01-01 00:00:00'),(161,'37403000469931575357361','1341500009828',1,'2019-12-04 09:30:19'),(162,'37403000469931575357478','1349900462900',1,'2019-12-04 09:41:29'),(163,'37403000469931583894875','3340500734447',1,'2020-03-26 00:33:33'),(164,'37403000469931586402286','3340500734447',1,'2020-05-11 13:02:35'),(165,'33405007344471586505990','3740300046993',1,'2020-04-11 07:42:37'),(166,'37403000469931587983088','1341500009828',1,'2020-04-28 16:05:46'),(167,'37403000469931588227961','1341500009828',1,'2020-04-30 22:44:42'),(168,'37403000469931588230737','1341500009828',1,'2020-04-30 22:46:03'),(169,'37403000469931588231780','3340500734447',1,'2020-05-11 12:14:01'),(170,'37403000469931588231780','5340100033618',1,'2020-10-22 14:34:00'),(171,'37403000469931588231780','1349900462900',1,'2020-05-07 13:50:10'),(172,'37403000469931588232754','1341500009828',1,'2020-04-30 22:46:11'),(173,'33405007344471589178369','3740300046993',1,'2020-05-12 08:04:28'),(174,'37403000469931589796389','3330900779456',1,'2020-05-27 11:39:40'),(175,'37403000469931589796389','1341500009828',1,'2020-06-02 13:12:43'),(177,'37403000469931590044743','3330900779456',1,'2020-05-27 11:39:53'),(182,'37403000469931590615571','3340500734447',1,'2020-05-31 23:49:12'),(179,'37403000469931590613414','1349900462900',1,'2020-06-03 08:44:50'),(180,'37403000469931590613616','1349900462900',1,'2020-05-28 14:39:09'),(181,'37403000469931590613866','1349900462900',1,'2020-05-28 14:39:05'),(183,'37403000469931590621388','3330900779456',1,'2020-06-10 14:43:29'),(184,'37403000469931590621388','1341500009828',1,'2020-06-02 13:14:08'),(185,'13499004629001590651549','3740300046993',1,'2020-05-28 21:04:11'),(186,'37403000469931596779739','3340500734447',1,'2020-09-15 13:25:41'),(187,'37403000469931596779739','5340100033618',1,'2020-10-22 13:23:34'),(188,'37403000469931596779739','3350300199904',1,'2021-01-06 10:38:04'),(189,'37403000469931596784529','3340500734447',1,'2020-09-15 13:27:39'),(190,'37403000469931596784529','5340100033618',1,'2020-10-22 13:24:09'),(191,'37403000469931596784529','3350300199904',1,'2021-01-06 10:38:16'),(192,'37403000469931596784529','1349900462900',1,'2020-08-08 18:16:11'),(193,'37403000469931597410071','3330900779456',0,'0000-01-01 00:00:00'),(194,'37403000469931597410071','1341500009828',0,'0000-01-01 00:00:00'),(208,'33503001999041617622745','3740300046993',1,'2021-04-05 18:49:34'),(207,'37403000469931617272428','3350300199904',1,'2021-04-02 09:47:08'),(206,'37403000469931617228972','3350300199904',1,'2021-04-01 10:58:19'),(205,'37403000469931617228972','5340100033618',1,'2021-04-01 20:08:48'),(204,'37403000469931617228972','3340500734447',1,'2021-06-09 20:13:52'),(201,'37403000469931608019392','3340500734447',0,'0000-01-01 00:00:00'),(209,'33503001999041617628524','3740300046993',1,'2021-04-05 20:21:29'),(210,'33503001999041620367646','3740300046993',1,'2021-05-07 13:34:40'),(211,'33503001999041620367968','3740300046993',1,'2021-05-07 13:34:10'),(212,'37403000469931620370099','3350300199904',1,'2021-05-26 06:25:25'),(214,'37403000469931621927691','5340100033618',1,'2021-07-30 12:29:30'),(215,'37403000469931621927809','1349900462900',1,'2021-06-14 13:05:10'),(216,'37403000469931621927875','3350300199904',1,'2021-05-26 06:34:06'),(217,'37403000469931623655099','5340100033618',1,'2021-07-30 12:28:25'),(218,'37403000469931623655099','3350300199904',1,'2021-06-24 13:07:06'),(219,'37403000469931623655099','1349900462900',1,'2021-06-14 14:51:38'),(220,'37403000469931624060429','1349900462900',1,'2021-06-21 10:07:46'),(221,'13499004629001626686455','3330900779456',1,'2021-11-01 10:24:07'),(222,'13499004629001626686455','3340500734447',1,'2021-08-14 23:58:08'),(223,'13499004629001626686455','3740300046993',1,'2021-07-27 14:27:44'),(224,'13499004629001626686455','5340100033618',1,'2021-07-30 12:29:59'),(225,'13499004629001626686455','3350300199904',1,'2021-08-03 13:35:57'),(226,'13499004629001626686455','1341500009828',0,'0000-01-01 00:00:00'),(227,'37403000469931629010822','3340500734447',1,'2021-08-24 07:48:03'),(228,'37403000469931629010822','5340100033618',1,'2021-08-17 11:04:13'),(229,'37403000469931629010822','3350300199904',1,'2021-08-15 15:06:21'),(230,'37403000469931629010822','1349900462900',1,'2021-08-15 14:08:42'),(231,'37403000469931645927351','1349900462900',1,'2022-03-22 13:14:48'),(232,'37403000469931656750709','1349900462900',0,'0000-01-01 00:00:00'),(233,'37403000469931656750709','5340100033618',0,'0000-01-01 00:00:00'),(234,'37403000469931656750709','3350300199904',0,'0000-01-01 00:00:00'),(235,'37403000469931656751014','1342200068901',0,'0000-01-01 00:00:00'),(236,'37403000469931659511509','1342200068901',0,'0000-01-01 00:00:00');

--
-- Table structure for table `meeting_main`
--

CREATE TABLE `meeting_main` (
  `id` int(11) NOT NULL AUTO_INCREMENT,
  `room` tinyint(4) NOT NULL,
  `book_date` date NOT NULL,
  `book_date_end` date NOT NULL,
  `start_time` tinyint(4) NOT NULL,
  `finish_time` tinyint(4) NOT NULL,
  `objective` varchar(200) NOT NULL,
  `book_person` varchar(13) NOT NULL,
  `rec_date` datetime NOT NULL,
  `approve` int(11) DEFAULT NULL,
  `reason` varchar(200) DEFAULT NULL,
  `person_num` int(11) NOT NULL,
  `other` varchar(250) NOT NULL,
  `officer` varchar(13) DEFAULT NULL,
  `officer_date` datetime DEFAULT NULL,
  PRIMARY KEY (`id`)
) ENGINE=MyISAM DEFAULT CHARSET=utf8 COLLATE=utf8_general_ci;

--
-- Dumping data for table `meeting_main`
--


--
-- Table structure for table `meeting_permission`
--

CREATE TABLE `meeting_permission` (
  `id` int(11) NOT NULL AUTO_INCREMENT,
  `person_id` varchar(13) NOT NULL,
  `p1` tinyint(4) NOT NULL,
  `officer` varchar(13) NOT NULL,
  `rec_date` date NOT NULL,
  PRIMARY KEY (`id`)
) ENGINE=MyISAM AUTO_INCREMENT=2 DEFAULT CHARSET=utf8 COLLATE=utf8_general_ci;

--
-- Dumping data for table `meeting_permission`
--

INSERT INTO `meeting_permission` VALUES (1,'1341500009828',1,'1341500009828','2020-01-21');

--
-- Table structure for table `meeting_room`
--

CREATE TABLE `meeting_room` (
  `id` int(11) NOT NULL AUTO_INCREMENT,
  `room_code` tinyint(4) NOT NULL,
  `room_name` varchar(100) NOT NULL,
  `active` int(11) NOT NULL DEFAULT 0,
  PRIMARY KEY (`id`)
) ENGINE=MyISAM AUTO_INCREMENT=11 DEFAULT CHARSET=utf8 COLLATE=utf8_general_ci;

--
-- Dumping data for table `meeting_room`
--

INSERT INTO `meeting_room` VALUES (1,1,'ห้องประชุม1',1),(2,2,'ห้องประชุม2',1),(3,3,'ห้องประชุม3',0),(4,4,'หอ้งประชุม4',0),(5,5,'ห้องประชุม5',0),(6,6,'ห้องประชุม6',0),(7,7,'ห้องประชุม7',0),(8,8,'ห้องประชุม8',0),(9,9,'ห้องประชุม9',0),(10,10,'ห้องประชุม10',0);

--
-- Table structure for table `permission_date`
--

CREATE TABLE `permission_date` (
  `id` int(11) NOT NULL AUTO_INCREMENT,
  `person_id` varchar(13) NOT NULL,
  `ref_id` varchar(50) NOT NULL,
  `date` date NOT NULL,
  `rec_date` datetime NOT NULL,
  PRIMARY KEY (`id`)
) ENGINE=MyISAM AUTO_INCREMENT=37 DEFAULT CHARSET=utf8 COLLATE=utf8_general_ci;

--
-- Dumping data for table `permission_date`
--

INSERT INTO `permission_date` VALUES (1,'5340100033618','14669238672089543332','2016-06-26','2016-06-26 13:51:07'),(6,'3340500734447','1466923987966975512','2016-06-26','2016-06-26 13:56:43'),(4,'5340100033618','14669240802067030968','2016-06-26','2016-06-26 13:54:40'),(5,'3341500458122','14669241652102261516','2016-06-21','2016-06-26 13:56:05'),(7,'3341501221126','14669251092068168876','2016-06-26','2016-06-26 14:11:49'),(11,'3340500734447','14676061931702056910','2016-07-02','2016-07-04 11:23:13'),(10,'3340500734447','14676061931702056910','2016-07-01','2016-07-04 11:23:13'),(12,'3340500734447','14692832671799837519','2016-07-23','2016-07-23 21:14:27'),(36,'1341500009828','154700517525077','2019-01-17','2019-01-09 10:57:06'),(35,'1341500009828','154700517525077','2019-01-16','2019-01-09 10:57:06'),(34,'1341500009828','154700517525077','2019-01-15','2019-01-09 10:57:06'),(33,'1341500009828','154700517525077','2019-01-14','2019-01-09 10:57:06'),(32,'1341500009828','154700517525077','2019-01-13','2019-01-09 10:57:06'),(31,'1341500009828','154700517525077','2019-01-12','2019-01-09 10:57:06');

--
-- Table structure for table `permission_main`
--

CREATE TABLE `permission_main` (
  `id` int(11) NOT NULL AUTO_INCREMENT,
  `person_id` varchar(13) NOT NULL,
  `ref_id` varchar(50) NOT NULL,
  `subject` varchar(150) NOT NULL,
  `place` varchar(150) NOT NULL,
  `vehicle` varchar(150) DEFAULT NULL,
  `document` varchar(150) DEFAULT NULL,
  `no_comment` tinyint(4) NOT NULL DEFAULT 0,
  `grant_person_selected` varchar(13) DEFAULT NULL,
  `rec_date` datetime NOT NULL,
  `comment` varchar(200) DEFAULT NULL,
  `comment_person` varchar(13) DEFAULT NULL,
  `comment_date` datetime DEFAULT NULL,
  `grant_x` tinyint(4) DEFAULT NULL,
  `grant_comment` varchar(200) DEFAULT NULL,
  `grant_person` varchar(13) DEFAULT NULL,
  `grant_date` datetime DEFAULT NULL,
  `report` text DEFAULT NULL,
  `report_date` datetime DEFAULT NULL,
  PRIMARY KEY (`id`),
  UNIQUE KEY `ref_id` (`ref_id`)
) ENGINE=MyISAM AUTO_INCREMENT=11 DEFAULT CHARSET=utf8 COLLATE=utf8_general_ci;

--
-- Dumping data for table `permission_main`
--

INSERT INTO `permission_main` VALUES (1,'5340100033618','14669238672089543332','อบรมปฏิบัติการการใช้โปรแกรมสนับสนุน SMSS','ห้องประชุม2 สพป.อบ.4','รถยนต์ส่วนบุคคล','',0,'3341501221126','2016-06-26 13:51:07',NULL,NULL,NULL,1,NULL,'3341501221126','2016-06-26 13:54:32',NULL,NULL),(3,'3340500734447','1466923987966975512','อบรมปฎิบัติการใช้โปรแกรมระบบ smss','ห้องประชุม 2 สพป.อบ.4','รถยนต์ส่วนตัว','',0,'3341501221126','2016-06-26 13:53:07',NULL,NULL,NULL,1,NULL,'3341501221126','2016-06-26 14:06:36',NULL,NULL),(4,'5340100033618','14669240802067030968','อบรมปฏิบัติการการใช้โปรแกรมสนับสนุน SMSS','ห้องประชุม2 สพป.อบ.4','รถยนต์ส่วนบุคคล','',0,'3341501221126','2016-06-26 13:54:40',NULL,NULL,NULL,1,NULL,'3341501221126','2016-06-26 13:55:55',NULL,NULL),(5,'3341500458122','14669241652102261516','อบรม','เขต4','รถยนตื','',0,'3341501221126','2016-06-26 13:56:05',NULL,NULL,NULL,1,NULL,'3341501221126','2016-06-26 14:06:36',NULL,NULL),(6,'3341501221126','14669251092068168876','อบรม SMSS','สพป.อบ.4','รถส่วนตัว','',0,'3341501221126','2016-06-26 14:11:49',NULL,NULL,NULL,1,NULL,'3341501221126','2016-06-26 14:12:49',NULL,NULL),(8,'3340500734447','14676061931702056910','การอบรมเชิงปฏิบัติการเพื่อพัฒนาครูสุขศึกษา และพลศึกษาในการเสริมสร้างภูมิคุ้มกันทางสังคมและทักษะชีวิตให้แก่นักเรียน','โรงแรมไอศยารีสอร์ท อ.วารินชำราบ  จ.อุบลราชธานี','รถยนต์ส่วนตัว','',0,'','2016-07-04 11:23:13',NULL,NULL,NULL,1,NULL,'3490300100494','2024-01-24 10:37:24',NULL,NULL),(9,'3340500734447','14692832671799837519','การอบรมเชิงปฏิบัติการการใช้ระบบ SMSS ของโรงเรียนในสังกัด (ระบบบริหารงบประมาณ)  ','ห้องประชุมสำนักงานเขตพื้นที่การศึกษาประถมศึกษาอุบลราชธานี เขต 4 (ห้องใหญ่)','รถยนต์ส่วนตัว','',0,'','2016-07-23 21:14:27',NULL,NULL,NULL,1,NULL,'3490300100494','2024-01-24 10:37:24',NULL,NULL),(10,'1341500009828','154700517525077','ขออนุญาตไปราชการ','วัดหนองป่าพง ตำบลโนนผึ้ง อำเภอวารินชำราบ จังหวัดอุบลราชธานี','รถยนต์ส่วนบุคคล','modules/permission/upload_files/doc_154700622612551.doc',0,'3330900779456','2019-01-09 10:39:35',NULL,NULL,NULL,1,NULL,'3330900779456','2019-01-09 11:14:28',NULL,NULL);

--
-- Table structure for table `permission_permission`
--

CREATE TABLE `permission_permission` (
  `id` int(11) NOT NULL AUTO_INCREMENT,
  `person_id` varchar(13) NOT NULL,
  `p1` tinyint(4) NOT NULL,
  `officer` varchar(13) NOT NULL,
  `rec_date` date NOT NULL,
  PRIMARY KEY (`id`)
) ENGINE=MyISAM AUTO_INCREMENT=7 DEFAULT CHARSET=utf8 COLLATE=utf8_general_ci;

--
-- Dumping data for table `permission_permission`
--

INSERT INTO `permission_permission` VALUES (6,'1349900462900',1,'3490300100494','2024-01-17'),(5,'1342200068901',1,'1342200068901','2022-07-23');

--
-- Table structure for table `permission_person_set`
--

CREATE TABLE `permission_person_set` (
  `id` int(11) NOT NULL AUTO_INCREMENT,
  `person_id` varchar(13) NOT NULL,
  `comment_person` varchar(13) DEFAULT NULL,
  `grant_person` varchar(13) DEFAULT NULL,
  `officer` varchar(13) DEFAULT NULL,
  `rec_date` date DEFAULT NULL,
  PRIMARY KEY (`id`),
  UNIQUE KEY `person_id` (`person_id`)
) ENGINE=MyISAM AUTO_INCREMENT=2 DEFAULT CHARSET=utf8 COLLATE=utf8_general_ci;

--
-- Dumping data for table `permission_person_set`
--

INSERT INTO `permission_person_set` VALUES (1,'3330900779456','','3330900779456','3330900779456','2019-01-09');

--
-- Table structure for table `person_main`
--

CREATE TABLE `person_main` (
  `id` int(11) NOT NULL AUTO_INCREMENT,
  `person_id` varchar(13) NOT NULL,
  `prename` varchar(20) NOT NULL,
  `name` varchar(50) NOT NULL,
  `surname` varchar(50) NOT NULL,
  `position_code` tinyint(4) NOT NULL,
  `pic` varchar(150) DEFAULT NULL,
  `status` tinyint(4) NOT NULL DEFAULT 0,
  `person_order` tinyint(4) DEFAULT 0,
  `officer` varchar(13) NOT NULL,
  `rec_date` date NOT NULL,
  PRIMARY KEY (`id`),
  UNIQUE KEY `person_id` (`person_id`)
) ENGINE=MyISAM AUTO_INCREMENT=24 DEFAULT CHARSET=utf8 COLLATE=utf8_general_ci;

--
-- Dumping data for table `person_main`
--

INSERT INTO `person_main` VALUES (16,'3350300199904','นางสาว','กชพรรณ','ผาลา',31,'modules/person/picture/3350300199904.jpg',0,0,'1341500009828','2020-07-10'),(13,'1349900462900','นาง','จีระนันท์','พื้นอินทร์',31,'modules/person/picture/1349900462900.jpg',0,0,'1341500009828','2018-10-02'),(22,'1330800204145','นางสาว','วชิรญาณ์','วันทะวงษ์',3,'',0,0,'3490300100494','2025-11-11'),(19,'1342200058387','นางสาว','ผกาวรรณ','สายโสม',3,'modules/person/picture/1342200058387.jpg',0,2,'1341500009828','2023-06-27'),(17,'1342200068901','นาง','มณีนุช','ลีล้อม',4,'modules/person/picture/1342200068901.jpg',1,3,'3490300100494','2022-05-17'),(20,'3490300100494','นาง','บุญหนุน','สนีค',3,'',0,0,'1342200068901','2024-01-18'),(21,'1103702716006','นางสาว','กรรณิการ์','กรุณา',4,'',0,0,'1349900462900','2024-07-12'),(23,'1','นาย','สุริยา','จันลุน',33,'',0,0,'3490300100494','2025-11-11');

--
-- Table structure for table `person_permission`
--

CREATE TABLE `person_permission` (
  `id` int(11) NOT NULL AUTO_INCREMENT,
  `person_id` varchar(13) NOT NULL,
  `p1` tinyint(4) NOT NULL,
  `officer` varchar(13) NOT NULL,
  `rec_date` date NOT NULL,
  PRIMARY KEY (`id`)
) ENGINE=MyISAM AUTO_INCREMENT=12 DEFAULT CHARSET=utf8 COLLATE=utf8_general_ci;

--
-- Dumping data for table `person_permission`
--

INSERT INTO `person_permission` VALUES (3,'3490300100494',1,'1342200068901','2024-09-19'),(4,'1349900462900',1,'1342200068901','2024-09-19'),(11,'1330800204145',1,'1349900462900','2025-11-11'),(9,'1342200068901',1,'1342200068901','2024-09-19'),(10,'1103702716006',1,'1349900462900','2024-10-08');

--
-- Table structure for table `person_position`
--

CREATE TABLE `person_position` (
  `id` int(11) NOT NULL AUTO_INCREMENT,
  `position_code` int(11) NOT NULL,
  `position_name` varchar(50) NOT NULL,
  PRIMARY KEY (`id`),
  UNIQUE KEY `position_code` (`position_code`)
) ENGINE=MyISAM AUTO_INCREMENT=20 DEFAULT CHARSET=utf8 COLLATE=utf8_general_ci;

--
-- Dumping data for table `person_position`
--

INSERT INTO `person_position` VALUES (1,1,'ผู้อำนวยการโรงเรียน'),(2,2,'รองผู้อำนวยการโรงเรียน'),(3,3,'ครู'),(4,4,'ครูผู้ช่วย'),(5,11,'พนักงานราชการ(ครูผู้สอน)'),(6,12,'พนักงานราชการ(ครูพี่เลี้ยง)'),(7,13,'พนักงานราชการ(อื่น ๆ)'),(17,41,'ผู้จัดการโรงเรียนเอกชน'),(9,21,'ลูกจ้างประจำ(พนักงานธุรการ)'),(10,22,'ลูกจ้างประจำ(พนักงานขับรถยนต์))'),(11,23,'ลูกจ้างประจำ(ช่างครุภัณฑ์)'),(12,24,'ลูกจ้างประจำ(อื่น ๆ)'),(13,31,'ลูกจ้างชั่วคราว(ครู)'),(14,32,'ลูกจ้างชั่วคราว(เจ้าหน้าที่ธุรการโรงเรียน)'),(15,33,'ลูกจ้างชั่วคราว(นักการภารโรง)'),(16,34,'ลูกจ้างชั่วคราว(อื่น ๆ)'),(18,42,'เจ้าหน้าที่บริหารทั่วไปโรงเรียนเอกชน'),(19,43,'เจ้าหน้าที่อื่น ๆ โรงเรียนเอกชน');

--
-- Table structure for table `plan_acti`
--

CREATE TABLE `plan_acti` (
  `id` int(11) NOT NULL AUTO_INCREMENT,
  `budget_year` int(11) DEFAULT NULL,
  `code_clus` tinyint(4) NOT NULL,
  `code_proj` char(3) NOT NULL DEFAULT '',
  `code_acti` char(6) NOT NULL DEFAULT '',
  `code_approve` char(3) NOT NULL DEFAULT '',
  `budget_acti` decimal(10,2) NOT NULL DEFAULT 0.00,
  `budget_approve` decimal(10,2) NOT NULL DEFAULT 0.00,
  `dayinput` date NOT NULL DEFAULT '0000-00-00',
  `daythai` char(13) NOT NULL DEFAULT '',
  `name_acti` char(150) NOT NULL,
  `owner_acti` char(50) NOT NULL DEFAULT '',
  `id_defalt` char(13) NOT NULL DEFAULT '',
  `dayseri` datetime NOT NULL DEFAULT '0000-00-00 00:00:00',
  `begin_date` date NOT NULL,
  `finish_date` date NOT NULL,
  `stop` tinyint(1) DEFAULT NULL,
  PRIMARY KEY (`id`)
) ENGINE=MyISAM AUTO_INCREMENT=108 DEFAULT CHARSET=utf8 COLLATE=utf8_general_ci;

--
-- Dumping data for table `plan_acti`
--

INSERT INTO `plan_acti` VALUES (1,2562,1,'001','001001','109',115734.00,0.00,'2562-12-16','16 ธ.ค. 2562','จัดการเรียนการสอนตั้งแต่ชั้นอนุบาลถึงชั้นประถมศึกษาปีที่ 6','','','2019-12-16 12:09:18','2019-12-16','2019-09-30',NULL),(2,2562,4,'013','013001','118',3040000.00,0.00,'2562-12-16','16 ธ.ค. 2562','จัดอาหารกลางวันและอาหารเสริมนมให้กับนักเรียนทุกคนในโรงเรียน','','','2019-12-16 12:15:23','2019-05-16','2019-09-30',NULL),(3,2562,4,'011','011001','108',10000.00,0.00,'2562-12-16','16 ธ.ค. 2562','พัฒนาสภาพแวดล้อม และภูมิทัศน์ภายในโรงเรียน','','','2019-12-16 12:54:11','2019-05-16','2019-09-30',NULL),(4,2562,4,'012','012001','109',1000.00,0.00,'2562-12-16','16 ธ.ค. 2562','จัดทำเอกสาร และแบบรายงานการเยี่ยมบ้านนักเรียน','','','2019-12-16 12:56:42','2019-05-16','2019-09-30',NULL),(5,2562,4,'016','016001','109',1000.00,0.00,'2562-12-16','16 ธ.ค. 2562','จัดทำเอกสารการนิเทศภายใน','','','2019-12-16 12:59:09','2019-05-16','2019-09-30',NULL),(6,2562,4,'017','017001','109',500.00,0.00,'2562-12-16','16 ธ.ค. 2562','จัดกิจกรรมส่งเสริมประชาธิปไตยในโรงเรียน','','','2019-12-16 13:01:29','2019-05-16','2019-09-30',NULL),(7,2562,4,'017','017002','109',500.00,0.00,'2562-12-16','16 ธ.ค. 2562','จัดทำหลักสูตรต้านทุจริตในสถานศึกษา','','','2019-12-16 13:02:41','2019-05-16','2019-09-30',NULL),(8,2562,2,'018','018001','109',0.00,0.00,'2562-12-16','16 ธ.ค. 2562','พัฒนางานบริหารงบประมาณและสินทรัพย์','','','2019-12-16 13:05:01','2019-05-16','2019-09-30',NULL),(9,2562,2,'018','018002','109',43000.00,0.00,'2019-12-16','16 ธ.ค. 2562','ชำระค่าสาธารณูปโภค (ค่าน้ำ ค่าไฟ ค่าอินเตอร์เน็ต)','','','2019-12-16 13:06:53','2019-05-16','2019-09-30',NULL),(10,2562,3,'015','015001','109',20000.00,0.00,'2562-12-16','16 ธ.ค. 2562','อบรม สัมมนา พัฒนาครูและบุคลากรทางการศึกษา','','','2019-12-16 13:10:46','2019-05-16','2019-09-30',NULL),(11,2562,4,'014','014001','109',3000.00,0.00,'2562-12-16','16 ธ.ค. 2562','จัดทำเอกสาร และกิจกรรมต่อต้านยาเสพติด','','','2019-12-16 13:13:11','2019-12-16','2019-09-30',NULL),(61,2564,1,'001','001001','115',12920.00,0.00,'2564-01-26','26 ม.ค. 2564','ค่าอุปกรณ์การเรียน','','','2021-01-26 10:40:15','2020-10-01','2021-09-30',NULL),(13,2563,1,'001','001001','115',12920.00,0.00,'2021-01-26','25 ม.ค. 2564','ค่าอุปกรณ์การเรียน','','','2021-01-25 13:39:08','2020-05-16','2020-09-30',NULL),(14,2563,1,'001','001002','116',26160.00,0.00,'2021-01-26','25 ม.ค. 2564','ค่าเครื่องแบบนักเรียน','','','2021-01-25 13:40:51','2020-05-16','2020-09-30',NULL),(15,2563,1,'001','001003','114',43734.00,0.00,'2564-01-25','25 ม.ค. 2564','ค่าหนังสือเรียน','','','2021-01-25 13:42:05','2020-05-16','2020-09-30',NULL),(17,2563,1,'001','001004','117',10000.00,0.00,'2021-01-26','25 ม.ค. 2564','ค่ากิจกรรมพัฒนาผู้เรียน','','','2021-01-25 13:45:53','2020-05-16','2020-09-30',NULL),(18,2563,1,'002','002001','109',7000.00,0.00,'2021-01-26','25 ม.ค. 2564','ค่าวัสดุอุปกรณ์ และอื่นๆ','','','2021-01-25 13:51:24','2020-05-16','2020-09-30',NULL),(19,2563,1,'003','003001','109',30000.00,0.00,'2021-01-26','25 ม.ค. 2564','ค่าวัสดุอุปกรณ์และอื่นๆ','','','2021-01-25 13:55:35','2020-05-16','2020-09-30',NULL),(20,2563,1,'004','004001','109',3250.00,0.00,'2021-01-26','25 ม.ค. 2564','ค่าวัสดุอุปกรณ์และอื่นๆ','','','2021-01-25 14:03:10','2020-05-16','2020-09-30',NULL),(21,2563,1,'005','005001','108',1000.00,0.00,'2021-01-26','25 ม.ค. 2564','ค่าวัสดุอุปกรณ์','','','2021-01-25 14:09:06','2020-05-16','2020-09-30',NULL),(22,2563,1,'006','006001','109',1000.00,0.00,'2021-01-26','25 ม.ค. 2564','ค่าวัสดุอุปกรณ์และอื่นๆ','','','2021-01-25 14:13:16','2020-05-16','2020-09-30',NULL),(23,2563,4,'007','007001','109',10000.00,0.00,'2021-01-26','25 ม.ค. 2564','ค่าวัสดุอุปกรณ์และอื่นๆ','','','2021-01-25 14:19:28','2020-05-16','2020-09-30',NULL),(24,2563,4,'008','008001','109',500.00,0.00,'2021-01-25','25 ม.ค. 2564','วันไหว้ครู','','','2021-01-25 14:24:20','2020-05-16','2020-09-30',NULL),(25,2563,4,'008','008002','109',3000.00,0.00,'2564-01-25','25 ม.ค. 2564','วันแม่แห่งชาติ','','','2021-01-25 14:26:52','2020-05-16','2020-09-30',NULL),(26,2563,4,'008','008003','109',3000.00,0.00,'2564-01-25','25 ม.ค. 2564','วันเข้าพรรษา','','','2021-01-25 14:29:02','2020-05-16','2020-09-30',NULL),(27,2563,4,'008','008004','108',1000.00,0.00,'2021-01-25','25 ม.ค. 2564','วันชาติ','','','2021-01-25 14:30:24','2020-05-16','2020-09-30',NULL),(28,2563,4,'008','008005','109',2000.00,0.00,'2564-01-25','25 ม.ค. 2564','วันสุนทรภู่','','','2021-01-25 14:32:35','2020-05-16','2020-09-30',NULL),(29,2563,4,'008','008006','109',0.00,0.00,'2021-01-26','25 ม.ค. 2564','วันอำลาสถาบันและปัจฉิมนิเทศ(ยกยอดไปภาคเรียนที่ 2)','','','2021-01-25 14:34:26','2020-05-16','2020-09-30',NULL),(30,2563,4,'008','008007','109',1000.00,0.00,'2564-01-25','25 ม.ค. 2564','วันเฉลิมพระชนมพรรษาพระบาทสมเด็จพระปรเมนทรรามาธิบดีศรีสินทรมหาวชิราลงกรณ์','','','2021-01-25 14:37:47','2020-05-16','2020-09-30',NULL),(31,2563,4,'008','008008','109',1000.00,0.00,'2021-01-26','25 ม.ค. 2564','วันเฉลิมพระชนมพรรษาสมเด็จพระนางเจ้าสุทิดาฯ พระบรมราชินี','','','2021-01-25 14:39:47','2020-05-16','2020-09-30',NULL),(32,2563,4,'008','008009','109',0.00,0.00,'2021-01-26','25 ม.ค. 2564','วันเด็กแห่งชาติ (ยกยอดไปภาคเรียนที่ 2)','','','2021-01-25 14:41:11','2020-05-16','2020-09-30',NULL),(33,2563,4,'009','009001','109',250.00,0.00,'2021-01-26','25 ม.ค. 2564','จัดทำสื่อประชาสัมพันธ์','','','2021-01-25 14:45:59','2020-05-16','2020-09-30',NULL),(34,2563,4,'009','009002','108',500.00,0.00,'2021-01-26','25 ม.ค. 2564','ป้ายนิเทศให้ความรู้','','','2021-01-25 14:47:12','2020-05-16','2020-09-30',NULL),(35,2563,4,'009','009003','109',250.00,0.00,'2021-01-26','25 ม.ค. 2564','ค่าเอกสาร','','','2021-01-25 14:48:16','2020-05-16','2020-09-30',NULL),(36,2563,4,'009','009004','109',1500.00,0.00,'2021-01-26','25 ม.ค. 2564','ค่าเวชภัณฑ์ยาห้องพยาบาล','','','2021-01-25 14:49:27','2020-05-16','2020-09-30',NULL),(37,2563,4,'009','009005','109',500.00,0.00,'2021-01-26','25 ม.ค. 2564','ค่าใช้จ่ายอื่นๆ','','','2021-01-25 14:50:36','2020-05-16','2020-09-30',NULL),(38,2563,4,'010','010001','109',1500.00,0.00,'2021-01-26','25 ม.ค. 2564','ค่าวัสดุอุปกรณ์และอื่นๆ','','','2021-01-25 14:55:21','2020-05-16','2020-09-30',NULL),(39,2563,4,'011','011001','109',5000.00,0.00,'2021-01-26','25 ม.ค. 2564','ค่าวัสดุอุปกรณ์รวมค่าแรง','','','2021-01-25 15:00:33','2020-05-16','2020-09-30',NULL),(40,2563,4,'012','012001','109',250.00,0.00,'2021-01-26','25 ม.ค. 2564','ค่าน้ำมัน','','','2021-01-25 15:03:24','2020-05-16','2020-09-30',NULL),(41,2563,4,'012','012002','109',250.00,0.00,'2021-01-26','25 ม.ค. 2564','ค่าอาหารและเครื่องดื่ม','','','2021-01-25 15:04:27','2020-05-16','2020-09-30',NULL),(42,2563,4,'012','012003','108',250.00,0.00,'2021-01-26','25 ม.ค. 2564','ค่าเอกสารแบบสอบถาม','','','2021-01-25 15:05:36','2020-05-16','2020-09-30',NULL),(43,2563,4,'012','012004','109',250.00,0.00,'2021-01-26','25 ม.ค. 2564','ค่าใช้จ่ายอื่นๆ','','','2021-01-25 15:06:32','2020-05-16','2020-09-30',NULL),(44,2563,2,'013','013001','120',125000.00,0.00,'2021-01-26','25 ม.ค. 2564','ค่าวัตถุดิบ เครื่องปรุง และแก๊สหุงต้ม','','','2021-01-25 15:10:34','2020-05-16','2020-09-30',NULL),(45,2563,2,'013','013002','120',25000.00,0.00,'2021-01-26','25 ม.ค. 2564','ค่าจ้างเหมาผู้ประกอบอาหาร','','','2021-01-25 15:12:13','2020-05-16','2020-09-30',NULL),(46,2563,2,'013','013003','120',2000.00,0.00,'2021-01-26','25 ม.ค. 2564','อุปกรณ์ห้องคร้ว','','','2021-01-25 15:13:33','2020-05-16','2020-09-30',NULL),(47,2563,4,'014','014001','109',1750.00,0.00,'2021-01-26','25 ม.ค. 2564','ค่าวัสดุอุปกรณ์ในการจัดกิจกรรม','','','2021-01-25 15:18:05','2020-05-16','2020-09-30',NULL),(48,2563,2,'015','015001','109',1500.00,0.00,'2021-01-26','25 ม.ค. 2564','ค่าวัสดุอุปกรณ์','','','2021-01-25 15:24:19','2020-05-16','2020-09-30',NULL),(49,2563,3,'016','016001','109',5000.00,0.00,'2021-01-26','25 ม.ค. 2564','อบรมครูและบุคลากร','','','2021-01-25 15:28:02','2020-05-16','2020-09-30',NULL),(50,2563,3,'016','016002','109',5000.00,0.00,'2021-01-26','25 ม.ค. 2564','กิจกรรมสร้างขวัญและกำลังใจ','','','2021-01-25 15:30:27','2020-05-16','2020-09-30',NULL),(51,2563,1,'017','017001','109',250.00,0.00,'2021-01-26','25 ม.ค. 2564','ค่าวัสดุอุปกรณ์','','','2021-01-25 15:34:45','2020-05-16','2020-09-30',NULL),(52,2563,1,'017','017002','109',250.00,0.00,'2021-01-26','25 ม.ค. 2564','ค่าเอกสาร','','','2021-01-25 15:35:38','2020-05-16','2020-09-30',NULL),(53,2563,4,'018','018001','108',1000.00,0.00,'2564-01-25','25 ม.ค. 2564','ค่าวัสดุอุปกรณ์การเลือกตั้ง','','','2021-01-25 15:38:57','2020-05-16','2020-09-30',NULL),(54,2563,2,'019','019001','109',6100.00,0.00,'2021-01-26','25 ม.ค. 2564','ค่าวัสดุอุปกรณ์และอื่นๆ','','','2021-01-25 15:43:45','2020-05-16','2020-09-30',NULL),(55,2563,2,'019','019002','109',6100.00,0.00,'2021-01-26','25 ม.ค. 2564','ค่าสาธารณูปโภค','','','2021-01-25 15:45:18','2020-05-16','2020-09-30',NULL),(56,2563,4,'020','020001','109',0.00,0.00,'2021-01-26','25 ม.ค. 2564','ค่าวัสดุ อุปกรณ์ และอื่นๆ','','','2021-01-25 15:51:15','2020-05-16','2020-09-30',NULL),(57,2563,1,'021','021001','109',1500.00,0.00,'2021-01-26','25 ม.ค. 2564','ค่าวัสดุอุปกรณ์ทำความสะอาด','','','2021-01-25 15:57:05','2020-05-16','2020-09-30',NULL),(58,2563,1,'021','021002','109',6000.00,0.00,'2021-01-26','25 ม.ค. 2564','ค่าเอกสารใบงาน ใบความรู้','','','2021-01-25 15:58:18','2020-05-16','2020-09-30',NULL),(59,2563,1,'021','021003','109',1000.00,0.00,'2021-01-26','25 ม.ค. 2564','ค่าอุปกรณ์วัดไข้ เจลล้างมือ หน้ากากอนามัย','','','2021-01-25 16:00:40','2020-05-16','2020-09-30',NULL),(60,2563,1,'021','021004','109',1500.00,0.00,'2021-01-26','25 ม.ค. 2564','จัดอบรมให้ความรู้และการป้องกันตนเองจากโควิด-19','','','2021-01-25 16:02:50','2020-05-16','2020-09-30',NULL),(62,2564,1,'001','001002','116',0.00,0.00,'2564-01-26','26 ม.ค. 2564','ค่าเครื่องแบบนักเรียน(ดำเนินการแล้วเสร็จตอนภาคเรียนที่ 1)','','','2021-01-26 10:42:20','2020-10-01','2021-09-30',NULL),(63,2564,1,'001','001003','114',0.00,0.00,'2564-01-26','26 ม.ค. 2564','ค่าหนังสือเรียน (ดำเนินการแล้วเสร็จตอนภาคเรียนที่ 1)','','','2021-01-26 10:44:07','2020-10-01','2021-09-30',NULL),(64,2564,1,'001','001004','117',10000.00,0.00,'2564-01-26','26 ม.ค. 2564','ค่ากิจกรรมพัฒนาผู้เรียน','','','2021-01-26 10:45:21','2020-10-01','2021-09-30',NULL),(65,2564,1,'002','002001','109',7000.00,0.00,'2564-01-26','26 ม.ค. 2564','ค่าวัสดุอุปกรณ์และอื่นๆ','','','2021-01-26 10:50:32','2020-10-01','2021-09-30',NULL),(66,2564,1,'003','003001','109',30000.00,0.00,'2564-01-26','26 ม.ค. 2564','ค่าวัสดุอุปกรณ์และอื่นๆ','','','2021-01-26 10:54:29','2020-10-01','2021-09-30',NULL),(67,2564,1,'004','004001','109',3250.00,0.00,'2564-01-26','26 ม.ค. 2564','ค่าวัสดุอุปกรณ์และอื่นๆ','','','2021-01-26 10:59:57','2020-10-01','2021-09-30',NULL),(68,2564,1,'005','005001','108',1000.00,0.00,'2564-01-26','26 ม.ค. 2564','ค่าวัสดุอุปกรณ์','','','2021-01-26 11:04:16','2020-10-01','2021-09-30',NULL),(69,2564,1,'006','006001','109',1000.00,0.00,'2564-01-26','26 ม.ค. 2564','ค่าวัสดุอุปกรณ์และอื่นๆ','','','2021-01-26 11:07:54','2020-10-01','2021-09-30',NULL),(70,2564,4,'007','007001','109',10000.00,0.00,'2564-01-26','26 ม.ค. 2564','ค่าวัสดุอุปกรณ์และอื่นๆ','','','2021-01-26 11:11:04','2020-10-01','2021-09-30',NULL),(71,2564,4,'008','008001','109',0.00,0.00,'2564-01-26','26 ม.ค. 2564','วันไหว้ครู(ดำเนินการแล้วเสร็จตอนภาคเรียนที่ 1)','','','2021-01-26 11:20:18','2020-10-01','2021-09-30',NULL),(72,2564,4,'008','008002','109',0.00,0.00,'2021-01-26','26 ม.ค. 2564','วันแม่แห่งชาติ (ดำเนินการแล้วเสร็จตอนภาคเรียนที่ 1)','','','2021-01-26 11:22:11','2020-10-01','2021-09-30',NULL),(73,2564,4,'008','008003','109',0.00,0.00,'2564-01-26','26 ม.ค. 2564','วันเข้าพรรษา(ดำเนินการแล้วเสร็จตอนภาคเรียนที่ 1)','','','2021-01-26 11:26:08','2020-10-01','2021-09-30',NULL),(74,2564,4,'008','008004','109',1000.00,0.00,'2564-01-26','26 ม.ค. 2564','วันชาติ','','','2021-01-26 11:28:10','2020-10-01','2021-09-30',NULL),(75,2564,4,'008','008005','109',0.00,0.00,'2021-01-26','26 ม.ค. 2564','วันสุนทรภู่ (ดำเนินการแล้วเสร็จในภาคเรียนที่ 1)','','','2021-01-26 11:30:20','2020-10-01','2021-09-30',NULL),(76,2564,4,'008','008006','109',3000.00,0.00,'2564-01-26','26 ม.ค. 2564','วันอำลาสถาบันและปัจฉิมนิเทศ','','','2021-01-26 11:31:57','2020-10-01','2021-09-30',NULL),(77,2564,4,'008','008007','109',0.00,0.00,'2021-01-26','26 ม.ค. 2564','วันเฉลิมพระชนมพรรษาพระบาทสมเด็จพระปรเมนทรรามาธิบดีศรีสินทรมหาวชิราลงกรณ์(ดำเนินการแล้วเสร็จตอนภาคเรียนที่ 1)','','','2021-01-26 11:34:22','2020-10-16','2021-09-30',NULL),(78,2564,4,'008','008008','109',0.00,0.00,'2564-01-26','26 ม.ค. 2564','วันเฉลิมพระชนมพรรษาสมเด็จพระนางเจ้าสุทิดาฯพระบรมราชินี(ดำเนินการแล้วเสร็จตอนภาคเรียนที่ 1)','','','2021-01-26 11:38:11','2020-10-01','2021-09-30',NULL),(79,2564,4,'008','008009','109',1000.00,0.00,'2564-01-26','26 ม.ค. 2564','วันเด็กแห่งชาติ','','','2021-01-26 11:39:13','2020-10-01','2021-09-30',NULL),(80,2564,4,'009','009001','109',250.00,0.00,'2564-01-26','26 ม.ค. 2564','จัดทำสื่อประชาสัมพันธ์','','','2021-01-26 11:42:56','2020-10-01','2021-09-30',NULL),(81,2564,4,'009','009002','109',500.00,0.00,'2564-01-26','26 ม.ค. 2564','ป้ายนิเทศให้ความรู้','','','2021-01-26 11:44:12','2020-10-01','2021-09-30',NULL),(82,2564,4,'009','009003','109',250.00,0.00,'2564-01-26','26 ม.ค. 2564','ค่าเอกสาร','','','2021-01-26 11:45:39','2020-10-01','2021-09-30',NULL),(83,2564,4,'009','009004','109',1500.00,0.00,'2564-01-26','26 ม.ค. 2564','ค่าเวชภัณฑ์ยาห้องพยาบาล','','','2021-01-26 11:47:29','2020-10-01','2021-09-30',NULL),(84,2564,4,'009','009005','109',500.00,0.00,'2564-01-26','26 ม.ค. 2564','ค่าใช้จ่ายอื่นๆ','','','2021-01-26 11:48:39','2020-10-01','2021-09-30',NULL),(85,2564,4,'010','010001','109',3000.00,0.00,'2564-01-26','26 ม.ค. 2564','ค่าวัสดุอุปกรณ์และอื่นๆ','','','2021-01-26 11:52:20','2020-10-01','2021-09-30',NULL),(86,2564,4,'011','011001','109',5000.00,0.00,'2564-01-26','26 ม.ค. 2564','ค่าวัสดุอุปกรณ์รวมค่าแรง','','','2021-01-26 12:08:06','2020-10-01','2021-09-30',NULL),(87,2564,4,'012','012001','109',250.00,0.00,'2564-01-26','26 ม.ค. 2564','ค่าน้ำมัน','','','2021-01-26 12:11:52','2020-10-01','2021-09-30',NULL),(88,2564,4,'012','012002','109',250.00,0.00,'2564-01-26','26 ม.ค. 2564','ค่าอาหารและเครื่องดื่ม','','','2021-01-26 12:13:02','2020-10-01','2021-09-30',NULL),(89,2564,4,'012','012003','109',250.00,0.00,'2564-01-26','26 ม.ค. 2564','ค่าเอกสารแบบสอบถาม','','','2021-01-26 12:14:03','2020-10-01','2021-09-30',NULL),(90,2564,4,'012','012004','109',250.00,0.00,'2021-01-26','26 ม.ค. 2564','ค่าใช้จ่ายอื่นๆ','','','2021-01-26 12:15:10','2020-10-01','2021-09-30',NULL),(91,2564,4,'013','013001','118',125000.00,0.00,'2564-01-26','26 ม.ค. 2564','ค่าวัตถุดิบ เครื่องปรุง และแก๊สหุงต้ม','','','2021-01-26 12:23:07','2020-10-01','2021-04-30',NULL),(92,2564,4,'013','013002','118',25000.00,0.00,'2564-01-26','26 ม.ค. 2564','ค่าจ้างเหมาผู้ประกอบอาหาร','','','2021-01-26 12:24:34','2020-10-01','2021-04-30',NULL),(93,2564,4,'013','013003','118',2000.00,0.00,'2564-01-26','26 ม.ค. 2564','อุปกรณ์ห้องครัว','','','2021-01-26 12:25:58','2020-10-01','2021-04-30',NULL),(94,2564,4,'014','014001','109',1750.00,0.00,'2564-01-26','26 ม.ค. 2564','ค่าวัสดุอุปกรณ์ในการจัดกิจกรรม','','','2021-01-26 12:35:26','2020-10-01','2021-04-30',NULL),(95,2564,2,'015','015001','109',1500.00,0.00,'2564-01-26','26 ม.ค. 2564','ค่าวัสดุอุปกรณ์','','','2021-01-26 12:38:36','2020-10-01','2021-09-30',NULL),(96,2564,3,'016','016001','109',5000.00,0.00,'2564-01-26','26 ม.ค. 2564','อบรมครูและบุคลากร','','','2021-01-26 12:45:54','2020-10-01','2021-09-30',NULL),(97,2564,3,'016','016002','109',5000.00,0.00,'2564-01-26','26 ม.ค. 2564','กิจกรรมสร้างขวัญและกำลังใจ','','','2021-01-26 12:47:27','2020-10-01','2021-09-30',NULL),(98,2564,1,'017','017001','109',250.00,0.00,'2021-01-26','26 ม.ค. 2564','ค่าวัสดุอุปกรณ์','','','2021-01-26 12:52:25','2020-10-01','2021-09-30',NULL),(99,2564,1,'017','017002','109',250.00,0.00,'2021-01-26','26 ม.ค. 2564','ค่าเอกสาร','','','2021-01-26 12:53:30','2020-10-01','2021-09-30',NULL),(100,2564,4,'018','018001','109',0.00,0.00,'2564-01-26','26 ม.ค. 2564','ค่าวัสดุอุปกรณ์การเลือกตั้ง','','','2021-01-26 12:58:28','2020-10-01','2021-04-30',NULL),(101,2564,2,'019','019001','109',6000.00,0.00,'2021-01-26','26 ม.ค. 2564','ค่าวัสดุอุปกรณ์','','','2021-01-26 13:02:47','2020-10-01','2021-09-30',NULL),(102,2564,2,'019','019002','109',6200.00,0.00,'2564-01-26','26 ม.ค. 2564','ค่าสาธารณูปโภค','','','2021-01-26 13:04:59','2020-10-01','2021-09-30',NULL),(103,2564,4,'020','020001','109',1500.00,0.00,'2564-01-26','26 ม.ค. 2564','ค่าวัสดุอุปกรณ์และอื่นๆ','','','2021-01-26 13:11:14','2020-10-01','2021-04-30',NULL),(104,2564,1,'021','021001','109',1500.00,0.00,'2021-01-26','26 ม.ค. 2564','ค่าวัสดุอุปกรณ์ทำความสะอาด','','','2021-01-26 13:16:19','2020-10-01','2021-04-30',NULL),(105,2564,1,'021','021002','109',6000.00,0.00,'2021-01-26','26 ม.ค. 2564','ค่าเอกสารใบงาน ใบความรู้','','','2021-01-26 13:20:56','2020-10-01','2021-04-30',NULL),(106,2564,1,'021','021003','109',2500.00,0.00,'2021-01-26','26 ม.ค. 2564','ค่าอุปกรณ์วัดไข้เจลล้างมือ หน้ากากอนามัย','','','2021-01-26 13:23:39','2020-10-01','2021-04-30',NULL),(107,2564,2,'022','022001','120',10000.00,0.00,'2564-01-27','27 ม.ค. 2564','อบรมให้ความรู้นักเรียน','','','2021-01-27 12:14:05','2020-10-01','2020-09-30',NULL);

--
