-- Table structure for table `student_check_permission`
--

CREATE TABLE `student_check_permission` (
  `class_now` tinyint(4) NOT NULL,
  `room_now` tinyint(4) NOT NULL,
  `person_id` varchar(13) NOT NULL,
  `student_check_year` int(11) NOT NULL
) ENGINE=MyISAM DEFAULT CHARSET=utf8 COLLATE=utf8_general_ci;

--
-- Dumping data for table `student_check_permission`
--

INSERT INTO `student_check_permission` VALUES (3,0,'3341500458122',2559),(5,0,'3340700165659',2559),(6,0,'3340700165659',2559),(2,1,'1349900462900',2563),(8,0,'5340100033618',2559),(9,0,'3349800056698',2559),(6,0,'1349900462900',2564),(9,1,'3740300046993',2562),(9,0,'5340100033618',2564),(4,1,'5340100033618',2563),(7,0,'3340500734447',2562),(6,0,'3340500734447',2562),(4,0,'1349900462900',2562),(1,0,'3341500458122',2562),(2,0,'3341500458122',2562),(3,0,'3341500458122',2562),(9,1,'3740300046993',2563),(6,1,'3340500734447',2563),(5,0,'3340500734447',2562),(7,0,'1349900462900',2564),(7,1,'3340500734447',2563),(5,1,'5340100033618',2563),(3,1,'1349900462900',2563),(3,1,'1342200068901',2566),(9,0,'5340100033618',2563),(8,1,'3740300046993',2563),(1,0,'1349900462900',2563),(2,0,'1349900462900',2563),(3,0,'1349900462900',2563),(4,0,'3740300046993',2563),(5,0,'3740300046993',2563),(6,0,'3340500734447',2563),(7,0,'3340500734447',2563),(8,0,'3350300199904',2564),(8,0,'3350300199904',2563),(5,0,'3740300046993',2564),(4,0,'3740300046993',2564),(3,0,'1342200068901',2564),(2,0,'1342200068901',2564),(8,0,'5340100033618',2564),(1,1,'1342200068901',2566),(2,1,'1342200068901',2566),(5,1,'1349900462900',2566),(9,1,'3350300199904',2568),(4,1,'1342200068901',2566),(5,1,'3490300100494',2566),(2,1,'1342200068901',2567),(2,1,'3490300100494',2567),(3,1,'3490300100494',2567),(3,1,'1342200068901',2567),(5,1,'3490300100494',2567),(4,1,'3490300100494',2567),(3,1,'1330800204145',2568),(6,1,'3490300100494',2567),(8,1,'1342200058387',2568),(7,1,'3490300100494',2567),(7,1,'1342200058387',2567),(8,1,'3490300100494',2567),(8,1,'1342200058387',2567),(9,1,'3490300100494',2567),(9,1,'3350300199904',2567),(4,1,'1103702716006',2567),(4,1,'1103702716006',2568),(5,1,'1103702716006',2568),(6,1,'3490300100494',2568),(7,1,'1349900462900',2568);

--
-- Table structure for table `student_check_year`
--

CREATE TABLE `student_check_year` (
  `id` int(11) NOT NULL AUTO_INCREMENT,
  `student_check_year` int(11) NOT NULL,
  `year_active` tinyint(1) NOT NULL,
  PRIMARY KEY (`id`),
  UNIQUE KEY `student_check_year` (`student_check_year`)
) ENGINE=MyISAM AUTO_INCREMENT=15 DEFAULT CHARSET=utf8 COLLATE=utf8_general_ci;

--
-- Dumping data for table `student_check_year`
--

INSERT INTO `student_check_year` VALUES (11,2565,0),(4,2560,0),(5,2561,0),(7,2562,0),(8,2563,0),(9,2564,0),(12,2566,0),(13,2567,0),(14,2568,1);

--
-- Table structure for table `student_inclass_main`
--

CREATE TABLE `student_inclass_main` (
  `check_date` date NOT NULL COMMENT 'วันที่บันทึก',
  `student_id` int(11) NOT NULL COMMENT 'รหัสนักเรียน',
  `class_now` tinyint(4) NOT NULL COMMENT 'ชั้นเรียนปัจจุบันที่บันทึก',
  `room_now` tinyint(4) NOT NULL COMMENT 'ห้องเรียนปัจจุบันที่บันทึก',
  `student_check_year` int(11) NOT NULL COMMENT 'ปีการศึกษาที่บันทึก',
  `check_val` varchar(50) NOT NULL COMMENT 'ค่าการเช็ค',
  `check_person_id` varchar(13) NOT NULL COMMENT 'ผู้ทำรายการ',
  `save_date` datetime NOT NULL COMMENT 'วันที่ทำรายการบันทึก'
) ENGINE=MyISAM DEFAULT CHARSET=utf8 COLLATE=utf8_general_ci;

--
-- Dumping data for table `student_inclass_main`
--

INSERT INTO `student_inclass_main` VALUES ('2025-11-11',1848,7,1,2568,'','1349900462900','2025-11-11 11:11:43'),('2025-11-11',1849,7,1,2568,'','1349900462900','2025-11-11 11:11:43'),('2025-11-11',1850,7,1,2568,'','1349900462900','2025-11-11 11:11:43'),('2025-11-11',1841,7,1,2568,'','1349900462900','2025-11-11 11:11:43'),('2025-11-11',1842,7,1,2568,'','1349900462900','2025-11-11 11:11:43'),('2025-11-11',1843,7,1,2568,'','1349900462900','2025-11-11 11:11:43'),('2025-11-11',1844,7,1,2568,'','1349900462900','2025-11-11 11:11:43'),('2025-11-11',1845,7,1,2568,'','1349900462900','2025-11-11 11:11:43'),('2025-11-11',1846,7,1,2568,'','1349900462900','2025-11-11 11:11:43');

--
-- Table structure for table `student_inclass_part`
--

CREATE TABLE `student_inclass_part` (
  `id` int(11) NOT NULL AUTO_INCREMENT,
  `ed_year` int(11) NOT NULL,
  `part` tinyint(4) NOT NULL,
  `start_date` date NOT NULL,
  `stop_date` date NOT NULL,
  `rec_date` date NOT NULL,
  `officer` varchar(13) NOT NULL,
  PRIMARY KEY (`id`)
) ENGINE=MyISAM AUTO_INCREMENT=5 DEFAULT CHARSET=utf8 COLLATE=utf8_general_ci;

--
-- Dumping data for table `student_inclass_part`
--

INSERT INTO `student_inclass_part` VALUES (1,2562,1,'2019-05-16','2019-10-10','2019-06-27','1341500009828'),(2,2564,1,'2021-06-14','2021-10-08','2021-07-29','3330900779456'),(3,2565,1,'2022-05-17','2022-10-10','2022-06-14','3330900779456'),(4,2568,2,'2025-11-11','2026-04-01','2025-11-11','1349900462900');

--
-- Table structure for table `student_inclass_permission`
--

CREATE TABLE `student_inclass_permission` (
  `class_now` tinyint(4) NOT NULL,
  `room_now` tinyint(4) NOT NULL,
  `person_id` varchar(13) NOT NULL,
  `student_check_year` int(11) NOT NULL
) ENGINE=MyISAM DEFAULT CHARSET=utf8 COLLATE=utf8_general_ci;

--
-- Dumping data for table `student_inclass_permission`
--

INSERT INTO `student_inclass_permission` VALUES (1,1,'3341500458122',2562),(2,1,'3341500458122',2562),(3,1,'3341500458122',2562),(4,1,'1349900462900',2562),(5,1,'3340500734447',2562),(6,1,'3340500734447',2562),(7,1,'5340100033618',2562),(8,1,'3740300046993',2562),(9,1,'3740300046993',2562),(1,0,'1349900462900',2562),(2,0,'1349900462900',2562),(3,0,'1349900462900',2562),(4,0,'5340100033618',2562),(5,0,'5340100033618',2562),(6,0,'3340500734447',2562),(7,0,'3340500734447',2562),(8,0,'3740300046993',2562),(9,0,'3740300046993',2562),(2,0,'3340500734447',2564),(3,0,'3340500734447',2564),(4,0,'3740300046993',2564),(5,0,'3740300046993',2564),(6,0,'1349900462900',2564),(7,0,'1349900462900',2564),(8,0,'3350300199904',2564),(9,0,'5340100033618',2564),(2,0,'1342200068901',2565),(3,0,'1342200068901',2565),(4,0,'3740300046993',2565),(5,0,'3740300046993',2565),(6,0,'1349900462900',2565),(7,0,'1349900462900',2565),(8,0,'3350300199904',2565),(9,0,'5340100033618',2565),(3,1,'1330800204145',2568),(4,1,'1103702716006',2568),(5,1,'1103702716006',2568),(6,1,'3490300100494',2568),(7,1,'1349900462900',2568),(8,1,'1342200058387',2568),(9,1,'3350300199904',2568);

--
-- Table structure for table `student_inclass_ref`
--

CREATE TABLE `student_inclass_ref` (
  `id` int(11) NOT NULL AUTO_INCREMENT,
  `ref_id` varchar(50) NOT NULL,
  `ed_day` varchar(10) NOT NULL,
  `period` tinyint(4) NOT NULL,
  PRIMARY KEY (`id`)
) ENGINE=MyISAM DEFAULT CHARSET=utf8 COLLATE=utf8_general_ci;

--
-- Dumping data for table `student_inclass_ref`
--


--
-- Table structure for table `student_inclass_subject`
--

CREATE TABLE `student_inclass_subject` (
  `id` int(11) NOT NULL AUTO_INCREMENT,
  `ed_year` int(11) NOT NULL,
  `part` tinyint(4) NOT NULL,
  `subject` varchar(100) NOT NULL,
  `std_class` tinyint(4) NOT NULL,
  `room` tinyint(4) NOT NULL,
  `ref_id` varchar(50) NOT NULL,
  `officer` varchar(13) NOT NULL,
  `rec_date` date NOT NULL,
  PRIMARY KEY (`id`)
) ENGINE=MyISAM DEFAULT CHARSET=utf8 COLLATE=utf8_general_ci;

--
-- Dumping data for table `student_inclass_subject`
--


--
-- Table structure for table `student_inclass_year`
--

CREATE TABLE `student_inclass_year` (
  `id` int(11) NOT NULL AUTO_INCREMENT,
  `student_check_year` int(11) NOT NULL,
  `num_period` int(2) NOT NULL,
  `lunch_period` int(2) NOT NULL,
  `year_active` tinyint(1) NOT NULL,
  PRIMARY KEY (`id`)
) ENGINE=MyISAM AUTO_INCREMENT=7 DEFAULT CHARSET=utf8 COLLATE=utf8_general_ci;

--
-- Dumping data for table `student_inclass_year`
--

INSERT INTO `student_inclass_year` VALUES (1,2561,6,4,0),(2,2562,8,5,0),(3,2564,8,5,0),(4,2565,7,5,0),(5,2566,0,0,0),(6,2568,8,5,1);

--
-- Table structure for table `student_main`
--

CREATE TABLE `student_main` (
  `id` int(11) NOT NULL AUTO_INCREMENT,
  `student_id` varchar(7) NOT NULL,
  `student_number` int(11) DEFAULT NULL,
  `prename` varchar(20) NOT NULL,
  `name` varchar(50) NOT NULL,
  `surname` varchar(50) NOT NULL,
  `person_id` varchar(20) DEFAULT NULL,
  `sex` tinyint(4) NOT NULL DEFAULT 0,
  `pic` varchar(150) DEFAULT NULL,
  `class_now` tinyint(4) DEFAULT NULL,
  `room` tinyint(4) NOT NULL DEFAULT 0,
  `status` tinyint(4) NOT NULL DEFAULT 0,
  `out_edyear` int(11) DEFAULT NULL,
  `officer` varchar(13) NOT NULL,
  `rec_date` date NOT NULL,
  PRIMARY KEY (`id`),
  UNIQUE KEY `student_number` (`student_id`),
  KEY `class_now` (`class_now`),
  KEY `room` (`room`)
) ENGINE=MyISAM AUTO_INCREMENT=1661 DEFAULT CHARSET=utf8 COLLATE=utf8_general_ci;

--
-- Dumping data for table `student_main`
--

INSERT INTO `student_main` VALUES (1648,'1870',2,'เด็กชาย','ธนกฤต','แสงไสย','1102005017997',1,'',3,1,0,NULL,'1341500009828','2023-09-19'),(1649,'1871',3,'เด็กชาย','ธนภัทร','แสงไสย','1102005018012',1,'',3,1,0,NULL,'1341500009828','2023-09-19'),(1644,'1861',2,'เด็กหญิง','กชกร','แสงใส','1102004834789',2,'',5,1,0,NULL,'1342200068901','2022-09-16'),(1622,'1793',1,'เด็กชาย','ถิรเจตน์','สารภาพ','1342200154106',1,NULL,9,0,1,2566,'1341500009828','2021-06-25'),(1621,'1825',8,'เด็กหญิง','แคธเธอร์ริน อัจฉรา','ชาร์ลเมอร์ส','1103300304242',2,NULL,9,1,1,2566,'1341500009828','2021-06-25'),(671,'1837',12,'เด็กชาย','คลังเงินตรา','ภู่เลี่ยมคำ','1468700056655',1,NULL,9,0,2,2562,'3740300046993','2019-09-01'),(670,'1762',11,'เด็กหญิง','วีรภัทรา','บุบุ่น','1342200145379',2,NULL,9,0,1,2566,'3740300046993','2019-09-01'),(669,'1761',10,'เด็กหญิง','ประภาสิริ','ภาดี','1349901510479',2,NULL,9,0,1,2566,'3740300046993','2019-09-01'),(668,'1760',9,'เด็กหญิง','กฤติกานต์','จันดาดาล','1349901555774',2,NULL,9,0,1,2566,'3740300046993','2019-09-01'),(666,'1758',7,'เด็กหญิง','กนกพร','ดาราชู','1349901548409',2,NULL,9,0,1,2566,'3740300046993','2019-09-01'),(667,'1759',8,'เด็กหญิง','กมลทิพย์','มัธนัง','1342200147126',2,NULL,9,0,1,2566,'3740300046993','2019-09-01'),(665,'1757',6,'เด็กชาย','อติเทพ','โคตรสารี','1342200147568',1,NULL,9,0,1,2566,'3740300046993','2019-09-01'),(664,'1756',5,'เด็กชาย','สิรภพ','วัญญะ','1342200146081',1,NULL,9,0,1,2566,'3740300046993','2019-09-01'),(663,'1755',4,'เด็กชาย','ปัณณธร','โชติพันธ์','1342200144852',1,NULL,9,0,1,2566,'3740300046993','2019-09-01'),(662,'1754',3,'เด็กชาย','ธนากร','โยธาศิริ','1342200145158',1,NULL,9,0,1,2566,'3740300046993','2019-09-01'),(661,'1753',2,'เด็กชาย','ชัยประเสริฐ','ทำวันนา','1342200146758',1,NULL,9,0,1,2566,'3740300046993','2019-09-01'),(1647,'1869',1,'เด็กชาย','ชยพล','การณรงค์','1341501647844',1,'',3,1,0,NULL,'1341500009828','2023-09-19'),(660,'1752',1,'เด็กชาย','กุลโรจน์','คำศรี','1103704282445',1,NULL,9,0,1,2566,'3740300046993','2019-09-01'),(1643,'1860',1,'เด็กชาย','ศรัณย์ธรณ์','บุญภา','1341501619859',1,'',5,1,0,NULL,'1342200068901','2022-09-16'),(1641,'1847',11,'เด็กหญิง','กาญจนา','กาดนอก','1342200152448',2,NULL,9,0,1,2566,'3330900779456','2021-06-25'),(1640,'1791',10,'เด็กหญิง','ปิยธิดา','สงวนงาม','1342200153053',2,NULL,9,0,1,2566,'3330900779456','2021-06-25'),(1639,'1789',9,'เด็กหญิง','วิภาดา','สายไชยสาน','1342200151590',2,NULL,9,0,1,2566,'3330900779456','2021-06-25'),(1638,'1788',8,'เด็กหญิง','วริยา','แสงใส','1342200151859',2,NULL,9,0,1,2566,'3330900779456','2021-06-25'),(1637,'1787',7,'เด็กหญิง','รัตนา','สงวนงาม','1342200151387',2,NULL,9,0,1,2566,'3330900779456','2021-06-25'),(1636,'1786',6,'เด็กหญิง','ไพริน','วิเศษสุด','1103400161958',2,NULL,9,0,1,2566,'3330900779456','2021-06-25'),(1635,'1785',5,'เด็กชาย','อติกานต์','วงษ์แก้ว','1349901673246',1,NULL,9,0,1,2566,'3330900779456','2021-06-25'),(1634,'1784',4,'เด็กชาย','สรวิชญ์','ตะนะสุข','1339700054719',1,NULL,9,0,1,2566,'3330900779456','2021-06-25'),(1633,'1783',3,'เด็กชาย','ธราดล','เผ่าพันธ์','1342200153789',1,NULL,9,0,1,2566,'3330900779456','2021-06-25'),(1632,'1782',2,'เด็กชาย','ณัฐวุฒิ','วัญญะ','1119902551308',1,NULL,9,0,1,2566,'3330900779456','2021-06-25'),(1631,'1780',1,'เด็กชาย','ชลธร','แสงชาติ','1379900413551',1,NULL,9,0,1,2566,'3330900779456','2021-06-25'),(1627,'1798',6,'เด็กหญิง','ศศิ','ศรีสุข','1100202061636',2,NULL,9,0,1,2566,'1341500009828','2021-06-25'),(1628,'1799',7,'เด็กหญิง','วิภาวี','โพธิกุล','1342200156117',2,NULL,9,0,1,2566,'1341500009828','2021-06-25'),(1629,'1809',8,'เด็กหญิง','สุวรรณา','สุฤทธิ์','1839902153373',2,NULL,9,0,1,2566,'1341500009828','2021-06-25'),(1630,'1852',9,'เด็กชาย','ภูมิภัทร','พุกชาวนา','1104000298612',1,NULL,9,0,1,2566,'1341500009828','2021-06-25'),(1654,'1876',7,'เด็กหญิง','สุกฤตา','นพวัน','1369901271261',2,'',2,1,2,2567,'1342200068901','2023-09-19'),(1653,'1875',6,'เด็กหญิง','ปาลิดา  ','ละเลิศ','1341501646333',2,'',3,1,0,NULL,'1342200068901','2023-09-19'),(1650,'1872',4,'เด็กชาย','อดิศักดิ์','ปีมะโรง','1349902327872',1,'',3,1,0,NULL,'1341500009828','2023-09-19'),(1651,'1873',5,'เด็กหญิง','กชนิภา','สารีอาจ','1103400477700',2,'',3,1,0,NULL,'1341500009828','2023-09-19'),(1646,'1862',6,'เด็กหญิง','ชลธิชา','คำแค้น','1368700061218',2,'',6,1,0,NULL,'1342200068901','2022-09-16'),(1660,'1858',1,'เด็ฏชาย','กฤตเมธ','อาจพันธ์','1342200166481',1,'',6,1,0,NULL,'3490300100494','2024-03-05'),(1626,'1797',5,'เด็กหญิง','จารุพิชญา','ภาดี','1349901742311',2,NULL,9,0,1,2566,'1341500009828','2021-06-25'),(1625,'1796',4,'เด็กชาย','ยุทธชัย','โพธิกุล','1349901715411',1,NULL,9,0,1,2566,'1341500009828','2021-06-25'),(1624,'1795',3,'เด็กชาย','ภูริพัฒน์','สารีอาจ','1342200154912',1,NULL,9,0,1,2566,'1341500009828','2021-06-25'),(1623,'1794',2,'เด็กชาย','ภูกวิน','ลายประจักษ์','1339100087616',1,NULL,9,0,1,2566,'1341500009828','2021-06-25'),(1619,'1807',6,'เด็กหญิง','วรัญญา','สิงห์แจ่ม','1342200157903',2,NULL,9,1,1,2566,'1341500009828','2021-06-25'),(1620,'1808',7,'เด็กหญิง','วิศัลยา','จันลุน','1103500103321',2,NULL,9,1,1,2566,'1341500009828','2021-06-25'),(1618,'1806',5,'เด็กหญิง','เกศรินทร์','ละเลิศ','1342200158438',2,NULL,9,1,1,2566,'1341500009828','2021-06-25'),(1617,'1805',4,'เด็กหญิง','กัลยรัตน์','ศรีคำทา','1342200157229',2,NULL,9,1,1,2566,'1341500009828','2021-06-25'),(1616,'1804',3,'เด็กหญิง','กมลรัตน์','โคตรสารี','1342200157989',2,NULL,9,1,1,2566,'1341500009828','2021-06-25'),(1615,'1802',2,'เด็กชาย','ธนดล','ปัดสา','1349901832204',1,NULL,9,1,1,2566,'1341500009828','2021-06-25'),(1614,'1801',1,'เด็กชาย','ชยานันต์','ดวงจันทร์','1349901790676',1,NULL,9,1,1,2566,'1341500009828','2021-06-25'),(1613,'1817',7,'เด็กหญิง','อภิญญา','เหล่าบ้านเหนือ','1349901843745',2,NULL,9,1,1,2566,'1341500009828','2021-06-25'),(1612,'1816',6,'เด็กหญิง','ปุญณดา','คำแสนราช','1342200160173',2,NULL,9,1,1,2566,'1341500009828','2021-06-25'),(1611,'1815',5,'เด็กหญิง','เกวลิน','มัธนัง','1341501549826',2,NULL,9,1,1,2567,'1341500009828','2021-06-25'),(1610,'1814',4,'เด็กชาย','อิทธิพัฒน์','เสนารา','1341501551111',1,NULL,9,1,1,2567,'1341500009828','2021-06-25'),(1609,'1813',3,'เด็กชาย','ภูวดล','สายโสม','1347600078517',1,NULL,9,1,1,2567,'1341500009828','2021-06-25'),(1608,'1811',2,'เด็กชาย','คทาเพชร','ลายประจักษ์','1339800033446',1,NULL,9,1,1,2567,'1341500009828','2021-06-25'),(1605,'1823',5,'เด็กหญิง','นภาธิดาพร','วรสาร','1347600092811',2,NULL,8,1,2,2567,'1341500009828','2021-06-25'),(1606,'1824',6,'เด็กหญิง','บงกช','จันลุน','1347600086269',2,NULL,9,1,0,NULL,'1341500009828','2021-06-25'),(1607,'1810',1,'เด็กชาย','กฤตพจน์','ภูพวก','1219901458991',1,NULL,9,1,1,2567,'1341500009828','2021-06-25'),(1604,'1822',4,'เด็กหญิง','ณัฏฐมณธ์','โชคสาคร','1749700205420',2,NULL,9,1,0,NULL,'1341500009828','2021-06-25'),(1603,'1821',3,'เด็กหญิง','ชนกนันท์','โพธิกุล','1347600092676',2,NULL,9,1,0,NULL,'1341500009828','2021-06-25'),(1602,'1820',2,'เด็กชาย','อดิศร','เผ่าพันธุ์','1342200162354',1,NULL,6,1,2,2566,'1341500009828','2021-06-25'),(1601,'1819',1,'เด็กชาย','พิศณุ','จันลุน','1339700073012',1,NULL,9,1,0,NULL,'1341500009828','2021-06-25'),(1600,'1835',5,'เด็กหญิง','วาสนา','เหล่าบ้านเหนือ','1349901999702',2,NULL,8,1,0,NULL,'1341500009828','2021-06-25'),(1599,'1834',4,'เด็กหญิง','ลลิตา','คำแพงพล','1342200163342',2,NULL,8,1,0,NULL,'1341500009828','2021-06-25'),(1598,'1833',3,'เด็กหญิง','ณัฐริชา','บุลาลม','1347600104321',2,NULL,8,1,0,NULL,'1341500009828','2021-06-25'),(1597,'1832',2,'เด็กหญิง','จิราพร','เจตินัย','1209501326825',2,NULL,8,1,0,NULL,'1341500009828','2021-06-25'),(1596,'1830',1,'เด็กชาย','ก้องเกียรติ','ลาพรมมา','1349901996339',2,NULL,8,1,2,2568,'1341500009828','2021-06-25'),(1595,'1846',9,'เด็กหญิง','พรรณธิดา','โชติพันธ์','1341501583170',2,NULL,7,1,0,NULL,'1341500009828','2021-06-25'),(1594,'1845',8,'เด็กหญิง','เบญจวรรณ','ศรีอักษร','1341501583188',2,NULL,7,1,0,NULL,'1341500009828','2021-06-25'),(1593,'1844',7,'เด็กหญิง','ชนนินทร์','ละเลิศ','1342200165795',2,NULL,7,1,0,NULL,'1341500009828','2021-06-25'),(1583,'1854',2,'เด็กชาย','วีรภัทร','ไชยทอง','1341501599483',1,NULL,6,1,0,NULL,'1342200068901','2021-06-25'),(1584,'1855',3,'เด็กชาย','เอกราช','ดาราชู','1341501603634',1,NULL,6,1,0,NULL,'1342200068901','2021-06-25'),(1592,'1843',6,'เด็กหญิง','กมลชนก','นามนาง','1341501592691',2,NULL,7,1,0,NULL,'1341500009828','2021-06-25'),(1591,'1842',5,'เด็กหญิง','กชมน','จันลุน','1347600113177',2,NULL,7,1,0,NULL,'1341500009828','2021-06-25'),(1590,'1841',4,'เด็กชาย','สมชาย','คำแสง','1342200165001',1,NULL,7,1,0,NULL,'1341500009828','2021-06-25'),(1588,'1839',2,'เด็กชาย','พรชัย','โพธิกุล','1449100137094',1,NULL,4,0,2,2565,'1341500009828','2021-06-25'),(1587,'1838',1,'เด็กชาย','กิตติคุณ','สินสมุทร์','1349902090040',1,NULL,4,0,2,2565,'1341500009828','2021-06-25'),(1586,'1857',7,'เด็กหญิง','อภิญญา','สิงห์แจ่ม','1341501599246',2,NULL,6,1,0,NULL,'1342200068901','2021-06-25'),(1585,'1856',4,'เด็กหญิง','ขวัญวริน','วงษ์แก้ว','1341501605262',2,NULL,6,1,0,NULL,'1342200068901','2021-06-25'),(1582,'1863',5,'เด็กชาย','ชนกชนม์','ประเสริฐ','1341501597839',1,NULL,6,1,0,NULL,'1342200068901','2021-06-25'),(1581,'1851',4,'เด็กหญิง','ภัทรนันท์','ศิลปสิทธิ์','1139600840447',2,NULL,5,0,2,2565,'1341500009828','2021-06-25'),(1580,'1850',3,'เด็กหญิง','สิริณัฏฐ์','คำดี','1339901357034',2,NULL,7,1,0,NULL,'1342200068901','2021-06-25'),(1659,'1864',3,'เด็กชาย','วีรภัทร','แสนนา','1342200167399',1,'',5,1,0,NULL,'1342200068901','2024-02-19'),(1579,'1849',2,'เด็กหญิง','ปริณดา','สารีอาจ','1341501592420',2,NULL,7,1,0,NULL,'1342200068901','2021-06-25'),(1578,'1848',1,'เด็กหญิง','นันทิชา','สารีอาจ','1341501592411',2,NULL,7,1,0,NULL,'1342200068901','2021-06-25'),(1655,'1866',1,'เด็กชาย','ณัฐพล','สืบบุตร','1341501640840',1,'',4,1,0,NULL,'1341500009828','2023-09-19'),(1656,'1867',2,'เด็กหญิง','วิจิตรา','บุปผาสิงห์','1342200168247',2,'',4,1,0,NULL,'1341500009828','2023-09-19'),(1657,'1868',3,'เด็กหญิง','สุดาพร','สงเมือง','1341501633461',2,'',4,1,0,NULL,'1341500009828','2023-09-19'),(1658,'1865',4,'เด็กหญิง','ธนิสร','จันลุน','1341501615764',2,'',5,1,0,NULL,'1342200068901','2023-09-19');

--
-- Table structure for table `student_main_class`
--

CREATE TABLE `student_main_class` (
  `id` int(11) NOT NULL AUTO_INCREMENT,
  `class_code` tinyint(4) NOT NULL,
  `class_name` varchar(150) NOT NULL,
  PRIMARY KEY (`id`),
  UNIQUE KEY `class_code` (`class_code`)
) ENGINE=MyISAM AUTO_INCREMENT=10 DEFAULT CHARSET=utf8 COLLATE=utf8_general_ci;

--
-- Dumping data for table `student_main_class`
--

INSERT INTO `student_main_class` VALUES (1,2,'อนุบาล2'),(2,3,'อนุุบาล3'),(3,4,'ประถมศึกษาปีที่1'),(4,5,'ประถมศึกษาปีที่2'),(5,6,'ประถมศึกษาปีที่3'),(6,7,'ประถมศึกษาปีที่4'),(7,8,'ประถมศึกษาปีที่5'),(8,9,'ประถมศึกษาปีที่6'),(9,1,'อนุบาล 1');

--
-- Table structure for table `student_main_classlog`
--

CREATE TABLE `student_main_classlog` (
  `id` int(11) NOT NULL AUTO_INCREMENT,
  `ed_year` int(11) NOT NULL,
  `student_id` varchar(7) NOT NULL,
  `student_number` int(11) DEFAULT NULL,
  `class_code` tinyint(4) NOT NULL,
  `room` tinyint(4) DEFAULT 0,
  `officer` varchar(13) NOT NULL,
  `rec_date` date NOT NULL,
  PRIMARY KEY (`id`)
) ENGINE=MyISAM AUTO_INCREMENT=306 DEFAULT CHARSET=utf8 COLLATE=utf8_general_ci;

--
-- Dumping data for table `student_main_classlog`
--

INSERT INTO `student_main_classlog` VALUES (1,2561,'1732',0,9,1,'3740300046993','2019-08-31'),(2,2561,'1736',0,9,1,'3740300046993','2019-08-31'),(3,2561,'1737',0,9,1,'3740300046993','2019-08-31'),(4,2561,'1739',0,9,1,'3740300046993','2019-08-31'),(5,2561,'1741',0,9,1,'3740300046993','2019-08-31'),(6,2561,'1742',0,9,1,'3740300046993','2019-08-31'),(7,2561,'1743',0,9,1,'3740300046993','2019-08-31'),(8,2561,'1744',0,9,1,'3740300046993','2019-08-31'),(9,2561,'1745',0,9,1,'3740300046993','2019-08-31'),(10,2561,'1747',0,9,1,'3740300046993','2019-08-31'),(11,2561,'1748',0,9,1,'3740300046993','2019-08-31'),(12,2561,'1749',0,9,1,'3740300046993','2019-08-31'),(13,2561,'1826',0,9,1,'3740300046993','2019-08-31'),(14,2562,'1837',12,9,0,'3740300046993','2019-11-04'),(15,2562,'1752',1,9,0,'3740300046993','2020-06-12'),(16,2562,'1753',2,9,0,'3740300046993','2020-06-12'),(17,2562,'1754',3,9,0,'3740300046993','2020-06-12'),(18,2562,'1755',4,9,0,'3740300046993','2020-06-12'),(19,2562,'1756',5,9,0,'3740300046993','2020-06-12'),(20,2562,'1757',6,9,0,'3740300046993','2020-06-12'),(21,2562,'1758',7,9,0,'3740300046993','2020-06-12'),(22,2562,'1759',8,9,0,'3740300046993','2020-06-12'),(23,2562,'1760',9,9,0,'3740300046993','2020-06-12'),(24,2562,'1761',10,9,0,'3740300046993','2020-06-12'),(25,2562,'1762',11,9,0,'3740300046993','2020-06-12'),(26,2563,'1848',1,1,0,'1341500009828','2020-11-03'),(27,2563,'1849',2,1,0,'1341500009828','2020-11-03'),(28,2563,'1850',3,1,0,'1341500009828','2020-11-03'),(29,2563,'1851',4,1,0,'1341500009828','2020-11-03'),(30,2563,'1838',1,2,1,'3740300046993','2020-06-17'),(31,2563,'1839',2,2,1,'3740300046993','2020-06-17'),(32,2563,'1840',3,2,1,'3740300046993','2020-06-17'),(33,2563,'1841',4,2,1,'3740300046993','2020-06-17'),(34,2563,'1842',5,2,1,'3740300046993','2020-06-17'),(35,2563,'1843',6,2,1,'3740300046993','2020-06-17'),(36,2563,'1844',7,2,1,'3740300046993','2020-06-17'),(37,2563,'1845',8,2,1,'3740300046993','2020-06-17'),(38,2563,'1846',9,2,1,'3740300046993','2020-06-17'),(39,2563,'1830',1,3,1,'3740300046993','2020-06-17'),(40,2563,'1832',2,3,1,'3740300046993','2020-06-17'),(41,2563,'1833',3,3,1,'3740300046993','2020-06-17'),(42,2563,'1834',4,3,1,'3740300046993','2020-06-17'),(43,2563,'1835',5,3,1,'3740300046993','2020-06-17'),(44,2563,'1819',1,4,1,'3740300046993','2020-06-17'),(45,2563,'1820',2,4,1,'3740300046993','2020-06-17'),(46,2563,'1821',3,4,1,'3740300046993','2020-06-17'),(47,2563,'1822',4,4,1,'3740300046993','2020-06-17'),(48,2563,'1823',5,4,1,'3740300046993','2020-06-17'),(49,2563,'1824',6,4,1,'3740300046993','2020-06-17'),(50,2563,'1810',1,5,1,'3740300046993','2020-06-17'),(51,2563,'1811',2,5,1,'3740300046993','2020-06-17'),(52,2563,'1813',3,5,1,'3740300046993','2020-06-17'),(53,2563,'1814',4,5,1,'3740300046993','2020-06-17'),(54,2563,'1815',5,5,1,'3740300046993','2020-06-17'),(55,2563,'1816',6,5,1,'3740300046993','2020-06-17'),(56,2563,'1817',7,5,1,'3740300046993','2020-06-17'),(57,2563,'1818',8,5,1,'3740300046993','2020-06-17'),(58,2563,'1801',1,6,1,'3740300046993','2020-06-17'),(59,2563,'1802',2,6,1,'3740300046993','2020-06-17'),(60,2563,'1804',3,6,1,'3740300046993','2020-06-17'),(61,2563,'1805',4,6,1,'3740300046993','2020-06-17'),(62,2563,'1806',5,6,1,'3740300046993','2020-06-17'),(63,2563,'1807',6,6,1,'3740300046993','2020-06-17'),(64,2563,'1808',7,6,1,'3740300046993','2020-06-17'),(65,2563,'1825',8,6,1,'3740300046993','2020-06-17'),(66,2563,'1793',1,7,1,'3740300046993','2020-06-17'),(67,2563,'1794',2,7,1,'3740300046993','2020-06-17'),(68,2563,'1795',3,7,1,'3740300046993','2020-06-17'),(69,2563,'1796',4,7,1,'3740300046993','2020-06-17'),(70,2563,'1797',5,7,1,'3740300046993','2020-06-17'),(71,2563,'1798',6,7,1,'3740300046993','2020-06-17'),(72,2563,'1799',7,7,1,'3740300046993','2020-06-17'),(73,2563,'1809',8,7,1,'3740300046993','2020-06-17'),(74,2563,'1780',1,8,1,'3740300046993','2020-06-17'),(75,2563,'1782',2,8,1,'3740300046993','2020-06-17'),(76,2563,'1783',3,8,1,'3740300046993','2020-06-17'),(77,2563,'1784',4,8,1,'3740300046993','2020-06-17'),(78,2563,'1785',5,8,1,'3740300046993','2020-06-17'),(79,2563,'1786',6,8,1,'3740300046993','2020-06-17'),(80,2563,'1787',7,8,1,'3740300046993','2020-06-17'),(81,2563,'1788',8,8,1,'3740300046993','2020-06-17'),(82,2563,'1789',9,8,1,'3740300046993','2020-06-17'),(83,2563,'1791',10,8,1,'3740300046993','2020-06-17'),(84,2563,'1847',11,8,1,'3740300046993','2020-06-17'),(85,2563,'1764',1,9,1,'3740300046993','2020-06-17'),(86,2563,'1765',2,9,1,'3740300046993','2020-06-17'),(87,2563,'1766',3,9,1,'3740300046993','2020-06-17'),(88,2563,'1767',4,9,1,'3740300046993','2020-06-17'),(89,2563,'1768',5,9,1,'3740300046993','2020-06-17'),(90,2563,'1769',6,9,1,'3740300046993','2020-06-17'),(91,2563,'1770',7,9,1,'3740300046993','2020-06-17'),(92,2563,'1771',8,9,1,'3740300046993','2020-06-17'),(93,2563,'1774',9,9,1,'3740300046993','2020-06-17'),(94,2563,'1776',10,9,1,'3740300046993','2020-06-17'),(95,2563,'1852',9,7,1,'1341500009828','2021-03-23'),(96,2564,'1848',1,2,0,'1341500009828','2021-06-23'),(97,2564,'1849',2,2,0,'1341500009828','2021-06-23'),(98,2564,'1850',3,2,0,'1341500009828','2021-06-23'),(99,2564,'1851',4,2,0,'1341500009828','2021-06-23'),(100,2564,'1780',1,9,0,'1341500009828','2022-09-16'),(101,2564,'1782',2,9,0,'1341500009828','2022-09-16'),(102,2564,'1783',3,9,0,'1341500009828','2022-09-16'),(103,2564,'1784',4,9,0,'1341500009828','2022-09-16'),(104,2564,'1785',5,9,0,'1341500009828','2022-09-16'),(105,2564,'1786',6,9,0,'1341500009828','2022-09-16'),(106,2564,'1787',7,9,0,'1341500009828','2022-09-16'),(107,2564,'1788',8,9,0,'1341500009828','2022-09-16'),(108,2564,'1789',9,9,0,'1341500009828','2022-09-16'),(109,2564,'1791',10,9,0,'1341500009828','2022-09-16'),(110,2564,'1847',11,9,0,'1341500009828','2022-09-16'),(111,2565,'1848',1,5,0,'1341500009828','2022-09-16'),(112,2565,'1849',2,5,0,'1341500009828','2022-09-16'),(113,2565,'1850',3,5,0,'1341500009828','2022-09-16'),(114,2565,'1851',4,5,0,'1341500009828','2022-09-16'),(115,2565,'1853',4,3,0,'1341500009828','2022-09-16'),(116,2565,'1793',1,9,0,'1341500009828','2022-09-16'),(117,2565,'1794',2,9,0,'1341500009828','2022-09-16'),(118,2565,'1795',3,9,0,'1341500009828','2022-09-16'),(119,2565,'1796',4,9,0,'1341500009828','2022-09-16'),(120,2565,'1797',5,9,0,'1341500009828','2022-09-16'),(121,2565,'1798',6,9,0,'1341500009828','2022-09-16'),(122,2565,'1799',7,9,0,'1341500009828','2022-09-16'),(123,2565,'1809',8,9,0,'1341500009828','2022-09-16'),(124,2565,'1852',9,9,0,'1341500009828','2022-09-16'),(125,2565,'1825',8,8,0,'1341500009828','2022-09-16'),(126,2565,'1808',7,8,0,'1341500009828','2022-09-16'),(127,2565,'1807',6,8,0,'1341500009828','2022-09-16'),(128,2565,'1806',5,8,0,'1341500009828','2022-09-16'),(129,2565,'1805',4,8,0,'1341500009828','2022-09-16'),(130,2565,'1801',1,8,0,'1341500009828','2022-09-16'),(131,2565,'1804',3,8,0,'1341500009828','2022-09-16'),(132,2565,'1802',2,8,0,'1341500009828','2022-09-16'),(133,2565,'1810',1,7,0,'1341500009828','2022-09-16'),(134,2565,'1817',7,7,0,'1341500009828','2022-09-16'),(135,2565,'1816',6,7,0,'1341500009828','2022-09-16'),(136,2565,'1815',5,7,0,'1341500009828','2022-09-16'),(137,2565,'1814',4,7,0,'1341500009828','2022-09-16'),(138,2565,'1813',3,7,0,'1341500009828','2022-09-16'),(139,2565,'1811',2,7,0,'1341500009828','2022-09-16'),(140,2565,'1821',3,6,0,'1341500009828','2022-09-16'),(141,2565,'1824',6,6,0,'1341500009828','2022-09-16'),(142,2565,'1823',5,6,0,'1341500009828','2022-09-16'),(143,2565,'1822',4,6,0,'1341500009828','2022-09-16'),(144,2565,'1820',2,6,0,'1341500009828','2022-09-16'),(145,2565,'1819',1,6,0,'1341500009828','2022-09-16'),(146,2565,'1835',5,5,0,'1341500009828','2022-09-16'),(147,2565,'1834',4,5,0,'1341500009828','2022-09-16'),(148,2565,'1833',3,5,0,'1341500009828','2022-09-16'),(149,2565,'1832',2,5,0,'1341500009828','2022-09-16'),(150,2565,'1830',1,5,0,'1341500009828','2022-09-16'),(151,2565,'1846',9,4,0,'1341500009828','2022-09-16'),(152,2565,'1845',8,4,0,'1341500009828','2022-09-16'),(153,2565,'1844',7,4,0,'1341500009828','2022-09-16'),(154,2565,'1843',6,4,0,'1341500009828','2022-09-16'),(155,2565,'1842',5,4,0,'1341500009828','2022-09-16'),(156,2565,'1841',4,4,0,'1341500009828','2022-09-16'),(157,2565,'1840',3,4,0,'1341500009828','2022-09-16'),(158,2565,'1839',2,4,0,'1341500009828','2022-09-16'),(159,2565,'1838',1,4,0,'1341500009828','2022-09-16'),(160,2565,'1857',9,3,0,'1341500009828','2022-09-16'),(161,2565,'1856',8,3,0,'1341500009828','2022-09-16'),(162,2565,'1855',7,3,0,'1341500009828','2022-09-16'),(163,2565,'1854',6,3,0,'1341500009828','2022-09-16'),(164,2565,'1859',1,2,0,'1341500009828','2022-09-16'),(165,2565,'1860',2,2,0,'1341500009828','2022-09-16'),(166,2565,'1861',3,2,0,'1341500009828','2022-09-16'),(167,2565,'1858',7,3,0,'1341500009828','2022-09-16'),(168,2565,'1862',10,3,0,'1341500009828','2022-09-16'),(169,2566,'1869',1,1,1,'1341500009828','2023-09-19'),(170,2566,'1870',2,1,1,'1341500009828','2023-09-19'),(171,2566,'1871',3,1,1,'1341500009828','2023-09-19'),(172,2566,'1872',4,1,1,'1341500009828','2023-09-19'),(173,2566,'1873',5,1,1,'1341500009828','2023-09-19'),(174,2566,'1874',6,1,1,'1341500009828','2023-09-19'),(175,2566,'1875',6,1,1,'1342200068901','2024-04-10'),(176,2566,'1876',7,1,1,'1342200068901','2024-04-10'),(177,2566,'1866',1,2,1,'1341500009828','2023-09-19'),(178,2566,'1867',2,2,1,'1341500009828','2023-09-19'),(179,2566,'1868',3,2,1,'1341500009828','2023-09-19'),(180,2566,'1865',4,3,1,'1342200068901','2024-02-19'),(181,2566,'1863',5,4,1,'1342200068901','2024-02-27'),(182,2566,'1859',1,3,1,'1341500009828','2023-09-19'),(183,2566,'1860',1,3,1,'1342200068901','2024-02-19'),(184,2566,'1861',2,3,1,'1342200068901','2024-02-19'),(185,2566,'1854',2,4,1,'1342200068901','2024-02-27'),(186,2566,'1855',3,4,1,'1342200068901','2024-02-27'),(187,2566,'1856',4,4,1,'1342200068901','2024-02-27'),(188,2566,'1857',7,4,1,'1342200068901','2024-02-27'),(189,2566,'1862',6,4,1,'1342200068901','2024-02-27'),(190,2566,'1840',3,5,1,'1341500009828','2023-09-19'),(191,2566,'1841',4,5,1,'1341500009828','2023-09-19'),(192,2566,'1842',5,5,1,'1341500009828','2023-09-19'),(193,2566,'1843',6,5,1,'1341500009828','2023-09-19'),(194,2566,'1844',7,5,1,'1341500009828','2023-09-19'),(228,2566,'1858',1,4,1,'3490300100494','2024-03-05'),(196,2566,'1845',8,5,1,'1341500009828','2023-09-19'),(197,2566,'1846',9,5,1,'1341500009828','2023-09-19'),(198,2566,'1830',1,6,1,'1341500009828','2023-09-19'),(199,2566,'1848',1,5,1,'1342200068901','2024-02-27'),(200,2566,'1820',2,6,1,'1341500009828','2023-09-19'),(201,2566,'1832',2,6,1,'1341500009828','2023-09-19'),(202,2566,'1849',2,5,1,'1342200068901','2024-02-27'),(203,2566,'1833',3,6,1,'1341500009828','2023-09-19'),(204,2566,'1850',3,5,1,'1342200068901','2024-02-27'),(205,2566,'1834',4,6,1,'1341500009828','2023-09-19'),(206,2566,'1819',1,7,1,'1341500009828','2023-09-19'),(207,2566,'1821',3,7,1,'1341500009828','2023-09-19'),(208,2566,'1835',5,6,1,'1341500009828','2023-09-19'),(209,2566,'1822',4,7,1,'1341500009828','2023-09-19'),(210,2566,'1823',5,7,1,'1341500009828','2023-09-19'),(211,2566,'1824',6,7,1,'1341500009828','2023-09-19'),(212,2566,'1810',1,8,1,'1341500009828','2023-09-19'),(213,2566,'1811',2,8,1,'1341500009828','2023-09-19'),(214,2566,'1813',3,8,1,'1341500009828','2023-09-19'),(215,2566,'1814',4,8,1,'1341500009828','2023-09-19'),(216,2566,'1815',5,8,1,'1341500009828','2023-09-19'),(217,2566,'1816',6,8,1,'1341500009828','2023-09-19'),(218,2566,'1801',1,9,1,'1341500009828','2023-09-19'),(219,2566,'1802',2,9,1,'1341500009828','2023-09-19'),(220,2566,'1804',3,9,1,'1341500009828','2023-09-19'),(221,2566,'1805',4,9,1,'1341500009828','2023-09-19'),(222,2566,'1806',5,9,1,'1341500009828','2023-09-19'),(223,2566,'1825',8,9,1,'1341500009828','2023-09-19'),(224,2566,'1817',7,9,1,'1341500009828','2023-09-19'),(225,2566,'1808',7,9,1,'1341500009828','2023-09-19'),(226,2566,'1807',6,9,1,'1341500009828','2023-09-19'),(227,2566,'1864',3,3,1,'1342200068901','2024-02-19'),(229,2566,'1752',1,9,0,'3490300100494','2024-03-06'),(230,2566,'1780',1,9,0,'3490300100494','2024-03-06'),(231,2566,'1793',1,9,0,'3490300100494','2024-03-06'),(232,2566,'1753',2,9,0,'3490300100494','2024-03-06'),(233,2566,'1782',2,9,0,'3490300100494','2024-03-06'),(234,2566,'1794',2,9,0,'3490300100494','2024-03-06'),(235,2566,'1754',3,9,0,'3490300100494','2024-03-06'),(236,2566,'1783',3,9,0,'3490300100494','2024-03-06'),(237,2566,'1795',3,9,0,'3490300100494','2024-03-06'),(238,2566,'1755',4,9,0,'3490300100494','2024-03-06'),(239,2566,'1784',4,9,0,'3490300100494','2024-03-06'),(240,2566,'1796',4,9,0,'3490300100494','2024-03-06'),(241,2566,'1756',5,9,0,'3490300100494','2024-03-06'),(242,2566,'1785',5,9,0,'3490300100494','2024-03-06'),(243,2566,'1797',5,9,0,'3490300100494','2024-03-06'),(244,2566,'1757',6,9,0,'3490300100494','2024-03-06'),(245,2566,'1786',6,9,0,'3490300100494','2024-03-06'),(246,2566,'1798',6,9,0,'3490300100494','2024-03-06'),(247,2566,'1758',7,9,0,'3490300100494','2024-03-06'),(248,2566,'1787',7,9,0,'3490300100494','2024-03-06'),(249,2566,'1799',7,9,0,'3490300100494','2024-03-06'),(250,2566,'1759',8,9,0,'3490300100494','2024-03-06'),(251,2566,'1788',8,9,0,'3490300100494','2024-03-06'),(252,2566,'1809',8,9,0,'3490300100494','2024-03-06'),(253,2566,'1760',9,9,0,'3490300100494','2024-03-06'),(254,2566,'1789',9,9,0,'3490300100494','2024-03-06'),(255,2566,'1852',9,9,0,'3490300100494','2024-03-06'),(256,2566,'1761',10,9,0,'3490300100494','2024-03-06'),(257,2566,'1791',10,9,0,'3490300100494','2024-03-06'),(258,2566,'1762',11,9,0,'3490300100494','2024-03-06'),(259,2566,'1847',11,9,0,'3490300100494','2024-03-06'),(260,2567,'1823',5,8,1,'3490300100494','2024-09-19'),(261,2567,'1876',7,2,1,'1342200068901','2025-01-28'),(262,2567,'1810',1,9,1,'3490300100494','2025-06-26'),(263,2567,'1811',2,9,1,'3490300100494','2025-06-26'),(264,2567,'1813',3,9,1,'3490300100494','2025-06-26'),(265,2567,'1814',4,9,1,'3490300100494','2025-06-26'),(266,2567,'1815',5,9,1,'3490300100494','2025-06-26'),(267,2567,'1869',1,2,1,'3490300100494','2025-06-26'),(268,2567,'1870',2,2,1,'3490300100494','2025-06-26'),(269,2567,'1871',3,2,1,'3490300100494','2025-06-26'),(270,2567,'1872',4,2,1,'3490300100494','2025-06-26'),(271,2567,'1873',5,2,1,'3490300100494','2025-06-26'),(272,2567,'1875',6,2,1,'3490300100494','2025-06-26'),(273,2567,'1866',1,3,1,'3490300100494','2025-06-26'),(274,2567,'1867',2,3,1,'3490300100494','2025-06-26'),(275,2567,'1868',3,3,1,'3490300100494','2025-06-26'),(276,2567,'1860',1,4,1,'3490300100494','2025-06-26'),(277,2567,'1861',2,4,1,'3490300100494','2025-06-26'),(278,2567,'1864',3,4,1,'3490300100494','2025-06-26'),(279,2567,'1865',4,4,1,'3490300100494','2025-06-26'),(280,2567,'1858',1,5,1,'3490300100494','2025-06-26'),(281,2567,'1854',2,5,1,'3490300100494','2025-06-26'),(282,2567,'1855',3,5,1,'3490300100494','2025-06-26'),(283,2567,'1856',4,5,1,'3490300100494','2025-06-26'),(284,2567,'1863',5,5,1,'3490300100494','2025-06-26'),(285,2567,'1862',6,5,1,'3490300100494','2025-06-26'),(286,2567,'1857',7,5,1,'3490300100494','2025-06-26'),(287,2567,'1848',1,6,1,'3490300100494','2025-06-26'),(288,2567,'1849',2,6,1,'3490300100494','2025-06-26'),(289,2567,'1850',3,6,1,'3490300100494','2025-06-26'),(290,2567,'1841',4,6,1,'3490300100494','2025-06-26'),(291,2567,'1842',5,6,1,'3490300100494','2025-06-26'),(292,2567,'1843',6,6,1,'3490300100494','2025-06-26'),(293,2567,'1844',7,6,1,'3490300100494','2025-06-26'),(294,2567,'1845',8,6,1,'3490300100494','2025-06-26'),(295,2567,'1846',9,6,1,'3490300100494','2025-06-26'),(296,2567,'1830',1,7,1,'3490300100494','2025-06-26'),(297,2567,'1832',2,7,1,'3490300100494','2025-06-26'),(298,2567,'1833',3,7,1,'3490300100494','2025-06-26'),(299,2567,'1834',4,7,1,'3490300100494','2025-06-26'),(300,2567,'1835',5,7,1,'3490300100494','2025-06-26'),(301,2567,'1819',1,8,1,'3490300100494','2025-06-26'),(302,2567,'1821',3,8,1,'3490300100494','2025-06-26'),(303,2567,'1822',4,8,1,'3490300100494','2025-06-26'),(304,2567,'1824',6,8,1,'3490300100494','2025-06-26'),(305,2568,'1830',1,8,1,'1349900462900','2025-11-12');

--
-- Table structure for table `student_main_edyear`
--

CREATE TABLE `student_main_edyear` (
  `id` int(11) NOT NULL AUTO_INCREMENT,
  `ed_year` int(11) NOT NULL,
  `year_active` tinyint(4) NOT NULL,
  PRIMARY KEY (`id`),
  UNIQUE KEY `ed_year` (`ed_year`)
) ENGINE=MyISAM AUTO_INCREMENT=12 DEFAULT CHARSET=utf8 COLLATE=utf8_general_ci;

--
-- Dumping data for table `student_main_edyear`
--

INSERT INTO `student_main_edyear` VALUES (1,2559,0),(2,2561,0),(3,2562,0),(5,2563,0),(6,2564,0),(8,2565,0),(9,2566,0),(10,2567,0),(11,2568,1);

--
-- Table structure for table `student_main_expand1`
--

CREATE TABLE `student_main_expand1` (
  `id` int(11) NOT NULL AUTO_INCREMENT,
  `person_id` varchar(13) NOT NULL,
  `e_name` varchar(50) NOT NULL,
  `e_surname` varchar(50) NOT NULL,
  `birthday` date NOT NULL,
  `blood` varchar(2) NOT NULL,
  `race` varchar(30) NOT NULL,
  `nationlity` varchar(30) NOT NULL,
  `religion` varchar(30) NOT NULL,
  `rec_date` date NOT NULL,
  PRIMARY KEY (`id`),
  UNIQUE KEY `person_id` (`person_id`)
) ENGINE=MyISAM AUTO_INCREMENT=83 DEFAULT CHARSET=utf8 COLLATE=utf8_general_ci;

--
-- Dumping data for table `student_main_expand1`
--

INSERT INTO `student_main_expand1` VALUES (1,'1349901996339','Kongkiat','Lapromma','2014-08-16','','','','','2025-01-28'),(2,'1209501326825','JIRAPORN','JETINAI','2014-06-07','','','','','2025-11-12'),(3,'1347600104321','NUTRICHA','BULALOM','2015-01-11','','','','','2025-11-12'),(4,'1342200163342','LALITA','KAMHAMGPOL','2014-09-13','','','','','2025-11-12'),(5,'1349901999702','WASSANA','LAOBANNUA','2014-09-04','','','','','2025-11-12'),(6,'1342200162354','Adison','phaophan','2014-03-09','','','','','2021-03-23'),(7,'1339700073012','Phitsanu','Janlun','2013-08-10','','','','','2025-11-12'),(8,'1749700205420','Nutthamon','Choksakorn','2013-08-18','','','','','2025-11-12'),(9,'1347600092676','Chanoknan','Phothikul','2014-02-28','','','','','2025-11-12'),(10,'1347600086269','Bongkot','Janlun','2013-09-02','','','','','2025-11-12'),(11,'1347600092811','Naphathidaporn','worasan','2014-03-04','','','','','2024-03-06'),(12,'1219901458991','Krittaphot','Phuphuag','2012-11-12','','','','','2025-01-28'),(13,'1339800033446','Khathaphet','Laipajak','2013-05-12','','','','','2025-01-28'),(14,'1347600078517','Phuwadol','Saisom','2013-02-02','','','','','2025-01-28'),(15,'1341501551111','Itthiphat','Seanara','2012-12-18','','','','','2025-01-28'),(16,'1341501549826','Kewalin','Mutthanang','2012-11-03','','','','','2025-01-28'),(17,'1342200160173','Punnada','Khamsaenrach','2012-11-16','','','','','2024-03-06'),(18,'1349901846949','Aphinya','Lapromma','2012-06-23','','','','','2021-03-23'),(19,'1349901843745','Aphinya','loabannua','2012-06-10','','','','','2024-03-06'),(20,'1349901832204','THANADOL','PUDSA','2012-04-09','','','','','2024-03-06'),(21,'1349901790676','CHAYANAN','DUANGJAN','2011-09-18','','','','','2024-03-06'),(22,'1342200157229','KANYARAT','SRIKHAMTHA','2011-08-03','','','','','2024-03-06'),(23,'1342200157903','WARANYA','SINGJAM','2011-11-22','','','','','2024-03-06'),(24,'1342200157989','KAMOLRAT','KHOTSAREE','2011-12-04','','','','','2024-03-06'),(25,'1342200158438','KESSARIN','LALOED','2012-02-15','','','','','2024-03-06'),(26,'1103500103321','WISALLAYA','JANLUN','2011-06-08','','','','','2024-03-06'),(27,'1103300304242','Katharine','Chalmers','2012-01-25','','','','','2024-03-06'),(28,'1342200154106','Thirajet','Saraphap','2010-06-05','','','','','2021-03-23'),(29,'1342200154912','PHURIPHAT','SAREE-ART','2010-09-22','','','','','2021-03-23'),(30,'1339100087616','PHUKAWIN','LAIPRAJAK','2010-08-14','','','','','2021-03-23'),(31,'1349901715411','YUTTHACHAI','PHOTHIKUL','2010-08-11','','','','','2021-03-23'),(32,'1349901742311','JARUPHICHAYA','PADEE','2010-12-31','','','','','2021-03-23'),(33,'1342200156117','WIPHAWEE','PHOTHIKUL','2011-03-02','','','','','2021-03-23'),(34,'1100202061636','SASI','SRISUK','2011-01-17','','','','','2021-03-23'),(35,'1839902153373','Suwanna','Sulid','2010-09-30','','','','','2021-03-23'),(36,'1119902551308','NATTHAWUT','WANYA','2010-04-29','','','','','2021-03-23'),(37,'1379900413551','CHOLLATHORN','SAENGCHART','2009-05-27','','','','','2021-03-23'),(38,'1339700054719','SORAWIT','TANASUK','2009-09-03','','','','','2021-03-23'),(39,'1349901673246','ATIKARN','WONGKAEO','2010-01-01','','','','','2021-03-23'),(40,'1342200153789','THARADOL','PHAOPHAN','2010-04-11','','','','','2021-03-23'),(41,'1342200151859','WARIYA','SAENGSAI','2009-09-10','','','','','2021-03-23'),(42,'1103400161958','PHAIRIN','WISESSUD','2009-01-24','','','','','2021-03-23'),(43,'1342200151387','RATTANA','SA-NGUAN-NGAM','2009-07-21','','','','','2021-03-23'),(44,'1342200151590','WIPHADA','SAICHAISAN','2009-08-07','','','','','2021-03-23'),(45,'1342200153053','piyathida','sa-nguan-ngam','2010-01-07','','','','','2021-03-23'),(46,'1342200149471','ONG-ART','PHUI-NUAN','2008-12-26','','','','','2021-03-23'),(47,'1100704096771','SORNPHICHAI','PUNGKLANG','2009-02-06','','','','','2021-03-23'),(48,'1342200148874','NARATHIP','PHIBANWONG','2008-10-14','','','','','2021-03-23'),(49,'1342200148891','SAKONWAT','SRI-AKSORN','2008-10-15','','','','','2021-03-23'),(50,'1342200149510','THANWA','SINGJAEM','2008-12-27','','','','','2021-03-23'),(51,'1342200150569','SONGKRAN','PILOKSIRI','2009-04-13','','','','','2021-03-23'),(52,'1342200148548','KITTIPHOL','SINSAMUT','2008-09-12','','','','','2021-03-23'),(53,'3301700676204','PHANUDET','PHILUKNA','2009-05-10','-','ไทย','ไทย','พุทธ','2021-03-23'),(54,'1139900594573','HATHAICHANOK','YANGJAN-IN','2008-10-24','','','','','2021-03-23'),(55,'1103704282445','KUNROJ','KHAMSRI','2008-01-23','B','ไทย','ไทย','พุทธ','2019-08-29'),(56,'1342200146758','CHAIPRASERT','THAMWANNA','2008-01-29','-','ไทย','ไทย','พุทธ','2019-08-29'),(57,'1342200145158','THANAKORN','YOTHASIRI','2007-08-01','-','ไทย','ไทย','พุทธ','2019-08-29'),(58,'1342200146081','SIRAPHOP','WANYA','2007-11-15','-','ไทย','ไทย','พุทธ','2019-08-29'),(59,'1342200144852','PANNATHORN','CHOTHIPHAN','2007-06-18','-','ไทย','ไทย','พุทธ','2019-08-29'),(60,'1342200147568','ATITHEP','KHOTSAREE','2008-05-16','-','ไทย','ไทย','พุทธ','2019-08-29'),(61,'1468700056655','Khlang ngoentra','Phuliamkham','2008-02-22','-','ไทย','ไทย','พุทธ','2019-08-29'),(62,'1349901548409','KANOKPHORN','DARACHU','2008-03-17','-','ไทย','ไทย','พุทธ','2019-08-29'),(63,'1342200147126','KAMONTHIP','MATTHANANG','2008-03-16','-','ไทย','ไทย','พุทธ','2019-08-29'),(64,'1349901555774','KRITTIKARN','JANDADAN','2008-04-30','-','ไทย','ไทย','พุทธ','2019-08-29'),(65,'1349901510479','PRAPHASIRI','PHADEE','2007-09-05','-','ไทย','ไทย','พุทธ','2019-08-29'),(66,'1342200145379','WEERAPATTRA','BUBUN','2007-08-29','-','ไทย','ไทย','พุทธ','2019-08-29'),(67,'1349902090040','Kittikun','Sinsamut','2016-01-14','O','','','','2021-03-23'),(68,'1209702983785','Puwarin','Thongthawee','2015-06-17','','','','','2021-03-23'),(69,'1342200165001','Somsai','Komsang','2015-08-28','B','','','','2025-11-12'),(70,'1341501592691','Kamolchanok','Namnang','2016-03-14','','','','','2025-11-12'),(71,'1342200165795','Chonnanin','Lalurd','2016-04-15','','','','','2025-11-12'),(72,'1341501583188','Benjawan','Sriakson','2015-08-06','O','','','','2025-11-12'),(73,'1341501583170','Pantida','Chottipan','2015-08-05','','','','','2025-11-12'),(74,'1347600113177','Kotcamon','Janlun','2015-10-09','O','','','','2025-11-12'),(75,'1439600087665','Paridaporn','Phetrin','2008-06-17','','','','','2021-03-23'),(76,'1342200152448','Kanchana','Kadnok','2009-10-19','','','','','2021-03-23'),(77,'1341501592411','NANTICHA','SARIART','2016-03-08','','','','','2025-11-12'),(78,'1341501592420','PARINDA','SARIART','2016-03-08','','','','','2025-11-12'),(79,'1139600840447','PARANAN','SINSITH','2017-01-24','','','','','2021-03-23'),(80,'1339901357034','SIRINAT','KAMDEE','2016-02-03','','','','','2025-11-12'),(81,'1449100137094','Pornchai','Phothikul','2015-10-10','','ไทย','ไทย','พุทธ','2020-06-17'),(82,'1104000298612','Pummipat','Pukchawna','2011-02-17','AB','ไทย','ไทย','พุทธ','2021-03-23');

--
-- Table structure for table `student_main_permission`
--

CREATE TABLE `student_main_permission` (
  `id` int(11) NOT NULL AUTO_INCREMENT,
  `person_id` varchar(13) NOT NULL,
  `p1` tinyint(4) NOT NULL,
  `officer` varchar(13) NOT NULL,
  `rec_date` date NOT NULL,
  PRIMARY KEY (`id`)
) ENGINE=MyISAM AUTO_INCREMENT=10 DEFAULT CHARSET=utf8 COLLATE=utf8_general_ci;

--
-- Dumping data for table `student_main_permission`
--

INSERT INTO `student_main_permission` VALUES (1,'3350300199904',1,'1349900462900','2025-11-12'),(2,'1103702716006',1,'1349900462900','2025-11-12'),(8,'1342200058387',1,'1349900462900','2025-11-12'),(4,'3490300100494',1,'3490300100494','2024-03-05'),(9,'1330800204145',1,'1349900462900','2025-11-12'),(6,'1349900462900',1,'3490300100494','2024-03-06');

--
-- Table structure for table `system_ed_year`
--

CREATE TABLE `system_ed_year` (
  `id` int(11) NOT NULL AUTO_INCREMENT,
  `ed_year` int(11) NOT NULL,
  `active_ed_year` tinyint(4) NOT NULL,
  PRIMARY KEY (`id`),
  UNIQUE KEY `ed_year` (`ed_year`)
) ENGINE=MyISAM DEFAULT CHARSET=utf8 COLLATE=utf8_general_ci;

--
-- Dumping data for table `system_ed_year`
--


--
-- Table structure for table `system_export_list`
--

CREATE TABLE `system_export_list` (
  `id` int(11) NOT NULL AUTO_INCREMENT,
  `data_name` varchar(50) NOT NULL,
  `thai_dataname` varchar(100) NOT NULL,
  PRIMARY KEY (`id`),
  UNIQUE KEY `data_name` (`data_name`)
) ENGINE=MyISAM AUTO_INCREMENT=7 DEFAULT CHARSET=utf8 COLLATE=utf8_general_ci;

--
-- Dumping data for table `system_export_list`
--

INSERT INTO `system_export_list` VALUES (1,'person','ข้อมูลครูและบุคลากร'),(2,'student','ข้อมูลพื้นฐานนักเรียน'),(3,'onet','ผลสอบ O-NET'),(4,'plan','แผนปฏิบัติการประจำปี'),(5,'student_check','การมาเรียน'),(6,'health','สุขภาพผู้เรียน');

--
-- Table structure for table `system_export_log`
--

CREATE TABLE `system_export_log` (
  `id` int(11) NOT NULL AUTO_INCREMENT,
  `computer_ip` varchar(25) NOT NULL,
  `requester` varchar(50) NOT NULL,
  `login_time` datetime NOT NULL,
  `data` varchar(20) NOT NULL,
  PRIMARY KEY (`id`)
) ENGINE=MyISAM AUTO_INCREMENT=141 DEFAULT CHARSET=utf8 COLLATE=utf8_general_ci;

--
-- Dumping data for table `system_export_log`
--

INSERT INTO `system_export_log` VALUES (1,'61.19.124.234','amssplus','2018-09-21 04:36:42','person'),(2,'61.19.124.234','amssplus','2018-11-20 08:18:23','student'),(3,'61.19.124.234','amssplus','2019-10-03 08:15:09','student_check'),(4,'61.19.124.234','amssplus','2019-10-03 08:54:58','student_check'),(5,'61.19.124.234','amssplus','2019-10-08 14:51:37','student_check'),(6,'122.155.223.9','amssplus','2020-02-03 13:50:09','plan'),(7,'122.155.223.9','amssplus','2020-03-30 14:49:46','student_check'),(8,'122.155.223.9','amssplus','2020-08-05 09:46:19','student'),(9,'122.155.223.9','amssplus','2021-02-23 05:13:48','plan'),(10,'127.0.0.1','amssplus','2021-04-14 14:11:28','student'),(11,'127.0.0.1','amssplus','2021-04-14 14:21:52','student'),(12,'127.0.0.1','amssplus','2021-04-14 14:38:40','student'),(13,'127.0.0.1','amssplus','2021-04-15 12:02:19','student'),(14,'192.168.1.6','amssplus','2021-05-29 11:02:44','student'),(15,'192.168.1.6','amssplus','2021-05-29 11:03:51','student'),(16,'192.168.1.6','amssplus','2021-05-29 11:54:25','student'),(17,'192.168.1.6','amssplus','2021-05-29 11:57:23','student'),(18,'192.168.1.6','amssplus','2021-05-29 11:58:24','student'),(19,'192.168.1.6','amssplus','2021-05-29 12:12:58','student'),(20,'192.168.1.6','amssplus','2021-05-29 12:22:08','student'),(21,'192.168.1.6','amssplus','2021-05-29 12:23:54','student'),(22,'192.168.1.6','amssplus','2021-05-29 12:44:02','student'),(23,'192.168.1.6','amssplus','2021-05-29 12:50:48','student'),(24,'192.168.1.6','amssplus','2021-05-29 12:57:24','student'),(25,'192.168.1.6','amssplus','2021-05-29 12:58:28','student'),(26,'192.168.1.6','amssplus','2021-05-29 14:27:42','student'),(27,'192.168.1.6','amssplus','2021-05-29 14:28:16','student'),(28,'192.168.1.6','amssplus','2021-05-29 14:28:43','student'),(29,'192.168.1.6','amssplus','2021-05-29 14:29:22','student'),(30,'192.168.1.6','amssplus','2021-05-29 14:31:54','student'),(31,'10.1.1.3','amssplus','2021-10-06 10:25:31','student'),(32,'10.1.1.3','amssplus','2022-03-16 15:04:44','student'),(33,'10.1.1.3','amssplus','2022-07-23 11:16:03','plan'),(34,'10.1.1.3','amssplus','2022-09-07 14:39:51','student'),(35,'10.1.1.3','amssplus','2022-09-17 15:34:10','student'),(36,'','amssplus','2023-01-02 14:23:39','student_check'),(37,'','amssplus','2023-01-02 17:52:54','student_check'),(38,'','amssplus','2023-01-02 17:54:29','student_check'),(39,'','amssplus','2023-01-02 17:55:04','student_check'),(40,'10.1.1.3','amssplus','2023-01-22 00:22:50','student'),(41,'127.0.0.1','amssplus','2023-02-16 09:21:28','student_check'),(42,'127.0.0.1','amssplus','2023-02-16 09:22:08','student_check'),(43,'127.0.0.1','amssplus','2023-02-16 09:33:03','student_check'),(44,'10.1.1.3','amssplus','2023-03-14 21:44:49','person'),(45,'10.1.1.3','amssplus','2023-04-05 09:48:18','student_check'),(46,'10.1.1.3','amssplus','2023-04-05 22:38:10','student_check'),(47,'10.1.1.3','amssplus','2023-04-06 10:24:16','student_check'),(48,'10.1.1.3','amssplus','2023-04-06 10:25:07','student_check'),(49,'10.1.1.3','amssplus','2023-04-06 10:47:27','student_check'),(50,'10.1.1.3','amssplus','2023-04-06 13:13:41','student_check'),(51,'10.1.1.3','amssplus','2023-06-15 10:20:20','student_check'),(52,'10.1.1.3','amssplus','2023-06-15 10:53:42','student'),(53,'10.1.1.3','amssplus','2023-06-15 10:53:43','student'),(54,'10.1.1.3','amssplus','2023-06-16 15:14:12','student'),(55,'10.1.1.3','amssplus','2023-07-04 11:22:54','student'),(56,'127.0.0.1','amssplus','2023-07-09 13:17:02','student_check'),(57,'127.0.0.1','amssplus','2023-07-09 13:19:00','student_check'),(58,'127.0.0.1','amssplus','2023-07-09 13:19:47','student_check'),(59,'127.0.0.1','amssplus','2023-07-09 13:20:13','student_check'),(60,'127.0.0.1','amssplus','2023-07-09 13:20:45','student_check'),(61,'127.0.0.1','amssplus','2023-07-09 13:21:44','student_check'),(62,'127.0.0.1','amssplus','2023-07-09 13:27:58','student_check'),(63,'127.0.0.1','amssplus','2023-07-09 13:29:13','student_check'),(64,'127.0.0.1','amssplus','2023-07-09 13:31:14','student_check'),(65,'127.0.0.1','amssplus','2023-07-09 13:36:12','student_check'),(66,'127.0.0.1','amssplus','2023-07-09 13:37:18','student_check'),(67,'127.0.0.1','amssplus','2023-07-09 13:37:40','student_check'),(68,'127.0.0.1','amssplus','2023-07-09 13:39:11','student_check'),(69,'127.0.0.1','amssplus','2023-07-09 13:41:19','student_check'),(70,'127.0.0.1','amssplus','2023-07-09 13:42:40','student_check'),(71,'127.0.0.1','amssplus','2023-07-09 13:43:38','student_check'),(72,'127.0.0.1','amssplus','2023-07-09 13:47:33','student_check'),(73,'127.0.0.1','amssplus','2023-07-09 13:59:31','student_check'),(74,'127.0.0.1','amssplus','2023-07-09 14:08:14','student_check'),(75,'127.0.0.1','amssplus','2023-07-09 14:17:26','student_check'),(76,'127.0.0.1','amssplus','2023-07-11 07:57:57','student_check'),(77,'127.0.0.1','amssplus','2023-07-11 08:13:00','student_check'),(78,'127.0.0.1','amssplus','2023-07-11 08:13:51','student_check'),(79,'127.0.0.1','amssplus','2023-07-11 08:14:42','student_check'),(80,'127.0.0.1','amssplus','2023-07-26 13:58:57','student_check'),(81,'127.0.0.1','amssplus','2023-07-26 14:00:38','student_check'),(82,'127.0.0.1','amssplus','2023-07-26 14:02:13','student_check'),(83,'127.0.0.1','amssplus','2023-07-26 14:52:55','student_check'),(84,'127.0.0.1','amssplus','2023-07-26 14:58:31','student_check'),(85,'127.0.0.1','amssplus','2023-07-26 15:09:12','student_check'),(86,'127.0.0.1','amssplus','2023-07-26 15:11:06','student_check'),(87,'127.0.0.1','amssplus','2023-07-26 15:12:05','student_check'),(88,'127.0.0.1','amssplus','2023-07-26 15:18:42','student_check'),(89,'127.0.0.1','amssplus','2023-07-26 15:22:37','student_check'),(90,'127.0.0.1','amssplus','2023-07-26 15:27:28','student_check'),(91,'127.0.0.1','amssplus','2023-07-26 15:31:08','student_check'),(92,'127.0.0.1','amssplus','2023-07-26 15:32:16','student_check'),(93,'127.0.0.1','amssplus','2023-07-26 15:33:12','student_check'),(94,'127.0.0.1','amssplus','2023-07-26 15:45:49','student_check'),(95,'127.0.0.1','amssplus','2023-07-26 15:49:04','student_check'),(96,'127.0.0.1','amssplus','2023-07-26 15:51:01','student_check'),(97,'127.0.0.1','amssplus','2023-07-26 15:52:48','student_check'),(98,'127.0.0.1','amssplus','2023-07-26 15:57:19','student_check'),(99,'127.0.0.1','amssplus','2023-07-26 17:13:58','student_check'),(100,'127.0.0.1','amssplus','2023-07-26 17:19:47','student_check'),(101,'127.0.0.1','amssplus','2023-07-26 17:26:39','student_check'),(102,'127.0.0.1','amssplus','2023-07-26 17:28:14','student_check'),(103,'127.0.0.1','amssplus','2023-07-26 17:42:17','student_check'),(104,'10.1.1.3','amssplus','2023-08-23 16:24:00','student_check'),(105,'10.1.1.3','amssplus','2023-08-23 16:24:00','student_check'),(106,'10.1.1.3','amssplus','2023-08-23 16:24:00','student_check'),(107,'10.1.1.3','amssplus','2023-08-24 09:05:29','student_check'),(108,'10.1.1.3','amssplus','2023-08-31 09:02:46','student_check'),(109,'10.1.1.3','amssplus','2023-08-31 09:03:18','student_check'),(110,'10.1.1.3','amssplus','2023-08-31 09:03:39','student_check'),(111,'10.1.1.3','amssplus','2023-09-15 20:07:52','student'),(112,'10.1.1.3','amssplus','2023-09-19 12:28:08','student'),(113,'','amssplus','2023-10-25 14:28:41','student_check'),(114,'','amssplus','2023-10-25 14:28:46','student_check'),(115,'','amssplus','2023-10-25 14:28:48','student_check'),(116,'10.255.199.107','amssplus','2023-11-29 08:55:48','student_check'),(117,'10.255.199.107','amssplus','2023-12-15 12:15:49','student_check'),(118,'10.255.199.107','amssplus','2024-01-25 03:50:22','student_check'),(119,'10.255.199.107','amssplus','2024-06-10 11:59:19','student'),(120,'10.255.199.107','amssplus','2024-06-10 12:33:05','student'),(121,'10.255.199.107','amssplus','2024-06-14 10:46:03','student'),(122,'10.255.199.107','amssplus','2024-06-14 10:52:05','student'),(123,'10.255.199.107','amssplus','2024-06-17 04:37:32','person'),(124,'10.255.199.107','amssplus','2024-06-17 04:39:47','person'),(125,'10.255.199.107','amssplus','2024-06-20 04:51:34','student_check'),(126,'10.255.199.107','amssplus','2025-03-11 07:57:43','student_check'),(127,'10.255.199.107','amssplus','2025-03-11 07:58:04','student_check'),(128,'10.255.199.107','amssplus','2025-03-28 01:48:39','student_check'),(129,'10.255.199.107','amssplus','2025-05-29 08:08:41','person'),(130,'10.255.199.107','amssplus','2025-06-08 04:24:52','student'),(131,'10.255.199.107','amssplus','2025-07-30 08:33:28','student_check'),(132,'10.255.199.107','amssplus','2025-08-01 22:22:45','student_check'),(133,'10.255.199.107','amssplus','2025-08-01 22:22:49','student_check'),(134,'10.255.199.107','amssplus','2025-08-14 04:09:09','person'),(135,'10.255.199.107','amssplus','2025-08-14 06:29:22','student'),(136,'10.255.199.107','amssplus','2025-08-14 06:29:33','student'),(137,'10.255.199.107','amssplus','2025-08-14 06:30:05','student'),(138,'10.255.199.107','amssplus','2025-08-29 02:40:17','student_check'),(139,'10.255.199.107','amssplus','2025-09-13 05:43:36','student_check'),(140,'10.255.199.107','amssplus','2025-09-13 05:54:44','student_check');

--
-- Table structure for table `system_export_permission`
--

CREATE TABLE `system_export_permission` (
  `id` int(11) NOT NULL AUTO_INCREMENT,
  `requester` varchar(50) NOT NULL,
  `data_name` varchar(50) NOT NULL,
  `status` tinyint(4) NOT NULL DEFAULT 0,
  PRIMARY KEY (`id`)
) ENGINE=MyISAM AUTO_INCREMENT=7 DEFAULT CHARSET=utf8 COLLATE=utf8_general_ci;

--
-- Dumping data for table `system_export_permission`
--

INSERT INTO `system_export_permission` VALUES (1,'amssplus','plan',1),(2,'amssplus','onet',1),(3,'amssplus','student',1),(4,'amssplus','person',1),(5,'amssplus','student_check',1),(6,'amssplus','health',1);

--
-- Table structure for table `system_module`
--

CREATE TABLE `system_module` (
  `id` int(11) NOT NULL AUTO_INCREMENT,
  `module` varchar(50) NOT NULL,
  `module_desc` varchar(100) NOT NULL,
  `workgroup` tinyint(4) DEFAULT NULL,
  `module_active` tinyint(4) DEFAULT NULL,
  `module_order` int(11) NOT NULL,
  `web_link` tinyint(4) DEFAULT NULL,
  `url` varchar(150) DEFAULT NULL,
  `where_work` tinyint(4) NOT NULL DEFAULT 0,
  `menu_pic` varchar(25) NOT NULL,
  PRIMARY KEY (`id`)
) ENGINE=MyISAM AUTO_INCREMENT=118 DEFAULT CHARSET=utf8 COLLATE=utf8_general_ci;

--
-- Dumping data for table `system_module`
--

INSERT INTO `system_module` VALUES (1,'budget','การเงินและบัญชี',2,1,27,NULL,NULL,0,'fab fa-btc'),(32,'person','ข้อมูลพื้นฐานครูและบุคลากร',3,1,31,0,'',0,'fa fa-user-circle'),(36,'standard','มาตรฐานการศึกษา',1,1,23,NULL,NULL,0,''),(49,'health','ตรวจสุขภาพนักเรียน',1,1,5,NULL,NULL,1,''),(50,'student_check','การมาเรียน',1,1,1,NULL,NULL,0,'fa fa-child'),(70,'work','﻿การปฏิบัติราชการ',4,1,49,NULL,NULL,0,''),(48,'savings','ออมทรัพย์นักเรียน',1,1,3,NULL,NULL,1,'fab fa-btc'),(45,'student_main','ข้อมูลพื้นฐานนักเรียน',1,1,7,NULL,NULL,0,'fa fa-child'),(47,'plan','การวางแผน',2,1,25,NULL,NULL,0,''),(73,'la','﻿การลา',4,1,47,NULL,NULL,0,''),(80,'mail','ไปรษณีย์_โรงเรียน',4,1,38,0,'',0,'fa fa-envelope'),(75,'meeting','﻿จองห้องประชุม',4,1,51,NULL,NULL,0,''),(76,'permission','﻿ขออนุญาตไปราชการ',4,1,45,NULL,NULL,0,''),(81,'achievement','﻿ผลสัมฤทธิ์ทางการเรียน',1,1,21,NULL,NULL,0,'fa fa-graduation-cap'),(83,'cabinet','﻿ตู้เอกสาร',4,1,53,NULL,NULL,0,''),(99,'bookregister','﻿ทะเบียนหนังสือราชการ',4,1,35,0,'',0,'fa fa-book'),(104,'bets','ทดสอบการศึกษา_โรงเรียน',1,1,9,0,'',1,'fa fa-graduation-cap'),(103,'student_inclass','﻿การเข้าชั้นเรียน',1,1,19,0,'',0,'fa fa-child'),(105,'delegate','﻿การรักษาราชการแทน',3,1,33,0,'',0,''),(106,'affair','﻿ภารกิจผู้อำนวยการ',4,1,43,0,'',0,''),(107,'amss_bets','﻿ทดสอบการศึกษา_สพท.',1,1,11,0,'',1,'fa fa-graduation-cap'),(108,'amss_budget','﻿การบริหารงบประมาณ_สพท.',2,1,29,0,'',0,'fab fa-btc'),(109,'amss_mail','﻿ไปรษณีย์_สพท.',4,1,39,0,'',0,'fa fa-envelope'),(110,'amss_opportunity','﻿สิทธิและโอกาสทางการศึกษา',1,1,15,0,'',0,'fa fa-child'),(111,'amss_spacial_student','﻿นักเรียนพิเศษ',1,1,17,0,'',0,'fa fa-child'),(112,'amss_supervision','﻿นิเทศ ติดตาม ประเมินผล',1,1,13,0,'',0,'fa fa-graduation-cap'),(113,'book','﻿รับส่งหนังสือราชการ',4,1,37,0,'',0,'fa fa-book'),(114,'warroom','﻿วิเคราะห์สภาพการณ์',1,1,0,0,'',0,'fa fa-filter'),(115,'questionnaire','﻿แบบสอบถาม',4,1,0,0,'',0,''),(116,'idplan','﻿ข้อมูลครูและบุคลากร(ส่วนเพิ่ม)',3,1,0,0,'',0,''),(117,'amss_safety','สถานศึกษาปลอดภัย',1,1,0,0,'',0,'');

--
-- Table structure for table `system_module_admin`
--

CREATE TABLE `system_module_admin` (
  `id` int(11) NOT NULL AUTO_INCREMENT,
  `person_id` varchar(13) NOT NULL,
  `module` varchar(30) NOT NULL,
  `officer` varchar(13) NOT NULL,
  `rec_date` date NOT NULL,
  PRIMARY KEY (`id`)
) ENGINE=MyISAM AUTO_INCREMENT=160 DEFAULT CHARSET=utf8 COLLATE=utf8_general_ci;

--
-- Dumping data for table `system_module_admin`
--

INSERT INTO `system_module_admin` VALUES (1,'1341500009828','student_main','1341500009828','2018-09-22'),(2,'1341500009828','achievement','1341500009828','2018-09-22'),(3,'1341500009828','bets','1341500009828','2018-09-22'),(4,'3340500734447','bookregister','1341500009828','2018-09-22'),(106,'1342200068901','amss_spacial_student','1342200068901','2022-07-23'),(6,'1341500009828','cabinet','1341500009828','2018-09-22'),(7,'3340500734447','delegate','1341500009828','2018-09-22'),(9,'3340500734447','la','1341500009828','2018-09-22'),(10,'1341500009828','mail','1341500009828','2018-09-22'),(11,'1341500009828','meeting','1341500009828','2018-09-22'),(12,'1341500009828','permission','1341500009828','2018-09-22'),(13,'3340500734447','person','1341500009828','2018-09-22'),(14,'3340500734447','plan','1341500009828','2018-09-22'),(16,'3340500734447','student_check','1341500009828','2018-09-22'),(17,'3340500734447','standard','1341500009828','2018-09-22'),(101,'1342200068901','affair','1342200068901','2022-07-23'),(20,'3340500734447','budget','3341501221126','2016-07-23'),(21,'1341500009828','bookregister','1341500009828','2018-07-10'),(22,'1341500009828','person','1341500009828','2018-07-10'),(23,'1341500009828','student_inclass','1341500009828','2018-07-10'),(108,'1342200068901','bets','1342200068901','2022-07-23'),(100,'1342200068901','achievement','1342200068901','2022-07-23'),(24,'1341500009828','book','1341500009828','2018-09-22'),(25,'3340500734447','book','1341500009828','2018-09-22'),(109,'1342200068901','book','1342200068901','2022-07-23'),(105,'1342200068901','amss_opportunity','1342200068901','2022-07-23'),(34,'3330900779456','affair','1341500009828','2019-01-09'),(33,'1341500009828','affair','1341500009828','2019-01-07'),(151,'1349900462900','person','1349900462900','2025-11-11'),(36,'3330900779456','delegate','1341500009828','2019-01-09'),(37,'3330900779456','person','3330900779456','2019-01-09'),(38,'3330900779456','standard','3330900779456','2019-01-09'),(39,'3330900779456','work','3330900779456','2019-01-09'),(40,'3330900779456','achievement','3330900779456','2019-01-09'),(41,'3330900779456','amss_supervision','3330900779456','2019-01-09'),(42,'3330900779456','amss_mail','3330900779456','2019-01-09'),(43,'3330900779456','amss_budget','3330900779456','2019-01-09'),(44,'3330900779456','amss_opportunity','3330900779456','2019-01-09'),(45,'3330900779456','amss_spacial_student','3330900779456','2019-01-09'),(46,'3330900779456','bets','3330900779456','2019-01-09'),(47,'3330900779456','book','3330900779456','2019-01-09'),(48,'3330900779456','bookregister','3330900779456','2019-01-09'),(49,'3330900779456','cabinet','3330900779456','2019-01-09'),(50,'3330900779456','health','3330900779456','2019-01-09'),(51,'3330900779456','la','3330900779456','2019-01-09'),(52,'3330900779456','mail','3330900779456','2019-01-09'),(53,'3330900779456','meeting','3330900779456','2019-01-09'),(54,'3330900779456','plan','3330900779456','2019-01-09'),(55,'3330900779456','savings','3330900779456','2019-01-09'),(56,'3330900779456','student_check','3330900779456','2019-01-09'),(57,'3330900779456','student_inclass','3330900779456','2019-01-09'),(58,'3330900779456','student_main','3330900779456','2019-01-09'),(59,'1341500009828','work','1341500009828','2019-01-09'),(60,'1341500009828','amss_bets','1341500009828','2019-01-09'),(61,'1341500009828','amss_budget','1341500009828','2019-01-09'),(62,'1341500009828','amss_mail','1341500009828','2019-01-09'),(63,'1341500009828','amss_opportunity','1341500009828','2019-01-09'),(64,'1341500009828','amss_spacial_student','1341500009828','2019-01-09'),(65,'1341500009828','amss_supervision','1341500009828','2019-01-09'),(66,'1341500009828','budget','1341500009828','2019-01-09'),(67,'1341500009828','delegate','1341500009828','2019-01-09'),(68,'1341500009828','health','1341500009828','2019-01-09'),(69,'1341500009828','la','1341500009828','2019-01-09'),(70,'1341500009828','plan','1341500009828','2019-01-09'),(71,'1341500009828','savings','1341500009828','2019-01-09'),(72,'1341500009828','standard','1341500009828','2019-01-09'),(73,'1341500009828','student_check','1341500009828','2019-01-09'),(107,'1342200068901','amss_supervision','1342200068901','2022-07-23'),(102,'1342200068901','amss_bets','1342200068901','2022-07-23'),(103,'1342200068901','amss_budget','1342200068901','2022-07-23'),(104,'1342200068901','amss_mail','1342200068901','2022-07-23'),(90,'3340500734447','health','7777','2019-09-05'),(110,'1342200068901','bookregister','1342200068901','2022-07-23'),(111,'1342200068901','budget','1342200068901','2022-07-23'),(112,'1342200068901','cabinet','1342200068901','2022-07-23'),(113,'1342200068901','delegate','1342200068901','2022-07-23'),(114,'1342200068901','health','1342200068901','2022-07-23'),(115,'1342200068901','idplan','1342200068901','2022-07-23'),(116,'1342200068901','la','1342200068901','2022-07-23'),(117,'1342200068901','mail','1342200068901','2022-07-23'),(118,'1342200068901','meeting','1342200068901','2022-07-23'),(119,'1342200068901','permission','1342200068901','2022-07-23'),(120,'1342200068901','person','1342200068901','2022-07-23'),(121,'1342200068901','plan','1342200068901','2022-07-23'),(122,'1342200068901','questionnaire','1342200068901','2022-07-23'),(123,'1342200068901','savings','1342200068901','2022-07-23'),(124,'1342200068901','standard','1342200068901','2022-07-23'),(125,'1342200068901','student_check','1342200068901','2022-07-23'),(126,'1342200068901','student_inclass','1342200068901','2022-07-23'),(127,'1342200068901','student_main','1342200068901','2022-07-23'),(128,'1342200068901','warroom','1342200068901','2022-07-23'),(129,'1342200068901','work','1342200068901','2022-07-23'),(132,'1349900462900','affair','1349900462900','2025-11-11'),(131,'1349900462900','achievement','1349900462900','2025-11-11'),(133,'1349900462900','amss_bets','1349900462900','2025-11-11'),(134,'1349900462900','amss_budget','1349900462900','2025-11-11'),(135,'1349900462900','amss_mail','1349900462900','2025-11-11'),(136,'1349900462900','amss_opportunity','1349900462900','2025-11-11'),(137,'1349900462900','amss_safety','1349900462900','2025-11-11'),(138,'1349900462900','amss_spacial_student','1349900462900','2025-11-11'),(139,'1349900462900','bets','1349900462900','2025-11-11'),(140,'1349900462900','book','1349900462900','2025-11-11'),(141,'1349900462900','bookregister','1349900462900','2025-11-11'),(142,'1349900462900','budget','1349900462900','2025-11-11'),(143,'1349900462900','cabinet','1349900462900','2025-11-11'),(144,'1349900462900','delegate','1349900462900','2025-11-11'),(145,'1349900462900','health','1349900462900','2025-11-11'),(146,'1349900462900','idplan','1349900462900','2025-11-11'),(147,'1349900462900','la','1349900462900','2025-11-11'),(148,'1349900462900','mail','1349900462900','2025-11-11'),(149,'1349900462900','meeting','1349900462900','2025-11-11'),(150,'1349900462900','permission','1349900462900','2025-11-11'),(152,'1349900462900','plan','1349900462900','2025-11-11'),(153,'1349900462900','questionnaire','1349900462900','2025-11-11'),(154,'1349900462900','savings','1349900462900','2025-11-11'),(155,'1349900462900','student_check','1349900462900','2025-11-11'),(156,'1349900462900','student_inclass','1349900462900','2025-11-11'),(157,'1349900462900','student_main','1349900462900','2025-11-11'),(158,'1349900462900','warroom','1349900462900','2025-11-11'),(159,'1349900462900','work','1349900462900','2025-11-11');

--
-- Table structure for table `system_school_name`
--

CREATE TABLE `system_school_name` (
  `id` tinyint(4) NOT NULL,
  `school_name` varchar(200) NOT NULL,
  `school_type` tinyint(4) NOT NULL DEFAULT 0
) ENGINE=MyISAM DEFAULT CHARSET=utf8 COLLATE=utf8_general_ci;

--
-- Dumping data for table `system_school_name`
--

INSERT INTO `system_school_name` VALUES (1,'โรงเรียนบ้านเปือย',0);

--
-- Table structure for table `system_sync_code`
--

CREATE TABLE `system_sync_code` (
  `id` tinyint(4) NOT NULL AUTO_INCREMENT,
  `office_code` varchar(10) NOT NULL,
  `system_name` varchar(50) NOT NULL,
  `sync_code` varchar(50) NOT NULL,
  `amssplus_url` varchar(100) NOT NULL,
  PRIMARY KEY (`id`),
  UNIQUE KEY `system_name` (`system_name`)
) ENGINE=MyISAM AUTO_INCREMENT=4 DEFAULT CHARSET=utf8 COLLATE=utf8_general_ci;

--
-- Dumping data for table `system_sync_code`
--

INSERT INTO `system_sync_code` VALUES (3,'34040096','amssplus','34040096','http://10.255.199.107/amssplus');

--
-- Table structure for table `system_version`
--

CREATE TABLE `system_version` (
  `id` int(11) NOT NULL AUTO_INCREMENT,
  `smss_version` varchar(100) NOT NULL,
  `status1` int(11) DEFAULT NULL,
  `status2` int(11) DEFAULT NULL,
  `status3` int(11) DEFAULT NULL,
  `status4` int(11) DEFAULT NULL,
  `status5` int(11) DEFAULT NULL,
  PRIMARY KEY (`id`)
) ENGINE=MyISAM AUTO_INCREMENT=2 DEFAULT CHARSET=utf8 COLLATE=utf8_general_ci;

--
-- Dumping data for table `system_version`
--

INSERT INTO `system_version` VALUES (1,'6.4',1,0,0,0,0);

--
-- Table structure for table `system_workgroup`
--

CREATE TABLE `system_workgroup` (
  `id` tinyint(4) NOT NULL AUTO_INCREMENT,
  `workgroup` tinyint(4) NOT NULL,
  `workgroup_desc` varchar(50) NOT NULL,
  `workgroup_order` int(11) NOT NULL,
  PRIMARY KEY (`id`),
  UNIQUE KEY `workgroup` (`workgroup`)
) ENGINE=MyISAM AUTO_INCREMENT=5 DEFAULT CHARSET=utf8 COLLATE=utf8_general_ci;

--
-- Dumping data for table `system_workgroup`
--

INSERT INTO `system_workgroup` VALUES (1,1,'บริหารวิชาการ',5),(2,2,'บริหารงบประมาณ',4),(3,3,'บริหารงานบุคคล',6),(4,4,'บริหารทั่วไป',8);

--
-- Table structure for table `work_main`
--

CREATE TABLE `work_main` (
  `id` int(11) NOT NULL AUTO_INCREMENT,
  `work_date` date NOT NULL,
  `person_id` varchar(13) NOT NULL,
  `work` tinyint(4) NOT NULL DEFAULT 0,
  `comment` varchar(150) DEFAULT NULL,
  `rec_date` datetime NOT NULL,
  `officer` varchar(13) NOT NULL,
  PRIMARY KEY (`id`),
  KEY `work_date` (`work_date`),
  KEY `person_id` (`person_id`)
) ENGINE=MyISAM AUTO_INCREMENT=2430 DEFAULT CHARSET=utf8 COLLATE=utf8_general_ci;

--
-- Dumping data for table `work_main`
--

INSERT INTO `work_main` VALUES (1,'2019-01-09','3330900779456',1,NULL,'2019-01-09 11:40:11','1341500009828'),(2,'2019-01-09','3341500458122',1,NULL,'2019-01-09 11:40:11','1341500009828'),(3,'2019-01-09','3340500734447',1,NULL,'2019-01-09 11:40:11','1341500009828'),(4,'2019-01-09','3740300046993',1,NULL,'2019-01-09 11:40:11','1341500009828'),(5,'2019-01-09','5340100033618',1,NULL,'2019-01-09 11:40:11','1341500009828'),(6,'2019-01-09','1349900462900',1,NULL,'2019-01-09 11:40:11','1341500009828'),(7,'2019-01-09','1341500009828',1,NULL,'2019-01-09 11:40:11','1341500009828'),(8,'2019-01-02','3330900779456',1,NULL,'2019-01-09 11:40:55','1341500009828'),(9,'2019-01-02','3341500458122',1,NULL,'2019-01-09 11:40:55','1341500009828'),(10,'2019-01-02','3340500734447',1,NULL,'2019-01-09 11:40:55','1341500009828'),(11,'2019-01-02','3740300046993',1,NULL,'2019-01-09 11:40:55','1341500009828'),(12,'2019-01-02','5340100033618',1,NULL,'2019-01-09 11:40:55','1341500009828'),(13,'2019-01-02','1349900462900',1,NULL,'2019-01-09 11:40:55','1341500009828'),(14,'2019-01-02','1341500009828',1,NULL,'2019-01-09 11:40:55','1341500009828'),(15,'2019-01-03','3330900779456',1,NULL,'2019-01-09 11:41:08','1341500009828'),(16,'2019-01-03','3341500458122',1,NULL,'2019-01-09 11:41:08','1341500009828'),(17,'2019-01-03','3340500734447',1,NULL,'2019-01-09 11:41:08','1341500009828'),(18,'2019-01-03','3740300046993',1,NULL,'2019-01-09 11:41:08','1341500009828'),(19,'2019-01-03','5340100033618',1,NULL,'2019-01-09 11:41:08','1341500009828'),(20,'2019-01-03','1349900462900',1,NULL,'2019-01-09 11:41:08','1341500009828'),(21,'2019-01-03','1341500009828',1,NULL,'2019-01-09 11:41:08','1341500009828'),(22,'2019-01-04','3330900779456',1,NULL,'2019-01-09 11:41:25','1341500009828'),(23,'2019-01-04','3341500458122',1,NULL,'2019-01-09 11:41:25','1341500009828'),(24,'2019-01-04','3340500734447',1,NULL,'2019-01-09 11:41:25','1341500009828'),(25,'2019-01-04','3740300046993',1,NULL,'2019-01-09 11:41:25','1341500009828'),(26,'2019-01-04','5340100033618',1,NULL,'2019-01-09 11:41:25','1341500009828'),(27,'2019-01-04','1349900462900',1,NULL,'2019-01-09 11:41:25','1341500009828'),(28,'2019-01-04','1341500009828',1,NULL,'2019-01-09 11:41:25','1341500009828'),(29,'2019-01-07','3330900779456',1,NULL,'2019-01-09 11:41:38','1341500009828'),(30,'2019-01-07','3341500458122',1,NULL,'2019-01-09 11:41:38','1341500009828'),(31,'2019-01-07','3340500734447',1,NULL,'2019-01-09 11:41:38','1341500009828'),(32,'2019-01-07','3740300046993',1,NULL,'2019-01-09 11:41:38','1341500009828'),(33,'2019-01-07','5340100033618',1,NULL,'2019-01-09 11:41:38','1341500009828'),(34,'2019-01-07','1349900462900',1,NULL,'2019-01-09 11:41:38','1341500009828'),(35,'2019-01-07','1341500009828',1,NULL,'2019-01-09 11:41:38','1341500009828'),(36,'2019-01-08','3330900779456',1,NULL,'2019-01-09 11:41:52','1341500009828'),(37,'2019-01-08','3341500458122',1,NULL,'2019-01-09 11:41:52','1341500009828'),(38,'2019-01-08','3340500734447',1,NULL,'2019-01-09 11:41:52','1341500009828'),(39,'2019-01-08','3740300046993',1,NULL,'2019-01-09 11:41:52','1341500009828'),(40,'2019-01-08','5340100033618',1,NULL,'2019-01-09 11:41:52','1341500009828'),(41,'2019-01-08','1349900462900',1,NULL,'2019-01-09 11:41:52','1341500009828'),(42,'2019-01-08','1341500009828',1,NULL,'2019-01-09 11:41:52','1341500009828'),(43,'2020-01-21','3330900779456',2,NULL,'2020-01-21 13:01:29','1341500009828'),(44,'2020-01-21','3340500734447',1,NULL,'2020-01-21 13:01:29','1341500009828'),(45,'2020-01-21','3740300046993',1,NULL,'2020-01-21 13:01:29','1341500009828'),(46,'2020-01-21','5340100033618',1,NULL,'2020-01-21 13:01:29','1341500009828'),(47,'2020-01-21','1349900462900',1,NULL,'2020-01-21 13:01:29','1341500009828'),(48,'2020-01-21','1341500009828',1,NULL,'2020-01-21 13:01:29','1341500009828'),(49,'2020-01-28','3330900779456',1,NULL,'2020-01-29 09:18:13','1341500009828'),(50,'2020-01-28','3340500734447',1,NULL,'2020-01-29 09:18:13','1341500009828'),(51,'2020-01-28','5340100033618',1,NULL,'2020-01-29 09:18:13','1341500009828'),(52,'2020-01-28','1341500009828',1,NULL,'2020-01-29 09:18:13','1341500009828'),(53,'2020-01-29','3740300046993',1,NULL,'2020-01-29 13:22:36','1341500009828'),(54,'2020-01-29','5340100033618',1,NULL,'2020-01-29 13:22:36','1341500009828'),(55,'2020-01-29','1349900462900',1,NULL,'2020-01-29 13:22:36','1341500009828'),(56,'2020-01-29','1341500009828',1,NULL,'2020-01-29 13:22:36','1341500009828'),(57,'2020-01-28','3740300046993',1,NULL,'2020-01-29 09:18:13','1341500009828'),(58,'2020-01-28','1349900462900',1,NULL,'2020-01-29 09:18:13','1341500009828'),(59,'2020-01-26','3330900779456',9,NULL,'2020-01-29 09:20:01','1341500009828'),(60,'2020-01-26','3340500734447',9,NULL,'2020-01-29 09:20:01','1341500009828'),(61,'2020-01-26','3740300046993',9,NULL,'2020-01-29 09:20:01','1341500009828'),(62,'2020-01-26','5340100033618',9,NULL,'2020-01-29 09:20:01','1341500009828'),(63,'2020-01-26','1349900462900',9,NULL,'2020-01-29 09:20:01','1341500009828'),(64,'2020-01-26','1341500009828',9,NULL,'2020-01-29 09:20:01','1341500009828'),(65,'2020-01-27','3330900779456',1,NULL,'2020-01-29 09:20:16','1341500009828'),(66,'2020-01-27','3340500734447',1,NULL,'2020-01-29 09:20:16','1341500009828'),(67,'2020-01-27','3740300046993',1,NULL,'2020-01-29 09:20:16','1341500009828'),(68,'2020-01-27','5340100033618',1,NULL,'2020-01-29 09:20:16','1341500009828'),(69,'2020-01-27','1349900462900',1,NULL,'2020-01-29 09:20:16','1341500009828'),(70,'2020-01-27','1341500009828',1,NULL,'2020-01-29 09:20:16','1341500009828'),(71,'2020-01-29','3330900779456',1,NULL,'2020-01-29 13:22:36','1341500009828'),(72,'2020-01-29','3340500734447',1,NULL,'2020-01-29 13:22:36','1341500009828'),(73,'2020-01-30','3330900779456',1,NULL,'2020-01-30 13:08:24','1341500009828'),(74,'2020-01-30','3340500734447',1,NULL,'2020-01-30 13:08:24','1341500009828'),(75,'2020-01-30','3740300046993',1,NULL,'2020-01-30 13:08:24','1341500009828'),(76,'2020-01-30','5340100033618',1,NULL,'2020-01-30 13:08:24','1341500009828'),(77,'2020-01-30','1349900462900',1,NULL,'2020-01-30 13:08:24','1341500009828'),(78,'2020-01-30','1341500009828',1,NULL,'2020-01-30 13:08:24','1341500009828'),(79,'2020-01-31','3330900779456',1,NULL,'2020-01-31 13:39:45','1341500009828'),(80,'2020-01-31','3340500734447',1,NULL,'2020-01-31 13:39:45','1341500009828'),(81,'2020-01-31','3740300046993',1,NULL,'2020-01-31 13:39:45','1341500009828'),(82,'2020-01-31','5340100033618',1,NULL,'2020-01-31 13:39:45','1341500009828'),(83,'2020-01-31','1349900462900',1,NULL,'2020-01-31 13:39:45','1341500009828'),(84,'2020-01-31','1341500009828',1,NULL,'2020-01-31 13:39:45','1341500009828'),(85,'2020-02-06','3330900779456',1,NULL,'2020-02-06 11:22:31','1341500009828'),(86,'2020-02-06','3340500734447',1,NULL,'2020-02-06 11:22:31','1341500009828'),(87,'2020-02-06','3740300046993',1,NULL,'2020-02-06 11:22:31','1341500009828'),(88,'2020-02-06','5340100033618',1,NULL,'2020-02-06 11:22:31','1341500009828'),(89,'2020-02-06','1349900462900',1,NULL,'2020-02-06 11:22:31','1341500009828'),(90,'2020-02-06','1341500009828',1,NULL,'2020-02-06 11:22:31','1341500009828'),(91,'2020-02-05','3330900779456',1,NULL,'2020-02-06 11:22:52','1341500009828'),(92,'2020-02-05','3340500734447',1,NULL,'2020-02-06 11:22:52','1341500009828'),(93,'2020-02-05','3740300046993',1,NULL,'2020-02-06 11:22:52','1341500009828'),(94,'2020-02-05','5340100033618',1,NULL,'2020-02-06 11:22:52','1341500009828'),(95,'2020-02-05','1349900462900',1,NULL,'2020-02-06 11:22:52','1341500009828'),(96,'2020-02-05','1341500009828',1,NULL,'2020-02-06 11:22:52','1341500009828'),(97,'2020-02-04','3330900779456',1,NULL,'2020-02-06 11:24:33','1341500009828'),(98,'2020-02-04','3340500734447',1,NULL,'2020-02-06 11:24:33','1341500009828'),(99,'2020-02-04','3740300046993',1,NULL,'2020-02-06 11:24:33','1341500009828'),(100,'2020-02-04','5340100033618',1,NULL,'2020-02-06 11:24:33','1341500009828'),(101,'2020-02-04','1349900462900',1,NULL,'2020-02-06 11:24:33','1341500009828'),(102,'2020-02-04','1341500009828',1,NULL,'2020-02-06 11:24:33','1341500009828'),(103,'2020-02-03','3330900779456',1,NULL,'2020-02-06 11:25:06','1341500009828'),(104,'2020-02-03','3340500734447',1,NULL,'2020-02-06 11:25:06','1341500009828'),(105,'2020-02-03','3740300046993',1,NULL,'2020-02-06 11:25:06','1341500009828'),(106,'2020-02-03','5340100033618',1,NULL,'2020-02-06 11:25:06','1341500009828'),(107,'2020-02-03','1349900462900',1,NULL,'2020-02-06 11:25:06','1341500009828'),(108,'2020-02-03','1341500009828',1,NULL,'2020-02-06 11:25:06','1341500009828'),(109,'2020-07-02','3330900779456',1,NULL,'2020-07-10 16:56:40','1341500009828'),(110,'2020-07-02','3340500734447',1,NULL,'2020-07-10 16:56:40','1341500009828'),(111,'2020-07-02','3740300046993',1,NULL,'2020-07-10 16:56:40','1341500009828'),(112,'2020-07-02','5340100033618',1,NULL,'2020-07-10 16:56:40','1341500009828'),(113,'2020-07-02','1349900462900',1,NULL,'2020-07-10 16:56:40','1341500009828'),(114,'2020-07-02','1341500009828',1,NULL,'2020-07-10 16:56:40','1341500009828'),(115,'2020-07-01','3330900779456',1,NULL,'2020-07-10 16:56:46','1341500009828'),(116,'2020-07-01','3340500734447',1,NULL,'2020-07-10 16:56:46','1341500009828'),(117,'2020-07-01','3740300046993',1,NULL,'2020-07-10 16:56:46','1341500009828'),(118,'2020-07-01','5340100033618',1,NULL,'2020-07-10 16:56:46','1341500009828'),(119,'2020-07-01','1349900462900',1,NULL,'2020-07-10 16:56:46','1341500009828'),(120,'2020-07-01','1341500009828',1,NULL,'2020-07-10 16:56:46','1341500009828'),(121,'2020-06-30','3330900779456',1,NULL,'2020-07-02 10:27:39','1341500009828'),(122,'2020-06-30','3340500734447',1,NULL,'2020-07-02 10:27:39','1341500009828'),(123,'2020-06-30','3740300046993',1,NULL,'2020-07-02 10:27:39','1341500009828'),(124,'2020-06-30','5340100033618',1,NULL,'2020-07-02 10:27:39','1341500009828'),(125,'2020-06-30','1349900462900',1,NULL,'2020-07-02 10:27:39','1341500009828'),(126,'2020-06-30','1341500009828',1,NULL,'2020-07-02 10:27:39','1341500009828'),(127,'2020-07-03','3330900779456',1,NULL,'2020-07-10 16:56:34','1341500009828'),(128,'2020-07-03','3340500734447',1,NULL,'2020-07-10 16:56:34','1341500009828'),(129,'2020-07-03','3740300046993',1,NULL,'2020-07-10 16:56:34','1341500009828'),(130,'2020-07-03','5340100033618',1,NULL,'2020-07-10 16:56:34','1341500009828'),(131,'2020-07-03','1349900462900',1,NULL,'2020-07-10 16:56:34','1341500009828'),(132,'2020-07-03','1341500009828',1,NULL,'2020-07-10 16:56:34','1341500009828'),(133,'2020-07-08','3330900779456',1,NULL,'2020-07-10 16:56:21','1341500009828'),(134,'2020-07-08','3340500734447',1,NULL,'2020-07-10 16:56:21','1341500009828'),(135,'2020-07-08','3740300046993',1,NULL,'2020-07-10 16:56:21','1341500009828'),(136,'2020-07-08','5340100033618',1,NULL,'2020-07-10 16:56:21','1341500009828'),(137,'2020-07-08','1349900462900',1,NULL,'2020-07-10 16:56:21','1341500009828'),(138,'2020-07-08','1341500009828',1,NULL,'2020-07-10 16:56:21','1341500009828'),(139,'2020-07-09','3330900779456',2,NULL,'2020-07-10 16:56:13','1341500009828'),(140,'2020-07-09','3340500734447',1,NULL,'2020-07-10 16:56:13','1341500009828'),(141,'2020-07-09','3740300046993',1,NULL,'2020-07-10 16:56:13','1341500009828'),(142,'2020-07-09','5340100033618',1,NULL,'2020-07-10 16:56:13','1341500009828'),(143,'2020-07-09','1349900462900',1,NULL,'2020-07-10 16:56:13','1341500009828'),(144,'2020-07-09','1341500009828',1,NULL,'2020-07-10 16:56:13','1341500009828'),(145,'2020-07-10','3330900779456',1,NULL,'2020-07-10 16:55:59','1341500009828'),(146,'2020-07-10','3340500734447',1,NULL,'2020-07-10 16:55:59','1341500009828'),(147,'2020-07-10','3740300046993',1,NULL,'2020-07-10 16:55:59','1341500009828'),(148,'2020-07-10','5340100033618',1,NULL,'2020-07-10 16:55:59','1341500009828'),(149,'2020-07-10','1349900462900',1,NULL,'2020-07-10 16:55:59','1341500009828'),(150,'2020-07-10','1341500009828',1,NULL,'2020-07-10 16:55:59','1341500009828'),(151,'2020-07-10','3350300199904',1,NULL,'2020-07-10 16:55:59','1341500009828'),(152,'2020-07-09','3350300199904',1,NULL,'2020-07-10 16:56:13','1341500009828'),(153,'2020-07-08','3350300199904',1,NULL,'2020-07-10 16:56:21','1341500009828'),(154,'2020-07-03','3350300199904',1,NULL,'2020-07-10 16:56:34','1341500009828'),(155,'2020-07-02','3350300199904',1,NULL,'2020-07-10 16:56:40','1341500009828'),(156,'2020-07-01','3350300199904',1,NULL,'2020-07-10 16:56:46','1341500009828'),(157,'2020-07-13','3330900779456',2,NULL,'2020-07-14 05:29:08','1341500009828'),(158,'2020-07-13','3340500734447',4,NULL,'2020-07-14 05:29:08','1341500009828'),(159,'2020-07-13','3740300046993',1,NULL,'2020-07-14 05:29:08','1341500009828'),(160,'2020-07-13','5340100033618',1,NULL,'2020-07-14 05:29:08','1341500009828'),(161,'2020-07-13','3350300199904',1,NULL,'2020-07-14 05:29:08','1341500009828'),(162,'2020-07-13','1349900462900',1,NULL,'2020-07-14 05:29:08','1341500009828'),(163,'2020-07-13','1341500009828',1,NULL,'2020-07-14 05:29:08','1341500009828'),(164,'2020-07-14','3330900779456',1,NULL,'2020-07-14 18:57:46','1341500009828'),(165,'2020-07-14','3340500734447',4,NULL,'2020-07-14 18:57:46','1341500009828'),(166,'2020-07-14','3740300046993',1,NULL,'2020-07-14 18:57:46','1341500009828'),(167,'2020-07-14','5340100033618',1,NULL,'2020-07-14 18:57:46','1341500009828'),(168,'2020-07-14','3350300199904',1,NULL,'2020-07-14 18:57:46','1341500009828'),(169,'2020-07-14','1349900462900',1,NULL,'2020-07-14 18:57:46','1341500009828'),(170,'2020-07-14','1341500009828',1,NULL,'2020-07-14 18:57:46','1341500009828'),(171,'2020-07-15','3330900779456',1,NULL,'2020-07-15 15:00:08','1341500009828'),(172,'2020-07-15','3340500734447',1,NULL,'2020-07-15 15:00:08','1341500009828'),(173,'2020-07-15','3740300046993',1,NULL,'2020-07-15 15:00:08','1341500009828'),(174,'2020-07-15','5340100033618',1,NULL,'2020-07-15 15:00:08','1341500009828'),(175,'2020-07-15','3350300199904',1,NULL,'2020-07-15 15:00:08','1341500009828'),(176,'2020-07-15','1349900462900',1,NULL,'2020-07-15 15:00:08','1341500009828'),(177,'2020-07-15','1341500009828',1,NULL,'2020-07-15 15:00:08','1341500009828'),(178,'2020-07-16','3330900779456',1,NULL,'2020-07-16 16:59:07','1341500009828'),(179,'2020-07-16','3340500734447',1,NULL,'2020-07-16 16:59:07','1341500009828'),(180,'2020-07-16','3740300046993',1,NULL,'2020-07-16 16:59:07','1341500009828'),(181,'2020-07-16','5340100033618',1,NULL,'2020-07-16 16:59:07','1341500009828'),(182,'2020-07-16','3350300199904',1,NULL,'2020-07-16 16:59:07','1341500009828'),(183,'2020-07-16','1349900462900',1,NULL,'2020-07-16 16:59:07','1341500009828'),(184,'2020-07-16','1341500009828',1,NULL,'2020-07-16 16:59:07','1341500009828'),(185,'2020-07-17','3330900779456',1,NULL,'2020-07-17 12:09:59','1341500009828'),(186,'2020-07-17','3340500734447',1,NULL,'2020-07-17 12:09:59','1341500009828'),(187,'2020-07-17','3740300046993',1,NULL,'2020-07-17 12:09:59','1341500009828'),(188,'2020-07-17','5340100033618',1,NULL,'2020-07-17 12:09:59','1341500009828'),(189,'2020-07-17','3350300199904',1,NULL,'2020-07-17 12:09:59','1341500009828'),(190,'2020-07-17','1349900462900',1,NULL,'2020-07-17 12:09:59','1341500009828'),(191,'2020-07-17','1341500009828',1,NULL,'2020-07-17 12:09:59','1341500009828'),(192,'2020-07-22','3330900779456',1,NULL,'2020-07-22 15:44:08','1341500009828'),(193,'2020-07-22','3340500734447',1,NULL,'2020-07-22 15:44:08','1341500009828'),(194,'2020-07-22','3740300046993',1,NULL,'2020-07-22 15:44:08','1341500009828'),(195,'2020-07-22','5340100033618',1,NULL,'2020-07-22 15:44:08','1341500009828'),(196,'2020-07-22','3350300199904',1,NULL,'2020-07-22 15:44:08','1341500009828'),(197,'2020-07-22','1349900462900',1,NULL,'2020-07-22 15:44:08','1341500009828'),(198,'2020-07-22','1341500009828',1,NULL,'2020-07-22 15:44:08','1341500009828'),(199,'2020-07-21','3330900779456',1,NULL,'2020-07-22 15:44:25','1341500009828'),(200,'2020-07-21','3340500734447',1,NULL,'2020-07-22 15:44:25','1341500009828'),(201,'2020-07-21','3740300046993',1,NULL,'2020-07-22 15:44:25','1341500009828'),(202,'2020-07-21','5340100033618',1,NULL,'2020-07-22 15:44:25','1341500009828'),(203,'2020-07-21','3350300199904',1,NULL,'2020-07-22 15:44:25','1341500009828'),(204,'2020-07-21','1349900462900',1,NULL,'2020-07-22 15:44:25','1341500009828'),(205,'2020-07-21','1341500009828',1,NULL,'2020-07-22 15:44:25','1341500009828'),(206,'2020-07-20','3330900779456',1,NULL,'2020-07-22 15:44:39','1341500009828'),(207,'2020-07-20','3340500734447',1,NULL,'2020-07-22 15:44:39','1341500009828'),(208,'2020-07-20','3740300046993',1,NULL,'2020-07-22 15:44:39','1341500009828'),(209,'2020-07-20','5340100033618',1,NULL,'2020-07-22 15:44:39','1341500009828'),(210,'2020-07-20','3350300199904',1,NULL,'2020-07-22 15:44:39','1341500009828'),(211,'2020-07-20','1349900462900',1,NULL,'2020-07-22 15:44:39','1341500009828'),(212,'2020-07-20','1341500009828',1,NULL,'2020-07-22 15:44:39','1341500009828'),(213,'2020-07-29','3330900779456',1,NULL,'2020-07-29 16:12:23','1341500009828'),(214,'2020-07-29','3340500734447',1,NULL,'2020-07-29 16:12:23','1341500009828'),(215,'2020-07-29','3740300046993',1,NULL,'2020-07-29 16:12:23','1341500009828'),(216,'2020-07-29','5340100033618',3,NULL,'2020-07-29 16:12:23','1341500009828'),(217,'2020-07-29','3350300199904',1,NULL,'2020-07-29 16:12:23','1341500009828'),(218,'2020-07-29','1349900462900',1,NULL,'2020-07-29 16:12:23','1341500009828'),(219,'2020-07-29','1341500009828',1,NULL,'2020-07-29 16:12:23','1341500009828'),(220,'2020-07-24','3330900779456',1,NULL,'2020-07-29 15:21:12','1341500009828'),(221,'2020-07-24','3340500734447',1,NULL,'2020-07-29 15:21:12','1341500009828'),(222,'2020-07-24','3740300046993',1,NULL,'2020-07-29 15:21:12','1341500009828'),(223,'2020-07-24','5340100033618',1,NULL,'2020-07-29 15:21:12','1341500009828'),(224,'2020-07-24','3350300199904',1,NULL,'2020-07-29 15:21:12','1341500009828'),(225,'2020-07-24','1349900462900',1,NULL,'2020-07-29 15:21:12','1341500009828'),(226,'2020-07-24','1341500009828',3,NULL,'2020-07-29 15:21:12','1341500009828'),(227,'2020-07-23','3330900779456',1,NULL,'2020-07-29 15:21:26','1341500009828'),(228,'2020-07-23','3340500734447',1,NULL,'2020-07-29 15:21:26','1341500009828'),(229,'2020-07-23','3740300046993',1,NULL,'2020-07-29 15:21:26','1341500009828'),(230,'2020-07-23','5340100033618',1,NULL,'2020-07-29 15:21:26','1341500009828'),(231,'2020-07-23','3350300199904',1,NULL,'2020-07-29 15:21:26','1341500009828'),(232,'2020-07-23','1349900462900',1,NULL,'2020-07-29 15:21:26','1341500009828'),(233,'2020-07-23','1341500009828',1,NULL,'2020-07-29 15:21:26','1341500009828'),(234,'2020-07-31','3330900779456',1,NULL,'2020-07-31 14:11:11','1341500009828'),(235,'2020-07-31','3340500734447',1,NULL,'2020-07-31 14:11:11','1341500009828'),(236,'2020-07-31','3740300046993',1,NULL,'2020-07-31 14:11:11','1341500009828'),(237,'2020-07-31','5340100033618',1,NULL,'2020-07-31 14:11:11','1341500009828'),(238,'2020-07-31','3350300199904',3,NULL,'2020-07-31 14:11:11','1341500009828'),(239,'2020-07-31','1349900462900',1,NULL,'2020-07-31 14:11:11','1341500009828'),(240,'2020-07-31','1341500009828',1,NULL,'2020-07-31 14:11:11','1341500009828'),(241,'2020-07-30','3330900779456',2,NULL,'2020-07-31 11:01:50','1341500009828'),(242,'2020-07-30','3340500734447',1,NULL,'2020-07-31 11:01:50','1341500009828'),(243,'2020-07-30','3740300046993',1,NULL,'2020-07-31 11:01:50','1341500009828'),(244,'2020-07-30','5340100033618',1,NULL,'2020-07-31 11:01:50','1341500009828'),(245,'2020-07-30','3350300199904',1,NULL,'2020-07-31 11:01:50','1341500009828'),(246,'2020-07-30','1349900462900',1,NULL,'2020-07-31 11:01:50','1341500009828'),(247,'2020-07-30','1341500009828',1,NULL,'2020-07-31 11:01:50','1341500009828'),(248,'2020-08-03','3330900779456',1,NULL,'2020-08-03 14:24:10','1341500009828'),(249,'2020-08-03','3340500734447',1,NULL,'2020-08-03 14:24:10','1341500009828'),(250,'2020-08-03','3740300046993',1,NULL,'2020-08-03 14:24:10','1341500009828'),(251,'2020-08-03','5340100033618',1,NULL,'2020-08-03 14:24:10','1341500009828'),(252,'2020-08-03','3350300199904',1,NULL,'2020-08-03 14:24:10','1341500009828'),(253,'2020-08-03','1349900462900',1,NULL,'2020-08-03 14:24:10','1341500009828'),(254,'2020-08-03','1341500009828',1,NULL,'2020-08-03 14:24:10','1341500009828'),(255,'2020-08-05','3330900779456',1,NULL,'2020-08-05 14:38:05','1341500009828'),(256,'2020-08-05','3340500734447',1,NULL,'2020-08-05 14:38:05','1341500009828'),(257,'2020-08-05','3740300046993',1,NULL,'2020-08-05 14:38:05','1341500009828'),(258,'2020-08-05','5340100033618',1,NULL,'2020-08-05 14:38:05','1341500009828'),(259,'2020-08-05','3350300199904',1,NULL,'2020-08-05 14:38:05','1341500009828'),(260,'2020-08-05','1349900462900',1,NULL,'2020-08-05 14:38:05','1341500009828'),(261,'2020-08-05','1341500009828',1,NULL,'2020-08-05 14:38:05','1341500009828'),(262,'2020-08-04','3330900779456',1,NULL,'2020-08-05 14:38:37','1341500009828'),(263,'2020-08-04','3340500734447',1,NULL,'2020-08-05 14:38:37','1341500009828'),(264,'2020-08-04','3740300046993',1,NULL,'2020-08-05 14:38:37','1341500009828'),(265,'2020-08-04','5340100033618',1,NULL,'2020-08-05 14:38:37','1341500009828'),(266,'2020-08-04','3350300199904',1,NULL,'2020-08-05 14:38:37','1341500009828'),(267,'2020-08-04','1341500009828',1,NULL,'2020-08-05 14:38:37','1341500009828'),(268,'2020-08-04','1349900462900',1,NULL,'2020-08-05 14:38:37','1341500009828'),(269,'2020-08-06','3330900779456',2,NULL,'2020-08-07 09:39:50','1341500009828'),(270,'2020-08-06','3340500734447',1,NULL,'2020-08-07 09:39:50','1341500009828'),(271,'2020-08-06','3740300046993',1,NULL,'2020-08-07 09:39:50','1341500009828'),(272,'2020-08-06','5340100033618',1,NULL,'2020-08-07 09:39:50','1341500009828'),(273,'2020-08-06','3350300199904',1,NULL,'2020-08-07 09:39:50','1341500009828'),(274,'2020-08-06','1349900462900',1,NULL,'2020-08-07 09:39:50','1341500009828'),(275,'2020-08-06','1341500009828',1,NULL,'2020-08-07 09:39:50','1341500009828'),(276,'2020-08-07','3740300046993',1,NULL,'2020-08-07 10:22:26','1341500009828'),(277,'2020-08-07','5340100033618',1,NULL,'2020-08-07 10:22:26','1341500009828'),(278,'2020-08-07','3350300199904',1,NULL,'2020-08-07 10:22:26','1341500009828'),(279,'2020-08-07','1349900462900',1,NULL,'2020-08-07 10:22:26','1341500009828'),(280,'2020-08-07','1341500009828',1,NULL,'2020-08-07 10:22:26','1341500009828'),(281,'2020-08-07','3330900779456',1,NULL,'2020-08-07 10:22:26','1341500009828'),(282,'2020-08-07','3340500734447',1,NULL,'2020-08-07 10:22:26','1341500009828'),(283,'2020-08-13','3330900779456',1,NULL,'2020-08-13 09:00:19','1341500009828'),(284,'2020-08-13','3340500734447',1,NULL,'2020-08-13 09:00:19','1341500009828'),(285,'2020-08-13','3740300046993',1,NULL,'2020-08-13 09:00:19','1341500009828'),(286,'2020-08-13','5340100033618',1,NULL,'2020-08-13 09:00:19','1341500009828'),(287,'2020-08-13','3350300199904',1,NULL,'2020-08-13 09:00:19','1341500009828'),(288,'2020-08-13','1349900462900',1,NULL,'2020-08-13 09:00:19','1341500009828'),(289,'2020-08-13','1341500009828',1,NULL,'2020-08-13 09:00:19','1341500009828'),(290,'2020-08-11','3330900779456',1,NULL,'2020-08-13 09:00:49','1341500009828'),(291,'2020-08-11','3340500734447',1,NULL,'2020-08-13 09:00:49','1341500009828'),(292,'2020-08-11','3740300046993',1,NULL,'2020-08-13 09:00:49','1341500009828'),(293,'2020-08-11','5340100033618',1,NULL,'2020-08-13 09:00:49','1341500009828'),(294,'2020-08-11','3350300199904',1,NULL,'2020-08-13 09:00:49','1341500009828'),(295,'2020-08-11','1349900462900',1,NULL,'2020-08-13 09:00:49','1341500009828'),(296,'2020-08-11','1341500009828',3,NULL,'2020-08-13 09:00:49','1341500009828'),(297,'2020-08-10','3330900779456',1,NULL,'2020-08-13 09:01:02','1341500009828'),(298,'2020-08-10','3340500734447',1,NULL,'2020-08-13 09:01:02','1341500009828'),(299,'2020-08-10','3740300046993',1,NULL,'2020-08-13 09:01:02','1341500009828'),(300,'2020-08-10','5340100033618',1,NULL,'2020-08-13 09:01:02','1341500009828'),(301,'2020-08-10','3350300199904',1,NULL,'2020-08-13 09:01:02','1341500009828'),(302,'2020-08-10','1349900462900',1,NULL,'2020-08-13 09:01:02','1341500009828'),(303,'2020-08-10','1341500009828',3,NULL,'2020-08-13 09:01:02','1341500009828'),(304,'2020-08-14','3340500734447',1,NULL,'2020-08-14 08:52:15','1341500009828'),(305,'2020-08-14','3740300046993',1,NULL,'2020-08-14 08:52:15','1341500009828'),(306,'2020-08-14','5340100033618',1,NULL,'2020-08-14 08:52:15','1341500009828'),(307,'2020-08-14','3350300199904',1,NULL,'2020-08-14 08:52:15','1341500009828'),(308,'2020-08-14','1349900462900',3,NULL,'2020-08-14 08:52:15','1341500009828'),(309,'2020-08-14','1341500009828',1,NULL,'2020-08-14 08:52:15','1341500009828'),(310,'2020-08-17','3330900779456',1,NULL,'2020-08-18 08:39:55','1341500009828'),(311,'2020-08-17','3340500734447',1,NULL,'2020-08-18 08:39:55','1341500009828'),(312,'2020-08-17','3740300046993',1,NULL,'2020-08-18 08:39:55','1341500009828'),(313,'2020-08-17','5340100033618',1,NULL,'2020-08-18 08:39:55','1341500009828'),(314,'2020-08-17','3350300199904',1,NULL,'2020-08-18 08:39:55','1341500009828'),(315,'2020-08-17','1349900462900',1,NULL,'2020-08-18 08:39:55','1341500009828'),(316,'2020-08-17','1341500009828',1,NULL,'2020-08-18 08:39:55','1341500009828'),(317,'2020-08-18','3740300046993',1,NULL,'2020-08-18 12:38:50','1341500009828'),(318,'2020-08-18','5340100033618',1,NULL,'2020-08-18 12:38:50','1341500009828'),(319,'2020-08-18','3350300199904',1,NULL,'2020-08-18 12:38:50','1341500009828'),(320,'2020-08-18','1341500009828',1,NULL,'2020-08-18 12:38:50','1341500009828'),(321,'2020-08-18','3330900779456',1,NULL,'2020-08-18 12:38:50','1341500009828'),(322,'2020-08-18','3340500734447',1,NULL,'2020-08-18 12:38:50','1341500009828'),(323,'2020-08-18','1349900462900',1,NULL,'2020-08-18 12:38:50','1341500009828'),(324,'2020-08-19','3330900779456',1,NULL,'2020-08-19 11:10:01','1341500009828'),(325,'2020-08-19','3340500734447',1,NULL,'2020-08-19 11:10:01','1341500009828'),(326,'2020-08-19','3740300046993',1,NULL,'2020-08-19 11:10:01','1341500009828'),(327,'2020-08-19','5340100033618',1,NULL,'2020-08-19 11:10:01','1341500009828'),(328,'2020-08-19','3350300199904',1,NULL,'2020-08-19 11:10:01','1341500009828'),(329,'2020-08-19','1349900462900',3,NULL,'2020-08-19 11:10:01','1341500009828'),(330,'2020-08-19','1341500009828',1,NULL,'2020-08-19 11:10:01','1341500009828'),(331,'2020-08-20','3330900779456',2,NULL,'2020-08-20 11:38:56','1341500009828'),(332,'2020-08-20','3340500734447',1,NULL,'2020-08-20 11:38:56','1341500009828'),(333,'2020-08-20','3740300046993',1,NULL,'2020-08-20 11:38:56','1341500009828'),(334,'2020-08-20','5340100033618',1,NULL,'2020-08-20 11:38:56','1341500009828'),(335,'2020-08-20','3350300199904',1,NULL,'2020-08-20 11:38:56','1341500009828'),(336,'2020-08-20','1341500009828',1,NULL,'2020-08-20 11:38:56','1341500009828'),(337,'2020-08-20','1349900462900',1,NULL,'2020-08-20 11:38:56','1341500009828'),(338,'2020-09-02','3330900779456',2,NULL,'2020-09-02 12:03:23','1341500009828'),(339,'2020-09-02','3340500734447',1,NULL,'2020-09-02 12:03:23','1341500009828'),(340,'2020-09-02','3740300046993',1,NULL,'2020-09-02 12:03:23','1341500009828'),(341,'2020-09-02','5340100033618',1,NULL,'2020-09-02 12:03:23','1341500009828'),(342,'2020-09-02','3350300199904',1,NULL,'2020-09-02 12:03:23','1341500009828'),(343,'2020-09-02','1349900462900',3,NULL,'2020-09-02 12:03:23','1341500009828'),(344,'2020-09-02','1341500009828',1,NULL,'2020-09-02 12:03:23','1341500009828'),(345,'2020-09-01','3330900779456',1,NULL,'2020-09-02 12:04:12','1341500009828'),(346,'2020-09-01','3340500734447',1,NULL,'2020-09-02 12:04:12','1341500009828'),(347,'2020-09-01','3740300046993',1,NULL,'2020-09-02 12:04:12','1341500009828'),(348,'2020-09-01','5340100033618',1,NULL,'2020-09-02 12:04:12','1341500009828'),(349,'2020-09-01','3350300199904',1,NULL,'2020-09-02 12:04:12','1341500009828'),(350,'2020-09-01','1349900462900',1,NULL,'2020-09-02 12:04:12','1341500009828'),(351,'2020-09-01','1341500009828',1,NULL,'2020-09-02 12:04:12','1341500009828'),(352,'2020-08-28','3330900779456',2,NULL,'2020-09-02 12:04:39','1341500009828'),(353,'2020-08-28','3340500734447',1,NULL,'2020-09-02 12:04:39','1341500009828'),(354,'2020-08-28','3740300046993',1,NULL,'2020-09-02 12:04:39','1341500009828'),(355,'2020-08-28','5340100033618',1,NULL,'2020-09-02 12:04:39','1341500009828'),(356,'2020-08-28','3350300199904',1,NULL,'2020-09-02 12:04:39','1341500009828'),(357,'2020-08-28','1349900462900',1,NULL,'2020-09-02 12:04:39','1341500009828'),(358,'2020-08-28','1341500009828',1,NULL,'2020-09-02 12:04:39','1341500009828'),(359,'2020-08-27','3330900779456',1,NULL,'2020-09-02 12:04:57','1341500009828'),(360,'2020-08-27','3340500734447',1,NULL,'2020-09-02 12:04:57','1341500009828'),(361,'2020-08-27','3740300046993',1,NULL,'2020-09-02 12:04:57','1341500009828'),(362,'2020-08-27','5340100033618',1,NULL,'2020-09-02 12:04:57','1341500009828'),(363,'2020-08-27','3350300199904',1,NULL,'2020-09-02 12:04:57','1341500009828'),(364,'2020-08-27','1349900462900',3,NULL,'2020-09-02 12:04:57','1341500009828'),(365,'2020-08-27','1341500009828',1,NULL,'2020-09-02 12:04:57','1341500009828'),(366,'2020-08-26','3330900779456',1,NULL,'2020-09-02 12:05:21','1341500009828'),(367,'2020-08-26','3340500734447',1,NULL,'2020-09-02 12:05:21','1341500009828'),(368,'2020-08-26','3740300046993',1,NULL,'2020-09-02 12:05:21','1341500009828'),(369,'2020-08-26','5340100033618',1,NULL,'2020-09-02 12:05:21','1341500009828'),(370,'2020-08-26','3350300199904',1,NULL,'2020-09-02 12:05:21','1341500009828'),(371,'2020-08-26','1349900462900',1,NULL,'2020-09-02 12:05:21','1341500009828'),(372,'2020-08-26','1341500009828',1,NULL,'2020-09-02 12:05:21','1341500009828'),(373,'2020-08-25','3330900779456',1,NULL,'2020-09-02 12:05:38','1341500009828'),(374,'2020-08-25','3340500734447',1,NULL,'2020-09-02 12:05:38','1341500009828'),(375,'2020-08-25','3740300046993',1,NULL,'2020-09-02 12:05:38','1341500009828'),(376,'2020-08-25','5340100033618',1,NULL,'2020-09-02 12:05:38','1341500009828'),(377,'2020-08-25','3350300199904',1,NULL,'2020-09-02 12:05:38','1341500009828'),(378,'2020-08-25','1349900462900',1,NULL,'2020-09-02 12:05:38','1341500009828'),(379,'2020-08-25','1341500009828',1,NULL,'2020-09-02 12:05:38','1341500009828'),(380,'2020-08-24','3330900779456',1,NULL,'2020-09-02 12:05:50','1341500009828'),(381,'2020-08-24','3340500734447',1,NULL,'2020-09-02 12:05:50','1341500009828'),(382,'2020-08-24','3740300046993',1,NULL,'2020-09-02 12:05:50','1341500009828'),(383,'2020-08-24','5340100033618',1,NULL,'2020-09-02 12:05:50','1341500009828'),(384,'2020-08-24','3350300199904',1,NULL,'2020-09-02 12:05:50','1341500009828'),(385,'2020-08-24','1349900462900',1,NULL,'2020-09-02 12:05:50','1341500009828'),(386,'2020-08-24','1341500009828',1,NULL,'2020-09-02 12:05:50','1341500009828'),(387,'2020-08-21','3330900779456',1,NULL,'2020-09-02 12:06:07','1341500009828'),(388,'2020-08-21','3340500734447',1,NULL,'2020-09-02 12:06:07','1341500009828'),(389,'2020-08-21','3740300046993',1,NULL,'2020-09-02 12:06:07','1341500009828'),(390,'2020-08-21','5340100033618',1,NULL,'2020-09-02 12:06:07','1341500009828'),(391,'2020-08-21','3350300199904',1,NULL,'2020-09-02 12:06:07','1341500009828'),(392,'2020-08-21','1349900462900',1,NULL,'2020-09-02 12:06:07','1341500009828'),(393,'2020-08-21','1341500009828',1,NULL,'2020-09-02 12:06:07','1341500009828'),(394,'2020-08-31','3330900779456',1,NULL,'2020-09-02 12:07:11','1341500009828'),(395,'2020-08-31','3340500734447',1,NULL,'2020-09-02 12:07:11','1341500009828'),(396,'2020-08-31','3740300046993',1,NULL,'2020-09-02 12:07:11','1341500009828'),(397,'2020-08-31','5340100033618',1,NULL,'2020-09-02 12:07:11','1341500009828'),(398,'2020-08-31','3350300199904',1,NULL,'2020-09-02 12:07:11','1341500009828'),(399,'2020-08-31','1349900462900',1,NULL,'2020-09-02 12:07:11','1341500009828'),(400,'2020-08-31','1341500009828',1,NULL,'2020-09-02 12:07:11','1341500009828'),(401,'2020-09-08','3330900779456',1,NULL,'2020-09-14 10:24:53','1341500009828'),(402,'2020-09-08','3340500734447',1,NULL,'2020-09-14 10:24:53','1341500009828'),(403,'2020-09-08','3740300046993',1,NULL,'2020-09-14 10:24:53','1341500009828'),(404,'2020-09-08','5340100033618',1,NULL,'2020-09-14 10:24:53','1341500009828'),(405,'2020-09-08','3350300199904',1,NULL,'2020-09-14 10:24:53','1341500009828'),(406,'2020-09-08','1349900462900',6,NULL,'2020-09-14 10:24:53','1341500009828'),(407,'2020-09-08','1341500009828',1,NULL,'2020-09-14 10:24:53','1341500009828'),(408,'2020-09-03','3330900779456',1,NULL,'2020-09-08 13:24:24','1341500009828'),(409,'2020-09-03','3340500734447',1,NULL,'2020-09-08 13:24:24','1341500009828'),(410,'2020-09-03','3740300046993',1,NULL,'2020-09-08 13:24:24','1341500009828'),(411,'2020-09-03','5340100033618',1,NULL,'2020-09-08 13:24:24','1341500009828'),(412,'2020-09-03','3350300199904',1,NULL,'2020-09-08 13:24:24','1341500009828'),(413,'2020-09-03','1349900462900',3,NULL,'2020-09-08 13:24:24','1341500009828'),(414,'2020-09-03','1341500009828',1,NULL,'2020-09-08 13:24:24','1341500009828'),(415,'2020-09-14','3330900779456',1,NULL,'2020-09-14 10:23:17','1341500009828'),(416,'2020-09-14','3340500734447',1,NULL,'2020-09-14 10:23:17','1341500009828'),(417,'2020-09-14','3740300046993',1,NULL,'2020-09-14 10:23:17','1341500009828'),(418,'2020-09-14','5340100033618',1,NULL,'2020-09-14 10:23:17','1341500009828'),(419,'2020-09-14','3350300199904',1,NULL,'2020-09-14 10:23:17','1341500009828'),(420,'2020-09-14','1349900462900',6,NULL,'2020-09-14 10:23:17','1341500009828'),(421,'2020-09-14','1341500009828',1,NULL,'2020-09-14 10:23:17','1341500009828'),(422,'2020-09-11','3330900779456',1,NULL,'2020-09-14 10:23:57','1341500009828'),(423,'2020-09-11','3340500734447',1,NULL,'2020-09-14 10:23:57','1341500009828'),(424,'2020-09-11','3740300046993',1,NULL,'2020-09-14 10:23:57','1341500009828'),(425,'2020-09-11','5340100033618',1,NULL,'2020-09-14 10:23:57','1341500009828'),(426,'2020-09-11','3350300199904',1,NULL,'2020-09-14 10:23:57','1341500009828'),(427,'2020-09-11','1349900462900',6,NULL,'2020-09-14 10:23:57','1341500009828'),(428,'2020-09-11','1341500009828',1,NULL,'2020-09-14 10:23:57','1341500009828'),(429,'2020-09-10','3330900779456',1,NULL,'2020-09-14 10:24:24','1341500009828'),(430,'2020-09-10','3340500734447',1,NULL,'2020-09-14 10:24:24','1341500009828'),(431,'2020-09-10','3740300046993',1,NULL,'2020-09-14 10:24:24','1341500009828'),(432,'2020-09-10','5340100033618',1,NULL,'2020-09-14 10:24:24','1341500009828'),(433,'2020-09-10','3350300199904',1,NULL,'2020-09-14 10:24:24','1341500009828'),(434,'2020-09-10','1349900462900',6,NULL,'2020-09-14 10:24:24','1341500009828'),(435,'2020-09-10','1341500009828',1,NULL,'2020-09-14 10:24:24','1341500009828'),(436,'2020-09-09','3330900779456',1,NULL,'2020-09-14 10:24:41','1341500009828'),(437,'2020-09-09','3340500734447',1,NULL,'2020-09-14 10:24:41','1341500009828'),(438,'2020-09-09','3740300046993',1,NULL,'2020-09-14 10:24:41','1341500009828'),(439,'2020-09-09','5340100033618',1,NULL,'2020-09-14 10:24:41','1341500009828'),(440,'2020-09-09','3350300199904',1,NULL,'2020-09-14 10:24:41','1341500009828'),(441,'2020-09-09','1349900462900',6,NULL,'2020-09-14 10:24:41','1341500009828'),(442,'2020-09-09','1341500009828',1,NULL,'2020-09-14 10:24:41','1341500009828'),(443,'2020-09-07','3330900779456',2,NULL,'2020-09-14 10:25:20','1341500009828'),(444,'2020-09-07','3340500734447',1,NULL,'2020-09-14 10:25:20','1341500009828'),(445,'2020-09-07','3740300046993',1,NULL,'2020-09-14 10:25:20','1341500009828'),(446,'2020-09-07','5340100033618',1,NULL,'2020-09-14 10:25:20','1341500009828'),(447,'2020-09-07','3350300199904',1,NULL,'2020-09-14 10:25:20','1341500009828'),(448,'2020-09-07','1349900462900',6,NULL,'2020-09-14 10:25:20','1341500009828'),(449,'2020-09-07','1341500009828',1,NULL,'2020-09-14 10:25:20','1341500009828'),(450,'2020-09-04','3330900779456',1,NULL,'2020-09-14 10:26:17','1341500009828'),(451,'2020-09-04','3340500734447',1,NULL,'2020-09-14 10:26:17','1341500009828'),(452,'2020-09-04','3740300046993',1,NULL,'2020-09-14 10:26:17','1341500009828'),(453,'2020-09-04','5340100033618',1,NULL,'2020-09-14 10:26:17','1341500009828'),(454,'2020-09-04','3350300199904',1,NULL,'2020-09-14 10:26:17','1341500009828'),(455,'2020-09-04','1349900462900',3,NULL,'2020-09-14 10:26:17','1341500009828'),(456,'2020-09-04','1341500009828',1,NULL,'2020-09-14 10:26:17','1341500009828'),(457,'2020-09-15','3330900779456',2,NULL,'2020-09-15 09:22:13','1341500009828'),(458,'2020-09-15','3340500734447',1,NULL,'2020-09-15 09:22:13','1341500009828'),(459,'2020-09-15','3740300046993',1,NULL,'2020-09-15 09:22:13','1341500009828'),(460,'2020-09-15','5340100033618',1,NULL,'2020-09-15 09:22:13','1341500009828'),(461,'2020-09-15','3350300199904',1,NULL,'2020-09-15 09:22:13','1341500009828'),(462,'2020-09-15','1349900462900',6,NULL,'2020-09-15 09:22:13','1341500009828'),(463,'2020-09-15','1341500009828',1,NULL,'2020-09-15 09:22:13','1341500009828'),(464,'2020-09-16','3330900779456',1,NULL,'2020-09-16 08:46:32','1341500009828'),(465,'2020-09-16','3340500734447',1,NULL,'2020-09-16 08:46:32','1341500009828'),(466,'2020-09-16','3740300046993',1,NULL,'2020-09-16 08:46:32','1341500009828'),(467,'2020-09-16','5340100033618',1,NULL,'2020-09-16 08:46:32','1341500009828'),(468,'2020-09-16','3350300199904',1,NULL,'2020-09-16 08:46:32','1341500009828'),(469,'2020-09-16','1349900462900',6,NULL,'2020-09-16 08:46:32','1341500009828'),(470,'2020-09-16','1341500009828',1,NULL,'2020-09-16 08:46:32','1341500009828'),(471,'2020-09-23','3330900779456',1,NULL,'2020-09-23 10:31:24','1341500009828'),(472,'2020-09-23','3340500734447',1,NULL,'2020-09-23 10:31:24','1341500009828'),(473,'2020-09-23','3740300046993',1,NULL,'2020-09-23 10:31:24','1341500009828'),(474,'2020-09-23','5340100033618',1,NULL,'2020-09-23 10:31:24','1341500009828'),(475,'2020-09-23','3350300199904',1,NULL,'2020-09-23 10:31:24','1341500009828'),(476,'2020-09-23','1349900462900',6,NULL,'2020-09-23 10:31:24','1341500009828'),(477,'2020-09-23','1341500009828',1,NULL,'2020-09-23 10:31:24','1341500009828'),(478,'2020-09-22','3330900779456',2,NULL,'2020-09-23 10:32:30','1341500009828'),(479,'2020-09-22','3340500734447',1,NULL,'2020-09-23 10:32:30','1341500009828'),(480,'2020-09-22','3740300046993',1,NULL,'2020-09-23 10:32:30','1341500009828'),(481,'2020-09-22','5340100033618',4,NULL,'2020-09-23 10:32:30','1341500009828'),(482,'2020-09-22','3350300199904',1,NULL,'2020-09-23 10:32:30','1341500009828'),(483,'2020-09-22','1349900462900',6,NULL,'2020-09-23 10:32:30','1341500009828'),(484,'2020-09-22','1341500009828',1,NULL,'2020-09-23 10:32:30','1341500009828'),(485,'2020-09-21','3330900779456',2,NULL,'2020-09-23 10:33:03','1341500009828'),(486,'2020-09-21','3340500734447',1,NULL,'2020-09-23 10:33:03','1341500009828'),(487,'2020-09-21','3740300046993',1,NULL,'2020-09-23 10:33:03','1341500009828'),(488,'2020-09-21','5340100033618',1,NULL,'2020-09-23 10:33:03','1341500009828'),(489,'2020-09-21','3350300199904',2,NULL,'2020-09-23 10:33:03','1341500009828'),(490,'2020-09-21','1349900462900',6,NULL,'2020-09-23 10:33:03','1341500009828'),(491,'2020-09-21','1341500009828',1,NULL,'2020-09-23 10:33:03','1341500009828'),(492,'2020-09-18','3330900779456',2,NULL,'2020-09-23 10:34:03','1341500009828'),(493,'2020-09-18','3340500734447',1,NULL,'2020-09-23 10:34:03','1341500009828'),(494,'2020-09-18','3740300046993',1,NULL,'2020-09-23 10:34:03','1341500009828'),(495,'2020-09-18','5340100033618',1,NULL,'2020-09-23 10:34:03','1341500009828'),(496,'2020-09-18','3350300199904',1,NULL,'2020-09-23 10:34:03','1341500009828'),(497,'2020-09-18','1349900462900',6,NULL,'2020-09-23 10:34:03','1341500009828'),(498,'2020-09-18','1341500009828',1,NULL,'2020-09-23 10:34:03','1341500009828'),(499,'2020-09-17','3330900779456',1,NULL,'2020-09-23 10:33:40','1341500009828'),(500,'2020-09-17','3340500734447',1,NULL,'2020-09-23 10:33:40','1341500009828'),(501,'2020-09-17','3740300046993',1,NULL,'2020-09-23 10:33:40','1341500009828'),(502,'2020-09-17','5340100033618',1,NULL,'2020-09-23 10:33:40','1341500009828'),(503,'2020-09-17','3350300199904',1,NULL,'2020-09-23 10:33:40','1341500009828'),(504,'2020-09-17','1349900462900',6,NULL,'2020-09-23 10:33:40','1341500009828'),(505,'2020-09-17','1341500009828',1,NULL,'2020-09-23 10:33:40','1341500009828'),(506,'2020-09-24','1349900462900',6,NULL,'2020-09-24 11:12:15','1341500009828'),(507,'2020-09-24','3330900779456',1,NULL,'2020-09-24 11:12:15','1341500009828'),(508,'2020-09-24','3340500734447',1,NULL,'2020-09-24 11:12:15','1341500009828'),(509,'2020-09-24','3740300046993',1,NULL,'2020-09-24 11:12:15','1341500009828'),(510,'2020-09-24','5340100033618',1,NULL,'2020-09-24 11:12:15','1341500009828'),(511,'2020-09-24','3350300199904',1,NULL,'2020-09-24 11:12:15','1341500009828'),(512,'2020-09-24','1341500009828',1,NULL,'2020-09-24 11:12:15','1341500009828'),(513,'2020-09-29','3330900779456',2,NULL,'2020-09-29 18:20:52','1341500009828'),(514,'2020-09-29','3340500734447',1,NULL,'2020-09-29 18:20:52','1341500009828'),(515,'2020-09-29','3740300046993',1,NULL,'2020-09-29 18:20:52','1341500009828'),(516,'2020-09-29','5340100033618',1,NULL,'2020-09-29 18:20:52','1341500009828'),(517,'2020-09-29','3350300199904',1,NULL,'2020-09-29 18:20:52','1341500009828'),(518,'2020-09-29','1349900462900',6,NULL,'2020-09-29 18:20:52','1341500009828'),(519,'2020-09-29','1341500009828',1,NULL,'2020-09-29 18:20:52','1341500009828'),(520,'2020-09-28','3330900779456',1,NULL,'2020-09-29 18:21:24','1341500009828'),(521,'2020-09-28','3340500734447',1,NULL,'2020-09-29 18:21:24','1341500009828'),(522,'2020-09-28','3740300046993',1,NULL,'2020-09-29 18:21:24','1341500009828'),(523,'2020-09-28','5340100033618',1,NULL,'2020-09-29 18:21:24','1341500009828'),(524,'2020-09-28','3350300199904',1,NULL,'2020-09-29 18:21:24','1341500009828'),(525,'2020-09-28','1349900462900',6,NULL,'2020-09-29 18:21:24','1341500009828'),(526,'2020-09-28','1341500009828',1,NULL,'2020-09-29 18:21:24','1341500009828'),(527,'2020-09-25','3330900779456',1,NULL,'2020-09-29 18:21:52','1341500009828'),(528,'2020-09-25','3340500734447',1,NULL,'2020-09-29 18:21:52','1341500009828'),(529,'2020-09-25','3740300046993',1,NULL,'2020-09-29 18:21:52','1341500009828'),(530,'2020-09-25','5340100033618',1,NULL,'2020-09-29 18:21:52','1341500009828'),(531,'2020-09-25','3350300199904',1,NULL,'2020-09-29 18:21:52','1341500009828'),(532,'2020-09-25','1349900462900',6,NULL,'2020-09-29 18:21:52','1341500009828'),(533,'2020-09-25','1341500009828',1,NULL,'2020-09-29 18:21:52','1341500009828'),(534,'2020-09-30','3330900779456',2,NULL,'2020-09-30 11:04:39','1341500009828'),(535,'2020-09-30','3340500734447',1,NULL,'2020-09-30 11:04:39','1341500009828'),(536,'2020-09-30','3740300046993',1,NULL,'2020-09-30 11:04:39','1341500009828'),(537,'2020-09-30','5340100033618',1,NULL,'2020-09-30 11:04:39','1341500009828'),(538,'2020-09-30','3350300199904',1,NULL,'2020-09-30 11:04:39','1341500009828'),(539,'2020-09-30','1349900462900',6,NULL,'2020-09-30 11:04:39','1341500009828'),(540,'2020-09-30','1341500009828',1,NULL,'2020-09-30 11:04:39','1341500009828'),(541,'2020-10-20','5340100033618',1,NULL,'2020-11-03 14:28:32','1341500009828'),(542,'2020-10-20','3350300199904',1,NULL,'2020-11-03 14:28:32','1341500009828'),(543,'2020-10-20','1349900462900',6,NULL,'2020-11-03 14:28:32','1341500009828'),(544,'2020-10-20','1341500009828',1,NULL,'2020-11-03 14:28:32','1341500009828'),(545,'2020-10-19','3330900779456',1,NULL,'2020-10-20 09:33:29','1341500009828'),(546,'2020-10-19','3340500734447',1,NULL,'2020-10-20 09:33:29','1341500009828'),(547,'2020-10-19','3740300046993',1,NULL,'2020-10-20 09:33:29','1341500009828'),(548,'2020-10-19','5340100033618',1,NULL,'2020-10-20 09:33:29','1341500009828'),(549,'2020-10-19','3350300199904',1,NULL,'2020-10-20 09:33:29','1341500009828'),(550,'2020-10-19','1349900462900',6,NULL,'2020-10-20 09:33:29','1341500009828'),(551,'2020-10-19','1341500009828',1,NULL,'2020-10-20 09:33:29','1341500009828'),(552,'2020-10-16','3330900779456',1,NULL,'2020-10-20 09:33:56','1341500009828'),(553,'2020-10-16','3340500734447',1,NULL,'2020-10-20 09:33:56','1341500009828'),(554,'2020-10-16','3740300046993',1,NULL,'2020-10-20 09:33:56','1341500009828'),(555,'2020-10-16','5340100033618',1,NULL,'2020-10-20 09:33:56','1341500009828'),(556,'2020-10-16','3350300199904',1,NULL,'2020-10-20 09:33:56','1341500009828'),(557,'2020-10-16','1349900462900',6,NULL,'2020-10-20 09:33:56','1341500009828'),(558,'2020-10-16','1341500009828',1,NULL,'2020-10-20 09:33:56','1341500009828'),(559,'2020-10-15','3330900779456',1,NULL,'2020-10-20 09:34:16','1341500009828'),(560,'2020-10-15','3340500734447',1,NULL,'2020-10-20 09:34:16','1341500009828'),(561,'2020-10-15','3740300046993',1,NULL,'2020-10-20 09:34:16','1341500009828'),(562,'2020-10-15','5340100033618',1,NULL,'2020-10-20 09:34:16','1341500009828'),(563,'2020-10-15','3350300199904',1,NULL,'2020-10-20 09:34:16','1341500009828'),(564,'2020-10-15','1349900462900',6,NULL,'2020-10-20 09:34:16','1341500009828'),(565,'2020-10-15','1341500009828',1,NULL,'2020-10-20 09:34:16','1341500009828'),(566,'2020-10-14','3330900779456',1,NULL,'2020-10-20 09:34:42','1341500009828'),(567,'2020-10-14','3340500734447',1,NULL,'2020-10-20 09:34:42','1341500009828'),(568,'2020-10-14','3740300046993',1,NULL,'2020-10-20 09:34:42','1341500009828'),(569,'2020-10-14','5340100033618',1,NULL,'2020-10-20 09:34:42','1341500009828'),(570,'2020-10-14','3350300199904',1,NULL,'2020-10-20 09:34:42','1341500009828'),(571,'2020-10-14','1349900462900',6,NULL,'2020-10-20 09:34:42','1341500009828'),(572,'2020-10-14','1341500009828',1,NULL,'2020-10-20 09:34:42','1341500009828'),(573,'2020-10-13','3330900779456',1,NULL,'2020-10-20 09:34:59','1341500009828'),(574,'2020-10-13','3340500734447',1,NULL,'2020-10-20 09:34:59','1341500009828'),(575,'2020-10-13','3740300046993',1,NULL,'2020-10-20 09:34:59','1341500009828'),(576,'2020-10-13','5340100033618',1,NULL,'2020-10-20 09:34:59','1341500009828'),(577,'2020-10-13','3350300199904',1,NULL,'2020-10-20 09:34:59','1341500009828'),(578,'2020-10-13','1349900462900',6,NULL,'2020-10-20 09:34:59','1341500009828'),(579,'2020-10-13','1341500009828',1,NULL,'2020-10-20 09:34:59','1341500009828'),(580,'2020-10-12','3330900779456',1,NULL,'2020-10-20 09:35:12','1341500009828'),(581,'2020-10-12','3340500734447',1,NULL,'2020-10-20 09:35:12','1341500009828'),(582,'2020-10-12','3740300046993',1,NULL,'2020-10-20 09:35:12','1341500009828'),(583,'2020-10-12','5340100033618',1,NULL,'2020-10-20 09:35:12','1341500009828'),(584,'2020-10-12','3350300199904',1,NULL,'2020-10-20 09:35:12','1341500009828'),(585,'2020-10-12','1349900462900',6,NULL,'2020-10-20 09:35:12','1341500009828'),(586,'2020-10-12','1341500009828',1,NULL,'2020-10-20 09:35:12','1341500009828'),(587,'2020-10-09','3330900779456',1,NULL,'2020-10-20 09:35:33','1341500009828'),(588,'2020-10-09','3340500734447',1,NULL,'2020-10-20 09:35:33','1341500009828'),(589,'2020-10-09','3740300046993',1,NULL,'2020-10-20 09:35:33','1341500009828'),(590,'2020-10-09','5340100033618',1,NULL,'2020-10-20 09:35:33','1341500009828'),(591,'2020-10-09','3350300199904',1,NULL,'2020-10-20 09:35:33','1341500009828'),(592,'2020-10-09','1349900462900',6,NULL,'2020-10-20 09:35:33','1341500009828'),(593,'2020-10-09','1341500009828',1,NULL,'2020-10-20 09:35:33','1341500009828'),(594,'2020-10-08','3330900779456',2,NULL,'2020-10-20 09:36:26','1341500009828'),(595,'2020-10-08','3340500734447',1,NULL,'2020-10-20 09:36:26','1341500009828'),(596,'2020-10-08','3740300046993',1,NULL,'2020-10-20 09:36:26','1341500009828'),(597,'2020-10-08','5340100033618',1,NULL,'2020-10-20 09:36:26','1341500009828'),(598,'2020-10-08','3350300199904',1,NULL,'2020-10-20 09:36:26','1341500009828'),(599,'2020-10-08','1349900462900',6,NULL,'2020-10-20 09:36:26','1341500009828'),(600,'2020-10-08','1341500009828',1,NULL,'2020-10-20 09:36:26','1341500009828'),(601,'2020-10-07','3330900779456',2,NULL,'2020-10-20 09:36:19','1341500009828'),(602,'2020-10-07','3340500734447',1,NULL,'2020-10-20 09:36:19','1341500009828'),(603,'2020-10-07','3740300046993',1,NULL,'2020-10-20 09:36:19','1341500009828'),(604,'2020-10-07','5340100033618',1,NULL,'2020-10-20 09:36:19','1341500009828'),(605,'2020-10-07','3350300199904',1,NULL,'2020-10-20 09:36:19','1341500009828'),(606,'2020-10-07','1349900462900',6,NULL,'2020-10-20 09:36:19','1341500009828'),(607,'2020-10-07','1341500009828',1,NULL,'2020-10-20 09:36:19','1341500009828'),(608,'2020-10-06','3330900779456',2,NULL,'2020-10-20 09:36:44','1341500009828'),(609,'2020-10-06','3340500734447',1,NULL,'2020-10-20 09:36:44','1341500009828'),(610,'2020-10-06','3740300046993',1,NULL,'2020-10-20 09:36:44','1341500009828'),(611,'2020-10-06','5340100033618',1,NULL,'2020-10-20 09:36:44','1341500009828'),(612,'2020-10-06','3350300199904',1,NULL,'2020-10-20 09:36:44','1341500009828'),(613,'2020-10-06','1349900462900',6,NULL,'2020-10-20 09:36:44','1341500009828'),(614,'2020-10-06','1341500009828',1,NULL,'2020-10-20 09:36:44','1341500009828'),(615,'2020-10-05','3330900779456',2,NULL,'2020-10-20 09:36:59','1341500009828'),(616,'2020-10-05','3340500734447',1,NULL,'2020-10-20 09:36:59','1341500009828'),(617,'2020-10-05','3740300046993',1,NULL,'2020-10-20 09:36:59','1341500009828'),(618,'2020-10-05','5340100033618',1,NULL,'2020-10-20 09:36:59','1341500009828'),(619,'2020-10-05','3350300199904',1,NULL,'2020-10-20 09:36:59','1341500009828'),(620,'2020-10-05','1349900462900',6,NULL,'2020-10-20 09:36:59','1341500009828'),(621,'2020-10-05','1341500009828',1,NULL,'2020-10-20 09:36:59','1341500009828'),(622,'2020-10-02','3330900779456',1,NULL,'2020-10-20 09:37:19','1341500009828'),(623,'2020-10-02','3340500734447',1,NULL,'2020-10-20 09:37:19','1341500009828'),(624,'2020-10-02','3740300046993',1,NULL,'2020-10-20 09:37:19','1341500009828'),(625,'2020-10-02','5340100033618',1,NULL,'2020-10-20 09:37:19','1341500009828'),(626,'2020-10-02','3350300199904',1,NULL,'2020-10-20 09:37:19','1341500009828'),(627,'2020-10-02','1349900462900',6,NULL,'2020-10-20 09:37:19','1341500009828'),(628,'2020-10-02','1341500009828',1,NULL,'2020-10-20 09:37:19','1341500009828'),(629,'2020-10-01','3330900779456',2,NULL,'2020-10-20 09:37:34','1341500009828'),(630,'2020-10-01','3340500734447',1,NULL,'2020-10-20 09:37:34','1341500009828'),(631,'2020-10-01','3740300046993',1,NULL,'2020-10-20 09:37:34','1341500009828'),(632,'2020-10-01','5340100033618',1,NULL,'2020-10-20 09:37:34','1341500009828'),(633,'2020-10-01','3350300199904',1,NULL,'2020-10-20 09:37:34','1341500009828'),(634,'2020-10-01','1349900462900',6,NULL,'2020-10-20 09:37:34','1341500009828'),(635,'2020-10-01','1341500009828',1,NULL,'2020-10-20 09:37:34','1341500009828'),(636,'2020-10-22','3340500734447',1,NULL,'2020-11-03 14:28:12','1341500009828'),(637,'2020-10-22','3740300046993',1,NULL,'2020-11-03 14:28:12','1341500009828'),(638,'2020-10-22','5340100033618',1,NULL,'2020-11-03 14:28:12','1341500009828'),(639,'2020-10-22','3350300199904',1,NULL,'2020-11-03 14:28:12','1341500009828'),(640,'2020-10-22','1349900462900',6,NULL,'2020-11-03 14:28:12','1341500009828'),(641,'2020-10-22','1341500009828',1,NULL,'2020-11-03 14:28:12','1341500009828'),(642,'2020-10-21','3340500734447',1,NULL,'2020-10-22 09:55:42','1341500009828'),(643,'2020-10-21','3740300046993',1,NULL,'2020-10-22 09:55:42','1341500009828'),(644,'2020-10-21','5340100033618',1,NULL,'2020-10-22 09:55:42','1341500009828'),(645,'2020-10-21','3350300199904',4,NULL,'2020-10-22 09:55:42','1341500009828'),(646,'2020-10-21','1349900462900',6,NULL,'2020-10-22 09:55:42','1341500009828'),(647,'2020-10-21','1341500009828',1,NULL,'2020-10-22 09:55:42','1341500009828'),(648,'2020-10-20','3340500734447',1,NULL,'2020-11-03 14:28:32','1341500009828'),(649,'2020-10-20','3740300046993',3,NULL,'2020-11-03 14:28:32','1341500009828'),(650,'2020-10-21','3330900779456',1,NULL,'2020-10-22 09:55:42','1341500009828'),(651,'2020-11-03','3330900779456',1,NULL,'2020-11-03 14:25:15','1341500009828'),(652,'2020-11-03','3340500734447',1,NULL,'2020-11-03 14:25:15','1341500009828'),(653,'2020-11-03','3740300046993',1,NULL,'2020-11-03 14:25:15','1341500009828'),(654,'2020-11-03','5340100033618',1,NULL,'2020-11-03 14:25:15','1341500009828'),(655,'2020-11-03','3350300199904',1,NULL,'2020-11-03 14:25:15','1341500009828'),(656,'2020-11-03','1349900462900',6,NULL,'2020-11-03 14:25:15','1341500009828'),(657,'2020-11-03','1341500009828',1,NULL,'2020-11-03 14:25:15','1341500009828'),(658,'2020-11-02','3330900779456',1,NULL,'2020-11-03 14:25:38','1341500009828'),(659,'2020-11-02','3340500734447',1,NULL,'2020-11-03 14:25:38','1341500009828'),(660,'2020-11-02','3740300046993',1,NULL,'2020-11-03 14:25:38','1341500009828'),(661,'2020-11-02','5340100033618',1,NULL,'2020-11-03 14:25:38','1341500009828'),(662,'2020-11-02','3350300199904',1,NULL,'2020-11-03 14:25:38','1341500009828'),(663,'2020-11-02','1349900462900',6,NULL,'2020-11-03 14:25:38','1341500009828'),(664,'2020-11-02','1341500009828',1,NULL,'2020-11-03 14:25:38','1341500009828'),(665,'2020-10-30','3330900779456',1,NULL,'2020-11-03 14:25:59','1341500009828'),(666,'2020-10-30','3340500734447',1,NULL,'2020-11-03 14:25:59','1341500009828'),(667,'2020-10-30','3740300046993',1,NULL,'2020-11-03 14:25:59','1341500009828'),(668,'2020-10-30','5340100033618',1,NULL,'2020-11-03 14:25:59','1341500009828'),(669,'2020-10-30','3350300199904',1,NULL,'2020-11-03 14:25:59','1341500009828'),(670,'2020-10-30','1349900462900',6,NULL,'2020-11-03 14:25:59','1341500009828'),(671,'2020-10-30','1341500009828',1,NULL,'2020-11-03 14:25:59','1341500009828'),(672,'2020-10-29','3330900779456',1,NULL,'2020-11-03 14:26:40','1341500009828'),(673,'2020-10-29','3340500734447',1,NULL,'2020-11-03 14:26:40','1341500009828'),(674,'2020-10-29','3740300046993',1,NULL,'2020-11-03 14:26:40','1341500009828'),(675,'2020-10-29','5340100033618',1,NULL,'2020-11-03 14:26:40','1341500009828'),(676,'2020-10-29','3350300199904',4,NULL,'2020-11-03 14:26:40','1341500009828'),(677,'2020-10-29','1349900462900',6,NULL,'2020-11-03 14:26:40','1341500009828'),(678,'2020-10-29','1341500009828',1,NULL,'2020-11-03 14:26:40','1341500009828'),(679,'2020-10-28','3330900779456',2,NULL,'2020-11-03 14:26:59','1341500009828'),(680,'2020-10-28','3340500734447',1,NULL,'2020-11-03 14:26:59','1341500009828'),(681,'2020-10-28','3740300046993',1,NULL,'2020-11-03 14:26:59','1341500009828'),(682,'2020-10-28','5340100033618',1,NULL,'2020-11-03 14:26:59','1341500009828'),(683,'2020-10-28','3350300199904',1,NULL,'2020-11-03 14:26:59','1341500009828'),(684,'2020-10-28','1349900462900',6,NULL,'2020-11-03 14:26:59','1341500009828'),(685,'2020-10-28','1341500009828',1,NULL,'2020-11-03 14:26:59','1341500009828'),(686,'2020-10-27','3330900779456',1,NULL,'2020-11-03 14:27:22','1341500009828'),(687,'2020-10-27','3340500734447',1,NULL,'2020-11-03 14:27:22','1341500009828'),(688,'2020-10-27','3740300046993',1,NULL,'2020-11-03 14:27:22','1341500009828'),(689,'2020-10-27','5340100033618',1,NULL,'2020-11-03 14:27:22','1341500009828'),(690,'2020-10-27','3350300199904',1,NULL,'2020-11-03 14:27:22','1341500009828'),(691,'2020-10-27','1349900462900',6,NULL,'2020-11-03 14:27:22','1341500009828'),(692,'2020-10-27','1341500009828',1,NULL,'2020-11-03 14:27:22','1341500009828'),(693,'2020-10-26','3330900779456',1,NULL,'2020-11-03 14:27:41','1341500009828'),(694,'2020-10-26','3340500734447',1,NULL,'2020-11-03 14:27:41','1341500009828'),(695,'2020-10-26','3740300046993',1,NULL,'2020-11-03 14:27:41','1341500009828'),(696,'2020-10-26','5340100033618',1,NULL,'2020-11-03 14:27:41','1341500009828'),(697,'2020-10-26','3350300199904',1,NULL,'2020-11-03 14:27:41','1341500009828'),(698,'2020-10-26','1349900462900',6,NULL,'2020-11-03 14:27:41','1341500009828'),(699,'2020-10-26','1341500009828',1,NULL,'2020-11-03 14:27:41','1341500009828'),(700,'2020-10-23','3330900779456',1,NULL,'2020-11-03 14:27:59','1341500009828'),(701,'2020-10-23','3340500734447',1,NULL,'2020-11-03 14:27:59','1341500009828'),(702,'2020-10-23','3740300046993',1,NULL,'2020-11-03 14:27:59','1341500009828'),(703,'2020-10-23','5340100033618',1,NULL,'2020-11-03 14:27:59','1341500009828'),(704,'2020-10-23','3350300199904',1,NULL,'2020-11-03 14:27:59','1341500009828'),(705,'2020-10-23','1349900462900',6,NULL,'2020-11-03 14:27:59','1341500009828'),(706,'2020-10-23','1341500009828',1,NULL,'2020-11-03 14:27:59','1341500009828'),(707,'2020-10-22','3330900779456',2,NULL,'2020-11-03 14:28:12','1341500009828'),(708,'2020-10-20','3330900779456',2,NULL,'2020-11-03 14:28:32','1341500009828'),(709,'2020-11-06','3330900779456',1,NULL,'2020-11-06 11:51:35','1341500009828'),(710,'2020-11-06','3340500734447',1,NULL,'2020-11-06 11:51:35','1341500009828'),(711,'2020-11-06','3740300046993',1,NULL,'2020-11-06 11:51:35','1341500009828'),(712,'2020-11-06','5340100033618',1,NULL,'2020-11-06 11:51:35','1341500009828'),(713,'2020-11-06','3350300199904',1,NULL,'2020-11-06 11:51:35','1341500009828'),(714,'2020-11-06','1349900462900',1,NULL,'2020-11-06 11:51:35','1341500009828'),(715,'2020-11-06','1341500009828',1,NULL,'2020-11-06 11:51:35','1341500009828'),(716,'2020-11-05','3330900779456',1,NULL,'2020-11-06 10:27:20','1341500009828'),(717,'2020-11-05','3340500734447',1,NULL,'2020-11-06 10:27:20','1341500009828'),(718,'2020-11-05','3740300046993',1,NULL,'2020-11-06 10:27:20','1341500009828'),(719,'2020-11-05','5340100033618',1,NULL,'2020-11-06 10:27:20','1341500009828'),(720,'2020-11-05','3350300199904',1,NULL,'2020-11-06 10:27:20','1341500009828'),(721,'2020-11-05','1349900462900',6,NULL,'2020-11-06 10:27:20','1341500009828'),(722,'2020-11-05','1341500009828',1,NULL,'2020-11-06 10:27:20','1341500009828'),(723,'2020-11-04','3330900779456',1,NULL,'2020-11-06 10:27:38','1341500009828'),(724,'2020-11-04','3340500734447',1,NULL,'2020-11-06 10:27:38','1341500009828'),(725,'2020-11-04','3740300046993',1,NULL,'2020-11-06 10:27:38','1341500009828'),(726,'2020-11-04','5340100033618',1,NULL,'2020-11-06 10:27:38','1341500009828'),(727,'2020-11-04','3350300199904',1,NULL,'2020-11-06 10:27:38','1341500009828'),(728,'2020-11-04','1349900462900',6,NULL,'2020-11-06 10:27:38','1341500009828'),(729,'2020-11-04','1341500009828',1,NULL,'2020-11-06 10:27:38','1341500009828'),(730,'2020-11-11','3330900779456',2,NULL,'2020-11-11 09:19:50','1341500009828'),(731,'2020-11-11','3340500734447',1,NULL,'2020-11-11 09:19:50','1341500009828'),(732,'2020-11-11','3740300046993',1,NULL,'2020-11-11 09:19:50','1341500009828'),(733,'2020-11-11','5340100033618',1,NULL,'2020-11-11 09:19:50','1341500009828'),(734,'2020-11-11','3350300199904',1,NULL,'2020-11-11 09:19:50','1341500009828'),(735,'2020-11-11','1349900462900',9,NULL,'2020-11-11 09:19:50','1341500009828'),(736,'2020-11-11','1341500009828',1,NULL,'2020-11-11 09:19:50','1341500009828'),(737,'2020-11-10','3330900779456',1,NULL,'2020-11-11 09:22:59','1341500009828'),(738,'2020-11-10','3340500734447',1,NULL,'2020-11-11 09:22:59','1341500009828'),(739,'2020-11-10','3740300046993',1,NULL,'2020-11-11 09:22:59','1341500009828'),(740,'2020-11-10','5340100033618',1,NULL,'2020-11-11 09:22:59','1341500009828'),(741,'2020-11-10','3350300199904',1,NULL,'2020-11-11 09:22:59','1341500009828'),(742,'2020-11-10','1349900462900',1,NULL,'2020-11-11 09:22:59','1341500009828'),(743,'2020-11-10','1341500009828',3,NULL,'2020-11-11 09:22:59','1341500009828'),(744,'2020-12-03','3330900779456',2,NULL,'2020-12-03 14:33:27','1341500009828'),(745,'2020-12-03','3340500734447',1,NULL,'2020-12-03 14:33:27','1341500009828'),(746,'2020-12-03','3740300046993',1,NULL,'2020-12-03 14:33:27','1341500009828'),(747,'2020-12-03','5340100033618',1,NULL,'2020-12-03 14:33:27','1341500009828'),(748,'2020-12-03','3350300199904',1,NULL,'2020-12-03 14:33:27','1341500009828'),(749,'2020-12-03','1349900462900',1,NULL,'2020-12-03 14:33:27','1341500009828'),(750,'2020-12-03','1341500009828',1,NULL,'2020-12-03 14:33:27','1341500009828'),(751,'2020-12-02','3330900779456',1,NULL,'2020-12-03 09:41:28','1341500009828'),(752,'2020-12-02','3340500734447',1,NULL,'2020-12-03 09:41:28','1341500009828'),(753,'2020-12-02','3740300046993',1,NULL,'2020-12-03 09:41:28','1341500009828'),(754,'2020-12-02','5340100033618',1,NULL,'2020-12-03 09:41:28','1341500009828'),(755,'2020-12-02','3350300199904',1,NULL,'2020-12-03 09:41:28','1341500009828'),(756,'2020-12-02','1349900462900',1,NULL,'2020-12-03 09:41:28','1341500009828'),(757,'2020-12-02','1341500009828',1,NULL,'2020-12-03 09:41:28','1341500009828'),(758,'2020-12-01','3330900779456',1,NULL,'2020-12-03 09:41:43','1341500009828'),(759,'2020-12-01','3340500734447',1,NULL,'2020-12-03 09:41:43','1341500009828'),(760,'2020-12-01','3740300046993',1,NULL,'2020-12-03 09:41:43','1341500009828'),(761,'2020-12-01','5340100033618',1,NULL,'2020-12-03 09:41:43','1341500009828'),(762,'2020-12-01','3350300199904',1,NULL,'2020-12-03 09:41:43','1341500009828'),(763,'2020-12-01','1349900462900',1,NULL,'2020-12-03 09:41:43','1341500009828'),(764,'2020-12-01','1341500009828',1,NULL,'2020-12-03 09:41:43','1341500009828'),(765,'2020-11-30','3330900779456',1,NULL,'2020-12-03 09:42:00','1341500009828'),(766,'2020-11-30','3340500734447',1,NULL,'2020-12-03 09:42:00','1341500009828'),(767,'2020-11-30','3740300046993',1,NULL,'2020-12-03 09:42:00','1341500009828'),(768,'2020-11-30','5340100033618',1,NULL,'2020-12-03 09:42:00','1341500009828'),(769,'2020-11-30','3350300199904',1,NULL,'2020-12-03 09:42:00','1341500009828'),(770,'2020-11-30','1349900462900',1,NULL,'2020-12-03 09:42:00','1341500009828'),(771,'2020-11-30','1341500009828',1,NULL,'2020-12-03 09:42:00','1341500009828'),(772,'2020-12-08','3330900779456',2,NULL,'2020-12-08 11:36:38','1341500009828'),(773,'2020-12-08','3340500734447',1,NULL,'2020-12-08 11:36:38','1341500009828'),(774,'2020-12-08','3740300046993',1,NULL,'2020-12-08 11:36:38','1341500009828'),(775,'2020-12-08','5340100033618',1,NULL,'2020-12-08 11:36:38','1341500009828'),(776,'2020-12-08','3350300199904',1,NULL,'2020-12-08 11:36:38','1341500009828'),(777,'2020-12-08','1349900462900',1,NULL,'2020-12-08 11:36:38','1341500009828'),(778,'2020-12-08','1341500009828',1,NULL,'2020-12-08 11:36:38','1341500009828'),(779,'2020-12-07','3330900779456',1,NULL,'2020-12-08 11:36:57','1341500009828'),(780,'2020-12-07','3340500734447',1,NULL,'2020-12-08 11:36:57','1341500009828'),(781,'2020-12-07','3740300046993',1,NULL,'2020-12-08 11:36:57','1341500009828'),(782,'2020-12-07','5340100033618',1,NULL,'2020-12-08 11:36:57','1341500009828'),(783,'2020-12-07','3350300199904',1,NULL,'2020-12-08 11:36:57','1341500009828'),(784,'2020-12-07','1349900462900',1,NULL,'2020-12-08 11:36:57','1341500009828'),(785,'2020-12-07','1341500009828',1,NULL,'2020-12-08 11:36:57','1341500009828'),(786,'2020-12-04','3330900779456',1,NULL,'2020-12-08 11:37:16','1341500009828'),(787,'2020-12-04','3340500734447',1,NULL,'2020-12-08 11:37:16','1341500009828'),(788,'2020-12-04','3740300046993',1,NULL,'2020-12-08 11:37:16','1341500009828'),(789,'2020-12-04','5340100033618',1,NULL,'2020-12-08 11:37:16','1341500009828'),(790,'2020-12-04','3350300199904',1,NULL,'2020-12-08 11:37:16','1341500009828'),(791,'2020-12-04','1349900462900',1,NULL,'2020-12-08 11:37:16','1341500009828'),(792,'2020-12-04','1341500009828',1,NULL,'2020-12-08 11:37:16','1341500009828'),(793,'2020-12-09','3330900779456',1,NULL,'2020-12-09 11:15:25','1341500009828'),(794,'2020-12-09','3340500734447',1,NULL,'2020-12-09 11:15:25','1341500009828'),(795,'2020-12-09','3740300046993',1,NULL,'2020-12-09 11:15:25','1341500009828'),(796,'2020-12-09','5340100033618',1,NULL,'2020-12-09 11:15:25','1341500009828'),(797,'2020-12-09','3350300199904',1,NULL,'2020-12-09 11:15:25','1341500009828'),(798,'2020-12-09','1349900462900',1,NULL,'2020-12-09 11:15:25','1341500009828'),(799,'2020-12-09','1341500009828',1,NULL,'2020-12-09 11:15:25','1341500009828'),(800,'2020-12-15','3330900779456',2,NULL,'2020-12-15 10:57:40','1341500009828'),(801,'2020-12-15','3340500734447',1,NULL,'2020-12-15 10:57:40','1341500009828'),(802,'2020-12-15','3740300046993',1,NULL,'2020-12-15 10:57:40','1341500009828'),(803,'2020-12-15','5340100033618',1,NULL,'2020-12-15 10:57:40','1341500009828'),(804,'2020-12-15','3350300199904',1,NULL,'2020-12-15 10:57:40','1341500009828'),(805,'2020-12-15','1349900462900',1,NULL,'2020-12-15 10:57:40','1341500009828'),(806,'2020-12-15','1341500009828',1,NULL,'2020-12-15 10:57:40','1341500009828'),(807,'2020-12-14','3330900779456',1,NULL,'2020-12-15 10:58:54','1341500009828'),(808,'2020-12-14','3340500734447',1,NULL,'2020-12-15 10:58:54','1341500009828'),(809,'2020-12-14','3740300046993',1,NULL,'2020-12-15 10:58:54','1341500009828'),(810,'2020-12-14','5340100033618',4,NULL,'2020-12-15 10:58:54','1341500009828'),(811,'2020-12-14','3350300199904',1,NULL,'2020-12-15 10:58:54','1341500009828'),(812,'2020-12-14','1349900462900',1,NULL,'2020-12-15 10:58:54','1341500009828'),(813,'2020-12-14','1341500009828',1,NULL,'2020-12-15 10:58:54','1341500009828'),(814,'2020-12-16','3330900779456',1,NULL,'2020-12-16 14:04:17','1341500009828'),(815,'2020-12-16','3340500734447',1,NULL,'2020-12-16 14:04:17','1341500009828'),(816,'2020-12-16','3740300046993',1,NULL,'2020-12-16 14:04:17','1341500009828'),(817,'2020-12-16','5340100033618',1,NULL,'2020-12-16 14:04:17','1341500009828'),(818,'2020-12-16','3350300199904',1,NULL,'2020-12-16 14:04:17','1341500009828'),(819,'2020-12-16','1349900462900',1,NULL,'2020-12-16 14:04:17','1341500009828'),(820,'2020-12-16','1341500009828',1,NULL,'2020-12-16 14:04:17','1341500009828'),(821,'2020-12-18','3330900779456',1,NULL,'2020-12-18 14:02:42','1341500009828'),(822,'2020-12-18','3340500734447',1,NULL,'2020-12-18 14:02:42','1341500009828'),(823,'2020-12-18','3740300046993',1,NULL,'2020-12-18 14:02:42','1341500009828'),(824,'2020-12-18','5340100033618',1,NULL,'2020-12-18 14:02:42','1341500009828'),(825,'2020-12-18','3350300199904',1,NULL,'2020-12-18 14:02:42','1341500009828'),(826,'2020-12-18','1349900462900',1,NULL,'2020-12-18 14:02:42','1341500009828'),(827,'2020-12-18','1341500009828',1,NULL,'2020-12-18 14:02:42','1341500009828'),(828,'2020-12-17','3330900779456',9,NULL,'2020-12-18 14:04:03','1341500009828'),(829,'2020-12-17','3340500734447',1,NULL,'2020-12-18 14:04:03','1341500009828'),(830,'2020-12-17','3740300046993',1,NULL,'2020-12-18 14:04:03','1341500009828'),(831,'2020-12-17','5340100033618',1,NULL,'2020-12-18 14:04:03','1341500009828'),(832,'2020-12-17','3350300199904',1,NULL,'2020-12-18 14:04:03','1341500009828'),(833,'2020-12-17','1349900462900',1,NULL,'2020-12-18 14:04:03','1341500009828'),(834,'2020-12-17','1341500009828',1,NULL,'2020-12-18 14:04:03','1341500009828'),(835,'2020-12-21','3330900779456',1,NULL,'2020-12-21 12:10:25','1341500009828'),(836,'2020-12-21','3340500734447',1,NULL,'2020-12-21 12:10:25','1341500009828'),(837,'2020-12-21','3740300046993',3,NULL,'2020-12-21 12:10:25','1341500009828'),(838,'2020-12-21','5340100033618',1,NULL,'2020-12-21 12:10:25','1341500009828'),(839,'2020-12-21','3350300199904',1,NULL,'2020-12-21 12:10:25','1341500009828'),(840,'2020-12-21','1349900462900',1,NULL,'2020-12-21 12:10:25','1341500009828'),(841,'2020-12-21','1341500009828',1,NULL,'2020-12-21 12:10:25','1341500009828'),(842,'2020-12-23','3330900779456',9,NULL,'2020-12-23 13:33:13','1341500009828'),(843,'2020-12-23','3340500734447',1,NULL,'2020-12-23 13:33:13','1341500009828'),(844,'2020-12-23','3740300046993',1,NULL,'2020-12-23 13:33:13','1341500009828'),(845,'2020-12-23','5340100033618',1,NULL,'2020-12-23 13:33:13','1341500009828'),(846,'2020-12-23','3350300199904',1,NULL,'2020-12-23 13:33:13','1341500009828'),(847,'2020-12-23','1349900462900',9,NULL,'2020-12-23 13:33:13','1341500009828'),(848,'2020-12-23','1341500009828',1,NULL,'2020-12-23 13:33:13','1341500009828'),(849,'2020-12-25','3330900779456',2,NULL,'2020-12-25 09:29:32','1341500009828'),(850,'2020-12-25','3340500734447',1,NULL,'2020-12-25 09:29:32','1341500009828'),(851,'2020-12-25','3740300046993',1,NULL,'2020-12-25 09:29:32','1341500009828'),(852,'2020-12-25','5340100033618',1,NULL,'2020-12-25 09:29:32','1341500009828'),(853,'2020-12-25','3350300199904',1,NULL,'2020-12-25 09:29:32','1341500009828'),(854,'2020-12-25','1349900462900',1,NULL,'2020-12-25 09:29:32','1341500009828'),(855,'2020-12-25','1341500009828',1,NULL,'2020-12-25 09:29:32','1341500009828'),(856,'2020-12-24','3330900779456',1,NULL,'2020-12-25 09:29:48','1341500009828'),(857,'2020-12-24','3340500734447',1,NULL,'2020-12-25 09:29:48','1341500009828'),(858,'2020-12-24','3740300046993',1,NULL,'2020-12-25 09:29:48','1341500009828'),(859,'2020-12-24','5340100033618',1,NULL,'2020-12-25 09:29:48','1341500009828'),(860,'2020-12-24','3350300199904',1,NULL,'2020-12-25 09:29:48','1341500009828'),(861,'2020-12-24','1349900462900',1,NULL,'2020-12-25 09:29:48','1341500009828'),(862,'2020-12-24','1341500009828',1,NULL,'2020-12-25 09:29:48','1341500009828'),(863,'2021-01-05','3330900779456',1,NULL,'2021-01-05 15:06:19','1341500009828'),(864,'2021-01-05','3340500734447',1,NULL,'2021-01-05 15:06:19','1341500009828'),(865,'2021-01-05','3740300046993',1,NULL,'2021-01-05 15:06:19','1341500009828'),(866,'2021-01-05','5340100033618',1,NULL,'2021-01-05 15:06:19','1341500009828'),(867,'2021-01-05','3350300199904',1,NULL,'2021-01-05 15:06:19','1341500009828'),(868,'2021-01-05','1349900462900',1,NULL,'2021-01-05 15:06:19','1341500009828'),(869,'2021-01-05','1341500009828',1,NULL,'2021-01-05 15:06:19','1341500009828'),(870,'2021-01-04','3330900779456',1,NULL,'2021-01-05 10:21:29','1341500009828'),(871,'2021-01-04','3340500734447',1,NULL,'2021-01-05 10:21:29','1341500009828'),(872,'2021-01-04','3740300046993',1,NULL,'2021-01-05 10:21:29','1341500009828'),(873,'2021-01-04','5340100033618',1,NULL,'2021-01-05 10:21:29','1341500009828'),(874,'2021-01-04','3350300199904',1,NULL,'2021-01-05 10:21:29','1341500009828'),(875,'2021-01-04','1349900462900',1,NULL,'2021-01-05 10:21:29','1341500009828'),(876,'2021-01-04','1341500009828',1,NULL,'2021-01-05 10:21:29','1341500009828'),(877,'2021-01-06','3330900779456',1,NULL,'2021-01-06 09:28:48','1341500009828'),(878,'2021-01-06','3340500734447',1,NULL,'2021-01-06 09:28:48','1341500009828'),(879,'2021-01-06','3740300046993',1,NULL,'2021-01-06 09:28:48','1341500009828'),(880,'2021-01-06','5340100033618',1,NULL,'2021-01-06 09:28:48','1341500009828'),(881,'2021-01-06','3350300199904',1,NULL,'2021-01-06 09:28:48','1341500009828'),(882,'2021-01-06','1349900462900',1,NULL,'2021-01-06 09:28:48','1341500009828'),(883,'2021-01-06','1341500009828',1,NULL,'2021-01-06 09:28:48','1341500009828'),(884,'2021-01-07','3340500734447',1,NULL,'2021-01-07 10:14:15','1341500009828'),(885,'2021-01-07','3740300046993',1,NULL,'2021-01-07 10:14:15','1341500009828'),(886,'2021-01-07','5340100033618',1,NULL,'2021-01-07 10:14:15','1341500009828'),(887,'2021-01-07','3350300199904',1,NULL,'2021-01-07 10:14:15','1341500009828'),(888,'2021-01-07','1349900462900',1,NULL,'2021-01-07 10:14:15','1341500009828'),(889,'2021-01-07','1341500009828',1,NULL,'2021-01-07 10:14:15','1341500009828'),(890,'2021-01-07','3330900779456',1,NULL,'2021-01-07 10:14:15','1341500009828'),(891,'2021-01-12','3330900779456',1,NULL,'2021-01-12 10:59:20','1341500009828'),(892,'2021-01-12','3340500734447',1,NULL,'2021-01-12 10:59:20','1341500009828'),(893,'2021-01-12','3740300046993',1,NULL,'2021-01-12 10:59:20','1341500009828'),(894,'2021-01-12','5340100033618',1,NULL,'2021-01-12 10:59:20','1341500009828'),(895,'2021-01-12','3350300199904',1,NULL,'2021-01-12 10:59:20','1341500009828'),(896,'2021-01-12','1349900462900',1,NULL,'2021-01-12 10:59:20','1341500009828'),(897,'2021-01-12','1341500009828',1,NULL,'2021-01-12 10:59:20','1341500009828'),(898,'2021-01-11','3330900779456',1,NULL,'2021-01-12 10:59:50','1341500009828'),(899,'2021-01-11','3340500734447',1,NULL,'2021-01-12 10:59:50','1341500009828'),(900,'2021-01-11','3740300046993',1,NULL,'2021-01-12 10:59:50','1341500009828'),(901,'2021-01-11','5340100033618',1,NULL,'2021-01-12 10:59:50','1341500009828'),(902,'2021-01-11','3350300199904',1,NULL,'2021-01-12 10:59:50','1341500009828'),(903,'2021-01-11','1349900462900',1,NULL,'2021-01-12 10:59:50','1341500009828'),(904,'2021-01-11','1341500009828',1,NULL,'2021-01-12 10:59:50','1341500009828'),(905,'2021-01-08','3330900779456',1,NULL,'2021-01-12 11:00:59','1341500009828'),(906,'2021-01-08','3340500734447',1,NULL,'2021-01-12 11:00:59','1341500009828'),(907,'2021-01-08','3740300046993',1,NULL,'2021-01-12 11:00:59','1341500009828'),(908,'2021-01-08','5340100033618',1,NULL,'2021-01-12 11:00:59','1341500009828'),(909,'2021-01-08','3350300199904',4,NULL,'2021-01-12 11:00:59','1341500009828'),(910,'2021-01-08','1349900462900',1,NULL,'2021-01-12 11:00:59','1341500009828'),(911,'2021-01-08','1341500009828',1,NULL,'2021-01-12 11:00:59','1341500009828'),(912,'2021-01-13','3330900779456',2,NULL,'2021-01-13 12:48:03','1341500009828'),(913,'2021-01-13','3340500734447',1,NULL,'2021-01-13 12:48:03','1341500009828'),(914,'2021-01-13','3740300046993',1,NULL,'2021-01-13 12:48:03','1341500009828'),(915,'2021-01-13','5340100033618',1,NULL,'2021-01-13 12:48:03','1341500009828'),(916,'2021-01-13','3350300199904',1,NULL,'2021-01-13 12:48:03','1341500009828'),(917,'2021-01-13','1349900462900',4,NULL,'2021-01-13 12:48:03','1341500009828'),(918,'2021-01-13','1341500009828',1,NULL,'2021-01-13 12:48:03','1341500009828'),(919,'2021-01-14','3330900779456',1,NULL,'2021-01-14 13:48:12','1341500009828'),(920,'2021-01-14','3340500734447',1,NULL,'2021-01-14 13:48:12','1341500009828'),(921,'2021-01-14','3740300046993',1,NULL,'2021-01-14 13:48:12','1341500009828'),(922,'2021-01-14','5340100033618',1,NULL,'2021-01-14 13:48:12','1341500009828'),(923,'2021-01-14','3350300199904',1,NULL,'2021-01-14 13:48:12','1341500009828'),(924,'2021-01-14','1349900462900',4,NULL,'2021-01-14 13:48:12','1341500009828'),(925,'2021-01-14','1341500009828',1,NULL,'2021-01-14 13:48:12','1341500009828'),(926,'2021-01-21','3330900779456',2,NULL,'2021-01-21 13:33:59','1341500009828'),(927,'2021-01-21','3340500734447',1,NULL,'2021-01-21 13:33:59','1341500009828'),(928,'2021-01-21','3740300046993',1,NULL,'2021-01-21 13:33:59','1341500009828'),(929,'2021-01-21','5340100033618',1,NULL,'2021-01-21 13:33:59','1341500009828'),(930,'2021-01-21','3350300199904',1,NULL,'2021-01-21 13:33:59','1341500009828'),(931,'2021-01-21','1349900462900',9,NULL,'2021-01-21 13:33:59','1341500009828'),(932,'2021-01-21','1341500009828',1,NULL,'2021-01-21 13:33:59','1341500009828'),(933,'2021-01-20','3330900779456',1,NULL,'2021-01-21 13:34:17','1341500009828'),(934,'2021-01-20','3340500734447',1,NULL,'2021-01-21 13:34:17','1341500009828'),(935,'2021-01-20','3740300046993',1,NULL,'2021-01-21 13:34:17','1341500009828'),(936,'2021-01-20','5340100033618',1,NULL,'2021-01-21 13:34:17','1341500009828'),(937,'2021-01-20','3350300199904',9,NULL,'2021-01-21 13:34:17','1341500009828'),(938,'2021-01-20','1349900462900',1,NULL,'2021-01-21 13:34:17','1341500009828'),(939,'2021-01-20','1341500009828',1,NULL,'2021-01-21 13:34:17','1341500009828'),(940,'2021-01-19','3330900779456',1,NULL,'2021-01-21 13:34:33','1341500009828'),(941,'2021-01-19','3340500734447',1,NULL,'2021-01-21 13:34:33','1341500009828'),(942,'2021-01-19','3740300046993',1,NULL,'2021-01-21 13:34:33','1341500009828'),(943,'2021-01-19','5340100033618',1,NULL,'2021-01-21 13:34:33','1341500009828'),(944,'2021-01-19','3350300199904',1,NULL,'2021-01-21 13:34:33','1341500009828'),(945,'2021-01-19','1349900462900',1,NULL,'2021-01-21 13:34:33','1341500009828'),(946,'2021-01-19','1341500009828',1,NULL,'2021-01-21 13:34:33','1341500009828'),(947,'2021-01-18','3330900779456',1,NULL,'2021-01-21 13:34:50','1341500009828'),(948,'2021-01-18','3340500734447',1,NULL,'2021-01-21 13:34:50','1341500009828'),(949,'2021-01-18','3740300046993',1,NULL,'2021-01-21 13:34:50','1341500009828'),(950,'2021-01-18','5340100033618',1,NULL,'2021-01-21 13:34:50','1341500009828'),(951,'2021-01-18','3350300199904',1,NULL,'2021-01-21 13:34:50','1341500009828'),(952,'2021-01-18','1349900462900',1,NULL,'2021-01-21 13:34:50','1341500009828'),(953,'2021-01-18','1341500009828',1,NULL,'2021-01-21 13:34:50','1341500009828'),(954,'2021-01-15','3330900779456',1,NULL,'2021-01-21 13:35:54','1341500009828'),(955,'2021-01-15','3340500734447',1,NULL,'2021-01-21 13:35:54','1341500009828'),(956,'2021-01-15','3740300046993',1,NULL,'2021-01-21 13:35:54','1341500009828'),(957,'2021-01-15','5340100033618',1,NULL,'2021-01-21 13:35:54','1341500009828'),(958,'2021-01-15','3350300199904',1,NULL,'2021-01-21 13:35:54','1341500009828'),(959,'2021-01-15','1349900462900',4,NULL,'2021-01-21 13:35:54','1341500009828'),(960,'2021-01-15','1341500009828',1,NULL,'2021-01-21 13:35:54','1341500009828'),(961,'2021-02-08','3330900779456',1,NULL,'2021-02-11 10:36:09','1341500009828'),(962,'2021-02-08','3340500734447',1,NULL,'2021-02-11 10:36:09','1341500009828'),(963,'2021-02-08','3740300046993',1,NULL,'2021-02-11 10:36:09','1341500009828'),(964,'2021-02-08','5340100033618',1,NULL,'2021-02-11 10:36:09','1341500009828'),(965,'2021-02-08','3350300199904',1,NULL,'2021-02-11 10:36:09','1341500009828'),(966,'2021-02-08','1349900462900',1,NULL,'2021-02-11 10:36:09','1341500009828'),(967,'2021-02-08','1341500009828',1,NULL,'2021-02-11 10:36:09','1341500009828'),(968,'2021-02-05','3330900779456',1,NULL,'2021-02-08 12:35:04','1341500009828'),(969,'2021-02-05','3340500734447',1,NULL,'2021-02-08 12:35:04','1341500009828'),(970,'2021-02-05','3740300046993',1,NULL,'2021-02-08 12:35:04','1341500009828'),(971,'2021-02-05','5340100033618',1,NULL,'2021-02-08 12:35:04','1341500009828'),(972,'2021-02-05','3350300199904',1,NULL,'2021-02-08 12:35:04','1341500009828'),(973,'2021-02-05','1349900462900',1,NULL,'2021-02-08 12:35:04','1341500009828'),(974,'2021-02-05','1341500009828',1,NULL,'2021-02-08 12:35:04','1341500009828'),(975,'2021-02-07','3330900779456',1,NULL,'2021-02-08 12:35:50','1341500009828'),(976,'2021-02-07','3340500734447',1,NULL,'2021-02-08 12:35:50','1341500009828'),(977,'2021-02-07','1341500009828',1,NULL,'2021-02-08 12:35:50','1341500009828'),(978,'2021-02-04','3330900779456',1,NULL,'2021-02-08 12:35:34','1341500009828'),(979,'2021-02-04','3340500734447',1,NULL,'2021-02-08 12:35:34','1341500009828'),(980,'2021-02-04','3740300046993',1,NULL,'2021-02-08 12:35:34','1341500009828'),(981,'2021-02-04','5340100033618',1,NULL,'2021-02-08 12:35:34','1341500009828'),(982,'2021-02-04','3350300199904',1,NULL,'2021-02-08 12:35:34','1341500009828'),(983,'2021-02-04','1349900462900',1,NULL,'2021-02-08 12:35:34','1341500009828'),(984,'2021-02-04','1341500009828',1,NULL,'2021-02-08 12:35:34','1341500009828'),(985,'2021-02-06','1349900462900',2,NULL,'2021-02-08 12:35:44','1341500009828'),(986,'2021-02-07','1349900462900',2,NULL,'2021-02-08 12:35:50','1341500009828'),(987,'2021-02-03','3330900779456',1,NULL,'2021-02-08 12:36:03','1341500009828'),(988,'2021-02-03','3340500734447',1,NULL,'2021-02-08 12:36:03','1341500009828'),(989,'2021-02-03','3740300046993',1,NULL,'2021-02-08 12:36:03','1341500009828'),(990,'2021-02-03','5340100033618',1,NULL,'2021-02-08 12:36:03','1341500009828'),(991,'2021-02-03','3350300199904',1,NULL,'2021-02-08 12:36:03','1341500009828'),(992,'2021-02-03','1349900462900',1,NULL,'2021-02-08 12:36:03','1341500009828'),(993,'2021-02-03','1341500009828',1,NULL,'2021-02-08 12:36:03','1341500009828'),(994,'2021-02-02','3330900779456',2,NULL,'2021-02-08 12:36:45','1341500009828'),(995,'2021-02-02','3340500734447',1,NULL,'2021-02-08 12:36:45','1341500009828'),(996,'2021-02-02','3740300046993',1,NULL,'2021-02-08 12:36:45','1341500009828'),(997,'2021-02-02','5340100033618',1,NULL,'2021-02-08 12:36:45','1341500009828'),(998,'2021-02-02','3350300199904',1,NULL,'2021-02-08 12:36:45','1341500009828'),(999,'2021-02-02','1349900462900',1,NULL,'2021-02-08 12:36:45','1341500009828'),(1000,'2021-02-02','1341500009828',1,NULL,'2021-02-08 12:36:45','1341500009828'),(1001,'2021-02-01','3330900779456',1,NULL,'2021-02-08 12:36:23','1341500009828'),(1002,'2021-02-01','3340500734447',1,NULL,'2021-02-08 12:36:23','1341500009828'),(1003,'2021-02-01','3740300046993',1,NULL,'2021-02-08 12:36:23','1341500009828'),(1004,'2021-02-01','5340100033618',1,NULL,'2021-02-08 12:36:23','1341500009828'),(1005,'2021-02-01','3350300199904',1,NULL,'2021-02-08 12:36:23','1341500009828'),(1006,'2021-02-01','1349900462900',1,NULL,'2021-02-08 12:36:23','1341500009828'),(1007,'2021-02-01','1341500009828',1,NULL,'2021-02-08 12:36:23','1341500009828'),(1008,'2021-01-29','3330900779456',1,NULL,'2021-02-08 12:36:59','1341500009828'),(1009,'2021-01-29','3340500734447',1,NULL,'2021-02-08 12:36:59','1341500009828'),(1010,'2021-01-29','3740300046993',1,NULL,'2021-02-08 12:36:59','1341500009828'),(1011,'2021-01-29','5340100033618',1,NULL,'2021-02-08 12:36:59','1341500009828'),(1012,'2021-01-29','3350300199904',1,NULL,'2021-02-08 12:36:59','1341500009828'),(1013,'2021-01-29','1349900462900',1,NULL,'2021-02-08 12:36:59','1341500009828'),(1014,'2021-01-29','1341500009828',1,NULL,'2021-02-08 12:36:59','1341500009828'),(1015,'2021-01-28','3330900779456',1,NULL,'2021-02-08 12:37:11','1341500009828'),(1016,'2021-01-28','3340500734447',1,NULL,'2021-02-08 12:37:11','1341500009828'),(1017,'2021-01-28','3740300046993',1,NULL,'2021-02-08 12:37:11','1341500009828'),(1018,'2021-01-28','5340100033618',1,NULL,'2021-02-08 12:37:11','1341500009828'),(1019,'2021-01-28','3350300199904',1,NULL,'2021-02-08 12:37:11','1341500009828'),(1020,'2021-01-28','1349900462900',1,NULL,'2021-02-08 12:37:11','1341500009828'),(1021,'2021-01-28','1341500009828',1,NULL,'2021-02-08 12:37:11','1341500009828'),(1022,'2021-01-27','3330900779456',1,NULL,'2021-02-08 12:37:23','1341500009828'),(1023,'2021-01-27','3340500734447',1,NULL,'2021-02-08 12:37:23','1341500009828'),(1024,'2021-01-27','3740300046993',1,NULL,'2021-02-08 12:37:23','1341500009828'),(1025,'2021-01-27','5340100033618',1,NULL,'2021-02-08 12:37:23','1341500009828'),(1026,'2021-01-27','3350300199904',1,NULL,'2021-02-08 12:37:23','1341500009828'),(1027,'2021-01-27','1349900462900',1,NULL,'2021-02-08 12:37:23','1341500009828'),(1028,'2021-01-27','1341500009828',1,NULL,'2021-02-08 12:37:23','1341500009828'),(1029,'2021-01-26','3330900779456',1,NULL,'2021-02-08 12:37:36','1341500009828'),(1030,'2021-01-26','3340500734447',1,NULL,'2021-02-08 12:37:36','1341500009828'),(1031,'2021-01-26','3740300046993',1,NULL,'2021-02-08 12:37:36','1341500009828'),(1032,'2021-01-26','5340100033618',1,NULL,'2021-02-08 12:37:36','1341500009828'),(1033,'2021-01-26','3350300199904',1,NULL,'2021-02-08 12:37:36','1341500009828'),(1034,'2021-01-26','1349900462900',1,NULL,'2021-02-08 12:37:36','1341500009828'),(1035,'2021-01-26','1341500009828',1,NULL,'2021-02-08 12:37:36','1341500009828'),(1036,'2021-01-25','3330900779456',1,NULL,'2021-02-08 12:37:45','1341500009828'),(1037,'2021-01-25','3340500734447',1,NULL,'2021-02-08 12:37:45','1341500009828'),(1038,'2021-01-25','3740300046993',1,NULL,'2021-02-08 12:37:45','1341500009828'),(1039,'2021-01-25','5340100033618',1,NULL,'2021-02-08 12:37:45','1341500009828'),(1040,'2021-01-25','3350300199904',1,NULL,'2021-02-08 12:37:45','1341500009828'),(1041,'2021-01-25','1349900462900',1,NULL,'2021-02-08 12:37:45','1341500009828'),(1042,'2021-01-25','1341500009828',1,NULL,'2021-02-08 12:37:45','1341500009828'),(1043,'2021-01-22','3330900779456',1,NULL,'2021-02-08 12:37:56','1341500009828'),(1044,'2021-01-22','3340500734447',1,NULL,'2021-02-08 12:37:56','1341500009828'),(1045,'2021-01-22','3740300046993',1,NULL,'2021-02-08 12:37:56','1341500009828'),(1046,'2021-01-22','5340100033618',1,NULL,'2021-02-08 12:37:56','1341500009828'),(1047,'2021-01-22','3350300199904',1,NULL,'2021-02-08 12:37:56','1341500009828'),(1048,'2021-01-22','1349900462900',1,NULL,'2021-02-08 12:37:56','1341500009828'),(1049,'2021-01-22','1341500009828',1,NULL,'2021-02-08 12:37:56','1341500009828'),(1050,'2021-02-11','3330900779456',1,NULL,'2021-02-11 10:36:22','1341500009828'),(1051,'2021-02-11','3340500734447',1,NULL,'2021-02-11 10:36:22','1341500009828'),(1052,'2021-02-11','3740300046993',1,NULL,'2021-02-11 10:36:22','1341500009828'),(1053,'2021-02-11','5340100033618',1,NULL,'2021-02-11 10:36:22','1341500009828'),(1054,'2021-02-11','3350300199904',1,NULL,'2021-02-11 10:36:22','1341500009828'),(1055,'2021-02-11','1349900462900',1,NULL,'2021-02-11 10:36:22','1341500009828'),(1056,'2021-02-11','1341500009828',1,NULL,'2021-02-11 10:36:22','1341500009828'),(1057,'2021-02-10','3330900779456',1,NULL,'2021-02-11 10:35:20','1341500009828'),(1058,'2021-02-10','3340500734447',1,NULL,'2021-02-11 10:35:20','1341500009828'),(1059,'2021-02-10','3740300046993',1,NULL,'2021-02-11 10:35:20','1341500009828'),(1060,'2021-02-10','5340100033618',1,NULL,'2021-02-11 10:35:20','1341500009828'),(1061,'2021-02-10','3350300199904',1,NULL,'2021-02-11 10:35:20','1341500009828'),(1062,'2021-02-10','1349900462900',1,NULL,'2021-02-11 10:35:20','1341500009828'),(1063,'2021-02-10','1341500009828',1,NULL,'2021-02-11 10:35:20','1341500009828'),(1064,'2021-02-09','3330900779456',1,NULL,'2021-02-11 10:35:31','1341500009828'),(1065,'2021-02-09','3340500734447',1,NULL,'2021-02-11 10:35:31','1341500009828'),(1066,'2021-02-09','3740300046993',1,NULL,'2021-02-11 10:35:31','1341500009828'),(1067,'2021-02-09','5340100033618',1,NULL,'2021-02-11 10:35:31','1341500009828'),(1068,'2021-02-09','3350300199904',1,NULL,'2021-02-11 10:35:31','1341500009828'),(1069,'2021-02-09','1349900462900',1,NULL,'2021-02-11 10:35:31','1341500009828'),(1070,'2021-02-09','1341500009828',1,NULL,'2021-02-11 10:35:31','1341500009828'),(1071,'2021-02-15','3330900779456',2,NULL,'2021-02-15 13:08:03','1341500009828'),(1072,'2021-02-15','3340500734447',1,NULL,'2021-02-15 13:08:03','1341500009828'),(1073,'2021-02-15','3740300046993',1,NULL,'2021-02-15 13:08:03','1341500009828'),(1074,'2021-02-15','5340100033618',1,NULL,'2021-02-15 13:08:03','1341500009828'),(1075,'2021-02-15','3350300199904',9,NULL,'2021-02-15 13:08:03','1341500009828'),(1076,'2021-02-15','1349900462900',1,NULL,'2021-02-15 13:08:03','1341500009828'),(1077,'2021-02-15','1341500009828',1,NULL,'2021-02-15 13:08:03','1341500009828'),(1078,'2021-02-16','3330900779456',9,NULL,'2021-02-16 14:27:30','1341500009828'),(1079,'2021-02-16','3340500734447',1,NULL,'2021-02-16 14:27:30','1341500009828'),(1080,'2021-02-16','3740300046993',1,NULL,'2021-02-16 14:27:30','1341500009828'),(1081,'2021-02-16','5340100033618',1,NULL,'2021-02-16 14:27:30','1341500009828'),(1082,'2021-02-16','3350300199904',1,NULL,'2021-02-16 14:27:30','1341500009828'),(1083,'2021-02-16','1349900462900',1,NULL,'2021-02-16 14:27:30','1341500009828'),(1084,'2021-02-16','1341500009828',1,NULL,'2021-02-16 14:27:30','1341500009828'),(1085,'2021-02-18','3330900779456',9,NULL,'2021-02-19 09:14:57','1341500009828'),(1086,'2021-02-18','3340500734447',1,NULL,'2021-02-19 09:14:57','1341500009828'),(1087,'2021-02-18','3740300046993',1,NULL,'2021-02-19 09:14:57','1341500009828'),(1088,'2021-02-18','5340100033618',1,NULL,'2021-02-19 09:14:57','1341500009828'),(1089,'2021-02-18','3350300199904',1,NULL,'2021-02-19 09:14:57','1341500009828'),(1090,'2021-02-18','1349900462900',1,NULL,'2021-02-19 09:14:57','1341500009828'),(1091,'2021-02-18','1341500009828',1,NULL,'2021-02-19 09:14:57','1341500009828'),(1092,'2021-02-17','3330900779456',9,NULL,'2021-02-19 09:15:14','1341500009828'),(1093,'2021-02-17','3340500734447',1,NULL,'2021-02-19 09:15:14','1341500009828'),(1094,'2021-02-17','3740300046993',1,NULL,'2021-02-19 09:15:14','1341500009828'),(1095,'2021-02-17','5340100033618',1,NULL,'2021-02-19 09:15:14','1341500009828'),(1096,'2021-02-17','3350300199904',1,NULL,'2021-02-19 09:15:14','1341500009828'),(1097,'2021-02-17','1349900462900',1,NULL,'2021-02-19 09:15:14','1341500009828'),(1098,'2021-02-17','1341500009828',1,NULL,'2021-02-19 09:15:14','1341500009828'),(1099,'2021-02-19','3340500734447',1,NULL,'2021-02-19 09:16:20','1341500009828'),(1100,'2021-02-19','5340100033618',1,NULL,'2021-02-19 09:16:20','1341500009828'),(1101,'2021-02-19','1341500009828',1,NULL,'2021-02-19 09:16:20','1341500009828'),(1102,'2021-02-19','3330900779456',1,NULL,'2021-02-19 09:16:20','1341500009828'),(1103,'2021-02-19','3740300046993',1,NULL,'2021-02-19 09:16:20','1341500009828'),(1104,'2021-02-19','3350300199904',1,NULL,'2021-02-19 09:16:20','1341500009828'),(1105,'2021-02-19','1349900462900',1,NULL,'2021-02-19 09:16:20','1341500009828'),(1106,'2021-02-22','3330900779456',1,NULL,'2021-02-22 10:21:20','1341500009828'),(1107,'2021-02-22','3340500734447',1,NULL,'2021-02-22 10:21:20','1341500009828'),(1108,'2021-02-22','3740300046993',1,NULL,'2021-02-22 10:21:20','1341500009828'),(1109,'2021-02-22','5340100033618',1,NULL,'2021-02-22 10:21:20','1341500009828'),(1110,'2021-02-22','3350300199904',1,NULL,'2021-02-22 10:21:20','1341500009828'),(1111,'2021-02-22','1349900462900',1,NULL,'2021-02-22 10:21:20','1341500009828'),(1112,'2021-02-22','1341500009828',1,NULL,'2021-02-22 10:21:20','1341500009828'),(1113,'2021-02-24','3330900779456',1,NULL,'2021-02-24 10:03:14','1341500009828'),(1114,'2021-02-24','3340500734447',1,NULL,'2021-02-24 10:03:14','1341500009828'),(1115,'2021-02-24','3740300046993',1,NULL,'2021-02-24 10:03:14','1341500009828'),(1116,'2021-02-24','5340100033618',1,NULL,'2021-02-24 10:03:14','1341500009828'),(1117,'2021-02-24','3350300199904',1,NULL,'2021-02-24 10:03:14','1341500009828'),(1118,'2021-02-24','1349900462900',1,NULL,'2021-02-24 10:03:14','1341500009828'),(1119,'2021-02-24','1341500009828',1,NULL,'2021-02-24 10:03:14','1341500009828'),(1120,'2021-02-23','3330900779456',2,NULL,'2021-02-24 10:03:39','1341500009828'),(1121,'2021-02-23','3340500734447',1,NULL,'2021-02-24 10:03:39','1341500009828'),(1122,'2021-02-23','3740300046993',1,NULL,'2021-02-24 10:03:39','1341500009828'),(1123,'2021-02-23','5340100033618',1,NULL,'2021-02-24 10:03:39','1341500009828'),(1124,'2021-02-23','3350300199904',1,NULL,'2021-02-24 10:03:39','1341500009828'),(1125,'2021-02-23','1349900462900',1,NULL,'2021-02-24 10:03:39','1341500009828'),(1126,'2021-02-23','1341500009828',1,NULL,'2021-02-24 10:03:39','1341500009828'),(1127,'2021-02-25','3330900779456',1,NULL,'2021-02-25 11:17:52','1341500009828'),(1128,'2021-02-25','3340500734447',1,NULL,'2021-02-25 11:17:52','1341500009828'),(1129,'2021-02-25','3740300046993',1,NULL,'2021-02-25 11:17:52','1341500009828'),(1130,'2021-02-25','5340100033618',1,NULL,'2021-02-25 11:17:52','1341500009828'),(1131,'2021-02-25','3350300199904',1,NULL,'2021-02-25 11:17:52','1341500009828'),(1132,'2021-02-25','1349900462900',1,NULL,'2021-02-25 11:17:52','1341500009828'),(1133,'2021-02-25','1341500009828',1,NULL,'2021-02-25 11:17:52','1341500009828'),(1134,'2021-03-01','3340500734447',1,NULL,'2021-03-02 10:15:43','1341500009828'),(1135,'2021-03-01','3740300046993',1,NULL,'2021-03-02 10:15:43','1341500009828'),(1136,'2021-03-01','5340100033618',1,NULL,'2021-03-02 10:15:43','1341500009828'),(1137,'2021-03-01','3350300199904',1,NULL,'2021-03-02 10:15:43','1341500009828'),(1138,'2021-03-01','1341500009828',1,NULL,'2021-03-02 10:15:43','1341500009828'),(1139,'2021-03-01','1349900462900',1,NULL,'2021-03-02 10:15:43','1341500009828'),(1140,'2021-03-01','3330900779456',9,NULL,'2021-03-02 10:15:43','1341500009828'),(1141,'2021-03-02','3330900779456',1,NULL,'2021-03-02 10:16:11','1341500009828'),(1142,'2021-03-02','3340500734447',1,NULL,'2021-03-02 10:16:11','1341500009828'),(1143,'2021-03-02','3740300046993',1,NULL,'2021-03-02 10:16:11','1341500009828'),(1144,'2021-03-02','5340100033618',8,NULL,'2021-03-02 10:16:11','1341500009828'),(1145,'2021-03-02','3350300199904',1,NULL,'2021-03-02 10:16:11','1341500009828'),(1146,'2021-03-02','1349900462900',1,NULL,'2021-03-02 10:16:11','1341500009828'),(1147,'2021-03-02','1341500009828',1,NULL,'2021-03-02 10:16:11','1341500009828'),(1148,'2021-03-03','3330900779456',1,NULL,'2021-03-03 12:03:18','1341500009828'),(1149,'2021-03-03','3340500734447',1,NULL,'2021-03-03 12:03:18','1341500009828'),(1150,'2021-03-03','3740300046993',1,NULL,'2021-03-03 12:03:18','1341500009828'),(1151,'2021-03-03','5340100033618',1,NULL,'2021-03-03 12:03:18','1341500009828'),(1152,'2021-03-03','3350300199904',1,NULL,'2021-03-03 12:03:18','1341500009828'),(1153,'2021-03-03','1349900462900',1,NULL,'2021-03-03 12:03:18','1341500009828'),(1154,'2021-03-03','1341500009828',1,NULL,'2021-03-03 12:03:18','1341500009828'),(1155,'2021-03-04','3330900779456',2,NULL,'2021-03-04 11:08:33','1341500009828'),(1156,'2021-03-04','3340500734447',1,NULL,'2021-03-04 11:08:33','1341500009828'),(1157,'2021-03-04','3740300046993',1,NULL,'2021-03-04 11:08:33','1341500009828'),(1158,'2021-03-04','5340100033618',1,NULL,'2021-03-04 11:08:33','1341500009828'),(1159,'2021-03-04','3350300199904',1,NULL,'2021-03-04 11:08:33','1341500009828'),(1160,'2021-03-04','1349900462900',9,NULL,'2021-03-04 11:08:33','1341500009828'),(1161,'2021-03-04','1341500009828',1,NULL,'2021-03-04 11:08:33','1341500009828'),(1162,'2021-03-05','3330900779456',2,NULL,'2021-03-08 12:57:23','1341500009828'),(1163,'2021-03-05','3340500734447',1,NULL,'2021-03-08 12:57:23','1341500009828'),(1164,'2021-03-05','3740300046993',1,NULL,'2021-03-08 12:57:23','1341500009828'),(1165,'2021-03-05','5340100033618',2,NULL,'2021-03-08 12:57:23','1341500009828'),(1166,'2021-03-05','3350300199904',1,NULL,'2021-03-08 12:57:23','1341500009828'),(1167,'2021-03-05','1349900462900',1,NULL,'2021-03-08 12:57:23','1341500009828'),(1168,'2021-03-05','1341500009828',1,NULL,'2021-03-08 12:57:23','1341500009828'),(1169,'2021-03-08','3330900779456',1,NULL,'2021-03-08 12:56:55','1341500009828'),(1170,'2021-03-08','3340500734447',1,NULL,'2021-03-08 12:56:55','1341500009828'),(1171,'2021-03-08','3740300046993',1,NULL,'2021-03-08 12:56:55','1341500009828'),(1172,'2021-03-08','5340100033618',4,NULL,'2021-03-08 12:56:55','1341500009828'),(1173,'2021-03-08','3350300199904',1,NULL,'2021-03-08 12:56:55','1341500009828'),(1174,'2021-03-08','1349900462900',1,NULL,'2021-03-08 12:56:55','1341500009828'),(1175,'2021-03-08','1341500009828',1,NULL,'2021-03-08 12:56:55','1341500009828'),(1176,'2021-03-09','3330900779456',1,NULL,'2021-03-10 09:13:30','1341500009828'),(1177,'2021-03-09','3340500734447',1,NULL,'2021-03-10 09:13:30','1341500009828'),(1178,'2021-03-09','3740300046993',1,NULL,'2021-03-10 09:13:30','1341500009828'),(1179,'2021-03-09','5340100033618',1,NULL,'2021-03-10 09:13:30','1341500009828'),(1180,'2021-03-09','3350300199904',1,NULL,'2021-03-10 09:13:30','1341500009828'),(1181,'2021-03-09','1349900462900',9,NULL,'2021-03-10 09:13:30','1341500009828'),(1182,'2021-03-09','1341500009828',1,NULL,'2021-03-10 09:13:30','1341500009828'),(1183,'2021-03-10','3740300046993',1,NULL,'2021-03-15 13:17:43','1341500009828'),(1184,'2021-03-10','5340100033618',1,NULL,'2021-03-15 13:17:43','1341500009828'),(1185,'2021-03-10','1341500009828',1,NULL,'2021-03-15 13:17:43','1341500009828'),(1186,'2021-03-10','3350300199904',9,NULL,'2021-03-15 13:17:43','1341500009828'),(1187,'2021-03-10','1349900462900',1,NULL,'2021-03-15 13:17:43','1341500009828'),(1188,'2021-03-10','3340500734447',1,NULL,'2021-03-15 13:17:43','1341500009828'),(1189,'2021-03-15','3330900779456',1,NULL,'2021-03-15 13:16:55','1341500009828'),(1190,'2021-03-15','3340500734447',1,NULL,'2021-03-15 13:16:55','1341500009828'),(1191,'2021-03-15','3740300046993',1,NULL,'2021-03-15 13:16:55','1341500009828'),(1192,'2021-03-15','5340100033618',1,NULL,'2021-03-15 13:16:55','1341500009828'),(1193,'2021-03-15','3350300199904',1,NULL,'2021-03-15 13:16:55','1341500009828'),(1194,'2021-03-15','1349900462900',4,NULL,'2021-03-15 13:16:55','1341500009828'),(1195,'2021-03-15','1341500009828',1,NULL,'2021-03-15 13:16:55','1341500009828'),(1196,'2021-03-12','3330900779456',1,NULL,'2021-03-15 13:17:21','1341500009828'),(1197,'2021-03-12','3340500734447',1,NULL,'2021-03-15 13:17:21','1341500009828'),(1198,'2021-03-12','3740300046993',1,NULL,'2021-03-15 13:17:21','1341500009828'),(1199,'2021-03-12','5340100033618',1,NULL,'2021-03-15 13:17:21','1341500009828'),(1200,'2021-03-12','3350300199904',4,NULL,'2021-03-15 13:17:21','1341500009828'),(1201,'2021-03-12','1349900462900',1,NULL,'2021-03-15 13:17:21','1341500009828'),(1202,'2021-03-12','1341500009828',1,NULL,'2021-03-15 13:17:21','1341500009828'),(1203,'2021-03-11','3330900779456',1,NULL,'2021-03-15 13:17:31','1341500009828'),(1204,'2021-03-11','3340500734447',1,NULL,'2021-03-15 13:17:31','1341500009828'),(1205,'2021-03-11','3740300046993',1,NULL,'2021-03-15 13:17:31','1341500009828'),(1206,'2021-03-11','5340100033618',1,NULL,'2021-03-15 13:17:31','1341500009828'),(1207,'2021-03-11','3350300199904',1,NULL,'2021-03-15 13:17:31','1341500009828'),(1208,'2021-03-11','1349900462900',1,NULL,'2021-03-15 13:17:31','1341500009828'),(1209,'2021-03-11','1341500009828',1,NULL,'2021-03-15 13:17:31','1341500009828'),(1210,'2021-03-10','3330900779456',2,NULL,'2021-03-15 13:17:43','1341500009828'),(1211,'2021-03-16','3330900779456',1,NULL,'2021-03-16 11:49:30','1341500009828'),(1212,'2021-03-16','3340500734447',1,NULL,'2021-03-16 11:49:30','1341500009828'),(1213,'2021-03-16','3740300046993',1,NULL,'2021-03-16 11:49:30','1341500009828'),(1214,'2021-03-16','5340100033618',1,NULL,'2021-03-16 11:49:30','1341500009828'),(1215,'2021-03-16','3350300199904',1,NULL,'2021-03-16 11:49:30','1341500009828'),(1216,'2021-03-16','1349900462900',1,NULL,'2021-03-16 11:49:30','1341500009828'),(1217,'2021-03-16','1341500009828',1,NULL,'2021-03-16 11:49:30','1341500009828'),(1218,'2021-06-17','3330900779456',1,NULL,'2021-06-17 12:10:05','1341500009828'),(1219,'2021-06-17','3340500734447',1,NULL,'2021-06-17 12:10:05','1341500009828'),(1220,'2021-06-17','3740300046993',1,NULL,'2021-06-17 12:10:05','1341500009828'),(1221,'2021-06-17','5340100033618',1,NULL,'2021-06-17 12:10:05','1341500009828'),(1222,'2021-06-17','3350300199904',1,NULL,'2021-06-17 12:10:05','1341500009828'),(1223,'2021-06-17','1349900462900',1,NULL,'2021-06-17 12:10:05','1341500009828'),(1224,'2021-06-17','1341500009828',1,NULL,'2021-06-17 12:10:05','1341500009828'),(1225,'2021-06-16','3330900779456',1,NULL,'2021-06-17 12:10:25','1341500009828'),(1226,'2021-06-16','3340500734447',1,NULL,'2021-06-17 12:10:25','1341500009828'),(1227,'2021-06-16','3740300046993',1,NULL,'2021-06-17 12:10:25','1341500009828'),(1228,'2021-06-16','5340100033618',4,NULL,'2021-06-17 12:10:25','1341500009828'),(1229,'2021-06-16','3350300199904',1,NULL,'2021-06-17 12:10:25','1341500009828'),(1230,'2021-06-16','1349900462900',1,NULL,'2021-06-17 12:10:25','1341500009828'),(1231,'2021-06-16','1341500009828',1,NULL,'2021-06-17 12:10:25','1341500009828'),(1232,'2021-06-15','3330900779456',1,NULL,'2021-06-17 12:10:37','1341500009828'),(1233,'2021-06-15','3340500734447',1,NULL,'2021-06-17 12:10:37','1341500009828'),(1234,'2021-06-15','3740300046993',1,NULL,'2021-06-17 12:10:37','1341500009828'),(1235,'2021-06-15','5340100033618',1,NULL,'2021-06-17 12:10:37','1341500009828'),(1236,'2021-06-15','3350300199904',1,NULL,'2021-06-17 12:10:37','1341500009828'),(1237,'2021-06-15','1349900462900',1,NULL,'2021-06-17 12:10:37','1341500009828'),(1238,'2021-06-15','1341500009828',1,NULL,'2021-06-17 12:10:37','1341500009828'),(1239,'2021-06-14','3330900779456',1,NULL,'2021-06-17 12:10:47','1341500009828'),(1240,'2021-06-14','3340500734447',1,NULL,'2021-06-17 12:10:47','1341500009828'),(1241,'2021-06-14','3740300046993',1,NULL,'2021-06-17 12:10:47','1341500009828'),(1242,'2021-06-14','5340100033618',1,NULL,'2021-06-17 12:10:47','1341500009828'),(1243,'2021-06-14','3350300199904',1,NULL,'2021-06-17 12:10:47','1341500009828'),(1244,'2021-06-14','1349900462900',1,NULL,'2021-06-17 12:10:47','1341500009828'),(1245,'2021-06-14','1341500009828',1,NULL,'2021-06-17 12:10:47','1341500009828'),(1246,'2021-06-21','3330900779456',1,NULL,'2021-06-21 10:34:35','1341500009828'),(1247,'2021-06-21','3340500734447',1,NULL,'2021-06-21 10:34:35','1341500009828'),(1248,'2021-06-21','3740300046993',1,NULL,'2021-06-21 10:34:35','1341500009828'),(1249,'2021-06-21','5340100033618',1,NULL,'2021-06-21 10:34:35','1341500009828'),(1250,'2021-06-21','3350300199904',4,NULL,'2021-06-21 10:34:35','1341500009828'),(1251,'2021-06-21','1349900462900',1,NULL,'2021-06-21 10:34:35','1341500009828'),(1252,'2021-06-21','1341500009828',1,NULL,'2021-06-21 10:34:35','1341500009828'),(1253,'2021-06-18','3330900779456',1,NULL,'2021-06-21 10:34:49','1341500009828'),(1254,'2021-06-18','3340500734447',1,NULL,'2021-06-21 10:34:49','1341500009828'),(1255,'2021-06-18','3740300046993',1,NULL,'2021-06-21 10:34:49','1341500009828'),(1256,'2021-06-18','5340100033618',1,NULL,'2021-06-21 10:34:49','1341500009828'),(1257,'2021-06-18','3350300199904',1,NULL,'2021-06-21 10:34:49','1341500009828'),(1258,'2021-06-18','1349900462900',1,NULL,'2021-06-21 10:34:49','1341500009828'),(1259,'2021-06-18','1341500009828',1,NULL,'2021-06-21 10:34:49','1341500009828'),(1260,'2021-06-22','3330900779456',2,NULL,'2021-06-22 11:10:18','1341500009828'),(1261,'2021-06-22','3340500734447',1,NULL,'2021-06-22 11:10:18','1341500009828'),(1262,'2021-06-22','3740300046993',1,NULL,'2021-06-22 11:10:18','1341500009828'),(1263,'2021-06-22','5340100033618',1,NULL,'2021-06-22 11:10:18','1341500009828'),(1264,'2021-06-22','3350300199904',1,NULL,'2021-06-22 11:10:18','1341500009828'),(1265,'2021-06-22','1349900462900',1,NULL,'2021-06-22 11:10:18','1341500009828'),(1266,'2021-06-22','1341500009828',1,NULL,'2021-06-22 11:10:18','1341500009828'),(1267,'2021-06-29','3330900779456',1,NULL,'2021-06-29 11:56:33','1341500009828'),(1268,'2021-06-29','3340500734447',1,NULL,'2021-06-29 11:56:33','1341500009828'),(1269,'2021-06-29','3740300046993',1,NULL,'2021-06-29 11:56:33','1341500009828'),(1270,'2021-06-29','5340100033618',1,NULL,'2021-06-29 11:56:33','1341500009828'),(1271,'2021-06-29','3350300199904',1,NULL,'2021-06-29 11:56:33','1341500009828'),(1272,'2021-06-29','1349900462900',1,NULL,'2021-06-29 11:56:33','1341500009828'),(1273,'2021-06-29','1341500009828',1,NULL,'2021-06-29 11:56:33','1341500009828'),(1274,'2021-06-28','3330900779456',1,NULL,'2021-06-29 11:56:48','1341500009828'),(1275,'2021-06-28','3340500734447',1,NULL,'2021-06-29 11:56:48','1341500009828'),(1276,'2021-06-28','3740300046993',1,NULL,'2021-06-29 11:56:48','1341500009828'),(1277,'2021-06-28','5340100033618',1,NULL,'2021-06-29 11:56:48','1341500009828'),(1278,'2021-06-28','3350300199904',1,NULL,'2021-06-29 11:56:48','1341500009828'),(1279,'2021-06-28','1349900462900',1,NULL,'2021-06-29 11:56:48','1341500009828'),(1280,'2021-06-28','1341500009828',1,NULL,'2021-06-29 11:56:48','1341500009828'),(1281,'2021-06-25','3330900779456',2,NULL,'2021-07-01 10:11:34','1341500009828'),(1282,'2021-06-25','3340500734447',1,NULL,'2021-07-01 10:11:34','1341500009828'),(1283,'2021-06-25','3740300046993',1,NULL,'2021-07-01 10:11:34','1341500009828'),(1284,'2021-06-25','5340100033618',1,NULL,'2021-07-01 10:11:34','1341500009828'),(1285,'2021-06-25','3350300199904',1,NULL,'2021-07-01 10:11:34','1341500009828'),(1286,'2021-06-25','1349900462900',4,NULL,'2021-07-01 10:11:34','1341500009828'),(1287,'2021-06-25','1341500009828',1,NULL,'2021-07-01 10:11:34','1341500009828'),(1288,'2021-06-24','3330900779456',1,NULL,'2021-06-29 11:58:04','1341500009828'),(1289,'2021-06-24','3340500734447',1,NULL,'2021-06-29 11:58:04','1341500009828'),(1290,'2021-06-24','3740300046993',4,NULL,'2021-06-29 11:58:04','1341500009828'),(1291,'2021-06-24','5340100033618',1,NULL,'2021-06-29 11:58:04','1341500009828'),(1292,'2021-06-24','3350300199904',1,NULL,'2021-06-29 11:58:04','1341500009828'),(1293,'2021-06-24','1349900462900',4,NULL,'2021-06-29 11:58:04','1341500009828'),(1294,'2021-06-24','1341500009828',1,NULL,'2021-06-29 11:58:04','1341500009828'),(1295,'2021-06-23','3330900779456',1,NULL,'2021-06-29 11:58:22','1341500009828'),(1296,'2021-06-23','3340500734447',1,NULL,'2021-06-29 11:58:22','1341500009828'),(1297,'2021-06-23','3740300046993',1,NULL,'2021-06-29 11:58:22','1341500009828'),(1298,'2021-06-23','5340100033618',1,NULL,'2021-06-29 11:58:22','1341500009828'),(1299,'2021-06-23','3350300199904',1,NULL,'2021-06-29 11:58:22','1341500009828'),(1300,'2021-06-23','1349900462900',4,NULL,'2021-06-29 11:58:22','1341500009828'),(1301,'2021-06-23','1341500009828',1,NULL,'2021-06-29 11:58:22','1341500009828'),(1302,'2021-07-01','3330900779456',1,NULL,'2021-07-01 10:11:12','1341500009828'),(1303,'2021-07-01','3340500734447',1,NULL,'2021-07-01 10:11:12','1341500009828'),(1304,'2021-07-01','3740300046993',1,NULL,'2021-07-01 10:11:12','1341500009828'),(1305,'2021-07-01','5340100033618',1,NULL,'2021-07-01 10:11:12','1341500009828'),(1306,'2021-07-01','3350300199904',1,NULL,'2021-07-01 10:11:12','1341500009828'),(1307,'2021-07-01','1349900462900',1,NULL,'2021-07-01 10:11:12','1341500009828'),(1308,'2021-07-01','1341500009828',1,NULL,'2021-07-01 10:11:12','1341500009828'),(1309,'2021-07-02','3340500734447',1,NULL,'2021-07-05 10:03:55','1341500009828'),(1310,'2021-07-02','3740300046993',1,NULL,'2021-07-05 10:03:55','1341500009828'),(1311,'2021-07-02','5340100033618',1,NULL,'2021-07-05 10:03:55','1341500009828'),(1312,'2021-07-02','3350300199904',1,NULL,'2021-07-05 10:03:55','1341500009828'),(1313,'2021-07-02','1349900462900',1,NULL,'2021-07-05 10:03:55','1341500009828'),(1314,'2021-07-02','1341500009828',1,NULL,'2021-07-05 10:03:55','1341500009828'),(1315,'2021-06-30','3340500734447',1,NULL,'2021-07-02 08:51:35','1341500009828'),(1316,'2021-06-30','3740300046993',1,NULL,'2021-07-02 08:51:35','1341500009828'),(1317,'2021-06-30','5340100033618',1,NULL,'2021-07-02 08:51:35','1341500009828'),(1318,'2021-06-30','3350300199904',1,NULL,'2021-07-02 08:51:35','1341500009828'),(1319,'2021-06-30','1349900462900',1,NULL,'2021-07-02 08:51:35','1341500009828'),(1320,'2021-06-30','1341500009828',1,NULL,'2021-07-02 08:51:35','1341500009828'),(1321,'2021-07-05','3340500734447',1,NULL,'2021-07-05 10:03:38','1341500009828'),(1322,'2021-07-05','3740300046993',1,NULL,'2021-07-05 10:03:38','1341500009828'),(1323,'2021-07-05','5340100033618',1,NULL,'2021-07-05 10:03:38','1341500009828'),(1324,'2021-07-05','3350300199904',1,NULL,'2021-07-05 10:03:38','1341500009828'),(1325,'2021-07-05','1349900462900',1,NULL,'2021-07-05 10:03:38','1341500009828'),(1326,'2021-07-05','1341500009828',1,NULL,'2021-07-05 10:03:38','1341500009828'),(1327,'2021-11-12','3330900779456',2,NULL,'2021-11-12 11:11:08','1341500009828'),(1328,'2021-11-12','3740300046993',1,NULL,'2021-11-12 11:11:08','1341500009828'),(1329,'2021-11-12','5340100033618',1,NULL,'2021-11-12 11:11:08','1341500009828'),(1330,'2021-11-12','3350300199904',1,NULL,'2021-11-12 11:11:08','1341500009828'),(1331,'2021-11-12','1349900462900',1,NULL,'2021-11-12 11:11:08','1341500009828'),(1332,'2021-11-12','1341500009828',1,NULL,'2021-11-12 11:11:08','1341500009828'),(1333,'2021-11-11','3330900779456',2,NULL,'2021-11-12 11:13:38','1341500009828'),(1334,'2021-11-11','3740300046993',1,NULL,'2021-11-12 11:13:38','1341500009828'),(1335,'2021-11-11','5340100033618',1,NULL,'2021-11-12 11:13:38','1341500009828'),(1336,'2021-11-11','3350300199904',1,NULL,'2021-11-12 11:13:38','1341500009828'),(1337,'2021-11-11','1349900462900',1,NULL,'2021-11-12 11:13:38','1341500009828'),(1338,'2021-11-11','1341500009828',1,NULL,'2021-11-12 11:13:38','1341500009828'),(1339,'2021-11-10','3330900779456',2,NULL,'2021-11-12 11:13:50','1341500009828'),(1340,'2021-11-10','3740300046993',1,NULL,'2021-11-12 11:13:50','1341500009828'),(1341,'2021-11-10','5340100033618',1,NULL,'2021-11-12 11:13:50','1341500009828'),(1342,'2021-11-10','3350300199904',1,NULL,'2021-11-12 11:13:50','1341500009828'),(1343,'2021-11-10','1349900462900',1,NULL,'2021-11-12 11:13:50','1341500009828'),(1344,'2021-11-10','1341500009828',1,NULL,'2021-11-12 11:13:50','1341500009828'),(1345,'2021-11-09','3330900779456',1,NULL,'2021-11-12 11:13:59','1341500009828'),(1346,'2021-11-09','3740300046993',1,NULL,'2021-11-12 11:13:59','1341500009828'),(1347,'2021-11-09','5340100033618',1,NULL,'2021-11-12 11:13:59','1341500009828'),(1348,'2021-11-09','3350300199904',1,NULL,'2021-11-12 11:13:59','1341500009828'),(1349,'2021-11-09','1349900462900',1,NULL,'2021-11-12 11:13:59','1341500009828'),(1350,'2021-11-09','1341500009828',1,NULL,'2021-11-12 11:13:59','1341500009828'),(1351,'2021-11-08','3330900779456',1,NULL,'2021-11-12 11:14:08','1341500009828'),(1352,'2021-11-08','3740300046993',1,NULL,'2021-11-12 11:14:08','1341500009828'),(1353,'2021-11-08','5340100033618',1,NULL,'2021-11-12 11:14:08','1341500009828'),(1354,'2021-11-08','3350300199904',1,NULL,'2021-11-12 11:14:08','1341500009828'),(1355,'2021-11-08','1349900462900',1,NULL,'2021-11-12 11:14:08','1341500009828'),(1356,'2021-11-08','1341500009828',1,NULL,'2021-11-12 11:14:08','1341500009828'),(1357,'2021-11-04','3330900779456',1,NULL,'2021-11-12 11:14:19','1341500009828'),(1358,'2021-11-04','3740300046993',1,NULL,'2021-11-12 11:14:19','1341500009828'),(1359,'2021-11-04','5340100033618',1,NULL,'2021-11-12 11:14:19','1341500009828'),(1360,'2021-11-04','3350300199904',1,NULL,'2021-11-12 11:14:19','1341500009828'),(1361,'2021-11-04','1349900462900',1,NULL,'2021-11-12 11:14:19','1341500009828'),(1362,'2021-11-04','1341500009828',1,NULL,'2021-11-12 11:14:19','1341500009828'),(1363,'2021-11-03','3330900779456',1,NULL,'2021-11-12 11:14:32','1341500009828'),(1364,'2021-11-03','3740300046993',1,NULL,'2021-11-12 11:14:32','1341500009828'),(1365,'2021-11-03','5340100033618',1,NULL,'2021-11-12 11:14:32','1341500009828'),(1366,'2021-11-03','3350300199904',1,NULL,'2021-11-12 11:14:32','1341500009828'),(1367,'2021-11-03','1349900462900',1,NULL,'2021-11-12 11:14:32','1341500009828'),(1368,'2021-11-03','1341500009828',1,NULL,'2021-11-12 11:14:32','1341500009828'),(1369,'2021-11-02','3330900779456',1,NULL,'2021-11-12 11:14:42','1341500009828'),(1370,'2021-11-02','3740300046993',1,NULL,'2021-11-12 11:14:42','1341500009828'),(1371,'2021-11-02','5340100033618',1,NULL,'2021-11-12 11:14:42','1341500009828'),(1372,'2021-11-02','3350300199904',1,NULL,'2021-11-12 11:14:42','1341500009828'),(1373,'2021-11-02','1349900462900',1,NULL,'2021-11-12 11:14:42','1341500009828'),(1374,'2021-11-02','1341500009828',1,NULL,'2021-11-12 11:14:42','1341500009828'),(1375,'2021-11-01','3330900779456',1,NULL,'2021-11-12 11:14:50','1341500009828'),(1376,'2021-11-01','3740300046993',1,NULL,'2021-11-12 11:14:50','1341500009828'),(1377,'2021-11-01','5340100033618',1,NULL,'2021-11-12 11:14:50','1341500009828'),(1378,'2021-11-01','3350300199904',1,NULL,'2021-11-12 11:14:50','1341500009828'),(1379,'2021-11-01','1349900462900',1,NULL,'2021-11-12 11:14:50','1341500009828'),(1380,'2021-11-01','1341500009828',1,NULL,'2021-11-12 11:14:50','1341500009828'),(1381,'2021-11-16','3330900779456',1,NULL,'2021-11-16 11:22:16','1341500009828'),(1382,'2021-11-16','3740300046993',1,NULL,'2021-11-16 11:22:16','1341500009828'),(1383,'2021-11-16','5340100033618',1,NULL,'2021-11-16 11:22:16','1341500009828'),(1384,'2021-11-16','3350300199904',1,NULL,'2021-11-16 11:22:16','1341500009828'),(1385,'2021-11-16','1349900462900',1,NULL,'2021-11-16 11:22:16','1341500009828'),(1386,'2021-11-16','1341500009828',1,NULL,'2021-11-16 11:22:16','1341500009828'),(1387,'2021-11-15','3330900779456',2,NULL,'2021-11-16 11:22:46','1341500009828'),(1388,'2021-11-15','3740300046993',1,NULL,'2021-11-16 11:22:46','1341500009828'),(1389,'2021-11-15','5340100033618',4,NULL,'2021-11-16 11:22:46','1341500009828'),(1390,'2021-11-15','3350300199904',4,NULL,'2021-11-16 11:22:46','1341500009828'),(1391,'2021-11-15','1349900462900',1,NULL,'2021-11-16 11:22:46','1341500009828'),(1392,'2021-11-15','1341500009828',1,NULL,'2021-11-16 11:22:46','1341500009828'),(1393,'2021-11-18','3330900779456',2,NULL,'2021-11-18 08:49:05','1341500009828'),(1394,'2021-11-18','3740300046993',1,NULL,'2021-11-18 08:49:05','1341500009828'),(1395,'2021-11-18','5340100033618',1,NULL,'2021-11-18 08:49:05','1341500009828'),(1396,'2021-11-18','3350300199904',1,NULL,'2021-11-18 08:49:05','1341500009828'),(1397,'2021-11-18','1349900462900',4,NULL,'2021-11-18 08:49:05','1341500009828'),(1398,'2021-11-18','1341500009828',1,NULL,'2021-11-18 08:49:05','1341500009828'),(1399,'2021-11-17','3330900779456',2,NULL,'2021-11-18 08:49:49','1341500009828'),(1400,'2021-11-17','3740300046993',1,NULL,'2021-11-18 08:49:49','1341500009828'),(1401,'2021-11-17','5340100033618',1,NULL,'2021-11-18 08:49:49','1341500009828'),(1402,'2021-11-17','3350300199904',1,NULL,'2021-11-18 08:49:49','1341500009828'),(1403,'2021-11-17','1349900462900',1,NULL,'2021-11-18 08:49:49','1341500009828'),(1404,'2021-11-17','1341500009828',1,NULL,'2021-11-18 08:49:49','1341500009828'),(1405,'2021-11-19','3330900779456',2,NULL,'2021-11-19 12:55:21','1341500009828'),(1406,'2021-11-19','3740300046993',1,NULL,'2021-11-19 12:55:21','1341500009828'),(1407,'2021-11-19','5340100033618',1,NULL,'2021-11-19 12:55:21','1341500009828'),(1408,'2021-11-19','3350300199904',1,NULL,'2021-11-19 12:55:21','1341500009828'),(1409,'2021-11-19','1349900462900',1,NULL,'2021-11-19 12:55:21','1341500009828'),(1410,'2021-11-19','1341500009828',1,NULL,'2021-11-19 12:55:21','1341500009828'),(1411,'2021-11-25','3330900779456',1,NULL,'2021-11-25 11:01:55','1341500009828'),(1412,'2021-11-25','3740300046993',1,NULL,'2021-11-25 11:01:55','1341500009828'),(1413,'2021-11-25','5340100033618',1,NULL,'2021-11-25 11:01:55','1341500009828'),(1414,'2021-11-25','3350300199904',1,NULL,'2021-11-25 11:01:55','1341500009828'),(1415,'2021-11-25','1349900462900',1,NULL,'2021-11-25 11:01:55','1341500009828'),(1416,'2021-11-25','1341500009828',1,NULL,'2021-11-25 11:01:55','1341500009828'),(1417,'2021-11-24','3330900779456',2,NULL,'2021-11-25 11:02:33','1341500009828'),(1418,'2021-11-24','3740300046993',1,NULL,'2021-11-25 11:02:33','1341500009828'),(1419,'2021-11-24','5340100033618',1,NULL,'2021-11-25 11:02:33','1341500009828'),(1420,'2021-11-24','3350300199904',1,NULL,'2021-11-25 11:02:33','1341500009828'),(1421,'2021-11-24','1349900462900',1,NULL,'2021-11-25 11:02:33','1341500009828'),(1422,'2021-11-24','1341500009828',2,NULL,'2021-11-25 11:02:33','1341500009828'),(1423,'2021-11-23','3330900779456',1,NULL,'2021-11-25 11:03:16','1341500009828'),(1424,'2021-11-23','3740300046993',2,NULL,'2021-11-25 11:03:16','1341500009828'),(1425,'2021-11-23','5340100033618',1,NULL,'2021-11-25 11:03:16','1341500009828'),(1426,'2021-11-23','3350300199904',1,NULL,'2021-11-25 11:03:16','1341500009828'),(1427,'2021-11-23','1349900462900',1,NULL,'2021-11-25 11:03:16','1341500009828'),(1428,'2021-11-23','1341500009828',1,NULL,'2021-11-25 11:03:16','1341500009828'),(1429,'2021-11-22','3330900779456',1,NULL,'2021-11-25 11:03:32','1341500009828'),(1430,'2021-11-22','3740300046993',1,NULL,'2021-11-25 11:03:32','1341500009828'),(1431,'2021-11-22','5340100033618',1,NULL,'2021-11-25 11:03:32','1341500009828'),(1432,'2021-11-22','3350300199904',1,NULL,'2021-11-25 11:03:32','1341500009828'),(1433,'2021-11-22','1349900462900',1,NULL,'2021-11-25 11:03:32','1341500009828'),(1434,'2021-11-22','1341500009828',1,NULL,'2021-11-25 11:03:32','1341500009828'),(1435,'2021-11-30','3330900779456',1,NULL,'2021-11-30 10:44:33','1341500009828'),(1436,'2021-11-30','3740300046993',1,NULL,'2021-11-30 10:44:33','1341500009828'),(1437,'2021-11-30','5340100033618',1,NULL,'2021-11-30 10:44:33','1341500009828'),(1438,'2021-11-30','3350300199904',4,NULL,'2021-11-30 10:44:33','1341500009828'),(1439,'2021-11-30','1349900462900',4,NULL,'2021-11-30 10:44:33','1341500009828'),(1440,'2021-11-30','1341500009828',1,NULL,'2021-11-30 10:44:33','1341500009828'),(1441,'2021-11-29','3330900779456',1,NULL,'2021-11-30 10:45:07','1341500009828'),(1442,'2021-11-29','3740300046993',1,NULL,'2021-11-30 10:45:07','1341500009828'),(1443,'2021-11-29','5340100033618',1,NULL,'2021-11-30 10:45:07','1341500009828'),(1444,'2021-11-29','3350300199904',1,NULL,'2021-11-30 10:45:07','1341500009828'),(1445,'2021-11-29','1349900462900',4,NULL,'2021-11-30 10:45:07','1341500009828'),(1446,'2021-11-29','1341500009828',1,NULL,'2021-11-30 10:45:07','1341500009828'),(1447,'2021-11-26','3330900779456',1,NULL,'2021-11-30 10:45:40','1341500009828'),(1448,'2021-11-26','3740300046993',1,NULL,'2021-11-30 10:45:40','1341500009828'),(1449,'2021-11-26','5340100033618',1,NULL,'2021-11-30 10:45:40','1341500009828'),(1450,'2021-11-26','3350300199904',1,NULL,'2021-11-30 10:45:40','1341500009828'),(1451,'2021-11-26','1349900462900',1,NULL,'2021-11-30 10:45:40','1341500009828'),(1452,'2021-11-26','1341500009828',1,NULL,'2021-11-30 10:45:40','1341500009828'),(1453,'2021-12-02','3330900779456',2,NULL,'2021-12-02 14:23:56','1341500009828'),(1454,'2021-12-02','3740300046993',1,NULL,'2021-12-02 14:23:56','1341500009828'),(1455,'2021-12-02','5340100033618',1,NULL,'2021-12-02 14:23:56','1341500009828'),(1456,'2021-12-02','3350300199904',1,NULL,'2021-12-02 14:23:56','1341500009828'),(1457,'2021-12-02','1349900462900',1,NULL,'2021-12-02 14:23:56','1341500009828'),(1458,'2021-12-02','1341500009828',1,NULL,'2021-12-02 14:23:56','1341500009828'),(1459,'2021-12-01','3330900779456',2,NULL,'2021-12-02 14:24:18','1341500009828'),(1460,'2021-12-01','3740300046993',1,NULL,'2021-12-02 14:24:18','1341500009828'),(1461,'2021-12-01','5340100033618',1,NULL,'2021-12-02 14:24:18','1341500009828'),(1462,'2021-12-01','3350300199904',1,NULL,'2021-12-02 14:24:18','1341500009828'),(1463,'2021-12-01','1349900462900',1,NULL,'2021-12-02 14:24:18','1341500009828'),(1464,'2021-12-01','1341500009828',1,NULL,'2021-12-02 14:24:18','1341500009828'),(1465,'2021-12-03','3330900779456',1,NULL,'2021-12-03 14:45:28','1341500009828'),(1466,'2021-12-03','3740300046993',1,NULL,'2021-12-03 14:45:28','1341500009828'),(1467,'2021-12-03','5340100033618',1,NULL,'2021-12-03 14:45:28','1341500009828'),(1468,'2021-12-03','3350300199904',1,NULL,'2021-12-03 14:45:28','1341500009828'),(1469,'2021-12-03','1349900462900',1,NULL,'2021-12-03 14:45:28','1341500009828'),(1470,'2021-12-03','1341500009828',1,NULL,'2021-12-03 14:45:28','1341500009828'),(1471,'2021-12-07','3330900779456',1,NULL,'2021-12-07 12:36:18','1341500009828'),(1472,'2021-12-07','3740300046993',1,NULL,'2021-12-07 12:36:18','1341500009828'),(1473,'2021-12-07','5340100033618',1,NULL,'2021-12-07 12:36:18','1341500009828'),(1474,'2021-12-07','3350300199904',1,NULL,'2021-12-07 12:36:18','1341500009828'),(1475,'2021-12-07','1349900462900',1,NULL,'2021-12-07 12:36:18','1341500009828'),(1476,'2021-12-07','1341500009828',1,NULL,'2021-12-07 12:36:18','1341500009828'),(1477,'2021-12-08','3330900779456',1,NULL,'2021-12-08 14:51:23','1341500009828'),(1478,'2021-12-08','3740300046993',1,NULL,'2021-12-08 14:51:23','1341500009828'),(1479,'2021-12-08','5340100033618',1,NULL,'2021-12-08 14:51:23','1341500009828'),(1480,'2021-12-08','3350300199904',1,NULL,'2021-12-08 14:51:23','1341500009828'),(1481,'2021-12-08','1349900462900',1,NULL,'2021-12-08 14:51:23','1341500009828'),(1482,'2021-12-08','1341500009828',1,NULL,'2021-12-08 14:51:23','1341500009828'),(1483,'2021-12-13','3330900779456',1,NULL,'2021-12-13 10:49:45','1341500009828'),(1484,'2021-12-13','3740300046993',1,NULL,'2021-12-13 10:49:45','1341500009828'),(1485,'2021-12-13','5340100033618',1,NULL,'2021-12-13 10:49:45','1341500009828'),(1486,'2021-12-13','3350300199904',1,NULL,'2021-12-13 10:49:45','1341500009828'),(1487,'2021-12-13','1349900462900',1,NULL,'2021-12-13 10:49:45','1341500009828'),(1488,'2021-12-13','1341500009828',1,NULL,'2021-12-13 10:49:45','1341500009828'),(1489,'2021-12-14','3330900779456',2,NULL,'2021-12-14 14:19:46','1341500009828'),(1490,'2021-12-14','3740300046993',1,NULL,'2021-12-14 14:19:46','1341500009828'),(1491,'2021-12-14','5340100033618',1,NULL,'2021-12-14 14:19:46','1341500009828'),(1492,'2021-12-14','3350300199904',1,NULL,'2021-12-14 14:19:46','1341500009828'),(1493,'2021-12-14','1349900462900',1,NULL,'2021-12-14 14:19:46','1341500009828'),(1494,'2021-12-14','1341500009828',1,NULL,'2021-12-14 14:19:46','1341500009828'),(1495,'2021-12-22','3740300046993',1,NULL,'2021-12-23 14:47:40','1341500009828'),(1496,'2021-12-22','5340100033618',1,NULL,'2021-12-23 14:47:40','1341500009828'),(1497,'2021-12-22','3350300199904',1,NULL,'2021-12-23 14:47:40','1341500009828'),(1498,'2021-12-22','1349900462900',1,NULL,'2021-12-23 14:47:40','1341500009828'),(1499,'2021-12-22','1341500009828',1,NULL,'2021-12-23 14:47:40','1341500009828'),(1500,'2021-12-21','3330900779456',1,NULL,'2021-12-22 09:39:28','1341500009828'),(1501,'2021-12-21','3740300046993',1,NULL,'2021-12-22 09:39:28','1341500009828'),(1502,'2021-12-21','5340100033618',1,NULL,'2021-12-22 09:39:28','1341500009828'),(1503,'2021-12-21','3350300199904',1,NULL,'2021-12-22 09:39:28','1341500009828'),(1504,'2021-12-21','1349900462900',1,NULL,'2021-12-22 09:39:28','1341500009828'),(1505,'2021-12-21','1341500009828',1,NULL,'2021-12-22 09:39:28','1341500009828'),(1506,'2021-12-20','3330900779456',1,NULL,'2021-12-22 09:39:52','1341500009828'),(1507,'2021-12-20','3740300046993',1,NULL,'2021-12-22 09:39:52','1341500009828'),(1508,'2021-12-20','5340100033618',1,NULL,'2021-12-22 09:39:52','1341500009828'),(1509,'2021-12-20','3350300199904',1,NULL,'2021-12-22 09:39:52','1341500009828'),(1510,'2021-12-20','1349900462900',1,NULL,'2021-12-22 09:39:52','1341500009828'),(1511,'2021-12-20','1341500009828',1,NULL,'2021-12-22 09:39:52','1341500009828'),(1512,'2021-12-17','3330900779456',1,NULL,'2021-12-22 10:24:32','1341500009828'),(1513,'2021-12-17','3740300046993',1,NULL,'2021-12-22 10:24:32','1341500009828'),(1514,'2021-12-17','5340100033618',1,NULL,'2021-12-22 10:24:32','1341500009828'),(1515,'2021-12-17','3350300199904',1,NULL,'2021-12-22 10:24:32','1341500009828'),(1516,'2021-12-17','1349900462900',1,NULL,'2021-12-22 10:24:32','1341500009828'),(1517,'2021-12-17','1341500009828',1,NULL,'2021-12-22 10:24:32','1341500009828'),(1518,'2021-12-16','3330900779456',1,NULL,'2021-12-22 09:40:38','1341500009828'),(1519,'2021-12-16','3740300046993',1,NULL,'2021-12-22 09:40:38','1341500009828'),(1520,'2021-12-16','5340100033618',1,NULL,'2021-12-22 09:40:38','1341500009828'),(1521,'2021-12-16','3350300199904',1,NULL,'2021-12-22 09:40:38','1341500009828'),(1522,'2021-12-16','1349900462900',1,NULL,'2021-12-22 09:40:38','1341500009828'),(1523,'2021-12-16','1341500009828',1,NULL,'2021-12-22 09:40:38','1341500009828'),(1524,'2021-12-15','3330900779456',1,NULL,'2021-12-22 09:40:48','1341500009828'),(1525,'2021-12-15','3740300046993',1,NULL,'2021-12-22 09:40:48','1341500009828'),(1526,'2021-12-15','5340100033618',1,NULL,'2021-12-22 09:40:48','1341500009828'),(1527,'2021-12-15','3350300199904',1,NULL,'2021-12-22 09:40:48','1341500009828'),(1528,'2021-12-15','1349900462900',1,NULL,'2021-12-22 09:40:48','1341500009828'),(1529,'2021-12-15','1341500009828',1,NULL,'2021-12-22 09:40:48','1341500009828'),(1530,'2021-12-23','3330900779456',1,NULL,'2021-12-23 14:46:55','1341500009828'),(1531,'2021-12-23','3740300046993',1,NULL,'2021-12-23 14:46:55','1341500009828'),(1532,'2021-12-23','5340100033618',1,NULL,'2021-12-23 14:46:55','1341500009828'),(1533,'2021-12-23','3350300199904',1,NULL,'2021-12-23 14:46:55','1341500009828'),(1534,'2021-12-23','1349900462900',1,NULL,'2021-12-23 14:46:55','1341500009828'),(1535,'2021-12-23','1341500009828',1,NULL,'2021-12-23 14:46:55','1341500009828'),(1536,'2021-12-22','3330900779456',2,NULL,'2021-12-23 14:47:40','1341500009828'),(1537,'2021-12-24','3330900779456',1,NULL,'2021-12-24 10:26:39','1341500009828'),(1538,'2021-12-24','3740300046993',1,NULL,'2021-12-24 10:26:39','1341500009828'),(1539,'2021-12-24','5340100033618',1,NULL,'2021-12-24 10:26:39','1341500009828'),(1540,'2021-12-24','3350300199904',1,NULL,'2021-12-24 10:26:39','1341500009828'),(1541,'2021-12-24','1349900462900',1,NULL,'2021-12-24 10:26:39','1341500009828'),(1542,'2021-12-24','1341500009828',1,NULL,'2021-12-24 10:26:39','1341500009828'),(1543,'2021-12-27','3740300046993',1,NULL,'2021-12-27 14:41:42','1341500009828'),(1544,'2021-12-27','5340100033618',1,NULL,'2021-12-27 14:41:42','1341500009828'),(1545,'2021-12-27','3350300199904',1,NULL,'2021-12-27 14:41:42','1341500009828'),(1546,'2021-12-27','1349900462900',1,NULL,'2021-12-27 14:41:42','1341500009828'),(1547,'2021-12-27','1341500009828',1,NULL,'2021-12-27 14:41:42','1341500009828'),(1548,'2021-12-28','3330900779456',1,NULL,'2021-12-28 10:49:11','1341500009828'),(1549,'2021-12-28','3740300046993',1,NULL,'2021-12-28 10:49:11','1341500009828'),(1550,'2021-12-28','5340100033618',1,NULL,'2021-12-28 10:49:11','1341500009828'),(1551,'2021-12-28','3350300199904',1,NULL,'2021-12-28 10:49:11','1341500009828'),(1552,'2021-12-28','1349900462900',1,NULL,'2021-12-28 10:49:11','1341500009828'),(1553,'2021-12-28','1341500009828',1,NULL,'2021-12-28 10:49:11','1341500009828'),(1554,'2021-12-29','3330900779456',1,NULL,'2021-12-29 09:21:27','1341500009828'),(1555,'2021-12-29','3740300046993',1,NULL,'2021-12-29 09:21:27','1341500009828'),(1556,'2021-12-29','5340100033618',1,NULL,'2021-12-29 09:21:27','1341500009828'),(1557,'2021-12-29','3350300199904',1,NULL,'2021-12-29 09:21:27','1341500009828'),(1558,'2021-12-29','1349900462900',1,NULL,'2021-12-29 09:21:27','1341500009828'),(1559,'2021-12-29','1341500009828',1,NULL,'2021-12-29 09:21:27','1341500009828'),(1560,'2021-12-30','3330900779456',2,NULL,'2021-12-30 10:49:27','1341500009828'),(1561,'2021-12-30','3740300046993',1,NULL,'2021-12-30 10:49:27','1341500009828'),(1562,'2021-12-30','5340100033618',1,NULL,'2021-12-30 10:49:27','1341500009828'),(1563,'2021-12-30','3350300199904',1,NULL,'2021-12-30 10:49:27','1341500009828'),(1564,'2021-12-30','1349900462900',1,NULL,'2021-12-30 10:49:27','1341500009828'),(1565,'2021-12-30','1341500009828',1,NULL,'2021-12-30 10:49:27','1341500009828'),(1566,'2022-02-03','3330900779456',1,NULL,'2022-02-03 12:52:15','1341500009828'),(1567,'2022-02-03','3740300046993',1,NULL,'2022-02-03 12:52:15','1341500009828'),(1568,'2022-02-03','5340100033618',1,NULL,'2022-02-03 12:52:15','1341500009828'),(1569,'2022-02-03','3350300199904',1,NULL,'2022-02-03 12:52:15','1341500009828'),(1570,'2022-02-03','1349900462900',6,NULL,'2022-02-03 12:52:15','1341500009828'),(1571,'2022-02-03','1341500009828',1,NULL,'2022-02-03 12:52:15','1341500009828'),(1572,'2022-02-02','3330900779456',1,NULL,'2022-02-03 13:15:45','1341500009828'),(1573,'2022-02-02','3740300046993',1,NULL,'2022-02-03 13:15:45','1341500009828'),(1574,'2022-02-02','5340100033618',1,NULL,'2022-02-03 13:15:45','1341500009828'),(1575,'2022-02-02','3350300199904',1,NULL,'2022-02-03 13:15:45','1341500009828'),(1576,'2022-02-02','1349900462900',6,NULL,'2022-02-03 13:15:45','1341500009828'),(1577,'2022-02-02','1341500009828',1,NULL,'2022-02-03 13:15:45','1341500009828'),(1578,'2022-02-01','3330900779456',1,NULL,'2022-02-03 13:15:56','1341500009828'),(1579,'2022-02-01','3740300046993',1,NULL,'2022-02-03 13:15:56','1341500009828'),(1580,'2022-02-01','5340100033618',1,NULL,'2022-02-03 13:15:56','1341500009828'),(1581,'2022-02-01','3350300199904',1,NULL,'2022-02-03 13:15:56','1341500009828'),(1582,'2022-02-01','1349900462900',6,NULL,'2022-02-03 13:15:56','1341500009828'),(1583,'2022-02-01','1341500009828',1,NULL,'2022-02-03 13:15:56','1341500009828'),(1584,'2022-01-28','3330900779456',1,NULL,'2022-02-03 13:16:19','1341500009828'),(1585,'2022-01-28','3740300046993',1,NULL,'2022-02-03 13:16:19','1341500009828'),(1586,'2022-01-28','5340100033618',1,NULL,'2022-02-03 13:16:19','1341500009828'),(1587,'2022-01-28','3350300199904',1,NULL,'2022-02-03 13:16:19','1341500009828'),(1588,'2022-01-28','1349900462900',6,NULL,'2022-02-03 13:16:19','1341500009828'),(1589,'2022-01-28','1341500009828',1,NULL,'2022-02-03 13:16:19','1341500009828'),(1590,'2022-01-27','3330900779456',1,NULL,'2022-02-03 13:16:45','1341500009828'),(1591,'2022-01-27','3740300046993',1,NULL,'2022-02-03 13:16:45','1341500009828'),(1592,'2022-01-27','5340100033618',1,NULL,'2022-02-03 13:16:45','1341500009828'),(1593,'2022-01-27','3350300199904',1,NULL,'2022-02-03 13:16:45','1341500009828'),(1594,'2022-01-27','1349900462900',1,NULL,'2022-02-03 13:16:45','1341500009828'),(1595,'2022-01-27','1341500009828',1,NULL,'2022-02-03 13:16:45','1341500009828'),(1596,'2022-01-26','3330900779456',1,NULL,'2022-02-03 13:16:56','1341500009828'),(1597,'2022-01-26','3740300046993',1,NULL,'2022-02-03 13:16:56','1341500009828'),(1598,'2022-01-26','5340100033618',1,NULL,'2022-02-03 13:16:56','1341500009828'),(1599,'2022-01-26','3350300199904',1,NULL,'2022-02-03 13:16:56','1341500009828'),(1600,'2022-01-26','1349900462900',1,NULL,'2022-02-03 13:16:56','1341500009828'),(1601,'2022-01-26','1341500009828',1,NULL,'2022-02-03 13:16:56','1341500009828'),(1602,'2022-01-25','3330900779456',1,NULL,'2022-02-03 13:17:04','1341500009828'),(1603,'2022-01-25','3740300046993',1,NULL,'2022-02-03 13:17:04','1341500009828'),(1604,'2022-01-25','5340100033618',1,NULL,'2022-02-03 13:17:04','1341500009828'),(1605,'2022-01-25','3350300199904',1,NULL,'2022-02-03 13:17:04','1341500009828'),(1606,'2022-01-25','1349900462900',1,NULL,'2022-02-03 13:17:04','1341500009828'),(1607,'2022-01-25','1341500009828',1,NULL,'2022-02-03 13:17:04','1341500009828'),(1608,'2022-01-24','3330900779456',1,NULL,'2022-02-03 13:17:12','1341500009828'),(1609,'2022-01-24','3740300046993',1,NULL,'2022-02-03 13:17:12','1341500009828'),(1610,'2022-01-24','5340100033618',1,NULL,'2022-02-03 13:17:12','1341500009828'),(1611,'2022-01-24','3350300199904',1,NULL,'2022-02-03 13:17:12','1341500009828'),(1612,'2022-01-24','1349900462900',1,NULL,'2022-02-03 13:17:12','1341500009828'),(1613,'2022-01-24','1341500009828',1,NULL,'2022-02-03 13:17:12','1341500009828'),(1614,'2022-01-21','3330900779456',1,NULL,'2022-02-03 13:17:22','1341500009828'),(1615,'2022-01-21','3740300046993',1,NULL,'2022-02-03 13:17:22','1341500009828'),(1616,'2022-01-21','5340100033618',1,NULL,'2022-02-03 13:17:22','1341500009828'),(1617,'2022-01-21','3350300199904',1,NULL,'2022-02-03 13:17:22','1341500009828'),(1618,'2022-01-21','1349900462900',1,NULL,'2022-02-03 13:17:22','1341500009828'),(1619,'2022-01-21','1341500009828',1,NULL,'2022-02-03 13:17:22','1341500009828'),(1620,'2022-01-20','3330900779456',1,NULL,'2022-02-03 13:17:30','1341500009828'),(1621,'2022-01-20','3740300046993',1,NULL,'2022-02-03 13:17:30','1341500009828'),(1622,'2022-01-20','5340100033618',1,NULL,'2022-02-03 13:17:30','1341500009828'),(1623,'2022-01-20','3350300199904',1,NULL,'2022-02-03 13:17:30','1341500009828'),(1624,'2022-01-20','1349900462900',1,NULL,'2022-02-03 13:17:30','1341500009828'),(1625,'2022-01-20','1341500009828',1,NULL,'2022-02-03 13:17:30','1341500009828'),(1626,'2022-01-19','3330900779456',1,NULL,'2022-02-03 13:17:38','1341500009828'),(1627,'2022-01-19','3740300046993',1,NULL,'2022-02-03 13:17:38','1341500009828'),(1628,'2022-01-19','5340100033618',1,NULL,'2022-02-03 13:17:38','1341500009828'),(1629,'2022-01-19','3350300199904',1,NULL,'2022-02-03 13:17:38','1341500009828'),(1630,'2022-01-19','1349900462900',1,NULL,'2022-02-03 13:17:38','1341500009828'),(1631,'2022-01-19','1341500009828',1,NULL,'2022-02-03 13:17:38','1341500009828'),(1632,'2022-01-18','3330900779456',1,NULL,'2022-02-03 13:17:48','1341500009828'),(1633,'2022-01-18','3740300046993',1,NULL,'2022-02-03 13:17:48','1341500009828'),(1634,'2022-01-18','5340100033618',1,NULL,'2022-02-03 13:17:48','1341500009828'),(1635,'2022-01-18','3350300199904',1,NULL,'2022-02-03 13:17:48','1341500009828'),(1636,'2022-01-18','1349900462900',1,NULL,'2022-02-03 13:17:48','1341500009828'),(1637,'2022-01-18','1341500009828',1,NULL,'2022-02-03 13:17:48','1341500009828'),(1638,'2022-01-17','3330900779456',1,NULL,'2022-02-03 13:17:55','1341500009828'),(1639,'2022-01-17','3740300046993',1,NULL,'2022-02-03 13:17:55','1341500009828'),(1640,'2022-01-17','5340100033618',1,NULL,'2022-02-03 13:17:55','1341500009828'),(1641,'2022-01-17','3350300199904',1,NULL,'2022-02-03 13:17:55','1341500009828'),(1642,'2022-01-17','1349900462900',1,NULL,'2022-02-03 13:17:55','1341500009828'),(1643,'2022-01-17','1341500009828',1,NULL,'2022-02-03 13:17:55','1341500009828'),(1644,'2022-01-14','3330900779456',1,NULL,'2022-02-03 13:18:07','1341500009828'),(1645,'2022-01-14','3740300046993',1,NULL,'2022-02-03 13:18:07','1341500009828'),(1646,'2022-01-14','5340100033618',1,NULL,'2022-02-03 13:18:07','1341500009828'),(1647,'2022-01-14','3350300199904',1,NULL,'2022-02-03 13:18:07','1341500009828'),(1648,'2022-01-14','1349900462900',1,NULL,'2022-02-03 13:18:07','1341500009828'),(1649,'2022-01-14','1341500009828',1,NULL,'2022-02-03 13:18:07','1341500009828'),(1650,'2022-01-13','3330900779456',1,NULL,'2022-02-03 13:18:14','1341500009828'),(1651,'2022-01-13','3740300046993',1,NULL,'2022-02-03 13:18:14','1341500009828'),(1652,'2022-01-13','5340100033618',1,NULL,'2022-02-03 13:18:14','1341500009828'),(1653,'2022-01-13','3350300199904',1,NULL,'2022-02-03 13:18:14','1341500009828'),(1654,'2022-01-13','1349900462900',1,NULL,'2022-02-03 13:18:14','1341500009828'),(1655,'2022-01-13','1341500009828',1,NULL,'2022-02-03 13:18:14','1341500009828'),(1656,'2022-01-12','3330900779456',1,NULL,'2022-02-03 13:18:21','1341500009828'),(1657,'2022-01-12','3740300046993',1,NULL,'2022-02-03 13:18:21','1341500009828'),(1658,'2022-01-12','5340100033618',1,NULL,'2022-02-03 13:18:21','1341500009828'),(1659,'2022-01-12','3350300199904',1,NULL,'2022-02-03 13:18:21','1341500009828'),(1660,'2022-01-12','1349900462900',1,NULL,'2022-02-03 13:18:21','1341500009828'),(1661,'2022-01-12','1341500009828',1,NULL,'2022-02-03 13:18:21','1341500009828'),(1662,'2022-01-11','3330900779456',1,NULL,'2022-02-03 13:18:30','1341500009828'),(1663,'2022-01-11','3740300046993',1,NULL,'2022-02-03 13:18:30','1341500009828'),(1664,'2022-01-11','5340100033618',1,NULL,'2022-02-03 13:18:30','1341500009828'),(1665,'2022-01-11','3350300199904',1,NULL,'2022-02-03 13:18:30','1341500009828'),(1666,'2022-01-11','1349900462900',1,NULL,'2022-02-03 13:18:30','1341500009828'),(1667,'2022-01-11','1341500009828',1,NULL,'2022-02-03 13:18:30','1341500009828'),(1668,'2022-01-10','3330900779456',1,NULL,'2022-02-03 13:18:38','1341500009828'),(1669,'2022-01-10','3740300046993',1,NULL,'2022-02-03 13:18:38','1341500009828'),(1670,'2022-01-10','5340100033618',1,NULL,'2022-02-03 13:18:38','1341500009828'),(1671,'2022-01-10','3350300199904',1,NULL,'2022-02-03 13:18:38','1341500009828'),(1672,'2022-01-10','1349900462900',1,NULL,'2022-02-03 13:18:38','1341500009828'),(1673,'2022-01-10','1341500009828',1,NULL,'2022-02-03 13:18:38','1341500009828'),(1674,'2022-01-07','3330900779456',1,NULL,'2022-02-03 13:18:50','1341500009828'),(1675,'2022-01-07','3740300046993',1,NULL,'2022-02-03 13:18:50','1341500009828'),(1676,'2022-01-07','5340100033618',1,NULL,'2022-02-03 13:18:50','1341500009828'),(1677,'2022-01-07','3350300199904',1,NULL,'2022-02-03 13:18:50','1341500009828'),(1678,'2022-01-07','1349900462900',1,NULL,'2022-02-03 13:18:50','1341500009828'),(1679,'2022-01-07','1341500009828',1,NULL,'2022-02-03 13:18:50','1341500009828'),(1680,'2022-01-06','3330900779456',1,NULL,'2022-02-03 13:18:59','1341500009828'),(1681,'2022-01-06','3740300046993',1,NULL,'2022-02-03 13:18:59','1341500009828'),(1682,'2022-01-06','5340100033618',1,NULL,'2022-02-03 13:18:59','1341500009828'),(1683,'2022-01-06','3350300199904',1,NULL,'2022-02-03 13:18:59','1341500009828'),(1684,'2022-01-06','1349900462900',1,NULL,'2022-02-03 13:18:59','1341500009828'),(1685,'2022-01-06','1341500009828',1,NULL,'2022-02-03 13:18:59','1341500009828'),(1686,'2022-01-05','3330900779456',1,NULL,'2022-02-03 13:19:08','1341500009828'),(1687,'2022-01-05','3740300046993',1,NULL,'2022-02-03 13:19:08','1341500009828'),(1688,'2022-01-05','5340100033618',1,NULL,'2022-02-03 13:19:08','1341500009828'),(1689,'2022-01-05','3350300199904',1,NULL,'2022-02-03 13:19:08','1341500009828'),(1690,'2022-01-05','1349900462900',1,NULL,'2022-02-03 13:19:08','1341500009828'),(1691,'2022-01-05','1341500009828',1,NULL,'2022-02-03 13:19:08','1341500009828'),(1692,'2022-01-04','3330900779456',1,NULL,'2022-02-03 13:19:17','1341500009828'),(1693,'2022-01-04','3740300046993',1,NULL,'2022-02-03 13:19:17','1341500009828'),(1694,'2022-01-04','5340100033618',1,NULL,'2022-02-03 13:19:17','1341500009828'),(1695,'2022-01-04','3350300199904',1,NULL,'2022-02-03 13:19:17','1341500009828'),(1696,'2022-01-04','1349900462900',1,NULL,'2022-02-03 13:19:17','1341500009828'),(1697,'2022-01-04','1341500009828',1,NULL,'2022-02-03 13:19:17','1341500009828'),(1698,'2022-01-03','3330900779456',1,NULL,'2022-02-03 13:19:26','1341500009828'),(1699,'2022-01-03','3740300046993',1,NULL,'2022-02-03 13:19:26','1341500009828'),(1700,'2022-01-03','5340100033618',1,NULL,'2022-02-03 13:19:26','1341500009828'),(1701,'2022-01-03','3350300199904',1,NULL,'2022-02-03 13:19:26','1341500009828'),(1702,'2022-01-03','1349900462900',1,NULL,'2022-02-03 13:19:26','1341500009828'),(1703,'2022-01-03','1341500009828',1,NULL,'2022-02-03 13:19:26','1341500009828'),(1704,'2022-02-07','3330900779456',1,NULL,'2022-02-07 12:38:35','1341500009828'),(1705,'2022-02-07','3740300046993',1,NULL,'2022-02-07 12:38:35','1341500009828'),(1706,'2022-02-07','5340100033618',1,NULL,'2022-02-07 12:38:35','1341500009828'),(1707,'2022-02-07','3350300199904',1,NULL,'2022-02-07 12:38:35','1341500009828'),(1708,'2022-02-07','1349900462900',6,NULL,'2022-02-07 12:38:35','1341500009828'),(1709,'2022-02-07','1341500009828',1,NULL,'2022-02-07 12:38:35','1341500009828'),(1710,'2022-02-04','3330900779456',1,NULL,'2022-02-07 12:39:14','1341500009828'),(1711,'2022-02-04','3740300046993',1,NULL,'2022-02-07 12:39:14','1341500009828'),(1712,'2022-02-04','5340100033618',1,NULL,'2022-02-07 12:39:14','1341500009828'),(1713,'2022-02-04','3350300199904',1,NULL,'2022-02-07 12:39:14','1341500009828'),(1714,'2022-02-04','1349900462900',6,NULL,'2022-02-07 12:39:14','1341500009828'),(1715,'2022-02-04','1341500009828',1,NULL,'2022-02-07 12:39:14','1341500009828'),(1716,'2022-02-08','3330900779456',1,NULL,'2022-02-08 15:01:11','1341500009828'),(1717,'2022-02-08','3740300046993',1,NULL,'2022-02-08 15:01:11','1341500009828'),(1718,'2022-02-08','5340100033618',1,NULL,'2022-02-08 15:01:11','1341500009828'),(1719,'2022-02-08','3350300199904',1,NULL,'2022-02-08 15:01:11','1341500009828'),(1720,'2022-02-08','1349900462900',6,NULL,'2022-02-08 15:01:11','1341500009828'),(1721,'2022-02-08','1341500009828',1,NULL,'2022-02-08 15:01:11','1341500009828'),(1722,'2022-02-09','3740300046993',1,NULL,'2022-02-10 14:29:22','1341500009828'),(1723,'2022-02-09','5340100033618',1,NULL,'2022-02-10 14:29:22','1341500009828'),(1724,'2022-02-09','1341500009828',1,NULL,'2022-02-10 14:29:22','1341500009828'),(1725,'2022-02-09','3350300199904',1,NULL,'2022-02-10 14:29:22','1341500009828'),(1726,'2022-02-10','3330900779456',9,NULL,'2022-02-10 14:15:56','1341500009828'),(1727,'2022-02-10','3740300046993',1,NULL,'2022-02-10 14:15:56','1341500009828'),(1728,'2022-02-10','5340100033618',1,NULL,'2022-02-10 14:15:56','1341500009828'),(1729,'2022-02-10','3350300199904',1,NULL,'2022-02-10 14:15:56','1341500009828'),(1730,'2022-02-10','1349900462900',6,NULL,'2022-02-10 14:15:56','1341500009828'),(1731,'2022-02-10','1341500009828',1,NULL,'2022-02-10 14:15:56','1341500009828'),(1732,'2022-02-09','3330900779456',9,NULL,'2022-02-10 14:29:22','1341500009828'),(1733,'2022-02-09','1349900462900',6,NULL,'2022-02-10 14:29:22','1341500009828'),(1734,'2022-02-11','3330900779456',1,NULL,'2022-02-14 08:34:04','1341500009828'),(1735,'2022-02-11','3740300046993',1,NULL,'2022-02-14 08:34:04','1341500009828'),(1736,'2022-02-11','5340100033618',1,NULL,'2022-02-14 08:34:04','1341500009828'),(1737,'2022-02-11','3350300199904',9,NULL,'2022-02-14 08:34:04','1341500009828'),(1738,'2022-02-11','1349900462900',6,NULL,'2022-02-14 08:34:04','1341500009828'),(1739,'2022-02-11','1341500009828',1,NULL,'2022-02-14 08:34:04','1341500009828'),(1740,'2022-02-14','3740300046993',1,NULL,'2022-02-14 13:57:23','1341500009828'),(1741,'2022-02-14','1341500009828',1,NULL,'2022-02-14 13:57:23','1341500009828'),(1742,'2022-02-14','3330900779456',1,NULL,'2022-02-14 13:57:23','1341500009828'),(1743,'2022-02-14','5340100033618',9,NULL,'2022-02-14 13:57:23','1341500009828'),(1744,'2022-02-14','3350300199904',9,NULL,'2022-02-14 13:57:23','1341500009828'),(1745,'2022-02-14','1349900462900',6,NULL,'2022-02-14 13:57:23','1341500009828'),(1746,'2022-02-15','3330900779456',2,NULL,'2022-02-17 11:38:06','1341500009828'),(1747,'2022-02-15','3740300046993',1,NULL,'2022-02-17 11:38:06','1341500009828'),(1748,'2022-02-15','5340100033618',4,NULL,'2022-02-17 11:38:06','1341500009828'),(1749,'2022-02-15','3350300199904',1,NULL,'2022-02-17 11:38:06','1341500009828'),(1750,'2022-02-15','1349900462900',6,NULL,'2022-02-17 11:38:06','1341500009828'),(1751,'2022-02-15','1341500009828',1,NULL,'2022-02-17 11:38:06','1341500009828'),(1752,'2022-02-17','3330900779456',1,NULL,'2022-02-17 11:38:25','1341500009828'),(1753,'2022-02-17','3740300046993',1,NULL,'2022-02-17 11:38:25','1341500009828'),(1754,'2022-02-17','5340100033618',1,NULL,'2022-02-17 11:38:25','1341500009828'),(1755,'2022-02-17','3350300199904',1,NULL,'2022-02-17 11:38:25','1341500009828'),(1756,'2022-02-17','1349900462900',6,NULL,'2022-02-17 11:38:25','1341500009828'),(1757,'2022-02-17','1341500009828',1,NULL,'2022-02-17 11:38:25','1341500009828'),(1758,'2022-02-18','3740300046993',1,NULL,'2022-02-18 08:42:14','1341500009828'),(1759,'2022-02-18','5340100033618',1,NULL,'2022-02-18 08:42:14','1341500009828'),(1760,'2022-02-18','3350300199904',1,NULL,'2022-02-18 08:42:14','1341500009828'),(1761,'2022-02-18','1349900462900',6,NULL,'2022-02-18 08:42:14','1341500009828'),(1762,'2022-02-18','1341500009828',1,NULL,'2022-02-18 08:42:14','1341500009828'),(1763,'2022-02-21','3740300046993',1,NULL,'2022-02-21 08:59:49','1341500009828'),(1764,'2022-02-21','3350300199904',1,NULL,'2022-02-21 08:59:49','1341500009828'),(1765,'2022-02-21','1341500009828',1,NULL,'2022-02-21 08:59:49','1341500009828'),(1766,'2022-02-21','3330900779456',1,NULL,'2022-02-21 08:59:49','1341500009828'),(1767,'2022-02-22','3330900779456',1,NULL,'2022-02-22 09:59:30','1341500009828'),(1768,'2022-02-22','3740300046993',1,NULL,'2022-02-22 09:59:30','1341500009828'),(1769,'2022-02-22','5340100033618',1,NULL,'2022-02-22 09:59:30','1341500009828'),(1770,'2022-02-22','3350300199904',1,NULL,'2022-02-22 09:59:30','1341500009828'),(1771,'2022-02-22','1349900462900',6,NULL,'2022-02-22 09:59:30','1341500009828'),(1772,'2022-02-22','1341500009828',1,NULL,'2022-02-22 09:59:30','1341500009828'),(1773,'2022-02-23','3740300046993',1,NULL,'2022-02-23 10:15:43','1341500009828'),(1774,'2022-02-23','3350300199904',1,NULL,'2022-02-23 10:15:43','1341500009828'),(1775,'2022-02-23','1341500009828',1,NULL,'2022-02-23 10:15:43','1341500009828'),(1776,'2022-02-28','3740300046993',1,NULL,'2022-02-28 12:56:47','1341500009828'),(1777,'2022-02-28','5340100033618',1,NULL,'2022-02-28 12:56:47','1341500009828'),(1778,'2022-02-28','3350300199904',1,NULL,'2022-02-28 12:56:47','1341500009828'),(1779,'2022-02-28','1349900462900',6,NULL,'2022-02-28 12:56:47','1341500009828'),(1780,'2022-02-28','1341500009828',1,NULL,'2022-02-28 12:56:47','1341500009828'),(1781,'2022-03-02','3740300046993',1,NULL,'2022-03-04 10:27:21','1341500009828'),(1782,'2022-03-02','1349900462900',6,NULL,'2022-03-04 10:27:21','1341500009828'),(1783,'2022-03-02','1341500009828',1,NULL,'2022-03-04 10:27:21','1341500009828'),(1784,'2022-03-01','3330900779456',1,NULL,'2022-03-02 09:44:27','1341500009828'),(1785,'2022-03-01','3740300046993',1,NULL,'2022-03-02 09:44:27','1341500009828'),(1786,'2022-03-01','1349900462900',6,NULL,'2022-03-02 09:44:27','1341500009828'),(1787,'2022-03-01','1341500009828',1,NULL,'2022-03-02 09:44:27','1341500009828'),(1788,'2022-03-04','3330900779456',1,NULL,'2022-03-04 10:26:28','1341500009828'),(1789,'2022-03-04','3740300046993',1,NULL,'2022-03-04 10:26:28','1341500009828'),(1790,'2022-03-04','5340100033618',1,NULL,'2022-03-04 10:26:28','1341500009828'),(1791,'2022-03-04','3350300199904',4,NULL,'2022-03-04 10:26:28','1341500009828'),(1792,'2022-03-04','1349900462900',6,NULL,'2022-03-04 10:26:28','1341500009828'),(1793,'2022-03-04','1341500009828',1,NULL,'2022-03-04 10:26:28','1341500009828'),(1794,'2022-03-03','3330900779456',1,NULL,'2022-03-04 10:27:01','1341500009828'),(1795,'2022-03-03','3740300046993',1,NULL,'2022-03-04 10:27:01','1341500009828'),(1796,'2022-03-03','5340100033618',4,NULL,'2022-03-04 10:27:01','1341500009828'),(1797,'2022-03-03','3350300199904',4,NULL,'2022-03-04 10:27:01','1341500009828'),(1798,'2022-03-03','1349900462900',6,NULL,'2022-03-04 10:27:01','1341500009828'),(1799,'2022-03-03','1341500009828',1,NULL,'2022-03-04 10:27:01','1341500009828'),(1800,'2022-03-02','3330900779456',2,NULL,'2022-03-04 10:27:21','1341500009828'),(1801,'2022-03-02','5340100033618',4,NULL,'2022-03-04 10:27:21','1341500009828'),(1802,'2022-03-02','3350300199904',4,NULL,'2022-03-04 10:27:21','1341500009828'),(1803,'2022-03-08','3330900779456',1,NULL,'2022-03-08 09:00:08','1341500009828'),(1804,'2022-03-08','3740300046993',1,NULL,'2022-03-08 09:00:08','1341500009828'),(1805,'2022-03-08','5340100033618',1,NULL,'2022-03-08 09:00:08','1341500009828'),(1806,'2022-03-08','3350300199904',1,NULL,'2022-03-08 09:00:08','1341500009828'),(1807,'2022-03-08','1341500009828',1,NULL,'2022-03-08 09:00:08','1341500009828'),(1808,'2022-03-08','1349900462900',6,NULL,'2022-03-08 09:00:08','1341500009828'),(1809,'2022-03-07','3330900779456',1,NULL,'2022-03-08 09:00:24','1341500009828'),(1810,'2022-03-07','3740300046993',1,NULL,'2022-03-08 09:00:24','1341500009828'),(1811,'2022-03-07','5340100033618',1,NULL,'2022-03-08 09:00:24','1341500009828'),(1812,'2022-03-07','3350300199904',1,NULL,'2022-03-08 09:00:24','1341500009828'),(1813,'2022-03-07','1349900462900',6,NULL,'2022-03-08 09:00:24','1341500009828'),(1814,'2022-03-07','1341500009828',4,NULL,'2022-03-08 09:00:24','1341500009828'),(1815,'2022-03-25','3330900779456',7,NULL,'2022-03-25 09:00:58','1341500009828'),(1816,'2022-03-25','3740300046993',1,NULL,'2022-03-25 09:00:58','1341500009828'),(1817,'2022-03-25','5340100033618',1,NULL,'2022-03-25 09:00:58','1341500009828'),(1818,'2022-03-25','3350300199904',1,NULL,'2022-03-25 09:00:58','1341500009828'),(1819,'2022-03-25','1349900462900',1,NULL,'2022-03-25 09:00:58','1341500009828'),(1820,'2022-03-25','1341500009828',1,NULL,'2022-03-25 09:00:58','1341500009828'),(1821,'2022-03-24','3330900779456',7,NULL,'2022-03-25 09:01:19','1341500009828'),(1822,'2022-03-24','3740300046993',1,NULL,'2022-03-25 09:01:19','1341500009828'),(1823,'2022-03-24','5340100033618',1,NULL,'2022-03-25 09:01:19','1341500009828'),(1824,'2022-03-24','3350300199904',1,NULL,'2022-03-25 09:01:19','1341500009828'),(1825,'2022-03-24','1349900462900',4,NULL,'2022-03-25 09:01:19','1341500009828'),(1826,'2022-03-24','1341500009828',1,NULL,'2022-03-25 09:01:19','1341500009828'),(1827,'2022-03-23','3330900779456',7,NULL,'2022-03-25 09:01:30','1341500009828'),(1828,'2022-03-23','3740300046993',1,NULL,'2022-03-25 09:01:30','1341500009828'),(1829,'2022-03-23','5340100033618',1,NULL,'2022-03-25 09:01:30','1341500009828'),(1830,'2022-03-23','3350300199904',1,NULL,'2022-03-25 09:01:30','1341500009828'),(1831,'2022-03-23','1349900462900',1,NULL,'2022-03-25 09:01:30','1341500009828'),(1832,'2022-03-23','1341500009828',1,NULL,'2022-03-25 09:01:30','1341500009828'),(1833,'2022-03-22','3330900779456',7,NULL,'2022-03-25 09:01:43','1341500009828'),(1834,'2022-03-22','3740300046993',1,NULL,'2022-03-25 09:01:43','1341500009828'),(1835,'2022-03-22','5340100033618',1,NULL,'2022-03-25 09:01:43','1341500009828'),(1836,'2022-03-22','3350300199904',1,NULL,'2022-03-25 09:01:43','1341500009828'),(1837,'2022-03-22','1349900462900',1,NULL,'2022-03-25 09:01:43','1341500009828'),(1838,'2022-03-22','1341500009828',1,NULL,'2022-03-25 09:01:43','1341500009828'),(1839,'2022-03-21','3330900779456',7,NULL,'2022-03-25 09:01:59','1341500009828'),(1840,'2022-03-21','3740300046993',1,NULL,'2022-03-25 09:01:59','1341500009828'),(1841,'2022-03-21','5340100033618',1,NULL,'2022-03-25 09:01:59','1341500009828'),(1842,'2022-03-21','3350300199904',1,NULL,'2022-03-25 09:01:59','1341500009828'),(1843,'2022-03-21','1349900462900',1,NULL,'2022-03-25 09:01:59','1341500009828'),(1844,'2022-03-21','1341500009828',1,NULL,'2022-03-25 09:01:59','1341500009828'),(1845,'2022-03-18','3330900779456',7,NULL,'2022-03-25 09:02:13','1341500009828'),(1846,'2022-03-18','3740300046993',1,NULL,'2022-03-25 09:02:13','1341500009828'),(1847,'2022-03-18','5340100033618',1,NULL,'2022-03-25 09:02:13','1341500009828'),(1848,'2022-03-18','3350300199904',1,NULL,'2022-03-25 09:02:13','1341500009828'),(1849,'2022-03-18','1349900462900',1,NULL,'2022-03-25 09:02:13','1341500009828'),(1850,'2022-03-18','1341500009828',1,NULL,'2022-03-25 09:02:13','1341500009828'),(1851,'2022-03-17','3330900779456',7,NULL,'2022-03-25 09:02:24','1341500009828'),(1852,'2022-03-17','3740300046993',1,NULL,'2022-03-25 09:02:24','1341500009828'),(1853,'2022-03-17','5340100033618',1,NULL,'2022-03-25 09:02:24','1341500009828'),(1854,'2022-03-17','3350300199904',1,NULL,'2022-03-25 09:02:24','1341500009828'),(1855,'2022-03-17','1349900462900',1,NULL,'2022-03-25 09:02:24','1341500009828'),(1856,'2022-03-17','1341500009828',1,NULL,'2022-03-25 09:02:24','1341500009828'),(1857,'2022-03-16','3330900779456',7,NULL,'2022-03-25 09:02:39','1341500009828'),(1858,'2022-03-16','3740300046993',1,NULL,'2022-03-25 09:02:39','1341500009828'),(1859,'2022-03-16','5340100033618',1,NULL,'2022-03-25 09:02:39','1341500009828'),(1860,'2022-03-16','3350300199904',1,NULL,'2022-03-25 09:02:39','1341500009828'),(1861,'2022-03-16','1349900462900',1,NULL,'2022-03-25 09:02:39','1341500009828'),(1862,'2022-03-16','1341500009828',1,NULL,'2022-03-25 09:02:39','1341500009828'),(1863,'2022-03-15','3330900779456',7,NULL,'2022-03-25 09:02:54','1341500009828'),(1864,'2022-03-15','3740300046993',1,NULL,'2022-03-25 09:02:54','1341500009828'),(1865,'2022-03-15','5340100033618',1,NULL,'2022-03-25 09:02:54','1341500009828'),(1866,'2022-03-15','3350300199904',1,NULL,'2022-03-25 09:02:54','1341500009828'),(1867,'2022-03-15','1349900462900',1,NULL,'2022-03-25 09:02:54','1341500009828'),(1868,'2022-03-15','1341500009828',1,NULL,'2022-03-25 09:02:54','1341500009828'),(1869,'2022-03-14','3330900779456',7,NULL,'2022-03-25 09:03:04','1341500009828'),(1870,'2022-03-14','3740300046993',1,NULL,'2022-03-25 09:03:04','1341500009828'),(1871,'2022-03-14','5340100033618',1,NULL,'2022-03-25 09:03:04','1341500009828'),(1872,'2022-03-14','3350300199904',1,NULL,'2022-03-25 09:03:04','1341500009828'),(1873,'2022-03-14','1349900462900',1,NULL,'2022-03-25 09:03:04','1341500009828'),(1874,'2022-03-14','1341500009828',1,NULL,'2022-03-25 09:03:04','1341500009828'),(1875,'2022-03-11','3330900779456',7,NULL,'2022-03-25 09:03:38','1341500009828'),(1876,'2022-03-11','3740300046993',1,NULL,'2022-03-25 09:03:38','1341500009828'),(1877,'2022-03-11','5340100033618',4,NULL,'2022-03-25 09:03:38','1341500009828'),(1878,'2022-03-11','3350300199904',1,NULL,'2022-03-25 09:03:38','1341500009828'),(1879,'2022-03-11','1349900462900',6,NULL,'2022-03-25 09:03:38','1341500009828'),(1880,'2022-03-11','1341500009828',1,NULL,'2022-03-25 09:03:38','1341500009828'),(1881,'2022-03-10','3330900779456',7,NULL,'2022-03-25 09:04:07','1341500009828'),(1882,'2022-03-10','3740300046993',1,NULL,'2022-03-25 09:04:07','1341500009828'),(1883,'2022-03-10','5340100033618',1,NULL,'2022-03-25 09:04:07','1341500009828'),(1884,'2022-03-10','3350300199904',1,NULL,'2022-03-25 09:04:07','1341500009828'),(1885,'2022-03-10','1349900462900',6,NULL,'2022-03-25 09:04:07','1341500009828'),(1886,'2022-03-10','1341500009828',1,NULL,'2022-03-25 09:04:07','1341500009828'),(1887,'2022-03-09','3330900779456',1,NULL,'2022-03-25 09:04:26','1341500009828'),(1888,'2022-03-09','3740300046993',1,NULL,'2022-03-25 09:04:26','1341500009828'),(1889,'2022-03-09','5340100033618',1,NULL,'2022-03-25 09:04:26','1341500009828'),(1890,'2022-03-09','3350300199904',1,NULL,'2022-03-25 09:04:26','1341500009828'),(1891,'2022-03-09','1349900462900',6,NULL,'2022-03-25 09:04:26','1341500009828'),(1892,'2022-03-09','1341500009828',4,NULL,'2022-03-25 09:04:26','1341500009828'),(1893,'2022-05-18','3330900779456',1,NULL,'2022-05-18 11:55:02','1341500009828'),(1894,'2022-05-18','3740300046993',1,NULL,'2022-05-18 11:55:02','1341500009828'),(1895,'2022-05-18','5340100033618',1,NULL,'2022-05-18 11:55:02','1341500009828'),(1896,'2022-05-18','1342200068901',1,NULL,'2022-05-18 11:55:02','1341500009828'),(1897,'2022-05-18','3350300199904',1,NULL,'2022-05-18 11:55:02','1341500009828'),(1898,'2022-05-18','1349900462900',1,NULL,'2022-05-18 11:55:02','1341500009828'),(1899,'2022-05-18','1341500009828',1,NULL,'2022-05-18 11:55:02','1341500009828'),(1900,'2022-05-17','3330900779456',1,NULL,'2022-05-18 11:55:27','1341500009828'),(1901,'2022-05-17','3740300046993',1,NULL,'2022-05-18 11:55:27','1341500009828'),(1902,'2022-05-17','5340100033618',1,NULL,'2022-05-18 11:55:27','1341500009828'),(1903,'2022-05-17','1342200068901',1,NULL,'2022-05-18 11:55:27','1341500009828'),(1904,'2022-05-17','3350300199904',1,NULL,'2022-05-18 11:55:27','1341500009828'),(1905,'2022-05-17','1349900462900',1,NULL,'2022-05-18 11:55:27','1341500009828'),(1906,'2022-05-17','1341500009828',1,NULL,'2022-05-18 11:55:27','1341500009828'),(1907,'2022-05-15','3330900779456',1,NULL,'2022-05-18 12:50:00','1341500009828'),(1908,'2022-05-15','3740300046993',1,NULL,'2022-05-18 12:50:00','1341500009828'),(1909,'2022-05-15','5340100033618',1,NULL,'2022-05-18 12:50:00','1341500009828'),(1910,'2022-05-15','1342200068901',1,NULL,'2022-05-18 12:50:00','1341500009828'),(1911,'2022-05-15','3350300199904',1,NULL,'2022-05-18 12:50:00','1341500009828'),(1912,'2022-05-15','1349900462900',1,NULL,'2022-05-18 12:50:00','1341500009828'),(1913,'2022-05-15','1341500009828',1,NULL,'2022-05-18 12:50:00','1341500009828'),(1914,'2022-05-19','3330900779456',2,NULL,'2022-05-19 07:50:18','1341500009828'),(1915,'2022-05-19','3740300046993',1,NULL,'2022-05-19 07:50:18','1341500009828'),(1916,'2022-05-19','5340100033618',1,NULL,'2022-05-19 07:50:18','1341500009828'),(1917,'2022-05-19','1342200068901',1,NULL,'2022-05-19 07:50:18','1341500009828'),(1918,'2022-05-19','3350300199904',1,NULL,'2022-05-19 07:50:18','1341500009828'),(1919,'2022-05-19','1349900462900',1,NULL,'2022-05-19 07:50:18','1341500009828'),(1920,'2022-05-19','1341500009828',1,NULL,'2022-05-19 07:50:18','1341500009828'),(1921,'2022-05-25','3330900779456',1,NULL,'2022-05-25 10:03:58','1341500009828'),(1922,'2022-05-25','3740300046993',1,NULL,'2022-05-25 10:03:58','1341500009828'),(1923,'2022-05-25','5340100033618',1,NULL,'2022-05-25 10:03:58','1341500009828'),(1924,'2022-05-25','1342200068901',1,NULL,'2022-05-25 10:03:58','1341500009828'),(1925,'2022-05-25','3350300199904',1,NULL,'2022-05-25 10:03:58','1341500009828'),(1926,'2022-05-25','1349900462900',1,NULL,'2022-05-25 10:03:58','1341500009828'),(1927,'2022-05-25','1341500009828',1,NULL,'2022-05-25 10:03:58','1341500009828'),(1928,'2022-05-24','3330900779456',2,NULL,'2022-05-25 10:04:19','1341500009828'),(1929,'2022-05-24','3740300046993',2,NULL,'2022-05-25 10:04:19','1341500009828'),(1930,'2022-05-24','5340100033618',1,NULL,'2022-05-25 10:04:19','1341500009828'),(1931,'2022-05-24','1342200068901',1,NULL,'2022-05-25 10:04:19','1341500009828'),(1932,'2022-05-24','3350300199904',1,NULL,'2022-05-25 10:04:19','1341500009828'),(1933,'2022-05-24','1349900462900',1,NULL,'2022-05-25 10:04:19','1341500009828'),(1934,'2022-05-24','1341500009828',1,NULL,'2022-05-25 10:04:19','1341500009828'),(1935,'2022-05-23','3330900779456',2,NULL,'2022-05-25 10:03:28','1341500009828'),(1936,'2022-05-23','3740300046993',1,NULL,'2022-05-25 10:03:28','1341500009828'),(1937,'2022-05-23','5340100033618',1,NULL,'2022-05-25 10:03:28','1341500009828'),(1938,'2022-05-23','1342200068901',1,NULL,'2022-05-25 10:03:28','1341500009828'),(1939,'2022-05-23','3350300199904',1,NULL,'2022-05-25 10:03:28','1341500009828'),(1940,'2022-05-23','1349900462900',1,NULL,'2022-05-25 10:03:28','1341500009828'),(1941,'2022-05-23','1341500009828',1,NULL,'2022-05-25 10:03:28','1341500009828'),(1942,'2022-05-20','3330900779456',1,NULL,'2022-05-25 10:03:40','1341500009828'),(1943,'2022-05-20','3740300046993',1,NULL,'2022-05-25 10:03:40','1341500009828'),(1944,'2022-05-20','5340100033618',1,NULL,'2022-05-25 10:03:40','1341500009828'),(1945,'2022-05-20','1342200068901',1,NULL,'2022-05-25 10:03:40','1341500009828'),(1946,'2022-05-20','3350300199904',1,NULL,'2022-05-25 10:03:40','1341500009828'),(1947,'2022-05-20','1349900462900',1,NULL,'2022-05-25 10:03:40','1341500009828'),(1948,'2022-05-20','1341500009828',1,NULL,'2022-05-25 10:03:40','1341500009828'),(1949,'2022-05-26','3330900779456',1,NULL,'2022-05-26 14:34:27','1341500009828'),(1950,'2022-05-26','3740300046993',1,NULL,'2022-05-26 14:34:27','1341500009828'),(1951,'2022-05-26','5340100033618',1,NULL,'2022-05-26 14:34:27','1341500009828'),(1952,'2022-05-26','1342200068901',1,NULL,'2022-05-26 14:34:27','1341500009828'),(1953,'2022-05-26','3350300199904',1,NULL,'2022-05-26 14:34:27','1341500009828'),(1954,'2022-05-26','1349900462900',1,NULL,'2022-05-26 14:34:27','1341500009828'),(1955,'2022-05-26','1341500009828',1,NULL,'2022-05-26 14:34:27','1341500009828'),(1956,'2022-05-27','3330900779456',2,NULL,'2022-05-27 08:53:34','1341500009828'),(1957,'2022-05-27','3740300046993',1,NULL,'2022-05-27 08:53:34','1341500009828'),(1958,'2022-05-27','5340100033618',1,NULL,'2022-05-27 08:53:34','1341500009828'),(1959,'2022-05-27','1342200068901',1,NULL,'2022-05-27 08:53:34','1341500009828'),(1960,'2022-05-27','3350300199904',1,NULL,'2022-05-27 08:53:34','1341500009828'),(1961,'2022-05-27','1349900462900',1,NULL,'2022-05-27 08:53:34','1341500009828'),(1962,'2022-05-27','1341500009828',1,NULL,'2022-05-27 08:53:34','1341500009828'),(1963,'2022-05-30','3330900779456',3,NULL,'2022-05-31 09:23:08','1341500009828'),(1964,'2022-05-30','3740300046993',1,NULL,'2022-05-31 09:23:08','1341500009828'),(1965,'2022-05-30','5340100033618',1,NULL,'2022-05-31 09:23:08','1341500009828'),(1966,'2022-05-30','1342200068901',2,NULL,'2022-05-31 09:23:08','1341500009828'),(1967,'2022-05-30','3350300199904',1,NULL,'2022-05-31 09:23:08','1341500009828'),(1968,'2022-05-30','1349900462900',1,NULL,'2022-05-31 09:23:08','1341500009828'),(1969,'2022-05-30','1341500009828',1,NULL,'2022-05-31 09:23:08','1341500009828'),(1970,'2022-05-31','3330900779456',1,NULL,'2022-09-02 09:09:55','1342200068901'),(1971,'2022-05-31','3740300046993',1,NULL,'2022-09-02 09:09:55','1342200068901'),(1972,'2022-05-31','5340100033618',1,NULL,'2022-09-02 09:09:55','1342200068901'),(1973,'2022-05-31','1342200068901',2,NULL,'2022-09-02 09:09:55','1342200068901'),(1974,'2022-05-31','3350300199904',1,NULL,'2022-09-02 09:09:55','1342200068901'),(1975,'2022-05-31','1349900462900',1,NULL,'2022-09-02 09:09:55','1342200068901'),(1976,'2022-05-31','1341500009828',1,NULL,'2022-09-02 09:09:55','1342200068901'),(1977,'2022-06-01','3330900779456',1,NULL,'2022-06-01 10:05:05','1341500009828'),(1978,'2022-06-01','3740300046993',1,NULL,'2022-06-01 10:05:05','1341500009828'),(1979,'2022-06-01','5340100033618',1,NULL,'2022-06-01 10:05:05','1341500009828'),(1980,'2022-06-01','1342200068901',1,NULL,'2022-06-01 10:05:05','1341500009828'),(1981,'2022-06-01','3350300199904',1,NULL,'2022-06-01 10:05:05','1341500009828'),(1982,'2022-06-01','1349900462900',1,NULL,'2022-06-01 10:05:05','1341500009828'),(1983,'2022-06-01','1341500009828',1,NULL,'2022-06-01 10:05:05','1341500009828'),(1984,'2022-06-02','3330900779456',1,NULL,'2022-06-02 10:03:41','1341500009828'),(1985,'2022-06-02','3740300046993',1,NULL,'2022-06-02 10:03:41','1341500009828'),(1986,'2022-06-02','5340100033618',1,NULL,'2022-06-02 10:03:41','1341500009828'),(1987,'2022-06-02','1342200068901',1,NULL,'2022-06-02 10:03:41','1341500009828'),(1988,'2022-06-02','3350300199904',1,NULL,'2022-06-02 10:03:41','1341500009828'),(1989,'2022-06-02','1349900462900',1,NULL,'2022-06-02 10:03:41','1341500009828'),(1990,'2022-06-02','1341500009828',1,NULL,'2022-06-02 10:03:41','1341500009828'),(1991,'2022-06-07','3330900779456',1,NULL,'2022-09-02 09:08:44','1342200068901'),(1992,'2022-06-07','3740300046993',1,NULL,'2022-09-02 09:08:44','1342200068901'),(1993,'2022-06-07','5340100033618',1,NULL,'2022-09-02 09:08:44','1342200068901'),(1994,'2022-06-07','1342200068901',1,NULL,'2022-09-02 09:08:44','1342200068901'),(1995,'2022-06-07','3350300199904',1,NULL,'2022-09-02 09:08:44','1342200068901'),(1996,'2022-06-07','1349900462900',1,NULL,'2022-09-02 09:08:44','1342200068901'),(1997,'2022-06-07','1341500009828',1,NULL,'2022-09-02 09:08:44','1342200068901'),(1998,'2022-06-06','3330900779456',1,NULL,'2022-09-02 09:08:52','1342200068901'),(1999,'2022-06-06','3740300046993',1,NULL,'2022-09-02 09:08:52','1342200068901'),(2000,'2022-06-06','5340100033618',1,NULL,'2022-09-02 09:08:52','1342200068901'),(2001,'2022-06-06','1342200068901',1,NULL,'2022-09-02 09:08:52','1342200068901'),(2002,'2022-06-06','3350300199904',1,NULL,'2022-09-02 09:08:52','1342200068901'),(2003,'2022-06-06','1349900462900',1,NULL,'2022-09-02 09:08:52','1342200068901'),(2004,'2022-06-06','1341500009828',2,NULL,'2022-09-02 09:08:52','1342200068901'),(2005,'2022-06-08','3740300046993',1,NULL,'2022-09-02 09:08:37','1342200068901'),(2006,'2022-06-08','5340100033618',1,NULL,'2022-09-02 09:08:37','1342200068901'),(2007,'2022-06-08','1342200068901',1,NULL,'2022-09-02 09:08:37','1342200068901'),(2008,'2022-06-08','3350300199904',1,NULL,'2022-09-02 09:08:37','1342200068901'),(2009,'2022-06-08','1349900462900',1,NULL,'2022-09-02 09:08:37','1342200068901'),(2010,'2022-06-08','1341500009828',1,NULL,'2022-09-02 09:08:37','1342200068901'),(2011,'2022-06-09','3740300046993',1,NULL,'2022-09-02 09:08:27','1342200068901'),(2012,'2022-06-09','5340100033618',1,NULL,'2022-09-02 09:08:27','1342200068901'),(2013,'2022-06-09','1342200068901',1,NULL,'2022-09-02 09:08:27','1342200068901'),(2014,'2022-06-09','3350300199904',1,NULL,'2022-09-02 09:08:27','1342200068901'),(2015,'2022-06-09','1349900462900',1,NULL,'2022-09-02 09:08:27','1342200068901'),(2016,'2022-06-09','1341500009828',1,NULL,'2022-09-02 09:08:27','1342200068901'),(2017,'2022-06-10','3330900779456',1,NULL,'2022-09-02 09:08:16','1342200068901'),(2018,'2022-06-10','3740300046993',1,NULL,'2022-09-02 09:08:16','1342200068901'),(2019,'2022-06-10','5340100033618',1,NULL,'2022-09-02 09:08:16','1342200068901'),(2020,'2022-06-10','1342200068901',1,NULL,'2022-09-02 09:08:16','1342200068901'),(2021,'2022-06-10','3350300199904',1,NULL,'2022-09-02 09:08:16','1342200068901'),(2022,'2022-06-10','1349900462900',1,NULL,'2022-09-02 09:08:16','1342200068901'),(2023,'2022-06-10','1341500009828',1,NULL,'2022-09-02 09:08:16','1342200068901'),(2024,'2022-06-13','3330900779456',1,NULL,'2022-06-13 13:03:20','1341500009828'),(2025,'2022-06-13','3740300046993',1,NULL,'2022-06-13 13:03:20','1341500009828'),(2026,'2022-06-13','5340100033618',1,NULL,'2022-06-13 13:03:20','1341500009828'),(2027,'2022-06-13','1342200068901',1,NULL,'2022-06-13 13:03:20','1341500009828'),(2028,'2022-06-13','3350300199904',1,NULL,'2022-06-13 13:03:20','1341500009828'),(2029,'2022-06-13','1349900462900',4,NULL,'2022-06-13 13:03:20','1341500009828'),(2030,'2022-06-13','1341500009828',1,NULL,'2022-06-13 13:03:20','1341500009828'),(2031,'2022-06-14','3330900779456',2,NULL,'2022-06-15 08:45:30','1341500009828'),(2032,'2022-06-14','3740300046993',2,NULL,'2022-06-15 08:45:30','1341500009828'),(2033,'2022-06-14','5340100033618',1,NULL,'2022-06-15 08:45:30','1341500009828'),(2034,'2022-06-14','1342200068901',1,NULL,'2022-06-15 08:45:30','1341500009828'),(2035,'2022-06-14','3350300199904',1,NULL,'2022-06-15 08:45:30','1341500009828'),(2036,'2022-06-14','1349900462900',1,NULL,'2022-06-15 08:45:30','1341500009828'),(2037,'2022-06-14','1341500009828',1,NULL,'2022-06-15 08:45:30','1341500009828'),(2038,'2022-06-15','3330900779456',2,NULL,'2022-06-15 13:02:54','1341500009828'),(2039,'2022-06-15','3740300046993',1,NULL,'2022-06-15 13:02:54','1341500009828'),(2040,'2022-06-15','5340100033618',1,NULL,'2022-06-15 13:02:54','1341500009828'),(2041,'2022-06-15','1342200068901',1,NULL,'2022-06-15 13:02:54','1341500009828'),(2042,'2022-06-15','3350300199904',1,NULL,'2022-06-15 13:02:54','1341500009828'),(2043,'2022-06-15','1349900462900',1,NULL,'2022-06-15 13:02:54','1341500009828'),(2044,'2022-06-15','1341500009828',1,NULL,'2022-06-15 13:02:54','1341500009828'),(2045,'2022-06-16','3330900779456',1,NULL,'2022-06-16 08:17:38','1341500009828'),(2046,'2022-06-16','3740300046993',1,NULL,'2022-06-16 08:17:38','1341500009828'),(2047,'2022-06-16','5340100033618',1,NULL,'2022-06-16 08:17:38','1341500009828'),(2048,'2022-06-16','1342200068901',1,NULL,'2022-06-16 08:17:38','1341500009828'),(2049,'2022-06-16','3350300199904',1,NULL,'2022-06-16 08:17:38','1341500009828'),(2050,'2022-06-16','1349900462900',1,NULL,'2022-06-16 08:17:38','1341500009828'),(2051,'2022-06-16','1341500009828',1,NULL,'2022-06-16 08:17:38','1341500009828'),(2052,'2022-06-17','3740300046993',1,NULL,'2022-09-02 09:07:44','1342200068901'),(2053,'2022-06-17','5340100033618',1,NULL,'2022-09-02 09:07:44','1342200068901'),(2054,'2022-06-17','1342200068901',1,NULL,'2022-09-02 09:07:44','1342200068901'),(2055,'2022-06-17','3350300199904',1,NULL,'2022-09-02 09:07:44','1342200068901'),(2056,'2022-06-17','1349900462900',1,NULL,'2022-09-02 09:07:44','1342200068901'),(2057,'2022-06-17','1341500009828',1,NULL,'2022-09-02 09:07:44','1342200068901'),(2058,'2022-06-20','3330900779456',2,NULL,'2022-06-20 09:45:06','1341500009828'),(2059,'2022-06-20','3740300046993',1,NULL,'2022-06-20 09:45:06','1341500009828'),(2060,'2022-06-20','5340100033618',1,NULL,'2022-06-20 09:45:06','1341500009828'),(2061,'2022-06-20','1342200068901',1,NULL,'2022-06-20 09:45:06','1341500009828'),(2062,'2022-06-20','3350300199904',1,NULL,'2022-06-20 09:45:06','1341500009828'),(2063,'2022-06-20','1349900462900',1,NULL,'2022-06-20 09:45:06','1341500009828'),(2064,'2022-06-20','1341500009828',1,NULL,'2022-06-20 09:45:06','1341500009828'),(2065,'2022-06-22','3330900779456',1,NULL,'2022-06-22 09:37:23','1341500009828'),(2066,'2022-06-22','3740300046993',1,NULL,'2022-06-22 09:37:23','1341500009828'),(2067,'2022-06-22','5340100033618',1,NULL,'2022-06-22 09:37:23','1341500009828'),(2068,'2022-06-22','1342200068901',1,NULL,'2022-06-22 09:37:23','1341500009828'),(2069,'2022-06-22','3350300199904',1,NULL,'2022-06-22 09:37:23','1341500009828'),(2070,'2022-06-22','1349900462900',1,NULL,'2022-06-22 09:37:23','1341500009828'),(2071,'2022-06-22','1341500009828',1,NULL,'2022-06-22 09:37:23','1341500009828'),(2072,'2022-06-21','3330900779456',1,NULL,'2022-06-22 09:37:46','1341500009828'),(2073,'2022-06-21','3740300046993',1,NULL,'2022-06-22 09:37:46','1341500009828'),(2074,'2022-06-21','5340100033618',1,NULL,'2022-06-22 09:37:46','1341500009828'),(2075,'2022-06-21','1342200068901',1,NULL,'2022-06-22 09:37:46','1341500009828'),(2076,'2022-06-21','3350300199904',1,NULL,'2022-06-22 09:37:46','1341500009828'),(2077,'2022-06-21','1349900462900',1,NULL,'2022-06-22 09:37:46','1341500009828'),(2078,'2022-06-21','1341500009828',1,NULL,'2022-06-22 09:37:46','1341500009828'),(2079,'2022-06-23','3330900779456',1,NULL,'2022-06-23 15:31:49','1341500009828'),(2080,'2022-06-23','3740300046993',1,NULL,'2022-06-23 15:31:49','1341500009828'),(2081,'2022-06-23','5340100033618',1,NULL,'2022-06-23 15:31:49','1341500009828'),(2082,'2022-06-23','1342200068901',1,NULL,'2022-06-23 15:31:49','1341500009828'),(2083,'2022-06-23','3350300199904',1,NULL,'2022-06-23 15:31:49','1341500009828'),(2084,'2022-06-23','1349900462900',1,NULL,'2022-06-23 15:31:49','1341500009828'),(2085,'2022-06-23','1341500009828',1,NULL,'2022-06-23 15:31:49','1341500009828'),(2086,'2022-06-24','3330900779456',1,NULL,'2022-06-24 11:38:36','1341500009828'),(2087,'2022-06-24','3740300046993',2,NULL,'2022-06-24 11:38:36','1341500009828'),(2088,'2022-06-24','5340100033618',2,NULL,'2022-06-24 11:38:36','1341500009828'),(2089,'2022-06-24','1342200068901',1,NULL,'2022-06-24 11:38:36','1341500009828'),(2090,'2022-06-24','3350300199904',1,NULL,'2022-06-24 11:38:36','1341500009828'),(2091,'2022-06-24','1349900462900',1,NULL,'2022-06-24 11:38:36','1341500009828'),(2092,'2022-06-24','1341500009828',1,NULL,'2022-06-24 11:38:36','1341500009828'),(2093,'2022-06-28','3330900779456',2,NULL,'2022-06-28 09:08:39','1341500009828'),(2094,'2022-06-28','3740300046993',1,NULL,'2022-06-28 09:08:39','1341500009828'),(2095,'2022-06-28','5340100033618',1,NULL,'2022-06-28 09:08:39','1341500009828'),(2096,'2022-06-28','1342200068901',1,NULL,'2022-06-28 09:08:39','1341500009828'),(2097,'2022-06-28','3350300199904',1,NULL,'2022-06-28 09:08:39','1341500009828'),(2098,'2022-06-28','1349900462900',1,NULL,'2022-06-28 09:08:39','1341500009828'),(2099,'2022-06-28','1341500009828',1,NULL,'2022-06-28 09:08:39','1341500009828'),(2100,'2022-06-27','3330900779456',2,NULL,'2022-06-28 09:08:57','1341500009828'),(2101,'2022-06-27','3740300046993',1,NULL,'2022-06-28 09:08:57','1341500009828'),(2102,'2022-06-27','5340100033618',1,NULL,'2022-06-28 09:08:57','1341500009828'),(2103,'2022-06-27','1342200068901',1,NULL,'2022-06-28 09:08:57','1341500009828'),(2104,'2022-06-27','3350300199904',1,NULL,'2022-06-28 09:08:57','1341500009828'),(2105,'2022-06-27','1349900462900',1,NULL,'2022-06-28 09:08:57','1341500009828'),(2106,'2022-06-27','1341500009828',1,NULL,'2022-06-28 09:08:57','1341500009828'),(2107,'2022-06-29','3330900779456',1,NULL,'2022-06-29 11:00:46','1341500009828'),(2108,'2022-06-29','3740300046993',1,NULL,'2022-06-29 11:00:46','1341500009828'),(2109,'2022-06-29','5340100033618',1,NULL,'2022-06-29 11:00:46','1341500009828'),(2110,'2022-06-29','1342200068901',1,NULL,'2022-06-29 11:00:46','1341500009828'),(2111,'2022-06-29','3350300199904',1,NULL,'2022-06-29 11:00:46','1341500009828'),(2112,'2022-06-29','1349900462900',1,NULL,'2022-06-29 11:00:46','1341500009828'),(2113,'2022-06-29','1341500009828',1,NULL,'2022-06-29 11:00:46','1341500009828'),(2114,'2022-06-30','3330900779456',1,NULL,'2022-06-30 13:25:41','1341500009828'),(2115,'2022-06-30','3740300046993',1,NULL,'2022-06-30 13:25:41','1341500009828'),(2116,'2022-06-30','5340100033618',1,NULL,'2022-06-30 13:25:41','1341500009828'),(2117,'2022-06-30','1342200068901',1,NULL,'2022-06-30 13:25:41','1341500009828'),(2118,'2022-06-30','3350300199904',1,NULL,'2022-06-30 13:25:41','1341500009828'),(2119,'2022-06-30','1349900462900',4,NULL,'2022-06-30 13:25:41','1341500009828'),(2120,'2022-06-30','1341500009828',1,NULL,'2022-06-30 13:25:41','1341500009828'),(2121,'2022-07-04','3330900779456',2,NULL,'2022-09-02 09:05:52','1342200068901'),(2122,'2022-07-04','3740300046993',1,NULL,'2022-09-02 09:05:52','1342200068901'),(2123,'2022-07-04','3350300199904',1,NULL,'2022-09-02 09:05:52','1342200068901'),(2124,'2022-07-04','1341500009828',1,NULL,'2022-09-02 09:05:52','1342200068901'),(2125,'2022-07-05','3330900779456',1,NULL,'2022-09-02 09:05:15','1342200068901'),(2126,'2022-07-05','3740300046993',1,NULL,'2022-09-02 09:05:15','1342200068901'),(2127,'2022-07-05','5340100033618',1,NULL,'2022-09-02 09:05:15','1342200068901'),(2128,'2022-07-05','1342200068901',1,NULL,'2022-09-02 09:05:15','1342200068901'),(2129,'2022-07-05','3350300199904',1,NULL,'2022-09-02 09:05:15','1342200068901'),(2130,'2022-07-05','1349900462900',1,NULL,'2022-09-02 09:05:15','1342200068901'),(2131,'2022-07-05','1341500009828',1,NULL,'2022-09-02 09:05:15','1342200068901'),(2132,'2022-07-06','3740300046993',1,NULL,'2022-09-02 09:05:24','1342200068901'),(2133,'2022-07-06','5340100033618',3,NULL,'2022-09-02 09:05:24','1342200068901'),(2134,'2022-07-06','1342200068901',1,NULL,'2022-09-02 09:05:24','1342200068901'),(2135,'2022-07-06','3350300199904',1,NULL,'2022-09-02 09:05:24','1342200068901'),(2136,'2022-07-06','1349900462900',1,NULL,'2022-09-02 09:05:24','1342200068901'),(2137,'2022-07-06','1341500009828',1,NULL,'2022-09-02 09:05:24','1342200068901'),(2138,'2022-07-06','3330900779456',2,NULL,'2022-09-02 09:05:24','1342200068901'),(2139,'2022-07-07','3330900779456',2,NULL,'2022-09-02 09:05:32','1342200068901'),(2140,'2022-07-07','3740300046993',1,NULL,'2022-09-02 09:05:32','1342200068901'),(2141,'2022-07-07','5340100033618',1,NULL,'2022-09-02 09:05:32','1342200068901'),(2142,'2022-07-07','1342200068901',1,NULL,'2022-09-02 09:05:32','1342200068901'),(2143,'2022-07-07','3350300199904',1,NULL,'2022-09-02 09:05:32','1342200068901'),(2144,'2022-07-07','1349900462900',1,NULL,'2022-09-02 09:05:32','1342200068901'),(2145,'2022-07-07','1341500009828',1,NULL,'2022-09-02 09:05:32','1342200068901'),(2146,'2022-07-20','3330900779456',1,NULL,'2022-07-20 13:09:15','1341500009828'),(2147,'2022-07-20','3740300046993',1,NULL,'2022-07-20 13:09:15','1341500009828'),(2148,'2022-07-20','5340100033618',1,NULL,'2022-07-20 13:09:15','1341500009828'),(2149,'2022-07-20','1342200068901',1,NULL,'2022-07-20 13:09:15','1341500009828'),(2150,'2022-07-20','3350300199904',1,NULL,'2022-07-20 13:09:15','1341500009828'),(2151,'2022-07-20','1349900462900',1,NULL,'2022-07-20 13:09:15','1341500009828'),(2152,'2022-07-20','1341500009828',1,NULL,'2022-07-20 13:09:15','1341500009828'),(2153,'2022-07-21','3330900779456',2,NULL,'2022-07-21 15:16:19','1341500009828'),(2154,'2022-07-21','3740300046993',1,NULL,'2022-07-21 15:16:19','1341500009828'),(2155,'2022-07-21','5340100033618',1,NULL,'2022-07-21 15:16:19','1341500009828'),(2156,'2022-07-21','1342200068901',1,NULL,'2022-07-21 15:16:19','1341500009828'),(2157,'2022-07-21','3350300199904',1,NULL,'2022-07-21 15:16:19','1341500009828'),(2158,'2022-07-21','1349900462900',1,NULL,'2022-07-21 15:16:19','1341500009828'),(2159,'2022-07-21','1341500009828',1,NULL,'2022-07-21 15:16:19','1341500009828'),(2160,'2022-08-01','3330900779456',1,NULL,'2022-09-02 09:04:50','1342200068901'),(2161,'2022-08-01','3740300046993',3,NULL,'2022-09-02 09:04:50','1342200068901'),(2162,'2022-08-01','5340100033618',4,NULL,'2022-09-02 09:04:50','1342200068901'),(2163,'2022-08-01','1342200068901',1,NULL,'2022-09-02 09:04:50','1342200068901'),(2164,'2022-08-01','3350300199904',1,NULL,'2022-09-02 09:04:50','1342200068901'),(2165,'2022-08-01','1349900462900',1,NULL,'2022-09-02 09:04:50','1342200068901'),(2166,'2022-08-01','1341500009828',1,NULL,'2022-09-02 09:04:50','1342200068901'),(2167,'2022-07-27','3330900779456',1,NULL,'2022-08-01 12:49:06','1341500009828'),(2168,'2022-07-27','3740300046993',3,NULL,'2022-08-01 12:49:06','1341500009828'),(2169,'2022-07-27','5340100033618',1,NULL,'2022-08-01 12:49:06','1341500009828'),(2170,'2022-07-27','1342200068901',1,NULL,'2022-08-01 12:49:06','1341500009828'),(2171,'2022-07-27','3350300199904',1,NULL,'2022-08-01 12:49:06','1341500009828'),(2172,'2022-07-27','1349900462900',1,NULL,'2022-08-01 12:49:06','1341500009828'),(2173,'2022-07-27','1341500009828',1,NULL,'2022-08-01 12:49:06','1341500009828'),(2174,'2022-07-26','3330900779456',2,NULL,'2022-08-01 12:49:21','1341500009828'),(2175,'2022-07-26','3740300046993',1,NULL,'2022-08-01 12:49:21','1341500009828'),(2176,'2022-07-26','5340100033618',1,NULL,'2022-08-01 12:49:21','1341500009828'),(2177,'2022-07-26','1342200068901',1,NULL,'2022-08-01 12:49:21','1341500009828'),(2178,'2022-07-26','3350300199904',1,NULL,'2022-08-01 12:49:21','1341500009828'),(2179,'2022-07-26','1349900462900',1,NULL,'2022-08-01 12:49:21','1341500009828'),(2180,'2022-07-26','1341500009828',1,NULL,'2022-08-01 12:49:21','1341500009828'),(2181,'2022-07-25','3330900779456',1,NULL,'2022-08-01 12:49:39','1341500009828'),(2182,'2022-07-25','3740300046993',1,NULL,'2022-08-01 12:49:39','1341500009828'),(2183,'2022-07-25','5340100033618',1,NULL,'2022-08-01 12:49:39','1341500009828'),(2184,'2022-07-25','1342200068901',1,NULL,'2022-08-01 12:49:39','1341500009828'),(2185,'2022-07-25','3350300199904',1,NULL,'2022-08-01 12:49:39','1341500009828'),(2186,'2022-07-25','1349900462900',1,NULL,'2022-08-01 12:49:39','1341500009828'),(2187,'2022-07-25','1341500009828',1,NULL,'2022-08-01 12:49:39','1341500009828'),(2188,'2022-07-22','3330900779456',2,NULL,'2022-08-01 12:49:57','1341500009828'),(2189,'2022-07-22','3740300046993',1,NULL,'2022-08-01 12:49:57','1341500009828'),(2190,'2022-07-22','5340100033618',1,NULL,'2022-08-01 12:49:57','1341500009828'),(2191,'2022-07-22','1342200068901',1,NULL,'2022-08-01 12:49:57','1341500009828'),(2192,'2022-07-22','3350300199904',1,NULL,'2022-08-01 12:49:57','1341500009828'),(2193,'2022-07-22','1349900462900',1,NULL,'2022-08-01 12:49:57','1341500009828'),(2194,'2022-07-22','1341500009828',1,NULL,'2022-08-01 12:49:57','1341500009828'),(2195,'2022-08-02','3330900779456',1,NULL,'2022-08-02 17:09:34','1341500009828'),(2196,'2022-08-02','3740300046993',3,NULL,'2022-08-02 17:09:34','1341500009828'),(2197,'2022-08-02','5340100033618',1,NULL,'2022-08-02 17:09:34','1341500009828'),(2198,'2022-08-02','1342200068901',1,NULL,'2022-08-02 17:09:34','1341500009828'),(2199,'2022-08-02','3350300199904',1,NULL,'2022-08-02 17:09:34','1341500009828'),(2200,'2022-08-02','1349900462900',1,NULL,'2022-08-02 17:09:34','1341500009828'),(2201,'2022-08-02','1341500009828',1,NULL,'2022-08-02 17:09:34','1341500009828'),(2202,'2022-08-03','3330900779456',1,NULL,'2022-08-03 09:49:12','1341500009828'),(2203,'2022-08-03','3740300046993',1,NULL,'2022-08-03 09:49:12','1341500009828'),(2204,'2022-08-03','5340100033618',1,NULL,'2022-08-03 09:49:12','1341500009828'),(2205,'2022-08-03','1342200068901',1,NULL,'2022-08-03 09:49:12','1341500009828'),(2206,'2022-08-03','3350300199904',1,NULL,'2022-08-03 09:49:12','1341500009828'),(2207,'2022-08-03','1349900462900',1,NULL,'2022-08-03 09:49:12','1341500009828'),(2208,'2022-08-03','1341500009828',1,NULL,'2022-08-03 09:49:12','1341500009828'),(2209,'2022-08-09','3330900779456',1,NULL,'2022-08-09 13:31:09','1341500009828'),(2210,'2022-08-09','3740300046993',1,NULL,'2022-08-09 13:31:09','1341500009828'),(2211,'2022-08-09','5340100033618',1,NULL,'2022-08-09 13:31:09','1341500009828'),(2212,'2022-08-09','1342200068901',1,NULL,'2022-08-09 13:31:09','1341500009828'),(2213,'2022-08-09','3350300199904',1,NULL,'2022-08-09 13:31:09','1341500009828'),(2214,'2022-08-09','1349900462900',1,NULL,'2022-08-09 13:31:09','1341500009828'),(2215,'2022-08-09','1341500009828',1,NULL,'2022-08-09 13:31:09','1341500009828'),(2216,'2022-08-08','3330900779456',2,NULL,'2022-08-09 13:31:30','1341500009828'),(2217,'2022-08-08','3740300046993',1,NULL,'2022-08-09 13:31:30','1341500009828'),(2218,'2022-08-08','5340100033618',1,NULL,'2022-08-09 13:31:30','1341500009828'),(2219,'2022-08-08','1342200068901',1,NULL,'2022-08-09 13:31:30','1341500009828'),(2220,'2022-08-08','3350300199904',1,NULL,'2022-08-09 13:31:30','1341500009828'),(2221,'2022-08-08','1349900462900',1,NULL,'2022-08-09 13:31:30','1341500009828'),(2222,'2022-08-08','1341500009828',1,NULL,'2022-08-09 13:31:30','1341500009828'),(2223,'2022-08-15','3330900779456',1,NULL,'2022-08-15 12:47:08','1341500009828'),(2224,'2022-08-15','3740300046993',1,NULL,'2022-08-15 12:47:08','1341500009828'),(2225,'2022-08-15','5340100033618',1,NULL,'2022-08-15 12:47:08','1341500009828'),(2226,'2022-08-15','1342200068901',1,NULL,'2022-08-15 12:47:08','1341500009828'),(2227,'2022-08-15','3350300199904',1,NULL,'2022-08-15 12:47:08','1341500009828'),(2228,'2022-08-15','1349900462900',1,NULL,'2022-08-15 12:47:08','1341500009828'),(2229,'2022-08-15','1341500009828',1,NULL,'2022-08-15 12:47:08','1341500009828'),(2230,'2022-08-16','3330900779456',2,NULL,'2022-08-16 09:24:12','1341500009828'),(2231,'2022-08-16','3740300046993',1,NULL,'2022-08-16 09:24:12','1341500009828'),(2232,'2022-08-16','5340100033618',1,NULL,'2022-08-16 09:24:12','1341500009828'),(2233,'2022-08-16','1342200068901',1,NULL,'2022-08-16 09:24:12','1341500009828'),(2234,'2022-08-16','3350300199904',1,NULL,'2022-08-16 09:24:12','1341500009828'),(2235,'2022-08-16','1349900462900',1,NULL,'2022-08-16 09:24:12','1341500009828'),(2236,'2022-08-16','1341500009828',1,NULL,'2022-08-16 09:24:12','1341500009828'),(2237,'2022-08-17','3330900779456',1,NULL,'2022-08-17 09:52:18','1341500009828'),(2238,'2022-08-17','3740300046993',1,NULL,'2022-08-17 09:52:18','1341500009828'),(2239,'2022-08-17','5340100033618',1,NULL,'2022-08-17 09:52:18','1341500009828'),(2240,'2022-08-17','1342200068901',1,NULL,'2022-08-17 09:52:18','1341500009828'),(2241,'2022-08-17','3350300199904',1,NULL,'2022-08-17 09:52:18','1341500009828'),(2242,'2022-08-17','1349900462900',1,NULL,'2022-08-17 09:52:18','1341500009828'),(2243,'2022-08-17','1341500009828',1,NULL,'2022-08-17 09:52:18','1341500009828'),(2244,'2022-08-18','3330900779456',1,NULL,'2022-08-18 10:13:53','1341500009828'),(2245,'2022-08-18','3740300046993',1,NULL,'2022-08-18 10:13:53','1341500009828'),(2246,'2022-08-18','5340100033618',1,NULL,'2022-08-18 10:13:53','1341500009828'),(2247,'2022-08-18','1342200068901',1,NULL,'2022-08-18 10:13:53','1341500009828'),(2248,'2022-08-18','3350300199904',1,NULL,'2022-08-18 10:13:53','1341500009828'),(2249,'2022-08-18','1349900462900',1,NULL,'2022-08-18 10:13:53','1341500009828'),(2250,'2022-08-18','1341500009828',1,NULL,'2022-08-18 10:13:53','1341500009828'),(2251,'2022-08-19','3330900779456',1,NULL,'2022-08-19 09:36:36','1341500009828'),(2252,'2022-08-19','3740300046993',1,NULL,'2022-08-19 09:36:36','1341500009828'),(2253,'2022-08-19','5340100033618',1,NULL,'2022-08-19 09:36:36','1341500009828'),(2254,'2022-08-19','1342200068901',1,NULL,'2022-08-19 09:36:36','1341500009828'),(2255,'2022-08-19','3350300199904',1,NULL,'2022-08-19 09:36:36','1341500009828'),(2256,'2022-08-19','1349900462900',1,NULL,'2022-08-19 09:36:36','1341500009828'),(2257,'2022-08-19','1341500009828',1,NULL,'2022-08-19 09:36:36','1341500009828'),(2258,'2022-08-22','3740300046993',1,NULL,'2022-08-23 10:56:23','1341500009828'),(2259,'2022-08-22','5340100033618',1,NULL,'2022-08-23 10:56:23','1341500009828'),(2260,'2022-08-22','1341500009828',1,NULL,'2022-08-23 10:56:23','1341500009828'),(2261,'2022-08-22','1342200068901',1,NULL,'2022-08-23 10:56:23','1341500009828'),(2262,'2022-08-23','3330900779456',2,NULL,'2022-08-23 10:55:58','1341500009828'),(2263,'2022-08-23','3740300046993',1,NULL,'2022-08-23 10:55:58','1341500009828'),(2264,'2022-08-23','5340100033618',1,NULL,'2022-08-23 10:55:58','1341500009828'),(2265,'2022-08-23','1342200068901',1,NULL,'2022-08-23 10:55:58','1341500009828'),(2266,'2022-08-23','3350300199904',1,NULL,'2022-08-23 10:55:58','1341500009828'),(2267,'2022-08-23','1349900462900',1,NULL,'2022-08-23 10:55:58','1341500009828'),(2268,'2022-08-23','1341500009828',1,NULL,'2022-08-23 10:55:58','1341500009828'),(2269,'2022-08-22','3330900779456',2,NULL,'2022-08-23 10:56:23','1341500009828'),(2270,'2022-08-22','3350300199904',1,NULL,'2022-08-23 10:56:23','1341500009828'),(2271,'2022-08-22','1349900462900',1,NULL,'2022-08-23 10:56:23','1341500009828'),(2272,'2022-08-24','3330900779456',1,NULL,'2022-08-25 10:25:50','1341500009828'),(2273,'2022-08-24','3740300046993',1,NULL,'2022-08-25 10:25:50','1341500009828'),(2274,'2022-08-24','5340100033618',1,NULL,'2022-08-25 10:25:50','1341500009828'),(2275,'2022-08-24','1342200068901',1,NULL,'2022-08-25 10:25:50','1341500009828'),(2276,'2022-08-24','3350300199904',1,NULL,'2022-08-25 10:25:50','1341500009828'),(2277,'2022-08-24','1349900462900',1,NULL,'2022-08-25 10:25:50','1341500009828'),(2278,'2022-08-24','1341500009828',1,NULL,'2022-08-25 10:25:50','1341500009828'),(2279,'2022-08-26','3330900779456',2,NULL,'2022-08-26 14:06:57','1341500009828'),(2280,'2022-08-26','3740300046993',1,NULL,'2022-08-26 14:06:57','1341500009828'),(2281,'2022-08-26','5340100033618',1,NULL,'2022-08-26 14:06:57','1341500009828'),(2282,'2022-08-26','1342200068901',1,NULL,'2022-08-26 14:06:57','1341500009828'),(2283,'2022-08-26','3350300199904',1,NULL,'2022-08-26 14:06:57','1341500009828'),(2284,'2022-08-26','1349900462900',1,NULL,'2022-08-26 14:06:57','1341500009828'),(2285,'2022-08-26','1341500009828',1,NULL,'2022-08-26 14:06:57','1341500009828'),(2286,'2022-08-30','3330900779456',2,NULL,'2022-08-30 13:53:31','1341500009828'),(2287,'2022-08-30','3740300046993',1,NULL,'2022-08-30 13:53:31','1341500009828'),(2288,'2022-08-30','5340100033618',1,NULL,'2022-08-30 13:53:31','1341500009828'),(2289,'2022-08-30','1342200068901',1,NULL,'2022-08-30 13:53:31','1341500009828'),(2290,'2022-08-30','3350300199904',1,NULL,'2022-08-30 13:53:31','1341500009828'),(2291,'2022-08-30','1349900462900',1,NULL,'2022-08-30 13:53:31','1341500009828'),(2292,'2022-08-30','1341500009828',1,NULL,'2022-08-30 13:53:31','1341500009828'),(2293,'2022-08-29','3330900779456',1,NULL,'2022-08-30 13:53:46','1341500009828'),(2294,'2022-08-29','3740300046993',1,NULL,'2022-08-30 13:53:46','1341500009828'),(2295,'2022-08-29','5340100033618',1,NULL,'2022-08-30 13:53:46','1341500009828'),(2296,'2022-08-29','1342200068901',1,NULL,'2022-08-30 13:53:46','1341500009828'),(2297,'2022-08-29','3350300199904',1,NULL,'2022-08-30 13:53:46','1341500009828'),(2298,'2022-08-29','1349900462900',1,NULL,'2022-08-30 13:53:46','1341500009828'),(2299,'2022-08-29','1341500009828',1,NULL,'2022-08-30 13:53:46','1341500009828'),(2300,'2022-08-31','3330900779456',2,NULL,'2022-08-31 08:50:41','1341500009828'),(2301,'2022-08-31','3740300046993',1,NULL,'2022-08-31 08:50:41','1341500009828'),(2302,'2022-08-31','5340100033618',1,NULL,'2022-08-31 08:50:41','1341500009828'),(2303,'2022-08-31','1342200068901',1,NULL,'2022-08-31 08:50:41','1341500009828'),(2304,'2022-08-31','3350300199904',1,NULL,'2022-08-31 08:50:41','1341500009828'),(2305,'2022-08-31','1349900462900',1,NULL,'2022-08-31 08:50:41','1341500009828'),(2306,'2022-08-31','1341500009828',1,NULL,'2022-08-31 08:50:41','1341500009828'),(2307,'2022-09-02','3330900779456',1,NULL,'2022-09-02 13:19:59','1341500009828'),(2308,'2022-09-02','3740300046993',1,NULL,'2022-09-02 13:19:59','1341500009828'),(2309,'2022-09-02','5340100033618',1,NULL,'2022-09-02 13:19:59','1341500009828'),(2310,'2022-09-02','1342200068901',1,NULL,'2022-09-02 13:19:59','1341500009828'),(2311,'2022-09-02','3350300199904',1,NULL,'2022-09-02 13:19:59','1341500009828'),(2312,'2022-09-02','1349900462900',1,NULL,'2022-09-02 13:19:59','1341500009828'),(2313,'2022-09-02','1341500009828',1,NULL,'2022-09-02 13:19:59','1341500009828'),(2314,'2022-09-01','3330900779456',2,NULL,'2022-09-02 13:19:23','1341500009828'),(2315,'2022-09-01','3740300046993',1,NULL,'2022-09-02 13:19:23','1341500009828'),(2316,'2022-09-01','5340100033618',1,NULL,'2022-09-02 13:19:23','1341500009828'),(2317,'2022-09-01','1342200068901',1,NULL,'2022-09-02 13:19:23','1341500009828'),(2318,'2022-09-01','3350300199904',1,NULL,'2022-09-02 13:19:23','1341500009828'),(2319,'2022-09-01','1349900462900',2,NULL,'2022-09-02 13:19:23','1341500009828'),(2320,'2022-09-01','1341500009828',4,NULL,'2022-09-02 13:19:23','1341500009828'),(2321,'2022-07-04','5340100033618',1,NULL,'2022-09-02 09:05:52','1342200068901'),(2322,'2022-07-04','1342200068901',1,NULL,'2022-09-02 09:05:52','1342200068901'),(2323,'2022-07-04','1349900462900',1,NULL,'2022-09-02 09:05:52','1342200068901'),(2324,'2022-07-01','3330900779456',1,NULL,'2022-09-02 09:06:11','1342200068901'),(2325,'2022-07-01','3740300046993',1,NULL,'2022-09-02 09:06:11','1342200068901'),(2326,'2022-07-01','5340100033618',1,NULL,'2022-09-02 09:06:11','1342200068901'),(2327,'2022-07-01','1342200068901',1,NULL,'2022-09-02 09:06:11','1342200068901'),(2328,'2022-07-01','3350300199904',1,NULL,'2022-09-02 09:06:11','1342200068901'),(2329,'2022-07-01','1349900462900',1,NULL,'2022-09-02 09:06:11','1342200068901'),(2330,'2022-07-01','1341500009828',1,NULL,'2022-09-02 09:06:11','1342200068901'),(2331,'2022-06-17','3330900779456',1,NULL,'2022-09-02 09:07:44','1342200068901'),(2332,'2022-06-09','3330900779456',1,NULL,'2022-09-02 09:08:27','1342200068901'),(2333,'2022-06-08','3330900779456',1,NULL,'2022-09-02 09:08:37','1342200068901'),(2334,'2022-09-05','3330900779456',2,NULL,'2022-09-15 09:53:15','3330900779456'),(2335,'2022-09-05','3740300046993',2,NULL,'2022-09-15 09:53:15','3330900779456'),(2336,'2022-09-05','5340100033618',1,NULL,'2022-09-15 09:53:15','3330900779456'),(2337,'2022-09-05','1342200068901',1,NULL,'2022-09-15 09:53:15','3330900779456'),(2338,'2022-09-05','3350300199904',4,NULL,'2022-09-15 09:53:15','3330900779456'),(2339,'2022-09-05','1349900462900',1,NULL,'2022-09-15 09:53:15','3330900779456'),(2340,'2022-09-05','1341500009828',1,NULL,'2022-09-15 09:53:15','3330900779456'),(2341,'2022-09-06','3330900779456',2,NULL,'2022-09-06 10:02:42','1341500009828'),(2342,'2022-09-06','3740300046993',1,NULL,'2022-09-06 10:02:42','1341500009828'),(2343,'2022-09-06','5340100033618',1,NULL,'2022-09-06 10:02:42','1341500009828'),(2344,'2022-09-06','1342200068901',1,NULL,'2022-09-06 10:02:42','1341500009828'),(2345,'2022-09-06','3350300199904',4,NULL,'2022-09-06 10:02:42','1341500009828'),(2346,'2022-09-06','1349900462900',1,NULL,'2022-09-06 10:02:42','1341500009828'),(2347,'2022-09-06','1341500009828',1,NULL,'2022-09-06 10:02:42','1341500009828'),(2348,'2022-09-08','3740300046993',1,NULL,'2022-09-15 09:52:31','3330900779456'),(2349,'2022-09-08','5340100033618',1,NULL,'2022-09-15 09:52:31','3330900779456'),(2350,'2022-09-08','1342200068901',1,NULL,'2022-09-15 09:52:31','3330900779456'),(2351,'2022-09-08','3350300199904',1,NULL,'2022-09-15 09:52:31','3330900779456'),(2352,'2022-09-08','1341500009828',1,NULL,'2022-09-15 09:52:31','3330900779456'),(2353,'2022-09-08','3330900779456',1,NULL,'2022-09-15 09:52:31','3330900779456'),(2354,'2022-09-08','1349900462900',1,NULL,'2022-09-15 09:52:31','3330900779456'),(2355,'2022-09-09','3330900779456',1,NULL,'2022-09-09 08:21:21','1341500009828'),(2356,'2022-09-09','3740300046993',1,NULL,'2022-09-09 08:21:21','1341500009828'),(2357,'2022-09-09','5340100033618',1,NULL,'2022-09-09 08:21:21','1341500009828'),(2358,'2022-09-09','1342200068901',1,NULL,'2022-09-09 08:21:21','1341500009828'),(2359,'2022-09-09','3350300199904',1,NULL,'2022-09-09 08:21:21','1341500009828'),(2360,'2022-09-09','1349900462900',1,NULL,'2022-09-09 08:21:21','1341500009828'),(2361,'2022-09-09','1341500009828',1,NULL,'2022-09-09 08:21:21','1341500009828'),(2362,'2022-09-12','3740300046993',1,NULL,'2022-09-12 10:44:26','1341500009828'),(2363,'2022-09-12','5340100033618',1,NULL,'2022-09-12 10:44:26','1341500009828'),(2364,'2022-09-12','1342200068901',1,NULL,'2022-09-12 10:44:26','1341500009828'),(2365,'2022-09-12','3350300199904',3,NULL,'2022-09-12 10:44:26','1341500009828'),(2366,'2022-09-12','1349900462900',3,NULL,'2022-09-12 10:44:26','1341500009828'),(2367,'2022-09-12','1341500009828',1,NULL,'2022-09-12 10:44:26','1341500009828'),(2368,'2022-09-12','3330900779456',1,NULL,'2022-09-12 10:44:26','1341500009828'),(2369,'2022-09-13','3330900779456',2,NULL,'2022-09-13 10:03:19','1341500009828'),(2370,'2022-09-13','3740300046993',1,NULL,'2022-09-13 10:03:19','1341500009828'),(2371,'2022-09-13','5340100033618',1,NULL,'2022-09-13 10:03:19','1341500009828'),(2372,'2022-09-13','3350300199904',3,NULL,'2022-09-13 10:03:19','1341500009828'),(2373,'2022-09-13','1349900462900',3,NULL,'2022-09-13 10:03:19','1341500009828'),(2374,'2022-09-13','1341500009828',1,NULL,'2022-09-13 10:03:19','1341500009828'),(2375,'2022-09-13','1342200068901',1,NULL,'2022-09-13 10:03:19','1341500009828'),(2376,'2022-09-15','3740300046993',1,NULL,'2022-09-15 09:59:50','1341500009828'),(2377,'2022-09-15','5340100033618',1,NULL,'2022-09-15 09:59:50','1341500009828'),(2378,'2022-09-15','1342200068901',1,NULL,'2022-09-15 09:59:50','1341500009828'),(2379,'2022-09-15','3350300199904',3,NULL,'2022-09-15 09:59:50','1341500009828'),(2380,'2022-09-15','1349900462900',3,NULL,'2022-09-15 09:59:50','1341500009828'),(2381,'2022-09-15','1341500009828',1,NULL,'2022-09-15 09:59:50','1341500009828'),(2382,'2022-09-19','3740300046993',1,NULL,'2022-09-19 09:57:58','1341500009828'),(2383,'2022-09-19','5340100033618',1,NULL,'2022-09-19 09:57:58','1341500009828'),(2384,'2022-09-19','1342200068901',1,NULL,'2022-09-19 09:57:58','1341500009828'),(2385,'2022-09-19','3350300199904',3,NULL,'2022-09-19 09:57:58','1341500009828'),(2386,'2022-09-19','1349900462900',3,NULL,'2022-09-19 09:57:58','1341500009828'),(2387,'2022-09-19','1341500009828',1,NULL,'2022-09-19 09:57:58','1341500009828'),(2388,'2022-09-21','3740300046993',1,NULL,'2022-09-21 08:46:37','1341500009828'),(2389,'2022-09-21','5340100033618',1,NULL,'2022-09-21 08:46:37','1341500009828'),(2390,'2022-09-21','1342200068901',1,NULL,'2022-09-21 08:46:37','1341500009828'),(2391,'2022-09-21','3350300199904',3,NULL,'2022-09-21 08:46:37','1341500009828'),(2392,'2022-09-21','1349900462900',3,NULL,'2022-09-21 08:46:37','1341500009828'),(2393,'2022-09-21','1341500009828',1,NULL,'2022-09-21 08:46:37','1341500009828'),(2394,'2022-09-20','3740300046993',1,NULL,'2022-09-21 08:46:56','1341500009828'),(2395,'2022-09-20','5340100033618',1,NULL,'2022-09-21 08:46:56','1341500009828'),(2396,'2022-09-20','1342200068901',1,NULL,'2022-09-21 08:46:56','1341500009828'),(2397,'2022-09-20','3350300199904',3,NULL,'2022-09-21 08:46:56','1341500009828'),(2398,'2022-09-20','1349900462900',3,NULL,'2022-09-21 08:46:56','1341500009828'),(2399,'2022-09-20','1341500009828',1,NULL,'2022-09-21 08:46:56','1341500009828'),(2400,'2022-09-22','5340100033618',1,NULL,'2022-09-22 10:42:39','1341500009828'),(2401,'2022-09-22','1342200068901',1,NULL,'2022-09-22 10:42:39','1341500009828'),(2402,'2022-09-22','3350300199904',3,NULL,'2022-09-22 10:42:39','1341500009828'),(2403,'2022-09-22','1349900462900',3,NULL,'2022-09-22 10:42:39','1341500009828'),(2404,'2022-09-22','1341500009828',1,NULL,'2022-09-22 10:42:39','1341500009828'),(2405,'2022-09-28','5340100033618',1,NULL,'2022-09-28 09:52:44','1341500009828'),(2406,'2022-09-28','1342200068901',1,NULL,'2022-09-28 09:52:44','1341500009828'),(2407,'2022-09-28','3350300199904',1,NULL,'2022-09-28 09:52:44','1341500009828'),(2408,'2022-09-28','1349900462900',1,NULL,'2022-09-28 09:52:44','1341500009828'),(2409,'2022-09-28','1341500009828',1,NULL,'2022-09-28 09:52:44','1341500009828'),(2410,'2022-09-27','3330900779456',1,NULL,'2022-09-28 09:52:58','1341500009828'),(2411,'2022-09-27','3740300046993',1,NULL,'2022-09-28 09:52:58','1341500009828'),(2412,'2022-09-27','5340100033618',1,NULL,'2022-09-28 09:52:58','1341500009828'),(2413,'2022-09-27','1342200068901',1,NULL,'2022-09-28 09:52:58','1341500009828'),(2414,'2022-09-27','3350300199904',1,NULL,'2022-09-28 09:52:58','1341500009828'),(2415,'2022-09-27','1349900462900',1,NULL,'2022-09-28 09:52:58','1341500009828'),(2416,'2022-09-27','1341500009828',1,NULL,'2022-09-28 09:52:58','1341500009828'),(2417,'2022-09-26','3330900779456',1,NULL,'2022-09-28 09:53:11','1341500009828'),(2418,'2022-09-26','3740300046993',1,NULL,'2022-09-28 09:53:11','1341500009828'),(2419,'2022-09-26','5340100033618',1,NULL,'2022-09-28 09:53:11','1341500009828'),(2420,'2022-09-26','1342200068901',1,NULL,'2022-09-28 09:53:11','1341500009828'),(2421,'2022-09-26','3350300199904',1,NULL,'2022-09-28 09:53:11','1341500009828'),(2422,'2022-09-26','1349900462900',1,NULL,'2022-09-28 09:53:11','1341500009828'),(2423,'2022-09-26','1341500009828',1,NULL,'2022-09-28 09:53:11','1341500009828'),(2424,'2022-09-23','3740300046993',1,NULL,'2022-09-28 09:53:59','1341500009828'),(2425,'2022-09-23','5340100033618',1,NULL,'2022-09-28 09:53:59','1341500009828'),(2426,'2022-09-23','1342200068901',1,NULL,'2022-09-28 09:53:59','1341500009828'),(2427,'2022-09-23','3350300199904',3,NULL,'2022-09-28 09:53:59','1341500009828'),(2428,'2022-09-23','1349900462900',3,NULL,'2022-09-28 09:53:59','1341500009828'),(2429,'2022-09-23','1341500009828',1,NULL,'2022-09-28 09:53:59','1341500009828');

--
-- Table structure for table `work_permission`
--

CREATE TABLE `work_permission` (
  `id` int(11) NOT NULL AUTO_INCREMENT,
  `person_id` varchar(13) NOT NULL,
  `p1` tinyint(4) NOT NULL,
  `officer` varchar(13) NOT NULL,
  `rec_date` date NOT NULL,
  PRIMARY KEY (`id`)
) ENGINE=MyISAM AUTO_INCREMENT=4 DEFAULT CHARSET=utf8 COLLATE=utf8_general_ci;

--
-- Dumping data for table `work_permission`
--

INSERT INTO `work_permission` VALUES (1,'1341500009828',1,'1341500009828','2019-01-09'),(2,'3330900779456',1,'1341500009828','2019-01-09');


