
--
-- Table structure for table `student_check_permission`
--

CREATE TABLE `student_check_permission` (
  `class_now` tinyint(4) NOT NULL,
  `room_now` tinyint(4) NOT NULL,
  `person_id` varchar(13) NOT NULL,
  `student_check_year` int(11) NOT NULL
) ENGINE=MyISAM DEFAULT CHARSET=utf8 COLLATE=utf8_general_ci;

--
-- Dumping data for table `student_check_permission`
--

INSERT INTO `student_check_permission` VALUES (9,0,'1749900698420',2568),(5,0,'3341800361329',2559),(8,0,'1341100182549',2568),(5,0,'3341800361329',2565),(5,0,'3341800361329',2563),(9,0,'3349800213190',2559),(9,0,'3341501533551',2559),(4,1,'3341501285957',2559),(2,0,'1342200073653',2566),(9,0,'3349800213190',2561),(4,0,'4349900005961',2563),(4,0,'4349900005961',2565),(7,0,'1331300068391',2568),(5,0,'3341800361329',2561),(5,0,'3341800361329',2564),(4,0,'4349900005961',2564),(9,0,'335030044261',2561),(5,0,'3341800361329',2562),(6,0,'3349900109068',2568),(9,0,'3349800213190',2562),(9,0,'335030044261',2562),(4,0,'3331300127238',2562),(2,0,'3349900041277',2568),(9,0,'3349800213190',2563),(5,0,'3341501249934',2568),(7,0,'3341501249934',2565),(9,0,'3349800213190',2564),(3,0,'3349900041277',2568),(4,0,'1349900439223',2568),(5,0,'1349900439223',2566),(6,0,'3349900109068',2567),(2,0,'1342200073653',2567),(4,0,'1349900439223',2566),(3,0,'1342200073653',2568),(7,0,'1331300068391',2566),(8,0,'1341100182549',2567),(6,0,'3349900041277',2568),(3,0,'1341500177020',2566),(3,0,'1342200073653',2567),(4,0,'1349900439223',2567),(5,0,'3341501249934',2567),(2,0,'1342200073653',2568),(7,0,'1331300068391',2567),(9,0,'1749900698420',2567),(4,0,'3349900041277',2568),(5,0,'3349900041277',2568),(7,0,'3349900041277',2568),(8,0,'3349900041277',2568),(9,0,'3349900041277',2568);

--
-- Table structure for table `student_check_year`
--

CREATE TABLE `student_check_year` (
  `id` int(11) NOT NULL AUTO_INCREMENT,
  `student_check_year` int(11) NOT NULL,
  `year_active` tinyint(1) NOT NULL,
  PRIMARY KEY (`id`),
  UNIQUE KEY `student_check_year` (`student_check_year`)
) ENGINE=MyISAM AUTO_INCREMENT=10 DEFAULT CHARSET=utf8 COLLATE=utf8_general_ci;

--
-- Dumping data for table `student_check_year`
--

INSERT INTO `student_check_year` VALUES (1,2559,0),(2,2561,0),(3,2562,0),(4,2563,0),(5,2564,0),(6,2565,0),(7,2566,0),(8,2567,0),(9,2568,1);

--
-- Table structure for table `student_inclass_main`
--

CREATE TABLE `student_inclass_main` (
  `check_date` date NOT NULL COMMENT 'วันที่บันทึก',
  `student_id` int(11) NOT NULL COMMENT 'รหัสนักเรียน',
  `class_now` tinyint(4) NOT NULL COMMENT 'ชั้นเรียนปัจจุบันที่บันทึก',
  `room_now` tinyint(4) NOT NULL COMMENT 'ห้องเรียนปัจจุบันที่บันทึก',
  `student_check_year` int(11) NOT NULL COMMENT 'ปีการศึกษาที่บันทึก',
  `check_val` varchar(50) NOT NULL COMMENT 'ค่าการเช็ค',
  `check_person_id` varchar(13) NOT NULL COMMENT 'ผู้ทำรายการ',
  `save_date` datetime NOT NULL COMMENT 'วันที่ทำรายการบันทึก'
) ENGINE=MyISAM DEFAULT CHARSET=utf8 COLLATE=utf8_general_ci;

--
-- Dumping data for table `student_inclass_main`
--


--
-- Table structure for table `student_inclass_part`
--

CREATE TABLE `student_inclass_part` (
  `id` int(11) NOT NULL AUTO_INCREMENT,
  `ed_year` int(11) NOT NULL,
  `part` tinyint(4) NOT NULL,
  `start_date` date NOT NULL,
  `stop_date` date NOT NULL,
  `rec_date` date NOT NULL,
  `officer` varchar(13) NOT NULL,
  PRIMARY KEY (`id`)
) ENGINE=MyISAM AUTO_INCREMENT=2 DEFAULT CHARSET=utf8 COLLATE=utf8_general_ci;

--
-- Dumping data for table `student_inclass_part`
--

INSERT INTO `student_inclass_part` VALUES (1,2562,1,'2019-05-16','2019-10-10','2019-05-30','3341501533551');

--
-- Table structure for table `student_inclass_permission`
--

CREATE TABLE `student_inclass_permission` (
  `class_now` tinyint(4) NOT NULL,
  `room_now` tinyint(4) NOT NULL,
  `person_id` varchar(13) NOT NULL,
  `student_check_year` int(11) NOT NULL
) ENGINE=MyISAM DEFAULT CHARSET=utf8 COLLATE=utf8_general_ci;

--
-- Dumping data for table `student_inclass_permission`
--

INSERT INTO `student_inclass_permission` VALUES (2,0,'1331300009000',2562),(3,0,'4349900005961',2562),(4,0,'3341501285957',2562),(5,0,'3341800361329',2562),(6,0,'3341501249934',2562),(7,0,'3259700098870',2562),(8,0,'3341501533551',2562),(8,0,'3331300127238',2562),(9,0,'3349800213190',2562),(9,0,'335030044261',2562);

--
-- Table structure for table `student_inclass_ref`
--

CREATE TABLE `student_inclass_ref` (
  `id` int(11) NOT NULL AUTO_INCREMENT,
  `ref_id` varchar(50) NOT NULL,
  `ed_day` varchar(10) NOT NULL,
  `period` tinyint(4) NOT NULL,
  PRIMARY KEY (`id`)
) ENGINE=MyISAM DEFAULT CHARSET=utf8 COLLATE=utf8_general_ci;

--
-- Dumping data for table `student_inclass_ref`
--


--
-- Table structure for table `student_inclass_subject`
--

CREATE TABLE `student_inclass_subject` (
  `id` int(11) NOT NULL AUTO_INCREMENT,
  `ed_year` int(11) NOT NULL,
  `part` tinyint(4) NOT NULL,
  `subject` varchar(100) NOT NULL,
  `std_class` tinyint(4) NOT NULL,
  `room` tinyint(4) NOT NULL,
  `ref_id` varchar(50) NOT NULL,
  `officer` varchar(13) NOT NULL,
  `rec_date` date NOT NULL,
  PRIMARY KEY (`id`)
) ENGINE=MyISAM DEFAULT CHARSET=utf8 COLLATE=utf8_general_ci;

--
-- Dumping data for table `student_inclass_subject`
--


--
-- Table structure for table `student_inclass_year`
--

CREATE TABLE `student_inclass_year` (
  `id` int(11) NOT NULL AUTO_INCREMENT,
  `student_check_year` int(11) NOT NULL,
  `num_period` int(2) NOT NULL,
  `lunch_period` int(2) NOT NULL,
  `year_active` tinyint(1) NOT NULL,
  PRIMARY KEY (`id`)
) ENGINE=MyISAM AUTO_INCREMENT=2 DEFAULT CHARSET=utf8 COLLATE=utf8_general_ci;

--
-- Dumping data for table `student_inclass_year`
--

INSERT INTO `student_inclass_year` VALUES (1,2562,6,4,1);

--
-- Table structure for table `student_main`
--

CREATE TABLE `student_main` (
  `id` int(11) NOT NULL AUTO_INCREMENT,
  `student_id` varchar(7) NOT NULL,
  `student_number` int(11) DEFAULT NULL,
  `prename` varchar(20) NOT NULL,
  `name` varchar(50) NOT NULL,
  `surname` varchar(50) NOT NULL,
  `person_id` varchar(20) DEFAULT NULL,
  `sex` tinyint(4) NOT NULL DEFAULT 0,
  `pic` varchar(150) DEFAULT NULL,
  `class_now` tinyint(4) DEFAULT NULL,
  `room` tinyint(4) NOT NULL DEFAULT 0,
  `status` tinyint(4) NOT NULL DEFAULT 0,
  `out_edyear` int(11) DEFAULT NULL,
  `officer` varchar(13) NOT NULL,
  `rec_date` date NOT NULL,
  PRIMARY KEY (`id`),
  UNIQUE KEY `student_number` (`student_id`),
  KEY `class_now` (`class_now`),
  KEY `room` (`room`)
) ENGINE=MyISAM AUTO_INCREMENT=305 DEFAULT CHARSET=utf8 COLLATE=utf8_general_ci;

--
-- Dumping data for table `student_main`
--

INSERT INTO `student_main` VALUES (215,'1983',8,'เด็กหญิง','สุพัตรา','นามจำปา','1349901701509',2,'',9,0,1,2565,'3349900041277','2019-05-28'),(214,'1970',7,'เด็กชาย','ศักดิเดช','สุตาวงค์','1342200153576',1,'',9,0,1,2565,'3349900041277','2019-05-28'),(213,'2040',6,'เด็กชาย','ศรัณย์ภัทร','อุ่นจันทร์','1839902152105',1,'',9,0,1,2565,'3349900041277','2019-05-28'),(212,'1972',5,'เด็กชาย','ปรัตถกร','เปลี่ยนสันเทียะ','1749901328561',1,'',9,0,1,2565,'3349900041277','2019-05-28'),(233,'2067',1,'เด็กชาย','ธนะชัย','ชนะประสพ','1239900598080',1,'',6,0,2,2567,'3349900041277','2020-10-08'),(211,'1969',4,'เด็กชาย','สุกฤษฎา','ดวงแก้ว','1349901687085',1,'',9,0,1,2565,'3349900041277','2019-05-28'),(234,'2068',1,'เด็กชาย','ภูรินทร์  ','เขียวอ่อน','1110201454634',1,'',7,0,0,NULL,'3349900041277','2020-10-08'),(265,'2099',15,'เด็กหญิง','ขวัญจิรา','บัณฑิต','1347600132112',2,'',4,0,2,2567,'3349900041277','2022-12-26'),(203,'2003',7,'เด็กหญิง','ฐิตินันต์','นันทบรรณ์','1342200157091',2,'',9,0,1,2566,'3350400636842','2019-05-28'),(202,'2000',6,'เด็กหญิง','ธัญลักษณ์','นามวิชา','1342200155927',2,'',9,0,1,2566,'3350400636842','2019-05-28'),(200,'2005',5,'เด็กหญิง','ลัดฟ้า','คงบุญมี','1349901809415',2,'',9,0,1,2566,'3349900041277','2019-05-28'),(199,'2002',4,'เด็กหญิง','สุทธิตา','ธรรมนิยม','1349901808842',2,'',9,0,1,2566,'3349900041277','2019-05-28'),(198,'1999',3,'เด็กหญิง','พรชิตา','บุญเจริญ','1342200157776',2,'',9,0,1,2566,'3349900041277','2019-05-28'),(20,'1942',1,'เด็กชาย','ธนวินท์','บุญเจริญ','1342200147207',1,NULL,9,0,1,2563,'3341501533551','0000-00-00'),(21,'1943',2,'เด็กชาย','ตะวันฉาย','วันโย','1339900973416',1,NULL,9,0,1,2563,'3341501533551','0000-00-00'),(22,'1944',3,'เด็กชาย','ณัฐวุฒิ','ทิพย์รักษา','1103101002041',1,NULL,9,0,1,2563,'3341501533551','0000-00-00'),(23,'1945',4,'เด็กชาย','ธนากร','ดวงจำลอง','1103101009691',1,NULL,9,0,1,2563,'3341501533551','0000-00-00'),(24,'1946',5,'เด็กชาย','ณัฐรัฐ','อ่างคำหงษ์','1349901562312',1,NULL,9,0,1,2563,'3341501533551','0000-00-00'),(25,'1947',6,'เด็กชาย','สินอนันต์','บุญเสนอ','1342200147878',1,NULL,9,0,1,2563,'3341501533551','0000-00-00'),(26,'1948',7,'เด็กชาย','พีรพัฒน์','คำเพราะ','1349901579673',1,NULL,9,0,1,2563,'3341501533551','0000-00-00'),(27,'1949',8,'เด็กชาย','กตัญญู','พละศักดิ์','1331300150616',1,NULL,9,0,1,2563,'3341501533551','0000-00-00'),(28,'1950',9,'เด็กหญิง','ทัตพิชา','ทองลือ','1342200147215',2,NULL,9,0,1,2563,'3341501533551','0000-00-00'),(29,'1951',10,'เด็กหญิง','อินทิรา','แสนคำภา','1331300149421',2,NULL,9,0,1,2563,'3341501533551','0000-00-00'),(30,'1952',11,'เด็กหญิง','กัญญาวีร์','บุญเสนอ','1342200147517',2,NULL,9,0,1,2563,'3341501533551','0000-00-00'),(31,'1953',12,'เด็กหญิง','กมลลักษณ์','อุดหนุน','1349901578138',2,NULL,9,0,1,2563,'3341501533551','0000-00-00'),(32,'1954',13,'เด็กหญิง','กฤติยา','โคตรพิลา','1342200148637',2,NULL,9,0,1,2563,'3341501533551','0000-00-00'),(33,'1955',14,'เด็กหญิง','ปฑิตตา','อุทัยกรณ์','1342200149048',2,NULL,9,0,1,2563,'3341501533551','0000-00-00'),(239,'2073',7,'เด็กชาย','ธีรเดช','เชื้ออ่อน','1342200161200',1,'',9,0,0,NULL,'3349900041277','2020-10-08'),(240,'2074',1,'เด็กชาย','กิตติกวิน','เสนคำสอน','1349902104903',1,'',6,0,0,NULL,'3349900041277','2021-06-18'),(241,'2075',2,'เด็กชาย','ธีรภัทร','ไชยบำรุง','1349902123886',1,'',5,0,2,2567,'3349900041277','2021-06-18'),(242,'2076',3,'เด็กชาย','เศรษฐพงศ์','สีจันแสง','1342200166325',1,'',6,0,0,NULL,'3349900041277','2021-06-18'),(238,'2072',6,'เด็กหญิง','วันวิสา','อินทพรม','1209702979699',2,'',7,0,0,NULL,'3349900041277','2020-10-08'),(237,'2071',5,'เด็กหญิง','รุจาภา  ','คนตรง','1349902084384',2,'',7,0,0,NULL,'3349900041277','2020-10-08'),(236,'2070',4,'เด็กหญิง','ชนัญขิดา  ','อินทพรม','1347600115455',2,'',7,0,0,NULL,'3349900041277','2020-10-08'),(235,'2069',3,'เด็กชาย','อาทิวราห์  ','ทองภามี','1349902079780',1,'',7,0,0,0,'3349900041277','2020-10-08'),(48,'1903',1,'เด็กชาย','ไชยวัฒน์','สารภาพ','1342200140831',1,NULL,9,0,1,2561,'3341501533551','0000-00-00'),(49,'1904',2,'เด็กชาย','ภริพัฒน์','สายเสน','1342200141004',1,NULL,9,0,1,2561,'3341501533551','0000-00-00'),(50,'1905',3,'เด็กชาย','ณัฐพัฒน์','สายเสน','1331300145639',1,NULL,9,0,1,2561,'3341501533551','0000-00-00'),(51,'1906',4,'เด็กชาย','ชัยวัฒน์','ปรัสพันธ์','1349901442759',1,NULL,9,0,1,2561,'3341501533551','0000-00-00'),(52,'1908',5,'เด็กชาย','จิรวัฒน์','อินทพรม','1349901447947',1,NULL,9,0,1,2561,'3341501533551','0000-00-00'),(53,'1909',6,'เด็กชาย','ดรัณภพ','บุญเสนอ','1342200142965',1,NULL,9,0,1,2561,'3341501533551','0000-00-00'),(54,'1910',7,'เด็กชาย','ชนาธิป','เขียวอ่อน','1349901457900',1,NULL,9,0,1,2561,'3341501533551','0000-00-00'),(55,'1911',8,'เด็กชาย','ธีรวงศ์','ทองนาค','1331300147062',1,NULL,9,0,1,2561,'3341501533551','0000-00-00'),(56,'1912',10,'เด็กหญิง','บัณฑิตา','กองพงษ์','1342200140750',2,NULL,9,0,1,2561,'3341501533551','0000-00-00'),(57,'1915',11,'เด็กหญิง','อลิษา','สาเกตุ','1349901412655',2,NULL,9,0,1,2561,'3341501533551','0000-00-00'),(58,'1917',12,'เด็กหญิง','กิริญาภรณ์','กุลบุตร','1349901420763',2,NULL,9,0,1,2561,'3341501533551','0000-00-00'),(59,'1918',13,'เด็กหญิง','สาวิตรี','จันทร์โสภา','1349901423207',2,NULL,9,0,1,2561,'3341501533551','0000-00-00'),(60,'1919',14,'เด็กหญิง','นภัสสร','สายเสน','1349901427351',2,NULL,9,0,1,2561,'3341501533551','0000-00-00'),(61,'1920',15,'เด็กหญิง','จุฬารักษ์','อินทพรม','1349901428837',2,NULL,9,0,1,2561,'3341501533551','0000-00-00'),(62,'1921',16,'เด็กหญิง','รัญชิดา','เทนโสภา','1342200142337',2,NULL,9,0,1,2561,'3341501533551','0000-00-00'),(63,'1922',17,'เด็กหญิง','กานติมา','อังคะโส','1349901444476',2,NULL,9,0,1,2561,'3341501533551','0000-00-00'),(64,'1923',18,'เด็กหญิง','อารียา','สะเทินลำ','1349901444948',2,NULL,9,0,1,2561,'3341501533551','0000-00-00'),(65,'1924',19,'เด็กหญิง','ดลยา','ไวยวรรณ์','1342200142809',2,NULL,9,0,1,2561,'3341501533551','0000-00-00'),(66,'1925',20,'เด็กหญิง','น้ำฝน','อุทัยกรณ์','1749700151214',2,NULL,9,0,1,2561,'3341501533551','0000-00-00'),(67,'1926',21,'เด็กหญิง','วิภาชินี','ไชยโพธิ์','1349901463250',2,NULL,9,0,1,2561,'3341501533551','0000-00-00'),(68,'1927',9,'เด็กชาย','ศิตายุ','สายบัว','1331300145400',1,NULL,9,0,1,2561,'3341501533551','0000-00-00'),(178,'2061',19,'เด็กหญิง','วิมลสิริ','นันทบรรณ์','1342200162125',2,'',8,0,0,NULL,'3349900041277','2019-05-28'),(177,'2060',18,'เด็กหญิง','พัทธ์ธีรา','อัมภรัตน์','1339901289608',2,'',8,0,0,NULL,'3349900041277','2019-05-28'),(176,'2059',17,'เด็กหญิง','พัทธ์ธีรา','ศักดิ์สิงห์','1342200163709',2,'',8,0,0,NULL,'3349900041277','2019-05-28'),(175,'2058',16,'เด็กหญิง','ไปรยา','คงคา','1342200163407',2,'',8,0,0,NULL,'3349900041277','2019-05-28'),(174,'2057',15,'เด็กหญิง','ปิยนุช','สิงหาเวช','1342200163237',2,'',8,0,0,NULL,'3349900041277','2019-05-28'),(173,'2056',14,'เด็กหญิง','ธัญยพร','สีดา','1349901956990',2,'',8,0,0,NULL,'3349900041277','2019-05-28'),(172,'2055',13,'เด็กหญิง','ฐานิสา','ทองลือ','1331300157734',2,'',8,0,0,NULL,'3350400636842','2019-05-28'),(171,'2054',12,'เด็กหญิง','ชีวาพร','ดวงไชย','1342200162460',2,'',8,0,0,NULL,'3350400636842','2019-05-28'),(170,'2053',11,'เด็กหญิง','จิรัชญา','จิตวงค์','1342200162745',2,'',8,0,0,NULL,'3350400636842','2019-05-28'),(169,'2052',10,'เด็กชาย','สิทธินนท์','บุญเจริญ','1349901996231',1,'',8,0,0,NULL,'3350400636842','2019-05-28'),(168,'2051',9,'เด็กชาย','วรันณ์ธร','บุญมารอง','1110201442539',1,'',8,0,0,NULL,'3350400636842','2019-05-28'),(167,'2050',8,'เด็กชาย','วงศกร','สายเสน','1102004599810',1,'',4,0,2,2564,'3350400636842','2019-05-28'),(166,'2049',7,'เด็กชาย','ภัทรเดช','ศักดิ์สิงห์','1339700076836',1,'',8,0,0,NULL,'3350400636842','2019-05-28'),(159,'2021',4,'เด็กชาย','ชัยทัศน์','ทองภามี','1347600037454',1,'modules/student_main/picture/pic_2021.jpg',9,0,1,2564,'3259700098870','2018-02-08'),(113,'1995',1,'เด็กชาย','กวินวัฒน์','ภูมะลี','1349901778994',1,'',9,0,1,2566,'3350400636842','2016-06-28'),(114,'1996',2,'เด็กชาย','ณัฐพร','สายเสน','1349901804901',1,'',9,0,1,2566,'3350400636842','2016-06-28'),(180,'2022',5,'เด็กชาย','นนทวัฒน์','รองทอง','1347600079556',1,'',7,0,2,2567,'3350400636842','2019-05-28'),(165,'2048',6,'เด็กชาย','ปีติภัทร','คำล้วน','1347600093770',1,'',8,0,0,NULL,'3350400636842','2019-05-28'),(164,'2047',5,'เด็กชาย','ธีรพัฒน์','คงบุญมี','1339901269909',1,'',8,0,0,NULL,'3350400636842','2019-05-28'),(163,'2046',4,'เด็กชาย','ธันวา','จิตรโภคา','1342200163920',1,'',8,0,0,NULL,'3350400636842','2019-05-28'),(162,'2045',3,'เด็กชาย','ธนพล','นามวงษา','1342200162915',1,'',5,0,2,2565,'3350400636842','2019-05-28'),(161,'2044',2,'เด็กชาย','ณัฐกร','บุญเสนอ','1349901960466',1,'',8,0,0,NULL,'3349900041277','2019-05-28'),(160,'2043',1,'เด็กชาย','กันย์ธสิฎฐ์','สายเสน','1102004574060',1,'',8,0,0,NULL,'3349900041277','2019-05-28'),(124,'1992',22,'เด็กชาย','ณัฐวุฒิ','สุวรรณะ','1110301426764',1,'',9,0,1,2561,'3341501533551','2016-06-28'),(210,'1968',3,'เด็กชาย','ธนภัทร','สายเสน','1349901683209',1,'',9,0,1,2565,'3349900041277','2019-05-28'),(208,'1971',1,'เด็กชาย','พงศภัค','บุดดีเสาร์','1349901697056',1,'',9,0,1,2565,'3349900041277','2019-05-28'),(206,'2063',15,'เด็กหญิง','วิจิตรา','วงษ์ชมพู','1319200098741',2,'',9,0,1,2563,'3349900041277','2019-05-28'),(128,'1961',6,'เด็กหญิง','พาฝัน','สิงหาเวช','1349901639854',2,'modules/student_main/picture/pic_1961.jpg',9,0,1,2564,'3259700098870','2016-06-28'),(129,'1962',7,'เด็กหญิง','อรณิชา','อัมภรัตน์','1342200150402',2,'modules/student_main/picture/pic_1962.jpg',9,0,1,2564,'3259700098870','2016-06-28'),(130,'1963',8,'เด็กหญิง','สรัญรัตน์','ไชยโพธิ์','1342200150861',2,'modules/student_main/picture/pic_1963.jpg',9,0,1,2564,'3259700098870','2016-06-28'),(131,'1965',9,'เด็กหญิง','ชฎานิตา','สายเสน','1342200150364',2,'modules/student_main/picture/pic_1965.jpg',9,0,1,2564,'3259700098870','2016-06-28'),(209,'1967',2,'เด็กชาย','ปริชญา','กาลเมฆ','1331300152678',1,'',9,0,1,2565,'3349900041277','2019-05-28'),(227,'1958',1,'เด็กชาย','พุฒินันท์','ทิพย์รักษา','1349901646362',1,'modules/student_main/picture/pic_1958.jpg',9,0,1,2564,'3259700098870','2019-05-28'),(201,'1998',6,'เด็กหญิง','วลัยลักษณ์','บัวหลาย','1331300154531',2,'',6,0,2,2563,'3349900041277','2019-05-28'),(144,'2006',1,'เด็กชาย','รณกร','โคตพิลา','1349901860755',1,'',9,0,1,2567,'3349900041277','2018-02-07'),(145,'2007',2,'เด็กชาย','ศุกลวัฒน์','สะเทินลำ','1349901836595',1,'',6,0,2,2565,'3349900041277','2018-02-07'),(146,'2008',3,'เด็กชาย','ฐิติวัสส์','สายเสน','1103101202865',1,'',9,0,1,2567,'3349900041277','2018-02-07'),(147,'2009',4,'เด็กชาย','อิทธิพัทธ์','เขียวอ่อน','1347600077103',1,'',9,0,1,2567,'3349900041277','2018-02-07'),(148,'2010',5,'เด็กชาย','สิรภพ','สืบสิมมา','1331300156096',1,'',9,0,1,2567,'3349900041277','2018-02-07'),(149,'2011',6,'เด็กชาย','ณัฐวุฒิ','สิงหาเวช','1349901815971',1,'',9,0,1,2567,'3349900041277','2018-02-07'),(150,'2012',7,'เด็กชาย','นวพล','ทองลือ','1331300155260',1,'',9,0,1,2567,'3349900041277','2018-02-07'),(151,'2013',8,'เด็กชาย','ณัฐณภัทร','บุคำ','1331300155367',1,'',9,0,1,2567,'3349900041277','2018-02-07'),(152,'2014',9,'เด็กชาย','อภิชัย','บุญสะอาด','1749901442968',1,'',9,0,1,2567,'3349900041277','2018-02-07'),(153,'1015',10,'เด็กชาย','ทิวากร','นามจันดี','1349901875167',1,'',9,0,1,2567,'3349900041277','2018-02-07'),(154,'2016',11,'เด็กหญิง','นันทัชพร','ทิพย์รักษา','1349901866117',2,'',9,0,1,2567,'3259700098870','2018-02-07'),(274,'2017',12,'เด็กหญิง','อรการ','เคนมี','1347600064311',2,'',9,0,1,2567,'3350400636842','2023-05-18'),(156,'2018',13,'เด็กหญิง','ปวริศา','บัวลา','1342200160131',2,'',9,0,1,2567,'3259700098870','2018-02-07'),(157,'2019',14,'เด็กหญิง','ภัทรดารา','ไชยโพธิ์','1331300155731',2,'',7,0,2,2565,'3259700098870','2018-02-07'),(158,'2020',15,'เด็กหญิง','อรนุช','สุขเณร','1539901162171',2,'',7,0,2,2566,'3259700098870','2018-02-07'),(179,'2062',20,'เด็กหญิง','สิราวรรณ','เมฆอรุณ','1342200163423',2,'',8,0,0,NULL,'3349900041277','2019-05-28'),(181,'2023',4,'เด็กชาย','กฤตภาส','บุญเสนอ','1331300156231',1,'',9,0,0,NULL,'3349900041277','2019-05-28'),(182,'2024',3,'เด็กชาย','ศุภชัย','กุลบุตรดี','1342200160661',1,'',9,0,0,NULL,'3349900041277','2019-05-28'),(183,'2025',2,'เด็กชาย','ภัคพงษ์','นามจำปา','1349901903021',1,'',9,0,0,NULL,'3349900041277','2019-05-28'),(184,'2026',1,'เด็กชาย','ปฐมพร','สายเสน','1349901942999',1,'',9,0,0,NULL,'3349900041277','2019-05-28'),(185,'2027',6,'เด็กชาย','ภูชิต','กิ่งสุข','1342200161820',1,'',9,0,0,NULL,'3349900041277','2019-05-28'),(186,'2028',8,'เด็กหญิง','ยิ่งลักษณ์','อัมภรัตน์','1342200160386',2,'',9,0,0,NULL,'3349900041277','2019-05-28'),(187,'2029',18,'เด็กหญิง','ศรัณย์ฉัตร','พูลผล','1349901892959',2,'',9,0,0,NULL,'3349900041277','2019-05-28'),(188,'2030',16,'เด็กหญิง','ศุรัติกาญจน์','แก้วสง่า','1347600079394',2,'',9,0,0,NULL,'3349900041277','2019-05-28'),(189,'2031',9,'เด็กหญิง','กัญญ์วรา','คำเพราะ','1349901901664',2,'',6,0,2,2566,'3349900041277','2019-05-28'),(190,'2032',15,'เด็กหญิง','วรัญญา','เพ็งอ่อนเนตร','1349901924001',2,'',9,0,0,NULL,'3349900041277','2019-05-28'),(191,'2033',10,'เด็กหญิง','ฑิฆัมพร','สายเสน','1349901925831',2,'',9,0,0,NULL,'3349900041277','2019-05-28'),(192,'2034',17,'เด็กหญิง','กชวรรณ','อ่างคำหงษ์','1342200161501',2,'',9,0,0,NULL,'3349900041277','2019-05-28'),(193,'2035',14,'เด็กหญิง','อนัฐชา','แสนคำภา','1349901933850',2,'',9,0,0,NULL,'3349900041277','2019-05-28'),(195,'2037',13,'เด็กหญิง','นันทิยา','บุรารัตน์','1348900329290',2,'',9,0,0,0,'3349900041277','2019-05-28'),(196,'2038',12,'เด็กหญิง','ภิรัญญา','จันทร์ละออ','1349901950851',2,'',9,0,0,NULL,'3349900041277','2019-05-28'),(197,'2039',11,'เด็กหญิง','ทิชานันท์','สายเสน','1349901953451',2,'',9,0,0,NULL,'3349900041277','2019-05-28'),(216,'1979',9,'เด็กหญิง','เมธาพร','รมพันธ์','1349901696939',2,'',9,0,1,2565,'3349900041277','2019-05-28'),(217,'1980',10,'เด็กหญิง','ศศิกานต์','อ่างคำหงษ์','1331300153569',2,'',9,0,1,2565,'3349900041277','2019-05-28'),(218,'1981',11,'เด็กหญิง','รัชฎาภรณ์','สมานพง','1749901327841',2,'',9,0,1,2565,'3349900041277','2019-05-28'),(219,'1982',12,'เด็กหญิง','จิราพัชร','ศักดิ์สิงห์','1339700059974',2,'',9,0,1,2565,'3349900041277','2019-05-28'),(220,'1973',13,'เด็กหญิง','อลิสา','อุ่นจันทร์','1342200153983',2,'',9,0,1,2565,'3349900041277','2019-05-28'),(221,'1974',14,'เด็กหญิง','ธนพร','ดวงจำลอง','1129800179795',2,'',9,0,1,2565,'3349900041277','2019-05-28'),(222,'1975',15,'เด็กหญิง','เกตสรา','สุนแก้ว','1749901337501',2,'',9,0,1,2565,'3349900041277','2019-05-28'),(223,'1976',16,'เด็กหญิง','เบญญาภา','บุญบุตร','1349901723596',2,'',9,0,1,2565,'3349900041277','2019-05-28'),(224,'1977',17,'เด็กหญิง','ศศินา','กิ่งวงษา','1104000287874',2,'',9,0,1,2565,'3349900041277','2019-05-28'),(225,'1978',18,'เด็กหญิง','เพ็ญพิชชา','สายเสน','1331300153682',2,'',9,0,1,2565,'3349900041277','2019-05-28'),(226,'2041',19,'เด็กหญิง','ปัทมา','คำเพราะ','1349901694979',2,'',7,0,2,2563,'3349900041277','2019-05-28'),(228,'1959',2,'เด็กชาย','สุวัฒน์','ธรรมนิยม','1349901610511',1,'modules/student_main/picture/pic_1959.jpg',9,0,1,2564,'3259700098870','2019-05-28'),(230,'2042',5,'เด็กชาย','ปรัชญา','คำเพราะ','1349901632248',1,'modules/student_main/picture/pic_2042.jpg',8,0,2,2563,'3259700098870','2019-05-28'),(231,'1994',10,'เด็กหญิง','บัณฑิตา','โคตพิลา','1349901695525',2,'modules/student_main/picture/pic_1994.jpg',9,0,1,2564,'3259700098870','2019-05-28'),(232,'2066',11,'เด็กหญิง','ปาริชาติ','คำเพราะ','1349901632256',2,'modules/student_main/picture/pic_2066.jpg',8,0,2,2563,'3259700098870','2019-05-28'),(243,'2077',4,'เด็กชาย','สิทธิลักษณ์','แฝงสุต','1749901611751',1,'',6,0,0,NULL,'3349900041277','2021-06-18'),(244,'2078',5,'เด็กหญิง','กัญญพัชร','แนวคำดี','1349902139316',2,'',6,0,0,NULL,'3349900041277','2021-06-18'),(245,'2079',6,'เด็กหญิง','ถาวรีย์','โคตรพิลา','1349902091704',2,'',6,0,0,NULL,'3349900041277','2021-06-18'),(246,'2080',21,'เด็กชาย','กวินทร์ภัทร','เสนคำสอน','1331300157661',1,'',6,0,2,2566,'3349900041277','2021-06-18'),(247,'2081',22,'เด็กชาย','กันตพงศ์','อุดหนุน','1347600104496',1,'',8,0,0,NULL,'3349900041277','2021-06-18'),(248,'2082',23,'เด็กหญิง','ณัฐกาญจน์','สายบัว','1342200164497',2,'',8,0,0,NULL,'3349900041277','2021-06-18'),(249,'2083',2,'เด็กชาย','ธนวัฒน์','สายเสน','1339700078162',1,'',7,0,0,NULL,'3349900041277','2022-05-18'),(250,'2084',9,'เด็กชาย','ณัฐภูมิ','ชาติเชื้อ','1409903996009',1,'',9,0,2,2566,'3350400636842','2022-05-18'),(266,'2100',16,'เด็กชาย','วิวัฒน์ชัย','ดัชถุยาวัตร','1349902214032',1,'',5,0,0,NULL,'3349900041277','2022-12-26'),(252,'2086',2,'เด็กชาย','คุณากร','ดวงงอก','1349902168308',1,'',5,0,0,NULL,'3349900041277','2022-05-18'),(253,'2087',3,'เด็กชาย','ฐิติศักดิ์','นันทบรรณ์','1342200068269',1,'',5,0,0,NULL,'3349900041277','2022-05-18'),(254,'2088',4,'เด็กชาย','ภาคิน','สายเสน','1347600135081',1,'',5,0,0,NULL,'3349900041277','2022-05-18'),(255,'2089',5,'เด็กชาย','เมธาวิน','เขียวอ่อน','1341501618232',1,'',5,0,0,NULL,'3349900041277','2022-05-18'),(256,'2090',6,'เด็กชาย','วรพล','บุญเสนอ','1347600132881',1,'',5,0,0,NULL,'3349900041277','2022-05-18'),(257,'2091',7,'เด็กชาย','อดิศักดิ์','สายเสน','1341501619751',1,'',5,0,0,NULL,'3349900041277','2022-05-18'),(281,'2124',8,'เด็กชาย','นภัสดล','อัมภรัตน์','1331300157629',1,'',8,0,0,NULL,'3349900041277','2024-05-20'),(280,'2123',3,'เด็กชาย','พิริยกร','วอทอง','1349902033798',1,'',8,0,0,NULL,'3349900041277','2024-05-20'),(279,'2121',9,'เด็กหญิง','กันต์ฤทัย','วอทอง','1349902219760',2,'',5,0,0,NULL,'3349900041277','2024-05-20'),(261,'2095',11,'เด็กหญิง','บุญธิดา','สายเสน','1341501620547',2,'',4,0,2,2567,'3350400636842','2022-05-18'),(262,'2096',12,'เด็กหญิง','ศรินทิพย์','ศักดิ์สิงห์','1349902199734',2,'',5,0,0,NULL,'3349900041277','2022-05-18'),(263,'2097',13,'เด็กหญิง','อรกท','สุขเณร','1539901304761',2,'',2,0,2,2566,'3350400636842','2022-05-18'),(264,'2098',14,'เด็กหญิง','อินทิรา','เสนคำสอน','1349901420682',2,'',4,0,2,2567,'3350400636842','2022-05-18'),(267,'2101',1,'เด็กชาย','ธนกร','พรมศรี','1348900491909',1,'',4,0,2,2568,'3349900041277','2023-05-18'),(268,'2102',2,'เด็กชาย','นพดล','สิงหาเวช','1341501640939',1,'',4,0,0,NULL,'3349900041277','2023-05-18'),(269,'2103',3,'เด็กชาย','ภูวดล','ไชยพิเดช','1342200168646',1,'',4,0,0,NULL,'3349900041277','2023-05-18'),(270,'2104',4,'เด็กหญิง','ณัฏฐณิชา','หนุนวงค์','1103400436868',2,'',4,0,0,NULL,'3349900041277','2023-05-18'),(271,'2105',5,'เด็กหญิง','น้ำหนึ่ง','อู่แก้ว','1341501632049',2,'',4,0,0,NULL,'3349900041277','2023-05-18'),(272,'2106',6,'เด็กหญิง','ศศิชาดา','คงเวทย์','1341501627690',2,'',4,0,0,NULL,'3349900041277','2023-05-18'),(275,'2108',7,'เด็กชาย','ชัยกมล','สีลาเสร็จ','1339901506323',1,'',4,0,0,NULL,'3349900041277','2023-11-04'),(276,'2109',8,'เด็กหญิง','กรรณิกา','แนบเนียม','1118700343096',2,'',4,0,0,NULL,'3349900041277','2023-11-04'),(277,'2110',7,'เด็กชาย','ยุทธการ','จำปาทอง','1379900622974',1,'',5,0,2,2567,'3349900041277','2024-01-11'),(278,'2122',6,'เด็กหญิง','แก้วจอมขวัญ','ศรีพรหม','1349902129655',2,'',6,0,0,NULL,'3349900041277','2024-05-20'),(282,'2125',19,'เด็กหญิง','จุฑามาศ','ไชยพิมพ์','1349901952412',2,'',9,0,0,NULL,'3349900041277','2024-05-20'),(283,'2111',1,'เด็กชาย','กิติธีรเดช','ศักดิ์สิงห์','1331300160441',1,'',3,0,0,NULL,'3349900041277','2024-05-21'),(284,'2112',2,'เด็กชาย','คุณภัทร','สีลาเสร็จ','1341501652589',1,'',3,0,0,NULL,'3349900041277','2024-05-21'),(285,'2113',3,'เด็กชาย','วรายุทธ','เทนโสภา','1349902330857',1,'',3,0,0,NULL,'3349900041277','2024-05-21'),(286,'2114',4,'เด็กชาย','ดำรงฤทธิ์','คำแสนหมื่น','1342200169057',1,'',3,0,0,NULL,'3349900041277','2024-05-21'),(287,'2115',5,'เด็กชาย','ธนบดี','ไชยกุมาร','1347600154299',1,'',3,0,0,NULL,'3349900041277','2024-05-21'),(288,'2116',6,'เด็กชาย','นรวิชญ์','อัมภรัตน์','1341501653747',1,'',3,0,0,NULL,'3349900041277','2024-05-21'),(289,'2117',7,'เด็กชาย','ชนกันต์','การดี','1349902327040',1,'',3,0,0,NULL,'3349900041277','2024-05-21'),(290,'2118',8,'เด็กหญิง','ขรินทิพย์','ปลื้มจิต','1341501647992',2,'',3,0,0,NULL,'3349900041277','2024-05-21'),(291,'2119',9,'เด็กหญิง','วริศรา','พิมชัย','1342200169219',2,'',3,0,0,NULL,'3349900041277','2024-05-21'),(292,'2120',10,'เด็กหญิง','อริสรา','สายเสน','1341501648646',2,'',3,0,0,NULL,'3349900041277','2024-05-21'),(293,'2126',1,'เด็กชาย','กิตติศักดิ์  ','บุตรเพ็ง','1342200169871',1,'',2,0,0,NULL,'3349900041277','2025-05-22'),(294,'2127',2,'เด็กชาย','ณัฐกรณ์','ผัดดี','1368400251879',1,'',2,0,0,NULL,'3349900041277','2025-05-22'),(295,'2128',3,'เด็กชาย','ทนาพัฒน์','บุรารัตน์','1346400009600',1,'',2,0,0,NULL,'3349900041277','2025-05-22'),(296,'2129',4,'เด็กชาย','พัชรพล','อุดมพันธ์','1346400000203',1,'',2,0,0,NULL,'3349900041277','2025-05-22'),(297,'2130',5,'เด็กหญิง','กวินลดา','เสนคำสอน','1346400009731',2,'',2,0,0,NULL,'3349900041277','2025-05-22'),(298,'2131',6,'เด็กหญิง','ณัฐิดา','สาลี','1346400013232',2,'',2,0,0,NULL,'3349900041277','2025-05-22'),(299,'2132',7,'เด็กหญิง','ธนัชญา','บุตนิจ','1342200170501',2,'',2,0,0,NULL,'3349900041277','2025-05-22'),(300,'2133',11,'เด็กหญิง','นิชาภา','สุนแก้ว','1749901738069',2,'',3,0,0,NULL,'3349900041277','2025-05-22'),(301,'2134',9,'เด็กชาย','ปรัชญา','อรัญทอง','1200601604527',1,'',4,0,0,NULL,'3349900041277','2025-05-22'),(302,'2135',10,'เด็กหญิง','พรรณวรท','พรมพิลา','1341501631867',2,'',4,0,0,NULL,'3349900041277','2025-05-22'),(303,'2136',11,'เด็กชาย','กิตติธร','สิงห์สนั่น','1341501612773',1,'',5,0,0,NULL,'3349900041277','2025-05-22'),(304,'2137',23,'เด็กชาย','พีรพัฒน์','พรมพิลา','1349902021285',1,'',8,0,0,NULL,'3349900041277','2025-05-22');

--
-- Table structure for table `student_main_class`
--

CREATE TABLE `student_main_class` (
  `id` int(11) NOT NULL AUTO_INCREMENT,
  `class_code` tinyint(4) NOT NULL,
  `class_name` varchar(150) NOT NULL,
  PRIMARY KEY (`id`),
  UNIQUE KEY `class_code` (`class_code`)
) ENGINE=MyISAM AUTO_INCREMENT=9 DEFAULT CHARSET=utf8 COLLATE=utf8_general_ci;

--
-- Dumping data for table `student_main_class`
--

INSERT INTO `student_main_class` VALUES (1,2,'อนุบาล2'),(2,3,'อนุุบาล3'),(3,4,'ประถมศึกษาปีที่1'),(4,5,'ประถมศึกษาปีที่2'),(5,6,'ประถมศึกษาปีที่3'),(6,7,'ประถมศึกษาปีที่4'),(7,8,'ประถมศึกษาปีที่5'),(8,9,'ประถมศึกษาปีที่6');

--
-- Table structure for table `student_main_classlog`
--

CREATE TABLE `student_main_classlog` (
  `id` int(11) NOT NULL AUTO_INCREMENT,
  `ed_year` int(11) NOT NULL,
  `student_id` varchar(7) NOT NULL,
  `student_number` int(11) DEFAULT NULL,
  `class_code` tinyint(4) NOT NULL,
  `room` tinyint(4) DEFAULT 0,
  `officer` varchar(13) NOT NULL,
  `rec_date` date NOT NULL,
  PRIMARY KEY (`id`)
) ENGINE=MyISAM AUTO_INCREMENT=842 DEFAULT CHARSET=utf8 COLLATE=utf8_general_ci;

--
-- Dumping data for table `student_main_classlog`
--

INSERT INTO `student_main_classlog` VALUES (1,2559,'1995',1,2,1,'3259700098870','2018-02-05'),(2,2559,'1996',2,2,1,'3259700098870','2018-02-05'),(3,2559,'1997',3,2,1,'3259700098870','2018-02-05'),(4,2559,'1994',4,2,1,'3259700098870','2018-02-05'),(5,2559,'1999',5,2,1,'3259700098870','2018-02-05'),(6,2559,'2000',6,2,1,'3259700098870','2018-02-05'),(7,2559,'2001',7,2,1,'3259700098870','2018-02-05'),(8,2559,'2002',8,2,1,'3259700098870','2018-02-05'),(9,2559,'2003',9,2,1,'3259700098870','2018-02-05'),(10,2559,'2004',10,2,1,'3259700098870','2018-02-05'),(11,2559,'2005',11,2,1,'3259700098870','2018-02-05'),(12,2559,'1966',0,3,0,'3259700098870','2018-02-05'),(13,2559,'1967',0,3,0,'3259700098870','2018-02-05'),(14,2559,'1968',0,3,0,'3259700098870','2018-02-05'),(15,2559,'1969',0,3,0,'3259700098870','2018-02-05'),(16,2559,'1970',0,3,0,'3259700098870','2018-02-05'),(17,2559,'1971',0,3,0,'3259700098870','2018-02-05'),(18,2559,'1972',0,3,0,'3259700098870','2018-02-05'),(19,2559,'1973',0,3,0,'3259700098870','2018-02-05'),(20,2559,'1974',0,3,0,'3259700098870','2018-02-05'),(21,2559,'1975',0,3,0,'3259700098870','2018-02-05'),(22,2559,'1976',0,3,0,'3259700098870','2018-02-05'),(23,2559,'1977',0,3,0,'3259700098870','2018-02-05'),(24,2559,'1978',0,3,0,'3259700098870','2018-02-05'),(25,2559,'1979',0,3,0,'3259700098870','2018-02-05'),(26,2559,'1980',0,3,0,'3259700098870','2018-02-05'),(27,2559,'1981',0,3,0,'3259700098870','2018-02-05'),(28,2559,'1982',0,3,0,'3259700098870','2018-02-05'),(29,2559,'1983',0,3,0,'3259700098870','2018-02-05'),(30,2559,'1984',0,3,0,'3259700098870','2018-02-05'),(31,2559,'1958',1,4,1,'3259700098870','2018-02-05'),(32,2559,'1959',2,4,1,'3259700098870','2018-02-05'),(33,2559,'1960',3,4,1,'3259700098870','2018-02-05'),(34,2559,'1961',4,4,1,'3259700098870','2018-02-05'),(35,2559,'1962',5,4,1,'3259700098870','2018-02-05'),(36,2559,'1963',6,4,1,'3259700098870','2018-02-05'),(37,2559,'1965',7,4,1,'3259700098870','2018-02-05'),(38,2559,'1990',8,4,1,'3259700098870','2018-02-05'),(39,2559,'1991',9,4,1,'3259700098870','2018-02-05'),(40,2559,'1993',10,4,1,'3259700098870','2018-02-05'),(41,2559,'1988',11,4,1,'3259700098870','2018-02-05'),(42,2559,'1998',12,4,1,'3259700098870','2018-02-05'),(43,2559,'1942',0,5,0,'3259700098870','2018-02-05'),(44,2559,'1943',0,5,0,'3259700098870','2018-02-05'),(45,2559,'1944',0,5,0,'3259700098870','2018-02-05'),(46,2559,'1945',0,5,0,'3259700098870','2018-02-05'),(47,2559,'1946',0,5,0,'3259700098870','2018-02-05'),(48,2559,'1947',0,5,0,'3259700098870','2018-02-05'),(49,2559,'1948',0,5,0,'3259700098870','2018-02-05'),(50,2559,'1949',0,5,0,'3259700098870','2018-02-05'),(51,2559,'1950',0,5,0,'3259700098870','2018-02-05'),(52,2559,'1951',0,5,0,'3259700098870','2018-02-05'),(53,2559,'1952',0,5,0,'3259700098870','2018-02-05'),(54,2559,'1953',0,5,0,'3259700098870','2018-02-05'),(55,2559,'1954',0,5,0,'3259700098870','2018-02-05'),(56,2559,'1955',0,5,0,'3259700098870','2018-02-05'),(57,2559,'1957',0,5,0,'3259700098870','2018-02-05'),(58,2559,'1927',0,7,0,'3259700098870','2018-02-05'),(59,2559,'1992',22,7,0,'3259700098870','2018-02-05'),(60,2559,'1878',0,8,0,'3259700098870','2018-02-05'),(61,2559,'1879',0,8,0,'3259700098870','2018-02-05'),(62,2559,'1880',0,8,0,'3259700098870','2018-02-05'),(63,2559,'1881',0,8,0,'3259700098870','2018-02-05'),(64,2559,'1882',0,8,0,'3259700098870','2018-02-05'),(65,2559,'1883',0,8,0,'3259700098870','2018-02-05'),(66,2559,'1884',0,8,0,'3259700098870','2018-02-05'),(67,2559,'1885',0,8,0,'3259700098870','2018-02-05'),(68,2559,'1886',0,8,0,'3259700098870','2018-02-05'),(69,2559,'1887',0,8,0,'3259700098870','2018-02-05'),(70,2559,'1888',0,8,0,'3259700098870','2018-02-05'),(71,2559,'1889',0,8,0,'3259700098870','2018-02-05'),(72,2559,'1890',0,8,0,'3259700098870','2018-02-05'),(73,2559,'1891',0,8,0,'3259700098870','2018-02-05'),(74,2559,'1892',0,8,0,'3259700098870','2018-02-05'),(75,2559,'1893',0,8,0,'3259700098870','2018-02-05'),(76,2559,'1894',0,8,0,'3259700098870','2018-02-05'),(77,2559,'1895',0,8,0,'3259700098870','2018-02-05'),(78,2559,'1896',0,8,0,'3259700098870','2018-02-05'),(79,2559,'1902',0,8,0,'3259700098870','2018-02-05'),(80,2559,'1985',0,8,0,'3259700098870','2018-02-05'),(81,2559,'1855',0,9,0,'3259700098870','2018-02-05'),(82,2559,'1856',0,9,0,'3259700098870','2018-02-05'),(83,2559,'1857',0,9,0,'3259700098870','2018-02-05'),(84,2559,'1858',0,9,0,'3259700098870','2018-02-05'),(85,2559,'1859',0,9,0,'3259700098870','2018-02-05'),(86,2559,'1860',0,9,0,'3259700098870','2018-02-05'),(87,2559,'1861',0,9,0,'3259700098870','2018-02-05'),(88,2559,'1862',0,9,0,'3259700098870','2018-02-05'),(89,2559,'1863',0,9,0,'3259700098870','2018-02-05'),(90,2559,'1864',0,9,0,'3259700098870','2018-02-05'),(91,2559,'1865',0,9,0,'3259700098870','2018-02-05'),(92,2559,'1867',0,9,0,'3259700098870','2018-02-05'),(93,2559,'1868',0,9,0,'3259700098870','2018-02-05'),(94,2559,'1869',0,9,0,'3259700098870','2018-02-05'),(95,2559,'1870',0,9,0,'3259700098870','2018-02-05'),(96,2559,'1871',0,9,0,'3259700098870','2018-02-05'),(97,2559,'1872',0,9,0,'3259700098870','2018-02-05'),(98,2559,'1873',0,9,0,'3259700098870','2018-02-05'),(99,2559,'1874',0,9,0,'3259700098870','2018-02-05'),(100,2559,'1875',0,9,0,'3259700098870','2018-02-05'),(101,2559,'1941',0,9,0,'3259700098870','2018-02-05'),(102,2559,'1986',0,9,0,'3259700098870','2018-02-05'),(103,2559,'1934',0,6,0,'3259700098870','2018-02-05'),(104,2559,'1935',0,6,0,'3259700098870','2018-02-05'),(105,2559,'1936',0,6,0,'3259700098870','2018-02-05'),(106,2559,'1937',0,6,0,'3259700098870','2018-02-05'),(107,2559,'1938',0,6,0,'3259700098870','2018-02-05'),(108,2559,'1939',0,6,0,'3259700098870','2018-02-05'),(109,2559,'1987',0,6,0,'3259700098870','2018-02-05'),(110,2559,'1903',0,7,0,'3259700098870','2018-02-05'),(111,2559,'1904',0,7,0,'3259700098870','2018-02-05'),(112,2559,'1905',0,7,0,'3259700098870','2018-02-05'),(113,2559,'1906',0,7,0,'3259700098870','2018-02-05'),(114,2559,'1908',0,7,0,'3259700098870','2018-02-05'),(115,2559,'1909',0,7,0,'3259700098870','2018-02-05'),(116,2559,'1910',0,7,0,'3259700098870','2018-02-05'),(117,2559,'1911',0,7,0,'3259700098870','2018-02-05'),(118,2559,'1912',0,7,0,'3259700098870','2018-02-05'),(119,2559,'1915',0,7,0,'3259700098870','2018-02-05'),(120,2559,'1917',0,7,0,'3259700098870','2018-02-05'),(121,2559,'1918',0,7,0,'3259700098870','2018-02-05'),(122,2559,'1919',0,7,0,'3259700098870','2018-02-05'),(123,2559,'1920',0,7,0,'3259700098870','2018-02-05'),(124,2559,'1921',0,7,0,'3259700098870','2018-02-05'),(125,2559,'1922',0,7,0,'3259700098870','2018-02-05'),(126,2559,'1923',0,7,0,'3259700098870','2018-02-05'),(127,2559,'1924',0,7,0,'3259700098870','2018-02-05'),(128,2559,'1925',0,7,0,'3259700098870','2018-02-05'),(129,2559,'1926',0,7,0,'3259700098870','2018-02-05'),(130,2561,'1904',2,9,0,'3349900041277','2019-05-28'),(131,2561,'1905',3,9,0,'3349900041277','2019-05-28'),(132,2561,'1906',4,9,0,'3349900041277','2019-05-28'),(133,2561,'1908',5,9,0,'3349900041277','2019-05-28'),(134,2561,'1909',6,9,0,'3349900041277','2019-05-28'),(135,2561,'1910',7,9,0,'3349900041277','2019-05-28'),(136,2561,'1911',8,9,0,'3349900041277','2019-05-28'),(137,2561,'1927',9,9,0,'3349900041277','2019-05-28'),(138,2561,'1912',10,9,0,'3349900041277','2019-05-28'),(139,2561,'1925',20,9,0,'3349900041277','2019-05-28'),(140,2561,'1926',21,9,0,'3349900041277','2019-05-28'),(141,2561,'1992',22,9,0,'3349900041277','2019-05-28'),(142,2561,'1903',1,9,0,'3349900041277','2019-05-28'),(143,2561,'1915',11,9,0,'3349900041277','2019-05-28'),(144,2561,'1917',12,9,0,'3349900041277','2019-05-28'),(145,2561,'1918',13,9,0,'3349900041277','2019-05-28'),(146,2561,'1919',14,9,0,'3349900041277','2019-05-28'),(147,2561,'1920',15,9,0,'3349900041277','2019-05-28'),(148,2561,'1921',16,9,0,'3349900041277','2019-05-28'),(149,2561,'1922',17,9,0,'3349900041277','2019-05-28'),(150,2561,'1923',18,9,0,'3349900041277','2019-05-28'),(151,2561,'1924',19,9,0,'3349900041277','2019-05-28'),(152,2561,'2021',5,6,0,'3350400636842','2019-05-28'),(153,2561,'1961',6,6,0,'3350400636842','2019-05-28'),(154,2561,'1962',7,6,0,'3350400636842','2019-05-28'),(155,2561,'1963',8,6,0,'3350400636842','2019-05-28'),(156,2561,'1965',9,6,0,'3350400636842','2019-05-28'),(157,2561,'1988',10,6,0,'3350400636842','2019-05-28'),(158,2561,'1998',11,6,0,'3350400636842','2019-05-28'),(159,2561,'1942',1,7,0,'3350400636842','2019-05-28'),(160,2561,'1943',2,7,0,'3350400636842','2019-05-28'),(161,2561,'1944',3,7,0,'3350400636842','2019-05-28'),(162,2561,'1960',3,7,0,'3350400636842','2019-05-28'),(163,2561,'1945',4,7,0,'3350400636842','2019-05-28'),(164,2561,'1946',5,7,0,'3350400636842','2019-05-28'),(165,2561,'1947',6,7,0,'3350400636842','2019-05-28'),(166,2561,'1948',7,7,0,'3350400636842','2019-05-28'),(167,2561,'1949',8,7,0,'3350400636842','2019-05-28'),(168,2561,'1950',9,7,0,'3350400636842','2019-05-28'),(169,2561,'1951',10,7,0,'3350400636842','2019-05-28'),(170,2561,'1952',11,7,0,'3350400636842','2019-05-28'),(171,2561,'1953',12,7,0,'3350400636842','2019-05-28'),(172,2561,'1954',13,7,0,'3350400636842','2019-05-28'),(173,2561,'1955',14,7,0,'3350400636842','2019-05-28'),(174,2561,'1928',1,8,0,'3350400636842','2019-05-28'),(175,2561,'1929',2,8,0,'3350400636842','2019-05-28'),(176,2561,'1930',3,8,0,'3350400636842','2019-05-28'),(177,2561,'1931',4,8,0,'3350400636842','2019-05-28'),(178,2561,'1932',5,8,0,'3350400636842','2019-05-28'),(179,2561,'1933',6,8,0,'3350400636842','2019-05-28'),(180,2561,'1934',7,8,0,'3350400636842','2019-05-28'),(181,2561,'1935',8,8,0,'3350400636842','2019-05-28'),(182,2561,'1936',9,8,0,'3350400636842','2019-05-28'),(183,2561,'1937',10,8,0,'3350400636842','2019-05-28'),(184,2561,'1938',11,8,0,'3350400636842','2019-05-28'),(185,2561,'1939',12,8,0,'3350400636842','2019-05-28'),(186,2561,'1987',13,8,0,'3350400636842','2019-05-28'),(187,2561,'2006',1,2,0,'3350400636842','2019-05-28'),(188,2561,'2007',2,2,0,'3350400636842','2019-05-28'),(189,2561,'2008',3,2,0,'3350400636842','2019-05-28'),(190,2561,'2009',4,2,0,'3350400636842','2019-05-28'),(191,2561,'2010',5,2,0,'3350400636842','2019-05-28'),(192,2561,'2011',6,2,0,'3350400636842','2019-05-28'),(193,2561,'2012',7,2,0,'3350400636842','2019-05-28'),(194,2561,'2013',8,2,0,'3350400636842','2019-05-28'),(195,2561,'2014',9,2,0,'3350400636842','2019-05-28'),(196,2561,'1015',10,2,0,'3350400636842','2019-05-28'),(197,2561,'2016',11,2,0,'3350400636842','2019-05-28'),(198,2561,'2017',12,2,0,'3350400636842','2019-05-28'),(199,2561,'2018',13,2,0,'3350400636842','2019-05-28'),(200,2561,'2019',14,2,0,'3350400636842','2019-05-28'),(201,2561,'2020',15,2,0,'3350400636842','2019-05-28'),(202,2561,'1994',4,3,0,'3350400636842','2019-05-28'),(203,2562,'2042',5,7,0,'3259700098870','2020-03-07'),(204,2562,'1958',1,7,0,'3259700098870','2020-03-07'),(205,2562,'1959',2,7,0,'3259700098870','2020-03-07'),(206,2562,'1960',3,7,0,'3259700098870','2020-03-07'),(207,2562,'2021',4,7,0,'3259700098870','2020-03-07'),(208,2562,'1961',6,7,0,'3259700098870','2020-03-07'),(209,2562,'1962',7,7,0,'3259700098870','2020-03-07'),(210,2562,'1963',8,7,0,'3259700098870','2020-03-07'),(211,2562,'1965',9,7,0,'3259700098870','2020-03-07'),(212,2562,'1994',10,7,0,'3259700098870','2020-03-07'),(213,2562,'2066',11,7,0,'3259700098870','2020-03-07'),(214,2562,'2043',1,2,0,'3259700098870','2020-03-07'),(215,2562,'2044',2,2,0,'3259700098870','2020-03-07'),(216,2562,'2045',3,2,0,'3259700098870','2020-03-07'),(217,2562,'2046',4,2,0,'3259700098870','2020-03-07'),(218,2562,'2047',5,2,0,'3259700098870','2020-03-07'),(219,2562,'2048',6,2,0,'3259700098870','2020-03-07'),(220,2562,'2049',7,2,0,'3259700098870','2020-03-07'),(221,2562,'2050',8,2,0,'3259700098870','2020-03-07'),(222,2562,'2051',9,2,0,'3259700098870','2020-03-07'),(223,2562,'2052',10,2,0,'3259700098870','2020-03-07'),(224,2562,'2053',11,2,0,'3259700098870','2020-03-07'),(225,2562,'2054',12,2,0,'3259700098870','2020-03-07'),(226,2562,'2055',13,2,0,'3259700098870','2020-03-07'),(227,2562,'2056',14,2,0,'3259700098870','2020-03-07'),(228,2562,'2057',15,2,0,'3259700098870','2020-03-07'),(229,2562,'2058',16,2,0,'3259700098870','2020-03-07'),(230,2562,'2059',17,2,0,'3259700098870','2020-03-07'),(231,2562,'2060',18,2,0,'3259700098870','2020-03-07'),(232,2562,'2061',19,2,0,'3259700098870','2020-03-07'),(233,2562,'2062',20,2,0,'3259700098870','2020-03-07'),(234,2562,'2022',1,3,0,'3259700098870','2020-03-07'),(235,2562,'2023',2,3,0,'3259700098870','2020-03-07'),(236,2562,'2024',3,3,0,'3259700098870','2020-03-07'),(237,2562,'2025',4,3,0,'3259700098870','2020-03-07'),(238,2562,'2026',5,3,0,'3259700098870','2020-03-07'),(239,2562,'2027',6,3,0,'3259700098870','2020-03-07'),(240,2562,'2028',7,3,0,'3259700098870','2020-03-07'),(241,2562,'2029',8,3,0,'3259700098870','2020-03-07'),(242,2562,'2030',9,3,0,'3259700098870','2020-03-07'),(243,2562,'2031',10,3,0,'3259700098870','2020-03-07'),(244,2562,'2032',11,3,0,'3259700098870','2020-03-07'),(245,2562,'2033',12,3,0,'3259700098870','2020-03-07'),(246,2562,'2034',13,3,0,'3259700098870','2020-03-07'),(247,2562,'2035',14,3,0,'3259700098870','2020-03-07'),(248,2562,'2037',16,3,0,'3259700098870','2020-03-07'),(249,2562,'2038',17,3,0,'3259700098870','2020-03-07'),(250,2562,'2039',18,3,0,'3259700098870','2020-03-07'),(251,2562,'2006',1,4,0,'3259700098870','2020-03-07'),(252,2562,'2007',2,4,0,'3259700098870','2020-03-07'),(253,2562,'2008',3,4,0,'3259700098870','2020-03-07'),(254,2562,'2009',4,4,0,'3259700098870','2020-03-07'),(255,2562,'2010',5,4,0,'3259700098870','2020-03-07'),(256,2562,'2011',6,4,0,'3259700098870','2020-03-07'),(257,2562,'2012',7,4,0,'3259700098870','2020-03-07'),(258,2562,'2013',8,4,0,'3259700098870','2020-03-07'),(259,2562,'2014',9,4,0,'3259700098870','2020-03-07'),(260,2562,'1015',10,4,0,'3259700098870','2020-03-07'),(261,2562,'2016',11,4,0,'3259700098870','2020-03-07'),(262,2562,'2017',12,4,0,'3259700098870','2020-03-07'),(263,2562,'2018',13,4,0,'3259700098870','2020-03-07'),(264,2562,'2019',14,4,0,'3259700098870','2020-03-07'),(265,2562,'2020',15,4,0,'3259700098870','2020-03-07'),(266,2562,'1995',1,5,0,'3259700098870','2020-03-07'),(267,2562,'1996',2,5,0,'3259700098870','2020-03-07'),(268,2562,'1999',3,5,0,'3259700098870','2020-03-07'),(269,2562,'2002',4,5,0,'3259700098870','2020-03-07'),(270,2562,'2005',5,5,0,'3259700098870','2020-03-07'),(271,2562,'1998',6,5,0,'3259700098870','2020-03-07'),(272,2562,'2000',7,5,0,'3259700098870','2020-03-07'),(273,2562,'2003',8,5,0,'3259700098870','2020-03-07'),(274,2562,'2004',9,5,0,'3259700098870','2020-03-07'),(275,2562,'1971',1,6,0,'3259700098870','2020-03-07'),(276,2562,'1967',2,6,0,'3259700098870','2020-03-07'),(277,2562,'1968',3,6,0,'3259700098870','2020-03-07'),(278,2562,'1969',4,6,0,'3259700098870','2020-03-07'),(279,2562,'1972',5,6,0,'3259700098870','2020-03-07'),(280,2562,'2040',6,6,0,'3259700098870','2020-03-07'),(281,2562,'1970',7,6,0,'3259700098870','2020-03-07'),(282,2562,'1983',8,6,0,'3259700098870','2020-03-07'),(283,2562,'1979',9,6,0,'3259700098870','2020-03-07'),(284,2562,'1980',10,6,0,'3259700098870','2020-03-07'),(285,2562,'1981',11,6,0,'3259700098870','2020-03-07'),(286,2562,'1982',12,6,0,'3259700098870','2020-03-07'),(287,2562,'1973',13,6,0,'3259700098870','2020-03-07'),(288,2562,'1974',14,6,0,'3259700098870','2020-03-07'),(289,2562,'1975',15,6,0,'3259700098870','2020-03-07'),(290,2562,'1976',16,6,0,'3259700098870','2020-03-07'),(291,2562,'1977',17,6,0,'3259700098870','2020-03-07'),(292,2562,'1978',18,6,0,'3259700098870','2020-03-07'),(293,2562,'2041',19,6,0,'3259700098870','2020-03-07'),(294,2562,'1942',1,8,0,'3259700098870','2020-03-07'),(295,2562,'1943',2,8,0,'3259700098870','2020-03-07'),(296,2562,'1944',3,8,0,'3259700098870','2020-03-07'),(297,2562,'1945',4,8,0,'3259700098870','2020-03-07'),(298,2562,'1946',5,8,0,'3259700098870','2020-03-07'),(299,2562,'1947',6,8,0,'3259700098870','2020-03-07'),(300,2562,'1948',7,8,0,'3259700098870','2020-03-07'),(301,2562,'1949',8,8,0,'3259700098870','2020-03-07'),(302,2562,'1950',9,8,0,'3259700098870','2020-03-07'),(303,2562,'1951',10,8,0,'3259700098870','2020-03-07'),(304,2562,'1952',11,8,0,'3259700098870','2020-03-07'),(305,2562,'1953',12,8,0,'3259700098870','2020-03-07'),(306,2562,'1954',13,8,0,'3259700098870','2020-03-07'),(307,2562,'1955',14,8,0,'3259700098870','2020-03-07'),(308,2562,'2063',15,8,0,'3259700098870','2020-03-07'),(309,2562,'2064',16,8,0,'3259700098870','2020-03-07'),(310,2562,'1928',1,9,0,'3259700098870','2020-03-07'),(311,2562,'1929',2,9,0,'3259700098870','2020-03-07'),(312,2562,'1930',3,9,0,'3259700098870','2020-03-07'),(313,2562,'1931',4,9,0,'3259700098870','2020-03-07'),(314,2562,'1932',5,9,0,'3259700098870','2020-03-07'),(315,2562,'1933',6,9,0,'3259700098870','2020-03-07'),(316,2562,'1934',7,9,0,'3259700098870','2020-03-07'),(317,2562,'1935',8,9,0,'3259700098870','2020-03-07'),(318,2562,'1936',9,9,0,'3259700098870','2020-03-07'),(319,2562,'1937',10,9,0,'3259700098870','2020-03-07'),(320,2562,'1938',11,9,0,'3259700098870','2020-03-07'),(321,2562,'1939',12,9,0,'3259700098870','2020-03-07'),(322,2562,'1987',13,9,0,'3259700098870','2020-03-07'),(323,2562,'2065',14,9,0,'3259700098870','2020-03-07'),(324,2563,'2041',19,7,0,'3259700098870','2020-07-31'),(325,2563,'2042',5,8,0,'3259700098870','2020-07-31'),(326,2563,'2066',11,8,0,'3259700098870','2020-07-31'),(327,2563,'2067',1,2,0,'3349900041277','2020-10-08'),(328,2563,'2068',2,2,0,'3349900041277','2020-10-08'),(329,2563,'2069',3,2,0,'3349900041277','2020-10-08'),(330,2563,'2070',4,2,0,'3349900041277','2020-10-08'),(331,2563,'2071',5,2,0,'3349900041277','2020-10-08'),(332,2563,'2072',6,2,0,'3349900041277','2020-10-08'),(333,2563,'2006',1,5,0,'3349900041277','2020-10-08'),(334,2563,'2007',2,5,0,'3349900041277','2020-10-08'),(335,2563,'2008',3,5,0,'3349900041277','2020-10-08'),(336,2563,'2009',4,5,0,'3349900041277','2020-10-08'),(337,2563,'2010',5,5,0,'3349900041277','2020-10-08'),(338,2563,'2011',6,5,0,'3349900041277','2020-10-08'),(339,2563,'2012',7,5,0,'3349900041277','2020-10-08'),(340,2563,'2013',8,5,0,'3349900041277','2020-10-08'),(341,2563,'2073',7,4,0,'3349900041277','2020-10-08'),(342,2563,'1998',6,6,0,'3350400636842','2020-12-07'),(343,2563,'1942',1,9,0,'3349900041277','2021-06-18'),(344,2563,'1943',2,9,0,'3349900041277','2021-06-18'),(345,2563,'1944',3,9,0,'3349900041277','2021-06-18'),(346,2563,'1945',4,9,0,'3349900041277','2021-06-18'),(347,2563,'1946',5,9,0,'3349900041277','2021-06-18'),(348,2563,'1947',6,9,0,'3349900041277','2021-06-18'),(349,2563,'1948',7,9,0,'3349900041277','2021-06-18'),(350,2563,'1949',8,9,0,'3349900041277','2021-06-18'),(351,2563,'1950',9,9,0,'3349900041277','2021-06-18'),(352,2563,'1951',10,9,0,'3349900041277','2021-06-18'),(353,2563,'1952',11,9,0,'3349900041277','2021-06-18'),(354,2563,'1953',12,9,0,'3349900041277','2021-06-18'),(355,2563,'1954',13,9,0,'3349900041277','2021-06-18'),(356,2563,'1955',14,9,0,'3349900041277','2021-06-18'),(357,2563,'2063',15,9,0,'3349900041277','2021-06-18'),(358,2563,'1963',8,8,0,'3349900041277','2021-06-18'),(359,2563,'1965',9,8,0,'3349900041277','2021-06-18'),(360,2563,'1994',10,8,0,'3349900041277','2021-06-18'),(361,2563,'2043',1,3,0,'3349900041277','2021-06-18'),(362,2563,'2044',2,3,0,'3349900041277','2021-06-18'),(363,2563,'2045',3,3,0,'3349900041277','2021-06-18'),(364,2563,'2046',4,3,0,'3349900041277','2021-06-18'),(365,2563,'2047',5,3,0,'3349900041277','2021-06-18'),(366,2563,'2048',6,3,0,'3349900041277','2021-06-18'),(367,2563,'2049',7,3,0,'3349900041277','2021-06-18'),(368,2563,'2050',8,3,0,'3349900041277','2021-06-18'),(369,2563,'2051',9,3,0,'3349900041277','2021-06-18'),(370,2563,'2052',10,3,0,'3349900041277','2021-06-18'),(371,2563,'2053',11,3,0,'3349900041277','2021-06-18'),(372,2563,'2054',12,3,0,'3349900041277','2021-06-18'),(373,2563,'2055',13,3,0,'3349900041277','2021-06-18'),(374,2563,'2056',14,3,0,'3349900041277','2021-06-18'),(375,2563,'2057',15,3,0,'3349900041277','2021-06-18'),(376,2563,'2058',16,3,0,'3349900041277','2021-06-18'),(377,2563,'2059',17,3,0,'3349900041277','2021-06-18'),(378,2563,'2060',18,3,0,'3349900041277','2021-06-18'),(379,2563,'2061',19,3,0,'3349900041277','2021-06-18'),(380,2563,'2062',20,3,0,'3349900041277','2021-06-18'),(381,2563,'2022',1,4,0,'3349900041277','2021-06-18'),(382,2563,'2023',2,4,0,'3349900041277','2021-06-18'),(383,2563,'2024',3,4,0,'3349900041277','2021-06-18'),(384,2563,'2025',4,4,0,'3349900041277','2021-06-18'),(385,2563,'2026',5,4,0,'3349900041277','2021-06-18'),(386,2563,'2027',6,4,0,'3349900041277','2021-06-18'),(387,2563,'2028',7,4,0,'3349900041277','2021-06-18'),(388,2563,'2029',8,4,0,'3349900041277','2021-06-18'),(389,2563,'2030',9,4,0,'3349900041277','2021-06-18'),(390,2563,'2031',10,4,0,'3349900041277','2021-06-18'),(391,2563,'2032',11,4,0,'3349900041277','2021-06-18'),(392,2563,'2033',12,4,0,'3349900041277','2021-06-18'),(393,2563,'2034',13,4,0,'3349900041277','2021-06-18'),(394,2563,'2035',14,4,0,'3349900041277','2021-06-18'),(395,2563,'2037',16,4,0,'3349900041277','2021-06-18'),(396,2563,'2038',17,4,0,'3349900041277','2021-06-18'),(397,2563,'2039',18,4,0,'3349900041277','2021-06-18'),(398,2563,'2016',11,5,0,'3349900041277','2021-06-18'),(399,2563,'2017',12,5,0,'3349900041277','2021-06-18'),(400,2563,'2018',13,5,0,'3349900041277','2021-06-18'),(401,2563,'2019',14,5,0,'3349900041277','2021-06-18'),(402,2563,'2020',15,5,0,'3349900041277','2021-06-18'),(403,2563,'1995',1,6,0,'3349900041277','2021-06-18'),(404,2563,'1996',2,6,0,'3349900041277','2021-06-18'),(405,2563,'1999',3,6,0,'3349900041277','2021-06-18'),(406,2563,'2002',4,6,0,'3349900041277','2021-06-18'),(407,2563,'2005',5,6,0,'3349900041277','2021-06-18'),(408,2563,'2000',7,6,0,'3349900041277','2021-06-18'),(409,2563,'2003',8,6,0,'3349900041277','2021-06-18'),(410,2563,'2004',9,6,0,'3349900041277','2021-06-18'),(411,2563,'1971',1,7,0,'3349900041277','2021-06-18'),(412,2563,'1967',2,7,0,'3349900041277','2021-06-18'),(413,2563,'1968',3,7,0,'3349900041277','2021-06-18'),(414,2563,'1969',4,7,0,'3349900041277','2021-06-18'),(415,2563,'1972',5,7,0,'3349900041277','2021-06-18'),(416,2563,'2040',6,7,0,'3349900041277','2021-06-18'),(417,2563,'1970',7,7,0,'3349900041277','2021-06-18'),(418,2563,'1983',8,7,0,'3349900041277','2021-06-18'),(419,2563,'1979',9,7,0,'3349900041277','2021-06-18'),(420,2563,'1980',10,7,0,'3349900041277','2021-06-18'),(421,2563,'1981',11,7,0,'3349900041277','2021-06-18'),(422,2563,'1982',12,7,0,'3349900041277','2021-06-18'),(423,2563,'1973',13,7,0,'3349900041277','2021-06-18'),(424,2563,'1974',14,7,0,'3349900041277','2021-06-18'),(425,2563,'1975',15,7,0,'3349900041277','2021-06-18'),(426,2563,'1976',16,7,0,'3349900041277','2021-06-18'),(427,2563,'1977',17,7,0,'3349900041277','2021-06-18'),(428,2563,'1978',18,7,0,'3349900041277','2021-06-18'),(429,2563,'1958',1,8,0,'3349900041277','2021-06-18'),(430,2563,'1959',2,8,0,'3349900041277','2021-06-18'),(431,2563,'2021',4,8,0,'3349900041277','2021-06-18'),(432,2563,'1961',6,8,0,'3349900041277','2021-06-18'),(433,2563,'1962',7,8,0,'3349900041277','2021-06-18'),(434,2564,'2074',1,2,0,'3349900041277','2021-06-18'),(435,2564,'2075',2,2,0,'3349900041277','2021-06-18'),(436,2564,'2076',3,2,0,'3349900041277','2021-06-18'),(437,2564,'2077',4,2,0,'3349900041277','2021-06-18'),(438,2564,'2078',5,2,0,'3349900041277','2021-06-18'),(439,2564,'2079',6,2,0,'3349900041277','2021-06-18'),(440,2564,'2080',21,4,0,'3349900041277','2021-06-18'),(441,2564,'2081',22,4,0,'3349900041277','2021-06-18'),(442,2564,'2082',23,4,0,'3349900041277','2021-06-18'),(443,2564,'2006',1,6,0,'3349900041277','2021-06-18'),(444,2564,'2026',1,5,0,'3349900041277','2021-06-18'),(445,2564,'2025',2,5,0,'3349900041277','2021-06-18'),(446,2564,'2023',4,5,0,'3349900041277','2021-06-18'),(447,2564,'2022',5,5,0,'3349900041277','2021-06-18'),(448,2564,'2007',2,6,0,'3349900041277','2021-06-18'),(449,2564,'2008',3,6,0,'3349900041277','2021-06-18'),(450,2564,'2009',4,6,0,'3349900041277','2021-06-18'),(451,2564,'2010',5,6,0,'3349900041277','2021-06-18'),(452,2564,'2011',6,6,0,'3349900041277','2021-06-18'),(453,2564,'2012',7,6,0,'3349900041277','2021-06-18'),(454,2564,'2013',8,6,0,'3349900041277','2021-06-18'),(455,2564,'2014',9,6,0,'3349900041277','2021-06-18'),(456,2564,'2028',8,5,0,'3349900041277','2021-06-18'),(457,2564,'2029',18,5,0,'3349900041277','2021-06-18'),(458,2564,'2030',16,5,0,'3349900041277','2021-06-18'),(459,2564,'1015',10,6,0,'3349900041277','2021-06-18'),(460,2564,'2031',9,5,0,'3349900041277','2021-06-18'),(461,2564,'2032',15,5,0,'3349900041277','2021-06-18'),(462,2564,'2033',10,5,0,'3349900041277','2021-06-18'),(463,2564,'2034',17,5,0,'3349900041277','2021-06-18'),(464,2564,'2037',13,5,0,'3349900041277','2021-06-18'),(465,2564,'2035',14,5,0,'3349900041277','2021-06-18'),(466,2564,'2038',12,5,0,'3349900041277','2021-06-18'),(467,2564,'2039',11,5,0,'3349900041277','2021-06-18'),(468,2564,'2050',8,4,0,'3350400636842','2022-02-01'),(469,2564,'1958',1,9,0,'3350400636842','2022-05-18'),(470,2564,'1959',2,9,0,'3350400636842','2022-05-18'),(471,2564,'2021',4,9,0,'3350400636842','2022-05-18'),(472,2564,'1961',6,9,0,'3350400636842','2022-05-18'),(473,2564,'1962',7,9,0,'3350400636842','2022-05-18'),(474,2564,'1963',8,9,0,'3350400636842','2022-05-18'),(475,2564,'1965',9,9,0,'3350400636842','2022-05-18'),(476,2564,'1994',10,9,0,'3350400636842','2022-05-18'),(477,2564,'2067',1,3,0,'3350400636842','2022-05-18'),(478,2564,'2068',2,3,0,'3350400636842','2022-05-18'),(479,2564,'2069',3,3,0,'3350400636842','2022-05-18'),(480,2564,'2070',4,3,0,'3350400636842','2022-05-18'),(481,2564,'2071',5,3,0,'3350400636842','2022-05-18'),(482,2564,'2072',6,3,0,'3350400636842','2022-05-18'),(483,2564,'2043',1,4,0,'3350400636842','2022-05-18'),(484,2564,'2044',2,4,0,'3350400636842','2022-05-18'),(485,2564,'2045',3,4,0,'3350400636842','2022-05-18'),(486,2564,'2046',4,4,0,'3350400636842','2022-05-18'),(487,2564,'2047',5,4,0,'3350400636842','2022-05-18'),(488,2564,'2048',6,4,0,'3350400636842','2022-05-18'),(489,2564,'2049',7,4,0,'3350400636842','2022-05-18'),(490,2564,'2051',9,4,0,'3350400636842','2022-05-18'),(491,2564,'2052',10,4,0,'3350400636842','2022-05-18'),(492,2564,'2053',11,4,0,'3350400636842','2022-05-18'),(493,2564,'2054',12,4,0,'3350400636842','2022-05-18'),(494,2564,'2055',13,4,0,'3350400636842','2022-05-18'),(495,2564,'2056',14,4,0,'3350400636842','2022-05-18'),(496,2564,'2057',15,4,0,'3350400636842','2022-05-18'),(497,2564,'2058',16,4,0,'3350400636842','2022-05-18'),(498,2564,'2059',17,4,0,'3350400636842','2022-05-18'),(499,2564,'2060',18,4,0,'3350400636842','2022-05-18'),(500,2564,'2061',19,4,0,'3350400636842','2022-05-18'),(501,2564,'2062',20,4,0,'3350400636842','2022-05-18'),(502,2564,'2024',3,5,0,'3350400636842','2022-05-18'),(503,2564,'2027',6,5,0,'3350400636842','2022-05-18'),(504,2564,'2073',7,5,0,'3350400636842','2022-05-18'),(505,2564,'1977',17,8,0,'3350400636842','2022-05-18'),(506,2564,'1978',18,8,0,'3350400636842','2022-05-18'),(507,2564,'2016',11,6,0,'3350400636842','2022-05-18'),(508,2564,'2017',12,6,0,'3350400636842','2022-05-18'),(509,2564,'2018',13,6,0,'3350400636842','2022-05-18'),(510,2564,'2019',14,6,0,'3350400636842','2022-05-18'),(511,2564,'2020',15,6,0,'3350400636842','2022-05-18'),(512,2564,'1995',1,7,0,'3350400636842','2022-05-18'),(513,2564,'1996',2,7,0,'3350400636842','2022-05-18'),(514,2564,'1999',3,7,0,'3350400636842','2022-05-18'),(515,2564,'2002',4,7,0,'3350400636842','2022-05-18'),(516,2564,'2005',5,7,0,'3350400636842','2022-05-18'),(517,2564,'2000',7,7,0,'3350400636842','2022-05-18'),(518,2564,'2003',8,7,0,'3350400636842','2022-05-18'),(519,2564,'2004',9,7,0,'3350400636842','2022-05-18'),(520,2564,'1971',1,8,0,'3350400636842','2022-05-18'),(521,2564,'1967',2,8,0,'3350400636842','2022-05-18'),(522,2564,'1968',3,8,0,'3350400636842','2022-05-18'),(523,2564,'1969',4,8,0,'3350400636842','2022-05-18'),(524,2564,'1972',5,8,0,'3350400636842','2022-05-18'),(525,2564,'2040',6,8,0,'3350400636842','2022-05-18'),(526,2564,'1970',7,8,0,'3350400636842','2022-05-18'),(527,2564,'1983',8,8,0,'3350400636842','2022-05-18'),(528,2564,'1979',9,8,0,'3350400636842','2022-05-18'),(529,2564,'1980',10,8,0,'3350400636842','2022-05-18'),(530,2564,'1981',11,8,0,'3350400636842','2022-05-18'),(531,2564,'1982',12,8,0,'3350400636842','2022-05-18'),(532,2564,'1973',13,8,0,'3350400636842','2022-05-18'),(533,2564,'1974',14,8,0,'3350400636842','2022-05-18'),(534,2564,'1975',15,8,0,'3350400636842','2022-05-18'),(535,2564,'1976',16,8,0,'3350400636842','2022-05-18'),(536,2565,'2045',3,5,0,'3350400636842','2022-05-18'),(537,2565,'2007',2,6,0,'3350400636842','2022-05-18'),(538,2565,'2083',7,4,0,'3350400636842','2022-05-18'),(539,2565,'2084',9,8,0,'3350400636842','2022-05-18'),(557,2565,'2069',3,4,0,'3349900041277','2022-11-01'),(541,2565,'2000',6,8,0,'3350400636842','2022-05-18'),(542,2565,'2003',7,8,0,'3350400636842','2022-05-18'),(558,2565,'2019',14,7,0,'3349900041277','2022-11-01'),(544,2565,'2086',2,2,0,'3350400636842','2022-05-24'),(545,2565,'2087',3,2,0,'3350400636842','2022-05-18'),(546,2565,'2088',4,2,0,'3350400636842','2022-05-18'),(547,2565,'2089',5,2,0,'3350400636842','2022-05-18'),(548,2565,'2090',6,2,0,'3350400636842','2022-05-18'),(549,2565,'2091',7,2,0,'3350400636842','2022-05-18'),(550,2565,'2092',8,2,0,'3350400636842','2022-05-18'),(551,2565,'2093',9,2,0,'3350400636842','2022-05-18'),(552,2565,'2094',10,2,0,'3350400636842','2022-05-18'),(553,2565,'2095',11,2,0,'3350400636842','2022-05-18'),(554,2565,'2096',12,2,0,'3350400636842','2022-05-18'),(555,2565,'2097',13,2,0,'3350400636842','2022-05-18'),(556,2565,'2098',14,2,0,'3350400636842','2022-05-18'),(559,2565,'2099',15,2,0,'3349900041277','2022-12-26'),(560,2565,'2100',16,2,0,'3349900041277','2022-12-26'),(561,2565,'1972',5,9,0,'3349900041277','2023-02-25'),(562,2565,'2040',6,9,0,'3350400636842','2023-05-18'),(563,2565,'1970',7,9,0,'3350400636842','2023-05-18'),(564,2565,'1983',8,9,0,'3350400636842','2023-05-18'),(565,2565,'1979',9,9,0,'3350400636842','2023-05-18'),(566,2565,'1980',10,9,0,'3350400636842','2023-05-18'),(567,2565,'1981',11,9,0,'3350400636842','2023-05-18'),(568,2565,'1982',12,9,0,'3350400636842','2023-05-18'),(569,2565,'1973',13,9,0,'3350400636842','2023-05-18'),(570,2565,'1974',14,9,0,'3350400636842','2023-05-18'),(571,2565,'1975',15,9,0,'3350400636842','2023-05-18'),(572,2565,'1976',16,9,0,'3350400636842','2023-05-18'),(573,2565,'1977',17,9,0,'3350400636842','2023-05-18'),(574,2565,'1978',18,9,0,'3350400636842','2023-05-18'),(575,2565,'1971',1,9,0,'3350400636842','2023-05-18'),(576,2565,'1967',2,9,0,'3350400636842','2023-05-18'),(577,2565,'1968',3,9,0,'3350400636842','2023-05-18'),(578,2565,'1969',4,9,0,'3350400636842','2023-05-18'),(579,2566,'2031',9,6,0,'3350400636842','2023-05-18'),(580,2566,'2020',15,7,0,'3350400636842','2023-05-18'),(581,2566,'2097',13,2,0,'3350400636842','2023-05-18'),(582,2566,'2101',1,2,0,'3350400636842','2023-05-18'),(583,2565,'2074',1,3,0,'3350400636842','2023-05-18'),(584,2565,'2075',2,3,0,'3350400636842','2023-05-18'),(585,2565,'2076',3,3,0,'3350400636842','2023-05-18'),(586,2565,'2077',4,3,0,'3350400636842','2023-05-18'),(587,2565,'2078',5,3,0,'3350400636842','2023-05-18'),(588,2565,'2079',6,3,0,'3350400636842','2023-05-18'),(589,2565,'2067',1,4,0,'3350400636842','2023-05-18'),(590,2565,'2068',2,4,0,'3350400636842','2023-05-18'),(591,2565,'2070',4,4,0,'3350400636842','2023-05-18'),(592,2565,'2071',5,4,0,'3350400636842','2023-05-18'),(593,2565,'2072',6,4,0,'3350400636842','2023-05-18'),(594,2565,'2043',1,5,0,'3350400636842','2023-05-18'),(595,2565,'2044',2,5,0,'3350400636842','2023-05-18'),(596,2565,'2046',4,5,0,'3350400636842','2023-05-18'),(597,2565,'2047',5,5,0,'3350400636842','2023-05-18'),(598,2565,'2048',6,5,0,'3350400636842','2023-05-18'),(599,2565,'2049',7,5,0,'3350400636842','2023-05-18'),(600,2565,'2051',9,5,0,'3350400636842','2023-05-18'),(601,2565,'2052',10,5,0,'3350400636842','2023-05-18'),(602,2565,'2053',11,5,0,'3350400636842','2023-05-18'),(603,2565,'2054',12,5,0,'3350400636842','2023-05-18'),(604,2565,'2055',13,5,0,'3350400636842','2023-05-18'),(605,2565,'2056',14,5,0,'3350400636842','2023-05-18'),(606,2565,'2057',15,5,0,'3350400636842','2023-05-18'),(607,2565,'2058',16,5,0,'3350400636842','2023-05-18'),(608,2565,'2059',17,5,0,'3350400636842','2023-05-18'),(609,2565,'2060',18,5,0,'3350400636842','2023-05-18'),(610,2565,'2061',19,5,0,'3350400636842','2023-05-18'),(611,2565,'2062',20,5,0,'3350400636842','2023-05-18'),(612,2565,'2033',10,6,0,'3350400636842','2023-05-18'),(613,2565,'2039',11,6,0,'3350400636842','2023-05-18'),(614,2565,'2038',12,6,0,'3350400636842','2023-05-18'),(615,2565,'2035',14,6,0,'3350400636842','2023-05-18'),(616,2565,'2032',15,6,0,'3350400636842','2023-05-18'),(617,2565,'2030',16,6,0,'3350400636842','2023-05-18'),(618,2565,'2034',17,6,0,'3350400636842','2023-05-18'),(619,2565,'2029',18,6,0,'3350400636842','2023-05-18'),(620,2565,'2006',1,7,0,'3350400636842','2023-05-18'),(621,2565,'2008',3,7,0,'3350400636842','2023-05-18'),(622,2565,'2009',4,7,0,'3350400636842','2023-05-18'),(623,2565,'2010',5,7,0,'3350400636842','2023-05-18'),(624,2565,'2011',6,7,0,'3350400636842','2023-05-18'),(625,2565,'2012',7,7,0,'3350400636842','2023-05-18'),(626,2565,'2013',8,7,0,'3350400636842','2023-05-18'),(627,2565,'2014',9,7,0,'3350400636842','2023-05-18'),(628,2565,'1015',10,7,0,'3350400636842','2023-05-18'),(629,2565,'2016',11,7,0,'3350400636842','2023-05-18'),(630,2565,'2017',12,7,0,'3350400636842','2023-05-18'),(631,2565,'2018',13,7,0,'3350400636842','2023-05-18'),(632,2565,'1995',1,8,0,'3350400636842','2023-05-18'),(633,2565,'1996',2,8,0,'3350400636842','2023-05-18'),(634,2565,'1999',3,8,0,'3350400636842','2023-05-18'),(635,2565,'2002',4,8,0,'3350400636842','2023-05-18'),(636,2565,'2005',5,8,0,'3350400636842','2023-05-18'),(637,2565,'2080',21,5,0,'3350400636842','2023-05-18'),(638,2565,'2081',22,5,0,'3350400636842','2023-05-18'),(639,2565,'2082',23,5,0,'3350400636842','2023-05-18'),(640,2565,'2026',1,6,0,'3350400636842','2023-05-18'),(641,2566,'2102',2,2,0,'3350400636842','2023-05-18'),(642,2566,'2103',3,2,0,'3350400636842','2023-05-18'),(643,2566,'2104',4,2,0,'3350400636842','2023-05-18'),(644,2566,'2105',5,2,0,'3350400636842','2023-05-18'),(645,2566,'2106',6,2,0,'3350400636842','2023-05-18'),(667,2566,'2080',21,6,0,'3349900041277','2023-09-06'),(647,2566,'2059',17,6,0,'3350400636842','2023-05-18'),(648,2566,'2060',18,6,0,'3350400636842','2023-05-18'),(649,2566,'2061',19,6,0,'3350400636842','2023-05-18'),(650,2566,'2062',20,6,0,'3350400636842','2023-05-18'),(651,2566,'2017',12,8,0,'3350400636842','2023-05-18'),(652,2566,'2058',16,6,0,'3350400636842','2023-05-18'),(653,2566,'2028',8,7,0,'3350400636842','2023-05-18'),(654,2566,'2025',2,7,0,'3350400636842','2023-05-18'),(655,2566,'2024',3,7,0,'3350400636842','2023-05-18'),(656,2566,'2023',4,7,0,'3350400636842','2023-05-18'),(657,2566,'2022',5,7,0,'3350400636842','2023-05-18'),(658,2566,'2027',6,7,0,'3350400636842','2023-05-18'),(659,2566,'2073',7,7,0,'3350400636842','2023-05-18'),(660,2566,'2052',10,6,0,'3350400636842','2023-05-18'),(661,2566,'2053',11,6,0,'3350400636842','2023-05-18'),(662,2566,'2056',14,6,0,'3350400636842','2023-05-18'),(663,2566,'2057',15,6,0,'3350400636842','2023-05-18'),(664,2566,'2054',12,6,0,'3350400636842','2023-05-18'),(665,2566,'2055',13,6,0,'3350400636842','2023-05-18'),(666,2566,'1999',3,9,0,'3349900041277','2023-07-10'),(668,2566,'2108',7,2,0,'3349900041277','2023-11-04'),(669,2566,'2109',8,2,0,'3349900041277','2023-11-04'),(670,2566,'2084',9,9,0,'3349900041277','2023-12-04'),(671,2566,'2110',7,4,0,'3349900041277','2024-01-11'),(672,2566,'1995',1,9,0,'3349900041277','2024-05-20'),(673,2566,'1996',2,9,0,'3349900041277','2024-05-20'),(674,2566,'2002',4,9,0,'3349900041277','2024-05-20'),(675,2566,'2005',5,9,0,'3349900041277','2024-05-20'),(676,2566,'2000',6,9,0,'3349900041277','2024-05-20'),(677,2566,'2003',7,9,0,'3349900041277','2024-05-20'),(678,2566,'2086',2,3,0,'3349900041277','2024-05-20'),(679,2566,'2087',3,3,0,'3349900041277','2024-05-20'),(680,2566,'2088',4,3,0,'3349900041277','2024-05-20'),(681,2566,'2089',5,3,0,'3349900041277','2024-05-20'),(682,2566,'2090',6,3,0,'3349900041277','2024-05-20'),(683,2566,'2091',7,3,0,'3349900041277','2024-05-20'),(684,2566,'2092',8,3,0,'3349900041277','2024-05-20'),(685,2566,'2093',9,3,0,'3349900041277','2024-05-20'),(686,2566,'2094',10,3,0,'3349900041277','2024-05-20'),(687,2566,'2095',11,3,0,'3349900041277','2024-05-20'),(688,2566,'2096',12,3,0,'3349900041277','2024-05-20'),(689,2566,'2098',14,3,0,'3349900041277','2024-05-20'),(690,2566,'2099',15,3,0,'3349900041277','2024-05-20'),(691,2566,'2100',16,3,0,'3349900041277','2024-05-20'),(692,2566,'2074',1,4,0,'3349900041277','2024-05-20'),(693,2566,'2075',2,4,0,'3349900041277','2024-05-20'),(694,2566,'2076',3,4,0,'3349900041277','2024-05-20'),(695,2566,'2077',4,4,0,'3349900041277','2024-05-20'),(696,2566,'2078',5,4,0,'3349900041277','2024-05-20'),(697,2566,'2079',6,4,0,'3349900041277','2024-05-20'),(698,2566,'2067',1,5,0,'3349900041277','2024-05-20'),(699,2566,'2068',2,5,0,'3349900041277','2024-05-20'),(700,2566,'2070',4,5,0,'3349900041277','2024-05-20'),(701,2566,'2071',5,5,0,'3349900041277','2024-05-20'),(702,2566,'2072',6,5,0,'3349900041277','2024-05-20'),(703,2566,'2083',7,5,0,'3349900041277','2024-05-20'),(704,2566,'2043',1,6,0,'3349900041277','2024-05-20'),(705,2566,'2044',2,6,0,'3349900041277','2024-05-20'),(706,2566,'2046',4,6,0,'3349900041277','2024-05-20'),(707,2566,'2047',5,6,0,'3349900041277','2024-05-20'),(708,2566,'2048',6,6,0,'3349900041277','2024-05-20'),(709,2566,'2049',7,6,0,'3349900041277','2024-05-20'),(710,2566,'2051',9,6,0,'3349900041277','2024-05-20'),(711,2567,'2095',11,4,0,'3349900041277','2024-05-20'),(712,2567,'2098',14,4,0,'3349900041277','2024-05-20'),(713,2567,'2099',15,4,0,'3349900041277','2024-05-20'),(714,2567,'2075',2,5,0,'3349900041277','2024-05-20'),(715,2567,'2110',7,5,0,'3349900041277','2024-05-20'),(716,2567,'2067',1,6,0,'3349900041277','2024-05-20'),(717,2567,'2022',5,7,0,'3349900041277','2024-05-20'),(718,2566,'2081',22,6,0,'3349900041277','2024-05-20'),(719,2566,'2082',23,6,0,'3349900041277','2024-05-20'),(720,2566,'2026',1,7,0,'3349900041277','2024-05-20'),(721,2566,'2032',15,7,0,'3349900041277','2024-05-20'),(722,2566,'2030',16,7,0,'3349900041277','2024-05-20'),(723,2566,'2034',17,7,0,'3349900041277','2024-05-20'),(724,2566,'2029',18,7,0,'3349900041277','2024-05-20'),(725,2566,'2006',1,8,0,'3349900041277','2024-05-20'),(726,2566,'2008',3,8,0,'3349900041277','2024-05-20'),(727,2566,'2009',4,8,0,'3349900041277','2024-05-20'),(728,2566,'2010',5,8,0,'3349900041277','2024-05-20'),(729,2566,'2011',6,8,0,'3349900041277','2024-05-20'),(730,2566,'2012',7,8,0,'3349900041277','2024-05-20'),(731,2566,'2013',8,8,0,'3349900041277','2024-05-20'),(732,2566,'2014',9,8,0,'3349900041277','2024-05-20'),(733,2566,'1015',10,8,0,'3349900041277','2024-05-20'),(734,2566,'2016',11,8,0,'3349900041277','2024-05-20'),(735,2566,'2018',13,8,0,'3349900041277','2024-05-20'),(736,2567,'2026',1,8,0,'3349900041277','2024-05-20'),(737,2567,'2043',1,7,0,'3349900041277','2024-05-20'),(738,2567,'2025',2,8,0,'3349900041277','2024-05-20'),(739,2567,'2044',2,7,0,'3349900041277','2024-05-20'),(740,2567,'2023',4,8,0,'3349900041277','2024-05-20'),(741,2567,'2024',3,8,0,'3349900041277','2024-05-20'),(742,2567,'2101',1,3,0,'3349900041277','2024-05-20'),(743,2567,'2102',2,3,0,'3349900041277','2024-05-20'),(744,2567,'2103',3,3,0,'3349900041277','2024-05-20'),(745,2567,'2104',4,3,0,'3349900041277','2024-05-20'),(746,2567,'2105',5,3,0,'3349900041277','2024-05-20'),(747,2567,'2106',6,3,0,'3349900041277','2024-05-20'),(748,2567,'2108',7,3,0,'3349900041277','2024-05-20'),(749,2567,'2109',8,3,0,'3349900041277','2024-05-20'),(750,2567,'2086',2,4,0,'3349900041277','2024-05-20'),(751,2567,'2087',3,4,0,'3349900041277','2024-05-20'),(752,2567,'2088',4,4,0,'3349900041277','2024-05-20'),(753,2567,'2089',5,4,0,'3349900041277','2024-05-20'),(754,2567,'2090',6,4,0,'3349900041277','2024-05-20'),(755,2567,'2091',7,4,0,'3349900041277','2024-05-20'),(756,2567,'2092',8,4,0,'3349900041277','2024-05-20'),(757,2567,'2093',9,4,0,'3349900041277','2024-05-20'),(758,2567,'2094',10,4,0,'3349900041277','2024-05-20'),(759,2567,'2096',12,4,0,'3349900041277','2024-05-20'),(760,2567,'2100',16,4,0,'3349900041277','2024-05-20'),(761,2567,'2074',1,5,0,'3349900041277','2024-05-20'),(762,2567,'2076',3,5,0,'3349900041277','2024-05-20'),(763,2567,'2077',4,5,0,'3349900041277','2024-05-20'),(764,2567,'2078',5,5,0,'3349900041277','2024-05-20'),(765,2567,'2079',6,5,0,'3349900041277','2024-05-20'),(766,2567,'2122',6,5,0,'3349900041277','2024-05-20'),(767,2567,'2068',1,6,0,'3349900041277','2024-11-05'),(768,2567,'2071',5,6,0,'3349900041277','2024-05-20'),(769,2567,'2070',4,6,0,'3349900041277','2024-05-20'),(770,2567,'2072',6,6,0,'3349900041277','2024-05-20'),(771,2567,'2083',2,6,0,'3349900041277','2024-11-05'),(772,2567,'2056',14,7,0,'3349900041277','2024-05-20'),(773,2567,'2058',16,7,0,'3349900041277','2024-05-20'),(774,2567,'2057',15,7,0,'3349900041277','2024-05-20'),(775,2567,'2059',17,7,0,'3349900041277','2024-05-20'),(776,2567,'2060',18,7,0,'3349900041277','2024-05-20'),(777,2567,'2061',19,7,0,'3349900041277','2024-05-20'),(778,2567,'2062',20,7,0,'3349900041277','2024-05-20'),(779,2567,'2121',9,4,0,'3349900041277','2024-05-20'),(780,2567,'2027',6,8,0,'3349900041277','2024-05-20'),(781,2567,'2073',7,8,0,'3349900041277','2024-05-20'),(782,2567,'2028',8,8,0,'3349900041277','2024-05-20'),(783,2567,'2039',11,8,0,'3349900041277','2024-05-20'),(784,2567,'2038',12,8,0,'3349900041277','2024-05-20'),(785,2567,'2035',14,8,0,'3349900041277','2024-05-20'),(786,2567,'2033',10,8,0,'3349900041277','2024-05-20'),(787,2567,'2081',22,7,0,'3349900041277','2024-05-20'),(788,2567,'2082',23,7,0,'3349900041277','2024-05-20'),(789,2567,'2123',3,7,0,'3349900041277','2024-05-20'),(790,2567,'2124',8,7,0,'3349900041277','2024-05-20'),(791,2567,'2125',19,8,0,'3349900041277','2024-05-20'),(792,2567,'2037',13,8,0,'3349900041277','2024-05-20'),(793,2567,'2111',1,2,0,'3349900041277','2024-05-21'),(794,2567,'2112',2,2,0,'3349900041277','2024-05-21'),(795,2567,'2113',3,2,0,'3349900041277','2024-05-21'),(796,2567,'2114',4,2,0,'3349900041277','2024-05-21'),(797,2567,'2115',5,2,0,'3349900041277','2024-05-21'),(798,2567,'2116',6,2,0,'3349900041277','2024-05-21'),(799,2567,'2117',7,2,0,'3349900041277','2024-05-21'),(800,2567,'2118',8,2,0,'3349900041277','2024-05-21'),(801,2567,'2119',9,2,0,'3349900041277','2024-05-21'),(802,2567,'2120',10,2,0,'3349900041277','2024-05-21'),(803,2567,'2069',3,6,0,'3349900041277','2024-11-05'),(804,2567,'2006',1,9,0,'3349900041277','2025-05-22'),(805,2567,'2008',3,9,0,'3349900041277','2025-05-22'),(806,2567,'2009',4,9,0,'3349900041277','2025-05-22'),(807,2567,'2010',5,9,0,'3349900041277','2025-05-22'),(808,2567,'2011',6,9,0,'3349900041277','2025-05-22'),(809,2567,'2012',7,9,0,'3349900041277','2025-05-22'),(810,2567,'2013',8,9,0,'3349900041277','2025-05-22'),(811,2567,'2014',9,9,0,'3349900041277','2025-05-22'),(812,2567,'1015',10,9,0,'3349900041277','2025-05-22'),(813,2567,'2016',11,9,0,'3349900041277','2025-05-22'),(814,2567,'2017',12,9,0,'3349900041277','2025-05-22'),(815,2567,'2018',13,9,0,'3349900041277','2025-05-22'),(816,2567,'2049',7,7,0,'3349900041277','2025-05-22'),(817,2567,'2051',9,7,0,'3349900041277','2025-05-22'),(818,2567,'2052',10,7,0,'3349900041277','2025-05-22'),(819,2567,'2053',11,7,0,'3349900041277','2025-05-22'),(820,2567,'2054',12,7,0,'3349900041277','2025-05-22'),(821,2567,'2055',13,7,0,'3349900041277','2025-05-22'),(822,2567,'2032',15,8,0,'3349900041277','2025-05-22'),(823,2567,'2030',16,8,0,'3349900041277','2025-05-22'),(824,2567,'2034',17,8,0,'3349900041277','2025-05-22'),(825,2567,'2029',18,8,0,'3349900041277','2025-05-22'),(826,2567,'2046',4,7,0,'3349900041277','2025-05-22'),(827,2567,'2047',5,7,0,'3349900041277','2025-05-22'),(828,2567,'2048',6,7,0,'3349900041277','2025-05-22'),(829,2568,'2101',1,4,0,'3349900041277','2025-05-22'),(830,2568,'2126',1,2,0,'3349900041277','2025-05-22'),(831,2568,'2127',2,2,0,'3349900041277','2025-05-22'),(832,2568,'2128',3,2,0,'3349900041277','2025-05-22'),(833,2568,'2129',4,2,0,'3349900041277','2025-05-22'),(834,2568,'2130',5,2,0,'3349900041277','2025-05-22'),(835,2568,'2131',6,2,0,'3349900041277','2025-05-22'),(836,2568,'2132',7,2,0,'3349900041277','2025-05-22'),(837,2568,'2133',11,3,0,'3349900041277','2025-05-22'),(838,2568,'2134',9,4,0,'3349900041277','2025-05-22'),(839,2568,'2135',10,4,0,'3349900041277','2025-05-22'),(840,2568,'2136',11,5,0,'3349900041277','2025-05-22'),(841,2568,'2137',23,8,0,'3349900041277','2025-05-22');

--
-- Table structure for table `student_main_edyear`
--

CREATE TABLE `student_main_edyear` (
  `id` int(11) NOT NULL AUTO_INCREMENT,
  `ed_year` int(11) NOT NULL,
  `year_active` tinyint(4) NOT NULL,
  PRIMARY KEY (`id`),
  UNIQUE KEY `ed_year` (`ed_year`)
) ENGINE=MyISAM AUTO_INCREMENT=11 DEFAULT CHARSET=utf8 COLLATE=utf8_general_ci;

--
-- Dumping data for table `student_main_edyear`
--

INSERT INTO `student_main_edyear` VALUES (1,2559,0),(2,2560,0),(3,2561,0),(4,2562,0),(5,2563,0),(6,2564,0),(7,2565,0),(8,2566,0),(9,2567,0),(10,2568,1);

--
-- Table structure for table `student_main_expand1`
--

CREATE TABLE `student_main_expand1` (
  `id` int(11) NOT NULL AUTO_INCREMENT,
  `person_id` varchar(13) NOT NULL,
  `e_name` varchar(50) NOT NULL,
  `e_surname` varchar(50) NOT NULL,
  `birthday` date NOT NULL,
  `blood` varchar(2) NOT NULL,
  `race` varchar(30) NOT NULL,
  `nationlity` varchar(30) NOT NULL,
  `religion` varchar(30) NOT NULL,
  `rec_date` date NOT NULL,
  PRIMARY KEY (`id`),
  UNIQUE KEY `person_id` (`person_id`)
) ENGINE=MyISAM AUTO_INCREMENT=111 DEFAULT CHARSET=utf8 COLLATE=utf8_general_ci;

--
-- Dumping data for table `student_main_expand1`
--

INSERT INTO `student_main_expand1` VALUES (1,'1102004574060','KANTASIT','SAISEN','2014-06-20','','','','','2023-09-07'),(2,'1349901960466','NATTAKORN','BOONSANER','2014-01-25','','','','','2023-09-07'),(3,'1342200162915','TANAPHON','NAMWONGSA','2014-06-23','','','','','2020-10-08'),(4,'1342200163920','THUNWA','JITPHOKA','2014-12-19','','','','','2023-09-07'),(5,'1339901269909','TERAPAT','KONGBOONMEE','2014-06-24','','','','','2023-09-07'),(6,'1347600093770','PITIPAT','KHAMLUAN','2014-04-02','O','','','','2023-09-07'),(7,'1339700076836','PATTARADET','SAKSING','2014-12-06','','','','','2023-09-07'),(8,'1102004599810','WONGSAKORN','SAISEN','2014-09-22','','','','','2020-10-08'),(9,'1110201442539','WARANTORN','BOONMARONG','2014-05-21','','','','','2023-09-07'),(10,'1349901996231','SITTINON','BOONCHAROEN','2014-08-15','','','','','2023-09-07'),(11,'1342200162745','JIRACHAYA','JITTAWONG','2014-05-08','','','','','2023-09-07'),(12,'1342200162460','CHIVAPORN','DUANGCHAI','2014-04-01','','','','','2023-09-07'),(13,'1331300157734','THANISA','THONGLUE','2014-10-02','','','','','2023-09-07'),(14,'1349901956990','THUNYAPOND','SIDA','2014-01-06','','','','','2023-09-07'),(15,'1342200163237','PIYANUCH','SINGHAWET','2014-08-23','','','','','2023-09-07'),(16,'1342200163407','PAIYA','KGNGKA','2014-09-19','','','','','2023-09-07'),(17,'1342200163709','PATTIRA','SAKSING','2014-11-04','','','','','2023-09-07'),(18,'1339901289608','PATTIRA','UMPARAT','2014-10-22','','','','','2023-09-07'),(19,'1342200162125','WIMOLSIRI','NANTABAN','2014-01-13','','','','','2023-09-07'),(20,'1342200163423','SIRAWAN','MEKAROON','2014-09-23','','','','','2023-09-07'),(21,'1349901942999','Patompong','Saysan','2013-10-22','O','','','','2023-09-07'),(22,'1347600079556','Nontawat','Ragthong','2013-03-05','O','','','','2023-09-07'),(23,'1331300156231','Kitapas','Boonsanon','2013-01-04','A','','','','2023-09-07'),(24,'1342200160661','Supachai','Kulabodee','2013-03-01','A','','','','2023-09-07'),(25,'1342200161820','Pucid','Kigsu','2013-11-09','O','','','','2023-09-07'),(26,'1349901903021','Pakapong','Namgumpa','2013-03-20','O','','','','2023-09-07'),(27,'1342200160386','Yiglek','Amparat','2013-01-02','A','','','','2023-09-07'),(28,'1349901892959','Saranchan','Aunchan','2013-01-23','O','','','','2023-09-07'),(29,'1347600079394','SuratiKan','Kaewsga','2013-02-27','A','','','','2023-09-07'),(30,'1349901933850','Anadchar','Sankuson','2013-09-09','O','','','','2023-09-07'),(31,'1349901901664','Kunvara','Kumpop','2013-03-14','O','','','','2020-10-08'),(32,'1349901924001','Waranya','Pagaonad','2013-07-14','A','','','','2023-09-07'),(33,'1342200161501','Kodchawon','Aegkumhag','2013-09-04','B','','','','2023-09-07'),(34,'1349901925831','Timanpon','Saysan','2013-07-24','B','','','','2023-09-07'),(35,'1348900329290','Nuntiya','Burarat','2013-12-01','O','','','','2020-10-08'),(36,'1349901950851','Piranya','Ganlaor','2013-12-02','A','','','','2023-09-07'),(37,'1349901953451','Tichanun','Saysan','2013-12-18','A','','','','2023-09-07'),(38,'1349901860755','Ronnakon','Kodpila','2012-08-27','','','','','2023-09-07'),(39,'1349901836595','Sukonwat','Satunlom','2012-05-02','A','','','','2020-10-08'),(40,'1103101202865','Titiwat','saysan','2012-04-10','','','','','2023-09-07'),(41,'1347600077103','Ittipat','keawon','2012-12-25','A','','','','2023-09-07'),(42,'1331300156096','Sirapad','Sabsima','2012-12-08','B','','','','2023-09-07'),(43,'1349901815971','Natawot','Sihawad','2012-01-13','B','','','','2023-09-07'),(44,'1331300155367','Nanapat','Bukum','2012-04-11','O','','','','2023-09-07'),(45,'1331300155260','Nawapon','Thonglu','2012-03-21','O','','','','2023-09-07'),(46,'1749901442968','Apichai','Boosaard','2012-11-04','A','','','','2023-09-07'),(47,'1349901875167','Tivakon','Namchandee','2012-10-27','B','','','','2023-09-07'),(48,'1349901866117','Nuntachapon','Tileksa','2012-09-17','B','','','','2023-09-07'),(49,'1331300155731','Pataradala','Chaiyapo','2012-08-15','A','','','','2020-10-08'),(50,'1347600064311','Arakan','Kanme','2012-01-26','O','','','','2023-09-07'),(51,'1342200160131','Pawalisa','Bobla','2012-11-13','O','','','','2023-09-07'),(52,'1349901778994','Kawina','Pumari','2011-07-26','A','','','','2023-09-07'),(53,'1349901804901','Natapon','Saysan','2011-11-21','O','','','','2023-09-07'),(54,'1331300154531','Valilak','Bublay','2011-08-15','A','','','','2020-10-08'),(55,'1342200157776','Ponchita','Koyka','2011-10-31','A','','','','2023-09-07'),(56,'1349901808842','Sutita','Toomniyam','2011-12-09','B','','','','2023-09-07'),(57,'1342200157091','Titinan','Nantabun','2011-07-13','O','','','','2023-09-07'),(58,'1342200155927','Tanyalak','Namvlchar','2011-01-22','B','','','','2023-09-07'),(59,'1349901809415','Lafar','Kuyboome','2011-12-11','O','','','','2023-09-07'),(60,'1342200158101','Sirinpat','Chaipo','2011-12-27','A','','','','2020-10-08'),(61,'1349901687085','Sukritsada','Daeyknew','2010-03-11','O','','','','2020-10-08'),(62,'1331300152678','Parichaya','Kalamak','2010-01-17','A','','','','2020-10-08'),(63,'1342200153576','Sakdidak','Sutawong','2010-03-17','B','','','','2020-10-08'),(64,'1349901683209','Tanapat','Saysan','2010-02-21','O','','','','2020-10-08'),(65,'1349901697056','Pongsapak','Booddesav','2010-05-05','O','','','','2020-10-08'),(66,'1749901328561','Parattakon','Pensantey','2010-07-11','B','','','','2020-10-08'),(67,'1839902152105','Saranpat','Aunjan','2010-09-22','O','','','','2020-10-08'),(68,'1342200153983','Alisa','Aunjan','2010-05-20','O','','','','2020-10-08'),(69,'1129800179795','Tanapon','Daeyjumlay','2010-01-27','A','','','','2020-10-08'),(70,'1749901337501','Kadsuda','sunkaew','2010-09-14','A','','','','2020-10-08'),(71,'1349901723596','Banyapa','Bonbud','2010-09-23','O','','','','2020-10-08'),(72,'1104000287874','Sasina','Kiyvoysa','2010-09-04','A','','','','2020-10-08'),(73,'1331300153682','PenpiChar','Saysan','2010-11-25','A','','','','2020-10-08'),(74,'1749901327841','Ratchadapon','smanpon','2010-07-07','O','','','','2020-10-08'),(75,'1349901696939','Matapon','Rompunt','2010-05-04','A','','','','2020-10-08'),(76,'1339700059974','Jirapat','Saksiy','2010-08-23','O','','','','2020-10-08'),(77,'1349901701509','Supatta','Namchampa','2010-05-29','O','','','','2020-10-08'),(78,'1331300153569','Sasikan','Aerykumhoy','2010-10-24','O','','','','2020-10-08'),(79,'1349901646362','Putinun','tipluksa','2009-09-01','O','','','','2020-10-08'),(80,'1349901610511','suwat','TamniYon','2009-02-24','A','','','','2020-10-08'),(81,'1110201375670','Apichat','sirboot','2009-06-16','O','ไทย','ไทย','พุทธ','2020-10-08'),(82,'1347600037454','Chaitad','Thongpame','2009-08-25','O','','','','2020-10-08'),(83,'1349901639854','Pafan','siyhavad','2009-08-01','O','','','','2020-10-08'),(84,'1342200150402','Aonichar','Amparat','2009-03-26','A','','','','2020-10-08'),(85,'1342200150861','Saranrat','Chaiyapo','2009-05-15','B','','','','2020-10-08'),(86,'1342200150364','Chadanita','saysan','2009-03-20','B','','','','2020-10-08'),(87,'1349901695525','Bunthita','Khodphila','2010-04-28','A','','','','2020-10-08'),(88,'1339900973416','Tawanchay','Bonbud','2008-01-31','B','','','','2020-10-08'),(89,'1103101009691','Tanakon','Daegjumlog','2008-05-23','A','','','','2020-10-08'),(90,'1342200147207','Tanawin','Boonchroen','2008-04-02','A','','','','2020-10-08'),(91,'1103101002041','Nutawut','tipraksa','2008-03-19','O','','','','2020-10-08'),(92,'1349901562312','Nutarat','aungkomhong','2008-06-10','O','','','','2020-10-08'),(93,'1342200147878','sinanan','Boonsnaen','2008-06-25','A','','','','2020-10-08'),(94,'1331300150616','katunu','Parasak','2008-11-22','A','','','','2020-10-08'),(95,'1349901579673','Peerapat','kumpao','2008-09-10','O','','','','2020-10-08'),(96,'1331300149421','Intira','sankumpa','2008-04-02','A','','','','2020-10-08'),(97,'1349901578138','kamonlek','aunun','2008-09-03','B','','','','2020-10-08'),(98,'1342200147517','kunyavee','Boonsanaen','2008-05-07','O','','','','2020-10-08'),(99,'1342200147215','tapichar','thonglae','2008-04-01','B','','','','2020-10-08'),(100,'1342200148637','kittiya','kodpira','2008-09-22','A','','','','2020-10-08'),(101,'1342200149048','patita','authaikon','2008-11-01','O','','','','2020-10-08'),(102,'1319200098741','wichitta','wongchomphu','2009-03-18','B','','','','2020-10-08'),(103,'1349901470680','Perapat','suksir','2007-02-04','A','ไทย','ไทย','พุทธ','2020-10-08'),(104,'1239900598080','THANACHAI','THANAPRASOP','2015-02-01','','','','','2023-09-07'),(105,'1110201454634','PHURIN','KHAEW ON','2015-05-28','','','','','2023-09-07'),(106,'1349902079780','ARTIVARA','THONGPHAMEE','2015-11-19','','','','','2021-02-21'),(107,'1347600115455','CHANANSHIDA','INTHAPROM','2015-12-04','','','','','2023-09-07'),(108,'1349902084384','RUJAPHA','KONTONG','2015-12-14','','','','','2023-09-07'),(109,'1209702979699','wanwisa','IMTHAPROM','2015-06-01','','','','','2023-09-07'),(110,'1342200161200','TERADET','CHUEAON','2013-07-01','','','','','2023-09-07');

--
-- Table structure for table `student_main_permission`
--

CREATE TABLE `student_main_permission` (
  `id` int(11) NOT NULL AUTO_INCREMENT,
  `person_id` varchar(13) NOT NULL,
  `p1` tinyint(4) NOT NULL,
  `officer` varchar(13) NOT NULL,
  `rec_date` date NOT NULL,
  PRIMARY KEY (`id`)
) ENGINE=MyISAM AUTO_INCREMENT=3 DEFAULT CHARSET=utf8 COLLATE=utf8_general_ci;

--
-- Dumping data for table `student_main_permission`
--

INSERT INTO `student_main_permission` VALUES (1,'3341501533551',1,'3341501533551','2019-05-30'),(2,'3349900041277',1,'3350400636842','2019-05-28');

--
-- Table structure for table `system_ed_year`
--

CREATE TABLE `system_ed_year` (
  `id` int(11) NOT NULL AUTO_INCREMENT,
  `ed_year` int(11) NOT NULL,
  `active_ed_year` tinyint(4) NOT NULL,
  PRIMARY KEY (`id`),
  UNIQUE KEY `ed_year` (`ed_year`)
) ENGINE=MyISAM DEFAULT CHARSET=utf8 COLLATE=utf8_general_ci;

--
-- Dumping data for table `system_ed_year`
--


--
-- Table structure for table `system_export_list`
--

CREATE TABLE `system_export_list` (
  `id` int(11) NOT NULL AUTO_INCREMENT,
  `data_name` varchar(50) NOT NULL,
  `thai_dataname` varchar(100) NOT NULL,
  PRIMARY KEY (`id`),
  UNIQUE KEY `data_name` (`data_name`)
) ENGINE=MyISAM AUTO_INCREMENT=7 DEFAULT CHARSET=utf8 COLLATE=utf8_general_ci;

--
-- Dumping data for table `system_export_list`
--

INSERT INTO `system_export_list` VALUES (1,'person','ข้อมูลครูและบุคลากร'),(2,'student','ข้อมูลพื้นฐานนักเรียน'),(3,'onet','ผลสอบ O-NET'),(4,'plan','แผนปฏิบัติการประจำปี'),(5,'student_check','การมาเรียน'),(6,'health','สุขภาพผู้เรียน');

--
-- Table structure for table `system_export_log`
--

CREATE TABLE `system_export_log` (
  `id` int(11) NOT NULL AUTO_INCREMENT,
  `computer_ip` varchar(25) NOT NULL,
  `requester` varchar(50) NOT NULL,
  `login_time` datetime NOT NULL,
  `data` varchar(20) NOT NULL,
  PRIMARY KEY (`id`)
) ENGINE=MyISAM AUTO_INCREMENT=144 DEFAULT CHARSET=utf8 COLLATE=utf8_general_ci;

--
-- Dumping data for table `system_export_log`
--

INSERT INTO `system_export_log` VALUES (1,'61.19.124.234','amssplus','2018-08-23 09:13:04','plan'),(2,'61.19.124.234','amssplus','2018-08-23 09:13:31','plan'),(3,'61.19.124.234','amssplus','2018-08-23 09:14:25','person'),(4,'61.19.124.234','amssplus','2018-08-23 09:50:41','student'),(5,'61.19.124.234','amssplus','2018-08-23 15:21:42','person'),(6,'61.19.124.234','amssplus','2018-08-24 04:10:48','person'),(7,'61.19.124.234','amssplus','2018-08-24 04:36:06','student'),(8,'61.19.124.234','amssplus','2018-09-02 15:18:02','student'),(9,'61.19.124.234','amssplus','2018-09-14 12:26:40','person'),(10,'61.19.124.234','amssplus','2018-09-14 12:31:25','person'),(11,'61.19.124.234','amssplus','2018-09-14 13:10:31','person'),(12,'61.19.124.234','amssplus','2018-09-21 04:36:41','person'),(13,'61.19.124.234','amssplus','2019-10-08 15:05:15','student_check'),(14,'122.155.223.9','amssplus','2020-02-18 11:51:39','student'),(15,'122.155.223.9','amssplus','2020-02-21 07:23:38','student'),(16,'122.155.223.9','amssplus','2020-03-30 14:52:52','student_check'),(17,'122.155.223.9','amssplus','2020-07-30 21:01:48','person'),(18,'122.155.223.9','amssplus','2021-01-20 11:34:55','plan'),(19,'127.0.0.1','amssplus','2021-04-14 14:27:49','student'),(20,'127.0.0.1','amssplus','2021-04-14 14:38:40','student'),(21,'192.168.1.6','amssplus','2021-05-29 11:02:44','student'),(22,'192.168.1.6','amssplus','2021-05-29 11:03:50','student'),(23,'192.168.1.6','amssplus','2021-05-29 11:54:25','student'),(24,'192.168.1.6','amssplus','2021-05-29 11:57:23','student'),(25,'192.168.1.6','amssplus','2021-05-29 11:58:23','student'),(26,'192.168.1.6','amssplus','2021-05-29 12:12:58','student'),(27,'192.168.1.6','amssplus','2021-05-29 12:22:08','student'),(28,'192.168.1.6','amssplus','2021-05-29 12:23:54','student'),(29,'192.168.1.6','amssplus','2021-05-29 12:44:02','student'),(30,'192.168.1.6','amssplus','2021-05-29 12:50:48','student'),(31,'192.168.1.6','amssplus','2021-05-29 12:57:23','student'),(32,'192.168.1.6','amssplus','2021-05-29 12:58:28','student'),(33,'192.168.1.6','amssplus','2021-05-29 14:27:42','student'),(34,'192.168.1.6','amssplus','2021-05-29 14:28:15','student'),(35,'192.168.1.6','amssplus','2021-05-29 14:28:43','student'),(36,'192.168.1.6','amssplus','2021-05-29 14:29:22','student'),(37,'192.168.1.6','amssplus','2021-05-29 14:31:54','student'),(38,'10.1.1.3','amssplus','2021-08-06 15:22:44','person'),(39,'10.1.1.3','amssplus','2021-10-06 10:27:27','student'),(40,'10.1.1.3','amssplus','2021-10-06 10:30:21','student'),(41,'10.1.1.3','amssplus','2022-07-23 11:19:22','plan'),(42,'10.1.1.3','amssplus','2022-09-07 14:39:50','student'),(43,'','amssplus','2023-01-02 14:23:39','student_check'),(44,'','amssplus','2023-01-02 17:52:54','student_check'),(45,'','amssplus','2023-01-02 17:54:29','student_check'),(46,'','amssplus','2023-01-02 17:55:03','student_check'),(47,'10.1.1.3','amssplus','2023-01-22 00:23:22','student'),(48,'127.0.0.1','amssplus','2023-02-16 09:21:29','student_check'),(49,'127.0.0.1','amssplus','2023-02-16 09:22:09','student_check'),(50,'127.0.0.1','amssplus','2023-02-16 09:33:03','student_check'),(51,'10.1.1.3','amssplus','2023-04-05 09:48:20','student_check'),(52,'10.1.1.3','amssplus','2023-04-05 22:38:11','student_check'),(53,'10.1.1.3','amssplus','2023-04-06 10:24:16','student_check'),(54,'10.1.1.3','amssplus','2023-04-06 10:25:07','student_check'),(55,'10.1.1.3','amssplus','2023-04-06 10:47:28','student_check'),(56,'10.1.1.3','amssplus','2023-04-06 13:13:41','student_check'),(57,'10.1.1.3','amssplus','2023-06-15 10:20:22','student_check'),(58,'10.1.1.3','amssplus','2023-06-15 10:56:09','student'),(59,'10.1.1.3','amssplus','2023-06-16 15:15:52','student'),(60,'10.1.1.3','amssplus','2023-07-04 11:24:35','student'),(61,'127.0.0.1','amssplus','2023-07-09 13:17:04','student_check'),(62,'127.0.0.1','amssplus','2023-07-09 13:19:00','student_check'),(63,'127.0.0.1','amssplus','2023-07-09 13:19:47','student_check'),(64,'127.0.0.1','amssplus','2023-07-09 13:20:14','student_check'),(65,'127.0.0.1','amssplus','2023-07-09 13:20:46','student_check'),(66,'127.0.0.1','amssplus','2023-07-09 13:21:44','student_check'),(67,'127.0.0.1','amssplus','2023-07-09 13:27:58','student_check'),(68,'127.0.0.1','amssplus','2023-07-09 13:29:13','student_check'),(69,'127.0.0.1','amssplus','2023-07-09 13:31:15','student_check'),(70,'127.0.0.1','amssplus','2023-07-09 13:36:12','student_check'),(71,'127.0.0.1','amssplus','2023-07-09 13:37:18','student_check'),(72,'127.0.0.1','amssplus','2023-07-09 13:37:40','student_check'),(73,'127.0.0.1','amssplus','2023-07-09 13:39:12','student_check'),(74,'127.0.0.1','amssplus','2023-07-09 13:41:19','student_check'),(75,'127.0.0.1','amssplus','2023-07-09 13:42:40','student_check'),(76,'127.0.0.1','amssplus','2023-07-09 13:43:39','student_check'),(77,'127.0.0.1','amssplus','2023-07-09 13:47:33','student_check'),(78,'127.0.0.1','amssplus','2023-07-09 13:59:31','student_check'),(79,'127.0.0.1','amssplus','2023-07-09 14:08:14','student_check'),(80,'127.0.0.1','amssplus','2023-07-09 14:17:26','student_check'),(81,'127.0.0.1','amssplus','2023-07-11 07:57:59','student_check'),(82,'127.0.0.1','amssplus','2023-07-11 08:13:01','student_check'),(83,'127.0.0.1','amssplus','2023-07-11 08:13:51','student_check'),(84,'127.0.0.1','amssplus','2023-07-11 08:14:42','student_check'),(85,'127.0.0.1','amssplus','2023-07-26 13:59:04','student_check'),(86,'127.0.0.1','amssplus','2023-07-26 14:00:43','student_check'),(87,'127.0.0.1','amssplus','2023-07-26 14:02:18','student_check'),(88,'127.0.0.1','amssplus','2023-07-26 14:53:00','student_check'),(89,'127.0.0.1','amssplus','2023-07-26 14:58:36','student_check'),(90,'127.0.0.1','amssplus','2023-07-26 15:09:17','student_check'),(91,'127.0.0.1','amssplus','2023-07-26 15:11:11','student_check'),(92,'127.0.0.1','amssplus','2023-07-26 15:12:10','student_check'),(93,'127.0.0.1','amssplus','2023-07-26 15:18:47','student_check'),(94,'127.0.0.1','amssplus','2023-07-26 15:22:43','student_check'),(95,'127.0.0.1','amssplus','2023-07-26 15:27:33','student_check'),(96,'127.0.0.1','amssplus','2023-07-26 15:31:15','student_check'),(97,'127.0.0.1','amssplus','2023-07-26 15:32:22','student_check'),(98,'127.0.0.1','amssplus','2023-07-26 15:33:17','student_check'),(99,'127.0.0.1','amssplus','2023-07-26 15:45:54','student_check'),(100,'127.0.0.1','amssplus','2023-07-26 15:49:09','student_check'),(101,'127.0.0.1','amssplus','2023-07-26 15:51:06','student_check'),(102,'127.0.0.1','amssplus','2023-07-26 15:52:53','student_check'),(103,'127.0.0.1','amssplus','2023-07-26 15:57:24','student_check'),(104,'127.0.0.1','amssplus','2023-07-26 17:14:03','student_check'),(105,'127.0.0.1','amssplus','2023-07-26 17:19:52','student_check'),(106,'127.0.0.1','amssplus','2023-07-26 17:26:44','student_check'),(107,'127.0.0.1','amssplus','2023-07-26 17:28:19','student_check'),(108,'127.0.0.1','amssplus','2023-07-26 17:42:22','student_check'),(109,'10.1.1.3','amssplus','2023-08-24 09:05:30','student_check'),(110,'10.1.1.3','amssplus','2023-08-31 09:02:48','student_check'),(111,'10.1.1.3','amssplus','2023-08-31 09:03:19','student_check'),(112,'10.1.1.3','amssplus','2023-08-31 09:03:39','student_check'),(113,'10.1.1.3','amssplus','2023-09-15 20:09:19','student'),(114,'','amssplus','2023-10-25 14:28:40','student_check'),(115,'','amssplus','2023-10-25 14:28:46','student_check'),(116,'','amssplus','2023-10-25 14:28:48','student_check'),(117,'10.255.199.107','amssplus','2023-11-29 08:55:48','student_check'),(118,'10.255.199.107','amssplus','2023-12-15 12:15:50','student_check'),(119,'10.255.199.107','amssplus','2024-01-25 03:50:22','student_check'),(120,'10.255.199.107','amssplus','2024-06-10 11:59:18','student'),(121,'10.255.199.107','amssplus','2024-06-10 12:33:03','student'),(122,'10.255.199.107','amssplus','2024-06-14 10:46:03','student'),(123,'10.255.199.107','amssplus','2024-06-14 10:52:05','student'),(124,'10.255.199.107','amssplus','2024-06-17 04:37:32','person'),(125,'10.255.199.107','amssplus','2024-06-17 04:39:47','person'),(126,'10.255.199.107','amssplus','2024-06-20 04:51:34','student_check'),(127,'10.255.199.107','amssplus','2024-09-19 07:56:16','person'),(128,'10.255.199.107','amssplus','2024-10-02 04:47:05','person'),(129,'10.255.199.107','amssplus','2024-10-04 09:14:07','person'),(130,'10.255.199.107','amssplus','2025-03-11 07:57:43','student_check'),(131,'10.255.199.107','amssplus','2025-03-11 07:58:04','student_check'),(132,'10.255.199.107','amssplus','2025-03-28 01:48:39','student_check'),(133,'10.255.199.107','amssplus','2025-05-29 08:10:00','person'),(134,'10.255.199.107','amssplus','2025-05-29 08:12:47','person'),(135,'10.255.199.107','amssplus','2025-06-08 04:32:47','student'),(136,'10.255.199.107','amssplus','2025-07-30 08:33:28','student_check'),(137,'10.255.199.107','amssplus','2025-08-01 22:22:45','student_check'),(138,'10.255.199.107','amssplus','2025-08-01 22:22:49','student_check'),(139,'10.255.199.107','amssplus','2025-08-14 04:10:03','person'),(140,'10.255.199.107','amssplus','2025-08-18 02:44:18','student'),(141,'10.255.199.107','amssplus','2025-08-29 02:40:17','student_check'),(142,'10.255.199.107','amssplus','2025-09-13 05:43:36','student_check'),(143,'10.255.199.107','amssplus','2025-09-13 05:54:44','student_check');

--
-- Table structure for table `system_export_permission`
--

CREATE TABLE `system_export_permission` (
  `id` int(11) NOT NULL AUTO_INCREMENT,
  `requester` varchar(50) NOT NULL,
  `data_name` varchar(50) NOT NULL,
  `status` tinyint(4) NOT NULL DEFAULT 0,
  PRIMARY KEY (`id`)
) ENGINE=MyISAM AUTO_INCREMENT=7 DEFAULT CHARSET=utf8 COLLATE=utf8_general_ci;

--
-- Dumping data for table `system_export_permission`
--

INSERT INTO `system_export_permission` VALUES (1,'amssplus','plan',1),(2,'amssplus','onet',1),(3,'amssplus','student',1),(4,'amssplus','person',1),(5,'amssplus','student_check',1),(6,'amssplus','health',1);

--
-- Table structure for table `system_module`
--

CREATE TABLE `system_module` (
  `id` int(11) NOT NULL AUTO_INCREMENT,
  `module` varchar(50) NOT NULL,
  `module_desc` varchar(100) NOT NULL,
  `workgroup` tinyint(4) DEFAULT NULL,
  `module_active` tinyint(4) DEFAULT NULL,
  `module_order` int(11) NOT NULL,
  `web_link` tinyint(4) DEFAULT NULL,
  `url` varchar(150) DEFAULT NULL,
  `where_work` tinyint(4) NOT NULL DEFAULT 0,
  `menu_pic` varchar(25) NOT NULL,
  PRIMARY KEY (`id`)
) ENGINE=MyISAM AUTO_INCREMENT=118 DEFAULT CHARSET=utf8 COLLATE=utf8_general_ci;

--
-- Dumping data for table `system_module`
--

INSERT INTO `system_module` VALUES (1,'budget','การเงินและบัญชี',2,1,27,NULL,NULL,0,'fab fa-btc'),(32,'person','ข้อมูลพื้นฐานครูและบุคลากร',3,1,31,0,'',0,'fa fa-user-circle'),(36,'standard','มาตรฐานการศึกษา',1,1,21,NULL,NULL,0,''),(49,'health','ตรวจสุขภาพนักเรียน',1,1,5,NULL,NULL,1,''),(50,'student_check','การมาเรียน',1,1,1,NULL,NULL,0,'fa fa-child'),(70,'work','﻿การปฏิบัติราชการ',4,1,49,NULL,NULL,0,''),(48,'savings','ออมทรัพย์นักเรียน',1,1,3,NULL,NULL,1,'fab fa-btc'),(45,'student_main','ข้อมูลพื้นฐานนักเรียน',1,1,7,NULL,NULL,0,'fa fa-child'),(47,'plan','การวางแผน',2,1,25,NULL,NULL,0,''),(73,'la','﻿การลา',4,1,47,NULL,NULL,0,''),(80,'mail','ไปรษณีย์_โรงเรียน',4,1,38,0,'',0,'fa fa-envelope'),(75,'meeting','﻿จองห้องประชุม',4,1,51,NULL,NULL,0,''),(76,'permission','﻿ขออนุญาตไปราชการ',4,1,45,NULL,NULL,0,''),(81,'achievement','﻿ผลสัมฤทธิ์ทางการเรียน',1,1,19,NULL,NULL,0,'fa fa-graduation-cap'),(83,'cabinet','﻿ตู้เอกสาร',4,1,53,NULL,NULL,0,''),(99,'bookregister','﻿ทะเบียนหนังสือราชการ',4,1,35,0,'',0,'fa fa-book'),(104,'bets','ทดสอบการศึกษา_โรงเรียน',1,1,9,0,'',1,'fa fa-graduation-cap'),(103,'student_inclass','﻿การเข้าชั้นเรียน',1,1,23,0,'',0,'fa fa-child'),(105,'delegate','รักษาการในตำแหน่ง',3,1,33,0,'',0,''),(106,'affair','﻿ภารกิจผู้อำนวยการ',4,1,43,0,'',0,''),(107,'amss_bets','﻿ทดสอบการศึกษา_สพท.',1,1,11,0,'',1,'fa fa-graduation-cap'),(108,'amss_budget','﻿การบริหารงบประมาณ_สพท.',2,1,29,0,'',0,'fab fa-btc'),(109,'amss_mail','﻿ไปรษณีย์_สพท.',4,1,39,0,'',0,'fa fa-envelope'),(110,'amss_opportunity','﻿สิทธิและโอกาสทางการศึกษา',1,1,15,0,'',0,'fa fa-child'),(111,'amss_spacial_student','﻿นักเรียนพิเศษ',1,1,17,0,'',0,'fa fa-child'),(112,'amss_supervision','﻿นิเทศ ติดตาม ประเมินผล',1,1,13,0,'',0,'fa fa-graduation-cap'),(113,'book','﻿รับส่งหนังสือราชการ',4,1,37,0,'',0,'fa fa-book'),(114,'warroom','﻿วิเคราะห์สภาพการณ์',1,1,0,0,'',0,'fa fa-filter'),(115,'questionnaire','﻿แบบสอบถาม',4,1,0,0,'',0,''),(116,'idplan','﻿ข้อมูลครูและบุคลากร(ส่วนเพิ่ม)',3,1,0,0,'',0,''),(117,'amss_safety','สถานศึกษาปลอดภัย',1,1,0,0,'',0,'');

--
-- Table structure for table `system_module_admin`
--

CREATE TABLE `system_module_admin` (
  `id` int(11) NOT NULL AUTO_INCREMENT,
  `person_id` varchar(13) NOT NULL,
  `module` varchar(30) NOT NULL,
  `officer` varchar(13) NOT NULL,
  `rec_date` date NOT NULL,
  PRIMARY KEY (`id`)
) ENGINE=MyISAM AUTO_INCREMENT=42 DEFAULT CHARSET=utf8 COLLATE=utf8_general_ci;

--
-- Dumping data for table `system_module_admin`
--

INSERT INTO `system_module_admin` VALUES (1,'3259700098870','student_main','3259700098870','2016-06-26'),(2,'3341501533551','person','3341501533551','2016-06-26'),(3,'3341501533551','student_check','3341501533551','2016-06-26'),(4,'3341501533551','achievement','3341501533551','2016-06-26'),(5,'3341501533551','student_main','3341501533551','2016-06-26'),(6,'3341501533551','health','3341501533551','2016-06-26'),(7,'3341501533551','savings','3341501533551','2016-06-26'),(8,'3341501533551','student_inclass','3341501533551','2016-06-26'),(9,'3341501533551','mail','3341501533551','2016-06-26'),(10,'3341501533551','bets','3341501533551','2016-06-26'),(11,'3341501533551','la','3341501533551','2016-06-26'),(12,'3341501533551','permission','3341501533551','2016-06-26'),(13,'3341501533551','meeting','3341501533551','2016-06-26'),(14,'3349800213190','budget','3341501533551','2016-07-23'),(15,'3341501249934','budget','3341501533551','2016-07-23'),(16,'3349800213190','achievement','3341501533551','2016-07-23'),(17,'3331300127238','achievement','3341501533551','2016-07-23'),(18,'335030044261','achievement','3341501533551','2016-07-23'),(19,'1342200025586','achievement','3341501533551','2016-07-23'),(20,'3341800361329','achievement','3341501533551','2016-07-23'),(21,'3259700098870','achievement','3341501533551','2016-07-23'),(22,'3341501285957','achievement','3341501533551','2016-07-23'),(23,'3349800213190','plan','3341501533551','2016-07-23'),(24,'3341501533551','budget','3341501533551','2016-07-23'),(25,'3341501533551','plan','3341501533551','2016-07-23'),(26,'3341501533551','standard','3341501533551','2016-07-23'),(27,'3350400636842','permission','3341501533551','2016-07-23'),(28,'3350400636842','la','3341501533551','2016-07-23'),(29,'1342200025586','bookregister','3341501533551','2016-07-23'),(30,'3349800213190','bookregister','3341501533551','2016-07-23'),(31,'3350400636842','work','3341501533551','2016-07-23'),(32,'3349900041277','budget','3350400636842','2020-11-27'),(33,'3349900041277','plan','3350400636842','2020-11-27'),(34,'3349900041277','student_main','3350400636842','2023-05-18'),(35,'3349900041277','book','3350400636842','2023-05-18'),(36,'3349900041277','bets','3350400636842','2023-05-18'),(37,'3349900041277','idplan','3350400636842','2023-05-18'),(38,'3349900041277','amss_opportunity','3349900041277','2023-05-18'),(39,'3349900109068','budget','3349900041277','2023-05-18'),(40,'3349900041277','person','3349900041277','2023-05-18'),(41,'3349900041277','student_check','3349900041277','2023-05-18');

--
-- Table structure for table `system_school_name`
--

CREATE TABLE `system_school_name` (
  `id` tinyint(4) NOT NULL,
  `school_name` varchar(200) NOT NULL,
  `school_type` tinyint(4) NOT NULL DEFAULT 0
) ENGINE=MyISAM DEFAULT CHARSET=utf8 COLLATE=utf8_general_ci;

--
-- Dumping data for table `system_school_name`
--

INSERT INTO `system_school_name` VALUES (1,'โรงเรียนบ้านโคกสว่าง(บุญคุรุราษฎร์วิทยา)',0);

--
-- Table structure for table `system_sync_code`
--

CREATE TABLE `system_sync_code` (
  `id` tinyint(4) NOT NULL AUTO_INCREMENT,
  `office_code` varchar(10) NOT NULL,
  `system_name` varchar(50) NOT NULL,
  `sync_code` varchar(50) NOT NULL,
  `amssplus_url` varchar(100) NOT NULL,
  PRIMARY KEY (`id`),
  UNIQUE KEY `system_name` (`system_name`)
) ENGINE=MyISAM AUTO_INCREMENT=4 DEFAULT CHARSET=utf8 COLLATE=utf8_general_ci;

--
-- Dumping data for table `system_sync_code`
--

INSERT INTO `system_sync_code` VALUES (3,'34040093','amssplus','34040093','http://10.255.199.107/amssplus');

--
-- Table structure for table `system_version`
--

CREATE TABLE `system_version` (
  `id` int(11) NOT NULL AUTO_INCREMENT,
  `smss_version` varchar(100) NOT NULL,
  `status1` int(11) DEFAULT NULL,
  `status2` int(11) DEFAULT NULL,
  `status3` int(11) DEFAULT NULL,
  `status4` int(11) DEFAULT NULL,
  `status5` int(11) DEFAULT NULL,
  PRIMARY KEY (`id`)
) ENGINE=MyISAM AUTO_INCREMENT=2 DEFAULT CHARSET=utf8 COLLATE=utf8_general_ci;

--
-- Dumping data for table `system_version`
--

INSERT INTO `system_version` VALUES (1,'6.4',1,0,0,0,0);

--
-- Table structure for table `system_workgroup`
--

CREATE TABLE `system_workgroup` (
  `id` tinyint(4) NOT NULL AUTO_INCREMENT,
  `workgroup` tinyint(4) NOT NULL,
  `workgroup_desc` varchar(50) NOT NULL,
  `workgroup_order` int(11) NOT NULL,
  PRIMARY KEY (`id`),
  UNIQUE KEY `workgroup` (`workgroup`)
) ENGINE=MyISAM AUTO_INCREMENT=5 DEFAULT CHARSET=utf8 COLLATE=utf8_general_ci;

--
-- Dumping data for table `system_workgroup`
--

INSERT INTO `system_workgroup` VALUES (1,1,'บริหารวิชาการ',4),(2,2,'บริหารงบประมาณ',5),(3,3,'บริหารงานบุคคล',6),(4,4,'บริหารทั่วไป',8);

--
-- Table structure for table `work_main`
--

CREATE TABLE `work_main` (
  `id` int(11) NOT NULL AUTO_INCREMENT,
  `work_date` date NOT NULL,
  `person_id` varchar(13) NOT NULL,
  `work` tinyint(4) NOT NULL DEFAULT 0,
  `comment` varchar(150) DEFAULT NULL,
  `rec_date` datetime NOT NULL,
  `officer` varchar(13) NOT NULL,
  PRIMARY KEY (`id`),
  KEY `work_date` (`work_date`),
  KEY `person_id` (`person_id`)
) ENGINE=MyISAM DEFAULT CHARSET=utf8 COLLATE=utf8_general_ci;

--
-- Dumping data for table `work_main`
--


--
-- Table structure for table `work_permission`
--

CREATE TABLE `work_permission` (
  `id` int(11) NOT NULL AUTO_INCREMENT,
  `person_id` varchar(13) NOT NULL,
  `p1` tinyint(4) NOT NULL,
  `officer` varchar(13) NOT NULL,
  `rec_date` date NOT NULL,
  PRIMARY KEY (`id`)
) ENGINE=MyISAM DEFAULT CHARSET=utf8 COLLATE=utf8_general_ci;

--
-- Dumping data for table `work_permission`
--



