INSERT INTO `student_check_main` VALUES ('2025-07-22',1547,3,1,2568,'C','1342200088375','2025-07-22 01:07:32'),('2025-07-22',1527,5,1,2568,'C','1342200088375','2025-07-22 01:07:39'),('2025-07-22',1528,5,1,2568,'C','1342200088375','2025-07-22 01:07:39'),('2025-07-22',1534,5,1,2568,'C','1342200088375','2025-07-22 01:07:39'),('2025-07-22',1514,6,1,2568,'C','1342200088375','2025-07-22 01:07:45'),('2025-07-22',1519,6,1,2568,'C','1342200088375','2025-07-22 01:07:45'),('2025-07-22',1524,6,1,2568,'C','1342200088375','2025-07-22 01:07:45'),('2025-07-22',1525,6,1,2568,'C','1342200088375','2025-07-22 01:07:45'),('2025-07-22',1526,6,1,2568,'C','1342200088375','2025-07-22 01:07:45'),('2025-07-22',1539,6,1,2568,'C','1342200088375','2025-07-22 01:07:45'),('2025-07-22',1551,6,1,2568,'C','1342200088375','2025-07-22 01:07:45'),('2025-07-22',1516,6,1,2568,'C','1342200088375','2025-07-22 01:07:45'),('2025-07-22',1515,7,1,2568,'C','1342200088375','2025-07-22 01:07:55'),('2025-07-22',1517,7,1,2568,'C','1342200088375','2025-07-22 01:07:55'),('2025-07-22',1520,7,1,2568,'C','1342200088375','2025-07-22 01:07:55'),('2025-07-22',1531,7,1,2568,'C','1342200088375','2025-07-22 01:07:55'),('2025-07-22',1500,9,1,2568,'C','1342200088375','2025-07-22 01:07:01'),('2025-07-22',1501,9,1,2568,'C','1342200088375','2025-07-22 01:07:01'),('2025-07-22',1502,9,1,2568,'C','1342200088375','2025-07-22 01:07:01'),('2025-07-22',1505,8,1,2568,'C','1342200088375','2025-07-22 01:07:06'),('2025-07-22',1507,8,1,2568,'C','1342200088375','2025-07-22 01:07:06'),('2025-07-22',1508,8,1,2568,'C','1342200088375','2025-07-22 01:07:06'),('2025-07-22',1509,8,1,2568,'C','1342200088375','2025-07-22 01:07:06'),('2025-07-22',1510,8,1,2568,'C','1342200088375','2025-07-22 01:07:06'),('2025-07-22',1521,8,1,2568,'C','1342200088375','2025-07-22 01:07:06'),('2025-07-23',1556,2,1,2568,'C','1342200088375','2025-07-23 09:07:20'),('2025-07-23',1557,2,1,2568,'C','1342200088375','2025-07-23 09:07:20'),('2025-07-23',1558,2,1,2568,'C','1342200088375','2025-07-23 09:07:20'),('2025-07-23',1559,2,1,2568,'C','1342200088375','2025-07-23 09:07:20'),('2025-07-23',1560,2,1,2568,'C','1342200088375','2025-07-23 09:07:20'),('2025-07-23',1561,2,1,2568,'C','1342200088375','2025-07-23 09:07:20'),('2025-07-23',1562,2,1,2568,'C','1342200088375','2025-07-23 09:07:20'),('2025-07-23',1563,2,1,2568,'C','1342200088375','2025-07-23 09:07:20'),('2025-07-23',1564,2,1,2568,'C','1342200088375','2025-07-23 09:07:20'),('2025-07-23',1542,3,1,2568,'C','1342200088375','2025-07-23 09:07:25'),('2025-07-23',1545,3,1,2568,'C','1342200088375','2025-07-23 09:07:25'),('2025-07-23',1546,3,1,2568,'C','1342200088375','2025-07-23 09:07:25'),('2025-07-23',1547,3,1,2568,'C','1342200088375','2025-07-23 09:07:25'),('2025-07-23',1532,4,1,2568,'C','1342200088375','2025-07-23 09:07:29'),('2025-07-23',1533,4,1,2568,'C','1342200088375','2025-07-23 09:07:29'),('2025-07-23',1543,4,1,2568,'C','1342200088375','2025-07-23 09:07:29'),('2025-07-23',1548,4,1,2568,'C','1342200088375','2025-07-23 09:07:29'),('2025-07-23',1527,5,1,2568,'C','1342200088375','2025-07-23 09:07:39'),('2025-07-23',1528,5,1,2568,'C','1342200088375','2025-07-23 09:07:39'),('2025-07-23',1534,5,1,2568,'C','1342200088375','2025-07-23 09:07:39'),('2025-07-23',1514,6,1,2568,'C','1342200088375','2025-07-23 09:07:45'),('2025-07-23',1519,6,1,2568,'C','1342200088375','2025-07-23 09:07:45'),('2025-07-23',1524,6,1,2568,'C','1342200088375','2025-07-23 09:07:45'),('2025-07-23',1525,6,1,2568,'C','1342200088375','2025-07-23 09:07:45'),('2025-07-23',1526,6,1,2568,'C','1342200088375','2025-07-23 09:07:45'),('2025-07-23',1539,6,1,2568,'C','1342200088375','2025-07-23 09:07:45'),('2025-07-23',1551,6,1,2568,'C','1342200088375','2025-07-23 09:07:45'),('2025-07-23',1516,6,1,2568,'C','1342200088375','2025-07-23 09:07:45'),('2025-07-23',1515,7,1,2568,'C','1342200088375','2025-07-23 09:07:53'),('2025-07-23',1517,7,1,2568,'C','1342200088375','2025-07-23 09:07:53'),('2025-07-23',1520,7,1,2568,'C','1342200088375','2025-07-23 09:07:53'),('2025-07-23',1531,7,1,2568,'C','1342200088375','2025-07-23 09:07:53'),('2025-07-23',1505,8,1,2568,'C','1342200088375','2025-07-23 09:07:58'),('2025-07-23',1507,8,1,2568,'C','1342200088375','2025-07-23 09:07:58'),('2025-07-23',1508,8,1,2568,'C','1342200088375','2025-07-23 09:07:58'),('2025-07-23',1509,8,1,2568,'C','1342200088375','2025-07-23 09:07:58'),('2025-07-23',1510,8,1,2568,'C','1342200088375','2025-07-23 09:07:58'),('2025-07-23',1521,8,1,2568,'C','1342200088375','2025-07-23 09:07:58'),('2025-07-23',1500,9,1,2568,'C','1342200088375','2025-07-23 09:07:03'),('2025-07-23',1501,9,1,2568,'C','1342200088375','2025-07-23 09:07:03'),('2025-07-23',1502,9,1,2568,'C','1342200088375','2025-07-23 09:07:03'),('2025-07-25',1556,2,1,2568,'C','1342200088375','2025-07-25 10:07:33'),('2025-07-25',1557,2,1,2568,'C','1342200088375','2025-07-25 10:07:33'),('2025-07-25',1558,2,1,2568,'C','1342200088375','2025-07-25 10:07:33'),('2025-07-25',1559,2,1,2568,'C','1342200088375','2025-07-25 10:07:33'),('2025-07-25',1560,2,1,2568,'C','1342200088375','2025-07-25 10:07:33'),('2025-07-25',1561,2,1,2568,'C','1342200088375','2025-07-25 10:07:33'),('2025-07-25',1562,2,1,2568,'C','1342200088375','2025-07-25 10:07:33'),('2025-07-25',1563,2,1,2568,'C','1342200088375','2025-07-25 10:07:33'),('2025-07-25',1564,2,1,2568,'C','1342200088375','2025-07-25 10:07:33'),('2025-07-25',1542,3,1,2568,'C','1342200088375','2025-07-25 10:07:41'),('2025-07-25',1545,3,1,2568,'C','1342200088375','2025-07-25 10:07:41'),('2025-07-25',1546,3,1,2568,'C','1342200088375','2025-07-25 10:07:41'),('2025-07-25',1547,3,1,2568,'C','1342200088375','2025-07-25 10:07:41'),('2025-07-25',1532,4,1,2568,'C','1342200088375','2025-07-25 10:07:46'),('2025-07-25',1533,4,1,2568,'C','1342200088375','2025-07-25 10:07:46'),('2025-07-25',1543,4,1,2568,'C','1342200088375','2025-07-25 10:07:46'),('2025-07-25',1548,4,1,2568,'C','1342200088375','2025-07-25 10:07:46'),('2025-07-25',1527,5,1,2568,'C','1342200088375','2025-07-25 10:07:51'),('2025-07-25',1528,5,1,2568,'C','1342200088375','2025-07-25 10:07:51'),('2025-07-25',1534,5,1,2568,'C','1342200088375','2025-07-25 10:07:51'),('2025-07-25',1514,6,1,2568,'C','1342200088375','2025-07-25 10:07:57'),('2025-07-25',1519,6,1,2568,'C','1342200088375','2025-07-25 10:07:57'),('2025-07-25',1524,6,1,2568,'C','1342200088375','2025-07-25 10:07:57'),('2025-07-25',1525,6,1,2568,'C','1342200088375','2025-07-25 10:07:57'),('2025-07-25',1526,6,1,2568,'C','1342200088375','2025-07-25 10:07:57'),('2025-07-25',1539,6,1,2568,'C','1342200088375','2025-07-25 10:07:57'),('2025-07-25',1551,6,1,2568,'C','1342200088375','2025-07-25 10:07:57'),('2025-07-25',1516,6,1,2568,'C','1342200088375','2025-07-25 10:07:57'),('2025-07-25',1515,7,1,2568,'C','1342200088375','2025-07-25 10:07:01'),('2025-07-25',1517,7,1,2568,'C','1342200088375','2025-07-25 10:07:01'),('2025-07-25',1520,7,1,2568,'C','1342200088375','2025-07-25 10:07:01'),('2025-07-25',1531,7,1,2568,'C','1342200088375','2025-07-25 10:07:01'),('2025-07-25',1505,8,1,2568,'C','1342200088375','2025-07-25 10:07:06'),('2025-07-25',1507,8,1,2568,'C','1342200088375','2025-07-25 10:07:06'),('2025-07-25',1508,8,1,2568,'C','1342200088375','2025-07-25 10:07:06'),('2025-07-25',1509,8,1,2568,'C','1342200088375','2025-07-25 10:07:06'),('2025-07-25',1510,8,1,2568,'C','1342200088375','2025-07-25 10:07:06'),('2025-07-25',1521,8,1,2568,'C','1342200088375','2025-07-25 10:07:06'),('2025-07-25',1500,9,1,2568,'C','1342200088375','2025-07-25 10:07:07'),('2025-07-25',1501,9,1,2568,'C','1342200088375','2025-07-25 10:07:07'),('2025-07-25',1502,9,1,2568,'C','1342200088375','2025-07-25 10:07:07'),('2025-07-29',1556,2,1,2568,'C','1342200088375','2025-07-29 11:07:58'),('2025-07-29',1557,2,1,2568,'C','1342200088375','2025-07-29 11:07:58'),('2025-07-29',1558,2,1,2568,'C','1342200088375','2025-07-29 11:07:58'),('2025-07-29',1559,2,1,2568,'C','1342200088375','2025-07-29 11:07:58'),('2025-07-29',1560,2,1,2568,'C','1342200088375','2025-07-29 11:07:58'),('2025-07-29',1561,2,1,2568,'C','1342200088375','2025-07-29 11:07:58'),('2025-07-29',1562,2,1,2568,'C','1342200088375','2025-07-29 11:07:58'),('2025-07-29',1563,2,1,2568,'C','1342200088375','2025-07-29 11:07:58'),('2025-07-29',1564,2,1,2568,'C','1342200088375','2025-07-29 11:07:58'),('2025-07-29',1542,3,1,2568,'C','1342200088375','2025-07-29 11:07:21'),('2025-07-29',1545,3,1,2568,'C','1342200088375','2025-07-29 11:07:21'),('2025-07-29',1546,3,1,2568,'C','1342200088375','2025-07-29 11:07:21'),('2025-07-29',1547,3,1,2568,'C','1342200088375','2025-07-29 11:07:21'),('2025-07-29',1532,4,1,2568,'C','1342200088375','2025-07-29 11:07:29'),('2025-07-29',1533,4,1,2568,'C','1342200088375','2025-07-29 11:07:29'),('2025-07-29',1543,4,1,2568,'C','1342200088375','2025-07-29 11:07:29'),('2025-07-29',1548,4,1,2568,'C','1342200088375','2025-07-29 11:07:29'),('2025-07-29',1527,5,1,2568,'C','1342200088375','2025-07-29 11:07:34'),('2025-07-29',1528,5,1,2568,'C','1342200088375','2025-07-29 11:07:34'),('2025-07-29',1534,5,1,2568,'C','1342200088375','2025-07-29 11:07:34'),('2025-07-29',1514,6,1,2568,'C','1342200088375','2025-07-29 11:07:12'),('2025-07-29',1519,6,1,2568,'C','1342200088375','2025-07-29 11:07:12'),('2025-07-29',1524,6,1,2568,'C','1342200088375','2025-07-29 11:07:12'),('2025-07-29',1525,6,1,2568,'C','1342200088375','2025-07-29 11:07:12'),('2025-07-29',1526,6,1,2568,'C','1342200088375','2025-07-29 11:07:12'),('2025-07-29',1539,6,1,2568,'C','1342200088375','2025-07-29 11:07:12'),('2025-07-29',1551,6,1,2568,'C','1342200088375','2025-07-29 11:07:12'),('2025-07-29',1516,6,1,2568,'C','1342200088375','2025-07-29 11:07:12'),('2025-07-29',1515,7,1,2568,'C','1342200088375','2025-07-29 11:07:17'),('2025-07-29',1517,7,1,2568,'C','1342200088375','2025-07-29 11:07:17'),('2025-07-29',1520,7,1,2568,'C','1342200088375','2025-07-29 11:07:17'),('2025-07-29',1531,7,1,2568,'C','1342200088375','2025-07-29 11:07:17'),('2025-07-29',1505,8,1,2568,'C','1342200088375','2025-07-29 11:07:22'),('2025-07-29',1507,8,1,2568,'C','1342200088375','2025-07-29 11:07:22'),('2025-07-29',1508,8,1,2568,'C','1342200088375','2025-07-29 11:07:22'),('2025-07-29',1509,8,1,2568,'C','1342200088375','2025-07-29 11:07:22'),('2025-07-29',1510,8,1,2568,'C','1342200088375','2025-07-29 11:07:22'),('2025-07-29',1521,8,1,2568,'C','1342200088375','2025-07-29 11:07:22'),('2025-07-29',1500,9,1,2568,'C','1342200088375','2025-07-29 11:07:28'),('2025-07-29',1501,9,1,2568,'C','1342200088375','2025-07-29 11:07:28'),('2025-07-29',1502,9,1,2568,'C','1342200088375','2025-07-29 11:07:28'),('2025-08-04',1556,2,1,2568,'C','1342200088375','2025-08-04 10:08:41'),('2025-08-04',1557,2,1,2568,'C','1342200088375','2025-08-04 10:08:41'),('2025-08-04',1558,2,1,2568,'C','1342200088375','2025-08-04 10:08:41'),('2025-08-04',1559,2,1,2568,'C','1342200088375','2025-08-04 10:08:41'),('2025-08-04',1560,2,1,2568,'C','1342200088375','2025-08-04 10:08:41'),('2025-08-04',1561,2,1,2568,'C','1342200088375','2025-08-04 10:08:41'),('2025-08-04',1562,2,1,2568,'C','1342200088375','2025-08-04 10:08:41'),('2025-08-04',1563,2,1,2568,'C','1342200088375','2025-08-04 10:08:41'),('2025-08-04',1564,2,1,2568,'C','1342200088375','2025-08-04 10:08:41'),('2025-07-30',1556,2,1,2568,'C','1342200088375','2025-08-04 10:08:48'),('2025-07-30',1557,2,1,2568,'C','1342200088375','2025-08-04 10:08:48'),('2025-07-30',1558,2,1,2568,'C','1342200088375','2025-08-04 10:08:48'),('2025-07-30',1559,2,1,2568,'C','1342200088375','2025-08-04 10:08:48'),('2025-07-30',1560,2,1,2568,'C','1342200088375','2025-08-04 10:08:48'),('2025-07-30',1561,2,1,2568,'C','1342200088375','2025-08-04 10:08:48'),('2025-07-30',1562,2,1,2568,'C','1342200088375','2025-08-04 10:08:48'),('2025-07-30',1563,2,1,2568,'C','1342200088375','2025-08-04 10:08:48'),('2025-07-30',1564,2,1,2568,'C','1342200088375','2025-08-04 10:08:48'),('2025-07-31',1556,2,1,2568,'C','1342200088375','2025-08-04 10:08:52'),('2025-07-31',1557,2,1,2568,'C','1342200088375','2025-08-04 10:08:52'),('2025-07-31',1558,2,1,2568,'C','1342200088375','2025-08-04 10:08:52'),('2025-07-31',1559,2,1,2568,'C','1342200088375','2025-08-04 10:08:52'),('2025-07-31',1560,2,1,2568,'C','1342200088375','2025-08-04 10:08:52'),('2025-07-31',1561,2,1,2568,'C','1342200088375','2025-08-04 10:08:52'),('2025-07-31',1562,2,1,2568,'C','1342200088375','2025-08-04 10:08:52'),('2025-07-31',1563,2,1,2568,'C','1342200088375','2025-08-04 10:08:52'),('2025-07-31',1564,2,1,2568,'C','1342200088375','2025-08-04 10:08:52'),('2025-08-01',1556,2,1,2568,'C','1342200088375','2025-08-04 10:08:58'),('2025-08-01',1557,2,1,2568,'C','1342200088375','2025-08-04 10:08:58'),('2025-08-01',1558,2,1,2568,'C','1342200088375','2025-08-04 10:08:58'),('2025-08-01',1559,2,1,2568,'C','1342200088375','2025-08-04 10:08:58'),('2025-08-01',1560,2,1,2568,'C','1342200088375','2025-08-04 10:08:58'),('2025-08-01',1561,2,1,2568,'C','1342200088375','2025-08-04 10:08:58'),('2025-08-01',1562,2,1,2568,'C','1342200088375','2025-08-04 10:08:58'),('2025-08-01',1563,2,1,2568,'C','1342200088375','2025-08-04 10:08:58'),('2025-08-01',1564,2,1,2568,'C','1342200088375','2025-08-04 10:08:58'),('2025-08-04',1542,3,1,2568,'C','1342200088375','2025-08-04 10:08:07'),('2025-08-04',1545,3,1,2568,'C','1342200088375','2025-08-04 10:08:07'),('2025-08-04',1546,3,1,2568,'C','1342200088375','2025-08-04 10:08:07'),('2025-08-04',1547,3,1,2568,'C','1342200088375','2025-08-04 10:08:07'),('2025-08-01',1542,3,1,2568,'C','1342200088375','2025-08-04 10:08:12'),('2025-08-01',1545,3,1,2568,'C','1342200088375','2025-08-04 10:08:12'),('2025-08-01',1546,3,1,2568,'C','1342200088375','2025-08-04 10:08:12'),('2025-08-01',1547,3,1,2568,'C','1342200088375','2025-08-04 10:08:12'),('2025-07-30',1542,3,1,2568,'C','1342200088375','2025-08-04 10:08:21'),('2025-07-30',1545,3,1,2568,'C','1342200088375','2025-08-04 10:08:21'),('2025-07-30',1546,3,1,2568,'C','1342200088375','2025-08-04 10:08:21'),('2025-07-30',1547,3,1,2568,'C','1342200088375','2025-08-04 10:08:21'),('2025-07-31',1542,3,1,2568,'C','1342200088375','2025-08-04 10:08:26'),('2025-07-31',1545,3,1,2568,'C','1342200088375','2025-08-04 10:08:26'),('2025-07-31',1546,3,1,2568,'C','1342200088375','2025-08-04 10:08:26'),('2025-07-31',1547,3,1,2568,'C','1342200088375','2025-08-04 10:08:26'),('2025-08-04',1532,4,1,2568,'C','1342200088375','2025-08-04 10:08:01'),('2025-08-04',1533,4,1,2568,'C','1342200088375','2025-08-04 10:08:01'),('2025-08-04',1543,4,1,2568,'C','1342200088375','2025-08-04 10:08:01'),('2025-08-04',1548,4,1,2568,'C','1342200088375','2025-08-04 10:08:01'),('2025-08-01',1532,4,1,2568,'C','1342200088375','2025-08-04 10:08:04'),('2025-08-01',1533,4,1,2568,'C','1342200088375','2025-08-04 10:08:04'),('2025-08-01',1543,4,1,2568,'C','1342200088375','2025-08-04 10:08:04'),('2025-08-01',1548,4,1,2568,'C','1342200088375','2025-08-04 10:08:04'),('2025-07-30',1532,4,1,2568,'C','1342200088375','2025-08-04 10:08:11'),('2025-07-30',1533,4,1,2568,'C','1342200088375','2025-08-04 10:08:11'),('2025-07-30',1543,4,1,2568,'C','1342200088375','2025-08-04 10:08:11'),('2025-07-30',1548,4,1,2568,'C','1342200088375','2025-08-04 10:08:11'),('2025-07-31',1532,4,1,2568,'C','1342200088375','2025-08-04 10:08:00'),('2025-07-31',1533,4,1,2568,'C','1342200088375','2025-08-04 10:08:00'),('2025-07-31',1543,4,1,2568,'C','1342200088375','2025-08-04 10:08:00'),('2025-07-31',1548,4,1,2568,'C','1342200088375','2025-08-04 10:08:00'),('2025-08-04',1527,5,1,2568,'C','1342200088375','2025-08-04 10:08:12'),('2025-08-04',1528,5,1,2568,'C','1342200088375','2025-08-04 10:08:12'),('2025-08-04',1534,5,1,2568,'C','1342200088375','2025-08-04 10:08:12'),('2025-08-01',1527,5,1,2568,'C','1342200088375','2025-08-04 10:08:17'),('2025-08-01',1528,5,1,2568,'C','1342200088375','2025-08-04 10:08:17'),('2025-08-01',1534,5,1,2568,'C','1342200088375','2025-08-04 10:08:17'),('2025-07-30',1527,5,1,2568,'C','1342200088375','2025-08-04 10:08:24'),('2025-07-30',1528,5,1,2568,'C','1342200088375','2025-08-04 10:08:24'),('2025-07-30',1534,5,1,2568,'C','1342200088375','2025-08-04 10:08:24'),('2025-07-31',1527,5,1,2568,'C','1342200088375','2025-08-04 10:08:29'),('2025-07-31',1528,5,1,2568,'C','1342200088375','2025-08-04 10:08:29'),('2025-07-31',1534,5,1,2568,'C','1342200088375','2025-08-04 10:08:29'),('2025-08-04',1514,6,1,2568,'C','1342200088375','2025-08-04 10:08:42'),('2025-08-04',1519,6,1,2568,'C','1342200088375','2025-08-04 10:08:42'),('2025-08-04',1524,6,1,2568,'C','1342200088375','2025-08-04 10:08:42'),('2025-08-04',1525,6,1,2568,'C','1342200088375','2025-08-04 10:08:42'),('2025-08-04',1526,6,1,2568,'C','1342200088375','2025-08-04 10:08:42'),('2025-08-04',1539,6,1,2568,'C','1342200088375','2025-08-04 10:08:42'),('2025-08-04',1551,6,1,2568,'C','1342200088375','2025-08-04 10:08:42'),('2025-08-04',1516,6,1,2568,'C','1342200088375','2025-08-04 10:08:42'),('2025-08-01',1514,6,1,2568,'C','1342200088375','2025-08-04 10:08:47'),('2025-08-01',1519,6,1,2568,'C','1342200088375','2025-08-04 10:08:47'),('2025-08-01',1524,6,1,2568,'C','1342200088375','2025-08-04 10:08:47'),('2025-08-01',1525,6,1,2568,'C','1342200088375','2025-08-04 10:08:47'),('2025-08-01',1526,6,1,2568,'C','1342200088375','2025-08-04 10:08:47'),('2025-08-01',1539,6,1,2568,'C','1342200088375','2025-08-04 10:08:47'),('2025-08-01',1551,6,1,2568,'C','1342200088375','2025-08-04 10:08:47'),('2025-08-01',1516,6,1,2568,'C','1342200088375','2025-08-04 10:08:47'),('2025-07-30',1514,6,1,2568,'C','1342200088375','2025-08-04 10:08:59'),('2025-07-30',1519,6,1,2568,'C','1342200088375','2025-08-04 10:08:59'),('2025-07-30',1524,6,1,2568,'C','1342200088375','2025-08-04 10:08:59'),('2025-07-30',1525,6,1,2568,'C','1342200088375','2025-08-04 10:08:59'),('2025-07-30',1526,6,1,2568,'C','1342200088375','2025-08-04 10:08:59'),('2025-07-30',1539,6,1,2568,'C','1342200088375','2025-08-04 10:08:59'),('2025-07-30',1551,6,1,2568,'C','1342200088375','2025-08-04 10:08:59'),('2025-07-30',1516,6,1,2568,'C','1342200088375','2025-08-04 10:08:59'),('2025-07-31',1514,6,1,2568,'C','1342200088375','2025-08-04 10:08:03'),('2025-07-31',1519,6,1,2568,'C','1342200088375','2025-08-04 10:08:03'),('2025-07-31',1524,6,1,2568,'C','1342200088375','2025-08-04 10:08:03'),('2025-07-31',1525,6,1,2568,'C','1342200088375','2025-08-04 10:08:03'),('2025-07-31',1526,6,1,2568,'C','1342200088375','2025-08-04 10:08:03'),('2025-07-31',1539,6,1,2568,'C','1342200088375','2025-08-04 10:08:03'),('2025-07-31',1551,6,1,2568,'C','1342200088375','2025-08-04 10:08:03'),('2025-07-31',1516,6,1,2568,'C','1342200088375','2025-08-04 10:08:03'),('2025-08-04',1515,7,1,2568,'C','1342200088375','2025-08-04 10:08:20'),('2025-08-04',1517,7,1,2568,'C','1342200088375','2025-08-04 10:08:20'),('2025-08-04',1520,7,1,2568,'C','1342200088375','2025-08-04 10:08:20'),('2025-08-04',1531,7,1,2568,'C','1342200088375','2025-08-04 10:08:20'),('2025-08-01',1515,7,1,2568,'C','1342200088375','2025-08-04 10:08:25'),('2025-08-01',1517,7,1,2568,'C','1342200088375','2025-08-04 10:08:25'),('2025-08-01',1520,7,1,2568,'C','1342200088375','2025-08-04 10:08:25'),('2025-08-01',1531,7,1,2568,'C','1342200088375','2025-08-04 10:08:25'),('2025-07-30',1515,7,1,2568,'C','1342200088375','2025-08-04 10:08:31'),('2025-07-30',1517,7,1,2568,'C','1342200088375','2025-08-04 10:08:31'),('2025-07-30',1520,7,1,2568,'C','1342200088375','2025-08-04 10:08:31'),('2025-07-30',1531,7,1,2568,'C','1342200088375','2025-08-04 10:08:31'),('2025-07-31',1515,7,1,2568,'C','1342200088375','2025-08-04 10:08:36'),('2025-07-31',1517,7,1,2568,'C','1342200088375','2025-08-04 10:08:36'),('2025-07-31',1520,7,1,2568,'C','1342200088375','2025-08-04 10:08:36'),('2025-07-31',1531,7,1,2568,'C','1342200088375','2025-08-04 10:08:36'),('2025-08-04',1505,8,1,2568,'C','1342200088375','2025-08-04 10:08:48'),('2025-08-04',1507,8,1,2568,'C','1342200088375','2025-08-04 10:08:48'),('2025-08-04',1508,8,1,2568,'C','1342200088375','2025-08-04 10:08:48'),('2025-08-04',1509,8,1,2568,'C','1342200088375','2025-08-04 10:08:48'),('2025-08-04',1510,8,1,2568,'C','1342200088375','2025-08-04 10:08:48'),('2025-08-04',1521,8,1,2568,'C','1342200088375','2025-08-04 10:08:48'),('2025-08-01',1505,8,1,2568,'C','1342200088375','2025-08-04 10:08:56'),('2025-08-01',1507,8,1,2568,'C','1342200088375','2025-08-04 10:08:56'),('2025-08-01',1508,8,1,2568,'C','1342200088375','2025-08-04 10:08:56'),('2025-08-01',1509,8,1,2568,'C','1342200088375','2025-08-04 10:08:56'),('2025-08-01',1510,8,1,2568,'C','1342200088375','2025-08-04 10:08:56'),('2025-08-01',1521,8,1,2568,'C','1342200088375','2025-08-04 10:08:56'),('2025-07-30',1505,8,1,2568,'C','1342200088375','2025-08-04 11:08:16'),('2025-07-30',1507,8,1,2568,'C','1342200088375','2025-08-04 11:08:16'),('2025-07-30',1508,8,1,2568,'C','1342200088375','2025-08-04 11:08:16'),('2025-07-30',1509,8,1,2568,'C','1342200088375','2025-08-04 11:08:16'),('2025-07-30',1510,8,1,2568,'C','1342200088375','2025-08-04 11:08:16'),('2025-07-30',1521,8,1,2568,'C','1342200088375','2025-08-04 11:08:16'),('2025-07-31',1505,8,1,2568,'C','1342200088375','2025-08-04 11:08:08'),('2025-07-31',1507,8,1,2568,'C','1342200088375','2025-08-04 11:08:08'),('2025-07-31',1508,8,1,2568,'C','1342200088375','2025-08-04 11:08:08'),('2025-07-31',1509,8,1,2568,'C','1342200088375','2025-08-04 11:08:08'),('2025-07-31',1510,8,1,2568,'C','1342200088375','2025-08-04 11:08:08'),('2025-07-31',1521,8,1,2568,'C','1342200088375','2025-08-04 11:08:08'),('2025-08-04',1500,9,1,2568,'C','1342200088375','2025-08-04 11:08:18'),('2025-08-04',1501,9,1,2568,'C','1342200088375','2025-08-04 11:08:18'),('2025-08-04',1502,9,1,2568,'C','1342200088375','2025-08-04 11:08:18'),('2025-08-01',1500,9,1,2568,'C','1342200088375','2025-08-04 11:08:23'),('2025-08-01',1501,9,1,2568,'C','1342200088375','2025-08-04 11:08:23'),('2025-08-01',1502,9,1,2568,'C','1342200088375','2025-08-04 11:08:23'),('2025-07-30',1500,9,1,2568,'C','1342200088375','2025-08-04 11:08:40'),('2025-07-30',1501,9,1,2568,'C','1342200088375','2025-08-04 11:08:40'),('2025-07-30',1502,9,1,2568,'C','1342200088375','2025-08-04 11:08:40'),('2025-07-31',1500,9,1,2568,'C','1342200088375','2025-08-04 11:08:45'),('2025-07-31',1501,9,1,2568,'C','1342200088375','2025-08-04 11:08:45'),('2025-07-31',1502,9,1,2568,'C','1342200088375','2025-08-04 11:08:45'),('2025-08-05',1556,2,1,2568,'C','1342200088375','2025-08-05 03:08:21'),('2025-08-05',1557,2,1,2568,'C','1342200088375','2025-08-05 03:08:21'),('2025-08-05',1558,2,1,2568,'C','1342200088375','2025-08-05 03:08:21'),('2025-08-05',1559,2,1,2568,'C','1342200088375','2025-08-05 03:08:21'),('2025-08-05',1560,2,1,2568,'C','1342200088375','2025-08-05 03:08:21'),('2025-08-05',1561,2,1,2568,'C','1342200088375','2025-08-05 03:08:21'),('2025-08-05',1562,2,1,2568,'C','1342200088375','2025-08-05 03:08:21'),('2025-08-05',1563,2,1,2568,'C','1342200088375','2025-08-05 03:08:21'),('2025-08-05',1564,2,1,2568,'C','1342200088375','2025-08-05 03:08:21'),('2025-08-05',1542,3,1,2568,'C','1342200088375','2025-08-05 03:08:25'),('2025-08-05',1545,3,1,2568,'C','1342200088375','2025-08-05 03:08:25'),('2025-08-05',1546,3,1,2568,'C','1342200088375','2025-08-05 03:08:25'),('2025-08-05',1547,3,1,2568,'C','1342200088375','2025-08-05 03:08:25'),('2025-08-05',1532,4,1,2568,'C','1342200088375','2025-08-05 03:08:30'),('2025-08-05',1533,4,1,2568,'C','1342200088375','2025-08-05 03:08:30'),('2025-08-05',1543,4,1,2568,'C','1342200088375','2025-08-05 03:08:30'),('2025-08-05',1548,4,1,2568,'C','1342200088375','2025-08-05 03:08:30'),('2025-08-05',1527,5,1,2568,'C','1342200088375','2025-08-05 03:08:48'),('2025-08-05',1528,5,1,2568,'C','1342200088375','2025-08-05 03:08:48'),('2025-08-05',1534,5,1,2568,'C','1342200088375','2025-08-05 03:08:48'),('2025-08-05',1555,5,1,2568,'C','1342200088375','2025-08-05 03:08:48'),('2025-08-05',1514,6,1,2568,'C','1342200088375','2025-08-05 03:08:58'),('2025-08-05',1519,6,1,2568,'C','1342200088375','2025-08-05 03:08:58'),('2025-08-05',1524,6,1,2568,'C','1342200088375','2025-08-05 03:08:58'),('2025-08-05',1525,6,1,2568,'C','1342200088375','2025-08-05 03:08:58'),('2025-08-05',1526,6,1,2568,'C','1342200088375','2025-08-05 03:08:58'),('2025-08-05',1539,6,1,2568,'C','1342200088375','2025-08-05 03:08:58'),('2025-08-05',1551,6,1,2568,'C','1342200088375','2025-08-05 03:08:58'),('2025-08-05',1516,6,1,2568,'C','1342200088375','2025-08-05 03:08:58'),('2025-08-05',1515,7,1,2568,'C','1342200088375','2025-08-05 03:08:05'),('2025-08-05',1517,7,1,2568,'C','1342200088375','2025-08-05 03:08:05'),('2025-08-05',1520,7,1,2568,'C','1342200088375','2025-08-05 03:08:05'),('2025-08-05',1531,7,1,2568,'C','1342200088375','2025-08-05 03:08:05'),('2025-08-05',1505,8,1,2568,'C','1342200088375','2025-08-05 03:08:18'),('2025-08-05',1507,8,1,2568,'C','1342200088375','2025-08-05 03:08:18'),('2025-08-05',1508,8,1,2568,'C','1342200088375','2025-08-05 03:08:18'),('2025-08-05',1509,8,1,2568,'C','1342200088375','2025-08-05 03:08:18'),('2025-08-05',1510,8,1,2568,'C','1342200088375','2025-08-05 03:08:18'),('2025-08-05',1521,8,1,2568,'C','1342200088375','2025-08-05 03:08:18'),('2025-08-05',1500,9,1,2568,'C','1342200088375','2025-08-05 03:08:23'),('2025-08-05',1501,9,1,2568,'C','1342200088375','2025-08-05 03:08:23'),('2025-08-05',1502,9,1,2568,'C','1342200088375','2025-08-05 03:08:23'),('2025-08-06',1556,2,1,2568,'C','1342200088375','2025-08-06 11:08:37'),('2025-08-06',1557,2,1,2568,'C','1342200088375','2025-08-06 11:08:37'),('2025-08-06',1558,2,1,2568,'C','1342200088375','2025-08-06 11:08:37'),('2025-08-06',1559,2,1,2568,'C','1342200088375','2025-08-06 11:08:37'),('2025-08-06',1560,2,1,2568,'C','1342200088375','2025-08-06 11:08:37'),('2025-08-06',1561,2,1,2568,'C','1342200088375','2025-08-06 11:08:37'),('2025-08-06',1562,2,1,2568,'C','1342200088375','2025-08-06 11:08:37'),('2025-08-06',1563,2,1,2568,'C','1342200088375','2025-08-06 11:08:37'),('2025-08-06',1564,2,1,2568,'C','1342200088375','2025-08-06 11:08:37'),('2025-08-06',1542,3,1,2568,'C','1342200088375','2025-08-06 11:08:43'),('2025-08-06',1545,3,1,2568,'C','1342200088375','2025-08-06 11:08:43'),('2025-08-06',1546,3,1,2568,'C','1342200088375','2025-08-06 11:08:43'),('2025-08-06',1547,3,1,2568,'C','1342200088375','2025-08-06 11:08:43'),('2025-08-06',1532,4,1,2568,'C','1342200088375','2025-08-06 11:08:47'),('2025-08-06',1533,4,1,2568,'C','1342200088375','2025-08-06 11:08:47'),('2025-08-06',1543,4,1,2568,'C','1342200088375','2025-08-06 11:08:47'),('2025-08-06',1548,4,1,2568,'C','1342200088375','2025-08-06 11:08:47'),('2025-08-06',1527,5,1,2568,'C','1342200088375','2025-08-06 11:08:53'),('2025-08-06',1528,5,1,2568,'C','1342200088375','2025-08-06 11:08:53'),('2025-08-06',1534,5,1,2568,'C','1342200088375','2025-08-06 11:08:53'),('2025-08-06',1555,5,1,2568,'C','1342200088375','2025-08-06 11:08:53'),('2025-08-06',1514,6,1,2568,'C','1342200088375','2025-08-06 11:08:59'),('2025-08-06',1519,6,1,2568,'C','1342200088375','2025-08-06 11:08:59'),('2025-08-06',1524,6,1,2568,'C','1342200088375','2025-08-06 11:08:59'),('2025-08-06',1525,6,1,2568,'C','1342200088375','2025-08-06 11:08:59'),('2025-08-06',1526,6,1,2568,'C','1342200088375','2025-08-06 11:08:59'),('2025-08-06',1539,6,1,2568,'C','1342200088375','2025-08-06 11:08:59'),('2025-08-06',1551,6,1,2568,'C','1342200088375','2025-08-06 11:08:59'),('2025-08-06',1516,6,1,2568,'C','1342200088375','2025-08-06 11:08:59'),('2025-08-06',1515,7,1,2568,'C','1342200088375','2025-08-06 11:08:07'),('2025-08-06',1517,7,1,2568,'C','1342200088375','2025-08-06 11:08:07'),('2025-08-06',1520,7,1,2568,'C','1342200088375','2025-08-06 11:08:07'),('2025-08-06',1531,7,1,2568,'C','1342200088375','2025-08-06 11:08:07'),('2025-08-06',1505,8,1,2568,'C','1342200088375','2025-08-06 11:08:19'),('2025-08-06',1507,8,1,2568,'C','1342200088375','2025-08-06 11:08:19'),('2025-08-06',1508,8,1,2568,'C','1342200088375','2025-08-06 11:08:19'),('2025-08-06',1509,8,1,2568,'C','1342200088375','2025-08-06 11:08:19'),('2025-08-06',1510,8,1,2568,'C','1342200088375','2025-08-06 11:08:19'),('2025-08-06',1521,8,1,2568,'C','1342200088375','2025-08-06 11:08:19'),('2025-08-06',1500,9,1,2568,'C','1342200088375','2025-08-06 11:08:35'),('2025-08-06',1501,9,1,2568,'C','1342200088375','2025-08-06 11:08:35'),('2025-08-06',1502,9,1,2568,'C','1342200088375','2025-08-06 11:08:35'),('2025-08-08',1556,2,1,2568,'C','1342200088375','2025-08-08 02:08:09'),('2025-08-08',1557,2,1,2568,'C','1342200088375','2025-08-08 02:08:09'),('2025-08-08',1558,2,1,2568,'C','1342200088375','2025-08-08 02:08:09'),('2025-08-08',1559,2,1,2568,'C','1342200088375','2025-08-08 02:08:09'),('2025-08-08',1560,2,1,2568,'C','1342200088375','2025-08-08 02:08:09'),('2025-08-08',1561,2,1,2568,'C','1342200088375','2025-08-08 02:08:09'),('2025-08-08',1562,2,1,2568,'C','1342200088375','2025-08-08 02:08:09'),('2025-08-08',1563,2,1,2568,'C','1342200088375','2025-08-08 02:08:09'),('2025-08-08',1564,2,1,2568,'C','1342200088375','2025-08-08 02:08:09'),('2025-08-07',1556,2,1,2568,'C','1342200088375','2025-08-08 02:08:15'),('2025-08-07',1557,2,1,2568,'C','1342200088375','2025-08-08 02:08:15'),('2025-08-07',1558,2,1,2568,'C','1342200088375','2025-08-08 02:08:15'),('2025-08-07',1559,2,1,2568,'C','1342200088375','2025-08-08 02:08:15'),('2025-08-07',1560,2,1,2568,'C','1342200088375','2025-08-08 02:08:15'),('2025-08-07',1561,2,1,2568,'C','1342200088375','2025-08-08 02:08:15'),('2025-08-07',1562,2,1,2568,'C','1342200088375','2025-08-08 02:08:15'),('2025-08-07',1563,2,1,2568,'C','1342200088375','2025-08-08 02:08:15'),('2025-08-07',1564,2,1,2568,'C','1342200088375','2025-08-08 02:08:15'),('2025-08-08',1542,3,1,2568,'C','1342200088375','2025-08-08 02:08:33'),('2025-08-08',1545,3,1,2568,'C','1342200088375','2025-08-08 02:08:33'),('2025-08-08',1546,3,1,2568,'C','1342200088375','2025-08-08 02:08:33'),('2025-08-08',1547,3,1,2568,'C','1342200088375','2025-08-08 02:08:33'),('2025-08-07',1542,3,1,2568,'C','1342200088375','2025-08-08 02:08:37'),('2025-08-07',1545,3,1,2568,'C','1342200088375','2025-08-08 02:08:37'),('2025-08-07',1546,3,1,2568,'C','1342200088375','2025-08-08 02:08:37'),('2025-08-07',1547,3,1,2568,'C','1342200088375','2025-08-08 02:08:37'),('2025-08-08',1532,4,1,2568,'C','1342200088375','2025-08-08 02:08:50'),('2025-08-08',1533,4,1,2568,'C','1342200088375','2025-08-08 02:08:50'),('2025-08-08',1543,4,1,2568,'C','1342200088375','2025-08-08 02:08:50'),('2025-08-08',1548,4,1,2568,'C','1342200088375','2025-08-08 02:08:50'),('2025-08-07',1532,4,1,2568,'C','1342200088375','2025-08-08 02:08:02'),('2025-08-07',1533,4,1,2568,'C','1342200088375','2025-08-08 02:08:02'),('2025-08-07',1543,4,1,2568,'C','1342200088375','2025-08-08 02:08:02'),('2025-08-07',1548,4,1,2568,'C','1342200088375','2025-08-08 02:08:02'),('2025-08-08',1527,5,1,2568,'C','1342200088375','2025-08-08 02:08:26'),('2025-08-08',1528,5,1,2568,'C','1342200088375','2025-08-08 02:08:26'),('2025-08-08',1534,5,1,2568,'C','1342200088375','2025-08-08 02:08:26'),('2025-08-08',1555,5,1,2568,'C','1342200088375','2025-08-08 02:08:26'),('2025-08-07',1527,5,1,2568,'C','1342200088375','2025-08-08 02:08:30'),('2025-08-07',1528,5,1,2568,'C','1342200088375','2025-08-08 02:08:30'),('2025-08-07',1534,5,1,2568,'C','1342200088375','2025-08-08 02:08:30'),('2025-08-07',1555,5,1,2568,'C','1342200088375','2025-08-08 02:08:30'),('2025-08-08',1514,6,1,2568,'C','1342200088375','2025-08-08 02:08:40'),('2025-08-08',1519,6,1,2568,'C','1342200088375','2025-08-08 02:08:40'),('2025-08-08',1524,6,1,2568,'C','1342200088375','2025-08-08 02:08:40'),('2025-08-08',1525,6,1,2568,'C','1342200088375','2025-08-08 02:08:40'),('2025-08-08',1526,6,1,2568,'C','1342200088375','2025-08-08 02:08:40'),('2025-08-08',1539,6,1,2568,'C','1342200088375','2025-08-08 02:08:40'),('2025-08-08',1551,6,1,2568,'C','1342200088375','2025-08-08 02:08:40'),('2025-08-08',1516,6,1,2568,'C','1342200088375','2025-08-08 02:08:40'),('2025-08-07',1514,6,1,2568,'C','1342200088375','2025-08-08 02:08:44'),('2025-08-07',1519,6,1,2568,'C','1342200088375','2025-08-08 02:08:44'),('2025-08-07',1524,6,1,2568,'C','1342200088375','2025-08-08 02:08:44'),('2025-08-07',1525,6,1,2568,'C','1342200088375','2025-08-08 02:08:44'),('2025-08-07',1526,6,1,2568,'C','1342200088375','2025-08-08 02:08:44'),('2025-08-07',1539,6,1,2568,'C','1342200088375','2025-08-08 02:08:44'),('2025-08-07',1551,6,1,2568,'C','1342200088375','2025-08-08 02:08:44'),('2025-08-07',1516,6,1,2568,'C','1342200088375','2025-08-08 02:08:44'),('2025-08-08',1515,7,1,2568,'C','1342200088375','2025-08-08 02:08:53'),('2025-08-08',1517,7,1,2568,'C','1342200088375','2025-08-08 02:08:53'),('2025-08-08',1520,7,1,2568,'C','1342200088375','2025-08-08 02:08:53'),('2025-08-08',1531,7,1,2568,'C','1342200088375','2025-08-08 02:08:53'),('2025-08-07',1515,7,1,2568,'C','1342200088375','2025-08-08 02:08:59'),('2025-08-07',1517,7,1,2568,'C','1342200088375','2025-08-08 02:08:59'),('2025-08-07',1520,7,1,2568,'C','1342200088375','2025-08-08 02:08:59'),('2025-08-07',1531,7,1,2568,'C','1342200088375','2025-08-08 02:08:59'),('2025-08-08',1505,8,1,2568,'C','1342200088375','2025-08-08 02:08:26'),('2025-08-08',1507,8,1,2568,'C','1342200088375','2025-08-08 02:08:26'),('2025-08-08',1508,8,1,2568,'C','1342200088375','2025-08-08 02:08:26'),('2025-08-08',1509,8,1,2568,'C','1342200088375','2025-08-08 02:08:26'),('2025-08-08',1510,8,1,2568,'C','1342200088375','2025-08-08 02:08:26'),('2025-08-08',1521,8,1,2568,'C','1342200088375','2025-08-08 02:08:26'),('2025-08-07',1505,8,1,2568,'C','1342200088375','2025-08-08 02:08:31'),('2025-08-07',1507,8,1,2568,'C','1342200088375','2025-08-08 02:08:31'),('2025-08-07',1508,8,1,2568,'C','1342200088375','2025-08-08 02:08:31'),('2025-08-07',1509,8,1,2568,'C','1342200088375','2025-08-08 02:08:31'),('2025-08-07',1510,8,1,2568,'C','1342200088375','2025-08-08 02:08:31'),('2025-08-07',1521,8,1,2568,'C','1342200088375','2025-08-08 02:08:31'),('2025-08-08',1500,9,1,2568,'C','1342200088375','2025-08-08 02:08:43'),('2025-08-08',1501,9,1,2568,'C','1342200088375','2025-08-08 02:08:43'),('2025-08-08',1502,9,1,2568,'C','1342200088375','2025-08-08 02:08:43'),('2025-08-07',1500,9,1,2568,'C','1342200088375','2025-08-08 02:08:48'),('2025-08-07',1501,9,1,2568,'C','1342200088375','2025-08-08 02:08:48'),('2025-08-07',1502,9,1,2568,'C','1342200088375','2025-08-08 02:08:48'),('2025-08-13',1556,2,1,2568,'C','1342200088375','2025-08-13 04:08:22'),('2025-08-13',1557,2,1,2568,'C','1342200088375','2025-08-13 04:08:22'),('2025-08-13',1558,2,1,2568,'C','1342200088375','2025-08-13 04:08:22'),('2025-08-13',1559,2,1,2568,'C','1342200088375','2025-08-13 04:08:22'),('2025-08-13',1560,2,1,2568,'C','1342200088375','2025-08-13 04:08:22'),('2025-08-13',1561,2,1,2568,'C','1342200088375','2025-08-13 04:08:22'),('2025-08-13',1562,2,1,2568,'C','1342200088375','2025-08-13 04:08:22'),('2025-08-13',1563,2,1,2568,'C','1342200088375','2025-08-13 04:08:22'),('2025-08-13',1564,2,1,2568,'C','1342200088375','2025-08-13 04:08:22'),('2025-08-13',1542,3,1,2568,'C','1342200088375','2025-08-13 04:08:34'),('2025-08-13',1545,3,1,2568,'C','1342200088375','2025-08-13 04:08:34'),('2025-08-13',1546,3,1,2568,'C','1342200088375','2025-08-13 04:08:34'),('2025-08-13',1547,3,1,2568,'C','1342200088375','2025-08-13 04:08:34'),('2025-08-13',1532,4,1,2568,'C','1342200088375','2025-08-13 04:08:42'),('2025-08-13',1533,4,1,2568,'C','1342200088375','2025-08-13 04:08:42'),('2025-08-13',1543,4,1,2568,'C','1342200088375','2025-08-13 04:08:42'),('2025-08-13',1548,4,1,2568,'C','1342200088375','2025-08-13 04:08:42'),('2025-08-13',1527,5,1,2568,'C','1342200088375','2025-08-13 04:08:51'),('2025-08-13',1528,5,1,2568,'C','1342200088375','2025-08-13 04:08:51'),('2025-08-13',1534,5,1,2568,'C','1342200088375','2025-08-13 04:08:51'),('2025-08-13',1555,5,1,2568,'C','1342200088375','2025-08-13 04:08:51'),('2025-08-13',1514,6,1,2568,'C','1342200088375','2025-08-13 04:08:03'),('2025-08-13',1519,6,1,2568,'C','1342200088375','2025-08-13 04:08:03'),('2025-08-13',1524,6,1,2568,'C','1342200088375','2025-08-13 04:08:03'),('2025-08-13',1525,6,1,2568,'C','1342200088375','2025-08-13 04:08:03'),('2025-08-13',1526,6,1,2568,'C','1342200088375','2025-08-13 04:08:03'),('2025-08-13',1539,6,1,2568,'C','1342200088375','2025-08-13 04:08:03'),('2025-08-13',1551,6,1,2568,'C','1342200088375','2025-08-13 04:08:03'),('2025-08-13',1516,6,1,2568,'C','1342200088375','2025-08-13 04:08:03'),('2025-08-13',1515,7,1,2568,'C','1342200088375','2025-08-13 04:08:43'),('2025-08-13',1517,7,1,2568,'C','1342200088375','2025-08-13 04:08:43'),('2025-08-13',1520,7,1,2568,'C','1342200088375','2025-08-13 04:08:43'),('2025-08-13',1531,7,1,2568,'C','1342200088375','2025-08-13 04:08:43'),('2025-08-13',1505,8,1,2568,'C','1342200088375','2025-08-13 04:08:48'),('2025-08-13',1507,8,1,2568,'C','1342200088375','2025-08-13 04:08:48'),('2025-08-13',1508,8,1,2568,'C','1342200088375','2025-08-13 04:08:48'),('2025-08-13',1509,8,1,2568,'C','1342200088375','2025-08-13 04:08:48'),('2025-08-13',1510,8,1,2568,'C','1342200088375','2025-08-13 04:08:48'),('2025-08-13',1521,8,1,2568,'C','1342200088375','2025-08-13 04:08:48'),('2025-08-13',1500,9,1,2568,'C','1342200088375','2025-08-13 04:08:54'),('2025-08-13',1501,9,1,2568,'C','1342200088375','2025-08-13 04:08:54'),('2025-08-13',1502,9,1,2568,'C','1342200088375','2025-08-13 04:08:54'),('2025-08-14',1556,2,1,2568,'C','1342200088375','2025-08-14 05:08:14'),('2025-08-14',1557,2,1,2568,'C','1342200088375','2025-08-14 05:08:14'),('2025-08-14',1558,2,1,2568,'C','1342200088375','2025-08-14 05:08:14'),('2025-08-14',1559,2,1,2568,'C','1342200088375','2025-08-14 05:08:14'),('2025-08-14',1560,2,1,2568,'C','1342200088375','2025-08-14 05:08:14'),('2025-08-14',1561,2,1,2568,'C','1342200088375','2025-08-14 05:08:14'),('2025-08-14',1562,2,1,2568,'C','1342200088375','2025-08-14 05:08:14'),('2025-08-14',1563,2,1,2568,'C','1342200088375','2025-08-14 05:08:14'),('2025-08-14',1564,2,1,2568,'C','1342200088375','2025-08-14 05:08:14'),('2025-08-14',1542,3,1,2568,'C','1342200088375','2025-08-14 05:08:22'),('2025-08-14',1545,3,1,2568,'C','1342200088375','2025-08-14 05:08:22'),('2025-08-14',1546,3,1,2568,'C','1342200088375','2025-08-14 05:08:22'),('2025-08-14',1547,3,1,2568,'C','1342200088375','2025-08-14 05:08:22'),('2025-08-14',1532,4,1,2568,'C','1342200088375','2025-08-14 05:08:28'),('2025-08-14',1533,4,1,2568,'C','1342200088375','2025-08-14 05:08:28'),('2025-08-14',1543,4,1,2568,'C','1342200088375','2025-08-14 05:08:28'),('2025-08-14',1548,4,1,2568,'C','1342200088375','2025-08-14 05:08:28'),('2025-08-14',1527,5,1,2568,'C','1342200088375','2025-08-14 05:08:33'),('2025-08-14',1528,5,1,2568,'C','1342200088375','2025-08-14 05:08:33'),('2025-08-14',1534,5,1,2568,'C','1342200088375','2025-08-14 05:08:33'),('2025-08-14',1555,5,1,2568,'C','1342200088375','2025-08-14 05:08:33'),('2025-08-14',1514,6,1,2568,'C','1342200088375','2025-08-14 05:08:42'),('2025-08-14',1519,6,1,2568,'C','1342200088375','2025-08-14 05:08:42'),('2025-08-14',1524,6,1,2568,'C','1342200088375','2025-08-14 05:08:42'),('2025-08-14',1525,6,1,2568,'C','1342200088375','2025-08-14 05:08:42'),('2025-08-14',1526,6,1,2568,'C','1342200088375','2025-08-14 05:08:42'),('2025-08-14',1539,6,1,2568,'C','1342200088375','2025-08-14 05:08:42'),('2025-08-14',1551,6,1,2568,'C','1342200088375','2025-08-14 05:08:42'),('2025-08-14',1516,6,1,2568,'C','1342200088375','2025-08-14 05:08:42'),('2025-08-14',1515,7,1,2568,'C','1342200088375','2025-08-14 05:08:52'),('2025-08-14',1517,7,1,2568,'C','1342200088375','2025-08-14 05:08:52'),('2025-08-14',1520,7,1,2568,'C','1342200088375','2025-08-14 05:08:52'),('2025-08-14',1531,7,1,2568,'C','1342200088375','2025-08-14 05:08:52'),('2025-08-14',1505,8,1,2568,'C','1342200088375','2025-08-14 05:08:01'),('2025-08-14',1507,8,1,2568,'C','1342200088375','2025-08-14 05:08:01'),('2025-08-14',1508,8,1,2568,'C','1342200088375','2025-08-14 05:08:01'),('2025-08-14',1509,8,1,2568,'C','1342200088375','2025-08-14 05:08:01'),('2025-08-14',1510,8,1,2568,'C','1342200088375','2025-08-14 05:08:01'),('2025-08-14',1521,8,1,2568,'C','1342200088375','2025-08-14 05:08:01'),('2025-08-14',1500,9,1,2568,'C','1342200088375','2025-08-14 05:08:06'),('2025-08-14',1501,9,1,2568,'C','1342200088375','2025-08-14 05:08:06'),('2025-08-14',1502,9,1,2568,'C','1342200088375','2025-08-14 05:08:06'),('2025-08-15',1556,2,1,2568,'C','1342200088375','2025-08-15 05:08:32'),('2025-08-15',1557,2,1,2568,'C','1342200088375','2025-08-15 05:08:32'),('2025-08-15',1558,2,1,2568,'C','1342200088375','2025-08-15 05:08:32'),('2025-08-15',1559,2,1,2568,'C','1342200088375','2025-08-15 05:08:32'),('2025-08-15',1560,2,1,2568,'C','1342200088375','2025-08-15 05:08:32'),('2025-08-15',1561,2,1,2568,'C','1342200088375','2025-08-15 05:08:32'),('2025-08-15',1562,2,1,2568,'C','1342200088375','2025-08-15 05:08:32'),('2025-08-15',1563,2,1,2568,'C','1342200088375','2025-08-15 05:08:32'),('2025-08-15',1564,2,1,2568,'C','1342200088375','2025-08-15 05:08:32'),('2025-08-15',1542,3,1,2568,'C','1342200088375','2025-08-15 05:08:38'),('2025-08-15',1545,3,1,2568,'C','1342200088375','2025-08-15 05:08:38'),('2025-08-15',1546,3,1,2568,'C','1342200088375','2025-08-15 05:08:38'),('2025-08-15',1547,3,1,2568,'C','1342200088375','2025-08-15 05:08:38'),('2025-08-15',1532,4,1,2568,'C','1342200088375','2025-08-15 05:08:53'),('2025-08-15',1533,4,1,2568,'C','1342200088375','2025-08-15 05:08:53'),('2025-08-15',1543,4,1,2568,'C','1342200088375','2025-08-15 05:08:53'),('2025-08-15',1548,4,1,2568,'C','1342200088375','2025-08-15 05:08:53'),('2025-08-15',1527,5,1,2568,'C','1342200088375','2025-08-15 05:08:59'),('2025-08-15',1528,5,1,2568,'C','1342200088375','2025-08-15 05:08:59'),('2025-08-15',1534,5,1,2568,'C','1342200088375','2025-08-15 05:08:59'),('2025-08-15',1555,5,1,2568,'C','1342200088375','2025-08-15 05:08:59'),('2025-08-15',1514,6,1,2568,'C','1342200088375','2025-08-15 05:08:06'),('2025-08-15',1519,6,1,2568,'C','1342200088375','2025-08-15 05:08:06'),('2025-08-15',1524,6,1,2568,'C','1342200088375','2025-08-15 05:08:06'),('2025-08-15',1525,6,1,2568,'C','1342200088375','2025-08-15 05:08:06'),('2025-08-15',1526,6,1,2568,'C','1342200088375','2025-08-15 05:08:06'),('2025-08-15',1539,6,1,2568,'C','1342200088375','2025-08-15 05:08:06'),('2025-08-15',1551,6,1,2568,'C','1342200088375','2025-08-15 05:08:06'),('2025-08-15',1516,6,1,2568,'C','1342200088375','2025-08-15 05:08:06'),('2025-08-15',1515,7,1,2568,'C','1342200088375','2025-08-15 05:08:14'),('2025-08-15',1517,7,1,2568,'C','1342200088375','2025-08-15 05:08:14'),('2025-08-15',1520,7,1,2568,'C','1342200088375','2025-08-15 05:08:14'),('2025-08-15',1531,7,1,2568,'C','1342200088375','2025-08-15 05:08:14'),('2025-08-15',1505,8,1,2568,'C','1342200088375','2025-08-15 05:08:32'),('2025-08-15',1507,8,1,2568,'C','1342200088375','2025-08-15 05:08:32'),('2025-08-15',1508,8,1,2568,'C','1342200088375','2025-08-15 05:08:32'),('2025-08-15',1509,8,1,2568,'C','1342200088375','2025-08-15 05:08:32'),('2025-08-15',1510,8,1,2568,'C','1342200088375','2025-08-15 05:08:32'),('2025-08-15',1521,8,1,2568,'C','1342200088375','2025-08-15 05:08:32'),('2025-08-15',1500,9,1,2568,'C','1342200088375','2025-08-15 05:08:38'),('2025-08-15',1501,9,1,2568,'C','1342200088375','2025-08-15 05:08:38'),('2025-08-15',1502,9,1,2568,'C','1342200088375','2025-08-15 05:08:38'),('2025-08-19',1556,2,1,2568,'C','1342200088375','2025-08-19 02:08:35'),('2025-08-19',1557,2,1,2568,'C','1342200088375','2025-08-19 02:08:35'),('2025-08-19',1558,2,1,2568,'C','1342200088375','2025-08-19 02:08:35'),('2025-08-19',1559,2,1,2568,'C','1342200088375','2025-08-19 02:08:35'),('2025-08-19',1560,2,1,2568,'C','1342200088375','2025-08-19 02:08:35'),('2025-08-19',1561,2,1,2568,'C','1342200088375','2025-08-19 02:08:35'),('2025-08-19',1562,2,1,2568,'C','1342200088375','2025-08-19 02:08:35'),('2025-08-19',1563,2,1,2568,'C','1342200088375','2025-08-19 02:08:35'),('2025-08-19',1564,2,1,2568,'C','1342200088375','2025-08-19 02:08:35'),('2025-08-19',1542,3,1,2568,'C','1342200088375','2025-08-19 02:08:51'),('2025-08-19',1545,3,1,2568,'C','1342200088375','2025-08-19 02:08:51'),('2025-08-19',1546,3,1,2568,'C','1342200088375','2025-08-19 02:08:51'),('2025-08-19',1547,3,1,2568,'C','1342200088375','2025-08-19 02:08:51'),('2025-08-19',1532,4,1,2568,'C','1342200088375','2025-08-19 02:08:56'),('2025-08-19',1533,4,1,2568,'C','1342200088375','2025-08-19 02:08:56'),('2025-08-19',1543,4,1,2568,'C','1342200088375','2025-08-19 02:08:56'),('2025-08-19',1548,4,1,2568,'C','1342200088375','2025-08-19 02:08:56'),('2025-08-19',1527,5,1,2568,'C','1342200088375','2025-08-19 02:08:02'),('2025-08-19',1528,5,1,2568,'C','1342200088375','2025-08-19 02:08:02'),('2025-08-19',1534,5,1,2568,'C','1342200088375','2025-08-19 02:08:02'),('2025-08-19',1555,5,1,2568,'C','1342200088375','2025-08-19 02:08:02'),('2025-08-19',1514,6,1,2568,'C','1342200088375','2025-08-19 02:08:20'),('2025-08-19',1519,6,1,2568,'C','1342200088375','2025-08-19 02:08:20'),('2025-08-19',1524,6,1,2568,'C','1342200088375','2025-08-19 02:08:20'),('2025-08-19',1525,6,1,2568,'C','1342200088375','2025-08-19 02:08:20'),('2025-08-19',1526,6,1,2568,'C','1342200088375','2025-08-19 02:08:20'),('2025-08-19',1539,6,1,2568,'C','1342200088375','2025-08-19 02:08:20'),('2025-08-19',1551,6,1,2568,'C','1342200088375','2025-08-19 02:08:20'),('2025-08-19',1516,6,1,2568,'C','1342200088375','2025-08-19 02:08:20'),('2025-08-19',1515,7,1,2568,'C','1342200088375','2025-08-19 02:08:25'),('2025-08-19',1517,7,1,2568,'C','1342200088375','2025-08-19 02:08:25'),('2025-08-19',1520,7,1,2568,'C','1342200088375','2025-08-19 02:08:25'),('2025-08-19',1531,7,1,2568,'C','1342200088375','2025-08-19 02:08:25'),('2025-08-19',1505,8,1,2568,'C','1342200088375','2025-08-19 02:08:31'),('2025-08-19',1507,8,1,2568,'C','1342200088375','2025-08-19 02:08:31'),('2025-08-19',1508,8,1,2568,'C','1342200088375','2025-08-19 02:08:31'),('2025-08-19',1509,8,1,2568,'C','1342200088375','2025-08-19 02:08:31'),('2025-08-19',1510,8,1,2568,'C','1342200088375','2025-08-19 02:08:31'),('2025-08-19',1521,8,1,2568,'C','1342200088375','2025-08-19 02:08:31'),('2025-08-19',1500,9,1,2568,'C','1342200088375','2025-08-19 02:08:36'),('2025-08-19',1501,9,1,2568,'C','1342200088375','2025-08-19 02:08:36'),('2025-08-19',1502,9,1,2568,'C','1342200088375','2025-08-19 02:08:36'),('2025-08-20',1556,2,1,2568,'C','1342200088375','2025-08-20 11:08:47'),('2025-08-20',1557,2,1,2568,'C','1342200088375','2025-08-20 11:08:47'),('2025-08-20',1558,2,1,2568,'C','1342200088375','2025-08-20 11:08:47'),('2025-08-20',1559,2,1,2568,'C','1342200088375','2025-08-20 11:08:47'),('2025-08-20',1560,2,1,2568,'C','1342200088375','2025-08-20 11:08:47'),('2025-08-20',1561,2,1,2568,'C','1342200088375','2025-08-20 11:08:47'),('2025-08-20',1562,2,1,2568,'C','1342200088375','2025-08-20 11:08:47'),('2025-08-20',1563,2,1,2568,'C','1342200088375','2025-08-20 11:08:47'),('2025-08-20',1564,2,1,2568,'C','1342200088375','2025-08-20 11:08:47'),('2025-08-20',1542,3,1,2568,'C','1342200088375','2025-08-20 11:08:52'),('2025-08-20',1545,3,1,2568,'C','1342200088375','2025-08-20 11:08:52'),('2025-08-20',1546,3,1,2568,'C','1342200088375','2025-08-20 11:08:52'),('2025-08-20',1547,3,1,2568,'C','1342200088375','2025-08-20 11:08:52'),('2025-08-20',1532,4,1,2568,'C','1342200088375','2025-08-20 11:08:56'),('2025-08-20',1533,4,1,2568,'C','1342200088375','2025-08-20 11:08:56'),('2025-08-20',1543,4,1,2568,'C','1342200088375','2025-08-20 11:08:56'),('2025-08-20',1548,4,1,2568,'C','1342200088375','2025-08-20 11:08:56'),('2025-08-20',1527,5,1,2568,'C','1342200088375','2025-08-20 11:08:00'),('2025-08-20',1528,5,1,2568,'C','1342200088375','2025-08-20 11:08:00'),('2025-08-20',1534,5,1,2568,'C','1342200088375','2025-08-20 11:08:00'),('2025-08-20',1555,5,1,2568,'C','1342200088375','2025-08-20 11:08:00'),('2025-08-20',1514,6,1,2568,'C','1342200088375','2025-08-20 11:08:06'),('2025-08-20',1519,6,1,2568,'C','1342200088375','2025-08-20 11:08:06'),('2025-08-20',1524,6,1,2568,'C','1342200088375','2025-08-20 11:08:06'),('2025-08-20',1525,6,1,2568,'C','1342200088375','2025-08-20 11:08:06'),('2025-08-20',1526,6,1,2568,'C','1342200088375','2025-08-20 11:08:06'),('2025-08-20',1539,6,1,2568,'C','1342200088375','2025-08-20 11:08:06'),('2025-08-20',1551,6,1,2568,'C','1342200088375','2025-08-20 11:08:06'),('2025-08-20',1516,6,1,2568,'C','1342200088375','2025-08-20 11:08:06'),('2025-08-20',1515,7,1,2568,'C','1342200088375','2025-08-20 11:08:12'),('2025-08-20',1517,7,1,2568,'C','1342200088375','2025-08-20 11:08:12'),('2025-08-20',1520,7,1,2568,'C','1342200088375','2025-08-20 11:08:12'),('2025-08-20',1531,7,1,2568,'C','1342200088375','2025-08-20 11:08:12'),('2025-08-20',1505,8,1,2568,'C','1342200088375','2025-08-20 11:08:17'),('2025-08-20',1507,8,1,2568,'C','1342200088375','2025-08-20 11:08:17'),('2025-08-20',1508,8,1,2568,'C','1342200088375','2025-08-20 11:08:17'),('2025-08-20',1509,8,1,2568,'C','1342200088375','2025-08-20 11:08:17'),('2025-08-20',1510,8,1,2568,'C','1342200088375','2025-08-20 11:08:17'),('2025-08-20',1521,8,1,2568,'C','1342200088375','2025-08-20 11:08:17'),('2025-08-20',1500,9,1,2568,'C','1342200088375','2025-08-20 11:08:22'),('2025-08-20',1501,9,1,2568,'C','1342200088375','2025-08-20 11:08:22'),('2025-08-20',1502,9,1,2568,'C','1342200088375','2025-08-20 11:08:22'),('2025-08-21',1556,2,1,2568,'C','1342200088375','2025-08-21 01:08:15'),('2025-08-21',1557,2,1,2568,'C','1342200088375','2025-08-21 01:08:15'),('2025-08-21',1558,2,1,2568,'C','1342200088375','2025-08-21 01:08:15'),('2025-08-21',1559,2,1,2568,'C','1342200088375','2025-08-21 01:08:15'),('2025-08-21',1560,2,1,2568,'C','1342200088375','2025-08-21 01:08:15'),('2025-08-21',1561,2,1,2568,'C','1342200088375','2025-08-21 01:08:15'),('2025-08-21',1562,2,1,2568,'C','1342200088375','2025-08-21 01:08:15'),('2025-08-21',1563,2,1,2568,'C','1342200088375','2025-08-21 01:08:15'),('2025-08-21',1564,2,1,2568,'C','1342200088375','2025-08-21 01:08:15'),('2025-08-21',1542,3,1,2568,'C','1342200088375','2025-08-21 01:08:19'),('2025-08-21',1545,3,1,2568,'C','1342200088375','2025-08-21 01:08:19'),('2025-08-21',1546,3,1,2568,'C','1342200088375','2025-08-21 01:08:19'),('2025-08-21',1547,3,1,2568,'C','1342200088375','2025-08-21 01:08:19'),('2025-08-21',1532,4,1,2568,'C','1342200088375','2025-08-21 01:08:24'),('2025-08-21',1533,4,1,2568,'C','1342200088375','2025-08-21 01:08:24'),('2025-08-21',1543,4,1,2568,'C','1342200088375','2025-08-21 01:08:24'),('2025-08-21',1548,4,1,2568,'C','1342200088375','2025-08-21 01:08:24'),('2025-08-21',1527,5,1,2568,'C','1342200088375','2025-08-21 01:08:34'),('2025-08-21',1528,5,1,2568,'C','1342200088375','2025-08-21 01:08:34'),('2025-08-21',1534,5,1,2568,'C','1342200088375','2025-08-21 01:08:34'),('2025-08-21',1555,5,1,2568,'C','1342200088375','2025-08-21 01:08:34'),('2025-08-21',1514,6,1,2568,'C','1342200088375','2025-08-21 01:08:39'),('2025-08-21',1519,6,1,2568,'C','1342200088375','2025-08-21 01:08:39'),('2025-08-21',1524,6,1,2568,'C','1342200088375','2025-08-21 01:08:39'),('2025-08-21',1525,6,1,2568,'C','1342200088375','2025-08-21 01:08:39'),('2025-08-21',1526,6,1,2568,'C','1342200088375','2025-08-21 01:08:39'),('2025-08-21',1539,6,1,2568,'C','1342200088375','2025-08-21 01:08:39'),('2025-08-21',1551,6,1,2568,'C','1342200088375','2025-08-21 01:08:39'),('2025-08-21',1516,6,1,2568,'C','1342200088375','2025-08-21 01:08:39'),('2025-08-21',1515,7,1,2568,'C','1342200088375','2025-08-21 01:08:53'),('2025-08-21',1517,7,1,2568,'C','1342200088375','2025-08-21 01:08:53'),('2025-08-21',1520,7,1,2568,'C','1342200088375','2025-08-21 01:08:53'),('2025-08-21',1531,7,1,2568,'C','1342200088375','2025-08-21 01:08:53'),('2025-08-21',1505,8,1,2568,'C','1342200088375','2025-08-21 01:08:16'),('2025-08-21',1507,8,1,2568,'C','1342200088375','2025-08-21 01:08:16'),('2025-08-21',1508,8,1,2568,'C','1342200088375','2025-08-21 01:08:16'),('2025-08-21',1509,8,1,2568,'C','1342200088375','2025-08-21 01:08:16'),('2025-08-21',1510,8,1,2568,'C','1342200088375','2025-08-21 01:08:16'),('2025-08-21',1521,8,1,2568,'C','1342200088375','2025-08-21 01:08:16'),('2025-08-21',1500,9,1,2568,'C','1342200088375','2025-08-21 01:08:24'),('2025-08-21',1501,9,1,2568,'C','1342200088375','2025-08-21 01:08:24'),('2025-08-21',1502,9,1,2568,'C','1342200088375','2025-08-21 01:08:24'),('2025-08-22',1556,2,1,2568,'C','1342200088375','2025-08-22 03:08:23'),('2025-08-22',1557,2,1,2568,'C','1342200088375','2025-08-22 03:08:23'),('2025-08-22',1558,2,1,2568,'C','1342200088375','2025-08-22 03:08:23'),('2025-08-22',1559,2,1,2568,'C','1342200088375','2025-08-22 03:08:23'),('2025-08-22',1560,2,1,2568,'C','1342200088375','2025-08-22 03:08:23'),('2025-08-22',1561,2,1,2568,'C','1342200088375','2025-08-22 03:08:23'),('2025-08-22',1562,2,1,2568,'C','1342200088375','2025-08-22 03:08:23'),('2025-08-22',1563,2,1,2568,'C','1342200088375','2025-08-22 03:08:23'),('2025-08-22',1564,2,1,2568,'C','1342200088375','2025-08-22 03:08:23'),('2025-08-22',1542,3,1,2568,'C','1342200088375','2025-08-22 03:08:40'),('2025-08-22',1545,3,1,2568,'C','1342200088375','2025-08-22 03:08:40'),('2025-08-22',1546,3,1,2568,'C','1342200088375','2025-08-22 03:08:40'),('2025-08-22',1547,3,1,2568,'C','1342200088375','2025-08-22 03:08:40'),('2025-08-22',1500,9,1,2568,'C','1342200088375','2025-08-22 03:08:46'),('2025-08-22',1501,9,1,2568,'C','1342200088375','2025-08-22 03:08:46'),('2025-08-22',1502,9,1,2568,'C','1342200088375','2025-08-22 03:08:46'),('2025-08-22',1505,8,1,2568,'C','1342200088375','2025-08-22 03:08:51'),('2025-08-22',1507,8,1,2568,'C','1342200088375','2025-08-22 03:08:51'),('2025-08-22',1508,8,1,2568,'C','1342200088375','2025-08-22 03:08:51'),('2025-08-22',1509,8,1,2568,'C','1342200088375','2025-08-22 03:08:51'),('2025-08-22',1510,8,1,2568,'C','1342200088375','2025-08-22 03:08:51'),('2025-08-22',1521,8,1,2568,'C','1342200088375','2025-08-22 03:08:51'),('2025-08-22',1515,7,1,2568,'C','1342200088375','2025-08-22 03:08:56'),('2025-08-22',1517,7,1,2568,'C','1342200088375','2025-08-22 03:08:56'),('2025-08-22',1520,7,1,2568,'C','1342200088375','2025-08-22 03:08:56'),('2025-08-22',1531,7,1,2568,'C','1342200088375','2025-08-22 03:08:56'),('2025-08-22',1514,6,1,2568,'C','1342200088375','2025-08-22 03:08:02'),('2025-08-22',1519,6,1,2568,'C','1342200088375','2025-08-22 03:08:02'),('2025-08-22',1524,6,1,2568,'C','1342200088375','2025-08-22 03:08:02'),('2025-08-22',1525,6,1,2568,'C','1342200088375','2025-08-22 03:08:02'),('2025-08-22',1526,6,1,2568,'C','1342200088375','2025-08-22 03:08:02'),('2025-08-22',1539,6,1,2568,'C','1342200088375','2025-08-22 03:08:02'),('2025-08-22',1551,6,1,2568,'C','1342200088375','2025-08-22 03:08:02'),('2025-08-22',1516,6,1,2568,'C','1342200088375','2025-08-22 03:08:02'),('2025-08-22',1532,4,1,2568,'C','1342200088375','2025-08-22 03:08:09'),('2025-08-22',1533,4,1,2568,'C','1342200088375','2025-08-22 03:08:09'),('2025-08-22',1543,4,1,2568,'C','1342200088375','2025-08-22 03:08:09'),('2025-08-22',1548,4,1,2568,'C','1342200088375','2025-08-22 03:08:09'),('2025-08-22',1527,5,1,2568,'C','1342200088375','2025-08-22 03:08:14'),('2025-08-22',1528,5,1,2568,'C','1342200088375','2025-08-22 03:08:14'),('2025-08-22',1534,5,1,2568,'C','1342200088375','2025-08-22 03:08:14'),('2025-08-22',1555,5,1,2568,'C','1342200088375','2025-08-22 03:08:14'),('2025-08-25',1556,2,1,2568,'C','1342200088375','2025-08-25 02:08:15'),('2025-08-25',1557,2,1,2568,'C','1342200088375','2025-08-25 02:08:15'),('2025-08-25',1558,2,1,2568,'C','1342200088375','2025-08-25 02:08:15'),('2025-08-25',1559,2,1,2568,'C','1342200088375','2025-08-25 02:08:15'),('2025-08-25',1560,2,1,2568,'C','1342200088375','2025-08-25 02:08:15'),('2025-08-25',1561,2,1,2568,'C','1342200088375','2025-08-25 02:08:15'),('2025-08-25',1562,2,1,2568,'C','1342200088375','2025-08-25 02:08:15'),('2025-08-25',1563,2,1,2568,'C','1342200088375','2025-08-25 02:08:15'),('2025-08-25',1564,2,1,2568,'C','1342200088375','2025-08-25 02:08:15'),('2025-08-25',1542,3,1,2568,'C','1342200088375','2025-08-25 02:08:20'),('2025-08-25',1545,3,1,2568,'C','1342200088375','2025-08-25 02:08:20'),('2025-08-25',1546,3,1,2568,'C','1342200088375','2025-08-25 02:08:20'),('2025-08-25',1547,3,1,2568,'C','1342200088375','2025-08-25 02:08:20'),('2025-08-25',1532,4,1,2568,'C','1342200088375','2025-08-25 02:08:30'),('2025-08-25',1533,4,1,2568,'C','1342200088375','2025-08-25 02:08:30'),('2025-08-25',1543,4,1,2568,'C','1342200088375','2025-08-25 02:08:30'),('2025-08-25',1548,4,1,2568,'C','1342200088375','2025-08-25 02:08:30'),('2025-08-25',1527,5,1,2568,'C','1342200088375','2025-08-25 02:08:35'),('2025-08-25',1528,5,1,2568,'C','1342200088375','2025-08-25 02:08:35'),('2025-08-25',1534,5,1,2568,'C','1342200088375','2025-08-25 02:08:35'),('2025-08-25',1555,5,1,2568,'C','1342200088375','2025-08-25 02:08:35'),('2025-08-25',1514,6,1,2568,'C','1342200088375','2025-08-25 02:08:40'),('2025-08-25',1519,6,1,2568,'C','1342200088375','2025-08-25 02:08:40'),('2025-08-25',1524,6,1,2568,'C','1342200088375','2025-08-25 02:08:40'),('2025-08-25',1525,6,1,2568,'C','1342200088375','2025-08-25 02:08:40'),('2025-08-25',1526,6,1,2568,'C','1342200088375','2025-08-25 02:08:40'),('2025-08-25',1539,6,1,2568,'C','1342200088375','2025-08-25 02:08:40'),('2025-08-25',1551,6,1,2568,'C','1342200088375','2025-08-25 02:08:40'),('2025-08-25',1516,6,1,2568,'C','1342200088375','2025-08-25 02:08:40'),('2025-08-25',1515,7,1,2568,'C','1342200088375','2025-08-25 02:08:54'),('2025-08-25',1517,7,1,2568,'C','1342200088375','2025-08-25 02:08:54'),('2025-08-25',1520,7,1,2568,'C','1342200088375','2025-08-25 02:08:54'),('2025-08-25',1531,7,1,2568,'C','1342200088375','2025-08-25 02:08:54'),('2025-08-25',1505,8,1,2568,'C','1342200088375','2025-08-25 02:08:01'),('2025-08-25',1507,8,1,2568,'C','1342200088375','2025-08-25 02:08:01'),('2025-08-25',1508,8,1,2568,'C','1342200088375','2025-08-25 02:08:01'),('2025-08-25',1509,8,1,2568,'C','1342200088375','2025-08-25 02:08:01'),('2025-08-25',1510,8,1,2568,'C','1342200088375','2025-08-25 02:08:01'),('2025-08-25',1521,8,1,2568,'C','1342200088375','2025-08-25 02:08:01'),('2025-08-25',1500,9,1,2568,'C','1342200088375','2025-08-25 02:08:06'),('2025-08-25',1501,9,1,2568,'C','1342200088375','2025-08-25 02:08:06'),('2025-08-25',1502,9,1,2568,'C','1342200088375','2025-08-25 02:08:06'),('2025-08-26',1556,2,1,2568,'C','1342200088375','2025-08-26 03:08:58'),('2025-08-26',1557,2,1,2568,'C','1342200088375','2025-08-26 03:08:58'),('2025-08-26',1558,2,1,2568,'C','1342200088375','2025-08-26 03:08:58'),('2025-08-26',1559,2,1,2568,'C','1342200088375','2025-08-26 03:08:58'),('2025-08-26',1560,2,1,2568,'C','1342200088375','2025-08-26 03:08:58'),('2025-08-26',1561,2,1,2568,'C','1342200088375','2025-08-26 03:08:58'),('2025-08-26',1562,2,1,2568,'C','1342200088375','2025-08-26 03:08:58'),('2025-08-26',1563,2,1,2568,'C','1342200088375','2025-08-26 03:08:58'),('2025-08-26',1564,2,1,2568,'C','1342200088375','2025-08-26 03:08:58'),('2025-08-26',1542,3,1,2568,'C','1342200088375','2025-08-26 03:08:02'),('2025-08-26',1545,3,1,2568,'C','1342200088375','2025-08-26 03:08:02'),('2025-08-26',1546,3,1,2568,'C','1342200088375','2025-08-26 03:08:02'),('2025-08-26',1547,3,1,2568,'C','1342200088375','2025-08-26 03:08:02'),('2025-08-26',1532,4,1,2568,'C','1342200088375','2025-08-26 03:08:06'),('2025-08-26',1533,4,1,2568,'C','1342200088375','2025-08-26 03:08:06'),('2025-08-26',1543,4,1,2568,'C','1342200088375','2025-08-26 03:08:06'),('2025-08-26',1548,4,1,2568,'C','1342200088375','2025-08-26 03:08:06'),('2025-08-26',1527,5,1,2568,'C','1342200088375','2025-08-26 03:08:10'),('2025-08-26',1528,5,1,2568,'C','1342200088375','2025-08-26 03:08:10'),('2025-08-26',1534,5,1,2568,'C','1342200088375','2025-08-26 03:08:10'),('2025-08-26',1555,5,1,2568,'C','1342200088375','2025-08-26 03:08:10'),('2025-08-26',1514,6,1,2568,'C','1342200088375','2025-08-26 03:08:15'),('2025-08-26',1519,6,1,2568,'C','1342200088375','2025-08-26 03:08:15'),('2025-08-26',1524,6,1,2568,'C','1342200088375','2025-08-26 03:08:15'),('2025-08-26',1525,6,1,2568,'C','1342200088375','2025-08-26 03:08:15'),('2025-08-26',1526,6,1,2568,'C','1342200088375','2025-08-26 03:08:15'),('2025-08-26',1539,6,1,2568,'C','1342200088375','2025-08-26 03:08:15'),('2025-08-26',1551,6,1,2568,'C','1342200088375','2025-08-26 03:08:15'),('2025-08-26',1516,6,1,2568,'C','1342200088375','2025-08-26 03:08:15'),('2025-08-26',1515,7,1,2568,'C','1342200088375','2025-08-26 03:08:20'),('2025-08-26',1517,7,1,2568,'C','1342200088375','2025-08-26 03:08:20'),('2025-08-26',1520,7,1,2568,'C','1342200088375','2025-08-26 03:08:20'),('2025-08-26',1531,7,1,2568,'C','1342200088375','2025-08-26 03:08:20'),('2025-08-26',1505,8,1,2568,'C','1342200088375','2025-08-26 03:08:27'),('2025-08-26',1507,8,1,2568,'C','1342200088375','2025-08-26 03:08:27'),('2025-08-26',1508,8,1,2568,'C','1342200088375','2025-08-26 03:08:27'),('2025-08-26',1509,8,1,2568,'C','1342200088375','2025-08-26 03:08:27'),('2025-08-26',1510,8,1,2568,'C','1342200088375','2025-08-26 03:08:27'),('2025-08-26',1521,8,1,2568,'C','1342200088375','2025-08-26 03:08:27'),('2025-08-26',1500,9,1,2568,'C','1342200088375','2025-08-26 03:08:36'),('2025-08-26',1501,9,1,2568,'C','1342200088375','2025-08-26 03:08:36'),('2025-08-26',1502,9,1,2568,'C','1342200088375','2025-08-26 03:08:36'),('2025-08-28',1556,2,1,2568,'C','1342200088375','2025-08-28 01:08:35'),('2025-08-28',1557,2,1,2568,'C','1342200088375','2025-08-28 01:08:35'),('2025-08-28',1558,2,1,2568,'C','1342200088375','2025-08-28 01:08:35'),('2025-08-28',1559,2,1,2568,'C','1342200088375','2025-08-28 01:08:35'),('2025-08-28',1560,2,1,2568,'C','1342200088375','2025-08-28 01:08:35'),('2025-08-28',1561,2,1,2568,'C','1342200088375','2025-08-28 01:08:35'),('2025-08-28',1562,2,1,2568,'C','1342200088375','2025-08-28 01:08:35'),('2025-08-28',1563,2,1,2568,'C','1342200088375','2025-08-28 01:08:35'),('2025-08-28',1564,2,1,2568,'C','1342200088375','2025-08-28 01:08:35'),('2025-08-28',1542,3,1,2568,'C','1342200088375','2025-08-28 01:08:43'),('2025-08-28',1545,3,1,2568,'C','1342200088375','2025-08-28 01:08:43'),('2025-08-28',1546,3,1,2568,'C','1342200088375','2025-08-28 01:08:43'),('2025-08-28',1547,3,1,2568,'C','1342200088375','2025-08-28 01:08:43'),('2025-08-28',1532,4,1,2568,'C','1342200088375','2025-08-28 01:08:49'),('2025-08-28',1533,4,1,2568,'C','1342200088375','2025-08-28 01:08:49'),('2025-08-28',1543,4,1,2568,'C','1342200088375','2025-08-28 01:08:49'),('2025-08-28',1548,4,1,2568,'C','1342200088375','2025-08-28 01:08:49'),('2025-08-28',1527,5,1,2568,'C','1342200088375','2025-08-28 01:08:54'),('2025-08-28',1528,5,1,2568,'C','1342200088375','2025-08-28 01:08:54'),('2025-08-28',1534,5,1,2568,'C','1342200088375','2025-08-28 01:08:54'),('2025-08-28',1555,5,1,2568,'C','1342200088375','2025-08-28 01:08:54'),('2025-08-28',1514,6,1,2568,'C','1342200088375','2025-08-28 01:08:06'),('2025-08-28',1519,6,1,2568,'C','1342200088375','2025-08-28 01:08:06'),('2025-08-28',1524,6,1,2568,'C','1342200088375','2025-08-28 01:08:06'),('2025-08-28',1525,6,1,2568,'C','1342200088375','2025-08-28 01:08:06'),('2025-08-28',1526,6,1,2568,'C','1342200088375','2025-08-28 01:08:06'),('2025-08-28',1539,6,1,2568,'C','1342200088375','2025-08-28 01:08:06'),('2025-08-28',1551,6,1,2568,'C','1342200088375','2025-08-28 01:08:06'),('2025-08-28',1516,6,1,2568,'C','1342200088375','2025-08-28 01:08:06'),('2025-08-28',1515,7,1,2568,'C','1342200088375','2025-08-28 01:08:23'),('2025-08-28',1517,7,1,2568,'C','1342200088375','2025-08-28 01:08:23'),('2025-08-28',1520,7,1,2568,'C','1342200088375','2025-08-28 01:08:23'),('2025-08-28',1531,7,1,2568,'C','1342200088375','2025-08-28 01:08:23'),('2025-08-28',1505,8,1,2568,'C','1342200088375','2025-08-28 01:08:28'),('2025-08-28',1507,8,1,2568,'C','1342200088375','2025-08-28 01:08:28'),('2025-08-28',1508,8,1,2568,'C','1342200088375','2025-08-28 01:08:28'),('2025-08-28',1509,8,1,2568,'C','1342200088375','2025-08-28 01:08:28'),('2025-08-28',1510,8,1,2568,'C','1342200088375','2025-08-28 01:08:28'),('2025-08-28',1521,8,1,2568,'C','1342200088375','2025-08-28 01:08:28'),('2025-08-28',1500,9,1,2568,'C','1342200088375','2025-08-28 01:08:34'),('2025-08-28',1501,9,1,2568,'C','1342200088375','2025-08-28 01:08:34'),('2025-08-28',1502,9,1,2568,'C','1342200088375','2025-08-28 01:08:34'),('2025-08-27',1556,2,1,2568,'C','1342200088375','2025-08-28 01:08:20'),('2025-08-27',1557,2,1,2568,'C','1342200088375','2025-08-28 01:08:20'),('2025-08-27',1558,2,1,2568,'C','1342200088375','2025-08-28 01:08:20'),('2025-08-27',1559,2,1,2568,'C','1342200088375','2025-08-28 01:08:20'),('2025-08-27',1560,2,1,2568,'C','1342200088375','2025-08-28 01:08:20'),('2025-08-27',1561,2,1,2568,'C','1342200088375','2025-08-28 01:08:20'),('2025-08-27',1562,2,1,2568,'C','1342200088375','2025-08-28 01:08:20'),('2025-08-27',1563,2,1,2568,'C','1342200088375','2025-08-28 01:08:20'),('2025-08-27',1564,2,1,2568,'C','1342200088375','2025-08-28 01:08:20'),('2025-08-27',1542,3,1,2568,'C','1342200088375','2025-08-28 01:08:08'),('2025-08-27',1545,3,1,2568,'C','1342200088375','2025-08-28 01:08:08'),('2025-08-27',1546,3,1,2568,'C','1342200088375','2025-08-28 01:08:08'),('2025-08-27',1547,3,1,2568,'C','1342200088375','2025-08-28 01:08:08'),('2025-08-27',1532,4,1,2568,'C','1342200088375','2025-08-28 01:08:58'),('2025-08-27',1533,4,1,2568,'C','1342200088375','2025-08-28 01:08:58'),('2025-08-27',1543,4,1,2568,'C','1342200088375','2025-08-28 01:08:58'),('2025-08-27',1548,4,1,2568,'C','1342200088375','2025-08-28 01:08:58'),('2025-08-27',1527,5,1,2568,'C','1342200088375','2025-08-28 01:08:10'),('2025-08-27',1528,5,1,2568,'C','1342200088375','2025-08-28 01:08:10'),('2025-08-27',1534,5,1,2568,'C','1342200088375','2025-08-28 01:08:10'),('2025-08-27',1555,5,1,2568,'C','1342200088375','2025-08-28 01:08:10'),('2025-08-27',1514,6,1,2568,'C','1342200088375','2025-08-28 01:08:24'),('2025-08-27',1519,6,1,2568,'C','1342200088375','2025-08-28 01:08:24'),('2025-08-27',1524,6,1,2568,'C','1342200088375','2025-08-28 01:08:24'),('2025-08-27',1525,6,1,2568,'C','1342200088375','2025-08-28 01:08:24'),('2025-08-27',1526,6,1,2568,'C','1342200088375','2025-08-28 01:08:24'),('2025-08-27',1539,6,1,2568,'C','1342200088375','2025-08-28 01:08:24'),('2025-08-27',1551,6,1,2568,'C','1342200088375','2025-08-28 01:08:24'),('2025-08-27',1516,6,1,2568,'C','1342200088375','2025-08-28 01:08:24'),('2025-08-27',1515,7,1,2568,'C','1342200088375','2025-08-28 01:08:33'),('2025-08-27',1517,7,1,2568,'C','1342200088375','2025-08-28 01:08:33'),('2025-08-27',1520,7,1,2568,'C','1342200088375','2025-08-28 01:08:33'),('2025-08-27',1531,7,1,2568,'C','1342200088375','2025-08-28 01:08:33'),('2025-08-27',1505,8,1,2568,'C','1342200088375','2025-08-28 01:08:45'),('2025-08-27',1507,8,1,2568,'C','1342200088375','2025-08-28 01:08:45'),('2025-08-27',1508,8,1,2568,'C','1342200088375','2025-08-28 01:08:45'),('2025-08-27',1509,8,1,2568,'C','1342200088375','2025-08-28 01:08:45'),('2025-08-27',1510,8,1,2568,'C','1342200088375','2025-08-28 01:08:45'),('2025-08-27',1521,8,1,2568,'C','1342200088375','2025-08-28 01:08:45'),('2025-08-27',1500,9,1,2568,'C','1342200088375','2025-08-28 01:08:54'),('2025-08-27',1501,9,1,2568,'C','1342200088375','2025-08-28 01:08:54'),('2025-08-27',1502,9,1,2568,'C','1342200088375','2025-08-28 01:08:54'),('2025-08-29',1556,2,1,2568,'C','1342200088375','2025-08-29 08:08:03'),('2025-08-29',1557,2,1,2568,'C','1342200088375','2025-08-29 08:08:03'),('2025-08-29',1558,2,1,2568,'C','1342200088375','2025-08-29 08:08:03'),('2025-08-29',1559,2,1,2568,'C','1342200088375','2025-08-29 08:08:03'),('2025-08-29',1560,2,1,2568,'C','1342200088375','2025-08-29 08:08:03'),('2025-08-29',1561,2,1,2568,'C','1342200088375','2025-08-29 08:08:03'),('2025-08-29',1562,2,1,2568,'C','1342200088375','2025-08-29 08:08:03'),('2025-08-29',1563,2,1,2568,'C','1342200088375','2025-08-29 08:08:03'),('2025-08-29',1564,2,1,2568,'C','1342200088375','2025-08-29 08:08:03'),('2025-08-29',1542,3,1,2568,'C','1342200088375','2025-08-29 08:08:09'),('2025-08-29',1545,3,1,2568,'C','1342200088375','2025-08-29 08:08:09'),('2025-08-29',1546,3,1,2568,'C','1342200088375','2025-08-29 08:08:09'),('2025-08-29',1547,3,1,2568,'C','1342200088375','2025-08-29 08:08:09'),('2025-08-29',1532,4,1,2568,'C','1342200088375','2025-08-29 08:08:16'),('2025-08-29',1533,4,1,2568,'C','1342200088375','2025-08-29 08:08:16'),('2025-08-29',1543,4,1,2568,'C','1342200088375','2025-08-29 08:08:16'),('2025-08-29',1548,4,1,2568,'C','1342200088375','2025-08-29 08:08:16'),('2025-08-29',1527,5,1,2568,'C','1342200088375','2025-08-29 08:08:23'),('2025-08-29',1528,5,1,2568,'C','1342200088375','2025-08-29 08:08:23'),('2025-08-29',1534,5,1,2568,'C','1342200088375','2025-08-29 08:08:23'),('2025-08-29',1555,5,1,2568,'C','1342200088375','2025-08-29 08:08:23'),('2025-08-29',1514,6,1,2568,'C','1342200088375','2025-08-29 08:08:30'),('2025-08-29',1519,6,1,2568,'C','1342200088375','2025-08-29 08:08:30'),('2025-08-29',1524,6,1,2568,'C','1342200088375','2025-08-29 08:08:30'),('2025-08-29',1525,6,1,2568,'C','1342200088375','2025-08-29 08:08:30'),('2025-08-29',1526,6,1,2568,'C','1342200088375','2025-08-29 08:08:30'),('2025-08-29',1539,6,1,2568,'C','1342200088375','2025-08-29 08:08:30'),('2025-08-29',1551,6,1,2568,'C','1342200088375','2025-08-29 08:08:30'),('2025-08-29',1516,6,1,2568,'C','1342200088375','2025-08-29 08:08:30'),('2025-08-29',1515,7,1,2568,'C','1342200088375','2025-08-29 08:08:38'),('2025-08-29',1517,7,1,2568,'C','1342200088375','2025-08-29 08:08:38'),('2025-08-29',1520,7,1,2568,'C','1342200088375','2025-08-29 08:08:38'),('2025-08-29',1531,7,1,2568,'C','1342200088375','2025-08-29 08:08:38'),('2025-08-29',1505,8,1,2568,'C','1342200088375','2025-08-29 08:08:44'),('2025-08-29',1507,8,1,2568,'C','1342200088375','2025-08-29 08:08:44'),('2025-08-29',1508,8,1,2568,'C','1342200088375','2025-08-29 08:08:44'),('2025-08-29',1509,8,1,2568,'C','1342200088375','2025-08-29 08:08:44'),('2025-08-29',1510,8,1,2568,'C','1342200088375','2025-08-29 08:08:44'),('2025-08-29',1521,8,1,2568,'C','1342200088375','2025-08-29 08:08:44'),('2025-08-29',1500,9,1,2568,'C','1342200088375','2025-08-29 08:08:52'),('2025-08-29',1501,9,1,2568,'C','1342200088375','2025-08-29 08:08:52'),('2025-08-29',1502,9,1,2568,'C','1342200088375','2025-08-29 08:08:52'),('2025-09-01',1556,2,1,2568,'C','1342200088375','2025-09-02 11:09:33'),('2025-09-01',1557,2,1,2568,'C','1342200088375','2025-09-02 11:09:33'),('2025-09-01',1558,2,1,2568,'C','1342200088375','2025-09-02 11:09:33'),('2025-09-01',1559,2,1,2568,'C','1342200088375','2025-09-02 11:09:33'),('2025-09-01',1560,2,1,2568,'C','1342200088375','2025-09-02 11:09:33'),('2025-09-01',1561,2,1,2568,'C','1342200088375','2025-09-02 11:09:33'),('2025-09-01',1562,2,1,2568,'C','1342200088375','2025-09-02 11:09:33'),('2025-09-01',1563,2,1,2568,'C','1342200088375','2025-09-02 11:09:33'),('2025-09-01',1564,2,1,2568,'C','1342200088375','2025-09-02 11:09:33'),('2025-09-02',1556,2,1,2568,'C','1342200088375','2025-09-02 11:09:39'),('2025-09-02',1557,2,1,2568,'C','1342200088375','2025-09-02 11:09:39'),('2025-09-02',1558,2,1,2568,'C','1342200088375','2025-09-02 11:09:39'),('2025-09-02',1559,2,1,2568,'C','1342200088375','2025-09-02 11:09:39'),('2025-09-02',1560,2,1,2568,'C','1342200088375','2025-09-02 11:09:39'),('2025-09-02',1561,2,1,2568,'C','1342200088375','2025-09-02 11:09:39'),('2025-09-02',1562,2,1,2568,'C','1342200088375','2025-09-02 11:09:39'),('2025-09-02',1563,2,1,2568,'C','1342200088375','2025-09-02 11:09:39'),('2025-09-02',1564,2,1,2568,'C','1342200088375','2025-09-02 11:09:39'),('2025-09-01',1542,3,1,2568,'C','1342200088375','2025-09-02 11:09:49'),('2025-09-01',1545,3,1,2568,'C','1342200088375','2025-09-02 11:09:49'),('2025-09-01',1546,3,1,2568,'C','1342200088375','2025-09-02 11:09:49'),('2025-09-01',1547,3,1,2568,'C','1342200088375','2025-09-02 11:09:49'),('2025-09-02',1542,3,1,2568,'C','1342200088375','2025-09-02 11:09:54'),('2025-09-02',1545,3,1,2568,'C','1342200088375','2025-09-02 11:09:54'),('2025-09-02',1546,3,1,2568,'C','1342200088375','2025-09-02 11:09:54'),('2025-09-02',1547,3,1,2568,'C','1342200088375','2025-09-02 11:09:54'),('2025-09-01',1532,4,1,2568,'C','1342200088375','2025-09-02 11:09:17'),('2025-09-01',1533,4,1,2568,'C','1342200088375','2025-09-02 11:09:17'),('2025-09-01',1543,4,1,2568,'C','1342200088375','2025-09-02 11:09:17'),('2025-09-01',1548,4,1,2568,'C','1342200088375','2025-09-02 11:09:17'),('2025-09-02',1532,4,1,2568,'C','1342200088375','2025-09-02 11:09:22'),('2025-09-02',1533,4,1,2568,'C','1342200088375','2025-09-02 11:09:22'),('2025-09-02',1543,4,1,2568,'C','1342200088375','2025-09-02 11:09:22'),('2025-09-02',1548,4,1,2568,'C','1342200088375','2025-09-02 11:09:22'),('2025-09-01',1527,5,1,2568,'C','1342200088375','2025-09-02 11:09:37'),('2025-09-01',1528,5,1,2568,'C','1342200088375','2025-09-02 11:09:37'),('2025-09-01',1534,5,1,2568,'C','1342200088375','2025-09-02 11:09:37'),('2025-09-01',1555,5,1,2568,'C','1342200088375','2025-09-02 11:09:37'),('2025-09-02',1527,5,1,2568,'C','1342200088375','2025-09-02 11:09:42'),('2025-09-02',1528,5,1,2568,'C','1342200088375','2025-09-02 11:09:42'),('2025-09-02',1534,5,1,2568,'C','1342200088375','2025-09-02 11:09:42'),('2025-09-02',1555,5,1,2568,'C','1342200088375','2025-09-02 11:09:42'),('2025-09-02',1514,6,1,2568,'C','1342200088375','2025-09-02 11:09:54'),('2025-09-02',1519,6,1,2568,'C','1342200088375','2025-09-02 11:09:54'),('2025-09-02',1524,6,1,2568,'C','1342200088375','2025-09-02 11:09:54'),('2025-09-02',1525,6,1,2568,'C','1342200088375','2025-09-02 11:09:54'),('2025-09-02',1526,6,1,2568,'C','1342200088375','2025-09-02 11:09:54'),('2025-09-02',1539,6,1,2568,'C','1342200088375','2025-09-02 11:09:54'),('2025-09-02',1551,6,1,2568,'C','1342200088375','2025-09-02 11:09:54'),('2025-09-02',1516,6,1,2568,'C','1342200088375','2025-09-02 11:09:54'),('2025-09-01',1514,6,1,2568,'C','1342200088375','2025-09-02 11:09:59'),('2025-09-01',1519,6,1,2568,'C','1342200088375','2025-09-02 11:09:59'),('2025-09-01',1524,6,1,2568,'C','1342200088375','2025-09-02 11:09:59'),('2025-09-01',1525,6,1,2568,'C','1342200088375','2025-09-02 11:09:59'),('2025-09-01',1526,6,1,2568,'C','1342200088375','2025-09-02 11:09:59'),('2025-09-01',1539,6,1,2568,'C','1342200088375','2025-09-02 11:09:59'),('2025-09-01',1551,6,1,2568,'C','1342200088375','2025-09-02 11:09:59'),('2025-09-01',1516,6,1,2568,'C','1342200088375','2025-09-02 11:09:59'),('2025-09-02',1515,7,1,2568,'C','1342200088375','2025-09-02 11:09:07'),('2025-09-02',1517,7,1,2568,'C','1342200088375','2025-09-02 11:09:07'),('2025-09-02',1520,7,1,2568,'C','1342200088375','2025-09-02 11:09:07'),('2025-09-02',1531,7,1,2568,'C','1342200088375','2025-09-02 11:09:07'),('2025-09-01',1515,7,1,2568,'C','1342200088375','2025-09-02 11:09:12'),('2025-09-01',1517,7,1,2568,'C','1342200088375','2025-09-02 11:09:12'),('2025-09-01',1520,7,1,2568,'C','1342200088375','2025-09-02 11:09:12'),('2025-09-01',1531,7,1,2568,'C','1342200088375','2025-09-02 11:09:12'),('2025-09-02',1505,8,1,2568,'C','1342200088375','2025-09-02 11:09:19'),('2025-09-02',1507,8,1,2568,'C','1342200088375','2025-09-02 11:09:19'),('2025-09-02',1508,8,1,2568,'C','1342200088375','2025-09-02 11:09:19'),('2025-09-02',1509,8,1,2568,'C','1342200088375','2025-09-02 11:09:19'),('2025-09-02',1510,8,1,2568,'C','1342200088375','2025-09-02 11:09:19'),('2025-09-02',1521,8,1,2568,'C','1342200088375','2025-09-02 11:09:19'),('2025-09-01',1505,8,1,2568,'C','1342200088375','2025-09-02 11:09:26'),('2025-09-01',1507,8,1,2568,'C','1342200088375','2025-09-02 11:09:26'),('2025-09-01',1508,8,1,2568,'C','1342200088375','2025-09-02 11:09:26'),('2025-09-01',1509,8,1,2568,'C','1342200088375','2025-09-02 11:09:26'),('2025-09-01',1510,8,1,2568,'C','1342200088375','2025-09-02 11:09:26'),('2025-09-01',1521,8,1,2568,'C','1342200088375','2025-09-02 11:09:26'),('2025-09-02',1500,9,1,2568,'C','1342200088375','2025-09-02 11:09:39'),('2025-09-02',1501,9,1,2568,'C','1342200088375','2025-09-02 11:09:39'),('2025-09-02',1502,9,1,2568,'C','1342200088375','2025-09-02 11:09:39'),('2025-09-01',1500,9,1,2568,'C','1342200088375','2025-09-02 11:09:44'),('2025-09-01',1501,9,1,2568,'C','1342200088375','2025-09-02 11:09:44'),('2025-09-01',1502,9,1,2568,'C','1342200088375','2025-09-02 11:09:44'),('2025-09-03',1556,2,1,2568,'C','1342200088375','2025-09-03 12:09:44'),('2025-09-03',1557,2,1,2568,'C','1342200088375','2025-09-03 12:09:44'),('2025-09-03',1558,2,1,2568,'C','1342200088375','2025-09-03 12:09:44'),('2025-09-03',1559,2,1,2568,'C','1342200088375','2025-09-03 12:09:44'),('2025-09-03',1560,2,1,2568,'C','1342200088375','2025-09-03 12:09:44'),('2025-09-03',1561,2,1,2568,'C','1342200088375','2025-09-03 12:09:44'),('2025-09-03',1562,2,1,2568,'C','1342200088375','2025-09-03 12:09:44'),('2025-09-03',1563,2,1,2568,'C','1342200088375','2025-09-03 12:09:44'),('2025-09-03',1564,2,1,2568,'C','1342200088375','2025-09-03 12:09:44'),('2025-09-03',1542,3,1,2568,'C','1342200088375','2025-09-03 12:09:53'),('2025-09-03',1545,3,1,2568,'C','1342200088375','2025-09-03 12:09:53'),('2025-09-03',1546,3,1,2568,'C','1342200088375','2025-09-03 12:09:53'),('2025-09-03',1547,3,1,2568,'C','1342200088375','2025-09-03 12:09:53'),('2025-09-03',1532,4,1,2568,'C','1342200088375','2025-09-03 12:09:57'),('2025-09-03',1533,4,1,2568,'C','1342200088375','2025-09-03 12:09:57'),('2025-09-03',1543,4,1,2568,'C','1342200088375','2025-09-03 12:09:57'),('2025-09-03',1548,4,1,2568,'C','1342200088375','2025-09-03 12:09:57'),('2025-09-03',1527,5,1,2568,'C','1342200088375','2025-09-03 12:09:02'),('2025-09-03',1528,5,1,2568,'C','1342200088375','2025-09-03 12:09:02'),('2025-09-03',1534,5,1,2568,'C','1342200088375','2025-09-03 12:09:02'),('2025-09-03',1555,5,1,2568,'C','1342200088375','2025-09-03 12:09:02'),('2025-09-03',1514,6,1,2568,'C','1342200088375','2025-09-03 12:09:08'),('2025-09-03',1519,6,1,2568,'C','1342200088375','2025-09-03 12:09:08'),('2025-09-03',1524,6,1,2568,'C','1342200088375','2025-09-03 12:09:08'),('2025-09-03',1525,6,1,2568,'C','1342200088375','2025-09-03 12:09:08'),('2025-09-03',1526,6,1,2568,'C','1342200088375','2025-09-03 12:09:08'),('2025-09-03',1539,6,1,2568,'C','1342200088375','2025-09-03 12:09:08'),('2025-09-03',1551,6,1,2568,'C','1342200088375','2025-09-03 12:09:08'),('2025-09-03',1516,6,1,2568,'C','1342200088375','2025-09-03 12:09:08'),('2025-09-03',1515,7,1,2568,'C','1342200088375','2025-09-03 12:09:13'),('2025-09-03',1517,7,1,2568,'C','1342200088375','2025-09-03 12:09:13'),('2025-09-03',1520,7,1,2568,'C','1342200088375','2025-09-03 12:09:13'),('2025-09-03',1531,7,1,2568,'C','1342200088375','2025-09-03 12:09:13'),('2025-09-03',1505,8,1,2568,'C','1342200088375','2025-09-03 12:09:20'),('2025-09-03',1507,8,1,2568,'C','1342200088375','2025-09-03 12:09:20'),('2025-09-03',1508,8,1,2568,'C','1342200088375','2025-09-03 12:09:20'),('2025-09-03',1509,8,1,2568,'C','1342200088375','2025-09-03 12:09:20'),('2025-09-03',1510,8,1,2568,'C','1342200088375','2025-09-03 12:09:20'),('2025-09-03',1521,8,1,2568,'C','1342200088375','2025-09-03 12:09:20'),('2025-09-03',1500,9,1,2568,'C','1342200088375','2025-09-03 12:09:25'),('2025-09-03',1501,9,1,2568,'C','1342200088375','2025-09-03 12:09:25'),('2025-09-03',1502,9,1,2568,'C','1342200088375','2025-09-03 12:09:25'),('2025-09-05',1556,2,1,2568,'C','1342200088375','2025-09-05 10:09:39'),('2025-09-05',1557,2,1,2568,'C','1342200088375','2025-09-05 10:09:39'),('2025-09-05',1558,2,1,2568,'C','1342200088375','2025-09-05 10:09:39'),('2025-09-05',1559,2,1,2568,'C','1342200088375','2025-09-05 10:09:39'),('2025-09-05',1560,2,1,2568,'C','1342200088375','2025-09-05 10:09:39'),('2025-09-05',1561,2,1,2568,'C','1342200088375','2025-09-05 10:09:39'),('2025-09-05',1562,2,1,2568,'C','1342200088375','2025-09-05 10:09:39'),('2025-09-05',1563,2,1,2568,'C','1342200088375','2025-09-05 10:09:39'),('2025-09-05',1564,2,1,2568,'C','1342200088375','2025-09-05 10:09:39'),('2025-09-05',1542,3,1,2568,'C','1342200088375','2025-09-05 10:09:45'),('2025-09-05',1545,3,1,2568,'C','1342200088375','2025-09-05 10:09:45'),('2025-09-05',1546,3,1,2568,'C','1342200088375','2025-09-05 10:09:45'),('2025-09-05',1547,3,1,2568,'C','1342200088375','2025-09-05 10:09:45'),('2025-09-05',1532,4,1,2568,'C','1342200088375','2025-09-05 10:09:49'),('2025-09-05',1533,4,1,2568,'C','1342200088375','2025-09-05 10:09:49'),('2025-09-05',1543,4,1,2568,'C','1342200088375','2025-09-05 10:09:49'),('2025-09-05',1548,4,1,2568,'C','1342200088375','2025-09-05 10:09:49'),('2025-09-05',1527,5,1,2568,'C','1342200088375','2025-09-05 10:09:54'),('2025-09-05',1528,5,1,2568,'C','1342200088375','2025-09-05 10:09:54'),('2025-09-05',1534,5,1,2568,'C','1342200088375','2025-09-05 10:09:54'),('2025-09-05',1555,5,1,2568,'C','1342200088375','2025-09-05 10:09:54'),('2025-09-05',1514,6,1,2568,'C','1342200088375','2025-09-05 10:09:01'),('2025-09-05',1519,6,1,2568,'C','1342200088375','2025-09-05 10:09:01'),('2025-09-05',1524,6,1,2568,'C','1342200088375','2025-09-05 10:09:01'),('2025-09-05',1525,6,1,2568,'C','1342200088375','2025-09-05 10:09:01'),('2025-09-05',1526,6,1,2568,'C','1342200088375','2025-09-05 10:09:01'),('2025-09-05',1539,6,1,2568,'C','1342200088375','2025-09-05 10:09:01'),('2025-09-05',1551,6,1,2568,'C','1342200088375','2025-09-05 10:09:01'),('2025-09-05',1516,6,1,2568,'C','1342200088375','2025-09-05 10:09:01'),('2025-09-05',1515,7,1,2568,'C','1342200088375','2025-09-05 10:09:06'),('2025-09-05',1517,7,1,2568,'C','1342200088375','2025-09-05 10:09:06'),('2025-09-05',1520,7,1,2568,'C','1342200088375','2025-09-05 10:09:06'),('2025-09-05',1531,7,1,2568,'C','1342200088375','2025-09-05 10:09:06'),('2025-09-05',1505,8,1,2568,'C','1342200088375','2025-09-05 10:09:30'),('2025-09-05',1507,8,1,2568,'C','1342200088375','2025-09-05 10:09:30'),('2025-09-05',1508,8,1,2568,'C','1342200088375','2025-09-05 10:09:30'),('2025-09-05',1509,8,1,2568,'C','1342200088375','2025-09-05 10:09:30'),('2025-09-05',1510,8,1,2568,'C','1342200088375','2025-09-05 10:09:30'),('2025-09-05',1521,8,1,2568,'C','1342200088375','2025-09-05 10:09:30'),('2025-09-05',1500,9,1,2568,'C','1342200088375','2025-09-05 10:09:07'),('2025-09-05',1501,9,1,2568,'C','1342200088375','2025-09-05 10:09:07'),('2025-09-05',1502,9,1,2568,'C','1342200088375','2025-09-05 10:09:07'),('2025-09-08',1556,2,1,2568,'C','1342200088375','2025-09-08 08:09:35'),('2025-09-08',1557,2,1,2568,'C','1342200088375','2025-09-08 08:09:35'),('2025-09-08',1558,2,1,2568,'C','1342200088375','2025-09-08 08:09:35'),('2025-09-08',1559,2,1,2568,'C','1342200088375','2025-09-08 08:09:35'),('2025-09-08',1560,2,1,2568,'C','1342200088375','2025-09-08 08:09:35'),('2025-09-08',1561,2,1,2568,'C','1342200088375','2025-09-08 08:09:35'),('2025-09-08',1562,2,1,2568,'C','1342200088375','2025-09-08 08:09:35'),('2025-09-08',1563,2,1,2568,'C','1342200088375','2025-09-08 08:09:35'),('2025-09-08',1564,2,1,2568,'C','1342200088375','2025-09-08 08:09:35'),('2025-09-08',1542,3,1,2568,'C','1342200088375','2025-09-08 09:09:04'),('2025-09-08',1545,3,1,2568,'C','1342200088375','2025-09-08 09:09:04'),('2025-09-08',1546,3,1,2568,'C','1342200088375','2025-09-08 09:09:04'),('2025-09-08',1547,3,1,2568,'C','1342200088375','2025-09-08 09:09:04'),('2025-09-08',1532,4,1,2568,'C','1342200088375','2025-09-08 09:09:24'),('2025-09-08',1533,4,1,2568,'C','1342200088375','2025-09-08 09:09:24'),('2025-09-08',1543,4,1,2568,'C','1342200088375','2025-09-08 09:09:24'),('2025-09-08',1548,4,1,2568,'C','1342200088375','2025-09-08 09:09:24'),('2025-09-08',1527,5,1,2568,'C','1342200088375','2025-09-08 09:09:30'),('2025-09-08',1528,5,1,2568,'C','1342200088375','2025-09-08 09:09:30'),('2025-09-08',1534,5,1,2568,'C','1342200088375','2025-09-08 09:09:30'),('2025-09-08',1555,5,1,2568,'C','1342200088375','2025-09-08 09:09:30'),('2025-09-08',1514,6,1,2568,'C','1342200088375','2025-09-08 09:09:43'),('2025-09-08',1519,6,1,2568,'C','1342200088375','2025-09-08 09:09:43'),('2025-09-08',1524,6,1,2568,'C','1342200088375','2025-09-08 09:09:43'),('2025-09-08',1525,6,1,2568,'C','1342200088375','2025-09-08 09:09:43'),('2025-09-08',1526,6,1,2568,'C','1342200088375','2025-09-08 09:09:43'),('2025-09-08',1539,6,1,2568,'C','1342200088375','2025-09-08 09:09:43'),('2025-09-08',1551,6,1,2568,'C','1342200088375','2025-09-08 09:09:43'),('2025-09-08',1516,6,1,2568,'C','1342200088375','2025-09-08 09:09:43'),('2025-09-08',1515,7,1,2568,'C','1342200088375','2025-09-08 09:09:47'),('2025-09-08',1517,7,1,2568,'C','1342200088375','2025-09-08 09:09:47'),('2025-09-08',1520,7,1,2568,'C','1342200088375','2025-09-08 09:09:47'),('2025-09-08',1531,7,1,2568,'C','1342200088375','2025-09-08 09:09:47'),('2025-09-08',1505,8,1,2568,'C','1342200088375','2025-09-08 09:09:55'),('2025-09-08',1507,8,1,2568,'C','1342200088375','2025-09-08 09:09:55'),('2025-09-08',1508,8,1,2568,'C','1342200088375','2025-09-08 09:09:55'),('2025-09-08',1509,8,1,2568,'C','1342200088375','2025-09-08 09:09:55'),('2025-09-08',1510,8,1,2568,'C','1342200088375','2025-09-08 09:09:55'),('2025-09-08',1521,8,1,2568,'C','1342200088375','2025-09-08 09:09:55'),('2025-09-08',1500,9,1,2568,'C','1342200088375','2025-09-08 09:09:00'),('2025-09-08',1501,9,1,2568,'C','1342200088375','2025-09-08 09:09:00'),('2025-09-08',1502,9,1,2568,'C','1342200088375','2025-09-08 09:09:00'),('2025-09-09',1556,2,1,2568,'C','1342200088375','2025-09-09 10:09:42'),('2025-09-09',1557,2,1,2568,'C','1342200088375','2025-09-09 10:09:42'),('2025-09-09',1558,2,1,2568,'C','1342200088375','2025-09-09 10:09:42'),('2025-09-09',1559,2,1,2568,'C','1342200088375','2025-09-09 10:09:42'),('2025-09-09',1560,2,1,2568,'C','1342200088375','2025-09-09 10:09:42'),('2025-09-09',1561,2,1,2568,'C','1342200088375','2025-09-09 10:09:42'),('2025-09-09',1562,2,1,2568,'C','1342200088375','2025-09-09 10:09:42'),('2025-09-09',1563,2,1,2568,'C','1342200088375','2025-09-09 10:09:42'),('2025-09-09',1564,2,1,2568,'C','1342200088375','2025-09-09 10:09:42'),('2025-09-09',1542,3,1,2568,'C','1342200088375','2025-09-09 10:09:47'),('2025-09-09',1545,3,1,2568,'C','1342200088375','2025-09-09 10:09:47'),('2025-09-09',1546,3,1,2568,'C','1342200088375','2025-09-09 10:09:47'),('2025-09-09',1547,3,1,2568,'C','1342200088375','2025-09-09 10:09:47'),('2025-09-09',1532,4,1,2568,'C','1342200088375','2025-09-09 10:09:03'),('2025-09-09',1533,4,1,2568,'C','1342200088375','2025-09-09 10:09:03'),('2025-09-09',1543,4,1,2568,'C','1342200088375','2025-09-09 10:09:03'),('2025-09-09',1548,4,1,2568,'C','1342200088375','2025-09-09 10:09:03'),('2025-09-09',1527,5,1,2568,'C','1342200088375','2025-09-09 10:09:12'),('2025-09-09',1528,5,1,2568,'C','1342200088375','2025-09-09 10:09:12'),('2025-09-09',1534,5,1,2568,'C','1342200088375','2025-09-09 10:09:12'),('2025-09-09',1555,5,1,2568,'C','1342200088375','2025-09-09 10:09:12'),('2025-09-09',1514,6,1,2568,'C','1342200088375','2025-09-09 10:09:17'),('2025-09-09',1519,6,1,2568,'C','1342200088375','2025-09-09 10:09:17'),('2025-09-09',1524,6,1,2568,'C','1342200088375','2025-09-09 10:09:17'),('2025-09-09',1525,6,1,2568,'C','1342200088375','2025-09-09 10:09:17'),('2025-09-09',1526,6,1,2568,'C','1342200088375','2025-09-09 10:09:17'),('2025-09-09',1539,6,1,2568,'C','1342200088375','2025-09-09 10:09:17'),('2025-09-09',1551,6,1,2568,'C','1342200088375','2025-09-09 10:09:17'),('2025-09-09',1516,6,1,2568,'C','1342200088375','2025-09-09 10:09:17'),('2025-09-09',1515,7,1,2568,'C','1342200088375','2025-09-09 10:09:27'),('2025-09-09',1517,7,1,2568,'C','1342200088375','2025-09-09 10:09:27'),('2025-09-09',1520,7,1,2568,'C','1342200088375','2025-09-09 10:09:27'),('2025-09-09',1531,7,1,2568,'C','1342200088375','2025-09-09 10:09:27'),('2025-09-09',1505,8,1,2568,'C','1342200088375','2025-09-09 10:09:52'),('2025-09-09',1507,8,1,2568,'C','1342200088375','2025-09-09 10:09:52'),('2025-09-09',1508,8,1,2568,'C','1342200088375','2025-09-09 10:09:52'),('2025-09-09',1509,8,1,2568,'C','1342200088375','2025-09-09 10:09:52'),('2025-09-09',1510,8,1,2568,'C','1342200088375','2025-09-09 10:09:52'),('2025-09-09',1521,8,1,2568,'C','1342200088375','2025-09-09 10:09:52'),('2025-09-09',1500,9,1,2568,'C','1342200088375','2025-09-09 10:09:56'),('2025-09-09',1501,9,1,2568,'C','1342200088375','2025-09-09 10:09:56'),('2025-09-09',1502,9,1,2568,'C','1342200088375','2025-09-09 10:09:56'),('2025-09-10',1514,6,1,2568,'C','1342200088375','2025-09-10 01:09:32'),('2025-09-10',1519,6,1,2568,'C','1342200088375','2025-09-10 01:09:32'),('2025-09-10',1524,6,1,2568,'C','1342200088375','2025-09-10 01:09:32'),('2025-09-10',1525,6,1,2568,'C','1342200088375','2025-09-10 01:09:32'),('2025-09-10',1526,6,1,2568,'C','1342200088375','2025-09-10 01:09:32'),('2025-09-10',1539,6,1,2568,'C','1342200088375','2025-09-10 01:09:32'),('2025-09-10',1551,6,1,2568,'C','1342200088375','2025-09-10 01:09:32'),('2025-09-10',1516,6,1,2568,'C','1342200088375','2025-09-10 01:09:32'),('2025-09-10',1556,2,1,2568,'C','1342200088375','2025-09-10 01:09:38'),('2025-09-10',1557,2,1,2568,'C','1342200088375','2025-09-10 01:09:38'),('2025-09-10',1558,2,1,2568,'C','1342200088375','2025-09-10 01:09:38'),('2025-09-10',1559,2,1,2568,'C','1342200088375','2025-09-10 01:09:38'),('2025-09-10',1560,2,1,2568,'C','1342200088375','2025-09-10 01:09:38'),('2025-09-10',1561,2,1,2568,'C','1342200088375','2025-09-10 01:09:38'),('2025-09-10',1562,2,1,2568,'C','1342200088375','2025-09-10 01:09:38'),('2025-09-10',1563,2,1,2568,'C','1342200088375','2025-09-10 01:09:38'),('2025-09-10',1564,2,1,2568,'C','1342200088375','2025-09-10 01:09:38'),('2025-09-10',1542,3,1,2568,'C','1342200088375','2025-09-10 01:09:45'),('2025-09-10',1545,3,1,2568,'C','1342200088375','2025-09-10 01:09:45'),('2025-09-10',1546,3,1,2568,'C','1342200088375','2025-09-10 01:09:45'),('2025-09-10',1547,3,1,2568,'C','1342200088375','2025-09-10 01:09:45'),('2025-09-10',1532,4,1,2568,'C','1342200088375','2025-09-10 01:09:50'),('2025-09-10',1533,4,1,2568,'C','1342200088375','2025-09-10 01:09:50'),('2025-09-10',1543,4,1,2568,'C','1342200088375','2025-09-10 01:09:50'),('2025-09-10',1548,4,1,2568,'C','1342200088375','2025-09-10 01:09:50'),('2025-09-10',1527,5,1,2568,'C','1342200088375','2025-09-10 01:09:01'),('2025-09-10',1528,5,1,2568,'C','1342200088375','2025-09-10 01:09:01'),('2025-09-10',1534,5,1,2568,'C','1342200088375','2025-09-10 01:09:01'),('2025-09-10',1555,5,1,2568,'C','1342200088375','2025-09-10 01:09:01'),('2025-09-10',1515,7,1,2568,'C','1342200088375','2025-09-10 01:09:10'),('2025-09-10',1517,7,1,2568,'C','1342200088375','2025-09-10 01:09:10'),('2025-09-10',1520,7,1,2568,'C','1342200088375','2025-09-10 01:09:10'),('2025-09-10',1531,7,1,2568,'C','1342200088375','2025-09-10 01:09:10'),('2025-09-10',1505,8,1,2568,'C','1342200088375','2025-09-10 01:09:15'),('2025-09-10',1507,8,1,2568,'C','1342200088375','2025-09-10 01:09:15'),('2025-09-10',1508,8,1,2568,'C','1342200088375','2025-09-10 01:09:15'),('2025-09-10',1509,8,1,2568,'C','1342200088375','2025-09-10 01:09:15'),('2025-09-10',1510,8,1,2568,'C','1342200088375','2025-09-10 01:09:15'),('2025-09-10',1521,8,1,2568,'C','1342200088375','2025-09-10 01:09:15'),('2025-09-10',1500,9,1,2568,'C','1342200088375','2025-09-10 01:09:08'),('2025-09-10',1501,9,1,2568,'C','1342200088375','2025-09-10 01:09:08'),('2025-09-10',1502,9,1,2568,'C','1342200088375','2025-09-10 01:09:08'),('2025-09-11',1556,2,1,2568,'C','1342200088375','2025-09-15 01:09:51'),('2025-09-11',1557,2,1,2568,'C','1342200088375','2025-09-15 01:09:51'),('2025-09-11',1558,2,1,2568,'C','1342200088375','2025-09-15 01:09:51'),('2025-09-11',1559,2,1,2568,'C','1342200088375','2025-09-15 01:09:51'),('2025-09-11',1560,2,1,2568,'C','1342200088375','2025-09-15 01:09:51'),('2025-09-11',1561,2,1,2568,'C','1342200088375','2025-09-15 01:09:51'),('2025-09-11',1562,2,1,2568,'C','1342200088375','2025-09-15 01:09:51'),('2025-09-11',1563,2,1,2568,'C','1342200088375','2025-09-15 01:09:51'),('2025-09-11',1564,2,1,2568,'C','1342200088375','2025-09-15 01:09:51'),('2025-09-12',1556,2,1,2568,'C','1342200088375','2025-09-15 01:09:55'),('2025-09-12',1557,2,1,2568,'C','1342200088375','2025-09-15 01:09:55'),('2025-09-12',1558,2,1,2568,'C','1342200088375','2025-09-15 01:09:55'),('2025-09-12',1559,2,1,2568,'C','1342200088375','2025-09-15 01:09:55'),('2025-09-12',1560,2,1,2568,'C','1342200088375','2025-09-15 01:09:55'),('2025-09-12',1561,2,1,2568,'C','1342200088375','2025-09-15 01:09:55'),('2025-09-12',1562,2,1,2568,'C','1342200088375','2025-09-15 01:09:55'),('2025-09-12',1563,2,1,2568,'C','1342200088375','2025-09-15 01:09:55'),('2025-09-12',1564,2,1,2568,'C','1342200088375','2025-09-15 01:09:55'),('2025-09-15',1556,2,1,2568,'C','1342200088375','2025-09-15 01:09:00'),('2025-09-15',1557,2,1,2568,'C','1342200088375','2025-09-15 01:09:00'),('2025-09-15',1558,2,1,2568,'C','1342200088375','2025-09-15 01:09:00'),('2025-09-15',1559,2,1,2568,'C','1342200088375','2025-09-15 01:09:00'),('2025-09-15',1560,2,1,2568,'C','1342200088375','2025-09-15 01:09:00'),('2025-09-15',1561,2,1,2568,'C','1342200088375','2025-09-15 01:09:00'),('2025-09-15',1562,2,1,2568,'C','1342200088375','2025-09-15 01:09:00'),('2025-09-15',1563,2,1,2568,'C','1342200088375','2025-09-15 01:09:00'),('2025-09-15',1564,2,1,2568,'C','1342200088375','2025-09-15 01:09:00'),('2025-09-11',1542,3,1,2568,'C','1342200088375','2025-09-15 01:09:25'),('2025-09-11',1545,3,1,2568,'C','1342200088375','2025-09-15 01:09:25'),('2025-09-11',1546,3,1,2568,'C','1342200088375','2025-09-15 01:09:25'),('2025-09-11',1547,3,1,2568,'C','1342200088375','2025-09-15 01:09:25'),('2025-09-12',1542,3,1,2568,'C','1342200088375','2025-09-15 01:09:30'),('2025-09-12',1545,3,1,2568,'C','1342200088375','2025-09-15 01:09:30'),('2025-09-12',1546,3,1,2568,'C','1342200088375','2025-09-15 01:09:30'),('2025-09-12',1547,3,1,2568,'C','1342200088375','2025-09-15 01:09:30'),('2025-09-15',1542,3,1,2568,'C','1342200088375','2025-09-15 01:09:36'),('2025-09-15',1545,3,1,2568,'C','1342200088375','2025-09-15 01:09:36'),('2025-09-15',1546,3,1,2568,'C','1342200088375','2025-09-15 01:09:36'),('2025-09-15',1547,3,1,2568,'C','1342200088375','2025-09-15 01:09:36'),('2025-09-11',1532,4,1,2568,'C','1342200088375','2025-09-15 01:09:34'),('2025-09-11',1533,4,1,2568,'C','1342200088375','2025-09-15 01:09:34'),('2025-09-11',1543,4,1,2568,'C','1342200088375','2025-09-15 01:09:34'),('2025-09-11',1548,4,1,2568,'C','1342200088375','2025-09-15 01:09:34'),('2025-09-12',1532,4,1,2568,'C','1342200088375','2025-09-15 01:09:41'),('2025-09-12',1533,4,1,2568,'C','1342200088375','2025-09-15 01:09:41'),('2025-09-12',1543,4,1,2568,'C','1342200088375','2025-09-15 01:09:41'),('2025-09-12',1548,4,1,2568,'C','1342200088375','2025-09-15 01:09:41'),('2025-09-15',1532,4,1,2568,'C','1342200088375','2025-09-15 01:09:47'),('2025-09-15',1533,4,1,2568,'C','1342200088375','2025-09-15 01:09:47'),('2025-09-15',1543,4,1,2568,'C','1342200088375','2025-09-15 01:09:47'),('2025-09-15',1548,4,1,2568,'C','1342200088375','2025-09-15 01:09:47'),('2025-09-15',1527,5,1,2568,'C','1342200088375','2025-09-15 01:09:09'),('2025-09-15',1528,5,1,2568,'C','1342200088375','2025-09-15 01:09:09'),('2025-09-15',1534,5,1,2568,'C','1342200088375','2025-09-15 01:09:09'),('2025-09-15',1555,5,1,2568,'C','1342200088375','2025-09-15 01:09:09'),('2025-09-12',1527,5,1,2568,'C','1342200088375','2025-09-15 01:09:15'),('2025-09-12',1528,5,1,2568,'C','1342200088375','2025-09-15 01:09:15'),('2025-09-12',1534,5,1,2568,'C','1342200088375','2025-09-15 01:09:15'),('2025-09-12',1555,5,1,2568,'C','1342200088375','2025-09-15 01:09:15'),('2025-09-11',1527,5,1,2568,'C','1342200088375','2025-09-15 01:09:20'),('2025-09-11',1528,5,1,2568,'C','1342200088375','2025-09-15 01:09:20'),('2025-09-11',1534,5,1,2568,'C','1342200088375','2025-09-15 01:09:20'),('2025-09-11',1555,5,1,2568,'C','1342200088375','2025-09-15 01:09:20'),('2025-09-11',1514,6,1,2568,'C','1342200088375','2025-09-15 01:09:32'),('2025-09-11',1519,6,1,2568,'C','1342200088375','2025-09-15 01:09:32'),('2025-09-11',1524,6,1,2568,'C','1342200088375','2025-09-15 01:09:32'),('2025-09-11',1525,6,1,2568,'C','1342200088375','2025-09-15 01:09:32'),('2025-09-11',1526,6,1,2568,'C','1342200088375','2025-09-15 01:09:32'),('2025-09-11',1539,6,1,2568,'C','1342200088375','2025-09-15 01:09:32'),('2025-09-11',1551,6,1,2568,'C','1342200088375','2025-09-15 01:09:32'),('2025-09-11',1516,6,1,2568,'C','1342200088375','2025-09-15 01:09:32'),('2025-09-12',1514,6,1,2568,'C','1342200088375','2025-09-15 01:09:39'),('2025-09-12',1519,6,1,2568,'C','1342200088375','2025-09-15 01:09:39'),('2025-09-12',1524,6,1,2568,'C','1342200088375','2025-09-15 01:09:39'),('2025-09-12',1525,6,1,2568,'C','1342200088375','2025-09-15 01:09:39'),('2025-09-12',1526,6,1,2568,'C','1342200088375','2025-09-15 01:09:39'),('2025-09-12',1539,6,1,2568,'C','1342200088375','2025-09-15 01:09:39'),('2025-09-12',1551,6,1,2568,'C','1342200088375','2025-09-15 01:09:39'),('2025-09-12',1516,6,1,2568,'C','1342200088375','2025-09-15 01:09:39'),('2025-09-15',1514,6,1,2568,'C','1342200088375','2025-09-15 01:09:47'),('2025-09-15',1519,6,1,2568,'C','1342200088375','2025-09-15 01:09:47'),('2025-09-15',1524,6,1,2568,'C','1342200088375','2025-09-15 01:09:47'),('2025-09-15',1525,6,1,2568,'C','1342200088375','2025-09-15 01:09:47'),('2025-09-15',1526,6,1,2568,'C','1342200088375','2025-09-15 01:09:47'),('2025-09-15',1539,6,1,2568,'C','1342200088375','2025-09-15 01:09:47'),('2025-09-15',1551,6,1,2568,'C','1342200088375','2025-09-15 01:09:47'),('2025-09-15',1516,6,1,2568,'C','1342200088375','2025-09-15 01:09:47'),('2025-09-15',1515,7,1,2568,'C','1342200088375','2025-09-15 01:09:18'),('2025-09-15',1517,7,1,2568,'C','1342200088375','2025-09-15 01:09:18'),('2025-09-15',1520,7,1,2568,'C','1342200088375','2025-09-15 01:09:18'),('2025-09-15',1531,7,1,2568,'C','1342200088375','2025-09-15 01:09:18'),('2025-09-12',1515,7,1,2568,'C','1342200088375','2025-09-15 01:09:23'),('2025-09-12',1517,7,1,2568,'C','1342200088375','2025-09-15 01:09:23'),('2025-09-12',1520,7,1,2568,'C','1342200088375','2025-09-15 01:09:23'),('2025-09-12',1531,7,1,2568,'C','1342200088375','2025-09-15 01:09:23'),('2025-09-11',1515,7,1,2568,'C','1342200088375','2025-09-15 01:09:38'),('2025-09-11',1517,7,1,2568,'C','1342200088375','2025-09-15 01:09:38'),('2025-09-11',1520,7,1,2568,'C','1342200088375','2025-09-15 01:09:38'),('2025-09-11',1531,7,1,2568,'C','1342200088375','2025-09-15 01:09:38'),('2025-09-11',1505,8,1,2568,'C','1342200088375','2025-09-15 01:09:54'),('2025-09-11',1507,8,1,2568,'C','1342200088375','2025-09-15 01:09:54'),('2025-09-11',1508,8,1,2568,'C','1342200088375','2025-09-15 01:09:54'),('2025-09-11',1509,8,1,2568,'C','1342200088375','2025-09-15 01:09:54'),('2025-09-11',1510,8,1,2568,'C','1342200088375','2025-09-15 01:09:54'),('2025-09-11',1521,8,1,2568,'C','1342200088375','2025-09-15 01:09:54'),('2025-09-12',1505,8,1,2568,'C','1342200088375','2025-09-15 01:09:58'),('2025-09-12',1507,8,1,2568,'C','1342200088375','2025-09-15 01:09:58'),('2025-09-12',1508,8,1,2568,'C','1342200088375','2025-09-15 01:09:58'),('2025-09-12',1509,8,1,2568,'C','1342200088375','2025-09-15 01:09:58'),('2025-09-12',1510,8,1,2568,'C','1342200088375','2025-09-15 01:09:58'),('2025-09-12',1521,8,1,2568,'C','1342200088375','2025-09-15 01:09:58'),('2025-09-15',1505,8,1,2568,'C','1342200088375','2025-09-15 01:09:04'),('2025-09-15',1507,8,1,2568,'C','1342200088375','2025-09-15 01:09:04'),('2025-09-15',1508,8,1,2568,'C','1342200088375','2025-09-15 01:09:04'),('2025-09-15',1509,8,1,2568,'C','1342200088375','2025-09-15 01:09:04'),('2025-09-15',1510,8,1,2568,'C','1342200088375','2025-09-15 01:09:04'),('2025-09-15',1521,8,1,2568,'C','1342200088375','2025-09-15 01:09:04'),('2025-09-11',1500,9,1,2568,'C','1342200088375','2025-09-15 01:09:20'),('2025-09-11',1501,9,1,2568,'C','1342200088375','2025-09-15 01:09:20'),('2025-09-11',1502,9,1,2568,'C','1342200088375','2025-09-15 01:09:20'),('2025-09-12',1500,9,1,2568,'C','1342200088375','2025-09-15 01:09:25'),('2025-09-12',1501,9,1,2568,'C','1342200088375','2025-09-15 01:09:25'),('2025-09-12',1502,9,1,2568,'C','1342200088375','2025-09-15 01:09:25'),('2025-09-15',1500,9,1,2568,'C','1342200088375','2025-09-15 01:09:30'),('2025-09-15',1501,9,1,2568,'C','1342200088375','2025-09-15 01:09:30'),('2025-09-15',1502,9,1,2568,'C','1342200088375','2025-09-15 01:09:30'),('2025-09-16',1556,2,1,2568,'C','1342200088375','2025-09-16 09:09:28'),('2025-09-16',1557,2,1,2568,'C','1342200088375','2025-09-16 09:09:28'),('2025-09-16',1558,2,1,2568,'C','1342200088375','2025-09-16 09:09:28'),('2025-09-16',1559,2,1,2568,'C','1342200088375','2025-09-16 09:09:28'),('2025-09-16',1560,2,1,2568,'C','1342200088375','2025-09-16 09:09:28'),('2025-09-16',1561,2,1,2568,'C','1342200088375','2025-09-16 09:09:28'),('2025-09-16',1562,2,1,2568,'C','1342200088375','2025-09-16 09:09:28'),('2025-09-16',1563,2,1,2568,'C','1342200088375','2025-09-16 09:09:28'),('2025-09-16',1564,2,1,2568,'C','1342200088375','2025-09-16 09:09:28'),('2025-09-16',1542,3,1,2568,'C','1342200088375','2025-09-16 09:09:35'),('2025-09-16',1545,3,1,2568,'C','1342200088375','2025-09-16 09:09:35'),('2025-09-16',1546,3,1,2568,'C','1342200088375','2025-09-16 09:09:35'),('2025-09-16',1547,3,1,2568,'C','1342200088375','2025-09-16 09:09:35'),('2025-09-16',1532,4,1,2568,'C','1342200088375','2025-09-16 09:09:47'),('2025-09-16',1533,4,1,2568,'C','1342200088375','2025-09-16 09:09:47'),('2025-09-16',1543,4,1,2568,'C','1342200088375','2025-09-16 09:09:47'),('2025-09-16',1548,4,1,2568,'C','1342200088375','2025-09-16 09:09:47'),('2025-09-16',1527,5,1,2568,'C','1342200088375','2025-09-16 09:09:55'),('2025-09-16',1528,5,1,2568,'C','1342200088375','2025-09-16 09:09:55'),('2025-09-16',1534,5,1,2568,'C','1342200088375','2025-09-16 09:09:55'),('2025-09-16',1555,5,1,2568,'C','1342200088375','2025-09-16 09:09:55'),('2025-09-16',1514,6,1,2568,'C','1342200088375','2025-09-16 09:09:00'),('2025-09-16',1519,6,1,2568,'C','1342200088375','2025-09-16 09:09:00'),('2025-09-16',1524,6,1,2568,'C','1342200088375','2025-09-16 09:09:00'),('2025-09-16',1525,6,1,2568,'C','1342200088375','2025-09-16 09:09:00'),('2025-09-16',1526,6,1,2568,'C','1342200088375','2025-09-16 09:09:00'),('2025-09-16',1539,6,1,2568,'C','1342200088375','2025-09-16 09:09:00'),('2025-09-16',1551,6,1,2568,'C','1342200088375','2025-09-16 09:09:00'),('2025-09-16',1516,6,1,2568,'C','1342200088375','2025-09-16 09:09:00'),('2025-09-16',1515,7,1,2568,'C','1342200088375','2025-09-16 09:09:11'),('2025-09-16',1517,7,1,2568,'C','1342200088375','2025-09-16 09:09:11'),('2025-09-16',1520,7,1,2568,'C','1342200088375','2025-09-16 09:09:11'),('2025-09-16',1531,7,1,2568,'C','1342200088375','2025-09-16 09:09:11'),('2025-09-16',1505,8,1,2568,'C','1342200088375','2025-09-16 09:09:36'),('2025-09-16',1507,8,1,2568,'C','1342200088375','2025-09-16 09:09:36'),('2025-09-16',1508,8,1,2568,'C','1342200088375','2025-09-16 09:09:36'),('2025-09-16',1509,8,1,2568,'C','1342200088375','2025-09-16 09:09:36'),('2025-09-16',1510,8,1,2568,'C','1342200088375','2025-09-16 09:09:36'),('2025-09-16',1521,8,1,2568,'C','1342200088375','2025-09-16 09:09:36'),('2025-09-16',1500,9,1,2568,'C','1342200088375','2025-09-16 09:09:43'),('2025-09-16',1501,9,1,2568,'C','1342200088375','2025-09-16 09:09:43'),('2025-09-16',1502,9,1,2568,'C','1342200088375','2025-09-16 09:09:43'),('2025-09-17',1556,2,1,2568,'C','1342200088375','2025-09-17 09:09:40'),('2025-09-17',1557,2,1,2568,'C','1342200088375','2025-09-17 09:09:40'),('2025-09-17',1558,2,1,2568,'C','1342200088375','2025-09-17 09:09:40'),('2025-09-17',1559,2,1,2568,'C','1342200088375','2025-09-17 09:09:40'),('2025-09-17',1560,2,1,2568,'C','1342200088375','2025-09-17 09:09:40'),('2025-09-17',1561,2,1,2568,'C','1342200088375','2025-09-17 09:09:40'),('2025-09-17',1562,2,1,2568,'C','1342200088375','2025-09-17 09:09:40'),('2025-09-17',1563,2,1,2568,'C','1342200088375','2025-09-17 09:09:40'),('2025-09-17',1564,2,1,2568,'C','1342200088375','2025-09-17 09:09:40'),('2025-09-17',1542,3,1,2568,'C','1342200088375','2025-09-17 09:09:39'),('2025-09-17',1545,3,1,2568,'C','1342200088375','2025-09-17 09:09:39'),('2025-09-17',1546,3,1,2568,'C','1342200088375','2025-09-17 09:09:39'),('2025-09-17',1547,3,1,2568,'C','1342200088375','2025-09-17 09:09:39'),('2025-09-17',1532,4,1,2568,'C','1342200088375','2025-09-17 09:09:44'),('2025-09-17',1533,4,1,2568,'C','1342200088375','2025-09-17 09:09:44'),('2025-09-17',1543,4,1,2568,'C','1342200088375','2025-09-17 09:09:44'),('2025-09-17',1548,4,1,2568,'C','1342200088375','2025-09-17 09:09:44'),('2025-09-17',1527,5,1,2568,'C','1342200088375','2025-09-17 09:09:49'),('2025-09-17',1528,5,1,2568,'C','1342200088375','2025-09-17 09:09:49'),('2025-09-17',1534,5,1,2568,'C','1342200088375','2025-09-17 09:09:49'),('2025-09-17',1555,5,1,2568,'C','1342200088375','2025-09-17 09:09:49'),('2025-09-17',1514,6,1,2568,'C','1342200088375','2025-09-17 09:09:55'),('2025-09-17',1519,6,1,2568,'C','1342200088375','2025-09-17 09:09:55'),('2025-09-17',1524,6,1,2568,'C','1342200088375','2025-09-17 09:09:55'),('2025-09-17',1525,6,1,2568,'C','1342200088375','2025-09-17 09:09:55'),('2025-09-17',1526,6,1,2568,'C','1342200088375','2025-09-17 09:09:55'),('2025-09-17',1539,6,1,2568,'C','1342200088375','2025-09-17 09:09:55'),('2025-09-17',1551,6,1,2568,'C','1342200088375','2025-09-17 09:09:55'),('2025-09-17',1516,6,1,2568,'C','1342200088375','2025-09-17 09:09:55'),('2025-09-17',1515,7,1,2568,'C','1342200088375','2025-09-17 09:09:00'),('2025-09-17',1517,7,1,2568,'C','1342200088375','2025-09-17 09:09:00'),('2025-09-17',1520,7,1,2568,'C','1342200088375','2025-09-17 09:09:00'),('2025-09-17',1531,7,1,2568,'C','1342200088375','2025-09-17 09:09:00'),('2025-09-17',1505,8,1,2568,'C','1342200088375','2025-09-17 09:09:05'),('2025-09-17',1507,8,1,2568,'C','1342200088375','2025-09-17 09:09:05'),('2025-09-17',1508,8,1,2568,'C','1342200088375','2025-09-17 09:09:05'),('2025-09-17',1509,8,1,2568,'C','1342200088375','2025-09-17 09:09:05'),('2025-09-17',1510,8,1,2568,'C','1342200088375','2025-09-17 09:09:05'),('2025-09-17',1521,8,1,2568,'C','1342200088375','2025-09-17 09:09:05'),('2025-09-17',1500,9,1,2568,'C','1342200088375','2025-09-17 09:09:11'),('2025-09-17',1501,9,1,2568,'C','1342200088375','2025-09-17 09:09:11'),('2025-09-17',1502,9,1,2568,'C','1342200088375','2025-09-17 09:09:11'),('2025-09-22',1556,2,1,2568,'C','1342200088375','2025-09-22 02:09:39'),('2025-09-22',1557,2,1,2568,'C','1342200088375','2025-09-22 02:09:39'),('2025-09-22',1558,2,1,2568,'C','1342200088375','2025-09-22 02:09:39'),('2025-09-22',1559,2,1,2568,'C','1342200088375','2025-09-22 02:09:39'),('2025-09-22',1560,2,1,2568,'C','1342200088375','2025-09-22 02:09:39'),('2025-09-22',1561,2,1,2568,'C','1342200088375','2025-09-22 02:09:39'),('2025-09-22',1562,2,1,2568,'C','1342200088375','2025-09-22 02:09:39'),('2025-09-22',1563,2,1,2568,'C','1342200088375','2025-09-22 02:09:39'),('2025-09-22',1564,2,1,2568,'C','1342200088375','2025-09-22 02:09:39'),('2025-09-19',1556,2,1,2568,'C','1342200088375','2025-09-22 02:09:46'),('2025-09-19',1557,2,1,2568,'C','1342200088375','2025-09-22 02:09:46'),('2025-09-19',1558,2,1,2568,'C','1342200088375','2025-09-22 02:09:46'),('2025-09-19',1559,2,1,2568,'C','1342200088375','2025-09-22 02:09:46'),('2025-09-19',1560,2,1,2568,'C','1342200088375','2025-09-22 02:09:46'),('2025-09-19',1561,2,1,2568,'C','1342200088375','2025-09-22 02:09:46'),('2025-09-19',1562,2,1,2568,'C','1342200088375','2025-09-22 02:09:46'),('2025-09-19',1563,2,1,2568,'C','1342200088375','2025-09-22 02:09:46'),('2025-09-19',1564,2,1,2568,'C','1342200088375','2025-09-22 02:09:46'),('2025-09-18',1556,2,1,2568,'C','1342200088375','2025-09-22 02:09:50'),('2025-09-18',1557,2,1,2568,'C','1342200088375','2025-09-22 02:09:50'),('2025-09-18',1558,2,1,2568,'C','1342200088375','2025-09-22 02:09:50'),('2025-09-18',1559,2,1,2568,'C','1342200088375','2025-09-22 02:09:50'),('2025-09-18',1560,2,1,2568,'C','1342200088375','2025-09-22 02:09:50'),('2025-09-18',1561,2,1,2568,'C','1342200088375','2025-09-22 02:09:50'),('2025-09-18',1562,2,1,2568,'C','1342200088375','2025-09-22 02:09:50'),('2025-09-18',1563,2,1,2568,'C','1342200088375','2025-09-22 02:09:50'),('2025-09-18',1564,2,1,2568,'C','1342200088375','2025-09-22 02:09:50'),('2025-09-22',1542,3,1,2568,'C','1342200088375','2025-09-22 02:09:05'),('2025-09-22',1545,3,1,2568,'C','1342200088375','2025-09-22 02:09:05'),('2025-09-22',1546,3,1,2568,'C','1342200088375','2025-09-22 02:09:05'),('2025-09-22',1547,3,1,2568,'C','1342200088375','2025-09-22 02:09:05'),('2025-09-19',1542,3,1,2568,'C','1342200088375','2025-09-22 02:09:10'),('2025-09-19',1545,3,1,2568,'C','1342200088375','2025-09-22 02:09:10'),('2025-09-19',1546,3,1,2568,'C','1342200088375','2025-09-22 02:09:10'),('2025-09-19',1547,3,1,2568,'C','1342200088375','2025-09-22 02:09:10'),('2025-09-18',1542,3,1,2568,'C','1342200088375','2025-09-22 02:09:14'),('2025-09-18',1545,3,1,2568,'C','1342200088375','2025-09-22 02:09:14'),('2025-09-18',1546,3,1,2568,'C','1342200088375','2025-09-22 02:09:14'),('2025-09-18',1547,3,1,2568,'C','1342200088375','2025-09-22 02:09:14'),('2025-09-22',1532,4,1,2568,'C','1342200088375','2025-09-22 02:09:31'),('2025-09-22',1533,4,1,2568,'C','1342200088375','2025-09-22 02:09:31'),('2025-09-22',1543,4,1,2568,'C','1342200088375','2025-09-22 02:09:31'),('2025-09-22',1548,4,1,2568,'C','1342200088375','2025-09-22 02:09:31'),('2025-09-19',1532,4,1,2568,'C','1342200088375','2025-09-22 02:09:36'),('2025-09-19',1533,4,1,2568,'C','1342200088375','2025-09-22 02:09:36'),('2025-09-19',1543,4,1,2568,'C','1342200088375','2025-09-22 02:09:36'),('2025-09-19',1548,4,1,2568,'C','1342200088375','2025-09-22 02:09:36'),('2025-09-18',1532,4,1,2568,'C','1342200088375','2025-09-22 02:09:41'),('2025-09-18',1533,4,1,2568,'C','1342200088375','2025-09-22 02:09:41'),('2025-09-18',1543,4,1,2568,'C','1342200088375','2025-09-22 02:09:41'),('2025-09-18',1548,4,1,2568,'C','1342200088375','2025-09-22 02:09:41'),('2025-09-22',1527,5,1,2568,'C','1342200088375','2025-09-22 02:09:50'),('2025-09-22',1528,5,1,2568,'C','1342200088375','2025-09-22 02:09:50'),('2025-09-22',1534,5,1,2568,'C','1342200088375','2025-09-22 02:09:50'),('2025-09-22',1555,5,1,2568,'C','1342200088375','2025-09-22 02:09:50'),('2025-09-19',1527,5,1,2568,'C','1342200088375','2025-09-22 02:09:55'),('2025-09-19',1528,5,1,2568,'C','1342200088375','2025-09-22 02:09:55'),('2025-09-19',1534,5,1,2568,'C','1342200088375','2025-09-22 02:09:55'),('2025-09-19',1555,5,1,2568,'C','1342200088375','2025-09-22 02:09:55'),('2025-09-18',1527,5,1,2568,'C','1342200088375','2025-09-22 02:09:59'),('2025-09-18',1528,5,1,2568,'C','1342200088375','2025-09-22 02:09:59'),('2025-09-18',1534,5,1,2568,'C','1342200088375','2025-09-22 02:09:59'),('2025-09-18',1555,5,1,2568,'C','1342200088375','2025-09-22 02:09:59'),('2025-09-22',1514,6,1,2568,'C','1342200088375','2025-09-22 02:09:08'),('2025-09-22',1519,6,1,2568,'C','1342200088375','2025-09-22 02:09:08'),('2025-09-22',1524,6,1,2568,'C','1342200088375','2025-09-22 02:09:08'),('2025-09-22',1525,6,1,2568,'C','1342200088375','2025-09-22 02:09:08'),('2025-09-22',1526,6,1,2568,'C','1342200088375','2025-09-22 02:09:08'),('2025-09-22',1539,6,1,2568,'C','1342200088375','2025-09-22 02:09:08'),('2025-09-22',1551,6,1,2568,'C','1342200088375','2025-09-22 02:09:08'),('2025-09-22',1516,6,1,2568,'C','1342200088375','2025-09-22 02:09:08'),('2025-09-19',1514,6,1,2568,'C','1342200088375','2025-09-22 02:09:13'),('2025-09-19',1519,6,1,2568,'C','1342200088375','2025-09-22 02:09:13'),('2025-09-19',1524,6,1,2568,'C','1342200088375','2025-09-22 02:09:13'),('2025-09-19',1525,6,1,2568,'C','1342200088375','2025-09-22 02:09:13'),('2025-09-19',1526,6,1,2568,'C','1342200088375','2025-09-22 02:09:13'),('2025-09-19',1539,6,1,2568,'C','1342200088375','2025-09-22 02:09:13'),('2025-09-19',1551,6,1,2568,'C','1342200088375','2025-09-22 02:09:13'),('2025-09-19',1516,6,1,2568,'C','1342200088375','2025-09-22 02:09:13'),('2025-09-18',1514,6,1,2568,'C','1342200088375','2025-09-22 02:09:18'),('2025-09-18',1519,6,1,2568,'C','1342200088375','2025-09-22 02:09:18'),('2025-09-18',1524,6,1,2568,'C','1342200088375','2025-09-22 02:09:18'),('2025-09-18',1525,6,1,2568,'C','1342200088375','2025-09-22 02:09:18'),('2025-09-18',1526,6,1,2568,'C','1342200088375','2025-09-22 02:09:18'),('2025-09-18',1539,6,1,2568,'C','1342200088375','2025-09-22 02:09:18'),('2025-09-18',1551,6,1,2568,'C','1342200088375','2025-09-22 02:09:18'),('2025-09-18',1516,6,1,2568,'C','1342200088375','2025-09-22 02:09:18'),('2025-09-22',1515,7,1,2568,'C','1342200088375','2025-09-22 02:09:39'),('2025-09-22',1517,7,1,2568,'C','1342200088375','2025-09-22 02:09:39'),('2025-09-22',1520,7,1,2568,'C','1342200088375','2025-09-22 02:09:39'),('2025-09-22',1531,7,1,2568,'C','1342200088375','2025-09-22 02:09:39'),('2025-09-19',1515,7,1,2568,'C','1342200088375','2025-09-22 02:09:59'),('2025-09-19',1517,7,1,2568,'C','1342200088375','2025-09-22 02:09:59'),('2025-09-19',1520,7,1,2568,'C','1342200088375','2025-09-22 02:09:59'),('2025-09-19',1531,7,1,2568,'C','1342200088375','2025-09-22 02:09:59'),('2025-09-18',1515,7,1,2568,'C','1342200088375','2025-09-22 02:09:04'),('2025-09-18',1517,7,1,2568,'C','1342200088375','2025-09-22 02:09:04'),('2025-09-18',1520,7,1,2568,'C','1342200088375','2025-09-22 02:09:04'),('2025-09-18',1531,7,1,2568,'C','1342200088375','2025-09-22 02:09:04'),('2025-09-22',1505,8,1,2568,'C','1342200088375','2025-09-22 02:09:14'),('2025-09-22',1507,8,1,2568,'C','1342200088375','2025-09-22 02:09:14'),('2025-09-22',1508,8,1,2568,'C','1342200088375','2025-09-22 02:09:14'),('2025-09-22',1509,8,1,2568,'C','1342200088375','2025-09-22 02:09:14'),('2025-09-22',1510,8,1,2568,'C','1342200088375','2025-09-22 02:09:14'),('2025-09-22',1521,8,1,2568,'C','1342200088375','2025-09-22 02:09:14'),('2025-09-19',1505,8,1,2568,'C','1342200088375','2025-09-22 02:09:19'),('2025-09-19',1507,8,1,2568,'C','1342200088375','2025-09-22 02:09:19'),('2025-09-19',1508,8,1,2568,'C','1342200088375','2025-09-22 02:09:19'),('2025-09-19',1509,8,1,2568,'C','1342200088375','2025-09-22 02:09:19'),('2025-09-19',1510,8,1,2568,'C','1342200088375','2025-09-22 02:09:19'),('2025-09-19',1521,8,1,2568,'C','1342200088375','2025-09-22 02:09:19'),('2025-09-18',1505,8,1,2568,'C','1342200088375','2025-09-22 02:09:24'),('2025-09-18',1507,8,1,2568,'C','1342200088375','2025-09-22 02:09:24'),('2025-09-18',1508,8,1,2568,'C','1342200088375','2025-09-22 02:09:24'),('2025-09-18',1509,8,1,2568,'C','1342200088375','2025-09-22 02:09:24'),('2025-09-18',1510,8,1,2568,'C','1342200088375','2025-09-22 02:09:24'),('2025-09-18',1521,8,1,2568,'C','1342200088375','2025-09-22 02:09:24'),('2025-09-22',1500,9,1,2568,'C','1342200088375','2025-09-22 02:09:33'),('2025-09-22',1501,9,1,2568,'C','1342200088375','2025-09-22 02:09:33'),('2025-09-22',1502,9,1,2568,'C','1342200088375','2025-09-22 02:09:33'),('2025-09-19',1500,9,1,2568,'C','1342200088375','2025-09-22 02:09:38'),('2025-09-19',1501,9,1,2568,'C','1342200088375','2025-09-22 02:09:38'),('2025-09-19',1502,9,1,2568,'C','1342200088375','2025-09-22 02:09:38'),('2025-09-18',1500,9,1,2568,'C','1342200088375','2025-09-22 02:09:43'),('2025-09-18',1501,9,1,2568,'C','1342200088375','2025-09-22 02:09:43'),('2025-09-18',1502,9,1,2568,'C','1342200088375','2025-09-22 02:09:43'),('2025-09-23',1556,2,1,2568,'C','1342200088375','2025-09-23 09:09:23'),('2025-09-23',1557,2,1,2568,'C','1342200088375','2025-09-23 09:09:23'),('2025-09-23',1558,2,1,2568,'C','1342200088375','2025-09-23 09:09:23'),('2025-09-23',1559,2,1,2568,'C','1342200088375','2025-09-23 09:09:23'),('2025-09-23',1560,2,1,2568,'C','1342200088375','2025-09-23 09:09:23'),('2025-09-23',1561,2,1,2568,'C','1342200088375','2025-09-23 09:09:23'),('2025-09-23',1562,2,1,2568,'C','1342200088375','2025-09-23 09:09:23'),('2025-09-23',1563,2,1,2568,'C','1342200088375','2025-09-23 09:09:23'),('2025-09-23',1564,2,1,2568,'C','1342200088375','2025-09-23 09:09:23'),('2025-09-23',1542,3,1,2568,'C','1342200088375','2025-09-23 09:09:30'),('2025-09-23',1545,3,1,2568,'C','1342200088375','2025-09-23 09:09:30'),('2025-09-23',1546,3,1,2568,'C','1342200088375','2025-09-23 09:09:30'),('2025-09-23',1547,3,1,2568,'C','1342200088375','2025-09-23 09:09:30'),('2025-09-23',1532,4,1,2568,'C','1342200088375','2025-09-23 09:09:35'),('2025-09-23',1533,4,1,2568,'C','1342200088375','2025-09-23 09:09:35'),('2025-09-23',1543,4,1,2568,'C','1342200088375','2025-09-23 09:09:35'),('2025-09-23',1548,4,1,2568,'C','1342200088375','2025-09-23 09:09:35'),('2025-09-23',1527,5,1,2568,'C','1342200088375','2025-09-23 09:09:41'),('2025-09-23',1528,5,1,2568,'C','1342200088375','2025-09-23 09:09:41'),('2025-09-23',1534,5,1,2568,'C','1342200088375','2025-09-23 09:09:41'),('2025-09-23',1555,5,1,2568,'C','1342200088375','2025-09-23 09:09:41'),('2025-09-23',1514,6,1,2568,'C','1342200088375','2025-09-23 09:09:48'),('2025-09-23',1519,6,1,2568,'C','1342200088375','2025-09-23 09:09:48'),('2025-09-23',1524,6,1,2568,'C','1342200088375','2025-09-23 09:09:48'),('2025-09-23',1525,6,1,2568,'C','1342200088375','2025-09-23 09:09:48'),('2025-09-23',1526,6,1,2568,'C','1342200088375','2025-09-23 09:09:48'),('2025-09-23',1539,6,1,2568,'C','1342200088375','2025-09-23 09:09:48'),('2025-09-23',1551,6,1,2568,'C','1342200088375','2025-09-23 09:09:48'),('2025-09-23',1516,6,1,2568,'C','1342200088375','2025-09-23 09:09:48'),('2025-09-23',1515,7,1,2568,'C','1342200088375','2025-09-23 09:09:46'),('2025-09-23',1517,7,1,2568,'C','1342200088375','2025-09-23 09:09:46'),('2025-09-23',1520,7,1,2568,'C','1342200088375','2025-09-23 09:09:46'),('2025-09-23',1531,7,1,2568,'C','1342200088375','2025-09-23 09:09:46'),('2025-09-23',1505,8,1,2568,'C','1342200088375','2025-09-23 09:09:17'),('2025-09-23',1507,8,1,2568,'C','1342200088375','2025-09-23 09:09:17'),('2025-09-23',1508,8,1,2568,'C','1342200088375','2025-09-23 09:09:17'),('2025-09-23',1509,8,1,2568,'C','1342200088375','2025-09-23 09:09:17'),('2025-09-23',1510,8,1,2568,'C','1342200088375','2025-09-23 09:09:17'),('2025-09-23',1521,8,1,2568,'C','1342200088375','2025-09-23 09:09:17'),('2025-09-23',1500,9,1,2568,'C','1342200088375','2025-09-23 09:09:14'),('2025-09-23',1501,9,1,2568,'C','1342200088375','2025-09-23 09:09:14'),('2025-09-23',1502,9,1,2568,'C','1342200088375','2025-09-23 09:09:14'),('2025-09-24',1556,2,1,2568,'C','1342200088375','2025-09-24 02:09:16'),('2025-09-24',1557,2,1,2568,'C','1342200088375','2025-09-24 02:09:16'),('2025-09-24',1558,2,1,2568,'C','1342200088375','2025-09-24 02:09:16'),('2025-09-24',1559,2,1,2568,'C','1342200088375','2025-09-24 02:09:16'),('2025-09-24',1560,2,1,2568,'C','1342200088375','2025-09-24 02:09:16'),('2025-09-24',1561,2,1,2568,'C','1342200088375','2025-09-24 02:09:16'),('2025-09-24',1562,2,1,2568,'C','1342200088375','2025-09-24 02:09:16'),('2025-09-24',1563,2,1,2568,'C','1342200088375','2025-09-24 02:09:16'),('2025-09-24',1564,2,1,2568,'C','1342200088375','2025-09-24 02:09:16'),('2025-09-24',1542,3,1,2568,'C','1342200088375','2025-09-24 02:09:21'),('2025-09-24',1545,3,1,2568,'C','1342200088375','2025-09-24 02:09:21'),('2025-09-24',1546,3,1,2568,'C','1342200088375','2025-09-24 02:09:21'),('2025-09-24',1547,3,1,2568,'C','1342200088375','2025-09-24 02:09:21'),('2025-09-24',1532,4,1,2568,'C','1342200088375','2025-09-24 02:09:26'),('2025-09-24',1533,4,1,2568,'C','1342200088375','2025-09-24 02:09:26'),('2025-09-24',1543,4,1,2568,'C','1342200088375','2025-09-24 02:09:26'),('2025-09-24',1548,4,1,2568,'C','1342200088375','2025-09-24 02:09:26'),('2025-09-24',1527,5,1,2568,'C','1342200088375','2025-09-24 02:09:31'),('2025-09-24',1528,5,1,2568,'C','1342200088375','2025-09-24 02:09:31'),('2025-09-24',1534,5,1,2568,'C','1342200088375','2025-09-24 02:09:31'),('2025-09-24',1555,5,1,2568,'C','1342200088375','2025-09-24 02:09:31'),('2025-09-24',1514,6,1,2568,'C','1342200088375','2025-09-24 02:09:36'),('2025-09-24',1519,6,1,2568,'C','1342200088375','2025-09-24 02:09:36'),('2025-09-24',1524,6,1,2568,'C','1342200088375','2025-09-24 02:09:36'),('2025-09-24',1525,6,1,2568,'C','1342200088375','2025-09-24 02:09:36'),('2025-09-24',1526,6,1,2568,'C','1342200088375','2025-09-24 02:09:36'),('2025-09-24',1539,6,1,2568,'C','1342200088375','2025-09-24 02:09:36'),('2025-09-24',1551,6,1,2568,'C','1342200088375','2025-09-24 02:09:36'),('2025-09-24',1516,6,1,2568,'C','1342200088375','2025-09-24 02:09:36'),('2025-09-24',1515,7,1,2568,'C','1342200088375','2025-09-24 02:09:43'),('2025-09-24',1517,7,1,2568,'C','1342200088375','2025-09-24 02:09:43'),('2025-09-24',1520,7,1,2568,'C','1342200088375','2025-09-24 02:09:43'),('2025-09-24',1531,7,1,2568,'C','1342200088375','2025-09-24 02:09:43'),('2025-09-24',1505,8,1,2568,'C','1342200088375','2025-09-24 02:09:49'),('2025-09-24',1507,8,1,2568,'C','1342200088375','2025-09-24 02:09:49'),('2025-09-24',1508,8,1,2568,'C','1342200088375','2025-09-24 02:09:49'),('2025-09-24',1509,8,1,2568,'C','1342200088375','2025-09-24 02:09:49'),('2025-09-24',1510,8,1,2568,'C','1342200088375','2025-09-24 02:09:49'),('2025-09-24',1521,8,1,2568,'C','1342200088375','2025-09-24 02:09:49'),('2025-09-24',1500,9,1,2568,'C','1342200088375','2025-09-24 02:09:58'),('2025-09-24',1501,9,1,2568,'C','1342200088375','2025-09-24 02:09:58'),('2025-09-24',1502,9,1,2568,'C','1342200088375','2025-09-24 02:09:58'),('2025-09-25',1556,2,1,2568,'C','1342200088375','2025-09-26 10:09:08'),('2025-09-25',1557,2,1,2568,'C','1342200088375','2025-09-26 10:09:08'),('2025-09-25',1558,2,1,2568,'C','1342200088375','2025-09-26 10:09:08'),('2025-09-25',1559,2,1,2568,'C','1342200088375','2025-09-26 10:09:08'),('2025-09-25',1560,2,1,2568,'C','1342200088375','2025-09-26 10:09:08'),('2025-09-25',1561,2,1,2568,'C','1342200088375','2025-09-26 10:09:08'),('2025-09-25',1562,2,1,2568,'C','1342200088375','2025-09-26 10:09:08'),('2025-09-25',1563,2,1,2568,'C','1342200088375','2025-09-26 10:09:08'),('2025-09-25',1564,2,1,2568,'C','1342200088375','2025-09-26 10:09:08'),('2025-09-26',1556,2,1,2568,'C','1342200088375','2025-09-26 10:09:14'),('2025-09-26',1557,2,1,2568,'C','1342200088375','2025-09-26 10:09:14'),('2025-09-26',1558,2,1,2568,'C','1342200088375','2025-09-26 10:09:14'),('2025-09-26',1559,2,1,2568,'C','1342200088375','2025-09-26 10:09:14'),('2025-09-26',1560,2,1,2568,'C','1342200088375','2025-09-26 10:09:14'),('2025-09-26',1561,2,1,2568,'C','1342200088375','2025-09-26 10:09:14'),('2025-09-26',1562,2,1,2568,'C','1342200088375','2025-09-26 10:09:14'),('2025-09-26',1563,2,1,2568,'C','1342200088375','2025-09-26 10:09:14'),('2025-09-26',1564,2,1,2568,'C','1342200088375','2025-09-26 10:09:14'),('2025-09-26',1542,3,1,2568,'C','1342200088375','2025-09-26 10:09:22'),('2025-09-26',1545,3,1,2568,'C','1342200088375','2025-09-26 10:09:22'),('2025-09-26',1546,3,1,2568,'C','1342200088375','2025-09-26 10:09:22'),('2025-09-26',1547,3,1,2568,'C','1342200088375','2025-09-26 10:09:22'),('2025-09-25',1542,3,1,2568,'C','1342200088375','2025-09-26 10:09:26'),('2025-09-25',1545,3,1,2568,'C','1342200088375','2025-09-26 10:09:26'),('2025-09-25',1546,3,1,2568,'C','1342200088375','2025-09-26 10:09:26'),('2025-09-25',1547,3,1,2568,'C','1342200088375','2025-09-26 10:09:26'),('2025-09-26',1532,4,1,2568,'C','1342200088375','2025-09-26 10:09:35'),('2025-09-26',1533,4,1,2568,'C','1342200088375','2025-09-26 10:09:35'),('2025-09-26',1543,4,1,2568,'C','1342200088375','2025-09-26 10:09:35'),('2025-09-26',1548,4,1,2568,'C','1342200088375','2025-09-26 10:09:35'),('2025-09-25',1532,4,1,2568,'C','1342200088375','2025-09-26 10:09:40'),('2025-09-25',1533,4,1,2568,'C','1342200088375','2025-09-26 10:09:40'),('2025-09-25',1543,4,1,2568,'C','1342200088375','2025-09-26 10:09:40'),('2025-09-25',1548,4,1,2568,'C','1342200088375','2025-09-26 10:09:40'),('2025-09-26',1527,5,1,2568,'C','1342200088375','2025-09-26 10:09:49'),('2025-09-26',1528,5,1,2568,'C','1342200088375','2025-09-26 10:09:49'),('2025-09-26',1534,5,1,2568,'C','1342200088375','2025-09-26 10:09:49'),('2025-09-26',1555,5,1,2568,'C','1342200088375','2025-09-26 10:09:49'),('2025-09-25',1527,5,1,2568,'C','1342200088375','2025-09-26 10:09:54'),('2025-09-25',1528,5,1,2568,'C','1342200088375','2025-09-26 10:09:54'),('2025-09-25',1534,5,1,2568,'C','1342200088375','2025-09-26 10:09:54'),('2025-09-25',1555,5,1,2568,'C','1342200088375','2025-09-26 10:09:54'),('2025-09-26',1514,6,1,2568,'C','1342200088375','2025-09-26 10:09:06'),('2025-09-26',1519,6,1,2568,'C','1342200088375','2025-09-26 10:09:06'),('2025-09-26',1524,6,1,2568,'C','1342200088375','2025-09-26 10:09:06'),('2025-09-26',1525,6,1,2568,'C','1342200088375','2025-09-26 10:09:06'),('2025-09-26',1526,6,1,2568,'C','1342200088375','2025-09-26 10:09:06'),('2025-09-26',1539,6,1,2568,'C','1342200088375','2025-09-26 10:09:06'),('2025-09-26',1551,6,1,2568,'C','1342200088375','2025-09-26 10:09:06'),('2025-09-26',1516,6,1,2568,'C','1342200088375','2025-09-26 10:09:06'),('2025-09-25',1514,6,1,2568,'C','1342200088375','2025-09-26 10:09:11'),('2025-09-25',1519,6,1,2568,'C','1342200088375','2025-09-26 10:09:11'),('2025-09-25',1524,6,1,2568,'C','1342200088375','2025-09-26 10:09:11'),('2025-09-25',1525,6,1,2568,'C','1342200088375','2025-09-26 10:09:11'),('2025-09-25',1526,6,1,2568,'C','1342200088375','2025-09-26 10:09:11'),('2025-09-25',1539,6,1,2568,'C','1342200088375','2025-09-26 10:09:11'),('2025-09-25',1551,6,1,2568,'C','1342200088375','2025-09-26 10:09:11'),('2025-09-25',1516,6,1,2568,'C','1342200088375','2025-09-26 10:09:11'),('2025-09-26',1515,7,1,2568,'C','1342200088375','2025-09-26 10:09:20'),('2025-09-26',1517,7,1,2568,'C','1342200088375','2025-09-26 10:09:20'),('2025-09-26',1520,7,1,2568,'C','1342200088375','2025-09-26 10:09:20'),('2025-09-26',1531,7,1,2568,'C','1342200088375','2025-09-26 10:09:20'),('2025-09-25',1515,7,1,2568,'C','1342200088375','2025-09-26 10:09:25'),('2025-09-25',1517,7,1,2568,'C','1342200088375','2025-09-26 10:09:25'),('2025-09-25',1520,7,1,2568,'C','1342200088375','2025-09-26 10:09:25'),('2025-09-25',1531,7,1,2568,'C','1342200088375','2025-09-26 10:09:25'),('2025-09-26',1505,8,1,2568,'C','1342200088375','2025-09-26 10:09:33'),('2025-09-26',1507,8,1,2568,'C','1342200088375','2025-09-26 10:09:33'),('2025-09-26',1508,8,1,2568,'C','1342200088375','2025-09-26 10:09:33'),('2025-09-26',1509,8,1,2568,'C','1342200088375','2025-09-26 10:09:33'),('2025-09-26',1510,8,1,2568,'C','1342200088375','2025-09-26 10:09:33'),('2025-09-26',1521,8,1,2568,'C','1342200088375','2025-09-26 10:09:33'),('2025-09-25',1505,8,1,2568,'C','1342200088375','2025-09-26 10:09:38'),('2025-09-25',1507,8,1,2568,'C','1342200088375','2025-09-26 10:09:38'),('2025-09-25',1508,8,1,2568,'C','1342200088375','2025-09-26 10:09:38'),('2025-09-25',1509,8,1,2568,'C','1342200088375','2025-09-26 10:09:38'),('2025-09-25',1510,8,1,2568,'C','1342200088375','2025-09-26 10:09:38'),('2025-09-25',1521,8,1,2568,'C','1342200088375','2025-09-26 10:09:38'),('2025-09-26',1500,9,1,2568,'C','1342200088375','2025-09-26 10:09:45'),('2025-09-26',1501,9,1,2568,'C','1342200088375','2025-09-26 10:09:45'),('2025-09-26',1502,9,1,2568,'C','1342200088375','2025-09-26 10:09:45'),('2025-09-25',1500,9,1,2568,'C','1342200088375','2025-09-26 10:09:49'),('2025-09-25',1501,9,1,2568,'C','1342200088375','2025-09-26 10:09:49'),('2025-09-25',1502,9,1,2568,'C','1342200088375','2025-09-26 10:09:49'),('2025-09-29',1556,2,1,2568,'C','1342200088375','2025-09-30 08:09:47'),('2025-09-29',1557,2,1,2568,'C','1342200088375','2025-09-30 08:09:47'),('2025-09-29',1558,2,1,2568,'C','1342200088375','2025-09-30 08:09:47'),('2025-09-29',1559,2,1,2568,'C','1342200088375','2025-09-30 08:09:47'),('2025-09-29',1560,2,1,2568,'C','1342200088375','2025-09-30 08:09:47'),('2025-09-29',1561,2,1,2568,'C','1342200088375','2025-09-30 08:09:47'),('2025-09-29',1562,2,1,2568,'C','1342200088375','2025-09-30 08:09:47'),('2025-09-29',1563,2,1,2568,'C','1342200088375','2025-09-30 08:09:47'),('2025-09-29',1564,2,1,2568,'C','1342200088375','2025-09-30 08:09:47'),('2025-09-30',1556,2,1,2568,'C','1342200088375','2025-09-30 08:09:52'),('2025-09-30',1557,2,1,2568,'C','1342200088375','2025-09-30 08:09:52'),('2025-09-30',1558,2,1,2568,'C','1342200088375','2025-09-30 08:09:52'),('2025-09-30',1559,2,1,2568,'C','1342200088375','2025-09-30 08:09:52'),('2025-09-30',1560,2,1,2568,'C','1342200088375','2025-09-30 08:09:52'),('2025-09-30',1561,2,1,2568,'C','1342200088375','2025-09-30 08:09:52'),('2025-09-30',1562,2,1,2568,'C','1342200088375','2025-09-30 08:09:52'),('2025-09-30',1563,2,1,2568,'C','1342200088375','2025-09-30 08:09:52'),('2025-09-30',1564,2,1,2568,'C','1342200088375','2025-09-30 08:09:52'),('2025-09-29',1542,3,1,2568,'C','1342200088375','2025-09-30 08:09:02'),('2025-09-29',1545,3,1,2568,'C','1342200088375','2025-09-30 08:09:02'),('2025-09-29',1546,3,1,2568,'C','1342200088375','2025-09-30 08:09:02'),('2025-09-29',1547,3,1,2568,'C','1342200088375','2025-09-30 08:09:02'),('2025-09-30',1542,3,1,2568,'C','1342200088375','2025-09-30 08:09:06'),('2025-09-30',1545,3,1,2568,'C','1342200088375','2025-09-30 08:09:06'),('2025-09-30',1546,3,1,2568,'C','1342200088375','2025-09-30 08:09:06'),('2025-09-30',1547,3,1,2568,'C','1342200088375','2025-09-30 08:09:06'),('2025-09-29',1532,4,1,2568,'C','1342200088375','2025-09-30 08:09:26'),('2025-09-29',1533,4,1,2568,'C','1342200088375','2025-09-30 08:09:26'),('2025-09-29',1543,4,1,2568,'C','1342200088375','2025-09-30 08:09:26'),('2025-09-29',1548,4,1,2568,'C','1342200088375','2025-09-30 08:09:26'),('2025-09-30',1532,4,1,2568,'C','1342200088375','2025-09-30 08:09:30'),('2025-09-30',1533,4,1,2568,'C','1342200088375','2025-09-30 08:09:30'),('2025-09-30',1543,4,1,2568,'C','1342200088375','2025-09-30 08:09:30'),('2025-09-30',1548,4,1,2568,'C','1342200088375','2025-09-30 08:09:30'),('2025-09-29',1527,5,1,2568,'C','1342200088375','2025-09-30 08:09:41'),('2025-09-29',1528,5,1,2568,'C','1342200088375','2025-09-30 08:09:41'),('2025-09-29',1534,5,1,2568,'C','1342200088375','2025-09-30 08:09:41'),('2025-09-29',1555,5,1,2568,'C','1342200088375','2025-09-30 08:09:41'),('2025-09-30',1527,5,1,2568,'C','1342200088375','2025-09-30 08:09:45'),('2025-09-30',1528,5,1,2568,'C','1342200088375','2025-09-30 08:09:45'),('2025-09-30',1534,5,1,2568,'C','1342200088375','2025-09-30 08:09:45'),('2025-09-30',1555,5,1,2568,'C','1342200088375','2025-09-30 08:09:45'),('2025-09-29',1514,6,1,2568,'C','1342200088375','2025-09-30 08:09:58'),('2025-09-29',1519,6,1,2568,'C','1342200088375','2025-09-30 08:09:58'),('2025-09-29',1524,6,1,2568,'C','1342200088375','2025-09-30 08:09:58'),('2025-09-29',1525,6,1,2568,'C','1342200088375','2025-09-30 08:09:58'),('2025-09-29',1526,6,1,2568,'C','1342200088375','2025-09-30 08:09:58'),('2025-09-29',1539,6,1,2568,'C','1342200088375','2025-09-30 08:09:58'),('2025-09-29',1551,6,1,2568,'C','1342200088375','2025-09-30 08:09:58'),('2025-09-29',1516,6,1,2568,'C','1342200088375','2025-09-30 08:09:58'),('2025-09-30',1514,6,1,2568,'C','1342200088375','2025-09-30 08:09:10'),('2025-09-30',1519,6,1,2568,'C','1342200088375','2025-09-30 08:09:10'),('2025-09-30',1524,6,1,2568,'C','1342200088375','2025-09-30 08:09:10'),('2025-09-30',1525,6,1,2568,'C','1342200088375','2025-09-30 08:09:10'),('2025-09-30',1526,6,1,2568,'C','1342200088375','2025-09-30 08:09:10'),('2025-09-30',1539,6,1,2568,'C','1342200088375','2025-09-30 08:09:10'),('2025-09-30',1551,6,1,2568,'C','1342200088375','2025-09-30 08:09:10'),('2025-09-30',1516,6,1,2568,'C','1342200088375','2025-09-30 08:09:10'),('2025-09-29',1515,7,1,2568,'C','1342200088375','2025-09-30 08:09:23'),('2025-09-29',1517,7,1,2568,'C','1342200088375','2025-09-30 08:09:23'),('2025-09-29',1520,7,1,2568,'C','1342200088375','2025-09-30 08:09:23'),('2025-09-29',1531,7,1,2568,'C','1342200088375','2025-09-30 08:09:23'),('2025-09-30',1515,7,1,2568,'C','1342200088375','2025-09-30 08:09:27'),('2025-09-30',1517,7,1,2568,'C','1342200088375','2025-09-30 08:09:27'),('2025-09-30',1520,7,1,2568,'C','1342200088375','2025-09-30 08:09:27'),('2025-09-30',1531,7,1,2568,'C','1342200088375','2025-09-30 08:09:27'),('2025-09-29',1505,8,1,2568,'C','1342200088375','2025-09-30 08:09:37'),('2025-09-29',1507,8,1,2568,'C','1342200088375','2025-09-30 08:09:37'),('2025-09-29',1508,8,1,2568,'C','1342200088375','2025-09-30 08:09:37'),('2025-09-29',1509,8,1,2568,'C','1342200088375','2025-09-30 08:09:37'),('2025-09-29',1510,8,1,2568,'C','1342200088375','2025-09-30 08:09:37'),('2025-09-29',1521,8,1,2568,'C','1342200088375','2025-09-30 08:09:37'),('2025-09-30',1505,8,1,2568,'C','1342200088375','2025-09-30 08:09:42'),('2025-09-30',1507,8,1,2568,'C','1342200088375','2025-09-30 08:09:42'),('2025-09-30',1508,8,1,2568,'C','1342200088375','2025-09-30 08:09:42'),('2025-09-30',1509,8,1,2568,'C','1342200088375','2025-09-30 08:09:42'),('2025-09-30',1510,8,1,2568,'C','1342200088375','2025-09-30 08:09:42'),('2025-09-30',1521,8,1,2568,'C','1342200088375','2025-09-30 08:09:42'),('2025-09-29',1500,9,1,2568,'C','1342200088375','2025-09-30 08:09:56'),('2025-09-29',1501,9,1,2568,'C','1342200088375','2025-09-30 08:09:56'),('2025-09-29',1502,9,1,2568,'C','1342200088375','2025-09-30 08:09:56'),('2025-09-30',1500,9,1,2568,'C','1342200088375','2025-09-30 08:09:01'),('2025-09-30',1501,9,1,2568,'C','1342200088375','2025-09-30 08:09:01'),('2025-09-30',1502,9,1,2568,'C','1342200088375','2025-09-30 08:09:01'),('2025-10-01',1556,2,1,2568,'C','1342200088375','2025-10-01 11:10:15'),('2025-10-01',1557,2,1,2568,'C','1342200088375','2025-10-01 11:10:15'),('2025-10-01',1558,2,1,2568,'C','1342200088375','2025-10-01 11:10:15'),('2025-10-01',1559,2,1,2568,'C','1342200088375','2025-10-01 11:10:15'),('2025-10-01',1560,2,1,2568,'C','1342200088375','2025-10-01 11:10:15'),('2025-10-01',1561,2,1,2568,'C','1342200088375','2025-10-01 11:10:15'),('2025-10-01',1562,2,1,2568,'C','1342200088375','2025-10-01 11:10:15'),('2025-10-01',1563,2,1,2568,'C','1342200088375','2025-10-01 11:10:15'),('2025-10-01',1564,2,1,2568,'C','1342200088375','2025-10-01 11:10:15'),('2025-10-01',1542,3,1,2568,'C','1342200088375','2025-10-01 11:10:23'),('2025-10-01',1545,3,1,2568,'C','1342200088375','2025-10-01 11:10:23'),('2025-10-01',1546,3,1,2568,'C','1342200088375','2025-10-01 11:10:23'),('2025-10-01',1547,3,1,2568,'C','1342200088375','2025-10-01 11:10:23'),('2025-10-01',1532,4,1,2568,'C','1342200088375','2025-10-01 11:10:47'),('2025-10-01',1533,4,1,2568,'C','1342200088375','2025-10-01 11:10:47'),('2025-10-01',1543,4,1,2568,'C','1342200088375','2025-10-01 11:10:47'),('2025-10-01',1548,4,1,2568,'C','1342200088375','2025-10-01 11:10:47'),('2025-10-01',1527,5,1,2568,'C','1342200088375','2025-10-01 11:10:52'),('2025-10-01',1528,5,1,2568,'C','1342200088375','2025-10-01 11:10:52'),('2025-10-01',1534,5,1,2568,'C','1342200088375','2025-10-01 11:10:52'),('2025-10-01',1555,5,1,2568,'C','1342200088375','2025-10-01 11:10:52'),('2025-10-01',1514,6,1,2568,'C','1342200088375','2025-10-01 11:10:04'),('2025-10-01',1519,6,1,2568,'C','1342200088375','2025-10-01 11:10:04'),('2025-10-01',1524,6,1,2568,'C','1342200088375','2025-10-01 11:10:04'),('2025-10-01',1525,6,1,2568,'C','1342200088375','2025-10-01 11:10:04'),('2025-10-01',1526,6,1,2568,'C','1342200088375','2025-10-01 11:10:04'),('2025-10-01',1539,6,1,2568,'C','1342200088375','2025-10-01 11:10:04'),('2025-10-01',1551,6,1,2568,'C','1342200088375','2025-10-01 11:10:04'),('2025-10-01',1516,6,1,2568,'C','1342200088375','2025-10-01 11:10:04'),('2025-10-01',1515,7,1,2568,'C','1342200088375','2025-10-01 11:10:12'),('2025-10-01',1517,7,1,2568,'C','1342200088375','2025-10-01 11:10:12'),('2025-10-01',1520,7,1,2568,'C','1342200088375','2025-10-01 11:10:12'),('2025-10-01',1531,7,1,2568,'C','1342200088375','2025-10-01 11:10:12'),('2025-10-01',1505,8,1,2568,'C','1342200088375','2025-10-01 11:10:19'),('2025-10-01',1507,8,1,2568,'C','1342200088375','2025-10-01 11:10:19'),('2025-10-01',1508,8,1,2568,'C','1342200088375','2025-10-01 11:10:19'),('2025-10-01',1509,8,1,2568,'C','1342200088375','2025-10-01 11:10:19'),('2025-10-01',1510,8,1,2568,'C','1342200088375','2025-10-01 11:10:19'),('2025-10-01',1521,8,1,2568,'C','1342200088375','2025-10-01 11:10:19'),('2025-10-01',1500,9,1,2568,'C','1342200088375','2025-10-01 11:10:25'),('2025-10-01',1501,9,1,2568,'C','1342200088375','2025-10-01 11:10:25'),('2025-10-01',1502,9,1,2568,'C','1342200088375','2025-10-01 11:10:25'),('2025-10-02',1556,2,1,2568,'C','1342200088375','2025-10-02 10:10:44'),('2025-10-02',1557,2,1,2568,'C','1342200088375','2025-10-02 10:10:44'),('2025-10-02',1558,2,1,2568,'C','1342200088375','2025-10-02 10:10:44'),('2025-10-02',1559,2,1,2568,'C','1342200088375','2025-10-02 10:10:44'),('2025-10-02',1560,2,1,2568,'C','1342200088375','2025-10-02 10:10:44'),('2025-10-02',1561,2,1,2568,'C','1342200088375','2025-10-02 10:10:44'),('2025-10-02',1562,2,1,2568,'C','1342200088375','2025-10-02 10:10:44'),('2025-10-02',1563,2,1,2568,'C','1342200088375','2025-10-02 10:10:44'),('2025-10-02',1564,2,1,2568,'C','1342200088375','2025-10-02 10:10:44'),('2025-10-02',1542,3,1,2568,'C','1342200088375','2025-10-02 10:10:49'),('2025-10-02',1545,3,1,2568,'C','1342200088375','2025-10-02 10:10:49'),('2025-10-02',1546,3,1,2568,'C','1342200088375','2025-10-02 10:10:49'),('2025-10-02',1547,3,1,2568,'C','1342200088375','2025-10-02 10:10:49'),('2025-10-02',1532,4,1,2568,'C','1342200088375','2025-10-02 10:10:53'),('2025-10-02',1533,4,1,2568,'C','1342200088375','2025-10-02 10:10:53'),('2025-10-02',1543,4,1,2568,'C','1342200088375','2025-10-02 10:10:53'),('2025-10-02',1548,4,1,2568,'C','1342200088375','2025-10-02 10:10:53'),('2025-10-02',1527,5,1,2568,'C','1342200088375','2025-10-02 10:10:58'),('2025-10-02',1528,5,1,2568,'C','1342200088375','2025-10-02 10:10:58'),('2025-10-02',1534,5,1,2568,'C','1342200088375','2025-10-02 10:10:58'),('2025-10-02',1555,5,1,2568,'C','1342200088375','2025-10-02 10:10:58'),('2025-10-02',1514,6,1,2568,'C','1342200088375','2025-10-02 11:10:03'),('2025-10-02',1519,6,1,2568,'C','1342200088375','2025-10-02 11:10:03'),('2025-10-02',1524,6,1,2568,'C','1342200088375','2025-10-02 11:10:03'),('2025-10-02',1525,6,1,2568,'C','1342200088375','2025-10-02 11:10:03'),('2025-10-02',1526,6,1,2568,'C','1342200088375','2025-10-02 11:10:03'),('2025-10-02',1539,6,1,2568,'C','1342200088375','2025-10-02 11:10:03'),('2025-10-02',1551,6,1,2568,'C','1342200088375','2025-10-02 11:10:03'),('2025-10-02',1516,6,1,2568,'C','1342200088375','2025-10-02 11:10:03'),('2025-10-02',1515,7,1,2568,'C','1342200088375','2025-10-02 11:10:09'),('2025-10-02',1517,7,1,2568,'C','1342200088375','2025-10-02 11:10:09'),('2025-10-02',1520,7,1,2568,'C','1342200088375','2025-10-02 11:10:09'),('2025-10-02',1531,7,1,2568,'C','1342200088375','2025-10-02 11:10:09'),('2025-10-02',1505,8,1,2568,'C','1342200088375','2025-10-02 11:10:14'),('2025-10-02',1507,8,1,2568,'C','1342200088375','2025-10-02 11:10:14'),('2025-10-02',1508,8,1,2568,'C','1342200088375','2025-10-02 11:10:14'),('2025-10-02',1509,8,1,2568,'C','1342200088375','2025-10-02 11:10:14'),('2025-10-02',1510,8,1,2568,'C','1342200088375','2025-10-02 11:10:14'),('2025-10-02',1521,8,1,2568,'C','1342200088375','2025-10-02 11:10:14'),('2025-10-02',1500,9,1,2568,'C','1342200088375','2025-10-02 11:10:18'),('2025-10-02',1501,9,1,2568,'C','1342200088375','2025-10-02 11:10:18'),('2025-10-02',1502,9,1,2568,'C','1342200088375','2025-10-02 11:10:18'),('2025-10-03',1556,2,1,2568,'C','1342200088375','2025-10-03 08:10:22'),('2025-10-03',1557,2,1,2568,'C','1342200088375','2025-10-03 08:10:22'),('2025-10-03',1558,2,1,2568,'C','1342200088375','2025-10-03 08:10:22'),('2025-10-03',1559,2,1,2568,'C','1342200088375','2025-10-03 08:10:22'),('2025-10-03',1560,2,1,2568,'C','1342200088375','2025-10-03 08:10:22'),('2025-10-03',1561,2,1,2568,'C','1342200088375','2025-10-03 08:10:22'),('2025-10-03',1562,2,1,2568,'C','1342200088375','2025-10-03 08:10:22'),('2025-10-03',1563,2,1,2568,'C','1342200088375','2025-10-03 08:10:22'),('2025-10-03',1564,2,1,2568,'C','1342200088375','2025-10-03 08:10:22'),('2025-10-03',1542,3,1,2568,'C','1342200088375','2025-10-03 08:10:29'),('2025-10-03',1545,3,1,2568,'C','1342200088375','2025-10-03 08:10:29'),('2025-10-03',1546,3,1,2568,'C','1342200088375','2025-10-03 08:10:29'),('2025-10-03',1547,3,1,2568,'C','1342200088375','2025-10-03 08:10:29'),('2025-10-03',1532,4,1,2568,'C','1342200088375','2025-10-03 08:10:35'),('2025-10-03',1533,4,1,2568,'C','1342200088375','2025-10-03 08:10:35'),('2025-10-03',1543,4,1,2568,'C','1342200088375','2025-10-03 08:10:35'),('2025-10-03',1548,4,1,2568,'C','1342200088375','2025-10-03 08:10:35'),('2025-10-03',1527,5,1,2568,'C','1342200088375','2025-10-03 08:10:40'),('2025-10-03',1528,5,1,2568,'C','1342200088375','2025-10-03 08:10:40'),('2025-10-03',1534,5,1,2568,'C','1342200088375','2025-10-03 08:10:40'),('2025-10-03',1555,5,1,2568,'C','1342200088375','2025-10-03 08:10:40'),('2025-10-03',1514,6,1,2568,'C','1342200088375','2025-10-03 08:10:49'),('2025-10-03',1519,6,1,2568,'C','1342200088375','2025-10-03 08:10:49'),('2025-10-03',1524,6,1,2568,'C','1342200088375','2025-10-03 08:10:49'),('2025-10-03',1525,6,1,2568,'C','1342200088375','2025-10-03 08:10:49'),('2025-10-03',1526,6,1,2568,'C','1342200088375','2025-10-03 08:10:49'),('2025-10-03',1539,6,1,2568,'C','1342200088375','2025-10-03 08:10:49'),('2025-10-03',1551,6,1,2568,'C','1342200088375','2025-10-03 08:10:49'),('2025-10-03',1516,6,1,2568,'C','1342200088375','2025-10-03 08:10:49'),('2025-10-03',1515,7,1,2568,'C','1342200088375','2025-10-03 08:10:54'),('2025-10-03',1517,7,1,2568,'C','1342200088375','2025-10-03 08:10:54'),('2025-10-03',1520,7,1,2568,'C','1342200088375','2025-10-03 08:10:54'),('2025-10-03',1531,7,1,2568,'C','1342200088375','2025-10-03 08:10:54'),('2025-10-03',1505,8,1,2568,'C','1342200088375','2025-10-03 08:10:59'),('2025-10-03',1507,8,1,2568,'C','1342200088375','2025-10-03 08:10:59'),('2025-10-03',1508,8,1,2568,'C','1342200088375','2025-10-03 08:10:59'),('2025-10-03',1509,8,1,2568,'C','1342200088375','2025-10-03 08:10:59'),('2025-10-03',1510,8,1,2568,'C','1342200088375','2025-10-03 08:10:59'),('2025-10-03',1521,8,1,2568,'C','1342200088375','2025-10-03 08:10:59'),('2025-10-03',1500,9,1,2568,'C','1342200088375','2025-10-03 08:10:04'),('2025-10-03',1501,9,1,2568,'C','1342200088375','2025-10-03 08:10:04'),('2025-10-03',1502,9,1,2568,'C','1342200088375','2025-10-03 08:10:04'),('2025-10-07',1556,2,1,2568,'C','1342200088375','2025-10-07 12:10:53'),('2025-10-07',1557,2,1,2568,'C','1342200088375','2025-10-07 12:10:53'),('2025-10-07',1558,2,1,2568,'C','1342200088375','2025-10-07 12:10:53'),('2025-10-07',1559,2,1,2568,'C','1342200088375','2025-10-07 12:10:53'),('2025-10-07',1560,2,1,2568,'C','1342200088375','2025-10-07 12:10:53'),('2025-10-07',1561,2,1,2568,'C','1342200088375','2025-10-07 12:10:53'),('2025-10-07',1562,2,1,2568,'C','1342200088375','2025-10-07 12:10:53'),('2025-10-07',1563,2,1,2568,'C','1342200088375','2025-10-07 12:10:53'),('2025-10-07',1564,2,1,2568,'C','1342200088375','2025-10-07 12:10:53'),('2025-10-06',1556,2,1,2568,'C','1342200088375','2025-10-07 12:10:58'),('2025-10-06',1557,2,1,2568,'C','1342200088375','2025-10-07 12:10:58'),('2025-10-06',1558,2,1,2568,'C','1342200088375','2025-10-07 12:10:58'),('2025-10-06',1559,2,1,2568,'C','1342200088375','2025-10-07 12:10:58'),('2025-10-06',1560,2,1,2568,'C','1342200088375','2025-10-07 12:10:58'),('2025-10-06',1561,2,1,2568,'C','1342200088375','2025-10-07 12:10:58'),('2025-10-06',1562,2,1,2568,'C','1342200088375','2025-10-07 12:10:58'),('2025-10-06',1563,2,1,2568,'C','1342200088375','2025-10-07 12:10:58'),('2025-10-06',1564,2,1,2568,'C','1342200088375','2025-10-07 12:10:58'),('2025-10-07',1542,3,1,2568,'C','1342200088375','2025-10-07 12:10:07'),('2025-10-07',1545,3,1,2568,'C','1342200088375','2025-10-07 12:10:07'),('2025-10-07',1546,3,1,2568,'C','1342200088375','2025-10-07 12:10:07'),('2025-10-07',1547,3,1,2568,'C','1342200088375','2025-10-07 12:10:07'),('2025-10-06',1542,3,1,2568,'C','1342200088375','2025-10-07 12:10:13'),('2025-10-06',1545,3,1,2568,'C','1342200088375','2025-10-07 12:10:13'),('2025-10-06',1546,3,1,2568,'C','1342200088375','2025-10-07 12:10:13'),('2025-10-06',1547,3,1,2568,'C','1342200088375','2025-10-07 12:10:13'),('2025-10-07',1532,4,1,2568,'C','1342200088375','2025-10-07 12:10:07'),('2025-10-07',1533,4,1,2568,'C','1342200088375','2025-10-07 12:10:07'),('2025-10-07',1543,4,1,2568,'C','1342200088375','2025-10-07 12:10:07'),('2025-10-07',1548,4,1,2568,'C','1342200088375','2025-10-07 12:10:07'),('2025-10-06',1532,4,1,2568,'C','1342200088375','2025-10-07 12:10:12'),('2025-10-06',1533,4,1,2568,'C','1342200088375','2025-10-07 12:10:12'),('2025-10-06',1543,4,1,2568,'C','1342200088375','2025-10-07 12:10:12'),('2025-10-06',1548,4,1,2568,'C','1342200088375','2025-10-07 12:10:12'),('2025-10-07',1527,5,1,2568,'C','1342200088375','2025-10-07 12:10:21'),('2025-10-07',1528,5,1,2568,'C','1342200088375','2025-10-07 12:10:21'),('2025-10-07',1534,5,1,2568,'C','1342200088375','2025-10-07 12:10:21'),('2025-10-07',1555,5,1,2568,'C','1342200088375','2025-10-07 12:10:21'),('2025-10-06',1527,5,1,2568,'C','1342200088375','2025-10-07 12:10:26'),('2025-10-06',1528,5,1,2568,'C','1342200088375','2025-10-07 12:10:26'),('2025-10-06',1534,5,1,2568,'C','1342200088375','2025-10-07 12:10:26'),('2025-10-06',1555,5,1,2568,'C','1342200088375','2025-10-07 12:10:26'),('2025-10-07',1514,6,1,2568,'C','1342200088375','2025-10-07 12:10:36'),('2025-10-07',1519,6,1,2568,'C','1342200088375','2025-10-07 12:10:36'),('2025-10-07',1524,6,1,2568,'C','1342200088375','2025-10-07 12:10:36'),('2025-10-07',1525,6,1,2568,'C','1342200088375','2025-10-07 12:10:36'),('2025-10-07',1526,6,1,2568,'C','1342200088375','2025-10-07 12:10:36'),('2025-10-07',1539,6,1,2568,'C','1342200088375','2025-10-07 12:10:36'),('2025-10-07',1551,6,1,2568,'C','1342200088375','2025-10-07 12:10:36'),('2025-10-07',1516,6,1,2568,'C','1342200088375','2025-10-07 12:10:36'),('2025-10-06',1514,6,1,2568,'C','1342200088375','2025-10-07 12:10:41'),('2025-10-06',1519,6,1,2568,'C','1342200088375','2025-10-07 12:10:41'),('2025-10-06',1524,6,1,2568,'C','1342200088375','2025-10-07 12:10:41'),('2025-10-06',1525,6,1,2568,'C','1342200088375','2025-10-07 12:10:41'),('2025-10-06',1526,6,1,2568,'C','1342200088375','2025-10-07 12:10:41'),('2025-10-06',1539,6,1,2568,'C','1342200088375','2025-10-07 12:10:41'),('2025-10-06',1551,6,1,2568,'C','1342200088375','2025-10-07 12:10:41'),('2025-10-06',1516,6,1,2568,'C','1342200088375','2025-10-07 12:10:41'),('2025-10-07',1515,7,1,2568,'C','1342200088375','2025-10-07 12:10:50'),('2025-10-07',1517,7,1,2568,'C','1342200088375','2025-10-07 12:10:50'),('2025-10-07',1520,7,1,2568,'C','1342200088375','2025-10-07 12:10:50'),('2025-10-07',1531,7,1,2568,'C','1342200088375','2025-10-07 12:10:50'),('2025-10-06',1515,7,1,2568,'C','1342200088375','2025-10-07 12:10:55'),('2025-10-06',1517,7,1,2568,'C','1342200088375','2025-10-07 12:10:55'),('2025-10-06',1520,7,1,2568,'C','1342200088375','2025-10-07 12:10:55'),('2025-10-06',1531,7,1,2568,'C','1342200088375','2025-10-07 12:10:55'),('2025-10-07',1505,8,1,2568,'C','1342200088375','2025-10-07 12:10:20'),('2025-10-07',1507,8,1,2568,'C','1342200088375','2025-10-07 12:10:20'),('2025-10-07',1508,8,1,2568,'C','1342200088375','2025-10-07 12:10:20'),('2025-10-07',1509,8,1,2568,'C','1342200088375','2025-10-07 12:10:20'),('2025-10-07',1510,8,1,2568,'C','1342200088375','2025-10-07 12:10:20'),('2025-10-07',1521,8,1,2568,'C','1342200088375','2025-10-07 12:10:20'),('2025-10-06',1505,8,1,2568,'C','1342200088375','2025-10-07 12:10:24'),('2025-10-06',1507,8,1,2568,'C','1342200088375','2025-10-07 12:10:24'),('2025-10-06',1508,8,1,2568,'C','1342200088375','2025-10-07 12:10:24'),('2025-10-06',1509,8,1,2568,'C','1342200088375','2025-10-07 12:10:24'),('2025-10-06',1510,8,1,2568,'C','1342200088375','2025-10-07 12:10:24'),('2025-10-06',1521,8,1,2568,'C','1342200088375','2025-10-07 12:10:24'),('2025-10-07',1500,9,1,2568,'C','1342200088375','2025-10-07 12:10:32'),('2025-10-07',1501,9,1,2568,'C','1342200088375','2025-10-07 12:10:32'),('2025-10-07',1502,9,1,2568,'C','1342200088375','2025-10-07 12:10:32'),('2025-10-06',1500,9,1,2568,'C','1342200088375','2025-10-07 12:10:11'),('2025-10-06',1501,9,1,2568,'C','1342200088375','2025-10-07 12:10:11'),('2025-10-06',1502,9,1,2568,'C','1342200088375','2025-10-07 12:10:11'),('2025-10-08',1556,2,1,2568,'C','1342200088375','2025-10-08 12:10:57'),('2025-10-08',1557,2,1,2568,'C','1342200088375','2025-10-08 12:10:57'),('2025-10-08',1558,2,1,2568,'C','1342200088375','2025-10-08 12:10:57'),('2025-10-08',1559,2,1,2568,'C','1342200088375','2025-10-08 12:10:57'),('2025-10-08',1560,2,1,2568,'C','1342200088375','2025-10-08 12:10:57'),('2025-10-08',1561,2,1,2568,'C','1342200088375','2025-10-08 12:10:57'),('2025-10-08',1562,2,1,2568,'C','1342200088375','2025-10-08 12:10:57'),('2025-10-08',1563,2,1,2568,'C','1342200088375','2025-10-08 12:10:57'),('2025-10-08',1564,2,1,2568,'C','1342200088375','2025-10-08 12:10:57'),('2025-10-08',1542,3,1,2568,'C','1342200088375','2025-10-08 12:10:05'),('2025-10-08',1545,3,1,2568,'C','1342200088375','2025-10-08 12:10:05'),('2025-10-08',1546,3,1,2568,'C','1342200088375','2025-10-08 12:10:05'),('2025-10-08',1547,3,1,2568,'C','1342200088375','2025-10-08 12:10:05'),('2025-10-08',1532,4,1,2568,'C','1342200088375','2025-10-08 12:10:11'),('2025-10-08',1533,4,1,2568,'C','1342200088375','2025-10-08 12:10:11'),('2025-10-08',1543,4,1,2568,'C','1342200088375','2025-10-08 12:10:11'),('2025-10-08',1548,4,1,2568,'C','1342200088375','2025-10-08 12:10:11'),('2025-10-08',1527,5,1,2568,'C','1342200088375','2025-10-08 12:10:15'),('2025-10-08',1528,5,1,2568,'C','1342200088375','2025-10-08 12:10:15'),('2025-10-08',1534,5,1,2568,'C','1342200088375','2025-10-08 12:10:15'),('2025-10-08',1555,5,1,2568,'C','1342200088375','2025-10-08 12:10:15'),('2025-10-08',1514,6,1,2568,'C','1342200088375','2025-10-08 12:10:21'),('2025-10-08',1519,6,1,2568,'C','1342200088375','2025-10-08 12:10:21'),('2025-10-08',1524,6,1,2568,'C','1342200088375','2025-10-08 12:10:21'),('2025-10-08',1525,6,1,2568,'C','1342200088375','2025-10-08 12:10:21'),('2025-10-08',1526,6,1,2568,'C','1342200088375','2025-10-08 12:10:21'),('2025-10-08',1539,6,1,2568,'C','1342200088375','2025-10-08 12:10:21'),('2025-10-08',1551,6,1,2568,'C','1342200088375','2025-10-08 12:10:21'),('2025-10-08',1516,6,1,2568,'C','1342200088375','2025-10-08 12:10:21'),('2025-10-08',1515,7,1,2568,'C','1342200088375','2025-10-08 12:10:52'),('2025-10-08',1517,7,1,2568,'C','1342200088375','2025-10-08 12:10:52'),('2025-10-08',1520,7,1,2568,'C','1342200088375','2025-10-08 12:10:52'),('2025-10-08',1531,7,1,2568,'C','1342200088375','2025-10-08 12:10:52'),('2025-10-08',1505,8,1,2568,'C','1342200088375','2025-10-08 12:10:58'),('2025-10-08',1507,8,1,2568,'C','1342200088375','2025-10-08 12:10:58'),('2025-10-08',1508,8,1,2568,'C','1342200088375','2025-10-08 12:10:58'),('2025-10-08',1509,8,1,2568,'C','1342200088375','2025-10-08 12:10:58'),('2025-10-08',1510,8,1,2568,'C','1342200088375','2025-10-08 12:10:58'),('2025-10-08',1521,8,1,2568,'C','1342200088375','2025-10-08 12:10:58'),('2025-10-08',1500,9,1,2568,'C','1342200088375','2025-10-08 12:10:05'),('2025-10-08',1501,9,1,2568,'C','1342200088375','2025-10-08 12:10:05'),('2025-10-08',1502,9,1,2568,'C','1342200088375','2025-10-08 12:10:05'),('2025-10-09',1556,2,1,2568,'C','1342200088375','2025-10-14 02:10:35'),('2025-10-09',1557,2,1,2568,'C','1342200088375','2025-10-14 02:10:35'),('2025-10-09',1558,2,1,2568,'C','1342200088375','2025-10-14 02:10:35'),('2025-10-09',1559,2,1,2568,'C','1342200088375','2025-10-14 02:10:35'),('2025-10-09',1560,2,1,2568,'C','1342200088375','2025-10-14 02:10:35'),('2025-10-09',1561,2,1,2568,'C','1342200088375','2025-10-14 02:10:35'),('2025-10-09',1562,2,1,2568,'C','1342200088375','2025-10-14 02:10:35'),('2025-10-09',1563,2,1,2568,'C','1342200088375','2025-10-14 02:10:35'),('2025-10-09',1564,2,1,2568,'C','1342200088375','2025-10-14 02:10:35'),('2025-10-10',1556,2,1,2568,'C','1342200088375','2025-10-14 02:10:39'),('2025-10-10',1557,2,1,2568,'C','1342200088375','2025-10-14 02:10:39'),('2025-10-10',1558,2,1,2568,'C','1342200088375','2025-10-14 02:10:39'),('2025-10-10',1559,2,1,2568,'C','1342200088375','2025-10-14 02:10:39'),('2025-10-10',1560,2,1,2568,'C','1342200088375','2025-10-14 02:10:39'),('2025-10-10',1561,2,1,2568,'C','1342200088375','2025-10-14 02:10:39'),('2025-10-10',1562,2,1,2568,'C','1342200088375','2025-10-14 02:10:39'),('2025-10-10',1563,2,1,2568,'C','1342200088375','2025-10-14 02:10:39'),('2025-10-10',1564,2,1,2568,'C','1342200088375','2025-10-14 02:10:39'),('2025-10-09',1542,3,1,2568,'C','1342200088375','2025-10-14 02:10:49'),('2025-10-09',1545,3,1,2568,'C','1342200088375','2025-10-14 02:10:49'),('2025-10-09',1546,3,1,2568,'C','1342200088375','2025-10-14 02:10:49'),('2025-10-09',1547,3,1,2568,'C','1342200088375','2025-10-14 02:10:49'),('2025-10-09',1527,5,1,2568,'C','1342200088375','2025-10-14 02:10:15'),('2025-10-09',1528,5,1,2568,'C','1342200088375','2025-10-14 02:10:15'),('2025-10-09',1534,5,1,2568,'C','1342200088375','2025-10-14 02:10:15'),('2025-10-09',1555,5,1,2568,'C','1342200088375','2025-10-14 02:10:15'),('2025-10-10',1527,5,1,2568,'C','1342200088375','2025-10-14 02:10:20'),('2025-10-10',1528,5,1,2568,'C','1342200088375','2025-10-14 02:10:20'),('2025-10-10',1534,5,1,2568,'C','1342200088375','2025-10-14 02:10:20'),('2025-10-10',1555,5,1,2568,'C','1342200088375','2025-10-14 02:10:20'),('2025-10-09',1532,4,1,2568,'C','1342200088375','2025-10-14 02:10:31'),('2025-10-09',1533,4,1,2568,'C','1342200088375','2025-10-14 02:10:31'),('2025-10-09',1543,4,1,2568,'C','1342200088375','2025-10-14 02:10:31'),('2025-10-09',1548,4,1,2568,'C','1342200088375','2025-10-14 02:10:31'),('2025-10-10',1532,4,1,2568,'C','1342200088375','2025-10-14 02:10:36'),('2025-10-10',1533,4,1,2568,'C','1342200088375','2025-10-14 02:10:36'),('2025-10-10',1543,4,1,2568,'C','1342200088375','2025-10-14 02:10:36'),('2025-10-10',1548,4,1,2568,'C','1342200088375','2025-10-14 02:10:36'),('2025-10-10',1542,3,1,2568,'C','1342200088375','2025-10-14 02:10:49'),('2025-10-10',1545,3,1,2568,'C','1342200088375','2025-10-14 02:10:49'),('2025-10-10',1546,3,1,2568,'C','1342200088375','2025-10-14 02:10:49'),('2025-10-10',1547,3,1,2568,'C','1342200088375','2025-10-14 02:10:49'),('2025-10-09',1514,6,1,2568,'C','1342200088375','2025-10-14 02:10:58'),('2025-10-09',1519,6,1,2568,'C','1342200088375','2025-10-14 02:10:58'),('2025-10-09',1524,6,1,2568,'C','1342200088375','2025-10-14 02:10:58'),('2025-10-09',1525,6,1,2568,'C','1342200088375','2025-10-14 02:10:58'),('2025-10-09',1526,6,1,2568,'C','1342200088375','2025-10-14 02:10:58'),('2025-10-09',1539,6,1,2568,'C','1342200088375','2025-10-14 02:10:58'),('2025-10-09',1551,6,1,2568,'C','1342200088375','2025-10-14 02:10:58'),('2025-10-09',1516,6,1,2568,'C','1342200088375','2025-10-14 02:10:58'),('2025-10-10',1514,6,1,2568,'C','1342200088375','2025-10-14 02:10:03'),('2025-10-10',1519,6,1,2568,'C','1342200088375','2025-10-14 02:10:03'),('2025-10-10',1524,6,1,2568,'C','1342200088375','2025-10-14 02:10:03'),('2025-10-10',1525,6,1,2568,'C','1342200088375','2025-10-14 02:10:03'),('2025-10-10',1526,6,1,2568,'C','1342200088375','2025-10-14 02:10:03'),('2025-10-10',1539,6,1,2568,'C','1342200088375','2025-10-14 02:10:03'),('2025-10-10',1551,6,1,2568,'C','1342200088375','2025-10-14 02:10:03'),('2025-10-10',1516,6,1,2568,'C','1342200088375','2025-10-14 02:10:03'),('2025-10-09',1515,7,1,2568,'C','1342200088375','2025-10-14 02:10:15'),('2025-10-09',1517,7,1,2568,'C','1342200088375','2025-10-14 02:10:15'),('2025-10-09',1520,7,1,2568,'C','1342200088375','2025-10-14 02:10:15'),('2025-10-09',1531,7,1,2568,'C','1342200088375','2025-10-14 02:10:15'),('2025-10-10',1515,7,1,2568,'C','1342200088375','2025-10-14 02:10:21'),('2025-10-10',1517,7,1,2568,'C','1342200088375','2025-10-14 02:10:21'),('2025-10-10',1520,7,1,2568,'C','1342200088375','2025-10-14 02:10:21'),('2025-10-10',1531,7,1,2568,'C','1342200088375','2025-10-14 02:10:21'),('2025-10-09',1505,8,1,2568,'C','1342200088375','2025-10-14 02:10:32'),('2025-10-09',1507,8,1,2568,'C','1342200088375','2025-10-14 02:10:32'),('2025-10-09',1508,8,1,2568,'C','1342200088375','2025-10-14 02:10:32'),('2025-10-09',1509,8,1,2568,'C','1342200088375','2025-10-14 02:10:32'),('2025-10-09',1510,8,1,2568,'C','1342200088375','2025-10-14 02:10:32'),('2025-10-09',1521,8,1,2568,'C','1342200088375','2025-10-14 02:10:32'),('2025-10-10',1505,8,1,2568,'C','1342200088375','2025-10-14 02:10:36'),('2025-10-10',1507,8,1,2568,'C','1342200088375','2025-10-14 02:10:36'),('2025-10-10',1508,8,1,2568,'C','1342200088375','2025-10-14 02:10:36'),('2025-10-10',1509,8,1,2568,'C','1342200088375','2025-10-14 02:10:36'),('2025-10-10',1510,8,1,2568,'C','1342200088375','2025-10-14 02:10:36'),('2025-10-10',1521,8,1,2568,'C','1342200088375','2025-10-14 02:10:36'),('2025-10-09',1500,9,1,2568,'C','1342200088375','2025-10-14 02:10:47'),('2025-10-09',1501,9,1,2568,'C','1342200088375','2025-10-14 02:10:47'),('2025-10-09',1502,9,1,2568,'C','1342200088375','2025-10-14 02:10:47'),('2025-10-10',1500,9,1,2568,'C','1342200088375','2025-10-14 02:10:52'),('2025-10-10',1501,9,1,2568,'C','1342200088375','2025-10-14 02:10:52'),('2025-10-10',1502,9,1,2568,'C','1342200088375','2025-10-14 02:10:52'),('2025-11-03',1556,2,1,2568,'C','1342200088375','2025-11-03 01:11:22'),('2025-11-03',1557,2,1,2568,'C','1342200088375','2025-11-03 01:11:22'),('2025-11-03',1558,2,1,2568,'C','1342200088375','2025-11-03 01:11:22'),('2025-11-03',1559,2,1,2568,'C','1342200088375','2025-11-03 01:11:22'),('2025-11-03',1560,2,1,2568,'C','1342200088375','2025-11-03 01:11:22'),('2025-11-03',1561,2,1,2568,'C','1342200088375','2025-11-03 01:11:22'),('2025-11-03',1562,2,1,2568,'C','1342200088375','2025-11-03 01:11:22'),('2025-11-03',1563,2,1,2568,'C','1342200088375','2025-11-03 01:11:22'),('2025-11-03',1564,2,1,2568,'C','1342200088375','2025-11-03 01:11:22'),('2025-11-03',1542,3,1,2568,'C','1342200088375','2025-11-03 01:11:30'),('2025-11-03',1545,3,1,2568,'C','1342200088375','2025-11-03 01:11:30'),('2025-11-03',1546,3,1,2568,'C','1342200088375','2025-11-03 01:11:30'),('2025-11-03',1547,3,1,2568,'C','1342200088375','2025-11-03 01:11:30'),('2025-11-03',1532,4,1,2568,'C','1342200088375','2025-11-03 01:11:43'),('2025-11-03',1533,4,1,2568,'C','1342200088375','2025-11-03 01:11:43'),('2025-11-03',1543,4,1,2568,'C','1342200088375','2025-11-03 01:11:43'),('2025-11-03',1548,4,1,2568,'C','1342200088375','2025-11-03 01:11:43'),('2025-11-03',1527,5,1,2568,'C','1342200088375','2025-11-03 01:11:10'),('2025-11-03',1528,5,1,2568,'C','1342200088375','2025-11-03 01:11:10'),('2025-11-03',1534,5,1,2568,'C','1342200088375','2025-11-03 01:11:10'),('2025-11-03',1555,5,1,2568,'C','1342200088375','2025-11-03 01:11:10'),('2025-11-03',1514,6,1,2568,'C','1342200088375','2025-11-03 01:11:32'),('2025-11-03',1519,6,1,2568,'C','1342200088375','2025-11-03 01:11:32'),('2025-11-03',1524,6,1,2568,'C','1342200088375','2025-11-03 01:11:32'),('2025-11-03',1525,6,1,2568,'C','1342200088375','2025-11-03 01:11:32'),('2025-11-03',1526,6,1,2568,'C','1342200088375','2025-11-03 01:11:32'),('2025-11-03',1539,6,1,2568,'C','1342200088375','2025-11-03 01:11:32'),('2025-11-03',1551,6,1,2568,'C','1342200088375','2025-11-03 01:11:32'),('2025-11-03',1516,6,1,2568,'C','1342200088375','2025-11-03 01:11:32'),('2025-11-03',1515,7,1,2568,'C','1342200088375','2025-11-03 01:11:57'),('2025-11-03',1517,7,1,2568,'C','1342200088375','2025-11-03 01:11:57'),('2025-11-03',1520,7,1,2568,'C','1342200088375','2025-11-03 01:11:57'),('2025-11-03',1531,7,1,2568,'C','1342200088375','2025-11-03 01:11:57'),('2025-11-03',1505,8,1,2568,'C','1342200088375','2025-11-03 01:11:03'),('2025-11-03',1507,8,1,2568,'C','1342200088375','2025-11-03 01:11:03'),('2025-11-03',1508,8,1,2568,'C','1342200088375','2025-11-03 01:11:03'),('2025-11-03',1509,8,1,2568,'C','1342200088375','2025-11-03 01:11:03'),('2025-11-03',1510,8,1,2568,'C','1342200088375','2025-11-03 01:11:03'),('2025-11-03',1521,8,1,2568,'C','1342200088375','2025-11-03 01:11:03'),('2025-11-03',1500,9,1,2568,'C','1342200088375','2025-11-03 01:11:09'),('2025-11-03',1501,9,1,2568,'C','1342200088375','2025-11-03 01:11:09'),('2025-11-03',1502,9,1,2568,'C','1342200088375','2025-11-03 01:11:09'),('2025-11-04',1556,2,1,2568,'C','1342200088375','2025-11-04 02:11:02'),('2025-11-04',1557,2,1,2568,'C','1342200088375','2025-11-04 02:11:02'),('2025-11-04',1558,2,1,2568,'C','1342200088375','2025-11-04 02:11:02'),('2025-11-04',1559,2,1,2568,'C','1342200088375','2025-11-04 02:11:02'),('2025-11-04',1560,2,1,2568,'C','1342200088375','2025-11-04 02:11:02'),('2025-11-04',1561,2,1,2568,'C','1342200088375','2025-11-04 02:11:02'),('2025-11-04',1562,2,1,2568,'C','1342200088375','2025-11-04 02:11:02'),('2025-11-04',1563,2,1,2568,'C','1342200088375','2025-11-04 02:11:02'),('2025-11-04',1564,2,1,2568,'C','1342200088375','2025-11-04 02:11:02'),('2025-11-04',1542,3,1,2568,'C','1342200088375','2025-11-04 02:11:07'),('2025-11-04',1545,3,1,2568,'C','1342200088375','2025-11-04 02:11:07'),('2025-11-04',1546,3,1,2568,'C','1342200088375','2025-11-04 02:11:07'),('2025-11-04',1547,3,1,2568,'C','1342200088375','2025-11-04 02:11:07'),('2025-11-04',1532,4,1,2568,'C','1342200088375','2025-11-04 02:11:12'),('2025-11-04',1533,4,1,2568,'C','1342200088375','2025-11-04 02:11:12'),('2025-11-04',1543,4,1,2568,'C','1342200088375','2025-11-04 02:11:12'),('2025-11-04',1548,4,1,2568,'C','1342200088375','2025-11-04 02:11:12'),('2025-11-04',1527,5,1,2568,'C','1342200088375','2025-11-04 02:11:21'),('2025-11-04',1528,5,1,2568,'C','1342200088375','2025-11-04 02:11:21'),('2025-11-04',1534,5,1,2568,'C','1342200088375','2025-11-04 02:11:21'),('2025-11-04',1555,5,1,2568,'C','1342200088375','2025-11-04 02:11:21'),('2025-11-04',1514,6,1,2568,'C','1342200088375','2025-11-04 02:11:28'),('2025-11-04',1519,6,1,2568,'C','1342200088375','2025-11-04 02:11:28'),('2025-11-04',1524,6,1,2568,'C','1342200088375','2025-11-04 02:11:28'),('2025-11-04',1525,6,1,2568,'C','1342200088375','2025-11-04 02:11:28'),('2025-11-04',1526,6,1,2568,'C','1342200088375','2025-11-04 02:11:28'),('2025-11-04',1539,6,1,2568,'C','1342200088375','2025-11-04 02:11:28'),('2025-11-04',1551,6,1,2568,'C','1342200088375','2025-11-04 02:11:28'),('2025-11-04',1516,6,1,2568,'C','1342200088375','2025-11-04 02:11:28'),('2025-11-04',1515,7,1,2568,'C','1342200088375','2025-11-04 02:11:42'),('2025-11-04',1517,7,1,2568,'C','1342200088375','2025-11-04 02:11:42'),('2025-11-04',1520,7,1,2568,'C','1342200088375','2025-11-04 02:11:42'),('2025-11-04',1531,7,1,2568,'C','1342200088375','2025-11-04 02:11:42'),('2025-11-04',1505,8,1,2568,'C','1342200088375','2025-11-04 02:11:48'),('2025-11-04',1507,8,1,2568,'C','1342200088375','2025-11-04 02:11:48'),('2025-11-04',1508,8,1,2568,'C','1342200088375','2025-11-04 02:11:48'),('2025-11-04',1509,8,1,2568,'C','1342200088375','2025-11-04 02:11:48'),('2025-11-04',1510,8,1,2568,'C','1342200088375','2025-11-04 02:11:48'),('2025-11-04',1521,8,1,2568,'C','1342200088375','2025-11-04 02:11:48'),('2025-11-04',1500,9,1,2568,'C','1342200088375','2025-11-04 02:11:53'),('2025-11-04',1501,9,1,2568,'C','1342200088375','2025-11-04 02:11:53'),('2025-11-04',1502,9,1,2568,'C','1342200088375','2025-11-04 02:11:53'),('2025-11-05',1556,2,1,2568,'C','1342200088375','2025-11-05 09:11:56'),('2025-11-05',1557,2,1,2568,'C','1342200088375','2025-11-05 09:11:56'),('2025-11-05',1558,2,1,2568,'C','1342200088375','2025-11-05 09:11:56'),('2025-11-05',1559,2,1,2568,'C','1342200088375','2025-11-05 09:11:56'),('2025-11-05',1560,2,1,2568,'C','1342200088375','2025-11-05 09:11:56'),('2025-11-05',1561,2,1,2568,'C','1342200088375','2025-11-05 09:11:56'),('2025-11-05',1562,2,1,2568,'C','1342200088375','2025-11-05 09:11:56'),('2025-11-05',1563,2,1,2568,'C','1342200088375','2025-11-05 09:11:56'),('2025-11-05',1564,2,1,2568,'C','1342200088375','2025-11-05 09:11:56'),('2025-11-05',1542,3,1,2568,'C','1342200088375','2025-11-05 09:11:01'),('2025-11-05',1545,3,1,2568,'C','1342200088375','2025-11-05 09:11:01'),('2025-11-05',1546,3,1,2568,'C','1342200088375','2025-11-05 09:11:01'),('2025-11-05',1547,3,1,2568,'C','1342200088375','2025-11-05 09:11:01'),('2025-11-05',1532,4,1,2568,'C','1342200088375','2025-11-05 09:11:05'),('2025-11-05',1533,4,1,2568,'C','1342200088375','2025-11-05 09:11:05'),('2025-11-05',1543,4,1,2568,'C','1342200088375','2025-11-05 09:11:05'),('2025-11-05',1548,4,1,2568,'C','1342200088375','2025-11-05 09:11:05'),('2025-11-05',1527,5,1,2568,'C','1342200088375','2025-11-05 09:11:10'),('2025-11-05',1528,5,1,2568,'C','1342200088375','2025-11-05 09:11:10'),('2025-11-05',1534,5,1,2568,'C','1342200088375','2025-11-05 09:11:10'),('2025-11-05',1555,5,1,2568,'C','1342200088375','2025-11-05 09:11:10'),('2025-11-05',1514,6,1,2568,'C','1342200088375','2025-11-05 09:11:19'),('2025-11-05',1519,6,1,2568,'C','1342200088375','2025-11-05 09:11:19'),('2025-11-05',1524,6,1,2568,'C','1342200088375','2025-11-05 09:11:19'),('2025-11-05',1525,6,1,2568,'C','1342200088375','2025-11-05 09:11:19'),('2025-11-05',1526,6,1,2568,'C','1342200088375','2025-11-05 09:11:19'),('2025-11-05',1539,6,1,2568,'C','1342200088375','2025-11-05 09:11:19'),('2025-11-05',1551,6,1,2568,'C','1342200088375','2025-11-05 09:11:19'),('2025-11-05',1516,6,1,2568,'C','1342200088375','2025-11-05 09:11:19'),('2025-11-05',1515,7,1,2568,'C','1342200088375','2025-11-05 09:11:26'),('2025-11-05',1517,7,1,2568,'C','1342200088375','2025-11-05 09:11:26'),('2025-11-05',1520,7,1,2568,'C','1342200088375','2025-11-05 09:11:26'),('2025-11-05',1531,7,1,2568,'C','1342200088375','2025-11-05 09:11:26'),('2025-11-05',1505,8,1,2568,'C','1342200088375','2025-11-05 09:11:31'),('2025-11-05',1507,8,1,2568,'C','1342200088375','2025-11-05 09:11:31'),('2025-11-05',1508,8,1,2568,'C','1342200088375','2025-11-05 09:11:31'),('2025-11-05',1509,8,1,2568,'C','1342200088375','2025-11-05 09:11:31'),('2025-11-05',1510,8,1,2568,'C','1342200088375','2025-11-05 09:11:31'),('2025-11-05',1521,8,1,2568,'C','1342200088375','2025-11-05 09:11:31'),('2025-11-05',1500,9,1,2568,'C','1342200088375','2025-11-05 09:11:36'),('2025-11-05',1501,9,1,2568,'C','1342200088375','2025-11-05 09:11:36'),('2025-11-05',1502,9,1,2568,'C','1342200088375','2025-11-05 09:11:36'),('2025-11-06',1556,2,1,2568,'C','1342200088375','2025-11-07 08:11:35'),('2025-11-06',1557,2,1,2568,'C','1342200088375','2025-11-07 08:11:35'),('2025-11-06',1558,2,1,2568,'C','1342200088375','2025-11-07 08:11:35'),('2025-11-06',1559,2,1,2568,'C','1342200088375','2025-11-07 08:11:35'),('2025-11-06',1560,2,1,2568,'C','1342200088375','2025-11-07 08:11:35'),('2025-11-06',1561,2,1,2568,'C','1342200088375','2025-11-07 08:11:35'),('2025-11-06',1562,2,1,2568,'C','1342200088375','2025-11-07 08:11:35'),('2025-11-06',1563,2,1,2568,'C','1342200088375','2025-11-07 08:11:35'),('2025-11-06',1564,2,1,2568,'C','1342200088375','2025-11-07 08:11:35'),('2025-11-07',1556,2,1,2568,'C','1342200088375','2025-11-07 08:11:44'),('2025-11-07',1557,2,1,2568,'C','1342200088375','2025-11-07 08:11:44'),('2025-11-07',1558,2,1,2568,'C','1342200088375','2025-11-07 08:11:44'),('2025-11-07',1559,2,1,2568,'C','1342200088375','2025-11-07 08:11:44'),('2025-11-07',1560,2,1,2568,'C','1342200088375','2025-11-07 08:11:44'),('2025-11-07',1561,2,1,2568,'C','1342200088375','2025-11-07 08:11:44'),('2025-11-07',1562,2,1,2568,'C','1342200088375','2025-11-07 08:11:44'),('2025-11-07',1563,2,1,2568,'C','1342200088375','2025-11-07 08:11:44'),('2025-11-07',1564,2,1,2568,'C','1342200088375','2025-11-07 08:11:44'),('2025-11-06',1542,3,1,2568,'C','1342200088375','2025-11-07 08:11:57'),('2025-11-06',1545,3,1,2568,'C','1342200088375','2025-11-07 08:11:57'),('2025-11-06',1546,3,1,2568,'C','1342200088375','2025-11-07 08:11:57'),('2025-11-06',1547,3,1,2568,'C','1342200088375','2025-11-07 08:11:57'),('2025-11-07',1542,3,1,2568,'C','1342200088375','2025-11-07 08:11:58'),('2025-11-07',1545,3,1,2568,'C','1342200088375','2025-11-07 08:11:58'),('2025-11-07',1546,3,1,2568,'C','1342200088375','2025-11-07 08:11:58'),('2025-11-07',1547,3,1,2568,'C','1342200088375','2025-11-07 08:11:58'),('2025-11-06',1532,4,1,2568,'C','1342200088375','2025-11-07 08:11:40'),('2025-11-06',1533,4,1,2568,'C','1342200088375','2025-11-07 08:11:40'),('2025-11-06',1543,4,1,2568,'C','1342200088375','2025-11-07 08:11:40'),('2025-11-06',1548,4,1,2568,'C','1342200088375','2025-11-07 08:11:40'),('2025-11-07',1532,4,1,2568,'C','1342200088375','2025-11-07 08:11:49'),('2025-11-07',1533,4,1,2568,'C','1342200088375','2025-11-07 08:11:49'),('2025-11-07',1543,4,1,2568,'C','1342200088375','2025-11-07 08:11:49'),('2025-11-07',1548,4,1,2568,'C','1342200088375','2025-11-07 08:11:49'),('2025-11-06',1527,5,1,2568,'C','1342200088375','2025-11-07 08:11:25'),('2025-11-06',1528,5,1,2568,'C','1342200088375','2025-11-07 08:11:25'),('2025-11-06',1534,5,1,2568,'C','1342200088375','2025-11-07 08:11:25'),('2025-11-06',1555,5,1,2568,'C','1342200088375','2025-11-07 08:11:25'),('2025-11-07',1527,5,1,2568,'C','1342200088375','2025-11-07 09:11:12'),('2025-11-07',1528,5,1,2568,'C','1342200088375','2025-11-07 09:11:12'),('2025-11-07',1534,5,1,2568,'C','1342200088375','2025-11-07 09:11:12'),('2025-11-07',1555,5,1,2568,'C','1342200088375','2025-11-07 09:11:12'),('2025-11-06',1514,6,1,2568,'C','1342200088375','2025-11-07 09:11:10'),('2025-11-06',1519,6,1,2568,'C','1342200088375','2025-11-07 09:11:10'),('2025-11-06',1524,6,1,2568,'C','1342200088375','2025-11-07 09:11:10'),('2025-11-06',1525,6,1,2568,'C','1342200088375','2025-11-07 09:11:10'),('2025-11-06',1526,6,1,2568,'C','1342200088375','2025-11-07 09:11:10'),('2025-11-06',1539,6,1,2568,'C','1342200088375','2025-11-07 09:11:10'),('2025-11-06',1551,6,1,2568,'C','1342200088375','2025-11-07 09:11:10'),('2025-11-06',1516,6,1,2568,'C','1342200088375','2025-11-07 09:11:10'),('2025-11-07',1514,6,1,2568,'C','1342200088375','2025-11-07 09:11:16'),('2025-11-07',1519,6,1,2568,'C','1342200088375','2025-11-07 09:11:16'),('2025-11-07',1524,6,1,2568,'C','1342200088375','2025-11-07 09:11:16'),('2025-11-07',1525,6,1,2568,'C','1342200088375','2025-11-07 09:11:16'),('2025-11-07',1526,6,1,2568,'C','1342200088375','2025-11-07 09:11:16'),('2025-11-07',1539,6,1,2568,'C','1342200088375','2025-11-07 09:11:16'),('2025-11-07',1551,6,1,2568,'C','1342200088375','2025-11-07 09:11:16'),('2025-11-07',1516,6,1,2568,'C','1342200088375','2025-11-07 09:11:16'),('2025-11-06',1515,7,1,2568,'C','1342200088375','2025-11-07 09:11:22'),('2025-11-06',1517,7,1,2568,'C','1342200088375','2025-11-07 09:11:22'),('2025-11-06',1520,7,1,2568,'C','1342200088375','2025-11-07 09:11:22'),('2025-11-06',1531,7,1,2568,'C','1342200088375','2025-11-07 09:11:22'),('2025-11-07',1515,7,1,2568,'C','1342200088375','2025-11-07 09:11:27'),('2025-11-07',1517,7,1,2568,'C','1342200088375','2025-11-07 09:11:27'),('2025-11-07',1520,7,1,2568,'C','1342200088375','2025-11-07 09:11:27'),('2025-11-07',1531,7,1,2568,'C','1342200088375','2025-11-07 09:11:27'),('2025-11-06',1505,8,1,2568,'C','1342200088375','2025-11-07 09:11:39'),('2025-11-06',1507,8,1,2568,'C','1342200088375','2025-11-07 09:11:39'),('2025-11-06',1508,8,1,2568,'C','1342200088375','2025-11-07 09:11:39'),('2025-11-06',1509,8,1,2568,'C','1342200088375','2025-11-07 09:11:39'),('2025-11-06',1510,8,1,2568,'C','1342200088375','2025-11-07 09:11:39'),('2025-11-06',1521,8,1,2568,'C','1342200088375','2025-11-07 09:11:39'),('2025-11-07',1505,8,1,2568,'C','1342200088375','2025-11-07 09:11:44'),('2025-11-07',1507,8,1,2568,'C','1342200088375','2025-11-07 09:11:44'),('2025-11-07',1508,8,1,2568,'C','1342200088375','2025-11-07 09:11:44'),('2025-11-07',1509,8,1,2568,'C','1342200088375','2025-11-07 09:11:44'),('2025-11-07',1510,8,1,2568,'C','1342200088375','2025-11-07 09:11:44'),('2025-11-07',1521,8,1,2568,'C','1342200088375','2025-11-07 09:11:44'),('2025-11-06',1500,9,1,2568,'C','1342200088375','2025-11-07 09:11:54'),('2025-11-06',1501,9,1,2568,'C','1342200088375','2025-11-07 09:11:54'),('2025-11-06',1502,9,1,2568,'C','1342200088375','2025-11-07 09:11:54'),('2025-11-07',1500,9,1,2568,'C','1342200088375','2025-11-07 09:11:59'),('2025-11-07',1501,9,1,2568,'C','1342200088375','2025-11-07 09:11:59'),('2025-11-07',1502,9,1,2568,'C','1342200088375','2025-11-07 09:11:59'),('2025-11-10',1556,2,1,2568,'C','1342200088375','2025-11-10 03:11:12'),('2025-11-10',1557,2,1,2568,'C','1342200088375','2025-11-10 03:11:12'),('2025-11-10',1558,2,1,2568,'C','1342200088375','2025-11-10 03:11:12'),('2025-11-10',1559,2,1,2568,'C','1342200088375','2025-11-10 03:11:12'),('2025-11-10',1560,2,1,2568,'C','1342200088375','2025-11-10 03:11:12'),('2025-11-10',1561,2,1,2568,'C','1342200088375','2025-11-10 03:11:12'),('2025-11-10',1562,2,1,2568,'C','1342200088375','2025-11-10 03:11:12'),('2025-11-10',1563,2,1,2568,'C','1342200088375','2025-11-10 03:11:12'),('2025-11-10',1564,2,1,2568,'C','1342200088375','2025-11-10 03:11:12'),('2025-11-10',1542,3,1,2568,'C','1342200088375','2025-11-10 03:11:19'),('2025-11-10',1545,3,1,2568,'C','1342200088375','2025-11-10 03:11:19'),('2025-11-10',1546,3,1,2568,'C','1342200088375','2025-11-10 03:11:19'),('2025-11-10',1547,3,1,2568,'C','1342200088375','2025-11-10 03:11:19'),('2025-11-10',1532,4,1,2568,'C','1342200088375','2025-11-10 03:11:24'),('2025-11-10',1533,4,1,2568,'C','1342200088375','2025-11-10 03:11:24'),('2025-11-10',1543,4,1,2568,'C','1342200088375','2025-11-10 03:11:24'),('2025-11-10',1548,4,1,2568,'C','1342200088375','2025-11-10 03:11:24'),('2025-11-10',1527,5,1,2568,'C','1342200088375','2025-11-10 03:11:31'),('2025-11-10',1528,5,1,2568,'C','1342200088375','2025-11-10 03:11:31'),('2025-11-10',1534,5,1,2568,'C','1342200088375','2025-11-10 03:11:31'),('2025-11-10',1555,5,1,2568,'C','1342200088375','2025-11-10 03:11:31'),('2025-11-10',1514,6,1,2568,'C','1342200088375','2025-11-10 03:11:36'),('2025-11-10',1519,6,1,2568,'C','1342200088375','2025-11-10 03:11:36'),('2025-11-10',1524,6,1,2568,'C','1342200088375','2025-11-10 03:11:36'),('2025-11-10',1525,6,1,2568,'C','1342200088375','2025-11-10 03:11:36'),('2025-11-10',1526,6,1,2568,'C','1342200088375','2025-11-10 03:11:36'),('2025-11-10',1539,6,1,2568,'C','1342200088375','2025-11-10 03:11:36'),('2025-11-10',1551,6,1,2568,'C','1342200088375','2025-11-10 03:11:36'),('2025-11-10',1516,6,1,2568,'C','1342200088375','2025-11-10 03:11:36'),('2025-11-10',1515,7,1,2568,'C','1342200088375','2025-11-10 03:11:41'),('2025-11-10',1517,7,1,2568,'C','1342200088375','2025-11-10 03:11:41'),('2025-11-10',1520,7,1,2568,'C','1342200088375','2025-11-10 03:11:41'),('2025-11-10',1531,7,1,2568,'C','1342200088375','2025-11-10 03:11:41'),('2025-11-10',1505,8,1,2568,'C','1342200088375','2025-11-10 03:11:46'),('2025-11-10',1507,8,1,2568,'C','1342200088375','2025-11-10 03:11:46'),('2025-11-10',1508,8,1,2568,'C','1342200088375','2025-11-10 03:11:46'),('2025-11-10',1509,8,1,2568,'C','1342200088375','2025-11-10 03:11:46'),('2025-11-10',1510,8,1,2568,'C','1342200088375','2025-11-10 03:11:46'),('2025-11-10',1521,8,1,2568,'C','1342200088375','2025-11-10 03:11:46'),('2025-11-10',1500,9,1,2568,'C','1342200088375','2025-11-10 03:11:51'),('2025-11-10',1501,9,1,2568,'C','1342200088375','2025-11-10 03:11:51'),('2025-11-10',1502,9,1,2568,'C','1342200088375','2025-11-10 03:11:51'),('2025-11-11',1556,2,1,2568,'C','1342200088375','2025-11-11 10:11:17'),('2025-11-11',1557,2,1,2568,'C','1342200088375','2025-11-11 10:11:17'),('2025-11-11',1558,2,1,2568,'C','1342200088375','2025-11-11 10:11:17'),('2025-11-11',1559,2,1,2568,'C','1342200088375','2025-11-11 10:11:17'),('2025-11-11',1560,2,1,2568,'C','1342200088375','2025-11-11 10:11:17'),('2025-11-11',1561,2,1,2568,'C','1342200088375','2025-11-11 10:11:17'),('2025-11-11',1562,2,1,2568,'C','1342200088375','2025-11-11 10:11:17'),('2025-11-11',1563,2,1,2568,'C','1342200088375','2025-11-11 10:11:17'),('2025-11-11',1564,2,1,2568,'C','1342200088375','2025-11-11 10:11:17'),('2025-11-11',1542,3,1,2568,'C','1342200088375','2025-11-11 10:11:21'),('2025-11-11',1545,3,1,2568,'C','1342200088375','2025-11-11 10:11:21'),('2025-11-11',1546,3,1,2568,'C','1342200088375','2025-11-11 10:11:21'),('2025-11-11',1547,3,1,2568,'C','1342200088375','2025-11-11 10:11:21'),('2025-11-11',1532,4,1,2568,'C','1342200088375','2025-11-11 10:11:27'),('2025-11-11',1533,4,1,2568,'C','1342200088375','2025-11-11 10:11:27'),('2025-11-11',1543,4,1,2568,'C','1342200088375','2025-11-11 10:11:27'),('2025-11-11',1548,4,1,2568,'C','1342200088375','2025-11-11 10:11:27'),('2025-11-11',1527,5,1,2568,'C','1342200088375','2025-11-11 10:11:34'),('2025-11-11',1528,5,1,2568,'C','1342200088375','2025-11-11 10:11:34'),('2025-11-11',1534,5,1,2568,'C','1342200088375','2025-11-11 10:11:34'),('2025-11-11',1555,5,1,2568,'C','1342200088375','2025-11-11 10:11:34'),('2025-11-11',1514,6,1,2568,'C','1342200088375','2025-11-11 10:11:50'),('2025-11-11',1519,6,1,2568,'C','1342200088375','2025-11-11 10:11:50'),('2025-11-11',1524,6,1,2568,'C','1342200088375','2025-11-11 10:11:50'),('2025-11-11',1525,6,1,2568,'C','1342200088375','2025-11-11 10:11:50'),('2025-11-11',1526,6,1,2568,'C','1342200088375','2025-11-11 10:11:50'),('2025-11-11',1539,6,1,2568,'C','1342200088375','2025-11-11 10:11:50'),('2025-11-11',1551,6,1,2568,'C','1342200088375','2025-11-11 10:11:50'),('2025-11-11',1516,6,1,2568,'C','1342200088375','2025-11-11 10:11:50'),('2025-11-11',1515,7,1,2568,'C','1342200088375','2025-11-11 10:11:56'),('2025-11-11',1517,7,1,2568,'C','1342200088375','2025-11-11 10:11:56'),('2025-11-11',1520,7,1,2568,'C','1342200088375','2025-11-11 10:11:56'),('2025-11-11',1531,7,1,2568,'C','1342200088375','2025-11-11 10:11:56'),('2025-11-11',1505,8,1,2568,'C','1342200088375','2025-11-11 10:11:02'),('2025-11-11',1507,8,1,2568,'C','1342200088375','2025-11-11 10:11:02'),('2025-11-11',1508,8,1,2568,'C','1342200088375','2025-11-11 10:11:02'),('2025-11-11',1509,8,1,2568,'C','1342200088375','2025-11-11 10:11:02'),('2025-11-11',1510,8,1,2568,'C','1342200088375','2025-11-11 10:11:02'),('2025-11-11',1521,8,1,2568,'C','1342200088375','2025-11-11 10:11:02'),('2025-11-11',1500,9,1,2568,'C','1342200088375','2025-11-11 10:11:08'),('2025-11-11',1501,9,1,2568,'C','1342200088375','2025-11-11 10:11:08'),('2025-11-11',1502,9,1,2568,'C','1342200088375','2025-11-11 10:11:08'),('2025-11-12',1556,2,1,2568,'C','1342200088375','2025-11-12 09:11:59'),('2025-11-12',1557,2,1,2568,'C','1342200088375','2025-11-12 09:11:59'),('2025-11-12',1558,2,1,2568,'C','1342200088375','2025-11-12 09:11:59'),('2025-11-12',1559,2,1,2568,'C','1342200088375','2025-11-12 09:11:59'),('2025-11-12',1560,2,1,2568,'C','1342200088375','2025-11-12 09:11:59'),('2025-11-12',1561,2,1,2568,'C','1342200088375','2025-11-12 09:11:59'),('2025-11-12',1562,2,1,2568,'C','1342200088375','2025-11-12 09:11:59'),('2025-11-12',1563,2,1,2568,'C','1342200088375','2025-11-12 09:11:59'),('2025-11-12',1564,2,1,2568,'C','1342200088375','2025-11-12 09:11:59'),('2025-11-12',1542,3,1,2568,'C','1342200088375','2025-11-12 09:11:07'),('2025-11-12',1545,3,1,2568,'C','1342200088375','2025-11-12 09:11:07'),('2025-11-12',1546,3,1,2568,'C','1342200088375','2025-11-12 09:11:07'),('2025-11-12',1547,3,1,2568,'C','1342200088375','2025-11-12 09:11:07'),('2025-11-12',1532,4,1,2568,'C','1342200088375','2025-11-12 09:11:14'),('2025-11-12',1533,4,1,2568,'C','1342200088375','2025-11-12 09:11:14'),('2025-11-12',1543,4,1,2568,'C','1342200088375','2025-11-12 09:11:14'),('2025-11-12',1548,4,1,2568,'C','1342200088375','2025-11-12 09:11:14'),('2025-11-12',1527,5,1,2568,'C','1342200088375','2025-11-12 09:11:19'),('2025-11-12',1528,5,1,2568,'C','1342200088375','2025-11-12 09:11:19'),('2025-11-12',1534,5,1,2568,'C','1342200088375','2025-11-12 09:11:19'),('2025-11-12',1555,5,1,2568,'C','1342200088375','2025-11-12 09:11:19'),('2025-11-12',1514,6,1,2568,'C','1342200088375','2025-11-12 09:11:30'),('2025-11-12',1519,6,1,2568,'C','1342200088375','2025-11-12 09:11:30'),('2025-11-12',1524,6,1,2568,'C','1342200088375','2025-11-12 09:11:30'),('2025-11-12',1525,6,1,2568,'C','1342200088375','2025-11-12 09:11:30'),('2025-11-12',1526,6,1,2568,'C','1342200088375','2025-11-12 09:11:30'),('2025-11-12',1539,6,1,2568,'C','1342200088375','2025-11-12 09:11:30'),('2025-11-12',1551,6,1,2568,'C','1342200088375','2025-11-12 09:11:30'),('2025-11-12',1516,6,1,2568,'C','1342200088375','2025-11-12 09:11:30'),('2025-11-12',1515,7,1,2568,'C','1342200088375','2025-11-12 09:11:35'),('2025-11-12',1517,7,1,2568,'C','1342200088375','2025-11-12 09:11:35'),('2025-11-12',1520,7,1,2568,'C','1342200088375','2025-11-12 09:11:35'),('2025-11-12',1531,7,1,2568,'C','1342200088375','2025-11-12 09:11:35'),('2025-11-12',1505,8,1,2568,'C','1342200088375','2025-11-12 09:11:19'),('2025-11-12',1507,8,1,2568,'C','1342200088375','2025-11-12 09:11:19'),('2025-11-12',1508,8,1,2568,'C','1342200088375','2025-11-12 09:11:19'),('2025-11-12',1509,8,1,2568,'C','1342200088375','2025-11-12 09:11:19'),('2025-11-12',1510,8,1,2568,'C','1342200088375','2025-11-12 09:11:19'),('2025-11-12',1521,8,1,2568,'C','1342200088375','2025-11-12 09:11:19'),('2025-11-12',1500,9,1,2568,'C','1342200088375','2025-11-12 09:11:32'),('2025-11-12',1501,9,1,2568,'C','1342200088375','2025-11-12 09:11:32'),('2025-11-12',1502,9,1,2568,'C','1342200088375','2025-11-12 09:11:32'),('2025-11-13',1556,2,1,2568,'C','1342200088375','2025-11-13 03:11:17'),('2025-11-13',1557,2,1,2568,'C','1342200088375','2025-11-13 03:11:17'),('2025-11-13',1558,2,1,2568,'C','1342200088375','2025-11-13 03:11:17'),('2025-11-13',1559,2,1,2568,'C','1342200088375','2025-11-13 03:11:17'),('2025-11-13',1560,2,1,2568,'C','1342200088375','2025-11-13 03:11:17'),('2025-11-13',1561,2,1,2568,'C','1342200088375','2025-11-13 03:11:17'),('2025-11-13',1562,2,1,2568,'C','1342200088375','2025-11-13 03:11:17'),('2025-11-13',1563,2,1,2568,'C','1342200088375','2025-11-13 03:11:17'),('2025-11-13',1564,2,1,2568,'C','1342200088375','2025-11-13 03:11:17'),('2025-11-13',1542,3,1,2568,'C','1342200088375','2025-11-13 03:11:22'),('2025-11-13',1545,3,1,2568,'C','1342200088375','2025-11-13 03:11:22'),('2025-11-13',1546,3,1,2568,'C','1342200088375','2025-11-13 03:11:22'),('2025-11-13',1547,3,1,2568,'C','1342200088375','2025-11-13 03:11:22'),('2025-11-13',1532,4,1,2568,'C','1342200088375','2025-11-13 03:11:28'),('2025-11-13',1533,4,1,2568,'C','1342200088375','2025-11-13 03:11:28'),('2025-11-13',1543,4,1,2568,'C','1342200088375','2025-11-13 03:11:28'),('2025-11-13',1548,4,1,2568,'C','1342200088375','2025-11-13 03:11:28'),('2025-11-13',1527,5,1,2568,'C','1342200088375','2025-11-13 03:11:32'),('2025-11-13',1528,5,1,2568,'C','1342200088375','2025-11-13 03:11:32'),('2025-11-13',1534,5,1,2568,'C','1342200088375','2025-11-13 03:11:32'),('2025-11-13',1555,5,1,2568,'C','1342200088375','2025-11-13 03:11:32'),('2025-11-13',1514,6,1,2568,'C','1342200088375','2025-11-13 03:11:37'),('2025-11-13',1519,6,1,2568,'C','1342200088375','2025-11-13 03:11:37'),('2025-11-13',1524,6,1,2568,'C','1342200088375','2025-11-13 03:11:37'),('2025-11-13',1525,6,1,2568,'C','1342200088375','2025-11-13 03:11:37'),('2025-11-13',1526,6,1,2568,'C','1342200088375','2025-11-13 03:11:37'),('2025-11-13',1539,6,1,2568,'C','1342200088375','2025-11-13 03:11:37'),('2025-11-13',1551,6,1,2568,'C','1342200088375','2025-11-13 03:11:37'),('2025-11-13',1516,6,1,2568,'C','1342200088375','2025-11-13 03:11:37'),('2025-11-13',1515,7,1,2568,'C','1342200088375','2025-11-13 03:11:46'),('2025-11-13',1517,7,1,2568,'C','1342200088375','2025-11-13 03:11:46'),('2025-11-13',1520,7,1,2568,'C','1342200088375','2025-11-13 03:11:46'),('2025-11-13',1531,7,1,2568,'C','1342200088375','2025-11-13 03:11:46'),('2025-11-13',1505,8,1,2568,'C','1342200088375','2025-11-13 03:11:52'),('2025-11-13',1507,8,1,2568,'C','1342200088375','2025-11-13 03:11:52'),('2025-11-13',1508,8,1,2568,'C','1342200088375','2025-11-13 03:11:52'),('2025-11-13',1509,8,1,2568,'C','1342200088375','2025-11-13 03:11:52'),('2025-11-13',1510,8,1,2568,'C','1342200088375','2025-11-13 03:11:52'),('2025-11-13',1521,8,1,2568,'C','1342200088375','2025-11-13 03:11:52'),('2025-11-13',1500,9,1,2568,'C','1342200088375','2025-11-13 03:11:56'),('2025-11-13',1501,9,1,2568,'C','1342200088375','2025-11-13 03:11:56'),('2025-11-13',1502,9,1,2568,'C','1342200088375','2025-11-13 03:11:56'),('2025-11-14',1556,2,1,2568,'C','1342200088375','2025-11-14 10:11:44'),('2025-11-14',1557,2,1,2568,'C','1342200088375','2025-11-14 10:11:44'),('2025-11-14',1558,2,1,2568,'C','1342200088375','2025-11-14 10:11:44'),('2025-11-14',1559,2,1,2568,'C','1342200088375','2025-11-14 10:11:44'),('2025-11-14',1560,2,1,2568,'C','1342200088375','2025-11-14 10:11:44'),('2025-11-14',1561,2,1,2568,'C','1342200088375','2025-11-14 10:11:44'),('2025-11-14',1562,2,1,2568,'C','1342200088375','2025-11-14 10:11:44'),('2025-11-14',1563,2,1,2568,'C','1342200088375','2025-11-14 10:11:44'),('2025-11-14',1564,2,1,2568,'C','1342200088375','2025-11-14 10:11:44'),('2025-11-14',1542,3,1,2568,'C','1342200088375','2025-11-14 10:11:49'),('2025-11-14',1545,3,1,2568,'C','1342200088375','2025-11-14 10:11:49'),('2025-11-14',1546,3,1,2568,'C','1342200088375','2025-11-14 10:11:49'),('2025-11-14',1547,3,1,2568,'C','1342200088375','2025-11-14 10:11:49'),('2025-11-14',1532,4,1,2568,'C','1342200088375','2025-11-14 10:11:56'),('2025-11-14',1533,4,1,2568,'C','1342200088375','2025-11-14 10:11:56'),('2025-11-14',1543,4,1,2568,'C','1342200088375','2025-11-14 10:11:56'),('2025-11-14',1548,4,1,2568,'C','1342200088375','2025-11-14 10:11:56'),('2025-11-14',1527,5,1,2568,'C','1342200088375','2025-11-14 10:11:01'),('2025-11-14',1528,5,1,2568,'C','1342200088375','2025-11-14 10:11:01'),('2025-11-14',1534,5,1,2568,'C','1342200088375','2025-11-14 10:11:01'),('2025-11-14',1555,5,1,2568,'C','1342200088375','2025-11-14 10:11:01'),('2025-11-14',1514,6,1,2568,'C','1342200088375','2025-11-14 10:11:07'),('2025-11-14',1519,6,1,2568,'C','1342200088375','2025-11-14 10:11:07'),('2025-11-14',1524,6,1,2568,'C','1342200088375','2025-11-14 10:11:07'),('2025-11-14',1525,6,1,2568,'C','1342200088375','2025-11-14 10:11:07'),('2025-11-14',1526,6,1,2568,'C','1342200088375','2025-11-14 10:11:07'),('2025-11-14',1539,6,1,2568,'C','1342200088375','2025-11-14 10:11:07'),('2025-11-14',1551,6,1,2568,'C','1342200088375','2025-11-14 10:11:07'),('2025-11-14',1516,6,1,2568,'C','1342200088375','2025-11-14 10:11:07'),('2025-11-14',1515,7,1,2568,'C','1342200088375','2025-11-14 10:11:12'),('2025-11-14',1517,7,1,2568,'C','1342200088375','2025-11-14 10:11:12'),('2025-11-14',1520,7,1,2568,'C','1342200088375','2025-11-14 10:11:12'),('2025-11-14',1531,7,1,2568,'C','1342200088375','2025-11-14 10:11:12'),('2025-11-14',1505,8,1,2568,'C','1342200088375','2025-11-14 10:11:17'),('2025-11-14',1507,8,1,2568,'C','1342200088375','2025-11-14 10:11:17'),('2025-11-14',1508,8,1,2568,'C','1342200088375','2025-11-14 10:11:17'),('2025-11-14',1509,8,1,2568,'C','1342200088375','2025-11-14 10:11:17'),('2025-11-14',1510,8,1,2568,'C','1342200088375','2025-11-14 10:11:17'),('2025-11-14',1521,8,1,2568,'C','1342200088375','2025-11-14 10:11:17'),('2025-11-14',1500,9,1,2568,'C','1342200088375','2025-11-14 10:11:22'),('2025-11-14',1501,9,1,2568,'C','1342200088375','2025-11-14 10:11:22'),('2025-11-14',1502,9,1,2568,'C','1342200088375','2025-11-14 10:11:22'),('2025-11-17',1556,2,1,2568,'C','1342200088375','2025-11-17 09:11:47'),('2025-11-17',1557,2,1,2568,'C','1342200088375','2025-11-17 09:11:47'),('2025-11-17',1558,2,1,2568,'C','1342200088375','2025-11-17 09:11:47'),('2025-11-17',1559,2,1,2568,'C','1342200088375','2025-11-17 09:11:47'),('2025-11-17',1560,2,1,2568,'C','1342200088375','2025-11-17 09:11:47'),('2025-11-17',1561,2,1,2568,'C','1342200088375','2025-11-17 09:11:47'),('2025-11-17',1562,2,1,2568,'C','1342200088375','2025-11-17 09:11:47'),('2025-11-17',1563,2,1,2568,'C','1342200088375','2025-11-17 09:11:47'),('2025-11-17',1564,2,1,2568,'C','1342200088375','2025-11-17 09:11:47'),('2025-11-17',1542,3,1,2568,'C','1342200088375','2025-11-17 09:11:52'),('2025-11-17',1545,3,1,2568,'C','1342200088375','2025-11-17 09:11:52'),('2025-11-17',1546,3,1,2568,'C','1342200088375','2025-11-17 09:11:52'),('2025-11-17',1547,3,1,2568,'C','1342200088375','2025-11-17 09:11:52'),('2025-11-17',1532,4,1,2568,'C','1342200088375','2025-11-17 09:11:56'),('2025-11-17',1533,4,1,2568,'C','1342200088375','2025-11-17 09:11:56'),('2025-11-17',1543,4,1,2568,'C','1342200088375','2025-11-17 09:11:56'),('2025-11-17',1548,4,1,2568,'C','1342200088375','2025-11-17 09:11:56'),('2025-11-17',1527,5,1,2568,'C','1342200088375','2025-11-17 09:11:01'),('2025-11-17',1528,5,1,2568,'C','1342200088375','2025-11-17 09:11:01'),('2025-11-17',1534,5,1,2568,'C','1342200088375','2025-11-17 09:11:01'),('2025-11-17',1555,5,1,2568,'C','1342200088375','2025-11-17 09:11:01'),('2025-11-17',1514,6,1,2568,'C','1342200088375','2025-11-17 09:11:06'),('2025-11-17',1519,6,1,2568,'C','1342200088375','2025-11-17 09:11:06'),('2025-11-17',1524,6,1,2568,'C','1342200088375','2025-11-17 09:11:06'),('2025-11-17',1525,6,1,2568,'C','1342200088375','2025-11-17 09:11:06'),('2025-11-17',1526,6,1,2568,'C','1342200088375','2025-11-17 09:11:06'),('2025-11-17',1539,6,1,2568,'C','1342200088375','2025-11-17 09:11:06'),('2025-11-17',1551,6,1,2568,'C','1342200088375','2025-11-17 09:11:06'),('2025-11-17',1516,6,1,2568,'C','1342200088375','2025-11-17 09:11:06'),('2025-11-17',1515,7,1,2568,'C','1342200088375','2025-11-17 09:11:12'),('2025-11-17',1517,7,1,2568,'C','1342200088375','2025-11-17 09:11:12'),('2025-11-17',1520,7,1,2568,'C','1342200088375','2025-11-17 09:11:12'),('2025-11-17',1531,7,1,2568,'C','1342200088375','2025-11-17 09:11:12'),('2025-11-17',1505,8,1,2568,'C','1342200088375','2025-11-17 09:11:18'),('2025-11-17',1507,8,1,2568,'C','1342200088375','2025-11-17 09:11:18'),('2025-11-17',1508,8,1,2568,'C','1342200088375','2025-11-17 09:11:18'),('2025-11-17',1509,8,1,2568,'C','1342200088375','2025-11-17 09:11:18'),('2025-11-17',1510,8,1,2568,'C','1342200088375','2025-11-17 09:11:18'),('2025-11-17',1521,8,1,2568,'C','1342200088375','2025-11-17 09:11:18'),('2025-11-17',1500,9,1,2568,'C','1342200088375','2025-11-17 09:11:26'),('2025-11-17',1501,9,1,2568,'C','1342200088375','2025-11-17 09:11:26'),('2025-11-17',1502,9,1,2568,'C','1342200088375','2025-11-17 09:11:26'),('2025-11-18',1556,2,1,2568,'C','1342200088375','2025-11-18 11:11:15'),('2025-11-18',1557,2,1,2568,'C','1342200088375','2025-11-18 11:11:15'),('2025-11-18',1558,2,1,2568,'C','1342200088375','2025-11-18 11:11:15'),('2025-11-18',1559,2,1,2568,'C','1342200088375','2025-11-18 11:11:15'),('2025-11-18',1560,2,1,2568,'C','1342200088375','2025-11-18 11:11:15'),('2025-11-18',1561,2,1,2568,'C','1342200088375','2025-11-18 11:11:15'),('2025-11-18',1562,2,1,2568,'C','1342200088375','2025-11-18 11:11:15'),('2025-11-18',1563,2,1,2568,'C','1342200088375','2025-11-18 11:11:15'),('2025-11-18',1564,2,1,2568,'C','1342200088375','2025-11-18 11:11:15'),('2025-11-18',1542,3,1,2568,'C','1342200088375','2025-11-18 11:11:22'),('2025-11-18',1545,3,1,2568,'C','1342200088375','2025-11-18 11:11:22'),('2025-11-18',1546,3,1,2568,'C','1342200088375','2025-11-18 11:11:22'),('2025-11-18',1547,3,1,2568,'C','1342200088375','2025-11-18 11:11:22'),('2025-11-18',1532,4,1,2568,'C','1342200088375','2025-11-18 11:11:30'),('2025-11-18',1533,4,1,2568,'C','1342200088375','2025-11-18 11:11:30'),('2025-11-18',1543,4,1,2568,'C','1342200088375','2025-11-18 11:11:30'),('2025-11-18',1548,4,1,2568,'C','1342200088375','2025-11-18 11:11:30'),('2025-11-18',1514,6,1,2568,'C','1342200088375','2025-11-18 11:11:46'),('2025-11-18',1519,6,1,2568,'C','1342200088375','2025-11-18 11:11:46'),('2025-11-18',1524,6,1,2568,'C','1342200088375','2025-11-18 11:11:46'),('2025-11-18',1525,6,1,2568,'C','1342200088375','2025-11-18 11:11:46'),('2025-11-18',1526,6,1,2568,'C','1342200088375','2025-11-18 11:11:46'),('2025-11-18',1539,6,1,2568,'C','1342200088375','2025-11-18 11:11:46'),('2025-11-18',1551,6,1,2568,'C','1342200088375','2025-11-18 11:11:46'),('2025-11-18',1516,6,1,2568,'C','1342200088375','2025-11-18 11:11:46'),('2025-11-18',1527,5,1,2568,'C','1342200088375','2025-11-18 11:11:53'),('2025-11-18',1528,5,1,2568,'C','1342200088375','2025-11-18 11:11:53'),('2025-11-18',1534,5,1,2568,'C','1342200088375','2025-11-18 11:11:53'),('2025-11-18',1555,5,1,2568,'C','1342200088375','2025-11-18 11:11:53'),('2025-11-18',1505,8,1,2568,'C','1342200088375','2025-11-18 11:11:58'),('2025-11-18',1507,8,1,2568,'C','1342200088375','2025-11-18 11:11:58'),('2025-11-18',1508,8,1,2568,'C','1342200088375','2025-11-18 11:11:58'),('2025-11-18',1509,8,1,2568,'C','1342200088375','2025-11-18 11:11:58'),('2025-11-18',1510,8,1,2568,'C','1342200088375','2025-11-18 11:11:58'),('2025-11-18',1521,8,1,2568,'C','1342200088375','2025-11-18 11:11:58'),('2025-11-18',1500,9,1,2568,'C','1342200088375','2025-11-18 11:11:07'),('2025-11-18',1501,9,1,2568,'C','1342200088375','2025-11-18 11:11:07'),('2025-11-18',1502,9,1,2568,'C','1342200088375','2025-11-18 11:11:07'),('2025-11-18',1515,7,1,2568,'C','1342200088375','2025-11-18 11:11:29'),('2025-11-18',1517,7,1,2568,'C','1342200088375','2025-11-18 11:11:29'),('2025-11-18',1520,7,1,2568,'C','1342200088375','2025-11-18 11:11:29'),('2025-11-18',1531,7,1,2568,'C','1342200088375','2025-11-18 11:11:29'),('2025-11-19',1556,2,1,2568,'C','1342200088375','2025-11-19 10:11:34'),('2025-11-19',1557,2,1,2568,'C','1342200088375','2025-11-19 10:11:34'),('2025-11-19',1558,2,1,2568,'C','1342200088375','2025-11-19 10:11:34'),('2025-11-19',1559,2,1,2568,'C','1342200088375','2025-11-19 10:11:34'),('2025-11-19',1560,2,1,2568,'C','1342200088375','2025-11-19 10:11:34'),('2025-11-19',1561,2,1,2568,'C','1342200088375','2025-11-19 10:11:34'),('2025-11-19',1562,2,1,2568,'C','1342200088375','2025-11-19 10:11:34'),('2025-11-19',1563,2,1,2568,'C','1342200088375','2025-11-19 10:11:34'),('2025-11-19',1564,2,1,2568,'C','1342200088375','2025-11-19 10:11:34'),('2025-11-19',1542,3,1,2568,'C','1342200088375','2025-11-19 10:11:39'),('2025-11-19',1545,3,1,2568,'C','1342200088375','2025-11-19 10:11:39'),('2025-11-19',1546,3,1,2568,'C','1342200088375','2025-11-19 10:11:39'),('2025-11-19',1547,3,1,2568,'C','1342200088375','2025-11-19 10:11:39'),('2025-11-19',1532,4,1,2568,'C','1342200088375','2025-11-19 10:11:44'),('2025-11-19',1533,4,1,2568,'C','1342200088375','2025-11-19 10:11:44'),('2025-11-19',1543,4,1,2568,'C','1342200088375','2025-11-19 10:11:44'),('2025-11-19',1548,4,1,2568,'C','1342200088375','2025-11-19 10:11:44'),('2025-11-19',1527,5,1,2568,'C','1342200088375','2025-11-19 10:11:55'),('2025-11-19',1528,5,1,2568,'C','1342200088375','2025-11-19 10:11:55'),('2025-11-19',1534,5,1,2568,'C','1342200088375','2025-11-19 10:11:55'),('2025-11-19',1555,5,1,2568,'C','1342200088375','2025-11-19 10:11:55'),('2025-11-19',1514,6,1,2568,'C','1342200088375','2025-11-19 10:11:00'),('2025-11-19',1519,6,1,2568,'C','1342200088375','2025-11-19 10:11:00'),('2025-11-19',1524,6,1,2568,'C','1342200088375','2025-11-19 10:11:00'),('2025-11-19',1525,6,1,2568,'C','1342200088375','2025-11-19 10:11:00'),('2025-11-19',1526,6,1,2568,'C','1342200088375','2025-11-19 10:11:00'),('2025-11-19',1539,6,1,2568,'C','1342200088375','2025-11-19 10:11:00'),('2025-11-19',1551,6,1,2568,'C','1342200088375','2025-11-19 10:11:00'),('2025-11-19',1516,6,1,2568,'C','1342200088375','2025-11-19 10:11:00'),('2025-11-19',1515,7,1,2568,'C','1342200088375','2025-11-19 10:11:05'),('2025-11-19',1517,7,1,2568,'C','1342200088375','2025-11-19 10:11:05'),('2025-11-19',1520,7,1,2568,'C','1342200088375','2025-11-19 10:11:05'),('2025-11-19',1531,7,1,2568,'C','1342200088375','2025-11-19 10:11:05'),('2025-11-19',1505,8,1,2568,'C','1342200088375','2025-11-19 10:11:10'),('2025-11-19',1507,8,1,2568,'C','1342200088375','2025-11-19 10:11:10'),('2025-11-19',1508,8,1,2568,'C','1342200088375','2025-11-19 10:11:10'),('2025-11-19',1509,8,1,2568,'C','1342200088375','2025-11-19 10:11:10'),('2025-11-19',1510,8,1,2568,'C','1342200088375','2025-11-19 10:11:10'),('2025-11-19',1521,8,1,2568,'C','1342200088375','2025-11-19 10:11:10'),('2025-11-19',1500,9,1,2568,'C','1342200088375','2025-11-19 10:11:20'),('2025-11-19',1501,9,1,2568,'C','1342200088375','2025-11-19 10:11:20'),('2025-11-19',1502,9,1,2568,'C','1342200088375','2025-11-19 10:11:20'),('2025-11-21',1556,2,1,2568,'C','1342200088375','2025-11-21 02:11:10'),('2025-11-21',1557,2,1,2568,'C','1342200088375','2025-11-21 02:11:10'),('2025-11-21',1558,2,1,2568,'C','1342200088375','2025-11-21 02:11:10'),('2025-11-21',1559,2,1,2568,'C','1342200088375','2025-11-21 02:11:10'),('2025-11-21',1560,2,1,2568,'C','1342200088375','2025-11-21 02:11:10'),('2025-11-21',1561,2,1,2568,'C','1342200088375','2025-11-21 02:11:10'),('2025-11-21',1562,2,1,2568,'C','1342200088375','2025-11-21 02:11:10'),('2025-11-21',1563,2,1,2568,'C','1342200088375','2025-11-21 02:11:10'),('2025-11-21',1564,2,1,2568,'C','1342200088375','2025-11-21 02:11:10'),('2025-11-21',1542,3,1,2568,'C','1342200088375','2025-11-21 02:11:17'),('2025-11-21',1545,3,1,2568,'C','1342200088375','2025-11-21 02:11:17'),('2025-11-21',1546,3,1,2568,'C','1342200088375','2025-11-21 02:11:17'),('2025-11-21',1547,3,1,2568,'C','1342200088375','2025-11-21 02:11:17'),('2025-11-21',1532,4,1,2568,'C','1342200088375','2025-11-21 02:11:25'),('2025-11-21',1533,4,1,2568,'C','1342200088375','2025-11-21 02:11:25'),('2025-11-21',1543,4,1,2568,'C','1342200088375','2025-11-21 02:11:25'),('2025-11-21',1548,4,1,2568,'C','1342200088375','2025-11-21 02:11:25'),('2025-11-21',1527,5,1,2568,'C','1342200088375','2025-11-21 02:11:35'),('2025-11-21',1528,5,1,2568,'C','1342200088375','2025-11-21 02:11:35'),('2025-11-21',1534,5,1,2568,'C','1342200088375','2025-11-21 02:11:35'),('2025-11-21',1555,5,1,2568,'C','1342200088375','2025-11-21 02:11:35'),('2025-11-21',1514,6,1,2568,'C','1342200088375','2025-11-21 02:11:42'),('2025-11-21',1519,6,1,2568,'C','1342200088375','2025-11-21 02:11:42'),('2025-11-21',1524,6,1,2568,'C','1342200088375','2025-11-21 02:11:42'),('2025-11-21',1525,6,1,2568,'C','1342200088375','2025-11-21 02:11:42'),('2025-11-21',1526,6,1,2568,'C','1342200088375','2025-11-21 02:11:42'),('2025-11-21',1539,6,1,2568,'C','1342200088375','2025-11-21 02:11:42'),('2025-11-21',1551,6,1,2568,'C','1342200088375','2025-11-21 02:11:42'),('2025-11-21',1516,6,1,2568,'C','1342200088375','2025-11-21 02:11:42'),('2025-11-21',1515,7,1,2568,'C','1342200088375','2025-11-21 02:11:49'),('2025-11-21',1517,7,1,2568,'C','1342200088375','2025-11-21 02:11:49'),('2025-11-21',1520,7,1,2568,'C','1342200088375','2025-11-21 02:11:49'),('2025-11-21',1531,7,1,2568,'C','1342200088375','2025-11-21 02:11:49'),('2025-11-21',1505,8,1,2568,'C','1342200088375','2025-11-21 02:11:54'),('2025-11-21',1507,8,1,2568,'C','1342200088375','2025-11-21 02:11:54'),('2025-11-21',1508,8,1,2568,'C','1342200088375','2025-11-21 02:11:54'),('2025-11-21',1509,8,1,2568,'C','1342200088375','2025-11-21 02:11:54'),('2025-11-21',1510,8,1,2568,'C','1342200088375','2025-11-21 02:11:54'),('2025-11-21',1521,8,1,2568,'C','1342200088375','2025-11-21 02:11:54'),('2025-11-21',1500,9,1,2568,'C','1342200088375','2025-11-21 02:11:58'),('2025-11-21',1501,9,1,2568,'C','1342200088375','2025-11-21 02:11:58'),('2025-11-21',1502,9,1,2568,'C','1342200088375','2025-11-21 02:11:58');

--
-- Table structure for table `student_check_permission`
--

CREATE TABLE `student_check_permission` (
  `class_now` tinyint(4) NOT NULL,
  `room_now` tinyint(4) NOT NULL,
  `person_id` varchar(13) NOT NULL,
  `student_check_year` int(11) NOT NULL
) ENGINE=MyISAM DEFAULT CHARSET=utf8 COLLATE=utf8_general_ci;

--
-- Dumping data for table `student_check_permission`
--

INSERT INTO `student_check_permission` VALUES (3,0,'3349800241134',2559),(5,0,'3340100877739',2559),(7,0,'3341501016948',2559),(8,0,'3331300149452',2559),(9,0,'3341501626827',2559),(3,0,'3349800241134',2561),(4,0,'3349800216598',2561),(5,0,'3340100877739',2561),(6,0,'3341501016948',2561),(7,0,'3341501626827',2561),(8,0,'3331300149452',2561),(9,0,'3331300149452',2561),(3,0,'1341500059175',2561),(4,0,'1341500059175',2561),(5,0,'1341500059175',2561),(6,0,'1341500059175',2561),(7,0,'1341500059175',2561),(8,0,'1341500059175',2561),(9,0,'1341500059175',2561),(5,0,'3341500547745',2564),(5,0,'1342200088375',2564),(2,1,'1450600168624',2565),(2,1,'1342200088375',2564),(8,1,'3341501626827',2564),(2,1,'1342200088375',2565),(6,1,'1450600168624',2565),(3,1,'1342200088375',2564),(4,1,'1450600168624',2565),(5,1,'1342200088375',2564),(4,1,'1342200088375',2564),(5,0,'1342200088375',2563),(2,0,'3341500547745',2564),(2,0,'1342200088375',2564),(8,1,'1450600168624',2565),(7,1,'1450600168624',2565),(5,1,'1450600168624',2565),(5,0,'3341500547745',2563),(3,1,'1450600168624',2565),(5,1,'3340100877739',2562),(9,1,'3341501626827',2564),(5,1,'1379900057002',2565),(7,1,'3341501626827',2564),(7,1,'1342200088375',2562),(7,1,'3341501016948',2562),(8,1,'3341501626827',2562),(8,1,'1342200088375',2562),(9,1,'3341501626827',2562),(9,1,'1342200088375',2562),(2,1,'3341501626827',2564),(2,1,'1379900057002',2565),(3,1,'3341501626827',2564),(5,1,'3341501626827',2565),(6,1,'1342200088375',2564),(4,1,'3341501626827',2564),(3,1,'1379900057002',2565),(5,1,'3340100877739',2563),(5,1,'3341501626827',2564),(7,1,'1342200088375',2564),(6,1,'3341501626827',2564),(3,1,'1342200088375',2565),(3,1,'3341501626827',2565),(7,1,'1342200088375',2563),(9,1,'1342200088375',2564),(7,1,'3341501016948',2563),(8,1,'3341501626827',2563),(8,1,'1342200088375',2563),(8,1,'1342200088375',2564),(9,1,'3341501626827',2563),(9,1,'1342200088375',2563),(2,1,'3341501626827',2565),(5,1,'1342200088375',2565),(7,1,'3341501626827',2565),(7,1,'1379900057002',2565),(7,1,'1342200088375',2565),(4,1,'3341501626827',2565),(4,1,'1379900057002',2565),(4,1,'1342200088375',2565),(6,1,'3341501626827',2565),(6,1,'1379900057002',2565),(6,1,'1342200088375',2565),(8,1,'3341501626827',2565),(8,1,'1379900057002',2565),(8,1,'1342200088375',2565),(9,1,'3341501626827',2565),(9,1,'1379900057002',2565),(9,1,'1342200088375',2565),(2,1,'1379900057002',2564),(3,1,'1379900057002',2564),(4,1,'1379900057002',2564),(5,1,'1379900057002',2564),(6,1,'1379900057002',2564),(7,1,'1379900057002',2564),(8,1,'1379900057002',2564),(9,1,'1379900057002',2564),(9,1,'1450600168624',2565),(2,1,'3341501626827',2566),(2,1,'1450600168624',2566),(2,1,'1379900057002',2566),(2,1,'1342200088375',2566),(2,1,'1349901060911',2566),(3,1,'3341501626827',2566),(3,1,'1450600168624',2566),(3,1,'1379900057002',2566),(3,1,'1342200088375',2566),(3,1,'1349901060911',2566),(4,1,'3341501626827',2566),(4,1,'1450600168624',2566),(4,1,'1379900057002',2566),(4,1,'1342200088375',2566),(4,1,'1349901060911',2566),(5,1,'3341501626827',2566),(5,1,'1450600168624',2566),(5,1,'1379900057002',2566),(5,1,'1342200088375',2566),(5,1,'1349901060911',2566),(6,1,'3341501626827',2566),(6,1,'1450600168624',2566),(6,1,'1379900057002',2566),(6,1,'1342200088375',2566),(6,1,'1349901060911',2566),(7,1,'3341501626827',2566),(7,1,'1450600168624',2566),(7,1,'1379900057002',2566),(7,1,'1342200088375',2566),(7,1,'1349901060911',2566),(8,1,'3341501626827',2566),(8,1,'1450600168624',2566),(8,1,'1379900057002',2566),(8,1,'1342200088375',2566),(8,1,'1349901060911',2566),(9,1,'3341501626827',2566),(9,1,'1450600168624',2566),(9,1,'1379900057002',2566),(9,1,'1342200088375',2566),(9,1,'1349901060911',2566),(2,1,'1379900057002',2567),(2,1,'1342200088375',2567),(3,1,'1379900057002',2567),(3,1,'1342200088375',2567),(4,1,'1342200088375',2567),(6,1,'1342200088375',2567),(5,1,'1342200088375',2567),(6,1,'1349901060911',2567),(7,1,'3341501626827',2567),(7,1,'1342200088375',2567),(8,1,'1450600168624',2567),(8,1,'1342200088375',2567),(9,1,'1450600168624',2567),(9,1,'1342200088375',2567),(2,1,'1379900057002',2568),(2,1,'1342200088375',2568),(3,1,'1379900057002',2568),(3,1,'1342200088375',2568),(4,1,'1342200088375',2568),(5,1,'1342200088375',2568),(6,1,'1342200088375',2568),(6,1,'1349901060911',2568),(7,1,'3341501626827',2568),(7,1,'1342200088375',2568),(8,1,'1450600168624',2568),(8,1,'1342200088375',2568),(9,1,'1450600168624',2568),(9,1,'1342200088375',2568);

--
-- Table structure for table `student_check_year`
--

CREATE TABLE `student_check_year` (
  `id` int(11) NOT NULL AUTO_INCREMENT,
  `student_check_year` int(11) NOT NULL,
  `year_active` tinyint(1) NOT NULL,
  PRIMARY KEY (`id`),
  UNIQUE KEY `student_check_year` (`student_check_year`)
) ENGINE=MyISAM AUTO_INCREMENT=10 DEFAULT CHARSET=utf8 COLLATE=utf8_general_ci;

--
-- Dumping data for table `student_check_year`
--

INSERT INTO `student_check_year` VALUES (1,2559,0),(2,2561,0),(3,2562,0),(4,2563,0),(5,2564,0),(6,2565,0),(7,2566,0),(8,2567,0),(9,2568,1);

--
-- Table structure for table `student_inclass_main`
--

CREATE TABLE `student_inclass_main` (
  `check_date` date NOT NULL COMMENT 'วันที่บันทึก',
  `student_id` int(11) NOT NULL COMMENT 'รหัสนักเรียน',
  `class_now` tinyint(4) NOT NULL COMMENT 'ชั้นเรียนปัจจุบันที่บันทึก',
  `room_now` tinyint(4) NOT NULL COMMENT 'ห้องเรียนปัจจุบันที่บันทึก',
  `student_check_year` int(11) NOT NULL COMMENT 'ปีการศึกษาที่บันทึก',
  `check_val` varchar(50) NOT NULL COMMENT 'ค่าการเช็ค',
  `check_person_id` varchar(13) NOT NULL COMMENT 'ผู้ทำรายการ',
  `save_date` datetime NOT NULL COMMENT 'วันที่ทำรายการบันทึก'
) ENGINE=MyISAM DEFAULT CHARSET=utf8 COLLATE=utf8_general_ci;

--
-- Dumping data for table `student_inclass_main`
--

INSERT INTO `student_inclass_main` VALUES ('2021-07-05',1491,6,1,2563,'','1342200088375','2021-07-05 05:07:25'),('2021-07-05',1492,6,1,2563,'','1342200088375','2021-07-05 05:07:25'),('2021-07-05',1493,6,1,2563,'','1342200088375','2021-07-05 05:07:25'),('2021-07-05',1494,6,1,2563,'','1342200088375','2021-07-05 05:07:25'),('2021-07-05',1495,6,1,2563,'','1342200088375','2021-07-05 05:07:25');

--
-- Table structure for table `student_inclass_part`
--

CREATE TABLE `student_inclass_part` (
  `id` int(11) NOT NULL AUTO_INCREMENT,
  `ed_year` int(11) NOT NULL,
  `part` tinyint(4) NOT NULL,
  `start_date` date NOT NULL,
  `stop_date` date NOT NULL,
  `rec_date` date NOT NULL,
  `officer` varchar(13) NOT NULL,
  PRIMARY KEY (`id`)
) ENGINE=MyISAM AUTO_INCREMENT=6 DEFAULT CHARSET=utf8 COLLATE=utf8_general_ci;

--
-- Dumping data for table `student_inclass_part`
--

INSERT INTO `student_inclass_part` VALUES (1,2561,1,'2019-05-16','2019-10-11','2019-09-26','1341500059175'),(4,2563,1,'2020-07-01','2020-11-13','2020-08-19','1341500059175'),(5,2563,2,'2020-12-01','2021-04-09','2020-08-19','1341500059175');

--
-- Table structure for table `student_inclass_permission`
--

CREATE TABLE `student_inclass_permission` (
  `class_now` tinyint(4) NOT NULL,
  `room_now` tinyint(4) NOT NULL,
  `person_id` varchar(13) NOT NULL,
  `student_check_year` int(11) NOT NULL
) ENGINE=MyISAM DEFAULT CHARSET=utf8 COLLATE=utf8_general_ci;

--
-- Dumping data for table `student_inclass_permission`
--

INSERT INTO `student_inclass_permission` VALUES (2,1,'3341500547745',2563),(3,1,'3341500547745',2563),(4,1,'3340100877739',2563),(5,1,'3340100877739',2563),(6,1,'1342200088375',2563),(7,1,'3341501016948',2563),(8,1,'3341501626827',2563),(9,1,'3341501626827',2563);

--
-- Table structure for table `student_inclass_ref`
--

CREATE TABLE `student_inclass_ref` (
  `id` int(11) NOT NULL AUTO_INCREMENT,
  `ref_id` varchar(50) NOT NULL,
  `ed_day` varchar(10) NOT NULL,
  `period` tinyint(4) NOT NULL,
  PRIMARY KEY (`id`)
) ENGINE=MyISAM DEFAULT CHARSET=utf8 COLLATE=utf8_general_ci;

--
-- Dumping data for table `student_inclass_ref`
--


--
-- Table structure for table `student_inclass_subject`
--

CREATE TABLE `student_inclass_subject` (
  `id` int(11) NOT NULL AUTO_INCREMENT,
  `ed_year` int(11) NOT NULL,
  `part` tinyint(4) NOT NULL,
  `subject` varchar(100) NOT NULL,
  `std_class` tinyint(4) NOT NULL,
  `room` tinyint(4) NOT NULL,
  `ref_id` varchar(50) NOT NULL,
  `officer` varchar(13) NOT NULL,
  `rec_date` date NOT NULL,
  PRIMARY KEY (`id`)
) ENGINE=MyISAM DEFAULT CHARSET=utf8 COLLATE=utf8_general_ci;

--
-- Dumping data for table `student_inclass_subject`
--


--
-- Table structure for table `student_inclass_year`
--

CREATE TABLE `student_inclass_year` (
  `id` int(11) NOT NULL AUTO_INCREMENT,
  `student_check_year` int(11) NOT NULL,
  `num_period` int(2) NOT NULL,
  `lunch_period` int(2) NOT NULL,
  `year_active` tinyint(1) NOT NULL,
  PRIMARY KEY (`id`)
) ENGINE=MyISAM AUTO_INCREMENT=3 DEFAULT CHARSET=utf8 COLLATE=utf8_general_ci;

--
-- Dumping data for table `student_inclass_year`
--

INSERT INTO `student_inclass_year` VALUES (1,2561,0,0,0),(2,2563,0,0,1);

--
-- Table structure for table `student_main`
--

CREATE TABLE `student_main` (
  `id` int(11) NOT NULL AUTO_INCREMENT,
  `student_id` varchar(7) NOT NULL,
  `student_number` int(11) DEFAULT NULL,
  `prename` varchar(20) NOT NULL,
  `name` varchar(50) NOT NULL,
  `surname` varchar(50) NOT NULL,
  `person_id` varchar(20) DEFAULT NULL,
  `sex` tinyint(4) NOT NULL DEFAULT 0,
  `pic` varchar(150) DEFAULT NULL,
  `class_now` tinyint(4) DEFAULT NULL,
  `room` tinyint(4) NOT NULL DEFAULT 0,
  `status` tinyint(4) NOT NULL DEFAULT 0,
  `out_edyear` int(11) DEFAULT NULL,
  `officer` varchar(13) NOT NULL,
  `rec_date` date NOT NULL,
  PRIMARY KEY (`id`),
  UNIQUE KEY `student_number` (`student_id`),
  KEY `class_now` (`class_now`),
  KEY `room` (`room`)
) ENGINE=MyISAM AUTO_INCREMENT=142 DEFAULT CHARSET=utf8 COLLATE=utf8_general_ci;

--
-- Dumping data for table `student_main`
--

INSERT INTO `student_main` VALUES (1,'1475',4,'เด็กชาย','ธนภูมิ','บุญเฮ้า','1349901691988',1,'modules/student_main/picture/pic_1475.jpg',9,1,1,2565,'3350300444861','0000-00-00'),(2,'1476',1,'เด็กชาย','ปิยวัฒน์','ทาเงิน','1342200153908',1,'modules/student_main/picture/pic_1476.jpg',9,1,1,2565,'3350300444861','0000-00-00'),(3,'1477',0,'เด็กชาย','พนัท','ศรีคำ','1129800184403',1,'modules/student_main/picture/pic_1477.jpg',6,1,2,2562,'1341500059175','0000-00-00'),(4,'1478',2,'เด็กชาย','พงศกร','พันธ์ศรี','1342200156389',1,'modules/student_main/picture/pic_1478.jpg',9,1,1,2565,'3350300444861','0000-00-00'),(5,'1479',3,'เด็กชาย','พลพล','สุดประเสริฐ','1349901722565',1,'modules/student_main/picture/pic_1479.jpg',9,1,1,2565,'3350300444861','0000-00-00'),(6,'1503',0,'เด็กชาย','พงศกร','พันธิมาศ','1339600189931',1,'modules/student_main/picture/pic_1503.jpg',9,1,1,2563,'1341500059175','0000-00-00'),(7,'1481',7,'เด็กชาย','ศักดิ์สิทธิ์','เผาสุข','1349901734172',1,'modules/student_main/picture/pic_1481.jpg',9,1,1,2565,'3350300444861','0000-00-00'),(8,'1482',5,'เด็กชาย','คิรากร','บุญมี','1342200155676',1,'modules/student_main/picture/pic_1482.jpg',9,1,1,2565,'3350300444861','0000-00-00'),(9,'1483',6,'เด็กชาย','อดิเทพ','เผาสุข','1342200154319',1,'modules/student_main/picture/pic_1483.jpg',9,1,1,2565,'3350300444861','0000-00-00'),(10,'1456',0,'เด็กชาย','จิรพนธ์','สีดา','1342200146731',1,'modules/student_main/picture/pic_1456.jpg',9,1,1,2563,'1341500059175','0000-00-00'),(11,'1457',0,'เด็กชาย','ธนวิชญ์','จำปาขีด','1342200147592',1,'modules/student_main/picture/pic_1457.jpg',9,1,1,2563,'1341500059175','0000-00-00'),(12,'1458',0,'เด็กชาย','ธีรภัทร','พรมทอง','1342200148076',1,'modules/student_main/picture/pic_1458.jpg',9,1,1,2563,'1341500059175','0000-00-00'),(13,'1459',0,'เด็กชาย','วรภัทร','พรรณาภพ','1342200146596',1,'modules/student_main/picture/pic_1459.jpg',9,1,1,2563,'1341500059175','0000-00-00'),(14,'1460',0,'เด็กหญิง','กนกนิภา','ภูมีสวย','1342200147053',2,'modules/student_main/picture/pic_1460.jpg',9,1,1,2563,'1341500059175','0000-00-00'),(15,'1463',0,'เด็กหญิง','เบญจรัตน์','บุดดาสิม','1219901230850',2,'modules/student_main/picture/pic_1463.jpg',9,1,1,2563,'1341500059175','0000-00-00'),(16,'1464',0,'เด็กหญิง','โยศิตา','เสนคำสอน','1349901584146',2,'modules/student_main/picture/pic_1464.jpg',8,1,2,2562,'1341500059175','0000-00-00'),(17,'1439',0,'เด็กชาย','ธนโชติ','พันจันลา','1342200145794',1,'modules/student_main/picture/pic_1439.jpg',9,1,1,2562,'1341500059175','0000-00-00'),(18,'1441',0,'เด็กชาย','ธราเทพ','สีดากุล','1342200144381',1,'modules/student_main/picture/pic_1441.jpg',9,1,1,2562,'1341500059175','0000-00-00'),(19,'1442',0,'เด็กชาย','ภานุวัฒน์','โสดา','1342200144453',1,'modules/student_main/picture/pic_1442.jpg',9,1,1,2562,'1341500059175','0000-00-00'),(20,'1444',0,'เด็กชาย','รพีภัทร','แก้วคำกอง','1342200144275',1,'modules/student_main/picture/pic_1444.jpg',9,1,1,2562,'1341500059175','0000-00-00'),(22,'1447',0,'เด็กชาย','ศรัณย์พร','เต็มดวง','1342200144151',1,'modules/student_main/picture/pic_1447.jpg',9,1,1,2562,'1341500059175','0000-00-00'),(23,'1448',0,'เด็กหญิง','อริสา','พันจันลา','1342200143686',2,'modules/student_main/picture/pic_1448.jpg',9,1,1,2562,'1341500059175','0000-00-00'),(24,'1449',0,'เด็กหญิง','กิตติญาภา','ดอนดง','1349901513494',2,'modules/student_main/picture/pic_1449.jpg',9,1,1,2562,'1341500059175','0000-00-00'),(25,'1450',0,'เด็กหญิง','ปิยนุช','คำแสนราช','1342200145867',2,'modules/student_main/picture/pic_1450.jpg',9,1,1,2562,'1341500059175','0000-00-00'),(30,'1432',0,'เด็กชาย','พรชัย','สิงหาเวช','1342200141845',1,'modules/student_main/picture/pic_1432.jpg',9,1,1,2561,'1341500059175','0000-00-00'),(31,'1433',0,'เด็กหญิง','ชวัลรัตน์','แสงขาว','1342200142051',2,'modules/student_main/picture/pic_1433.jpg',9,1,1,2561,'1341500059175','0000-00-00'),(32,'1435',0,'เด็กหญิง','ศิรประภา','พรมทอง','1342200142914',2,'modules/student_main/picture/pic_1435.jpg',9,1,1,2561,'1341500059175','0000-00-00'),(33,'1437',0,'เด็กหญิง','นันท์ณภัทร','โอนวัง','1349901422626',2,'modules/student_main/picture/pic_1437.jpg',9,1,1,2561,'1341500059175','0000-00-00'),(34,'1443',0,'เด็กชาย','ภัทรพล','บุญเสนอ','1209000314204',1,'modules/student_main/picture/pic_1443.jpg',9,1,1,2561,'1341500059175','0000-00-00'),(79,'1489',0,'เด็กหญิง','ชมพูนุช','ละเลิศ','1349901667441',2,'modules/student_main/picture/pic_1489.jpg',7,1,2,2562,'1341500059175','2018-11-23'),(78,'1471',0,'เด็กหญิง','วไลรัตน์','มีคำนิจ','1909300069021',2,'modules/student_main/picture/pic_1471.jpg',7,1,2,2562,'1341500059175','2018-11-23'),(61,'1500',1,'เด็กชาย','ศุภณัฐ','แก้วคำกอง','1349901949764',1,'modules/student_main/picture/pic_1500.jpg',9,1,0,NULL,'3350300444861','2018-11-23'),(62,'1501',2,'เด็กชาย','สุธินันท์','เผาสุข','1349901935003',1,'modules/student_main/picture/pic_1501.jpg',9,1,0,NULL,'3350300444861','2018-11-23'),(63,'1502',3,'เด็กหญิง','สุดารัตน์','โอนวัง','1349901928856',2,'modules/student_main/picture/pic_1502.jpg',9,1,0,NULL,'3350300444861','2018-11-23'),(64,'1491',1,'เด็กชาย','ณัฐชนน','มาสงค์','1342200160696',1,'modules/student_main/picture/pic_1491.jpg',9,1,1,2567,'3350300444861','2018-11-23'),(65,'1492',2,'เด็กชาย','พีระพล','บุญเฮ้า','1349901899961',1,'modules/student_main/picture/pic_1492.jpg',9,1,1,2567,'3350300444861','2018-11-23'),(66,'1493',3,'เด็กชาย','สิรวิชญ์','บุญมาทน','1342200160211',1,'modules/student_main/picture/pic_1493.jpg',9,1,1,2567,'3350300444861','2018-11-23'),(67,'1494',4,'เด็กหญิง','เปรมนิกา','จันทิมา','1349901910043',2,'modules/student_main/picture/pic_1494.jpg',9,1,1,2567,'3350300444861','2018-11-23'),(68,'1495',5,'เด็กหญิง','รัตนากร','ปุณประวัติ','1349901854712',2,'modules/student_main/picture/pic_1495.jpg',7,1,2,2565,'3350300444861','2018-11-23'),(69,'1497',0,'เด็กหญิง','อภิชญา','ใหญ่รัก','1342200159426',2,'modules/student_main/picture/pic_1497.jpg',4,1,2,2562,'1341500059175','2018-11-23'),(70,'1484',1,'เด็กชาย','ปริวัฒน์','ปริโยทัย','1349901775294',1,'modules/student_main/picture/pic_1484.jpg',9,1,1,2566,'3350300444861','2018-11-23'),(71,'1485',2,'เด็กชาย','วราพล','สุดประเสริฐ','1349901817591',1,'modules/student_main/picture/pic_1485.jpg',9,1,1,2566,'3350300444861','2018-11-23'),(72,'1490',5,'เด็กชาย','วัชรพล','เงาศรี','1959901299861',1,'modules/student_main/picture/pic_1490.jpg',9,1,1,2566,'3350300444861','2018-11-23'),(73,'1486',3,'เด็กหญิง','กัลยรัตน์','พันจันลา','1342200157032',2,'modules/student_main/picture/pic_1486.jpg',9,1,1,2566,'1342200088375','2018-11-23'),(74,'1487',4,'เด็กหญิง','ศุภาพิศ','แก้วคำกอง','1342200157466',2,'modules/student_main/picture/pic_1487.jpg',9,1,1,2566,'3350300444861','2018-11-23'),(75,'1467',1,'เด็กชาย','กิตติทัต','บุดดี','1342200151361',1,'modules/student_main/picture/pic_1467.jpg',9,1,1,2564,'3350300444861','2018-11-23'),(76,'1468',2,'เด็กชาย','วัชรพล','บุญเสนอ','1209000469127',1,'modules/student_main/picture/pic_1468.jpg',9,1,1,2564,'3350300444861','2018-11-23'),(77,'1488',3,'เด็กชาย','สงกรานต์','เงาศรี','1959901190142',1,'modules/student_main/picture/pic_1488.jpg',9,1,1,2564,'3350300444861','2018-11-23'),(60,'1498',8,'เด็กหญิง','ไพริน','โคตพิลา','1349901694715',2,'modules/student_main/picture/pic_1498.jpg',9,1,1,2565,'3350300444861','2018-11-23'),(80,'1446',0,'เด็กชาย','กฤษณะ','สีทะพันธ์','1342200143597',1,'modules/student_main/picture/pic_1446.jpg',9,1,1,2562,'1341500059175','2019-05-22'),(81,'1504',1,'เด็กชาย','ปริญญา','เมินธนู','2909300004041',1,'modules/student_main/picture/pic_1504.jpg',7,1,2,2562,'1341500059175','2019-05-22'),(82,'1511',2,'เด็กหญิง','มินรดา','คำชาลี','1869900880880',2,'modules/student_main/picture/pic_1511.jpg',4,1,2,2562,'1341500059175','2019-05-22'),(83,'1505',1,'เด็กชาย','กรินทร์','บุดดี','1342200162524',1,'modules/student_main/picture/pic_1505.jpg',8,1,0,NULL,'3341501626827','2019-05-22'),(84,'1506',2,'เด็กชาย','เมธาสิทธิ์','อินจันทร์','1347600104461',1,'modules/student_main/picture/pic_1506.jpg',3,1,2,2563,'1341500059175','2019-05-22'),(85,'1507',2,'เด็กชาย','อนันตชัย','แก้วคำกอง','1349901997092',1,'modules/student_main/picture/pic_1507.jpg',8,1,0,NULL,'3341501626827','2019-05-22'),(86,'1508',3,'เด็กหญิง','พนิดา','เสนคำสอน','1342200164098',2,'modules/student_main/picture/pic_1508.jpg',8,1,0,NULL,'3341501626827','2019-05-22'),(87,'1509',4,'เด็กหญิง','วรัญญา','เรืองประดับ','1349902041651',2,'modules/student_main/picture/pic_1509.jpg',8,1,0,NULL,'3341501626827','2019-05-22'),(88,'1510',5,'เด็กหญิง','อารดา','บุดสีนนท์','1347600102094',2,'modules/student_main/picture/pic_1510.jpg',8,1,0,NULL,'3341501626827','2019-05-22'),(89,'1512',6,'เด็กชาย','ภูมินทร์','เหลืองทอง','1368400139661',1,'modules/student_main/picture/pic_111111.jpg',9,1,1,2566,'3350300444861','2019-06-24'),(90,'1513',0,'เด็กชาย','ชัยชนะ','รัตนะ','1901001190190',1,'modules/student_main/picture/pic_1513.jpg',7,1,2,2562,'1341500059175','2019-11-01'),(91,'1515',1,'เด็กชาย','อินทัช','สืบศรี','1349902094088',1,'modules/student_main/picture/pic_1515.jpg',7,1,0,NULL,'3341501626827','2020-07-01'),(92,'1521',6,'เด็กหญิง','อริสา','โขงรัมย์','1342200164055',2,'modules/student_main/picture/pic_1521.jpg',8,1,0,NULL,'3341501626827','2020-07-01'),(93,'1514',1,'เด็กชาย','กฤษฎา','สีทะพันธ์','1349902117983',1,'modules/student_main/picture/pic_1514.jpg',6,1,0,NULL,'3350300444861','2020-07-01'),(94,'1516',8,'เด็กหญิง','นลินญา','สุพรรณ์','1339400044815',2,'',6,1,0,0,'3341501626827','2020-07-01'),(95,'1517',2,'เด็กหญิง','นิภาพร','เผาสุข','1339100141921',2,'modules/student_main/picture/pic_1517.jpg',7,1,0,NULL,'3341501626827','2020-07-01'),(96,'1518',5,'เด็กหญิง','เมธาสิณี','อินจันทร์','1349902082233',2,'modules/student_main/picture/pic_1518.jpg',2,1,2,2563,'1341500059175','2020-07-01'),(97,'1519',2,'เด็กหญิง','ศศินา','สีดากุล','1349902110831',2,'modules/student_main/picture/pic_1519.jpg',6,1,0,NULL,'3350300444861','2020-07-01'),(98,'1520',3,'เด็กหญิง','สริดา','พิมพ์หล่อ','1342200165141',2,'modules/student_main/picture/pic_1520.jpg',7,1,0,NULL,'3341501626827','2020-07-01'),(99,'1522',9,'เด็กชาย','วศพล','พุทธวงศ์','1309903816443',1,'modules/student_main/picture/pic_1522.jpg',9,1,1,2565,'3350300444861','2020-07-28'),(100,'1523',11,'เด็กหญิง','มินทิญา','แสนบุญเรือง','1639800406495',2,'modules/student_main/picture/pic_1523.jpg',9,1,1,2563,'1341500059175','2020-07-28'),(101,'1525',4,'เด็กหญิง','ธัญยพร','คำล้วน','1342200166244',2,'modules/student_main/picture/pic_1525.jpg',6,1,0,NULL,'1379900057002','2021-07-05'),(102,'1527',1,'เด็กชาย','ชนาธิป','คำแสนราช','1341501611807',1,'modules/student_main/picture/pic_1527.jpg',5,1,0,NULL,'1379900057002','2021-07-05'),(103,'1528',2,'เด็กหญิง','เอมมิกา','บุดสีนนท์','1349902210533',2,'modules/student_main/picture/pic_1528.jpg',5,1,0,NULL,'1379900057002','2021-07-05'),(104,'1524',3,'เด็กหญิง','กวินทิพย์','ผุดผาย','1349902159155',2,'modules/student_main/picture/pic_1524.jpg',6,1,0,NULL,'1379900057002','2021-07-05'),(105,'1526',5,'เด็กหญิง','พริมรตา','ศิริบูรณ์','1349902162717',2,'modules/student_main/picture/pic_1526.jpg',6,1,0,NULL,'1379900057002','2021-07-05'),(106,'1529',4,'เด็กหญิง','พิชญธิดา','รสเกษร','1300201364021',2,'',6,1,2,2565,'3350300444861','2021-07-05'),(107,'1530',4,'เด็กหญิง','ประภัสรา','ไชยภักดิ์','1349901648276',2,'',9,1,1,2564,'3341501626827','2021-11-16'),(108,'1531',4,'เด็กชาย','วิศรุต','ไชยา','1338700071001',1,'modules/student_main/picture/pic_1531.jpg',7,1,0,NULL,'3341501626827','2022-05-26'),(109,'1532',1,'เด็กหญิง','นันทิชา','พันจันลา','1342200167950',2,'',4,1,0,NULL,'3341501626827','2022-05-26'),(110,'1533',2,'เด็กหญิง','ภัสสาศิริ','คมกล้า','1347600143467',2,'',4,1,0,NULL,'3341501626827','2022-05-26'),(111,'1534',3,'เด็กหญิง','สุธิมา','ชาบุญเรือง','1342200167321',2,'modules/student_main/picture/pic_1534.jpg',5,1,0,NULL,'3341501626827','2022-05-26'),(112,'1535',5,'เด็กชาย','วายุ','สิงห์เสน','1347600080813',1,'',7,1,2,2565,'3341501626827','2022-05-26'),(113,'1537',6,'เด็กหญิง','ณิชานันท์   ','พรมการ','1119902713090',2,'',9,1,1,2567,'3341501626827','2022-05-26'),(114,'1536',10,'เด็กชาย','ชนะพงศ์','พรมการ','1738700107559',1,'modules/student_main/picture/pic_1536.jpg',9,1,1,2565,'3341501626827','2022-05-26'),(115,'1538',7,'เด็กหญิง','มณินทร','ลาบุ','1738700122957',2,'',9,1,1,2567,'3341501626827','2022-08-17'),(116,'1539',6,'เด็กหญิง','ทักษอร  ','ลาบุ','1341501598037',2,'',6,1,0,0,'3341501626827','2022-08-17'),(117,'1540',7,'เด็กหญิง','ศิรารัตน์','ไชยภักดิ์','1349901818651',2,'',9,1,1,2566,'3341501626827','2022-09-07'),(118,'1541',4,'เด็กหญิง','พิยดา','ไชยภักดิ์','1342200162532',2,'',9,1,2,2568,'3341501626827','2022-09-07'),(121,'1544',4,'เด็กหญิง','พรอุไร','ไขแสง','1341501626367',2,'',3,1,2,2566,'3341501626827','2023-06-09'),(119,'1542',1,'เด็กหญิง','ศรัณรัชย์','บุดดาสิม','134150646643',2,'',3,1,0,NULL,'3341501626827','2023-05-17'),(120,'1543',3,'เด็กหญิง','นลินนิภา','ไขแสง','1342200167852',2,'',4,1,0,NULL,'3341501626827','2023-05-17'),(122,'1545',2,'เด็กชาย','รัชตะ','มาสงค์','1341501652589',1,'',3,1,0,NULL,'3341501626827','2024-05-18'),(123,'1546',3,'เด็กหญิง','เนตรนภา','พระสุพรรณ์','1349902312948',2,'',3,1,0,NULL,'3341501626827','2024-05-18'),(124,'1547',4,'เด็กหญิง','ขวัญญารัตน์','ศรีพรหม','1349902297965',2,'',3,1,0,NULL,'3341501626827','2024-05-18'),(125,'1548',4,'เด็กชาย','กิตติกรณ์','ตลับทอง','1347600141936',1,'',4,1,0,NULL,'3341501626827','2024-05-18'),(126,'1549',7,'เด็กหญิง','ณัฐกมล','แสงเนตร','1349902002230',2,'',7,1,2,2567,'3341501626827','2024-05-18'),(127,'1550',7,'เด็กหญิง','ปุณยพร','บุคำ','1349901897641',2,'',9,1,1,2567,'3341501626827','2024-05-18'),(128,'1551',7,'เด็กหญิง','พิมนภา','บุคำ','1349902145898',2,'',6,1,0,NULL,'3341501626827','2024-05-18'),(131,'1554',5,'เด็กชาย','กิตติพล','ทาทอง','1349901921835',1,'',8,1,2,2567,'3341501626827','2024-09-19'),(132,'1555',5,'เด็กชาย','ธนภพ','วังสันต์','1341501623953',1,'',5,1,0,0,'3341501626827','2024-09-19'),(133,'1556',1,'เด็กชาย','พงศกร','แสนเขียว','1179900652727',1,'',2,1,0,NULL,'3341501626827','2025-05-17'),(134,'1557',2,'เด็กชาย','พงศภัทร','แสงใส','1341501657891',1,'',2,1,0,NULL,'3341501626827','2025-05-17'),(135,'1558',3,'เด็กชาย','ภานพ','พิมพ์หล่อ','1346400000751',1,'',2,1,0,NULL,'3341501626827','2025-05-17'),(136,'1559',4,'เด็กชาย','ภูตะวัน','ศรีเสวก','1200901976535',1,'',2,1,0,NULL,'3341501626827','2025-05-17'),(137,'1560',5,'เด็กหญิง','โยธิน','ไชยภักดิ์','1104301859257',1,'',2,1,0,NULL,'3341501626827','2025-05-17'),(138,'1561',6,'เด็กชาย','วีระศักดิ์','จันทร์นวล','1346400008867',1,'',2,1,0,NULL,'3341501626827','2025-05-17'),(139,'1562',7,'เด็กชาย','สุเมธ','สุดประเสริฐ','1349902367459',1,'',2,1,0,NULL,'3341501626827','2025-05-17'),(140,'1563',8,'เด็กหญิง','สิรินดา','พิมพ์บุตร','1349902378949',2,'',2,1,0,NULL,'3341501626827','2025-05-17'),(141,'1564',9,'เด็กหญิง','อรปรียา','ฉัตรวิไล','1349902364701',2,'',2,1,0,NULL,'3341501626827','2025-05-17');

--
-- Table structure for table `student_main_class`
--

CREATE TABLE `student_main_class` (
  `id` int(11) NOT NULL AUTO_INCREMENT,
  `class_code` tinyint(4) NOT NULL,
  `class_name` varchar(150) NOT NULL,
  PRIMARY KEY (`id`),
  UNIQUE KEY `class_code` (`class_code`)
) ENGINE=MyISAM AUTO_INCREMENT=9 DEFAULT CHARSET=utf8 COLLATE=utf8_general_ci;

--
-- Dumping data for table `student_main_class`
--

INSERT INTO `student_main_class` VALUES (1,2,'อนุบาล2'),(2,3,'อนุุบาล3'),(3,4,'ประถมศึกษาปีที่1'),(4,5,'ประถมศึกษาปีที่2'),(5,6,'ประถมศึกษาปีที่3'),(6,7,'ประถมศึกษาปีที่4'),(7,8,'ประถมศึกษาปีที่5'),(8,9,'ประถมศึกษาปีที่6');

--
-- Table structure for table `student_main_classlog`
--

CREATE TABLE `student_main_classlog` (
  `id` int(11) NOT NULL AUTO_INCREMENT,
  `ed_year` int(11) NOT NULL,
  `student_id` varchar(7) NOT NULL,
  `student_number` int(11) DEFAULT NULL,
  `class_code` tinyint(4) NOT NULL,
  `room` tinyint(4) DEFAULT 0,
  `officer` varchar(13) NOT NULL,
  `rec_date` date NOT NULL,
  PRIMARY KEY (`id`)
) ENGINE=MyISAM AUTO_INCREMENT=375 DEFAULT CHARSET=utf8 COLLATE=utf8_general_ci;

--
-- Dumping data for table `student_main_classlog`
--

INSERT INTO `student_main_classlog` VALUES (1,2561,'1432',0,9,1,'1341500059175','2019-05-22'),(2,2561,'1435',0,9,1,'1341500059175','2019-05-22'),(3,2561,'1437',0,9,1,'1341500059175','2019-05-22'),(4,2561,'1443',0,9,1,'1341500059175','2019-05-22'),(5,2561,'1433',0,9,1,'1341500059175','2019-05-22'),(6,2561,'1501',0,2,1,'1341500059175','2019-05-22'),(7,2561,'1502',0,2,1,'1341500059175','2019-05-22'),(8,2561,'1491',0,3,1,'1341500059175','2019-05-22'),(9,2561,'1492',0,3,1,'1341500059175','2019-05-22'),(10,2561,'1493',0,3,1,'1341500059175','2019-05-22'),(11,2561,'1494',0,3,1,'1341500059175','2019-05-22'),(12,2561,'1495',0,3,1,'1341500059175','2019-05-22'),(13,2561,'1497',0,3,1,'1341500059175','2019-05-22'),(14,2561,'1484',0,4,1,'1341500059175','2019-05-22'),(15,2561,'1485',0,4,1,'1341500059175','2019-05-22'),(16,2561,'1486',0,4,1,'1341500059175','2019-05-22'),(17,2561,'1487',0,4,1,'1341500059175','2019-05-22'),(18,2561,'1490',0,4,1,'1341500059175','2019-05-22'),(19,2561,'1475',0,5,1,'1341500059175','2019-05-22'),(20,2561,'1476',0,5,1,'1341500059175','2019-05-22'),(21,2561,'1477',0,5,1,'1341500059175','2019-05-22'),(22,2561,'1478',0,5,1,'1341500059175','2019-05-22'),(23,2561,'1479',0,5,1,'1341500059175','2019-05-22'),(24,2561,'1481',0,5,1,'1341500059175','2019-05-22'),(25,2561,'1482',0,5,1,'1341500059175','2019-05-22'),(26,2561,'1483',0,5,1,'1341500059175','2019-05-22'),(27,2561,'1498',0,5,1,'1341500059175','2019-05-22'),(28,2561,'1467',0,6,1,'1341500059175','2019-05-22'),(29,2561,'1468',0,6,1,'1341500059175','2019-05-22'),(30,2561,'1471',0,6,1,'1341500059175','2019-05-22'),(31,2561,'1488',0,6,1,'1341500059175','2019-05-22'),(32,2561,'1489',0,6,1,'1341500059175','2019-05-22'),(33,2561,'1456',0,7,1,'1341500059175','2019-05-22'),(34,2561,'1457',0,7,1,'1341500059175','2019-05-22'),(35,2561,'1458',0,7,1,'1341500059175','2019-05-22'),(36,2561,'1459',0,7,1,'1341500059175','2019-05-22'),(37,2561,'1460',0,7,1,'1341500059175','2019-05-22'),(38,2561,'1463',0,7,1,'1341500059175','2019-05-22'),(39,2561,'1464',0,7,1,'1341500059175','2019-05-22'),(40,2561,'1503',0,7,1,'1341500059175','2019-05-22'),(41,2561,'1439',0,8,1,'1341500059175','2019-05-22'),(42,2561,'1441',0,8,1,'1341500059175','2019-05-22'),(43,2561,'1442',0,8,1,'1341500059175','2019-05-22'),(44,2561,'1444',0,8,1,'1341500059175','2019-05-22'),(45,2561,'1447',0,8,1,'1341500059175','2019-05-22'),(46,2561,'1448',0,8,1,'1341500059175','2019-05-22'),(47,2561,'1449',0,8,1,'1341500059175','2019-05-22'),(48,2561,'1450',0,8,1,'1341500059175','2019-05-22'),(49,2562,'1497',0,4,1,'1341500059175','2019-05-22'),(50,2562,'1477',0,6,1,'1341500059175','2019-05-22'),(51,2562,'1460',0,8,1,'1341500059175','2020-03-17'),(52,2562,'1464',0,8,1,'1341500059175','2019-05-22'),(53,2562,'3',1,2,1,'1341500059175','2019-05-22'),(54,2562,'4',2,2,1,'1341500059175','2019-05-22'),(55,2562,'1500',3,2,1,'1341500059175','2020-03-17'),(56,2562,'5',4,2,1,'1341500059175','2019-05-22'),(57,2562,'6',5,2,1,'1341500059175','2019-05-22'),(58,2562,'8',6,2,1,'1341500059175','2019-05-22'),(59,2562,'9',7,2,1,'1341500059175','2019-05-22'),(60,2562,'1501',0,3,1,'1341500059175','2020-03-17'),(61,2562,'1502',0,3,1,'1341500059175','2020-03-17'),(62,2562,'1491',0,4,1,'1341500059175','2020-03-17'),(63,2562,'1492',0,4,1,'1341500059175','2020-03-17'),(64,2562,'1493',0,4,1,'1341500059175','2020-03-17'),(65,2562,'1494',0,4,1,'1341500059175','2020-03-17'),(66,2562,'1495',0,4,1,'1341500059175','2020-03-17'),(67,2562,'2',2,4,1,'1341500059175','2019-05-22'),(68,2562,'1484',0,5,1,'1341500059175','2020-03-17'),(69,2562,'1485',0,5,1,'1341500059175','2020-03-17'),(70,2562,'1486',0,5,1,'1341500059175','2020-03-17'),(71,2562,'1487',0,5,1,'1341500059175','2020-03-17'),(72,2562,'1490',0,5,1,'1341500059175','2020-03-17'),(73,2562,'1475',0,6,1,'1341500059175','2020-03-17'),(74,2562,'1476',0,6,1,'1341500059175','2020-03-17'),(75,2562,'1478',0,6,1,'1341500059175','2020-03-17'),(76,2562,'1479',0,6,1,'1341500059175','2020-03-17'),(77,2562,'1481',0,6,1,'1341500059175','2020-03-17'),(78,2562,'1482',0,6,1,'1341500059175','2020-03-17'),(79,2562,'1483',0,6,1,'1341500059175','2020-03-17'),(80,2562,'1498',0,6,1,'1341500059175','2020-03-17'),(81,2562,'1467',0,7,1,'1341500059175','2020-03-17'),(82,2562,'1468',0,7,1,'1341500059175','2020-03-17'),(83,2562,'1471',0,7,1,'1341500059175','2020-03-17'),(84,2562,'1488',0,7,1,'1341500059175','2020-03-17'),(85,2562,'1489',0,7,1,'1341500059175','2019-09-17'),(86,2562,'1',1,7,1,'1341500059175','2019-05-22'),(87,2562,'1456',0,8,1,'1341500059175','2020-03-17'),(88,2562,'1457',0,8,1,'1341500059175','2020-03-17'),(89,2562,'1458',0,8,1,'1341500059175','2020-03-17'),(90,2562,'1459',0,8,1,'1341500059175','2020-03-17'),(91,2562,'1463',0,8,1,'1341500059175','2020-03-17'),(92,2562,'1503',0,8,1,'1341500059175','2020-03-17'),(93,2562,'0',0,9,1,'1341500059175','2019-05-22'),(94,2562,'1439',0,9,1,'1341500059175','2020-03-17'),(95,2562,'1441',0,9,1,'1341500059175','2020-03-17'),(96,2562,'1442',0,9,1,'1341500059175','2020-03-17'),(97,2562,'1444',0,9,1,'1341500059175','2020-03-17'),(98,2562,'1447',0,9,1,'1341500059175','2020-03-17'),(99,2562,'1448',0,9,1,'1341500059175','2020-03-17'),(100,2562,'1449',0,9,1,'1341500059175','2020-03-17'),(101,2562,'1450',0,9,1,'1341500059175','2020-03-17'),(102,2562,'1512',6,5,1,'1341500059175','2020-03-17'),(103,2562,'1505',1,2,1,'1341500059175','2020-03-17'),(104,2562,'1506',2,2,1,'1341500059175','2020-03-17'),(105,2562,'1507',4,2,1,'1341500059175','2020-03-17'),(106,2562,'1508',5,2,1,'1341500059175','2020-03-17'),(107,2562,'1509',6,2,1,'1341500059175','2020-03-17'),(108,2562,'1510',7,2,1,'1341500059175','2020-03-17'),(109,2562,'1511',2,4,1,'1341500059175','2019-09-17'),(110,2562,'1504',1,7,1,'1341500059175','2019-09-17'),(111,2562,'1446',0,9,1,'1341500059175','2020-03-17'),(112,2562,'1513',0,7,1,'1341500059175','2019-11-01'),(113,2563,'2',2,2,1,'1341500059175','2020-07-01'),(114,2563,'1',6,3,1,'1341500059175','2020-07-01'),(115,2563,'1507',3,3,1,'1341500059175','2020-07-01'),(116,2563,'1508',4,3,1,'1341500059175','2020-07-01'),(117,2563,'1509',5,3,1,'1341500059175','2020-08-19'),(118,2563,'3',1,2,1,'1341500059175','2020-07-01'),(119,2563,'4',3,2,1,'1341500059175','2020-07-01'),(120,2563,'5',4,2,1,'1341500059175','2020-07-01'),(121,2563,'0',5,2,1,'1341500059175','2020-07-01'),(122,2563,'10',6,2,1,'1341500059175','2020-07-01'),(123,2563,'1500',2,4,1,'1341500059175','2020-07-01'),(124,2563,'1502',3,4,1,'1341500059175','2020-07-01'),(125,2563,'1501',1,4,1,'1341500059175','2020-07-01'),(126,2563,'8',7,2,1,'1341500059175','2020-07-01'),(127,2563,'6',9,7,1,'1341500059175','2020-07-28'),(128,2563,'11',11,9,1,'1341500059175','2020-07-28'),(129,2563,'1521',6,3,1,'1341500059175','2020-08-19'),(130,2563,'1522',9,7,1,'1341500059175','2020-08-19'),(131,2563,'1514',1,2,1,'1341500059175','2020-08-19'),(132,2563,'1515',2,2,1,'1341500059175','2020-08-19'),(133,2563,'1516',3,2,1,'1341500059175','2020-08-19'),(134,2563,'1517',4,2,1,'1341500059175','2020-08-19'),(135,2563,'1518',5,2,1,'1341500059175','2020-08-19'),(136,2563,'1519',6,2,1,'3341500547745','2020-08-19'),(137,2563,'1520',7,2,1,'3341500547745','2020-08-19'),(138,2563,'1523',11,9,1,'1341500059175','2020-08-19'),(139,2563,'1506',2,3,1,'3341500547745','2020-12-14'),(140,2563,'1456',0,9,1,'3341501626827','2021-07-05'),(141,2563,'1457',0,9,1,'3341501626827','2021-07-05'),(142,2563,'1458',0,9,1,'3341501626827','2021-07-05'),(143,2563,'1459',0,9,1,'3341501626827','2021-07-05'),(144,2563,'1460',0,9,1,'3341501626827','2021-07-05'),(145,2563,'1463',0,9,1,'3341501626827','2021-07-05'),(146,2563,'1503',0,9,1,'3341501626827','2021-07-05'),(147,2564,'1525',4,2,1,'3350300444861','2021-07-05'),(148,2564,'1527',6,2,1,'3350300444861','2021-07-05'),(149,2564,'1528',7,2,1,'3350300444861','2021-07-05'),(150,2564,'1524',3,2,1,'3350300444861','2021-07-05'),(151,2564,'1526',5,2,1,'3350300444861','2021-07-05'),(152,2564,'1529',4,5,1,'3350300444861','2021-07-05'),(153,2564,'1516',3,2,1,'3350300444861','2021-07-05'),(154,2563,'1505',1,3,1,'3350300444861','2021-07-05'),(155,2563,'1510',7,3,1,'3350300444861','2021-07-05'),(156,2563,'1491',0,5,1,'3350300444861','2021-07-05'),(157,2563,'1492',0,5,1,'3350300444861','2021-07-05'),(158,2563,'1493',0,5,1,'3350300444861','2021-07-05'),(159,2563,'1494',0,5,1,'3350300444861','2021-07-05'),(160,2563,'1495',0,5,1,'3350300444861','2021-07-05'),(161,2563,'1484',0,6,1,'3350300444861','2021-07-05'),(162,2563,'1485',0,6,1,'3350300444861','2021-07-05'),(163,2563,'1486',0,6,1,'3350300444861','2021-07-05'),(164,2563,'1487',0,6,1,'3350300444861','2021-07-05'),(165,2563,'1490',0,6,1,'3350300444861','2021-07-05'),(166,2563,'1512',6,6,1,'3350300444861','2021-07-05'),(167,2563,'1475',0,7,1,'3350300444861','2021-07-05'),(168,2563,'1476',0,7,1,'3350300444861','2021-07-05'),(169,2563,'1478',0,7,1,'3350300444861','2021-07-05'),(170,2563,'1479',0,7,1,'3350300444861','2021-07-05'),(171,2563,'1481',0,7,1,'3350300444861','2021-07-05'),(172,2563,'1482',0,7,1,'3350300444861','2021-07-05'),(173,2563,'1483',0,7,1,'3350300444861','2021-07-05'),(174,2563,'1498',0,7,1,'3350300444861','2021-07-05'),(175,2563,'1467',0,8,1,'3350300444861','2021-07-05'),(176,2563,'1468',0,8,1,'3350300444861','2021-07-05'),(177,2563,'1488',0,8,1,'3350300444861','2021-07-05'),(178,2563,'1524',3,2,0,'3350300444861','2021-07-05'),(179,2563,'1525',4,2,0,'3350300444861','2021-07-05'),(180,2563,'1526',5,2,0,'3350300444861','2021-07-05'),(181,2563,'1527',6,2,0,'3350300444861','2021-07-05'),(182,2563,'1528',7,2,0,'3350300444861','2021-07-05'),(183,2564,'1514',1,2,1,'3350300444861','2021-07-05'),(184,2564,'1519',2,2,1,'3350300444861','2021-07-05'),(188,2564,'1505',1,4,1,'3350300444861','2021-07-05'),(189,2564,'1507',2,4,1,'3350300444861','2021-07-05'),(197,2564,'1491',1,6,1,'3350300444861','2021-07-05'),(185,2564,'1515',1,3,1,'3350300444861','2021-07-05'),(186,2564,'1517',2,3,1,'3350300444861','2021-07-05'),(187,2564,'1520',3,3,1,'3350300444861','2021-07-05'),(190,2564,'1508',3,4,1,'3350300444861','2021-07-05'),(191,2564,'1509',4,4,1,'3350300444861','2021-07-05'),(192,2564,'1510',5,4,1,'3350300444861','2021-07-05'),(193,2564,'1521',6,4,1,'3350300444861','2021-07-05'),(194,2564,'1501',2,5,1,'3350300444861','2021-07-05'),(195,2564,'1500',1,5,1,'3350300444861','2021-07-05'),(196,2564,'1502',3,5,1,'3350300444861','2021-07-05'),(198,2564,'1492',2,6,1,'3350300444861','2021-07-05'),(199,2564,'1493',3,6,1,'3350300444861','2021-07-05'),(200,2564,'1494',4,6,1,'3350300444861','2021-07-05'),(201,2564,'1495',5,6,1,'3350300444861','2021-07-05'),(202,2564,'1484',1,7,1,'3350300444861','2021-07-05'),(203,2564,'1485',2,7,1,'3350300444861','2021-07-05'),(204,2564,'1486',3,7,1,'1342200088375','2021-08-05'),(205,2564,'1487',4,7,1,'3350300444861','2021-07-05'),(206,2564,'1490',5,7,1,'3350300444861','2021-07-05'),(207,2564,'1512',6,7,1,'3350300444861','2021-07-05'),(208,2564,'1476',1,8,1,'3350300444861','2021-07-05'),(209,2564,'1475',4,8,1,'3350300444861','2021-07-05'),(210,2564,'1478',2,8,1,'3350300444861','2021-07-05'),(211,2564,'1479',3,8,1,'3350300444861','2021-07-05'),(212,2564,'1482',5,8,1,'3350300444861','2021-07-05'),(213,2564,'1481',7,8,1,'3350300444861','2021-07-05'),(214,2564,'1483',6,8,1,'3350300444861','2021-07-05'),(215,2564,'1498',8,8,1,'3350300444861','2021-07-05'),(216,2564,'1522',9,8,1,'3350300444861','2021-07-05'),(217,2564,'1467',1,9,1,'3350300444861','2021-07-05'),(218,2564,'1468',2,9,1,'3350300444861','2021-07-05'),(219,2564,'1488',3,9,1,'3350300444861','2021-07-05'),(220,2564,'1530',4,9,1,'3341501626827','2021-11-16'),(221,2565,'1529',4,6,1,'3341501626827','2022-05-23'),(222,2565,'1495',5,7,1,'3341501626827','2022-05-23'),(223,2565,'1531',4,4,1,'3341501626827','2022-09-07'),(224,2565,'1532',3,2,1,'1379900057002','2022-09-20'),(225,2565,'1527',1,2,1,'1379900057002','2022-09-20'),(226,2565,'1528',2,2,1,'1379900057002','2022-09-20'),(227,2565,'1533',4,2,1,'1379900057002','2022-09-20'),(228,2565,'1534',5,2,1,'1379900057002','2022-09-20'),(229,2565,'1535',5,7,1,'3341501626827','2022-05-26'),(230,2565,'1537',6,7,1,'3341501626827','2022-05-26'),(231,2565,'1536',10,9,1,'3341501626827','2022-09-07'),(232,2565,'1538',7,7,1,'3341501626827','2022-08-17'),(275,2565,'1539',6,3,1,'3341501626827','2023-05-17'),(234,2565,'1540',7,8,1,'3341501626827','2022-09-07'),(235,2565,'1541',4,6,1,'3341501626827','2022-09-07'),(236,2565,'1515',1,4,1,'3341501626827','2022-09-07'),(237,2565,'1517',2,4,1,'3341501626827','2022-09-07'),(238,2565,'1520',3,4,1,'3341501626827','2022-09-07'),(239,2565,'1505',1,5,1,'3341501626827','2022-09-07'),(240,2565,'1507',2,5,1,'3341501626827','2022-09-07'),(241,2565,'1508',3,5,1,'3341501626827','2022-09-07'),(242,2565,'1509',4,5,1,'3341501626827','2022-09-07'),(243,2565,'1510',5,5,1,'3341501626827','2022-09-07'),(244,2565,'1521',6,5,1,'3341501626827','2022-09-07'),(245,2565,'1524',3,3,1,'1379900057002','2022-09-20'),(246,2565,'1525',4,3,1,'1379900057002','2022-09-20'),(247,2565,'1526',5,3,1,'1379900057002','2022-09-20'),(248,2565,'1514',1,3,1,'3341501626827','2023-05-17'),(249,2565,'1519',2,3,1,'3341501626827','2023-05-17'),(250,2565,'1500',1,6,1,'3341501626827','2023-05-17'),(251,2565,'1501',2,6,1,'3341501626827','2023-05-17'),(252,2565,'1502',3,6,1,'3341501626827','2023-05-17'),(253,2565,'1491',1,7,1,'3341501626827','2023-05-17'),(254,2565,'1492',2,7,1,'3341501626827','2023-05-17'),(255,2565,'1493',3,7,1,'3341501626827','2023-05-17'),(256,2565,'1494',4,7,1,'3341501626827','2023-05-17'),(257,2565,'1484',1,8,1,'3341501626827','2023-05-17'),(258,2565,'1485',2,8,1,'3341501626827','2023-05-17'),(259,2565,'1486',3,8,1,'3341501626827','2023-05-17'),(260,2565,'1487',4,8,1,'3341501626827','2023-05-17'),(261,2565,'1490',5,8,1,'3341501626827','2023-05-17'),(262,2565,'1512',6,8,1,'3341501626827','2023-05-17'),(263,2565,'1476',1,9,1,'3341501626827','2023-05-17'),(264,2565,'1478',2,9,1,'3341501626827','2023-05-17'),(265,2565,'1479',3,9,1,'3341501626827','2023-05-17'),(266,2565,'1475',4,9,1,'3341501626827','2023-05-17'),(267,2565,'1482',5,9,1,'3341501626827','2023-05-17'),(268,2565,'1483',6,9,1,'3341501626827','2023-05-17'),(269,2565,'1481',7,9,1,'3341501626827','2023-05-17'),(270,2565,'1498',8,9,1,'3341501626827','2023-05-17'),(271,2565,'1522',9,9,1,'3341501626827','2023-05-17'),(272,2566,'1543',3,2,1,'1342200088375','2023-05-31'),(273,2566,'1544',4,3,1,'3341501626827','2023-06-09'),(274,2566,'1534',3,3,1,'3341501626827','2023-05-17'),(276,2566,'1539',6,4,1,'3341501626827','2023-05-17'),(277,2566,'1542',4,2,1,'1342200088375','2023-05-31'),(278,2566,'1532',1,2,1,'1342200088375','2023-05-31'),(279,2566,'1533',2,2,1,'1342200088375','2023-05-31'),(280,2566,'1484',1,9,1,'3341501626827','2024-05-18'),(281,2566,'1485',2,9,1,'3341501626827','2024-05-18'),(282,2566,'1486',3,9,1,'3341501626827','2024-05-18'),(283,2566,'1487',4,9,1,'3341501626827','2024-05-18'),(284,2566,'1490',5,9,1,'3341501626827','2024-05-18'),(285,2566,'1512',6,9,1,'3341501626827','2024-05-18'),(286,2566,'1540',7,9,1,'3341501626827','2024-05-18'),(287,2566,'1527',1,3,1,'3341501626827','2024-05-18'),(288,2566,'1528',2,3,1,'3341501626827','2024-05-18'),(289,2566,'1514',1,4,1,'3341501626827','2024-05-18'),(290,2566,'1519',2,4,1,'3341501626827','2024-05-18'),(291,2566,'1524',3,4,1,'3341501626827','2024-05-18'),(292,2566,'1525',4,4,1,'3341501626827','2024-05-18'),(293,2566,'1526',5,4,1,'3341501626827','2024-05-18'),(294,2566,'1515',1,5,1,'3341501626827','2024-05-18'),(295,2566,'1517',2,5,1,'3341501626827','2024-05-18'),(296,2566,'1520',3,5,1,'3341501626827','2024-05-18'),(297,2566,'1531',4,5,1,'3341501626827','2024-05-18'),(298,2566,'1505',1,6,1,'3341501626827','2024-05-18'),(299,2566,'1507',2,6,1,'3341501626827','2024-05-18'),(300,2566,'1508',3,6,1,'3341501626827','2024-05-18'),(301,2566,'1509',4,6,1,'3341501626827','2024-05-18'),(302,2566,'1510',5,6,1,'3341501626827','2024-05-18'),(303,2566,'1521',6,6,1,'3341501626827','2024-05-18'),(304,2566,'1500',1,7,1,'3341501626827','2024-05-18'),(305,2566,'1501',2,7,1,'3341501626827','2024-05-18'),(306,2566,'1502',3,7,1,'3341501626827','2024-05-18'),(307,2566,'1541',4,7,1,'3341501626827','2024-05-18'),(308,2566,'1491',1,8,1,'3341501626827','2024-05-18'),(309,2566,'1492',2,8,1,'3341501626827','2024-05-18'),(310,2566,'1493',3,8,1,'3341501626827','2024-05-18'),(311,2566,'1494',4,8,1,'3341501626827','2024-05-18'),(312,2566,'1537',6,8,1,'3341501626827','2024-05-18'),(313,2566,'1538',7,8,1,'3341501626827','2024-05-18'),(314,2567,'1542',1,2,1,'3341501626827','2024-05-18'),(315,2567,'1545',2,2,1,'3341501626827','2024-05-18'),(316,2567,'1546',3,2,1,'3341501626827','2024-05-18'),(317,2567,'1547',4,2,1,'3341501626827','2024-05-18'),(318,2567,'1548',4,3,1,'3341501626827','2024-05-18'),(319,2567,'1549',7,7,1,'3341501626827','2024-05-18'),(320,2567,'1550',7,9,1,'3341501626827','2024-05-18'),(321,2567,'1551',7,5,1,'3341501626827','2024-05-18'),(322,2567,'1538',7,9,1,'3341501626827','2024-08-21'),(323,2567,'1552',4,4,1,'3341501626827','2024-09-19'),(324,2567,'1553',5,3,1,'3341501626827','2024-09-19'),(325,2567,'1554',5,8,1,'3341501626827','2024-09-19'),(326,2567,'1555',5,4,1,'3341501626827','2024-09-19'),(327,2567,'1491',1,9,1,'3341501626827','2025-05-17'),(328,2567,'1492',2,9,1,'3341501626827','2025-05-17'),(329,2567,'1493',3,9,1,'3341501626827','2025-05-17'),(330,2567,'1494',4,9,1,'3341501626827','2025-05-17'),(331,2567,'1537',6,9,1,'3341501626827','2025-05-17'),(332,2567,'1532',1,3,1,'3341501626827','2025-05-17'),(333,2567,'1533',2,3,1,'3341501626827','2025-05-17'),(334,2567,'1543',3,3,1,'3341501626827','2025-05-17'),(335,2567,'1527',1,4,1,'3341501626827','2025-05-17'),(336,2567,'1528',2,4,1,'3341501626827','2025-05-17'),(337,2567,'1534',3,4,1,'3341501626827','2025-05-17'),(338,2567,'1514',1,5,1,'3341501626827','2025-05-17'),(339,2567,'1519',2,5,1,'3341501626827','2025-05-17'),(340,2567,'1524',3,5,1,'3341501626827','2025-05-17'),(341,2567,'1525',4,5,1,'3341501626827','2025-05-17'),(342,2567,'1526',5,5,1,'3341501626827','2025-05-17'),(343,2567,'1539',6,5,1,'3341501626827','2025-05-17'),(344,2567,'1515',1,6,1,'3341501626827','2025-05-17'),(345,2567,'1517',2,6,1,'3341501626827','2025-05-17'),(346,2567,'1520',3,6,1,'3341501626827','2025-05-17'),(347,2567,'1531',4,6,1,'3341501626827','2025-05-17'),(348,2567,'1505',1,7,1,'3341501626827','2025-05-17'),(349,2567,'1507',2,7,1,'3341501626827','2025-05-17'),(350,2567,'1508',3,7,1,'3341501626827','2025-05-17'),(351,2567,'1509',4,7,1,'3341501626827','2025-05-17'),(352,2567,'1510',5,7,1,'3341501626827','2025-05-17'),(353,2567,'1521',6,7,1,'3341501626827','2025-05-17'),(354,2567,'1500',1,8,1,'3341501626827','2025-05-17'),(355,2567,'1501',2,8,1,'3341501626827','2025-05-17'),(356,2567,'1502',3,8,1,'3341501626827','2025-05-17'),(357,2567,'1541',4,8,1,'3341501626827','2025-05-17'),(358,2568,'1556',1,2,1,'3341501626827','2025-05-17'),(359,2568,'1557',2,2,1,'3341501626827','2025-05-17'),(360,2568,'1558',3,2,1,'3341501626827','2025-05-17'),(361,2568,'1559',4,2,1,'3341501626827','2025-05-17'),(362,2568,'1560',5,2,1,'3341501626827','2025-05-17'),(363,2568,'1561',6,2,1,'3341501626827','2025-05-17'),(364,2568,'1562',7,2,1,'3341501626827','2025-05-17'),(365,2568,'1563',8,2,1,'3341501626827','2025-05-17'),(366,2568,'1564',9,2,1,'3341501626827','2025-05-17'),(367,2568,'1555',5,5,1,'3341501626827','2025-05-19'),(368,2568,'1541',4,9,1,'3341501626827','2025-07-06'),(369,2567,'1516',3,2,1,'3341501626827','2025-07-07'),(370,2568,'1516',8,6,1,'3341501626827','2025-07-07'),(371,2568,'1532',1,4,1,'3341501626827','2025-08-04'),(372,2568,'1533',2,4,1,'3341501626827','2025-08-04'),(373,2568,'1543',3,4,1,'3341501626827','2025-08-04'),(374,2568,'1548',4,4,1,'3341501626827','2025-08-04');

--
-- Table structure for table `student_main_edyear`
--

CREATE TABLE `student_main_edyear` (
  `id` int(11) NOT NULL AUTO_INCREMENT,
  `ed_year` int(11) NOT NULL,
  `year_active` tinyint(4) NOT NULL,
  PRIMARY KEY (`id`),
  UNIQUE KEY `ed_year` (`ed_year`)
) ENGINE=MyISAM AUTO_INCREMENT=10 DEFAULT CHARSET=utf8 COLLATE=utf8_general_ci;

--
-- Dumping data for table `student_main_edyear`
--

INSERT INTO `student_main_edyear` VALUES (1,2559,0),(2,2561,0),(3,2562,0),(4,2563,0),(5,2564,0),(6,2565,0),(7,2566,0),(8,2567,0),(9,2568,1);

--
-- Table structure for table `student_main_expand1`
--

CREATE TABLE `student_main_expand1` (
  `id` int(11) NOT NULL AUTO_INCREMENT,
  `person_id` varchar(13) NOT NULL,
  `e_name` varchar(50) NOT NULL,
  `e_surname` varchar(50) NOT NULL,
  `birthday` date NOT NULL,
  `blood` varchar(2) NOT NULL,
  `race` varchar(30) NOT NULL,
  `nationlity` varchar(30) NOT NULL,
  `religion` varchar(30) NOT NULL,
  `rec_date` date NOT NULL,
  PRIMARY KEY (`id`),
  UNIQUE KEY `person_id` (`person_id`)
) ENGINE=MyISAM AUTO_INCREMENT=71 DEFAULT CHARSET=utf8 COLLATE=utf8_general_ci;

--
-- Dumping data for table `student_main_expand1`
--

INSERT INTO `student_main_expand1` VALUES (1,'1349901949764','SUPANAT','KAEWKAMKONG','2013-11-27','','','','','2025-07-07'),(2,'1342200162524','Mr. Karin','Buddee','2014-04-10','A','','','','2025-07-07'),(3,'1347600104461','Mr. Methasit','Injun','2015-01-17','A','ไทย','ไทย','พุทธ','2020-07-28'),(4,'1349901997092','Mr. Anantachai','Khaewkhamkong','2014-08-19','','','','','2025-07-07'),(5,'1342200164098','Miss Panida','SenKhasorn','2015-01-04','','','','','2025-07-07'),(6,'1349902041651','Miss Waranya','Reungpradab','2015-04-26','','','','','2025-07-07'),(7,'1347600102094','Miss Arada','Promsawang','2014-11-04','A','','','','2025-07-07'),(8,'1349901935003','SUTHINAN','PAOSUK','2013-09-14','B','','','','2025-07-07'),(9,'1349901928856','SUDARAT','AONWANG','2013-08-11','O','','','','2025-07-07'),(10,'1342200160696','Nutchanon','Masong','2013-03-08','B','','','','2023-05-17'),(11,'1349901899961','Peerapol','Boonhao','2013-03-04','','','','','2023-05-17'),(12,'1342200160211','Sirawich','Boonmaton','2012-11-24','AB','','','','2023-05-17'),(13,'1349901854712','Rattanakorn','Poonprawat','2012-08-01','','','','','2021-11-16'),(14,'1349901910043','Pramnidka','Chantima','2013-04-25','','','','','2023-05-17'),(15,'1349901775294','Pariwat','Pariyothai','2011-07-07','','','','','2023-05-17'),(16,'1349901817591','Warapon','Sutpiasoet','2012-01-18','B','','','','2023-05-17'),(17,'1959901299861','Watcharapon','Ngaosri','2012-02-15','','','','','2023-05-17'),(18,'1342200157466','Supapit','Kaewkhamkong','2011-09-23','','','','','2023-05-17'),(19,'1342200157032','Kanyarat','Butdasim','2011-07-04','','','','','2023-05-17'),(20,'1349901691988','Tanapum','Boonhouse','2010-04-06','B','','','','2023-03-02'),(21,'1342200153908','Piyawat','Thangun','2010-05-05','AB','','','','2023-03-02'),(22,'1342200156389','Pongsakorn','Pansri','2011-04-14','B','','','','2023-03-02'),(23,'1349901722565','Palapon','Sutpasoed','2010-09-10','B','','','','2023-03-02'),(24,'1349901734172','Saksit','Paosuk','2010-11-19','O','','','','2023-03-02'),(25,'1342200155676','Kirakorn','Boonmee','2010-12-27','B','','','','2023-03-02'),(26,'1342200154319','Aditep','paosuk','2010-07-11','O','','','','2023-03-02'),(27,'1349901694715','Pirin','Codpila','2010-04-22','O','','','','2023-03-02'),(28,'1342200151361','Kittitat','Buddee','2009-07-16','AB','','','','2021-11-16'),(29,'1209000469127','Watcharapon','Boonsanue','2009-06-24','','','','','2021-11-16'),(30,'1959901190142','Songkran','Ngaosri','2010-04-12','','','','','2021-11-16'),(31,'1909300069021','Walairat','Meekhamnit','2009-12-02','-','ไทย','ไทย','พุทธ','2019-11-05'),(32,'1342200146731','Jirapon','Srida','2008-01-26','-','ไทย','ไทย','พุทธ','2020-07-28'),(33,'1342200146596','Worapat','Pannapop','2008-01-11','B','ไทย','ไทย','พุทธ','2020-07-28'),(34,'1342200147592','Thanawit','Jampakeed','2008-05-17','B','ไทย','ไทย','พุทธ','2020-07-28'),(35,'1342200148076','Theerapat','Promthong','2008-07-16','-','ไทย','ไทย','พุทธ','2020-07-28'),(36,'1339600189931','PONGSAKORN','PUNTIMAD','2009-03-18','-','ไทย','ไทย','พุทธ','2020-07-28'),(37,'1219901230850','Benjarat','Buddasim','2008-12-31','O','ไทย','ไทย','พุทธ','2020-07-28'),(38,'1342200145794','Tanachot','Panjanla','2007-10-16','O','ไทย','ไทย','พุทธ','2019-11-05'),(39,'1342200144381','Tharatep','Seedakul','2007-04-26','AB','ไทย','ไทย','พุทธ','2019-11-05'),(40,'1342200144453','Phanuwat','Soda','2007-05-05','-','ไทย','ไทย','พุทธ','2019-11-05'),(41,'1342200144151','Saranporn','Temduang','2007-04-05','A','ไทย','ไทย','พุทธ','2019-11-05'),(42,'1342200144275','Rapeepat','Kaewkamkong','2007-04-11','B','ไทย','ไทย','พุทธ','2019-11-05'),(43,'1342200143597','kritsana','Srithapan','2007-01-29','O','ไทย','ไทย','พุทธ','2019-11-05'),(44,'1342200143686','Arisa','Phanjanla','2007-02-08','-','ไทย','ไทย','พุทธ','2019-11-05'),(45,'1349901513494','Kittiyapa','Dondong','2007-09-18','AB','ไทย','ไทย','พุทธ','2019-11-05'),(46,'1342200145867','Piyanut','Khamsaenrat','2007-10-23','A','ไทย','ไทย','พุทธ','2019-11-05'),(47,'1342200165141','Sarida','Pimlor','2015-09-26','AB','','','','2025-07-07'),(48,'1339100141921','Nipaporn','Pousook','2016-05-15','O','','','','2025-07-07'),(49,'1349902094088','Intuch','Suebsri','2016-02-05','AB','','','','2025-07-07'),(50,'1342200164055','Arisa','Khonglum','2015-01-08','','','','','2025-07-07'),(51,'1368400139661','Phumin','Laungtong','2011-10-25','','','','','2023-05-17'),(52,'1309903816443','Wasaphon','Phutthawong','2010-09-13','A','','','','2023-03-02'),(53,'1341501611807','','','2017-06-25','','','','','2023-03-02'),(54,'1349902210533','','','2018-01-17','','','','','2023-03-02'),(55,'1342200167950','','','2018-06-14','','','','','2023-03-02'),(56,'1347600143467','','','2018-09-08','','','','','2023-03-02'),(57,'1342200167321','','','2017-09-19','','','','','2023-03-02'),(58,'1349902117983','','','2016-07-02','','','','','2023-03-02'),(59,'1349902110831','','','2016-05-19','','','','','2023-03-02'),(60,'1349902159155','','','2017-03-01','','','','','2023-03-02'),(61,'1342200166244','','','2016-09-27','','','','','2023-03-02'),(62,'1349902162717','','','2017-03-25','','','','','2023-03-02'),(63,'1338700071001','','','2015-10-25','B','','','','2023-03-02'),(64,'1342200162532','','','2014-04-13','','','','','2023-03-02'),(65,'1119902713090','','','2012-11-01','B','','','','2023-03-02'),(66,'1738700122957','','','2012-08-15','','','','','2023-03-02'),(67,'1349901818651','','','2012-01-28','','','','','2023-03-02'),(68,'1738700107559','','','2011-01-05','B','','','','2023-03-02'),(69,'1342200167852','','','2018-05-14','','ไทย','ไทย','พุทธ','2023-05-17'),(70,'134150646643','','','2019-08-15','','','','','2023-05-17');

--
-- Table structure for table `student_main_permission`
--

CREATE TABLE `student_main_permission` (
  `id` int(11) NOT NULL AUTO_INCREMENT,
  `person_id` varchar(13) NOT NULL,
  `p1` tinyint(4) NOT NULL,
  `officer` varchar(13) NOT NULL,
  `rec_date` date NOT NULL,
  PRIMARY KEY (`id`)
) ENGINE=MyISAM AUTO_INCREMENT=12 DEFAULT CHARSET=utf8 COLLATE=utf8_general_ci;

--
-- Dumping data for table `student_main_permission`
--

INSERT INTO `student_main_permission` VALUES (11,'1349901060911',1,'3341501626827','2023-05-17'),(3,'3341501626827',1,'1341500059175','2018-11-15'),(10,'1450600168624',1,'3341501626827','2023-02-14'),(6,'1379900057002',1,'3341501626827','2022-07-23'),(8,'1342200088375',1,'1341500059175','2020-08-19');

--
-- Table structure for table `system_ed_year`
--

CREATE TABLE `system_ed_year` (
  `id` int(11) NOT NULL AUTO_INCREMENT,
  `ed_year` int(11) NOT NULL,
  `active_ed_year` tinyint(4) NOT NULL,
  PRIMARY KEY (`id`),
  UNIQUE KEY `ed_year` (`ed_year`)
) ENGINE=MyISAM DEFAULT CHARSET=utf8 COLLATE=utf8_general_ci;

--
-- Dumping data for table `system_ed_year`
--


--
-- Table structure for table `system_export_list`
--

CREATE TABLE `system_export_list` (
  `id` int(11) NOT NULL AUTO_INCREMENT,
  `data_name` varchar(50) NOT NULL,
  `thai_dataname` varchar(100) NOT NULL,
  PRIMARY KEY (`id`),
  UNIQUE KEY `data_name` (`data_name`)
) ENGINE=MyISAM AUTO_INCREMENT=7 DEFAULT CHARSET=utf8 COLLATE=utf8_general_ci;

--
-- Dumping data for table `system_export_list`
--

INSERT INTO `system_export_list` VALUES (1,'person','ข้อมูลครูและบุคลากร'),(2,'student','ข้อมูลพื้นฐานนักเรียน'),(3,'onet','ผลสอบ O-NET'),(4,'plan','แผนปฏิบัติการประจำปี'),(5,'student_check','การมาเรียน'),(6,'health','สุขภาพผู้เรียน');

--
-- Table structure for table `system_export_log`
--

CREATE TABLE `system_export_log` (
  `id` int(11) NOT NULL AUTO_INCREMENT,
  `computer_ip` varchar(25) NOT NULL,
  `requester` varchar(50) NOT NULL,
  `login_time` datetime NOT NULL,
  `data` varchar(20) NOT NULL,
  PRIMARY KEY (`id`)
) ENGINE=MyISAM AUTO_INCREMENT=131 DEFAULT CHARSET=utf8 COLLATE=utf8_general_ci;

--
-- Dumping data for table `system_export_log`
--

INSERT INTO `system_export_log` VALUES (1,'61.19.124.234','amssplus','2018-09-21 04:36:41','person'),(2,'61.19.124.234','amssplus','2019-10-03 08:20:17','student_check'),(3,'61.19.124.234','amssplus','2019-10-03 09:11:39','student_check'),(4,'61.19.124.234','amssplus','2019-10-08 15:01:48','student_check'),(5,'122.155.223.9','amssplus','2020-02-21 07:23:19','student'),(6,'122.155.223.9','amssplus','2020-03-30 14:52:20','student_check'),(7,'122.155.223.9','amssplus','2020-08-05 09:50:26','student'),(8,'192.168.1.6','amssplus','2021-05-29 11:02:43','student'),(9,'192.168.1.6','amssplus','2021-05-29 11:03:50','student'),(10,'192.168.1.6','amssplus','2021-05-29 11:54:25','student'),(11,'192.168.1.6','amssplus','2021-05-29 11:57:22','student'),(12,'192.168.1.6','amssplus','2021-05-29 11:58:23','student'),(13,'192.168.1.6','amssplus','2021-05-29 12:12:57','student'),(14,'192.168.1.6','amssplus','2021-05-29 12:22:08','student'),(15,'192.168.1.6','amssplus','2021-05-29 12:23:54','student'),(16,'192.168.1.6','amssplus','2021-05-29 12:44:02','student'),(17,'192.168.1.6','amssplus','2021-05-29 12:50:48','student'),(18,'192.168.1.6','amssplus','2021-05-29 12:57:23','student'),(19,'192.168.1.6','amssplus','2021-05-29 12:58:28','student'),(20,'192.168.1.6','amssplus','2021-05-29 14:27:41','student'),(21,'192.168.1.6','amssplus','2021-05-29 14:28:15','student'),(22,'192.168.1.6','amssplus','2021-05-29 14:28:43','student'),(23,'192.168.1.6','amssplus','2021-05-29 14:29:21','student'),(24,'192.168.1.6','amssplus','2021-05-29 14:31:54','student'),(25,'10.1.1.3','amssplus','2021-10-06 10:32:14','student'),(26,'10.1.1.3','amssplus','2021-12-28 18:58:49','student'),(27,'10.1.1.3','amssplus','2022-07-23 11:18:47','plan'),(28,'10.1.1.3','amssplus','2022-09-07 14:39:50','student'),(29,'10.1.1.3','amssplus','2022-09-16 15:46:32','student'),(30,'','amssplus','2023-01-02 14:23:39','student_check'),(31,'','amssplus','2023-01-02 17:52:54','student_check'),(32,'','amssplus','2023-01-02 17:54:29','student_check'),(33,'','amssplus','2023-01-02 17:55:03','student_check'),(34,'10.1.1.3','amssplus','2023-01-22 00:24:28','student'),(35,'127.0.0.1','amssplus','2023-02-16 09:21:29','student_check'),(36,'127.0.0.1','amssplus','2023-02-16 09:22:09','student_check'),(37,'127.0.0.1','amssplus','2023-02-16 09:33:03','student_check'),(38,'10.1.1.3','amssplus','2023-04-05 09:48:20','student_check'),(39,'10.1.1.3','amssplus','2023-04-05 22:38:11','student_check'),(40,'10.1.1.3','amssplus','2023-04-06 10:24:16','student_check'),(41,'10.1.1.3','amssplus','2023-04-06 10:25:07','student_check'),(42,'10.1.1.3','amssplus','2023-04-06 10:47:28','student_check'),(43,'10.1.1.3','amssplus','2023-04-06 13:13:41','student_check'),(44,'10.1.1.3','amssplus','2023-06-15 10:20:22','student_check'),(45,'10.1.1.3','amssplus','2023-06-15 10:58:50','student'),(46,'10.1.1.3','amssplus','2023-06-16 15:19:32','student'),(47,'10.1.1.3','amssplus','2023-07-04 11:26:08','student'),(48,'127.0.0.1','amssplus','2023-07-09 13:17:04','student_check'),(49,'127.0.0.1','amssplus','2023-07-09 13:19:00','student_check'),(50,'127.0.0.1','amssplus','2023-07-09 13:19:47','student_check'),(51,'127.0.0.1','amssplus','2023-07-09 13:20:13','student_check'),(52,'127.0.0.1','amssplus','2023-07-09 13:20:46','student_check'),(53,'127.0.0.1','amssplus','2023-07-09 13:21:44','student_check'),(54,'127.0.0.1','amssplus','2023-07-09 13:27:58','student_check'),(55,'127.0.0.1','amssplus','2023-07-09 13:29:13','student_check'),(56,'127.0.0.1','amssplus','2023-07-09 13:31:15','student_check'),(57,'127.0.0.1','amssplus','2023-07-09 13:36:12','student_check'),(58,'127.0.0.1','amssplus','2023-07-09 13:37:18','student_check'),(59,'127.0.0.1','amssplus','2023-07-09 13:37:40','student_check'),(60,'127.0.0.1','amssplus','2023-07-09 13:39:12','student_check'),(61,'127.0.0.1','amssplus','2023-07-09 13:41:19','student_check'),(62,'127.0.0.1','amssplus','2023-07-09 13:42:40','student_check'),(63,'127.0.0.1','amssplus','2023-07-09 13:43:39','student_check'),(64,'127.0.0.1','amssplus','2023-07-09 13:47:33','student_check'),(65,'127.0.0.1','amssplus','2023-07-09 13:59:31','student_check'),(66,'127.0.0.1','amssplus','2023-07-09 14:08:14','student_check'),(67,'127.0.0.1','amssplus','2023-07-09 14:17:26','student_check'),(68,'127.0.0.1','amssplus','2023-07-11 07:57:59','student_check'),(69,'127.0.0.1','amssplus','2023-07-11 08:13:01','student_check'),(70,'127.0.0.1','amssplus','2023-07-11 08:13:51','student_check'),(71,'127.0.0.1','amssplus','2023-07-11 08:14:42','student_check'),(72,'127.0.0.1','amssplus','2023-07-26 13:59:03','student_check'),(73,'127.0.0.1','amssplus','2023-07-26 14:00:43','student_check'),(74,'127.0.0.1','amssplus','2023-07-26 14:02:18','student_check'),(75,'127.0.0.1','amssplus','2023-07-26 14:53:00','student_check'),(76,'127.0.0.1','amssplus','2023-07-26 14:58:36','student_check'),(77,'127.0.0.1','amssplus','2023-07-26 15:09:17','student_check'),(78,'127.0.0.1','amssplus','2023-07-26 15:11:11','student_check'),(79,'127.0.0.1','amssplus','2023-07-26 15:12:10','student_check'),(80,'127.0.0.1','amssplus','2023-07-26 15:18:47','student_check'),(81,'127.0.0.1','amssplus','2023-07-26 15:22:42','student_check'),(82,'127.0.0.1','amssplus','2023-07-26 15:27:33','student_check'),(83,'127.0.0.1','amssplus','2023-07-26 15:31:15','student_check'),(84,'127.0.0.1','amssplus','2023-07-26 15:32:21','student_check'),(85,'127.0.0.1','amssplus','2023-07-26 15:33:17','student_check'),(86,'127.0.0.1','amssplus','2023-07-26 15:45:54','student_check'),(87,'127.0.0.1','amssplus','2023-07-26 15:49:09','student_check'),(88,'127.0.0.1','amssplus','2023-07-26 15:51:06','student_check'),(89,'127.0.0.1','amssplus','2023-07-26 15:52:53','student_check'),(90,'127.0.0.1','amssplus','2023-07-26 15:57:24','student_check'),(91,'127.0.0.1','amssplus','2023-07-26 17:14:03','student_check'),(92,'127.0.0.1','amssplus','2023-07-26 17:19:52','student_check'),(93,'127.0.0.1','amssplus','2023-07-26 17:26:44','student_check'),(94,'127.0.0.1','amssplus','2023-07-26 17:28:19','student_check'),(95,'127.0.0.1','amssplus','2023-07-26 17:42:21','student_check'),(96,'10.1.1.3','amssplus','2023-08-24 09:05:29','student_check'),(97,'10.1.1.3','amssplus','2023-08-31 09:02:48','student_check'),(98,'10.1.1.3','amssplus','2023-08-31 09:03:19','student_check'),(99,'10.1.1.3','amssplus','2023-08-31 09:03:39','student_check'),(100,'10.1.1.3','amssplus','2023-09-15 20:10:51','student'),(101,'','amssplus','2023-10-25 14:28:40','student_check'),(102,'','amssplus','2023-10-25 14:28:46','student_check'),(103,'','amssplus','2023-10-25 14:28:48','student_check'),(104,'10.255.199.107','amssplus','2023-11-29 08:55:48','student_check'),(105,'10.255.199.107','amssplus','2023-12-15 12:15:50','student_check'),(106,'10.255.199.107','amssplus','2024-01-25 03:50:22','student_check'),(107,'10.255.199.107','amssplus','2024-06-10 11:59:18','student'),(108,'10.255.199.107','amssplus','2024-06-10 12:33:03','student'),(109,'10.255.199.107','amssplus','2024-06-14 10:46:03','student'),(110,'10.255.199.107','amssplus','2024-06-14 10:52:05','student'),(111,'10.255.199.107','amssplus','2024-06-17 04:37:31','person'),(112,'10.255.199.107','amssplus','2024-06-17 04:39:47','person'),(113,'10.255.199.107','amssplus','2024-06-20 04:51:34','student_check'),(114,'10.255.199.107','amssplus','2024-08-08 03:18:57','person'),(115,'10.255.199.107','amssplus','2025-03-11 07:57:43','student_check'),(116,'10.255.199.107','amssplus','2025-03-11 07:58:04','student_check'),(117,'10.255.199.107','amssplus','2025-03-28 01:48:39','student_check'),(118,'10.255.199.107','amssplus','2025-05-29 08:07:45','person'),(119,'10.255.199.107','amssplus','2025-05-29 08:14:00','person'),(120,'10.255.199.107','amssplus','2025-06-08 04:21:18','student'),(121,'10.255.199.107','amssplus','2025-06-08 04:23:07','student'),(122,'10.255.199.107','amssplus','2025-07-30 08:33:28','student_check'),(123,'10.255.199.107','amssplus','2025-08-01 22:22:45','student_check'),(124,'10.255.199.107','amssplus','2025-08-01 22:22:49','student_check'),(125,'10.255.199.107','amssplus','2025-08-14 04:06:12','person'),(126,'10.255.199.107','amssplus','2025-08-14 04:06:48','person'),(127,'10.255.199.107','amssplus','2025-08-14 04:25:27','student'),(128,'10.255.199.107','amssplus','2025-08-29 02:40:17','student_check'),(129,'10.255.199.107','amssplus','2025-09-13 05:43:36','student_check'),(130,'10.255.199.107','amssplus','2025-09-13 05:54:44','student_check');

--
