-- Table structure for table `student_check_permission`
--

CREATE TABLE `student_check_permission` (
  `class_now` tinyint(4) NOT NULL,
  `room_now` tinyint(4) NOT NULL,
  `person_id` varchar(13) NOT NULL,
  `student_check_year` int(11) NOT NULL
) ENGINE=MyISAM DEFAULT CHARSET=utf8 COLLATE=utf8_general_ci;

--
-- Dumping data for table `student_check_permission`
--

INSERT INTO `student_check_permission` VALUES (2,1,'3341501649584',2558),(3,1,'3341501649584',2558),(4,1,'5341500014344',2558),(5,1,'5341500014344',2558),(6,1,'3341501627076',2558),(3,1,'3341501649584',2559),(8,1,'3349900471298',2558),(9,1,'3349900471298',2558),(7,1,'3341501627076',2558),(4,1,'5341500014344',2559),(5,1,'5341500014344',2559),(6,1,'3341501627076',2559),(7,1,'3341501627076',2559),(8,1,'3349900471298',2559),(9,1,'3349900471298',2559),(1,1,'1342200064247',2561),(4,1,'1342200064247',2561),(5,1,'1342200064247',2561),(6,1,'1342200064247',2561),(7,1,'1342200064247',2561),(8,1,'1342200064247',2561),(9,1,'1342200064247',2561),(3,1,'1342200064247',2564),(1,1,'3349900471298',2562),(2,1,'3341501649584',2562),(1,1,'1331300076688',2562),(4,1,'1331300076688',2564),(1,1,'1342200064247',2562),(2,1,'1342200064247',2562),(2,1,'1342200064247',2564),(3,1,'3341501649584',2562),(3,1,'1331300076688',2562),(2,1,'1331300076688',2564),(3,1,'1342200064247',2562),(5,1,'3349900471298',2562),(5,1,'3341501649584',2562),(5,1,'1331300076688',2562),(5,1,'3341501627076',2562),(5,1,'1342200064247',2562),(6,1,'3349900471298',2562),(6,1,'3341501649584',2562),(6,1,'1331300076688',2562),(6,1,'3341501627076',2562),(6,1,'1342200064247',2562),(7,1,'3349900471298',2562),(7,1,'3341501649584',2562),(7,1,'1331300076688',2562),(7,1,'3341501627076',2562),(7,1,'1342200064247',2562),(8,1,'3349900471298',2562),(8,1,'3341501649584',2562),(8,1,'1331300076688',2562),(8,1,'3341501627076',2562),(8,1,'1342200064247',2562),(9,1,'3349900471298',2562),(9,1,'3341501649584',2562),(9,1,'1331300076688',2562),(9,1,'3341501627076',2562),(9,1,'1342200064247',2562),(4,1,'1342200064247',2564),(4,1,'3410400470366',2564),(3,1,'1331300076688',2564),(2,1,'1349900347515',2563),(3,1,'3349900471298',2564),(2,1,'1342200064247',2563),(3,1,'3410400470366',2564),(2,1,'1349900347515',2564),(3,1,'1331300076688',2563),(3,1,'1349900347515',2563),(2,1,'3410400470366',2564),(3,1,'1342200064247',2563),(4,1,'3341901023909',2563),(4,1,'3349900471298',2563),(4,1,'1331300076688',2563),(4,1,'1349900347515',2563),(4,1,'3341501627076',2563),(4,1,'1342200064247',2563),(6,1,'3341901023909',2563),(6,1,'3349900471298',2563),(6,1,'1331300076688',2563),(6,1,'1349900347515',2563),(6,1,'3341501627076',2563),(6,1,'1342200064247',2563),(7,1,'3341901023909',2563),(7,1,'3349900471298',2563),(7,1,'1331300076688',2563),(7,1,'1349900347515',2563),(7,1,'3341501627076',2563),(7,1,'1342200064247',2563),(8,1,'3341901023909',2563),(8,1,'3349900471298',2563),(8,1,'1331300076688',2563),(8,1,'1349900347515',2563),(8,1,'3341501627076',2563),(8,1,'1342200064247',2563),(9,1,'3341901023909',2563),(9,1,'3349900471298',2563),(9,1,'1331300076688',2563),(9,1,'1349900347515',2563),(9,1,'3341501627076',2563),(9,1,'1342200064247',2563),(5,1,'3410400470366',2564),(5,1,'1331300076688',2564),(5,1,'1342200064247',2564),(7,1,'3410400470366',2564),(7,1,'3341501627076',2564),(7,1,'1342200064247',2564),(8,1,'3410400470366',2564),(8,1,'1341500282630',2564),(8,1,'1342200064247',2564),(9,1,'3410400470366',2564),(9,1,'1341500282630',2564),(9,1,'1342200064247',2564),(8,1,'1331300076688',2564),(6,1,'1342200064247',2564),(6,1,'3410400470366',2564),(6,1,'1331300076688',2564),(6,1,'3341501627076',2564),(3,1,'1342200064247',2565),(4,1,'1342200064247',2565),(5,1,'1342200064247',2565),(6,1,'1342200064247',2565),(8,1,'1342200064247',2565),(9,1,'1342200064247',2565),(3,1,'1349900347515',2565),(4,1,'1331300076688',2565),(2,1,'1349900347515',2566),(2,1,'1342200064247',2566),(4,1,'1331300076688',2566),(4,1,'1342200064247',2566),(5,1,'1342200064247',2566),(6,1,'3341501627076',2566),(6,1,'1342200064247',2566),(7,1,'3341501627076',2566),(7,1,'1342200064247',2566),(9,1,'1341500282630',2566),(9,1,'1342200064247',2566),(3,1,'1349900347515',2567),(3,1,'1342200064247',2567),(5,1,'1331300076688',2567),(5,1,'1342200064247',2567),(6,1,'3341501627076',2567),(6,1,'1342200064247',2567),(7,1,'1342200064247',2567),(8,1,'1341500282630',2567),(8,1,'1342200064247',2567),(2,1,'1349900347515',2567),(2,1,'1342200064247',2567),(2,1,'1349900347515',2568),(2,1,'1342200064247',2568),(3,1,'1349900347515',2568),(3,1,'1342200064247',2568),(5,1,'1331300076688',2568),(5,1,'1342200064247',2568),(4,1,'1331300076688',2568),(4,1,'1342200064247',2568),(6,1,'3341501627076',2568),(6,1,'1342200064247',2568),(7,1,'1331300076688',2568),(7,1,'1342200064247',2568),(8,1,'1341500282630',2568),(8,1,'1342200064247',2568),(9,1,'1341500282630',2568),(9,1,'1342200064247',2568);

--
-- Table structure for table `student_check_year`
--

CREATE TABLE `student_check_year` (
  `id` int(11) NOT NULL AUTO_INCREMENT,
  `student_check_year` int(11) NOT NULL,
  `year_active` tinyint(1) NOT NULL,
  PRIMARY KEY (`id`),
  UNIQUE KEY `student_check_year` (`student_check_year`)
) ENGINE=MyISAM AUTO_INCREMENT=11 DEFAULT CHARSET=utf8 COLLATE=utf8_general_ci;

--
-- Dumping data for table `student_check_year`
--

INSERT INTO `student_check_year` VALUES (1,2558,0),(2,2559,0),(3,2561,0),(4,2562,0),(5,2563,0),(6,2564,0),(7,2565,0),(8,2566,0),(9,2567,0),(10,2568,1);

--
-- Table structure for table `student_main`
--

CREATE TABLE `student_main` (
  `id` int(11) NOT NULL AUTO_INCREMENT,
  `student_id` varchar(7) NOT NULL,
  `student_number` int(11) DEFAULT NULL,
  `prename` varchar(20) NOT NULL,
  `name` varchar(50) NOT NULL,
  `surname` varchar(50) NOT NULL,
  `person_id` varchar(20) DEFAULT NULL,
  `sex` tinyint(4) NOT NULL DEFAULT 0,
  `pic` varchar(150) DEFAULT NULL,
  `class_now` tinyint(4) DEFAULT NULL,
  `room` tinyint(4) NOT NULL DEFAULT 0,
  `status` tinyint(4) NOT NULL DEFAULT 0,
  `out_edyear` int(11) DEFAULT NULL,
  `officer` varchar(13) NOT NULL,
  `rec_date` date NOT NULL,
  PRIMARY KEY (`id`),
  UNIQUE KEY `student_number` (`student_id`),
  KEY `class_now` (`class_now`),
  KEY `room` (`room`)
) ENGINE=MyISAM AUTO_INCREMENT=101 DEFAULT CHARSET=utf8 COLLATE=utf8_general_ci;

--
-- Dumping data for table `student_main`
--

INSERT INTO `student_main` VALUES (59,'821',4,'เด็กชาย','ทรงสิทธิ์','จำปานาค','1342400059743',1,'',9,1,0,NULL,'1342200064247','2018-11-06'),(2,'803',1,'เด็กชาย','ธนาวัฒน์','ศรีนวล','1349901728474',1,NULL,9,1,1,2565,'1342200064247','0000-00-00'),(3,'805',2,'เด็กชาย','วงศกร','สิมมา','1342200156231',1,NULL,9,1,1,2565,'1342200064247','0000-00-00'),(4,'807',3,'เด็กชาย','กิตติกร','อ่างคำหงษ์','1342200156494',1,NULL,9,1,1,2565,'1342200064247','0000-00-00'),(5,'800',4,'เด็กหญิง','ศกลรัตน์','แก้วงาม','1342200154602',2,NULL,9,1,1,2565,'1342200064247','0000-00-00'),(6,'801',5,'เด็กหญิง','บุษกร','ละเลิศ','1349901726366',2,NULL,9,1,1,2565,'1342200064247','0000-00-00'),(58,'818',1,'เด็กชาย','ณัฐภัทร','บัวดก','1347600093711',1,'',9,1,0,NULL,'1342200064247','2018-11-06'),(9,'806',7,'เด็กหญิง','จรินญา','สิงหาเวช','1349901757911',2,NULL,9,1,1,2565,'1342200064247','0000-00-00'),(10,'784',1,'เด็กชาย','จารุพัฒน์','พรมบุญ','1342200152219',1,NULL,9,1,1,2564,'1342200064247','0000-00-00'),(11,'785',2,'เด็กชาย','อาทิตย์','ปิ่นเพ็ชร','1349901664107',1,NULL,9,1,1,2564,'1342200064247','0000-00-00'),(12,'786',3,'เด็กชาย','สุรศักดิ์','วงษ์คำเกิด','1342200153029',1,NULL,9,1,1,2564,'1342200064247','0000-00-00'),(14,'792',4,'เด็กชาย','ธรรมรงค์','พวงจินดา','1342200153614',1,NULL,9,1,1,2564,'1342200064247','0000-00-00'),(15,'793',5,'เด็กชาย','รัฐศาสตร์','โสดาราช','1349901690493',1,NULL,9,1,1,2564,'1342200064247','0000-00-00'),(16,'796',8,'เด็กชาย','วีรพงษ์','จันลา','1459901366059',1,NULL,9,1,1,2564,'1342200064247','0000-00-00'),(17,'794',6,'เด็กหญิง','อัญชิษา','ธรรมิภักดิ์','1349901695282',2,NULL,9,1,1,2564,'1342200064247','0000-00-00'),(18,'795',7,'เด็กหญิง','อนัญญา','หยองเอ่น','1342200153886',2,NULL,9,1,1,2564,'1342200064247','0000-00-00'),(19,'782',1,'เด็กชาย','ธนกร','สิงหาเวช','1349901563564',1,NULL,9,1,1,2563,'1342200064247','0000-00-00'),(20,'783',2,'เด็กหญิง','ปัณฑิตา','ชาวดอน','1342200148432',2,NULL,9,1,1,2563,'1342200064247','0000-00-00'),(70,'797',3,'เด็กชาย','พงศกร','ชมคำ','1349901516418',1,'',9,1,1,2562,'1342200064247','2020-06-17'),(68,'788',2,'เด็กชาย','ธนวัฒน์','โคตพิลา','1342200145301',1,'',9,1,1,2562,'1342200064247','2020-06-17'),(64,'823',2,'เด็กหญิง','พรลภัส','ภาลัง','1342200163075',2,'',8,1,0,NULL,'1342200064247','2019-06-04'),(65,'824',3,'เด็กชาย','วีรภัทร','โคตพิลา','1342200163377',1,'',8,1,0,NULL,'1342200064247','2019-06-04'),(66,'825',4,'เด็กชาย','ดิสกรร','โพนสุวรรณ์','1349901996096',1,'',8,1,0,NULL,'1342200064247','2019-06-04'),(67,'826',5,'เด็กชาย','ภูรินทร์เดช','โสมนัส','1342200163806',1,'',8,1,0,NULL,'1342200064247','2019-06-04'),(76,'831',5,'เด็กหญิง','โชติกา','เต็มดวง','1349902065959',2,'',7,1,0,NULL,'1342200064247','2020-06-17'),(73,'828',2,'เด็กชาย','พีรวิชญ์','ชมคำ','1349902060892',1,'',7,1,0,NULL,'1342200064247','2020-06-17'),(74,'829',3,'เด็กชาย','สิทธิพล','กันทอง','1349902060680',1,'',7,1,0,NULL,'1342200064247','2020-06-17'),(75,'830',4,'เด็กชาย','ศรัณยพงศ์','กันทอง','1349902049490',1,'',7,1,0,NULL,'1342200064247','2020-06-17'),(69,'787',1,'เด็กหญิง','ศศิธร','ไชยชะนะ','1349901473832',2,'',9,1,1,2562,'1342200064247','2020-06-17'),(71,'790',4,'เด็กหญิง','จรรยพร','หวังบุุญ','1342200143589',2,'',9,1,1,2562,'1342200064247','2020-06-17'),(42,'762',0,'เด็กชาย','สิทธิชัย','สิงหาเวช','1342200136574',1,NULL,9,1,1,2559,'','0000-00-00'),(43,'767',0,'เด็กชาย','ศรยุทธ','สิงหาเวช','1342200137716',1,NULL,9,1,1,2559,'','0000-00-00'),(44,'765',0,'เด็กหญิง','สุทธิตา','โคตพิลา','1349901359177',2,NULL,9,1,1,2559,'','0000-00-00'),(45,'758',0,'เด็กชาย','อนุวัฒน์','บุญเกิ่ง','1349901219499',1,NULL,9,1,1,2558,'','0000-00-00'),(46,'759',0,'เด็กหญิง','สุพัตรา','พิมพร','1342200118789',2,NULL,9,1,1,2559,'','0000-00-00'),(47,'760',0,'เด็กหญิง','ปุณิกา','สิงหาเวช','1342200133591',2,NULL,9,1,1,2559,'','0000-00-00'),(48,'761',0,'เด็กหญิง','พัณณิตา','โคตพิลา','1342200134377',2,NULL,9,1,1,2559,'3349900471298','0000-00-00'),(49,'810',2,'เด็กหญิง','ชญาดา','เต็มดวง','1349901787420',2,'',9,1,1,2566,'1342200064247','2016-07-26'),(50,'814',5,'เด็กหญิง','เกวลี','กันทอง','1209000640764',2,'',9,1,1,2566,'1342200064247','2016-07-26'),(51,'809',1,'เด็กหญิง','ยิ่งลักษณ์','ปรัสพันธ์','1342200157075',2,'',9,1,1,2566,'1342200064247','2016-07-26'),(52,'811',3,'เด็กชาย','ธนพงษ์','วันทอง','1349901793951',1,'',9,1,1,2566,'1342200064247','2016-07-26'),(53,'813',5,'เด็กหญิง','วิรัตน์ดา','จันลา','1459901460209',2,'',8,1,2,2565,'1342200064247','2016-07-26'),(54,'812',4,'เด็กหญิง','นภัทตาพร','ภุ่มพันธ์','1349901796488',2,'',9,1,1,2566,'1342200064247','2016-07-26'),(55,'815',6,'เด็กหญิง','พิชญธิดา','ชมคำ','1349901819721',2,'',9,1,1,2566,'1342200064247','2016-07-26'),(56,'808',9,'เด็กหญิง','กุลธิดา','ปุนประวัติ','1342200152987',2,'',9,1,1,2564,'1342200064247','2016-07-26'),(57,'791',10,'เด็กชาย','ณัฏฐชัย','ดวงมาลา','1349901685058',1,'',9,1,1,2564,'1342200064247','2018-11-05'),(63,'822',1,'เด็กหญิง','กัณฐมณี. ','ศิริยานต์','1349902030951',2,'',8,1,0,NULL,'1342200064247','2019-06-04'),(72,'827',1,'เด็กหญิง','กัญญาณัฐ','เอกศิริ','1349902061805',2,'',7,1,0,NULL,'1342200064247','2020-06-17'),(60,'819',2,'เด็กหญิง','พิชญ์นาฏ','ชมคำ','1342200162559',2,'modules/student_main/picture/pic_819.jpg',9,1,0,NULL,'1342200064247','2018-11-06'),(61,'820',3,'เด็กหญิง','เขมจิรา','กันทอง','1209000795733',2,'',9,1,0,NULL,'1342200064247','2018-11-06'),(62,'816',7,'เด็กหญิง','ณพชิรา','สีหงษา','1349901814311',2,'',9,1,1,2566,'1342200064247','2018-11-06'),(77,'832',6,'เด็กหญิง','ปรียาดา','ดวงแก้ว','1349902070405',2,'',5,1,2,2567,'1342200064247','2020-06-17'),(78,'833',6,'เด็กหญิง','รินระฎา','วันเพ็ญ','1341501591261',2,'',7,1,0,NULL,'1342200064247','2020-06-17'),(79,'834',8,'เด็กชาย','พงศกร','ดาสอาด','1341501590346',1,'',3,1,2,2564,'1342200064247','2020-06-17'),(81,'835',6,'เด็กหญิง','ชลธิชา','จันทร์เหลา','1209601875294',2,'',3,1,2,2563,'1342200064247','2021-05-07'),(82,'836',1,'เด็กชาย','จารุวัฒน์','อ่างคำหงษ์','1209703071585',1,'',6,1,0,NULL,'1342200064247','2021-06-14'),(83,'837',2,'เด็กชาย','เตชิน','ปุณประวัติ','1349902110687',1,'',6,1,0,NULL,'1342200064247','2021-06-14'),(84,'838',3,'เด็กชาย','วชิรวิทย์','ทองภามี','1349902145421',1,'',6,1,0,NULL,'1342200064247','2021-06-14'),(85,'839',4,'เด็กชาย','ปรัตถกร','ละเลิศ','1342200166384',1,'',6,1,0,NULL,'1342200064247','2021-06-14'),(86,'840',5,'เด็กชาย','พัชระ','ดวงมาลา','1341501607044',1,'',6,1,0,NULL,'1342200064247','2021-06-14'),(87,'841',6,'เด็กชาย','ณัฐกรณ์','บัวดก','1347600126406',1,'',6,1,0,NULL,'1342200064247','2021-06-14'),(88,'842',1,'เด็กหญิง','ณัฐริกา ','สมน้อย','1349902255511',2,'',4,1,0,NULL,'1342200064247','2023-04-25'),(89,'843',2,'เด็กชาย','ปิยพัฒน์','ขจรเพชร','1341501627592',1,'',4,1,0,NULL,'1342200064247','2023-04-25'),(90,'844',3,'เด็กหญิง','ภัทรวดี','สุดตา','1349902236648',2,'',4,1,0,NULL,'1342200064247','2023-04-25'),(91,'845',4,'เด็กหญิง','ศศิพัชร์','กันทอง','1349902231760',2,'',4,1,0,NULL,'1342200064247','2023-04-25'),(92,'846',1,'เด็กชาย','จิตติพัฒน์','วิชาชัย','1341501653178',1,'',3,1,0,NULL,'1342200064247','2024-05-14'),(93,'847',2,'เด็กชาย','จิรวัฒน์','ปุริวงศ์','1341501654212',1,'',3,1,0,NULL,'1342200064247','2024-05-14'),(94,'848',3,'เด็กชาย','ธนากฤต','อ่างคำหงษ์','125010279681',1,'',3,1,0,NULL,'1342200064247','2024-05-14'),(95,'849',1,'เด็กหญิง','กัญญาพัชร ','พันจันลา','1200901987693',2,'',2,1,0,NULL,'1342200064247','2025-05-08'),(96,'850',2,'เด็กชาย','พีรณัฐ ',' ศรีนวล','1346400004047',1,'',2,1,0,NULL,'1342200064247','2025-05-08'),(97,'851',3,'เด็กชาย','ธีรดนย์  ','ทองโสภา','1346400008433',1,'',2,1,0,NULL,'1342200064247','2025-05-08'),(100,'853',5,'เด็กหญิง','ปุญญตา','บัณฑิตใจ','1100704479271',2,'',9,1,0,NULL,'1342200064247','2025-05-13'),(99,'852',4,'เด็กชาย','วริทธากร ','สิทธิ','1347900066921',1,'',2,1,0,NULL,'1342200064247','2025-05-08');

--
-- Table structure for table `student_main_class`
--

CREATE TABLE `student_main_class` (
  `id` int(11) NOT NULL AUTO_INCREMENT,
  `class_code` tinyint(4) NOT NULL,
  `class_name` varchar(150) NOT NULL,
  PRIMARY KEY (`id`),
  UNIQUE KEY `class_code` (`class_code`)
) ENGINE=MyISAM AUTO_INCREMENT=10 DEFAULT CHARSET=utf8 COLLATE=utf8_general_ci;

--
-- Dumping data for table `student_main_class`
--

INSERT INTO `student_main_class` VALUES (1,1,'อนุบาล1'),(2,3,'อนุุบาล3'),(3,4,'ประถมศึกษาปีที่1'),(5,6,'ประถมศึกษาปีที่3'),(6,7,'ประถมศึกษาปีที่4'),(7,8,'ประถมศึกษาปีที่5'),(8,9,'ประถมศึกษาปีที่6'),(9,2,'อนุบาล2');

--
-- Table structure for table `student_main_classlog`
--

CREATE TABLE `student_main_classlog` (
  `id` int(11) NOT NULL AUTO_INCREMENT,
  `ed_year` int(11) NOT NULL,
  `student_id` varchar(7) NOT NULL,
  `student_number` int(11) DEFAULT NULL,
  `class_code` tinyint(4) NOT NULL,
  `room` tinyint(4) DEFAULT 0,
  `officer` varchar(13) NOT NULL,
  `rec_date` date NOT NULL,
  PRIMARY KEY (`id`)
) ENGINE=MyISAM AUTO_INCREMENT=308 DEFAULT CHARSET=utf8 COLLATE=utf8_general_ci;

--
-- Dumping data for table `student_main_classlog`
--

INSERT INTO `student_main_classlog` VALUES (1,2558,'799',0,2,1,'3341501009003','2015-11-02'),(2,2558,'800',0,2,1,'3341501009003','2015-11-02'),(3,2558,'801',0,2,1,'3341501009003','2015-11-02'),(4,2558,'802',0,2,1,'3341501009003','2015-11-02'),(5,2558,'803',0,2,1,'3341501009003','2015-11-02'),(6,2558,'804',0,2,1,'3341501009003','2015-11-02'),(7,2558,'805',0,2,1,'3341501009003','2015-11-02'),(8,2558,'806',0,2,1,'3341501009003','2015-11-02'),(9,2558,'807',0,2,1,'3341501009003','2015-11-02'),(10,2558,'784',0,3,1,'3341501009003','2015-11-02'),(11,2558,'785',0,3,1,'3341501009003','2015-11-02'),(12,2558,'786',0,3,1,'3341501009003','2015-11-02'),(13,2558,'791',0,3,1,'3341501009003','2015-11-02'),(14,2558,'792',0,3,1,'3341501009003','2015-11-02'),(15,2558,'793',0,3,1,'3341501009003','2015-11-02'),(16,2558,'794',0,3,1,'3341501009003','2015-11-02'),(17,2558,'795',0,3,1,'3341501009003','2015-11-02'),(18,2558,'796',0,3,1,'3341501009003','2015-11-02'),(19,2558,'782',0,4,1,'3341501009003','2015-11-02'),(20,2558,'783',0,4,1,'3341501009003','2015-11-02'),(21,2558,'789',0,4,1,'3341501009003','2015-11-02'),(22,2558,'787',0,5,1,'3341501009003','2015-11-02'),(23,2558,'788',0,5,1,'3341501009003','2015-11-02'),(24,2558,'790',0,5,1,'3341501009003','2015-11-02'),(25,2558,'797',0,5,1,'3341501009003','2015-11-02'),(26,2558,'774',0,6,1,'3341501009003','2015-11-02'),(27,2558,'775',0,6,1,'3341501009003','2015-11-02'),(28,2558,'776',0,6,1,'3341501009003','2015-11-02'),(29,2558,'777',0,6,1,'3341501009003','2015-11-02'),(30,2558,'778',0,6,1,'3341501009003','2015-11-02'),(31,2558,'779',0,6,1,'3341501009003','2015-11-02'),(32,2558,'780',0,6,1,'3341501009003','2015-11-02'),(33,2558,'781',0,6,1,'3341501009003','2015-11-02'),(34,2558,'798',0,6,1,'3341501009003','2015-11-02'),(35,2558,'763',0,7,1,'3341501009003','2015-11-02'),(36,2558,'766',0,7,1,'3341501009003','2015-11-02'),(37,2558,'768',0,7,1,'3341501009003','2015-11-02'),(38,2558,'769',0,7,1,'3341501009003','2015-11-02'),(39,2558,'770',0,7,1,'3341501009003','2015-11-02'),(40,2558,'771',0,7,1,'3341501009003','2015-11-02'),(41,2558,'773',0,7,1,'3341501009003','2015-11-02'),(42,2558,'762',0,8,1,'3341501009003','2015-11-02'),(43,2558,'765',0,8,1,'3341501009003','2015-11-02'),(44,2558,'767',0,8,1,'3341501009003','2015-11-02'),(45,2558,'758',0,9,1,'3341501009003','2015-11-02'),(46,2558,'759',0,9,1,'3341501009003','2015-11-02'),(47,2558,'760',0,9,1,'3341501009003','2015-11-02'),(48,2558,'761',0,9,1,'3341501009003','2015-11-02'),(60,2559,'800',0,3,1,'3349900471298','2016-07-26'),(61,2559,'801',0,3,1,'3349900471298','2016-07-26'),(59,2559,'799',0,3,1,'3349900471298','2016-07-26'),(53,2557,'762',0,8,1,'3349900471298','2016-06-24'),(54,2557,'765',0,8,1,'3349900471298','2016-06-24'),(55,2557,'767',0,8,1,'3349900471298','2016-06-24'),(56,2559,'762',0,9,1,'3349900471298','2016-07-26'),(57,2559,'765',0,9,1,'3349900471298','2016-07-26'),(58,2559,'767',0,9,1,'3349900471298','2016-07-26'),(62,2559,'802',0,3,1,'3349900471298','2016-07-26'),(63,2559,'803',0,3,1,'3349900471298','2016-07-26'),(64,2559,'804',0,3,1,'3349900471298','2016-07-26'),(65,2559,'805',0,3,1,'3349900471298','2016-07-26'),(66,2559,'806',0,3,1,'3349900471298','2016-07-26'),(67,2559,'807',0,3,1,'3349900471298','2016-07-26'),(68,2559,'784',0,4,1,'3349900471298','2016-07-26'),(69,2559,'785',0,4,1,'3349900471298','2016-07-26'),(70,2559,'786',0,4,1,'3349900471298','2016-07-26'),(71,2559,'792',0,4,1,'3349900471298','2016-07-26'),(72,2559,'793',0,4,1,'3349900471298','2016-07-26'),(73,2559,'794',0,4,1,'3349900471298','2016-07-26'),(74,2559,'795',0,4,1,'3349900471298','2016-07-26'),(75,2559,'796',0,4,1,'3349900471298','2016-07-26'),(76,2559,'782',0,5,1,'3349900471298','2016-07-26'),(77,2559,'783',0,5,1,'3349900471298','2016-07-26'),(78,2559,'789',0,5,1,'3349900471298','2016-07-26'),(79,2559,'787',0,6,1,'3349900471298','2016-07-26'),(80,2559,'788',0,6,1,'3349900471298','2016-07-26'),(81,2559,'790',0,6,1,'3349900471298','2016-07-26'),(82,2559,'797',0,6,1,'3349900471298','2016-07-26'),(83,2559,'774',0,7,1,'3349900471298','2016-07-26'),(84,2559,'775',0,7,1,'3349900471298','2016-07-26'),(85,2559,'776',0,7,1,'3349900471298','2016-07-26'),(86,2559,'777',0,7,1,'3349900471298','2016-07-26'),(87,2559,'778',0,7,1,'3349900471298','2016-07-26'),(88,2559,'779',0,7,1,'3349900471298','2016-07-26'),(89,2559,'780',0,7,1,'3349900471298','2016-07-26'),(90,2559,'781',0,7,1,'3349900471298','2016-07-26'),(91,2559,'798',0,7,1,'3349900471298','2016-07-26'),(92,2559,'763',0,8,1,'3349900471298','2016-07-26'),(93,2559,'766',0,8,1,'3349900471298','2016-07-26'),(94,2559,'768',0,8,1,'3349900471298','2016-07-26'),(95,2559,'769',0,8,1,'3349900471298','2016-07-26'),(96,2559,'770',0,8,1,'3349900471298','2016-07-26'),(97,2559,'771',0,8,1,'3349900471298','2016-07-26'),(98,2559,'773',0,8,1,'3349900471298','2016-07-26'),(99,2559,'810',1,1,1,'3349900471298','2016-07-26'),(100,2559,'814',2,1,1,'3349900471298','2016-07-26'),(101,2559,'809',3,1,1,'3349900471298','2016-07-26'),(102,2559,'811',4,1,1,'3349900471298','2016-07-26'),(103,2559,'813',4,1,1,'3349900471298','2016-07-26'),(104,2559,'812',6,1,1,'3349900471298','2016-07-26'),(105,2559,'815',7,1,1,'3349900471298','2016-07-26'),(106,2559,'816',9,4,1,'3349900471298','2016-07-26'),(107,2562,'782',1,8,1,'1342200064247','2019-09-17'),(108,2562,'788',2,9,1,'1342200064247','2020-06-17'),(109,2562,'787',1,9,1,'1342200064247','2020-06-17'),(110,2562,'797',3,9,1,'1342200064247','2020-06-17'),(111,2562,'790',4,9,1,'1342200064247','2020-06-17'),(112,2562,'822',1,2,1,'1342200064247','2020-06-17'),(113,2563,'783',2,9,1,'1342200064247','2020-06-17'),(114,2563,'782',1,9,1,'1342200064247','2020-06-17'),(115,2563,'791',10,8,1,'1342200064247','2020-06-17'),(116,2563,'808',9,8,1,'1342200064247','2020-06-17'),(117,2563,'796',8,8,1,'1342200064247','2020-06-17'),(118,2563,'795',7,8,1,'1342200064247','2020-06-17'),(119,2563,'794',6,8,1,'1342200064247','2020-06-17'),(120,2563,'793',5,8,1,'1342200064247','2020-06-17'),(121,2563,'792',4,8,1,'1342200064247','2020-06-17'),(122,2563,'786',3,8,1,'1342200064247','2020-06-17'),(123,2563,'785',2,8,1,'1342200064247','2020-06-17'),(124,2563,'784',1,8,1,'1342200064247','2020-06-17'),(125,2563,'806',7,7,1,'1342200064247','2020-06-17'),(126,2563,'801',5,7,1,'1342200064247','2020-06-17'),(127,2563,'800',4,7,1,'1342200064247','2020-06-17'),(128,2563,'807',3,7,1,'1342200064247','2020-06-17'),(129,2563,'805',2,7,1,'1342200064247','2020-06-17'),(130,2563,'803',1,7,1,'1342200064247','2020-06-17'),(131,2563,'816',8,6,1,'1342200064247','2020-06-17'),(132,2563,'815',7,6,1,'1342200064247','2020-06-17'),(133,2563,'814',6,6,1,'1342200064247','2020-06-17'),(134,2563,'813',5,6,1,'1342200064247','2020-06-17'),(135,2563,'812',4,6,1,'1342200064247','2020-06-17'),(136,2563,'810',3,6,1,'1342200064247','2020-06-17'),(137,2563,'809',2,6,1,'1342200064247','2020-06-17'),(138,2563,'811',1,6,1,'1342200064247','2020-06-17'),(139,2563,'820',3,4,1,'1342200064247','2020-07-22'),(140,2563,'819',2,4,1,'1342200064247','2020-07-22'),(141,2563,'821',4,4,1,'1342200064247','2020-07-22'),(142,2563,'818',1,4,1,'1342200064247','2020-06-17'),(143,2563,'826',5,3,1,'1342200064247','2020-06-17'),(144,2563,'822',1,3,1,'1342200064247','2020-06-17'),(145,2563,'823',2,3,1,'1342200064247','2020-06-17'),(146,2563,'825',4,3,1,'1342200064247','2020-06-17'),(147,2563,'824',3,3,1,'1342200064247','2020-06-17'),(148,2563,'827',1,3,1,'1342200064247','2021-05-07'),(149,2563,'828',2,2,1,'1342200064247','2020-06-17'),(150,2563,'829',3,2,1,'1342200064247','2020-06-17'),(151,2563,'830',4,2,1,'1342200064247','2020-06-17'),(152,2563,'831',5,2,1,'1342200064247','2020-06-17'),(153,2563,'832',6,2,1,'1342200064247','2020-06-17'),(154,2563,'833',7,2,1,'1342200064247','2020-06-17'),(155,2563,'834',8,2,1,'1342200064247','2020-06-17'),(157,2564,'791',10,9,1,'1342200064247','2021-05-07'),(158,2564,'808',9,9,1,'1342200064247','2021-05-07'),(159,2564,'796',8,9,1,'1342200064247','2021-05-07'),(160,2564,'795',7,9,1,'1342200064247','2021-05-07'),(161,2564,'794',6,9,1,'1342200064247','2021-05-07'),(162,2564,'793',5,9,1,'1342200064247','2021-05-07'),(163,2564,'792',4,9,1,'1342200064247','2021-05-07'),(164,2564,'786',3,9,1,'1342200064247','2021-05-07'),(165,2564,'785',2,9,1,'1342200064247','2022-02-11'),(166,2564,'784',1,9,1,'1342200064247','2021-05-07'),(167,2564,'806',7,8,1,'1342200064247','2021-05-07'),(168,2564,'801',5,8,1,'1342200064247','2021-05-07'),(169,2564,'800',4,8,1,'1342200064247','2021-05-07'),(170,2564,'807',3,8,1,'1342200064247','2021-05-07'),(171,2564,'805',2,8,1,'1342200064247','2021-05-07'),(172,2564,'803',1,8,1,'1342200064247','2021-05-07'),(173,2564,'816',8,7,1,'1342200064247','2021-05-07'),(174,2564,'815',7,7,1,'1342200064247','2021-05-07'),(175,2564,'814',6,7,1,'1342200064247','2021-05-07'),(176,2564,'813',5,7,1,'1342200064247','2021-05-07'),(177,2564,'812',4,7,1,'1342200064247','2021-05-07'),(178,2564,'810',3,7,1,'1342200064247','2021-05-07'),(179,2564,'821',4,5,1,'1342200064247','2021-05-07'),(180,2564,'809',2,7,1,'1342200064247','2021-05-07'),(181,2564,'811',1,7,1,'1342200064247','2021-05-07'),(182,2564,'820',3,5,1,'1342200064247','2021-05-07'),(183,2564,'819',2,5,1,'1342200064247','2021-06-30'),(184,2564,'818',1,5,1,'1342200064247','2021-05-07'),(185,2564,'826',5,4,1,'1342200064247','2021-05-07'),(186,2564,'825',4,4,1,'1342200064247','2021-05-07'),(187,2564,'824',3,4,1,'1342200064247','2021-05-07'),(188,2564,'822',1,4,1,'1342200064247','2021-05-07'),(189,2564,'823',2,4,1,'1342200064247','2021-05-07'),(190,2564,'834',8,3,1,'1342200064247','2021-05-07'),(191,2564,'831',5,3,1,'1342200064247','2021-05-07'),(192,2564,'833',7,3,1,'1342200064247','2021-05-07'),(193,2564,'832',6,3,1,'1342200064247','2021-05-07'),(194,2564,'830',4,3,1,'1342200064247','2021-05-07'),(195,2564,'829',3,3,1,'1342200064247','2021-05-07'),(196,2564,'828',2,3,1,'1342200064247','2021-05-07'),(197,2563,'835',6,3,1,'1342200064247','2021-05-07'),(198,2564,'836',1,2,1,'1342200064247','2021-06-14'),(199,2564,'837',2,2,1,'1342200064247','2021-06-14'),(200,2564,'838',3,2,1,'1342200064247','2021-06-14'),(201,2564,'839',4,2,1,'1342200064247','2021-06-14'),(202,2564,'840',5,2,1,'1342200064247','2021-06-14'),(203,2564,'841',6,2,1,'1342200064247','2021-06-14'),(204,2565,'836',1,3,1,'1342200064247','2022-05-10'),(205,2565,'806',7,9,1,'1342200064247','2022-05-10'),(206,2565,'801',5,9,1,'1342200064247','2022-05-10'),(207,2565,'800',4,9,1,'1342200064247','2022-05-10'),(208,2565,'807',3,9,1,'1342200064247','2022-05-10'),(209,2565,'805',2,9,1,'1342200064247','2022-05-10'),(210,2565,'803',1,9,1,'1342200064247','2022-05-10'),(211,2565,'816',8,8,1,'1342200064247','2022-05-10'),(212,2565,'815',7,8,1,'1342200064247','2022-05-10'),(213,2565,'814',6,8,1,'1342200064247','2022-05-10'),(214,2565,'813',5,8,1,'1342200064247','2022-05-10'),(215,2565,'812',4,8,1,'1342200064247','2022-05-10'),(216,2565,'810',3,8,1,'1342200064247','2022-05-10'),(217,2565,'809',2,8,1,'1342200064247','2022-05-10'),(218,2565,'811',1,8,1,'1342200064247','2022-05-10'),(219,2565,'821',4,6,1,'1342200064247','2022-05-10'),(220,2565,'820',3,6,1,'1342200064247','2022-05-10'),(221,2565,'819',2,6,1,'1342200064247','2022-05-10'),(222,2565,'818',1,6,1,'1342200064247','2022-05-10'),(223,2565,'826',5,5,1,'1342200064247','2022-05-10'),(224,2565,'825',4,5,1,'1342200064247','2022-05-10'),(225,2565,'824',3,5,1,'1342200064247','2022-05-10'),(226,2565,'823',2,5,1,'1342200064247','2022-05-10'),(227,2565,'822',1,5,1,'1342200064247','2022-05-10'),(228,2565,'833',7,4,1,'1342200064247','2022-05-10'),(229,2565,'832',6,4,1,'1342200064247','2022-05-10'),(230,2565,'831',5,4,1,'1342200064247','2022-05-10'),(231,2565,'830',4,4,1,'1342200064247','2022-05-10'),(232,2565,'829',3,4,1,'1342200064247','2022-05-10'),(233,2565,'828',2,4,1,'1342200064247','2022-05-10'),(234,2565,'827',1,4,1,'1342200064247','2022-05-10'),(235,2565,'841',6,3,1,'1342200064247','2022-05-10'),(236,2565,'840',5,3,1,'1342200064247','2022-05-10'),(237,2565,'839',4,3,1,'1342200064247','2022-05-10'),(238,2565,'838',3,3,1,'1342200064247','2022-05-10'),(239,2565,'837',2,3,1,'1342200064247','2022-05-10'),(240,2566,'842',1,2,1,'1342200064247','2023-04-25'),(241,2566,'843',2,2,1,'1342200064247','2023-04-25'),(242,2566,'844',3,2,1,'1342200064247','2023-04-25'),(243,2566,'845',4,2,1,'1342200064247','2023-04-25'),(244,2566,'836',1,4,1,'1342200064247','2023-04-25'),(245,2566,'837',2,4,1,'1342200064247','2023-04-25'),(246,2566,'838',3,4,1,'1342200064247','2023-04-25'),(247,2566,'839',4,4,1,'1342200064247','2023-04-25'),(248,2566,'840',5,4,1,'1342200064247','2023-04-25'),(249,2566,'841',6,4,1,'1342200064247','2023-04-25'),(250,2566,'816',7,9,1,'1342200064247','2023-05-15'),(251,2566,'815',6,9,1,'1342200064247','2023-05-15'),(252,2566,'814',5,9,1,'1342200064247','2023-05-15'),(253,2566,'812',4,9,1,'1342200064247','2023-04-25'),(254,2566,'810',2,9,1,'1342200064247','2023-05-15'),(255,2566,'809',1,9,1,'1342200064247','2023-05-15'),(256,2566,'811',3,9,1,'1342200064247','2023-05-15'),(257,2566,'821',4,7,1,'1342200064247','2023-04-25'),(258,2566,'820',3,7,1,'1342200064247','2023-04-25'),(259,2566,'819',2,7,1,'1342200064247','2023-04-25'),(260,2566,'818',1,7,1,'1342200064247','2023-04-25'),(261,2566,'826',5,6,1,'1342200064247','2023-04-25'),(262,2566,'825',4,6,1,'1342200064247','2023-04-25'),(263,2566,'824',3,6,1,'1342200064247','2023-04-25'),(264,2566,'823',2,6,1,'1342200064247','2023-04-25'),(265,2566,'822',1,6,1,'1342200064247','2023-04-25'),(266,2566,'833',7,5,1,'1342200064247','2023-04-25'),(267,2566,'832',6,5,1,'1342200064247','2023-04-25'),(268,2566,'831',5,5,1,'1342200064247','2023-04-25'),(269,2566,'830',4,5,1,'1342200064247','2023-04-25'),(270,2566,'829',3,5,1,'1342200064247','2023-04-25'),(271,2566,'827',1,5,1,'1342200064247','2023-04-25'),(272,2566,'828',2,5,1,'1342200064247','2023-04-25'),(273,2567,'832',6,5,1,'1342200064247','2024-05-01'),(274,2567,'842',1,3,1,'1342200064247','2024-05-01'),(275,2567,'843',2,3,1,'1342200064247','2024-05-01'),(276,2567,'845',4,3,1,'1342200064247','2024-05-01'),(277,2567,'844',3,3,1,'1342200064247','2024-05-01'),(278,2567,'836',1,5,1,'1342200064247','2024-05-01'),(279,2567,'837',2,5,1,'1342200064247','2024-05-01'),(280,2567,'838',3,5,1,'1342200064247','2024-05-01'),(281,2567,'839',4,5,1,'1342200064247','2024-05-01'),(282,2567,'840',5,5,1,'1342200064247','2024-05-01'),(283,2567,'841',6,5,1,'1342200064247','2024-05-01'),(284,2567,'821',4,8,1,'1342200064247','2025-05-08'),(285,2567,'820',3,8,1,'1342200064247','2025-05-08'),(286,2567,'819',2,8,1,'1342200064247','2025-05-08'),(287,2567,'818',1,8,1,'1342200064247','2024-05-01'),(288,2567,'826',5,7,1,'1342200064247','2024-05-01'),(289,2567,'825',4,7,1,'1342200064247','2024-05-01'),(290,2567,'824',3,7,1,'1342200064247','2024-05-01'),(291,2567,'823',2,7,1,'1342200064247','2024-05-01'),(292,2567,'822',1,7,1,'1342200064247','2024-05-01'),(293,2567,'833',6,6,1,'1342200064247','2024-06-07'),(294,2567,'831',5,6,1,'1342200064247','2024-05-01'),(295,2567,'830',4,6,1,'1342200064247','2024-05-01'),(296,2567,'829',3,6,1,'1342200064247','2025-02-24'),(297,2567,'827',1,6,1,'1342200064247','2024-05-01'),(298,2567,'828',2,6,1,'1342200064247','2024-05-01'),(299,2567,'846',1,2,1,'1342200064247','2024-05-14'),(300,2567,'847',2,2,1,'1342200064247','2024-05-14'),(301,2567,'848',3,2,1,'1342200064247','2024-05-14'),(302,2568,'849',1,2,1,'1342200064247','2025-05-08'),(303,2568,'850',2,2,1,'1342200064247','2025-05-08'),(304,2568,'851',3,2,1,'1342200064247','2025-05-08'),(307,2568,'852',4,2,1,'1342200064247','2025-05-13'),(306,2568,'853',5,9,1,'1342200064247','2025-05-13');

--
-- Table structure for table `student_main_edyear`
--

CREATE TABLE `student_main_edyear` (
  `id` int(11) NOT NULL AUTO_INCREMENT,
  `ed_year` int(11) NOT NULL,
  `year_active` tinyint(4) NOT NULL,
  PRIMARY KEY (`id`),
  UNIQUE KEY `ed_year` (`ed_year`)
) ENGINE=MyISAM AUTO_INCREMENT=11 DEFAULT CHARSET=utf8 COLLATE=utf8_general_ci;

--
-- Dumping data for table `student_main_edyear`
--

INSERT INTO `student_main_edyear` VALUES (1,2558,0),(2,2559,0),(3,2561,0),(4,2562,0),(5,2563,0),(6,2564,0),(7,2565,0),(8,2566,0),(9,2567,0),(10,2568,1);

--
-- Table structure for table `student_main_expand1`
--

CREATE TABLE `student_main_expand1` (
  `id` int(11) NOT NULL AUTO_INCREMENT,
  `person_id` varchar(13) NOT NULL,
  `e_name` varchar(50) NOT NULL,
  `e_surname` varchar(50) NOT NULL,
  `birthday` date NOT NULL,
  `blood` varchar(2) NOT NULL,
  `race` varchar(30) NOT NULL,
  `nationlity` varchar(30) NOT NULL,
  `religion` varchar(30) NOT NULL,
  `rec_date` date NOT NULL,
  PRIMARY KEY (`id`),
  UNIQUE KEY `person_id` (`person_id`)
) ENGINE=MyISAM DEFAULT CHARSET=utf8 COLLATE=utf8_general_ci;

--
-- Dumping data for table `student_main_expand1`
--


--
-- Table structure for table `student_main_permission`
--

CREATE TABLE `student_main_permission` (
  `id` int(11) NOT NULL AUTO_INCREMENT,
  `person_id` varchar(13) NOT NULL,
  `p1` tinyint(4) NOT NULL,
  `officer` varchar(13) NOT NULL,
  `rec_date` date NOT NULL,
  PRIMARY KEY (`id`)
) ENGINE=MyISAM AUTO_INCREMENT=6 DEFAULT CHARSET=utf8 COLLATE=utf8_general_ci;

--
-- Dumping data for table `student_main_permission`
--

INSERT INTO `student_main_permission` VALUES (1,'1341500282630',1,'1342200064247','2025-05-08'),(4,'1342200064247',1,'1342200064247','2018-11-15'),(5,'1331300076688',1,'1342200064247','2019-01-23');

--
-- Table structure for table `system_ed_year`
--

CREATE TABLE `system_ed_year` (
  `id` int(11) NOT NULL AUTO_INCREMENT,
  `ed_year` int(11) NOT NULL,
  `active_ed_year` tinyint(4) NOT NULL,
  PRIMARY KEY (`id`),
  UNIQUE KEY `ed_year` (`ed_year`)
) ENGINE=MyISAM DEFAULT CHARSET=utf8 COLLATE=utf8_general_ci;

--
-- Dumping data for table `system_ed_year`
--


--
-- Table structure for table `system_export_list`
--

CREATE TABLE `system_export_list` (
  `id` int(11) NOT NULL AUTO_INCREMENT,
  `data_name` varchar(50) NOT NULL,
  `thai_dataname` varchar(100) NOT NULL,
  PRIMARY KEY (`id`),
  UNIQUE KEY `data_name` (`data_name`)
) ENGINE=MyISAM AUTO_INCREMENT=7 DEFAULT CHARSET=utf8 COLLATE=utf8_general_ci;

--
-- Dumping data for table `system_export_list`
--

INSERT INTO `system_export_list` VALUES (1,'person','ข้อมูลครูและบุคลากร'),(2,'student','ข้อมูลพื้นฐานนักเรียน'),(3,'onet','ผลสอบ O-NET'),(4,'plan','แผนปฏิบัติการประจำปี'),(5,'student_check','การมาเรียน'),(6,'health','สุขภาพผู้เรียน');

--
-- Table structure for table `system_export_log`
--

CREATE TABLE `system_export_log` (
  `id` int(11) NOT NULL AUTO_INCREMENT,
  `computer_ip` varchar(25) NOT NULL,
  `requester` varchar(50) NOT NULL,
  `login_time` datetime NOT NULL,
  `data` varchar(20) NOT NULL,
  PRIMARY KEY (`id`)
) ENGINE=MyISAM AUTO_INCREMENT=129 DEFAULT CHARSET=utf8 COLLATE=utf8_general_ci;

--
-- Dumping data for table `system_export_log`
--

INSERT INTO `system_export_log` VALUES (1,'61.19.124.234','amssplus','2018-09-21 04:36:40','person'),(2,'61.19.124.234','amssplus','2019-06-14 09:12:31','student'),(3,'61.19.124.234','amssplus','2019-06-14 09:12:34','student'),(4,'61.19.124.234','amssplus','2019-10-03 08:19:59','student_check'),(5,'61.19.124.234','amssplus','2019-10-03 09:10:50','student_check'),(6,'61.19.124.234','amssplus','2019-10-08 15:01:09','student_check'),(7,'122.155.223.9','amssplus','2020-02-21 07:22:46','student'),(8,'122.155.223.9','amssplus','2020-03-30 14:52:11','student_check'),(9,'122.155.223.9','amssplus','2020-08-05 09:50:11','student'),(10,'192.168.1.6','amssplus','2021-05-29 11:02:43','student'),(11,'192.168.1.6','amssplus','2021-05-29 11:03:50','student'),(12,'192.168.1.6','amssplus','2021-05-29 11:54:25','student'),(13,'192.168.1.6','amssplus','2021-05-29 11:57:22','student'),(14,'192.168.1.6','amssplus','2021-05-29 11:58:23','student'),(15,'192.168.1.6','amssplus','2021-05-29 12:12:57','student'),(16,'192.168.1.6','amssplus','2021-05-29 12:22:08','student'),(17,'192.168.1.6','amssplus','2021-05-29 12:23:53','student'),(18,'192.168.1.6','amssplus','2021-05-29 12:44:02','student'),(19,'192.168.1.6','amssplus','2021-05-29 12:50:48','student'),(20,'192.168.1.6','amssplus','2021-05-29 12:57:23','student'),(21,'192.168.1.6','amssplus','2021-05-29 12:58:28','student'),(22,'192.168.1.6','amssplus','2021-05-29 14:27:41','student'),(23,'192.168.1.6','amssplus','2021-05-29 14:28:15','student'),(24,'192.168.1.6','amssplus','2021-05-29 14:28:43','student'),(25,'192.168.1.6','amssplus','2021-05-29 14:29:21','student'),(26,'192.168.1.6','amssplus','2021-05-29 14:31:54','student'),(27,'10.1.1.3','amssplus','2021-10-06 10:31:16','student'),(28,'10.1.1.3','amssplus','2022-07-23 11:18:32','plan'),(29,'10.1.1.3','amssplus','2022-09-07 14:39:50','student'),(30,'','amssplus','2023-01-02 14:23:39','student_check'),(31,'','amssplus','2023-01-02 17:52:54','student_check'),(32,'','amssplus','2023-01-02 17:54:29','student_check'),(33,'','amssplus','2023-01-02 17:55:03','student_check'),(34,'10.1.1.3','amssplus','2023-01-22 00:23:51','student'),(35,'127.0.0.1','amssplus','2023-02-16 09:21:28','student_check'),(36,'127.0.0.1','amssplus','2023-02-16 09:22:09','student_check'),(37,'127.0.0.1','amssplus','2023-02-16 09:33:03','student_check'),(38,'10.1.1.3','amssplus','2023-04-05 09:48:19','student_check'),(39,'10.1.1.3','amssplus','2023-04-05 22:38:11','student_check'),(40,'10.1.1.3','amssplus','2023-04-06 10:24:16','student_check'),(41,'10.1.1.3','amssplus','2023-04-06 10:25:07','student_check'),(42,'10.1.1.3','amssplus','2023-04-06 10:47:28','student_check'),(43,'10.1.1.3','amssplus','2023-04-06 13:13:41','student_check'),(44,'10.1.1.3','amssplus','2023-06-15 10:20:22','student_check'),(45,'10.1.1.3','amssplus','2023-06-15 10:57:21','student'),(46,'10.1.1.3','amssplus','2023-06-16 15:17:30','student'),(47,'10.1.1.3','amssplus','2023-07-04 11:26:08','student'),(48,'127.0.0.1','amssplus','2023-07-09 13:17:04','student_check'),(49,'127.0.0.1','amssplus','2023-07-09 13:19:00','student_check'),(50,'127.0.0.1','amssplus','2023-07-09 13:19:47','student_check'),(51,'127.0.0.1','amssplus','2023-07-09 13:20:13','student_check'),(52,'127.0.0.1','amssplus','2023-07-09 13:20:46','student_check'),(53,'127.0.0.1','amssplus','2023-07-09 13:21:44','student_check'),(54,'127.0.0.1','amssplus','2023-07-09 13:27:58','student_check'),(55,'127.0.0.1','amssplus','2023-07-09 13:29:13','student_check'),(56,'127.0.0.1','amssplus','2023-07-09 13:31:15','student_check'),(57,'127.0.0.1','amssplus','2023-07-09 13:36:12','student_check'),(58,'127.0.0.1','amssplus','2023-07-09 13:37:18','student_check'),(59,'127.0.0.1','amssplus','2023-07-09 13:37:40','student_check'),(60,'127.0.0.1','amssplus','2023-07-09 13:39:12','student_check'),(61,'127.0.0.1','amssplus','2023-07-09 13:41:19','student_check'),(62,'127.0.0.1','amssplus','2023-07-09 13:42:40','student_check'),(63,'127.0.0.1','amssplus','2023-07-09 13:43:39','student_check'),(64,'127.0.0.1','amssplus','2023-07-09 13:47:33','student_check'),(65,'127.0.0.1','amssplus','2023-07-09 13:59:31','student_check'),(66,'127.0.0.1','amssplus','2023-07-09 14:08:14','student_check'),(67,'127.0.0.1','amssplus','2023-07-09 14:17:26','student_check'),(68,'127.0.0.1','amssplus','2023-07-11 07:57:59','student_check'),(69,'127.0.0.1','amssplus','2023-07-11 08:13:01','student_check'),(70,'127.0.0.1','amssplus','2023-07-11 08:13:51','student_check'),(71,'127.0.0.1','amssplus','2023-07-11 08:14:42','student_check'),(72,'127.0.0.1','amssplus','2023-07-26 13:59:03','student_check'),(73,'127.0.0.1','amssplus','2023-07-26 14:00:43','student_check'),(74,'127.0.0.1','amssplus','2023-07-26 14:02:18','student_check'),(75,'127.0.0.1','amssplus','2023-07-26 14:52:59','student_check'),(76,'127.0.0.1','amssplus','2023-07-26 14:58:36','student_check'),(77,'127.0.0.1','amssplus','2023-07-26 15:09:17','student_check'),(78,'127.0.0.1','amssplus','2023-07-26 15:11:11','student_check'),(79,'127.0.0.1','amssplus','2023-07-26 15:12:10','student_check'),(80,'127.0.0.1','amssplus','2023-07-26 15:18:47','student_check'),(81,'127.0.0.1','amssplus','2023-07-26 15:22:42','student_check'),(82,'127.0.0.1','amssplus','2023-07-26 15:27:33','student_check'),(83,'127.0.0.1','amssplus','2023-07-26 15:31:15','student_check'),(84,'127.0.0.1','amssplus','2023-07-26 15:32:21','student_check'),(85,'127.0.0.1','amssplus','2023-07-26 15:33:17','student_check'),(86,'127.0.0.1','amssplus','2023-07-26 15:45:54','student_check'),(87,'127.0.0.1','amssplus','2023-07-26 15:49:08','student_check'),(88,'127.0.0.1','amssplus','2023-07-26 15:51:06','student_check'),(89,'127.0.0.1','amssplus','2023-07-26 15:52:53','student_check'),(90,'127.0.0.1','amssplus','2023-07-26 15:57:24','student_check'),(91,'127.0.0.1','amssplus','2023-07-26 17:14:03','student_check'),(92,'127.0.0.1','amssplus','2023-07-26 17:19:52','student_check'),(93,'127.0.0.1','amssplus','2023-07-26 17:26:44','student_check'),(94,'127.0.0.1','amssplus','2023-07-26 17:28:19','student_check'),(95,'127.0.0.1','amssplus','2023-07-26 17:42:21','student_check'),(96,'10.1.1.3','amssplus','2023-08-24 09:05:29','student_check'),(97,'10.1.1.3','amssplus','2023-08-31 09:02:48','student_check'),(98,'10.1.1.3','amssplus','2023-08-31 09:03:19','student_check'),(99,'10.1.1.3','amssplus','2023-08-31 09:03:39','student_check'),(100,'10.1.1.3','amssplus','2023-09-15 20:09:19','student'),(101,'','amssplus','2023-10-25 14:28:40','student_check'),(102,'','amssplus','2023-10-25 14:28:46','student_check'),(103,'','amssplus','2023-10-25 14:28:48','student_check'),(104,'10.255.199.107','amssplus','2023-11-29 08:55:48','student_check'),(105,'10.255.199.107','amssplus','2023-12-15 12:15:49','student_check'),(106,'10.255.199.107','amssplus','2024-01-25 03:50:22','student_check'),(107,'10.255.199.107','amssplus','2024-06-10 11:59:18','student'),(108,'10.255.199.107','amssplus','2024-06-10 12:33:02','student'),(109,'10.255.199.107','amssplus','2024-06-14 10:46:03','student'),(110,'10.255.199.107','amssplus','2024-06-14 10:52:04','student'),(111,'10.255.199.107','amssplus','2024-06-17 04:37:31','person'),(112,'10.255.199.107','amssplus','2024-06-17 04:39:47','person'),(113,'10.255.199.107','amssplus','2024-06-20 04:51:34','student_check'),(114,'10.255.199.107','amssplus','2025-03-11 07:57:43','student_check'),(115,'10.255.199.107','amssplus','2025-03-11 07:58:04','student_check'),(116,'10.255.199.107','amssplus','2025-03-28 01:48:39','student_check'),(117,'10.255.199.107','amssplus','2025-05-29 08:10:42','person'),(118,'10.255.199.107','amssplus','2025-05-29 08:11:30','person'),(119,'10.255.199.107','amssplus','2025-06-08 04:35:51','student'),(120,'10.255.199.107','amssplus','2025-07-30 08:33:28','student_check'),(121,'10.255.199.107','amssplus','2025-08-01 22:22:45','student_check'),(122,'10.255.199.107','amssplus','2025-08-01 22:22:49','student_check'),(123,'10.255.199.107','amssplus','2025-08-14 04:22:05','person'),(124,'10.255.199.107','amssplus','2025-08-14 04:23:15','person'),(125,'10.255.199.107','amssplus','2025-08-25 03:03:49','student'),(126,'10.255.199.107','amssplus','2025-08-29 02:40:17','student_check'),(127,'10.255.199.107','amssplus','2025-09-13 05:43:36','student_check'),(128,'10.255.199.107','amssplus','2025-09-13 05:54:44','student_check');

--
-- Table structure for table `system_export_permission`
--

CREATE TABLE `system_export_permission` (
  `id` int(11) NOT NULL AUTO_INCREMENT,
  `requester` varchar(50) NOT NULL,
  `data_name` varchar(50) NOT NULL,
  `status` tinyint(4) NOT NULL DEFAULT 0,
  PRIMARY KEY (`id`)
) ENGINE=MyISAM AUTO_INCREMENT=7 DEFAULT CHARSET=utf8 COLLATE=utf8_general_ci;

--
-- Dumping data for table `system_export_permission`
--

INSERT INTO `system_export_permission` VALUES (1,'amssplus','plan',1),(2,'amssplus','onet',1),(3,'amssplus','student',1),(4,'amssplus','person',1),(5,'amssplus','student_check',1),(6,'amssplus','health',1);

--
-- Table structure for table `system_module`
--

CREATE TABLE `system_module` (
  `id` int(11) NOT NULL AUTO_INCREMENT,
  `module` varchar(50) NOT NULL,
  `module_desc` varchar(100) NOT NULL,
  `workgroup` tinyint(4) DEFAULT NULL,
  `module_active` tinyint(4) DEFAULT NULL,
  `module_order` int(11) NOT NULL,
  `web_link` tinyint(4) DEFAULT NULL,
  `url` varchar(150) DEFAULT NULL,
  `where_work` tinyint(4) NOT NULL DEFAULT 0,
  `menu_pic` varchar(25) NOT NULL,
  PRIMARY KEY (`id`)
) ENGINE=MyISAM AUTO_INCREMENT=114 DEFAULT CHARSET=utf8 COLLATE=utf8_general_ci;

--
-- Dumping data for table `system_module`
--

INSERT INTO `system_module` VALUES (1,'budget','การเงินและบัญชี',2,1,25,NULL,NULL,0,'fab fa-btc'),(32,'person','ข้อมูลพื้นฐานครูและบุคลากร',3,1,29,0,'',0,'fa fa-user-circle'),(36,'standard','มาตรฐานการศึกษา',1,1,21,NULL,NULL,0,''),(49,'health','ตรวจสุขภาพนักเรียน',1,1,5,NULL,NULL,1,''),(50,'student_check','การมาเรียน',1,1,1,NULL,NULL,0,'fa fa-child'),(70,'work','﻿การปฏิบัติราชการ',4,1,47,NULL,NULL,0,''),(48,'savings','ออมทรัพย์นักเรียน',1,1,3,NULL,NULL,1,'fab fa-btc'),(45,'student_main','ข้อมูลพื้นฐานนักเรียน',1,1,7,NULL,NULL,0,'fa fa-child'),(47,'plan','การวางแผน',2,1,23,NULL,NULL,0,''),(73,'la','﻿การลา',4,1,45,NULL,NULL,0,''),(80,'mail','ไปรษณีย์_โรงเรียน',4,1,36,0,'',0,'fa fa-envelope'),(75,'meeting','﻿จองห้องประชุม',4,1,49,NULL,NULL,0,''),(76,'permission','﻿ขออนุญาตไปราชการ',4,1,43,NULL,NULL,0,''),(81,'achievement','﻿ผลสัมฤทธิ์ทางการเรียน',1,1,19,NULL,NULL,0,'fa fa-graduation-cap'),(83,'cabinet','﻿ตู้เอกสาร',4,1,51,NULL,NULL,0,''),(99,'bookregister','﻿ทะเบียนหนังสือราชการ',4,1,33,0,'',0,'fa fa-book'),(100,'bets','ทดสอบการศึกษา_โรงเรียน',1,1,9,NULL,NULL,1,'fa fa-graduation-cap'),(101,'affair','﻿ภารกิจผู้อำนวยการ',4,1,41,0,'',0,''),(102,'amss_bets','﻿ทดสอบการศึกษา_สพท.',1,1,11,0,'',1,'fa fa-graduation-cap'),(103,'amss_budget','﻿การบริหารงบประมาณ_สพท.',2,1,27,0,'',0,'fab fa-btc'),(104,'amss_mail','﻿ไปรษณีย์_สพท.',4,1,37,0,'',0,'fa fa-envelope'),(105,'amss_opportunity','﻿สิทธิและโอกาสทางการศึกษา',1,1,15,0,'',0,'fa fa-child'),(106,'amss_spacial_student','﻿นักเรียนพิเศษ',1,1,17,0,'',0,'fa fa-child'),(107,'amss_supervision','﻿นิเทศ ติดตาม ประเมินผล',1,1,13,0,'',0,'fa fa-graduation-cap'),(108,'book','﻿รับส่งหนังสือราชการ',4,1,35,0,'',0,'fa fa-book'),(109,'delegate','﻿รักษาการในตำแหน่ง',3,1,31,0,'',0,''),(110,'warroom','﻿วิเคราะห์สภาพการณ์',1,1,0,0,'',0,'fa fa-filter'),(111,'questionnaire','﻿แบบสอบถาม',4,1,0,0,'',0,''),(112,'idplan','﻿ข้อมูลครูและบุคลากร(ส่วนเพิ่ม)',3,1,0,0,'',0,''),(113,'amss_safety','สถานศึกษาปลอดภัย',1,1,0,0,'',0,'');

--
-- Table structure for table `system_module_admin`
--

CREATE TABLE `system_module_admin` (
  `id` int(11) NOT NULL AUTO_INCREMENT,
  `person_id` varchar(13) NOT NULL,
  `module` varchar(30) NOT NULL,
  `officer` varchar(13) NOT NULL,
  `rec_date` date NOT NULL,
  PRIMARY KEY (`id`)
) ENGINE=MyISAM AUTO_INCREMENT=50 DEFAULT CHARSET=utf8 COLLATE=utf8_general_ci;

--
-- Dumping data for table `system_module_admin`
--

INSERT INTO `system_module_admin` VALUES (1,'1331300076688','student_main','1342200064247','2021-06-21'),(2,'3349900471298','student_check','7777','2015-10-29'),(4,'3349900471298','bets','3349900471298','2015-10-29'),(5,'3349900471298','achievement','3349900471298','2015-10-29'),(7,'3349900471298','bookregister','3349900471298','2015-10-29'),(8,'3349900471298','budget','3349900471298','2015-10-29'),(9,'3349900471298','cabinet','3349900471298','2015-10-29'),(10,'3349900471298','health','3349900471298','2015-10-29'),(11,'3349900471298','la','3349900471298','2015-10-29'),(12,'3349900471298','mail','3349900471298','2015-10-29'),(13,'3349900471298','meeting','3349900471298','2015-10-29'),(14,'3349900471298','permission','3349900471298','2015-10-29'),(15,'3349900471298','person','3349900471298','2015-10-29'),(16,'3349900471298','plan','3349900471298','2015-10-29'),(17,'3349900471298','savings','3349900471298','2015-10-29'),(18,'3349900471298','standard','3349900471298','2015-10-29'),(19,'3349900471298','student_main','3349900471298','2015-10-29'),(20,'3349900471298','work','3349900471298','2015-10-29'),(21,'1342200064247','work','1342200064247','2018-11-15'),(22,'1342200064247','permission','1342200064247','2018-11-15'),(23,'1342200064247','person','1342200064247','2018-11-15'),(24,'1342200064247','student_main','1342200064247','2018-11-15'),(25,'1342200064247','student_check','1342200064247','2018-11-15'),(26,'1342200064247','savings','1342200064247','2018-11-15'),(27,'1342200064247','health','1342200064247','2018-11-15'),(28,'1342200064247','affair','1342200064247','2018-11-15'),(29,'1342200064247','achievement','1342200064247','2018-11-15'),(30,'1342200064247','amss_bets','1342200064247','2018-11-15'),(31,'1342200064247','amss_budget','1342200064247','2018-11-15'),(32,'1342200064247','amss_mail','1342200064247','2018-11-15'),(33,'1342200064247','amss_opportunity','1342200064247','2018-11-15'),(34,'1342200064247','amss_supervision','1342200064247','2018-11-15'),(35,'1342200064247','la','1342200064247','2018-11-15'),(36,'1342200064247','bets','1342200064247','2018-11-15'),(37,'1342200064247','book','1342200064247','2018-11-15'),(38,'1342200064247','bookregister','1342200064247','2018-11-15'),(39,'1342200064247','budget','1342200064247','2018-11-15'),(40,'1342200064247','cabinet','1342200064247','2018-11-15'),(41,'','','1342200064247','2018-11-15'),(42,'1342200064247','delegate','1342200064247','2018-11-15'),(43,'1342200064247','mail','1342200064247','2018-11-15'),(44,'1342200064247','meeting','1342200064247','2018-11-15'),(45,'1342200064247','plan','1342200064247','2018-11-15'),(46,'1342200064247','standard','1342200064247','2018-11-15'),(47,'3341501627076','book','1342200064247','2018-12-17'),(48,'1341500282630','achievement','1342200064247','2020-10-02'),(49,'1341500282630','book','1342200064247','2020-10-02');

--
-- Table structure for table `system_school_name`
--

CREATE TABLE `system_school_name` (
  `id` tinyint(4) NOT NULL,
  `school_name` varchar(200) NOT NULL,
  `school_type` tinyint(4) NOT NULL DEFAULT 0
) ENGINE=MyISAM DEFAULT CHARSET=utf8 COLLATE=utf8_general_ci;

--
-- Dumping data for table `system_school_name`
--

INSERT INTO `system_school_name` VALUES (1,'โรงเรียนบ้านหนองหิน',0);

--
-- Table structure for table `system_sync_code`
--

CREATE TABLE `system_sync_code` (
  `id` tinyint(4) NOT NULL AUTO_INCREMENT,
  `office_code` varchar(10) NOT NULL,
  `system_name` varchar(50) NOT NULL,
  `sync_code` varchar(50) NOT NULL,
  `amssplus_url` varchar(100) NOT NULL,
  PRIMARY KEY (`id`),
  UNIQUE KEY `system_name` (`system_name`)
) ENGINE=MyISAM AUTO_INCREMENT=4 DEFAULT CHARSET=utf8 COLLATE=utf8_general_ci;

--
-- Dumping data for table `system_sync_code`
--

INSERT INTO `system_sync_code` VALUES (3,'34040090','amssplus','34040090','http://10.255.199.107/amssplus');

--
-- Table structure for table `system_version`
--

CREATE TABLE `system_version` (
  `id` int(11) NOT NULL AUTO_INCREMENT,
  `smss_version` varchar(100) NOT NULL,
  `status1` int(11) DEFAULT NULL,
  `status2` int(11) DEFAULT NULL,
  `status3` int(11) DEFAULT NULL,
  `status4` int(11) DEFAULT NULL,
  `status5` int(11) DEFAULT NULL,
  PRIMARY KEY (`id`)
) ENGINE=MyISAM AUTO_INCREMENT=2 DEFAULT CHARSET=utf8 COLLATE=utf8_general_ci;

--
-- Dumping data for table `system_version`
--

INSERT INTO `system_version` VALUES (1,'6.4',1,0,0,0,0);

--
-- Table structure for table `system_workgroup`
--

CREATE TABLE `system_workgroup` (
  `id` tinyint(4) NOT NULL AUTO_INCREMENT,
  `workgroup` tinyint(4) NOT NULL,
  `workgroup_desc` varchar(50) NOT NULL,
  `workgroup_order` int(11) NOT NULL,
  PRIMARY KEY (`id`),
  UNIQUE KEY `workgroup` (`workgroup`)
) ENGINE=MyISAM AUTO_INCREMENT=5 DEFAULT CHARSET=utf8 COLLATE=utf8_general_ci;

--
-- Dumping data for table `system_workgroup`
--

INSERT INTO `system_workgroup` VALUES (1,1,'บริหารวิชาการ',4),(2,2,'บริหารงบประมาณ',6),(3,3,'บริหารงานบุคคล',8),(4,4,'บริหารทั่วไป',10);

--
-- Table structure for table `work_main`
--

CREATE TABLE `work_main` (
  `id` int(11) NOT NULL AUTO_INCREMENT,
  `work_date` date NOT NULL,
  `person_id` varchar(13) NOT NULL,
  `work` tinyint(4) NOT NULL DEFAULT 0,
  `comment` varchar(150) DEFAULT NULL,
  `rec_date` datetime NOT NULL,
  `officer` varchar(13) NOT NULL,
  PRIMARY KEY (`id`),
  KEY `work_date` (`work_date`),
  KEY `person_id` (`person_id`)
) ENGINE=MyISAM AUTO_INCREMENT=540 DEFAULT CHARSET=utf8 COLLATE=utf8_general_ci;

--
-- Dumping data for table `work_main`
--

INSERT INTO `work_main` VALUES (1,'2015-10-29','3341501009003',1,NULL,'2015-10-29 14:08:16','5341500014344'),(2,'2015-10-29','3349900471298',1,NULL,'2015-10-29 14:08:16','5341500014344'),(3,'2015-10-29','5341500014344',1,NULL,'2015-10-29 14:08:16','5341500014344'),(4,'2015-10-29','3341501649584',1,NULL,'2015-10-29 14:08:16','5341500014344'),(5,'2015-10-29','3340700405943',1,NULL,'2015-10-29 14:08:16','5341500014344'),(6,'2015-10-29','3341501627076',1,NULL,'2015-10-29 14:08:16','5341500014344'),(7,'2015-10-29','3341501626258',1,NULL,'2015-10-29 14:08:16','5341500014344'),(8,'2018-11-15','3341901023909',1,NULL,'2018-11-15 11:39:06','1342200064247'),(9,'2018-11-15','3349900471298',1,NULL,'2018-11-15 11:39:06','1342200064247'),(10,'2018-11-15','3341501649584',1,NULL,'2018-11-15 11:39:06','1342200064247'),(11,'2018-11-15','3341501627076',1,NULL,'2018-11-15 11:39:06','1342200064247'),(12,'2018-11-15','3349900041277',1,NULL,'2018-11-15 11:39:06','1342200064247'),(13,'2018-11-15','1342200064247',2,NULL,'2018-11-15 11:39:06','1342200064247'),(14,'2018-11-15','3341501626258',1,NULL,'2018-11-15 11:39:06','1342200064247'),(15,'2018-11-16','3341901023909',1,NULL,'2018-11-16 09:05:14','1342200064247'),(16,'2018-11-16','3349900471298',1,NULL,'2018-11-16 09:05:14','1342200064247'),(17,'2018-11-16','3341501649584',1,NULL,'2018-11-16 09:05:14','1342200064247'),(18,'2018-11-16','3341501627076',1,NULL,'2018-11-16 09:05:14','1342200064247'),(19,'2018-11-16','1342200064247',1,NULL,'2018-11-16 09:05:14','1342200064247'),(20,'2018-11-16','3341501626258',1,NULL,'2018-11-16 09:05:14','1342200064247'),(21,'2018-11-16','5341500014344',1,NULL,'2018-11-16 09:05:14','1342200064247'),(22,'2018-11-19','3341901023909',1,NULL,'2018-11-19 08:59:36','1342200064247'),(23,'2018-11-19','3349900471298',1,NULL,'2018-11-19 08:59:36','1342200064247'),(24,'2018-11-19','3341501649584',1,NULL,'2018-11-19 08:59:36','1342200064247'),(25,'2018-11-19','3341501627076',1,NULL,'2018-11-19 08:59:36','1342200064247'),(26,'2018-11-19','1342200064247',1,NULL,'2018-11-19 08:59:36','1342200064247'),(27,'2018-11-19','3341501626258',1,NULL,'2018-11-19 08:59:36','1342200064247'),(28,'2018-11-19','5341500014344',1,NULL,'2018-11-19 08:59:36','1342200064247'),(29,'2018-11-20','3341901023909',1,NULL,'2018-11-20 09:24:38','1342200064247'),(30,'2018-11-20','3349900471298',1,NULL,'2018-11-20 09:24:38','1342200064247'),(31,'2018-11-20','3341501649584',1,NULL,'2018-11-20 09:24:38','1342200064247'),(32,'2018-11-20','3341501627076',1,NULL,'2018-11-20 09:24:38','1342200064247'),(33,'2018-11-20','1342200064247',1,NULL,'2018-11-20 09:24:38','1342200064247'),(34,'2018-11-20','3341501626258',1,NULL,'2018-11-20 09:24:38','1342200064247'),(35,'2018-11-20','5341500014344',1,NULL,'2018-11-20 09:24:38','1342200064247'),(36,'2018-11-21','3341901023909',1,NULL,'2018-11-21 10:23:06','1342200064247'),(37,'2018-11-21','3349900471298',1,NULL,'2018-11-21 10:23:06','1342200064247'),(38,'2018-11-21','3341501649584',1,NULL,'2018-11-21 10:23:06','1342200064247'),(39,'2018-11-21','3341501627076',1,NULL,'2018-11-21 10:23:06','1342200064247'),(40,'2018-11-21','1342200064247',1,NULL,'2018-11-21 10:23:06','1342200064247'),(41,'2018-11-21','3341501626258',1,NULL,'2018-11-21 10:23:06','1342200064247'),(42,'2018-11-21','5341500014344',1,NULL,'2018-11-21 10:23:06','1342200064247'),(43,'2018-11-26','3341901023909',1,NULL,'2018-11-26 10:18:50','1342200064247'),(44,'2018-11-26','3349900471298',1,NULL,'2018-11-26 10:18:50','1342200064247'),(45,'2018-11-26','3341501649584',1,NULL,'2018-11-26 10:18:50','1342200064247'),(46,'2018-11-26','3341501627076',1,NULL,'2018-11-26 10:18:50','1342200064247'),(47,'2018-11-26','1342200064247',1,NULL,'2018-11-26 10:18:50','1342200064247'),(48,'2018-11-26','3341501626258',1,NULL,'2018-11-26 10:18:50','1342200064247'),(49,'2018-11-26','5341500014344',1,NULL,'2018-11-26 10:18:50','1342200064247'),(50,'2018-11-23','3341901023909',1,NULL,'2018-11-26 10:19:24','1342200064247'),(51,'2018-11-23','3349900471298',1,NULL,'2018-11-26 10:19:24','1342200064247'),(52,'2018-11-23','3341501649584',1,NULL,'2018-11-26 10:19:24','1342200064247'),(53,'2018-11-23','3341501627076',1,NULL,'2018-11-26 10:19:24','1342200064247'),(54,'2018-11-23','1342200064247',1,NULL,'2018-11-26 10:19:24','1342200064247'),(55,'2018-11-23','3341501626258',1,NULL,'2018-11-26 10:19:24','1342200064247'),(56,'2018-11-23','5341500014344',1,NULL,'2018-11-26 10:19:24','1342200064247'),(57,'2018-11-22','3341901023909',1,NULL,'2018-11-26 10:19:35','1342200064247'),(58,'2018-11-22','3349900471298',1,NULL,'2018-11-26 10:19:35','1342200064247'),(59,'2018-11-22','3341501649584',1,NULL,'2018-11-26 10:19:35','1342200064247'),(60,'2018-11-22','3341501627076',1,NULL,'2018-11-26 10:19:35','1342200064247'),(61,'2018-11-22','1342200064247',1,NULL,'2018-11-26 10:19:35','1342200064247'),(62,'2018-11-22','3341501626258',1,NULL,'2018-11-26 10:19:35','1342200064247'),(63,'2018-11-22','5341500014344',1,NULL,'2018-11-26 10:19:35','1342200064247'),(64,'2018-11-27','3341901023909',1,NULL,'2018-11-27 12:23:25','1342200064247'),(65,'2018-11-27','3349900471298',2,NULL,'2018-11-27 12:23:25','1342200064247'),(66,'2018-11-27','3341501649584',1,NULL,'2018-11-27 12:23:25','1342200064247'),(67,'2018-11-27','3341501627076',1,NULL,'2018-11-27 12:23:25','1342200064247'),(68,'2018-11-27','1342200064247',1,NULL,'2018-11-27 12:23:25','1342200064247'),(69,'2018-11-27','3341501626258',1,NULL,'2018-11-27 12:23:25','1342200064247'),(70,'2018-11-27','5341500014344',1,NULL,'2018-11-27 12:23:25','1342200064247'),(71,'2018-11-28','3341901023909',1,NULL,'2018-11-28 10:04:49','1342200064247'),(72,'2018-11-28','3349900471298',1,NULL,'2018-11-28 10:04:49','1342200064247'),(73,'2018-11-28','3341501649584',1,NULL,'2018-11-28 10:04:49','1342200064247'),(74,'2018-11-28','3341501627076',1,NULL,'2018-11-28 10:04:49','1342200064247'),(75,'2018-11-28','1342200064247',1,NULL,'2018-11-28 10:04:49','1342200064247'),(76,'2018-11-28','3341501626258',1,NULL,'2018-11-28 10:04:49','1342200064247'),(77,'2018-11-28','5341500014344',1,NULL,'2018-11-28 10:04:49','1342200064247'),(78,'2018-11-29','3341901023909',1,NULL,'2018-11-29 15:39:34','1342200064247'),(79,'2018-11-29','3349900471298',1,NULL,'2018-11-29 15:39:34','1342200064247'),(80,'2018-11-29','3341501649584',1,NULL,'2018-11-29 15:39:34','1342200064247'),(81,'2018-11-29','3341501627076',1,NULL,'2018-11-29 15:39:34','1342200064247'),(82,'2018-11-29','1342200064247',1,NULL,'2018-11-29 15:39:34','1342200064247'),(83,'2018-11-29','3341501626258',1,NULL,'2018-11-29 15:39:34','1342200064247'),(84,'2018-11-29','5341500014344',1,NULL,'2018-11-29 15:39:34','1342200064247'),(85,'2018-11-30','3341901023909',1,NULL,'2018-11-30 09:06:52','1342200064247'),(86,'2018-11-30','3349900471298',1,NULL,'2018-11-30 09:06:52','1342200064247'),(87,'2018-11-30','3341501649584',1,NULL,'2018-11-30 09:06:52','1342200064247'),(88,'2018-11-30','3341501627076',1,NULL,'2018-11-30 09:06:52','1342200064247'),(89,'2018-11-30','1342200064247',2,NULL,'2018-11-30 09:06:52','1342200064247'),(90,'2018-11-30','3341501626258',1,NULL,'2018-11-30 09:06:52','1342200064247'),(91,'2018-11-30','5341500014344',1,NULL,'2018-11-30 09:06:52','1342200064247'),(92,'2018-12-03','3341901023909',1,NULL,'2018-12-03 13:36:17','1342200064247'),(93,'2018-12-03','3349900471298',1,NULL,'2018-12-03 13:36:17','1342200064247'),(94,'2018-12-03','3341501649584',1,NULL,'2018-12-03 13:36:17','1342200064247'),(95,'2018-12-03','3341501627076',1,NULL,'2018-12-03 13:36:17','1342200064247'),(96,'2018-12-03','1342200064247',1,NULL,'2018-12-03 13:36:17','1342200064247'),(97,'2018-12-03','3341501626258',1,NULL,'2018-12-03 13:36:17','1342200064247'),(98,'2018-12-03','5341500014344',1,NULL,'2018-12-03 13:36:17','1342200064247'),(99,'2018-12-04','3341901023909',1,NULL,'2018-12-04 09:34:28','1342200064247'),(100,'2018-12-04','3349900471298',1,NULL,'2018-12-04 09:34:28','1342200064247'),(101,'2018-12-04','3341501649584',1,NULL,'2018-12-04 09:34:28','1342200064247'),(102,'2018-12-04','3341501627076',1,NULL,'2018-12-04 09:34:28','1342200064247'),(103,'2018-12-04','1342200064247',1,NULL,'2018-12-04 09:34:28','1342200064247'),(104,'2018-12-04','3341501626258',1,NULL,'2018-12-04 09:34:28','1342200064247'),(105,'2018-12-04','5341500014344',1,NULL,'2018-12-04 09:34:28','1342200064247'),(106,'2018-12-07','3341901023909',1,NULL,'2018-12-07 20:06:16','1342200064247'),(107,'2018-12-07','3349900471298',1,NULL,'2018-12-07 20:06:16','1342200064247'),(108,'2018-12-07','3341501649584',1,NULL,'2018-12-07 20:06:16','1342200064247'),(109,'2018-12-07','3341501627076',1,NULL,'2018-12-07 20:06:16','1342200064247'),(110,'2018-12-07','1342200064247',2,NULL,'2018-12-07 20:06:16','1342200064247'),(111,'2018-12-07','3341501626258',1,NULL,'2018-12-07 20:06:16','1342200064247'),(112,'2018-12-07','5341500014344',1,NULL,'2018-12-07 20:06:16','1342200064247'),(113,'2018-12-11','3341901023909',1,NULL,'2018-12-11 12:47:11','1342200064247'),(114,'2018-12-11','3349900471298',1,NULL,'2018-12-11 12:47:11','1342200064247'),(115,'2018-12-11','3341501649584',1,NULL,'2018-12-11 12:47:11','1342200064247'),(116,'2018-12-11','3341501627076',1,NULL,'2018-12-11 12:47:11','1342200064247'),(117,'2018-12-11','1342200064247',1,NULL,'2018-12-11 12:47:11','1342200064247'),(118,'2018-12-11','3341501626258',1,NULL,'2018-12-11 12:47:11','1342200064247'),(119,'2018-12-11','5341500014344',1,NULL,'2018-12-11 12:47:11','1342200064247'),(120,'2018-12-12','3341901023909',1,NULL,'2018-12-12 10:21:26','1342200064247'),(121,'2018-12-12','3349900471298',1,NULL,'2018-12-12 10:21:26','1342200064247'),(122,'2018-12-12','3341501649584',1,NULL,'2018-12-12 10:21:26','1342200064247'),(123,'2018-12-12','3341501627076',1,NULL,'2018-12-12 10:21:26','1342200064247'),(124,'2018-12-12','1342200064247',1,NULL,'2018-12-12 10:21:26','1342200064247'),(125,'2018-12-12','3341501626258',1,NULL,'2018-12-12 10:21:26','1342200064247'),(126,'2018-12-12','5341500014344',1,NULL,'2018-12-12 10:21:26','1342200064247'),(127,'2018-12-14','3341901023909',1,NULL,'2018-12-14 09:07:04','1342200064247'),(128,'2018-12-14','3349900471298',1,NULL,'2018-12-14 09:07:04','1342200064247'),(129,'2018-12-14','3341501649584',1,NULL,'2018-12-14 09:07:04','1342200064247'),(130,'2018-12-14','3341501627076',1,NULL,'2018-12-14 09:07:04','1342200064247'),(131,'2018-12-14','1342200064247',1,NULL,'2018-12-14 09:07:04','1342200064247'),(132,'2018-12-14','3341501626258',1,NULL,'2018-12-14 09:07:04','1342200064247'),(133,'2018-12-14','5341500014344',1,NULL,'2018-12-14 09:07:04','1342200064247'),(134,'2018-12-13','3341901023909',1,NULL,'2018-12-14 09:07:19','1342200064247'),(135,'2018-12-13','3349900471298',1,NULL,'2018-12-14 09:07:19','1342200064247'),(136,'2018-12-13','3341501649584',1,NULL,'2018-12-14 09:07:19','1342200064247'),(137,'2018-12-13','3341501627076',1,NULL,'2018-12-14 09:07:19','1342200064247'),(138,'2018-12-13','1342200064247',1,NULL,'2018-12-14 09:07:19','1342200064247'),(139,'2018-12-13','3341501626258',1,NULL,'2018-12-14 09:07:19','1342200064247'),(140,'2018-12-13','5341500014344',1,NULL,'2018-12-14 09:07:19','1342200064247'),(141,'2018-12-18','3341901023909',1,NULL,'2018-12-18 10:06:39','1342200064247'),(142,'2018-12-18','3349900471298',1,NULL,'2018-12-18 10:06:39','1342200064247'),(143,'2018-12-18','3341501649584',1,NULL,'2018-12-18 10:06:39','1342200064247'),(144,'2018-12-18','3341501627076',1,NULL,'2018-12-18 10:06:39','1342200064247'),(145,'2018-12-18','1342200064247',1,NULL,'2018-12-18 10:06:39','1342200064247'),(146,'2018-12-18','3341501626258',1,NULL,'2018-12-18 10:06:39','1342200064247'),(147,'2018-12-18','5341500014344',1,NULL,'2018-12-18 10:06:39','1342200064247'),(148,'2019-01-03','3341901023909',1,NULL,'2019-01-03 14:02:11','1342200064247'),(149,'2019-01-03','3349900471298',1,NULL,'2019-01-03 14:02:11','1342200064247'),(150,'2019-01-03','3341501649584',1,NULL,'2019-01-03 14:02:11','1342200064247'),(151,'2019-01-03','3341501627076',1,NULL,'2019-01-03 14:02:11','1342200064247'),(152,'2019-01-03','1342200064247',1,NULL,'2019-01-03 14:02:11','1342200064247'),(153,'2019-01-03','3341501626258',1,NULL,'2019-01-03 14:02:11','1342200064247'),(154,'2019-01-03','5341500014344',1,NULL,'2019-01-03 14:02:11','1342200064247'),(155,'2019-01-04','3341901023909',1,NULL,'2019-01-04 08:42:20','1342200064247'),(156,'2019-01-04','3349900471298',1,NULL,'2019-01-04 08:42:20','1342200064247'),(157,'2019-01-04','3341501649584',1,NULL,'2019-01-04 08:42:20','1342200064247'),(158,'2019-01-04','3341501627076',1,NULL,'2019-01-04 08:42:20','1342200064247'),(159,'2019-01-04','1342200064247',1,NULL,'2019-01-04 08:42:20','1342200064247'),(160,'2019-01-04','3341501626258',1,NULL,'2019-01-04 08:42:20','1342200064247'),(161,'2019-01-04','5341500014344',1,NULL,'2019-01-04 08:42:20','1342200064247'),(162,'2019-01-08','3341901023909',1,NULL,'2019-01-08 13:56:21','1342200064247'),(163,'2019-01-08','3349900471298',1,NULL,'2019-01-08 13:56:21','1342200064247'),(164,'2019-01-08','3341501649584',1,NULL,'2019-01-08 13:56:21','1342200064247'),(165,'2019-01-08','3341501627076',1,NULL,'2019-01-08 13:56:21','1342200064247'),(166,'2019-01-08','1342200064247',1,NULL,'2019-01-08 13:56:21','1342200064247'),(167,'2019-01-08','3341501626258',1,NULL,'2019-01-08 13:56:21','1342200064247'),(168,'2019-01-08','5341500014344',1,NULL,'2019-01-08 13:56:21','1342200064247'),(169,'2019-01-09','3341901023909',1,NULL,'2019-01-09 09:28:03','1342200064247'),(170,'2019-01-09','3349900471298',1,NULL,'2019-01-09 09:28:03','1342200064247'),(171,'2019-01-09','3341501649584',1,NULL,'2019-01-09 09:28:03','1342200064247'),(172,'2019-01-09','3341501627076',1,NULL,'2019-01-09 09:28:03','1342200064247'),(173,'2019-01-09','1342200064247',1,NULL,'2019-01-09 09:28:03','1342200064247'),(174,'2019-01-09','3341501626258',1,NULL,'2019-01-09 09:28:03','1342200064247'),(175,'2019-01-09','5341500014344',1,NULL,'2019-01-09 09:28:03','1342200064247'),(176,'2019-01-22','3341901023909',2,NULL,'2019-01-22 13:00:12','1342200064247'),(177,'2019-01-22','3349900471298',1,NULL,'2019-01-22 13:00:12','1342200064247'),(178,'2019-01-22','3341501649584',1,NULL,'2019-01-22 13:00:12','1342200064247'),(179,'2019-01-22','1331300076688',1,NULL,'2019-01-22 13:00:12','1342200064247'),(180,'2019-01-22','3341501627076',1,NULL,'2019-01-22 13:00:12','1342200064247'),(181,'2019-01-22','1342200064247',1,NULL,'2019-01-22 13:00:12','1342200064247'),(182,'2019-01-22','3341501626258',1,NULL,'2019-01-22 13:00:12','1342200064247'),(183,'2019-01-22','5341500014344',1,NULL,'2019-01-22 13:00:12','1342200064247'),(184,'2019-02-04','3341901023909',1,NULL,'2019-02-04 14:23:29','1342200064247'),(185,'2019-02-04','3349900471298',1,NULL,'2019-02-04 14:23:29','1342200064247'),(186,'2019-02-04','3341501649584',1,NULL,'2019-02-04 14:23:29','1342200064247'),(187,'2019-02-04','1331300076688',1,NULL,'2019-02-04 14:23:29','1342200064247'),(188,'2019-02-04','3341501627076',1,NULL,'2019-02-04 14:23:29','1342200064247'),(189,'2019-02-04','1342200064247',1,NULL,'2019-02-04 14:23:29','1342200064247'),(190,'2019-02-04','3341501626258',1,NULL,'2019-02-04 14:23:29','1342200064247'),(191,'2019-02-04','5341500014344',1,NULL,'2019-02-04 14:23:29','1342200064247'),(192,'2019-02-05','3341901023909',1,NULL,'2019-02-05 09:39:23','1342200064247'),(193,'2019-02-05','3349900471298',1,NULL,'2019-02-05 09:39:23','1342200064247'),(194,'2019-02-05','3341501649584',1,NULL,'2019-02-05 09:39:23','1342200064247'),(195,'2019-02-05','1331300076688',1,NULL,'2019-02-05 09:39:23','1342200064247'),(196,'2019-02-05','3341501627076',1,NULL,'2019-02-05 09:39:23','1342200064247'),(197,'2019-02-05','1342200064247',1,NULL,'2019-02-05 09:39:23','1342200064247'),(198,'2019-02-05','3341501626258',1,NULL,'2019-02-05 09:39:23','1342200064247'),(199,'2019-02-05','5341500014344',1,NULL,'2019-02-05 09:39:23','1342200064247'),(200,'2019-02-11','3341901023909',1,NULL,'2019-02-11 09:36:32','1342200064247'),(201,'2019-02-11','3349900471298',1,NULL,'2019-02-11 09:36:32','1342200064247'),(202,'2019-02-11','3341501649584',1,NULL,'2019-02-11 09:36:32','1342200064247'),(203,'2019-02-11','1331300076688',1,NULL,'2019-02-11 09:36:32','1342200064247'),(204,'2019-02-11','3341501627076',1,NULL,'2019-02-11 09:36:32','1342200064247'),(205,'2019-02-11','1342200064247',1,NULL,'2019-02-11 09:36:32','1342200064247'),(206,'2019-02-11','3341501626258',1,NULL,'2019-02-11 09:36:32','1342200064247'),(207,'2019-02-11','5341500014344',1,NULL,'2019-02-11 09:36:32','1342200064247'),(208,'2019-02-13','3341901023909',1,NULL,'2019-02-13 14:42:35','1342200064247'),(209,'2019-02-13','3349900471298',1,NULL,'2019-02-13 14:42:35','1342200064247'),(210,'2019-02-13','3341501649584',1,NULL,'2019-02-13 14:42:35','1342200064247'),(211,'2019-02-13','1331300076688',1,NULL,'2019-02-13 14:42:35','1342200064247'),(212,'2019-02-13','3341501627076',1,NULL,'2019-02-13 14:42:35','1342200064247'),(213,'2019-02-13','1342200064247',1,NULL,'2019-02-13 14:42:35','1342200064247'),(214,'2019-02-13','3341501626258',1,NULL,'2019-02-13 14:42:35','1342200064247'),(215,'2019-02-13','5341500014344',1,NULL,'2019-02-13 14:42:35','1342200064247'),(216,'2019-02-14','3341901023909',1,NULL,'2019-02-14 13:11:43','1342200064247'),(217,'2019-02-14','3349900471298',1,NULL,'2019-02-14 13:11:43','1342200064247'),(218,'2019-02-14','3341501649584',1,NULL,'2019-02-14 13:11:43','1342200064247'),(219,'2019-02-14','1331300076688',1,NULL,'2019-02-14 13:11:43','1342200064247'),(220,'2019-02-14','3341501627076',1,NULL,'2019-02-14 13:11:43','1342200064247'),(221,'2019-02-14','1342200064247',1,NULL,'2019-02-14 13:11:43','1342200064247'),(222,'2019-02-14','3341501626258',1,NULL,'2019-02-14 13:11:43','1342200064247'),(223,'2019-02-14','5341500014344',1,NULL,'2019-02-14 13:11:43','1342200064247'),(224,'2019-02-18','3341901023909',1,NULL,'2019-02-18 11:02:42','1342200064247'),(225,'2019-02-18','3349900471298',1,NULL,'2019-02-18 11:02:42','1342200064247'),(226,'2019-02-18','3341501649584',1,NULL,'2019-02-18 11:02:42','1342200064247'),(227,'2019-02-18','1331300076688',1,NULL,'2019-02-18 11:02:42','1342200064247'),(228,'2019-02-18','3341501627076',1,NULL,'2019-02-18 11:02:42','1342200064247'),(229,'2019-02-18','1342200064247',1,NULL,'2019-02-18 11:02:42','1342200064247'),(230,'2019-02-18','3341501626258',1,NULL,'2019-02-18 11:02:42','1342200064247'),(231,'2019-02-18','5341500014344',1,NULL,'2019-02-18 11:02:42','1342200064247'),(232,'2019-03-01','3341901023909',1,NULL,'2019-03-01 09:36:33','1342200064247'),(233,'2019-03-01','3349900471298',1,NULL,'2019-03-01 09:36:33','1342200064247'),(234,'2019-03-01','3341501649584',1,NULL,'2019-03-01 09:36:33','1342200064247'),(235,'2019-03-01','1331300076688',1,NULL,'2019-03-01 09:36:33','1342200064247'),(236,'2019-03-01','3341501627076',1,NULL,'2019-03-01 09:36:33','1342200064247'),(237,'2019-03-01','1342200064247',1,NULL,'2019-03-01 09:36:33','1342200064247'),(238,'2019-03-01','3341501626258',1,NULL,'2019-03-01 09:36:33','1342200064247'),(239,'2019-03-01','5341500014344',1,NULL,'2019-03-01 09:36:33','1342200064247'),(240,'2019-03-06','3341901023909',1,NULL,'2019-03-06 10:41:40','1342200064247'),(241,'2019-03-06','3349900471298',1,NULL,'2019-03-06 10:41:40','1342200064247'),(242,'2019-03-06','3341501649584',1,NULL,'2019-03-06 10:41:40','1342200064247'),(243,'2019-03-06','1331300076688',2,NULL,'2019-03-06 10:41:40','1342200064247'),(244,'2019-03-06','3341501627076',1,NULL,'2019-03-06 10:41:40','1342200064247'),(245,'2019-03-06','1342200064247',1,NULL,'2019-03-06 10:41:40','1342200064247'),(246,'2019-03-06','3341501626258',1,NULL,'2019-03-06 10:41:40','1342200064247'),(247,'2019-03-06','5341500014344',1,NULL,'2019-03-06 10:41:40','1342200064247'),(248,'2019-06-27','3341901023909',2,NULL,'2019-06-27 09:48:00','1342200064247'),(249,'2019-06-27','3349900471298',1,NULL,'2019-06-27 09:48:00','1342200064247'),(250,'2019-06-27','3341501649584',1,NULL,'2019-06-27 09:48:00','1342200064247'),(251,'2019-06-27','1331300076688',1,NULL,'2019-06-27 09:48:00','1342200064247'),(252,'2019-06-27','3341501627076',1,NULL,'2019-06-27 09:48:00','1342200064247'),(253,'2019-06-27','1342200064247',1,NULL,'2019-06-27 09:48:00','1342200064247'),(254,'2019-06-27','3341501626258',1,NULL,'2019-06-27 09:48:00','1342200064247'),(255,'2019-06-27','5341500014344',1,NULL,'2019-06-27 09:48:00','1342200064247'),(256,'2019-06-26','3341901023909',1,NULL,'2019-06-27 09:48:37','1342200064247'),(257,'2019-06-26','3349900471298',1,NULL,'2019-06-27 09:48:37','1342200064247'),(258,'2019-06-26','3341501649584',1,NULL,'2019-06-27 09:48:37','1342200064247'),(259,'2019-06-26','1331300076688',1,NULL,'2019-06-27 09:48:37','1342200064247'),(260,'2019-06-26','3341501627076',1,NULL,'2019-06-27 09:48:37','1342200064247'),(261,'2019-06-26','1342200064247',1,NULL,'2019-06-27 09:48:37','1342200064247'),(262,'2019-06-26','3341501626258',1,NULL,'2019-06-27 09:48:37','1342200064247'),(263,'2019-06-26','5341500014344',1,NULL,'2019-06-27 09:48:37','1342200064247'),(264,'2019-06-25','3341901023909',1,NULL,'2019-06-27 09:48:47','1342200064247'),(265,'2019-06-25','3349900471298',1,NULL,'2019-06-27 09:48:47','1342200064247'),(266,'2019-06-25','3341501649584',1,NULL,'2019-06-27 09:48:47','1342200064247'),(267,'2019-06-25','1331300076688',1,NULL,'2019-06-27 09:48:47','1342200064247'),(268,'2019-06-25','3341501627076',1,NULL,'2019-06-27 09:48:47','1342200064247'),(269,'2019-06-25','1342200064247',1,NULL,'2019-06-27 09:48:47','1342200064247'),(270,'2019-06-25','3341501626258',1,NULL,'2019-06-27 09:48:47','1342200064247'),(271,'2019-06-25','5341500014344',1,NULL,'2019-06-27 09:48:47','1342200064247'),(272,'2019-06-24','3341901023909',1,NULL,'2019-06-27 09:48:57','1342200064247'),(273,'2019-06-24','3349900471298',1,NULL,'2019-06-27 09:48:57','1342200064247'),(274,'2019-06-24','3341501649584',1,NULL,'2019-06-27 09:48:57','1342200064247'),(275,'2019-06-24','1331300076688',1,NULL,'2019-06-27 09:48:57','1342200064247'),(276,'2019-06-24','3341501627076',1,NULL,'2019-06-27 09:48:57','1342200064247'),(277,'2019-06-24','1342200064247',1,NULL,'2019-06-27 09:48:57','1342200064247'),(278,'2019-06-24','3341501626258',1,NULL,'2019-06-27 09:48:57','1342200064247'),(279,'2019-06-24','5341500014344',1,NULL,'2019-06-27 09:48:57','1342200064247'),(280,'2019-06-21','3341901023909',1,NULL,'2019-06-27 09:49:07','1342200064247'),(281,'2019-06-21','3349900471298',1,NULL,'2019-06-27 09:49:07','1342200064247'),(282,'2019-06-21','3341501649584',1,NULL,'2019-06-27 09:49:07','1342200064247'),(283,'2019-06-21','1331300076688',1,NULL,'2019-06-27 09:49:07','1342200064247'),(284,'2019-06-21','3341501627076',1,NULL,'2019-06-27 09:49:07','1342200064247'),(285,'2019-06-21','1342200064247',1,NULL,'2019-06-27 09:49:07','1342200064247'),(286,'2019-06-21','3341501626258',1,NULL,'2019-06-27 09:49:07','1342200064247'),(287,'2019-06-21','5341500014344',1,NULL,'2019-06-27 09:49:07','1342200064247'),(288,'2019-06-20','3341901023909',1,NULL,'2019-06-27 09:49:15','1342200064247'),(289,'2019-06-20','3349900471298',1,NULL,'2019-06-27 09:49:15','1342200064247'),(290,'2019-06-20','3341501649584',1,NULL,'2019-06-27 09:49:15','1342200064247'),(291,'2019-06-20','1331300076688',1,NULL,'2019-06-27 09:49:15','1342200064247'),(292,'2019-06-20','3341501627076',1,NULL,'2019-06-27 09:49:15','1342200064247'),(293,'2019-06-20','1342200064247',1,NULL,'2019-06-27 09:49:15','1342200064247'),(294,'2019-06-20','3341501626258',1,NULL,'2019-06-27 09:49:15','1342200064247'),(295,'2019-06-20','5341500014344',1,NULL,'2019-06-27 09:49:15','1342200064247'),(296,'2019-06-19','3341901023909',1,NULL,'2019-06-27 09:49:24','1342200064247'),(297,'2019-06-19','3349900471298',1,NULL,'2019-06-27 09:49:24','1342200064247'),(298,'2019-06-19','3341501649584',1,NULL,'2019-06-27 09:49:24','1342200064247'),(299,'2019-06-19','1331300076688',1,NULL,'2019-06-27 09:49:24','1342200064247'),(300,'2019-06-19','3341501627076',1,NULL,'2019-06-27 09:49:24','1342200064247'),(301,'2019-06-19','1342200064247',1,NULL,'2019-06-27 09:49:24','1342200064247'),(302,'2019-06-19','3341501626258',1,NULL,'2019-06-27 09:49:24','1342200064247'),(303,'2019-06-19','5341500014344',1,NULL,'2019-06-27 09:49:24','1342200064247'),(304,'2019-06-18','3341901023909',1,NULL,'2019-06-27 09:49:33','1342200064247'),(305,'2019-06-18','3349900471298',1,NULL,'2019-06-27 09:49:33','1342200064247'),(306,'2019-06-18','3341501649584',1,NULL,'2019-06-27 09:49:33','1342200064247'),(307,'2019-06-18','1331300076688',1,NULL,'2019-06-27 09:49:33','1342200064247'),(308,'2019-06-18','3341501627076',1,NULL,'2019-06-27 09:49:33','1342200064247'),(309,'2019-06-18','1342200064247',1,NULL,'2019-06-27 09:49:33','1342200064247'),(310,'2019-06-18','3341501626258',1,NULL,'2019-06-27 09:49:33','1342200064247'),(311,'2019-06-18','5341500014344',1,NULL,'2019-06-27 09:49:33','1342200064247'),(312,'2019-06-17','3341901023909',1,NULL,'2019-06-27 09:49:42','1342200064247'),(313,'2019-06-17','3349900471298',1,NULL,'2019-06-27 09:49:42','1342200064247'),(314,'2019-06-17','3341501649584',1,NULL,'2019-06-27 09:49:42','1342200064247'),(315,'2019-06-17','1331300076688',1,NULL,'2019-06-27 09:49:42','1342200064247'),(316,'2019-06-17','3341501627076',1,NULL,'2019-06-27 09:49:42','1342200064247'),(317,'2019-06-17','1342200064247',1,NULL,'2019-06-27 09:49:42','1342200064247'),(318,'2019-06-17','3341501626258',1,NULL,'2019-06-27 09:49:42','1342200064247'),(319,'2019-06-17','5341500014344',1,NULL,'2019-06-27 09:49:42','1342200064247'),(320,'2019-07-01','3341901023909',1,NULL,'2019-07-01 10:41:47','1342200064247'),(321,'2019-07-01','3349900471298',1,NULL,'2019-07-01 10:41:47','1342200064247'),(322,'2019-07-01','3341501649584',1,NULL,'2019-07-01 10:41:47','1342200064247'),(323,'2019-07-01','1331300076688',1,NULL,'2019-07-01 10:41:47','1342200064247'),(324,'2019-07-01','3341501627076',1,NULL,'2019-07-01 10:41:47','1342200064247'),(325,'2019-07-01','1342200064247',1,NULL,'2019-07-01 10:41:47','1342200064247'),(326,'2019-07-01','3341501626258',1,NULL,'2019-07-01 10:41:47','1342200064247'),(327,'2019-07-01','5341500014344',1,NULL,'2019-07-01 10:41:47','1342200064247'),(328,'2019-07-02','3341901023909',1,NULL,'2019-07-02 12:57:20','1342200064247'),(329,'2019-07-02','3349900471298',1,NULL,'2019-07-02 12:57:20','1342200064247'),(330,'2019-07-02','3341501649584',1,NULL,'2019-07-02 12:57:20','1342200064247'),(331,'2019-07-02','1331300076688',1,NULL,'2019-07-02 12:57:20','1342200064247'),(332,'2019-07-02','3341501627076',1,NULL,'2019-07-02 12:57:20','1342200064247'),(333,'2019-07-02','1342200064247',1,NULL,'2019-07-02 12:57:20','1342200064247'),(334,'2019-07-02','3341501626258',1,NULL,'2019-07-02 12:57:20','1342200064247'),(335,'2019-07-02','5341500014344',1,NULL,'2019-07-02 12:57:20','1342200064247'),(336,'2019-07-08','3341901023909',1,NULL,'2019-07-08 13:27:22','1342200064247'),(337,'2019-07-08','3349900471298',1,NULL,'2019-07-08 13:27:22','1342200064247'),(338,'2019-07-08','3341501649584',1,NULL,'2019-07-08 13:27:22','1342200064247'),(339,'2019-07-08','1331300076688',1,NULL,'2019-07-08 13:27:22','1342200064247'),(340,'2019-07-08','3341501627076',1,NULL,'2019-07-08 13:27:22','1342200064247'),(341,'2019-07-08','1342200064247',1,NULL,'2019-07-08 13:27:22','1342200064247'),(342,'2019-07-08','3341501626258',1,NULL,'2019-07-08 13:27:22','1342200064247'),(343,'2019-07-08','5341500014344',1,NULL,'2019-07-08 13:27:22','1342200064247'),(344,'2019-07-10','3341901023909',1,NULL,'2019-07-10 09:50:00','1342200064247'),(345,'2019-07-10','3349900471298',1,NULL,'2019-07-10 09:50:00','1342200064247'),(346,'2019-07-10','3341501649584',1,NULL,'2019-07-10 09:50:00','1342200064247'),(347,'2019-07-10','1331300076688',1,NULL,'2019-07-10 09:50:00','1342200064247'),(348,'2019-07-10','3341501627076',1,NULL,'2019-07-10 09:50:00','1342200064247'),(349,'2019-07-10','1342200064247',1,NULL,'2019-07-10 09:50:00','1342200064247'),(350,'2019-07-10','3341501626258',1,NULL,'2019-07-10 09:50:00','1342200064247'),(351,'2019-07-10','5341500014344',1,NULL,'2019-07-10 09:50:00','1342200064247'),(352,'2019-07-19','3341901023909',2,NULL,'2019-07-19 12:40:15','1342200064247'),(353,'2019-07-19','3349900471298',1,NULL,'2019-07-19 12:40:15','1342200064247'),(354,'2019-07-19','3341501649584',1,NULL,'2019-07-19 12:40:15','1342200064247'),(355,'2019-07-19','1331300076688',1,NULL,'2019-07-19 12:40:15','1342200064247'),(356,'2019-07-19','3341501627076',1,NULL,'2019-07-19 12:40:15','1342200064247'),(357,'2019-07-19','1342200064247',1,NULL,'2019-07-19 12:40:15','1342200064247'),(358,'2019-07-19','3341501626258',1,NULL,'2019-07-19 12:40:15','1342200064247'),(359,'2019-07-19','5341500014344',1,NULL,'2019-07-19 12:40:15','1342200064247'),(360,'2019-07-19','1349900347515',1,NULL,'2019-07-19 12:40:15','1342200064247'),(361,'2019-07-22','3341901023909',1,NULL,'2019-07-22 12:57:05','1342200064247'),(362,'2019-07-22','3349900471298',1,NULL,'2019-07-22 12:57:05','1342200064247'),(363,'2019-07-22','3341501649584',1,NULL,'2019-07-22 12:57:05','1342200064247'),(364,'2019-07-22','1331300076688',1,NULL,'2019-07-22 12:57:05','1342200064247'),(365,'2019-07-22','3341501627076',1,NULL,'2019-07-22 12:57:05','1342200064247'),(366,'2019-07-22','1349900347515',1,NULL,'2019-07-22 12:57:05','1342200064247'),(367,'2019-07-22','1342200064247',1,NULL,'2019-07-22 12:57:05','1342200064247'),(368,'2019-07-22','3341501626258',1,NULL,'2019-07-22 12:57:05','1342200064247'),(369,'2019-07-22','5341500014344',1,NULL,'2019-07-22 12:57:05','1342200064247'),(370,'2019-07-26','3341901023909',1,NULL,'2019-07-26 12:43:20','1342200064247'),(371,'2019-07-26','3349900471298',1,NULL,'2019-07-26 12:43:20','1342200064247'),(372,'2019-07-26','3341501649584',1,NULL,'2019-07-26 12:43:20','1342200064247'),(373,'2019-07-26','1331300076688',1,NULL,'2019-07-26 12:43:20','1342200064247'),(374,'2019-07-26','3341501627076',1,NULL,'2019-07-26 12:43:20','1342200064247'),(375,'2019-07-26','1349900347515',1,NULL,'2019-07-26 12:43:20','1342200064247'),(376,'2019-07-26','1342200064247',1,NULL,'2019-07-26 12:43:20','1342200064247'),(377,'2019-07-26','3341501626258',1,NULL,'2019-07-26 12:43:20','1342200064247'),(378,'2019-07-26','5341500014344',1,NULL,'2019-07-26 12:43:20','1342200064247'),(379,'2019-07-30','3341901023909',1,NULL,'2019-07-30 10:27:06','1342200064247'),(380,'2019-07-30','3349900471298',1,NULL,'2019-07-30 10:27:06','1342200064247'),(381,'2019-07-30','3341501649584',1,NULL,'2019-07-30 10:27:06','1342200064247'),(382,'2019-07-30','1331300076688',1,NULL,'2019-07-30 10:27:06','1342200064247'),(383,'2019-07-30','3341501627076',1,NULL,'2019-07-30 10:27:06','1342200064247'),(384,'2019-07-30','1349900347515',1,NULL,'2019-07-30 10:27:06','1342200064247'),(385,'2019-07-30','1342200064247',1,NULL,'2019-07-30 10:27:06','1342200064247'),(386,'2019-07-30','3341501626258',1,NULL,'2019-07-30 10:27:06','1342200064247'),(387,'2019-07-30','5341500014344',1,NULL,'2019-07-30 10:27:06','1342200064247'),(388,'2021-02-23','3410400470366',2,NULL,'2021-02-23 13:45:59','1342200064247'),(389,'2021-02-23','3349900471298',1,NULL,'2021-02-23 13:45:59','1342200064247'),(390,'2021-02-23','1341500282630',1,NULL,'2021-02-23 13:45:59','1342200064247'),(391,'2021-02-23','1331300076688',1,NULL,'2021-02-23 13:45:59','1342200064247'),(392,'2021-02-23','3341501627076',1,NULL,'2021-02-23 13:45:59','1342200064247'),(393,'2021-02-23','1349900347515',1,NULL,'2021-02-23 13:45:59','1342200064247'),(394,'2021-02-23','1342200064247',1,NULL,'2021-02-23 13:45:59','1342200064247'),(395,'2021-02-23','3341501626258',1,NULL,'2021-02-23 13:45:59','1342200064247'),(396,'2021-02-22','3410400470366',1,NULL,'2021-02-23 13:56:36','1342200064247'),(397,'2021-02-22','3349900471298',1,NULL,'2021-02-23 13:56:36','1342200064247'),(398,'2021-02-22','1341500282630',1,NULL,'2021-02-23 13:56:36','1342200064247'),(399,'2021-02-22','1331300076688',1,NULL,'2021-02-23 13:56:36','1342200064247'),(400,'2021-02-22','3341501627076',1,NULL,'2021-02-23 13:56:36','1342200064247'),(401,'2021-02-22','1349900347515',1,NULL,'2021-02-23 13:56:36','1342200064247'),(402,'2021-02-22','1342200064247',1,NULL,'2021-02-23 13:56:36','1342200064247'),(403,'2021-02-22','3341501626258',1,NULL,'2021-02-23 13:56:36','1342200064247'),(404,'2021-02-20','3410400470366',1,NULL,'2021-02-23 13:56:51','1342200064247'),(405,'2021-02-20','3349900471298',1,NULL,'2021-02-23 13:56:51','1342200064247'),(406,'2021-02-20','1341500282630',1,NULL,'2021-02-23 13:56:51','1342200064247'),(407,'2021-02-20','1331300076688',1,NULL,'2021-02-23 13:56:51','1342200064247'),(408,'2021-02-20','3341501627076',1,NULL,'2021-02-23 13:56:51','1342200064247'),(409,'2021-02-20','1349900347515',1,NULL,'2021-02-23 13:56:51','1342200064247'),(410,'2021-02-20','1342200064247',1,NULL,'2021-02-23 13:56:51','1342200064247'),(411,'2021-02-20','3341501626258',1,NULL,'2021-02-23 13:56:51','1342200064247'),(412,'2021-02-19','3410400470366',1,NULL,'2021-02-23 13:57:03','1342200064247'),(413,'2021-02-19','3349900471298',1,NULL,'2021-02-23 13:57:03','1342200064247'),(414,'2021-02-19','1341500282630',1,NULL,'2021-02-23 13:57:03','1342200064247'),(415,'2021-02-19','1331300076688',1,NULL,'2021-02-23 13:57:03','1342200064247'),(416,'2021-02-19','3341501627076',1,NULL,'2021-02-23 13:57:03','1342200064247'),(417,'2021-02-19','1349900347515',1,NULL,'2021-02-23 13:57:03','1342200064247'),(418,'2021-02-19','1342200064247',1,NULL,'2021-02-23 13:57:03','1342200064247'),(419,'2021-02-19','3341501626258',1,NULL,'2021-02-23 13:57:03','1342200064247'),(420,'2021-02-18','3410400470366',1,NULL,'2021-02-23 13:57:12','1342200064247'),(421,'2021-02-18','3349900471298',1,NULL,'2021-02-23 13:57:12','1342200064247'),(422,'2021-02-18','1341500282630',1,NULL,'2021-02-23 13:57:12','1342200064247'),(423,'2021-02-18','1331300076688',1,NULL,'2021-02-23 13:57:12','1342200064247'),(424,'2021-02-18','3341501627076',1,NULL,'2021-02-23 13:57:12','1342200064247'),(425,'2021-02-18','1349900347515',1,NULL,'2021-02-23 13:57:12','1342200064247'),(426,'2021-02-18','1342200064247',1,NULL,'2021-02-23 13:57:12','1342200064247'),(427,'2021-02-18','3341501626258',1,NULL,'2021-02-23 13:57:12','1342200064247'),(428,'2021-02-17','3410400470366',1,NULL,'2021-02-23 13:57:21','1342200064247'),(429,'2021-02-17','3349900471298',1,NULL,'2021-02-23 13:57:21','1342200064247'),(430,'2021-02-17','1341500282630',1,NULL,'2021-02-23 13:57:21','1342200064247'),(431,'2021-02-17','1331300076688',1,NULL,'2021-02-23 13:57:21','1342200064247'),(432,'2021-02-17','3341501627076',1,NULL,'2021-02-23 13:57:21','1342200064247'),(433,'2021-02-17','1349900347515',1,NULL,'2021-02-23 13:57:21','1342200064247'),(434,'2021-02-17','1342200064247',1,NULL,'2021-02-23 13:57:21','1342200064247'),(435,'2021-02-17','3341501626258',1,NULL,'2021-02-23 13:57:21','1342200064247'),(436,'2021-02-16','3410400470366',1,NULL,'2021-02-23 13:57:31','1342200064247'),(437,'2021-02-16','3349900471298',1,NULL,'2021-02-23 13:57:31','1342200064247'),(438,'2021-02-16','1341500282630',1,NULL,'2021-02-23 13:57:31','1342200064247'),(439,'2021-02-16','1331300076688',1,NULL,'2021-02-23 13:57:31','1342200064247'),(440,'2021-02-16','3341501627076',1,NULL,'2021-02-23 13:57:31','1342200064247'),(441,'2021-02-16','1349900347515',1,NULL,'2021-02-23 13:57:31','1342200064247'),(442,'2021-02-16','1342200064247',1,NULL,'2021-02-23 13:57:31','1342200064247'),(443,'2021-02-16','3341501626258',1,NULL,'2021-02-23 13:57:31','1342200064247'),(444,'2021-02-15','3410400470366',1,NULL,'2021-02-23 13:57:40','1342200064247'),(445,'2021-02-15','3349900471298',1,NULL,'2021-02-23 13:57:40','1342200064247'),(446,'2021-02-15','1341500282630',1,NULL,'2021-02-23 13:57:40','1342200064247'),(447,'2021-02-15','1331300076688',1,NULL,'2021-02-23 13:57:40','1342200064247'),(448,'2021-02-15','3341501627076',1,NULL,'2021-02-23 13:57:40','1342200064247'),(449,'2021-02-15','1349900347515',1,NULL,'2021-02-23 13:57:40','1342200064247'),(450,'2021-02-15','1342200064247',1,NULL,'2021-02-23 13:57:40','1342200064247'),(451,'2021-02-15','3341501626258',1,NULL,'2021-02-23 13:57:40','1342200064247'),(452,'2021-02-13','3410400470366',1,NULL,'2021-02-23 13:57:51','1342200064247'),(453,'2021-02-13','3349900471298',1,NULL,'2021-02-23 13:57:51','1342200064247'),(454,'2021-02-13','1341500282630',1,NULL,'2021-02-23 13:57:51','1342200064247'),(455,'2021-02-13','1331300076688',1,NULL,'2021-02-23 13:57:51','1342200064247'),(456,'2021-02-13','3341501627076',1,NULL,'2021-02-23 13:57:51','1342200064247'),(457,'2021-02-13','1349900347515',1,NULL,'2021-02-23 13:57:51','1342200064247'),(458,'2021-02-13','1342200064247',1,NULL,'2021-02-23 13:57:51','1342200064247'),(459,'2021-02-13','3341501626258',1,NULL,'2021-02-23 13:57:51','1342200064247'),(460,'2021-02-11','3410400470366',1,NULL,'2021-02-23 13:58:01','1342200064247'),(461,'2021-02-11','3349900471298',1,NULL,'2021-02-23 13:58:01','1342200064247'),(462,'2021-02-11','1341500282630',1,NULL,'2021-02-23 13:58:01','1342200064247'),(463,'2021-02-11','1331300076688',1,NULL,'2021-02-23 13:58:01','1342200064247'),(464,'2021-02-11','3341501627076',1,NULL,'2021-02-23 13:58:01','1342200064247'),(465,'2021-02-11','1349900347515',1,NULL,'2021-02-23 13:58:01','1342200064247'),(466,'2021-02-11','1342200064247',1,NULL,'2021-02-23 13:58:01','1342200064247'),(467,'2021-02-11','3341501626258',1,NULL,'2021-02-23 13:58:01','1342200064247'),(468,'2021-02-10','3410400470366',1,NULL,'2021-02-23 13:58:11','1342200064247'),(469,'2021-02-10','3349900471298',1,NULL,'2021-02-23 13:58:11','1342200064247'),(470,'2021-02-10','1341500282630',1,NULL,'2021-02-23 13:58:11','1342200064247'),(471,'2021-02-10','1331300076688',1,NULL,'2021-02-23 13:58:11','1342200064247'),(472,'2021-02-10','3341501627076',1,NULL,'2021-02-23 13:58:11','1342200064247'),(473,'2021-02-10','1349900347515',1,NULL,'2021-02-23 13:58:11','1342200064247'),(474,'2021-02-10','1342200064247',1,NULL,'2021-02-23 13:58:11','1342200064247'),(475,'2021-02-10','3341501626258',1,NULL,'2021-02-23 13:58:11','1342200064247'),(476,'2021-02-09','3410400470366',1,NULL,'2021-02-23 13:58:18','1342200064247'),(477,'2021-02-09','3349900471298',1,NULL,'2021-02-23 13:58:18','1342200064247'),(478,'2021-02-09','1341500282630',1,NULL,'2021-02-23 13:58:18','1342200064247'),(479,'2021-02-09','1331300076688',1,NULL,'2021-02-23 13:58:18','1342200064247'),(480,'2021-02-09','3341501627076',1,NULL,'2021-02-23 13:58:18','1342200064247'),(481,'2021-02-09','1349900347515',1,NULL,'2021-02-23 13:58:18','1342200064247'),(482,'2021-02-09','1342200064247',1,NULL,'2021-02-23 13:58:18','1342200064247'),(483,'2021-02-09','3341501626258',1,NULL,'2021-02-23 13:58:18','1342200064247'),(484,'2021-02-08','3410400470366',1,NULL,'2021-02-23 13:58:28','1342200064247'),(485,'2021-02-08','3349900471298',1,NULL,'2021-02-23 13:58:28','1342200064247'),(486,'2021-02-08','1341500282630',1,NULL,'2021-02-23 13:58:28','1342200064247'),(487,'2021-02-08','1331300076688',1,NULL,'2021-02-23 13:58:28','1342200064247'),(488,'2021-02-08','3341501627076',1,NULL,'2021-02-23 13:58:28','1342200064247'),(489,'2021-02-08','1349900347515',1,NULL,'2021-02-23 13:58:28','1342200064247'),(490,'2021-02-08','1342200064247',1,NULL,'2021-02-23 13:58:28','1342200064247'),(491,'2021-02-08','3341501626258',1,NULL,'2021-02-23 13:58:28','1342200064247'),(492,'2021-02-06','3410400470366',1,NULL,'2021-02-23 13:58:37','1342200064247'),(493,'2021-02-06','3349900471298',1,NULL,'2021-02-23 13:58:37','1342200064247'),(494,'2021-02-06','1341500282630',1,NULL,'2021-02-23 13:58:37','1342200064247'),(495,'2021-02-06','1331300076688',1,NULL,'2021-02-23 13:58:37','1342200064247'),(496,'2021-02-06','3341501627076',1,NULL,'2021-02-23 13:58:37','1342200064247'),(497,'2021-02-06','1349900347515',1,NULL,'2021-02-23 13:58:37','1342200064247'),(498,'2021-02-06','1342200064247',1,NULL,'2021-02-23 13:58:37','1342200064247'),(499,'2021-02-06','3341501626258',1,NULL,'2021-02-23 13:58:37','1342200064247'),(500,'2021-02-05','3410400470366',1,NULL,'2021-02-23 13:58:45','1342200064247'),(501,'2021-02-05','3349900471298',1,NULL,'2021-02-23 13:58:45','1342200064247'),(502,'2021-02-05','1341500282630',1,NULL,'2021-02-23 13:58:45','1342200064247'),(503,'2021-02-05','1331300076688',1,NULL,'2021-02-23 13:58:45','1342200064247'),(504,'2021-02-05','3341501627076',1,NULL,'2021-02-23 13:58:45','1342200064247'),(505,'2021-02-05','1349900347515',1,NULL,'2021-02-23 13:58:45','1342200064247'),(506,'2021-02-05','1342200064247',1,NULL,'2021-02-23 13:58:45','1342200064247'),(507,'2021-02-05','3341501626258',1,NULL,'2021-02-23 13:58:45','1342200064247'),(508,'2021-02-04','3410400470366',1,NULL,'2021-02-23 13:59:09','1342200064247'),(509,'2021-02-04','3349900471298',1,NULL,'2021-02-23 13:59:09','1342200064247'),(510,'2021-02-04','1341500282630',1,NULL,'2021-02-23 13:59:09','1342200064247'),(511,'2021-02-04','1331300076688',1,NULL,'2021-02-23 13:59:09','1342200064247'),(512,'2021-02-04','3341501627076',1,NULL,'2021-02-23 13:59:09','1342200064247'),(513,'2021-02-04','1349900347515',1,NULL,'2021-02-23 13:59:09','1342200064247'),(514,'2021-02-04','1342200064247',1,NULL,'2021-02-23 13:59:09','1342200064247'),(515,'2021-02-04','3341501626258',1,NULL,'2021-02-23 13:59:09','1342200064247'),(516,'2021-02-03','3410400470366',1,NULL,'2021-02-23 14:00:06','1342200064247'),(517,'2021-02-03','3349900471298',1,NULL,'2021-02-23 14:00:06','1342200064247'),(518,'2021-02-03','1341500282630',1,NULL,'2021-02-23 14:00:06','1342200064247'),(519,'2021-02-03','1331300076688',1,NULL,'2021-02-23 14:00:06','1342200064247'),(520,'2021-02-03','3341501627076',1,NULL,'2021-02-23 14:00:06','1342200064247'),(521,'2021-02-03','1349900347515',1,NULL,'2021-02-23 14:00:06','1342200064247'),(522,'2021-02-03','1342200064247',1,NULL,'2021-02-23 14:00:06','1342200064247'),(523,'2021-02-03','3341501626258',1,NULL,'2021-02-23 14:00:06','1342200064247'),(524,'2021-02-02','3410400470366',1,NULL,'2021-02-23 14:00:17','1342200064247'),(525,'2021-02-02','3349900471298',1,NULL,'2021-02-23 14:00:17','1342200064247'),(526,'2021-02-02','1341500282630',1,NULL,'2021-02-23 14:00:17','1342200064247'),(527,'2021-02-02','1331300076688',1,NULL,'2021-02-23 14:00:17','1342200064247'),(528,'2021-02-02','3341501627076',1,NULL,'2021-02-23 14:00:17','1342200064247'),(529,'2021-02-02','1349900347515',1,NULL,'2021-02-23 14:00:17','1342200064247'),(530,'2021-02-02','1342200064247',1,NULL,'2021-02-23 14:00:17','1342200064247'),(531,'2021-02-02','3341501626258',1,NULL,'2021-02-23 14:00:17','1342200064247'),(532,'2021-02-01','3410400470366',1,NULL,'2021-02-23 14:16:57','1342200064247'),(533,'2021-02-01','3349900471298',1,NULL,'2021-02-23 14:16:57','1342200064247'),(534,'2021-02-01','1341500282630',1,NULL,'2021-02-23 14:16:57','1342200064247'),(535,'2021-02-01','1331300076688',1,NULL,'2021-02-23 14:16:57','1342200064247'),(536,'2021-02-01','3341501627076',1,NULL,'2021-02-23 14:16:57','1342200064247'),(537,'2021-02-01','1349900347515',1,NULL,'2021-02-23 14:16:57','1342200064247'),(538,'2021-02-01','1342200064247',1,NULL,'2021-02-23 14:16:57','1342200064247'),(539,'2021-02-01','3341501626258',1,NULL,'2021-02-23 14:16:57','1342200064247');

--
-- Table structure for table `work_permission`
--

CREATE TABLE `work_permission` (
  `id` int(11) NOT NULL AUTO_INCREMENT,
  `person_id` varchar(13) NOT NULL,
  `p1` tinyint(4) NOT NULL,
  `officer` varchar(13) NOT NULL,
  `rec_date` date NOT NULL,
  PRIMARY KEY (`id`)
) ENGINE=MyISAM AUTO_INCREMENT=10 DEFAULT CHARSET=utf8 COLLATE=utf8_general_ci;

--
-- Dumping data for table `work_permission`
--

INSERT INTO `work_permission` VALUES (2,'3349900471298',1,'3349900471298','2015-10-29'),(9,'1331300076688',1,'1342200064247','2021-02-23'),(4,'3341501627076',1,'3349900471298','2015-10-29'),(6,'3341501649584',1,'3349900471298','2015-10-29'),(7,'3341501626258',1,'3349900471298','2015-10-29'),(8,'1342200064247',1,'1342200064247','2018-11-15');


