-- Table structure for table `health_personal`
--

CREATE TABLE `health_personal` (
  `per_id` int(11) NOT NULL AUTO_INCREMENT,
  `personal_code` varchar(13) NOT NULL,
  `per_position` int(3) NOT NULL,
  `per_status` int(3) NOT NULL,
  `person_room` int(3) NOT NULL,
  PRIMARY KEY (`per_id`)
) ENGINE=MyISAM AUTO_INCREMENT=90 DEFAULT CHARSET=utf8 COLLATE=utf8_general_ci;

--
-- Dumping data for table `health_personal`
--

INSERT INTO `health_personal` VALUES (28,'1330800272981',3,1,1),(24,'1349900314773',4,1,1),(23,'1341600131196',6,1,1),(30,'1349900193305',11,1,1),(34,'1103701931949',9,1,1),(32,'3341500026761',2,1,1),(74,'1341501401900',3,1,1),(73,'1330800272981',7,1,1),(18,'1349890010815',10,1,1),(27,'1342200061931',1,1,1),(29,'3340700461754',8,1,1),(77,'1341501401900',4,1,1),(76,'1340701749224',4,1,1),(42,'3341501721307',1,1,1),(41,'3341501721307',3,1,1),(40,'1349900314773',3,1,1),(43,'1349900314773',1,1,1),(44,'1349900314773',2,1,1),(45,'1349900314773',5,1,1),(46,'1349900314773',6,1,1),(47,'1349900314773',7,1,1),(48,'1349900314773',8,1,1),(49,'1349900314773',9,1,1),(78,'1340701749224',5,1,1),(51,'1349900314773',11,1,1),(52,'1341600131196',1,1,1),(53,'1103701931949',1,1,1),(54,'1103701931949',2,1,1),(55,'1341600131196',2,1,1),(56,'1341600131196',3,1,1),(57,'1103701931949',3,1,1),(58,'1341600131196',4,1,1),(59,'1103701931949',4,1,1),(60,'1103701931949',5,1,1),(61,'1341600131196',5,1,1),(62,'1103701931949',6,1,1),(63,'1103701931949',7,1,1),(79,'1341500170742',6,1,1),(65,'1103701931949',8,1,1),(66,'1341600131196',8,1,1),(67,'1341600131196',9,1,1),(68,'1103701931949',10,1,1),(69,'1341600131196',10,1,1),(70,'1341600131196',11,1,1),(71,'1103701931949',11,1,1),(72,'1341500170742',5,1,1),(75,'1451100251043',9,1,1),(80,'1341600131196',7,1,1),(81,'1330800272981',8,1,1),(82,'3340700461754',9,1,1),(86,'1451100251043',10,1,1),(84,'1349890010815',11,1,1),(85,'1100401105647',11,1,1),(87,'1349900193305',12,1,1),(88,'3341500026761',3,1,1),(89,'3349800069641',7,1,1);

--
-- Table structure for table `health_weight_height`
--

CREATE TABLE `health_weight_height` (
  `id` int(11) NOT NULL AUTO_INCREMENT,
  `type` tinyint(4) NOT NULL DEFAULT 0,
  `sex` tinyint(4) NOT NULL DEFAULT 1,
  `height` int(11) NOT NULL,
  `weight_1` double NOT NULL,
  `weight_2` double NOT NULL,
  `weight_3` double NOT NULL,
  `weight_4` double NOT NULL,
  `weight_5` double NOT NULL,
  PRIMARY KEY (`id`)
) ENGINE=MyISAM AUTO_INCREMENT=75 DEFAULT CHARSET=utf8 COLLATE=utf8_general_ci;

--
-- Dumping data for table `health_weight_height`
--

INSERT INTO `health_weight_height` VALUES (1,0,1,50,2.5,3,3.8,4,4.5),(2,0,1,55,3.5,4,4.8,5,6),(3,0,1,60,4.5,5,6.3,6.5,7.5),(4,0,1,65,5.5,6,7.8,8,9),(5,0,1,70,7,7.5,9.3,9.5,10.5),(6,0,1,75,8,8.5,10.8,11,12),(7,0,1,80,9,9.5,12,12.5,13.5),(8,0,1,85,10,10.5,13.5,14,15.5),(9,0,1,90,11,11.5,15,15.5,17),(10,0,1,95,12,12.5,16.5,17,19),(11,0,1,100,13,14,18.5,19,21),(12,0,1,105,14,15,20,21,22.5),(13,0,1,110,15.5,16.5,22,23,25),(14,0,1,115,17,18,24,25,28),(15,0,1,120,18.5,19.5,26.5,28,31),(16,0,1,125,20.5,21.5,29.5,31,35),(17,0,1,130,22,23.5,33,35,39.5),(18,0,1,135,24,25.5,37,39,45),(19,0,1,140,26.5,28,41,44,50),(20,0,2,50,3,3.1,3.8,4,4.5),(21,0,2,55,3.5,4,4.8,5,6),(22,0,2,60,4.5,5,6.3,6.5,7),(23,0,2,65,5.5,6,7.8,8,8.5),(24,0,2,70,6.5,7.5,8.8,9,10),(25,0,2,75,7.5,8.5,10.8,10.5,11.5),(26,0,2,80,8.5,9,11.5,12.5,13),(27,0,2,85,9.5,10,13,13.5,14.5),(28,0,2,90,10.5,11.5,14.5,15.5,16.5),(29,0,2,95,11.5,13,16.5,17,18.5),(30,0,2,100,13,13.5,18,18.5,20.5),(31,0,2,110,15.5,16,22,23,25),(32,0,2,115,16.5,17.5,24,25,28),(33,0,2,120,18,19,27,28.5,31.5),(34,0,2,125,19.5,21.5,30,31.5,35.5),(35,0,2,130,21.5,23,34,36,41),(36,0,2,135,23.5,25,38,40.5,46),(37,0,2,140,25.5,27.5,42.5,45.5,55.5),(38,0,2,105,14,15,19.5,20.5,22.5),(39,1,1,90,11,11.5,15,16,17),(40,1,1,95,12,12.5,17,17.5,19),(41,1,1,100,13,14,18,19,21),(42,1,1,105,14.5,15,19.5,20.5,22.5),(43,1,1,110,16,16.6,21.5,22.5,24.5),(44,1,1,115,17,18,24,25,27.5),(45,1,1,120,19,19.5,26.5,28,30.5),(46,1,1,125,20,21,29,31,34),(47,1,1,130,22,23,33,35,39),(48,1,1,135,24.5,25.5,37,39.5,45),(49,1,1,140,26.5,28.5,41,44,50),(50,1,1,145,29,31,45,48,54.5),(51,1,1,150,32,34,49,52.5,58.5),(52,1,1,155,35,37,53,56.5,62.5),(53,1,1,160,38.5,41,57,60.5,66.5),(54,1,1,165,42.5,45,61.5,64.5,70),(55,1,1,170,46,48.5,65,68,74.5),(56,1,1,175,49.5,52.5,69,72,77),(57,1,1,180,53,56,72,75,80),(58,1,2,90,11,11.5,15,16,17),(59,1,2,95,12,12.5,16,17,18.5),(60,1,2,100,13,13.5,18,19,20.5),(61,1,2,105,14,15,19.5,20.5,22.5),(62,1,2,110,15.5,16,21.5,22.5,25),(63,1,2,115,17,17.5,24,25,27.5),(64,1,2,120,18.5,19,26.5,28,31),(65,1,2,125,20,21,30,32,36),(66,1,2,130,21.5,22.5,33.5,36,41),(67,1,2,135,23.5,25,38,41,46),(68,1,2,140,26,27.5,42.5,45.5,51.5),(69,1,2,145,29,31,47,50,56.5),(70,1,2,150,32.5,34.5,51.5,54.5,61),(71,1,2,155,36,38.5,55.5,58.5,65),(72,1,2,160,39.5,42,59,62,68),(73,1,2,165,43,45.5,62,65,70.5),(74,1,2,170,47,48.5,65.5,67.5,72.5);

--
-- Table structure for table `idplan_education`
--

CREATE TABLE `idplan_education` (
  `id` int(11) NOT NULL AUTO_INCREMENT,
  `person_id` varchar(15) DEFAULT NULL,
  `class` varchar(30) DEFAULT NULL,
  `initials` varchar(30) DEFAULT NULL,
  `subject_1` varchar(150) DEFAULT NULL,
  `subject` varchar(150) DEFAULT NULL,
  `institute` varchar(200) DEFAULT NULL,
  `province` varchar(50) DEFAULT NULL,
  `finish_year` varchar(10) DEFAULT NULL,
  PRIMARY KEY (`id`)
) ENGINE=MyISAM AUTO_INCREMENT=21 DEFAULT CHARSET=utf8 COLLATE=utf8_general_ci;

--
-- Dumping data for table `idplan_education`
--

INSERT INTO `idplan_education` VALUES (9,'1349900653489','ปริญญาตรี','กศ.บ.','','คณิตศาสตร์','มหาวิทยาลัยมหาสารคาม','มหาสารคาม','2561'),(10,'1330300107507','ปริญญาตรี','คุรุศาสตร์บัณฑิต','-','การศึกษาปฐมวัย','มหาวิทยาลับราชภัฏศรีสะเกษ','ศรีสะเกษ','2551'),(11,'1103701931949','ปริญญาตรี','ค.บ.','','','มหาวิทยาลัยราชภัฏร้อยเอ็ด','ร้อยเอ็ด','2561'),(12,'1349900314773','ปริญญาตรี','ค.บ.','-','นวัตกรรมและคอมพิวเตอร์ศึกษา','มหาวิทยลัยราชภัฏอุบลราชธานี','อุบลราชธานี','2556'),(13,'3340700461754','ปริญญาตรี','ศศ.บ','','','มหาวิทยาลัยแม่ฟ้าหลวง','เชียงราย','2553'),(14,'1451100204789','ครุศาสตรบัณฑิต','ค.บ.','','','มหาวิทยาลัยราชภัฏบุรีรัมย์','บุรีรัมย์','2559'),(15,'1342200061931','ปริญญาตรี','ครุศาสตรบัณฑิต','-','การศึกษาปฐมวัย','มหาวิทยาลัยราชภัฎอุบลราชธานี','อุบลราชธานี','2558'),(17,'3461200319215','ปริญญาตรี','ค.บ.','-','วิทยาศาสตร์ทั่วไป','วิทยาลัยครูมหาสารคาม','จังหวัดสารคาม','2519'),(18,'1309901319477','ปริญญาตรี','ค.บ.','-','สังคมศึกษา','มหาวิทยาลัยราชภัฏนครราชสีมา','นครราชสีมา','2563'),(19,'1330400336834','ปริญญาตรี','ค.บ.','-','ภาษาไทย','มหาวิทยาลัยราชภัฎศรีสะเกษ','ศรีสะเกษ','2559'),(20,'3341501721307','คบ','ครุศาสตร์บัณฑิต','-','อุตสาหกรรมศิลป์','สถาบันราชภัฎอุบลราชธานี','อุบลราชธานี','2541');

--
-- Table structure for table `idplan_list_setting`
--

CREATE TABLE `idplan_list_setting` (
  `id` int(11) NOT NULL AUTO_INCREMENT,
  `rating` int(5) DEFAULT NULL,
  `item_list` char(50) DEFAULT NULL,
  `permission` int(2) DEFAULT NULL,
  PRIMARY KEY (`id`)
) ENGINE=MyISAM AUTO_INCREMENT=12 DEFAULT CHARSET=utf8 COLLATE=utf8_general_ci;

--
-- Dumping data for table `idplan_list_setting`
--


--
-- Table structure for table `idplan_lookbook_1`
--

CREATE TABLE `idplan_lookbook_1` (
  `id` int(11) NOT NULL AUTO_INCREMENT,
  `person_id` varchar(15) DEFAULT NULL,
  `study_year` varchar(5) DEFAULT NULL,
  `term` varchar(2) DEFAULT NULL,
  `office` varchar(200) DEFAULT NULL,
  `school_name` varchar(250) DEFAULT NULL,
  `class` varchar(5) DEFAULT NULL,
  `subject_1` varchar(3) DEFAULT NULL,
  `subject_2` varchar(150) DEFAULT NULL,
  `house` int(3) DEFAULT NULL,
  PRIMARY KEY (`id`)
) ENGINE=MyISAM AUTO_INCREMENT=41 DEFAULT CHARSET=utf8 COLLATE=utf8_general_ci;

--
-- Dumping data for table `idplan_lookbook_1`
--

INSERT INTO `idplan_lookbook_1` VALUES (19,'1349900653489','2563','1','','โรงเรียนบ้านสระดอกเกษ','8','2','คณิตศาสตร์พื้นฐาน',4),(20,'1349900653489','2563','1','','โรงเรียนบ้านสระดอกเกษ','9','2','คณิตศาสตร์พื้นฐาน',4),(21,'1349900653489','2563','1','','โรงเรียนบ้านสระดอกเกษ','10','2','คณิตศาสตร์พื้นฐาน',3),(22,'1349900653489','2563','1','','โรงเรียนบ้านสระดอกเกษ','11','2','คณิตศาสตร์พื้นฐาน',3),(23,'1349900653489','2563','1','','โรงเรียนบ้านสระดอกเกษ','12','2','คณิตศาสตร์พื้นฐาน',3),(24,'1349900653489','2563','1','','โรงเรียนบ้านสระดอกเกษ','10','4','ประวัติศาสตร์',1),(25,'1330300107507','2565','2','สพฐ.','โรงเรียนบ้านสระดอกเกษ','3','','',0),(27,'1349900653489','2565','2','','โรงเรียนบ้านสระดอกเกษ','10','2','คณิตศาสตร์พื้นฐาน',3),(28,'1349900653489','2565','2','','โรงเรียนบ้านสระดอกเกษ','11','2','คณิตศาสตร์พื้นฐาน',3),(29,'1349900653489','2565','2','','โรงเรียนบ้านสระดอกเกษ','12','2','คณิตศาสตร์พื้นฐาน',3),(30,'1349900653489','2565','2','','โรงเรียนบ้านสระดอกเกษ','10','3','คอมพิวเตอร์',1),(31,'1349900653489','2565','2','','โรงเรียนบ้านสระดอกเกษ','11','3','คอมพิวเตอร์',1),(40,'1349900653489','2565','2','','โรงเรียนบ้านสระดอกเกษ','12','3','คอมพิวเตอร์',1),(33,'1349900653489','2565','2','','โรงเรียนบ้านสระดอกเกษ','10','4','ประวัติศาสตร์',1),(34,'1349900653489','2565','2','','โรงเรียนบ้านสระดอกเกษ','11','4','ประวัติศาสตร์',1),(38,'1349900653489','2565','2','','โรงเรียนบ้านสระดอกเกษ','12','4','ประวัติศาสตร์',1);

--
-- Table structure for table `idplan_lookbook_2`
--

CREATE TABLE `idplan_lookbook_2` (
  `id` int(11) NOT NULL AUTO_INCREMENT,
  `person_id` varchar(15) DEFAULT NULL,
  `year` varchar(5) DEFAULT NULL,
  `term` varchar(1) DEFAULT NULL,
  `week` varchar(3) DEFAULT NULL,
  `start_date` date DEFAULT NULL,
  `end_date` date DEFAULT NULL,
  `group_vicha_id` varchar(2) DEFAULT NULL,
  `vicha_name` varchar(200) DEFAULT NULL,
  `vicha_code` varchar(10) DEFAULT NULL,
  `vitaya` varchar(2) DEFAULT NULL,
  `hour_term` varchar(5) DEFAULT NULL,
  `time` varchar(5) DEFAULT NULL,
  `time_unit` varchar(25) DEFAULT NULL,
  `learn_type` varchar(2) DEFAULT NULL,
  `garantee` varchar(2) DEFAULT NULL,
  PRIMARY KEY (`id`)
) ENGINE=MyISAM AUTO_INCREMENT=21 DEFAULT CHARSET=utf8 COLLATE=utf8_general_ci;

--
-- Dumping data for table `idplan_lookbook_2`
--

INSERT INTO `idplan_lookbook_2` VALUES (20,'1330300107507','2565','2','1','2022-11-01','2023-03-31','','การศึกษาปฐมวัย','','1','','','1','1','1');

--
-- Table structure for table `idplan_lookbook_3`
--

CREATE TABLE `idplan_lookbook_3` (
  `id` int(11) NOT NULL AUTO_INCREMENT,
  `person_id` varchar(15) DEFAULT NULL,
  `year` varchar(5) DEFAULT NULL,
  `term` varchar(1) DEFAULT NULL,
  `week` varchar(3) DEFAULT NULL,
  `start_date` date DEFAULT NULL,
  `end_date` date DEFAULT NULL,
  `vicha_support` varchar(200) DEFAULT NULL,
  `hour_week` varchar(5) DEFAULT NULL,
  `garantee` varchar(2) DEFAULT NULL,
  PRIMARY KEY (`id`)
) ENGINE=MyISAM AUTO_INCREMENT=23 DEFAULT CHARSET=utf8 COLLATE=utf8_general_ci;

--
-- Dumping data for table `idplan_lookbook_3`
--

INSERT INTO `idplan_lookbook_3` VALUES (22,'1330300107507','2565','2','1','2022-11-01','2023-03-31','ครูอนามัยโรงเรียน','','1');

--
-- Table structure for table `idplan_lookbook_4`
--

CREATE TABLE `idplan_lookbook_4` (
  `id` int(11) NOT NULL AUTO_INCREMENT,
  `person_id` varchar(15) DEFAULT NULL,
  `year` varchar(5) DEFAULT NULL,
  `term` varchar(1) DEFAULT NULL,
  `week` varchar(3) DEFAULT NULL,
  `start_date` date DEFAULT NULL,
  `end_date` date DEFAULT NULL,
  `policy` varchar(255) DEFAULT NULL,
  `hour_week` varchar(5) DEFAULT NULL,
  `garantee` varchar(2) DEFAULT NULL,
  PRIMARY KEY (`id`)
) ENGINE=MyISAM AUTO_INCREMENT=25 DEFAULT CHARSET=utf8 COLLATE=utf8_general_ci;

--
-- Dumping data for table `idplan_lookbook_4`
--

INSERT INTO `idplan_lookbook_4` VALUES (24,'1330300107507','2565','2','1','2022-11-01','2023-03-31','โครงการบ้านนักวิทยาศาสตร์น้อย','20','1');

--
-- Table structure for table `idplan_lookbook_5`
--

CREATE TABLE `idplan_lookbook_5` (
  `id` int(11) NOT NULL AUTO_INCREMENT,
  `person_id` varchar(15) DEFAULT NULL,
  `rec_date` date DEFAULT NULL,
  `develop_name` varchar(255) DEFAULT NULL,
  `develop_code` varchar(15) DEFAULT NULL,
  `knowledge` varchar(10) DEFAULT NULL,
  `skill` varchar(10) DEFAULT NULL,
  `teacher` varchar(10) DEFAULT NULL,
  `develop_hour` varchar(5) DEFAULT NULL,
  `develop_start_date` date DEFAULT NULL,
  `num_date` int(5) DEFAULT NULL,
  `development` varchar(10) DEFAULT NULL,
  `garantee` varchar(2) DEFAULT NULL,
  PRIMARY KEY (`id`)
) ENGINE=MyISAM AUTO_INCREMENT=4 DEFAULT CHARSET=utf8 COLLATE=utf8_general_ci;

--
-- Dumping data for table `idplan_lookbook_5`
--


--
-- Table structure for table `idplan_lookbook_6`
--

CREATE TABLE `idplan_lookbook_6` (
  `id` int(11) NOT NULL AUTO_INCREMENT,
  `person_id` varchar(15) DEFAULT NULL,
  `group_activities` varchar(255) DEFAULT NULL,
  `num_member` int(5) DEFAULT NULL,
  `activities_name` varchar(255) DEFAULT NULL,
  `round` varchar(3) DEFAULT NULL,
  `date_activities` date DEFAULT NULL,
  `term` varchar(2) DEFAULT NULL,
  `year` varchar(5) DEFAULT NULL,
  `num_hour` varchar(5) DEFAULT NULL,
  `r_character` varchar(3) DEFAULT NULL,
  `income_activities` varchar(5) DEFAULT NULL,
  `issues` varchar(255) DEFAULT NULL,
  `cause` varchar(255) DEFAULT NULL,
  `knowledge` varchar(255) DEFAULT NULL,
  `activities` varchar(255) DEFAULT NULL,
  `r_activities` varchar(255) DEFAULT NULL,
  `reapply` varchar(255) DEFAULT NULL,
  `other` varchar(255) DEFAULT NULL,
  `garantee` varchar(2) DEFAULT NULL,
  PRIMARY KEY (`id`)
) ENGINE=MyISAM AUTO_INCREMENT=6 DEFAULT CHARSET=utf8 COLLATE=utf8_general_ci;

--
-- Dumping data for table `idplan_lookbook_6`
--


--
-- Table structure for table `idplan_lookbook_group_subject`
--

CREATE TABLE `idplan_lookbook_group_subject` (
  `id` int(11) NOT NULL AUTO_INCREMENT,
  `g_subject` varchar(255) DEFAULT NULL,
  PRIMARY KEY (`id`)
) ENGINE=MyISAM AUTO_INCREMENT=21 DEFAULT CHARSET=utf8 COLLATE=utf8_general_ci;

--
-- Dumping data for table `idplan_lookbook_group_subject`
--


--
-- Table structure for table `idplan_management_crown`
--

CREATE TABLE `idplan_management_crown` (
  `id` int(11) NOT NULL AUTO_INCREMENT,
  `crown_name_th` char(100) DEFAULT NULL,
  `crown_shot_name` char(10) DEFAULT NULL,
  `crown_name_en` char(150) DEFAULT NULL,
  PRIMARY KEY (`id`)
) ENGINE=MyISAM AUTO_INCREMENT=37 DEFAULT CHARSET=utf8 COLLATE=utf8_general_ci;

--
-- Dumping data for table `idplan_management_crown`
--


--
-- Table structure for table `idplan_management_crown_year`
--

CREATE TABLE `idplan_management_crown_year` (
  `id` int(11) NOT NULL AUTO_INCREMENT,
  `person_id` varchar(15) DEFAULT NULL,
  `crown_id` varchar(3) DEFAULT NULL,
  `crown_year` varchar(7) DEFAULT NULL,
  PRIMARY KEY (`id`)
) ENGINE=MyISAM AUTO_INCREMENT=4 DEFAULT CHARSET=utf8 COLLATE=utf8_general_ci;

--
-- Dumping data for table `idplan_management_crown_year`
--


--
-- Table structure for table `idplan_management_family`
--

CREATE TABLE `idplan_management_family` (
  `id` int(11) NOT NULL AUTO_INCREMENT,
  `person_id` varchar(15) DEFAULT NULL,
  `family_prename` varchar(20) DEFAULT NULL,
  `family_name` varchar(100) DEFAULT NULL,
  `family_surname` varchar(150) DEFAULT NULL,
  `birth_date` date DEFAULT NULL,
  `family_type` varchar(5) DEFAULT NULL,
  PRIMARY KEY (`id`)
) ENGINE=MyISAM AUTO_INCREMENT=27 DEFAULT CHARSET=utf8 COLLATE=utf8_general_ci;

--
-- Dumping data for table `idplan_management_family`
--

INSERT INTO `idplan_management_family` VALUES (9,'1349900653489','นาย','เสถียร','จำเริญ','1962-12-29','1'),(10,'1349900653489','นาง','อุลัยพร','จำเริญ','1962-06-18','2'),(11,'1330300107507','นาย','บัวผัน','ปัตวงศ์','1967-04-03','1'),(12,'1103701931949','นาย','ปรีดา','อุระภูมิ','1971-03-15','1'),(13,'1103701931949','นางสาว','ประทับใจ','สร้อยแก้ว','1974-03-09','2'),(14,'1103701931949','เด็กหญิง','ปรางค์วลัย','ไชยรินทร์','2022-01-12','3'),(15,'1349900314773','นาย','ไพฑูรย์','ศิริบูรณ์','0000-00-00','1'),(16,'1451100204789','นาย','อำนวย','สิงห์ดงเมือง','1964-01-12','1'),(17,'1451100204789','นาง','รัตนา','สิงห์ดงเมือง','1968-09-22','2'),(18,'1451100204789','เด็กชาย','สิรวิชญ์','สารนาเรียง','2020-03-10','3'),(19,'3461200319215','นาย','สมบูรณ์','มีชัย','0000-00-00','1'),(20,'3461200319215','นาง','บท','มีชัย','0000-00-00','2'),(21,'1309901319477','นาง','วรรณภา','หิตะเกษม','1959-11-04','2'),(22,'1309901319477','นาย','ปิยะ','หิตะเกษม','1957-09-25','1'),(23,'1330400336834','นาย','สังวร','เรือนฝาง','0000-00-00','1'),(24,'1330400336834','นาง','พรทิพย์','ธงอาษา','1968-10-07','2'),(25,'3341501721307','นาย','บุญทัน','สุพะนานัย','0000-00-00','1'),(26,'3341501721307','นาง','ที','สุพะนานัย','0000-00-00','2');

--
-- Table structure for table `idplan_management_marry`
--

CREATE TABLE `idplan_management_marry` (
  `person_id` varchar(15) NOT NULL,
  `m_type` varchar(5) DEFAULT NULL,
  `m_prename` varchar(10) DEFAULT NULL,
  `m_name` varchar(50) DEFAULT NULL,
  `m_surname` varchar(150) DEFAULT NULL,
  PRIMARY KEY (`person_id`)
) ENGINE=MyISAM DEFAULT CHARSET=utf8 COLLATE=utf8_general_ci;

--
-- Dumping data for table `idplan_management_marry`
--

INSERT INTO `idplan_management_marry` VALUES ('1451100204789','2','นาย','เจนพจน์','สารนาเรียง'),('1342200061931','2','นางสาว','กมลชนก','ประสงค์เสียง'),('3461200319215','2','นาย','เฉลิมพล','จันทร์เพชร'),('3341501721307','2','','','');

--
-- Table structure for table `idplan_management_member`
--

CREATE TABLE `idplan_management_member` (
  `id` int(11) NOT NULL AUTO_INCREMENT,
  `person_id` varchar(15) DEFAULT NULL,
  `member_name` varchar(255) DEFAULT NULL,
  `member_number` varchar(30) DEFAULT NULL,
  PRIMARY KEY (`id`)
) ENGINE=MyISAM AUTO_INCREMENT=6 DEFAULT CHARSET=utf8 COLLATE=utf8_general_ci;

--
-- Dumping data for table `idplan_management_member`
--

INSERT INTO `idplan_management_member` VALUES (4,'1451100204789','สหกรณ์ออมทรัพย์ครูอุบลราชธานี','53511'),(5,'1349900314773','2','2');

--
-- Table structure for table `idplan_management_portfolio`
--

CREATE TABLE `idplan_management_portfolio` (
  `id` int(11) NOT NULL AUTO_INCREMENT,
  `person_id` varchar(15) DEFAULT NULL,
  `topic` varchar(200) DEFAULT NULL,
  `date` date DEFAULT NULL,
  `address` varchar(255) DEFAULT NULL,
  `pic_upload` varchar(50) DEFAULT NULL,
  PRIMARY KEY (`id`)
) ENGINE=MyISAM AUTO_INCREMENT=17 DEFAULT CHARSET=utf8 COLLATE=utf8_general_ci;

--
-- Dumping data for table `idplan_management_portfolio`
--

INSERT INTO `idplan_management_portfolio` VALUES (16,'1330300107507','ครูผู้สอนนักเรียน ได้รับรางวัลระดับเหรียญเงิน กิจกรรมการปั้นดินน้ำมัน ระดับชั้น ปฐมวัย','2019-12-12','คณะกรรมการการศึกษาขั้นพื้นฐาน กระทรวงศึกษาธิการ','202211031667444274.jpg');

--
-- Table structure for table `idplan_management_vitaya`
--

CREATE TABLE `idplan_management_vitaya` (
  `id` int(11) NOT NULL AUTO_INCREMENT,
  `person_id` varchar(15) DEFAULT NULL,
  `vitaya_name` varchar(250) DEFAULT NULL,
  `vitaya_shot` varchar(50) DEFAULT NULL,
  `vitaya_date` date DEFAULT NULL,
  PRIMARY KEY (`id`)
) ENGINE=MyISAM AUTO_INCREMENT=10 DEFAULT CHARSET=utf8 COLLATE=utf8_general_ci;

--
-- Dumping data for table `idplan_management_vitaya`
--

INSERT INTO `idplan_management_vitaya` VALUES (8,'1330300107507','ชำนาญการ','คศ.2','2022-07-20'),(9,'3341501721307','ชำนาญการพิเศษ','ชนพ.','0000-00-00');

--
-- Table structure for table `idplan_permission`
--

CREATE TABLE `idplan_permission` (
  `per_id` int(5) NOT NULL AUTO_INCREMENT,
  `person_id` char(15) DEFAULT NULL,
  `p1` int(2) DEFAULT NULL,
  `office` char(15) DEFAULT NULL,
  `rec_dat` date DEFAULT NULL,
  PRIMARY KEY (`per_id`)
) ENGINE=MyISAM AUTO_INCREMENT=53 DEFAULT CHARSET=utf8 COLLATE=utf8_general_ci;

--
-- Dumping data for table `idplan_permission`
--

INSERT INTO `idplan_permission` VALUES (36,'1103701931949',1,'1103701931949','2020-05-31'),(37,'1349900314773',1,'1103701931949','2022-11-03'),(39,'1342200061931',1,'1103701931949','2022-11-03'),(42,'1330300107507',1,'1103701931949','2022-11-03'),(43,'1349900193305',1,'1103701931949','2022-11-03'),(44,'1350600081252',1,'1103701931949','2022-11-03'),(45,'1330800272981',1,'1103701931949','2022-11-03'),(47,'3341501721307',1,'1349900314773','2022-11-03'),(48,'1341600131196',1,'1349900314773','2022-11-03'),(50,'3341500001564',1,'1349900314773','2022-11-03'),(52,'3340700461754',1,'1349900314773','2022-11-03');

--
-- Table structure for table `idplan_person_sch_profile`
--

CREATE TABLE `idplan_person_sch_profile` (
  `person_id` varchar(15) NOT NULL,
  `birth_date` date DEFAULT NULL,
  `f_date` date DEFAULT NULL,
  `vittaya` varchar(50) DEFAULT NULL,
  `work_old` int(3) DEFAULT NULL,
  `at_home` varchar(10) DEFAULT NULL,
  `moo` varchar(3) DEFAULT NULL,
  `tambun` varchar(50) DEFAULT NULL,
  `ampher` varchar(50) DEFAULT NULL,
  `province` varchar(70) DEFAULT NULL,
  `postcode` varchar(10) DEFAULT NULL,
  `home_phone` varchar(15) DEFAULT NULL,
  `mobile` varchar(15) DEFAULT NULL,
  `salary` int(10) DEFAULT NULL,
  `emoluments` int(10) DEFAULT NULL,
  `money_of_position` int(10) DEFAULT NULL,
  `m_type` varchar(5) DEFAULT NULL,
  `update_date` date DEFAULT NULL,
  PRIMARY KEY (`person_id`)
) ENGINE=MyISAM DEFAULT CHARSET=utf8 COLLATE=utf8_general_ci;

--
-- Dumping data for table `idplan_person_sch_profile`
--

INSERT INTO `idplan_person_sch_profile` VALUES ('1349900314773','2532-05-10','2560-12-06','-',5,'87','1','ค้อน้อย','สำโรง','อุบลราชธานี','','-','0615102405',15000,0,0,'1','2022-11-03'),('3341600861255',NULL,NULL,NULL,NULL,NULL,NULL,NULL,NULL,NULL,NULL,NULL,NULL,NULL,NULL,NULL,NULL,NULL),('1341000179546',NULL,NULL,NULL,NULL,NULL,NULL,NULL,NULL,NULL,NULL,NULL,NULL,NULL,NULL,NULL,NULL,NULL),('1103701931949','1995-12-25','2018-11-26','ครู',4,'75','7','นาเวียง','ทรายมูล','ยโสธร','','','0942918986',19620,0,0,'','2022-11-03'),('1349900653489','1994-09-22','2018-11-26','',4,'12','','วารินชำราบ','วารินชำราบ','อุบลราชธานี','','','0945302391',19900,0,0,'1','2022-11-03'),('1451100204789','2536-11-23','2563-01-13','',2,'123','9','มะอึ','ธวัชบุรี','ร้อยเอ็ด','','','',17900,0,0,'2','2022-11-03'),('1350600081252',NULL,NULL,NULL,NULL,NULL,NULL,NULL,NULL,NULL,NULL,NULL,NULL,NULL,NULL,NULL,NULL,NULL),('1309901319477','1996-09-09','2021-05-07','',1,'135','1','เมืองปัก','ปักธงชัย','นครราชสีมา','','-','0988974920',16520,0,0,'1','2022-11-04'),('3341500018921',NULL,NULL,NULL,NULL,NULL,NULL,NULL,NULL,NULL,NULL,NULL,NULL,NULL,NULL,NULL,NULL,NULL),('1342200061931','1992-01-06','2016-12-01','',6,'51','14','ค้อน้อย','สำโรง','อุบลราชธานี','','','0633027599',22,0,0,'2','2022-11-04'),('3340700461754','1983-11-10','2018-11-26','',4,'327','2','แสนสุข','วารินชำราบ','อุบลราชธานี','','','0883558498',18730,0,0,'1','2022-11-03'),('1330300107507','1988-01-17','2014-07-16','คศ.2',8,'28/1','7','หนองหัวช้าง','กันทรารมย์','ศรีสะเกษ','','-','0984785238',26930,0,3500,'1','2022-11-03'),('3461200319215','0000-00-00','2530-09-01','ครูชำนาญการพิเศษ',35,'279','7','โคกสว่าง','สำโรง','อุบลราชธานี','','-','0892851664',65060,5600,5600,'2','2022-11-04'),('1330400336834','0000-00-00','0000-00-00','',0,'','','','','','','','',0,0,0,'','2022-11-08'),('3341501721307','1975-10-19','2006-08-16','ชำนาญการพิเศษ',19,'167','7','โคกสว่าง','สำโรง','อุบลราชธานี','','0887260247','0885743750',49150,5600,5600,'2','2022-12-16'),('1341600131196','1988-03-06','2017-12-29','-',5,'5','4','ดอนเมย','เมือง','อำนาจเจริญ','','','0956022898',20820,0,0,'1','2022-12-13'),('1330800272981',NULL,NULL,NULL,NULL,NULL,NULL,NULL,NULL,NULL,NULL,NULL,NULL,NULL,NULL,NULL,NULL,NULL),('3341500026761',NULL,NULL,NULL,NULL,NULL,NULL,NULL,NULL,NULL,NULL,NULL,NULL,NULL,NULL,NULL,NULL,NULL),('1341500170742',NULL,NULL,NULL,NULL,NULL,NULL,NULL,NULL,NULL,NULL,NULL,NULL,NULL,NULL,NULL,NULL,NULL),('1349900193305',NULL,NULL,NULL,NULL,NULL,NULL,NULL,NULL,NULL,NULL,NULL,NULL,NULL,NULL,NULL,NULL,NULL);

--
-- Table structure for table `la_cancel`
--

CREATE TABLE `la_cancel` (
  `id` int(11) NOT NULL AUTO_INCREMENT,
  `person_id` varchar(13) NOT NULL,
  `la_type` tinyint(4) NOT NULL,
  `write_at` varchar(100) DEFAULT NULL,
  `permission_start` date NOT NULL,
  `permission_finish` date NOT NULL,
  `permission_total` int(11) NOT NULL,
  `because` varchar(200) NOT NULL,
  `cancel_la_start` date NOT NULL,
  `cancel_la_finish` date NOT NULL,
  `cancel_la_total` int(11) NOT NULL,
  `no_comment` int(11) NOT NULL DEFAULT 0,
  `grant_p_selected` varchar(13) DEFAULT NULL,
  `rec_date` datetime NOT NULL,
  `officer_comment` varchar(200) DEFAULT NULL,
  `officer_sign` varchar(13) DEFAULT NULL,
  `officer_date` datetime DEFAULT NULL,
  `group_comment` varchar(100) DEFAULT NULL,
  `group_sign` varchar(13) DEFAULT NULL,
  `group_date` datetime DEFAULT NULL,
  `comment_date` datetime DEFAULT NULL,
  `commander_grant` tinyint(4) DEFAULT NULL,
  `commander_comment` varchar(100) DEFAULT NULL,
  `commander_sign` varchar(13) DEFAULT NULL,
  `grant_date` datetime DEFAULT NULL,
  PRIMARY KEY (`id`)
) ENGINE=MyISAM AUTO_INCREMENT=2 DEFAULT CHARSET=utf8 COLLATE=utf8_general_ci;

--
-- Dumping data for table `la_cancel`
--


--
-- Table structure for table `la_collect`
--

CREATE TABLE `la_collect` (
  `id` int(11) NOT NULL AUTO_INCREMENT,
  `year` int(11) NOT NULL,
  `person_id` varchar(13) NOT NULL,
  `collect_day` tinyint(4) NOT NULL DEFAULT 0,
  `this_year_day` tinyint(4) NOT NULL DEFAULT 0,
  `officer` varchar(13) DEFAULT NULL,
  `rec_date` date DEFAULT NULL,
  PRIMARY KEY (`id`)
) ENGINE=MyISAM DEFAULT CHARSET=utf8 COLLATE=utf8_general_ci;

--
-- Dumping data for table `la_collect`
--


--
-- Table structure for table `la_main`
--

CREATE TABLE `la_main` (
  `id` int(11) NOT NULL AUTO_INCREMENT,
  `person_id` varchar(13) NOT NULL,
  `la_type` tinyint(4) NOT NULL,
  `write_at` varchar(100) DEFAULT NULL,
  `because` varchar(250) DEFAULT NULL,
  `la_start` date NOT NULL,
  `la_finish` date NOT NULL,
  `la_total` int(11) NOT NULL,
  `last_la_start` date DEFAULT NULL,
  `last_la_finish` date DEFAULT NULL,
  `last_la_total` int(11) DEFAULT NULL,
  `contact` varchar(150) DEFAULT NULL,
  `contact_tel` varchar(20) DEFAULT NULL,
  `document` varchar(100) DEFAULT NULL,
  `no_comment` tinyint(4) NOT NULL DEFAULT 0,
  `grant_p_selected` varchar(13) DEFAULT NULL,
  `sick_ago` int(11) DEFAULT NULL,
  `sick_this` int(11) DEFAULT NULL,
  `sick_total` int(11) DEFAULT NULL,
  `privacy_ago` int(11) DEFAULT NULL,
  `privacy_this` int(11) DEFAULT NULL,
  `privacy_total` int(11) DEFAULT NULL,
  `birth_ago` int(11) DEFAULT NULL,
  `birth_this` int(11) DEFAULT NULL,
  `birth_total` int(11) DEFAULT NULL,
  `relax_ago` int(11) DEFAULT NULL,
  `relax_this` int(11) DEFAULT NULL,
  `relax_total` int(11) DEFAULT NULL,
  `relax_collect` tinyint(4) DEFAULT NULL,
  `relax_this_year` tinyint(4) DEFAULT NULL,
  `job_person` varchar(13) DEFAULT NULL,
  `job_person_sign` tinyint(4) NOT NULL DEFAULT 0,
  `rec_date` datetime NOT NULL,
  `officer_comment` varchar(200) DEFAULT NULL,
  `officer_sign` varchar(13) DEFAULT NULL,
  `officer_date` datetime DEFAULT NULL,
  `group_comment` varchar(100) DEFAULT NULL,
  `group_sign` varchar(13) DEFAULT NULL,
  `group_date` datetime DEFAULT NULL,
  `comment_date` datetime DEFAULT NULL,
  `commander_grant` tinyint(4) DEFAULT NULL,
  `commander_comment` varchar(100) DEFAULT NULL,
  `commander_sign` varchar(13) DEFAULT NULL,
  `grant_date` datetime DEFAULT NULL,
  PRIMARY KEY (`id`)
) ENGINE=MyISAM AUTO_INCREMENT=23 DEFAULT CHARSET=utf8 COLLATE=utf8_general_ci;

--
-- Dumping data for table `la_main`
--

INSERT INTO `la_main` VALUES (22,'1309901319477',1,'โรงเรียนบ้านสระดอกเกษ','มีอาการอาหารเป็นพิษ','2023-08-15','2023-08-15',1,'2023-08-15','2023-08-15',1,'135 ม.1 ถ.นิวาสวัฒนกิจ ต.เมืองปัก อ.ปักธงชัย จ.นครราชสีมา 30150','098-8974920','',0,'',0,1,1,0,0,0,0,0,0,NULL,NULL,NULL,NULL,NULL,NULL,0,'2023-08-17 10:03:18',NULL,NULL,NULL,NULL,NULL,NULL,NULL,NULL,NULL,NULL,NULL),(21,'1330400336834',2,'โรงเรียนบ้านสระดอกเกษ','พาลูกพบแพทย์ตามนัด','2023-07-06','2023-07-06',1,'2023-07-10','2023-07-10',0,'21 หมู่10 ต.ท่าคล้อ อ.เบญจลักษ์ จ.ศรีสะเกษ','0918306667','',0,'3341501721307',0,0,0,0,1,1,0,0,0,NULL,NULL,NULL,NULL,NULL,NULL,0,'2023-07-10 16:37:14',NULL,NULL,NULL,NULL,NULL,NULL,NULL,NULL,NULL,NULL,NULL),(20,'1330800272981',1,'โรงเรียนบ้านสระดอกเกษ','มีอาการปวดหัวเเละมีไข้','2023-07-10','2023-07-10',1,'2023-07-10','2023-07-10',1,'บ้านตำหนักไทร หมู่ที่ 7 ต.บักดอง อ.ขุนหาญ จ.ศรีสะเกษ','0934312982','',0,'3341501721307',0,0,0,0,0,0,0,0,0,NULL,NULL,NULL,NULL,NULL,NULL,0,'2023-07-10 07:52:07',NULL,NULL,NULL,NULL,NULL,NULL,NULL,NULL,NULL,NULL,NULL),(19,'1341000179546',2,'โรงเรียนบ้านสระดอกเกษ','เดินทางไปร่วมงานศพคุณยาย','2023-06-22','2023-06-23',2,'2023-06-27','2023-06-27',0,'0990674327','','',0,'',0,0,0,0,0,0,0,0,0,NULL,NULL,NULL,NULL,NULL,NULL,0,'2023-06-27 12:51:17',NULL,NULL,NULL,NULL,NULL,NULL,NULL,NULL,NULL,NULL,NULL),(18,'1309901319477',2,'โรงเรียนบ้านสระดอกเกษ','บิดาของข้าพเจ้าได้เสียชีวิต','2023-05-22','2023-05-26',5,'2023-05-22','2023-05-26',5,'วัดกลางปักธงชัย ต.เมืองปัก อ.ปักธงชัย จ.นครราชสีมา 30150','098-8974920','',0,'3341501721307',0,0,0,0,5,5,0,0,0,NULL,NULL,NULL,NULL,NULL,NULL,0,'2023-06-11 15:56:19',NULL,NULL,NULL,NULL,NULL,NULL,NULL,NULL,NULL,NULL,NULL),(17,'1350600081252',2,' อำเภอมหาชนะชัย จังหวัดยโสธร','ไปพบแพทย์ตามนัด','2022-11-21','2022-11-21',1,'2022-11-14','2022-11-14',1,'33หมู่2ต.โนนทรายอ.มหาชนะชัย จ.ยโสธร','0650355005','modules/la/upload_files/doc_166894511613871.jpg',0,'3341501721307',0,0,0,1,1,2,0,0,0,NULL,NULL,NULL,NULL,NULL,NULL,0,'2022-11-20 18:51:56',NULL,NULL,NULL,NULL,NULL,NULL,NULL,NULL,NULL,NULL,NULL),(16,'1350600081252',2,'14 พฤศจิกายน 2565','บุตรชายประสบอุบัติเหตุเข้ารับผ่าตัด','2022-11-14','2022-11-14',1,'2022-11-14','2022-11-14',1,'33 หมู่2 บ้านแดง ตำบลโนนทราย อำเภอมหาชนะชัย จังหวัดยโสธร','0650355005','',0,'3341501721307',0,0,0,0,0,0,0,0,0,NULL,NULL,NULL,NULL,NULL,NULL,0,'2022-11-14 08:22:09',NULL,NULL,NULL,NULL,NULL,NULL,NULL,NULL,NULL,NULL,NULL),(15,'1349900152749',1,'โรงเรียนบ้านสระดอกเกษ','มีนัดผ่าตัดเนื้องอกในจมูก หลังผ่าตัดจะมีอาการบวม จึงขอลาหยุด','2014-05-19','2014-05-20',2,'2014-05-16','2014-05-16',0,'บ้านเลขที่ 244/7 ต.โคกสว่าง อ.สำโรง จ.อุบลราชธานี 34360','0878646307','',0,'',0,0,0,0,0,0,0,0,0,NULL,NULL,NULL,NULL,NULL,NULL,0,'2014-05-16 10:31:57',NULL,NULL,NULL,NULL,NULL,NULL,NULL,1,NULL,'3341501264224','2020-01-10 19:08:49'),(14,'3349900126558',2,'124  หมู่ 10  ต.ป่าโมง  อ.เดชอุดม  จ.อุบลราชธานี','เดินทางไปส่งบุตรสาวไปต่างประเทศที่สนามบินสุวรรณภูมิ','2014-03-28','2014-03-28',1,'2014-03-28','2014-03-28',0,'กทม.','0881235435','',0,'',0,0,0,0,0,0,0,0,0,NULL,NULL,NULL,NULL,NULL,NULL,0,'2014-03-28 13:17:56',NULL,NULL,NULL,NULL,NULL,NULL,NULL,1,NULL,'3341501264224','2020-01-10 19:08:49');

--
-- Table structure for table `la_permission`
--

CREATE TABLE `la_permission` (
  `id` int(11) NOT NULL AUTO_INCREMENT,
  `person_id` varchar(13) NOT NULL,
  `p1` tinyint(4) NOT NULL,
  `officer` varchar(13) NOT NULL,
  `rec_date` date NOT NULL,
  PRIMARY KEY (`id`)
) ENGINE=MyISAM AUTO_INCREMENT=4 DEFAULT CHARSET=utf8 COLLATE=utf8_general_ci;

--
-- Dumping data for table `la_permission`
--

INSERT INTO `la_permission` VALUES (1,'3341501721307',1,'1349900314773','2022-11-15'),(3,'1349900314773',0,'1349900314773','2022-11-15');

--
-- Table structure for table `la_person_set`
--

CREATE TABLE `la_person_set` (
  `id` int(11) NOT NULL AUTO_INCREMENT,
  `person_id` varchar(13) NOT NULL,
  `comment_person` varchar(13) DEFAULT NULL,
  `grant_person` varchar(13) DEFAULT NULL,
  `officer` varchar(13) DEFAULT NULL,
  `rec_date` date DEFAULT NULL,
  PRIMARY KEY (`id`),
  UNIQUE KEY `person_id` (`person_id`)
) ENGINE=MyISAM AUTO_INCREMENT=20 DEFAULT CHARSET=utf8 COLLATE=utf8_general_ci;

--
-- Dumping data for table `la_person_set`
--

INSERT INTO `la_person_set` VALUES (1,'3341500367682','','3341501264224','3341501264224','2014-03-11'),(2,'3341500018921','','3341501264224','3341501264224','2014-03-11'),(3,'3430500228524','','3341501264224','3341501264224','2014-03-11'),(4,'1330800123561','','3341501264224','3341501264224','2014-03-11'),(5,'3349900126558','','3341501264224','3341501264224','2014-03-11'),(6,'3341600861255','','3341501264224','3341501264224','2014-03-11'),(7,'5349990023237','','3341501264224','3341501264224','2014-03-11'),(8,'3341901446796','','3341501264224','3341501264224','2014-03-11'),(9,'3349800101758','','3341501264224','3341501264224','2014-03-11'),(10,'3341501264224','','3341501264224','3341501264224','2014-03-11'),(11,'3341500039472','','3341501264224','3341501264224','2014-03-11'),(12,'3349900238771','','3341501264224','3341501264224','2014-03-11'),(13,'1341500008635','','3341501264224','3341501264224','2014-03-11'),(14,'3341100646851','','3341501264224','3341501264224','2014-03-11'),(15,'3461200319215','','3341501721307','1349900314773','2022-11-15'),(16,'3609900921436','','3341501264224','3341501264224','2014-03-11'),(17,'1349900152749','','3341501264224','3341501264224','2014-03-11'),(18,'1342100041351','','3341501264224','3341501264224','2014-03-11'),(19,'5342290009561','','3341501264224','3341501264224','2014-03-11');

--
-- Table structure for table `la_year`
--

CREATE TABLE `la_year` (
  `id` int(11) NOT NULL AUTO_INCREMENT,
  `budget_year` int(11) NOT NULL,
  `year_active` tinyint(1) NOT NULL,
  PRIMARY KEY (`id`),
  UNIQUE KEY `budget_year` (`budget_year`)
) ENGINE=MyISAM AUTO_INCREMENT=5 DEFAULT CHARSET=utf8 COLLATE=utf8_general_ci;

--
-- Dumping data for table `la_year`
--

INSERT INTO `la_year` VALUES (1,2557,0),(2,2563,0),(3,2566,0),(4,2568,1);

--
-- Table structure for table `mail_filebook`
--

CREATE TABLE `mail_filebook` (
  `id` int(11) NOT NULL AUTO_INCREMENT,
  `ref_id` varchar(50) NOT NULL,
  `file_name` varchar(100) NOT NULL,
  `file_des` varchar(100) NOT NULL,
  PRIMARY KEY (`id`)
) ENGINE=MyISAM AUTO_INCREMENT=148 DEFAULT CHARSET=utf8 COLLATE=utf8_general_ci;

--
-- Dumping data for table `mail_filebook`
--

INSERT INTO `mail_filebook` VALUES (1,'33415012642241394089580','33415012642241394089580_1.docx','คะแนน คอม ป.6'),(2,'13499001527491394434590','13499001527491394434590_1.jpg','รูปแห่เทียน'),(111,'33499002387711417169403','33499002387711417169403_1.doc','แผนปฏิบัติการ 55'),(4,'13499001527491394434788','13499001527491394434788_1.jpg','อิอิ'),(5,'34305002285241394435044','34305002285241394435044_1.jpg','รูปภาพประชุม'),(6,'13308001235611394435024','13308001235611394435024_1.jpg','จำได้มั้ยคะ'),(7,'53499900232371394435172','53499900232371394435172_1.jpg','สระดอกเกษ'),(8,'33415000394721394435365','33415000394721394435365_1.jpg','รูปอบรม'),(9,'34305002285241394435535','34305002285241394435535_1.jpg','รูปภาพ'),(10,'33415000394721394436642','33415000394721394436642_1.jpg','รูป'),(11,'33415000394721394436642','33415000394721394436642_1.jpg','รูป'),(12,'33415000394721394436806','33415000394721394436806_1.jpg','เยี่ยมบ้าน'),(13,'34612003192151394437194','34612003192151394437194_1.jpg','จิตอาสา'),(14,'34612003192151394438083','34612003192151394438083_2.jpg','ภาพจิตอาสา'),(15,'34612003192151394438343','34612003192151394438343_1.jpg','ภาพจิตอาสา'),(16,'34612003192151394438475','34612003192151394438475_1.jpg','รูป'),(17,'13421000413511394504943','13421000413511394504943_1.doc','ตารางสอบ2/2556'),(18,'33416008612551394505031','33416008612551394505031_1.pdf','ส่งคู่มือโปรแกรม smss'),(108,'33416008612551412478944','33416008612551412478944_1.xlsx','คะแนน กอท'),(109,'13499001527491415068788','13499001527491415068788_1.docx','บันทึกข้อความ'),(110,'33499002387711417169363','33499002387711417169363_1.doc','รายงานโครงการ'),(20,'33499002387711395822791','33499002387711395822791_1.xlsx','สรุปผลสัมฤทธิ์ทางการเรียน ปีการศึกษา 2556'),(106,'33415000394721412230331','33415000394721412230331_1.xls','ปพ4.ป.3'),(107,'33415000394721412230331','33415000394721412230331_1.xls','ปพ4.ป.3'),(103,'33499002387711412227119','33499002387711412227119_5.xls','ปพ.4 ป.5'),(104,'33415000394721412230129','33415000394721412230129_1.xls','ปพ.4'),(105,'33415000394721412230331','33415000394721412230331_1.xls','ปพ4.ป.3'),(101,'33499002387711412227119','33499002387711412227119_3.xls','ปพ.4 ป.3'),(102,'33499002387711412227119','33499002387711412227119_4.xls','ปพ.4 ป.4'),(125,'33415003676821428657376','33415003676821428657376_1.doc','โครงการ ครูไพลิน'),(99,'33499002387711412227119','33499002387711412227119_1.xls','ปพ.4 ป.1'),(100,'33499002387711412227119','33499002387711412227119_2.xls','ปพ.4 ป.2'),(93,'33499002387711412226501','33499002387711412226501_1.xls','ป.6'),(124,'33415003676821428657145','33415003676821428657145_1.doc','โครงการ ครูทองใบ'),(91,'33499002387711404800053','33499002387711404800053_2.docx','จุดเน้นที่ 1'),(92,'33499002387711412226096','33499002387711412226096_1.xls','โปรแกรม ปพ.4'),(89,'33499002387711404798153','33499002387711404798153_1.doc','คู่มือ 9 จุดเน้น'),(90,'33499002387711404800053','33499002387711404800053_1.doc','จุดเน้นที่ 1'),(87,'13499001527491404264965','13499001527491404264965_4.doc','ตัวอย่างIIP'),(88,'33499002387711404456536','33499002387711404456536_1.doc','แผนปฏิบัติการ 57'),(85,'13499001527491404264965','13499001527491404264965_2.doc','แบบฟอร์ม IIP'),(86,'13499001527491404264965','13499001527491404264965_3.doc','ตัวอย่างIEP'),(83,'33499002387711403678678','33499002387711403678678_1.doc','รายงานผลการเยี่ยมบ้าน'),(84,'13499001527491404264965','13499001527491404264965_1.doc','แบบฟอร์ม IEP'),(81,'33499002387711403664304','33499002387711403664304_1.doc','คำใหม่ ป.6'),(82,'36099009214361403669715','36099009214361403669715_1.docx','ไฟล์'),(79,'33499002387711403664208','33499002387711403664208_1.doc','คำใหม่ ป.4'),(80,'33499002387711403664266','33499002387711403664266_1.doc','คำใหม่ ป.5'),(77,'33499002387711403664117','33499002387711403664117_1.doc','คำใหม่ ป.2'),(78,'33499002387711403664165','33499002387711403664165_1.doc','คำใหม่ ป.3'),(75,'33499002387711403604578','33499002387711403604578_1.docx','MOU'),(76,'33499002387711403664038','33499002387711403664038_1.doc','คำใหม่ ป.1'),(74,'33499002387711403061473','33499002387711403061473_1.xlsx','บัตรบันทึกการตรวจสุขภาพนักเรียน'),(36,'33415003676821395977498','33415003676821395977498_1.doc','โครงการต่อเนื่อง'),(112,'33499002387711420446629','33499002387711420446629_1.docx','ประวัติการอบรมสัมมนา'),(72,'53499900232371400574962','53499900232371400574962_1.doc','ไม่มีคำอธิบาย'),(73,'33499002387711400666018','33499002387711400666018_1.docx','เอกสารประกอบการทึกประชุมเครือข่ายผู้ปกครอง'),(39,'13421000413511395981894','13421000413511395981894_1.xls','รายชื่อ อนุบาล1 ปี 57'),(40,'33411006468511395981104','33411006468511395981104_1.docx','งบโครงการ'),(41,'33415003676821395982424','33415003676821395982424_1.doc','โครงการ'),(42,'33415003676821395982424','33415003676821395982424_2.docx','โครงการ'),(43,'33415003676821395982424','33415003676821395982424_3.docx','งบประมาณ'),(44,'53499900232371395990351','53499900232371395990351_1.docx','ไม่มีคำอธิบาย'),(45,'13421000413511395991514','13421000413511395991514_1.docx','มฐ11'),(46,'13499001527491395991665','13499001527491395991665_1.docx','มาตรฐาน 6'),(47,'33415000189211395991979','33415000189211395991979_1.docx','มฐ 3'),(48,'33415000189211395991979','33415000189211395991979_2.docx','มฐ 13'),(49,'33415000189211395991979','33415000189211395991979_3.docx','มฐ 15'),(50,'53499900232371395992971','53499900232371395992971_1.docx','ไม่มี'),(51,'53499900232371395993154','53499900232371395993154_1.docx','ไม่มี'),(52,'33415003676821396688167','33415003676821396688167_1.xls','แบบรายงานการรับนักเรียน'),(53,'33499001265581397007129','33499001265581397007129_1.docx','มฐ.1'),(54,'33499001265581397007129','33499001265581397007129_2.docx','มฐ.2'),(55,'33499001265581397007129','33499001265581397007129_3.docx','มฐ.3'),(56,'33499001265581397007383','33499001265581397007383_1.docx','มฐ.4'),(57,'33499001265581397007383','33499001265581397007383_2.docx','สรุปผลการประเมิน'),(58,'33499001265581397007383','33499001265581397007383_3.xlsx','สรุปผลการประเมิน'),(59,'33499001265581397007383','33499001265581397007383_4.docx','บัญชีรายชื่อเด็ก57'),(60,'33499002387711397736004','33499002387711397736004_1.xls','แจ้งตารางเรียน ตารางสอน ปีการศึกษา 2557'),(61,'33415000394721397794878','33415000394721397794878_1.jpg','คู่หวาน'),(62,'33415000394721397794878','33415000394721397794878_2.jpg','คู่รัก'),(63,'33415000394721397794878','33415000394721397794878_3.jpg','คู่สร้าง'),(64,'33415000394721397794878','33415000394721397794878_4.jpg','คู่สม'),(65,'33499002387711399450936','33499002387711399450936_1.docx','อีเมลล์ของคณะครูทุกคน'),(66,'33416008612551399607389','33416008612551399607389_1.xls','จำนวนนักเรียน นน/สส ภาคเรียนที่ 1'),(67,'33416008612551399607389','33416008612551399607389_2.xls','จำนวนนักเรียน นน/สส ภาคเรียนที่ 2'),(68,'33416008612551399607389','33416008612551399607389_3.xls','ภาวะโภชนาการแยกรายห้องภาคเรียนที่1'),(69,'33499002387711399614506','33499002387711399614506_1.doc','คำสั่ง'),(70,'33499002387711399965874','33499002387711399965874_1.xls','รายชื่อนักเรียน อ.1 ป.1 ม.1'),(71,'33499002387711400501923','33499002387711400501923_1.xls','รายชื่อนักเรียน ปีการศึกษา 2557'),(113,'33499002387711421722772','33499002387711421722772_1.xls','ตารางเรียนปรับใหม่ 57'),(114,'36099009214361422244272','36099009214361422244272_1.doc','บัญชีลงเวลา'),(115,'33499002387711422619980','33499002387711422619980_1.xlsx','คะแนน O-Net'),(116,'33499002387711422619980','33499002387711422619980_2.xlsx','UP O-Net ป.6'),(117,'36099009214361424326636','36099009214361424326636_1.doc','สิ่งที่ส่งมาด้วย'),(118,'33499002387711425682423','33499002387711425682423_1.docx','แบบบันทึกบทเรียนความสำเร็จ'),(119,'13499001527491427357067','13499001527491427357067_1.doc','pdca'),(120,'33499002387711427424333','33499002387711427424333_1.doc','ตัวอย่างรายงานโครงการ'),(121,'33499002387711427424333','33499002387711427424333_2.doc','แผนปฏิบัติการ57'),(122,'13415000086351428593922','13415000086351428593922_1.doc','doc'),(126,'33415003676821428658258','33415003676821428658258_1.doc','โครงการ ครูพัชรี'),(127,'33415003676821428659975','33415003676821428659975_1.doc','โครงการ ครูวัชรา'),(128,'33415003676821428660377','33415003676821428660377_1.doc','โครงการ ครูพัชรี'),(129,'33415003676821428660769','33415003676821428660769_1.doc','โครงการ ครูไพลิน'),(130,'13308001235611428713557','13308001235611428713557_1.docx','โครงการพัฒนาคุณภาพการคิดของผู้เรียน'),(131,'13308001235611428713557','13308001235611428713557_2.docx','โครงการยกระดับคุณภาพการศึกษาพัฒนาผลสัมฤทธิ์'),(132,'13308001235611428715287','13308001235611428715287_1.rar','x'),(133,'13308001235611428715287','13308001235611428715287_2.rar','x'),(134,'33499001265581428738167','33499001265581428738167_1.docx','รายงานตามเอกสาร'),(135,'33499001265581428738167','33499001265581428738167_2.docx','รายงานตามเอกสาร'),(136,'33499002387711429168886','33499002387711429168886_1.xlsx','ภาคเรียนที่ 1- 2557'),(137,'33499002387711429168886','33499002387711429168886_2.xlsx','ภาคเรียนที่ 2- 2557'),(138,'33415003676821429780223','33415003676821429780223_1.xls','แบบรายงานการรับนักเรียน ปี ๒๕๕๘'),(139,'33415003676821429781483','33415003676821429781483_1.xls','สรุปน้ำหนัก สวนสูงของนักเรียน'),(140,'13308001235611431438440','13308001235611431438440_1.xlsx','ผลสัมฤทธิ์ทางการเรียน ภาคเรียนที่ 1/2557'),(141,'33499002387711434008202','33499002387711434008202_1.doc','หนังสือขออนุญาต'),(142,'33499002387711434416758','33499002387711434416758_1.xls','ข้อมูลปริมาณงาน 10 มิ.ย.58'),(143,'33499002387711435126487','33499002387711435126487_1.docx','นโยบาย ๙ จุดเน้น'),(144,'33499002387711435126487','33499002387711435126487_2.docx','แบบรายงาน ๙ จุดเน้น'),(145,'33499002387711435314437','33499002387711435314437_1.doc','แผนปฏิบัติการ 2558'),(146,'33415003676821495438115','33415003676821495438115_1.xls','รายชื่อในสมุดงาน 2'),(147,'33415003676821501835104','33415003676821501835104_1.docx','ครูดีในดวงใจ');

--
-- Table structure for table `mail_group`
--

CREATE TABLE `mail_group` (
  `grp_id` int(11) NOT NULL AUTO_INCREMENT,
  `grp_name` varchar(50) NOT NULL,
  PRIMARY KEY (`grp_id`)
) ENGINE=MyISAM DEFAULT CHARSET=utf8 COLLATE=utf8_general_ci;

--
-- Dumping data for table `mail_group`
--


--
-- Table structure for table `mail_group_member`
--

CREATE TABLE `mail_group_member` (
  `id` int(11) NOT NULL AUTO_INCREMENT,
  `grp_id` int(11) NOT NULL,
  `person_id` varchar(13) NOT NULL,
  PRIMARY KEY (`id`)
) ENGINE=MyISAM DEFAULT CHARSET=utf8 COLLATE=utf8_general_ci;

--
-- Dumping data for table `mail_group_member`
--


--
-- Table structure for table `mail_main`
--

CREATE TABLE `mail_main` (
  `ms_id` int(11) NOT NULL AUTO_INCREMENT,
  `sender` varchar(13) NOT NULL,
  `subject` varchar(150) NOT NULL,
  `detail` text DEFAULT NULL,
  `ref_id` varchar(50) NOT NULL,
  `send_date` datetime NOT NULL,
  PRIMARY KEY (`ms_id`),
  KEY `ref_id` (`ref_id`)
) ENGINE=MyISAM AUTO_INCREMENT=166 DEFAULT CHARSET=utf8 COLLATE=utf8_general_ci;

--
-- Dumping data for table `mail_main`
--

INSERT INTO `mail_main` VALUES (1,'3341501264224','ส่งคะแนนคอมฯ ป.ุ6','คะแนนป.6 ปลายปี วิชาคอมฯ','33415012642241394089580','2014-03-06 14:14:06'),(2,'3341500039472','การอบรม smss','การอบรมที่โรงเรียนบ้านหนองสองห้อง(วาริน)ระหว่างวันที่ 10-11มีนาคม 2557','33415000394721394434292','2014-03-10 13:54:28'),(3,'3609900921436','การอบรม smss','การอบรม smss ที่โรงเรียนบ้านหนองสองห้อง','36099009214361394434292','2014-03-10 13:54:34'),(4,'5349990023237','smss','การอบรม  smss  ที่โรงเรียนบ้านหนองสองห้อง','53499900232371394434292','2014-03-10 13:54:38'),(5,'3430500228524','การอบรม','การอบรม  SMSS  ที่โรงเรียนบ้านหนองสองห้อง','34305002285241394434356','2014-03-10 13:54:54'),(6,'3341501264224','การอบรมsmss','การอบรมsmss','33415012642241394434391','2014-03-10 13:54:57'),(7,'1330800123561','smss','อบรม smss','13308001235611394434479','2014-03-10 13:55:29'),(8,'3461200319215','การอบรม smss','การอบรมsmss ที่โรงเรียนหนองสองห้อง  ในวันที่ 10 -11 มีนาคม  2557','34612003192151394434292','2014-03-10 13:55:40'),(9,'1349900152749','อบรม smss','อบรมพร้อมรับเสื้อค่ะ','13499001527491394434309','2014-03-10 13:56:15'),(10,'1341500008635','การอบรม SMSS','การอบรม SMSS ที่โรงเรียนบ้านหนองสองห้อง','13415000086351394434298','2014-03-10 13:56:16'),(11,'1330800123561','สวัสดีคะ','สวัสดีคะ','13308001235611394434631','2014-03-10 13:58:09'),(12,'5349990023237','smss','อบรมโรงเรียนบ้านหนองสองห้อง','53499900232371394434652','2014-03-10 13:58:19'),(13,'1349900152749','รูป','รูปค่ะ','13499001527491394434590','2014-03-10 13:58:36'),(14,'3341501264224','การอบรมsmss','ให้ไปอบรมSMSSที่โรงรียนบ้านหนองสองห้อง','33415012642241394434594','2014-03-10 13:59:42'),(15,'3341500039472','การอบรม smss','การอบรม','33415000394721394434730','2014-03-10 13:59:52'),(16,'3430500228524','การอบรม','การอบรม  SMSSS  ที่โรงเรียนบ้านหนองสองห้อง','34305002285241394434703','2014-03-10 13:59:53'),(17,'3349800101758','อบรม','อบรมsmss','33498001017581394434709','2014-03-10 13:59:56'),(19,'1349900152749','ดีค่ะ','ใช้งานดีไหมค่ะ','13499001527491394434788','2014-03-10 14:02:18'),(20,'1330800123561','สวัสดีคะ','สวัสดีคะ ','13308001235611394434904','2014-03-10 14:02:32'),(21,'3349800101758','ประชุม','ารประชุมก','33498001017581394434855','2014-03-10 14:03:30'),(22,'1342100041351','การอบรมsmss','การอบรมในวันนี้','13421000413511394435052','2014-03-10 14:04:53'),(23,'1342100041351','อบรม','วันนี้ีอบรมsmss','13421000413511394435108','2014-03-10 14:05:46'),(24,'3430500228524','ส่งรูปภาพ','รูปภาพ','34305002285241394435044','2014-03-10 14:06:42'),(25,'1330800123561','ดีคะ','สวัสดีคะ ','13308001235611394435024','2014-03-10 14:07:20'),(26,'5349990023237','รูปภาพ','สระดอกเกษ','53499900232371394435172','2014-03-10 14:07:26'),(27,'3349900126558','การอบรมวันนี้','ดีใจที่ได้อบรม  ขอขอบคุณวิทยากรมากคะ','33499001265581394435129','2014-03-10 14:08:02'),(28,'3341600861255','การอบรมการใช้โปรแกรมบริหารจัดการสถานศึกษา (smss)','แจ้งข้าราชการครูและบุคลากรทางการศึกษาทุกคน เข้ารับการอบรมการใช้โปรแกรมบริหารจัดการสถานศึกษา (smss) ระหว่างวันที่  10-11 มีนาคม 2557  จัดโดย สพป อุบลราชธานี เขต4','33416008612551394435359','2014-03-10 14:11:41'),(29,'3341500039472','รูปอบรมสารคาม','รูปอบรม\r\n','33415000394721394435365','2014-03-10 14:12:23'),(30,'3430500228524','การส่งรูปภาพ','รูปภาพ','34305002285241394435535','2014-03-10 14:14:56'),(31,'3341500039472','รูป','อบรมสารคาม','33415000394721394436642','2014-03-10 14:32:58'),(32,'3341500039472','รูป','อบรมสารคาม','33415000394721394436642','2014-03-10 14:32:59'),(33,'3341500039472','รูป','รูป','33415000394721394436806','2014-03-10 14:38:14'),(34,'3461200319215','รูป','ภาพ','34612003192151394437194','2014-03-10 14:54:31'),(35,'3461200319215','รูป','รูป','34612003192151394438083','2014-03-10 14:56:38'),(36,'3461200319215','รูป','ภาพ','34612003192151394438343','2014-03-10 15:01:05'),(37,'3461200319215','รูป','รูป','34612003192151394438475','2014-03-10 15:02:44'),(38,'1342100041351','ตารางสอบ','ตารางสอบเทอม2','13421000413511394504943','2014-03-11 09:30:44'),(39,'3341600861255','คู่มือ การใช้โปรแกรม smss','ส่งคู่มือโปรแกรม smss','33416008612551394505031','2014-03-11 09:32:06'),(41,'3341500367682','การอบรม','อบรมวันที่14 vpjk]n,ot','33415003676821394507081','2014-03-11 10:06:05'),(42,'3430500228524','ตารางสอบ','รับทราบคะ','34305002285241394507426','2014-03-11 10:11:17'),(43,'5349990023237','ทราบ ตารางสอบ','ขอบคุณค่ะสำหรับตารางสอบ','53499900232371394510358','2014-03-11 11:00:08'),(44,'3341600861255','แต่งตั้ง admin ','แจ้งการแต่งตั้ง admin  งานข้อมูลพื้นฐ่านนักเรียน','33416008612551394510698','2014-03-11 11:06:37'),(45,'3341600861255','แต่งคั้ง admin','แจ้งแต่งตั้ง admin  ระบบการตรวจสุขภาพนักเรียน','33416008612551394510824','2014-03-11 11:08:03'),(46,'3341600861255','แต่งคั้ง admin','แจ้งการแต่งตั้ง  admin ระบบงานย่อย\r\nนางทองใบ อาจวิชัย  ระบบการตรวจสุขภาพนักเรียน\r\nนายธนิตชาติ  ทองมงคล  ระบบออมทรัพย์นักเรียน\r\nนายวัชราห์  มีโชติ  ระบบข้อมูลพื้นฐานครูและบุคลากร\r\nนางสุพี  ไชยสิทธิ์  ระบบข้อมูลพื้นฐานนักเรียน','33416008612551394510889','2014-03-11 11:11:21'),(47,'3341600861255','แต่งคั้ง admin','แจ้งการแต่งตั้ง  admin ระบบงานย่อย\r\nนางทองใบ อาจวิชัย  ระบบการตรวจสุขภาพนักเรียน\r\nนายธนิตชาติ  ทองมงคล  ระบบออมทรัพย์นักเรียน\r\nนายวัชราห์  มีโชติ  ระบบข้อมูลพื้นฐานครูและบุคลากร\r\nนางสุพี  ไชยสิทธิ์  ระบบข้อมูลพื้นฐานนักเรียน','33416008612551394510889','2014-03-11 11:11:53'),(94,'5349990023237','ทุน','ขอทุนการศึกษา','53499900232371400574962','2014-05-20 15:39:56'),(95,'3349900238771','แบบบันทึกประชุมเครือข่ายผู้ปกครอง','เอกสารประกอบการทึกประชุมเครือข่ายผู้ปกครอง','33499002387711400666018','2014-05-21 16:55:07'),(49,'3341501264224','ให้ออกแนะแนวพร่งนี้','ให้คณะออกแะแนวที่นาดีและสำโรงน้อย12มีนาคม','33415012642241394517039','2014-03-11 12:53:47'),(50,'3349900126558','เป็นห่วงAdmim','เหนื่อยไหมคะอบรมวันนี้  ข้อมูลเยอะจัง','33499001265581394523077','2014-03-11 14:33:49'),(51,'3349900238771','ผลสัมฤทธิ์ทางการเรียน ปีการศึกษา 2556','สรุปผลสัมฤทธิ์ทางการเรียน นักเรียนตั้งแต่ชั้น ป.1 - ม.3 ภาคเรียนที่ 2 ปีการศึกษา 2556 ','33499002387711395822791','2014-03-26 15:35:13'),(98,'3341500018921','ขอความอนุเคราะห์','เรียน. ผู้อำนวยการโรงเรียน\r\n          ด้วยขณะนี้เครื่องปริ้นฝ่ายบริหารทั่วไปใช้งานไม่ได้ ทำให้งานไม่เดิน ขอความอนุเคราะห์ 1 เครื่องเพื่อใช้งานทั่วไป แบบสเป็คเฉพาะปริ้นและถ่ายเอกสารได้\r\n        จึงเรียนมาเพื่อโปรดอนุมัติ\r\n ','33415000189211402889247','2014-06-16 10:33:47'),(97,'5349990023237','ภาพ','ไม่มี','53499900232371401697377','2014-06-02 15:24:47'),(55,'5349990023237','แจ้งค่าใช้จ่ายงานปัจฉิมนิเทศ','งบทั้งหมด                          5000\r\nใช้จ่ายทั้งหมด                     3900\r\nเหลือ                                 1100\r\n                              รายละเอียดดังนี้\r\n\r\nป้ายไวนิล                          1200\r\nเชือกฟาง                              20\r\nขนมจีน                              1500\r\nพราหมณ์                              200\r\nบายศรี                                 500\r\nดอกไม้ปักหน้าอก                   270\r\nดอกกุหลาบ                           150\r\nดอกไม้ธูปเทียนบูชาพระ             30\r\nน้ำอัดลม                                 30','53499900232371395976226','2014-03-28 10:17:37'),(56,'3341500367682','โครงการห้องสมุดมีชีวิต','ช่วยปรับปรุง พิจารณาโครงการห้องสมุดมีชีวิตอีกทีนะ','','2014-03-28 10:23:09'),(57,'3341500018921','หัวหน้าของลูกจะมาเยี่ยมบ้าน','เนื่องจากวันเสาร์นี้ หัวหน้าของลูกเจตน์ จะมาเยีี่ยมบ้านเรา  เขาดื่มเบียร์','33415000189211395976990','2014-03-28 10:25:20'),(58,'3341501264224','ให้ส่งจดหมายหาผอ.','ให้ทุกท่านส่งจดหมายหาผอ.เพื่อรับการประเมินผลว่าท่านส่งจดหมายได้แล้ว','33415012642241395977027','2014-03-28 10:27:06'),(59,'3341500367682','โครงการห้องสมุดมีชีวิต','ช่วยปรับปรุงโครงการด้วยนะ','33415003676821395977498','2014-03-28 10:34:45'),(60,'3341500367682','โครงการห้องสมุดมีชีวิต','ช่วยปรับปรุง พิจารณาโครงการห้องสมุดมีชีวิตอีกทีนะ','','2014-03-28 10:43:18'),(61,'5349990023237','ได้รับจดหมายจากท่านผอ แล้วค่ะ','ได้อ่านจดหมายแล้วค้าาาา.....','53499900232371395978147','2014-03-28 10:43:36'),(99,'3349900238771','บัตรบันทึกการตรวจสุขภาพนักเรียน','บัตรบันทึกการตรวจสุขภาพนักเรียน','33499002387711403061473','2014-06-18 10:19:13'),(63,'3341500039472','ตอบจดหมาย','การเข้าระบบจดหมายไปรษณีย์ได้แล้วคะ','33415000394721395978474','2014-03-28 10:51:04'),(64,'3341901446796','การอบรมsmss ','    ได้เข้ารับการอบรมที่โรงเรียนตามที่เจ้าหน้าที่โครงการได้แจ้งแล้ว ','33419014467961395979589','2014-03-28 11:10:04'),(96,'3341500018921','ประชุมผู้ปกครองนักเรียน','แจ้งเลื่อนการจัดประชุม จากที่เคยแจ้งไว้วันที่ 22พ.ค 57 เลื่อนไป 23 พ.ค57 ค่ะ\r\nต้องขออภัยทุกท่านด้วย และหลังจากนั้นทุกท่านก็ไปซื้อวัสดุฯ','33415000189211400726347','2014-05-22 09:42:03'),(66,'3349800101758','กินมะม่วงน้ำปลาหวาน','กินมะม่วงน้ำปลาหวาน','33498001017581395980053','2014-03-28 11:16:18'),(67,'3461200319215','ตอบจดหมาย','ได้รับจดหมายจากท่านผอ.  แล้วค่ะ','34612003192151395980000','2014-03-28 11:16:39'),(68,'3341100646851','ตกขบวน','เนื่องจากต้องไปรับรถที่อุ่    ขอโทษอย่างสูงที่ไม่ได้แจ้ง','33411006468511395979904','2014-03-28 11:31:25'),(69,'1342100041351','รายชื่นักเรียนปี57อนุบาล1','รายชื่อ อนุบาล1','13421000413511395981894','2014-03-28 11:46:57'),(70,'3341100646851','โครงการ','ขอส่งโครงการตามที่ได้รับมอบหมาย','33411006468511395981104','2014-03-28 11:51:26'),(71,'1342100041351','การอบรมsmss','การอบรมSAR','13421000413511395982273','2014-03-28 11:52:18'),(72,'3341500367682','โครงการ ปี 57','เลือกโครงการงานอนามัยในงานแผนปฏิบัติการ','33415003676821395982424','2014-03-28 11:58:36'),(73,'3349900126558','มะม่วงน้ำปลาหวานอร่อยไหมจ๊ะ','อยากรับ...ทานด้วยจัง','33499001265581395986745','2014-03-28 13:07:58'),(74,'3349900126558','ขอความอนุเคราะห์','ครูภู่...ตอนนี้พี่อยู่ต่างจังหวัดพี่ขอความอนุเคราะห์ ช่วยเหลือหลอมโครงการพัฒนาบุคลากรให้พี่วัชราห์ด้วย  ตอนแรกว่พี่ว่าจะส่ง mail  มาให้ภู่  แต่พี่ไม่ได้เอาข้อมูลมาด้วย\r\n\r\n                                                                 ขอบคุณมาก','33499001265581395986932','2014-03-28 13:13:32'),(75,'5349990023237','มาตรฐานที่๓','ส่งให้ครูธนิตชาติ','53499900232371395990351','2014-03-28 14:10:01'),(76,'1342100041351','มฐ11','มฐ11','13421000413511395991514','2014-03-28 14:26:14'),(77,'1349900152749','มาตรฐาน 6','ส่งมาตรฐาน 6','13499001527491395991665','2014-03-28 14:33:12'),(78,'3341500018921','ส่ง มฐ 3,13,15','มาตรฐานที่ 3 13 15','33415000189211395991979','2014-03-28 14:35:56'),(79,'5349990023237','มาตรฐานที่๑๒','ถึงครูธนิตชาติ','53499900232371395992971','2014-03-28 14:51:38'),(80,'5349990023237','มาตรฐานที่๓','พี่พู่','53499900232371395993154','2014-03-28 14:53:25'),(81,'3341500367682','รายงานการรับนักเรียน','ฝากส่งไฟล์รายงานการรับนักเรียน ป.1ให้พี่ด้วย','33415003676821396688167','2014-04-05 15:59:24'),(82,'3349900126558','งานประกันปฐมวัย','งานประกันปฐมวัย','33499001265581397007129','2014-04-09 08:36:10'),(83,'3349900126558','ส่งงานประกัน','ส่งงานประกัน','33499001265581397007383','2014-04-09 08:44:50'),(84,'3349900238771','แจ้งตารางเรียน ตารางสอน ปีการศึกษา 2557','แจ้งตารางเรียน ตารางสอน ปีการศึกษา 2557','33499002387711397736004','2014-04-17 19:01:11'),(85,'3341500039472','รูปทะเล','ส่งรูปแห่งความสุข','33415000394721397794878','2014-04-18 11:30:22'),(86,'5349990023237','ทราบตารางสอนแล้ว','ขอบคุณค่ะสำหรับตารางสอนโปรแกรมนี้ทั้งที่จำรหัสได้แต่ำไมเข้าได้บ้างไม่ได้บ้างงง\r\n','53499900232371398779545','2014-04-29 20:55:57'),(87,'3349900238771','อีเมลล์ของคณะครูทุกคน','อีเมลล์ของคณะครูทุกคน','33499002387711399450936','2014-05-07 15:23:38'),(88,'3341600861255','ข้อมูลภาวะโภชนาการ','ส่งข้อมูลภาวะโภชนาการ ปีการศึกษา 2556','33416008612551399607389','2014-05-09 10:52:26'),(89,'3349900238771','คำสั่ง','คำสั่ง','33499002387711399614506','2014-05-09 12:50:04'),(90,'3349900238771','การรับนักเรียน อ.1 ป.1 ม.1','รายชื่อนักเรียน อ.1 ป.1 ม.1 ปีการศึกษา 2557','33499002387711399965874','2014-05-13 14:26:09'),(91,'1349900152749','รายงานผล การส่งจดหมาย','เรียน ผู้อำนวยการโรงเรียนบ้านสระดอกเกษ\r\n รายงานผลการส่งจดหมาย ทางไปรษณีย์ SMSS สามารถส่งได้แล้วค่ะ','13499001527491400209887','2014-05-16 10:17:32'),(92,'3341500018921','การปฐมนิเทศและประชุมผู้ปกครอง','ด้วยฝ่ายบริหารทั่วไปจะจัดปฐมนิเทศนักเรียนและประชุมผู้ปกครองในวันที่ 22 พฤษภาคม 2557 จึงเรียนทุกท่านให้ทราบเบื้องต้น','33415000189211400231847','2014-05-16 16:21:25'),(93,'3349900238771','รายชื่อนักเรียน ปีการศึกษา 2557','รายชื่อนักเรียน ปีการศึกษา 2557','33499002387711400501923','2014-05-19 19:19:55'),(100,'3349900238771','MOU','ข้อตกตงความร่วมมือ(MOU)ระหว่างครูกับ ผอ.','33499002387711403604578','2014-06-24 17:10:39'),(101,'3349900238771','คำใหม่ ป.1','คำใหม่ ป.1','33499002387711403664038','2014-06-25 09:41:52'),(102,'3349900238771','คำใหม่ ป.2','คำใหม่ ป.2','33499002387711403664117','2014-06-25 09:42:41'),(103,'3349900238771','คำใหม่ ป.3','คำใหม่ ป.3','33499002387711403664165','2014-06-25 09:43:24'),(104,'3349900238771','คำใหม่ ป.4','คำใหม่ ป.4','33499002387711403664208','2014-06-25 09:44:05'),(105,'3349900238771','คำใหม่ ป.5','คำใหม่ ป.5','33499002387711403664266','2014-06-25 09:44:59'),(106,'3349900238771','คำใหม่ ป.6','คำใหม่ ป.6','33499002387711403664304','2014-06-25 09:45:30'),(107,'3609900921436','ไวนิล','ไวนิล','36099009214361403669715','2014-06-25 11:17:01'),(108,'3349900238771','รายงานผลการเยี่ยมบ้าน','รายงานผลการเยี่ยมบ้าน','33499002387711403678678','2014-06-25 13:45:48'),(109,'1349900152749','แบบฟอร์ม IEPและ IIP','แบบฟอร์ม IEP แผนรายปี และ IIP แผนย่อยรายปี','13499001527491404264965','2014-07-02 08:42:41'),(110,'3349900238771','แผนปฏิบัติการ 57','แผนปฏิบัติการ 57','33499002387711404456536','2014-07-04 13:51:20'),(111,'3349900238771','คู่มือ 9 จุดเน้น','คู่มือ 9 จุดเน้น','33499002387711404798153','2014-07-08 12:44:04'),(112,'3349900238771','จุดเน้นที่ 1','จุดเน้นที่ 1','33499002387711404800053','2014-07-08 13:25:52'),(113,'3349900238771','โปรแกรม ปพ.4','โปรแกรม ปพ.4','33499002387711412226096','2014-10-02 12:04:09'),(114,'3349900238771','ป.6','ป.6','33499002387711412226501','2014-10-02 12:09:02'),(115,'3349900238771','ปพ.4','รายงานผลการเรียนนักเรียนรายบุคคล ปพ.4','','2014-10-02 12:21:20'),(116,'3349900238771','ปพ.4','รายงานผลการเรียนนักเรียนรายบุคคล ปพ.4','','2014-10-02 12:21:27'),(117,'3349900238771','ปพ.4','รายงานผลการเรียนนักเรียนรายบุคคล ปพ.4','33499002387711412227119','2014-10-02 12:21:41'),(118,'3341500039472','ปพ4.ป.3','ปพ4.ป.3','33415000394721412230129','2014-10-02 13:11:57'),(119,'3341500039472','ปพ4.ป.3','ปพ4.ป.3','33415000394721412230331','2014-10-02 13:12:46'),(120,'3341500039472','ปพ4.ป.3','ปพ4.ป.3','33415000394721412230331','2014-10-02 13:12:48'),(121,'3341500039472','ปพ4.ป.3','ปพ4.ป.3','33415000394721412230331','2014-10-02 13:12:49'),(122,'3341600861255','คะแนน การงานอาชีพ','ส่งคะแนนการงานอาชีพเทคโน ภาคเรียนที่ 1 ปี 57','33416008612551412478944','2014-10-05 10:17:03'),(123,'1349900152749','แบบบันทึกข้อความ','บันทึกข้อความ','13499001527491415068788','2014-11-04 09:42:13'),(124,'3349900238771','ตัวอย่างการรางงานโครงการ','ตัวอย่างการรางงานโครงการ','','2014-11-28 08:21:05'),(125,'3349900238771','รายงานโครงการ','รายงานโครงการ','33499002387711417169363','2014-11-28 17:09:50'),(126,'3349900238771','แผนปฏิบัติการ 55','แผนปฏิบัติการ 55','33499002387711417169403','2014-11-28 17:10:43'),(127,'3349900238771','ประวัติการอบรมสัมมนา','ประวัติการอบรมสัมมนา','33499002387711420446629','2015-01-05 15:31:53'),(128,'3349900238771','ตารางเรียนปรับใหม่ 57','ตารางเรียนปรับใหม่ 57','33499002387711421722772','2015-01-20 10:00:17'),(129,'3609900921436','บัญชีลงเวลาติว o-net','บัญชีลงเวลาติว o-net','36099009214361422244272','2015-01-26 10:53:35'),(130,'3349900238771','คะแนน O-Net','คะแนน O-Net','33499002387711422619980','2015-01-30 19:14:41'),(131,'3609900921436','โครงการเลี้ยงไกไข่','โครงการเลี้ยงไกไข่','36099009214361424326636','2015-02-19 13:18:35'),(132,'3349900238771','ถอดบทเรียนครอบครัวสร้างสุข','แบบบันทึกบทเรียนความสำเร็จ','33499002387711425682423','2015-03-07 05:55:08'),(133,'1349900152749','pdca','pdca','','2015-03-26 15:05:46'),(134,'1349900152749','pdca','pdca','13499001527491427357067','2015-03-26 15:05:53'),(135,'3349900238771','ตัวอย่างรายงานโครงการ','ตัวอย่างรายงานโครงการ','33499002387711427424333','2015-03-27 09:48:15'),(136,'1341500008635','โครงการห้องสมุดมีชีวิต2557','pdca','13415000086351428593922','2015-04-09 22:49:05'),(137,'3341500367682','รายงานโครงการพัฒนาผู้เรียนให้มีสุขภาวะที่ดี','สรุปและรายงานโครงการพัฒนาผู้เรียนให้มีสุขภาวะที่ดีเสร็จแล้วคะ','','2015-04-10 15:42:54'),(138,'3341500367682','รายงานโครงการพัฒนาผู้เรียนให้มีสุขภาวะที่ดี','สรุปและรายงานโครงการพัฒนาผู้เรียนให้มีสุขภาวะที่ดีเสร็จแล้วคะ','','2015-04-10 15:43:02'),(139,'3341500367682','รายงานโครงการพัฒนาผู้เรียนให้มีสุขภาวะที่ดี','สรุปและรายงานโครงการพัฒนาผู้เรียนให้มีสุขภาวะที่ดีเสร็จแล้วคะ','','2015-04-10 15:43:04'),(140,'3341500367682','รายงานโครงการพัฒนาผู้เรียนให้มีสุขภาวะที่ดี','สรุปและรายงานโครงการพัฒนาผู้เรียนให้มีสุขภาวะที่ดีเสร็จแล้วคะ','','2015-04-10 15:43:15'),(141,'3341500367682','รายงานโครงการพัฒนาผู้เรียนให้มีสุขภาวะที่ดี','สรุปและรายงานโครงการพัฒนาผู้เรียนให้มีสุขภาวะที่ดีเสร็จแล้วคะ','','2015-04-10 15:43:22'),(142,'3341500367682','รายงานโครงการพัฒนาผู้เรียนให้มีสุขภาวะที่ดี','สรุปและรายงานโครงการพัฒนาผู้เรียนให้มีสุขภาวะที่ดีเสร็จแล้วคะ','','2015-04-10 15:43:43'),(145,'3341500367682','รายงานโครงการพัฒนาผู้เรียนให้มีสุขภาวะที่ดี','สรุปรายงานโครงการสุขภาวะ ปี 2557','33415003676821428657145','2015-04-10 16:16:05'),(146,'3341500367682','รายงานโครงการนิเทศภายใน 57','สรุปรายงานโครงการนิเทศปี 57','33415003676821428657376','2015-04-10 16:20:39'),(147,'3341500367682','โครงการโรงเรียนธนาคาร 2557','สรุปงานโครงการโรงเรียนธนาคาร ปี 2557','33415003676821428658258','2015-04-10 16:33:57'),(148,'3341500367682','รายงานโครงการพัฒนาบุคลากร 2557','สรุปรายงานโครงการพัฒนาบุคลากร 2557','33415003676821428659975','2015-04-10 17:05:43'),(149,'3341500367682','โครงการสะกิดใจต้านภัยโรคร้อน 2557','สรุปโครงการสะกิดใจต้านภัยโรคร้อน','33415003676821428660377','2015-04-10 17:09:27'),(150,'3341500367682','โครงการกิจกรรมส่งเสริมวิชาการ 2557','สรุปและรายงานโครงการส่งเสริมทางวิชาการ 2557','33415003676821428660769','2015-04-10 17:15:38'),(151,'1330800123561','PDCA ','โครงการสรุป SAR','13308001235611428713557','2015-04-11 08:04:38'),(152,'1330800123561','ปพ','ปพ 1 2557','13308001235611428715287','2015-04-11 08:27:26'),(153,'3349900126558','รายงาน SAR ปฐมวัย ๕๗','รายงาน SAR  ปฐมวัย  ๕๗','33499001265581428738167','2015-04-11 14:46:07'),(154,'3349900238771','คะแนนผลสัมฤทธิ์ทางการเรียน ปีการศึกษา 2557','คะแนนผลสัมฤทธิ์ทางการเรียน ปีการศึกษา 2557','33499002387711429168886','2015-04-16 14:23:24'),(155,'3341500367682','รายงานการรับนักเรียน ปีการศึกษา 2558','รายงานการรับนักเรียน ช่วยกรอกข้อมูลและสรุปข้อมูล ของ ม.๑ ในแบบ บค ๙/๑ บค.๙/๔ ด้วยนะ ขอบใจจ้า(พี่ลิน)','33415003676821429780223','2015-04-23 16:29:20'),(156,'3341500367682','รายงานภาวะทุโภชนาการ ','สรุปน้ำหนัก  ส่วนสูงของนักเรียน ปี ๒๕๕๘ ในสมุดงาน๑ แผ่นที่ ๓','33415003676821429781483','2015-04-23 16:38:52'),(157,'1330800123561','ผลสัมฤทธิ์ทางการเรียน ภาคเรียนที่ 1/2557','ผลสัมฤทธิ์ทางการเรียน ภาคเรียนที่ 1/2557','13308001235611431438440','2015-05-12 20:50:02'),(158,'3349900238771','หนังสือขออนุญาต','หนังสือขออนุญาต','33499002387711434008202','2015-06-11 14:38:36'),(159,'3349900238771','ข้อมูลปริมาณงาน 10 มิ.ย.58','ข้อมูลปริมาณงาน 10 มิ.ย.58','33499002387711434416758','2015-06-16 08:06:49'),(160,'3349900238771','นโยบาย 9 จุดเน้น','นโยบาย ๙ จุดเน้น','33499002387711435126487','2015-06-24 13:17:14'),(161,'3349900238771','แผนปฏิบัติการ 2558','แผนปฏิบัติการ 2558','33499002387711435314437','2015-06-26 17:27:56'),(162,'1349900152749','กรอกข้อมูล การมาเรียน','เข้าไปกรอกเวลาเรียน นักเรียนแล้ว ระบบบอกว่าคุณไม่มีสิทธิ์กรอกข้อมูล','13499001527491435904296','2015-07-03 13:19:22'),(163,'3341500367682','รายชื่อนักเรียน ม.๑','รายชื่อนักเรียน ม.๑ เรียงเสร็จเรียบร้อย','33415003676821495438115','2017-05-22 14:30:37'),(164,'3341500367682','ครูดีในดวงใจ','ครูดีในดวงใจ','33415003676821501835104','2017-08-04 15:27:17'),(165,'3461200319215','รูปทะเล(ตอบกลับ)','ขอบคุณมากจ้า','34612003192151573020366','2019-11-06 13:08:33');

--
-- Table structure for table `mail_permission`
--

CREATE TABLE `mail_permission` (
  `id` int(11) NOT NULL AUTO_INCREMENT,
  `person_id` varchar(13) NOT NULL,
  `p1` tinyint(4) NOT NULL,
  `officer` varchar(13) NOT NULL,
  `rec_date` date NOT NULL,
  PRIMARY KEY (`id`)
) ENGINE=MyISAM DEFAULT CHARSET=utf8 COLLATE=utf8_general_ci;

--
-- Dumping data for table `mail_permission`
--


--
-- Table structure for table `mail_sendto_answer`
--

CREATE TABLE `mail_sendto_answer` (
  `id` int(11) NOT NULL AUTO_INCREMENT,
  `ref_id` varchar(50) NOT NULL,
  `send_to` varchar(13) NOT NULL,
  `answer` tinyint(4) NOT NULL DEFAULT 0,
  `answer_time` datetime NOT NULL,
  PRIMARY KEY (`id`),
  KEY `ref_id` (`ref_id`),
  KEY `send_to` (`send_to`)
) ENGINE=MyISAM AUTO_INCREMENT=1282 DEFAULT CHARSET=utf8 COLLATE=utf8_general_ci;

--
-- Dumping data for table `mail_sendto_answer`
--

INSERT INTO `mail_sendto_answer` VALUES (1,'33415012642241394089580','3349800101758',1,'2014-03-10 14:08:40'),(2,'13499001527491394434309','3430500228524',1,'2014-03-10 14:02:23'),(3,'33415000394721394434292','3341500367682',1,'2014-03-11 10:08:31'),(4,'33415000394721394434292','3341500018921',0,'0000-00-00 00:00:00'),(5,'33415000394721394434292','3430500228524',1,'2014-03-10 14:09:39'),(6,'33415000394721394434292','1330800123561',1,'2014-03-10 14:00:40'),(7,'33415000394721394434292','3349900126558',1,'2014-03-11 14:35:55'),(8,'33415000394721394434292','3341600861255',1,'2014-03-10 14:08:10'),(9,'33415000394721394434292','5349990023237',1,'2014-03-10 13:55:44'),(10,'33415000394721394434292','3341901446796',0,'0000-00-00 00:00:00'),(11,'33415000394721394434292','3349800101758',1,'2014-03-10 14:10:07'),(12,'33415000394721394434292','3341501264224',1,'2014-03-10 14:06:00'),(13,'33415000394721394434292','3349900238771',1,'2014-03-10 14:04:48'),(14,'33415000394721394434292','1341500008635',1,'2014-03-10 13:58:29'),(15,'33415000394721394434292','3341100646851',0,'0000-00-00 00:00:00'),(16,'33415000394721394434292','3461200319215',1,'2014-03-10 14:02:50'),(17,'33415000394721394434292','3609900921436',1,'2014-03-17 06:36:08'),(18,'33415000394721394434292','1349900152749',1,'2014-03-10 14:07:47'),(19,'33415000394721394434292','1342100041351',1,'2014-03-10 14:16:25'),(20,'36099009214361394434292','3341500367682',1,'2014-03-11 10:08:49'),(21,'36099009214361394434292','3341500018921',0,'0000-00-00 00:00:00'),(22,'36099009214361394434292','3430500228524',1,'2014-03-10 14:01:30'),(23,'36099009214361394434292','1330800123561',1,'2014-03-10 14:00:48'),(24,'36099009214361394434292','3349900126558',1,'2014-03-11 14:36:11'),(25,'36099009214361394434292','3341600861255',1,'2014-03-10 14:08:22'),(26,'36099009214361394434292','5349990023237',1,'2014-03-10 13:55:54'),(27,'36099009214361394434292','3341901446796',0,'0000-00-00 00:00:00'),(28,'36099009214361394434292','3349800101758',1,'2014-03-10 14:10:59'),(29,'36099009214361394434292','3341501264224',1,'2014-03-10 14:06:24'),(30,'36099009214361394434292','3341500039472',1,'2014-03-10 13:55:42'),(31,'36099009214361394434292','3349900238771',1,'2014-03-10 14:05:19'),(32,'36099009214361394434292','1341500008635',1,'2014-03-10 13:58:40'),(33,'36099009214361394434292','3341100646851',0,'0000-00-00 00:00:00'),(34,'36099009214361394434292','3461200319215',1,'2014-03-10 14:02:05'),(35,'36099009214361394434292','1349900152749',1,'2014-03-10 14:07:42'),(36,'36099009214361394434292','1342100041351',1,'2014-03-10 14:16:32'),(37,'53499900232371394434292','3341500367682',1,'2014-03-11 10:09:02'),(38,'53499900232371394434292','3341500018921',0,'0000-00-00 00:00:00'),(39,'53499900232371394434292','3430500228524',1,'2014-03-10 14:00:55'),(40,'53499900232371394434292','1330800123561',1,'2014-03-10 14:00:53'),(41,'53499900232371394434292','3349900126558',1,'2014-03-11 14:37:12'),(42,'53499900232371394434292','3341600861255',1,'2014-03-10 14:12:01'),(43,'53499900232371394434292','3341901446796',0,'0000-00-00 00:00:00'),(44,'53499900232371394434292','3349800101758',1,'2014-03-10 14:12:13'),(45,'53499900232371394434292','3341501264224',0,'0000-00-00 00:00:00'),(46,'53499900232371394434292','3341500039472',1,'2014-03-10 14:23:10'),(47,'53499900232371394434292','3349900238771',1,'2014-03-10 14:05:24'),(48,'53499900232371394434292','1341500008635',1,'2014-03-10 13:58:51'),(49,'53499900232371394434292','3341100646851',0,'0000-00-00 00:00:00'),(50,'53499900232371394434292','3461200319215',1,'2014-03-10 14:05:31'),(51,'53499900232371394434292','3609900921436',1,'2014-03-10 14:00:16'),(52,'53499900232371394434292','1349900152749',1,'2014-03-10 14:07:36'),(53,'53499900232371394434292','1342100041351',1,'2014-03-10 14:16:35'),(54,'34305002285241394434356','3341500367682',1,'2014-03-11 10:09:08'),(55,'34305002285241394434356','3341500018921',0,'0000-00-00 00:00:00'),(56,'34305002285241394434356','1330800123561',1,'2014-03-10 14:01:00'),(57,'34305002285241394434356','3349900126558',1,'2014-03-11 14:37:07'),(58,'34305002285241394434356','3341600861255',1,'2014-03-10 14:12:05'),(59,'34305002285241394434356','5349990023237',1,'2014-03-10 13:56:04'),(60,'34305002285241394434356','3341901446796',0,'0000-00-00 00:00:00'),(61,'34305002285241394434356','3349800101758',1,'2014-03-10 14:12:22'),(62,'34305002285241394434356','3341501264224',1,'2014-03-10 14:09:18'),(63,'34305002285241394434356','3341500039472',1,'2014-03-10 14:23:05'),(64,'34305002285241394434356','3349900238771',1,'2014-03-10 14:05:29'),(65,'34305002285241394434356','1341500008635',1,'2014-03-10 14:04:21'),(66,'34305002285241394434356','3341100646851',0,'0000-00-00 00:00:00'),(67,'34305002285241394434356','3461200319215',1,'2014-03-10 14:08:21'),(68,'34305002285241394434356','3609900921436',1,'2014-03-11 11:01:18'),(69,'34305002285241394434356','1349900152749',1,'2014-03-10 14:07:30'),(70,'34305002285241394434356','1342100041351',1,'2014-03-10 14:16:37'),(71,'33415012642241394434391','3341500367682',1,'2014-03-11 10:09:27'),(72,'33415012642241394434391','3341500018921',0,'0000-00-00 00:00:00'),(73,'33415012642241394434391','3430500228524',1,'2014-03-10 14:10:25'),(74,'33415012642241394434391','1330800123561',1,'2014-03-10 14:01:05'),(75,'33415012642241394434391','3349900126558',0,'0000-00-00 00:00:00'),(76,'33415012642241394434391','3341600861255',1,'2014-03-10 14:13:03'),(77,'33415012642241394434391','5349990023237',1,'2014-03-10 14:00:11'),(78,'33415012642241394434391','3341901446796',0,'0000-00-00 00:00:00'),(79,'33415012642241394434391','3349800101758',1,'2014-03-10 14:11:24'),(80,'33415012642241394434391','3341500039472',1,'2014-03-10 13:56:16'),(81,'33415012642241394434391','3349900238771',1,'2014-03-10 14:05:33'),(82,'33415012642241394434391','1341500008635',1,'2014-03-10 13:59:29'),(83,'33415012642241394434391','3341100646851',0,'0000-00-00 00:00:00'),(84,'33415012642241394434391','3461200319215',1,'2014-03-10 14:02:30'),(85,'33415012642241394434391','3609900921436',1,'2014-03-11 15:17:51'),(86,'33415012642241394434391','1349900152749',1,'2014-03-10 14:07:26'),(87,'33415012642241394434391','1342100041351',1,'2014-03-10 14:16:40'),(88,'13308001235611394434479','3341500367682',1,'2014-03-11 10:09:33'),(89,'13308001235611394434479','3341500018921',0,'0000-00-00 00:00:00'),(90,'13308001235611394434479','3430500228524',1,'2014-03-11 08:51:33'),(91,'13308001235611394434479','3349900126558',0,'0000-00-00 00:00:00'),(92,'13308001235611394434479','3341600861255',1,'2014-03-10 14:12:09'),(93,'13308001235611394434479','5349990023237',1,'2014-03-10 14:00:17'),(94,'13308001235611394434479','3341901446796',0,'0000-00-00 00:00:00'),(95,'13308001235611394434479','3349800101758',1,'2014-03-10 14:12:29'),(96,'13308001235611394434479','3341501264224',0,'0000-00-00 00:00:00'),(97,'13308001235611394434479','3341500039472',1,'2014-03-10 14:23:01'),(98,'13308001235611394434479','3349900238771',1,'2014-03-10 14:05:37'),(99,'13308001235611394434479','1341500008635',1,'2014-03-10 13:59:04'),(100,'13308001235611394434479','3341100646851',0,'0000-00-00 00:00:00'),(101,'13308001235611394434479','3461200319215',1,'2014-03-10 14:08:33'),(102,'13308001235611394434479','3609900921436',1,'2014-03-17 06:36:05'),(103,'13308001235611394434479','1349900152749',1,'2014-03-10 13:58:53'),(104,'13308001235611394434479','1342100041351',1,'2014-03-10 14:16:42'),(105,'34612003192151394434292','3341500367682',1,'2014-03-11 10:09:59'),(106,'34612003192151394434292','3341500018921',0,'0000-00-00 00:00:00'),(107,'34612003192151394434292','3430500228524',1,'2014-03-11 08:53:24'),(108,'34612003192151394434292','1330800123561',1,'2014-03-10 14:01:14'),(109,'34612003192151394434292','3349900126558',1,'2014-03-11 14:37:15'),(110,'34612003192151394434292','3341600861255',1,'2014-03-10 14:12:14'),(111,'34612003192151394434292','5349990023237',1,'2014-03-10 14:01:00'),(112,'34612003192151394434292','3341901446796',0,'0000-00-00 00:00:00'),(113,'34612003192151394434292','3349800101758',1,'2014-03-10 14:11:14'),(114,'34612003192151394434292','3341501264224',1,'2014-03-10 14:09:30'),(115,'34612003192151394434292','3341500039472',1,'2014-03-10 14:00:26'),(116,'34612003192151394434292','3349900238771',1,'2014-03-10 14:05:41'),(117,'34612003192151394434292','1341500008635',1,'2014-03-10 13:59:12'),(118,'34612003192151394434292','3341100646851',0,'0000-00-00 00:00:00'),(119,'34612003192151394434292','3609900921436',1,'2014-03-17 06:36:04'),(120,'34612003192151394434292','1349900152749',1,'2014-03-10 14:07:02'),(121,'34612003192151394434292','1342100041351',1,'2014-03-10 14:16:49'),(122,'13499001527491394434309','3341500367682',1,'2014-03-11 10:10:09'),(123,'13499001527491394434309','3341500018921',0,'0000-00-00 00:00:00'),(124,'13499001527491394434309','3430500228524',1,'2014-03-10 14:02:23'),(125,'13499001527491394434309','1330800123561',1,'2014-03-10 14:01:24'),(126,'13499001527491394434309','3349900126558',0,'0000-00-00 00:00:00'),(127,'13499001527491394434309','3341600861255',1,'2014-03-10 14:13:08'),(128,'13499001527491394434309','5349990023237',1,'2014-03-10 14:01:13'),(129,'13499001527491394434309','3341901446796',0,'0000-00-00 00:00:00'),(130,'13499001527491394434309','3349800101758',1,'2014-03-10 14:14:39'),(131,'13499001527491394434309','3341501264224',0,'0000-00-00 00:00:00'),(132,'13499001527491394434309','3341500039472',1,'2014-03-10 14:00:46'),(133,'13499001527491394434309','3349900238771',1,'2014-03-10 14:05:46'),(134,'13499001527491394434309','1341500008635',1,'2014-03-10 13:59:18'),(135,'13499001527491394434309','3341100646851',0,'0000-00-00 00:00:00'),(136,'13499001527491394434309','3461200319215',1,'2014-03-10 14:08:41'),(137,'13499001527491394434309','3609900921436',1,'2014-03-17 06:36:03'),(138,'13499001527491394434309','1342100041351',1,'2014-03-10 14:16:52'),(139,'13415000086351394434298','3341500367682',1,'2014-03-11 10:10:23'),(140,'13415000086351394434298','3341500018921',0,'0000-00-00 00:00:00'),(141,'13415000086351394434298','3430500228524',1,'2014-03-11 08:53:38'),(142,'13415000086351394434298','1330800123561',1,'2014-03-10 13:59:08'),(143,'13415000086351394434298','3349900126558',1,'2014-03-11 14:37:56'),(144,'13415000086351394434298','3341600861255',1,'2014-03-10 14:12:17'),(145,'13415000086351394434298','5349990023237',1,'2014-03-10 14:01:25'),(146,'13415000086351394434298','3341901446796',0,'0000-00-00 00:00:00'),(147,'13415000086351394434298','3349800101758',1,'2014-03-10 14:12:00'),(148,'13415000086351394434298','3341501264224',0,'0000-00-00 00:00:00'),(149,'13415000086351394434298','3341500039472',1,'2014-03-10 14:21:53'),(150,'13415000086351394434298','3349900238771',1,'2014-03-10 14:05:51'),(151,'13415000086351394434298','3341100646851',0,'0000-00-00 00:00:00'),(152,'13415000086351394434298','3461200319215',1,'2014-03-10 14:09:06'),(153,'13415000086351394434298','3609900921436',1,'2014-03-17 06:36:02'),(154,'13415000086351394434298','1349900152749',1,'2014-03-10 14:07:21'),(155,'13415000086351394434298','1342100041351',1,'2014-03-10 14:16:56'),(156,'13308001235611394434631','1341500008635',1,'2014-03-10 14:04:07'),(157,'13308001235611394434631','1349900152749',1,'2014-03-10 14:07:16'),(158,'33415000394721394434610','3461200319215',0,'0000-00-00 00:00:00'),(159,'33415000394721394434610','3349800101758',0,'0000-00-00 00:00:00'),(160,'33415000394721394434610','1349900152749',0,'0000-00-00 00:00:00'),(161,'33415012642241394434594','3349900238771',1,'2014-03-10 14:04:01'),(162,'33415012642241394434594','3341500367682',0,'0000-00-00 00:00:00'),(163,'33415012642241394434594','3341901446796',0,'0000-00-00 00:00:00'),(164,'33415012642241394434594','3430500228524',1,'2014-03-11 09:00:41'),(165,'34612003192151394434634','3341500039472',0,'0000-00-00 00:00:00'),(166,'13499001527491394434590','3341500039472',1,'2014-03-10 14:05:40'),(167,'13499001527491394434590','3430500228524',1,'2014-03-10 14:03:02'),(168,'13499001527491394434590','5349990023237',1,'2014-03-10 14:02:31'),(169,'53499900232371394434652','3341500367682',1,'2014-03-11 10:10:34'),(170,'53499900232371394434652','3341500018921',0,'0000-00-00 00:00:00'),(171,'53499900232371394434652','3430500228524',1,'2014-03-11 08:58:30'),(172,'53499900232371394434652','1330800123561',1,'2014-03-10 13:59:52'),(173,'53499900232371394434652','3349900126558',0,'0000-00-00 00:00:00'),(174,'53499900232371394434652','3341600861255',1,'2014-03-10 14:13:21'),(175,'53499900232371394434652','3341901446796',0,'0000-00-00 00:00:00'),(176,'53499900232371394434652','3349800101758',1,'2014-03-10 14:14:48'),(177,'53499900232371394434652','3341501264224',0,'0000-00-00 00:00:00'),(178,'53499900232371394434652','3341500039472',1,'2014-03-10 14:21:45'),(179,'53499900232371394434652','3349900238771',1,'2014-03-10 14:05:04'),(180,'53499900232371394434652','1341500008635',1,'2014-03-10 14:04:13'),(181,'53499900232371394434652','3341100646851',0,'0000-00-00 00:00:00'),(182,'53499900232371394434652','3461200319215',1,'2014-03-10 14:09:13'),(183,'53499900232371394434652','3609900921436',1,'2014-03-17 06:35:58'),(184,'53499900232371394434652','1349900152749',1,'2014-03-10 14:06:56'),(185,'53499900232371394434652','1342100041351',1,'2014-03-10 14:17:25'),(186,'36099009214361394434607','3430500228524',0,'0000-00-00 00:00:00'),(187,'33415000394721394434730','3461200319215',1,'2014-03-10 14:09:19'),(188,'33415000394721394434730','1349900152749',1,'2014-03-10 14:06:48'),(189,'34305002285241394434703','5349990023237',1,'2014-03-10 14:02:56'),(190,'33498001017581394434709','3341500367682',0,'0000-00-00 00:00:00'),(191,'33498001017581394434709','3341500018921',0,'0000-00-00 00:00:00'),(192,'33498001017581394434709','3430500228524',1,'2014-03-11 09:01:26'),(193,'33498001017581394434709','1330800123561',1,'2014-03-10 14:01:37'),(194,'33498001017581394434709','3349900126558',0,'0000-00-00 00:00:00'),(195,'33498001017581394434709','3341600861255',1,'2014-03-10 14:12:22'),(196,'33498001017581394434709','5349990023237',1,'2014-03-10 14:02:22'),(197,'33498001017581394434709','3341901446796',0,'0000-00-00 00:00:00'),(198,'33498001017581394434709','3341501264224',0,'0000-00-00 00:00:00'),(199,'33498001017581394434709','3341500039472',1,'2014-03-10 14:21:29'),(200,'33498001017581394434709','3349900238771',1,'2014-03-10 14:04:57'),(201,'33498001017581394434709','1341500008635',1,'2014-03-10 14:12:35'),(202,'33498001017581394434709','3341100646851',0,'0000-00-00 00:00:00'),(203,'33498001017581394434709','3461200319215',1,'2014-03-10 14:09:25'),(204,'33498001017581394434709','3609900921436',1,'2014-03-11 13:42:08'),(205,'33498001017581394434709','1349900152749',1,'2014-03-10 14:05:45'),(206,'33498001017581394434709','1342100041351',1,'2014-03-10 14:17:29'),(207,'33498001017581394434709','5342290009561',0,'0000-00-00 00:00:00'),(208,'33498001017581394434855','3349900126558',1,'2014-03-11 14:37:52'),(209,'13499001527491394434788','1341500008635',1,'2014-03-10 14:09:58'),(210,'13499001527491394434788','3349900238771',1,'2014-03-10 14:03:17'),(211,'13499001527491394434788','3341500039472',1,'2014-03-10 14:05:57'),(212,'13499001527491394434788','3430500228524',1,'2014-03-10 14:07:12'),(213,'13499001527491394434788','1330800123561',1,'2014-03-10 14:02:55'),(214,'13499001527491394434788','5349990023237',1,'2014-03-10 14:02:46'),(215,'13499001527491394434788','3609900921436',1,'2014-03-11 15:17:19'),(216,'13499001527491394434788','1342100041351',1,'2014-03-10 14:17:04'),(217,'13308001235611394434904','5349990023237',1,'2014-03-10 14:03:26'),(811,'33499002387711403664117','3341600861255',0,'0000-00-00 00:00:00'),(810,'33499002387711403664117','3349900126558',0,'0000-00-00 00:00:00'),(804,'33499002387711403664038','1342100041351',0,'0000-00-00 00:00:00'),(799,'33499002387711403664038','1341500008635',0,'0000-00-00 00:00:00'),(794,'33499002387711403664038','5349990023237',0,'0000-00-00 00:00:00'),(796,'33499002387711403664038','3349800101758',0,'0000-00-00 00:00:00'),(808,'33499002387711403664117','3430500228524',0,'0000-00-00 00:00:00'),(805,'33499002387711403664038','5342290009561',0,'0000-00-00 00:00:00'),(236,'34305002285241394435044','5349990023237',1,'2014-03-10 14:07:42'),(237,'13421000413511394435052','3341500367682',0,'0000-00-00 00:00:00'),(238,'13421000413511394435052','3341500018921',0,'0000-00-00 00:00:00'),(239,'13421000413511394435052','3430500228524',1,'2014-03-11 09:02:33'),(240,'13421000413511394435052','1330800123561',1,'2014-03-10 14:08:22'),(241,'13421000413511394435052','3349900126558',0,'0000-00-00 00:00:00'),(242,'13421000413511394435052','3341600861255',1,'2014-03-10 14:12:30'),(243,'13421000413511394435052','5349990023237',1,'2014-03-10 14:08:02'),(244,'13421000413511394435052','3341901446796',0,'0000-00-00 00:00:00'),(245,'13421000413511394435052','3349800101758',1,'2014-03-10 14:12:41'),(246,'13421000413511394435052','3341501264224',0,'0000-00-00 00:00:00'),(247,'13421000413511394435052','3341500039472',1,'2014-03-10 14:07:41'),(248,'13421000413511394435052','3349900238771',1,'2014-03-10 14:09:12'),(249,'13421000413511394435052','1341500008635',1,'2014-03-10 14:10:11'),(250,'13421000413511394435052','3341100646851',0,'0000-00-00 00:00:00'),(251,'13421000413511394435052','3461200319215',1,'2014-03-10 14:09:32'),(252,'13421000413511394435052','3609900921436',1,'2014-03-11 15:17:36'),(253,'13421000413511394435052','1349900152749',1,'2014-03-10 14:05:39'),(254,'13421000413511394435052','5342290009561',0,'0000-00-00 00:00:00'),(255,'13421000413511394435108','3349800101758',1,'2014-03-10 14:15:07'),(256,'13421000413511394435108','1330800123561',1,'2014-03-10 14:08:28'),(801,'33499002387711403664038','3461200319215',1,'2014-10-07 14:21:40'),(798,'33499002387711403664038','3341500039472',1,'2014-07-21 20:27:39'),(802,'33499002387711403664038','3609900921436',0,'0000-00-00 00:00:00'),(257,'13308001235611394435024','3461200319215',1,'2014-03-10 14:09:59'),(258,'13308001235611394435024','3430500228524',1,'2014-03-11 09:02:27'),(259,'53499900232371394435172','3341500367682',0,'0000-00-00 00:00:00'),(260,'53499900232371394435172','3341500018921',1,'2014-03-28 09:30:45'),(261,'53499900232371394435172','3430500228524',1,'2014-03-11 09:02:20'),(262,'53499900232371394435172','1330800123561',1,'2014-03-10 14:08:32'),(263,'53499900232371394435172','3349900126558',0,'0000-00-00 00:00:00'),(264,'53499900232371394435172','3341600861255',1,'2014-03-10 14:12:44'),(265,'53499900232371394435172','3341901446796',0,'0000-00-00 00:00:00'),(266,'53499900232371394435172','3349800101758',1,'2014-03-10 14:15:20'),(267,'53499900232371394435172','3341501264224',0,'0000-00-00 00:00:00'),(268,'53499900232371394435172','3341500039472',1,'2014-03-10 14:07:54'),(269,'53499900232371394435172','3349900238771',1,'2014-03-10 14:08:43'),(270,'53499900232371394435172','1341500008635',1,'2014-03-10 14:10:27'),(271,'53499900232371394435172','3341100646851',1,'2014-03-10 14:10:36'),(272,'53499900232371394435172','3461200319215',1,'2014-03-10 14:10:05'),(273,'53499900232371394435172','3609900921436',1,'2014-03-11 15:16:59'),(274,'53499900232371394435172','1349900152749',1,'2014-03-10 14:07:56'),(275,'53499900232371394435172','1342100041351',1,'2014-03-10 14:17:07'),(276,'53499900232371394435172','5342290009561',0,'0000-00-00 00:00:00'),(277,'33499001265581394435129','3341500367682',0,'0000-00-00 00:00:00'),(278,'33499001265581394435129','3341500018921',0,'0000-00-00 00:00:00'),(279,'33499001265581394435129','3430500228524',1,'2014-03-11 09:02:13'),(280,'33499001265581394435129','1330800123561',1,'2014-03-10 14:08:57'),(281,'33499001265581394435129','3341600861255',1,'2014-03-10 14:12:34'),(282,'33499001265581394435129','5349990023237',1,'2014-03-10 14:09:16'),(283,'33499001265581394435129','3341901446796',0,'0000-00-00 00:00:00'),(284,'33499001265581394435129','3349800101758',1,'2014-03-10 14:11:35'),(285,'33499001265581394435129','3341501264224',0,'0000-00-00 00:00:00'),(286,'33499001265581394435129','3341500039472',1,'2014-03-10 14:15:49'),(287,'33499001265581394435129','3349900238771',1,'2014-03-10 14:09:21'),(288,'33499001265581394435129','1341500008635',1,'2014-03-10 14:10:56'),(289,'33499001265581394435129','3341100646851',0,'0000-00-00 00:00:00'),(290,'33499001265581394435129','3461200319215',1,'2014-03-10 14:11:21'),(291,'33499001265581394435129','3609900921436',1,'2014-03-11 15:16:53'),(292,'33499001265581394435129','1349900152749',1,'2014-03-10 14:08:41'),(293,'33499001265581394435129','1342100041351',1,'2014-03-10 14:17:10'),(294,'33499001265581394435129','5342290009561',0,'0000-00-00 00:00:00'),(809,'33499002387711403664117','1330800123561',1,'2014-06-25 13:41:01'),(800,'33499002387711403664038','3341100646851',0,'0000-00-00 00:00:00'),(295,'33415000394721394435365','3461200319215',1,'2014-03-10 14:12:38'),(296,'36099009214361394435376','3341501264224',0,'0000-00-00 00:00:00'),(297,'33416008612551394435359','3341500367682',1,'2014-03-11 10:59:14'),(298,'33416008612551394435359','3341500018921',0,'0000-00-00 00:00:00'),(299,'33416008612551394435359','3430500228524',1,'2014-03-11 09:02:06'),(300,'33416008612551394435359','1330800123561',1,'2014-03-10 14:14:23'),(301,'33416008612551394435359','3349900126558',0,'0000-00-00 00:00:00'),(302,'33416008612551394435359','5349990023237',1,'2014-03-10 14:13:42'),(303,'33416008612551394435359','3341901446796',0,'0000-00-00 00:00:00'),(304,'33416008612551394435359','3349800101758',1,'2014-03-10 14:11:51'),(305,'33416008612551394435359','3341501264224',0,'0000-00-00 00:00:00'),(306,'33416008612551394435359','3341500039472',1,'2014-03-10 14:15:00'),(307,'33416008612551394435359','3349900238771',1,'2014-03-10 14:21:05'),(308,'33416008612551394435359','1341500008635',1,'2014-03-10 14:12:46'),(309,'33416008612551394435359','3341100646851',0,'0000-00-00 00:00:00'),(310,'33416008612551394435359','3461200319215',1,'2014-03-10 14:16:41'),(311,'33416008612551394435359','3609900921436',1,'2014-03-11 11:02:15'),(312,'33416008612551394435359','1349900152749',1,'2014-03-10 14:43:13'),(313,'33416008612551394435359','1342100041351',1,'2014-03-10 14:17:13'),(314,'33416008612551394435359','5342290009561',0,'0000-00-00 00:00:00'),(806,'33499002387711403664117','3341500367682',0,'0000-00-00 00:00:00'),(315,'34305002285241394435535','1330800123561',1,'2014-03-10 14:15:53'),(803,'33499002387711403664038','1349900152749',0,'0000-00-00 00:00:00'),(795,'33499002387711403664038','3341901446796',0,'0000-00-00 00:00:00'),(316,'33415000394721394436216','3461200319215',0,'0000-00-00 00:00:00'),(317,'33415000394721394436216','3349900238771',0,'0000-00-00 00:00:00'),(318,'33415000394721394436642','3461200319215',1,'2014-03-10 14:35:15'),(319,'33415000394721394436806','1349900152749',1,'2014-03-10 14:39:00'),(320,'33415000394721394437125','3349800101758',0,'0000-00-00 00:00:00'),(321,'34612003192151394437194','3349800101758',0,'0000-00-00 00:00:00'),(322,'33415000394721394437125','5349990023237',0,'0000-00-00 00:00:00'),(323,'33415000394721394437805','3349800101758',0,'0000-00-00 00:00:00'),(324,'34612003192151394437194','3341500039472',1,'2014-03-10 14:56:29'),(325,'34612003192151394438083','3341500039472',1,'2014-03-10 14:57:35'),(326,'34612003192151394438343','3341500039472',1,'2014-03-11 10:55:52'),(327,'34612003192151394438475','3341500039472',1,'2014-03-11 08:50:15'),(328,'13421000413511394504943','3461200319215',1,'2014-03-11 11:01:10'),(329,'13421000413511394504943','3341500039472',1,'2014-03-11 09:31:02'),(330,'13421000413511394504943','3349800101758',1,'2014-03-11 09:31:59'),(331,'33416008612551394505031','3341500367682',1,'2014-03-11 10:58:12'),(332,'33416008612551394505031','3341500018921',0,'0000-00-00 00:00:00'),(333,'33416008612551394505031','3430500228524',1,'2014-03-11 10:07:21'),(334,'33416008612551394505031','1330800123561',1,'2014-03-11 09:33:15'),(335,'33416008612551394505031','3349900126558',0,'0000-00-00 00:00:00'),(336,'33416008612551394505031','5349990023237',1,'2014-03-28 09:20:11'),(337,'33416008612551394505031','3341901446796',0,'0000-00-00 00:00:00'),(338,'33416008612551394505031','3349800101758',0,'0000-00-00 00:00:00'),(339,'33416008612551394505031','3341501264224',0,'0000-00-00 00:00:00'),(340,'33416008612551394505031','3341500039472',1,'2014-03-11 09:36:50'),(341,'33416008612551394505031','3349900238771',1,'2014-03-11 09:37:16'),(342,'33416008612551394505031','1341500008635',1,'2014-03-11 09:39:26'),(343,'33416008612551394505031','3341100646851',0,'0000-00-00 00:00:00'),(344,'33416008612551394505031','3461200319215',1,'2014-03-11 11:00:23'),(345,'33416008612551394505031','3609900921436',1,'2014-03-11 11:01:36'),(346,'33416008612551394505031','1349900152749',1,'2014-03-11 09:33:17'),(347,'33416008612551394505031','1342100041351',1,'2014-03-11 09:35:10'),(348,'33416008612551394505031','5342290009561',0,'0000-00-00 00:00:00'),(793,'33499002387711403664038','3341600861255',0,'0000-00-00 00:00:00'),(792,'33499002387711403664038','3349900126558',0,'0000-00-00 00:00:00'),(790,'33499002387711403664038','3430500228524',0,'0000-00-00 00:00:00'),(787,'33499002387711403604578','5342290009561',0,'0000-00-00 00:00:00'),(785,'33499002387711403604578','1349900152749',0,'0000-00-00 00:00:00'),(784,'33499002387711403604578','3609900921436',1,'2014-10-01 14:19:20'),(782,'33499002387711403604578','3341100646851',0,'0000-00-00 00:00:00'),(778,'33499002387711403604578','3349800101758',0,'0000-00-00 00:00:00'),(777,'33499002387711403604578','3341901446796',0,'0000-00-00 00:00:00'),(779,'33499002387711403604578','3341501264224',0,'0000-00-00 00:00:00'),(786,'33499002387711403604578','1342100041351',1,'2014-06-26 14:49:34'),(783,'33499002387711403604578','3461200319215',1,'2014-10-07 14:35:06'),(789,'33499002387711403664038','3341500018921',0,'0000-00-00 00:00:00'),(367,'33415003676821394507081','3349900126558',0,'0000-00-00 00:00:00'),(368,'13421000413511394507125','3349900238771',0,'0000-00-00 00:00:00'),(369,'13421000413511394507166','3349900238771',0,'0000-00-00 00:00:00'),(791,'33499002387711403664038','1330800123561',1,'2014-06-25 13:40:58'),(370,'34305002285241394507426','3349900238771',1,'2014-03-11 10:36:56'),(781,'33499002387711403604578','1341500008635',1,'2014-06-25 13:14:58'),(780,'33499002387711403604578','3341500039472',1,'2014-07-15 21:01:24'),(371,'53499900232371394510358','3349900238771',1,'2014-03-11 11:07:40'),(372,'33416008612551394510698','1330800123561',1,'2014-03-11 11:08:51'),(373,'33416008612551394510824','3349800101758',1,'2014-03-28 11:59:26'),(374,'33416008612551394510889','3341100646851',0,'0000-00-00 00:00:00'),(375,'33416008612551394510889','3341500367682',1,'2014-03-28 11:13:02'),(376,'33416008612551394510889','3341500018921',1,'2014-03-28 09:10:08'),(377,'33416008612551394510889','3430500228524',1,'2014-03-11 12:56:06'),(378,'33416008612551394510889','1330800123561',1,'2014-03-11 12:46:03'),(379,'33416008612551394510889','3349900126558',1,'2014-03-11 14:26:39'),(380,'33416008612551394510889','5349990023237',1,'2014-03-11 14:56:57'),(381,'33416008612551394510889','3341901446796',1,'2014-03-28 10:55:06'),(382,'33416008612551394510889','3349800101758',0,'0000-00-00 00:00:00'),(383,'33416008612551394510889','3341501264224',1,'2014-03-11 12:56:15'),(384,'33416008612551394510889','3341500039472',1,'2014-03-11 11:46:39'),(385,'33416008612551394510889','3349900238771',1,'2014-03-11 11:22:50'),(386,'33416008612551394510889','1341500008635',1,'2014-03-11 13:43:58'),(387,'33416008612551394510889','3341100646851',0,'0000-00-00 00:00:00'),(388,'33416008612551394510889','3461200319215',1,'2014-03-11 14:01:28'),(389,'33416008612551394510889','3609900921436',1,'2014-03-11 13:41:36'),(390,'33416008612551394510889','1349900152749',1,'2014-03-11 11:26:06'),(391,'33416008612551394510889','1342100041351',1,'2014-03-11 13:29:49'),(392,'33416008612551394510889','5342290009561',0,'0000-00-00 00:00:00'),(393,'33416008612551394510889','3341500367682',1,'2014-03-28 11:13:02'),(394,'33416008612551394510889','3341500018921',1,'2014-03-28 09:10:08'),(395,'33416008612551394510889','3430500228524',1,'2014-03-11 12:56:06'),(396,'33416008612551394510889','1330800123561',1,'2014-03-11 12:46:03'),(397,'33416008612551394510889','3349900126558',1,'2014-03-11 14:26:39'),(398,'33416008612551394510889','5349990023237',1,'2014-03-11 14:56:57'),(399,'33416008612551394510889','3341901446796',1,'2014-03-28 10:55:06'),(400,'33416008612551394510889','3349800101758',0,'0000-00-00 00:00:00'),(401,'33416008612551394510889','3341501264224',1,'2014-03-11 12:56:15'),(402,'33416008612551394510889','3341500039472',1,'2014-03-11 11:46:39'),(403,'33416008612551394510889','3349900238771',1,'2014-03-11 11:22:50'),(404,'33416008612551394510889','1341500008635',1,'2014-03-11 13:43:58'),(405,'33416008612551394510889','3341100646851',0,'0000-00-00 00:00:00'),(406,'33416008612551394510889','3461200319215',1,'2014-03-11 14:01:28'),(407,'33416008612551394510889','3609900921436',1,'2014-03-11 13:41:36'),(408,'33416008612551394510889','1349900152749',1,'2014-03-11 11:26:06'),(409,'33416008612551394510889','1342100041351',1,'2014-03-11 13:29:49'),(410,'33416008612551394510889','5342290009561',0,'0000-00-00 00:00:00'),(788,'33499002387711403664038','3341500367682',0,'0000-00-00 00:00:00'),(714,'33499002387711400666018','3349900126558',1,'2014-05-22 11:16:17'),(712,'33499002387711400666018','3430500228524',1,'2014-05-27 08:29:45'),(711,'33499002387711400666018','3341500018921',1,'2014-05-22 09:42:17'),(709,'53499900232371400574962','3349900238771',1,'2014-05-20 15:40:59'),(429,'33415012642241394517039','1341500008635',1,'2014-03-11 13:42:02'),(430,'33415012642241394517039','3349900238771',1,'2014-03-11 13:06:05'),(431,'33415012642241394517039','3341500039472',1,'2014-03-11 13:04:44'),(432,'33415012642241394517039','3430500228524',1,'2014-03-11 12:57:19'),(433,'33415012642241394517039','1349900152749',1,'2014-03-28 09:26:45'),(434,'33499001265581394523077','3341100646851',0,'0000-00-00 00:00:00'),(435,'33499001265581394523077','3349900238771',1,'2014-03-11 14:52:12'),(436,'33499001265581394523077','1330800123561',1,'2014-03-11 14:38:00'),(437,'33499001265581394523077','3341600861255',1,'2014-03-11 14:44:02'),(807,'33499002387711403664117','3341500018921',0,'0000-00-00 00:00:00'),(710,'33499002387711400666018','3341500367682',0,'0000-00-00 00:00:00'),(797,'33499002387711403664038','3341501264224',0,'0000-00-00 00:00:00'),(438,'33499002387711395822791','3341500367682',1,'2014-03-28 11:13:59'),(439,'33499002387711395822791','3341500018921',1,'2014-03-28 09:11:08'),(440,'33499002387711395822791','3430500228524',1,'2014-05-21 15:07:21'),(441,'33499002387711395822791','1330800123561',1,'2014-03-28 09:11:05'),(442,'33499002387711395822791','3349900126558',0,'0000-00-00 00:00:00'),(443,'33499002387711395822791','3341600861255',1,'2014-03-28 08:55:05'),(444,'33499002387711395822791','5349990023237',1,'2014-03-28 09:16:42'),(445,'33499002387711395822791','3341901446796',1,'2014-03-28 10:56:10'),(446,'33499002387711395822791','3349800101758',0,'0000-00-00 00:00:00'),(447,'33499002387711395822791','3341501264224',1,'2014-03-28 09:11:52'),(448,'33499002387711395822791','3341500039472',1,'2014-03-28 10:51:17'),(449,'33499002387711395822791','1341500008635',1,'2014-03-28 09:11:07'),(450,'33499002387711395822791','3341100646851',0,'0000-00-00 00:00:00'),(451,'33499002387711395822791','3461200319215',1,'2014-03-28 10:20:34'),(452,'33499002387711395822791','3609900921436',1,'2014-04-09 08:49:59'),(453,'33499002387711395822791','1349900152749',1,'2014-03-28 09:27:05'),(454,'33499002387711395822791','1342100041351',1,'2014-03-28 10:14:25'),(455,'33499002387711395822791','5342290009561',0,'0000-00-00 00:00:00'),(713,'33499002387711400666018','1330800123561',1,'2014-05-22 10:43:25'),(776,'33499002387711403604578','5349990023237',1,'2014-06-26 13:09:49'),(775,'33499002387711403604578','3341600861255',1,'2014-06-24 22:40:39'),(774,'33499002387711403604578','3349900126558',1,'2014-06-25 13:35:20'),(773,'33499002387711403604578','1330800123561',1,'2014-06-24 21:07:49'),(766,'33499002387711403061473','3609900921436',0,'0000-00-00 00:00:00'),(765,'33499002387711403061473','3461200319215',1,'2014-10-07 14:21:24'),(764,'33499002387711403061473','3341100646851',0,'0000-00-00 00:00:00'),(763,'33499002387711403061473','1341500008635',1,'2014-06-25 13:13:44'),(762,'33499002387711403061473','3341500039472',1,'2014-07-15 21:05:40'),(761,'33499002387711403061473','3341501264224',0,'0000-00-00 00:00:00'),(767,'33499002387711403061473','1349900152749',0,'0000-00-00 00:00:00'),(760,'33499002387711403061473','3349800101758',0,'0000-00-00 00:00:00'),(759,'33499002387711403061473','3341901446796',0,'0000-00-00 00:00:00'),(758,'33499002387711403061473','5349990023237',1,'2014-06-21 09:56:44'),(756,'33499002387711403061473','3349900126558',1,'2014-06-25 13:39:17'),(752,'33499002387711403061473','3341500367682',0,'0000-00-00 00:00:00'),(751,'33415000189211402889247','3341501264224',0,'0000-00-00 00:00:00'),(747,'53499900232371401694626','3341500018921',0,'0000-00-00 00:00:00'),(746,'53499900232371401693409','3341500018921',0,'0000-00-00 00:00:00'),(743,'33415000189211400726347','1349900152749',0,'0000-00-00 00:00:00'),(740,'33415000189211400726347','3341100646851',0,'0000-00-00 00:00:00'),(739,'33415000189211400726347','1341500008635',0,'0000-00-00 00:00:00'),(737,'33415000189211400726347','3341500039472',1,'2014-06-03 16:31:03'),(734,'33415000189211400726347','3341901446796',0,'0000-00-00 00:00:00'),(733,'33415000189211400726347','5349990023237',1,'2014-05-27 14:51:15'),(510,'53499900232371395976226','3341500367682',0,'0000-00-00 00:00:00'),(511,'53499900232371395976226','3341500018921',1,'2014-05-22 09:38:11'),(512,'53499900232371395976226','3430500228524',1,'2014-05-21 10:20:58'),(513,'53499900232371395976226','1330800123561',1,'2014-03-28 10:24:22'),(514,'53499900232371395976226','3349900126558',0,'0000-00-00 00:00:00'),(515,'53499900232371395976226','3341600861255',1,'2014-03-29 05:54:50'),(516,'53499900232371395976226','3341901446796',1,'2014-03-28 11:01:03'),(517,'53499900232371395976226','3349800101758',0,'0000-00-00 00:00:00'),(518,'53499900232371395976226','3341501264224',1,'2014-03-28 10:29:24'),(519,'53499900232371395976226','3341500039472',1,'2014-03-28 10:54:21'),(520,'53499900232371395976226','3349900238771',1,'2014-04-12 00:13:15'),(521,'53499900232371395976226','1341500008635',1,'2014-03-28 10:25:39'),(522,'53499900232371395976226','3341100646851',0,'0000-00-00 00:00:00'),(523,'53499900232371395976226','3461200319215',1,'2014-03-28 10:24:05'),(524,'53499900232371395976226','3609900921436',1,'2014-04-09 08:48:48'),(525,'53499900232371395976226','1349900152749',1,'2014-05-16 13:43:54'),(526,'53499900232371395976226','1342100041351',1,'2014-03-28 11:54:05'),(527,'53499900232371395976226','5342290009561',0,'0000-00-00 00:00:00'),(770,'33499002387711403604578','3341500367682',0,'0000-00-00 00:00:00'),(528,'33415003676821395976701','1341500008635',0,'0000-00-00 00:00:00'),(757,'33499002387711403061473','3341600861255',1,'2014-06-24 05:54:10'),(754,'33499002387711403061473','3430500228524',1,'2014-07-25 09:29:15'),(745,'33415000189211400726347','5342290009561',0,'0000-00-00 00:00:00'),(738,'33415000189211400726347','3349900238771',1,'2014-05-22 12:09:36'),(529,'33415000189211395976990','3341501264224',1,'2014-03-28 10:28:25'),(530,'33415012642241395977027','3341500367682',0,'0000-00-00 00:00:00'),(531,'33415012642241395977027','3341500018921',1,'2014-05-16 16:17:08'),(532,'33415012642241395977027','3430500228524',1,'2014-05-21 10:20:31'),(533,'33415012642241395977027','1330800123561',1,'2014-03-28 10:46:11'),(534,'33415012642241395977027','3349900126558',1,'2014-03-28 13:21:48'),(535,'33415012642241395977027','3341600861255',1,'2014-05-14 23:00:24'),(536,'33415012642241395977027','5349990023237',1,'2014-03-28 10:42:14'),(537,'33415012642241395977027','3341901446796',1,'2014-03-28 11:01:25'),(538,'33415012642241395977027','3349800101758',0,'0000-00-00 00:00:00'),(539,'33415012642241395977027','3341500039472',1,'2014-03-28 10:47:44'),(540,'33415012642241395977027','3349900238771',1,'2014-04-12 00:13:29'),(541,'33415012642241395977027','1341500008635',0,'0000-00-00 00:00:00'),(542,'33415012642241395977027','3341100646851',0,'0000-00-00 00:00:00'),(543,'33415012642241395977027','3461200319215',1,'2014-03-28 10:30:37'),(544,'33415012642241395977027','3609900921436',1,'2014-04-09 08:50:12'),(545,'33415012642241395977027','1349900152749',1,'2014-05-16 10:10:53'),(546,'33415012642241395977027','1342100041351',1,'2014-03-28 11:50:58'),(547,'33415012642241395977027','5342290009561',0,'0000-00-00 00:00:00'),(769,'33499002387711403061473','5342290009561',0,'0000-00-00 00:00:00'),(742,'33415000189211400726347','3609900921436',0,'0000-00-00 00:00:00'),(548,'33415003676821395977498','1341500008635',1,'2014-03-28 10:35:42'),(549,'53499900232371395978147','3341501264224',1,'2014-03-28 11:15:22'),(550,'33415000394721395978474','3341501264224',1,'2014-03-28 11:15:52'),(829,'33499002387711403664165','3341600861255',0,'0000-00-00 00:00:00'),(828,'33499002387711403664165','3349900126558',0,'0000-00-00 00:00:00'),(827,'33499002387711403664165','1330800123561',1,'2014-06-25 13:41:05'),(825,'33499002387711403664165','3341500018921',0,'0000-00-00 00:00:00'),(820,'33499002387711403664117','3609900921436',0,'0000-00-00 00:00:00'),(817,'33499002387711403664117','1341500008635',0,'0000-00-00 00:00:00'),(816,'33499002387711403664117','3341500039472',1,'2014-07-21 20:27:58'),(815,'33499002387711403664117','3341501264224',0,'0000-00-00 00:00:00'),(812,'33499002387711403664117','5349990023237',0,'0000-00-00 00:00:00'),(819,'33499002387711403664117','3461200319215',1,'2014-10-07 14:36:53'),(823,'33499002387711403664117','5342290009561',0,'0000-00-00 00:00:00'),(741,'33415000189211400726347','3461200319215',1,'2014-10-07 14:21:19'),(768,'33499002387711403061473','1342100041351',1,'2014-06-26 14:48:36'),(753,'33499002387711403061473','3341500018921',1,'2014-06-19 14:56:13'),(744,'33415000189211400726347','1342100041351',1,'2014-06-16 23:08:23'),(826,'33499002387711403664165','3430500228524',0,'0000-00-00 00:00:00'),(822,'33499002387711403664117','1342100041351',1,'2015-03-26 17:00:47'),(569,'33419014467961395979589','3341501264224',1,'2014-03-28 11:16:32'),(813,'33499002387711403664117','3341901446796',0,'0000-00-00 00:00:00'),(570,'34612003192151395980000','3341501264224',1,'2014-03-28 11:16:53'),(732,'33415000189211400726347','3341600861255',1,'2014-06-24 05:53:56'),(731,'33415000189211400726347','3349900126558',1,'2014-05-22 11:15:59'),(730,'33415000189211400726347','1330800123561',1,'2014-05-22 10:45:36'),(728,'33415000189211400726347','3341500367682',0,'0000-00-00 00:00:00'),(726,'33499002387711400666018','1342100041351',1,'2014-06-16 23:08:48'),(723,'33499002387711400666018','3461200319215',1,'2014-10-07 14:40:15'),(589,'33498001017581395980053','3341501264224',1,'2014-03-28 11:16:44'),(590,'33498001017581395980053','3461200319215',1,'2014-03-28 11:30:25'),(591,'33498001017581395980053','3341500367682',0,'0000-00-00 00:00:00'),(592,'33498001017581395980053','3341500018921',0,'0000-00-00 00:00:00'),(593,'33498001017581395980053','3349900126558',1,'2014-03-28 13:04:22'),(594,'33498001017581395980053','1342100041351',1,'2014-03-28 11:49:08'),(721,'33499002387711400666018','1341500008635',1,'2014-06-10 20:30:48'),(729,'33415000189211400726347','3430500228524',1,'2014-06-02 10:39:47'),(725,'33499002387711400666018','1349900152749',0,'0000-00-00 00:00:00'),(722,'33499002387711400666018','3341100646851',0,'0000-00-00 00:00:00'),(724,'33499002387711400666018','3609900921436',0,'0000-00-00 00:00:00'),(718,'33499002387711400666018','3349800101758',0,'0000-00-00 00:00:00'),(595,'33411006468511395979904','3341501264224',1,'2014-03-28 11:39:47'),(596,'33411006468511395981104','3341500367682',1,'2014-03-28 11:51:58'),(597,'13421000413511395981894','3349900238771',1,'2014-03-28 13:17:40'),(748,'53499900232371401697377','3341500018921',1,'2014-06-10 13:34:41'),(715,'33499002387711400666018','3341600861255',1,'2014-06-24 05:53:51'),(598,'13421000413511395982273','3341501264224',0,'0000-00-00 00:00:00'),(599,'33498001017581395982243','3341500367682',0,'0000-00-00 00:00:00'),(719,'33499002387711400666018','3341501264224',0,'0000-00-00 00:00:00'),(600,'33415003676821395982424','3349800101758',1,'2014-03-28 11:59:58'),(720,'33499002387711400666018','3341500039472',1,'2014-05-22 09:07:15'),(821,'33499002387711403664117','1349900152749',0,'0000-00-00 00:00:00'),(818,'33499002387711403664117','3341100646851',0,'0000-00-00 00:00:00'),(601,'33499001265581395986745','3349800101758',0,'0000-00-00 00:00:00'),(602,'33499001265581395986932','3349900238771',1,'2014-03-28 14:27:48'),(716,'33499002387711400666018','5349990023237',1,'2014-05-27 14:51:29'),(749,'53499900232371401697511','3341500018921',0,'0000-00-00 00:00:00'),(772,'33499002387711403604578','3430500228524',1,'2014-09-12 08:35:37'),(603,'53499900232371395990351','3349900238771',1,'2014-03-28 14:25:00'),(735,'33415000189211400726347','3349800101758',0,'0000-00-00 00:00:00'),(604,'13421000413511395991514','3349900238771',1,'2014-03-28 14:27:33'),(605,'13499001527491395991665','3349900238771',1,'2014-03-28 14:55:31'),(606,'33415000189211395991979','3349900238771',1,'2014-03-28 14:36:32'),(607,'53499900232371395992971','3349900238771',1,'2014-03-28 14:51:55'),(608,'53499900232371395993154','3349900238771',1,'2014-03-28 14:54:24'),(771,'33499002387711403604578','3341500018921',0,'0000-00-00 00:00:00'),(755,'33499002387711403061473','1330800123561',1,'2014-06-18 13:58:00'),(824,'33499002387711403664165','3341500367682',0,'0000-00-00 00:00:00'),(727,'33499002387711400666018','5342290009561',0,'0000-00-00 00:00:00'),(609,'33415003676821396688167','3349900238771',1,'2014-04-08 19:50:15'),(610,'33499001265581397007129','3349900238771',1,'2014-04-09 09:20:52'),(611,'33499001265581397007129','3341600861255',0,'0000-00-00 00:00:00'),(612,'33499001265581397007383','3349900238771',1,'2014-04-09 09:21:12'),(613,'33499001265581397007383','3341600861255',0,'0000-00-00 00:00:00'),(717,'33499002387711400666018','3341901446796',0,'0000-00-00 00:00:00'),(736,'33415000189211400726347','3341501264224',0,'0000-00-00 00:00:00'),(614,'33499002387711397736004','3341500367682',0,'0000-00-00 00:00:00'),(615,'33499002387711397736004','3341500018921',1,'2014-05-28 10:48:03'),(616,'33499002387711397736004','3430500228524',1,'2014-05-21 15:06:37'),(617,'33499002387711397736004','1330800123561',1,'2014-05-19 17:51:22'),(618,'33499002387711397736004','3349900126558',0,'0000-00-00 00:00:00'),(619,'33499002387711397736004','3341600861255',1,'2014-04-27 12:43:47'),(620,'33499002387711397736004','5349990023237',1,'2014-04-29 20:48:21'),(621,'33499002387711397736004','3341901446796',0,'0000-00-00 00:00:00'),(622,'33499002387711397736004','3349800101758',0,'0000-00-00 00:00:00'),(623,'33499002387711397736004','3341501264224',0,'0000-00-00 00:00:00'),(624,'33499002387711397736004','3341500039472',1,'2014-04-18 11:10:05'),(625,'33499002387711397736004','1341500008635',1,'2014-05-04 09:02:08'),(626,'33499002387711397736004','3341100646851',0,'0000-00-00 00:00:00'),(627,'33499002387711397736004','3461200319215',1,'2014-05-05 16:14:42'),(628,'33499002387711397736004','3609900921436',0,'0000-00-00 00:00:00'),(629,'33499002387711397736004','1349900152749',1,'2014-05-16 13:43:06'),(630,'33499002387711397736004','1342100041351',0,'0000-00-00 00:00:00'),(631,'33499002387711397736004','5342290009561',0,'0000-00-00 00:00:00'),(632,'33415000394721397794878','3461200319215',1,'2014-05-05 16:12:12'),(633,'53499900232371398779545','3349900238771',0,'0000-00-00 00:00:00'),(634,'33499002387711399450936','3341500367682',0,'0000-00-00 00:00:00'),(635,'33499002387711399450936','3341500018921',1,'2014-06-10 13:35:37'),(636,'33499002387711399450936','3430500228524',1,'2014-05-21 15:05:56'),(637,'33499002387711399450936','1330800123561',1,'2014-05-19 17:54:15'),(638,'33499002387711399450936','3349900126558',1,'2014-05-16 11:50:18'),(639,'33499002387711399450936','3341600861255',1,'2014-05-13 09:13:27'),(640,'33499002387711399450936','5349990023237',1,'2014-05-13 08:54:52'),(641,'33499002387711399450936','3341901446796',0,'0000-00-00 00:00:00'),(642,'33499002387711399450936','3349800101758',0,'0000-00-00 00:00:00'),(643,'33499002387711399450936','3341501264224',0,'0000-00-00 00:00:00'),(644,'33499002387711399450936','3341500039472',1,'2014-05-16 10:09:29'),(645,'33499002387711399450936','1341500008635',1,'2014-05-19 08:54:20'),(646,'33499002387711399450936','3341100646851',0,'0000-00-00 00:00:00'),(647,'33499002387711399450936','3461200319215',1,'2014-10-07 14:39:47'),(648,'33499002387711399450936','3609900921436',1,'2014-08-07 11:40:44'),(649,'33499002387711399450936','1349900152749',1,'2014-05-16 10:10:01'),(650,'33499002387711399450936','1342100041351',0,'0000-00-00 00:00:00'),(651,'33499002387711399450936','5342290009561',0,'0000-00-00 00:00:00'),(652,'33416008612551399607389','3349900238771',1,'2014-05-09 13:42:25'),(653,'33499002387711399614506','1349900152749',1,'2014-05-16 10:17:42'),(654,'33499002387711399965874','3341500367682',0,'0000-00-00 00:00:00'),(655,'33499002387711399965874','3341500018921',1,'2014-05-16 16:14:18'),(656,'33499002387711399965874','3430500228524',1,'2014-05-21 15:00:53'),(657,'33499002387711399965874','1330800123561',1,'2014-05-19 17:54:55'),(658,'33499002387711399965874','3349900126558',1,'2014-05-22 11:23:38'),(659,'33499002387711399965874','3341600861255',1,'2014-05-14 19:21:26'),(660,'33499002387711399965874','5349990023237',1,'2014-05-13 14:30:13'),(661,'33499002387711399965874','3341901446796',0,'0000-00-00 00:00:00'),(662,'33499002387711399965874','3349800101758',0,'0000-00-00 00:00:00'),(663,'33499002387711399965874','3341501264224',0,'0000-00-00 00:00:00'),(664,'33499002387711399965874','3341500039472',1,'2014-05-16 10:09:32'),(665,'33499002387711399965874','1341500008635',0,'0000-00-00 00:00:00'),(666,'33499002387711399965874','3341100646851',0,'0000-00-00 00:00:00'),(667,'33499002387711399965874','3461200319215',1,'2014-10-07 14:24:12'),(668,'33499002387711399965874','3609900921436',0,'0000-00-00 00:00:00'),(669,'33499002387711399965874','1349900152749',1,'2014-05-16 10:18:41'),(670,'33499002387711399965874','1342100041351',0,'0000-00-00 00:00:00'),(671,'33499002387711399965874','5342290009561',0,'0000-00-00 00:00:00'),(672,'13499001527491400209887','3341501264224',0,'0000-00-00 00:00:00'),(814,'33499002387711403664117','3349800101758',0,'0000-00-00 00:00:00'),(673,'33415000189211400231847','3341500367682',0,'0000-00-00 00:00:00'),(674,'33415000189211400231847','3430500228524',1,'2014-05-21 15:00:03'),(675,'33415000189211400231847','1330800123561',1,'2014-05-19 17:50:59'),(676,'33415000189211400231847','3349900126558',1,'2014-05-22 11:23:31'),(677,'33415000189211400231847','3341600861255',1,'2014-05-20 21:24:49'),(678,'33415000189211400231847','5349990023237',1,'2014-05-21 11:10:33'),(679,'33415000189211400231847','3341901446796',0,'0000-00-00 00:00:00'),(680,'33415000189211400231847','3349800101758',0,'0000-00-00 00:00:00'),(681,'33415000189211400231847','3341501264224',0,'0000-00-00 00:00:00'),(682,'33415000189211400231847','3341500039472',1,'2014-05-19 09:53:59'),(683,'33415000189211400231847','3349900238771',1,'2014-05-19 18:28:40'),(684,'33415000189211400231847','1341500008635',1,'2014-05-19 08:55:57'),(685,'33415000189211400231847','3341100646851',0,'0000-00-00 00:00:00'),(686,'33415000189211400231847','3461200319215',1,'2014-10-07 14:49:06'),(687,'33415000189211400231847','3609900921436',0,'0000-00-00 00:00:00'),(688,'33415000189211400231847','1349900152749',1,'2014-06-13 10:23:37'),(689,'33415000189211400231847','1342100041351',0,'0000-00-00 00:00:00'),(690,'33415000189211400231847','5342290009561',0,'0000-00-00 00:00:00'),(691,'33499002387711400501923','3341500367682',0,'0000-00-00 00:00:00'),(692,'33499002387711400501923','3341500018921',1,'2014-05-22 10:29:22'),(693,'33499002387711400501923','3430500228524',1,'2014-05-21 10:21:48'),(694,'33499002387711400501923','1330800123561',1,'2014-05-20 15:22:01'),(695,'33499002387711400501923','3349900126558',1,'2014-06-16 10:16:14'),(696,'33499002387711400501923','3341600861255',1,'2014-05-20 21:25:13'),(697,'33499002387711400501923','5349990023237',1,'2014-05-21 11:11:22'),(698,'33499002387711400501923','3341901446796',0,'0000-00-00 00:00:00'),(699,'33499002387711400501923','3349800101758',0,'0000-00-00 00:00:00'),(700,'33499002387711400501923','3341501264224',0,'0000-00-00 00:00:00'),(701,'33499002387711400501923','3341500039472',1,'2014-05-19 20:50:12'),(702,'33499002387711400501923','1341500008635',1,'2014-05-21 10:18:24'),(703,'33499002387711400501923','3341100646851',0,'0000-00-00 00:00:00'),(704,'33499002387711400501923','3461200319215',1,'2014-10-07 14:39:58'),(705,'33499002387711400501923','3609900921436',0,'0000-00-00 00:00:00'),(706,'33499002387711400501923','1349900152749',1,'2014-06-13 10:24:00'),(707,'33499002387711400501923','1342100041351',1,'2014-06-16 23:06:51'),(708,'33499002387711400501923','5342290009561',0,'0000-00-00 00:00:00'),(830,'33499002387711403664165','5349990023237',0,'0000-00-00 00:00:00'),(831,'33499002387711403664165','3341901446796',0,'0000-00-00 00:00:00'),(832,'33499002387711403664165','3349800101758',0,'0000-00-00 00:00:00'),(833,'33499002387711403664165','3341501264224',0,'0000-00-00 00:00:00'),(834,'33499002387711403664165','3341500039472',1,'2014-07-15 21:05:01'),(835,'33499002387711403664165','1341500008635',0,'0000-00-00 00:00:00'),(836,'33499002387711403664165','3341100646851',0,'0000-00-00 00:00:00'),(837,'33499002387711403664165','3461200319215',1,'2014-10-07 14:38:09'),(838,'33499002387711403664165','3609900921436',0,'0000-00-00 00:00:00'),(839,'33499002387711403664165','1349900152749',0,'0000-00-00 00:00:00'),(840,'33499002387711403664165','1342100041351',0,'0000-00-00 00:00:00'),(841,'33499002387711403664165','5342290009561',0,'0000-00-00 00:00:00'),(842,'33499002387711403664208','3341500367682',0,'0000-00-00 00:00:00'),(843,'33499002387711403664208','3341500018921',0,'0000-00-00 00:00:00'),(844,'33499002387711403664208','3430500228524',1,'2014-07-24 15:09:15'),(845,'33499002387711403664208','1330800123561',1,'2014-06-25 13:41:08'),(846,'33499002387711403664208','3349900126558',0,'0000-00-00 00:00:00'),(847,'33499002387711403664208','3341600861255',0,'0000-00-00 00:00:00'),(848,'33499002387711403664208','5349990023237',0,'0000-00-00 00:00:00'),(849,'33499002387711403664208','3341901446796',0,'0000-00-00 00:00:00'),(850,'33499002387711403664208','3349800101758',0,'0000-00-00 00:00:00'),(851,'33499002387711403664208','3341501264224',0,'0000-00-00 00:00:00'),(852,'33499002387711403664208','3341500039472',1,'2014-07-21 20:28:47'),(853,'33499002387711403664208','1341500008635',0,'0000-00-00 00:00:00'),(854,'33499002387711403664208','3341100646851',0,'0000-00-00 00:00:00'),(855,'33499002387711403664208','3461200319215',1,'2014-10-07 14:37:33'),(856,'33499002387711403664208','3609900921436',0,'0000-00-00 00:00:00'),(857,'33499002387711403664208','1349900152749',0,'0000-00-00 00:00:00'),(858,'33499002387711403664208','1342100041351',1,'2014-06-26 14:49:56'),(859,'33499002387711403664208','5342290009561',0,'0000-00-00 00:00:00'),(860,'33499002387711403664266','3341500367682',0,'0000-00-00 00:00:00'),(861,'33499002387711403664266','3341500018921',0,'0000-00-00 00:00:00'),(862,'33499002387711403664266','3430500228524',1,'2014-07-23 20:27:10'),(863,'33499002387711403664266','1330800123561',1,'2014-06-25 13:41:13'),(864,'33499002387711403664266','3349900126558',0,'0000-00-00 00:00:00'),(865,'33499002387711403664266','3341600861255',0,'0000-00-00 00:00:00'),(866,'33499002387711403664266','5349990023237',1,'2014-06-26 10:59:17'),(867,'33499002387711403664266','3341901446796',0,'0000-00-00 00:00:00'),(868,'33499002387711403664266','3349800101758',0,'0000-00-00 00:00:00'),(869,'33499002387711403664266','3341501264224',0,'0000-00-00 00:00:00'),(870,'33499002387711403664266','3341500039472',1,'2014-07-21 20:28:56'),(871,'33499002387711403664266','1341500008635',1,'2014-11-03 22:56:30'),(872,'33499002387711403664266','3341100646851',0,'0000-00-00 00:00:00'),(873,'33499002387711403664266','3461200319215',1,'2014-10-07 14:38:19'),(874,'33499002387711403664266','3609900921436',0,'0000-00-00 00:00:00'),(875,'33499002387711403664266','1349900152749',0,'0000-00-00 00:00:00'),(876,'33499002387711403664266','1342100041351',0,'0000-00-00 00:00:00'),(877,'33499002387711403664266','5342290009561',0,'0000-00-00 00:00:00'),(878,'33499002387711403664304','3341500367682',0,'0000-00-00 00:00:00'),(879,'33499002387711403664304','3341500018921',0,'0000-00-00 00:00:00'),(880,'33499002387711403664304','3430500228524',1,'2014-07-17 20:57:10'),(881,'33499002387711403664304','1330800123561',1,'2014-06-25 13:41:16'),(882,'33499002387711403664304','3349900126558',0,'0000-00-00 00:00:00'),(883,'33499002387711403664304','3341600861255',0,'0000-00-00 00:00:00'),(884,'33499002387711403664304','5349990023237',0,'0000-00-00 00:00:00'),(885,'33499002387711403664304','3341901446796',0,'0000-00-00 00:00:00'),(886,'33499002387711403664304','3349800101758',0,'0000-00-00 00:00:00'),(887,'33499002387711403664304','3341501264224',0,'0000-00-00 00:00:00'),(888,'33499002387711403664304','3341500039472',1,'2014-07-21 20:29:01'),(889,'33499002387711403664304','1341500008635',0,'0000-00-00 00:00:00'),(890,'33499002387711403664304','3341100646851',0,'0000-00-00 00:00:00'),(891,'33499002387711403664304','3461200319215',1,'2014-10-07 14:48:32'),(892,'33499002387711403664304','3609900921436',0,'0000-00-00 00:00:00'),(893,'33499002387711403664304','1349900152749',0,'0000-00-00 00:00:00'),(894,'33499002387711403664304','1342100041351',0,'0000-00-00 00:00:00'),(895,'33499002387711403664304','5342290009561',0,'0000-00-00 00:00:00'),(896,'36099009214361403669715','3349900238771',1,'2014-06-25 11:18:01'),(897,'33499002387711403678678','3341500367682',0,'0000-00-00 00:00:00'),(898,'33499002387711403678678','3341500018921',1,'2014-10-02 13:43:11'),(899,'33499002387711403678678','3430500228524',1,'2014-07-01 12:23:55'),(900,'33499002387711403678678','1330800123561',1,'2014-06-25 13:49:45'),(901,'33499002387711403678678','3349900126558',1,'2014-06-30 10:42:00'),(902,'33499002387711403678678','3341600861255',0,'0000-00-00 00:00:00'),(903,'33499002387711403678678','5349990023237',1,'2014-06-26 13:08:41'),(904,'33499002387711403678678','3341901446796',0,'0000-00-00 00:00:00'),(905,'33499002387711403678678','3349800101758',0,'0000-00-00 00:00:00'),(906,'33499002387711403678678','3341501264224',0,'0000-00-00 00:00:00'),(907,'33499002387711403678678','3341500039472',1,'2014-07-15 21:02:13'),(908,'33499002387711403678678','1341500008635',1,'2014-06-30 11:15:08'),(909,'33499002387711403678678','3341100646851',0,'0000-00-00 00:00:00'),(910,'33499002387711403678678','3461200319215',1,'2014-10-07 14:25:10'),(911,'33499002387711403678678','3609900921436',0,'0000-00-00 00:00:00'),(912,'33499002387711403678678','1349900152749',0,'0000-00-00 00:00:00'),(913,'33499002387711403678678','1342100041351',1,'2014-06-26 14:56:47'),(914,'33499002387711403678678','5342290009561',0,'0000-00-00 00:00:00'),(915,'13499001527491404264965','3341100646851',0,'0000-00-00 00:00:00'),(916,'13499001527491404264965','1341500008635',0,'0000-00-00 00:00:00'),(917,'13499001527491404264965','3349900238771',1,'2014-10-05 20:25:24'),(918,'13499001527491404264965','3341901446796',0,'0000-00-00 00:00:00'),(919,'13499001527491404264965','3341500018921',0,'0000-00-00 00:00:00'),(920,'13499001527491404264965','3430500228524',1,'2014-07-07 09:07:51'),(921,'13499001527491404264965','1330800123561',1,'2014-07-02 13:37:12'),(922,'13499001527491404264965','3341600861255',0,'0000-00-00 00:00:00'),(923,'13499001527491404264965','5349990023237',1,'2014-07-22 09:43:46'),(924,'13499001527491404264965','1342100041351',1,'2014-07-26 16:40:44'),(925,'33499002387711404456536','3341500367682',0,'0000-00-00 00:00:00'),(926,'33499002387711404456536','3341500018921',0,'0000-00-00 00:00:00'),(927,'33499002387711404456536','3430500228524',1,'2014-07-17 20:59:31'),(928,'33499002387711404456536','1330800123561',1,'2014-07-08 12:51:05'),(929,'33499002387711404456536','3349900126558',1,'2014-07-06 11:52:48'),(930,'33499002387711404456536','3341600861255',1,'2014-08-05 14:59:49'),(931,'33499002387711404456536','5349990023237',1,'2014-07-08 13:39:04'),(932,'33499002387711404456536','3341901446796',0,'0000-00-00 00:00:00'),(933,'33499002387711404456536','3349800101758',0,'0000-00-00 00:00:00'),(934,'33499002387711404456536','3341501264224',0,'0000-00-00 00:00:00'),(935,'33499002387711404456536','3341500039472',1,'2014-07-15 21:03:13'),(936,'33499002387711404456536','1341500008635',1,'2014-07-05 22:25:54'),(937,'33499002387711404456536','3341100646851',0,'0000-00-00 00:00:00'),(938,'33499002387711404456536','3461200319215',1,'2014-10-07 14:48:42'),(939,'33499002387711404456536','3609900921436',1,'2014-08-07 11:42:22'),(940,'33499002387711404456536','1349900152749',0,'0000-00-00 00:00:00'),(941,'33499002387711404456536','1342100041351',1,'2014-07-26 16:52:38'),(942,'33499002387711404456536','5342290009561',0,'0000-00-00 00:00:00'),(943,'33499002387711404798153','3341500367682',0,'0000-00-00 00:00:00'),(944,'33499002387711404798153','3341500018921',0,'0000-00-00 00:00:00'),(945,'33499002387711404798153','3430500228524',1,'2014-07-22 14:02:30'),(946,'33499002387711404798153','1330800123561',1,'2014-07-08 12:51:10'),(947,'33499002387711404798153','3349900126558',1,'2014-07-24 13:35:52'),(948,'33499002387711404798153','3341600861255',1,'2014-08-05 15:00:41'),(949,'33499002387711404798153','5349990023237',1,'2014-07-22 09:42:53'),(950,'33499002387711404798153','3341901446796',0,'0000-00-00 00:00:00'),(951,'33499002387711404798153','3349800101758',0,'0000-00-00 00:00:00'),(952,'33499002387711404798153','3341501264224',0,'0000-00-00 00:00:00'),(953,'33499002387711404798153','3341500039472',1,'2014-07-15 21:03:57'),(954,'33499002387711404798153','1341500008635',0,'0000-00-00 00:00:00'),(955,'33499002387711404798153','3341100646851',0,'0000-00-00 00:00:00'),(956,'33499002387711404798153','3461200319215',1,'2014-10-07 14:48:48'),(957,'33499002387711404798153','3609900921436',1,'2014-10-01 14:20:23'),(958,'33499002387711404798153','1349900152749',0,'0000-00-00 00:00:00'),(959,'33499002387711404798153','1342100041351',1,'2014-07-26 16:53:47'),(960,'33499002387711404798153','5342290009561',0,'0000-00-00 00:00:00'),(961,'33499002387711404800053','5349990023237',1,'2014-07-08 13:37:08'),(962,'33499002387711412226096','3430500228524',1,'2014-10-02 12:04:35'),(963,'33499002387711412226501','3430500228524',1,'2014-10-02 12:09:16'),(1199,'33499002387711429168886','3341100646851',0,'0000-00-00 00:00:00'),(1198,'33499002387711429168886','1341500008635',1,'2015-07-16 10:55:38'),(1197,'33499002387711429168886','3341501264224',0,'0000-00-00 00:00:00'),(1196,'33499002387711429168886','3349800101758',0,'0000-00-00 00:00:00'),(1195,'33499002387711429168886','3341901446796',0,'0000-00-00 00:00:00'),(1194,'33499002387711429168886','3169900114411',0,'0000-00-00 00:00:00'),(1193,'33499002387711429168886','3341600861255',0,'0000-00-00 00:00:00'),(1192,'33499002387711429168886','3349900126558',0,'0000-00-00 00:00:00'),(1191,'33499002387711429168886','1330800123561',1,'2015-04-16 20:57:55'),(1190,'33499002387711429168886','3430500228524',0,'0000-00-00 00:00:00'),(1189,'33499002387711429168886','3341500018921',0,'0000-00-00 00:00:00'),(1188,'33499002387711429168886','3341500367682',0,'0000-00-00 00:00:00'),(1187,'33499001265581428738167','3349900238771',1,'2015-04-16 14:20:56'),(1000,'33499002387711412227119','3341500367682',0,'0000-00-00 00:00:00'),(1001,'33499002387711412227119','3341500018921',1,'2014-10-02 13:43:19'),(1002,'33499002387711412227119','3430500228524',0,'0000-00-00 00:00:00'),(1003,'33499002387711412227119','1330800123561',1,'2014-11-04 10:29:55'),(1004,'33499002387711412227119','3349900126558',0,'0000-00-00 00:00:00'),(1005,'33499002387711412227119','3341600861255',0,'0000-00-00 00:00:00'),(1006,'33499002387711412227119','3169900114411',0,'0000-00-00 00:00:00'),(1007,'33499002387711412227119','3341901446796',0,'0000-00-00 00:00:00'),(1008,'33499002387711412227119','3349800101758',0,'0000-00-00 00:00:00'),(1009,'33499002387711412227119','3341501264224',0,'0000-00-00 00:00:00'),(1010,'33499002387711412227119','3341500039472',1,'2014-10-02 20:19:06'),(1011,'33499002387711412227119','1341500008635',1,'2014-10-03 21:39:13'),(1012,'33499002387711412227119','3341100646851',0,'0000-00-00 00:00:00'),(1013,'33499002387711412227119','3461200319215',1,'2014-10-07 14:38:43'),(1014,'33499002387711412227119','3609900921436',0,'0000-00-00 00:00:00'),(1015,'33499002387711412227119','1349900152749',0,'0000-00-00 00:00:00'),(1016,'33499002387711412227119','1342100041351',1,'2014-10-02 12:40:09'),(1017,'33499002387711412227119','5342290009561',0,'0000-00-00 00:00:00'),(1018,'33415000394721412230129','3349900238771',1,'2014-11-03 17:27:31'),(1019,'33415000394721412230331','1349900152749',1,'2014-10-02 13:13:15'),(1020,'33416008612551412478944','1341500008635',1,'2014-10-05 10:47:09'),(1021,'33416008612551412478944','3349900238771',1,'2014-10-05 10:30:04'),(1022,'33416008612551412478944','1330800123561',1,'2014-10-05 10:44:41'),(1023,'13499001527491415068788','1330800123561',1,'2014-11-04 10:28:07'),(1186,'13308001235611428715287','3349900238771',1,'2015-04-16 14:09:36'),(1185,'13308001235611428713557','3349900238771',1,'2015-04-16 14:05:29'),(1184,'13308001235611428686195','3349900238771',0,'0000-00-00 00:00:00'),(1183,'33415003676821428660769','3349900238771',1,'2015-04-16 14:02:42'),(1182,'33415003676821428660377','3349900238771',1,'2015-04-16 14:02:07'),(1181,'33415003676821428659975','3349900238771',1,'2015-04-16 13:55:31'),(1180,'33415003676821428658258','3349900238771',1,'2015-04-11 09:33:43'),(1179,'33415003676821428657646','3349900238771',0,'0000-00-00 00:00:00'),(1177,'33415003676821428657145','3349900238771',1,'2015-04-11 09:26:45'),(1042,'33499002387711417169363','3341500367682',0,'0000-00-00 00:00:00'),(1043,'33499002387711417169363','3341500018921',0,'0000-00-00 00:00:00'),(1044,'33499002387711417169363','3430500228524',0,'0000-00-00 00:00:00'),(1045,'33499002387711417169363','1330800123561',1,'2014-12-01 08:52:10'),(1046,'33499002387711417169363','3349900126558',1,'2015-07-02 13:17:07'),(1047,'33499002387711417169363','3341600861255',0,'0000-00-00 00:00:00'),(1048,'33499002387711417169363','3169900114411',0,'0000-00-00 00:00:00'),(1049,'33499002387711417169363','3341901446796',0,'0000-00-00 00:00:00'),(1050,'33499002387711417169363','3349800101758',1,'2015-04-10 15:40:10'),(1051,'33499002387711417169363','3341501264224',0,'0000-00-00 00:00:00'),(1052,'33499002387711417169363','3341500039472',1,'2014-12-02 12:58:03'),(1053,'33499002387711417169363','1341500008635',0,'0000-00-00 00:00:00'),(1054,'33499002387711417169363','3341100646851',0,'0000-00-00 00:00:00'),(1055,'33499002387711417169363','3461200319215',1,'2015-03-26 15:34:45'),(1056,'33499002387711417169363','3609900921436',0,'0000-00-00 00:00:00'),(1057,'33499002387711417169363','1349900152749',0,'0000-00-00 00:00:00'),(1058,'33499002387711417169363','1342100041351',1,'2014-11-28 21:15:00'),(1059,'33499002387711417169363','5342290009561',0,'0000-00-00 00:00:00'),(1060,'33499002387711417169403','3341500367682',0,'0000-00-00 00:00:00'),(1061,'33499002387711417169403','3341500018921',0,'0000-00-00 00:00:00'),(1062,'33499002387711417169403','3430500228524',0,'0000-00-00 00:00:00'),(1063,'33499002387711417169403','1330800123561',1,'2014-12-01 08:52:13'),(1064,'33499002387711417169403','3349900126558',0,'0000-00-00 00:00:00'),(1065,'33499002387711417169403','3341600861255',0,'0000-00-00 00:00:00'),(1066,'33499002387711417169403','3169900114411',0,'0000-00-00 00:00:00'),(1067,'33499002387711417169403','3341901446796',0,'0000-00-00 00:00:00'),(1068,'33499002387711417169403','3349800101758',1,'2015-04-10 15:32:44'),(1069,'33499002387711417169403','3341501264224',0,'0000-00-00 00:00:00'),(1070,'33499002387711417169403','3341500039472',1,'2014-12-02 12:58:06'),(1071,'33499002387711417169403','1341500008635',0,'0000-00-00 00:00:00'),(1072,'33499002387711417169403','3341100646851',0,'0000-00-00 00:00:00'),(1073,'33499002387711417169403','3461200319215',1,'2015-03-26 15:32:47'),(1074,'33499002387711417169403','3609900921436',0,'0000-00-00 00:00:00'),(1075,'33499002387711417169403','1349900152749',0,'0000-00-00 00:00:00'),(1076,'33499002387711417169403','1342100041351',1,'2014-11-28 21:14:15'),(1077,'33499002387711417169403','5342290009561',0,'0000-00-00 00:00:00'),(1178,'33415003676821428657376','3349900238771',1,'2015-04-11 09:29:20'),(1078,'33499002387711420446629','3341500367682',0,'0000-00-00 00:00:00'),(1079,'33499002387711420446629','3341500018921',0,'0000-00-00 00:00:00'),(1080,'33499002387711420446629','3430500228524',0,'0000-00-00 00:00:00'),(1081,'33499002387711420446629','1330800123561',1,'2015-01-26 14:00:29'),(1082,'33499002387711420446629','3349900126558',0,'0000-00-00 00:00:00'),(1083,'33499002387711420446629','3341600861255',0,'0000-00-00 00:00:00'),(1084,'33499002387711420446629','3169900114411',1,'2015-06-28 20:45:32'),(1085,'33499002387711420446629','3341901446796',0,'0000-00-00 00:00:00'),(1086,'33499002387711420446629','3349800101758',0,'0000-00-00 00:00:00'),(1087,'33499002387711420446629','3341501264224',0,'0000-00-00 00:00:00'),(1088,'33499002387711420446629','3341500039472',1,'2015-01-23 09:37:33'),(1089,'33499002387711420446629','1341500008635',0,'0000-00-00 00:00:00'),(1090,'33499002387711420446629','3341100646851',0,'0000-00-00 00:00:00'),(1091,'33499002387711420446629','3461200319215',1,'2015-03-26 15:35:14'),(1092,'33499002387711420446629','3609900921436',0,'0000-00-00 00:00:00'),(1093,'33499002387711420446629','1349900152749',0,'0000-00-00 00:00:00'),(1094,'33499002387711420446629','1342100041351',1,'2015-01-06 19:09:58'),(1095,'33499002387711420446629','5342290009561',0,'0000-00-00 00:00:00'),(1096,'33499002387711421722772','3341500367682',0,'0000-00-00 00:00:00'),(1097,'33499002387711421722772','3341500018921',0,'0000-00-00 00:00:00'),(1098,'33499002387711421722772','3430500228524',0,'0000-00-00 00:00:00'),(1099,'33499002387711421722772','1330800123561',1,'2015-01-20 12:47:41'),(1100,'33499002387711421722772','3349900126558',0,'0000-00-00 00:00:00'),(1101,'33499002387711421722772','3341600861255',0,'0000-00-00 00:00:00'),(1102,'33499002387711421722772','3169900114411',1,'2015-06-28 20:45:18'),(1103,'33499002387711421722772','3341901446796',0,'0000-00-00 00:00:00'),(1104,'33499002387711421722772','3349800101758',0,'0000-00-00 00:00:00'),(1105,'33499002387711421722772','3341501264224',0,'0000-00-00 00:00:00'),(1106,'33499002387711421722772','3341500039472',1,'2015-01-23 09:37:37'),(1107,'33499002387711421722772','1341500008635',1,'2015-01-22 08:53:53'),(1108,'33499002387711421722772','3341100646851',0,'0000-00-00 00:00:00'),(1109,'33499002387711421722772','3461200319215',1,'2015-03-26 15:37:08'),(1110,'33499002387711421722772','3609900921436',0,'0000-00-00 00:00:00'),(1111,'33499002387711421722772','1349900152749',0,'0000-00-00 00:00:00'),(1112,'33499002387711421722772','1342100041351',0,'0000-00-00 00:00:00'),(1113,'33499002387711421722772','5342290009561',0,'0000-00-00 00:00:00'),(1114,'36099009214361422244272','1330800123561',1,'2015-01-26 13:36:33'),(1115,'33499002387711422619980','3341500367682',0,'0000-00-00 00:00:00'),(1116,'33499002387711422619980','3341500018921',0,'0000-00-00 00:00:00'),(1117,'33499002387711422619980','3430500228524',0,'0000-00-00 00:00:00'),(1118,'33499002387711422619980','1330800123561',1,'2015-02-24 13:17:17'),(1119,'33499002387711422619980','3349900126558',0,'0000-00-00 00:00:00'),(1120,'33499002387711422619980','3341600861255',0,'0000-00-00 00:00:00'),(1121,'33499002387711422619980','3169900114411',0,'0000-00-00 00:00:00'),(1122,'33499002387711422619980','3341901446796',0,'0000-00-00 00:00:00'),(1123,'33499002387711422619980','3349800101758',0,'0000-00-00 00:00:00'),(1124,'33499002387711422619980','3341501264224',0,'0000-00-00 00:00:00'),(1125,'33499002387711422619980','3341500039472',0,'0000-00-00 00:00:00'),(1126,'33499002387711422619980','1341500008635',1,'2015-07-16 10:59:21'),(1127,'33499002387711422619980','3341100646851',0,'0000-00-00 00:00:00'),(1128,'33499002387711422619980','3461200319215',1,'2015-03-26 15:37:13'),(1129,'33499002387711422619980','3609900921436',0,'0000-00-00 00:00:00'),(1130,'33499002387711422619980','1349900152749',0,'0000-00-00 00:00:00'),(1131,'33499002387711422619980','1342100041351',0,'0000-00-00 00:00:00'),(1132,'33499002387711422619980','5342290009561',0,'0000-00-00 00:00:00'),(1133,'36099009214361424326636','3349900238771',0,'0000-00-00 00:00:00'),(1134,'33499002387711425682423','3341500367682',0,'0000-00-00 00:00:00'),(1135,'33499002387711425682423','3341500018921',0,'0000-00-00 00:00:00'),(1136,'33499002387711425682423','3430500228524',0,'0000-00-00 00:00:00'),(1137,'33499002387711425682423','1330800123561',1,'2015-05-19 14:45:57'),(1138,'33499002387711425682423','3349900126558',0,'0000-00-00 00:00:00'),(1139,'33499002387711425682423','3341600861255',0,'0000-00-00 00:00:00'),(1140,'33499002387711425682423','3169900114411',0,'0000-00-00 00:00:00'),(1141,'33499002387711425682423','3341901446796',0,'0000-00-00 00:00:00'),(1142,'33499002387711425682423','3349800101758',1,'2015-04-10 16:01:46'),(1143,'33499002387711425682423','3341501264224',0,'0000-00-00 00:00:00'),(1144,'33499002387711425682423','1341500008635',0,'0000-00-00 00:00:00'),(1145,'33499002387711425682423','3341100646851',0,'0000-00-00 00:00:00'),(1146,'33499002387711425682423','3461200319215',1,'2015-03-26 15:34:23'),(1147,'33499002387711425682423','3609900921436',0,'0000-00-00 00:00:00'),(1148,'33499002387711425682423','1349900152749',0,'0000-00-00 00:00:00'),(1149,'33499002387711425682423','1342100041351',0,'0000-00-00 00:00:00'),(1150,'33499002387711425682423','5342290009561',0,'0000-00-00 00:00:00'),(1151,'33499002387711425682423','3330300053811',1,'2015-06-06 14:33:34'),(1152,'13499001527491427357067','3430500228524',1,'2015-03-26 15:06:38'),(1153,'33499002387711427424333','3341500367682',0,'0000-00-00 00:00:00'),(1154,'33499002387711427424333','3341500018921',0,'0000-00-00 00:00:00'),(1155,'33499002387711427424333','3430500228524',0,'0000-00-00 00:00:00'),(1156,'33499002387711427424333','1330800123561',1,'2015-04-10 08:39:33'),(1157,'33499002387711427424333','3349900126558',1,'2015-04-11 14:00:57'),(1158,'33499002387711427424333','3341600861255',0,'0000-00-00 00:00:00'),(1159,'33499002387711427424333','3169900114411',1,'2015-06-28 20:45:25'),(1160,'33499002387711427424333','3341901446796',0,'0000-00-00 00:00:00'),(1161,'33499002387711427424333','3349800101758',1,'2015-04-10 15:33:37'),(1162,'33499002387711427424333','3341501264224',0,'0000-00-00 00:00:00'),(1163,'33499002387711427424333','1341500008635',1,'2015-04-09 22:36:05'),(1164,'33499002387711427424333','3341100646851',0,'0000-00-00 00:00:00'),(1165,'33499002387711427424333','3461200319215',1,'2015-07-08 21:20:59'),(1166,'33499002387711427424333','3609900921436',0,'0000-00-00 00:00:00'),(1167,'33499002387711427424333','1349900152749',0,'0000-00-00 00:00:00'),(1168,'33499002387711427424333','1342100041351',1,'2015-03-27 13:24:47'),(1169,'33499002387711427424333','5342290009561',0,'0000-00-00 00:00:00'),(1170,'33499002387711427424333','3330300053811',1,'2015-06-06 14:34:36'),(1171,'13415000086351428593922','3349900238771',1,'2015-04-11 09:26:09'),(1172,'33415003676821428654420','3349800101758',0,'0000-00-00 00:00:00'),(1173,'33498001017581428654439','3341500367682',0,'0000-00-00 00:00:00'),(1201,'33499002387711429168886','3609900921436',0,'0000-00-00 00:00:00'),(1200,'33499002387711429168886','3461200319215',1,'2015-07-08 21:21:14'),(1175,'33415003676821428655665','3349900238771',0,'0000-00-00 00:00:00'),(1176,'33498001017581428656163','3349900238771',0,'0000-00-00 00:00:00'),(1202,'33499002387711429168886','1349900152749',0,'0000-00-00 00:00:00'),(1203,'33499002387711429168886','1342100041351',0,'0000-00-00 00:00:00'),(1204,'33499002387711429168886','5342290009561',0,'0000-00-00 00:00:00'),(1205,'33499002387711429168886','3330300053811',1,'2015-06-06 14:34:43'),(1206,'33415003676821429780223','3349900238771',1,'2015-04-23 18:32:28'),(1207,'33415003676821429781483','3349900238771',1,'2015-04-23 18:31:44'),(1208,'13308001235611431438440','3349900238771',0,'0000-00-00 00:00:00'),(1209,'33499002387711434008202','3341500367682',0,'0000-00-00 00:00:00'),(1210,'33499002387711434008202','3341500018921',0,'0000-00-00 00:00:00'),(1211,'33499002387711434008202','3430500228524',0,'0000-00-00 00:00:00'),(1212,'33499002387711434008202','1330800123561',1,'2015-06-12 10:29:53'),(1213,'33499002387711434008202','3349900126558',1,'2015-06-15 13:39:37'),(1214,'33499002387711434008202','3341600861255',0,'0000-00-00 00:00:00'),(1215,'33499002387711434008202','3169900114411',0,'0000-00-00 00:00:00'),(1216,'33499002387711434008202','3341901446796',0,'0000-00-00 00:00:00'),(1217,'33499002387711434008202','3349800101758',0,'0000-00-00 00:00:00'),(1218,'33499002387711434008202','3341501264224',0,'0000-00-00 00:00:00'),(1219,'33499002387711434008202','1341500008635',0,'0000-00-00 00:00:00'),(1220,'33499002387711434008202','3341100646851',0,'0000-00-00 00:00:00'),(1221,'33499002387711434008202','3461200319215',1,'2015-07-08 21:21:22'),(1222,'33499002387711434008202','3609900921436',0,'0000-00-00 00:00:00'),(1223,'33499002387711434008202','1349900152749',0,'0000-00-00 00:00:00'),(1224,'33499002387711434008202','5342290009561',0,'0000-00-00 00:00:00'),(1225,'33499002387711434008202','3330300053811',1,'2015-07-09 13:04:35'),(1226,'33499002387711434416758','3341500367682',0,'0000-00-00 00:00:00'),(1227,'33499002387711434416758','3341500018921',0,'0000-00-00 00:00:00'),(1228,'33499002387711434416758','3430500228524',0,'0000-00-00 00:00:00'),(1229,'33499002387711434416758','1330800123561',1,'2015-06-18 11:15:06'),(1230,'33499002387711434416758','3349900126558',1,'2015-07-02 13:16:52'),(1231,'33499002387711434416758','3341600861255',0,'0000-00-00 00:00:00'),(1232,'33499002387711434416758','3169900114411',0,'0000-00-00 00:00:00'),(1233,'33499002387711434416758','3341901446796',0,'0000-00-00 00:00:00'),(1234,'33499002387711434416758','3349800101758',1,'2015-07-09 09:14:41'),(1235,'33499002387711434416758','3341501264224',0,'0000-00-00 00:00:00'),(1236,'33499002387711434416758','1341500008635',0,'0000-00-00 00:00:00'),(1237,'33499002387711434416758','3341100646851',0,'0000-00-00 00:00:00'),(1238,'33499002387711434416758','3461200319215',1,'2017-06-20 14:06:01'),(1239,'33499002387711434416758','3609900921436',0,'0000-00-00 00:00:00'),(1240,'33499002387711434416758','1349900152749',0,'0000-00-00 00:00:00'),(1241,'33499002387711434416758','5342290009561',0,'0000-00-00 00:00:00'),(1242,'33499002387711434416758','3330300053811',1,'2015-07-09 13:08:59'),(1243,'33499002387711435126487','3341500367682',0,'0000-00-00 00:00:00'),(1244,'33499002387711435126487','3341500018921',0,'0000-00-00 00:00:00'),(1245,'33499002387711435126487','3430500228524',0,'0000-00-00 00:00:00'),(1246,'33499002387711435126487','1330800123561',1,'2015-07-05 09:40:18'),(1247,'33499002387711435126487','3349900126558',1,'2015-07-02 13:08:02'),(1248,'33499002387711435126487','3341600861255',0,'0000-00-00 00:00:00'),(1249,'33499002387711435126487','3169900114411',0,'0000-00-00 00:00:00'),(1250,'33499002387711435126487','3341901446796',0,'0000-00-00 00:00:00'),(1251,'33499002387711435126487','3349800101758',0,'0000-00-00 00:00:00'),(1252,'33499002387711435126487','3341501264224',0,'0000-00-00 00:00:00'),(1253,'33499002387711435126487','1341500008635',0,'0000-00-00 00:00:00'),(1254,'33499002387711435126487','3341100646851',0,'0000-00-00 00:00:00'),(1255,'33499002387711435126487','3461200319215',0,'0000-00-00 00:00:00'),(1256,'33499002387711435126487','3609900921436',0,'0000-00-00 00:00:00'),(1257,'33499002387711435126487','1349900152749',0,'0000-00-00 00:00:00'),(1258,'33499002387711435126487','5342290009561',0,'0000-00-00 00:00:00'),(1259,'33499002387711435126487','3330300053811',0,'0000-00-00 00:00:00'),(1260,'33415003676821435281924','3349900238771',0,'0000-00-00 00:00:00'),(1261,'33499002387711435314437','3341500367682',0,'0000-00-00 00:00:00'),(1262,'33499002387711435314437','3341500018921',0,'0000-00-00 00:00:00'),(1263,'33499002387711435314437','3430500228524',0,'0000-00-00 00:00:00'),(1264,'33499002387711435314437','1330800123561',1,'2015-06-27 11:36:35'),(1265,'33499002387711435314437','3349900126558',1,'2015-07-01 14:14:35'),(1266,'33499002387711435314437','3341600861255',0,'0000-00-00 00:00:00'),(1267,'33499002387711435314437','3169900114411',1,'2015-06-28 20:46:17'),(1268,'33499002387711435314437','3341901446796',0,'0000-00-00 00:00:00'),(1269,'33499002387711435314437','3349800101758',1,'2015-07-09 09:13:40'),(1270,'33499002387711435314437','3341501264224',0,'0000-00-00 00:00:00'),(1271,'33499002387711435314437','1341500008635',1,'2015-07-16 11:00:38'),(1272,'33499002387711435314437','3341100646851',0,'0000-00-00 00:00:00'),(1273,'33499002387711435314437','3461200319215',1,'2015-07-08 21:14:55'),(1274,'33499002387711435314437','3609900921436',0,'0000-00-00 00:00:00'),(1275,'33499002387711435314437','1349900152749',0,'0000-00-00 00:00:00'),(1276,'33499002387711435314437','5342290009561',0,'0000-00-00 00:00:00'),(1277,'33499002387711435314437','3330300053811',0,'0000-00-00 00:00:00'),(1278,'13499001527491435904296','1330800123561',1,'2015-07-05 09:40:46'),(1279,'33415003676821495438115','3341500914608',1,'2019-04-03 10:07:28'),(1280,'33415003676821501835104','1349900193879',1,'2018-11-20 21:14:22'),(1281,'34612003192151573020366','3341500039472',0,'0000-01-01 00:00:00');

--
-- Table structure for table `meeting_main`
--

CREATE TABLE `meeting_main` (
  `id` int(11) NOT NULL AUTO_INCREMENT,
  `room` tinyint(4) NOT NULL,
  `book_date` date NOT NULL,
  `book_date_end` date NOT NULL,
  `start_time` tinyint(4) NOT NULL,
  `finish_time` tinyint(4) NOT NULL,
  `objective` varchar(200) NOT NULL,
  `book_person` varchar(13) NOT NULL,
  `rec_date` datetime NOT NULL,
  `approve` int(11) DEFAULT NULL,
  `reason` varchar(200) DEFAULT NULL,
  `person_num` int(11) NOT NULL,
  `other` varchar(250) NOT NULL,
  `officer` varchar(13) DEFAULT NULL,
  `officer_date` datetime DEFAULT NULL,
  PRIMARY KEY (`id`)
) ENGINE=MyISAM AUTO_INCREMENT=14 DEFAULT CHARSET=utf8 COLLATE=utf8_general_ci;

--
-- Dumping data for table `meeting_main`
--

INSERT INTO `meeting_main` VALUES (1,1,'2014-03-12','0000-00-00',8,12,'ปัจฉิม','5349990023237','2014-03-10 14:17:31',NULL,NULL,100,'',NULL,NULL),(2,1,'2014-03-10','0000-00-00',8,18,'ประชุมกรรมการคุมสอบ','1330800123561','2014-03-10 14:17:31',NULL,NULL,2,'',NULL,NULL),(3,1,'2014-03-10','0000-00-00',8,12,'อบรมผู้ปกครอง ป.3','3341500039472','2014-03-10 14:18:04',NULL,NULL,31,'',NULL,NULL),(4,1,'2014-03-10','0000-00-00',8,12,'เพื่ออบรมครูเกี่ยวกับ  smss','3430500228524','2014-03-10 14:18:15',NULL,NULL,15,'',NULL,NULL),(5,1,'2014-03-10','0000-00-00',9,10,'ประชุม นร.','1349900152749','2014-03-10 14:18:26',NULL,NULL,20,'',NULL,NULL),(6,1,'2014-03-15','0000-00-00',8,12,'เพื่ออบรม','1342100041351','2014-03-10 14:18:47',NULL,NULL,17,'-',NULL,NULL),(8,1,'2014-05-16','0000-00-00',8,12,'ประชุมผู้ปกครอง  ป.2  ','3461200319215','2014-03-10 14:20:03',NULL,NULL,150,'',NULL,NULL),(9,2,'2014-03-29','0000-00-00',8,12,'ประชุมปิดภาคเรียน','3341500039472','2014-03-10 14:20:17',NULL,NULL,0,'',NULL,NULL),(11,2,'2014-07-17','0000-00-00',7,17,'เลี้ยงสังสรรค์','3349800101758','2014-03-10 14:25:01',NULL,NULL,30,'',NULL,NULL),(12,1,'2014-03-10','0000-00-00',9,10,'ประชุม นร.','1349900152749','2014-03-10 14:33:46',NULL,NULL,20,'',NULL,NULL),(13,1,'2020-06-08','2020-06-08',9,11,'ประชุมข้าราชการครูและบคลากรทางการศึกษา','1349900314773','2020-06-01 16:17:06',NULL,NULL,19,'',NULL,NULL);

--
-- Table structure for table `meeting_permission`
--

CREATE TABLE `meeting_permission` (
  `id` int(11) NOT NULL AUTO_INCREMENT,
  `person_id` varchar(13) NOT NULL,
  `p1` tinyint(4) NOT NULL,
  `officer` varchar(13) NOT NULL,
  `rec_date` date NOT NULL,
  PRIMARY KEY (`id`)
) ENGINE=MyISAM AUTO_INCREMENT=7 DEFAULT CHARSET=utf8 COLLATE=utf8_general_ci;

--
-- Dumping data for table `meeting_permission`
--

INSERT INTO `meeting_permission` VALUES (1,'1349900314773',1,'1349900314773','2022-11-15'),(2,'3341501721307',1,'1349900314773','2022-11-15'),(3,'1451100204789',1,'1349900314773','2022-11-15'),(4,'1342200061931',1,'1349900314773','2022-11-15'),(5,'3461200319215',1,'1349900314773','2022-11-15'),(6,'1330400336834',1,'1349900314773','2022-11-15');

--
-- Table structure for table `meeting_room`
--

CREATE TABLE `meeting_room` (
  `id` int(11) NOT NULL AUTO_INCREMENT,
  `room_code` tinyint(4) NOT NULL,
  `room_name` varchar(100) NOT NULL,
  `active` int(11) NOT NULL DEFAULT 0,
  PRIMARY KEY (`id`)
) ENGINE=MyISAM AUTO_INCREMENT=11 DEFAULT CHARSET=utf8 COLLATE=utf8_general_ci;

--
-- Dumping data for table `meeting_room`
--

INSERT INTO `meeting_room` VALUES (1,1,'ห้องประชุม1',1),(2,2,'ห้องประชุม2',1),(3,3,'ห้องประชุม3',0),(4,4,'หอ้งประชุม4',0),(5,5,'ห้องประชุม5',0),(6,6,'ห้องประชุม6',0),(7,7,'ห้องประชุม7',0),(8,8,'ห้องประชุม8',0),(9,9,'ห้องประชุม9',0),(10,10,'ห้องประชุม10',0);

--
-- Table structure for table `news_mainitem`
--

CREATE TABLE `news_mainitem` (
  `id` int(11) NOT NULL AUTO_INCREMENT,
  `code` int(11) NOT NULL,
  `mainitem` varchar(150) NOT NULL,
  `item_active` tinyint(1) NOT NULL DEFAULT 0,
  PRIMARY KEY (`id`),
  UNIQUE KEY `code` (`code`)
) ENGINE=MyISAM DEFAULT CHARSET=utf8 COLLATE=utf8_general_ci;

--
-- Dumping data for table `news_mainitem`
--


--
-- Table structure for table `news_news`
--

CREATE TABLE `news_news` (
  `id` int(11) NOT NULL AUTO_INCREMENT,
  `report_date` datetime NOT NULL,
  `news` varchar(250) NOT NULL,
  `file` varchar(150) NOT NULL,
  `section` int(11) NOT NULL,
  `mainitem_code` int(11) NOT NULL,
  `officer` varchar(13) NOT NULL,
  PRIMARY KEY (`id`)
) ENGINE=MyISAM DEFAULT CHARSET=utf8 COLLATE=utf8_general_ci;

--
-- Dumping data for table `news_news`
--


--
-- Table structure for table `news_permission`
--

CREATE TABLE `news_permission` (
  `id` int(11) NOT NULL AUTO_INCREMENT,
  `person_id` varchar(13) NOT NULL,
  `p1` tinyint(4) NOT NULL,
  `officer` varchar(13) NOT NULL,
  `rec_date` date NOT NULL,
  PRIMARY KEY (`id`)
) ENGINE=MyISAM AUTO_INCREMENT=3 DEFAULT CHARSET=utf8 COLLATE=utf8_general_ci;

--
-- Dumping data for table `news_permission`
--

INSERT INTO `news_permission` VALUES (1,'1103701931949',1,'1103701931949','2020-05-31'),(2,'1330300107507',1,'1103701931949','2020-05-31');

--
-- Table structure for table `news_section`
--

CREATE TABLE `news_section` (
  `id` int(11) NOT NULL AUTO_INCREMENT,
  `code` tinyint(4) NOT NULL,
  `name` varchar(100) NOT NULL,
  `mainitem_code` int(11) NOT NULL,
  PRIMARY KEY (`id`)
) ENGINE=MyISAM DEFAULT CHARSET=utf8 COLLATE=utf8_general_ci;

--
-- Dumping data for table `news_section`
--


--
-- Table structure for table `permission_date`
--

CREATE TABLE `permission_date` (
  `id` int(11) NOT NULL AUTO_INCREMENT,
  `person_id` varchar(13) NOT NULL,
  `ref_id` varchar(50) NOT NULL,
  `date` date NOT NULL,
  `rec_date` datetime NOT NULL,
  PRIMARY KEY (`id`)
) ENGINE=MyISAM AUTO_INCREMENT=23 DEFAULT CHARSET=utf8 COLLATE=utf8_general_ci;

--
-- Dumping data for table `permission_date`
--

INSERT INTO `permission_date` VALUES (1,'1330800123561','139452438926534','2014-03-12','2014-03-11 14:53:09'),(2,'1330800123561','139452438926534','2014-03-13','2014-03-11 14:53:09'),(3,'3430500228524','139452440211379','2014-03-11','2014-03-11 14:53:22'),(4,'3341500039472','139452440421524','2014-03-11','2014-03-11 14:53:24'),(5,'3609900921436','139452447130523','2014-03-11','2014-03-11 14:54:31'),(6,'1349900152749','1394524486445','2014-03-11','2014-03-11 14:54:46'),(7,'1342100041351','139452457916141','2014-03-14','2014-03-11 14:56:19'),(8,'3349800101758','139452464014803','2014-03-24','2014-03-11 14:57:20'),(9,'3349800101758','139452464014803','2014-03-25','2014-03-11 14:57:20'),(10,'3341500018921','13959772664264','2014-04-27','2014-03-28 10:27:46'),(11,'3341500018921','13959772664264','2014-04-28','2014-03-28 10:27:46'),(12,'3341500018921','13959772664264','2014-04-29','2014-03-28 10:27:46'),(13,'3341500018921','13959772664264','2014-04-30','2014-03-28 10:27:46'),(22,'3341501721307','17236054281339762135','2024-08-13','2024-08-14 10:24:04'),(21,'3341501721307','1723605644574097217','2024-08-13','2024-08-14 10:23:47'),(20,'3341501721307','17236057422133065999','2024-08-13','2024-08-14 10:23:29');

--
-- Table structure for table `permission_main`
--

CREATE TABLE `permission_main` (
  `id` int(11) NOT NULL AUTO_INCREMENT,
  `person_id` varchar(13) NOT NULL,
  `ref_id` varchar(50) NOT NULL,
  `subject` varchar(150) NOT NULL,
  `place` varchar(150) NOT NULL,
  `vehicle` varchar(150) DEFAULT NULL,
  `document` varchar(150) DEFAULT NULL,
  `no_comment` tinyint(4) NOT NULL DEFAULT 0,
  `grant_person_selected` varchar(13) DEFAULT NULL,
  `rec_date` datetime NOT NULL,
  `comment` varchar(200) DEFAULT NULL,
  `comment_person` varchar(13) DEFAULT NULL,
  `comment_date` datetime DEFAULT NULL,
  `grant_x` tinyint(4) DEFAULT NULL,
  `grant_comment` varchar(200) DEFAULT NULL,
  `grant_person` varchar(13) DEFAULT NULL,
  `grant_date` datetime DEFAULT NULL,
  `report` text DEFAULT NULL,
  `report_date` datetime DEFAULT NULL,
  PRIMARY KEY (`id`),
  UNIQUE KEY `ref_id` (`ref_id`)
) ENGINE=MyISAM AUTO_INCREMENT=13 DEFAULT CHARSET=utf8 COLLATE=utf8_general_ci;

--
-- Dumping data for table `permission_main`
--

INSERT INTO `permission_main` VALUES (8,'3341500018921','13959772664264','ไปอบรมลูกเสือ หลักสูตร บันเทิง','จังหวัดชัยภูมิ','รถยนต์ส่วนบุคคล','',0,'3341501264224','2014-03-28 10:27:46',NULL,NULL,NULL,1,NULL,'3341501264224','2020-01-10 18:55:10',NULL,NULL),(10,'3341501721307','17236054281339762135','ขออนุญาต  ไปส่งเสื้อชุดนางรำ ','อ.เดช  ครูพนิดาไชยทอง ครูพิสมัย โพธิ์พรหม','รถยนต์','',0,'3341501721307','2024-08-14 10:17:08',NULL,NULL,NULL,NULL,NULL,NULL,NULL,NULL,NULL),(11,'3341501721307','1723605644574097217','ขออนุญาต ไปออมทรัพย์ อุบลราชธานี','สหกรณ์ออมทรัพย์อุบล ครูกมลชนก ประสงค์เสียง','รถยนต์','',0,'3341501721307','2024-08-14 10:20:44',NULL,NULL,NULL,NULL,NULL,NULL,NULL,NULL,NULL),(12,'3341501721307','17236057422133065999','อบรมปฐมวัย','สุนีย์แกรนด์ น.ส.กมลชนก ประสงค์เสียง','ค่าน้ำมันรถ500 ผอ.สำรอง','',0,'3341501721307','2024-08-14 10:22:22',NULL,NULL,NULL,NULL,NULL,NULL,NULL,NULL,NULL);

--
-- Table structure for table `permission_permission`
--

CREATE TABLE `permission_permission` (
  `id` int(11) NOT NULL AUTO_INCREMENT,
  `person_id` varchar(13) NOT NULL,
  `p1` tinyint(4) NOT NULL,
  `officer` varchar(13) NOT NULL,
  `rec_date` date NOT NULL,
  PRIMARY KEY (`id`)
) ENGINE=MyISAM AUTO_INCREMENT=6 DEFAULT CHARSET=utf8 COLLATE=utf8_general_ci;

--
-- Dumping data for table `permission_permission`
--

INSERT INTO `permission_permission` VALUES (2,'3341501721307',1,'1349900314773','2022-11-15'),(5,'1349900314773',1,'3341501721307','2024-07-15');

--
-- Table structure for table `permission_person_set`
--

CREATE TABLE `permission_person_set` (
  `id` int(11) NOT NULL AUTO_INCREMENT,
  `person_id` varchar(13) NOT NULL,
  `comment_person` varchar(13) DEFAULT NULL,
  `grant_person` varchar(13) DEFAULT NULL,
  `officer` varchar(13) DEFAULT NULL,
  `rec_date` date DEFAULT NULL,
  PRIMARY KEY (`id`),
  UNIQUE KEY `person_id` (`person_id`)
) ENGINE=MyISAM AUTO_INCREMENT=2 DEFAULT CHARSET=utf8 COLLATE=utf8_general_ci;

--
-- Dumping data for table `permission_person_set`
--

INSERT INTO `permission_person_set` VALUES (1,'3341501721307','3341501721307','3341501721307','1349900314773','2022-11-15');

--
-- Table structure for table `person_main`
--

CREATE TABLE `person_main` (
  `id` int(11) NOT NULL AUTO_INCREMENT,
  `person_id` varchar(13) NOT NULL,
  `prename` varchar(20) NOT NULL,
  `name` varchar(50) NOT NULL,
  `surname` varchar(50) NOT NULL,
  `position_code` tinyint(4) NOT NULL,
  `pic` varchar(150) DEFAULT NULL,
  `status` tinyint(4) NOT NULL DEFAULT 0,
  `person_order` tinyint(4) DEFAULT 0,
  `officer` varchar(13) NOT NULL,
  `rec_date` date NOT NULL,
  PRIMARY KEY (`id`),
  UNIQUE KEY `person_id` (`person_id`)
) ENGINE=MyISAM AUTO_INCREMENT=79 DEFAULT CHARSET=utf8 COLLATE=utf8_general_ci;

--
-- Dumping data for table `person_main`
--

INSERT INTO `person_main` VALUES (13,'3341500018921','นาง','สุลักษณ์ ','บุดดาลี',3,NULL,1,0,'','0000-00-00'),(44,'1103701931949','นางสาว','พรรธน์ชญมน','ศรีแก้วภูมิ',3,'modules/person/picture/1103701931949jpeg',0,0,'1349900314773','2019-02-23'),(15,'1330800123561','นาง','สุพี',' ไชยสิทธิ์',3,NULL,1,0,'','0000-00-00'),(16,'3349900126558','นาง','นภาพร',' สังกะเพศ',3,NULL,1,0,'','0000-00-00'),(64,'1342200061931','นางสาว','กมลชนก','ประสงค์เสียง',3,'modules/person/picture/1342200061931.jpg',0,0,'1349900314773','2022-05-16'),(65,'1349900193305','นาย','อภิวัฒน์  ','มาลาทอง',3,'modules/person/picture/1349900193305.jpg',0,0,'1349900314773','2022-05-27'),(41,'3340700461754','นาย','พงศธร  ','จันพูล',3,'modules/person/picture/3340700461754.jpg',0,0,'3340700461754','2019-02-23'),(72,'3341500026761','นางสาว','พิสมัย','โพธิ์พรหม',3,'',0,0,'1349900314773','2023-12-06'),(11,'3341501264224','นาย','สง่า ','บุดดาลี',1,NULL,1,0,'','0000-00-00'),(40,'3340700063708','นาง','เพ็ญศรี','กัญญาสาย',3,'',1,0,'3341501192584','2019-01-13'),(21,'3341500039472','นาง',' สุชาดา',' แสนบุราณ',3,NULL,1,0,'','0000-00-00'),(22,'3349900238771','นาย','ธนิตชาติ',' ทองมงคล',3,NULL,1,0,'','0000-00-00'),(23,'1341500008635','น.ส.',' สมใจ',' คำพะธิก',3,NULL,1,0,'3349900238771','0000-00-00'),(52,'3341500043160','นาย','ยุทธการ','ควรนาม',3,'',1,0,'1349900314773','2019-11-05'),(75,'1100401105641','นาย','กิตติกวิน','ลีลาบุตร',4,'',0,0,'3341501721307','2024-11-02'),(27,'1349900152749','นาง',' นิมิตมาศ',' บุตรโท',8,NULL,1,0,'1330800123561','0000-00-00'),(45,'3670701069740','นาง','สำอาง','จอกทอง',3,'',1,0,'1349900314773','2019-02-23'),(43,'1349900653489','นางสาว','ประภัสสรา ','จำเริญ',3,'modules/person/picture/1349900653489.jpg',1,0,'1349900653489','2019-02-23'),(76,'1340701749224','นางสาว','สิริกัญญา','อารีเหลือ',4,'',0,0,'1349900314773','2024-11-02'),(60,'3341500001564','นาย','สุนันท์ ','วารี',33,'modules/person/picture/3341500001564.jpg',0,0,'1349900314773','2020-02-22'),(66,'1341600131196','นางสาว','สุจิตรา','สิงห์แก้ว',3,'modules/person/picture/1341600131196.jpg',0,0,'1349900314773','2022-10-31'),(61,'1350600081252','นางสาว','อัญทลียา ',' ยอดมั่น',3,'modules/person/picture/1350600081252webp',1,0,'1349900314773','2020-05-18'),(78,'3349800069641','นาย','พรพิชัย','ส่งศรี',3,'',0,0,'1349900314773','2025-11-06'),(39,'1349900314773','นาง','มณเฑียร','เอี่ยมเอมรัตน์',32,'modules/person/picture/1349900314773.jpg',0,0,'1349900314773','2018-10-19'),(54,'1330300107507','นางสาว','ปาจารีย์','ปัตวงศ์',3,'modules/person/picture/1330300107507.jpg',1,0,'1330300107507','2020-01-10'),(73,'1341501401900','นางสาว','พิไลพร ','ปาคำทอง',4,'',0,0,'1349900314773','2024-07-02'),(67,'3341501721307','นาย','ขวัญชัย','สุพะนานัย',1,'',0,0,'1349900314773','2022-10-31'),(68,'1330800272981','นางสาว','พนิดา','ไชยทอง',3,'modules/person/picture/1330800272981.jpg',0,0,'1349900314773','2022-11-02'),(69,'1349890010815','นางสาว','ณัจฉรียา ','มีโชติ',3,'',0,0,'3461200319215','2023-05-25'),(70,'1340701747159','นางสาว','จารุวรรณ','สิงห์แจ่ม',31,'',0,0,'1349900314773','2023-06-01'),(71,'1341500170742','นางสาว','นุชนาฏ ','นามฮุง',3,'',0,0,'1349900314773','2023-11-14'),(74,'1451100251043','นาย','นุภาฤทธิ์','หล้าหินกอง',4,'',0,0,'1349900314773','2024-07-02');

--
-- Table structure for table `person_permission`
--

CREATE TABLE `person_permission` (
  `id` int(11) NOT NULL AUTO_INCREMENT,
  `person_id` varchar(13) NOT NULL,
  `p1` tinyint(4) NOT NULL,
  `officer` varchar(13) NOT NULL,
  `rec_date` date NOT NULL,
  PRIMARY KEY (`id`)
) ENGINE=MyISAM AUTO_INCREMENT=45 DEFAULT CHARSET=utf8 COLLATE=utf8_general_ci;

--
-- Dumping data for table `person_permission`
--

INSERT INTO `person_permission` VALUES (8,'3461200319215',1,'1349900314773','2019-02-24'),(44,'1330800272981',1,'1349900653489','2022-11-07'),(5,'1349900314773',1,'3341501192584','2018-10-19'),(38,'1342200061931',1,'1349900314773','2022-05-16'),(39,'3341501721307',1,'1349900653489','2022-11-07'),(37,'1330300107507',1,'1349900314773','2022-05-16'),(31,'1341000179546',1,'1349900314773','2020-01-15'),(14,'1349900653489',1,'1349900653489','2022-07-23'),(35,'3341500001564',1,'1349900314773','2020-05-18'),(16,'1103701931949',1,'1349900314773','2019-02-24'),(18,'3340700461754',1,'1349900314773','2019-02-24'),(43,'1451100204789',1,'1349900653489','2022-11-07'),(34,'1330400336834',1,'1349900314773','2020-05-18'),(41,'1341600131196',1,'1349900653489','2022-11-07'),(40,'1349900193305',1,'1349900653489','2022-11-07'),(28,'1330300107507',1,'1349900314773','2020-01-15'),(36,'1309901319477',1,'1349900314773','2021-06-29');

--
-- Table structure for table `person_position`
--

CREATE TABLE `person_position` (
  `id` int(11) NOT NULL AUTO_INCREMENT,
  `position_code` int(11) NOT NULL,
  `position_name` varchar(50) NOT NULL,
  PRIMARY KEY (`id`),
  UNIQUE KEY `position_code` (`position_code`)
) ENGINE=MyISAM AUTO_INCREMENT=20 DEFAULT CHARSET=utf8 COLLATE=utf8_general_ci;

--
-- Dumping data for table `person_position`
--

INSERT INTO `person_position` VALUES (1,1,'ผู้อำนวยการโรงเรียน'),(2,2,'รองผู้อำนวยการโรงเรียน'),(3,3,'ครู'),(4,4,'ครูผู้ช่วย'),(5,11,'พนักงานราชการ(ครูผู้สอน)'),(6,12,'พนักงานราชการ(ครูพี่เลี้ยง)'),(7,13,'พนักงานราชการ(อื่น ๆ)'),(17,41,'ผู้จัดการโรงเรียนเอกชน'),(9,21,'ลูกจ้างประจำ(พนักงานธุรการ)'),(10,22,'ลูกจ้างประจำ(พนักงานขับรถยนต์))'),(11,23,'ลูกจ้างประจำ(ช่างครุภัณฑ์)'),(12,24,'ลูกจ้างประจำ(อื่น ๆ)'),(13,31,'ลูกจ้างชั่วคราว(ครู)'),(14,32,'ลูกจ้างชั่วคราว(เจ้าหน้าที่ธุรการโรงเรียน)'),(15,33,'ลูกจ้างชั่วคราว(นักการภารโรง)'),(16,34,'ลูกจ้างชั่วคราว(อื่น ๆ)'),(18,42,'เจ้าหน้าที่บริหารทั่วไปโรงเรียนเอกชน'),(19,43,'เจ้าหน้าที่อื่น ๆ โรงเรียนเอกชน');

--
-- Table structure for table `plan_acti`
--

CREATE TABLE `plan_acti` (
  `id` int(11) NOT NULL AUTO_INCREMENT,
  `budget_year` int(11) DEFAULT NULL,
  `code_clus` tinyint(4) NOT NULL,
  `code_proj` char(3) NOT NULL DEFAULT '',
  `code_acti` char(6) NOT NULL DEFAULT '',
  `code_approve` char(3) NOT NULL DEFAULT '',
  `budget_acti` decimal(10,2) NOT NULL DEFAULT 0.00,
  `budget_approve` decimal(10,2) NOT NULL DEFAULT 0.00,
  `dayinput` date NOT NULL DEFAULT '0000-00-00',
  `daythai` char(13) NOT NULL DEFAULT '',
  `name_acti` char(150) NOT NULL,
  `owner_acti` char(50) NOT NULL DEFAULT '',
  `id_defalt` char(13) NOT NULL DEFAULT '',
  `dayseri` datetime NOT NULL DEFAULT '0000-00-00 00:00:00',
  `begin_date` date NOT NULL,
  `finish_date` date NOT NULL,
  `stop` tinyint(1) DEFAULT NULL,
  PRIMARY KEY (`id`)
) ENGINE=MyISAM AUTO_INCREMENT=887 DEFAULT CHARSET=utf8 COLLATE=utf8_general_ci;

--
-- Dumping data for table `plan_acti`
--

INSERT INTO `plan_acti` VALUES (1,2557,1,'001','001001','',1000.00,0.00,'0000-00-00','13 พ.ค. 2557','ส่งเสริมจริยธรรมผ่าน ๕ ห้องชีวิต','','','2014-05-13 10:40:50','2014-05-16','2015-03-31',NULL),(2,2557,1,'001','001002','',1000.00,0.00,'0000-00-00','13 พ.ค. 2557','โครงงานคุณธรรม','','','2014-05-13 10:41:35','2014-05-16','2015-03-31',NULL),(3,2557,1,'\\\'0','\\\'001\\','',15000.00,0.00,'0000-00-00','13 พ.ค. 2557','สร้างศาลารักการอ่าน','','','2014-05-13 10:42:16','2014-05-16','2015-03-31',NULL),(4,2557,1,'001','001004','',1000.00,0.00,'0000-00-00','13 พ.ค. 2557','กิจกรรมพัฒนาครู บุคลากร นักเรียนจิตอาสา','','','2014-05-13 10:43:15','2014-05-16','2015-03-31',NULL),(5,2557,1,'001','001003','',15000.00,0.00,'0000-00-00','13 พ.ค. 2557','สร้างศาลารักการอ่าน','','','2014-05-13 10:44:11','2014-05-16','2015-03-31',NULL),(6,2557,1,'002','002001','',2000.00,0.00,'0000-00-00','13 พ.ค. 2557','กิจกรรมปลูกพืชผัก','','','0000-00-00 00:00:00','2014-05-16','2015-03-31',NULL),(7,2557,1,'002','002002','',1500.00,0.00,'0000-00-00','13 พ.ค. 2557','กิจกรรมทำปุ๋ยหมัก','','','0000-00-00 00:00:00','2014-05-16','2015-03-31',NULL),(8,2557,1,'002','002003','',1500.00,0.00,'0000-00-00','13 พ.ค. 2557','กิจกรรมน้ำหมักชีวภาพ','','','2014-05-13 10:50:06','2014-05-16','2015-03-31',NULL),(9,2557,1,'002','002004','',5000.00,0.00,'0000-00-00','13 พ.ค. 2557','กิจกรรมเพาะเห็ด','','','2014-05-13 10:51:19','2014-05-16','2015-03-31',NULL),(10,2557,1,'002','002005','',10000.00,0.00,'0000-00-00','13 พ.ค. 2557','ทุนหมุนเวียนส่งเสริมผลผลิตอาหารกลางวัน(เลี้ยงปลา)','','','2014-05-13 10:51:50','2014-05-16','2015-03-31',NULL),(11,2557,1,'002','002006','',57000.00,0.00,'0000-00-00','13 พ.ค. 2557','ทุนหมุนเวียนส่งเสริมผลผลิตอาหารกลางวัน(เลี้ยงหมู/ไก่)','','','2014-05-13 10:52:24','2014-05-16','2015-03-31',NULL),(12,2557,1,'003','003001','',1500.00,0.00,'0000-00-00','13 พ.ค. 2557','จัดทำแผนการประกันคุณภาพภายในสถานศึกษา','','','0000-00-00 00:00:00','2014-05-16','2015-03-31',NULL),(13,2557,1,'\\\'0','\\\'003\\','',1000.00,0.00,'0000-00-00','13 พ.ค. 2557','กิจกรรมประชุมคณะกรรมการสถานศึกษาขั้นพื้นฐาน','','','2014-05-13 10:54:02','2014-05-16','2015-03-31',NULL),(14,2557,1,'003','003002','',1000.00,0.00,'0000-00-00','13 พ.ค. 2557','กิจกรรมประชุมคณะกรรมการสถานศึกษาขั้นพื้นฐาน','','','2014-05-13 10:54:48','2014-05-16','2015-03-31',NULL),(15,2557,1,'003','003003','',1000.00,0.00,'0000-00-00','13 พ.ค. 2557','กิจกรรมการจัดระบบบริหารและพัฒนาข้อมูลสารสนเทศ','','','2014-05-13 10:55:51','2014-05-16','2015-03-31',NULL),(16,2557,1,'003','003004','',1000.00,0.00,'0000-00-00','13 พ.ค. 2557','กิจกรรมจัดทำแผนพัฒนาคุณภาพการศึกษา','','','2014-05-13 11:15:23','2014-05-16','2015-03-31',NULL),(17,2557,1,'003','003005','',1000.00,0.00,'0000-00-00','13 พ.ค. 2557','กิจกรรมการประเมินคุณภาพการศึกษา','','','2014-05-13 11:16:25','2014-05-16','2015-03-31',NULL),(18,2557,1,'003','003006','',1000.00,0.00,'0000-00-00','13 พ.ค. 2557','กิจกรรมการรายงานผลการปฏิบัติงานประจำปี','','','2014-05-13 11:17:59','2014-05-16','2015-03-31',NULL),(19,2557,1,'003','003007','',1500.00,0.00,'0000-00-00','13 พ.ค. 2557','จัดทำสรุปรายงานผลการประเมินมาตรฐานการศึกษา','','','2014-05-13 11:19:09','2014-05-16','2015-03-31',NULL),(20,2557,1,'004','004001','110',2000.00,0.00,'0000-00-00','25 มิ.ย. 2557','การจัดทำเครื่องมือ วัดผลประเมินผลการเรียน','','','0000-00-00 00:00:00','2014-05-16','2015-03-31',NULL),(21,2557,1,'004','004002','110',4000.00,0.00,'0000-00-00','25 มิ.ย. 2557','กิจกรรมพัฒนาเอกสาร ปพ.','','','0000-00-00 00:00:00','2014-05-16','2015-03-31',NULL),(22,2557,1,'005','005001','',10000.00,0.00,'0000-00-00','13 พ.ค. 2557','เปิดประตูสู่อาเซียน','','','2014-05-13 11:22:07','2014-05-16','2015-03-31',NULL),(23,2557,1,'005','005002','',15000.00,0.00,'0000-00-00','13 พ.ค. 2557','เปิดบ้านวิชาการ(เปิดโลกการเรียนรู้ฯ)','','','2014-05-13 11:23:16','2014-05-16','2015-03-31',NULL),(24,2557,1,'005','005003','',6000.00,0.00,'0000-00-00','13 พ.ค. 2557','เตรียมความพร้อม O-NET','','','2014-05-13 11:24:12','2014-05-16','2015-03-31',NULL),(25,2557,1,'005','005004','',35000.00,0.00,'0000-00-00','13 พ.ค. 2557','งานศิลปหัตถกรรมนักเรียน','','','2014-05-13 11:25:13','2014-05-16','2015-03-31',NULL),(26,2557,1,'005','005005','',15000.00,0.00,'0000-00-00','13 พ.ค. 2557','ศึกษาดูงาน ป.๑ - ป.๓\r\n','','','0000-00-00 00:00:00','2014-05-16','2015-03-31',NULL),(27,2557,1,'005','005006','',15000.00,0.00,'0000-00-00','13 พ.ค. 2557','ศึกษาดูงาน  ป.๔ - ป.๖\r\n','','','2014-05-13 11:26:57','2014-05-16','2015-03-31',NULL),(28,2557,1,'005','005007','',15000.00,0.00,'0000-00-00','13 พ.ค. 2557','ศึกษาดูงาน  ม.๑ - ม.๓\r\n','','','2014-05-13 11:28:10','2014-05-16','2015-03-31',NULL),(29,2557,1,'006','006001','109',68000.00,0.00,'0000-00-00','23 มิ.ย. 2557','จัดหาวัสดุประจำห้องเรียน ภาคเรียนที่ ๑ และ ๒','','','0000-00-00 00:00:00','2014-05-16','2015-03-31',NULL),(30,2557,1,'006','006002','110',20000.00,0.00,'0000-00-00','23 มิ.ย. 2557','จัดหาวัสดุประจำสำนักงาน','','','0000-00-00 00:00:00','2014-05-16','2015-03-31',NULL),(31,2557,1,'006','006003','110',12000.00,0.00,'0000-00-00','23 มิ.ย. 2557','จัดทำแบบทดสอบ/ใบงาน เตรียมความพร้อม O-Net','','','0000-00-00 00:00:00','2014-05-16','2015-03-31',NULL),(32,2557,1,'007','007001','',500.00,0.00,'0000-00-00','13 พ.ค. 2557','วัสดุส่งเสริมการเรียนรู้ด้วยเรียงความ','','','2014-05-13 11:32:45','2014-05-16','2015-03-31',NULL),(33,2557,1,'007','007002','',500.00,0.00,'0000-00-00','13 พ.ค. 2557','วัสดุส่งเสริมการเรียนรู้ด้วยแผนผังความคิด','','','2014-05-13 11:33:13','2014-05-16','2015-03-31',NULL),(34,2557,1,'007','007003','',500.00,0.00,'0000-00-00','13 พ.ค. 2557','วัสดุส่งเสริมการเรียนรู้ด้วยบันทึกการอ่าน','','','2014-05-13 11:33:59','2014-05-16','2015-03-31',NULL),(35,2557,1,'007','007004','',3500.00,0.00,'0000-00-00','13 พ.ค. 2557','วัสดุส่งเสริมการเรียนรู้ด้วยโครงงาน','','','2014-05-13 11:34:49','2014-05-16','2015-03-31',NULL),(36,2557,1,'008','008001','',2000.00,0.00,'0000-00-00','13 พ.ค. 2557','กิจกรรมซ่อมคนอ่อน เสริมคนเก่ง','','','2014-05-13 11:35:28','2014-05-16','2015-03-31',NULL),(37,2557,1,'008','008002','',5000.00,0.00,'0000-00-00','13 พ.ค. 2557','แข่งขันทางวิชาการ','','','2014-05-13 11:36:08','2014-05-16','2015-03-31',NULL),(38,2557,1,'008','008003','',3000.00,0.00,'0000-00-00','13 พ.ค. 2557','คลังข้อสอบ','','','2014-05-13 11:36:38','2014-05-16','2015-03-31',NULL),(39,2557,1,'009','009001','',500.00,0.00,'0000-00-00','13 พ.ค. 2557','ปฐมนิเทศผู้ปกครองเด็กพิเศษเรียนร่วม','','','2014-05-13 11:37:23','2014-05-16','2015-03-31',NULL),(40,2557,1,'009','009002','',1000.00,0.00,'0000-00-00','13 พ.ค. 2557','จัดกิจกรรมเรียนรู้ตามศักยภาพของผู้เรียน','','','2014-05-13 11:38:55','2014-05-16','2015-03-31',NULL),(41,2557,1,'009','009003','',500.00,0.00,'0000-00-00','13 พ.ค. 2557','ติดตามประเมินผล','','','2014-05-13 11:39:33','2014-05-16','2015-03-31',NULL),(42,2557,1,'010','010001','',5000.00,0.00,'0000-00-00','13 พ.ค. 2557','ค่าวัสดุซ่อมแซมอุปกรณ์ดนตรี','','','2014-05-13 11:40:14','2014-05-13','2014-09-30',NULL),(43,2557,1,'011','011001','',20000.00,0.00,'0000-00-00','13 พ.ค. 2557','วัสดุประจำห้องสมุด','','','2014-05-13 11:40:58','2014-05-16','2015-03-31',NULL),(44,2557,2,'012','012001','114',135187.00,0.00,'0000-00-00','23 มิ.ย. 2557','ค่าหนังสือแบบเรียน','','','0000-00-00 00:00:00','2014-05-16','2015-03-31',NULL),(45,2557,2,'012','012002','116',115230.00,0.00,'0000-00-00','23 มิ.ย. 2557','ค่าเครื่องแบบนักเรียน','','','0000-00-00 00:00:00','2014-05-16','2015-03-31',NULL),(46,2557,2,'012','012003','115',78310.00,0.00,'0000-00-00','23 มิ.ย. 2557','ค่าอุปกรณ์การเรียน','','','0000-00-00 00:00:00','2014-05-16','2015-03-31',NULL),(47,2557,2,'012','012004','117',194882.00,0.00,'0000-00-00','23 มิ.ย. 2557','ค่ากิจกรรมพัฒนาผู้เรียน','','','0000-00-00 00:00:00','2014-05-16','2015-03-31',NULL),(48,2557,2,'013','013001','112',12000.00,0.00,'0000-00-00','23 มิ.ย. 2557','จัดซื้อชุดกีฬา','','','0000-00-00 00:00:00','2014-05-16','2015-03-31',NULL),(49,2557,2,'\\\'0','\\\'013\\','',30000.00,0.00,'0000-00-00','13 พ.ค. 2557','จัดซื้อชุดกาบบัว','','','2014-05-13 12:37:24','2014-05-16','2015-03-31',NULL),(50,2557,2,'013','013002','113',13160.00,0.00,'0000-00-00','23 มิ.ย. 2557','จัดซื้อชุดกาบบัว','','','0000-00-00 00:00:00','2014-05-16','2015-03-31',NULL),(51,2557,2,'013','013003','113',120000.00,0.00,'0000-00-00','23 มิ.ย. 2557','จัดจ้างพาหนะรับส่งนักเรียน','','','0000-00-00 00:00:00','2014-05-16','2015-03-31',NULL),(52,2557,2,'013','013004','113',50000.00,0.00,'0000-00-00','23 มิ.ย. 2557','จัดหาอาหารกลางวัน(เสริม)','','','0000-00-00 00:00:00','2014-05-16','2015-03-31',NULL),(53,2557,2,'013','013005','113',42000.00,0.00,'0000-00-00','23 มิ.ย. 2557','จัดหาทุนการศึกษา','','','0000-00-00 00:00:00','2014-05-13','2014-09-30',NULL),(54,2557,2,'013','013006','112',40000.00,0.00,'0000-00-00','23 มิ.ย. 2557','หนังสือเสริมประสบการณ์(แบบฝึก)','','','0000-00-00 00:00:00','2014-05-16','2015-03-31',NULL),(55,2557,2,'013','013007','110',92803.00,0.00,'0000-00-00','23 มิ.ย. 2557','งบสำรองจ่าย','','','0000-00-00 00:00:00','2014-05-16','2015-03-31',NULL),(56,2557,3,'014','014001','',2000.00,0.00,'0000-00-00','13 พ.ค. 2557','เอกสารหลักฐานเยี่ยม/ นิเทศชั้นเรียน','','','2014-05-13 12:48:28','2014-05-13','2014-09-30',NULL),(57,2557,3,'015','015001','',10000.00,0.00,'0000-00-00','13 พ.ค. 2557','กิจกรรมพัฒนาบุคลากร','','','2014-05-13 12:49:12','2014-05-13','2014-09-30',NULL),(58,2557,3,'\\\'0','\\\'015\\','',10000.00,0.00,'0000-00-00','13 พ.ค. 2557','กิจกรรมเสริมสร้างขวัญกำลังใจ','','','2014-05-13 12:49:47','2014-05-13','2014-09-30',NULL),(59,2557,4,'016','016001','',500.00,0.00,'0000-00-00','13 พ.ค. 2557','กิจกรรมอบรมคุณธรรมจริยธรรมหน้าเสาธง','','','2014-05-13 12:50:43','2014-05-16','2015-03-31',NULL),(60,2557,4,'016','016002','',500.00,0.00,'0000-00-00','13 พ.ค. 2557','กิจกรรมธรรมะออนแอร์','','','2014-05-13 12:51:17','2014-05-16','2015-03-31',NULL),(61,2557,4,'\\\'0','\\\'016\\','',40000.00,0.00,'0000-00-00','13 พ.ค. 2557','กิจกรรมส่งเสริมคุณธรรม','','','2014-05-13 12:51:58','2014-05-16','2015-03-31',NULL),(62,2557,4,'016','016003','',4000.00,0.00,'0000-00-00','13 พ.ค. 2557','กิจกรรมส่งเสริมคุณธรรม','','','2014-05-13 12:52:25','2014-05-16','2015-03-31',NULL),(63,2557,4,'016','016004','',10000.00,0.00,'0000-00-00','13 พ.ค. 2557','ค่ายพัฒนาคุณธรรมนักเรียน(ม.๑-๓)','','','2014-05-13 12:52:58','2014-05-16','2015-03-31',NULL),(64,2557,4,'017','017001','',3000.00,0.00,'0000-00-00','13 พ.ค. 2557','ลูกเสือเนตรนารี ลูกเสือสำรอง','','','2014-05-13 12:54:03','2014-05-16','2015-03-31',NULL),(65,2557,4,'017','017002','',5000.00,0.00,'0000-00-00','13 พ.ค. 2557','ลูกเสือเนตรนารี ลูกเสือสามัญ','','','2014-05-13 12:54:30','2014-05-16','2015-03-31',NULL),(66,2557,4,'\\\'0','\\\'017\\','',5000.00,0.00,'0000-00-00','13 พ.ค. 2557','ลูกเสือเนตรนารี ลูกเสือสามัญรุ่นใหญ๋','','','2014-05-13 12:54:58','2014-05-16','2015-03-31',NULL),(67,2557,4,'017','017003','',5000.00,0.00,'0000-00-00','13 พ.ค. 2557','ลูกเสือเนตรนารี ลูกเสือสามัญรุ่นใหญ๋','','','2014-05-13 12:55:47','2014-05-16','2015-03-31',NULL),(68,2557,4,'017','017004','',500.00,0.00,'0000-00-00','13 พ.ค. 2557','ชุมนุมนาฏศิลป์และดนตรีพื้นเมือง','','','2014-05-13 12:56:21','2014-05-16','2015-03-31',NULL),(69,2557,4,'017','017005','',500.00,0.00,'0000-00-00','13 พ.ค. 2557','ชุมนุมกีฬาและนันทนาการ','','','2014-05-13 12:57:22','2014-05-16','2015-03-31',NULL),(70,2557,4,'017','017006','',500.00,0.00,'0000-00-00','13 พ.ค. 2557','ชุมนุมคอมพิวเตอร์','','','2014-05-13 12:57:59','2014-05-16','2015-03-31',NULL),(71,2557,4,'017','017007','',500.00,0.00,'0000-00-00','13 พ.ค. 2557','ชุมนุมขับร้อง','','','2014-05-13 12:59:38','2014-05-16','2015-03-31',NULL),(72,2557,4,'017','017008','',500.00,0.00,'0000-00-00','13 พ.ค. 2557','ชุมนุมพุทธศาสนา','','','2014-05-13 01:00:19','2014-05-16','2015-03-31',NULL),(73,2557,4,'017','017009','',500.00,0.00,'0000-00-00','13 พ.ค. 2557','แนะแนวการศึกษาต่อ','','','2014-05-13 01:01:29','2014-05-16','2015-03-31',NULL),(74,2557,4,'017','017010','',1000.00,0.00,'0000-00-00','13 พ.ค. 2557','อนุรักษ์และพัฒนาสิ่งแวดล้อม','','','2014-05-13 01:02:01','2014-05-16','2015-03-31',NULL),(75,2557,4,'017','017011','',1000.00,0.00,'0000-00-00','13 พ.ค. 2557','ส่งเสริมประชาธิปไตย','','','2014-05-13 01:02:49','2014-05-16','2015-03-31',NULL),(76,2557,4,'017','017012','',17000.00,0.00,'0000-00-00','13 พ.ค. 2557','ศึกษาดูงาน','','','2014-05-13 01:03:23','2014-05-16','2015-03-31',NULL),(77,2557,4,'018','018001','',500.00,0.00,'0000-00-00','13 พ.ค. 2557','วันปฐมนิเทศ','','','2014-05-13 01:04:19','2014-05-16','2015-03-31',NULL),(78,2557,4,'018','018002','',500.00,0.00,'0000-00-00','13 พ.ค. 2557','วันไหว้ครู','','','2014-05-13 01:04:57','2014-05-16','2015-03-31',NULL),(79,2557,4,'018','018003','',500.00,0.00,'0000-00-00','13 พ.ค. 2557','วันสุนทรภู่และวันต่อต้านยาเสพติด','','','2014-05-13 01:07:40','2014-05-16','2015-03-31',NULL),(80,2557,4,'018','018004','',10000.00,0.00,'0000-00-00','13 พ.ค. 2557','วันภาษาไทยแห่งชาติ','','','2014-05-13 01:08:15','2014-05-16','2015-03-31',NULL),(81,2557,4,'018','018005','',1000.00,0.00,'0000-00-00','13 พ.ค. 2557','วันสถาปนาลูกเสือแห่งชาติ','','','2014-05-13 01:08:52','2014-05-16','2015-03-31',NULL),(82,2557,4,'018','018006','',500.00,0.00,'0000-00-00','13 พ.ค. 2557','วันวิสาขบูชา','','','2014-05-13 01:10:24','2014-05-16','2015-03-31',NULL),(83,2557,4,'018','018007','',500.00,0.00,'0000-00-00','13 พ.ค. 2557','วันอาสาฬหบูชา','','','2014-05-13 01:10:59','2014-05-13','2014-09-30',NULL),(84,2557,4,'018','018008','',500.00,0.00,'0000-00-00','13 พ.ค. 2557','วันเข้าพรรษา','','','2014-05-13 01:11:37','2014-05-16','2015-03-31',NULL),(85,2557,4,'018','018009','',1000.00,0.00,'0000-00-00','13 พ.ค. 2557','วันแม่แห่งชาติ','','','2014-05-13 01:12:11','2014-05-16','2015-03-31',NULL),(86,2557,4,'018','018010','',1000.00,0.00,'0000-00-00','13 พ.ค. 2557','วันวชิราวุธ','','','2014-05-13 01:13:28','2014-05-16','2015-03-31',NULL),(87,2557,4,'018','018011','',500.00,0.00,'0000-00-00','13 พ.ค. 2557','วันพ่อแห่งชาติ','','','2014-05-13 01:13:57','2014-05-16','2015-03-31',NULL),(88,2557,4,'018','018012','',500.00,0.00,'0000-00-00','13 พ.ค. 2557','วันปีใหม่','','','2014-05-13 01:14:33','2014-05-16','2015-03-31',NULL),(89,2557,4,'018','018013','',500.00,0.00,'0000-00-00','13 พ.ค. 2557','วันเด็กแห่งชาติ','','','2014-05-13 01:15:08','2014-05-16','2015-03-31',NULL),(90,2557,4,'018','018014','',500.00,0.00,'0000-00-00','13 พ.ค. 2557','วันมาฆบูชา','','','2014-05-13 01:15:51','2014-05-16','2015-03-31',NULL),(91,2557,4,'018','018015','',1000.00,0.00,'0000-00-00','13 พ.ค. 2557','ปัจฉิมนิเทศ','','','2014-05-13 01:16:26','2014-05-16','2015-03-31',NULL),(92,2557,4,'018','018016','',1000.00,0.00,'0000-00-00','13 พ.ค. 2557','กิจกรรมสภานักเรียน','','','2014-05-13 01:17:03','2014-05-16','2015-03-31',NULL),(93,2557,4,'019','019001','',500.00,0.00,'0000-00-00','13 พ.ค. 2557','กิจกรรมบันทึกสุขภาพ(น้ำหนัก ส่วนสูง)\r\n','','','2014-05-13 01:17:56','2014-05-16','2015-03-31',NULL),(94,2557,4,'019','019002','',500.00,0.00,'0000-00-00','13 พ.ค. 2557','กิจกรรมรณรงค์ป้องกันโรค','','','2014-05-13 01:18:28','2014-05-16','2015-03-31',NULL),(95,2557,4,'019','019003','',500.00,0.00,'0000-00-00','13 พ.ค. 2557','กิจกรรมป้องกันไข้เลือดออก','','','2014-05-13 01:19:05','2014-05-16','2015-03-31',NULL),(96,2557,4,'019','019004','',500.00,0.00,'0000-00-00','13 พ.ค. 2557','การทดสอบทางสมรรถภาพทางกาย','','','2014-05-13 01:19:46','2014-05-16','2015-03-31',NULL),(97,2557,4,'019','019005','',1000.00,0.00,'0000-00-00','13 พ.ค. 2557','กิจกรรมการเดินรณรงค์ต่อต้านยาเสพติด\r\n','','','2014-05-13 01:20:48','2014-05-16','2015-03-31',NULL),(98,2557,4,'019','019006','',16000.00,0.00,'0000-00-00','13 พ.ค. 2557','การแข่งขันกีฬาภายใน','','','2014-05-13 01:21:27','2014-05-16','2015-03-31',NULL),(99,2557,4,'019','019007','',1000.00,0.00,'0000-00-00','13 พ.ค. 2557','ระบบดูแลช่วยเหลือนักเรียน','','','2014-05-13 01:22:00','2014-05-16','2015-03-31',NULL),(100,2557,4,'020','020001','',2000.00,0.00,'0000-00-00','13 พ.ค. 2557','ประชุมคณะกรรมการสถานศึกษา','','','2014-05-13 01:22:51','2014-05-13','2014-09-30',NULL),(101,2557,4,'020','020002','',8000.00,0.00,'0000-00-00','13 พ.ค. 2557','กิจกรรมแห่เทียนพรรษา','','','2014-05-13 01:23:19','2014-05-16','2015-03-31',NULL),(102,2557,4,'021','021001','',3000.00,0.00,'0000-00-00','13 พ.ค. 2557','วัสดุการศึกษาโรงเรียนธนาคาร','','','2014-05-13 01:24:48','2014-05-16','2015-03-31',NULL),(103,2557,4,'022','022001','',10000.00,0.00,'0000-00-00','13 พ.ค. 2557','ปรับปรุงประตูหน้าอาคารเรียน','','','2014-05-13 01:25:42','2014-05-16','2015-03-31',NULL),(104,2557,4,'022','022002','',10000.00,0.00,'0000-00-00','13 พ.ค. 2557','ปรับปรุงห้องเรียน','','','2014-05-13 01:26:15','2014-05-16','2015-03-31',NULL),(105,2557,4,'022','022003','',20000.00,0.00,'0000-00-00','13 พ.ค. 2557','ปรับปรุงและพัฒนาโต๊ะเก้าอี้','','','2014-05-13 01:26:45','2014-05-16','2015-03-31',NULL),(106,2557,4,'022','022004','',10000.00,0.00,'0000-00-00','13 พ.ค. 2557','ป้ายไวนิลประชาสัมพันธ์โรงเรียน','','','2014-05-13 01:27:17','2014-05-16','2015-03-31',NULL),(107,2557,4,'022','022005','',50000.00,0.00,'0000-00-00','13 พ.ค. 2557','ต่อเติมอาคารเรียนอนุบาล','','','2014-05-13 01:27:51','2014-05-16','2015-03-31',NULL),(108,2557,4,'022','022006','',100000.00,0.00,'0000-00-00','13 พ.ค. 2557','สร้างพุทธสถาน','','','2014-05-13 01:28:36','2014-05-16','2015-03-31',NULL),(109,2557,4,'023','023001','',3000.00,0.00,'0000-00-00','13 พ.ค. 2557','วัสดุประจำสหกรณ์โรงเรียน','','','2014-05-13 01:29:24','2014-05-16','2015-03-31',NULL),(110,2557,4,'024','024001','',17000.00,0.00,'0000-00-00','13 พ.ค. 2557','กิจกรรมค่ายอนุรักษ์ธรรมชาติ','','','2014-05-13 01:30:30','2014-05-16','2015-03-31',NULL),(111,2557,4,'024','024002','',3000.00,0.00,'0000-00-00','13 พ.ค. 2557','กิจกรรม 3 ร','','','2014-05-13 01:30:54','2014-05-13','2014-09-30',NULL),(112,2557,4,'025','025001','',205400.00,0.00,'0000-00-00','13 พ.ค. 2557','ซื้ออาหารสดแห้งและเครื่องปรุงประกอบอาหาร ภาคเรียนที่ ๑\r\n\r\n','','','2014-05-13 01:34:27','2014-05-16','2014-09-30',NULL),(113,2557,4,'025','025002','',184860.00,0.00,'0000-00-00','13 พ.ค. 2557','ซื้ออาหารสดแห้งและเครื่องปรุงประกอบอาหาร ภาคเรียนที่ ๒\r\n','','','2014-05-13 01:37:42','2014-11-01','2015-03-31',NULL),(114,2557,4,'026','026001','',25000.00,0.00,'0000-00-00','13 พ.ค. 2557','วัสดุโครงการ','','','2014-05-13 01:38:36','2014-05-16','2015-03-31',NULL),(115,2557,2,'013','013013','110',40000.00,0.00,'0000-00-00','24 มิ.ย. 2557','จัดหาตู้น้ำดื่ม','','','2014-06-24 06:33:50','2014-05-16','2014-06-30',NULL),(116,2564,3,'001','001001','118',156392.03,0.00,'2563-10-03','3 ต.ค. 2563','ทำอาหารกลางวัน','','','2020-10-03 11:49:33','2020-10-03','2021-04-30',NULL),(117,2564,2,'002','002001','110',84000.00,0.00,'2563-10-21','21 ต.ค. 2563','รายจ่ายค่าสาธาณูปโภค(ค่าไฟฟ้า)','','','2020-10-21 16:13:18','2020-10-01','2021-03-30',NULL),(118,2564,2,'002','002002','108',2500.00,0.00,'2563-10-21','21 ต.ค. 2563','บริหารงานการเงินพัสดุครุภัณฑ์(วัสดุสำนักงาน)','','','2020-10-21 16:15:50','2020-10-01','2021-03-30',NULL),(119,2564,2,'002','002003','109',2500.00,0.00,'2563-10-21','21 ต.ค. 2563','บริหารงานการเงินพัสดุครุภัณฑ์(วัสดุสำนักงาน)','','','2020-10-21 16:16:44','2020-10-21','2021-03-30',NULL),(120,2564,2,'002','002004','110',5000.00,0.00,'2563-10-21','21 ต.ค. 2563','บริหารงานการเงินพัสดุครุภัณฑ์(วัสดุสำนักงาน)','','','2020-10-21 16:17:08','2020-10-01','2021-03-30',NULL),(121,2564,2,'002','002005','108',2500.00,0.00,'2563-10-21','21 ต.ค. 2563','ปรับปรุงซ่อมแซมพัสดุและสินทรัพย์','','','2020-10-21 16:18:42','2020-10-01','2021-03-30',NULL),(122,2564,2,'002','002006','109',7500.00,0.00,'2563-10-21','21 ต.ค. 2563','ปรับปรุงซ่อมแซมพัสดุและสินทรัพย์','','','2020-10-21 16:19:21','2020-10-01','2021-03-30',NULL),(123,2564,2,'002','002007','110',10000.00,0.00,'2563-10-21','21 ต.ค. 2563','ปรับปรุงซ่อมแซมพัสดุและสินทรัพย์','','','2020-10-21 16:19:43','2020-10-01','2021-03-30',NULL),(124,2564,2,'002','002008','103',10000.00,0.00,'2020-10-26','21 ต.ค. 2563','นำส่งเงินภาษี หัก ณ ที่จ่าย','','','2020-10-21 16:21:09','2020-10-21','2021-03-30',NULL),(125,2564,2,'002','002009','101',10000.00,0.00,'2563-10-26','26 ต.ค. 2563','เงินรายได้แผ่นดินประเภทเงินฝากธนาคาร','','','2020-10-26 10:32:18','2020-10-01','2021-03-30',NULL),(127,2565,3,'013','013001','124',2000.00,0.00,'2022-01-12','12 ม.ค. 2565','นิเทศชั้นเรียน','','','2022-01-12 13:23:38','2021-11-01','2022-03-30',NULL),(128,2565,3,'014','014001','125',45323.00,0.00,'2022-01-12','12 ม.ค. 2565','ทัศนศึกษา','','','2022-01-12 13:24:52','2021-11-01','2022-03-31',NULL),(129,2565,4,'015','015001','124',2000.00,0.00,'2565-01-12','12 ม.ค. 2565','บันทึกสุขภาพ และกิจกรรมรณรงค์ป้องกันโรค','','','2022-01-12 13:28:36','2021-11-01','2022-03-31',NULL),(130,2565,4,'016','016001','124',2000.00,0.00,'2022-01-12','12 ม.ค. 2565','ประชุมคณะกรรมการสถานศึกษา','','','2022-01-12 13:29:50','2021-11-01','2022-03-31',NULL),(131,2565,4,'016','016002','124',3969.00,0.00,'2565-01-12','12 ม.ค. 2565','แห่เทียนพรรษา','','','2022-01-12 13:30:58','2021-10-01','2022-03-31',NULL),(132,2565,4,'017','017001','124',2000.00,0.00,'2565-01-12','12 ม.ค. 2565','วัสดุการศึกษา','','','2022-01-12 13:31:50','2022-01-12','2022-03-31',NULL),(133,2565,4,'018','018001','124',2000.00,0.00,'2565-01-12','12 ม.ค. 2565','วัสดุตามโครงการ','','','2022-01-12 13:32:44','2022-01-12','2022-03-30',NULL),(134,2565,4,'019','019001','124',120000.00,0.00,'2022-01-12','12 ม.ค. 2565','ติดตั้งเครื่องกรองน้ำ','','','2022-01-12 13:33:38','2021-10-01','2022-03-31',NULL),(145,2565,4,'019','019002','124',10000.00,0.00,'2565-01-12','12 ม.ค. 2565','วัสดุโครงการ','','','2022-01-12 13:51:01','2022-01-12','2022-03-30',NULL),(136,2565,4,'020','020001','118',322000.00,0.00,'2565-01-12','12 ม.ค. 2565','อาหารกลางวัน','','','2022-01-12 13:35:54','2021-11-01','2022-03-31',NULL),(137,2565,4,'021','021001','125',23000.00,0.00,'2565-01-12','12 ม.ค. 2565','จัดหาเครื่องแบบนักเรียน','','','2022-01-12 13:36:43','2021-10-01','2022-03-31',NULL),(138,2565,4,'021','021002','125',81000.00,0.00,'2565-01-12','12 ม.ค. 2565','จัดจ้างพาหนะรับ-ส่งนักเรียน','','','2022-01-12 13:37:34','2021-11-01','2022-03-31',NULL),(146,2565,1,'001','001001','124',5000.00,0.00,'2565-01-12','12 ม.ค. 2565','อบรมคุรธรรมหน้าเสาธงและวันสุดสัปดาห์\r\nกิจกรรมส่งเสริมคุณธรรมวันสำคัญทางศาสนา\r\nงานประเพณี\r\nกิจกรรมพัฒนาครู บุคลากร นักเรียนจิตอาสา','','','2022-01-12 14:58:16','2021-11-01','2022-03-31',NULL),(144,2565,4,'021','021003','125',45000.00,0.00,'2565-01-12','12 ม.ค. 2565','อาหารกลางวัน','','','2022-01-12 13:49:26','2021-11-01','2022-03-31',NULL),(141,2565,4,'022','022001','114',196204.00,0.00,'2565-01-12','12 ม.ค. 2565','หนังสือเรียน','','','2022-01-12 13:41:38','2021-10-01','2022-09-30',NULL),(142,2565,4,'022','022002','116',103980.00,0.00,'2565-01-12','12 ม.ค. 2565','เครื่องแบบนักเรียน','','','2022-01-12 13:42:20','2021-10-01','2022-09-30',NULL),(143,2565,4,'022','022003','115',101990.00,0.00,'2565-01-12','12 ม.ค. 2565','อุปกรณ์การเรียน','','','2022-01-12 13:42:57','2021-10-01','2022-09-30',NULL),(147,2565,1,'002','002001','124',5000.00,0.00,'2565-01-12','12 ม.ค. 2565','โรงเรือนปลูกผัก','','','2022-01-12 15:00:38','2021-11-01','2022-03-31',NULL),(148,2565,1,'002','002002','121',57000.00,0.00,'2565-01-12','12 ม.ค. 2565','เลี้ยงไก่','','','2022-01-12 15:02:34','2021-11-01','2022-03-31',NULL),(149,2565,1,'002','002003','122',10000.00,0.00,'2565-01-12','12 ม.ค. 2565','เลี้ยงปลา','','','2022-01-12 15:03:13','2021-11-01','2022-03-31',NULL),(150,2565,1,'003','003001','124',10000.00,0.00,'2565-01-12','12 ม.ค. 2565','จ้างเหมาถ่ายเอกสาร','','','2022-01-12 15:05:00','2021-11-01','2022-03-31',NULL),(151,2565,1,'004','004001','124',45000.00,0.00,'2565-01-12','12 ม.ค. 2565','วัสดุการศึกษา','','','2022-01-12 15:06:46','2021-11-01','2022-03-31',NULL),(152,2565,1,'004','004002','117',95000.00,0.00,'2022-01-12','12 ม.ค. 2565','ทัศนศึกษา','','','2022-01-12 15:07:47','2021-11-01','2022-03-31',NULL),(153,2565,1,'005','005001','124',5000.00,0.00,'2565-01-12','12 ม.ค. 2565','คลังข้อสอบ','','','2022-01-12 15:08:52','2021-11-01','2022-03-31',NULL),(154,2565,1,'005','005002','124',10000.00,0.00,'2565-01-12','12 ม.ค. 2565','ค่ายวิชาการ','','','2022-01-12 15:09:29','2021-11-01','2022-03-31',NULL),(155,2565,1,'005','005003','124',35000.00,0.00,'2565-01-12','12 ม.ค. 2565','ซ่อมคนอ่อน เสริมคนเก่ง\r\nการแข่งขันทางวิชาการ','','','2022-01-12 15:10:42','2021-11-01','2022-03-31',NULL),(156,2565,1,'006','006001','124',5000.00,0.00,'2565-01-12','12 ม.ค. 2565','ค่าตรวจคัดกรอง','','','2022-01-12 15:11:21','2021-11-01','2022-03-31',NULL),(157,2565,1,'007','007001','124',15000.00,0.00,'2565-01-12','12 ม.ค. 2565','ซื้อหนังสือ','','','2022-01-12 15:11:54','2021-11-01','2022-03-31',NULL),(158,2565,1,'008','008001','124',10772.00,0.00,'2565-01-12','12 ม.ค. 2565','ภาษาต่างประเทศวันละคำ','','','2022-01-12 15:14:28','2021-11-01','2022-03-31',NULL),(159,2565,1,'009','009001','',1000.00,0.00,'2565-01-12','12 ม.ค. 2565','วันวชิราวุธ','','','2022-01-12 15:15:49','2021-11-25','2022-03-31',NULL),(160,2565,1,'010','010001','124',80000.00,0.00,'2565-01-12','12 ม.ค. 2565','สื่ออุปกรณ์','','','2022-01-12 15:16:32','2021-11-01','2022-03-31',NULL),(161,2565,1,'010','010002','124',120000.00,0.00,'2565-01-12','12 ม.ค. 2565','ทาสีอาคารเรียน','','','2022-01-12 15:17:05','2021-11-01','2022-03-31',NULL),(162,2565,1,'011','011001','124',20000.00,0.00,'2565-01-12','12 ม.ค. 2565','ซื้ออุปกรณ์กีฬาและดำเนินการอื่นๆ','','','2022-01-12 15:17:53','2021-11-01','2022-03-31',NULL),(163,2565,1,'011','011002','117',10000.00,0.00,'2565-01-12','12 ม.ค. 2565','แข่งขันกีฬา','','','2022-01-12 15:18:30','2021-11-01','2022-03-31',NULL),(164,2565,2,'012','012001','124',84000.00,0.00,'2565-01-12','12 ม.ค. 2565','ค่าไฟฟ้า','','','2022-01-12 15:19:34','2021-10-01','2022-03-24',NULL),(165,2565,2,'012','012002','124',10646.00,0.00,'2565-01-12','12 ม.ค. 2565','บริหารงานการเงิน บัญชี พัสดุ','','','2022-01-12 15:20:24','2021-11-01','2022-03-31',NULL),(166,2566,1,'001','001001','109',1000.00,0.00,'2022-10-30','24 ต.ค. 2565','อบรมคุณธรรมหน้าเสาธงและวันสุดสัปดาห์(ก่อนประถม)','','','2022-10-24 20:19:13','2022-10-01','2023-09-30',NULL),(167,2566,1,'001','001002','119',1000.00,0.00,'2022-10-30','24 ต.ค. 2565','กิจกรรมส่งเสริมคุณธรรมวันสำคัญทางศาสนาใหว้พระสวดมนต์ (ประถม)','','','2022-10-24 20:54:38','2022-10-01','2023-09-30',NULL),(168,2566,1,'001','001003','108',1000.00,0.00,'2022-10-30','24 ต.ค. 2565','กิจกรรมร้องเพลงชาติไทย (ก่อนประถม)','','','2022-10-24 20:55:11','2022-10-01','2023-09-30',NULL),(169,2566,1,'001','001004','119',2000.00,0.00,'2022-10-30','24 ต.ค. 2565','กิจกรรมภาษาไทย อังกฤษวันละคำ โฮมรูม นั่งสมาธิ เขียนตามคำบอก คิดเลขเป็น ท่องสูตรคูณ(ประถม)','','','2022-10-24 20:55:35','2022-10-01','2023-09-30',NULL),(170,2566,1,'002','002001','119',2500.00,0.00,'2022-10-27','24 ต.ค. 2565','กิจกรรมเกษตรปลูกผัก เลี้ยงสัตว์ (ประถม)','','','2022-10-24 20:59:12','2022-10-01','2023-09-30',NULL),(171,2566,1,'002','002002','126',2500.00,0.00,'2022-10-30','24 ต.ค. 2565','กิจกรรมเกษตรปลูกผัก เลี้ยงสัตว์ (ม.ต้น)','','','2022-10-24 21:02:17','2022-10-01','2023-09-30',NULL),(172,2566,1,'002','002003','119',1500.00,0.00,'2022-10-27','24 ต.ค. 2565','กิจกรรมทำปุ๋ยหมัก น้้ำหมักชีวภาพ (ประถม)','','','2022-10-24 21:03:14','2022-10-01','2023-09-30',NULL),(310,2566,1,'017','017003','119',15000.00,0.00,'2023-09-09','27 ต.ค. 2565','กิจกรรมวันแม่แห่งชาติ (ประถม)','','','2022-10-27 15:21:59','2022-10-27','2023-09-30',NULL),(309,2566,4,'041','041005','119',500.00,0.00,'2565-10-27','27 ต.ค. 2565','เตรียมการก่อนเปิดเทอม ตัดหญ้า อุปกรณ์ปัดกวาดเช็ดถู (ประถม)','','','2022-10-27 15:15:36','2022-10-27','2023-09-30',NULL),(308,2566,2,'044','044012','130',58000.00,0.00,'2023-09-09','27 ต.ค. 2565','ค่ากรรมพัฒนาผู้เรียน ทัศนศึกษา กีฬา ใบงาน อบรมคุณธรรม แข่งศิลปหัตกรรม นักเรียน (ม.ต้น)','','','2022-10-27 15:04:19','2022-10-27','2023-09-30',NULL),(307,2566,2,'044','044011','129',37000.00,0.00,'2023-09-09','27 ต.ค. 2565','ค่าเครื่องแบบนักเรียน เสือผ้า (ม.ต้น)','','','2022-10-27 14:58:53','2022-10-27','2023-09-30',NULL),(306,2566,2,'044','044010','128',43000.00,0.00,'2023-09-09','27 ต.ค. 2565','ค่าอุปกรณ์การเรียน (ม.ต้น)','','','2022-10-27 14:58:11','2022-10-27','2023-09-30',NULL),(179,2566,1,'002','002009','126',800.00,0.00,'2022-10-30','24 ต.ค. 2565','กิจกรรมจัดซื้อวัสดุตามโครงการ (ม.ต้น)','','','2022-10-24 21:10:03','2022-10-01','2023-09-30',NULL),(180,2566,1,'003','003001','110',1000.00,0.00,'2023-09-09','24 ต.ค. 2565','จัดซื้อวัสดุตามโครงการ(ก่อนประถม)','','','2022-10-24 21:21:50','2022-10-01','2023-09-30',NULL),(181,2566,1,'003','003002','109',1000.00,0.00,'2023-09-09','24 ต.ค. 2565','จัดทำแผนปฏิบัติการประจำปี(ก่อนประถม)','','','2022-10-24 21:22:36','2022-10-01','2023-09-30',NULL),(182,2566,1,'003','003003','109',1000.00,0.00,'2023-09-09','24 ต.ค. 2565','จัดทำรายงานการประเมินตนเอง SAR ประจำปี(ก่อนประถม)','','','2022-10-24 21:23:06','2022-10-01','2023-09-30',NULL),(183,2566,1,'003','003004','126',1000.00,0.00,'2022-10-30','24 ต.ค. 2565','กำหนดมาตรฐานปฐมวัย และการศึกษาขั้นพื้นฐาน (ม.ต้น)','','','2022-10-24 21:23:27','2022-10-01','2023-09-30',NULL),(184,2566,1,'004','004001','126',20000.00,0.00,'2023-09-09','24 ต.ค. 2565','กิจกรรมอ่านออก เขียนได้ คิดเลขเป็น (ประถม)','','','2022-10-24 21:26:47','2022-10-01','2023-09-30',NULL),(185,2566,1,'004','004002','130',5000.00,0.00,'2022-10-30','24 ต.ค. 2565','กิจกรรมอ่านออก เขียนได้ คิดเลขเป็น (ม.ต้น)','','','2022-10-24 21:27:18','2022-10-01','2023-09-30',NULL),(186,2566,1,'004','004003','119',10000.00,0.00,'2022-10-30','24 ต.ค. 2565','เตรียมความพร้อม O-NET ป.6 (ประถม)','','','2022-10-24 21:28:05','2022-10-01','2023-09-30',NULL),(187,2566,1,'004','004004','130',10000.00,0.00,'2022-10-30','24 ต.ค. 2565','เตรียมความพร้อม O-NET ม.3 (ม.ต้น)','','','2022-10-24 21:28:33','2022-10-01','2023-09-30',NULL),(188,2566,1,'004','004005','119',10000.00,0.00,'2022-10-27','24 ต.ค. 2565','เตรียมความพร้อมทดสอบ NT (ประถม)','','','2022-10-24 21:29:43','2022-10-01','2023-09-30',NULL),(189,2566,1,'004','004006','119',15000.00,0.00,'2022-10-30','24 ต.ค. 2565','เตรียมความพร้อมทดสอบ RT (ประถม)','','','2022-10-24 21:30:07','2022-10-01','2023-09-30',NULL),(190,2566,1,'004','004007','109',20000.00,0.00,'2565-10-24','24 ต.ค. 2565','ศึกษาแหล่งเรียนรู้เปิดโลกทางปัญญา ป.1-ป.3','','','2022-10-24 21:30:56','2022-10-01','2023-09-30',NULL),(191,2566,1,'004','004008','109',20000.00,0.00,'2565-10-24','24 ต.ค. 2565','ศึกษาแหล่งเรียนรู้เปิดโลกทางปัญญา ป.4-ป.6','','','2022-10-24 21:31:18','2022-10-01','2023-09-30',NULL),(192,2566,1,'004','004009','110',20000.00,0.00,'2565-10-24','24 ต.ค. 2565','ศึกษาแหล่งเรียนรู้เปิดโลกทางปัญญา ม.1-ม.2','','','2022-10-24 21:31:44','2022-10-01','2023-09-30',NULL),(193,2566,1,'004','004010','110',35000.00,0.00,'2565-10-24','24 ต.ค. 2565','ศึกษาแหล่งเรียนรู้เปิดโลกทางปัญญา ม.3','','','2022-10-24 21:32:21','2022-10-01','2023-09-30',NULL),(194,2566,1,'005','005001','108',8000.00,0.00,'2023-09-09','24 ต.ค. 2565','วัสดุฝึกซ้อม แข่งขัน (ก่อนปะถม)','','','2022-10-24 21:37:14','2022-10-01','2023-09-30',NULL),(195,2566,1,'005','005002','119',33000.00,0.00,'2023-09-09','24 ต.ค. 2565','แข่งขันทางวิชาการ (ประถม)','','','2022-10-24 21:38:13','2022-10-01','2023-09-30',NULL),(196,2566,1,'005','005003','126',25000.00,0.00,'2023-09-09','24 ต.ค. 2565','แข่งขันทางวิชาการ (ม.ต้น)','','','2022-10-24 21:38:55','2022-10-01','2023-09-30',NULL),(197,2566,1,'005','005004','113',2500.00,0.00,'2022-10-30','24 ต.ค. 2565','วัสดุฝึกก่อน(ประถม)','','','2022-10-24 21:39:35','2022-10-01','2023-09-30',NULL),(198,2566,1,'005','005005','123',2500.00,0.00,'2022-10-30','24 ต.ค. 2565','วัสดุฝึกแข่่งขัน (ประถม)','','','2022-10-24 21:39:55','2022-10-01','2023-09-30',NULL),(199,2566,1,'005','005006','130',25000.00,0.00,'2023-09-09','24 ต.ค. 2565','วัสดุฝีกแข่งขัน (ม.ต้น)','','','2022-10-24 21:40:34','2022-10-01','2023-09-30',NULL),(200,2566,1,'005','005007','130',15000.00,0.00,'2023-09-09','24 ต.ค. 2565','ค่ายวิชาการ (ม.ต้น)','','','2022-10-24 21:40:56','2022-10-01','2023-09-30',NULL),(201,2566,1,'006','006001','119',1000.00,0.00,'2022-10-30','24 ต.ค. 2565','จัดซื้อวัสดุตามโครงการ(ประถม)','','','2022-10-24 21:42:24','2022-10-01','2023-09-30',NULL),(202,2566,1,'006','006002','119',1000.00,0.00,'2022-10-30','24 ต.ค. 2565','กิจกรรมคัดกรองเด็กพิเศษเรียนร่วม(ประถม)','','','2022-10-24 21:42:54','2022-10-01','2023-09-30',NULL),(203,2566,1,'006','006003','109',3000.00,0.00,'2565-10-24','24 ต.ค. 2565','ค่าตรวจ/คัดกรอง','','','2022-10-24 21:43:15','2022-10-01','2023-09-30',NULL),(204,2566,1,'007','007001','119',15000.00,0.00,'2022-10-30','24 ต.ค. 2565','กิจกรรมจัดซื้อวัสดุเกี่ยงข้องกับโครงการ (ประถม)','','','2022-10-24 21:45:56','2022-10-01','2023-09-30',NULL),(205,2566,1,'007','007002','109',5000.00,0.00,'2565-10-24','24 ต.ค. 2565','จัดซื้อวัสดุตามโครงการ','','','2022-10-24 21:46:20','2022-10-01','2023-09-30',NULL),(206,2566,1,'008','008001','126',1000.00,0.00,'2023-09-09','24 ต.ค. 2565','กิจกรรมค่ายภาษาอังกฤษ คณิตศาสตร์ (ประถม)','','','2022-10-24 21:49:12','2022-10-01','2023-09-30',NULL),(207,2566,1,'008','008002','130',1000.00,0.00,'2023-09-09','24 ต.ค. 2565','กิจกรรมค่ายภาษาอังกฤษ (ม.ต้น)','','','2022-10-24 21:49:49','2022-10-01','2023-09-30',NULL),(208,2566,1,'009','009001','108',1000.00,0.00,'2023-09-09','24 ต.ค. 2565','กิจกรรมจัดหา วัสดุ สื่อ อุปกรณ์ (ก่อนประถม)','','','2022-10-24 22:02:07','2022-10-01','2023-09-30',NULL),(209,2566,1,'009','009002','119',35000.00,0.00,'2023-09-09','24 ต.ค. 2565','จัดหาวัสดุ สื่อ อุปกรณ์ (ประถม)','','','2022-10-24 22:02:27','2022-10-01','2023-09-30',NULL),(210,2566,1,'009','009003','126',20000.00,0.00,'2023-09-09','24 ต.ค. 2565','กิจกรรมจัดหา วัสดุ สื่อ อุปกรณ์ (ม.ต้น)','','','2022-10-24 22:03:34','2022-10-01','2023-09-30',NULL),(318,2566,1,'008','008004','130',6000.00,0.00,'2023-09-09','30 ต.ค. 2565','กิจกรรมค่ายภาษาจีน (ม.ต้น)','','','2022-10-30 10:35:05','2022-10-30','2023-09-30',NULL),(212,2566,1,'010','010001','109',55000.00,0.00,'2023-09-09','24 ต.ค. 2565','การแข่งขันกีฬาภายใน (ประถม)','','','2022-10-24 22:05:24','2022-10-01','2023-09-30',NULL),(213,2566,1,'010','010002','126',5000.00,0.00,'2023-09-09','24 ต.ค. 2565','จัดชื้ออุปกรณ์วัสดุ(ม.ต้น)','','','2022-10-24 22:05:55','2022-10-01','2023-09-30',NULL),(214,2566,3,'011','011001','108',1000.00,0.00,'2022-10-30','24 ต.ค. 2565','จัดซื้อวัสดุตามโครงการ(ก่อนประถม)','','','2022-10-24 22:07:17','2022-10-01','2023-09-30',NULL),(215,2566,3,'011','011002','119',1000.00,0.00,'2022-10-30','24 ต.ค. 2565','นิเทศชั้นเรียน(ประถม)','','','2022-10-24 22:07:37','2022-10-01','2023-09-30',NULL),(216,2566,1,'012','012001','130',10000.00,0.00,'2023-09-09','24 ต.ค. 2565','จัดซื้อวัสดุตามโครงการ','','','2022-10-24 22:08:39','2022-10-01','2023-09-30',NULL),(379,2566,1,'019','019005','102',14000.00,0.00,'2565-12-27','27 ธ.ค. 2565','ปรับปรุงซ่อมแซมครุภัณฑ์ เครื่องถ่ายเอกสาร เครื่องพิมพ์','','','2022-12-27 20:31:06','2022-12-27','2023-09-30',NULL),(380,2566,1,'017','017007','108',5000.00,0.00,'2023-09-09','14 ม.ค. 2566','กิจกรรมวันเด็ก ระดับ อนุบาล','','','2023-01-14 11:34:59','2023-01-14','2023-09-30',NULL),(219,2566,1,'014','014001','130',1000.00,0.00,'2022-10-30','24 ต.ค. 2565','กิจกรรมวันสถาปาลูกเสือ (่ม.ต้น)','','','2022-10-24 22:11:43','2022-10-01','2023-09-30',NULL),(220,2566,1,'015','015001','108',500.00,0.00,'2022-10-27','24 ต.ค. 2565','กิจกรรมเยี่ยมบ้าน (ก่อนประถม)','','','2022-10-24 22:13:23','2022-10-01','2023-09-30',NULL),(221,2566,1,'015','015002','126',4500.00,0.00,'2022-10-30','24 ต.ค. 2565','กิจกรรมจัดซื้อวัสดุโครงการ(ม.ต้น)','','','2022-10-24 22:13:49','2022-10-01','2023-09-30',NULL),(222,2566,1,'016','016001','108',500.00,0.00,'2022-10-30','24 ต.ค. 2565','กิจกรรมรณรงค์ต่อต้านยาเสพติด บุหรี่ เหล้า ยาบ้า กัญชา กระท่อม การทะเลาะวิวาท สื่อลามกอนาจาร  (ก่อนประถม)','','','2022-10-24 22:16:31','2022-10-01','2023-09-30',NULL),(223,2566,1,'016','016002','109',500.00,0.00,'2022-10-30','24 ต.ค. 2565','กิจกรรมรณรงค์ต่อต้านยาเสพติดบุหรี่ เหล้า ยาบ้า กัญชา กระท่อม การทะเลาะวิวาท สื่อลามกอนาจาร (ประถม)','','','2022-10-24 22:17:23','2022-10-01','2023-09-30',NULL),(224,2566,1,'016','016003','110',500.00,0.00,'2022-10-30','24 ต.ค. 2565','กิจรรมรณรงค์ต่อต้านยาเสพติดบุหรี่ เหล้า ยาบ้า กัญชา กระท่อม การทะเลาะวิวาท สื่อลามกอนาจาร ม.ต้น (ม.ต้น)','','','2022-10-24 22:17:45','2022-10-01','2023-09-30',NULL),(225,2566,1,'017','017001','119',1000.00,0.00,'2023-09-09','24 ต.ค. 2565','กิจกรรมวันแม่ (ประถม)','','','2022-10-24 22:21:09','2022-10-01','2023-09-30',NULL),(226,2566,1,'017','017002','126',1000.00,0.00,'2023-09-09','24 ต.ค. 2565','กิจกรรมวันสำคัญทางพระพุทธศาสนา อาสาฬหบูชา วันเข้าพรรษา(แห่เทียนเขาพรรษา) วันมาฆบูชา (ม.ต้น)','','','2022-10-24 22:21:31','2022-10-01','2023-09-30',NULL),(227,2566,1,'018','018001','119',1000.00,0.00,'2022-10-30','24 ต.ค. 2565','จัดซื้อวัสดุตามโครงการ(ประถม)','','','2022-10-24 22:23:31','2022-10-01','2023-09-30',NULL),(228,2566,1,'019','019001','119',3000.00,0.00,'2023-09-09','24 ต.ค. 2565','จัดซื้อวัสดุตามโครงการ (ประถม)','','','2022-10-24 22:25:06','2022-10-01','2023-09-30',NULL),(229,2566,1,'019','019002','126',20000.00,0.00,'2022-10-30','24 ต.ค. 2565','กิจกรรมจัดซื้อเครื่องถ่ายเอกสาร (ม.ต้น)\r\n','','','2022-10-24 22:25:30','2022-10-01','2023-09-30',NULL),(230,2566,1,'019','019003','119',1000.00,0.00,'2022-10-30','24 ต.ค. 2565','กิจกรรมกรอกข้อมูลพื้นฐานของโรงเรียน DMC B-obec P-obec SMISS ระบบSMSS','','','2022-10-24 22:25:51','2022-10-01','2023-09-30',NULL),(231,2566,1,'020','020001','126',15000.00,0.00,'2023-09-09','24 ต.ค. 2565','จัดซื้อวัสดุตามโครงการแนะแนวและสร้างโอกาสทางการศึกษา (ม.ต้น)','','','2022-10-24 22:27:36','2022-10-01','2023-09-30',NULL),(232,2566,1,'020','020002','126',1000.00,0.00,'2022-10-30','24 ต.ค. 2565','กิจกรรมออกแนะแนว รร.สำโรงน้อย โรงเรียนบ้านนาดี รร.บ้านกระแอกน้อย ชุมชนบ้านดงคั่ง รร.บ้านคำสว่าง กิจกรรแนะแนวการศึกษาต่อ(ม.ต้น)','','','2022-10-24 22:28:05','2022-10-01','2023-09-30',NULL),(233,2566,1,'020','020003','126',1000.00,0.00,'2023-09-09','24 ต.ค. 2565','กิจกรรมสร้างโอกาสทางการศึกษา(ม.ต้น)','','','2022-10-24 22:28:30','2022-10-01','2023-09-30',NULL),(234,2566,1,'021','021001','108',650.00,0.00,'2022-10-30','24 ต.ค. 2565','กิจกรรมโรงเรียนรักษาศิล 5 (อนุบาล)','','','2022-10-24 22:29:42','2022-10-01','2023-09-30',NULL),(235,2566,1,'021','021002','119',350.00,0.00,'2022-10-30','24 ต.ค. 2565','จัดซื้อวัสดุตามโครงการ(ประถม)','','','2022-10-24 22:30:03','2022-10-01','2023-09-30',NULL),(236,2566,1,'022','022001','126',1000.00,0.00,'2022-10-30','24 ต.ค. 2565','จัดซื้อวัสดุตามโครงการ (ม.ต้น)','','','2022-10-24 22:31:06','2022-10-01','2023-09-30',NULL),(237,2566,1,'023','023001','119',3000.00,0.00,'2023-09-09','24 ต.ค. 2565','จัดซื้อวัสดุตามโครงการ (ประถม)','','','2022-10-24 22:32:26','2022-10-24','2023-09-30',NULL),(238,2566,1,'023','023002','119',1000.00,0.00,'2022-10-30','24 ต.ค. 2565','กิจกรรมคัดแยกขยะ (ประถม)','','','2022-10-24 22:33:08','2022-10-01','2023-09-30',NULL),(239,2566,1,'023','023003','126',5000.00,0.00,'2022-10-30','24 ต.ค. 2565','กิจกรรมคัดแยกขยะมัธยม(ม.ต้น)','','','2022-10-24 22:33:31','2022-10-01','2023-09-30',NULL),(240,2566,1,'023','023004','126',1000.00,0.00,'2022-10-30','24 ต.ค. 2565','กิจกรรมประกวดโรงเรียนปลอดขยะ (ม.ต้น)','','','2022-10-24 22:33:46','2022-10-01','2023-09-30',NULL),(241,2566,1,'024','024001','108',3000.00,0.00,'2023-09-09','24 ต.ค. 2565','กิจกรรมพัฒนาหลักสูตรและส่งเสริมการจัดกิจกรรมการเรียนการสอนระดับ (ก่อนประถม)','','','2022-10-24 22:35:06','2022-10-01','2023-09-30',NULL),(242,2566,1,'024','024002','119',4500.00,0.00,'2022-10-30','24 ต.ค. 2565','กิจกรรมพัฒนาหลักสูตรและส่งเสริมการจัดกิจกรรมการเรียนการสอนระดับ (ประถม)','','','2022-10-24 22:35:30','2022-10-01','2023-09-30',NULL),(243,2566,1,'024','024003','110',1000.00,0.00,'2022-10-30','24 ต.ค. 2565','กิจกรรมพัฒนาหลักสูตรและส่งเสริมการจัดกิจกรรมการเรียนการสอนระดับ (มัธยม)','','','2022-10-24 22:35:50','2022-10-01','2023-09-30',NULL),(244,2566,1,'024','024004','109',1000.00,0.00,'2022-10-30','24 ต.ค. 2565','จัดซื้อวัสดุตามโครงการ (ก่อนประถม)','','','2022-10-24 22:36:16','2022-10-01','2023-09-30',NULL),(245,2566,1,'025','025001','119',1000.00,0.00,'2022-10-30','24 ต.ค. 2565','กิจกรรมจัดทำหลักสูตรและปฏิญญาต้อต้านการทุจริจ (ประถม)','','','2022-10-24 22:37:43','2022-10-01','2023-09-30',NULL),(246,2566,1,'025','025002','126',1000.00,0.00,'2022-10-30','24 ต.ค. 2565','กิจกรรมจัดซื้อวัสดุตามโครงการ (ม.ต้น)','','','2022-10-24 22:38:04','2022-10-01','2023-09-30',NULL),(247,2566,1,'025','025003','119',2000.00,0.00,'2022-10-30','24 ต.ค. 2565','กิจกรรมจัดทำหลักสูตรโรงเรียนสุจริต(ประถม)','','','2022-10-24 22:38:27','2022-10-01','2023-09-30',NULL),(248,2566,1,'025','025004','110',1000.00,0.00,'2023-09-09','24 ต.ค. 2565','ฝ','','','2022-10-24 22:38:47','2022-10-01','2023-09-30',NULL),(249,2566,1,'026','026001','109',10000.00,0.00,'2023-09-09','24 ต.ค. 2565','จัดซื้อจัดจ้างวัสดุตามโครงการ','','','2022-10-24 22:40:48','2022-10-01','2023-09-30',NULL),(250,2566,1,'027','027001','126',3000.00,0.00,'2022-10-30','24 ต.ค. 2565','จัดซื้อวัสดุตามโครงการ (ม.ต้น)','','','2022-10-24 22:41:41','2022-10-01','2023-09-30',NULL),(383,2566,2,'043','043006','126',20000.00,0.00,'2023-09-09','3 ก.ค. 2566','ค่ากลางวันอาหาร ค่ารถรับส่งนักเรียน รายหัวม.ต้น','','','2023-07-03 11:37:25','2023-07-03','2023-09-30',NULL),(382,2566,3,'036','036009','108',5000.00,0.00,'2566-01-31','31 ม.ค. 2566','อบรมพัฒนาครูระดับปฐมวัย','','','2023-01-31 13:10:23','2023-01-31','2023-09-30',NULL),(381,2566,1,'002','002006','102',9000.00,0.00,'2023-01-14','14 ม.ค. 2566','กิจกรรมปรับปรุงแหล่งเรียนรุ้ เกษตร บ่อปลา (บริจาค)','','','2023-01-14 12:01:05','2023-01-14','2023-09-30',NULL),(389,2566,2,'044','044013','108',25000.00,0.00,'2566-09-12','12 ก.ย. 2566','รายหัวอนุบาล','','','2023-09-12 20:32:01','2023-09-12','2023-09-30',NULL),(388,2566,4,'041','041007','108',40000.00,0.00,'2566-08-30','30 ส.ค. 2566','กิจกรรมปรับปรุงซ่อมแซม ระดับอนุบาล','','','2023-08-30 18:47:01','2023-08-30','2023-09-30',NULL),(387,2566,3,'036','036010','119',20000.00,0.00,'2566-08-28','28 ส.ค. 2566','จ้างครูอัตราจ้าง','','','2023-08-28 15:28:06','2023-05-16','2023-09-30',NULL),(386,2566,1,'008','008005','108',6000.00,0.00,'2023-09-09','14 ส.ค. 2566','ก.บ้านวิทยาศาสตร์น้อย ระดับปฐมวัย','','','2023-08-14 18:02:38','2023-05-16','2023-09-30',NULL),(385,2566,1,'002','002008','114',80000.00,0.00,'2566-07-25','25 ก.ค. 2566','กิจกรรมพัฒนาเเหล่งเรียนรู้ตามกองทุนหมุนเวียนส่งเสริมผลผลิดฯอาหารกลางวัน หมู เห็ด เป็ด ไก่ ปลา','','','2023-07-25 13:32:44','2023-07-25','2023-09-30',NULL),(384,2566,1,'002','002007','116',30000.00,0.00,'2566-07-03','3 ก.ค. 2566','ปรับปรุงซ่อมแซมแหล่งเรียนรู้เศรษฐกิจพอเพียง','','','2023-07-03 12:14:34','2023-07-03','2023-09-30',NULL),(260,2566,2,'034','034001','109',3000.00,0.00,'2022-10-30','24 ต.ค. 2565','ปรับปรุงซ่อมแซมพัสดุและสินทรัพย์(ก่อนประถม)','','','2022-10-24 22:53:46','2022-10-01','2023-09-30',NULL),(261,2566,2,'034','034002','119',1000.00,0.00,'2022-10-30','24 ต.ค. 2565','กิจกรรมบริหารงานการเงิน บัญชี วัสดุ(ประถม)','','','2022-10-24 22:54:14','2022-10-01','2023-09-30',NULL),(262,2566,2,'035','035001','108',3000.00,0.00,'2023-09-09','24 ต.ค. 2565','จ่ายค่าน้ำ ไฟฟ้า ประปาและอินเทอร์เน็ต (ก่อนประถม)','','','2022-10-24 22:55:59','2022-10-01','2023-09-30',NULL),(263,2566,2,'035','035002','109',50000.00,0.00,'2023-09-09','24 ต.ค. 2565','จ่ายค่าน้ำ ไฟฟ้า ประปาและอินเทอร์เน็ต (ประถม)','','','2022-10-24 22:56:28','2022-10-01','2023-09-30',NULL),(264,2566,2,'035','035003','110',65000.00,0.00,'2023-09-09','24 ต.ค. 2565','จ่ายค่าน้ำ ไฟฟ้า ประปาและอินเทอร์เน็ต (ม.ต้น)','','','2022-10-24 22:56:45','2022-10-01','2023-09-30',NULL),(265,2566,3,'036','036001','109',8500.00,0.00,'2023-09-09','24 ต.ค. 2565','สร้างขวัญและกำลังใจให้คณะครูและบุคลากรทางการศึกษา (ประถม)','','','2022-10-24 23:00:47','2022-10-01','2023-09-30',NULL),(266,2566,3,'036','036002','126',1000.00,0.00,'2022-10-30','24 ต.ค. 2565','กิจกรรมจัดทำ MOU ,ID-plan และประเมิน PA (ม.ต้น)','','','2022-10-24 23:01:36','2022-10-01','2023-09-30',NULL),(267,2566,4,'037','037001','126',2000.00,0.00,'2022-10-30','24 ต.ค. 2565','จัดซื้อวัสดุตามโครงการ (ม.ต้น)','','','2022-10-24 23:02:49','2022-10-01','2023-09-30',NULL),(268,2566,4,'038','038001','108',1000.00,0.00,'2022-10-30','24 ต.ค. 2565','ประชุมคณะกรรมการสถานศึกษา ผู้ปกครองนักเรียน ก่อนเปิดและปิดเทอม (ก่อนประถม)','','','2022-10-24 23:03:49','2022-10-01','2023-09-30',NULL),(269,2566,4,'038','038002','108',1000.00,0.00,'2022-10-30','24 ต.ค. 2565','จ้างพิมพ์ไวนิลงานสัมพันธ์ชุมชน(ก่อนประถม)','','','2022-10-24 23:04:08','2022-10-01','2023-09-30',NULL),(270,2566,4,'038','038003','110',2000.00,0.00,'2022-10-30','24 ต.ค. 2565','แ','','','2022-10-24 23:04:29','2022-10-01','2023-09-30',NULL),(271,2566,4,'039','039001','109',1000.00,0.00,'2022-10-30','24 ต.ค. 2565','จัดซื้อวัสดุตามโครงการ (ประถม)','','','2022-10-24 23:05:46','2022-10-01','2023-09-30',NULL),(272,2566,4,'040','040001','126',2000.00,0.00,'2022-10-30','24 ต.ค. 2565','จัดซื้อวัสดุตามโครงการ ไวนิลสมาชิก โครงสร้างบริหาร ระบบสหกรณ์ วัตถุประสงค์  คูปอง (ม.ต้น)','','','2022-10-24 23:06:28','2022-10-01','2023-09-30',NULL),(273,2566,4,'041','041001','109',50000.00,0.00,'2022-10-30','24 ต.ค. 2565','ปรับปรุงซ่อมแซมอาคารเรียน และปรับปรุงภูมิทัศน์(ประถม)','','','2022-10-24 23:08:34','2022-10-01','2023-09-30',NULL),(274,2566,4,'041','041002','110',50000.00,0.00,'2022-10-30','24 ต.ค. 2565','กิจกรรมปรับปรุงซ่อมแซม ทาสีอาคารเรียนและปรับปรุงภูมิทัศน์ (ม.ต้น)','','','2022-10-24 23:08:52','2022-10-01','2023-09-30',NULL),(275,2566,2,'042','042001','118',651000.00,0.00,'2022-10-30','24 ต.ค. 2565','จัดซื้อวัสดุประกอบอาหาร อาหาร2อย่าง ผลไม้1 อย่าง อบต. (งบ อบต.)','','','2022-10-24 23:12:24','2022-10-01','2023-09-30',NULL),(276,2566,2,'042','042002','118',0.00,0.00,'2023-09-09','24 ต.ค. 2565','อาหารเสริม(นม)(งบ อบต.)','','','2022-10-24 23:13:02','2022-10-01','2023-09-30',NULL),(299,2566,4,'041','041004','110',15000.00,0.00,'2023-09-09','27 ต.ค. 2565','เตรียมการก่อนเปิดเทอม ตัดหญ้า อุปกรณ์ปัดกวาดเช็ดถู (ม.ต้น)','','','2022-10-27 10:22:49','2022-10-27','2023-09-30',NULL),(278,2566,2,'043','043002','113',17000.00,0.00,'2022-10-27','24 ต.ค. 2565','จัดหาเครื่องแบบและICT (ม.ต้น)','','','2022-10-24 23:16:54','2022-10-01','2023-09-30',NULL),(279,2566,2,'043','043003','113',120000.00,0.00,'2022-10-27','24 ต.ค. 2565','จัดจ้างพาหนะรับ-ส่งนักเรียน (ม.ต้น)','','','2022-10-24 23:17:22','2022-10-01','2023-09-30',NULL),(280,2566,2,'043','043004','117',100000.00,0.00,'2023-09-09','24 ต.ค. 2565','จัดซื้อหนังสือเรียน เสื้อผ้า อาหาร พาหนะและICT เพิ่มเติม (ประถม)','','','2022-10-24 23:18:44','2022-10-01','2023-09-30',NULL),(281,2566,2,'043','043005','113',12000.00,0.00,'2022-10-27','24 ต.ค. 2565','จัดซื้อหนังสือเรียนเพิ่มเติม (ม.ต้น)','','','2022-10-24 23:19:02','2022-10-01','2023-09-30',NULL),(298,2566,4,'041','041003','109',1000.00,0.00,'2022-10-27','27 ต.ค. 2565','เตรียมการก่อนเปิดเทอม ตัดหญ้า อุปกรณ์ปัดกวาดเช็ดถู (ก่อนประถม)','','','2022-10-27 10:21:57','2022-10-27','2023-09-30',NULL),(283,2566,2,'043','043007','113',200000.00,0.00,'2023-09-09','24 ต.ค. 2565','จัดหาอาหารเพิ่มเติม (ม.ต้น)','','','2022-10-24 23:20:26','2022-10-01','2023-09-30',NULL),(284,2566,2,'044','044001','109',7000.00,0.00,'2023-09-09','24 ต.ค. 2565','ค่าหนังสือเรียน (อนุบาล)','','','2022-10-24 23:36:44','2022-10-01','2023-09-30',NULL),(285,2566,2,'044','044002','110',8000.00,0.00,'2023-09-09','24 ต.ค. 2565','ค่าอุปกรณ์การเรียน (อนุบาล)','','','2022-10-24 23:37:27','2022-10-01','2023-09-30',NULL),(286,2566,2,'044','044003','112',47320.00,0.00,'2022-10-27','24 ต.ค. 2565','ค่าเครื่องแบบ เสื้อผ้า นักเรียน (อนุบาล)','','','2022-10-24 23:38:54','2022-10-01','2023-09-30',NULL),(287,2566,2,'044','044004','113',15000.00,0.00,'2023-09-09','24 ต.ค. 2565','ค่ากรรมพัฒนาผู้เรียน ทัศนศึกษา กีฬา ใบงาน อบรมคุณธรรม นักเรียน (อนุบาล)','','','2022-10-24 23:40:08','2022-10-01','2023-09-30',NULL),(288,2566,2,'044','044005','120',110000.00,0.00,'2023-09-09','24 ต.ค. 2565','ค่าหนังสือเรียน (ประถม)','','','2022-10-24 23:44:28','2022-10-01','2023-09-30',NULL),(289,2566,2,'044','044006','121',84758.00,0.00,'2022-10-27','24 ต.ค. 2565','ค่าอุปกรณ์การเรียน (ประถม)','','','2022-10-24 23:45:01','2022-10-01','2023-09-30',NULL),(290,2566,2,'044','044007','122',48000.00,0.00,'2023-09-09','24 ต.ค. 2565','ค่าเครื่องแบบ เสื้อผ้า (ประถม)','','','2022-10-24 23:45:52','2022-10-01','2023-09-30',NULL),(291,2566,2,'044','044008','123',52400.00,0.00,'2022-10-27','24 ต.ค. 2565','ค่ากรรมพัฒนาผู้เรียน ทัศนศึกษา กีฬา ใบงาน ติว อบรมคุณธรรม นักเรียน (ประถม)','','','2022-10-24 23:46:16','2022-10-01','2023-09-30',NULL),(292,2566,2,'044','044009','127',110000.00,0.00,'2023-09-09','24 ต.ค. 2565','ค่าหนังสือเรียน ( ม.ต้น)','','','2022-10-24 23:46:54','2022-10-01','2023-09-30',NULL),(293,2566,2,'045','045001','124',159500.00,0.00,'2022-10-27','24 ต.ค. 2565','มอบทุนเพื่อความเสมอภาค (กสศ)','','','2022-10-24 23:55:49','2022-10-01','2023-09-30',NULL),(294,2566,1,'014','014002','123',1000.00,0.00,'2022-10-30','27 ต.ค. 2565','กิจกรรมวันวชิราวุธ (ประถม)','','','2022-10-27 07:20:07','2022-10-27','2023-09-30',NULL),(295,2566,1,'014','014003','123',1000.00,0.00,'2022-10-30','27 ต.ค. 2565','กิจกรรมอยู่ค่ายลูกเสือ เดินทางไกลลูกเสือสำรอง และอยูค่ายพักแรม ลูกเสือสามัญ (ประถม)','','','2022-10-27 07:21:20','2022-10-27','2023-09-30',NULL),(296,2566,1,'027','027002','109',1000.00,0.00,'2565-10-27','27 ต.ค. 2565','เลือกตัั้งประธานนักเรียนระดับ(ประถม)','','','2022-10-27 07:25:41','2022-10-27','2023-09-30',NULL),(297,2566,1,'027','027003','126',1000.00,0.00,'2022-10-30','27 ต.ค. 2565','เลือกตั้งประธานนักเรียนระดับ(ม.ต้น)','','','2022-10-27 07:26:41','2022-10-27','2023-09-30',NULL),(300,2566,4,'040','040002','119',1000.00,0.00,'2022-10-30','27 ต.ค. 2565','จัดซื้อวัสดุตามโครงการ ไวนิลรายชื่อสมาชิก คูปอง  (ประถม)','','','2022-10-27 10:25:27','2022-10-27','2023-09-30',NULL),(301,2566,4,'039','039002','110',500.00,0.00,'2022-10-30','27 ต.ค. 2565','จัดซื้อวัสดุตามโครงการ (ม.ต้น)','','','2022-10-27 10:27:11','2022-10-27','2023-09-30',NULL),(302,2566,4,'038','038004','119',500.00,0.00,'2022-10-30','27 ต.ค. 2565','ประชุมคณะกรรมการสถานศึกษา ผู้ปกครองนักเรียน ก่อนเปิดและปิดเทอม (ประถม)','','','2022-10-27 10:32:11','2022-10-27','2023-09-30',NULL),(303,2566,4,'038','038005','110',500.00,0.00,'2565-10-27','27 ต.ค. 2565','ประชุมคณะกรรมการสถานศึกษา ผู้ปกครองนักเรียน ก่อนเปิดและปิดเทอม (ม.ต้น)','','','2022-10-27 10:33:02','2022-10-27','2023-09-30',NULL),(304,2566,4,'039','039003','109',500.00,0.00,'2022-10-30','27 ต.ค. 2565','ส่งเสริมการออมเงินในระบบsmss (ประถม)','','','2022-10-27 10:40:59','2022-10-27','2023-09-30',NULL),(305,2566,1,'003','003005','126',500.00,0.00,'2565-10-27','27 ต.ค. 2565','จัดทำแผนกลยุทธ์ 3-5 ปี  (ม.ต้น)','','','2022-10-27 14:29:47','2022-10-27','2023-09-30',NULL),(311,2566,1,'017','017004','126',500.00,0.00,'2022-10-30','27 ต.ค. 2565','แิจกรรมวันพ่อแห่งชาติ (ม.ต้น)','','','2022-10-27 15:23:32','2022-10-27','2023-09-30',NULL),(312,2566,1,'017','017005','126',10000.00,0.00,'2023-09-09','27 ต.ค. 2565','กิจกรรมวันภาษาไทยและวันสุนทรภู่ (ม.ต้น)','','','2022-10-27 15:26:59','2022-10-27','2023-09-30',NULL),(313,2566,1,'014','014004','130',500.00,0.00,'2023-06-22','27 ต.ค. 2565','กิจกรรมลูกเสือสามัญรุ่นใหญ่ อยู่ค่ายพักแรม (ม.ต้น)','','','2022-10-27 15:34:11','2022-10-27','2023-09-30',NULL),(314,2566,1,'014','014005','130',500.00,0.00,'2022-10-30','27 ต.ค. 2565','กิจกรรมอบรมลูกเสือจิตอาสา สามัญรุ่นใหญ่ (ม.ต้น)','','','2022-10-27 15:34:52','2022-10-27','2023-09-30',NULL),(315,2566,3,'011','011003','119',500.00,0.00,'2565-10-27','27 ต.ค. 2565','กิจกรรมประเมินผลการปฏิบัติงาน PA รอบ6เดือน','','','2022-10-27 15:39:28','2022-10-27','2023-09-30',NULL),(316,2566,1,'017','017006','126',4000.00,0.00,'2023-09-09','27 ต.ค. 2565','กิจกรรมวันเด็กและวันขึ้นปีใหม่และวันคริสมาส (ม.ต้น)','','','2022-10-27 15:47:31','2022-10-27','2023-09-30',NULL),(317,2566,1,'008','008003','130',20000.00,0.00,'2023-09-09','30 ต.ค. 2565','กิจกรรมจัดทำค่ายวิทยาศาสตร์ (ม.ต้น)','','','2022-10-30 10:20:06','2022-10-01','2023-09-30',NULL),(319,2566,2,'042','042003','119',6500.00,0.00,'2023-09-09','30 ต.ค. 2565','กิจกรรมจัดซื้อวัสุด และปรับปรุงซ่อมแซมโรงอาหาร (ประถม)','','','2022-10-30 10:43:15','2022-10-30','2023-09-30',NULL),(320,2566,3,'036','036003','119',5000.00,0.00,'2023-09-09','30 ต.ค. 2565','กิจกรรมอบรมครูและบุคลากรทางการศึกษา (ป)','','','2022-10-30 10:48:56','2022-10-30','2023-09-30',NULL),(321,2566,3,'036','036004','126',50000.00,0.00,'2023-09-09','30 ต.ค. 2565','กิจกรรมศึกษาดูงานนอกสถานที่ และถอดบทเรียน (ม.ตัน)','','','2022-10-30 10:49:48','2022-10-30','2023-09-30',NULL),(322,2566,3,'036','036005','119',5000.00,0.00,'2023-09-09','30 ต.ค. 2565','กิจกรรมจัดทำแผนแบบ Active learning (ป)','','','2022-10-30 10:51:29','2022-10-30','2023-09-30',NULL),(323,2566,3,'036','036006','126',1000.00,0.00,'2565-10-30','30 ต.ค. 2565','กิจกรรม PLC (ม.ต้น)','','','2022-10-30 10:52:46','2022-10-30','2023-09-30',NULL),(324,2566,3,'036','036007','126',1000.00,0.00,'2565-10-30','30 ต.ค. 2565','กิจกรรมจัดทำโครงงานและวิจัยในชั้นเรียน (ม.ต้น)','','','2022-10-30 10:54:33','2022-10-30','2023-09-30',NULL),(325,2566,1,'015','015003','119',1000.00,0.00,'2022-10-30','30 ต.ค. 2565','กิจกรรมการคัดกรองนักเรียนเด็ก ปกติ เสี่ยง มีปัญหา พิเศษ ส่งต่อ','','','2022-10-30 10:57:44','2022-10-30','2023-09-30',NULL),(326,2566,1,'015','015004','126',1000.00,0.00,'2565-10-30','30 ต.ค. 2565','กิจกรรมเยี่ยมบ้านมัธยม (ม.ต้น)','','','2022-10-30 10:58:24','2022-10-30','2023-09-30',NULL),(327,2566,1,'012','012002','119',1000.00,0.00,'2565-10-30','30 ต.ค. 2565','กิจกรรม ศิลปะ ดนตรี นาฏศิลป์ ดุริยางค์ (ประถม)','','','2022-10-30 11:04:31','2022-10-30','2023-09-30',NULL),(328,2566,1,'021','021003','119',0.00,0.00,'2565-10-30','30 ต.ค. 2565','กิจกรรมบันทึกความดี (ประถม)','','','2022-10-30 11:14:36','2022-10-30','2023-09-30',NULL),(329,2566,1,'021','021004','126',1000.00,0.00,'2565-10-30','30 ต.ค. 2565','กิจกรรมบันทึกความดีมัธยม(ม.ต้น)','','','2022-10-30 11:15:10','2022-10-30','2023-09-30',NULL),(330,2566,1,'022','022002','119',1000.00,0.00,'2023-05-11','30 ต.ค. 2565','กิจกรรมโรงเรียนรักษาศีลห้า (ประถม)','','','2022-10-30 11:16:49','2022-10-30','2023-09-30',NULL),(331,2566,1,'022','022003','126',1000.00,0.00,'2023-05-11','30 ต.ค. 2565','กิจกรรมโรงเรียนรักษาศีลห้า (ม.ต้น)','','','2022-10-30 11:17:21','2022-10-30','2023-09-30',NULL),(332,2566,1,'022','022004','119',1000.00,0.00,'2565-10-30','30 ต.ค. 2565','กิจกรรมเข้าค่ายคุณธรรม (ประถม)','','','2022-10-30 11:22:27','2022-10-30','2023-09-30',NULL),(333,2566,1,'002','002005','119',1000.00,0.00,'2565-10-30','30 ต.ค. 2565','กิจกรรมเกษตรปลอดสารพิษ(ประถม)','','','2022-10-30 11:35:31','2022-10-30','2023-09-30',NULL),(334,2566,2,'034','034003','126',1000.00,0.00,'2022-10-30','30 ต.ค. 2565','กิจกรรมรายงานการตรวจสอบพัสดุการเงิน ประจำปี(ม.ต้น)','','','2022-10-30 11:45:36','2022-10-30','2023-09-30',NULL),(335,2566,1,'010','010003','130',5000.00,0.00,'2565-10-30','30 ต.ค. 2565','กิจกรรมกีฬาภาพในมัธยม(ม.ต้น)','','','2022-10-30 11:51:25','2022-10-30','2023-09-30',NULL),(336,2566,2,'042','042004','119',20000.00,0.00,'2565-10-30','30 ต.ค. 2565','กิจกรรมจัดซื้อตู้แข่แข็งอาหาร','','','2022-10-30 11:58:39','2022-10-30','2023-09-30',NULL),(337,2566,1,'022','022005','126',1000.00,0.00,'2023-05-11','30 ต.ค. 2565','โรงเรียนปลอดอบายมุข บุหรี เหล้า กัญชา กระท่อม ยาบ้า การทะเลาะวิวาท สื่อลามกอนาจาร การล่วงละเมิดทางเพศ การแต่งงานก่อนวัยอันควร','','','2022-10-30 15:37:56','2022-10-30','2023-09-30',NULL),(338,2566,1,'001','001005','119',15000.00,0.00,'2023-09-09','30 ต.ค. 2565','กิจกรรมเดินแถวเข้าห้องเรียนและเดินแถวกลับบ้าน (ประถม)','','','2022-10-30 15:52:14','2022-10-30','2023-09-30',NULL),(339,2566,1,'001','001006','126',120000.00,0.00,'2023-09-09','30 ต.ค. 2565','กิจกรรม รับ-ส่งนักเรียนตอนเช้าและหลังเลิกเรียน (ม.ต้น)','','','2022-10-30 15:53:09','2022-10-30','2023-09-30',NULL),(340,2566,1,'007','007003','119',1000.00,0.00,'2565-10-30','30 ต.ค. 2565','กิจกรรมบันทึกการอ่าน','','','2022-10-30 15:56:38','2022-10-30','2023-09-30',NULL),(341,2566,1,'007','007004','119',1000.00,0.00,'2023-08-14','30 ต.ค. 2565','กิจกรรมจัดทำสมุดเล่มเล็ก สัปดาห์หนังสือ 14-16 ส.ค.','','','2022-10-30 15:57:20','2022-10-30','2023-09-30',NULL),(342,2566,1,'012','012003','126',1000.00,0.00,'2565-10-30','30 ต.ค. 2565','กิจกรรมฝึกนักเรียนรำประกวดแห่เทียนเข้าพรรษาของ อบต.โคกสว่าง','','','2022-10-30 16:05:11','2022-10-30','2023-09-30',NULL),(343,2566,1,'027','027004','126',1000.00,0.00,'2022-10-30','30 ต.ค. 2565','กิจกรรมมัคุเทศก์น้อย (ม.ต้น)','','','2022-10-30 16:07:11','2022-10-30','2023-09-30',NULL),(344,2566,1,'027','027005','119',1000.00,0.00,'2022-10-30','30 ต.ค. 2565','กิจกรรมนักประชาสัมพันธ์(ประถม)','','','2022-10-30 16:08:02','2022-10-30','2023-09-30',NULL),(345,2566,1,'027','027006','126',1000.00,0.00,'2022-10-30','30 ต.ค. 2565','กิจกรรมพิธีกรน้อย (ม.ต้น)','','','2022-10-30 16:09:03','2022-10-30','2023-09-30',NULL),(346,2566,1,'027','027007','126',1000.00,0.00,'2022-10-30','30 ต.ค. 2565','กิจกรรมแกนนำจิตอาสาพี่เป็นแบบอย่างที่ดี(ม.ต้น)','','','2022-10-30 16:09:46','2022-10-30','2023-09-30',NULL),(347,2566,4,'037','037002','108',0.00,0.00,'2565-10-30','30 ต.ค. 2565','กิจกรรมชั่งน้ำหนักวัดส่วนสูง (ก่อนประถม)','','','2022-10-30 16:11:56','2022-10-30','2023-09-30',NULL),(348,2566,4,'037','037003','119',1000.00,0.00,'2022-10-30','30 ต.ค. 2565','กิจกรรมทดสอบสมรรถภาพทางกาย(ประถม)','','','2022-10-30 16:12:38','2022-10-30','2023-09-30',NULL),(349,2566,4,'037','037004','119',1000.00,0.00,'2565-10-30','30 ต.ค. 2565','กิจกรรมอาหารปลอดภัยใส่ใจสุขภาพ (ประถม)','','','2022-10-30 16:14:13','2022-10-30','2023-09-30',NULL),(350,2566,4,'037','037005','126',1000.00,0.00,'2022-10-30','30 ต.ค. 2565','กิจกรรมวิ่งเพื่อสุขภาพ (ม.ต้น)','','','2022-10-30 16:17:56','2022-10-30','2023-09-30',NULL),(351,2566,4,'037','037006','126',1000.00,0.00,'2022-10-30','30 ต.ค. 2565','กิจกรรมตรวจสุขภาพกาย ผม เล็บ เสื้อผ้า ความสะอาดร่างกาย (ม.ต้น)','','','2022-10-30 16:22:10','2022-10-30','2023-09-30',NULL),(352,2566,1,'016','016004','119',1000.00,0.00,'2022-10-30','30 ต.ค. 2565','กิจกรรมครูแดร์(ประถม)','','','2022-10-30 16:23:48','2022-10-30','2023-09-30',NULL),(353,2566,1,'016','016005','126',1000.00,0.00,'2022-10-30','30 ต.ค. 2565','กิจกรรมประสานกรมการปกครอง ตรวจหาสารเสพติด(ม.ต้น)','','','2022-10-30 16:25:07','2022-10-30','2023-09-30',NULL),(354,2566,3,'036','036008','121',1000.00,0.00,'2565-10-30','30 ต.ค. 2565','กิจกรรมครูดีไม่มีอบายมุข (ประถม)','','','2022-10-30 16:32:25','2022-10-30','2023-09-30',NULL),(355,2566,1,'027','027008','126',1000.00,0.00,'2022-10-30','30 ต.ค. 2565','กิจกรรมพี่ดูแลน้อง พี่สอนน้อง (ม.ต้น)','','','2022-10-30 16:35:26','2022-10-30','2023-09-30',NULL),(356,2566,4,'041','041006','126',10000.00,0.00,'2565-10-30','30 ต.ค. 2565','กิจกรรม 5 ส  (ม.ต้น)','','','2022-10-30 16:41:36','2022-10-30','2023-09-30',NULL),(357,2566,1,'024','024005','108',10000.00,0.00,'2023-09-09','30 ต.ค. 2565','กิจกรรมบ้านวิทยาศาสตร์น้อย(ก่อนประถม)','','','2022-10-30 16:45:25','2022-10-30','2023-09-30',NULL),(361,2566,1,'018','018002','126',6000.00,0.00,'2023-09-09','30 ต.ค. 2565','กิจกรรมเขตปลอดอาวุธ มีด ปืน และความรุนแรงทุกชนิด(ม.ต้น)','','','2022-10-30 16:58:30','2022-10-30','2023-09-30',NULL),(359,2566,1,'018','018003','119',1000.00,0.00,'2565-10-30','30 ต.ค. 2565','กิจกรรมสร้างวินัยจราจรปลอดภัย (ประถม)','','','2022-10-30 16:51:49','2022-10-30','2023-09-30',NULL),(360,2566,1,'018','018004','126',1000.00,0.00,'2565-10-30','30 ต.ค. 2565','กิจกรรมป้องกันอุบัติเหตุ การเล่น การทะเลาวิวาท (ม.ต้น)','','','2022-10-30 16:53:05','2022-10-30','2023-09-30',NULL),(362,2566,1,'018','018005','126',35000.00,0.00,'2023-09-09','30 ต.ค. 2565','กิจกรรมกล้องวงจรปิดในสถานศึกษา','','','2022-10-30 16:59:06','2022-10-30','2023-09-30',NULL),(363,2566,1,'019','019004','108',1000.00,0.00,'2565-10-30','30 ต.ค. 2565','กิจกรรมกรอกข้อมูล ตรวจสอบข้อมูลในระบบ SMSS(ก่อนประถม)','','','2022-10-30 17:00:19','2022-10-30','2023-09-30',NULL),(364,2566,1,'004','004011','119',5000.00,0.00,'2023-09-09','30 ต.ค. 2565','กิจกรรมสนองนโยบาย 10 จุดเน้น สพป.อบ.4(ประะถม)','','','2022-10-30 17:01:49','2022-10-30','2023-09-30',NULL),(365,2566,1,'001','001007','119',10000.00,0.00,'2565-10-30','30 ต.ค. 2565','กิจกรรมส่งเสริมทักษะอาชีพ(ประถม)','','','2022-10-30 17:02:31','2022-10-30','2023-09-30',NULL),(366,2566,1,'001','001008','126',10000.00,0.00,'2565-10-30','30 ต.ค. 2565','กิจกรรมส่งเสริมทักษะอาชีพ (ม.ต้น)','','','2022-10-30 17:02:59','2022-10-30','2023-09-30',NULL),(367,2566,1,'024','024006','126',1000.00,0.00,'2565-10-30','30 ต.ค. 2565','กิจกรรมหนึ่งห้องเรียนหนึ่งนวัตกรรม(ม.ต้น)','','','2022-10-30 17:05:48','2022-10-30','2023-09-30',NULL),(368,2566,1,'024','024007','119',3000.00,0.00,'2023-09-09','30 ต.ค. 2565','กิจกรรมหนึ่งห้องเรียนหนึ่งโครงงาน(ประถม)','','','2022-10-30 17:06:24','2022-10-30','2023-09-30',NULL),(369,2566,1,'001','001009','119',1000.00,0.00,'2022-10-30','30 ต.ค. 2565','กิจกรรมปัจฉิมนิเทศ(ประถม)','','','2022-10-30 17:07:10','2022-10-30','2023-09-30',NULL),(370,2566,1,'001','001010','126',10000.00,0.00,'2023-09-09','30 ต.ค. 2565','กิจกรรมปฐมนิเทศ(ม.ต้น)','','','2022-10-30 17:07:59','2022-10-30','2023-09-30',NULL),(371,2566,1,'015','015005','119',1000.00,0.00,'2565-10-30','30 ต.ค. 2565','กิจกรรมเยี่ยมบ้าน (ประถม)','','','2022-10-30 17:16:17','2022-10-30','2023-09-30',NULL),(372,2566,1,'015','015006','126',1000.00,0.00,'2565-10-30','30 ต.ค. 2565','กิจกรรมเพื่อนช่วยเพื่อน พาน้องกลับมาเรียน(ม.ต้น)','','','2022-10-30 17:18:31','2022-10-30','2023-09-30',NULL),(373,2566,1,'016','016006','108',500.00,0.00,'2565-10-30','30 ต.ค. 2565','กิจกรรมท่องกฏและคำปฏิญาณต่อต้านสิ่งเสพติด(ก่อนประถม)','','','2022-10-30 18:07:54','2022-10-30','2023-09-30',NULL),(374,2566,1,'023','023005','119',500.00,0.00,'2565-10-30','30 ต.ค. 2565','กิจกรรมประดิษฐ์ของเหลือใช้จากเศษวัสดุหรือขยะ(ประถม)','','','2022-10-30 18:19:13','2022-10-30','2023-09-30',NULL),(375,2566,2,'034','034004','119',1000.00,0.00,'2565-10-30','30 ต.ค. 2565','กิจกรรมตรวจสอบภายใน (ประถม)','','','2022-10-30 18:23:38','2022-10-30','2023-09-30',NULL),(376,2566,2,'035','035004','121',500.00,0.00,'2022-10-30','30 ต.ค. 2565','กิจกรรมประหยัดไฟฟ้า น้ำประปา (ประถม)','','','2022-10-30 18:24:39','2022-10-30','2023-09-30',NULL),(377,2566,1,'004','004012','119',1000.00,0.00,'2565-10-30','30 ต.ค. 2565','กิจกรรมส่งเสริมลายมือสวย คัดไทย (หัวกลมตัวเหลี่ยม)','','','2022-10-30 18:31:46','2022-10-30','2023-09-30',NULL),(378,2566,1,'023','023006','119',500.00,0.00,'2022-10-30','30 ต.ค. 2565','กิจกรรมประกวดห้องเรียนรักษ์โลก ประหยัดไฟฟ้า น้ำประปา(ประถม)','','','2022-10-30 18:33:06','2022-10-30','2023-09-30',NULL),(390,2566,2,'044','044014','119',0.00,0.00,'2023-09-13','12 ก.ย. 2566','รายหัวประถม','','','2023-09-12 20:32:44','2023-09-12','2023-09-30',NULL),(391,2566,2,'044','044015','126',0.00,0.00,'2023-09-13','12 ก.ย. 2566','รายหัว ม.ต้น','','','2023-09-12 20:34:20','2023-09-12','2023-09-30',NULL),(392,2566,4,'037','037007','115',29700.00,0.00,'2023-09-12','12 ก.ย. 2566','กิจกรรมรับเงินกองทุนหลักประกันสุขภาพจากอบต.โคกสว่าง ค.ฟันสวยยิ้มใส ใส่ใจสุขภาพช่องปากนักเรียน 27900','','','2023-09-12 20:46:37','2023-09-12','2023-09-30',NULL),(393,2566,4,'037','037008','115',12025.00,0.00,'2023-09-12','12 ก.ย. 2566','กิจกรรมเงินกองทุนหลักประกันสุขภาพ ค.สส.พัฒนาการเด็กปฐมวัยให้มีความพร้อมทั้งร่างกายและจิตใจEQ 12025','','','2023-09-12 20:47:51','2023-09-12','2023-09-30',NULL),(394,2566,2,'046','046001','116',282.58,0.00,'2566-09-20','20 ก.ย. 2566','ส่งคืนรายได้แผ่นดินของบัญชีเงินกองทุนเพื่อโครงการอาหารกลางวันใน รร.ประถม','','','2023-09-20 09:22:29','2022-10-01','2023-09-30',NULL),(395,2567,1,'002','002001','116',2500.00,0.00,'2024-04-02','10 ต.ค. 2566',' กิจกรรมเกษตรปลูกผัก เลี้ยงสัตว์ เพื่อส่งเสริมอาหารกลางวัน (กองทุนฯ)','','','2023-10-10 14:02:28','2023-10-10','2024-09-30',NULL),(396,2567,1,'002','002002','126',2500.00,0.00,'2566-10-10','10 ต.ค. 2566','กิจกรรมเกษตรปลูกผัก เลี้ยงสัตว์ (ม.ต้น)','','','2023-10-10 14:08:06','2023-10-10','2024-09-30',NULL),(397,2567,1,'002','002003','119',1500.00,0.00,'2566-10-10','10 ต.ค. 2566','กิจกรรมทำปุ๋ยหมัก น้้ำหมักชีวภาพ (ประถม)','','','2023-10-10 14:09:37','2023-10-10','2024-09-30',NULL),(398,2567,1,'002','002004','119',1000.00,0.00,'2566-10-10','10 ต.ค. 2566','กิจกรรมเกษตรปลอดสารพิษ(ประถม)','','','2023-10-10 14:10:29','2023-10-10','2024-09-30',NULL),(399,2567,1,'002','002005','102',9000.00,0.00,'2566-10-10','10 ต.ค. 2566','กิจกรรมปรับปรุงแหล่งเรียนรุ้ เกษตร บ่อปลา (บริจาค)','','','2023-10-10 14:11:30','2023-10-10','2024-09-30',NULL),(400,2567,1,'002','002006','116',30000.00,0.00,'2566-10-10','10 ต.ค. 2566','ปรับปรุงซ่อมแซมแหล่งเรียนรู้เศรษฐกิจพอเพียง','','','2023-10-10 14:14:24','2023-10-10','2024-09-30',NULL),(401,2567,1,'002','002007','114',80000.00,0.00,'2566-10-10','10 ต.ค. 2566','กิจกรรมพัฒนาเเหล่งเรียนรู้ตามกองทุนหมุนเวียนส่งเสริมผลผลิดฯอาหารกลางวัน หมู เห็ด เป็ด ไก่ ปลา','','','2023-10-10 14:14:57','2023-10-10','2024-09-30',NULL),(402,2567,1,'002','002008','126',800.00,0.00,'2566-10-10','10 ต.ค. 2566','กิจกรรมจัดซื้อวัสดุตามโครงการ (ม.ต้น)','','','2023-10-10 14:15:51','2023-10-10','2024-09-30',NULL),(403,2567,1,'001','001001','112',1000.00,0.00,'2566-10-10','10 ต.ค. 2566',' อบรมคุณธรรมหน้าเสาธงและวันสุดสัปดาห์(ก่อนประถม)','','','2023-10-10 14:26:30','2023-10-10','2024-09-30',NULL),(404,2567,1,'001','001002','119',1000.00,0.00,'2566-10-10','10 ต.ค. 2566','กิจกรรมส่งเสริมคุณธรรมวันสำคัญทางศาสนาใหว้พระสวดมนต์ (ประถม)','','','2023-10-10 14:27:44','2023-10-10','2024-09-30',NULL),(405,2567,1,'001','001003','108',1000.00,0.00,'2566-10-10','10 ต.ค. 2566','กิจกรรมร้องเพลงชาติไทย (ก่อนประถม)','','','2023-10-10 14:28:32','2023-10-10','2024-09-30',NULL),(406,2567,1,'001','001004','119',2000.00,0.00,'2566-10-10','10 ต.ค. 2566','กิจกรรมภาษาไทย อังกฤษวันละคำ โฮมรูม นั่งสมาธิ เขียนตามคำบอก คิดเลขเป็น ท่องสูตรคูณ(ประถม)','','','2023-10-10 14:29:17','2023-10-10','2024-09-30',NULL),(407,2567,1,'001','001005','119',15000.00,0.00,'2566-10-10','10 ต.ค. 2566',' กิจกรรมเดินแถวเข้าห้องเรียนและเดินแถวกลับบ้าน (ประถม)','','','2023-10-10 14:29:58','2023-10-10','2024-09-30',NULL),(408,2567,1,'001','001006','126',120000.00,0.00,'2566-10-10','10 ต.ค. 2566','กิจกรรม รับ-ส่งนักเรียนตอนเช้าและหลังเลิกเรียน (ม.ต้น)','','','2023-10-10 14:30:51','2023-10-10','2024-09-30',NULL),(409,2567,1,'001','001007','119',10000.00,0.00,'2566-10-10','10 ต.ค. 2566','กิจกรรมส่งเสริมทักษะอาชีพ(ประถม)','','','2023-10-10 14:31:27','2023-10-10','2024-09-30',NULL),(410,2567,1,'001','001008','126',10000.00,0.00,'2566-10-10','10 ต.ค. 2566','กิจกรรมส่งเสริมทักษะอาชีพ (ม.ต้น)','','','2023-10-10 14:32:17','2023-10-10','2024-09-30',NULL),(411,2567,1,'001','001009','119',1000.00,0.00,'2566-10-10','10 ต.ค. 2566','กิจกรรมปัจฉิมนิเทศ(ประถม)','','','2023-10-10 14:32:56','2023-10-10','2024-09-30',NULL),(412,2567,1,'001','001010','126',10000.00,0.00,'2566-10-10','10 ต.ค. 2566',' กิจกรรมปฐมนิเทศ(ม.ต้น)','','','2023-10-10 14:33:38','2023-10-10','2024-09-30',NULL),(413,2567,1,'003','003001','110',1000.00,0.00,'2023-10-10','10 ต.ค. 2566','จัดซื้อวัสดุตามโครงการ(ก่อนประถม)','','','2023-10-10 14:35:47','2023-10-10','2024-09-30',NULL),(414,2567,1,'003','003002','109',1000.00,0.00,'2566-10-10','10 ต.ค. 2566','จัดทำแผนปฏิบัติการประจำปี(ก่อนประถม)','','','2023-10-10 14:36:36','2023-10-10','2024-09-30',NULL),(415,2567,1,'003','003003','109',1000.00,0.00,'2566-10-10','10 ต.ค. 2566','จัดทำรายงานการประเมินตนเอง SAR ประจำปี(ก่อนประถม)','','','2023-10-10 14:37:34','2023-10-10','2024-09-30',NULL),(416,2567,1,'003','003004','126',1000.00,0.00,'2566-10-10','10 ต.ค. 2566','กำหนดมาตรฐานปฐมวัย และการศึกษาขั้นพื้นฐาน (ม.ต้น)','','','2023-10-10 14:38:15','2023-10-10','2024-09-30',NULL),(417,2567,1,'003','003005','126',500.00,0.00,'2566-10-10','10 ต.ค. 2566','จัดทำแผนกลยุทธ์ 3-5 ปี (ม.ต้น)','','','2023-10-10 14:39:21','2023-10-10','2024-09-30',NULL),(418,2567,1,'004','004001','126',20000.00,0.00,'2566-10-10','10 ต.ค. 2566','กิจกรรมอ่านออก เขียนได้ คิดเลขเป็น (ประถม)','','','2023-10-10 14:41:14','2023-10-10','2024-09-30',NULL),(419,2567,1,'004','004002','130',5000.00,0.00,'2566-10-10','10 ต.ค. 2566','กิจกรรมอ่านออก เขียนได้ คิดเลขเป็น (ม.ต้น)','','','2023-10-10 14:42:08','2023-10-10','2024-09-30',NULL),(420,2567,1,'004','004003','119',10000.00,0.00,'2566-10-10','10 ต.ค. 2566','เตรียมความพร้อม O-NET ป.6 (ประถม)','','','2023-10-10 14:42:46','2023-10-10','2024-09-30',NULL),(421,2567,1,'004','004004','130',10000.00,0.00,'2566-10-10','10 ต.ค. 2566','เตรียมความพร้อม O-NET ม.3 (ม.ต้น)','','','2023-10-10 14:43:24','2023-10-10','2024-09-30',NULL),(422,2567,1,'004','004005','119',10000.00,0.00,'2566-10-10','10 ต.ค. 2566',' เตรียมความพร้อมทดสอบ NT (ประถม)','','','2023-10-10 14:43:55','2023-10-10','2024-09-30',NULL),(423,2567,1,'004','004006','119',15000.00,0.00,'2566-10-10','10 ต.ค. 2566','เตรียมความพร้อมทดสอบ RT (ประถม)','','','2023-10-10 14:44:23','2023-10-10','2024-09-30',NULL),(424,2567,1,'004','004007','109',20000.00,0.00,'2023-10-10','10 ต.ค. 2566','ศึกษาแหล่งเรียนรู้เปิดโลกทางปัญญา ป.1-ป.3	','','','2023-10-10 14:44:51','2023-10-10','2024-09-30',NULL),(425,2567,1,'004','004008','109',20000.00,0.00,'2566-10-10','10 ต.ค. 2566','ศึกษาแหล่งเรียนรู้เปิดโลกทางปัญญา ป.4-ป.6','','','2023-10-10 14:45:49','2023-10-10','2024-09-30',NULL),(426,2567,1,'004','004009','110',20000.00,0.00,'2023-10-10','10 ต.ค. 2566',' ศึกษาแหล่งเรียนรู้เปิดโลกทางปัญญา ม.1-ม.2','','','2023-10-10 14:46:44','2023-10-10','2024-09-30',NULL),(427,2567,1,'004','004010','110',35000.00,0.00,'2566-10-10','10 ต.ค. 2566','ศึกษาแหล่งเรียนรู้เปิดโลกทางปัญญา ม.3','','','2023-10-10 14:47:19','2023-10-10','2024-09-30',NULL),(428,2567,1,'004','004011','119',5000.00,0.00,'2566-10-10','10 ต.ค. 2566','กิจกรรมสนองนโยบาย 10 จุดเน้น สพป.อบ.4(ประะถม)	','','','2023-10-10 14:47:52','2023-10-10','2024-09-30',NULL),(429,2567,1,'004','004012','119',1000.00,0.00,'2566-10-10','10 ต.ค. 2566','กิจกรรมส่งเสริมลายมือสวย คัดไทย (หัวกลมตัวเหลี่ยม)','','','2023-10-10 14:48:26','2023-10-10','2024-09-30',NULL),(430,2567,1,'005','005001','108',8000.00,0.00,'2566-10-10','10 ต.ค. 2566','วัสดุฝึกซ้อม แข่งขัน (ก่อนปะถม)','','','2023-10-10 14:51:32','2023-10-10','2024-09-30',NULL),(431,2567,1,'005','005002','119',33000.00,0.00,'2566-10-10','10 ต.ค. 2566','แข่งขันทางวิชาการ (ประถม)','','','2023-10-10 14:52:17','2023-10-10','2024-09-30',NULL),(432,2567,1,'005','005003','126',25000.00,0.00,'2024-03-05','10 ต.ค. 2566','แข่งขันทางวิชาการ และทดสอบโอเนต (ม.ต้น)','','','2023-10-10 14:53:02','2023-10-10','2024-09-30',NULL),(433,2567,1,'005','005004','113',2500.00,0.00,'2566-10-10','10 ต.ค. 2566','วัสดุฝึกก่อน(ประถม)','','','2023-10-10 14:53:44','2023-10-10','2024-09-30',NULL),(434,2567,1,'005','005005','123',2500.00,0.00,'2024-03-05','10 ต.ค. 2566','วัสดุฝึกแข่่งขัน ทดสอบโอเนตประถม(ประถม)','','','2023-10-10 14:54:33','2023-10-10','2024-09-30',NULL),(435,2567,1,'005','005006','130',25000.00,0.00,'2023-10-10','10 ต.ค. 2566','วัสดุฝีกแข่งขัน (ม.ต้น)','','','2023-10-10 14:55:48','2023-10-10','2024-09-30',NULL),(436,2567,1,'005','005007','130',15000.00,0.00,'2566-10-10','10 ต.ค. 2566','ค่ายวิชาการ (ม.ต้น)','','','2023-10-10 14:58:28','2023-10-10','2024-09-30',NULL),(437,2567,1,'006','006001','119',1000.00,0.00,'2566-10-10','10 ต.ค. 2566',' จัดซื้อวัสดุตามโครงการ(ประถม)','','','2023-10-10 15:00:14','2023-10-10','2024-09-30',NULL),(438,2567,1,'006','006002','119',1000.00,0.00,'2566-10-10','10 ต.ค. 2566','กิจกรรมคัดกรองเด็กพิเศษเรียนร่วม(ประถม)','','','2023-10-10 15:00:43','2023-10-10','2024-09-30',NULL),(439,2567,1,'006','006003','109',3000.00,0.00,'2566-10-10','10 ต.ค. 2566','ค่าตรวจ/คัดกรอง','','','2023-10-10 15:01:15','2023-10-10','2024-09-30',NULL),(440,2567,1,'007','007001','119',15000.00,0.00,'2566-10-10','10 ต.ค. 2566','กิจกรรมจัดซื้อวัสดุเกี่ยงข้องกับโครงการ (ประถม)','','','2023-10-10 15:02:09','2023-10-10','2024-09-30',NULL),(441,2567,1,'007','007002','109',5000.00,0.00,'2566-10-10','10 ต.ค. 2566','จัดซื้อวัสดุตามโครงการ','','','2023-10-10 15:02:40','2023-10-10','2024-09-30',NULL),(442,2567,1,'007','007003','119',1000.00,0.00,'2566-10-10','10 ต.ค. 2566','กิจกรรมบันทึกการอ่าน','','','2023-10-10 15:03:02','2023-10-10','2024-09-30',NULL),(443,2567,1,'007','007004','119',1000.00,0.00,'2566-10-10','10 ต.ค. 2566','กิจกรรมจัดทำสมุดเล่มเล็ก สัปดาห์หนังสือ 14-16 ส.ค','','','2023-10-10 15:03:33','2023-10-10','2024-09-30',NULL),(444,2567,1,'008','008001','123',8000.00,0.00,'2025-08-19','10 ต.ค. 2566','กิจกรรมวันวิทยาศาสตร์ อังกฤษ คณิตศาสตร์ (ประถม)','','','2023-10-10 15:04:41','2023-10-10','2024-09-30',NULL),(445,2567,1,'008','008002','130',1000.00,0.00,'2566-10-10','10 ต.ค. 2566','กิจกรรมค่ายภาษาอังกฤษ (ม.ต้น)','','','2023-10-10 15:05:02','2023-10-10','2024-09-30',NULL),(446,2567,1,'008','008003','130',20000.00,0.00,'2566-10-10','10 ต.ค. 2566','กิจกรรมจัดทำค่ายวิทยาศาสตร์ (ม.ต้น)','','','2023-10-10 15:05:27','2023-10-10','2024-09-30',NULL),(447,2567,1,'008','008004','130',6000.00,0.00,'2566-10-10','10 ต.ค. 2566','กิจกรรมค่ายภาษาจีน (ม.ต้น)','','','2023-10-10 15:05:58','2023-10-10','2024-09-11',NULL),(448,2567,1,'008','008005','108',6000.00,0.00,'2566-10-10','10 ต.ค. 2566','ก.บ้านวิทยาศาสตร์น้อย ระดับปฐมวัย','','','2023-10-10 15:06:21','2023-10-10','2024-09-30',NULL),(449,2567,1,'009','009001','108',1000.00,0.00,'2566-10-10','10 ต.ค. 2566','กิจกรรมจัดหา วัสดุ สื่อ อุปกรณ์ (ก่อนประถม)','','','2023-10-10 15:07:44','2023-10-10','2024-09-30',NULL),(450,2567,1,'009','009002','119',35000.00,0.00,'2566-10-10','10 ต.ค. 2566',' จัดหาวัสดุ สื่อ อุปกรณ์ (ประถม)','','','2023-10-10 15:08:13','2023-10-10','2024-09-30',NULL),(451,2567,1,'009','009003','126',20000.00,0.00,'2566-10-10','10 ต.ค. 2566','กิจกรรมจัดหา วัสดุ สื่อ อุปกรณ์ (ม.ต้น)','','','2023-10-10 15:09:05','2023-10-10','2024-09-30',NULL),(452,2567,1,'010','010001','109',55000.00,0.00,'2566-10-10','10 ต.ค. 2566','การแข่งขันกีฬาภายใน (ประถม)','','','2023-10-10 15:10:14','2023-10-10','2024-09-30',NULL),(453,2567,1,'010','010002','126',5000.00,0.00,'2566-10-10','10 ต.ค. 2566','จัดชื้ออุปกรณ์วัสดุ(ม.ต้น)','','','2023-10-10 15:10:40','2023-10-10','2024-09-30',NULL),(454,2567,1,'010','010003','130',5000.00,0.00,'2566-10-10','10 ต.ค. 2566','กิจกรรมกีฬาภาพในมัธยม(ม.ต้น)','','','2023-10-10 15:11:02','2023-10-10','2024-09-30',NULL),(455,2567,1,'011','011001','108',1000.00,0.00,'2566-10-10','10 ต.ค. 2566','จัดซื้อวัสดุตามโครงการ(ก่อนประถม)','','','2023-10-10 15:12:07','2023-10-10','2024-09-30',NULL),(456,2567,1,'011','011002','119',1000.00,0.00,'2566-10-10','10 ต.ค. 2566','นิเทศชั้นเรียน(ประถม)','','','2023-10-10 15:12:37','2023-10-10','2024-09-30',NULL),(457,2567,1,'011','011003','119',500.00,0.00,'2566-10-10','10 ต.ค. 2566','กิจกรรมประเมินผลการปฏิบัติงาน PA รอบ6เดือน	','','','2023-10-10 15:12:58','2023-10-10','2024-09-30',NULL),(458,2567,1,'012','012001','130',10000.00,0.00,'2566-10-10','10 ต.ค. 2566','จัดซื้อวัสดุตามโครงการ','','','2023-10-10 15:13:49','2023-10-10','2024-09-30',NULL),(459,2567,1,'012','012002','119',1000.00,0.00,'2566-10-10','10 ต.ค. 2566',' กิจกรรม ศิลปะ ดนตรี นาฏศิลป์ ดุริยางค์ (ประถม)','','','2023-10-10 15:14:08','2023-10-10','2024-09-30',NULL),(460,2567,1,'012','012003','126',1000.00,0.00,'2566-10-10','10 ต.ค. 2566','กิจกรรมฝึกนักเรียนรำประกวดแห่เทียนเข้าพรรษาของ อบต.โคกสว่าง','','','2023-10-10 15:14:27','2023-10-10','2024-09-30',NULL),(461,2567,1,'013','013001','130',1000.00,0.00,'2566-10-10','10 ต.ค. 2566',' กิจกรรมวันสถาปาลูกเสือ (่ม.ต้น)','','','2023-10-10 15:15:22','2023-10-10','2024-09-30',NULL),(462,2567,1,'013','013002','123',1000.00,0.00,'2566-10-10','10 ต.ค. 2566','กิจกรรมวันวชิราวุธ (ประถม)','','','2023-10-10 15:15:42','2023-10-10','2024-09-30',NULL),(463,2567,1,'013','013003','123',1000.00,0.00,'2566-10-10','10 ต.ค. 2566','กิจกรรมอยู่ค่ายลูกเสือ เดินทางไกลลูกเสือสำรอง และอยูค่ายพักแรม ลูกเสือสามัญ (ประถม)','','','2023-10-10 15:16:05','2023-10-10','2024-09-30',NULL),(464,2567,1,'013','013004','130',500.00,0.00,'2566-10-10','10 ต.ค. 2566','กิจกรรมลูกเสือสามัญรุ่นใหญ่ อยู่ค่ายพักแรม (ม.ต้น)','','','2023-10-10 15:16:31','2023-10-10','2024-09-30',NULL),(465,2567,1,'013','013005','130',500.00,0.00,'2566-10-10','10 ต.ค. 2566',' กิจกรรมอบรมลูกเสือจิตอาสา สามัญรุ่นใหญ่ (ม.ต้น)	','','','2023-10-10 15:17:02','2023-10-10','2024-09-30',NULL),(466,2567,1,'014','014001','108',500.00,0.00,'2566-10-10','10 ต.ค. 2566','กิจกรรมเยี่ยมบ้าน (ก่อนประถม)','','','2023-10-10 15:18:00','2023-10-10','2024-09-30',NULL),(467,2567,1,'014','014002','126',4500.00,0.00,'2566-10-10','10 ต.ค. 2566','กิจกรรมจัดซื้อวัสดุโครงการ(ม.ต้น)','','','2023-10-10 15:18:22','2023-10-10','2024-09-30',NULL),(468,2567,1,'014','014003','119',1000.00,0.00,'2566-10-10','10 ต.ค. 2566','กิจกรรมการคัดกรองนักเรียนเด็ก ปกติ เสี่ยง มีปัญหา พิเศษ ส่งต่อ','','','2023-10-10 15:18:40','2023-10-10','2024-09-30',NULL),(469,2567,1,'014','014004','126',1000.00,0.00,'2566-10-10','10 ต.ค. 2566','กิจกรรมเยี่ยมบ้านมัธยม (ม.ต้น)','','','2023-10-10 15:19:02','2023-10-10','2024-09-30',NULL),(470,2567,1,'014','014005','119',1000.00,0.00,'2566-10-10','10 ต.ค. 2566','กิจกรรมเยี่ยมบ้าน (ประถม)','','','2023-10-10 15:19:19','2023-10-10','2024-09-30',NULL),(471,2567,1,'014','014006','126',1000.00,0.00,'2566-10-10','10 ต.ค. 2566','กิจกรรมเพื่อนช่วยเพื่อน พาน้องกลับมาเรียน(ม.ต้น)	','','','2023-10-10 15:19:40','2023-10-10','2024-09-30',NULL),(472,2567,1,'015','015001','108',500.00,0.00,'2566-10-10','10 ต.ค. 2566',' กิจกรรมรณรงค์ต่อต้านยาเสพติด บุหรี่ เหล้า ยาบ้า กัญชา กระท่อม การทะเลาะวิวาท สื่อลามกอนาจาร (ก่อนประถม)','','','2023-10-10 15:21:14','2023-10-10','2024-09-30',NULL),(473,2567,1,'015','015002','109',500.00,0.00,'2566-10-10','10 ต.ค. 2566','กิจกรรมรณรงค์ต่อต้านยาเสพติดบุหรี่ เหล้า ยาบ้า กัญชา กระท่อม การทะเลาะวิวาท สื่อลามกอนาจาร (ประถม)','','','2023-10-10 15:21:41','2023-10-10','2024-09-30',NULL),(474,2567,1,'015','015003','110',500.00,0.00,'2566-10-10','10 ต.ค. 2566','กิจรรมรณรงค์ต่อต้านยาเสพติดบุหรี่ เหล้า ยาบ้า กัญชา กระท่อม การทะเลาะวิวาท สื่อลามกอนาจาร ม.ต้น (ม.ต้น)','','','2023-10-10 15:22:10','2023-10-10','2024-09-30',NULL),(475,2567,1,'015','015004','119',1000.00,0.00,'2566-10-10','10 ต.ค. 2566','กิจกรรมครูแดร์(ประถม)','','','2023-10-10 15:22:33','2023-10-10','2024-09-30',NULL),(476,2567,1,'015','015005','126',1000.00,0.00,'2566-10-10','10 ต.ค. 2566','กิจกรรมประสานกรมการปกครอง ตรวจหาสารเสพติด(ม.ต้น)','','','2023-10-10 15:22:50','2023-10-10','2024-09-30',NULL),(477,2567,1,'015','015006','108',500.00,0.00,'2566-10-10','10 ต.ค. 2566','กิจกรรมท่องกฏและคำปฏิญาณต่อต้านสิ่งเสพติด(ก่อนประถม)','','','2023-10-10 15:23:11','2023-10-10','2024-09-30',NULL),(478,2567,1,'016','016001','119',1000.00,0.00,'2566-10-10','10 ต.ค. 2566','กิจกรรมวันแม่ (ประถม)','','','2023-10-10 15:24:23','2023-10-10','2024-09-30',NULL),(479,2567,1,'016','016002','126',1000.00,0.00,'2566-10-10','10 ต.ค. 2566','กิจกรรมวันสำคัญทางพระพุทธศาสนา อาสาฬหบูชา วันเข้าพรรษา(แห่เทียนเขาพรรษา) วันมาฆบูชา (ม.ต้น)','','','2023-10-10 15:24:42','2023-10-10','2024-09-30',NULL),(480,2567,1,'016','016003','119',15000.00,0.00,'2566-10-10','10 ต.ค. 2566','กิจกรรมวันแม่แห่งชาติ (ประถม)','','','2023-10-10 15:25:04','2023-10-10','2024-09-30',NULL),(481,2567,1,'016','016004','126',500.00,0.00,'2566-10-10','10 ต.ค. 2566','กิจกรรมวันพ่อแห่งชาติ (ม.ต้น)','','','2023-10-10 15:25:28','2023-10-10','2024-09-30',NULL),(482,2567,1,'016','016005','126',10000.00,0.00,'2566-10-10','10 ต.ค. 2566','กิจกรรมวันภาษาไทยและวันสุนทรภู่ (ม.ต้น)','','','2023-10-10 15:25:53','2023-10-10','2024-09-30',NULL),(483,2567,1,'016','016006','126',4000.00,0.00,'2566-10-10','10 ต.ค. 2566','กิจกรรมวันเด็กและวันขึ้นปีใหม่และวันคริสมาส (ม.ต้น)','','','2023-10-10 15:26:14','2023-10-10','2024-09-30',NULL),(484,2567,1,'016','016007','108',5000.00,0.00,'2025-08-03','10 ต.ค. 2566','กิจกรรมวันสำคัญ ระดับ อนุบาล','','','2023-10-10 15:26:35','2023-10-10','2024-09-30',NULL),(485,2567,1,'017','017001','119',1000.00,0.00,'2566-10-10','10 ต.ค. 2566','จัดซื้อวัสดุตามโครงการ(ประถม)','','','2023-10-10 15:27:25','2023-10-10','2024-09-30',NULL),(486,2567,1,'017','017002','126',6000.00,0.00,'2566-10-10','10 ต.ค. 2566','กิจกรรมเขตปลอดอาวุธ มีด ปืน และความรุนแรงทุกชนิด(ม.ต้น)','','','2023-10-10 15:27:50','2023-10-10','2024-09-30',NULL),(487,2567,1,'017','017003','119',1000.00,0.00,'2566-10-10','10 ต.ค. 2566',' กิจกรรมสร้างวินัยจราจรปลอดภัย (ประถม)','','','2023-10-10 15:28:07','2023-10-10','2024-09-30',NULL),(488,2567,1,'017','017004','126',1000.00,0.00,'2566-10-10','10 ต.ค. 2566','กิจกรรมป้องกันอุบัติเหตุ การเล่น การทะเลาวิวาท (ม.ต้น)','','','2023-10-10 15:28:26','2023-10-10','2024-09-30',NULL),(489,2567,1,'017','017005','126',35000.00,0.00,'2566-10-10','10 ต.ค. 2566','กิจกรรมกล้องวงจรปิดในสถานศึกษา','','','2023-10-10 15:29:10','2023-10-10','2024-09-30',NULL),(514,2567,1,'018','018005','102',14000.00,0.00,'2566-10-10','10 ต.ค. 2566','ปรับปรุงซ่อมแซมครุภัณฑ์ เครื่องถ่ายเอกสาร เครื่องพิมพ์','','','2023-10-10 15:47:48','2023-10-10','2024-09-30',NULL),(513,2567,1,'018','018004','108',1000.00,0.00,'2566-10-10','10 ต.ค. 2566','กิจกรรมกรอกข้อมูล ตรวจสอบข้อมูลในระบบ SMSS(ก่อนประถม)','','','2023-10-10 15:47:04','2023-10-10','2024-09-30',NULL),(512,2567,1,'018','018003','119',1000.00,0.00,'2566-10-10','10 ต.ค. 2566','กิจกรรมกรอกข้อมูลพื้นฐานของโรงเรียน DMC B-obec P-obec SMISS ระบบSMSS','','','2023-10-10 15:46:42','2023-10-10','2024-09-30',NULL),(511,2567,1,'018','018002','126',20000.00,0.00,'2024-05-25','10 ต.ค. 2566','กิจกรรมจัดซื้อ จ้าง วัสดุตามโครงการ (ม.ต้น)','','','2023-10-10 15:46:20','2023-10-10','2024-09-30',NULL),(510,2567,1,'018','018001','119',3000.00,0.00,'2566-10-10','10 ต.ค. 2566','จัดซื้อวัสดุตามโครงการ (ประถม)','','','2023-10-10 15:45:54','2023-10-10','2024-09-30',NULL),(515,2567,1,'019','019001','126',15000.00,0.00,'2566-10-10','10 ต.ค. 2566','จัดซื้อวัสดุตามโครงการแนะแนวและสร้างโอกาสทางการศึกษา (ม.ต้น)','','','2023-10-10 15:49:33','2023-10-10','2024-09-30',NULL),(529,2567,1,'022','022003','126',5000.00,0.00,'2566-10-10','10 ต.ค. 2566','กิจกรรมคัดแยกขยะมัธยม(ม.ต้น)','','','2023-10-10 16:01:11','2023-10-10','2024-09-30',NULL),(528,2567,1,'022','022002','119',1000.00,0.00,'2566-10-10','10 ต.ค. 2566','กิจกรรมคัดแยกขยะ (ประถม)','','','2023-10-10 16:00:54','2023-10-10','2024-09-30',NULL),(527,2567,1,'022','022001','119',3000.00,0.00,'2566-10-10','10 ต.ค. 2566','จัดซื้อวัสดุตามโครงการ (ประถม)','','','2023-10-10 16:00:35','2023-10-10','2024-09-30',NULL),(526,2567,1,'021','021005','126',1000.00,0.00,'2566-10-10','10 ต.ค. 2566','โรงเรียนปลอดอบายมุข บุหรี เหล้า กัญชา กระท่อม ยาบ้า การทะเลาะวิวาท สื่อลามกอนาจาร การล่วงละเมิดทางเพศ การแต่งงานก่อนวัยอันควร','','','2023-10-10 15:59:37','2023-10-10','2024-09-30',NULL),(525,2567,1,'021','021004','119',1000.00,0.00,'2566-10-10','10 ต.ค. 2566',' กิจกรรมเข้าค่ายคุณธรรม (ประถม)','','','2023-10-10 15:59:14','2023-10-10','2024-09-30',NULL),(524,2567,1,'021','021003','126',1000.00,0.00,'2566-10-10','10 ต.ค. 2566','กิจกรรมโรงเรียนรักษาศีลห้า (ม.ต้น)','','','2023-10-10 15:58:52','2023-10-10','2024-09-30',NULL),(523,2567,1,'021','021002','119',1000.00,0.00,'2566-10-10','10 ต.ค. 2566',' กิจกรรมโรงเรียนรักษาศีลห้า (ประถม)','','','2023-10-10 15:58:32','2023-10-10','2024-09-30',NULL),(522,2567,1,'021','021001','126',1000.00,0.00,'2566-10-10','10 ต.ค. 2566','จัดซื้อวัสดุตามโครงการ (ม.ต้น)','','','2023-10-10 15:58:11','2023-10-10','2024-09-30',NULL),(521,2567,1,'020','020004','126',1000.00,0.00,'2566-10-10','10 ต.ค. 2566','กิจกรรมบันทึกความดีมัธยม(ม.ต้น)','','','2023-10-10 15:52:27','2023-10-10','2024-09-30',NULL),(520,2567,1,'020','020003','119',0.00,0.00,'2566-10-10','10 ต.ค. 2566','กิจกรรมบันทึกความดี (ประถม)','','','2023-10-10 15:52:04','2023-10-10','2024-09-30',NULL),(519,2567,1,'020','020002','119',350.00,0.00,'2566-10-10','10 ต.ค. 2566','จัดซื้อวัสดุตามโครงการ(ประถม)','','','2023-10-10 15:51:40','2023-10-10','2024-09-30',NULL),(518,2567,1,'020','020001','108',650.00,0.00,'2566-10-10','10 ต.ค. 2566','กิจกรรมโรงเรียนรักษาศิล 5 (อนุบาล)','','','2023-10-10 15:51:11','2023-10-10','2024-09-30',NULL),(517,2567,1,'019','019003','126',1000.00,0.00,'2566-10-10','10 ต.ค. 2566','กิจกรรมสร้างโอกาสทางการศึกษา(ม.ต้น)','','','2023-10-10 15:50:18','2023-10-10','2024-09-30',NULL),(516,2567,1,'019','019002','126',1000.00,0.00,'2566-10-10','10 ต.ค. 2566','กิจกรรมออกแนะแนว รร.สำโรงน้อย โรงเรียนบ้านนาดี รร.บ้านกระแอกน้อย ชุมชนบ้านดงคั่ง รร.บ้านคำสว่าง กิจกรรแนะแนวการศึกษาต่อ(ม.ต้น)','','','2023-10-10 15:49:59','2023-10-10','2024-09-30',NULL),(530,2567,1,'022','022004','126',1000.00,0.00,'2566-10-10','10 ต.ค. 2566','กิจกรรมประกวดโรงเรียนปลอดขยะ (ม.ต้น)','','','2023-10-10 16:01:31','2023-10-10','2024-09-30',NULL),(531,2567,1,'022','022005','119',500.00,0.00,'2566-10-10','10 ต.ค. 2566','กิจกรรมประดิษฐ์ของเหลือใช้จากเศษวัสดุหรือขยะ(ประถม)','','','2023-10-10 16:01:49','2023-10-10','2024-09-30',NULL),(532,2567,1,'022','022006','119',500.00,0.00,'2566-10-10','10 ต.ค. 2566','กิจกรรมประกวดห้องเรียนรักษ์โลก ประหยัดไฟฟ้า น้ำประปา(ประถม)','','','2023-10-10 16:02:03','2023-10-10','2024-09-30',NULL),(533,2567,1,'023','023001','108',3000.00,0.00,'2566-10-10','10 ต.ค. 2566','กิจกรรมพัฒนาหลักสูตรและส่งเสริมการจัดกิจกรรมการเรียนการสอนระดับ (ก่อนประถม)','','','2023-10-10 16:03:13','2023-10-10','2024-09-30',NULL),(534,2567,1,'023','023002','119',4500.00,0.00,'2566-10-10','10 ต.ค. 2566','กิจกรรมพัฒนาหลักสูตรและส่งเสริมการจัดกิจกรรมการเรียนการสอนระดับ (ประถม)','','','2023-10-10 16:03:40','2023-10-10','2024-09-30',NULL),(535,2567,1,'023','023003','110',1000.00,0.00,'2566-10-10','10 ต.ค. 2566','กิจกรรมพัฒนาหลักสูตรและส่งเสริมการจัดกิจกรรมการเรียนการสอนระดับ (มัธยม)','','','2023-10-10 16:04:01','2023-10-10','2024-09-30',NULL),(536,2567,1,'023','023004','109',1000.00,0.00,'2566-10-10','10 ต.ค. 2566','จัดซื้อวัสดุตามโครงการ (ก่อนประถม)','','','2023-10-10 16:04:49','2023-10-10','2024-09-30',NULL),(537,2567,1,'023','023005','108',10000.00,0.00,'2566-10-10','10 ต.ค. 2566','กิจกรรมบ้านวิทยาศาสตร์น้อย(ก่อนประถม)	','','','2023-10-10 16:05:14','2023-10-10','2024-09-30',NULL),(538,2567,1,'023','023006','126',1000.00,0.00,'2566-10-10','10 ต.ค. 2566','กิจกรรมหนึ่งห้องเรียนหนึ่งนวัตกรรม(ม.ต้น)','','','2023-10-10 16:05:31','2023-10-10','2024-09-30',NULL),(539,2567,1,'023','023007','119',3000.00,0.00,'2566-10-10','10 ต.ค. 2566','กิจกรรมหนึ่งห้องเรียนหนึ่งโครงงาน(ประถม)','','','2023-10-10 16:05:56','2023-10-10','2024-09-30',NULL),(540,2567,1,'024','024001','119',1000.00,0.00,'2566-10-10','10 ต.ค. 2566',' กิจกรรมจัดทำหลักสูตรและปฏิญญาต้อต้านการทุจริจ (ประถม)','','','2023-10-10 16:06:52','2023-10-10','2024-09-30',NULL),(541,2567,1,'024','024002','126',1000.00,0.00,'2566-10-10','10 ต.ค. 2566','กิจกรรมจัดซื้อวัสดุตามโครงการ (ม.ต้น)','','','2023-10-10 16:07:29','2023-10-10','2024-09-30',NULL),(542,2567,1,'024','024003','119',2000.00,0.00,'2566-10-10','10 ต.ค. 2566','กิจกรรมจัดทำหลักสูตรโรงเรียนสุจริต(ประถม)','','','2023-10-10 16:07:51','2023-10-10','2024-09-30',NULL),(543,2567,1,'024','024004','110',1000.00,0.00,'2566-10-10','10 ต.ค. 2566','ฝ','','','2023-10-10 16:08:09','2023-10-10','2024-09-30',NULL),(544,2567,1,'025','025001','109',10000.00,0.00,'2566-10-10','10 ต.ค. 2566','จัดซื้อจัดจ้างวัสดุตามโครงการ','','','2023-10-10 16:09:58','2023-10-10','2024-09-30',NULL),(545,2567,4,'026','026001','126',3000.00,0.00,'2566-10-10','10 ต.ค. 2566','จัดซื้อวัสดุตามโครงการ (ม.ต้น)','','','2023-10-10 16:11:26','2023-10-10','2024-09-30',NULL),(546,2567,4,'026','026002','109',1000.00,0.00,'2566-10-10','10 ต.ค. 2566','เลือกตัั้งประธานนักเรียนระดับ(ประถม)','','','2023-10-10 16:11:54','2023-10-10','2024-09-30',NULL),(547,2567,4,'026','026003','126',1000.00,0.00,'2566-10-10','10 ต.ค. 2566','เลือกตั้งประธานนักเรียนระดับ(ม.ต้น)','','','2023-10-10 16:12:20','2023-10-10','2024-09-30',NULL),(548,2567,4,'026','026004','126',1000.00,0.00,'2566-10-10','10 ต.ค. 2566',' กิจกรรมมัคุเทศก์น้อย (ม.ต้น)','','','2023-10-10 16:12:50','2023-10-10','2024-09-30',NULL),(549,2567,4,'026','026005','119',1000.00,0.00,'2566-10-10','10 ต.ค. 2566','กิจกรรมนักประชาสัมพันธ์(ประถม)','','','2023-10-10 16:13:11','2023-10-10','2024-09-30',NULL),(550,2567,4,'026','026006','126',1000.00,0.00,'2566-10-10','10 ต.ค. 2566','กิจกรรมพิธีกรน้อย (ม.ต้น)','','','2023-10-10 16:14:30','2023-10-10','2024-09-30',NULL),(551,2567,4,'026','026007','126',1000.00,0.00,'2566-10-10','10 ต.ค. 2566','กิจกรรมแกนนำจิตอาสาพี่เป็นแบบอย่างที่ดี(ม.ต้น)','','','2023-10-10 16:14:51','2023-10-10','2024-09-30',NULL),(552,2567,4,'026','026008','126',1000.00,0.00,'2566-10-10','10 ต.ค. 2566','กิจกรรมพี่ดูแลน้อง พี่สอนน้อง (ม.ต้น)','','','2023-10-10 16:15:10','2023-10-10','2024-09-30',NULL),(553,2567,2,'027','027001','109',3000.00,0.00,'2566-10-10','10 ต.ค. 2566','ปรับปรุงซ่อมแซมพัสดุและสินทรัพย์(ก่อนประถม)','','','2023-10-10 16:16:22','2023-10-10','2024-09-30',NULL),(554,2567,2,'027','027002','119',1000.00,0.00,'2566-10-10','10 ต.ค. 2566','กิจกรรมบริหารงานการเงิน บัญชี วัสดุ(ประถม)','','','2023-10-10 16:16:45','2023-10-10','2024-09-30',NULL),(555,2567,2,'027','027003','126',1000.00,0.00,'2566-10-10','10 ต.ค. 2566',' กิจกรรมรายงานการตรวจสอบพัสดุการเงิน ประจำปี(ม.ต้น)','','','2023-10-10 16:17:04','2023-10-10','2024-09-30',NULL),(556,2567,2,'027','027004','119',1000.00,0.00,'2566-10-10','10 ต.ค. 2566','กิจกรรมตรวจสอบภายใน (ประถม)','','','2023-10-10 16:17:18','2023-10-10','2024-09-30',NULL),(557,2567,4,'028','028001','108',3000.00,0.00,'2566-10-10','10 ต.ค. 2566','จ่ายค่าน้ำ ไฟฟ้า ประปาและอินเทอร์เน็ต (ก่อนประถม)','','','2023-10-10 16:18:44','2023-10-10','2024-09-30',NULL),(558,2567,4,'028','028002','109',15000.00,0.00,'2566-10-10','10 ต.ค. 2566','จ่ายค่าน้ำ ไฟฟ้า ประปาและอินเทอร์เน็ต (ประถม)','','','2023-10-10 16:19:16','2023-10-10','2024-09-30',NULL),(559,2567,4,'028','028003','110',65000.00,0.00,'2566-10-10','10 ต.ค. 2566','จ่ายค่าน้ำ ไฟฟ้า ประปาและอินเทอร์เน็ต (ม.ต้น)','','','2023-10-10 16:20:04','2023-10-10','2024-09-30',NULL),(560,2567,4,'028','028004','121',500.00,0.00,'2566-10-10','10 ต.ค. 2566','กิจกรรมประหยัดไฟฟ้า น้ำประปา (ประถม)','','','2023-10-10 16:20:42','2023-10-10','2024-09-30',NULL),(561,2567,3,'029','029001','109',8500.00,0.00,'2566-10-10','10 ต.ค. 2566','สร้างขวัญและกำลังใจให้คณะครูและบุคลากรทางการศึกษา (ประถม)','','','2023-10-10 16:22:34','2023-10-10','2024-09-30',NULL),(562,2567,3,'029','029002','126',1000.00,0.00,'2566-10-10','10 ต.ค. 2566',' กิจกรรมจัดทำ MOU ,ID-plan และประเมิน PA (ม.ต้น)','','','2023-10-10 16:23:01','2023-10-10','2024-09-30',NULL),(563,2567,3,'029','029003','126',5000.00,0.00,'2566-10-10','10 ต.ค. 2566','กิจกรรมอบรมครูและบุคลากรทางการศึกษา (ป)','','','2023-10-10 16:23:28','2023-10-10','2024-09-30',NULL),(564,2567,3,'029','029004','126',50000.00,0.00,'2025-08-27','10 ต.ค. 2566','กิจกรรมศึกษาดูงานนอกสถานที่  อบรมเชิงปฏิบัติการและถอดบทเรียน (ม.ตัน)','','','2023-10-10 16:24:00','2023-10-10','2024-09-30',NULL),(565,2567,3,'029','029005','119',5000.00,0.00,'2566-10-10','10 ต.ค. 2566','กิจกรรมจัดทำแผนแบบ Active learning (ป)','','','2023-10-10 16:24:30','2023-10-10','2024-09-30',NULL),(566,2567,3,'029','029006','126',1000.00,0.00,'2566-10-10','10 ต.ค. 2566','กิจกรรม PLC (ม.ต้น)','','','2023-10-10 16:24:55','2023-10-10','2024-09-30',NULL),(567,2567,3,'029','029007','126',1000.00,0.00,'2566-10-10','10 ต.ค. 2566','กิจกรรมจัดทำโครงงานและวิจัยในชั้นเรียน (ม.ต้น)','','','2023-10-10 16:25:19','2023-10-10','2024-09-30',NULL),(568,2567,3,'029','029008','119',1000.00,0.00,'2566-10-10','10 ต.ค. 2566','กิจกรรมครูดีไม่มีอบายมุข (ประถม)','','','2023-10-10 16:25:37','2023-10-10','2024-09-30',NULL),(569,2567,3,'029','029009','108',5000.00,0.00,'2566-10-10','10 ต.ค. 2566',' อบรมพัฒนาครูระดับปฐมวัย','','','2023-10-10 16:25:57','2023-10-10','2024-09-30',NULL),(570,2567,3,'029','029010','119',20000.00,0.00,'2566-10-10','10 ต.ค. 2566','จ้างครูอัตราจ้าง','','','2023-10-10 16:26:26','2023-10-10','2024-09-30',NULL),(571,2567,1,'030','030001','126',2000.00,0.00,'2566-10-10','10 ต.ค. 2566','จัดซื้อวัสดุตามโครงการ (ม.ต้น)','','','2023-10-10 16:27:45','2023-10-10','2024-09-30',NULL),(572,2567,1,'030','030002','108',0.00,0.00,'2566-10-10','10 ต.ค. 2566',' กิจกรรมชั่งน้ำหนักวัดส่วนสูง (ก่อนประถม)','','','2023-10-10 16:28:09','2023-10-10','2024-09-30',NULL),(573,2567,1,'030','030003','119',1000.00,0.00,'2566-10-10','10 ต.ค. 2566','กิจกรรมทดสอบสมรรถภาพทางกาย(ประถม)','','','2023-10-10 16:28:35','2023-10-10','2024-09-30',NULL),(574,2567,1,'030','030004','119',1000.00,0.00,'2566-10-10','10 ต.ค. 2566','กิจกรรมอาหารปลอดภัยใส่ใจสุขภาพ (ประถม)','','','2023-10-10 16:28:56','2023-10-10','2024-09-30',NULL),(575,2567,1,'030','030005','126',1000.00,0.00,'2566-10-10','10 ต.ค. 2566','กิจกรรมวิ่งเพื่อสุขภาพ (ม.ต้น)','','','2023-10-10 16:29:22','2023-10-10','2024-09-30',NULL),(576,2567,1,'030','030006','126',1000.00,0.00,'2566-10-10','10 ต.ค. 2566','กิจกรรมตรวจสุขภาพกาย ผม เล็บ เสื้อผ้า ความสะอาดร่างกาย (ม.ต้น)','','','2023-10-10 16:29:42','2023-10-10','2024-09-30',NULL),(577,2567,1,'030','030007','118',16580.00,0.00,'2024-08-25','10 ต.ค. 2566','กิจกรรมรับเงินกองทุนหลักประกันสุขภาพจากอบต.โคกสว่าง ค.ฟันสวยยิ้มใส ใส่ใจสุขภาพช่องปากนักเรียน 16580','','','2023-10-10 16:30:30','2023-10-10','2024-09-30',NULL),(578,2567,1,'030','030008','118',12025.00,0.00,'2024-08-25','10 ต.ค. 2566','กิจกรรมเงินกองทุนหลักประกันสุขภาพ ค.สส.พัฒนาการเด็กปฐมวัยให้มีความพร้อมทั้งร่างกายและจิตใจEQ 12025','','','2023-10-10 16:30:56','2023-10-10','2024-09-30',NULL),(579,2567,4,'031','031001','108',1000.00,0.00,'2566-10-10','10 ต.ค. 2566','ประชุมคณะกรรมการสถานศึกษา ผู้ปกครองนักเรียน ก่อนเปิดและปิดเทอม (ก่อนประถม)','','','2023-10-10 16:31:55','2023-10-10','2024-09-30',NULL),(580,2567,4,'031','031002','108',1000.00,0.00,'2566-10-10','10 ต.ค. 2566','จ้างพิมพ์ไวนิลงานสัมพันธ์ชุมชน(ก่อนประถม)	','','','2023-10-10 16:32:08','2023-10-10','2024-09-30',NULL),(581,2567,4,'031','031003','110',2000.00,0.00,'2566-10-10','10 ต.ค. 2566',' แ','','','2023-10-10 16:32:40','2023-10-10','2024-09-30',NULL),(582,2567,4,'031','031004','119',500.00,0.00,'2566-10-10','10 ต.ค. 2566','ประชุมคณะกรรมการสถานศึกษา ผู้ปกครองนักเรียน ก่อนเปิดและปิดเทอม (ประถม)','','','2023-10-10 16:33:05','2023-10-10','2024-09-30',NULL),(583,2567,4,'031','031005','110',500.00,0.00,'2566-10-10','10 ต.ค. 2566','ประชุมคณะกรรมการสถานศึกษา ผู้ปกครองนักเรียน ก่อนเปิดและปิดเทอม (ม.ต้น)','','','2023-10-10 16:33:28','2023-10-10','2024-09-30',NULL),(584,2567,4,'032','032001','109',1000.00,0.00,'2566-10-10','10 ต.ค. 2566','จัดซื้อวัสดุตามโครงการ (ประถม)','','','2023-10-10 16:34:18','2023-10-10','2024-09-30',NULL),(585,2567,4,'032','032002','110',500.00,0.00,'2566-10-10','10 ต.ค. 2566','จัดซื้อวัสดุตามโครงการ (ม.ต้น)','','','2023-10-10 16:34:38','2023-10-10','2024-09-30',NULL),(586,2567,4,'032','032003','109',500.00,0.00,'2566-10-10','10 ต.ค. 2566','ส่งเสริมการออมเงินในระบบsmss (ประถม)','','','2023-10-10 16:35:04','2023-10-10','2024-09-30',NULL),(587,2567,4,'033','033001','126',2000.00,0.00,'2566-10-10','10 ต.ค. 2566',' จัดซื้อวัสดุตามโครงการ ไวนิลสมาชิก โครงสร้างบริหาร ระบบสหกรณ์ วัตถุประสงค์ คูปอง (ม.ต้น)','','','2023-10-10 16:36:21','2023-10-10','2024-09-30',NULL),(588,2567,4,'033','033002','119',1000.00,0.00,'2566-10-10','10 ต.ค. 2566','จัดซื้อวัสดุตามโครงการ ไวนิลรายชื่อสมาชิก คูปอง (ประถม)','','','2023-10-10 16:36:37','2023-10-10','2024-09-30',NULL),(589,2567,4,'034','034001','109',50000.00,0.00,'2566-10-10','10 ต.ค. 2566',' ปรับปรุงซ่อมแซมอาคารเรียน และปรับปรุงภูมิทัศน์(ประถม)','','','2023-10-10 16:37:50','2023-10-10','2024-09-30',NULL),(590,2567,4,'034','034002','110',50000.00,0.00,'2566-10-10','10 ต.ค. 2566','กิจกรรมปรับปรุงซ่อมแซม ทาสีอาคารเรียนและปรับปรุงภูมิทัศน์ (ม.ต้น)','','','2023-10-10 16:38:24','2023-10-10','2024-09-30',NULL),(591,2567,4,'034','034003','108',1000.00,0.00,'2025-08-28','10 ต.ค. 2566','จัดซื้อจัดจ้างวัสดุตามโครงการ ซ่อมแซม ปรับปรุงเตรียมการก่อนเปิดเทอม ตัดหญ้า อุปกรณ์  (ก่อนประถม)','','','2023-10-10 16:38:44','2023-10-10','2024-09-30',NULL),(592,2567,4,'034','034004','110',15000.00,0.00,'2566-10-10','10 ต.ค. 2566','เตรียมการก่อนเปิดเทอม ตัดหญ้า อุปกรณ์ปัดกวาดเช็ดถู (ม.ต้น)','','','2023-10-10 16:39:09','2023-10-10','2024-09-30',NULL),(593,2567,4,'034','034005','119',500.00,0.00,'2566-10-10','10 ต.ค. 2566','เตรียมการก่อนเปิดเทอม ตัดหญ้า อุปกรณ์ปัดกวาดเช็ดถู (ประถม)','','','2023-10-10 16:39:33','2023-10-10','2024-09-30',NULL),(594,2567,4,'034','034006','126',10000.00,0.00,'2566-10-10','10 ต.ค. 2566','กิจกรรม 5 ส (ม.ต้น)','','','2023-10-10 16:39:56','2023-10-10','2024-09-30',NULL),(595,2567,4,'034','034007','108',40000.00,0.00,'2566-10-10','10 ต.ค. 2566','กิจกรรมปรับปรุงซ่อมแซม ระดับอนุบาล','','','2023-10-10 16:40:28','2023-10-10','2024-09-30',NULL),(596,2567,2,'035','035001','118',651000.00,0.00,'2566-10-10','10 ต.ค. 2566','จัดซื้อวัสดุประกอบอาหาร อาหาร2อย่าง ผลไม้1 อย่าง อบต. (งบ อบต.)','','','2023-10-10 16:41:52','2023-10-10','2024-09-30',NULL),(597,2567,2,'035','035002','118',0.00,0.00,'2566-10-10','10 ต.ค. 2566','อาหารเสริม(นม)(งบ อบต.)','','','2023-10-10 16:42:16','2023-10-10','2024-09-30',NULL),(598,2567,2,'035','035003','119',6500.00,0.00,'2566-10-10','10 ต.ค. 2566','กิจกรรมจัดซื้อวัสุด และปรับปรุงซ่อมแซมโรงอาหาร (ประถม)','','','2023-10-10 16:42:34','2023-10-10','2024-09-30',NULL),(599,2567,2,'035','035004','119',20000.00,0.00,'2566-10-10','10 ต.ค. 2566','กิจกรรมจัดซื้อตู้แข่แข็งอาหาร','','','2023-10-10 16:42:53','2023-10-10','2024-09-30',NULL),(600,2567,1,'036','036001','113',17000.00,0.00,'2566-10-10','10 ต.ค. 2566','จัดหาเครื่องแบบและICT (ม.ต้น)','','','2023-10-10 16:44:13','2023-10-10','2024-09-30',NULL),(601,2567,1,'036','036002','113',120000.00,0.00,'2566-10-10','10 ต.ค. 2566','จัดจ้างพาหนะรับ-ส่งนักเรียน (ม.ต้น)','','','2023-10-10 16:44:45','2023-10-10','2024-09-30',NULL),(602,2567,1,'036','036003','117',100000.00,0.00,'2566-10-10','10 ต.ค. 2566','จัดซื้อหนังสือเรียน เสื้อผ้า อาหาร พาหนะและICT เพิ่มเติม (ประถม)','','','2023-10-10 16:45:35','2023-10-10','2024-09-30',NULL),(603,2567,1,'036','036004','113',12000.00,0.00,'2566-10-10','10 ต.ค. 2566','จัดซื้อหนังสือเรียนเพิ่มเติม (ม.ต้น)','','','2023-10-10 16:46:01','2023-10-10','2024-09-30',NULL),(604,2567,1,'036','036005','108',20000.00,0.00,'2025-07-14','10 ต.ค. 2566','จัดซื้อ/จ้างวัสดุตามโครงการ เครื่องแบบนักเรียน อุปกรณ์การเรียน อุปกรณ์ ict','','','2023-10-10 16:46:21','2023-10-10','2024-09-30',NULL),(605,2567,1,'036','036006','108',200000.00,0.00,'2025-07-14','10 ต.ค. 2566','จัดซื้อ/จ้างตามโครงการ เครื่องแบบ อุปกรณ์การเรียน ict','','','2023-10-10 16:47:00','2023-10-10','2024-09-30',NULL),(606,2567,4,'037','037001','109',30000.00,0.00,'2024-05-25','10 ต.ค. 2566','หนังสือเรียน (อนุบาล)','','','2023-10-10 16:48:17','2023-10-10','2024-09-30',NULL),(607,2567,4,'037','037002','110',8000.00,0.00,'2566-10-10','10 ต.ค. 2566','ค่าอุปกรณ์การเรียน (อนุบาล)','','','2023-10-10 16:48:38','2023-10-10','2024-09-30',NULL),(608,2567,4,'037','037003','112',47320.00,0.00,'2566-10-10','10 ต.ค. 2566','ค่าเครื่องแบบ เสื้อผ้า นักเรียน (อนุบาล)','','','2023-10-10 16:49:26','2023-10-10','2024-09-30',NULL),(609,2567,4,'037','037004','113',15000.00,0.00,'2566-10-10','10 ต.ค. 2566','ค่ากรรมพัฒนาผู้เรียน ทัศนศึกษา กีฬา ใบงาน อบรมคุณธรรม นักเรียน (อนุบาล)','','','2023-10-10 16:49:52','2023-10-10','2024-09-30',NULL),(610,2567,4,'037','037005','120',110000.00,0.00,'2566-10-10','10 ต.ค. 2566',' ค่าหนังสือเรียน (ประถม)','','','2023-10-10 16:50:15','2023-10-10','2024-09-30',NULL),(611,2567,4,'037','037006','121',84758.00,0.00,'2566-10-10','10 ต.ค. 2566','ค่าอุปกรณ์การเรียน (ประถม)','','','2023-10-10 16:50:50','2023-10-10','2024-09-30',NULL),(612,2567,4,'037','037007','122',48000.00,0.00,'2566-10-10','10 ต.ค. 2566','ค่าเครื่องแบบ เสื้อผ้า (ประถม)','','','2023-10-10 16:51:15','2023-10-10','2024-09-30',NULL),(613,2567,4,'037','037008','123',52400.00,0.00,'2566-10-10','10 ต.ค. 2566','ค่ากรรมพัฒนาผู้เรียน ทัศนศึกษา กีฬา ใบงาน ติว อบรมคุณธรรม นักเรียน (ประถม)','','','2023-10-10 16:51:54','2023-10-10','2024-09-30',NULL),(614,2567,4,'037','037009','127',110000.00,0.00,'2566-10-10','10 ต.ค. 2566','ค่าหนังสือเรียน ( ม.ต้น)','','','2023-10-10 16:52:22','2023-10-10','2024-09-30',NULL),(615,2567,4,'037','037010','128',43000.00,0.00,'2566-10-10','10 ต.ค. 2566','ค่าอุปกรณ์การเรียน (ม.ต้น)','','','2023-10-10 16:52:50','2023-10-10','2024-09-30',NULL),(616,2567,4,'037','037011','129',37000.00,0.00,'2566-10-10','10 ต.ค. 2566','ค่าเครื่องแบบนักเรียน เสือผ้า (ม.ต้น)','','','2023-10-10 16:53:18','2023-10-10','2024-09-30',NULL),(617,2567,4,'037','037012','130',58000.00,0.00,'2566-10-10','10 ต.ค. 2566','ค่ากรรมพัฒนาผู้เรียน ทัศนศึกษา กีฬา ใบงาน อบรมคุณธรรม แข่งศิลปหัตกรรม นักเรียน (ม.ต้น)','','','2023-10-10 16:53:38','2023-10-10','2024-09-30',NULL),(618,2567,4,'037','037013','108',25000.00,0.00,'2566-10-10','10 ต.ค. 2566','รายหัวอนุบาล','','','2023-10-10 16:54:10','2023-10-10','2024-09-30',NULL),(619,2567,4,'037','037014','119',30000.00,0.00,'2024-05-25','10 ต.ค. 2566','รายหัวประถม','','','2023-10-10 16:54:33','2023-10-10','2024-09-30',NULL),(620,2567,4,'037','037015','126',0.00,0.00,'2566-10-10','10 ต.ค. 2566','รายหัว ม.ต้น','','','2023-10-10 16:54:56','2023-10-10','2024-09-30',NULL),(621,2567,4,'038','038001','124',159500.00,0.00,'2566-10-10','10 ต.ค. 2566','มอบทุนเพื่อความเสมอภาค (กสศ)','','','2023-10-10 16:57:26','2023-10-10','2024-09-30',NULL),(622,2567,4,'039','039001','116',282.58,0.00,'2566-10-10','10 ต.ค. 2566','ส่งคืนรายได้แผ่นดินของบัญชีเงินกองทุนเพื่อโครงการอาหารกลางวันใน รร.ประถม','','','2023-10-10 16:58:43','2023-10-10','2024-09-30',NULL),(623,2567,4,'034','034008','101',800.00,0.00,'2566-10-14','14 ต.ค. 2566','ค่าตัดหญ้า','','','2023-10-14 17:40:53','2023-10-14','2024-09-30',NULL),(624,2567,4,'034','034009','102',1400.00,0.00,'2566-10-14','14 ต.ค. 2566','ปรับปรุงสภาพแวดล้อมเกลี่ยดิน ถมดิน','','','2023-10-14 17:44:44','2023-10-14','2024-09-30',NULL),(625,2567,1,'030','030009','119',15000.00,0.00,'2566-10-14','14 ต.ค. 2566','ก่อสร้างอ่างล้างหน้าแปรงฟัน ดื่มน้ำ ให้ถูกสุขลักษณะ ประถม','','','2023-10-14 17:50:28','2023-10-14','2024-09-30',NULL),(626,2567,1,'021','021006','111',3550.00,0.00,'2566-10-14','14 ต.ค. 2566','จัดซื้อวัสดุตามโครงการ วันสำคัญทางพระพุทธศาสนา ท้องถิ่นและชุมชน','','','2023-10-14 18:58:20','2023-10-14','2024-09-30',NULL),(627,2567,1,'036','036007','126',30000.00,0.00,'2566-10-30','30 ต.ค. 2566','อาหารกลางวัน ม.ต้น','','','2023-10-30 14:23:27','2023-10-30','2024-09-30',NULL),(628,2567,1,'001','001011','126',10000.00,0.00,'2566-11-04','4 พ.ย. 2566','ค่าอาหารกลางวันนักเรียน ม.ต้น','','','2023-11-04 11:14:43','2023-11-04','2024-09-30',NULL),(629,2567,1,'007','007005','120',30000.00,0.00,'2566-11-29','29 พ.ย. 2566','จัดซื้อหนังสือ','','','2023-11-29 11:43:38','2023-11-29','2024-09-30',NULL),(630,2567,3,'029','029011','119',20000.00,0.00,'2566-11-29','29 พ.ย. 2566','ศึกษาดูงานนอกสถานที่','','','2023-11-29 15:26:10','2023-11-29','2024-09-30',NULL),(631,2567,1,'036','036008','117',22500.00,0.00,'2566-12-09','9 ธ.ค. 2566','จ่ายเงินสด','','','2023-12-09 14:15:19','2023-12-09','2024-09-30',NULL),(632,2567,1,'036','036009','125',28500.00,0.00,'2566-12-09','9 ธ.ค. 2566','จ่ายเงินสด','','','2023-12-09 14:15:59','2023-12-09','2024-09-30',NULL),(633,2567,1,'030','030010','126',5000.00,0.00,'2567-05-27','27 พ.ค. 2567','กิจกรรมสุขาดี มีความสุข 67','','','2024-05-27 14:58:30','2024-05-27','2024-09-30',NULL),(634,2567,1,'030','030011','119',3000.00,0.00,'2567-05-27','27 พ.ค. 2567','กิจกรรมสุขาดี มีความสุข 67 ประถม','','','2024-05-27 14:59:19','2024-05-27','2024-09-30',NULL),(635,2567,1,'030','030012','118',30780.00,0.00,'2024-09-04','10 ก.ค. 2567','กิจกรรมอบรมฝีกว่ายน้ำงบ สสส.อบต.โคกสว่าง 37000','','','2024-07-10 15:02:03','2024-07-10','2024-09-30',NULL),(636,2567,1,'040','040001','105',5000.00,0.00,'2024-07-22','22 ก.ค. 2567','(4).กิจกรรมศึกษาดูงานเปรียบเทียบ','','','2024-07-22 14:23:13','2024-06-01','2024-09-30',NULL),(637,2567,1,'040','040002','105',5000.00,0.00,'2024-07-22','22 ก.ค. 2567','(1).กิจกรรมจิตศึกษาและAAR','','','2024-07-22 14:26:53','2024-06-01','2024-09-30',NULL),(638,2567,1,'040','040003','105',15000.00,0.00,'2024-07-22','22 ก.ค. 2567','(3).กิจกรรมบูรณาการอ่านการเขียนคิดเลขเป็นและคุณลักษณะอันพึงประสงค์','','','2024-07-22 14:29:10','2024-06-01','2024-09-30',NULL),(639,2567,1,'040','040004','105',61000.00,0.00,'2025-09-09','22 ก.ค. 2567','(3)กิจกรรมห้องเรียนคุณภาพ123','','','2024-07-22 14:31:34','2024-06-01','2024-09-30',NULL),(640,2568,1,'001','001001','108',0.00,0.00,'2024-11-12','7 พ.ย. 2567','อบรมคุณธรรมหน้าเสาธงและวันสุดสัปดาห์(ก่อนประถม)','','','2024-11-07 13:26:35','2024-10-01','2025-09-30',NULL),(641,2568,1,'001','001002','119',0.00,0.00,'2024-11-09','7 พ.ย. 2567','กิจกรรมส่งเสริมคุณธรรมวันสำคัญทางศาสนาใหว้พระสวดมนต์ (ประถม)','','','2024-11-07 13:28:06','2024-10-01','2025-09-30',NULL),(642,2568,1,'001','001003','108',0.00,0.00,'2024-11-10','7 พ.ย. 2567','กิจกรรมร้องเพลงชาติไทย (ก่อนประถม)','','','2024-11-07 13:29:11','2024-10-01','2025-09-30',NULL),(643,2568,1,'001','001004','119',0.00,0.00,'2024-11-10','7 พ.ย. 2567','กิจกรรมภาษาไทย อังกฤษวันละคำ โฮมรูม นั่งสมาธิ เขียนตามคำบอก คิดเลขเป็น ท่องสูตรคูณ(ประถม)','','','2024-11-07 13:31:41','2024-10-01','2025-09-30',NULL),(644,2568,1,'001','001005','119',0.00,0.00,'2024-11-12','7 พ.ย. 2567','กิจกรรมเดินแถวเข้าห้องเรียนและเดินแถวกลับบ้าน (ประถม)','','','2024-11-07 13:32:03','2024-10-01','2025-09-30',NULL),(645,2568,1,'001','001006','126',0.00,0.00,'2024-11-12','7 พ.ย. 2567','กิจกรรม รับ-ส่งนักเรียนตอนเช้าและหลังเลิกเรียน (ม.ต้น)','','','2024-11-07 13:32:25','2024-10-01','2025-09-30',NULL),(646,2568,1,'001','001007','119',0.00,0.00,'2024-11-13','7 พ.ย. 2567','กิจกรรมเสียง(ประถม)','','','2024-11-07 13:32:49','2024-10-01','2025-09-30',NULL),(647,2568,1,'001','001008','126',0.00,0.00,'2024-11-13','7 พ.ย. 2567','กิจกรรมมัคคุเทศก์น้อย (ม.ต้น)','','','2024-11-07 13:34:53','2024-11-07','2025-09-30',NULL),(648,2568,1,'001','001009','119',0.00,0.00,'2024-11-13','7 พ.ย. 2567','กิจกรรมปัจฉิมนิเทศ(ประถม)','','','2024-11-07 13:38:06','2024-10-01','2025-09-30',NULL),(649,2568,1,'001','001010','126',0.00,0.00,'2024-11-13','7 พ.ย. 2567','กิจกรรมปฐมนิเทศ(ม.ต้น)','','','2024-11-07 13:38:21','2024-10-01','2025-09-30',NULL),(650,2568,1,'001','001011','',0.00,0.00,'2024-11-07','7 พ.ย. 2567','กิจกรรมประเมิน IQA','','','2024-11-07 13:38:56','2024-10-01','2025-09-30',NULL),(651,2568,1,'002','002001','',0.00,0.00,'2024-11-07','7 พ.ย. 2567','กิจกรรมเกษตรปลูกผัก เลี้ยงสัตว์ เพื่อส่งเสริมอาหารกลางวัน (กองทุนฯ)','','','2024-11-07 14:21:50','2024-10-01','2025-09-30',NULL),(652,2568,1,'002','002002','126',0.00,0.00,'2024-11-13','7 พ.ย. 2567',' กิจกรรมเกษตรปลูกผัก เลี้ยงสัตว์ (ม.ต้น)','','','2024-11-07 14:22:38','2024-10-01','2025-09-30',NULL),(653,2568,1,'002','002003','119',0.00,0.00,'2024-11-13','7 พ.ย. 2567','กิจกรรมทำปุ๋ยหมัก น้้ำหมักชีวภาพ (ประถม)','','','2024-11-07 14:23:23','2024-10-01','2025-09-30',NULL),(654,2568,1,'002','002004','119',0.00,0.00,'2024-11-13','7 พ.ย. 2567','กิจกรรมเกษตรปลอดสารพิษ(ประถม)','','','2024-11-07 14:26:21','2024-10-01','2025-09-30',NULL),(655,2568,1,'002','002005','',0.00,0.00,'2024-11-07','7 พ.ย. 2567','กิจกรรมปลูกพืชสวนป่า','','','2024-11-07 17:11:02','2024-10-01','2025-09-30',NULL),(656,2568,1,'002','002006','',0.00,0.00,'2024-11-07','7 พ.ย. 2567','ปรับปรุงซ่อมแซมแหล่งเรียนรู้เศรษฐกิจพอเพียง','','','2024-11-07 17:12:38','2024-10-01','2025-09-30',NULL),(657,2568,1,'002','002007','',0.00,0.00,'2024-11-07','7 พ.ย. 2567','กิจกรรมพัฒนาเเหล่งเรียนรู้ตามกองทุนหมุนเวียนส่งเสริมผลผลิดฯอาหารกลางวัน หมู เห็ด เป็ด ไก่ ปลา','','','2024-11-07 17:12:57','2024-10-01','2025-09-30',NULL),(658,2568,1,'002','002008','126',0.00,0.00,'2024-11-13','7 พ.ย. 2567','กิจกรรมจัดซื้อวัสดุตามโครงการ (ม.ต้น)','','','2024-11-07 17:13:55','2024-10-01','2025-09-30',NULL),(659,2568,1,'003','003001','108',0.00,0.00,'2024-11-13','7 พ.ย. 2567','จัดซื้อวัสดุตามโครงการ(ก่อนประถม)','','','2024-11-07 17:14:45','2024-10-01','2025-10-30',NULL),(660,2568,1,'003','003002','108',0.00,0.00,'2024-11-13','7 พ.ย. 2567','จัดทำแผนปฏิบัติการประจำปี(ก่อนประถม)','','','2024-11-07 17:15:34','2024-10-01','2025-09-30',NULL),(661,2568,1,'003','003003','108',0.00,0.00,'2024-11-13','7 พ.ย. 2567','จัดทำรายงานการประเมินตนเอง SAR ประจำปี(ก่อนประถม)','','','2024-11-07 17:16:55','2024-10-01','2025-09-30',NULL),(662,2568,1,'003','003004','126',0.00,0.00,'2024-11-13','7 พ.ย. 2567','กำหนดมาตรฐานปฐมวัย และการศึกษาขั้นพื้นฐาน (ม.ต้น)','','','2024-11-07 17:17:36','2024-10-01','2025-09-30',NULL),(663,2568,1,'003','003005','126',0.00,0.00,'2024-11-13','7 พ.ย. 2567','จัดทำแผนกลยุทธ์ 3-5 ปี (ม.ต้น)','','','2024-11-07 17:18:04','2024-10-01','2025-09-30',NULL),(664,2568,1,'004','004001','119',0.00,0.00,'2024-11-13','7 พ.ย. 2567','กิจกรรมทดสอบอ่านออก เขียนได้ คิดเลขเป็น การอ่าน 3Rท้าพิสูจน์ (ประถม)','','','2024-11-07 17:32:52','2024-10-01','2025-09-30',NULL),(665,2568,1,'004','004002','126',0.00,0.00,'2024-11-13','7 พ.ย. 2567','กิจกรรมทดสอบอ่านออก เขียนได้ คิดเลขเป็น 3R ท้าพิสูจน์ (ม.ต้น)','','','2024-11-07 17:33:50','2024-10-01','2025-09-30',NULL),(666,2568,1,'004','004003','119',0.00,0.00,'2024-11-13','7 พ.ย. 2567','เตรียมความพร้อม O-NET ป.6 (ประถม)','','','2024-11-07 17:34:27','2024-10-01','2025-09-30',NULL),(667,2568,1,'004','004004','126',0.00,0.00,'2024-11-13','7 พ.ย. 2567','เตรียมความพร้อม O-NET ม.3 (ม.ต้น)','','','2024-11-07 17:34:50','2024-10-01','2025-09-30',NULL),(668,2568,1,'004','004005','119',0.00,0.00,'2024-11-13','7 พ.ย. 2567','เตรียมความพร้อมทดสอบ NT (ประถม)','','','2024-11-07 17:35:03','2024-10-01','2025-09-30',NULL),(669,2568,1,'004','004006','119',0.00,0.00,'2024-11-13','7 พ.ย. 2567','เตรียมความพร้อมทดสอบ RT (ประถม)','','','2024-11-07 17:35:17','2024-10-01','2025-09-30',NULL),(670,2568,1,'004','004007','119',0.00,0.00,'2024-11-13','7 พ.ย. 2567','ศึกษาแหล่งเรียนรู้เปิดโลกทางปัญญา ป.1-ป.3','','','2024-11-07 17:35:49','2024-10-01','2025-09-30',NULL),(671,2568,1,'004','004008','119',0.00,0.00,'2024-11-13','7 พ.ย. 2567','ศึกษาแหล่งเรียนรู้เปิดโลกทางปัญญา ป.4-ป.6','','','2024-11-07 17:36:03','2024-10-01','2025-09-30',NULL),(672,2568,1,'004','004009','126',0.00,0.00,'2024-11-13','7 พ.ย. 2567','ศึกษาแหล่งเรียนรู้เปิดโลกทางปัญญา ม.1-ม.2','','','2024-11-07 17:36:18','2024-10-01','2025-09-30',NULL),(673,2568,1,'004','004010','126',0.00,0.00,'2024-11-13','7 พ.ย. 2567','ศึกษาแหล่งเรียนรู้เปิดโลกทางปัญญา ม.3','','','2024-11-07 17:36:40','2024-10-01','2025-09-30',NULL),(674,2568,1,'004','004011','119',0.00,0.00,'2024-11-13','7 พ.ย. 2567','กิจกรรมสนองนโยบาย 10 จุดเน้น สพป.อบ.4(ประถม)','','','2024-11-07 17:37:26','2024-10-01','2025-09-30',NULL),(675,2568,1,'004','004012','119',0.00,0.00,'2024-11-13','7 พ.ย. 2567','กิจกรรมส่งเสริมลายมือสวย คัดไทย (หัวกลมตัวเหลี่ยม)','','','2024-11-07 17:37:50','2024-10-01','2025-09-30',NULL),(676,2568,1,'005','005001','108',0.00,0.00,'2024-11-13','7 พ.ย. 2567','วัสดุฝึกซ้อม แข่งขัน (ก่อนประถม)','','','2024-11-07 17:42:50','2024-10-01','2025-09-30',NULL),(677,2568,1,'005','005002','119',0.00,0.00,'2024-11-13','7 พ.ย. 2567','แข่งขันทางวิชาการ (ประถม)','','','2024-11-07 17:43:21','2024-10-01','2025-09-30',NULL),(678,2568,1,'005','005003','126',0.00,0.00,'2024-11-13','7 พ.ย. 2567','แข่งขันทางวิชาการ และทดสอบโอเนต (ม.ต้น)','','','2024-11-07 17:43:41','2024-10-01','2025-09-30',NULL),(679,2568,1,'005','005004','108',0.00,0.00,'2024-11-13','7 พ.ย. 2567','วัสดุฝึกก่อน(ประถม)','','','2024-11-07 17:44:26','2024-10-01','2025-09-30',NULL),(680,2568,1,'005','005005','119',0.00,0.00,'2024-11-13','7 พ.ย. 2567','วัสดุฝึกแข่่งขัน ทดสอบโอเนตประถม(ประถม)','','','2024-11-07 17:45:58','2024-10-01','2025-09-30',NULL),(681,2568,1,'005','005006','126',0.00,0.00,'2024-11-13','7 พ.ย. 2567','วัสดุฝีกแข่งขัน (ม.ต้น)','','','2024-11-07 17:46:24','2024-10-01','2025-09-30',NULL),(682,2568,1,'005','005007','126',0.00,0.00,'2024-11-13','7 พ.ย. 2567','ค่ายวิชาการ (ม.ต้น)','','','2024-11-07 17:46:46','2024-10-01','2025-09-30',NULL),(683,2568,1,'006','006001','119',2000.00,0.00,'2024-11-09','7 พ.ย. 2567','จัดซื้อวัสดุตามโครงการ(ประถม)','','','2024-11-07 17:47:43','2024-10-01','2025-09-30',NULL),(684,2568,1,'006','006002','119',0.00,0.00,'2024-11-09','7 พ.ย. 2567','กิจกรรมคัดกรองเด็กพิเศษเรียนร่วม(ประถม)','','','2024-11-07 17:48:00','2024-10-01','2025-09-30',NULL),(685,2568,1,'006','006003','119',1000.00,0.00,'2024-11-09','7 พ.ย. 2567','กิจกรรมจัดการเรียนการสอนเด็กนักเรียนพิเศษเรียนรวม','','','2024-11-07 17:48:13','2024-10-01','2025-09-30',NULL),(686,2568,1,'007','007001','119',0.00,0.00,'2024-11-09','7 พ.ย. 2567','กิจกรรมจัดซื้อวัสดุเกี่ยงข้องกับโครงการ (ประถม)','','','2024-11-07 17:53:53','2024-10-01','2025-09-30',NULL),(687,2568,1,'007','007002','126',3000.00,0.00,'2024-11-09','7 พ.ย. 2567','จัดซื้อวัสดุตามโครงการ (ม.ต้น)','','','2024-11-07 17:54:17','2024-10-01','2025-09-30',NULL),(688,2568,1,'007','007003','119',0.00,0.00,'2024-11-09','7 พ.ย. 2567','กิจกรรมบันทึกการอ่าน (ประถม)','','','2024-11-07 17:54:31','2024-10-01','2025-09-30',NULL),(689,2568,1,'007','007004','126',0.00,0.00,'2024-11-09','7 พ.ย. 2567','กิจกรรมจัดทำสมุดเล่มเล็ก สัปดาห์หนังสือ 14-16 ส.ค (ม.ต้น)','','','2024-11-07 17:54:52','2024-10-01','2025-09-30',NULL),(690,2568,1,'007','007005','126',17000.00,0.00,'2024-11-09','7 พ.ย. 2567','จัดซื้อหนังสือ (ม.ต้น )','','','2024-11-07 17:55:28','2024-10-01','2025-09-30',NULL),(691,2568,1,'008','008001','119',0.00,0.00,'2024-11-13','7 พ.ย. 2567','กิจกรรมค่ายภาษาอังกฤษ คณิตศาสตร์ (ประถม)','','','2024-11-07 17:57:49','2024-10-01','2025-09-30',NULL),(692,2568,1,'008','008002','126',0.00,0.00,'2024-11-13','7 พ.ย. 2567','กิจกรรมค่ายภาษาอังกฤษ (ม.ต้น)','','','2024-11-07 17:58:02','2024-10-01','2025-09-30',NULL),(693,2568,1,'008','008003','126',0.00,0.00,'2024-11-11','7 พ.ย. 2567','กิจกรรมจัดทำค่ายวิทยาศาสตร์ (ม.ต้น)','','','2024-11-07 17:58:16','2024-10-01','2025-09-30',NULL),(694,2568,1,'008','008004','126',0.00,0.00,'2024-11-11','7 พ.ย. 2567','กิจกรรมจัดซื้อ/จ้างวัสดุตามโครงการ (ม.ต้น)','','','2024-11-07 17:58:31','2024-10-01','2025-09-30',NULL),(695,2568,1,'008','008005','108',0.00,0.00,'2024-11-13','7 พ.ย. 2567','ก.บ้านวิทยาศาสตร์น้อย ระดับปฐมวัย','','','2024-11-07 17:58:55','2024-10-01','2025-09-30',NULL),(696,2568,1,'009','009001','108',0.00,0.00,'2024-11-13','7 พ.ย. 2567','กิจกรรมจัดหา วัสดุ สื่อ อุปกรณ์ (ก่อนประถม)','','','2024-11-07 18:03:06','2024-10-01','2025-09-30',NULL),(697,2568,1,'009','009002','119',0.00,0.00,'2024-11-13','7 พ.ย. 2567','จัดหาวัสดุ สื่อ อุปกรณ์ (ประถม)','','','2024-11-07 18:03:20','2024-10-01','2025-09-30',NULL),(698,2568,1,'009','009003','126',0.00,0.00,'2024-11-13','7 พ.ย. 2567','กิจกรรมจัดหา วัสดุ สื่อ อุปกรณ์ (ม.ต้น)','','','2024-11-07 18:03:40','2024-10-01','2025-09-30',NULL),(699,2568,1,'010','010001','119',0.00,0.00,'2024-11-13','7 พ.ย. 2567','การแข่งขันกีฬาภายใน (ประถม)','','','2024-11-07 18:05:24','2024-10-01','2025-09-30',NULL),(700,2568,1,'010','010002','126',0.00,0.00,'2024-11-13','7 พ.ย. 2567','จัดชื้ออุปกรณ์วัสดุ(ม.ต้น)','','','2024-11-07 18:05:38','2024-10-01','2025-09-30',NULL),(701,2568,1,'010','010003','126',0.00,0.00,'2024-11-13','7 พ.ย. 2567','กิจกรรมกีฬาภาพในมัธยม(ม.ต้น)','','','2024-11-07 18:05:55','2024-10-01','2025-09-30',NULL),(702,2568,1,'010','010004','126',0.00,0.00,'2024-11-12','7 พ.ย. 2567','กิจกรรมกีฬา สพป.อบ.4(ม.ต้น)\r\n','','','2024-11-07 18:06:21','2024-10-01','2025-09-30',NULL),(703,2568,1,'011','011001','108',0.00,0.00,'2024-11-10','7 พ.ย. 2567','จัดซื้อวัสดุตามโครงการ(ก่อนประถม)','','','2024-11-07 18:12:50','2024-10-01','2025-09-30',NULL),(704,2568,1,'011','011002','119',0.00,0.00,'2024-11-09','7 พ.ย. 2567','นิเทศชั้นเรียนและรับการนิเทศเตรียมความพร้อมก่อนเปิดเรียน (ประถม)','','','2024-11-07 18:13:05','2024-10-01','2025-09-30',NULL),(705,2568,1,'011','011003','126',0.00,0.00,'2024-11-10','7 พ.ย. 2567','กิจกรรมประเมินผลการปฏิบัติงาน PA รอบ6เดือน และกระบวนการ PLC (ม.ต้น)','','','2024-11-07 18:13:50','2024-10-01','2025-09-30',NULL),(706,2568,1,'012','012001','126',10000.00,0.00,'2024-11-10','7 พ.ย. 2567','จัดซื้อวัสดุตามโครงการ (ม.ต้น)','','','2024-11-07 18:18:03','2024-10-01','2025-09-30',NULL),(707,2568,1,'012','012002','119',0.00,0.00,'2024-11-13','7 พ.ย. 2567','กิจกรรม ศิลปะ ดนตรี นาฏศิลป์ ดุริยางค์ (ประถม)','','','2024-11-07 18:18:15','2024-10-01','2025-09-30',NULL),(708,2568,1,'013','013001','126',0.00,0.00,'2024-11-13','7 พ.ย. 2567','กิจกรรมวันสถาปาลูกเสือ (่ม.ต้น)','','','2024-11-07 18:18:28','2024-10-01','2025-09-30',NULL),(709,2568,1,'012','012003','',0.00,0.00,'2024-11-07','7 พ.ย. 2567','กิจกรรมฝึกนักเรียนรำประกวดแห่เทียนเข้าพรรษาของ อบต.โคกสว่าง','','','2024-11-07 18:18:41','2024-10-01','2025-09-30',NULL),(710,2568,1,'012','012004','',0.00,0.00,'2024-11-07','7 พ.ย. 2567','กิจกรรมฟ้อนรำร่วมกิจกรรมแห่เทียนเข้าพรรษา','','','2024-11-07 18:19:12','2024-10-01','2025-09-30',NULL),(711,2568,1,'013','013002','119',0.00,0.00,'2024-11-13','7 พ.ย. 2567','กิจกรรมวันวชิราวุธ (ประถม)','','','2024-11-07 18:22:32','2024-10-01','2025-09-30',NULL),(712,2568,1,'013','013003','119',0.00,0.00,'2024-11-13','7 พ.ย. 2567','กิจกรรมอยู่ค่ายลูกเสือ เดินทางไกลลูกเสือสำรอง และอยูค่ายพักแรม ลูกเสือสามัญ (ประถม)','','','2024-11-07 18:22:46','2024-10-01','2025-09-30',NULL),(713,2568,1,'013','013004','126',0.00,0.00,'2024-11-13','7 พ.ย. 2567','กิจกรรมลูกเสือสามัญรุ่นใหญ่ อยู่ค่ายพักแรม (ม.ต้น)','','','2024-11-07 18:23:03','2024-10-01','2025-09-30',NULL),(714,2568,1,'013','013005','126',0.00,0.00,'2024-11-13','7 พ.ย. 2567','กิจกรรมอบรมลูกเสือจิตอาสา สามัญรุ่นใหญ่ (ม.ต้น)','','','2024-11-07 18:23:21','2024-10-01','2025-09-30',NULL),(715,2568,1,'014','014001','108',0.00,0.00,'2024-11-13','7 พ.ย. 2567','กิจกรรมเยี่ยมบ้าน (ก่อนประถม)','','','2024-11-07 18:45:57','2024-10-01','2025-09-30',NULL),(716,2568,1,'014','014002','126',0.00,0.00,'2024-11-13','7 พ.ย. 2567','กิจกรรมจัดซื้อวัสดุโครงการ(ม.ต้น)','','','2024-11-07 18:46:30','2024-10-01','2025-09-30',NULL),(717,2568,1,'014','014003','',0.00,0.00,'2024-11-07','7 พ.ย. 2567','กิจกรรมการคัดกรองนักเรียนเด็ก ปกติ เสี่ยง มีปัญหา พิเศษ ส่งต่อ','','','2024-11-07 18:46:50','2024-10-01','2025-09-30',NULL),(718,2568,1,'014','014004','126',0.00,0.00,'2024-11-13','7 พ.ย. 2567','กิจกรรมเยี่ยมบ้านมัธยม (ม.ต้น)','','','2024-11-07 18:47:06','2024-10-01','2025-09-30',NULL),(719,2568,1,'014','014005','119',0.00,0.00,'2024-11-13','7 พ.ย. 2567','กิจกรรมเยี่ยมบ้าน (ประถม)','','','2024-11-07 18:47:23','2024-10-01','2025-09-30',NULL),(720,2568,1,'014','014006','126',0.00,0.00,'2024-11-13','7 พ.ย. 2567','กิจกรรมเพื่อนช่วยเพื่อน พาน้องกลับมาเรียน(ม.ต้น)','','','2024-11-07 18:47:47','2024-10-01','2025-09-30',NULL),(721,2568,1,'014','014007','',0.00,0.00,'2024-11-07','7 พ.ย. 2567','กรอกข้อมูลนักเรียนผ่านระบบDMC','','','2024-11-07 18:48:23','2024-10-01','2025-09-30',NULL),(722,2568,1,'015','015001','108',0.00,0.00,'2024-11-13','7 พ.ย. 2567','กิจกรรมรณรงค์ต่อต้านยาเสพติด บุหรี่ เหล้า ยาบ้า กัญชา กระท่อม การทะเลาะวิวาท สื่อลามกอนาจาร (ก่อนประถม)','','','2024-11-07 18:52:20','2024-10-01','2025-09-30',NULL),(723,2568,1,'015','015002','119',0.00,0.00,'2024-11-13','7 พ.ย. 2567','กิจกรรมรณรงค์ต่อต้านยาเสพติดบุหรี่ เหล้า ยาบ้า กัญชา กระท่อม การทะเลาะวิวาท สื่อลามกอนาจาร (ประถม)','','','2024-11-07 18:52:58','2024-10-01','2025-09-30',NULL),(724,2568,1,'015','015003','126',0.00,0.00,'2024-11-13','7 พ.ย. 2567','กิจรรมรณรงค์ต่อต้านยาเสพติดบุหรี่ เหล้า ยาบ้า กัญชา กระท่อม การทะเลาะวิวาท สื่อลามกอนาจาร ม.ต้น (ม.ต้น)','','','2024-11-07 18:53:12','2024-10-01','2025-09-30',NULL),(725,2568,1,'015','015004','119',0.00,0.00,'2024-11-13','7 พ.ย. 2567','กิจกรรมครูแดร์(ประถม)','','','2024-11-07 18:53:31','2024-10-01','2025-09-30',NULL),(726,2568,1,'015','015005','126',0.00,0.00,'2024-11-13','7 พ.ย. 2567','กิจกรรมประสานกรมการปกครอง ตรวจหาสารเสพติด(ม.ต้น)กรแกข้อมูล Catast','','','2024-11-07 18:54:22','2024-10-01','2025-09-30',NULL),(727,2568,1,'015','015006','108',0.00,0.00,'2024-11-13','7 พ.ย. 2567','กิจกรรมท่องกฏและคำปฏิญาณต่อต้านสิ่งเสพติด(ก่อนประถม','','','2024-11-07 18:55:11','2024-10-01','2025-09-30',NULL),(728,2568,1,'016','016001','119',0.00,0.00,'2024-11-13','7 พ.ย. 2567','กิจกรรมวันแม่ (ประถม)','','','2024-11-07 19:00:28','2024-10-01','2025-09-30',NULL),(729,2568,1,'016','016002','126',0.00,0.00,'2024-11-13','7 พ.ย. 2567','กิจกรรมวันสำคัญทางพระพุทธศาสนา อาสาฬหบูชา วันเข้าพรรษา(แห่เทียนเขาพรรษา) วันมาฆบูชา (ม.ต้น)','','','2024-11-07 19:04:13','2024-10-01','2025-09-30',NULL),(730,2568,1,'016','016003','119',0.00,0.00,'2024-11-13','7 พ.ย. 2567','กิจกรรมวันแม่แห่งชาติ (ประถม)','','','2024-11-07 19:09:31','2024-10-01','2025-09-30',NULL),(731,2568,1,'016','016004','126',0.00,0.00,'2024-11-13','7 พ.ย. 2567','กิจกรรมวันพ่อแห่งชาติ (ม.ต้น)','','','2024-11-07 19:09:49','2024-10-01','2025-09-30',NULL),(732,2568,1,'016','016005','126',0.00,0.00,'2024-11-13','7 พ.ย. 2567','กิจกรรมวันภาษาไทยและวันสุนทรภู่ (ม.ต้น)','','','2024-11-07 19:10:17','2024-10-01','2025-09-30',NULL),(733,2568,1,'016','016006','126',0.00,0.00,'2024-11-13','7 พ.ย. 2567','กิจกรรมวันเด็กและวันขึ้นปีใหม่และวันคริสมาส วันตรุษจีน (ม.ต้น)','','','2024-11-07 19:10:34','2024-10-01','2025-09-30',NULL),(734,2568,1,'016','016007','108',0.00,0.00,'2024-11-13','7 พ.ย. 2567','กิจกรรมวันเด็ก ระดับอนุบาล','','','2024-11-07 19:11:31','2024-10-01','2025-09-30',NULL),(735,2568,1,'017','017001','119',0.00,0.00,'2024-11-13','7 พ.ย. 2567','จัดซื้อวัสดุตามโครงการ(ประถม)','','','2024-11-07 19:15:22','2024-10-01','2025-09-30',NULL),(736,2568,1,'017','017002','126',0.00,0.00,'2024-11-13','7 พ.ย. 2567','กิจกรรมเขตปลอดอาวุธ มีด ปืน และความรุนแรงทุกชนิด(ม.ต้น)','','','2024-11-07 19:15:36','2024-10-01','2025-09-30',NULL),(737,2568,1,'017','017003','119',0.00,0.00,'2024-11-13','7 พ.ย. 2567','กิจกรรมสร้างวินัยจราจรปลอดภัย (ประถม)','','','2024-11-07 19:15:54','2024-10-01','2025-09-30',NULL),(738,2568,1,'017','017004','126',0.00,0.00,'2024-11-13','7 พ.ย. 2567','กิจกรรมป้องกันอุบัติเหตุ การเล่น การทะเลาวิวาท (ม.ต้น)','','','2024-11-07 19:16:05','2024-10-01','2025-09-30',NULL),(739,2568,1,'017','017005','',0.00,0.00,'2024-11-07','7 พ.ย. 2567','กิจกรรมกล้องวงจรปิดในสถานศึกษา','','','2024-11-07 19:16:25','2024-10-01','2025-09-30',NULL),(740,2568,1,'018','018001','119',0.00,0.00,'2024-11-13','7 พ.ย. 2567','จัดซื้อวัสดุตามโครงการ (ประถม)','','','2024-11-07 19:35:22','2024-10-01','2025-09-30',NULL),(741,2568,1,'018','018002','126',0.00,0.00,'2024-11-13','7 พ.ย. 2567','กิจกรรมจัดซื้อ จ้าง วัสดุตามโครงการ (ม.ต้น)','','','2024-11-07 19:36:25','2024-10-01','2025-09-30',NULL),(742,2568,1,'018','018003','',0.00,0.00,'2024-11-07','7 พ.ย. 2567','กิจกรรมกรอกข้อมูลพื้นฐานของโรงเรียน DMC B-obec P-obec SMISS ระบบSMSS','','','2024-11-07 19:36:39','2024-11-01','2025-09-30',NULL),(743,2568,1,'018','018004','108',0.00,0.00,'2024-11-13','7 พ.ย. 2567','กิจกรรมกรอกข้อมูล ตรวจสอบข้อมูลในระบบ SMSS(ก่อนประถม)','','','2024-11-07 19:36:58','2024-10-01','2025-09-30',NULL),(744,2568,1,'018','018005','',0.00,0.00,'2024-11-07','7 พ.ย. 2567','ปรับปรุงซ่อมแซมครุภัณฑ์ เครื่องถ่ายเอกสาร เครื่องพิมพ์','','','2024-11-07 19:37:18','2024-10-01','2025-09-30',NULL),(745,2568,1,'019','019001','126',0.00,0.00,'2024-11-13','7 พ.ย. 2567','จัดซื้อวัสดุตามโครงการแนะแนวและสร้างโอกาสทางการศึกษา (ม.ต้น)','','','2024-11-07 19:40:31','2024-10-01','2025-09-30',NULL),(746,2568,1,'019','019002','126',0.00,0.00,'2024-11-13','7 พ.ย. 2567','กิจกรรมออกแนะแนว รร.สำโรงน้อย โรงเรียนบ้านนาดี รร.บ้านกระแอกน้อย ชุมชนบ้านดงคั่ง รร.บ้านคำสว่าง กิจกรรแนะแนวการศึกษาต่อ(ม.ต้น)','','','2024-11-07 19:40:46','2024-10-01','2025-09-30',NULL),(747,2568,1,'019','019003','126',0.00,0.00,'2024-11-13','7 พ.ย. 2567','กิจกรรมสร้างโอกาสทางการศึกษา(ม.ต้น)','','','2024-11-07 19:40:59','2024-10-01','2025-09-30',NULL),(748,2568,1,'020','020001','108',0.00,0.00,'2024-11-13','7 พ.ย. 2567','กิจกรรมโรงเรียนรักษาศิล 5 (อนุบาล)','','','2024-11-07 19:42:37','2024-10-01','2025-09-30',NULL),(749,2568,1,'020','020002','119',0.00,0.00,'2024-11-13','7 พ.ย. 2567','จัดซื้อวัสดุตามโครงการ(ประถม)','','','2024-11-07 19:42:51','2024-10-01','2025-09-30',NULL),(750,2568,1,'020','020003','119',0.00,0.00,'2024-11-13','7 พ.ย. 2567','กิจกรรมบันทึกความดี (ประถม)','','','2024-11-07 19:43:05','2024-10-01','2025-09-30',NULL),(751,2568,1,'020','020004','126',0.00,0.00,'2024-11-13','7 พ.ย. 2567','กิจกรรมบันทึกความดีมัธยม(ม.ต้น)','','','2024-11-07 19:43:22','2024-10-01','2025-09-30',NULL),(752,2568,1,'021','021001','126',1000.00,0.00,'2024-11-11','7 พ.ย. 2567','จัดซื้อวัสดุตามโครงการ (ม.ต้น)','','','2024-11-07 20:26:06','2024-10-01','2025-09-30',NULL),(753,2568,1,'021','021002','119',0.00,0.00,'2024-11-11','7 พ.ย. 2567','กิจกรรมโรงเรียนรักษาศีลห้า (ประถม)','','','2024-11-07 20:26:42','2024-10-01','2025-09-30',NULL),(754,2568,1,'021','021003','126',0.00,0.00,'2024-11-11','7 พ.ย. 2567','กิจกรรมโรงเรียนรักษาศีลห้า (ม.ต้น)','','','2024-11-07 20:26:58','2024-10-01','2025-09-30',NULL),(755,2568,1,'021','021004','119',0.00,0.00,'2024-11-11','7 พ.ย. 2567','กิจกรรมเข้าค่ายคุณธรรม (ประถม)','','','2024-11-07 20:27:16','2024-10-01','2025-09-30',NULL),(756,2568,1,'021','021005','119',0.00,0.00,'2024-11-11','7 พ.ย. 2567','โรงเรียนปลอดอบายมุข บุหรี เหล้า กัญชา กระท่อม ยาบ้า การทะเลาะวิวาท สื่อลามกอนาจาร การล่วงละเมิดทางเพศ การแต่งงานก่อนวัยอันควร(ประถม)','','','2024-11-07 20:29:04','2024-10-01','2025-09-30',NULL),(757,2568,1,'021','021006','126',0.00,0.00,'2024-11-11','7 พ.ย. 2567','จัดซื้อวัสดุตามโครงการ วันสำคัญทางพระพุทธศาสนา ท้องถิ่นและชุมชน  (ม.ต้น)','','','2024-11-07 20:29:32','2024-10-01','2025-09-30',NULL),(758,2568,1,'022','022001','119',2000.00,0.00,'2024-11-11','7 พ.ย. 2567','จัดซื้อวัสดุตามโครงการ (ประถม)','','','2024-11-07 20:37:48','2024-10-01','2025-09-30',NULL),(759,2568,1,'022','022002','119',0.00,0.00,'2024-11-11','7 พ.ย. 2567','กิจกรรมคัดแยกขยะ (ประถม)','','','2024-11-07 20:38:01','2024-10-01','2025-09-30',NULL),(760,2568,1,'022','022003','126',0.00,0.00,'2024-11-11','7 พ.ย. 2567','กิจกรรมคัดแยกขยะมัธยม(ม.ต้น)','','','2024-11-07 20:38:16','2024-10-01','2025-09-30',NULL),(761,2568,1,'022','022004','126',0.00,0.00,'2024-11-11','7 พ.ย. 2567','กิจกรรมประกวดโรงเรียนปลอดขยะ (ม.ต้น)','','','2024-11-07 20:38:29','2024-10-01','2025-09-30',NULL),(762,2568,1,'022','022005','119',0.00,0.00,'2024-11-11','7 พ.ย. 2567','กิจกรรมประดิษฐ์ของเหลือใช้จากเศษวัสดุหรือขยะ(ประถม)','','','2024-11-07 20:38:44','2024-10-01','2025-09-30',NULL),(763,2568,1,'022','022006','108',0.00,0.00,'2024-11-11','7 พ.ย. 2567','กิจกรรมประกวดห้องเรียนรักษ์โลก ประหยัดไฟฟ้า น้ำประปา(ก่อนประถม)','','','2024-11-07 20:38:59','2024-10-01','2025-09-30',NULL),(764,2568,1,'023','023001','108',3684.00,0.00,'2024-11-11','7 พ.ย. 2567','กิจกรรมพัฒนาหลักสูตรและส่งเสริมการจัดกิจกรรมการเรียนการสอนระดับ (ก่อนประถม)','','','2024-11-07 20:46:19','2024-10-01','2025-09-30',NULL),(765,2568,1,'023','023002','119',10000.00,0.00,'2024-11-11','7 พ.ย. 2567','กิจกรรมพัฒนาหลักสูตรและส่งเสริมการจัดกิจกรรมการเรียนการสอนระดับ (ประถม)','','','2024-11-07 20:48:03','2024-10-01','2025-09-30',NULL),(766,2568,1,'023','023003','126',20000.00,0.00,'2024-11-11','7 พ.ย. 2567','กิจกรรมพัฒนาหลักสูตรและส่งเสริมการจัดกิจกรรมการเรียนการสอนระดับ (มัธยม)','','','2024-11-07 20:48:21','2024-10-01','2025-09-30',NULL),(767,2568,1,'023','023004','108',0.00,0.00,'2024-11-11','7 พ.ย. 2567','จัดซื้อวัสดุตามโครงการ (ก่อนประถม)','','','2024-11-07 20:50:24','2024-10-01','2025-09-30',NULL),(768,2568,1,'023','023005','108',0.00,0.00,'2024-11-11','7 พ.ย. 2567','กิจกรรมบ้านวิทยาศาสตร์น้อย(ก่อนประถม)','','','2024-11-07 20:50:41','2024-10-01','2025-09-30',NULL),(769,2568,1,'024','024001','119',3000.00,0.00,'2024-11-11','7 พ.ย. 2567','กิจกรรมจัดทำหลักสูตรและปฏิญญาต้อต้านการทุจริจ (ประถม)','','','2024-11-07 20:54:31','2024-10-01','2025-09-30',NULL),(770,2568,1,'024','024002','126',2000.00,0.00,'2024-11-11','7 พ.ย. 2567','กิจกรรมจัดซื้อวัสดุตามโครงการ (ม.ต้น)','','','2024-11-07 20:54:46','2024-10-01','2025-09-30',NULL),(771,2568,1,'024','024003','119',2000.00,0.00,'2024-11-11','7 พ.ย. 2567','กิจกรรมจัดทำหลักสูตรโรงเรียนสุจริต(ประถม)','','','2024-11-07 20:55:00','2024-10-01','2025-09-30',NULL),(772,2568,1,'025','025001','126',3000.00,0.00,'2024-11-11','7 พ.ย. 2567','จัดซื้อจัดจ้างวัสดุตามโครงการ(ม.ต้น)','','','2024-11-07 20:58:25','2024-10-01','2025-09-30',NULL),(773,2568,4,'026','026001','126',5000.00,0.00,'2024-11-11','7 พ.ย. 2567','จัดซื้อวัสดุตามโครงการ (ม.ต้น)','','','2024-11-07 21:54:36','2024-10-01','2025-09-30',NULL),(774,2568,4,'026','026002','119',0.00,0.00,'2024-11-11','7 พ.ย. 2567','เลือกตัั้งประธานนักเรียนระดับ(ประถม)','','','2024-11-07 21:55:01','2024-10-01','2025-09-30',NULL),(775,2568,4,'026','026003','126',0.00,0.00,'2024-11-11','7 พ.ย. 2567','เลือกตั้งประธานนักเรียนระดับ(ม.ต้น)','','','2024-11-07 21:55:24','2024-10-01','2025-09-30',NULL),(776,2568,4,'026','026004','126',0.00,0.00,'2024-11-11','7 พ.ย. 2567','กิจกรรมมัคุเทศก์น้อย (ม.ต้น)','','','2024-11-07 21:55:37','2024-10-01','2025-09-30',NULL),(777,2568,4,'026','026005','119',0.00,0.00,'2024-11-11','7 พ.ย. 2567','กิจกรรมนักประชาสัมพันธ์(ประถม)','','','2024-11-07 21:55:57','2024-10-01','2025-09-30',NULL),(778,2568,4,'026','026006','126',0.00,0.00,'2024-11-11','7 พ.ย. 2567','กิจกรรมพิธีกรน้อย (ม.ต้น)','','','2024-11-07 21:56:11','2024-10-01','2025-09-30',NULL),(779,2568,4,'026','026007','126',0.00,0.00,'2024-11-11','7 พ.ย. 2567','กิจกรรมแกนนำจิตอาสาพี่เป็นแบบอย่างที่ดี(ม.ต้น)','','','2024-11-07 21:56:27','2024-10-01','2025-09-30',NULL),(780,2568,4,'026','026008','126',0.00,0.00,'2024-11-11','7 พ.ย. 2567','กิจกรรมพี่ดูแลน้อง พี่สอนน้อง (ม.ต้น)','','','2024-11-07 21:56:44','2024-10-01','2025-09-30',NULL),(781,2568,2,'027','027001','119',0.00,0.00,'2024-11-11','7 พ.ย. 2567','ปรับปรุงซ่อมแซมพัสดุและสินทรัพย์(ประถม)','','','2024-11-07 22:04:02','2024-10-01','2025-09-30',NULL),(782,2568,2,'027','027002','119',0.00,0.00,'2024-11-11','7 พ.ย. 2567','กิจกรรมบริหารงานงบประมาณการเงิน บัญชี พัสดุ(ประถม)','','','2024-11-07 22:04:21','2024-10-01','2025-09-30',NULL),(783,2568,2,'027','027003','126',0.00,0.00,'2024-11-11','7 พ.ย. 2567','กิจกรรมรายงานการตรวจสอบการลงบัญชีการเงิน-พัสดุ(ม.ต้น)','','','2024-11-07 22:04:43','2024-10-01','2025-09-30',NULL),(784,2568,2,'027','027004','119',0.00,0.00,'2024-11-11','7 พ.ย. 2567','กิจกรรมตรวจสอบภายใน (ประถม)','','','2024-11-07 22:05:03','2024-10-01','2025-09-30',NULL),(785,2568,4,'028','028001','108',16000.00,0.00,'2024-11-11','7 พ.ย. 2567','จ่ายค่าน้ำ ไฟฟ้า ประปาและอินเทอร์เน็ต (ก่อนประถม)','','','2024-11-07 22:07:42','2024-10-01','2025-09-30',NULL),(786,2568,4,'028','028002','119',30000.00,0.00,'2024-11-11','7 พ.ย. 2567','จ่ายค่าน้ำ ไฟฟ้า ประปาและอินเทอร์เน็ต (ประถม)','','','2024-11-07 22:07:57','2024-10-01','2025-09-30',NULL),(787,2568,4,'028','028003','126',50000.00,0.00,'2024-11-11','7 พ.ย. 2567','จ่ายค่าน้ำ ไฟฟ้า ประปาและอินเทอร์เน็ต (ม.ต้น)','','','2024-11-07 22:08:13','2024-10-01','2025-09-30',NULL),(788,2568,4,'028','028004','119',0.00,0.00,'2024-11-11','7 พ.ย. 2567','กิจกรรมประหยัดไฟฟ้า น้ำประปา (ประถม)','','','2024-11-07 22:08:32','2024-10-01','2025-09-30',NULL),(789,2568,3,'029','029001','119',10000.00,0.00,'2024-11-10','8 พ.ย. 2567','กิจกรรมส่งเสิรมขวัญกำลังใจให้ครูและบุคลากรทางการศึกษา (ประถม)','','','2024-11-08 10:59:14','2024-10-01','2025-09-30',NULL),(790,2568,3,'029','029002','126',0.00,0.00,'2024-11-10','8 พ.ย. 2567','กิจกรรมจัดทำ MOU ,ID-plan และประเมิน PA (ม.ต้น)','','','2024-11-08 10:59:29','2024-10-01','2025-09-30',NULL),(791,2568,3,'029','029003','',0.00,0.00,'2024-11-08','8 พ.ย. 2567','กิจกรรมอบรมครูและบุคลากรทางการศึกษา (ป)','','','2024-11-08 11:00:13','2024-10-01','2025-09-30',NULL),(792,2568,3,'029','029004','126',0.00,0.00,'2024-11-13','8 พ.ย. 2567','กิจกรรมศึกษาดูงานนอกสถานที่ และถอดบทเรียน (ม.ตัน)','','','2024-11-08 11:00:40','2024-10-01','2025-09-30',NULL),(793,2568,3,'029','029005','',0.00,0.00,'2024-11-08','8 พ.ย. 2567','กิจกรรมจัดทำแผนแบบ Active learning (ป)','','','2024-11-08 11:00:58','2024-10-01','2025-09-30',NULL),(794,2568,3,'029','029006','126',0.00,0.00,'2024-11-13','8 พ.ย. 2567','กิจกรรม PLC (ม.ต้น)','','','2024-11-08 11:01:12','2024-10-01','2025-09-30',NULL),(795,2568,3,'029','029007','126',0.00,0.00,'2024-11-13','8 พ.ย. 2567','กิจกรรมจัดทำโครงงานและวิจัยในชั้นเรียน (ม.ต้น)','','','2024-11-08 11:01:39','2024-10-01','2025-09-30',NULL),(796,2568,3,'029','029008','119',0.00,0.00,'2024-11-13','8 พ.ย. 2567','กิจกรรมครูดีไม่มีอบายมุข (ประถม)','','','2024-11-08 11:02:03','2024-10-01','2025-09-30',NULL),(797,2568,3,'029','029009','',0.00,0.00,'2024-11-08','8 พ.ย. 2567','อบรมพัฒนาครูระดับปฐมวัย','','','2024-11-08 11:02:19','2024-10-01','2025-09-30',NULL),(798,2568,3,'029','029010','119',60000.00,0.00,'2024-11-10','8 พ.ย. 2567','จ้างครูอัตราจ้าง','','','2024-11-08 11:02:46','2024-10-01','2025-09-30',NULL),(799,2568,3,'029','029011','',0.00,0.00,'2024-11-08','8 พ.ย. 2567','ศึกษาดูงานนอกสถานที่','','','2024-11-08 11:03:02','2024-10-01','2025-09-30',NULL),(800,2568,1,'030','030001','126',5000.00,0.00,'2024-11-10','8 พ.ย. 2567','จัดซื้อ/จ้างวัสดุตามโครงการ (ม.ต้น)','','','2024-11-08 11:15:11','2024-10-01','2025-09-30',NULL),(801,2568,1,'030','030002','108',0.00,0.00,'2024-11-09','8 พ.ย. 2567','กิจกรรมชั่งน้ำหนักวัดส่วนสูง (ก่อนประถม) ตรวจสุขภาพจาก รพ.สต.บ้านสระดอก','','','2024-11-08 11:17:27','2024-10-01','2025-09-30',NULL),(802,2568,2,'027','027005','119',500.00,0.00,'2024-11-09','9 พ.ย. 2567','กิจกรรมจัดทำข้อมูลและทะเบียน สิ่งก่อสร้างb-obec ครุภัณฑ์m-obec','','','2024-11-09 10:39:43','2024-11-09','2025-09-30',NULL),(803,2568,2,'027','027006','119',500.00,0.00,'2567-11-09','9 พ.ย. 2567','กิจกรรมตรวจสอบพัสดุประจำปี','','','2024-11-09 10:40:57','2024-11-09','2025-09-30',NULL),(804,2568,2,'027','027007','119',0.00,0.00,'2024-11-09','9 พ.ย. 2567','กิจกรรมบันทึกข้อมูลE-budget','','','2024-11-09 10:44:53','2024-11-09','2025-09-30',NULL),(805,2568,1,'030','030003','119',0.00,0.00,'2024-11-09','9 พ.ย. 2567','กิจกรรมทดสอบสมรรถภาพทางกาย(ประถม)','','','2024-11-09 11:00:03','2024-10-01','2025-09-30',NULL),(806,2568,1,'030','030004','119',0.00,0.00,'2024-11-09','9 พ.ย. 2567','กิจกรรมอาหารปลอดภัยใส่ใจสุขภาพ (ประถม)','','','2024-11-09 11:00:49','2024-10-01','2025-09-30',NULL),(807,2568,1,'030','030005','115',39760.00,0.00,'2025-03-11','9 พ.ย. 2567','กิจกรรมเพิ่มทักษะป้องกันการจมน้ำ กองทุนหลักประกันสุขภาพ สสส. จากอบต.(ม.ต้น) ธกส.#3','','','2024-11-09 15:11:25','2024-10-01','2025-09-30',NULL),(808,2568,1,'030','030006','126',1000.00,0.00,'2024-11-10','9 พ.ย. 2567','กิจกรรมตรวจสุขภาพกาย ผม เล็บ เสื้อผ้า ความสะอาดร่างกาย (ม.ต้น)','','','2024-11-09 15:12:05','2024-10-01','2025-09-30',NULL),(809,2568,1,'030','030007','115',8375.00,0.00,'2025-03-11','9 พ.ย. 2567','กิจกรรมรับเงินกองทุนหลักประกันสุขภาพจากอบต.โคกสว่าง ค.ฟันสวยยิ้มใส ใส่ใจสุขภาพช่องปากนักเรียน 27900(ธกส#3)','','','2024-11-09 15:12:32','2024-10-01','2025-09-30',NULL),(810,2568,1,'030','030008','115',10425.00,0.00,'2025-03-11','9 พ.ย. 2567','กิจกรรมเงินกองทุนหลักประกันสุขภาพ ค.สส.พัฒนาการเด็กปฐมวัยให้มีความพร้อมทั้งร่างกายและจิตใจEQ 12025 (ธกส#3)','','','2024-11-09 15:13:05','2024-10-01','2025-09-30',NULL),(811,2568,1,'030','030009','119',5000.00,0.00,'2024-11-10','9 พ.ย. 2567','กิจกรรมพัฒนาระบบประปาสะอาดและอ่างล้างหน้าแปรงฟัน ดื่มน้ำ ให้ถูกสุขลักษณะ(ประถม)','','','2024-11-09 15:13:29','2024-10-01','2025-09-30',NULL),(812,2568,1,'030','030010','126',5000.00,0.00,'2024-11-10','9 พ.ย. 2567','กิจกรรมสุขาดี มีความสุข (ม.ต้น)','','','2024-11-09 15:13:48','2024-10-01','2025-09-30',NULL),(813,2568,1,'030','030011','119',5000.00,0.00,'2024-11-10','9 พ.ย. 2567','กิจกรรมสุขาดี มีความสุข ประถม','','','2024-11-09 15:14:11','2024-10-01','2025-09-30',NULL),(814,2568,4,'031','031001','108',0.00,0.00,'2024-11-10','9 พ.ย. 2567','ประชุมคณะกรรมการสถานศึกษา ผู้ปกครองนักเรียน ก่อนเปิดและปิดเทอม (ก่อนประถม)','','','2024-11-09 15:23:06','2024-10-01','2025-09-30',NULL),(815,2568,4,'031','031002','108',0.00,0.00,'2024-11-10','9 พ.ย. 2567','กิจกรรมจัดซื้อ/จ้างวัสดุตามโครงการ(ก่อนประถม)','','','2024-11-09 15:23:34','2024-10-01','2025-09-30',NULL),(816,2568,4,'031','031003','119',0.00,0.00,'2024-11-10','9 พ.ย. 2567','ประชุมคณะกรรมการสถานศึกษา ผู้ปกครองนักเรียน ก่อนเปิดและปิดเทอม (ประถม)','','','2024-11-09 15:23:48','2024-10-01','2025-09-30',NULL),(817,2568,4,'031','031004','126',0.00,0.00,'2024-11-10','9 พ.ย. 2567','ประชุมคณะกรรมการสถานศึกษา ผู้ปกครองนักเรียน ก่อนเปิดและปิดเทอม (ม.ต้น)','','','2024-11-09 15:24:01','2024-10-01','2025-09-30',NULL),(818,2568,1,'032','032001','119',500.00,0.00,'2024-11-10','9 พ.ย. 2567','ส่งเสริมการออมประถม (ประถม)','','','2024-11-09 15:25:52','2024-10-01','2025-09-30',NULL),(819,2568,1,'032','032002','126',500.00,0.00,'2024-11-10','9 พ.ย. 2567','กิจกรรมส่งเสริมการออมมัธยม (ม.ต้น)','','','2024-11-09 15:26:28','2024-10-01','2025-09-30',NULL),(820,2568,1,'032','032003','119',0.00,0.00,'2024-11-10','9 พ.ย. 2567','ส่งเสริมการออมเงินในระบบsmss (ประถม)','','','2024-11-09 15:26:53','2024-10-01','2025-09-30',NULL),(821,2568,2,'033','033001','105',5000.00,0.00,'2024-11-10','9 พ.ย. 2567','จัดซื้อวัสดุตามกิจกรรมจิตศึกษา (ประถม)','','','2024-11-09 15:29:34','2024-10-01','2025-09-30',NULL),(822,2568,2,'033','033002','105',15000.00,0.00,'2024-11-10','9 พ.ย. 2567','จัดซื้อวัสดุตามกิจกรรมบูรณาการทักษะการอ่านการเขียนการคิดเลขเป็นและคุณลักษณะอันพึงประสงค์(สถานศึกษานำร่องฯ)','','','2024-11-09 15:30:49','2024-10-01','2025-09-30',NULL),(823,2568,2,'033','033003','105',61000.00,0.00,'2024-11-10','9 พ.ย. 2567','ปรับปรุงห้องเรียนให้เป็นห้องเรียนคุณภาพมาตรฐาน (สถานศึกษานำร่องฯ)','','','2024-11-09 15:31:22','2024-10-01','2025-09-30',NULL),(824,2568,2,'033','033004','105',5000.00,0.00,'2024-11-10','9 พ.ย. 2567','ศึกษาดูงานเปรียบเทียบ(สถานศึกษานำร่องฯ)','','','2024-11-09 15:31:47','2024-10-01','2025-09-30',NULL),(825,2568,2,'033','033005','105',5000.00,0.00,'2024-11-10','9 พ.ย. 2567','กิจกรรม AAR(สถานศึกษานำร่องฯ)','','','2024-11-09 15:32:07','2024-10-01','2025-09-30',NULL),(826,2568,4,'034','034001','119',30000.00,0.00,'2024-11-10','9 พ.ย. 2567','กิจกรรมจัดซื้อ/จ้างตามโครงการ(ประถม)','','','2024-11-09 15:34:45','2024-10-01','2025-09-30',NULL),(827,2568,4,'034','034002','126',20000.00,0.00,'2024-11-10','9 พ.ย. 2567','กิจกรรมปรับปรุงซ่อมแซมอาคารเรียนและปรับปรุงภูมิทัศน์โรงเรียน (ม.ต้น)','','','2024-11-09 15:35:02','2024-10-01','2025-09-30',NULL),(828,2568,4,'034','034003','108',5000.00,0.00,'2024-11-10','9 พ.ย. 2567','กิจกรรมเตรียมการก่อนเปิดเทอม จัดซื่อ/วัสดุตามโครงการ (ก่อนประถม)','','','2024-11-09 15:35:18','2024-10-01','2025-09-30',NULL),(863,2568,2,'035','035005','118',80000.00,0.00,'2567-11-19','19 พ.ย. 2567','ค่าจ้างแม่ครัวทำอาหารกลางวัน','','','2024-11-19 11:10:04','2024-11-19','2025-09-30',NULL),(830,2568,4,'034','034005','119',0.00,0.00,'2024-11-10','9 พ.ย. 2567','เตรียมการก่อนเปิดเทอม ตัดหญ้า อุปกรณ์ปัดกวาดเช็ดถู (ประถม)','','','2024-11-09 15:35:48','2024-10-01','2025-09-30',NULL),(831,2568,4,'034','034006','126',0.00,0.00,'2024-11-10','9 พ.ย. 2567','กิจกรรม 5 ส (ม.ต้น)','','','2024-11-09 15:36:11','2024-10-01','2025-09-30',NULL),(832,2568,4,'034','034007','126',5000.00,0.00,'2024-11-10','9 พ.ย. 2567','กิจกรรมปรับปรุงสภาพแวดล้อมและปรับภูมิทัศน์ ปลูกต้นไม้ ถมดิน ทาสี (ม.ต้น)','','','2024-11-09 15:36:28','2024-10-01','2025-09-30',NULL),(865,2568,1,'025','025002','119',5000.00,0.00,'2025-03-11','11 มี.ค. 2568','จัดซื้อจัดจ้างวัสดุตามโครงการ(ประถม)','','','2025-03-11 12:15:34','2025-03-11','2025-09-30',NULL),(864,2568,4,'031','031005','119',5400.00,0.00,'2568-03-03','3 มี.ค. 2568','จัดซื้อจัดจ้างวัสดุตามโครงการ','','','2025-03-03 14:39:49','2025-03-03','2025-09-30',NULL),(835,2568,4,'035','035001','118',0.00,0.00,'2024-11-10','9 พ.ย. 2567','จัดซื้อวัสดุประกอบอาหาร อาหาร2อย่าง ผลไม้1 อย่าง อบต. (งบ อบต.)','','','2024-11-09 15:43:36','2024-10-01','2025-09-30',NULL),(836,2568,4,'035','035002','118',0.00,0.00,'2024-11-10','9 พ.ย. 2567','อาหารเสริม(นม)(งบ อบต.)','','','2024-11-09 15:43:49','2024-10-01','2025-09-30',NULL),(837,2568,4,'035','035003','119',1000.00,0.00,'2024-11-10','9 พ.ย. 2567','กิจกรรมจัดซื้อวัสุด และปรับปรุงซ่อมแซมโรงอาหาร (ประถม)','','','2024-11-09 15:44:07','2024-10-01','2025-09-30',NULL),(838,2568,4,'035','035004','126',1000.00,0.00,'2024-11-10','9 พ.ย. 2567','กิจกรรมจัดซื้อ/จ้างวัสดุตามโครงการ','','','2024-11-09 15:44:35','2024-10-01','2025-09-30',NULL),(839,2568,4,'036','036001','126',0.00,0.00,'2024-11-10','9 พ.ย. 2567','จัดหาเครื่องแบบและICT (ม.ต้น)','','','2024-11-09 15:47:04','2024-10-01','2025-09-30',NULL),(840,2568,4,'036','036002','126',0.00,0.00,'2024-11-10','9 พ.ย. 2567','จัดจ้างพาหนะรับ-ส่งนักเรียน (ม.ต้น)','','','2024-11-09 15:47:16','2024-10-01','2025-09-30',NULL),(841,2568,4,'036','036003','119',0.00,0.00,'2024-11-10','9 พ.ย. 2567','จัดซื้อหนังสือเรียน เสื้อผ้า อาหาร พาหนะและICT เพิ่มเติม (ประถม)','','','2024-11-09 15:47:29','2024-10-01','2025-09-30',NULL),(842,2568,4,'036','036004','126',0.00,0.00,'2024-11-10','9 พ.ย. 2567','จัดซื้อหนังสือเรียนเพิ่มเติม (ม.ต้น)','','','2024-11-09 15:48:41','2024-10-01','2025-09-30',NULL),(843,2568,4,'036','036005','126',0.00,0.00,'2024-11-10','9 พ.ย. 2567','ค่ากลางวันอาหาร ค่ารถรับส่งนักเรียน รายหัวม.ต้น','','','2024-11-09 15:48:54','2024-10-01','2025-09-30',NULL),(844,2568,4,'036','036006','126',0.00,0.00,'2024-11-11','9 พ.ย. 2567','จัดหาอาหารเพิ่มเติม (ม.ต้น)','','','2024-11-09 15:49:05','2024-10-01','2025-09-30',NULL),(845,2568,4,'036','036007','117',0.00,0.00,'2024-11-10','9 พ.ย. 2567','กิจกรรมมอบทุนนักเรียนปัจจัยพื้นฐานนักเรียนยากจน ประถม+ม.ต้น','','','2024-11-09 15:49:21','2024-10-01','2025-09-30',NULL),(846,2568,4,'036','036008','104',0.00,0.00,'2024-11-10','9 พ.ย. 2567','กิจกรรม ค่าเครื่องแบบนักเรียน(เพิ่มเติม)ประถม+ม.ต้น','','','2024-11-09 15:50:06','2024-10-01','2025-09-30',NULL),(847,2568,4,'036','036009','124',0.00,0.00,'2024-11-10','9 พ.ย. 2567','กิจกรรม มอบทุนนักเรียนกองทุนเสมอภาค กสศ. (ยากจนพิเศษ) ระดับประถม+ม.ต้น','','','2024-11-09 15:50:21','2024-10-01','2025-09-30',NULL),(848,2568,3,'037','037001','109',0.00,0.00,'2024-11-10','9 พ.ย. 2567','หนังสือเรียน (อนุบาล)','','','2024-11-09 15:53:44','2024-10-01','2025-09-30',NULL),(849,2568,3,'037','037002','110',0.00,0.00,'2024-11-10','9 พ.ย. 2567','ค่าอุปกรณ์การเรียน (อนุบาล)','','','2024-11-09 15:53:57','2024-10-01','2025-09-30',NULL),(850,2568,3,'037','037003','112',0.00,0.00,'2024-11-13','9 พ.ย. 2567','ค่าเครื่องแบบ เสื้อผ้า นักเรียน (อนุบาล)','','','2024-11-09 15:54:10','2024-10-01','2025-09-30',NULL),(851,2568,3,'037','037004','113',20000.00,0.00,'2024-11-10','9 พ.ย. 2567','ค่ากรรมพัฒนาผู้เรียน ทัศนศึกษา กีฬา ใบงาน อบรมคุณธรรม(อนุบาล)','','','2024-11-09 15:54:21','2024-10-01','2025-09-30',NULL),(852,2568,3,'037','037005','120',0.00,0.00,'2024-11-13','9 พ.ย. 2567','ค่าหนังสือเรียน (ประถม)','','','2024-11-09 15:54:39','2024-10-01','2025-09-30',NULL),(853,2568,3,'037','037006','121',0.00,0.00,'2024-11-13','9 พ.ย. 2567','ค่าอุปกรณ์การเรียน (ประถม)','','','2024-11-09 15:54:54','2024-10-01','2025-09-30',NULL),(854,2568,3,'037','037007','122',0.00,0.00,'2024-11-13','9 พ.ย. 2567','ค่าเครื่องแบบ เสื้อผ้า (ประถม)','','','2024-11-09 15:55:10','2024-10-01','2025-09-30',NULL),(855,2568,3,'037','037008','123',30000.00,0.00,'2024-11-10','9 พ.ย. 2567','ค่ากรรมพัฒนาผู้เรียน/ทัศนศึกษา/กีฬา/ลส./เทคโนโลยี/แข่งศิลปหัตกรรม/วันวิทย์ (ประถม)','','','2024-11-09 15:55:35','2024-10-01','2025-09-30',NULL),(856,2568,3,'037','037009','127',0.00,0.00,'2024-11-13','9 พ.ย. 2567','ค่าหนังสือเรียน ( ม.ต้น)','','','2024-11-09 15:55:54','2024-10-01','2025-09-30',NULL),(857,2568,3,'037','037010','128',0.00,0.00,'2024-11-13','9 พ.ย. 2567','ค่าอุปกรณ์การเรียน (ม.ต้น)','','','2024-11-09 15:56:09','2024-10-01','2025-09-30',NULL),(858,2568,3,'037','037011','129',0.00,0.00,'2024-11-13','9 พ.ย. 2567','ค่าเครื่องแบบนักเรียน เสือผ้า (ม.ต้น)','','','2024-11-09 15:56:22','2024-10-01','2025-09-30',NULL),(859,2568,3,'037','037012','130',50000.00,0.00,'2024-11-10','9 พ.ย. 2567','ค่ากรรมพัฒนาผู้เรียน ทัศนศึกษา/กีฬา/ลส./เทคโนโลยี/แข่งศิลปหัตกรรม/วันวิทย์(ม.ต้น)','','','2024-11-09 15:56:35','2024-10-01','2025-09-30',NULL),(860,2568,3,'037','037013','108',0.00,0.00,'2024-11-10','9 พ.ย. 2567','กิจกรรมการเรียนการสอนรายหัวอนุบาล','','','2024-11-09 15:56:46','2024-10-01','2025-09-30',NULL),(861,2568,3,'037','037014','104',0.00,0.00,'2024-11-13','9 พ.ย. 2567','กิจกรรมการเครื่องแบบนักเรียน(เพิ่มเติม)ประถม+ม.ต้น','','','2024-11-09 15:56:59','2024-10-01','2025-09-30',NULL),(862,2568,3,'037','037015','126',0.00,0.00,'2024-11-10','9 พ.ย. 2567','กิจกรรมการเรียนการสอนรายหัว ม.ต้น','','','2024-11-09 15:57:15','2024-10-01','2025-09-30',NULL),(866,2567,4,'028','028005','114',29854.90,0.00,'2025-05-08','8 พ.ค. 2568','ยืมเงินค่าสาธารณูปโภค29,854.90','','','2025-05-08 15:26:02','2023-10-10','2024-09-30',NULL),(867,2567,1,'036','036010','108',5600.00,0.00,'2025-07-14','14 ก.ค. 2568','จัดซื้อ/จ้างวัสดุเครื่องแบบนักเรียน อุปกรณ์การเเรียนตามโครงการ','','','2025-07-14 09:27:17','2023-10-01','2024-09-30',NULL),(868,2567,1,'016','016008','108',3000.00,0.00,'2025-07-30','30 ก.ค. 2568','ค่าวัสดุจัดซื้อ/จ้างตามโครงการ/กิจกรรมวันสำคัญ ระดับ อนุบาล','','','2025-07-30 15:16:54','2023-10-10','2024-09-30',NULL),(869,2569,1,'001','001001','108',0.00,0.00,'2568-11-14','14 พ.ย. 2568','จัดซื้อวัสดุตามโครงการ(ก่อนประถม)','','','2025-11-14 11:07:58','2025-10-01','2026-09-30',NULL),(870,2569,1,'001','001002','119',0.00,0.00,'2568-11-14','14 พ.ย. 2568','จัดซื้อวัสดุตามโครงการ(ประถม)','','','2025-11-14 11:09:32','2025-10-01','2026-09-30',NULL),(871,2569,1,'001','001003','126',0.00,0.00,'2568-11-14','14 พ.ย. 2568','จัดซื้อวัสดุตามโครงการ(ม.ต้น)','','','2025-11-14 11:10:18','2025-10-01','2026-09-30',NULL),(872,2569,1,'002','002001','108',0.00,0.00,'2025-11-14','14 พ.ย. 2568','จัดซื้อวัสดุตามโครงการ(ก่อนประถม)','','','2025-11-14 13:00:56','2025-10-01','2026-09-30',NULL),(873,2569,1,'002','002002','119',0.00,0.00,'2025-11-14','14 พ.ย. 2568','จัดซื้อวัสดุตามโครงการ(ประถม)','','','2025-11-14 13:02:31','2025-10-01','2026-09-30',NULL),(874,2569,1,'002','002003','126',0.00,0.00,'2568-11-14','14 พ.ย. 2568','จัดซื้อวัสดุตามโครงการ(ม.ต้น)','','','2025-11-14 13:03:04','2025-10-01','2026-09-30',NULL),(875,2569,1,'003','003001','108',0.00,0.00,'2568-11-14','14 พ.ย. 2568','จัดซื้อวัสดุตามโครงการ(ก่อนประถม)','','','2025-11-14 13:06:08','2025-10-01','2026-09-30',NULL),(876,2569,1,'003','003002','119',0.00,0.00,'2025-11-14','14 พ.ย. 2568','จัดซื้อวัสดุตามโครงการ(ประถม)','','','2025-11-14 13:06:42','2025-10-02','2026-09-30',NULL),(877,2569,1,'003','003003','128',0.00,0.00,'2568-11-14','14 พ.ย. 2568','จัดซื้อวัสดุตามโครงการ(ม.ต้น)','','','2025-11-14 13:07:16','2025-10-01','2026-09-30',NULL),(878,2569,1,'004','004001','108',0.00,0.00,'2568-11-14','14 พ.ย. 2568','จัดซื้อวัสดุตามโครงการ(ก่อนประถม)','','','2025-11-14 13:08:20','2025-10-01','2026-09-30',NULL),(879,2569,1,'004','004002','119',0.00,0.00,'2568-11-14','14 พ.ย. 2568','จัดซื้อวัสดุตามโครงการ(ประถม)','','','2025-11-14 13:08:46','2025-10-01','2026-09-30',NULL),(880,2569,1,'004','004003','126',0.00,0.00,'2568-11-14','14 พ.ย. 2568','จัดซื้อวัสดุตามโครงการ(ม.ต้น)','','','2025-11-14 13:10:20','2025-11-14','2026-09-30',NULL),(881,2569,1,'005','005001','109',0.00,0.00,'2568-11-14','14 พ.ย. 2568','จัดซื้อวัสดุตามโครงการ(ก่อนประถม)','','','2025-11-14 13:11:04','2025-10-01','2026-09-30',NULL),(882,2569,1,'005','005002','119',0.00,0.00,'2568-11-14','14 พ.ย. 2568','จัดซื้อวัสดุตามโครงการ(ประถม)','','','2025-11-14 13:11:32','2025-10-02','2026-09-30',NULL),(883,2569,1,'005','005003','126',0.00,0.00,'2568-11-14','14 พ.ย. 2568','จัดซื้อวัสดุตามโครงการ(ม.ต้น)','','','2025-11-14 13:12:05','2025-10-01','2026-09-30',NULL),(884,2569,1,'006','006001','109',0.00,0.00,'2025-11-14','14 พ.ย. 2568','จัดซื้อวัสดุตามโครงการ(ก่อนประถม)','','','2025-11-14 13:19:47','2025-11-14','2026-09-30',NULL),(885,2569,1,'006','006002','119',0.00,0.00,'2568-11-14','14 พ.ย. 2568','จัดซื้อวัสดุตามโครงการ(ประถม)','','','2025-11-14 13:20:46','2025-10-01','2026-09-30',NULL),(886,2569,1,'006','006003','126',0.00,0.00,'2568-11-14','14 พ.ย. 2568','จัดซื้อวัสดุตามโครงการ(ม.ต้น)','','','2025-11-14 13:21:20','2025-11-14','2026-09-30',NULL);

--
