-- Table structure for table `student_check_permission`
--

CREATE TABLE `student_check_permission` (
  `class_now` tinyint(4) NOT NULL,
  `room_now` tinyint(4) NOT NULL,
  `person_id` varchar(13) NOT NULL,
  `student_check_year` int(11) NOT NULL
) ENGINE=MyISAM DEFAULT CHARSET=utf8 COLLATE=utf8_general_ci;

--
-- Dumping data for table `student_check_permission`
--

INSERT INTO `student_check_permission` VALUES (2,0,'3349900187921',2558),(7,1,'1339900053104',2558),(3,0,'3341501655665',2558),(4,1,'3340701151236',2558),(5,0,'3341501467621',2558),(6,1,'3340800302691',2558),(8,1,'3341501197110',2558),(9,1,'3341500325319',2558),(9,1,'3341500795692',2558),(2,0,'3349900187921',2559),(3,0,'3341501655665',2559),(4,0,'3340701151236',2559),(5,1,'3341501467621',2559),(6,0,'3340800302691',2559),(7,1,'3341500325319',2559),(8,1,'3341501197110',2559),(9,1,'3341500795692',2559),(5,0,'3341501467621',2559),(7,0,'3341500325319',2559),(8,0,'3341501197110',2559),(9,0,'3341500795692',2559),(4,0,'3340701151236',2560),(3,0,'3341501655665',2560),(5,0,'3341600242954',2560),(6,0,'3340800302691',2560),(7,0,'3341500325319',2560),(8,0,'3341501197110',2560),(9,0,'3341500795692',2560),(2,0,'3349900187921',2560),(2,0,'3349900187921',2561),(3,0,'3341501655665',2561),(4,0,'3340701151236',2561),(5,0,'3340800302691',2561),(6,0,'3341600242954',2561),(7,0,'3341500325319',2561),(8,0,'3341501197110',2561),(9,0,'3341500795692',2561),(2,0,'3340700388739',2562),(2,0,'3349900187921',2562),(3,0,'3340700388739',2562),(3,0,'3341501655665',2562),(4,0,'3340700388739',2562),(4,0,'3340701151236',2562),(4,0,'1349900687880',2562),(5,0,'3340700388739',2562),(5,0,'3340800302691',2562),(5,0,'1349900687880',2562),(6,0,'3340700388739',2562),(6,0,'3341600242954',2562),(6,0,'1349900687880',2562),(7,0,'3340700388739',2562),(7,0,'3341500325319',2562),(7,0,'1349900687880',2562),(8,0,'3340700388739',2562),(8,0,'3341501197110',2562),(8,0,'1349900687880',2562),(9,0,'3340700388739',2562),(9,0,'3341500795692',2562),(9,0,'1349900687880',2562),(2,0,'1349900687880',2562),(3,0,'1349900687880',2562),(2,0,'3411600206558',2562),(3,0,'3411600206558',2562),(4,0,'3411600206558',2562),(5,0,'3411600206558',2562),(6,0,'3411600206558',2562),(7,0,'3411600206558',2562),(8,0,'3411600206558',2562),(9,0,'3411600206558',2562),(9,0,'3341500795692',2563),(2,0,'3411600206558',2563),(2,0,'3341501655665',2563),(2,0,'1349900687880',2563),(3,0,'3411600206558',2563),(3,0,'3341501655665',2563),(3,0,'1349900687880',2563),(4,0,'3411600206558',2563),(4,0,'3340701151236',2563),(4,0,'1349900687880',2563),(5,0,'3411600206558',2563),(5,0,'1342200025098',2563),(5,0,'1349900687880',2563),(6,0,'3411600206558',2563),(6,0,'3341600242954',2563),(6,0,'1349900687880',2563),(7,0,'3411600206558',2563),(7,0,'3341500325319',2563),(7,0,'1349900687880',2563),(8,0,'3411600206558',2563),(8,0,'3341501197110',2563),(8,0,'3341501467621',2563),(8,0,'1349900687880',2563),(9,0,'3411600206558',2563),(9,0,'1349900687880',2563),(2,0,'1349900687880',2564),(2,0,'3411600206558',2564),(3,0,'1349900687880',2564),(3,0,'3411600206558',2564),(4,0,'3411600206558',2564),(4,0,'1349900687880',2564),(5,0,'1349900687880',2564),(5,0,'3411600206558',2564),(6,0,'1349900687880',2564),(6,0,'3411600206558',2564),(7,0,'1349900687880',2564),(7,0,'3411600206558',2564),(8,0,'3411600206558',2564),(8,0,'1349900687880',2564),(9,0,'3411600206558',2564),(9,0,'1349900687880',2564),(4,0,'3340701151236',2564),(5,0,'1342200025098',2564),(6,0,'3341600242954',2564),(7,0,'3341500325319',2564),(8,0,'3341501197110',2564),(9,0,'3341501467621',2564),(9,0,'3341500795692',2564),(2,0,'3411600206558',2565),(2,0,'1349900687880',2565),(3,0,'3411600206558',2565),(3,0,'1349900687880',2565),(4,0,'3411600206558',2565),(4,0,'1349900687880',2565),(5,0,'3411600206558',2565),(5,0,'1349900687880',2565),(6,0,'3411600206558',2565),(6,0,'1349900687880',2565),(8,0,'3411600206558',2565),(8,0,'1349900687880',2565),(9,0,'3411600206558',2565),(9,0,'1349900687880',2565),(7,0,'3411600206558',2565),(7,0,'1349900687880',2565),(2,0,'110702434059',2565),(3,0,'110702434059',2565),(2,0,'3411600206558',2566),(2,0,'110702434059',2566),(2,0,'1349900687880',2566),(3,0,'3411600206558',2566),(3,0,'110702434059',2566),(3,0,'1349900687880',2566),(4,0,'3411600206558',2566),(4,0,'3341501192584',2566),(4,0,'1349900687880',2566),(5,0,'3411600206558',2566),(5,0,'1342200025098',2566),(5,0,'1349900687880',2566),(6,0,'3411600206558',2566),(6,0,'3341600242954',2566),(6,0,'1349900687880',2566),(7,0,'3411600206558',2566),(7,0,'3341500325319',2566),(7,0,'1349900687880',2566),(8,0,'3411600206558',2566),(9,0,'3411600206558',2566),(8,0,'1349900687880',2566),(8,0,'3341501197110',2566),(9,0,'1329900691879',2566),(9,0,'1349900687880',2566),(2,0,'1342000051923',2567),(2,0,'1349900687880',2567),(3,0,'110702434059',2567),(3,0,'1349900687880',2567),(4,0,'3341501192584',2567),(4,0,'1349900687880',2567),(5,0,'1342200025098',2567),(5,0,'1349900687880',2567),(6,0,'3341600242954',2567),(6,0,'3320400103585',2567),(6,0,'1349900687880',2567),(7,0,'1349900687880',2567),(8,0,'3341501197110',2567),(8,0,'1349900687880',2567),(9,0,'1340700381631',2567),(9,0,'1349900687880',2567),(7,0,'3341500064043',2567),(7,0,'3341500325319',2567),(2,0,'1342000051923',2568),(2,0,'1349900687880',2568),(3,0,'110702434059',2568),(3,0,'1349900687880',2568),(4,0,'3341501192584',2568),(4,0,'1349900687880',2568),(5,0,'1342200025098',2568),(5,0,'1349900687880',2568),(6,0,'3341600242954',2568),(6,0,'1349900687880',2568),(7,0,'3341500064043',2568),(7,0,'1349900687880',2568),(6,0,'3320400103585',2568),(8,0,'3341501197110',2568),(8,0,'1349900687880',2568),(9,0,'1340700381631',2568),(9,0,'1349900687880',2568);

--
-- Table structure for table `student_check_year`
--

CREATE TABLE `student_check_year` (
  `id` int(11) NOT NULL AUTO_INCREMENT,
  `student_check_year` int(11) NOT NULL,
  `year_active` tinyint(1) NOT NULL,
  PRIMARY KEY (`id`),
  UNIQUE KEY `student_check_year` (`student_check_year`)
) ENGINE=MyISAM AUTO_INCREMENT=12 DEFAULT CHARSET=utf8 COLLATE=utf8_general_ci;

--
-- Dumping data for table `student_check_year`
--

INSERT INTO `student_check_year` VALUES (1,2558,0),(2,2559,0),(3,2560,0),(4,2561,0),(5,2562,0),(6,2563,0),(7,2564,0),(8,2565,0),(9,2566,0),(10,2567,0),(11,2568,1);

--
-- Table structure for table `student_main`
--

CREATE TABLE `student_main` (
  `id` int(11) NOT NULL AUTO_INCREMENT,
  `student_id` varchar(7) NOT NULL,
  `student_number` int(11) DEFAULT NULL,
  `prename` varchar(20) NOT NULL,
  `name` varchar(50) NOT NULL,
  `surname` varchar(50) NOT NULL,
  `person_id` varchar(20) DEFAULT NULL,
  `sex` tinyint(4) NOT NULL DEFAULT 0,
  `pic` varchar(150) DEFAULT NULL,
  `class_now` tinyint(4) DEFAULT NULL,
  `room` tinyint(4) NOT NULL DEFAULT 0,
  `status` tinyint(4) NOT NULL DEFAULT 0,
  `out_edyear` int(11) DEFAULT NULL,
  `officer` varchar(13) NOT NULL,
  `rec_date` date NOT NULL,
  PRIMARY KEY (`id`),
  UNIQUE KEY `student_number` (`student_id`),
  KEY `class_now` (`class_now`),
  KEY `room` (`room`)
) ENGINE=MyISAM AUTO_INCREMENT=338 DEFAULT CHARSET=utf8 COLLATE=utf8_general_ci;

--
-- Dumping data for table `student_main`
--

INSERT INTO `student_main` VALUES (1,'3300',1,'เด็กชาย','กวินท์','บัวละคร','1348900213046',1,NULL,9,0,1,2563,'1349900687880','0000-00-00'),(2,'3302',3,'เด็กชาย','ธิติวุฒิ','สร้อยสระ','1349901564021',1,NULL,9,0,1,2563,'1349900687880','0000-00-00'),(3,'3301',2,'เด็กชาย','จักรยุทธ','บุญสิงห์','1348900194815',1,NULL,9,0,1,2563,'1349900687880','0000-00-00'),(4,'3303',4,'เด็กชาย','นที','พันจำนงค์','1342200148866',1,NULL,9,0,1,2563,'1349900687880','0000-00-00'),(5,'3305',5,'เด็กชาย','อภินันท์','คัสสดี','1342200149595',1,NULL,9,0,1,2563,'1349900687880','0000-00-00'),(126,'3336',21,'เด็กหญิง','สุกัญญา','ปิ่นแก้ว','1219901013824',2,'',9,0,1,2560,'3341500795692','2015-08-29'),(7,'3308',6,'เด็กชาย','อาทิตย์','ศิริเชิด','1348900194823',1,NULL,9,0,1,2563,'1349900687880','0000-00-00'),(8,'3307',6,'เด็กชาย','อัครวัฒน์','เนาว์ขุนทด','1340701758860',1,NULL,5,0,2,2560,'3341500795692','0000-00-00'),(9,'3309',9,'เด็กหญิง','กลิ่นสุคนธ์','พรมมาโฮม','1349901622757',2,NULL,9,0,1,2563,'1349900687880','0000-00-00'),(10,'3311',11,'เด็กหญิง','ธาริษา','วิลุน','1342200150542',2,NULL,9,0,1,2563,'1349900687880','0000-00-00'),(11,'3310',10,'เด็กหญิง','จรรยพร','บาตสุวรรณ','1342200148840',2,NULL,9,0,1,2563,'1349900687880','0000-00-00'),(12,'3313',13,'เด็กหญิง','พิชานันท์','คัสดี','1342200149871',2,NULL,9,0,1,2563,'1349900687880','0000-00-00'),(13,'3312',12,'เด็กหญิง','บุษกร','สิมเจริญ','1348900216142',2,NULL,9,0,1,2563,'1349900687880','0000-00-00'),(14,'3314',14,'เด็กหญิง','อัยพร','ชุมวงษ์','1349901583891',2,NULL,9,0,1,2563,'1349900687880','0000-00-00'),(248,'3306',8,'เด็กชาย','อภิสิทธิ์','อักโข','1901001185421',1,'',9,0,1,2563,'1349900687880','2020-07-13'),(162,'3395',7,'เด็กชาย','เทวา','จิตรโภคา','163990056391',1,'',7,0,2,2564,'3341501655665','2017-06-16'),(229,'3439',19,'เด็กหญิง','อมรรัตน์','พลศักดิ์','1339901172425',2,'',7,0,2,2565,'1349900687880','2019-06-20'),(230,'3440',21,'เด็กชาย','วิทวัส','วงเงิน','1349901851764',1,'',7,0,2,2565,'1349900687880','2019-09-05'),(231,'3441',18,'เด็กชาย','พงศกร','สมอาจ','1348900359814',1,'',8,0,0,0,'1349900687880','2019-09-05'),(232,'3442',15,'เด็กหญิง','เพ็ญนภา','ทัดเทียม','1348900274851',2,'',6,0,2,2563,'1349900687880','2019-11-08'),(233,'3443',1,'เด็กชาย','เจษฏา ',' เงินลุน','1248100140380',1,'',7,0,0,NULL,'1349900687880','2020-07-08'),(31,'3268',17,'เด็กหญิง','อารยา','กามินทร์','1559900522331',2,NULL,8,0,2,2560,'3341500795692','0000-00-00'),(32,'3232',1,'เด็กชาย','ภาณุ','เงินลุน','1342200138798',1,NULL,9,0,1,2561,'3341500795692','0000-00-00'),(33,'3269',18,'เด็กหญิง','ลลิตา','พาพะหม','1318700066414',2,NULL,9,0,1,2561,'3341500795692','0000-00-00'),(34,'3233',2,'เด็กชาย','อนวัฒน์','เงินลุน','1749901069728',1,NULL,9,0,1,2560,'3341500795692','0000-00-00'),(35,'3234',3,'เด็กชาย','นันธิชา','จันท้าว','1348900124574',1,NULL,9,0,1,2561,'3341500795692','0000-00-00'),(36,'3236',4,'เด็กชาย','วฤทธิ','แป้นเพชร','1219901051637',1,NULL,9,0,1,2561,'3341500795692','0000-00-00'),(37,'3237',5,'เด็กหญิง','รินรดา','สร้อยมาลุน','1342200139859',2,NULL,9,0,1,2561,'3341500795692','0000-00-00'),(38,'3240',6,'เด็กหญิง','วัณณิษา','ใจภักดี','1348900127387',2,NULL,9,0,1,2561,'3341500795692','0000-00-00'),(39,'3242',8,'เด็กหญิง','อารยา','ปัญนะพันธ์','1348900114862',2,NULL,9,0,1,2561,'3341500795692','0000-00-00'),(40,'3241',7,'เด็กหญิง','ว่านทิพย์','วงค์คำผา','1342200139093',2,NULL,9,0,1,2561,'3341500795692','0000-00-00'),(41,'3204',1,'เด็กชาย','โกศล','พรมมาโฮม','1349901316401',1,NULL,9,0,1,2560,'3341500795692','0000-00-00'),(42,'3243',9,'เด็กหญิง','วลัยลักษณ์','บัลลังกุล','1348900121893',2,NULL,9,0,1,2561,'3341500795692','0000-00-00'),(43,'3205',2,'เด็กชาย','เชวงศักดิ์','ประถมเสาร์','1342200137414',1,NULL,9,0,1,2560,'3341500795692','0000-00-00'),(44,'3206',3,'เด็กชาย','ณัฐวัฒน์','วังษาลุน','1348900112401',1,NULL,9,0,1,2560,'3341500795692','0000-00-00'),(45,'3208',5,'เด็กชาย','ธีรยุทธ','บุญสิงห์','1348900102660',1,NULL,9,0,1,2560,'3341500795692','0000-00-00'),(46,'3207',4,'เด็กชาย','ธีระพงษ์','เมษาดี','1349700343940',1,NULL,9,0,1,2560,'3341500795692','0000-00-00'),(47,'3209',6,'เด็กชาย','นนทวัฒน์','ใยโพธิ์','1348900104832',1,NULL,9,0,1,2560,'3341500795692','0000-00-00'),(48,'3210',7,'เด็กชาย','นราธร','จิตรโภคา','1348900093261',1,NULL,9,0,1,2560,'3341500795692','0000-00-00'),(49,'3215',10,'เด็กชาย','ศักดิ์สิทธิ์','สิงห์กุล','1349901337301',1,NULL,9,0,1,2560,'3341500795692','0000-00-00'),(50,'3212',9,'เด็กชาย','ภูวฤทธิ์','โมลานิล','1349901297597',1,NULL,9,0,1,2560,'3341500795692','0000-00-00'),(51,'3211',8,'เด็กชาย','ภราดร','ธรรมศรี','1342200137724',1,NULL,9,0,1,2560,'3341500795692','0000-00-00'),(52,'3216',11,'เด็กชาย','ศุภกฤติ','สร้อยสระ','1104700083023',1,NULL,9,0,1,2560,'3341500795692','0000-00-00'),(53,'3217',12,'เด็กชาย','ศุภชาติ','ส่องศรีโรจน์','1348900111791',1,NULL,9,0,1,2560,'3341500795692','0000-00-00'),(54,'3218',13,'เด็กชาย','ศุภณัฐ','สร้อยสระ','1104700083031',1,NULL,9,0,1,2560,'3341500795692','0000-00-00'),(55,'3247',19,'เด็กชาย','อภิลักษณ์','นัยนามาศ','1349901321129',1,NULL,9,0,1,2560,'3341500795692','0000-00-00'),(56,'3220',14,'เด็กหญิง','ชนากานต์','ธานี','1219900968545',2,NULL,9,0,1,2560,'3341500795692','0000-00-00'),(57,'3223',16,'เด็กหญิง','วริศราภรณ์','อักโข','1342200137520',2,NULL,9,0,1,2560,'3341500795692','0000-00-00'),(58,'3222',15,'เด็กหญิง','พรนภา','ทุมมาเกตุ','1342200135829',2,NULL,9,0,1,2560,'3341500795692','0000-00-00'),(59,'3225',17,'เด็กหญิง','ศิรินาภา','คำแพงนาค','1348900093580',2,NULL,9,0,1,2560,'3341500795692','0000-00-00'),(60,'3227',18,'เด็กหญิง','อรนลิน','ประสานวรรณ์','1348900108269',2,NULL,9,0,1,2560,'3341500795692','0000-00-00'),(158,'3372',13,'เด็กหญิง','กมลฉัตร','วังชัย','1309903958981',2,'',9,0,1,2566,'3341501655665','2016-07-22'),(159,'3361',5,'เด็กชาย','ภัทรพล','อิทธินันต์กุล','1348900254036',1,'',6,0,2,2563,'1349900687880','2016-07-23'),(237,'3353',6,'เด็กชาย','อัทธนีย์ ',' แก้วคำกอง','1342200158292',1,'',9,0,1,2566,'3341501655665','2020-07-08'),(152,'3364',8,'เด็กหญิง','กัณฐิกา','สายตรง','1348900255857',2,'',9,0,1,2566,'3341501655665','2016-07-22'),(153,'3365',9,'เด็กหญิง','ชญานุช','บุญประสิทธิ์','1349901771540',2,'',9,0,2,2566,'3341501655665','2016-07-22'),(154,'3366',15,'เด็กหญิง','ดรุณี','ผุยประกอบ','1319800627443',2,'',8,0,2,2565,'1349900687880','2016-07-22'),(155,'3367',10,'เด็กหญิง','สุนิสา','ศรีคำ','1348900264724',2,'',9,0,1,2566,'1349900687880','2016-07-22'),(156,'3368',11,'เด็กหญิง','พรทิพา','วังชัย','1348900256268',2,'',9,0,1,2567,'3341501655665','2016-07-22'),(236,'3362',7,'เด็กชาย','ภาคิน  ','ระกำ','1208300082049',1,'',9,0,1,2566,'1349900687880','2020-07-08'),(160,'3335',22,'เด็กหญิง','ศศิธร','หมู่เดช','134990129403',2,'',9,0,1,2560,'3341501655665','2016-07-23'),(157,'3369',12,'เด็กหญิง','สุพรรษา','สิมมาวัน','1312200157628',2,'',9,0,1,2566,'3341501655665','2016-07-22'),(161,'3371',23,'เด็กชาย','ณัฐวุฒิ','อุตราช','1349901354752',1,'',9,0,1,2560,'3341501655665','2016-07-23'),(87,'3318',1,'เด็กชาย','กรฉัตร์','สิมมาวัน','1342200153860',1,'',9,0,1,2564,'1349900687880','2015-08-23'),(88,'3319',2,'เด็กชาย','ชินกร','ประสงค์เสียง','1340701770177',1,'',9,0,1,2564,'1349900687880','2015-08-23'),(89,'3320',3,'เด็กชาย','ธนพล','เงินลุน','1340701769161',1,'',9,0,1,2564,'1349900687880','2015-08-23'),(90,'3321',4,'เด็กชาย','สว่าง','ภักดีผล','1340701768199',1,'',9,0,1,2564,'1349900687880','2015-08-23'),(91,'3322',5,'เด็กชาย','สรวิชญ์','พันจันลา','1340701768750',1,'',9,0,1,2564,'1349900687880','2015-08-23'),(92,'3323',6,'เด็กชาย','ระพินชัย','สุนทรา','1340701772960',1,'',9,0,1,2564,'1349900687880','2015-08-23'),(93,'3324',7,'เด็กชาย','วรากร','วงศ์เสนา','1349901632523',1,'',9,0,2,2564,'1349900687880','2015-08-23'),(94,'3325',7,'เด็กชาย','อภินันท์','เวียงคำ','1342200151638',1,'',9,0,1,2564,'1349900687880','2015-08-23'),(95,'3326',8,'เด็กชาย','อานุภาพ','โทพิลา','1248100077831',1,'',9,0,1,2564,'1349900687880','2015-08-23'),(96,'3328',9,'เด็กหญิง','นันท์นลิน','แก้วคำกอง','1349901642308',2,'',9,0,1,2564,'1349900687880','2015-08-23'),(194,'3404',4,'เด็กชาย','เทพพิทักษ์','แก้วนิ่ม','1349901926993',1,'',9,0,0,NULL,'1349900687880','2018-09-27'),(98,'3330',11,'เด็กหญิง','พิมรพัฒน์','คงนุ่ม','1209702530292',2,'',9,0,1,2564,'1349900687880','2015-08-23'),(99,'3331',10,'เด็กหญิง','ศิริรัตน์','จะวะอี','1508600035736',2,'',9,0,1,2564,'1349900687880','2015-08-23'),(100,'3332',12,'เด็กหญิง','รุ่งนภา','นวลจันทร์','1348900230200',2,'',9,0,1,2564,'1349900687880','2015-08-23'),(101,'3333',13,'เด็กหญิง','อริสรา','แววศรี','1909701206274',2,'',9,0,1,2564,'1349900687880','2015-08-23'),(102,'3278',2,'เด็กชาย','ณวัฒน์','จันทรวิจิตร์','1349901552775',1,'',9,0,1,2562,'3341501197110','2015-08-26'),(103,'3279',3,'เด็กชาย','ณัฐวัฒน์','วิลุน','1342200145280',1,'',9,0,1,2562,'3341501197110','2015-08-26'),(104,'3281',5,'เด็กชาย','ธนพล','วงศ์คำผา','1342200147461',1,'',9,0,1,2562,'3341501197110','2015-08-26'),(105,'3282',6,'เด็กชาย','ธรณินทร์','พรมมาโฮม','1342200146235',1,'',9,0,1,2562,'3341501197110','2015-08-26'),(106,'3280',4,'เด็กชาย','ทวีศักดิ์','แอมประชา','1348900182507',1,'',9,0,1,2562,'3341501197110','2015-08-29'),(107,'3283',7,'เด็กชาย','นิพนธ์','พรมด้วง','1348900175551',1,'',7,0,2,2560,'3341500795692','2015-08-29'),(108,'3284',7,'เด็กชาย','สุภีร์','วันเพ็ญ','1348900170495',1,'',9,0,1,2562,'3341501197110','2015-08-29'),(109,'3285',8,'เด็กชาย','สุวิจักขณ์','กุลบุตรดี','1349901515233',1,'',9,0,1,2562,'3341501197110','2015-08-29'),(110,'3286',9,'เด็กชาย','อธิวัฒน์','โคตระ','1348900180253',1,'',9,0,1,2562,'3341501197110','2015-08-29'),(111,'3287',10,'เด็กชาย','อนุพงศ์','พันจันลา','1348900174831',1,'',9,0,1,2562,'3341501197110','2015-08-29'),(112,'3288',13,'เด็กหญิง','ณัฐณิชา','ชนะนิล','1348900168334',2,'',9,0,1,2562,'3341501197110','2015-08-29'),(113,'3289',14,'เด็กหญิง','นฤมล','จันทร์รุ่งศรี','1129902037795',2,'',9,0,1,2562,'3341501197110','2015-08-29'),(114,'3290',15,'เด็กหญิง','ธัญชนก','พรมมาโฮม','1342200145441',2,'',9,0,1,2562,'3341501197110','2015-08-29'),(115,'3277',1,'เด็กชาย','เกียรติคุณ','เงาศรี','1348900179450',1,'',9,0,1,2562,'3341501197110','2015-08-29'),(116,'3291',16,'เด็กหญิง','เบญญาภา','สายตรง','1209702377931',2,'',9,0,1,2562,'3341501197110','2015-08-29'),(117,'3292',17,'เด็กหญิง','พิณธศร','พรมด้วง','1349901533215',2,'',9,0,2,2562,'3341501197110','2015-08-29'),(118,'3293',17,'เด็กหญิง','ศิรินธร','ชนะชาญ','1342200147291',2,'',7,0,2,2560,'3341500795692','2015-08-29'),(119,'3294',18,'เด็กหญิง','สาวิณ๊','พรมมาโฮม','1349901541897',2,'',9,0,1,2562,'3341501197110','2015-08-29'),(120,'3337',11,'เด็กชาย','ทินภัทร','คำภาชาติ','1342201145263',1,'',9,0,1,2562,'3341501197110','2015-08-29'),(121,'3296',19,'เด็กหญิง','อังศุมา','สาระดำ','1339200081245',2,'',9,0,2,2562,'3341501197110','2015-08-29'),(257,'3456',10,'เด็กหญิง','ภัควลัญชญ์','สมศรี','1101000572967',2,'',7,0,0,NULL,'1349900687880','2021-02-02'),(123,'3246',10,'เด็กหญิง','กัญญาณัฐ','สีนอคำ','1102003759414',2,'',9,0,1,2561,'3341500795692','2015-08-29'),(124,'3338',11,'เด็กชาย','ต้นกล้า','ประสงค์เสียง','1119701154107',1,'',9,0,1,2559,'3341500795692','2015-08-29'),(125,'3226',20,'เด็กหญิง','ศิริประภา','ศรีวงษา','1348900106916',2,'',9,0,1,2560,'3341500795692','2015-08-29'),(127,'3339',1,'เด็กชาย','กิตติศักดิ์','วันเพ็ญ','1349901712977',1,'',9,0,1,2565,'1349900687880','2015-08-31'),(193,'3403',3,'เด็กชาย','ณัฐพงศ์','ภูจอมเดือน','1349901961811',1,'',9,0,0,NULL,'1349900687880','2018-09-27'),(129,'3341',2,'เด็กชาย','ณัฐศาสตร์','พรมด้วง','1340701778984',1,'',9,0,1,2565,'1349900687880','2015-08-31'),(130,'3342',3,'เด็กชาย','สนธยา','มะลิจันทร์','1349901716417',1,'',9,0,1,2565,'1349900687880','2015-08-31'),(131,'3343',5,'เด็กชาย','รุ่งโรจน์','ชนะชาญ','1342200155617',1,'',9,0,1,2565,'1349900687880','2015-08-31'),(132,'3344',4,'เด็กชาย','อชิรวัชร','สีทาราช','1348900249318',1,'',9,0,1,2565,'1349900687880','2015-08-31'),(133,'3345',7,'เด็กหญิง','จิรัชญา','อุดหนุน','1342200155382',2,'',9,0,1,2565,'1349900687880','2015-08-31'),(134,'3346',6,'เด็กหญิง','จีรนันท์','บุญสิงห์','1340701781837',2,'',9,0,1,2565,'1349900687880','2015-08-31'),(135,'3347',8,'เด็กหญิง','ณัฐธิชาภรณ์','ประสงค์เสียง','1100600584728',2,'',9,0,1,2565,'1349900687880','2015-08-31'),(136,'3348',9,'เด็กหญิง','ณัฏฐนันท์','จิตรโภคา','1348900242216',2,'',9,0,1,2565,'1349900687880','2015-08-31'),(137,'3349',12,'เด็กหญิง','ธนพร','กิ่งหมั้น','1349901756583',2,'',9,0,1,2565,'1349900687880','2015-08-31'),(138,'3350',10,'เด็กหญิง','ศรัญญา','เดชแสง','1348900245207',2,'',9,0,1,2565,'1349900687880','2015-08-31'),(139,'3351',11,'เด็กหญิง','ศิริพักตร์','จันดาเพ็ง','1340701779697',2,'',9,0,1,2565,'1349900687880','2015-08-31'),(191,'3401',1,'เด็กชาย','กัณฑ์เอนก','เงาศรี','1348900325227',1,'',9,0,0,NULL,'1349900687880','2018-09-27'),(192,'3402',2,'เด็กชาย','ชนาธิป','บุญมีมา','1349901969099',1,'',9,0,0,NULL,'1349900687880','2018-09-27'),(144,'3357',2,'เด็กชาย','ตะวัน','เงาศรี','1348900278563',1,'',9,0,1,2566,'1349900687880','2016-07-22'),(143,'3356',1,'เด็กชาย','ณัฐวุฒิ','คำแพงนาค','1348900267626',1,'',9,0,1,2566,'1349900687880','2016-07-22'),(145,'3358',3,'เด็กชาย','ธีระวัฒน์  ','พรมมาโฮม','1348900280860',1,'',9,0,1,2566,'1349900687880','2016-07-22'),(146,'3359',4,'เด็กชาย','ปักษกร','สมอาจ','1348900278962',1,'',9,0,1,2566,'1349900687880','2016-07-22'),(147,'3360',5,'เด็กชาย','ปิยภูมิ ','พรมมาโฮม','1348600083864',1,'',9,0,1,2566,'1349900687880','2016-07-22'),(148,'3355',15,'เด็กชาย','ธีรภัทร์','พรมมาโฮม','1248100076452',1,'',9,0,1,2564,'1349900687880','2016-07-22'),(149,'3352',14,'เด็กหญิง','ชนิดาภา','บาตสุวรรณ','1348900227128',2,'',9,0,1,2564,'1349900687880','2016-07-22'),(234,'3444',2,'เด็กชาย','ชวนันท์ ','  บุญประสิทธิ์','1349902072785',1,'',7,0,0,NULL,'1349900687880','2020-07-08'),(165,'3374',1,'เด็กชาย','ณัฐพล','ชนะนิล','1348900301956',1,'',9,0,1,2567,'1349900687880','2017-06-17'),(189,'3400',12,'เด็กชาย','ธนวัตร','พรมมาโฮม','1348900179794',1,'',8,0,1,2562,'1349900687880','2018-09-24'),(167,'3375',2,'เด็กชาย','ณัฐสิทธิ์','นามมูลตรี','1209601809526',1,'',9,0,1,2567,'1349900687880','2017-06-17'),(168,'3376',3,'เด็กชาย','นัฐพล','นามธรรม','1339200131722',1,'',3,0,2,2561,'3341501655665','2017-06-17'),(169,'3377',3,'เด็กชาย','พุฒิพงศ์','วังษาลุน','1349901857215',1,'',9,0,1,2567,'1349900687880','2017-06-17'),(170,'3378',4,'เด็กชาย','ทวีทรัพย์','จิตรโภคา','1349901897837',1,'',9,0,1,2567,'1349900687880','2017-06-17'),(171,'3379',5,'เด็กชาย','ธนากร','สอนไชย์สง','1348900295051',1,'',9,0,1,2567,'1349900687880','2017-06-17'),(172,'3380',6,'เด็กชาย','ธีรภัทร','ทองพระธรรม','1348900300364',1,'',9,0,1,2567,'1349900687880','2017-06-17'),(173,'3381',7,'เด็กชาย','ภัทรดนัย','จูมทอง','1349901867610',1,'',9,0,1,2567,'1349900687880','2017-06-17'),(174,'3382',8,'เด็กชาย','วริทธิ์ธร','วงศ์ถา','1348900292116',1,'',9,0,1,2567,'1349900687880','2017-06-17'),(175,'3383',9,'เด็กชาย','สรณ์สิริ','นามวงค์','1348900297771',1,'',9,0,1,2567,'1349900687880','2017-06-17'),(176,'3384',10,'เด็กชาย','อนันดา','ศิริเชิด','1349901908341',1,'',7,0,2,2565,'1349900687880','2017-06-17'),(177,'3385',11,'เด็กหญิง','กนกลดา','มลสิน','1349901900366',2,'',9,0,1,2567,'1349900687880','2017-06-17'),(178,'3386',12,'เด็กหญิง','ฉัตรลดา','เกตุแก้ว','1348900307741',2,'',9,0,1,2567,'1349900687880','2017-06-17'),(179,'3387',13,'เด็กหญิง','ชนาภา','โสสว่าง','1220900064575',2,'',9,0,1,2567,'1349900687880','2017-06-17'),(180,'3388',14,'เด็กหญิง','ทิพย์รดา','กระชิรัมย์','1349901895051',2,'',9,0,1,2567,'1349900687880','2017-06-17'),(181,'3389',15,'เด็กหญิง','ปิยะธิดา','คำแก้ว','1348900311196',2,'',9,0,1,2567,'1349900687880','2017-06-17'),(182,'3390',16,'เด็กหญิง','ปิ่นประกาย','โทพิลา','1248100104961',2,'',9,0,1,2567,'1349900687880','2017-06-17'),(183,'3391',17,'เด็กหญิง','ศรัณย์ลภัส','วิบูลย์อรรถ','1342200160688',2,'',9,0,1,2567,'1349900687880','2017-06-17'),(184,'3392',18,'เด็กหญิง','สิริวิมล','วงศ์เสนา','1349901842251',2,'',9,0,1,2567,'1349900687880','2017-06-17'),(185,'3393',18,'เด็กหญิง','อลิชา','วงศ์ถา','1348900283907',2,'',9,0,1,2567,'1349900687880','2017-06-17'),(186,'3394',20,'เด็กหญิง','อรทัย','ทองพูล','1348900300569',2,'',9,0,1,2567,'1349900687880','2017-06-17'),(187,'3397',11,'เด็กชาย','ธีรภัทร','อักโข','1342200152243',1,'',9,0,1,2564,'1349900687880','2017-07-11'),(188,'3398',20,'เด็กหญิง','ธนพรรณ','วันแก้ว','1347900012192',2,'',9,0,1,2562,'3341501655665','2017-11-23'),(195,'3405',5,'เด็กชาย','ธเณศ','คัสดี','1219901530403',1,'',9,0,0,NULL,'1349900687880','2018-09-27'),(196,'3406',6,'เด็กชาย','ธนากร','เวียงคำ','1342200161064',1,'',7,0,2,2566,'1349900687880','2018-09-27'),(197,'3407',7,'เด็กชาย','พัฒนศักดิ์','ศิริเชิด','1348900314195',1,'',9,0,0,NULL,'1349900687880','2018-09-27'),(198,'3408',8,'เด็กชาย','ภัคพงค์','สุนทรา','1348900332967',1,'',9,0,0,NULL,'1349900687880','2018-09-27'),(199,'3409',9,'เด็กชาย','ภาสกร','ภูใบบัว','1341501559040',1,'',9,0,0,NULL,'1349900687880','2018-09-27'),(200,'3410',10,'เด็กชาย','รณพีร์','เมษาดี','1139900757006',1,'',9,0,0,NULL,'1349900687880','2018-09-27'),(201,'3411',11,'เด็กชาย','วชิระ','เถาว์แล','1348900332363',1,'',9,0,0,NULL,'1349900687880','2018-09-27'),(202,'3412',12,'เด็กชาย','สหบดี','กุลบุตรดี','1349901956299',1,'',9,0,0,NULL,'1349900687880','2018-09-27'),(203,'3413',13,'เด็กชาย','อพิรบ','ศรีคำ','1331300156835',1,'',9,0,0,NULL,'1349900687880','2018-09-27'),(204,'3414',14,'เด็กหญิง','ชนัญธิดา','บุญประสิทธิ์','1349901950053',2,'',9,0,0,NULL,'1349900687880','2018-09-27'),(205,'3415',15,'เด็กหญิง','ณัฎฐณิชา','จูมทอง','1349901955951',2,'',9,0,0,NULL,'1349900687880','2018-09-27'),(206,'3416',16,'เด็กหญิง','ปรัชอร','แว่นแค้น','1349901923072',2,'',7,0,3,2567,'1349900687880','2018-09-27'),(207,'3417',17,'เด็กหญิง','แพรวา','ขันทอง','1100202144001',2,'',9,0,0,NULL,'1349900687880','2018-09-27'),(208,'3418',18,'เด็กชาย','พงศ์ปณต','งามมานะ','1139600562471',1,'',7,0,2,2562,'3341501655665','2018-09-27'),(268,'5451',16,'เด็กชาย','ภัทรพล   ','อิทธิอนันต์กุล',' 1348900254036 ',1,'',9,0,1,2566,'1349900687880','2021-07-01'),(209,'3419',13,'เด็กหญิง','ศิริรัตน์','พรมมาโฮม','1248100084544',2,'',9,0,1,2565,'1349900687880','2019-03-13'),(210,'3420',1,'เด็กชาย','เกียรติศักดิ์   ','กันยุตะ','1348900369810',1,'',8,0,0,NULL,'3341501655665','2019-05-22'),(211,'3421',2,'เด็กชาย','ธนวัฒน์   ','วังษาลุน','1348900362254',1,'',8,0,0,NULL,'1349900687880','2019-05-22'),(212,'3422',3,'เด็กชาย','นันทกฤต','คัสดี','1349902013894',1,'',8,0,0,NULL,'1349900687880','2019-05-22'),(213,'3423',4,'เด็กชาย','พัสกร','อินนุพัฒน์','1347600105450',1,'',8,0,0,NULL,'1349900687880','2019-05-22'),(214,'3424',5,'เด็กชาย','วีรภัทร','ลาชโรจน์','1347600105620',1,'',6,0,2,2567,'1349900687880','2019-05-22'),(215,'3425',6,'เด็กชาย','สุพัฒน์','พรมมาโฮม','1348900349894',1,'',8,0,0,NULL,'1349900687880','2019-05-22'),(216,'3426',7,'เด็กชาย','อภิชัย','ทองเนตร','1342200164071',1,'',8,0,0,NULL,'1349900687880','2019-05-22'),(217,'3427',8,'เด็กหญิง','ดาราพร','แอมประชา','1349902033275',2,'',8,0,0,NULL,'1349900687880','2019-05-22'),(218,'3429',10,'เด็กหญิง','ปิยะกานต์ ','มาศโอสถ','1859900460651',2,'',4,0,2,2564,'1349900687880','2019-05-22'),(219,'3428',9,'เด็กหญิง','ปพิชญา   ','กาติวงค์','1349902012812',2,'',8,0,2,2568,'1349900687880','2019-05-22'),(220,'3430',11,'เด็กหญิง','พรทิพย์','นามบุตร','1104301518514',2,'',3,0,2,2563,'1349900687880','2019-05-22'),(221,'3431',12,'เด็กชาย','พิชญะ','อุตราช','1220800085961',1,'',2,0,2,2562,'3341501655665','2019-05-22'),(222,'3432',11,'เด็กหญิง','พิมพ์ปภัสสร','พรมมาโฮม','1149901413203',2,'',8,0,0,NULL,'1349900687880','2019-05-24'),(223,'3433',12,'เด็กหญิง','รุ่งทิวา','ธิวันดา','1348900367787',2,'',8,0,2,2568,'1349900687880','2019-05-24'),(224,'3434',13,'เด็กหญิง','สุนิสา','ทุมมาเกตุ','1348900343985',2,'',8,0,0,NULL,'1349900687880','2019-05-24'),(225,'3435',15,'เด็กหญิง','สุภัทรสรณ์','ขันทอง','1102004641085',2,'',8,0,0,NULL,'1349900687880','2019-05-24'),(226,'3436',14,'เด็กหญิง','สุรางคณา','นามวงค์','1348900344787',2,'',8,0,0,NULL,'1349900687880','2019-05-24'),(227,'3437',16,'เด็กหญิง','อรธิชา','วงค์ถา','1348900346534',2,'',8,0,0,NULL,'1349900687880','2019-05-24'),(228,'3438',19,'เด็กหญิง','อรอุมา','ลีลาทอง','1248100131711',2,'',2,0,2,2562,'1349900687880','2019-05-24'),(238,'3445',3,'เด็กชาย','ธนันชัย  ',' นวลจันทร์','1348900382409',1,'',7,0,0,NULL,'1349900687880','2020-07-08'),(239,'3446',4,'เด็กชาย','นฤพล   ',' เงินลุน','1149901428448',1,'',7,0,0,NULL,'1349900687880','2020-07-08'),(240,'3447',5,'เด็กชาย','พีรพัฒน์   ','หยุดชม','1342200165701',1,'',7,0,0,NULL,'1349900687880','2020-07-08'),(241,'3448',6,'เด็กชาย','ภูมิรพี   ','แววศรี','1349902080834',1,'',7,0,0,NULL,'1349900687880','2020-07-08'),(242,'3449',7,'เด็กหญิง','ณัฐนิชา  ',' จิตรโภคา','1639900233272',2,'',3,0,2,2564,'1349900687880','2020-07-08'),(243,'3450',7,'เด็กหญิง','ภาสินี ','  อักโข','1218800075742',2,'',7,0,0,0,'1349900687880','2020-07-08'),(244,'3451',8,'เด็กหญิง','รัชนีพร   ','พรมมาโฮม','1341501592535',2,'',7,0,0,NULL,'1349900687880','2020-07-08'),(245,'3452',9,'เด็กหญิง','ไอยวริทร์   ',' สระแก้ว','1348900387338',2,'',7,0,0,NULL,'1349900687880','2020-07-08'),(247,'3457',17,'เด็กชาย','วรบรรณ','คำโฮม','1739902726048',1,'',8,0,0,NULL,'1349900687880','2020-07-13'),(249,'3455',16,'เด็กชาย','ชนันต์','สุบินตา','1609900915201',1,'',9,0,1,2564,'1349900687880','2020-07-13'),(250,'3454',7,'เด็กชาย','มณเฑียร','เมษาดี','1139000009551',1,'',9,0,1,2563,'1349900687880','2020-07-13'),(258,'3461',1,'เด็กชาย','ไกรวิชญ์','วังษาลุน','1348900399620',1,'',6,0,0,NULL,'1349900687880','2021-06-14'),(254,'3459',11,'เด็กหญิง','ลลิดา  ',' ส่องศรีโรจน์','1229901591917',2,'',7,0,0,NULL,'1349900687880','2020-11-06'),(256,'3453',14,'เด็กหญิง','พัทรนันท์','พลวิเศษ','1348900265321',2,'',8,0,2,2565,'3341501655665','2021-01-13'),(259,'3462',2,'เด็กชาย','ตุลภัทร','แก้วจันทร์','1219901675258',1,'',6,0,0,NULL,'1349900687880','2021-06-14'),(260,'3463',3,'เด็กชาย','ธนกร','กุลบุญญา','1342200166007',1,'',6,0,0,NULL,'1349900687880','2021-06-14'),(261,'3464',4,'เด็กชาย','บุณยวีร์','พรมมาโฮม','1349902129116',1,'',6,0,0,NULL,'1349900687880','2021-06-14'),(262,'3465',5,'เด็กชาย','ภูมิภัทร','อินนุพัฒน์','1349902151839',1,'',6,0,0,NULL,'1349900687880','2021-06-14'),(263,'3466',6,'เด็กชาย','วิรยะ','นิยม','1349902168081',1,'',6,0,0,NULL,'1349900687880','2021-06-14'),(264,'3467',7,'เด็กหญิง','เปรมสุดา','ทองพูล','1348900418772',2,'',6,0,0,NULL,'1349900687880','2021-06-14'),(265,'3468',8,'เด็กหญิง','พรธิมา','นิยม','1348900408921',2,'',6,0,2,2568,'1349900687880','2021-06-14'),(266,'3469',9,'เด็กหญิง','ลัดดา','วงค์ทอง','1349902138808',2,'',6,0,0,NULL,'1349900687880','2021-06-14'),(267,'3470',10,'เด็กหญิง','อัญธิชา','จันทาดี','1348900410160',2,'',6,0,0,NULL,'1349900687880','2021-06-14'),(269,'3473',11,'เด็กหญิง','เขมนิกา  ','หยุดชม','1349902150484',2,'',6,0,0,NULL,'1349900687880','2022-03-08'),(270,'3472',17,'เด็กชาย','พีรพัชร์   ',' ทองพูล','1709901898473',1,'',9,0,1,2566,'1349900687880','2022-03-08'),(271,'3471',19,'เด็กหญิง ','กนกฉัตร  ','ศรีสุธรรม','1100704542614',2,'',8,0,0,NULL,'1349900687880','2022-03-08'),(272,'3474',1,'เด็กชาย','ธนวิชญ์  ','ศรีสุธรรม','1417300098121',1,'',5,0,0,NULL,'1349900687880','2022-05-17'),(273,'3475',2,'เด็กชาย','ปัญญาภัทร ','ทองพูล','1348900430861',1,'',5,0,0,NULL,'1349900687880','2022-05-17'),(274,'3476',3,'เด็กชาย  ','ปรัชญา','บุญสิงห์','1348900429049',1,'',5,0,0,NULL,'1349900687880','2022-05-17'),(275,'3477',4,'เด็กชาย','พัชรพล  ','ชมภู','1348900434531',1,'',5,0,0,NULL,'1349900687880','2022-05-17'),(276,'3478',5,'เด็กชาย','พงศกร  ','พันธ์จันลา','1348900431761',1,'',5,0,2,2568,'1349900687880','2022-05-17'),(277,'3479',6,'เด็กชาย','วีรพล  ','โสสว่าง','1348800082942',1,'',5,0,0,NULL,'1349900687880','2022-05-17'),(278,'3480',7,'เด็กชาย','วีรภัทร ','ดาวสุข','1342200167135',1,'',5,0,0,NULL,'1349900687880','2022-05-17'),(279,'3481',8,'เด็กชาย','วรวุฒิ ','คำแพงนาค','1348900434417',1,'',5,0,0,NULL,'1349900687880','2022-05-17'),(280,'3482',9,'เด็กชาย','อภินันท์  ','โพธิศรี','1209001051983',1,'',5,0,0,NULL,'1349900687880','2022-05-17'),(281,'3483',10,'เด็กหญิง','กชพร  ','จิตรแสวง','1839902519963',1,'',5,0,0,NULL,'1349900687880','2022-05-17'),(282,'3484',11,'เด็กหญิง','กนกพร  ','แอมประชา','1348900446661',1,'',5,0,0,NULL,'1349900687880','2022-05-17'),(283,'3485',12,'เด็กหญิง','จินดารัตน์  ','สิงห์สาย','1100401836727',2,'',5,0,0,NULL,'1349900687880','2022-05-17'),(284,'3486',13,'เด็กหญิง','จิรภา  ','หยุดชม','1342200167666',2,'',5,0,0,NULL,'1349900687880','2022-05-17'),(285,'3487',14,'เด็กหญิง','ทักษพร  ','ศรีกระหวัน','1341501626090',2,'',5,0,0,NULL,'1349900687880','2022-05-17'),(286,'3488',15,'เด็กหญิง','ธัญสุดา  ','พรมด้วง','1348900437513',2,'',5,0,0,NULL,'1349900687880','2022-05-17'),(287,'3489',16,'เด็กหญิง','ศจิษฐา   ','เกิดโสม','1219901697154',1,'',5,0,0,NULL,'1349900687880','2022-05-17'),(288,'3490',17,'เด็กชาย','พัชรินทร์ ','พรมมาโฮม','1348900436568',1,'',5,0,0,NULL,'1349900687880','2022-05-17'),(289,'3493',18,'เด็กหญิง','สุวิภา  ','พาวัง','1209602033114',1,'',5,0,0,NULL,'1349900687880','2022-05-17'),(290,'3491',19,'เด็กชาย','ภาคิน   ','พิมพ์ทรัพย์','1100704696557',1,'',5,0,2,2568,'1349900687880','2022-05-17'),(291,'3492',20,'เด็กหญิง','บุณยกร  ','เมษาดี','1219700123452',2,'',2,0,2,2565,'1349900687880','2022-05-17'),(292,'3494',20,'เด็กหญิง','อภิญญา','พันธ์จันลา','129901469976',2,'',8,0,2,2566,'1349900687880','2022-11-07'),(293,'3495',11,'เด็กหญิง','นภัทสรา ',' แก้วจันทร์','1219901597087',2,'',7,0,0,NULL,'1349900687880','2023-03-13'),(307,'3510',19,'เด็กหญิง','อลิชา','โคตระ','1348900311960',2,'',9,0,1,2567,'1349900687880','2023-08-07'),(294,'3498',1,'เด็กชาย','ณัฐสิทธิ์','กระชิรมย์','1347600144293',1,'',4,0,0,NULL,'1349900687880','2023-05-12'),(295,'3499',2,'เด็กชาย','ธีรพงษ์','บุญถาวร','1249901240723',1,'',4,0,0,NULL,'1349900687880','2023-05-12'),(296,'3500',3,'เด็กชาย','ปัณณวิชญ์','เจริญทัศน์','1348900482667',1,'',4,0,0,NULL,'1349900687880','2023-05-12'),(297,'3501',4,'เด็กชาย','พีรดนย์','ลาชโรจน์','1347600144765',1,'',4,0,2,2568,'1349900687880','2023-05-12'),(298,'3502',4,'เด็กชาย','ภูมืพัฒน์','จำปารัตน์','1349902274175',1,'',4,0,0,NULL,'1349900687880','2023-05-12'),(299,'3503',5,'เด็กหญิง','พลอยชมพู','ศรีบุญเรือง','1348900474699',2,'',4,0,0,NULL,'1349900687880','2023-05-12'),(300,'3504',7,'เด็กหญิง','พิมพ์ลดา','พันจำนงค์','1348900491950',2,'',4,0,2,2568,'1349900687880','2023-05-12'),(301,'3505',6,'เด็กหญิง','วิภาดา','พาวัง','1209602084029',2,'',4,0,0,NULL,'1349900687880','2023-05-12'),(302,'3506',7,'เด็กหญิง','วิลาวัลย์','วันเพ็ญ','1348900467196',2,'',4,0,0,NULL,'1349900687880','2023-05-12'),(303,'3507',9,'เด็กหญิง','วรัญญา','ทองศรี','1348900490864',2,'',4,0,0,NULL,'1349900687880','2023-05-12'),(304,'3797',20,'เด็กหญิง','กชกร ',' สิงตะโคตร','1348900455864',2,'',5,0,0,NULL,'1349900687880','2023-05-12'),(305,'3508',12,'เด็กชาย','นพรัตน์  ','วรรณเพ็ญ','1341501627509',1,'',2,0,2,2567,'1349900687880','2023-06-08'),(306,'3509',20,'เด็กหญิง','ทิพวรรณ   ','วรรณเพ็ญ','1349901991400',2,'',6,0,2,2567,'1349900687880','2023-06-08'),(308,'3511',1,'เด็กชาย','ชัชรินทร์  ','ผุยประกอบ','1349902312069',1,'',3,0,0,NULL,'1349900687880','2024-05-16'),(309,'3512',2,'เด็กชาย','ทินภัทร  ','พวงศรีคุณ','1104301789500',1,'',3,0,0,NULL,'1349900687880','2024-05-16'),(310,'3513',3,'เด็กชาย','ธนธรณ์  ','ทิมา','1348900516952',1,'',2,0,2,2567,'1349900687880','2024-05-16'),(311,'3514',3,'เด็กชาย','นนท์พันธ์','  ยอดยิ่ง','1738300030869',1,'',3,0,0,NULL,'1349900687880','2024-05-16'),(312,'3515',4,'เด็กชาย','นฤเบศร์ ',' แจ่มฟ้า','1349902312328',1,'',3,0,0,NULL,'1349900687880','2024-05-16'),(313,'3516',6,'เด็กชาย','ปฐวี  ','กาติวงค์','1341501654832',1,'',3,0,2,2568,'1349900687880','2024-05-16'),(314,'3517',5,'เด็กชาย','ปรเมศวร์  ','ผุยประกอบ','1342200169014',2,'',3,0,0,NULL,'1349900687880','2024-05-16'),(315,'3518',6,'เด็กชาย','รฐากร  ','บาตรสุวรรณ','1149901607547',2,'',3,0,0,NULL,'1349900687880','2024-05-16'),(316,'3519',9,'เด็กชาย','วรดล   ','ประสงค์เสียง','1219700145600',2,'',3,0,2,2568,'1349900687880','2024-05-16'),(317,'3520',7,'เด็กหญิง','ณัฐพร ',' เลาลาด','1341501649049',2,'',3,0,0,NULL,'1349900687880','2024-05-16'),(318,'3521',8,'เด็กหญิง','ณิชารีย์ ',' สมาน','1349902319594',2,'',3,0,0,NULL,'1349900687880','2024-05-16'),(319,'3522',12,'เด็กหญิง','ประภาวดี ',' พันธ์จันลา','1348900519447',2,'',3,0,2,2568,'1349900687880','2024-05-16'),(320,'3523',9,'เด็กหญิง','พัชรพร ',' พรมมาโฮม','1348900504334',2,'',3,0,0,NULL,'1349900687880','2024-05-16'),(321,'3524',14,'เด็กหญิง','รุ่งนภา','  ธิวันดา','1348900511209',2,'',3,0,2,2568,'1349900687880','2024-05-16'),(322,'3525',12,'เด็กหญิง','วิชญาภรณ์  ','แวดสูงเนิน','1219901792483',2,'',3,0,0,NULL,'1349900687880','2024-06-19'),(323,'3526',13,'เด็กหญิง','สุดาพร ',' ผุยประกอบ','1341501649341',2,'',3,0,0,NULL,'1349900687880','2024-06-19'),(324,'3527',14,'เด็กหญิง','ไอรดา ',' จันทาดี','1348900517819',2,'',3,0,0,NULL,'1349900687880','2024-06-19'),(325,'3528',11,'เด็กหญิง','ปลายข้าว ',' อินทรเจริญสุข','1219700127482',2,'',4,0,2,2568,'1349900687880','2024-06-19'),(326,'2529',1,'เด็กหญิง','กนกนภา  ','แสนสุข','1348900412371',2,'',2,0,0,NULL,'1349900687880','2025-05-19'),(327,'2530',2,'เด็กชาย','จิรภัทร  ','ศรีนิล','1342200120241',1,'',2,0,0,NULL,'1349900687880','2025-05-19'),(328,'2531',3,'เด็กหญิง','ธัญญาพร  ','อินอนันต์','138900538522',2,'',2,0,0,NULL,'1349900687880','2025-05-19'),(329,'2532',4,'เด็กชาย','ฤทธินันท์  ','พินากัน','1349902352893',1,'',2,0,0,NULL,'1349900687880','2025-05-19'),(330,'2533',5,'เด็กหญิง','ปริดา  ','ศิริเชิด','1342200169961',2,'',2,0,0,NULL,'1349900687880','2025-05-19'),(331,'2534',6,'เด็กชาย','พิเชษฐ  ','วิลุน','1348900530840',1,'',2,0,0,NULL,'1349900687880','2025-05-19'),(332,'2535',7,'เด็กหญิง','วรรณิดา  ','พรมมาโฮม','1104301830941',2,'',2,0,0,NULL,'1349900687880','2025-05-19'),(333,'2536',8,'เด็กหญิง','วิลาไล  ','วันเพ็ญ','1348900436058',2,'',2,0,0,NULL,'1349900687880','2025-05-19'),(334,'2537',9,'เด็กหญิง','มณัฐพร ',' สากุลา','134990264778',2,'',2,0,0,NULL,'1349900687880','2025-05-19'),(335,'2539',11,'เด็กหญิง','วิลาสินี','วังษาลุน','1103200473816',2,'',3,0,0,NULL,'1349900687880','2025-06-05'),(336,'3538',8,'เด็กชาย','บารมี','โทพิลา','1341501635889',1,'',4,0,0,NULL,'1349900687880','2025-09-15'),(337,'3540',10,'เด็กชาย','พัฒน์สกรณ์  ',' สมอาจ','1279900670503',1,'',3,0,0,NULL,'1349900687880','2025-09-15');

--
-- Table structure for table `student_main_class`
--

CREATE TABLE `student_main_class` (
  `id` int(11) NOT NULL AUTO_INCREMENT,
  `class_code` tinyint(4) NOT NULL,
  `class_name` varchar(150) NOT NULL,
  PRIMARY KEY (`id`),
  UNIQUE KEY `class_code` (`class_code`)
) ENGINE=MyISAM AUTO_INCREMENT=9 DEFAULT CHARSET=utf8 COLLATE=utf8_general_ci;

--
-- Dumping data for table `student_main_class`
--

INSERT INTO `student_main_class` VALUES (1,2,'อนุบาล2'),(2,3,'อนุุบาล3'),(3,4,'ประถมศึกษาปีที่1'),(4,5,'ประถมศึกษาปีที่2'),(5,6,'ประถมศึกษาปีที่3'),(6,7,'ประถมศึกษาปีที่4'),(7,8,'ประถมศึกษาปีที่5'),(8,9,'ประถมศึกษาปีที่6');

--
-- Table structure for table `student_main_classlog`
--

CREATE TABLE `student_main_classlog` (
  `id` int(11) NOT NULL AUTO_INCREMENT,
  `ed_year` int(11) NOT NULL,
  `student_id` varchar(7) NOT NULL,
  `student_number` int(11) DEFAULT NULL,
  `class_code` tinyint(4) NOT NULL,
  `room` tinyint(4) DEFAULT 0,
  `officer` varchar(13) NOT NULL,
  `rec_date` date NOT NULL,
  PRIMARY KEY (`id`)
) ENGINE=MyISAM AUTO_INCREMENT=1411 DEFAULT CHARSET=utf8 COLLATE=utf8_general_ci;

--
-- Dumping data for table `student_main_classlog`
--

INSERT INTO `student_main_classlog` VALUES (1,2557,'3300',0,3,1,'3340701151236','2014-09-13'),(2,2557,'3301',0,3,1,'3340701151236','2014-09-13'),(3,2557,'3302',0,3,1,'3340701151236','2014-09-13'),(4,2557,'3303',0,3,1,'3340701151236','2014-09-13'),(5,2557,'3304',0,3,1,'3340701151236','2014-09-13'),(6,2557,'3305',0,3,1,'3340701151236','2014-09-13'),(7,2557,'3307',0,3,1,'3340701151236','2014-09-13'),(8,2557,'3308',0,3,1,'3340701151236','2014-09-13'),(9,2557,'3309',0,3,1,'3340701151236','2014-09-13'),(10,2557,'3310',0,3,1,'3340701151236','2014-09-13'),(11,2557,'3311',0,3,1,'3340701151236','2014-09-13'),(12,2557,'3312',0,3,1,'3340701151236','2014-09-13'),(13,2557,'3313',0,3,1,'3340701151236','2014-09-13'),(14,2557,'3314',0,3,1,'3340701151236','2014-09-13'),(15,2557,'3252',0,5,1,'3340701151236','2014-09-13'),(16,2557,'3253',0,5,1,'3340701151236','2014-09-13'),(17,2557,'3254',0,5,1,'3340701151236','2014-09-13'),(18,2557,'3255',0,5,1,'3340701151236','2014-09-13'),(19,2557,'3256',0,5,1,'3340701151236','2014-09-13'),(20,2557,'3257',0,5,1,'3340701151236','2014-09-13'),(21,2557,'3258',0,5,1,'3340701151236','2014-09-13'),(22,2557,'3259',0,5,1,'3340701151236','2014-09-13'),(23,2557,'3260',0,5,1,'3340701151236','2014-09-13'),(24,2557,'3261',0,5,1,'3340701151236','2014-09-13'),(25,2557,'3262',0,5,1,'3340701151236','2014-09-13'),(26,2557,'3263',0,5,1,'3340701151236','2014-09-13'),(27,2557,'3264',0,5,1,'3340701151236','2014-09-13'),(28,2557,'3265',0,5,1,'3340701151236','2014-09-13'),(29,2557,'3266',0,5,1,'3340701151236','2014-09-13'),(30,2557,'3267',0,5,1,'3340701151236','2014-09-13'),(31,2557,'3268',0,5,1,'3340701151236','2014-09-13'),(32,2557,'3269',0,5,1,'3340701151236','2014-09-13'),(33,2557,'3232',0,6,1,'3340701151236','2014-09-13'),(34,2557,'3233',0,6,1,'3340701151236','2014-09-13'),(35,2557,'3234',0,6,1,'3340701151236','2014-09-13'),(36,2557,'3236',0,6,1,'3340701151236','2014-09-13'),(37,2557,'3237',0,6,1,'3340701151236','2014-09-13'),(38,2557,'3240',0,6,1,'3340701151236','2014-09-13'),(39,2557,'3241',0,6,1,'3340701151236','2014-09-13'),(40,2557,'3242',0,6,1,'3340701151236','2014-09-13'),(41,2557,'3243',0,6,1,'3340701151236','2014-09-13'),(42,2557,'3204',0,7,1,'3340701151236','2014-09-13'),(43,2557,'3205',0,7,1,'3340701151236','2014-09-13'),(44,2557,'3206',0,7,1,'3340701151236','2014-09-13'),(45,2557,'3207',0,7,1,'3340701151236','2014-09-13'),(46,2557,'3208',0,7,1,'3340701151236','2014-09-13'),(47,2557,'3209',0,7,1,'3340701151236','2014-09-13'),(48,2557,'3210',0,7,1,'3340701151236','2014-09-13'),(49,2557,'3211',0,7,1,'3340701151236','2014-09-13'),(50,2557,'3212',0,7,1,'3340701151236','2014-09-13'),(51,2557,'3215',0,7,1,'3340701151236','2014-09-13'),(52,2557,'3216',0,7,1,'3340701151236','2014-09-13'),(53,2557,'3217',0,7,1,'3340701151236','2014-09-13'),(54,2557,'3218',0,7,1,'3340701151236','2014-09-13'),(55,2557,'3220',0,7,1,'3340701151236','2014-09-13'),(56,2557,'3222',0,7,1,'3340701151236','2014-09-13'),(57,2557,'3223',0,7,1,'3340701151236','2014-09-13'),(58,2557,'3225',0,7,1,'3340701151236','2014-09-13'),(59,2557,'3227',0,7,1,'3340701151236','2014-09-13'),(60,2557,'3230',0,7,1,'3340701151236','2014-09-13'),(61,2557,'3247',0,7,1,'3340701151236','2014-09-13'),(62,2557,'3188',0,8,1,'3340701151236','2014-09-13'),(63,2557,'3189',0,8,1,'3340701151236','2014-09-13'),(64,2557,'3190',0,8,1,'3340701151236','2014-09-13'),(65,2557,'3192',0,8,1,'3340701151236','2014-09-13'),(66,2557,'3193',0,8,1,'3340701151236','2014-09-13'),(67,2557,'3194',0,8,1,'3340701151236','2014-09-13'),(68,2557,'3195',0,8,1,'3340701151236','2014-09-13'),(69,2557,'3196',0,8,1,'3340701151236','2014-09-13'),(70,2557,'3198',0,8,1,'3340701151236','2014-09-13'),(71,2557,'3203',0,8,1,'3340701151236','2014-09-13'),(72,2557,'3228',0,8,1,'3340701151236','2014-09-13'),(73,2557,'3229',0,8,1,'3340701151236','2014-09-13'),(74,2557,'3167',0,9,1,'3340701151236','2014-09-13'),(75,2557,'3169',0,9,1,'3340701151236','2014-09-13'),(76,2557,'3170',0,9,1,'3340701151236','2014-09-13'),(77,2557,'3171',0,9,1,'3340701151236','2014-09-13'),(78,2557,'3172',0,9,1,'3340701151236','2014-09-13'),(79,2557,'3174',0,9,1,'3340701151236','2014-09-13'),(80,2557,'3175',0,9,1,'3340701151236','2014-09-13'),(81,2557,'3176',0,9,1,'3340701151236','2014-09-13'),(82,2557,'3177',0,9,1,'3340701151236','2014-09-13'),(83,2557,'3179',0,9,1,'3340701151236','2014-09-13'),(84,2557,'3181',0,9,1,'3340701151236','2014-09-13'),(85,2557,'3184',0,9,1,'3340701151236','2014-09-13'),(86,2558,'3339',1,2,0,'3341501655665','2015-09-22'),(87,2558,'3340',2,2,0,'3341501655665','2015-09-22'),(88,2558,'3341',3,2,0,'3341501655665','2015-09-22'),(89,2558,'3342',4,2,0,'3341501655665','2015-09-22'),(90,2558,'3343',5,2,0,'3341501655665','2015-09-22'),(91,2558,'3344',6,2,0,'3341501655665','2015-09-22'),(92,2558,'3345',7,2,0,'3341501655665','2015-09-22'),(93,2558,'3346',8,2,0,'3341501655665','2015-09-22'),(94,2558,'3347',9,2,0,'3341501655665','2015-09-22'),(95,2558,'3348',10,2,0,'3341501655665','2015-09-22'),(96,2558,'3349',11,2,0,'3341501655665','2015-09-22'),(97,2558,'3350',12,2,0,'3341501655665','2015-09-22'),(98,2558,'3351',13,2,0,'3341501655665','2015-09-22'),(99,2558,'3318',1,3,0,'3341501655665','2015-09-22'),(100,2558,'3319',2,3,0,'3341501655665','2015-09-22'),(101,2558,'3320',3,3,0,'3341501655665','2015-09-22'),(102,2558,'3321',4,3,0,'3341501655665','2015-09-22'),(103,2558,'3322',5,3,0,'3341501655665','2015-09-22'),(104,2558,'3323',6,3,0,'3341501655665','2015-09-22'),(105,2558,'3324',7,3,0,'3341501655665','2015-09-22'),(106,2558,'3325',8,3,0,'3341501655665','2015-09-22'),(107,2558,'3326',9,3,0,'3341501655665','2015-09-22'),(108,2558,'3328',10,3,0,'3341501655665','2015-09-22'),(109,2558,'3329',11,3,0,'3341501655665','2015-09-22'),(110,2558,'3330',12,3,0,'3341501655665','2015-09-22'),(111,2558,'3331',13,3,0,'3341501655665','2015-09-22'),(112,2558,'3332',14,3,0,'3341501655665','2015-09-22'),(113,2558,'3333',15,3,0,'3341501655665','2015-09-22'),(114,2558,'3300',1,4,1,'3341501655665','2015-09-22'),(115,2558,'3301',2,4,1,'3341501655665','2015-09-22'),(116,2558,'3302',3,4,1,'3341501655665','2015-09-22'),(117,2558,'3303',4,4,1,'3341501655665','2015-09-22'),(118,2558,'3305',5,4,1,'3341501655665','2015-09-22'),(119,2558,'3307',6,4,1,'3341501655665','2015-09-22'),(120,2558,'3308',7,4,1,'3341501655665','2015-09-22'),(121,2558,'3309',8,4,1,'3341501655665','2015-09-22'),(122,2558,'3310',9,4,1,'3341501655665','2015-09-22'),(123,2558,'3311',10,4,1,'3341501655665','2015-09-22'),(124,2558,'3312',11,4,1,'3341501655665','2015-09-22'),(125,2558,'3313',12,4,1,'3341501655665','2015-09-22'),(126,2558,'3314',13,4,1,'3341501655665','2015-09-22'),(127,2558,'3277',1,5,0,'3341501655665','2015-09-22'),(128,2558,'3278',2,5,0,'3341501655665','2015-09-22'),(129,2558,'3279',3,5,0,'3341501655665','2015-09-22'),(130,2558,'3280',4,5,0,'3341501655665','2015-09-22'),(131,2558,'3281',5,5,0,'3341501655665','2015-09-22'),(132,2558,'3282',6,5,0,'3341501655665','2015-09-22'),(133,2558,'3283',7,5,0,'3341501655665','2015-09-22'),(134,2558,'3284',8,5,0,'3341501655665','2015-09-22'),(135,2558,'3285',9,5,0,'3341501655665','2015-09-22'),(136,2558,'3286',10,5,0,'3341501655665','2015-09-22'),(137,2558,'3287',11,5,0,'3341501655665','2015-09-22'),(138,2558,'3288',12,5,0,'3341501655665','2015-09-22'),(139,2558,'3289',13,5,0,'3341501655665','2015-09-22'),(140,2558,'3290',14,5,0,'3341501655665','2015-09-22'),(141,2558,'3291',15,5,0,'3341501655665','2015-09-22'),(142,2558,'3292',16,5,0,'3341501655665','2015-09-22'),(143,2558,'3293',17,5,0,'3341501655665','2015-09-22'),(144,2558,'3294',18,5,0,'3341501655665','2015-09-22'),(145,2558,'3296',19,5,0,'3341501655665','2015-09-22'),(146,2558,'3337',20,5,0,'3341501655665','2015-09-22'),(147,2558,'3252',1,6,1,'3341501655665','2015-09-22'),(148,2558,'3253',2,6,1,'3341501655665','2015-09-22'),(149,2558,'3254',3,6,1,'3341501655665','2015-09-22'),(150,2558,'3255',4,6,1,'3341501655665','2015-09-22'),(151,2558,'3256',5,6,1,'3341501655665','2015-09-22'),(152,2558,'3257',6,6,1,'3341501655665','2015-09-22'),(153,2558,'3258',7,6,1,'3341501655665','2015-09-22'),(154,2558,'3259',8,6,1,'3341501655665','2015-09-22'),(155,2558,'3260',9,6,1,'3341501655665','2015-09-22'),(156,2558,'3261',10,6,1,'3341501655665','2015-09-22'),(157,2558,'3262',11,6,1,'3341501655665','2015-09-22'),(158,2558,'3263',12,6,1,'3341501655665','2015-09-22'),(159,2558,'3264',13,6,1,'3341501655665','2015-09-22'),(160,2558,'3265',14,6,1,'3341501655665','2015-09-22'),(161,2558,'3266',15,6,1,'3341501655665','2015-09-22'),(162,2558,'3267',16,6,1,'3341501655665','2015-09-22'),(163,2558,'3268',17,6,1,'3341501655665','2015-09-22'),(164,2558,'3269',18,6,1,'3341501655665','2015-09-22'),(165,2558,'3317',19,6,1,'3341501655665','2015-09-22'),(166,2558,'3232',1,7,1,'3341501655665','2015-09-22'),(167,2558,'3233',2,7,1,'3341501655665','2015-09-22'),(168,2558,'3234',3,7,1,'3341501655665','2015-09-22'),(169,2558,'3236',4,7,1,'3341501655665','2015-09-22'),(170,2558,'3237',5,7,1,'3341501655665','2015-09-22'),(171,2558,'3240',6,7,1,'3341501655665','2015-09-22'),(172,2558,'3241',7,7,1,'3341501655665','2015-09-22'),(173,2558,'3242',8,7,1,'3341501655665','2015-09-22'),(174,2558,'3243',9,7,1,'3341501655665','2015-09-22'),(175,2558,'3246',10,7,1,'3341501655665','2015-09-22'),(176,2558,'3338',11,7,1,'3341501655665','2015-09-22'),(177,2558,'3204',1,8,1,'3341501655665','2015-09-22'),(178,2558,'3205',2,8,1,'3341501655665','2015-09-22'),(179,2558,'3206',3,8,1,'3341501655665','2015-09-22'),(180,2558,'3207',4,8,1,'3341501655665','2015-09-22'),(181,2558,'3208',5,8,1,'3341501655665','2015-09-22'),(182,2558,'3209',6,8,1,'3341501655665','2015-09-22'),(183,2558,'3210',7,8,1,'3341501655665','2015-09-22'),(184,2558,'3211',8,8,1,'3341501655665','2015-09-22'),(185,2558,'3212',9,8,1,'3341501655665','2015-09-22'),(186,2558,'3215',10,8,1,'3341501655665','2015-09-22'),(187,2558,'3216',11,8,1,'3341501655665','2015-09-22'),(188,2558,'3217',12,8,1,'3341501655665','2015-09-22'),(189,2558,'3218',13,8,1,'3341501655665','2015-09-22'),(190,2558,'3220',14,8,1,'3341501655665','2015-09-22'),(191,2558,'3222',15,8,1,'3341501655665','2015-09-22'),(192,2558,'3223',16,8,1,'3341501655665','2015-09-22'),(193,2558,'3225',17,8,1,'3341501655665','2015-09-22'),(194,2558,'3227',18,8,1,'3341501655665','2015-09-22'),(195,2558,'3247',19,8,1,'3341501655665','2015-09-22'),(196,2558,'3226',20,8,1,'3341501655665','2015-09-22'),(197,2558,'3336',21,8,1,'3341501655665','2015-09-22'),(198,2558,'3188',1,9,1,'3341501655665','2015-09-22'),(199,2558,'3190',2,9,1,'3341501655665','2015-09-22'),(200,2558,'3193',3,9,1,'3341501655665','2015-09-22'),(201,2558,'3189',4,9,1,'3341501655665','2015-09-22'),(202,2558,'3192',5,9,1,'3341501655665','2015-09-22'),(203,2558,'3194',6,9,1,'3341501655665','2015-09-22'),(204,2558,'3195',7,9,1,'3341501655665','2015-09-22'),(205,2558,'3196',8,9,1,'3341501655665','2015-09-22'),(206,2558,'3198',9,9,1,'3341501655665','2015-09-22'),(207,2558,'3203',10,9,1,'3341501655665','2015-09-22'),(208,2558,'3228',11,9,1,'3341501655665','2015-09-22'),(209,2558,'3229',12,9,1,'3341501655665','2015-09-22'),(210,2558,'3353',16,3,1,'3341501655665','2016-07-16'),(211,2558,'3354',14,2,1,'3341501655665','2016-07-16'),(212,2559,'3356',1,2,0,'3341500795692','2016-07-22'),(213,2559,'3357',2,2,0,'3341500795692','2016-07-22'),(214,2559,'3358',3,2,0,'3341500795692','2016-07-22'),(215,2559,'3359',4,2,0,'3341500795692','2016-07-22'),(216,2559,'3360',5,2,0,'3341500795692','2016-07-22'),(217,2559,'3339',1,3,0,'3341500795692','2016-07-22'),(218,2559,'3340',2,3,0,'3341500795692','2016-07-22'),(219,2559,'3341',3,3,0,'3341500795692','2016-07-22'),(220,2559,'3342',4,3,0,'3341500795692','2016-07-22'),(221,2559,'3343',5,3,0,'3341500795692','2016-07-22'),(222,2559,'3344',6,3,0,'3341500795692','2016-07-22'),(223,2559,'3345',7,3,0,'3341500795692','2016-07-22'),(224,2559,'3346',8,3,0,'3341500795692','2016-07-22'),(225,2559,'3347',9,3,0,'3341500795692','2016-07-22'),(226,2559,'3348',10,3,0,'3341500795692','2016-07-22'),(637,2562,'3379',5,4,0,'3340701151236','2019-09-13'),(228,2559,'3350',12,3,0,'3341500795692','2016-07-22'),(229,2559,'3351',13,3,0,'3341500795692','2016-07-22'),(230,2559,'3354',14,3,1,'3341500795692','2016-07-22'),(231,2559,'3318',1,4,0,'3341500795692','2016-07-22'),(232,2559,'3319',2,4,0,'3341500795692','2016-07-22'),(233,2559,'3320',3,4,0,'3341500795692','2016-07-22'),(234,2559,'3321',4,4,0,'3341500795692','2016-07-22'),(235,2559,'3322',5,4,0,'3341500795692','2016-07-22'),(236,2559,'3323',6,4,0,'3341500795692','2016-07-22'),(237,2559,'3324',7,4,0,'3341500795692','2016-07-22'),(238,2559,'3325',8,4,0,'3341500795692','2016-07-22'),(239,2559,'3326',9,4,0,'3341500795692','2016-07-22'),(240,2559,'3328',10,4,0,'3341500795692','2016-07-22'),(241,2559,'3329',11,4,0,'3341500795692','2016-07-22'),(242,2559,'3330',12,4,0,'3341500795692','2016-07-22'),(243,2559,'3331',13,4,0,'3341500795692','2016-07-22'),(244,2559,'3332',14,4,0,'3341500795692','2016-07-22'),(245,2559,'3333',15,4,0,'3341500795692','2016-07-22'),(246,2559,'3353',16,4,0,'3341500795692','2016-07-22'),(247,2559,'3355',17,4,0,'3341500795692','2016-07-22'),(248,2559,'3352',18,4,0,'3341500795692','2016-07-22'),(249,2559,'3300',1,5,1,'3341500795692','2016-07-22'),(250,2559,'3301',2,5,1,'3341500795692','2016-07-22'),(251,2559,'3302',3,5,1,'3341500795692','2016-07-22'),(252,2559,'3303',4,5,1,'3341500795692','2016-07-22'),(253,2559,'3305',5,5,1,'3341500795692','2016-07-22'),(254,2559,'3307',6,5,1,'3341500795692','2016-07-22'),(255,2559,'3308',7,5,1,'3341500795692','2016-07-22'),(256,2559,'3309',8,5,1,'3341500795692','2016-07-22'),(257,2559,'3310',9,5,1,'3341500795692','2016-07-22'),(258,2559,'3311',10,5,1,'3341500795692','2016-07-22'),(259,2559,'3312',11,5,1,'3341500795692','2016-07-22'),(260,2559,'3313',12,5,1,'3341500795692','2016-07-22'),(261,2559,'3314',13,5,1,'3341500795692','2016-07-22'),(262,2559,'3277',1,6,0,'3341500795692','2016-07-22'),(263,2559,'3278',2,6,0,'3341500795692','2016-07-22'),(264,2559,'3279',3,6,0,'3341500795692','2016-07-22'),(265,2559,'3280',4,6,0,'3341500795692','2016-07-22'),(266,2559,'3281',5,6,0,'3341500795692','2016-07-22'),(267,2559,'3282',6,6,0,'3341500795692','2016-07-22'),(268,2559,'3283',7,6,0,'3341500795692','2016-07-22'),(269,2559,'3284',8,6,0,'3341500795692','2016-07-22'),(270,2559,'3285',9,6,0,'3341500795692','2016-07-22'),(271,2559,'3286',10,6,0,'3341500795692','2016-07-22'),(272,2559,'3287',11,6,0,'3341500795692','2016-07-22'),(273,2559,'3288',12,6,0,'3341500795692','2016-07-22'),(274,2559,'3289',13,6,0,'3341500795692','2016-07-22'),(275,2559,'3290',14,6,0,'3341500795692','2016-07-22'),(276,2559,'3291',15,6,0,'3341500795692','2016-07-22'),(277,2559,'3292',16,6,0,'3341500795692','2016-07-22'),(278,2559,'3293',17,6,0,'3341500795692','2016-07-22'),(279,2559,'3294',18,6,0,'3341500795692','2016-07-22'),(280,2559,'3296',19,6,0,'3341500795692','2016-07-22'),(281,2559,'3337',20,6,0,'3341500795692','2016-07-22'),(282,2559,'3252',1,7,1,'3341500795692','2016-07-22'),(283,2559,'3253',2,7,1,'3341500795692','2016-07-22'),(284,2559,'3254',3,7,1,'3341500795692','2016-07-22'),(333,2559,'3361',6,2,0,'3341500795692','2017-06-06'),(286,2559,'3256',5,7,1,'3341500795692','2016-07-22'),(287,2559,'3257',6,7,1,'3341500795692','2016-07-22'),(288,2559,'3258',7,7,1,'3341500795692','2016-07-22'),(289,2559,'3259',8,7,1,'3341500795692','2016-07-22'),(290,2559,'3260',9,7,1,'3341500795692','2016-07-22'),(291,2559,'3261',10,7,1,'3341500795692','2016-07-22'),(292,2559,'3262',11,7,1,'3341500795692','2016-07-22'),(293,2559,'3263',12,7,1,'3341500795692','2016-07-22'),(294,2559,'3264',13,7,1,'3341500795692','2016-07-22'),(295,2559,'3265',14,7,1,'3341500795692','2016-07-22'),(296,2559,'3266',15,7,1,'3341500795692','2016-07-22'),(297,2559,'3267',16,7,1,'3341500795692','2016-07-22'),(298,2559,'3268',17,7,1,'3341500795692','2016-07-22'),(299,2559,'3269',18,7,1,'3341500795692','2016-07-22'),(300,2559,'3317',19,7,1,'3341500795692','2016-07-22'),(301,2559,'3232',1,8,1,'3341500795692','2016-07-22'),(302,2559,'3233',2,8,1,'3341500795692','2016-07-22'),(303,2559,'3234',3,8,1,'3341500795692','2016-07-22'),(304,2559,'3236',4,8,1,'3341500795692','2016-07-22'),(305,2559,'3237',5,8,1,'3341500795692','2016-07-22'),(306,2559,'3240',6,8,1,'3341500795692','2016-07-22'),(307,2559,'3241',7,8,1,'3341500795692','2016-07-22'),(308,2559,'3242',8,8,1,'3341500795692','2016-07-22'),(309,2559,'3243',9,8,1,'3341500795692','2016-07-22'),(310,2559,'3246',10,8,1,'3341500795692','2016-07-22'),(311,2559,'3338',11,8,1,'3341500795692','2016-07-22'),(312,2559,'3204',1,9,1,'3341500795692','2016-07-22'),(313,2559,'3205',2,9,1,'3341500795692','2016-07-22'),(314,2559,'3206',3,9,1,'3341500795692','2016-07-22'),(315,2559,'3207',4,9,1,'3341500795692','2016-07-22'),(316,2559,'3208',5,9,1,'3341500795692','2016-07-22'),(317,2559,'3209',6,9,1,'3341500795692','2016-07-22'),(318,2559,'3210',7,9,1,'3341500795692','2016-07-22'),(319,2559,'3211',8,9,1,'3341500795692','2016-07-22'),(320,2559,'3212',9,9,1,'3341500795692','2016-07-22'),(321,2559,'3215',10,9,1,'3341500795692','2016-07-22'),(322,2559,'3216',11,9,1,'3341500795692','2016-07-22'),(323,2559,'3217',12,9,1,'3341500795692','2016-07-22'),(324,2559,'3218',13,9,1,'3341500795692','2016-07-22'),(325,2559,'3220',14,9,1,'3341500795692','2016-07-22'),(326,2559,'3222',15,9,1,'3341500795692','2016-07-22'),(327,2559,'3223',16,9,1,'3341500795692','2016-07-22'),(328,2559,'3225',17,9,1,'3341500795692','2016-07-22'),(329,2559,'3227',18,9,1,'3341500795692','2016-07-22'),(330,2559,'3247',19,9,1,'3341500795692','2016-07-22'),(331,2559,'3226',20,9,1,'3341500795692','2016-07-22'),(332,2559,'3336',21,9,1,'3341500795692','2016-07-22'),(334,2559,'3362',7,2,0,'3341500795692','2017-06-06'),(335,2559,'3363',8,2,0,'3341500795692','2017-06-06'),(336,2559,'3364',9,2,0,'3341500795692','2017-06-06'),(337,2559,'3365',10,2,0,'3341500795692','2017-06-06'),(338,2559,'3366',11,2,0,'3341500795692','2017-06-06'),(339,2559,'3367',12,2,0,'3341500795692','2017-06-06'),(340,2559,'3368',13,2,0,'3341500795692','2017-06-06'),(341,2559,'3369',14,2,0,'3341500795692','2017-06-06'),(342,2559,'3372',15,2,0,'3341500795692','2017-06-06'),(343,2560,'3204',1,9,0,'3341501655665','2017-06-16'),(344,2560,'3205',2,9,0,'3341501655665','2017-06-16'),(345,2560,'3206',3,9,0,'3341501655665','2017-06-16'),(346,2560,'3207',4,9,0,'3341501655665','2017-06-16'),(347,2560,'3208',5,9,0,'3341501655665','2017-06-16'),(348,2560,'3209',6,9,0,'3341501655665','2017-06-16'),(349,2560,'3210',7,9,0,'3341501655665','2017-06-16'),(350,2560,'3211',8,9,0,'3341501655665','2017-06-16'),(351,2560,'3212',9,9,0,'3341501655665','2017-06-16'),(352,2560,'3215',10,9,0,'3341501655665','2017-06-16'),(353,2560,'3216',11,9,0,'3341501655665','2017-06-16'),(354,2560,'3217',12,9,0,'3341501655665','2017-06-16'),(355,2560,'3218',13,9,0,'3341501655665','2017-06-16'),(356,2560,'3220',14,9,0,'3341501655665','2017-06-16'),(357,2560,'3222',15,9,0,'3341501655665','2017-06-16'),(358,2560,'3223',16,9,0,'3341501655665','2017-06-16'),(359,2560,'3225',17,9,0,'3341501655665','2017-06-16'),(360,2560,'3227',18,9,0,'3341501655665','2017-06-16'),(361,2560,'3247',19,9,0,'3341501655665','2017-06-16'),(362,2560,'3226',20,9,0,'3341501655665','2017-06-16'),(363,2560,'3336',21,9,0,'3341501655665','2017-06-16'),(364,2560,'3335',22,9,0,'3341501655665','2017-06-16'),(365,2560,'3371',23,9,0,'3341501655665','2017-06-16'),(366,2560,'3343',5,4,0,'3341500795692','2017-06-17'),(367,2560,'3349',11,4,0,'3341500795692','2017-06-17'),(368,2560,'3366',11,4,0,'3341500795692','2017-06-17'),(369,2560,'3307',6,5,0,'3341500795692','2017-06-17'),(370,2560,'3268',17,8,0,'3341500795692','2017-06-17'),(371,2560,'3293',17,7,0,'3341500795692','2017-06-17'),(372,2560,'3283',7,7,0,'3341501655665','2017-11-30'),(373,2560,'3252',1,8,0,'3341501655665','2018-05-31'),(374,2560,'3253',2,8,0,'3341501655665','2018-05-31'),(375,2560,'3254',3,8,0,'3341501655665','2018-05-31'),(376,2560,'3256',4,8,0,'3341501655665','2018-05-31'),(377,2560,'3289',13,7,0,'3341501655665','2018-09-22'),(378,2560,'3290',14,7,0,'3341501655665','2018-09-22'),(379,2560,'3291',15,7,0,'3341501655665','2018-09-22'),(380,2560,'3292',16,7,0,'3341501655665','2018-09-22'),(381,2560,'3294',17,7,0,'3341501655665','2018-09-22'),(382,2560,'3296',18,7,0,'3341501655665','2018-09-22'),(383,2560,'3337',19,7,0,'3341501655665','2018-09-22'),(384,2560,'3398',20,7,0,'3341501655665','2018-09-22'),(385,2560,'3257',5,8,0,'3341501655665','2018-09-22'),(386,2560,'3258',6,8,0,'3341501655665','2018-09-22'),(387,2560,'3259',7,8,0,'3341501655665','2018-09-22'),(388,2560,'3317',8,8,0,'3341501655665','2018-09-22'),(389,2560,'3251',9,8,0,'3341501655665','2018-09-22'),(390,2560,'3260',10,8,0,'3341501655665','2018-09-22'),(391,2560,'3261',11,8,0,'3341501655665','2018-09-22'),(392,2560,'3262',12,8,0,'3341501655665','2018-09-22'),(393,2560,'3263',13,8,0,'3341501655665','2018-09-22'),(394,2560,'3264',14,8,0,'3341501655665','2018-09-22'),(395,2560,'3265',15,8,0,'3341501655665','2018-09-22'),(396,2560,'3266',16,8,0,'3341501655665','2018-09-22'),(397,2560,'3267',17,8,0,'3341501655665','2018-09-22'),(398,2560,'3269',18,8,0,'3341501655665','2018-09-22'),(399,2560,'3396',19,8,0,'3341501655665','2018-09-22'),(400,2560,'3232',1,9,0,'3341501655665','2018-09-22'),(401,2560,'3233',2,9,0,'3341501655665','2018-09-22'),(402,2560,'3234',3,9,0,'3341501655665','2018-09-22'),(403,2560,'3236',4,9,0,'3341501655665','2018-09-22'),(404,2560,'3237',5,9,0,'3341501655665','2018-09-22'),(405,2560,'3240',6,9,0,'3341501655665','2018-09-22'),(406,2560,'3241',7,9,0,'3341501655665','2018-09-22'),(407,2560,'3242',8,9,0,'3341501655665','2018-09-22'),(408,2560,'3243',9,9,0,'3341501655665','2018-09-22'),(409,2560,'3246',10,9,0,'3341501655665','2018-09-22'),(410,2560,'3338',11,9,0,'3341501655665','2018-09-22'),(411,2561,'3269',18,9,0,'3341501655665','2018-09-24'),(412,2561,'3246',10,9,0,'3341501655665','2018-09-24'),(413,2561,'3232',1,9,0,'3341501655665','2018-09-24'),(414,2561,'3234',3,9,0,'3341501655665','2018-09-24'),(415,2561,'3236',4,9,0,'3341501655665','2018-09-24'),(416,2561,'3240',6,9,0,'3341501655665','2018-09-24'),(417,2561,'3241',7,9,0,'3341501655665','2018-09-24'),(418,2561,'3243',9,9,0,'3341501655665','2018-09-24'),(419,2561,'3237',5,9,0,'3341501655665','2018-09-27'),(420,2561,'3242',8,9,0,'3341501655665','2018-09-27'),(421,2560,'3300',1,6,0,'3341501655665','2018-09-27'),(422,2560,'3301',2,6,0,'3341501655665','2018-09-27'),(423,2560,'3302',3,6,0,'3341501655665','2018-09-27'),(424,2560,'3303',4,6,0,'3341501655665','2018-09-27'),(425,2560,'3305',5,6,0,'3341501655665','2018-09-27'),(426,2560,'3308',6,6,0,'3341501655665','2018-09-27'),(427,2560,'3309',7,6,0,'3341501655665','2018-09-27'),(428,2560,'3310',8,6,0,'3341501655665','2018-09-27'),(429,2560,'3311',9,6,0,'3341501655665','2018-09-27'),(430,2560,'3312',10,6,0,'3341501655665','2018-09-27'),(431,2560,'3313',11,6,0,'3341501655665','2018-09-27'),(432,2560,'3314',12,6,0,'3341501655665','2018-09-27'),(433,2560,'3318',1,5,0,'3341501655665','2018-09-27'),(434,2560,'3319',2,5,0,'3341501655665','2018-09-27'),(435,2560,'3320',3,5,0,'3341501655665','2018-09-27'),(436,2560,'3321',4,5,0,'3341501655665','2018-09-27'),(437,2560,'3322',5,5,0,'3341501655665','2018-09-27'),(438,2560,'3323',6,5,0,'3341501655665','2018-09-27'),(439,2560,'3324',7,5,0,'3341501655665','2018-09-27'),(440,2560,'3325',8,5,0,'3341501655665','2018-09-27'),(441,2560,'3326',9,5,0,'3341501655665','2018-09-27'),(442,2560,'3328',10,5,0,'3341501655665','2018-09-27'),(443,2560,'3329',11,5,0,'3341501655665','2018-09-27'),(444,2560,'3330',12,5,0,'3341501655665','2018-09-27'),(445,2560,'3331',13,5,0,'3341501655665','2018-09-27'),(446,2560,'3332',14,5,0,'3341501655665','2018-09-27'),(447,2560,'3333',15,5,0,'3341501655665','2018-09-27'),(448,2560,'3353',16,5,0,'3341501655665','2018-09-27'),(449,2560,'3355',17,5,0,'3341501655665','2018-09-27'),(450,2560,'3352',18,5,0,'3341501655665','2018-09-27'),(451,2560,'3397',19,5,0,'3341501655665','2018-09-27'),(452,2560,'3339',1,4,0,'3341501655665','2018-09-27'),(453,2560,'3340',2,4,0,'3341501655665','2018-09-27'),(454,2560,'3341',3,4,0,'3341501655665','2018-09-27'),(455,2560,'3342',4,4,0,'3341501655665','2018-09-27'),(456,2560,'3344',5,4,0,'3341501655665','2018-09-27'),(457,2560,'3345',6,4,0,'3341501655665','2018-09-27'),(458,2560,'3346',7,4,0,'3341501655665','2018-09-27'),(459,2560,'3347',8,4,0,'3341501655665','2018-09-27'),(460,2560,'3348',9,4,0,'3341501655665','2018-09-27'),(461,2560,'3350',10,4,0,'3341501655665','2018-09-27'),(462,2560,'3351',11,4,0,'3341501655665','2018-09-27'),(463,2560,'3354',12,4,0,'3341501655665','2018-09-27'),(464,2560,'3356',1,3,0,'3341501655665','2018-09-27'),(465,2560,'3357',2,3,0,'3341501655665','2018-09-27'),(466,2560,'3358',3,3,0,'3341501655665','2018-09-27'),(467,2560,'3359',4,3,0,'3341501655665','2018-09-27'),(468,2560,'3360',5,3,0,'3341501655665','2018-09-27'),(469,2560,'3361',6,3,0,'3341501655665','2018-09-27'),(470,2560,'3362',7,3,0,'3341501655665','2018-09-27'),(471,2560,'3363',8,3,0,'3341501655665','2018-09-27'),(472,2560,'3395',9,3,0,'3341501655665','2018-09-27'),(473,2560,'3364',10,3,0,'3341501655665','2018-09-27'),(474,2560,'3365',10,3,0,'3341501655665','2018-09-27'),(475,2560,'3367',12,3,0,'3341501655665','2018-09-27'),(476,2560,'3368',13,3,0,'3341501655665','2018-09-27'),(477,2560,'3369',14,3,0,'3341501655665','2018-09-27'),(478,2560,'3372',15,3,0,'3341501655665','2018-09-27'),(479,2560,'3374',1,2,0,'3341501655665','2018-09-27'),(480,2560,'3375',2,2,0,'3341501655665','2018-09-27'),(481,2560,'3376',3,2,0,'3341501655665','2018-09-27'),(482,2560,'3377',4,2,0,'3341501655665','2018-09-27'),(483,2560,'3378',6,2,0,'3341501655665','2018-09-27'),(484,2560,'3379',7,2,0,'3341501655665','2018-09-27'),(485,2560,'3380',8,2,0,'3341501655665','2018-09-27'),(486,2560,'3381',9,2,0,'3341501655665','2018-09-27'),(487,2560,'3382',10,2,0,'3341501655665','2018-09-27'),(488,2560,'3383',11,2,0,'3341501655665','2018-09-27'),(489,2560,'3384',12,2,0,'3341501655665','2018-09-27'),(490,2560,'3385',13,2,0,'3341501655665','2018-09-27'),(491,2560,'3386',14,2,0,'3341501655665','2018-09-27'),(492,2560,'3387',15,2,0,'3341501655665','2018-09-27'),(493,2560,'3388',16,2,0,'3341501655665','2018-09-27'),(494,2560,'3389',17,2,0,'3341501655665','2018-09-27'),(495,2560,'3390',18,2,0,'3341501655665','2018-09-27'),(496,2560,'3391',19,2,0,'3341501655665','2018-09-27'),(497,2560,'3392',20,2,0,'3341501655665','2018-09-27'),(498,2560,'3393',21,2,0,'3341501655665','2018-09-27'),(499,2560,'3394',22,2,0,'3341501655665','2018-09-27'),(500,2561,'3359',4,4,0,'3341501655665','2018-11-08'),(501,2561,'3376',3,3,0,'3341501655665','2019-01-22'),(502,2561,'3401',1,2,0,'1349900687880','2019-01-31'),(503,2561,'3402',2,2,0,'1349900687880','2019-01-31'),(504,2561,'3403',3,2,0,'1349900687880','2019-01-31'),(505,2561,'3404',4,2,0,'1349900687880','2019-01-31'),(506,2561,'3405',5,2,0,'1349900687880','2019-01-31'),(507,2561,'3406',6,2,0,'1349900687880','2019-01-31'),(508,2561,'3407',7,2,0,'1349900687880','2019-01-31'),(509,2561,'3408',8,2,0,'1349900687880','2019-01-31'),(510,2561,'3409',9,2,0,'1349900687880','2019-01-31'),(511,2561,'3410',10,2,0,'1349900687880','2019-01-31'),(512,2561,'3411',11,2,0,'1349900687880','2019-01-31'),(513,2561,'3412',12,2,0,'1349900687880','2019-01-31'),(514,2561,'3413',13,2,0,'1349900687880','2019-01-31'),(515,2561,'3414',14,2,0,'1349900687880','2019-01-31'),(516,2561,'3415',15,2,0,'1349900687880','2019-01-31'),(517,2561,'3416',16,2,0,'1349900687880','2019-01-31'),(518,2561,'3417',17,2,0,'1349900687880','2019-01-31'),(519,2561,'3374',1,3,0,'1349900687880','2019-01-31'),(520,2561,'3375',2,3,0,'1349900687880','2019-01-31'),(521,2561,'3377',4,3,0,'1349900687880','2019-01-31'),(522,2561,'3378',6,3,0,'1349900687880','2019-01-31'),(523,2561,'3379',7,3,0,'1349900687880','2019-01-31'),(524,2561,'3380',8,3,0,'1349900687880','2019-01-31'),(525,2561,'3381',9,3,0,'1349900687880','2019-01-31'),(526,2561,'3382',10,3,0,'1349900687880','2019-01-31'),(527,2561,'3383',11,3,0,'1349900687880','2019-01-31'),(528,2561,'3384',12,3,0,'1349900687880','2019-01-31'),(529,2561,'3385',13,3,0,'1349900687880','2019-01-31'),(530,2561,'3386',14,3,0,'1349900687880','2019-01-31'),(531,2561,'3387',15,3,0,'1349900687880','2019-01-31'),(532,2561,'3388',16,3,0,'1349900687880','2019-01-31'),(533,2561,'3389',17,3,0,'1349900687880','2019-01-31'),(534,2561,'3390',18,3,0,'1349900687880','2019-01-31'),(535,2561,'3391',19,3,0,'1349900687880','2019-01-31'),(536,2561,'3392',20,3,0,'1349900687880','2019-01-31'),(537,2561,'3393',21,3,0,'1349900687880','2019-01-31'),(538,2561,'3394',22,3,0,'1349900687880','2019-01-31'),(539,2561,'3356',1,4,0,'1349900687880','2019-01-31'),(540,2561,'3357',2,4,0,'1349900687880','2019-01-31'),(541,2561,'3358',3,4,0,'1349900687880','2019-01-31'),(542,2561,'3360',5,4,0,'1349900687880','2019-01-31'),(543,2561,'3361',6,4,0,'1349900687880','2019-01-31'),(544,2561,'3362',7,4,0,'1349900687880','2019-01-31'),(545,2561,'3363',8,4,0,'1349900687880','2019-01-31'),(546,2561,'3395',9,4,0,'1349900687880','2019-01-31'),(547,2561,'3364',10,4,0,'1349900687880','2019-01-31'),(548,2561,'3365',11,4,0,'1349900687880','2019-01-31'),(549,2561,'3367',12,4,0,'1349900687880','2019-01-31'),(550,2561,'3368',13,4,0,'1349900687880','2019-01-31'),(551,2561,'3369',14,4,0,'1349900687880','2019-01-31'),(552,2561,'3372',15,4,0,'1349900687880','2019-01-31'),(553,2561,'3339',1,5,0,'1349900687880','2019-01-31'),(554,2561,'3341',2,5,0,'1349900687880','2019-01-31'),(555,2561,'3342',3,5,0,'1349900687880','2019-01-31'),(556,2561,'3344',4,5,0,'1349900687880','2019-01-31'),(557,2561,'3345',5,5,0,'1349900687880','2019-01-31'),(558,2561,'3346',6,5,0,'1349900687880','2019-01-31'),(559,2561,'3347',7,5,0,'1349900687880','2019-01-31'),(560,2561,'3348',8,5,0,'1349900687880','2019-01-31'),(561,2561,'3350',9,5,0,'1349900687880','2019-01-31'),(562,2561,'3351',10,5,0,'1349900687880','2019-01-31'),(563,2561,'3318',1,6,0,'1349900687880','2019-01-31'),(564,2561,'3319',2,6,0,'1349900687880','2019-01-31'),(565,2561,'3320',3,6,0,'1349900687880','2019-01-31'),(566,2561,'3321',4,6,0,'1349900687880','2019-01-31'),(567,2561,'3322',5,6,0,'1349900687880','2019-01-31'),(568,2561,'3323',6,6,0,'1349900687880','2019-01-31'),(569,2561,'3324',7,6,0,'1349900687880','2019-01-31'),(570,2561,'3325',8,6,0,'1349900687880','2019-01-31'),(571,2561,'3326',9,6,0,'1349900687880','2019-01-31'),(572,2561,'3328',10,6,0,'1349900687880','2019-01-31'),(573,2561,'3330',11,6,0,'1349900687880','2019-01-31'),(574,2561,'3331',12,6,0,'1349900687880','2019-01-31'),(575,2561,'3332',13,6,0,'1349900687880','2019-01-31'),(576,2561,'3333',14,6,0,'1349900687880','2019-01-31'),(577,2561,'3355',15,6,0,'1349900687880','2019-01-31'),(578,2561,'3352',16,6,0,'1349900687880','2019-01-31'),(579,2561,'3397',17,6,0,'1349900687880','2019-01-31'),(580,2561,'3418',18,6,0,'1349900687880','2019-01-31'),(581,2561,'3300',1,7,0,'1349900687880','2019-01-31'),(582,2561,'3301',2,7,0,'1349900687880','2019-01-31'),(583,2561,'3302',3,7,0,'1349900687880','2019-01-31'),(584,2561,'3303',4,7,0,'1349900687880','2019-01-31'),(585,2561,'3305',5,7,0,'1349900687880','2019-01-31'),(586,2561,'3308',6,7,0,'1349900687880','2019-01-31'),(587,2561,'3309',7,7,0,'1349900687880','2019-01-31'),(588,2561,'3310',8,7,0,'1349900687880','2019-01-31'),(589,2561,'3311',9,7,0,'1349900687880','2019-01-31'),(590,2561,'3312',10,7,0,'1349900687880','2019-01-31'),(591,2561,'3313',11,7,0,'1349900687880','2019-01-31'),(592,2561,'3314',12,7,0,'1349900687880','2019-01-31'),(593,2561,'3277',1,8,0,'1349900687880','2019-01-31'),(594,2561,'3278',2,8,0,'1349900687880','2019-01-31'),(595,2561,'3279',3,8,0,'1349900687880','2019-01-31'),(596,2561,'3280',4,8,0,'1349900687880','2019-01-31'),(597,2561,'3281',5,8,0,'1349900687880','2019-01-31'),(598,2561,'3282',6,8,0,'1349900687880','2019-01-31'),(599,2561,'3284',7,8,0,'1349900687880','2019-01-31'),(600,2561,'3285',8,8,0,'1349900687880','2019-01-31'),(601,2561,'3286',9,8,0,'1349900687880','2019-01-31'),(602,2561,'3287',10,8,0,'1349900687880','2019-01-31'),(603,2561,'3337',11,8,0,'1349900687880','2019-01-31'),(604,2561,'3400',12,8,0,'1349900687880','2019-01-31'),(605,2561,'3288',13,8,0,'1349900687880','2019-01-31'),(606,2561,'3289',14,8,0,'1349900687880','2019-01-31'),(607,2561,'3290',15,8,0,'1349900687880','2019-01-31'),(608,2561,'3291',16,8,0,'1349900687880','2019-01-31'),(609,2561,'3292',17,8,0,'1349900687880','2019-01-31'),(610,2561,'3294',18,8,0,'1349900687880','2019-01-31'),(611,2561,'3296',19,8,0,'1349900687880','2019-01-31'),(612,2561,'3398',20,8,0,'1349900687880','2019-01-31'),(613,2561,'3253',2,9,0,'1349900687880','2019-01-31'),(614,2561,'3256',4,9,0,'1349900687880','2019-01-31'),(615,2561,'3258',6,9,0,'1349900687880','2019-01-31'),(616,2561,'3259',7,9,0,'1349900687880','2019-01-31'),(617,2561,'3317',8,9,0,'1349900687880','2019-01-31'),(618,2561,'3251',9,9,0,'1349900687880','2019-01-31'),(619,2561,'3260',10,9,0,'1349900687880','2019-01-31'),(620,2561,'3261',11,9,0,'1349900687880','2019-01-31'),(621,2561,'3262',12,9,0,'1349900687880','2019-01-31'),(622,2561,'3263',13,9,0,'1349900687880','2019-01-31'),(623,2561,'3264',14,9,0,'1349900687880','2019-01-31'),(624,2561,'3265',15,9,0,'1349900687880','2019-01-31'),(625,2561,'3266',16,9,0,'1349900687880','2019-01-31'),(626,2561,'3267',17,9,0,'1349900687880','2019-01-31'),(627,2561,'3396',19,9,0,'1349900687880','2019-01-31'),(628,2561,'3252',1,9,1,'1349900687880','2019-01-31'),(629,2561,'3254',3,9,1,'1349900687880','2019-01-31'),(630,2561,'3257',5,9,1,'1349900687880','2019-01-31'),(631,2562,'3296',19,9,0,'1349900687880','2019-06-05'),(632,2562,'3438',19,2,0,'1349900687880','2019-06-20'),(633,2562,'3292',17,9,0,'1349900687880','2019-07-26'),(634,2562,'3440',22,4,0,'1349900687880','2019-11-08'),(635,2562,'3441',18,2,0,'1349900687880','2019-09-16'),(636,2562,'3322',5,7,0,'3341501655665','2019-09-05'),(638,2562,'3439',20,4,0,'3340701151236','2019-09-13'),(639,2562,'3392',18,4,0,'3341501655665','2019-09-14'),(640,2562,'3431',12,2,0,'1349900687880','2019-09-16'),(641,2562,'3432',12,2,0,'1349900687880','2019-09-16'),(642,2562,'3433',13,2,0,'1349900687880','2019-09-16'),(643,2562,'3434',14,2,0,'1349900687880','2019-09-16'),(644,2562,'3435',15,2,0,'1349900687880','2019-09-16'),(645,2562,'3436',16,2,0,'1349900687880','2019-09-16'),(646,2562,'3437',17,2,0,'1349900687880','2019-09-16'),(647,2562,'3349',12,6,0,'3341501655665','2019-09-17'),(648,2562,'3442',15,5,0,'1349900687880','2019-11-08'),(649,2562,'3418',18,7,0,'1349900687880','2020-02-04'),(650,2562,'3277',1,9,0,'1349900687880','2020-07-02'),(651,2562,'3278',2,9,0,'1349900687880','2020-07-02'),(652,2562,'3279',3,9,0,'1349900687880','2020-07-02'),(653,2562,'3280',4,9,0,'1349900687880','2020-07-02'),(654,2562,'3281',5,9,0,'1349900687880','2020-07-02'),(655,2562,'3282',6,9,0,'1349900687880','2020-07-02'),(656,2562,'3284',7,9,0,'1349900687880','2020-07-02'),(657,2562,'3285',8,9,0,'1349900687880','2020-07-02'),(658,2562,'3286',9,9,0,'1349900687880','2020-07-02'),(659,2562,'3287',10,9,0,'1349900687880','2020-07-02'),(660,2562,'3337',11,9,0,'1349900687880','2020-07-02'),(661,2562,'3400',12,9,0,'1349900687880','2020-07-02'),(662,2562,'3288',13,9,0,'1349900687880','2020-07-02'),(663,2562,'3289',14,9,0,'1349900687880','2020-07-02'),(664,2562,'3290',15,9,0,'1349900687880','2020-07-02'),(665,2562,'3291',16,9,0,'1349900687880','2020-07-02'),(666,2562,'3294',18,9,0,'1349900687880','2020-07-02'),(667,2562,'3398',20,9,0,'1349900687880','2020-07-02'),(668,2562,'3325',8,7,0,'1349900687880','2020-07-08'),(669,2562,'3326',9,7,0,'1349900687880','2020-07-08'),(670,2562,'3328',10,7,0,'1349900687880','2020-07-08'),(671,2562,'3330',11,7,0,'1349900687880','2020-07-08'),(672,2562,'3331',12,7,0,'1349900687880','2020-07-08'),(673,2562,'3332',13,7,0,'1349900687880','2020-07-08'),(674,2562,'3333',14,7,0,'1349900687880','2020-07-08'),(675,2562,'3355',15,7,0,'1349900687880','2020-07-08'),(676,2562,'3352',16,7,0,'1349900687880','2020-07-08'),(677,2562,'3397',17,7,0,'1349900687880','2020-07-08'),(678,2562,'3300',1,8,0,'1349900687880','2020-07-08'),(679,2562,'3301',2,8,0,'1349900687880','2020-07-08'),(680,2562,'3302',3,8,0,'1349900687880','2020-07-08'),(681,2562,'3303',4,8,0,'1349900687880','2020-07-08'),(682,2562,'3305',5,8,0,'1349900687880','2020-07-08'),(683,2562,'3308',6,8,0,'1349900687880','2020-07-08'),(684,2562,'3309',7,8,0,'1349900687880','2020-07-08'),(685,2562,'3310',8,8,0,'1349900687880','2020-07-08'),(686,2562,'3311',9,8,0,'1349900687880','2020-07-08'),(687,2562,'3312',10,8,0,'1349900687880','2020-07-08'),(688,2562,'3313',11,8,0,'1349900687880','2020-07-08'),(689,2562,'3314',12,8,0,'1349900687880','2020-07-08'),(690,2563,'3443',1,2,0,'1349900687880','2020-07-08'),(691,2563,'3420',1,3,0,'3341501655665','2021-01-06'),(692,2563,'3421',2,3,0,'1349900687880','2020-07-08'),(693,2563,'3422',3,3,0,'1349900687880','2020-07-08'),(694,2563,'3423',4,3,0,'1349900687880','2020-07-08'),(695,2563,'3424',5,3,0,'1349900687880','2020-07-08'),(696,2563,'3425',6,3,0,'1349900687880','2020-07-08'),(697,2563,'3426',7,3,0,'1349900687880','2020-07-08'),(698,2563,'3427',8,3,0,'1349900687880','2020-07-08'),(699,2563,'3428',9,3,0,'1349900687880','2020-07-08'),(700,2563,'3429',10,3,0,'1349900687880','2020-07-08'),(701,2563,'3430',11,3,0,'1349900687880','2020-07-08'),(702,2563,'3432',12,3,0,'1349900687880','2020-07-08'),(703,2563,'3433',13,3,0,'3341501655665','2020-11-06'),(704,2563,'3434',14,3,0,'1349900687880','2020-07-08'),(705,2563,'3435',15,3,0,'1349900687880','2020-07-08'),(706,2563,'3436',16,3,0,'1349900687880','2020-07-08'),(707,2563,'3437',17,3,0,'1349900687880','2020-07-08'),(708,2563,'3441',18,3,0,'1349900687880','2020-07-08'),(709,2563,'3401',1,4,0,'1349900687880','2020-07-08'),(710,2563,'3402',2,4,0,'1349900687880','2020-07-08'),(711,2563,'3403',3,4,0,'1349900687880','2020-07-08'),(712,2563,'3404',4,4,0,'1349900687880','2020-07-08'),(713,2563,'3405',5,4,0,'1349900687880','2020-07-08'),(714,2563,'3406',6,4,0,'1349900687880','2020-07-08'),(715,2563,'3407',7,4,0,'1349900687880','2020-07-08'),(716,2563,'3408',8,4,0,'1349900687880','2020-07-08'),(717,2563,'3409',9,4,0,'1349900687880','2020-07-08'),(718,2563,'3410',10,4,0,'1349900687880','2020-07-08'),(719,2563,'3411',11,4,0,'1349900687880','2020-07-08'),(720,2563,'3412',12,4,0,'1349900687880','2020-07-08'),(721,2563,'3413',13,4,0,'1349900687880','2020-07-08'),(722,2563,'3414',14,4,0,'1349900687880','2020-07-08'),(723,2563,'3415',15,4,0,'1349900687880','2020-07-08'),(724,2563,'3416',16,4,0,'1349900687880','2020-07-08'),(725,2563,'3417',17,4,0,'1349900687880','2020-07-08'),(726,2563,'3374',1,5,0,'1349900687880','2020-07-08'),(727,2563,'3375',2,5,0,'1349900687880','2020-07-08'),(728,2563,'3377',3,5,0,'1349900687880','2020-07-08'),(729,2563,'3378',4,5,0,'1349900687880','2020-07-08'),(730,2563,'3379',5,5,0,'1349900687880','2020-07-13'),(731,2563,'3380',6,5,0,'1349900687880','2020-07-08'),(732,2563,'3381',7,5,0,'1349900687880','2020-07-08'),(733,2563,'3382',8,5,0,'1349900687880','2020-07-08'),(734,2563,'3383',9,5,0,'1349900687880','2020-07-08'),(735,2563,'3384',10,5,0,'1349900687880','2020-07-08'),(736,2563,'3385',11,5,0,'1349900687880','2020-07-08'),(737,2563,'3386',12,5,0,'1349900687880','2020-07-08'),(738,2563,'3387',13,5,0,'1349900687880','2020-07-08'),(739,2563,'3388',14,5,0,'1349900687880','2020-07-08'),(740,2563,'3389',15,5,0,'1349900687880','2020-07-08'),(741,2563,'3390',16,5,0,'1349900687880','2020-07-08'),(742,2563,'3391',17,5,0,'1349900687880','2020-07-08'),(743,2563,'3392',18,5,0,'1349900687880','2020-07-08'),(744,2563,'3393',19,5,0,'1349900687880','2020-07-08'),(745,2563,'3439',20,5,0,'1349900687880','2020-07-08'),(746,2563,'3394',21,5,0,'1349900687880','2020-07-08'),(747,2563,'3440',22,5,0,'1349900687880','2020-07-08'),(748,2563,'3356',1,6,0,'1349900687880','2020-07-08'),(749,2563,'3357',2,6,0,'1349900687880','2020-07-08'),(750,2563,'3358',3,6,0,'1349900687880','2020-07-08'),(751,2563,'3360',4,6,0,'1349900687880','2020-07-08'),(752,2563,'3361',5,6,0,'1349900687880','2020-07-08'),(823,2563,'3362',5,6,0,'3341501655665','2021-01-13'),(824,2563,'3353',6,6,0,'3341501655665','2021-01-13'),(755,2563,'3395',7,6,0,'3341501655665','2021-01-13'),(756,2563,'3364',8,6,0,'3341501655665','2021-01-13'),(757,2563,'3365',9,6,0,'3341501655665','2021-01-13'),(758,2563,'3367',10,6,0,'3341501655665','2021-01-13'),(759,2563,'3368',11,6,0,'3341501655665','2021-01-13'),(760,2563,'3369',12,6,0,'3341501655665','2021-01-13'),(761,2563,'3372',13,6,0,'3341501655665','2021-01-13'),(762,2563,'3442',15,6,0,'1349900687880','2020-07-08'),(763,2563,'3339',1,7,0,'1349900687880','2020-07-08'),(764,2563,'3341',2,7,0,'1349900687880','2020-07-08'),(765,2563,'3342',3,7,0,'1349900687880','2020-07-08'),(766,2563,'3344',4,7,0,'1349900687880','2020-07-08'),(767,2563,'3345',5,7,0,'1349900687880','2020-07-08'),(768,2563,'3346',6,7,0,'1349900687880','2020-07-08'),(769,2563,'3347',7,7,0,'1349900687880','2020-07-08'),(770,2563,'3348',8,7,0,'1349900687880','2020-07-08'),(771,2563,'3350',9,7,0,'1349900687880','2020-07-08'),(772,2563,'3351',10,7,0,'1349900687880','2020-07-08'),(773,2563,'3419',11,7,0,'1349900687880','2020-07-08'),(774,2563,'3349',12,7,0,'1349900687880','2020-07-08'),(775,2563,'3318',1,8,0,'1349900687880','2020-07-08'),(776,2563,'3319',2,8,0,'1349900687880','2020-07-08'),(777,2563,'3320',3,8,0,'1349900687880','2020-07-08'),(778,2563,'3321',4,8,0,'1349900687880','2020-07-08'),(779,2563,'3323',6,8,0,'1349900687880','2020-07-08'),(780,2563,'3324',7,8,0,'1349900687880','2020-07-08'),(781,2563,'3277',1,9,0,'1349900687880','2020-07-08'),(782,2563,'3300',1,9,0,'1349900687880','2020-07-08'),(783,2563,'3278',2,9,0,'1349900687880','2020-07-08'),(784,2563,'3301',2,9,0,'1349900687880','2020-07-08'),(785,2563,'3279',3,9,0,'1349900687880','2020-07-08'),(786,2563,'3302',3,9,0,'1349900687880','2020-07-08'),(787,2563,'3280',4,9,0,'1349900687880','2020-07-08'),(788,2563,'3303',4,9,0,'1349900687880','2020-07-08'),(789,2563,'3281',5,9,0,'1349900687880','2020-07-08'),(790,2563,'3305',5,9,0,'1349900687880','2020-07-08'),(791,2563,'3282',6,9,0,'1349900687880','2020-07-08'),(792,2563,'3308',6,9,0,'1349900687880','2020-07-08'),(793,2563,'3284',7,9,0,'1349900687880','2020-07-08'),(794,2563,'3309',9,9,0,'1349900687880','2020-07-13'),(795,2563,'3285',8,9,0,'1349900687880','2020-07-08'),(796,2563,'3310',10,9,0,'1349900687880','2020-07-13'),(797,2563,'3325',8,8,0,'1349900687880','2020-07-08'),(798,2563,'3286',9,9,0,'1349900687880','2020-07-08'),(799,2563,'3311',11,9,0,'1349900687880','2020-07-13'),(800,2563,'3326',9,8,0,'1349900687880','2020-07-08'),(801,2563,'3287',10,9,0,'1349900687880','2020-07-08'),(802,2563,'3312',12,9,0,'1349900687880','2020-07-13'),(803,2563,'3328',10,8,0,'1349900687880','2020-07-13'),(804,2563,'3313',13,9,0,'1349900687880','2020-07-13'),(805,2563,'3330',11,8,0,'1349900687880','2020-07-08'),(806,2563,'3337',11,9,0,'1349900687880','2020-07-08'),(807,2563,'3314',14,9,0,'1349900687880','2020-07-13'),(808,2563,'3331',12,8,0,'1349900687880','2020-07-08'),(809,2563,'3400',12,8,0,'1349900687880','2020-07-08'),(810,2563,'3288',13,9,0,'1349900687880','2020-07-08'),(811,2563,'3332',13,8,0,'1349900687880','2020-07-08'),(812,2563,'3289',14,9,0,'1349900687880','2020-07-08'),(813,2563,'3333',14,8,0,'1349900687880','2020-07-08'),(814,2563,'3290',15,9,0,'1349900687880','2020-07-08'),(815,2563,'3355',15,8,0,'1349900687880','2020-07-08'),(816,2563,'3291',16,9,0,'1349900687880','2020-07-08'),(817,2563,'3352',16,8,0,'1349900687880','2020-07-08'),(818,2563,'3397',11,8,0,'1349900687880','2020-07-13'),(819,2563,'3294',18,9,0,'1349900687880','2020-07-08'),(820,2563,'3398',20,9,0,'1349900687880','2020-07-08'),(821,2563,'3444',2,2,0,'1349900687880','2020-07-08'),(846,2564,'3432',11,4,0,'1349900687880','2021-11-15'),(825,2563,'3445',3,2,0,'1349900687880','2020-07-08'),(826,2563,'2147483',4,2,0,'1349900687880','2020-07-08'),(827,2563,'3447',5,2,0,'1349900687880','2020-07-08'),(828,2563,'3448',6,2,0,'1349900687880','2020-07-13'),(829,2563,'3449',7,2,0,'1349900687880','2020-07-08'),(830,2563,'3450',8,2,0,'1349900687880','2020-07-08'),(831,2563,'3451',9,2,0,'1349900687880','2020-07-08'),(832,2563,'3452',10,2,0,'1349900687880','2020-07-08'),(833,2563,'3446',4,2,0,'1349900687880','2020-07-09'),(834,2563,'3456',11,2,0,'3341501655665','2021-02-02'),(835,2563,'3457',18,3,0,'3341501655665','2021-01-06'),(836,2563,'3306',8,9,0,'1349900687880','2020-07-13'),(837,2563,'3455',18,8,0,'1349900687880','2020-07-13'),(838,2563,'3454',7,9,0,'1349900687880','2020-07-13'),(839,2563,'3322',5,8,0,'1349900687880','2020-07-15'),(840,2563,'3458',12,2,0,'1349900687880','2020-10-02'),(843,2563,'3459',12,2,0,'3341501655665','2021-02-02'),(845,2563,'3453',14,6,0,'3341501655665','2021-01-13'),(847,2564,'3433',12,4,0,'1349900687880','2021-11-15'),(848,2564,'3434',13,4,0,'1349900687880','2021-11-15'),(849,2564,'3412',12,5,0,'1349900687880','2021-06-14'),(850,2564,'3413',13,5,0,'1349900687880','2021-06-14'),(851,2564,'3435',15,4,0,'1349900687880','2021-11-09'),(852,2564,'3436',14,4,0,'1349900687880','2021-11-15'),(853,2564,'3437',16,4,0,'1349900687880','2021-11-15'),(854,2564,'3460',1,2,0,'1349900687880','2021-06-14'),(855,2564,'3461',1,2,0,'1349900687880','2021-06-17'),(856,2564,'3462',2,2,0,'1349900687880','2021-06-17'),(857,2564,'3463',3,2,0,'1349900687880','2021-06-17'),(858,2564,'3464',4,2,0,'1349900687880','2021-06-17'),(859,2564,'3465',5,2,0,'1349900687880','2021-06-17'),(860,2564,'3466',6,2,0,'1349900687880','2021-06-17'),(861,2564,'3467',7,2,0,'1349900687880','2021-06-17'),(862,2564,'3468',8,2,0,'1349900687880','2021-06-17'),(863,2564,'3469',9,2,0,'1349900687880','2021-06-17'),(864,2564,'3366',15,7,0,'1349900687880','2021-11-15'),(865,2564,'3470',10,2,0,'1349900687880','2021-06-17'),(866,2564,'3343',5,8,0,'1349900687880','2021-06-17'),(867,2564,'3392',18,6,0,'1349900687880','2021-06-23'),(868,2564,'3355',15,9,0,'1349900687880','2021-06-23'),(869,2564,'3324',7,9,0,'1349900687880','2021-06-23'),(870,2564,'3359',4,7,0,'1349900687880','2022-03-08'),(871,2564,'5451',16,7,0,'1349900687880','2021-11-15'),(872,2564,'3395',7,7,0,'1349900687880','2021-10-02'),(873,2564,'3402',2,5,0,'1349900687880','2021-11-09'),(874,2564,'3425',6,4,0,'1349900687880','2021-11-09'),(875,2564,'3457',17,4,0,'1349900687880','2021-11-15'),(876,2564,'3423',4,4,0,'1349900687880','2021-11-09'),(877,2564,'3449',7,3,0,'1349900687880','2021-11-09'),(878,2564,'3455',16,9,0,'1349900687880','2021-11-15'),(879,2564,'3352',14,9,0,'1349900687880','2021-11-15'),(880,2564,'3333',13,9,0,'1349900687880','2021-11-15'),(881,2564,'3332',12,9,0,'1349900687880','2021-11-15'),(882,2564,'3331',10,9,0,'1349900687880','2021-11-15'),(883,2564,'3397',11,9,0,'1349900687880','2021-11-15'),(884,2564,'3328',9,9,0,'1349900687880','2021-11-15'),(885,2564,'3326',8,9,0,'1349900687880','2021-11-15'),(886,2564,'3325',7,9,0,'1349900687880','2021-11-15'),(887,2564,'3345',7,8,0,'1349900687880','2021-11-15'),(888,2564,'3347',8,8,0,'1349900687880','2021-11-15'),(889,2564,'3348',9,8,0,'1349900687880','2021-11-15'),(890,2564,'3350',10,8,0,'1349900687880','2021-11-15'),(891,2564,'3351',11,8,0,'1349900687880','2021-11-15'),(892,2564,'3419',13,8,0,'1349900687880','2021-11-15'),(893,2564,'3360',5,7,0,'1349900687880','2021-11-15'),(894,2564,'3362',7,7,0,'1349900687880','2021-11-15'),(895,2564,'3450',7,3,0,'1349900687880','2021-11-15'),(896,2564,'3451',8,3,0,'1349900687880','2021-11-15'),(897,2564,'3452',9,3,0,'1349900687880','2021-11-15'),(898,2564,'3456',10,3,0,'1349900687880','2021-11-15'),(899,2564,'3459',11,3,0,'1349900687880','2021-11-15'),(900,2564,'3393',18,6,0,'1349900687880','2021-11-15'),(901,2564,'3439',19,6,0,'1349900687880','2021-11-15'),(902,2564,'3394',20,6,0,'1349900687880','2021-11-15'),(903,2564,'3440',21,6,0,'1349900687880','2021-11-15'),(904,2564,'3441',18,4,0,'1349900687880','2022-03-08'),(905,2564,'3471',19,4,0,'1349900687880','2022-03-08'),(906,2564,'3472',17,7,0,'1349900687880','2022-03-08'),(907,2564,'3473',11,2,0,'1349900687880','2022-03-08'),(908,2564,'3429',10,4,0,'1349900687880','2022-05-17'),(909,2564,'3318',1,9,0,'1349900687880','2022-05-17'),(910,2564,'3319',2,9,0,'1349900687880','2022-05-17'),(911,2564,'3320',3,9,0,'1349900687880','2022-05-17'),(912,2564,'3321',4,9,0,'1349900687880','2022-05-17'),(913,2564,'3322',5,9,0,'1349900687880','2022-05-17'),(914,2564,'3323',6,9,0,'1349900687880','2022-05-17'),(915,2564,'3330',11,9,0,'1349900687880','2022-05-17'),(916,2564,'3339',1,8,0,'1349900687880','2022-05-17'),(917,2564,'3341',2,8,0,'1349900687880','2022-05-17'),(918,2564,'3342',3,8,0,'1349900687880','2022-05-17'),(919,2564,'3344',4,8,0,'1349900687880','2022-05-17'),(920,2564,'3346',6,8,0,'1349900687880','2022-05-17'),(921,2564,'3349',12,8,0,'1349900687880','2022-05-17'),(922,2564,'3356',1,7,0,'1349900687880','2022-05-17'),(923,2564,'3357',2,7,0,'1349900687880','2022-05-17'),(924,2564,'3358',3,7,0,'1349900687880','2022-05-17'),(925,2564,'3353',6,7,0,'1349900687880','2022-05-17'),(926,2564,'3364',8,7,0,'1349900687880','2022-05-17'),(927,2564,'3365',9,7,0,'1349900687880','2022-05-17'),(928,2564,'3367',10,7,0,'1349900687880','2022-05-17'),(929,2564,'3368',11,7,0,'1349900687880','2022-05-17'),(930,2564,'3369',12,7,0,'1349900687880','2022-05-17'),(931,2564,'3372',13,7,0,'1349900687880','2022-05-17'),(932,2564,'3453',14,7,0,'1349900687880','2022-05-17'),(933,2564,'3374',1,6,0,'1349900687880','2022-05-17'),(934,2564,'3375',2,6,0,'1349900687880','2022-05-17'),(935,2564,'3377',3,6,0,'1349900687880','2022-05-17'),(936,2564,'3378',4,6,0,'1349900687880','2022-05-17'),(937,2564,'3379',5,6,0,'1349900687880','2022-05-17'),(938,2564,'3380',6,6,0,'1349900687880','2022-05-17'),(939,2564,'3381',7,6,0,'1349900687880','2022-05-17'),(940,2564,'3382',8,6,0,'1349900687880','2022-05-17'),(941,2564,'3383',9,6,0,'1349900687880','2022-05-17'),(942,2564,'3384',10,6,0,'1349900687880','2022-05-17'),(943,2564,'3385',11,6,0,'1349900687880','2022-05-17'),(944,2564,'3386',12,6,0,'1349900687880','2022-05-17'),(945,2564,'3387',13,6,0,'1349900687880','2022-05-17'),(946,2564,'3388',14,6,0,'1349900687880','2022-05-17'),(947,2564,'3389',15,6,0,'1349900687880','2022-05-17'),(948,2564,'3390',16,6,0,'1349900687880','2022-05-17'),(949,2564,'3391',17,6,0,'1349900687880','2022-05-17'),(950,2564,'3401',1,5,0,'1349900687880','2022-05-17'),(951,2564,'3403',3,5,0,'1349900687880','2022-05-17'),(952,2564,'3404',4,5,0,'1349900687880','2022-05-17'),(953,2564,'3405',5,5,0,'1349900687880','2022-05-17'),(954,2564,'3406',6,5,0,'1349900687880','2022-05-17'),(955,2564,'3407',7,5,0,'1349900687880','2022-05-17'),(956,2564,'3408',8,5,0,'1349900687880','2022-05-17'),(957,2564,'3409',9,5,0,'1349900687880','2022-05-17'),(958,2564,'3410',10,5,0,'1349900687880','2022-05-17'),(959,2564,'3411',11,5,0,'1349900687880','2022-05-17'),(960,2564,'3414',14,5,0,'1349900687880','2022-05-17'),(961,2564,'3415',15,5,0,'1349900687880','2022-05-17'),(962,2564,'3416',16,5,0,'1349900687880','2022-05-17'),(963,2564,'3417',17,5,0,'1349900687880','2022-05-17'),(964,2564,'3420',1,4,0,'1349900687880','2022-05-17'),(965,2564,'3421',2,4,0,'1349900687880','2022-05-17'),(966,2564,'3422',3,4,0,'1349900687880','2022-05-17'),(967,2564,'3424',5,4,0,'1349900687880','2022-05-17'),(968,2564,'3426',7,4,0,'1349900687880','2022-05-17'),(969,2564,'3427',8,4,0,'1349900687880','2022-05-17'),(970,2564,'3428',9,4,0,'1349900687880','2022-05-17'),(971,2564,'3443',1,3,0,'1349900687880','2022-05-17'),(972,2564,'3444',2,3,0,'1349900687880','2022-05-17'),(973,2564,'3445',3,3,0,'1349900687880','2022-05-17'),(974,2564,'3446',4,3,0,'1349900687880','2022-05-17'),(975,2564,'3447',5,3,0,'1349900687880','2022-05-17'),(976,2564,'3448',6,3,0,'1349900687880','2022-05-17'),(977,2565,'3474',1,2,0,'1349900687880','2022-05-17'),(978,2565,'3475',2,2,0,'1349900687880','2022-05-17'),(979,2565,'3476',3,2,0,'1349900687880','2022-05-17'),(980,2565,'3477',4,2,0,'1349900687880','2022-05-17'),(981,2565,'3478',5,2,0,'1349900687880','2022-05-17'),(982,2565,'3479',6,2,0,'1349900687880','2022-05-17'),(983,2565,'3480',7,2,0,'1349900687880','2022-05-17'),(984,2565,'3481',8,2,0,'1349900687880','2022-05-17'),(985,2565,'3482',9,2,0,'1349900687880','2022-05-17'),(986,2565,'3483',10,2,0,'1349900687880','2022-05-17'),(987,2565,'3484',11,2,0,'1349900687880','2022-05-17'),(988,2565,'3485',12,2,0,'1349900687880','2022-05-17'),(989,2565,'3486',13,2,0,'1349900687880','2022-05-17'),(990,2565,'3487',14,2,0,'1349900687880','2022-05-17'),(991,2565,'3488',15,2,0,'1349900687880','2022-05-17'),(992,2565,'3489',16,2,0,'1349900687880','2022-09-16'),(993,2565,'3490',17,2,0,'1349900687880','2022-05-17'),(994,2565,'3491',19,2,0,'1349900687880','2022-05-18'),(995,2565,'3492',20,2,0,'1349900687880','2022-05-18'),(996,2565,'3493',18,2,0,'1349900687880','2022-05-18'),(997,2565,'3384',10,7,0,'1349900687880','2022-05-17'),(998,2565,'3358',3,8,0,'1349900687880','2022-05-18'),(999,2565,'3461',1,3,0,'1349900687880','2022-05-18'),(1000,2565,'3494',20,7,0,'1349900687880','2022-11-07'),(1001,2565,'3450',7,4,0,'1349900687880','2022-06-16'),(1002,2565,'3366',15,8,0,'1349900687880','2022-08-04'),(1003,2565,'3440',21,7,0,'1349900687880','2022-08-04'),(1004,2565,'3443',1,4,0,'1349900687880','2022-09-16'),(1005,2565,'3444',2,4,0,'1349900687880','2022-09-16'),(1006,2565,'3367',10,8,0,'1349900687880','2022-09-16'),(1007,2565,'2147483',20,7,0,'1349900687880','2022-11-07'),(1008,2565,'3439',19,7,0,'1349900687880','2023-01-11'),(1009,2565,'3495',11,4,0,'1349900687880','2023-03-13'),(1010,2565,'3368',11,8,0,'1349900687880','2023-03-13'),(1011,2565,'3339',1,9,0,'1349900687880','2023-03-31'),(1012,2565,'3341',2,9,0,'1349900687880','2023-03-31'),(1013,2565,'3342',3,9,0,'1349900687880','2023-03-31'),(1014,2565,'3344',4,9,0,'1349900687880','2023-03-31'),(1015,2565,'3343',5,9,0,'1349900687880','2023-03-31'),(1016,2565,'3346',6,9,0,'1349900687880','2023-03-31'),(1017,2565,'3345',7,9,0,'1349900687880','2023-03-31'),(1018,2565,'3347',8,9,0,'1349900687880','2023-03-31'),(1019,2565,'3348',9,9,0,'1349900687880','2023-03-31'),(1020,2565,'3350',10,9,0,'1349900687880','2023-03-31'),(1021,2565,'3351',11,9,0,'1349900687880','2023-03-31'),(1022,2565,'3349',12,9,0,'1349900687880','2023-03-31'),(1023,2565,'3419',13,9,0,'1349900687880','2023-03-31'),(1024,2565,'3453',14,8,0,'1349900687880','2023-03-31'),(1025,2565,'3356',1,8,0,'1349900687880','2023-05-12'),(1026,2565,'3357',2,8,0,'1349900687880','2023-05-12'),(1027,2565,'3359',4,8,0,'1349900687880','2023-05-12'),(1028,2565,'3360',5,8,0,'1349900687880','2023-05-12'),(1029,2565,'3353',6,8,0,'1349900687880','2023-05-12'),(1030,2565,'3362',7,8,0,'1349900687880','2023-05-12'),(1031,2565,'3364',8,8,0,'1349900687880','2023-05-12'),(1032,2565,'3365',9,8,0,'1349900687880','2023-05-12'),(1033,2565,'3369',12,8,0,'1349900687880','2023-05-12'),(1034,2565,'3372',13,8,0,'1349900687880','2023-05-12'),(1035,2565,'5451',16,8,0,'1349900687880','2023-05-12'),(1036,2565,'3472',17,8,0,'1349900687880','2023-05-12'),(1037,2565,'3374',1,7,0,'1349900687880','2023-05-12'),(1038,2565,'3375',2,7,0,'1349900687880','2023-05-12'),(1039,2565,'3377',3,7,0,'1349900687880','2023-05-12'),(1040,2565,'3378',4,7,0,'1349900687880','2023-05-12'),(1041,2565,'3379',5,7,0,'1349900687880','2023-05-12'),(1042,2565,'3380',6,7,0,'1349900687880','2023-05-12'),(1043,2565,'3381',7,7,0,'1349900687880','2023-05-12'),(1044,2565,'3382',8,7,0,'1349900687880','2023-05-12'),(1045,2565,'3383',9,7,0,'1349900687880','2023-05-12'),(1046,2565,'3385',11,7,0,'1349900687880','2023-05-12'),(1047,2565,'3386',12,7,0,'1349900687880','2023-05-12'),(1048,2565,'3387',13,7,0,'1349900687880','2023-05-12'),(1049,2565,'3388',14,7,0,'1349900687880','2023-05-12'),(1050,2565,'3389',15,7,0,'1349900687880','2023-05-12'),(1051,2565,'3390',16,7,0,'1349900687880','2023-05-12'),(1052,2565,'3391',17,7,0,'1349900687880','2023-05-12'),(1053,2565,'3393',18,7,0,'1349900687880','2023-05-12'),(1054,2565,'3394',20,7,0,'1349900687880','2023-05-12'),(1055,2565,'3401',1,6,0,'1349900687880','2023-05-12'),(1056,2565,'3402',2,6,0,'1349900687880','2023-05-12'),(1057,2565,'3403',3,6,0,'1349900687880','2023-05-12'),(1058,2565,'3404',4,6,0,'1349900687880','2023-05-12'),(1059,2565,'3405',5,6,0,'1349900687880','2023-05-12'),(1060,2565,'3406',6,6,0,'1349900687880','2023-05-12'),(1061,2565,'3407',7,6,0,'1349900687880','2023-05-12'),(1062,2565,'3408',8,6,0,'1349900687880','2023-05-12'),(1063,2565,'3409',9,6,0,'1349900687880','2023-05-12'),(1064,2565,'3410',10,6,0,'1349900687880','2023-05-12'),(1065,2565,'3411',11,6,0,'1349900687880','2023-05-12'),(1066,2565,'3412',12,6,0,'1349900687880','2023-05-12'),(1067,2565,'3413',13,6,0,'1349900687880','2023-05-12'),(1068,2565,'3414',14,6,0,'1349900687880','2023-05-12'),(1069,2565,'3415',15,6,0,'1349900687880','2023-05-12'),(1070,2565,'3417',17,6,0,'1349900687880','2023-05-12'),(1071,2565,'3420',1,5,0,'1349900687880','2023-05-12'),(1072,2565,'3421',2,5,0,'1349900687880','2023-05-12'),(1073,2565,'3422',3,5,0,'1349900687880','2023-05-12'),(1074,2565,'3423',4,5,0,'1349900687880','2023-05-12'),(1075,2565,'3424',5,5,0,'1349900687880','2023-05-12'),(1076,2565,'3425',6,5,0,'1349900687880','2023-05-12'),(1077,2565,'3426',7,5,0,'1349900687880','2023-05-12'),(1078,2565,'3427',8,5,0,'1349900687880','2023-05-12'),(1079,2565,'3428',9,5,0,'1349900687880','2023-05-12'),(1080,2565,'3432',11,5,0,'1349900687880','2023-05-12'),(1081,2565,'3433',12,5,0,'1349900687880','2023-05-12'),(1082,2565,'3434',13,5,0,'1349900687880','2023-05-12'),(1083,2565,'3436',14,5,0,'1349900687880','2023-05-12'),(1084,2565,'3435',15,5,0,'1349900687880','2023-05-12'),(1085,2565,'3437',16,5,0,'1349900687880','2023-05-12'),(1086,2565,'3457',17,5,0,'1349900687880','2023-05-12'),(1087,2565,'3441',18,5,0,'1349900687880','2023-05-12'),(1088,2565,'3471',19,5,0,'1349900687880','2023-05-12'),(1089,2565,'3445',3,4,0,'1349900687880','2023-05-12'),(1090,2565,'3446',4,4,0,'1349900687880','2023-05-12'),(1091,2565,'3447',5,4,0,'1349900687880','2023-05-12'),(1092,2565,'3448',6,4,0,'1349900687880','2023-05-12'),(1093,2565,'3451',8,4,0,'1349900687880','2023-05-12'),(1094,2565,'3452',9,4,0,'1349900687880','2023-05-12'),(1095,2565,'3456',10,4,0,'1349900687880','2023-05-12'),(1096,2565,'3459',11,4,0,'1349900687880','2023-05-12'),(1097,2565,'3462',2,3,0,'1349900687880','2023-05-12'),(1098,2565,'3463',3,3,0,'1349900687880','2023-05-12'),(1099,2565,'3464',4,3,0,'1349900687880','2023-05-12'),(1100,2565,'3465',5,3,0,'1349900687880','2023-05-12'),(1101,2565,'3466',6,3,0,'1349900687880','2023-05-12'),(1102,2565,'3467',7,3,0,'1349900687880','2023-05-12'),(1103,2565,'3468',8,3,0,'1349900687880','2023-05-12'),(1104,2565,'3469',9,3,0,'1349900687880','2023-05-12'),(1105,2565,'3470',10,3,0,'1349900687880','2023-05-12'),(1106,2565,'3473',11,3,0,'1349900687880','2023-05-12'),(1107,2566,'3498',1,2,0,'1349900687880','2023-10-04'),(1108,2566,'3499',2,2,0,'1349900687880','2023-10-04'),(1109,2566,'3500',3,2,0,'1349900687880','2023-10-04'),(1110,2566,'3501',4,2,0,'1349900687880','2023-10-04'),(1111,2566,'3502',5,2,0,'1349900687880','2023-10-04'),(1112,2566,'3503',6,2,0,'110702434059','2023-10-12'),(1113,2566,'3504',7,2,0,'1349900687880','2023-10-04'),(1114,2566,'3505',8,2,0,'1349900687880','2023-10-04'),(1115,2566,'3506',9,2,0,'1349900687880','2023-10-04'),(1116,2566,'3507',10,2,0,'1349900687880','2023-10-04'),(1117,2566,'3797',20,3,0,'1349900687880','2023-10-04'),(1118,2566,'3491',19,3,0,'1349900687880','2023-05-12'),(1119,2566,'3494',20,8,0,'1349900687880','2023-05-12'),(1120,2566,'3390',16,8,0,'1349900687880','2023-05-30'),(1121,2566,'3508',12,2,0,'1349900687880','2023-10-04'),(1122,2566,'3509',20,6,0,'1349900687880','2023-10-04'),(1123,2566,'3406',6,7,0,'1349900687880','2023-08-07'),(1124,2566,'3365',9,9,0,'1349900687880','2023-08-07'),(1125,2566,'3510',19,8,0,'1349900687880','2023-10-04'),(1126,2566,'3450',7,5,0,'1349900687880','2023-10-04'),(1127,2566,'3474',1,3,0,'1349900687880','2023-10-04'),(1128,2566,'3475',2,3,0,'1349900687880','2023-10-04'),(1129,2566,'3476',3,3,0,'1349900687880','2023-10-04'),(1130,2566,'3477',4,3,0,'1349900687880','2023-10-04'),(1131,2566,'3478',5,3,0,'1349900687880','2023-10-04'),(1132,2566,'3479',6,3,0,'1349900687880','2023-10-04'),(1133,2566,'3480',7,3,0,'1349900687880','2023-10-04'),(1134,2566,'3481',8,3,0,'1349900687880','2023-10-04'),(1135,2566,'3482',9,3,0,'1349900687880','2023-10-04'),(1136,2566,'3483',10,3,0,'1349900687880','2023-10-04'),(1137,2566,'3484',11,3,0,'1349900687880','2023-10-04'),(1138,2566,'3485',12,3,0,'1349900687880','2023-10-04'),(1139,2566,'3486',13,3,0,'1349900687880','2023-10-04'),(1140,2566,'3487',14,3,0,'1349900687880','2023-10-04'),(1141,2566,'3488',15,3,0,'1349900687880','2023-10-04'),(1142,2566,'3489',16,3,0,'1349900687880','2023-10-04'),(1143,2566,'3490',17,3,0,'1349900687880','2023-10-04'),(1144,2566,'3493',18,3,0,'1349900687880','2023-10-04'),(1145,2566,'3461',1,4,0,'1349900687880','2023-10-04'),(1146,2566,'3462',2,4,0,'1349900687880','2023-10-04'),(1147,2566,'3463',3,4,0,'1349900687880','2023-10-04'),(1148,2566,'3464',4,4,0,'1349900687880','2023-10-04'),(1149,2566,'3465',5,4,0,'1349900687880','2023-10-04'),(1150,2566,'3466',6,4,0,'1349900687880','2023-10-04'),(1151,2566,'3467',7,4,0,'1349900687880','2023-10-04'),(1152,2566,'3468',8,4,0,'1349900687880','2023-10-04'),(1153,2566,'3469',9,4,0,'1349900687880','2023-10-04'),(1154,2566,'3470',10,4,0,'1349900687880','2023-10-04'),(1155,2566,'3473',11,4,0,'1349900687880','2023-10-04'),(1156,2566,'3443',1,5,0,'1349900687880','2023-10-04'),(1157,2566,'3444',2,5,0,'1349900687880','2023-10-04'),(1158,2566,'3445',3,5,0,'1349900687880','2023-10-04'),(1159,2566,'3446',4,5,0,'1349900687880','2023-10-04'),(1160,2566,'3447',5,5,0,'1349900687880','2023-10-04'),(1161,2566,'3448',6,5,0,'1349900687880','2023-10-04'),(1162,2566,'3451',8,5,0,'1349900687880','2023-10-04'),(1163,2566,'3452',9,5,0,'1349900687880','2023-10-04'),(1164,2566,'3456',10,5,0,'1349900687880','2023-10-04'),(1165,2566,'3459',11,5,0,'1349900687880','2023-10-04'),(1166,2566,'3495',11,5,0,'1349900687880','2023-11-06'),(1167,2566,'3420',1,6,0,'1349900687880','2023-10-04'),(1168,2566,'3421',2,6,0,'1349900687880','2023-10-04'),(1169,2566,'3422',3,6,0,'1349900687880','2023-10-04'),(1170,2566,'3423',4,6,0,'1349900687880','2023-10-04'),(1171,2566,'3424',5,6,0,'1349900687880','2023-10-04'),(1172,2566,'3425',6,6,0,'1349900687880','2023-10-04'),(1173,2566,'3426',7,6,0,'1349900687880','2023-10-04'),(1174,2566,'3427',8,6,0,'1349900687880','2023-10-04'),(1175,2566,'3428',9,6,0,'1349900687880','2023-10-04'),(1176,2566,'3432',11,6,0,'1349900687880','2023-10-04'),(1177,2566,'3433',12,6,0,'1349900687880','2023-10-04'),(1178,2566,'3434',13,6,0,'1349900687880','2023-10-04'),(1179,2566,'3436',14,6,0,'1349900687880','2023-10-04'),(1180,2566,'3435',15,6,0,'1349900687880','2023-10-04'),(1181,2566,'3416',16,6,0,'1349900687880','2023-10-04'),(1182,2566,'3437',16,6,0,'1349900687880','2023-10-04'),(1183,2566,'3457',17,6,0,'1349900687880','2023-10-04'),(1184,2566,'3441',18,6,0,'1349900687880','2023-10-04'),(1185,2566,'3471',19,6,0,'1349900687880','2023-10-04'),(1186,2566,'3401',1,7,0,'1349900687880','2023-10-04'),(1187,2566,'3402',2,7,0,'1349900687880','2023-10-04'),(1188,2566,'3403',3,7,0,'1349900687880','2023-10-04'),(1189,2566,'3404',4,7,0,'1349900687880','2023-10-04'),(1190,2566,'3405',5,7,0,'1349900687880','2023-10-04'),(1191,2566,'3407',7,7,0,'1349900687880','2023-10-04'),(1192,2566,'3408',8,7,0,'1349900687880','2023-10-04'),(1193,2566,'3409',9,7,0,'1349900687880','2023-10-04'),(1194,2566,'3410',10,7,0,'1349900687880','2023-10-04'),(1195,2566,'3411',11,7,0,'1349900687880','2023-10-04'),(1196,2566,'3412',12,7,0,'1349900687880','2023-10-04'),(1197,2566,'3413',13,7,0,'1349900687880','2023-10-04'),(1198,2566,'3414',14,7,0,'1349900687880','2023-10-04'),(1199,2566,'3415',15,7,0,'1349900687880','2023-10-04'),(1200,2566,'3417',17,7,0,'1349900687880','2023-10-04'),(1201,2566,'3374',1,8,0,'1349900687880','2023-10-04'),(1202,2566,'3375',2,8,0,'1349900687880','2023-10-04'),(1203,2566,'3377',3,8,0,'1349900687880','2023-10-04'),(1204,2566,'3378',4,8,0,'1349900687880','2023-10-04'),(1205,2566,'3379',5,8,0,'1349900687880','2023-10-04'),(1206,2566,'3380',6,8,0,'1349900687880','2023-10-04'),(1207,2566,'3381',7,8,0,'1349900687880','2023-10-04'),(1208,2566,'3382',8,8,0,'1349900687880','2023-10-04'),(1209,2566,'3383',9,8,0,'1349900687880','2023-10-04'),(1210,2566,'3368',11,8,0,'1349900687880','2023-10-04'),(1211,2566,'3385',11,8,0,'1349900687880','2023-10-04'),(1212,2566,'3386',12,8,0,'1349900687880','2023-10-04'),(1213,2566,'3387',13,8,0,'1349900687880','2023-10-04'),(1214,2566,'3388',14,8,0,'1349900687880','2023-10-04'),(1215,2566,'3389',15,8,0,'1349900687880','2023-10-04'),(1216,2566,'3391',17,8,0,'1349900687880','2023-10-04'),(1217,2566,'3393',18,8,0,'1349900687880','2023-10-04'),(1218,2566,'3394',20,8,0,'1349900687880','2023-10-04'),(1219,2566,'3356',1,9,0,'1349900687880','2023-10-04'),(1220,2566,'3357',2,9,0,'1349900687880','2023-10-04'),(1221,2566,'3358',3,9,0,'1349900687880','2023-10-04'),(1222,2566,'3359',4,9,0,'1349900687880','2023-10-04'),(1223,2566,'3360',5,9,0,'1349900687880','2023-10-04'),(1224,2566,'3353',6,9,0,'1349900687880','2023-10-04'),(1225,2566,'3362',7,9,0,'1349900687880','2023-10-04'),(1226,2566,'3364',8,9,0,'1349900687880','2023-10-04'),(1227,2566,'3367',10,9,0,'1349900687880','2023-10-04'),(1228,2566,'3369',12,9,0,'1349900687880','2023-10-04'),(1229,2566,'3372',13,9,0,'1349900687880','2023-10-04'),(1230,2566,'5451',16,9,0,'1349900687880','2023-10-04'),(1231,2566,'3472',17,9,0,'1349900687880','2023-10-04'),(1232,2566,'3392',18,8,0,'1349900687880','2023-12-13'),(1233,2567,'3424',5,6,0,'1349900687880','2024-05-13'),(1234,2567,'3509',20,6,0,'1349900687880','2024-05-13'),(1235,2567,'3508',12,2,0,'1349900687880','2024-05-13'),(1236,2567,'3511',1,2,0,'1349900687880','2024-05-16'),(1237,2567,'3512',2,2,0,'1349900687880','2024-06-19'),(1238,2567,'3513',3,2,0,'1349900687880','2024-06-19'),(1239,2567,'3514',4,2,0,'1349900687880','2024-06-19'),(1240,2567,'3515',5,2,0,'1349900687880','2024-06-19'),(1241,2567,'3516',6,2,0,'1349900687880','2024-06-19'),(1242,2567,'3517',7,2,0,'1349900687880','2024-06-19'),(1243,2567,'3518',8,2,0,'1349900687880','2024-06-19'),(1244,2567,'3519',9,2,0,'1349900687880','2024-06-19'),(1245,2567,'3520',10,2,0,'1349900687880','2024-06-19'),(1246,2567,'3521',11,2,0,'1349900687880','2024-06-19'),(1247,2567,'3522',12,2,0,'1349900687880','2024-06-19'),(1248,2567,'3523',13,2,0,'1349900687880','2024-06-19'),(1249,2567,'3524',14,2,0,'1349900687880','2024-06-19'),(1250,2567,'3416',16,7,0,'1349900687880','2024-05-21'),(1251,2567,'3525',15,2,0,'1349900687880','2024-06-19'),(1252,2567,'3526',16,2,0,'1349900687880','2024-06-19'),(1253,2567,'3527',17,2,0,'1349900687880','2024-06-19'),(1254,2567,'3528',11,3,0,'1349900687880','2024-06-19'),(1255,2567,'3491',19,4,0,'1349900687880','2024-11-06'),(1256,2567,'3390',16,9,0,'1349900687880','2024-12-02'),(1257,2567,'3374',1,9,0,'1349900687880','2025-05-16'),(1258,2567,'3375',2,9,0,'1349900687880','2025-05-16'),(1259,2567,'3377',3,9,0,'1349900687880','2025-05-16'),(1260,2567,'3378',4,9,0,'1349900687880','2025-05-16'),(1261,2567,'3379',5,9,0,'1349900687880','2025-05-16'),(1262,2567,'3380',6,9,0,'1349900687880','2025-05-16'),(1263,2567,'3381',7,9,0,'1349900687880','2025-05-16'),(1264,2567,'3382',8,9,0,'1349900687880','2025-05-16'),(1265,2567,'3383',9,9,0,'1349900687880','2025-05-16'),(1266,2567,'3368',11,9,0,'1349900687880','2025-05-16'),(1267,2567,'3385',11,9,0,'1349900687880','2025-05-16'),(1268,2567,'3386',12,9,0,'1349900687880','2025-05-16'),(1269,2567,'3387',13,9,0,'1349900687880','2025-05-16'),(1270,2567,'3388',14,9,0,'1349900687880','2025-05-16'),(1271,2567,'3389',15,9,0,'1349900687880','2025-05-16'),(1272,2567,'3391',17,9,0,'1349900687880','2025-05-16'),(1273,2567,'3392',18,9,0,'1349900687880','2025-05-16'),(1274,2567,'3393',18,9,0,'1349900687880','2025-05-16'),(1275,2567,'3510',19,9,0,'1349900687880','2025-05-16'),(1276,2567,'3394',20,9,0,'1349900687880','2025-05-16'),(1277,2567,'3401',1,8,0,'1349900687880','2025-05-16'),(1278,2567,'3402',2,8,0,'1349900687880','2025-05-16'),(1279,2567,'3403',3,8,0,'1349900687880','2025-05-16'),(1280,2567,'3404',4,8,0,'1349900687880','2025-05-16'),(1281,2567,'3405',5,8,0,'1349900687880','2025-05-16'),(1282,2567,'3407',7,8,0,'1349900687880','2025-05-16'),(1283,2567,'3408',8,8,0,'1349900687880','2025-05-16'),(1284,2567,'3409',9,8,0,'1349900687880','2025-05-16'),(1285,2567,'3410',10,8,0,'1349900687880','2025-05-16'),(1286,2567,'3411',11,8,0,'1349900687880','2025-05-16'),(1287,2567,'3412',12,8,0,'1349900687880','2025-05-16'),(1288,2567,'3413',13,8,0,'1349900687880','2025-05-16'),(1289,2567,'3414',14,8,0,'1349900687880','2025-05-16'),(1290,2567,'3415',15,8,0,'1349900687880','2025-05-16'),(1291,2567,'3417',17,8,0,'1349900687880','2025-05-16'),(1292,2567,'3420',1,7,0,'1349900687880','2025-05-16'),(1293,2567,'3421',2,7,0,'1349900687880','2025-05-16'),(1294,2567,'3422',3,7,0,'1349900687880','2025-05-16'),(1295,2567,'3423',4,7,0,'1349900687880','2025-05-16'),(1296,2567,'3425',6,7,0,'1349900687880','2025-05-16'),(1297,2567,'3426',7,7,0,'1349900687880','2025-05-16'),(1298,2567,'3427',8,7,0,'1349900687880','2025-05-16'),(1299,2567,'3428',9,7,0,'1349900687880','2025-05-16'),(1300,2567,'3432',11,7,0,'1349900687880','2025-05-16'),(1301,2567,'3433',12,7,0,'1349900687880','2025-05-16'),(1302,2567,'3434',13,7,0,'1349900687880','2025-05-16'),(1303,2567,'3436',14,7,0,'1349900687880','2025-05-16'),(1304,2567,'3435',15,7,0,'1349900687880','2025-05-16'),(1305,2567,'3437',16,7,0,'1349900687880','2025-05-16'),(1306,2567,'3457',17,7,0,'1349900687880','2025-05-16'),(1307,2567,'3441',18,7,0,'1349900687880','2025-05-16'),(1308,2567,'3471',19,7,0,'1349900687880','2025-05-16'),(1309,2567,'3443',1,6,0,'1349900687880','2025-05-16'),(1310,2567,'3444',2,6,0,'1349900687880','2025-05-16'),(1311,2567,'3445',3,6,0,'1349900687880','2025-05-16'),(1312,2567,'3446',4,6,0,'1349900687880','2025-05-16'),(1313,2567,'3447',5,6,0,'1349900687880','2025-05-16'),(1314,2567,'3448',6,6,0,'1349900687880','2025-05-16'),(1315,2567,'3450',7,6,0,'1349900687880','2025-05-16'),(1316,2567,'3451',8,6,0,'1349900687880','2025-05-16'),(1317,2567,'3452',9,6,0,'1349900687880','2025-05-16'),(1318,2567,'3456',10,6,0,'1349900687880','2025-05-16'),(1319,2567,'3459',11,6,0,'1349900687880','2025-05-16'),(1320,2567,'3495',11,6,0,'1349900687880','2025-05-16'),(1321,2567,'3461',1,5,0,'1349900687880','2025-05-16'),(1322,2567,'3462',2,5,0,'1349900687880','2025-05-16'),(1323,2567,'3463',3,5,0,'1349900687880','2025-05-16'),(1324,2567,'3464',4,5,0,'1349900687880','2025-05-16'),(1325,2567,'3465',5,5,0,'1349900687880','2025-05-16'),(1326,2567,'3466',6,5,0,'1349900687880','2025-05-16'),(1327,2567,'3467',7,5,0,'1349900687880','2025-05-16'),(1328,2567,'3468',8,5,0,'1349900687880','2025-05-16'),(1329,2567,'3469',9,5,0,'1349900687880','2025-05-16'),(1330,2567,'3470',10,5,0,'1349900687880','2025-05-16'),(1331,2567,'3473',11,5,0,'1349900687880','2025-05-16'),(1332,2567,'3474',1,4,0,'1349900687880','2025-05-16'),(1333,2567,'3475',2,4,0,'1349900687880','2025-05-16'),(1334,2567,'3476',3,4,0,'1349900687880','2025-05-16'),(1335,2567,'3477',4,4,0,'1349900687880','2025-05-16'),(1336,2567,'3478',5,4,0,'1349900687880','2025-05-16'),(1337,2567,'3479',6,4,0,'1349900687880','2025-05-16'),(1338,2567,'3480',7,4,0,'1349900687880','2025-05-16'),(1339,2567,'3481',8,4,0,'1349900687880','2025-05-16'),(1340,2567,'3482',9,4,0,'1349900687880','2025-05-16'),(1341,2567,'3483',10,4,0,'1349900687880','2025-05-16'),(1342,2567,'3484',11,4,0,'1349900687880','2025-05-16'),(1343,2567,'3485',12,4,0,'1349900687880','2025-05-16'),(1344,2567,'3486',13,4,0,'1349900687880','2025-05-16'),(1345,2567,'3487',14,4,0,'1349900687880','2025-05-16'),(1346,2567,'3488',15,4,0,'1349900687880','2025-05-16'),(1347,2567,'3489',16,4,0,'1349900687880','2025-05-16'),(1348,2567,'3490',17,4,0,'1349900687880','2025-05-16'),(1349,2567,'3493',18,4,0,'1349900687880','2025-05-16'),(1350,2567,'3797',20,4,0,'1349900687880','2025-05-16'),(1351,2567,'3498',1,3,0,'1349900687880','2025-05-16'),(1352,2567,'3499',2,3,0,'1349900687880','2025-05-16'),(1353,2567,'3500',3,3,0,'1349900687880','2025-05-16'),(1354,2567,'3501',4,3,0,'1349900687880','2025-05-16'),(1355,2567,'3502',5,3,0,'1349900687880','2025-05-16'),(1356,2567,'3503',6,3,0,'1349900687880','2025-05-16'),(1357,2567,'3504',7,3,0,'1349900687880','2025-05-16'),(1358,2567,'3505',8,3,0,'1349900687880','2025-05-16'),(1359,2567,'3506',9,3,0,'1349900687880','2025-05-16'),(1360,2567,'3507',10,3,0,'1349900687880','2025-05-16'),(1361,2568,'3522',12,3,0,'1349900687880','2025-05-16'),(1362,2568,'3501',4,4,0,'1349900687880','2025-05-16'),(1363,2568,'3528',11,4,0,'1349900687880','2025-05-16'),(1364,2568,'3504',7,4,0,'1349900687880','2025-05-16'),(1365,2568,'3491',19,5,0,'1349900687880','2025-05-16'),(1366,2568,'3478',5,5,0,'1349900687880','2025-05-16'),(1367,2568,'1348900',1,2,0,'1349900687880','2025-05-19'),(1368,2568,'0',1,2,0,'1349900687880','2025-05-19'),(1369,2568,'1',2,2,0,'1349900687880','2025-05-19'),(1370,2568,'3',3,2,0,'1349900687880','2025-05-19'),(1371,2568,'4',4,2,0,'1349900687880','2025-05-19'),(1372,2568,'5',5,2,0,'1349900687880','2025-05-19'),(1373,2568,'6',6,2,0,'1349900687880','2025-05-19'),(1374,2568,'7',7,2,0,'1349900687880','2025-05-19'),(1375,2568,'8',8,2,0,'1349900687880','2025-05-19'),(1376,2568,'9',9,2,0,'1349900687880','2025-05-19'),(1377,2568,'3468',8,6,0,'1349900687880','2025-05-19'),(1378,2568,'2529',1,2,0,'1349900687880','2025-06-05'),(1379,2568,'2530',2,2,0,'1349900687880','2025-06-05'),(1380,2568,'2531',3,2,0,'1349900687880','2025-06-05'),(1381,2568,'2532',4,2,0,'1349900687880','2025-06-05'),(1382,2568,'2533',5,2,0,'1349900687880','2025-06-05'),(1383,2568,'2534',6,2,0,'1349900687880','2025-06-05'),(1384,2568,'2535',7,2,0,'1349900687880','2025-06-05'),(1385,2568,'2536',8,2,0,'1349900687880','2025-06-05'),(1386,2568,'2537',9,2,0,'1349900687880','2025-06-05'),(1387,2568,'2539',11,3,0,'1349900687880','2025-09-15'),(1388,2568,'3428',9,8,0,'1349900687880','2025-08-29'),(1389,2568,'3433',12,8,0,'1349900687880','2025-08-29'),(1390,2568,'3538',8,4,0,'1349900687880','2025-09-15'),(1391,2568,'3502',4,4,0,'1349900687880','2025-09-15'),(1392,2568,'3503',5,4,0,'1349900687880','2025-09-15'),(1393,2568,'3505',6,4,0,'1349900687880','2025-09-15'),(1394,2568,'3506',7,4,0,'1349900687880','2025-09-15'),(1395,2568,'3507',9,4,0,'1349900687880','2025-09-15'),(1396,2568,'3519',9,3,0,'1349900687880','2025-09-15'),(1397,2568,'3516',6,3,0,'1349900687880','2025-09-15'),(1398,2568,'3524',14,3,0,'1349900687880','2025-09-15'),(1399,2568,'2540',10,3,0,'1349900687880','2025-09-15'),(1400,2568,'3514',3,3,0,'1349900687880','2025-09-15'),(1401,2568,'3515',4,3,0,'1349900687880','2025-09-15'),(1402,2568,'3517',5,3,0,'1349900687880','2025-09-15'),(1403,2568,'3518',6,3,0,'1349900687880','2025-09-15'),(1404,2568,'3520',7,3,0,'1349900687880','2025-09-15'),(1405,2568,'3521',8,3,0,'1349900687880','2025-09-15'),(1406,2568,'3523',9,3,0,'1349900687880','2025-09-15'),(1407,2568,'3525',12,3,0,'1349900687880','2025-09-15'),(1408,2568,'3526',13,3,0,'1349900687880','2025-09-15'),(1409,2568,'3527',14,3,0,'1349900687880','2025-09-15'),(1410,2568,'3540',10,3,0,'1349900687880','2025-09-15');

--
-- Table structure for table `student_main_edyear`
--

CREATE TABLE `student_main_edyear` (
  `id` int(11) NOT NULL AUTO_INCREMENT,
  `ed_year` int(11) NOT NULL,
  `year_active` tinyint(4) NOT NULL,
  PRIMARY KEY (`id`),
  UNIQUE KEY `ed_year` (`ed_year`)
) ENGINE=MyISAM AUTO_INCREMENT=14 DEFAULT CHARSET=utf8 COLLATE=utf8_general_ci;

--
-- Dumping data for table `student_main_edyear`
--

INSERT INTO `student_main_edyear` VALUES (1,2557,0),(2,2558,0),(3,2559,0),(4,2560,0),(6,2561,0),(7,2562,0),(8,2563,0),(9,2564,0),(10,2565,0),(11,2566,0),(12,2567,0),(13,2568,1);

--
-- Table structure for table `student_main_expand1`
--

CREATE TABLE `student_main_expand1` (
  `id` int(11) NOT NULL AUTO_INCREMENT,
  `person_id` varchar(13) NOT NULL,
  `e_name` varchar(50) NOT NULL,
  `e_surname` varchar(50) NOT NULL,
  `birthday` date NOT NULL,
  `blood` varchar(2) NOT NULL,
  `race` varchar(30) NOT NULL,
  `nationlity` varchar(30) NOT NULL,
  `religion` varchar(30) NOT NULL,
  `rec_date` date NOT NULL,
  PRIMARY KEY (`id`),
  UNIQUE KEY `person_id` (`person_id`)
) ENGINE=MyISAM AUTO_INCREMENT=138 DEFAULT CHARSET=utf8 COLLATE=utf8_general_ci;

--
-- Dumping data for table `student_main_expand1`
--

INSERT INTO `student_main_expand1` VALUES (1,'1348900369810','Keiytisak','Kanyuta','2015-05-13','','','','','2024-03-05'),(2,'1348900362254','Thanawan','Wangsalun','2015-01-17','','','','','2024-03-05'),(3,'1349902013894','Nanthakid','Khasadi','2014-11-09','','','','','2024-03-05'),(4,'1347600105620','Wiraphath','Lacharoc','2015-03-01','','','','','2024-03-05'),(5,'1342200164071','Xphichay','Thongnet','2015-01-13','','','','','2024-03-05'),(6,'1349902033275','Darapon','Ampracha','2015-02-28','','','','','2024-03-05'),(7,'1349902012812','Paphichya','Katiwong','2014-11-02','','','','','2024-03-05'),(8,'1859900460651','Piyathikant','Masxosoath','2014-05-29','','','','','2022-03-09'),(9,'1104301518514','Phonthip','Nambut','2014-06-25','-','ไทย','ไทย','พุทธ','2020-07-08'),(10,'1149901413203','Phimpaphadson','Phromahom','2015-04-13','','','','','2024-03-05'),(11,'1348900367787','Rungthiwa','Thiwanda','2015-04-12','','','','','2024-03-05'),(12,'1348900343985','Sunisa','Thummaket','2014-06-09','','','','','2024-03-05'),(13,'1348900344787','Surangkhana','Namwong','2014-06-22','','','','','2024-03-05'),(14,'1348900346534','Onthicha','Wongtha','2014-07-15','','','','','2024-03-05'),(15,'1348900325227','Kananek','Ngoasri','2013-10-11','','','','','2024-03-05'),(16,'1349901956299','Sahabodee','Kulbutdee','2014-01-03','','','','','2024-03-05'),(17,'1349901926993','Theppituk','Kaewnim','2013-07-31','','','','','2024-03-05'),(18,'1349901961811','Nutpong','Phujomduen','2013-02-05','','','','','2024-03-05'),(19,'1219901530403','Thanet','Kusdee','2014-02-28','','','','','2024-03-05'),(20,'1342200161064','Thanakorn','Wiengkam','2013-05-21','','','','','2023-03-31'),(21,'1348900314195','Patnasak','Sirichert','2013-05-31','','','','','2024-03-05'),(22,'1348900332967','Pakpong','Suntra','2014-01-17','','','','','2024-03-05'),(23,'1341501559040','Paskorn','Phoobaibua','2013-09-20','','','','','2024-03-05'),(24,'1348900332363','Wachira','Taolae','2014-01-10','','','','','2024-03-05'),(25,'1139900757006','Ronpee','Mesadee','2013-12-14','','','','','2024-03-05'),(26,'1331300156835','Aphirob','Srisai','2013-07-08','','','','','2024-03-05'),(27,'1349901950053','Chanonthida','Boon Prasit','2013-11-29','','','','','2024-03-05'),(28,'1349901955951','Nutnicha','jumthong','2014-01-02','','','','','2024-03-05'),(29,'1349901923072','Prachron','waenkaewn','2013-07-09','','','','','2024-03-05'),(30,'1100202144001','Praewa','khanthong','2013-11-14','','','','','2024-03-05'),(31,'1209601809526','Nuttasit','Nammultree','2013-02-01','','','','','2024-03-05'),(32,'1348900301956','Natpol','Chananin','2012-12-25','','','','','2024-03-05'),(33,'1349901857215','Puttipong','Wangsalun','2012-08-10','','','','','2024-03-05'),(34,'1349901897837','Taweesub','Jitpoka','2013-02-19','','','','','2024-03-05'),(35,'1349901867610','Patdanai','Jumtong','2012-09-23','','','','','2024-03-05'),(36,'1348900295051','Tanakorn','Sornchaisong','2012-10-08','','','','','2024-03-05'),(37,'1348900297771','Sornsiri','Namwong','2012-11-05','','','','','2024-03-05'),(38,'1348900300364','Teeraput','Tongpratum','2012-12-04','','','','','2024-03-05'),(39,'1348900292116','Warittorn','Wongtha','2012-09-08','','','','','2024-03-05'),(40,'1349901908341','Ananda','Sirishird','2013-04-17','','','','','2022-03-09'),(41,'1349901900366','Kanoklada','Monsin','2013-03-06','','','','','2024-03-05'),(42,'1348900311196','PiyaThida','Kumkaew','2013-04-23','','','','','2024-03-05'),(43,'1220900064575','Chanapa','Sosawang','2012-09-14','','','','','2024-03-05'),(44,'1248100104961','Pinpraky','Thopila','2012-07-10','','','','','2023-03-31'),(45,'1342200160688','Sarunput','Wiboolut','2013-03-04','','','','','2024-03-05'),(46,'1349901842251','Siriwimol','Wongsana','2012-05-31','','','','','2024-03-05'),(47,'1348900283907','Alicha','Wongtha','2012-06-05','','','','','2024-03-05'),(48,'1348900300569','Orathai','Tongpool','2012-12-09','','','','','2024-03-05'),(49,'1348900307741','Chatlada','Ketkaew','2013-03-13','','','','','2024-03-05'),(50,'1339901172425','Oamonrat','Phalasak','2012-08-01','','','','','2022-03-09'),(51,'1348900267626','Natwut','Khampaengnak','2011-11-14','','','','','2024-03-05'),(52,'1348900278563','Tawan','Ngoasri','2012-03-27','','','','','2024-03-05'),(53,'1208300082049','Phakin','Rakam','2012-02-24','','','','','2024-03-05'),(54,'1348600083864','Piyapoom','Prommahom','2011-10-23','','','','','2024-03-05'),(55,'1348900254036','Patpol','Ittianankul','2011-06-28','-','ไทย','ไทย','พุทธ','2020-07-08'),(56,'1342200158292','Utthanee','Kaewkhamkong','2012-01-23','','','','','2024-03-05'),(57,'1348900256268','Porntipa','Wangchai','2011-07-25','','','','','2024-03-05'),(58,'1349901771540','Chayanut','Bunprasit','2011-06-17','','','','','2023-03-31'),(59,'1348900255857','Khantika','Saitrong','2011-07-20','','','','','2024-03-05'),(60,'1348900264724','Ploysa','Srikam','2011-10-15','','','','','2024-03-05'),(61,'1309903958981','Kamolchat','Wangchai','2011-12-12','','','','','2024-03-05'),(62,'1349901712977','kittisak','Wunpen','2010-07-30','','','','','2022-03-09'),(63,'1340701778984','Nuthasart','Promdueng','2010-09-28','','','','','2022-03-09'),(64,'1349901716417','Sonthaya','Malijun','2010-08-18','','','','','2022-03-09'),(65,'1348900249318','Achirawatra','Seetarach','2011-04-26','','','','','2022-03-09'),(66,'1340701781837','Jeeranun','Boonsing','2010-12-26','','','','','2022-03-09'),(67,'1100600584728','Nutthichaporn','Prasongsieng','2010-10-02','','','','','2022-03-09'),(68,'1342200155382','Jiratya','Udnoon','2010-11-25','','','','','2022-03-09'),(69,'1348900242216','Nutthanun','Jitphoka','2011-01-10','','','','','2022-03-09'),(70,'1348900245207','Sarunya','Dejsang','2011-03-06','','','','','2022-03-09'),(71,'1340701779697','Siripak','Junsapeng','2010-10-19','','','','','2022-03-09'),(72,'1248100084544','SIRIRAT','PROMMAHOM','2010-06-15','','','','','2022-03-09'),(73,'1349901756583','Tanaporn','kingmun','2011-03-28','','','','','2022-03-09'),(74,'1342200153860','Korachut','Simawun','2010-04-23','','','','','2022-03-09'),(75,'1340701772960','Rapinchai','Suntra','2010-04-06','','','','','2022-03-09'),(76,'1340701769161','Tanadol','ngeunlun','2009-12-25','','','','','2022-03-09'),(77,'1340701770177','Chinkorn','Prasongsieng','2010-01-23','','','','','2022-03-09'),(78,'1349901632523','waragon','Wongsana','2009-06-20','-','ไทย','ไทย','พุทธ','2020-07-08'),(79,'1340701768199','Swang','Pukdeepol','2009-12-01','','','','','2022-03-09'),(80,'1342200151638','Apinun','Wiagkum','2009-08-16','','','','','2022-03-09'),(81,'1248100077831','Anuparb','Toepila','2009-10-13','','','','','2022-03-09'),(82,'1248100076452','Teerapat','Prommahome','2009-08-31','','','','','2022-03-09'),(83,'1342200152243','Teerapat','Auko','2009-10-07','A','','','','2022-03-09'),(84,'1349901642308','Nunnalin','Kaewkamkong','2009-08-11','','','','','2022-03-09'),(85,'1209702530292','Pimornput','Kongnum','2009-09-12','','','','','2022-03-09'),(86,'1508600035736','Sirirat','javaee','2009-10-02','','','','','2022-03-09'),(87,'1348900230200','Rungnapa','Nualjun','2010-05-01','','','','','2022-03-09'),(88,'1909701206274','Arisra','Vaewsri','2010-03-03','','','','','2022-03-09'),(89,'1348900227128','Chanidapa','Batsuwan','2010-01-22','','','','','2022-03-09'),(90,'1348900213046','Kawin','Bualakorn','2009-02-04','-','ไทย','ไทย','พุทธ','2020-07-08'),(91,'1348900194815','Chugayut','Boonsing','2008-06-21','-','ไทย','ไทย','พุทธ','2020-07-08'),(92,'1349901564021','Thitiwut','Soisa','2008-06-18','-','ไทย','ไทย','พุทธ','2020-07-08'),(93,'1342200149595','Apinun','Kusdee','2009-01-04','-','ไทย','ไทย','พุทธ','2020-07-08'),(94,'1342200148866','Natee','Punchumnong','2008-10-14','-','ไทย','ไทย','พุทธ','2020-07-08'),(95,'1348900194823','Atid','Sirichird','2008-06-22','-','ไทย','ไทย','พุทธ','2020-07-08'),(96,'1349901622757','Klinsukol','Prommahom','2009-04-29','-','ไทย','ไทย','พุทธ','2020-07-08'),(97,'1348900216142','ButsaKorn','Simjaroen','2009-03-24','-','ไทย','ไทย','พุทธ','2020-07-08'),(98,'1342200148840','Junyaporn','Butsuwan','2008-10-13','-','ไทย','ไทย','พุทธ','2020-07-08'),(99,'1342200150542','Tarisa','Wiloon','2009-04-10','-','ไทย','ไทย','พุทธ','2020-07-08'),(100,'1342200149871','Pichanun','Kusdee','2009-01-25','-','ไทย','ไทย','พุทธ','2020-07-08'),(101,'1349901583891','Ayaporn','Chumwong','2008-10-02','-','ไทย','ไทย','พุทธ','2020-07-08'),(102,'1348900179450','KERDTIKUN','NGOWSREE','2007-11-24','-','ไทย','ไทย','พุทธ','2020-07-08'),(103,'1342200145280','Nutwat','Wiloon','2007-08-17','-','ไทย','ไทย','พุทธ','2020-07-08'),(104,'1349901552775','Nawat','Juntarawijit','2008-04-14','-','ไทย','ไทย','พุทธ','2020-07-08'),(105,'1348900182507','Thaweesak','Ampracha','2008-01-05','-','ไทย','ไทย','พุทธ','2020-07-08'),(106,'1349901515233','Suwijug','Kulbutdee','2007-09-27','-','ไทย','ไทย','พุทธ','2020-07-08'),(107,'1348900180253','Athiwat','Kotara','2007-12-06','-','ไทย','ไทย','พุทธ','2020-07-08'),(108,'1342200147461','Thanapol','Wongkumpha','2008-04-28','-','ไทย','ไทย','พุทธ','2020-07-08'),(109,'1348900170495','Supee','Wunpen','2007-08-05','-','ไทย','ไทย','พุทธ','2020-07-08'),(110,'1342200146235','Thoranin','Prommahom','2007-12-04','-','ไทย','ไทย','พุทธ','2020-07-08'),(111,'1348900174831','Anupong','Punjunla','2007-09-28','-','ไทย','ไทย','พุทธ','2020-07-08'),(112,'1348900179794','Thanawat','Prommahom','2007-11-28','-','ไทย','ไทย','พุทธ','2020-07-08'),(113,'1348900168334','Nutnicha','Chananil','2007-07-04','-','ไทย','ไทย','พุทธ','2020-07-08'),(114,'1129902037795','Narumol','Junrungsri','2007-06-18','-','ไทย','ไทย','พุทธ','2020-07-08'),(115,'1209702377931','Benyapa','Saitrong','2007-08-16','-','ไทย','ไทย','พุทธ','2020-07-08'),(116,'1342200145441','Thunchanok','Prommahom','2007-09-03','-','ไทย','ไทย','พุทธ','2020-07-08'),(117,'1349901541897','Sawinee','Prommahom','2008-02-11','-','ไทย','ไทย','พุทธ','2020-07-08'),(118,'1149901428448','Naruphon','Ngeinlun','2015-08-04','','','','','2024-03-05'),(119,'1101000572967','Phakwalan','Somsri','2016-04-14','','','','','2024-03-05'),(120,'1341501592535','Ratchaneeporn','Phommahome','2016-03-10','','','','','2024-03-05'),(121,'1348900387338','Ayewarin','Sakaeo','2015-12-10','','','','','2024-03-05'),(122,'1218800075742','Pasini','Akkho','2015-12-15','','','','','2024-03-05'),(123,'1349902080834','Phumraphi','Waewsri','2015-11-24','','','','','2024-03-05'),(124,'1348900382409','Thananchai','Nuanchan','2015-10-17','','','','','2024-03-05'),(125,'1342200165701','Peepaphat','Yudchom','2016-03-02','','','','','2024-03-05'),(126,'1349901851764','Wittawat','Wongngean','2012-07-18','','','','','2022-03-09'),(127,'1348900265321','Pattaranan','Phonwiset','2011-06-06','O','','','','2023-03-31'),(128,'1609900915201','Chanun','Subin Ta','2009-02-02','','','','','2022-03-09'),(129,'1340701768750','Sorawit','Punjunla','2009-12-15','','','','','2022-03-09'),(130,'1739902726048','WORABAN','KAMHOME','2014-10-13','','','','','2024-03-05'),(131,'1347600105450','Phasakon','Xinnuphat','2015-02-19','','','','','2024-03-05'),(132,'1348900349894','Suphat','Phromahom','2014-08-22','','','','','2024-03-05'),(133,'1102004641085','Suphatson','Khanthong','2015-02-27','','','','','2024-03-05'),(134,'1349901969099','Chanathip','Boonmema','2014-03-18','','','','','2024-03-05'),(135,'1248100140380','Jesada','Ngeinlun','2016-03-23','','','','','2024-03-05'),(136,'1349902072785','Chavanan','Boonprasit','2015-10-12','','','','','2024-03-05'),(137,'1348900280860','Theerawat','Prommahom','2012-04-24','','','','','2024-03-05');

--
-- Table structure for table `student_main_permission`
--

CREATE TABLE `student_main_permission` (
  `id` int(11) NOT NULL AUTO_INCREMENT,
  `person_id` varchar(13) NOT NULL,
  `p1` tinyint(4) NOT NULL,
  `officer` varchar(13) NOT NULL,
  `rec_date` date NOT NULL,
  PRIMARY KEY (`id`)
) ENGINE=MyISAM AUTO_INCREMENT=18 DEFAULT CHARSET=utf8 COLLATE=utf8_general_ci;

--
-- Dumping data for table `student_main_permission`
--

INSERT INTO `student_main_permission` VALUES (16,'3341501192584',1,'3411600206558','2023-05-20'),(2,'3341501197110',1,'3340701151236','2014-09-13'),(4,'3341501467621',1,'3340701151236','2014-09-13'),(15,'110702434059',1,'3411600206558','2023-05-20'),(7,'3341500325319',1,'3340701151236','2014-09-13'),(11,'1329900691879',1,'1349900687880','2022-05-19'),(12,'1349900687880',1,'1349900687880','2018-11-15'),(13,'3411600206558',1,'3341501655665','2019-09-05'),(14,'1342200025098',1,'3341501655665','2021-01-13'),(17,'1349900687880',1,'1349900687880','2025-05-16');

--
-- Table structure for table `system_ed_year`
--

CREATE TABLE `system_ed_year` (
  `id` int(11) NOT NULL AUTO_INCREMENT,
  `ed_year` int(11) NOT NULL,
  `active_ed_year` tinyint(4) NOT NULL,
  PRIMARY KEY (`id`),
  UNIQUE KEY `ed_year` (`ed_year`)
) ENGINE=MyISAM DEFAULT CHARSET=utf8 COLLATE=utf8_general_ci;

--
-- Dumping data for table `system_ed_year`
--


--
-- Table structure for table `system_export_list`
--

CREATE TABLE `system_export_list` (
  `id` int(11) NOT NULL AUTO_INCREMENT,
  `data_name` varchar(50) NOT NULL,
  `thai_dataname` varchar(100) NOT NULL,
  PRIMARY KEY (`id`),
  UNIQUE KEY `data_name` (`data_name`)
) ENGINE=MyISAM AUTO_INCREMENT=7 DEFAULT CHARSET=utf8 COLLATE=utf8_general_ci;

--
-- Dumping data for table `system_export_list`
--

INSERT INTO `system_export_list` VALUES (1,'person','ข้อมูลครูและบุคลากร'),(2,'student','ข้อมูลพื้นฐานนักเรียน'),(3,'onet','ผลสอบ O-NET'),(4,'plan','แผนปฏิบัติการประจำปี'),(5,'student_check','การมาเรียน'),(6,'health','สุขภาพผู้เรียน');

--
-- Table structure for table `system_export_log`
--

CREATE TABLE `system_export_log` (
  `id` int(11) NOT NULL AUTO_INCREMENT,
  `computer_ip` varchar(25) NOT NULL,
  `requester` varchar(50) NOT NULL,
  `login_time` datetime NOT NULL,
  `data` varchar(20) NOT NULL,
  PRIMARY KEY (`id`)
) ENGINE=MyISAM AUTO_INCREMENT=169 DEFAULT CHARSET=utf8 COLLATE=utf8_general_ci;

--
-- Dumping data for table `system_export_log`
--

INSERT INTO `system_export_log` VALUES (1,'61.19.124.234','amssplus','2018-09-21 04:36:39','person'),(2,'61.19.124.234','amssplus','2019-03-13 04:07:15','student'),(3,'61.19.124.234','amssplus','2019-09-17 10:00:23','student'),(4,'61.19.124.234','amssplus','2019-09-17 10:00:25','student'),(5,'61.19.124.234','amssplus','2019-09-17 10:00:39','student'),(6,'61.19.124.234','amssplus','2019-09-17 10:00:59','student'),(7,'61.19.124.234','amssplus','2019-09-17 10:00:59','student'),(8,'61.19.124.234','amssplus','2019-09-17 10:05:05','student'),(9,'61.19.124.234','amssplus','2019-09-17 10:05:06','student'),(10,'61.19.124.234','amssplus','2019-09-17 10:05:26','student'),(11,'61.19.124.234','amssplus','2019-10-02 08:17:44','student_check'),(12,'61.19.124.234','amssplus','2019-10-02 08:18:06','student_check'),(13,'61.19.124.234','amssplus','2019-10-02 08:18:08','student_check'),(14,'61.19.124.234','amssplus','2019-10-02 08:18:18','student_check'),(15,'61.19.124.234','amssplus','2019-10-02 08:18:32','student_check'),(16,'61.19.124.234','amssplus','2019-10-02 08:22:19','health'),(17,'61.19.124.234','amssplus','2019-10-02 08:22:24','health'),(18,'61.19.124.234','amssplus','2019-10-03 08:52:49','student_check'),(19,'61.19.124.234','amssplus','2019-10-08 14:48:01','student_check'),(20,'122.155.223.9','amssplus','2020-01-09 10:11:41','student_check'),(21,'122.155.223.9','amssplus','2020-01-09 10:11:50','student_check'),(22,'122.155.223.9','amssplus','2020-02-06 10:23:13','student_check'),(23,'122.155.223.9','amssplus','2020-02-06 10:23:23','health'),(24,'122.155.223.9','amssplus','2020-02-06 10:23:24','health'),(25,'122.155.223.9','amssplus','2020-02-06 10:23:32','plan'),(26,'122.155.223.9','amssplus','2020-02-21 07:21:27','student'),(27,'122.155.223.9','amssplus','2020-02-21 07:22:08','student'),(28,'122.155.223.9','amssplus','2020-03-30 14:48:35','student_check'),(29,'122.155.223.9','amssplus','2020-08-03 20:09:45','person'),(30,'122.155.223.9','amssplus','2020-08-05 09:42:30','student'),(31,'122.155.223.9','amssplus','2020-11-20 13:33:49','student'),(32,'122.155.223.9','amssplus','2020-11-20 13:35:38','student'),(33,'122.155.223.9','amssplus','2021-01-18 11:30:29','plan'),(34,'122.155.223.9','amssplus','2021-02-23 14:50:47','plan'),(35,'122.155.223.9','amssplus','2021-03-09 13:55:47','plan'),(36,'192.168.1.6','amssplus','2021-05-29 11:02:42','student'),(37,'192.168.1.6','amssplus','2021-05-29 11:03:49','student'),(38,'192.168.1.6','amssplus','2021-05-29 11:54:24','student'),(39,'192.168.1.6','amssplus','2021-05-29 11:57:22','student'),(40,'192.168.1.6','amssplus','2021-05-29 11:58:23','student'),(41,'192.168.1.6','amssplus','2021-05-29 12:12:57','student'),(42,'192.168.1.6','amssplus','2021-05-29 12:22:07','student'),(43,'192.168.1.6','amssplus','2021-05-29 12:23:53','student'),(44,'192.168.1.6','amssplus','2021-05-29 12:44:01','student'),(45,'192.168.1.6','amssplus','2021-05-29 12:50:47','student'),(46,'192.168.1.6','amssplus','2021-05-29 12:57:22','student'),(47,'192.168.1.6','amssplus','2021-05-29 12:58:27','student'),(48,'192.168.1.6','amssplus','2021-05-29 14:27:41','student'),(49,'192.168.1.6','amssplus','2021-05-29 14:28:15','student'),(50,'192.168.1.6','amssplus','2021-05-29 14:28:42','student'),(51,'192.168.1.6','amssplus','2021-05-29 14:29:21','student'),(52,'192.168.1.6','amssplus','2021-05-29 14:31:53','student'),(53,'10.1.1.3','amssplus','2021-10-06 10:31:16','student'),(54,'10.1.1.3','amssplus','2021-10-06 14:16:03','student'),(55,'10.1.1.3','amssplus','2021-11-13 19:49:50','student'),(56,'10.1.1.3','amssplus','2022-07-23 11:14:53','plan'),(57,'10.1.1.3','amssplus','2022-09-07 14:39:50','student'),(58,'10.1.1.3','amssplus','2022-09-17 13:58:45','student'),(59,'10.1.1.3','amssplus','2022-09-17 15:27:33','student'),(60,'','amssplus','2023-01-02 14:23:38','student_check'),(61,'','amssplus','2023-01-02 17:52:53','student_check'),(62,'','amssplus','2023-01-02 17:54:29','student_check'),(63,'','amssplus','2023-01-02 17:55:03','student_check'),(64,'10.1.1.3','amssplus','2023-01-22 00:23:51','student'),(65,'127.0.0.1','amssplus','2023-02-16 09:21:27','student_check'),(66,'127.0.0.1','amssplus','2023-02-16 09:22:08','student_check'),(67,'127.0.0.1','amssplus','2023-02-16 09:33:02','student_check'),(68,'10.1.1.3','amssplus','2023-04-05 09:48:18','student_check'),(69,'10.1.1.3','amssplus','2023-04-05 22:38:10','student_check'),(70,'10.1.1.3','amssplus','2023-04-06 10:24:16','student_check'),(71,'10.1.1.3','amssplus','2023-04-06 10:25:07','student_check'),(72,'10.1.1.3','amssplus','2023-04-06 10:47:27','student_check'),(73,'10.1.1.3','amssplus','2023-04-06 13:13:41','student_check'),(74,'10.1.1.3','amssplus','2023-06-15 10:20:20','student_check'),(75,'10.1.1.3','amssplus','2023-06-15 10:57:21','student'),(76,'10.1.1.3','amssplus','2023-06-16 15:17:30','student'),(77,'10.1.1.3','amssplus','2023-07-04 11:26:08','student'),(78,'127.0.0.1','amssplus','2023-07-09 13:17:02','student_check'),(79,'127.0.0.1','amssplus','2023-07-09 13:19:00','student_check'),(80,'127.0.0.1','amssplus','2023-07-09 13:19:46','student_check'),(81,'127.0.0.1','amssplus','2023-07-09 13:20:13','student_check'),(82,'127.0.0.1','amssplus','2023-07-09 13:20:45','student_check'),(83,'127.0.0.1','amssplus','2023-07-09 13:21:39','student_check'),(84,'127.0.0.1','amssplus','2023-07-09 13:21:44','student_check'),(85,'127.0.0.1','amssplus','2023-07-09 13:27:58','student_check'),(86,'127.0.0.1','amssplus','2023-07-09 13:29:13','student_check'),(87,'127.0.0.1','amssplus','2023-07-09 13:31:14','student_check'),(88,'127.0.0.1','amssplus','2023-07-09 13:36:12','student_check'),(89,'127.0.0.1','amssplus','2023-07-09 13:37:17','student_check'),(90,'127.0.0.1','amssplus','2023-07-09 13:37:40','student_check'),(91,'127.0.0.1','amssplus','2023-07-09 13:39:11','student_check'),(92,'127.0.0.1','amssplus','2023-07-09 13:41:19','student_check'),(93,'127.0.0.1','amssplus','2023-07-09 13:42:40','student_check'),(94,'127.0.0.1','amssplus','2023-07-09 13:43:38','student_check'),(95,'127.0.0.1','amssplus','2023-07-09 13:47:33','student_check'),(96,'127.0.0.1','amssplus','2023-07-09 13:59:30','student_check'),(97,'127.0.0.1','amssplus','2023-07-09 14:08:14','student_check'),(98,'127.0.0.1','amssplus','2023-07-09 14:17:26','student_check'),(99,'127.0.0.1','amssplus','2023-07-11 07:57:57','student_check'),(100,'127.0.0.1','amssplus','2023-07-11 08:13:00','student_check'),(101,'127.0.0.1','amssplus','2023-07-11 08:13:51','student_check'),(102,'127.0.0.1','amssplus','2023-07-11 08:14:42','student_check'),(103,'127.0.0.1','amssplus','2023-07-26 13:58:55','student_check'),(104,'127.0.0.1','amssplus','2023-07-26 14:00:36','student_check'),(105,'127.0.0.1','amssplus','2023-07-26 14:02:10','student_check'),(106,'127.0.0.1','amssplus','2023-07-26 14:52:52','student_check'),(107,'127.0.0.1','amssplus','2023-07-26 14:58:28','student_check'),(108,'127.0.0.1','amssplus','2023-07-26 15:09:10','student_check'),(109,'127.0.0.1','amssplus','2023-07-26 15:11:04','student_check'),(110,'127.0.0.1','amssplus','2023-07-26 15:12:03','student_check'),(111,'127.0.0.1','amssplus','2023-07-26 15:18:39','student_check'),(112,'127.0.0.1','amssplus','2023-07-26 15:22:35','student_check'),(113,'127.0.0.1','amssplus','2023-07-26 15:27:26','student_check'),(114,'127.0.0.1','amssplus','2023-07-26 15:31:06','student_check'),(115,'127.0.0.1','amssplus','2023-07-26 15:32:14','student_check'),(116,'127.0.0.1','amssplus','2023-07-26 15:33:10','student_check'),(117,'127.0.0.1','amssplus','2023-07-26 15:45:47','student_check'),(118,'127.0.0.1','amssplus','2023-07-26 15:49:01','student_check'),(119,'127.0.0.1','amssplus','2023-07-26 15:50:58','student_check'),(120,'127.0.0.1','amssplus','2023-07-26 15:52:45','student_check'),(121,'127.0.0.1','amssplus','2023-07-26 15:57:17','student_check'),(122,'127.0.0.1','amssplus','2023-07-26 17:13:56','student_check'),(123,'127.0.0.1','amssplus','2023-07-26 17:19:45','student_check'),(124,'127.0.0.1','amssplus','2023-07-26 17:26:36','student_check'),(125,'127.0.0.1','amssplus','2023-07-26 17:28:12','student_check'),(126,'127.0.0.1','amssplus','2023-07-26 17:42:14','student_check'),(127,'10.1.1.3','amssplus','2023-08-24 09:05:28','student_check'),(128,'10.1.1.3','amssplus','2023-08-31 09:02:46','student_check'),(129,'10.1.1.3','amssplus','2023-08-31 09:03:18','student_check'),(130,'10.1.1.3','amssplus','2023-08-31 09:03:39','student_check'),(131,'10.1.1.3','amssplus','2023-09-15 20:09:19','student'),(132,'','amssplus','2023-10-25 14:28:40','student_check'),(133,'','amssplus','2023-10-25 14:28:46','student_check'),(134,'','amssplus','2023-10-25 14:28:48','student_check'),(135,'10.255.199.107','amssplus','2023-11-29 08:55:48','student_check'),(136,'10.255.199.107','amssplus','2023-12-15 12:15:49','student_check'),(137,'10.255.199.107','amssplus','2024-01-25 03:50:22','student_check'),(138,'10.255.199.107','amssplus','2024-03-05 04:34:00','student'),(139,'10.255.199.107','amssplus','2024-06-10 11:59:11','student'),(140,'10.255.199.107','amssplus','2024-06-10 12:32:52','student'),(141,'10.255.199.107','amssplus','2024-06-14 10:46:03','student'),(142,'10.255.199.107','amssplus','2024-06-14 10:52:04','student'),(143,'10.255.199.107','amssplus','2024-06-17 04:37:31','person'),(144,'10.255.199.107','amssplus','2024-06-17 04:39:47','person'),(145,'10.255.199.107','amssplus','2024-06-20 04:51:34','student_check'),(146,'10.255.199.107','amssplus','2025-03-11 07:57:43','student_check'),(147,'10.255.199.107','amssplus','2025-03-11 07:58:04','student_check'),(148,'10.255.199.107','amssplus','2025-03-28 01:48:38','student_check'),(149,'10.255.199.107','amssplus','2025-05-26 04:12:00','person'),(150,'10.255.199.107','amssplus','2025-05-26 04:31:36','person'),(151,'10.255.199.107','amssplus','2025-05-26 04:32:28','person'),(152,'10.255.199.107','amssplus','2025-05-26 05:14:11','person'),(153,'10.255.199.107','amssplus','2025-05-26 05:17:38','person'),(154,'10.255.199.107','amssplus','2025-05-29 08:10:42','person'),(155,'10.255.199.107','amssplus','2025-05-29 08:11:30','person'),(156,'10.255.199.107','amssplus','2025-06-08 04:35:51','student'),(157,'10.255.199.107','amssplus','2025-07-30 08:33:27','student_check'),(158,'10.255.199.107','amssplus','2025-08-01 22:22:45','student_check'),(159,'10.255.199.107','amssplus','2025-08-01 22:22:49','student_check'),(160,'10.255.199.107','amssplus','2025-08-14 04:22:05','person'),(161,'10.255.199.107','amssplus','2025-08-14 04:23:15','person'),(162,'10.255.199.107','amssplus','2025-08-25 03:03:49','student'),(163,'10.255.199.107','amssplus','2025-08-29 02:40:17','student_check'),(164,'10.255.199.107','amssplus','2025-09-13 05:43:36','student_check'),(165,'10.255.199.107','amssplus','2025-09-13 05:54:44','student_check'),(166,'10.255.199.107','amssplus','2025-11-14 07:28:28','student_check'),(167,'10.255.199.107','amssplus','2025-11-14 07:28:28','student_check'),(168,'10.255.199.107','amssplus','2025-11-14 07:28:28','student_check');

--
-- Table structure for table `system_export_permission`
--

CREATE TABLE `system_export_permission` (
  `id` int(11) NOT NULL AUTO_INCREMENT,
  `requester` varchar(50) NOT NULL,
  `data_name` varchar(50) NOT NULL,
  `status` tinyint(4) NOT NULL DEFAULT 0,
  PRIMARY KEY (`id`)
) ENGINE=MyISAM AUTO_INCREMENT=7 DEFAULT CHARSET=utf8 COLLATE=utf8_general_ci;

--
-- Dumping data for table `system_export_permission`
--

INSERT INTO `system_export_permission` VALUES (1,'amssplus','plan',1),(2,'amssplus','onet',1),(3,'amssplus','student',1),(4,'amssplus','person',1),(5,'amssplus','student_check',1),(6,'amssplus','health',1);

--
-- Table structure for table `system_module`
--

CREATE TABLE `system_module` (
  `id` int(11) NOT NULL AUTO_INCREMENT,
  `module` varchar(50) NOT NULL,
  `module_desc` varchar(100) NOT NULL,
  `workgroup` tinyint(4) DEFAULT NULL,
  `module_active` tinyint(4) DEFAULT NULL,
  `module_order` int(11) NOT NULL,
  `web_link` tinyint(4) DEFAULT NULL,
  `url` varchar(150) DEFAULT NULL,
  `where_work` tinyint(4) NOT NULL DEFAULT 0,
  `menu_pic` varchar(25) NOT NULL,
  PRIMARY KEY (`id`),
  UNIQUE KEY `module` (`module`)
) ENGINE=MyISAM AUTO_INCREMENT=32 DEFAULT CHARSET=utf8 COLLATE=utf8_general_ci;

--
-- Dumping data for table `system_module`
--

INSERT INTO `system_module` VALUES (1,'budget','การเงินและบัญชี',2,1,23,NULL,NULL,0,'fab fa-btc'),(2,'person','ข้อมูลพื้นฐานครูและบุคลากร',3,1,27,NULL,NULL,0,'fa fa-user-circle'),(3,'standard','มาตรฐานการศึกษา',1,1,19,NULL,NULL,0,''),(4,'health','ตรวจสุขภาพนักเรียน',1,1,5,NULL,NULL,0,''),(5,'student_check','การมาเรียน',1,1,1,NULL,NULL,0,'fa fa-child'),(6,'work','﻿การปฏิบัติราชการ',4,1,45,NULL,NULL,0,''),(7,'news','﻿รายงานข่าว',4,1,51,0,'',0,''),(8,'savings','ออมทรัพย์นักเรียน',1,1,3,NULL,NULL,0,'fab fa-btc'),(9,'student_main','ข้อมูลพื้นฐานนักเรียน',1,1,7,NULL,NULL,0,'fa fa-child'),(10,'plan','การวางแผน',2,1,21,NULL,NULL,0,''),(11,'la','﻿การลา',4,1,43,NULL,NULL,0,''),(12,'mail','ไปรษณีย์_โรงเรียน',4,1,34,NULL,NULL,0,'fa fa-envelope'),(13,'meeting','﻿จองห้องประชุม',4,1,47,NULL,NULL,0,''),(14,'permission','﻿ขออนุญาตไปราชการ',4,1,41,NULL,NULL,0,''),(15,'achievement','﻿ผลสัมฤทธิ์ทางการเรียน',1,1,17,NULL,NULL,0,'fa fa-graduation-cap'),(16,'cabinet','﻿ตู้เอกสาร',4,1,49,NULL,NULL,0,''),(17,'bookregister','﻿ทะเบียนหนังสือราชการ',4,1,31,NULL,NULL,0,'fa fa-book'),(18,'affair','﻿ภารกิจผู้อำนวยการ',4,1,39,0,'',0,''),(19,'amss_bets','﻿ทดสอบการศึกษา_สพท.',1,1,9,0,'',1,'fa fa-graduation-cap'),(20,'amss_budget','﻿การบริหารงบประมาณ_สพท.',2,1,25,0,'',0,'fab fa-btc'),(21,'amss_mail','﻿ไปรษณีย์_สพท.',4,1,35,0,'',0,'fa fa-envelope'),(22,'amss_opportunity','﻿สิทธิและโอกาสทางการศึกษา',1,1,13,0,'',0,'fa fa-child'),(23,'amss_spacial_student','﻿นักเรียนพิเศษ',1,1,15,0,'',0,'fa fa-child'),(24,'amss_supervision','﻿นิเทศ ติดตาม ประเมินผล',1,1,11,0,'',0,'fa fa-graduation-cap'),(25,'book','﻿รับส่งหนังสือราชการ',4,1,33,0,'',0,'fa fa-book'),(26,'delegate','﻿รักษาการในตำแหน่ง',3,1,29,0,'',0,''),(27,'bets','﻿ระบบทดสอบการศึกษาโรงเรียน',1,1,0,0,'',1,'fa fa-graduation-cap'),(28,'warroom','﻿วิเคราะห์สภาพการณ์',1,1,0,0,'',0,'fa fa-filter'),(29,'questionnaire','﻿แบบสอบถาม',4,1,0,0,'',0,''),(30,'idplan','﻿ข้อมูลครูและบุคลากร(ส่วนเพิ่ม)',3,1,0,0,'',0,''),(31,'amss_safety','สถานศึกษาปลอดภัย',1,1,0,0,'',0,'');

--
-- Table structure for table `system_module_admin`
--

CREATE TABLE `system_module_admin` (
  `id` int(11) NOT NULL AUTO_INCREMENT,
  `person_id` varchar(13) NOT NULL,
  `module` varchar(30) NOT NULL,
  `officer` varchar(13) NOT NULL,
  `rec_date` date NOT NULL,
  PRIMARY KEY (`id`)
) ENGINE=MyISAM AUTO_INCREMENT=89 DEFAULT CHARSET=utf8 COLLATE=utf8_general_ci;

--
-- Dumping data for table `system_module_admin`
--

INSERT INTO `system_module_admin` VALUES (1,'3340701151236','student_main','7777','2014-09-13'),(2,'3341501655665','bookregister','7777','2014-09-13'),(53,'3341600242954','plan','3341501655665','2018-09-24'),(4,'3341500325319','achievement','7777','2014-09-13'),(5,'3341500795692','achievement','7777','2014-09-13'),(40,'3340800302691','plan','3341500795692','2016-07-24'),(8,'3341500795692','student_main','7777','2014-09-13'),(9,'3341501197110','cabinet','7777','2014-09-13'),(10,'3341500795692','cabinet','7777','2014-09-13'),(11,'3341500795692','permission','7777','2014-09-13'),(12,'3340701151236','permission','7777','2014-09-13'),(13,'3341501467621','student_check','7777','2014-09-13'),(14,'3341500795692','student_check','7777','2014-09-13'),(15,'3341500795692','mail','7777','2014-09-13'),(36,'3341501655665','standard','3341500795692','2015-09-22'),(47,'3341500795692','work','3340700388739','2018-06-13'),(19,'3341500795692','meeting','7777','2014-09-13'),(20,'3341501197110','meeting','7777','2014-09-13'),(21,'1339900053104','news','7777','2014-09-13'),(22,'3341500795692','news','7777','2014-09-13'),(23,'3341500795692','savings','7777','2014-09-13'),(24,'3341501655665','savings','7777','2014-09-13'),(25,'3341500795692','la','7777','2014-09-13'),(26,'3340700388739','la','7777','2014-09-13'),(27,'3341500795692','standard','7777','2014-09-13'),(28,'3349900187921','standard','7777','2014-09-13'),(29,'3341500795692','plan','7777','2014-09-13'),(30,'3341501655665','plan','7777','2014-09-13'),(31,'3341500795692','health','7777','2014-09-13'),(32,'3341501655665','health','7777','2014-09-13'),(33,'3341500795692','person','7777','2014-09-13'),(34,'3340700388739','person','7777','2014-09-13'),(35,'3341501655665','budget','3341500795692','2015-09-22'),(37,'3341501655665','permission','3341500795692','2015-09-22'),(38,'3341501655665','news','3341500795692','2015-09-22'),(39,'3341501655665','person','3341500795692','2015-09-22'),(41,'3340800302691','savings','3340800302691','2016-07-24'),(42,'3340800302691','budget','3340800302691','2016-07-24'),(43,'3341501655665','student_main','3341500795692','2017-11-23'),(44,'3341600242954','student_main','3341500795692','2017-11-23'),(45,'3341600242954','student_check','3341500795692','2017-11-23'),(46,'3340700388739','work','3340700388739','2018-06-13'),(48,'3341501655665','achievement','3341501655665','2018-09-22'),(49,'3341501655665','book','3341501655665','2018-09-22'),(50,'3340700388739','affair','7777','2018-09-22'),(51,'3340800302691','health','3341501655665','2018-09-24'),(52,'3341501655665','work','3341501655665','2018-09-24'),(54,'1349900687880','book','3341501655665','2018-11-07'),(86,'3341501655665','amss_bets','3341501655665','2020-02-19'),(56,'1349900687880','amss_bets','3340700388739','2018-11-08'),(57,'1349900687880','work','1349900687880','2018-11-15'),(58,'1349900687880','permission','1349900687880','2018-11-15'),(59,'1349900687880','person','1349900687880','2018-11-15'),(60,'1349900687880','student_main','1349900687880','2018-11-15'),(61,'1349900687880','student_check','1349900687880','2018-11-15'),(62,'1349900687880','savings','7777','2018-11-15'),(63,'1349900687880','health','7777','2018-11-15'),(64,'1349900687880','affair','7777','2018-11-15'),(65,'1349900687880','la','7777','2018-11-15'),(66,'1349900687880','bookregister','1349900687880','2018-11-15'),(67,'1349900687880','delegate','1349900687880','2018-11-15'),(68,'1349900687880','mail','1349900687880','2018-11-15'),(69,'1349900687880','amss_mail','1349900687880','2018-11-15'),(70,'1349900687880','amss_budget','1349900687880','2018-11-15'),(71,'1349900687880','budget','1349900687880','2018-11-15'),(72,'1349900687880','meeting','1349900687880','2018-11-15'),(73,'1349900687880','cabinet','1349900687880','2018-11-15'),(74,'1349900687880','plan','1349900687880','2018-11-15'),(75,'1349900687880','amss_opportunity','1349900687880','2018-11-15'),(76,'1349900687880','amss_spacial_student','1349900687880','2018-11-15'),(77,'1349900687880','achievement','1349900687880','2018-11-15'),(78,'1349900687880','bets','1349900687880','2018-11-15'),(79,'1349900687880','standard','7777','2018-11-15'),(80,'1349900687880','news','7777','2018-11-15'),(81,'1342200025098','book','3341501655665','2020-04-27'),(82,'3341600242954','achievement','3341501655665','2018-11-16'),(83,'3341600242954','health','3341501655665','2018-11-16'),(84,'3341600242954','bets','3341501655665','2018-11-16'),(85,'3341600242954','bookregister','3341501655665','2018-11-16'),(87,'3341501655665','bets','3341501655665','2020-02-19'),(88,'1342200025098','achievement','3341501655665','2020-03-23');

--
-- Table structure for table `system_school_name`
--

CREATE TABLE `system_school_name` (
  `id` tinyint(4) NOT NULL,
  `school_name` varchar(200) NOT NULL,
  `school_type` tinyint(4) NOT NULL DEFAULT 0,
  PRIMARY KEY (`id`)
) ENGINE=MyISAM DEFAULT CHARSET=utf8 COLLATE=utf8_general_ci;

--
-- Dumping data for table `system_school_name`
--

INSERT INTO `system_school_name` VALUES (1,'โรงเรียนบ้านกะแอก',0);

--
-- Table structure for table `system_sync_code`
--

CREATE TABLE `system_sync_code` (
  `id` tinyint(4) NOT NULL AUTO_INCREMENT,
  `office_code` varchar(10) NOT NULL,
  `system_name` varchar(50) NOT NULL,
  `sync_code` varchar(50) NOT NULL,
  `amssplus_url` varchar(100) NOT NULL,
  PRIMARY KEY (`id`),
  UNIQUE KEY `system_name` (`system_name`)
) ENGINE=MyISAM AUTO_INCREMENT=4 DEFAULT CHARSET=utf8 COLLATE=utf8_general_ci;

--
-- Dumping data for table `system_sync_code`
--

INSERT INTO `system_sync_code` VALUES (3,'34040086','amssplus','34040086','http://10.255.199.107/amssplus');

--
-- Table structure for table `system_version`
--

CREATE TABLE `system_version` (
  `id` int(11) NOT NULL AUTO_INCREMENT,
  `smss_version` varchar(100) NOT NULL,
  `status1` int(11) DEFAULT NULL,
  `status2` int(11) DEFAULT NULL,
  `status3` int(11) DEFAULT NULL,
  `status4` int(11) DEFAULT NULL,
  `status5` int(11) DEFAULT NULL,
  PRIMARY KEY (`id`)
) ENGINE=MyISAM AUTO_INCREMENT=2 DEFAULT CHARSET=utf8 COLLATE=utf8_general_ci;

--
-- Dumping data for table `system_version`
--

INSERT INTO `system_version` VALUES (1,'6.4',1,0,0,0,0);

--
-- Table structure for table `system_workgroup`
--

CREATE TABLE `system_workgroup` (
  `id` tinyint(4) NOT NULL AUTO_INCREMENT,
  `workgroup` tinyint(4) NOT NULL,
  `workgroup_desc` varchar(50) NOT NULL,
  `workgroup_order` int(11) NOT NULL,
  PRIMARY KEY (`id`),
  UNIQUE KEY `workgroup` (`workgroup`)
) ENGINE=MyISAM AUTO_INCREMENT=5 DEFAULT CHARSET=utf8 COLLATE=utf8_general_ci;

--
-- Dumping data for table `system_workgroup`
--

INSERT INTO `system_workgroup` VALUES (1,1,'บริหารวิชาการ',1),(2,2,'บริหารงบประมาณ',2),(3,3,'บริหารงานบุคคล',6),(4,4,'บริหารทั่วไป',8);

--
-- Table structure for table `work_main`
--

CREATE TABLE `work_main` (
  `id` int(11) NOT NULL AUTO_INCREMENT,
  `work_date` date NOT NULL,
  `person_id` varchar(13) NOT NULL,
  `work` tinyint(4) NOT NULL DEFAULT 0,
  `comment` varchar(150) DEFAULT NULL,
  `rec_date` datetime NOT NULL,
  `officer` varchar(13) NOT NULL,
  PRIMARY KEY (`id`),
  KEY `work_date` (`work_date`),
  KEY `person_id` (`person_id`)
) ENGINE=MyISAM AUTO_INCREMENT=1734 DEFAULT CHARSET=utf8 COLLATE=utf8_general_ci;

--
-- Dumping data for table `work_main`
--

INSERT INTO `work_main` VALUES (1,'2015-09-16','3340700388739',1,NULL,'2015-09-16 23:11:39','3341500795692'),(2,'2015-09-16','3341501197110',2,NULL,'2015-09-16 23:11:39','3341500795692'),(3,'2015-09-16','3340701151236',1,NULL,'2015-09-16 23:11:39','3341500795692'),(4,'2015-09-16','3349900187921',1,NULL,'2015-09-16 23:11:39','3341500795692'),(5,'2015-09-16','3341501467621',1,NULL,'2015-09-16 23:11:39','3341500795692'),(6,'2015-09-16','3340800302691',6,NULL,'2015-09-16 23:11:39','3341500795692'),(7,'2015-09-16','3341500795692',2,NULL,'2015-09-16 23:11:39','3341500795692'),(8,'2015-09-16','3341500325319',2,NULL,'2015-09-16 23:11:39','3341500795692'),(9,'2015-09-16','3341501655665',1,NULL,'2015-09-16 23:11:39','3341500795692'),(10,'2015-09-16','1339900053104',2,NULL,'2015-09-16 23:11:39','3341500795692'),(11,'2015-09-18','3340700388739',2,NULL,'2015-09-18 16:12:57','3341501655665'),(12,'2015-09-18','3341501197110',2,NULL,'2015-09-18 16:12:57','3341501655665'),(13,'2015-09-18','3340701151236',1,NULL,'2015-09-18 16:12:57','3341501655665'),(14,'2015-09-18','3349900187921',1,NULL,'2015-09-18 16:12:57','3341501655665'),(15,'2015-09-18','3341501467621',1,NULL,'2015-09-18 16:12:57','3341501655665'),(16,'2015-09-18','3340800302691',6,NULL,'2015-09-18 16:12:57','3341501655665'),(17,'2015-09-18','3341500795692',2,NULL,'2015-09-18 16:12:57','3341501655665'),(18,'2015-09-18','3341500325319',2,NULL,'2015-09-18 16:12:57','3341501655665'),(19,'2015-09-18','3341501655665',1,NULL,'2015-09-18 16:12:57','3341501655665'),(20,'2015-09-18','1339900053104',2,NULL,'2015-09-18 16:12:57','3341501655665'),(21,'2015-09-23','3341501197110',1,NULL,'2015-09-23 18:24:46','3341500795692'),(22,'2015-09-23','3340701151236',1,NULL,'2015-09-23 18:24:46','3341500795692'),(23,'2015-09-23','3349900187921',1,NULL,'2015-09-23 18:24:46','3341500795692'),(24,'2015-09-23','3341501467621',1,NULL,'2015-09-23 18:24:46','3341500795692'),(25,'2015-09-23','3340800302691',1,NULL,'2015-09-23 18:24:46','3341500795692'),(26,'2015-09-23','3341500795692',1,NULL,'2015-09-23 18:24:46','3341500795692'),(27,'2015-09-23','3341500325319',1,NULL,'2015-09-23 18:24:46','3341500795692'),(28,'2015-09-23','3341501655665',1,NULL,'2015-09-23 18:24:46','3341500795692'),(29,'2015-09-23','1339900053104',1,NULL,'2015-09-23 18:24:46','3341500795692'),(30,'2015-11-10','3340700388739',1,NULL,'2015-11-10 22:03:06','3341501655665'),(31,'2015-11-10','3341501197110',1,NULL,'2015-11-10 22:03:06','3341501655665'),(32,'2015-11-10','3340701151236',3,NULL,'2015-11-10 22:03:06','3341501655665'),(33,'2015-11-10','3349900187921',1,NULL,'2015-11-10 22:03:06','3341501655665'),(34,'2015-11-10','3341501467621',1,NULL,'2015-11-10 22:03:06','3341501655665'),(35,'2015-11-10','3340800302691',1,NULL,'2015-11-10 22:03:06','3341501655665'),(36,'2015-11-10','3341500795692',1,NULL,'2015-11-10 22:03:06','3341501655665'),(37,'2015-11-10','3341500325319',1,NULL,'2015-11-10 22:03:06','3341501655665'),(38,'2015-11-10','3341501655665',1,NULL,'2015-11-10 22:03:06','3341501655665'),(39,'2015-11-23','3340700388739',1,NULL,'2015-11-23 23:14:56','3341501655665'),(40,'2015-11-23','3341501655665',1,NULL,'2015-11-23 23:14:56','3341501655665'),(41,'2015-11-23','3341500325319',1,NULL,'2015-11-23 23:14:56','3341501655665'),(42,'2015-11-23','3341500795692',1,NULL,'2015-11-23 23:14:56','3341501655665'),(43,'2015-11-23','3340800302691',1,NULL,'2015-11-23 23:14:56','3341501655665'),(44,'2015-11-23','3341501467621',1,NULL,'2015-11-23 23:14:56','3341501655665'),(45,'2015-11-23','3349900187921',1,NULL,'2015-11-23 23:14:56','3341501655665'),(46,'2015-11-23','3340701151236',1,NULL,'2015-11-23 23:14:56','3341501655665'),(47,'2015-11-23','3341501197110',1,NULL,'2015-11-23 23:14:56','3341501655665'),(48,'2015-11-20','3340700388739',1,NULL,'2015-11-23 23:15:47','3341501655665'),(49,'2015-11-20','3341501655665',1,NULL,'2015-11-23 23:15:47','3341501655665'),(50,'2015-11-20','3341500325319',1,NULL,'2015-11-23 23:15:47','3341501655665'),(51,'2015-11-20','3341500795692',1,NULL,'2015-11-23 23:15:47','3341501655665'),(52,'2015-11-20','3340800302691',1,NULL,'2015-11-23 23:15:47','3341501655665'),(53,'2015-11-20','3341501467621',1,NULL,'2015-11-23 23:15:47','3341501655665'),(54,'2015-11-20','3349900187921',1,NULL,'2015-11-23 23:15:47','3341501655665'),(55,'2015-11-20','3340701151236',1,NULL,'2015-11-23 23:15:47','3341501655665'),(56,'2015-11-20','3341501197110',1,NULL,'2015-11-23 23:15:47','3341501655665'),(57,'2015-11-16','3340700388739',1,NULL,'2015-11-23 23:16:04','3341501655665'),(58,'2015-11-16','3341501655665',1,NULL,'2015-11-23 23:16:04','3341501655665'),(59,'2015-11-16','3341500325319',1,NULL,'2015-11-23 23:16:04','3341501655665'),(60,'2015-11-16','3341500795692',1,NULL,'2015-11-23 23:16:04','3341501655665'),(61,'2015-11-16','3340800302691',1,NULL,'2015-11-23 23:16:04','3341501655665'),(62,'2015-11-16','3341501467621',1,NULL,'2015-11-23 23:16:04','3341501655665'),(63,'2015-11-16','3349900187921',1,NULL,'2015-11-23 23:16:04','3341501655665'),(64,'2015-11-16','3340701151236',1,NULL,'2015-11-23 23:16:04','3341501655665'),(65,'2015-11-16','3341501197110',1,NULL,'2015-11-23 23:16:04','3341501655665'),(66,'2015-11-17','3340700388739',1,NULL,'2015-11-23 23:16:21','3341501655665'),(67,'2015-11-17','3341501655665',1,NULL,'2015-11-23 23:16:21','3341501655665'),(68,'2015-11-17','3341500325319',1,NULL,'2015-11-23 23:16:21','3341501655665'),(69,'2015-11-17','3341500795692',1,NULL,'2015-11-23 23:16:21','3341501655665'),(70,'2015-11-17','3340800302691',1,NULL,'2015-11-23 23:16:21','3341501655665'),(71,'2015-11-17','3341501467621',1,NULL,'2015-11-23 23:16:21','3341501655665'),(72,'2015-11-17','3349900187921',1,NULL,'2015-11-23 23:16:21','3341501655665'),(73,'2015-11-17','3340701151236',1,NULL,'2015-11-23 23:16:21','3341501655665'),(74,'2015-11-17','3341501197110',1,NULL,'2015-11-23 23:16:21','3341501655665'),(75,'2015-11-02','3340700388739',1,NULL,'2015-11-23 23:16:44','3341501655665'),(76,'2015-11-02','3341501655665',1,NULL,'2015-11-23 23:16:44','3341501655665'),(77,'2015-11-02','3341500325319',1,NULL,'2015-11-23 23:16:44','3341501655665'),(78,'2015-11-02','3341500795692',1,NULL,'2015-11-23 23:16:44','3341501655665'),(79,'2015-11-02','3340800302691',1,NULL,'2015-11-23 23:16:44','3341501655665'),(80,'2015-11-02','3341501467621',1,NULL,'2015-11-23 23:16:44','3341501655665'),(81,'2015-11-02','3349900187921',1,NULL,'2015-11-23 23:16:44','3341501655665'),(82,'2015-11-02','3340701151236',1,NULL,'2015-11-23 23:16:44','3341501655665'),(83,'2015-11-02','3341501197110',1,NULL,'2015-11-23 23:16:44','3341501655665'),(84,'2015-11-03','3340700388739',1,NULL,'2015-11-23 23:16:55','3341501655665'),(85,'2015-11-03','3341501655665',1,NULL,'2015-11-23 23:16:55','3341501655665'),(86,'2015-11-03','3341500325319',1,NULL,'2015-11-23 23:16:55','3341501655665'),(87,'2015-11-03','3341500795692',1,NULL,'2015-11-23 23:16:55','3341501655665'),(88,'2015-11-03','3340800302691',1,NULL,'2015-11-23 23:16:55','3341501655665'),(89,'2015-11-03','3341501467621',1,NULL,'2015-11-23 23:16:55','3341501655665'),(90,'2015-11-03','3349900187921',1,NULL,'2015-11-23 23:16:55','3341501655665'),(91,'2015-11-03','3340701151236',1,NULL,'2015-11-23 23:16:55','3341501655665'),(92,'2015-11-03','3341501197110',1,NULL,'2015-11-23 23:16:55','3341501655665'),(93,'2015-11-04','3340700388739',1,NULL,'2015-11-23 23:17:12','3341501655665'),(94,'2015-11-04','3341501655665',1,NULL,'2015-11-23 23:17:12','3341501655665'),(95,'2015-11-04','3341500325319',1,NULL,'2015-11-23 23:17:12','3341501655665'),(96,'2015-11-04','3341500795692',1,NULL,'2015-11-23 23:17:12','3341501655665'),(97,'2015-11-04','3340800302691',1,NULL,'2015-11-23 23:17:12','3341501655665'),(98,'2015-11-04','3349900187921',1,NULL,'2015-11-23 23:17:12','3341501655665'),(99,'2015-11-04','3340701151236',1,NULL,'2015-11-23 23:17:12','3341501655665'),(100,'2015-11-04','3341501197110',1,NULL,'2015-11-23 23:17:12','3341501655665'),(101,'2015-11-05','3340700388739',1,NULL,'2015-11-23 23:17:32','3341501655665'),(102,'2015-11-05','3341501655665',1,NULL,'2015-11-23 23:17:32','3341501655665'),(103,'2015-11-05','3341500325319',1,NULL,'2015-11-23 23:17:32','3341501655665'),(104,'2015-11-05','3341500795692',1,NULL,'2015-11-23 23:17:32','3341501655665'),(105,'2015-11-05','3340800302691',1,NULL,'2015-11-23 23:17:32','3341501655665'),(106,'2015-11-05','3341501467621',1,NULL,'2015-11-23 23:17:32','3341501655665'),(107,'2015-11-05','3349900187921',1,NULL,'2015-11-23 23:17:32','3341501655665'),(108,'2015-11-05','3340701151236',1,NULL,'2015-11-23 23:17:32','3341501655665'),(109,'2015-11-05','3341501197110',1,NULL,'2015-11-23 23:17:32','3341501655665'),(110,'2015-11-06','3340700388739',1,NULL,'2015-11-23 23:17:47','3341501655665'),(111,'2015-11-06','3341501655665',1,NULL,'2015-11-23 23:17:47','3341501655665'),(112,'2015-11-06','3341500325319',1,NULL,'2015-11-23 23:17:47','3341501655665'),(113,'2015-11-06','3341500795692',1,NULL,'2015-11-23 23:17:47','3341501655665'),(114,'2015-11-06','3340800302691',1,NULL,'2015-11-23 23:17:47','3341501655665'),(115,'2015-11-06','3341501467621',1,NULL,'2015-11-23 23:17:47','3341501655665'),(116,'2015-11-06','3349900187921',1,NULL,'2015-11-23 23:17:47','3341501655665'),(117,'2015-11-06','3340701151236',1,NULL,'2015-11-23 23:17:47','3341501655665'),(118,'2015-11-06','3341501197110',1,NULL,'2015-11-23 23:17:47','3341501655665'),(119,'2015-11-13','3340700388739',1,NULL,'2015-11-23 23:18:04','3341501655665'),(120,'2015-11-13','3341501655665',1,NULL,'2015-11-23 23:18:04','3341501655665'),(121,'2015-11-13','3341500325319',1,NULL,'2015-11-23 23:18:04','3341501655665'),(122,'2015-11-13','3341500795692',1,NULL,'2015-11-23 23:18:04','3341501655665'),(123,'2015-11-13','3340800302691',1,NULL,'2015-11-23 23:18:04','3341501655665'),(124,'2015-11-13','3341501467621',1,NULL,'2015-11-23 23:18:04','3341501655665'),(125,'2015-11-13','3349900187921',1,NULL,'2015-11-23 23:18:04','3341501655665'),(126,'2015-11-13','3340701151236',1,NULL,'2015-11-23 23:18:04','3341501655665'),(127,'2015-11-13','3341501197110',1,NULL,'2015-11-23 23:18:04','3341501655665'),(128,'2015-11-26','3340700388739',1,NULL,'2015-11-26 20:44:22','3341501655665'),(129,'2015-11-26','3341501655665',1,NULL,'2015-11-26 20:44:22','3341501655665'),(130,'2015-11-26','3341500325319',1,NULL,'2015-11-26 20:44:22','3341501655665'),(131,'2015-11-26','3341500795692',1,NULL,'2015-11-26 20:44:22','3341501655665'),(132,'2015-11-26','3340800302691',1,NULL,'2015-11-26 20:44:22','3341501655665'),(133,'2015-11-26','3341501467621',1,NULL,'2015-11-26 20:44:22','3341501655665'),(134,'2015-11-26','3349900187921',1,NULL,'2015-11-26 20:44:22','3341501655665'),(135,'2015-11-26','3340701151236',1,NULL,'2015-11-26 20:44:22','3341501655665'),(136,'2015-11-26','3341501197110',1,NULL,'2015-11-26 20:44:22','3341501655665'),(137,'2016-02-18','3340700388739',2,NULL,'2016-02-18 22:01:59','3341501655665'),(138,'2016-02-18','3341501655665',1,NULL,'2016-02-18 22:01:59','3341501655665'),(139,'2016-02-18','3341500325319',1,NULL,'2016-02-18 22:01:59','3341501655665'),(140,'2016-02-18','3341500795692',1,NULL,'2016-02-18 22:01:59','3341501655665'),(141,'2016-02-18','3340800302691',1,NULL,'2016-02-18 22:01:59','3341501655665'),(142,'2016-02-18','3341501467621',1,NULL,'2016-02-18 22:01:59','3341501655665'),(143,'2016-02-18','3349900187921',1,NULL,'2016-02-18 22:01:59','3341501655665'),(144,'2016-02-18','3340701151236',1,NULL,'2016-02-18 22:01:59','3341501655665'),(145,'2016-02-18','3341501197110',1,NULL,'2016-02-18 22:01:59','3341501655665'),(146,'2016-07-01','3340700388739',1,NULL,'2016-07-24 09:24:33','3341501655665'),(147,'2016-07-01','3341501655665',1,NULL,'2016-07-24 09:24:33','3341501655665'),(148,'2016-07-01','3341500325319',1,NULL,'2016-07-24 09:24:33','3341501655665'),(149,'2016-07-01','3341500795692',1,NULL,'2016-07-24 09:24:33','3341501655665'),(150,'2016-07-01','3340800302691',1,NULL,'2016-07-24 09:24:33','3341501655665'),(151,'2016-07-01','3341501467621',1,NULL,'2016-07-24 09:24:33','3341501655665'),(152,'2016-07-01','3349900187921',1,NULL,'2016-07-24 09:24:33','3341501655665'),(153,'2016-07-01','3340701151236',1,NULL,'2016-07-24 09:24:33','3341501655665'),(154,'2016-07-01','3341501197110',1,NULL,'2016-07-24 09:24:33','3341501655665'),(155,'2017-06-17','3340700388739',1,NULL,'2017-06-17 05:53:32','3341501655665'),(156,'2017-06-17','3341600242954',1,NULL,'2017-06-17 05:53:32','3341501655665'),(157,'2017-06-17','3341501197110',1,NULL,'2017-06-17 05:53:32','3341501655665'),(158,'2017-06-17','3340701151236',1,NULL,'2017-06-17 05:53:32','3341501655665'),(159,'2017-06-17','3349900187921',1,NULL,'2017-06-17 05:53:32','3341501655665'),(160,'2017-06-17','3341501467621',1,NULL,'2017-06-17 05:53:32','3341501655665'),(161,'2017-06-17','3340800302691',1,NULL,'2017-06-17 05:53:32','3341501655665'),(162,'2017-06-17','3341500795692',1,NULL,'2017-06-17 05:53:32','3341501655665'),(163,'2017-06-17','3341500325319',1,NULL,'2017-06-17 05:53:32','3341501655665'),(164,'2017-06-17','3341501655665',1,NULL,'2017-06-17 05:53:32','3341501655665'),(165,'2017-06-17','1349900040631',1,NULL,'2017-06-17 05:53:32','3341501655665'),(166,'2017-06-16','3340700388739',1,NULL,'2017-06-17 05:54:36','3341501655665'),(167,'2017-06-16','3341600242954',1,NULL,'2017-06-17 05:54:36','3341501655665'),(168,'2017-06-16','3341501197110',1,NULL,'2017-06-17 05:54:36','3341501655665'),(169,'2017-06-16','3340701151236',1,NULL,'2017-06-17 05:54:36','3341501655665'),(170,'2017-06-16','3349900187921',1,NULL,'2017-06-17 05:54:36','3341501655665'),(171,'2017-06-16','3341501467621',1,NULL,'2017-06-17 05:54:36','3341501655665'),(172,'2017-06-16','3340800302691',1,NULL,'2017-06-17 05:54:36','3341501655665'),(173,'2017-06-16','3341500795692',1,NULL,'2017-06-17 05:54:36','3341501655665'),(174,'2017-06-16','3341500325319',1,NULL,'2017-06-17 05:54:36','3341501655665'),(175,'2017-06-16','3341501655665',1,NULL,'2017-06-17 05:54:36','3341501655665'),(176,'2017-06-16','1349900040631',1,NULL,'2017-06-17 05:54:36','3341501655665'),(177,'2017-06-27','3340700388739',1,NULL,'2017-06-27 20:02:35','3341501655665'),(178,'2017-06-27','3341600242954',1,NULL,'2017-06-27 20:02:35','3341501655665'),(179,'2017-06-27','3341501197110',1,NULL,'2017-06-27 20:02:35','3341501655665'),(180,'2017-06-27','3340701151236',1,NULL,'2017-06-27 20:02:35','3341501655665'),(181,'2017-06-27','3349900187921',1,NULL,'2017-06-27 20:02:35','3341501655665'),(182,'2017-06-27','3341501467621',1,NULL,'2017-06-27 20:02:35','3341501655665'),(183,'2017-06-27','3340800302691',1,NULL,'2017-06-27 20:02:35','3341501655665'),(184,'2017-06-27','3341500795692',1,NULL,'2017-06-27 20:02:35','3341501655665'),(185,'2017-06-27','3341500325319',1,NULL,'2017-06-27 20:02:35','3341501655665'),(186,'2017-06-27','3341501655665',1,NULL,'2017-06-27 20:02:35','3341501655665'),(187,'2017-06-27','1349900040631',2,NULL,'2017-06-27 20:02:35','3341501655665'),(188,'2018-11-15','3340700388739',1,NULL,'2018-11-21 09:11:50','1349900687880'),(189,'2018-11-15','3341500795692',1,NULL,'2018-11-21 09:11:50','1349900687880'),(190,'2018-11-15','3340701151236',1,NULL,'2018-11-21 09:11:50','1349900687880'),(191,'2018-11-15','3349900187921',1,NULL,'2018-11-21 09:11:50','1349900687880'),(192,'2018-11-15','3341501655665',1,NULL,'2018-11-21 09:11:50','1349900687880'),(193,'2018-11-15','3341501467621',1,NULL,'2018-11-21 09:11:50','1349900687880'),(194,'2018-11-15','3341500325319',1,NULL,'2018-11-21 09:11:50','1349900687880'),(195,'2018-11-15','3341501197110',1,NULL,'2018-11-21 09:11:50','1349900687880'),(196,'2018-11-15','3340800302691',1,NULL,'2018-11-21 09:11:50','1349900687880'),(197,'2018-11-15','3341600242954',1,NULL,'2018-11-21 09:11:50','1349900687880'),(198,'2018-11-15','1321300080561',1,NULL,'2018-11-21 09:11:50','1349900687880'),(199,'2018-11-15','1349900687880',2,NULL,'2018-11-21 09:11:50','1349900687880'),(200,'2018-11-14','3340700388739',1,NULL,'2018-11-21 09:10:51','1349900687880'),(201,'2018-11-14','3341500795692',1,NULL,'2018-11-21 09:10:51','1349900687880'),(202,'2018-11-14','3340701151236',1,NULL,'2018-11-21 09:10:51','1349900687880'),(203,'2018-11-14','3349900187921',1,NULL,'2018-11-21 09:10:51','1349900687880'),(204,'2018-11-14','3341501655665',1,NULL,'2018-11-21 09:10:51','1349900687880'),(205,'2018-11-14','3341501467621',1,NULL,'2018-11-21 09:10:51','1349900687880'),(206,'2018-11-14','3341500325319',1,NULL,'2018-11-21 09:10:51','1349900687880'),(207,'2018-11-14','3341501197110',3,NULL,'2018-11-21 09:10:51','1349900687880'),(208,'2018-11-14','3340800302691',1,NULL,'2018-11-21 09:10:51','1349900687880'),(209,'2018-11-14','3341600242954',1,NULL,'2018-11-21 09:10:51','1349900687880'),(210,'2018-11-14','1321300080561',1,NULL,'2018-11-21 09:10:51','1349900687880'),(211,'2018-11-14','1349900687880',1,NULL,'2018-11-21 09:10:51','1349900687880'),(212,'2018-11-16','3340700388739',1,NULL,'2018-11-16 14:58:03','1349900687880'),(213,'2018-11-16','3341500795692',1,NULL,'2018-11-16 14:58:03','1349900687880'),(214,'2018-11-16','3340701151236',1,NULL,'2018-11-16 14:58:03','1349900687880'),(215,'2018-11-16','3349900187921',1,NULL,'2018-11-16 14:58:03','1349900687880'),(216,'2018-11-16','3341501655665',1,NULL,'2018-11-16 14:58:03','1349900687880'),(217,'2018-11-16','3341501467621',1,NULL,'2018-11-16 14:58:03','1349900687880'),(218,'2018-11-16','3341500325319',1,NULL,'2018-11-16 14:58:03','1349900687880'),(219,'2018-11-16','3341501197110',1,NULL,'2018-11-16 14:58:03','1349900687880'),(220,'2018-11-16','3340800302691',1,NULL,'2018-11-16 14:58:03','1349900687880'),(221,'2018-11-16','3341600242954',1,NULL,'2018-11-16 14:58:03','1349900687880'),(222,'2018-11-16','1321300080561',1,NULL,'2018-11-16 14:58:03','1349900687880'),(223,'2018-11-16','1349900687880',1,NULL,'2018-11-16 14:58:03','1349900687880'),(224,'2018-11-19','3340700388739',1,NULL,'2018-11-19 12:51:42','1349900687880'),(225,'2018-11-19','3341500795692',1,NULL,'2018-11-19 12:51:42','1349900687880'),(226,'2018-11-19','3340701151236',1,NULL,'2018-11-19 12:51:42','1349900687880'),(227,'2018-11-19','3349900187921',1,NULL,'2018-11-19 12:51:42','1349900687880'),(228,'2018-11-19','3341501655665',1,NULL,'2018-11-19 12:51:42','1349900687880'),(229,'2018-11-19','3341501467621',1,NULL,'2018-11-19 12:51:42','1349900687880'),(230,'2018-11-19','3341500325319',1,NULL,'2018-11-19 12:51:42','1349900687880'),(231,'2018-11-19','3341501197110',1,NULL,'2018-11-19 12:51:42','1349900687880'),(232,'2018-11-19','3340800302691',1,NULL,'2018-11-19 12:51:42','1349900687880'),(233,'2018-11-19','3341600242954',1,NULL,'2018-11-19 12:51:42','1349900687880'),(234,'2018-11-19','1321300080561',1,NULL,'2018-11-19 12:51:42','1349900687880'),(235,'2018-11-19','1349900687880',1,NULL,'2018-11-19 12:51:42','1349900687880'),(236,'2018-11-20','3340700388739',1,NULL,'2018-11-21 08:45:03','1349900687880'),(237,'2018-11-20','3341500795692',1,NULL,'2018-11-21 08:45:03','1349900687880'),(238,'2018-11-20','3340701151236',1,NULL,'2018-11-21 08:45:03','1349900687880'),(239,'2018-11-20','3349900187921',1,NULL,'2018-11-21 08:45:03','1349900687880'),(240,'2018-11-20','3341501655665',1,NULL,'2018-11-21 08:45:03','1349900687880'),(241,'2018-11-20','3341501467621',1,NULL,'2018-11-21 08:45:03','1349900687880'),(242,'2018-11-20','3341500325319',1,NULL,'2018-11-21 08:45:03','1349900687880'),(243,'2018-11-20','3341501197110',1,NULL,'2018-11-21 08:45:03','1349900687880'),(244,'2018-11-20','3340800302691',1,NULL,'2018-11-21 08:45:03','1349900687880'),(245,'2018-11-20','3341600242954',1,NULL,'2018-11-21 08:45:03','1349900687880'),(246,'2018-11-20','1321300080561',1,NULL,'2018-11-21 08:45:03','1349900687880'),(247,'2018-11-20','1349900687880',1,NULL,'2018-11-21 08:45:03','1349900687880'),(248,'2018-11-01','3340700388739',1,NULL,'2018-11-21 08:45:34','1349900687880'),(249,'2018-11-01','3341500795692',1,NULL,'2018-11-21 08:45:34','1349900687880'),(250,'2018-11-01','3340701151236',1,NULL,'2018-11-21 08:45:34','1349900687880'),(251,'2018-11-01','3349900187921',1,NULL,'2018-11-21 08:45:34','1349900687880'),(252,'2018-11-01','3341501655665',1,NULL,'2018-11-21 08:45:34','1349900687880'),(253,'2018-11-01','3341501467621',1,NULL,'2018-11-21 08:45:34','1349900687880'),(254,'2018-11-01','3341500325319',1,NULL,'2018-11-21 08:45:34','1349900687880'),(255,'2018-11-01','3341501197110',1,NULL,'2018-11-21 08:45:34','1349900687880'),(256,'2018-11-01','3340800302691',1,NULL,'2018-11-21 08:45:34','1349900687880'),(257,'2018-11-01','3341600242954',1,NULL,'2018-11-21 08:45:34','1349900687880'),(258,'2018-11-01','1321300080561',1,NULL,'2018-11-21 08:45:34','1349900687880'),(259,'2018-11-01','1349900687880',1,NULL,'2018-11-21 08:45:34','1349900687880'),(260,'2018-11-02','3340700388739',1,NULL,'2018-11-21 08:45:50','1349900687880'),(261,'2018-11-02','3341500795692',1,NULL,'2018-11-21 08:45:50','1349900687880'),(262,'2018-11-02','3340701151236',1,NULL,'2018-11-21 08:45:50','1349900687880'),(263,'2018-11-02','3349900187921',1,NULL,'2018-11-21 08:45:50','1349900687880'),(264,'2018-11-02','3341501655665',1,NULL,'2018-11-21 08:45:50','1349900687880'),(265,'2018-11-02','3341501467621',1,NULL,'2018-11-21 08:45:50','1349900687880'),(266,'2018-11-02','3341500325319',1,NULL,'2018-11-21 08:45:50','1349900687880'),(267,'2018-11-02','3341501197110',1,NULL,'2018-11-21 08:45:50','1349900687880'),(268,'2018-11-02','3340800302691',1,NULL,'2018-11-21 08:45:50','1349900687880'),(269,'2018-11-02','3341600242954',1,NULL,'2018-11-21 08:45:50','1349900687880'),(270,'2018-11-02','1321300080561',1,NULL,'2018-11-21 08:45:50','1349900687880'),(271,'2018-11-02','1349900687880',1,NULL,'2018-11-21 08:45:50','1349900687880'),(272,'2018-11-05','3340700388739',1,NULL,'2018-11-21 08:46:54','1349900687880'),(273,'2018-11-05','3341500795692',1,NULL,'2018-11-21 08:46:54','1349900687880'),(274,'2018-11-05','3340701151236',1,NULL,'2018-11-21 08:46:54','1349900687880'),(275,'2018-11-05','3349900187921',1,NULL,'2018-11-21 08:46:54','1349900687880'),(276,'2018-11-05','3341501655665',1,NULL,'2018-11-21 08:46:54','1349900687880'),(277,'2018-11-05','3341501467621',1,NULL,'2018-11-21 08:46:54','1349900687880'),(278,'2018-11-05','3341500325319',1,NULL,'2018-11-21 08:46:54','1349900687880'),(279,'2018-11-05','3341501197110',1,NULL,'2018-11-21 08:46:54','1349900687880'),(280,'2018-11-05','3340800302691',1,NULL,'2018-11-21 08:46:54','1349900687880'),(281,'2018-11-05','3341600242954',1,NULL,'2018-11-21 08:46:54','1349900687880'),(282,'2018-11-05','1321300080561',1,NULL,'2018-11-21 08:46:54','1349900687880'),(283,'2018-11-05','1349900687880',1,NULL,'2018-11-21 08:46:54','1349900687880'),(284,'2018-11-06','3340700388739',1,NULL,'2018-11-21 08:47:10','1349900687880'),(285,'2018-11-06','3341500795692',1,NULL,'2018-11-21 08:47:10','1349900687880'),(286,'2018-11-06','3340701151236',1,NULL,'2018-11-21 08:47:10','1349900687880'),(287,'2018-11-06','3349900187921',1,NULL,'2018-11-21 08:47:10','1349900687880'),(288,'2018-11-06','3341501655665',1,NULL,'2018-11-21 08:47:10','1349900687880'),(289,'2018-11-06','3341501467621',1,NULL,'2018-11-21 08:47:10','1349900687880'),(290,'2018-11-06','3341500325319',1,NULL,'2018-11-21 08:47:10','1349900687880'),(291,'2018-11-06','3341501197110',1,NULL,'2018-11-21 08:47:10','1349900687880'),(292,'2018-11-06','3340800302691',1,NULL,'2018-11-21 08:47:10','1349900687880'),(293,'2018-11-06','3341600242954',1,NULL,'2018-11-21 08:47:10','1349900687880'),(294,'2018-11-06','1321300080561',1,NULL,'2018-11-21 08:47:10','1349900687880'),(295,'2018-11-06','1349900687880',1,NULL,'2018-11-21 08:47:10','1349900687880'),(296,'2018-11-07','3340700388739',1,NULL,'2018-11-21 08:47:26','1349900687880'),(297,'2018-11-07','3341500795692',1,NULL,'2018-11-21 08:47:26','1349900687880'),(298,'2018-11-07','3340701151236',1,NULL,'2018-11-21 08:47:26','1349900687880'),(299,'2018-11-07','3349900187921',1,NULL,'2018-11-21 08:47:26','1349900687880'),(300,'2018-11-07','3341501655665',1,NULL,'2018-11-21 08:47:26','1349900687880'),(301,'2018-11-07','3341501467621',1,NULL,'2018-11-21 08:47:26','1349900687880'),(302,'2018-11-07','3341500325319',1,NULL,'2018-11-21 08:47:26','1349900687880'),(303,'2018-11-07','3341501197110',1,NULL,'2018-11-21 08:47:26','1349900687880'),(304,'2018-11-07','3340800302691',1,NULL,'2018-11-21 08:47:26','1349900687880'),(305,'2018-11-07','3341600242954',1,NULL,'2018-11-21 08:47:26','1349900687880'),(306,'2018-11-07','1321300080561',1,NULL,'2018-11-21 08:47:26','1349900687880'),(307,'2018-11-07','1349900687880',1,NULL,'2018-11-21 08:47:26','1349900687880'),(308,'2018-11-08','3340700388739',1,NULL,'2018-11-21 08:47:54','1349900687880'),(309,'2018-11-08','3341500795692',1,NULL,'2018-11-21 08:47:54','1349900687880'),(310,'2018-11-08','3340701151236',1,NULL,'2018-11-21 08:47:54','1349900687880'),(311,'2018-11-08','3349900187921',1,NULL,'2018-11-21 08:47:54','1349900687880'),(312,'2018-11-08','3341501655665',1,NULL,'2018-11-21 08:47:54','1349900687880'),(313,'2018-11-08','3341501467621',1,NULL,'2018-11-21 08:47:54','1349900687880'),(314,'2018-11-08','3341500325319',1,NULL,'2018-11-21 08:47:54','1349900687880'),(315,'2018-11-08','3341501197110',1,NULL,'2018-11-21 08:47:54','1349900687880'),(316,'2018-11-08','3340800302691',1,NULL,'2018-11-21 08:47:54','1349900687880'),(317,'2018-11-08','3341600242954',1,NULL,'2018-11-21 08:47:54','1349900687880'),(318,'2018-11-08','1321300080561',1,NULL,'2018-11-21 08:47:54','1349900687880'),(319,'2018-11-08','1349900687880',1,NULL,'2018-11-21 08:47:54','1349900687880'),(320,'2018-11-09','3340700388739',1,NULL,'2018-11-21 08:48:51','1349900687880'),(321,'2018-11-09','3341500795692',1,NULL,'2018-11-21 08:48:51','1349900687880'),(322,'2018-11-09','3340701151236',1,NULL,'2018-11-21 08:48:51','1349900687880'),(323,'2018-11-09','3349900187921',4,NULL,'2018-11-21 08:48:51','1349900687880'),(324,'2018-11-09','3341501655665',1,NULL,'2018-11-21 08:48:51','1349900687880'),(325,'2018-11-09','3341501467621',1,NULL,'2018-11-21 08:48:51','1349900687880'),(326,'2018-11-09','3341500325319',1,NULL,'2018-11-21 08:48:51','1349900687880'),(327,'2018-11-09','3341501197110',1,NULL,'2018-11-21 08:48:51','1349900687880'),(328,'2018-11-09','3340800302691',1,NULL,'2018-11-21 08:48:51','1349900687880'),(329,'2018-11-09','3341600242954',1,NULL,'2018-11-21 08:48:51','1349900687880'),(330,'2018-11-09','1321300080561',1,NULL,'2018-11-21 08:48:51','1349900687880'),(331,'2018-11-09','1349900687880',1,NULL,'2018-11-21 08:48:51','1349900687880'),(332,'2018-11-12','3340700388739',1,NULL,'2018-11-21 08:49:38','1349900687880'),(333,'2018-11-12','3341500795692',1,NULL,'2018-11-21 08:49:38','1349900687880'),(334,'2018-11-12','3340701151236',1,NULL,'2018-11-21 08:49:38','1349900687880'),(335,'2018-11-12','3349900187921',1,NULL,'2018-11-21 08:49:38','1349900687880'),(336,'2018-11-12','3341501655665',1,NULL,'2018-11-21 08:49:38','1349900687880'),(337,'2018-11-12','3341501467621',1,NULL,'2018-11-21 08:49:38','1349900687880'),(338,'2018-11-12','3341500325319',1,NULL,'2018-11-21 08:49:38','1349900687880'),(339,'2018-11-12','3341501197110',1,NULL,'2018-11-21 08:49:38','1349900687880'),(340,'2018-11-12','3340800302691',1,NULL,'2018-11-21 08:49:38','1349900687880'),(341,'2018-11-12','3341600242954',1,NULL,'2018-11-21 08:49:38','1349900687880'),(342,'2018-11-12','1321300080561',1,NULL,'2018-11-21 08:49:38','1349900687880'),(343,'2018-11-12','1349900687880',1,NULL,'2018-11-21 08:49:38','1349900687880'),(344,'2018-11-13','3340700388739',1,NULL,'2018-11-21 09:12:04','1349900687880'),(345,'2018-11-13','3341500795692',1,NULL,'2018-11-21 09:12:04','1349900687880'),(346,'2018-11-13','3340701151236',1,NULL,'2018-11-21 09:12:04','1349900687880'),(347,'2018-11-13','3349900187921',1,NULL,'2018-11-21 09:12:04','1349900687880'),(348,'2018-11-13','3341501655665',1,NULL,'2018-11-21 09:12:04','1349900687880'),(349,'2018-11-13','3341501467621',1,NULL,'2018-11-21 09:12:04','1349900687880'),(350,'2018-11-13','3341500325319',1,NULL,'2018-11-21 09:12:04','1349900687880'),(351,'2018-11-13','3341501197110',1,NULL,'2018-11-21 09:12:04','1349900687880'),(352,'2018-11-13','3340800302691',3,NULL,'2018-11-21 09:12:04','1349900687880'),(353,'2018-11-13','3341600242954',1,NULL,'2018-11-21 09:12:04','1349900687880'),(354,'2018-11-13','1321300080561',1,NULL,'2018-11-21 09:12:04','1349900687880'),(355,'2018-11-13','1349900687880',2,NULL,'2018-11-21 09:12:04','1349900687880'),(356,'2018-11-21','3340700388739',1,NULL,'2018-11-23 09:47:36','1349900687880'),(357,'2018-11-21','3341500795692',1,NULL,'2018-11-23 09:47:36','1349900687880'),(358,'2018-11-21','3340701151236',1,NULL,'2018-11-23 09:47:36','1349900687880'),(359,'2018-11-21','3349900187921',1,NULL,'2018-11-23 09:47:36','1349900687880'),(360,'2018-11-21','3341501655665',1,NULL,'2018-11-23 09:47:36','1349900687880'),(361,'2018-11-21','3341501467621',1,NULL,'2018-11-23 09:47:36','1349900687880'),(362,'2018-11-21','3341500325319',1,NULL,'2018-11-23 09:47:36','1349900687880'),(363,'2018-11-21','3341501197110',1,NULL,'2018-11-23 09:47:36','1349900687880'),(364,'2018-11-21','3340800302691',1,NULL,'2018-11-23 09:47:36','1349900687880'),(365,'2018-11-21','3341600242954',1,NULL,'2018-11-23 09:47:36','1349900687880'),(366,'2018-11-21','1321300080561',1,NULL,'2018-11-23 09:47:36','1349900687880'),(367,'2018-11-21','1349900687880',1,NULL,'2018-11-23 09:47:36','1349900687880'),(368,'2018-11-22','3340700388739',1,NULL,'2018-11-23 09:47:48','1349900687880'),(369,'2018-11-22','3341500795692',1,NULL,'2018-11-23 09:47:48','1349900687880'),(370,'2018-11-22','3340701151236',1,NULL,'2018-11-23 09:47:48','1349900687880'),(371,'2018-11-22','3349900187921',1,NULL,'2018-11-23 09:47:48','1349900687880'),(372,'2018-11-22','3341501655665',1,NULL,'2018-11-23 09:47:48','1349900687880'),(373,'2018-11-22','3341501467621',1,NULL,'2018-11-23 09:47:48','1349900687880'),(374,'2018-11-22','3341500325319',1,NULL,'2018-11-23 09:47:48','1349900687880'),(375,'2018-11-22','3341501197110',1,NULL,'2018-11-23 09:47:48','1349900687880'),(376,'2018-11-22','3340800302691',1,NULL,'2018-11-23 09:47:48','1349900687880'),(377,'2018-11-22','3341600242954',1,NULL,'2018-11-23 09:47:48','1349900687880'),(378,'2018-11-22','1321300080561',1,NULL,'2018-11-23 09:47:48','1349900687880'),(379,'2018-11-22','1349900687880',1,NULL,'2018-11-23 09:47:48','1349900687880'),(380,'2018-11-23','3340700388739',1,NULL,'2018-11-23 09:48:00','1349900687880'),(381,'2018-11-23','3341500795692',1,NULL,'2018-11-23 09:48:00','1349900687880'),(382,'2018-11-23','3340701151236',1,NULL,'2018-11-23 09:48:00','1349900687880'),(383,'2018-11-23','3349900187921',1,NULL,'2018-11-23 09:48:00','1349900687880'),(384,'2018-11-23','3341501655665',1,NULL,'2018-11-23 09:48:00','1349900687880'),(385,'2018-11-23','3341501467621',1,NULL,'2018-11-23 09:48:00','1349900687880'),(386,'2018-11-23','3341500325319',1,NULL,'2018-11-23 09:48:00','1349900687880'),(387,'2018-11-23','3341501197110',1,NULL,'2018-11-23 09:48:00','1349900687880'),(388,'2018-11-23','3340800302691',1,NULL,'2018-11-23 09:48:00','1349900687880'),(389,'2018-11-23','3341600242954',1,NULL,'2018-11-23 09:48:00','1349900687880'),(390,'2018-11-23','1321300080561',1,NULL,'2018-11-23 09:48:00','1349900687880'),(391,'2018-11-23','1349900687880',1,NULL,'2018-11-23 09:48:00','1349900687880'),(392,'2018-11-26','3340700388739',1,NULL,'2018-11-26 14:31:23','1349900687880'),(393,'2018-11-26','3341500795692',1,NULL,'2018-11-26 14:31:23','1349900687880'),(394,'2018-11-26','3340701151236',1,NULL,'2018-11-26 14:31:23','1349900687880'),(395,'2018-11-26','3349900187921',1,NULL,'2018-11-26 14:31:23','1349900687880'),(396,'2018-11-26','3341501655665',1,NULL,'2018-11-26 14:31:23','1349900687880'),(397,'2018-11-26','3341501467621',1,NULL,'2018-11-26 14:31:23','1349900687880'),(398,'2018-11-26','3341500325319',1,NULL,'2018-11-26 14:31:23','1349900687880'),(399,'2018-11-26','3341501197110',1,NULL,'2018-11-26 14:31:23','1349900687880'),(400,'2018-11-26','3340800302691',1,NULL,'2018-11-26 14:31:23','1349900687880'),(401,'2018-11-26','3341600242954',1,NULL,'2018-11-26 14:31:23','1349900687880'),(402,'2018-11-26','1321300080561',1,NULL,'2018-11-26 14:31:23','1349900687880'),(403,'2018-11-26','1349900687880',1,NULL,'2018-11-26 14:31:23','1349900687880'),(404,'2018-11-27','3340700388739',1,NULL,'2018-11-30 09:48:58','1349900687880'),(405,'2018-11-27','3341500795692',1,NULL,'2018-11-30 09:48:58','1349900687880'),(406,'2018-11-27','3340701151236',1,NULL,'2018-11-30 09:48:58','1349900687880'),(407,'2018-11-27','3349900187921',1,NULL,'2018-11-30 09:48:58','1349900687880'),(408,'2018-11-27','3341501655665',1,NULL,'2018-11-30 09:48:58','1349900687880'),(409,'2018-11-27','3341501467621',1,NULL,'2018-11-30 09:48:58','1349900687880'),(410,'2018-11-27','3341500325319',1,NULL,'2018-11-30 09:48:58','1349900687880'),(411,'2018-11-27','3341501197110',1,NULL,'2018-11-30 09:48:58','1349900687880'),(412,'2018-11-27','3340800302691',1,NULL,'2018-11-30 09:48:58','1349900687880'),(413,'2018-11-27','3341600242954',1,NULL,'2018-11-30 09:48:58','1349900687880'),(414,'2018-11-27','1321300080561',1,NULL,'2018-11-30 09:48:58','1349900687880'),(415,'2018-11-27','1349900687880',1,NULL,'2018-11-30 09:48:58','1349900687880'),(416,'2018-11-28','3340700388739',1,NULL,'2018-11-30 09:49:10','1349900687880'),(417,'2018-11-28','3341500795692',1,NULL,'2018-11-30 09:49:10','1349900687880'),(418,'2018-11-28','3340701151236',1,NULL,'2018-11-30 09:49:10','1349900687880'),(419,'2018-11-28','3349900187921',1,NULL,'2018-11-30 09:49:10','1349900687880'),(420,'2018-11-28','3341501655665',1,NULL,'2018-11-30 09:49:10','1349900687880'),(421,'2018-11-28','3341501467621',1,NULL,'2018-11-30 09:49:10','1349900687880'),(422,'2018-11-28','3341500325319',1,NULL,'2018-11-30 09:49:10','1349900687880'),(423,'2018-11-28','3341501197110',1,NULL,'2018-11-30 09:49:10','1349900687880'),(424,'2018-11-28','3340800302691',1,NULL,'2018-11-30 09:49:10','1349900687880'),(425,'2018-11-28','3341600242954',1,NULL,'2018-11-30 09:49:10','1349900687880'),(426,'2018-11-28','1321300080561',1,NULL,'2018-11-30 09:49:10','1349900687880'),(427,'2018-11-28','1349900687880',1,NULL,'2018-11-30 09:49:10','1349900687880'),(428,'2018-11-29','3340700388739',1,NULL,'2018-11-30 09:49:23','1349900687880'),(429,'2018-11-29','3341500795692',1,NULL,'2018-11-30 09:49:23','1349900687880'),(430,'2018-11-29','3340701151236',1,NULL,'2018-11-30 09:49:23','1349900687880'),(431,'2018-11-29','3349900187921',1,NULL,'2018-11-30 09:49:23','1349900687880'),(432,'2018-11-29','3341501655665',1,NULL,'2018-11-30 09:49:23','1349900687880'),(433,'2018-11-29','3341501467621',1,NULL,'2018-11-30 09:49:23','1349900687880'),(434,'2018-11-29','3341500325319',1,NULL,'2018-11-30 09:49:23','1349900687880'),(435,'2018-11-29','3341501197110',1,NULL,'2018-11-30 09:49:23','1349900687880'),(436,'2018-11-29','3340800302691',1,NULL,'2018-11-30 09:49:23','1349900687880'),(437,'2018-11-29','3341600242954',1,NULL,'2018-11-30 09:49:23','1349900687880'),(438,'2018-11-29','1321300080561',1,NULL,'2018-11-30 09:49:23','1349900687880'),(439,'2018-11-29','1349900687880',1,NULL,'2018-11-30 09:49:23','1349900687880'),(440,'2018-11-30','3340700388739',1,NULL,'2018-11-30 10:00:43','1349900687880'),(441,'2018-11-30','3341500795692',1,NULL,'2018-11-30 10:00:43','1349900687880'),(442,'2018-11-30','3340701151236',1,NULL,'2018-11-30 10:00:43','1349900687880'),(443,'2018-11-30','3349900187921',1,NULL,'2018-11-30 10:00:43','1349900687880'),(444,'2018-11-30','3341501655665',1,NULL,'2018-11-30 10:00:43','1349900687880'),(445,'2018-11-30','3341501467621',1,NULL,'2018-11-30 10:00:43','1349900687880'),(446,'2018-11-30','3341500325319',1,NULL,'2018-11-30 10:00:43','1349900687880'),(447,'2018-11-30','3341501197110',1,NULL,'2018-11-30 10:00:43','1349900687880'),(448,'2018-11-30','3340800302691',1,NULL,'2018-11-30 10:00:43','1349900687880'),(449,'2018-11-30','3341600242954',1,NULL,'2018-11-30 10:00:43','1349900687880'),(450,'2018-11-30','1321300080561',1,NULL,'2018-11-30 10:00:43','1349900687880'),(451,'2018-11-30','1349900687880',2,NULL,'2018-11-30 10:00:43','1349900687880'),(452,'2018-12-03','3340700388739',1,NULL,'2018-12-11 10:42:29','1349900687880'),(453,'2018-12-03','3341500795692',1,NULL,'2018-12-11 10:42:29','1349900687880'),(454,'2018-12-03','3340701151236',1,NULL,'2018-12-11 10:42:29','1349900687880'),(455,'2018-12-03','3349900187921',1,NULL,'2018-12-11 10:42:29','1349900687880'),(456,'2018-12-03','3341501655665',1,NULL,'2018-12-11 10:42:29','1349900687880'),(457,'2018-12-03','3341501467621',1,NULL,'2018-12-11 10:42:29','1349900687880'),(458,'2018-12-03','3341500325319',1,NULL,'2018-12-11 10:42:29','1349900687880'),(459,'2018-12-03','3341501197110',1,NULL,'2018-12-11 10:42:29','1349900687880'),(460,'2018-12-03','3340800302691',1,NULL,'2018-12-11 10:42:29','1349900687880'),(461,'2018-12-03','3341600242954',1,NULL,'2018-12-11 10:42:29','1349900687880'),(462,'2018-12-03','1321300080561',1,NULL,'2018-12-11 10:42:29','1349900687880'),(463,'2018-12-03','1349900687880',1,NULL,'2018-12-11 10:42:29','1349900687880'),(464,'2018-12-04','3340700388739',1,NULL,'2018-12-11 10:42:41','1349900687880'),(465,'2018-12-04','3341500795692',1,NULL,'2018-12-11 10:42:41','1349900687880'),(466,'2018-12-04','3340701151236',1,NULL,'2018-12-11 10:42:41','1349900687880'),(467,'2018-12-04','3349900187921',1,NULL,'2018-12-11 10:42:41','1349900687880'),(468,'2018-12-04','3341501655665',1,NULL,'2018-12-11 10:42:41','1349900687880'),(469,'2018-12-04','3341501467621',1,NULL,'2018-12-11 10:42:41','1349900687880'),(470,'2018-12-04','3341500325319',1,NULL,'2018-12-11 10:42:41','1349900687880'),(471,'2018-12-04','3341501197110',1,NULL,'2018-12-11 10:42:41','1349900687880'),(472,'2018-12-04','3340800302691',1,NULL,'2018-12-11 10:42:41','1349900687880'),(473,'2018-12-04','3341600242954',1,NULL,'2018-12-11 10:42:41','1349900687880'),(474,'2018-12-04','1321300080561',1,NULL,'2018-12-11 10:42:41','1349900687880'),(475,'2018-12-04','1349900687880',1,NULL,'2018-12-11 10:42:41','1349900687880'),(476,'2018-12-05','3340700388739',1,NULL,'2018-12-11 10:42:52','1349900687880'),(477,'2018-12-05','3341500795692',1,NULL,'2018-12-11 10:42:52','1349900687880'),(478,'2018-12-05','3340701151236',1,NULL,'2018-12-11 10:42:52','1349900687880'),(479,'2018-12-05','3349900187921',1,NULL,'2018-12-11 10:42:52','1349900687880'),(480,'2018-12-05','3341501655665',1,NULL,'2018-12-11 10:42:52','1349900687880'),(481,'2018-12-05','3341501467621',1,NULL,'2018-12-11 10:42:52','1349900687880'),(482,'2018-12-05','3341500325319',1,NULL,'2018-12-11 10:42:52','1349900687880'),(483,'2018-12-05','3341501197110',1,NULL,'2018-12-11 10:42:52','1349900687880'),(484,'2018-12-05','3340800302691',1,NULL,'2018-12-11 10:42:52','1349900687880'),(485,'2018-12-05','3341600242954',1,NULL,'2018-12-11 10:42:52','1349900687880'),(486,'2018-12-05','1321300080561',1,NULL,'2018-12-11 10:42:52','1349900687880'),(487,'2018-12-05','1349900687880',1,NULL,'2018-12-11 10:42:52','1349900687880'),(488,'2018-12-06','3340700388739',1,NULL,'2018-12-11 10:43:18','1349900687880'),(489,'2018-12-06','3341500795692',1,NULL,'2018-12-11 10:43:18','1349900687880'),(490,'2018-12-06','3340701151236',1,NULL,'2018-12-11 10:43:18','1349900687880'),(491,'2018-12-06','3349900187921',1,NULL,'2018-12-11 10:43:18','1349900687880'),(492,'2018-12-06','3341501655665',1,NULL,'2018-12-11 10:43:18','1349900687880'),(493,'2018-12-06','3341501467621',1,NULL,'2018-12-11 10:43:18','1349900687880'),(494,'2018-12-06','3341500325319',1,NULL,'2018-12-11 10:43:18','1349900687880'),(495,'2018-12-06','3341501197110',1,NULL,'2018-12-11 10:43:18','1349900687880'),(496,'2018-12-06','3340800302691',1,NULL,'2018-12-11 10:43:18','1349900687880'),(497,'2018-12-06','3341600242954',4,NULL,'2018-12-11 10:43:18','1349900687880'),(498,'2018-12-06','1321300080561',1,NULL,'2018-12-11 10:43:18','1349900687880'),(499,'2018-12-06','1349900687880',1,NULL,'2018-12-11 10:43:18','1349900687880'),(500,'2018-12-07','3340700388739',1,NULL,'2018-12-11 10:43:58','1349900687880'),(501,'2018-12-07','3341500795692',1,NULL,'2018-12-11 10:43:58','1349900687880'),(502,'2018-12-07','3340701151236',1,NULL,'2018-12-11 10:43:58','1349900687880'),(503,'2018-12-07','3349900187921',1,NULL,'2018-12-11 10:43:58','1349900687880'),(504,'2018-12-07','3341501655665',1,NULL,'2018-12-11 10:43:58','1349900687880'),(505,'2018-12-07','3341501467621',1,NULL,'2018-12-11 10:43:58','1349900687880'),(506,'2018-12-07','3341500325319',1,NULL,'2018-12-11 10:43:58','1349900687880'),(507,'2018-12-07','3341501197110',1,NULL,'2018-12-11 10:43:58','1349900687880'),(508,'2018-12-07','3340800302691',1,NULL,'2018-12-11 10:43:58','1349900687880'),(509,'2018-12-07','3341600242954',1,NULL,'2018-12-11 10:43:58','1349900687880'),(510,'2018-12-07','1321300080561',1,NULL,'2018-12-11 10:43:58','1349900687880'),(511,'2018-12-07','1349900687880',2,NULL,'2018-12-11 10:43:58','1349900687880'),(512,'2018-12-11','3340700388739',1,NULL,'2018-12-11 10:43:47','1349900687880'),(513,'2018-12-11','3341500795692',1,NULL,'2018-12-11 10:43:47','1349900687880'),(514,'2018-12-11','3340701151236',1,NULL,'2018-12-11 10:43:47','1349900687880'),(515,'2018-12-11','3349900187921',1,NULL,'2018-12-11 10:43:47','1349900687880'),(516,'2018-12-11','3341501655665',1,NULL,'2018-12-11 10:43:47','1349900687880'),(517,'2018-12-11','3341501467621',1,NULL,'2018-12-11 10:43:47','1349900687880'),(518,'2018-12-11','3341500325319',1,NULL,'2018-12-11 10:43:47','1349900687880'),(519,'2018-12-11','3341501197110',1,NULL,'2018-12-11 10:43:47','1349900687880'),(520,'2018-12-11','3340800302691',1,NULL,'2018-12-11 10:43:47','1349900687880'),(521,'2018-12-11','3341600242954',1,NULL,'2018-12-11 10:43:47','1349900687880'),(522,'2018-12-11','1321300080561',1,NULL,'2018-12-11 10:43:47','1349900687880'),(523,'2018-12-11','1349900687880',1,NULL,'2018-12-11 10:43:47','1349900687880'),(524,'2018-12-12','3340700388739',1,NULL,'2018-12-12 14:44:03','1349900687880'),(525,'2018-12-12','3341500795692',1,NULL,'2018-12-12 14:44:03','1349900687880'),(526,'2018-12-12','3340701151236',1,NULL,'2018-12-12 14:44:03','1349900687880'),(527,'2018-12-12','3349900187921',1,NULL,'2018-12-12 14:44:03','1349900687880'),(528,'2018-12-12','3341501655665',1,NULL,'2018-12-12 14:44:03','1349900687880'),(529,'2018-12-12','3341501467621',1,NULL,'2018-12-12 14:44:03','1349900687880'),(530,'2018-12-12','3341500325319',1,NULL,'2018-12-12 14:44:03','1349900687880'),(531,'2018-12-12','3341501197110',1,NULL,'2018-12-12 14:44:03','1349900687880'),(532,'2018-12-12','3340800302691',1,NULL,'2018-12-12 14:44:03','1349900687880'),(533,'2018-12-12','3341600242954',1,NULL,'2018-12-12 14:44:03','1349900687880'),(534,'2018-12-12','1321300080561',1,NULL,'2018-12-12 14:44:03','1349900687880'),(535,'2018-12-12','1349900687880',1,NULL,'2018-12-12 14:44:03','1349900687880'),(536,'2018-12-14','3340700388739',1,NULL,'2018-12-14 10:12:48','1349900687880'),(537,'2018-12-14','3341500795692',1,NULL,'2018-12-14 10:12:48','1349900687880'),(538,'2018-12-14','3340701151236',1,NULL,'2018-12-14 10:12:48','1349900687880'),(539,'2018-12-14','3349900187921',1,NULL,'2018-12-14 10:12:48','1349900687880'),(540,'2018-12-14','3341501655665',1,NULL,'2018-12-14 10:12:48','1349900687880'),(541,'2018-12-14','3341501467621',1,NULL,'2018-12-14 10:12:48','1349900687880'),(542,'2018-12-14','3341500325319',1,NULL,'2018-12-14 10:12:48','1349900687880'),(543,'2018-12-14','3341501197110',1,NULL,'2018-12-14 10:12:48','1349900687880'),(544,'2018-12-14','3340800302691',1,NULL,'2018-12-14 10:12:48','1349900687880'),(545,'2018-12-14','3341600242954',1,NULL,'2018-12-14 10:12:48','1349900687880'),(546,'2018-12-14','1321300080561',1,NULL,'2018-12-14 10:12:48','1349900687880'),(547,'2018-12-14','1349900687880',1,NULL,'2018-12-14 10:12:48','1349900687880'),(548,'2018-12-13','3340700388739',1,NULL,'2018-12-14 10:13:02','1349900687880'),(549,'2018-12-13','3341500795692',1,NULL,'2018-12-14 10:13:02','1349900687880'),(550,'2018-12-13','3340701151236',1,NULL,'2018-12-14 10:13:02','1349900687880'),(551,'2018-12-13','3349900187921',1,NULL,'2018-12-14 10:13:02','1349900687880'),(552,'2018-12-13','3341501655665',1,NULL,'2018-12-14 10:13:02','1349900687880'),(553,'2018-12-13','3341501467621',1,NULL,'2018-12-14 10:13:02','1349900687880'),(554,'2018-12-13','3341500325319',1,NULL,'2018-12-14 10:13:02','1349900687880'),(555,'2018-12-13','3341501197110',1,NULL,'2018-12-14 10:13:02','1349900687880'),(556,'2018-12-13','3340800302691',1,NULL,'2018-12-14 10:13:02','1349900687880'),(557,'2018-12-13','3341600242954',1,NULL,'2018-12-14 10:13:02','1349900687880'),(558,'2018-12-13','1321300080561',1,NULL,'2018-12-14 10:13:02','1349900687880'),(559,'2018-12-13','1349900687880',1,NULL,'2018-12-14 10:13:02','1349900687880'),(560,'2018-12-18','3340700388739',1,NULL,'2018-12-20 19:50:13','3341501655665'),(561,'2018-12-18','3341500795692',1,NULL,'2018-12-20 19:50:13','3341501655665'),(562,'2018-12-18','3340701151236',1,NULL,'2018-12-20 19:50:13','3341501655665'),(563,'2018-12-18','3349900187921',1,NULL,'2018-12-20 19:50:13','3341501655665'),(564,'2018-12-18','3341501655665',1,NULL,'2018-12-20 19:50:13','3341501655665'),(565,'2018-12-18','3341501467621',1,NULL,'2018-12-20 19:50:13','3341501655665'),(566,'2018-12-18','3341500325319',1,NULL,'2018-12-20 19:50:13','3341501655665'),(567,'2018-12-18','3341501197110',1,NULL,'2018-12-20 19:50:13','3341501655665'),(568,'2018-12-18','3340800302691',1,NULL,'2018-12-20 19:50:13','3341501655665'),(569,'2018-12-18','3341600242954',1,NULL,'2018-12-20 19:50:13','3341501655665'),(570,'2018-12-18','1349900687880',4,NULL,'2018-12-20 19:50:13','3341501655665'),(571,'2018-12-17','3340700388739',1,NULL,'2018-12-20 19:50:24','3341501655665'),(572,'2018-12-17','3341500795692',1,NULL,'2018-12-20 19:50:24','3341501655665'),(573,'2018-12-17','3340701151236',1,NULL,'2018-12-20 19:50:24','3341501655665'),(574,'2018-12-17','3349900187921',1,NULL,'2018-12-20 19:50:24','3341501655665'),(575,'2018-12-17','3341501655665',1,NULL,'2018-12-20 19:50:24','3341501655665'),(576,'2018-12-17','3341501467621',1,NULL,'2018-12-20 19:50:24','3341501655665'),(577,'2018-12-17','3341500325319',1,NULL,'2018-12-20 19:50:24','3341501655665'),(578,'2018-12-17','3341501197110',1,NULL,'2018-12-20 19:50:24','3341501655665'),(579,'2018-12-17','3340800302691',1,NULL,'2018-12-20 19:50:24','3341501655665'),(580,'2018-12-17','3341600242954',1,NULL,'2018-12-20 19:50:24','3341501655665'),(581,'2018-12-17','1349900687880',4,NULL,'2018-12-20 19:50:24','3341501655665'),(582,'2018-12-20','3340700388739',2,NULL,'2018-12-20 19:50:55','3341501655665'),(583,'2018-12-20','3341500795692',1,NULL,'2018-12-20 19:50:55','3341501655665'),(584,'2018-12-20','3349900187921',1,NULL,'2018-12-20 19:50:55','3341501655665'),(585,'2018-12-20','3341501655665',1,NULL,'2018-12-20 19:50:55','3341501655665'),(586,'2018-12-20','3340701151236',1,NULL,'2018-12-20 19:50:55','3341501655665'),(587,'2018-12-20','3341501467621',1,NULL,'2018-12-20 19:50:55','3341501655665'),(588,'2018-12-20','3341500325319',1,NULL,'2018-12-20 19:50:55','3341501655665'),(589,'2018-12-20','3341501197110',1,NULL,'2018-12-20 19:50:55','3341501655665'),(590,'2018-12-20','3340800302691',1,NULL,'2018-12-20 19:50:55','3341501655665'),(591,'2018-12-20','3341600242954',1,NULL,'2018-12-20 19:50:55','3341501655665'),(592,'2018-12-20','1349900687880',4,NULL,'2018-12-20 19:50:55','3341501655665'),(593,'2018-12-19','3340700388739',1,NULL,'2018-12-20 19:49:57','3341501655665'),(594,'2018-12-19','3341500795692',1,NULL,'2018-12-20 19:49:57','3341501655665'),(595,'2018-12-19','3349900187921',1,NULL,'2018-12-20 19:49:57','3341501655665'),(596,'2018-12-19','3341501655665',1,NULL,'2018-12-20 19:49:57','3341501655665'),(597,'2018-12-19','3340701151236',1,NULL,'2018-12-20 19:49:57','3341501655665'),(598,'2018-12-19','3341501467621',1,NULL,'2018-12-20 19:49:57','3341501655665'),(599,'2018-12-19','3341500325319',1,NULL,'2018-12-20 19:49:57','3341501655665'),(600,'2018-12-19','3341501197110',1,NULL,'2018-12-20 19:49:57','3341501655665'),(601,'2018-12-19','3340800302691',1,NULL,'2018-12-20 19:49:57','3341501655665'),(602,'2018-12-19','3341600242954',1,NULL,'2018-12-20 19:49:57','3341501655665'),(603,'2018-12-19','1349900687880',4,NULL,'2018-12-20 19:49:57','3341501655665'),(604,'2018-12-15','3340700388739',1,NULL,'2018-12-21 12:11:53','1349900687880'),(605,'2018-12-15','3341500795692',1,NULL,'2018-12-21 12:11:53','1349900687880'),(606,'2018-12-15','3349900187921',1,NULL,'2018-12-21 12:11:53','1349900687880'),(607,'2018-12-15','3341501655665',1,NULL,'2018-12-21 12:11:53','1349900687880'),(608,'2018-12-15','3340701151236',1,NULL,'2018-12-21 12:11:53','1349900687880'),(609,'2018-12-15','3341501467621',1,NULL,'2018-12-21 12:11:53','1349900687880'),(610,'2018-12-15','3341500325319',1,NULL,'2018-12-21 12:11:53','1349900687880'),(611,'2018-12-15','3341501197110',1,NULL,'2018-12-21 12:11:53','1349900687880'),(612,'2018-12-15','3340800302691',1,NULL,'2018-12-21 12:11:53','1349900687880'),(613,'2018-12-15','3341600242954',1,NULL,'2018-12-21 12:11:53','1349900687880'),(614,'2018-12-15','1349900687880',1,NULL,'2018-12-21 12:11:53','1349900687880'),(615,'2018-12-21','3340700388739',1,NULL,'2018-12-24 14:06:25','3341501655665'),(616,'2018-12-21','3341500795692',1,NULL,'2018-12-24 14:06:25','3341501655665'),(617,'2018-12-21','3349900187921',4,NULL,'2018-12-24 14:06:25','3341501655665'),(618,'2018-12-21','3341501655665',1,NULL,'2018-12-24 14:06:25','3341501655665'),(619,'2018-12-21','3340701151236',1,NULL,'2018-12-24 14:06:25','3341501655665'),(620,'2018-12-21','3341501467621',1,NULL,'2018-12-24 14:06:25','3341501655665'),(621,'2018-12-21','3341500325319',1,NULL,'2018-12-24 14:06:25','3341501655665'),(622,'2018-12-21','3341501197110',1,NULL,'2018-12-24 14:06:25','3341501655665'),(623,'2018-12-21','3340800302691',1,NULL,'2018-12-24 14:06:25','3341501655665'),(624,'2018-12-21','3341600242954',1,NULL,'2018-12-24 14:06:25','3341501655665'),(625,'2018-12-21','1349900687880',1,NULL,'2018-12-24 14:06:25','3341501655665'),(626,'2018-12-24','3340700388739',2,NULL,'2018-12-24 14:06:55','3341501655665'),(627,'2018-12-24','3341500795692',1,NULL,'2018-12-24 14:06:55','3341501655665'),(628,'2018-12-24','3349900187921',1,NULL,'2018-12-24 14:06:55','3341501655665'),(629,'2018-12-24','3341501655665',1,NULL,'2018-12-24 14:06:55','3341501655665'),(630,'2018-12-24','3340701151236',1,NULL,'2018-12-24 14:06:55','3341501655665'),(631,'2018-12-24','3341501467621',1,NULL,'2018-12-24 14:06:55','3341501655665'),(632,'2018-12-24','3341500325319',1,NULL,'2018-12-24 14:06:55','3341501655665'),(633,'2018-12-24','3341501197110',1,NULL,'2018-12-24 14:06:55','3341501655665'),(634,'2018-12-24','3340800302691',1,NULL,'2018-12-24 14:06:55','3341501655665'),(635,'2018-12-24','3341600242954',1,NULL,'2018-12-24 14:06:55','3341501655665'),(636,'2018-12-24','1349900687880',1,NULL,'2018-12-24 14:06:55','3341501655665'),(637,'2019-01-02','3340700388739',1,NULL,'2019-01-02 15:44:16','1349900687880'),(638,'2019-01-02','3341500795692',1,NULL,'2019-01-02 15:44:16','1349900687880'),(639,'2019-01-02','3349900187921',1,NULL,'2019-01-02 15:44:16','1349900687880'),(640,'2019-01-02','3341501655665',1,NULL,'2019-01-02 15:44:16','1349900687880'),(641,'2019-01-02','3340701151236',1,NULL,'2019-01-02 15:44:16','1349900687880'),(642,'2019-01-02','3341501467621',1,NULL,'2019-01-02 15:44:16','1349900687880'),(643,'2019-01-02','3341500325319',1,NULL,'2019-01-02 15:44:16','1349900687880'),(644,'2019-01-02','3341501197110',3,NULL,'2019-01-02 15:44:16','1349900687880'),(645,'2019-01-02','3340800302691',1,NULL,'2019-01-02 15:44:16','1349900687880'),(646,'2019-01-02','3341600242954',1,NULL,'2019-01-02 15:44:16','1349900687880'),(647,'2019-01-02','1349900687880',1,NULL,'2019-01-02 15:44:16','1349900687880'),(648,'2019-12-23','3340700388739',1,NULL,'2019-01-02 15:44:44','1349900687880'),(649,'2019-12-23','3341500795692',1,NULL,'2019-01-02 15:44:44','1349900687880'),(650,'2019-12-23','3349900187921',1,NULL,'2019-01-02 15:44:44','1349900687880'),(651,'2019-12-23','3341501655665',1,NULL,'2019-01-02 15:44:44','1349900687880'),(652,'2019-12-23','3340701151236',1,NULL,'2019-01-02 15:44:44','1349900687880'),(653,'2019-12-23','3341501467621',1,NULL,'2019-01-02 15:44:44','1349900687880'),(654,'2019-12-23','3341500325319',1,NULL,'2019-01-02 15:44:44','1349900687880'),(655,'2019-12-23','3341501197110',1,NULL,'2019-01-02 15:44:44','1349900687880'),(656,'2019-12-23','3340800302691',1,NULL,'2019-01-02 15:44:44','1349900687880'),(657,'2019-12-23','3341600242954',1,NULL,'2019-01-02 15:44:44','1349900687880'),(658,'2019-12-23','1349900687880',1,NULL,'2019-01-02 15:44:44','1349900687880'),(659,'2018-12-25','3340700388739',1,NULL,'2019-01-02 15:45:32','1349900687880'),(660,'2018-12-25','3341500795692',1,NULL,'2019-01-02 15:45:32','1349900687880'),(661,'2018-12-25','3349900187921',1,NULL,'2019-01-02 15:45:32','1349900687880'),(662,'2018-12-25','3341501655665',1,NULL,'2019-01-02 15:45:32','1349900687880'),(663,'2018-12-25','3340701151236',1,NULL,'2019-01-02 15:45:32','1349900687880'),(664,'2018-12-25','3341501467621',1,NULL,'2019-01-02 15:45:32','1349900687880'),(665,'2018-12-25','3341500325319',1,NULL,'2019-01-02 15:45:32','1349900687880'),(666,'2018-12-25','3341501197110',1,NULL,'2019-01-02 15:45:32','1349900687880'),(667,'2018-12-25','3340800302691',1,NULL,'2019-01-02 15:45:32','1349900687880'),(668,'2018-12-25','3341600242954',1,NULL,'2019-01-02 15:45:32','1349900687880'),(669,'2018-12-25','1349900687880',1,NULL,'2019-01-02 15:45:32','1349900687880'),(670,'2018-12-26','3340700388739',1,NULL,'2019-01-02 15:45:41','1349900687880'),(671,'2018-12-26','3341500795692',1,NULL,'2019-01-02 15:45:41','1349900687880'),(672,'2018-12-26','3349900187921',1,NULL,'2019-01-02 15:45:41','1349900687880'),(673,'2018-12-26','3341501655665',1,NULL,'2019-01-02 15:45:41','1349900687880'),(674,'2018-12-26','3340701151236',1,NULL,'2019-01-02 15:45:41','1349900687880'),(675,'2018-12-26','3341501467621',1,NULL,'2019-01-02 15:45:41','1349900687880'),(676,'2018-12-26','3341500325319',1,NULL,'2019-01-02 15:45:41','1349900687880'),(677,'2018-12-26','3341501197110',1,NULL,'2019-01-02 15:45:41','1349900687880'),(678,'2018-12-26','3340800302691',1,NULL,'2019-01-02 15:45:41','1349900687880'),(679,'2018-12-26','3341600242954',1,NULL,'2019-01-02 15:45:41','1349900687880'),(680,'2018-12-26','1349900687880',1,NULL,'2019-01-02 15:45:41','1349900687880'),(681,'2018-12-27','3340700388739',1,NULL,'2019-01-02 15:45:51','1349900687880'),(682,'2018-12-27','3341500795692',1,NULL,'2019-01-02 15:45:51','1349900687880'),(683,'2018-12-27','3349900187921',1,NULL,'2019-01-02 15:45:51','1349900687880'),(684,'2018-12-27','3341501655665',1,NULL,'2019-01-02 15:45:51','1349900687880'),(685,'2018-12-27','3340701151236',1,NULL,'2019-01-02 15:45:51','1349900687880'),(686,'2018-12-27','3341501467621',1,NULL,'2019-01-02 15:45:51','1349900687880'),(687,'2018-12-27','3341500325319',1,NULL,'2019-01-02 15:45:51','1349900687880'),(688,'2018-12-27','3341501197110',1,NULL,'2019-01-02 15:45:51','1349900687880'),(689,'2018-12-27','3340800302691',1,NULL,'2019-01-02 15:45:51','1349900687880'),(690,'2018-12-27','3341600242954',1,NULL,'2019-01-02 15:45:51','1349900687880'),(691,'2018-12-27','1349900687880',1,NULL,'2019-01-02 15:45:51','1349900687880'),(692,'2018-12-28','3340700388739',1,NULL,'2019-01-02 15:46:01','1349900687880'),(693,'2018-12-28','3341500795692',1,NULL,'2019-01-02 15:46:01','1349900687880'),(694,'2018-12-28','3349900187921',1,NULL,'2019-01-02 15:46:01','1349900687880'),(695,'2018-12-28','3341501655665',1,NULL,'2019-01-02 15:46:01','1349900687880'),(696,'2018-12-28','3340701151236',1,NULL,'2019-01-02 15:46:01','1349900687880'),(697,'2018-12-28','3341501467621',1,NULL,'2019-01-02 15:46:01','1349900687880'),(698,'2018-12-28','3341500325319',1,NULL,'2019-01-02 15:46:01','1349900687880'),(699,'2018-12-28','3341501197110',1,NULL,'2019-01-02 15:46:01','1349900687880'),(700,'2018-12-28','3340800302691',1,NULL,'2019-01-02 15:46:01','1349900687880'),(701,'2018-12-28','3341600242954',1,NULL,'2019-01-02 15:46:01','1349900687880'),(702,'2018-12-28','1349900687880',1,NULL,'2019-01-02 15:46:01','1349900687880'),(703,'2019-01-03','3340700388739',1,NULL,'2019-01-03 15:38:47','1349900687880'),(704,'2019-01-03','3341500795692',1,NULL,'2019-01-03 15:38:47','1349900687880'),(705,'2019-01-03','3349900187921',1,NULL,'2019-01-03 15:38:47','1349900687880'),(706,'2019-01-03','3341501655665',1,NULL,'2019-01-03 15:38:47','1349900687880'),(707,'2019-01-03','3340701151236',1,NULL,'2019-01-03 15:38:47','1349900687880'),(708,'2019-01-03','3341501467621',1,NULL,'2019-01-03 15:38:47','1349900687880'),(709,'2019-01-03','3341500325319',1,NULL,'2019-01-03 15:38:47','1349900687880'),(710,'2019-01-03','3341501197110',1,NULL,'2019-01-03 15:38:47','1349900687880'),(711,'2019-01-03','3340800302691',1,NULL,'2019-01-03 15:38:47','1349900687880'),(712,'2019-01-03','3341600242954',1,NULL,'2019-01-03 15:38:47','1349900687880'),(713,'2019-01-03','1349900687880',1,NULL,'2019-01-03 15:38:47','1349900687880'),(714,'2019-01-07','3340700388739',1,NULL,'2019-01-07 15:05:14','1349900687880'),(715,'2019-01-07','3341500795692',1,NULL,'2019-01-07 15:05:14','1349900687880'),(716,'2019-01-07','3349900187921',1,NULL,'2019-01-07 15:05:14','1349900687880'),(717,'2019-01-07','3341501655665',1,NULL,'2019-01-07 15:05:14','1349900687880'),(718,'2019-01-07','3340701151236',1,NULL,'2019-01-07 15:05:14','1349900687880'),(719,'2019-01-07','3341501467621',1,NULL,'2019-01-07 15:05:14','1349900687880'),(720,'2019-01-07','3341500325319',1,NULL,'2019-01-07 15:05:14','1349900687880'),(721,'2019-01-07','3341501197110',1,NULL,'2019-01-07 15:05:14','1349900687880'),(722,'2019-01-07','3340800302691',1,NULL,'2019-01-07 15:05:14','1349900687880'),(723,'2019-01-07','3341600242954',1,NULL,'2019-01-07 15:05:14','1349900687880'),(724,'2019-01-07','1349900687880',1,NULL,'2019-01-07 15:05:14','1349900687880'),(725,'2019-01-08','3340700388739',1,NULL,'2019-01-08 11:07:57','1349900687880'),(726,'2019-01-08','3341500795692',1,NULL,'2019-01-08 11:07:57','1349900687880'),(727,'2019-01-08','3349900187921',1,NULL,'2019-01-08 11:07:57','1349900687880'),(728,'2019-01-08','3341501655665',1,NULL,'2019-01-08 11:07:57','1349900687880'),(729,'2019-01-08','3340701151236',1,NULL,'2019-01-08 11:07:57','1349900687880'),(730,'2019-01-08','3341501467621',1,NULL,'2019-01-08 11:07:57','1349900687880'),(731,'2019-01-08','3341500325319',1,NULL,'2019-01-08 11:07:57','1349900687880'),(732,'2019-01-08','3341501197110',1,NULL,'2019-01-08 11:07:57','1349900687880'),(733,'2019-01-08','3340800302691',1,NULL,'2019-01-08 11:07:57','1349900687880'),(734,'2019-01-08','3341600242954',1,NULL,'2019-01-08 11:07:57','1349900687880'),(735,'2019-01-08','1349900687880',1,NULL,'2019-01-08 11:07:57','1349900687880'),(736,'2019-01-04','3340700388739',1,NULL,'2019-01-08 11:08:53','1349900687880'),(737,'2019-01-04','3341500795692',1,NULL,'2019-01-08 11:08:53','1349900687880'),(738,'2019-01-04','3349900187921',1,NULL,'2019-01-08 11:08:53','1349900687880'),(739,'2019-01-04','3341501655665',1,NULL,'2019-01-08 11:08:53','1349900687880'),(740,'2019-01-04','3340701151236',1,NULL,'2019-01-08 11:08:53','1349900687880'),(741,'2019-01-04','3341501467621',1,NULL,'2019-01-08 11:08:53','1349900687880'),(742,'2019-01-04','3341500325319',1,NULL,'2019-01-08 11:08:53','1349900687880'),(743,'2019-01-04','3341501197110',1,NULL,'2019-01-08 11:08:53','1349900687880'),(744,'2019-01-04','3340800302691',1,NULL,'2019-01-08 11:08:53','1349900687880'),(745,'2019-01-04','3341600242954',1,NULL,'2019-01-08 11:08:53','1349900687880'),(746,'2019-01-04','1349900687880',1,NULL,'2019-01-08 11:08:53','1349900687880'),(747,'2019-01-09','3340700388739',1,NULL,'2019-01-09 10:29:40','1349900687880'),(748,'2019-01-09','3341500795692',1,NULL,'2019-01-09 10:29:40','1349900687880'),(749,'2019-01-09','3349900187921',1,NULL,'2019-01-09 10:29:40','1349900687880'),(750,'2019-01-09','3341501655665',1,NULL,'2019-01-09 10:29:40','1349900687880'),(751,'2019-01-09','3340701151236',1,NULL,'2019-01-09 10:29:40','1349900687880'),(752,'2019-01-09','3341501467621',1,NULL,'2019-01-09 10:29:40','1349900687880'),(753,'2019-01-09','3341500325319',1,NULL,'2019-01-09 10:29:40','1349900687880'),(754,'2019-01-09','3341501197110',1,NULL,'2019-01-09 10:29:40','1349900687880'),(755,'2019-01-09','3340800302691',1,NULL,'2019-01-09 10:29:40','1349900687880'),(756,'2019-01-09','3341600242954',1,NULL,'2019-01-09 10:29:40','1349900687880'),(757,'2019-01-09','1349900687880',1,NULL,'2019-01-09 10:29:40','1349900687880'),(758,'2019-01-16','3340700388739',1,NULL,'2019-01-16 19:55:20','1349900687880'),(759,'2019-01-16','3341500795692',1,NULL,'2019-01-16 19:55:20','1349900687880'),(760,'2019-01-16','3349900187921',1,NULL,'2019-01-16 19:55:20','1349900687880'),(761,'2019-01-16','3341501655665',1,NULL,'2019-01-16 19:55:20','1349900687880'),(762,'2019-01-16','3340701151236',1,NULL,'2019-01-16 19:55:20','1349900687880'),(763,'2019-01-16','3341501467621',1,NULL,'2019-01-16 19:55:20','1349900687880'),(764,'2019-01-16','3341500325319',1,NULL,'2019-01-16 19:55:20','1349900687880'),(765,'2019-01-16','3341501197110',1,NULL,'2019-01-16 19:55:20','1349900687880'),(766,'2019-01-16','3340800302691',1,NULL,'2019-01-16 19:55:20','1349900687880'),(767,'2019-01-16','3341600242954',1,NULL,'2019-01-16 19:55:20','1349900687880'),(768,'2019-01-16','1349900687880',1,NULL,'2019-01-16 19:55:20','1349900687880'),(769,'2019-01-15','3340700388739',1,NULL,'2019-01-16 19:55:55','1349900687880'),(770,'2019-01-15','3341500795692',1,NULL,'2019-01-16 19:55:55','1349900687880'),(771,'2019-01-15','3349900187921',1,NULL,'2019-01-16 19:55:55','1349900687880'),(772,'2019-01-15','3341501655665',1,NULL,'2019-01-16 19:55:55','1349900687880'),(773,'2019-01-15','3340701151236',1,NULL,'2019-01-16 19:55:55','1349900687880'),(774,'2019-01-15','3341501467621',1,NULL,'2019-01-16 19:55:55','1349900687880'),(775,'2019-01-15','3341500325319',1,NULL,'2019-01-16 19:55:55','1349900687880'),(776,'2019-01-15','3341501197110',1,NULL,'2019-01-16 19:55:55','1349900687880'),(777,'2019-01-15','3340800302691',1,NULL,'2019-01-16 19:55:55','1349900687880'),(778,'2019-01-15','3341600242954',1,NULL,'2019-01-16 19:55:55','1349900687880'),(779,'2019-01-15','1349900687880',1,NULL,'2019-01-16 19:55:55','1349900687880'),(780,'2019-01-14','3340700388739',1,NULL,'2019-01-16 19:56:18','1349900687880'),(781,'2019-01-14','3341500795692',1,NULL,'2019-01-16 19:56:18','1349900687880'),(782,'2019-01-14','3349900187921',1,NULL,'2019-01-16 19:56:18','1349900687880'),(783,'2019-01-14','3341501655665',1,NULL,'2019-01-16 19:56:18','1349900687880'),(784,'2019-01-14','3340701151236',1,NULL,'2019-01-16 19:56:18','1349900687880'),(785,'2019-01-14','3341501467621',1,NULL,'2019-01-16 19:56:18','1349900687880'),(786,'2019-01-14','3341500325319',1,NULL,'2019-01-16 19:56:18','1349900687880'),(787,'2019-01-14','3341501197110',1,NULL,'2019-01-16 19:56:18','1349900687880'),(788,'2019-01-14','3340800302691',1,NULL,'2019-01-16 19:56:18','1349900687880'),(789,'2019-01-14','3341600242954',1,NULL,'2019-01-16 19:56:18','1349900687880'),(790,'2019-01-14','1349900687880',1,NULL,'2019-01-16 19:56:18','1349900687880'),(791,'2019-01-11','3340700388739',1,NULL,'2019-01-16 19:56:40','1349900687880'),(792,'2019-01-11','3341500795692',1,NULL,'2019-01-16 19:56:40','1349900687880'),(793,'2019-01-11','3349900187921',1,NULL,'2019-01-16 19:56:40','1349900687880'),(794,'2019-01-11','3341501655665',1,NULL,'2019-01-16 19:56:40','1349900687880'),(795,'2019-01-11','3340701151236',1,NULL,'2019-01-16 19:56:40','1349900687880'),(796,'2019-01-11','3341501467621',1,NULL,'2019-01-16 19:56:40','1349900687880'),(797,'2019-01-11','3341500325319',1,NULL,'2019-01-16 19:56:40','1349900687880'),(798,'2019-01-11','3341501197110',1,NULL,'2019-01-16 19:56:40','1349900687880'),(799,'2019-01-11','3340800302691',1,NULL,'2019-01-16 19:56:40','1349900687880'),(800,'2019-01-11','3341600242954',1,NULL,'2019-01-16 19:56:40','1349900687880'),(801,'2019-01-11','1349900687880',1,NULL,'2019-01-16 19:56:40','1349900687880'),(802,'2019-01-10','3340700388739',1,NULL,'2019-01-16 19:56:58','1349900687880'),(803,'2019-01-10','3341500795692',1,NULL,'2019-01-16 19:56:58','1349900687880'),(804,'2019-01-10','3349900187921',1,NULL,'2019-01-16 19:56:58','1349900687880'),(805,'2019-01-10','3341501655665',1,NULL,'2019-01-16 19:56:58','1349900687880'),(806,'2019-01-10','3340701151236',1,NULL,'2019-01-16 19:56:58','1349900687880'),(807,'2019-01-10','3341501467621',1,NULL,'2019-01-16 19:56:58','1349900687880'),(808,'2019-01-10','3341500325319',1,NULL,'2019-01-16 19:56:58','1349900687880'),(809,'2019-01-10','3341501197110',1,NULL,'2019-01-16 19:56:58','1349900687880'),(810,'2019-01-10','3340800302691',1,NULL,'2019-01-16 19:56:58','1349900687880'),(811,'2019-01-10','3341600242954',1,NULL,'2019-01-16 19:56:58','1349900687880'),(812,'2019-01-10','1349900687880',1,NULL,'2019-01-16 19:56:58','1349900687880'),(813,'2019-01-17','3340700388739',1,NULL,'2019-01-17 11:42:48','1349900687880'),(814,'2019-01-17','3341500795692',1,NULL,'2019-01-17 11:42:48','1349900687880'),(815,'2019-01-17','3349900187921',1,NULL,'2019-01-17 11:42:48','1349900687880'),(816,'2019-01-17','3341501655665',1,NULL,'2019-01-17 11:42:48','1349900687880'),(817,'2019-01-17','3340701151236',1,NULL,'2019-01-17 11:42:48','1349900687880'),(818,'2019-01-17','3341501467621',1,NULL,'2019-01-17 11:42:48','1349900687880'),(819,'2019-01-17','3341500325319',1,NULL,'2019-01-17 11:42:48','1349900687880'),(820,'2019-01-17','3341501197110',1,NULL,'2019-01-17 11:42:48','1349900687880'),(821,'2019-01-17','3340800302691',1,NULL,'2019-01-17 11:42:48','1349900687880'),(822,'2019-01-17','3341600242954',1,NULL,'2019-01-17 11:42:48','1349900687880'),(823,'2019-01-17','1349900687880',1,NULL,'2019-01-17 11:42:48','1349900687880'),(824,'2019-01-23','3340700388739',1,NULL,'2019-01-23 15:34:07','1349900687880'),(825,'2019-01-23','3341500795692',1,NULL,'2019-01-23 15:34:07','1349900687880'),(826,'2019-01-23','3349900187921',1,NULL,'2019-01-23 15:34:07','1349900687880'),(827,'2019-01-23','3341501655665',1,NULL,'2019-01-23 15:34:07','1349900687880'),(828,'2019-01-23','3340701151236',1,NULL,'2019-01-23 15:34:07','1349900687880'),(829,'2019-01-23','3341501467621',1,NULL,'2019-01-23 15:34:07','1349900687880'),(830,'2019-01-23','3341500325319',1,NULL,'2019-01-23 15:34:07','1349900687880'),(831,'2019-01-23','3341501197110',1,NULL,'2019-01-23 15:34:07','1349900687880'),(832,'2019-01-23','3340800302691',1,NULL,'2019-01-23 15:34:07','1349900687880'),(833,'2019-01-23','3341600242954',1,NULL,'2019-01-23 15:34:07','1349900687880'),(834,'2019-01-23','1349900687880',1,NULL,'2019-01-23 15:34:07','1349900687880'),(835,'2019-01-22','3340700388739',1,NULL,'2019-01-23 15:34:24','1349900687880'),(836,'2019-01-22','3341500795692',1,NULL,'2019-01-23 15:34:24','1349900687880'),(837,'2019-01-22','3349900187921',1,NULL,'2019-01-23 15:34:24','1349900687880'),(838,'2019-01-22','3341501655665',1,NULL,'2019-01-23 15:34:24','1349900687880'),(839,'2019-01-22','3340701151236',1,NULL,'2019-01-23 15:34:24','1349900687880'),(840,'2019-01-22','3341501467621',1,NULL,'2019-01-23 15:34:24','1349900687880'),(841,'2019-01-22','3341500325319',1,NULL,'2019-01-23 15:34:24','1349900687880'),(842,'2019-01-22','3341501197110',1,NULL,'2019-01-23 15:34:24','1349900687880'),(843,'2019-01-22','3340800302691',1,NULL,'2019-01-23 15:34:24','1349900687880'),(844,'2019-01-22','3341600242954',1,NULL,'2019-01-23 15:34:24','1349900687880'),(845,'2019-01-22','1349900687880',1,NULL,'2019-01-23 15:34:24','1349900687880'),(846,'2019-01-21','3340700388739',1,NULL,'2019-01-23 15:34:37','1349900687880'),(847,'2019-01-21','3341500795692',1,NULL,'2019-01-23 15:34:37','1349900687880'),(848,'2019-01-21','3349900187921',1,NULL,'2019-01-23 15:34:37','1349900687880'),(849,'2019-01-21','3341501655665',1,NULL,'2019-01-23 15:34:37','1349900687880'),(850,'2019-01-21','3340701151236',1,NULL,'2019-01-23 15:34:37','1349900687880'),(851,'2019-01-21','3341501467621',1,NULL,'2019-01-23 15:34:37','1349900687880'),(852,'2019-01-21','3341500325319',1,NULL,'2019-01-23 15:34:37','1349900687880'),(853,'2019-01-21','3341501197110',1,NULL,'2019-01-23 15:34:37','1349900687880'),(854,'2019-01-21','3340800302691',1,NULL,'2019-01-23 15:34:37','1349900687880'),(855,'2019-01-21','3341600242954',1,NULL,'2019-01-23 15:34:37','1349900687880'),(856,'2019-01-21','1349900687880',1,NULL,'2019-01-23 15:34:37','1349900687880'),(857,'2019-01-18','3340700388739',1,NULL,'2019-01-23 15:35:40','1349900687880'),(858,'2019-01-18','3341500795692',1,NULL,'2019-01-23 15:35:40','1349900687880'),(859,'2019-01-18','3349900187921',1,NULL,'2019-01-23 15:35:40','1349900687880'),(860,'2019-01-18','3341501655665',4,NULL,'2019-01-23 15:35:40','1349900687880'),(861,'2019-01-18','3340701151236',1,NULL,'2019-01-23 15:35:40','1349900687880'),(862,'2019-01-18','3341501467621',4,NULL,'2019-01-23 15:35:40','1349900687880'),(863,'2019-01-18','3341500325319',1,NULL,'2019-01-23 15:35:40','1349900687880'),(864,'2019-01-18','3341501197110',1,NULL,'2019-01-23 15:35:40','1349900687880'),(865,'2019-01-18','3340800302691',1,NULL,'2019-01-23 15:35:40','1349900687880'),(866,'2019-01-18','3341600242954',1,NULL,'2019-01-23 15:35:40','1349900687880'),(867,'2019-01-18','1349900687880',1,NULL,'2019-01-23 15:35:40','1349900687880'),(868,'2019-01-24','3340700388739',1,NULL,'2019-01-26 10:01:33','1349900687880'),(869,'2019-01-24','3341500795692',1,NULL,'2019-01-26 10:01:33','1349900687880'),(870,'2019-01-24','3349900187921',1,NULL,'2019-01-26 10:01:33','1349900687880'),(871,'2019-01-24','3341501655665',1,NULL,'2019-01-26 10:01:33','1349900687880'),(872,'2019-01-24','3340701151236',1,NULL,'2019-01-26 10:01:33','1349900687880'),(873,'2019-01-24','3341501467621',1,NULL,'2019-01-26 10:01:33','1349900687880'),(874,'2019-01-24','3341500325319',1,NULL,'2019-01-26 10:01:33','1349900687880'),(875,'2019-01-24','3341501197110',1,NULL,'2019-01-26 10:01:33','1349900687880'),(876,'2019-01-24','3340800302691',1,NULL,'2019-01-26 10:01:33','1349900687880'),(877,'2019-01-24','3341600242954',1,NULL,'2019-01-26 10:01:33','1349900687880'),(878,'2019-01-24','1349900687880',1,NULL,'2019-01-26 10:01:33','1349900687880'),(879,'2019-01-25','3340700388739',1,NULL,'2019-01-26 10:01:49','1349900687880'),(880,'2019-01-25','3341500795692',1,NULL,'2019-01-26 10:01:49','1349900687880'),(881,'2019-01-25','3349900187921',1,NULL,'2019-01-26 10:01:49','1349900687880'),(882,'2019-01-25','3341501655665',1,NULL,'2019-01-26 10:01:49','1349900687880'),(883,'2019-01-25','3340701151236',1,NULL,'2019-01-26 10:01:49','1349900687880'),(884,'2019-01-25','3341501467621',1,NULL,'2019-01-26 10:01:49','1349900687880'),(885,'2019-01-25','3341500325319',1,NULL,'2019-01-26 10:01:49','1349900687880'),(886,'2019-01-25','3341501197110',1,NULL,'2019-01-26 10:01:49','1349900687880'),(887,'2019-01-25','3340800302691',1,NULL,'2019-01-26 10:01:49','1349900687880'),(888,'2019-01-25','3341600242954',1,NULL,'2019-01-26 10:01:49','1349900687880'),(889,'2019-01-25','1349900687880',1,NULL,'2019-01-26 10:01:49','1349900687880'),(890,'2019-01-31','3340700388739',1,NULL,'2019-02-01 10:24:19','1349900687880'),(891,'2019-01-31','3341500795692',1,NULL,'2019-02-01 10:24:19','1349900687880'),(892,'2019-01-31','3349900187921',1,NULL,'2019-02-01 10:24:19','1349900687880'),(893,'2019-01-31','3341501655665',1,NULL,'2019-02-01 10:24:19','1349900687880'),(894,'2019-01-31','3340701151236',1,NULL,'2019-02-01 10:24:19','1349900687880'),(895,'2019-01-31','3341501467621',1,NULL,'2019-02-01 10:24:19','1349900687880'),(896,'2019-01-31','3341500325319',4,NULL,'2019-02-01 10:24:19','1349900687880'),(897,'2019-01-31','3341501197110',1,NULL,'2019-02-01 10:24:19','1349900687880'),(898,'2019-01-31','3340800302691',3,NULL,'2019-02-01 10:24:19','1349900687880'),(899,'2019-01-31','3341600242954',1,NULL,'2019-02-01 10:24:19','1349900687880'),(900,'2019-01-31','1349900687880',1,NULL,'2019-02-01 10:24:19','1349900687880'),(901,'2019-01-30','3340700388739',1,NULL,'2019-01-31 09:18:17','1349900687880'),(902,'2019-01-30','3341500795692',2,NULL,'2019-01-31 09:18:17','1349900687880'),(903,'2019-01-30','3349900187921',1,NULL,'2019-01-31 09:18:17','1349900687880'),(904,'2019-01-30','3341501655665',1,NULL,'2019-01-31 09:18:17','1349900687880'),(905,'2019-01-30','3340701151236',1,NULL,'2019-01-31 09:18:17','1349900687880'),(906,'2019-01-30','3341501467621',1,NULL,'2019-01-31 09:18:17','1349900687880'),(907,'2019-01-30','3341500325319',1,NULL,'2019-01-31 09:18:17','1349900687880'),(908,'2019-01-30','3341501197110',1,NULL,'2019-01-31 09:18:17','1349900687880'),(909,'2019-01-30','3340800302691',3,NULL,'2019-01-31 09:18:17','1349900687880'),(910,'2019-01-30','3341600242954',1,NULL,'2019-01-31 09:18:17','1349900687880'),(911,'2019-01-30','1349900687880',1,NULL,'2019-01-31 09:18:17','1349900687880'),(912,'2019-01-29','3340700388739',1,NULL,'2019-01-31 09:17:13','1349900687880'),(913,'2019-01-29','3341500795692',1,NULL,'2019-01-31 09:17:13','1349900687880'),(914,'2019-01-29','3349900187921',1,NULL,'2019-01-31 09:17:13','1349900687880'),(915,'2019-01-29','3341501655665',1,NULL,'2019-01-31 09:17:13','1349900687880'),(916,'2019-01-29','3340701151236',1,NULL,'2019-01-31 09:17:13','1349900687880'),(917,'2019-01-29','3341501467621',1,NULL,'2019-01-31 09:17:13','1349900687880'),(918,'2019-01-29','3341500325319',1,NULL,'2019-01-31 09:17:13','1349900687880'),(919,'2019-01-29','3341501197110',1,NULL,'2019-01-31 09:17:13','1349900687880'),(920,'2019-01-29','3340800302691',1,NULL,'2019-01-31 09:17:13','1349900687880'),(921,'2019-01-29','3341600242954',1,NULL,'2019-01-31 09:17:13','1349900687880'),(922,'2019-01-29','1349900687880',1,NULL,'2019-01-31 09:17:13','1349900687880'),(923,'2019-01-28','3340700388739',1,NULL,'2019-01-31 09:17:32','1349900687880'),(924,'2019-01-28','3341500795692',1,NULL,'2019-01-31 09:17:32','1349900687880'),(925,'2019-01-28','3349900187921',1,NULL,'2019-01-31 09:17:32','1349900687880'),(926,'2019-01-28','3341501655665',2,NULL,'2019-01-31 09:17:32','1349900687880'),(927,'2019-01-28','3340701151236',1,NULL,'2019-01-31 09:17:32','1349900687880'),(928,'2019-01-28','3341501467621',1,NULL,'2019-01-31 09:17:32','1349900687880'),(929,'2019-01-28','3341500325319',1,NULL,'2019-01-31 09:17:32','1349900687880'),(930,'2019-01-28','3341501197110',1,NULL,'2019-01-31 09:17:32','1349900687880'),(931,'2019-01-28','3340800302691',1,NULL,'2019-01-31 09:17:32','1349900687880'),(932,'2019-01-28','3341600242954',1,NULL,'2019-01-31 09:17:32','1349900687880'),(933,'2019-01-28','1349900687880',1,NULL,'2019-01-31 09:17:32','1349900687880'),(934,'2019-02-01','3340700388739',1,NULL,'2019-02-01 10:24:06','1349900687880'),(935,'2019-02-01','3341500795692',1,NULL,'2019-02-01 10:24:06','1349900687880'),(936,'2019-02-01','3349900187921',1,NULL,'2019-02-01 10:24:06','1349900687880'),(937,'2019-02-01','3341501655665',1,NULL,'2019-02-01 10:24:06','1349900687880'),(938,'2019-02-01','3340701151236',1,NULL,'2019-02-01 10:24:06','1349900687880'),(939,'2019-02-01','3341501467621',1,NULL,'2019-02-01 10:24:06','1349900687880'),(940,'2019-02-01','3341500325319',1,NULL,'2019-02-01 10:24:06','1349900687880'),(941,'2019-02-01','3341501197110',1,NULL,'2019-02-01 10:24:06','1349900687880'),(942,'2019-02-01','3340800302691',1,NULL,'2019-02-01 10:24:06','1349900687880'),(943,'2019-02-01','3341600242954',1,NULL,'2019-02-01 10:24:06','1349900687880'),(944,'2019-02-01','1349900687880',1,NULL,'2019-02-01 10:24:06','1349900687880'),(945,'2019-02-04','3340700388739',1,NULL,'2019-02-04 15:56:46','1349900687880'),(946,'2019-02-04','3341500795692',1,NULL,'2019-02-04 15:56:46','1349900687880'),(947,'2019-02-04','3349900187921',1,NULL,'2019-02-04 15:56:46','1349900687880'),(948,'2019-02-04','3341501655665',1,NULL,'2019-02-04 15:56:46','1349900687880'),(949,'2019-02-04','3340701151236',1,NULL,'2019-02-04 15:56:46','1349900687880'),(950,'2019-02-04','3341501467621',1,NULL,'2019-02-04 15:56:46','1349900687880'),(951,'2019-02-04','3341500325319',1,NULL,'2019-02-04 15:56:46','1349900687880'),(952,'2019-02-04','3341501197110',1,NULL,'2019-02-04 15:56:46','1349900687880'),(953,'2019-02-04','3340800302691',1,NULL,'2019-02-04 15:56:46','1349900687880'),(954,'2019-02-04','3341600242954',1,NULL,'2019-02-04 15:56:46','1349900687880'),(955,'2019-02-04','1349900687880',1,NULL,'2019-02-04 15:56:46','1349900687880'),(956,'2019-02-08','3340700388739',1,NULL,'2019-02-08 11:26:35','1349900687880'),(957,'2019-02-08','3341500795692',1,NULL,'2019-02-08 11:26:35','1349900687880'),(958,'2019-02-08','3349900187921',1,NULL,'2019-02-08 11:26:35','1349900687880'),(959,'2019-02-08','3341501655665',1,NULL,'2019-02-08 11:26:35','1349900687880'),(960,'2019-02-08','3340701151236',1,NULL,'2019-02-08 11:26:35','1349900687880'),(961,'2019-02-08','3341501467621',1,NULL,'2019-02-08 11:26:35','1349900687880'),(962,'2019-02-08','3341500325319',1,NULL,'2019-02-08 11:26:35','1349900687880'),(963,'2019-02-08','3341501197110',1,NULL,'2019-02-08 11:26:35','1349900687880'),(964,'2019-02-08','3340800302691',1,NULL,'2019-02-08 11:26:35','1349900687880'),(965,'2019-02-08','3341600242954',1,NULL,'2019-02-08 11:26:35','1349900687880'),(966,'2019-02-08','1349900687880',1,NULL,'2019-02-08 11:26:35','1349900687880'),(967,'2019-02-07','3340700388739',1,NULL,'2019-02-08 11:27:06','1349900687880'),(968,'2019-02-07','3341500795692',1,NULL,'2019-02-08 11:27:06','1349900687880'),(969,'2019-02-07','3349900187921',1,NULL,'2019-02-08 11:27:06','1349900687880'),(970,'2019-02-07','3341501655665',1,NULL,'2019-02-08 11:27:06','1349900687880'),(971,'2019-02-07','3340701151236',1,NULL,'2019-02-08 11:27:06','1349900687880'),(972,'2019-02-07','3341501467621',1,NULL,'2019-02-08 11:27:06','1349900687880'),(973,'2019-02-07','3341500325319',1,NULL,'2019-02-08 11:27:06','1349900687880'),(974,'2019-02-07','3341501197110',1,NULL,'2019-02-08 11:27:06','1349900687880'),(975,'2019-02-07','3340800302691',1,NULL,'2019-02-08 11:27:06','1349900687880'),(976,'2019-02-07','3341600242954',1,NULL,'2019-02-08 11:27:06','1349900687880'),(977,'2019-02-07','1349900687880',1,NULL,'2019-02-08 11:27:06','1349900687880'),(978,'2019-02-14','3340700388739',1,NULL,'2019-02-14 11:06:19','1349900687880'),(979,'2019-02-14','3341500795692',1,NULL,'2019-02-14 11:06:19','1349900687880'),(980,'2019-02-14','3349900187921',1,NULL,'2019-02-14 11:06:19','1349900687880'),(981,'2019-02-14','3341501655665',1,NULL,'2019-02-14 11:06:19','1349900687880'),(982,'2019-02-14','3340701151236',1,NULL,'2019-02-14 11:06:19','1349900687880'),(983,'2019-02-14','3341501467621',1,NULL,'2019-02-14 11:06:19','1349900687880'),(984,'2019-02-14','3341500325319',1,NULL,'2019-02-14 11:06:19','1349900687880'),(985,'2019-02-14','3341501197110',2,NULL,'2019-02-14 11:06:19','1349900687880'),(986,'2019-02-14','3340800302691',1,NULL,'2019-02-14 11:06:19','1349900687880'),(987,'2019-02-14','3341600242954',4,NULL,'2019-02-14 11:06:19','1349900687880'),(988,'2019-02-14','1349900687880',1,NULL,'2019-02-14 11:06:19','1349900687880'),(989,'2019-02-13','3340700388739',1,NULL,'2019-02-14 11:05:08','1349900687880'),(990,'2019-02-13','3341500795692',1,NULL,'2019-02-14 11:05:08','1349900687880'),(991,'2019-02-13','3349900187921',1,NULL,'2019-02-14 11:05:08','1349900687880'),(992,'2019-02-13','3341501655665',1,NULL,'2019-02-14 11:05:08','1349900687880'),(993,'2019-02-13','3340701151236',1,NULL,'2019-02-14 11:05:08','1349900687880'),(994,'2019-02-13','3341501467621',1,NULL,'2019-02-14 11:05:08','1349900687880'),(995,'2019-02-13','3341500325319',1,NULL,'2019-02-14 11:05:08','1349900687880'),(996,'2019-02-13','3341501197110',1,NULL,'2019-02-14 11:05:08','1349900687880'),(997,'2019-02-13','3340800302691',1,NULL,'2019-02-14 11:05:08','1349900687880'),(998,'2019-02-13','3341600242954',1,NULL,'2019-02-14 11:05:08','1349900687880'),(999,'2019-02-13','1349900687880',1,NULL,'2019-02-14 11:05:08','1349900687880'),(1000,'2019-02-12','3340700388739',1,NULL,'2019-02-14 11:05:19','1349900687880'),(1001,'2019-02-12','3341500795692',1,NULL,'2019-02-14 11:05:19','1349900687880'),(1002,'2019-02-12','3349900187921',1,NULL,'2019-02-14 11:05:19','1349900687880'),(1003,'2019-02-12','3341501655665',1,NULL,'2019-02-14 11:05:19','1349900687880'),(1004,'2019-02-12','3340701151236',1,NULL,'2019-02-14 11:05:19','1349900687880'),(1005,'2019-02-12','3341501467621',1,NULL,'2019-02-14 11:05:19','1349900687880'),(1006,'2019-02-12','3341500325319',1,NULL,'2019-02-14 11:05:19','1349900687880'),(1007,'2019-02-12','3341501197110',1,NULL,'2019-02-14 11:05:19','1349900687880'),(1008,'2019-02-12','3340800302691',1,NULL,'2019-02-14 11:05:19','1349900687880'),(1009,'2019-02-12','3341600242954',1,NULL,'2019-02-14 11:05:19','1349900687880'),(1010,'2019-02-12','1349900687880',1,NULL,'2019-02-14 11:05:19','1349900687880'),(1011,'2019-02-11','3340700388739',1,NULL,'2019-02-14 11:05:30','1349900687880'),(1012,'2019-02-11','3341500795692',1,NULL,'2019-02-14 11:05:30','1349900687880'),(1013,'2019-02-11','3349900187921',1,NULL,'2019-02-14 11:05:30','1349900687880'),(1014,'2019-02-11','3341501655665',1,NULL,'2019-02-14 11:05:30','1349900687880'),(1015,'2019-02-11','3340701151236',1,NULL,'2019-02-14 11:05:30','1349900687880'),(1016,'2019-02-11','3341501467621',1,NULL,'2019-02-14 11:05:30','1349900687880'),(1017,'2019-02-11','3341500325319',1,NULL,'2019-02-14 11:05:30','1349900687880'),(1018,'2019-02-11','3341501197110',1,NULL,'2019-02-14 11:05:30','1349900687880'),(1019,'2019-02-11','3340800302691',1,NULL,'2019-02-14 11:05:30','1349900687880'),(1020,'2019-02-11','3341600242954',1,NULL,'2019-02-14 11:05:30','1349900687880'),(1021,'2019-02-11','1349900687880',1,NULL,'2019-02-14 11:05:30','1349900687880'),(1022,'2019-02-06','3340700388739',1,NULL,'2019-02-14 11:05:52','1349900687880'),(1023,'2019-02-06','3341500795692',1,NULL,'2019-02-14 11:05:52','1349900687880'),(1024,'2019-02-06','3349900187921',1,NULL,'2019-02-14 11:05:52','1349900687880'),(1025,'2019-02-06','3341501655665',1,NULL,'2019-02-14 11:05:52','1349900687880'),(1026,'2019-02-06','3340701151236',1,NULL,'2019-02-14 11:05:52','1349900687880'),(1027,'2019-02-06','3341501467621',1,NULL,'2019-02-14 11:05:52','1349900687880'),(1028,'2019-02-06','3341500325319',1,NULL,'2019-02-14 11:05:52','1349900687880'),(1029,'2019-02-06','3341501197110',1,NULL,'2019-02-14 11:05:52','1349900687880'),(1030,'2019-02-06','3340800302691',1,NULL,'2019-02-14 11:05:52','1349900687880'),(1031,'2019-02-06','3341600242954',1,NULL,'2019-02-14 11:05:52','1349900687880'),(1032,'2019-02-06','1349900687880',1,NULL,'2019-02-14 11:05:52','1349900687880'),(1033,'2019-02-05','3340700388739',1,NULL,'2019-02-14 11:06:03','1349900687880'),(1034,'2019-02-05','3341500795692',1,NULL,'2019-02-14 11:06:03','1349900687880'),(1035,'2019-02-05','3349900187921',1,NULL,'2019-02-14 11:06:03','1349900687880'),(1036,'2019-02-05','3341501655665',1,NULL,'2019-02-14 11:06:03','1349900687880'),(1037,'2019-02-05','3340701151236',1,NULL,'2019-02-14 11:06:03','1349900687880'),(1038,'2019-02-05','3341501467621',1,NULL,'2019-02-14 11:06:03','1349900687880'),(1039,'2019-02-05','3341500325319',1,NULL,'2019-02-14 11:06:03','1349900687880'),(1040,'2019-02-05','3341501197110',1,NULL,'2019-02-14 11:06:03','1349900687880'),(1041,'2019-02-05','3340800302691',1,NULL,'2019-02-14 11:06:03','1349900687880'),(1042,'2019-02-05','3341600242954',1,NULL,'2019-02-14 11:06:03','1349900687880'),(1043,'2019-02-05','1349900687880',1,NULL,'2019-02-14 11:06:03','1349900687880'),(1044,'2019-02-15','3340700388739',1,NULL,'2019-02-15 15:54:59','1349900687880'),(1045,'2019-02-15','3341500795692',1,NULL,'2019-02-15 15:54:59','1349900687880'),(1046,'2019-02-15','3349900187921',1,NULL,'2019-02-15 15:54:59','1349900687880'),(1047,'2019-02-15','3341501655665',1,NULL,'2019-02-15 15:54:59','1349900687880'),(1048,'2019-02-15','3340701151236',1,NULL,'2019-02-15 15:54:59','1349900687880'),(1049,'2019-02-15','3341501467621',1,NULL,'2019-02-15 15:54:59','1349900687880'),(1050,'2019-02-15','3341500325319',1,NULL,'2019-02-15 15:54:59','1349900687880'),(1051,'2019-02-15','3341501197110',1,NULL,'2019-02-15 15:54:59','1349900687880'),(1052,'2019-02-15','3340800302691',1,NULL,'2019-02-15 15:54:59','1349900687880'),(1053,'2019-02-15','3341600242954',1,NULL,'2019-02-15 15:54:59','1349900687880'),(1054,'2019-02-15','1349900687880',1,NULL,'2019-02-15 15:54:59','1349900687880'),(1055,'2019-02-18','3340700388739',1,NULL,'2019-02-18 08:52:05','1349900687880'),(1056,'2019-02-18','3341500795692',1,NULL,'2019-02-18 08:52:05','1349900687880'),(1057,'2019-02-18','3349900187921',1,NULL,'2019-02-18 08:52:05','1349900687880'),(1058,'2019-02-18','3341501655665',1,NULL,'2019-02-18 08:52:05','1349900687880'),(1059,'2019-02-18','3340701151236',1,NULL,'2019-02-18 08:52:05','1349900687880'),(1060,'2019-02-18','3341501467621',1,NULL,'2019-02-18 08:52:05','1349900687880'),(1061,'2019-02-18','3341500325319',1,NULL,'2019-02-18 08:52:05','1349900687880'),(1062,'2019-02-18','3341501197110',1,NULL,'2019-02-18 08:52:05','1349900687880'),(1063,'2019-02-18','3340800302691',1,NULL,'2019-02-18 08:52:05','1349900687880'),(1064,'2019-02-18','3341600242954',1,NULL,'2019-02-18 08:52:05','1349900687880'),(1065,'2019-02-18','1349900687880',1,NULL,'2019-02-18 08:52:05','1349900687880'),(1066,'2019-02-20','3340700388739',1,NULL,'2019-02-20 18:36:23','1349900687880'),(1067,'2019-02-20','3341500795692',1,NULL,'2019-02-20 18:36:23','1349900687880'),(1068,'2019-02-20','3349900187921',1,NULL,'2019-02-20 18:36:23','1349900687880'),(1069,'2019-02-20','3341501655665',1,NULL,'2019-02-20 18:36:23','1349900687880'),(1070,'2019-02-20','3340701151236',1,NULL,'2019-02-20 18:36:23','1349900687880'),(1071,'2019-02-20','3341501467621',1,NULL,'2019-02-20 18:36:23','1349900687880'),(1072,'2019-02-20','3341500325319',1,NULL,'2019-02-20 18:36:23','1349900687880'),(1073,'2019-02-20','3341501197110',1,NULL,'2019-02-20 18:36:23','1349900687880'),(1074,'2019-02-20','3340800302691',1,NULL,'2019-02-20 18:36:23','1349900687880'),(1075,'2019-02-20','3341600242954',1,NULL,'2019-02-20 18:36:23','1349900687880'),(1076,'2019-02-20','1349900687880',1,NULL,'2019-02-20 18:36:23','1349900687880'),(1077,'2019-02-25','3340700388739',1,NULL,'2019-02-25 08:49:09','1349900687880'),(1078,'2019-02-25','3341500795692',1,NULL,'2019-02-25 08:49:09','1349900687880'),(1079,'2019-02-25','3349900187921',1,NULL,'2019-02-25 08:49:09','1349900687880'),(1080,'2019-02-25','3341501655665',1,NULL,'2019-02-25 08:49:09','1349900687880'),(1081,'2019-02-25','3340701151236',1,NULL,'2019-02-25 08:49:09','1349900687880'),(1082,'2019-02-25','3341501467621',1,NULL,'2019-02-25 08:49:09','1349900687880'),(1083,'2019-02-25','3341500325319',1,NULL,'2019-02-25 08:49:09','1349900687880'),(1084,'2019-02-25','3341501197110',1,NULL,'2019-02-25 08:49:09','1349900687880'),(1085,'2019-02-25','3340800302691',1,NULL,'2019-02-25 08:49:09','1349900687880'),(1086,'2019-02-25','3341600242954',1,NULL,'2019-02-25 08:49:09','1349900687880'),(1087,'2019-02-25','1349900687880',1,NULL,'2019-02-25 08:49:09','1349900687880'),(1088,'2019-02-22','3340700388739',1,NULL,'2019-02-25 08:49:29','1349900687880'),(1089,'2019-02-22','3341500795692',1,NULL,'2019-02-25 08:49:29','1349900687880'),(1090,'2019-02-22','3349900187921',1,NULL,'2019-02-25 08:49:29','1349900687880'),(1091,'2019-02-22','3341501655665',1,NULL,'2019-02-25 08:49:29','1349900687880'),(1092,'2019-02-22','3340701151236',1,NULL,'2019-02-25 08:49:29','1349900687880'),(1093,'2019-02-22','3341501467621',1,NULL,'2019-02-25 08:49:29','1349900687880'),(1094,'2019-02-22','3341500325319',1,NULL,'2019-02-25 08:49:29','1349900687880'),(1095,'2019-02-22','3341501197110',1,NULL,'2019-02-25 08:49:29','1349900687880'),(1096,'2019-02-22','3340800302691',1,NULL,'2019-02-25 08:49:29','1349900687880'),(1097,'2019-02-22','3341600242954',1,NULL,'2019-02-25 08:49:29','1349900687880'),(1098,'2019-02-22','1349900687880',1,NULL,'2019-02-25 08:49:29','1349900687880'),(1099,'2019-02-21','3340700388739',1,NULL,'2019-02-25 08:49:40','1349900687880'),(1100,'2019-02-21','3341500795692',1,NULL,'2019-02-25 08:49:40','1349900687880'),(1101,'2019-02-21','3349900187921',1,NULL,'2019-02-25 08:49:40','1349900687880'),(1102,'2019-02-21','3341501655665',1,NULL,'2019-02-25 08:49:40','1349900687880'),(1103,'2019-02-21','3340701151236',1,NULL,'2019-02-25 08:49:40','1349900687880'),(1104,'2019-02-21','3341501467621',1,NULL,'2019-02-25 08:49:40','1349900687880'),(1105,'2019-02-21','3341500325319',1,NULL,'2019-02-25 08:49:40','1349900687880'),(1106,'2019-02-21','3341501197110',1,NULL,'2019-02-25 08:49:40','1349900687880'),(1107,'2019-02-21','3340800302691',1,NULL,'2019-02-25 08:49:40','1349900687880'),(1108,'2019-02-21','3341600242954',1,NULL,'2019-02-25 08:49:40','1349900687880'),(1109,'2019-02-21','1349900687880',1,NULL,'2019-02-25 08:49:40','1349900687880'),(1110,'2019-02-27','3340700388739',1,NULL,'2019-02-27 09:25:35','1349900687880'),(1111,'2019-02-27','3341500795692',1,NULL,'2019-02-27 09:25:35','1349900687880'),(1112,'2019-02-27','3349900187921',1,NULL,'2019-02-27 09:25:35','1349900687880'),(1113,'2019-02-27','3341501655665',2,NULL,'2019-02-27 09:25:35','1349900687880'),(1114,'2019-02-27','3340701151236',1,NULL,'2019-02-27 09:25:35','1349900687880'),(1115,'2019-02-27','3341501467621',1,NULL,'2019-02-27 09:25:35','1349900687880'),(1116,'2019-02-27','3341500325319',1,NULL,'2019-02-27 09:25:35','1349900687880'),(1117,'2019-02-27','3341501197110',1,NULL,'2019-02-27 09:25:35','1349900687880'),(1118,'2019-02-27','3340800302691',1,NULL,'2019-02-27 09:25:35','1349900687880'),(1119,'2019-02-27','3341600242954',1,NULL,'2019-02-27 09:25:35','1349900687880'),(1120,'2019-02-27','1349900687880',1,NULL,'2019-02-27 09:25:35','1349900687880'),(1121,'2019-02-26','3340700388739',1,NULL,'2019-02-27 09:25:57','1349900687880'),(1122,'2019-02-26','3341500795692',1,NULL,'2019-02-27 09:25:57','1349900687880'),(1123,'2019-02-26','3349900187921',1,NULL,'2019-02-27 09:25:57','1349900687880'),(1124,'2019-02-26','3341501655665',1,NULL,'2019-02-27 09:25:57','1349900687880'),(1125,'2019-02-26','3340701151236',1,NULL,'2019-02-27 09:25:57','1349900687880'),(1126,'2019-02-26','3341501467621',1,NULL,'2019-02-27 09:25:57','1349900687880'),(1127,'2019-02-26','3341500325319',1,NULL,'2019-02-27 09:25:57','1349900687880'),(1128,'2019-02-26','3341501197110',1,NULL,'2019-02-27 09:25:57','1349900687880'),(1129,'2019-02-26','3340800302691',1,NULL,'2019-02-27 09:25:57','1349900687880'),(1130,'2019-02-26','3341600242954',1,NULL,'2019-02-27 09:25:57','1349900687880'),(1131,'2019-02-26','1349900687880',1,NULL,'2019-02-27 09:25:57','1349900687880'),(1132,'2019-02-28','3340700388739',1,NULL,'2019-02-28 13:20:34','1349900687880'),(1133,'2019-02-28','3341500795692',1,NULL,'2019-02-28 13:20:34','1349900687880'),(1134,'2019-02-28','3349900187921',1,NULL,'2019-02-28 13:20:34','1349900687880'),(1135,'2019-02-28','3341501655665',1,NULL,'2019-02-28 13:20:34','1349900687880'),(1136,'2019-02-28','3340701151236',1,NULL,'2019-02-28 13:20:34','1349900687880'),(1137,'2019-02-28','3341501467621',1,NULL,'2019-02-28 13:20:34','1349900687880'),(1138,'2019-02-28','3341500325319',1,NULL,'2019-02-28 13:20:34','1349900687880'),(1139,'2019-02-28','3341501197110',1,NULL,'2019-02-28 13:20:34','1349900687880'),(1140,'2019-02-28','3340800302691',1,NULL,'2019-02-28 13:20:34','1349900687880'),(1141,'2019-02-28','3341600242954',1,NULL,'2019-02-28 13:20:34','1349900687880'),(1142,'2019-02-28','1349900687880',1,NULL,'2019-02-28 13:20:34','1349900687880'),(1143,'2019-03-05','3340700388739',1,NULL,'2019-03-05 16:53:05','1349900687880'),(1144,'2019-03-05','3341500795692',1,NULL,'2019-03-05 16:53:05','1349900687880'),(1145,'2019-03-05','3349900187921',1,NULL,'2019-03-05 16:53:05','1349900687880'),(1146,'2019-03-05','3341501655665',1,NULL,'2019-03-05 16:53:05','1349900687880'),(1147,'2019-03-05','3340701151236',1,NULL,'2019-03-05 16:53:05','1349900687880'),(1148,'2019-03-05','3341501467621',1,NULL,'2019-03-05 16:53:05','1349900687880'),(1149,'2019-03-05','3341500325319',1,NULL,'2019-03-05 16:53:05','1349900687880'),(1150,'2019-03-05','3341501197110',1,NULL,'2019-03-05 16:53:05','1349900687880'),(1151,'2019-03-05','3340800302691',1,NULL,'2019-03-05 16:53:05','1349900687880'),(1152,'2019-03-05','3341600242954',1,NULL,'2019-03-05 16:53:05','1349900687880'),(1153,'2019-03-05','1349900687880',1,NULL,'2019-03-05 16:53:05','1349900687880'),(1154,'2019-03-04','3340700388739',1,NULL,'2019-03-05 16:53:18','1349900687880'),(1155,'2019-03-04','3341500795692',1,NULL,'2019-03-05 16:53:18','1349900687880'),(1156,'2019-03-04','3349900187921',1,NULL,'2019-03-05 16:53:18','1349900687880'),(1157,'2019-03-04','3341501655665',1,NULL,'2019-03-05 16:53:18','1349900687880'),(1158,'2019-03-04','3340701151236',1,NULL,'2019-03-05 16:53:18','1349900687880'),(1159,'2019-03-04','3341501467621',1,NULL,'2019-03-05 16:53:18','1349900687880'),(1160,'2019-03-04','3341500325319',1,NULL,'2019-03-05 16:53:18','1349900687880'),(1161,'2019-03-04','3341501197110',1,NULL,'2019-03-05 16:53:18','1349900687880'),(1162,'2019-03-04','3340800302691',1,NULL,'2019-03-05 16:53:18','1349900687880'),(1163,'2019-03-04','3341600242954',1,NULL,'2019-03-05 16:53:18','1349900687880'),(1164,'2019-03-04','1349900687880',1,NULL,'2019-03-05 16:53:18','1349900687880'),(1165,'2019-03-01','3340700388739',1,NULL,'2019-03-05 16:53:28','1349900687880'),(1166,'2019-03-01','3341500795692',1,NULL,'2019-03-05 16:53:28','1349900687880'),(1167,'2019-03-01','3349900187921',1,NULL,'2019-03-05 16:53:28','1349900687880'),(1168,'2019-03-01','3341501655665',1,NULL,'2019-03-05 16:53:28','1349900687880'),(1169,'2019-03-01','3340701151236',1,NULL,'2019-03-05 16:53:28','1349900687880'),(1170,'2019-03-01','3341501467621',1,NULL,'2019-03-05 16:53:28','1349900687880'),(1171,'2019-03-01','3341500325319',1,NULL,'2019-03-05 16:53:28','1349900687880'),(1172,'2019-03-01','3341501197110',1,NULL,'2019-03-05 16:53:28','1349900687880'),(1173,'2019-03-01','3340800302691',1,NULL,'2019-03-05 16:53:28','1349900687880'),(1174,'2019-03-01','3341600242954',1,NULL,'2019-03-05 16:53:28','1349900687880'),(1175,'2019-03-01','1349900687880',1,NULL,'2019-03-05 16:53:28','1349900687880'),(1176,'2019-03-06','3340700388739',1,NULL,'2019-03-06 15:33:59','1349900687880'),(1177,'2019-03-06','3341500795692',1,NULL,'2019-03-06 15:33:59','1349900687880'),(1178,'2019-03-06','3349900187921',1,NULL,'2019-03-06 15:33:59','1349900687880'),(1179,'2019-03-06','3341501655665',1,NULL,'2019-03-06 15:33:59','1349900687880'),(1180,'2019-03-06','3340701151236',1,NULL,'2019-03-06 15:33:59','1349900687880'),(1181,'2019-03-06','3341501467621',1,NULL,'2019-03-06 15:33:59','1349900687880'),(1182,'2019-03-06','3341500325319',1,NULL,'2019-03-06 15:33:59','1349900687880'),(1183,'2019-03-06','3341501197110',1,NULL,'2019-03-06 15:33:59','1349900687880'),(1184,'2019-03-06','3340800302691',1,NULL,'2019-03-06 15:33:59','1349900687880'),(1185,'2019-03-06','3341600242954',1,NULL,'2019-03-06 15:33:59','1349900687880'),(1186,'2019-03-06','1349900687880',1,NULL,'2019-03-06 15:33:59','1349900687880'),(1187,'2019-03-07','3340700388739',1,NULL,'2019-03-07 21:45:05','1349900687880'),(1188,'2019-03-07','3341500795692',1,NULL,'2019-03-07 21:45:05','1349900687880'),(1189,'2019-03-07','3349900187921',1,NULL,'2019-03-07 21:45:05','1349900687880'),(1190,'2019-03-07','3341501655665',1,NULL,'2019-03-07 21:45:05','1349900687880'),(1191,'2019-03-07','3340701151236',1,NULL,'2019-03-07 21:45:05','1349900687880'),(1192,'2019-03-07','3341501467621',1,NULL,'2019-03-07 21:45:05','1349900687880'),(1193,'2019-03-07','3341500325319',1,NULL,'2019-03-07 21:45:05','1349900687880'),(1194,'2019-03-07','3341501197110',1,NULL,'2019-03-07 21:45:05','1349900687880'),(1195,'2019-03-07','3340800302691',1,NULL,'2019-03-07 21:45:05','1349900687880'),(1196,'2019-03-07','3341600242954',1,NULL,'2019-03-07 21:45:05','1349900687880'),(1197,'2019-03-07','1349900687880',1,NULL,'2019-03-07 21:45:05','1349900687880'),(1198,'2019-03-08','3349900187921',4,NULL,'2019-03-08 11:32:04','1349900687880'),(1199,'2019-03-11','3340700388739',1,NULL,'2019-03-12 11:20:44','1349900687880'),(1200,'2019-03-11','3341500795692',1,NULL,'2019-03-12 11:20:44','1349900687880'),(1201,'2019-03-11','3349900187921',4,NULL,'2019-03-12 11:20:44','1349900687880'),(1202,'2019-03-11','3341501655665',1,NULL,'2019-03-12 11:20:44','1349900687880'),(1203,'2019-03-11','3340701151236',1,NULL,'2019-03-12 11:20:44','1349900687880'),(1204,'2019-03-11','3341501467621',1,NULL,'2019-03-12 11:20:44','1349900687880'),(1205,'2019-03-11','3341500325319',1,NULL,'2019-03-12 11:20:44','1349900687880'),(1206,'2019-03-11','3341501197110',1,NULL,'2019-03-12 11:20:44','1349900687880'),(1207,'2019-03-11','3340800302691',1,NULL,'2019-03-12 11:20:44','1349900687880'),(1208,'2019-03-11','3341600242954',1,NULL,'2019-03-12 11:20:44','1349900687880'),(1209,'2019-03-11','1349900687880',1,NULL,'2019-03-12 11:20:44','1349900687880'),(1210,'2019-03-12','3340700388739',1,NULL,'2019-03-12 11:20:34','1349900687880'),(1211,'2019-03-12','3341500795692',1,NULL,'2019-03-12 11:20:34','1349900687880'),(1212,'2019-03-12','3349900187921',1,NULL,'2019-03-12 11:20:34','1349900687880'),(1213,'2019-03-12','3341501655665',1,NULL,'2019-03-12 11:20:34','1349900687880'),(1214,'2019-03-12','3340701151236',1,NULL,'2019-03-12 11:20:34','1349900687880'),(1215,'2019-03-12','3341501467621',1,NULL,'2019-03-12 11:20:34','1349900687880'),(1216,'2019-03-12','3341500325319',1,NULL,'2019-03-12 11:20:34','1349900687880'),(1217,'2019-03-12','3341501197110',1,NULL,'2019-03-12 11:20:34','1349900687880'),(1218,'2019-03-12','3340800302691',1,NULL,'2019-03-12 11:20:34','1349900687880'),(1219,'2019-03-12','3341600242954',1,NULL,'2019-03-12 11:20:34','1349900687880'),(1220,'2019-03-12','1349900687880',1,NULL,'2019-03-12 11:20:34','1349900687880'),(1221,'2019-03-13','3340700388739',1,NULL,'2019-03-13 13:57:13','1349900687880'),(1222,'2019-03-13','3341500795692',1,NULL,'2019-03-13 13:57:13','1349900687880'),(1223,'2019-03-13','3349900187921',1,NULL,'2019-03-13 13:57:13','1349900687880'),(1224,'2019-03-13','3341501655665',1,NULL,'2019-03-13 13:57:13','1349900687880'),(1225,'2019-03-13','3340701151236',1,NULL,'2019-03-13 13:57:13','1349900687880'),(1226,'2019-03-13','3341501467621',1,NULL,'2019-03-13 13:57:13','1349900687880'),(1227,'2019-03-13','3341500325319',1,NULL,'2019-03-13 13:57:13','1349900687880'),(1228,'2019-03-13','3341501197110',1,NULL,'2019-03-13 13:57:13','1349900687880'),(1229,'2019-03-13','3340800302691',1,NULL,'2019-03-13 13:57:13','1349900687880'),(1230,'2019-03-13','3341600242954',1,NULL,'2019-03-13 13:57:13','1349900687880'),(1231,'2019-03-13','1349900687880',1,NULL,'2019-03-13 13:57:13','1349900687880'),(1232,'2019-05-21','3340700388739',1,NULL,'2019-05-21 11:47:21','1349900687880'),(1233,'2019-05-21','3341500795692',1,NULL,'2019-05-21 11:47:21','1349900687880'),(1234,'2019-05-21','3349900187921',1,NULL,'2019-05-21 11:47:21','1349900687880'),(1235,'2019-05-21','3341501655665',1,NULL,'2019-05-21 11:47:21','1349900687880'),(1236,'2019-05-21','3340701151236',1,NULL,'2019-05-21 11:47:21','1349900687880'),(1237,'2019-05-21','3341501467621',1,NULL,'2019-05-21 11:47:21','1349900687880'),(1238,'2019-05-21','3341500325319',1,NULL,'2019-05-21 11:47:21','1349900687880'),(1239,'2019-05-21','3341501197110',1,NULL,'2019-05-21 11:47:21','1349900687880'),(1240,'2019-05-21','3340800302691',1,NULL,'2019-05-21 11:47:21','1349900687880'),(1241,'2019-05-21','3341600242954',1,NULL,'2019-05-21 11:47:21','1349900687880'),(1242,'2019-05-21','1349900687880',1,NULL,'2019-05-21 11:47:21','1349900687880'),(1243,'2019-06-04','3340700388739',1,NULL,'2019-06-04 15:18:33','1349900687880'),(1244,'2019-06-04','3341500795692',1,NULL,'2019-06-04 15:18:33','1349900687880'),(1245,'2019-06-04','3349900187921',1,NULL,'2019-06-04 15:18:33','1349900687880'),(1246,'2019-06-04','3341501655665',1,NULL,'2019-06-04 15:18:33','1349900687880'),(1247,'2019-06-04','3340701151236',1,NULL,'2019-06-04 15:18:33','1349900687880'),(1248,'2019-06-04','3341501467621',1,NULL,'2019-06-04 15:18:33','1349900687880'),(1249,'2019-06-04','3341500325319',1,NULL,'2019-06-04 15:18:33','1349900687880'),(1250,'2019-06-04','3341501197110',1,NULL,'2019-06-04 15:18:33','1349900687880'),(1251,'2019-06-04','3340800302691',1,NULL,'2019-06-04 15:18:33','1349900687880'),(1252,'2019-06-04','3341600242954',1,NULL,'2019-06-04 15:18:33','1349900687880'),(1253,'2019-06-04','1349900687880',1,NULL,'2019-06-04 15:18:33','1349900687880'),(1254,'2019-06-05','3340700388739',1,NULL,'2019-06-05 09:35:18','1349900687880'),(1255,'2019-06-05','3341500795692',1,NULL,'2019-06-05 09:35:18','1349900687880'),(1256,'2019-06-05','3349900187921',1,NULL,'2019-06-05 09:35:18','1349900687880'),(1257,'2019-06-05','3341501655665',1,NULL,'2019-06-05 09:35:18','1349900687880'),(1258,'2019-06-05','3340701151236',1,NULL,'2019-06-05 09:35:18','1349900687880'),(1259,'2019-06-05','3341501467621',1,NULL,'2019-06-05 09:35:18','1349900687880'),(1260,'2019-06-05','3341500325319',1,NULL,'2019-06-05 09:35:18','1349900687880'),(1261,'2019-06-05','3341501197110',1,NULL,'2019-06-05 09:35:18','1349900687880'),(1262,'2019-06-05','3340800302691',1,NULL,'2019-06-05 09:35:18','1349900687880'),(1263,'2019-06-05','3341600242954',1,NULL,'2019-06-05 09:35:18','1349900687880'),(1264,'2019-06-05','1349900687880',1,NULL,'2019-06-05 09:35:18','1349900687880'),(1265,'2019-06-07','3340700388739',1,NULL,'2019-06-07 11:24:57','1349900687880'),(1266,'2019-06-07','3341500795692',1,NULL,'2019-06-07 11:24:57','1349900687880'),(1267,'2019-06-07','3349900187921',1,NULL,'2019-06-07 11:24:57','1349900687880'),(1268,'2019-06-07','3341501655665',1,NULL,'2019-06-07 11:24:57','1349900687880'),(1269,'2019-06-07','3340701151236',1,NULL,'2019-06-07 11:24:57','1349900687880'),(1270,'2019-06-07','3341501467621',1,NULL,'2019-06-07 11:24:57','1349900687880'),(1271,'2019-06-07','3341500325319',1,NULL,'2019-06-07 11:24:57','1349900687880'),(1272,'2019-06-07','3341501197110',1,NULL,'2019-06-07 11:24:57','1349900687880'),(1273,'2019-06-07','3340800302691',1,NULL,'2019-06-07 11:24:57','1349900687880'),(1274,'2019-06-07','3341600242954',1,NULL,'2019-06-07 11:24:57','1349900687880'),(1275,'2019-06-07','1349900687880',1,NULL,'2019-06-07 11:24:57','1349900687880'),(1276,'2019-06-06','3340700388739',1,NULL,'2019-06-07 11:25:12','1349900687880'),(1277,'2019-06-06','3341500795692',1,NULL,'2019-06-07 11:25:12','1349900687880'),(1278,'2019-06-06','3349900187921',1,NULL,'2019-06-07 11:25:12','1349900687880'),(1279,'2019-06-06','3341501655665',1,NULL,'2019-06-07 11:25:12','1349900687880'),(1280,'2019-06-06','3340701151236',1,NULL,'2019-06-07 11:25:12','1349900687880'),(1281,'2019-06-06','3341501467621',1,NULL,'2019-06-07 11:25:12','1349900687880'),(1282,'2019-06-06','3341500325319',1,NULL,'2019-06-07 11:25:12','1349900687880'),(1283,'2019-06-06','3341501197110',1,NULL,'2019-06-07 11:25:12','1349900687880'),(1284,'2019-06-06','3340800302691',1,NULL,'2019-06-07 11:25:12','1349900687880'),(1285,'2019-06-06','3341600242954',1,NULL,'2019-06-07 11:25:12','1349900687880'),(1286,'2019-06-06','1349900687880',1,NULL,'2019-06-07 11:25:12','1349900687880'),(1287,'2019-06-10','3340700388739',1,NULL,'2019-06-10 11:37:48','1349900687880'),(1288,'2019-06-10','3341500795692',1,NULL,'2019-06-10 11:37:48','1349900687880'),(1289,'2019-06-10','3349900187921',1,NULL,'2019-06-10 11:37:48','1349900687880'),(1290,'2019-06-10','3341501655665',2,NULL,'2019-06-10 11:37:48','1349900687880'),(1291,'2019-06-10','3340701151236',1,NULL,'2019-06-10 11:37:48','1349900687880'),(1292,'2019-06-10','3341501467621',1,NULL,'2019-06-10 11:37:48','1349900687880'),(1293,'2019-06-10','3341500325319',1,NULL,'2019-06-10 11:37:48','1349900687880'),(1294,'2019-06-10','3341501197110',1,NULL,'2019-06-10 11:37:48','1349900687880'),(1295,'2019-06-10','3340800302691',1,NULL,'2019-06-10 11:37:48','1349900687880'),(1296,'2019-06-10','3341600242954',1,NULL,'2019-06-10 11:37:48','1349900687880'),(1297,'2019-06-10','1349900687880',1,NULL,'2019-06-10 11:37:48','1349900687880'),(1298,'2019-06-11','3340700388739',1,NULL,'2019-06-11 10:01:23','1349900687880'),(1299,'2019-06-11','3341500795692',1,NULL,'2019-06-11 10:01:23','1349900687880'),(1300,'2019-06-11','3349900187921',1,NULL,'2019-06-11 10:01:23','1349900687880'),(1301,'2019-06-11','3341501655665',1,NULL,'2019-06-11 10:01:23','1349900687880'),(1302,'2019-06-11','3340701151236',1,NULL,'2019-06-11 10:01:23','1349900687880'),(1303,'2019-06-11','3341501467621',1,NULL,'2019-06-11 10:01:23','1349900687880'),(1304,'2019-06-11','3341500325319',1,NULL,'2019-06-11 10:01:23','1349900687880'),(1305,'2019-06-11','3341501197110',1,NULL,'2019-06-11 10:01:23','1349900687880'),(1306,'2019-06-11','3340800302691',1,NULL,'2019-06-11 10:01:23','1349900687880'),(1307,'2019-06-11','3341600242954',1,NULL,'2019-06-11 10:01:23','1349900687880'),(1308,'2019-06-11','1349900687880',1,NULL,'2019-06-11 10:01:23','1349900687880'),(1309,'2019-06-13','3340700388739',1,NULL,'2019-06-13 10:06:48','1349900687880'),(1310,'2019-06-13','3341500795692',1,NULL,'2019-06-13 10:06:48','1349900687880'),(1311,'2019-06-13','3349900187921',1,NULL,'2019-06-13 10:06:48','1349900687880'),(1312,'2019-06-13','3341501655665',1,NULL,'2019-06-13 10:06:48','1349900687880'),(1313,'2019-06-13','3340701151236',1,NULL,'2019-06-13 10:06:48','1349900687880'),(1314,'2019-06-13','3341501467621',1,NULL,'2019-06-13 10:06:48','1349900687880'),(1315,'2019-06-13','3341500325319',1,NULL,'2019-06-13 10:06:48','1349900687880'),(1316,'2019-06-13','3341501197110',1,NULL,'2019-06-13 10:06:48','1349900687880'),(1317,'2019-06-13','3340800302691',1,NULL,'2019-06-13 10:06:48','1349900687880'),(1318,'2019-06-13','3341600242954',1,NULL,'2019-06-13 10:06:48','1349900687880'),(1319,'2019-06-13','1349900687880',1,NULL,'2019-06-13 10:06:48','1349900687880'),(1320,'2019-06-12','3340700388739',1,NULL,'2019-06-13 10:07:02','1349900687880'),(1321,'2019-06-12','3341500795692',1,NULL,'2019-06-13 10:07:02','1349900687880'),(1322,'2019-06-12','3349900187921',1,NULL,'2019-06-13 10:07:02','1349900687880'),(1323,'2019-06-12','3341501655665',1,NULL,'2019-06-13 10:07:02','1349900687880'),(1324,'2019-06-12','3340701151236',1,NULL,'2019-06-13 10:07:02','1349900687880'),(1325,'2019-06-12','3341501467621',1,NULL,'2019-06-13 10:07:02','1349900687880'),(1326,'2019-06-12','3341500325319',1,NULL,'2019-06-13 10:07:02','1349900687880'),(1327,'2019-06-12','3341501197110',1,NULL,'2019-06-13 10:07:02','1349900687880'),(1328,'2019-06-12','3340800302691',1,NULL,'2019-06-13 10:07:02','1349900687880'),(1329,'2019-06-12','3341600242954',2,NULL,'2019-06-13 10:07:02','1349900687880'),(1330,'2019-06-12','1349900687880',1,NULL,'2019-06-13 10:07:02','1349900687880'),(1331,'2019-06-14','3340700388739',1,NULL,'2019-06-14 11:44:17','1349900687880'),(1332,'2019-06-14','3341500795692',1,NULL,'2019-06-14 11:44:17','1349900687880'),(1333,'2019-06-14','3349900187921',1,NULL,'2019-06-14 11:44:17','1349900687880'),(1334,'2019-06-14','3341501655665',1,NULL,'2019-06-14 11:44:17','1349900687880'),(1335,'2019-06-14','3340701151236',1,NULL,'2019-06-14 11:44:17','1349900687880'),(1336,'2019-06-14','3341501467621',1,NULL,'2019-06-14 11:44:17','1349900687880'),(1337,'2019-06-14','3341500325319',1,NULL,'2019-06-14 11:44:17','1349900687880'),(1338,'2019-06-14','3341501197110',1,NULL,'2019-06-14 11:44:17','1349900687880'),(1339,'2019-06-14','3340800302691',1,NULL,'2019-06-14 11:44:17','1349900687880'),(1340,'2019-06-14','3341600242954',1,NULL,'2019-06-14 11:44:17','1349900687880'),(1341,'2019-06-14','1349900687880',1,NULL,'2019-06-14 11:44:17','1349900687880'),(1342,'2019-06-18','3340700388739',1,NULL,'2019-06-18 09:21:38','1349900687880'),(1343,'2019-06-18','3341500795692',1,NULL,'2019-06-18 09:21:38','1349900687880'),(1344,'2019-06-18','3349900187921',1,NULL,'2019-06-18 09:21:38','1349900687880'),(1345,'2019-06-18','3341501655665',1,NULL,'2019-06-18 09:21:38','1349900687880'),(1346,'2019-06-18','3340701151236',1,NULL,'2019-06-18 09:21:38','1349900687880'),(1347,'2019-06-18','3341501467621',1,NULL,'2019-06-18 09:21:38','1349900687880'),(1348,'2019-06-18','3341500325319',1,NULL,'2019-06-18 09:21:38','1349900687880'),(1349,'2019-06-18','3341501197110',1,NULL,'2019-06-18 09:21:38','1349900687880'),(1350,'2019-06-18','3340800302691',1,NULL,'2019-06-18 09:21:38','1349900687880'),(1351,'2019-06-18','3341600242954',1,NULL,'2019-06-18 09:21:38','1349900687880'),(1352,'2019-06-18','1349900687880',1,NULL,'2019-06-18 09:21:38','1349900687880'),(1353,'2019-06-19','3340700388739',1,NULL,'2019-06-19 13:59:02','1349900687880'),(1354,'2019-06-19','3341500795692',1,NULL,'2019-06-19 13:59:02','1349900687880'),(1355,'2019-06-19','3349900187921',1,NULL,'2019-06-19 13:59:02','1349900687880'),(1356,'2019-06-19','3341501655665',1,NULL,'2019-06-19 13:59:02','1349900687880'),(1357,'2019-06-19','3340701151236',1,NULL,'2019-06-19 13:59:02','1349900687880'),(1358,'2019-06-19','3341501467621',1,NULL,'2019-06-19 13:59:02','1349900687880'),(1359,'2019-06-19','3341500325319',1,NULL,'2019-06-19 13:59:02','1349900687880'),(1360,'2019-06-19','3341501197110',1,NULL,'2019-06-19 13:59:02','1349900687880'),(1361,'2019-06-19','3340800302691',1,NULL,'2019-06-19 13:59:02','1349900687880'),(1362,'2019-06-19','3341600242954',1,NULL,'2019-06-19 13:59:02','1349900687880'),(1363,'2019-06-19','1349900687880',1,NULL,'2019-06-19 13:59:02','1349900687880'),(1364,'2019-06-20','3340700388739',1,NULL,'2019-06-20 10:24:39','1349900687880'),(1365,'2019-06-20','3341500795692',1,NULL,'2019-06-20 10:24:39','1349900687880'),(1366,'2019-06-20','3349900187921',1,NULL,'2019-06-20 10:24:39','1349900687880'),(1367,'2019-06-20','3341501655665',1,NULL,'2019-06-20 10:24:39','1349900687880'),(1368,'2019-06-20','3340701151236',1,NULL,'2019-06-20 10:24:39','1349900687880'),(1369,'2019-06-20','3341501467621',1,NULL,'2019-06-20 10:24:39','1349900687880'),(1370,'2019-06-20','3341500325319',1,NULL,'2019-06-20 10:24:39','1349900687880'),(1371,'2019-06-20','3341501197110',1,NULL,'2019-06-20 10:24:39','1349900687880'),(1372,'2019-06-20','3340800302691',1,NULL,'2019-06-20 10:24:39','1349900687880'),(1373,'2019-06-20','3341600242954',1,NULL,'2019-06-20 10:24:39','1349900687880'),(1374,'2019-06-20','1349900687880',1,NULL,'2019-06-20 10:24:39','1349900687880'),(1375,'2019-06-25','3340700388739',1,NULL,'2019-06-25 09:26:19','1349900687880'),(1376,'2019-06-25','3341500795692',1,NULL,'2019-06-25 09:26:19','1349900687880'),(1377,'2019-06-25','3349900187921',1,NULL,'2019-06-25 09:26:19','1349900687880'),(1378,'2019-06-25','3341501655665',1,NULL,'2019-06-25 09:26:19','1349900687880'),(1379,'2019-06-25','3340701151236',1,NULL,'2019-06-25 09:26:19','1349900687880'),(1380,'2019-06-25','3341501467621',1,NULL,'2019-06-25 09:26:19','1349900687880'),(1381,'2019-06-25','3341500325319',1,NULL,'2019-06-25 09:26:19','1349900687880'),(1382,'2019-06-25','3341501197110',1,NULL,'2019-06-25 09:26:19','1349900687880'),(1383,'2019-06-25','3340800302691',1,NULL,'2019-06-25 09:26:19','1349900687880'),(1384,'2019-06-25','3341600242954',1,NULL,'2019-06-25 09:26:19','1349900687880'),(1385,'2019-06-25','1349900687880',1,NULL,'2019-06-25 09:26:19','1349900687880'),(1386,'2019-06-24','3340700388739',1,NULL,'2019-06-25 09:26:30','1349900687880'),(1387,'2019-06-24','3341500795692',1,NULL,'2019-06-25 09:26:30','1349900687880'),(1388,'2019-06-24','3349900187921',1,NULL,'2019-06-25 09:26:30','1349900687880'),(1389,'2019-06-24','3341501655665',1,NULL,'2019-06-25 09:26:30','1349900687880'),(1390,'2019-06-24','3340701151236',1,NULL,'2019-06-25 09:26:30','1349900687880'),(1391,'2019-06-24','3341501467621',1,NULL,'2019-06-25 09:26:30','1349900687880'),(1392,'2019-06-24','3341500325319',1,NULL,'2019-06-25 09:26:30','1349900687880'),(1393,'2019-06-24','3341501197110',1,NULL,'2019-06-25 09:26:30','1349900687880'),(1394,'2019-06-24','3340800302691',1,NULL,'2019-06-25 09:26:30','1349900687880'),(1395,'2019-06-24','3341600242954',1,NULL,'2019-06-25 09:26:30','1349900687880'),(1396,'2019-06-24','1349900687880',1,NULL,'2019-06-25 09:26:30','1349900687880'),(1397,'2019-06-27','3340700388739',1,NULL,'2019-06-27 10:38:33','1349900687880'),(1398,'2019-06-27','3341500795692',1,NULL,'2019-06-27 10:38:33','1349900687880'),(1399,'2019-06-27','3349900187921',1,NULL,'2019-06-27 10:38:33','1349900687880'),(1400,'2019-06-27','3341501655665',1,NULL,'2019-06-27 10:38:33','1349900687880'),(1401,'2019-06-27','3340701151236',1,NULL,'2019-06-27 10:38:33','1349900687880'),(1402,'2019-06-27','3341501467621',1,NULL,'2019-06-27 10:38:33','1349900687880'),(1403,'2019-06-27','3341500325319',2,NULL,'2019-06-27 10:38:33','1349900687880'),(1404,'2019-06-27','3341501197110',1,NULL,'2019-06-27 10:38:33','1349900687880'),(1405,'2019-06-27','3340800302691',1,NULL,'2019-06-27 10:38:33','1349900687880'),(1406,'2019-06-27','3341600242954',1,NULL,'2019-06-27 10:38:33','1349900687880'),(1407,'2019-06-27','1349900687880',1,NULL,'2019-06-27 10:38:33','1349900687880'),(1408,'2019-09-05','3411600206558',1,NULL,'2019-09-05 11:47:40','3341501655665'),(1409,'2019-09-05','3341500795692',1,NULL,'2019-09-05 11:47:40','3341501655665'),(1410,'2019-09-05','3349900187921',1,NULL,'2019-09-05 11:47:40','3341501655665'),(1411,'2019-09-05','3341501655665',1,NULL,'2019-09-05 11:47:40','3341501655665'),(1412,'2019-09-05','3340701151236',1,NULL,'2019-09-05 11:47:40','3341501655665'),(1413,'2019-09-05','3341501467621',1,NULL,'2019-09-05 11:47:40','3341501655665'),(1414,'2019-09-05','3341500325319',1,NULL,'2019-09-05 11:47:40','3341501655665'),(1415,'2019-09-05','3341501197110',1,NULL,'2019-09-05 11:47:40','3341501655665'),(1416,'2019-09-05','3340800302691',1,NULL,'2019-09-05 11:47:40','3341501655665'),(1417,'2019-09-05','3341600242954',1,NULL,'2019-09-05 11:47:40','3341501655665'),(1418,'2019-09-05','1349900687880',1,NULL,'2019-09-05 11:47:40','3341501655665'),(1419,'2019-09-09','3411600206558',1,NULL,'2019-09-14 11:21:36','3341501655665'),(1420,'2019-09-09','3341500795692',1,NULL,'2019-09-14 11:21:36','3341501655665'),(1421,'2019-09-09','3349900187921',1,NULL,'2019-09-14 11:21:36','3341501655665'),(1422,'2019-09-09','3341501655665',1,NULL,'2019-09-14 11:21:36','3341501655665'),(1423,'2019-09-09','3340701151236',1,NULL,'2019-09-14 11:21:36','3341501655665'),(1424,'2019-09-09','3341501467621',1,NULL,'2019-09-14 11:21:36','3341501655665'),(1425,'2019-09-09','3341500325319',1,NULL,'2019-09-14 11:21:36','3341501655665'),(1426,'2019-09-09','3341501197110',1,NULL,'2019-09-14 11:21:36','3341501655665'),(1427,'2019-09-09','3340800302691',1,NULL,'2019-09-14 11:21:36','3341501655665'),(1428,'2019-09-09','3341600242954',1,NULL,'2019-09-14 11:21:36','3341501655665'),(1429,'2019-09-09','1349900687880',1,NULL,'2019-09-14 11:21:36','3341501655665'),(1430,'2019-09-10','3411600206558',1,NULL,'2019-09-14 11:22:00','3341501655665'),(1431,'2019-09-10','3341500795692',1,NULL,'2019-09-14 11:22:00','3341501655665'),(1432,'2019-09-10','3349900187921',1,NULL,'2019-09-14 11:22:00','3341501655665'),(1433,'2019-09-10','3341501655665',1,NULL,'2019-09-14 11:22:00','3341501655665'),(1434,'2019-09-10','3340701151236',1,NULL,'2019-09-14 11:22:00','3341501655665'),(1435,'2019-09-10','3341501467621',1,NULL,'2019-09-14 11:22:00','3341501655665'),(1436,'2019-09-10','3341500325319',1,NULL,'2019-09-14 11:22:00','3341501655665'),(1437,'2019-09-10','3341501197110',1,NULL,'2019-09-14 11:22:00','3341501655665'),(1438,'2019-09-10','3340800302691',1,NULL,'2019-09-14 11:22:00','3341501655665'),(1439,'2019-09-10','3341600242954',1,NULL,'2019-09-14 11:22:00','3341501655665'),(1440,'2019-09-10','1349900687880',1,NULL,'2019-09-14 11:22:00','3341501655665'),(1441,'2019-09-16','3411600206558',1,NULL,'2019-09-16 14:40:33','3341501655665'),(1442,'2019-09-16','3341500795692',1,NULL,'2019-09-16 14:40:33','3341501655665'),(1443,'2019-09-16','3349900187921',1,NULL,'2019-09-16 14:40:33','3341501655665'),(1444,'2019-09-16','3341501655665',1,NULL,'2019-09-16 14:40:33','3341501655665'),(1445,'2019-09-16','3340701151236',1,NULL,'2019-09-16 14:40:33','3341501655665'),(1446,'2019-09-16','3341501467621',1,NULL,'2019-09-16 14:40:33','3341501655665'),(1447,'2019-09-16','3341500325319',1,NULL,'2019-09-16 14:40:33','3341501655665'),(1448,'2019-09-16','3341501197110',1,NULL,'2019-09-16 14:40:33','3341501655665'),(1449,'2019-09-16','3340800302691',6,NULL,'2019-09-16 14:40:33','3341501655665'),(1450,'2019-09-16','3341600242954',1,NULL,'2019-09-16 14:40:33','3341501655665'),(1451,'2019-09-16','1349900687880',1,NULL,'2019-09-16 14:40:33','3341501655665'),(1452,'2019-09-17','3411600206558',1,NULL,'2019-09-17 11:00:22','3411600206558'),(1453,'2019-09-17','3341500795692',1,NULL,'2019-09-17 11:00:22','3411600206558'),(1454,'2019-09-17','3349900187921',1,NULL,'2019-09-17 11:00:22','3411600206558'),(1455,'2019-09-17','3341501655665',1,NULL,'2019-09-17 11:00:22','3411600206558'),(1456,'2019-09-17','3340701151236',1,NULL,'2019-09-17 11:00:22','3411600206558'),(1457,'2019-09-17','3341501467621',1,NULL,'2019-09-17 11:00:22','3411600206558'),(1458,'2019-09-17','3341500325319',1,NULL,'2019-09-17 11:00:22','3411600206558'),(1459,'2019-09-17','3341501197110',1,NULL,'2019-09-17 11:00:22','3411600206558'),(1460,'2019-09-17','3340800302691',6,NULL,'2019-09-17 11:00:22','3411600206558'),(1461,'2019-09-17','3341600242954',1,NULL,'2019-09-17 11:00:22','3411600206558'),(1462,'2019-09-17','1349900687880',1,NULL,'2019-09-17 11:00:22','3411600206558'),(1463,'2019-10-03','3411600206558',1,NULL,'2019-10-03 14:11:44','1349900687880'),(1464,'2019-10-03','3341500795692',1,NULL,'2019-10-03 14:11:44','1349900687880'),(1465,'2019-10-03','3349900187921',1,NULL,'2019-10-03 14:11:44','1349900687880'),(1466,'2019-10-03','3341501655665',1,NULL,'2019-10-03 14:11:44','1349900687880'),(1467,'2019-10-03','3340701151236',1,NULL,'2019-10-03 14:11:44','1349900687880'),(1468,'2019-10-03','3341501467621',1,NULL,'2019-10-03 14:11:44','1349900687880'),(1469,'2019-10-03','3341500325319',1,NULL,'2019-10-03 14:11:44','1349900687880'),(1470,'2019-10-03','3341501197110',1,NULL,'2019-10-03 14:11:44','1349900687880'),(1471,'2019-10-03','3340800302691',1,NULL,'2019-10-03 14:11:44','1349900687880'),(1472,'2019-10-03','3341600242954',1,NULL,'2019-10-03 14:11:44','1349900687880'),(1473,'2019-10-03','1349900687880',1,NULL,'2019-10-03 14:11:44','1349900687880'),(1474,'2019-10-02','3411600206558',2,NULL,'2019-10-03 14:12:09','1349900687880'),(1475,'2019-10-02','3341500795692',1,NULL,'2019-10-03 14:12:09','1349900687880'),(1476,'2019-10-02','3349900187921',1,NULL,'2019-10-03 14:12:09','1349900687880'),(1477,'2019-10-02','3341501655665',1,NULL,'2019-10-03 14:12:09','1349900687880'),(1478,'2019-10-02','3340701151236',1,NULL,'2019-10-03 14:12:09','1349900687880'),(1479,'2019-10-02','3341501467621',1,NULL,'2019-10-03 14:12:09','1349900687880'),(1480,'2019-10-02','3341500325319',1,NULL,'2019-10-03 14:12:09','1349900687880'),(1481,'2019-10-02','3341501197110',1,NULL,'2019-10-03 14:12:09','1349900687880'),(1482,'2019-10-02','3340800302691',1,NULL,'2019-10-03 14:12:09','1349900687880'),(1483,'2019-10-02','3341600242954',1,NULL,'2019-10-03 14:12:09','1349900687880'),(1484,'2019-10-02','1349900687880',2,NULL,'2019-10-03 14:12:09','1349900687880'),(1485,'2019-10-04','3411600206558',1,NULL,'2019-10-04 10:20:26','1349900687880'),(1486,'2019-10-04','3341500795692',1,NULL,'2019-10-04 10:20:26','1349900687880'),(1487,'2019-10-04','3349900187921',1,NULL,'2019-10-04 10:20:26','1349900687880'),(1488,'2019-10-04','3341501655665',1,NULL,'2019-10-04 10:20:26','1349900687880'),(1489,'2019-10-04','3340701151236',1,NULL,'2019-10-04 10:20:26','1349900687880'),(1490,'2019-10-04','3341501467621',1,NULL,'2019-10-04 10:20:26','1349900687880'),(1491,'2019-10-04','3341500325319',1,NULL,'2019-10-04 10:20:26','1349900687880'),(1492,'2019-10-04','3341501197110',1,NULL,'2019-10-04 10:20:26','1349900687880'),(1493,'2019-10-04','3340800302691',1,NULL,'2019-10-04 10:20:26','1349900687880'),(1494,'2019-10-04','3341600242954',1,NULL,'2019-10-04 10:20:26','1349900687880'),(1495,'2019-10-04','1349900687880',1,NULL,'2019-10-04 10:20:26','1349900687880'),(1496,'2019-11-01','3411600206558',1,NULL,'2019-11-01 09:52:10','1349900687880'),(1497,'2019-11-01','3341500795692',1,NULL,'2019-11-01 09:52:10','1349900687880'),(1498,'2019-11-01','3349900187921',1,NULL,'2019-11-01 09:52:10','1349900687880'),(1499,'2019-11-01','3341501655665',1,NULL,'2019-11-01 09:52:10','1349900687880'),(1500,'2019-11-01','3340701151236',1,NULL,'2019-11-01 09:52:10','1349900687880'),(1501,'2019-11-01','3341501467621',1,NULL,'2019-11-01 09:52:10','1349900687880'),(1502,'2019-11-01','3341500325319',1,NULL,'2019-11-01 09:52:10','1349900687880'),(1503,'2019-11-01','3341501197110',1,NULL,'2019-11-01 09:52:10','1349900687880'),(1504,'2019-11-01','3340800302691',1,NULL,'2019-11-01 09:52:10','1349900687880'),(1505,'2019-11-01','3341600242954',1,NULL,'2019-11-01 09:52:10','1349900687880'),(1506,'2019-11-01','1349900687880',1,NULL,'2019-11-01 09:52:10','1349900687880'),(1507,'2019-11-04','3411600206558',1,NULL,'2019-11-04 14:31:58','1349900687880'),(1508,'2019-11-04','3341500795692',1,NULL,'2019-11-04 14:31:58','1349900687880'),(1509,'2019-11-04','3349900187921',1,NULL,'2019-11-04 14:31:58','1349900687880'),(1510,'2019-11-04','3341501655665',1,NULL,'2019-11-04 14:31:58','1349900687880'),(1511,'2019-11-04','3340701151236',1,NULL,'2019-11-04 14:31:58','1349900687880'),(1512,'2019-11-04','3341501467621',1,NULL,'2019-11-04 14:31:58','1349900687880'),(1513,'2019-11-04','3341500325319',1,NULL,'2019-11-04 14:31:58','1349900687880'),(1514,'2019-11-04','3341501197110',1,NULL,'2019-11-04 14:31:58','1349900687880'),(1515,'2019-11-04','3340800302691',1,NULL,'2019-11-04 14:31:58','1349900687880'),(1516,'2019-11-04','3341600242954',1,NULL,'2019-11-04 14:31:58','1349900687880'),(1517,'2019-11-04','1349900687880',1,NULL,'2019-11-04 14:31:58','1349900687880'),(1518,'2019-11-19','3411600206558',1,NULL,'2019-11-19 11:25:19','1349900687880'),(1519,'2019-11-19','3341500795692',1,NULL,'2019-11-19 11:25:19','1349900687880'),(1520,'2019-11-19','3349900187921',1,NULL,'2019-11-19 11:25:19','1349900687880'),(1521,'2019-11-19','3341501655665',1,NULL,'2019-11-19 11:25:19','1349900687880'),(1522,'2019-11-19','3340701151236',1,NULL,'2019-11-19 11:25:19','1349900687880'),(1523,'2019-11-19','3341501467621',1,NULL,'2019-11-19 11:25:19','1349900687880'),(1524,'2019-11-19','3341500325319',1,NULL,'2019-11-19 11:25:19','1349900687880'),(1525,'2019-11-19','3341501197110',1,NULL,'2019-11-19 11:25:19','1349900687880'),(1526,'2019-11-19','3340800302691',1,NULL,'2019-11-19 11:25:19','1349900687880'),(1527,'2019-11-19','3341600242954',1,NULL,'2019-11-19 11:25:19','1349900687880'),(1528,'2019-11-19','1349900687880',1,NULL,'2019-11-19 11:25:19','1349900687880'),(1529,'2019-11-18','3411600206558',1,NULL,'2019-11-19 11:25:43','1349900687880'),(1530,'2019-11-18','3341500795692',1,NULL,'2019-11-19 11:25:43','1349900687880'),(1531,'2019-11-18','3349900187921',1,NULL,'2019-11-19 11:25:43','1349900687880'),(1532,'2019-11-18','3341501655665',1,NULL,'2019-11-19 11:25:43','1349900687880'),(1533,'2019-11-18','3340701151236',1,NULL,'2019-11-19 11:25:43','1349900687880'),(1534,'2019-11-18','3341501467621',1,NULL,'2019-11-19 11:25:43','1349900687880'),(1535,'2019-11-18','3341500325319',1,NULL,'2019-11-19 11:25:43','1349900687880'),(1536,'2019-11-18','3341501197110',1,NULL,'2019-11-19 11:25:43','1349900687880'),(1537,'2019-11-18','3340800302691',1,NULL,'2019-11-19 11:25:43','1349900687880'),(1538,'2019-11-18','3341600242954',1,NULL,'2019-11-19 11:25:43','1349900687880'),(1539,'2019-11-18','1349900687880',1,NULL,'2019-11-19 11:25:43','1349900687880'),(1540,'2019-11-15','3411600206558',1,NULL,'2019-11-19 11:26:03','1349900687880'),(1541,'2019-11-15','3341500795692',1,NULL,'2019-11-19 11:26:03','1349900687880'),(1542,'2019-11-15','3349900187921',1,NULL,'2019-11-19 11:26:03','1349900687880'),(1543,'2019-11-15','3341501655665',1,NULL,'2019-11-19 11:26:03','1349900687880'),(1544,'2019-11-15','3340701151236',1,NULL,'2019-11-19 11:26:03','1349900687880'),(1545,'2019-11-15','3341501467621',1,NULL,'2019-11-19 11:26:03','1349900687880'),(1546,'2019-11-15','3341500325319',1,NULL,'2019-11-19 11:26:03','1349900687880'),(1547,'2019-11-15','3341501197110',1,NULL,'2019-11-19 11:26:03','1349900687880'),(1548,'2019-11-15','3340800302691',1,NULL,'2019-11-19 11:26:03','1349900687880'),(1549,'2019-11-15','3341600242954',1,NULL,'2019-11-19 11:26:03','1349900687880'),(1550,'2019-11-15','1349900687880',1,NULL,'2019-11-19 11:26:03','1349900687880'),(1551,'2019-11-14','3411600206558',1,NULL,'2019-11-19 11:26:22','1349900687880'),(1552,'2019-11-14','3341500795692',1,NULL,'2019-11-19 11:26:22','1349900687880'),(1553,'2019-11-14','3349900187921',1,NULL,'2019-11-19 11:26:22','1349900687880'),(1554,'2019-11-14','3341501655665',1,NULL,'2019-11-19 11:26:22','1349900687880'),(1555,'2019-11-14','3340701151236',1,NULL,'2019-11-19 11:26:22','1349900687880'),(1556,'2019-11-14','3341501467621',1,NULL,'2019-11-19 11:26:22','1349900687880'),(1557,'2019-11-14','3341500325319',1,NULL,'2019-11-19 11:26:22','1349900687880'),(1558,'2019-11-14','3341501197110',1,NULL,'2019-11-19 11:26:22','1349900687880'),(1559,'2019-11-14','3340800302691',1,NULL,'2019-11-19 11:26:22','1349900687880'),(1560,'2019-11-14','3341600242954',1,NULL,'2019-11-19 11:26:22','1349900687880'),(1561,'2019-11-14','1349900687880',1,NULL,'2019-11-19 11:26:22','1349900687880'),(1562,'2019-11-13','3411600206558',1,NULL,'2019-11-19 11:26:42','1349900687880'),(1563,'2019-11-13','3341500795692',1,NULL,'2019-11-19 11:26:42','1349900687880'),(1564,'2019-11-13','3349900187921',1,NULL,'2019-11-19 11:26:42','1349900687880'),(1565,'2019-11-13','3341501655665',1,NULL,'2019-11-19 11:26:42','1349900687880'),(1566,'2019-11-13','3340701151236',1,NULL,'2019-11-19 11:26:42','1349900687880'),(1567,'2019-11-13','3341501467621',1,NULL,'2019-11-19 11:26:42','1349900687880'),(1568,'2019-11-13','3341500325319',1,NULL,'2019-11-19 11:26:42','1349900687880'),(1569,'2019-11-13','3341501197110',1,NULL,'2019-11-19 11:26:42','1349900687880'),(1570,'2019-11-13','3340800302691',1,NULL,'2019-11-19 11:26:42','1349900687880'),(1571,'2019-11-13','3341600242954',1,NULL,'2019-11-19 11:26:42','1349900687880'),(1572,'2019-11-13','1349900687880',1,NULL,'2019-11-19 11:26:42','1349900687880'),(1573,'2019-11-12','3411600206558',1,NULL,'2019-11-19 11:27:05','1349900687880'),(1574,'2019-11-12','3341500795692',1,NULL,'2019-11-19 11:27:05','1349900687880'),(1575,'2019-11-12','3349900187921',1,NULL,'2019-11-19 11:27:05','1349900687880'),(1576,'2019-11-12','3341501655665',1,NULL,'2019-11-19 11:27:05','1349900687880'),(1577,'2019-11-12','3340701151236',1,NULL,'2019-11-19 11:27:05','1349900687880'),(1578,'2019-11-12','3341501467621',1,NULL,'2019-11-19 11:27:05','1349900687880'),(1579,'2019-11-12','3341500325319',1,NULL,'2019-11-19 11:27:05','1349900687880'),(1580,'2019-11-12','3341501197110',1,NULL,'2019-11-19 11:27:05','1349900687880'),(1581,'2019-11-12','3340800302691',1,NULL,'2019-11-19 11:27:05','1349900687880'),(1582,'2019-11-12','3341600242954',1,NULL,'2019-11-19 11:27:05','1349900687880'),(1583,'2019-11-12','1349900687880',1,NULL,'2019-11-19 11:27:05','1349900687880'),(1584,'2019-11-11','3411600206558',1,NULL,'2019-11-19 11:27:24','1349900687880'),(1585,'2019-11-11','3341500795692',1,NULL,'2019-11-19 11:27:24','1349900687880'),(1586,'2019-11-11','3349900187921',1,NULL,'2019-11-19 11:27:24','1349900687880'),(1587,'2019-11-11','3341501655665',1,NULL,'2019-11-19 11:27:24','1349900687880'),(1588,'2019-11-11','3340701151236',1,NULL,'2019-11-19 11:27:24','1349900687880'),(1589,'2019-11-11','3341501467621',1,NULL,'2019-11-19 11:27:24','1349900687880'),(1590,'2019-11-11','3341500325319',1,NULL,'2019-11-19 11:27:24','1349900687880'),(1591,'2019-11-11','3341501197110',1,NULL,'2019-11-19 11:27:24','1349900687880'),(1592,'2019-11-11','3340800302691',1,NULL,'2019-11-19 11:27:24','1349900687880'),(1593,'2019-11-11','3341600242954',1,NULL,'2019-11-19 11:27:24','1349900687880'),(1594,'2019-11-11','1349900687880',1,NULL,'2019-11-19 11:27:24','1349900687880'),(1595,'2019-11-08','3411600206558',1,NULL,'2019-11-19 11:27:57','1349900687880'),(1596,'2019-11-08','3341500795692',1,NULL,'2019-11-19 11:27:57','1349900687880'),(1597,'2019-11-08','3349900187921',1,NULL,'2019-11-19 11:27:57','1349900687880'),(1598,'2019-11-08','3341501655665',1,NULL,'2019-11-19 11:27:57','1349900687880'),(1599,'2019-11-08','3340701151236',1,NULL,'2019-11-19 11:27:57','1349900687880'),(1600,'2019-11-08','3341501467621',1,NULL,'2019-11-19 11:27:57','1349900687880'),(1601,'2019-11-08','3341500325319',1,NULL,'2019-11-19 11:27:57','1349900687880'),(1602,'2019-11-08','3341501197110',1,NULL,'2019-11-19 11:27:57','1349900687880'),(1603,'2019-11-08','3340800302691',1,NULL,'2019-11-19 11:27:57','1349900687880'),(1604,'2019-11-08','3341600242954',1,NULL,'2019-11-19 11:27:57','1349900687880'),(1605,'2019-11-08','1349900687880',1,NULL,'2019-11-19 11:27:57','1349900687880'),(1606,'2019-11-07','3411600206558',1,NULL,'2019-11-19 11:28:14','1349900687880'),(1607,'2019-11-07','3341500795692',1,NULL,'2019-11-19 11:28:14','1349900687880'),(1608,'2019-11-07','3349900187921',1,NULL,'2019-11-19 11:28:14','1349900687880'),(1609,'2019-11-07','3341501655665',1,NULL,'2019-11-19 11:28:14','1349900687880'),(1610,'2019-11-07','3340701151236',1,NULL,'2019-11-19 11:28:14','1349900687880'),(1611,'2019-11-07','3341501467621',1,NULL,'2019-11-19 11:28:14','1349900687880'),(1612,'2019-11-07','3341500325319',1,NULL,'2019-11-19 11:28:14','1349900687880'),(1613,'2019-11-07','3341501197110',1,NULL,'2019-11-19 11:28:14','1349900687880'),(1614,'2019-11-07','3340800302691',1,NULL,'2019-11-19 11:28:14','1349900687880'),(1615,'2019-11-07','3341600242954',1,NULL,'2019-11-19 11:28:14','1349900687880'),(1616,'2019-11-07','1349900687880',1,NULL,'2019-11-19 11:28:14','1349900687880'),(1617,'2019-11-06','3411600206558',1,NULL,'2019-11-19 11:28:34','1349900687880'),(1618,'2019-11-06','3341500795692',1,NULL,'2019-11-19 11:28:34','1349900687880'),(1619,'2019-11-06','3349900187921',1,NULL,'2019-11-19 11:28:34','1349900687880'),(1620,'2019-11-06','3341501655665',1,NULL,'2019-11-19 11:28:34','1349900687880'),(1621,'2019-11-06','3340701151236',1,NULL,'2019-11-19 11:28:34','1349900687880'),(1622,'2019-11-06','3341501467621',1,NULL,'2019-11-19 11:28:34','1349900687880'),(1623,'2019-11-06','3341500325319',1,NULL,'2019-11-19 11:28:34','1349900687880'),(1624,'2019-11-06','3341501197110',1,NULL,'2019-11-19 11:28:34','1349900687880'),(1625,'2019-11-06','3340800302691',1,NULL,'2019-11-19 11:28:34','1349900687880'),(1626,'2019-11-06','3341600242954',1,NULL,'2019-11-19 11:28:34','1349900687880'),(1627,'2019-11-06','1349900687880',1,NULL,'2019-11-19 11:28:34','1349900687880'),(1628,'2019-11-05','3411600206558',1,NULL,'2019-11-19 11:28:54','1349900687880'),(1629,'2019-11-05','3341500795692',1,NULL,'2019-11-19 11:28:54','1349900687880'),(1630,'2019-11-05','3349900187921',1,NULL,'2019-11-19 11:28:54','1349900687880'),(1631,'2019-11-05','3341501655665',1,NULL,'2019-11-19 11:28:54','1349900687880'),(1632,'2019-11-05','3340701151236',1,NULL,'2019-11-19 11:28:54','1349900687880'),(1633,'2019-11-05','3341501467621',1,NULL,'2019-11-19 11:28:54','1349900687880'),(1634,'2019-11-05','3341500325319',1,NULL,'2019-11-19 11:28:54','1349900687880'),(1635,'2019-11-05','3341501197110',1,NULL,'2019-11-19 11:28:54','1349900687880'),(1636,'2019-11-05','3340800302691',1,NULL,'2019-11-19 11:28:54','1349900687880'),(1637,'2019-11-05','3341600242954',1,NULL,'2019-11-19 11:28:54','1349900687880'),(1638,'2019-11-05','1349900687880',1,NULL,'2019-11-19 11:28:54','1349900687880'),(1639,'2019-11-26','3411600206558',1,NULL,'2019-11-26 10:58:38','1349900687880'),(1640,'2019-11-26','3341500795692',1,NULL,'2019-11-26 10:58:38','1349900687880'),(1641,'2019-11-26','3349900187921',1,NULL,'2019-11-26 10:58:38','1349900687880'),(1642,'2019-11-26','3341501655665',1,NULL,'2019-11-26 10:58:38','1349900687880'),(1643,'2019-11-26','3340701151236',1,NULL,'2019-11-26 10:58:38','1349900687880'),(1644,'2019-11-26','3341501467621',1,NULL,'2019-11-26 10:58:38','1349900687880'),(1645,'2019-11-26','3341500325319',1,NULL,'2019-11-26 10:58:38','1349900687880'),(1646,'2019-11-26','3341501197110',1,NULL,'2019-11-26 10:58:38','1349900687880'),(1647,'2019-11-26','3340800302691',1,NULL,'2019-11-26 10:58:38','1349900687880'),(1648,'2019-11-26','3341600242954',1,NULL,'2019-11-26 10:58:38','1349900687880'),(1649,'2019-11-26','1349900687880',1,NULL,'2019-11-26 10:58:38','1349900687880'),(1650,'2019-11-25','3411600206558',1,NULL,'2019-11-26 10:58:53','1349900687880'),(1651,'2019-11-25','3341500795692',1,NULL,'2019-11-26 10:58:53','1349900687880'),(1652,'2019-11-25','3349900187921',1,NULL,'2019-11-26 10:58:53','1349900687880'),(1653,'2019-11-25','3341501655665',1,NULL,'2019-11-26 10:58:53','1349900687880'),(1654,'2019-11-25','3340701151236',1,NULL,'2019-11-26 10:58:53','1349900687880'),(1655,'2019-11-25','3341501467621',1,NULL,'2019-11-26 10:58:53','1349900687880'),(1656,'2019-11-25','3341500325319',1,NULL,'2019-11-26 10:58:53','1349900687880'),(1657,'2019-11-25','3341501197110',1,NULL,'2019-11-26 10:58:53','1349900687880'),(1658,'2019-11-25','3340800302691',1,NULL,'2019-11-26 10:58:53','1349900687880'),(1659,'2019-11-25','3341600242954',1,NULL,'2019-11-26 10:58:53','1349900687880'),(1660,'2019-11-25','1349900687880',1,NULL,'2019-11-26 10:58:53','1349900687880'),(1661,'2020-02-17','3411600206558',1,NULL,'2020-02-17 08:53:47','3411600206558'),(1662,'2020-02-17','1342200025098',1,NULL,'2020-02-17 08:53:47','3411600206558'),(1663,'2020-02-17','3349900187921',1,NULL,'2020-02-17 08:53:47','3411600206558'),(1664,'2020-02-17','3341500795692',1,NULL,'2020-02-17 08:53:47','3411600206558'),(1665,'2020-02-17','3340701151236',1,NULL,'2020-02-17 08:53:47','3411600206558'),(1666,'2020-02-17','3341501467621',1,NULL,'2020-02-17 08:53:47','3411600206558'),(1667,'2020-02-17','3341500325319',1,NULL,'2020-02-17 08:53:47','3411600206558'),(1668,'2020-02-17','3341501197110',1,NULL,'2020-02-17 08:53:47','3411600206558'),(1669,'2020-02-17','3341501655665',1,NULL,'2020-02-17 08:53:47','3411600206558'),(1670,'2020-02-17','3341600242954',1,NULL,'2020-02-17 08:53:47','3411600206558'),(1671,'2020-02-17','1349900687880',1,NULL,'2020-02-17 08:53:47','3411600206558'),(1672,'2020-02-14','3411600206558',1,NULL,'2020-02-17 08:54:20','3411600206558'),(1673,'2020-02-14','1342200025098',1,NULL,'2020-02-17 08:54:20','3411600206558'),(1674,'2020-02-14','3349900187921',1,NULL,'2020-02-17 08:54:20','3411600206558'),(1675,'2020-02-14','3341500795692',1,NULL,'2020-02-17 08:54:20','3411600206558'),(1676,'2020-02-14','3340701151236',1,NULL,'2020-02-17 08:54:20','3411600206558'),(1677,'2020-02-14','3341501467621',1,NULL,'2020-02-17 08:54:20','3411600206558'),(1678,'2020-02-14','3341500325319',1,NULL,'2020-02-17 08:54:20','3411600206558'),(1679,'2020-02-14','3341501197110',1,NULL,'2020-02-17 08:54:20','3411600206558'),(1680,'2020-02-14','3341501655665',1,NULL,'2020-02-17 08:54:20','3411600206558'),(1681,'2020-02-14','3341600242954',1,NULL,'2020-02-17 08:54:20','3411600206558'),(1682,'2020-02-14','1349900687880',1,NULL,'2020-02-17 08:54:20','3411600206558'),(1683,'2020-02-13','3411600206558',1,NULL,'2020-02-17 08:54:45','3411600206558'),(1684,'2020-02-13','1342200025098',1,NULL,'2020-02-17 08:54:45','3411600206558'),(1685,'2020-02-13','3349900187921',1,NULL,'2020-02-17 08:54:45','3411600206558'),(1686,'2020-02-13','3341500795692',1,NULL,'2020-02-17 08:54:45','3411600206558'),(1687,'2020-02-13','3340701151236',1,NULL,'2020-02-17 08:54:45','3411600206558'),(1688,'2020-02-13','3341501467621',1,NULL,'2020-02-17 08:54:45','3411600206558'),(1689,'2020-02-13','3341500325319',1,NULL,'2020-02-17 08:54:45','3411600206558'),(1690,'2020-02-13','3341501197110',1,NULL,'2020-02-17 08:54:45','3411600206558'),(1691,'2020-02-13','3341501655665',1,NULL,'2020-02-17 08:54:45','3411600206558'),(1692,'2020-02-13','3341600242954',1,NULL,'2020-02-17 08:54:45','3411600206558'),(1693,'2020-02-13','1349900687880',1,NULL,'2020-02-17 08:54:45','3411600206558'),(1694,'2020-11-13','3411600206558',1,NULL,'2020-11-13 11:39:05','1349900687880'),(1695,'2020-11-13','1342200025098',1,NULL,'2020-11-13 11:39:05','1349900687880'),(1696,'2020-11-13','3341500795692',1,NULL,'2020-11-13 11:39:05','1349900687880'),(1697,'2020-11-13','3340701151236',1,NULL,'2020-11-13 11:39:05','1349900687880'),(1698,'2020-11-13','3341501467621',1,NULL,'2020-11-13 11:39:05','1349900687880'),(1699,'2020-11-13','3341500325319',1,NULL,'2020-11-13 11:39:05','1349900687880'),(1700,'2020-11-13','3341501197110',1,NULL,'2020-11-13 11:39:05','1349900687880'),(1701,'2020-11-13','3341501655665',1,NULL,'2020-11-13 11:39:05','1349900687880'),(1702,'2020-11-13','3341600242954',1,NULL,'2020-11-13 11:39:05','1349900687880'),(1703,'2020-11-13','1349900687880',1,NULL,'2020-11-13 11:39:05','1349900687880'),(1704,'2021-06-14','3411600206558',1,NULL,'2021-06-14 10:49:11','1349900687880'),(1705,'2021-06-14','1342200025098',1,NULL,'2021-06-14 10:49:11','1349900687880'),(1706,'2021-06-14','3341500795692',1,NULL,'2021-06-14 10:49:11','1349900687880'),(1707,'2021-06-14','3340701151236',1,NULL,'2021-06-14 10:49:11','1349900687880'),(1708,'2021-06-14','3341501467621',1,NULL,'2021-06-14 10:49:11','1349900687880'),(1709,'2021-06-14','3341500325319',1,NULL,'2021-06-14 10:49:11','1349900687880'),(1710,'2021-06-14','3341501197110',1,NULL,'2021-06-14 10:49:11','1349900687880'),(1711,'2021-06-14','3341600242954',1,NULL,'2021-06-14 10:49:11','1349900687880'),(1712,'2021-06-14','1349900687880',1,NULL,'2021-06-14 10:49:11','1349900687880'),(1713,'2022-05-17','3411600206558',1,NULL,'2022-05-17 09:49:24','1349900687880'),(1714,'2022-05-17','1342200025098',1,NULL,'2022-05-17 09:49:24','1349900687880'),(1715,'2022-05-17','33416-00242-9',1,NULL,'2022-05-17 09:49:24','1349900687880'),(1716,'2022-05-17','3341501467621',1,NULL,'2022-05-17 09:49:24','1349900687880'),(1717,'2022-05-17','3341500325319',1,NULL,'2022-05-17 09:49:24','1349900687880'),(1718,'2022-05-17','3341501197110',1,NULL,'2022-05-17 09:49:24','1349900687880'),(1719,'2022-05-17','3341501192584',1,NULL,'2022-05-17 09:49:24','1349900687880'),(1720,'2022-05-17','1329900691879',1,NULL,'2022-05-17 09:49:24','1349900687880'),(1721,'2022-05-17','1349900687880',1,NULL,'2022-05-17 09:49:24','1349900687880'),(1722,'2025-08-01','3349800190416',1,NULL,'2025-08-02 10:45:00','1349900687880'),(1723,'2025-08-01','3341500064043',1,NULL,'2025-08-02 10:45:00','1349900687880'),(1724,'2025-08-01','1342200025098',1,NULL,'2025-08-02 10:45:00','1349900687880'),(1725,'2025-08-01','3341600242954',1,NULL,'2025-08-02 10:45:00','1349900687880'),(1726,'2025-08-01','3341500325319',1,NULL,'2025-08-02 10:45:00','1349900687880'),(1727,'2025-08-01','3341501197110',1,NULL,'2025-08-02 10:45:00','1349900687880'),(1728,'2025-08-01','3320400103585',1,NULL,'2025-08-02 10:45:00','1349900687880'),(1729,'2025-08-01','3341501192584',1,NULL,'2025-08-02 10:45:00','1349900687880'),(1730,'2025-08-01','1340700381631',1,NULL,'2025-08-02 10:45:00','1349900687880'),(1731,'2025-08-01','1100702434059',1,NULL,'2025-08-02 10:45:00','1349900687880'),(1732,'2025-08-01','1342000051923',1,NULL,'2025-08-02 10:45:00','1349900687880'),(1733,'2025-08-01','1349900687880',1,NULL,'2025-08-02 10:45:00','1349900687880');

--
-- Table structure for table `work_permission`
--

CREATE TABLE `work_permission` (
  `id` int(11) NOT NULL AUTO_INCREMENT,
  `person_id` varchar(13) NOT NULL,
  `p1` tinyint(4) NOT NULL,
  `officer` varchar(13) NOT NULL,
  `rec_date` date NOT NULL,
  PRIMARY KEY (`id`)
) ENGINE=MyISAM AUTO_INCREMENT=10 DEFAULT CHARSET=utf8 COLLATE=utf8_general_ci;

--
-- Dumping data for table `work_permission`
--

INSERT INTO `work_permission` VALUES (2,'3341500325319',1,'3341500795692','2015-09-16'),(7,'3349800190416',1,'1349900687880','2025-08-02'),(5,'1349900687880',1,'1349900687880','2018-11-15'),(8,'1340700381631',1,'1349900687880','2025-08-02'),(9,'3341500064043',1,'1349900687880','2025-08-02');


