('2025-08-20',1900,7,0,2568,'C','1349900403458','2025-08-20 09:08:28'),('2025-08-20',1901,7,0,2568,'C','1349900403458','2025-08-20 09:08:28'),('2025-08-20',1902,7,0,2568,'C','1349900403458','2025-08-20 09:08:28'),('2025-08-20',1903,7,0,2568,'C','1349900403458','2025-08-20 09:08:28'),('2025-08-20',1904,7,0,2568,'C','1349900403458','2025-08-20 09:08:28'),('2025-08-20',1905,7,0,2568,'C','1349900403458','2025-08-20 09:08:28'),('2025-08-20',1907,7,0,2568,'C','1349900403458','2025-08-20 09:08:28'),('2025-08-20',1931,7,0,2568,'C','1349900403458','2025-08-20 09:08:28'),('2025-08-20',1941,7,0,2568,'C','1349900403458','2025-08-20 09:08:28'),('2025-08-20',1961,7,0,2568,'C','1349900403458','2025-08-20 09:08:28'),('2025-08-21',1898,7,0,2568,'C','1349900403458','2025-08-21 08:08:21'),('2025-08-21',1899,7,0,2568,'C','1349900403458','2025-08-21 08:08:21'),('2025-08-21',1900,7,0,2568,'C','1349900403458','2025-08-21 08:08:21'),('2025-08-21',1901,7,0,2568,'C','1349900403458','2025-08-21 08:08:21'),('2025-08-21',1902,7,0,2568,'C','1349900403458','2025-08-21 08:08:21'),('2025-08-21',1903,7,0,2568,'C','1349900403458','2025-08-21 08:08:21'),('2025-08-21',1904,7,0,2568,'C','1349900403458','2025-08-21 08:08:21'),('2025-08-21',1905,7,0,2568,'C','1349900403458','2025-08-21 08:08:21'),('2025-08-21',1907,7,0,2568,'C','1349900403458','2025-08-21 08:08:21'),('2025-08-21',1931,7,0,2568,'C','1349900403458','2025-08-21 08:08:21'),('2025-08-21',1941,7,0,2568,'W','1349900403458','2025-08-21 08:08:21'),('2025-08-21',1961,7,0,2568,'C','1349900403458','2025-08-21 08:08:21'),('2025-08-22',1898,7,0,2568,'C','1349900403458','2025-08-22 09:08:44'),('2025-08-22',1899,7,0,2568,'C','1349900403458','2025-08-22 09:08:44'),('2025-08-22',1900,7,0,2568,'C','1349900403458','2025-08-22 09:08:44'),('2025-08-22',1901,7,0,2568,'C','1349900403458','2025-08-22 09:08:44'),('2025-08-22',1902,7,0,2568,'L','1349900403458','2025-08-22 09:08:44'),('2025-08-22',1903,7,0,2568,'C','1349900403458','2025-08-22 09:08:44'),('2025-08-22',1904,7,0,2568,'C','1349900403458','2025-08-22 09:08:44'),('2025-08-22',1905,7,0,2568,'C','1349900403458','2025-08-22 09:08:44'),('2025-08-22',1907,7,0,2568,'C','1349900403458','2025-08-22 09:08:44'),('2025-08-22',1931,7,0,2568,'C','1349900403458','2025-08-22 09:08:44'),('2025-08-22',1941,7,0,2568,'C','1349900403458','2025-08-22 09:08:44'),('2025-08-22',1961,7,0,2568,'C','1349900403458','2025-08-22 09:08:44'),('2025-08-25',1898,7,0,2568,'C','1349900403458','2025-08-25 08:08:40'),('2025-08-25',1899,7,0,2568,'C','1349900403458','2025-08-25 08:08:40'),('2025-08-25',1900,7,0,2568,'C','1349900403458','2025-08-25 08:08:40'),('2025-08-25',1901,7,0,2568,'C','1349900403458','2025-08-25 08:08:40'),('2025-08-25',1902,7,0,2568,'C','1349900403458','2025-08-25 08:08:40'),('2025-08-25',1903,7,0,2568,'C','1349900403458','2025-08-25 08:08:40'),('2025-08-25',1904,7,0,2568,'C','1349900403458','2025-08-25 08:08:40'),('2025-08-25',1905,7,0,2568,'C','1349900403458','2025-08-25 08:08:40'),('2025-08-25',1907,7,0,2568,'C','1349900403458','2025-08-25 08:08:40'),('2025-08-25',1931,7,0,2568,'C','1349900403458','2025-08-25 08:08:40'),('2025-08-25',1941,7,0,2568,'C','1349900403458','2025-08-25 08:08:40'),('2025-08-25',1961,7,0,2568,'L','1349900403458','2025-08-25 08:08:40'),('2025-08-26',1898,7,0,2568,'C','1349900403458','2025-08-26 09:08:07'),('2025-08-26',1899,7,0,2568,'C','1349900403458','2025-08-26 09:08:07'),('2025-08-26',1900,7,0,2568,'C','1349900403458','2025-08-26 09:08:07'),('2025-08-26',1901,7,0,2568,'C','1349900403458','2025-08-26 09:08:07'),('2025-08-26',1902,7,0,2568,'C','1349900403458','2025-08-26 09:08:07'),('2025-08-26',1903,7,0,2568,'C','1349900403458','2025-08-26 09:08:07'),('2025-08-26',1904,7,0,2568,'C','1349900403458','2025-08-26 09:08:07'),('2025-08-26',1905,7,0,2568,'C','1349900403458','2025-08-26 09:08:07'),('2025-08-26',1907,7,0,2568,'C','1349900403458','2025-08-26 09:08:07'),('2025-08-26',1931,7,0,2568,'C','1349900403458','2025-08-26 09:08:07'),('2025-08-26',1941,7,0,2568,'C','1349900403458','2025-08-26 09:08:07'),('2025-08-26',1961,7,0,2568,'C','1349900403458','2025-08-26 09:08:07'),('2025-08-27',1898,7,0,2568,'W','1349900403458','2025-08-27 09:08:57'),('2025-08-27',1899,7,0,2568,'C','1349900403458','2025-08-27 09:08:57'),('2025-08-27',1900,7,0,2568,'C','1349900403458','2025-08-27 09:08:57'),('2025-08-27',1901,7,0,2568,'L','1349900403458','2025-08-27 09:08:57'),('2025-08-27',1902,7,0,2568,'C','1349900403458','2025-08-27 09:08:57'),('2025-08-27',1903,7,0,2568,'C','1349900403458','2025-08-27 09:08:57'),('2025-08-27',1904,7,0,2568,'C','1349900403458','2025-08-27 09:08:57'),('2025-08-27',1905,7,0,2568,'W','1349900403458','2025-08-27 09:08:57'),('2025-08-27',1907,7,0,2568,'C','1349900403458','2025-08-27 09:08:57'),('2025-08-27',1931,7,0,2568,'C','1349900403458','2025-08-27 09:08:57'),('2025-08-27',1941,7,0,2568,'C','1349900403458','2025-08-27 09:08:57'),('2025-08-27',1961,7,0,2568,'C','1349900403458','2025-08-27 09:08:57'),('2025-08-28',1898,7,0,2568,'C','1349900403458','2025-08-28 10:08:39'),('2025-08-28',1899,7,0,2568,'C','1349900403458','2025-08-28 10:08:39'),('2025-08-28',1900,7,0,2568,'C','1349900403458','2025-08-28 10:08:39'),('2025-08-28',1901,7,0,2568,'C','1349900403458','2025-08-28 10:08:39'),('2025-08-28',1902,7,0,2568,'C','1349900403458','2025-08-28 10:08:39'),('2025-08-28',1903,7,0,2568,'C','1349900403458','2025-08-28 10:08:39'),('2025-08-28',1904,7,0,2568,'C','1349900403458','2025-08-28 10:08:39'),('2025-08-28',1905,7,0,2568,'C','1349900403458','2025-08-28 10:08:39'),('2025-08-28',1907,7,0,2568,'C','1349900403458','2025-08-28 10:08:39'),('2025-08-28',1931,7,0,2568,'C','1349900403458','2025-08-28 10:08:39'),('2025-08-28',1941,7,0,2568,'C','1349900403458','2025-08-28 10:08:39'),('2025-08-28',1961,7,0,2568,'W','1349900403458','2025-08-28 10:08:39'),('2025-08-29',1898,7,0,2568,'C','1349900403458','2025-08-29 10:08:09'),('2025-08-29',1899,7,0,2568,'W','1349900403458','2025-08-29 10:08:09'),('2025-08-29',1900,7,0,2568,'C','1349900403458','2025-08-29 10:08:09'),('2025-08-29',1901,7,0,2568,'C','1349900403458','2025-08-29 10:08:09'),('2025-08-29',1902,7,0,2568,'C','1349900403458','2025-08-29 10:08:09'),('2025-08-29',1903,7,0,2568,'C','1349900403458','2025-08-29 10:08:09'),('2025-08-29',1904,7,0,2568,'C','1349900403458','2025-08-29 10:08:09'),('2025-08-29',1905,7,0,2568,'C','1349900403458','2025-08-29 10:08:09'),('2025-08-29',1907,7,0,2568,'C','1349900403458','2025-08-29 10:08:09'),('2025-08-29',1931,7,0,2568,'C','1349900403458','2025-08-29 10:08:09'),('2025-08-29',1941,7,0,2568,'C','1349900403458','2025-08-29 10:08:09'),('2025-08-29',1961,7,0,2568,'W','1349900403458','2025-08-29 10:08:09'),('2025-09-01',1898,7,0,2568,'C','1349900403458','2025-09-01 09:09:28'),('2025-09-01',1899,7,0,2568,'C','1349900403458','2025-09-01 09:09:28'),('2025-09-01',1900,7,0,2568,'C','1349900403458','2025-09-01 09:09:28'),('2025-09-01',1901,7,0,2568,'C','1349900403458','2025-09-01 09:09:28'),('2025-09-01',1902,7,0,2568,'C','1349900403458','2025-09-01 09:09:28'),('2025-09-01',1903,7,0,2568,'C','1349900403458','2025-09-01 09:09:28'),('2025-09-01',1904,7,0,2568,'C','1349900403458','2025-09-01 09:09:28'),('2025-09-01',1905,7,0,2568,'C','1349900403458','2025-09-01 09:09:28'),('2025-09-01',1907,7,0,2568,'C','1349900403458','2025-09-01 09:09:28'),('2025-09-01',1931,7,0,2568,'C','1349900403458','2025-09-01 09:09:28'),('2025-09-01',1941,7,0,2568,'C','1349900403458','2025-09-01 09:09:28'),('2025-09-01',1961,7,0,2568,'C','1349900403458','2025-09-01 09:09:28'),('2025-09-03',1898,7,0,2568,'C','1349900403458','2025-09-03 04:09:51'),('2025-09-03',1899,7,0,2568,'C','1349900403458','2025-09-03 04:09:51'),('2025-09-03',1900,7,0,2568,'C','1349900403458','2025-09-03 04:09:51'),('2025-09-03',1901,7,0,2568,'C','1349900403458','2025-09-03 04:09:51'),('2025-09-03',1902,7,0,2568,'C','1349900403458','2025-09-03 04:09:51'),('2025-09-03',1903,7,0,2568,'C','1349900403458','2025-09-03 04:09:51'),('2025-09-03',1904,7,0,2568,'C','1349900403458','2025-09-03 04:09:51'),('2025-09-03',1905,7,0,2568,'C','1349900403458','2025-09-03 04:09:51'),('2025-09-03',1907,7,0,2568,'C','1349900403458','2025-09-03 04:09:51'),('2025-09-03',1931,7,0,2568,'C','1349900403458','2025-09-03 04:09:51'),('2025-09-03',1941,7,0,2568,'C','1349900403458','2025-09-03 04:09:51'),('2025-09-03',1961,7,0,2568,'C','1349900403458','2025-09-03 04:09:51'),('2025-09-04',1898,7,0,2568,'C','1349900403458','2025-09-04 09:09:12'),('2025-09-04',1899,7,0,2568,'C','1349900403458','2025-09-04 09:09:12'),('2025-09-04',1900,7,0,2568,'C','1349900403458','2025-09-04 09:09:12'),('2025-09-04',1901,7,0,2568,'C','1349900403458','2025-09-04 09:09:12'),('2025-09-04',1902,7,0,2568,'C','1349900403458','2025-09-04 09:09:12'),('2025-09-04',1903,7,0,2568,'C','1349900403458','2025-09-04 09:09:12'),('2025-09-04',1904,7,0,2568,'C','1349900403458','2025-09-04 09:09:12'),('2025-09-04',1905,7,0,2568,'C','1349900403458','2025-09-04 09:09:12'),('2025-09-04',1907,7,0,2568,'C','1349900403458','2025-09-04 09:09:12'),('2025-09-04',1931,7,0,2568,'C','1349900403458','2025-09-04 09:09:12'),('2025-09-04',1941,7,0,2568,'C','1349900403458','2025-09-04 09:09:12'),('2025-09-04',1961,7,0,2568,'C','1349900403458','2025-09-04 09:09:12'),('2025-09-05',1898,7,0,2568,'C','1349900403458','2025-09-05 09:09:22'),('2025-09-05',1899,7,0,2568,'C','1349900403458','2025-09-05 09:09:22'),('2025-09-05',1900,7,0,2568,'C','1349900403458','2025-09-05 09:09:22'),('2025-09-05',1901,7,0,2568,'C','1349900403458','2025-09-05 09:09:22'),('2025-09-05',1902,7,0,2568,'C','1349900403458','2025-09-05 09:09:22'),('2025-09-05',1903,7,0,2568,'C','1349900403458','2025-09-05 09:09:22'),('2025-09-05',1904,7,0,2568,'C','1349900403458','2025-09-05 09:09:22'),('2025-09-05',1905,7,0,2568,'C','1349900403458','2025-09-05 09:09:22'),('2025-09-05',1907,7,0,2568,'C','1349900403458','2025-09-05 09:09:22'),('2025-09-05',1931,7,0,2568,'C','1349900403458','2025-09-05 09:09:22'),('2025-09-05',1941,7,0,2568,'C','1349900403458','2025-09-05 09:09:22'),('2025-09-05',1961,7,0,2568,'C','1349900403458','2025-09-05 09:09:22'),('2025-09-08',1898,7,0,2568,'C','1349900403458','2025-09-08 09:09:02'),('2025-09-08',1899,7,0,2568,'C','1349900403458','2025-09-08 09:09:02'),('2025-09-08',1900,7,0,2568,'C','1349900403458','2025-09-08 09:09:02'),('2025-09-08',1901,7,0,2568,'C','1349900403458','2025-09-08 09:09:02'),('2025-09-08',1902,7,0,2568,'C','1349900403458','2025-09-08 09:09:02'),('2025-09-08',1903,7,0,2568,'C','1349900403458','2025-09-08 09:09:02'),('2025-09-08',1904,7,0,2568,'C','1349900403458','2025-09-08 09:09:02'),('2025-09-08',1905,7,0,2568,'C','1349900403458','2025-09-08 09:09:02'),('2025-09-08',1907,7,0,2568,'C','1349900403458','2025-09-08 09:09:02'),('2025-09-08',1931,7,0,2568,'C','1349900403458','2025-09-08 09:09:02'),('2025-09-08',1941,7,0,2568,'C','1349900403458','2025-09-08 09:09:02'),('2025-09-08',1961,7,0,2568,'C','1349900403458','2025-09-08 09:09:02'),('2025-09-10',1898,7,0,2568,'C','1349900403458','2025-09-10 09:09:19'),('2025-09-10',1899,7,0,2568,'C','1349900403458','2025-09-10 09:09:19'),('2025-09-10',1900,7,0,2568,'C','1349900403458','2025-09-10 09:09:19'),('2025-09-10',1901,7,0,2568,'C','1349900403458','2025-09-10 09:09:19'),('2025-09-10',1902,7,0,2568,'C','1349900403458','2025-09-10 09:09:19'),('2025-09-10',1903,7,0,2568,'C','1349900403458','2025-09-10 09:09:19'),('2025-09-10',1904,7,0,2568,'C','1349900403458','2025-09-10 09:09:19'),('2025-09-10',1905,7,0,2568,'C','1349900403458','2025-09-10 09:09:19'),('2025-09-10',1907,7,0,2568,'C','1349900403458','2025-09-10 09:09:19'),('2025-09-10',1931,7,0,2568,'C','1349900403458','2025-09-10 09:09:19'),('2025-09-10',1941,7,0,2568,'C','1349900403458','2025-09-10 09:09:19'),('2025-09-10',1961,7,0,2568,'C','1349900403458','2025-09-10 09:09:19'),('2025-09-11',1898,7,0,2568,'S','1349900403458','2025-09-11 08:09:56'),('2025-09-11',1899,7,0,2568,'L','1349900403458','2025-09-11 08:09:56'),('2025-09-11',1900,7,0,2568,'C','1349900403458','2025-09-11 08:09:56'),('2025-09-11',1901,7,0,2568,'C','1349900403458','2025-09-11 08:09:56'),('2025-09-11',1902,7,0,2568,'L','1349900403458','2025-09-11 08:09:56'),('2025-09-11',1903,7,0,2568,'C','1349900403458','2025-09-11 08:09:56'),('2025-09-11',1904,7,0,2568,'C','1349900403458','2025-09-11 08:09:56'),('2025-09-11',1905,7,0,2568,'C','1349900403458','2025-09-11 08:09:56'),('2025-09-11',1907,7,0,2568,'C','1349900403458','2025-09-11 08:09:56'),('2025-09-11',1931,7,0,2568,'C','1349900403458','2025-09-11 08:09:56'),('2025-09-11',1941,7,0,2568,'C','1349900403458','2025-09-11 08:09:56'),('2025-09-11',1961,7,0,2568,'S','1349900403458','2025-09-11 08:09:56'),('2025-08-09',1898,7,0,2568,'C','1349900403458','2025-09-11 09:09:58'),('2025-08-09',1899,7,0,2568,'C','1349900403458','2025-09-11 09:09:58'),('2025-08-09',1900,7,0,2568,'C','1349900403458','2025-09-11 09:09:58'),('2025-08-09',1901,7,0,2568,'C','1349900403458','2025-09-11 09:09:58'),('2025-08-09',1902,7,0,2568,'C','1349900403458','2025-09-11 09:09:58'),('2025-08-09',1903,7,0,2568,'C','1349900403458','2025-09-11 09:09:58'),('2025-08-09',1904,7,0,2568,'C','1349900403458','2025-09-11 09:09:58'),('2025-08-09',1905,7,0,2568,'C','1349900403458','2025-09-11 09:09:58'),('2025-08-09',1907,7,0,2568,'C','1349900403458','2025-09-11 09:09:58'),('2025-08-09',1931,7,0,2568,'C','1349900403458','2025-09-11 09:09:58'),('2025-08-09',1941,7,0,2568,'C','1349900403458','2025-09-11 09:09:58'),('2025-08-09',1961,7,0,2568,'C','1349900403458','2025-09-11 09:09:58'),('2025-08-15',1898,7,0,2568,'C','1349900403458','2025-09-11 09:09:47'),('2025-08-15',1899,7,0,2568,'C','1349900403458','2025-09-11 09:09:47'),('2025-08-15',1900,7,0,2568,'C','1349900403458','2025-09-11 09:09:47'),('2025-08-15',1901,7,0,2568,'C','1349900403458','2025-09-11 09:09:47'),('2025-08-15',1902,7,0,2568,'C','1349900403458','2025-09-11 09:09:47'),('2025-08-15',1903,7,0,2568,'C','1349900403458','2025-09-11 09:09:47'),('2025-08-15',1904,7,0,2568,'C','1349900403458','2025-09-11 09:09:47'),('2025-08-15',1905,7,0,2568,'C','1349900403458','2025-09-11 09:09:47'),('2025-08-15',1907,7,0,2568,'C','1349900403458','2025-09-11 09:09:47'),('2025-08-15',1931,7,0,2568,'C','1349900403458','2025-09-11 09:09:47'),('2025-08-15',1941,7,0,2568,'C','1349900403458','2025-09-11 09:09:47'),('2025-08-15',1961,7,0,2568,'C','1349900403458','2025-09-11 09:09:47'),('2025-09-02',1898,7,0,2568,'C','1349900403458','2025-09-11 09:09:21'),('2025-09-02',1899,7,0,2568,'C','1349900403458','2025-09-11 09:09:21'),('2025-09-02',1900,7,0,2568,'C','1349900403458','2025-09-11 09:09:21'),('2025-09-02',1901,7,0,2568,'C','1349900403458','2025-09-11 09:09:21'),('2025-09-02',1902,7,0,2568,'C','1349900403458','2025-09-11 09:09:21'),('2025-09-02',1903,7,0,2568,'C','1349900403458','2025-09-11 09:09:21'),('2025-09-02',1904,7,0,2568,'C','1349900403458','2025-09-11 09:09:21'),('2025-09-02',1905,7,0,2568,'C','1349900403458','2025-09-11 09:09:21'),('2025-09-02',1907,7,0,2568,'C','1349900403458','2025-09-11 09:09:21'),('2025-09-02',1931,7,0,2568,'C','1349900403458','2025-09-11 09:09:21'),('2025-09-02',1941,7,0,2568,'C','1349900403458','2025-09-11 09:09:21'),('2025-09-02',1961,7,0,2568,'C','1349900403458','2025-09-11 09:09:21'),('2025-07-30',1898,7,0,2568,'C','1349900403458','2025-09-11 09:09:19'),('2025-07-30',1899,7,0,2568,'C','1349900403458','2025-09-11 09:09:19'),('2025-07-30',1900,7,0,2568,'C','1349900403458','2025-09-11 09:09:19'),('2025-07-30',1901,7,0,2568,'C','1349900403458','2025-09-11 09:09:19'),('2025-07-30',1902,7,0,2568,'C','1349900403458','2025-09-11 09:09:19'),('2025-07-30',1903,7,0,2568,'C','1349900403458','2025-09-11 09:09:19'),('2025-07-30',1904,7,0,2568,'C','1349900403458','2025-09-11 09:09:19'),('2025-07-30',1905,7,0,2568,'C','1349900403458','2025-09-11 09:09:19'),('2025-07-30',1907,7,0,2568,'C','1349900403458','2025-09-11 09:09:19'),('2025-07-30',1931,7,0,2568,'C','1349900403458','2025-09-11 09:09:19'),('2025-07-30',1941,7,0,2568,'C','1349900403458','2025-09-11 09:09:19'),('2025-07-30',1961,7,0,2568,'C','1349900403458','2025-09-11 09:09:19'),('2025-07-17',1898,7,0,2568,'C','1349900403458','2025-09-11 09:09:10'),('2025-07-17',1899,7,0,2568,'C','1349900403458','2025-09-11 09:09:10'),('2025-07-17',1900,7,0,2568,'C','1349900403458','2025-09-11 09:09:10'),('2025-07-17',1901,7,0,2568,'C','1349900403458','2025-09-11 09:09:10'),('2025-07-17',1902,7,0,2568,'C','1349900403458','2025-09-11 09:09:10'),('2025-07-17',1903,7,0,2568,'C','1349900403458','2025-09-11 09:09:10'),('2025-07-17',1904,7,0,2568,'C','1349900403458','2025-09-11 09:09:10'),('2025-07-17',1905,7,0,2568,'C','1349900403458','2025-09-11 09:09:10'),('2025-07-17',1907,7,0,2568,'C','1349900403458','2025-09-11 09:09:10'),('2025-07-17',1931,7,0,2568,'C','1349900403458','2025-09-11 09:09:10'),('2025-07-17',1941,7,0,2568,'C','1349900403458','2025-09-11 09:09:10'),('2025-07-17',1961,7,0,2568,'C','1349900403458','2025-09-11 09:09:10'),('2025-07-24',1898,7,0,2568,'C','1349900403458','2025-09-11 09:09:46'),('2025-07-24',1899,7,0,2568,'C','1349900403458','2025-09-11 09:09:46'),('2025-07-24',1900,7,0,2568,'C','1349900403458','2025-09-11 09:09:46'),('2025-07-24',1901,7,0,2568,'C','1349900403458','2025-09-11 09:09:46'),('2025-07-24',1902,7,0,2568,'C','1349900403458','2025-09-11 09:09:46'),('2025-07-24',1903,7,0,2568,'C','1349900403458','2025-09-11 09:09:46'),('2025-07-24',1904,7,0,2568,'C','1349900403458','2025-09-11 09:09:46'),('2025-07-24',1905,7,0,2568,'C','1349900403458','2025-09-11 09:09:46'),('2025-07-24',1907,7,0,2568,'C','1349900403458','2025-09-11 09:09:46'),('2025-07-24',1931,7,0,2568,'C','1349900403458','2025-09-11 09:09:46'),('2025-07-24',1941,7,0,2568,'C','1349900403458','2025-09-11 09:09:46'),('2025-07-24',1961,7,0,2568,'C','1349900403458','2025-09-11 09:09:46'),('2025-09-12',1898,7,0,2568,'S','1349900403458','2025-09-12 09:09:29'),('2025-09-12',1899,7,0,2568,'C','1349900403458','2025-09-12 09:09:29'),('2025-09-12',1900,7,0,2568,'C','1349900403458','2025-09-12 09:09:29'),('2025-09-12',1901,7,0,2568,'C','1349900403458','2025-09-12 09:09:29'),('2025-09-12',1902,7,0,2568,'C','1349900403458','2025-09-12 09:09:29'),('2025-09-12',1903,7,0,2568,'C','1349900403458','2025-09-12 09:09:29'),('2025-09-12',1904,7,0,2568,'C','1349900403458','2025-09-12 09:09:29'),('2025-09-12',1905,7,0,2568,'C','1349900403458','2025-09-12 09:09:29'),('2025-09-12',1907,7,0,2568,'C','1349900403458','2025-09-12 09:09:29'),('2025-09-12',1931,7,0,2568,'C','1349900403458','2025-09-12 09:09:29'),('2025-09-12',1941,7,0,2568,'C','1349900403458','2025-09-12 09:09:29'),('2025-09-12',1961,7,0,2568,'S','1349900403458','2025-09-12 09:09:29'),('2025-09-13',1898,7,0,2568,'C','1349900403458','2025-09-13 09:09:44'),('2025-09-13',1899,7,0,2568,'C','1349900403458','2025-09-13 09:09:44'),('2025-09-13',1900,7,0,2568,'C','1349900403458','2025-09-13 09:09:44'),('2025-09-13',1901,7,0,2568,'C','1349900403458','2025-09-13 09:09:44'),('2025-09-13',1902,7,0,2568,'C','1349900403458','2025-09-13 09:09:44'),('2025-09-13',1903,7,0,2568,'C','1349900403458','2025-09-13 09:09:44'),('2025-09-13',1904,7,0,2568,'C','1349900403458','2025-09-13 09:09:44'),('2025-09-13',1905,7,0,2568,'C','1349900403458','2025-09-13 09:09:44'),('2025-09-13',1907,7,0,2568,'C','1349900403458','2025-09-13 09:09:44'),('2025-09-13',1931,7,0,2568,'C','1349900403458','2025-09-13 09:09:44'),('2025-09-13',1941,7,0,2568,'C','1349900403458','2025-09-13 09:09:44'),('2025-09-13',1961,7,0,2568,'C','1349900403458','2025-09-13 09:09:44'),('2025-09-15',1898,7,0,2568,'C','1349900403458','2025-09-15 08:09:20'),('2025-09-15',1899,7,0,2568,'C','1349900403458','2025-09-15 08:09:20'),('2025-09-15',1900,7,0,2568,'C','1349900403458','2025-09-15 08:09:20'),('2025-09-15',1901,7,0,2568,'C','1349900403458','2025-09-15 08:09:20'),('2025-09-15',1902,7,0,2568,'C','1349900403458','2025-09-15 08:09:20'),('2025-09-15',1903,7,0,2568,'C','1349900403458','2025-09-15 08:09:20'),('2025-09-15',1904,7,0,2568,'C','1349900403458','2025-09-15 08:09:20'),('2025-09-15',1905,7,0,2568,'C','1349900403458','2025-09-15 08:09:20'),('2025-09-15',1907,7,0,2568,'C','1349900403458','2025-09-15 08:09:20'),('2025-09-15',1931,7,0,2568,'C','1349900403458','2025-09-15 08:09:20'),('2025-09-15',1941,7,0,2568,'C','1349900403458','2025-09-15 08:09:20'),('2025-09-15',1961,7,0,2568,'C','1349900403458','2025-09-15 08:09:20'),('2025-09-16',1898,7,0,2568,'C','1349900403458','2025-09-16 09:09:21'),('2025-09-16',1899,7,0,2568,'C','1349900403458','2025-09-16 09:09:21'),('2025-09-16',1900,7,0,2568,'C','1349900403458','2025-09-16 09:09:21'),('2025-09-16',1901,7,0,2568,'C','1349900403458','2025-09-16 09:09:21'),('2025-09-16',1902,7,0,2568,'C','1349900403458','2025-09-16 09:09:21'),('2025-09-16',1903,7,0,2568,'C','1349900403458','2025-09-16 09:09:21'),('2025-09-16',1904,7,0,2568,'C','1349900403458','2025-09-16 09:09:21'),('2025-09-16',1905,7,0,2568,'C','1349900403458','2025-09-16 09:09:21'),('2025-09-16',1907,7,0,2568,'C','1349900403458','2025-09-16 09:09:21'),('2025-09-16',1931,7,0,2568,'C','1349900403458','2025-09-16 09:09:21'),('2025-09-16',1941,7,0,2568,'C','1349900403458','2025-09-16 09:09:21'),('2025-09-16',1961,7,0,2568,'C','1349900403458','2025-09-16 09:09:21'),('2025-09-17',1898,7,0,2568,'C','1349900403458','2025-09-17 09:09:48'),('2025-09-17',1899,7,0,2568,'C','1349900403458','2025-09-17 09:09:48'),('2025-09-17',1900,7,0,2568,'C','1349900403458','2025-09-17 09:09:48'),('2025-09-17',1901,7,0,2568,'C','1349900403458','2025-09-17 09:09:48'),('2025-09-17',1902,7,0,2568,'C','1349900403458','2025-09-17 09:09:48'),('2025-09-17',1903,7,0,2568,'C','1349900403458','2025-09-17 09:09:48'),('2025-09-17',1904,7,0,2568,'C','1349900403458','2025-09-17 09:09:48'),('2025-09-17',1905,7,0,2568,'C','1349900403458','2025-09-17 09:09:48'),('2025-09-17',1907,7,0,2568,'C','1349900403458','2025-09-17 09:09:48'),('2025-09-17',1931,7,0,2568,'C','1349900403458','2025-09-17 09:09:48'),('2025-09-17',1941,7,0,2568,'C','1349900403458','2025-09-17 09:09:48'),('2025-09-17',1961,7,0,2568,'C','1349900403458','2025-09-17 09:09:48'),('2025-09-18',1898,7,0,2568,'C','1349900403458','2025-09-18 09:09:06'),('2025-09-18',1899,7,0,2568,'C','1349900403458','2025-09-18 09:09:06'),('2025-09-18',1900,7,0,2568,'C','1349900403458','2025-09-18 09:09:06'),('2025-09-18',1901,7,0,2568,'C','1349900403458','2025-09-18 09:09:06'),('2025-09-18',1902,7,0,2568,'C','1349900403458','2025-09-18 09:09:06'),('2025-09-18',1903,7,0,2568,'C','1349900403458','2025-09-18 09:09:06'),('2025-09-18',1904,7,0,2568,'C','1349900403458','2025-09-18 09:09:06'),('2025-09-18',1905,7,0,2568,'C','1349900403458','2025-09-18 09:09:06'),('2025-09-18',1907,7,0,2568,'C','1349900403458','2025-09-18 09:09:06'),('2025-09-18',1931,7,0,2568,'C','1349900403458','2025-09-18 09:09:06'),('2025-09-18',1941,7,0,2568,'C','1349900403458','2025-09-18 09:09:06'),('2025-09-18',1961,7,0,2568,'C','1349900403458','2025-09-18 09:09:06'),('2025-09-22',1898,7,0,2568,'C','1349900403458','2025-09-22 09:09:58'),('2025-09-22',1899,7,0,2568,'C','1349900403458','2025-09-22 09:09:58'),('2025-09-22',1900,7,0,2568,'C','1349900403458','2025-09-22 09:09:58'),('2025-09-22',1901,7,0,2568,'C','1349900403458','2025-09-22 09:09:58'),('2025-09-22',1902,7,0,2568,'C','1349900403458','2025-09-22 09:09:58'),('2025-09-22',1903,7,0,2568,'C','1349900403458','2025-09-22 09:09:58'),('2025-09-22',1904,7,0,2568,'C','1349900403458','2025-09-22 09:09:58'),('2025-09-22',1905,7,0,2568,'C','1349900403458','2025-09-22 09:09:58'),('2025-09-22',1907,7,0,2568,'C','1349900403458','2025-09-22 09:09:58'),('2025-09-22',1931,7,0,2568,'C','1349900403458','2025-09-22 09:09:58'),('2025-09-22',1941,7,0,2568,'C','1349900403458','2025-09-22 09:09:58'),('2025-09-22',1961,7,0,2568,'C','1349900403458','2025-09-22 09:09:58'),('2025-09-23',1898,7,0,2568,'C','1349900403458','2025-09-23 08:09:13'),('2025-09-23',1899,7,0,2568,'C','1349900403458','2025-09-23 08:09:13'),('2025-09-23',1900,7,0,2568,'C','1349900403458','2025-09-23 08:09:13'),('2025-09-23',1901,7,0,2568,'C','1349900403458','2025-09-23 08:09:13'),('2025-09-23',1902,7,0,2568,'C','1349900403458','2025-09-23 08:09:13'),('2025-09-23',1903,7,0,2568,'C','1349900403458','2025-09-23 08:09:13'),('2025-09-23',1904,7,0,2568,'C','1349900403458','2025-09-23 08:09:13'),('2025-09-23',1905,7,0,2568,'C','1349900403458','2025-09-23 08:09:13'),('2025-09-23',1907,7,0,2568,'C','1349900403458','2025-09-23 08:09:13'),('2025-09-23',1931,7,0,2568,'C','1349900403458','2025-09-23 08:09:13'),('2025-09-23',1941,7,0,2568,'C','1349900403458','2025-09-23 08:09:13'),('2025-09-23',1961,7,0,2568,'C','1349900403458','2025-09-23 08:09:13'),('2025-09-24',1898,7,0,2568,'C','1349900403458','2025-09-24 09:09:08'),('2025-09-24',1899,7,0,2568,'C','1349900403458','2025-09-24 09:09:08'),('2025-09-24',1900,7,0,2568,'C','1349900403458','2025-09-24 09:09:08'),('2025-09-24',1901,7,0,2568,'C','1349900403458','2025-09-24 09:09:08'),('2025-09-24',1902,7,0,2568,'C','1349900403458','2025-09-24 09:09:08'),('2025-09-24',1903,7,0,2568,'C','1349900403458','2025-09-24 09:09:08'),('2025-09-24',1904,7,0,2568,'C','1349900403458','2025-09-24 09:09:08'),('2025-09-24',1905,7,0,2568,'C','1349900403458','2025-09-24 09:09:08'),('2025-09-24',1907,7,0,2568,'C','1349900403458','2025-09-24 09:09:08'),('2025-09-24',1931,7,0,2568,'C','1349900403458','2025-09-24 09:09:08'),('2025-09-24',1941,7,0,2568,'C','1349900403458','2025-09-24 09:09:08'),('2025-09-24',1961,7,0,2568,'C','1349900403458','2025-09-24 09:09:08'),('2025-09-25',1898,7,0,2568,'C','1349900403458','2025-09-25 01:09:26'),('2025-09-25',1899,7,0,2568,'C','1349900403458','2025-09-25 01:09:26'),('2025-09-25',1900,7,0,2568,'C','1349900403458','2025-09-25 01:09:26'),('2025-09-25',1901,7,0,2568,'C','1349900403458','2025-09-25 01:09:26'),('2025-09-25',1902,7,0,2568,'C','1349900403458','2025-09-25 01:09:26'),('2025-09-25',1903,7,0,2568,'C','1349900403458','2025-09-25 01:09:26'),('2025-09-25',1904,7,0,2568,'C','1349900403458','2025-09-25 01:09:26'),('2025-09-25',1905,7,0,2568,'C','1349900403458','2025-09-25 01:09:26'),('2025-09-25',1907,7,0,2568,'C','1349900403458','2025-09-25 01:09:26'),('2025-09-25',1931,7,0,2568,'C','1349900403458','2025-09-25 01:09:26'),('2025-09-25',1941,7,0,2568,'C','1349900403458','2025-09-25 01:09:26'),('2025-09-25',1961,7,0,2568,'C','1349900403458','2025-09-25 01:09:26'),('2025-09-29',1898,7,0,2568,'C','1349900403458','2025-09-29 09:09:23'),('2025-09-29',1899,7,0,2568,'C','1349900403458','2025-09-29 09:09:23'),('2025-09-29',1900,7,0,2568,'C','1349900403458','2025-09-29 09:09:23'),('2025-09-29',1901,7,0,2568,'C','1349900403458','2025-09-29 09:09:23'),('2025-09-29',1902,7,0,2568,'C','1349900403458','2025-09-29 09:09:23'),('2025-09-29',1903,7,0,2568,'C','1349900403458','2025-09-29 09:09:23'),('2025-09-29',1904,7,0,2568,'C','1349900403458','2025-09-29 09:09:23'),('2025-09-29',1905,7,0,2568,'C','1349900403458','2025-09-29 09:09:23'),('2025-09-29',1907,7,0,2568,'C','1349900403458','2025-09-29 09:09:23'),('2025-09-29',1931,7,0,2568,'C','1349900403458','2025-09-29 09:09:23'),('2025-09-29',1941,7,0,2568,'C','1349900403458','2025-09-29 09:09:23'),('2025-09-29',1961,7,0,2568,'C','1349900403458','2025-09-29 09:09:23'),('2025-10-01',1898,7,0,2568,'C','1349900403458','2025-10-01 10:10:30'),('2025-10-01',1899,7,0,2568,'C','1349900403458','2025-10-01 10:10:30'),('2025-10-01',1900,7,0,2568,'C','1349900403458','2025-10-01 10:10:30'),('2025-10-01',1901,7,0,2568,'C','1349900403458','2025-10-01 10:10:30'),('2025-10-01',1902,7,0,2568,'C','1349900403458','2025-10-01 10:10:30'),('2025-10-01',1903,7,0,2568,'C','1349900403458','2025-10-01 10:10:30'),('2025-10-01',1904,7,0,2568,'C','1349900403458','2025-10-01 10:10:30'),('2025-10-01',1905,7,0,2568,'C','1349900403458','2025-10-01 10:10:30'),('2025-10-01',1907,7,0,2568,'C','1349900403458','2025-10-01 10:10:30'),('2025-10-01',1931,7,0,2568,'C','1349900403458','2025-10-01 10:10:30'),('2025-10-01',1941,7,0,2568,'C','1349900403458','2025-10-01 10:10:30'),('2025-10-01',1961,7,0,2568,'C','1349900403458','2025-10-01 10:10:30'),('2025-10-02',1898,7,0,2568,'C','1349900403458','2025-10-02 08:10:40'),('2025-10-02',1899,7,0,2568,'C','1349900403458','2025-10-02 08:10:40'),('2025-10-02',1900,7,0,2568,'C','1349900403458','2025-10-02 08:10:40'),('2025-10-02',1901,7,0,2568,'C','1349900403458','2025-10-02 08:10:40'),('2025-10-02',1902,7,0,2568,'C','1349900403458','2025-10-02 08:10:40'),('2025-10-02',1903,7,0,2568,'C','1349900403458','2025-10-02 08:10:40'),('2025-10-02',1904,7,0,2568,'C','1349900403458','2025-10-02 08:10:40'),('2025-10-02',1905,7,0,2568,'C','1349900403458','2025-10-02 08:10:40'),('2025-10-02',1907,7,0,2568,'C','1349900403458','2025-10-02 08:10:40'),('2025-10-02',1931,7,0,2568,'C','1349900403458','2025-10-02 08:10:40'),('2025-10-02',1941,7,0,2568,'C','1349900403458','2025-10-02 08:10:40'),('2025-10-02',1961,7,0,2568,'C','1349900403458','2025-10-02 08:10:40'),('2025-09-30',1898,7,0,2568,'C','1349900403458','2025-10-02 08:10:53'),('2025-09-30',1899,7,0,2568,'C','1349900403458','2025-10-02 08:10:53'),('2025-09-30',1900,7,0,2568,'C','1349900403458','2025-10-02 08:10:53'),('2025-09-30',1901,7,0,2568,'C','1349900403458','2025-10-02 08:10:53'),('2025-09-30',1902,7,0,2568,'C','1349900403458','2025-10-02 08:10:53'),('2025-09-30',1903,7,0,2568,'C','1349900403458','2025-10-02 08:10:53'),('2025-09-30',1904,7,0,2568,'C','1349900403458','2025-10-02 08:10:53'),('2025-09-30',1905,7,0,2568,'C','1349900403458','2025-10-02 08:10:53'),('2025-09-30',1907,7,0,2568,'C','1349900403458','2025-10-02 08:10:53'),('2025-09-30',1931,7,0,2568,'C','1349900403458','2025-10-02 08:10:53'),('2025-09-30',1941,7,0,2568,'C','1349900403458','2025-10-02 08:10:53'),('2025-09-30',1961,7,0,2568,'C','1349900403458','2025-10-02 08:10:53'),('2025-10-03',1898,7,0,2568,'C','1349900403458','2025-10-03 07:10:54'),('2025-10-03',1899,7,0,2568,'C','1349900403458','2025-10-03 07:10:54'),('2025-10-03',1900,7,0,2568,'C','1349900403458','2025-10-03 07:10:54'),('2025-10-03',1901,7,0,2568,'C','1349900403458','2025-10-03 07:10:54'),('2025-10-03',1902,7,0,2568,'C','1349900403458','2025-10-03 07:10:54'),('2025-10-03',1903,7,0,2568,'C','1349900403458','2025-10-03 07:10:54'),('2025-10-03',1904,7,0,2568,'C','1349900403458','2025-10-03 07:10:54'),('2025-10-03',1905,7,0,2568,'C','1349900403458','2025-10-03 07:10:54'),('2025-10-03',1907,7,0,2568,'C','1349900403458','2025-10-03 07:10:54'),('2025-10-03',1931,7,0,2568,'C','1349900403458','2025-10-03 07:10:54'),('2025-10-03',1941,7,0,2568,'C','1349900403458','2025-10-03 07:10:54'),('2025-10-03',1961,7,0,2568,'C','1349900403458','2025-10-03 07:10:54'),('2025-10-04',1898,7,0,2568,'C','1349900403458','2025-10-04 11:10:24'),('2025-10-04',1899,7,0,2568,'C','1349900403458','2025-10-04 11:10:24'),('2025-10-04',1900,7,0,2568,'C','1349900403458','2025-10-04 11:10:24'),('2025-10-04',1901,7,0,2568,'C','1349900403458','2025-10-04 11:10:24'),('2025-10-04',1902,7,0,2568,'C','1349900403458','2025-10-04 11:10:24'),('2025-10-04',1903,7,0,2568,'C','1349900403458','2025-10-04 11:10:24'),('2025-10-04',1904,7,0,2568,'C','1349900403458','2025-10-04 11:10:24'),('2025-10-04',1905,7,0,2568,'C','1349900403458','2025-10-04 11:10:24'),('2025-10-04',1907,7,0,2568,'C','1349900403458','2025-10-04 11:10:24'),('2025-10-04',1931,7,0,2568,'C','1349900403458','2025-10-04 11:10:24'),('2025-10-04',1941,7,0,2568,'C','1349900403458','2025-10-04 11:10:24'),('2025-10-04',1961,7,0,2568,'C','1349900403458','2025-10-04 11:10:24'),('2025-10-06',1898,7,0,2568,'C','1349900403458','2025-10-06 09:10:24'),('2025-10-06',1899,7,0,2568,'C','1349900403458','2025-10-06 09:10:24'),('2025-10-06',1900,7,0,2568,'C','1349900403458','2025-10-06 09:10:24'),('2025-10-06',1901,7,0,2568,'C','1349900403458','2025-10-06 09:10:24'),('2025-10-06',1902,7,0,2568,'C','1349900403458','2025-10-06 09:10:24'),('2025-10-06',1903,7,0,2568,'C','1349900403458','2025-10-06 09:10:24'),('2025-10-06',1904,7,0,2568,'C','1349900403458','2025-10-06 09:10:24'),('2025-10-06',1905,7,0,2568,'C','1349900403458','2025-10-06 09:10:24'),('2025-10-06',1907,7,0,2568,'C','1349900403458','2025-10-06 09:10:24'),('2025-10-06',1931,7,0,2568,'C','1349900403458','2025-10-06 09:10:24'),('2025-10-06',1941,7,0,2568,'C','1349900403458','2025-10-06 09:10:24'),('2025-10-06',1961,7,0,2568,'C','1349900403458','2025-10-06 09:10:24'),('2025-10-07',1898,7,0,2568,'C','1349900403458','2025-10-07 11:10:17'),('2025-10-07',1899,7,0,2568,'C','1349900403458','2025-10-07 11:10:17'),('2025-10-07',1900,7,0,2568,'C','1349900403458','2025-10-07 11:10:17'),('2025-10-07',1901,7,0,2568,'C','1349900403458','2025-10-07 11:10:17'),('2025-10-07',1902,7,0,2568,'C','1349900403458','2025-10-07 11:10:17'),('2025-10-07',1903,7,0,2568,'C','1349900403458','2025-10-07 11:10:17'),('2025-10-07',1904,7,0,2568,'C','1349900403458','2025-10-07 11:10:17'),('2025-10-07',1905,7,0,2568,'C','1349900403458','2025-10-07 11:10:17'),('2025-10-07',1907,7,0,2568,'C','1349900403458','2025-10-07 11:10:17'),('2025-10-07',1931,7,0,2568,'C','1349900403458','2025-10-07 11:10:17'),('2025-10-07',1941,7,0,2568,'C','1349900403458','2025-10-07 11:10:17'),('2025-10-07',1961,7,0,2568,'C','1349900403458','2025-10-07 11:10:17'),('2025-10-08',1898,7,0,2568,'C','1349900403458','2025-10-08 10:10:35'),('2025-10-08',1899,7,0,2568,'C','1349900403458','2025-10-08 10:10:35'),('2025-10-08',1900,7,0,2568,'C','1349900403458','2025-10-08 10:10:35'),('2025-10-08',1901,7,0,2568,'C','1349900403458','2025-10-08 10:10:35'),('2025-10-08',1902,7,0,2568,'C','1349900403458','2025-10-08 10:10:35'),('2025-10-08',1903,7,0,2568,'C','1349900403458','2025-10-08 10:10:35'),('2025-10-08',1904,7,0,2568,'C','1349900403458','2025-10-08 10:10:35'),('2025-10-08',1905,7,0,2568,'C','1349900403458','2025-10-08 10:10:35'),('2025-10-08',1907,7,0,2568,'C','1349900403458','2025-10-08 10:10:35'),('2025-10-08',1931,7,0,2568,'C','1349900403458','2025-10-08 10:10:35'),('2025-10-08',1941,7,0,2568,'C','1349900403458','2025-10-08 10:10:35'),('2025-10-08',1961,7,0,2568,'C','1349900403458','2025-10-08 10:10:35'),('2025-10-09',1898,7,0,2568,'C','1349900403458','2025-10-09 11:10:00'),('2025-10-09',1899,7,0,2568,'C','1349900403458','2025-10-09 11:10:00'),('2025-10-09',1900,7,0,2568,'C','1349900403458','2025-10-09 11:10:00'),('2025-10-09',1901,7,0,2568,'C','1349900403458','2025-10-09 11:10:00'),('2025-10-09',1902,7,0,2568,'C','1349900403458','2025-10-09 11:10:00'),('2025-10-09',1903,7,0,2568,'C','1349900403458','2025-10-09 11:10:00'),('2025-10-09',1904,7,0,2568,'C','1349900403458','2025-10-09 11:10:00'),('2025-10-09',1905,7,0,2568,'C','1349900403458','2025-10-09 11:10:00'),('2025-10-09',1907,7,0,2568,'C','1349900403458','2025-10-09 11:10:00'),('2025-10-09',1931,7,0,2568,'C','1349900403458','2025-10-09 11:10:00'),('2025-10-09',1941,7,0,2568,'C','1349900403458','2025-10-09 11:10:00'),('2025-10-09',1961,7,0,2568,'C','1349900403458','2025-10-09 11:10:00'),('2025-10-10',1898,7,0,2568,'C','1349900403458','2025-10-16 08:10:13'),('2025-10-10',1899,7,0,2568,'C','1349900403458','2025-10-16 08:10:13'),('2025-10-10',1900,7,0,2568,'C','1349900403458','2025-10-16 08:10:13'),('2025-10-10',1901,7,0,2568,'C','1349900403458','2025-10-16 08:10:13'),('2025-10-10',1902,7,0,2568,'C','1349900403458','2025-10-16 08:10:13'),('2025-10-10',1903,7,0,2568,'C','1349900403458','2025-10-16 08:10:13'),('2025-10-10',1904,7,0,2568,'C','1349900403458','2025-10-16 08:10:13'),('2025-10-10',1905,7,0,2568,'C','1349900403458','2025-10-16 08:10:13'),('2025-10-10',1907,7,0,2568,'C','1349900403458','2025-10-16 08:10:13'),('2025-10-10',1931,7,0,2568,'C','1349900403458','2025-10-16 08:10:13'),('2025-10-10',1941,7,0,2568,'C','1349900403458','2025-10-16 08:10:13'),('2025-10-10',1961,7,0,2568,'C','1349900403458','2025-10-16 08:10:13'),('2025-11-03',1898,7,0,2568,'C','1349900403458','2025-11-03 06:11:54'),('2025-11-03',1899,7,0,2568,'C','1349900403458','2025-11-03 06:11:54'),('2025-11-03',1900,7,0,2568,'C','1349900403458','2025-11-03 06:11:54'),('2025-11-03',1901,7,0,2568,'C','1349900403458','2025-11-03 06:11:54'),('2025-11-03',1902,7,0,2568,'C','1349900403458','2025-11-03 06:11:54'),('2025-11-03',1903,7,0,2568,'C','1349900403458','2025-11-03 06:11:54'),('2025-11-03',1904,7,0,2568,'C','1349900403458','2025-11-03 06:11:54'),('2025-11-03',1905,7,0,2568,'C','1349900403458','2025-11-03 06:11:54'),('2025-11-03',1907,7,0,2568,'C','1349900403458','2025-11-03 06:11:54'),('2025-11-03',1931,7,0,2568,'C','1349900403458','2025-11-03 06:11:54'),('2025-11-03',1941,7,0,2568,'C','1349900403458','2025-11-03 06:11:54'),('2025-11-03',1961,7,0,2568,'C','1349900403458','2025-11-03 06:11:54'),('2025-11-04',1898,7,0,2568,'C','1349900403458','2025-11-04 09:11:50'),('2025-11-04',1899,7,0,2568,'C','1349900403458','2025-11-04 09:11:50'),('2025-11-04',1900,7,0,2568,'C','1349900403458','2025-11-04 09:11:50'),('2025-11-04',1901,7,0,2568,'C','1349900403458','2025-11-04 09:11:50'),('2025-11-04',1902,7,0,2568,'C','1349900403458','2025-11-04 09:11:50'),('2025-11-04',1903,7,0,2568,'C','1349900403458','2025-11-04 09:11:50'),('2025-11-04',1904,7,0,2568,'C','1349900403458','2025-11-04 09:11:50'),('2025-11-04',1905,7,0,2568,'C','1349900403458','2025-11-04 09:11:50'),('2025-11-04',1907,7,0,2568,'C','1349900403458','2025-11-04 09:11:50'),('2025-11-04',1931,7,0,2568,'C','1349900403458','2025-11-04 09:11:50'),('2025-11-04',1941,7,0,2568,'C','1349900403458','2025-11-04 09:11:50'),('2025-11-04',1961,7,0,2568,'C','1349900403458','2025-11-04 09:11:50'),('2025-11-05',1898,7,0,2568,'C','1349900403458','2025-11-05 08:11:52'),('2025-11-05',1899,7,0,2568,'C','1349900403458','2025-11-05 08:11:52'),('2025-11-05',1900,7,0,2568,'C','1349900403458','2025-11-05 08:11:52'),('2025-11-05',1901,7,0,2568,'C','1349900403458','2025-11-05 08:11:52'),('2025-11-05',1902,7,0,2568,'C','1349900403458','2025-11-05 08:11:52'),('2025-11-05',1903,7,0,2568,'C','1349900403458','2025-11-05 08:11:52'),('2025-11-05',1904,7,0,2568,'C','1349900403458','2025-11-05 08:11:52'),('2025-11-05',1905,7,0,2568,'C','1349900403458','2025-11-05 08:11:52'),('2025-11-05',1907,7,0,2568,'C','1349900403458','2025-11-05 08:11:52'),('2025-11-05',1931,7,0,2568,'C','1349900403458','2025-11-05 08:11:52'),('2025-11-05',1941,7,0,2568,'C','1349900403458','2025-11-05 08:11:52'),('2025-11-05',1961,7,0,2568,'C','1349900403458','2025-11-05 08:11:52'),('2025-11-06',1898,7,0,2568,'C','1349900403458','2025-11-06 09:11:18'),('2025-11-06',1899,7,0,2568,'C','1349900403458','2025-11-06 09:11:18'),('2025-11-06',1900,7,0,2568,'C','1349900403458','2025-11-06 09:11:18'),('2025-11-06',1901,7,0,2568,'C','1349900403458','2025-11-06 09:11:18'),('2025-11-06',1902,7,0,2568,'C','1349900403458','2025-11-06 09:11:18'),('2025-11-06',1903,7,0,2568,'C','1349900403458','2025-11-06 09:11:18'),('2025-11-06',1904,7,0,2568,'C','1349900403458','2025-11-06 09:11:18'),('2025-11-06',1905,7,0,2568,'C','1349900403458','2025-11-06 09:11:18'),('2025-11-06',1907,7,0,2568,'C','1349900403458','2025-11-06 09:11:18'),('2025-11-06',1931,7,0,2568,'C','1349900403458','2025-11-06 09:11:18'),('2025-11-06',1941,7,0,2568,'S','1349900403458','2025-11-06 09:11:18'),('2025-11-06',1961,7,0,2568,'W','1349900403458','2025-11-06 09:11:18'),('2025-11-06',1919,6,0,2568,'C','3340701154472','2025-11-06 02:11:20'),('2025-11-06',1913,6,0,2568,'C','3340701154472','2025-11-06 02:11:20'),('2025-11-06',1920,6,0,2568,'C','3340701154472','2025-11-06 02:11:20'),('2025-11-06',1915,6,0,2568,'C','3340701154472','2025-11-06 02:11:20'),('2025-11-06',1916,6,0,2568,'C','3340701154472','2025-11-06 02:11:20'),('2025-11-06',1917,6,0,2568,'C','3340701154472','2025-11-06 02:11:20'),('2025-11-06',1918,6,0,2568,'C','3340701154472','2025-11-06 02:11:20'),('2025-11-05',1919,6,0,2568,'C','3340701154472','2025-11-06 02:11:40'),('2025-11-05',1913,6,0,2568,'C','3340701154472','2025-11-06 02:11:40'),('2025-11-05',1920,6,0,2568,'C','3340701154472','2025-11-06 02:11:40'),('2025-11-05',1915,6,0,2568,'C','3340701154472','2025-11-06 02:11:40'),('2025-11-05',1916,6,0,2568,'C','3340701154472','2025-11-06 02:11:40'),('2025-11-05',1917,6,0,2568,'C','3340701154472','2025-11-06 02:11:40'),('2025-11-05',1918,6,0,2568,'C','3340701154472','2025-11-06 02:11:40'),('2025-11-04',1919,6,0,2568,'C','3340701154472','2025-11-06 02:11:48'),('2025-11-04',1913,6,0,2568,'C','3340701154472','2025-11-06 02:11:48'),('2025-11-04',1920,6,0,2568,'C','3340701154472','2025-11-06 02:11:48'),('2025-11-04',1915,6,0,2568,'C','3340701154472','2025-11-06 02:11:48'),('2025-11-04',1916,6,0,2568,'C','3340701154472','2025-11-06 02:11:48'),('2025-11-04',1917,6,0,2568,'C','3340701154472','2025-11-06 02:11:48'),('2025-11-04',1918,6,0,2568,'C','3340701154472','2025-11-06 02:11:48'),('2025-11-03',1919,6,0,2568,'C','3340701154472','2025-11-06 02:11:54'),('2025-11-03',1913,6,0,2568,'C','3340701154472','2025-11-06 02:11:54'),('2025-11-03',1920,6,0,2568,'C','3340701154472','2025-11-06 02:11:54'),('2025-11-03',1915,6,0,2568,'C','3340701154472','2025-11-06 02:11:54'),('2025-11-03',1916,6,0,2568,'C','3340701154472','2025-11-06 02:11:54'),('2025-11-03',1917,6,0,2568,'C','3340701154472','2025-11-06 02:11:54'),('2025-11-03',1918,6,0,2568,'C','3340701154472','2025-11-06 02:11:54'),('2025-11-07',1898,7,0,2568,'C','1349900403458','2025-11-07 08:11:58'),('2025-11-07',1899,7,0,2568,'L','1349900403458','2025-11-07 08:11:58'),('2025-11-07',1900,7,0,2568,'C','1349900403458','2025-11-07 08:11:58'),('2025-11-07',1901,7,0,2568,'C','1349900403458','2025-11-07 08:11:58'),('2025-11-07',1902,7,0,2568,'L','1349900403458','2025-11-07 08:11:58'),('2025-11-07',1903,7,0,2568,'L','1349900403458','2025-11-07 08:11:58'),('2025-11-07',1904,7,0,2568,'C','1349900403458','2025-11-07 08:11:58'),('2025-11-07',1905,7,0,2568,'C','1349900403458','2025-11-07 08:11:58'),('2025-11-07',1907,7,0,2568,'L','1349900403458','2025-11-07 08:11:58'),('2025-11-07',1931,7,0,2568,'L','1349900403458','2025-11-07 08:11:58'),('2025-11-07',1941,7,0,2568,'C','1349900403458','2025-11-07 08:11:58'),('2025-11-07',1961,7,0,2568,'C','1349900403458','2025-11-07 08:11:58'),('2025-11-10',1898,7,0,2568,'C','1349900403458','2025-11-10 09:11:04'),('2025-11-10',1899,7,0,2568,'C','1349900403458','2025-11-10 09:11:04'),('2025-11-10',1900,7,0,2568,'C','1349900403458','2025-11-10 09:11:04'),('2025-11-10',1901,7,0,2568,'S','1349900403458','2025-11-10 09:11:04'),('2025-11-10',1902,7,0,2568,'C','1349900403458','2025-11-10 09:11:04'),('2025-11-10',1903,7,0,2568,'C','1349900403458','2025-11-10 09:11:04'),('2025-11-10',1904,7,0,2568,'C','1349900403458','2025-11-10 09:11:04'),('2025-11-10',1905,7,0,2568,'C','1349900403458','2025-11-10 09:11:04'),('2025-11-10',1907,7,0,2568,'C','1349900403458','2025-11-10 09:11:04'),('2025-11-10',1931,7,0,2568,'C','1349900403458','2025-11-10 09:11:04'),('2025-11-10',1941,7,0,2568,'C','1349900403458','2025-11-10 09:11:04'),('2025-11-10',1961,7,0,2568,'C','1349900403458','2025-11-10 09:11:04'),('2025-11-10',1919,6,0,2568,'C','3340701154472','2025-11-10 10:11:25'),('2025-11-10',1913,6,0,2568,'C','3340701154472','2025-11-10 10:11:25'),('2025-11-10',1920,6,0,2568,'C','3340701154472','2025-11-10 10:11:25'),('2025-11-10',1915,6,0,2568,'C','3340701154472','2025-11-10 10:11:25'),('2025-11-10',1916,6,0,2568,'S','3340701154472','2025-11-10 10:11:25'),('2025-11-10',1917,6,0,2568,'C','3340701154472','2025-11-10 10:11:25'),('2025-11-10',1918,6,0,2568,'C','3340701154472','2025-11-10 10:11:25'),('2025-11-11',1898,7,0,2568,'C','1349900403458','2025-11-11 10:11:44'),('2025-11-11',1899,7,0,2568,'C','1349900403458','2025-11-11 10:11:44'),('2025-11-11',1900,7,0,2568,'C','1349900403458','2025-11-11 10:11:44'),('2025-11-11',1901,7,0,2568,'C','1349900403458','2025-11-11 10:11:44'),('2025-11-11',1902,7,0,2568,'C','1349900403458','2025-11-11 10:11:44'),('2025-11-11',1903,7,0,2568,'C','1349900403458','2025-11-11 10:11:44'),('2025-11-11',1904,7,0,2568,'C','1349900403458','2025-11-11 10:11:44'),('2025-11-11',1905,7,0,2568,'C','1349900403458','2025-11-11 10:11:44'),('2025-11-11',1907,7,0,2568,'C','1349900403458','2025-11-11 10:11:44'),('2025-11-11',1931,7,0,2568,'C','1349900403458','2025-11-11 10:11:44'),('2025-11-11',1941,7,0,2568,'C','1349900403458','2025-11-11 10:11:44'),('2025-11-11',1961,7,0,2568,'C','1349900403458','2025-11-11 10:11:44'),('2025-11-12',1898,7,0,2568,'C','1349900403458','2025-11-12 09:11:32'),('2025-11-12',1899,7,0,2568,'C','1349900403458','2025-11-12 09:11:32'),('2025-11-12',1900,7,0,2568,'C','1349900403458','2025-11-12 09:11:32'),('2025-11-12',1901,7,0,2568,'C','1349900403458','2025-11-12 09:11:32'),('2025-11-12',1902,7,0,2568,'C','1349900403458','2025-11-12 09:11:32'),('2025-11-12',1903,7,0,2568,'C','1349900403458','2025-11-12 09:11:32'),('2025-11-12',1904,7,0,2568,'C','1349900403458','2025-11-12 09:11:32'),('2025-11-12',1905,7,0,2568,'C','1349900403458','2025-11-12 09:11:32'),('2025-11-12',1907,7,0,2568,'C','1349900403458','2025-11-12 09:11:32'),('2025-11-12',1931,7,0,2568,'C','1349900403458','2025-11-12 09:11:32'),('2025-11-12',1941,7,0,2568,'C','1349900403458','2025-11-12 09:11:32'),('2025-11-12',1961,7,0,2568,'C','1349900403458','2025-11-12 09:11:32'),('2025-11-12',1919,6,0,2568,'C','3340701154472','2025-11-12 11:11:12'),('2025-11-12',1913,6,0,2568,'C','3340701154472','2025-11-12 11:11:12');
INSERT INTO `student_check_main` VALUES ('2025-11-12',1920,6,0,2568,'C','3340701154472','2025-11-12 11:11:12'),('2025-11-12',1915,6,0,2568,'C','3340701154472','2025-11-12 11:11:12'),('2025-11-12',1916,6,0,2568,'C','3340701154472','2025-11-12 11:11:12'),('2025-11-12',1917,6,0,2568,'C','3340701154472','2025-11-12 11:11:12'),('2025-11-12',1918,6,0,2568,'C','3340701154472','2025-11-12 11:11:12'),('2025-11-13',1898,7,0,2568,'C','1349900403458','2025-11-13 08:11:39'),('2025-11-13',1899,7,0,2568,'C','1349900403458','2025-11-13 08:11:39'),('2025-11-13',1900,7,0,2568,'C','1349900403458','2025-11-13 08:11:39'),('2025-11-13',1901,7,0,2568,'C','1349900403458','2025-11-13 08:11:39'),('2025-11-13',1902,7,0,2568,'L','1349900403458','2025-11-13 08:11:39'),('2025-11-13',1903,7,0,2568,'C','1349900403458','2025-11-13 08:11:39'),('2025-11-13',1904,7,0,2568,'C','1349900403458','2025-11-13 08:11:39'),('2025-11-13',1905,7,0,2568,'C','1349900403458','2025-11-13 08:11:39'),('2025-11-13',1907,7,0,2568,'C','1349900403458','2025-11-13 08:11:39'),('2025-11-13',1931,7,0,2568,'C','1349900403458','2025-11-13 08:11:39'),('2025-11-13',1941,7,0,2568,'S','1349900403458','2025-11-13 08:11:39'),('2025-11-13',1961,7,0,2568,'C','1349900403458','2025-11-13 08:11:39'),('2025-11-13',1873,8,0,2568,'C','3429900176791','2025-11-13 02:11:18'),('2025-11-13',1890,8,0,2568,'C','3429900176791','2025-11-13 02:11:18'),('2025-11-13',1874,8,0,2568,'C','3429900176791','2025-11-13 02:11:18'),('2025-11-13',1887,8,0,2568,'S','3429900176791','2025-11-13 02:11:18'),('2025-11-13',1875,8,0,2568,'S','3429900176791','2025-11-13 02:11:18'),('2025-11-13',1858,8,0,2568,'C','3429900176791','2025-11-13 02:11:18'),('2025-11-13',1876,8,0,2568,'S','3429900176791','2025-11-13 02:11:18'),('2025-11-13',1878,8,0,2568,'L','3429900176791','2025-11-13 02:11:18'),('2025-11-13',1859,8,0,2568,'C','3429900176791','2025-11-13 02:11:18'),('2025-11-13',1860,8,0,2568,'C','3429900176791','2025-11-13 02:11:18'),('2025-11-13',1881,8,0,2568,'C','3429900176791','2025-11-13 02:11:18'),('2025-11-13',1882,8,0,2568,'C','3429900176791','2025-11-13 02:11:18'),('2025-11-13',1883,8,0,2568,'C','3429900176791','2025-11-13 02:11:18'),('2025-11-13',1861,8,0,2568,'C','3429900176791','2025-11-13 02:11:18'),('2025-11-13',1843,9,0,2568,'C','1450600226314','2025-11-13 10:11:48'),('2025-11-13',1844,9,0,2568,'C','1450600226314','2025-11-13 10:11:48'),('2025-11-13',1845,9,0,2568,'C','1450600226314','2025-11-13 10:11:48'),('2025-11-13',1846,9,0,2568,'C','1450600226314','2025-11-13 10:11:48'),('2025-11-13',1847,9,0,2568,'C','1450600226314','2025-11-13 10:11:48'),('2025-11-13',1857,9,0,2568,'C','1450600226314','2025-11-13 10:11:48'),('2025-11-13',1862,9,0,2568,'C','1450600226314','2025-11-13 10:11:48'),('2025-11-13',1863,9,0,2568,'C','1450600226314','2025-11-13 10:11:48'),('2025-11-13',1864,9,0,2568,'C','1450600226314','2025-11-13 10:11:48'),('2025-11-13',1848,9,0,2568,'C','1450600226314','2025-11-13 10:11:48'),('2025-11-13',1866,9,0,2568,'C','1450600226314','2025-11-13 10:11:48'),('2025-11-13',1867,9,0,2568,'C','1450600226314','2025-11-13 10:11:48'),('2025-11-13',1868,9,0,2568,'C','1450600226314','2025-11-13 10:11:48'),('2025-11-13',1891,9,0,2568,'C','1450600226314','2025-11-13 10:11:48'),('2025-11-13',1897,9,0,2568,'C','1450600226314','2025-11-13 10:11:48'),('2025-11-13',1934,9,0,2568,'C','1450600226314','2025-11-13 10:11:48'),('2025-11-13',1935,9,0,2568,'C','1450600226314','2025-11-13 10:11:48'),('2025-11-13',1949,9,0,2568,'C','1450600226314','2025-11-13 10:11:48'),('2025-11-03',1843,9,0,2568,'C','1450600226314','2025-11-13 10:11:18'),('2025-11-03',1844,9,0,2568,'C','1450600226314','2025-11-13 10:11:18'),('2025-11-03',1845,9,0,2568,'C','1450600226314','2025-11-13 10:11:18'),('2025-11-03',1846,9,0,2568,'C','1450600226314','2025-11-13 10:11:18'),('2025-11-03',1847,9,0,2568,'C','1450600226314','2025-11-13 10:11:18'),('2025-11-03',1857,9,0,2568,'C','1450600226314','2025-11-13 10:11:18'),('2025-11-03',1862,9,0,2568,'C','1450600226314','2025-11-13 10:11:18'),('2025-11-03',1863,9,0,2568,'C','1450600226314','2025-11-13 10:11:18'),('2025-11-03',1864,9,0,2568,'C','1450600226314','2025-11-13 10:11:18'),('2025-11-03',1848,9,0,2568,'C','1450600226314','2025-11-13 10:11:18'),('2025-11-03',1866,9,0,2568,'C','1450600226314','2025-11-13 10:11:18'),('2025-11-03',1867,9,0,2568,'C','1450600226314','2025-11-13 10:11:18'),('2025-11-03',1868,9,0,2568,'C','1450600226314','2025-11-13 10:11:18'),('2025-11-03',1891,9,0,2568,'C','1450600226314','2025-11-13 10:11:18'),('2025-11-03',1897,9,0,2568,'C','1450600226314','2025-11-13 10:11:18'),('2025-11-03',1934,9,0,2568,'C','1450600226314','2025-11-13 10:11:18'),('2025-11-03',1935,9,0,2568,'C','1450600226314','2025-11-13 10:11:18'),('2025-11-03',1949,9,0,2568,'C','1450600226314','2025-11-13 10:11:18'),('2025-11-04',1843,9,0,2568,'C','1450600226314','2025-11-13 10:11:26'),('2025-11-04',1844,9,0,2568,'C','1450600226314','2025-11-13 10:11:26'),('2025-11-04',1845,9,0,2568,'C','1450600226314','2025-11-13 10:11:26'),('2025-11-04',1846,9,0,2568,'C','1450600226314','2025-11-13 10:11:26'),('2025-11-04',1847,9,0,2568,'C','1450600226314','2025-11-13 10:11:26'),('2025-11-04',1857,9,0,2568,'C','1450600226314','2025-11-13 10:11:26'),('2025-11-04',1862,9,0,2568,'C','1450600226314','2025-11-13 10:11:26'),('2025-11-04',1863,9,0,2568,'C','1450600226314','2025-11-13 10:11:26'),('2025-11-04',1864,9,0,2568,'C','1450600226314','2025-11-13 10:11:26'),('2025-11-04',1848,9,0,2568,'C','1450600226314','2025-11-13 10:11:26'),('2025-11-04',1866,9,0,2568,'C','1450600226314','2025-11-13 10:11:26'),('2025-11-04',1867,9,0,2568,'C','1450600226314','2025-11-13 10:11:26'),('2025-11-04',1868,9,0,2568,'C','1450600226314','2025-11-13 10:11:26'),('2025-11-04',1891,9,0,2568,'C','1450600226314','2025-11-13 10:11:26'),('2025-11-04',1897,9,0,2568,'C','1450600226314','2025-11-13 10:11:26'),('2025-11-04',1934,9,0,2568,'C','1450600226314','2025-11-13 10:11:26'),('2025-11-04',1935,9,0,2568,'C','1450600226314','2025-11-13 10:11:26'),('2025-11-04',1949,9,0,2568,'C','1450600226314','2025-11-13 10:11:26'),('2025-11-05',1843,9,0,2568,'C','1450600226314','2025-11-13 10:11:32'),('2025-11-05',1844,9,0,2568,'C','1450600226314','2025-11-13 10:11:32'),('2025-11-05',1845,9,0,2568,'C','1450600226314','2025-11-13 10:11:32'),('2025-11-05',1846,9,0,2568,'C','1450600226314','2025-11-13 10:11:32'),('2025-11-05',1847,9,0,2568,'C','1450600226314','2025-11-13 10:11:32'),('2025-11-05',1857,9,0,2568,'C','1450600226314','2025-11-13 10:11:32'),('2025-11-05',1862,9,0,2568,'C','1450600226314','2025-11-13 10:11:32'),('2025-11-05',1863,9,0,2568,'C','1450600226314','2025-11-13 10:11:32'),('2025-11-05',1864,9,0,2568,'C','1450600226314','2025-11-13 10:11:32'),('2025-11-05',1848,9,0,2568,'C','1450600226314','2025-11-13 10:11:32'),('2025-11-05',1866,9,0,2568,'C','1450600226314','2025-11-13 10:11:32'),('2025-11-05',1867,9,0,2568,'C','1450600226314','2025-11-13 10:11:32'),('2025-11-05',1868,9,0,2568,'C','1450600226314','2025-11-13 10:11:32'),('2025-11-05',1891,9,0,2568,'C','1450600226314','2025-11-13 10:11:32'),('2025-11-05',1897,9,0,2568,'C','1450600226314','2025-11-13 10:11:32'),('2025-11-05',1934,9,0,2568,'C','1450600226314','2025-11-13 10:11:32'),('2025-11-05',1935,9,0,2568,'C','1450600226314','2025-11-13 10:11:32'),('2025-11-05',1949,9,0,2568,'C','1450600226314','2025-11-13 10:11:32'),('2025-11-06',1843,9,0,2568,'C','1450600226314','2025-11-13 10:11:39'),('2025-11-06',1844,9,0,2568,'C','1450600226314','2025-11-13 10:11:39'),('2025-11-06',1845,9,0,2568,'C','1450600226314','2025-11-13 10:11:39'),('2025-11-06',1846,9,0,2568,'C','1450600226314','2025-11-13 10:11:39'),('2025-11-06',1847,9,0,2568,'C','1450600226314','2025-11-13 10:11:39'),('2025-11-06',1857,9,0,2568,'C','1450600226314','2025-11-13 10:11:39'),('2025-11-06',1862,9,0,2568,'C','1450600226314','2025-11-13 10:11:39'),('2025-11-06',1863,9,0,2568,'C','1450600226314','2025-11-13 10:11:39'),('2025-11-06',1864,9,0,2568,'C','1450600226314','2025-11-13 10:11:39'),('2025-11-06',1848,9,0,2568,'C','1450600226314','2025-11-13 10:11:39'),('2025-11-06',1866,9,0,2568,'C','1450600226314','2025-11-13 10:11:39'),('2025-11-06',1867,9,0,2568,'C','1450600226314','2025-11-13 10:11:39'),('2025-11-06',1868,9,0,2568,'C','1450600226314','2025-11-13 10:11:39'),('2025-11-06',1891,9,0,2568,'C','1450600226314','2025-11-13 10:11:39'),('2025-11-06',1897,9,0,2568,'C','1450600226314','2025-11-13 10:11:39'),('2025-11-06',1934,9,0,2568,'C','1450600226314','2025-11-13 10:11:39'),('2025-11-06',1935,9,0,2568,'C','1450600226314','2025-11-13 10:11:39'),('2025-11-06',1949,9,0,2568,'C','1450600226314','2025-11-13 10:11:39'),('2025-11-07',1843,9,0,2568,'C','1450600226314','2025-11-13 10:11:44'),('2025-11-07',1844,9,0,2568,'C','1450600226314','2025-11-13 10:11:44'),('2025-11-07',1845,9,0,2568,'C','1450600226314','2025-11-13 10:11:44'),('2025-11-07',1846,9,0,2568,'C','1450600226314','2025-11-13 10:11:44'),('2025-11-07',1847,9,0,2568,'C','1450600226314','2025-11-13 10:11:44'),('2025-11-07',1857,9,0,2568,'C','1450600226314','2025-11-13 10:11:44'),('2025-11-07',1862,9,0,2568,'C','1450600226314','2025-11-13 10:11:44'),('2025-11-07',1863,9,0,2568,'C','1450600226314','2025-11-13 10:11:44'),('2025-11-07',1864,9,0,2568,'C','1450600226314','2025-11-13 10:11:44'),('2025-11-07',1848,9,0,2568,'C','1450600226314','2025-11-13 10:11:44'),('2025-11-07',1866,9,0,2568,'C','1450600226314','2025-11-13 10:11:44'),('2025-11-07',1867,9,0,2568,'C','1450600226314','2025-11-13 10:11:44'),('2025-11-07',1868,9,0,2568,'C','1450600226314','2025-11-13 10:11:44'),('2025-11-07',1891,9,0,2568,'C','1450600226314','2025-11-13 10:11:44'),('2025-11-07',1897,9,0,2568,'C','1450600226314','2025-11-13 10:11:44'),('2025-11-07',1934,9,0,2568,'C','1450600226314','2025-11-13 10:11:44'),('2025-11-07',1935,9,0,2568,'C','1450600226314','2025-11-13 10:11:44'),('2025-11-07',1949,9,0,2568,'C','1450600226314','2025-11-13 10:11:44'),('2025-11-10',1843,9,0,2568,'C','1450600226314','2025-11-13 10:11:52'),('2025-11-10',1844,9,0,2568,'C','1450600226314','2025-11-13 10:11:52'),('2025-11-10',1845,9,0,2568,'C','1450600226314','2025-11-13 10:11:52'),('2025-11-10',1846,9,0,2568,'C','1450600226314','2025-11-13 10:11:52'),('2025-11-10',1847,9,0,2568,'C','1450600226314','2025-11-13 10:11:52'),('2025-11-10',1857,9,0,2568,'C','1450600226314','2025-11-13 10:11:52'),('2025-11-10',1862,9,0,2568,'C','1450600226314','2025-11-13 10:11:52'),('2025-11-10',1863,9,0,2568,'C','1450600226314','2025-11-13 10:11:52'),('2025-11-10',1864,9,0,2568,'C','1450600226314','2025-11-13 10:11:52'),('2025-11-10',1848,9,0,2568,'C','1450600226314','2025-11-13 10:11:52'),('2025-11-10',1866,9,0,2568,'C','1450600226314','2025-11-13 10:11:52'),('2025-11-10',1867,9,0,2568,'C','1450600226314','2025-11-13 10:11:52'),('2025-11-10',1868,9,0,2568,'C','1450600226314','2025-11-13 10:11:52'),('2025-11-10',1891,9,0,2568,'C','1450600226314','2025-11-13 10:11:52'),('2025-11-10',1897,9,0,2568,'C','1450600226314','2025-11-13 10:11:52'),('2025-11-10',1934,9,0,2568,'C','1450600226314','2025-11-13 10:11:52'),('2025-11-10',1935,9,0,2568,'C','1450600226314','2025-11-13 10:11:52'),('2025-11-10',1949,9,0,2568,'C','1450600226314','2025-11-13 10:11:52'),('2025-11-11',1843,9,0,2568,'C','1450600226314','2025-11-13 10:11:57'),('2025-11-11',1844,9,0,2568,'C','1450600226314','2025-11-13 10:11:57'),('2025-11-11',1845,9,0,2568,'C','1450600226314','2025-11-13 10:11:57'),('2025-11-11',1846,9,0,2568,'C','1450600226314','2025-11-13 10:11:57'),('2025-11-11',1847,9,0,2568,'C','1450600226314','2025-11-13 10:11:57'),('2025-11-11',1857,9,0,2568,'C','1450600226314','2025-11-13 10:11:57'),('2025-11-11',1862,9,0,2568,'C','1450600226314','2025-11-13 10:11:57'),('2025-11-11',1863,9,0,2568,'C','1450600226314','2025-11-13 10:11:57'),('2025-11-11',1864,9,0,2568,'C','1450600226314','2025-11-13 10:11:57'),('2025-11-11',1848,9,0,2568,'C','1450600226314','2025-11-13 10:11:57'),('2025-11-11',1866,9,0,2568,'C','1450600226314','2025-11-13 10:11:57'),('2025-11-11',1867,9,0,2568,'C','1450600226314','2025-11-13 10:11:57'),('2025-11-11',1868,9,0,2568,'C','1450600226314','2025-11-13 10:11:57'),('2025-11-11',1891,9,0,2568,'C','1450600226314','2025-11-13 10:11:57'),('2025-11-11',1897,9,0,2568,'C','1450600226314','2025-11-13 10:11:57'),('2025-11-11',1934,9,0,2568,'C','1450600226314','2025-11-13 10:11:57'),('2025-11-11',1935,9,0,2568,'C','1450600226314','2025-11-13 10:11:57'),('2025-11-11',1949,9,0,2568,'C','1450600226314','2025-11-13 10:11:57'),('2025-11-12',1843,9,0,2568,'C','1450600226314','2025-11-13 10:11:03'),('2025-11-12',1844,9,0,2568,'C','1450600226314','2025-11-13 10:11:03'),('2025-11-12',1845,9,0,2568,'C','1450600226314','2025-11-13 10:11:03'),('2025-11-12',1846,9,0,2568,'C','1450600226314','2025-11-13 10:11:03'),('2025-11-12',1847,9,0,2568,'C','1450600226314','2025-11-13 10:11:03'),('2025-11-12',1857,9,0,2568,'C','1450600226314','2025-11-13 10:11:03'),('2025-11-12',1862,9,0,2568,'C','1450600226314','2025-11-13 10:11:03'),('2025-11-12',1863,9,0,2568,'C','1450600226314','2025-11-13 10:11:03'),('2025-11-12',1864,9,0,2568,'C','1450600226314','2025-11-13 10:11:03'),('2025-11-12',1848,9,0,2568,'C','1450600226314','2025-11-13 10:11:03'),('2025-11-12',1866,9,0,2568,'C','1450600226314','2025-11-13 10:11:03'),('2025-11-12',1867,9,0,2568,'C','1450600226314','2025-11-13 10:11:03'),('2025-11-12',1868,9,0,2568,'C','1450600226314','2025-11-13 10:11:03'),('2025-11-12',1891,9,0,2568,'C','1450600226314','2025-11-13 10:11:03'),('2025-11-12',1897,9,0,2568,'C','1450600226314','2025-11-13 10:11:03'),('2025-11-12',1934,9,0,2568,'C','1450600226314','2025-11-13 10:11:03'),('2025-11-12',1935,9,0,2568,'C','1450600226314','2025-11-13 10:11:03'),('2025-11-12',1949,9,0,2568,'C','1450600226314','2025-11-13 10:11:03'),('2025-11-14',1898,7,0,2568,'C','1349900403458','2025-11-14 10:11:09'),('2025-11-14',1899,7,0,2568,'C','1349900403458','2025-11-14 10:11:09'),('2025-11-14',1900,7,0,2568,'C','1349900403458','2025-11-14 10:11:09'),('2025-11-14',1901,7,0,2568,'C','1349900403458','2025-11-14 10:11:09'),('2025-11-14',1902,7,0,2568,'C','1349900403458','2025-11-14 10:11:09'),('2025-11-14',1903,7,0,2568,'C','1349900403458','2025-11-14 10:11:09'),('2025-11-14',1904,7,0,2568,'C','1349900403458','2025-11-14 10:11:09'),('2025-11-14',1905,7,0,2568,'C','1349900403458','2025-11-14 10:11:09'),('2025-11-14',1907,7,0,2568,'C','1349900403458','2025-11-14 10:11:09'),('2025-11-14',1931,7,0,2568,'C','1349900403458','2025-11-14 10:11:09'),('2025-11-14',1941,7,0,2568,'C','1349900403458','2025-11-14 10:11:09'),('2025-11-14',1961,7,0,2568,'C','1349900403458','2025-11-14 10:11:09'),('2025-11-17',1898,7,0,2568,'C','1349900403458','2025-11-17 09:11:48'),('2025-11-17',1899,7,0,2568,'C','1349900403458','2025-11-17 09:11:48'),('2025-11-17',1900,7,0,2568,'C','1349900403458','2025-11-17 09:11:48'),('2025-11-17',1901,7,0,2568,'C','1349900403458','2025-11-17 09:11:48'),('2025-11-17',1902,7,0,2568,'C','1349900403458','2025-11-17 09:11:48'),('2025-11-17',1903,7,0,2568,'C','1349900403458','2025-11-17 09:11:48'),('2025-11-17',1904,7,0,2568,'C','1349900403458','2025-11-17 09:11:48'),('2025-11-17',1905,7,0,2568,'C','1349900403458','2025-11-17 09:11:48'),('2025-11-17',1907,7,0,2568,'C','1349900403458','2025-11-17 09:11:48'),('2025-11-17',1931,7,0,2568,'C','1349900403458','2025-11-17 09:11:48'),('2025-11-17',1941,7,0,2568,'C','1349900403458','2025-11-17 09:11:48'),('2025-11-17',1961,7,0,2568,'C','1349900403458','2025-11-17 09:11:48'),('2025-11-18',1898,7,0,2568,'C','1349900403458','2025-11-18 09:11:47'),('2025-11-18',1899,7,0,2568,'C','1349900403458','2025-11-18 09:11:47'),('2025-11-18',1900,7,0,2568,'C','1349900403458','2025-11-18 09:11:47'),('2025-11-18',1901,7,0,2568,'C','1349900403458','2025-11-18 09:11:47'),('2025-11-18',1902,7,0,2568,'C','1349900403458','2025-11-18 09:11:47'),('2025-11-18',1903,7,0,2568,'C','1349900403458','2025-11-18 09:11:47'),('2025-11-18',1904,7,0,2568,'C','1349900403458','2025-11-18 09:11:47'),('2025-11-18',1905,7,0,2568,'C','1349900403458','2025-11-18 09:11:47'),('2025-11-18',1907,7,0,2568,'C','1349900403458','2025-11-18 09:11:47'),('2025-11-18',1931,7,0,2568,'C','1349900403458','2025-11-18 09:11:47'),('2025-11-18',1941,7,0,2568,'C','1349900403458','2025-11-18 09:11:47'),('2025-11-18',1961,7,0,2568,'C','1349900403458','2025-11-18 09:11:47'),('2025-11-19',1898,7,0,2568,'C','1349900403458','2025-11-19 09:11:56'),('2025-11-19',1899,7,0,2568,'C','1349900403458','2025-11-19 09:11:56'),('2025-11-19',1900,7,0,2568,'C','1349900403458','2025-11-19 09:11:56'),('2025-11-19',1901,7,0,2568,'C','1349900403458','2025-11-19 09:11:56'),('2025-11-19',1902,7,0,2568,'C','1349900403458','2025-11-19 09:11:56'),('2025-11-19',1903,7,0,2568,'C','1349900403458','2025-11-19 09:11:56'),('2025-11-19',1904,7,0,2568,'C','1349900403458','2025-11-19 09:11:56'),('2025-11-19',1905,7,0,2568,'C','1349900403458','2025-11-19 09:11:56'),('2025-11-19',1907,7,0,2568,'C','1349900403458','2025-11-19 09:11:56'),('2025-11-19',1931,7,0,2568,'C','1349900403458','2025-11-19 09:11:56'),('2025-11-19',1941,7,0,2568,'C','1349900403458','2025-11-19 09:11:56'),('2025-11-19',1961,7,0,2568,'C','1349900403458','2025-11-19 09:11:56'),('2025-11-20',1898,7,0,2568,'C','1349900403458','2025-11-20 10:11:03'),('2025-11-20',1899,7,0,2568,'C','1349900403458','2025-11-20 10:11:03'),('2025-11-20',1900,7,0,2568,'C','1349900403458','2025-11-20 10:11:03'),('2025-11-20',1901,7,0,2568,'C','1349900403458','2025-11-20 10:11:03'),('2025-11-20',1902,7,0,2568,'C','1349900403458','2025-11-20 10:11:03'),('2025-11-20',1903,7,0,2568,'C','1349900403458','2025-11-20 10:11:03'),('2025-11-20',1904,7,0,2568,'C','1349900403458','2025-11-20 10:11:03'),('2025-11-20',1905,7,0,2568,'C','1349900403458','2025-11-20 10:11:03'),('2025-11-20',1907,7,0,2568,'C','1349900403458','2025-11-20 10:11:03'),('2025-11-20',1931,7,0,2568,'C','1349900403458','2025-11-20 10:11:03'),('2025-11-20',1941,7,0,2568,'C','1349900403458','2025-11-20 10:11:03'),('2025-11-20',1961,7,0,2568,'C','1349900403458','2025-11-20 10:11:03'),('2025-11-21',1898,7,0,2568,'C','1349900403458','2025-11-21 09:11:39'),('2025-11-21',1899,7,0,2568,'C','1349900403458','2025-11-21 09:11:39'),('2025-11-21',1900,7,0,2568,'C','1349900403458','2025-11-21 09:11:39'),('2025-11-21',1901,7,0,2568,'C','1349900403458','2025-11-21 09:11:39'),('2025-11-21',1902,7,0,2568,'C','1349900403458','2025-11-21 09:11:39'),('2025-11-21',1903,7,0,2568,'C','1349900403458','2025-11-21 09:11:39'),('2025-11-21',1904,7,0,2568,'C','1349900403458','2025-11-21 09:11:39'),('2025-11-21',1905,7,0,2568,'C','1349900403458','2025-11-21 09:11:39'),('2025-11-21',1907,7,0,2568,'C','1349900403458','2025-11-21 09:11:39'),('2025-11-21',1931,7,0,2568,'C','1349900403458','2025-11-21 09:11:39'),('2025-11-21',1941,7,0,2568,'C','1349900403458','2025-11-21 09:11:39'),('2025-11-21',1961,7,0,2568,'C','1349900403458','2025-11-21 09:11:39'),('2025-11-24',1898,7,0,2568,'C','1349900403458','2025-11-24 11:11:37'),('2025-11-24',1899,7,0,2568,'C','1349900403458','2025-11-24 11:11:37'),('2025-11-24',1900,7,0,2568,'C','1349900403458','2025-11-24 11:11:37'),('2025-11-24',1901,7,0,2568,'C','1349900403458','2025-11-24 11:11:37'),('2025-11-24',1902,7,0,2568,'C','1349900403458','2025-11-24 11:11:37'),('2025-11-24',1903,7,0,2568,'C','1349900403458','2025-11-24 11:11:37'),('2025-11-24',1904,7,0,2568,'C','1349900403458','2025-11-24 11:11:37'),('2025-11-24',1905,7,0,2568,'C','1349900403458','2025-11-24 11:11:37'),('2025-11-24',1907,7,0,2568,'C','1349900403458','2025-11-24 11:11:37'),('2025-11-24',1931,7,0,2568,'C','1349900403458','2025-11-24 11:11:37'),('2025-11-24',1941,7,0,2568,'C','1349900403458','2025-11-24 11:11:37'),('2025-11-24',1961,7,0,2568,'C','1349900403458','2025-11-24 11:11:37');

--
-- Table structure for table `student_check_permission`
--

CREATE TABLE `student_check_permission` (
  `class_now` tinyint(4) NOT NULL,
  `room_now` tinyint(4) NOT NULL,
  `person_id` varchar(13) NOT NULL,
  `student_check_year` int(11) NOT NULL
) ENGINE=MyISAM DEFAULT CHARSET=utf8 COLLATE=utf8_general_ci;

--
-- Dumping data for table `student_check_permission`
--

INSERT INTO `student_check_permission` VALUES (2,1,'5342200024001',2558),(3,1,'3101701056821',2558),(4,1,'1450700128233',2558),(5,1,'3349800035691',2558),(6,1,'3340700043049',2558),(7,1,'3349900943319',2558),(8,1,'3341500263615',2558),(9,1,'3341501554940',2558),(2,0,'3101701056821',2559),(3,0,'5342200024001',2559),(6,0,'3340701154472',2563),(5,0,'3349800035691',2559),(7,0,'3349900943319',2559),(8,0,'3341500263615',2559),(9,0,'3341501554940',2559),(6,0,'3349800113772',2559),(2,0,'3101701056821',2560),(3,0,'5342200024001',2560),(5,0,'1342200047652',2563),(6,0,'3349800035691',2560),(7,0,'3349800113772',2560),(8,0,'3341500263615',2560),(9,0,'3349900943319',2560),(2,0,'3101701056821',2562),(4,0,'3342000176358',2566),(4,0,'1342200047652',2567),(4,0,'1342200047652',2563),(6,0,'3340701154472',2562),(2,0,'1342200047652',2565),(5,0,'3342000176358',2565),(3,0,'1342200047652',2562),(4,0,'1342200047652',2566),(4,0,'1342200047652',2562),(5,0,'1342200047652',2562),(6,0,'3342000176358',2562),(6,0,'1342200047652',2562),(7,0,'3342000176358',2562),(7,0,'1342200047652',2562),(8,0,'3342000176358',2562),(8,0,'1342200047652',2562),(9,0,'3342000176358',2562),(9,0,'1342200047652',2562),(2,0,'3342000176358',2562),(2,0,'1342200047652',2562),(2,0,'1342200047652',2567),(4,0,'3342000176358',2565),(6,0,'1342200047652',2563),(7,0,'1342200047652',2563),(4,0,'1342200047652',2565),(8,0,'1342200047652',2563),(3,0,'3342000176358',2566),(9,0,'1342200047652',2563),(3,0,'1342200047652',2563),(3,0,'1342200047652',2565),(2,0,'1342200047652',2563),(3,0,'1342200047652',2566),(5,0,'1342200047652',2565),(3,0,'1342200047652',2567),(7,0,'1342200047652',2565),(6,0,'3340701154472',2565),(6,0,'1342200047652',2565),(8,0,'1342200047652',2565),(9,0,'1342200047652',2565),(2,0,'3342000176358',2565),(3,0,'3342000176358',2565),(8,0,'3429900176791',2567),(6,0,'3342000176358',2565),(7,0,'3342000176358',2565),(8,0,'3342000176358',2565),(9,0,'3342000176358',2565),(5,0,'3342000176358',2566),(7,0,'1349900403458',2568),(5,0,'1342200047652',2566),(6,0,'3342000176358',2566),(6,0,'3340701154472',2566),(6,0,'1342200047652',2566),(7,0,'3342000176358',2566),(7,0,'1342200047652',2566),(8,0,'3342000176358',2566),(8,0,'1342200047652',2566),(9,0,'3342000176358',2566),(2,0,'3341501014902',2568),(9,0,'1342200047652',2566),(2,0,'3342000176358',2566),(2,0,'1342200047652',2566),(5,0,'1342200047652',2567),(6,0,'3340701154472',2567),(6,0,'1342200047652',2567),(7,0,'1342200047652',2567),(8,0,'1342200047652',2567),(9,0,'1450600226314',2568),(9,0,'1342200047652',2567),(3,0,'3341501014902',2568),(2,0,'1342200047652',2568),(5,0,'3341501266626',2567),(3,0,'1342200047652',2568),(4,0,'3341501616945',2568),(4,0,'1342200047652',2568),(5,0,'3341501266626',2568),(5,0,'1342200047652',2568),(6,0,'3340701154472',2568),(6,0,'1342200047652',2568),(7,0,'1349900403458',2567),(7,0,'1342200047652',2568),(8,0,'3429900176791',2568),(8,0,'1342200047652',2568),(9,0,'1450600226314',2567),(9,0,'1342200047652',2568);

--
-- Table structure for table `student_check_year`
--

CREATE TABLE `student_check_year` (
  `id` int(11) NOT NULL AUTO_INCREMENT,
  `student_check_year` int(11) NOT NULL,
  `year_active` tinyint(1) NOT NULL,
  PRIMARY KEY (`id`),
  UNIQUE KEY `student_check_year` (`student_check_year`)
) ENGINE=MyISAM AUTO_INCREMENT=11 DEFAULT CHARSET=utf8 COLLATE=utf8_general_ci;

--
-- Dumping data for table `student_check_year`
--

INSERT INTO `student_check_year` VALUES (1,2558,0),(2,2559,0),(3,2560,0),(4,2562,0),(5,2563,0),(6,2565,0),(7,2566,0),(8,2567,0),(10,2568,1);

--
-- Table structure for table `student_main`
--

CREATE TABLE `student_main` (
  `id` int(11) NOT NULL AUTO_INCREMENT,
  `student_id` varchar(7) NOT NULL,
  `student_number` int(11) DEFAULT NULL,
  `prename` varchar(20) NOT NULL,
  `name` varchar(50) NOT NULL,
  `surname` varchar(50) NOT NULL,
  `person_id` varchar(20) DEFAULT NULL,
  `sex` tinyint(4) NOT NULL DEFAULT 0,
  `pic` varchar(150) DEFAULT NULL,
  `class_now` tinyint(4) DEFAULT NULL,
  `room` tinyint(4) NOT NULL DEFAULT 0,
  `status` tinyint(4) NOT NULL DEFAULT 0,
  `out_edyear` int(11) DEFAULT NULL,
  `officer` varchar(13) NOT NULL,
  `rec_date` date NOT NULL,
  PRIMARY KEY (`id`),
  UNIQUE KEY `student_number` (`student_id`),
  KEY `class_now` (`class_now`),
  KEY `room` (`room`)
) ENGINE=MyISAM AUTO_INCREMENT=386 DEFAULT CHARSET=utf8 COLLATE=utf8_general_ci;

--
-- Dumping data for table `student_main`
--

INSERT INTO `student_main` VALUES (267,'1844',2,'เด็กชาย','ธนโชติ','โคตะระ','1349901948776',1,'',9,0,0,NULL,'1450700128233','2017-09-16'),(266,'1843',1,'เด็กชาย','ธนวัฒน์','ทวีกาล','1349901922122',1,'',9,0,0,NULL,'3342000176358','2017-09-16'),(265,'1701',9,'เด็กหญิง','วิลาวัลย์','บุดดาวงษ์','1342200135861',2,NULL,9,0,1,2559,'','0000-00-00'),(264,'1700',8,'เด็กหญิง','สุจิณณา','กลไกล','1342200134326',2,NULL,9,0,1,2559,'','0000-00-00'),(263,'1699',7,'เด็กหญิง','อารียา','นารีสา','1342200133681',2,NULL,9,0,1,2559,'','0000-00-00'),(262,'1698',6,'เด็กหญิง','ปวีณา','สายสิงห์','1342200136426',2,NULL,9,0,1,2559,'','0000-00-00'),(261,'1697',5,'เด็กหญิง','นิตนภา','สิมาทอง','1349901275208',2,NULL,9,0,1,2559,'','0000-00-00'),(260,'1696',4,'เด็กชาย','บุญครอง','ทวีกาล','1342200134229',1,NULL,9,0,1,2559,'','0000-00-00'),(259,'1695',3,'เด็กชาย','นนทวัฒน์','บุตรนนท์','1342200133427',1,NULL,9,0,1,2559,'','0000-00-00'),(258,'1694',2,'เด็กชาย','คชา','ช่วงชัย','1349901300253',1,NULL,9,0,1,2559,'','0000-00-00'),(257,'1693',1,'เด็กชาย','เขมทัต','โคตะระ','1342200135365',1,NULL,9,0,1,2559,'','0000-00-00'),(256,'1722',21,'เด็กหญิง','มัทนพร','กลไกร','1342200137953',2,NULL,9,0,1,2561,'','0000-00-00'),(255,'1719',20,'เด็กหญิง','จินต์จุฑา','กาลพัฒน์','1342200138801',2,NULL,9,0,1,2561,'','0000-00-00'),(254,'1718',19,'เด็กหญิง','พันธิสา','ศิลาเกษ','1342200138666',2,NULL,9,0,1,2561,'','0000-00-00'),(253,'1716',18,'เด็กหญิง','ชาลิสา','บัวใหญ่','1349901343271',2,NULL,9,0,1,2561,'','0000-00-00'),(252,'1714',17,'เด็กหญิง','บุษบาวรรณ','พันธ์งาม','1342200138992',2,NULL,9,0,1,2561,'','0000-00-00'),(251,'1713',16,'เด็กหญิง','ลักษมี','ทองอนันต์','1342200139514',2,NULL,9,0,1,2561,'','0000-00-00'),(197,'1763',5,'เด็กชาย','ภูมิพัฒน์','ปัญญาวัน','1349901581333',1,NULL,9,0,1,2563,'','0000-00-00'),(196,'1762',4,'เด็กชาย','ภาณุพงษ์','เพ็งยะนะ','1119902419876',1,NULL,9,0,1,2563,'','0000-00-00'),(195,'1766',3,'เด็กชาย','ชญานันท์','กลไกล','1319300082987',1,NULL,6,0,2,2559,'','0000-00-00'),(194,'1761',2,'เด็กชาย','ชินาธิป','บุญประชม','1101000213487',1,NULL,9,0,1,2563,'','0000-00-00'),(193,'1764',1,'เด็กชาย','วาธี','แก้วเคนมา','1119902468109',1,NULL,9,0,1,2563,'','0000-00-00'),(192,'1784',5,'เด็กหญิง','พัชรดา','วงษาบุตร','1342200152502',2,NULL,9,0,1,2564,'3342000176358','0000-00-00'),(345,'1921',14,'เด็กชาย','วินัย','ศิริบูรณ์','1369200076195',1,'',9,0,1,2565,'1342200047652','2021-11-09'),(190,'1783',4,'เด็กหญิง','ปภากานณ์','ทวีกาล','1349901610058',2,NULL,9,0,1,2564,'3342000176358','0000-00-00'),(189,'1782',3,'เด็กหญิง','ชญานิษฐ์','เวียงคำ','1900101663684',2,NULL,9,0,1,2564,'3342000176358','0000-00-00'),(188,'1780',2,'เด็กชาย','อภิวัฒน์','มาชะสาร','1342200152171',1,NULL,9,0,1,2564,'3342000176358','0000-00-00'),(187,'1778',1,'เด็กชาย','พงศภัค','หีบแก้ว','1342200151280',1,NULL,9,0,1,2564,'3342000176358','0000-00-00'),(186,'1781',2,'เด็กชาย','อนุภัทร','พิลารัตน์','1342200152201',1,NULL,8,0,2,2563,'3349800035691','0000-00-00'),(185,'1776',1,'เด็กชาย','ธนวัฒน์','จันดีเลิศ','1349901654322',1,NULL,6,0,2,2559,'','0000-00-00'),(184,'1801',11,'เด็กหญิง','ไอรดา','ศรีนอคำ','1349901723812',2,NULL,9,0,1,2565,'3342000176358','0000-00-00'),(183,'1799',10,'เด็กหญิง','ดวงกมล','มาลา','1342200154505',2,NULL,9,0,1,2565,'3342000176358','0000-00-00'),(182,'1798',8,'เด็กชาย','อนุชิต','กัลยาณี','1340701778836',1,NULL,9,0,1,2565,'3342000176358','0000-00-00'),(178,'1793',9,'เด็กชาย','วัชระ','พิลารัตน์','1339200106973',1,NULL,5,0,2,2562,'1450700128233','0000-00-00'),(173,'1788',2,'เด็กชาย','นครินทร์','แก้วเหนือ','1342200154939',1,NULL,9,0,1,2565,'3342000176358','0000-00-00'),(170,'1794',6,'เด็กชาย','ศุทธิกร','ชื่นพิมาย','1342200153061',1,NULL,9,0,1,2565,'3342000176358','0000-00-00'),(169,'1823',20,'เด็กหญิง','ชลธิชา','วรรณประภา','1342200157709',2,NULL,9,0,1,2566,'1342200047652','0000-00-00'),(167,'1827',21,'เด็กหญิง','พัชราภา','กลไกล','1342200156915',2,NULL,5,0,2,2562,'1450700128233','0000-00-00'),(166,'1832',16,'เด็กหญิง','วันวิสา','ทองเนตร','1349901765787',2,NULL,9,0,1,2566,'3342000176358','0000-00-00'),(165,'1824',13,'เด็กหญิง','ณิชาพร','ทองปัญญา','1342200158152',2,NULL,9,0,1,2566,'3342000176358','0000-00-00'),(164,'1831',15,'เด็กหญิง','รจรินทร์','สุขนา','1349901746235',2,NULL,9,0,1,2566,'3342000176358','0000-00-00'),(163,'1828',14,'เด็กหญิง','พัชรีรัตน์','นิลบาลัน','1103400224186',2,NULL,9,0,1,2566,'3342000176358','0000-00-00'),(162,'1829',22,'เด็กหญิง','เพ็ญนภา','ทัดเทียม','1348900274851',2,NULL,9,0,1,2566,'1342200047652','0000-00-00'),(161,'1833',17,'เด็กหญิง','วิลาวรรณ','ภาษาดี','1349901831496',2,NULL,9,0,1,2566,'3342000176358','0000-00-00'),(160,'1834',18,'เด็กหญิง','หยาดทิพย์','ทองอนันต์','1349901790161',2,NULL,9,0,1,2566,'3342000176358','0000-00-00'),(159,'1826',13,'เด็กหญิง','ธัญชนก','พิลารัตน์','1339200124556',2,NULL,5,0,2,2562,'1450700128233','0000-00-00'),(151,'1820',10,'เด็กชาย','ยุทธศาสตร์','อุรดา','1342200158691',1,NULL,9,0,1,2566,'3342000176358','0000-00-00'),(152,'1811',2,'เด็กชาย','ณัฐชนัน','บุตรนนท์','1342200156371',1,NULL,9,0,1,2566,'3342000176358','0000-00-00'),(153,'1815',6,'เด็กชาย','ธีระเดช','จันทร์เหนือ','1347600057901',1,NULL,9,0,1,2566,'3342000176358','0000-00-00'),(154,'1818',9,'เด็กชาย','พิพัฒน์พล','พิมพ์วิเศษ','1342200156869',1,NULL,9,0,1,2566,'3342000176358','0000-00-00'),(155,'1812',3,'เด็กชาย','ณัฐณรงค์','คำภูเรือง','1349901771159',1,NULL,9,0,1,2566,'3342000176358','0000-00-00'),(156,'1821',11,'เด็กชาย','วัชรพล','วามะกัน','1342200156133',1,NULL,9,0,1,2566,'3342000176358','0000-00-00'),(157,'1813',4,'เด็กชาย','ณรงค์ชัย','เลขสัน','1347600061142',1,NULL,9,0,1,2566,'3342000176358','0000-00-00'),(158,'1822',12,'เด็กหญิง','ชนัญชิตา','พิลารัตน์','1342200158110',2,NULL,9,0,1,2566,'1450700128233','0000-00-00'),(232,'1739',13,'เด็กหญิง','อัญธิศา','โพธิสาร','1342200141683',2,NULL,9,0,1,2561,'','0000-00-00'),(231,'1738',12,'เด็กหญิง','นิชธาวัลย์','ภาษาดี','1349901439341',2,NULL,9,0,1,2561,'','0000-00-00'),(230,'1735',11,'เด็กหญิง','สโรชา','แก้วคำกอง','1342200142248',2,NULL,9,0,1,2561,'','0000-00-00'),(229,'1744',10,'เด็กหญิง','ภัทรธิดา','จันดีเลิศ','1349901435485',2,NULL,9,0,1,2561,'','0000-00-00'),(228,'1741',9,'เด็กหญิง','พรไพลิน','บุญประชม','1349901422723',2,NULL,9,0,1,2561,'','0000-00-00'),(227,'1734',8,'เด็กหญิง','ปวีณ์สุดา','ขุนโทนิล','1342200141110',2,NULL,9,0,1,2561,'','0000-00-00'),(226,'1727',7,'เด็กชาย','พิจักษณ์','ดอนวิไทย','1104700145339',1,NULL,9,0,1,2561,'','0000-00-00'),(225,'1733',6,'เด็กชาย','พรชัย','เวียงคำ','1342200141306',1,NULL,9,0,1,2561,'','0000-00-00'),(224,'1729',5,'เด็กชาย','ภูรินทร์','ด้วงทอง','1342200141969',1,NULL,9,0,1,2561,'','0000-00-00'),(223,'1728',4,'เด็กชาย','สุริยา','ดาลุน','1349901404571',1,NULL,9,0,1,2561,'','0000-00-00'),(222,'1725',3,'เด็กชาย','ศรัณย์','วรโยธา','1342200142191',1,NULL,9,0,1,2561,'','0000-00-00'),(221,'1732',2,'เด็กชาย','อนันต์ยศ','วรรณประภา','1342200142264',1,NULL,9,0,1,2561,'','0000-00-00'),(220,'1731',1,'เด็กชาย','ธนากร','วรรณประภา','1342200143015',1,NULL,9,0,1,2561,'','0000-00-00'),(219,'1756',14,'เด็กหญิง','ศดานันท์','เวียงคำ','1410701120856',2,NULL,9,0,1,2562,'','0000-00-00'),(218,'1757',13,'เด็กหญิง','สรณ์สิริ','บัวใหญ่','1349901507753',2,NULL,9,0,1,2562,'','0000-00-00'),(217,'1753',12,'เด็กหญิง','ธีรดา','บุญลา','1342200144542',2,NULL,9,0,1,2562,'','0000-00-00'),(216,'1755',11,'เด็กหญิง','มิรัญญา','อินทะพิมพ์','1209601569321',2,NULL,9,0,1,2562,'','0000-00-00'),(215,'1758',10,'เด็กหญิง','ภัทรวดี','นามวงษ์','1342200144089',2,NULL,9,0,1,2562,'','0000-00-00'),(320,'1898',1,'เด็กชาย','จักรธร','วิชลิน','1342200164845',1,'',7,0,0,NULL,'1450700128233','2020-08-17'),(212,'1746',7,'เด็กชาย','เจษฎา','สุจันทา','1349901468324',1,NULL,9,0,1,2562,'','0000-00-00'),(211,'1751',6,'เด็กชาย','เอกรินทร์','ปัญญาวัน','1342200144054',1,NULL,9,0,1,2562,'','0000-00-00'),(210,'1750',5,'เด็กชาย','ณัฐพล','ทองละมุล','1349901469011',1,NULL,9,0,1,2562,'','0000-00-00'),(208,'1760',3,'เด็กชาย','อิทธิชัย','ป้องชนะ','1349800506956',1,NULL,9,0,1,2562,'','0000-00-00'),(209,'1748',4,'เด็กชาย','อนุวัฒน์','เยาวศรี','1342200143881',1,NULL,9,0,1,2562,'','0000-00-00'),(207,'1747',2,'เด็กชาย','นฤเบศณ์','จะแรบรัมย์','1349901479008',1,NULL,9,0,1,2562,'','0000-00-00'),(198,'1765',6,'เด็กชาย','สมรรถชัย','คำภูเรือง','1348900202125',1,NULL,9,0,1,2562,'','0000-00-00'),(199,'1802',7,'เด็กชาย','ธราธร','จันทะไข่สร','1342200146367',1,NULL,9,0,1,2563,'','0000-00-00'),(200,'1770',8,'เด็กหญิง','ชนัญชิดา','ทวีกาล','1349901575881',2,NULL,9,0,1,2563,'','0000-00-00'),(201,'1767',9,'เด็กหญิง','กนกพร','ทองเนตร','1349901535412',2,NULL,9,0,1,2563,'','0000-00-00'),(202,'1771',10,'เด็กหญิง','ชนัญชิดา','สีดา','1349901563106',2,NULL,9,0,1,2563,'3342000176358','0000-00-00'),(203,'1768',11,'เด็กหญิง','กนกอร','แก้วเคนมา','1342200149358',2,NULL,9,0,1,2563,'1342200047652','0000-00-00'),(204,'1772',12,'เด็กหญิง','พรทิพย์','สารวรรณ','1349901546317',2,NULL,9,0,1,2563,'','0000-00-00'),(205,'1769',13,'เด็กหญิง','ทรัพย์ทวี','บุญประชุม','1349901580353',2,NULL,9,0,1,2563,'','0000-00-00'),(206,'1807',1,'เด็กชาย','พิพัฒน์','หนูกูล','1319800506956',1,NULL,9,0,1,2562,'','0000-00-00'),(180,'1796',11,'เด็กชาย','อชิตพล','คำภาคต','1342200153509',1,NULL,5,0,2,2562,'1450700128233','0000-00-00'),(179,'1795',7,'เด็กชาย','ศุภกร','พิลารัตน์','1342200153525',1,NULL,9,0,1,2565,'3342000176358','0000-00-00'),(177,'1792',5,'เด็กชาย','พงศธร','บุญประชม','1342200153363',1,NULL,9,0,1,2565,'3342000176358','0000-00-00'),(176,'1791',4,'เด็กชาย','วัชรภูมิ','แก้วคำกอง','1342200153878',1,NULL,9,0,1,2565,'3342000176358','0000-00-00'),(174,'1789',3,'เด็กชาย','บรรพต','ศรีตุ้มแก้ว','1119902583897',1,NULL,9,0,1,2565,'3342000176358','0000-00-00'),(171,'1806',9,'เด็กชาย','ณัฐยศ','สร้อยมาลุน','1342200155421',1,NULL,9,0,1,2565,'3342000176358','0000-00-00'),(172,'1786',1,'เด็กชาย','จิราพัชร','วงษาลี','1349901675176',1,NULL,9,0,1,2565,'3342000176358','0000-00-00'),(168,'1825',22,'เด็กหญิง','ณัฐณิชา','พุทธานุ','1342200156699',2,NULL,5,0,2,2562,'1450700128233','0000-00-00'),(250,'1711',15,'เด็กหญิง','วรนุช','ชื่นตา','1349901383396',2,NULL,9,0,1,2561,'','0000-00-00'),(249,'1724',14,'เด็กหญิง','ปิ่นไปรญา','อินทะพิมพ์','1341501460850',2,NULL,9,0,1,2561,'','0000-00-00'),(248,'1721',13,'เด็กหญิง','ธนัชพร','สร้อยมาลุน','1342200139719',2,NULL,9,0,1,2561,'','0000-00-00'),(247,'1720',12,'เด็กหญิง','พลอยชมภู','พิมพ์แก้ว','1349901353373',2,NULL,9,0,1,2561,'','0000-00-00'),(246,'1717',11,'เด็กหญิง','ประภัสสร','สังข์สงค์หา','1342200137368',2,NULL,9,0,1,2561,'','0000-00-00'),(245,'1809',10,'เด็กชาย','อภิรักษ์','มีลา','1250101638554',1,NULL,9,0,1,2561,'','0000-00-00'),(244,'1808',9,'เด็กชาย','อภิสิทธิ์','มีลา','1250101638546',1,NULL,9,0,1,2561,'','0000-00-00'),(243,'1707',8,'เด็กชาย','ภัทรพล','กลไกล','1349901355902',1,NULL,9,0,1,2561,'','0000-00-00'),(242,'1704',7,'เด็กชาย','ยศพล','พงศ์ประเสริฐ','1349901378007',1,NULL,9,0,1,2561,'','0000-00-00'),(241,'1702',6,'เด็กชาย','ศตพร','เพ็งยะนะ','1349901395653',1,NULL,9,0,1,2561,'','0000-00-00'),(240,'1710',5,'เด็กชาย','จิรัฏฐ์','บุญมาพันธ์','1349901334301',1,NULL,9,0,1,2561,'','0000-00-00'),(239,'1708',4,'เด็กชาย','วัชรินทร์','จันดีเลิศ','1342200140369',1,NULL,9,0,1,2561,'','0000-00-00'),(238,'1706',3,'เด็กชาย','ยุทธนา','วามะกัน','1342200140431',1,NULL,9,0,1,2561,'','0000-00-00'),(237,'1705',2,'เด็กชาย','เจษฏาภรณ์','กัญญาทอง','1342200139921',1,NULL,9,0,1,2561,'','0000-00-00'),(236,'1703',1,'เด็กชาย','ธีรภัทร','จำปาศรี','1342200139336',1,NULL,9,0,1,2561,'','0000-00-00'),(235,'1743',16,'เด็กหญิง','อมราพร','สายสมุทร','1342200142124',2,NULL,9,0,1,2561,'','0000-00-00'),(234,'1742',15,'เด็กหญิง','อ้อมภรณ์','ปัญญาวัน','1349901408208',2,NULL,9,0,1,2561,'','0000-00-00'),(233,'1740',14,'เด็กหญิง','ญาณัจฉรา','มาตบุญโท','1342200141292',2,NULL,9,0,1,2561,'','0000-00-00'),(147,'1817',8,'เด็กชาย','ปัญญา','พรมยม','1349901771493',1,NULL,9,0,1,2566,'3342000176358','0000-00-00'),(148,'1814',5,'เด็กชาย','ธนพร','สาระวรรณ','1349901804863',1,NULL,9,0,1,2566,'3342000176358','0000-00-00'),(149,'1816',7,'เด็กชาย','ธวัชชัย','เพ็งยะนะ','1342200155935',1,NULL,9,0,1,2566,'3342000176358','0000-00-00'),(150,'1810',1,'เด็กชาย','เจษฎากร','บุญประชุม','1341501536201',1,NULL,9,0,1,2566,'3342000176358','0000-00-00'),(268,'1845',3,'เด็กชาย','วันเฉลิม','พลถาวร','1349901951416',1,'',9,0,0,NULL,'3342000176358','2017-09-16'),(269,'1846',4,'เด็กชาย','สิรภพ','จันทรง','1349901923552',1,'',9,0,0,NULL,'3342000176358','2017-09-16'),(270,'1847',5,'เด็กชาย','อภิชาติ','แสงสุตา',' 	1342200161170',1,'',9,0,0,NULL,'3342000176358','2017-09-16'),(271,'1848',10,'เด็กหญิง','ฐิติกาญจน์','หีบแก้ว','1342200161528',2,'',9,0,0,NULL,'3342000176358','2017-09-16'),(272,'1849',11,'เด็กหญิง','ลักษมี','พรมมาโฮม','1348700111053',2,'',9,0,2,2568,'3340701154472','2017-09-16'),(274,'1853',9,'เด็กชาย','จีระพัฒน์','เนียมงาม','1209000777310',1,'',3,0,2,2562,'1450700128233','2017-09-16'),(275,'1835',1,'เด็กชาย','กิตติศักดิ์','ประทุมทอง','1349901849433',1,'',9,0,1,2567,'3342000176358','2017-09-16'),(277,'1837',2,'เด็กชาย','ณภัทร','ทองเนตร',' 1349901909614',1,'',7,0,2,2564,'3341500367682','2017-09-16'),(278,'1838',2,'เด็กชาย','สุรดิษ','บุญประชม','1341501549931',1,'',9,0,1,2567,'3342000176358','2017-09-16'),(279,'1839',3,'เด็กชาย','เอกชัย','แก้วเหนือ','1342200159035',1,'',9,0,1,2567,'3342000176358','2017-09-16'),(280,'1840',4,'เด็กหญิง','ณัฏฐธิดา','ชาติดำรงค์','1342200160947',2,'',9,0,1,2567,'3342000176358','2017-09-16'),(281,'1841',5,'เด็กหญิง','นันทิยา','แก้วเคนมา','1342200159329',2,'',9,0,1,2567,'3342000176358','2017-09-16'),(282,'1842',6,'เด็กหญิง','อัญชลี','กลไกร','1342200160971',2,'',9,0,1,2567,'3342000176358','2017-09-16'),(283,'1851',17,'เด็กชาย','วุฒิไกร','สีมาทอง','1342200143163',1,'',9,0,1,2561,'1450700128233','2017-09-16'),(284,'1850',19,'เด็กหญิง','รุ่งเพชร','แก้วสุราช','1342200158217',2,'',9,0,1,2566,'3342000176358','2017-09-16'),(285,'3086',20,'เด็กหญิง','ธิญาดา','จันสาขะ','1342200156346',2,'',8,0,2,2566,'3342000176358','2017-09-16'),(286,'1871',3,'เด็กชาย','ธีรยุทธ','บุญประชม','1349901548573',1,'',9,0,1,2563,'3342000176358','2019-07-10'),(287,'1774',14,'เด็กหญิง','โสรยา','สิมาวัน','1342200148254',2,'',9,0,1,2563,'1450700128233','2019-07-10'),(288,'1856',7,'เด็กชาย','พีมรภพ','มุทุวงค์','1342200151239',1,'',9,0,1,2564,'3342000176358','2019-07-10'),(289,'1869',9,'เด็กชาย','บุญรอด','อันทะศรี','1349901667131',1,'',9,0,1,2564,'3342000176358','2019-07-10'),(290,'1870',8,'เด็กชาย','ตะวัน','อันทะศรี','1349901667149',1,'',9,0,1,2564,'3342000176358','2019-07-10'),(291,'618',10,'เด็กหญิง','ผกาวรรณ','ชานิตย์','1349901646699',2,'',9,0,1,2564,'3342000176358','2019-07-10'),(292,'1855',7,'เด็กชาย','วีรภัทร','บุญประชม','1342200143422',1,'',9,0,1,2562,'1450700128233','2019-07-10'),(293,'1872',13,'เด็กชาย','วิทวัส','นามวงษ์','1342200154459',1,'',9,0,1,2565,'3342000176358','2019-07-10'),(294,'3030',12,'เด็กชาย','เกรียงศักดิ์','เวียงคำ','1347600050710',1,'',9,0,1,2565,'3342000176358','2019-07-10'),(295,'1857',6,'เด็กชาย','ธนพล','ดำพระทิก','1349901953788',1,'',9,0,0,NULL,'3342000176358','2019-07-15'),(296,'1862',7,'เด็กชาย','โชคมงคล','สุขรักษ์','	1349901959239',1,'',9,0,0,NULL,'3342000176358','2019-07-15'),(297,'1863',8,'เด็กชาย','ธนพล','ธิสงคาม','	1349901964534',1,'',9,0,0,NULL,'3342000176358','2019-07-15'),(298,'1864',9,'เด็กชาย','วรวัช','นารีษา','1349901968726',1,'',9,0,0,NULL,'3342000176358','2019-07-15'),(300,'1866',12,'เด็กหญิง','กรรณิการ์','จะแรบรัมย์','1100401681740',2,'',9,0,0,NULL,'3342000176358','2019-07-15'),(301,'1867',13,'เด็กหญิง','ฐิตินันท์','พันธมาตย์','1349901933701',2,'',9,0,0,NULL,'3342000176358','2019-07-15'),(302,'1868',14,'เด็กหญิง','ณัฐชา','สุจันทา','1399900510688	',2,'',9,0,0,NULL,'3342000176358','2019-07-15'),(303,'1858',6,'เด็กชาย','พัชรพงษ์','วงค์ปัสสา','	1348500170102',1,'',8,0,0,NULL,'3342000176358','2019-07-15'),(304,'1859',9,'เด็กชาย','ยุทธนา','ภาษาดี','1349902038897',1,'',8,0,0,NULL,'3342000176358','2019-07-15'),(305,'1860',11,'เด็กชาย','อัครินทร์','ปัญญาวัน','1341501573930',1,'',8,0,0,NULL,'3342000176358','2019-07-15'),(306,'1861',15,'เด็กหญิง','อภิชญา','ศรีสะอาด','1348900359628',2,'',8,0,0,NULL,'3342000176358','2019-07-15'),(307,'1873',1,'เด็กชาย','กิตตินันท์','กันหาสาย','1342200164438',1,'',8,0,0,NULL,'3342000176358','2019-07-15'),(308,'1874',3,'เด็กชาย','ธนโชติ','สังข์สงค์หา','1341501572275',1,'',8,0,0,NULL,'3342000176358','2019-07-15'),(309,'1875',5,'เด็กชาย','พงศภัค','ทองอนันต์','1342200163741',1,'',8,0,0,NULL,'3342000176358','2019-07-15'),(310,'1876',7,'เด็กชาย','พูลทรัพย์','พันธมาตย์','1342200164012',1,'',8,0,0,NULL,'3342000176358','2019-07-15'),(311,'1877',9,'เด็กชาย','ภูมิมินทร์','เพ็งยะนะ','1341501577757',1,'',5,0,2,2565,'3342000176358','2019-07-15'),(312,'1878',8,'เด็กชาย','	ภูวดล','สมบูรณ์','1342200163849',1,'',8,0,0,NULL,'3342000176358','2019-07-15'),(313,'1890',2,'เด็กชาย','ณัฐวุฒิ','สารีพวง','1339600336852',1,'',8,0,0,NULL,'3342000176358','2019-07-15'),(314,'1880',10,'เด็กชาย','วันเฉลิม','ตาธุวัน','1349902022958',1,'',8,0,2,2568,'3342000176358','2019-07-15'),(315,'1881',12,'เด็กหญิง','ชนิดาภา','พันธ์โสรี','1749901519847',2,'',8,0,0,NULL,'3342000176358','2019-07-15'),(316,'1882',13,'เด็กหญิง','ทิพย์เกษร','ลอยหมื่นไว','1349902000938',2,'',8,0,0,NULL,'3342000176358','2019-07-15'),(317,'1883',14,'เด็กหญิง','นภัสรา','สุขนา','1347600101446',2,'',8,0,0,NULL,'3342000176358','2019-07-15'),(318,'1891',15,'เด็กหญิง','เอลิสซาบธ อินเกแลรี	','พรมจันทร์','	1349901974181',2,'',9,0,0,NULL,'3342000176358','2019-07-15'),(319,'1887',4,'เด็กชาย','นิธิกรณ์  ','จันทร์ทะนิด','1349902014050',1,'',8,0,0,NULL,'3342000176358','2019-07-15'),(321,'1899',2,'เด็กชาย','ชนาธิป','บุญมาชู','1341501585016	',1,'',7,0,0,NULL,'1450700128233','2020-08-17'),(322,'1900',3,'เด็กชาย','โชคเรืองทรัพย์','วราพุทธ','1341501582122',1,'',7,0,0,NULL,'1450700128233','2020-08-17'),(323,'1901',4,'เด็กชาย','ณรงค์ฤทธิ์','กันทอง','1342200164896',1,'',7,0,0,NULL,'1450700128233','2020-08-17'),(324,'1902',5,'เด็กชาย','นัทพงศ์','วงษ์สาลี','1240401291711',1,'',7,0,0,NULL,'1450700128233','2020-08-17'),(325,'1903',6,'เด็กชาย','พงศ์พัทธ์','ทุมมากรณ์','	1349902098105',1,'',7,0,0,NULL,'1450700128233','2020-08-17'),(326,'1904',7,'เด็กหญิง','เจริญทรัพย์','นิยมคำ','1209000928440',2,'',7,0,0,NULL,'1450700128233','2020-08-17'),(327,'1905',8,'เด็กหญิง','ณัฐณิชา','มาลา','1342200165078',2,'',7,0,0,NULL,'1450700128233','2020-08-17'),(328,'1906',9,'เด็กหญิง','ณิชากร','วรพุฒ','1341501594163',2,'',4,0,2,2565,'1450700128233','2020-08-17'),(329,'1907',9,'เด็กหญิง','รฐิกานต์','ป้องชนะ','1342200165094',2,'',7,0,0,NULL,'3342000176358','2020-08-17'),(330,'1897',16,'เด็กหญิง','กิตติมา','อภัยโส','1342200161943',2,'',9,0,0,NULL,'3342000176358','2020-08-17'),(331,'1908',16,'เด็กหญิง','พรรธิตา','วงษ์สาลี','1240401222817',2,'',9,0,1,2563,'1450700128233','2020-08-17'),(332,'1909',11,'เด็กชาย','ศิรวิทย์  ','บุญวัง','1240401228637',1,'',9,0,1,2564,'3342000176358','2020-10-08'),(336,'1910',24,'เด็กหญิง','ชญานุช','เปรมทอง','1349901797361',2,'',8,0,2,2565,'3342000176358','2020-12-23'),(334,'1911',21,'เด็กชาย','โรเบิร์ตจูเนียร์ อินเกแลรี','พรมจันทร์','1349901804715',1,'',9,0,1,2566,'1342200047652','2020-10-08'),(335,'1912',15,'เด็กหญิง','อมรรัตน์','เวียงคำ','1342200147983',2,'',9,0,1,2563,'3342000176358','2020-10-08'),(337,'1914',17,'เด็กหญิง','พิชญาพร','นามวงษ์','1900101641834',2,'',9,0,1,2563,'1342200047652','2021-01-21'),(338,'1913',2,'เด็กชาย','ธีรเดช','วามะกัน','1342200166708',1,'',6,0,0,NULL,'1342200047652','2021-06-29'),(339,'1915',4,'เด็กชาย','พิษณุ  ','เพ็งยะนะ','1348700130201',1,'',6,0,0,NULL,'1342200047652','2021-07-01'),(340,'1916',5,'เด็กหญิง','ฐิตาพร','สร้อยมาลุน','1342200166694',2,'',6,0,0,NULL,'1342200047652','2021-07-01'),(341,'1917',6,'เด็กหญิง','กนกรัตน์','พรมทา','1341501603171',2,'',6,0,0,NULL,'1342200047652','2021-07-01'),(342,'1918',7,'เด็กหญิง','พศิกา','กัลยาณี','1342200166341',2,'',6,0,0,NULL,'1342200047652','2021-07-01'),(343,'1919',1,'เด็กชาย','เกียรติศักดิ์','จันดีเลิศ','1349902124688',1,'',6,0,0,NULL,'1342200047652','2021-07-01'),(344,'1920',3,'เด็กชาย','ธีรพัฒน์','มีหิริ','1349902128608',1,'',6,0,0,NULL,'1342200047652','2021-07-01'),(360,'1934',17,'เด็กชาย','เจษฎา','วงษาเลิศ','1100704382579',1,'',9,0,0,NULL,'3342000176358','2022-09-19'),(347,'1923',7,'เด็กชาย','จิระติกานต์','สิงห์วงษ์','1319800662079',1,'',7,0,2,2565,'1342200047652','2022-03-09'),(348,'1924',1,'เด็กชาย','อานนท์','ทนทาน','1149901528329',1,'',5,0,0,NULL,'3342000176358','2022-05-17'),(349,'1925',2,'เด็กหญิง','ธนัชชา  ','วะราพุทธ','1342200167241',2,'',5,0,0,NULL,'3340700779215','2022-05-17'),(350,'1926',3,'เด็กหญิง','บุษยมาศ  ','บุญกาญจน์','1349902223619',2,'',2,0,2,2566,'3342000176358','2022-05-17'),(351,'1927',4,'เด็กหญิง','พรพิมล  ','บุญกาญจน์','1349902223589',2,'',2,0,2,2566,'3342000176358','2022-05-17'),(352,'1928',3,'เด็กหญิง','พลอยชมพู  ','ทองอนันต์','1349902226235',2,'',5,0,0,NULL,'1342200047652','2022-05-17'),(353,'1929',4,'เด็กหญิง','พลอยไพลิน  ','นามวงษ์','1342200167097',2,'',5,0,0,NULL,'1342200047652','2022-05-17'),(354,'1930',5,'เด็กหญิง','มนธิรา  ','สอนอาจ','1341501621357',2,'',5,0,0,NULL,'1342200047652','2022-05-17'),(355,'1931',10,'เด็กชาย','ธณากรณ์','วงษาเลิศ','1100704582241',1,'',7,0,0,NULL,'1342200047652','2022-05-17'),(356,'1941',12,'เด็กชาย','ธีระยุทธ  ','ไชยคง','1949901038383',1,'',7,0,0,0,'1342200047652','2022-05-17'),(357,'1933',11,'เด็กหญิง','กานต์ธีรา  ','สอนจิ๋ว','1539901269648',2,'',7,0,2,2568,'1342200047652','2022-05-17'),(359,'1935',18,'เด็กชาย','ออมสมบัติ','คำใส ','1347600089349',1,'',9,0,0,NULL,'3342000176358','2022-09-19'),(361,'1936',1,'เด็กชาย','จิรวัฒ','ศรีเมือง','1341501631646',1,'',4,0,0,NULL,'3342000176358','2023-05-23'),(362,'1937',2,'เด็กชาย','ธนกฤต','พรมสุข','1349902262274',1,'',4,0,0,NULL,'3342000176358','2023-05-23'),(363,'1938',3,'เด็กชาย','อดิภา  ','ทองอนันต์','1342200168166',1,'',4,0,0,NULL,'3342000176358','2023-05-23'),(364,'1939',4,'เด็กหญิง','พิชญา ','สุขนา','1347600149601',2,'',4,0,0,NULL,'3342000176358','2023-05-23'),(365,'1940',5,'เด็กชาย','ธีระเดช  ','ไชยคง','1949901169275',1,'',4,0,0,NULL,'3342000176358','2023-05-23'),(366,'1942',1,'เด็กชาย','ธนาธร  ','สิมาวัน','1347600154035',1,'',3,0,0,0,'3342000176358','2024-05-16'),(367,'1943',2,'เด็กชาย','ธีรดลย์  ','บุญประชม','1347600149970',1,'',3,0,0,NULL,'3342000176358','2024-05-16'),(368,'1944',3,'เด็กชาย','บวรวิชญ์  ','จันทร์ทะนิด','1349902306263',1,'',3,0,0,NULL,'3342000176358','2024-05-16'),(369,'1945',4,'เด็กชาย','พิชัยยุทธ  ','ทองเนตร','1349902303558',1,'',3,0,0,NULL,'3340700779215','2024-05-16'),(370,'1946',5,'เด็กหญิง','กนกพร  ','สวัสดี','1347600151168',2,'',3,0,0,NULL,'3342000176358','2024-05-16'),(371,'1947',6,'เด็กหญิง','นพรดา','ระยับศรี','1341501644161',2,'',3,0,0,NULL,'3342000176358','2024-05-16'),(372,'1948',7,'เด็กหญิง','พัชญา','กุคำพุทธ','1341501644055',2,'',3,0,0,NULL,'3342000176358','2024-05-16'),(373,'1949',19,'เด็กชาย','จักรพรรดิ์','ศรีษะ','1348900323704',1,'',9,0,0,NULL,'3342000176358','2024-05-16'),(374,'1950',1,'เด็กชาย','กิตติศักดิ์','ผาดี','1346400001366',1,'',2,0,0,NULL,'3340700779215','2025-05-16'),(375,'1951',2,'เด็กชาย','โชคเรืองทรัพย์  ','บุญประชม','1346400011761',1,'',2,0,0,NULL,'3340700779215','2025-05-16'),(376,'1952',3,'เด็กชาย','ณัฎฐพล  ','ด้วงทอง','1348900523321',1,'',2,0,0,NULL,'3340700779215','2025-05-16'),(377,'1953',4,'เด็กชาย','ธนภัทร  ','หีบแก้ว','1342200169669',1,'',2,0,0,NULL,'3340700779215','2025-05-16'),(378,'1954',5,'เด็กชาย','พิสุจน์','ทองเนตร','1349902382547',1,'',2,0,0,NULL,'3340700779215','2025-05-16'),(379,'1955',6,'เด็กชาย','ภควัต','สาระวัน','1342200170187',1,'',2,0,0,NULL,'3340700779215','2025-05-16'),(380,'1956',7,'เด็กหญิง','กานต์ธีรา  ','พันธมาต','1349902379104',2,'',2,0,0,NULL,'3340700779215','2025-05-16'),(381,'1957',8,'เด็กหญิง','นภาพร  ','บุญให้','1342200169928',2,'',2,0,0,NULL,'3340700779215','2025-05-16'),(382,'1958',9,'เด็กหญิง','นริสรา  ','นามวงษ์','1341501657637',2,'',2,0,0,NULL,'3340700779215','2025-05-16'),(383,'1959',10,'เด็กหญิง','ปิยพร  ','วิชริน','1342200169634',2,'',2,0,0,NULL,'3340700779215','2025-05-16'),(384,'1960',11,'เด็กหญิง','สุทธิดา  ','วงษ์สาลี','1240401330601',2,'',2,0,0,NULL,'3340700779215','2025-05-16'),(385,'1961',13,'เด็กหญิง','ธัญพิชชา  ','จันทร์สด','1341501581088',2,'',7,0,0,NULL,'3340700779215','2025-06-30');

--
-- Table structure for table `student_main_class`
--

CREATE TABLE `student_main_class` (
  `id` int(11) NOT NULL AUTO_INCREMENT,
  `class_code` tinyint(4) NOT NULL,
  `class_name` varchar(150) NOT NULL,
  PRIMARY KEY (`id`),
  UNIQUE KEY `class_code` (`class_code`)
) ENGINE=MyISAM AUTO_INCREMENT=10 DEFAULT CHARSET=utf8 COLLATE=utf8_general_ci;

--
-- Dumping data for table `student_main_class`
--

INSERT INTO `student_main_class` VALUES (1,2,'อนุบาล1'),(2,3,'อนุุบาล2'),(3,4,'ประถมศึกษาปีที่1'),(4,5,'ประถมศึกษาปีที่2'),(5,6,'ประถมศึกษาปีที่3'),(6,7,'ประถมศึกษาปีที่4'),(7,8,'ประถมศึกษาปีที่5'),(8,9,'ประถมศึกษาปีที่6');

--
-- Table structure for table `student_main_classlog`
--

CREATE TABLE `student_main_classlog` (
  `id` int(11) NOT NULL AUTO_INCREMENT,
  `ed_year` int(11) NOT NULL,
  `student_id` varchar(7) NOT NULL,
  `student_number` int(11) DEFAULT NULL,
  `class_code` tinyint(4) NOT NULL,
  `room` tinyint(4) DEFAULT 0,
  `officer` varchar(13) NOT NULL,
  `rec_date` date NOT NULL,
  PRIMARY KEY (`id`)
) ENGINE=MyISAM AUTO_INCREMENT=1035 DEFAULT CHARSET=utf8 COLLATE=utf8_general_ci;

--
-- Dumping data for table `student_main_classlog`
--

INSERT INTO `student_main_classlog` VALUES (1,2559,'1817',1,2,0,'3341501554940','2016-07-25'),(2,2559,'1814',2,2,0,'3341501554940','2016-07-25'),(3,2559,'1816',3,2,0,'3341501554940','2016-07-25'),(4,2559,'1810',4,2,0,'3341501554940','2016-07-25'),(5,2559,'1820',5,2,0,'3341501554940','2016-07-25'),(6,2559,'1811',6,2,0,'3341501554940','2016-07-25'),(7,2559,'1815',7,2,0,'3341501554940','2016-07-25'),(8,2559,'1818',8,2,0,'3341501554940','2016-07-25'),(9,2559,'1812',9,2,0,'3341501554940','2016-07-25'),(10,2559,'1821',10,2,0,'3341501554940','2016-07-25'),(11,2559,'1813',11,2,0,'3341501554940','2016-07-25'),(12,2559,'1822',12,2,0,'3341501554940','2016-07-25'),(13,2559,'1826',13,2,0,'3341501554940','2016-07-25'),(14,2559,'1834',14,2,0,'3341501554940','2016-07-25'),(15,2559,'1833',15,2,0,'3341501554940','2016-07-25'),(16,2559,'1829',16,2,0,'3341501554940','2016-07-25'),(17,2559,'1828',17,2,0,'3341501554940','2016-07-25'),(18,2559,'1831',18,2,0,'3341501554940','2016-07-25'),(19,2559,'1824',19,2,0,'3341501554940','2016-07-25'),(20,2559,'1832',20,2,0,'3341501554940','2016-07-25'),(21,2559,'1827',21,2,0,'3341501554940','2016-07-25'),(22,2559,'1825',22,2,0,'3341501554940','2016-07-25'),(23,2559,'1823',23,2,0,'3341501554940','2016-07-25'),(24,2559,'1794',1,3,0,'3341501554940','2016-07-25'),(25,2559,'1806',2,3,0,'3341501554940','2016-07-25'),(26,2559,'1786',3,3,0,'3341501554940','2016-07-25'),(27,2559,'1788',4,3,0,'3341501554940','2016-07-25'),(28,2559,'1789',5,3,0,'3341501554940','2016-07-25'),(29,2559,'1790',6,3,0,'3341501554940','2016-07-25'),(30,2559,'1791',7,3,0,'3341501554940','2016-07-25'),(31,2559,'1792',8,3,0,'3341501554940','2016-07-25'),(32,2559,'1793',9,3,0,'3341501554940','2016-07-25'),(33,2559,'1795',10,3,0,'3341501554940','2016-07-25'),(34,2559,'1796',11,3,0,'3341501554940','2016-07-25'),(35,2559,'1797',12,3,0,'3341501554940','2016-07-25'),(36,2559,'1798',13,3,0,'3341501554940','2016-07-25'),(37,2559,'1799',14,3,0,'3341501554940','2016-07-25'),(38,2559,'1801',15,3,0,'3341501554940','2016-07-25'),(39,2559,'1776',1,4,0,'3341501554940','2016-07-25'),(40,2559,'1781',2,4,0,'3341501554940','2016-07-25'),(41,2559,'1778',3,4,0,'3341501554940','2016-07-25'),(42,2559,'1780',4,4,0,'3341501554940','2016-07-25'),(43,2559,'1782',5,4,0,'3341501554940','2016-07-25'),(44,2559,'1783',6,4,0,'3341501554940','2016-07-25'),(45,2559,'1785',7,4,0,'3341501554940','2016-07-25'),(46,2559,'1784',8,4,0,'3341501554940','2016-07-25'),(47,2559,'1764',1,5,0,'3341501554940','2016-07-25'),(48,2559,'1761',2,5,0,'3341501554940','2016-07-25'),(49,2559,'1766',3,5,0,'3341501554940','2016-07-25'),(50,2559,'1762',4,5,0,'3341501554940','2016-07-25'),(51,2559,'1763',5,5,0,'3341501554940','2016-07-25'),(52,2559,'1765',6,5,0,'3341501554940','2016-07-25'),(53,2559,'1802',7,5,0,'3341501554940','2016-07-25'),(54,2559,'1770',8,5,0,'3341501554940','2016-07-25'),(55,2559,'1767',9,5,0,'3341501554940','2016-07-25'),(56,2559,'1771',10,5,0,'3341501554940','2016-07-25'),(57,2559,'1768',11,5,0,'3341501554940','2016-07-25'),(58,2559,'1772',12,5,0,'3341501554940','2016-07-25'),(59,2559,'1769',13,5,0,'3341501554940','2016-07-25'),(60,2559,'1807',1,6,0,'3341501554940','2016-07-25'),(61,2559,'1747',2,6,0,'3341501554940','2016-07-25'),(62,2559,'1760',3,6,0,'3341501554940','2016-07-25'),(63,2559,'1748',4,6,0,'3341501554940','2016-07-25'),(64,2559,'1750',5,6,0,'3341501554940','2016-07-25'),(65,2559,'1751',6,6,0,'3341501554940','2016-07-25'),(66,2559,'1746',7,6,0,'3341501554940','2016-07-25'),(67,2559,'1759',8,6,0,'3341501554940','2016-07-25'),(68,2559,'1787',9,6,0,'3341501554940','2016-07-25'),(69,2559,'1758',10,6,0,'3341501554940','2016-07-25'),(70,2559,'1755',11,6,0,'3341501554940','2016-07-25'),(71,2559,'1753',12,6,0,'3341501554940','2016-07-25'),(72,2559,'1757',13,6,0,'3341501554940','2016-07-25'),(73,2559,'1756',14,6,0,'3341501554940','2016-07-25'),(74,2559,'1731',1,7,0,'3341501554940','2016-07-25'),(75,2559,'1732',2,7,0,'3341501554940','2016-07-25'),(76,2559,'1725',3,7,0,'3341501554940','2016-07-25'),(77,2559,'1728',4,7,0,'3341501554940','2016-07-25'),(78,2559,'1729',5,7,0,'3341501554940','2016-07-25'),(79,2559,'1733',6,7,0,'3341501554940','2016-07-25'),(80,2559,'1727',7,7,0,'3341501554940','2016-07-25'),(81,2559,'1734',8,7,0,'3341501554940','2016-07-25'),(82,2559,'1741',9,7,0,'3341501554940','2016-07-25'),(83,2559,'1744',10,7,0,'3341501554940','2016-07-25'),(84,2559,'1735',11,7,0,'3341501554940','2016-07-25'),(85,2559,'1738',12,7,0,'3341501554940','2016-07-25'),(86,2559,'1739',13,7,0,'3341501554940','2016-07-25'),(87,2559,'1740',14,7,0,'3341501554940','2016-07-25'),(88,2559,'1742',15,7,0,'3341501554940','2016-07-25'),(89,2559,'1743',16,7,0,'3341501554940','2016-07-25'),(90,2559,'1703',1,8,0,'3341501554940','2016-07-25'),(91,2559,'1705',2,8,0,'3341501554940','2016-07-25'),(92,2559,'1706',3,8,0,'3341501554940','2016-07-25'),(93,2559,'1708',4,8,0,'3341501554940','2016-07-25'),(94,2559,'1710',5,8,0,'3341501554940','2016-07-25'),(95,2559,'1702',6,8,0,'3341501554940','2016-07-25'),(96,2559,'1704',7,8,0,'3341501554940','2016-07-25'),(97,2559,'1707',8,8,0,'3341501554940','2016-07-25'),(98,2559,'1808',9,8,0,'3341501554940','2016-07-25'),(99,2559,'1809',10,8,0,'3341501554940','2016-07-25'),(100,2559,'1717',11,8,0,'3341501554940','2016-07-25'),(101,2559,'1720',12,8,0,'3341501554940','2016-07-25'),(102,2559,'1721',13,8,0,'3341501554940','2016-07-25'),(103,2559,'1724',14,8,0,'3341501554940','2016-07-25'),(104,2559,'1711',15,8,0,'3341501554940','2016-07-25'),(105,2559,'1713',16,8,0,'3341501554940','2016-07-25'),(106,2559,'1714',17,8,0,'3341501554940','2016-07-25'),(107,2559,'1716',18,8,0,'3341501554940','2016-07-25'),(108,2559,'1718',19,8,0,'3341501554940','2016-07-25'),(109,2559,'1719',20,8,0,'3341501554940','2016-07-25'),(110,2559,'1722',21,8,0,'3341501554940','2016-07-25'),(111,2559,'1693',1,9,0,'3341501554940','2016-07-25'),(112,2559,'1694',2,9,0,'3341501554940','2016-07-25'),(113,2559,'1695',3,9,0,'3341501554940','2016-07-25'),(114,2559,'1696',4,9,0,'3341501554940','2016-07-25'),(115,2559,'1697',5,9,0,'3341501554940','2016-07-25'),(116,2559,'1698',6,9,0,'3341501554940','2016-07-25'),(117,2559,'1699',7,9,0,'3341501554940','2016-07-25'),(118,2559,'1700',8,9,0,'3341501554940','2016-07-25'),(119,2559,'1701',9,9,0,'3341501554940','2016-07-25'),(168,2560,'1764',1,6,0,'1450700128233','2017-09-16'),(169,2560,'1761',2,6,0,'1450700128233','2017-09-16'),(172,2560,'1762',4,6,0,'1450700128233','2017-09-16'),(174,2560,'1763',5,6,0,'1450700128233','2017-09-16'),(176,2560,'1765',6,6,0,'1450700128233','2017-09-16'),(179,2560,'1802',7,6,0,'1450700128233','2017-09-16'),(180,2560,'1770',8,6,0,'1450700128233','2017-09-16'),(181,2560,'1767',9,6,0,'1450700128233','2017-09-16'),(182,2560,'1771',10,6,0,'1450700128233','2017-09-16'),(183,2560,'1768',11,6,0,'1450700128233','2017-09-16'),(184,2560,'1772',12,6,0,'1450700128233','2017-09-16'),(185,2560,'1769',13,6,0,'1450700128233','2017-09-16'),(186,2560,'1807',1,7,0,'1450700128233','2017-09-16'),(187,2560,'1747',2,7,0,'1450700128233','2017-09-16'),(188,2560,'1760',3,7,0,'1450700128233','2017-09-16'),(189,2560,'1748',4,7,0,'1450700128233','2017-09-16'),(190,2560,'1750',5,7,0,'1450700128233','2017-09-16'),(191,2560,'1751',6,7,0,'1450700128233','2017-09-16'),(192,2560,'1746',7,7,0,'1450700128233','2017-09-16'),(193,2560,'1759',8,7,0,'1450700128233','2017-09-16'),(194,2560,'1787',9,7,0,'1450700128233','2017-09-16'),(195,2560,'1758',10,7,0,'1450700128233','2017-09-16'),(196,2560,'1755',11,7,0,'1450700128233','2017-09-16'),(197,2560,'1753',12,7,0,'1450700128233','2017-09-16'),(198,2560,'1757',13,7,0,'1450700128233','2017-09-16'),(199,2560,'1756',14,7,0,'1450700128233','2017-09-16'),(200,2560,'1731',1,8,0,'1450700128233','2017-09-16'),(201,2560,'1732',2,8,0,'1450700128233','2017-09-16'),(202,2560,'1725',3,8,0,'1450700128233','2017-09-16'),(203,2560,'1728',4,8,0,'1450700128233','2017-09-16'),(204,2560,'1729',5,8,0,'1450700128233','2017-09-16'),(205,2560,'1733',6,8,0,'1450700128233','2017-09-16'),(206,2560,'1727',7,8,0,'1450700128233','2017-09-16'),(207,2560,'1734',8,8,0,'1450700128233','2017-09-16'),(208,2560,'1741',9,8,0,'1450700128233','2017-09-16'),(209,2560,'1744',10,8,0,'1450700128233','2017-09-16'),(210,2560,'1735',11,8,0,'1450700128233','2017-09-16'),(211,2560,'1738',12,8,0,'1450700128233','2017-09-16'),(212,2560,'1739',13,8,0,'1450700128233','2017-09-16'),(213,2560,'1740',14,8,0,'1450700128233','2017-09-16'),(214,2560,'1742',15,8,0,'1450700128233','2017-09-16'),(215,2560,'1743',16,8,0,'1450700128233','2017-09-16'),(216,2560,'1703',1,9,0,'1450700128233','2017-09-16'),(217,2560,'1705',2,9,0,'1450700128233','2017-09-16'),(218,2560,'1706',3,9,0,'1450700128233','2017-09-16'),(219,2560,'1708',4,9,0,'1450700128233','2017-09-16'),(220,2560,'1710',5,9,0,'1450700128233','2017-09-16'),(221,2560,'1702',6,9,0,'1450700128233','2017-09-16'),(222,2560,'1704',7,9,0,'1450700128233','2017-09-16'),(223,2560,'1707',8,9,0,'1450700128233','2017-09-16'),(224,2560,'1808',9,9,0,'1450700128233','2017-09-16'),(225,2560,'1809',10,9,0,'1450700128233','2017-09-16'),(226,2560,'1717',11,9,0,'1450700128233','2017-09-16'),(227,2560,'1720',12,9,0,'1450700128233','2017-09-16'),(228,2560,'1721',13,9,0,'1450700128233','2017-09-16'),(229,2560,'1724',14,9,0,'1450700128233','2017-09-16'),(230,2560,'1711',15,9,0,'1450700128233','2017-09-16'),(231,2560,'1713',16,9,0,'1450700128233','2017-09-16'),(232,2560,'1714',17,9,0,'1450700128233','2017-09-16'),(233,2560,'1716',18,9,0,'1450700128233','2017-09-16'),(234,2560,'1718',19,9,0,'1450700128233','2017-09-16'),(235,2560,'1719',20,9,0,'1450700128233','2017-09-16'),(236,2560,'1722',21,9,0,'1450700128233','2017-09-16'),(237,2561,'1703',1,9,0,'1450700128233','2018-10-07'),(238,2561,'1705',2,9,0,'1450700128233','2018-10-07'),(239,2561,'1706',3,9,0,'1450700128233','2018-10-07'),(240,2561,'1708',4,9,0,'1450700128233','2018-10-07'),(241,2561,'1710',5,9,0,'1450700128233','2018-10-07'),(242,2561,'1702',6,9,0,'1450700128233','2018-10-07'),(243,2561,'1704',7,9,0,'1450700128233','2018-10-07'),(244,2561,'1707',8,9,0,'1450700128233','2018-10-07'),(245,2561,'1808',9,9,0,'1450700128233','2018-10-07'),(246,2561,'1809',10,9,0,'1450700128233','2018-10-07'),(247,2561,'1717',11,9,0,'1450700128233','2018-10-07'),(248,2561,'1720',12,9,0,'1450700128233','2018-10-07'),(249,2561,'1721',13,9,0,'1450700128233','2018-10-07'),(250,2561,'1724',14,9,0,'1450700128233','2018-10-07'),(251,2561,'1711',15,9,0,'1450700128233','2018-10-07'),(252,2561,'1713',16,9,0,'1450700128233','2018-10-07'),(253,2561,'1714',17,9,0,'1450700128233','2018-10-07'),(254,2561,'1716',18,9,0,'1450700128233','2018-10-07'),(255,2561,'1718',19,9,0,'1450700128233','2018-10-07'),(256,2561,'1719',20,9,0,'1450700128233','2018-10-07'),(257,2561,'1722',21,9,0,'1450700128233','2018-10-07'),(258,2560,'1843',1,1,0,'1450700128233','2018-10-07'),(259,2560,'1844',2,1,0,'1450700128233','2018-10-07'),(260,2560,'1845',3,1,0,'1450700128233','2018-10-07'),(261,2560,'1846',4,1,0,'1450700128233','2018-10-07'),(262,2560,'1847',5,1,0,'1450700128233','2018-10-07'),(263,2560,'1848',6,1,0,'1450700128233','2018-10-07'),(264,2560,'1849',7,1,0,'1450700128233','2018-10-07'),(265,2560,'1852',8,1,0,'1450700128233','2018-10-07'),(266,2560,'1853',9,1,0,'1450700128233','2018-10-07'),(267,2560,'1840',0,2,0,'1450700128233','2018-10-07'),(268,2560,'1841',0,2,0,'1450700128233','2018-10-07'),(269,2560,'1835',1,2,0,'1450700128233','2018-10-07'),(270,2560,'1836',2,2,0,'1450700128233','2018-10-07'),(271,2560,'1837',3,2,0,'1450700128233','2018-10-07'),(272,2560,'1838',4,2,0,'1450700128233','2018-10-07'),(273,2560,'1839',5,2,0,'1450700128233','2018-10-07'),(274,2560,'1842',8,2,0,'1450700128233','2018-10-07'),(275,2560,'1817',1,3,0,'1450700128233','2018-10-07'),(276,2560,'1814',2,3,0,'1450700128233','2018-10-07'),(277,2560,'1816',3,3,0,'1450700128233','2018-10-07'),(278,2560,'1810',4,3,0,'1450700128233','2018-10-07'),(279,2560,'1820',5,3,0,'1450700128233','2018-10-07'),(280,2560,'1811',6,3,0,'1450700128233','2018-10-07'),(281,2560,'1815',7,3,0,'1450700128233','2018-10-07'),(282,2560,'1818',8,3,0,'1450700128233','2018-10-07'),(283,2560,'1812',9,3,0,'1450700128233','2018-10-07'),(284,2560,'1821',10,3,0,'1450700128233','2018-10-07'),(285,2560,'1813',11,3,0,'1450700128233','2018-10-07'),(286,2560,'1822',12,3,0,'1450700128233','2018-10-07'),(287,2560,'1826',13,3,0,'1450700128233','2018-10-07'),(288,2560,'1834',14,3,0,'1450700128233','2018-10-07'),(289,2560,'1833',15,3,0,'1450700128233','2018-10-07'),(290,2560,'1829',16,3,0,'1450700128233','2018-10-07'),(291,2560,'1828',17,3,0,'1450700128233','2018-10-07'),(292,2560,'1831',18,3,0,'1450700128233','2018-10-07'),(293,2560,'1824',19,3,0,'1450700128233','2018-10-07'),(294,2560,'1832',20,3,0,'1450700128233','2018-10-07'),(295,2560,'1827',21,3,0,'1450700128233','2018-10-07'),(296,2560,'1825',22,3,0,'1450700128233','2018-10-07'),(297,2560,'1823',23,3,0,'1450700128233','2018-10-07'),(298,2560,'1850',24,3,0,'1450700128233','2018-10-07'),(299,2560,'3086',25,3,0,'1450700128233','2018-10-07'),(300,2560,'1794',1,4,0,'1450700128233','2018-10-07'),(301,2560,'1806',2,4,0,'1450700128233','2018-10-07'),(302,2560,'1786',3,4,0,'1450700128233','2018-10-07'),(303,2561,'1728',4,8,0,'1450700128233','2019-06-05'),(304,2561,'1729',5,8,0,'1450700128233','2019-06-05'),(305,2561,'1733',6,8,0,'1450700128233','2019-06-05'),(306,2561,'1727',7,8,0,'1450700128233','2019-06-05'),(307,2561,'1734',8,8,0,'1450700128233','2019-06-05'),(308,2561,'1741',9,8,0,'1450700128233','2019-06-05'),(309,2561,'1744',10,8,0,'1450700128233','2019-06-05'),(310,2561,'1735',11,8,0,'1450700128233','2019-06-05'),(311,2561,'1738',12,8,0,'1450700128233','2019-06-05'),(312,2561,'1739',13,8,0,'1450700128233','2019-06-05'),(313,2561,'1740',14,8,0,'1450700128233','2019-06-05'),(314,2561,'1742',15,8,0,'1450700128233','2019-06-05'),(315,2561,'1743',16,8,0,'1450700128233','2019-06-05'),(316,2561,'1851',17,8,0,'1450700128233','2019-06-05'),(317,2561,'1843',1,2,0,'1450700128233','2019-06-05'),(318,2561,'1844',2,2,0,'1450700128233','2019-06-05'),(319,2561,'1845',3,2,0,'1450700128233','2019-06-05'),(320,2561,'1846',4,2,0,'1450700128233','2019-06-05'),(321,2561,'1847',5,2,0,'1450700128233','2019-06-05'),(322,2561,'1848',6,2,0,'1450700128233','2019-06-05'),(323,2561,'1849',7,2,0,'1450700128233','2019-06-05'),(810,2565,'1913',2,3,0,'1342200047652','2022-05-20'),(325,2561,'1853',9,2,0,'1450700128233','2019-06-05'),(326,2561,'1840',0,3,0,'1450700128233','2019-06-05'),(327,2561,'1841',0,3,0,'1450700128233','2019-06-05'),(328,2561,'1835',1,3,0,'1450700128233','2019-06-05'),(329,2561,'1836',2,3,0,'1450700128233','2019-06-05'),(330,2561,'1837',3,3,0,'1450700128233','2019-06-05'),(331,2561,'1838',4,3,0,'1450700128233','2019-06-05'),(332,2561,'1839',5,3,0,'1450700128233','2019-06-05'),(333,2561,'1842',8,3,0,'1450700128233','2019-06-05'),(334,2561,'1817',1,4,0,'1450700128233','2019-06-05'),(335,2561,'1814',2,4,0,'1450700128233','2019-06-05'),(336,2561,'1816',3,4,0,'1450700128233','2019-06-05'),(337,2561,'1788',4,4,0,'1450700128233','2019-06-05'),(338,2561,'1810',4,4,0,'1450700128233','2019-06-05'),(339,2561,'1789',5,4,0,'1450700128233','2019-06-05'),(340,2561,'1820',5,4,0,'1450700128233','2019-06-05'),(341,2561,'1811',6,4,0,'1450700128233','2019-06-05'),(342,2561,'1791',7,4,0,'1450700128233','2019-06-05'),(343,2561,'1815',7,4,0,'1450700128233','2019-06-05'),(344,2561,'1792',8,4,0,'1450700128233','2019-06-05'),(345,2561,'1818',8,4,0,'1450700128233','2019-06-05'),(346,2561,'1793',9,4,0,'1450700128233','2019-06-05'),(347,2561,'1812',9,4,0,'1450700128233','2019-06-05'),(348,2561,'1795',10,4,0,'1450700128233','2019-06-05'),(349,2561,'1821',10,4,0,'1450700128233','2019-06-05'),(350,2561,'1796',11,4,0,'1450700128233','2019-06-05'),(351,2561,'1813',11,4,0,'1450700128233','2019-06-05'),(352,2561,'1822',12,4,0,'1450700128233','2019-06-05'),(353,2561,'1798',13,4,0,'1450700128233','2019-06-05'),(354,2561,'1826',13,4,0,'1450700128233','2019-06-05'),(355,2561,'1799',14,4,0,'1450700128233','2019-06-05'),(356,2561,'1834',14,4,0,'1450700128233','2019-06-05'),(357,2561,'1801',15,4,0,'1450700128233','2019-06-05'),(358,2561,'1833',15,4,0,'1450700128233','2019-06-05'),(359,2561,'1829',16,4,0,'1450700128233','2019-06-05'),(360,2561,'1828',17,4,0,'1450700128233','2019-06-05'),(361,2561,'1831',18,4,0,'1450700128233','2019-06-05'),(362,2561,'1824',19,4,0,'1450700128233','2019-06-05'),(363,2561,'1832',20,4,0,'1450700128233','2019-06-05'),(364,2561,'1827',21,4,0,'1450700128233','2019-06-05'),(365,2561,'1825',22,4,0,'1450700128233','2019-06-05'),(366,2561,'1823',23,4,0,'1450700128233','2019-06-05'),(367,2561,'1850',24,4,0,'1450700128233','2019-06-05'),(368,2561,'3086',25,4,0,'1450700128233','2019-06-05'),(369,2561,'1794',1,5,0,'1450700128233','2019-06-05'),(370,2561,'1781',2,5,0,'1450700128233','2019-06-05'),(371,2561,'1806',2,5,0,'1450700128233','2019-06-05'),(372,2561,'1778',3,5,0,'1450700128233','2019-06-05'),(373,2561,'1786',3,5,0,'1450700128233','2019-06-05'),(374,2561,'1780',4,5,0,'1450700128233','2019-06-05'),(375,2561,'1782',5,5,0,'1450700128233','2019-06-05'),(376,2561,'1783',6,5,0,'1450700128233','2019-06-05'),(377,2561,'1785',7,5,0,'1450700128233','2019-06-05'),(378,2561,'1784',8,5,0,'1450700128233','2019-06-05'),(379,2561,'1764',1,6,0,'3340701154472','2019-06-05'),(380,2561,'1761',2,6,0,'3340701154472','2019-06-05'),(381,2561,'1762',4,6,0,'3340701154472','2019-06-05'),(382,2561,'1763',5,6,0,'3340701154472','2019-06-05'),(383,2561,'1765',6,6,0,'3340701154472','2019-06-05'),(384,2561,'1802',7,6,0,'3340701154472','2019-06-05'),(385,2561,'1770',8,6,0,'3340701154472','2019-06-05'),(386,2561,'1767',9,6,0,'3340701154472','2019-06-05'),(387,2561,'1771',10,6,0,'3340701154472','2019-06-05'),(388,2561,'1768',11,6,0,'3340701154472','2019-06-05'),(389,2561,'1772',12,6,0,'3340701154472','2019-06-05'),(390,2561,'1769',13,6,0,'3340701154472','2019-06-05'),(391,2561,'1807',1,7,0,'1450700128233','2019-06-26'),(392,2561,'1747',2,7,0,'1450700128233','2019-06-26'),(393,2561,'1760',3,7,0,'1450700128233','2019-06-26'),(394,2561,'1748',4,7,0,'1450700128233','2019-06-26'),(395,2561,'1750',5,7,0,'1450700128233','2019-06-26'),(396,2561,'1751',6,7,0,'1450700128233','2019-06-26'),(397,2561,'1746',7,7,0,'1450700128233','2019-06-26'),(398,2561,'1787',9,7,0,'1450700128233','2019-06-26'),(399,2561,'1758',10,7,0,'1450700128233','2019-06-26'),(400,2561,'1755',11,7,0,'1450700128233','2019-06-26'),(401,2561,'1753',12,7,0,'1450700128233','2019-06-26'),(402,2561,'1757',13,7,0,'1450700128233','2019-06-26'),(403,2561,'1756',14,7,0,'1450700128233','2019-06-26'),(404,2561,'1731',1,8,0,'1450700128233','2019-07-10'),(405,2561,'1732',2,8,0,'1450700128233','2019-07-10'),(406,2561,'1725',3,8,0,'1450700128233','2019-07-10'),(407,2562,'1793',9,5,0,'1450700128233','2019-07-10'),(408,2562,'1796',11,5,0,'1450700128233','2019-07-10'),(409,2562,'1826',13,5,0,'1450700128233','2019-07-10'),(410,2562,'1827',21,5,0,'1450700128233','2019-07-10'),(411,2562,'1825',22,5,0,'1450700128233','2019-07-10'),(412,2562,'1853',9,3,0,'1450700128233','2019-07-15'),(413,2562,'1765',6,8,0,'1450700128233','2020-07-20'),(414,2562,'1802',7,8,0,'1450700128233','2020-07-20'),(415,2562,'1770',8,8,0,'1450700128233','2020-07-20'),(416,2562,'1767',9,8,0,'1450700128233','2020-07-20'),(417,2562,'1771',10,8,0,'1450700128233','2020-07-20'),(418,2562,'1768',11,8,0,'1450700128233','2020-07-20'),(419,2562,'1772',12,8,0,'1450700128233','2020-07-20'),(420,2562,'1769',13,8,0,'1450700128233','2020-07-20'),(421,2562,'1871',13,8,0,'1450700128233','2020-07-20'),(422,2562,'1774',14,8,0,'1450700128233','2020-07-20'),(423,2562,'1807',1,9,0,'1450700128233','2020-07-20'),(424,2562,'1747',2,9,0,'1450700128233','2020-07-20'),(425,2562,'1760',3,9,0,'1450700128233','2020-07-20'),(426,2562,'1748',4,9,0,'1450700128233','2020-07-20'),(427,2562,'1750',5,9,0,'1450700128233','2020-07-20'),(428,2562,'1751',6,9,0,'1450700128233','2020-07-20'),(429,2562,'1746',7,9,0,'1450700128233','2020-07-20'),(430,2562,'1855',7,9,0,'1450700128233','2020-07-20'),(431,2562,'1787',9,9,0,'1450700128233','2020-07-20'),(432,2562,'1758',10,9,0,'1450700128233','2020-07-20'),(433,2562,'1755',11,9,0,'1450700128233','2020-07-20'),(434,2562,'1753',12,9,0,'1450700128233','2020-07-20'),(435,2562,'1757',13,9,0,'1450700128233','2020-07-20'),(436,2562,'1756',14,9,0,'1450700128233','2020-07-20'),(437,2562,'1811',6,5,0,'1450700128233','2020-07-20'),(438,2562,'1815',7,5,0,'1450700128233','2020-07-20'),(439,2562,'1818',8,5,0,'1450700128233','2020-07-20'),(440,2562,'1812',9,5,0,'1450700128233','2020-07-20'),(441,2562,'1821',10,5,0,'1450700128233','2020-07-20'),(442,2562,'1813',11,5,0,'1450700128233','2020-07-20'),(443,2562,'1822',12,5,0,'1450700128233','2020-07-20'),(444,2562,'1834',14,5,0,'1450700128233','2020-07-20'),(445,2562,'1833',15,5,0,'1450700128233','2020-07-20'),(446,2562,'1829',16,5,0,'1450700128233','2020-07-20'),(447,2562,'1828',17,5,0,'1450700128233','2020-07-20'),(448,2562,'1831',18,5,0,'1450700128233','2020-07-20'),(449,2562,'1824',19,5,0,'1450700128233','2020-07-20'),(450,2562,'1832',20,5,0,'1450700128233','2020-07-20'),(451,2562,'1823',23,5,0,'1450700128233','2020-07-20'),(452,2562,'1850',24,5,0,'1450700128233','2020-07-20'),(453,2562,'3086',25,5,0,'1450700128233','2020-07-20'),(454,2562,'1794',1,6,0,'1450700128233','2020-07-20'),(455,2562,'1806',2,6,0,'1450700128233','2020-07-20'),(456,2562,'1786',3,6,0,'1450700128233','2020-07-20'),(457,2562,'1788',4,6,0,'1450700128233','2020-07-20'),(458,2562,'1789',5,6,0,'1450700128233','2020-07-20'),(459,2562,'1791',7,6,0,'1450700128233','2020-07-20'),(460,2562,'1792',8,6,0,'1450700128233','2020-07-20'),(461,2562,'1795',10,6,0,'1450700128233','2020-07-20'),(462,2562,'1872',12,6,0,'1450700128233','2020-07-20'),(463,2562,'1798',13,6,0,'1450700128233','2020-07-20'),(464,2562,'3030',13,6,0,'1450700128233','2020-07-20'),(465,2562,'1799',14,6,0,'1450700128233','2020-07-20'),(466,2562,'1801',15,6,0,'1450700128233','2020-07-20'),(467,2562,'1781',2,7,0,'1450700128233','2020-07-20'),(468,2562,'1778',3,7,0,'1450700128233','2020-07-20'),(469,2562,'1780',4,7,0,'1450700128233','2020-07-20'),(470,2562,'1782',5,7,0,'1450700128233','2020-07-20'),(471,2562,'1783',6,7,0,'1450700128233','2020-07-20'),(472,2562,'1785',7,7,0,'1450700128233','2020-07-20'),(473,2562,'1784',8,7,0,'1450700128233','2020-07-20'),(474,2562,'1856',8,7,0,'1450700128233','2020-07-20'),(475,2562,'1870',9,7,0,'1450700128233','2020-07-20'),(476,2562,'1869',10,7,0,'1450700128233','2020-07-20'),(477,2562,'618',11,7,0,'1450700128233','2020-07-20'),(478,2562,'1764',1,8,0,'1450700128233','2020-07-20'),(479,2562,'1761',2,8,0,'1450700128233','2020-07-20'),(480,2562,'1762',4,8,0,'1450700128233','2020-07-20'),(481,2562,'1763',5,8,0,'1450700128233','2020-07-20'),(482,2562,'1858',1,2,0,'1450700128233','2020-07-20'),(483,2562,'1859',2,2,0,'1450700128233','2020-07-20'),(484,2562,'1860',3,2,0,'1450700128233','2020-07-20'),(485,2562,'1861',4,2,0,'1450700128233','2020-07-20'),(486,2562,'1873',5,2,0,'1450700128233','2020-07-20'),(487,2562,'1874',6,2,0,'1450700128233','2020-07-20'),(488,2562,'1875',7,2,0,'1450700128233','2020-07-20'),(489,2562,'1876',8,2,0,'1450700128233','2020-07-20'),(490,2562,'1877',9,2,0,'1450700128233','2020-07-20'),(491,2562,'1878',10,2,0,'1450700128233','2020-07-20'),(492,2562,'1879',11,2,0,'1450700128233','2020-07-20'),(493,2562,'1880',12,2,0,'1450700128233','2020-07-20'),(494,2562,'1881',13,2,0,'1450700128233','2020-07-20'),(495,2562,'1882',14,2,0,'1450700128233','2020-07-20'),(496,2562,'1883',15,2,0,'1450700128233','2020-07-20'),(497,2562,'1884',16,2,0,'1342200047652','2020-07-20'),(498,2562,'1887',17,2,0,'1450700128233','2020-07-20'),(499,2562,'1843',1,3,0,'1450700128233','2020-07-20'),(500,2562,'1844',2,3,0,'1450700128233','2020-07-20'),(501,2562,'1845',3,3,0,'1450700128233','2020-07-20'),(502,2562,'1846',4,3,0,'1450700128233','2020-07-20'),(503,2562,'1847',5,3,0,'1450700128233','2020-07-20'),(504,2562,'1848',6,3,0,'1450700128233','2020-07-20'),(505,2562,'1849',7,3,0,'1450700128233','2020-07-20'),(809,2565,'1919',1,3,0,'1342200047652','2022-05-20'),(507,2562,'1857',8,3,0,'1450700128233','2020-07-20'),(508,2562,'1862',9,3,0,'1450700128233','2020-07-20'),(509,2562,'1863',10,3,0,'1450700128233','2020-07-20'),(510,2562,'1864',11,3,0,'1450700128233','2020-07-20'),(511,2562,'1865',18,6,0,'1342200047652','2020-07-20'),(512,2562,'1866',13,3,0,'1450700128233','2020-07-20'),(513,2562,'1867',14,3,0,'1450700128233','2020-07-20'),(514,2562,'1868',15,3,0,'1450700128233','2020-07-20'),(515,2562,'1835',1,4,0,'1450700128233','2020-07-20'),(516,2562,'1837',2,4,0,'1450700128233','2020-07-20'),(517,2562,'1838',3,4,0,'1450700128233','2020-07-20'),(518,2562,'1839',4,4,0,'1450700128233','2020-07-20'),(519,2562,'1840',5,4,0,'1450700128233','2020-07-20'),(520,2562,'1841',6,4,0,'1450700128233','2020-07-20'),(521,2562,'1842',7,4,0,'1450700128233','2020-07-20'),(522,2562,'1817',1,5,0,'1450700128233','2020-07-20'),(523,2562,'1814',2,5,0,'1450700128233','2020-07-20'),(524,2562,'1816',3,5,0,'1450700128233','2020-07-20'),(525,2562,'1810',4,5,0,'1450700128233','2020-07-20'),(526,2562,'1820',5,5,0,'1450700128233','2020-07-20'),(527,2563,'1768',11,9,0,'1342200047652','2020-08-05'),(528,2563,'1898',1,2,0,'1450700128233','2020-08-17'),(529,2563,'1899',2,2,0,'1450700128233','2020-08-17'),(530,2563,'1900',3,2,0,'1450700128233','2020-08-17'),(531,2563,'1901',4,2,0,'1450700128233','2020-08-17'),(532,2563,'1902',5,2,0,'1450700128233','2020-08-17'),(533,2563,'1903',6,2,0,'1450700128233','2020-08-17'),(534,2563,'1904',7,2,0,'1450700128233','2020-08-17'),(535,2563,'1905',8,2,0,'1450700128233','2020-08-17'),(536,2563,'1906',9,2,0,'1450700128233','2020-08-17'),(537,2563,'1907',10,2,0,'1450700128233','2020-08-17'),(585,2563,'1781',2,8,0,'1450700128233','2021-02-18'),(539,2563,'1891',16,4,0,'1450700128233','2020-08-17'),(540,2563,'1897',18,4,0,'1450700128233','2020-08-17'),(541,2563,'1908',16,9,0,'1450700128233','2020-08-17'),(542,2563,'1887',17,3,0,'3342000176358','2020-08-17'),(543,2563,'1909',11,8,0,'3342000176358','2020-10-08'),(544,2563,'1910',21,6,0,'1342200047652','2020-12-23'),(545,2563,'1911',23,6,0,'3342000176358','2020-10-08'),(546,2563,'1912',15,9,0,'3342000176358','2020-10-08'),(547,2563,'1784',5,8,0,'3342000176358','2020-10-08'),(548,2563,'1871',3,9,0,'3342000176358','2020-10-08'),(549,2563,'1798',6,7,0,'3342000176358','2020-10-08'),(550,2563,'1801',9,7,0,'3342000176358','2020-10-08'),(551,2563,'1799',11,7,0,'3342000176358','2020-10-08'),(552,2563,'1829',24,6,0,'3342000176358','2020-10-08'),(553,2563,'1823',22,6,0,'3342000176358','2020-10-08'),(554,2563,'1850',19,6,0,'3342000176358','2020-10-08'),(555,2563,'3086',20,6,0,'3342000176358','2020-10-08'),(556,2563,'1832',16,6,0,'3342000176358','2020-10-08'),(557,2563,'1810',1,6,0,'3342000176358','2020-10-08'),(558,2563,'1811',2,6,0,'3342000176358','2020-10-08'),(559,2563,'1812',3,6,0,'3342000176358','2020-10-08'),(560,2563,'1813',4,6,0,'3342000176358','2020-10-08'),(561,2563,'1814',5,6,0,'3342000176358','2020-10-08'),(562,2563,'1815',6,6,0,'3342000176358','2020-10-08'),(563,2563,'1816',7,6,0,'3342000176358','2020-10-08'),(564,2563,'1817',8,6,0,'3342000176358','2020-10-08'),(565,2563,'1818',9,6,0,'3342000176358','2020-10-08'),(566,2563,'1820',10,6,0,'3342000176358','2020-10-08'),(567,2563,'1821',11,6,0,'3342000176358','2020-10-08'),(568,2563,'1824',13,6,0,'3342000176358','2020-10-08'),(569,2563,'1828',14,6,0,'3342000176358','2020-10-08'),(570,2563,'1831',15,6,0,'3342000176358','2020-10-08'),(571,2563,'1833',17,6,0,'3342000176358','2020-10-08'),(572,2563,'1834',18,6,0,'3342000176358','2020-10-08'),(573,2563,'1778',1,8,0,'3342000176358','2020-10-08'),(574,2563,'1780',2,8,0,'3342000176358','2020-10-08'),(575,2563,'1782',3,8,0,'3342000176358','2020-10-08'),(576,2563,'1783',4,8,0,'3342000176358','2020-10-08'),(577,2563,'1785',6,8,0,'3342000176358','2020-10-08'),(578,2563,'1856',7,8,0,'3342000176358','2020-10-08'),(579,2563,'1870',8,8,0,'3342000176358','2020-10-08'),(580,2563,'1869',9,8,0,'3342000176358','2020-10-08'),(581,2563,'618',10,8,0,'3342000176358','2020-10-08'),(582,2563,'1771',10,9,0,'3342000176358','2020-10-08'),(583,2563,'1914',17,9,0,'1342200047652','2021-01-21'),(584,2563,'1864',11,4,0,'3342000176358','2021-02-15'),(586,2563,'1764',1,9,0,'3342000176358','2021-06-14'),(587,2563,'1761',2,9,0,'3342000176358','2021-06-14'),(588,2563,'1762',4,9,0,'3342000176358','2021-06-14'),(589,2563,'1763',5,9,0,'3342000176358','2021-06-14'),(590,2563,'1802',7,9,0,'3342000176358','2021-06-14'),(591,2563,'1770',8,9,0,'3342000176358','2021-06-14'),(592,2563,'1767',9,9,0,'3342000176358','2021-06-14'),(593,2563,'1772',12,9,0,'3342000176358','2021-06-14'),(594,2563,'1769',13,9,0,'3342000176358','2021-06-14'),(595,2563,'1774',14,9,0,'3342000176358','2021-06-14'),(596,2563,'1858',1,3,0,'3342000176358','2021-06-14'),(597,2563,'1859',2,3,0,'3342000176358','2021-06-14'),(598,2563,'1860',3,3,0,'3342000176358','2021-06-14'),(599,2563,'1861',4,3,0,'3342000176358','2021-06-14'),(600,2563,'1873',5,3,0,'3342000176358','2021-06-14'),(601,2563,'1874',6,3,0,'3342000176358','2021-06-14'),(602,2563,'1875',7,3,0,'3342000176358','2021-06-14'),(603,2563,'1876',8,3,0,'3342000176358','2021-06-14'),(604,2563,'1877',9,3,0,'3342000176358','2021-06-14'),(605,2563,'1878',10,3,0,'3342000176358','2021-06-14'),(606,2563,'1879',11,3,0,'3342000176358','2021-06-14'),(607,2563,'1880',12,3,0,'3342000176358','2021-06-14'),(608,2563,'1881',13,3,0,'3342000176358','2021-06-14'),(609,2563,'1882',14,3,0,'3342000176358','2021-06-14'),(610,2563,'1883',15,3,0,'3342000176358','2021-06-14'),(611,2563,'1843',1,4,0,'1450700128233','2021-06-14'),(612,2563,'1844',2,4,0,'1450700128233','2021-06-14'),(613,2563,'1845',3,4,0,'1450700128233','2021-06-14'),(614,2563,'1846',4,4,0,'1450700128233','2021-06-14'),(615,2563,'1847',5,4,0,'1450700128233','2021-06-14'),(616,2563,'1848',6,4,0,'1450700128233','2021-06-14'),(617,2563,'1849',7,4,0,'1450700128233','2021-06-14'),(618,2563,'1857',8,4,0,'1450700128233','2021-06-14'),(619,2563,'1862',9,4,0,'1450700128233','2021-06-14'),(620,2563,'1863',10,4,0,'1450700128233','2021-06-14'),(811,2565,'1920',3,3,0,'1342200047652','2022-05-20'),(622,2563,'1866',13,4,0,'1450700128233','2021-06-14'),(623,2563,'1867',14,4,0,'1450700128233','2021-06-14'),(624,2563,'1868',15,4,0,'1450700128233','2021-06-14'),(625,2563,'1835',1,5,0,'1450700128233','2021-06-14'),(626,2563,'1837',2,5,0,'1450700128233','2021-06-14'),(627,2563,'1822',12,6,0,'1450700128233','2021-06-14'),(628,2563,'1794',1,7,0,'1450700128233','2021-06-14'),(629,2563,'1806',2,7,0,'1450700128233','2021-06-14'),(630,2563,'1786',3,7,0,'1450700128233','2021-06-14'),(631,2563,'1788',4,7,0,'1450700128233','2021-06-14'),(632,2563,'1789',5,7,0,'1450700128233','2021-06-14'),(633,2563,'1791',7,7,0,'1450700128233','2021-06-14'),(634,2563,'1792',8,7,0,'1450700128233','2021-06-14'),(635,2563,'1795',10,7,0,'1450700128233','2021-06-14'),(636,2563,'1872',12,7,0,'1450700128233','2021-06-14'),(637,2563,'3030',13,7,0,'1450700128233','2021-06-14'),(638,2564,'1865',12,6,0,'1342200047652','2021-06-14'),(639,2564,'1837',2,7,0,'1450700128233','2021-06-14'),(640,2564,'1858',1,4,0,'3342000176358','2021-06-16'),(641,2564,'1859',2,4,0,'3342000176358','2021-06-16'),(642,2564,'1838',3,6,0,'3342000176358','2021-06-16'),(643,2564,'1860',3,4,0,'3342000176358','2021-06-16'),(644,2564,'1839',4,6,0,'3342000176358','2021-06-16'),(645,2564,'1861',4,4,0,'3342000176358','2021-06-16'),(646,2564,'1840',5,6,0,'3342000176358','2021-06-16'),(647,2564,'1873',5,4,0,'3342000176358','2021-06-16'),(648,2564,'1841',6,6,0,'3342000176358','2021-06-16'),(649,2564,'1874',6,4,0,'3342000176358','2021-06-16'),(650,2564,'1842',7,6,0,'3342000176358','2021-06-16'),(651,2564,'1875',7,4,0,'3342000176358','2021-06-16'),(652,2564,'1876',8,4,0,'3342000176358','2021-06-16'),(653,2564,'1877',9,4,0,'3342000176358','2021-06-16'),(654,2564,'1878',10,4,0,'3342000176358','2021-06-16'),(655,2564,'1879',11,4,0,'3342000176358','2021-06-16'),(656,2564,'1880',12,4,0,'3342000176358','2021-06-16'),(657,2564,'1881',13,4,0,'3342000176358','2021-06-16'),(658,2564,'1882',14,4,0,'3342000176358','2021-06-16'),(659,2564,'1883',15,4,0,'3342000176358','2021-06-16'),(660,2564,'1891',16,5,0,'3342000176358','2021-06-16'),(661,2564,'1887',17,4,0,'3342000176358','2021-06-16'),(662,2564,'1897',18,5,0,'3342000176358','2021-06-16'),(663,2564,'1835',1,6,0,'3342000176358','2021-06-16'),(664,2564,'1913',2,2,0,'1342200047652','2021-06-29'),(665,2564,'1915',4,2,0,'1342200047652','2021-07-01'),(666,2564,'1916',5,2,0,'1342200047652','2021-07-01'),(667,2564,'1917',6,2,0,'1342200047652','2021-07-01'),(668,2564,'1918',7,2,0,'1342200047652','2021-07-01'),(669,2564,'1919',1,2,0,'1342200047652','2021-07-01'),(670,2564,'1920',3,2,0,'1342200047652','2021-07-01'),(671,2564,'1921',14,8,0,'1342200047652','2021-11-09'),(672,2564,'1922',8,2,0,'1342200047652','2022-03-09'),(673,2564,'1923',7,6,0,'1342200047652','2022-03-09'),(674,2564,'1778',1,9,0,'3342000176358','2022-05-17'),(675,2564,'1780',2,9,0,'3342000176358','2022-05-17'),(676,2564,'1782',3,9,0,'3342000176358','2022-05-17'),(677,2564,'1783',4,9,0,'3342000176358','2022-05-17'),(678,2564,'1784',5,9,0,'3342000176358','2022-05-17'),(679,2564,'1856',7,9,0,'3342000176358','2022-05-17'),(680,2564,'1870',8,9,0,'3342000176358','2022-05-17'),(681,2564,'1869',9,9,0,'3342000176358','2022-05-17'),(682,2564,'618',10,9,0,'3342000176358','2022-05-17'),(683,2564,'1909',11,9,0,'3342000176358','2022-05-17'),(684,2564,'1898',1,3,0,'3342000176358','2022-05-17'),(685,2564,'1899',2,3,0,'3342000176358','2022-05-17'),(686,2564,'1900',3,3,0,'3342000176358','2022-05-17'),(687,2564,'1901',4,3,0,'3342000176358','2022-05-17'),(688,2564,'1902',5,3,0,'3342000176358','2022-05-17'),(689,2564,'1903',6,3,0,'3342000176358','2022-05-17'),(690,2564,'1904',7,3,0,'3342000176358','2022-05-17'),(691,2564,'1905',8,3,0,'3342000176358','2022-05-17'),(692,2564,'1906',9,3,0,'3342000176358','2022-05-17'),(693,2564,'1907',10,3,0,'3342000176358','2022-05-17'),(694,2564,'1843',1,5,0,'3342000176358','2022-05-17'),(695,2564,'1844',2,5,0,'3342000176358','2022-05-17'),(696,2564,'1845',3,5,0,'3342000176358','2022-05-17'),(697,2564,'1846',4,5,0,'3342000176358','2022-05-17'),(698,2564,'1847',5,5,0,'3342000176358','2022-05-17'),(699,2564,'1848',6,5,0,'3342000176358','2022-05-17'),(700,2564,'1849',7,5,0,'3342000176358','2022-05-17'),(701,2564,'1857',8,5,0,'3342000176358','2022-05-17'),(702,2564,'1862',9,5,0,'3342000176358','2022-05-17'),(703,2564,'1863',10,5,0,'3342000176358','2022-05-17'),(704,2564,'1864',11,5,0,'3342000176358','2022-05-17'),(705,2565,'1924',1,2,0,'1342200047652','2022-05-20'),(706,2565,'1925',2,2,0,'1342200047652','2022-05-20'),(707,2565,'1926',3,2,0,'1342200047652','2022-05-20'),(708,2565,'1927',4,2,0,'1342200047652','2022-05-20'),(709,2565,'1928',5,2,0,'1342200047652','2022-05-20'),(710,2565,'1929',6,2,0,'1342200047652','2022-05-20'),(711,2565,'1930',7,2,0,'1342200047652','2022-05-20'),(712,2565,'1931',10,4,0,'1342200047652','2022-05-20'),(713,2565,'1932',11,4,0,'1342200047652','2022-05-20'),(714,2565,'1933',11,4,0,'3340701154472','2022-09-16'),(715,2565,'1934',17,6,0,'3342000176358','2022-09-19'),(716,2564,'1794',1,8,0,'3342000176358','2022-05-17'),(717,2564,'1806',2,8,0,'3342000176358','2022-05-17'),(718,2564,'1786',3,8,0,'3342000176358','2022-05-17'),(719,2564,'1788',4,8,0,'3342000176358','2022-05-17'),(720,2564,'1789',5,8,0,'3342000176358','2022-05-17'),(721,2564,'1798',6,8,0,'3342000176358','2022-05-17'),(722,2564,'1791',7,8,0,'3342000176358','2022-05-17'),(723,2564,'1792',8,8,0,'3342000176358','2022-05-17'),(724,2564,'1801',9,8,0,'3342000176358','2022-05-17'),(725,2564,'1795',10,8,0,'3342000176358','2022-05-17'),(726,2564,'1799',11,8,0,'3342000176358','2022-05-17'),(727,2564,'1872',12,8,0,'3342000176358','2022-05-17'),(728,2564,'3030',13,8,0,'3342000176358','2022-05-17'),(729,2564,'1810',1,7,0,'3342000176358','2022-05-17'),(730,2564,'1811',2,7,0,'3342000176358','2022-05-17'),(731,2564,'1812',3,7,0,'3342000176358','2022-05-17'),(732,2564,'1813',4,7,0,'3342000176358','2022-05-17'),(733,2564,'1814',5,7,0,'3342000176358','2022-05-17'),(734,2564,'1815',6,7,0,'3342000176358','2022-05-17'),(735,2564,'1816',7,7,0,'3342000176358','2022-05-17'),(736,2564,'1817',8,7,0,'3342000176358','2022-05-17'),(737,2564,'1818',9,7,0,'3342000176358','2022-05-17'),(738,2564,'1820',10,7,0,'3342000176358','2022-05-17'),(739,2564,'1821',11,7,0,'3342000176358','2022-05-17'),(740,2564,'1822',12,7,0,'3342000176358','2022-05-17'),(741,2564,'1824',13,7,0,'3342000176358','2022-05-17'),(742,2564,'1828',14,7,0,'3342000176358','2022-05-17'),(743,2564,'1831',15,7,0,'3342000176358','2022-05-17'),(744,2564,'1832',16,7,0,'3342000176358','2022-05-17'),(745,2564,'1833',17,7,0,'3342000176358','2022-05-17'),(746,2564,'1834',18,7,0,'3342000176358','2022-05-17'),(747,2564,'1850',19,7,0,'3342000176358','2022-05-17'),(748,2564,'3086',20,7,0,'3342000176358','2022-05-17'),(749,2564,'1910',21,7,0,'3342000176358','2022-05-17'),(750,2564,'1823',22,7,0,'3342000176358','2022-05-17'),(751,2564,'1911',23,7,0,'3342000176358','2022-05-17'),(752,2564,'1829',24,7,0,'3342000176358','2022-05-17'),(753,2564,'1866',13,5,0,'3342000176358','2022-05-17'),(754,2564,'1867',14,5,0,'3342000176358','2022-05-17'),(755,2564,'1868',15,5,0,'3342000176358','2022-05-17'),(756,2565,'1786',1,9,0,'1342200047652','2022-05-20'),(757,2565,'1788',2,9,0,'1342200047652','2022-05-20'),(758,2565,'1789',3,9,0,'1342200047652','2022-05-20'),(759,2565,'1791',4,9,0,'1342200047652','2022-05-20'),(760,2565,'1792',5,9,0,'1342200047652','2022-05-20'),(761,2565,'1794',6,9,0,'1342200047652','2022-05-20'),(762,2565,'1795',7,9,0,'1342200047652','2022-05-20'),(763,2565,'1798',8,9,0,'1342200047652','2022-05-20'),(764,2565,'1806',9,9,0,'1342200047652','2022-05-20'),(765,2565,'1799',10,9,0,'1342200047652','2022-05-20'),(766,2565,'1801',11,9,0,'1342200047652','2022-05-20'),(767,2565,'3030',12,9,0,'1342200047652','2022-05-20'),(768,2565,'1872',13,9,0,'1342200047652','2022-05-20'),(769,2565,'1823',21,8,0,'1342200047652','2022-05-20'),(770,2565,'1911',22,8,0,'1342200047652','2022-05-20'),(771,2565,'1829',23,8,0,'1342200047652','2022-05-20'),(772,2565,'1910',24,8,0,'1342200047652','2022-05-20'),(773,2565,'1838',2,7,0,'1342200047652','2022-05-20'),(774,2565,'1839',3,7,0,'1342200047652','2022-05-20'),(775,2565,'1840',4,7,0,'1342200047652','2022-05-20'),(776,2565,'1841',5,7,0,'1342200047652','2022-05-20'),(777,2565,'1842',6,7,0,'1342200047652','2022-05-20'),(778,2565,'1843',1,6,0,'1342200047652','2022-05-20'),(779,2565,'1857',6,6,0,'1342200047652','2022-05-20'),(780,2565,'1862',7,6,0,'1342200047652','2022-05-20'),(781,2565,'1863',8,6,0,'1342200047652','2022-05-20'),(782,2565,'1864',9,6,0,'1342200047652','2022-05-20'),(783,2565,'1848',10,6,0,'1342200047652','2022-05-20'),(784,2565,'1849',11,6,0,'3340701154472','2022-06-24'),(785,2565,'1866',12,6,0,'1342200047652','2022-05-20'),(786,2565,'1867',13,6,0,'1342200047652','2022-05-20'),(787,2565,'1868',14,6,0,'1342200047652','2022-05-20'),(788,2565,'1891',15,6,0,'1342200047652','2022-05-20'),(789,2565,'1897',16,6,0,'1342200047652','2022-05-20'),(790,2565,'1873',1,5,0,'1342200047652','2022-05-20'),(791,2565,'1874',3,5,0,'1342200047652','2022-05-20'),(792,2565,'1887',4,5,0,'1342200047652','2022-05-20'),(793,2565,'1875',5,5,0,'1342200047652','2022-05-20'),(794,2565,'1858',6,5,0,'1342200047652','2022-05-20'),(795,2565,'1876',7,5,0,'1342200047652','2022-05-20'),(796,2565,'1878',8,5,0,'1342200047652','2022-05-20'),(797,2565,'1859',9,5,0,'1342200047652','2022-05-20'),(798,2565,'1880',10,5,0,'1342200047652','2022-05-20'),(799,2565,'1860',11,5,0,'1342200047652','2022-05-20'),(800,2565,'1881',12,5,0,'1342200047652','2022-05-20'),(801,2565,'1882',13,5,0,'1342200047652','2022-05-20'),(802,2565,'1883',14,5,0,'1342200047652','2022-05-20'),(803,2565,'1861',15,5,0,'1342200047652','2022-05-20'),(804,2565,'1890',2,5,0,'1342200047652','2022-05-20'),(805,2565,'1907',9,4,0,'1342200047652','2022-05-20'),(806,2565,'1906',9,4,0,'1342200047652','2022-05-17'),(807,2565,'1877',9,5,0,'1342200047652','2022-05-17'),(808,2565,'1923',7,7,0,'1342200047652','2022-05-17'),(812,2565,'1915',4,3,0,'1342200047652','2022-05-20'),(813,2565,'1916',5,3,0,'1342200047652','2022-05-20'),(814,2565,'1917',6,3,0,'1342200047652','2022-05-20'),(815,2565,'1918',7,3,0,'1342200047652','2022-05-20'),(816,2565,'1922',8,3,0,'1342200047652','2022-05-20'),(817,2565,'1898',1,4,0,'1342200047652','2022-05-20'),(818,2565,'1899',2,4,0,'1342200047652','2022-05-20'),(819,2565,'1900',3,4,0,'1342200047652','2022-05-20'),(820,2565,'1901',4,4,0,'1342200047652','2022-05-20'),(821,2565,'1902',5,4,0,'1342200047652','2022-05-20'),(822,2565,'1903',6,4,0,'1342200047652','2022-05-20'),(823,2565,'1904',7,4,0,'1342200047652','2022-05-20'),(824,2565,'1905',8,4,0,'1342200047652','2022-05-20'),(825,2565,'1844',2,6,0,'1342200047652','2022-05-20'),(826,2565,'1845',3,6,0,'1342200047652','2022-05-20'),(827,2565,'1846',4,6,0,'1342200047652','2022-05-20'),(828,2565,'1847',5,6,0,'1342200047652','2022-05-20'),(829,2565,'1835',1,7,0,'1342200047652','2022-05-20'),(830,2565,'1810',1,8,0,'1342200047652','2022-05-20'),(831,2565,'1811',2,8,0,'1342200047652','2022-05-20'),(832,2565,'1812',3,8,0,'1342200047652','2022-05-20'),(833,2565,'1813',4,8,0,'1342200047652','2022-05-20'),(834,2565,'1814',5,8,0,'1342200047652','2022-05-20'),(835,2565,'1815',6,8,0,'1342200047652','2022-05-20'),(836,2565,'1816',7,8,0,'1342200047652','2022-05-20'),(837,2565,'1817',8,8,0,'1342200047652','2022-05-20'),(838,2565,'1818',9,8,0,'1342200047652','2022-05-20'),(839,2565,'1820',10,8,0,'1342200047652','2022-05-20'),(840,2565,'1821',11,8,0,'1342200047652','2022-05-20'),(841,2565,'1822',12,8,0,'1342200047652','2022-05-20'),(842,2565,'1824',13,8,0,'1342200047652','2022-05-20'),(843,2565,'1828',14,8,0,'1342200047652','2022-05-20'),(844,2565,'1831',15,8,0,'1342200047652','2022-05-20'),(845,2565,'1832',16,8,0,'1342200047652','2022-05-20'),(846,2565,'1833',17,8,0,'1342200047652','2022-05-20'),(847,2565,'1834',18,8,0,'1342200047652','2022-05-20'),(848,2565,'1850',19,8,0,'1342200047652','2022-05-20'),(849,2565,'3086',20,8,0,'1342200047652','2022-05-20'),(850,2565,'1921',14,9,0,'1342200047652','2022-05-20'),(852,2565,'1935',18,6,0,'3342000176358','2022-09-19'),(853,2566,'3086',20,8,0,'1342200047652','2023-05-18'),(854,2566,'1926',3,2,0,'1342200047652','2023-05-18'),(855,2566,'1927',4,2,0,'1342200047652','2023-05-18'),(856,2566,'1936',1,2,0,'3342000176358','2023-05-23'),(857,2566,'1937',2,2,0,'3342000176358','2023-05-23'),(858,2566,'1938',3,2,0,'3342000176358','2023-05-23'),(859,2566,'1939',4,2,0,'3342000176358','2023-05-23'),(860,2566,'1940',5,2,0,'3342000176358','2023-05-23'),(861,2566,'1933',11,5,0,'1342200047652','2023-05-23'),(862,2566,'1932',12,5,0,'1342200047652','2023-05-23'),(863,2566,'1941',12,5,0,'1342200047652','2023-05-23'),(864,2566,'1823',20,9,0,'1342200047652','2023-05-24'),(865,2566,'1911',21,9,0,'1342200047652','2023-05-24'),(866,2566,'1829',22,9,0,'1342200047652','2023-05-24'),(867,2566,'1928',3,3,0,'1342200047652','2023-05-24'),(868,2566,'1929',4,3,0,'1342200047652','2023-05-24'),(869,2566,'1930',5,3,0,'1342200047652','2023-05-24'),(870,2566,'1810',1,9,0,'3342000176358','2024-05-16'),(871,2566,'1811',2,9,0,'3342000176358','2024-05-16'),(872,2566,'1812',3,9,0,'3342000176358','2024-05-16'),(873,2566,'1813',4,9,0,'3342000176358','2024-05-16'),(874,2566,'1814',5,9,0,'3342000176358','2024-05-16'),(875,2566,'1815',6,9,0,'3342000176358','2024-05-16'),(876,2566,'1816',7,9,0,'3342000176358','2024-05-16'),(877,2566,'1817',8,9,0,'3342000176358','2024-05-16'),(878,2566,'1818',9,9,0,'3342000176358','2024-05-16'),(879,2566,'1820',10,9,0,'3342000176358','2024-05-16'),(880,2566,'1821',11,9,0,'3342000176358','2024-05-16'),(881,2566,'1822',12,9,0,'3342000176358','2024-05-16'),(882,2566,'1824',13,9,0,'3342000176358','2024-05-16'),(883,2566,'1828',14,9,0,'3342000176358','2024-05-16'),(884,2566,'1831',15,9,0,'3342000176358','2024-05-16'),(885,2566,'1832',16,9,0,'3342000176358','2024-05-16'),(886,2566,'1833',17,9,0,'3342000176358','2024-05-16'),(887,2566,'1834',18,9,0,'3342000176358','2024-05-16'),(888,2566,'1850',19,9,0,'3342000176358','2024-05-16'),(889,2566,'1924',1,3,0,'3342000176358','2024-05-16'),(890,2566,'1925',2,3,0,'3342000176358','2024-05-16'),(891,2566,'1919',1,4,0,'3342000176358','2024-05-16'),(892,2566,'1913',2,4,0,'3342000176358','2024-05-16'),(893,2566,'1920',3,4,0,'3342000176358','2024-05-16'),(894,2566,'1915',4,4,0,'3342000176358','2024-05-16'),(895,2566,'1916',5,4,0,'3342000176358','2024-05-16'),(896,2566,'1917',6,4,0,'3342000176358','2024-05-16'),(897,2566,'1918',7,4,0,'3342000176358','2024-05-16'),(898,2566,'1898',1,5,0,'3342000176358','2024-05-16'),(899,2566,'1899',2,5,0,'3342000176358','2024-05-16'),(900,2566,'1900',3,5,0,'3342000176358','2024-05-16'),(901,2566,'1901',4,5,0,'3342000176358','2024-05-16'),(902,2566,'1902',5,5,0,'3342000176358','2024-05-16'),(903,2566,'1903',6,5,0,'3342000176358','2024-05-16'),(904,2566,'1904',7,5,0,'3342000176358','2024-05-16'),(905,2566,'1905',8,5,0,'3342000176358','2024-05-16'),(906,2566,'1907',9,5,0,'3342000176358','2024-05-16'),(907,2566,'1931',10,5,0,'3342000176358','2024-05-16'),(908,2566,'1873',1,6,0,'3342000176358','2024-05-16'),(909,2566,'1890',2,6,0,'3342000176358','2024-05-16'),(910,2566,'1874',3,6,0,'3342000176358','2024-05-16'),(911,2566,'1887',4,6,0,'3342000176358','2024-05-16'),(912,2566,'1875',5,6,0,'3342000176358','2024-05-16'),(913,2566,'1858',6,6,0,'3342000176358','2024-05-16'),(914,2566,'1876',7,6,0,'3342000176358','2024-05-16'),(915,2566,'1878',8,6,0,'3342000176358','2024-05-16'),(916,2566,'1859',9,6,0,'3342000176358','2024-05-16'),(917,2566,'1880',10,6,0,'3342000176358','2024-05-16'),(918,2566,'1860',11,6,0,'3342000176358','2024-05-16'),(919,2566,'1881',12,6,0,'3342000176358','2024-05-16'),(920,2566,'1882',13,6,0,'3342000176358','2024-05-16'),(921,2566,'1883',14,6,0,'3342000176358','2024-05-16'),(922,2566,'1861',15,6,0,'3342000176358','2024-05-16'),(923,2566,'1843',1,7,0,'3342000176358','2024-05-16'),(924,2566,'1864',9,7,0,'3342000176358','2024-05-16'),(925,2566,'1848',10,7,0,'3342000176358','2024-05-16'),(926,2566,'1849',11,7,0,'3342000176358','2024-05-16'),(927,2566,'1866',12,7,0,'3342000176358','2024-05-16'),(928,2566,'1867',13,7,0,'3342000176358','2024-05-16'),(929,2566,'1868',14,7,0,'3342000176358','2024-05-16'),(930,2566,'1891',15,7,0,'3342000176358','2024-05-16'),(931,2566,'1897',16,7,0,'3342000176358','2024-05-16'),(932,2566,'1934',17,7,0,'3342000176358','2024-05-16'),(933,2566,'1935',18,7,0,'3342000176358','2024-05-16'),(934,2566,'1835',1,8,0,'3342000176358','2024-05-16'),(935,2566,'1838',2,8,0,'3342000176358','2024-05-16'),(936,2566,'1839',3,8,0,'3342000176358','2024-05-16'),(937,2566,'1840',4,8,0,'3342000176358','2024-05-16'),(938,2566,'1841',5,8,0,'3342000176358','2024-05-16'),(939,2566,'1842',6,8,0,'3342000176358','2024-05-16'),(940,2566,'1844',2,7,0,'3342000176358','2024-05-16'),(941,2566,'1863',8,7,0,'3342000176358','2024-05-16'),(942,2567,'1942',1,2,0,'3342000176358','2024-05-16'),(943,2567,'1943',2,2,0,'3342000176358','2024-05-16'),(944,2567,'1944',3,2,0,'3342000176358','2024-05-16'),(945,2567,'1945',4,2,0,'3342000176358','2024-05-16'),(946,2567,'1946',5,2,0,'3342000176358','2024-05-16'),(947,2567,'1947',6,2,0,'3342000176358','2024-05-16'),(948,2567,'1860',11,7,0,'3342000176358','2024-05-16'),(949,2567,'1948',7,2,0,'3342000176358','2024-05-16'),(950,2567,'1949',19,8,0,'3342000176358','2024-05-16'),(951,2567,'1843',1,8,0,'3342000176358','2024-05-16'),(952,2567,'1845',3,8,0,'3342000176358','2024-05-16'),(953,2567,'1846',4,8,0,'3342000176358','2024-05-16'),(954,2567,'1847',5,8,0,'3342000176358','2024-05-16'),(955,2567,'1857',6,8,0,'3342000176358','2024-05-16'),(956,2567,'1862',7,8,0,'3342000176358','2024-05-16'),(957,2567,'1880',10,7,0,'3342000176358','2024-05-16'),(958,2567,'1881',12,7,0,'3342000176358','2024-05-16'),(959,2567,'1882',13,7,0,'3342000176358','2024-05-16'),(960,2567,'1883',14,7,0,'3342000176358','2024-05-16'),(961,2567,'1861',15,7,0,'3342000176358','2024-05-16'),(962,2567,'1844',2,8,0,'3340700779215','2025-04-29'),(963,2567,'1863',8,8,0,'3340700779215','2025-04-29'),(964,2567,'1864',9,8,0,'3340700779215','2025-04-29'),(965,2567,'1848',10,8,0,'3340700779215','2025-04-29'),(966,2567,'1849',11,8,0,'3340700779215','2025-04-29'),(967,2567,'1866',12,8,0,'3340700779215','2025-04-29'),(968,2567,'1867',13,8,0,'3340700779215','2025-04-29'),(969,2567,'1868',14,8,0,'3340700779215','2025-04-29'),(970,2567,'1891',15,8,0,'3340700779215','2025-04-29'),(971,2567,'1897',16,8,0,'3340700779215','2025-04-29'),(972,2567,'1934',17,8,0,'3340700779215','2025-04-29'),(973,2567,'1935',18,8,0,'3340700779215','2025-04-29'),(974,2567,'1835',1,9,0,'3340700779215','2025-04-29'),(975,2567,'1838',2,9,0,'3340700779215','2025-04-29'),(976,2567,'1839',3,9,0,'3340700779215','2025-04-29'),(977,2567,'1840',4,9,0,'3340700779215','2025-04-29'),(978,2567,'1841',5,9,0,'3340700779215','2025-04-29'),(979,2567,'1842',6,9,0,'3340700779215','2025-04-29'),(980,2567,'1936',1,3,0,'3340700779215','2025-04-29'),(981,2567,'1937',2,3,0,'3340700779215','2025-04-29'),(982,2567,'1938',3,3,0,'3340700779215','2025-04-29'),(983,2567,'1939',4,3,0,'3340700779215','2025-04-29'),(984,2567,'1940',5,3,0,'3340700779215','2025-04-29'),(985,2567,'1924',1,4,0,'3340700779215','2025-04-29'),(986,2567,'1925',2,4,0,'3340700779215','2025-04-29'),(987,2567,'1928',3,4,0,'3340700779215','2025-04-29'),(988,2567,'1929',4,4,0,'3340700779215','2025-04-29'),(989,2567,'1930',5,4,0,'3340700779215','2025-04-29'),(990,2567,'1919',1,5,0,'3340700779215','2025-04-29'),(991,2567,'1913',2,5,0,'3340700779215','2025-04-29'),(992,2567,'1920',3,5,0,'3340700779215','2025-04-29'),(993,2567,'1915',4,5,0,'3340700779215','2025-04-29'),(994,2567,'1916',5,5,0,'3340700779215','2025-04-29'),(995,2567,'1917',6,5,0,'3340700779215','2025-04-29'),(996,2567,'1918',7,5,0,'3340700779215','2025-04-29'),(997,2567,'1898',1,6,0,'3340700779215','2025-04-29'),(998,2567,'1899',2,6,0,'3340700779215','2025-04-29'),(999,2567,'1900',3,6,0,'3340700779215','2025-04-29'),(1000,2567,'1901',4,6,0,'3340700779215','2025-04-29'),(1001,2567,'1902',5,6,0,'3340700779215','2025-04-29'),(1002,2567,'1903',6,6,0,'3340700779215','2025-04-29'),(1003,2567,'1904',7,6,0,'3340700779215','2025-04-29'),(1004,2567,'1905',8,6,0,'3340700779215','2025-04-29'),(1005,2567,'1907',9,6,0,'3340700779215','2025-04-29'),(1006,2567,'1931',10,6,0,'3340700779215','2025-04-29'),(1007,2567,'1933',11,6,0,'3340700779215','2025-04-29'),(1008,2567,'1941',12,6,0,'3340700779215','2025-04-29'),(1009,2567,'1873',1,7,0,'3340700779215','2025-04-29'),(1010,2567,'1890',2,7,0,'3340700779215','2025-04-29'),(1011,2567,'1874',3,7,0,'3340700779215','2025-04-29'),(1012,2567,'1887',4,7,0,'3340700779215','2025-04-29'),(1013,2567,'1875',5,7,0,'3340700779215','2025-04-29'),(1014,2567,'1858',6,7,0,'3340700779215','2025-04-29'),(1015,2567,'1876',7,7,0,'3340700779215','2025-04-29'),(1016,2567,'1878',8,7,0,'3340700779215','2025-04-29'),(1017,2567,'1859',9,7,0,'3340700779215','2025-04-29'),(1018,2568,'1849',11,9,0,'3340700779215','2025-05-16'),(1019,2568,'1950',1,2,0,'3340700779215','2025-05-16'),(1020,2568,'1951',2,2,0,'3340700779215','2025-05-16'),(1021,2568,'1952',3,2,0,'3340700779215','2025-05-16'),(1022,2568,'1954',5,2,0,'3340700779215','2025-05-16'),(1023,2568,'1953',4,2,0,'3340700779215','2025-05-16'),(1024,2568,'1955',6,2,0,'3340700779215','2025-07-17'),(1025,2568,'1956',7,2,0,'3340700779215','2025-05-16'),(1026,2568,'1957',8,2,0,'3340700779215','2025-05-16'),(1027,2568,'1958',9,2,0,'3340700779215','2025-05-16'),(1028,2568,'1959',10,2,0,'3340700779215','2025-05-16'),(1029,2568,'1960',11,2,0,'3340700779215','2025-05-16'),(1030,2568,'1961',13,7,0,'3340700779215','2025-06-30'),(1031,2568,'1945',4,3,0,'3340700779215','2025-07-17'),(1032,2568,'1925',2,5,0,'3340700779215','2025-07-17'),(1033,2568,'1933',11,7,0,'3340700779215','2025-07-21'),(1034,2568,'1880',10,8,0,'3340700779215','2025-11-04');

--
-- Table structure for table `student_main_edyear`
--

CREATE TABLE `student_main_edyear` (
  `id` int(11) NOT NULL AUTO_INCREMENT,
  `ed_year` int(11) NOT NULL,
  `year_active` tinyint(4) NOT NULL,
  PRIMARY KEY (`id`),
  UNIQUE KEY `ed_year` (`ed_year`)
) ENGINE=MyISAM AUTO_INCREMENT=12 DEFAULT CHARSET=utf8 COLLATE=utf8_general_ci;

--
-- Dumping data for table `student_main_edyear`
--

INSERT INTO `student_main_edyear` VALUES (1,2558,0),(2,2559,0),(3,2560,0),(4,2561,0),(5,2562,0),(6,2563,0),(7,2564,0),(8,2565,0),(9,2566,0),(10,2567,0),(11,2568,1);

--
-- Table structure for table `student_main_expand1`
--

CREATE TABLE `student_main_expand1` (
  `id` int(11) NOT NULL AUTO_INCREMENT,
  `person_id` varchar(13) NOT NULL,
  `e_name` varchar(50) NOT NULL,
  `e_surname` varchar(50) NOT NULL,
  `birthday` date NOT NULL,
  `blood` varchar(2) NOT NULL,
  `race` varchar(30) NOT NULL,
  `nationlity` varchar(30) NOT NULL,
  `religion` varchar(30) NOT NULL,
  `rec_date` date NOT NULL,
  PRIMARY KEY (`id`),
  UNIQUE KEY `person_id` (`person_id`)
) ENGINE=MyISAM AUTO_INCREMENT=2 DEFAULT CHARSET=utf8 COLLATE=utf8_general_ci;

--
-- Dumping data for table `student_main_expand1`
--

INSERT INTO `student_main_expand1` VALUES (1,'1319800662079','','','0000-00-00','','ไทย','ไทย','พุทธ','2022-03-17');

--
-- Table structure for table `student_main_permission`
--

CREATE TABLE `student_main_permission` (
  `id` int(11) NOT NULL AUTO_INCREMENT,
  `person_id` varchar(13) NOT NULL,
  `p1` tinyint(4) NOT NULL,
  `officer` varchar(13) NOT NULL,
  `rec_date` date NOT NULL,
  PRIMARY KEY (`id`)
) ENGINE=MyISAM AUTO_INCREMENT=16 DEFAULT CHARSET=utf8 COLLATE=utf8_general_ci;

--
-- Dumping data for table `student_main_permission`
--

INSERT INTO `student_main_permission` VALUES (14,'1342200047652',1,'1450700128233','2019-07-10'),(15,'3341501616945',1,'3340700779215','2025-11-08'),(11,'3340701154472',1,'1450700128233','2018-10-07');

--
-- Table structure for table `system_ed_year`
--

CREATE TABLE `system_ed_year` (
  `id` int(11) NOT NULL AUTO_INCREMENT,
  `ed_year` int(11) NOT NULL,
  `active_ed_year` tinyint(4) NOT NULL,
  PRIMARY KEY (`id`),
  UNIQUE KEY `ed_year` (`ed_year`)
) ENGINE=MyISAM DEFAULT CHARSET=utf8 COLLATE=utf8_general_ci;

--
-- Dumping data for table `system_ed_year`
--


--
-- Table structure for table `system_export_list`
--

CREATE TABLE `system_export_list` (
  `id` int(11) NOT NULL AUTO_INCREMENT,
  `data_name` varchar(50) NOT NULL,
  `thai_dataname` varchar(100) NOT NULL,
  PRIMARY KEY (`id`),
  UNIQUE KEY `data_name` (`data_name`)
) ENGINE=MyISAM AUTO_INCREMENT=7 DEFAULT CHARSET=utf8 COLLATE=utf8_general_ci;

--
-- Dumping data for table `system_export_list`
--

INSERT INTO `system_export_list` VALUES (1,'person','ข้อมูลครูและบุคลากร'),(2,'student','ข้อมูลพื้นฐานนักเรียน'),(3,'onet','ผลสอบ O-NET'),(4,'plan','แผนปฏิบัติการประจำปี'),(5,'student_check','การมาเรียน'),(6,'health','สุขภาพผู้เรียน');

--
-- Table structure for table `system_export_log`
--

CREATE TABLE `system_export_log` (
  `id` int(11) NOT NULL AUTO_INCREMENT,
  `computer_ip` varchar(25) NOT NULL,
  `requester` varchar(50) NOT NULL,
  `login_time` datetime NOT NULL,
  `data` varchar(20) NOT NULL,
  PRIMARY KEY (`id`)
) ENGINE=MyISAM AUTO_INCREMENT=150 DEFAULT CHARSET=utf8 COLLATE=utf8_general_ci;

--
-- Dumping data for table `system_export_log`
--

INSERT INTO `system_export_log` VALUES (1,'61.19.124.234','amssplus','2018-09-21 04:36:38','person'),(2,'61.19.124.234','amssplus','2019-03-27 08:13:31','plan'),(3,'61.19.124.234','amssplus','2019-03-27 08:13:54','plan'),(4,'61.19.124.234','amssplus','2019-07-11 03:15:36','student_check'),(5,'61.19.124.234','amssplus','2019-10-03 08:11:31','student_check'),(6,'61.19.124.234','amssplus','2019-10-03 08:52:30','student_check'),(7,'61.19.124.234','amssplus','2019-10-08 14:47:22','student_check'),(8,'122.155.223.9','amssplus','2020-01-13 13:11:43','student_check'),(9,'122.155.223.9','amssplus','2020-01-13 13:12:00','student_check'),(10,'122.155.223.9','amssplus','2020-02-06 10:22:17','student_check'),(11,'122.155.223.9','amssplus','2020-02-06 10:22:29','health'),(12,'122.155.223.9','amssplus','2020-02-06 10:22:31','health'),(13,'122.155.223.9','amssplus','2020-02-06 10:22:35','plan'),(14,'122.155.223.9','amssplus','2020-02-18 11:52:12','student'),(15,'122.155.223.9','amssplus','2020-02-21 07:20:52','student'),(16,'122.155.223.9','amssplus','2020-03-30 14:48:25','student_check'),(17,'122.155.223.9','amssplus','2020-08-03 09:58:54','student_check'),(18,'122.155.223.9','amssplus','2020-08-03 09:58:58','student_check'),(19,'122.155.223.9','amssplus','2020-08-03 09:59:00','student_check'),(20,'122.155.223.9','amssplus','2020-08-03 09:59:03','student_check'),(21,'122.155.223.9','amssplus','2020-08-05 09:42:18','student'),(22,'122.155.223.9','amssplus','2021-02-23 14:50:32','plan'),(23,'122.155.223.9','amssplus','2021-03-09 13:55:28','plan'),(24,'192.168.1.6','amssplus','2021-05-29 11:02:41','student'),(25,'192.168.1.6','amssplus','2021-05-29 11:03:49','student'),(26,'192.168.1.6','amssplus','2021-05-29 11:54:24','student'),(27,'192.168.1.6','amssplus','2021-05-29 11:57:21','student'),(28,'192.168.1.6','amssplus','2021-05-29 11:58:22','student'),(29,'192.168.1.6','amssplus','2021-05-29 12:12:56','student'),(30,'192.168.1.6','amssplus','2021-05-29 12:22:07','student'),(31,'192.168.1.6','amssplus','2021-05-29 12:23:52','student'),(32,'192.168.1.6','amssplus','2021-05-29 12:44:01','student'),(33,'192.168.1.6','amssplus','2021-05-29 12:50:47','student'),(34,'192.168.1.6','amssplus','2021-05-29 12:57:22','student'),(35,'192.168.1.6','amssplus','2021-05-29 12:58:27','student'),(36,'192.168.1.6','amssplus','2021-05-29 14:27:40','student'),(37,'192.168.1.6','amssplus','2021-05-29 14:28:14','student'),(38,'192.168.1.6','amssplus','2021-05-29 14:28:42','student'),(39,'192.168.1.6','amssplus','2021-05-29 14:29:20','student'),(40,'192.168.1.6','amssplus','2021-05-29 14:31:53','student'),(41,'10.1.1.3','amssplus','2021-09-10 17:14:36','student'),(42,'10.1.1.3','amssplus','2021-10-06 10:32:14','student'),(43,'10.1.1.3','amssplus','2021-10-07 15:17:46','student'),(44,'10.1.1.3','amssplus','2022-07-23 11:14:33','plan'),(45,'10.1.1.3','amssplus','2022-09-07 14:39:49','student'),(46,'10.1.1.3','amssplus','2022-09-17 12:57:03','student'),(47,'10.1.1.3','amssplus','2022-09-19 14:44:26','student'),(48,'','amssplus','2023-01-02 14:23:38','student_check'),(49,'','amssplus','2023-01-02 17:52:53','student_check'),(50,'','amssplus','2023-01-02 17:54:29','student_check'),(51,'','amssplus','2023-01-02 17:55:03','student_check'),(52,'10.1.1.3','amssplus','2023-01-22 00:24:28','student'),(53,'127.0.0.1','amssplus','2023-02-16 09:21:27','student_check'),(54,'127.0.0.1','amssplus','2023-02-16 09:22:08','student_check'),(55,'127.0.0.1','amssplus','2023-02-16 09:33:02','student_check'),(56,'10.1.1.3','amssplus','2023-04-05 09:48:18','student_check'),(57,'10.1.1.3','amssplus','2023-04-05 22:38:10','student_check'),(58,'10.1.1.3','amssplus','2023-04-06 10:24:16','student_check'),(59,'10.1.1.3','amssplus','2023-04-06 10:25:06','student_check'),(60,'10.1.1.3','amssplus','2023-04-06 10:47:27','student_check'),(61,'10.1.1.3','amssplus','2023-04-06 13:13:41','student_check'),(62,'10.1.1.3','amssplus','2023-06-15 10:20:20','student_check'),(63,'10.1.1.3','amssplus','2023-06-15 10:58:50','student'),(64,'10.1.1.3','amssplus','2023-06-16 15:18:43','student'),(65,'10.1.1.3','amssplus','2023-07-04 11:26:08','student'),(66,'127.0.0.1','amssplus','2023-07-09 13:17:02','student_check'),(67,'127.0.0.1','amssplus','2023-07-09 13:19:00','student_check'),(68,'127.0.0.1','amssplus','2023-07-09 13:19:46','student_check'),(69,'127.0.0.1','amssplus','2023-07-09 13:20:13','student_check'),(70,'127.0.0.1','amssplus','2023-07-09 13:20:45','student_check'),(71,'127.0.0.1','amssplus','2023-07-09 13:21:39','student_check'),(72,'127.0.0.1','amssplus','2023-07-09 13:21:44','student_check'),(73,'127.0.0.1','amssplus','2023-07-09 13:27:58','student_check'),(74,'127.0.0.1','amssplus','2023-07-09 13:29:13','student_check'),(75,'127.0.0.1','amssplus','2023-07-09 13:31:14','student_check'),(76,'127.0.0.1','amssplus','2023-07-09 13:36:11','student_check'),(77,'127.0.0.1','amssplus','2023-07-09 13:37:17','student_check'),(78,'127.0.0.1','amssplus','2023-07-09 13:37:40','student_check'),(79,'127.0.0.1','amssplus','2023-07-09 13:39:11','student_check'),(80,'127.0.0.1','amssplus','2023-07-09 13:41:18','student_check'),(81,'127.0.0.1','amssplus','2023-07-09 13:42:40','student_check'),(82,'127.0.0.1','amssplus','2023-07-09 13:43:38','student_check'),(83,'127.0.0.1','amssplus','2023-07-09 13:47:33','student_check'),(84,'127.0.0.1','amssplus','2023-07-09 13:59:30','student_check'),(85,'127.0.0.1','amssplus','2023-07-09 14:08:14','student_check'),(86,'127.0.0.1','amssplus','2023-07-09 14:17:26','student_check'),(87,'127.0.0.1','amssplus','2023-07-11 07:57:57','student_check'),(88,'127.0.0.1','amssplus','2023-07-11 08:13:00','student_check'),(89,'127.0.0.1','amssplus','2023-07-11 08:13:51','student_check'),(90,'127.0.0.1','amssplus','2023-07-11 08:14:42','student_check'),(91,'127.0.0.1','amssplus','2023-07-26 13:58:54','student_check'),(92,'127.0.0.1','amssplus','2023-07-26 14:00:36','student_check'),(93,'127.0.0.1','amssplus','2023-07-26 14:02:10','student_check'),(94,'127.0.0.1','amssplus','2023-07-26 14:52:52','student_check'),(95,'127.0.0.1','amssplus','2023-07-26 14:58:28','student_check'),(96,'127.0.0.1','amssplus','2023-07-26 15:09:10','student_check'),(97,'127.0.0.1','amssplus','2023-07-26 15:11:04','student_check'),(98,'127.0.0.1','amssplus','2023-07-26 15:12:03','student_check'),(99,'127.0.0.1','amssplus','2023-07-26 15:18:39','student_check'),(100,'127.0.0.1','amssplus','2023-07-26 15:22:35','student_check'),(101,'127.0.0.1','amssplus','2023-07-26 15:27:26','student_check'),(102,'127.0.0.1','amssplus','2023-07-26 15:31:06','student_check'),(103,'127.0.0.1','amssplus','2023-07-26 15:32:14','student_check'),(104,'127.0.0.1','amssplus','2023-07-26 15:33:10','student_check'),(105,'127.0.0.1','amssplus','2023-07-26 15:45:47','student_check'),(106,'127.0.0.1','amssplus','2023-07-26 15:49:01','student_check'),(107,'127.0.0.1','amssplus','2023-07-26 15:50:58','student_check'),(108,'127.0.0.1','amssplus','2023-07-26 15:52:45','student_check'),(109,'127.0.0.1','amssplus','2023-07-26 15:57:17','student_check'),(110,'127.0.0.1','amssplus','2023-07-26 17:13:56','student_check'),(111,'127.0.0.1','amssplus','2023-07-26 17:19:45','student_check'),(112,'127.0.0.1','amssplus','2023-07-26 17:26:36','student_check'),(113,'127.0.0.1','amssplus','2023-07-26 17:28:12','student_check'),(114,'127.0.0.1','amssplus','2023-07-26 17:42:14','student_check'),(115,'10.1.1.3','amssplus','2023-08-24 09:05:28','student_check'),(116,'10.1.1.3','amssplus','2023-08-31 09:02:46','student_check'),(117,'10.1.1.3','amssplus','2023-08-31 09:03:18','student_check'),(118,'10.1.1.3','amssplus','2023-08-31 09:03:39','student_check'),(119,'10.1.1.3','amssplus','2023-09-15 20:10:51','student'),(120,'','amssplus','2023-10-25 14:28:39','student_check'),(121,'','amssplus','2023-10-25 14:28:46','student_check'),(122,'','amssplus','2023-10-25 14:28:48','student_check'),(123,'10.255.199.107','amssplus','2023-11-29 08:55:48','student_check'),(124,'10.255.199.107','amssplus','2023-12-15 12:15:49','student_check'),(125,'10.255.199.107','amssplus','2024-01-25 03:50:22','student_check'),(126,'10.255.199.107','amssplus','2024-06-10 11:59:07','student'),(127,'10.255.199.107','amssplus','2024-06-10 12:32:51','student'),(128,'10.255.199.107','amssplus','2024-06-14 10:46:03','student'),(129,'10.255.199.107','amssplus','2024-06-14 10:52:04','student'),(130,'10.255.199.107','amssplus','2024-06-17 04:37:31','person'),(131,'10.255.199.107','amssplus','2024-06-17 04:39:47','person'),(132,'10.255.199.107','amssplus','2024-06-20 04:51:34','student_check'),(133,'10.255.199.107','amssplus','2024-08-08 03:18:57','person'),(134,'10.255.199.107','amssplus','2025-03-11 07:57:43','student_check'),(135,'10.255.199.107','amssplus','2025-03-11 07:58:04','student_check'),(136,'10.255.199.107','amssplus','2025-03-28 01:48:38','student_check'),(137,'10.255.199.107','amssplus','2025-05-29 08:07:45','person'),(138,'10.255.199.107','amssplus','2025-05-29 08:14:00','person'),(139,'10.255.199.107','amssplus','2025-06-08 04:21:17','student'),(140,'10.255.199.107','amssplus','2025-06-08 04:23:07','student'),(141,'10.255.199.107','amssplus','2025-07-30 08:33:27','student_check'),(142,'10.255.199.107','amssplus','2025-08-01 22:22:45','student_check'),(143,'10.255.199.107','amssplus','2025-08-01 22:22:49','student_check'),(144,'10.255.199.107','amssplus','2025-08-14 04:06:12','person'),(145,'10.255.199.107','amssplus','2025-08-14 04:06:48','person'),(146,'10.255.199.107','amssplus','2025-08-14 04:25:27','student'),(147,'10.255.199.107','amssplus','2025-08-29 02:40:17','student_check'),(148,'10.255.199.107','amssplus','2025-09-13 05:43:36','student_check'),(149,'10.255.199.107','amssplus','2025-09-13 05:54:44','student_check');

--
-- Table structure for table `system_export_permission`
--

CREATE TABLE `system_export_permission` (
  `id` int(11) NOT NULL AUTO_INCREMENT,
  `requester` varchar(50) NOT NULL,
  `data_name` varchar(50) NOT NULL,
  `status` tinyint(4) NOT NULL DEFAULT 0,
  PRIMARY KEY (`id`)
) ENGINE=MyISAM AUTO_INCREMENT=7 DEFAULT CHARSET=utf8 COLLATE=utf8_general_ci;

--
-- Dumping data for table `system_export_permission`
--

INSERT INTO `system_export_permission` VALUES (1,'amssplus','plan',1),(2,'amssplus','onet',1),(3,'amssplus','student',1),(4,'amssplus','person',1),(5,'amssplus','student_check',1),(6,'amssplus','health',1);

--
-- Table structure for table `system_module`
--

CREATE TABLE `system_module` (
  `id` int(11) NOT NULL AUTO_INCREMENT,
  `module` varchar(50) NOT NULL,
  `module_desc` varchar(100) NOT NULL,
  `workgroup` tinyint(4) DEFAULT NULL,
  `module_active` tinyint(4) DEFAULT NULL,
  `module_order` int(11) NOT NULL,
  `web_link` tinyint(4) DEFAULT NULL,
  `url` varchar(150) DEFAULT NULL,
  `where_work` tinyint(4) NOT NULL DEFAULT 0,
  `menu_pic` varchar(25) NOT NULL,
  PRIMARY KEY (`id`)
) ENGINE=MyISAM AUTO_INCREMENT=114 DEFAULT CHARSET=utf8 COLLATE=utf8_general_ci;

--
-- Dumping data for table `system_module`
--

INSERT INTO `system_module` VALUES (1,'budget','การเงินและบัญชี',2,1,25,NULL,NULL,0,'fab fa-btc'),(32,'person','ข้อมูลพื้นฐานครูและบุคลากร',3,1,29,0,'',0,'fa fa-user-circle'),(36,'standard','มาตรฐานการศึกษา',1,1,21,NULL,NULL,0,''),(49,'health','ตรวจสุขภาพนักเรียน',1,1,5,NULL,NULL,1,''),(50,'student_check','การมาเรียน',1,1,1,NULL,NULL,0,'fa fa-child'),(70,'work','﻿การปฏิบัติราชการ',4,1,47,NULL,NULL,0,''),(48,'savings','ออมทรัพย์นักเรียน',1,1,3,NULL,NULL,1,'fab fa-btc'),(45,'student_main','ข้อมูลพื้นฐานนักเรียน',1,1,7,NULL,NULL,0,'fa fa-child'),(47,'plan','การวางแผน',2,1,23,NULL,NULL,0,''),(73,'la','﻿การลา',4,1,45,NULL,NULL,0,''),(80,'mail','ไปรษณีย์_โรงเรียน',4,1,36,0,'',0,'fa fa-envelope'),(75,'meeting','﻿จองห้องประชุม',4,1,49,NULL,NULL,0,''),(76,'permission','﻿ขออนุญาตไปราชการ',4,1,43,NULL,NULL,0,''),(81,'achievement','﻿ผลสัมฤทธิ์ทางการเรียน',1,1,19,NULL,NULL,0,'fa fa-graduation-cap'),(83,'cabinet','﻿ตู้เอกสาร',4,1,51,NULL,NULL,0,''),(99,'bookregister','﻿ทะเบียนหนังสือราชการ',4,1,33,0,'',0,'fa fa-book'),(100,'bets','ทดสอบการศึกษา_โรงเรียน',1,1,9,NULL,NULL,1,'fa fa-graduation-cap'),(101,'affair','﻿ภารกิจผู้อำนวยการ',4,1,41,0,'',0,''),(102,'amss_bets','﻿ทดสอบการศึกษา_สพท.',1,1,11,0,'',1,'fa fa-graduation-cap'),(103,'amss_budget','﻿การบริหารงบประมาณ_สพท.',2,1,27,0,'',0,'fab fa-btc'),(104,'amss_mail','﻿ไปรษณีย์_สพท.',4,1,37,0,'',0,'fa fa-envelope'),(105,'amss_opportunity','﻿สิทธิและโอกาสทางการศึกษา',1,1,15,0,'',0,'fa fa-child'),(106,'amss_spacial_student','﻿นักเรียนพิเศษ',1,1,17,0,'',0,'fa fa-child'),(107,'amss_supervision','﻿นิเทศ ติดตาม ประเมินผล',1,1,13,0,'',0,'fa fa-graduation-cap'),(108,'book','﻿รับส่งหนังสือราชการ',4,1,35,0,'',0,'fa fa-book'),(109,'delegate','﻿รักษาการในตำแหน่ง',3,1,31,0,'',0,''),(110,'warroom','﻿วิเคราะห์สภาพการณ์',1,1,0,0,'',0,'fa fa-filter'),(111,'questionnaire','﻿แบบสอบถาม',4,1,0,0,'',0,''),(112,'idplan','﻿ข้อมูลครูและบุคลากร(ส่วนเพิ่ม)',3,1,0,0,'',0,''),(113,'amss_safety','สถานศึกษาปลอดภัย',1,1,0,0,'',0,'');

--
-- Table structure for table `system_module_admin`
--

CREATE TABLE `system_module_admin` (
  `id` int(11) NOT NULL AUTO_INCREMENT,
  `person_id` varchar(13) NOT NULL,
  `module` varchar(30) NOT NULL,
  `officer` varchar(13) NOT NULL,
  `rec_date` date NOT NULL,
  PRIMARY KEY (`id`)
) ENGINE=MyISAM AUTO_INCREMENT=30 DEFAULT CHARSET=utf8 COLLATE=utf8_general_ci;

--
-- Dumping data for table `system_module_admin`
--

INSERT INTO `system_module_admin` VALUES (19,'3349900943319','plan','7777','2016-07-24'),(2,'1450700128233','achievement','3341800134144','2017-10-03'),(3,'1450700128233','bets','3341800134144','2017-10-03'),(4,'1342200047652','bookregister','3341800134144','2018-10-03'),(5,'3342000176358','budget','7777','2019-06-05'),(6,'1342200047652','cabinet','3341800134144','2018-10-03'),(7,'3349800113772','health','3341800134144','2017-10-03'),(8,'1342200047652','la','3341800134144','2018-10-03'),(9,'1450700128233','mail','3341800134144','2017-10-03'),(10,'1450700128233','meeting','3341800134144','2017-10-03'),(11,'1342200047652','permission','3341800134144','2018-10-03'),(12,'1450700128233','person','3341800134144','2017-10-03'),(13,'3342000176358','plan','7777','2019-06-05'),(14,'1341500222017','savings','7777','2019-06-05'),(15,'3349900943319','standard','3341800134144','2017-10-03'),(26,'1450700128233','student_check','7777','2019-06-05'),(17,'1450700128233','student_main','3341800134144','2017-10-03'),(18,'3349800035691','work','3341800134144','2017-10-03'),(20,'1450700128233','plan','7777','2016-07-24'),(21,'3341500367682','budget','7777','2019-06-05'),(24,'3340701154472','book','3340701154472','2018-09-22'),(25,'3340701154472','bookregister','3340701154472','2018-09-22'),(27,'1341500222017','budget','3342000176358','2020-10-03'),(28,'1341500222017','plan','7777','2020-10-03'),(29,'3341500367682','plan','7777','2020-10-03');

--
-- Table structure for table `system_school_name`
--

CREATE TABLE `system_school_name` (
  `id` tinyint(4) NOT NULL,
  `school_name` varchar(200) NOT NULL,
  `school_type` tinyint(4) NOT NULL DEFAULT 0
) ENGINE=MyISAM DEFAULT CHARSET=utf8 COLLATE=utf8_general_ci;

--
-- Dumping data for table `system_school_name`
--

INSERT INTO `system_school_name` VALUES (1,'โรงเรียนบ้านวังคกอูบมุง',0);

--
-- Table structure for table `system_sync_code`
--

CREATE TABLE `system_sync_code` (
  `id` tinyint(4) NOT NULL AUTO_INCREMENT,
  `office_code` varchar(10) NOT NULL,
  `system_name` varchar(50) NOT NULL,
  `sync_code` varchar(50) NOT NULL,
  `amssplus_url` varchar(100) NOT NULL,
  PRIMARY KEY (`id`),
  UNIQUE KEY `system_name` (`system_name`)
) ENGINE=MyISAM AUTO_INCREMENT=4 DEFAULT CHARSET=utf8 COLLATE=utf8_general_ci;

--
-- Dumping data for table `system_sync_code`
--

INSERT INTO `system_sync_code` VALUES (3,'34040083','amssplus','34040083','http://10.255.199.107/amssplus');

--
-- Table structure for table `system_version`
--

CREATE TABLE `system_version` (
  `id` int(11) NOT NULL AUTO_INCREMENT,
  `smss_version` varchar(100) NOT NULL,
  `status1` int(11) DEFAULT NULL,
  `status2` int(11) DEFAULT NULL,
  `status3` int(11) DEFAULT NULL,
  `status4` int(11) DEFAULT NULL,
  `status5` int(11) DEFAULT NULL,
  PRIMARY KEY (`id`)
) ENGINE=MyISAM AUTO_INCREMENT=2 DEFAULT CHARSET=utf8 COLLATE=utf8_general_ci;

--
-- Dumping data for table `system_version`
--

INSERT INTO `system_version` VALUES (1,'6.4',1,0,0,0,0);

--
-- Table structure for table `system_workgroup`
--

CREATE TABLE `system_workgroup` (
  `id` tinyint(4) NOT NULL AUTO_INCREMENT,
  `workgroup` tinyint(4) NOT NULL,
  `workgroup_desc` varchar(50) NOT NULL,
  `workgroup_order` int(11) NOT NULL,
  PRIMARY KEY (`id`),
  UNIQUE KEY `workgroup` (`workgroup`)
) ENGINE=MyISAM AUTO_INCREMENT=5 DEFAULT CHARSET=utf8 COLLATE=utf8_general_ci;

--
-- Dumping data for table `system_workgroup`
--

INSERT INTO `system_workgroup` VALUES (1,1,'บริหารวิชาการ',5),(2,2,'บริหารงบประมาณ',4),(3,3,'บริหารงานบุคคล',6),(4,4,'บริหารทั่วไป',8);

--
-- Table structure for table `work_main`
--

CREATE TABLE `work_main` (
  `id` int(11) NOT NULL AUTO_INCREMENT,
  `work_date` date NOT NULL,
  `person_id` varchar(13) NOT NULL,
  `work` tinyint(4) NOT NULL DEFAULT 0,
  `comment` varchar(150) DEFAULT NULL,
  `rec_date` datetime NOT NULL,
  `officer` varchar(13) NOT NULL,
  PRIMARY KEY (`id`),
  KEY `work_date` (`work_date`),
  KEY `person_id` (`person_id`)
) ENGINE=MyISAM AUTO_INCREMENT=1866 DEFAULT CHARSET=utf8 COLLATE=utf8_general_ci;

--
-- Dumping data for table `work_main`
--

INSERT INTO `work_main` VALUES (1,'2016-07-25','0000000000000',2,NULL,'2016-07-25 13:08:01','3341501554940'),(2,'2016-07-25','3341501554940',1,NULL,'2016-07-25 13:08:01','3341501554940'),(3,'2016-07-25','3349800035691',1,NULL,'2016-07-25 13:08:01','3341501554940'),(4,'2016-07-25','3101701056821',1,NULL,'2016-07-25 13:08:01','3341501554940'),(5,'2016-07-25','3341500263615',1,NULL,'2016-07-25 13:08:01','3341501554940'),(6,'2016-07-25','1450700128233',1,NULL,'2016-07-25 13:08:01','3341501554940'),(7,'2016-07-25','3349900943319',1,NULL,'2016-07-25 13:08:01','3341501554940'),(8,'2016-07-25','5342200024001',1,NULL,'2016-07-25 13:08:01','3341501554940'),(9,'2016-07-25','1350800035558',9,NULL,'2016-07-25 13:08:01','3341501554940'),(10,'2021-02-26','3342000176358',1,NULL,'2021-02-26 13:41:24','3342000176358'),(11,'2021-02-26','1340700537169',1,NULL,'2021-02-26 13:41:24','3342000176358'),(12,'2021-02-26','3330501470575',1,NULL,'2021-02-26 13:41:24','3342000176358'),(13,'2021-02-26','3340701154472',1,NULL,'2021-02-26 13:41:24','3342000176358'),(14,'2021-02-26','1450700128233',1,NULL,'2021-02-26 13:41:24','3342000176358'),(15,'2021-02-26','3341500367682',1,NULL,'2021-02-26 13:41:24','3342000176358'),(16,'2021-02-26','1341500222017',1,NULL,'2021-02-26 13:41:24','3342000176358'),(17,'2021-02-26','3341501266626',1,NULL,'2021-02-26 13:41:24','3342000176358'),(18,'2021-02-26','1342200047652',1,NULL,'2021-02-26 13:41:24','3342000176358'),(19,'2021-02-24','3342000176358',1,NULL,'2021-03-01 10:38:40','1342200047652'),(20,'2021-02-24','1340700537169',1,NULL,'2021-03-01 10:38:40','1342200047652'),(21,'2021-02-24','3330501470575',1,NULL,'2021-03-01 10:38:40','1342200047652'),(22,'2021-02-24','3340701154472',1,NULL,'2021-03-01 10:38:40','1342200047652'),(23,'2021-02-24','1450700128233',1,NULL,'2021-03-01 10:38:40','1342200047652'),(24,'2021-02-24','3341500367682',1,NULL,'2021-03-01 10:38:40','1342200047652'),(25,'2021-02-24','1341500222017',1,NULL,'2021-03-01 10:38:40','1342200047652'),(26,'2021-02-24','3341501266626',1,NULL,'2021-03-01 10:38:40','1342200047652'),(27,'2021-02-24','1342200047652',4,NULL,'2021-03-01 10:38:40','1342200047652'),(28,'2021-03-01','3342000176358',1,NULL,'2021-03-01 10:02:52','1342200047652'),(29,'2021-03-01','1340700537169',1,NULL,'2021-03-01 10:02:52','1342200047652'),(30,'2021-03-01','3330501470575',1,NULL,'2021-03-01 10:02:52','1342200047652'),(31,'2021-03-01','3340701154472',1,NULL,'2021-03-01 10:02:52','1342200047652'),(32,'2021-03-01','1450700128233',1,NULL,'2021-03-01 10:02:52','1342200047652'),(33,'2021-03-01','3341500367682',1,NULL,'2021-03-01 10:02:52','1342200047652'),(34,'2021-03-01','1341500222017',1,NULL,'2021-03-01 10:02:52','1342200047652'),(35,'2021-03-01','3341501266626',1,NULL,'2021-03-01 10:02:52','1342200047652'),(36,'2021-03-01','1342200047652',1,NULL,'2021-03-01 10:02:52','1342200047652'),(37,'2021-01-01','3342000176358',1,NULL,'2021-03-01 10:03:35','1342200047652'),(38,'2021-01-01','1340700537169',1,NULL,'2021-03-01 10:03:35','1342200047652'),(39,'2021-01-01','3330501470575',1,NULL,'2021-03-01 10:03:35','1342200047652'),(40,'2021-01-01','3340701154472',1,NULL,'2021-03-01 10:03:35','1342200047652'),(41,'2021-01-01','1450700128233',1,NULL,'2021-03-01 10:03:35','1342200047652'),(42,'2021-01-01','3341500367682',1,NULL,'2021-03-01 10:03:35','1342200047652'),(43,'2021-01-01','1341500222017',1,NULL,'2021-03-01 10:03:35','1342200047652'),(44,'2021-01-01','3341501266626',1,NULL,'2021-03-01 10:03:35','1342200047652'),(45,'2021-01-01','1342200047652',1,NULL,'2021-03-01 10:03:35','1342200047652'),(46,'2021-01-04','3342000176358',1,NULL,'2021-03-01 10:03:58','1342200047652'),(47,'2021-01-04','1340700537169',1,NULL,'2021-03-01 10:03:58','1342200047652'),(48,'2021-01-04','3330501470575',1,NULL,'2021-03-01 10:03:58','1342200047652'),(49,'2021-01-04','3340701154472',1,NULL,'2021-03-01 10:03:58','1342200047652'),(50,'2021-01-04','1450700128233',1,NULL,'2021-03-01 10:03:58','1342200047652'),(51,'2021-01-04','3341500367682',1,NULL,'2021-03-01 10:03:58','1342200047652'),(52,'2021-01-04','1341500222017',1,NULL,'2021-03-01 10:03:58','1342200047652'),(53,'2021-01-04','3341501266626',1,NULL,'2021-03-01 10:03:58','1342200047652'),(54,'2021-01-04','1342200047652',1,NULL,'2021-03-01 10:03:58','1342200047652'),(55,'2021-01-05','3342000176358',1,NULL,'2021-03-01 10:04:15','1342200047652'),(56,'2021-01-05','1340700537169',1,NULL,'2021-03-01 10:04:15','1342200047652'),(57,'2021-01-05','3330501470575',1,NULL,'2021-03-01 10:04:15','1342200047652'),(58,'2021-01-05','3340701154472',1,NULL,'2021-03-01 10:04:15','1342200047652'),(59,'2021-01-05','1450700128233',1,NULL,'2021-03-01 10:04:15','1342200047652'),(60,'2021-01-05','3341500367682',1,NULL,'2021-03-01 10:04:15','1342200047652'),(61,'2021-01-05','1341500222017',1,NULL,'2021-03-01 10:04:15','1342200047652'),(62,'2021-01-05','3341501266626',1,NULL,'2021-03-01 10:04:15','1342200047652'),(63,'2021-01-05','1342200047652',1,NULL,'2021-03-01 10:04:15','1342200047652'),(64,'2021-01-06','3342000176358',1,NULL,'2021-03-01 10:04:30','1342200047652'),(65,'2021-01-06','1340700537169',1,NULL,'2021-03-01 10:04:30','1342200047652'),(66,'2021-01-06','3330501470575',1,NULL,'2021-03-01 10:04:30','1342200047652'),(67,'2021-01-06','3340701154472',1,NULL,'2021-03-01 10:04:30','1342200047652'),(68,'2021-01-06','1450700128233',1,NULL,'2021-03-01 10:04:30','1342200047652'),(69,'2021-01-06','3341500367682',1,NULL,'2021-03-01 10:04:30','1342200047652'),(70,'2021-01-06','1341500222017',1,NULL,'2021-03-01 10:04:30','1342200047652'),(71,'2021-01-06','3341501266626',1,NULL,'2021-03-01 10:04:30','1342200047652'),(72,'2021-01-06','1342200047652',1,NULL,'2021-03-01 10:04:30','1342200047652'),(73,'2021-01-07','3342000176358',1,NULL,'2021-03-01 10:04:50','1342200047652'),(74,'2021-01-07','1340700537169',1,NULL,'2021-03-01 10:04:50','1342200047652'),(75,'2021-01-07','3330501470575',1,NULL,'2021-03-01 10:04:50','1342200047652'),(76,'2021-01-07','3340701154472',1,NULL,'2021-03-01 10:04:50','1342200047652'),(77,'2021-01-07','1450700128233',1,NULL,'2021-03-01 10:04:50','1342200047652'),(78,'2021-01-07','3341500367682',1,NULL,'2021-03-01 10:04:50','1342200047652'),(79,'2021-01-07','1341500222017',1,NULL,'2021-03-01 10:04:50','1342200047652'),(80,'2021-01-07','3341501266626',1,NULL,'2021-03-01 10:04:50','1342200047652'),(81,'2021-01-07','1342200047652',1,NULL,'2021-03-01 10:04:50','1342200047652'),(82,'2021-01-08','3342000176358',1,NULL,'2021-03-01 10:05:19','1342200047652'),(83,'2021-01-08','1340700537169',1,NULL,'2021-03-01 10:05:19','1342200047652'),(84,'2021-01-08','3330501470575',1,NULL,'2021-03-01 10:05:19','1342200047652'),(85,'2021-01-08','3340701154472',1,NULL,'2021-03-01 10:05:19','1342200047652'),(86,'2021-01-08','1450700128233',1,NULL,'2021-03-01 10:05:19','1342200047652'),(87,'2021-01-08','3341500367682',1,NULL,'2021-03-01 10:05:19','1342200047652'),(88,'2021-01-08','1341500222017',1,NULL,'2021-03-01 10:05:19','1342200047652'),(89,'2021-01-08','3341501266626',1,NULL,'2021-03-01 10:05:19','1342200047652'),(90,'2021-01-08','1342200047652',1,NULL,'2021-03-01 10:05:19','1342200047652'),(91,'2021-01-11','3342000176358',1,NULL,'2021-03-01 10:05:38','1342200047652'),(92,'2021-01-11','1340700537169',1,NULL,'2021-03-01 10:05:38','1342200047652'),(93,'2021-01-11','3330501470575',1,NULL,'2021-03-01 10:05:38','1342200047652'),(94,'2021-01-11','3340701154472',1,NULL,'2021-03-01 10:05:38','1342200047652'),(95,'2021-01-11','1450700128233',1,NULL,'2021-03-01 10:05:38','1342200047652'),(96,'2021-01-11','3341500367682',1,NULL,'2021-03-01 10:05:38','1342200047652'),(97,'2021-01-11','1341500222017',1,NULL,'2021-03-01 10:05:38','1342200047652'),(98,'2021-01-11','3341501266626',1,NULL,'2021-03-01 10:05:38','1342200047652'),(99,'2021-01-11','1342200047652',1,NULL,'2021-03-01 10:05:38','1342200047652'),(100,'2021-01-12','3342000176358',1,NULL,'2021-03-01 10:05:58','1342200047652'),(101,'2021-01-12','1340700537169',1,NULL,'2021-03-01 10:05:58','1342200047652'),(102,'2021-01-12','3330501470575',1,NULL,'2021-03-01 10:05:58','1342200047652'),(103,'2021-01-12','3340701154472',1,NULL,'2021-03-01 10:05:58','1342200047652'),(104,'2021-01-12','1450700128233',1,NULL,'2021-03-01 10:05:58','1342200047652'),(105,'2021-01-12','3341500367682',1,NULL,'2021-03-01 10:05:58','1342200047652'),(106,'2021-01-12','1341500222017',1,NULL,'2021-03-01 10:05:58','1342200047652'),(107,'2021-01-12','3341501266626',1,NULL,'2021-03-01 10:05:58','1342200047652'),(108,'2021-01-12','1342200047652',1,NULL,'2021-03-01 10:05:58','1342200047652'),(109,'2021-01-13','3342000176358',1,NULL,'2021-03-01 10:06:32','1342200047652'),(110,'2021-01-13','1340700537169',1,NULL,'2021-03-01 10:06:32','1342200047652'),(111,'2021-01-13','3330501470575',1,NULL,'2021-03-01 10:06:32','1342200047652'),(112,'2021-01-13','3340701154472',1,NULL,'2021-03-01 10:06:32','1342200047652'),(113,'2021-01-13','1450700128233',1,NULL,'2021-03-01 10:06:32','1342200047652'),(114,'2021-01-13','3341500367682',1,NULL,'2021-03-01 10:06:32','1342200047652'),(115,'2021-01-13','1341500222017',1,NULL,'2021-03-01 10:06:32','1342200047652'),(116,'2021-01-13','3341501266626',1,NULL,'2021-03-01 10:06:32','1342200047652'),(117,'2021-01-13','1342200047652',1,NULL,'2021-03-01 10:06:32','1342200047652'),(118,'2021-01-14','3342000176358',1,NULL,'2021-03-01 10:07:01','1342200047652'),(119,'2021-01-14','1340700537169',1,NULL,'2021-03-01 10:07:01','1342200047652'),(120,'2021-01-14','3330501470575',1,NULL,'2021-03-01 10:07:01','1342200047652'),(121,'2021-01-14','3340701154472',1,NULL,'2021-03-01 10:07:01','1342200047652'),(122,'2021-01-14','1450700128233',1,NULL,'2021-03-01 10:07:01','1342200047652'),(123,'2021-01-14','3341500367682',1,NULL,'2021-03-01 10:07:01','1342200047652'),(124,'2021-01-14','1341500222017',1,NULL,'2021-03-01 10:07:01','1342200047652'),(125,'2021-01-14','3341501266626',1,NULL,'2021-03-01 10:07:01','1342200047652'),(126,'2021-01-14','1342200047652',1,NULL,'2021-03-01 10:07:01','1342200047652'),(127,'2021-01-15','3342000176358',1,NULL,'2021-03-01 10:07:18','1342200047652'),(128,'2021-01-15','1340700537169',1,NULL,'2021-03-01 10:07:18','1342200047652'),(129,'2021-01-15','3330501470575',1,NULL,'2021-03-01 10:07:18','1342200047652'),(130,'2021-01-15','3340701154472',1,NULL,'2021-03-01 10:07:18','1342200047652'),(131,'2021-01-15','1450700128233',1,NULL,'2021-03-01 10:07:18','1342200047652'),(132,'2021-01-15','3341500367682',1,NULL,'2021-03-01 10:07:18','1342200047652'),(133,'2021-01-15','1341500222017',1,NULL,'2021-03-01 10:07:18','1342200047652'),(134,'2021-01-15','3341501266626',1,NULL,'2021-03-01 10:07:18','1342200047652'),(135,'2021-01-15','1342200047652',1,NULL,'2021-03-01 10:07:18','1342200047652'),(136,'2021-01-18','3342000176358',1,NULL,'2021-03-01 10:07:52','1342200047652'),(137,'2021-01-18','1340700537169',1,NULL,'2021-03-01 10:07:52','1342200047652'),(138,'2021-01-18','3330501470575',1,NULL,'2021-03-01 10:07:52','1342200047652'),(139,'2021-01-18','3340701154472',1,NULL,'2021-03-01 10:07:52','1342200047652'),(140,'2021-01-18','1450700128233',1,NULL,'2021-03-01 10:07:52','1342200047652'),(141,'2021-01-18','3341500367682',1,NULL,'2021-03-01 10:07:52','1342200047652'),(142,'2021-01-18','1341500222017',1,NULL,'2021-03-01 10:07:52','1342200047652'),(143,'2021-01-18','3341501266626',1,NULL,'2021-03-01 10:07:52','1342200047652'),(144,'2021-01-18','1342200047652',1,NULL,'2021-03-01 10:07:52','1342200047652'),(145,'2021-01-19','3342000176358',1,NULL,'2021-03-01 10:08:20','1342200047652'),(146,'2021-01-19','1340700537169',1,NULL,'2021-03-01 10:08:20','1342200047652'),(147,'2021-01-19','3330501470575',1,NULL,'2021-03-01 10:08:20','1342200047652'),(148,'2021-01-19','3340701154472',1,NULL,'2021-03-01 10:08:20','1342200047652'),(149,'2021-01-19','1450700128233',1,NULL,'2021-03-01 10:08:20','1342200047652'),(150,'2021-01-19','3341500367682',1,NULL,'2021-03-01 10:08:20','1342200047652'),(151,'2021-01-19','1341500222017',1,NULL,'2021-03-01 10:08:20','1342200047652'),(152,'2021-01-19','3341501266626',1,NULL,'2021-03-01 10:08:20','1342200047652'),(153,'2021-01-19','1342200047652',1,NULL,'2021-03-01 10:08:20','1342200047652'),(154,'2021-01-20','3342000176358',1,NULL,'2021-03-01 10:08:43','1342200047652'),(155,'2021-01-20','1340700537169',1,NULL,'2021-03-01 10:08:43','1342200047652'),(156,'2021-01-20','3330501470575',1,NULL,'2021-03-01 10:08:43','1342200047652'),(157,'2021-01-20','3340701154472',1,NULL,'2021-03-01 10:08:43','1342200047652'),(158,'2021-01-20','1450700128233',1,NULL,'2021-03-01 10:08:43','1342200047652'),(159,'2021-01-20','3341500367682',1,NULL,'2021-03-01 10:08:43','1342200047652'),(160,'2021-01-20','1341500222017',1,NULL,'2021-03-01 10:08:43','1342200047652'),(161,'2021-01-20','3341501266626',1,NULL,'2021-03-01 10:08:43','1342200047652'),(162,'2021-01-20','1342200047652',1,NULL,'2021-03-01 10:08:43','1342200047652'),(163,'2021-01-21','3342000176358',1,NULL,'2021-03-01 10:41:17','1342200047652'),(164,'2021-01-21','1340700537169',1,NULL,'2021-03-01 10:41:17','1342200047652'),(165,'2021-01-21','3330501470575',1,NULL,'2021-03-01 10:41:17','1342200047652'),(166,'2021-01-21','3340701154472',1,NULL,'2021-03-01 10:41:17','1342200047652'),(167,'2021-01-21','1450700128233',4,NULL,'2021-03-01 10:41:17','1342200047652'),(168,'2021-01-21','3341500367682',1,NULL,'2021-03-01 10:41:17','1342200047652'),(169,'2021-01-21','1341500222017',1,NULL,'2021-03-01 10:41:17','1342200047652'),(170,'2021-01-21','3341501266626',1,NULL,'2021-03-01 10:41:17','1342200047652'),(171,'2021-01-21','1342200047652',1,NULL,'2021-03-01 10:41:17','1342200047652'),(172,'2021-01-22','3342000176358',1,NULL,'2021-03-01 10:09:34','1342200047652'),(173,'2021-01-22','1340700537169',1,NULL,'2021-03-01 10:09:34','1342200047652'),(174,'2021-01-22','3330501470575',1,NULL,'2021-03-01 10:09:34','1342200047652'),(175,'2021-01-22','3340701154472',1,NULL,'2021-03-01 10:09:34','1342200047652'),(176,'2021-01-22','1450700128233',1,NULL,'2021-03-01 10:09:34','1342200047652'),(177,'2021-01-22','3341500367682',1,NULL,'2021-03-01 10:09:34','1342200047652'),(178,'2021-01-22','1341500222017',1,NULL,'2021-03-01 10:09:34','1342200047652'),(179,'2021-01-22','3341501266626',1,NULL,'2021-03-01 10:09:34','1342200047652'),(180,'2021-01-22','1342200047652',1,NULL,'2021-03-01 10:09:34','1342200047652'),(181,'2021-01-25','3342000176358',1,NULL,'2021-03-01 10:09:54','1342200047652'),(182,'2021-01-25','1340700537169',1,NULL,'2021-03-01 10:09:54','1342200047652'),(183,'2021-01-25','3330501470575',1,NULL,'2021-03-01 10:09:54','1342200047652'),(184,'2021-01-25','3340701154472',1,NULL,'2021-03-01 10:09:54','1342200047652'),(185,'2021-01-25','1450700128233',1,NULL,'2021-03-01 10:09:54','1342200047652'),(186,'2021-01-25','3341500367682',1,NULL,'2021-03-01 10:09:54','1342200047652'),(187,'2021-01-25','1341500222017',1,NULL,'2021-03-01 10:09:54','1342200047652'),(188,'2021-01-25','3341501266626',1,NULL,'2021-03-01 10:09:54','1342200047652'),(189,'2021-01-25','1342200047652',1,NULL,'2021-03-01 10:09:54','1342200047652'),(190,'2021-01-26','3342000176358',1,NULL,'2021-03-01 10:10:12','1342200047652'),(191,'2021-01-26','1340700537169',1,NULL,'2021-03-01 10:10:12','1342200047652'),(192,'2021-01-26','3330501470575',1,NULL,'2021-03-01 10:10:12','1342200047652'),(193,'2021-01-26','3340701154472',1,NULL,'2021-03-01 10:10:12','1342200047652'),(194,'2021-01-26','1450700128233',1,NULL,'2021-03-01 10:10:12','1342200047652'),(195,'2021-01-26','3341500367682',1,NULL,'2021-03-01 10:10:12','1342200047652'),(196,'2021-01-26','1341500222017',1,NULL,'2021-03-01 10:10:12','1342200047652'),(197,'2021-01-26','3341501266626',1,NULL,'2021-03-01 10:10:12','1342200047652'),(198,'2021-01-26','1342200047652',1,NULL,'2021-03-01 10:10:12','1342200047652'),(199,'2021-01-27','3342000176358',1,NULL,'2021-03-01 10:10:39','1342200047652'),(200,'2021-01-27','1340700537169',1,NULL,'2021-03-01 10:10:39','1342200047652'),(201,'2021-01-27','3330501470575',1,NULL,'2021-03-01 10:10:39','1342200047652'),(202,'2021-01-27','3340701154472',1,NULL,'2021-03-01 10:10:39','1342200047652'),(203,'2021-01-27','1450700128233',1,NULL,'2021-03-01 10:10:39','1342200047652'),(204,'2021-01-27','3341500367682',1,NULL,'2021-03-01 10:10:39','1342200047652'),(205,'2021-01-27','1341500222017',1,NULL,'2021-03-01 10:10:39','1342200047652'),(206,'2021-01-27','3341501266626',1,NULL,'2021-03-01 10:10:39','1342200047652'),(207,'2021-01-27','1342200047652',1,NULL,'2021-03-01 10:10:39','1342200047652'),(208,'2021-01-28','3342000176358',1,NULL,'2021-03-01 10:10:52','1342200047652'),(209,'2021-01-28','1340700537169',1,NULL,'2021-03-01 10:10:52','1342200047652'),(210,'2021-01-28','3330501470575',1,NULL,'2021-03-01 10:10:52','1342200047652'),(211,'2021-01-28','3340701154472',1,NULL,'2021-03-01 10:10:52','1342200047652'),(212,'2021-01-28','1450700128233',1,NULL,'2021-03-01 10:10:52','1342200047652'),(213,'2021-01-28','3341500367682',1,NULL,'2021-03-01 10:10:52','1342200047652'),(214,'2021-01-28','1341500222017',1,NULL,'2021-03-01 10:10:52','1342200047652'),(215,'2021-01-28','3341501266626',1,NULL,'2021-03-01 10:10:52','1342200047652'),(216,'2021-01-28','1342200047652',1,NULL,'2021-03-01 10:10:52','1342200047652'),(217,'2021-01-29','3342000176358',1,NULL,'2021-03-01 10:11:29','1342200047652'),(218,'2021-01-29','1340700537169',1,NULL,'2021-03-01 10:11:29','1342200047652'),(219,'2021-01-29','3330501470575',1,NULL,'2021-03-01 10:11:29','1342200047652'),(220,'2021-01-29','3340701154472',1,NULL,'2021-03-01 10:11:29','1342200047652'),(221,'2021-01-29','1450700128233',1,NULL,'2021-03-01 10:11:29','1342200047652'),(222,'2021-01-29','3341500367682',1,NULL,'2021-03-01 10:11:29','1342200047652'),(223,'2021-01-29','1341500222017',1,NULL,'2021-03-01 10:11:29','1342200047652'),(224,'2021-01-29','3341501266626',1,NULL,'2021-03-01 10:11:29','1342200047652'),(225,'2021-01-29','1342200047652',1,NULL,'2021-03-01 10:11:29','1342200047652'),(226,'2021-02-01','3342000176358',1,NULL,'2021-03-01 10:11:57','1342200047652'),(227,'2021-02-01','1340700537169',1,NULL,'2021-03-01 10:11:57','1342200047652'),(228,'2021-02-01','3330501470575',1,NULL,'2021-03-01 10:11:57','1342200047652'),(229,'2021-02-01','3340701154472',1,NULL,'2021-03-01 10:11:57','1342200047652'),(230,'2021-02-01','1450700128233',1,NULL,'2021-03-01 10:11:57','1342200047652'),(231,'2021-02-01','3341500367682',1,NULL,'2021-03-01 10:11:57','1342200047652'),(232,'2021-02-01','1341500222017',1,NULL,'2021-03-01 10:11:57','1342200047652'),(233,'2021-02-01','3341501266626',1,NULL,'2021-03-01 10:11:57','1342200047652'),(234,'2021-02-01','1342200047652',1,NULL,'2021-03-01 10:11:57','1342200047652'),(235,'2021-02-02','3342000176358',1,NULL,'2021-03-01 10:12:31','1342200047652'),(236,'2021-02-02','1340700537169',1,NULL,'2021-03-01 10:12:31','1342200047652'),(237,'2021-02-02','3330501470575',1,NULL,'2021-03-01 10:12:31','1342200047652'),(238,'2021-02-02','3340701154472',1,NULL,'2021-03-01 10:12:31','1342200047652'),(239,'2021-02-02','1450700128233',1,NULL,'2021-03-01 10:12:31','1342200047652'),(240,'2021-02-02','3341500367682',1,NULL,'2021-03-01 10:12:31','1342200047652'),(241,'2021-02-02','1341500222017',1,NULL,'2021-03-01 10:12:31','1342200047652'),(242,'2021-02-02','3341501266626',1,NULL,'2021-03-01 10:12:31','1342200047652'),(243,'2021-02-02','1342200047652',1,NULL,'2021-03-01 10:12:31','1342200047652'),(244,'2021-02-03','3342000176358',1,NULL,'2021-03-01 10:12:46','1342200047652'),(245,'2021-02-03','1340700537169',1,NULL,'2021-03-01 10:12:46','1342200047652'),(246,'2021-02-03','3330501470575',1,NULL,'2021-03-01 10:12:46','1342200047652'),(247,'2021-02-03','3340701154472',1,NULL,'2021-03-01 10:12:46','1342200047652'),(248,'2021-02-03','1450700128233',1,NULL,'2021-03-01 10:12:46','1342200047652'),(249,'2021-02-03','3341500367682',1,NULL,'2021-03-01 10:12:46','1342200047652'),(250,'2021-02-03','1341500222017',1,NULL,'2021-03-01 10:12:46','1342200047652'),(251,'2021-02-03','3341501266626',1,NULL,'2021-03-01 10:12:46','1342200047652'),(252,'2021-02-03','1342200047652',1,NULL,'2021-03-01 10:12:46','1342200047652'),(253,'2021-02-04','3342000176358',1,NULL,'2021-03-01 10:13:16','1342200047652'),(254,'2021-02-04','1340700537169',1,NULL,'2021-03-01 10:13:16','1342200047652'),(255,'2021-02-04','3330501470575',1,NULL,'2021-03-01 10:13:16','1342200047652'),(256,'2021-02-04','3340701154472',1,NULL,'2021-03-01 10:13:16','1342200047652'),(257,'2021-02-04','1450700128233',1,NULL,'2021-03-01 10:13:16','1342200047652'),(258,'2021-02-04','3341500367682',1,NULL,'2021-03-01 10:13:16','1342200047652'),(259,'2021-02-04','1341500222017',1,NULL,'2021-03-01 10:13:16','1342200047652'),(260,'2021-02-04','3341501266626',1,NULL,'2021-03-01 10:13:16','1342200047652'),(261,'2021-02-04','1342200047652',1,NULL,'2021-03-01 10:13:16','1342200047652'),(262,'2021-02-05','3342000176358',1,NULL,'2021-03-01 10:38:22','1342200047652'),(263,'2021-02-05','1340700537169',1,NULL,'2021-03-01 10:38:22','1342200047652'),(264,'2021-02-05','3330501470575',1,NULL,'2021-03-01 10:38:22','1342200047652'),(265,'2021-02-05','3340701154472',1,NULL,'2021-03-01 10:38:22','1342200047652'),(266,'2021-02-05','1450700128233',2,NULL,'2021-03-01 10:38:22','1342200047652'),(267,'2021-02-05','3341500367682',1,NULL,'2021-03-01 10:38:22','1342200047652'),(268,'2021-02-05','1341500222017',1,NULL,'2021-03-01 10:38:22','1342200047652'),(269,'2021-02-05','3341501266626',1,NULL,'2021-03-01 10:38:22','1342200047652'),(270,'2021-02-05','1342200047652',1,NULL,'2021-03-01 10:38:22','1342200047652'),(271,'2021-02-09','3342000176358',1,NULL,'2021-03-01 10:23:25','1342200047652'),(272,'2021-02-09','1340700537169',1,NULL,'2021-03-01 10:23:25','1342200047652'),(273,'2021-02-09','3330501470575',1,NULL,'2021-03-01 10:23:25','1342200047652'),(274,'2021-02-09','3340701154472',1,NULL,'2021-03-01 10:23:25','1342200047652'),(275,'2021-02-09','1450700128233',1,NULL,'2021-03-01 10:23:25','1342200047652'),(276,'2021-02-09','3341500367682',1,NULL,'2021-03-01 10:23:25','1342200047652'),(277,'2021-02-09','1341500222017',1,NULL,'2021-03-01 10:23:25','1342200047652'),(278,'2021-02-09','3341501266626',1,NULL,'2021-03-01 10:23:25','1342200047652'),(279,'2021-02-09','1342200047652',1,NULL,'2021-03-01 10:23:25','1342200047652'),(280,'2021-02-10','3342000176358',1,NULL,'2021-03-01 10:33:00','1342200047652'),(281,'2021-02-10','1340700537169',1,NULL,'2021-03-01 10:33:00','1342200047652'),(282,'2021-02-10','3330501470575',1,NULL,'2021-03-01 10:33:00','1342200047652'),(283,'2021-02-10','3340701154472',1,NULL,'2021-03-01 10:33:00','1342200047652'),(284,'2021-02-10','1450700128233',4,NULL,'2021-03-01 10:33:00','1342200047652'),(285,'2021-02-10','3341500367682',1,NULL,'2021-03-01 10:33:00','1342200047652'),(286,'2021-02-10','1341500222017',1,NULL,'2021-03-01 10:33:00','1342200047652'),(287,'2021-02-10','3341501266626',1,NULL,'2021-03-01 10:33:00','1342200047652'),(288,'2021-02-10','1342200047652',1,NULL,'2021-03-01 10:33:00','1342200047652'),(289,'2021-02-11','3342000176358',1,NULL,'2021-03-01 10:23:54','1342200047652'),(290,'2021-02-11','1340700537169',1,NULL,'2021-03-01 10:23:54','1342200047652'),(291,'2021-02-11','3330501470575',1,NULL,'2021-03-01 10:23:54','1342200047652'),(292,'2021-02-11','3340701154472',1,NULL,'2021-03-01 10:23:54','1342200047652'),(293,'2021-02-11','1450700128233',1,NULL,'2021-03-01 10:23:54','1342200047652'),(294,'2021-02-11','3341500367682',1,NULL,'2021-03-01 10:23:54','1342200047652'),(295,'2021-02-11','1341500222017',1,NULL,'2021-03-01 10:23:54','1342200047652'),(296,'2021-02-11','3341501266626',1,NULL,'2021-03-01 10:23:54','1342200047652'),(297,'2021-02-11','1342200047652',1,NULL,'2021-03-01 10:23:54','1342200047652'),(298,'2021-02-12','3342000176358',1,NULL,'2021-03-01 10:24:10','1342200047652'),(299,'2021-02-12','1340700537169',1,NULL,'2021-03-01 10:24:10','1342200047652'),(300,'2021-02-12','3330501470575',1,NULL,'2021-03-01 10:24:10','1342200047652'),(301,'2021-02-12','3340701154472',1,NULL,'2021-03-01 10:24:10','1342200047652'),(302,'2021-02-12','1450700128233',1,NULL,'2021-03-01 10:24:10','1342200047652'),(303,'2021-02-12','3341500367682',1,NULL,'2021-03-01 10:24:10','1342200047652'),(304,'2021-02-12','1341500222017',1,NULL,'2021-03-01 10:24:10','1342200047652'),(305,'2021-02-12','3341501266626',1,NULL,'2021-03-01 10:24:10','1342200047652'),(306,'2021-02-12','1342200047652',1,NULL,'2021-03-01 10:24:10','1342200047652'),(307,'2021-02-15','3342000176358',1,NULL,'2021-03-01 10:24:36','1342200047652'),(308,'2021-02-15','1340700537169',1,NULL,'2021-03-01 10:24:36','1342200047652'),(309,'2021-02-15','3330501470575',1,NULL,'2021-03-01 10:24:36','1342200047652'),(310,'2021-02-15','3340701154472',1,NULL,'2021-03-01 10:24:36','1342200047652'),(311,'2021-02-15','1450700128233',1,NULL,'2021-03-01 10:24:36','1342200047652'),(312,'2021-02-15','3341500367682',1,NULL,'2021-03-01 10:24:36','1342200047652'),(313,'2021-02-15','1341500222017',1,NULL,'2021-03-01 10:24:36','1342200047652'),(314,'2021-02-15','3341501266626',1,NULL,'2021-03-01 10:24:36','1342200047652'),(315,'2021-02-15','1342200047652',1,NULL,'2021-03-01 10:24:36','1342200047652'),(316,'2021-02-16','3342000176358',1,NULL,'2021-03-01 10:25:09','1342200047652'),(317,'2021-02-16','1340700537169',1,NULL,'2021-03-01 10:25:09','1342200047652'),(318,'2021-02-16','3330501470575',1,NULL,'2021-03-01 10:25:09','1342200047652'),(319,'2021-02-16','3340701154472',1,NULL,'2021-03-01 10:25:09','1342200047652'),(320,'2021-02-16','1450700128233',1,NULL,'2021-03-01 10:25:09','1342200047652'),(321,'2021-02-16','3341500367682',1,NULL,'2021-03-01 10:25:09','1342200047652'),(322,'2021-02-16','1341500222017',1,NULL,'2021-03-01 10:25:09','1342200047652'),(323,'2021-02-16','3341501266626',1,NULL,'2021-03-01 10:25:09','1342200047652'),(324,'2021-02-16','1342200047652',1,NULL,'2021-03-01 10:25:09','1342200047652'),(325,'2021-02-17','3342000176358',1,NULL,'2021-03-01 10:25:30','1342200047652'),(326,'2021-02-17','1340700537169',1,NULL,'2021-03-01 10:25:30','1342200047652'),(327,'2021-02-17','3330501470575',1,NULL,'2021-03-01 10:25:30','1342200047652'),(328,'2021-02-17','3340701154472',1,NULL,'2021-03-01 10:25:30','1342200047652'),(329,'2021-02-17','1450700128233',1,NULL,'2021-03-01 10:25:30','1342200047652'),(330,'2021-02-17','3341500367682',1,NULL,'2021-03-01 10:25:30','1342200047652'),(331,'2021-02-17','1341500222017',1,NULL,'2021-03-01 10:25:30','1342200047652'),(332,'2021-02-17','3341501266626',1,NULL,'2021-03-01 10:25:30','1342200047652'),(333,'2021-02-17','1342200047652',1,NULL,'2021-03-01 10:25:30','1342200047652'),(334,'2021-02-18','3342000176358',1,NULL,'2021-03-01 10:27:06','1342200047652'),(335,'2021-02-18','1340700537169',1,NULL,'2021-03-01 10:27:06','1342200047652'),(336,'2021-02-18','3330501470575',1,NULL,'2021-03-01 10:27:06','1342200047652'),(337,'2021-02-18','3340701154472',1,NULL,'2021-03-01 10:27:06','1342200047652'),(338,'2021-02-18','1450700128233',1,NULL,'2021-03-01 10:27:06','1342200047652'),(339,'2021-02-18','3341500367682',1,NULL,'2021-03-01 10:27:06','1342200047652'),(340,'2021-02-18','1341500222017',1,NULL,'2021-03-01 10:27:06','1342200047652'),(341,'2021-02-18','3341501266626',1,NULL,'2021-03-01 10:27:06','1342200047652'),(342,'2021-02-18','1342200047652',1,NULL,'2021-03-01 10:27:06','1342200047652'),(343,'2021-02-06','3342000176358',1,NULL,'2021-03-01 10:33:21','1342200047652'),(344,'2021-02-06','1340700537169',1,NULL,'2021-03-01 10:33:21','1342200047652'),(345,'2021-02-06','3330501470575',1,NULL,'2021-03-01 10:33:21','1342200047652'),(346,'2021-02-06','3340701154472',1,NULL,'2021-03-01 10:33:21','1342200047652'),(347,'2021-02-06','1450700128233',1,NULL,'2021-03-01 10:33:21','1342200047652'),(348,'2021-02-06','3341500367682',2,NULL,'2021-03-01 10:33:21','1342200047652'),(349,'2021-02-06','1341500222017',1,NULL,'2021-03-01 10:33:21','1342200047652'),(350,'2021-02-06','3341501266626',1,NULL,'2021-03-01 10:33:21','1342200047652'),(351,'2021-02-06','1342200047652',1,NULL,'2021-03-01 10:33:21','1342200047652'),(352,'2021-02-13','3342000176358',1,NULL,'2021-03-01 10:31:37','1342200047652'),(353,'2021-02-13','1340700537169',1,NULL,'2021-03-01 10:31:37','1342200047652'),(354,'2021-02-13','3330501470575',1,NULL,'2021-03-01 10:31:37','1342200047652'),(355,'2021-02-13','3340701154472',1,NULL,'2021-03-01 10:31:37','1342200047652'),(356,'2021-02-13','1450700128233',1,NULL,'2021-03-01 10:31:37','1342200047652'),(357,'2021-02-13','3341500367682',1,NULL,'2021-03-01 10:31:37','1342200047652'),(358,'2021-02-13','1341500222017',1,NULL,'2021-03-01 10:31:37','1342200047652'),(359,'2021-02-13','3341501266626',1,NULL,'2021-03-01 10:31:37','1342200047652'),(360,'2021-02-13','1342200047652',1,NULL,'2021-03-01 10:31:37','1342200047652'),(361,'2021-02-20','3342000176358',1,NULL,'2021-03-01 10:31:52','1342200047652'),(362,'2021-02-20','1340700537169',1,NULL,'2021-03-01 10:31:52','1342200047652'),(363,'2021-02-20','3330501470575',1,NULL,'2021-03-01 10:31:52','1342200047652'),(364,'2021-02-20','3340701154472',1,NULL,'2021-03-01 10:31:52','1342200047652'),(365,'2021-02-20','1450700128233',1,NULL,'2021-03-01 10:31:52','1342200047652'),(366,'2021-02-20','3341500367682',1,NULL,'2021-03-01 10:31:52','1342200047652'),(367,'2021-02-20','1341500222017',1,NULL,'2021-03-01 10:31:52','1342200047652'),(368,'2021-02-20','3341501266626',1,NULL,'2021-03-01 10:31:52','1342200047652'),(369,'2021-02-20','1342200047652',1,NULL,'2021-03-01 10:31:52','1342200047652'),(370,'2021-02-19','3342000176358',1,NULL,'2021-03-01 10:32:02','1342200047652'),(371,'2021-02-19','1340700537169',1,NULL,'2021-03-01 10:32:02','1342200047652'),(372,'2021-02-19','3330501470575',1,NULL,'2021-03-01 10:32:02','1342200047652'),(373,'2021-02-19','3340701154472',1,NULL,'2021-03-01 10:32:02','1342200047652'),(374,'2021-02-19','1450700128233',1,NULL,'2021-03-01 10:32:02','1342200047652'),(375,'2021-02-19','3341500367682',1,NULL,'2021-03-01 10:32:02','1342200047652'),(376,'2021-02-19','1341500222017',1,NULL,'2021-03-01 10:32:02','1342200047652'),(377,'2021-02-19','3341501266626',1,NULL,'2021-03-01 10:32:02','1342200047652'),(378,'2021-02-19','1342200047652',1,NULL,'2021-03-01 10:32:02','1342200047652'),(379,'2021-02-22','3342000176358',1,NULL,'2021-03-01 10:32:20','1342200047652'),(380,'2021-02-22','1340700537169',1,NULL,'2021-03-01 10:32:20','1342200047652'),(381,'2021-02-22','3330501470575',1,NULL,'2021-03-01 10:32:20','1342200047652'),(382,'2021-02-22','3340701154472',1,NULL,'2021-03-01 10:32:20','1342200047652'),(383,'2021-02-22','1450700128233',1,NULL,'2021-03-01 10:32:20','1342200047652'),(384,'2021-02-22','3341500367682',1,NULL,'2021-03-01 10:32:20','1342200047652'),(385,'2021-02-22','1341500222017',1,NULL,'2021-03-01 10:32:20','1342200047652'),(386,'2021-02-22','3341501266626',1,NULL,'2021-03-01 10:32:20','1342200047652'),(387,'2021-02-22','1342200047652',1,NULL,'2021-03-01 10:32:20','1342200047652'),(388,'2021-02-23','3342000176358',1,NULL,'2021-03-01 10:32:48','1342200047652'),(389,'2021-02-23','1340700537169',1,NULL,'2021-03-01 10:32:48','1342200047652'),(390,'2021-02-23','3330501470575',1,NULL,'2021-03-01 10:32:48','1342200047652'),(391,'2021-02-23','3340701154472',1,NULL,'2021-03-01 10:32:48','1342200047652'),(392,'2021-02-23','1450700128233',1,NULL,'2021-03-01 10:32:48','1342200047652'),(393,'2021-02-23','3341500367682',1,NULL,'2021-03-01 10:32:48','1342200047652'),(394,'2021-02-23','1341500222017',1,NULL,'2021-03-01 10:32:48','1342200047652'),(395,'2021-02-23','3341501266626',1,NULL,'2021-03-01 10:32:48','1342200047652'),(396,'2021-02-23','1342200047652',1,NULL,'2021-03-01 10:32:48','1342200047652'),(397,'2021-02-25','3342000176358',1,NULL,'2021-03-01 10:38:51','1342200047652'),(398,'2021-02-25','1340700537169',1,NULL,'2021-03-01 10:38:51','1342200047652'),(399,'2021-02-25','3330501470575',1,NULL,'2021-03-01 10:38:51','1342200047652'),(400,'2021-02-25','3340701154472',1,NULL,'2021-03-01 10:38:51','1342200047652'),(401,'2021-02-25','1450700128233',1,NULL,'2021-03-01 10:38:51','1342200047652'),(402,'2021-02-25','3341500367682',1,NULL,'2021-03-01 10:38:51','1342200047652'),(403,'2021-02-25','1341500222017',1,NULL,'2021-03-01 10:38:51','1342200047652'),(404,'2021-02-25','3341501266626',1,NULL,'2021-03-01 10:38:51','1342200047652'),(405,'2021-02-25','1342200047652',1,NULL,'2021-03-01 10:38:51','1342200047652'),(406,'2021-02-27','3342000176358',1,NULL,'2021-03-01 10:39:07','1342200047652'),(407,'2021-02-27','1340700537169',1,NULL,'2021-03-01 10:39:07','1342200047652'),(408,'2021-02-27','3330501470575',1,NULL,'2021-03-01 10:39:07','1342200047652'),(409,'2021-02-27','3340701154472',1,NULL,'2021-03-01 10:39:07','1342200047652'),(410,'2021-02-27','1450700128233',1,NULL,'2021-03-01 10:39:07','1342200047652'),(411,'2021-02-27','3341500367682',1,NULL,'2021-03-01 10:39:07','1342200047652'),(412,'2021-02-27','1341500222017',1,NULL,'2021-03-01 10:39:07','1342200047652'),(413,'2021-02-27','3341501266626',1,NULL,'2021-03-01 10:39:07','1342200047652'),(414,'2021-02-27','1342200047652',1,NULL,'2021-03-01 10:39:07','1342200047652'),(415,'2021-01-23','3342000176358',1,NULL,'2021-03-01 10:41:34','1342200047652'),(416,'2021-01-23','1340700537169',1,NULL,'2021-03-01 10:41:34','1342200047652'),(417,'2021-01-23','3330501470575',1,NULL,'2021-03-01 10:41:34','1342200047652'),(418,'2021-01-23','3340701154472',1,NULL,'2021-03-01 10:41:34','1342200047652'),(419,'2021-01-23','1450700128233',1,NULL,'2021-03-01 10:41:34','1342200047652'),(420,'2021-01-23','3341500367682',1,NULL,'2021-03-01 10:41:34','1342200047652'),(421,'2021-01-23','1341500222017',1,NULL,'2021-03-01 10:41:34','1342200047652'),(422,'2021-01-23','3341501266626',1,NULL,'2021-03-01 10:41:34','1342200047652'),(423,'2021-01-23','1342200047652',1,NULL,'2021-03-01 10:41:34','1342200047652'),(424,'2021-01-30','3342000176358',1,NULL,'2021-03-01 10:41:48','1342200047652'),(425,'2021-01-30','1340700537169',1,NULL,'2021-03-01 10:41:48','1342200047652'),(426,'2021-01-30','3330501470575',1,NULL,'2021-03-01 10:41:48','1342200047652'),(427,'2021-01-30','3340701154472',1,NULL,'2021-03-01 10:41:48','1342200047652'),(428,'2021-01-30','1450700128233',1,NULL,'2021-03-01 10:41:48','1342200047652'),(429,'2021-01-30','3341500367682',1,NULL,'2021-03-01 10:41:48','1342200047652'),(430,'2021-01-30','1341500222017',1,NULL,'2021-03-01 10:41:48','1342200047652'),(431,'2021-01-30','3341501266626',1,NULL,'2021-03-01 10:41:48','1342200047652'),(432,'2021-01-30','1342200047652',1,NULL,'2021-03-01 10:41:48','1342200047652'),(433,'2020-12-10','3342000176358',1,NULL,'2021-03-01 10:42:48','1342200047652'),(434,'2020-12-10','1340700537169',1,NULL,'2021-03-01 10:42:48','1342200047652'),(435,'2020-12-10','3330501470575',1,NULL,'2021-03-01 10:42:48','1342200047652'),(436,'2020-12-10','3340701154472',1,NULL,'2021-03-01 10:42:48','1342200047652'),(437,'2020-12-10','1450700128233',1,NULL,'2021-03-01 10:42:48','1342200047652'),(438,'2020-12-10','3341500367682',1,NULL,'2021-03-01 10:42:48','1342200047652'),(439,'2020-12-10','1341500222017',1,NULL,'2021-03-01 10:42:48','1342200047652'),(440,'2020-12-10','3341501266626',1,NULL,'2021-03-01 10:42:48','1342200047652'),(441,'2020-12-10','1342200047652',1,NULL,'2021-03-01 10:42:48','1342200047652'),(442,'2020-12-11','3342000176358',1,NULL,'2021-03-01 10:42:59','1342200047652'),(443,'2020-12-11','1340700537169',1,NULL,'2021-03-01 10:42:59','1342200047652'),(444,'2020-12-11','3330501470575',1,NULL,'2021-03-01 10:42:59','1342200047652'),(445,'2020-12-11','3340701154472',1,NULL,'2021-03-01 10:42:59','1342200047652'),(446,'2020-12-11','1450700128233',1,NULL,'2021-03-01 10:42:59','1342200047652'),(447,'2020-12-11','3341500367682',1,NULL,'2021-03-01 10:42:59','1342200047652'),(448,'2020-12-11','1341500222017',1,NULL,'2021-03-01 10:42:59','1342200047652'),(449,'2020-12-11','3341501266626',1,NULL,'2021-03-01 10:42:59','1342200047652'),(450,'2020-12-11','1342200047652',1,NULL,'2021-03-01 10:42:59','1342200047652'),(451,'2020-12-01','3342000176358',1,NULL,'2021-03-01 10:43:12','1342200047652'),(452,'2020-12-01','1340700537169',1,NULL,'2021-03-01 10:43:12','1342200047652'),(453,'2020-12-01','3330501470575',1,NULL,'2021-03-01 10:43:12','1342200047652'),(454,'2020-12-01','3340701154472',1,NULL,'2021-03-01 10:43:12','1342200047652'),(455,'2020-12-01','1450700128233',1,NULL,'2021-03-01 10:43:12','1342200047652'),(456,'2020-12-01','3341500367682',1,NULL,'2021-03-01 10:43:12','1342200047652'),(457,'2020-12-01','1341500222017',1,NULL,'2021-03-01 10:43:12','1342200047652'),(458,'2020-12-01','3341501266626',1,NULL,'2021-03-01 10:43:12','1342200047652'),(459,'2020-12-01','1342200047652',1,NULL,'2021-03-01 10:43:12','1342200047652'),(460,'2020-12-02','3342000176358',1,NULL,'2021-03-01 10:43:20','1342200047652'),(461,'2020-12-02','1340700537169',1,NULL,'2021-03-01 10:43:20','1342200047652'),(462,'2020-12-02','3330501470575',1,NULL,'2021-03-01 10:43:20','1342200047652'),(463,'2020-12-02','3340701154472',1,NULL,'2021-03-01 10:43:20','1342200047652'),(464,'2020-12-02','1450700128233',1,NULL,'2021-03-01 10:43:20','1342200047652'),(465,'2020-12-02','3341500367682',1,NULL,'2021-03-01 10:43:20','1342200047652'),(466,'2020-12-02','1341500222017',1,NULL,'2021-03-01 10:43:20','1342200047652'),(467,'2020-12-02','3341501266626',1,NULL,'2021-03-01 10:43:20','1342200047652'),(468,'2020-12-02','1342200047652',1,NULL,'2021-03-01 10:43:20','1342200047652'),(469,'2020-12-03','3342000176358',1,NULL,'2021-03-01 10:43:31','1342200047652'),(470,'2020-12-03','1340700537169',1,NULL,'2021-03-01 10:43:31','1342200047652'),(471,'2020-12-03','3330501470575',1,NULL,'2021-03-01 10:43:31','1342200047652'),(472,'2020-12-03','3340701154472',1,NULL,'2021-03-01 10:43:31','1342200047652'),(473,'2020-12-03','1450700128233',1,NULL,'2021-03-01 10:43:31','1342200047652'),(474,'2020-12-03','3341500367682',1,NULL,'2021-03-01 10:43:31','1342200047652'),(475,'2020-12-03','1341500222017',1,NULL,'2021-03-01 10:43:31','1342200047652'),(476,'2020-12-03','3341501266626',1,NULL,'2021-03-01 10:43:31','1342200047652'),(477,'2020-12-03','1342200047652',1,NULL,'2021-03-01 10:43:31','1342200047652'),(478,'2020-12-04','3342000176358',1,NULL,'2021-03-01 10:43:40','1342200047652'),(479,'2020-12-04','1340700537169',1,NULL,'2021-03-01 10:43:40','1342200047652'),(480,'2020-12-04','3330501470575',1,NULL,'2021-03-01 10:43:40','1342200047652'),(481,'2020-12-04','3340701154472',1,NULL,'2021-03-01 10:43:40','1342200047652'),(482,'2020-12-04','1450700128233',1,NULL,'2021-03-01 10:43:40','1342200047652'),(483,'2020-12-04','3341500367682',1,NULL,'2021-03-01 10:43:40','1342200047652'),(484,'2020-12-04','1341500222017',1,NULL,'2021-03-01 10:43:40','1342200047652'),(485,'2020-12-04','3341501266626',1,NULL,'2021-03-01 10:43:40','1342200047652'),(486,'2020-12-04','1342200047652',1,NULL,'2021-03-01 10:43:40','1342200047652'),(487,'2020-12-07','3342000176358',1,NULL,'2021-03-01 10:43:53','1342200047652'),(488,'2020-12-07','1340700537169',1,NULL,'2021-03-01 10:43:53','1342200047652'),(489,'2020-12-07','3330501470575',1,NULL,'2021-03-01 10:43:53','1342200047652'),(490,'2020-12-07','3340701154472',1,NULL,'2021-03-01 10:43:53','1342200047652'),(491,'2020-12-07','1450700128233',1,NULL,'2021-03-01 10:43:53','1342200047652'),(492,'2020-12-07','3341500367682',1,NULL,'2021-03-01 10:43:53','1342200047652'),(493,'2020-12-07','1341500222017',1,NULL,'2021-03-01 10:43:53','1342200047652'),(494,'2020-12-07','3341501266626',1,NULL,'2021-03-01 10:43:53','1342200047652'),(495,'2020-12-07','1342200047652',1,NULL,'2021-03-01 10:43:53','1342200047652'),(496,'2020-12-08','3342000176358',1,NULL,'2021-03-01 10:44:01','1342200047652'),(497,'2020-12-08','1340700537169',1,NULL,'2021-03-01 10:44:01','1342200047652'),(498,'2020-12-08','3330501470575',1,NULL,'2021-03-01 10:44:01','1342200047652'),(499,'2020-12-08','3340701154472',1,NULL,'2021-03-01 10:44:01','1342200047652'),(500,'2020-12-08','1450700128233',1,NULL,'2021-03-01 10:44:01','1342200047652'),(501,'2020-12-08','3341500367682',1,NULL,'2021-03-01 10:44:01','1342200047652'),(502,'2020-12-08','1341500222017',1,NULL,'2021-03-01 10:44:01','1342200047652'),(503,'2020-12-08','3341501266626',1,NULL,'2021-03-01 10:44:01','1342200047652'),(504,'2020-12-08','1342200047652',1,NULL,'2021-03-01 10:44:01','1342200047652'),(505,'2020-12-09','3342000176358',1,NULL,'2021-03-01 10:44:09','1342200047652'),(506,'2020-12-09','1340700537169',1,NULL,'2021-03-01 10:44:09','1342200047652'),(507,'2020-12-09','3330501470575',1,NULL,'2021-03-01 10:44:09','1342200047652'),(508,'2020-12-09','3340701154472',1,NULL,'2021-03-01 10:44:09','1342200047652'),(509,'2020-12-09','1450700128233',1,NULL,'2021-03-01 10:44:09','1342200047652'),(510,'2020-12-09','3341500367682',1,NULL,'2021-03-01 10:44:09','1342200047652'),(511,'2020-12-09','1341500222017',1,NULL,'2021-03-01 10:44:09','1342200047652'),(512,'2020-12-09','3341501266626',1,NULL,'2021-03-01 10:44:09','1342200047652'),(513,'2020-12-09','1342200047652',1,NULL,'2021-03-01 10:44:09','1342200047652'),(514,'2020-12-14','3342000176358',1,NULL,'2021-03-01 10:44:22','1342200047652'),(515,'2020-12-14','1340700537169',1,NULL,'2021-03-01 10:44:22','1342200047652'),(516,'2020-12-14','3330501470575',1,NULL,'2021-03-01 10:44:22','1342200047652'),(517,'2020-12-14','3340701154472',1,NULL,'2021-03-01 10:44:22','1342200047652'),(518,'2020-12-14','1450700128233',1,NULL,'2021-03-01 10:44:22','1342200047652'),(519,'2020-12-14','3341500367682',1,NULL,'2021-03-01 10:44:22','1342200047652'),(520,'2020-12-14','1341500222017',1,NULL,'2021-03-01 10:44:22','1342200047652'),(521,'2020-12-14','3341501266626',1,NULL,'2021-03-01 10:44:22','1342200047652'),(522,'2020-12-14','1342200047652',1,NULL,'2021-03-01 10:44:22','1342200047652'),(523,'2020-12-15','3342000176358',1,NULL,'2021-03-01 10:44:33','1342200047652'),(524,'2020-12-15','1340700537169',1,NULL,'2021-03-01 10:44:33','1342200047652'),(525,'2020-12-15','3330501470575',1,NULL,'2021-03-01 10:44:33','1342200047652'),(526,'2020-12-15','3340701154472',1,NULL,'2021-03-01 10:44:33','1342200047652'),(527,'2020-12-15','1450700128233',1,NULL,'2021-03-01 10:44:33','1342200047652'),(528,'2020-12-15','3341500367682',1,NULL,'2021-03-01 10:44:33','1342200047652'),(529,'2020-12-15','1341500222017',1,NULL,'2021-03-01 10:44:33','1342200047652'),(530,'2020-12-15','3341501266626',1,NULL,'2021-03-01 10:44:33','1342200047652'),(531,'2020-12-15','1342200047652',1,NULL,'2021-03-01 10:44:33','1342200047652'),(532,'2020-12-16','3342000176358',1,NULL,'2021-03-01 10:44:44','1342200047652'),(533,'2020-12-16','1340700537169',1,NULL,'2021-03-01 10:44:44','1342200047652'),(534,'2020-12-16','3330501470575',1,NULL,'2021-03-01 10:44:44','1342200047652'),(535,'2020-12-16','3340701154472',1,NULL,'2021-03-01 10:44:44','1342200047652'),(536,'2020-12-16','1450700128233',1,NULL,'2021-03-01 10:44:44','1342200047652'),(537,'2020-12-16','3341500367682',1,NULL,'2021-03-01 10:44:44','1342200047652'),(538,'2020-12-16','1341500222017',1,NULL,'2021-03-01 10:44:44','1342200047652'),(539,'2020-12-16','3341501266626',1,NULL,'2021-03-01 10:44:44','1342200047652'),(540,'2020-12-16','1342200047652',1,NULL,'2021-03-01 10:44:44','1342200047652'),(541,'2020-12-17','3342000176358',1,NULL,'2021-03-01 10:44:54','1342200047652'),(542,'2020-12-17','1340700537169',1,NULL,'2021-03-01 10:44:54','1342200047652'),(543,'2020-12-17','3330501470575',1,NULL,'2021-03-01 10:44:54','1342200047652'),(544,'2020-12-17','3340701154472',1,NULL,'2021-03-01 10:44:54','1342200047652'),(545,'2020-12-17','1450700128233',1,NULL,'2021-03-01 10:44:54','1342200047652'),(546,'2020-12-17','3341500367682',1,NULL,'2021-03-01 10:44:54','1342200047652'),(547,'2020-12-17','1341500222017',1,NULL,'2021-03-01 10:44:54','1342200047652'),(548,'2020-12-17','3341501266626',1,NULL,'2021-03-01 10:44:54','1342200047652'),(549,'2020-12-17','1342200047652',1,NULL,'2021-03-01 10:44:54','1342200047652'),(550,'2020-12-18','3342000176358',1,NULL,'2021-03-01 10:45:03','1342200047652'),(551,'2020-12-18','1340700537169',1,NULL,'2021-03-01 10:45:03','1342200047652'),(552,'2020-12-18','3330501470575',1,NULL,'2021-03-01 10:45:03','1342200047652'),(553,'2020-12-18','3340701154472',1,NULL,'2021-03-01 10:45:03','1342200047652'),(554,'2020-12-18','1450700128233',1,NULL,'2021-03-01 10:45:03','1342200047652'),(555,'2020-12-18','3341500367682',1,NULL,'2021-03-01 10:45:03','1342200047652'),(556,'2020-12-18','1341500222017',1,NULL,'2021-03-01 10:45:03','1342200047652'),(557,'2020-12-18','3341501266626',1,NULL,'2021-03-01 10:45:03','1342200047652'),(558,'2020-12-18','1342200047652',1,NULL,'2021-03-01 10:45:03','1342200047652'),(559,'2020-12-21','3342000176358',1,NULL,'2021-03-01 10:45:13','1342200047652'),(560,'2020-12-21','1340700537169',1,NULL,'2021-03-01 10:45:13','1342200047652'),(561,'2020-12-21','3330501470575',1,NULL,'2021-03-01 10:45:13','1342200047652'),(562,'2020-12-21','3340701154472',1,NULL,'2021-03-01 10:45:13','1342200047652'),(563,'2020-12-21','1450700128233',1,NULL,'2021-03-01 10:45:13','1342200047652'),(564,'2020-12-21','3341500367682',1,NULL,'2021-03-01 10:45:13','1342200047652'),(565,'2020-12-21','1341500222017',1,NULL,'2021-03-01 10:45:13','1342200047652'),(566,'2020-12-21','3341501266626',1,NULL,'2021-03-01 10:45:13','1342200047652'),(567,'2020-12-21','1342200047652',1,NULL,'2021-03-01 10:45:13','1342200047652'),(568,'2020-12-22','3342000176358',1,NULL,'2021-03-01 10:45:25','1342200047652'),(569,'2020-12-22','1340700537169',1,NULL,'2021-03-01 10:45:25','1342200047652'),(570,'2020-12-22','3330501470575',1,NULL,'2021-03-01 10:45:25','1342200047652'),(571,'2020-12-22','3340701154472',1,NULL,'2021-03-01 10:45:25','1342200047652'),(572,'2020-12-22','1450700128233',1,NULL,'2021-03-01 10:45:25','1342200047652'),(573,'2020-12-22','3341500367682',1,NULL,'2021-03-01 10:45:25','1342200047652'),(574,'2020-12-22','1341500222017',1,NULL,'2021-03-01 10:45:25','1342200047652'),(575,'2020-12-22','3341501266626',1,NULL,'2021-03-01 10:45:25','1342200047652'),(576,'2020-12-22','1342200047652',1,NULL,'2021-03-01 10:45:25','1342200047652'),(577,'2020-12-23','3342000176358',1,NULL,'2021-03-01 10:45:35','1342200047652'),(578,'2020-12-23','1340700537169',1,NULL,'2021-03-01 10:45:35','1342200047652'),(579,'2020-12-23','3330501470575',1,NULL,'2021-03-01 10:45:35','1342200047652'),(580,'2020-12-23','3340701154472',1,NULL,'2021-03-01 10:45:35','1342200047652'),(581,'2020-12-23','1450700128233',1,NULL,'2021-03-01 10:45:35','1342200047652'),(582,'2020-12-23','3341500367682',1,NULL,'2021-03-01 10:45:35','1342200047652'),(583,'2020-12-23','1341500222017',1,NULL,'2021-03-01 10:45:35','1342200047652'),(584,'2020-12-23','3341501266626',1,NULL,'2021-03-01 10:45:35','1342200047652'),(585,'2020-12-23','1342200047652',1,NULL,'2021-03-01 10:45:35','1342200047652'),(586,'2020-12-24','3342000176358',1,NULL,'2021-03-01 10:45:45','1342200047652'),(587,'2020-12-24','1340700537169',1,NULL,'2021-03-01 10:45:45','1342200047652'),(588,'2020-12-24','3330501470575',1,NULL,'2021-03-01 10:45:45','1342200047652'),(589,'2020-12-24','3340701154472',1,NULL,'2021-03-01 10:45:45','1342200047652'),(590,'2020-12-24','1450700128233',1,NULL,'2021-03-01 10:45:45','1342200047652'),(591,'2020-12-24','3341500367682',1,NULL,'2021-03-01 10:45:45','1342200047652'),(592,'2020-12-24','1341500222017',1,NULL,'2021-03-01 10:45:45','1342200047652'),(593,'2020-12-24','3341501266626',1,NULL,'2021-03-01 10:45:45','1342200047652'),(594,'2020-12-24','1342200047652',1,NULL,'2021-03-01 10:45:45','1342200047652'),(595,'2020-12-25','3342000176358',1,NULL,'2021-03-01 10:45:54','1342200047652'),(596,'2020-12-25','1340700537169',1,NULL,'2021-03-01 10:45:54','1342200047652'),(597,'2020-12-25','3330501470575',1,NULL,'2021-03-01 10:45:54','1342200047652'),(598,'2020-12-25','3340701154472',1,NULL,'2021-03-01 10:45:54','1342200047652'),(599,'2020-12-25','1450700128233',1,NULL,'2021-03-01 10:45:54','1342200047652'),(600,'2020-12-25','3341500367682',1,NULL,'2021-03-01 10:45:54','1342200047652'),(601,'2020-12-25','1341500222017',1,NULL,'2021-03-01 10:45:54','1342200047652'),(602,'2020-12-25','3341501266626',1,NULL,'2021-03-01 10:45:54','1342200047652'),(603,'2020-12-25','1342200047652',1,NULL,'2021-03-01 10:45:54','1342200047652'),(604,'2020-12-28','3342000176358',1,NULL,'2021-03-01 10:46:04','1342200047652'),(605,'2020-12-28','1340700537169',1,NULL,'2021-03-01 10:46:04','1342200047652'),(606,'2020-12-28','3330501470575',1,NULL,'2021-03-01 10:46:04','1342200047652'),(607,'2020-12-28','3340701154472',1,NULL,'2021-03-01 10:46:04','1342200047652'),(608,'2020-12-28','1450700128233',1,NULL,'2021-03-01 10:46:04','1342200047652'),(609,'2020-12-28','3341500367682',1,NULL,'2021-03-01 10:46:04','1342200047652'),(610,'2020-12-28','1341500222017',1,NULL,'2021-03-01 10:46:04','1342200047652'),(611,'2020-12-28','3341501266626',1,NULL,'2021-03-01 10:46:04','1342200047652'),(612,'2020-12-28','1342200047652',1,NULL,'2021-03-01 10:46:04','1342200047652'),(613,'2020-12-29','3342000176358',1,NULL,'2021-03-01 10:46:13','1342200047652'),(614,'2020-12-29','1340700537169',1,NULL,'2021-03-01 10:46:13','1342200047652'),(615,'2020-12-29','3330501470575',1,NULL,'2021-03-01 10:46:13','1342200047652'),(616,'2020-12-29','3340701154472',1,NULL,'2021-03-01 10:46:13','1342200047652'),(617,'2020-12-29','1450700128233',1,NULL,'2021-03-01 10:46:13','1342200047652'),(618,'2020-12-29','3341500367682',1,NULL,'2021-03-01 10:46:13','1342200047652'),(619,'2020-12-29','1341500222017',1,NULL,'2021-03-01 10:46:13','1342200047652'),(620,'2020-12-29','3341501266626',1,NULL,'2021-03-01 10:46:13','1342200047652'),(621,'2020-12-29','1342200047652',1,NULL,'2021-03-01 10:46:13','1342200047652'),(622,'2020-12-30','3342000176358',1,NULL,'2021-03-01 10:46:24','1342200047652'),(623,'2020-12-30','1340700537169',1,NULL,'2021-03-01 10:46:24','1342200047652'),(624,'2020-12-30','3330501470575',1,NULL,'2021-03-01 10:46:24','1342200047652'),(625,'2020-12-30','3340701154472',1,NULL,'2021-03-01 10:46:24','1342200047652'),(626,'2020-12-30','1450700128233',1,NULL,'2021-03-01 10:46:24','1342200047652'),(627,'2020-12-30','3341500367682',1,NULL,'2021-03-01 10:46:24','1342200047652'),(628,'2020-12-30','1341500222017',1,NULL,'2021-03-01 10:46:24','1342200047652'),(629,'2020-12-30','3341501266626',1,NULL,'2021-03-01 10:46:24','1342200047652'),(630,'2020-12-30','1342200047652',1,NULL,'2021-03-01 10:46:24','1342200047652'),(631,'2020-12-31','3342000176358',1,NULL,'2021-03-01 10:46:34','1342200047652'),(632,'2020-12-31','1340700537169',1,NULL,'2021-03-01 10:46:34','1342200047652'),(633,'2020-12-31','3330501470575',1,NULL,'2021-03-01 10:46:34','1342200047652'),(634,'2020-12-31','3340701154472',1,NULL,'2021-03-01 10:46:34','1342200047652'),(635,'2020-12-31','1450700128233',1,NULL,'2021-03-01 10:46:34','1342200047652'),(636,'2020-12-31','3341500367682',1,NULL,'2021-03-01 10:46:34','1342200047652'),(637,'2020-12-31','1341500222017',1,NULL,'2021-03-01 10:46:34','1342200047652'),(638,'2020-12-31','3341501266626',1,NULL,'2021-03-01 10:46:34','1342200047652'),(639,'2020-12-31','1342200047652',1,NULL,'2021-03-01 10:46:34','1342200047652'),(640,'2020-10-31','3340701154472',2,NULL,'2021-03-01 10:52:33','1342200047652'),(641,'2020-10-31','1341500222017',2,NULL,'2021-03-01 10:52:33','1342200047652'),(642,'2020-10-22','3342000176358',1,NULL,'2021-03-01 10:48:16','1342200047652'),(643,'2020-10-22','1340700537169',1,NULL,'2021-03-01 10:48:16','1342200047652'),(644,'2020-10-22','3330501470575',4,NULL,'2021-03-01 10:48:16','1342200047652'),(645,'2020-10-22','3340701154472',1,NULL,'2021-03-01 10:48:16','1342200047652'),(646,'2020-10-22','1450700128233',1,NULL,'2021-03-01 10:48:16','1342200047652'),(647,'2020-10-22','3341500367682',1,NULL,'2021-03-01 10:48:16','1342200047652'),(648,'2020-10-22','1341500222017',1,NULL,'2021-03-01 10:48:16','1342200047652'),(649,'2020-10-22','3341501266626',1,NULL,'2021-03-01 10:48:16','1342200047652'),(650,'2020-10-22','1342200047652',1,NULL,'2021-03-01 10:48:16','1342200047652'),(651,'2020-10-21','3342000176358',1,NULL,'2021-03-01 10:48:33','1342200047652'),(652,'2020-10-21','1340700537169',1,NULL,'2021-03-01 10:48:33','1342200047652'),(653,'2020-10-21','3330501470575',4,NULL,'2021-03-01 10:48:33','1342200047652'),(654,'2020-10-21','3340701154472',1,NULL,'2021-03-01 10:48:33','1342200047652'),(655,'2020-10-21','1450700128233',1,NULL,'2021-03-01 10:48:33','1342200047652'),(656,'2020-10-21','3341500367682',1,NULL,'2021-03-01 10:48:33','1342200047652'),(657,'2020-10-21','1341500222017',1,NULL,'2021-03-01 10:48:33','1342200047652'),(658,'2020-10-21','3341501266626',1,NULL,'2021-03-01 10:48:33','1342200047652'),(659,'2020-10-21','1342200047652',1,NULL,'2021-03-01 10:48:33','1342200047652'),(660,'2020-10-16','3342000176358',2,NULL,'2021-03-01 10:49:10','1342200047652'),(661,'2020-10-16','1340700537169',1,NULL,'2021-03-01 10:49:10','1342200047652'),(662,'2020-10-16','3330501470575',1,NULL,'2021-03-01 10:49:10','1342200047652'),(663,'2020-10-16','3340701154472',1,NULL,'2021-03-01 10:49:10','1342200047652'),(664,'2020-10-16','1450700128233',1,NULL,'2021-03-01 10:49:10','1342200047652'),(665,'2020-10-16','3341500367682',1,NULL,'2021-03-01 10:49:10','1342200047652'),(666,'2020-10-16','1341500222017',1,NULL,'2021-03-01 10:49:10','1342200047652'),(667,'2020-10-16','3341501266626',1,NULL,'2021-03-01 10:49:10','1342200047652'),(668,'2020-10-16','1342200047652',1,NULL,'2021-03-01 10:49:10','1342200047652'),(669,'2020-10-01','3342000176358',1,NULL,'2021-03-01 10:49:20','1342200047652'),(670,'2020-10-01','1340700537169',1,NULL,'2021-03-01 10:49:20','1342200047652'),(671,'2020-10-01','3330501470575',1,NULL,'2021-03-01 10:49:20','1342200047652'),(672,'2020-10-01','3340701154472',1,NULL,'2021-03-01 10:49:20','1342200047652'),(673,'2020-10-01','1450700128233',1,NULL,'2021-03-01 10:49:20','1342200047652'),(674,'2020-10-01','3341500367682',1,NULL,'2021-03-01 10:49:20','1342200047652'),(675,'2020-10-01','1341500222017',1,NULL,'2021-03-01 10:49:20','1342200047652'),(676,'2020-10-01','3341501266626',1,NULL,'2021-03-01 10:49:20','1342200047652'),(677,'2020-10-01','1342200047652',1,NULL,'2021-03-01 10:49:20','1342200047652'),(678,'2020-10-02','3342000176358',1,NULL,'2021-03-01 10:49:30','1342200047652'),(679,'2020-10-02','1340700537169',1,NULL,'2021-03-01 10:49:30','1342200047652'),(680,'2020-10-02','3330501470575',1,NULL,'2021-03-01 10:49:30','1342200047652'),(681,'2020-10-02','3340701154472',1,NULL,'2021-03-01 10:49:30','1342200047652'),(682,'2020-10-02','1450700128233',1,NULL,'2021-03-01 10:49:30','1342200047652'),(683,'2020-10-02','3341500367682',1,NULL,'2021-03-01 10:49:30','1342200047652'),(684,'2020-10-02','1341500222017',1,NULL,'2021-03-01 10:49:30','1342200047652'),(685,'2020-10-02','3341501266626',1,NULL,'2021-03-01 10:49:30','1342200047652'),(686,'2020-10-02','1342200047652',1,NULL,'2021-03-01 10:49:30','1342200047652'),(687,'2020-10-05','3342000176358',1,NULL,'2021-03-01 10:49:40','1342200047652'),(688,'2020-10-05','1340700537169',1,NULL,'2021-03-01 10:49:40','1342200047652'),(689,'2020-10-05','3330501470575',1,NULL,'2021-03-01 10:49:40','1342200047652'),(690,'2020-10-05','3340701154472',1,NULL,'2021-03-01 10:49:40','1342200047652'),(691,'2020-10-05','1450700128233',1,NULL,'2021-03-01 10:49:40','1342200047652'),(692,'2020-10-05','3341500367682',1,NULL,'2021-03-01 10:49:40','1342200047652'),(693,'2020-10-05','1341500222017',1,NULL,'2021-03-01 10:49:40','1342200047652'),(694,'2020-10-05','3341501266626',1,NULL,'2021-03-01 10:49:40','1342200047652'),(695,'2020-10-05','1342200047652',1,NULL,'2021-03-01 10:49:40','1342200047652'),(696,'2020-10-06','3342000176358',1,NULL,'2021-03-01 10:49:49','1342200047652'),(697,'2020-10-06','1340700537169',1,NULL,'2021-03-01 10:49:49','1342200047652'),(698,'2020-10-06','3330501470575',1,NULL,'2021-03-01 10:49:49','1342200047652'),(699,'2020-10-06','3340701154472',1,NULL,'2021-03-01 10:49:49','1342200047652'),(700,'2020-10-06','1450700128233',1,NULL,'2021-03-01 10:49:49','1342200047652'),(701,'2020-10-06','3341500367682',1,NULL,'2021-03-01 10:49:49','1342200047652'),(702,'2020-10-06','1341500222017',1,NULL,'2021-03-01 10:49:49','1342200047652'),(703,'2020-10-06','3341501266626',1,NULL,'2021-03-01 10:49:49','1342200047652'),(704,'2020-10-06','1342200047652',1,NULL,'2021-03-01 10:49:49','1342200047652'),(705,'2020-10-07','3342000176358',1,NULL,'2021-03-01 10:49:57','1342200047652'),(706,'2020-10-07','1340700537169',1,NULL,'2021-03-01 10:49:57','1342200047652'),(707,'2020-10-07','3330501470575',1,NULL,'2021-03-01 10:49:57','1342200047652'),(708,'2020-10-07','3340701154472',1,NULL,'2021-03-01 10:49:57','1342200047652'),(709,'2020-10-07','1450700128233',1,NULL,'2021-03-01 10:49:57','1342200047652'),(710,'2020-10-07','3341500367682',1,NULL,'2021-03-01 10:49:57','1342200047652'),(711,'2020-10-07','1341500222017',1,NULL,'2021-03-01 10:49:57','1342200047652'),(712,'2020-10-07','3341501266626',1,NULL,'2021-03-01 10:49:57','1342200047652'),(713,'2020-10-07','1342200047652',1,NULL,'2021-03-01 10:49:57','1342200047652'),(714,'2020-10-08','3342000176358',1,NULL,'2021-03-01 10:50:06','1342200047652'),(715,'2020-10-08','1340700537169',1,NULL,'2021-03-01 10:50:06','1342200047652'),(716,'2020-10-08','3330501470575',1,NULL,'2021-03-01 10:50:06','1342200047652'),(717,'2020-10-08','3340701154472',1,NULL,'2021-03-01 10:50:06','1342200047652'),(718,'2020-10-08','1450700128233',1,NULL,'2021-03-01 10:50:06','1342200047652'),(719,'2020-10-08','3341500367682',1,NULL,'2021-03-01 10:50:06','1342200047652'),(720,'2020-10-08','1341500222017',1,NULL,'2021-03-01 10:50:06','1342200047652'),(721,'2020-10-08','3341501266626',1,NULL,'2021-03-01 10:50:06','1342200047652'),(722,'2020-10-08','1342200047652',1,NULL,'2021-03-01 10:50:06','1342200047652'),(723,'2020-10-09','3342000176358',1,NULL,'2021-03-01 10:50:16','1342200047652'),(724,'2020-10-09','1340700537169',1,NULL,'2021-03-01 10:50:16','1342200047652'),(725,'2020-10-09','3330501470575',1,NULL,'2021-03-01 10:50:16','1342200047652'),(726,'2020-10-09','3340701154472',1,NULL,'2021-03-01 10:50:16','1342200047652'),(727,'2020-10-09','1450700128233',1,NULL,'2021-03-01 10:50:16','1342200047652'),(728,'2020-10-09','3341500367682',1,NULL,'2021-03-01 10:50:16','1342200047652'),(729,'2020-10-09','1341500222017',1,NULL,'2021-03-01 10:50:16','1342200047652'),(730,'2020-10-09','3341501266626',1,NULL,'2021-03-01 10:50:16','1342200047652'),(731,'2020-10-09','1342200047652',1,NULL,'2021-03-01 10:50:16','1342200047652'),(732,'2020-10-12','3342000176358',1,NULL,'2021-03-01 10:50:26','1342200047652'),(733,'2020-10-12','1340700537169',1,NULL,'2021-03-01 10:50:26','1342200047652'),(734,'2020-10-12','3330501470575',1,NULL,'2021-03-01 10:50:26','1342200047652'),(735,'2020-10-12','3340701154472',1,NULL,'2021-03-01 10:50:26','1342200047652'),(736,'2020-10-12','1450700128233',1,NULL,'2021-03-01 10:50:26','1342200047652'),(737,'2020-10-12','3341500367682',1,NULL,'2021-03-01 10:50:26','1342200047652'),(738,'2020-10-12','1341500222017',1,NULL,'2021-03-01 10:50:26','1342200047652'),(739,'2020-10-12','3341501266626',1,NULL,'2021-03-01 10:50:26','1342200047652'),(740,'2020-10-12','1342200047652',1,NULL,'2021-03-01 10:50:26','1342200047652'),(741,'2020-10-13','3342000176358',1,NULL,'2021-03-01 10:50:36','1342200047652'),(742,'2020-10-13','1340700537169',1,NULL,'2021-03-01 10:50:36','1342200047652'),(743,'2020-10-13','3330501470575',1,NULL,'2021-03-01 10:50:36','1342200047652'),(744,'2020-10-13','3340701154472',1,NULL,'2021-03-01 10:50:36','1342200047652'),(745,'2020-10-13','1450700128233',1,NULL,'2021-03-01 10:50:36','1342200047652'),(746,'2020-10-13','3341500367682',1,NULL,'2021-03-01 10:50:36','1342200047652'),(747,'2020-10-13','1341500222017',1,NULL,'2021-03-01 10:50:36','1342200047652'),(748,'2020-10-13','3341501266626',1,NULL,'2021-03-01 10:50:36','1342200047652'),(749,'2020-10-13','1342200047652',1,NULL,'2021-03-01 10:50:36','1342200047652'),(750,'2020-10-14','3342000176358',1,NULL,'2021-03-01 10:50:45','1342200047652'),(751,'2020-10-14','1340700537169',1,NULL,'2021-03-01 10:50:45','1342200047652'),(752,'2020-10-14','3330501470575',1,NULL,'2021-03-01 10:50:45','1342200047652'),(753,'2020-10-14','3340701154472',1,NULL,'2021-03-01 10:50:45','1342200047652'),(754,'2020-10-14','1450700128233',1,NULL,'2021-03-01 10:50:45','1342200047652'),(755,'2020-10-14','3341500367682',1,NULL,'2021-03-01 10:50:45','1342200047652'),(756,'2020-10-14','1341500222017',1,NULL,'2021-03-01 10:50:45','1342200047652'),(757,'2020-10-14','3341501266626',1,NULL,'2021-03-01 10:50:45','1342200047652'),(758,'2020-10-14','1342200047652',1,NULL,'2021-03-01 10:50:45','1342200047652'),(759,'2020-10-15','3342000176358',1,NULL,'2021-03-01 10:50:56','1342200047652'),(760,'2020-10-15','1340700537169',1,NULL,'2021-03-01 10:50:56','1342200047652'),(761,'2020-10-15','3330501470575',1,NULL,'2021-03-01 10:50:56','1342200047652'),(762,'2020-10-15','3340701154472',1,NULL,'2021-03-01 10:50:56','1342200047652'),(763,'2020-10-15','1450700128233',1,NULL,'2021-03-01 10:50:56','1342200047652'),(764,'2020-10-15','3341500367682',1,NULL,'2021-03-01 10:50:56','1342200047652'),(765,'2020-10-15','1341500222017',1,NULL,'2021-03-01 10:50:56','1342200047652'),(766,'2020-10-15','3341501266626',1,NULL,'2021-03-01 10:50:56','1342200047652'),(767,'2020-10-15','1342200047652',1,NULL,'2021-03-01 10:50:56','1342200047652'),(768,'2020-10-19','3342000176358',1,NULL,'2021-03-01 10:51:10','1342200047652'),(769,'2020-10-19','1340700537169',1,NULL,'2021-03-01 10:51:10','1342200047652'),(770,'2020-10-19','3330501470575',1,NULL,'2021-03-01 10:51:10','1342200047652'),(771,'2020-10-19','3340701154472',1,NULL,'2021-03-01 10:51:10','1342200047652'),(772,'2020-10-19','1450700128233',1,NULL,'2021-03-01 10:51:10','1342200047652'),(773,'2020-10-19','3341500367682',1,NULL,'2021-03-01 10:51:10','1342200047652'),(774,'2020-10-19','1341500222017',1,NULL,'2021-03-01 10:51:10','1342200047652'),(775,'2020-10-19','3341501266626',1,NULL,'2021-03-01 10:51:10','1342200047652'),(776,'2020-10-19','1342200047652',1,NULL,'2021-03-01 10:51:10','1342200047652'),(777,'2020-10-20','3342000176358',1,NULL,'2021-03-01 10:51:22','1342200047652'),(778,'2020-10-20','1340700537169',1,NULL,'2021-03-01 10:51:22','1342200047652'),(779,'2020-10-20','3330501470575',1,NULL,'2021-03-01 10:51:22','1342200047652'),(780,'2020-10-20','3340701154472',1,NULL,'2021-03-01 10:51:22','1342200047652'),(781,'2020-10-20','1450700128233',1,NULL,'2021-03-01 10:51:22','1342200047652'),(782,'2020-10-20','3341500367682',1,NULL,'2021-03-01 10:51:22','1342200047652'),(783,'2020-10-20','1341500222017',1,NULL,'2021-03-01 10:51:22','1342200047652'),(784,'2020-10-20','3341501266626',1,NULL,'2021-03-01 10:51:22','1342200047652'),(785,'2020-10-20','1342200047652',1,NULL,'2021-03-01 10:51:22','1342200047652'),(786,'2020-10-23','3342000176358',1,NULL,'2021-03-01 10:51:39','1342200047652'),(787,'2020-10-23','1340700537169',1,NULL,'2021-03-01 10:51:39','1342200047652'),(788,'2020-10-23','3330501470575',1,NULL,'2021-03-01 10:51:39','1342200047652'),(789,'2020-10-23','3340701154472',1,NULL,'2021-03-01 10:51:39','1342200047652'),(790,'2020-10-23','1450700128233',1,NULL,'2021-03-01 10:51:39','1342200047652'),(791,'2020-10-23','3341500367682',1,NULL,'2021-03-01 10:51:39','1342200047652'),(792,'2020-10-23','1341500222017',1,NULL,'2021-03-01 10:51:39','1342200047652'),(793,'2020-10-23','3341501266626',1,NULL,'2021-03-01 10:51:39','1342200047652'),(794,'2020-10-23','1342200047652',1,NULL,'2021-03-01 10:51:39','1342200047652'),(795,'2020-10-26','3342000176358',1,NULL,'2021-03-01 10:51:48','1342200047652'),(796,'2020-10-26','1340700537169',1,NULL,'2021-03-01 10:51:48','1342200047652'),(797,'2020-10-26','3330501470575',1,NULL,'2021-03-01 10:51:48','1342200047652'),(798,'2020-10-26','3340701154472',1,NULL,'2021-03-01 10:51:48','1342200047652'),(799,'2020-10-26','1450700128233',1,NULL,'2021-03-01 10:51:48','1342200047652'),(800,'2020-10-26','3341500367682',1,NULL,'2021-03-01 10:51:48','1342200047652'),(801,'2020-10-26','1341500222017',1,NULL,'2021-03-01 10:51:48','1342200047652'),(802,'2020-10-26','3341501266626',1,NULL,'2021-03-01 10:51:48','1342200047652'),(803,'2020-10-26','1342200047652',1,NULL,'2021-03-01 10:51:48','1342200047652'),(804,'2020-10-27','3342000176358',1,NULL,'2021-03-01 10:51:58','1342200047652'),(805,'2020-10-27','1340700537169',1,NULL,'2021-03-01 10:51:58','1342200047652'),(806,'2020-10-27','3330501470575',1,NULL,'2021-03-01 10:51:58','1342200047652'),(807,'2020-10-27','3340701154472',1,NULL,'2021-03-01 10:51:58','1342200047652'),(808,'2020-10-27','1450700128233',1,NULL,'2021-03-01 10:51:58','1342200047652'),(809,'2020-10-27','3341500367682',1,NULL,'2021-03-01 10:51:58','1342200047652'),(810,'2020-10-27','1341500222017',1,NULL,'2021-03-01 10:51:58','1342200047652'),(811,'2020-10-27','3341501266626',1,NULL,'2021-03-01 10:51:58','1342200047652'),(812,'2020-10-27','1342200047652',1,NULL,'2021-03-01 10:51:58','1342200047652'),(813,'2020-10-28','3342000176358',1,NULL,'2021-03-01 10:52:08','1342200047652'),(814,'2020-10-28','1340700537169',1,NULL,'2021-03-01 10:52:08','1342200047652'),(815,'2020-10-28','3330501470575',1,NULL,'2021-03-01 10:52:08','1342200047652'),(816,'2020-10-28','3340701154472',1,NULL,'2021-03-01 10:52:08','1342200047652'),(817,'2020-10-28','1450700128233',1,NULL,'2021-03-01 10:52:08','1342200047652'),(818,'2020-10-28','3341500367682',1,NULL,'2021-03-01 10:52:08','1342200047652'),(819,'2020-10-28','1341500222017',1,NULL,'2021-03-01 10:52:08','1342200047652'),(820,'2020-10-28','3341501266626',1,NULL,'2021-03-01 10:52:08','1342200047652'),(821,'2020-10-28','1342200047652',1,NULL,'2021-03-01 10:52:08','1342200047652'),(822,'2020-10-29','3342000176358',1,NULL,'2021-03-01 10:52:17','1342200047652'),(823,'2020-10-29','1340700537169',1,NULL,'2021-03-01 10:52:17','1342200047652'),(824,'2020-10-29','3330501470575',1,NULL,'2021-03-01 10:52:17','1342200047652'),(825,'2020-10-29','3340701154472',1,NULL,'2021-03-01 10:52:17','1342200047652'),(826,'2020-10-29','1450700128233',1,NULL,'2021-03-01 10:52:17','1342200047652'),(827,'2020-10-29','3341500367682',1,NULL,'2021-03-01 10:52:17','1342200047652'),(828,'2020-10-29','1341500222017',1,NULL,'2021-03-01 10:52:17','1342200047652'),(829,'2020-10-29','3341501266626',1,NULL,'2021-03-01 10:52:17','1342200047652'),(830,'2020-10-29','1342200047652',1,NULL,'2021-03-01 10:52:17','1342200047652'),(831,'2020-10-30','3342000176358',1,NULL,'2021-03-01 10:52:27','1342200047652'),(832,'2020-10-30','1340700537169',1,NULL,'2021-03-01 10:52:27','1342200047652'),(833,'2020-10-30','3330501470575',1,NULL,'2021-03-01 10:52:27','1342200047652'),(834,'2020-10-30','3340701154472',1,NULL,'2021-03-01 10:52:27','1342200047652'),(835,'2020-10-30','1450700128233',1,NULL,'2021-03-01 10:52:27','1342200047652'),(836,'2020-10-30','3341500367682',1,NULL,'2021-03-01 10:52:27','1342200047652'),(837,'2020-10-30','1341500222017',1,NULL,'2021-03-01 10:52:27','1342200047652'),(838,'2020-10-30','3341501266626',1,NULL,'2021-03-01 10:52:27','1342200047652'),(839,'2020-10-30','1342200047652',1,NULL,'2021-03-01 10:52:27','1342200047652'),(840,'2020-11-02','3342000176358',1,NULL,'2021-03-01 10:53:39','1342200047652'),(841,'2020-11-02','1340700537169',1,NULL,'2021-03-01 10:53:39','1342200047652'),(842,'2020-11-02','3330501470575',1,NULL,'2021-03-01 10:53:39','1342200047652'),(843,'2020-11-02','3340701154472',1,NULL,'2021-03-01 10:53:39','1342200047652'),(844,'2020-11-02','1450700128233',1,NULL,'2021-03-01 10:53:39','1342200047652'),(845,'2020-11-02','3341500367682',1,NULL,'2021-03-01 10:53:39','1342200047652'),(846,'2020-11-02','1341500222017',1,NULL,'2021-03-01 10:53:39','1342200047652'),(847,'2020-11-02','3341501266626',1,NULL,'2021-03-01 10:53:39','1342200047652'),(848,'2020-11-02','1342200047652',1,NULL,'2021-03-01 10:53:39','1342200047652'),(849,'2020-11-03','3342000176358',1,NULL,'2021-03-01 10:53:47','1342200047652'),(850,'2020-11-03','1340700537169',1,NULL,'2021-03-01 10:53:47','1342200047652'),(851,'2020-11-03','3330501470575',1,NULL,'2021-03-01 10:53:47','1342200047652'),(852,'2020-11-03','3340701154472',1,NULL,'2021-03-01 10:53:47','1342200047652'),(853,'2020-11-03','1450700128233',1,NULL,'2021-03-01 10:53:47','1342200047652'),(854,'2020-11-03','3341500367682',1,NULL,'2021-03-01 10:53:47','1342200047652'),(855,'2020-11-03','1341500222017',1,NULL,'2021-03-01 10:53:47','1342200047652'),(856,'2020-11-03','3341501266626',1,NULL,'2021-03-01 10:53:47','1342200047652'),(857,'2020-11-03','1342200047652',1,NULL,'2021-03-01 10:53:47','1342200047652'),(858,'2020-11-04','3342000176358',1,NULL,'2021-03-01 10:54:07','1342200047652'),(859,'2020-11-04','1340700537169',1,NULL,'2021-03-01 10:54:07','1342200047652'),(860,'2020-11-04','3330501470575',1,NULL,'2021-03-01 10:54:07','1342200047652'),(861,'2020-11-04','3340701154472',1,NULL,'2021-03-01 10:54:07','1342200047652'),(862,'2020-11-04','1450700128233',1,NULL,'2021-03-01 10:54:07','1342200047652'),(863,'2020-11-04','3341500367682',1,NULL,'2021-03-01 10:54:07','1342200047652'),(864,'2020-11-04','1341500222017',1,NULL,'2021-03-01 10:54:07','1342200047652'),(865,'2020-11-04','3341501266626',1,NULL,'2021-03-01 10:54:07','1342200047652'),(866,'2020-11-04','1342200047652',1,NULL,'2021-03-01 10:54:07','1342200047652'),(867,'2020-11-05','3342000176358',1,NULL,'2021-03-01 10:54:48','1342200047652'),(868,'2020-11-05','1340700537169',1,NULL,'2021-03-01 10:54:48','1342200047652'),(869,'2020-11-05','3330501470575',1,NULL,'2021-03-01 10:54:48','1342200047652'),(870,'2020-11-05','3340701154472',1,NULL,'2021-03-01 10:54:48','1342200047652'),(871,'2020-11-05','1450700128233',1,NULL,'2021-03-01 10:54:48','1342200047652'),(872,'2020-11-05','3341500367682',1,NULL,'2021-03-01 10:54:48','1342200047652'),(873,'2020-11-05','1341500222017',1,NULL,'2021-03-01 10:54:48','1342200047652'),(874,'2020-11-05','3341501266626',1,NULL,'2021-03-01 10:54:48','1342200047652'),(875,'2020-11-05','1342200047652',1,NULL,'2021-03-01 10:54:48','1342200047652'),(876,'2020-11-06','3342000176358',1,NULL,'2021-03-01 10:54:59','1342200047652'),(877,'2020-11-06','1340700537169',1,NULL,'2021-03-01 10:54:59','1342200047652'),(878,'2020-11-06','3330501470575',1,NULL,'2021-03-01 10:54:59','1342200047652'),(879,'2020-11-06','3340701154472',1,NULL,'2021-03-01 10:54:59','1342200047652'),(880,'2020-11-06','1450700128233',1,NULL,'2021-03-01 10:54:59','1342200047652'),(881,'2020-11-06','3341500367682',1,NULL,'2021-03-01 10:54:59','1342200047652'),(882,'2020-11-06','1341500222017',1,NULL,'2021-03-01 10:54:59','1342200047652'),(883,'2020-11-06','3341501266626',1,NULL,'2021-03-01 10:54:59','1342200047652'),(884,'2020-11-06','1342200047652',1,NULL,'2021-03-01 10:54:59','1342200047652'),(885,'2020-11-07','3342000176358',1,NULL,'2021-03-01 10:55:12','1342200047652'),(886,'2020-11-07','1340700537169',1,NULL,'2021-03-01 10:55:12','1342200047652'),(887,'2020-11-07','3330501470575',1,NULL,'2021-03-01 10:55:12','1342200047652'),(888,'2020-11-07','3340701154472',1,NULL,'2021-03-01 10:55:12','1342200047652'),(889,'2020-11-07','1450700128233',1,NULL,'2021-03-01 10:55:12','1342200047652'),(890,'2020-11-07','3341500367682',1,NULL,'2021-03-01 10:55:12','1342200047652'),(891,'2020-11-07','1341500222017',1,NULL,'2021-03-01 10:55:12','1342200047652'),(892,'2020-11-07','3341501266626',1,NULL,'2021-03-01 10:55:12','1342200047652'),(893,'2020-11-07','1342200047652',1,NULL,'2021-03-01 10:55:12','1342200047652'),(894,'2020-11-09','3342000176358',1,NULL,'2021-03-01 10:55:24','1342200047652'),(895,'2020-11-09','1340700537169',1,NULL,'2021-03-01 10:55:24','1342200047652'),(896,'2020-11-09','3330501470575',1,NULL,'2021-03-01 10:55:24','1342200047652'),(897,'2020-11-09','3340701154472',1,NULL,'2021-03-01 10:55:24','1342200047652'),(898,'2020-11-09','1450700128233',1,NULL,'2021-03-01 10:55:24','1342200047652'),(899,'2020-11-09','3341500367682',1,NULL,'2021-03-01 10:55:24','1342200047652'),(900,'2020-11-09','1341500222017',1,NULL,'2021-03-01 10:55:24','1342200047652'),(901,'2020-11-09','3341501266626',1,NULL,'2021-03-01 10:55:24','1342200047652'),(902,'2020-11-09','1342200047652',1,NULL,'2021-03-01 10:55:24','1342200047652'),(903,'2020-11-10','3342000176358',1,NULL,'2021-03-01 10:55:36','1342200047652'),(904,'2020-11-10','1340700537169',1,NULL,'2021-03-01 10:55:36','1342200047652'),(905,'2020-11-10','3330501470575',1,NULL,'2021-03-01 10:55:36','1342200047652'),(906,'2020-11-10','3340701154472',1,NULL,'2021-03-01 10:55:36','1342200047652'),(907,'2020-11-10','1450700128233',1,NULL,'2021-03-01 10:55:36','1342200047652'),(908,'2020-11-10','3341500367682',1,NULL,'2021-03-01 10:55:36','1342200047652'),(909,'2020-11-10','1341500222017',1,NULL,'2021-03-01 10:55:36','1342200047652'),(910,'2020-11-10','3341501266626',1,NULL,'2021-03-01 10:55:36','1342200047652'),(911,'2020-11-10','1342200047652',1,NULL,'2021-03-01 10:55:36','1342200047652'),(912,'2020-11-11','3342000176358',1,NULL,'2021-03-01 10:55:46','1342200047652'),(913,'2020-11-11','1340700537169',1,NULL,'2021-03-01 10:55:46','1342200047652'),(914,'2020-11-11','3330501470575',1,NULL,'2021-03-01 10:55:46','1342200047652'),(915,'2020-11-11','3340701154472',1,NULL,'2021-03-01 10:55:46','1342200047652'),(916,'2020-11-11','1450700128233',1,NULL,'2021-03-01 10:55:46','1342200047652'),(917,'2020-11-11','3341500367682',1,NULL,'2021-03-01 10:55:46','1342200047652'),(918,'2020-11-11','1341500222017',1,NULL,'2021-03-01 10:55:46','1342200047652'),(919,'2020-11-11','3341501266626',1,NULL,'2021-03-01 10:55:46','1342200047652'),(920,'2020-11-11','1342200047652',1,NULL,'2021-03-01 10:55:46','1342200047652'),(921,'2020-11-12','3342000176358',1,NULL,'2021-03-01 10:56:00','1342200047652'),(922,'2020-11-12','1340700537169',1,NULL,'2021-03-01 10:56:00','1342200047652'),(923,'2020-11-12','3330501470575',1,NULL,'2021-03-01 10:56:00','1342200047652'),(924,'2020-11-12','3340701154472',1,NULL,'2021-03-01 10:56:00','1342200047652'),(925,'2020-11-12','1450700128233',1,NULL,'2021-03-01 10:56:00','1342200047652'),(926,'2020-11-12','3341500367682',1,NULL,'2021-03-01 10:56:00','1342200047652'),(927,'2020-11-12','1341500222017',1,NULL,'2021-03-01 10:56:00','1342200047652'),(928,'2020-11-12','3341501266626',1,NULL,'2021-03-01 10:56:00','1342200047652'),(929,'2020-11-12','1342200047652',1,NULL,'2021-03-01 10:56:00','1342200047652'),(930,'2020-11-13','3342000176358',1,NULL,'2021-03-01 10:56:10','1342200047652'),(931,'2020-11-13','1340700537169',1,NULL,'2021-03-01 10:56:10','1342200047652'),(932,'2020-11-13','3330501470575',1,NULL,'2021-03-01 10:56:10','1342200047652'),(933,'2020-11-13','3340701154472',1,NULL,'2021-03-01 10:56:10','1342200047652'),(934,'2020-11-13','1450700128233',1,NULL,'2021-03-01 10:56:10','1342200047652'),(935,'2020-11-13','3341500367682',1,NULL,'2021-03-01 10:56:10','1342200047652'),(936,'2020-11-13','1341500222017',1,NULL,'2021-03-01 10:56:10','1342200047652'),(937,'2020-11-13','3341501266626',1,NULL,'2021-03-01 10:56:10','1342200047652'),(938,'2020-11-13','1342200047652',1,NULL,'2021-03-01 10:56:10','1342200047652'),(939,'2020-11-16','3342000176358',1,NULL,'2021-03-01 10:56:28','1342200047652'),(940,'2020-11-16','1340700537169',1,NULL,'2021-03-01 10:56:28','1342200047652'),(941,'2020-11-16','3330501470575',1,NULL,'2021-03-01 10:56:28','1342200047652'),(942,'2020-11-16','3340701154472',1,NULL,'2021-03-01 10:56:28','1342200047652'),(943,'2020-11-16','1450700128233',1,NULL,'2021-03-01 10:56:28','1342200047652'),(944,'2020-11-16','3341500367682',1,NULL,'2021-03-01 10:56:28','1342200047652'),(945,'2020-11-16','1341500222017',1,NULL,'2021-03-01 10:56:28','1342200047652'),(946,'2020-11-16','3341501266626',1,NULL,'2021-03-01 10:56:28','1342200047652'),(947,'2020-11-16','1342200047652',1,NULL,'2021-03-01 10:56:28','1342200047652'),(948,'2020-11-17','3342000176358',1,NULL,'2021-03-01 10:56:40','1342200047652'),(949,'2020-11-17','1340700537169',1,NULL,'2021-03-01 10:56:40','1342200047652'),(950,'2020-11-17','3330501470575',1,NULL,'2021-03-01 10:56:40','1342200047652'),(951,'2020-11-17','3340701154472',1,NULL,'2021-03-01 10:56:40','1342200047652'),(952,'2020-11-17','1450700128233',1,NULL,'2021-03-01 10:56:40','1342200047652'),(953,'2020-11-17','3341500367682',1,NULL,'2021-03-01 10:56:40','1342200047652'),(954,'2020-11-17','1341500222017',1,NULL,'2021-03-01 10:56:40','1342200047652'),(955,'2020-11-17','3341501266626',1,NULL,'2021-03-01 10:56:40','1342200047652'),(956,'2020-11-17','1342200047652',1,NULL,'2021-03-01 10:56:40','1342200047652'),(957,'2020-11-30','3342000176358',1,NULL,'2021-03-01 10:57:18','1342200047652'),(958,'2020-11-30','1340700537169',1,NULL,'2021-03-01 10:57:18','1342200047652'),(959,'2020-11-30','3330501470575',1,NULL,'2021-03-01 10:57:18','1342200047652'),(960,'2020-11-30','3340701154472',1,NULL,'2021-03-01 10:57:18','1342200047652'),(961,'2020-11-30','1450700128233',1,NULL,'2021-03-01 10:57:18','1342200047652'),(962,'2020-11-30','3341500367682',1,NULL,'2021-03-01 10:57:18','1342200047652'),(963,'2020-11-30','1341500222017',1,NULL,'2021-03-01 10:57:18','1342200047652'),(964,'2020-11-30','3341501266626',1,NULL,'2021-03-01 10:57:18','1342200047652'),(965,'2020-11-30','1342200047652',1,NULL,'2021-03-01 10:57:18','1342200047652'),(966,'2021-03-02','3342000176358',1,NULL,'2021-03-02 09:16:54','1342200047652'),(967,'2021-03-02','1340700537169',1,NULL,'2021-03-02 09:16:54','1342200047652'),(968,'2021-03-02','3330501470575',1,NULL,'2021-03-02 09:16:54','1342200047652'),(969,'2021-03-02','3340701154472',1,NULL,'2021-03-02 09:16:54','1342200047652'),(970,'2021-03-02','1450700128233',1,NULL,'2021-03-02 09:16:54','1342200047652'),(971,'2021-03-02','3341500367682',1,NULL,'2021-03-02 09:16:54','1342200047652'),(972,'2021-03-02','1341500222017',1,NULL,'2021-03-02 09:16:54','1342200047652'),(973,'2021-03-02','3341501266626',1,NULL,'2021-03-02 09:16:54','1342200047652'),(974,'2021-03-02','1342200047652',1,NULL,'2021-03-02 09:16:54','1342200047652'),(975,'2020-07-01','3342000176358',1,NULL,'2021-03-02 13:22:54','1342200047652'),(976,'2020-07-01','1340700537169',1,NULL,'2021-03-02 13:22:54','1342200047652'),(977,'2020-07-01','3330501470575',1,NULL,'2021-03-02 13:22:54','1342200047652'),(978,'2020-07-01','3340701154472',1,NULL,'2021-03-02 13:22:54','1342200047652'),(979,'2020-07-01','1450700128233',1,NULL,'2021-03-02 13:22:54','1342200047652'),(980,'2020-07-01','3341500367682',1,NULL,'2021-03-02 13:22:54','1342200047652'),(981,'2020-07-01','1341500222017',1,NULL,'2021-03-02 13:22:54','1342200047652'),(982,'2020-07-01','3341501266626',1,NULL,'2021-03-02 13:22:54','1342200047652'),(983,'2020-07-01','1342200047652',1,NULL,'2021-03-02 13:22:54','1342200047652'),(984,'2020-07-02','3342000176358',1,NULL,'2021-03-02 13:23:04','1342200047652'),(985,'2020-07-02','1340700537169',1,NULL,'2021-03-02 13:23:04','1342200047652'),(986,'2020-07-02','3330501470575',1,NULL,'2021-03-02 13:23:04','1342200047652'),(987,'2020-07-02','3340701154472',1,NULL,'2021-03-02 13:23:04','1342200047652'),(988,'2020-07-02','1450700128233',1,NULL,'2021-03-02 13:23:04','1342200047652'),(989,'2020-07-02','3341500367682',1,NULL,'2021-03-02 13:23:04','1342200047652'),(990,'2020-07-02','1341500222017',1,NULL,'2021-03-02 13:23:04','1342200047652'),(991,'2020-07-02','3341501266626',1,NULL,'2021-03-02 13:23:04','1342200047652'),(992,'2020-07-02','1342200047652',1,NULL,'2021-03-02 13:23:04','1342200047652'),(993,'2020-07-03','3342000176358',1,NULL,'2021-03-02 13:23:13','1342200047652'),(994,'2020-07-03','1340700537169',1,NULL,'2021-03-02 13:23:13','1342200047652'),(995,'2020-07-03','3330501470575',1,NULL,'2021-03-02 13:23:13','1342200047652'),(996,'2020-07-03','3340701154472',1,NULL,'2021-03-02 13:23:13','1342200047652'),(997,'2020-07-03','1450700128233',1,NULL,'2021-03-02 13:23:13','1342200047652'),(998,'2020-07-03','3341500367682',1,NULL,'2021-03-02 13:23:13','1342200047652'),(999,'2020-07-03','1341500222017',1,NULL,'2021-03-02 13:23:13','1342200047652'),(1000,'2020-07-03','3341501266626',1,NULL,'2021-03-02 13:23:13','1342200047652'),(1001,'2020-07-03','1342200047652',1,NULL,'2021-03-02 13:23:13','1342200047652'),(1002,'2020-07-08','3342000176358',1,NULL,'2021-03-02 13:23:36','1342200047652'),(1003,'2020-07-08','1340700537169',1,NULL,'2021-03-02 13:23:36','1342200047652'),(1004,'2020-07-08','3330501470575',1,NULL,'2021-03-02 13:23:36','1342200047652'),(1005,'2020-07-08','3340701154472',1,NULL,'2021-03-02 13:23:36','1342200047652'),(1006,'2020-07-08','1450700128233',1,NULL,'2021-03-02 13:23:36','1342200047652'),(1007,'2020-07-08','3341500367682',1,NULL,'2021-03-02 13:23:36','1342200047652'),(1008,'2020-07-08','1341500222017',1,NULL,'2021-03-02 13:23:36','1342200047652'),(1009,'2020-07-08','3341501266626',1,NULL,'2021-03-02 13:23:36','1342200047652'),(1010,'2020-07-08','1342200047652',1,NULL,'2021-03-02 13:23:36','1342200047652'),(1011,'2020-07-09','3342000176358',1,NULL,'2021-03-02 13:23:45','1342200047652'),(1012,'2020-07-09','1340700537169',1,NULL,'2021-03-02 13:23:45','1342200047652'),(1013,'2020-07-09','3330501470575',1,NULL,'2021-03-02 13:23:45','1342200047652'),(1014,'2020-07-09','3340701154472',1,NULL,'2021-03-02 13:23:45','1342200047652'),(1015,'2020-07-09','1450700128233',1,NULL,'2021-03-02 13:23:45','1342200047652'),(1016,'2020-07-09','3341500367682',1,NULL,'2021-03-02 13:23:45','1342200047652'),(1017,'2020-07-09','1341500222017',1,NULL,'2021-03-02 13:23:45','1342200047652'),(1018,'2020-07-09','3341501266626',1,NULL,'2021-03-02 13:23:45','1342200047652'),(1019,'2020-07-09','1342200047652',1,NULL,'2021-03-02 13:23:45','1342200047652'),(1020,'2020-07-10','3342000176358',1,NULL,'2021-03-02 13:23:57','1342200047652'),(1021,'2020-07-10','1340700537169',1,NULL,'2021-03-02 13:23:57','1342200047652'),(1022,'2020-07-10','3330501470575',1,NULL,'2021-03-02 13:23:57','1342200047652'),(1023,'2020-07-10','3340701154472',1,NULL,'2021-03-02 13:23:57','1342200047652'),(1024,'2020-07-10','1450700128233',1,NULL,'2021-03-02 13:23:57','1342200047652'),(1025,'2020-07-10','3341500367682',1,NULL,'2021-03-02 13:23:57','1342200047652'),(1026,'2020-07-10','1341500222017',1,NULL,'2021-03-02 13:23:57','1342200047652'),(1027,'2020-07-10','3341501266626',1,NULL,'2021-03-02 13:23:57','1342200047652'),(1028,'2020-07-10','1342200047652',1,NULL,'2021-03-02 13:23:57','1342200047652'),(1029,'2020-07-11','3342000176358',1,NULL,'2021-03-02 13:24:11','1342200047652'),(1030,'2020-07-11','1340700537169',1,NULL,'2021-03-02 13:24:11','1342200047652'),(1031,'2020-07-11','3330501470575',1,NULL,'2021-03-02 13:24:11','1342200047652'),(1032,'2020-07-11','3340701154472',1,NULL,'2021-03-02 13:24:11','1342200047652'),(1033,'2020-07-11','1450700128233',1,NULL,'2021-03-02 13:24:11','1342200047652'),(1034,'2020-07-11','3341500367682',1,NULL,'2021-03-02 13:24:11','1342200047652'),(1035,'2020-07-11','1341500222017',1,NULL,'2021-03-02 13:24:11','1342200047652'),(1036,'2020-07-11','3341501266626',1,NULL,'2021-03-02 13:24:11','1342200047652'),(1037,'2020-07-11','1342200047652',1,NULL,'2021-03-02 13:24:11','1342200047652'),(1038,'2020-07-13','3342000176358',1,NULL,'2021-03-02 13:24:22','1342200047652'),(1039,'2020-07-13','1340700537169',1,NULL,'2021-03-02 13:24:22','1342200047652'),(1040,'2020-07-13','3330501470575',1,NULL,'2021-03-02 13:24:22','1342200047652'),(1041,'2020-07-13','3340701154472',1,NULL,'2021-03-02 13:24:22','1342200047652'),(1042,'2020-07-13','1450700128233',1,NULL,'2021-03-02 13:24:22','1342200047652'),(1043,'2020-07-13','3341500367682',1,NULL,'2021-03-02 13:24:22','1342200047652'),(1044,'2020-07-13','1341500222017',1,NULL,'2021-03-02 13:24:22','1342200047652'),(1045,'2020-07-13','3341501266626',1,NULL,'2021-03-02 13:24:22','1342200047652'),(1046,'2020-07-13','1342200047652',1,NULL,'2021-03-02 13:24:22','1342200047652'),(1047,'2020-07-14','3342000176358',1,NULL,'2021-03-02 13:25:04','1342200047652'),(1048,'2020-07-14','1340700537169',1,NULL,'2021-03-02 13:25:04','1342200047652'),(1049,'2020-07-14','3330501470575',1,NULL,'2021-03-02 13:25:04','1342200047652'),(1050,'2020-07-14','3340701154472',1,NULL,'2021-03-02 13:25:04','1342200047652'),(1051,'2020-07-14','1450700128233',1,NULL,'2021-03-02 13:25:04','1342200047652'),(1052,'2020-07-14','3341500367682',1,NULL,'2021-03-02 13:25:04','1342200047652'),(1053,'2020-07-14','1341500222017',1,NULL,'2021-03-02 13:25:04','1342200047652'),(1054,'2020-07-14','3341501266626',1,NULL,'2021-03-02 13:25:04','1342200047652'),(1055,'2020-07-14','1342200047652',1,NULL,'2021-03-02 13:25:04','1342200047652'),(1056,'2020-07-15','3342000176358',1,NULL,'2021-03-02 13:25:32','1342200047652'),(1057,'2020-07-15','1340700537169',1,NULL,'2021-03-02 13:25:32','1342200047652'),(1058,'2020-07-15','3330501470575',1,NULL,'2021-03-02 13:25:32','1342200047652'),(1059,'2020-07-15','3340701154472',1,NULL,'2021-03-02 13:25:32','1342200047652'),(1060,'2020-07-15','1450700128233',1,NULL,'2021-03-02 13:25:32','1342200047652'),(1061,'2020-07-15','3341500367682',1,NULL,'2021-03-02 13:25:32','1342200047652'),(1062,'2020-07-15','1341500222017',1,NULL,'2021-03-02 13:25:32','1342200047652'),(1063,'2020-07-15','3341501266626',1,NULL,'2021-03-02 13:25:32','1342200047652'),(1064,'2020-07-15','1342200047652',1,NULL,'2021-03-02 13:25:32','1342200047652'),(1065,'2020-07-16','3342000176358',1,NULL,'2021-03-02 13:25:52','1342200047652'),(1066,'2020-07-16','1340700537169',1,NULL,'2021-03-02 13:25:52','1342200047652'),(1067,'2020-07-16','3330501470575',1,NULL,'2021-03-02 13:25:52','1342200047652'),(1068,'2020-07-16','3340701154472',1,NULL,'2021-03-02 13:25:52','1342200047652'),(1069,'2020-07-16','1450700128233',1,NULL,'2021-03-02 13:25:52','1342200047652'),(1070,'2020-07-16','3341500367682',1,NULL,'2021-03-02 13:25:52','1342200047652'),(1071,'2020-07-16','1341500222017',1,NULL,'2021-03-02 13:25:52','1342200047652'),(1072,'2020-07-16','3341501266626',1,NULL,'2021-03-02 13:25:52','1342200047652'),(1073,'2020-07-16','1342200047652',1,NULL,'2021-03-02 13:25:52','1342200047652'),(1074,'2020-07-17','3342000176358',1,NULL,'2021-03-02 13:26:08','1342200047652'),(1075,'2020-07-17','1340700537169',1,NULL,'2021-03-02 13:26:08','1342200047652'),(1076,'2020-07-17','3330501470575',1,NULL,'2021-03-02 13:26:08','1342200047652'),(1077,'2020-07-17','3340701154472',1,NULL,'2021-03-02 13:26:08','1342200047652'),(1078,'2020-07-17','1450700128233',1,NULL,'2021-03-02 13:26:08','1342200047652'),(1079,'2020-07-17','3341500367682',1,NULL,'2021-03-02 13:26:08','1342200047652'),(1080,'2020-07-17','1341500222017',1,NULL,'2021-03-02 13:26:08','1342200047652'),(1081,'2020-07-17','3341501266626',1,NULL,'2021-03-02 13:26:08','1342200047652'),(1082,'2020-07-17','1342200047652',1,NULL,'2021-03-02 13:26:08','1342200047652'),(1083,'2020-07-20','3342000176358',1,NULL,'2021-03-02 13:26:21','1342200047652'),(1084,'2020-07-20','1340700537169',1,NULL,'2021-03-02 13:26:21','1342200047652'),(1085,'2020-07-20','3330501470575',1,NULL,'2021-03-02 13:26:21','1342200047652'),(1086,'2020-07-20','3340701154472',1,NULL,'2021-03-02 13:26:21','1342200047652'),(1087,'2020-07-20','1450700128233',1,NULL,'2021-03-02 13:26:21','1342200047652'),(1088,'2020-07-20','3341500367682',1,NULL,'2021-03-02 13:26:21','1342200047652'),(1089,'2020-07-20','1341500222017',1,NULL,'2021-03-02 13:26:21','1342200047652'),(1090,'2020-07-20','3341501266626',1,NULL,'2021-03-02 13:26:21','1342200047652'),(1091,'2020-07-20','1342200047652',1,NULL,'2021-03-02 13:26:21','1342200047652'),(1092,'2020-07-21','3342000176358',1,NULL,'2021-03-02 13:26:37','1342200047652'),(1093,'2020-07-21','1340700537169',1,NULL,'2021-03-02 13:26:37','1342200047652'),(1094,'2020-07-21','3330501470575',1,NULL,'2021-03-02 13:26:37','1342200047652'),(1095,'2020-07-21','3340701154472',1,NULL,'2021-03-02 13:26:37','1342200047652'),(1096,'2020-07-21','1450700128233',1,NULL,'2021-03-02 13:26:37','1342200047652'),(1097,'2020-07-21','3341500367682',1,NULL,'2021-03-02 13:26:37','1342200047652'),(1098,'2020-07-21','1341500222017',1,NULL,'2021-03-02 13:26:37','1342200047652'),(1099,'2020-07-21','3341501266626',1,NULL,'2021-03-02 13:26:37','1342200047652'),(1100,'2020-07-21','1342200047652',1,NULL,'2021-03-02 13:26:37','1342200047652'),(1101,'2020-07-22','3342000176358',1,NULL,'2021-03-02 13:26:49','1342200047652'),(1102,'2020-07-22','1340700537169',1,NULL,'2021-03-02 13:26:49','1342200047652'),(1103,'2020-07-22','3330501470575',1,NULL,'2021-03-02 13:26:49','1342200047652'),(1104,'2020-07-22','3340701154472',1,NULL,'2021-03-02 13:26:49','1342200047652'),(1105,'2020-07-22','1450700128233',1,NULL,'2021-03-02 13:26:49','1342200047652'),(1106,'2020-07-22','3341500367682',1,NULL,'2021-03-02 13:26:49','1342200047652'),(1107,'2020-07-22','1341500222017',1,NULL,'2021-03-02 13:26:49','1342200047652'),(1108,'2020-07-22','3341501266626',1,NULL,'2021-03-02 13:26:49','1342200047652'),(1109,'2020-07-22','1342200047652',1,NULL,'2021-03-02 13:26:49','1342200047652'),(1110,'2020-07-23','3342000176358',1,NULL,'2021-03-02 13:27:05','1342200047652'),(1111,'2020-07-23','1340700537169',1,NULL,'2021-03-02 13:27:05','1342200047652'),(1112,'2020-07-23','3330501470575',1,NULL,'2021-03-02 13:27:05','1342200047652'),(1113,'2020-07-23','3340701154472',1,NULL,'2021-03-02 13:27:05','1342200047652'),(1114,'2020-07-23','1450700128233',1,NULL,'2021-03-02 13:27:05','1342200047652'),(1115,'2020-07-23','3341500367682',1,NULL,'2021-03-02 13:27:05','1342200047652'),(1116,'2020-07-23','1341500222017',1,NULL,'2021-03-02 13:27:05','1342200047652'),(1117,'2020-07-23','3341501266626',1,NULL,'2021-03-02 13:27:05','1342200047652'),(1118,'2020-07-23','1342200047652',1,NULL,'2021-03-02 13:27:05','1342200047652'),(1119,'2020-07-24','3342000176358',1,NULL,'2021-03-02 13:27:17','1342200047652'),(1120,'2020-07-24','1340700537169',1,NULL,'2021-03-02 13:27:17','1342200047652'),(1121,'2020-07-24','3330501470575',1,NULL,'2021-03-02 13:27:17','1342200047652'),(1122,'2020-07-24','3340701154472',1,NULL,'2021-03-02 13:27:17','1342200047652'),(1123,'2020-07-24','1450700128233',1,NULL,'2021-03-02 13:27:17','1342200047652'),(1124,'2020-07-24','3341500367682',1,NULL,'2021-03-02 13:27:17','1342200047652'),(1125,'2020-07-24','1341500222017',1,NULL,'2021-03-02 13:27:17','1342200047652'),(1126,'2020-07-24','3341501266626',1,NULL,'2021-03-02 13:27:17','1342200047652'),(1127,'2020-07-24','1342200047652',1,NULL,'2021-03-02 13:27:17','1342200047652'),(1128,'2020-07-29','3342000176358',1,NULL,'2021-03-02 13:27:38','1342200047652'),(1129,'2020-07-29','1340700537169',1,NULL,'2021-03-02 13:27:38','1342200047652'),(1130,'2020-07-29','3330501470575',1,NULL,'2021-03-02 13:27:38','1342200047652'),(1131,'2020-07-29','3340701154472',1,NULL,'2021-03-02 13:27:38','1342200047652'),(1132,'2020-07-29','1450700128233',1,NULL,'2021-03-02 13:27:38','1342200047652'),(1133,'2020-07-29','3341500367682',1,NULL,'2021-03-02 13:27:38','1342200047652'),(1134,'2020-07-29','1341500222017',1,NULL,'2021-03-02 13:27:38','1342200047652'),(1135,'2020-07-29','3341501266626',1,NULL,'2021-03-02 13:27:38','1342200047652'),(1136,'2020-07-29','1342200047652',1,NULL,'2021-03-02 13:27:38','1342200047652'),(1137,'2020-07-30','3342000176358',1,NULL,'2021-03-02 13:27:49','1342200047652'),(1138,'2020-07-30','1340700537169',1,NULL,'2021-03-02 13:27:49','1342200047652'),(1139,'2020-07-30','3330501470575',1,NULL,'2021-03-02 13:27:49','1342200047652'),(1140,'2020-07-30','3340701154472',1,NULL,'2021-03-02 13:27:49','1342200047652'),(1141,'2020-07-30','1450700128233',1,NULL,'2021-03-02 13:27:49','1342200047652'),(1142,'2020-07-30','3341500367682',1,NULL,'2021-03-02 13:27:49','1342200047652'),(1143,'2020-07-30','1341500222017',1,NULL,'2021-03-02 13:27:49','1342200047652'),(1144,'2020-07-30','3341501266626',1,NULL,'2021-03-02 13:27:49','1342200047652'),(1145,'2020-07-30','1342200047652',1,NULL,'2021-03-02 13:27:49','1342200047652'),(1146,'2020-07-31','3342000176358',1,NULL,'2021-03-02 13:28:02','1342200047652'),(1147,'2020-07-31','1340700537169',1,NULL,'2021-03-02 13:28:02','1342200047652'),(1148,'2020-07-31','3330501470575',1,NULL,'2021-03-02 13:28:02','1342200047652'),(1149,'2020-07-31','3340701154472',1,NULL,'2021-03-02 13:28:02','1342200047652'),(1150,'2020-07-31','1450700128233',1,NULL,'2021-03-02 13:28:02','1342200047652'),(1151,'2020-07-31','3341500367682',1,NULL,'2021-03-02 13:28:02','1342200047652'),(1152,'2020-07-31','1341500222017',1,NULL,'2021-03-02 13:28:02','1342200047652'),(1153,'2020-07-31','3341501266626',1,NULL,'2021-03-02 13:28:02','1342200047652'),(1154,'2020-07-31','1342200047652',1,NULL,'2021-03-02 13:28:02','1342200047652'),(1155,'2020-08-01','3342000176358',1,NULL,'2021-03-02 13:29:01','1342200047652'),(1156,'2020-08-01','1340700537169',1,NULL,'2021-03-02 13:29:01','1342200047652'),(1157,'2020-08-01','3330501470575',1,NULL,'2021-03-02 13:29:01','1342200047652'),(1158,'2020-08-01','3340701154472',1,NULL,'2021-03-02 13:29:01','1342200047652'),(1159,'2020-08-01','1450700128233',1,NULL,'2021-03-02 13:29:01','1342200047652'),(1160,'2020-08-01','3341500367682',1,NULL,'2021-03-02 13:29:01','1342200047652'),(1161,'2020-08-01','1341500222017',1,NULL,'2021-03-02 13:29:01','1342200047652'),(1162,'2020-08-01','3341501266626',1,NULL,'2021-03-02 13:29:01','1342200047652'),(1163,'2020-08-01','1342200047652',1,NULL,'2021-03-02 13:29:01','1342200047652'),(1164,'2020-08-02','3342000176358',1,NULL,'2021-03-02 13:29:15','1342200047652'),(1165,'2020-08-02','1340700537169',1,NULL,'2021-03-02 13:29:15','1342200047652'),(1166,'2020-08-02','3330501470575',1,NULL,'2021-03-02 13:29:15','1342200047652'),(1167,'2020-08-02','3340701154472',1,NULL,'2021-03-02 13:29:15','1342200047652'),(1168,'2020-08-02','1450700128233',1,NULL,'2021-03-02 13:29:15','1342200047652'),(1169,'2020-08-02','3341500367682',1,NULL,'2021-03-02 13:29:15','1342200047652'),(1170,'2020-08-02','1341500222017',1,NULL,'2021-03-02 13:29:15','1342200047652'),(1171,'2020-08-02','3341501266626',1,NULL,'2021-03-02 13:29:15','1342200047652'),(1172,'2020-08-02','1342200047652',1,NULL,'2021-03-02 13:29:15','1342200047652'),(1173,'2020-08-03','3342000176358',1,NULL,'2021-03-02 13:29:31','1342200047652'),(1174,'2020-08-03','1340700537169',1,NULL,'2021-03-02 13:29:31','1342200047652'),(1175,'2020-08-03','3330501470575',1,NULL,'2021-03-02 13:29:31','1342200047652'),(1176,'2020-08-03','3340701154472',1,NULL,'2021-03-02 13:29:31','1342200047652'),(1177,'2020-08-03','1450700128233',1,NULL,'2021-03-02 13:29:31','1342200047652'),(1178,'2020-08-03','3341500367682',1,NULL,'2021-03-02 13:29:31','1342200047652'),(1179,'2020-08-03','1341500222017',1,NULL,'2021-03-02 13:29:31','1342200047652'),(1180,'2020-08-03','3341501266626',1,NULL,'2021-03-02 13:29:31','1342200047652'),(1181,'2020-08-03','1342200047652',1,NULL,'2021-03-02 13:29:31','1342200047652'),(1182,'2020-08-04','3342000176358',1,NULL,'2021-03-02 13:30:01','1342200047652'),(1183,'2020-08-04','1340700537169',1,NULL,'2021-03-02 13:30:01','1342200047652'),(1184,'2020-08-04','3330501470575',1,NULL,'2021-03-02 13:30:01','1342200047652'),(1185,'2020-08-04','3340701154472',1,NULL,'2021-03-02 13:30:01','1342200047652'),(1186,'2020-08-04','1450700128233',1,NULL,'2021-03-02 13:30:01','1342200047652'),(1187,'2020-08-04','3341500367682',1,NULL,'2021-03-02 13:30:01','1342200047652'),(1188,'2020-08-04','1341500222017',1,NULL,'2021-03-02 13:30:01','1342200047652'),(1189,'2020-08-04','3341501266626',1,NULL,'2021-03-02 13:30:01','1342200047652'),(1190,'2020-08-04','1342200047652',1,NULL,'2021-03-02 13:30:01','1342200047652'),(1191,'2020-08-05','3342000176358',1,NULL,'2021-03-02 13:30:10','1342200047652'),(1192,'2020-08-05','1340700537169',1,NULL,'2021-03-02 13:30:10','1342200047652'),(1193,'2020-08-05','3330501470575',1,NULL,'2021-03-02 13:30:10','1342200047652'),(1194,'2020-08-05','3340701154472',1,NULL,'2021-03-02 13:30:10','1342200047652'),(1195,'2020-08-05','1450700128233',1,NULL,'2021-03-02 13:30:10','1342200047652'),(1196,'2020-08-05','3341500367682',1,NULL,'2021-03-02 13:30:10','1342200047652'),(1197,'2020-08-05','1341500222017',1,NULL,'2021-03-02 13:30:10','1342200047652'),(1198,'2020-08-05','3341501266626',1,NULL,'2021-03-02 13:30:10','1342200047652'),(1199,'2020-08-05','1342200047652',1,NULL,'2021-03-02 13:30:10','1342200047652'),(1200,'2020-08-06','3342000176358',1,NULL,'2021-03-02 13:30:27','1342200047652'),(1201,'2020-08-06','1340700537169',1,NULL,'2021-03-02 13:30:27','1342200047652'),(1202,'2020-08-06','3330501470575',1,NULL,'2021-03-02 13:30:27','1342200047652'),(1203,'2020-08-06','3340701154472',1,NULL,'2021-03-02 13:30:27','1342200047652'),(1204,'2020-08-06','1450700128233',1,NULL,'2021-03-02 13:30:27','1342200047652'),(1205,'2020-08-06','3341500367682',1,NULL,'2021-03-02 13:30:27','1342200047652'),(1206,'2020-08-06','1341500222017',1,NULL,'2021-03-02 13:30:27','1342200047652'),(1207,'2020-08-06','3341501266626',1,NULL,'2021-03-02 13:30:27','1342200047652'),(1208,'2020-08-06','1342200047652',1,NULL,'2021-03-02 13:30:27','1342200047652'),(1209,'2020-08-07','3342000176358',1,NULL,'2021-03-02 13:30:38','1342200047652'),(1210,'2020-08-07','1340700537169',1,NULL,'2021-03-02 13:30:38','1342200047652'),(1211,'2020-08-07','3330501470575',1,NULL,'2021-03-02 13:30:38','1342200047652'),(1212,'2020-08-07','3340701154472',1,NULL,'2021-03-02 13:30:38','1342200047652'),(1213,'2020-08-07','1450700128233',1,NULL,'2021-03-02 13:30:38','1342200047652'),(1214,'2020-08-07','3341500367682',1,NULL,'2021-03-02 13:30:38','1342200047652'),(1215,'2020-08-07','1341500222017',1,NULL,'2021-03-02 13:30:38','1342200047652'),(1216,'2020-08-07','3341501266626',1,NULL,'2021-03-02 13:30:38','1342200047652'),(1217,'2020-08-07','1342200047652',1,NULL,'2021-03-02 13:30:38','1342200047652'),(1218,'2020-08-10','3342000176358',1,NULL,'2021-03-02 13:31:07','1342200047652'),(1219,'2020-08-10','1340700537169',1,NULL,'2021-03-02 13:31:07','1342200047652'),(1220,'2020-08-10','3330501470575',4,NULL,'2021-03-02 13:31:07','1342200047652'),(1221,'2020-08-10','3340701154472',1,NULL,'2021-03-02 13:31:07','1342200047652'),(1222,'2020-08-10','1450700128233',1,NULL,'2021-03-02 13:31:07','1342200047652'),(1223,'2020-08-10','3341500367682',1,NULL,'2021-03-02 13:31:07','1342200047652'),(1224,'2020-08-10','1341500222017',1,NULL,'2021-03-02 13:31:07','1342200047652'),(1225,'2020-08-10','3341501266626',1,NULL,'2021-03-02 13:31:07','1342200047652'),(1226,'2020-08-10','1342200047652',1,NULL,'2021-03-02 13:31:07','1342200047652'),(1227,'2020-08-11','3342000176358',1,NULL,'2021-03-02 13:31:25','1342200047652'),(1228,'2020-08-11','1340700537169',1,NULL,'2021-03-02 13:31:25','1342200047652'),(1229,'2020-08-11','3330501470575',4,NULL,'2021-03-02 13:31:25','1342200047652'),(1230,'2020-08-11','3340701154472',1,NULL,'2021-03-02 13:31:25','1342200047652'),(1231,'2020-08-11','1450700128233',1,NULL,'2021-03-02 13:31:25','1342200047652'),(1232,'2020-08-11','3341500367682',1,NULL,'2021-03-02 13:31:25','1342200047652'),(1233,'2020-08-11','1341500222017',1,NULL,'2021-03-02 13:31:25','1342200047652'),(1234,'2020-08-11','3341501266626',1,NULL,'2021-03-02 13:31:25','1342200047652'),(1235,'2020-08-11','1342200047652',1,NULL,'2021-03-02 13:31:25','1342200047652'),(1236,'2020-08-13','3342000176358',1,NULL,'2021-03-02 13:31:46','1342200047652'),(1237,'2020-08-13','1340700537169',1,NULL,'2021-03-02 13:31:46','1342200047652'),(1238,'2020-08-13','3330501470575',1,NULL,'2021-03-02 13:31:46','1342200047652'),(1239,'2020-08-13','3340701154472',1,NULL,'2021-03-02 13:31:46','1342200047652'),(1240,'2020-08-13','1450700128233',1,NULL,'2021-03-02 13:31:46','1342200047652'),(1241,'2020-08-13','3341500367682',1,NULL,'2021-03-02 13:31:46','1342200047652'),(1242,'2020-08-13','1341500222017',1,NULL,'2021-03-02 13:31:46','1342200047652'),(1243,'2020-08-13','3341501266626',1,NULL,'2021-03-02 13:31:46','1342200047652'),(1244,'2020-08-13','1342200047652',1,NULL,'2021-03-02 13:31:46','1342200047652'),(1245,'2020-08-14','3342000176358',1,NULL,'2021-03-02 13:31:59','1342200047652'),(1246,'2020-08-14','1340700537169',1,NULL,'2021-03-02 13:31:59','1342200047652'),(1247,'2020-08-14','3330501470575',1,NULL,'2021-03-02 13:31:59','1342200047652'),(1248,'2020-08-14','3340701154472',1,NULL,'2021-03-02 13:31:59','1342200047652'),(1249,'2020-08-14','1450700128233',1,NULL,'2021-03-02 13:31:59','1342200047652'),(1250,'2020-08-14','3341500367682',1,NULL,'2021-03-02 13:31:59','1342200047652'),(1251,'2020-08-14','1341500222017',1,NULL,'2021-03-02 13:31:59','1342200047652'),(1252,'2020-08-14','3341501266626',1,NULL,'2021-03-02 13:31:59','1342200047652'),(1253,'2020-08-14','1342200047652',1,NULL,'2021-03-02 13:31:59','1342200047652'),(1254,'2020-08-17','3342000176358',1,NULL,'2021-03-02 13:32:12','1342200047652'),(1255,'2020-08-17','1340700537169',1,NULL,'2021-03-02 13:32:12','1342200047652'),(1256,'2020-08-17','3330501470575',1,NULL,'2021-03-02 13:32:12','1342200047652'),(1257,'2020-08-17','3340701154472',1,NULL,'2021-03-02 13:32:12','1342200047652'),(1258,'2020-08-17','1450700128233',1,NULL,'2021-03-02 13:32:12','1342200047652'),(1259,'2020-08-17','3341500367682',1,NULL,'2021-03-02 13:32:12','1342200047652'),(1260,'2020-08-17','1341500222017',1,NULL,'2021-03-02 13:32:12','1342200047652'),(1261,'2020-08-17','3341501266626',1,NULL,'2021-03-02 13:32:12','1342200047652'),(1262,'2020-08-17','1342200047652',1,NULL,'2021-03-02 13:32:12','1342200047652'),(1263,'2020-08-18','3342000176358',1,NULL,'2021-03-02 13:32:33','1342200047652'),(1264,'2020-08-18','1340700537169',1,NULL,'2021-03-02 13:32:33','1342200047652'),(1265,'2020-08-18','3330501470575',1,NULL,'2021-03-02 13:32:33','1342200047652'),(1266,'2020-08-18','3340701154472',1,NULL,'2021-03-02 13:32:33','1342200047652'),(1267,'2020-08-18','1450700128233',1,NULL,'2021-03-02 13:32:33','1342200047652'),(1268,'2020-08-18','3341500367682',1,NULL,'2021-03-02 13:32:33','1342200047652'),(1269,'2020-08-18','1341500222017',1,NULL,'2021-03-02 13:32:33','1342200047652'),(1270,'2020-08-18','3341501266626',1,NULL,'2021-03-02 13:32:33','1342200047652'),(1271,'2020-08-18','1342200047652',1,NULL,'2021-03-02 13:32:33','1342200047652'),(1272,'2020-08-19','3342000176358',1,NULL,'2021-03-02 13:32:43','1342200047652'),(1273,'2020-08-19','1340700537169',1,NULL,'2021-03-02 13:32:43','1342200047652'),(1274,'2020-08-19','3330501470575',1,NULL,'2021-03-02 13:32:43','1342200047652'),(1275,'2020-08-19','3340701154472',1,NULL,'2021-03-02 13:32:43','1342200047652'),(1276,'2020-08-19','1450700128233',1,NULL,'2021-03-02 13:32:43','1342200047652'),(1277,'2020-08-19','3341500367682',1,NULL,'2021-03-02 13:32:43','1342200047652'),(1278,'2020-08-19','1341500222017',1,NULL,'2021-03-02 13:32:43','1342200047652'),(1279,'2020-08-19','3341501266626',1,NULL,'2021-03-02 13:32:43','1342200047652'),(1280,'2020-08-19','1342200047652',1,NULL,'2021-03-02 13:32:43','1342200047652'),(1281,'2020-08-20','3342000176358',1,NULL,'2021-03-02 13:33:01','1342200047652'),(1282,'2020-08-20','1340700537169',1,NULL,'2021-03-02 13:33:01','1342200047652'),(1283,'2020-08-20','3330501470575',1,NULL,'2021-03-02 13:33:01','1342200047652'),(1284,'2020-08-20','3340701154472',1,NULL,'2021-03-02 13:33:01','1342200047652'),(1285,'2020-08-20','1450700128233',1,NULL,'2021-03-02 13:33:01','1342200047652'),(1286,'2020-08-20','3341500367682',1,NULL,'2021-03-02 13:33:01','1342200047652'),(1287,'2020-08-20','1341500222017',1,NULL,'2021-03-02 13:33:01','1342200047652'),(1288,'2020-08-20','3341501266626',1,NULL,'2021-03-02 13:33:01','1342200047652'),(1289,'2020-08-20','1342200047652',1,NULL,'2021-03-02 13:33:01','1342200047652'),(1290,'2020-08-21','3342000176358',1,NULL,'2021-03-02 13:33:13','1342200047652'),(1291,'2020-08-21','1340700537169',1,NULL,'2021-03-02 13:33:13','1342200047652'),(1292,'2020-08-21','3330501470575',1,NULL,'2021-03-02 13:33:13','1342200047652'),(1293,'2020-08-21','3340701154472',1,NULL,'2021-03-02 13:33:13','1342200047652'),(1294,'2020-08-21','1450700128233',1,NULL,'2021-03-02 13:33:13','1342200047652'),(1295,'2020-08-21','3341500367682',1,NULL,'2021-03-02 13:33:13','1342200047652'),(1296,'2020-08-21','1341500222017',1,NULL,'2021-03-02 13:33:13','1342200047652'),(1297,'2020-08-21','3341501266626',1,NULL,'2021-03-02 13:33:13','1342200047652'),(1298,'2020-08-21','1342200047652',1,NULL,'2021-03-02 13:33:13','1342200047652'),(1299,'2020-08-22','3342000176358',1,NULL,'2021-03-02 13:33:24','1342200047652'),(1300,'2020-08-22','1340700537169',1,NULL,'2021-03-02 13:33:24','1342200047652'),(1301,'2020-08-22','3330501470575',1,NULL,'2021-03-02 13:33:24','1342200047652'),(1302,'2020-08-22','3340701154472',1,NULL,'2021-03-02 13:33:24','1342200047652'),(1303,'2020-08-22','1450700128233',1,NULL,'2021-03-02 13:33:24','1342200047652'),(1304,'2020-08-22','3341500367682',1,NULL,'2021-03-02 13:33:24','1342200047652'),(1305,'2020-08-22','1341500222017',1,NULL,'2021-03-02 13:33:24','1342200047652'),(1306,'2020-08-22','3341501266626',1,NULL,'2021-03-02 13:33:24','1342200047652'),(1307,'2020-08-22','1342200047652',1,NULL,'2021-03-02 13:33:24','1342200047652'),(1308,'2020-08-23','3342000176358',1,NULL,'2021-03-02 13:33:45','1342200047652'),(1309,'2020-08-23','1340700537169',1,NULL,'2021-03-02 13:33:45','1342200047652'),(1310,'2020-08-23','3330501470575',1,NULL,'2021-03-02 13:33:45','1342200047652'),(1311,'2020-08-23','3340701154472',1,NULL,'2021-03-02 13:33:45','1342200047652'),(1312,'2020-08-23','1450700128233',1,NULL,'2021-03-02 13:33:45','1342200047652'),(1313,'2020-08-23','3341500367682',1,NULL,'2021-03-02 13:33:45','1342200047652'),(1314,'2020-08-23','1341500222017',1,NULL,'2021-03-02 13:33:45','1342200047652'),(1315,'2020-08-23','3341501266626',1,NULL,'2021-03-02 13:33:45','1342200047652'),(1316,'2020-08-23','1342200047652',1,NULL,'2021-03-02 13:33:45','1342200047652'),(1317,'2020-08-24','3342000176358',1,NULL,'2021-03-02 13:34:02','1342200047652'),(1318,'2020-08-24','1340700537169',4,NULL,'2021-03-02 13:34:02','1342200047652'),(1319,'2020-08-24','3330501470575',1,NULL,'2021-03-02 13:34:02','1342200047652'),(1320,'2020-08-24','3340701154472',1,NULL,'2021-03-02 13:34:02','1342200047652'),(1321,'2020-08-24','1450700128233',1,NULL,'2021-03-02 13:34:02','1342200047652'),(1322,'2020-08-24','3341500367682',1,NULL,'2021-03-02 13:34:02','1342200047652'),(1323,'2020-08-24','1341500222017',1,NULL,'2021-03-02 13:34:02','1342200047652'),(1324,'2020-08-24','3341501266626',1,NULL,'2021-03-02 13:34:02','1342200047652'),(1325,'2020-08-24','1342200047652',1,NULL,'2021-03-02 13:34:02','1342200047652'),(1326,'2020-08-25','3342000176358',1,NULL,'2021-03-02 13:34:13','1342200047652'),(1327,'2020-08-25','1340700537169',1,NULL,'2021-03-02 13:34:13','1342200047652'),(1328,'2020-08-25','3330501470575',1,NULL,'2021-03-02 13:34:13','1342200047652'),(1329,'2020-08-25','3340701154472',1,NULL,'2021-03-02 13:34:13','1342200047652'),(1330,'2020-08-25','1450700128233',1,NULL,'2021-03-02 13:34:13','1342200047652'),(1331,'2020-08-25','3341500367682',1,NULL,'2021-03-02 13:34:13','1342200047652'),(1332,'2020-08-25','1341500222017',1,NULL,'2021-03-02 13:34:13','1342200047652'),(1333,'2020-08-25','3341501266626',1,NULL,'2021-03-02 13:34:13','1342200047652'),(1334,'2020-08-25','1342200047652',1,NULL,'2021-03-02 13:34:13','1342200047652'),(1335,'2020-08-26','3342000176358',1,NULL,'2021-03-02 13:34:38','1342200047652'),(1336,'2020-08-26','1340700537169',1,NULL,'2021-03-02 13:34:38','1342200047652'),(1337,'2020-08-26','3330501470575',1,NULL,'2021-03-02 13:34:38','1342200047652'),(1338,'2020-08-26','3340701154472',1,NULL,'2021-03-02 13:34:38','1342200047652'),(1339,'2020-08-26','1450700128233',1,NULL,'2021-03-02 13:34:38','1342200047652'),(1340,'2020-08-26','3341500367682',1,NULL,'2021-03-02 13:34:38','1342200047652'),(1341,'2020-08-26','1341500222017',1,NULL,'2021-03-02 13:34:38','1342200047652'),(1342,'2020-08-26','3341501266626',1,NULL,'2021-03-02 13:34:38','1342200047652'),(1343,'2020-08-26','1342200047652',1,NULL,'2021-03-02 13:34:38','1342200047652'),(1344,'2020-08-27','3342000176358',1,NULL,'2021-03-02 13:34:46','1342200047652'),(1345,'2020-08-27','1340700537169',1,NULL,'2021-03-02 13:34:46','1342200047652'),(1346,'2020-08-27','3330501470575',1,NULL,'2021-03-02 13:34:46','1342200047652'),(1347,'2020-08-27','3340701154472',1,NULL,'2021-03-02 13:34:46','1342200047652'),(1348,'2020-08-27','1450700128233',1,NULL,'2021-03-02 13:34:46','1342200047652'),(1349,'2020-08-27','3341500367682',1,NULL,'2021-03-02 13:34:46','1342200047652'),(1350,'2020-08-27','1341500222017',1,NULL,'2021-03-02 13:34:46','1342200047652'),(1351,'2020-08-27','3341501266626',1,NULL,'2021-03-02 13:34:46','1342200047652'),(1352,'2020-08-27','1342200047652',1,NULL,'2021-03-02 13:34:46','1342200047652'),(1353,'2020-08-28','3342000176358',1,NULL,'2021-03-02 13:35:09','1342200047652'),(1354,'2020-08-28','1340700537169',1,NULL,'2021-03-02 13:35:09','1342200047652'),(1355,'2020-08-28','3330501470575',1,NULL,'2021-03-02 13:35:09','1342200047652'),(1356,'2020-08-28','3340701154472',1,NULL,'2021-03-02 13:35:09','1342200047652'),(1357,'2020-08-28','1450700128233',1,NULL,'2021-03-02 13:35:09','1342200047652'),(1358,'2020-08-28','3341500367682',1,NULL,'2021-03-02 13:35:09','1342200047652'),(1359,'2020-08-28','1341500222017',1,NULL,'2021-03-02 13:35:09','1342200047652'),(1360,'2020-08-28','3341501266626',1,NULL,'2021-03-02 13:35:09','1342200047652'),(1361,'2020-08-28','1342200047652',4,NULL,'2021-03-02 13:35:09','1342200047652'),(1362,'2020-08-31','3342000176358',1,NULL,'2021-03-02 13:35:45','1342200047652'),(1363,'2020-08-31','1340700537169',1,NULL,'2021-03-02 13:35:45','1342200047652'),(1364,'2020-08-31','3330501470575',1,NULL,'2021-03-02 13:35:45','1342200047652'),(1365,'2020-08-31','3340701154472',1,NULL,'2021-03-02 13:35:45','1342200047652'),(1366,'2020-08-31','1450700128233',4,NULL,'2021-03-02 13:35:45','1342200047652'),(1367,'2020-08-31','3341500367682',1,NULL,'2021-03-02 13:35:45','1342200047652'),(1368,'2020-08-31','1341500222017',1,NULL,'2021-03-02 13:35:45','1342200047652'),(1369,'2020-08-31','3341501266626',1,NULL,'2021-03-02 13:35:45','1342200047652'),(1370,'2020-08-31','1342200047652',1,NULL,'2021-03-02 13:35:45','1342200047652'),(1371,'2020-09-01','3342000176358',1,NULL,'2021-03-02 13:38:14','1342200047652'),(1372,'2020-09-01','1340700537169',1,NULL,'2021-03-02 13:38:14','1342200047652'),(1373,'2020-09-01','3330501470575',1,NULL,'2021-03-02 13:38:14','1342200047652'),(1374,'2020-09-01','3340701154472',1,NULL,'2021-03-02 13:38:14','1342200047652'),(1375,'2020-09-01','1450700128233',4,NULL,'2021-03-02 13:38:14','1342200047652'),(1376,'2020-09-01','3341500367682',1,NULL,'2021-03-02 13:38:14','1342200047652'),(1377,'2020-09-01','1341500222017',1,NULL,'2021-03-02 13:38:14','1342200047652'),(1378,'2020-09-01','3341501266626',1,NULL,'2021-03-02 13:38:14','1342200047652'),(1379,'2020-09-01','1342200047652',1,NULL,'2021-03-02 13:38:14','1342200047652'),(1380,'2020-09-02','3342000176358',1,NULL,'2021-03-02 13:38:25','1342200047652'),(1381,'2020-09-02','1340700537169',1,NULL,'2021-03-02 13:38:25','1342200047652'),(1382,'2020-09-02','3330501470575',1,NULL,'2021-03-02 13:38:25','1342200047652'),(1383,'2020-09-02','3340701154472',1,NULL,'2021-03-02 13:38:25','1342200047652'),(1384,'2020-09-02','1450700128233',1,NULL,'2021-03-02 13:38:25','1342200047652'),(1385,'2020-09-02','3341500367682',1,NULL,'2021-03-02 13:38:25','1342200047652'),(1386,'2020-09-02','1341500222017',1,NULL,'2021-03-02 13:38:25','1342200047652'),(1387,'2020-09-02','3341501266626',1,NULL,'2021-03-02 13:38:25','1342200047652'),(1388,'2020-09-02','1342200047652',1,NULL,'2021-03-02 13:38:25','1342200047652'),(1389,'2020-09-03','3342000176358',1,NULL,'2021-03-02 13:39:08','1342200047652'),(1390,'2020-09-03','1340700537169',1,NULL,'2021-03-02 13:39:08','1342200047652'),(1391,'2020-09-03','3330501470575',1,NULL,'2021-03-02 13:39:08','1342200047652'),(1392,'2020-09-03','3340701154472',1,NULL,'2021-03-02 13:39:08','1342200047652'),(1393,'2020-09-03','1450700128233',1,NULL,'2021-03-02 13:39:08','1342200047652'),(1394,'2020-09-03','3341500367682',1,NULL,'2021-03-02 13:39:08','1342200047652'),(1395,'2020-09-03','1341500222017',1,NULL,'2021-03-02 13:39:08','1342200047652'),(1396,'2020-09-03','3341501266626',1,NULL,'2021-03-02 13:39:08','1342200047652'),(1397,'2020-09-03','1342200047652',1,NULL,'2021-03-02 13:39:08','1342200047652'),(1398,'2020-09-04','3342000176358',1,NULL,'2021-03-02 13:40:21','1342200047652'),(1399,'2020-09-04','1340700537169',1,NULL,'2021-03-02 13:40:21','1342200047652'),(1400,'2020-09-04','3330501470575',1,NULL,'2021-03-02 13:40:21','1342200047652'),(1401,'2020-09-04','3340701154472',1,NULL,'2021-03-02 13:40:21','1342200047652'),(1402,'2020-09-04','1450700128233',1,NULL,'2021-03-02 13:40:21','1342200047652'),(1403,'2020-09-04','3341500367682',1,NULL,'2021-03-02 13:40:21','1342200047652'),(1404,'2020-09-04','1341500222017',1,NULL,'2021-03-02 13:40:21','1342200047652'),(1405,'2020-09-04','3341501266626',1,NULL,'2021-03-02 13:40:21','1342200047652'),(1406,'2020-09-04','1342200047652',1,NULL,'2021-03-02 13:40:21','1342200047652'),(1407,'2020-09-05','3342000176358',1,NULL,'2021-03-02 13:40:31','1342200047652'),(1408,'2020-09-05','1340700537169',1,NULL,'2021-03-02 13:40:31','1342200047652'),(1409,'2020-09-05','3330501470575',1,NULL,'2021-03-02 13:40:31','1342200047652'),(1410,'2020-09-05','3340701154472',1,NULL,'2021-03-02 13:40:31','1342200047652'),(1411,'2020-09-05','1450700128233',1,NULL,'2021-03-02 13:40:31','1342200047652'),(1412,'2020-09-05','3341500367682',1,NULL,'2021-03-02 13:40:31','1342200047652'),(1413,'2020-09-05','1341500222017',1,NULL,'2021-03-02 13:40:31','1342200047652'),(1414,'2020-09-05','3341501266626',1,NULL,'2021-03-02 13:40:31','1342200047652'),(1415,'2020-09-05','1342200047652',1,NULL,'2021-03-02 13:40:31','1342200047652'),(1416,'2020-09-07','3342000176358',1,NULL,'2021-03-02 13:40:45','1342200047652'),(1417,'2020-09-07','1340700537169',1,NULL,'2021-03-02 13:40:45','1342200047652'),(1418,'2020-09-07','3330501470575',1,NULL,'2021-03-02 13:40:45','1342200047652'),(1419,'2020-09-07','3340701154472',1,NULL,'2021-03-02 13:40:45','1342200047652'),(1420,'2020-09-07','1450700128233',1,NULL,'2021-03-02 13:40:45','1342200047652'),(1421,'2020-09-07','3341500367682',1,NULL,'2021-03-02 13:40:45','1342200047652'),(1422,'2020-09-07','1341500222017',1,NULL,'2021-03-02 13:40:45','1342200047652'),(1423,'2020-09-07','3341501266626',1,NULL,'2021-03-02 13:40:45','1342200047652'),(1424,'2020-09-07','1342200047652',1,NULL,'2021-03-02 13:40:45','1342200047652'),(1425,'2020-09-08','3342000176358',1,NULL,'2021-03-02 13:41:04','1342200047652'),(1426,'2020-09-08','1340700537169',4,NULL,'2021-03-02 13:41:04','1342200047652'),(1427,'2020-09-08','3330501470575',1,NULL,'2021-03-02 13:41:04','1342200047652'),(1428,'2020-09-08','3340701154472',1,NULL,'2021-03-02 13:41:04','1342200047652'),(1429,'2020-09-08','1450700128233',1,NULL,'2021-03-02 13:41:04','1342200047652'),(1430,'2020-09-08','3341500367682',1,NULL,'2021-03-02 13:41:04','1342200047652'),(1431,'2020-09-08','1341500222017',1,NULL,'2021-03-02 13:41:04','1342200047652'),(1432,'2020-09-08','3341501266626',1,NULL,'2021-03-02 13:41:04','1342200047652'),(1433,'2020-09-08','1342200047652',1,NULL,'2021-03-02 13:41:04','1342200047652'),(1434,'2020-09-09','3342000176358',1,NULL,'2021-03-02 13:41:23','1342200047652'),(1435,'2020-09-09','1340700537169',1,NULL,'2021-03-02 13:41:23','1342200047652'),(1436,'2020-09-09','3330501470575',1,NULL,'2021-03-02 13:41:23','1342200047652'),(1437,'2020-09-09','3340701154472',1,NULL,'2021-03-02 13:41:23','1342200047652'),(1438,'2020-09-09','1450700128233',1,NULL,'2021-03-02 13:41:23','1342200047652'),(1439,'2020-09-09','3341500367682',2,NULL,'2021-03-02 13:41:23','1342200047652'),(1440,'2020-09-09','1341500222017',1,NULL,'2021-03-02 13:41:23','1342200047652'),(1441,'2020-09-09','3341501266626',1,NULL,'2021-03-02 13:41:23','1342200047652'),(1442,'2020-09-09','1342200047652',1,NULL,'2021-03-02 13:41:23','1342200047652'),(1443,'2020-09-12','3342000176358',1,NULL,'2021-03-02 13:42:00','1342200047652'),(1444,'2020-09-12','1340700537169',1,NULL,'2021-03-02 13:42:00','1342200047652'),(1445,'2020-09-12','3330501470575',1,NULL,'2021-03-02 13:42:00','1342200047652'),(1446,'2020-09-12','3340701154472',1,NULL,'2021-03-02 13:42:00','1342200047652'),(1447,'2020-09-12','1450700128233',1,NULL,'2021-03-02 13:42:00','1342200047652'),(1448,'2020-09-12','3341500367682',1,NULL,'2021-03-02 13:42:00','1342200047652'),(1449,'2020-09-12','1341500222017',1,NULL,'2021-03-02 13:42:00','1342200047652'),(1450,'2020-09-12','3341501266626',1,NULL,'2021-03-02 13:42:00','1342200047652'),(1451,'2020-09-12','1342200047652',1,NULL,'2021-03-02 13:42:00','1342200047652'),(1452,'2020-09-14','3342000176358',1,NULL,'2021-03-02 13:42:11','1342200047652'),(1453,'2020-09-14','1340700537169',1,NULL,'2021-03-02 13:42:11','1342200047652'),(1454,'2020-09-14','3330501470575',1,NULL,'2021-03-02 13:42:11','1342200047652'),(1455,'2020-09-14','3340701154472',1,NULL,'2021-03-02 13:42:11','1342200047652'),(1456,'2020-09-14','1450700128233',1,NULL,'2021-03-02 13:42:11','1342200047652'),(1457,'2020-09-14','3341500367682',1,NULL,'2021-03-02 13:42:11','1342200047652'),(1458,'2020-09-14','1341500222017',1,NULL,'2021-03-02 13:42:11','1342200047652'),(1459,'2020-09-14','3341501266626',1,NULL,'2021-03-02 13:42:11','1342200047652'),(1460,'2020-09-14','1342200047652',1,NULL,'2021-03-02 13:42:11','1342200047652'),(1461,'2020-09-15','3342000176358',1,NULL,'2021-03-02 13:42:24','1342200047652'),(1462,'2020-09-15','1340700537169',1,NULL,'2021-03-02 13:42:24','1342200047652'),(1463,'2020-09-15','3330501470575',1,NULL,'2021-03-02 13:42:24','1342200047652'),(1464,'2020-09-15','3340701154472',1,NULL,'2021-03-02 13:42:24','1342200047652'),(1465,'2020-09-15','1450700128233',1,NULL,'2021-03-02 13:42:24','1342200047652'),(1466,'2020-09-15','3341500367682',2,NULL,'2021-03-02 13:42:24','1342200047652'),(1467,'2020-09-15','1341500222017',1,NULL,'2021-03-02 13:42:24','1342200047652'),(1468,'2020-09-15','3341501266626',1,NULL,'2021-03-02 13:42:24','1342200047652'),(1469,'2020-09-15','1342200047652',1,NULL,'2021-03-02 13:42:24','1342200047652'),(1470,'2020-09-16','3342000176358',1,NULL,'2021-03-02 13:42:44','1342200047652'),(1471,'2020-09-16','1340700537169',1,NULL,'2021-03-02 13:42:44','1342200047652'),(1472,'2020-09-16','3330501470575',1,NULL,'2021-03-02 13:42:44','1342200047652'),(1473,'2020-09-16','3340701154472',1,NULL,'2021-03-02 13:42:44','1342200047652'),(1474,'2020-09-16','1450700128233',1,NULL,'2021-03-02 13:42:44','1342200047652'),(1475,'2020-09-16','3341500367682',1,NULL,'2021-03-02 13:42:44','1342200047652'),(1476,'2020-09-16','1341500222017',1,NULL,'2021-03-02 13:42:44','1342200047652'),(1477,'2020-09-16','3341501266626',1,NULL,'2021-03-02 13:42:44','1342200047652'),(1478,'2020-09-16','1342200047652',1,NULL,'2021-03-02 13:42:44','1342200047652'),(1479,'2020-09-17','3342000176358',1,NULL,'2021-03-02 13:43:06','1342200047652'),(1480,'2020-09-17','1340700537169',1,NULL,'2021-03-02 13:43:06','1342200047652'),(1481,'2020-09-17','3330501470575',4,NULL,'2021-03-02 13:43:06','1342200047652'),(1482,'2020-09-17','3340701154472',1,NULL,'2021-03-02 13:43:06','1342200047652'),(1483,'2020-09-17','1450700128233',1,NULL,'2021-03-02 13:43:06','1342200047652'),(1484,'2020-09-17','3341500367682',1,NULL,'2021-03-02 13:43:06','1342200047652'),(1485,'2020-09-17','1341500222017',1,NULL,'2021-03-02 13:43:06','1342200047652'),(1486,'2020-09-17','3341501266626',1,NULL,'2021-03-02 13:43:06','1342200047652'),(1487,'2020-09-17','1342200047652',1,NULL,'2021-03-02 13:43:06','1342200047652'),(1488,'2020-09-18','3342000176358',1,NULL,'2021-03-02 13:43:24','1342200047652'),(1489,'2020-09-18','1340700537169',1,NULL,'2021-03-02 13:43:24','1342200047652'),(1490,'2020-09-18','3330501470575',4,NULL,'2021-03-02 13:43:24','1342200047652'),(1491,'2020-09-18','3340701154472',1,NULL,'2021-03-02 13:43:24','1342200047652'),(1492,'2020-09-18','1450700128233',1,NULL,'2021-03-02 13:43:24','1342200047652'),(1493,'2020-09-18','3341500367682',1,NULL,'2021-03-02 13:43:24','1342200047652'),(1494,'2020-09-18','1341500222017',1,NULL,'2021-03-02 13:43:24','1342200047652'),(1495,'2020-09-18','3341501266626',1,NULL,'2021-03-02 13:43:24','1342200047652'),(1496,'2020-09-18','1342200047652',1,NULL,'2021-03-02 13:43:24','1342200047652'),(1497,'2020-09-19','3342000176358',1,NULL,'2021-03-02 13:43:45','1342200047652'),(1498,'2020-09-19','1340700537169',1,NULL,'2021-03-02 13:43:45','1342200047652'),(1499,'2020-09-19','3330501470575',1,NULL,'2021-03-02 13:43:45','1342200047652'),(1500,'2020-09-19','3340701154472',1,NULL,'2021-03-02 13:43:45','1342200047652'),(1501,'2020-09-19','1450700128233',1,NULL,'2021-03-02 13:43:45','1342200047652'),(1502,'2020-09-19','3341500367682',1,NULL,'2021-03-02 13:43:45','1342200047652'),(1503,'2020-09-19','1341500222017',1,NULL,'2021-03-02 13:43:45','1342200047652'),(1504,'2020-09-19','3341501266626',1,NULL,'2021-03-02 13:43:45','1342200047652'),(1505,'2020-09-19','1342200047652',1,NULL,'2021-03-02 13:43:45','1342200047652'),(1506,'2020-09-21','3342000176358',2,NULL,'2021-03-02 13:44:03','1342200047652'),(1507,'2020-09-21','1340700537169',1,NULL,'2021-03-02 13:44:03','1342200047652'),(1508,'2020-09-21','3330501470575',2,NULL,'2021-03-02 13:44:03','1342200047652'),(1509,'2020-09-21','3340701154472',1,NULL,'2021-03-02 13:44:03','1342200047652'),(1510,'2020-09-21','1450700128233',1,NULL,'2021-03-02 13:44:03','1342200047652'),(1511,'2020-09-21','3341500367682',1,NULL,'2021-03-02 13:44:03','1342200047652'),(1512,'2020-09-21','1341500222017',1,NULL,'2021-03-02 13:44:03','1342200047652'),(1513,'2020-09-21','3341501266626',1,NULL,'2021-03-02 13:44:03','1342200047652'),(1514,'2020-09-21','1342200047652',1,NULL,'2021-03-02 13:44:03','1342200047652'),(1515,'2020-09-22','3342000176358',2,NULL,'2021-03-02 13:44:18','1342200047652'),(1516,'2020-09-22','1340700537169',1,NULL,'2021-03-02 13:44:18','1342200047652'),(1517,'2020-09-22','3330501470575',2,NULL,'2021-03-02 13:44:18','1342200047652'),(1518,'2020-09-22','3340701154472',1,NULL,'2021-03-02 13:44:18','1342200047652'),(1519,'2020-09-22','1450700128233',1,NULL,'2021-03-02 13:44:18','1342200047652'),(1520,'2020-09-22','3341500367682',1,NULL,'2021-03-02 13:44:18','1342200047652'),(1521,'2020-09-22','1341500222017',1,NULL,'2021-03-02 13:44:18','1342200047652'),(1522,'2020-09-22','3341501266626',1,NULL,'2021-03-02 13:44:18','1342200047652'),(1523,'2020-09-22','1342200047652',1,NULL,'2021-03-02 13:44:18','1342200047652'),(1524,'2020-09-23','3342000176358',1,NULL,'2021-03-02 13:44:35','1342200047652'),(1525,'2020-09-23','1340700537169',1,NULL,'2021-03-02 13:44:35','1342200047652'),(1526,'2020-09-23','3330501470575',1,NULL,'2021-03-02 13:44:35','1342200047652'),(1527,'2020-09-23','3340701154472',1,NULL,'2021-03-02 13:44:35','1342200047652'),(1528,'2020-09-23','1450700128233',1,NULL,'2021-03-02 13:44:35','1342200047652'),(1529,'2020-09-23','3341500367682',1,NULL,'2021-03-02 13:44:35','1342200047652'),(1530,'2020-09-23','1341500222017',1,NULL,'2021-03-02 13:44:35','1342200047652'),(1531,'2020-09-23','3341501266626',1,NULL,'2021-03-02 13:44:35','1342200047652'),(1532,'2020-09-23','1342200047652',1,NULL,'2021-03-02 13:44:35','1342200047652'),(1533,'2020-09-24','3342000176358',2,NULL,'2021-03-02 13:44:50','1342200047652'),(1534,'2020-09-24','1340700537169',1,NULL,'2021-03-02 13:44:50','1342200047652'),(1535,'2020-09-24','3330501470575',1,NULL,'2021-03-02 13:44:50','1342200047652'),(1536,'2020-09-24','3340701154472',1,NULL,'2021-03-02 13:44:50','1342200047652'),(1537,'2020-09-24','1450700128233',1,NULL,'2021-03-02 13:44:50','1342200047652'),(1538,'2020-09-24','3341500367682',1,NULL,'2021-03-02 13:44:50','1342200047652'),(1539,'2020-09-24','1341500222017',1,NULL,'2021-03-02 13:44:50','1342200047652'),(1540,'2020-09-24','3341501266626',1,NULL,'2021-03-02 13:44:50','1342200047652'),(1541,'2020-09-24','1342200047652',1,NULL,'2021-03-02 13:44:50','1342200047652'),(1542,'2020-09-25','3342000176358',2,NULL,'2021-03-02 13:45:03','1342200047652'),(1543,'2020-09-25','1340700537169',1,NULL,'2021-03-02 13:45:03','1342200047652'),(1544,'2020-09-25','3330501470575',1,NULL,'2021-03-02 13:45:03','1342200047652'),(1545,'2020-09-25','3340701154472',1,NULL,'2021-03-02 13:45:03','1342200047652'),(1546,'2020-09-25','1450700128233',1,NULL,'2021-03-02 13:45:03','1342200047652'),(1547,'2020-09-25','3341500367682',1,NULL,'2021-03-02 13:45:03','1342200047652'),(1548,'2020-09-25','1341500222017',1,NULL,'2021-03-02 13:45:03','1342200047652'),(1549,'2020-09-25','3341501266626',1,NULL,'2021-03-02 13:45:03','1342200047652'),(1550,'2020-09-25','1342200047652',1,NULL,'2021-03-02 13:45:03','1342200047652'),(1551,'2020-09-26','3342000176358',1,NULL,'2021-03-02 13:45:19','1342200047652'),(1552,'2020-09-26','1340700537169',1,NULL,'2021-03-02 13:45:19','1342200047652'),(1553,'2020-09-26','3330501470575',1,NULL,'2021-03-02 13:45:19','1342200047652'),(1554,'2020-09-26','3340701154472',1,NULL,'2021-03-02 13:45:19','1342200047652'),(1555,'2020-09-26','1450700128233',1,NULL,'2021-03-02 13:45:19','1342200047652'),(1556,'2020-09-26','3341500367682',1,NULL,'2021-03-02 13:45:19','1342200047652'),(1557,'2020-09-26','1341500222017',1,NULL,'2021-03-02 13:45:19','1342200047652'),(1558,'2020-09-26','3341501266626',1,NULL,'2021-03-02 13:45:19','1342200047652'),(1559,'2020-09-26','1342200047652',1,NULL,'2021-03-02 13:45:19','1342200047652'),(1560,'2020-09-28','3342000176358',1,NULL,'2021-03-02 13:45:36','1342200047652'),(1561,'2020-09-28','1340700537169',1,NULL,'2021-03-02 13:45:36','1342200047652'),(1562,'2020-09-28','3330501470575',1,NULL,'2021-03-02 13:45:36','1342200047652'),(1563,'2020-09-28','3340701154472',1,NULL,'2021-03-02 13:45:36','1342200047652'),(1564,'2020-09-28','1450700128233',1,NULL,'2021-03-02 13:45:36','1342200047652'),(1565,'2020-09-28','3341500367682',1,NULL,'2021-03-02 13:45:36','1342200047652'),(1566,'2020-09-28','1341500222017',1,NULL,'2021-03-02 13:45:36','1342200047652'),(1567,'2020-09-28','3341501266626',1,NULL,'2021-03-02 13:45:36','1342200047652'),(1568,'2020-09-28','1342200047652',1,NULL,'2021-03-02 13:45:36','1342200047652'),(1569,'2020-09-29','3342000176358',1,NULL,'2021-03-02 13:45:46','1342200047652'),(1570,'2020-09-29','1340700537169',1,NULL,'2021-03-02 13:45:46','1342200047652'),(1571,'2020-09-29','3330501470575',1,NULL,'2021-03-02 13:45:46','1342200047652'),(1572,'2020-09-29','3340701154472',1,NULL,'2021-03-02 13:45:46','1342200047652'),(1573,'2020-09-29','1450700128233',1,NULL,'2021-03-02 13:45:46','1342200047652'),(1574,'2020-09-29','3341500367682',1,NULL,'2021-03-02 13:45:46','1342200047652'),(1575,'2020-09-29','1341500222017',1,NULL,'2021-03-02 13:45:46','1342200047652'),(1576,'2020-09-29','3341501266626',1,NULL,'2021-03-02 13:45:46','1342200047652'),(1577,'2020-09-29','1342200047652',1,NULL,'2021-03-02 13:45:46','1342200047652'),(1578,'2020-09-30','3342000176358',1,NULL,'2021-03-02 13:45:57','1342200047652'),(1579,'2020-09-30','1340700537169',1,NULL,'2021-03-02 13:45:57','1342200047652'),(1580,'2020-09-30','3330501470575',1,NULL,'2021-03-02 13:45:57','1342200047652'),(1581,'2020-09-30','3340701154472',1,NULL,'2021-03-02 13:45:57','1342200047652'),(1582,'2020-09-30','1450700128233',1,NULL,'2021-03-02 13:45:57','1342200047652'),(1583,'2020-09-30','3341500367682',1,NULL,'2021-03-02 13:45:57','1342200047652'),(1584,'2020-09-30','1341500222017',1,NULL,'2021-03-02 13:45:57','1342200047652'),(1585,'2020-09-30','3341501266626',1,NULL,'2021-03-02 13:45:57','1342200047652'),(1586,'2020-09-30','1342200047652',1,NULL,'2021-03-02 13:45:57','1342200047652'),(1587,'2021-03-03','3342000176358',1,NULL,'2021-03-08 09:03:38','1342200047652'),(1588,'2021-03-03','1340700537169',1,NULL,'2021-03-08 09:03:38','1342200047652'),(1589,'2021-03-03','3330501470575',1,NULL,'2021-03-08 09:03:38','1342200047652'),(1590,'2021-03-03','3340701154472',1,NULL,'2021-03-08 09:03:38','1342200047652'),(1591,'2021-03-03','1450700128233',1,NULL,'2021-03-08 09:03:38','1342200047652'),(1592,'2021-03-03','3341500367682',1,NULL,'2021-03-08 09:03:38','1342200047652'),(1593,'2021-03-03','1341500222017',1,NULL,'2021-03-08 09:03:38','1342200047652'),(1594,'2021-03-03','3341501266626',1,NULL,'2021-03-08 09:03:38','1342200047652'),(1595,'2021-03-03','1342200047652',4,NULL,'2021-03-08 09:03:38','1342200047652'),(1596,'2021-03-04','3342000176358',1,NULL,'2021-03-08 09:03:52','1342200047652'),(1597,'2021-03-04','1340700537169',1,NULL,'2021-03-08 09:03:52','1342200047652'),(1598,'2021-03-04','3330501470575',1,NULL,'2021-03-08 09:03:52','1342200047652'),(1599,'2021-03-04','3340701154472',1,NULL,'2021-03-08 09:03:52','1342200047652'),(1600,'2021-03-04','1450700128233',1,NULL,'2021-03-08 09:03:52','1342200047652'),(1601,'2021-03-04','3341500367682',1,NULL,'2021-03-08 09:03:52','1342200047652'),(1602,'2021-03-04','1341500222017',1,NULL,'2021-03-08 09:03:52','1342200047652'),(1603,'2021-03-04','3341501266626',1,NULL,'2021-03-08 09:03:52','1342200047652'),(1604,'2021-03-04','1342200047652',4,NULL,'2021-03-08 09:03:52','1342200047652'),(1605,'2021-03-05','3342000176358',1,NULL,'2021-03-10 10:21:56','1342200047652'),(1606,'2021-03-05','1340700537169',1,NULL,'2021-03-10 10:21:56','1342200047652'),(1607,'2021-03-05','3330501470575',4,NULL,'2021-03-10 10:21:56','1342200047652'),(1608,'2021-03-05','3340701154472',2,NULL,'2021-03-10 10:21:56','1342200047652'),(1609,'2021-03-05','1450700128233',1,NULL,'2021-03-10 10:21:56','1342200047652'),(1610,'2021-03-05','3341500367682',1,NULL,'2021-03-10 10:21:56','1342200047652'),(1611,'2021-03-05','1341500222017',1,NULL,'2021-03-10 10:21:56','1342200047652'),(1612,'2021-03-05','3341501266626',1,NULL,'2021-03-10 10:21:56','1342200047652'),(1613,'2021-03-05','1342200047652',4,NULL,'2021-03-10 10:21:56','1342200047652'),(1614,'2021-03-06','3342000176358',1,NULL,'2021-03-08 09:04:19','1342200047652'),(1615,'2021-03-06','1340700537169',1,NULL,'2021-03-08 09:04:19','1342200047652'),(1616,'2021-03-06','3330501470575',1,NULL,'2021-03-08 09:04:19','1342200047652'),(1617,'2021-03-06','3340701154472',1,NULL,'2021-03-08 09:04:19','1342200047652'),(1618,'2021-03-06','1450700128233',1,NULL,'2021-03-08 09:04:19','1342200047652'),(1619,'2021-03-06','3341500367682',1,NULL,'2021-03-08 09:04:19','1342200047652'),(1620,'2021-03-06','1341500222017',1,NULL,'2021-03-08 09:04:19','1342200047652'),(1621,'2021-03-06','3341501266626',1,NULL,'2021-03-08 09:04:19','1342200047652'),(1622,'2021-03-06','1342200047652',1,NULL,'2021-03-08 09:04:19','1342200047652'),(1623,'2021-03-08','3342000176358',1,NULL,'2021-03-08 09:04:30','1342200047652'),(1624,'2021-03-08','1340700537169',1,NULL,'2021-03-08 09:04:30','1342200047652'),(1625,'2021-03-08','3330501470575',1,NULL,'2021-03-08 09:04:30','1342200047652'),(1626,'2021-03-08','3340701154472',1,NULL,'2021-03-08 09:04:30','1342200047652'),(1627,'2021-03-08','1450700128233',1,NULL,'2021-03-08 09:04:30','1342200047652'),(1628,'2021-03-08','3341500367682',1,NULL,'2021-03-08 09:04:30','1342200047652'),(1629,'2021-03-08','1341500222017',1,NULL,'2021-03-08 09:04:30','1342200047652'),(1630,'2021-03-08','3341501266626',1,NULL,'2021-03-08 09:04:30','1342200047652'),(1631,'2021-03-08','1342200047652',1,NULL,'2021-03-08 09:04:30','1342200047652'),(1632,'2021-03-09','3342000176358',1,NULL,'2021-03-09 09:30:37','1342200047652'),(1633,'2021-03-09','1340700537169',1,NULL,'2021-03-09 09:30:37','1342200047652'),(1634,'2021-03-09','3330501470575',1,NULL,'2021-03-09 09:30:37','1342200047652'),(1635,'2021-03-09','3340701154472',1,NULL,'2021-03-09 09:30:37','1342200047652'),(1636,'2021-03-09','1450700128233',1,NULL,'2021-03-09 09:30:37','1342200047652'),(1637,'2021-03-09','3341500367682',1,NULL,'2021-03-09 09:30:37','1342200047652'),(1638,'2021-03-09','1341500222017',1,NULL,'2021-03-09 09:30:37','1342200047652'),(1639,'2021-03-09','3341501266626',1,NULL,'2021-03-09 09:30:37','1342200047652'),(1640,'2021-03-09','1342200047652',1,NULL,'2021-03-09 09:30:37','1342200047652'),(1641,'2021-03-10','3342000176358',1,NULL,'2021-03-10 09:07:00','1342200047652'),(1642,'2021-03-10','1340700537169',1,NULL,'2021-03-10 09:07:00','1342200047652'),(1643,'2021-03-10','3330501470575',1,NULL,'2021-03-10 09:07:00','1342200047652'),(1644,'2021-03-10','3340701154472',1,NULL,'2021-03-10 09:07:00','1342200047652'),(1645,'2021-03-10','1450700128233',1,NULL,'2021-03-10 09:07:00','1342200047652'),(1646,'2021-03-10','3341500367682',1,NULL,'2021-03-10 09:07:00','1342200047652'),(1647,'2021-03-10','1341500222017',1,NULL,'2021-03-10 09:07:00','1342200047652'),(1648,'2021-03-10','3341501266626',1,NULL,'2021-03-10 09:07:00','1342200047652'),(1649,'2021-03-10','1342200047652',1,NULL,'2021-03-10 09:07:00','1342200047652'),(1650,'2021-03-11','3342000176358',2,NULL,'2021-03-11 08:34:17','1342200047652'),(1651,'2021-03-11','1340700537169',1,NULL,'2021-03-11 08:34:17','1342200047652'),(1652,'2021-03-11','3330501470575',1,NULL,'2021-03-11 08:34:17','1342200047652'),(1653,'2021-03-11','3340701154472',1,NULL,'2021-03-11 08:34:17','1342200047652'),(1654,'2021-03-11','1450700128233',1,NULL,'2021-03-11 08:34:17','1342200047652'),(1655,'2021-03-11','3341500367682',1,NULL,'2021-03-11 08:34:17','1342200047652'),(1656,'2021-03-11','1341500222017',1,NULL,'2021-03-11 08:34:17','1342200047652'),(1657,'2021-03-11','3341501266626',1,NULL,'2021-03-11 08:34:17','1342200047652'),(1658,'2021-03-11','1342200047652',1,NULL,'2021-03-11 08:34:17','1342200047652'),(1659,'2021-03-12','3342000176358',1,NULL,'2021-03-12 08:27:48','1342200047652'),(1660,'2021-03-12','1340700537169',1,NULL,'2021-03-12 08:27:48','1342200047652'),(1661,'2021-03-12','3330501470575',1,NULL,'2021-03-12 08:27:48','1342200047652'),(1662,'2021-03-12','3340701154472',1,NULL,'2021-03-12 08:27:48','1342200047652'),(1663,'2021-03-12','1450700128233',1,NULL,'2021-03-12 08:27:48','1342200047652'),(1664,'2021-03-12','3341500367682',1,NULL,'2021-03-12 08:27:48','1342200047652'),(1665,'2021-03-12','1341500222017',1,NULL,'2021-03-12 08:27:48','1342200047652'),(1666,'2021-03-12','3341501266626',1,NULL,'2021-03-12 08:27:48','1342200047652'),(1667,'2021-03-12','1342200047652',1,NULL,'2021-03-12 08:27:48','1342200047652'),(1668,'2021-03-15','3342000176358',1,NULL,'2021-03-15 08:52:41','1342200047652'),(1669,'2021-03-15','1340700537169',1,NULL,'2021-03-15 08:52:41','1342200047652'),(1670,'2021-03-15','3330501470575',1,NULL,'2021-03-15 08:52:41','1342200047652'),(1671,'2021-03-15','3340701154472',1,NULL,'2021-03-15 08:52:41','1342200047652'),(1672,'2021-03-15','1450700128233',1,NULL,'2021-03-15 08:52:41','1342200047652'),(1673,'2021-03-15','3341500367682',1,NULL,'2021-03-15 08:52:41','1342200047652'),(1674,'2021-03-15','1341500222017',1,NULL,'2021-03-15 08:52:41','1342200047652'),(1675,'2021-03-15','3341501266626',1,NULL,'2021-03-15 08:52:41','1342200047652'),(1676,'2021-03-15','1342200047652',1,NULL,'2021-03-15 08:52:41','1342200047652'),(1677,'2021-03-16','3342000176358',1,NULL,'2021-03-16 09:50:18','1342200047652'),(1678,'2021-03-16','1340700537169',1,NULL,'2021-03-16 09:50:18','1342200047652'),(1679,'2021-03-16','3330501470575',1,NULL,'2021-03-16 09:50:18','1342200047652'),(1680,'2021-03-16','3340701154472',1,NULL,'2021-03-16 09:50:18','1342200047652'),(1681,'2021-03-16','1450700128233',1,NULL,'2021-03-16 09:50:18','1342200047652'),(1682,'2021-03-16','3341500367682',1,NULL,'2021-03-16 09:50:18','1342200047652'),(1683,'2021-03-16','1341500222017',1,NULL,'2021-03-16 09:50:18','1342200047652'),(1684,'2021-03-16','3341501266626',1,NULL,'2021-03-16 09:50:18','1342200047652'),(1685,'2021-03-16','1342200047652',1,NULL,'2021-03-16 09:50:18','1342200047652'),(1686,'2021-03-17','3342000176358',1,NULL,'2021-03-18 09:09:06','1342200047652'),(1687,'2021-03-17','1340700537169',1,NULL,'2021-03-18 09:09:06','1342200047652'),(1688,'2021-03-17','3330501470575',1,NULL,'2021-03-18 09:09:06','1342200047652'),(1689,'2021-03-17','3340701154472',1,NULL,'2021-03-18 09:09:06','1342200047652'),(1690,'2021-03-17','1450700128233',1,NULL,'2021-03-18 09:09:06','1342200047652'),(1691,'2021-03-17','3341500367682',1,NULL,'2021-03-18 09:09:06','1342200047652'),(1692,'2021-03-17','1341500222017',1,NULL,'2021-03-18 09:09:06','1342200047652'),(1693,'2021-03-17','3341501266626',1,NULL,'2021-03-18 09:09:06','1342200047652'),(1694,'2021-03-17','1342200047652',4,NULL,'2021-03-18 09:09:06','1342200047652'),(1695,'2021-03-18','3342000176358',1,NULL,'2021-03-18 09:09:10','1342200047652'),(1696,'2021-03-18','1340700537169',1,NULL,'2021-03-18 09:09:10','1342200047652'),(1697,'2021-03-18','3330501470575',1,NULL,'2021-03-18 09:09:10','1342200047652'),(1698,'2021-03-18','3340701154472',1,NULL,'2021-03-18 09:09:10','1342200047652'),(1699,'2021-03-18','1450700128233',1,NULL,'2021-03-18 09:09:10','1342200047652'),(1700,'2021-03-18','3341500367682',1,NULL,'2021-03-18 09:09:10','1342200047652'),(1701,'2021-03-18','1341500222017',1,NULL,'2021-03-18 09:09:10','1342200047652'),(1702,'2021-03-18','3341501266626',1,NULL,'2021-03-18 09:09:10','1342200047652'),(1703,'2021-03-18','1342200047652',1,NULL,'2021-03-18 09:09:10','1342200047652'),(1704,'2021-03-19','3342000176358',2,NULL,'2021-03-19 08:46:54','1342200047652'),(1705,'2021-03-19','1340700537169',1,NULL,'2021-03-19 08:46:54','1342200047652'),(1706,'2021-03-19','3330501470575',1,NULL,'2021-03-19 08:46:54','1342200047652'),(1707,'2021-03-19','3340701154472',1,NULL,'2021-03-19 08:46:54','1342200047652'),(1708,'2021-03-19','1450700128233',1,NULL,'2021-03-19 08:46:54','1342200047652'),(1709,'2021-03-19','3341500367682',1,NULL,'2021-03-19 08:46:54','1342200047652'),(1710,'2021-03-19','1341500222017',1,NULL,'2021-03-19 08:46:54','1342200047652'),(1711,'2021-03-19','3341501266626',1,NULL,'2021-03-19 08:46:54','1342200047652'),(1712,'2021-03-19','1342200047652',1,NULL,'2021-03-19 08:46:54','1342200047652'),(1713,'2021-03-23','3342000176358',1,NULL,'2021-03-23 15:54:56','1342200047652'),(1714,'2021-03-23','1340700537169',1,NULL,'2021-03-23 15:54:56','1342200047652'),(1715,'2021-03-23','3330501470575',1,NULL,'2021-03-23 15:54:56','1342200047652'),(1716,'2021-03-23','3340701154472',1,NULL,'2021-03-23 15:54:56','1342200047652'),(1717,'2021-03-23','1450700128233',1,NULL,'2021-03-23 15:54:56','1342200047652'),(1718,'2021-03-23','3341500367682',1,NULL,'2021-03-23 15:54:56','1342200047652'),(1719,'2021-03-23','1341500222017',1,NULL,'2021-03-23 15:54:56','1342200047652'),(1720,'2021-03-23','3341501266626',1,NULL,'2021-03-23 15:54:56','1342200047652'),(1721,'2021-03-23','1342200047652',1,NULL,'2021-03-23 15:54:56','1342200047652'),(1722,'2021-03-20','3342000176358',1,NULL,'2021-03-23 15:56:12','1342200047652'),(1723,'2021-03-20','1340700537169',1,NULL,'2021-03-23 15:56:12','1342200047652'),(1724,'2021-03-20','3330501470575',1,NULL,'2021-03-23 15:56:12','1342200047652'),(1725,'2021-03-20','3340701154472',1,NULL,'2021-03-23 15:56:12','1342200047652'),(1726,'2021-03-20','1450700128233',1,NULL,'2021-03-23 15:56:12','1342200047652'),(1727,'2021-03-20','3341500367682',1,NULL,'2021-03-23 15:56:12','1342200047652'),(1728,'2021-03-20','1341500222017',1,NULL,'2021-03-23 15:56:12','1342200047652'),(1729,'2021-03-20','3341501266626',1,NULL,'2021-03-23 15:56:12','1342200047652'),(1730,'2021-03-20','1342200047652',1,NULL,'2021-03-23 15:56:12','1342200047652'),(1731,'2021-03-22','3342000176358',1,NULL,'2021-03-23 15:56:25','1342200047652'),(1732,'2021-03-22','1340700537169',1,NULL,'2021-03-23 15:56:25','1342200047652'),(1733,'2021-03-22','3330501470575',1,NULL,'2021-03-23 15:56:25','1342200047652'),(1734,'2021-03-22','3340701154472',1,NULL,'2021-03-23 15:56:25','1342200047652'),(1735,'2021-03-22','1450700128233',1,NULL,'2021-03-23 15:56:25','1342200047652'),(1736,'2021-03-22','3341500367682',1,NULL,'2021-03-23 15:56:25','1342200047652'),(1737,'2021-03-22','1341500222017',1,NULL,'2021-03-23 15:56:25','1342200047652'),(1738,'2021-03-22','3341501266626',1,NULL,'2021-03-23 15:56:25','1342200047652'),(1739,'2021-03-22','1342200047652',1,NULL,'2021-03-23 15:56:25','1342200047652'),(1740,'2021-03-24','3342000176358',2,NULL,'2021-03-31 08:15:48','1342200047652'),(1741,'2021-03-24','1340700537169',1,NULL,'2021-03-31 08:15:48','1342200047652'),(1742,'2021-03-24','3330501470575',2,NULL,'2021-03-31 08:15:48','1342200047652'),(1743,'2021-03-24','3340701154472',1,NULL,'2021-03-31 08:15:48','1342200047652'),(1744,'2021-03-24','1450700128233',2,NULL,'2021-03-31 08:15:48','1342200047652'),(1745,'2021-03-24','3341500367682',2,NULL,'2021-03-31 08:15:48','1342200047652'),(1746,'2021-03-24','1341500222017',2,NULL,'2021-03-31 08:15:48','1342200047652'),(1747,'2021-03-24','3341501266626',2,NULL,'2021-03-31 08:15:48','1342200047652'),(1748,'2021-03-24','1342200047652',1,NULL,'2021-03-31 08:15:48','1342200047652'),(1749,'2021-03-25','3342000176358',2,NULL,'2021-03-31 08:16:44','1342200047652'),(1750,'2021-03-25','1340700537169',1,NULL,'2021-03-31 08:16:44','1342200047652'),(1751,'2021-03-25','3330501470575',1,NULL,'2021-03-31 08:16:44','1342200047652'),(1752,'2021-03-25','3340701154472',1,NULL,'2021-03-31 08:16:44','1342200047652'),(1753,'2021-03-25','1450700128233',1,NULL,'2021-03-31 08:16:44','1342200047652'),(1754,'2021-03-25','3341500367682',1,NULL,'2021-03-31 08:16:44','1342200047652'),(1755,'2021-03-25','1341500222017',1,NULL,'2021-03-31 08:16:44','1342200047652'),(1756,'2021-03-25','3341501266626',1,NULL,'2021-03-31 08:16:44','1342200047652'),(1757,'2021-03-25','1342200047652',1,NULL,'2021-03-31 08:16:44','1342200047652'),(1758,'2021-03-26','3342000176358',2,NULL,'2021-03-31 08:17:14','1342200047652'),(1759,'2021-03-26','1340700537169',1,NULL,'2021-03-31 08:17:14','1342200047652'),(1760,'2021-03-26','3330501470575',1,NULL,'2021-03-31 08:17:14','1342200047652'),(1761,'2021-03-26','3340701154472',1,NULL,'2021-03-31 08:17:14','1342200047652'),(1762,'2021-03-26','1450700128233',1,NULL,'2021-03-31 08:17:14','1342200047652'),(1763,'2021-03-26','3341500367682',1,NULL,'2021-03-31 08:17:14','1342200047652'),(1764,'2021-03-26','1341500222017',1,NULL,'2021-03-31 08:17:14','1342200047652'),(1765,'2021-03-26','3341501266626',1,NULL,'2021-03-31 08:17:14','1342200047652'),(1766,'2021-03-26','1342200047652',1,NULL,'2021-03-31 08:17:14','1342200047652'),(1767,'2021-03-29','3342000176358',1,NULL,'2021-03-31 08:17:34','1342200047652'),(1768,'2021-03-29','1340700537169',1,NULL,'2021-03-31 08:17:34','1342200047652'),(1769,'2021-03-29','3330501470575',1,NULL,'2021-03-31 08:17:34','1342200047652'),(1770,'2021-03-29','3340701154472',1,NULL,'2021-03-31 08:17:34','1342200047652'),(1771,'2021-03-29','1450700128233',1,NULL,'2021-03-31 08:17:34','1342200047652'),(1772,'2021-03-29','3341500367682',1,NULL,'2021-03-31 08:17:34','1342200047652'),(1773,'2021-03-29','1341500222017',1,NULL,'2021-03-31 08:17:34','1342200047652'),(1774,'2021-03-29','3341501266626',1,NULL,'2021-03-31 08:17:34','1342200047652'),(1775,'2021-03-29','1342200047652',1,NULL,'2021-03-31 08:17:34','1342200047652'),(1776,'2021-03-30','3342000176358',2,NULL,'2021-03-31 08:19:44','1342200047652'),(1777,'2021-03-30','1340700537169',1,NULL,'2021-03-31 08:19:44','1342200047652'),(1778,'2021-03-30','3330501470575',2,NULL,'2021-03-31 08:19:44','1342200047652'),(1779,'2021-03-30','3340701154472',1,NULL,'2021-03-31 08:19:44','1342200047652'),(1780,'2021-03-30','1450700128233',1,NULL,'2021-03-31 08:19:44','1342200047652'),(1781,'2021-03-30','3341500367682',2,NULL,'2021-03-31 08:19:44','1342200047652'),(1782,'2021-03-30','1341500222017',2,NULL,'2021-03-31 08:19:44','1342200047652'),(1783,'2021-03-30','3341501266626',1,NULL,'2021-03-31 08:19:44','1342200047652'),(1784,'2021-03-30','1342200047652',2,NULL,'2021-03-31 08:19:44','1342200047652'),(1785,'2021-04-01','3342000176358',1,NULL,'2021-04-01 08:48:52','1342200047652'),(1786,'2021-04-01','1340700537169',1,NULL,'2021-04-01 08:48:52','1342200047652'),(1787,'2021-04-01','3330501470575',1,NULL,'2021-04-01 08:48:52','1342200047652'),(1788,'2021-04-01','3340701154472',1,NULL,'2021-04-01 08:48:52','1342200047652'),(1789,'2021-04-01','1450700128233',1,NULL,'2021-04-01 08:48:52','1342200047652'),(1790,'2021-04-01','3341500367682',1,NULL,'2021-04-01 08:48:52','1342200047652'),(1791,'2021-04-01','1341500222017',1,NULL,'2021-04-01 08:48:52','1342200047652'),(1792,'2021-04-01','3341501266626',1,NULL,'2021-04-01 08:48:52','1342200047652'),(1793,'2021-04-01','1342200047652',1,NULL,'2021-04-01 08:48:52','1342200047652'),(1794,'2021-04-02','3342000176358',1,NULL,'2021-04-02 09:12:21','1342200047652'),(1795,'2021-04-02','1340700537169',1,NULL,'2021-04-02 09:12:21','1342200047652'),(1796,'2021-04-02','3330501470575',1,NULL,'2021-04-02 09:12:21','1342200047652'),(1797,'2021-04-02','3340701154472',1,NULL,'2021-04-02 09:12:21','1342200047652'),(1798,'2021-04-02','1450700128233',1,NULL,'2021-04-02 09:12:21','1342200047652'),(1799,'2021-04-02','3341500367682',1,NULL,'2021-04-02 09:12:21','1342200047652'),(1800,'2021-04-02','1341500222017',1,NULL,'2021-04-02 09:12:21','1342200047652'),(1801,'2021-04-02','3341501266626',1,NULL,'2021-04-02 09:12:21','1342200047652'),(1802,'2021-04-02','1342200047652',1,NULL,'2021-04-02 09:12:21','1342200047652'),(1803,'2021-04-05','3342000176358',1,NULL,'2021-04-05 12:06:09','1342200047652'),(1804,'2021-04-05','1340700537169',1,NULL,'2021-04-05 12:06:09','1342200047652'),(1805,'2021-04-05','3330501470575',1,NULL,'2021-04-05 12:06:09','1342200047652'),(1806,'2021-04-05','3340701154472',1,NULL,'2021-04-05 12:06:09','1342200047652'),(1807,'2021-04-05','1450700128233',1,NULL,'2021-04-05 12:06:09','1342200047652'),(1808,'2021-04-05','3341500367682',1,NULL,'2021-04-05 12:06:09','1342200047652'),(1809,'2021-04-05','1341500222017',1,NULL,'2021-04-05 12:06:09','1342200047652'),(1810,'2021-04-05','3341501266626',1,NULL,'2021-04-05 12:06:09','1342200047652'),(1811,'2021-04-05','1342200047652',1,NULL,'2021-04-05 12:06:09','1342200047652'),(1812,'2021-04-06','3342000176358',1,NULL,'2021-04-06 16:21:25','1342200047652'),(1813,'2021-04-06','1340700537169',1,NULL,'2021-04-06 16:21:25','1342200047652'),(1814,'2021-04-06','3330501470575',1,NULL,'2021-04-06 16:21:25','1342200047652'),(1815,'2021-04-06','3340701154472',1,NULL,'2021-04-06 16:21:25','1342200047652'),(1816,'2021-04-06','1450700128233',1,NULL,'2021-04-06 16:21:25','1342200047652'),(1817,'2021-04-06','3341500367682',1,NULL,'2021-04-06 16:21:25','1342200047652'),(1818,'2021-04-06','1341500222017',1,NULL,'2021-04-06 16:21:25','1342200047652'),(1819,'2021-04-06','3341501266626',1,NULL,'2021-04-06 16:21:25','1342200047652'),(1820,'2021-04-06','1342200047652',1,NULL,'2021-04-06 16:21:25','1342200047652'),(1821,'2021-04-03','3342000176358',1,NULL,'2021-04-06 16:21:39','1342200047652'),(1822,'2021-04-03','1340700537169',1,NULL,'2021-04-06 16:21:39','1342200047652'),(1823,'2021-04-03','3330501470575',1,NULL,'2021-04-06 16:21:39','1342200047652'),(1824,'2021-04-03','3340701154472',1,NULL,'2021-04-06 16:21:39','1342200047652'),(1825,'2021-04-03','1450700128233',1,NULL,'2021-04-06 16:21:39','1342200047652'),(1826,'2021-04-03','3341500367682',1,NULL,'2021-04-06 16:21:39','1342200047652'),(1827,'2021-04-03','1341500222017',1,NULL,'2021-04-06 16:21:39','1342200047652'),(1828,'2021-04-03','3341501266626',1,NULL,'2021-04-06 16:21:39','1342200047652'),(1829,'2021-04-03','1342200047652',1,NULL,'2021-04-06 16:21:39','1342200047652'),(1830,'2021-04-07','3342000176358',1,NULL,'2021-04-07 08:03:26','1342200047652'),(1831,'2021-04-07','1340700537169',1,NULL,'2021-04-07 08:03:26','1342200047652'),(1832,'2021-04-07','3330501470575',1,NULL,'2021-04-07 08:03:26','1342200047652'),(1833,'2021-04-07','3340701154472',1,NULL,'2021-04-07 08:03:26','1342200047652'),(1834,'2021-04-07','1450700128233',1,NULL,'2021-04-07 08:03:26','1342200047652'),(1835,'2021-04-07','3341500367682',1,NULL,'2021-04-07 08:03:26','1342200047652'),(1836,'2021-04-07','1341500222017',1,NULL,'2021-04-07 08:03:26','1342200047652'),(1837,'2021-04-07','3341501266626',1,NULL,'2021-04-07 08:03:26','1342200047652'),(1838,'2021-04-07','1342200047652',1,NULL,'2021-04-07 08:03:26','1342200047652'),(1839,'2021-04-08','3342000176358',1,NULL,'2021-04-08 09:10:27','1342200047652'),(1840,'2021-04-08','1340700537169',1,NULL,'2021-04-08 09:10:27','1342200047652'),(1841,'2021-04-08','3330501470575',1,NULL,'2021-04-08 09:10:27','1342200047652'),(1842,'2021-04-08','3340701154472',1,NULL,'2021-04-08 09:10:27','1342200047652'),(1843,'2021-04-08','1450700128233',1,NULL,'2021-04-08 09:10:27','1342200047652'),(1844,'2021-04-08','3341500367682',1,NULL,'2021-04-08 09:10:27','1342200047652'),(1845,'2021-04-08','1341500222017',1,NULL,'2021-04-08 09:10:27','1342200047652'),(1846,'2021-04-08','3341501266626',1,NULL,'2021-04-08 09:10:27','1342200047652'),(1847,'2021-04-08','1342200047652',1,NULL,'2021-04-08 09:10:27','1342200047652'),(1848,'2021-04-09','3342000176358',1,NULL,'2021-04-09 11:30:36','1342200047652'),(1849,'2021-04-09','1340700537169',1,NULL,'2021-04-09 11:30:36','1342200047652'),(1850,'2021-04-09','3330501470575',1,NULL,'2021-04-09 11:30:36','1342200047652'),(1851,'2021-04-09','3340701154472',1,NULL,'2021-04-09 11:30:36','1342200047652'),(1852,'2021-04-09','1450700128233',1,NULL,'2021-04-09 11:30:36','1342200047652'),(1853,'2021-04-09','3341500367682',1,NULL,'2021-04-09 11:30:36','1342200047652'),(1854,'2021-04-09','1341500222017',1,NULL,'2021-04-09 11:30:36','1342200047652'),(1855,'2021-04-09','3341501266626',1,NULL,'2021-04-09 11:30:36','1342200047652'),(1856,'2021-04-09','1342200047652',1,NULL,'2021-04-09 11:30:36','1342200047652'),(1857,'2022-09-28','3342000176358',1,NULL,'2022-09-28 16:44:49','3342000176358'),(1858,'2022-09-28','3340701154472',1,NULL,'2022-09-28 16:44:49','3342000176358'),(1859,'2022-09-28','3330501470575',1,NULL,'2022-09-28 16:44:49','3342000176358'),(1860,'2022-09-28','3341500367682',1,NULL,'2022-09-28 16:44:49','3342000176358'),(1861,'2022-09-28','1341500222017',1,NULL,'2022-09-28 16:44:49','3342000176358'),(1862,'2022-09-28','1450700128233',1,NULL,'2022-09-28 16:44:49','3342000176358'),(1863,'2022-09-28','3341501266626',1,NULL,'2022-09-28 16:44:49','3342000176358'),(1864,'2022-09-28','1340700537169',1,NULL,'2022-09-28 16:44:49','3342000176358'),(1865,'2022-09-28','1342200047652',6,NULL,'2022-09-28 16:44:49','3342000176358');

--
-- Table structure for table `work_permission`
--

CREATE TABLE `work_permission` (
  `id` int(11) NOT NULL AUTO_INCREMENT,
  `person_id` varchar(13) NOT NULL,
  `p1` tinyint(4) NOT NULL,
  `officer` varchar(13) NOT NULL,
  `rec_date` date NOT NULL,
  PRIMARY KEY (`id`)
) ENGINE=MyISAM AUTO_INCREMENT=13 DEFAULT CHARSET=utf8 COLLATE=utf8_general_ci;

--
-- Dumping data for table `work_permission`
--

INSERT INTO `work_permission` VALUES (5,'1450700128233',1,'3341501554940','2016-07-25'),(11,'1342200047652',1,'3342000176358','2021-02-26'),(12,'3342000176358',1,'3342000176358','2021-02-26');


