('2024-11-12',1854,7,0,2567,'C','3341500913792','2025-04-02 08:04:07'),('2024-11-12',1855,7,0,2567,'C','3341500913792','2025-04-02 08:04:07'),('2024-11-12',1856,7,0,2567,'C','3341500913792','2025-04-02 08:04:07'),('2024-11-12',1857,7,0,2567,'C','3341500913792','2025-04-02 08:04:07'),('2024-11-12',1858,7,0,2567,'C','3341500913792','2025-04-02 08:04:07'),('2024-11-12',1859,7,0,2567,'C','3341500913792','2025-04-02 08:04:07'),('2024-11-12',1860,7,0,2567,'C','3341500913792','2025-04-02 08:04:07'),('2024-11-12',1861,7,0,2567,'C','3341500913792','2025-04-02 08:04:07'),('2024-11-12',1913,7,0,2567,'C','3341500913792','2025-04-02 08:04:07'),('2024-11-12',1919,7,0,2567,'C','3341500913792','2025-04-02 08:04:07'),('2024-11-13',1849,7,0,2567,'C','3341500913792','2025-04-02 08:04:15'),('2024-11-13',1850,7,0,2567,'C','3341500913792','2025-04-02 08:04:15'),('2024-11-13',1852,7,0,2567,'C','3341500913792','2025-04-02 08:04:15'),('2024-11-13',1853,7,0,2567,'C','3341500913792','2025-04-02 08:04:15'),('2024-11-13',1854,7,0,2567,'C','3341500913792','2025-04-02 08:04:15'),('2024-11-13',1855,7,0,2567,'C','3341500913792','2025-04-02 08:04:15'),('2024-11-13',1856,7,0,2567,'C','3341500913792','2025-04-02 08:04:15'),('2024-11-13',1857,7,0,2567,'C','3341500913792','2025-04-02 08:04:15'),('2024-11-13',1858,7,0,2567,'C','3341500913792','2025-04-02 08:04:15'),('2024-11-13',1859,7,0,2567,'C','3341500913792','2025-04-02 08:04:15'),('2024-11-13',1860,7,0,2567,'C','3341500913792','2025-04-02 08:04:15'),('2024-11-13',1861,7,0,2567,'C','3341500913792','2025-04-02 08:04:15'),('2024-11-13',1913,7,0,2567,'C','3341500913792','2025-04-02 08:04:15'),('2024-11-13',1919,7,0,2567,'C','3341500913792','2025-04-02 08:04:15'),('2024-11-14',1849,7,0,2567,'C','3341500913792','2025-04-02 08:04:26'),('2024-11-14',1850,7,0,2567,'C','3341500913792','2025-04-02 08:04:26'),('2024-11-14',1852,7,0,2567,'C','3341500913792','2025-04-02 08:04:26'),('2024-11-14',1853,7,0,2567,'C','3341500913792','2025-04-02 08:04:26'),('2024-11-14',1854,7,0,2567,'C','3341500913792','2025-04-02 08:04:26'),('2024-11-14',1855,7,0,2567,'C','3341500913792','2025-04-02 08:04:26'),('2024-11-14',1856,7,0,2567,'C','3341500913792','2025-04-02 08:04:26'),('2024-11-14',1857,7,0,2567,'C','3341500913792','2025-04-02 08:04:26'),('2024-11-14',1858,7,0,2567,'C','3341500913792','2025-04-02 08:04:26'),('2024-11-14',1859,7,0,2567,'C','3341500913792','2025-04-02 08:04:26'),('2024-11-14',1860,7,0,2567,'C','3341500913792','2025-04-02 08:04:26'),('2024-11-14',1861,7,0,2567,'C','3341500913792','2025-04-02 08:04:26'),('2024-11-14',1913,7,0,2567,'C','3341500913792','2025-04-02 08:04:26'),('2024-11-14',1919,7,0,2567,'C','3341500913792','2025-04-02 08:04:26'),('2024-11-15',1849,7,0,2567,'C','3341500913792','2025-04-02 08:04:38'),('2024-11-15',1850,7,0,2567,'C','3341500913792','2025-04-02 08:04:38'),('2024-11-15',1852,7,0,2567,'C','3341500913792','2025-04-02 08:04:38'),('2024-11-15',1853,7,0,2567,'W','3341500913792','2025-04-02 08:04:38'),('2024-11-15',1854,7,0,2567,'C','3341500913792','2025-04-02 08:04:38'),('2024-11-15',1855,7,0,2567,'C','3341500913792','2025-04-02 08:04:38'),('2024-11-15',1856,7,0,2567,'C','3341500913792','2025-04-02 08:04:38'),('2024-11-15',1857,7,0,2567,'C','3341500913792','2025-04-02 08:04:38'),('2024-11-15',1858,7,0,2567,'C','3341500913792','2025-04-02 08:04:38'),('2024-11-15',1859,7,0,2567,'C','3341500913792','2025-04-02 08:04:38'),('2024-11-15',1860,7,0,2567,'C','3341500913792','2025-04-02 08:04:38'),('2024-11-15',1861,7,0,2567,'C','3341500913792','2025-04-02 08:04:38'),('2024-11-15',1913,7,0,2567,'C','3341500913792','2025-04-02 08:04:38'),('2024-11-15',1919,7,0,2567,'C','3341500913792','2025-04-02 08:04:38'),('2024-11-18',1849,7,0,2567,'C','3341500913792','2025-04-02 08:04:45'),('2024-11-18',1850,7,0,2567,'C','3341500913792','2025-04-02 08:04:45'),('2024-11-18',1852,7,0,2567,'C','3341500913792','2025-04-02 08:04:45'),('2024-11-18',1853,7,0,2567,'C','3341500913792','2025-04-02 08:04:45'),('2024-11-18',1854,7,0,2567,'C','3341500913792','2025-04-02 08:04:45'),('2024-11-18',1855,7,0,2567,'C','3341500913792','2025-04-02 08:04:45'),('2024-11-18',1856,7,0,2567,'C','3341500913792','2025-04-02 08:04:45'),('2024-11-18',1857,7,0,2567,'C','3341500913792','2025-04-02 08:04:45'),('2024-11-18',1858,7,0,2567,'C','3341500913792','2025-04-02 08:04:45'),('2024-11-18',1859,7,0,2567,'C','3341500913792','2025-04-02 08:04:45'),('2024-11-18',1860,7,0,2567,'C','3341500913792','2025-04-02 08:04:45'),('2024-11-18',1861,7,0,2567,'C','3341500913792','2025-04-02 08:04:45'),('2024-11-18',1913,7,0,2567,'C','3341500913792','2025-04-02 08:04:45'),('2024-11-18',1919,7,0,2567,'C','3341500913792','2025-04-02 08:04:45'),('2024-11-19',1849,7,0,2567,'C','3341500913792','2025-04-02 08:04:55'),('2024-11-19',1850,7,0,2567,'C','3341500913792','2025-04-02 08:04:55'),('2024-11-19',1852,7,0,2567,'C','3341500913792','2025-04-02 08:04:55'),('2024-11-19',1853,7,0,2567,'C','3341500913792','2025-04-02 08:04:55'),('2024-11-19',1854,7,0,2567,'C','3341500913792','2025-04-02 08:04:55'),('2024-11-19',1855,7,0,2567,'C','3341500913792','2025-04-02 08:04:55'),('2024-11-19',1856,7,0,2567,'C','3341500913792','2025-04-02 08:04:55'),('2024-11-19',1857,7,0,2567,'C','3341500913792','2025-04-02 08:04:55'),('2024-11-19',1858,7,0,2567,'C','3341500913792','2025-04-02 08:04:55'),('2024-11-19',1859,7,0,2567,'C','3341500913792','2025-04-02 08:04:55'),('2024-11-19',1860,7,0,2567,'C','3341500913792','2025-04-02 08:04:55'),('2024-11-19',1861,7,0,2567,'C','3341500913792','2025-04-02 08:04:55'),('2024-11-19',1913,7,0,2567,'C','3341500913792','2025-04-02 08:04:55'),('2024-11-19',1919,7,0,2567,'C','3341500913792','2025-04-02 08:04:55'),('2024-11-20',1849,7,0,2567,'C','3341500913792','2025-04-02 08:04:02'),('2024-11-20',1850,7,0,2567,'C','3341500913792','2025-04-02 08:04:02'),('2024-11-20',1852,7,0,2567,'C','3341500913792','2025-04-02 08:04:02'),('2024-11-20',1853,7,0,2567,'C','3341500913792','2025-04-02 08:04:02'),('2024-11-20',1854,7,0,2567,'C','3341500913792','2025-04-02 08:04:02'),('2024-11-20',1855,7,0,2567,'C','3341500913792','2025-04-02 08:04:02'),('2024-11-20',1856,7,0,2567,'C','3341500913792','2025-04-02 08:04:02'),('2024-11-20',1857,7,0,2567,'C','3341500913792','2025-04-02 08:04:02'),('2024-11-20',1858,7,0,2567,'C','3341500913792','2025-04-02 08:04:02'),('2024-11-20',1859,7,0,2567,'C','3341500913792','2025-04-02 08:04:02'),('2024-11-20',1860,7,0,2567,'C','3341500913792','2025-04-02 08:04:02'),('2024-11-20',1861,7,0,2567,'C','3341500913792','2025-04-02 08:04:02'),('2024-11-20',1913,7,0,2567,'C','3341500913792','2025-04-02 08:04:02'),('2024-11-20',1919,7,0,2567,'C','3341500913792','2025-04-02 08:04:02'),('2024-11-21',1849,7,0,2567,'C','3341500913792','2025-04-02 08:04:09'),('2024-11-21',1850,7,0,2567,'C','3341500913792','2025-04-02 08:04:09'),('2024-11-21',1852,7,0,2567,'C','3341500913792','2025-04-02 08:04:09'),('2024-11-21',1853,7,0,2567,'C','3341500913792','2025-04-02 08:04:09'),('2024-11-21',1854,7,0,2567,'C','3341500913792','2025-04-02 08:04:09'),('2024-11-21',1855,7,0,2567,'C','3341500913792','2025-04-02 08:04:09'),('2024-11-21',1856,7,0,2567,'C','3341500913792','2025-04-02 08:04:09'),('2024-11-21',1857,7,0,2567,'C','3341500913792','2025-04-02 08:04:09'),('2024-11-21',1858,7,0,2567,'C','3341500913792','2025-04-02 08:04:09'),('2024-11-21',1859,7,0,2567,'C','3341500913792','2025-04-02 08:04:09'),('2024-11-21',1860,7,0,2567,'C','3341500913792','2025-04-02 08:04:09'),('2024-11-21',1861,7,0,2567,'C','3341500913792','2025-04-02 08:04:09'),('2024-11-21',1913,7,0,2567,'C','3341500913792','2025-04-02 08:04:09'),('2024-11-21',1919,7,0,2567,'C','3341500913792','2025-04-02 08:04:09'),('2024-11-22',1849,7,0,2567,'C','3341500913792','2025-04-02 08:04:21'),('2024-11-22',1850,7,0,2567,'C','3341500913792','2025-04-02 08:04:21'),('2024-11-22',1852,7,0,2567,'C','3341500913792','2025-04-02 08:04:21'),('2024-11-22',1853,7,0,2567,'C','3341500913792','2025-04-02 08:04:21'),('2024-11-22',1854,7,0,2567,'C','3341500913792','2025-04-02 08:04:21'),('2024-11-22',1855,7,0,2567,'C','3341500913792','2025-04-02 08:04:21'),('2024-11-22',1856,7,0,2567,'C','3341500913792','2025-04-02 08:04:21'),('2024-11-22',1857,7,0,2567,'C','3341500913792','2025-04-02 08:04:21'),('2024-11-22',1858,7,0,2567,'C','3341500913792','2025-04-02 08:04:21'),('2024-11-22',1859,7,0,2567,'C','3341500913792','2025-04-02 08:04:21'),('2024-11-22',1860,7,0,2567,'C','3341500913792','2025-04-02 08:04:21'),('2024-11-22',1861,7,0,2567,'C','3341500913792','2025-04-02 08:04:21'),('2024-11-22',1913,7,0,2567,'C','3341500913792','2025-04-02 08:04:21'),('2024-11-22',1919,7,0,2567,'C','3341500913792','2025-04-02 08:04:21'),('2024-11-25',1849,7,0,2567,'C','3341500913792','2025-04-02 08:04:54'),('2024-11-25',1850,7,0,2567,'C','3341500913792','2025-04-02 08:04:54'),('2024-11-25',1852,7,0,2567,'C','3341500913792','2025-04-02 08:04:54'),('2024-11-25',1853,7,0,2567,'C','3341500913792','2025-04-02 08:04:54'),('2024-11-25',1854,7,0,2567,'C','3341500913792','2025-04-02 08:04:54'),('2024-11-25',1855,7,0,2567,'C','3341500913792','2025-04-02 08:04:54'),('2024-11-25',1856,7,0,2567,'C','3341500913792','2025-04-02 08:04:54'),('2024-11-25',1857,7,0,2567,'C','3341500913792','2025-04-02 08:04:54'),('2024-11-25',1858,7,0,2567,'C','3341500913792','2025-04-02 08:04:54'),('2024-11-25',1859,7,0,2567,'C','3341500913792','2025-04-02 08:04:54'),('2024-11-25',1860,7,0,2567,'C','3341500913792','2025-04-02 08:04:54'),('2024-11-25',1861,7,0,2567,'C','3341500913792','2025-04-02 08:04:54'),('2024-11-25',1913,7,0,2567,'C','3341500913792','2025-04-02 08:04:54'),('2024-11-25',1919,7,0,2567,'C','3341500913792','2025-04-02 08:04:54'),('2024-11-26',1849,7,0,2567,'C','3341500913792','2025-04-02 08:04:06'),('2024-11-26',1850,7,0,2567,'C','3341500913792','2025-04-02 08:04:06'),('2024-11-26',1852,7,0,2567,'C','3341500913792','2025-04-02 08:04:06'),('2024-11-26',1853,7,0,2567,'C','3341500913792','2025-04-02 08:04:06'),('2024-11-26',1854,7,0,2567,'C','3341500913792','2025-04-02 08:04:06'),('2024-11-26',1855,7,0,2567,'C','3341500913792','2025-04-02 08:04:06'),('2024-11-26',1856,7,0,2567,'C','3341500913792','2025-04-02 08:04:06'),('2024-11-26',1857,7,0,2567,'C','3341500913792','2025-04-02 08:04:06'),('2024-11-26',1858,7,0,2567,'W','3341500913792','2025-04-02 08:04:06'),('2024-11-26',1859,7,0,2567,'C','3341500913792','2025-04-02 08:04:06'),('2024-11-26',1860,7,0,2567,'C','3341500913792','2025-04-02 08:04:06'),('2024-11-26',1861,7,0,2567,'C','3341500913792','2025-04-02 08:04:06'),('2024-11-26',1913,7,0,2567,'C','3341500913792','2025-04-02 08:04:06'),('2024-11-26',1919,7,0,2567,'C','3341500913792','2025-04-02 08:04:06'),('2024-11-27',1849,7,0,2567,'C','3341500913792','2025-04-02 08:04:17'),('2024-11-27',1850,7,0,2567,'C','3341500913792','2025-04-02 08:04:17'),('2024-11-27',1852,7,0,2567,'C','3341500913792','2025-04-02 08:04:17'),('2024-11-27',1853,7,0,2567,'C','3341500913792','2025-04-02 08:04:17'),('2024-11-27',1854,7,0,2567,'C','3341500913792','2025-04-02 08:04:17'),('2024-11-27',1855,7,0,2567,'C','3341500913792','2025-04-02 08:04:17'),('2024-11-27',1856,7,0,2567,'C','3341500913792','2025-04-02 08:04:17'),('2024-11-27',1857,7,0,2567,'C','3341500913792','2025-04-02 08:04:17'),('2024-11-27',1858,7,0,2567,'C','3341500913792','2025-04-02 08:04:17'),('2024-11-27',1859,7,0,2567,'C','3341500913792','2025-04-02 08:04:17'),('2024-11-27',1860,7,0,2567,'C','3341500913792','2025-04-02 08:04:17'),('2024-11-27',1861,7,0,2567,'C','3341500913792','2025-04-02 08:04:17'),('2024-11-27',1913,7,0,2567,'W','3341500913792','2025-04-02 08:04:17'),('2024-11-27',1919,7,0,2567,'C','3341500913792','2025-04-02 08:04:17'),('2024-11-28',1849,7,0,2567,'C','3341500913792','2025-04-02 08:04:39'),('2024-11-28',1850,7,0,2567,'C','3341500913792','2025-04-02 08:04:39'),('2024-11-28',1852,7,0,2567,'C','3341500913792','2025-04-02 08:04:39'),('2024-11-28',1853,7,0,2567,'C','3341500913792','2025-04-02 08:04:39'),('2024-11-28',1854,7,0,2567,'C','3341500913792','2025-04-02 08:04:39'),('2024-11-28',1855,7,0,2567,'C','3341500913792','2025-04-02 08:04:39'),('2024-11-28',1856,7,0,2567,'W','3341500913792','2025-04-02 08:04:39'),('2024-11-28',1857,7,0,2567,'C','3341500913792','2025-04-02 08:04:39'),('2024-11-28',1858,7,0,2567,'C','3341500913792','2025-04-02 08:04:39'),('2024-11-28',1859,7,0,2567,'C','3341500913792','2025-04-02 08:04:39'),('2024-11-28',1860,7,0,2567,'C','3341500913792','2025-04-02 08:04:39'),('2024-11-28',1861,7,0,2567,'C','3341500913792','2025-04-02 08:04:39'),('2024-11-28',1913,7,0,2567,'C','3341500913792','2025-04-02 08:04:39'),('2024-11-28',1919,7,0,2567,'C','3341500913792','2025-04-02 08:04:39'),('2024-11-29',1849,7,0,2567,'C','3341500913792','2025-04-02 08:04:50'),('2024-11-29',1850,7,0,2567,'C','3341500913792','2025-04-02 08:04:50'),('2024-11-29',1852,7,0,2567,'C','3341500913792','2025-04-02 08:04:50'),('2024-11-29',1853,7,0,2567,'C','3341500913792','2025-04-02 08:04:50'),('2024-11-29',1854,7,0,2567,'C','3341500913792','2025-04-02 08:04:50'),('2024-11-29',1855,7,0,2567,'C','3341500913792','2025-04-02 08:04:50'),('2024-11-29',1856,7,0,2567,'C','3341500913792','2025-04-02 08:04:50'),('2024-11-29',1857,7,0,2567,'W','3341500913792','2025-04-02 08:04:50'),('2024-11-29',1858,7,0,2567,'C','3341500913792','2025-04-02 08:04:50'),('2024-11-29',1859,7,0,2567,'C','3341500913792','2025-04-02 08:04:50'),('2024-11-29',1860,7,0,2567,'C','3341500913792','2025-04-02 08:04:50'),('2024-11-29',1861,7,0,2567,'C','3341500913792','2025-04-02 08:04:50'),('2024-11-29',1913,7,0,2567,'C','3341500913792','2025-04-02 08:04:50'),('2024-11-29',1919,7,0,2567,'C','3341500913792','2025-04-02 08:04:50'),('2024-12-02',1849,7,0,2567,'C','3341500913792','2025-04-02 08:04:09'),('2024-12-02',1850,7,0,2567,'C','3341500913792','2025-04-02 08:04:09'),('2024-12-02',1852,7,0,2567,'C','3341500913792','2025-04-02 08:04:09'),('2024-12-02',1853,7,0,2567,'C','3341500913792','2025-04-02 08:04:09'),('2024-12-02',1854,7,0,2567,'C','3341500913792','2025-04-02 08:04:09'),('2024-12-02',1855,7,0,2567,'C','3341500913792','2025-04-02 08:04:09'),('2024-12-02',1856,7,0,2567,'C','3341500913792','2025-04-02 08:04:09'),('2024-12-02',1857,7,0,2567,'C','3341500913792','2025-04-02 08:04:09'),('2024-12-02',1858,7,0,2567,'C','3341500913792','2025-04-02 08:04:09'),('2024-12-02',1859,7,0,2567,'C','3341500913792','2025-04-02 08:04:09'),('2024-12-02',1860,7,0,2567,'C','3341500913792','2025-04-02 08:04:09'),('2024-12-02',1861,7,0,2567,'W','3341500913792','2025-04-02 08:04:09'),('2024-12-02',1913,7,0,2567,'C','3341500913792','2025-04-02 08:04:09'),('2024-12-02',1919,7,0,2567,'C','3341500913792','2025-04-02 08:04:09'),('2024-12-03',1849,7,0,2567,'W','3341500913792','2025-04-02 08:04:26'),('2024-12-03',1850,7,0,2567,'C','3341500913792','2025-04-02 08:04:26'),('2024-12-03',1852,7,0,2567,'C','3341500913792','2025-04-02 08:04:26'),('2024-12-03',1853,7,0,2567,'C','3341500913792','2025-04-02 08:04:26'),('2024-12-03',1854,7,0,2567,'C','3341500913792','2025-04-02 08:04:26'),('2024-12-03',1855,7,0,2567,'C','3341500913792','2025-04-02 08:04:26'),('2024-12-03',1856,7,0,2567,'C','3341500913792','2025-04-02 08:04:26'),('2024-12-03',1857,7,0,2567,'C','3341500913792','2025-04-02 08:04:26'),('2024-12-03',1858,7,0,2567,'C','3341500913792','2025-04-02 08:04:26'),('2024-12-03',1859,7,0,2567,'C','3341500913792','2025-04-02 08:04:26'),('2024-12-03',1860,7,0,2567,'C','3341500913792','2025-04-02 08:04:26'),('2024-12-03',1861,7,0,2567,'C','3341500913792','2025-04-02 08:04:26'),('2024-12-03',1913,7,0,2567,'C','3341500913792','2025-04-02 08:04:26'),('2024-12-03',1919,7,0,2567,'C','3341500913792','2025-04-02 08:04:26'),('2024-12-04',1849,7,0,2567,'C','3341500913792','2025-04-02 08:04:42'),('2024-12-04',1850,7,0,2567,'C','3341500913792','2025-04-02 08:04:42'),('2024-12-04',1852,7,0,2567,'C','3341500913792','2025-04-02 08:04:42'),('2024-12-04',1853,7,0,2567,'C','3341500913792','2025-04-02 08:04:42'),('2024-12-04',1854,7,0,2567,'C','3341500913792','2025-04-02 08:04:42'),('2024-12-04',1855,7,0,2567,'C','3341500913792','2025-04-02 08:04:42'),('2024-12-04',1856,7,0,2567,'C','3341500913792','2025-04-02 08:04:42'),('2024-12-04',1857,7,0,2567,'C','3341500913792','2025-04-02 08:04:42'),('2024-12-04',1858,7,0,2567,'C','3341500913792','2025-04-02 08:04:42'),('2024-12-04',1859,7,0,2567,'W','3341500913792','2025-04-02 08:04:42'),('2024-12-04',1860,7,0,2567,'C','3341500913792','2025-04-02 08:04:42'),('2024-12-04',1861,7,0,2567,'C','3341500913792','2025-04-02 08:04:42'),('2024-12-04',1913,7,0,2567,'C','3341500913792','2025-04-02 08:04:42'),('2024-12-04',1919,7,0,2567,'C','3341500913792','2025-04-02 08:04:42'),('2024-12-19',1919,7,0,2567,'C','3341500913792','2025-04-02 08:04:17'),('2024-12-19',1913,7,0,2567,'C','3341500913792','2025-04-02 08:04:17'),('2024-12-19',1861,7,0,2567,'C','3341500913792','2025-04-02 08:04:17'),('2024-12-19',1860,7,0,2567,'C','3341500913792','2025-04-02 08:04:17'),('2024-12-19',1859,7,0,2567,'C','3341500913792','2025-04-02 08:04:17'),('2024-12-19',1858,7,0,2567,'C','3341500913792','2025-04-02 08:04:17'),('2024-12-19',1857,7,0,2567,'C','3341500913792','2025-04-02 08:04:17'),('2024-12-19',1856,7,0,2567,'C','3341500913792','2025-04-02 08:04:17'),('2024-12-19',1855,7,0,2567,'C','3341500913792','2025-04-02 08:04:17'),('2024-12-19',1854,7,0,2567,'C','3341500913792','2025-04-02 08:04:17'),('2024-12-19',1853,7,0,2567,'C','3341500913792','2025-04-02 08:04:17'),('2024-12-19',1852,7,0,2567,'C','3341500913792','2025-04-02 08:04:17'),('2024-12-19',1850,7,0,2567,'C','3341500913792','2025-04-02 08:04:17'),('2024-12-19',1849,7,0,2567,'C','3341500913792','2025-04-02 08:04:17'),('2024-12-06',1849,7,0,2567,'C','3341500913792','2025-04-02 08:04:01'),('2024-12-06',1850,7,0,2567,'C','3341500913792','2025-04-02 08:04:01'),('2024-12-06',1852,7,0,2567,'C','3341500913792','2025-04-02 08:04:01'),('2024-12-06',1853,7,0,2567,'C','3341500913792','2025-04-02 08:04:01'),('2024-12-06',1854,7,0,2567,'C','3341500913792','2025-04-02 08:04:01'),('2024-12-06',1855,7,0,2567,'C','3341500913792','2025-04-02 08:04:01'),('2024-12-06',1856,7,0,2567,'C','3341500913792','2025-04-02 08:04:01'),('2024-12-06',1857,7,0,2567,'C','3341500913792','2025-04-02 08:04:01'),('2024-12-06',1858,7,0,2567,'C','3341500913792','2025-04-02 08:04:01'),('2024-12-06',1859,7,0,2567,'C','3341500913792','2025-04-02 08:04:01'),('2024-12-06',1860,7,0,2567,'C','3341500913792','2025-04-02 08:04:01'),('2024-12-06',1861,7,0,2567,'C','3341500913792','2025-04-02 08:04:01'),('2024-12-06',1913,7,0,2567,'C','3341500913792','2025-04-02 08:04:01'),('2024-12-06',1919,7,0,2567,'C','3341500913792','2025-04-02 08:04:01'),('2024-12-09',1849,7,0,2567,'C','3341500913792','2025-04-02 08:04:15'),('2024-12-09',1850,7,0,2567,'C','3341500913792','2025-04-02 08:04:15'),('2024-12-09',1852,7,0,2567,'C','3341500913792','2025-04-02 08:04:15'),('2024-12-09',1853,7,0,2567,'C','3341500913792','2025-04-02 08:04:15'),('2024-12-09',1854,7,0,2567,'C','3341500913792','2025-04-02 08:04:15'),('2024-12-09',1855,7,0,2567,'W','3341500913792','2025-04-02 08:04:15'),('2024-12-09',1856,7,0,2567,'C','3341500913792','2025-04-02 08:04:15'),('2024-12-09',1857,7,0,2567,'C','3341500913792','2025-04-02 08:04:15'),('2024-12-09',1858,7,0,2567,'C','3341500913792','2025-04-02 08:04:15'),('2024-12-09',1859,7,0,2567,'C','3341500913792','2025-04-02 08:04:15'),('2024-12-09',1860,7,0,2567,'C','3341500913792','2025-04-02 08:04:15'),('2024-12-09',1861,7,0,2567,'C','3341500913792','2025-04-02 08:04:15'),('2024-12-09',1913,7,0,2567,'C','3341500913792','2025-04-02 08:04:15'),('2024-12-09',1919,7,0,2567,'C','3341500913792','2025-04-02 08:04:15'),('2024-12-18',1919,7,0,2567,'C','3341500913792','2025-04-02 08:04:05'),('2024-12-18',1913,7,0,2567,'C','3341500913792','2025-04-02 08:04:05'),('2024-12-18',1861,7,0,2567,'C','3341500913792','2025-04-02 08:04:05'),('2024-12-18',1860,7,0,2567,'C','3341500913792','2025-04-02 08:04:05'),('2024-12-18',1859,7,0,2567,'C','3341500913792','2025-04-02 08:04:05'),('2024-12-18',1858,7,0,2567,'C','3341500913792','2025-04-02 08:04:05'),('2024-12-18',1857,7,0,2567,'C','3341500913792','2025-04-02 08:04:05'),('2024-12-18',1856,7,0,2567,'C','3341500913792','2025-04-02 08:04:05'),('2024-12-18',1855,7,0,2567,'C','3341500913792','2025-04-02 08:04:05'),('2024-12-18',1854,7,0,2567,'C','3341500913792','2025-04-02 08:04:05'),('2024-12-18',1853,7,0,2567,'C','3341500913792','2025-04-02 08:04:05'),('2024-12-18',1852,7,0,2567,'C','3341500913792','2025-04-02 08:04:05'),('2024-12-18',1850,7,0,2567,'C','3341500913792','2025-04-02 08:04:05'),('2024-12-18',1849,7,0,2567,'C','3341500913792','2025-04-02 08:04:05'),('2024-12-11',1849,7,0,2567,'C','3341500913792','2025-04-02 08:04:37'),('2024-12-11',1850,7,0,2567,'C','3341500913792','2025-04-02 08:04:37'),('2024-12-11',1852,7,0,2567,'C','3341500913792','2025-04-02 08:04:37'),('2024-12-11',1853,7,0,2567,'C','3341500913792','2025-04-02 08:04:37'),('2024-12-11',1854,7,0,2567,'C','3341500913792','2025-04-02 08:04:37'),('2024-12-11',1855,7,0,2567,'C','3341500913792','2025-04-02 08:04:37'),('2024-12-11',1856,7,0,2567,'C','3341500913792','2025-04-02 08:04:37'),('2024-12-11',1857,7,0,2567,'C','3341500913792','2025-04-02 08:04:37'),('2024-12-11',1858,7,0,2567,'C','3341500913792','2025-04-02 08:04:37'),('2024-12-11',1859,7,0,2567,'C','3341500913792','2025-04-02 08:04:37'),('2024-12-11',1860,7,0,2567,'C','3341500913792','2025-04-02 08:04:37'),('2024-12-11',1861,7,0,2567,'W','3341500913792','2025-04-02 08:04:37'),('2024-12-11',1913,7,0,2567,'C','3341500913792','2025-04-02 08:04:37'),('2024-12-11',1919,7,0,2567,'C','3341500913792','2025-04-02 08:04:37'),('2024-12-12',1849,7,0,2567,'C','3341500913792','2025-04-02 08:04:46'),('2024-12-12',1850,7,0,2567,'C','3341500913792','2025-04-02 08:04:46'),('2024-12-12',1852,7,0,2567,'C','3341500913792','2025-04-02 08:04:46'),('2024-12-12',1853,7,0,2567,'C','3341500913792','2025-04-02 08:04:46'),('2024-12-12',1854,7,0,2567,'C','3341500913792','2025-04-02 08:04:46'),('2024-12-12',1855,7,0,2567,'C','3341500913792','2025-04-02 08:04:46'),('2024-12-12',1856,7,0,2567,'C','3341500913792','2025-04-02 08:04:46'),('2024-12-12',1857,7,0,2567,'C','3341500913792','2025-04-02 08:04:46'),('2024-12-12',1858,7,0,2567,'C','3341500913792','2025-04-02 08:04:46'),('2024-12-12',1859,7,0,2567,'C','3341500913792','2025-04-02 08:04:46'),('2024-12-12',1860,7,0,2567,'C','3341500913792','2025-04-02 08:04:46'),('2024-12-12',1861,7,0,2567,'C','3341500913792','2025-04-02 08:04:46'),('2024-12-12',1913,7,0,2567,'C','3341500913792','2025-04-02 08:04:46'),('2024-12-12',1919,7,0,2567,'C','3341500913792','2025-04-02 08:04:46'),('2024-12-13',1849,7,0,2567,'C','3341500913792','2025-04-02 08:04:14'),('2024-12-13',1850,7,0,2567,'C','3341500913792','2025-04-02 08:04:14'),('2024-12-13',1852,7,0,2567,'C','3341500913792','2025-04-02 08:04:14'),('2024-12-13',1853,7,0,2567,'C','3341500913792','2025-04-02 08:04:14'),('2024-12-13',1854,7,0,2567,'C','3341500913792','2025-04-02 08:04:14'),('2024-12-13',1855,7,0,2567,'C','3341500913792','2025-04-02 08:04:14'),('2024-12-13',1856,7,0,2567,'C','3341500913792','2025-04-02 08:04:14'),('2024-12-13',1857,7,0,2567,'C','3341500913792','2025-04-02 08:04:14'),('2024-12-13',1858,7,0,2567,'C','3341500913792','2025-04-02 08:04:14'),('2024-12-13',1859,7,0,2567,'C','3341500913792','2025-04-02 08:04:14'),('2024-12-13',1860,7,0,2567,'C','3341500913792','2025-04-02 08:04:14'),('2024-12-13',1861,7,0,2567,'C','3341500913792','2025-04-02 08:04:14'),('2024-12-13',1913,7,0,2567,'C','3341500913792','2025-04-02 08:04:14'),('2024-12-13',1919,7,0,2567,'C','3341500913792','2025-04-02 08:04:14'),('2024-12-16',1849,7,0,2567,'C','3341500913792','2025-04-02 08:04:21'),('2024-12-16',1850,7,0,2567,'C','3341500913792','2025-04-02 08:04:21'),('2024-12-16',1852,7,0,2567,'C','3341500913792','2025-04-02 08:04:21'),('2024-12-16',1853,7,0,2567,'C','3341500913792','2025-04-02 08:04:21'),('2024-12-16',1854,7,0,2567,'C','3341500913792','2025-04-02 08:04:21'),('2024-12-16',1855,7,0,2567,'C','3341500913792','2025-04-02 08:04:21'),('2024-12-16',1856,7,0,2567,'C','3341500913792','2025-04-02 08:04:21'),('2024-12-16',1857,7,0,2567,'C','3341500913792','2025-04-02 08:04:21'),('2024-12-16',1858,7,0,2567,'C','3341500913792','2025-04-02 08:04:21'),('2024-12-16',1859,7,0,2567,'C','3341500913792','2025-04-02 08:04:21'),('2024-12-16',1860,7,0,2567,'C','3341500913792','2025-04-02 08:04:21'),('2024-12-16',1861,7,0,2567,'C','3341500913792','2025-04-02 08:04:21'),('2024-12-16',1913,7,0,2567,'C','3341500913792','2025-04-02 08:04:21'),('2024-12-16',1919,7,0,2567,'C','3341500913792','2025-04-02 08:04:21'),('2024-12-17',1849,7,0,2567,'C','3341500913792','2025-04-02 08:04:28'),('2024-12-17',1850,7,0,2567,'C','3341500913792','2025-04-02 08:04:28'),('2024-12-17',1852,7,0,2567,'C','3341500913792','2025-04-02 08:04:28'),('2024-12-17',1853,7,0,2567,'C','3341500913792','2025-04-02 08:04:28'),('2024-12-17',1854,7,0,2567,'C','3341500913792','2025-04-02 08:04:28'),('2024-12-17',1855,7,0,2567,'C','3341500913792','2025-04-02 08:04:28'),('2024-12-17',1856,7,0,2567,'C','3341500913792','2025-04-02 08:04:28'),('2024-12-17',1857,7,0,2567,'C','3341500913792','2025-04-02 08:04:28'),('2024-12-17',1858,7,0,2567,'C','3341500913792','2025-04-02 08:04:28'),('2024-12-17',1859,7,0,2567,'C','3341500913792','2025-04-02 08:04:28'),('2024-12-17',1860,7,0,2567,'C','3341500913792','2025-04-02 08:04:28'),('2024-12-17',1861,7,0,2567,'C','3341500913792','2025-04-02 08:04:28'),('2024-12-17',1913,7,0,2567,'C','3341500913792','2025-04-02 08:04:28'),('2024-12-17',1919,7,0,2567,'C','3341500913792','2025-04-02 08:04:28'),('2024-12-20',1849,7,0,2567,'C','3341500913792','2025-04-02 08:04:39'),('2024-12-20',1850,7,0,2567,'C','3341500913792','2025-04-02 08:04:39'),('2024-12-20',1852,7,0,2567,'C','3341500913792','2025-04-02 08:04:39'),('2024-12-20',1853,7,0,2567,'C','3341500913792','2025-04-02 08:04:39'),('2024-12-20',1854,7,0,2567,'C','3341500913792','2025-04-02 08:04:39'),('2024-12-20',1855,7,0,2567,'C','3341500913792','2025-04-02 08:04:39'),('2024-12-20',1856,7,0,2567,'C','3341500913792','2025-04-02 08:04:39'),('2024-12-20',1857,7,0,2567,'C','3341500913792','2025-04-02 08:04:39'),('2024-12-20',1858,7,0,2567,'C','3341500913792','2025-04-02 08:04:39'),('2024-12-20',1859,7,0,2567,'C','3341500913792','2025-04-02 08:04:39'),('2024-12-20',1860,7,0,2567,'C','3341500913792','2025-04-02 08:04:39'),('2024-12-20',1861,7,0,2567,'C','3341500913792','2025-04-02 08:04:39'),('2024-12-20',1913,7,0,2567,'C','3341500913792','2025-04-02 08:04:39'),('2024-12-20',1919,7,0,2567,'C','3341500913792','2025-04-02 08:04:39'),('2024-11-27',1923,3,0,2567,'C','3341500909531','2025-04-02 08:04:45'),('2024-11-27',1925,3,0,2567,'C','3341500909531','2025-04-02 08:04:45'),('2024-11-27',1926,3,0,2567,'C','3341500909531','2025-04-02 08:04:45'),('2024-11-27',1927,3,0,2567,'C','3341500909531','2025-04-02 08:04:45'),('2024-11-27',1928,3,0,2567,'C','3341500909531','2025-04-02 08:04:45'),('2024-11-27',1929,3,0,2567,'C','3341500909531','2025-04-02 08:04:45'),('2024-11-27',1930,3,0,2567,'C','3341500909531','2025-04-02 08:04:45'),('2024-11-27',1931,3,0,2567,'C','3341500909531','2025-04-02 08:04:45'),('2024-11-27',1932,3,0,2567,'C','3341500909531','2025-04-02 08:04:45'),('2024-11-27',1933,3,0,2567,'C','3341500909531','2025-04-02 08:04:45'),('2024-11-27',1934,3,0,2567,'C','3341500909531','2025-04-02 08:04:45'),('2024-11-27',1935,3,0,2567,'C','3341500909531','2025-04-02 08:04:45'),('2024-11-27',1936,3,0,2567,'C','3341500909531','2025-04-02 08:04:45'),('2024-11-27',1937,3,0,2567,'C','3341500909531','2025-04-02 08:04:45'),('2024-11-27',1938,3,0,2567,'C','3341500909531','2025-04-02 08:04:45'),('2024-11-27',1939,3,0,2567,'C','3341500909531','2025-04-02 08:04:45'),('2024-11-27',1940,3,0,2567,'C','3341500909531','2025-04-02 08:04:45'),('2024-11-27',1942,3,0,2567,'C','3341500909531','2025-04-02 08:04:45'),('2024-12-23',1849,7,0,2567,'C','3341500913792','2025-04-02 08:04:49'),('2024-12-23',1850,7,0,2567,'C','3341500913792','2025-04-02 08:04:49'),('2024-12-23',1852,7,0,2567,'C','3341500913792','2025-04-02 08:04:49'),('2024-12-23',1853,7,0,2567,'C','3341500913792','2025-04-02 08:04:49'),('2024-12-23',1854,7,0,2567,'C','3341500913792','2025-04-02 08:04:49'),('2024-12-23',1855,7,0,2567,'C','3341500913792','2025-04-02 08:04:49'),('2024-12-23',1856,7,0,2567,'C','3341500913792','2025-04-02 08:04:49'),('2024-12-23',1857,7,0,2567,'C','3341500913792','2025-04-02 08:04:49'),('2024-12-23',1858,7,0,2567,'C','3341500913792','2025-04-02 08:04:49'),('2024-12-23',1859,7,0,2567,'C','3341500913792','2025-04-02 08:04:49'),('2024-12-23',1860,7,0,2567,'C','3341500913792','2025-04-02 08:04:49'),('2024-12-23',1861,7,0,2567,'C','3341500913792','2025-04-02 08:04:49'),('2024-12-23',1913,7,0,2567,'C','3341500913792','2025-04-02 08:04:49'),('2024-12-23',1919,7,0,2567,'C','3341500913792','2025-04-02 08:04:49'),('2024-12-24',1849,7,0,2567,'C','3341500913792','2025-04-02 08:04:56'),('2024-12-24',1850,7,0,2567,'C','3341500913792','2025-04-02 08:04:56'),('2024-12-24',1852,7,0,2567,'C','3341500913792','2025-04-02 08:04:56'),('2024-12-24',1853,7,0,2567,'C','3341500913792','2025-04-02 08:04:56'),('2024-12-24',1854,7,0,2567,'C','3341500913792','2025-04-02 08:04:56'),('2024-12-24',1855,7,0,2567,'C','3341500913792','2025-04-02 08:04:56'),('2024-12-24',1856,7,0,2567,'C','3341500913792','2025-04-02 08:04:56'),('2024-12-24',1857,7,0,2567,'C','3341500913792','2025-04-02 08:04:56'),('2024-12-24',1858,7,0,2567,'C','3341500913792','2025-04-02 08:04:56'),('2024-12-24',1859,7,0,2567,'C','3341500913792','2025-04-02 08:04:56'),('2024-12-24',1860,7,0,2567,'C','3341500913792','2025-04-02 08:04:56'),('2024-12-24',1861,7,0,2567,'C','3341500913792','2025-04-02 08:04:56'),('2024-12-24',1913,7,0,2567,'C','3341500913792','2025-04-02 08:04:56'),('2024-12-24',1919,7,0,2567,'C','3341500913792','2025-04-02 08:04:56'),('2024-11-28',1923,3,0,2567,'C','3341500909531','2025-04-02 08:04:56'),('2024-11-28',1925,3,0,2567,'C','3341500909531','2025-04-02 08:04:56'),('2024-11-28',1926,3,0,2567,'C','3341500909531','2025-04-02 08:04:56'),('2024-11-28',1927,3,0,2567,'C','3341500909531','2025-04-02 08:04:56'),('2024-11-28',1928,3,0,2567,'C','3341500909531','2025-04-02 08:04:56'),('2024-11-28',1929,3,0,2567,'C','3341500909531','2025-04-02 08:04:56'),('2024-11-28',1930,3,0,2567,'C','3341500909531','2025-04-02 08:04:56'),('2024-11-28',1931,3,0,2567,'C','3341500909531','2025-04-02 08:04:56'),('2024-11-28',1932,3,0,2567,'C','3341500909531','2025-04-02 08:04:56'),('2024-11-28',1933,3,0,2567,'C','3341500909531','2025-04-02 08:04:56'),('2024-11-28',1934,3,0,2567,'C','3341500909531','2025-04-02 08:04:56'),('2024-11-28',1935,3,0,2567,'C','3341500909531','2025-04-02 08:04:56'),('2024-11-28',1936,3,0,2567,'C','3341500909531','2025-04-02 08:04:56'),('2024-11-28',1937,3,0,2567,'C','3341500909531','2025-04-02 08:04:56'),('2024-11-28',1938,3,0,2567,'C','3341500909531','2025-04-02 08:04:56'),('2024-11-28',1939,3,0,2567,'C','3341500909531','2025-04-02 08:04:56'),('2024-11-28',1940,3,0,2567,'C','3341500909531','2025-04-02 08:04:56'),('2024-11-28',1942,3,0,2567,'C','3341500909531','2025-04-02 08:04:56'),('2024-12-25',1849,7,0,2567,'C','3341500913792','2025-04-02 08:04:08'),('2024-12-25',1850,7,0,2567,'C','3341500913792','2025-04-02 08:04:08'),('2024-12-25',1852,7,0,2567,'C','3341500913792','2025-04-02 08:04:08'),('2024-12-25',1853,7,0,2567,'C','3341500913792','2025-04-02 08:04:08'),('2024-12-25',1854,7,0,2567,'C','3341500913792','2025-04-02 08:04:08'),('2024-12-25',1855,7,0,2567,'C','3341500913792','2025-04-02 08:04:08'),('2024-12-25',1856,7,0,2567,'C','3341500913792','2025-04-02 08:04:08'),('2024-12-25',1857,7,0,2567,'C','3341500913792','2025-04-02 08:04:08'),('2024-12-25',1858,7,0,2567,'C','3341500913792','2025-04-02 08:04:08'),('2024-12-25',1859,7,0,2567,'C','3341500913792','2025-04-02 08:04:08'),('2024-12-25',1860,7,0,2567,'C','3341500913792','2025-04-02 08:04:08'),('2024-12-25',1861,7,0,2567,'C','3341500913792','2025-04-02 08:04:08'),('2024-12-25',1913,7,0,2567,'C','3341500913792','2025-04-02 08:04:08'),('2024-12-25',1919,7,0,2567,'C','3341500913792','2025-04-02 08:04:08'),('2024-12-26',1849,7,0,2567,'C','3341500913792','2025-04-02 08:04:14'),('2024-12-26',1850,7,0,2567,'C','3341500913792','2025-04-02 08:04:14'),('2024-12-26',1852,7,0,2567,'C','3341500913792','2025-04-02 08:04:14'),('2024-12-26',1853,7,0,2567,'C','3341500913792','2025-04-02 08:04:14'),('2024-12-26',1854,7,0,2567,'C','3341500913792','2025-04-02 08:04:14'),('2024-12-26',1855,7,0,2567,'C','3341500913792','2025-04-02 08:04:14'),('2024-12-26',1856,7,0,2567,'C','3341500913792','2025-04-02 08:04:14'),('2024-12-26',1857,7,0,2567,'C','3341500913792','2025-04-02 08:04:14'),('2024-12-26',1858,7,0,2567,'C','3341500913792','2025-04-02 08:04:14'),('2024-12-26',1859,7,0,2567,'C','3341500913792','2025-04-02 08:04:14'),('2024-12-26',1860,7,0,2567,'C','3341500913792','2025-04-02 08:04:14'),('2024-12-26',1861,7,0,2567,'C','3341500913792','2025-04-02 08:04:14'),('2024-12-26',1913,7,0,2567,'C','3341500913792','2025-04-02 08:04:14'),('2024-12-26',1919,7,0,2567,'C','3341500913792','2025-04-02 08:04:14'),('2024-12-27',1849,7,0,2567,'C','3341500913792','2025-04-02 08:04:21'),('2024-12-27',1850,7,0,2567,'C','3341500913792','2025-04-02 08:04:21'),('2024-12-27',1852,7,0,2567,'C','3341500913792','2025-04-02 08:04:21'),('2024-12-27',1853,7,0,2567,'C','3341500913792','2025-04-02 08:04:21'),('2024-12-27',1854,7,0,2567,'C','3341500913792','2025-04-02 08:04:21'),('2024-12-27',1855,7,0,2567,'C','3341500913792','2025-04-02 08:04:21'),('2024-12-27',1856,7,0,2567,'C','3341500913792','2025-04-02 08:04:21'),('2024-12-27',1857,7,0,2567,'C','3341500913792','2025-04-02 08:04:21'),('2024-12-27',1858,7,0,2567,'C','3341500913792','2025-04-02 08:04:21'),('2024-12-27',1859,7,0,2567,'C','3341500913792','2025-04-02 08:04:21'),('2024-12-27',1860,7,0,2567,'C','3341500913792','2025-04-02 08:04:21'),('2024-12-27',1861,7,0,2567,'C','3341500913792','2025-04-02 08:04:21'),('2024-12-27',1913,7,0,2567,'C','3341500913792','2025-04-02 08:04:21'),('2024-12-27',1919,7,0,2567,'C','3341500913792','2025-04-02 08:04:21'),('2024-11-29',1923,3,0,2567,'C','3341500909531','2025-04-02 08:04:33'),('2024-11-29',1925,3,0,2567,'C','3341500909531','2025-04-02 08:04:33'),('2024-11-29',1926,3,0,2567,'C','3341500909531','2025-04-02 08:04:33'),('2024-11-29',1927,3,0,2567,'C','3341500909531','2025-04-02 08:04:33'),('2024-11-29',1928,3,0,2567,'C','3341500909531','2025-04-02 08:04:33'),('2024-11-29',1929,3,0,2567,'C','3341500909531','2025-04-02 08:04:33'),('2024-11-29',1930,3,0,2567,'C','3341500909531','2025-04-02 08:04:33'),('2024-11-29',1931,3,0,2567,'C','3341500909531','2025-04-02 08:04:33'),('2024-11-29',1932,3,0,2567,'C','3341500909531','2025-04-02 08:04:33'),('2024-11-29',1933,3,0,2567,'C','3341500909531','2025-04-02 08:04:33'),('2024-11-29',1934,3,0,2567,'C','3341500909531','2025-04-02 08:04:33'),('2024-11-29',1935,3,0,2567,'C','3341500909531','2025-04-02 08:04:33'),('2024-11-29',1936,3,0,2567,'C','3341500909531','2025-04-02 08:04:33'),('2024-11-29',1937,3,0,2567,'C','3341500909531','2025-04-02 08:04:33'),('2024-11-29',1938,3,0,2567,'C','3341500909531','2025-04-02 08:04:33'),('2024-11-29',1939,3,0,2567,'C','3341500909531','2025-04-02 08:04:33'),('2024-11-29',1940,3,0,2567,'C','3341500909531','2025-04-02 08:04:33'),('2024-11-29',1942,3,0,2567,'C','3341500909531','2025-04-02 08:04:33'),('2024-12-02',1923,3,0,2567,'C','3341500909531','2025-04-02 08:04:37'),('2024-12-02',1925,3,0,2567,'C','3341500909531','2025-04-02 08:04:37'),('2024-12-02',1926,3,0,2567,'L','3341500909531','2025-04-02 08:04:37'),('2024-12-02',1927,3,0,2567,'C','3341500909531','2025-04-02 08:04:37'),('2024-12-02',1928,3,0,2567,'C','3341500909531','2025-04-02 08:04:37'),('2024-12-02',1929,3,0,2567,'C','3341500909531','2025-04-02 08:04:37'),('2024-12-02',1930,3,0,2567,'C','3341500909531','2025-04-02 08:04:37'),('2024-12-02',1931,3,0,2567,'C','3341500909531','2025-04-02 08:04:37'),('2024-12-02',1932,3,0,2567,'S','3341500909531','2025-04-02 08:04:37'),('2024-12-02',1933,3,0,2567,'C','3341500909531','2025-04-02 08:04:37'),('2024-12-02',1934,3,0,2567,'C','3341500909531','2025-04-02 08:04:37'),('2024-12-02',1935,3,0,2567,'C','3341500909531','2025-04-02 08:04:37'),('2024-12-02',1936,3,0,2567,'C','3341500909531','2025-04-02 08:04:37'),('2024-12-02',1937,3,0,2567,'C','3341500909531','2025-04-02 08:04:37'),('2024-12-02',1938,3,0,2567,'C','3341500909531','2025-04-02 08:04:37'),('2024-12-02',1939,3,0,2567,'C','3341500909531','2025-04-02 08:04:37'),('2024-12-02',1940,3,0,2567,'C','3341500909531','2025-04-02 08:04:37'),('2024-12-02',1942,3,0,2567,'C','3341500909531','2025-04-02 08:04:37'),('2024-12-03',1923,3,0,2567,'C','3341500909531','2025-04-02 08:04:45'),('2024-12-03',1925,3,0,2567,'C','3341500909531','2025-04-02 08:04:45'),('2024-12-03',1926,3,0,2567,'C','3341500909531','2025-04-02 08:04:45'),('2024-12-03',1927,3,0,2567,'C','3341500909531','2025-04-02 08:04:45'),('2024-12-03',1928,3,0,2567,'C','3341500909531','2025-04-02 08:04:45'),('2024-12-03',1929,3,0,2567,'C','3341500909531','2025-04-02 08:04:45'),('2024-12-03',1930,3,0,2567,'C','3341500909531','2025-04-02 08:04:45'),('2024-12-03',1931,3,0,2567,'C','3341500909531','2025-04-02 08:04:45'),('2024-12-03',1932,3,0,2567,'C','3341500909531','2025-04-02 08:04:45'),('2024-12-03',1933,3,0,2567,'C','3341500909531','2025-04-02 08:04:45'),('2024-12-03',1934,3,0,2567,'C','3341500909531','2025-04-02 08:04:45'),('2024-12-03',1935,3,0,2567,'C','3341500909531','2025-04-02 08:04:45'),('2024-12-03',1936,3,0,2567,'C','3341500909531','2025-04-02 08:04:45'),('2024-12-03',1937,3,0,2567,'C','3341500909531','2025-04-02 08:04:45'),('2024-12-03',1938,3,0,2567,'C','3341500909531','2025-04-02 08:04:45'),('2024-12-03',1939,3,0,2567,'C','3341500909531','2025-04-02 08:04:45'),('2024-12-03',1940,3,0,2567,'C','3341500909531','2025-04-02 08:04:45'),('2024-12-03',1942,3,0,2567,'C','3341500909531','2025-04-02 08:04:45'),('2024-12-04',1923,3,0,2567,'C','3341500909531','2025-04-02 08:04:57'),('2024-12-04',1925,3,0,2567,'C','3341500909531','2025-04-02 08:04:57'),('2024-12-04',1926,3,0,2567,'C','3341500909531','2025-04-02 08:04:57'),('2024-12-04',1927,3,0,2567,'C','3341500909531','2025-04-02 08:04:57'),('2024-12-04',1928,3,0,2567,'C','3341500909531','2025-04-02 08:04:57'),('2024-12-04',1929,3,0,2567,'C','3341500909531','2025-04-02 08:04:57'),('2024-12-04',1930,3,0,2567,'C','3341500909531','2025-04-02 08:04:57'),('2024-12-04',1931,3,0,2567,'C','3341500909531','2025-04-02 08:04:57'),('2024-12-04',1932,3,0,2567,'C','3341500909531','2025-04-02 08:04:57'),('2024-12-04',1933,3,0,2567,'C','3341500909531','2025-04-02 08:04:57'),('2024-12-04',1934,3,0,2567,'C','3341500909531','2025-04-02 08:04:57'),('2024-12-04',1935,3,0,2567,'C','3341500909531','2025-04-02 08:04:57'),('2024-12-04',1936,3,0,2567,'C','3341500909531','2025-04-02 08:04:57'),('2024-12-04',1937,3,0,2567,'C','3341500909531','2025-04-02 08:04:57'),('2024-12-04',1938,3,0,2567,'C','3341500909531','2025-04-02 08:04:57'),('2024-12-04',1939,3,0,2567,'C','3341500909531','2025-04-02 08:04:57'),('2024-12-04',1940,3,0,2567,'C','3341500909531','2025-04-02 08:04:57'),('2024-12-04',1942,3,0,2567,'C','3341500909531','2025-04-02 08:04:57'),('2024-12-06',1923,3,0,2567,'C','3341500909531','2025-04-02 08:04:10'),('2024-12-06',1925,3,0,2567,'C','3341500909531','2025-04-02 08:04:10'),('2024-12-06',1926,3,0,2567,'C','3341500909531','2025-04-02 08:04:10'),('2024-12-06',1927,3,0,2567,'C','3341500909531','2025-04-02 08:04:10'),('2024-12-06',1928,3,0,2567,'C','3341500909531','2025-04-02 08:04:10'),('2024-12-06',1929,3,0,2567,'C','3341500909531','2025-04-02 08:04:10'),('2024-12-06',1930,3,0,2567,'C','3341500909531','2025-04-02 08:04:10'),('2024-12-06',1931,3,0,2567,'C','3341500909531','2025-04-02 08:04:10'),('2024-12-06',1932,3,0,2567,'C','3341500909531','2025-04-02 08:04:10'),('2024-12-06',1933,3,0,2567,'C','3341500909531','2025-04-02 08:04:10'),('2024-12-06',1934,3,0,2567,'C','3341500909531','2025-04-02 08:04:10'),('2024-12-06',1935,3,0,2567,'C','3341500909531','2025-04-02 08:04:10'),('2024-12-06',1936,3,0,2567,'C','3341500909531','2025-04-02 08:04:10'),('2024-12-06',1937,3,0,2567,'C','3341500909531','2025-04-02 08:04:10'),('2024-12-06',1938,3,0,2567,'C','3341500909531','2025-04-02 08:04:10'),('2024-12-06',1939,3,0,2567,'C','3341500909531','2025-04-02 08:04:10'),('2024-12-06',1940,3,0,2567,'C','3341500909531','2025-04-02 08:04:10'),('2024-12-06',1942,3,0,2567,'C','3341500909531','2025-04-02 08:04:10'),('2024-12-09',1923,3,0,2567,'C','3341500909531','2025-04-02 08:04:20'),('2024-12-09',1925,3,0,2567,'C','3341500909531','2025-04-02 08:04:20'),('2024-12-09',1926,3,0,2567,'C','3341500909531','2025-04-02 08:04:20'),('2024-12-09',1927,3,0,2567,'C','3341500909531','2025-04-02 08:04:20'),('2024-12-09',1928,3,0,2567,'C','3341500909531','2025-04-02 08:04:20'),('2024-12-09',1929,3,0,2567,'C','3341500909531','2025-04-02 08:04:20'),('2024-12-09',1930,3,0,2567,'C','3341500909531','2025-04-02 08:04:20'),('2024-12-09',1931,3,0,2567,'C','3341500909531','2025-04-02 08:04:20'),('2024-12-09',1932,3,0,2567,'C','3341500909531','2025-04-02 08:04:20'),('2024-12-09',1933,3,0,2567,'C','3341500909531','2025-04-02 08:04:20'),('2024-12-09',1934,3,0,2567,'C','3341500909531','2025-04-02 08:04:20'),('2024-12-09',1935,3,0,2567,'C','3341500909531','2025-04-02 08:04:20'),('2024-12-09',1936,3,0,2567,'C','3341500909531','2025-04-02 08:04:20'),('2024-12-09',1937,3,0,2567,'C','3341500909531','2025-04-02 08:04:20'),('2024-12-09',1938,3,0,2567,'C','3341500909531','2025-04-02 08:04:20'),('2024-12-09',1939,3,0,2567,'C','3341500909531','2025-04-02 08:04:20'),('2024-12-09',1940,3,0,2567,'C','3341500909531','2025-04-02 08:04:20'),('2024-12-09',1942,3,0,2567,'C','3341500909531','2025-04-02 08:04:20'),('2024-12-11',1923,3,0,2567,'C','3341500909531','2025-04-02 08:04:47'),('2024-12-11',1925,3,0,2567,'C','3341500909531','2025-04-02 08:04:47'),('2024-12-11',1926,3,0,2567,'C','3341500909531','2025-04-02 08:04:47'),('2024-12-11',1927,3,0,2567,'C','3341500909531','2025-04-02 08:04:47'),('2024-12-11',1928,3,0,2567,'C','3341500909531','2025-04-02 08:04:47'),('2024-12-11',1929,3,0,2567,'C','3341500909531','2025-04-02 08:04:47'),('2024-12-11',1930,3,0,2567,'C','3341500909531','2025-04-02 08:04:47'),('2024-12-11',1931,3,0,2567,'C','3341500909531','2025-04-02 08:04:47'),('2024-12-11',1932,3,0,2567,'C','3341500909531','2025-04-02 08:04:47'),('2024-12-11',1933,3,0,2567,'C','3341500909531','2025-04-02 08:04:47'),('2024-12-11',1934,3,0,2567,'C','3341500909531','2025-04-02 08:04:47'),('2024-12-11',1935,3,0,2567,'C','3341500909531','2025-04-02 08:04:47'),('2024-12-11',1936,3,0,2567,'C','3341500909531','2025-04-02 08:04:47'),('2024-12-11',1937,3,0,2567,'C','3341500909531','2025-04-02 08:04:47'),('2024-12-11',1938,3,0,2567,'C','3341500909531','2025-04-02 08:04:47'),('2024-12-11',1939,3,0,2567,'C','3341500909531','2025-04-02 08:04:47'),('2024-12-11',1940,3,0,2567,'L','3341500909531','2025-04-02 08:04:47'),('2024-12-11',1942,3,0,2567,'C','3341500909531','2025-04-02 08:04:47'),('2024-12-12',1923,3,0,2567,'C','3341500909531','2025-04-02 08:04:58'),('2024-12-12',1925,3,0,2567,'C','3341500909531','2025-04-02 08:04:58'),('2024-12-12',1926,3,0,2567,'C','3341500909531','2025-04-02 08:04:58'),('2024-12-12',1927,3,0,2567,'C','3341500909531','2025-04-02 08:04:58'),('2024-12-12',1928,3,0,2567,'C','3341500909531','2025-04-02 08:04:58'),('2024-12-12',1929,3,0,2567,'C','3341500909531','2025-04-02 08:04:58'),('2024-12-12',1930,3,0,2567,'C','3341500909531','2025-04-02 08:04:58'),('2024-12-12',1931,3,0,2567,'C','3341500909531','2025-04-02 08:04:58'),('2024-12-12',1932,3,0,2567,'C','3341500909531','2025-04-02 08:04:58'),('2024-12-12',1933,3,0,2567,'C','3341500909531','2025-04-02 08:04:58'),('2024-12-12',1934,3,0,2567,'C','3341500909531','2025-04-02 08:04:58'),('2024-12-12',1935,3,0,2567,'C','3341500909531','2025-04-02 08:04:58'),('2024-12-12',1936,3,0,2567,'C','3341500909531','2025-04-02 08:04:58'),('2024-12-12',1937,3,0,2567,'C','3341500909531','2025-04-02 08:04:58'),('2024-12-12',1938,3,0,2567,'C','3341500909531','2025-04-02 08:04:58'),('2024-12-12',1939,3,0,2567,'C','3341500909531','2025-04-02 08:04:58'),('2024-12-12',1940,3,0,2567,'C','3341500909531','2025-04-02 08:04:58'),('2024-12-12',1942,3,0,2567,'C','3341500909531','2025-04-02 08:04:58'),('2024-12-13',1923,3,0,2567,'C','3341500909531','2025-04-02 08:04:08'),('2024-12-13',1925,3,0,2567,'C','3341500909531','2025-04-02 08:04:08'),('2024-12-13',1926,3,0,2567,'C','3341500909531','2025-04-02 08:04:08'),('2024-12-13',1927,3,0,2567,'C','3341500909531','2025-04-02 08:04:08'),('2024-12-13',1928,3,0,2567,'C','3341500909531','2025-04-02 08:04:08'),('2024-12-13',1929,3,0,2567,'C','3341500909531','2025-04-02 08:04:08'),('2024-12-13',1930,3,0,2567,'C','3341500909531','2025-04-02 08:04:08'),('2024-12-13',1931,3,0,2567,'C','3341500909531','2025-04-02 08:04:08'),('2024-12-13',1932,3,0,2567,'C','3341500909531','2025-04-02 08:04:08'),('2024-12-13',1933,3,0,2567,'C','3341500909531','2025-04-02 08:04:08'),('2024-12-13',1934,3,0,2567,'C','3341500909531','2025-04-02 08:04:08'),('2024-12-13',1935,3,0,2567,'C','3341500909531','2025-04-02 08:04:08'),('2024-12-13',1936,3,0,2567,'C','3341500909531','2025-04-02 08:04:08'),('2024-12-13',1937,3,0,2567,'C','3341500909531','2025-04-02 08:04:08'),('2024-12-13',1938,3,0,2567,'C','3341500909531','2025-04-02 08:04:08'),('2024-12-13',1939,3,0,2567,'C','3341500909531','2025-04-02 08:04:08'),('2024-12-13',1940,3,0,2567,'C','3341500909531','2025-04-02 08:04:08'),('2024-12-13',1942,3,0,2567,'C','3341500909531','2025-04-02 08:04:08'),('2024-12-16',1923,3,0,2567,'C','3341500909531','2025-04-02 08:04:42'),('2024-12-16',1925,3,0,2567,'L','3341500909531','2025-04-02 08:04:42'),('2024-12-16',1926,3,0,2567,'C','3341500909531','2025-04-02 08:04:42'),('2024-12-16',1927,3,0,2567,'S','3341500909531','2025-04-02 08:04:42'),('2024-12-16',1928,3,0,2567,'C','3341500909531','2025-04-02 08:04:42'),('2024-12-16',1929,3,0,2567,'C','3341500909531','2025-04-02 08:04:42'),('2024-12-16',1930,3,0,2567,'C','3341500909531','2025-04-02 08:04:42'),('2024-12-16',1931,3,0,2567,'C','3341500909531','2025-04-02 08:04:42'),('2024-12-16',1932,3,0,2567,'C','3341500909531','2025-04-02 08:04:42'),('2024-12-16',1933,3,0,2567,'C','3341500909531','2025-04-02 08:04:42'),('2024-12-16',1934,3,0,2567,'C','3341500909531','2025-04-02 08:04:42'),('2024-12-16',1935,3,0,2567,'C','3341500909531','2025-04-02 08:04:42'),('2024-12-16',1936,3,0,2567,'C','3341500909531','2025-04-02 08:04:42'),('2024-12-16',1937,3,0,2567,'C','3341500909531','2025-04-02 08:04:42'),('2024-12-16',1938,3,0,2567,'C','3341500909531','2025-04-02 08:04:42'),('2024-12-16',1939,3,0,2567,'C','3341500909531','2025-04-02 08:04:42'),('2024-12-16',1940,3,0,2567,'C','3341500909531','2025-04-02 08:04:42'),('2024-12-16',1942,3,0,2567,'C','3341500909531','2025-04-02 08:04:42'),('2024-12-17',1923,3,0,2567,'C','3341500909531','2025-04-02 08:04:05'),('2024-12-17',1925,3,0,2567,'C','3341500909531','2025-04-02 08:04:05'),('2024-12-17',1926,3,0,2567,'C','3341500909531','2025-04-02 08:04:05'),('2024-12-17',1927,3,0,2567,'S','3341500909531','2025-04-02 08:04:05'),('2024-12-17',1928,3,0,2567,'C','3341500909531','2025-04-02 08:04:05'),('2024-12-17',1929,3,0,2567,'C','3341500909531','2025-04-02 08:04:05'),('2024-12-17',1930,3,0,2567,'C','3341500909531','2025-04-02 08:04:05'),('2024-12-17',1931,3,0,2567,'C','3341500909531','2025-04-02 08:04:05'),('2024-12-17',1932,3,0,2567,'C','3341500909531','2025-04-02 08:04:05'),('2024-12-17',1933,3,0,2567,'C','3341500909531','2025-04-02 08:04:05'),('2024-12-17',1934,3,0,2567,'C','3341500909531','2025-04-02 08:04:05'),('2024-12-17',1935,3,0,2567,'C','3341500909531','2025-04-02 08:04:05'),('2024-12-17',1936,3,0,2567,'S','3341500909531','2025-04-02 08:04:05'),('2024-12-17',1937,3,0,2567,'C','3341500909531','2025-04-02 08:04:05'),('2024-12-17',1938,3,0,2567,'C','3341500909531','2025-04-02 08:04:05'),('2024-12-17',1939,3,0,2567,'C','3341500909531','2025-04-02 08:04:05'),('2024-12-17',1940,3,0,2567,'C','3341500909531','2025-04-02 08:04:05'),('2024-12-17',1942,3,0,2567,'C','3341500909531','2025-04-02 08:04:05'),('2024-12-18',1923,3,0,2567,'C','3341500909531','2025-04-02 08:04:32'),('2024-12-18',1925,3,0,2567,'C','3341500909531','2025-04-02 08:04:32'),('2024-12-18',1926,3,0,2567,'C','3341500909531','2025-04-02 08:04:32'),('2024-12-18',1927,3,0,2567,'C','3341500909531','2025-04-02 08:04:32'),('2024-12-18',1928,3,0,2567,'C','3341500909531','2025-04-02 08:04:32'),('2024-12-18',1929,3,0,2567,'C','3341500909531','2025-04-02 08:04:32'),('2024-12-18',1930,3,0,2567,'C','3341500909531','2025-04-02 08:04:32'),('2024-12-18',1931,3,0,2567,'C','3341500909531','2025-04-02 08:04:32'),('2024-12-18',1932,3,0,2567,'C','3341500909531','2025-04-02 08:04:32'),('2024-12-18',1933,3,0,2567,'C','3341500909531','2025-04-02 08:04:32'),('2024-12-18',1934,3,0,2567,'C','3341500909531','2025-04-02 08:04:32'),('2024-12-18',1935,3,0,2567,'C','3341500909531','2025-04-02 08:04:32'),('2024-12-18',1936,3,0,2567,'C','3341500909531','2025-04-02 08:04:32'),('2024-12-18',1937,3,0,2567,'C','3341500909531','2025-04-02 08:04:32'),('2024-12-18',1938,3,0,2567,'C','3341500909531','2025-04-02 08:04:32'),('2024-12-18',1939,3,0,2567,'C','3341500909531','2025-04-02 08:04:32'),('2024-12-18',1940,3,0,2567,'C','3341500909531','2025-04-02 08:04:32'),('2024-12-18',1942,3,0,2567,'C','3341500909531','2025-04-02 08:04:32'),('2024-12-19',1923,3,0,2567,'C','3341500909531','2025-04-02 08:04:46'),('2024-12-19',1925,3,0,2567,'C','3341500909531','2025-04-02 08:04:46'),('2024-12-19',1926,3,0,2567,'C','3341500909531','2025-04-02 08:04:46'),('2024-12-19',1927,3,0,2567,'C','3341500909531','2025-04-02 08:04:46'),('2024-12-19',1928,3,0,2567,'C','3341500909531','2025-04-02 08:04:46'),('2024-12-19',1929,3,0,2567,'C','3341500909531','2025-04-02 08:04:46'),('2024-12-19',1930,3,0,2567,'C','3341500909531','2025-04-02 08:04:46'),('2024-12-19',1931,3,0,2567,'C','3341500909531','2025-04-02 08:04:46'),('2024-12-19',1932,3,0,2567,'C','3341500909531','2025-04-02 08:04:46'),('2024-12-19',1933,3,0,2567,'C','3341500909531','2025-04-02 08:04:46'),('2024-12-19',1934,3,0,2567,'C','3341500909531','2025-04-02 08:04:46'),('2024-12-19',1935,3,0,2567,'C','3341500909531','2025-04-02 08:04:46'),('2024-12-19',1936,3,0,2567,'C','3341500909531','2025-04-02 08:04:46'),('2024-12-19',1937,3,0,2567,'C','3341500909531','2025-04-02 08:04:46'),('2024-12-19',1938,3,0,2567,'C','3341500909531','2025-04-02 08:04:46'),('2024-12-19',1939,3,0,2567,'C','3341500909531','2025-04-02 08:04:46'),('2024-12-19',1940,3,0,2567,'C','3341500909531','2025-04-02 08:04:46'),('2024-12-19',1942,3,0,2567,'S','3341500909531','2025-04-02 08:04:46'),('2024-12-20',1923,3,0,2567,'C','3341500909531','2025-04-02 08:04:16'),('2024-12-20',1925,3,0,2567,'C','3341500909531','2025-04-02 08:04:16'),('2024-12-20',1926,3,0,2567,'C','3341500909531','2025-04-02 08:04:16'),('2024-12-20',1927,3,0,2567,'C','3341500909531','2025-04-02 08:04:16'),('2024-12-20',1928,3,0,2567,'C','3341500909531','2025-04-02 08:04:16'),('2024-12-20',1929,3,0,2567,'C','3341500909531','2025-04-02 08:04:16'),('2024-12-20',1930,3,0,2567,'C','3341500909531','2025-04-02 08:04:16'),('2024-12-20',1931,3,0,2567,'C','3341500909531','2025-04-02 08:04:16'),('2024-12-20',1932,3,0,2567,'C','3341500909531','2025-04-02 08:04:16'),('2024-12-20',1933,3,0,2567,'C','3341500909531','2025-04-02 08:04:16'),('2024-12-20',1934,3,0,2567,'C','3341500909531','2025-04-02 08:04:16'),('2024-12-20',1935,3,0,2567,'C','3341500909531','2025-04-02 08:04:16'),('2024-12-20',1936,3,0,2567,'C','3341500909531','2025-04-02 08:04:16'),('2024-12-20',1937,3,0,2567,'C','3341500909531','2025-04-02 08:04:16'),('2024-12-20',1938,3,0,2567,'C','3341500909531','2025-04-02 08:04:16'),('2024-12-20',1939,3,0,2567,'C','3341500909531','2025-04-02 08:04:16'),('2024-12-20',1940,3,0,2567,'C','3341500909531','2025-04-02 08:04:16'),('2024-12-20',1942,3,0,2567,'C','3341500909531','2025-04-02 08:04:16'),('2024-12-23',1923,3,0,2567,'C','3341500909531','2025-04-02 08:04:27'),('2024-12-23',1925,3,0,2567,'C','3341500909531','2025-04-02 08:04:27'),('2024-12-23',1926,3,0,2567,'C','3341500909531','2025-04-02 08:04:27'),('2024-12-23',1927,3,0,2567,'C','3341500909531','2025-04-02 08:04:27'),('2024-12-23',1928,3,0,2567,'C','3341500909531','2025-04-02 08:04:27'),('2024-12-23',1929,3,0,2567,'C','3341500909531','2025-04-02 08:04:27'),('2024-12-23',1930,3,0,2567,'C','3341500909531','2025-04-02 08:04:27'),('2024-12-23',1931,3,0,2567,'C','3341500909531','2025-04-02 08:04:27'),('2024-12-23',1932,3,0,2567,'C','3341500909531','2025-04-02 08:04:27'),('2024-12-23',1933,3,0,2567,'C','3341500909531','2025-04-02 08:04:27'),('2024-12-23',1934,3,0,2567,'C','3341500909531','2025-04-02 08:04:27'),('2024-12-23',1935,3,0,2567,'C','3341500909531','2025-04-02 08:04:27'),('2024-12-23',1936,3,0,2567,'C','3341500909531','2025-04-02 08:04:27'),('2024-12-23',1937,3,0,2567,'C','3341500909531','2025-04-02 08:04:27'),('2024-12-23',1938,3,0,2567,'C','3341500909531','2025-04-02 08:04:27'),('2024-12-23',1939,3,0,2567,'C','3341500909531','2025-04-02 08:04:27'),('2024-12-23',1940,3,0,2567,'C','3341500909531','2025-04-02 08:04:27'),('2024-12-23',1942,3,0,2567,'C','3341500909531','2025-04-02 08:04:27'),('2024-12-24',1923,3,0,2567,'C','3341500909531','2025-04-02 08:04:44'),('2024-12-24',1925,3,0,2567,'C','3341500909531','2025-04-02 08:04:44'),('2024-12-24',1926,3,0,2567,'C','3341500909531','2025-04-02 08:04:44'),('2024-12-24',1927,3,0,2567,'C','3341500909531','2025-04-02 08:04:44'),('2024-12-24',1928,3,0,2567,'C','3341500909531','2025-04-02 08:04:44'),('2024-12-24',1929,3,0,2567,'C','3341500909531','2025-04-02 08:04:44'),('2024-12-24',1930,3,0,2567,'C','3341500909531','2025-04-02 08:04:44'),('2024-12-24',1931,3,0,2567,'C','3341500909531','2025-04-02 08:04:44'),('2024-12-24',1932,3,0,2567,'C','3341500909531','2025-04-02 08:04:44'),('2024-12-24',1933,3,0,2567,'L','3341500909531','2025-04-02 08:04:44'),('2024-12-24',1934,3,0,2567,'C','3341500909531','2025-04-02 08:04:44'),('2024-12-24',1935,3,0,2567,'C','3341500909531','2025-04-02 08:04:44'),('2024-12-24',1936,3,0,2567,'C','3341500909531','2025-04-02 08:04:44'),('2024-12-24',1937,3,0,2567,'C','3341500909531','2025-04-02 08:04:44'),('2024-12-24',1938,3,0,2567,'C','3341500909531','2025-04-02 08:04:44'),('2024-12-24',1939,3,0,2567,'C','3341500909531','2025-04-02 08:04:44'),('2024-12-24',1940,3,0,2567,'C','3341500909531','2025-04-02 08:04:44'),('2024-12-24',1942,3,0,2567,'C','3341500909531','2025-04-02 08:04:44'),('2024-12-25',1923,3,0,2567,'C','3341500909531','2025-04-02 08:04:56'),('2024-12-25',1925,3,0,2567,'C','3341500909531','2025-04-02 08:04:56'),('2024-12-25',1926,3,0,2567,'C','3341500909531','2025-04-02 08:04:56'),('2024-12-25',1927,3,0,2567,'C','3341500909531','2025-04-02 08:04:56'),('2024-12-25',1928,3,0,2567,'C','3341500909531','2025-04-02 08:04:56'),('2024-12-25',1929,3,0,2567,'C','3341500909531','2025-04-02 08:04:56'),('2024-12-25',1930,3,0,2567,'C','3341500909531','2025-04-02 08:04:56'),('2024-12-25',1931,3,0,2567,'C','3341500909531','2025-04-02 08:04:56'),('2024-12-25',1932,3,0,2567,'C','3341500909531','2025-04-02 08:04:56'),('2024-12-25',1933,3,0,2567,'C','3341500909531','2025-04-02 08:04:56'),('2024-12-25',1934,3,0,2567,'C','3341500909531','2025-04-02 08:04:56'),('2024-12-25',1935,3,0,2567,'C','3341500909531','2025-04-02 08:04:56'),('2024-12-25',1936,3,0,2567,'C','3341500909531','2025-04-02 08:04:56'),('2024-12-25',1937,3,0,2567,'S','3341500909531','2025-04-02 08:04:56'),('2024-12-25',1938,3,0,2567,'C','3341500909531','2025-04-02 08:04:56'),('2024-12-25',1939,3,0,2567,'C','3341500909531','2025-04-02 08:04:56'),('2024-12-25',1940,3,0,2567,'C','3341500909531','2025-04-02 08:04:56'),('2024-12-25',1942,3,0,2567,'C','3341500909531','2025-04-02 08:04:56'),('2024-12-26',1923,3,0,2567,'C','3341500909531','2025-04-02 09:04:08'),('2024-12-26',1925,3,0,2567,'C','3341500909531','2025-04-02 09:04:08'),('2024-12-26',1926,3,0,2567,'C','3341500909531','2025-04-02 09:04:08'),('2024-12-26',1927,3,0,2567,'C','3341500909531','2025-04-02 09:04:08'),('2024-12-26',1928,3,0,2567,'C','3341500909531','2025-04-02 09:04:08'),('2024-12-26',1929,3,0,2567,'C','3341500909531','2025-04-02 09:04:08'),('2024-12-26',1930,3,0,2567,'C','3341500909531','2025-04-02 09:04:08'),('2024-12-26',1931,3,0,2567,'C','3341500909531','2025-04-02 09:04:08'),('2024-12-26',1932,3,0,2567,'C','3341500909531','2025-04-02 09:04:08'),('2024-12-26',1933,3,0,2567,'C','3341500909531','2025-04-02 09:04:08'),('2024-12-26',1934,3,0,2567,'C','3341500909531','2025-04-02 09:04:08'),('2024-12-26',1935,3,0,2567,'C','3341500909531','2025-04-02 09:04:08'),('2024-12-26',1936,3,0,2567,'C','3341500909531','2025-04-02 09:04:08'),('2024-12-26',1937,3,0,2567,'C','3341500909531','2025-04-02 09:04:08'),('2024-12-26',1938,3,0,2567,'C','3341500909531','2025-04-02 09:04:08'),('2024-12-26',1939,3,0,2567,'C','3341500909531','2025-04-02 09:04:08'),('2024-12-26',1940,3,0,2567,'C','3341500909531','2025-04-02 09:04:08'),('2024-12-26',1942,3,0,2567,'C','3341500909531','2025-04-02 09:04:08'),('2024-12-27',1923,3,0,2567,'C','3341500909531','2025-04-02 09:04:15'),('2024-12-27',1925,3,0,2567,'C','3341500909531','2025-04-02 09:04:15'),('2024-12-27',1926,3,0,2567,'C','3341500909531','2025-04-02 09:04:15'),('2024-12-27',1927,3,0,2567,'C','3341500909531','2025-04-02 09:04:15'),('2024-12-27',1928,3,0,2567,'C','3341500909531','2025-04-02 09:04:15'),('2024-12-27',1929,3,0,2567,'C','3341500909531','2025-04-02 09:04:15'),('2024-12-27',1930,3,0,2567,'C','3341500909531','2025-04-02 09:04:15'),('2024-12-27',1931,3,0,2567,'C','3341500909531','2025-04-02 09:04:15'),('2024-12-27',1932,3,0,2567,'C','3341500909531','2025-04-02 09:04:15'),('2024-12-27',1933,3,0,2567,'C','3341500909531','2025-04-02 09:04:15'),('2024-12-27',1934,3,0,2567,'C','3341500909531','2025-04-02 09:04:15'),('2024-12-27',1935,3,0,2567,'C','3341500909531','2025-04-02 09:04:15'),('2024-12-27',1936,3,0,2567,'C','3341500909531','2025-04-02 09:04:15'),('2024-12-27',1937,3,0,2567,'C','3341500909531','2025-04-02 09:04:15'),('2024-12-27',1938,3,0,2567,'C','3341500909531','2025-04-02 09:04:15'),('2024-12-27',1939,3,0,2567,'C','3341500909531','2025-04-02 09:04:15'),('2024-12-27',1940,3,0,2567,'C','3341500909531','2025-04-02 09:04:15'),('2024-12-27',1942,3,0,2567,'C','3341500909531','2025-04-02 09:04:15'),('2025-01-02',1923,3,0,2567,'C','3341500909531','2025-04-02 09:04:11'),('2025-01-02',1925,3,0,2567,'C','3341500909531','2025-04-02 09:04:11'),('2025-01-02',1926,3,0,2567,'C','3341500909531','2025-04-02 09:04:11'),('2025-01-02',1927,3,0,2567,'C','3341500909531','2025-04-02 09:04:11'),('2025-01-02',1928,3,0,2567,'C','3341500909531','2025-04-02 09:04:11'),('2025-01-02',1929,3,0,2567,'C','3341500909531','2025-04-02 09:04:11'),('2025-01-02',1930,3,0,2567,'C','3341500909531','2025-04-02 09:04:11'),('2025-01-02',1931,3,0,2567,'C','3341500909531','2025-04-02 09:04:11'),('2025-01-02',1932,3,0,2567,'C','3341500909531','2025-04-02 09:04:11'),('2025-01-02',1933,3,0,2567,'C','3341500909531','2025-04-02 09:04:11'),('2025-01-02',1934,3,0,2567,'C','3341500909531','2025-04-02 09:04:11'),('2025-01-02',1935,3,0,2567,'C','3341500909531','2025-04-02 09:04:11'),('2025-01-02',1936,3,0,2567,'C','3341500909531','2025-04-02 09:04:11'),('2025-01-02',1937,3,0,2567,'C','3341500909531','2025-04-02 09:04:11'),('2025-01-02',1938,3,0,2567,'C','3341500909531','2025-04-02 09:04:11'),('2025-01-02',1939,3,0,2567,'C','3341500909531','2025-04-02 09:04:11'),('2025-01-02',1940,3,0,2567,'C','3341500909531','2025-04-02 09:04:11'),('2025-01-02',1942,3,0,2567,'C','3341500909531','2025-04-02 09:04:11'),('2025-01-03',1923,3,0,2567,'C','3341500909531','2025-04-02 09:04:17'),('2025-01-03',1925,3,0,2567,'C','3341500909531','2025-04-02 09:04:17'),('2025-01-03',1926,3,0,2567,'C','3341500909531','2025-04-02 09:04:17'),('2025-01-03',1927,3,0,2567,'C','3341500909531','2025-04-02 09:04:17'),('2025-01-03',1928,3,0,2567,'C','3341500909531','2025-04-02 09:04:17'),('2025-01-03',1929,3,0,2567,'C','3341500909531','2025-04-02 09:04:17'),('2025-01-03',1930,3,0,2567,'C','3341500909531','2025-04-02 09:04:17'),('2025-01-03',1931,3,0,2567,'C','3341500909531','2025-04-02 09:04:17'),('2025-01-03',1932,3,0,2567,'C','3341500909531','2025-04-02 09:04:17'),('2025-01-03',1933,3,0,2567,'C','3341500909531','2025-04-02 09:04:17'),('2025-01-03',1934,3,0,2567,'C','3341500909531','2025-04-02 09:04:17'),('2025-01-03',1935,3,0,2567,'C','3341500909531','2025-04-02 09:04:17'),('2025-01-03',1936,3,0,2567,'C','3341500909531','2025-04-02 09:04:17'),('2025-01-03',1937,3,0,2567,'C','3341500909531','2025-04-02 09:04:17'),('2025-01-03',1938,3,0,2567,'C','3341500909531','2025-04-02 09:04:17'),('2025-01-03',1939,3,0,2567,'C','3341500909531','2025-04-02 09:04:17'),('2025-01-03',1940,3,0,2567,'C','3341500909531','2025-04-02 09:04:17'),('2025-01-03',1942,3,0,2567,'C','3341500909531','2025-04-02 09:04:17'),('2025-01-02',1849,7,0,2567,'C','3341500913792','2025-04-02 09:04:23'),('2025-01-02',1850,7,0,2567,'C','3341500913792','2025-04-02 09:04:23'),('2025-01-02',1852,7,0,2567,'C','3341500913792','2025-04-02 09:04:23'),('2025-01-02',1853,7,0,2567,'C','3341500913792','2025-04-02 09:04:23'),('2025-01-02',1854,7,0,2567,'C','3341500913792','2025-04-02 09:04:23'),('2025-01-02',1855,7,0,2567,'C','3341500913792','2025-04-02 09:04:23'),('2025-01-02',1856,7,0,2567,'C','3341500913792','2025-04-02 09:04:23'),('2025-01-02',1857,7,0,2567,'C','3341500913792','2025-04-02 09:04:23'),('2025-01-02',1858,7,0,2567,'C','3341500913792','2025-04-02 09:04:23'),('2025-01-02',1859,7,0,2567,'C','3341500913792','2025-04-02 09:04:23'),('2025-01-02',1860,7,0,2567,'C','3341500913792','2025-04-02 09:04:23'),('2025-01-02',1861,7,0,2567,'C','3341500913792','2025-04-02 09:04:23'),('2025-01-02',1913,7,0,2567,'C','3341500913792','2025-04-02 09:04:23'),('2025-01-02',1919,7,0,2567,'C','3341500913792','2025-04-02 09:04:23'),('2025-01-03',1849,7,0,2567,'C','3341500913792','2025-04-02 09:04:30'),('2025-01-03',1850,7,0,2567,'C','3341500913792','2025-04-02 09:04:30'),('2025-01-03',1852,7,0,2567,'C','3341500913792','2025-04-02 09:04:30'),('2025-01-03',1853,7,0,2567,'C','3341500913792','2025-04-02 09:04:30'),('2025-01-03',1854,7,0,2567,'C','3341500913792','2025-04-02 09:04:30'),('2025-01-03',1855,7,0,2567,'C','3341500913792','2025-04-02 09:04:30'),('2025-01-03',1856,7,0,2567,'C','3341500913792','2025-04-02 09:04:30'),('2025-01-03',1857,7,0,2567,'C','3341500913792','2025-04-02 09:04:30'),('2025-01-03',1858,7,0,2567,'C','3341500913792','2025-04-02 09:04:30'),('2025-01-03',1859,7,0,2567,'C','3341500913792','2025-04-02 09:04:30'),('2025-01-03',1860,7,0,2567,'C','3341500913792','2025-04-02 09:04:30'),('2025-01-03',1861,7,0,2567,'C','3341500913792','2025-04-02 09:04:30'),('2025-01-03',1913,7,0,2567,'C','3341500913792','2025-04-02 09:04:30'),('2025-01-03',1919,7,0,2567,'C','3341500913792','2025-04-02 09:04:30'),('2025-01-06',1849,7,0,2567,'C','3341500913792','2025-04-02 09:04:52'),('2025-01-06',1850,7,0,2567,'C','3341500913792','2025-04-02 09:04:52'),('2025-01-06',1852,7,0,2567,'C','3341500913792','2025-04-02 09:04:52'),('2025-01-06',1853,7,0,2567,'C','3341500913792','2025-04-02 09:04:52'),('2025-01-06',1854,7,0,2567,'C','3341500913792','2025-04-02 09:04:52'),('2025-01-06',1855,7,0,2567,'C','3341500913792','2025-04-02 09:04:52'),('2025-01-06',1856,7,0,2567,'C','3341500913792','2025-04-02 09:04:52'),('2025-01-06',1857,7,0,2567,'C','3341500913792','2025-04-02 09:04:52'),('2025-01-06',1858,7,0,2567,'C','3341500913792','2025-04-02 09:04:52'),('2025-01-06',1859,7,0,2567,'C','3341500913792','2025-04-02 09:04:52'),('2025-01-06',1860,7,0,2567,'C','3341500913792','2025-04-02 09:04:52'),('2025-01-06',1861,7,0,2567,'C','3341500913792','2025-04-02 09:04:52'),('2025-01-06',1913,7,0,2567,'C','3341500913792','2025-04-02 09:04:52'),('2025-01-06',1919,7,0,2567,'C','3341500913792','2025-04-02 09:04:52'),('2025-01-07',1849,7,0,2567,'C','3341500913792','2025-04-02 09:04:58'),('2025-01-07',1850,7,0,2567,'C','3341500913792','2025-04-02 09:04:58'),('2025-01-07',1852,7,0,2567,'C','3341500913792','2025-04-02 09:04:58'),('2025-01-07',1853,7,0,2567,'C','3341500913792','2025-04-02 09:04:58'),('2025-01-07',1854,7,0,2567,'C','3341500913792','2025-04-02 09:04:58'),('2025-01-07',1855,7,0,2567,'C','3341500913792','2025-04-02 09:04:58'),('2025-01-07',1856,7,0,2567,'C','3341500913792','2025-04-02 09:04:58'),('2025-01-07',1857,7,0,2567,'C','3341500913792','2025-04-02 09:04:58'),('2025-01-07',1858,7,0,2567,'C','3341500913792','2025-04-02 09:04:58'),('2025-01-07',1859,7,0,2567,'C','3341500913792','2025-04-02 09:04:58'),('2025-01-07',1860,7,0,2567,'C','3341500913792','2025-04-02 09:04:58'),('2025-01-07',1861,7,0,2567,'C','3341500913792','2025-04-02 09:04:58'),('2025-01-07',1913,7,0,2567,'C','3341500913792','2025-04-02 09:04:58'),('2025-01-07',1919,7,0,2567,'C','3341500913792','2025-04-02 09:04:58'),('2025-01-08',1849,7,0,2567,'C','3341500913792','2025-04-02 09:04:05'),('2025-01-08',1850,7,0,2567,'C','3341500913792','2025-04-02 09:04:05'),('2025-01-08',1852,7,0,2567,'C','3341500913792','2025-04-02 09:04:05'),('2025-01-08',1853,7,0,2567,'C','3341500913792','2025-04-02 09:04:05'),('2025-01-08',1854,7,0,2567,'C','3341500913792','2025-04-02 09:04:05'),('2025-01-08',1855,7,0,2567,'C','3341500913792','2025-04-02 09:04:05'),('2025-01-08',1856,7,0,2567,'C','3341500913792','2025-04-02 09:04:05'),('2025-01-08',1857,7,0,2567,'C','3341500913792','2025-04-02 09:04:05'),('2025-01-08',1858,7,0,2567,'C','3341500913792','2025-04-02 09:04:05'),('2025-01-08',1859,7,0,2567,'C','3341500913792','2025-04-02 09:04:05'),('2025-01-08',1860,7,0,2567,'C','3341500913792','2025-04-02 09:04:05'),('2025-01-08',1861,7,0,2567,'C','3341500913792','2025-04-02 09:04:05'),('2025-01-08',1913,7,0,2567,'C','3341500913792','2025-04-02 09:04:05'),('2025-01-08',1919,7,0,2567,'C','3341500913792','2025-04-02 09:04:05'),('2025-01-06',1923,3,0,2567,'S','3341500909531','2025-04-02 09:04:07'),('2025-01-06',1925,3,0,2567,'C','3341500909531','2025-04-02 09:04:07'),('2025-01-06',1926,3,0,2567,'L','3341500909531','2025-04-02 09:04:07'),('2025-01-06',1927,3,0,2567,'C','3341500909531','2025-04-02 09:04:07'),('2025-01-06',1928,3,0,2567,'C','3341500909531','2025-04-02 09:04:07'),('2025-01-06',1929,3,0,2567,'C','3341500909531','2025-04-02 09:04:07'),('2025-01-06',1930,3,0,2567,'C','3341500909531','2025-04-02 09:04:07'),('2025-01-06',1931,3,0,2567,'C','3341500909531','2025-04-02 09:04:07'),('2025-01-06',1932,3,0,2567,'C','3341500909531','2025-04-02 09:04:07'),('2025-01-06',1933,3,0,2567,'C','3341500909531','2025-04-02 09:04:07'),('2025-01-06',1934,3,0,2567,'S','3341500909531','2025-04-02 09:04:07'),('2025-01-06',1935,3,0,2567,'S','3341500909531','2025-04-02 09:04:07'),('2025-01-06',1936,3,0,2567,'C','3341500909531','2025-04-02 09:04:07'),('2025-01-06',1937,3,0,2567,'C','3341500909531','2025-04-02 09:04:07'),('2025-01-06',1938,3,0,2567,'C','3341500909531','2025-04-02 09:04:07'),('2025-01-06',1939,3,0,2567,'C','3341500909531','2025-04-02 09:04:07'),('2025-01-06',1940,3,0,2567,'L','3341500909531','2025-04-02 09:04:07'),('2025-01-06',1942,3,0,2567,'C','3341500909531','2025-04-02 09:04:07'),('2025-01-09',1849,7,0,2567,'C','3341500913792','2025-04-02 09:04:22'),('2025-01-09',1850,7,0,2567,'C','3341500913792','2025-04-02 09:04:22'),('2025-01-09',1852,7,0,2567,'C','3341500913792','2025-04-02 09:04:22'),('2025-01-09',1853,7,0,2567,'C','3341500913792','2025-04-02 09:04:22'),('2025-01-09',1854,7,0,2567,'C','3341500913792','2025-04-02 09:04:22'),('2025-01-09',1855,7,0,2567,'C','3341500913792','2025-04-02 09:04:22'),('2025-01-09',1856,7,0,2567,'C','3341500913792','2025-04-02 09:04:22'),('2025-01-09',1857,7,0,2567,'C','3341500913792','2025-04-02 09:04:22'),('2025-01-09',1858,7,0,2567,'C','3341500913792','2025-04-02 09:04:22'),('2025-01-09',1859,7,0,2567,'C','3341500913792','2025-04-02 09:04:22'),('2025-01-09',1860,7,0,2567,'C','3341500913792','2025-04-02 09:04:22'),('2025-01-09',1861,7,0,2567,'C','3341500913792','2025-04-02 09:04:22'),('2025-01-09',1913,7,0,2567,'C','3341500913792','2025-04-02 09:04:22'),('2025-01-09',1919,7,0,2567,'C','3341500913792','2025-04-02 09:04:22'),('2025-01-10',1849,7,0,2567,'C','3341500913792','2025-04-02 09:04:29'),('2025-01-10',1850,7,0,2567,'C','3341500913792','2025-04-02 09:04:29'),('2025-01-10',1852,7,0,2567,'C','3341500913792','2025-04-02 09:04:29'),('2025-01-10',1853,7,0,2567,'C','3341500913792','2025-04-02 09:04:29'),('2025-01-10',1854,7,0,2567,'C','3341500913792','2025-04-02 09:04:29'),('2025-01-10',1855,7,0,2567,'C','3341500913792','2025-04-02 09:04:29'),('2025-01-10',1856,7,0,2567,'C','3341500913792','2025-04-02 09:04:29'),('2025-01-10',1857,7,0,2567,'C','3341500913792','2025-04-02 09:04:29'),('2025-01-10',1858,7,0,2567,'C','3341500913792','2025-04-02 09:04:29'),('2025-01-10',1859,7,0,2567,'C','3341500913792','2025-04-02 09:04:29'),('2025-01-10',1860,7,0,2567,'C','3341500913792','2025-04-02 09:04:29'),('2025-01-10',1861,7,0,2567,'C','3341500913792','2025-04-02 09:04:29'),('2025-01-10',1913,7,0,2567,'C','3341500913792','2025-04-02 09:04:29'),('2025-01-10',1919,7,0,2567,'C','3341500913792','2025-04-02 09:04:29'),('2025-01-13',1849,7,0,2567,'C','3341500913792','2025-04-02 09:04:42'),('2025-01-13',1850,7,0,2567,'C','3341500913792','2025-04-02 09:04:42'),('2025-01-13',1852,7,0,2567,'C','3341500913792','2025-04-02 09:04:42'),('2025-01-13',1853,7,0,2567,'C','3341500913792','2025-04-02 09:04:42'),('2025-01-13',1854,7,0,2567,'C','3341500913792','2025-04-02 09:04:42'),('2025-01-13',1855,7,0,2567,'C','3341500913792','2025-04-02 09:04:42'),('2025-01-13',1856,7,0,2567,'C','3341500913792','2025-04-02 09:04:42'),('2025-01-13',1857,7,0,2567,'C','3341500913792','2025-04-02 09:04:42'),('2025-01-13',1858,7,0,2567,'C','3341500913792','2025-04-02 09:04:42'),('2025-01-13',1859,7,0,2567,'C','3341500913792','2025-04-02 09:04:42'),('2025-01-13',1860,7,0,2567,'C','3341500913792','2025-04-02 09:04:42'),('2025-01-13',1861,7,0,2567,'C','3341500913792','2025-04-02 09:04:42'),('2025-01-13',1913,7,0,2567,'C','3341500913792','2025-04-02 09:04:42'),('2025-01-13',1919,7,0,2567,'C','3341500913792','2025-04-02 09:04:42'),('2025-01-07',1923,3,0,2567,'S','3341500909531','2025-04-02 09:04:49'),('2025-01-07',1925,3,0,2567,'C','3341500909531','2025-04-02 09:04:49'),('2025-01-07',1926,3,0,2567,'S','3341500909531','2025-04-02 09:04:49'),('2025-01-07',1927,3,0,2567,'C','3341500909531','2025-04-02 09:04:49'),('2025-01-07',1928,3,0,2567,'C','3341500909531','2025-04-02 09:04:49'),('2025-01-07',1929,3,0,2567,'C','3341500909531','2025-04-02 09:04:49'),('2025-01-07',1930,3,0,2567,'C','3341500909531','2025-04-02 09:04:49'),('2025-01-07',1931,3,0,2567,'C','3341500909531','2025-04-02 09:04:49'),('2025-01-07',1932,3,0,2567,'C','3341500909531','2025-04-02 09:04:49'),('2025-01-07',1933,3,0,2567,'C','3341500909531','2025-04-02 09:04:49'),('2025-01-07',1934,3,0,2567,'S','3341500909531','2025-04-02 09:04:49'),('2025-01-07',1935,3,0,2567,'C','3341500909531','2025-04-02 09:04:49'),('2025-01-07',1936,3,0,2567,'C','3341500909531','2025-04-02 09:04:49'),('2025-01-07',1937,3,0,2567,'C','3341500909531','2025-04-02 09:04:49'),('2025-01-07',1938,3,0,2567,'S','3341500909531','2025-04-02 09:04:49'),('2025-01-07',1939,3,0,2567,'C','3341500909531','2025-04-02 09:04:49'),('2025-01-07',1940,3,0,2567,'S','3341500909531','2025-04-02 09:04:49'),('2025-01-07',1942,3,0,2567,'C','3341500909531','2025-04-02 09:04:49'),('2025-01-14',1849,7,0,2567,'C','3341500913792','2025-04-02 09:04:49'),('2025-01-14',1850,7,0,2567,'C','3341500913792','2025-04-02 09:04:49'),('2025-01-14',1852,7,0,2567,'C','3341500913792','2025-04-02 09:04:49'),('2025-01-14',1853,7,0,2567,'C','3341500913792','2025-04-02 09:04:49'),('2025-01-14',1854,7,0,2567,'C','3341500913792','2025-04-02 09:04:49'),('2025-01-14',1855,7,0,2567,'C','3341500913792','2025-04-02 09:04:49'),('2025-01-14',1856,7,0,2567,'C','3341500913792','2025-04-02 09:04:49'),('2025-01-14',1857,7,0,2567,'C','3341500913792','2025-04-02 09:04:49'),('2025-01-14',1858,7,0,2567,'C','3341500913792','2025-04-02 09:04:49'),('2025-01-14',1859,7,0,2567,'C','3341500913792','2025-04-02 09:04:49'),('2025-01-14',1860,7,0,2567,'C','3341500913792','2025-04-02 09:04:49'),('2025-01-14',1861,7,0,2567,'C','3341500913792','2025-04-02 09:04:49'),('2025-01-14',1913,7,0,2567,'C','3341500913792','2025-04-02 09:04:49'),('2025-01-14',1919,7,0,2567,'C','3341500913792','2025-04-02 09:04:49'),('2025-01-15',1849,7,0,2567,'C','3341500913792','2025-04-02 09:04:56'),('2025-01-15',1850,7,0,2567,'C','3341500913792','2025-04-02 09:04:56'),('2025-01-15',1852,7,0,2567,'C','3341500913792','2025-04-02 09:04:56'),('2025-01-15',1853,7,0,2567,'C','3341500913792','2025-04-02 09:04:56'),('2025-01-15',1854,7,0,2567,'C','3341500913792','2025-04-02 09:04:56'),('2025-01-15',1855,7,0,2567,'C','3341500913792','2025-04-02 09:04:56'),('2025-01-15',1856,7,0,2567,'C','3341500913792','2025-04-02 09:04:56'),('2025-01-15',1857,7,0,2567,'C','3341500913792','2025-04-02 09:04:56'),('2025-01-15',1858,7,0,2567,'C','3341500913792','2025-04-02 09:04:56'),('2025-01-15',1859,7,0,2567,'C','3341500913792','2025-04-02 09:04:56'),('2025-01-15',1860,7,0,2567,'C','3341500913792','2025-04-02 09:04:56'),('2025-01-15',1861,7,0,2567,'C','3341500913792','2025-04-02 09:04:56'),('2025-01-15',1913,7,0,2567,'C','3341500913792','2025-04-02 09:04:56'),('2025-01-15',1919,7,0,2567,'C','3341500913792','2025-04-02 09:04:56'),('2025-01-08',1923,3,0,2567,'C','3341500909531','2025-04-02 09:04:01'),('2025-01-08',1925,3,0,2567,'C','3341500909531','2025-04-02 09:04:01'),('2025-01-08',1926,3,0,2567,'C','3341500909531','2025-04-02 09:04:01'),('2025-01-08',1927,3,0,2567,'C','3341500909531','2025-04-02 09:04:01'),('2025-01-08',1928,3,0,2567,'C','3341500909531','2025-04-02 09:04:01'),('2025-01-08',1929,3,0,2567,'C','3341500909531','2025-04-02 09:04:01'),('2025-01-08',1930,3,0,2567,'C','3341500909531','2025-04-02 09:04:01'),('2025-01-08',1931,3,0,2567,'C','3341500909531','2025-04-02 09:04:01'),('2025-01-08',1932,3,0,2567,'C','3341500909531','2025-04-02 09:04:01'),('2025-01-08',1933,3,0,2567,'C','3341500909531','2025-04-02 09:04:01'),('2025-01-08',1934,3,0,2567,'C','3341500909531','2025-04-02 09:04:01'),('2025-01-08',1935,3,0,2567,'C','3341500909531','2025-04-02 09:04:01'),('2025-01-08',1936,3,0,2567,'C','3341500909531','2025-04-02 09:04:01'),('2025-01-08',1937,3,0,2567,'C','3341500909531','2025-04-02 09:04:01'),('2025-01-08',1938,3,0,2567,'C','3341500909531','2025-04-02 09:04:01'),('2025-01-08',1939,3,0,2567,'C','3341500909531','2025-04-02 09:04:01'),('2025-01-08',1940,3,0,2567,'C','3341500909531','2025-04-02 09:04:01'),('2025-01-08',1942,3,0,2567,'C','3341500909531','2025-04-02 09:04:01'),('2025-01-16',1849,7,0,2567,'C','3341500913792','2025-04-02 09:04:02'),('2025-01-16',1850,7,0,2567,'C','3341500913792','2025-04-02 09:04:02'),('2025-01-16',1852,7,0,2567,'C','3341500913792','2025-04-02 09:04:02'),('2025-01-16',1853,7,0,2567,'C','3341500913792','2025-04-02 09:04:02'),('2025-01-16',1854,7,0,2567,'C','3341500913792','2025-04-02 09:04:02'),('2025-01-16',1855,7,0,2567,'C','3341500913792','2025-04-02 09:04:02'),('2025-01-16',1856,7,0,2567,'C','3341500913792','2025-04-02 09:04:02'),('2025-01-16',1857,7,0,2567,'C','3341500913792','2025-04-02 09:04:02'),('2025-01-16',1858,7,0,2567,'C','3341500913792','2025-04-02 09:04:02'),('2025-01-16',1859,7,0,2567,'C','3341500913792','2025-04-02 09:04:02'),('2025-01-16',1860,7,0,2567,'C','3341500913792','2025-04-02 09:04:02'),('2025-01-16',1861,7,0,2567,'C','3341500913792','2025-04-02 09:04:02'),('2025-01-16',1913,7,0,2567,'C','3341500913792','2025-04-02 09:04:02'),('2025-01-16',1919,7,0,2567,'C','3341500913792','2025-04-02 09:04:02'),('2025-01-09',1923,3,0,2567,'C','3341500909531','2025-04-02 09:04:09'),('2025-01-09',1925,3,0,2567,'C','3341500909531','2025-04-02 09:04:09'),('2025-01-09',1926,3,0,2567,'C','3341500909531','2025-04-02 09:04:09'),('2025-01-09',1927,3,0,2567,'C','3341500909531','2025-04-02 09:04:09'),('2025-01-09',1928,3,0,2567,'C','3341500909531','2025-04-02 09:04:09'),('2025-01-09',1929,3,0,2567,'C','3341500909531','2025-04-02 09:04:09'),('2025-01-09',1930,3,0,2567,'C','3341500909531','2025-04-02 09:04:09'),('2025-01-09',1931,3,0,2567,'C','3341500909531','2025-04-02 09:04:09'),('2025-01-09',1932,3,0,2567,'C','3341500909531','2025-04-02 09:04:09'),('2025-01-09',1933,3,0,2567,'C','3341500909531','2025-04-02 09:04:09'),('2025-01-09',1934,3,0,2567,'C','3341500909531','2025-04-02 09:04:09'),('2025-01-09',1935,3,0,2567,'C','3341500909531','2025-04-02 09:04:09'),('2025-01-09',1936,3,0,2567,'C','3341500909531','2025-04-02 09:04:09'),('2025-01-09',1937,3,0,2567,'C','3341500909531','2025-04-02 09:04:09'),('2025-01-09',1938,3,0,2567,'C','3341500909531','2025-04-02 09:04:09'),('2025-01-09',1939,3,0,2567,'C','3341500909531','2025-04-02 09:04:09'),('2025-01-09',1940,3,0,2567,'C','3341500909531','2025-04-02 09:04:09'),('2025-01-09',1942,3,0,2567,'C','3341500909531','2025-04-02 09:04:09'),('2025-01-17',1849,7,0,2567,'C','3341500913792','2025-04-02 09:04:09'),('2025-01-17',1850,7,0,2567,'C','3341500913792','2025-04-02 09:04:09'),('2025-01-17',1852,7,0,2567,'C','3341500913792','2025-04-02 09:04:09'),('2025-01-17',1853,7,0,2567,'C','3341500913792','2025-04-02 09:04:09'),('2025-01-17',1854,7,0,2567,'C','3341500913792','2025-04-02 09:04:09'),('2025-01-17',1855,7,0,2567,'C','3341500913792','2025-04-02 09:04:09'),('2025-01-17',1856,7,0,2567,'C','3341500913792','2025-04-02 09:04:09'),('2025-01-17',1857,7,0,2567,'C','3341500913792','2025-04-02 09:04:09'),('2025-01-17',1858,7,0,2567,'C','3341500913792','2025-04-02 09:04:09'),('2025-01-17',1859,7,0,2567,'C','3341500913792','2025-04-02 09:04:09'),('2025-01-17',1860,7,0,2567,'C','3341500913792','2025-04-02 09:04:09'),('2025-01-17',1861,7,0,2567,'C','3341500913792','2025-04-02 09:04:09'),('2025-01-17',1913,7,0,2567,'C','3341500913792','2025-04-02 09:04:09'),('2025-01-17',1919,7,0,2567,'C','3341500913792','2025-04-02 09:04:09'),('2025-01-10',1923,3,0,2567,'C','3341500909531','2025-04-02 09:04:16'),('2025-01-10',1925,3,0,2567,'C','3341500909531','2025-04-02 09:04:16'),('2025-01-10',1926,3,0,2567,'C','3341500909531','2025-04-02 09:04:16'),('2025-01-10',1927,3,0,2567,'C','3341500909531','2025-04-02 09:04:16'),('2025-01-10',1928,3,0,2567,'C','3341500909531','2025-04-02 09:04:16'),('2025-01-10',1929,3,0,2567,'C','3341500909531','2025-04-02 09:04:16'),('2025-01-10',1930,3,0,2567,'C','3341500909531','2025-04-02 09:04:16'),('2025-01-10',1931,3,0,2567,'C','3341500909531','2025-04-02 09:04:16'),('2025-01-10',1932,3,0,2567,'C','3341500909531','2025-04-02 09:04:16'),('2025-01-10',1933,3,0,2567,'C','3341500909531','2025-04-02 09:04:16'),('2025-01-10',1934,3,0,2567,'C','3341500909531','2025-04-02 09:04:16'),('2025-01-10',1935,3,0,2567,'C','3341500909531','2025-04-02 09:04:16'),('2025-01-10',1936,3,0,2567,'C','3341500909531','2025-04-02 09:04:16'),('2025-01-10',1937,3,0,2567,'C','3341500909531','2025-04-02 09:04:16'),('2025-01-10',1938,3,0,2567,'C','3341500909531','2025-04-02 09:04:16'),('2025-01-10',1939,3,0,2567,'C','3341500909531','2025-04-02 09:04:16'),('2025-01-10',1940,3,0,2567,'C','3341500909531','2025-04-02 09:04:16'),('2025-01-10',1942,3,0,2567,'C','3341500909531','2025-04-02 09:04:16'),('2025-01-20',1849,7,0,2567,'C','3341500913792','2025-04-02 09:04:17'),('2025-01-20',1850,7,0,2567,'C','3341500913792','2025-04-02 09:04:17'),('2025-01-20',1852,7,0,2567,'C','3341500913792','2025-04-02 09:04:17'),('2025-01-20',1853,7,0,2567,'C','3341500913792','2025-04-02 09:04:17'),('2025-01-20',1854,7,0,2567,'C','3341500913792','2025-04-02 09:04:17'),('2025-01-20',1855,7,0,2567,'C','3341500913792','2025-04-02 09:04:17'),('2025-01-20',1856,7,0,2567,'C','3341500913792','2025-04-02 09:04:17'),('2025-01-20',1857,7,0,2567,'C','3341500913792','2025-04-02 09:04:17'),('2025-01-20',1858,7,0,2567,'C','3341500913792','2025-04-02 09:04:17'),('2025-01-20',1859,7,0,2567,'C','3341500913792','2025-04-02 09:04:17'),('2025-01-20',1860,7,0,2567,'C','3341500913792','2025-04-02 09:04:17'),('2025-01-20',1861,7,0,2567,'C','3341500913792','2025-04-02 09:04:17'),('2025-01-20',1913,7,0,2567,'C','3341500913792','2025-04-02 09:04:17'),('2025-01-20',1919,7,0,2567,'C','3341500913792','2025-04-02 09:04:17'),('2025-01-21',1849,7,0,2567,'C','3341500913792','2025-04-02 09:04:23'),('2025-01-21',1850,7,0,2567,'C','3341500913792','2025-04-02 09:04:23'),('2025-01-21',1852,7,0,2567,'C','3341500913792','2025-04-02 09:04:23'),('2025-01-21',1853,7,0,2567,'C','3341500913792','2025-04-02 09:04:23'),('2025-01-21',1854,7,0,2567,'C','3341500913792','2025-04-02 09:04:23'),('2025-01-21',1855,7,0,2567,'C','3341500913792','2025-04-02 09:04:23'),('2025-01-21',1856,7,0,2567,'C','3341500913792','2025-04-02 09:04:23'),('2025-01-21',1857,7,0,2567,'C','3341500913792','2025-04-02 09:04:23'),('2025-01-21',1858,7,0,2567,'C','3341500913792','2025-04-02 09:04:23'),('2025-01-21',1859,7,0,2567,'C','3341500913792','2025-04-02 09:04:23'),('2025-01-21',1860,7,0,2567,'C','3341500913792','2025-04-02 09:04:23'),('2025-01-21',1861,7,0,2567,'C','3341500913792','2025-04-02 09:04:23'),('2025-01-21',1913,7,0,2567,'C','3341500913792','2025-04-02 09:04:23'),('2025-01-21',1919,7,0,2567,'C','3341500913792','2025-04-02 09:04:23'),('2025-01-22',1849,7,0,2567,'C','3341500913792','2025-04-02 09:04:29'),('2025-01-22',1850,7,0,2567,'C','3341500913792','2025-04-02 09:04:29'),('2025-01-22',1852,7,0,2567,'C','3341500913792','2025-04-02 09:04:29'),('2025-01-22',1853,7,0,2567,'C','3341500913792','2025-04-02 09:04:29'),('2025-01-22',1854,7,0,2567,'C','3341500913792','2025-04-02 09:04:29'),('2025-01-22',1855,7,0,2567,'C','3341500913792','2025-04-02 09:04:29'),('2025-01-22',1856,7,0,2567,'C','3341500913792','2025-04-02 09:04:29'),('2025-01-22',1857,7,0,2567,'C','3341500913792','2025-04-02 09:04:29'),('2025-01-22',1858,7,0,2567,'C','3341500913792','2025-04-02 09:04:29'),('2025-01-22',1859,7,0,2567,'C','3341500913792','2025-04-02 09:04:29'),('2025-01-22',1860,7,0,2567,'C','3341500913792','2025-04-02 09:04:29'),('2025-01-22',1861,7,0,2567,'C','3341500913792','2025-04-02 09:04:29'),('2025-01-22',1913,7,0,2567,'C','3341500913792','2025-04-02 09:04:29'),('2025-01-22',1919,7,0,2567,'C','3341500913792','2025-04-02 09:04:29'),('2025-01-13',1923,3,0,2567,'C','3341500909531','2025-04-02 09:04:31'),('2025-01-13',1925,3,0,2567,'C','3341500909531','2025-04-02 09:04:31'),('2025-01-13',1926,3,0,2567,'C','3341500909531','2025-04-02 09:04:31'),('2025-01-13',1927,3,0,2567,'C','3341500909531','2025-04-02 09:04:31'),('2025-01-13',1928,3,0,2567,'S','3341500909531','2025-04-02 09:04:31'),('2025-01-13',1929,3,0,2567,'C','3341500909531','2025-04-02 09:04:31'),('2025-01-13',1930,3,0,2567,'C','3341500909531','2025-04-02 09:04:31'),('2025-01-13',1931,3,0,2567,'C','3341500909531','2025-04-02 09:04:31'),('2025-01-13',1932,3,0,2567,'C','3341500909531','2025-04-02 09:04:31'),('2025-01-13',1933,3,0,2567,'C','3341500909531','2025-04-02 09:04:31'),('2025-01-13',1934,3,0,2567,'C','3341500909531','2025-04-02 09:04:31'),('2025-01-13',1935,3,0,2567,'C','3341500909531','2025-04-02 09:04:31'),('2025-01-13',1936,3,0,2567,'C','3341500909531','2025-04-02 09:04:31'),('2025-01-13',1937,3,0,2567,'C','3341500909531','2025-04-02 09:04:31'),('2025-01-13',1938,3,0,2567,'C','3341500909531','2025-04-02 09:04:31'),('2025-01-13',1939,3,0,2567,'C','3341500909531','2025-04-02 09:04:31'),('2025-01-13',1940,3,0,2567,'C','3341500909531','2025-04-02 09:04:31'),('2025-01-13',1942,3,0,2567,'C','3341500909531','2025-04-02 09:04:31'),('2025-01-23',1849,7,0,2567,'C','3341500913792','2025-04-02 09:04:37'),('2025-01-23',1850,7,0,2567,'C','3341500913792','2025-04-02 09:04:37'),('2025-01-23',1852,7,0,2567,'C','3341500913792','2025-04-02 09:04:37'),('2025-01-23',1853,7,0,2567,'C','3341500913792','2025-04-02 09:04:37'),('2025-01-23',1854,7,0,2567,'C','3341500913792','2025-04-02 09:04:37'),('2025-01-23',1855,7,0,2567,'C','3341500913792','2025-04-02 09:04:37'),('2025-01-23',1856,7,0,2567,'C','3341500913792','2025-04-02 09:04:37'),('2025-01-23',1857,7,0,2567,'C','3341500913792','2025-04-02 09:04:37'),('2025-01-23',1858,7,0,2567,'C','3341500913792','2025-04-02 09:04:37'),('2025-01-23',1859,7,0,2567,'C','3341500913792','2025-04-02 09:04:37'),('2025-01-23',1860,7,0,2567,'C','3341500913792','2025-04-02 09:04:37'),('2025-01-23',1861,7,0,2567,'C','3341500913792','2025-04-02 09:04:37'),('2025-01-23',1913,7,0,2567,'C','3341500913792','2025-04-02 09:04:37'),('2025-01-23',1919,7,0,2567,'C','3341500913792','2025-04-02 09:04:37'),('2025-01-14',1923,3,0,2567,'C','3341500909531','2025-04-02 09:04:41'),('2025-01-14',1925,3,0,2567,'C','3341500909531','2025-04-02 09:04:41'),('2025-01-14',1926,3,0,2567,'C','3341500909531','2025-04-02 09:04:41'),('2025-01-14',1927,3,0,2567,'C','3341500909531','2025-04-02 09:04:41'),('2025-01-14',1928,3,0,2567,'C','3341500909531','2025-04-02 09:04:41'),('2025-01-14',1929,3,0,2567,'C','3341500909531','2025-04-02 09:04:41'),('2025-01-14',1930,3,0,2567,'C','3341500909531','2025-04-02 09:04:41'),('2025-01-14',1931,3,0,2567,'C','3341500909531','2025-04-02 09:04:41'),('2025-01-14',1932,3,0,2567,'C','3341500909531','2025-04-02 09:04:41'),('2025-01-14',1933,3,0,2567,'C','3341500909531','2025-04-02 09:04:41'),('2025-01-14',1934,3,0,2567,'C','3341500909531','2025-04-02 09:04:41'),('2025-01-14',1935,3,0,2567,'C','3341500909531','2025-04-02 09:04:41'),('2025-01-14',1936,3,0,2567,'C','3341500909531','2025-04-02 09:04:41'),('2025-01-14',1937,3,0,2567,'C','3341500909531','2025-04-02 09:04:41'),('2025-01-14',1938,3,0,2567,'C','3341500909531','2025-04-02 09:04:41'),('2025-01-14',1939,3,0,2567,'C','3341500909531','2025-04-02 09:04:41'),('2025-01-14',1940,3,0,2567,'C','3341500909531','2025-04-02 09:04:41'),('2025-01-14',1942,3,0,2567,'C','3341500909531','2025-04-02 09:04:41'),('2025-01-24',1849,7,0,2567,'C','3341500913792','2025-04-02 09:04:43'),('2025-01-24',1850,7,0,2567,'C','3341500913792','2025-04-02 09:04:43'),('2025-01-24',1852,7,0,2567,'C','3341500913792','2025-04-02 09:04:43'),('2025-01-24',1853,7,0,2567,'C','3341500913792','2025-04-02 09:04:43'),('2025-01-24',1854,7,0,2567,'C','3341500913792','2025-04-02 09:04:43'),('2025-01-24',1855,7,0,2567,'C','3341500913792','2025-04-02 09:04:43'),('2025-01-24',1856,7,0,2567,'C','3341500913792','2025-04-02 09:04:43'),('2025-01-24',1857,7,0,2567,'C','3341500913792','2025-04-02 09:04:43'),('2025-01-24',1858,7,0,2567,'C','3341500913792','2025-04-02 09:04:43'),('2025-01-24',1859,7,0,2567,'C','3341500913792','2025-04-02 09:04:43'),('2025-01-24',1860,7,0,2567,'C','3341500913792','2025-04-02 09:04:43'),('2025-01-24',1861,7,0,2567,'C','3341500913792','2025-04-02 09:04:43'),('2025-01-24',1913,7,0,2567,'C','3341500913792','2025-04-02 09:04:43'),('2025-01-24',1919,7,0,2567,'C','3341500913792','2025-04-02 09:04:43'),('2025-01-15',1923,3,0,2567,'C','3341500909531','2025-04-02 09:04:48'),('2025-01-15',1925,3,0,2567,'C','3341500909531','2025-04-02 09:04:48'),('2025-01-15',1926,3,0,2567,'C','3341500909531','2025-04-02 09:04:48'),('2025-01-15',1927,3,0,2567,'C','3341500909531','2025-04-02 09:04:48'),('2025-01-15',1928,3,0,2567,'C','3341500909531','2025-04-02 09:04:48'),('2025-01-15',1929,3,0,2567,'C','3341500909531','2025-04-02 09:04:48'),('2025-01-15',1930,3,0,2567,'C','3341500909531','2025-04-02 09:04:48'),('2025-01-15',1931,3,0,2567,'C','3341500909531','2025-04-02 09:04:48'),('2025-01-15',1932,3,0,2567,'C','3341500909531','2025-04-02 09:04:48'),('2025-01-15',1933,3,0,2567,'C','3341500909531','2025-04-02 09:04:48'),('2025-01-15',1934,3,0,2567,'C','3341500909531','2025-04-02 09:04:48'),('2025-01-15',1935,3,0,2567,'C','3341500909531','2025-04-02 09:04:48'),('2025-01-15',1936,3,0,2567,'C','3341500909531','2025-04-02 09:04:48'),('2025-01-15',1937,3,0,2567,'C','3341500909531','2025-04-02 09:04:48'),('2025-01-15',1938,3,0,2567,'C','3341500909531','2025-04-02 09:04:48'),('2025-01-15',1939,3,0,2567,'C','3341500909531','2025-04-02 09:04:48'),('2025-01-15',1940,3,0,2567,'C','3341500909531','2025-04-02 09:04:48'),('2025-01-15',1942,3,0,2567,'C','3341500909531','2025-04-02 09:04:48'),('2025-01-27',1849,7,0,2567,'C','3341500913792','2025-04-02 09:04:49'),('2025-01-27',1850,7,0,2567,'C','3341500913792','2025-04-02 09:04:49'),('2025-01-27',1852,7,0,2567,'C','3341500913792','2025-04-02 09:04:49'),('2025-01-27',1853,7,0,2567,'C','3341500913792','2025-04-02 09:04:49'),('2025-01-27',1854,7,0,2567,'C','3341500913792','2025-04-02 09:04:49'),('2025-01-27',1855,7,0,2567,'C','3341500913792','2025-04-02 09:04:49'),('2025-01-27',1856,7,0,2567,'C','3341500913792','2025-04-02 09:04:49'),('2025-01-27',1857,7,0,2567,'C','3341500913792','2025-04-02 09:04:49'),('2025-01-27',1858,7,0,2567,'C','3341500913792','2025-04-02 09:04:49'),('2025-01-27',1859,7,0,2567,'C','3341500913792','2025-04-02 09:04:49'),('2025-01-27',1860,7,0,2567,'C','3341500913792','2025-04-02 09:04:49'),('2025-01-27',1861,7,0,2567,'C','3341500913792','2025-04-02 09:04:49'),('2025-01-27',1913,7,0,2567,'C','3341500913792','2025-04-02 09:04:49'),('2025-01-27',1919,7,0,2567,'C','3341500913792','2025-04-02 09:04:49'),('2025-01-28',1849,7,0,2567,'C','3341500913792','2025-04-02 09:04:56'),('2025-01-28',1850,7,0,2567,'C','3341500913792','2025-04-02 09:04:56'),('2025-01-28',1852,7,0,2567,'C','3341500913792','2025-04-02 09:04:56'),('2025-01-28',1853,7,0,2567,'C','3341500913792','2025-04-02 09:04:56'),('2025-01-28',1854,7,0,2567,'C','3341500913792','2025-04-02 09:04:56'),('2025-01-28',1855,7,0,2567,'C','3341500913792','2025-04-02 09:04:56'),('2025-01-28',1856,7,0,2567,'C','3341500913792','2025-04-02 09:04:56'),('2025-01-28',1857,7,0,2567,'C','3341500913792','2025-04-02 09:04:56'),('2025-01-28',1858,7,0,2567,'C','3341500913792','2025-04-02 09:04:56'),('2025-01-28',1859,7,0,2567,'C','3341500913792','2025-04-02 09:04:56'),('2025-01-28',1860,7,0,2567,'C','3341500913792','2025-04-02 09:04:56'),('2025-01-28',1861,7,0,2567,'C','3341500913792','2025-04-02 09:04:56'),('2025-01-28',1913,7,0,2567,'C','3341500913792','2025-04-02 09:04:56'),('2025-01-28',1919,7,0,2567,'C','3341500913792','2025-04-02 09:04:56'),('2025-01-29',1849,7,0,2567,'C','3341500913792','2025-04-02 09:04:02'),('2025-01-29',1850,7,0,2567,'C','3341500913792','2025-04-02 09:04:02'),('2025-01-29',1852,7,0,2567,'C','3341500913792','2025-04-02 09:04:02'),('2025-01-29',1853,7,0,2567,'C','3341500913792','2025-04-02 09:04:02'),('2025-01-29',1854,7,0,2567,'C','3341500913792','2025-04-02 09:04:02'),('2025-01-29',1855,7,0,2567,'C','3341500913792','2025-04-02 09:04:02'),('2025-01-29',1856,7,0,2567,'C','3341500913792','2025-04-02 09:04:02'),('2025-01-29',1857,7,0,2567,'C','3341500913792','2025-04-02 09:04:02'),('2025-01-29',1858,7,0,2567,'C','3341500913792','2025-04-02 09:04:02'),('2025-01-29',1859,7,0,2567,'C','3341500913792','2025-04-02 09:04:02'),('2025-01-29',1860,7,0,2567,'C','3341500913792','2025-04-02 09:04:02'),('2025-01-29',1861,7,0,2567,'C','3341500913792','2025-04-02 09:04:02'),('2025-01-29',1913,7,0,2567,'C','3341500913792','2025-04-02 09:04:02'),('2025-01-29',1919,7,0,2567,'C','3341500913792','2025-04-02 09:04:02'),('2025-01-17',1923,3,0,2567,'C','3341500909531','2025-04-02 09:04:02'),('2025-01-17',1925,3,0,2567,'C','3341500909531','2025-04-02 09:04:02'),('2025-01-17',1926,3,0,2567,'C','3341500909531','2025-04-02 09:04:02'),('2025-01-17',1927,3,0,2567,'C','3341500909531','2025-04-02 09:04:02'),('2025-01-17',1928,3,0,2567,'C','3341500909531','2025-04-02 09:04:02'),('2025-01-17',1929,3,0,2567,'C','3341500909531','2025-04-02 09:04:02'),('2025-01-17',1930,3,0,2567,'C','3341500909531','2025-04-02 09:04:02'),('2025-01-17',1931,3,0,2567,'C','3341500909531','2025-04-02 09:04:02'),('2025-01-17',1932,3,0,2567,'C','3341500909531','2025-04-02 09:04:02'),('2025-01-17',1933,3,0,2567,'C','3341500909531','2025-04-02 09:04:02'),('2025-01-17',1934,3,0,2567,'C','3341500909531','2025-04-02 09:04:02'),('2025-01-17',1935,3,0,2567,'C','3341500909531','2025-04-02 09:04:02'),('2025-01-17',1936,3,0,2567,'C','3341500909531','2025-04-02 09:04:02'),('2025-01-17',1937,3,0,2567,'C','3341500909531','2025-04-02 09:04:02'),('2025-01-17',1938,3,0,2567,'C','3341500909531','2025-04-02 09:04:02'),('2025-01-17',1939,3,0,2567,'C','3341500909531','2025-04-02 09:04:02'),('2025-01-17',1940,3,0,2567,'C','3341500909531','2025-04-02 09:04:02'),('2025-01-17',1942,3,0,2567,'C','3341500909531','2025-04-02 09:04:02'),('2025-01-30',1849,7,0,2567,'C','3341500913792','2025-04-02 09:04:12'),('2025-01-30',1850,7,0,2567,'C','3341500913792','2025-04-02 09:04:12'),('2025-01-30',1852,7,0,2567,'C','3341500913792','2025-04-02 09:04:12'),('2025-01-30',1853,7,0,2567,'C','3341500913792','2025-04-02 09:04:12'),('2025-01-30',1854,7,0,2567,'C','3341500913792','2025-04-02 09:04:12'),('2025-01-30',1855,7,0,2567,'C','3341500913792','2025-04-02 09:04:12'),('2025-01-30',1856,7,0,2567,'C','3341500913792','2025-04-02 09:04:12'),('2025-01-30',1857,7,0,2567,'C','3341500913792','2025-04-02 09:04:12'),('2025-01-30',1858,7,0,2567,'C','3341500913792','2025-04-02 09:04:12'),('2025-01-30',1859,7,0,2567,'C','3341500913792','2025-04-02 09:04:12'),('2025-01-30',1860,7,0,2567,'C','3341500913792','2025-04-02 09:04:12'),('2025-01-30',1861,7,0,2567,'C','3341500913792','2025-04-02 09:04:12'),('2025-01-30',1913,7,0,2567,'C','3341500913792','2025-04-02 09:04:12'),('2025-01-30',1919,7,0,2567,'C','3341500913792','2025-04-02 09:04:12'),('2025-01-31',1849,7,0,2567,'C','3341500913792','2025-04-02 09:04:36'),('2025-01-31',1850,7,0,2567,'C','3341500913792','2025-04-02 09:04:36'),('2025-01-31',1852,7,0,2567,'C','3341500913792','2025-04-02 09:04:36'),('2025-01-31',1853,7,0,2567,'C','3341500913792','2025-04-02 09:04:36'),('2025-01-31',1854,7,0,2567,'C','3341500913792','2025-04-02 09:04:36'),('2025-01-31',1855,7,0,2567,'C','3341500913792','2025-04-02 09:04:36'),('2025-01-31',1856,7,0,2567,'C','3341500913792','2025-04-02 09:04:36'),('2025-01-31',1857,7,0,2567,'C','3341500913792','2025-04-02 09:04:36'),('2025-01-31',1858,7,0,2567,'C','3341500913792','2025-04-02 09:04:36'),('2025-01-31',1859,7,0,2567,'C','3341500913792','2025-04-02 09:04:36'),('2025-01-31',1860,7,0,2567,'C','3341500913792','2025-04-02 09:04:36'),('2025-01-31',1861,7,0,2567,'C','3341500913792','2025-04-02 09:04:36'),('2025-01-31',1913,7,0,2567,'C','3341500913792','2025-04-02 09:04:36'),('2025-01-31',1919,7,0,2567,'C','3341500913792','2025-04-02 09:04:36'),('2025-01-20',1923,3,0,2567,'C','3341500909531','2025-04-02 09:04:20'),('2025-01-20',1925,3,0,2567,'C','3341500909531','2025-04-02 09:04:20'),('2025-01-20',1926,3,0,2567,'C','3341500909531','2025-04-02 09:04:20'),('2025-01-20',1927,3,0,2567,'C','3341500909531','2025-04-02 09:04:20'),('2025-01-20',1928,3,0,2567,'C','3341500909531','2025-04-02 09:04:20'),('2025-01-20',1929,3,0,2567,'C','3341500909531','2025-04-02 09:04:20'),('2025-01-20',1930,3,0,2567,'C','3341500909531','2025-04-02 09:04:20'),('2025-01-20',1931,3,0,2567,'C','3341500909531','2025-04-02 09:04:20'),('2025-01-20',1932,3,0,2567,'C','3341500909531','2025-04-02 09:04:20'),('2025-01-20',1933,3,0,2567,'W','3341500909531','2025-04-02 09:04:20'),('2025-01-20',1934,3,0,2567,'C','3341500909531','2025-04-02 09:04:20'),('2025-01-20',1935,3,0,2567,'C','3341500909531','2025-04-02 09:04:20'),('2025-01-20',1936,3,0,2567,'C','3341500909531','2025-04-02 09:04:20'),('2025-01-20',1937,3,0,2567,'C','3341500909531','2025-04-02 09:04:20'),('2025-01-20',1938,3,0,2567,'C','3341500909531','2025-04-02 09:04:20'),('2025-01-20',1939,3,0,2567,'C','3341500909531','2025-04-02 09:04:20'),('2025-01-20',1940,3,0,2567,'C','3341500909531','2025-04-02 09:04:20'),('2025-01-20',1942,3,0,2567,'C','3341500909531','2025-04-02 09:04:20'),('2025-01-21',1923,3,0,2567,'C','3341500909531','2025-04-02 09:04:34'),('2025-01-21',1925,3,0,2567,'C','3341500909531','2025-04-02 09:04:34'),('2025-01-21',1926,3,0,2567,'C','3341500909531','2025-04-02 09:04:34'),('2025-01-21',1927,3,0,2567,'C','3341500909531','2025-04-02 09:04:34'),('2025-01-21',1928,3,0,2567,'S','3341500909531','2025-04-02 09:04:34'),('2025-01-21',1929,3,0,2567,'C','3341500909531','2025-04-02 09:04:34'),('2025-01-21',1930,3,0,2567,'C','3341500909531','2025-04-02 09:04:34'),('2025-01-21',1931,3,0,2567,'C','3341500909531','2025-04-02 09:04:34'),('2025-01-21',1932,3,0,2567,'C','3341500909531','2025-04-02 09:04:34'),('2025-01-21',1933,3,0,2567,'C','3341500909531','2025-04-02 09:04:34'),('2025-01-21',1934,3,0,2567,'C','3341500909531','2025-04-02 09:04:34'),('2025-01-21',1935,3,0,2567,'C','3341500909531','2025-04-02 09:04:34'),('2025-01-21',1936,3,0,2567,'C','3341500909531','2025-04-02 09:04:34'),('2025-01-21',1937,3,0,2567,'C','3341500909531','2025-04-02 09:04:34'),('2025-01-21',1938,3,0,2567,'C','3341500909531','2025-04-02 09:04:34'),('2025-01-21',1939,3,0,2567,'C','3341500909531','2025-04-02 09:04:34'),('2025-01-21',1940,3,0,2567,'C','3341500909531','2025-04-02 09:04:34'),('2025-01-21',1942,3,0,2567,'C','3341500909531','2025-04-02 09:04:34'),('2025-01-22',1923,3,0,2567,'C','3341500909531','2025-04-02 09:04:17'),('2025-01-22',1925,3,0,2567,'C','3341500909531','2025-04-02 09:04:17'),('2025-01-22',1926,3,0,2567,'C','3341500909531','2025-04-02 09:04:17'),('2025-01-22',1927,3,0,2567,'S','3341500909531','2025-04-02 09:04:17'),('2025-01-22',1928,3,0,2567,'S','3341500909531','2025-04-02 09:04:17'),('2025-01-22',1929,3,0,2567,'C','3341500909531','2025-04-02 09:04:17'),('2025-01-22',1930,3,0,2567,'C','3341500909531','2025-04-02 09:04:17'),('2025-01-22',1931,3,0,2567,'C','3341500909531','2025-04-02 09:04:17'),('2025-01-22',1932,3,0,2567,'S','3341500909531','2025-04-02 09:04:17'),('2025-01-22',1933,3,0,2567,'S','3341500909531','2025-04-02 09:04:17'),('2025-01-22',1934,3,0,2567,'C','3341500909531','2025-04-02 09:04:17'),('2025-01-22',1935,3,0,2567,'C','3341500909531','2025-04-02 09:04:17'),('2025-01-22',1936,3,0,2567,'C','3341500909531','2025-04-02 09:04:17'),('2025-01-22',1937,3,0,2567,'C','3341500909531','2025-04-02 09:04:17'),('2025-01-22',1938,3,0,2567,'C','3341500909531','2025-04-02 09:04:17'),('2025-01-22',1939,3,0,2567,'C','3341500909531','2025-04-02 09:04:17'),('2025-01-22',1940,3,0,2567,'C','3341500909531','2025-04-02 09:04:17'),('2025-01-22',1942,3,0,2567,'C','3341500909531','2025-04-02 09:04:17'),('2025-01-23',1923,3,0,2567,'C','3341500909531','2025-04-02 09:04:48'),('2025-01-23',1925,3,0,2567,'C','3341500909531','2025-04-02 09:04:48'),('2025-01-23',1926,3,0,2567,'C','3341500909531','2025-04-02 09:04:48'),('2025-01-23',1927,3,0,2567,'S','3341500909531','2025-04-02 09:04:48'),('2025-01-23',1928,3,0,2567,'S','3341500909531','2025-04-02 09:04:48'),('2025-01-23',1929,3,0,2567,'C','3341500909531','2025-04-02 09:04:48'),('2025-01-23',1930,3,0,2567,'S','3341500909531','2025-04-02 09:04:48'),('2025-01-23',1931,3,0,2567,'C','3341500909531','2025-04-02 09:04:48'),('2025-01-23',1932,3,0,2567,'C','3341500909531','2025-04-02 09:04:48'),('2025-01-23',1933,3,0,2567,'C','3341500909531','2025-04-02 09:04:48'),('2025-01-23',1934,3,0,2567,'C','3341500909531','2025-04-02 09:04:48'),('2025-01-23',1935,3,0,2567,'C','3341500909531','2025-04-02 09:04:48'),('2025-01-23',1936,3,0,2567,'C','3341500909531','2025-04-02 09:04:48'),('2025-01-23',1937,3,0,2567,'C','3341500909531','2025-04-02 09:04:48'),('2025-01-23',1938,3,0,2567,'C','3341500909531','2025-04-02 09:04:48'),('2025-01-23',1939,3,0,2567,'C','3341500909531','2025-04-02 09:04:48'),('2025-01-23',1940,3,0,2567,'C','3341500909531','2025-04-02 09:04:48'),('2025-01-23',1942,3,0,2567,'C','3341500909531','2025-04-02 09:04:48'),('2025-01-24',1923,3,0,2567,'C','3341500909531','2025-04-02 09:04:59'),('2025-01-24',1925,3,0,2567,'C','3341500909531','2025-04-02 09:04:59'),('2025-01-24',1926,3,0,2567,'C','3341500909531','2025-04-02 09:04:59'),('2025-01-24',1927,3,0,2567,'C','3341500909531','2025-04-02 09:04:59'),('2025-01-24',1928,3,0,2567,'C','3341500909531','2025-04-02 09:04:59'),('2025-01-24',1929,3,0,2567,'C','3341500909531','2025-04-02 09:04:59'),('2025-01-24',1930,3,0,2567,'S','3341500909531','2025-04-02 09:04:59'),('2025-01-24',1931,3,0,2567,'C','3341500909531','2025-04-02 09:04:59'),('2025-01-24',1932,3,0,2567,'C','3341500909531','2025-04-02 09:04:59'),('2025-01-24',1933,3,0,2567,'C','3341500909531','2025-04-02 09:04:59'),('2025-01-24',1934,3,0,2567,'C','3341500909531','2025-04-02 09:04:59'),('2025-01-24',1935,3,0,2567,'C','3341500909531','2025-04-02 09:04:59'),('2025-01-24',1936,3,0,2567,'C','3341500909531','2025-04-02 09:04:59'),('2025-01-24',1937,3,0,2567,'C','3341500909531','2025-04-02 09:04:59'),('2025-01-24',1938,3,0,2567,'C','3341500909531','2025-04-02 09:04:59'),('2025-01-24',1939,3,0,2567,'C','3341500909531','2025-04-02 09:04:59'),('2025-01-24',1940,3,0,2567,'C','3341500909531','2025-04-02 09:04:59'),('2025-01-24',1942,3,0,2567,'C','3341500909531','2025-04-02 09:04:59'),('2025-01-27',1923,3,0,2567,'C','3341500909531','2025-04-02 09:04:11'),('2025-01-27',1925,3,0,2567,'C','3341500909531','2025-04-02 09:04:11'),('2025-01-27',1926,3,0,2567,'C','3341500909531','2025-04-02 09:04:11'),('2025-01-27',1927,3,0,2567,'C','3341500909531','2025-04-02 09:04:11'),('2025-01-27',1928,3,0,2567,'C','3341500909531','2025-04-02 09:04:11'),('2025-01-27',1929,3,0,2567,'C','3341500909531','2025-04-02 09:04:11'),('2025-01-27',1930,3,0,2567,'C','3341500909531','2025-04-02 09:04:11'),('2025-01-27',1931,3,0,2567,'C','3341500909531','2025-04-02 09:04:11'),('2025-01-27',1932,3,0,2567,'C','3341500909531','2025-04-02 09:04:11'),('2025-01-27',1933,3,0,2567,'C','3341500909531','2025-04-02 09:04:11'),('2025-01-27',1934,3,0,2567,'C','3341500909531','2025-04-02 09:04:11'),('2025-01-27',1935,3,0,2567,'C','3341500909531','2025-04-02 09:04:11'),('2025-01-27',1936,3,0,2567,'C','3341500909531','2025-04-02 09:04:11'),('2025-01-27',1937,3,0,2567,'C','3341500909531','2025-04-02 09:04:11'),('2025-01-27',1938,3,0,2567,'C','3341500909531','2025-04-02 09:04:11'),('2025-01-27',1939,3,0,2567,'C','3341500909531','2025-04-02 09:04:11'),('2025-01-27',1940,3,0,2567,'C','3341500909531','2025-04-02 09:04:11'),('2025-01-27',1942,3,0,2567,'C','3341500909531','2025-04-02 09:04:11'),('2025-01-28',1923,3,0,2567,'C','3341500909531','2025-04-02 09:04:19'),('2025-01-28',1925,3,0,2567,'C','3341500909531','2025-04-02 09:04:19'),('2025-01-28',1926,3,0,2567,'C','3341500909531','2025-04-02 09:04:19'),('2025-01-28',1927,3,0,2567,'C','3341500909531','2025-04-02 09:04:19'),('2025-01-28',1928,3,0,2567,'C','3341500909531','2025-04-02 09:04:19'),('2025-01-28',1929,3,0,2567,'C','3341500909531','2025-04-02 09:04:19'),('2025-01-28',1930,3,0,2567,'C','3341500909531','2025-04-02 09:04:19'),('2025-01-28',1931,3,0,2567,'C','3341500909531','2025-04-02 09:04:19'),('2025-01-28',1932,3,0,2567,'C','3341500909531','2025-04-02 09:04:19'),('2025-01-28',1933,3,0,2567,'C','3341500909531','2025-04-02 09:04:19'),('2025-01-28',1934,3,0,2567,'C','3341500909531','2025-04-02 09:04:19'),('2025-01-28',1935,3,0,2567,'C','3341500909531','2025-04-02 09:04:19'),('2025-01-28',1936,3,0,2567,'C','3341500909531','2025-04-02 09:04:19'),('2025-01-28',1937,3,0,2567,'C','3341500909531','2025-04-02 09:04:19'),('2025-01-28',1938,3,0,2567,'C','3341500909531','2025-04-02 09:04:19'),('2025-01-28',1939,3,0,2567,'C','3341500909531','2025-04-02 09:04:19'),('2025-01-28',1940,3,0,2567,'C','3341500909531','2025-04-02 09:04:19'),('2025-01-28',1942,3,0,2567,'C','3341500909531','2025-04-02 09:04:19'),('2025-01-29',1923,3,0,2567,'C','3341500909531','2025-04-02 09:04:30'),('2025-01-29',1925,3,0,2567,'C','3341500909531','2025-04-02 09:04:30'),('2025-01-29',1926,3,0,2567,'C','3341500909531','2025-04-02 09:04:30'),('2025-01-29',1927,3,0,2567,'C','3341500909531','2025-04-02 09:04:30'),('2025-01-29',1928,3,0,2567,'C','3341500909531','2025-04-02 09:04:30'),('2025-01-29',1929,3,0,2567,'C','3341500909531','2025-04-02 09:04:30'),('2025-01-29',1930,3,0,2567,'C','3341500909531','2025-04-02 09:04:30'),('2025-01-29',1931,3,0,2567,'C','3341500909531','2025-04-02 09:04:30'),('2025-01-29',1932,3,0,2567,'C','3341500909531','2025-04-02 09:04:30'),('2025-01-29',1933,3,0,2567,'C','3341500909531','2025-04-02 09:04:30'),('2025-01-29',1934,3,0,2567,'C','3341500909531','2025-04-02 09:04:30'),('2025-01-29',1935,3,0,2567,'C','3341500909531','2025-04-02 09:04:30'),('2025-01-29',1936,3,0,2567,'C','3341500909531','2025-04-02 09:04:30'),('2025-01-29',1937,3,0,2567,'C','3341500909531','2025-04-02 09:04:30'),('2025-01-29',1938,3,0,2567,'C','3341500909531','2025-04-02 09:04:30'),('2025-01-29',1939,3,0,2567,'C','3341500909531','2025-04-02 09:04:30'),('2025-01-29',1940,3,0,2567,'C','3341500909531','2025-04-02 09:04:30'),('2025-01-29',1942,3,0,2567,'C','3341500909531','2025-04-02 09:04:30'),('2025-01-30',1923,3,0,2567,'C','3341500909531','2025-04-02 09:04:40'),('2025-01-30',1925,3,0,2567,'C','3341500909531','2025-04-02 09:04:40'),('2025-01-30',1926,3,0,2567,'C','3341500909531','2025-04-02 09:04:40'),('2025-01-30',1927,3,0,2567,'C','3341500909531','2025-04-02 09:04:40'),('2025-01-30',1928,3,0,2567,'C','3341500909531','2025-04-02 09:04:40'),('2025-01-30',1929,3,0,2567,'C','3341500909531','2025-04-02 09:04:40'),('2025-01-30',1930,3,0,2567,'C','3341500909531','2025-04-02 09:04:40'),('2025-01-30',1931,3,0,2567,'C','3341500909531','2025-04-02 09:04:40'),('2025-01-30',1932,3,0,2567,'C','3341500909531','2025-04-02 09:04:40'),('2025-01-30',1933,3,0,2567,'C','3341500909531','2025-04-02 09:04:40'),('2025-01-30',1934,3,0,2567,'C','3341500909531','2025-04-02 09:04:40'),('2025-01-30',1935,3,0,2567,'C','3341500909531','2025-04-02 09:04:40'),('2025-01-30',1936,3,0,2567,'C','3341500909531','2025-04-02 09:04:40'),('2025-01-30',1937,3,0,2567,'C','3341500909531','2025-04-02 09:04:40'),('2025-01-30',1938,3,0,2567,'C','3341500909531','2025-04-02 09:04:40'),('2025-01-30',1939,3,0,2567,'C','3341500909531','2025-04-02 09:04:40'),('2025-01-30',1940,3,0,2567,'C','3341500909531','2025-04-02 09:04:40'),('2025-01-30',1942,3,0,2567,'C','3341500909531','2025-04-02 09:04:40'),('2025-01-31',1923,3,0,2567,'C','3341500909531','2025-04-02 09:04:46'),('2025-01-31',1925,3,0,2567,'C','3341500909531','2025-04-02 09:04:46'),('2025-01-31',1926,3,0,2567,'C','3341500909531','2025-04-02 09:04:46'),('2025-01-31',1927,3,0,2567,'C','3341500909531','2025-04-02 09:04:46'),('2025-01-31',1928,3,0,2567,'C','3341500909531','2025-04-02 09:04:46'),('2025-01-31',1929,3,0,2567,'C','3341500909531','2025-04-02 09:04:46'),('2025-01-31',1930,3,0,2567,'C','3341500909531','2025-04-02 09:04:46'),('2025-01-31',1931,3,0,2567,'C','3341500909531','2025-04-02 09:04:46'),('2025-01-31',1932,3,0,2567,'C','3341500909531','2025-04-02 09:04:46'),('2025-01-31',1933,3,0,2567,'C','3341500909531','2025-04-02 09:04:46'),('2025-01-31',1934,3,0,2567,'C','3341500909531','2025-04-02 09:04:46'),('2025-01-31',1935,3,0,2567,'C','3341500909531','2025-04-02 09:04:46'),('2025-01-31',1936,3,0,2567,'C','3341500909531','2025-04-02 09:04:46'),('2025-01-31',1937,3,0,2567,'C','3341500909531','2025-04-02 09:04:46'),('2025-01-31',1938,3,0,2567,'C','3341500909531','2025-04-02 09:04:46'),('2025-01-31',1939,3,0,2567,'C','3341500909531','2025-04-02 09:04:46'),('2025-01-31',1940,3,0,2567,'C','3341500909531','2025-04-02 09:04:46'),('2025-01-31',1942,3,0,2567,'C','3341500909531','2025-04-02 09:04:46'),('2025-02-03',1923,3,0,2567,'C','3341500909531','2025-04-02 09:04:22'),('2025-02-03',1925,3,0,2567,'C','3341500909531','2025-04-02 09:04:22'),('2025-02-03',1926,3,0,2567,'C','3341500909531','2025-04-02 09:04:22'),('2025-02-03',1927,3,0,2567,'C','3341500909531','2025-04-02 09:04:22'),('2025-02-03',1928,3,0,2567,'C','3341500909531','2025-04-02 09:04:22'),('2025-02-03',1929,3,0,2567,'C','3341500909531','2025-04-02 09:04:22'),('2025-02-03',1930,3,0,2567,'C','3341500909531','2025-04-02 09:04:22'),('2025-02-03',1931,3,0,2567,'C','3341500909531','2025-04-02 09:04:22'),('2025-02-03',1932,3,0,2567,'C','3341500909531','2025-04-02 09:04:22'),('2025-02-03',1933,3,0,2567,'C','3341500909531','2025-04-02 09:04:22'),('2025-02-03',1934,3,0,2567,'C','3341500909531','2025-04-02 09:04:22'),('2025-02-03',1935,3,0,2567,'C','3341500909531','2025-04-02 09:04:22'),('2025-02-03',1936,3,0,2567,'C','3341500909531','2025-04-02 09:04:22'),('2025-02-03',1937,3,0,2567,'C','3341500909531','2025-04-02 09:04:22'),('2025-02-03',1938,3,0,2567,'S','3341500909531','2025-04-02 09:04:22'),('2025-02-03',1939,3,0,2567,'S','3341500909531','2025-04-02 09:04:22'),('2025-02-03',1940,3,0,2567,'C','3341500909531','2025-04-02 09:04:22'),('2025-02-03',1942,3,0,2567,'C','3341500909531','2025-04-02 09:04:22'),('2025-02-04',1923,3,0,2567,'C','3341500909531','2025-04-02 09:04:42'),('2025-02-04',1925,3,0,2567,'C','3341500909531','2025-04-02 09:04:42'),('2025-02-04',1926,3,0,2567,'C','3341500909531','2025-04-02 09:04:42'),('2025-02-04',1927,3,0,2567,'C','3341500909531','2025-04-02 09:04:42'),('2025-02-04',1928,3,0,2567,'C','3341500909531','2025-04-02 09:04:42'),('2025-02-04',1929,3,0,2567,'C','3341500909531','2025-04-02 09:04:42'),('2025-02-04',1930,3,0,2567,'C','3341500909531','2025-04-02 09:04:42'),('2025-02-04',1931,3,0,2567,'C','3341500909531','2025-04-02 09:04:42'),('2025-02-04',1932,3,0,2567,'C','3341500909531','2025-04-02 09:04:42'),('2025-02-04',1933,3,0,2567,'C','3341500909531','2025-04-02 09:04:42'),('2025-02-04',1934,3,0,2567,'C','3341500909531','2025-04-02 09:04:42'),('2025-02-04',1935,3,0,2567,'C','3341500909531','2025-04-02 09:04:42'),('2025-02-04',1936,3,0,2567,'C','3341500909531','2025-04-02 09:04:42'),('2025-02-04',1937,3,0,2567,'C','3341500909531','2025-04-02 09:04:42'),('2025-02-04',1938,3,0,2567,'S','3341500909531','2025-04-02 09:04:42'),('2025-02-04',1939,3,0,2567,'S','3341500909531','2025-04-02 09:04:42'),('2025-02-04',1940,3,0,2567,'C','3341500909531','2025-04-02 09:04:42'),('2025-02-04',1942,3,0,2567,'C','3341500909531','2025-04-02 09:04:42'),('2025-02-05',1923,3,0,2567,'C','3341500909531','2025-04-02 09:04:51'),('2025-02-05',1925,3,0,2567,'C','3341500909531','2025-04-02 09:04:51'),('2025-02-05',1926,3,0,2567,'C','3341500909531','2025-04-02 09:04:51'),('2025-02-05',1927,3,0,2567,'C','3341500909531','2025-04-02 09:04:51'),('2025-02-05',1928,3,0,2567,'C','3341500909531','2025-04-02 09:04:51'),('2025-02-05',1929,3,0,2567,'C','3341500909531','2025-04-02 09:04:51'),('2025-02-05',1930,3,0,2567,'C','3341500909531','2025-04-02 09:04:51'),('2025-02-05',1931,3,0,2567,'C','3341500909531','2025-04-02 09:04:51'),('2025-02-05',1932,3,0,2567,'C','3341500909531','2025-04-02 09:04:51'),('2025-02-05',1933,3,0,2567,'C','3341500909531','2025-04-02 09:04:51'),('2025-02-05',1934,3,0,2567,'C','3341500909531','2025-04-02 09:04:51'),('2025-02-05',1935,3,0,2567,'C','3341500909531','2025-04-02 09:04:51'),('2025-02-05',1936,3,0,2567,'C','3341500909531','2025-04-02 09:04:51'),('2025-02-05',1937,3,0,2567,'C','3341500909531','2025-04-02 09:04:51'),('2025-02-05',1938,3,0,2567,'C','3341500909531','2025-04-02 09:04:51'),('2025-02-05',1939,3,0,2567,'C','3341500909531','2025-04-02 09:04:51'),('2025-02-05',1940,3,0,2567,'C','3341500909531','2025-04-02 09:04:51'),('2025-02-05',1942,3,0,2567,'C','3341500909531','2025-04-02 09:04:51'),('2025-02-06',1923,3,0,2567,'C','3341500909531','2025-04-02 09:04:57'),('2025-02-06',1925,3,0,2567,'C','3341500909531','2025-04-02 09:04:57'),('2025-02-06',1926,3,0,2567,'C','3341500909531','2025-04-02 09:04:57'),('2025-02-06',1927,3,0,2567,'C','3341500909531','2025-04-02 09:04:57'),('2025-02-06',1928,3,0,2567,'C','3341500909531','2025-04-02 09:04:57'),('2025-02-06',1929,3,0,2567,'C','3341500909531','2025-04-02 09:04:57'),('2025-02-06',1930,3,0,2567,'C','3341500909531','2025-04-02 09:04:57'),('2025-02-06',1931,3,0,2567,'C','3341500909531','2025-04-02 09:04:57'),('2025-02-06',1932,3,0,2567,'C','3341500909531','2025-04-02 09:04:57'),('2025-02-06',1933,3,0,2567,'C','3341500909531','2025-04-02 09:04:57'),('2025-02-06',1934,3,0,2567,'C','3341500909531','2025-04-02 09:04:57'),('2025-02-06',1935,3,0,2567,'C','3341500909531','2025-04-02 09:04:57'),('2025-02-06',1936,3,0,2567,'C','3341500909531','2025-04-02 09:04:57'),('2025-02-06',1937,3,0,2567,'C','3341500909531','2025-04-02 09:04:57'),('2025-02-06',1938,3,0,2567,'C','3341500909531','2025-04-02 09:04:57'),('2025-02-06',1939,3,0,2567,'C','3341500909531','2025-04-02 09:04:57'),('2025-02-06',1940,3,0,2567,'C','3341500909531','2025-04-02 09:04:57'),('2025-02-06',1942,3,0,2567,'C','3341500909531','2025-04-02 09:04:57'),('2025-02-07',1923,3,0,2567,'C','3341500909531','2025-04-02 09:04:05'),('2025-02-07',1925,3,0,2567,'C','3341500909531','2025-04-02 09:04:05'),('2025-02-07',1926,3,0,2567,'C','3341500909531','2025-04-02 09:04:05'),('2025-02-07',1927,3,0,2567,'C','3341500909531','2025-04-02 09:04:05'),('2025-02-07',1928,3,0,2567,'C','3341500909531','2025-04-02 09:04:05'),('2025-02-07',1929,3,0,2567,'C','3341500909531','2025-04-02 09:04:05'),('2025-02-07',1930,3,0,2567,'C','3341500909531','2025-04-02 09:04:05'),('2025-02-07',1931,3,0,2567,'C','3341500909531','2025-04-02 09:04:05'),('2025-02-07',1932,3,0,2567,'C','3341500909531','2025-04-02 09:04:05'),('2025-02-07',1933,3,0,2567,'C','3341500909531','2025-04-02 09:04:05'),('2025-02-07',1934,3,0,2567,'C','3341500909531','2025-04-02 09:04:05'),('2025-02-07',1935,3,0,2567,'C','3341500909531','2025-04-02 09:04:05'),('2025-02-07',1936,3,0,2567,'C','3341500909531','2025-04-02 09:04:05'),('2025-02-07',1937,3,0,2567,'C','3341500909531','2025-04-02 09:04:05'),('2025-02-07',1938,3,0,2567,'C','3341500909531','2025-04-02 09:04:05'),('2025-02-07',1939,3,0,2567,'C','3341500909531','2025-04-02 09:04:05'),('2025-02-07',1940,3,0,2567,'C','3341500909531','2025-04-02 09:04:05'),('2025-02-07',1942,3,0,2567,'C','3341500909531','2025-04-02 09:04:05'),('2025-02-10',1923,3,0,2567,'C','3341500909531','2025-04-02 09:04:14'),('2025-02-10',1925,3,0,2567,'C','3341500909531','2025-04-02 09:04:14'),('2025-02-10',1926,3,0,2567,'C','3341500909531','2025-04-02 09:04:14'),('2025-02-10',1927,3,0,2567,'C','3341500909531','2025-04-02 09:04:14'),('2025-02-10',1928,3,0,2567,'C','3341500909531','2025-04-02 09:04:14'),('2025-02-10',1929,3,0,2567,'C','3341500909531','2025-04-02 09:04:14'),('2025-02-10',1930,3,0,2567,'C','3341500909531','2025-04-02 09:04:14'),('2025-02-10',1931,3,0,2567,'C','3341500909531','2025-04-02 09:04:14'),('2025-02-10',1932,3,0,2567,'C','3341500909531','2025-04-02 09:04:14'),('2025-02-10',1933,3,0,2567,'C','3341500909531','2025-04-02 09:04:14'),('2025-02-10',1934,3,0,2567,'C','3341500909531','2025-04-02 09:04:14'),('2025-02-10',1935,3,0,2567,'C','3341500909531','2025-04-02 09:04:14'),('2025-02-10',1936,3,0,2567,'C','3341500909531','2025-04-02 09:04:14'),('2025-02-10',1937,3,0,2567,'C','3341500909531','2025-04-02 09:04:14'),('2025-02-10',1938,3,0,2567,'C','3341500909531','2025-04-02 09:04:14'),('2025-02-10',1939,3,0,2567,'C','3341500909531','2025-04-02 09:04:14'),('2025-02-10',1940,3,0,2567,'C','3341500909531','2025-04-02 09:04:14'),('2025-02-10',1942,3,0,2567,'C','3341500909531','2025-04-02 09:04:14'),('2025-02-11',1923,3,0,2567,'C','3341500909531','2025-04-02 09:04:22'),('2025-02-11',1925,3,0,2567,'C','3341500909531','2025-04-02 09:04:22'),('2025-02-11',1926,3,0,2567,'C','3341500909531','2025-04-02 09:04:22'),('2025-02-11',1927,3,0,2567,'C','3341500909531','2025-04-02 09:04:22'),('2025-02-11',1928,3,0,2567,'C','3341500909531','2025-04-02 09:04:22'),('2025-02-11',1929,3,0,2567,'C','3341500909531','2025-04-02 09:04:22'),('2025-02-11',1930,3,0,2567,'C','3341500909531','2025-04-02 09:04:22'),('2025-02-11',1931,3,0,2567,'C','3341500909531','2025-04-02 09:04:22'),('2025-02-11',1932,3,0,2567,'C','3341500909531','2025-04-02 09:04:22'),('2025-02-11',1933,3,0,2567,'C','3341500909531','2025-04-02 09:04:22'),('2025-02-11',1934,3,0,2567,'C','3341500909531','2025-04-02 09:04:22'),('2025-02-11',1935,3,0,2567,'C','3341500909531','2025-04-02 09:04:22'),('2025-02-11',1936,3,0,2567,'C','3341500909531','2025-04-02 09:04:22'),('2025-02-11',1937,3,0,2567,'C','3341500909531','2025-04-02 09:04:22'),('2025-02-11',1938,3,0,2567,'C','3341500909531','2025-04-02 09:04:22'),('2025-02-11',1939,3,0,2567,'C','3341500909531','2025-04-02 09:04:22'),('2025-02-11',1940,3,0,2567,'C','3341500909531','2025-04-02 09:04:22'),('2025-02-11',1942,3,0,2567,'C','3341500909531','2025-04-02 09:04:22'),('2025-02-13',1923,3,0,2567,'C','3341500909531','2025-04-02 09:04:48'),('2025-02-13',1925,3,0,2567,'C','3341500909531','2025-04-02 09:04:48'),('2025-02-13',1926,3,0,2567,'C','3341500909531','2025-04-02 09:04:48'),('2025-02-13',1927,3,0,2567,'C','3341500909531','2025-04-02 09:04:48'),('2025-02-13',1928,3,0,2567,'C','3341500909531','2025-04-02 09:04:48'),('2025-02-13',1929,3,0,2567,'C','3341500909531','2025-04-02 09:04:48'),('2025-02-13',1930,3,0,2567,'C','3341500909531','2025-04-02 09:04:48'),('2025-02-13',1931,3,0,2567,'C','3341500909531','2025-04-02 09:04:48'),('2025-02-13',1932,3,0,2567,'C','3341500909531','2025-04-02 09:04:48'),('2025-02-13',1933,3,0,2567,'C','3341500909531','2025-04-02 09:04:48'),('2025-02-13',1934,3,0,2567,'C','3341500909531','2025-04-02 09:04:48'),('2025-02-13',1935,3,0,2567,'C','3341500909531','2025-04-02 09:04:48'),('2025-02-13',1936,3,0,2567,'C','3341500909531','2025-04-02 09:04:48'),('2025-02-13',1937,3,0,2567,'C','3341500909531','2025-04-02 09:04:48'),('2025-02-13',1938,3,0,2567,'S','3341500909531','2025-04-02 09:04:48'),('2025-02-13',1939,3,0,2567,'S','3341500909531','2025-04-02 09:04:48'),('2025-02-13',1940,3,0,2567,'C','3341500909531','2025-04-02 09:04:48'),('2025-02-13',1942,3,0,2567,'C','3341500909531','2025-04-02 09:04:48'),('2025-02-14',1923,3,0,2567,'C','3341500909531','2025-04-02 09:04:55'),('2025-02-14',1925,3,0,2567,'C','3341500909531','2025-04-02 09:04:55'),('2025-02-14',1926,3,0,2567,'C','3341500909531','2025-04-02 09:04:55'),('2025-02-14',1927,3,0,2567,'C','3341500909531','2025-04-02 09:04:55'),('2025-02-14',1928,3,0,2567,'C','3341500909531','2025-04-02 09:04:55'),('2025-02-14',1929,3,0,2567,'C','3341500909531','2025-04-02 09:04:55'),('2025-02-14',1930,3,0,2567,'C','3341500909531','2025-04-02 09:04:55'),('2025-02-14',1931,3,0,2567,'C','3341500909531','2025-04-02 09:04:55'),('2025-02-14',1932,3,0,2567,'C','3341500909531','2025-04-02 09:04:55'),('2025-02-14',1933,3,0,2567,'C','3341500909531','2025-04-02 09:04:55'),('2025-02-14',1934,3,0,2567,'C','3341500909531','2025-04-02 09:04:55'),('2025-02-14',1935,3,0,2567,'C','3341500909531','2025-04-02 09:04:55'),('2025-02-14',1936,3,0,2567,'C','3341500909531','2025-04-02 09:04:55'),('2025-02-14',1937,3,0,2567,'C','3341500909531','2025-04-02 09:04:55'),('2025-02-14',1938,3,0,2567,'C','3341500909531','2025-04-02 09:04:55'),('2025-02-14',1939,3,0,2567,'C','3341500909531','2025-04-02 09:04:55'),('2025-02-14',1940,3,0,2567,'C','3341500909531','2025-04-02 09:04:55'),('2025-02-14',1942,3,0,2567,'C','3341500909531','2025-04-02 09:04:55'),('2025-02-17',1923,3,0,2567,'C','3341500909531','2025-04-02 09:04:11'),('2025-02-17',1925,3,0,2567,'C','3341500909531','2025-04-02 09:04:11'),('2025-02-17',1926,3,0,2567,'C','3341500909531','2025-04-02 09:04:11'),('2025-02-17',1927,3,0,2567,'C','3341500909531','2025-04-02 09:04:11'),('2025-02-17',1928,3,0,2567,'C','3341500909531','2025-04-02 09:04:11'),('2025-02-17',1929,3,0,2567,'C','3341500909531','2025-04-02 09:04:11'),('2025-02-17',1930,3,0,2567,'C','3341500909531','2025-04-02 09:04:11'),('2025-02-17',1931,3,0,2567,'C','3341500909531','2025-04-02 09:04:11'),('2025-02-17',1932,3,0,2567,'C','3341500909531','2025-04-02 09:04:11'),('2025-02-17',1933,3,0,2567,'C','3341500909531','2025-04-02 09:04:11'),('2025-02-17',1934,3,0,2567,'C','3341500909531','2025-04-02 09:04:11'),('2025-02-17',1935,3,0,2567,'C','3341500909531','2025-04-02 09:04:11'),('2025-02-17',1936,3,0,2567,'C','3341500909531','2025-04-02 09:04:11'),('2025-02-17',1937,3,0,2567,'C','3341500909531','2025-04-02 09:04:11'),('2025-02-17',1938,3,0,2567,'C','3341500909531','2025-04-02 09:04:11'),('2025-02-17',1939,3,0,2567,'C','3341500909531','2025-04-02 09:04:11'),('2025-02-17',1940,3,0,2567,'C','3341500909531','2025-04-02 09:04:11'),('2025-02-17',1942,3,0,2567,'C','3341500909531','2025-04-02 09:04:11'),('2025-02-18',1923,3,0,2567,'C','3341500909531','2025-04-02 09:04:23'),('2025-02-18',1925,3,0,2567,'C','3341500909531','2025-04-02 09:04:23'),('2025-02-18',1926,3,0,2567,'C','3341500909531','2025-04-02 09:04:23'),('2025-02-18',1927,3,0,2567,'C','3341500909531','2025-04-02 09:04:23'),('2025-02-18',1928,3,0,2567,'C','3341500909531','2025-04-02 09:04:23'),('2025-02-18',1929,3,0,2567,'C','3341500909531','2025-04-02 09:04:23'),('2025-02-18',1930,3,0,2567,'C','3341500909531','2025-04-02 09:04:23'),('2025-02-18',1931,3,0,2567,'C','3341500909531','2025-04-02 09:04:23'),('2025-02-18',1932,3,0,2567,'C','3341500909531','2025-04-02 09:04:23'),('2025-02-18',1933,3,0,2567,'C','3341500909531','2025-04-02 09:04:23'),('2025-02-18',1934,3,0,2567,'C','3341500909531','2025-04-02 09:04:23'),('2025-02-18',1935,3,0,2567,'C','3341500909531','2025-04-02 09:04:23'),('2025-02-18',1936,3,0,2567,'C','3341500909531','2025-04-02 09:04:23'),('2025-02-18',1937,3,0,2567,'C','3341500909531','2025-04-02 09:04:23'),('2025-02-18',1938,3,0,2567,'C','3341500909531','2025-04-02 09:04:23'),('2025-02-18',1939,3,0,2567,'C','3341500909531','2025-04-02 09:04:23'),('2025-02-18',1940,3,0,2567,'C','3341500909531','2025-04-02 09:04:23'),('2025-02-18',1942,3,0,2567,'C','3341500909531','2025-04-02 09:04:23'),('2025-02-19',1923,3,0,2567,'C','3341500909531','2025-04-02 09:04:29'),('2025-02-19',1925,3,0,2567,'C','3341500909531','2025-04-02 09:04:29'),('2025-02-19',1926,3,0,2567,'C','3341500909531','2025-04-02 09:04:29'),('2025-02-19',1927,3,0,2567,'C','3341500909531','2025-04-02 09:04:29'),('2025-02-19',1928,3,0,2567,'C','3341500909531','2025-04-02 09:04:29'),('2025-02-19',1929,3,0,2567,'C','3341500909531','2025-04-02 09:04:29'),('2025-02-19',1930,3,0,2567,'C','3341500909531','2025-04-02 09:04:29'),('2025-02-19',1931,3,0,2567,'C','3341500909531','2025-04-02 09:04:29'),('2025-02-19',1932,3,0,2567,'C','3341500909531','2025-04-02 09:04:29'),('2025-02-19',1933,3,0,2567,'C','3341500909531','2025-04-02 09:04:29'),('2025-02-19',1934,3,0,2567,'C','3341500909531','2025-04-02 09:04:29'),('2025-02-19',1935,3,0,2567,'C','3341500909531','2025-04-02 09:04:29'),('2025-02-19',1936,3,0,2567,'C','3341500909531','2025-04-02 09:04:29'),('2025-02-19',1937,3,0,2567,'C','3341500909531','2025-04-02 09:04:29'),('2025-02-19',1938,3,0,2567,'C','3341500909531','2025-04-02 09:04:29'),('2025-02-19',1939,3,0,2567,'C','3341500909531','2025-04-02 09:04:29'),('2025-02-19',1940,3,0,2567,'C','3341500909531','2025-04-02 09:04:29'),('2025-02-19',1942,3,0,2567,'C','3341500909531','2025-04-02 09:04:29'),('2025-02-20',1923,3,0,2567,'C','3341500909531','2025-04-02 09:04:39'),('2025-02-20',1925,3,0,2567,'C','3341500909531','2025-04-02 09:04:39'),('2025-02-20',1926,3,0,2567,'C','3341500909531','2025-04-02 09:04:39'),('2025-02-20',1927,3,0,2567,'C','3341500909531','2025-04-02 09:04:39'),('2025-02-20',1928,3,0,2567,'C','3341500909531','2025-04-02 09:04:39'),('2025-02-20',1929,3,0,2567,'C','3341500909531','2025-04-02 09:04:39'),('2025-02-20',1930,3,0,2567,'C','3341500909531','2025-04-02 09:04:39'),('2025-02-20',1931,3,0,2567,'C','3341500909531','2025-04-02 09:04:39'),('2025-02-20',1932,3,0,2567,'C','3341500909531','2025-04-02 09:04:39'),('2025-02-20',1933,3,0,2567,'C','3341500909531','2025-04-02 09:04:39'),('2025-02-20',1934,3,0,2567,'C','3341500909531','2025-04-02 09:04:39'),('2025-02-20',1935,3,0,2567,'C','3341500909531','2025-04-02 09:04:39'),('2025-02-20',1936,3,0,2567,'C','3341500909531','2025-04-02 09:04:39'),('2025-02-20',1937,3,0,2567,'C','3341500909531','2025-04-02 09:04:39'),('2025-02-20',1938,3,0,2567,'C','3341500909531','2025-04-02 09:04:39'),('2025-02-20',1939,3,0,2567,'C','3341500909531','2025-04-02 09:04:39'),('2025-02-20',1940,3,0,2567,'C','3341500909531','2025-04-02 09:04:39'),('2025-02-20',1942,3,0,2567,'C','3341500909531','2025-04-02 09:04:39'),('2025-02-21',1923,3,0,2567,'C','3341500909531','2025-04-02 09:04:45'),('2025-02-21',1925,3,0,2567,'C','3341500909531','2025-04-02 09:04:45'),('2025-02-21',1926,3,0,2567,'C','3341500909531','2025-04-02 09:04:45'),('2025-02-21',1927,3,0,2567,'C','3341500909531','2025-04-02 09:04:45'),('2025-02-21',1928,3,0,2567,'C','3341500909531','2025-04-02 09:04:45'),('2025-02-21',1929,3,0,2567,'C','3341500909531','2025-04-02 09:04:45'),('2025-02-21',1930,3,0,2567,'C','3341500909531','2025-04-02 09:04:45'),('2025-02-21',1931,3,0,2567,'C','3341500909531','2025-04-02 09:04:45'),('2025-02-21',1932,3,0,2567,'C','3341500909531','2025-04-02 09:04:45'),('2025-02-21',1933,3,0,2567,'C','3341500909531','2025-04-02 09:04:45'),('2025-02-21',1934,3,0,2567,'C','3341500909531','2025-04-02 09:04:45'),('2025-02-21',1935,3,0,2567,'C','3341500909531','2025-04-02 09:04:45'),('2025-02-21',1936,3,0,2567,'C','3341500909531','2025-04-02 09:04:45'),('2025-02-21',1937,3,0,2567,'C','3341500909531','2025-04-02 09:04:45'),('2025-02-21',1938,3,0,2567,'C','3341500909531','2025-04-02 09:04:45'),('2025-02-21',1939,3,0,2567,'C','3341500909531','2025-04-02 09:04:45'),('2025-02-21',1940,3,0,2567,'C','3341500909531','2025-04-02 09:04:45'),('2025-02-21',1942,3,0,2567,'C','3341500909531','2025-04-02 09:04:45'),('2025-02-24',1923,3,0,2567,'C','3341500909531','2025-04-02 09:04:59'),('2025-02-24',1925,3,0,2567,'C','3341500909531','2025-04-02 09:04:59'),('2025-02-24',1926,3,0,2567,'C','3341500909531','2025-04-02 09:04:59'),('2025-02-24',1927,3,0,2567,'C','3341500909531','2025-04-02 09:04:59'),('2025-02-24',1928,3,0,2567,'C','3341500909531','2025-04-02 09:04:59'),('2025-02-24',1929,3,0,2567,'C','3341500909531','2025-04-02 09:04:59'),('2025-02-24',1930,3,0,2567,'C','3341500909531','2025-04-02 09:04:59'),('2025-02-24',1931,3,0,2567,'C','3341500909531','2025-04-02 09:04:59'),('2025-02-24',1932,3,0,2567,'C','3341500909531','2025-04-02 09:04:59'),('2025-02-24',1933,3,0,2567,'C','3341500909531','2025-04-02 09:04:59'),('2025-02-24',1934,3,0,2567,'C','3341500909531','2025-04-02 09:04:59'),('2025-02-24',1935,3,0,2567,'C','3341500909531','2025-04-02 09:04:59'),('2025-02-24',1936,3,0,2567,'C','3341500909531','2025-04-02 09:04:59'),('2025-02-24',1937,3,0,2567,'C','3341500909531','2025-04-02 09:04:59'),('2025-02-24',1938,3,0,2567,'C','3341500909531','2025-04-02 09:04:59'),('2025-02-24',1939,3,0,2567,'C','3341500909531','2025-04-02 09:04:59'),('2025-02-24',1940,3,0,2567,'C','3341500909531','2025-04-02 09:04:59'),('2025-02-24',1942,3,0,2567,'C','3341500909531','2025-04-02 09:04:59'),('2025-02-25',1923,3,0,2567,'C','3341500909531','2025-04-02 09:04:04'),('2025-02-25',1925,3,0,2567,'C','3341500909531','2025-04-02 09:04:04'),('2025-02-25',1926,3,0,2567,'C','3341500909531','2025-04-02 09:04:04'),('2025-02-25',1927,3,0,2567,'C','3341500909531','2025-04-02 09:04:04'),('2025-02-25',1928,3,0,2567,'C','3341500909531','2025-04-02 09:04:04'),('2025-02-25',1929,3,0,2567,'C','3341500909531','2025-04-02 09:04:04'),('2025-02-25',1930,3,0,2567,'C','3341500909531','2025-04-02 09:04:04'),('2025-02-25',1931,3,0,2567,'C','3341500909531','2025-04-02 09:04:04'),('2025-02-25',1932,3,0,2567,'C','3341500909531','2025-04-02 09:04:04'),('2025-02-25',1933,3,0,2567,'C','3341500909531','2025-04-02 09:04:04'),('2025-02-25',1934,3,0,2567,'C','3341500909531','2025-04-02 09:04:04'),('2025-02-25',1935,3,0,2567,'C','3341500909531','2025-04-02 09:04:04'),('2025-02-25',1936,3,0,2567,'C','3341500909531','2025-04-02 09:04:04'),('2025-02-25',1937,3,0,2567,'C','3341500909531','2025-04-02 09:04:04'),('2025-02-25',1938,3,0,2567,'C','3341500909531','2025-04-02 09:04:04'),('2025-02-25',1939,3,0,2567,'C','3341500909531','2025-04-02 09:04:04'),('2025-02-25',1940,3,0,2567,'C','3341500909531','2025-04-02 09:04:04'),('2025-02-25',1942,3,0,2567,'C','3341500909531','2025-04-02 09:04:04'),('2025-02-26',1923,3,0,2567,'C','3341500909531','2025-04-02 09:04:10'),('2025-02-26',1925,3,0,2567,'C','3341500909531','2025-04-02 09:04:10'),('2025-02-26',1926,3,0,2567,'C','3341500909531','2025-04-02 09:04:10'),('2025-02-26',1927,3,0,2567,'C','3341500909531','2025-04-02 09:04:10'),('2025-02-26',1928,3,0,2567,'C','3341500909531','2025-04-02 09:04:10'),('2025-02-26',1929,3,0,2567,'C','3341500909531','2025-04-02 09:04:10'),('2025-02-26',1930,3,0,2567,'C','3341500909531','2025-04-02 09:04:10'),('2025-02-26',1931,3,0,2567,'C','3341500909531','2025-04-02 09:04:10'),('2025-02-26',1932,3,0,2567,'C','3341500909531','2025-04-02 09:04:10'),('2025-02-26',1933,3,0,2567,'C','3341500909531','2025-04-02 09:04:10'),('2025-02-26',1934,3,0,2567,'C','3341500909531','2025-04-02 09:04:10'),('2025-02-26',1935,3,0,2567,'C','3341500909531','2025-04-02 09:04:10'),('2025-02-26',1936,3,0,2567,'C','3341500909531','2025-04-02 09:04:10'),('2025-02-26',1937,3,0,2567,'C','3341500909531','2025-04-02 09:04:10'),('2025-02-26',1938,3,0,2567,'C','3341500909531','2025-04-02 09:04:10'),('2025-02-26',1939,3,0,2567,'C','3341500909531','2025-04-02 09:04:10'),('2025-02-26',1940,3,0,2567,'C','3341500909531','2025-04-02 09:04:10'),('2025-02-26',1942,3,0,2567,'C','3341500909531','2025-04-02 09:04:10'),('2025-02-27',1923,3,0,2567,'C','3341500909531','2025-04-02 09:04:19'),('2025-02-27',1925,3,0,2567,'C','3341500909531','2025-04-02 09:04:19'),('2025-02-27',1926,3,0,2567,'C','3341500909531','2025-04-02 09:04:19'),('2025-02-27',1927,3,0,2567,'C','3341500909531','2025-04-02 09:04:19'),('2025-02-27',1928,3,0,2567,'C','3341500909531','2025-04-02 09:04:19'),('2025-02-27',1929,3,0,2567,'C','3341500909531','2025-04-02 09:04:19'),('2025-02-27',1930,3,0,2567,'C','3341500909531','2025-04-02 09:04:19'),('2025-02-27',1931,3,0,2567,'C','3341500909531','2025-04-02 09:04:19'),('2025-02-27',1932,3,0,2567,'C','3341500909531','2025-04-02 09:04:19'),('2025-02-27',1933,3,0,2567,'C','3341500909531','2025-04-02 09:04:19'),('2025-02-27',1934,3,0,2567,'C','3341500909531','2025-04-02 09:04:19'),('2025-02-27',1935,3,0,2567,'C','3341500909531','2025-04-02 09:04:19'),('2025-02-27',1936,3,0,2567,'C','3341500909531','2025-04-02 09:04:19'),('2025-02-27',1937,3,0,2567,'C','3341500909531','2025-04-02 09:04:19'),('2025-02-27',1938,3,0,2567,'C','3341500909531','2025-04-02 09:04:19'),('2025-02-27',1939,3,0,2567,'C','3341500909531','2025-04-02 09:04:19'),('2025-02-27',1940,3,0,2567,'C','3341500909531','2025-04-02 09:04:19'),('2025-02-27',1942,3,0,2567,'C','3341500909531','2025-04-02 09:04:19'),('2025-02-28',1923,3,0,2567,'C','3341500909531','2025-04-02 09:04:26'),('2025-02-28',1925,3,0,2567,'C','3341500909531','2025-04-02 09:04:26'),('2025-02-28',1926,3,0,2567,'C','3341500909531','2025-04-02 09:04:26'),('2025-02-28',1927,3,0,2567,'C','3341500909531','2025-04-02 09:04:26'),('2025-02-28',1928,3,0,2567,'C','3341500909531','2025-04-02 09:04:26'),('2025-02-28',1929,3,0,2567,'C','3341500909531','2025-04-02 09:04:26'),('2025-02-28',1930,3,0,2567,'C','3341500909531','2025-04-02 09:04:26'),('2025-02-28',1931,3,0,2567,'C','3341500909531','2025-04-02 09:04:26'),('2025-02-28',1932,3,0,2567,'C','3341500909531','2025-04-02 09:04:26'),('2025-02-28',1933,3,0,2567,'C','3341500909531','2025-04-02 09:04:26'),('2025-02-28',1934,3,0,2567,'C','3341500909531','2025-04-02 09:04:26'),('2025-02-28',1935,3,0,2567,'C','3341500909531','2025-04-02 09:04:26'),('2025-02-28',1936,3,0,2567,'C','3341500909531','2025-04-02 09:04:26'),('2025-02-28',1937,3,0,2567,'C','3341500909531','2025-04-02 09:04:26'),('2025-02-28',1938,3,0,2567,'C','3341500909531','2025-04-02 09:04:26'),('2025-02-28',1939,3,0,2567,'C','3341500909531','2025-04-02 09:04:26'),('2025-02-28',1940,3,0,2567,'C','3341500909531','2025-04-02 09:04:26'),('2025-02-28',1942,3,0,2567,'C','3341500909531','2025-04-02 09:04:26'),('2025-03-03',1923,3,0,2567,'C','3341500909531','2025-04-02 09:04:51'),('2025-03-03',1925,3,0,2567,'C','3341500909531','2025-04-02 09:04:51'),('2025-03-03',1926,3,0,2567,'C','3341500909531','2025-04-02 09:04:51'),('2025-03-03',1927,3,0,2567,'C','3341500909531','2025-04-02 09:04:51'),('2025-03-03',1928,3,0,2567,'C','3341500909531','2025-04-02 09:04:51'),('2025-03-03',1929,3,0,2567,'C','3341500909531','2025-04-02 09:04:51'),('2025-03-03',1930,3,0,2567,'C','3341500909531','2025-04-02 09:04:51'),('2025-03-03',1931,3,0,2567,'C','3341500909531','2025-04-02 09:04:51'),('2025-03-03',1932,3,0,2567,'C','3341500909531','2025-04-02 09:04:51'),('2025-03-03',1933,3,0,2567,'C','3341500909531','2025-04-02 09:04:51'),('2025-03-03',1934,3,0,2567,'C','3341500909531','2025-04-02 09:04:51'),('2025-03-03',1935,3,0,2567,'C','3341500909531','2025-04-02 09:04:51'),('2025-03-03',1936,3,0,2567,'C','3341500909531','2025-04-02 09:04:51'),('2025-03-03',1937,3,0,2567,'C','3341500909531','2025-04-02 09:04:51'),('2025-03-03',1938,3,0,2567,'C','3341500909531','2025-04-02 09:04:51'),('2025-03-03',1939,3,0,2567,'C','3341500909531','2025-04-02 09:04:51'),('2025-03-03',1940,3,0,2567,'C','3341500909531','2025-04-02 09:04:51'),('2025-03-03',1942,3,0,2567,'C','3341500909531','2025-04-02 09:04:51'),('2025-03-04',1923,3,0,2567,'C','3341500909531','2025-04-02 09:04:58'),('2025-03-04',1925,3,0,2567,'C','3341500909531','2025-04-02 09:04:58'),('2025-03-04',1926,3,0,2567,'C','3341500909531','2025-04-02 09:04:58'),('2025-03-04',1927,3,0,2567,'C','3341500909531','2025-04-02 09:04:58'),('2025-03-04',1928,3,0,2567,'C','3341500909531','2025-04-02 09:04:58'),('2025-03-04',1929,3,0,2567,'C','3341500909531','2025-04-02 09:04:58'),('2025-03-04',1930,3,0,2567,'C','3341500909531','2025-04-02 09:04:58'),('2025-03-04',1931,3,0,2567,'C','3341500909531','2025-04-02 09:04:58'),('2025-03-04',1932,3,0,2567,'C','3341500909531','2025-04-02 09:04:58'),('2025-03-04',1933,3,0,2567,'C','3341500909531','2025-04-02 09:04:58'),('2025-03-04',1934,3,0,2567,'C','3341500909531','2025-04-02 09:04:58'),('2025-03-04',1935,3,0,2567,'C','3341500909531','2025-04-02 09:04:58'),('2025-03-04',1936,3,0,2567,'C','3341500909531','2025-04-02 09:04:58'),('2025-03-04',1937,3,0,2567,'C','3341500909531','2025-04-02 09:04:58'),('2025-03-04',1938,3,0,2567,'C','3341500909531','2025-04-02 09:04:58'),('2025-03-04',1939,3,0,2567,'C','3341500909531','2025-04-02 09:04:58'),('2025-03-04',1940,3,0,2567,'C','3341500909531','2025-04-02 09:04:58'),('2025-03-04',1942,3,0,2567,'C','3341500909531','2025-04-02 09:04:58'),('2025-03-05',1923,3,0,2567,'C','3341500909531','2025-04-02 09:04:04'),('2025-03-05',1925,3,0,2567,'C','3341500909531','2025-04-02 09:04:04'),('2025-03-05',1926,3,0,2567,'C','3341500909531','2025-04-02 09:04:04'),('2025-03-05',1927,3,0,2567,'C','3341500909531','2025-04-02 09:04:04'),('2025-03-05',1928,3,0,2567,'C','3341500909531','2025-04-02 09:04:04'),('2025-03-05',1929,3,0,2567,'C','3341500909531','2025-04-02 09:04:04'),('2025-03-05',1930,3,0,2567,'C','3341500909531','2025-04-02 09:04:04'),('2025-03-05',1931,3,0,2567,'C','3341500909531','2025-04-02 09:04:04'),('2025-03-05',1932,3,0,2567,'C','3341500909531','2025-04-02 09:04:04'),('2025-03-05',1933,3,0,2567,'C','3341500909531','2025-04-02 09:04:04'),('2025-03-05',1934,3,0,2567,'C','3341500909531','2025-04-02 09:04:04'),('2025-03-05',1935,3,0,2567,'C','3341500909531','2025-04-02 09:04:04'),('2025-03-05',1936,3,0,2567,'C','3341500909531','2025-04-02 09:04:04'),('2025-03-05',1937,3,0,2567,'C','3341500909531','2025-04-02 09:04:04'),('2025-03-05',1938,3,0,2567,'C','3341500909531','2025-04-02 09:04:04'),('2025-03-05',1939,3,0,2567,'C','3341500909531','2025-04-02 09:04:04'),('2025-03-05',1940,3,0,2567,'C','3341500909531','2025-04-02 09:04:04'),('2025-03-05',1942,3,0,2567,'C','3341500909531','2025-04-02 09:04:04'),('2025-03-06',1923,3,0,2567,'C','3341500909531','2025-04-02 09:04:10'),('2025-03-06',1925,3,0,2567,'C','3341500909531','2025-04-02 09:04:10'),('2025-03-06',1926,3,0,2567,'C','3341500909531','2025-04-02 09:04:10'),('2025-03-06',1927,3,0,2567,'C','3341500909531','2025-04-02 09:04:10'),('2025-03-06',1928,3,0,2567,'C','3341500909531','2025-04-02 09:04:10'),('2025-03-06',1929,3,0,2567,'C','3341500909531','2025-04-02 09:04:10'),('2025-03-06',1930,3,0,2567,'C','3341500909531','2025-04-02 09:04:10'),('2025-03-06',1931,3,0,2567,'C','3341500909531','2025-04-02 09:04:10'),('2025-03-06',1932,3,0,2567,'C','3341500909531','2025-04-02 09:04:10'),('2025-03-06',1933,3,0,2567,'C','3341500909531','2025-04-02 09:04:10'),('2025-03-06',1934,3,0,2567,'C','3341500909531','2025-04-02 09:04:10'),('2025-03-06',1935,3,0,2567,'C','3341500909531','2025-04-02 09:04:10'),('2025-03-06',1936,3,0,2567,'C','3341500909531','2025-04-02 09:04:10'),('2025-03-06',1937,3,0,2567,'C','3341500909531','2025-04-02 09:04:10'),('2025-03-06',1938,3,0,2567,'C','3341500909531','2025-04-02 09:04:10'),('2025-03-06',1939,3,0,2567,'C','3341500909531','2025-04-02 09:04:10'),('2025-03-06',1940,3,0,2567,'C','3341500909531','2025-04-02 09:04:10'),('2025-03-06',1942,3,0,2567,'C','3341500909531','2025-04-02 09:04:10'),('2025-03-07',1923,3,0,2567,'C','3341500909531','2025-04-02 09:04:19'),('2025-03-07',1925,3,0,2567,'C','3341500909531','2025-04-02 09:04:19'),('2025-03-07',1926,3,0,2567,'C','3341500909531','2025-04-02 09:04:19'),('2025-03-07',1927,3,0,2567,'C','3341500909531','2025-04-02 09:04:19'),('2025-03-07',1928,3,0,2567,'C','3341500909531','2025-04-02 09:04:19'),('2025-03-07',1929,3,0,2567,'C','3341500909531','2025-04-02 09:04:19'),('2025-03-07',1930,3,0,2567,'C','3341500909531','2025-04-02 09:04:19'),('2025-03-07',1931,3,0,2567,'C','3341500909531','2025-04-02 09:04:19'),('2025-03-07',1932,3,0,2567,'C','3341500909531','2025-04-02 09:04:19'),('2025-03-07',1933,3,0,2567,'C','3341500909531','2025-04-02 09:04:19'),('2025-03-07',1934,3,0,2567,'C','3341500909531','2025-04-02 09:04:19'),('2025-03-07',1935,3,0,2567,'C','3341500909531','2025-04-02 09:04:19'),('2025-03-07',1936,3,0,2567,'C','3341500909531','2025-04-02 09:04:19'),('2025-03-07',1937,3,0,2567,'C','3341500909531','2025-04-02 09:04:19'),('2025-03-07',1938,3,0,2567,'C','3341500909531','2025-04-02 09:04:19'),('2025-03-07',1939,3,0,2567,'C','3341500909531','2025-04-02 09:04:19'),('2025-03-07',1940,3,0,2567,'C','3341500909531','2025-04-02 09:04:19'),('2025-03-07',1942,3,0,2567,'C','3341500909531','2025-04-02 09:04:19'),('2025-03-10',1923,3,0,2567,'C','3341500909531','2025-04-02 09:04:28'),('2025-03-10',1925,3,0,2567,'C','3341500909531','2025-04-02 09:04:28'),('2025-03-10',1926,3,0,2567,'C','3341500909531','2025-04-02 09:04:28'),('2025-03-10',1927,3,0,2567,'C','3341500909531','2025-04-02 09:04:28'),('2025-03-10',1928,3,0,2567,'C','3341500909531','2025-04-02 09:04:28'),('2025-03-10',1929,3,0,2567,'C','3341500909531','2025-04-02 09:04:28'),('2025-03-10',1930,3,0,2567,'C','3341500909531','2025-04-02 09:04:28'),('2025-03-10',1931,3,0,2567,'C','3341500909531','2025-04-02 09:04:28'),('2025-03-10',1932,3,0,2567,'C','3341500909531','2025-04-02 09:04:28'),('2025-03-10',1933,3,0,2567,'C','3341500909531','2025-04-02 09:04:28'),('2025-03-10',1934,3,0,2567,'C','3341500909531','2025-04-02 09:04:28'),('2025-03-10',1935,3,0,2567,'C','3341500909531','2025-04-02 09:04:28'),('2025-03-10',1936,3,0,2567,'C','3341500909531','2025-04-02 09:04:28'),('2025-03-10',1937,3,0,2567,'C','3341500909531','2025-04-02 09:04:28'),('2025-03-10',1938,3,0,2567,'C','3341500909531','2025-04-02 09:04:28'),('2025-03-10',1939,3,0,2567,'C','3341500909531','2025-04-02 09:04:28'),('2025-03-10',1940,3,0,2567,'C','3341500909531','2025-04-02 09:04:28'),('2025-03-10',1942,3,0,2567,'C','3341500909531','2025-04-02 09:04:28'),('2025-03-11',1923,3,0,2567,'C','3341500909531','2025-04-02 09:04:54'),('2025-03-11',1925,3,0,2567,'C','3341500909531','2025-04-02 09:04:54'),('2025-03-11',1926,3,0,2567,'C','3341500909531','2025-04-02 09:04:54'),('2025-03-11',1927,3,0,2567,'C','3341500909531','2025-04-02 09:04:54'),('2025-03-11',1928,3,0,2567,'C','3341500909531','2025-04-02 09:04:54'),('2025-03-11',1929,3,0,2567,'C','3341500909531','2025-04-02 09:04:54'),('2025-03-11',1930,3,0,2567,'C','3341500909531','2025-04-02 09:04:54'),('2025-03-11',1931,3,0,2567,'C','3341500909531','2025-04-02 09:04:54'),('2025-03-11',1932,3,0,2567,'C','3341500909531','2025-04-02 09:04:54'),('2025-03-11',1933,3,0,2567,'C','3341500909531','2025-04-02 09:04:54'),('2025-03-11',1934,3,0,2567,'C','3341500909531','2025-04-02 09:04:54'),('2025-03-11',1935,3,0,2567,'C','3341500909531','2025-04-02 09:04:54'),('2025-03-11',1936,3,0,2567,'C','3341500909531','2025-04-02 09:04:54'),('2025-03-11',1937,3,0,2567,'C','3341500909531','2025-04-02 09:04:54'),('2025-03-11',1938,3,0,2567,'C','3341500909531','2025-04-02 09:04:54'),('2025-03-11',1939,3,0,2567,'C','3341500909531','2025-04-02 09:04:54'),('2025-03-11',1940,3,0,2567,'C','3341500909531','2025-04-02 09:04:54'),('2025-03-11',1942,3,0,2567,'C','3341500909531','2025-04-02 09:04:54'),('2025-03-12',1923,3,0,2567,'C','3341500909531','2025-04-02 09:04:00'),('2025-03-12',1925,3,0,2567,'C','3341500909531','2025-04-02 09:04:00'),('2025-03-12',1926,3,0,2567,'C','3341500909531','2025-04-02 09:04:00'),('2025-03-12',1927,3,0,2567,'C','3341500909531','2025-04-02 09:04:00'),('2025-03-12',1928,3,0,2567,'C','3341500909531','2025-04-02 09:04:00'),('2025-03-12',1929,3,0,2567,'C','3341500909531','2025-04-02 09:04:00'),('2025-03-12',1930,3,0,2567,'C','3341500909531','2025-04-02 09:04:00'),('2025-03-12',1931,3,0,2567,'C','3341500909531','2025-04-02 09:04:00'),('2025-03-12',1932,3,0,2567,'C','3341500909531','2025-04-02 09:04:00'),('2025-03-12',1933,3,0,2567,'C','3341500909531','2025-04-02 09:04:00'),('2025-03-12',1934,3,0,2567,'C','3341500909531','2025-04-02 09:04:00'),('2025-03-12',1935,3,0,2567,'C','3341500909531','2025-04-02 09:04:00'),('2025-03-12',1936,3,0,2567,'C','3341500909531','2025-04-02 09:04:00'),('2025-03-12',1937,3,0,2567,'C','3341500909531','2025-04-02 09:04:00'),('2025-03-12',1938,3,0,2567,'C','3341500909531','2025-04-02 09:04:00'),('2025-03-12',1939,3,0,2567,'C','3341500909531','2025-04-02 09:04:00'),('2025-03-12',1940,3,0,2567,'C','3341500909531','2025-04-02 09:04:00'),('2025-03-12',1942,3,0,2567,'C','3341500909531','2025-04-02 09:04:00'),('2025-03-13',1923,3,0,2567,'C','3341500909531','2025-04-02 09:04:12'),('2025-03-13',1925,3,0,2567,'C','3341500909531','2025-04-02 09:04:12'),('2025-03-13',1926,3,0,2567,'C','3341500909531','2025-04-02 09:04:12'),('2025-03-13',1927,3,0,2567,'C','3341500909531','2025-04-02 09:04:12'),('2025-03-13',1928,3,0,2567,'C','3341500909531','2025-04-02 09:04:12'),('2025-03-13',1929,3,0,2567,'C','3341500909531','2025-04-02 09:04:12'),('2025-03-13',1930,3,0,2567,'C','3341500909531','2025-04-02 09:04:12'),('2025-03-13',1931,3,0,2567,'S','3341500909531','2025-04-02 09:04:12'),('2025-03-13',1932,3,0,2567,'C','3341500909531','2025-04-02 09:04:12'),('2025-03-13',1933,3,0,2567,'C','3341500909531','2025-04-02 09:04:12'),('2025-03-13',1934,3,0,2567,'C','3341500909531','2025-04-02 09:04:12'),('2025-03-13',1935,3,0,2567,'C','3341500909531','2025-04-02 09:04:12'),('2025-03-13',1936,3,0,2567,'C','3341500909531','2025-04-02 09:04:12'),('2025-03-13',1937,3,0,2567,'C','3341500909531','2025-04-02 09:04:12'),('2025-03-13',1938,3,0,2567,'C','3341500909531','2025-04-02 09:04:12'),('2025-03-13',1939,3,0,2567,'C','3341500909531','2025-04-02 09:04:12'),('2025-03-13',1940,3,0,2567,'C','3341500909531','2025-04-02 09:04:12'),('2025-03-13',1942,3,0,2567,'C','3341500909531','2025-04-02 09:04:12'),('2025-03-14',1923,3,0,2567,'C','3341500909531','2025-04-02 09:04:21'),('2025-03-14',1925,3,0,2567,'C','3341500909531','2025-04-02 09:04:21'),('2025-03-14',1926,3,0,2567,'C','3341500909531','2025-04-02 09:04:21'),('2025-03-14',1927,3,0,2567,'C','3341500909531','2025-04-02 09:04:21'),('2025-03-14',1928,3,0,2567,'C','3341500909531','2025-04-02 09:04:21'),('2025-03-14',1929,3,0,2567,'C','3341500909531','2025-04-02 09:04:21'),('2025-03-14',1930,3,0,2567,'C','3341500909531','2025-04-02 09:04:21'),('2025-03-14',1931,3,0,2567,'S','3341500909531','2025-04-02 09:04:21'),('2025-03-14',1932,3,0,2567,'C','3341500909531','2025-04-02 09:04:21'),('2025-03-14',1933,3,0,2567,'C','3341500909531','2025-04-02 09:04:21'),('2025-03-14',1934,3,0,2567,'C','3341500909531','2025-04-02 09:04:21'),('2025-03-14',1935,3,0,2567,'C','3341500909531','2025-04-02 09:04:21'),('2025-03-14',1936,3,0,2567,'C','3341500909531','2025-04-02 09:04:21'),('2025-03-14',1937,3,0,2567,'C','3341500909531','2025-04-02 09:04:21'),('2025-03-14',1938,3,0,2567,'C','3341500909531','2025-04-02 09:04:21'),('2025-03-14',1939,3,0,2567,'C','3341500909531','2025-04-02 09:04:21'),('2025-03-14',1940,3,0,2567,'C','3341500909531','2025-04-02 09:04:21'),('2025-03-14',1942,3,0,2567,'C','3341500909531','2025-04-02 09:04:21'),('2025-03-17',1923,3,0,2567,'C','3341500909531','2025-04-02 09:04:28'),('2025-03-17',1925,3,0,2567,'C','3341500909531','2025-04-02 09:04:28'),('2025-03-17',1926,3,0,2567,'C','3341500909531','2025-04-02 09:04:28'),('2025-03-17',1927,3,0,2567,'C','3341500909531','2025-04-02 09:04:28'),('2025-03-17',1928,3,0,2567,'C','3341500909531','2025-04-02 09:04:28'),('2025-03-17',1929,3,0,2567,'C','3341500909531','2025-04-02 09:04:28'),('2025-03-17',1930,3,0,2567,'C','3341500909531','2025-04-02 09:04:28'),('2025-03-17',1931,3,0,2567,'C','3341500909531','2025-04-02 09:04:28'),('2025-03-17',1932,3,0,2567,'C','3341500909531','2025-04-02 09:04:28'),('2025-03-17',1933,3,0,2567,'C','3341500909531','2025-04-02 09:04:28'),('2025-03-17',1934,3,0,2567,'C','3341500909531','2025-04-02 09:04:28'),('2025-03-17',1935,3,0,2567,'C','3341500909531','2025-04-02 09:04:28'),('2025-03-17',1936,3,0,2567,'C','3341500909531','2025-04-02 09:04:28'),('2025-03-17',1937,3,0,2567,'C','3341500909531','2025-04-02 09:04:28'),('2025-03-17',1938,3,0,2567,'C','3341500909531','2025-04-02 09:04:28'),('2025-03-17',1939,3,0,2567,'C','3341500909531','2025-04-02 09:04:28'),('2025-03-17',1940,3,0,2567,'C','3341500909531','2025-04-02 09:04:28'),('2025-03-17',1942,3,0,2567,'C','3341500909531','2025-04-02 09:04:28'),('2025-03-18',1923,3,0,2567,'C','3341500909531','2025-04-02 09:04:34'),('2025-03-18',1925,3,0,2567,'C','3341500909531','2025-04-02 09:04:34'),('2025-03-18',1926,3,0,2567,'C','3341500909531','2025-04-02 09:04:34'),('2025-03-18',1927,3,0,2567,'C','3341500909531','2025-04-02 09:04:34'),('2025-03-18',1928,3,0,2567,'C','3341500909531','2025-04-02 09:04:34'),('2025-03-18',1929,3,0,2567,'C','3341500909531','2025-04-02 09:04:34'),('2025-03-18',1930,3,0,2567,'C','3341500909531','2025-04-02 09:04:34'),('2025-03-18',1931,3,0,2567,'C','3341500909531','2025-04-02 09:04:34'),('2025-03-18',1932,3,0,2567,'C','3341500909531','2025-04-02 09:04:34'),('2025-03-18',1933,3,0,2567,'C','3341500909531','2025-04-02 09:04:34'),('2025-03-18',1934,3,0,2567,'C','3341500909531','2025-04-02 09:04:34'),('2025-03-18',1935,3,0,2567,'C','3341500909531','2025-04-02 09:04:34'),('2025-03-18',1936,3,0,2567,'C','3341500909531','2025-04-02 09:04:34'),('2025-03-18',1937,3,0,2567,'C','3341500909531','2025-04-02 09:04:34'),('2025-03-18',1938,3,0,2567,'C','3341500909531','2025-04-02 09:04:34'),('2025-03-18',1939,3,0,2567,'C','3341500909531','2025-04-02 09:04:34'),('2025-03-18',1940,3,0,2567,'C','3341500909531','2025-04-02 09:04:34'),('2025-03-18',1942,3,0,2567,'C','3341500909531','2025-04-02 09:04:34'),('2025-03-19',1923,3,0,2567,'C','3341500909531','2025-04-02 09:04:40'),('2025-03-19',1925,3,0,2567,'C','3341500909531','2025-04-02 09:04:40'),('2025-03-19',1926,3,0,2567,'C','3341500909531','2025-04-02 09:04:40'),('2025-03-19',1927,3,0,2567,'C','3341500909531','2025-04-02 09:04:40'),('2025-03-19',1928,3,0,2567,'C','3341500909531','2025-04-02 09:04:40'),('2025-03-19',1929,3,0,2567,'C','3341500909531','2025-04-02 09:04:40'),('2025-03-19',1930,3,0,2567,'C','3341500909531','2025-04-02 09:04:40'),('2025-03-19',1931,3,0,2567,'C','3341500909531','2025-04-02 09:04:40'),('2025-03-19',1932,3,0,2567,'C','3341500909531','2025-04-02 09:04:40'),('2025-03-19',1933,3,0,2567,'C','3341500909531','2025-04-02 09:04:40'),('2025-03-19',1934,3,0,2567,'C','3341500909531','2025-04-02 09:04:40'),('2025-03-19',1935,3,0,2567,'C','3341500909531','2025-04-02 09:04:40'),('2025-03-19',1936,3,0,2567,'C','3341500909531','2025-04-02 09:04:40'),('2025-03-19',1937,3,0,2567,'C','3341500909531','2025-04-02 09:04:40'),('2025-03-19',1938,3,0,2567,'C','3341500909531','2025-04-02 09:04:40'),('2025-03-19',1939,3,0,2567,'C','3341500909531','2025-04-02 09:04:40'),('2025-03-19',1940,3,0,2567,'C','3341500909531','2025-04-02 09:04:40'),('2025-03-19',1942,3,0,2567,'C','3341500909531','2025-04-02 09:04:40'),('2025-03-20',1923,3,0,2567,'C','3341500909531','2025-04-02 09:04:48'),('2025-03-20',1925,3,0,2567,'C','3341500909531','2025-04-02 09:04:48'),('2025-03-20',1926,3,0,2567,'C','3341500909531','2025-04-02 09:04:48'),('2025-03-20',1927,3,0,2567,'C','3341500909531','2025-04-02 09:04:48'),('2025-03-20',1928,3,0,2567,'C','3341500909531','2025-04-02 09:04:48'),('2025-03-20',1929,3,0,2567,'C','3341500909531','2025-04-02 09:04:48'),('2025-03-20',1930,3,0,2567,'C','3341500909531','2025-04-02 09:04:48'),('2025-03-20',1931,3,0,2567,'C','3341500909531','2025-04-02 09:04:48'),('2025-03-20',1932,3,0,2567,'C','3341500909531','2025-04-02 09:04:48'),('2025-03-20',1933,3,0,2567,'C','3341500909531','2025-04-02 09:04:48'),('2025-03-20',1934,3,0,2567,'C','3341500909531','2025-04-02 09:04:48'),('2025-03-20',1935,3,0,2567,'C','3341500909531','2025-04-02 09:04:48'),('2025-03-20',1936,3,0,2567,'C','3341500909531','2025-04-02 09:04:48'),('2025-03-20',1937,3,0,2567,'C','3341500909531','2025-04-02 09:04:48'),('2025-03-20',1938,3,0,2567,'C','3341500909531','2025-04-02 09:04:48'),('2025-03-20',1939,3,0,2567,'C','3341500909531','2025-04-02 09:04:48'),('2025-03-20',1940,3,0,2567,'C','3341500909531','2025-04-02 09:04:48'),('2025-03-20',1942,3,0,2567,'C','3341500909531','2025-04-02 09:04:48'),('2025-03-21',1923,3,0,2567,'C','3341500909531','2025-04-02 09:04:55'),('2025-03-21',1925,3,0,2567,'C','3341500909531','2025-04-02 09:04:55'),('2025-03-21',1926,3,0,2567,'C','3341500909531','2025-04-02 09:04:55'),('2025-03-21',1927,3,0,2567,'C','3341500909531','2025-04-02 09:04:55'),('2025-03-21',1928,3,0,2567,'C','3341500909531','2025-04-02 09:04:55'),('2025-03-21',1929,3,0,2567,'C','3341500909531','2025-04-02 09:04:55'),('2025-03-21',1930,3,0,2567,'C','3341500909531','2025-04-02 09:04:55'),('2025-03-21',1931,3,0,2567,'C','3341500909531','2025-04-02 09:04:55'),('2025-03-21',1932,3,0,2567,'C','3341500909531','2025-04-02 09:04:55'),('2025-03-21',1933,3,0,2567,'C','3341500909531','2025-04-02 09:04:55'),('2025-03-21',1934,3,0,2567,'C','3341500909531','2025-04-02 09:04:55'),('2025-03-21',1935,3,0,2567,'C','3341500909531','2025-04-02 09:04:55'),('2025-03-21',1936,3,0,2567,'C','3341500909531','2025-04-02 09:04:55'),('2025-03-21',1937,3,0,2567,'C','3341500909531','2025-04-02 09:04:55'),('2025-03-21',1938,3,0,2567,'C','3341500909531','2025-04-02 09:04:55'),('2025-03-21',1939,3,0,2567,'C','3341500909531','2025-04-02 09:04:55'),('2025-03-21',1940,3,0,2567,'C','3341500909531','2025-04-02 09:04:55'),('2025-03-21',1942,3,0,2567,'C','3341500909531','2025-04-02 09:04:55'),('2025-03-24',1923,3,0,2567,'C','3341500909531','2025-04-02 09:04:02'),('2025-03-24',1925,3,0,2567,'C','3341500909531','2025-04-02 09:04:02'),('2025-03-24',1926,3,0,2567,'C','3341500909531','2025-04-02 09:04:02'),('2025-03-24',1927,3,0,2567,'C','3341500909531','2025-04-02 09:04:02'),('2025-03-24',1928,3,0,2567,'C','3341500909531','2025-04-02 09:04:02'),('2025-03-24',1929,3,0,2567,'C','3341500909531','2025-04-02 09:04:02'),('2025-03-24',1930,3,0,2567,'C','3341500909531','2025-04-02 09:04:02'),('2025-03-24',1931,3,0,2567,'C','3341500909531','2025-04-02 09:04:02'),('2025-03-24',1932,3,0,2567,'C','3341500909531','2025-04-02 09:04:02'),('2025-03-24',1933,3,0,2567,'C','3341500909531','2025-04-02 09:04:02'),('2025-03-24',1934,3,0,2567,'C','3341500909531','2025-04-02 09:04:02'),('2025-03-24',1935,3,0,2567,'C','3341500909531','2025-04-02 09:04:02'),('2025-03-24',1936,3,0,2567,'C','3341500909531','2025-04-02 09:04:02'),('2025-03-24',1937,3,0,2567,'C','3341500909531','2025-04-02 09:04:02'),('2025-03-24',1938,3,0,2567,'C','3341500909531','2025-04-02 09:04:02'),('2025-03-24',1939,3,0,2567,'C','3341500909531','2025-04-02 09:04:02'),('2025-03-24',1940,3,0,2567,'C','3341500909531','2025-04-02 09:04:02'),('2025-03-24',1942,3,0,2567,'C','3341500909531','2025-04-02 09:04:02'),('2025-03-25',1923,3,0,2567,'C','3341500909531','2025-04-02 09:04:08'),('2025-03-25',1925,3,0,2567,'C','3341500909531','2025-04-02 09:04:08'),('2025-03-25',1926,3,0,2567,'C','3341500909531','2025-04-02 09:04:08'),('2025-03-25',1927,3,0,2567,'C','3341500909531','2025-04-02 09:04:08'),('2025-03-25',1928,3,0,2567,'C','3341500909531','2025-04-02 09:04:08'),('2025-03-25',1929,3,0,2567,'C','3341500909531','2025-04-02 09:04:08'),('2025-03-25',1930,3,0,2567,'C','3341500909531','2025-04-02 09:04:08'),('2025-03-25',1931,3,0,2567,'C','3341500909531','2025-04-02 09:04:08'),('2025-03-25',1932,3,0,2567,'C','3341500909531','2025-04-02 09:04:08'),('2025-03-25',1933,3,0,2567,'C','3341500909531','2025-04-02 09:04:08'),('2025-03-25',1934,3,0,2567,'C','3341500909531','2025-04-02 09:04:08'),('2025-03-25',1935,3,0,2567,'C','3341500909531','2025-04-02 09:04:08'),('2025-03-25',1936,3,0,2567,'C','3341500909531','2025-04-02 09:04:08'),('2025-03-25',1937,3,0,2567,'C','3341500909531','2025-04-02 09:04:08'),('2025-03-25',1938,3,0,2567,'C','3341500909531','2025-04-02 09:04:08'),('2025-03-25',1939,3,0,2567,'C','3341500909531','2025-04-02 09:04:08'),('2025-03-25',1940,3,0,2567,'C','3341500909531','2025-04-02 09:04:08'),('2025-03-25',1942,3,0,2567,'C','3341500909531','2025-04-02 09:04:08'),('2025-03-26',1923,3,0,2567,'C','3341500909531','2025-04-02 09:04:15'),('2025-03-26',1925,3,0,2567,'C','3341500909531','2025-04-02 09:04:15'),('2025-03-26',1926,3,0,2567,'C','3341500909531','2025-04-02 09:04:15'),('2025-03-26',1927,3,0,2567,'C','3341500909531','2025-04-02 09:04:15'),('2025-03-26',1928,3,0,2567,'C','3341500909531','2025-04-02 09:04:15'),('2025-03-26',1929,3,0,2567,'C','3341500909531','2025-04-02 09:04:15'),('2025-03-26',1930,3,0,2567,'C','3341500909531','2025-04-02 09:04:15'),('2025-03-26',1931,3,0,2567,'C','3341500909531','2025-04-02 09:04:15'),('2025-03-26',1932,3,0,2567,'C','3341500909531','2025-04-02 09:04:15'),('2025-03-26',1933,3,0,2567,'C','3341500909531','2025-04-02 09:04:15'),('2025-03-26',1934,3,0,2567,'C','3341500909531','2025-04-02 09:04:15'),('2025-03-26',1935,3,0,2567,'C','3341500909531','2025-04-02 09:04:15'),('2025-03-26',1936,3,0,2567,'C','3341500909531','2025-04-02 09:04:15'),('2025-03-26',1937,3,0,2567,'C','3341500909531','2025-04-02 09:04:15'),('2025-03-26',1938,3,0,2567,'C','3341500909531','2025-04-02 09:04:15'),('2025-03-26',1939,3,0,2567,'C','3341500909531','2025-04-02 09:04:15'),('2025-03-26',1940,3,0,2567,'C','3341500909531','2025-04-02 09:04:15'),('2025-03-26',1942,3,0,2567,'C','3341500909531','2025-04-02 09:04:15'),('2025-03-27',1923,3,0,2567,'C','3341500909531','2025-04-02 09:04:21'),('2025-03-27',1925,3,0,2567,'C','3341500909531','2025-04-02 09:04:21'),('2025-03-27',1926,3,0,2567,'C','3341500909531','2025-04-02 09:04:21'),('2025-03-27',1927,3,0,2567,'C','3341500909531','2025-04-02 09:04:21'),('2025-03-27',1928,3,0,2567,'C','3341500909531','2025-04-02 09:04:21'),('2025-03-27',1929,3,0,2567,'C','3341500909531','2025-04-02 09:04:21'),('2025-03-27',1930,3,0,2567,'C','3341500909531','2025-04-02 09:04:21'),('2025-03-27',1931,3,0,2567,'C','3341500909531','2025-04-02 09:04:21'),('2025-03-27',1932,3,0,2567,'C','3341500909531','2025-04-02 09:04:21'),('2025-03-27',1933,3,0,2567,'C','3341500909531','2025-04-02 09:04:21'),('2025-03-27',1934,3,0,2567,'C','3341500909531','2025-04-02 09:04:21'),('2025-03-27',1935,3,0,2567,'C','3341500909531','2025-04-02 09:04:21'),('2025-03-27',1936,3,0,2567,'C','3341500909531','2025-04-02 09:04:21'),('2025-03-27',1937,3,0,2567,'C','3341500909531','2025-04-02 09:04:21'),('2025-03-27',1938,3,0,2567,'C','3341500909531','2025-04-02 09:04:21'),('2025-03-27',1939,3,0,2567,'C','3341500909531','2025-04-02 09:04:21'),('2025-03-27',1940,3,0,2567,'C','3341500909531','2025-04-02 09:04:21'),('2025-03-27',1942,3,0,2567,'C','3341500909531','2025-04-02 09:04:21'),('2025-03-28',1923,3,0,2567,'C','3341500909531','2025-04-02 09:04:27'),('2025-03-28',1925,3,0,2567,'C','3341500909531','2025-04-02 09:04:27'),('2025-03-28',1926,3,0,2567,'C','3341500909531','2025-04-02 09:04:27'),('2025-03-28',1927,3,0,2567,'C','3341500909531','2025-04-02 09:04:27'),('2025-03-28',1928,3,0,2567,'C','3341500909531','2025-04-02 09:04:27'),('2025-03-28',1929,3,0,2567,'C','3341500909531','2025-04-02 09:04:27'),('2025-03-28',1930,3,0,2567,'C','3341500909531','2025-04-02 09:04:27'),('2025-03-28',1931,3,0,2567,'C','3341500909531','2025-04-02 09:04:27'),('2025-03-28',1932,3,0,2567,'C','3341500909531','2025-04-02 09:04:27'),('2025-03-28',1933,3,0,2567,'C','3341500909531','2025-04-02 09:04:27'),('2025-03-28',1934,3,0,2567,'C','3341500909531','2025-04-02 09:04:27'),('2025-03-28',1935,3,0,2567,'C','3341500909531','2025-04-02 09:04:27'),('2025-03-28',1936,3,0,2567,'C','3341500909531','2025-04-02 09:04:27'),('2025-03-28',1937,3,0,2567,'C','3341500909531','2025-04-02 09:04:27'),('2025-03-28',1938,3,0,2567,'C','3341500909531','2025-04-02 09:04:27'),('2025-03-28',1939,3,0,2567,'C','3341500909531','2025-04-02 09:04:27'),('2025-03-28',1940,3,0,2567,'C','3341500909531','2025-04-02 09:04:27'),('2025-03-28',1942,3,0,2567,'C','3341500909531','2025-04-02 09:04:27'),('2025-03-31',1923,3,0,2567,'C','3341500909531','2025-04-02 09:04:34'),('2025-03-31',1925,3,0,2567,'C','3341500909531','2025-04-02 09:04:34'),('2025-03-31',1926,3,0,2567,'C','3341500909531','2025-04-02 09:04:34'),('2025-03-31',1927,3,0,2567,'C','3341500909531','2025-04-02 09:04:34'),('2025-03-31',1928,3,0,2567,'C','3341500909531','2025-04-02 09:04:34'),('2025-03-31',1929,3,0,2567,'C','3341500909531','2025-04-02 09:04:34'),('2025-03-31',1930,3,0,2567,'C','3341500909531','2025-04-02 09:04:34'),('2025-03-31',1931,3,0,2567,'C','3341500909531','2025-04-02 09:04:34'),('2025-03-31',1932,3,0,2567,'C','3341500909531','2025-04-02 09:04:34'),('2025-03-31',1933,3,0,2567,'C','3341500909531','2025-04-02 09:04:34'),('2025-03-31',1934,3,0,2567,'C','3341500909531','2025-04-02 09:04:34'),('2025-03-31',1935,3,0,2567,'C','3341500909531','2025-04-02 09:04:34'),('2025-03-31',1936,3,0,2567,'C','3341500909531','2025-04-02 09:04:34'),('2025-03-31',1937,3,0,2567,'C','3341500909531','2025-04-02 09:04:34'),('2025-03-31',1938,3,0,2567,'C','3341500909531','2025-04-02 09:04:34'),('2025-03-31',1939,3,0,2567,'C','3341500909531','2025-04-02 09:04:34'),('2025-03-31',1940,3,0,2567,'C','3341500909531','2025-04-02 09:04:34'),('2025-03-31',1942,3,0,2567,'C','3341500909531','2025-04-02 09:04:34');

--
-- Table structure for table `student_check_permission`
--

CREATE TABLE `student_check_permission` (
  `class_now` tinyint(4) NOT NULL,
  `room_now` tinyint(4) NOT NULL,
  `person_id` varchar(13) NOT NULL,
  `student_check_year` int(11) NOT NULL
) ENGINE=MyISAM DEFAULT CHARSET=utf8 COLLATE=utf8_general_ci;

--
-- Dumping data for table `student_check_permission`
--

INSERT INTO `student_check_permission` VALUES (3,0,'1341100097398',2559),(5,0,'3341500996001',2559),(3,0,'3341500909531',2563),(7,0,'5349800016064',2559),(4,0,'3341500996001',2563),(9,0,'3341500535585',2559),(2,0,'3341500909531',2559),(4,0,'3341501124546',2559),(4,0,'3320400103585',2559),(3,0,'3341500909531',2561),(3,0,'1341100097398',2561),(4,0,'3341500996001',2561),(9,0,'3341500535585',2565),(2,0,'1341100097398',2563),(4,0,'3341501009003',2562),(9,0,'3341500535585',2561),(4,0,'1329900218308',2561),(6,0,'3340500014533',2565),(9,0,'1329900218308',2561),(7,0,'5349800016064',2566),(6,0,'1329900218308',2561),(8,0,'1329900218308',2561),(1,0,'3341500909531',2561),(1,0,'1329900218308',2561),(2,0,'1341100097398',2561),(2,0,'1329900218308',2561),(1,0,'3341501124546',2561),(2,0,'3341501124546',2561),(4,0,'3341501124546',2561),(9,0,'3341501124546',2561),(8,0,'3341501124546',2561),(2,0,'3341501009003',2562),(6,0,'3341501124546',2561),(5,0,'3341501124546',2561),(3,0,'1329900218308',2561),(2,0,'1341100097398',2562),(3,0,'3341500909531',2562),(4,0,'3341500996001',2562),(7,0,'3349800102452',2562),(7,0,'5349800016064',2565),(5,0,'1342200008032',2562),(5,0,'1341500293097',2566),(4,0,'3341500996001',2566),(9,0,'3341500535585',2562),(5,0,'3331300193753',2562),(6,0,'3340500014533',2566),(3,0,'3341500909531',2566),(9,0,'3341500535585',2563),(2,0,'1341100097398',2564),(3,0,'3341500909531',2564),(4,0,'3341500996001',2564),(5,0,'1341500293097',2565),(8,0,'1341400190881',2565),(2,0,'1341100097398',2566),(9,0,'3341500535585',2564),(6,0,'3340500014533',2564),(4,0,'3341500996001',2565),(3,0,'3341500909531',2565),(2,0,'1341100097398',2565),(8,0,'1341400190881',2566),(9,0,'3341500913792',2566),(2,0,'1341100097398',2567),(3,0,'3341500909531',2567),(4,0,'3341500996001',2567),(5,0,'1341500293097',2567),(6,0,'3340500014533',2567),(7,0,'3341500913792',2567),(8,0,'1341400190881',2567),(9,0,'5349800016064',2567);

--
-- Table structure for table `student_check_year`
--

CREATE TABLE `student_check_year` (
  `id` int(11) NOT NULL AUTO_INCREMENT,
  `student_check_year` int(11) NOT NULL,
  `year_active` tinyint(1) NOT NULL,
  PRIMARY KEY (`id`),
  UNIQUE KEY `student_check_year` (`student_check_year`)
) ENGINE=MyISAM AUTO_INCREMENT=11 DEFAULT CHARSET=utf8 COLLATE=utf8_general_ci;

--
-- Dumping data for table `student_check_year`
--

INSERT INTO `student_check_year` VALUES (1,2559,0),(2,2560,0),(3,2561,0),(4,2562,0),(5,2563,0),(6,2564,0),(7,2565,0),(8,2566,0),(9,2567,0),(10,2568,1);

--
-- Table structure for table `student_inclass_main`
--

CREATE TABLE `student_inclass_main` (
  `check_date` date NOT NULL COMMENT 'วันที่บันทึก',
  `student_id` int(11) NOT NULL COMMENT 'รหัสนักเรียน',
  `class_now` tinyint(4) NOT NULL COMMENT 'ชั้นเรียนปัจจุบันที่บันทึก',
  `room_now` tinyint(4) NOT NULL COMMENT 'ห้องเรียนปัจจุบันที่บันทึก',
  `student_check_year` int(11) NOT NULL COMMENT 'ปีการศึกษาที่บันทึก',
  `check_val` varchar(50) NOT NULL COMMENT 'ค่าการเช็ค',
  `check_person_id` varchar(13) NOT NULL COMMENT 'ผู้ทำรายการ',
  `save_date` datetime NOT NULL COMMENT 'วันที่ทำรายการบันทึก'
) ENGINE=MyISAM DEFAULT CHARSET=utf8 COLLATE=utf8_general_ci;

--
-- Dumping data for table `student_inclass_main`
--

INSERT INTO `student_inclass_main` VALUES ('2020-01-22',1796,5,0,2560,'0:-,1:-,2:C,3:T,4:-,5:-,6:-,','3331300193753','2020-01-22 09:01:29'),('2020-01-22',1797,5,0,2560,'0:-,1:-,2:C,3:T,4:-,5:-,6:-,','3331300193753','2020-01-22 09:01:29'),('2020-01-22',1798,5,0,2560,'0:-,1:-,2:C,3:T,4:-,5:-,6:-,','3331300193753','2020-01-22 09:01:29'),('2020-01-22',1799,5,0,2560,'0:-,1:-,2:C,3:T,4:-,5:-,6:-,','3331300193753','2020-01-22 09:01:29'),('2020-01-22',1801,5,0,2560,'0:-,1:-,2:C,3:T,4:-,5:-,6:-,','3331300193753','2020-01-22 09:01:29'),('2020-01-22',1802,5,0,2560,'0:-,1:-,2:C,3:T,4:-,5:-,6:-,','3331300193753','2020-01-22 09:01:29'),('2020-01-22',1803,5,0,2560,'0:-,1:-,2:C,3:T,4:-,5:-,6:-,','3331300193753','2020-01-22 09:01:29'),('2020-01-22',1805,5,0,2560,'0:-,1:-,2:C,3:T,4:-,5:-,6:-,','3331300193753','2020-01-22 09:01:29'),('2020-01-22',1807,5,0,2560,'0:-,1:-,2:C,3:T,4:-,5:-,6:-,','3331300193753','2020-01-22 09:01:29'),('2020-01-22',1828,5,0,2560,'0:-,1:-,2:C,3:T,4:-,5:-,6:-,','3331300193753','2020-01-22 09:01:29'),('2020-01-22',1847,5,0,2560,'0:-,1:-,2:C,3:T,4:-,5:-,6:-,','3331300193753','2020-01-22 09:01:29'),('2020-01-21',1796,5,0,2560,'0:-,1:-,2:C,3:T,4:-,5:-,6:-,','3331300193753','2020-01-22 09:01:46'),('2020-01-21',1797,5,0,2560,'0:-,1:-,2:C,3:T,4:-,5:-,6:-,','3331300193753','2020-01-22 09:01:46'),('2020-01-21',1798,5,0,2560,'0:-,1:-,2:C,3:T,4:-,5:-,6:-,','3331300193753','2020-01-22 09:01:46'),('2020-01-21',1799,5,0,2560,'0:-,1:-,2:C,3:T,4:-,5:-,6:-,','3331300193753','2020-01-22 09:01:46'),('2020-01-21',1801,5,0,2560,'0:-,1:-,2:C,3:T,4:-,5:-,6:-,','3331300193753','2020-01-22 09:01:46'),('2020-01-21',1802,5,0,2560,'0:-,1:-,2:C,3:T,4:-,5:-,6:-,','3331300193753','2020-01-22 09:01:46'),('2020-01-21',1803,5,0,2560,'0:-,1:-,2:C,3:T,4:-,5:-,6:-,','3331300193753','2020-01-22 09:01:46'),('2020-01-21',1805,5,0,2560,'0:-,1:-,2:C,3:T,4:-,5:-,6:-,','3331300193753','2020-01-22 09:01:46'),('2020-01-21',1807,5,0,2560,'0:-,1:-,2:C,3:T,4:-,5:-,6:-,','3331300193753','2020-01-22 09:01:46'),('2020-01-21',1828,5,0,2560,'0:-,1:-,2:C,3:T,4:-,5:-,6:-,','3331300193753','2020-01-22 09:01:46'),('2020-01-21',1847,5,0,2560,'0:-,1:-,2:C,3:T,4:-,5:-,6:-,','3331300193753','2020-01-22 09:01:46'),('2020-01-20',1766,7,0,2560,'0:-,1:-,2:-,3:T,4:C,5:C,6:-,','3331300193753','2020-01-22 09:01:48'),('2020-01-20',1767,7,0,2560,'0:-,1:-,2:-,3:T,4:C,5:C,6:-,','3331300193753','2020-01-22 09:01:48'),('2020-01-20',1769,7,0,2560,'0:-,1:-,2:-,3:T,4:C,5:C,6:-,','3331300193753','2020-01-22 09:01:48'),('2020-01-20',1770,7,0,2560,'0:-,1:-,2:-,3:T,4:C,5:C,6:-,','3331300193753','2020-01-22 09:01:48'),('2020-01-20',1771,7,0,2560,'0:-,1:-,2:-,3:T,4:C,5:C,6:-,','3331300193753','2020-01-22 09:01:48'),('2020-01-20',1773,7,0,2560,'0:-,1:-,2:-,3:T,4:C,5:C,6:-,','3331300193753','2020-01-22 09:01:48'),('2020-01-20',1774,7,0,2560,'0:-,1:-,2:-,3:T,4:C,5:C,6:-,','3331300193753','2020-01-22 09:01:48'),('2020-01-20',1775,7,0,2560,'0:-,1:-,2:-,3:T,4:C,5:C,6:-,','3331300193753','2020-01-22 09:01:48'),('2020-01-20',1776,7,0,2560,'0:-,1:-,2:-,3:T,4:S,5:S,6:-,','3331300193753','2020-01-22 09:01:48'),('2020-01-20',1777,7,0,2560,'0:-,1:-,2:-,3:T,4:C,5:C,6:-,','3331300193753','2020-01-22 09:01:48'),('2020-01-20',1779,7,0,2560,'0:-,1:-,2:-,3:T,4:C,5:C,6:-,','3331300193753','2020-01-22 09:01:48'),('2020-01-20',1780,7,0,2560,'0:-,1:-,2:-,3:T,4:C,5:C,6:-,','3331300193753','2020-01-22 09:01:48'),('2020-01-20',1781,7,0,2560,'0:-,1:-,2:-,3:T,4:C,5:C,6:-,','3331300193753','2020-01-22 09:01:48'),('2020-01-20',1865,7,0,2560,'0:-,1:-,2:-,3:T,4:C,5:C,6:-,','3331300193753','2020-01-22 09:01:48'),('2020-01-20',1866,7,0,2560,'0:-,1:-,2:-,3:T,4:C,5:C,6:-,','3331300193753','2020-01-22 09:01:48'),('2020-01-20',1869,7,0,2560,'0:-,1:-,2:-,3:T,4:C,5:C,6:-,','3331300193753','2020-01-22 09:01:48'),('2020-01-22',1808,4,0,2560,'0:C,1:-,2:-,3:T,4:-,5:-,6:-,','3331300193753','2020-01-22 09:01:15'),('2020-01-22',1809,4,0,2560,'0:C,1:-,2:-,3:T,4:-,5:-,6:-,','3331300193753','2020-01-22 09:01:15'),('2020-01-22',1810,4,0,2560,'0:C,1:-,2:-,3:T,4:-,5:-,6:-,','3331300193753','2020-01-22 09:01:15'),('2020-01-22',1811,4,0,2560,'0:C,1:-,2:-,3:T,4:-,5:-,6:-,','3331300193753','2020-01-22 09:01:15'),('2020-01-22',1812,4,0,2560,'0:C,1:-,2:-,3:T,4:-,5:-,6:-,','3331300193753','2020-01-22 09:01:15'),('2020-01-22',1813,4,0,2560,'0:C,1:-,2:-,3:T,4:-,5:-,6:-,','3331300193753','2020-01-22 09:01:15'),('2020-01-22',1814,4,0,2560,'0:C,1:-,2:-,3:T,4:-,5:-,6:-,','3331300193753','2020-01-22 09:01:15'),('2020-01-22',1815,4,0,2560,'0:C,1:-,2:-,3:T,4:-,5:-,6:-,','3331300193753','2020-01-22 09:01:15'),('2020-01-22',1816,4,0,2560,'0:C,1:-,2:-,3:T,4:-,5:-,6:-,','3331300193753','2020-01-22 09:01:15'),('2020-01-22',1817,4,0,2560,'0:C,1:-,2:-,3:T,4:-,5:-,6:-,','3331300193753','2020-01-22 09:01:15'),('2020-01-22',1818,4,0,2560,'0:C,1:-,2:-,3:T,4:-,5:-,6:-,','3331300193753','2020-01-22 09:01:15'),('2020-01-22',1820,4,0,2560,'0:C,1:-,2:-,3:T,4:-,5:-,6:-,','3331300193753','2020-01-22 09:01:15'),('2020-01-22',1821,4,0,2560,'0:C,1:-,2:-,3:T,4:-,5:-,6:-,','3331300193753','2020-01-22 09:01:15'),('2020-01-22',1822,4,0,2560,'0:C,1:-,2:-,3:T,4:-,5:-,6:-,','3331300193753','2020-01-22 09:01:15'),('2020-01-22',1823,4,0,2560,'0:C,1:-,2:-,3:T,4:-,5:-,6:-,','3331300193753','2020-01-22 09:01:15'),('2020-01-22',1825,4,0,2560,'0:C,1:-,2:-,3:T,4:-,5:-,6:-,','3331300193753','2020-01-22 09:01:15'),('2020-01-22',1826,4,0,2560,'0:C,1:-,2:-,3:T,4:-,5:-,6:-,','3331300193753','2020-01-22 09:01:15'),('2020-01-22',1845,4,0,2560,'0:C,1:-,2:-,3:T,4:-,5:-,6:-,','3331300193753','2020-01-22 09:01:15'),('2020-01-22',1863,4,0,2560,'0:C,1:-,2:-,3:T,4:-,5:-,6:-,','3331300193753','2020-01-22 09:01:15'),('2020-01-22',1864,4,0,2560,'0:C,1:-,2:-,3:T,4:-,5:-,6:-,','3331300193753','2020-01-22 09:01:15'),('2020-01-22',1867,4,0,2560,'0:S,1:-,2:-,3:T,4:-,5:-,6:-,','3331300193753','2020-01-22 09:01:15'),('2020-01-21',1808,4,0,2560,'0:C,1:-,2:-,3:T,4:-,5:-,6:-,','3331300193753','2020-01-22 09:01:03'),('2020-01-21',1809,4,0,2560,'0:C,1:-,2:-,3:T,4:-,5:-,6:-,','3331300193753','2020-01-22 09:01:03'),('2020-01-21',1810,4,0,2560,'0:C,1:-,2:-,3:T,4:-,5:-,6:-,','3331300193753','2020-01-22 09:01:03'),('2020-01-21',1811,4,0,2560,'0:C,1:-,2:-,3:T,4:-,5:-,6:-,','3331300193753','2020-01-22 09:01:03'),('2020-01-21',1812,4,0,2560,'0:C,1:-,2:-,3:T,4:-,5:-,6:-,','3331300193753','2020-01-22 09:01:03'),('2020-01-21',1813,4,0,2560,'0:C,1:-,2:-,3:T,4:-,5:-,6:-,','3331300193753','2020-01-22 09:01:03'),('2020-01-21',1814,4,0,2560,'0:C,1:-,2:-,3:T,4:-,5:-,6:-,','3331300193753','2020-01-22 09:01:03'),('2020-01-21',1815,4,0,2560,'0:C,1:-,2:-,3:T,4:-,5:-,6:-,','3331300193753','2020-01-22 09:01:03'),('2020-01-21',1816,4,0,2560,'0:C,1:-,2:-,3:T,4:-,5:-,6:-,','3331300193753','2020-01-22 09:01:03'),('2020-01-21',1817,4,0,2560,'0:C,1:-,2:-,3:T,4:-,5:-,6:-,','3331300193753','2020-01-22 09:01:03'),('2020-01-21',1818,4,0,2560,'0:C,1:-,2:-,3:T,4:-,5:-,6:-,','3331300193753','2020-01-22 09:01:03'),('2020-01-21',1820,4,0,2560,'0:C,1:-,2:-,3:T,4:-,5:-,6:-,','3331300193753','2020-01-22 09:01:03'),('2020-01-21',1821,4,0,2560,'0:C,1:-,2:-,3:T,4:-,5:-,6:-,','3331300193753','2020-01-22 09:01:03'),('2020-01-21',1822,4,0,2560,'0:C,1:-,2:-,3:T,4:-,5:-,6:-,','3331300193753','2020-01-22 09:01:03'),('2020-01-21',1823,4,0,2560,'0:C,1:-,2:-,3:T,4:-,5:-,6:-,','3331300193753','2020-01-22 09:01:03'),('2020-01-21',1825,4,0,2560,'0:C,1:-,2:-,3:T,4:-,5:-,6:-,','3331300193753','2020-01-22 09:01:03'),('2020-01-21',1826,4,0,2560,'0:C,1:-,2:-,3:T,4:-,5:-,6:-,','3331300193753','2020-01-22 09:01:03'),('2020-01-21',1845,4,0,2560,'0:C,1:-,2:-,3:T,4:-,5:-,6:-,','3331300193753','2020-01-22 09:01:03'),('2020-01-21',1863,4,0,2560,'0:C,1:-,2:-,3:T,4:-,5:-,6:-,','3331300193753','2020-01-22 09:01:03'),('2020-01-21',1864,4,0,2560,'0:C,1:-,2:-,3:T,4:-,5:-,6:-,','3331300193753','2020-01-22 09:01:03'),('2020-01-21',1867,4,0,2560,'0:S,1:-,2:-,3:T,4:-,5:-,6:-,','3331300193753','2020-01-22 09:01:03'),('2020-01-20',1808,4,0,2560,'0:C,1:-,2:-,3:T,4:-,5:-,6:-,','3331300193753','2020-01-22 09:01:55'),('2020-01-20',1809,4,0,2560,'0:C,1:-,2:-,3:T,4:-,5:-,6:-,','3331300193753','2020-01-22 09:01:55'),('2020-01-20',1810,4,0,2560,'0:C,1:-,2:-,3:T,4:-,5:-,6:-,','3331300193753','2020-01-22 09:01:55'),('2020-01-20',1811,4,0,2560,'0:C,1:-,2:-,3:T,4:-,5:-,6:-,','3331300193753','2020-01-22 09:01:55'),('2020-01-20',1812,4,0,2560,'0:C,1:-,2:-,3:T,4:-,5:-,6:-,','3331300193753','2020-01-22 09:01:55'),('2020-01-20',1813,4,0,2560,'0:C,1:-,2:-,3:T,4:-,5:-,6:-,','3331300193753','2020-01-22 09:01:55'),('2020-01-20',1814,4,0,2560,'0:C,1:-,2:-,3:T,4:-,5:-,6:-,','3331300193753','2020-01-22 09:01:55'),('2020-01-20',1815,4,0,2560,'0:C,1:-,2:-,3:T,4:-,5:-,6:-,','3331300193753','2020-01-22 09:01:55'),('2020-01-20',1816,4,0,2560,'0:C,1:-,2:-,3:T,4:-,5:-,6:-,','3331300193753','2020-01-22 09:01:55'),('2020-01-20',1817,4,0,2560,'0:C,1:-,2:-,3:T,4:-,5:-,6:-,','3331300193753','2020-01-22 09:01:55'),('2020-01-20',1818,4,0,2560,'0:C,1:-,2:-,3:T,4:-,5:-,6:-,','3331300193753','2020-01-22 09:01:55'),('2020-01-20',1820,4,0,2560,'0:C,1:-,2:-,3:T,4:-,5:-,6:-,','3331300193753','2020-01-22 09:01:55'),('2020-01-20',1821,4,0,2560,'0:C,1:-,2:-,3:T,4:-,5:-,6:-,','3331300193753','2020-01-22 09:01:55'),('2020-01-20',1822,4,0,2560,'0:C,1:-,2:-,3:T,4:-,5:-,6:-,','3331300193753','2020-01-22 09:01:55'),('2020-01-20',1823,4,0,2560,'0:C,1:-,2:-,3:T,4:-,5:-,6:-,','3331300193753','2020-01-22 09:01:55'),('2020-01-20',1825,4,0,2560,'0:C,1:-,2:-,3:T,4:-,5:-,6:-,','3331300193753','2020-01-22 09:01:55'),('2020-01-20',1826,4,0,2560,'0:C,1:-,2:-,3:T,4:-,5:-,6:-,','3331300193753','2020-01-22 09:01:55'),('2020-01-20',1845,4,0,2560,'0:C,1:-,2:-,3:T,4:-,5:-,6:-,','3331300193753','2020-01-22 09:01:55'),('2020-01-20',1863,4,0,2560,'0:C,1:-,2:-,3:T,4:-,5:-,6:-,','3331300193753','2020-01-22 09:01:55'),('2020-01-20',1864,4,0,2560,'0:C,1:-,2:-,3:T,4:-,5:-,6:-,','3331300193753','2020-01-22 09:01:55'),('2020-01-20',1867,4,0,2560,'0:S,1:-,2:-,3:T,4:-,5:-,6:-,','3331300193753','2020-01-22 09:01:55'),('2020-01-22',1783,6,0,2560,'0:-,1:C,2:-,3:T,4:-,5:-,6:-,','3331300193753','2020-01-22 11:01:16'),('2020-01-22',1785,6,0,2560,'0:-,1:C,2:-,3:T,4:-,5:-,6:-,','3331300193753','2020-01-22 11:01:16'),('2020-01-22',1786,6,0,2560,'0:-,1:C,2:-,3:T,4:-,5:-,6:-,','3331300193753','2020-01-22 11:01:16'),('2020-01-22',1787,6,0,2560,'0:-,1:C,2:-,3:T,4:-,5:-,6:-,','3331300193753','2020-01-22 11:01:16'),('2020-01-22',1788,6,0,2560,'0:-,1:C,2:-,3:T,4:-,5:-,6:-,','3331300193753','2020-01-22 11:01:16'),('2020-01-22',1789,6,0,2560,'0:-,1:C,2:-,3:T,4:-,5:-,6:-,','3331300193753','2020-01-22 11:01:16'),('2020-01-22',1790,6,0,2560,'0:-,1:C,2:-,3:T,4:-,5:-,6:-,','3331300193753','2020-01-22 11:01:16'),('2020-01-22',1791,6,0,2560,'0:-,1:C,2:-,3:T,4:-,5:-,6:-,','3331300193753','2020-01-22 11:01:16'),('2020-01-22',1827,6,0,2560,'0:-,1:C,2:-,3:T,4:-,5:-,6:-,','3331300193753','2020-01-22 11:01:16'),('2020-01-22',1868,6,0,2560,'0:-,1:C,2:-,3:T,4:-,5:-,6:-,','3331300193753','2020-01-22 11:01:16'),('2020-01-20',1783,6,0,2560,'0:-,1:C,2:-,3:T,4:-,5:-,6:-,','3331300193753','2020-01-22 11:01:55'),('2020-01-20',1785,6,0,2560,'0:-,1:C,2:-,3:T,4:-,5:-,6:-,','3331300193753','2020-01-22 11:01:55'),('2020-01-20',1786,6,0,2560,'0:-,1:C,2:-,3:T,4:-,5:-,6:-,','3331300193753','2020-01-22 11:01:55'),('2020-01-20',1787,6,0,2560,'0:-,1:C,2:-,3:T,4:-,5:-,6:-,','3331300193753','2020-01-22 11:01:55'),('2020-01-20',1788,6,0,2560,'0:-,1:C,2:-,3:T,4:-,5:-,6:-,','3331300193753','2020-01-22 11:01:55'),('2020-01-20',1789,6,0,2560,'0:-,1:C,2:-,3:T,4:-,5:-,6:-,','3331300193753','2020-01-22 11:01:55'),('2020-01-20',1790,6,0,2560,'0:-,1:C,2:-,3:T,4:-,5:-,6:-,','3331300193753','2020-01-22 11:01:55'),('2020-01-20',1791,6,0,2560,'0:-,1:C,2:-,3:T,4:-,5:-,6:-,','3331300193753','2020-01-22 11:01:55'),('2020-01-20',1827,6,0,2560,'0:-,1:W,2:-,3:T,4:-,5:-,6:-,','3331300193753','2020-01-22 11:01:55'),('2020-01-20',1868,6,0,2560,'0:-,1:C,2:-,3:T,4:-,5:-,6:-,','3331300193753','2020-01-22 11:01:55'),('2020-01-21',1783,6,0,2560,'0:-,1:C,2:-,3:T,4:-,5:-,6:-,','3331300193753','2020-01-22 11:01:11'),('2020-01-21',1785,6,0,2560,'0:-,1:C,2:-,3:T,4:-,5:-,6:-,','3331300193753','2020-01-22 11:01:11'),('2020-01-21',1786,6,0,2560,'0:-,1:C,2:-,3:T,4:-,5:-,6:-,','3331300193753','2020-01-22 11:01:11'),('2020-01-21',1787,6,0,2560,'0:-,1:C,2:-,3:T,4:-,5:-,6:-,','3331300193753','2020-01-22 11:01:11'),('2020-01-21',1788,6,0,2560,'0:-,1:C,2:-,3:T,4:-,5:-,6:-,','3331300193753','2020-01-22 11:01:11'),('2020-01-21',1789,6,0,2560,'0:-,1:C,2:-,3:T,4:-,5:-,6:-,','3331300193753','2020-01-22 11:01:11'),('2020-01-21',1790,6,0,2560,'0:-,1:C,2:-,3:T,4:-,5:-,6:-,','3331300193753','2020-01-22 11:01:11'),('2020-01-21',1791,6,0,2560,'0:-,1:C,2:-,3:T,4:-,5:-,6:-,','3331300193753','2020-01-22 11:01:11'),('2020-01-21',1827,6,0,2560,'0:-,1:C,2:-,3:T,4:-,5:-,6:-,','3331300193753','2020-01-22 11:01:11'),('2020-01-21',1868,6,0,2560,'0:-,1:C,2:-,3:T,4:-,5:-,6:-,','3331300193753','2020-01-22 11:01:11'),('2020-01-23',1796,5,0,2560,'0:-,1:-,2:C,3:T,4:-,5:-,6:-,','3331300193753','2020-01-23 10:01:38'),('2020-01-23',1797,5,0,2560,'0:-,1:-,2:C,3:T,4:-,5:-,6:-,','3331300193753','2020-01-23 10:01:38'),('2020-01-23',1798,5,0,2560,'0:-,1:-,2:C,3:T,4:-,5:-,6:-,','3331300193753','2020-01-23 10:01:38'),('2020-01-23',1799,5,0,2560,'0:-,1:-,2:C,3:T,4:-,5:-,6:-,','3331300193753','2020-01-23 10:01:38'),('2020-01-23',1801,5,0,2560,'0:-,1:-,2:C,3:T,4:-,5:-,6:-,','3331300193753','2020-01-23 10:01:38'),('2020-01-23',1802,5,0,2560,'0:-,1:-,2:C,3:T,4:-,5:-,6:-,','3331300193753','2020-01-23 10:01:38'),('2020-01-23',1803,5,0,2560,'0:-,1:-,2:C,3:T,4:-,5:-,6:-,','3331300193753','2020-01-23 10:01:38'),('2020-01-23',1805,5,0,2560,'0:-,1:-,2:C,3:T,4:-,5:-,6:-,','3331300193753','2020-01-23 10:01:38'),('2020-01-23',1807,5,0,2560,'0:-,1:-,2:C,3:T,4:-,5:-,6:-,','3331300193753','2020-01-23 10:01:38'),('2020-01-23',1828,5,0,2560,'0:-,1:-,2:C,3:T,4:-,5:-,6:-,','3331300193753','2020-01-23 10:01:38'),('2020-01-23',1847,5,0,2560,'0:-,1:-,2:C,3:T,4:-,5:-,6:-,','3331300193753','2020-01-23 10:01:38'),('2020-01-23',1783,6,0,2560,'0:-,1:C,2:-,3:T,4:-,5:-,6:-,','3331300193753','2020-01-25 12:01:22'),('2020-01-23',1785,6,0,2560,'0:-,1:C,2:-,3:T,4:-,5:-,6:-,','3331300193753','2020-01-25 12:01:22'),('2020-01-23',1786,6,0,2560,'0:-,1:C,2:-,3:T,4:-,5:-,6:-,','3331300193753','2020-01-25 12:01:22'),('2020-01-23',1787,6,0,2560,'0:-,1:C,2:-,3:T,4:-,5:-,6:-,','3331300193753','2020-01-25 12:01:22'),('2020-01-23',1788,6,0,2560,'0:-,1:C,2:-,3:T,4:-,5:-,6:-,','3331300193753','2020-01-25 12:01:22'),('2020-01-23',1789,6,0,2560,'0:-,1:C,2:-,3:T,4:-,5:-,6:-,','3331300193753','2020-01-25 12:01:22'),('2020-01-23',1790,6,0,2560,'0:-,1:C,2:-,3:T,4:-,5:-,6:-,','3331300193753','2020-01-25 12:01:22'),('2020-01-23',1791,6,0,2560,'0:-,1:C,2:-,3:T,4:-,5:-,6:-,','3331300193753','2020-01-25 12:01:22'),('2020-01-23',1827,6,0,2560,'0:-,1:C,2:-,3:T,4:-,5:-,6:-,','3331300193753','2020-01-25 12:01:22'),('2020-01-23',1868,6,0,2560,'0:-,1:C,2:-,3:T,4:-,5:-,6:-,','3331300193753','2020-01-25 12:01:22'),('2020-01-23',1808,4,0,2560,'0:C,1:-,2:-,3:T,4:-,5:-,6:-,','3331300193753','2020-01-23 01:01:02'),('2020-01-23',1809,4,0,2560,'0:C,1:-,2:-,3:T,4:-,5:-,6:-,','3331300193753','2020-01-23 01:01:02'),('2020-01-23',1810,4,0,2560,'0:C,1:-,2:-,3:T,4:-,5:-,6:-,','3331300193753','2020-01-23 01:01:02'),('2020-01-23',1811,4,0,2560,'0:C,1:-,2:-,3:T,4:-,5:-,6:-,','3331300193753','2020-01-23 01:01:02'),('2020-01-23',1812,4,0,2560,'0:C,1:-,2:-,3:T,4:-,5:-,6:-,','3331300193753','2020-01-23 01:01:02'),('2020-01-23',1813,4,0,2560,'0:W,1:-,2:-,3:T,4:-,5:-,6:-,','3331300193753','2020-01-23 01:01:02'),('2020-01-23',1814,4,0,2560,'0:C,1:-,2:-,3:T,4:-,5:-,6:-,','3331300193753','2020-01-23 01:01:02'),('2020-01-23',1815,4,0,2560,'0:C,1:-,2:-,3:T,4:-,5:-,6:-,','3331300193753','2020-01-23 01:01:02'),('2020-01-23',1816,4,0,2560,'0:C,1:-,2:-,3:T,4:-,5:-,6:-,','3331300193753','2020-01-23 01:01:02'),('2020-01-23',1817,4,0,2560,'0:C,1:-,2:-,3:T,4:-,5:-,6:-,','3331300193753','2020-01-23 01:01:02'),('2020-01-23',1818,4,0,2560,'0:C,1:-,2:-,3:T,4:-,5:-,6:-,','3331300193753','2020-01-23 01:01:02'),('2020-01-23',1820,4,0,2560,'0:C,1:-,2:-,3:T,4:-,5:-,6:-,','3331300193753','2020-01-23 01:01:02'),('2020-01-23',1821,4,0,2560,'0:C,1:-,2:-,3:T,4:-,5:-,6:-,','3331300193753','2020-01-23 01:01:02'),('2020-01-23',1822,4,0,2560,'0:C,1:-,2:-,3:T,4:-,5:-,6:-,','3331300193753','2020-01-23 01:01:02'),('2020-01-23',1823,4,0,2560,'0:C,1:-,2:-,3:T,4:-,5:-,6:-,','3331300193753','2020-01-23 01:01:02'),('2020-01-23',1825,4,0,2560,'0:C,1:-,2:-,3:T,4:-,5:-,6:-,','3331300193753','2020-01-23 01:01:02'),('2020-01-23',1826,4,0,2560,'0:C,1:-,2:-,3:T,4:-,5:-,6:-,','3331300193753','2020-01-23 01:01:02'),('2020-01-23',1845,4,0,2560,'0:C,1:-,2:-,3:T,4:-,5:-,6:-,','3331300193753','2020-01-23 01:01:02'),('2020-01-23',1863,4,0,2560,'0:C,1:-,2:-,3:T,4:-,5:-,6:-,','3331300193753','2020-01-23 01:01:02'),('2020-01-23',1864,4,0,2560,'0:C,1:-,2:-,3:T,4:-,5:-,6:-,','3331300193753','2020-01-23 01:01:02'),('2020-01-23',1867,4,0,2560,'0:C,1:-,2:-,3:T,4:-,5:-,6:-,','3331300193753','2020-01-23 01:01:02'),('2020-01-24',1783,6,0,2560,'0:-,1:C,2:-,3:T,4:-,5:-,6:-,','3331300193753','2020-01-25 12:01:04'),('2020-01-24',1785,6,0,2560,'0:-,1:C,2:-,3:T,4:-,5:-,6:-,','3331300193753','2020-01-25 12:01:04'),('2020-01-24',1786,6,0,2560,'0:-,1:C,2:-,3:T,4:-,5:-,6:-,','3331300193753','2020-01-25 12:01:04'),('2020-01-24',1787,6,0,2560,'0:-,1:C,2:-,3:T,4:-,5:-,6:-,','3331300193753','2020-01-25 12:01:04'),('2020-01-24',1788,6,0,2560,'0:-,1:C,2:-,3:T,4:-,5:-,6:-,','3331300193753','2020-01-25 12:01:04'),('2020-01-24',1789,6,0,2560,'0:-,1:C,2:-,3:T,4:-,5:-,6:-,','3331300193753','2020-01-25 12:01:04'),('2020-01-24',1790,6,0,2560,'0:-,1:C,2:-,3:T,4:-,5:-,6:-,','3331300193753','2020-01-25 12:01:04'),('2020-01-24',1791,6,0,2560,'0:-,1:C,2:-,3:T,4:-,5:-,6:-,','3331300193753','2020-01-25 12:01:04'),('2020-01-24',1827,6,0,2560,'0:-,1:C,2:-,3:T,4:-,5:-,6:-,','3331300193753','2020-01-25 12:01:04'),('2020-01-24',1868,6,0,2560,'0:-,1:C,2:-,3:T,4:-,5:-,6:-,','3331300193753','2020-01-25 12:01:04'),('2020-01-24',1747,8,0,2560,'0:-,1:-,2:-,3:T,4:C,5:-,6:-,','3331300193753','2020-01-25 12:01:58'),('2020-01-24',1746,8,0,2560,'0:-,1:-,2:-,3:T,4:C,5:-,6:-,','3331300193753','2020-01-25 12:01:58'),('2020-01-24',1748,8,0,2560,'0:-,1:-,2:-,3:T,4:C,5:-,6:-,','3331300193753','2020-01-25 12:01:58'),('2020-01-24',1749,8,0,2560,'0:-,1:-,2:-,3:T,4:C,5:-,6:-,','3331300193753','2020-01-25 12:01:58'),('2020-01-24',1751,8,0,2560,'0:-,1:-,2:-,3:T,4:C,5:-,6:-,','3331300193753','2020-01-25 12:01:58'),('2020-01-24',1752,8,0,2560,'0:-,1:-,2:-,3:T,4:C,5:-,6:-,','3331300193753','2020-01-25 12:01:58'),('2020-01-24',1753,8,0,2560,'0:-,1:-,2:-,3:T,4:C,5:-,6:-,','3331300193753','2020-01-25 12:01:58'),('2020-01-24',1754,8,0,2560,'0:-,1:-,2:-,3:T,4:C,5:-,6:-,','3331300193753','2020-01-25 12:01:58'),('2020-01-24',1795,8,0,2560,'0:-,1:-,2:-,3:T,4:C,5:-,6:-,','3331300193753','2020-01-25 12:01:58'),('2020-01-24',1750,8,0,2560,'0:-,1:-,2:-,3:T,4:C,5:-,6:-,','3331300193753','2020-01-25 12:01:58'),('2020-01-24',1870,8,0,2560,'0:-,1:-,2:-,3:T,4:C,5:-,6:-,','3331300193753','2020-01-25 12:01:58'),('2020-01-24',1808,4,0,2560,'0:C,1:-,2:-,3:T,4:-,5:-,6:-,','3331300193753','2020-01-27 10:01:39'),('2020-01-24',1809,4,0,2560,'0:C,1:-,2:-,3:T,4:-,5:-,6:-,','3331300193753','2020-01-27 10:01:39'),('2020-01-24',1810,4,0,2560,'0:C,1:-,2:-,3:T,4:-,5:-,6:-,','3331300193753','2020-01-27 10:01:39'),('2020-01-24',1811,4,0,2560,'0:C,1:-,2:-,3:T,4:-,5:-,6:-,','3331300193753','2020-01-27 10:01:39'),('2020-01-24',1812,4,0,2560,'0:C,1:-,2:-,3:T,4:-,5:-,6:-,','3331300193753','2020-01-27 10:01:39'),('2020-01-24',1813,4,0,2560,'0:C,1:-,2:-,3:T,4:-,5:-,6:-,','3331300193753','2020-01-27 10:01:39'),('2020-01-24',1814,4,0,2560,'0:C,1:-,2:-,3:T,4:-,5:-,6:-,','3331300193753','2020-01-27 10:01:39'),('2020-01-24',1815,4,0,2560,'0:C,1:-,2:-,3:T,4:-,5:-,6:-,','3331300193753','2020-01-27 10:01:39'),('2020-01-24',1816,4,0,2560,'0:C,1:-,2:-,3:T,4:-,5:-,6:-,','3331300193753','2020-01-27 10:01:39'),('2020-01-24',1817,4,0,2560,'0:C,1:-,2:-,3:T,4:-,5:-,6:-,','3331300193753','2020-01-27 10:01:39'),('2020-01-24',1818,4,0,2560,'0:S,1:-,2:-,3:T,4:-,5:-,6:-,','3331300193753','2020-01-27 10:01:39'),('2020-01-24',1820,4,0,2560,'0:C,1:-,2:-,3:T,4:-,5:-,6:-,','3331300193753','2020-01-27 10:01:39'),('2020-01-24',1821,4,0,2560,'0:C,1:-,2:-,3:T,4:-,5:-,6:-,','3331300193753','2020-01-27 10:01:39'),('2020-01-24',1822,4,0,2560,'0:C,1:-,2:-,3:T,4:-,5:-,6:-,','3331300193753','2020-01-27 10:01:39'),('2020-01-24',1823,4,0,2560,'0:C,1:-,2:-,3:T,4:-,5:-,6:-,','3331300193753','2020-01-27 10:01:39'),('2020-01-24',1825,4,0,2560,'0:C,1:-,2:-,3:T,4:-,5:-,6:-,','3331300193753','2020-01-27 10:01:39'),('2020-01-24',1826,4,0,2560,'0:S,1:-,2:-,3:T,4:-,5:-,6:-,','3331300193753','2020-01-27 10:01:39'),('2020-01-24',1845,4,0,2560,'0:C,1:-,2:-,3:T,4:-,5:-,6:-,','3331300193753','2020-01-27 10:01:39'),('2020-01-24',1863,4,0,2560,'0:C,1:-,2:-,3:T,4:-,5:-,6:-,','3331300193753','2020-01-27 10:01:39'),('2020-01-24',1864,4,0,2560,'0:C,1:-,2:-,3:T,4:-,5:-,6:-,','3331300193753','2020-01-27 10:01:39'),('2020-01-24',1867,4,0,2560,'0:S,1:-,2:-,3:T,4:-,5:-,6:-,','3331300193753','2020-01-27 10:01:39'),('2020-01-27',1808,4,0,2560,'0:C,1:-,2:-,3:T,4:-,5:-,6:-,','3331300193753','2020-01-27 10:01:19'),('2020-01-27',1809,4,0,2560,'0:C,1:-,2:-,3:T,4:-,5:-,6:-,','3331300193753','2020-01-27 10:01:19'),('2020-01-27',1810,4,0,2560,'0:C,1:-,2:-,3:T,4:-,5:-,6:-,','3331300193753','2020-01-27 10:01:19'),('2020-01-27',1811,4,0,2560,'0:C,1:-,2:-,3:T,4:-,5:-,6:-,','3331300193753','2020-01-27 10:01:19'),('2020-01-27',1812,4,0,2560,'0:C,1:-,2:-,3:T,4:-,5:-,6:-,','3331300193753','2020-01-27 10:01:19'),('2020-01-27',1813,4,0,2560,'0:C,1:-,2:-,3:T,4:-,5:-,6:-,','3331300193753','2020-01-27 10:01:19'),('2020-01-27',1814,4,0,2560,'0:C,1:-,2:-,3:T,4:-,5:-,6:-,','3331300193753','2020-01-27 10:01:19'),('2020-01-27',1815,4,0,2560,'0:C,1:-,2:-,3:T,4:-,5:-,6:-,','3331300193753','2020-01-27 10:01:19'),('2020-01-27',1816,4,0,2560,'0:C,1:-,2:-,3:T,4:-,5:-,6:-,','3331300193753','2020-01-27 10:01:19'),('2020-01-27',1817,4,0,2560,'0:C,1:-,2:-,3:T,4:-,5:-,6:-,','3331300193753','2020-01-27 10:01:19'),('2020-01-27',1818,4,0,2560,'0:C,1:-,2:-,3:T,4:-,5:-,6:-,','3331300193753','2020-01-27 10:01:19'),('2020-01-27',1820,4,0,2560,'0:C,1:-,2:-,3:T,4:-,5:-,6:-,','3331300193753','2020-01-27 10:01:19'),('2020-01-27',1821,4,0,2560,'0:C,1:-,2:-,3:T,4:-,5:-,6:-,','3331300193753','2020-01-27 10:01:19'),('2020-01-27',1822,4,0,2560,'0:C,1:-,2:-,3:T,4:-,5:-,6:-,','3331300193753','2020-01-27 10:01:19'),('2020-01-27',1823,4,0,2560,'0:C,1:-,2:-,3:T,4:-,5:-,6:-,','3331300193753','2020-01-27 10:01:19'),('2020-01-27',1825,4,0,2560,'0:C,1:-,2:-,3:T,4:-,5:-,6:-,','3331300193753','2020-01-27 10:01:19'),('2020-01-27',1826,4,0,2560,'0:C,1:-,2:-,3:T,4:-,5:-,6:-,','3331300193753','2020-01-27 10:01:19'),('2020-01-27',1845,4,0,2560,'0:C,1:-,2:-,3:T,4:-,5:-,6:-,','3331300193753','2020-01-27 10:01:19'),('2020-01-27',1863,4,0,2560,'0:C,1:-,2:-,3:T,4:-,5:-,6:-,','3331300193753','2020-01-27 10:01:19'),('2020-01-27',1864,4,0,2560,'0:C,1:-,2:-,3:T,4:-,5:-,6:-,','3331300193753','2020-01-27 10:01:19'),('2020-01-27',1867,4,0,2560,'0:C,1:-,2:-,3:T,4:-,5:-,6:-,','3331300193753','2020-01-27 10:01:19'),('2020-01-27',1766,7,0,2560,'0:-,1:-,2:-,3:T,4:C,5:C,6:-,','3331300193753','2020-01-27 01:01:21'),('2020-01-27',1767,7,0,2560,'0:-,1:-,2:-,3:T,4:C,5:C,6:-,','3331300193753','2020-01-27 01:01:21'),('2020-01-27',1769,7,0,2560,'0:-,1:-,2:-,3:T,4:C,5:C,6:-,','3331300193753','2020-01-27 01:01:21'),('2020-01-27',1770,7,0,2560,'0:-,1:-,2:-,3:T,4:S,5:S,6:-,','3331300193753','2020-01-27 01:01:21'),('2020-01-27',1771,7,0,2560,'0:-,1:-,2:-,3:T,4:C,5:C,6:-,','3331300193753','2020-01-27 01:01:21'),('2020-01-27',1773,7,0,2560,'0:-,1:-,2:-,3:T,4:C,5:C,6:-,','3331300193753','2020-01-27 01:01:21'),('2020-01-27',1774,7,0,2560,'0:-,1:-,2:-,3:T,4:C,5:C,6:-,','3331300193753','2020-01-27 01:01:21'),('2020-01-27',1775,7,0,2560,'0:-,1:-,2:-,3:T,4:C,5:C,6:-,','3331300193753','2020-01-27 01:01:21'),('2020-01-27',1776,7,0,2560,'0:-,1:-,2:-,3:T,4:C,5:C,6:-,','3331300193753','2020-01-27 01:01:21'),('2020-01-27',1777,7,0,2560,'0:-,1:-,2:-,3:T,4:C,5:C,6:-,','3331300193753','2020-01-27 01:01:21'),('2020-01-27',1779,7,0,2560,'0:-,1:-,2:-,3:T,4:C,5:C,6:-,','3331300193753','2020-01-27 01:01:21'),('2020-01-27',1780,7,0,2560,'0:-,1:-,2:-,3:T,4:C,5:C,6:-,','3331300193753','2020-01-27 01:01:21'),('2020-01-27',1781,7,0,2560,'0:-,1:-,2:-,3:T,4:C,5:C,6:-,','3331300193753','2020-01-27 01:01:21'),('2020-01-27',1865,7,0,2560,'0:-,1:-,2:-,3:T,4:C,5:C,6:-,','3331300193753','2020-01-27 01:01:21'),('2020-01-27',1866,7,0,2560,'0:-,1:-,2:-,3:T,4:C,5:C,6:-,','3331300193753','2020-01-27 01:01:21'),('2020-01-27',1869,7,0,2560,'0:-,1:-,2:-,3:T,4:C,5:C,6:-,','3331300193753','2020-01-27 01:01:21'),('2020-01-28',1808,4,0,2560,'0:C,1:-,2:-,3:T,4:-,5:-,6:-,','3331300193753','2020-01-28 09:01:16'),('2020-01-28',1809,4,0,2560,'0:C,1:-,2:-,3:T,4:-,5:-,6:-,','3331300193753','2020-01-28 09:01:16'),('2020-01-28',1810,4,0,2560,'0:C,1:-,2:-,3:T,4:-,5:-,6:-,','3331300193753','2020-01-28 09:01:16'),('2020-01-28',1811,4,0,2560,'0:C,1:-,2:-,3:T,4:-,5:-,6:-,','3331300193753','2020-01-28 09:01:16'),('2020-01-28',1812,4,0,2560,'0:C,1:-,2:-,3:T,4:-,5:-,6:-,','3331300193753','2020-01-28 09:01:16'),('2020-01-28',1813,4,0,2560,'0:C,1:-,2:-,3:T,4:-,5:-,6:-,','3331300193753','2020-01-28 09:01:16'),('2020-01-28',1814,4,0,2560,'0:C,1:-,2:-,3:T,4:-,5:-,6:-,','3331300193753','2020-01-28 09:01:16'),('2020-01-28',1815,4,0,2560,'0:C,1:-,2:-,3:T,4:-,5:-,6:-,','3331300193753','2020-01-28 09:01:16'),('2020-01-28',1816,4,0,2560,'0:C,1:-,2:-,3:T,4:-,5:-,6:-,','3331300193753','2020-01-28 09:01:16'),('2020-01-28',1817,4,0,2560,'0:C,1:-,2:-,3:T,4:-,5:-,6:-,','3331300193753','2020-01-28 09:01:16'),('2020-01-28',1818,4,0,2560,'0:C,1:-,2:-,3:T,4:-,5:-,6:-,','3331300193753','2020-01-28 09:01:16'),('2020-01-28',1820,4,0,2560,'0:C,1:-,2:-,3:T,4:-,5:-,6:-,','3331300193753','2020-01-28 09:01:16'),('2020-01-28',1821,4,0,2560,'0:C,1:-,2:-,3:T,4:-,5:-,6:-,','3331300193753','2020-01-28 09:01:16'),('2020-01-28',1822,4,0,2560,'0:C,1:-,2:-,3:T,4:-,5:-,6:-,','3331300193753','2020-01-28 09:01:16'),('2020-01-28',1823,4,0,2560,'0:C,1:-,2:-,3:T,4:-,5:-,6:-,','3331300193753','2020-01-28 09:01:16'),('2020-01-28',1825,4,0,2560,'0:C,1:-,2:-,3:T,4:-,5:-,6:-,','3331300193753','2020-01-28 09:01:16'),('2020-01-28',1826,4,0,2560,'0:C,1:-,2:-,3:T,4:-,5:-,6:-,','3331300193753','2020-01-28 09:01:16'),('2020-01-28',1845,4,0,2560,'0:C,1:-,2:-,3:T,4:-,5:-,6:-,','3331300193753','2020-01-28 09:01:16'),('2020-01-28',1863,4,0,2560,'0:C,1:-,2:-,3:T,4:-,5:-,6:-,','3331300193753','2020-01-28 09:01:16'),('2020-01-28',1864,4,0,2560,'0:C,1:-,2:-,3:T,4:-,5:-,6:-,','3331300193753','2020-01-28 09:01:16'),('2020-01-28',1867,4,0,2560,'0:C,1:-,2:-,3:T,4:-,5:-,6:-,','3331300193753','2020-01-28 09:01:16'),('2020-01-28',1722,9,0,2560,'0:-,1:-,2:-,3:T,4:C,5:C,6:-,','3331300193753','2020-01-28 01:01:25'),('2020-01-28',1723,9,0,2560,'0:-,1:-,2:-,3:T,4:C,5:C,6:-,','3331300193753','2020-01-28 01:01:25'),('2020-01-28',1724,9,0,2560,'0:-,1:-,2:-,3:T,4:C,5:C,6:-,','3331300193753','2020-01-28 01:01:25'),('2020-01-28',1725,9,0,2560,'0:-,1:-,2:-,3:T,4:C,5:C,6:-,','3331300193753','2020-01-28 01:01:25'),('2020-01-28',1729,9,0,2560,'0:-,1:-,2:-,3:T,4:C,5:C,6:-,','3331300193753','2020-01-28 01:01:25'),('2020-01-28',1732,9,0,2560,'0:-,1:-,2:-,3:T,4:C,5:C,6:-,','3331300193753','2020-01-28 01:01:25'),('2020-01-28',1734,9,0,2560,'0:-,1:-,2:-,3:T,4:C,5:C,6:-,','3331300193753','2020-01-28 01:01:25'),('2020-01-28',1735,9,0,2560,'0:-,1:-,2:-,3:T,4:L,5:L,6:-,','3331300193753','2020-01-28 01:01:25'),('2020-01-28',1736,9,0,2560,'0:-,1:-,2:-,3:T,4:C,5:C,6:-,','3331300193753','2020-01-28 01:01:25'),('2020-01-28',1737,9,0,2560,'0:-,1:-,2:-,3:T,4:C,5:C,6:-,','3331300193753','2020-01-28 01:01:25'),('2020-01-28',1740,9,0,2560,'0:-,1:-,2:-,3:T,4:C,5:C,6:-,','3331300193753','2020-01-28 01:01:25'),('2020-01-28',1758,9,0,2560,'0:-,1:-,2:-,3:T,4:C,5:C,6:-,','3331300193753','2020-01-28 01:01:25'),('2020-01-28',1806,9,0,2560,'0:-,1:-,2:-,3:T,4:C,5:C,6:-,','3331300193753','2020-01-28 01:01:25'),('2020-01-28',1841,9,0,2560,'0:-,1:-,2:-,3:T,4:C,5:C,6:-,','3331300193753','2020-01-28 01:01:25'),('2020-01-30',1783,6,0,2560,'0:-,1:C,2:-,3:T,4:-,5:-,6:-,','3331300193753','2020-01-30 01:01:36'),('2020-01-30',1785,6,0,2560,'0:-,1:C,2:-,3:T,4:-,5:-,6:-,','3331300193753','2020-01-30 01:01:36'),('2020-01-30',1786,6,0,2560,'0:-,1:C,2:-,3:T,4:-,5:-,6:-,','3331300193753','2020-01-30 01:01:36'),('2020-01-30',1787,6,0,2560,'0:-,1:C,2:-,3:T,4:-,5:-,6:-,','3331300193753','2020-01-30 01:01:36'),('2020-01-30',1788,6,0,2560,'0:-,1:C,2:-,3:T,4:-,5:-,6:-,','3331300193753','2020-01-30 01:01:36'),('2020-01-30',1789,6,0,2560,'0:-,1:C,2:-,3:T,4:-,5:-,6:-,','3331300193753','2020-01-30 01:01:36'),('2020-01-30',1790,6,0,2560,'0:-,1:C,2:-,3:T,4:-,5:-,6:-,','3331300193753','2020-01-30 01:01:36'),('2020-01-30',1791,6,0,2560,'0:-,1:C,2:-,3:T,4:-,5:-,6:-,','3331300193753','2020-01-30 01:01:36'),('2020-01-30',1827,6,0,2560,'0:-,1:C,2:-,3:T,4:-,5:-,6:-,','3331300193753','2020-01-30 01:01:36'),('2020-01-30',1868,6,0,2560,'0:-,1:C,2:-,3:T,4:-,5:-,6:-,','3331300193753','2020-01-30 01:01:36'),('2020-01-30',1796,5,0,2560,'0:-,1:-,2:C,3:T,4:-,5:-,6:-,','3331300193753','2020-01-30 01:01:51'),('2020-01-30',1797,5,0,2560,'0:-,1:-,2:C,3:T,4:-,5:-,6:-,','3331300193753','2020-01-30 01:01:51'),('2020-01-30',1798,5,0,2560,'0:-,1:-,2:C,3:T,4:-,5:-,6:-,','3331300193753','2020-01-30 01:01:51'),('2020-01-30',1799,5,0,2560,'0:-,1:-,2:C,3:T,4:-,5:-,6:-,','3331300193753','2020-01-30 01:01:51'),('2020-01-30',1801,5,0,2560,'0:-,1:-,2:S,3:T,4:-,5:-,6:-,','3331300193753','2020-01-30 01:01:51'),('2020-01-30',1802,5,0,2560,'0:-,1:-,2:C,3:T,4:-,5:-,6:-,','3331300193753','2020-01-30 01:01:51'),('2020-01-30',1803,5,0,2560,'0:-,1:-,2:C,3:T,4:-,5:-,6:-,','3331300193753','2020-01-30 01:01:51'),('2020-01-30',1805,5,0,2560,'0:-,1:-,2:C,3:T,4:-,5:-,6:-,','3331300193753','2020-01-30 01:01:51'),('2020-01-30',1807,5,0,2560,'0:-,1:-,2:C,3:T,4:-,5:-,6:-,','3331300193753','2020-01-30 01:01:51'),('2020-01-30',1828,5,0,2560,'0:-,1:-,2:C,3:T,4:-,5:-,6:-,','3331300193753','2020-01-30 01:01:51'),('2020-01-30',1847,5,0,2560,'0:-,1:-,2:C,3:T,4:-,5:-,6:-,','3331300193753','2020-01-30 01:01:51'),('2020-01-30',1808,4,0,2560,'0:C,1:-,2:-,3:T,4:-,5:-,6:-,','3331300193753','2020-01-30 01:01:04'),('2020-01-30',1809,4,0,2560,'0:C,1:-,2:-,3:T,4:-,5:-,6:-,','3331300193753','2020-01-30 01:01:04'),('2020-01-30',1810,4,0,2560,'0:C,1:-,2:-,3:T,4:-,5:-,6:-,','3331300193753','2020-01-30 01:01:04'),('2020-01-30',1811,4,0,2560,'0:C,1:-,2:-,3:T,4:-,5:-,6:-,','3331300193753','2020-01-30 01:01:04'),('2020-01-30',1812,4,0,2560,'0:C,1:-,2:-,3:T,4:-,5:-,6:-,','3331300193753','2020-01-30 01:01:04'),('2020-01-30',1813,4,0,2560,'0:C,1:-,2:-,3:T,4:-,5:-,6:-,','3331300193753','2020-01-30 01:01:04'),('2020-01-30',1814,4,0,2560,'0:C,1:-,2:-,3:T,4:-,5:-,6:-,','3331300193753','2020-01-30 01:01:04'),('2020-01-30',1815,4,0,2560,'0:C,1:-,2:-,3:T,4:-,5:-,6:-,','3331300193753','2020-01-30 01:01:04'),('2020-01-30',1816,4,0,2560,'0:C,1:-,2:-,3:T,4:-,5:-,6:-,','3331300193753','2020-01-30 01:01:04'),('2020-01-30',1817,4,0,2560,'0:C,1:-,2:-,3:T,4:-,5:-,6:-,','3331300193753','2020-01-30 01:01:04'),('2020-01-30',1818,4,0,2560,'0:C,1:-,2:-,3:T,4:-,5:-,6:-,','3331300193753','2020-01-30 01:01:04'),('2020-01-30',1820,4,0,2560,'0:C,1:-,2:-,3:T,4:-,5:-,6:-,','3331300193753','2020-01-30 01:01:04'),('2020-01-30',1821,4,0,2560,'0:C,1:-,2:-,3:T,4:-,5:-,6:-,','3331300193753','2020-01-30 01:01:04'),('2020-01-30',1822,4,0,2560,'0:C,1:-,2:-,3:T,4:-,5:-,6:-,','3331300193753','2020-01-30 01:01:04'),('2020-01-30',1823,4,0,2560,'0:C,1:-,2:-,3:T,4:-,5:-,6:-,','3331300193753','2020-01-30 01:01:04'),('2020-01-30',1825,4,0,2560,'0:C,1:-,2:-,3:T,4:-,5:-,6:-,','3331300193753','2020-01-30 01:01:04'),('2020-01-30',1826,4,0,2560,'0:C,1:-,2:-,3:T,4:-,5:-,6:-,','3331300193753','2020-01-30 01:01:04'),('2020-01-30',1845,4,0,2560,'0:C,1:-,2:-,3:T,4:-,5:-,6:-,','3331300193753','2020-01-30 01:01:04'),('2020-01-30',1863,4,0,2560,'0:C,1:-,2:-,3:T,4:-,5:-,6:-,','3331300193753','2020-01-30 01:01:04'),('2020-01-30',1864,4,0,2560,'0:C,1:-,2:-,3:T,4:-,5:-,6:-,','3331300193753','2020-01-30 01:01:04'),('2020-01-30',1867,4,0,2560,'0:C,1:-,2:-,3:T,4:-,5:-,6:-,','3331300193753','2020-01-30 01:01:04'),('2020-01-31',1783,6,0,2560,'0:-,1:C,2:-,3:T,4:-,5:-,6:-,','3331300193753','2020-01-31 11:01:16'),('2020-01-31',1785,6,0,2560,'0:-,1:C,2:-,3:T,4:-,5:-,6:-,','3331300193753','2020-01-31 11:01:16'),('2020-01-31',1786,6,0,2560,'0:-,1:C,2:-,3:T,4:-,5:-,6:-,','3331300193753','2020-01-31 11:01:16'),('2020-01-31',1787,6,0,2560,'0:-,1:C,2:-,3:T,4:-,5:-,6:-,','3331300193753','2020-01-31 11:01:16'),('2020-01-31',1788,6,0,2560,'0:-,1:C,2:-,3:T,4:-,5:-,6:-,','3331300193753','2020-01-31 11:01:16'),('2020-01-31',1789,6,0,2560,'0:-,1:C,2:-,3:T,4:-,5:-,6:-,','3331300193753','2020-01-31 11:01:16'),('2020-01-31',1790,6,0,2560,'0:-,1:C,2:-,3:T,4:-,5:-,6:-,','3331300193753','2020-01-31 11:01:16'),('2020-01-31',1791,6,0,2560,'0:-,1:C,2:-,3:T,4:-,5:-,6:-,','3331300193753','2020-01-31 11:01:16'),('2020-01-31',1827,6,0,2560,'0:-,1:C,2:-,3:T,4:-,5:-,6:-,','3331300193753','2020-01-31 11:01:16'),('2020-01-31',1868,6,0,2560,'0:-,1:C,2:-,3:T,4:-,5:-,6:-,','3331300193753','2020-01-31 11:01:16'),('2020-01-31',1796,5,0,2560,'0:-,1:-,2:S,3:T,4:-,5:-,6:-,','3331300193753','2020-01-31 12:01:51'),('2020-01-31',1797,5,0,2560,'0:-,1:-,2:C,3:T,4:-,5:-,6:-,','3331300193753','2020-01-31 12:01:51'),('2020-01-31',1798,5,0,2560,'0:-,1:-,2:C,3:T,4:-,5:-,6:-,','3331300193753','2020-01-31 12:01:51'),('2020-01-31',1799,5,0,2560,'0:-,1:-,2:C,3:T,4:-,5:-,6:-,','3331300193753','2020-01-31 12:01:51'),('2020-01-31',1801,5,0,2560,'0:-,1:-,2:C,3:T,4:-,5:-,6:-,','3331300193753','2020-01-31 12:01:51'),('2020-01-31',1802,5,0,2560,'0:-,1:-,2:C,3:T,4:-,5:-,6:-,','3331300193753','2020-01-31 12:01:51'),('2020-01-31',1803,5,0,2560,'0:-,1:-,2:C,3:T,4:-,5:-,6:-,','3331300193753','2020-01-31 12:01:51'),('2020-01-31',1805,5,0,2560,'0:-,1:-,2:C,3:T,4:-,5:-,6:-,','3331300193753','2020-01-31 12:01:51'),('2020-01-31',1807,5,0,2560,'0:-,1:-,2:C,3:T,4:-,5:-,6:-,','3331300193753','2020-01-31 12:01:51'),('2020-01-31',1828,5,0,2560,'0:-,1:-,2:C,3:T,4:-,5:-,6:-,','3331300193753','2020-01-31 12:01:51'),('2020-01-31',1847,5,0,2560,'0:-,1:-,2:C,3:T,4:-,5:-,6:-,','3331300193753','2020-01-31 12:01:51'),('2020-01-31',1808,4,0,2560,'0:C,1:-,2:-,3:T,4:-,5:-,6:-,','3331300193753','2020-01-31 11:01:20'),('2020-01-31',1809,4,0,2560,'0:C,1:-,2:-,3:T,4:-,5:-,6:-,','3331300193753','2020-01-31 11:01:20'),('2020-01-31',1810,4,0,2560,'0:C,1:-,2:-,3:T,4:-,5:-,6:-,','3331300193753','2020-01-31 11:01:20'),('2020-01-31',1811,4,0,2560,'0:C,1:-,2:-,3:T,4:-,5:-,6:-,','3331300193753','2020-01-31 11:01:20'),('2020-01-31',1812,4,0,2560,'0:C,1:-,2:-,3:T,4:-,5:-,6:-,','3331300193753','2020-01-31 11:01:20'),('2020-01-31',1813,4,0,2560,'0:C,1:-,2:-,3:T,4:-,5:-,6:-,','3331300193753','2020-01-31 11:01:20'),('2020-01-31',1814,4,0,2560,'0:C,1:-,2:-,3:T,4:-,5:-,6:-,','3331300193753','2020-01-31 11:01:20'),('2020-01-31',1815,4,0,2560,'0:C,1:-,2:-,3:T,4:-,5:-,6:-,','3331300193753','2020-01-31 11:01:20'),('2020-01-31',1816,4,0,2560,'0:C,1:-,2:-,3:T,4:-,5:-,6:-,','3331300193753','2020-01-31 11:01:20'),('2020-01-31',1817,4,0,2560,'0:C,1:-,2:-,3:T,4:-,5:-,6:-,','3331300193753','2020-01-31 11:01:20'),('2020-01-31',1818,4,0,2560,'0:C,1:-,2:-,3:T,4:-,5:-,6:-,','3331300193753','2020-01-31 11:01:20'),('2020-01-31',1820,4,0,2560,'0:C,1:-,2:-,3:T,4:-,5:-,6:-,','3331300193753','2020-01-31 11:01:20'),('2020-01-31',1821,4,0,2560,'0:C,1:-,2:-,3:T,4:-,5:-,6:-,','3331300193753','2020-01-31 11:01:20'),('2020-01-31',1822,4,0,2560,'0:C,1:-,2:-,3:T,4:-,5:-,6:-,','3331300193753','2020-01-31 11:01:20'),('2020-01-31',1823,4,0,2560,'0:C,1:-,2:-,3:T,4:-,5:-,6:-,','3331300193753','2020-01-31 11:01:20'),('2020-01-31',1825,4,0,2560,'0:C,1:-,2:-,3:T,4:-,5:-,6:-,','3331300193753','2020-01-31 11:01:20'),('2020-01-31',1826,4,0,2560,'0:C,1:-,2:-,3:T,4:-,5:-,6:-,','3331300193753','2020-01-31 11:01:20'),('2020-01-31',1845,4,0,2560,'0:C,1:-,2:-,3:T,4:-,5:-,6:-,','3331300193753','2020-01-31 11:01:20'),('2020-01-31',1863,4,0,2560,'0:C,1:-,2:-,3:T,4:-,5:-,6:-,','3331300193753','2020-01-31 11:01:20'),('2020-01-31',1864,4,0,2560,'0:C,1:-,2:-,3:T,4:-,5:-,6:-,','3331300193753','2020-01-31 11:01:20'),('2020-01-31',1867,4,0,2560,'0:C,1:-,2:-,3:T,4:-,5:-,6:-,','3331300193753','2020-01-31 11:01:20'),('2020-02-03',1808,4,0,2560,'0:C,1:-,2:-,3:T,4:-,5:-,6:-,','3331300193753','2020-02-03 09:02:01'),('2020-02-03',1809,4,0,2560,'0:C,1:-,2:-,3:T,4:-,5:-,6:-,','3331300193753','2020-02-03 09:02:01'),('2020-02-03',1810,4,0,2560,'0:C,1:-,2:-,3:T,4:-,5:-,6:-,','3331300193753','2020-02-03 09:02:01'),('2020-02-03',1811,4,0,2560,'0:C,1:-,2:-,3:T,4:-,5:-,6:-,','3331300193753','2020-02-03 09:02:01'),('2020-02-03',1812,4,0,2560,'0:C,1:-,2:-,3:T,4:-,5:-,6:-,','3331300193753','2020-02-03 09:02:01'),('2020-02-03',1813,4,0,2560,'0:C,1:-,2:-,3:T,4:-,5:-,6:-,','3331300193753','2020-02-03 09:02:01'),('2020-02-03',1814,4,0,2560,'0:C,1:-,2:-,3:T,4:-,5:-,6:-,','3331300193753','2020-02-03 09:02:01'),('2020-02-03',1815,4,0,2560,'0:C,1:-,2:-,3:T,4:-,5:-,6:-,','3331300193753','2020-02-03 09:02:01'),('2020-02-03',1816,4,0,2560,'0:C,1:-,2:-,3:T,4:-,5:-,6:-,','3331300193753','2020-02-03 09:02:01'),('2020-02-03',1817,4,0,2560,'0:C,1:-,2:-,3:T,4:-,5:-,6:-,','3331300193753','2020-02-03 09:02:01'),('2020-02-03',1818,4,0,2560,'0:C,1:-,2:-,3:T,4:-,5:-,6:-,','3331300193753','2020-02-03 09:02:01'),('2020-02-03',1820,4,0,2560,'0:C,1:-,2:-,3:T,4:-,5:-,6:-,','3331300193753','2020-02-03 09:02:01'),('2020-02-03',1821,4,0,2560,'0:C,1:-,2:-,3:T,4:-,5:-,6:-,','3331300193753','2020-02-03 09:02:01'),('2020-02-03',1822,4,0,2560,'0:S,1:-,2:-,3:T,4:-,5:-,6:-,','3331300193753','2020-02-03 09:02:01'),('2020-02-03',1823,4,0,2560,'0:C,1:-,2:-,3:T,4:-,5:-,6:-,','3331300193753','2020-02-03 09:02:01'),('2020-02-03',1825,4,0,2560,'0:S,1:-,2:-,3:T,4:-,5:-,6:-,','3331300193753','2020-02-03 09:02:01'),('2020-02-03',1826,4,0,2560,'0:C,1:-,2:-,3:T,4:-,5:-,6:-,','3331300193753','2020-02-03 09:02:01'),('2020-02-03',1845,4,0,2560,'0:C,1:-,2:-,3:T,4:-,5:-,6:-,','3331300193753','2020-02-03 09:02:01'),('2020-02-03',1863,4,0,2560,'0:C,1:-,2:-,3:T,4:-,5:-,6:-,','3331300193753','2020-02-03 09:02:01'),('2020-02-03',1864,4,0,2560,'0:C,1:-,2:-,3:T,4:-,5:-,6:-,','3331300193753','2020-02-03 09:02:01'),('2020-02-03',1867,4,0,2560,'0:C,1:-,2:-,3:T,4:-,5:-,6:-,','3331300193753','2020-02-03 09:02:01'),('2020-02-03',1783,6,0,2560,'0:-,1:C,2:-,3:T,4:-,5:-,6:-,','3331300193753','2020-02-03 10:02:40'),('2020-02-03',1785,6,0,2560,'0:-,1:C,2:-,3:T,4:-,5:-,6:-,','3331300193753','2020-02-03 10:02:40'),('2020-02-03',1786,6,0,2560,'0:-,1:C,2:-,3:T,4:-,5:-,6:-,','3331300193753','2020-02-03 10:02:40'),('2020-02-03',1787,6,0,2560,'0:-,1:C,2:-,3:T,4:-,5:-,6:-,','3331300193753','2020-02-03 10:02:40'),('2020-02-03',1788,6,0,2560,'0:-,1:C,2:-,3:T,4:-,5:-,6:-,','3331300193753','2020-02-03 10:02:40'),('2020-02-03',1789,6,0,2560,'0:-,1:C,2:-,3:T,4:-,5:-,6:-,','3331300193753','2020-02-03 10:02:40'),('2020-02-03',1790,6,0,2560,'0:-,1:C,2:-,3:T,4:-,5:-,6:-,','3331300193753','2020-02-03 10:02:40'),('2020-02-03',1791,6,0,2560,'0:-,1:C,2:-,3:T,4:-,5:-,6:-,','3331300193753','2020-02-03 10:02:40'),('2020-02-03',1827,6,0,2560,'0:-,1:C,2:-,3:T,4:-,5:-,6:-,','3331300193753','2020-02-03 10:02:40'),('2020-02-03',1868,6,0,2560,'0:-,1:C,2:-,3:T,4:-,5:-,6:-,','3331300193753','2020-02-03 10:02:40'),('2020-02-03',1766,7,0,2560,'0:-,1:-,2:-,3:T,4:C,5:C,6:-,','3331300193753','2020-02-03 12:02:22'),('2020-02-03',1767,7,0,2560,'0:-,1:-,2:-,3:T,4:C,5:C,6:-,','3331300193753','2020-02-03 12:02:22'),('2020-02-03',1769,7,0,2560,'0:-,1:-,2:-,3:T,4:C,5:C,6:-,','3331300193753','2020-02-03 12:02:22'),('2020-02-03',1770,7,0,2560,'0:-,1:-,2:-,3:T,4:C,5:C,6:-,','3331300193753','2020-02-03 12:02:22'),('2020-02-03',1771,7,0,2560,'0:-,1:-,2:-,3:T,4:C,5:C,6:-,','3331300193753','2020-02-03 12:02:22'),('2020-02-03',1773,7,0,2560,'0:-,1:-,2:-,3:T,4:C,5:C,6:-,','3331300193753','2020-02-03 12:02:22'),('2020-02-03',1774,7,0,2560,'0:-,1:-,2:-,3:T,4:C,5:C,6:-,','3331300193753','2020-02-03 12:02:22'),('2020-02-03',1775,7,0,2560,'0:-,1:-,2:-,3:T,4:C,5:C,6:-,','3331300193753','2020-02-03 12:02:22'),('2020-02-03',1776,7,0,2560,'0:-,1:-,2:-,3:T,4:C,5:C,6:-,','3331300193753','2020-02-03 12:02:22'),('2020-02-03',1777,7,0,2560,'0:-,1:-,2:-,3:T,4:C,5:C,6:-,','3331300193753','2020-02-03 12:02:22'),('2020-02-03',1779,7,0,2560,'0:-,1:-,2:-,3:T,4:C,5:C,6:-,','3331300193753','2020-02-03 12:02:22'),('2020-02-03',1780,7,0,2560,'0:-,1:-,2:-,3:T,4:C,5:C,6:-,','3331300193753','2020-02-03 12:02:22'),('2020-02-03',1781,7,0,2560,'0:-,1:-,2:-,3:T,4:C,5:C,6:-,','3331300193753','2020-02-03 12:02:22'),('2020-02-03',1865,7,0,2560,'0:-,1:-,2:-,3:T,4:C,5:C,6:-,','3331300193753','2020-02-03 12:02:22'),('2020-02-03',1866,7,0,2560,'0:-,1:-,2:-,3:T,4:C,5:C,6:-,','3331300193753','2020-02-03 12:02:22'),('2020-02-03',1869,7,0,2560,'0:-,1:-,2:-,3:T,4:C,5:C,6:-,','3331300193753','2020-02-03 12:02:22'),('2020-02-04',1808,4,0,2560,'0:C,1:-,2:-,3:T,4:-,5:-,6:-,','3331300193753','2020-02-04 03:02:50'),('2020-02-04',1809,4,0,2560,'0:C,1:-,2:-,3:T,4:-,5:-,6:-,','3331300193753','2020-02-04 03:02:50'),('2020-02-04',1810,4,0,2560,'0:C,1:-,2:-,3:T,4:-,5:-,6:-,','3331300193753','2020-02-04 03:02:50'),('2020-02-04',1811,4,0,2560,'0:C,1:-,2:-,3:T,4:-,5:-,6:-,','3331300193753','2020-02-04 03:02:50'),('2020-02-04',1812,4,0,2560,'0:C,1:-,2:-,3:T,4:-,5:-,6:-,','3331300193753','2020-02-04 03:02:50'),('2020-02-04',1813,4,0,2560,'0:C,1:-,2:-,3:T,4:-,5:-,6:-,','3331300193753','2020-02-04 03:02:50'),('2020-02-04',1814,4,0,2560,'0:C,1:-,2:-,3:T,4:-,5:-,6:-,','3331300193753','2020-02-04 03:02:50'),('2020-02-04',1815,4,0,2560,'0:C,1:-,2:-,3:T,4:-,5:-,6:-,','3331300193753','2020-02-04 03:02:50'),('2020-02-04',1816,4,0,2560,'0:C,1:-,2:-,3:T,4:-,5:-,6:-,','3331300193753','2020-02-04 03:02:50'),('2020-02-04',1817,4,0,2560,'0:C,1:-,2:-,3:T,4:-,5:-,6:-,','3331300193753','2020-02-04 03:02:50'),('2020-02-04',1818,4,0,2560,'0:C,1:-,2:-,3:T,4:-,5:-,6:-,','3331300193753','2020-02-04 03:02:50'),('2020-02-04',1820,4,0,2560,'0:C,1:-,2:-,3:T,4:-,5:-,6:-,','3331300193753','2020-02-04 03:02:50'),('2020-02-04',1821,4,0,2560,'0:C,1:-,2:-,3:T,4:-,5:-,6:-,','3331300193753','2020-02-04 03:02:50'),('2020-02-04',1822,4,0,2560,'0:C,1:-,2:-,3:T,4:-,5:-,6:-,','3331300193753','2020-02-04 03:02:50'),('2020-02-04',1823,4,0,2560,'0:C,1:-,2:-,3:T,4:-,5:-,6:-,','3331300193753','2020-02-04 03:02:50'),('2020-02-04',1825,4,0,2560,'0:C,1:-,2:-,3:T,4:-,5:-,6:-,','3331300193753','2020-02-04 03:02:50'),('2020-02-04',1826,4,0,2560,'0:C,1:-,2:-,3:T,4:-,5:-,6:-,','3331300193753','2020-02-04 03:02:50'),('2020-02-04',1845,4,0,2560,'0:C,1:-,2:-,3:T,4:-,5:-,6:-,','3331300193753','2020-02-04 03:02:50'),('2020-02-04',1863,4,0,2560,'0:C,1:-,2:-,3:T,4:-,5:-,6:-,','3331300193753','2020-02-04 03:02:50'),('2020-02-04',1864,4,0,2560,'0:C,1:-,2:-,3:T,4:-,5:-,6:-,','3331300193753','2020-02-04 03:02:50'),('2020-02-04',1867,4,0,2560,'0:C,1:-,2:-,3:T,4:-,5:-,6:-,','3331300193753','2020-02-04 03:02:50'),('2020-02-04',1796,5,0,2560,'0:-,1:-,2:S,3:T,4:-,5:-,6:-,','3331300193753','2020-02-04 03:02:13'),('2020-02-04',1797,5,0,2560,'0:-,1:-,2:C,3:T,4:-,5:-,6:-,','3331300193753','2020-02-04 03:02:13'),('2020-02-04',1798,5,0,2560,'0:-,1:-,2:C,3:T,4:-,5:-,6:-,','3331300193753','2020-02-04 03:02:13'),('2020-02-04',1799,5,0,2560,'0:-,1:-,2:C,3:T,4:-,5:-,6:-,','3331300193753','2020-02-04 03:02:13'),('2020-02-04',1801,5,0,2560,'0:-,1:-,2:S,3:T,4:-,5:-,6:-,','3331300193753','2020-02-04 03:02:13'),('2020-02-04',1802,5,0,2560,'0:-,1:-,2:C,3:T,4:-,5:-,6:-,','3331300193753','2020-02-04 03:02:13'),('2020-02-04',1803,5,0,2560,'0:-,1:-,2:C,3:T,4:-,5:-,6:-,','3331300193753','2020-02-04 03:02:13'),('2020-02-04',1805,5,0,2560,'0:-,1:-,2:C,3:T,4:-,5:-,6:-,','3331300193753','2020-02-04 03:02:13'),('2020-02-04',1807,5,0,2560,'0:-,1:-,2:C,3:T,4:-,5:-,6:-,','3331300193753','2020-02-04 03:02:13'),('2020-02-04',1828,5,0,2560,'0:-,1:-,2:C,3:T,4:-,5:-,6:-,','3331300193753','2020-02-04 03:02:13'),('2020-02-04',1847,5,0,2560,'0:-,1:-,2:C,3:T,4:-,5:-,6:-,','3331300193753','2020-02-04 03:02:13'),('2020-02-04',1722,9,0,2560,'0:-,1:-,2:-,3:T,4:C,5:C,6:-,','3331300193753','2020-02-04 03:02:28'),('2020-02-04',1723,9,0,2560,'0:-,1:-,2:-,3:T,4:C,5:C,6:-,','3331300193753','2020-02-04 03:02:28'),('2020-02-04',1724,9,0,2560,'0:-,1:-,2:-,3:T,4:C,5:C,6:-,','3331300193753','2020-02-04 03:02:28'),('2020-02-04',1725,9,0,2560,'0:-,1:-,2:-,3:T,4:C,5:C,6:-,','3331300193753','2020-02-04 03:02:28'),('2020-02-04',1729,9,0,2560,'0:-,1:-,2:-,3:T,4:C,5:C,6:-,','3331300193753','2020-02-04 03:02:28'),('2020-02-04',1732,9,0,2560,'0:-,1:-,2:-,3:T,4:C,5:C,6:-,','3331300193753','2020-02-04 03:02:28'),('2020-02-04',1734,9,0,2560,'0:-,1:-,2:-,3:T,4:C,5:C,6:-,','3331300193753','2020-02-04 03:02:28'),('2020-02-04',1735,9,0,2560,'0:-,1:-,2:-,3:T,4:C,5:C,6:-,','3331300193753','2020-02-04 03:02:28'),('2020-02-04',1736,9,0,2560,'0:-,1:-,2:-,3:T,4:C,5:C,6:-,','3331300193753','2020-02-04 03:02:28'),('2020-02-04',1737,9,0,2560,'0:-,1:-,2:-,3:T,4:C,5:C,6:-,','3331300193753','2020-02-04 03:02:28'),('2020-02-04',1740,9,0,2560,'0:-,1:-,2:-,3:T,4:C,5:C,6:-,','3331300193753','2020-02-04 03:02:28'),('2020-02-04',1758,9,0,2560,'0:-,1:-,2:-,3:T,4:C,5:C,6:-,','3331300193753','2020-02-04 03:02:28'),('2020-02-04',1806,9,0,2560,'0:-,1:-,2:-,3:T,4:C,5:C,6:-,','3331300193753','2020-02-04 03:02:28'),('2020-02-04',1841,9,0,2560,'0:-,1:-,2:-,3:T,4:C,5:C,6:-,','3331300193753','2020-02-04 03:02:28'),('2020-02-04',1783,6,0,2560,'0:-,1:C,2:-,3:T,4:-,5:-,6:-,','3331300193753','2020-02-04 03:02:38'),('2020-02-04',1785,6,0,2560,'0:-,1:C,2:-,3:T,4:-,5:-,6:-,','3331300193753','2020-02-04 03:02:38'),('2020-02-04',1786,6,0,2560,'0:-,1:C,2:-,3:T,4:-,5:-,6:-,','3331300193753','2020-02-04 03:02:38'),('2020-02-04',1787,6,0,2560,'0:-,1:C,2:-,3:T,4:-,5:-,6:-,','3331300193753','2020-02-04 03:02:38'),('2020-02-04',1788,6,0,2560,'0:-,1:C,2:-,3:T,4:-,5:-,6:-,','3331300193753','2020-02-04 03:02:38'),('2020-02-04',1789,6,0,2560,'0:-,1:C,2:-,3:T,4:-,5:-,6:-,','3331300193753','2020-02-04 03:02:38'),('2020-02-04',1790,6,0,2560,'0:-,1:C,2:-,3:T,4:-,5:-,6:-,','3331300193753','2020-02-04 03:02:38'),('2020-02-04',1791,6,0,2560,'0:-,1:C,2:-,3:T,4:-,5:-,6:-,','3331300193753','2020-02-04 03:02:38'),('2020-02-04',1827,6,0,2560,'0:-,1:C,2:-,3:T,4:-,5:-,6:-,','3331300193753','2020-02-04 03:02:38'),('2020-02-04',1868,6,0,2560,'0:-,1:C,2:-,3:T,4:-,5:-,6:-,','3331300193753','2020-02-04 03:02:38'),('2020-02-05',1808,4,0,2560,'0:C,1:-,2:-,3:T,4:-,5:-,6:-,','3331300193753','2020-02-05 11:02:04'),('2020-02-05',1809,4,0,2560,'0:C,1:-,2:-,3:T,4:-,5:-,6:-,','3331300193753','2020-02-05 11:02:04'),('2020-02-05',1810,4,0,2560,'0:C,1:-,2:-,3:T,4:-,5:-,6:-,','3331300193753','2020-02-05 11:02:04'),('2020-02-05',1811,4,0,2560,'0:C,1:-,2:-,3:T,4:-,5:-,6:-,','3331300193753','2020-02-05 11:02:04'),('2020-02-05',1812,4,0,2560,'0:C,1:-,2:-,3:T,4:-,5:-,6:-,','3331300193753','2020-02-05 11:02:04'),('2020-02-05',1813,4,0,2560,'0:C,1:-,2:-,3:T,4:-,5:-,6:-,','3331300193753','2020-02-05 11:02:04'),('2020-02-05',1814,4,0,2560,'0:C,1:-,2:-,3:T,4:-,5:-,6:-,','3331300193753','2020-02-05 11:02:04'),('2020-02-05',1815,4,0,2560,'0:C,1:-,2:-,3:T,4:-,5:-,6:-,','3331300193753','2020-02-05 11:02:04'),('2020-02-05',1816,4,0,2560,'0:C,1:-,2:-,3:T,4:-,5:-,6:-,','3331300193753','2020-02-05 11:02:04'),('2020-02-05',1817,4,0,2560,'0:C,1:-,2:-,3:T,4:-,5:-,6:-,','3331300193753','2020-02-05 11:02:04'),('2020-02-05',1818,4,0,2560,'0:S,1:-,2:-,3:T,4:-,5:-,6:-,','3331300193753','2020-02-05 11:02:04'),('2020-02-05',1820,4,0,2560,'0:C,1:-,2:-,3:T,4:-,5:-,6:-,','3331300193753','2020-02-05 11:02:04'),('2020-02-05',1821,4,0,2560,'0:C,1:-,2:-,3:T,4:-,5:-,6:-,','3331300193753','2020-02-05 11:02:04'),('2020-02-05',1822,4,0,2560,'0:S,1:-,2:-,3:T,4:-,5:-,6:-,','3331300193753','2020-02-05 11:02:04'),('2020-02-05',1823,4,0,2560,'0:C,1:-,2:-,3:T,4:-,5:-,6:-,','3331300193753','2020-02-05 11:02:04'),('2020-02-05',1825,4,0,2560,'0:C,1:-,2:-,3:T,4:-,5:-,6:-,','3331300193753','2020-02-05 11:02:04'),('2020-02-05',1826,4,0,2560,'0:C,1:-,2:-,3:T,4:-,5:-,6:-,','3331300193753','2020-02-05 11:02:04'),('2020-02-05',1845,4,0,2560,'0:C,1:-,2:-,3:T,4:-,5:-,6:-,','3331300193753','2020-02-05 11:02:04'),('2020-02-05',1863,4,0,2560,'0:C,1:-,2:-,3:T,4:-,5:-,6:-,','3331300193753','2020-02-05 11:02:04'),('2020-02-05',1864,4,0,2560,'0:C,1:-,2:-,3:T,4:-,5:-,6:-,','3331300193753','2020-02-05 11:02:04'),('2020-02-05',1867,4,0,2560,'0:C,1:-,2:-,3:T,4:-,5:-,6:-,','3331300193753','2020-02-05 11:02:04'),('2020-02-05',1796,5,0,2560,'0:-,1:-,2:C,3:T,4:-,5:-,6:-,','3331300193753','2020-02-05 10:02:47'),('2020-02-05',1797,5,0,2560,'0:-,1:-,2:C,3:T,4:-,5:-,6:-,','3331300193753','2020-02-05 10:02:47'),('2020-02-05',1798,5,0,2560,'0:-,1:-,2:C,3:T,4:-,5:-,6:-,','3331300193753','2020-02-05 10:02:47'),('2020-02-05',1799,5,0,2560,'0:-,1:-,2:C,3:T,4:-,5:-,6:-,','3331300193753','2020-02-05 10:02:47'),('2020-02-05',1801,5,0,2560,'0:-,1:-,2:C,3:T,4:-,5:-,6:-,','3331300193753','2020-02-05 10:02:47'),('2020-02-05',1802,5,0,2560,'0:-,1:-,2:C,3:T,4:-,5:-,6:-,','3331300193753','2020-02-05 10:02:47'),('2020-02-05',1803,5,0,2560,'0:-,1:-,2:C,3:T,4:-,5:-,6:-,','3331300193753','2020-02-05 10:02:47'),('2020-02-05',1805,5,0,2560,'0:-,1:-,2:C,3:T,4:-,5:-,6:-,','3331300193753','2020-02-05 10:02:47'),('2020-02-05',1807,5,0,2560,'0:-,1:-,2:C,3:T,4:-,5:-,6:-,','3331300193753','2020-02-05 10:02:47'),('2020-02-05',1828,5,0,2560,'0:-,1:-,2:C,3:T,4:-,5:-,6:-,','3331300193753','2020-02-05 10:02:47'),('2020-02-05',1847,5,0,2560,'0:-,1:-,2:C,3:T,4:-,5:-,6:-,','3331300193753','2020-02-05 10:02:47'),('2020-02-05',1783,6,0,2560,'0:-,1:C,2:-,3:T,4:-,5:-,6:-,','3331300193753','2020-02-05 10:02:03'),('2020-02-05',1785,6,0,2560,'0:-,1:C,2:-,3:T,4:-,5:-,6:-,','3331300193753','2020-02-05 10:02:03'),('2020-02-05',1786,6,0,2560,'0:-,1:C,2:-,3:T,4:-,5:-,6:-,','3331300193753','2020-02-05 10:02:03'),('2020-02-05',1787,6,0,2560,'0:-,1:C,2:-,3:T,4:-,5:-,6:-,','3331300193753','2020-02-05 10:02:03'),('2020-02-05',1788,6,0,2560,'0:-,1:C,2:-,3:T,4:-,5:-,6:-,','3331300193753','2020-02-05 10:02:03'),('2020-02-05',1789,6,0,2560,'0:-,1:C,2:-,3:T,4:-,5:-,6:-,','3331300193753','2020-02-05 10:02:03'),('2020-02-05',1790,6,0,2560,'0:-,1:C,2:-,3:T,4:-,5:-,6:-,','3331300193753','2020-02-05 10:02:03'),('2020-02-05',1791,6,0,2560,'0:-,1:C,2:-,3:T,4:-,5:-,6:-,','3331300193753','2020-02-05 10:02:03'),('2020-02-05',1827,6,0,2560,'0:-,1:C,2:-,3:T,4:-,5:-,6:-,','3331300193753','2020-02-05 10:02:03'),('2020-02-05',1868,6,0,2560,'0:-,1:C,2:-,3:T,4:-,5:-,6:-,','3331300193753','2020-02-05 10:02:03'),('2020-02-07',1796,5,0,2560,'0:-,1:-,2:C,3:T,4:-,5:-,6:-,','3331300193753','2020-02-10 04:02:02'),('2020-02-07',1797,5,0,2560,'0:-,1:-,2:C,3:T,4:-,5:-,6:-,','3331300193753','2020-02-10 04:02:02'),('2020-02-07',1798,5,0,2560,'0:-,1:-,2:C,3:T,4:-,5:-,6:-,','3331300193753','2020-02-10 04:02:02'),('2020-02-07',1799,5,0,2560,'0:-,1:-,2:C,3:T,4:-,5:-,6:-,','3331300193753','2020-02-10 04:02:02'),('2020-02-07',1801,5,0,2560,'0:-,1:-,2:C,3:T,4:-,5:-,6:-,','3331300193753','2020-02-10 04:02:02'),('2020-02-07',1802,5,0,2560,'0:-,1:-,2:C,3:T,4:-,5:-,6:-,','3331300193753','2020-02-10 04:02:02'),('2020-02-07',1803,5,0,2560,'0:-,1:-,2:C,3:T,4:-,5:-,6:-,','3331300193753','2020-02-10 04:02:02'),('2020-02-07',1805,5,0,2560,'0:-,1:-,2:C,3:T,4:-,5:-,6:-,','3331300193753','2020-02-10 04:02:02'),('2020-02-07',1807,5,0,2560,'0:-,1:-,2:C,3:T,4:-,5:-,6:-,','3331300193753','2020-02-10 04:02:02'),('2020-02-07',1828,5,0,2560,'0:-,1:-,2:C,3:T,4:-,5:-,6:-,','3331300193753','2020-02-10 04:02:02'),('2020-02-07',1847,5,0,2560,'0:-,1:-,2:C,3:T,4:-,5:-,6:-,','3331300193753','2020-02-10 04:02:02'),('2020-02-06',1796,5,0,2560,'0:-,1:-,2:C,3:T,4:-,5:-,6:-,','3331300193753','2020-02-10 04:02:12'),('2020-02-06',1797,5,0,2560,'0:-,1:-,2:C,3:T,4:-,5:-,6:-,','3331300193753','2020-02-10 04:02:12'),('2020-02-06',1798,5,0,2560,'0:-,1:-,2:C,3:T,4:-,5:-,6:-,','3331300193753','2020-02-10 04:02:12'),('2020-02-06',1799,5,0,2560,'0:-,1:-,2:C,3:T,4:-,5:-,6:-,','3331300193753','2020-02-10 04:02:12'),('2020-02-06',1801,5,0,2560,'0:-,1:-,2:C,3:T,4:-,5:-,6:-,','3331300193753','2020-02-10 04:02:12'),('2020-02-06',1802,5,0,2560,'0:-,1:-,2:C,3:T,4:-,5:-,6:-,','3331300193753','2020-02-10 04:02:12'),('2020-02-06',1803,5,0,2560,'0:-,1:-,2:C,3:T,4:-,5:-,6:-,','3331300193753','2020-02-10 04:02:12'),('2020-02-06',1805,5,0,2560,'0:-,1:-,2:C,3:T,4:-,5:-,6:-,','3331300193753','2020-02-10 04:02:12'),('2020-02-06',1807,5,0,2560,'0:-,1:-,2:C,3:T,4:-,5:-,6:-,','3331300193753','2020-02-10 04:02:12'),('2020-02-06',1828,5,0,2560,'0:-,1:-,2:C,3:T,4:-,5:-,6:-,','3331300193753','2020-02-10 04:02:12'),('2020-02-06',1847,5,0,2560,'0:-,1:-,2:C,3:T,4:-,5:-,6:-,','3331300193753','2020-02-10 04:02:12'),('2020-02-12',1796,5,0,2560,'0:-,1:-,2:S,3:T,4:-,5:-,6:-,','3331300193753','2020-02-12 10:02:20'),('2020-02-12',1797,5,0,2560,'0:-,1:-,2:C,3:T,4:-,5:-,6:-,','3331300193753','2020-02-12 10:02:20'),('2020-02-12',1798,5,0,2560,'0:-,1:-,2:S,3:T,4:-,5:-,6:-,','3331300193753','2020-02-12 10:02:20'),('2020-02-12',1799,5,0,2560,'0:-,1:-,2:C,3:T,4:-,5:-,6:-,','3331300193753','2020-02-12 10:02:20'),('2020-02-12',1801,5,0,2560,'0:-,1:-,2:S,3:T,4:-,5:-,6:-,','3331300193753','2020-02-12 10:02:20'),('2020-02-12',1802,5,0,2560,'0:-,1:-,2:C,3:T,4:-,5:-,6:-,','3331300193753','2020-02-12 10:02:20'),('2020-02-12',1803,5,0,2560,'0:-,1:-,2:S,3:T,4:-,5:-,6:-,','3331300193753','2020-02-12 10:02:20'),('2020-02-12',1805,5,0,2560,'0:-,1:-,2:S,3:T,4:-,5:-,6:-,','3331300193753','2020-02-12 10:02:20'),('2020-02-12',1807,5,0,2560,'0:-,1:-,2:C,3:T,4:-,5:-,6:-,','3331300193753','2020-02-12 10:02:20'),('2020-02-12',1828,5,0,2560,'0:-,1:-,2:C,3:T,4:-,5:-,6:-,','3331300193753','2020-02-12 10:02:20'),('2020-02-12',1847,5,0,2560,'0:-,1:-,2:C,3:T,4:-,5:-,6:-,','3331300193753','2020-02-12 10:02:20'),('2020-02-11',1796,5,0,2560,'0:-,1:-,2:S,3:T,4:-,5:-,6:-,','3331300193753','2020-02-12 10:02:49'),('2020-02-11',1797,5,0,2560,'0:-,1:-,2:C,3:T,4:-,5:-,6:-,','3331300193753','2020-02-12 10:02:49'),('2020-02-11',1798,5,0,2560,'0:-,1:-,2:S,3:T,4:-,5:-,6:-,','3331300193753','2020-02-12 10:02:49'),('2020-02-11',1799,5,0,2560,'0:-,1:-,2:C,3:T,4:-,5:-,6:-,','3331300193753','2020-02-12 10:02:49'),('2020-02-11',1801,5,0,2560,'0:-,1:-,2:S,3:T,4:-,5:-,6:-,','3331300193753','2020-02-12 10:02:49'),('2020-02-11',1802,5,0,2560,'0:-,1:-,2:C,3:T,4:-,5:-,6:-,','3331300193753','2020-02-12 10:02:49'),('2020-02-11',1803,5,0,2560,'0:-,1:-,2:S,3:T,4:-,5:-,6:-,','3331300193753','2020-02-12 10:02:49'),('2020-02-11',1805,5,0,2560,'0:-,1:-,2:S,3:T,4:-,5:-,6:-,','3331300193753','2020-02-12 10:02:49'),('2020-02-11',1807,5,0,2560,'0:-,1:-,2:C,3:T,4:-,5:-,6:-,','3331300193753','2020-02-12 10:02:49'),('2020-02-11',1828,5,0,2560,'0:-,1:-,2:C,3:T,4:-,5:-,6:-,','3331300193753','2020-02-12 10:02:49'),('2020-02-11',1847,5,0,2560,'0:-,1:-,2:C,3:T,4:-,5:-,6:-,','3331300193753','2020-02-12 10:02:49'),('2020-02-11',1722,9,0,2560,'0:-,1:-,2:-,3:T,4:C,5:C,6:-,','3331300193753','2020-02-12 10:02:24'),('2020-02-11',1723,9,0,2560,'0:-,1:-,2:-,3:T,4:C,5:C,6:-,','3331300193753','2020-02-12 10:02:24'),('2020-02-11',1724,9,0,2560,'0:-,1:-,2:-,3:T,4:C,5:C,6:-,','3331300193753','2020-02-12 10:02:24'),('2020-02-11',1725,9,0,2560,'0:-,1:-,2:-,3:T,4:C,5:C,6:-,','3331300193753','2020-02-12 10:02:24'),('2020-02-11',1729,9,0,2560,'0:-,1:-,2:-,3:T,4:C,5:C,6:-,','3331300193753','2020-02-12 10:02:24'),('2020-02-11',1732,9,0,2560,'0:-,1:-,2:-,3:T,4:C,5:C,6:-,','3331300193753','2020-02-12 10:02:24'),('2020-02-11',1734,9,0,2560,'0:-,1:-,2:-,3:T,4:C,5:C,6:-,','3331300193753','2020-02-12 10:02:24'),('2020-02-11',1735,9,0,2560,'0:-,1:-,2:-,3:T,4:C,5:C,6:-,','3331300193753','2020-02-12 10:02:24'),('2020-02-11',1736,9,0,2560,'0:-,1:-,2:-,3:T,4:C,5:C,6:-,','3331300193753','2020-02-12 10:02:24'),('2020-02-11',1737,9,0,2560,'0:-,1:-,2:-,3:T,4:C,5:C,6:-,','3331300193753','2020-02-12 10:02:24'),('2020-02-11',1740,9,0,2560,'0:-,1:-,2:-,3:T,4:C,5:C,6:-,','3331300193753','2020-02-12 10:02:24'),('2020-02-11',1758,9,0,2560,'0:-,1:-,2:-,3:T,4:C,5:C,6:-,','3331300193753','2020-02-12 10:02:24'),('2020-02-11',1806,9,0,2560,'0:-,1:-,2:-,3:T,4:C,5:C,6:-,','3331300193753','2020-02-12 10:02:24'),('2020-02-11',1841,9,0,2560,'0:-,1:-,2:-,3:T,4:C,5:C,6:-,','3331300193753','2020-02-12 10:02:24'),('2020-02-11',1783,6,0,2560,'0:-,1:C,2:-,3:T,4:-,5:-,6:-,','3331300193753','2020-02-12 10:02:25'),('2020-02-11',1785,6,0,2560,'0:-,1:S,2:-,3:T,4:-,5:-,6:-,','3331300193753','2020-02-12 10:02:25'),('2020-02-11',1786,6,0,2560,'0:-,1:C,2:-,3:T,4:-,5:-,6:-,','3331300193753','2020-02-12 10:02:25'),('2020-02-11',1787,6,0,2560,'0:-,1:C,2:-,3:T,4:-,5:-,6:-,','3331300193753','2020-02-12 10:02:25'),('2020-02-11',1788,6,0,2560,'0:-,1:C,2:-,3:T,4:-,5:-,6:-,','3331300193753','2020-02-12 10:02:25'),('2020-02-11',1789,6,0,2560,'0:-,1:C,2:-,3:T,4:-,5:-,6:-,','3331300193753','2020-02-12 10:02:25'),('2020-02-11',1790,6,0,2560,'0:-,1:C,2:-,3:T,4:-,5:-,6:-,','3331300193753','2020-02-12 10:02:25'),('2020-02-11',1791,6,0,2560,'0:-,1:C,2:-,3:T,4:-,5:-,6:-,','3331300193753','2020-02-12 10:02:25'),('2020-02-11',1827,6,0,2560,'0:-,1:C,2:-,3:T,4:-,5:-,6:-,','3331300193753','2020-02-12 10:02:25'),('2020-02-11',1868,6,0,2560,'0:-,1:C,2:-,3:T,4:-,5:-,6:-,','3331300193753','2020-02-12 10:02:25'),('2020-02-12',1783,6,0,2560,'0:-,1:C,2:-,3:T,4:-,5:-,6:-,','3331300193753','2020-02-12 10:02:35'),('2020-02-12',1785,6,0,2560,'0:-,1:S,2:-,3:T,4:-,5:-,6:-,','3331300193753','2020-02-12 10:02:35'),('2020-02-12',1786,6,0,2560,'0:-,1:C,2:-,3:T,4:-,5:-,6:-,','3331300193753','2020-02-12 10:02:35'),('2020-02-12',1787,6,0,2560,'0:-,1:C,2:-,3:T,4:-,5:-,6:-,','3331300193753','2020-02-12 10:02:35'),('2020-02-12',1788,6,0,2560,'0:-,1:C,2:-,3:T,4:-,5:-,6:-,','3331300193753','2020-02-12 10:02:35'),('2020-02-12',1789,6,0,2560,'0:-,1:C,2:-,3:T,4:-,5:-,6:-,','3331300193753','2020-02-12 10:02:35'),('2020-02-12',1790,6,0,2560,'0:-,1:C,2:-,3:T,4:-,5:-,6:-,','3331300193753','2020-02-12 10:02:35'),('2020-02-12',1791,6,0,2560,'0:-,1:C,2:-,3:T,4:-,5:-,6:-,','3331300193753','2020-02-12 10:02:35'),('2020-02-12',1827,6,0,2560,'0:-,1:C,2:-,3:T,4:-,5:-,6:-,','3331300193753','2020-02-12 10:02:35'),('2020-02-12',1868,6,0,2560,'0:-,1:C,2:-,3:T,4:-,5:-,6:-,','3331300193753','2020-02-12 10:02:35'),('2020-02-12',1808,4,0,2560,'0:C,1:-,2:-,3:T,4:-,5:-,6:-,','3331300193753','2020-02-12 10:02:57'),('2020-02-12',1809,4,0,2560,'0:C,1:-,2:-,3:T,4:-,5:-,6:-,','3331300193753','2020-02-12 10:02:57'),('2020-02-12',1810,4,0,2560,'0:C,1:-,2:-,3:T,4:-,5:-,6:-,','3331300193753','2020-02-12 10:02:57'),('2020-02-12',1811,4,0,2560,'0:C,1:-,2:-,3:T,4:-,5:-,6:-,','3331300193753','2020-02-12 10:02:57'),('2020-02-12',1812,4,0,2560,'0:C,1:-,2:-,3:T,4:-,5:-,6:-,','3331300193753','2020-02-12 10:02:57'),('2020-02-12',1813,4,0,2560,'0:C,1:-,2:-,3:T,4:-,5:-,6:-,','3331300193753','2020-02-12 10:02:57'),('2020-02-12',1814,4,0,2560,'0:C,1:-,2:-,3:T,4:-,5:-,6:-,','3331300193753','2020-02-12 10:02:57'),('2020-02-12',1815,4,0,2560,'0:C,1:-,2:-,3:T,4:-,5:-,6:-,','3331300193753','2020-02-12 10:02:57'),('2020-02-12',1816,4,0,2560,'0:C,1:-,2:-,3:T,4:-,5:-,6:-,','3331300193753','2020-02-12 10:02:57'),('2020-02-12',1817,4,0,2560,'0:C,1:-,2:-,3:T,4:-,5:-,6:-,','3331300193753','2020-02-12 10:02:57'),('2020-02-12',1818,4,0,2560,'0:C,1:-,2:-,3:T,4:-,5:-,6:-,','3331300193753','2020-02-12 10:02:57'),('2020-02-12',1820,4,0,2560,'0:C,1:-,2:-,3:T,4:-,5:-,6:-,','3331300193753','2020-02-12 10:02:57'),('2020-02-12',1821,4,0,2560,'0:C,1:-,2:-,3:T,4:-,5:-,6:-,','3331300193753','2020-02-12 10:02:57'),('2020-02-12',1822,4,0,2560,'0:C,1:-,2:-,3:T,4:-,5:-,6:-,','3331300193753','2020-02-12 10:02:57'),('2020-02-12',1823,4,0,2560,'0:C,1:-,2:-,3:T,4:-,5:-,6:-,','3331300193753','2020-02-12 10:02:57'),('2020-02-12',1825,4,0,2560,'0:C,1:-,2:-,3:T,4:-,5:-,6:-,','3331300193753','2020-02-12 10:02:57'),('2020-02-12',1826,4,0,2560,'0:C,1:-,2:-,3:T,4:-,5:-,6:-,','3331300193753','2020-02-12 10:02:57'),('2020-02-12',1845,4,0,2560,'0:C,1:-,2:-,3:T,4:-,5:-,6:-,','3331300193753','2020-02-12 10:02:57'),('2020-02-12',1863,4,0,2560,'0:C,1:-,2:-,3:T,4:-,5:-,6:-,','3331300193753','2020-02-12 10:02:57'),('2020-02-12',1864,4,0,2560,'0:C,1:-,2:-,3:T,4:-,5:-,6:-,','3331300193753','2020-02-12 10:02:57'),('2020-02-12',1867,4,0,2560,'0:C,1:-,2:-,3:T,4:-,5:-,6:-,','3331300193753','2020-02-12 10:02:57'),('2020-02-11',1808,4,0,2560,'0:C,1:-,2:-,3:T,4:-,5:-,6:-,','3331300193753','2020-02-12 10:02:05'),('2020-02-11',1809,4,0,2560,'0:C,1:-,2:-,3:T,4:-,5:-,6:-,','3331300193753','2020-02-12 10:02:05'),('2020-02-11',1810,4,0,2560,'0:C,1:-,2:-,3:T,4:-,5:-,6:-,','3331300193753','2020-02-12 10:02:05'),('2020-02-11',1811,4,0,2560,'0:C,1:-,2:-,3:T,4:-,5:-,6:-,','3331300193753','2020-02-12 10:02:05'),('2020-02-11',1812,4,0,2560,'0:C,1:-,2:-,3:T,4:-,5:-,6:-,','3331300193753','2020-02-12 10:02:05'),('2020-02-11',1813,4,0,2560,'0:C,1:-,2:-,3:T,4:-,5:-,6:-,','3331300193753','2020-02-12 10:02:05'),('2020-02-11',1814,4,0,2560,'0:C,1:-,2:-,3:T,4:-,5:-,6:-,','3331300193753','2020-02-12 10:02:05'),('2020-02-11',1815,4,0,2560,'0:C,1:-,2:-,3:T,4:-,5:-,6:-,','3331300193753','2020-02-12 10:02:05'),('2020-02-11',1816,4,0,2560,'0:C,1:-,2:-,3:T,4:-,5:-,6:-,','3331300193753','2020-02-12 10:02:05'),('2020-02-11',1817,4,0,2560,'0:C,1:-,2:-,3:T,4:-,5:-,6:-,','3331300193753','2020-02-12 10:02:05'),('2020-02-11',1818,4,0,2560,'0:C,1:-,2:-,3:T,4:-,5:-,6:-,','3331300193753','2020-02-12 10:02:05'),('2020-02-11',1820,4,0,2560,'0:C,1:-,2:-,3:T,4:-,5:-,6:-,','3331300193753','2020-02-12 10:02:05'),('2020-02-11',1821,4,0,2560,'0:C,1:-,2:-,3:T,4:-,5:-,6:-,','3331300193753','2020-02-12 10:02:05'),('2020-02-11',1822,4,0,2560,'0:C,1:-,2:-,3:T,4:-,5:-,6:-,','3331300193753','2020-02-12 10:02:05'),('2020-02-11',1823,4,0,2560,'0:C,1:-,2:-,3:T,4:-,5:-,6:-,','3331300193753','2020-02-12 10:02:05'),('2020-02-11',1825,4,0,2560,'0:C,1:-,2:-,3:T,4:-,5:-,6:-,','3331300193753','2020-02-12 10:02:05'),('2020-02-11',1826,4,0,2560,'0:C,1:-,2:-,3:T,4:-,5:-,6:-,','3331300193753','2020-02-12 10:02:05'),('2020-02-11',1845,4,0,2560,'0:C,1:-,2:-,3:T,4:-,5:-,6:-,','3331300193753','2020-02-12 10:02:05'),('2020-02-11',1863,4,0,2560,'0:C,1:-,2:-,3:T,4:-,5:-,6:-,','3331300193753','2020-02-12 10:02:05'),('2020-02-11',1864,4,0,2560,'0:C,1:-,2:-,3:T,4:-,5:-,6:-,','3331300193753','2020-02-12 10:02:05'),('2020-02-11',1867,4,0,2560,'0:C,1:-,2:-,3:T,4:-,5:-,6:-,','3331300193753','2020-02-12 10:02:05'),('2020-03-10',1796,5,0,2560,'0:-,1:-,2:C,3:T,4:-,5:-,6:-,','3331300193753','2020-03-10 09:03:07'),('2020-03-10',1797,5,0,2560,'0:-,1:-,2:C,3:T,4:-,5:-,6:-,','3331300193753','2020-03-10 09:03:07'),('2020-03-10',1798,5,0,2560,'0:-,1:-,2:C,3:T,4:-,5:-,6:-,','3331300193753','2020-03-10 09:03:07'),('2020-03-10',1799,5,0,2560,'0:-,1:-,2:C,3:T,4:-,5:-,6:-,','3331300193753','2020-03-10 09:03:07'),('2020-03-10',1801,5,0,2560,'0:-,1:-,2:C,3:T,4:-,5:-,6:-,','3331300193753','2020-03-10 09:03:07'),('2020-03-10',1802,5,0,2560,'0:-,1:-,2:C,3:T,4:-,5:-,6:-,','3331300193753','2020-03-10 09:03:07'),('2020-03-10',1803,5,0,2560,'0:-,1:-,2:C,3:T,4:-,5:-,6:-,','3331300193753','2020-03-10 09:03:07'),('2020-03-10',1805,5,0,2560,'0:-,1:-,2:C,3:T,4:-,5:-,6:-,','3331300193753','2020-03-10 09:03:07'),('2020-03-10',1807,5,0,2560,'0:-,1:-,2:C,3:T,4:-,5:-,6:-,','3331300193753','2020-03-10 09:03:07'),('2020-03-10',1828,5,0,2560,'0:-,1:-,2:C,3:T,4:-,5:-,6:-,','3331300193753','2020-03-10 09:03:07'),('2020-03-10',1847,5,0,2560,'0:-,1:-,2:C,3:T,4:-,5:-,6:-,','3331300193753','2020-03-10 09:03:07'),('2020-03-09',1796,5,0,2560,'0:-,1:-,2:S,3:T,4:-,5:-,6:-,','3331300193753','2020-03-10 09:03:21'),('2020-03-09',1797,5,0,2560,'0:-,1:-,2:C,3:T,4:-,5:-,6:-,','3331300193753','2020-03-10 09:03:21'),('2020-03-09',1798,5,0,2560,'0:-,1:-,2:C,3:T,4:-,5:-,6:-,','3331300193753','2020-03-10 09:03:21'),('2020-03-09',1799,5,0,2560,'0:-,1:-,2:C,3:T,4:-,5:-,6:-,','3331300193753','2020-03-10 09:03:21'),('2020-03-09',1801,5,0,2560,'0:-,1:-,2:C,3:T,4:-,5:-,6:-,','3331300193753','2020-03-10 09:03:21'),('2020-03-09',1802,5,0,2560,'0:-,1:-,2:C,3:T,4:-,5:-,6:-,','3331300193753','2020-03-10 09:03:21'),('2020-03-09',1803,5,0,2560,'0:-,1:-,2:C,3:T,4:-,5:-,6:-,','3331300193753','2020-03-10 09:03:21'),('2020-03-09',1805,5,0,2560,'0:-,1:-,2:C,3:T,4:-,5:-,6:-,','3331300193753','2020-03-10 09:03:21'),('2020-03-09',1807,5,0,2560,'0:-,1:-,2:C,3:T,4:-,5:-,6:-,','3331300193753','2020-03-10 09:03:21'),('2020-03-09',1828,5,0,2560,'0:-,1:-,2:C,3:T,4:-,5:-,6:-,','3331300193753','2020-03-10 09:03:21'),('2020-03-09',1847,5,0,2560,'0:-,1:-,2:C,3:T,4:-,5:-,6:-,','3331300193753','2020-03-10 09:03:21'),('2020-03-06',1796,5,0,2560,'0:-,1:-,2:S,3:T,4:-,5:-,6:-,','3331300193753','2020-03-10 09:03:33'),('2020-03-06',1797,5,0,2560,'0:-,1:-,2:C,3:T,4:-,5:-,6:-,','3331300193753','2020-03-10 09:03:33'),('2020-03-06',1798,5,0,2560,'0:-,1:-,2:C,3:T,4:-,5:-,6:-,','3331300193753','2020-03-10 09:03:33'),('2020-03-06',1799,5,0,2560,'0:-,1:-,2:C,3:T,4:-,5:-,6:-,','3331300193753','2020-03-10 09:03:33'),('2020-03-06',1801,5,0,2560,'0:-,1:-,2:C,3:T,4:-,5:-,6:-,','3331300193753','2020-03-10 09:03:33'),('2020-03-06',1802,5,0,2560,'0:-,1:-,2:C,3:T,4:-,5:-,6:-,','3331300193753','2020-03-10 09:03:33'),('2020-03-06',1803,5,0,2560,'0:-,1:-,2:C,3:T,4:-,5:-,6:-,','3331300193753','2020-03-10 09:03:33'),('2020-03-06',1805,5,0,2560,'0:-,1:-,2:C,3:T,4:-,5:-,6:-,','3331300193753','2020-03-10 09:03:33'),('2020-03-06',1807,5,0,2560,'0:-,1:-,2:C,3:T,4:-,5:-,6:-,','3331300193753','2020-03-10 09:03:33'),('2020-03-06',1828,5,0,2560,'0:-,1:-,2:C,3:T,4:-,5:-,6:-,','3331300193753','2020-03-10 09:03:33'),('2020-03-06',1847,5,0,2560,'0:-,1:-,2:C,3:T,4:-,5:-,6:-,','3331300193753','2020-03-10 09:03:33'),('2020-03-05',1796,5,0,2560,'0:-,1:-,2:S,3:T,4:-,5:-,6:-,','3331300193753','2020-03-10 09:03:47'),('2020-03-05',1797,5,0,2560,'0:-,1:-,2:C,3:T,4:-,5:-,6:-,','3331300193753','2020-03-10 09:03:47'),('2020-03-05',1798,5,0,2560,'0:-,1:-,2:C,3:T,4:-,5:-,6:-,','3331300193753','2020-03-10 09:03:47'),('2020-03-05',1799,5,0,2560,'0:-,1:-,2:C,3:T,4:-,5:-,6:-,','3331300193753','2020-03-10 09:03:47'),('2020-03-05',1801,5,0,2560,'0:-,1:-,2:C,3:T,4:-,5:-,6:-,','3331300193753','2020-03-10 09:03:47'),('2020-03-05',1802,5,0,2560,'0:-,1:-,2:C,3:T,4:-,5:-,6:-,','3331300193753','2020-03-10 09:03:47'),('2020-03-05',1803,5,0,2560,'0:-,1:-,2:C,3:T,4:-,5:-,6:-,','3331300193753','2020-03-10 09:03:47'),('2020-03-05',1805,5,0,2560,'0:-,1:-,2:C,3:T,4:-,5:-,6:-,','3331300193753','2020-03-10 09:03:47'),('2020-03-05',1807,5,0,2560,'0:-,1:-,2:C,3:T,4:-,5:-,6:-,','3331300193753','2020-03-10 09:03:47'),('2020-03-05',1828,5,0,2560,'0:-,1:-,2:C,3:T,4:-,5:-,6:-,','3331300193753','2020-03-10 09:03:47'),('2020-03-05',1847,5,0,2560,'0:-,1:-,2:C,3:T,4:-,5:-,6:-,','3331300193753','2020-03-10 09:03:47'),('2020-03-04',1796,5,0,2560,'0:-,1:-,2:S,3:T,4:-,5:-,6:-,','3331300193753','2020-03-10 09:03:35'),('2020-03-04',1797,5,0,2560,'0:-,1:-,2:C,3:T,4:-,5:-,6:-,','3331300193753','2020-03-10 09:03:35'),('2020-03-04',1798,5,0,2560,'0:-,1:-,2:C,3:T,4:-,5:-,6:-,','3331300193753','2020-03-10 09:03:35'),('2020-03-04',1799,5,0,2560,'0:-,1:-,2:C,3:T,4:-,5:-,6:-,','3331300193753','2020-03-10 09:03:35'),('2020-03-04',1801,5,0,2560,'0:-,1:-,2:C,3:T,4:-,5:-,6:-,','3331300193753','2020-03-10 09:03:35'),('2020-03-04',1802,5,0,2560,'0:-,1:-,2:C,3:T,4:-,5:-,6:-,','3331300193753','2020-03-10 09:03:35'),('2020-03-04',1803,5,0,2560,'0:-,1:-,2:C,3:T,4:-,5:-,6:-,','3331300193753','2020-03-10 09:03:35'),('2020-03-04',1805,5,0,2560,'0:-,1:-,2:C,3:T,4:-,5:-,6:-,','3331300193753','2020-03-10 09:03:35'),('2020-03-04',1807,5,0,2560,'0:-,1:-,2:C,3:T,4:-,5:-,6:-,','3331300193753','2020-03-10 09:03:35'),('2020-03-04',1828,5,0,2560,'0:-,1:-,2:C,3:T,4:-,5:-,6:-,','3331300193753','2020-03-10 09:03:35'),('2020-03-04',1847,5,0,2560,'0:-,1:-,2:C,3:T,4:-,5:-,6:-,','3331300193753','2020-03-10 09:03:35'),('2020-03-03',1796,5,0,2560,'0:-,1:-,2:S,3:T,4:-,5:-,6:-,','3331300193753','2020-03-10 09:03:46'),('2020-03-03',1797,5,0,2560,'0:-,1:-,2:C,3:T,4:-,5:-,6:-,','3331300193753','2020-03-10 09:03:46'),('2020-03-03',1798,5,0,2560,'0:-,1:-,2:C,3:T,4:-,5:-,6:-,','3331300193753','2020-03-10 09:03:46'),('2020-03-03',1799,5,0,2560,'0:-,1:-,2:C,3:T,4:-,5:-,6:-,','3331300193753','2020-03-10 09:03:46'),('2020-03-03',1801,5,0,2560,'0:-,1:-,2:C,3:T,4:-,5:-,6:-,','3331300193753','2020-03-10 09:03:46'),('2020-03-03',1802,5,0,2560,'0:-,1:-,2:C,3:T,4:-,5:-,6:-,','3331300193753','2020-03-10 09:03:46'),('2020-03-03',1803,5,0,2560,'0:-,1:-,2:C,3:T,4:-,5:-,6:-,','3331300193753','2020-03-10 09:03:46'),('2020-03-03',1805,5,0,2560,'0:-,1:-,2:C,3:T,4:-,5:-,6:-,','3331300193753','2020-03-10 09:03:46'),('2020-03-03',1807,5,0,2560,'0:-,1:-,2:C,3:T,4:-,5:-,6:-,','3331300193753','2020-03-10 09:03:46'),('2020-03-03',1828,5,0,2560,'0:-,1:-,2:C,3:T,4:-,5:-,6:-,','3331300193753','2020-03-10 09:03:46'),('2020-03-03',1847,5,0,2560,'0:-,1:-,2:C,3:T,4:-,5:-,6:-,','3331300193753','2020-03-10 09:03:46'),('2020-03-02',1796,5,0,2560,'0:-,1:-,2:S,3:T,4:-,5:-,6:-,','3331300193753','2020-03-10 09:03:06'),('2020-03-02',1797,5,0,2560,'0:-,1:-,2:C,3:T,4:-,5:-,6:-,','3331300193753','2020-03-10 09:03:06'),('2020-03-02',1798,5,0,2560,'0:-,1:-,2:C,3:T,4:-,5:-,6:-,','3331300193753','2020-03-10 09:03:06'),('2020-03-02',1799,5,0,2560,'0:-,1:-,2:C,3:T,4:-,5:-,6:-,','3331300193753','2020-03-10 09:03:06'),('2020-03-02',1801,5,0,2560,'0:-,1:-,2:C,3:T,4:-,5:-,6:-,','3331300193753','2020-03-10 09:03:06'),('2020-03-02',1802,5,0,2560,'0:-,1:-,2:C,3:T,4:-,5:-,6:-,','3331300193753','2020-03-10 09:03:06'),('2020-03-02',1803,5,0,2560,'0:-,1:-,2:C,3:T,4:-,5:-,6:-,','3331300193753','2020-03-10 09:03:06'),('2020-03-02',1805,5,0,2560,'0:-,1:-,2:C,3:T,4:-,5:-,6:-,','3331300193753','2020-03-10 09:03:06'),('2020-03-02',1807,5,0,2560,'0:-,1:-,2:C,3:T,4:-,5:-,6:-,','3331300193753','2020-03-10 09:03:06'),('2020-03-02',1828,5,0,2560,'0:-,1:-,2:C,3:T,4:-,5:-,6:-,','3331300193753','2020-03-10 09:03:06'),('2020-03-02',1847,5,0,2560,'0:-,1:-,2:C,3:T,4:-,5:-,6:-,','3331300193753','2020-03-10 09:03:06'),('2020-03-12',1796,5,0,2560,'0:-,1:-,2:C,3:T,4:-,5:-,6:-,','3331300193753','2020-03-12 11:03:28'),('2020-03-12',1797,5,0,2560,'0:-,1:-,2:S,3:T,4:-,5:-,6:-,','3331300193753','2020-03-12 11:03:28'),('2020-03-12',1798,5,0,2560,'0:-,1:-,2:C,3:T,4:-,5:-,6:-,','3331300193753','2020-03-12 11:03:28'),('2020-03-12',1799,5,0,2560,'0:-,1:-,2:C,3:T,4:-,5:-,6:-,','3331300193753','2020-03-12 11:03:28'),('2020-03-12',1801,5,0,2560,'0:-,1:-,2:C,3:T,4:-,5:-,6:-,','3331300193753','2020-03-12 11:03:28'),('2020-03-12',1802,5,0,2560,'0:-,1:-,2:C,3:T,4:-,5:-,6:-,','3331300193753','2020-03-12 11:03:28'),('2020-03-12',1803,5,0,2560,'0:-,1:-,2:C,3:T,4:-,5:-,6:-,','3331300193753','2020-03-12 11:03:28'),('2020-03-12',1805,5,0,2560,'0:-,1:-,2:C,3:T,4:-,5:-,6:-,','3331300193753','2020-03-12 11:03:28'),('2020-03-12',1807,5,0,2560,'0:-,1:-,2:C,3:T,4:-,5:-,6:-,','3331300193753','2020-03-12 11:03:28'),('2020-03-12',1828,5,0,2560,'0:-,1:-,2:C,3:T,4:-,5:-,6:-,','3331300193753','2020-03-12 11:03:28'),('2020-03-12',1847,5,0,2560,'0:-,1:-,2:C,3:T,4:-,5:-,6:-,','3331300193753','2020-03-12 11:03:28'),('2020-03-11',1796,5,0,2560,'0:-,1:-,2:C,3:T,4:-,5:-,6:-,','3331300193753','2020-03-12 11:03:35'),('2020-03-11',1797,5,0,2560,'0:-,1:-,2:C,3:T,4:-,5:-,6:-,','3331300193753','2020-03-12 11:03:35'),('2020-03-11',1798,5,0,2560,'0:-,1:-,2:C,3:T,4:-,5:-,6:-,','3331300193753','2020-03-12 11:03:35'),('2020-03-11',1799,5,0,2560,'0:-,1:-,2:C,3:T,4:-,5:-,6:-,','3331300193753','2020-03-12 11:03:35'),('2020-03-11',1801,5,0,2560,'0:-,1:-,2:C,3:T,4:-,5:-,6:-,','3331300193753','2020-03-12 11:03:35'),('2020-03-11',1802,5,0,2560,'0:-,1:-,2:C,3:T,4:-,5:-,6:-,','3331300193753','2020-03-12 11:03:35'),('2020-03-11',1803,5,0,2560,'0:-,1:-,2:C,3:T,4:-,5:-,6:-,','3331300193753','2020-03-12 11:03:35'),('2020-03-11',1805,5,0,2560,'0:-,1:-,2:C,3:T,4:-,5:-,6:-,','3331300193753','2020-03-12 11:03:35'),('2020-03-11',1807,5,0,2560,'0:-,1:-,2:C,3:T,4:-,5:-,6:-,','3331300193753','2020-03-12 11:03:35'),('2020-03-11',1828,5,0,2560,'0:-,1:-,2:C,3:T,4:-,5:-,6:-,','3331300193753','2020-03-12 11:03:35'),('2020-03-11',1847,5,0,2560,'0:-,1:-,2:C,3:T,4:-,5:-,6:-,','3331300193753','2020-03-12 11:03:35');

--
-- Table structure for table `student_inclass_part`
--

CREATE TABLE `student_inclass_part` (
  `id` int(11) NOT NULL AUTO_INCREMENT,
  `ed_year` int(11) NOT NULL,
  `part` tinyint(4) NOT NULL,
  `start_date` date NOT NULL,
  `stop_date` date NOT NULL,
  `rec_date` date NOT NULL,
  `officer` varchar(13) NOT NULL,
  PRIMARY KEY (`id`)
) ENGINE=MyISAM AUTO_INCREMENT=2 DEFAULT CHARSET=utf8 COLLATE=utf8_general_ci;

--
-- Dumping data for table `student_inclass_part`
--

INSERT INTO `student_inclass_part` VALUES (1,2560,2,'2018-11-01','2019-03-31','2018-11-20','3340500014533');

--
-- Table structure for table `student_inclass_permission`
--

CREATE TABLE `student_inclass_permission` (
  `class_now` tinyint(4) NOT NULL,
  `room_now` tinyint(4) NOT NULL,
  `person_id` varchar(13) NOT NULL,
  `student_check_year` int(11) NOT NULL
) ENGINE=MyISAM DEFAULT CHARSET=utf8 COLLATE=utf8_general_ci;

--
-- Dumping data for table `student_inclass_permission`
--

INSERT INTO `student_inclass_permission` VALUES (4,0,'3341500996001',2560),(6,0,'3340500014533',2563),(5,0,'3341500909531',2563);

--
-- Table structure for table `student_inclass_ref`
--

CREATE TABLE `student_inclass_ref` (
  `id` int(11) NOT NULL AUTO_INCREMENT,
  `ref_id` varchar(50) NOT NULL,
  `ed_day` varchar(10) NOT NULL,
  `period` tinyint(4) NOT NULL,
  PRIMARY KEY (`id`)
) ENGINE=MyISAM AUTO_INCREMENT=107 DEFAULT CHARSET=utf8 COLLATE=utf8_general_ci;

--
-- Dumping data for table `student_inclass_ref`
--

INSERT INTO `student_inclass_ref` VALUES (104,'16133602243202','Wednesday',3),(103,'16133602243202','Tuesday',3),(102,'16133602243202','Monday',3),(96,'161336014427597','Sunday',1),(95,'161336014427597','Saturday',1),(94,'161336014427597','Friday',1),(93,'161336014427597','Thursday',1),(92,'161336014427597','Wednesday',1),(91,'161336014427597','Tuesday',1),(90,'161336014427597','Monday',1),(101,'161336009929557','Friday',2),(100,'161336009929557','Thursday',2),(99,'161336009929557','Wednesday',2),(98,'161336009929557','Tuesday',2),(97,'161336009929557','Monday',2),(84,'15796455694767','Thursday',6),(83,'157964553021855','Thursday',5),(82,'15796454362558','Wednesday',6),(81,'157964536627511','Wednesday',5),(80,'157964528918806','Tuesday',6),(79,'157964528918806','Tuesday',5),(78,'157964527029713','Friday',6),(77,'157964527029713','Friday',5),(76,'15796452453128','Monday',6),(75,'15796452453128','Monday',5),(69,'157964519224731','Friday',2),(68,'157964519224731','Thursday',2),(67,'157964519224731','Wednesday',2),(66,'157964519224731','Tuesday',2),(65,'157964519224731','Monday',2),(74,'15796451603242','Friday',3),(73,'15796451603242','Thursday',3),(72,'15796451603242','Wednesday',3),(71,'15796451603242','Tuesday',3),(70,'15796451603242','Monday',3),(59,'157964508629758','Friday',1),(58,'157964508629758','Thursday',1),(57,'157964508629758','Wednesday',1),(56,'157964508629758','Tuesday',1),(55,'157964508629758','Monday',1),(105,'16133602243202','Thursday',3),(106,'16133602243202','Friday',3);

--
-- Table structure for table `student_inclass_subject`
--

CREATE TABLE `student_inclass_subject` (
  `id` int(11) NOT NULL AUTO_INCREMENT,
  `ed_year` int(11) NOT NULL,
  `part` tinyint(4) NOT NULL,
  `subject` varchar(100) NOT NULL,
  `std_class` tinyint(4) NOT NULL,
  `room` tinyint(4) NOT NULL,
  `ref_id` varchar(50) NOT NULL,
  `officer` varchar(13) NOT NULL,
  `rec_date` date NOT NULL,
  PRIMARY KEY (`id`)
) ENGINE=MyISAM AUTO_INCREMENT=16 DEFAULT CHARSET=utf8 COLLATE=utf8_general_ci;

--
-- Dumping data for table `student_inclass_subject`
--

INSERT INTO `student_inclass_subject` VALUES (5,2560,2,'ภาษาอังกฤษ',6,0,'157964519224731','3331300193753','2020-01-22'),(3,2560,2,'ภาษาอังกฤษ',4,0,'157964508629758','3331300193753','2020-01-22'),(4,2560,2,'ภาษาอังกฤษ',5,0,'15796451603242','3331300193753','2020-01-22'),(6,2560,2,'ภาษาอังกฤษ',7,0,'15796452453128','3331300193753','2020-01-22'),(7,2560,2,'ภาษาอังกฤษ',8,0,'157964527029713','3331300193753','2020-01-22'),(8,2560,2,'ภาษาอังกฤษ',9,0,'157964528918806','3331300193753','2020-01-22'),(9,2560,2,'ชุมนุม',5,0,'157964536627511','3331300193753','2020-01-22'),(10,2560,2,'สุขศึกษาและพละ',5,0,'15796454362558','3331300193753','2020-01-22'),(11,2560,2,'แนะแนว',5,0,'157964553021855','3331300193753','2020-01-22'),(12,2560,2,'ลูกเสือ-เนตนารี',5,0,'15796455694767','3331300193753','2020-01-22'),(13,2563,2,'ภาษาไทย',5,0,'161336009929557','3340500014533','2021-02-15'),(14,2563,2,'คณิตศาสตร์',5,0,'161336014427597','3340500014533','2021-02-15'),(15,2563,2,'ภาษาอังกฤษ',5,0,'16133602243202','3340500014533','2021-02-15');

--
-- Table structure for table `student_inclass_year`
--

CREATE TABLE `student_inclass_year` (
  `id` int(11) NOT NULL AUTO_INCREMENT,
  `student_check_year` int(11) NOT NULL,
  `num_period` int(2) NOT NULL,
  `lunch_period` int(2) NOT NULL,
  `year_active` tinyint(1) NOT NULL,
  PRIMARY KEY (`id`)
) ENGINE=MyISAM AUTO_INCREMENT=3 DEFAULT CHARSET=utf8 COLLATE=utf8_general_ci;

--
-- Dumping data for table `student_inclass_year`
--

INSERT INTO `student_inclass_year` VALUES (1,2560,7,4,0),(2,2563,7,4,1);

--
-- Table structure for table `student_main`
--

CREATE TABLE `student_main` (
  `id` int(11) NOT NULL AUTO_INCREMENT,
  `student_id` varchar(7) NOT NULL,
  `student_number` int(11) DEFAULT NULL,
  `prename` varchar(20) NOT NULL,
  `name` varchar(50) NOT NULL,
  `surname` varchar(50) NOT NULL,
  `person_id` varchar(20) DEFAULT NULL,
  `sex` tinyint(4) NOT NULL DEFAULT 0,
  `pic` varchar(150) DEFAULT NULL,
  `class_now` tinyint(4) DEFAULT NULL,
  `room` tinyint(4) NOT NULL DEFAULT 0,
  `status` tinyint(4) NOT NULL DEFAULT 0,
  `out_edyear` int(11) DEFAULT NULL,
  `officer` varchar(13) NOT NULL,
  `rec_date` date NOT NULL,
  PRIMARY KEY (`id`),
  UNIQUE KEY `student_number` (`student_id`),
  KEY `class_now` (`class_now`),
  KEY `room` (`room`)
) ENGINE=MyISAM AUTO_INCREMENT=2323 DEFAULT CHARSET=utf8 COLLATE=utf8_general_ci;

--
-- Dumping data for table `student_main`
--

INSERT INTO `student_main` VALUES (606,'1824',16,'เด็กหญิง','อภัชญา  ','ชื่นใจ','1349901907999',2,NULL,4,0,2,2562,'1329900218308','2018-11-03'),(72,'1649',0,'เด็กชาย','ธนวัฒน์','บุญหวาน','1342200135951',1,NULL,9,0,1,2559,'','0000-00-00'),(73,'1650',0,'เด็กชาย','วุฒินันท์','ทองไทย','1101100274950',1,NULL,9,0,1,2559,'','0000-00-00'),(74,'1651',0,'เด็กชาย','ภูชิสสะ','สายบัว','1349901347497',1,NULL,9,0,1,2559,'','0000-00-00'),(75,'1652',0,'เด็กชาย','ณัฐตพล','วรรณทา','1348900088101',1,NULL,9,0,1,2559,'','0000-00-00'),(76,'1653',0,'เด็กชาย','ณัฐวุฒิ','จันทร์ทรง','1349901333895',1,NULL,9,0,1,2559,'','0000-00-00'),(77,'1654',0,'เด็กชาย','ธีรพล','บุดดีวงษ์','1342200138305',1,NULL,9,0,1,2559,'','0000-00-00'),(78,'1655',0,'เด็กชาย','พีรพัฒน์','ลุ่นชนะ','1349901339818',1,NULL,9,0,1,2559,'','0000-00-00'),(79,'1656',0,'เด็กชาย','ภาคิม','คำผุย','1349901337777',1,NULL,9,0,1,2559,'','0000-00-00'),(80,'1657',0,'เด็กชาย','อนุชา','ศรีสร้อย','1129800153435',1,NULL,9,0,1,2559,'','0000-00-00'),(81,'1658',0,'เด็กหญิง','คีตภัทร','วงษาบุตร','1342200136001',2,NULL,9,0,1,2559,'','0000-00-00'),(82,'1659',0,'เด็กหญิง','จุฑามาศ','นาคำมูล','1342200136370',2,NULL,9,0,1,2559,'','0000-00-00'),(83,'1660',0,'เด็กหญิง','จิรภัทร','คำโฮม','1342200137384',2,NULL,9,0,1,2559,'','0000-00-00'),(84,'1662',0,'เด็กหญิง','นริศรา','อ่อนบุญ','1749901018490',2,NULL,9,0,1,2559,'','0000-00-00'),(85,'1663',0,'เด็กหญิง','ปาณิศา','ชูหา','1342200134971',2,NULL,9,0,1,2559,'','0000-00-00'),(86,'1664',0,'เด็กหญิง','พัชรินทร์','ทองสุ','1749900979186',2,NULL,9,0,1,2559,'','0000-00-00'),(87,'1670',0,'เด็กหญิง','กาญจนา','คำผุย','1342200135446',2,NULL,9,0,1,2559,'','0000-00-00'),(88,'1762',0,'เด็กหญิง','อภิญญา','แสนอินทร์','1749901032832',2,NULL,9,0,1,2559,'','0000-00-00'),(668,'1690',1,'เด็กชาย','กิตติศักดิ์  ','คำโฮม','1342200143376',1,NULL,9,0,1,2561,'5349800016064','2018-11-03'),(669,'1691',2,'เด็กชาย','จินดา  ','คำภูบาล','1342200144011',1,NULL,9,0,1,2561,'5349800016064','2018-11-03'),(670,'1692',3,'เด็กชาย','ณัฐพล  ','พงษ์อารีย์','1342200143040',1,NULL,9,0,1,2561,'5349800016064','2018-11-03'),(671,'1694',4,'เด็กชาย','วัชรพล  ','ศรีเดช','1749901085880',1,NULL,9,0,1,2561,'5349800016064','2018-11-03'),(672,'1695',5,'เด็กชาย','ศักดิธัช ','ศรไชย','1341501482551',1,NULL,9,0,1,2561,'5349800016064','2018-11-03'),(673,'1696',6,'เด็กชาย','สิทธิชัย ','คำมาโฮม','1342200141993',1,NULL,9,0,1,2561,'5349800016064','2018-11-03'),(674,'1697',7,'เด็กชาย','สุธินันท์  ','วงษาลี','1347600011838',1,NULL,9,0,1,2561,'5349800016064','2018-11-03'),(675,'1699',8,'เด็กชาย','ปรเมศ ','แสงโยธา','1342200142736',1,NULL,9,0,1,2561,'5349800016064','2018-11-03'),(676,'1701',9,'เด็กหญิง','ฐิติมา  ','ทองดา','1349901454838',2,NULL,9,0,1,2561,'5349800016064','2018-11-03'),(677,'1702',10,'เด็กหญิง','ธนัชพร ','หล้าสิงห์','1209000310161',2,NULL,9,0,1,2561,'5349800016064','2018-11-03'),(678,'1703',11,'เด็กหญิง','มุธิตา  ','สิมมา','1342200143414',2,NULL,9,0,1,2561,'5349800016064','2018-11-03'),(679,'1704',12,'เด็กหญิง','ปณิดา  ','จันดาบุตร','1342200142621',2,NULL,9,0,1,2561,'5349800016064','2018-11-03'),(680,'1705',13,'เด็กหญิง','ประภาพร  ','จันดาบุตร','1348900156751',2,NULL,9,0,1,2561,'5349800016064','2018-11-03'),(681,'1706',14,'เด็กหญิง','ภูริชญา  ','แก้วคำชาติ','1499900504806',2,NULL,9,0,1,2561,'5349800016064','2018-11-03'),(682,'1707',15,'เด็กหญิง','ศิศิรา  ','แสงสุข','1347600008951',2,NULL,9,0,1,2561,'5349800016064','2018-11-03'),(683,'1742',16,'เด็กชาย','ภาสกร  ','คูณโปก','1347600013768',1,NULL,9,0,1,2561,'5349800016064','2018-11-03'),(684,'1759',17,'เด็กชาย','อภินัทธ์ ','เกษาพันธ์','1341501497133',1,NULL,9,0,1,2561,'5349800016064','2018-11-03'),(685,'1765',18,'เด็กหญิง','อุมาพร ','บุญอาจ','1349901453599',2,NULL,9,0,1,2561,'5349800016064','2018-11-03'),(686,'1793',19,'เด็กหญิง','ชุติกาญจน์','รอดคำทุย','1342200142281',2,NULL,9,0,1,2561,'5349800016064','2018-11-03');

--
-- Table structure for table `student_main_class`
--

CREATE TABLE `student_main_class` (
  `id` int(11) NOT NULL AUTO_INCREMENT,
  `class_code` tinyint(4) NOT NULL,
  `class_name` varchar(150) NOT NULL,
  PRIMARY KEY (`id`),
  UNIQUE KEY `class_code` (`class_code`)
) ENGINE=MyISAM AUTO_INCREMENT=12 DEFAULT CHARSET=utf8 COLLATE=utf8_general_ci;

--
-- Dumping data for table `student_main_class`
--

INSERT INTO `student_main_class` VALUES (1,2,'อนุบาล 2'),(3,4,'ประถมศึกษาปีที่ 1'),(4,5,'ประถมศึกษาปีที่ 2'),(5,6,'ประถมศึกษาปีที่ 3'),(6,7,'ประถมศึกษาปีที่ 4'),(7,8,'ประถมศึกษาปีที่ 5'),(8,9,'ประถมศึกษาปีที่ 6'),(11,3,'อนุบาล 3');

--
-- Table structure for table `student_main_classlog`
--

CREATE TABLE `student_main_classlog` (
  `id` int(11) NOT NULL AUTO_INCREMENT,
  `ed_year` int(11) NOT NULL,
  `student_id` varchar(7) NOT NULL,
  `student_number` int(11) DEFAULT NULL,
  `class_code` tinyint(4) NOT NULL,
  `room` tinyint(4) DEFAULT 0,
  `officer` varchar(13) NOT NULL,
  `rec_date` date NOT NULL,
  PRIMARY KEY (`id`)
) ENGINE=MyISAM AUTO_INCREMENT=552 DEFAULT CHARSET=utf8 COLLATE=utf8_general_ci;

--
-- Dumping data for table `student_main_classlog`
--

INSERT INTO `student_main_classlog` VALUES (1,2559,'1755',0,8,0,'3340500014533','2017-05-17'),(2,2559,'1760',0,8,0,'3340500014533','2017-05-17'),(3,2559,'1804',0,8,0,'3340500014533','2017-05-17'),(4,2559,'1649',0,9,0,'3340500014533','2017-05-17'),(5,2559,'1650',0,9,0,'3340500014533','2017-05-17'),(6,2559,'1651',0,9,0,'3340500014533','2017-05-17'),(7,2559,'1652',0,9,0,'3340500014533','2017-05-17'),(8,2559,'1653',0,9,0,'3340500014533','2017-05-17'),(9,2559,'1654',0,9,0,'3340500014533','2017-05-17'),(10,2559,'1655',0,9,0,'3340500014533','2017-05-17'),(11,2559,'1656',0,9,0,'3340500014533','2017-05-17'),(12,2559,'1657',0,9,0,'3340500014533','2017-05-17'),(13,2559,'1658',0,9,0,'3340500014533','2017-05-17'),(14,2559,'1659',0,9,0,'3340500014533','2017-05-17'),(15,2559,'1660',0,9,0,'3340500014533','2017-05-17'),(16,2559,'1662',0,9,0,'3340500014533','2017-05-17'),(17,2559,'1663',0,9,0,'3340500014533','2017-05-17'),(18,2559,'1664',0,9,0,'3340500014533','2017-05-17'),(19,2559,'1670',0,9,0,'3340500014533','2017-05-17'),(20,2559,'1762',0,9,0,'3340500014533','2017-05-17'),(21,2559,'1796',1,2,0,'3340500014533','2017-05-17'),(22,2559,'1797',2,2,0,'3340500014533','2017-05-17'),(23,2559,'1798',3,2,0,'3340500014533','2017-05-17'),(24,2559,'1799',4,2,0,'3340500014533','2017-05-17'),(25,2559,'1800',5,2,0,'3340500014533','2017-05-17'),(26,2559,'1801',6,2,0,'3340500014533','2017-05-17'),(27,2559,'1802',7,2,0,'3340500014533','2017-05-17'),(28,2559,'1803',8,2,0,'3340500014533','2017-05-17'),(29,2559,'1805',9,2,0,'3340500014533','2017-05-17'),(30,2559,'1782',0,3,0,'3340500014533','2017-05-17'),(31,2559,'1783',0,3,0,'3340500014533','2017-05-17'),(32,2559,'1784',0,3,0,'3340500014533','2017-05-17'),(33,2559,'1785',0,3,0,'3340500014533','2017-05-17'),(34,2559,'1786',0,3,0,'3340500014533','2017-05-17'),(35,2559,'1787',0,3,0,'3340500014533','2017-05-17'),(36,2559,'1788',0,3,0,'3340500014533','2017-05-17'),(37,2559,'1789',0,3,0,'3340500014533','2017-05-17'),(38,2559,'1790',0,3,0,'3340500014533','2017-05-17'),(39,2559,'1791',0,3,0,'3340500014533','2017-05-17'),(40,2559,'1766',1,4,0,'3340500014533','2017-05-17'),(41,2559,'1767',2,4,0,'3340500014533','2017-05-17'),(42,2559,'1769',3,4,0,'3340500014533','2017-05-17'),(43,2559,'1770',4,4,0,'3340500014533','2017-05-17'),(44,2559,'1771',5,4,0,'3340500014533','2017-05-17'),(45,2559,'1773',6,4,0,'3340500014533','2017-05-17'),(46,2559,'1774',7,4,0,'3340500014533','2017-05-17'),(47,2559,'1775',8,4,0,'3340500014533','2017-05-17'),(48,2559,'1776',9,4,0,'3340500014533','2017-05-17'),(49,2559,'1777',10,4,0,'3340500014533','2017-05-17'),(50,2559,'1778',11,4,0,'3340500014533','2017-05-17'),(51,2559,'1779',12,4,0,'3340500014533','2017-05-17'),(52,2559,'1780',13,4,0,'3340500014533','2017-05-17'),(53,2559,'1781',14,4,0,'3340500014533','2017-05-17'),(54,2559,'1447',0,5,0,'3340500014533','2017-05-17'),(55,2559,'1746',0,5,0,'3340500014533','2017-05-17'),(56,2559,'1748',0,5,0,'3340500014533','2017-05-17'),(57,2559,'1749',0,5,0,'3340500014533','2017-05-17'),(58,2559,'1751',0,5,0,'3340500014533','2017-05-17'),(59,2559,'1752',0,5,0,'3340500014533','2017-05-17'),(60,2559,'1753',0,5,0,'3340500014533','2017-05-17'),(61,2559,'1754',0,5,0,'3340500014533','2017-05-17'),(62,2559,'1794',0,5,0,'3340500014533','2017-05-17'),(63,2559,'1795',0,5,0,'3340500014533','2017-05-17'),(64,2559,'1722',1,6,0,'3340500014533','2017-05-17'),(65,2559,'1723',2,6,0,'3340500014533','2017-05-17'),(66,2559,'1724',3,6,0,'3340500014533','2017-05-17'),(67,2559,'1725',4,6,0,'3340500014533','2017-05-17'),(68,2559,'1729',5,6,0,'3340500014533','2017-05-17'),(69,2559,'1732',6,6,0,'3340500014533','2017-05-17'),(70,2559,'1734',7,6,0,'3340500014533','2017-05-17'),(71,2559,'1735',8,6,0,'3340500014533','2017-05-17'),(72,2559,'1736',9,6,0,'3340500014533','2017-05-17'),(73,2559,'1737',10,6,0,'3340500014533','2017-05-17'),(74,2559,'1740',11,6,0,'3340500014533','2017-05-17'),(75,2559,'1743',12,6,0,'3340500014533','2017-05-17'),(76,2559,'1758',13,6,0,'3340500014533','2017-05-17'),(77,2559,'1806',14,6,0,'3340500014533','2017-05-17'),(78,2559,'1690',0,7,0,'3340500014533','2017-05-17'),(79,2559,'1691',0,7,0,'3340500014533','2017-05-17'),(80,2559,'1692',0,7,0,'3340500014533','2017-05-17'),(81,2559,'1694',0,7,0,'3340500014533','2017-05-17'),(82,2559,'1695',0,7,0,'3340500014533','2017-05-17'),(83,2559,'1696',0,7,0,'3340500014533','2017-05-17'),(84,2559,'1697',0,7,0,'3340500014533','2017-05-17'),(85,2559,'1699',0,7,0,'3340500014533','2017-05-17'),(86,2559,'1701',0,7,0,'3340500014533','2017-05-17'),(87,2559,'1702',0,7,0,'3340500014533','2017-05-17'),(88,2559,'1703',0,7,0,'3340500014533','2017-05-17'),(89,2559,'1704',0,7,0,'3340500014533','2017-05-17'),(90,2559,'1705',0,7,0,'3340500014533','2017-05-17'),(91,2559,'1706',0,7,0,'3340500014533','2017-05-17'),(92,2559,'1707',0,7,0,'3340500014533','2017-05-17'),(93,2559,'1742',0,7,0,'3340500014533','2017-05-17'),(94,2559,'1759',0,7,0,'3340500014533','2017-05-17'),(95,2559,'1765',0,7,0,'3340500014533','2017-05-17'),(96,2559,'1793',0,7,0,'3340500014533','2017-05-17'),(97,2559,'1620',0,8,0,'3340500014533','2017-05-17'),(98,2559,'1674',0,8,0,'3340500014533','2017-05-17'),(99,2559,'1679',0,8,0,'3340500014533','2017-05-17'),(100,2559,'1680',0,8,0,'3340500014533','2017-05-17'),(101,2559,'1681',0,8,0,'3340500014533','2017-05-17'),(102,2559,'1682',0,8,0,'3340500014533','2017-05-17'),(103,2559,'1683',0,8,0,'3340500014533','2017-05-17'),(104,2559,'1684',0,8,0,'3340500014533','2017-05-17'),(105,2559,'1685',0,8,0,'3340500014533','2017-05-17'),(106,2559,'1686',0,8,0,'3340500014533','2017-05-17'),(107,2559,'1687',0,8,0,'3340500014533','2017-05-17'),(108,2559,'1688',0,8,0,'3340500014533','2017-05-17'),(109,2559,'1710',0,8,0,'3340500014533','2017-05-17'),(110,2559,'1712',0,8,0,'3340500014533','2017-05-17'),(111,2558,'1796',1,2,0,'3340500014533','2017-05-17'),(112,2558,'1797',2,2,0,'3340500014533','2017-05-17'),(113,2558,'1798',3,2,0,'3340500014533','2017-05-17'),(114,2558,'1799',4,2,0,'3340500014533','2017-05-17'),(115,2558,'1800',5,2,0,'3340500014533','2017-05-17'),(116,2558,'1801',6,2,0,'3340500014533','2017-05-17'),(117,2558,'1802',7,2,0,'3340500014533','2017-05-17'),(118,2558,'1803',8,2,0,'3340500014533','2017-05-17'),(119,2558,'1805',9,2,0,'3340500014533','2017-05-17'),(120,2558,'1755',0,8,0,'3340500014533','2017-05-17'),(121,2558,'1760',0,8,0,'3340500014533','2017-05-17'),(122,2558,'1804',0,8,0,'3340500014533','2017-05-17'),(123,2560,'1674',0,8,0,'5349800016064','2018-11-03'),(124,2560,'1679',0,8,0,'5349800016064','2018-11-03'),(125,2560,'1680',0,8,0,'5349800016064','2018-11-03'),(126,2560,'1681',0,8,0,'5349800016064','2018-11-03'),(127,2560,'1682',0,8,0,'5349800016064','2018-11-03'),(128,2560,'1683',0,8,0,'5349800016064','2018-11-03'),(129,2560,'1684',0,8,0,'5349800016064','2018-11-03'),(130,2560,'1685',0,8,0,'5349800016064','2018-11-03'),(131,2560,'1686',0,8,0,'5349800016064','2018-11-03'),(132,2560,'1687',0,8,0,'5349800016064','2018-11-03'),(133,2560,'1688',0,8,0,'5349800016064','2018-11-03'),(134,2560,'1710',0,8,0,'5349800016064','2018-11-03'),(135,2560,'1712',0,8,0,'5349800016064','2018-11-03'),(136,2560,'1755',0,9,0,'5349800016064','2018-11-03'),(137,2560,'1760',0,9,0,'5349800016064','2018-11-03'),(138,2560,'1804',0,9,0,'5349800016064','2018-11-03'),(139,2560,'1781',14,4,0,'5349800016064','2018-11-03'),(140,2560,'1447',0,5,0,'5349800016064','2018-11-03'),(141,2560,'1746',0,5,0,'5349800016064','2018-11-03'),(142,2560,'1748',0,5,0,'5349800016064','2018-11-03'),(143,2560,'1749',0,5,0,'5349800016064','2018-11-03'),(144,2560,'1751',0,5,0,'5349800016064','2018-11-03'),(145,2560,'1752',0,5,0,'5349800016064','2018-11-03'),(146,2560,'1753',0,5,0,'5349800016064','2018-11-03'),(147,2560,'1754',0,5,0,'5349800016064','2018-11-03'),(148,2560,'1794',0,5,0,'5349800016064','2018-11-03'),(149,2560,'1795',0,5,0,'5349800016064','2018-11-03'),(150,2560,'1722',1,6,0,'5349800016064','2018-11-03'),(151,2560,'1723',2,6,0,'5349800016064','2018-11-03'),(152,2560,'1724',3,6,0,'5349800016064','2018-11-03'),(153,2560,'1725',4,6,0,'5349800016064','2018-11-03'),(154,2560,'1729',5,6,0,'5349800016064','2018-11-03'),(155,2560,'1732',6,6,0,'5349800016064','2018-11-03'),(156,2560,'1734',7,6,0,'5349800016064','2018-11-03'),(157,2560,'1735',8,6,0,'5349800016064','2018-11-03'),(158,2560,'1736',9,6,0,'5349800016064','2018-11-03'),(159,2560,'1737',10,6,0,'5349800016064','2018-11-03'),(160,2560,'1740',11,6,0,'5349800016064','2018-11-03'),(161,2560,'1743',12,6,0,'5349800016064','2018-11-03'),(162,2560,'1758',13,6,0,'5349800016064','2018-11-03'),(163,2560,'1806',14,6,0,'5349800016064','2018-11-03'),(164,2560,'1690',0,7,0,'5349800016064','2018-11-03'),(165,2560,'1691',0,7,0,'5349800016064','2018-11-03'),(166,2560,'1692',0,7,0,'5349800016064','2018-11-03'),(167,2560,'1694',0,7,0,'5349800016064','2018-11-03'),(168,2560,'1695',0,7,0,'5349800016064','2018-11-03'),(169,2560,'1696',0,7,0,'5349800016064','2018-11-03'),(170,2560,'1697',0,7,0,'5349800016064','2018-11-03'),(171,2560,'1699',0,7,0,'5349800016064','2018-11-03'),(172,2560,'1701',0,7,0,'5349800016064','2018-11-03'),(173,2560,'1702',0,7,0,'5349800016064','2018-11-03'),(174,2560,'1703',0,7,0,'5349800016064','2018-11-03'),(175,2560,'1704',0,7,0,'5349800016064','2018-11-03'),(176,2560,'1705',0,7,0,'5349800016064','2018-11-03'),(177,2560,'1706',0,7,0,'5349800016064','2018-11-03'),(178,2560,'1707',0,7,0,'5349800016064','2018-11-03'),(179,2560,'1742',0,7,0,'5349800016064','2018-11-03'),(180,2560,'1759',0,7,0,'5349800016064','2018-11-03'),(181,2560,'1765',0,7,0,'5349800016064','2018-11-03'),(182,2560,'1793',0,7,0,'5349800016064','2018-11-03'),(183,2560,'1620',0,8,0,'5349800016064','2018-11-03'),(184,2561,'1620',0,9,0,'5349800016064','2018-11-03'),(185,2561,'1674',0,9,0,'5349800016064','2018-11-03'),(186,2561,'1679',0,9,0,'5349800016064','2018-11-03'),(187,2561,'1680',0,9,0,'5349800016064','2018-11-03'),(188,2561,'1681',0,9,0,'5349800016064','2018-11-03'),(189,2561,'1682',0,9,0,'5349800016064','2018-11-03'),(190,2561,'1683',0,9,0,'5349800016064','2018-11-03'),(191,2561,'1684',0,9,0,'5349800016064','2018-11-03'),(192,2561,'1685',0,9,0,'5349800016064','2018-11-03'),(193,2561,'1686',0,9,0,'5349800016064','2018-11-03'),(194,2561,'1687',0,9,0,'5349800016064','2018-11-03'),(195,2561,'1688',0,9,0,'5349800016064','2018-11-03'),(196,2561,'1710',0,9,0,'5349800016064','2018-11-03'),(197,2561,'1712',0,9,0,'5349800016064','2018-11-03'),(198,2561,'1755',0,9,0,'5349800016064','2018-11-03'),(199,2561,'1760',0,9,0,'5349800016064','2018-11-03'),(200,2561,'1804',0,9,0,'5349800016064','2018-11-03'),(201,2560,'1766',1,4,0,'5349800016064','2018-11-03'),(202,2560,'1767',2,4,0,'5349800016064','2018-11-03'),(203,2560,'1769',3,4,0,'5349800016064','2018-11-03'),(204,2560,'1770',4,4,0,'5349800016064','2018-11-03'),(205,2560,'1771',5,4,0,'5349800016064','2018-11-03'),(206,2560,'1773',6,4,0,'5349800016064','2018-11-03'),(207,2560,'1774',7,4,0,'5349800016064','2018-11-03'),(208,2560,'1775',8,4,0,'5349800016064','2018-11-03'),(209,2560,'1776',9,4,0,'5349800016064','2018-11-03'),(210,2560,'1777',10,4,0,'5349800016064','2018-11-03'),(211,2560,'1778',11,4,0,'5349800016064','2018-11-03'),(212,2560,'1779',12,4,0,'5349800016064','2018-11-03'),(213,2560,'1780',13,4,0,'5349800016064','2018-11-03'),(214,2561,'1690',1,9,0,'1329900218308','2018-12-12'),(215,2561,'1691',2,9,0,'1329900218308','2018-12-12'),(216,2561,'1692',3,9,0,'1329900218308','2018-12-12'),(217,2561,'1694',4,9,0,'1329900218308','2018-12-12'),(218,2561,'1695',5,9,0,'1329900218308','2018-12-12'),(219,2561,'1696',6,9,0,'1329900218308','2018-12-12'),(220,2561,'1697',7,9,0,'1329900218308','2018-12-12'),(221,2561,'1699',8,9,0,'1329900218308','2018-12-12'),(222,2561,'1701',9,9,0,'1329900218308','2018-12-12'),(223,2561,'1702',10,9,0,'1329900218308','2018-12-12'),(224,2561,'1703',11,9,0,'1329900218308','2018-12-12'),(225,2561,'1704',12,9,0,'1329900218308','2018-12-12'),(226,2561,'1705',13,9,0,'1329900218308','2018-12-12'),(227,2561,'1706',14,9,0,'1329900218308','2018-12-12'),(228,2561,'1707',15,9,0,'1329900218308','2018-12-12'),(229,2561,'1742',16,9,0,'1329900218308','2018-12-12'),(230,2561,'1759',17,9,0,'1329900218308','2018-12-12'),(231,2561,'1765',18,9,0,'1329900218308','2018-12-12'),(232,2561,'1793',19,9,0,'1329900218308','2018-12-12'),(233,2561,'1722',1,8,0,'3341501009003','2019-05-27'),(234,2561,'1723',2,8,0,'3341501009003','2019-05-27'),(235,2561,'1724',3,8,0,'3341501009003','2019-05-27'),(236,2561,'1725',4,8,0,'3341501009003','2019-05-27'),(237,2561,'1729',5,8,0,'3341501009003','2019-05-27'),(238,2561,'1732',6,8,0,'3341501009003','2019-05-27'),(239,2561,'1734',7,8,0,'3341501009003','2019-05-27'),(240,2561,'1735',8,8,0,'3341501009003','2019-05-27'),(241,2561,'1736',9,8,0,'3341501009003','2019-05-27'),(242,2561,'1737',10,8,0,'3341501009003','2019-05-27'),(243,2561,'1740',11,8,0,'3341501009003','2019-05-27'),(244,2561,'1758',12,8,0,'3341501009003','2019-05-27'),(245,2561,'1806',13,8,0,'3341501009003','2019-05-27'),(246,2561,'1841',14,8,0,'3341501009003','2019-05-27'),(247,2561,'1747',1,7,0,'3341501009003','2019-05-27'),(248,2561,'1746',2,7,0,'3341501009003','2019-05-27'),(249,2561,'1748',3,7,0,'3341501009003','2019-05-27'),(250,2561,'1749',4,7,0,'3341501009003','2019-05-27'),(251,2561,'1751',5,7,0,'3341501009003','2019-05-27'),(252,2561,'1752',6,7,0,'3341501009003','2019-05-27'),(253,2561,'1753',7,7,0,'3341501009003','2019-05-27'),(254,2561,'1754',8,7,0,'3341501009003','2019-05-27'),(255,2561,'1795',9,7,0,'3341501009003','2019-05-27'),(256,2561,'1750',10,7,0,'3341501009003','2019-05-27'),(257,2561,'1843',11,7,0,'3341501009003','2019-05-27'),(258,2561,'1766',1,6,0,'3341501009003','2019-05-27'),(259,2561,'1783',1,6,0,'3341501009003','2019-05-27'),(260,2561,'1767',2,6,0,'3341501009003','2019-05-27'),(261,2561,'1785',2,6,0,'3341501009003','2019-05-27'),(262,2561,'1769',3,6,0,'3341501009003','2019-05-27'),(263,2561,'1786',3,6,0,'3341501009003','2019-05-27'),(264,2561,'1770',4,6,0,'3341501009003','2019-05-27'),(265,2561,'1787',4,6,0,'3341501009003','2019-05-27'),(266,2561,'1771',5,6,0,'3341501009003','2019-05-27'),(267,2561,'1773',6,6,0,'3341501009003','2019-05-27'),(268,2561,'1774',7,6,0,'3341501009003','2019-05-27'),(269,2561,'1775',8,6,0,'3341501009003','2019-05-27'),(270,2561,'1776',9,6,0,'3341501009003','2019-05-27'),(271,2561,'1777',10,6,0,'3341501009003','2019-05-27'),(272,2561,'1779',11,6,0,'3341501009003','2019-05-27'),(273,2561,'1780',12,6,0,'3341501009003','2019-05-27'),(274,2561,'1781',13,6,0,'3341501009003','2019-05-27'),(275,2561,'1788',5,5,0,'3341501009003','2019-05-27'),(276,2561,'1789',6,5,0,'3341501009003','2019-05-27'),(277,2561,'1790',7,5,0,'3341501009003','2019-05-27'),(278,2561,'1791',8,5,0,'3341501009003','2019-05-27'),(279,2561,'1827',9,5,0,'3341501009003','2019-05-27'),(280,2561,'1848',10,5,0,'3341501009003','2019-05-27'),(281,2561,'1796',1,4,0,'3341501009003','2019-05-27'),(282,2561,'1797',2,4,0,'3341501009003','2019-05-27'),(283,2561,'1798',3,4,0,'3341501009003','2019-05-27'),(284,2561,'1799',4,4,0,'3341501009003','2019-05-27'),(285,2561,'1801',5,4,0,'3341501009003','2019-05-27'),(286,2561,'1802',6,4,0,'3341501009003','2019-05-27'),(287,2561,'1803',7,4,0,'3341501009003','2019-05-27'),(288,2561,'1805',8,4,0,'3341501009003','2019-05-27'),(289,2561,'1807',9,4,0,'3341501009003','2019-05-27'),(290,2561,'1828',10,4,0,'3341501009003','2019-05-27'),(291,2561,'1847',11,4,0,'3341501009003','2019-05-27'),(292,2561,'1808',1,3,0,'3341501009003','2019-05-27'),(293,2561,'1809',2,3,0,'3341501009003','2019-05-27'),(294,2561,'1810',3,3,0,'3341501009003','2019-05-27'),(295,2561,'1811',4,3,0,'3341501009003','2019-05-27'),(296,2561,'1812',5,3,0,'3341501009003','2019-05-27'),(297,2561,'1813',6,3,0,'3341501009003','2019-05-27'),(298,2561,'1814',7,3,0,'3341501009003','2019-05-27'),(299,2561,'1815',8,3,0,'3341501009003','2019-05-27'),(300,2561,'1816',9,3,0,'3341501009003','2019-05-27'),(301,2561,'1817',10,3,0,'3341501009003','2019-05-27'),(302,2561,'1818',11,3,0,'3341501009003','2019-05-27'),(303,2561,'1820',12,3,0,'3341501009003','2019-05-27'),(304,2561,'1821',13,3,0,'3341501009003','2019-05-27'),(305,2561,'1822',14,3,0,'3341501009003','2019-05-27'),(306,2561,'1823',15,3,0,'3341501009003','2019-05-27'),(307,2561,'1824',16,3,0,'3341501009003','2019-05-27'),(308,2561,'1825',17,3,0,'3341501009003','2019-05-27'),(309,2561,'1826',18,3,0,'3341501009003','2019-05-27'),(310,2561,'1845',19,3,0,'3341501009003','2019-05-27'),(311,2561,'1829',1,2,0,'3341501009003','2019-05-27'),(312,2561,'1830',2,2,0,'3341501009003','2019-05-27'),(313,2561,'1831',3,2,0,'3341501009003','2019-05-27'),(314,2561,'1832',4,2,0,'3341501009003','2019-05-27'),(315,2561,'1833',5,2,0,'3341501009003','2019-05-27'),(316,2561,'1834',6,2,0,'3341501009003','2019-05-27'),(317,2561,'1835',7,2,0,'3341501009003','2019-05-27'),(318,2561,'1836',8,2,0,'3341501009003','2019-05-27'),(319,2561,'1837',9,2,0,'3341501009003','2019-05-27'),(320,2561,'1839',10,2,0,'3341501009003','2019-05-27'),(321,2561,'1840',11,2,0,'3341501009003','2019-05-27'),(322,2561,'1846',12,2,0,'3341501009003','2019-05-27'),(323,2562,'1824',16,4,0,'5349800016064','2019-11-08'),(324,2562,'1870',11,8,0,'5349800016064','2019-12-03'),(325,2563,'1882',16,8,0,'5349800016064','2020-07-13'),(326,2563,'1883',17,8,0,'5349800016064','2020-07-13'),(329,2563,'1869',15,8,0,'5349800016064','2021-06-15'),(328,2563,'1885',13,6,0,'3341501009003','2021-02-16'),(330,2563,'1746',1,9,0,'5349800016064','2021-06-15'),(331,2563,'1747',2,9,0,'5349800016064','2021-06-15'),(332,2563,'1748',3,9,0,'5349800016064','2021-06-15'),(333,2563,'1749',4,9,0,'5349800016064','2021-06-15'),(334,2563,'1751',5,9,0,'5349800016064','2021-06-15'),(335,2563,'1752',6,9,0,'5349800016064','2021-06-15'),(336,2563,'1753',7,9,0,'5349800016064','2021-06-15'),(337,2563,'1754',8,9,0,'5349800016064','2021-06-15'),(338,2563,'1795',9,9,0,'5349800016064','2021-06-15'),(339,2563,'1750',10,9,0,'5349800016064','2021-06-15'),(340,2563,'1820',11,5,0,'5349800016064','2021-06-15'),(341,2563,'1821',12,5,0,'5349800016064','2021-06-15'),(342,2563,'1822',13,5,0,'5349800016064','2021-06-15'),(343,2563,'1823',14,5,0,'5349800016064','2021-06-15'),(344,2563,'1825',15,5,0,'5349800016064','2021-06-15'),(345,2563,'1826',16,5,0,'5349800016064','2021-06-15'),(346,2563,'1863',17,5,0,'5349800016064','2021-06-15'),(347,2563,'1864',18,5,0,'5349800016064','2021-06-15'),(348,2563,'1867',19,5,0,'5349800016064','2021-06-15'),(349,2563,'1796',1,6,0,'5349800016064','2021-06-15'),(350,2563,'1797',2,6,0,'5349800016064','2021-06-15'),(351,2563,'1798',3,6,0,'5349800016064','2021-06-15'),(352,2563,'1799',4,6,0,'5349800016064','2021-06-15'),(353,2563,'1801',5,6,0,'5349800016064','2021-06-15'),(354,2563,'1802',6,6,0,'5349800016064','2021-06-15'),(355,2563,'1803',7,6,0,'5349800016064','2021-06-15'),(356,2563,'1805',8,6,0,'5349800016064','2021-06-15'),(357,2563,'1807',9,6,0,'5349800016064','2021-06-15'),(358,2563,'1828',10,6,0,'5349800016064','2021-06-15'),(359,2563,'1847',11,6,0,'5349800016064','2021-06-15'),(360,2563,'1884',12,6,0,'5349800016064','2021-06-15'),(361,2563,'1785',1,7,0,'5349800016064','2021-06-15'),(362,2563,'1786',2,7,0,'5349800016064','2021-06-15'),(363,2563,'1787',3,7,0,'5349800016064','2021-06-15'),(364,2563,'1788',4,7,0,'5349800016064','2021-06-15'),(365,2563,'1789',5,7,0,'5349800016064','2021-06-15'),(366,2563,'1790',6,7,0,'5349800016064','2021-06-15'),(367,2563,'1791',7,7,0,'5349800016064','2021-06-15'),(368,2563,'1827',8,7,0,'5349800016064','2021-06-15'),(369,2563,'1868',9,7,0,'5349800016064','2021-06-15'),(370,2563,'1766',1,8,0,'5349800016064','2021-06-15'),(371,2563,'1767',2,8,0,'5349800016064','2021-06-15'),(372,2563,'1769',3,8,0,'5349800016064','2021-06-15'),(373,2563,'1770',4,8,0,'5349800016064','2021-06-15'),(374,2563,'1771',5,8,0,'5349800016064','2021-06-15'),(375,2563,'1773',6,8,0,'5349800016064','2021-06-15'),(376,2563,'1774',7,8,0,'5349800016064','2021-06-15'),(377,2563,'1775',8,8,0,'5349800016064','2021-06-15'),(378,2563,'1776',9,8,0,'5349800016064','2021-06-15'),(379,2563,'1777',10,8,0,'5349800016064','2021-06-15'),(380,2563,'1779',11,8,0,'5349800016064','2021-06-15'),(381,2563,'1780',12,8,0,'5349800016064','2021-06-15'),(382,2563,'1781',13,8,0,'5349800016064','2021-06-15'),(383,2563,'1866',14,8,0,'5349800016064','2021-06-15'),(384,2563,'1871',1,2,0,'5349800016064','2021-06-15'),(385,2563,'1872',2,2,0,'5349800016064','2021-06-15'),(386,2563,'1873',3,2,0,'5349800016064','2021-06-15'),(387,2563,'1874',4,2,0,'5349800016064','2021-06-15'),(388,2563,'1875',5,2,0,'5349800016064','2021-06-15'),(389,2563,'1876',6,2,0,'5349800016064','2021-06-15'),(390,2563,'1877',7,2,0,'5349800016064','2021-06-15'),(391,2563,'1878',8,2,0,'5349800016064','2021-06-15'),(392,2563,'1879',9,2,0,'5349800016064','2021-06-15'),(393,2563,'1880',10,2,0,'5349800016064','2021-06-15'),(394,2563,'1881',11,2,0,'5349800016064','2021-06-15'),(395,2563,'1849',1,3,0,'5349800016064','2021-06-15'),(396,2563,'1850',2,3,0,'5349800016064','2021-06-15'),(397,2563,'1851',3,3,0,'5349800016064','2021-06-15'),(398,2563,'1852',4,3,0,'5349800016064','2021-06-15'),(399,2563,'1853',5,3,0,'5349800016064','2021-06-15'),(400,2563,'1854',6,3,0,'5349800016064','2021-06-15'),(401,2563,'1855',7,3,0,'5349800016064','2021-06-15'),(402,2563,'1856',8,3,0,'5349800016064','2021-06-15'),(403,2563,'1857',9,3,0,'5349800016064','2021-06-15'),(404,2563,'1858',10,3,0,'5349800016064','2021-06-15'),(405,2563,'1859',11,3,0,'5349800016064','2021-06-15'),(406,2563,'1860',12,3,0,'5349800016064','2021-06-15'),(407,2563,'1861',13,3,0,'5349800016064','2021-06-15'),(408,2563,'1862',14,3,0,'5349800016064','2021-06-15'),(409,2563,'1829',1,4,0,'5349800016064','2021-06-15'),(410,2563,'1830',2,4,0,'5349800016064','2021-06-15'),(411,2563,'1831',3,4,0,'5349800016064','2021-06-15'),(412,2563,'1832',4,4,0,'5349800016064','2021-06-15'),(413,2563,'1833',5,4,0,'5349800016064','2021-06-15'),(414,2563,'1835',6,4,0,'5349800016064','2021-06-15'),(415,2563,'1836',7,4,0,'5349800016064','2021-06-15'),(416,2563,'1837',8,4,0,'5349800016064','2021-06-15'),(417,2563,'1839',9,4,0,'5349800016064','2021-06-15'),(418,2563,'1840',10,4,0,'5349800016064','2021-06-15'),(419,2563,'1808',1,5,0,'5349800016064','2021-06-15'),(420,2563,'1809',2,5,0,'5349800016064','2021-06-15'),(421,2563,'1810',3,5,0,'5349800016064','2021-06-15'),(422,2563,'1811',4,5,0,'5349800016064','2021-06-15'),(423,2563,'1812',5,5,0,'5349800016064','2021-06-15'),(424,2563,'1813',6,5,0,'5349800016064','2021-06-15'),(425,2563,'1814',7,5,0,'5349800016064','2021-06-15'),(426,2563,'1815',8,5,0,'5349800016064','2021-06-15'),(427,2563,'1817',9,5,0,'5349800016064','2021-06-15'),(428,2563,'1818',10,5,0,'5349800016064','2021-06-15'),(429,2564,'1900',18,9,0,'5349800016064','2021-11-09'),(430,2564,'1899',13,3,0,'5349800016064','2021-11-09'),(431,2564,'1901',14,3,0,'5349800016064','2021-12-24'),(432,2564,'1902',15,3,0,'5349800016064','2022-02-22'),(436,2566,'1897',10,4,0,'3340500014533','2023-06-02'),(434,2565,'1916',12,2,0,'5349800016064','2022-06-21'),(435,2565,'1917',14,8,0,'5349800016064','2023-03-07'),(437,2566,'1893',6,4,0,'3340500014533','2023-06-02'),(438,2566,'1874',3,5,0,'3340500014533','2023-06-02'),(439,2566,'1876',5,5,0,'3340500014533','2023-06-02'),(440,2566,'1811',4,8,0,'5349800016064','2023-06-06'),(441,2566,'1928',6,2,0,'5349800016064','2023-06-06'),(442,2567,'1808',1,9,0,'5349800016064','2024-05-28'),(443,2567,'1809',2,9,0,'5349800016064','2024-05-28'),(444,2567,'1810',3,9,0,'5349800016064','2024-05-28'),(445,2567,'1811',4,9,0,'5349800016064','2024-05-28'),(446,2567,'1812',5,9,0,'5349800016064','2024-05-28'),(447,2567,'1813',6,9,0,'5349800016064','2024-05-28'),(448,2567,'1814',7,9,0,'5349800016064','2024-05-28'),(449,2567,'1815',8,9,0,'5349800016064','2024-05-28'),(450,2567,'1817',9,9,0,'5349800016064','2024-05-28'),(451,2567,'1818',10,9,0,'5349800016064','2024-05-28'),(452,2567,'1820',11,9,0,'5349800016064','2024-05-28'),(453,2567,'1821',12,9,0,'5349800016064','2024-05-28'),(454,2567,'1822',13,9,0,'5349800016064','2024-05-28'),(455,2567,'1829',1,8,0,'1341400190881','2024-05-28'),(456,2567,'1823',14,9,0,'5349800016064','2024-05-28'),(457,2567,'1825',15,9,0,'5349800016064','2024-05-28'),(458,2567,'1830',2,8,0,'1341400190881','2024-05-28'),(459,2567,'1826',16,9,0,'5349800016064','2024-05-28'),(460,2567,'1831',3,8,0,'1341400190881','2024-05-28'),(461,2567,'1864',17,9,0,'5349800016064','2024-05-28'),(462,2567,'1832',4,8,0,'1341400190881','2024-05-28'),(463,2567,'1835',5,8,0,'1341400190881','2024-05-28'),(464,2567,'1836',6,8,0,'1341400190881','2024-05-28'),(465,2567,'1837',7,8,0,'1341400190881','2024-05-28'),(466,2567,'1839',8,8,0,'1341400190881','2024-05-28'),(467,2567,'1840',9,8,0,'1341400190881','2024-05-28'),(468,2567,'1872',1,6,0,'3340500014533','2024-05-28'),(469,2567,'1873',2,6,0,'3340500014533','2024-05-28'),(470,2567,'1874',3,6,0,'3340500014533','2024-05-28'),(471,2567,'1875',4,6,0,'3340500014533','2024-05-28'),(472,2567,'1876',5,6,0,'3340500014533','2024-05-28'),(473,2567,'1877',6,6,0,'3340500014533','2024-05-28'),(474,2567,'1878',7,6,0,'3340500014533','2024-05-28'),(475,2567,'1879',8,6,0,'3340500014533','2024-05-28'),(476,2567,'1880',9,6,0,'3340500014533','2024-05-28'),(477,2567,'1881',10,6,0,'3340500014533','2024-05-28'),(478,2567,'1887',11,6,0,'3340500014533','2024-05-28'),(479,2567,'1899',12,6,0,'3340500014533','2024-05-28'),(480,2567,'1902',13,6,0,'3340500014533','2024-05-28'),(481,2567,'1888',1,5,0,'1341500293097','2024-05-28'),(482,2567,'1889',2,5,0,'1341500293097','2024-05-28'),(483,2567,'1890',3,5,0,'1341500293097','2024-05-28'),(484,2567,'1891',4,5,0,'1341500293097','2024-05-28'),(485,2567,'1892',5,5,0,'1341500293097','2024-05-28'),(486,2567,'1893',6,5,0,'1341500293097','2024-05-28'),(487,2567,'1894',7,5,0,'1341500293097','2024-05-28'),(488,2567,'1895',8,5,0,'1341500293097','2024-05-28'),(489,2567,'1896',9,5,0,'1341500293097','2024-05-28'),(490,2567,'1897',10,5,0,'1341500293097','2024-05-28'),(491,2567,'1898',11,5,0,'1341500293097','2024-05-28'),(492,2567,'1943',1,2,0,'5349800016064','2024-06-05'),(493,2567,'1944',2,2,0,'5349800016064','2024-06-05'),(494,2567,'1945',3,2,0,'5349800016064','2024-06-05'),(495,2567,'1946',4,2,0,'5349800016064','2024-06-05'),(496,2567,'1947',5,2,0,'5349800016064','2024-06-05'),(497,2567,'1948',6,2,0,'5349800016064','2024-06-05'),(498,2567,'1949',7,2,0,'5349800016064','2024-06-05'),(499,2567,'1950',8,2,0,'5349800016064','2024-06-05'),(500,2567,'1951',9,2,0,'5349800016064','2024-06-05'),(501,2567,'1952',10,2,0,'5349800016064','2024-06-05'),(502,2567,'1953',11,2,0,'5349800016064','2024-06-05'),(503,2567,'1954',12,2,0,'5349800016064','2024-06-05'),(504,2567,'1955',13,2,0,'5349800016064','2024-06-05'),(505,2567,'1956',14,2,0,'5349800016064','2024-06-06'),(506,2567,'1957',15,2,0,'5349800016064','2024-06-05'),(507,2567,'1958',16,2,0,'5349800016064','2024-06-05'),(508,2567,'1923',1,3,0,'5349800016064','2024-06-05'),(509,2567,'1925',2,3,0,'5349800016064','2024-06-05'),(510,2567,'1926',3,3,0,'5349800016064','2024-06-05'),(511,2567,'1927',4,3,0,'5349800016064','2024-06-05'),(512,2567,'1928',5,3,0,'5349800016064','2024-06-05'),(513,2567,'1929',6,3,0,'5349800016064','2024-06-05'),(514,2567,'1930',7,3,0,'5349800016064','2024-06-05'),(515,2567,'1931',8,3,0,'5349800016064','2024-06-05'),(516,2567,'1932',9,3,0,'5349800016064','2024-06-05'),(517,2567,'1933',10,3,0,'5349800016064','2024-06-05'),(518,2567,'1934',11,3,0,'5349800016064','2024-06-05'),(519,2567,'1935',12,3,0,'5349800016064','2024-06-05'),(520,2567,'1936',13,3,0,'5349800016064','2024-06-05'),(521,2567,'1937',14,3,0,'5349800016064','2024-06-05'),(522,2567,'1938',15,3,0,'5349800016064','2024-06-05'),(523,2567,'1939',16,3,0,'5349800016064','2024-06-05'),(524,2567,'1940',17,3,0,'5349800016064','2024-06-05'),(525,2567,'1942',18,3,0,'5349800016064','2024-06-05'),(526,2567,'1903',1,4,0,'5349800016064','2024-06-06'),(527,2567,'1904',2,4,0,'5349800016064','2024-06-06'),(528,2567,'1905',3,4,0,'5349800016064','2024-06-06'),(529,2567,'1906',4,4,0,'5349800016064','2024-06-06'),(530,2567,'1907',5,4,0,'5349800016064','2024-06-06'),(531,2567,'1908',6,4,0,'5349800016064','2024-06-06'),(532,2567,'1909',7,4,0,'5349800016064','2024-06-06'),(533,2567,'1910',8,4,0,'5349800016064','2024-06-06'),(534,2567,'1911',9,4,0,'5349800016064','2024-06-06'),(535,2567,'1912',10,4,0,'5349800016064','2024-06-06'),(536,2567,'1849',1,7,0,'5349800016064','2024-06-06'),(537,2567,'1850',2,7,0,'5349800016064','2024-06-06'),(538,2567,'1852',3,7,0,'5349800016064','2024-06-06'),(539,2567,'1853',4,7,0,'5349800016064','2024-06-06'),(540,2567,'1854',5,7,0,'5349800016064','2024-06-06'),(541,2567,'1855',6,7,0,'5349800016064','2024-06-06'),(542,2567,'1856',7,7,0,'5349800016064','2024-06-06'),(543,2567,'1857',8,7,0,'5349800016064','2024-06-06'),(544,2567,'1858',9,7,0,'5349800016064','2024-06-06'),(545,2567,'1859',10,7,0,'5349800016064','2024-06-06'),(546,2567,'1860',11,7,0,'5349800016064','2024-06-06'),(547,2567,'1861',12,7,0,'5349800016064','2024-06-06'),(548,2567,'1913',13,7,0,'5349800016064','2024-06-06'),(549,2567,'1919',14,7,0,'5349800016064','2024-06-06'),(550,2567,'1959',12,5,0,'5349800016064','2024-09-23'),(551,2567,'1960',11,4,0,'5349800016064','2025-01-13');

--
-- Table structure for table `student_main_edyear`
--

CREATE TABLE `student_main_edyear` (
  `id` int(11) NOT NULL AUTO_INCREMENT,
  `ed_year` int(11) NOT NULL,
  `year_active` tinyint(4) NOT NULL,
  PRIMARY KEY (`id`),
  UNIQUE KEY `ed_year` (`ed_year`)
) ENGINE=MyISAM AUTO_INCREMENT=12 DEFAULT CHARSET=utf8 COLLATE=utf8_general_ci;

--
-- Dumping data for table `student_main_edyear`
--

INSERT INTO `student_main_edyear` VALUES (1,2559,0),(2,2560,0),(3,2561,0),(4,2562,0),(6,2563,0),(7,2564,0),(8,2565,0),(9,2566,0),(10,2567,0),(11,2568,1);

--
-- Table structure for table `student_main_expand1`
--

CREATE TABLE `student_main_expand1` (
  `id` int(11) NOT NULL AUTO_INCREMENT,
  `person_id` varchar(13) NOT NULL,
  `e_name` varchar(50) NOT NULL,
  `e_surname` varchar(50) NOT NULL,
  `birthday` date NOT NULL,
  `blood` varchar(2) NOT NULL,
  `race` varchar(30) NOT NULL,
  `nationlity` varchar(30) NOT NULL,
  `religion` varchar(30) NOT NULL,
  `rec_date` date NOT NULL,
  PRIMARY KEY (`id`),
  UNIQUE KEY `person_id` (`person_id`)
) ENGINE=MyISAM DEFAULT CHARSET=utf8 COLLATE=utf8_general_ci;

--
-- Dumping data for table `student_main_expand1`
--


--
-- Table structure for table `student_main_permission`
--

CREATE TABLE `student_main_permission` (
  `id` int(11) NOT NULL AUTO_INCREMENT,
  `person_id` varchar(13) NOT NULL,
  `p1` tinyint(4) NOT NULL,
  `officer` varchar(13) NOT NULL,
  `rec_date` date NOT NULL,
  PRIMARY KEY (`id`)
) ENGINE=MyISAM AUTO_INCREMENT=7 DEFAULT CHARSET=utf8 COLLATE=utf8_general_ci;

--
-- Dumping data for table `student_main_permission`
--

INSERT INTO `student_main_permission` VALUES (1,'3340500014533',1,'3340500014533','2016-06-25'),(2,'5349800016064',1,'3341501009003','2016-06-25'),(6,'1341400190881',1,'5349800016064','2024-05-27'),(5,'1342200008032',1,'5349800016064','2024-05-23');

--
-- Table structure for table `system_ed_year`
--

CREATE TABLE `system_ed_year` (
  `id` int(11) NOT NULL AUTO_INCREMENT,
  `ed_year` int(11) NOT NULL,
  `active_ed_year` tinyint(4) NOT NULL,
  PRIMARY KEY (`id`),
  UNIQUE KEY `ed_year` (`ed_year`)
) ENGINE=MyISAM DEFAULT CHARSET=utf8 COLLATE=utf8_general_ci;

--
-- Dumping data for table `system_ed_year`
--


--
-- Table structure for table `system_export_list`
--

CREATE TABLE `system_export_list` (
  `id` int(11) NOT NULL AUTO_INCREMENT,
  `data_name` varchar(50) NOT NULL,
  `thai_dataname` varchar(100) NOT NULL,
  PRIMARY KEY (`id`),
  UNIQUE KEY `data_name` (`data_name`)
) ENGINE=MyISAM AUTO_INCREMENT=7 DEFAULT CHARSET=utf8 COLLATE=utf8_general_ci;

--
-- Dumping data for table `system_export_list`
--

INSERT INTO `system_export_list` VALUES (1,'person','ข้อมูลครูและบุคลากร'),(2,'student','ข้อมูลพื้นฐานนักเรียน'),(3,'onet','ผลสอบ O-NET'),(4,'plan','แผนปฏิบัติการประจำปี'),(5,'student_check','การมาเรียน'),(6,'health','สุขภาพผู้เรียน');

--
-- Table structure for table `system_export_log`
--

CREATE TABLE `system_export_log` (
  `id` int(11) NOT NULL AUTO_INCREMENT,
  `computer_ip` varchar(25) NOT NULL,
  `requester` varchar(50) NOT NULL,
  `login_time` datetime NOT NULL,
  `data` varchar(20) NOT NULL,
  PRIMARY KEY (`id`)
) ENGINE=MyISAM AUTO_INCREMENT=141 DEFAULT CHARSET=utf8 COLLATE=utf8_general_ci;

--
-- Dumping data for table `system_export_log`
--

INSERT INTO `system_export_log` VALUES (1,'61.19.124.234','amssplus','2018-09-21 04:36:38','person'),(2,'61.19.124.234','amssplus','2019-10-03 08:10:23','student_check'),(3,'61.19.124.234','amssplus','2019-10-03 08:26:01','student_check'),(4,'61.19.124.234','amssplus','2019-10-08 14:29:08','student_check'),(5,'122.155.223.9','amssplus','2020-02-21 07:18:52','student'),(6,'122.155.223.9','amssplus','2020-02-21 07:19:28','student'),(7,'122.155.223.9','amssplus','2020-03-30 14:45:13','student_check'),(8,'122.155.223.9','amssplus','2020-08-05 09:39:00','student'),(9,'122.155.223.9','amssplus','2020-09-16 22:11:48','student_check'),(10,'122.155.223.9','amssplus','2020-09-16 22:11:59','health'),(11,'127.0.0.1','amssplus','2021-04-14 14:27:48','student'),(12,'127.0.0.1','amssplus','2021-04-14 14:38:39','student'),(13,'192.168.1.6','amssplus','2021-05-29 11:02:40','student'),(14,'192.168.1.6','amssplus','2021-05-29 11:03:48','student'),(15,'192.168.1.6','amssplus','2021-05-29 11:54:23','student'),(16,'192.168.1.6','amssplus','2021-05-29 11:57:21','student'),(17,'192.168.1.6','amssplus','2021-05-29 11:58:22','student'),(18,'192.168.1.6','amssplus','2021-05-29 12:12:56','student'),(19,'192.168.1.6','amssplus','2021-05-29 12:22:06','student'),(20,'192.168.1.6','amssplus','2021-05-29 12:23:52','student'),(21,'192.168.1.6','amssplus','2021-05-29 12:44:00','student'),(22,'192.168.1.6','amssplus','2021-05-29 12:50:46','student'),(23,'192.168.1.6','amssplus','2021-05-29 12:57:21','student'),(24,'192.168.1.6','amssplus','2021-05-29 12:58:26','student'),(25,'192.168.1.6','amssplus','2021-05-29 14:27:40','student'),(26,'192.168.1.6','amssplus','2021-05-29 14:28:14','student'),(27,'192.168.1.6','amssplus','2021-05-29 14:28:41','student'),(28,'192.168.1.6','amssplus','2021-05-29 14:29:20','student'),(29,'192.168.1.6','amssplus','2021-05-29 14:31:52','student'),(30,'10.1.1.3','amssplus','2021-07-14 09:23:44','student'),(31,'10.1.1.3','amssplus','2021-10-06 10:27:26','student'),(32,'10.1.1.3','amssplus','2021-10-06 10:30:21','student'),(33,'10.1.1.3','amssplus','2022-07-23 10:57:07','plan'),(34,'10.1.1.3','amssplus','2022-09-07 14:39:49','student'),(35,'','amssplus','2023-01-02 14:23:38','student_check'),(36,'','amssplus','2023-01-02 17:52:53','student_check'),(37,'','amssplus','2023-01-02 17:54:29','student_check'),(38,'','amssplus','2023-01-02 17:55:03','student_check'),(39,'10.1.1.3','amssplus','2023-01-22 00:23:21','student'),(40,'127.0.0.1','amssplus','2023-02-16 09:21:26','student_check'),(41,'127.0.0.1','amssplus','2023-02-16 09:22:08','student_check'),(42,'127.0.0.1','amssplus','2023-02-16 09:33:02','student_check'),(43,'10.1.1.3','amssplus','2023-04-05 09:48:16','student_check'),(44,'10.1.1.3','amssplus','2023-04-05 22:38:08','student_check'),(45,'10.1.1.3','amssplus','2023-04-06 10:24:16','student_check'),(46,'10.1.1.3','amssplus','2023-04-06 10:25:06','student_check'),(47,'10.1.1.3','amssplus','2023-04-06 10:47:27','student_check'),(48,'10.1.1.3','amssplus','2023-04-06 13:13:41','student_check'),(49,'10.1.1.3','amssplus','2023-06-15 10:20:19','student_check'),(50,'10.1.1.3','amssplus','2023-06-15 10:56:09','student'),(51,'10.1.1.3','amssplus','2023-06-16 15:15:52','student'),(52,'10.1.1.3','amssplus','2023-07-04 11:24:35','student'),(53,'127.0.0.1','amssplus','2023-07-09 13:17:00','student_check'),(54,'127.0.0.1','amssplus','2023-07-09 13:18:59','student_check'),(55,'127.0.0.1','amssplus','2023-07-09 13:19:46','student_check'),(56,'127.0.0.1','amssplus','2023-07-09 13:20:13','student_check'),(57,'127.0.0.1','amssplus','2023-07-09 13:20:45','student_check'),(58,'127.0.0.1','amssplus','2023-07-09 13:21:39','student_check'),(59,'127.0.0.1','amssplus','2023-07-09 13:21:43','student_check'),(60,'127.0.0.1','amssplus','2023-07-09 13:27:57','student_check'),(61,'127.0.0.1','amssplus','2023-07-09 13:29:12','student_check'),(62,'127.0.0.1','amssplus','2023-07-09 13:31:14','student_check'),(63,'127.0.0.1','amssplus','2023-07-09 13:36:11','student_check'),(64,'127.0.0.1','amssplus','2023-07-09 13:37:17','student_check'),(65,'127.0.0.1','amssplus','2023-07-09 13:37:39','student_check'),(66,'127.0.0.1','amssplus','2023-07-09 13:39:11','student_check'),(67,'127.0.0.1','amssplus','2023-07-09 13:41:18','student_check'),(68,'127.0.0.1','amssplus','2023-07-09 13:42:39','student_check'),(69,'127.0.0.1','amssplus','2023-07-09 13:43:38','student_check'),(70,'127.0.0.1','amssplus','2023-07-09 13:47:33','student_check'),(71,'127.0.0.1','amssplus','2023-07-09 13:59:30','student_check'),(72,'127.0.0.1','amssplus','2023-07-09 14:08:13','student_check'),(73,'127.0.0.1','amssplus','2023-07-09 14:17:25','student_check'),(74,'127.0.0.1','amssplus','2023-07-11 07:57:56','student_check'),(75,'127.0.0.1','amssplus','2023-07-11 08:00:00','student_check'),(76,'127.0.0.1','amssplus','2023-07-11 08:13:00','student_check'),(77,'127.0.0.1','amssplus','2023-07-11 08:13:51','student_check'),(78,'127.0.0.1','amssplus','2023-07-11 08:14:42','student_check'),(79,'127.0.0.1','amssplus','2023-07-26 13:58:48','student_check'),(80,'127.0.0.1','amssplus','2023-07-26 14:00:30','student_check'),(81,'127.0.0.1','amssplus','2023-07-26 14:02:05','student_check'),(82,'127.0.0.1','amssplus','2023-07-26 14:52:47','student_check'),(83,'127.0.0.1','amssplus','2023-07-26 14:58:23','student_check'),(84,'127.0.0.1','amssplus','2023-07-26 15:09:05','student_check'),(85,'127.0.0.1','amssplus','2023-07-26 15:10:59','student_check'),(86,'127.0.0.1','amssplus','2023-07-26 15:11:58','student_check'),(87,'127.0.0.1','amssplus','2023-07-26 15:18:34','student_check'),(88,'127.0.0.1','amssplus','2023-07-26 15:22:29','student_check'),(89,'127.0.0.1','amssplus','2023-07-26 15:27:21','student_check'),(90,'127.0.0.1','amssplus','2023-07-26 15:31:01','student_check'),(91,'127.0.0.1','amssplus','2023-07-26 15:32:09','student_check'),(92,'127.0.0.1','amssplus','2023-07-26 15:33:05','student_check'),(93,'127.0.0.1','amssplus','2023-07-26 15:45:42','student_check'),(94,'127.0.0.1','amssplus','2023-07-26 15:48:56','student_check'),(95,'127.0.0.1','amssplus','2023-07-26 15:50:53','student_check'),(96,'127.0.0.1','amssplus','2023-07-26 15:52:40','student_check'),(97,'127.0.0.1','amssplus','2023-07-26 15:57:12','student_check'),(98,'127.0.0.1','amssplus','2023-07-26 17:13:51','student_check'),(99,'127.0.0.1','amssplus','2023-07-26 17:19:40','student_check'),(100,'127.0.0.1','amssplus','2023-07-26 17:26:31','student_check'),(101,'127.0.0.1','amssplus','2023-07-26 17:28:07','student_check'),(102,'127.0.0.1','amssplus','2023-07-26 17:42:09','student_check'),(103,'10.1.1.3','amssplus','2023-08-24 09:05:27','student_check'),(104,'10.1.1.3','amssplus','2023-08-31 09:02:45','student_check'),(105,'10.1.1.3','amssplus','2023-08-31 09:03:18','student_check'),(106,'10.1.1.3','amssplus','2023-08-31 09:03:38','student_check'),(107,'10.1.1.3','amssplus','2023-09-15 20:09:19','student'),(108,'','amssplus','2023-10-25 14:28:39','student_check'),(109,'','amssplus','2023-10-25 14:28:46','student_check'),(110,'','amssplus','2023-10-25 14:28:48','student_check'),(111,'10.255.199.107','amssplus','2023-11-29 08:55:47','student_check'),(112,'10.255.199.107','amssplus','2023-12-15 12:15:49','student_check'),(113,'10.255.199.107','amssplus','2024-01-25 03:50:22','student_check'),(114,'10.255.199.107','amssplus','2024-06-10 11:59:05','student'),(115,'10.255.199.107','amssplus','2024-06-10 12:32:49','student'),(116,'10.255.199.107','amssplus','2024-06-14 10:46:03','student'),(117,'10.255.199.107','amssplus','2024-06-14 10:52:04','student'),(118,'10.255.199.107','amssplus','2024-06-17 04:37:31','person'),(119,'10.255.199.107','amssplus','2024-06-17 04:39:47','person'),(120,'10.255.199.107','amssplus','2024-06-20 04:51:34','student_check'),(121,'10.255.199.107','amssplus','2025-03-11 07:57:42','student_check'),(122,'10.255.199.107','amssplus','2025-03-11 07:58:04','student_check'),(123,'10.255.199.107','amssplus','2025-03-28 01:48:38','student_check'),(124,'10.255.199.107','amssplus','2025-04-14 14:23:57','student_check'),(125,'10.255.199.107','amssplus','2025-04-14 14:23:57','student_check'),(126,'10.255.199.107','amssplus','2025-04-14 14:23:57','student_check'),(127,'10.255.199.107','amssplus','2025-05-29 08:10:00','person'),(128,'10.255.199.107','amssplus','2025-05-29 08:12:47','person'),(129,'10.255.199.107','amssplus','2025-06-08 04:32:46','student'),(130,'10.255.199.107','amssplus','2025-07-01 07:12:09','student_check'),(131,'10.255.199.107','amssplus','2025-07-01 07:12:09','student_check'),(132,'10.255.199.107','amssplus','2025-07-01 07:12:09','student_check'),(133,'10.255.199.107','amssplus','2025-07-30 08:33:27','student_check'),(134,'10.255.199.107','amssplus','2025-08-01 22:22:45','student_check'),(135,'10.255.199.107','amssplus','2025-08-01 22:22:49','student_check'),(136,'10.255.199.107','amssplus','2025-08-14 04:10:03','person'),(137,'10.255.199.107','amssplus','2025-08-18 02:44:18','student'),(138,'10.255.199.107','amssplus','2025-08-29 02:40:17','student_check'),(139,'10.255.199.107','amssplus','2025-09-13 05:43:36','student_check'),(140,'10.255.199.107','amssplus','2025-09-13 05:54:44','student_check');

--
-- Table structure for table `system_export_permission`
--

CREATE TABLE `system_export_permission` (
  `id` int(11) NOT NULL AUTO_INCREMENT,
  `requester` varchar(50) NOT NULL,
  `data_name` varchar(50) NOT NULL,
  `status` tinyint(4) NOT NULL DEFAULT 0,
  PRIMARY KEY (`id`)
) ENGINE=MyISAM AUTO_INCREMENT=7 DEFAULT CHARSET=utf8 COLLATE=utf8_general_ci;

--
-- Dumping data for table `system_export_permission`
--

INSERT INTO `system_export_permission` VALUES (1,'amssplus','plan',1),(2,'amssplus','onet',1),(3,'amssplus','student',1),(4,'amssplus','person',1),(5,'amssplus','student_check',1),(6,'amssplus','health',1);

--
-- Table structure for table `system_module`
--

CREATE TABLE `system_module` (
  `id` int(11) NOT NULL AUTO_INCREMENT,
  `module` varchar(50) NOT NULL,
  `module_desc` varchar(100) NOT NULL,
  `workgroup` tinyint(4) DEFAULT NULL,
  `module_active` tinyint(4) DEFAULT NULL,
  `module_order` int(11) NOT NULL,
  `web_link` tinyint(4) DEFAULT NULL,
  `url` varchar(150) DEFAULT NULL,
  `where_work` tinyint(4) NOT NULL DEFAULT 0,
  `menu_pic` varchar(25) NOT NULL,
  PRIMARY KEY (`id`)
) ENGINE=MyISAM AUTO_INCREMENT=118 DEFAULT CHARSET=utf8 COLLATE=utf8_general_ci;

--
-- Dumping data for table `system_module`
--

INSERT INTO `system_module` VALUES (1,'budget','การเงินและบัญชี',2,1,27,NULL,NULL,0,'fab fa-btc'),(32,'person','ข้อมูลพื้นฐานครูและบุคลากร',3,1,31,0,'',0,'fa fa-user-circle'),(36,'standard','มาตรฐานการศึกษา',1,1,23,NULL,NULL,0,''),(49,'health','ตรวจสุขภาพนักเรียน',1,1,5,NULL,NULL,1,''),(50,'student_check','การมาเรียน',1,1,1,NULL,NULL,0,'fa fa-child'),(70,'work','﻿การปฏิบัติราชการ',4,1,49,NULL,NULL,0,''),(48,'savings','ออมทรัพย์นักเรียน',1,1,3,NULL,NULL,1,'fab fa-btc'),(45,'student_main','ข้อมูลพื้นฐานนักเรียน',1,1,7,NULL,NULL,0,'fa fa-child'),(47,'plan','การวางแผน',2,1,25,NULL,NULL,0,''),(73,'la','﻿การลา',4,1,47,NULL,NULL,0,''),(80,'mail','ไปรษณีย์_โรงเรียน',4,1,38,0,'',0,'fa fa-envelope'),(75,'meeting','﻿จองห้องประชุม',4,1,51,NULL,NULL,0,''),(76,'permission','﻿ขออนุญาตไปราชการ',4,1,45,NULL,NULL,0,''),(81,'achievement','﻿ผลสัมฤทธิ์ทางการเรียน',1,1,21,NULL,NULL,0,'fa fa-graduation-cap'),(83,'cabinet','﻿ตู้เอกสาร',4,1,53,NULL,NULL,0,''),(99,'bookregister','﻿ทะเบียนหนังสือราชการ',4,1,35,0,'',0,'fa fa-book'),(104,'bets','ทดสอบการศึกษา_โรงเรียน',1,1,9,0,'',1,'fa fa-graduation-cap'),(103,'student_inclass','﻿การเข้าชั้นเรียน',1,1,19,0,'',0,'fa fa-child'),(105,'delegate','﻿การรักษาราชการแทน',3,1,33,0,'',0,''),(106,'affair','﻿ภารกิจผู้อำนวยการ',4,1,43,0,'',0,''),(107,'amss_bets','﻿ทดสอบการศึกษา_สพท.',1,1,11,0,'',1,'fa fa-graduation-cap'),(108,'amss_budget','﻿การบริหารงบประมาณ_สพท.',2,1,29,0,'',0,'fab fa-btc'),(109,'amss_mail','﻿ไปรษณีย์_สพท.',4,1,39,0,'',0,'fa fa-envelope'),(110,'amss_opportunity','﻿สิทธิและโอกาสทางการศึกษา',1,1,15,0,'',0,'fa fa-child'),(111,'amss_spacial_student','﻿นักเรียนพิเศษ',1,1,17,0,'',0,'fa fa-child'),(112,'amss_supervision','﻿นิเทศ ติดตาม ประเมินผล',1,1,13,0,'',0,'fa fa-graduation-cap'),(113,'book','﻿รับส่งหนังสือราชการ',4,1,37,0,'',0,'fa fa-book'),(114,'warroom','﻿วิเคราะห์สภาพการณ์',1,1,0,0,'',0,'fa fa-filter'),(115,'questionnaire','﻿แบบสอบถาม',4,1,0,0,'',0,''),(116,'idplan','﻿ข้อมูลครูและบุคลากร(ส่วนเพิ่ม)',3,1,0,0,'',0,''),(117,'amss_safety','สถานศึกษาปลอดภัย',1,1,0,0,'',0,'');

--
-- Table structure for table `system_module_admin`
--

CREATE TABLE `system_module_admin` (
  `id` int(11) NOT NULL AUTO_INCREMENT,
  `person_id` varchar(13) NOT NULL,
  `module` varchar(30) NOT NULL,
  `officer` varchar(13) NOT NULL,
  `rec_date` date NOT NULL,
  PRIMARY KEY (`id`)
) ENGINE=MyISAM AUTO_INCREMENT=90 DEFAULT CHARSET=utf8 COLLATE=utf8_general_ci;

--
-- Dumping data for table `system_module_admin`
--

INSERT INTO `system_module_admin` VALUES (1,'5349800016064','student_main','3341501009003','2016-06-25'),(3,'3340500014533','bets','7777','2016-06-25'),(87,'3341500913792','achievement','3341501009003','2023-06-12'),(6,'3340500014533','cabinet','7777','2016-06-25'),(7,'3341501009003','delegate','3341501009003','2016-06-25'),(9,'3341501009003','la','3341501009003','2016-06-25'),(10,'3340500014533','mail','7777','2016-06-25'),(11,'3340500014533','meeting','7777','2016-06-25'),(13,'3341501009003','person','3341501009003','2018-09-22'),(82,'1341500293097','student_inclass','3341501009003','2022-07-30'),(86,'3341500913792','health','3341501009003','2023-06-12'),(75,'3341500996001','student_check','3341501009003','2022-06-06'),(17,'3340500014533','student_check','7777','2016-06-25'),(18,'3340500014533','student_inclass','7777','2016-06-25'),(19,'3340500014533','work','7777','2016-06-25'),(20,'3341501009003','permission','3341501009003','2018-09-22'),(21,'3341500996001','budget','3341501009003','2018-09-22'),(23,'3341501009003','budget','7777','2016-07-24'),(24,'3341500996001','plan','3341501009003','2020-10-03'),(25,'3341500909531','plan','7777','2016-07-24'),(27,'1342200008032','work','3341501009003','2021-01-18'),(70,'3341500996001','health','3341501009003','2021-01-18'),(30,'3340500014533','student_main','3341501009003','2020-10-03'),(32,'3331300193753','savings','3341501009003','2020-08-11'),(33,'3341500909531','health','3341501009003','2021-01-18'),(34,'1342200008032','affair','3341501009003','2021-01-18'),(76,'3341500909531','student_check','3341501009003','2022-06-06'),(73,'5349800016064','health','3341501009003','2021-01-18'),(38,'1342200008032','amss_mail','3341501009003','2020-10-03'),(77,'5349800016064','student_check','3341501009003','2022-06-06'),(69,'1341100097398','health','3341501009003','2021-01-18'),(41,'1342200008032','meeting','3341501009003','2021-01-18'),(44,'1341100097398','amss_opportunity','3341501009003','2020-10-03'),(46,'3340500014533','achievement','3341501009003','2020-10-03'),(72,'3331300193753','health','3341501009003','2021-01-18'),(80,'1341500293097','health','3341501009003','2022-06-22'),(78,'1341500293097','student_check','3341501009003','2022-06-22'),(71,'3340500014533','health','3341501009003','2021-01-18'),(51,'3331300193753','student_check','3341501009003','2020-10-03'),(79,'1341500293097','achievement','3341501009003','2022-06-22'),(54,'3341501009003','amss_supervision','3341501009003','2020-10-03'),(55,'1342200008032','achievement','3341501009003','2019-11-04'),(56,'1342200008032','book','3341501009003','2019-11-04'),(57,'1342200008032','bookregister','3341501009003','2019-11-04'),(58,'1342200008032','cabinet','3341501009003','2019-11-04'),(59,'1342200008032','student_check','3341501009003','2019-11-04'),(60,'3331300193753','bets','3341501009003','2020-07-18'),(61,'3331300193753','achievement','3341501009003','2020-07-18'),(62,'3331300193753','idplan','3341501009003','2020-07-18'),(63,'3331300193753','book','3341501009003','2020-07-18'),(64,'1342200008032','plan','3341501009003','2020-10-03'),(65,'1342200008032','budget','3341501009003','2020-10-03'),(68,'3341501009003','student_main','3341501009003','2021-01-18'),(88,'3341500913792','amss_bets','3341501009003','2023-06-12'),(81,'1341500293097','warroom','3341501009003','2022-06-28'),(83,'1341500293097','permission','3341501009003','2022-07-30'),(84,'1341500293097','student_main','3341501009003','2022-07-30'),(85,'3341500913792','bets','3341501009003','2023-06-12'),(89,'1342200008032','person','7777','2024-06-10');

--
-- Table structure for table `system_school_name`
--

CREATE TABLE `system_school_name` (
  `id` tinyint(4) NOT NULL,
  `school_name` varchar(200) NOT NULL,
  `school_type` tinyint(4) NOT NULL DEFAULT 0
) ENGINE=MyISAM DEFAULT CHARSET=utf8 COLLATE=utf8_general_ci;

--
-- Dumping data for table `system_school_name`
--

INSERT INTO `system_school_name` VALUES (1,'โรงเรียนบ้านหนองจิกนาเรือง',0);

--
-- Table structure for table `system_sync_code`
--

CREATE TABLE `system_sync_code` (
  `id` tinyint(4) NOT NULL AUTO_INCREMENT,
  `office_code` varchar(10) NOT NULL,
  `system_name` varchar(50) NOT NULL,
  `sync_code` varchar(50) NOT NULL,
  `amssplus_url` varchar(100) NOT NULL,
  PRIMARY KEY (`id`),
  UNIQUE KEY `system_name` (`system_name`)
) ENGINE=MyISAM AUTO_INCREMENT=4 DEFAULT CHARSET=utf8 COLLATE=utf8_general_ci;

--
-- Dumping data for table `system_sync_code`
--

INSERT INTO `system_sync_code` VALUES (3,'34040080','amssplus','34040080','http://10.255.199.107/amssplus');

--
-- Table structure for table `system_version`
--

CREATE TABLE `system_version` (
  `id` int(11) NOT NULL AUTO_INCREMENT,
  `smss_version` varchar(100) NOT NULL,
  `status1` int(11) DEFAULT NULL,
  `status2` int(11) DEFAULT NULL,
  `status3` int(11) DEFAULT NULL,
  `status4` int(11) DEFAULT NULL,
  `status5` int(11) DEFAULT NULL,
  PRIMARY KEY (`id`)
) ENGINE=MyISAM AUTO_INCREMENT=2 DEFAULT CHARSET=utf8 COLLATE=utf8_general_ci;

--
-- Dumping data for table `system_version`
--

INSERT INTO `system_version` VALUES (1,'6.4',1,0,0,0,0);

--
-- Table structure for table `system_workgroup`
--

CREATE TABLE `system_workgroup` (
  `id` tinyint(4) NOT NULL AUTO_INCREMENT,
  `workgroup` tinyint(4) NOT NULL,
  `workgroup_desc` varchar(50) NOT NULL,
  `workgroup_order` int(11) NOT NULL,
  PRIMARY KEY (`id`),
  UNIQUE KEY `workgroup` (`workgroup`)
) ENGINE=MyISAM AUTO_INCREMENT=5 DEFAULT CHARSET=utf8 COLLATE=utf8_general_ci;

--
-- Dumping data for table `system_workgroup`
--

INSERT INTO `system_workgroup` VALUES (1,1,'บริหารวิชาการ',4),(2,2,'บริหารงบประมาณ',6),(3,3,'บริหารงานบุคคล',8),(4,4,'บริหารทั่วไป',10);

--
-- Table structure for table `work_main`
--

CREATE TABLE `work_main` (
  `id` int(11) NOT NULL AUTO_INCREMENT,
  `work_date` date NOT NULL,
  `person_id` varchar(13) NOT NULL,
  `work` tinyint(4) NOT NULL DEFAULT 0,
  `comment` varchar(150) DEFAULT NULL,
  `rec_date` datetime NOT NULL,
  `officer` varchar(13) NOT NULL,
  PRIMARY KEY (`id`),
  KEY `work_date` (`work_date`),
  KEY `person_id` (`person_id`)
) ENGINE=MyISAM AUTO_INCREMENT=133 DEFAULT CHARSET=utf8 COLLATE=utf8_general_ci;

--
-- Dumping data for table `work_main`
--

INSERT INTO `work_main` VALUES (1,'2016-06-25','3341501009003',1,NULL,'2016-06-25 14:03:15','3340500014533'),(2,'2016-06-25','3341500535585',1,NULL,'2016-06-25 14:03:15','3340500014533'),(3,'2016-06-25','1341100097398',1,NULL,'2016-06-25 14:03:15','3340500014533'),(4,'2016-06-25','3331200287578',9,NULL,'2016-06-25 14:03:15','3340500014533'),(5,'2016-06-25','3341500909159',1,NULL,'2016-06-25 14:03:15','3340500014533'),(6,'2016-06-25','3341500996001',1,NULL,'2016-06-25 14:03:15','3340500014533'),(7,'2016-06-25','3349800102452',1,NULL,'2016-06-25 14:03:15','3340500014533'),(8,'2016-06-25','3341501124543',9,NULL,'2016-06-25 14:03:15','3340500014533'),(9,'2016-06-25','3341500909531',1,NULL,'2016-06-25 14:03:15','3340500014533'),(10,'2016-06-25','3341500912249',9,NULL,'2016-06-25 14:03:15','3340500014533'),(11,'2016-06-25','5349800016064',1,NULL,'2016-06-25 14:03:15','3340500014533'),(12,'2016-06-25','3340500014533',1,NULL,'2016-06-25 14:03:15','3340500014533'),(13,'2016-06-25','3349900218797',9,NULL,'2016-06-25 14:03:15','3340500014533'),(14,'2016-06-25','3320400103585',9,NULL,'2016-06-25 14:03:15','3340500014533'),(15,'2018-11-15','3341501009003',1,NULL,'2018-11-15 11:39:00','1329900218308'),(16,'2018-11-15','3341500535585',1,NULL,'2018-11-15 11:39:00','1329900218308'),(17,'2018-11-15','3341501124546',1,NULL,'2018-11-15 11:39:00','1329900218308'),(18,'2018-11-15','3349800102452',1,NULL,'2018-11-15 11:39:00','1329900218308'),(19,'2018-11-15','3341500996001',1,NULL,'2018-11-15 11:39:00','1329900218308'),(20,'2018-11-15','3341500909159',1,NULL,'2018-11-15 11:39:00','1329900218308'),(21,'2018-11-15','1341100097398',1,NULL,'2018-11-15 11:39:00','1329900218308'),(22,'2018-11-15','3341500909531',1,NULL,'2018-11-15 11:39:00','1329900218308'),(23,'2018-11-15','3340500014533',1,NULL,'2018-11-15 11:39:00','1329900218308'),(24,'2018-11-15','5349800016064',1,NULL,'2018-11-15 11:39:00','1329900218308'),(25,'2018-11-15','1329900218308',2,NULL,'2018-11-15 11:39:00','1329900218308'),(26,'2018-11-15','3341501218419',1,NULL,'2018-11-15 11:39:00','1329900218308'),(27,'2018-11-30','1329900218308',2,NULL,'2018-12-05 00:25:32','3341501009003'),(28,'2018-11-13','5349800016064',1,NULL,'2018-11-30 06:45:00','1329900218308'),(29,'2018-11-13','1329900218308',2,NULL,'2018-11-30 06:45:00','1329900218308'),(30,'2018-11-13','3341501009003',1,NULL,'2018-11-30 06:45:00','1329900218308'),(31,'2018-11-13','3341500535585',1,NULL,'2018-11-30 06:45:00','1329900218308'),(32,'2018-11-13','3341501124546',1,NULL,'2018-11-30 06:45:00','1329900218308'),(33,'2018-11-13','3349800102452',1,NULL,'2018-11-30 06:45:00','1329900218308'),(34,'2018-11-13','3341500996001',1,NULL,'2018-11-30 06:45:00','1329900218308'),(35,'2018-11-13','3341500909159',1,NULL,'2018-11-30 06:45:00','1329900218308'),(36,'2018-11-13','1341100097398',1,NULL,'2018-11-30 06:45:00','1329900218308'),(37,'2018-11-13','3341500909531',1,NULL,'2018-11-30 06:45:00','1329900218308'),(38,'2018-11-13','3340500014533',1,NULL,'2018-11-30 06:45:00','1329900218308'),(39,'2018-11-13','3341501218419',1,NULL,'2018-11-30 06:45:00','1329900218308'),(40,'2018-11-30','3341501009003',1,NULL,'2018-12-05 00:25:32','3341501009003'),(41,'2018-11-30','3341500535585',1,NULL,'2018-12-05 00:25:32','3341501009003'),(42,'2018-11-30','3341501124546',1,NULL,'2018-12-05 00:25:32','3341501009003'),(43,'2018-11-30','3349800102452',1,NULL,'2018-12-05 00:25:32','3341501009003'),(44,'2018-11-30','3341500996001',1,NULL,'2018-12-05 00:25:32','3341501009003'),(45,'2018-11-30','3341500909159',1,NULL,'2018-12-05 00:25:32','3341501009003'),(46,'2018-11-30','1341100097398',1,NULL,'2018-12-05 00:25:32','3341501009003'),(47,'2018-11-30','3341500909531',1,NULL,'2018-12-05 00:25:32','3341501009003'),(48,'2018-11-30','3340500014533',1,NULL,'2018-12-05 00:25:32','3341501009003'),(49,'2018-11-30','3341501218419',1,NULL,'2018-12-05 00:25:32','3341501009003'),(50,'2018-11-30','5349800016064',1,NULL,'2018-12-05 00:25:32','3341501009003'),(51,'2018-12-03','3341501009003',1,NULL,'2018-12-05 00:22:51','3341501009003'),(52,'2018-12-03','3341500535585',1,NULL,'2018-12-05 00:22:51','3341501009003'),(53,'2018-12-03','3341501124546',1,NULL,'2018-12-05 00:22:51','3341501009003'),(54,'2018-12-03','3349800102452',1,NULL,'2018-12-05 00:22:51','3341501009003'),(55,'2018-12-03','3341500996001',1,NULL,'2018-12-05 00:22:51','3341501009003'),(56,'2018-12-03','3341500909159',1,NULL,'2018-12-05 00:22:51','3341501009003'),(57,'2018-12-03','1341100097398',1,NULL,'2018-12-05 00:22:51','3341501009003'),(58,'2018-12-03','3341500909531',1,NULL,'2018-12-05 00:22:51','3341501009003'),(59,'2018-12-03','3340500014533',1,NULL,'2018-12-05 00:22:51','3341501009003'),(60,'2018-12-03','1329900218308',1,NULL,'2018-12-05 00:22:51','3341501009003'),(61,'2018-12-03','3341501218419',1,NULL,'2018-12-05 00:22:51','3341501009003'),(62,'2018-12-04','3341501009003',1,NULL,'2018-12-05 00:23:41','3341501009003'),(63,'2018-12-04','3341500535585',1,NULL,'2018-12-05 00:23:41','3341501009003'),(64,'2018-12-04','3341501124546',1,NULL,'2018-12-05 00:23:41','3341501009003'),(65,'2018-12-04','3349800102452',1,NULL,'2018-12-05 00:23:41','3341501009003'),(66,'2018-12-04','3341500996001',1,NULL,'2018-12-05 00:23:41','3341501009003'),(67,'2018-12-04','3341500909159',1,NULL,'2018-12-05 00:23:41','3341501009003'),(68,'2018-12-04','1341100097398',1,NULL,'2018-12-05 00:23:41','3341501009003'),(69,'2018-12-04','3341500909531',1,NULL,'2018-12-05 00:23:41','3341501009003'),(70,'2018-12-04','3340500014533',1,NULL,'2018-12-05 00:23:41','3341501009003'),(71,'2018-12-04','5349800016064',1,NULL,'2018-12-05 00:23:41','3341501009003'),(72,'2018-12-04','1329900218308',1,NULL,'2018-12-05 00:23:41','3341501009003'),(73,'2018-12-04','3341501218419',1,NULL,'2018-12-05 00:23:41','3341501009003'),(74,'2018-12-05','3341501009003',2,NULL,'2018-12-05 00:24:47','3341501009003'),(75,'2018-12-05','3341500535585',2,NULL,'2018-12-05 00:24:47','3341501009003'),(76,'2018-12-05','3341501124546',2,NULL,'2018-12-05 00:24:47','3341501009003'),(77,'2018-12-05','3349800102452',2,NULL,'2018-12-05 00:24:47','3341501009003'),(78,'2018-12-05','3341500996001',1,NULL,'2018-12-05 00:24:47','3341501009003'),(79,'2018-12-05','3341500909159',1,NULL,'2018-12-05 00:24:47','3341501009003'),(80,'2018-12-05','1341100097398',2,NULL,'2018-12-05 00:24:47','3341501009003'),(81,'2018-12-05','3341500909531',2,NULL,'2018-12-05 00:24:47','3341501009003'),(82,'2018-12-05','3340500014533',1,NULL,'2018-12-05 00:24:47','3341501009003'),(83,'2018-12-05','5349800016064',1,NULL,'2018-12-05 00:24:47','3341501009003'),(84,'2018-12-05','1329900218308',1,NULL,'2018-12-05 00:24:47','3341501009003'),(85,'2018-12-05','3341501218419',1,NULL,'2018-12-05 00:24:47','3341501009003'),(86,'2018-11-29','3341501009003',1,NULL,'2018-12-05 00:25:51','3341501009003'),(87,'2018-11-29','3341500535585',1,NULL,'2018-12-05 00:25:51','3341501009003'),(88,'2018-11-29','3341501124546',1,NULL,'2018-12-05 00:25:51','3341501009003'),(89,'2018-11-29','3349800102452',1,NULL,'2018-12-05 00:25:51','3341501009003'),(90,'2018-11-29','3341500996001',1,NULL,'2018-12-05 00:25:51','3341501009003'),(91,'2018-11-29','3341500909159',1,NULL,'2018-12-05 00:25:51','3341501009003'),(92,'2018-11-29','1341100097398',1,NULL,'2018-12-05 00:25:51','3341501009003'),(93,'2018-11-29','3341500909531',1,NULL,'2018-12-05 00:25:51','3341501009003'),(94,'2018-11-29','3340500014533',1,NULL,'2018-12-05 00:25:51','3341501009003'),(95,'2018-11-29','5349800016064',1,NULL,'2018-12-05 00:25:51','3341501009003'),(96,'2018-11-29','1329900218308',1,NULL,'2018-12-05 00:25:51','3341501009003'),(97,'2018-11-29','3341501218419',1,NULL,'2018-12-05 00:25:51','3341501009003'),(98,'2018-11-28','3341501009003',1,NULL,'2018-12-05 00:26:12','3341501009003'),(99,'2018-11-28','3341500535585',1,NULL,'2018-12-05 00:26:12','3341501009003'),(100,'2018-11-28','3341501124546',1,NULL,'2018-12-05 00:26:12','3341501009003'),(101,'2018-11-28','3349800102452',1,NULL,'2018-12-05 00:26:12','3341501009003'),(102,'2018-11-28','3341500996001',1,NULL,'2018-12-05 00:26:12','3341501009003'),(103,'2018-11-28','3341500909159',1,NULL,'2018-12-05 00:26:12','3341501009003'),(104,'2018-11-28','1341100097398',1,NULL,'2018-12-05 00:26:12','3341501009003'),(105,'2018-11-28','3341500909531',1,NULL,'2018-12-05 00:26:12','3341501009003'),(106,'2018-11-28','3340500014533',1,NULL,'2018-12-05 00:26:12','3341501009003'),(107,'2018-11-28','5349800016064',1,NULL,'2018-12-05 00:26:12','3341501009003'),(108,'2018-11-28','1329900218308',1,NULL,'2018-12-05 00:26:12','3341501009003'),(109,'2018-11-28','3341501218419',1,NULL,'2018-12-05 00:26:12','3341501009003'),(110,'2018-11-27','3341501009003',1,NULL,'2018-12-05 00:26:34','3341501009003'),(111,'2018-11-27','3341500535585',1,NULL,'2018-12-05 00:26:34','3341501009003'),(112,'2018-11-27','3341501124546',1,NULL,'2018-12-05 00:26:34','3341501009003'),(113,'2018-11-27','3349800102452',1,NULL,'2018-12-05 00:26:34','3341501009003'),(114,'2018-11-27','3341500996001',1,NULL,'2018-12-05 00:26:34','3341501009003'),(115,'2018-11-27','3341500909159',1,NULL,'2018-12-05 00:26:34','3341501009003'),(116,'2018-11-27','1341100097398',1,NULL,'2018-12-05 00:26:34','3341501009003'),(117,'2018-11-27','3341500909531',1,NULL,'2018-12-05 00:26:34','3341501009003'),(118,'2018-11-27','3340500014533',1,NULL,'2018-12-05 00:26:34','3341501009003'),(119,'2018-11-27','5349800016064',1,NULL,'2018-12-05 00:26:34','3341501009003'),(120,'2018-11-27','1329900218308',1,NULL,'2018-12-05 00:26:34','3341501009003'),(121,'2018-11-27','3341501218419',1,NULL,'2018-12-05 00:26:34','3341501009003'),(122,'2018-11-26','3341501009003',1,NULL,'2018-12-05 00:26:51','3341501009003'),(123,'2018-11-26','3341500535585',1,NULL,'2018-12-05 00:26:51','3341501009003'),(124,'2018-11-26','3341501124546',1,NULL,'2018-12-05 00:26:51','3341501009003'),(125,'2018-11-26','3349800102452',1,NULL,'2018-12-05 00:26:51','3341501009003'),(126,'2018-11-26','3341500996001',1,NULL,'2018-12-05 00:26:51','3341501009003'),(127,'2018-11-26','3341500909159',1,NULL,'2018-12-05 00:26:51','3341501009003'),(128,'2018-11-26','1341100097398',1,NULL,'2018-12-05 00:26:51','3341501009003'),(129,'2018-11-26','3341500909531',1,NULL,'2018-12-05 00:26:51','3341501009003'),(130,'2018-11-26','5349800016064',1,NULL,'2018-12-05 00:26:51','3341501009003'),(131,'2018-11-26','1329900218308',1,NULL,'2018-12-05 00:26:51','3341501009003'),(132,'2018-11-26','3341501218419',1,NULL,'2018-12-05 00:26:51','3341501009003');

--
-- Table structure for table `work_permission`
--

CREATE TABLE `work_permission` (
  `id` int(11) NOT NULL AUTO_INCREMENT,
  `person_id` varchar(13) NOT NULL,
  `p1` tinyint(4) NOT NULL,
  `officer` varchar(13) NOT NULL,
  `rec_date` date NOT NULL,
  PRIMARY KEY (`id`)
) ENGINE=MyISAM AUTO_INCREMENT=3 DEFAULT CHARSET=utf8 COLLATE=utf8_general_ci;

--
-- Dumping data for table `work_permission`
--

INSERT INTO `work_permission` VALUES (1,'3341501009003',1,'3340500014533','2016-06-25'),(2,'1329900218308',1,'1329900218308','2018-11-15');


