('2024-09-16',1468,6,0,2567,'C','2200101102938','2024-11-16 01:11:25'),('2024-09-16',1485,6,0,2567,'C','2200101102938','2024-11-16 01:11:25'),('2024-09-16',1470,6,0,2567,'C','2200101102938','2024-11-16 01:11:25'),('2024-09-16',1471,6,0,2567,'C','2200101102938','2024-11-16 01:11:25'),('2024-09-16',1520,6,0,2567,'C','2200101102938','2024-11-16 01:11:25'),('2024-09-17',1468,6,0,2567,'C','2200101102938','2024-11-16 01:11:30'),('2024-09-17',1485,6,0,2567,'C','2200101102938','2024-11-16 01:11:30'),('2024-09-17',1470,6,0,2567,'C','2200101102938','2024-11-16 01:11:30'),('2024-09-17',1471,6,0,2567,'C','2200101102938','2024-11-16 01:11:30'),('2024-09-17',1520,6,0,2567,'C','2200101102938','2024-11-16 01:11:30'),('2024-09-18',1468,6,0,2567,'C','2200101102938','2024-11-16 01:11:34'),('2024-09-18',1485,6,0,2567,'C','2200101102938','2024-11-16 01:11:34'),('2024-09-18',1470,6,0,2567,'C','2200101102938','2024-11-16 01:11:34'),('2024-09-18',1471,6,0,2567,'C','2200101102938','2024-11-16 01:11:34'),('2024-09-18',1520,6,0,2567,'C','2200101102938','2024-11-16 01:11:34'),('2024-09-19',1468,6,0,2567,'C','2200101102938','2024-11-16 01:11:39'),('2024-09-19',1485,6,0,2567,'C','2200101102938','2024-11-16 01:11:39'),('2024-09-19',1470,6,0,2567,'C','2200101102938','2024-11-16 01:11:39'),('2024-09-19',1471,6,0,2567,'C','2200101102938','2024-11-16 01:11:39'),('2024-09-19',1520,6,0,2567,'C','2200101102938','2024-11-16 01:11:39'),('2024-09-20',1468,6,0,2567,'C','2200101102938','2024-11-16 01:11:48'),('2024-09-20',1485,6,0,2567,'C','2200101102938','2024-11-16 01:11:48'),('2024-09-20',1470,6,0,2567,'C','2200101102938','2024-11-16 01:11:48'),('2024-09-20',1471,6,0,2567,'C','2200101102938','2024-11-16 01:11:48'),('2024-09-20',1520,6,0,2567,'C','2200101102938','2024-11-16 01:11:48'),('2024-09-23',1468,6,0,2567,'C','2200101102938','2024-11-16 01:11:17'),('2024-09-23',1485,6,0,2567,'C','2200101102938','2024-11-16 01:11:17'),('2024-09-23',1470,6,0,2567,'C','2200101102938','2024-11-16 01:11:17'),('2024-09-23',1471,6,0,2567,'C','2200101102938','2024-11-16 01:11:17'),('2024-09-23',1520,6,0,2567,'C','2200101102938','2024-11-16 01:11:17'),('2024-09-24',1468,6,0,2567,'C','2200101102938','2024-11-16 01:11:21'),('2024-09-24',1485,6,0,2567,'C','2200101102938','2024-11-16 01:11:21'),('2024-09-24',1470,6,0,2567,'C','2200101102938','2024-11-16 01:11:21'),('2024-09-24',1471,6,0,2567,'C','2200101102938','2024-11-16 01:11:21'),('2024-09-24',1520,6,0,2567,'C','2200101102938','2024-11-16 01:11:21'),('2024-09-25',1468,6,0,2567,'C','2200101102938','2024-11-16 01:11:26'),('2024-09-25',1485,6,0,2567,'C','2200101102938','2024-11-16 01:11:26'),('2024-09-25',1470,6,0,2567,'C','2200101102938','2024-11-16 01:11:26'),('2024-09-25',1471,6,0,2567,'C','2200101102938','2024-11-16 01:11:26'),('2024-09-25',1520,6,0,2567,'C','2200101102938','2024-11-16 01:11:26'),('2024-09-26',1468,6,0,2567,'C','2200101102938','2024-11-16 01:11:30'),('2024-09-26',1485,6,0,2567,'C','2200101102938','2024-11-16 01:11:30'),('2024-09-26',1470,6,0,2567,'C','2200101102938','2024-11-16 01:11:30'),('2024-09-26',1471,6,0,2567,'C','2200101102938','2024-11-16 01:11:30'),('2024-09-26',1520,6,0,2567,'C','2200101102938','2024-11-16 01:11:30'),('2024-09-27',1468,6,0,2567,'C','2200101102938','2024-11-16 01:11:34'),('2024-09-27',1485,6,0,2567,'C','2200101102938','2024-11-16 01:11:34'),('2024-09-27',1470,6,0,2567,'C','2200101102938','2024-11-16 01:11:34'),('2024-09-27',1471,6,0,2567,'C','2200101102938','2024-11-16 01:11:34'),('2024-09-27',1520,6,0,2567,'C','2200101102938','2024-11-16 01:11:34'),('2024-09-30',1468,6,0,2567,'C','2200101102938','2024-11-16 01:11:39'),('2024-09-30',1485,6,0,2567,'C','2200101102938','2024-11-16 01:11:39'),('2024-09-30',1470,6,0,2567,'C','2200101102938','2024-11-16 01:11:39'),('2024-09-30',1471,6,0,2567,'C','2200101102938','2024-11-16 01:11:39'),('2024-09-30',1520,6,0,2567,'C','2200101102938','2024-11-16 01:11:39'),('2024-10-01',1468,6,0,2567,'C','2200101102938','2024-11-16 01:11:51'),('2024-10-01',1485,6,0,2567,'C','2200101102938','2024-11-16 01:11:51'),('2024-10-01',1470,6,0,2567,'C','2200101102938','2024-11-16 01:11:51'),('2024-10-01',1471,6,0,2567,'C','2200101102938','2024-11-16 01:11:51'),('2024-10-01',1520,6,0,2567,'C','2200101102938','2024-11-16 01:11:51'),('2024-10-02',1468,6,0,2567,'C','2200101102938','2024-11-16 01:11:54'),('2024-10-02',1485,6,0,2567,'C','2200101102938','2024-11-16 01:11:54'),('2024-10-02',1470,6,0,2567,'C','2200101102938','2024-11-16 01:11:54'),('2024-10-02',1471,6,0,2567,'C','2200101102938','2024-11-16 01:11:54'),('2024-10-02',1520,6,0,2567,'C','2200101102938','2024-11-16 01:11:54'),('2024-10-03',1468,6,0,2567,'C','2200101102938','2024-11-16 01:11:59'),('2024-10-03',1485,6,0,2567,'C','2200101102938','2024-11-16 01:11:59'),('2024-10-03',1470,6,0,2567,'C','2200101102938','2024-11-16 01:11:59'),('2024-10-03',1471,6,0,2567,'C','2200101102938','2024-11-16 01:11:59'),('2024-10-03',1520,6,0,2567,'C','2200101102938','2024-11-16 01:11:59'),('2024-10-04',1468,6,0,2567,'C','2200101102938','2024-11-16 01:11:03'),('2024-10-04',1485,6,0,2567,'C','2200101102938','2024-11-16 01:11:03'),('2024-10-04',1470,6,0,2567,'C','2200101102938','2024-11-16 01:11:03'),('2024-10-04',1471,6,0,2567,'C','2200101102938','2024-11-16 01:11:03'),('2024-10-04',1520,6,0,2567,'C','2200101102938','2024-11-16 01:11:03'),('2024-10-07',1468,6,0,2567,'C','2200101102938','2024-11-16 01:11:07'),('2024-10-07',1485,6,0,2567,'C','2200101102938','2024-11-16 01:11:07'),('2024-10-07',1470,6,0,2567,'C','2200101102938','2024-11-16 01:11:07'),('2024-10-07',1471,6,0,2567,'C','2200101102938','2024-11-16 01:11:07'),('2024-10-07',1520,6,0,2567,'C','2200101102938','2024-11-16 01:11:07'),('2024-10-08',1468,6,0,2567,'C','2200101102938','2024-11-16 01:11:11'),('2024-10-08',1485,6,0,2567,'C','2200101102938','2024-11-16 01:11:11'),('2024-10-08',1470,6,0,2567,'C','2200101102938','2024-11-16 01:11:11'),('2024-10-08',1471,6,0,2567,'C','2200101102938','2024-11-16 01:11:11'),('2024-10-08',1520,6,0,2567,'C','2200101102938','2024-11-16 01:11:11'),('2024-10-09',1468,6,0,2567,'C','2200101102938','2024-11-16 01:11:15'),('2024-10-09',1485,6,0,2567,'C','2200101102938','2024-11-16 01:11:15'),('2024-10-09',1470,6,0,2567,'C','2200101102938','2024-11-16 01:11:15'),('2024-10-09',1471,6,0,2567,'C','2200101102938','2024-11-16 01:11:15'),('2024-10-09',1520,6,0,2567,'C','2200101102938','2024-11-16 01:11:15'),('2024-11-01',1468,6,0,2567,'C','2200101102938','2024-11-16 01:11:24'),('2024-11-01',1485,6,0,2567,'C','2200101102938','2024-11-16 01:11:24'),('2024-11-01',1470,6,0,2567,'C','2200101102938','2024-11-16 01:11:24'),('2024-11-01',1471,6,0,2567,'C','2200101102938','2024-11-16 01:11:24'),('2024-11-01',1520,6,0,2567,'C','2200101102938','2024-11-16 01:11:24'),('2024-11-04',1468,6,0,2567,'C','2200101102938','2024-11-16 01:11:48'),('2024-11-04',1485,6,0,2567,'C','2200101102938','2024-11-16 01:11:48'),('2024-11-04',1470,6,0,2567,'C','2200101102938','2024-11-16 01:11:48'),('2024-11-04',1471,6,0,2567,'C','2200101102938','2024-11-16 01:11:48'),('2024-11-04',1520,6,0,2567,'C','2200101102938','2024-11-16 01:11:48'),('2024-11-05',1468,6,0,2567,'C','2200101102938','2024-11-16 02:11:02'),('2024-11-05',1485,6,0,2567,'C','2200101102938','2024-11-16 02:11:02'),('2024-11-05',1470,6,0,2567,'C','2200101102938','2024-11-16 02:11:02'),('2024-11-05',1471,6,0,2567,'C','2200101102938','2024-11-16 02:11:02'),('2024-11-05',1520,6,0,2567,'C','2200101102938','2024-11-16 02:11:02'),('2024-11-06',1468,6,0,2567,'C','2200101102938','2024-11-16 01:11:23'),('2024-11-06',1485,6,0,2567,'C','2200101102938','2024-11-16 01:11:23'),('2024-11-06',1470,6,0,2567,'C','2200101102938','2024-11-16 01:11:23'),('2024-11-06',1471,6,0,2567,'C','2200101102938','2024-11-16 01:11:23'),('2024-11-06',1520,6,0,2567,'C','2200101102938','2024-11-16 01:11:23'),('2024-11-07',1468,6,0,2567,'C','2200101102938','2024-11-16 01:11:27'),('2024-11-07',1485,6,0,2567,'C','2200101102938','2024-11-16 01:11:27'),('2024-11-07',1470,6,0,2567,'C','2200101102938','2024-11-16 01:11:27'),('2024-11-07',1471,6,0,2567,'C','2200101102938','2024-11-16 01:11:27'),('2024-11-07',1520,6,0,2567,'C','2200101102938','2024-11-16 01:11:27'),('2024-11-08',1468,6,0,2567,'C','2200101102938','2024-11-16 01:11:31'),('2024-11-08',1485,6,0,2567,'C','2200101102938','2024-11-16 01:11:31'),('2024-11-08',1470,6,0,2567,'C','2200101102938','2024-11-16 01:11:31'),('2024-11-08',1471,6,0,2567,'C','2200101102938','2024-11-16 01:11:31'),('2024-11-08',1520,6,0,2567,'C','2200101102938','2024-11-16 01:11:31'),('2024-11-11',1468,6,0,2567,'C','2200101102938','2024-11-16 01:11:36'),('2024-11-11',1485,6,0,2567,'C','2200101102938','2024-11-16 01:11:36'),('2024-11-11',1470,6,0,2567,'C','2200101102938','2024-11-16 01:11:36'),('2024-11-11',1471,6,0,2567,'C','2200101102938','2024-11-16 01:11:36'),('2024-11-11',1520,6,0,2567,'C','2200101102938','2024-11-16 01:11:36'),('2024-11-12',1468,6,0,2567,'C','2200101102938','2024-11-16 01:11:40'),('2024-11-12',1485,6,0,2567,'C','2200101102938','2024-11-16 01:11:40'),('2024-11-12',1470,6,0,2567,'C','2200101102938','2024-11-16 01:11:40'),('2024-11-12',1471,6,0,2567,'C','2200101102938','2024-11-16 01:11:40'),('2024-11-12',1520,6,0,2567,'C','2200101102938','2024-11-16 01:11:40'),('2024-11-13',1468,6,0,2567,'C','2200101102938','2024-11-16 01:11:47'),('2024-11-13',1485,6,0,2567,'C','2200101102938','2024-11-16 01:11:47'),('2024-11-13',1470,6,0,2567,'C','2200101102938','2024-11-16 01:11:47'),('2024-11-13',1471,6,0,2567,'C','2200101102938','2024-11-16 01:11:47'),('2024-11-13',1520,6,0,2567,'C','2200101102938','2024-11-16 01:11:47'),('2024-11-14',1468,6,0,2567,'C','2200101102938','2024-11-16 01:11:51'),('2024-11-14',1485,6,0,2567,'C','2200101102938','2024-11-16 01:11:51'),('2024-11-14',1470,6,0,2567,'C','2200101102938','2024-11-16 01:11:51'),('2024-11-14',1471,6,0,2567,'C','2200101102938','2024-11-16 01:11:51'),('2024-11-14',1520,6,0,2567,'C','2200101102938','2024-11-16 01:11:51'),('2024-11-15',1468,6,0,2567,'W','2200101102938','2024-11-16 01:11:58'),('2024-11-15',1485,6,0,2567,'C','2200101102938','2024-11-16 01:11:58'),('2024-11-15',1470,6,0,2567,'C','2200101102938','2024-11-16 01:11:58'),('2024-11-15',1471,6,0,2567,'C','2200101102938','2024-11-16 01:11:58'),('2024-11-15',1520,6,0,2567,'C','2200101102938','2024-11-16 01:11:58'),('2024-11-18',1476,5,0,2567,'C','2200101102938','2024-11-24 02:11:40'),('2024-11-18',1477,5,0,2567,'C','2200101102938','2024-11-24 02:11:40'),('2024-11-18',1479,5,0,2567,'C','2200101102938','2024-11-24 02:11:40'),('2024-11-18',1496,5,0,2567,'C','2200101102938','2024-11-24 02:11:40'),('2024-11-18',1480,5,0,2567,'C','2200101102938','2024-11-24 02:11:40'),('2024-11-18',1483,5,0,2567,'C','2200101102938','2024-11-24 02:11:40'),('2024-11-18',1507,5,0,2567,'C','2200101102938','2024-11-24 02:11:40'),('2024-11-19',1476,5,0,2567,'C','2200101102938','2024-11-24 02:11:45'),('2024-11-19',1477,5,0,2567,'C','2200101102938','2024-11-24 02:11:45'),('2024-11-19',1479,5,0,2567,'C','2200101102938','2024-11-24 02:11:45'),('2024-11-19',1496,5,0,2567,'C','2200101102938','2024-11-24 02:11:45'),('2024-11-19',1480,5,0,2567,'C','2200101102938','2024-11-24 02:11:45'),('2024-11-19',1483,5,0,2567,'C','2200101102938','2024-11-24 02:11:45'),('2024-11-19',1507,5,0,2567,'C','2200101102938','2024-11-24 02:11:45'),('2024-11-20',1476,5,0,2567,'C','2200101102938','2024-11-24 02:11:50'),('2024-11-20',1477,5,0,2567,'C','2200101102938','2024-11-24 02:11:50'),('2024-11-20',1479,5,0,2567,'C','2200101102938','2024-11-24 02:11:50'),('2024-11-20',1496,5,0,2567,'C','2200101102938','2024-11-24 02:11:50'),('2024-11-20',1480,5,0,2567,'C','2200101102938','2024-11-24 02:11:50'),('2024-11-20',1483,5,0,2567,'C','2200101102938','2024-11-24 02:11:50'),('2024-11-20',1507,5,0,2567,'C','2200101102938','2024-11-24 02:11:50'),('2024-11-21',1476,5,0,2567,'C','2200101102938','2024-11-24 02:11:54'),('2024-11-21',1477,5,0,2567,'C','2200101102938','2024-11-24 02:11:54'),('2024-11-21',1479,5,0,2567,'C','2200101102938','2024-11-24 02:11:54'),('2024-11-21',1496,5,0,2567,'C','2200101102938','2024-11-24 02:11:54'),('2024-11-21',1480,5,0,2567,'C','2200101102938','2024-11-24 02:11:54'),('2024-11-21',1483,5,0,2567,'C','2200101102938','2024-11-24 02:11:54'),('2024-11-21',1507,5,0,2567,'C','2200101102938','2024-11-24 02:11:54'),('2024-11-22',1476,5,0,2567,'C','2200101102938','2024-11-24 02:11:05'),('2024-11-22',1477,5,0,2567,'C','2200101102938','2024-11-24 02:11:05'),('2024-11-22',1479,5,0,2567,'C','2200101102938','2024-11-24 02:11:05'),('2024-11-22',1496,5,0,2567,'C','2200101102938','2024-11-24 02:11:05'),('2024-11-22',1480,5,0,2567,'C','2200101102938','2024-11-24 02:11:05'),('2024-11-22',1483,5,0,2567,'C','2200101102938','2024-11-24 02:11:05'),('2024-11-22',1507,5,0,2567,'C','2200101102938','2024-11-24 02:11:05'),('2024-11-18',1468,6,0,2567,'C','2200101102938','2024-11-24 02:11:23'),('2024-11-18',1485,6,0,2567,'C','2200101102938','2024-11-24 02:11:23'),('2024-11-18',1470,6,0,2567,'C','2200101102938','2024-11-24 02:11:23'),('2024-11-18',1471,6,0,2567,'C','2200101102938','2024-11-24 02:11:23'),('2024-11-18',1520,6,0,2567,'C','2200101102938','2024-11-24 02:11:23'),('2024-11-19',1468,6,0,2567,'C','2200101102938','2024-11-24 02:11:28'),('2024-11-19',1485,6,0,2567,'C','2200101102938','2024-11-24 02:11:28'),('2024-11-19',1470,6,0,2567,'C','2200101102938','2024-11-24 02:11:28'),('2024-11-19',1471,6,0,2567,'C','2200101102938','2024-11-24 02:11:28'),('2024-11-19',1520,6,0,2567,'C','2200101102938','2024-11-24 02:11:28'),('2024-11-20',1468,6,0,2567,'C','2200101102938','2024-11-24 02:11:32'),('2024-11-20',1485,6,0,2567,'C','2200101102938','2024-11-24 02:11:32'),('2024-11-20',1470,6,0,2567,'C','2200101102938','2024-11-24 02:11:32'),('2024-11-20',1471,6,0,2567,'C','2200101102938','2024-11-24 02:11:32'),('2024-11-20',1520,6,0,2567,'C','2200101102938','2024-11-24 02:11:32'),('2024-11-21',1468,6,0,2567,'C','2200101102938','2024-11-24 02:11:35'),('2024-11-21',1485,6,0,2567,'C','2200101102938','2024-11-24 02:11:35'),('2024-11-21',1470,6,0,2567,'C','2200101102938','2024-11-24 02:11:35'),('2024-11-21',1471,6,0,2567,'C','2200101102938','2024-11-24 02:11:35'),('2024-11-21',1520,6,0,2567,'C','2200101102938','2024-11-24 02:11:35'),('2024-11-22',1468,6,0,2567,'W','2200101102938','2024-11-24 02:11:44'),('2024-11-22',1485,6,0,2567,'C','2200101102938','2024-11-24 02:11:44'),('2024-11-22',1470,6,0,2567,'C','2200101102938','2024-11-24 02:11:44'),('2024-11-22',1471,6,0,2567,'C','2200101102938','2024-11-24 02:11:44'),('2024-11-22',1520,6,0,2567,'C','2200101102938','2024-11-24 02:11:44'),('2024-10-01',1462,7,0,2567,'C','1341500308485','2025-03-18 10:03:31'),('2024-10-01',1463,7,0,2567,'C','1341500308485','2025-03-18 10:03:31'),('2024-10-01',1460,7,0,2567,'C','1341500308485','2025-03-18 10:03:31'),('2024-10-01',1459,7,0,2567,'C','1341500308485','2025-03-18 10:03:31'),('2024-10-01',1461,7,0,2567,'C','1341500308485','2025-03-18 10:03:31'),('2024-10-01',1464,7,0,2567,'C','1341500308485','2025-03-18 10:03:31'),('2024-10-01',1486,7,0,2567,'C','1341500308485','2025-03-18 10:03:31'),('2024-10-01',1488,7,0,2567,'C','1341500308485','2025-03-18 10:03:31'),('2024-10-01',1489,7,0,2567,'C','1341500308485','2025-03-18 10:03:31'),('2024-10-01',1508,7,0,2567,'C','1341500308485','2025-03-18 10:03:31'),('2024-10-01',1514,7,0,2567,'C','1341500308485','2025-03-18 10:03:31'),('2024-10-02',1462,7,0,2567,'C','1341500308485','2025-03-18 10:03:37'),('2024-10-02',1463,7,0,2567,'C','1341500308485','2025-03-18 10:03:37'),('2024-10-02',1460,7,0,2567,'C','1341500308485','2025-03-18 10:03:37'),('2024-10-02',1459,7,0,2567,'C','1341500308485','2025-03-18 10:03:37'),('2024-10-02',1461,7,0,2567,'C','1341500308485','2025-03-18 10:03:37'),('2024-10-02',1464,7,0,2567,'C','1341500308485','2025-03-18 10:03:37'),('2024-10-02',1486,7,0,2567,'C','1341500308485','2025-03-18 10:03:37'),('2024-10-02',1488,7,0,2567,'C','1341500308485','2025-03-18 10:03:37'),('2024-10-02',1489,7,0,2567,'C','1341500308485','2025-03-18 10:03:37'),('2024-10-02',1508,7,0,2567,'C','1341500308485','2025-03-18 10:03:37'),('2024-10-02',1514,7,0,2567,'C','1341500308485','2025-03-18 10:03:37'),('2024-10-03',1462,7,0,2567,'C','1341500308485','2025-03-18 10:03:45'),('2024-10-03',1463,7,0,2567,'C','1341500308485','2025-03-18 10:03:45'),('2024-10-03',1460,7,0,2567,'C','1341500308485','2025-03-18 10:03:45'),('2024-10-03',1459,7,0,2567,'C','1341500308485','2025-03-18 10:03:45'),('2024-10-03',1461,7,0,2567,'C','1341500308485','2025-03-18 10:03:45'),('2024-10-03',1464,7,0,2567,'C','1341500308485','2025-03-18 10:03:45'),('2024-10-03',1486,7,0,2567,'C','1341500308485','2025-03-18 10:03:45'),('2024-10-03',1488,7,0,2567,'C','1341500308485','2025-03-18 10:03:45'),('2024-10-03',1489,7,0,2567,'C','1341500308485','2025-03-18 10:03:45'),('2024-10-03',1508,7,0,2567,'C','1341500308485','2025-03-18 10:03:45'),('2024-10-03',1514,7,0,2567,'C','1341500308485','2025-03-18 10:03:45'),('2024-10-04',1462,7,0,2567,'C','1341500308485','2025-03-18 10:03:54'),('2024-10-04',1463,7,0,2567,'C','1341500308485','2025-03-18 10:03:54'),('2024-10-04',1460,7,0,2567,'C','1341500308485','2025-03-18 10:03:54'),('2024-10-04',1459,7,0,2567,'C','1341500308485','2025-03-18 10:03:54'),('2024-10-04',1461,7,0,2567,'C','1341500308485','2025-03-18 10:03:54'),('2024-10-04',1464,7,0,2567,'C','1341500308485','2025-03-18 10:03:54'),('2024-10-04',1486,7,0,2567,'C','1341500308485','2025-03-18 10:03:54'),('2024-10-04',1488,7,0,2567,'C','1341500308485','2025-03-18 10:03:54'),('2024-10-04',1489,7,0,2567,'C','1341500308485','2025-03-18 10:03:54'),('2024-10-04',1508,7,0,2567,'C','1341500308485','2025-03-18 10:03:54'),('2024-10-04',1514,7,0,2567,'C','1341500308485','2025-03-18 10:03:54'),('2024-10-07',1462,7,0,2567,'C','1341500308485','2025-03-18 10:03:00'),('2024-10-07',1463,7,0,2567,'C','1341500308485','2025-03-18 10:03:00'),('2024-10-07',1460,7,0,2567,'C','1341500308485','2025-03-18 10:03:00'),('2024-10-07',1459,7,0,2567,'C','1341500308485','2025-03-18 10:03:00'),('2024-10-07',1461,7,0,2567,'C','1341500308485','2025-03-18 10:03:00'),('2024-10-07',1464,7,0,2567,'C','1341500308485','2025-03-18 10:03:00'),('2024-10-07',1486,7,0,2567,'C','1341500308485','2025-03-18 10:03:00'),('2024-10-07',1488,7,0,2567,'C','1341500308485','2025-03-18 10:03:00'),('2024-10-07',1489,7,0,2567,'C','1341500308485','2025-03-18 10:03:00'),('2024-10-07',1508,7,0,2567,'C','1341500308485','2025-03-18 10:03:00'),('2024-10-07',1514,7,0,2567,'C','1341500308485','2025-03-18 10:03:00'),('2024-10-08',1462,7,0,2567,'C','1341500308485','2025-03-18 10:03:04'),('2024-10-08',1463,7,0,2567,'C','1341500308485','2025-03-18 10:03:04'),('2024-10-08',1460,7,0,2567,'C','1341500308485','2025-03-18 10:03:04'),('2024-10-08',1459,7,0,2567,'C','1341500308485','2025-03-18 10:03:04'),('2024-10-08',1461,7,0,2567,'C','1341500308485','2025-03-18 10:03:04'),('2024-10-08',1464,7,0,2567,'C','1341500308485','2025-03-18 10:03:04'),('2024-10-08',1486,7,0,2567,'C','1341500308485','2025-03-18 10:03:04'),('2024-10-08',1488,7,0,2567,'C','1341500308485','2025-03-18 10:03:04'),('2024-10-08',1489,7,0,2567,'C','1341500308485','2025-03-18 10:03:04'),('2024-10-08',1508,7,0,2567,'C','1341500308485','2025-03-18 10:03:04'),('2024-10-08',1514,7,0,2567,'C','1341500308485','2025-03-18 10:03:04'),('2024-10-09',1462,7,0,2567,'C','1341500308485','2025-03-18 10:03:08'),('2024-10-09',1463,7,0,2567,'C','1341500308485','2025-03-18 10:03:08'),('2024-10-09',1460,7,0,2567,'C','1341500308485','2025-03-18 10:03:08'),('2024-10-09',1459,7,0,2567,'C','1341500308485','2025-03-18 10:03:08'),('2024-10-09',1461,7,0,2567,'C','1341500308485','2025-03-18 10:03:08'),('2024-10-09',1464,7,0,2567,'C','1341500308485','2025-03-18 10:03:08'),('2024-10-09',1486,7,0,2567,'C','1341500308485','2025-03-18 10:03:08'),('2024-10-09',1488,7,0,2567,'C','1341500308485','2025-03-18 10:03:08'),('2024-10-09',1489,7,0,2567,'C','1341500308485','2025-03-18 10:03:08'),('2024-10-09',1508,7,0,2567,'C','1341500308485','2025-03-18 10:03:08'),('2024-10-09',1514,7,0,2567,'C','1341500308485','2025-03-18 10:03:08'),('2024-11-01',1462,7,0,2567,'C','1341500308485','2025-03-18 10:03:21'),('2024-11-01',1463,7,0,2567,'C','1341500308485','2025-03-18 10:03:21'),('2024-11-01',1460,7,0,2567,'C','1341500308485','2025-03-18 10:03:21'),('2024-11-01',1459,7,0,2567,'C','1341500308485','2025-03-18 10:03:21'),('2024-11-01',1461,7,0,2567,'C','1341500308485','2025-03-18 10:03:21'),('2024-11-01',1464,7,0,2567,'C','1341500308485','2025-03-18 10:03:21'),('2024-11-01',1486,7,0,2567,'C','1341500308485','2025-03-18 10:03:21'),('2024-11-01',1488,7,0,2567,'C','1341500308485','2025-03-18 10:03:21'),('2024-11-01',1489,7,0,2567,'C','1341500308485','2025-03-18 10:03:21'),('2024-11-01',1508,7,0,2567,'C','1341500308485','2025-03-18 10:03:21'),('2024-11-01',1514,7,0,2567,'C','1341500308485','2025-03-18 10:03:21'),('2024-11-04',1462,7,0,2567,'C','1341500308485','2025-03-18 10:03:28'),('2024-11-04',1463,7,0,2567,'C','1341500308485','2025-03-18 10:03:28'),('2024-11-04',1460,7,0,2567,'C','1341500308485','2025-03-18 10:03:28'),('2024-11-04',1459,7,0,2567,'C','1341500308485','2025-03-18 10:03:28'),('2024-11-04',1461,7,0,2567,'C','1341500308485','2025-03-18 10:03:28'),('2024-11-04',1464,7,0,2567,'C','1341500308485','2025-03-18 10:03:28'),('2024-11-04',1486,7,0,2567,'C','1341500308485','2025-03-18 10:03:28'),('2024-11-04',1488,7,0,2567,'C','1341500308485','2025-03-18 10:03:28'),('2024-11-04',1489,7,0,2567,'C','1341500308485','2025-03-18 10:03:28'),('2024-11-04',1508,7,0,2567,'C','1341500308485','2025-03-18 10:03:28'),('2024-11-04',1514,7,0,2567,'C','1341500308485','2025-03-18 10:03:28'),('2024-11-05',1462,7,0,2567,'C','1341500308485','2025-03-18 10:03:33'),('2024-11-05',1463,7,0,2567,'C','1341500308485','2025-03-18 10:03:33'),('2024-11-05',1460,7,0,2567,'C','1341500308485','2025-03-18 10:03:33'),('2024-11-05',1459,7,0,2567,'C','1341500308485','2025-03-18 10:03:33'),('2024-11-05',1461,7,0,2567,'C','1341500308485','2025-03-18 10:03:33'),('2024-11-05',1464,7,0,2567,'C','1341500308485','2025-03-18 10:03:33'),('2024-11-05',1486,7,0,2567,'C','1341500308485','2025-03-18 10:03:33'),('2024-11-05',1488,7,0,2567,'C','1341500308485','2025-03-18 10:03:33'),('2024-11-05',1489,7,0,2567,'C','1341500308485','2025-03-18 10:03:33'),('2024-11-05',1508,7,0,2567,'C','1341500308485','2025-03-18 10:03:33'),('2024-11-05',1514,7,0,2567,'C','1341500308485','2025-03-18 10:03:33'),('2024-11-06',1462,7,0,2567,'C','1341500308485','2025-03-18 10:03:38'),('2024-11-06',1463,7,0,2567,'C','1341500308485','2025-03-18 10:03:38'),('2024-11-06',1460,7,0,2567,'C','1341500308485','2025-03-18 10:03:38'),('2024-11-06',1459,7,0,2567,'C','1341500308485','2025-03-18 10:03:38'),('2024-11-06',1461,7,0,2567,'C','1341500308485','2025-03-18 10:03:38'),('2024-11-06',1464,7,0,2567,'C','1341500308485','2025-03-18 10:03:38'),('2024-11-06',1486,7,0,2567,'C','1341500308485','2025-03-18 10:03:38'),('2024-11-06',1488,7,0,2567,'C','1341500308485','2025-03-18 10:03:38'),('2024-11-06',1489,7,0,2567,'C','1341500308485','2025-03-18 10:03:38'),('2024-11-06',1508,7,0,2567,'C','1341500308485','2025-03-18 10:03:38'),('2024-11-06',1514,7,0,2567,'C','1341500308485','2025-03-18 10:03:38'),('2024-11-07',1462,7,0,2567,'C','1341500308485','2025-03-18 10:03:42'),('2024-11-07',1463,7,0,2567,'C','1341500308485','2025-03-18 10:03:42'),('2024-11-07',1460,7,0,2567,'C','1341500308485','2025-03-18 10:03:42'),('2024-11-07',1459,7,0,2567,'C','1341500308485','2025-03-18 10:03:42'),('2024-11-07',1461,7,0,2567,'C','1341500308485','2025-03-18 10:03:42'),('2024-11-07',1464,7,0,2567,'C','1341500308485','2025-03-18 10:03:42'),('2024-11-07',1486,7,0,2567,'C','1341500308485','2025-03-18 10:03:42'),('2024-11-07',1488,7,0,2567,'C','1341500308485','2025-03-18 10:03:42'),('2024-11-07',1489,7,0,2567,'C','1341500308485','2025-03-18 10:03:42'),('2024-11-07',1508,7,0,2567,'C','1341500308485','2025-03-18 10:03:42'),('2024-11-07',1514,7,0,2567,'C','1341500308485','2025-03-18 10:03:42'),('2024-11-08',1462,7,0,2567,'C','1341500308485','2025-03-18 10:03:46'),('2024-11-08',1463,7,0,2567,'C','1341500308485','2025-03-18 10:03:46'),('2024-11-08',1460,7,0,2567,'C','1341500308485','2025-03-18 10:03:46'),('2024-11-08',1459,7,0,2567,'C','1341500308485','2025-03-18 10:03:46'),('2024-11-08',1461,7,0,2567,'C','1341500308485','2025-03-18 10:03:46'),('2024-11-08',1464,7,0,2567,'C','1341500308485','2025-03-18 10:03:46'),('2024-11-08',1486,7,0,2567,'C','1341500308485','2025-03-18 10:03:46'),('2024-11-08',1488,7,0,2567,'C','1341500308485','2025-03-18 10:03:46'),('2024-11-08',1489,7,0,2567,'C','1341500308485','2025-03-18 10:03:46'),('2024-11-08',1508,7,0,2567,'C','1341500308485','2025-03-18 10:03:46'),('2024-11-08',1514,7,0,2567,'C','1341500308485','2025-03-18 10:03:46'),('2024-11-11',1462,7,0,2567,'C','1341500308485','2025-03-18 10:03:18'),('2024-11-11',1463,7,0,2567,'C','1341500308485','2025-03-18 10:03:18'),('2024-11-11',1460,7,0,2567,'C','1341500308485','2025-03-18 10:03:18'),('2024-11-11',1459,7,0,2567,'S','1341500308485','2025-03-18 10:03:18'),('2024-11-11',1461,7,0,2567,'C','1341500308485','2025-03-18 10:03:18'),('2024-11-11',1464,7,0,2567,'C','1341500308485','2025-03-18 10:03:18'),('2024-11-11',1486,7,0,2567,'C','1341500308485','2025-03-18 10:03:18'),('2024-11-11',1488,7,0,2567,'C','1341500308485','2025-03-18 10:03:18'),('2024-11-11',1489,7,0,2567,'C','1341500308485','2025-03-18 10:03:18'),('2024-11-11',1508,7,0,2567,'C','1341500308485','2025-03-18 10:03:18'),('2024-11-11',1514,7,0,2567,'C','1341500308485','2025-03-18 10:03:18'),('2024-11-12',1462,7,0,2567,'C','1341500308485','2025-03-18 10:03:22'),('2024-11-12',1463,7,0,2567,'C','1341500308485','2025-03-18 10:03:22'),('2024-11-12',1460,7,0,2567,'C','1341500308485','2025-03-18 10:03:22'),('2024-11-12',1459,7,0,2567,'C','1341500308485','2025-03-18 10:03:22'),('2024-11-12',1461,7,0,2567,'C','1341500308485','2025-03-18 10:03:22'),('2024-11-12',1464,7,0,2567,'C','1341500308485','2025-03-18 10:03:22'),('2024-11-12',1486,7,0,2567,'C','1341500308485','2025-03-18 10:03:22'),('2024-11-12',1488,7,0,2567,'C','1341500308485','2025-03-18 10:03:22'),('2024-11-12',1489,7,0,2567,'C','1341500308485','2025-03-18 10:03:22'),('2024-11-12',1508,7,0,2567,'C','1341500308485','2025-03-18 10:03:22'),('2024-11-12',1514,7,0,2567,'C','1341500308485','2025-03-18 10:03:22'),('2024-11-13',1462,7,0,2567,'C','1341500308485','2025-03-18 10:03:28'),('2024-11-13',1463,7,0,2567,'C','1341500308485','2025-03-18 10:03:28'),('2024-11-13',1460,7,0,2567,'C','1341500308485','2025-03-18 10:03:28'),('2024-11-13',1459,7,0,2567,'C','1341500308485','2025-03-18 10:03:28'),('2024-11-13',1461,7,0,2567,'C','1341500308485','2025-03-18 10:03:28'),('2024-11-13',1464,7,0,2567,'C','1341500308485','2025-03-18 10:03:28'),('2024-11-13',1486,7,0,2567,'C','1341500308485','2025-03-18 10:03:28'),('2024-11-13',1488,7,0,2567,'C','1341500308485','2025-03-18 10:03:28'),('2024-11-13',1489,7,0,2567,'C','1341500308485','2025-03-18 10:03:28'),('2024-11-13',1508,7,0,2567,'C','1341500308485','2025-03-18 10:03:28'),('2024-11-13',1514,7,0,2567,'C','1341500308485','2025-03-18 10:03:28'),('2024-11-14',1462,7,0,2567,'C','1341500308485','2025-03-18 10:03:32'),('2024-11-14',1463,7,0,2567,'C','1341500308485','2025-03-18 10:03:32'),('2024-11-14',1460,7,0,2567,'C','1341500308485','2025-03-18 10:03:32'),('2024-11-14',1459,7,0,2567,'C','1341500308485','2025-03-18 10:03:32'),('2024-11-14',1461,7,0,2567,'C','1341500308485','2025-03-18 10:03:32'),('2024-11-14',1464,7,0,2567,'C','1341500308485','2025-03-18 10:03:32'),('2024-11-14',1486,7,0,2567,'C','1341500308485','2025-03-18 10:03:32'),('2024-11-14',1488,7,0,2567,'C','1341500308485','2025-03-18 10:03:32'),('2024-11-14',1489,7,0,2567,'C','1341500308485','2025-03-18 10:03:32'),('2024-11-14',1508,7,0,2567,'C','1341500308485','2025-03-18 10:03:32'),('2024-11-14',1514,7,0,2567,'C','1341500308485','2025-03-18 10:03:32'),('2024-11-15',1462,7,0,2567,'C','1341500308485','2025-03-18 10:03:36'),('2024-11-15',1463,7,0,2567,'C','1341500308485','2025-03-18 10:03:36'),('2024-11-15',1460,7,0,2567,'C','1341500308485','2025-03-18 10:03:36'),('2024-11-15',1459,7,0,2567,'C','1341500308485','2025-03-18 10:03:36'),('2024-11-15',1461,7,0,2567,'C','1341500308485','2025-03-18 10:03:36'),('2024-11-15',1464,7,0,2567,'C','1341500308485','2025-03-18 10:03:36'),('2024-11-15',1486,7,0,2567,'C','1341500308485','2025-03-18 10:03:36'),('2024-11-15',1488,7,0,2567,'C','1341500308485','2025-03-18 10:03:36'),('2024-11-15',1489,7,0,2567,'C','1341500308485','2025-03-18 10:03:36'),('2024-11-15',1508,7,0,2567,'C','1341500308485','2025-03-18 10:03:36'),('2024-11-15',1514,7,0,2567,'C','1341500308485','2025-03-18 10:03:36'),('2024-11-18',1462,7,0,2567,'C','1341500308485','2025-03-18 10:03:42'),('2024-11-18',1463,7,0,2567,'C','1341500308485','2025-03-18 10:03:42'),('2024-11-18',1460,7,0,2567,'C','1341500308485','2025-03-18 10:03:42'),('2024-11-18',1459,7,0,2567,'C','1341500308485','2025-03-18 10:03:42'),('2024-11-18',1461,7,0,2567,'C','1341500308485','2025-03-18 10:03:42'),('2024-11-18',1464,7,0,2567,'C','1341500308485','2025-03-18 10:03:42'),('2024-11-18',1486,7,0,2567,'C','1341500308485','2025-03-18 10:03:42'),('2024-11-18',1488,7,0,2567,'C','1341500308485','2025-03-18 10:03:42'),('2024-11-18',1489,7,0,2567,'C','1341500308485','2025-03-18 10:03:42'),('2024-11-18',1508,7,0,2567,'C','1341500308485','2025-03-18 10:03:42'),('2024-11-18',1514,7,0,2567,'C','1341500308485','2025-03-18 10:03:42'),('2024-11-19',1462,7,0,2567,'C','1341500308485','2025-03-18 10:03:46'),('2024-11-19',1463,7,0,2567,'C','1341500308485','2025-03-18 10:03:46'),('2024-11-19',1460,7,0,2567,'C','1341500308485','2025-03-18 10:03:46'),('2024-11-19',1459,7,0,2567,'C','1341500308485','2025-03-18 10:03:46'),('2024-11-19',1461,7,0,2567,'C','1341500308485','2025-03-18 10:03:46'),('2024-11-19',1464,7,0,2567,'C','1341500308485','2025-03-18 10:03:46'),('2024-11-19',1486,7,0,2567,'C','1341500308485','2025-03-18 10:03:46'),('2024-11-19',1488,7,0,2567,'C','1341500308485','2025-03-18 10:03:46'),('2024-11-19',1489,7,0,2567,'C','1341500308485','2025-03-18 10:03:46'),('2024-11-19',1508,7,0,2567,'C','1341500308485','2025-03-18 10:03:46'),('2024-11-19',1514,7,0,2567,'C','1341500308485','2025-03-18 10:03:46'),('2024-11-20',1462,7,0,2567,'C','1341500308485','2025-03-18 10:03:50'),('2024-11-20',1463,7,0,2567,'C','1341500308485','2025-03-18 10:03:50'),('2024-11-20',1460,7,0,2567,'C','1341500308485','2025-03-18 10:03:50'),('2024-11-20',1459,7,0,2567,'C','1341500308485','2025-03-18 10:03:50'),('2024-11-20',1461,7,0,2567,'C','1341500308485','2025-03-18 10:03:50'),('2024-11-20',1464,7,0,2567,'C','1341500308485','2025-03-18 10:03:50'),('2024-11-20',1486,7,0,2567,'C','1341500308485','2025-03-18 10:03:50'),('2024-11-20',1488,7,0,2567,'C','1341500308485','2025-03-18 10:03:50'),('2024-11-20',1489,7,0,2567,'C','1341500308485','2025-03-18 10:03:50'),('2024-11-20',1508,7,0,2567,'C','1341500308485','2025-03-18 10:03:50'),('2024-11-20',1514,7,0,2567,'C','1341500308485','2025-03-18 10:03:50'),('2024-11-21',1462,7,0,2567,'C','1341500308485','2025-03-18 10:03:55'),('2024-11-21',1463,7,0,2567,'C','1341500308485','2025-03-18 10:03:55'),('2024-11-21',1460,7,0,2567,'C','1341500308485','2025-03-18 10:03:55'),('2024-11-21',1459,7,0,2567,'C','1341500308485','2025-03-18 10:03:55'),('2024-11-21',1461,7,0,2567,'C','1341500308485','2025-03-18 10:03:55'),('2024-11-21',1464,7,0,2567,'C','1341500308485','2025-03-18 10:03:55'),('2024-11-21',1486,7,0,2567,'C','1341500308485','2025-03-18 10:03:55'),('2024-11-21',1488,7,0,2567,'C','1341500308485','2025-03-18 10:03:55'),('2024-11-21',1489,7,0,2567,'C','1341500308485','2025-03-18 10:03:55'),('2024-11-21',1508,7,0,2567,'C','1341500308485','2025-03-18 10:03:55'),('2024-11-21',1514,7,0,2567,'C','1341500308485','2025-03-18 10:03:55'),('2024-11-22',1462,7,0,2567,'C','1341500308485','2025-03-18 10:03:00'),('2024-11-22',1463,7,0,2567,'C','1341500308485','2025-03-18 10:03:00'),('2024-11-22',1460,7,0,2567,'C','1341500308485','2025-03-18 10:03:00'),('2024-11-22',1459,7,0,2567,'C','1341500308485','2025-03-18 10:03:00'),('2024-11-22',1461,7,0,2567,'C','1341500308485','2025-03-18 10:03:00'),('2024-11-22',1464,7,0,2567,'C','1341500308485','2025-03-18 10:03:00'),('2024-11-22',1486,7,0,2567,'C','1341500308485','2025-03-18 10:03:00'),('2024-11-22',1488,7,0,2567,'C','1341500308485','2025-03-18 10:03:00'),('2024-11-22',1489,7,0,2567,'C','1341500308485','2025-03-18 10:03:00'),('2024-11-22',1508,7,0,2567,'C','1341500308485','2025-03-18 10:03:00'),('2024-11-22',1514,7,0,2567,'C','1341500308485','2025-03-18 10:03:00'),('2024-11-25',1462,7,0,2567,'C','1341500308485','2025-03-18 10:03:04'),('2024-11-25',1463,7,0,2567,'C','1341500308485','2025-03-18 10:03:04'),('2024-11-25',1460,7,0,2567,'C','1341500308485','2025-03-18 10:03:04'),('2024-11-25',1459,7,0,2567,'C','1341500308485','2025-03-18 10:03:04'),('2024-11-25',1461,7,0,2567,'C','1341500308485','2025-03-18 10:03:04'),('2024-11-25',1464,7,0,2567,'C','1341500308485','2025-03-18 10:03:04'),('2024-11-25',1486,7,0,2567,'C','1341500308485','2025-03-18 10:03:04'),('2024-11-25',1488,7,0,2567,'C','1341500308485','2025-03-18 10:03:04'),('2024-11-25',1489,7,0,2567,'C','1341500308485','2025-03-18 10:03:04'),('2024-11-25',1508,7,0,2567,'C','1341500308485','2025-03-18 10:03:04'),('2024-11-25',1514,7,0,2567,'C','1341500308485','2025-03-18 10:03:04'),('2024-11-26',1462,7,0,2567,'C','1341500308485','2025-03-18 10:03:09'),('2024-11-26',1463,7,0,2567,'C','1341500308485','2025-03-18 10:03:09'),('2024-11-26',1460,7,0,2567,'C','1341500308485','2025-03-18 10:03:09'),('2024-11-26',1459,7,0,2567,'C','1341500308485','2025-03-18 10:03:09'),('2024-11-26',1461,7,0,2567,'C','1341500308485','2025-03-18 10:03:09'),('2024-11-26',1464,7,0,2567,'C','1341500308485','2025-03-18 10:03:09'),('2024-11-26',1486,7,0,2567,'C','1341500308485','2025-03-18 10:03:09'),('2024-11-26',1488,7,0,2567,'C','1341500308485','2025-03-18 10:03:09'),('2024-11-26',1489,7,0,2567,'C','1341500308485','2025-03-18 10:03:09'),('2024-11-26',1508,7,0,2567,'C','1341500308485','2025-03-18 10:03:09'),('2024-11-26',1514,7,0,2567,'C','1341500308485','2025-03-18 10:03:09'),('2024-11-27',1462,7,0,2567,'C','1341500308485','2025-03-18 10:03:14'),('2024-11-27',1463,7,0,2567,'C','1341500308485','2025-03-18 10:03:14'),('2024-11-27',1460,7,0,2567,'C','1341500308485','2025-03-18 10:03:14'),('2024-11-27',1459,7,0,2567,'C','1341500308485','2025-03-18 10:03:14'),('2024-11-27',1461,7,0,2567,'C','1341500308485','2025-03-18 10:03:14'),('2024-11-27',1464,7,0,2567,'C','1341500308485','2025-03-18 10:03:14'),('2024-11-27',1486,7,0,2567,'C','1341500308485','2025-03-18 10:03:14'),('2024-11-27',1488,7,0,2567,'C','1341500308485','2025-03-18 10:03:14'),('2024-11-27',1489,7,0,2567,'C','1341500308485','2025-03-18 10:03:14'),('2024-11-27',1508,7,0,2567,'C','1341500308485','2025-03-18 10:03:14'),('2024-11-27',1514,7,0,2567,'C','1341500308485','2025-03-18 10:03:14'),('2024-11-28',1462,7,0,2567,'C','1341500308485','2025-03-18 10:03:19'),('2024-11-28',1463,7,0,2567,'C','1341500308485','2025-03-18 10:03:19'),('2024-11-28',1460,7,0,2567,'C','1341500308485','2025-03-18 10:03:19'),('2024-11-28',1459,7,0,2567,'C','1341500308485','2025-03-18 10:03:19'),('2024-11-28',1461,7,0,2567,'C','1341500308485','2025-03-18 10:03:19'),('2024-11-28',1464,7,0,2567,'C','1341500308485','2025-03-18 10:03:19'),('2024-11-28',1486,7,0,2567,'C','1341500308485','2025-03-18 10:03:19'),('2024-11-28',1488,7,0,2567,'C','1341500308485','2025-03-18 10:03:19'),('2024-11-28',1489,7,0,2567,'C','1341500308485','2025-03-18 10:03:19'),('2024-11-28',1508,7,0,2567,'C','1341500308485','2025-03-18 10:03:19'),('2024-11-28',1514,7,0,2567,'C','1341500308485','2025-03-18 10:03:19'),('2024-11-29',1462,7,0,2567,'C','1341500308485','2025-03-18 10:03:24'),('2024-11-29',1463,7,0,2567,'C','1341500308485','2025-03-18 10:03:24'),('2024-11-29',1460,7,0,2567,'C','1341500308485','2025-03-18 10:03:24'),('2024-11-29',1459,7,0,2567,'C','1341500308485','2025-03-18 10:03:24'),('2024-11-29',1461,7,0,2567,'C','1341500308485','2025-03-18 10:03:24'),('2024-11-29',1464,7,0,2567,'C','1341500308485','2025-03-18 10:03:24'),('2024-11-29',1486,7,0,2567,'C','1341500308485','2025-03-18 10:03:24'),('2024-11-29',1488,7,0,2567,'C','1341500308485','2025-03-18 10:03:24'),('2024-11-29',1489,7,0,2567,'C','1341500308485','2025-03-18 10:03:24'),('2024-11-29',1508,7,0,2567,'C','1341500308485','2025-03-18 10:03:24'),('2024-11-29',1514,7,0,2567,'C','1341500308485','2025-03-18 10:03:24'),('2024-12-02',1462,7,0,2567,'S','1341500308485','2025-03-18 10:03:23'),('2024-12-02',1463,7,0,2567,'C','1341500308485','2025-03-18 10:03:23'),('2024-12-02',1460,7,0,2567,'C','1341500308485','2025-03-18 10:03:23'),('2024-12-02',1459,7,0,2567,'C','1341500308485','2025-03-18 10:03:23'),('2024-12-02',1461,7,0,2567,'C','1341500308485','2025-03-18 10:03:23'),('2024-12-02',1464,7,0,2567,'C','1341500308485','2025-03-18 10:03:23'),('2024-12-02',1486,7,0,2567,'C','1341500308485','2025-03-18 10:03:23'),('2024-12-02',1488,7,0,2567,'C','1341500308485','2025-03-18 10:03:23'),('2024-12-02',1489,7,0,2567,'C','1341500308485','2025-03-18 10:03:23'),('2024-12-02',1508,7,0,2567,'C','1341500308485','2025-03-18 10:03:23'),('2024-12-02',1514,7,0,2567,'C','1341500308485','2025-03-18 10:03:23'),('2024-12-03',1462,7,0,2567,'C','1341500308485','2025-03-18 10:03:30'),('2024-12-03',1463,7,0,2567,'C','1341500308485','2025-03-18 10:03:30'),('2024-12-03',1460,7,0,2567,'C','1341500308485','2025-03-18 10:03:30'),('2024-12-03',1459,7,0,2567,'C','1341500308485','2025-03-18 10:03:30'),('2024-12-03',1461,7,0,2567,'C','1341500308485','2025-03-18 10:03:30'),('2024-12-03',1464,7,0,2567,'C','1341500308485','2025-03-18 10:03:30'),('2024-12-03',1486,7,0,2567,'C','1341500308485','2025-03-18 10:03:30'),('2024-12-03',1488,7,0,2567,'C','1341500308485','2025-03-18 10:03:30'),('2024-12-03',1489,7,0,2567,'C','1341500308485','2025-03-18 10:03:30'),('2024-12-03',1508,7,0,2567,'C','1341500308485','2025-03-18 10:03:30'),('2024-12-03',1514,7,0,2567,'C','1341500308485','2025-03-18 10:03:30'),('2024-12-04',1462,7,0,2567,'C','1341500308485','2025-03-18 10:03:35'),('2024-12-04',1463,7,0,2567,'C','1341500308485','2025-03-18 10:03:35'),('2024-12-04',1460,7,0,2567,'C','1341500308485','2025-03-18 10:03:35'),('2024-12-04',1459,7,0,2567,'C','1341500308485','2025-03-18 10:03:35'),('2024-12-04',1461,7,0,2567,'C','1341500308485','2025-03-18 10:03:35'),('2024-12-04',1464,7,0,2567,'C','1341500308485','2025-03-18 10:03:35'),('2024-12-04',1486,7,0,2567,'C','1341500308485','2025-03-18 10:03:35'),('2024-12-04',1488,7,0,2567,'C','1341500308485','2025-03-18 10:03:35'),('2024-12-04',1489,7,0,2567,'C','1341500308485','2025-03-18 10:03:35'),('2024-12-04',1508,7,0,2567,'C','1341500308485','2025-03-18 10:03:35'),('2024-12-04',1514,7,0,2567,'C','1341500308485','2025-03-18 10:03:35'),('2024-12-05',1462,7,0,2567,'C','1341500308485','2025-03-18 10:03:39'),('2024-12-05',1463,7,0,2567,'C','1341500308485','2025-03-18 10:03:39'),('2024-12-05',1460,7,0,2567,'C','1341500308485','2025-03-18 10:03:39'),('2024-12-05',1459,7,0,2567,'C','1341500308485','2025-03-18 10:03:39'),('2024-12-05',1461,7,0,2567,'C','1341500308485','2025-03-18 10:03:39'),('2024-12-05',1464,7,0,2567,'C','1341500308485','2025-03-18 10:03:39'),('2024-12-05',1486,7,0,2567,'C','1341500308485','2025-03-18 10:03:39'),('2024-12-05',1488,7,0,2567,'C','1341500308485','2025-03-18 10:03:39'),('2024-12-05',1489,7,0,2567,'C','1341500308485','2025-03-18 10:03:39'),('2024-12-05',1508,7,0,2567,'C','1341500308485','2025-03-18 10:03:39'),('2024-12-05',1514,7,0,2567,'C','1341500308485','2025-03-18 10:03:39'),('2024-12-06',1462,7,0,2567,'C','1341500308485','2025-03-18 10:03:42'),('2024-12-06',1463,7,0,2567,'C','1341500308485','2025-03-18 10:03:42'),('2024-12-06',1460,7,0,2567,'C','1341500308485','2025-03-18 10:03:42'),('2024-12-06',1459,7,0,2567,'C','1341500308485','2025-03-18 10:03:42'),('2024-12-06',1461,7,0,2567,'C','1341500308485','2025-03-18 10:03:42'),('2024-12-06',1464,7,0,2567,'C','1341500308485','2025-03-18 10:03:42'),('2024-12-06',1486,7,0,2567,'C','1341500308485','2025-03-18 10:03:42'),('2024-12-06',1488,7,0,2567,'C','1341500308485','2025-03-18 10:03:42'),('2024-12-06',1489,7,0,2567,'C','1341500308485','2025-03-18 10:03:42'),('2024-12-06',1508,7,0,2567,'C','1341500308485','2025-03-18 10:03:42'),('2024-12-06',1514,7,0,2567,'C','1341500308485','2025-03-18 10:03:42'),('2024-12-09',1462,7,0,2567,'C','1341500308485','2025-03-18 10:03:50'),('2024-12-09',1463,7,0,2567,'C','1341500308485','2025-03-18 10:03:50'),('2024-12-09',1460,7,0,2567,'C','1341500308485','2025-03-18 10:03:50'),('2024-12-09',1459,7,0,2567,'C','1341500308485','2025-03-18 10:03:50'),('2024-12-09',1461,7,0,2567,'C','1341500308485','2025-03-18 10:03:50'),('2024-12-09',1464,7,0,2567,'C','1341500308485','2025-03-18 10:03:50'),('2024-12-09',1486,7,0,2567,'C','1341500308485','2025-03-18 10:03:50'),('2024-12-09',1488,7,0,2567,'C','1341500308485','2025-03-18 10:03:50'),('2024-12-09',1489,7,0,2567,'C','1341500308485','2025-03-18 10:03:50'),('2024-12-09',1508,7,0,2567,'C','1341500308485','2025-03-18 10:03:50'),('2024-12-09',1514,7,0,2567,'C','1341500308485','2025-03-18 10:03:50'),('2024-12-10',1462,7,0,2567,'C','1341500308485','2025-03-18 10:03:54'),('2024-12-10',1463,7,0,2567,'C','1341500308485','2025-03-18 10:03:54'),('2024-12-10',1460,7,0,2567,'C','1341500308485','2025-03-18 10:03:54'),('2024-12-10',1459,7,0,2567,'C','1341500308485','2025-03-18 10:03:54'),('2024-12-10',1461,7,0,2567,'C','1341500308485','2025-03-18 10:03:54'),('2024-12-10',1464,7,0,2567,'C','1341500308485','2025-03-18 10:03:54'),('2024-12-10',1486,7,0,2567,'C','1341500308485','2025-03-18 10:03:54'),('2024-12-10',1488,7,0,2567,'C','1341500308485','2025-03-18 10:03:54'),('2024-12-10',1489,7,0,2567,'C','1341500308485','2025-03-18 10:03:54'),('2024-12-10',1508,7,0,2567,'C','1341500308485','2025-03-18 10:03:54'),('2024-12-10',1514,7,0,2567,'C','1341500308485','2025-03-18 10:03:54'),('2024-12-11',1462,7,0,2567,'C','1341500308485','2025-03-18 10:03:58'),('2024-12-11',1463,7,0,2567,'C','1341500308485','2025-03-18 10:03:58'),('2024-12-11',1460,7,0,2567,'C','1341500308485','2025-03-18 10:03:58'),('2024-12-11',1459,7,0,2567,'C','1341500308485','2025-03-18 10:03:58'),('2024-12-11',1461,7,0,2567,'C','1341500308485','2025-03-18 10:03:58'),('2024-12-11',1464,7,0,2567,'C','1341500308485','2025-03-18 10:03:58'),('2024-12-11',1486,7,0,2567,'C','1341500308485','2025-03-18 10:03:58'),('2024-12-11',1488,7,0,2567,'C','1341500308485','2025-03-18 10:03:58'),('2024-12-11',1489,7,0,2567,'C','1341500308485','2025-03-18 10:03:58'),('2024-12-11',1508,7,0,2567,'C','1341500308485','2025-03-18 10:03:58'),('2024-12-11',1514,7,0,2567,'C','1341500308485','2025-03-18 10:03:58'),('2024-12-12',1462,7,0,2567,'C','1341500308485','2025-03-18 10:03:02'),('2024-12-12',1463,7,0,2567,'C','1341500308485','2025-03-18 10:03:02'),('2024-12-12',1460,7,0,2567,'C','1341500308485','2025-03-18 10:03:02'),('2024-12-12',1459,7,0,2567,'C','1341500308485','2025-03-18 10:03:02'),('2024-12-12',1461,7,0,2567,'C','1341500308485','2025-03-18 10:03:02'),('2024-12-12',1464,7,0,2567,'C','1341500308485','2025-03-18 10:03:02'),('2024-12-12',1486,7,0,2567,'C','1341500308485','2025-03-18 10:03:02'),('2024-12-12',1488,7,0,2567,'C','1341500308485','2025-03-18 10:03:02'),('2024-12-12',1489,7,0,2567,'C','1341500308485','2025-03-18 10:03:02'),('2024-12-12',1508,7,0,2567,'C','1341500308485','2025-03-18 10:03:02'),('2024-12-12',1514,7,0,2567,'C','1341500308485','2025-03-18 10:03:02'),('2024-12-13',1462,7,0,2567,'C','1341500308485','2025-03-18 10:03:06'),('2024-12-13',1463,7,0,2567,'C','1341500308485','2025-03-18 10:03:06'),('2024-12-13',1460,7,0,2567,'C','1341500308485','2025-03-18 10:03:06'),('2024-12-13',1459,7,0,2567,'C','1341500308485','2025-03-18 10:03:06'),('2024-12-13',1461,7,0,2567,'C','1341500308485','2025-03-18 10:03:06'),('2024-12-13',1464,7,0,2567,'C','1341500308485','2025-03-18 10:03:06'),('2024-12-13',1486,7,0,2567,'C','1341500308485','2025-03-18 10:03:06'),('2024-12-13',1488,7,0,2567,'C','1341500308485','2025-03-18 10:03:06'),('2024-12-13',1489,7,0,2567,'C','1341500308485','2025-03-18 10:03:06'),('2024-12-13',1508,7,0,2567,'C','1341500308485','2025-03-18 10:03:06'),('2024-12-13',1514,7,0,2567,'C','1341500308485','2025-03-18 10:03:06'),('2024-12-16',1462,7,0,2567,'C','1341500308485','2025-03-18 10:03:12'),('2024-12-16',1463,7,0,2567,'C','1341500308485','2025-03-18 10:03:12'),('2024-12-16',1460,7,0,2567,'C','1341500308485','2025-03-18 10:03:12'),('2024-12-16',1459,7,0,2567,'C','1341500308485','2025-03-18 10:03:12'),('2024-12-16',1461,7,0,2567,'C','1341500308485','2025-03-18 10:03:12'),('2024-12-16',1464,7,0,2567,'C','1341500308485','2025-03-18 10:03:12'),('2024-12-16',1486,7,0,2567,'C','1341500308485','2025-03-18 10:03:12'),('2024-12-16',1488,7,0,2567,'C','1341500308485','2025-03-18 10:03:12'),('2024-12-16',1489,7,0,2567,'C','1341500308485','2025-03-18 10:03:12'),('2024-12-16',1508,7,0,2567,'C','1341500308485','2025-03-18 10:03:12'),('2024-12-16',1514,7,0,2567,'C','1341500308485','2025-03-18 10:03:12'),('2024-12-17',1462,7,0,2567,'C','1341500308485','2025-03-18 10:03:15'),('2024-12-17',1463,7,0,2567,'C','1341500308485','2025-03-18 10:03:15'),('2024-12-17',1460,7,0,2567,'C','1341500308485','2025-03-18 10:03:15'),('2024-12-17',1459,7,0,2567,'C','1341500308485','2025-03-18 10:03:15'),('2024-12-17',1461,7,0,2567,'C','1341500308485','2025-03-18 10:03:15'),('2024-12-17',1464,7,0,2567,'C','1341500308485','2025-03-18 10:03:15'),('2024-12-17',1486,7,0,2567,'C','1341500308485','2025-03-18 10:03:15'),('2024-12-17',1488,7,0,2567,'C','1341500308485','2025-03-18 10:03:15'),('2024-12-17',1489,7,0,2567,'C','1341500308485','2025-03-18 10:03:15'),('2024-12-17',1508,7,0,2567,'C','1341500308485','2025-03-18 10:03:15'),('2024-12-17',1514,7,0,2567,'C','1341500308485','2025-03-18 10:03:15'),('2024-12-18',1462,7,0,2567,'C','1341500308485','2025-03-18 10:03:20'),('2024-12-18',1463,7,0,2567,'C','1341500308485','2025-03-18 10:03:20'),('2024-12-18',1460,7,0,2567,'C','1341500308485','2025-03-18 10:03:20'),('2024-12-18',1459,7,0,2567,'C','1341500308485','2025-03-18 10:03:20'),('2024-12-18',1461,7,0,2567,'C','1341500308485','2025-03-18 10:03:20'),('2024-12-18',1464,7,0,2567,'C','1341500308485','2025-03-18 10:03:20'),('2024-12-18',1486,7,0,2567,'C','1341500308485','2025-03-18 10:03:20'),('2024-12-18',1488,7,0,2567,'C','1341500308485','2025-03-18 10:03:20'),('2024-12-18',1489,7,0,2567,'C','1341500308485','2025-03-18 10:03:20'),('2024-12-18',1508,7,0,2567,'C','1341500308485','2025-03-18 10:03:20'),('2024-12-18',1514,7,0,2567,'C','1341500308485','2025-03-18 10:03:20'),('2024-12-19',1462,7,0,2567,'C','1341500308485','2025-03-18 10:03:24'),('2024-12-19',1463,7,0,2567,'C','1341500308485','2025-03-18 10:03:24'),('2024-12-19',1460,7,0,2567,'C','1341500308485','2025-03-18 10:03:24'),('2024-12-19',1459,7,0,2567,'C','1341500308485','2025-03-18 10:03:24'),('2024-12-19',1461,7,0,2567,'C','1341500308485','2025-03-18 10:03:24'),('2024-12-19',1464,7,0,2567,'C','1341500308485','2025-03-18 10:03:24'),('2024-12-19',1486,7,0,2567,'C','1341500308485','2025-03-18 10:03:24'),('2024-12-19',1488,7,0,2567,'C','1341500308485','2025-03-18 10:03:24'),('2024-12-19',1489,7,0,2567,'C','1341500308485','2025-03-18 10:03:24'),('2024-12-19',1508,7,0,2567,'C','1341500308485','2025-03-18 10:03:24'),('2024-12-19',1514,7,0,2567,'C','1341500308485','2025-03-18 10:03:24'),('2024-12-20',1462,7,0,2567,'C','1341500308485','2025-03-18 10:03:29'),('2024-12-20',1463,7,0,2567,'C','1341500308485','2025-03-18 10:03:29'),('2024-12-20',1460,7,0,2567,'C','1341500308485','2025-03-18 10:03:29'),('2024-12-20',1459,7,0,2567,'C','1341500308485','2025-03-18 10:03:29'),('2024-12-20',1461,7,0,2567,'C','1341500308485','2025-03-18 10:03:29'),('2024-12-20',1464,7,0,2567,'C','1341500308485','2025-03-18 10:03:29'),('2024-12-20',1486,7,0,2567,'C','1341500308485','2025-03-18 10:03:29'),('2024-12-20',1488,7,0,2567,'C','1341500308485','2025-03-18 10:03:29'),('2024-12-20',1489,7,0,2567,'C','1341500308485','2025-03-18 10:03:29'),('2024-12-20',1508,7,0,2567,'C','1341500308485','2025-03-18 10:03:29'),('2024-12-20',1514,7,0,2567,'C','1341500308485','2025-03-18 10:03:29'),('2024-12-23',1462,7,0,2567,'C','1341500308485','2025-03-18 10:03:33'),('2024-12-23',1463,7,0,2567,'C','1341500308485','2025-03-18 10:03:33'),('2024-12-23',1460,7,0,2567,'C','1341500308485','2025-03-18 10:03:33'),('2024-12-23',1459,7,0,2567,'C','1341500308485','2025-03-18 10:03:33'),('2024-12-23',1461,7,0,2567,'C','1341500308485','2025-03-18 10:03:33'),('2024-12-23',1464,7,0,2567,'C','1341500308485','2025-03-18 10:03:33'),('2024-12-23',1486,7,0,2567,'C','1341500308485','2025-03-18 10:03:33'),('2024-12-23',1488,7,0,2567,'C','1341500308485','2025-03-18 10:03:33'),('2024-12-23',1489,7,0,2567,'C','1341500308485','2025-03-18 10:03:33'),('2024-12-23',1508,7,0,2567,'C','1341500308485','2025-03-18 10:03:33'),('2024-12-23',1514,7,0,2567,'C','1341500308485','2025-03-18 10:03:33'),('2024-12-24',1462,7,0,2567,'C','1341500308485','2025-03-18 10:03:38'),('2024-12-24',1463,7,0,2567,'C','1341500308485','2025-03-18 10:03:38'),('2024-12-24',1460,7,0,2567,'C','1341500308485','2025-03-18 10:03:38'),('2024-12-24',1459,7,0,2567,'C','1341500308485','2025-03-18 10:03:38'),('2024-12-24',1461,7,0,2567,'C','1341500308485','2025-03-18 10:03:38'),('2024-12-24',1464,7,0,2567,'C','1341500308485','2025-03-18 10:03:38'),('2024-12-24',1486,7,0,2567,'C','1341500308485','2025-03-18 10:03:38'),('2024-12-24',1488,7,0,2567,'C','1341500308485','2025-03-18 10:03:38'),('2024-12-24',1489,7,0,2567,'C','1341500308485','2025-03-18 10:03:38'),('2024-12-24',1508,7,0,2567,'C','1341500308485','2025-03-18 10:03:38'),('2024-12-24',1514,7,0,2567,'C','1341500308485','2025-03-18 10:03:38'),('2024-12-25',1462,7,0,2567,'C','1341500308485','2025-03-18 10:03:43'),('2024-12-25',1463,7,0,2567,'C','1341500308485','2025-03-18 10:03:43'),('2024-12-25',1460,7,0,2567,'C','1341500308485','2025-03-18 10:03:43'),('2024-12-25',1459,7,0,2567,'C','1341500308485','2025-03-18 10:03:43'),('2024-12-25',1461,7,0,2567,'C','1341500308485','2025-03-18 10:03:43'),('2024-12-25',1464,7,0,2567,'C','1341500308485','2025-03-18 10:03:43'),('2024-12-25',1486,7,0,2567,'C','1341500308485','2025-03-18 10:03:43'),('2024-12-25',1488,7,0,2567,'C','1341500308485','2025-03-18 10:03:43'),('2024-12-25',1489,7,0,2567,'C','1341500308485','2025-03-18 10:03:43'),('2024-12-25',1508,7,0,2567,'C','1341500308485','2025-03-18 10:03:43'),('2024-12-25',1514,7,0,2567,'C','1341500308485','2025-03-18 10:03:43'),('2024-12-26',1462,7,0,2567,'C','1341500308485','2025-03-18 10:03:47'),('2024-12-26',1463,7,0,2567,'C','1341500308485','2025-03-18 10:03:47'),('2024-12-26',1460,7,0,2567,'C','1341500308485','2025-03-18 10:03:47'),('2024-12-26',1459,7,0,2567,'C','1341500308485','2025-03-18 10:03:47'),('2024-12-26',1461,7,0,2567,'C','1341500308485','2025-03-18 10:03:47'),('2024-12-26',1464,7,0,2567,'C','1341500308485','2025-03-18 10:03:47'),('2024-12-26',1486,7,0,2567,'C','1341500308485','2025-03-18 10:03:47'),('2024-12-26',1488,7,0,2567,'C','1341500308485','2025-03-18 10:03:47'),('2024-12-26',1489,7,0,2567,'C','1341500308485','2025-03-18 10:03:47'),('2024-12-26',1508,7,0,2567,'C','1341500308485','2025-03-18 10:03:47'),('2024-12-26',1514,7,0,2567,'C','1341500308485','2025-03-18 10:03:47'),('2024-12-27',1462,7,0,2567,'C','1341500308485','2025-03-18 10:03:51'),('2024-12-27',1463,7,0,2567,'C','1341500308485','2025-03-18 10:03:51'),('2024-12-27',1460,7,0,2567,'C','1341500308485','2025-03-18 10:03:51'),('2024-12-27',1459,7,0,2567,'C','1341500308485','2025-03-18 10:03:51'),('2024-12-27',1461,7,0,2567,'C','1341500308485','2025-03-18 10:03:51'),('2024-12-27',1464,7,0,2567,'C','1341500308485','2025-03-18 10:03:51'),('2024-12-27',1486,7,0,2567,'C','1341500308485','2025-03-18 10:03:51'),('2024-12-27',1488,7,0,2567,'C','1341500308485','2025-03-18 10:03:51'),('2024-12-27',1489,7,0,2567,'C','1341500308485','2025-03-18 10:03:51'),('2024-12-27',1508,7,0,2567,'C','1341500308485','2025-03-18 10:03:51'),('2024-12-27',1514,7,0,2567,'C','1341500308485','2025-03-18 10:03:51'),('2025-01-02',1462,7,0,2567,'C','1341500308485','2025-03-18 10:03:26'),('2025-01-02',1463,7,0,2567,'C','1341500308485','2025-03-18 10:03:26'),('2025-01-02',1460,7,0,2567,'C','1341500308485','2025-03-18 10:03:26'),('2025-01-02',1459,7,0,2567,'C','1341500308485','2025-03-18 10:03:26'),('2025-01-02',1461,7,0,2567,'C','1341500308485','2025-03-18 10:03:26'),('2025-01-02',1464,7,0,2567,'C','1341500308485','2025-03-18 10:03:26'),('2025-01-02',1486,7,0,2567,'C','1341500308485','2025-03-18 10:03:26'),('2025-01-02',1488,7,0,2567,'C','1341500308485','2025-03-18 10:03:26'),('2025-01-02',1489,7,0,2567,'C','1341500308485','2025-03-18 10:03:26'),('2025-01-02',1508,7,0,2567,'C','1341500308485','2025-03-18 10:03:26'),('2025-01-02',1514,7,0,2567,'C','1341500308485','2025-03-18 10:03:26'),('2025-01-03',1462,7,0,2567,'C','1341500308485','2025-03-18 10:03:31'),('2025-01-03',1463,7,0,2567,'C','1341500308485','2025-03-18 10:03:31'),('2025-01-03',1460,7,0,2567,'C','1341500308485','2025-03-18 10:03:31'),('2025-01-03',1459,7,0,2567,'C','1341500308485','2025-03-18 10:03:31'),('2025-01-03',1461,7,0,2567,'C','1341500308485','2025-03-18 10:03:31'),('2025-01-03',1464,7,0,2567,'C','1341500308485','2025-03-18 10:03:31'),('2025-01-03',1486,7,0,2567,'C','1341500308485','2025-03-18 10:03:31'),('2025-01-03',1488,7,0,2567,'C','1341500308485','2025-03-18 10:03:31'),('2025-01-03',1489,7,0,2567,'C','1341500308485','2025-03-18 10:03:31'),('2025-01-03',1508,7,0,2567,'C','1341500308485','2025-03-18 10:03:31'),('2025-01-03',1514,7,0,2567,'C','1341500308485','2025-03-18 10:03:31'),('2025-01-06',1462,7,0,2567,'C','1341500308485','2025-03-18 10:03:36'),('2025-01-06',1463,7,0,2567,'C','1341500308485','2025-03-18 10:03:36'),('2025-01-06',1460,7,0,2567,'C','1341500308485','2025-03-18 10:03:36'),('2025-01-06',1459,7,0,2567,'C','1341500308485','2025-03-18 10:03:36'),('2025-01-06',1461,7,0,2567,'C','1341500308485','2025-03-18 10:03:36'),('2025-01-06',1464,7,0,2567,'C','1341500308485','2025-03-18 10:03:36'),('2025-01-06',1486,7,0,2567,'C','1341500308485','2025-03-18 10:03:36'),('2025-01-06',1488,7,0,2567,'C','1341500308485','2025-03-18 10:03:36'),('2025-01-06',1489,7,0,2567,'C','1341500308485','2025-03-18 10:03:36'),('2025-01-06',1508,7,0,2567,'C','1341500308485','2025-03-18 10:03:36'),('2025-01-06',1514,7,0,2567,'C','1341500308485','2025-03-18 10:03:36'),('2025-01-07',1462,7,0,2567,'C','1341500308485','2025-03-18 10:03:40'),('2025-01-07',1463,7,0,2567,'C','1341500308485','2025-03-18 10:03:40'),('2025-01-07',1460,7,0,2567,'C','1341500308485','2025-03-18 10:03:40'),('2025-01-07',1459,7,0,2567,'C','1341500308485','2025-03-18 10:03:40'),('2025-01-07',1461,7,0,2567,'C','1341500308485','2025-03-18 10:03:40'),('2025-01-07',1464,7,0,2567,'C','1341500308485','2025-03-18 10:03:40'),('2025-01-07',1486,7,0,2567,'C','1341500308485','2025-03-18 10:03:40'),('2025-01-07',1488,7,0,2567,'C','1341500308485','2025-03-18 10:03:40'),('2025-01-07',1489,7,0,2567,'C','1341500308485','2025-03-18 10:03:40'),('2025-01-07',1508,7,0,2567,'C','1341500308485','2025-03-18 10:03:40'),('2025-01-07',1514,7,0,2567,'C','1341500308485','2025-03-18 10:03:40'),('2025-01-08',1462,7,0,2567,'C','1341500308485','2025-03-18 10:03:44'),('2025-01-08',1463,7,0,2567,'C','1341500308485','2025-03-18 10:03:44'),('2025-01-08',1460,7,0,2567,'C','1341500308485','2025-03-18 10:03:44'),('2025-01-08',1459,7,0,2567,'C','1341500308485','2025-03-18 10:03:44'),('2025-01-08',1461,7,0,2567,'C','1341500308485','2025-03-18 10:03:44'),('2025-01-08',1464,7,0,2567,'C','1341500308485','2025-03-18 10:03:44'),('2025-01-08',1486,7,0,2567,'C','1341500308485','2025-03-18 10:03:44'),('2025-01-08',1488,7,0,2567,'C','1341500308485','2025-03-18 10:03:44'),('2025-01-08',1489,7,0,2567,'C','1341500308485','2025-03-18 10:03:44'),('2025-01-08',1508,7,0,2567,'C','1341500308485','2025-03-18 10:03:44'),('2025-01-08',1514,7,0,2567,'C','1341500308485','2025-03-18 10:03:44'),('2025-01-09',1462,7,0,2567,'C','1341500308485','2025-03-18 10:03:48'),('2025-01-09',1463,7,0,2567,'C','1341500308485','2025-03-18 10:03:48'),('2025-01-09',1460,7,0,2567,'C','1341500308485','2025-03-18 10:03:48'),('2025-01-09',1459,7,0,2567,'C','1341500308485','2025-03-18 10:03:48'),('2025-01-09',1461,7,0,2567,'C','1341500308485','2025-03-18 10:03:48'),('2025-01-09',1464,7,0,2567,'C','1341500308485','2025-03-18 10:03:48'),('2025-01-09',1486,7,0,2567,'C','1341500308485','2025-03-18 10:03:48'),('2025-01-09',1488,7,0,2567,'C','1341500308485','2025-03-18 10:03:48'),('2025-01-09',1489,7,0,2567,'C','1341500308485','2025-03-18 10:03:48'),('2025-01-09',1508,7,0,2567,'C','1341500308485','2025-03-18 10:03:48'),('2025-01-09',1514,7,0,2567,'C','1341500308485','2025-03-18 10:03:48'),('2025-01-10',1462,7,0,2567,'C','1341500308485','2025-03-18 10:03:53'),('2025-01-10',1463,7,0,2567,'C','1341500308485','2025-03-18 10:03:53'),('2025-01-10',1460,7,0,2567,'C','1341500308485','2025-03-18 10:03:53'),('2025-01-10',1459,7,0,2567,'C','1341500308485','2025-03-18 10:03:53'),('2025-01-10',1461,7,0,2567,'C','1341500308485','2025-03-18 10:03:53'),('2025-01-10',1464,7,0,2567,'C','1341500308485','2025-03-18 10:03:53'),('2025-01-10',1486,7,0,2567,'C','1341500308485','2025-03-18 10:03:53'),('2025-01-10',1488,7,0,2567,'C','1341500308485','2025-03-18 10:03:53'),('2025-01-10',1489,7,0,2567,'C','1341500308485','2025-03-18 10:03:53'),('2025-01-10',1508,7,0,2567,'C','1341500308485','2025-03-18 10:03:53'),('2025-01-10',1514,7,0,2567,'C','1341500308485','2025-03-18 10:03:53'),('2025-01-13',1462,7,0,2567,'C','1341500308485','2025-03-18 10:03:58'),('2025-01-13',1463,7,0,2567,'C','1341500308485','2025-03-18 10:03:58'),('2025-01-13',1460,7,0,2567,'C','1341500308485','2025-03-18 10:03:58'),('2025-01-13',1459,7,0,2567,'C','1341500308485','2025-03-18 10:03:58'),('2025-01-13',1461,7,0,2567,'C','1341500308485','2025-03-18 10:03:58'),('2025-01-13',1464,7,0,2567,'C','1341500308485','2025-03-18 10:03:58'),('2025-01-13',1486,7,0,2567,'C','1341500308485','2025-03-18 10:03:58'),('2025-01-13',1488,7,0,2567,'C','1341500308485','2025-03-18 10:03:58'),('2025-01-13',1489,7,0,2567,'C','1341500308485','2025-03-18 10:03:58'),('2025-01-13',1508,7,0,2567,'C','1341500308485','2025-03-18 10:03:58'),('2025-01-13',1514,7,0,2567,'C','1341500308485','2025-03-18 10:03:58'),('2025-01-14',1462,7,0,2567,'C','1341500308485','2025-03-18 10:03:02'),('2025-01-14',1463,7,0,2567,'C','1341500308485','2025-03-18 10:03:02'),('2025-01-14',1460,7,0,2567,'C','1341500308485','2025-03-18 10:03:02'),('2025-01-14',1459,7,0,2567,'C','1341500308485','2025-03-18 10:03:02'),('2025-01-14',1461,7,0,2567,'C','1341500308485','2025-03-18 10:03:02'),('2025-01-14',1464,7,0,2567,'C','1341500308485','2025-03-18 10:03:02'),('2025-01-14',1486,7,0,2567,'C','1341500308485','2025-03-18 10:03:02'),('2025-01-14',1488,7,0,2567,'C','1341500308485','2025-03-18 10:03:02'),('2025-01-14',1489,7,0,2567,'C','1341500308485','2025-03-18 10:03:02'),('2025-01-14',1508,7,0,2567,'C','1341500308485','2025-03-18 10:03:02'),('2025-01-14',1514,7,0,2567,'C','1341500308485','2025-03-18 10:03:02'),('2025-01-15',1462,7,0,2567,'C','1341500308485','2025-03-18 10:03:06'),('2025-01-15',1463,7,0,2567,'C','1341500308485','2025-03-18 10:03:06'),('2025-01-15',1460,7,0,2567,'C','1341500308485','2025-03-18 10:03:06'),('2025-01-15',1459,7,0,2567,'C','1341500308485','2025-03-18 10:03:06'),('2025-01-15',1461,7,0,2567,'C','1341500308485','2025-03-18 10:03:06'),('2025-01-15',1464,7,0,2567,'C','1341500308485','2025-03-18 10:03:06'),('2025-01-15',1486,7,0,2567,'C','1341500308485','2025-03-18 10:03:06'),('2025-01-15',1488,7,0,2567,'C','1341500308485','2025-03-18 10:03:06'),('2025-01-15',1489,7,0,2567,'C','1341500308485','2025-03-18 10:03:06'),('2025-01-15',1508,7,0,2567,'C','1341500308485','2025-03-18 10:03:06'),('2025-01-15',1514,7,0,2567,'C','1341500308485','2025-03-18 10:03:06'),('2025-01-17',1462,7,0,2567,'C','1341500308485','2025-03-18 10:03:14'),('2025-01-17',1463,7,0,2567,'C','1341500308485','2025-03-18 10:03:14'),('2025-01-17',1460,7,0,2567,'C','1341500308485','2025-03-18 10:03:14'),('2025-01-17',1459,7,0,2567,'C','1341500308485','2025-03-18 10:03:14'),('2025-01-17',1461,7,0,2567,'C','1341500308485','2025-03-18 10:03:14'),('2025-01-17',1464,7,0,2567,'C','1341500308485','2025-03-18 10:03:14'),('2025-01-17',1486,7,0,2567,'C','1341500308485','2025-03-18 10:03:14'),('2025-01-17',1488,7,0,2567,'C','1341500308485','2025-03-18 10:03:14'),('2025-01-17',1489,7,0,2567,'C','1341500308485','2025-03-18 10:03:14'),('2025-01-17',1508,7,0,2567,'C','1341500308485','2025-03-18 10:03:14'),('2025-01-17',1514,7,0,2567,'C','1341500308485','2025-03-18 10:03:14'),('2025-01-20',1462,7,0,2567,'C','1341500308485','2025-03-18 10:03:19'),('2025-01-20',1463,7,0,2567,'C','1341500308485','2025-03-18 10:03:19'),('2025-01-20',1460,7,0,2567,'C','1341500308485','2025-03-18 10:03:19'),('2025-01-20',1459,7,0,2567,'C','1341500308485','2025-03-18 10:03:19'),('2025-01-20',1461,7,0,2567,'C','1341500308485','2025-03-18 10:03:19'),('2025-01-20',1464,7,0,2567,'C','1341500308485','2025-03-18 10:03:19'),('2025-01-20',1486,7,0,2567,'C','1341500308485','2025-03-18 10:03:19'),('2025-01-20',1488,7,0,2567,'C','1341500308485','2025-03-18 10:03:19'),('2025-01-20',1489,7,0,2567,'C','1341500308485','2025-03-18 10:03:19'),('2025-01-20',1508,7,0,2567,'C','1341500308485','2025-03-18 10:03:19'),('2025-01-20',1514,7,0,2567,'C','1341500308485','2025-03-18 10:03:19'),('2025-01-21',1462,7,0,2567,'C','1341500308485','2025-03-18 10:03:23'),('2025-01-21',1463,7,0,2567,'C','1341500308485','2025-03-18 10:03:23'),('2025-01-21',1460,7,0,2567,'C','1341500308485','2025-03-18 10:03:23'),('2025-01-21',1459,7,0,2567,'C','1341500308485','2025-03-18 10:03:23'),('2025-01-21',1461,7,0,2567,'C','1341500308485','2025-03-18 10:03:23'),('2025-01-21',1464,7,0,2567,'C','1341500308485','2025-03-18 10:03:23'),('2025-01-21',1486,7,0,2567,'C','1341500308485','2025-03-18 10:03:23'),('2025-01-21',1488,7,0,2567,'C','1341500308485','2025-03-18 10:03:23'),('2025-01-21',1489,7,0,2567,'C','1341500308485','2025-03-18 10:03:23'),('2025-01-21',1508,7,0,2567,'C','1341500308485','2025-03-18 10:03:23'),('2025-01-21',1514,7,0,2567,'C','1341500308485','2025-03-18 10:03:23'),('2025-01-22',1462,7,0,2567,'C','1341500308485','2025-03-18 10:03:28'),('2025-01-22',1463,7,0,2567,'C','1341500308485','2025-03-18 10:03:28'),('2025-01-22',1460,7,0,2567,'C','1341500308485','2025-03-18 10:03:28'),('2025-01-22',1459,7,0,2567,'C','1341500308485','2025-03-18 10:03:28'),('2025-01-22',1461,7,0,2567,'C','1341500308485','2025-03-18 10:03:28'),('2025-01-22',1464,7,0,2567,'C','1341500308485','2025-03-18 10:03:28'),('2025-01-22',1486,7,0,2567,'C','1341500308485','2025-03-18 10:03:28'),('2025-01-22',1488,7,0,2567,'C','1341500308485','2025-03-18 10:03:28'),('2025-01-22',1489,7,0,2567,'C','1341500308485','2025-03-18 10:03:28'),('2025-01-22',1508,7,0,2567,'C','1341500308485','2025-03-18 10:03:28'),('2025-01-22',1514,7,0,2567,'C','1341500308485','2025-03-18 10:03:28'),('2025-01-23',1462,7,0,2567,'C','1341500308485','2025-03-18 10:03:33'),('2025-01-23',1463,7,0,2567,'C','1341500308485','2025-03-18 10:03:33'),('2025-01-23',1460,7,0,2567,'C','1341500308485','2025-03-18 10:03:33'),('2025-01-23',1459,7,0,2567,'C','1341500308485','2025-03-18 10:03:33'),('2025-01-23',1461,7,0,2567,'C','1341500308485','2025-03-18 10:03:33'),('2025-01-23',1464,7,0,2567,'C','1341500308485','2025-03-18 10:03:33'),('2025-01-23',1486,7,0,2567,'C','1341500308485','2025-03-18 10:03:33'),('2025-01-23',1488,7,0,2567,'C','1341500308485','2025-03-18 10:03:33'),('2025-01-23',1489,7,0,2567,'C','1341500308485','2025-03-18 10:03:33'),('2025-01-23',1508,7,0,2567,'C','1341500308485','2025-03-18 10:03:33'),('2025-01-23',1514,7,0,2567,'C','1341500308485','2025-03-18 10:03:33'),('2025-01-24',1462,7,0,2567,'C','1341500308485','2025-03-18 10:03:44'),('2025-01-24',1463,7,0,2567,'C','1341500308485','2025-03-18 10:03:44'),('2025-01-24',1460,7,0,2567,'C','1341500308485','2025-03-18 10:03:44'),('2025-01-24',1459,7,0,2567,'C','1341500308485','2025-03-18 10:03:44'),('2025-01-24',1461,7,0,2567,'C','1341500308485','2025-03-18 10:03:44'),('2025-01-24',1464,7,0,2567,'C','1341500308485','2025-03-18 10:03:44'),('2025-01-24',1486,7,0,2567,'C','1341500308485','2025-03-18 10:03:44'),('2025-01-24',1488,7,0,2567,'C','1341500308485','2025-03-18 10:03:44'),('2025-01-24',1489,7,0,2567,'C','1341500308485','2025-03-18 10:03:44'),('2025-01-24',1508,7,0,2567,'C','1341500308485','2025-03-18 10:03:44'),('2025-01-24',1514,7,0,2567,'C','1341500308485','2025-03-18 10:03:44'),('2025-01-27',1462,7,0,2567,'C','1341500308485','2025-03-18 10:03:49'),('2025-01-27',1463,7,0,2567,'C','1341500308485','2025-03-18 10:03:49'),('2025-01-27',1460,7,0,2567,'C','1341500308485','2025-03-18 10:03:49'),('2025-01-27',1459,7,0,2567,'C','1341500308485','2025-03-18 10:03:49'),('2025-01-27',1461,7,0,2567,'C','1341500308485','2025-03-18 10:03:49'),('2025-01-27',1464,7,0,2567,'C','1341500308485','2025-03-18 10:03:49'),('2025-01-27',1486,7,0,2567,'C','1341500308485','2025-03-18 10:03:49'),('2025-01-27',1488,7,0,2567,'C','1341500308485','2025-03-18 10:03:49'),('2025-01-27',1489,7,0,2567,'C','1341500308485','2025-03-18 10:03:49'),('2025-01-27',1508,7,0,2567,'C','1341500308485','2025-03-18 10:03:49'),('2025-01-27',1514,7,0,2567,'C','1341500308485','2025-03-18 10:03:49'),('2025-01-28',1462,7,0,2567,'C','1341500308485','2025-03-18 10:03:55'),('2025-01-28',1463,7,0,2567,'C','1341500308485','2025-03-18 10:03:55'),('2025-01-28',1460,7,0,2567,'C','1341500308485','2025-03-18 10:03:55'),('2025-01-28',1459,7,0,2567,'C','1341500308485','2025-03-18 10:03:55'),('2025-01-28',1461,7,0,2567,'C','1341500308485','2025-03-18 10:03:55'),('2025-01-28',1464,7,0,2567,'C','1341500308485','2025-03-18 10:03:55'),('2025-01-28',1486,7,0,2567,'C','1341500308485','2025-03-18 10:03:55'),('2025-01-28',1488,7,0,2567,'C','1341500308485','2025-03-18 10:03:55'),('2025-01-28',1489,7,0,2567,'C','1341500308485','2025-03-18 10:03:55'),('2025-01-28',1508,7,0,2567,'C','1341500308485','2025-03-18 10:03:55'),('2025-01-28',1514,7,0,2567,'C','1341500308485','2025-03-18 10:03:55'),('2025-01-29',1462,7,0,2567,'C','1341500308485','2025-03-18 10:03:00'),('2025-01-29',1463,7,0,2567,'C','1341500308485','2025-03-18 10:03:00'),('2025-01-29',1460,7,0,2567,'C','1341500308485','2025-03-18 10:03:00'),('2025-01-29',1459,7,0,2567,'C','1341500308485','2025-03-18 10:03:00'),('2025-01-29',1461,7,0,2567,'C','1341500308485','2025-03-18 10:03:00'),('2025-01-29',1464,7,0,2567,'C','1341500308485','2025-03-18 10:03:00'),('2025-01-29',1486,7,0,2567,'C','1341500308485','2025-03-18 10:03:00'),('2025-01-29',1488,7,0,2567,'C','1341500308485','2025-03-18 10:03:00'),('2025-01-29',1489,7,0,2567,'C','1341500308485','2025-03-18 10:03:00'),('2025-01-29',1508,7,0,2567,'C','1341500308485','2025-03-18 10:03:00'),('2025-01-29',1514,7,0,2567,'C','1341500308485','2025-03-18 10:03:00'),('2025-01-30',1462,7,0,2567,'C','1341500308485','2025-03-18 10:03:04'),('2025-01-30',1463,7,0,2567,'C','1341500308485','2025-03-18 10:03:04'),('2025-01-30',1460,7,0,2567,'C','1341500308485','2025-03-18 10:03:04'),('2025-01-30',1459,7,0,2567,'C','1341500308485','2025-03-18 10:03:04'),('2025-01-30',1461,7,0,2567,'C','1341500308485','2025-03-18 10:03:04'),('2025-01-30',1464,7,0,2567,'C','1341500308485','2025-03-18 10:03:04'),('2025-01-30',1486,7,0,2567,'C','1341500308485','2025-03-18 10:03:04'),('2025-01-30',1488,7,0,2567,'C','1341500308485','2025-03-18 10:03:04'),('2025-01-30',1489,7,0,2567,'C','1341500308485','2025-03-18 10:03:04'),('2025-01-30',1508,7,0,2567,'C','1341500308485','2025-03-18 10:03:04'),('2025-01-30',1514,7,0,2567,'C','1341500308485','2025-03-18 10:03:04'),('2025-01-31',1462,7,0,2567,'C','1341500308485','2025-03-18 10:03:09'),('2025-01-31',1463,7,0,2567,'C','1341500308485','2025-03-18 10:03:09'),('2025-01-31',1460,7,0,2567,'C','1341500308485','2025-03-18 10:03:09'),('2025-01-31',1459,7,0,2567,'C','1341500308485','2025-03-18 10:03:09'),('2025-01-31',1461,7,0,2567,'C','1341500308485','2025-03-18 10:03:09'),('2025-01-31',1464,7,0,2567,'C','1341500308485','2025-03-18 10:03:09'),('2025-01-31',1486,7,0,2567,'C','1341500308485','2025-03-18 10:03:09'),('2025-01-31',1488,7,0,2567,'C','1341500308485','2025-03-18 10:03:09'),('2025-01-31',1489,7,0,2567,'C','1341500308485','2025-03-18 10:03:09'),('2025-01-31',1508,7,0,2567,'C','1341500308485','2025-03-18 10:03:09'),('2025-01-31',1514,7,0,2567,'C','1341500308485','2025-03-18 10:03:09'),('2025-05-16',1504,4,0,2568,'C','1331000273887','2025-08-02 01:08:51'),('2025-05-16',1505,4,0,2568,'C','1331000273887','2025-08-02 01:08:51'),('2025-05-16',1512,4,0,2568,'C','1331000273887','2025-08-02 01:08:51'),('2025-05-19',1504,4,0,2568,'C','1331000273887','2025-08-02 01:08:58'),('2025-05-19',1505,4,0,2568,'C','1331000273887','2025-08-02 01:08:58'),('2025-05-19',1512,4,0,2568,'C','1331000273887','2025-08-02 01:08:58'),('2025-05-20',1504,4,0,2568,'C','1331000273887','2025-08-02 01:08:04'),('2025-05-20',1505,4,0,2568,'C','1331000273887','2025-08-02 01:08:04'),('2025-05-20',1512,4,0,2568,'C','1331000273887','2025-08-02 01:08:04'),('2025-05-21',1504,4,0,2568,'C','1331000273887','2025-08-02 01:08:11'),('2025-05-21',1505,4,0,2568,'C','1331000273887','2025-08-02 01:08:11'),('2025-05-21',1512,4,0,2568,'C','1331000273887','2025-08-02 01:08:11'),('2025-05-22',1504,4,0,2568,'C','1331000273887','2025-08-02 01:08:17'),('2025-05-22',1505,4,0,2568,'C','1331000273887','2025-08-02 01:08:17'),('2025-05-22',1512,4,0,2568,'C','1331000273887','2025-08-02 01:08:17'),('2025-05-23',1504,4,0,2568,'C','1331000273887','2025-08-02 01:08:34'),('2025-05-23',1505,4,0,2568,'C','1331000273887','2025-08-02 01:08:34'),('2025-05-23',1512,4,0,2568,'C','1331000273887','2025-08-02 01:08:34'),('2025-09-23',1504,4,0,2568,'C','1331000273887','2025-09-23 10:09:18'),('2025-09-23',1505,4,0,2568,'C','1331000273887','2025-09-23 10:09:18'),('2025-09-23',1512,4,0,2568,'C','1331000273887','2025-09-23 10:09:18'),('2025-05-16',1476,6,0,2568,'C','2200101102938','2025-10-04 05:10:06'),('2025-05-16',1477,6,0,2568,'C','2200101102938','2025-10-04 05:10:06'),('2025-05-16',1479,6,0,2568,'C','2200101102938','2025-10-04 05:10:06'),('2025-05-16',1496,6,0,2568,'C','2200101102938','2025-10-04 05:10:06'),('2025-05-16',1480,6,0,2568,'C','2200101102938','2025-10-04 05:10:06'),('2025-05-16',1483,6,0,2568,'C','2200101102938','2025-10-04 05:10:06'),('2025-05-16',1507,6,0,2568,'C','2200101102938','2025-10-04 05:10:06'),('2025-05-19',1476,6,0,2568,'C','2200101102938','2025-10-04 05:10:28'),('2025-05-19',1477,6,0,2568,'C','2200101102938','2025-10-04 05:10:28'),('2025-05-19',1479,6,0,2568,'W','2200101102938','2025-10-04 05:10:28'),('2025-05-19',1496,6,0,2568,'C','2200101102938','2025-10-04 05:10:28'),('2025-05-19',1480,6,0,2568,'C','2200101102938','2025-10-04 05:10:28'),('2025-05-19',1483,6,0,2568,'C','2200101102938','2025-10-04 05:10:28'),('2025-05-19',1507,6,0,2568,'C','2200101102938','2025-10-04 05:10:28'),('2025-05-20',1476,6,0,2568,'C','2200101102938','2025-10-04 05:10:45'),('2025-05-20',1477,6,0,2568,'C','2200101102938','2025-10-04 05:10:45'),('2025-05-20',1479,6,0,2568,'C','2200101102938','2025-10-04 05:10:45'),('2025-05-20',1496,6,0,2568,'C','2200101102938','2025-10-04 05:10:45'),('2025-05-20',1480,6,0,2568,'C','2200101102938','2025-10-04 05:10:45'),('2025-05-20',1483,6,0,2568,'C','2200101102938','2025-10-04 05:10:45'),('2025-05-20',1507,6,0,2568,'C','2200101102938','2025-10-04 05:10:45'),('2025-05-21',1476,6,0,2568,'C','2200101102938','2025-10-04 05:10:54'),('2025-05-21',1477,6,0,2568,'C','2200101102938','2025-10-04 05:10:54'),('2025-05-21',1479,6,0,2568,'C','2200101102938','2025-10-04 05:10:54'),('2025-05-21',1496,6,0,2568,'C','2200101102938','2025-10-04 05:10:54'),('2025-05-21',1480,6,0,2568,'C','2200101102938','2025-10-04 05:10:54'),('2025-05-21',1483,6,0,2568,'C','2200101102938','2025-10-04 05:10:54'),('2025-05-21',1507,6,0,2568,'C','2200101102938','2025-10-04 05:10:54'),('2025-05-22',1476,6,0,2568,'C','2200101102938','2025-10-04 05:10:04'),('2025-05-22',1477,6,0,2568,'C','2200101102938','2025-10-04 05:10:04'),('2025-05-22',1479,6,0,2568,'C','2200101102938','2025-10-04 05:10:04'),('2025-05-22',1496,6,0,2568,'C','2200101102938','2025-10-04 05:10:04'),('2025-05-22',1480,6,0,2568,'C','2200101102938','2025-10-04 05:10:04'),('2025-05-22',1483,6,0,2568,'C','2200101102938','2025-10-04 05:10:04'),('2025-05-22',1507,6,0,2568,'C','2200101102938','2025-10-04 05:10:04'),('2025-05-23',1476,6,0,2568,'S','2200101102938','2025-10-04 05:10:19'),('2025-05-23',1477,6,0,2568,'C','2200101102938','2025-10-04 05:10:19'),('2025-05-23',1479,6,0,2568,'C','2200101102938','2025-10-04 05:10:19'),('2025-05-23',1496,6,0,2568,'C','2200101102938','2025-10-04 05:10:19'),('2025-05-23',1480,6,0,2568,'C','2200101102938','2025-10-04 05:10:19'),('2025-05-23',1483,6,0,2568,'C','2200101102938','2025-10-04 05:10:19'),('2025-05-23',1507,6,0,2568,'C','2200101102938','2025-10-04 05:10:19'),('2025-05-26',1476,6,0,2568,'C','2200101102938','2025-10-04 05:10:03'),('2025-05-26',1477,6,0,2568,'C','2200101102938','2025-10-04 05:10:03'),('2025-05-26',1479,6,0,2568,'C','2200101102938','2025-10-04 05:10:03'),('2025-05-26',1496,6,0,2568,'C','2200101102938','2025-10-04 05:10:03'),('2025-05-26',1480,6,0,2568,'C','2200101102938','2025-10-04 05:10:03'),('2025-05-26',1483,6,0,2568,'C','2200101102938','2025-10-04 05:10:03'),('2025-05-26',1507,6,0,2568,'C','2200101102938','2025-10-04 05:10:03'),('2025-05-27',1476,6,0,2568,'C','2200101102938','2025-10-04 05:10:10'),('2025-05-27',1477,6,0,2568,'C','2200101102938','2025-10-04 05:10:10'),('2025-05-27',1479,6,0,2568,'C','2200101102938','2025-10-04 05:10:10'),('2025-05-27',1496,6,0,2568,'C','2200101102938','2025-10-04 05:10:10'),('2025-05-27',1480,6,0,2568,'C','2200101102938','2025-10-04 05:10:10'),('2025-05-27',1483,6,0,2568,'C','2200101102938','2025-10-04 05:10:10'),('2025-05-27',1507,6,0,2568,'C','2200101102938','2025-10-04 05:10:10'),('2025-05-28',1476,6,0,2568,'C','2200101102938','2025-10-04 05:10:17'),('2025-05-28',1477,6,0,2568,'C','2200101102938','2025-10-04 05:10:17'),('2025-05-28',1479,6,0,2568,'C','2200101102938','2025-10-04 05:10:17'),('2025-05-28',1496,6,0,2568,'C','2200101102938','2025-10-04 05:10:17'),('2025-05-28',1480,6,0,2568,'C','2200101102938','2025-10-04 05:10:17'),('2025-05-28',1483,6,0,2568,'C','2200101102938','2025-10-04 05:10:17'),('2025-05-28',1507,6,0,2568,'C','2200101102938','2025-10-04 05:10:17'),('2025-05-29',1476,6,0,2568,'C','2200101102938','2025-10-04 05:10:24'),('2025-05-29',1477,6,0,2568,'C','2200101102938','2025-10-04 05:10:24'),('2025-05-29',1479,6,0,2568,'C','2200101102938','2025-10-04 05:10:24'),('2025-05-29',1496,6,0,2568,'C','2200101102938','2025-10-04 05:10:24'),('2025-05-29',1480,6,0,2568,'C','2200101102938','2025-10-04 05:10:24'),('2025-05-29',1483,6,0,2568,'C','2200101102938','2025-10-04 05:10:24'),('2025-05-29',1507,6,0,2568,'C','2200101102938','2025-10-04 05:10:24'),('2025-05-30',1476,6,0,2568,'C','2200101102938','2025-10-04 05:10:39'),('2025-05-30',1477,6,0,2568,'C','2200101102938','2025-10-04 05:10:39'),('2025-05-30',1479,6,0,2568,'C','2200101102938','2025-10-04 05:10:39'),('2025-05-30',1496,6,0,2568,'C','2200101102938','2025-10-04 05:10:39'),('2025-05-30',1480,6,0,2568,'C','2200101102938','2025-10-04 05:10:39'),('2025-05-30',1483,6,0,2568,'C','2200101102938','2025-10-04 05:10:39'),('2025-05-30',1507,6,0,2568,'C','2200101102938','2025-10-04 05:10:39'),('2025-06-04',1476,6,0,2568,'C','2200101102938','2025-10-04 05:10:04'),('2025-06-04',1477,6,0,2568,'C','2200101102938','2025-10-04 05:10:04'),('2025-06-04',1479,6,0,2568,'C','2200101102938','2025-10-04 05:10:04'),('2025-06-04',1496,6,0,2568,'C','2200101102938','2025-10-04 05:10:04'),('2025-06-04',1480,6,0,2568,'C','2200101102938','2025-10-04 05:10:04'),('2025-06-04',1483,6,0,2568,'C','2200101102938','2025-10-04 05:10:04'),('2025-06-04',1507,6,0,2568,'C','2200101102938','2025-10-04 05:10:04'),('2025-06-05',1476,6,0,2568,'C','2200101102938','2025-10-04 05:10:20'),('2025-06-05',1477,6,0,2568,'C','2200101102938','2025-10-04 05:10:20'),('2025-06-05',1479,6,0,2568,'C','2200101102938','2025-10-04 05:10:20'),('2025-06-05',1496,6,0,2568,'C','2200101102938','2025-10-04 05:10:20'),('2025-06-05',1480,6,0,2568,'C','2200101102938','2025-10-04 05:10:20'),('2025-06-05',1483,6,0,2568,'C','2200101102938','2025-10-04 05:10:20'),('2025-06-05',1507,6,0,2568,'C','2200101102938','2025-10-04 05:10:20'),('2025-06-06',1476,6,0,2568,'C','2200101102938','2025-10-04 05:10:48'),('2025-06-06',1477,6,0,2568,'C','2200101102938','2025-10-04 05:10:48'),('2025-06-06',1479,6,0,2568,'C','2200101102938','2025-10-04 05:10:48'),('2025-06-06',1496,6,0,2568,'W','2200101102938','2025-10-04 05:10:48'),('2025-06-06',1480,6,0,2568,'C','2200101102938','2025-10-04 05:10:48'),('2025-06-06',1483,6,0,2568,'C','2200101102938','2025-10-04 05:10:48'),('2025-06-06',1507,6,0,2568,'C','2200101102938','2025-10-04 05:10:48'),('2025-06-09',1476,6,0,2568,'C','2200101102938','2025-10-04 05:10:06'),('2025-06-09',1477,6,0,2568,'C','2200101102938','2025-10-04 05:10:06'),('2025-06-09',1479,6,0,2568,'C','2200101102938','2025-10-04 05:10:06'),('2025-06-09',1496,6,0,2568,'C','2200101102938','2025-10-04 05:10:06'),('2025-06-09',1480,6,0,2568,'C','2200101102938','2025-10-04 05:10:06'),('2025-06-09',1483,6,0,2568,'C','2200101102938','2025-10-04 05:10:06'),('2025-06-09',1507,6,0,2568,'C','2200101102938','2025-10-04 05:10:06'),('2025-06-10',1476,6,0,2568,'C','2200101102938','2025-10-04 05:10:17'),('2025-06-10',1477,6,0,2568,'W','2200101102938','2025-10-04 05:10:17'),('2025-06-10',1479,6,0,2568,'C','2200101102938','2025-10-04 05:10:17'),('2025-06-10',1496,6,0,2568,'C','2200101102938','2025-10-04 05:10:17'),('2025-06-10',1480,6,0,2568,'C','2200101102938','2025-10-04 05:10:17'),('2025-06-10',1483,6,0,2568,'C','2200101102938','2025-10-04 05:10:17'),('2025-06-10',1507,6,0,2568,'C','2200101102938','2025-10-04 05:10:17'),('2025-06-11',1476,6,0,2568,'C','2200101102938','2025-10-04 05:10:33'),('2025-06-11',1477,6,0,2568,'C','2200101102938','2025-10-04 05:10:33'),('2025-06-11',1479,6,0,2568,'C','2200101102938','2025-10-04 05:10:33'),('2025-06-11',1496,6,0,2568,'C','2200101102938','2025-10-04 05:10:33'),('2025-06-11',1480,6,0,2568,'C','2200101102938','2025-10-04 05:10:33'),('2025-06-11',1483,6,0,2568,'C','2200101102938','2025-10-04 05:10:33'),('2025-06-11',1507,6,0,2568,'C','2200101102938','2025-10-04 05:10:33'),('2025-06-12',1476,6,0,2568,'C','2200101102938','2025-10-04 05:10:40'),('2025-06-12',1477,6,0,2568,'C','2200101102938','2025-10-04 05:10:40'),('2025-06-12',1479,6,0,2568,'C','2200101102938','2025-10-04 05:10:40'),('2025-06-12',1496,6,0,2568,'C','2200101102938','2025-10-04 05:10:40'),('2025-06-12',1480,6,0,2568,'C','2200101102938','2025-10-04 05:10:40'),('2025-06-12',1483,6,0,2568,'C','2200101102938','2025-10-04 05:10:40'),('2025-06-12',1507,6,0,2568,'C','2200101102938','2025-10-04 05:10:40'),('2025-06-13',1476,6,0,2568,'C','2200101102938','2025-10-04 05:10:46'),('2025-06-13',1477,6,0,2568,'C','2200101102938','2025-10-04 05:10:46'),('2025-06-13',1479,6,0,2568,'C','2200101102938','2025-10-04 05:10:46'),('2025-06-13',1496,6,0,2568,'C','2200101102938','2025-10-04 05:10:46'),('2025-06-13',1480,6,0,2568,'C','2200101102938','2025-10-04 05:10:46'),('2025-06-13',1483,6,0,2568,'C','2200101102938','2025-10-04 05:10:46'),('2025-06-13',1507,6,0,2568,'C','2200101102938','2025-10-04 05:10:46'),('2025-06-16',1476,6,0,2568,'C','2200101102938','2025-10-04 05:10:11'),('2025-06-16',1477,6,0,2568,'C','2200101102938','2025-10-04 05:10:11'),('2025-06-16',1479,6,0,2568,'C','2200101102938','2025-10-04 05:10:11'),('2025-06-16',1496,6,0,2568,'C','2200101102938','2025-10-04 05:10:11'),('2025-06-16',1480,6,0,2568,'C','2200101102938','2025-10-04 05:10:11'),('2025-06-16',1483,6,0,2568,'C','2200101102938','2025-10-04 05:10:11'),('2025-06-16',1507,6,0,2568,'C','2200101102938','2025-10-04 05:10:11'),('2025-06-17',1476,6,0,2568,'C','2200101102938','2025-10-04 05:10:18'),('2025-06-17',1477,6,0,2568,'C','2200101102938','2025-10-04 05:10:18'),('2025-06-17',1479,6,0,2568,'C','2200101102938','2025-10-04 05:10:18'),('2025-06-17',1496,6,0,2568,'C','2200101102938','2025-10-04 05:10:18'),('2025-06-17',1480,6,0,2568,'C','2200101102938','2025-10-04 05:10:18'),('2025-06-17',1483,6,0,2568,'C','2200101102938','2025-10-04 05:10:18'),('2025-06-17',1507,6,0,2568,'C','2200101102938','2025-10-04 05:10:18'),('2025-06-18',1476,6,0,2568,'C','2200101102938','2025-10-04 05:10:25'),('2025-06-18',1477,6,0,2568,'C','2200101102938','2025-10-04 05:10:25'),('2025-06-18',1479,6,0,2568,'C','2200101102938','2025-10-04 05:10:25'),('2025-06-18',1496,6,0,2568,'C','2200101102938','2025-10-04 05:10:25'),('2025-06-18',1480,6,0,2568,'C','2200101102938','2025-10-04 05:10:25'),('2025-06-18',1483,6,0,2568,'C','2200101102938','2025-10-04 05:10:25'),('2025-06-18',1507,6,0,2568,'C','2200101102938','2025-10-04 05:10:25'),('2025-06-19',1476,6,0,2568,'C','2200101102938','2025-10-04 05:10:32'),('2025-06-19',1477,6,0,2568,'C','2200101102938','2025-10-04 05:10:32'),('2025-06-19',1479,6,0,2568,'C','2200101102938','2025-10-04 05:10:32'),('2025-06-19',1496,6,0,2568,'C','2200101102938','2025-10-04 05:10:32'),('2025-06-19',1480,6,0,2568,'C','2200101102938','2025-10-04 05:10:32'),('2025-06-19',1483,6,0,2568,'C','2200101102938','2025-10-04 05:10:32'),('2025-06-19',1507,6,0,2568,'C','2200101102938','2025-10-04 05:10:32'),('2025-06-20',1476,6,0,2568,'C','2200101102938','2025-10-04 05:10:51'),('2025-06-20',1477,6,0,2568,'C','2200101102938','2025-10-04 05:10:51'),('2025-06-20',1479,6,0,2568,'C','2200101102938','2025-10-04 05:10:51'),('2025-06-20',1496,6,0,2568,'C','2200101102938','2025-10-04 05:10:51'),('2025-06-20',1480,6,0,2568,'C','2200101102938','2025-10-04 05:10:51'),('2025-06-20',1483,6,0,2568,'C','2200101102938','2025-10-04 05:10:51'),('2025-06-20',1507,6,0,2568,'C','2200101102938','2025-10-04 05:10:51'),('2025-06-23',1476,6,0,2568,'C','2200101102938','2025-10-04 05:10:09'),('2025-06-23',1477,6,0,2568,'C','2200101102938','2025-10-04 05:10:09'),('2025-06-23',1479,6,0,2568,'C','2200101102938','2025-10-04 05:10:09'),('2025-06-23',1496,6,0,2568,'C','2200101102938','2025-10-04 05:10:09'),('2025-06-23',1480,6,0,2568,'C','2200101102938','2025-10-04 05:10:09'),('2025-06-23',1483,6,0,2568,'C','2200101102938','2025-10-04 05:10:09'),('2025-06-23',1507,6,0,2568,'C','2200101102938','2025-10-04 05:10:09'),('2025-06-24',1476,6,0,2568,'C','2200101102938','2025-10-04 05:10:16'),('2025-06-24',1477,6,0,2568,'C','2200101102938','2025-10-04 05:10:16'),('2025-06-24',1479,6,0,2568,'C','2200101102938','2025-10-04 05:10:16'),('2025-06-24',1496,6,0,2568,'C','2200101102938','2025-10-04 05:10:16'),('2025-06-24',1480,6,0,2568,'C','2200101102938','2025-10-04 05:10:16'),('2025-06-24',1483,6,0,2568,'C','2200101102938','2025-10-04 05:10:16'),('2025-06-24',1507,6,0,2568,'C','2200101102938','2025-10-04 05:10:16'),('2025-06-25',1476,6,0,2568,'C','2200101102938','2025-10-04 05:10:23'),('2025-06-25',1477,6,0,2568,'C','2200101102938','2025-10-04 05:10:23'),('2025-06-25',1479,6,0,2568,'C','2200101102938','2025-10-04 05:10:23'),('2025-06-25',1496,6,0,2568,'C','2200101102938','2025-10-04 05:10:23'),('2025-06-25',1480,6,0,2568,'C','2200101102938','2025-10-04 05:10:23'),('2025-06-25',1483,6,0,2568,'C','2200101102938','2025-10-04 05:10:23'),('2025-06-25',1507,6,0,2568,'C','2200101102938','2025-10-04 05:10:23'),('2025-06-26',1476,6,0,2568,'C','2200101102938','2025-10-04 05:10:30'),('2025-06-26',1477,6,0,2568,'C','2200101102938','2025-10-04 05:10:30'),('2025-06-26',1479,6,0,2568,'C','2200101102938','2025-10-04 05:10:30'),('2025-06-26',1496,6,0,2568,'C','2200101102938','2025-10-04 05:10:30'),('2025-06-26',1480,6,0,2568,'C','2200101102938','2025-10-04 05:10:30'),('2025-06-26',1483,6,0,2568,'C','2200101102938','2025-10-04 05:10:30'),('2025-06-26',1507,6,0,2568,'C','2200101102938','2025-10-04 05:10:30'),('2025-06-27',1476,6,0,2568,'C','2200101102938','2025-10-04 05:10:56'),('2025-06-27',1477,6,0,2568,'C','2200101102938','2025-10-04 05:10:56'),('2025-06-27',1479,6,0,2568,'C','2200101102938','2025-10-04 05:10:56'),('2025-06-27',1496,6,0,2568,'C','2200101102938','2025-10-04 05:10:56'),('2025-06-27',1480,6,0,2568,'C','2200101102938','2025-10-04 05:10:56'),('2025-06-27',1483,6,0,2568,'W','2200101102938','2025-10-04 05:10:56'),('2025-06-27',1507,6,0,2568,'C','2200101102938','2025-10-04 05:10:56'),('2025-06-30',1476,6,0,2568,'C','2200101102938','2025-10-04 05:10:46'),('2025-06-30',1477,6,0,2568,'C','2200101102938','2025-10-04 05:10:46'),('2025-06-30',1479,6,0,2568,'C','2200101102938','2025-10-04 05:10:46'),('2025-06-30',1496,6,0,2568,'C','2200101102938','2025-10-04 05:10:46'),('2025-06-30',1480,6,0,2568,'C','2200101102938','2025-10-04 05:10:46'),('2025-06-30',1483,6,0,2568,'C','2200101102938','2025-10-04 05:10:46'),('2025-06-30',1507,6,0,2568,'C','2200101102938','2025-10-04 05:10:46'),('2025-07-01',1476,6,0,2568,'C','2200101102938','2025-10-04 05:10:03'),('2025-07-01',1477,6,0,2568,'C','2200101102938','2025-10-04 05:10:03'),('2025-07-01',1479,6,0,2568,'C','2200101102938','2025-10-04 05:10:03'),('2025-07-01',1496,6,0,2568,'C','2200101102938','2025-10-04 05:10:03'),('2025-07-01',1480,6,0,2568,'C','2200101102938','2025-10-04 05:10:03'),('2025-07-01',1483,6,0,2568,'C','2200101102938','2025-10-04 05:10:03'),('2025-07-01',1507,6,0,2568,'C','2200101102938','2025-10-04 05:10:03'),('2025-07-02',1476,6,0,2568,'C','2200101102938','2025-10-04 05:10:16'),('2025-07-02',1477,6,0,2568,'C','2200101102938','2025-10-04 05:10:16'),('2025-07-02',1479,6,0,2568,'C','2200101102938','2025-10-04 05:10:16'),('2025-07-02',1496,6,0,2568,'C','2200101102938','2025-10-04 05:10:16'),('2025-07-02',1480,6,0,2568,'C','2200101102938','2025-10-04 05:10:16'),('2025-07-02',1483,6,0,2568,'W','2200101102938','2025-10-04 05:10:16'),('2025-07-02',1507,6,0,2568,'C','2200101102938','2025-10-04 05:10:16'),('2025-07-03',1476,6,0,2568,'C','2200101102938','2025-10-04 05:10:27'),('2025-07-03',1477,6,0,2568,'C','2200101102938','2025-10-04 05:10:27'),('2025-07-03',1479,6,0,2568,'C','2200101102938','2025-10-04 05:10:27'),('2025-07-03',1496,6,0,2568,'C','2200101102938','2025-10-04 05:10:27'),('2025-07-03',1480,6,0,2568,'C','2200101102938','2025-10-04 05:10:27'),('2025-07-03',1483,6,0,2568,'C','2200101102938','2025-10-04 05:10:27'),('2025-07-03',1507,6,0,2568,'C','2200101102938','2025-10-04 05:10:27'),('2025-07-04',1476,6,0,2568,'C','2200101102938','2025-10-04 05:10:34'),('2025-07-04',1477,6,0,2568,'C','2200101102938','2025-10-04 05:10:34'),('2025-07-04',1479,6,0,2568,'C','2200101102938','2025-10-04 05:10:34'),('2025-07-04',1496,6,0,2568,'C','2200101102938','2025-10-04 05:10:34'),('2025-07-04',1480,6,0,2568,'C','2200101102938','2025-10-04 05:10:34'),('2025-07-04',1483,6,0,2568,'C','2200101102938','2025-10-04 05:10:34'),('2025-07-04',1507,6,0,2568,'C','2200101102938','2025-10-04 05:10:34'),('2025-07-07',1476,6,0,2568,'C','2200101102938','2025-10-04 05:10:53'),('2025-07-07',1477,6,0,2568,'S','2200101102938','2025-10-04 05:10:53'),('2025-07-07',1479,6,0,2568,'C','2200101102938','2025-10-04 05:10:53'),('2025-07-07',1496,6,0,2568,'C','2200101102938','2025-10-04 05:10:53'),('2025-07-07',1480,6,0,2568,'C','2200101102938','2025-10-04 05:10:53'),('2025-07-07',1483,6,0,2568,'C','2200101102938','2025-10-04 05:10:53'),('2025-07-07',1507,6,0,2568,'C','2200101102938','2025-10-04 05:10:53'),('2025-07-08',1476,6,0,2568,'C','2200101102938','2025-10-04 05:10:06'),('2025-07-08',1477,6,0,2568,'C','2200101102938','2025-10-04 05:10:06'),('2025-07-08',1479,6,0,2568,'C','2200101102938','2025-10-04 05:10:06'),('2025-07-08',1496,6,0,2568,'C','2200101102938','2025-10-04 05:10:06'),('2025-07-08',1480,6,0,2568,'C','2200101102938','2025-10-04 05:10:06'),('2025-07-08',1483,6,0,2568,'C','2200101102938','2025-10-04 05:10:06'),('2025-07-08',1507,6,0,2568,'C','2200101102938','2025-10-04 05:10:06'),('2025-07-09',1476,6,0,2568,'C','2200101102938','2025-10-04 05:10:13'),('2025-07-09',1477,6,0,2568,'C','2200101102938','2025-10-04 05:10:13'),('2025-07-09',1479,6,0,2568,'C','2200101102938','2025-10-04 05:10:13'),('2025-07-09',1496,6,0,2568,'C','2200101102938','2025-10-04 05:10:13'),('2025-07-09',1480,6,0,2568,'C','2200101102938','2025-10-04 05:10:13'),('2025-07-09',1483,6,0,2568,'C','2200101102938','2025-10-04 05:10:13'),('2025-07-09',1507,6,0,2568,'C','2200101102938','2025-10-04 05:10:13'),('2025-07-14',1476,6,0,2568,'C','2200101102938','2025-10-04 05:10:35'),('2025-07-14',1477,6,0,2568,'C','2200101102938','2025-10-04 05:10:35'),('2025-07-14',1479,6,0,2568,'C','2200101102938','2025-10-04 05:10:35'),('2025-07-14',1496,6,0,2568,'C','2200101102938','2025-10-04 05:10:35'),('2025-07-14',1480,6,0,2568,'C','2200101102938','2025-10-04 05:10:35'),('2025-07-14',1483,6,0,2568,'C','2200101102938','2025-10-04 05:10:35'),('2025-07-14',1507,6,0,2568,'C','2200101102938','2025-10-04 05:10:35'),('2025-07-15',1476,6,0,2568,'C','2200101102938','2025-10-04 05:10:41'),('2025-07-15',1477,6,0,2568,'C','2200101102938','2025-10-04 05:10:41'),('2025-07-15',1479,6,0,2568,'C','2200101102938','2025-10-04 05:10:41'),('2025-07-15',1496,6,0,2568,'C','2200101102938','2025-10-04 05:10:41'),('2025-07-15',1480,6,0,2568,'C','2200101102938','2025-10-04 05:10:41'),('2025-07-15',1483,6,0,2568,'C','2200101102938','2025-10-04 05:10:41'),('2025-07-15',1507,6,0,2568,'C','2200101102938','2025-10-04 05:10:41'),('2025-07-16',1476,6,0,2568,'C','2200101102938','2025-10-04 05:10:49'),('2025-07-16',1477,6,0,2568,'C','2200101102938','2025-10-04 05:10:49'),('2025-07-16',1479,6,0,2568,'C','2200101102938','2025-10-04 05:10:49'),('2025-07-16',1496,6,0,2568,'C','2200101102938','2025-10-04 05:10:49'),('2025-07-16',1480,6,0,2568,'C','2200101102938','2025-10-04 05:10:49'),('2025-07-16',1483,6,0,2568,'C','2200101102938','2025-10-04 05:10:49'),('2025-07-16',1507,6,0,2568,'C','2200101102938','2025-10-04 05:10:49'),('2025-07-17',1476,6,0,2568,'C','2200101102938','2025-10-04 05:10:56'),('2025-07-17',1477,6,0,2568,'C','2200101102938','2025-10-04 05:10:56'),('2025-07-17',1479,6,0,2568,'C','2200101102938','2025-10-04 05:10:56'),('2025-07-17',1496,6,0,2568,'C','2200101102938','2025-10-04 05:10:56'),('2025-07-17',1480,6,0,2568,'C','2200101102938','2025-10-04 05:10:56'),('2025-07-17',1483,6,0,2568,'C','2200101102938','2025-10-04 05:10:56'),('2025-07-17',1507,6,0,2568,'C','2200101102938','2025-10-04 05:10:56'),('2025-07-18',1476,6,0,2568,'C','2200101102938','2025-10-04 05:10:03'),('2025-07-18',1477,6,0,2568,'C','2200101102938','2025-10-04 05:10:03'),('2025-07-18',1479,6,0,2568,'C','2200101102938','2025-10-04 05:10:03'),('2025-07-18',1496,6,0,2568,'C','2200101102938','2025-10-04 05:10:03'),('2025-07-18',1480,6,0,2568,'C','2200101102938','2025-10-04 05:10:03'),('2025-07-18',1483,6,0,2568,'C','2200101102938','2025-10-04 05:10:03'),('2025-07-18',1507,6,0,2568,'C','2200101102938','2025-10-04 05:10:03'),('2025-07-21',1476,6,0,2568,'C','2200101102938','2025-10-04 05:10:22'),('2025-07-21',1477,6,0,2568,'C','2200101102938','2025-10-04 05:10:22'),('2025-07-21',1479,6,0,2568,'C','2200101102938','2025-10-04 05:10:22'),('2025-07-21',1496,6,0,2568,'C','2200101102938','2025-10-04 05:10:22'),('2025-07-21',1480,6,0,2568,'C','2200101102938','2025-10-04 05:10:22'),('2025-07-21',1483,6,0,2568,'C','2200101102938','2025-10-04 05:10:22'),('2025-07-21',1507,6,0,2568,'W','2200101102938','2025-10-04 05:10:22'),('2025-07-22',1476,6,0,2568,'C','2200101102938','2025-10-04 05:10:36'),('2025-07-22',1477,6,0,2568,'C','2200101102938','2025-10-04 05:10:36'),('2025-07-22',1479,6,0,2568,'C','2200101102938','2025-10-04 05:10:36'),('2025-07-22',1496,6,0,2568,'C','2200101102938','2025-10-04 05:10:36'),('2025-07-22',1480,6,0,2568,'C','2200101102938','2025-10-04 05:10:36'),('2025-07-22',1483,6,0,2568,'C','2200101102938','2025-10-04 05:10:36'),('2025-07-22',1507,6,0,2568,'C','2200101102938','2025-10-04 05:10:36'),('2025-07-23',1476,6,0,2568,'C','2200101102938','2025-10-04 05:10:41'),('2025-07-23',1477,6,0,2568,'C','2200101102938','2025-10-04 05:10:41'),('2025-07-23',1479,6,0,2568,'C','2200101102938','2025-10-04 05:10:41'),('2025-07-23',1496,6,0,2568,'C','2200101102938','2025-10-04 05:10:41'),('2025-07-23',1480,6,0,2568,'C','2200101102938','2025-10-04 05:10:41'),('2025-07-23',1483,6,0,2568,'C','2200101102938','2025-10-04 05:10:41'),('2025-07-23',1507,6,0,2568,'C','2200101102938','2025-10-04 05:10:41'),('2025-07-24',1476,6,0,2568,'C','2200101102938','2025-10-04 05:10:47'),('2025-07-24',1477,6,0,2568,'C','2200101102938','2025-10-04 05:10:47'),('2025-07-24',1479,6,0,2568,'C','2200101102938','2025-10-04 05:10:47'),('2025-07-24',1496,6,0,2568,'C','2200101102938','2025-10-04 05:10:47'),('2025-07-24',1480,6,0,2568,'C','2200101102938','2025-10-04 05:10:47'),('2025-07-24',1483,6,0,2568,'C','2200101102938','2025-10-04 05:10:47'),('2025-07-24',1507,6,0,2568,'C','2200101102938','2025-10-04 05:10:47'),('2025-07-25',1476,6,0,2568,'C','2200101102938','2025-10-04 05:10:54'),('2025-07-25',1477,6,0,2568,'C','2200101102938','2025-10-04 05:10:54'),('2025-07-25',1479,6,0,2568,'C','2200101102938','2025-10-04 05:10:54'),('2025-07-25',1496,6,0,2568,'C','2200101102938','2025-10-04 05:10:54'),('2025-07-25',1480,6,0,2568,'C','2200101102938','2025-10-04 05:10:54'),('2025-07-25',1483,6,0,2568,'C','2200101102938','2025-10-04 05:10:54'),('2025-07-25',1507,6,0,2568,'C','2200101102938','2025-10-04 05:10:54'),('2025-07-29',1476,6,0,2568,'C','2200101102938','2025-10-04 05:10:24'),('2025-07-29',1477,6,0,2568,'C','2200101102938','2025-10-04 05:10:24'),('2025-07-29',1479,6,0,2568,'C','2200101102938','2025-10-04 05:10:24'),('2025-07-29',1496,6,0,2568,'C','2200101102938','2025-10-04 05:10:24'),('2025-07-29',1480,6,0,2568,'S','2200101102938','2025-10-04 05:10:24'),('2025-07-29',1483,6,0,2568,'C','2200101102938','2025-10-04 05:10:24'),('2025-07-29',1507,6,0,2568,'C','2200101102938','2025-10-04 05:10:24'),('2025-07-30',1476,6,0,2568,'C','2200101102938','2025-10-04 05:10:36'),('2025-07-30',1477,6,0,2568,'C','2200101102938','2025-10-04 05:10:36'),('2025-07-30',1479,6,0,2568,'C','2200101102938','2025-10-04 05:10:36'),('2025-07-30',1496,6,0,2568,'C','2200101102938','2025-10-04 05:10:36'),('2025-07-30',1480,6,0,2568,'C','2200101102938','2025-10-04 05:10:36'),('2025-07-30',1483,6,0,2568,'C','2200101102938','2025-10-04 05:10:36'),('2025-07-30',1507,6,0,2568,'C','2200101102938','2025-10-04 05:10:36'),('2025-07-31',1476,6,0,2568,'C','2200101102938','2025-10-04 05:10:45'),('2025-07-31',1477,6,0,2568,'C','2200101102938','2025-10-04 05:10:45'),('2025-07-31',1479,6,0,2568,'C','2200101102938','2025-10-04 05:10:45'),('2025-07-31',1496,6,0,2568,'C','2200101102938','2025-10-04 05:10:45'),('2025-07-31',1480,6,0,2568,'C','2200101102938','2025-10-04 05:10:45'),('2025-07-31',1483,6,0,2568,'C','2200101102938','2025-10-04 05:10:45'),('2025-07-31',1507,6,0,2568,'C','2200101102938','2025-10-04 05:10:45'),('2025-08-01',1476,6,0,2568,'C','2200101102938','2025-10-04 06:10:03'),('2025-08-01',1477,6,0,2568,'C','2200101102938','2025-10-04 06:10:03'),('2025-08-01',1479,6,0,2568,'C','2200101102938','2025-10-04 06:10:03'),('2025-08-01',1496,6,0,2568,'C','2200101102938','2025-10-04 06:10:03'),('2025-08-01',1480,6,0,2568,'C','2200101102938','2025-10-04 06:10:03'),('2025-08-01',1483,6,0,2568,'C','2200101102938','2025-10-04 06:10:03'),('2025-08-01',1507,6,0,2568,'C','2200101102938','2025-10-04 06:10:03'),('2025-08-04',1476,6,0,2568,'C','2200101102938','2025-10-04 06:10:19'),('2025-08-04',1477,6,0,2568,'C','2200101102938','2025-10-04 06:10:19'),('2025-08-04',1479,6,0,2568,'C','2200101102938','2025-10-04 06:10:19'),('2025-08-04',1496,6,0,2568,'C','2200101102938','2025-10-04 06:10:19'),('2025-08-04',1480,6,0,2568,'C','2200101102938','2025-10-04 06:10:19'),('2025-08-04',1483,6,0,2568,'C','2200101102938','2025-10-04 06:10:19'),('2025-08-04',1507,6,0,2568,'C','2200101102938','2025-10-04 06:10:19'),('2025-08-05',1476,6,0,2568,'C','2200101102938','2025-10-04 06:10:30'),('2025-08-05',1477,6,0,2568,'C','2200101102938','2025-10-04 06:10:30'),('2025-08-05',1479,6,0,2568,'C','2200101102938','2025-10-04 06:10:30'),('2025-08-05',1496,6,0,2568,'C','2200101102938','2025-10-04 06:10:30'),('2025-08-05',1480,6,0,2568,'C','2200101102938','2025-10-04 06:10:30'),('2025-08-05',1483,6,0,2568,'C','2200101102938','2025-10-04 06:10:30'),('2025-08-05',1507,6,0,2568,'C','2200101102938','2025-10-04 06:10:30'),('2025-08-06',1476,6,0,2568,'C','2200101102938','2025-10-04 06:10:37'),('2025-08-06',1477,6,0,2568,'C','2200101102938','2025-10-04 06:10:37'),('2025-08-06',1479,6,0,2568,'C','2200101102938','2025-10-04 06:10:37'),('2025-08-06',1496,6,0,2568,'C','2200101102938','2025-10-04 06:10:37'),('2025-08-06',1480,6,0,2568,'C','2200101102938','2025-10-04 06:10:37'),('2025-08-06',1483,6,0,2568,'C','2200101102938','2025-10-04 06:10:37'),('2025-08-06',1507,6,0,2568,'C','2200101102938','2025-10-04 06:10:37'),('2025-08-07',1476,6,0,2568,'C','2200101102938','2025-10-04 06:10:42'),('2025-08-07',1477,6,0,2568,'C','2200101102938','2025-10-04 06:10:42'),('2025-08-07',1479,6,0,2568,'C','2200101102938','2025-10-04 06:10:42'),('2025-08-07',1496,6,0,2568,'C','2200101102938','2025-10-04 06:10:42'),('2025-08-07',1480,6,0,2568,'C','2200101102938','2025-10-04 06:10:42'),('2025-08-07',1483,6,0,2568,'C','2200101102938','2025-10-04 06:10:42'),('2025-08-07',1507,6,0,2568,'C','2200101102938','2025-10-04 06:10:42'),('2025-08-08',1476,6,0,2568,'C','2200101102938','2025-10-04 06:10:49'),('2025-08-08',1477,6,0,2568,'C','2200101102938','2025-10-04 06:10:49'),('2025-08-08',1479,6,0,2568,'C','2200101102938','2025-10-04 06:10:49'),('2025-08-08',1496,6,0,2568,'C','2200101102938','2025-10-04 06:10:49'),('2025-08-08',1480,6,0,2568,'C','2200101102938','2025-10-04 06:10:49'),('2025-08-08',1483,6,0,2568,'C','2200101102938','2025-10-04 06:10:49'),('2025-08-08',1507,6,0,2568,'C','2200101102938','2025-10-04 06:10:49'),('2025-08-13',1476,6,0,2568,'C','2200101102938','2025-10-04 06:10:11'),('2025-08-13',1477,6,0,2568,'C','2200101102938','2025-10-04 06:10:11'),('2025-08-13',1479,6,0,2568,'C','2200101102938','2025-10-04 06:10:11'),('2025-08-13',1496,6,0,2568,'C','2200101102938','2025-10-04 06:10:11'),('2025-08-13',1480,6,0,2568,'C','2200101102938','2025-10-04 06:10:11'),('2025-08-13',1483,6,0,2568,'C','2200101102938','2025-10-04 06:10:11'),('2025-08-13',1507,6,0,2568,'C','2200101102938','2025-10-04 06:10:11'),('2025-08-14',1476,6,0,2568,'C','2200101102938','2025-10-04 06:10:21'),('2025-08-14',1477,6,0,2568,'C','2200101102938','2025-10-04 06:10:21'),('2025-08-14',1479,6,0,2568,'C','2200101102938','2025-10-04 06:10:21'),('2025-08-14',1496,6,0,2568,'C','2200101102938','2025-10-04 06:10:21'),('2025-08-14',1480,6,0,2568,'C','2200101102938','2025-10-04 06:10:21'),('2025-08-14',1483,6,0,2568,'C','2200101102938','2025-10-04 06:10:21'),('2025-08-14',1507,6,0,2568,'C','2200101102938','2025-10-04 06:10:21'),('2025-08-15',1476,6,0,2568,'C','2200101102938','2025-10-04 06:10:28'),('2025-08-15',1477,6,0,2568,'C','2200101102938','2025-10-04 06:10:28'),('2025-08-15',1479,6,0,2568,'C','2200101102938','2025-10-04 06:10:28'),('2025-08-15',1496,6,0,2568,'C','2200101102938','2025-10-04 06:10:28'),('2025-08-15',1480,6,0,2568,'C','2200101102938','2025-10-04 06:10:28'),('2025-08-15',1483,6,0,2568,'C','2200101102938','2025-10-04 06:10:28'),('2025-08-15',1507,6,0,2568,'C','2200101102938','2025-10-04 06:10:28'),('2025-08-18',1476,6,0,2568,'C','2200101102938','2025-10-04 06:10:53'),('2025-08-18',1477,6,0,2568,'C','2200101102938','2025-10-04 06:10:53'),('2025-08-18',1479,6,0,2568,'W','2200101102938','2025-10-04 06:10:53'),('2025-08-18',1496,6,0,2568,'C','2200101102938','2025-10-04 06:10:53'),('2025-08-18',1480,6,0,2568,'C','2200101102938','2025-10-04 06:10:53'),('2025-08-18',1483,6,0,2568,'C','2200101102938','2025-10-04 06:10:53'),('2025-08-18',1507,6,0,2568,'C','2200101102938','2025-10-04 06:10:53'),('2025-08-19',1476,6,0,2568,'C','2200101102938','2025-10-04 06:10:07'),('2025-08-19',1477,6,0,2568,'C','2200101102938','2025-10-04 06:10:07'),('2025-08-19',1479,6,0,2568,'C','2200101102938','2025-10-04 06:10:07'),('2025-08-19',1496,6,0,2568,'C','2200101102938','2025-10-04 06:10:07'),('2025-08-19',1480,6,0,2568,'C','2200101102938','2025-10-04 06:10:07'),('2025-08-19',1483,6,0,2568,'C','2200101102938','2025-10-04 06:10:07'),('2025-08-19',1507,6,0,2568,'C','2200101102938','2025-10-04 06:10:07'),('2025-08-20',1476,6,0,2568,'C','2200101102938','2025-10-04 06:10:13'),('2025-08-20',1477,6,0,2568,'C','2200101102938','2025-10-04 06:10:13'),('2025-08-20',1479,6,0,2568,'C','2200101102938','2025-10-04 06:10:13'),('2025-08-20',1496,6,0,2568,'C','2200101102938','2025-10-04 06:10:13'),('2025-08-20',1480,6,0,2568,'C','2200101102938','2025-10-04 06:10:13'),('2025-08-20',1483,6,0,2568,'C','2200101102938','2025-10-04 06:10:13'),('2025-08-20',1507,6,0,2568,'C','2200101102938','2025-10-04 06:10:13'),('2025-08-21',1476,6,0,2568,'C','2200101102938','2025-10-04 06:10:19'),('2025-08-21',1477,6,0,2568,'C','2200101102938','2025-10-04 06:10:19'),('2025-08-21',1479,6,0,2568,'C','2200101102938','2025-10-04 06:10:19'),('2025-08-21',1496,6,0,2568,'C','2200101102938','2025-10-04 06:10:19'),('2025-08-21',1480,6,0,2568,'C','2200101102938','2025-10-04 06:10:19'),('2025-08-21',1483,6,0,2568,'C','2200101102938','2025-10-04 06:10:19'),('2025-08-21',1507,6,0,2568,'C','2200101102938','2025-10-04 06:10:19'),('2025-08-22',1476,6,0,2568,'C','2200101102938','2025-10-04 06:10:26'),('2025-08-22',1477,6,0,2568,'C','2200101102938','2025-10-04 06:10:26'),('2025-08-22',1479,6,0,2568,'C','2200101102938','2025-10-04 06:10:26'),('2025-08-22',1496,6,0,2568,'C','2200101102938','2025-10-04 06:10:26'),('2025-08-22',1480,6,0,2568,'C','2200101102938','2025-10-04 06:10:26'),('2025-08-22',1483,6,0,2568,'C','2200101102938','2025-10-04 06:10:26'),('2025-08-22',1507,6,0,2568,'C','2200101102938','2025-10-04 06:10:26'),('2025-08-25',1476,6,0,2568,'S','2200101102938','2025-10-04 06:10:49'),('2025-08-25',1477,6,0,2568,'C','2200101102938','2025-10-04 06:10:49'),('2025-08-25',1479,6,0,2568,'C','2200101102938','2025-10-04 06:10:49'),('2025-08-25',1496,6,0,2568,'C','2200101102938','2025-10-04 06:10:49'),('2025-08-25',1480,6,0,2568,'C','2200101102938','2025-10-04 06:10:49'),('2025-08-25',1483,6,0,2568,'C','2200101102938','2025-10-04 06:10:49'),('2025-08-25',1507,6,0,2568,'C','2200101102938','2025-10-04 06:10:49'),('2025-08-26',1476,6,0,2568,'C','2200101102938','2025-10-04 06:10:00'),('2025-08-26',1477,6,0,2568,'C','2200101102938','2025-10-04 06:10:00'),('2025-08-26',1479,6,0,2568,'C','2200101102938','2025-10-04 06:10:00'),('2025-08-26',1496,6,0,2568,'C','2200101102938','2025-10-04 06:10:00'),('2025-08-26',1480,6,0,2568,'C','2200101102938','2025-10-04 06:10:00'),('2025-08-26',1483,6,0,2568,'C','2200101102938','2025-10-04 06:10:00'),('2025-08-26',1507,6,0,2568,'C','2200101102938','2025-10-04 06:10:00'),('2025-08-27',1476,6,0,2568,'C','2200101102938','2025-10-04 06:10:06'),('2025-08-27',1477,6,0,2568,'C','2200101102938','2025-10-04 06:10:06'),('2025-08-27',1479,6,0,2568,'C','2200101102938','2025-10-04 06:10:06'),('2025-08-27',1496,6,0,2568,'C','2200101102938','2025-10-04 06:10:06'),('2025-08-27',1480,6,0,2568,'C','2200101102938','2025-10-04 06:10:06'),('2025-08-27',1483,6,0,2568,'C','2200101102938','2025-10-04 06:10:06'),('2025-08-27',1507,6,0,2568,'C','2200101102938','2025-10-04 06:10:06'),('2025-08-28',1476,6,0,2568,'C','2200101102938','2025-10-04 06:10:13'),('2025-08-28',1477,6,0,2568,'C','2200101102938','2025-10-04 06:10:13'),('2025-08-28',1479,6,0,2568,'C','2200101102938','2025-10-04 06:10:13'),('2025-08-28',1496,6,0,2568,'C','2200101102938','2025-10-04 06:10:13'),('2025-08-28',1480,6,0,2568,'C','2200101102938','2025-10-04 06:10:13'),('2025-08-28',1483,6,0,2568,'C','2200101102938','2025-10-04 06:10:13'),('2025-08-28',1507,6,0,2568,'C','2200101102938','2025-10-04 06:10:13'),('2025-08-29',1476,6,0,2568,'C','2200101102938','2025-10-04 06:10:20'),('2025-08-29',1477,6,0,2568,'C','2200101102938','2025-10-04 06:10:20'),('2025-08-29',1479,6,0,2568,'C','2200101102938','2025-10-04 06:10:20'),('2025-08-29',1496,6,0,2568,'C','2200101102938','2025-10-04 06:10:20'),('2025-08-29',1480,6,0,2568,'C','2200101102938','2025-10-04 06:10:20'),('2025-08-29',1483,6,0,2568,'C','2200101102938','2025-10-04 06:10:20'),('2025-08-29',1507,6,0,2568,'C','2200101102938','2025-10-04 06:10:20'),('2025-09-01',1476,6,0,2568,'W','2200101102938','2025-10-04 06:10:46'),('2025-09-01',1477,6,0,2568,'C','2200101102938','2025-10-04 06:10:46'),('2025-09-01',1479,6,0,2568,'C','2200101102938','2025-10-04 06:10:46'),('2025-09-01',1496,6,0,2568,'C','2200101102938','2025-10-04 06:10:46'),('2025-09-01',1480,6,0,2568,'C','2200101102938','2025-10-04 06:10:46'),('2025-09-01',1483,6,0,2568,'C','2200101102938','2025-10-04 06:10:46'),('2025-09-01',1507,6,0,2568,'C','2200101102938','2025-10-04 06:10:46'),('2025-09-02',1476,6,0,2568,'C','2200101102938','2025-10-04 06:10:57'),('2025-09-02',1477,6,0,2568,'C','2200101102938','2025-10-04 06:10:57'),('2025-09-02',1479,6,0,2568,'C','2200101102938','2025-10-04 06:10:57'),('2025-09-02',1496,6,0,2568,'C','2200101102938','2025-10-04 06:10:57'),('2025-09-02',1480,6,0,2568,'C','2200101102938','2025-10-04 06:10:57'),('2025-09-02',1483,6,0,2568,'C','2200101102938','2025-10-04 06:10:57'),('2025-09-02',1507,6,0,2568,'C','2200101102938','2025-10-04 06:10:57'),('2025-09-03',1476,6,0,2568,'C','2200101102938','2025-10-04 06:10:02'),('2025-09-03',1477,6,0,2568,'C','2200101102938','2025-10-04 06:10:02'),('2025-09-03',1479,6,0,2568,'C','2200101102938','2025-10-04 06:10:02'),('2025-09-03',1496,6,0,2568,'C','2200101102938','2025-10-04 06:10:02'),('2025-09-03',1480,6,0,2568,'C','2200101102938','2025-10-04 06:10:02'),('2025-09-03',1483,6,0,2568,'C','2200101102938','2025-10-04 06:10:02'),('2025-09-03',1507,6,0,2568,'C','2200101102938','2025-10-04 06:10:02'),('2025-09-04',1476,6,0,2568,'C','2200101102938','2025-10-04 06:10:08'),('2025-09-04',1477,6,0,2568,'C','2200101102938','2025-10-04 06:10:08'),('2025-09-04',1479,6,0,2568,'C','2200101102938','2025-10-04 06:10:08'),('2025-09-04',1496,6,0,2568,'C','2200101102938','2025-10-04 06:10:08'),('2025-09-04',1480,6,0,2568,'C','2200101102938','2025-10-04 06:10:08'),('2025-09-04',1483,6,0,2568,'C','2200101102938','2025-10-04 06:10:08'),('2025-09-04',1507,6,0,2568,'C','2200101102938','2025-10-04 06:10:08'),('2025-09-05',1476,6,0,2568,'C','2200101102938','2025-10-04 06:10:15'),('2025-09-05',1477,6,0,2568,'C','2200101102938','2025-10-04 06:10:15'),('2025-09-05',1479,6,0,2568,'C','2200101102938','2025-10-04 06:10:15'),('2025-09-05',1496,6,0,2568,'C','2200101102938','2025-10-04 06:10:15'),('2025-09-05',1480,6,0,2568,'C','2200101102938','2025-10-04 06:10:15'),('2025-09-05',1483,6,0,2568,'C','2200101102938','2025-10-04 06:10:15'),('2025-09-05',1507,6,0,2568,'C','2200101102938','2025-10-04 06:10:15'),('2025-09-09',1483,6,0,2568,'C','2200101102938','2025-10-04 06:10:35'),('2025-09-09',1480,6,0,2568,'C','2200101102938','2025-10-04 06:10:35'),('2025-09-09',1496,6,0,2568,'C','2200101102938','2025-10-04 06:10:35'),('2025-09-09',1477,6,0,2568,'C','2200101102938','2025-10-04 06:10:35'),('2025-09-09',1479,6,0,2568,'C','2200101102938','2025-10-04 06:10:35'),('2025-09-09',1476,6,0,2568,'C','2200101102938','2025-10-04 06:10:35'),('2025-09-08',1476,6,0,2568,'C','2200101102938','2025-10-04 06:10:27'),('2025-09-08',1477,6,0,2568,'C','2200101102938','2025-10-04 06:10:27'),('2025-09-08',1479,6,0,2568,'C','2200101102938','2025-10-04 06:10:27'),('2025-09-08',1496,6,0,2568,'C','2200101102938','2025-10-04 06:10:27'),('2025-09-08',1480,6,0,2568,'C','2200101102938','2025-10-04 06:10:27'),('2025-09-08',1483,6,0,2568,'C','2200101102938','2025-10-04 06:10:27'),('2025-09-08',1507,6,0,2568,'S','2200101102938','2025-10-04 06:10:27'),('2025-09-09',1507,6,0,2568,'S','2200101102938','2025-10-04 06:10:35'),('2025-09-10',1476,6,0,2568,'C','2200101102938','2025-10-04 06:10:55'),('2025-09-10',1477,6,0,2568,'C','2200101102938','2025-10-04 06:10:55'),('2025-09-10',1479,6,0,2568,'C','2200101102938','2025-10-04 06:10:55'),('2025-09-10',1496,6,0,2568,'C','2200101102938','2025-10-04 06:10:55'),('2025-09-10',1480,6,0,2568,'C','2200101102938','2025-10-04 06:10:55'),('2025-09-10',1483,6,0,2568,'C','2200101102938','2025-10-04 06:10:55'),('2025-09-10',1507,6,0,2568,'C','2200101102938','2025-10-04 06:10:55'),('2025-09-11',1476,6,0,2568,'C','2200101102938','2025-10-04 06:10:01'),('2025-09-11',1477,6,0,2568,'C','2200101102938','2025-10-04 06:10:01'),('2025-09-11',1479,6,0,2568,'C','2200101102938','2025-10-04 06:10:01'),('2025-09-11',1496,6,0,2568,'C','2200101102938','2025-10-04 06:10:01'),('2025-09-11',1480,6,0,2568,'C','2200101102938','2025-10-04 06:10:01'),('2025-09-11',1483,6,0,2568,'C','2200101102938','2025-10-04 06:10:01'),('2025-09-11',1507,6,0,2568,'C','2200101102938','2025-10-04 06:10:01'),('2025-09-12',1476,6,0,2568,'C','2200101102938','2025-10-04 06:10:09'),('2025-09-12',1477,6,0,2568,'C','2200101102938','2025-10-04 06:10:09'),('2025-09-12',1479,6,0,2568,'C','2200101102938','2025-10-04 06:10:09'),('2025-09-12',1496,6,0,2568,'C','2200101102938','2025-10-04 06:10:09'),('2025-09-12',1480,6,0,2568,'C','2200101102938','2025-10-04 06:10:09'),('2025-09-12',1483,6,0,2568,'C','2200101102938','2025-10-04 06:10:09'),('2025-09-12',1507,6,0,2568,'C','2200101102938','2025-10-04 06:10:09'),('2025-09-15',1476,6,0,2568,'C','2200101102938','2025-10-04 06:10:21'),('2025-09-15',1477,6,0,2568,'C','2200101102938','2025-10-04 06:10:21'),('2025-09-15',1479,6,0,2568,'C','2200101102938','2025-10-04 06:10:21'),('2025-09-15',1496,6,0,2568,'C','2200101102938','2025-10-04 06:10:21'),('2025-09-15',1480,6,0,2568,'C','2200101102938','2025-10-04 06:10:21'),('2025-09-15',1483,6,0,2568,'C','2200101102938','2025-10-04 06:10:21'),('2025-09-15',1507,6,0,2568,'C','2200101102938','2025-10-04 06:10:21'),('2025-09-16',1476,6,0,2568,'C','2200101102938','2025-10-04 06:10:28'),('2025-09-16',1477,6,0,2568,'C','2200101102938','2025-10-04 06:10:28'),('2025-09-16',1479,6,0,2568,'C','2200101102938','2025-10-04 06:10:28'),('2025-09-16',1496,6,0,2568,'C','2200101102938','2025-10-04 06:10:28'),('2025-09-16',1480,6,0,2568,'C','2200101102938','2025-10-04 06:10:28'),('2025-09-16',1483,6,0,2568,'C','2200101102938','2025-10-04 06:10:28'),('2025-09-16',1507,6,0,2568,'C','2200101102938','2025-10-04 06:10:28'),('2025-09-17',1476,6,0,2568,'C','2200101102938','2025-10-04 06:10:34'),('2025-09-17',1477,6,0,2568,'C','2200101102938','2025-10-04 06:10:34'),('2025-09-17',1479,6,0,2568,'C','2200101102938','2025-10-04 06:10:34'),('2025-09-17',1496,6,0,2568,'C','2200101102938','2025-10-04 06:10:34'),('2025-09-17',1480,6,0,2568,'C','2200101102938','2025-10-04 06:10:34'),('2025-09-17',1483,6,0,2568,'C','2200101102938','2025-10-04 06:10:34'),('2025-09-17',1507,6,0,2568,'C','2200101102938','2025-10-04 06:10:34'),('2025-09-18',1476,6,0,2568,'C','2200101102938','2025-10-04 06:10:40'),('2025-09-18',1477,6,0,2568,'C','2200101102938','2025-10-04 06:10:40'),('2025-09-18',1479,6,0,2568,'C','2200101102938','2025-10-04 06:10:40'),('2025-09-18',1496,6,0,2568,'C','2200101102938','2025-10-04 06:10:40'),('2025-09-18',1480,6,0,2568,'C','2200101102938','2025-10-04 06:10:40'),('2025-09-18',1483,6,0,2568,'C','2200101102938','2025-10-04 06:10:40'),('2025-09-18',1507,6,0,2568,'C','2200101102938','2025-10-04 06:10:40'),('2025-09-19',1476,6,0,2568,'C','2200101102938','2025-10-04 06:10:47'),('2025-09-19',1477,6,0,2568,'C','2200101102938','2025-10-04 06:10:47'),('2025-09-19',1479,6,0,2568,'C','2200101102938','2025-10-04 06:10:47'),('2025-09-19',1496,6,0,2568,'C','2200101102938','2025-10-04 06:10:47'),('2025-09-19',1480,6,0,2568,'C','2200101102938','2025-10-04 06:10:47'),('2025-09-19',1483,6,0,2568,'C','2200101102938','2025-10-04 06:10:47'),('2025-09-19',1507,6,0,2568,'C','2200101102938','2025-10-04 06:10:47'),('2025-09-22',1476,6,0,2568,'C','2200101102938','2025-10-04 06:10:06'),('2025-09-22',1477,6,0,2568,'S','2200101102938','2025-10-04 06:10:06'),('2025-09-22',1479,6,0,2568,'C','2200101102938','2025-10-04 06:10:06'),('2025-09-22',1496,6,0,2568,'C','2200101102938','2025-10-04 06:10:06'),('2025-09-22',1480,6,0,2568,'C','2200101102938','2025-10-04 06:10:06'),('2025-09-22',1483,6,0,2568,'C','2200101102938','2025-10-04 06:10:06'),('2025-09-22',1507,6,0,2568,'C','2200101102938','2025-10-04 06:10:06'),('2025-09-23',1476,6,0,2568,'C','2200101102938','2025-10-04 06:10:16'),('2025-09-23',1477,6,0,2568,'S','2200101102938','2025-10-04 06:10:16'),('2025-09-23',1479,6,0,2568,'C','2200101102938','2025-10-04 06:10:16'),('2025-09-23',1496,6,0,2568,'C','2200101102938','2025-10-04 06:10:16'),('2025-09-23',1480,6,0,2568,'C','2200101102938','2025-10-04 06:10:16'),('2025-09-23',1483,6,0,2568,'C','2200101102938','2025-10-04 06:10:16'),('2025-09-23',1507,6,0,2568,'C','2200101102938','2025-10-04 06:10:16'),('2025-09-24',1476,6,0,2568,'C','2200101102938','2025-10-04 06:10:27'),('2025-09-24',1477,6,0,2568,'S','2200101102938','2025-10-04 06:10:27'),('2025-09-24',1479,6,0,2568,'C','2200101102938','2025-10-04 06:10:27'),('2025-09-24',1496,6,0,2568,'C','2200101102938','2025-10-04 06:10:27'),('2025-09-24',1480,6,0,2568,'C','2200101102938','2025-10-04 06:10:27'),('2025-09-24',1483,6,0,2568,'C','2200101102938','2025-10-04 06:10:27'),('2025-09-24',1507,6,0,2568,'C','2200101102938','2025-10-04 06:10:27'),('2025-09-25',1476,6,0,2568,'C','2200101102938','2025-10-04 06:10:40'),('2025-09-25',1477,6,0,2568,'C','2200101102938','2025-10-04 06:10:40'),('2025-09-25',1479,6,0,2568,'C','2200101102938','2025-10-04 06:10:40'),('2025-09-25',1496,6,0,2568,'C','2200101102938','2025-10-04 06:10:40'),('2025-09-25',1480,6,0,2568,'C','2200101102938','2025-10-04 06:10:40'),('2025-09-25',1483,6,0,2568,'C','2200101102938','2025-10-04 06:10:40'),('2025-09-25',1507,6,0,2568,'C','2200101102938','2025-10-04 06:10:40'),('2025-09-26',1476,6,0,2568,'C','2200101102938','2025-10-04 06:10:46'),('2025-09-26',1477,6,0,2568,'C','2200101102938','2025-10-04 06:10:46'),('2025-09-26',1479,6,0,2568,'C','2200101102938','2025-10-04 06:10:46'),('2025-09-26',1496,6,0,2568,'C','2200101102938','2025-10-04 06:10:46'),('2025-09-26',1480,6,0,2568,'C','2200101102938','2025-10-04 06:10:46'),('2025-09-26',1483,6,0,2568,'C','2200101102938','2025-10-04 06:10:46'),('2025-09-26',1507,6,0,2568,'C','2200101102938','2025-10-04 06:10:46'),('2025-09-29',1476,6,0,2568,'C','2200101102938','2025-10-04 06:10:02'),('2025-09-29',1477,6,0,2568,'C','2200101102938','2025-10-04 06:10:02'),('2025-09-29',1479,6,0,2568,'W','2200101102938','2025-10-04 06:10:02'),('2025-09-29',1496,6,0,2568,'C','2200101102938','2025-10-04 06:10:02'),('2025-09-29',1480,6,0,2568,'C','2200101102938','2025-10-04 06:10:02'),('2025-09-29',1483,6,0,2568,'C','2200101102938','2025-10-04 06:10:02'),('2025-09-29',1507,6,0,2568,'C','2200101102938','2025-10-04 06:10:02'),('2025-09-30',1476,6,0,2568,'C','2200101102938','2025-10-04 06:10:10'),('2025-09-30',1477,6,0,2568,'C','2200101102938','2025-10-04 06:10:10'),('2025-09-30',1479,6,0,2568,'C','2200101102938','2025-10-04 06:10:10'),('2025-09-30',1496,6,0,2568,'C','2200101102938','2025-10-04 06:10:10'),('2025-09-30',1480,6,0,2568,'C','2200101102938','2025-10-04 06:10:10'),('2025-09-30',1483,6,0,2568,'C','2200101102938','2025-10-04 06:10:10'),('2025-09-30',1507,6,0,2568,'C','2200101102938','2025-10-04 06:10:10'),('2025-10-01',1476,6,0,2568,'C','2200101102938','2025-10-04 06:10:39'),('2025-10-01',1477,6,0,2568,'C','2200101102938','2025-10-04 06:10:39'),('2025-10-01',1479,6,0,2568,'C','2200101102938','2025-10-04 06:10:39'),('2025-10-01',1496,6,0,2568,'W','2200101102938','2025-10-04 06:10:39'),('2025-10-01',1480,6,0,2568,'C','2200101102938','2025-10-04 06:10:39'),('2025-10-01',1483,6,0,2568,'C','2200101102938','2025-10-04 06:10:39'),('2025-10-01',1507,6,0,2568,'C','2200101102938','2025-10-04 06:10:39'),('2025-10-02',1476,6,0,2568,'C','2200101102938','2025-10-04 06:10:46'),('2025-10-02',1477,6,0,2568,'C','2200101102938','2025-10-04 06:10:46'),('2025-10-02',1479,6,0,2568,'C','2200101102938','2025-10-04 06:10:46'),('2025-10-02',1496,6,0,2568,'C','2200101102938','2025-10-04 06:10:46'),('2025-10-02',1480,6,0,2568,'C','2200101102938','2025-10-04 06:10:46'),('2025-10-02',1483,6,0,2568,'C','2200101102938','2025-10-04 06:10:46'),('2025-10-02',1507,6,0,2568,'C','2200101102938','2025-10-04 06:10:46'),('2025-10-03',1476,6,0,2568,'C','2200101102938','2025-10-04 06:10:56'),('2025-10-03',1477,6,0,2568,'C','2200101102938','2025-10-04 06:10:56'),('2025-10-03',1479,6,0,2568,'C','2200101102938','2025-10-04 06:10:56'),('2025-10-03',1496,6,0,2568,'C','2200101102938','2025-10-04 06:10:56'),('2025-10-03',1480,6,0,2568,'C','2200101102938','2025-10-04 06:10:56'),('2025-10-03',1483,6,0,2568,'C','2200101102938','2025-10-04 06:10:56'),('2025-10-03',1507,6,0,2568,'C','2200101102938','2025-10-04 06:10:56'),('2025-05-16',1475,5,0,2568,'C','2200101102938','2025-10-04 06:10:23'),('2025-05-16',1474,5,0,2568,'C','2200101102938','2025-10-04 06:10:23'),('2025-05-16',1497,5,0,2568,'C','2200101102938','2025-10-04 06:10:23'),('2025-05-16',1498,5,0,2568,'C','2200101102938','2025-10-04 06:10:23'),('2025-05-16',1482,5,0,2568,'C','2200101102938','2025-10-04 06:10:23'),('2025-05-16',1499,5,0,2568,'C','2200101102938','2025-10-04 06:10:23'),('2025-05-16',1500,5,0,2568,'C','2200101102938','2025-10-04 06:10:23'),('2025-05-16',1501,5,0,2568,'C','2200101102938','2025-10-04 06:10:23'),('2025-05-19',1475,5,0,2568,'C','2200101102938','2025-10-04 06:10:36'),('2025-05-19',1474,5,0,2568,'C','2200101102938','2025-10-04 06:10:36'),('2025-05-19',1497,5,0,2568,'C','2200101102938','2025-10-04 06:10:36'),('2025-05-19',1498,5,0,2568,'C','2200101102938','2025-10-04 06:10:36'),('2025-05-19',1482,5,0,2568,'C','2200101102938','2025-10-04 06:10:36'),('2025-05-19',1499,5,0,2568,'C','2200101102938','2025-10-04 06:10:36'),('2025-05-19',1500,5,0,2568,'C','2200101102938','2025-10-04 06:10:36'),('2025-05-19',1501,5,0,2568,'C','2200101102938','2025-10-04 06:10:36'),('2025-05-20',1475,5,0,2568,'C','2200101102938','2025-10-04 06:10:42'),('2025-05-20',1474,5,0,2568,'C','2200101102938','2025-10-04 06:10:42'),('2025-05-20',1497,5,0,2568,'C','2200101102938','2025-10-04 06:10:42'),('2025-05-20',1498,5,0,2568,'C','2200101102938','2025-10-04 06:10:42'),('2025-05-20',1482,5,0,2568,'C','2200101102938','2025-10-04 06:10:42'),('2025-05-20',1499,5,0,2568,'C','2200101102938','2025-10-04 06:10:42'),('2025-05-20',1500,5,0,2568,'C','2200101102938','2025-10-04 06:10:42'),('2025-05-20',1501,5,0,2568,'C','2200101102938','2025-10-04 06:10:42'),('2025-05-21',1475,5,0,2568,'C','2200101102938','2025-10-04 06:10:50'),('2025-05-21',1474,5,0,2568,'C','2200101102938','2025-10-04 06:10:50'),('2025-05-21',1497,5,0,2568,'C','2200101102938','2025-10-04 06:10:50'),('2025-05-21',1498,5,0,2568,'C','2200101102938','2025-10-04 06:10:50'),('2025-05-21',1482,5,0,2568,'C','2200101102938','2025-10-04 06:10:50'),('2025-05-21',1499,5,0,2568,'C','2200101102938','2025-10-04 06:10:50'),('2025-05-21',1500,5,0,2568,'C','2200101102938','2025-10-04 06:10:50'),('2025-05-21',1501,5,0,2568,'C','2200101102938','2025-10-04 06:10:50'),('2025-05-22',1475,5,0,2568,'C','2200101102938','2025-10-04 06:10:12'),('2025-05-22',1474,5,0,2568,'C','2200101102938','2025-10-04 06:10:12'),('2025-05-22',1497,5,0,2568,'C','2200101102938','2025-10-04 06:10:12'),('2025-05-22',1498,5,0,2568,'C','2200101102938','2025-10-04 06:10:12'),('2025-05-22',1482,5,0,2568,'W','2200101102938','2025-10-04 06:10:12'),('2025-05-22',1499,5,0,2568,'C','2200101102938','2025-10-04 06:10:12'),('2025-05-22',1500,5,0,2568,'C','2200101102938','2025-10-04 06:10:12'),('2025-05-22',1501,5,0,2568,'C','2200101102938','2025-10-04 06:10:12'),('2025-05-23',1475,5,0,2568,'C','2200101102938','2025-10-04 06:10:23'),('2025-05-23',1474,5,0,2568,'C','2200101102938','2025-10-04 06:10:23'),('2025-05-23',1497,5,0,2568,'W','2200101102938','2025-10-04 06:10:23'),('2025-05-23',1498,5,0,2568,'C','2200101102938','2025-10-04 06:10:23'),('2025-05-23',1482,5,0,2568,'C','2200101102938','2025-10-04 06:10:23'),('2025-05-23',1499,5,0,2568,'C','2200101102938','2025-10-04 06:10:23'),('2025-05-23',1500,5,0,2568,'C','2200101102938','2025-10-04 06:10:23'),('2025-05-23',1501,5,0,2568,'C','2200101102938','2025-10-04 06:10:23'),('2025-05-26',1475,5,0,2568,'C','2200101102938','2025-10-04 06:10:35'),('2025-05-26',1474,5,0,2568,'C','2200101102938','2025-10-04 06:10:35'),('2025-05-26',1497,5,0,2568,'C','2200101102938','2025-10-04 06:10:35'),('2025-05-26',1498,5,0,2568,'C','2200101102938','2025-10-04 06:10:35'),('2025-05-26',1482,5,0,2568,'C','2200101102938','2025-10-04 06:10:35'),('2025-05-26',1499,5,0,2568,'C','2200101102938','2025-10-04 06:10:35'),('2025-05-26',1500,5,0,2568,'C','2200101102938','2025-10-04 06:10:35'),('2025-05-26',1501,5,0,2568,'C','2200101102938','2025-10-04 06:10:35'),('2025-05-27',1475,5,0,2568,'C','2200101102938','2025-10-04 06:10:41'),('2025-05-27',1474,5,0,2568,'C','2200101102938','2025-10-04 06:10:41'),('2025-05-27',1497,5,0,2568,'C','2200101102938','2025-10-04 06:10:41'),('2025-05-27',1498,5,0,2568,'C','2200101102938','2025-10-04 06:10:41'),('2025-05-27',1482,5,0,2568,'C','2200101102938','2025-10-04 06:10:41'),('2025-05-27',1499,5,0,2568,'C','2200101102938','2025-10-04 06:10:41'),('2025-05-27',1500,5,0,2568,'C','2200101102938','2025-10-04 06:10:41'),('2025-05-27',1501,5,0,2568,'C','2200101102938','2025-10-04 06:10:41'),('2025-05-28',1475,5,0,2568,'C','2200101102938','2025-10-04 06:10:47'),('2025-05-28',1474,5,0,2568,'C','2200101102938','2025-10-04 06:10:47'),('2025-05-28',1497,5,0,2568,'C','2200101102938','2025-10-04 06:10:47'),('2025-05-28',1498,5,0,2568,'C','2200101102938','2025-10-04 06:10:47'),('2025-05-28',1482,5,0,2568,'C','2200101102938','2025-10-04 06:10:47'),('2025-05-28',1499,5,0,2568,'C','2200101102938','2025-10-04 06:10:47'),('2025-05-28',1500,5,0,2568,'C','2200101102938','2025-10-04 06:10:47'),('2025-05-28',1501,5,0,2568,'C','2200101102938','2025-10-04 06:10:47'),('2025-05-29',1475,5,0,2568,'C','2200101102938','2025-10-04 06:10:55'),('2025-05-29',1474,5,0,2568,'C','2200101102938','2025-10-04 06:10:55'),('2025-05-29',1497,5,0,2568,'C','2200101102938','2025-10-04 06:10:55'),('2025-05-29',1498,5,0,2568,'C','2200101102938','2025-10-04 06:10:55'),('2025-05-29',1482,5,0,2568,'C','2200101102938','2025-10-04 06:10:55'),('2025-05-29',1499,5,0,2568,'C','2200101102938','2025-10-04 06:10:55'),('2025-05-29',1500,5,0,2568,'C','2200101102938','2025-10-04 06:10:55'),('2025-05-29',1501,5,0,2568,'C','2200101102938','2025-10-04 06:10:55'),('2025-05-30',1475,5,0,2568,'C','2200101102938','2025-10-04 06:10:02'),('2025-05-30',1474,5,0,2568,'C','2200101102938','2025-10-04 06:10:02'),('2025-05-30',1497,5,0,2568,'C','2200101102938','2025-10-04 06:10:02'),('2025-05-30',1498,5,0,2568,'C','2200101102938','2025-10-04 06:10:02'),('2025-05-30',1482,5,0,2568,'C','2200101102938','2025-10-04 06:10:02'),('2025-05-30',1499,5,0,2568,'C','2200101102938','2025-10-04 06:10:02'),('2025-05-30',1500,5,0,2568,'C','2200101102938','2025-10-04 06:10:02'),('2025-05-30',1501,5,0,2568,'C','2200101102938','2025-10-04 06:10:02'),('2025-06-04',1475,5,0,2568,'C','2200101102938','2025-10-04 06:10:21'),('2025-06-04',1474,5,0,2568,'C','2200101102938','2025-10-04 06:10:21'),('2025-06-04',1497,5,0,2568,'C','2200101102938','2025-10-04 06:10:21'),('2025-06-04',1498,5,0,2568,'C','2200101102938','2025-10-04 06:10:21'),('2025-06-04',1482,5,0,2568,'C','2200101102938','2025-10-04 06:10:21'),('2025-06-04',1499,5,0,2568,'C','2200101102938','2025-10-04 06:10:21'),('2025-06-04',1500,5,0,2568,'C','2200101102938','2025-10-04 06:10:21'),('2025-06-04',1501,5,0,2568,'C','2200101102938','2025-10-04 06:10:21'),('2025-06-05',1475,5,0,2568,'C','2200101102938','2025-10-04 06:10:29'),('2025-06-05',1474,5,0,2568,'C','2200101102938','2025-10-04 06:10:29'),('2025-06-05',1497,5,0,2568,'C','2200101102938','2025-10-04 06:10:29'),('2025-06-05',1498,5,0,2568,'C','2200101102938','2025-10-04 06:10:29'),('2025-06-05',1482,5,0,2568,'C','2200101102938','2025-10-04 06:10:29'),('2025-06-05',1499,5,0,2568,'C','2200101102938','2025-10-04 06:10:29'),('2025-06-05',1500,5,0,2568,'C','2200101102938','2025-10-04 06:10:29'),('2025-06-05',1501,5,0,2568,'C','2200101102938','2025-10-04 06:10:29'),('2025-06-06',1475,5,0,2568,'C','2200101102938','2025-10-04 06:10:36'),('2025-06-06',1474,5,0,2568,'C','2200101102938','2025-10-04 06:10:36'),('2025-06-06',1497,5,0,2568,'C','2200101102938','2025-10-04 06:10:36'),('2025-06-06',1498,5,0,2568,'C','2200101102938','2025-10-04 06:10:36'),('2025-06-06',1482,5,0,2568,'C','2200101102938','2025-10-04 06:10:36'),('2025-06-06',1499,5,0,2568,'C','2200101102938','2025-10-04 06:10:36'),('2025-06-06',1500,5,0,2568,'C','2200101102938','2025-10-04 06:10:36'),('2025-06-06',1501,5,0,2568,'C','2200101102938','2025-10-04 06:10:36'),('2025-06-09',1475,5,0,2568,'C','2200101102938','2025-10-04 06:10:54'),('2025-06-09',1474,5,0,2568,'C','2200101102938','2025-10-04 06:10:54'),('2025-06-09',1497,5,0,2568,'C','2200101102938','2025-10-04 06:10:54'),('2025-06-09',1498,5,0,2568,'C','2200101102938','2025-10-04 06:10:54'),('2025-06-09',1482,5,0,2568,'C','2200101102938','2025-10-04 06:10:54'),('2025-06-09',1499,5,0,2568,'C','2200101102938','2025-10-04 06:10:54'),('2025-06-09',1500,5,0,2568,'C','2200101102938','2025-10-04 06:10:54'),('2025-06-09',1501,5,0,2568,'C','2200101102938','2025-10-04 06:10:54'),('2025-06-10',1475,5,0,2568,'C','2200101102938','2025-10-04 06:10:02'),('2025-06-10',1474,5,0,2568,'C','2200101102938','2025-10-04 06:10:02'),('2025-06-10',1497,5,0,2568,'C','2200101102938','2025-10-04 06:10:02'),('2025-06-10',1498,5,0,2568,'C','2200101102938','2025-10-04 06:10:02'),('2025-06-10',1482,5,0,2568,'C','2200101102938','2025-10-04 06:10:02'),('2025-06-10',1499,5,0,2568,'C','2200101102938','2025-10-04 06:10:02'),('2025-06-10',1500,5,0,2568,'C','2200101102938','2025-10-04 06:10:02'),('2025-06-10',1501,5,0,2568,'C','2200101102938','2025-10-04 06:10:02'),('2025-06-11',1475,5,0,2568,'C','2200101102938','2025-10-04 06:10:10'),('2025-06-11',1474,5,0,2568,'C','2200101102938','2025-10-04 06:10:10'),('2025-06-11',1497,5,0,2568,'C','2200101102938','2025-10-04 06:10:10'),('2025-06-11',1498,5,0,2568,'C','2200101102938','2025-10-04 06:10:10'),('2025-06-11',1482,5,0,2568,'C','2200101102938','2025-10-04 06:10:10'),('2025-06-11',1499,5,0,2568,'C','2200101102938','2025-10-04 06:10:10'),('2025-06-11',1500,5,0,2568,'C','2200101102938','2025-10-04 06:10:10'),('2025-06-11',1501,5,0,2568,'C','2200101102938','2025-10-04 06:10:10'),('2025-06-12',1475,5,0,2568,'C','2200101102938','2025-10-04 06:10:16'),('2025-06-12',1474,5,0,2568,'C','2200101102938','2025-10-04 06:10:16'),('2025-06-12',1497,5,0,2568,'C','2200101102938','2025-10-04 06:10:16'),('2025-06-12',1498,5,0,2568,'C','2200101102938','2025-10-04 06:10:16'),('2025-06-12',1482,5,0,2568,'C','2200101102938','2025-10-04 06:10:16'),('2025-06-12',1499,5,0,2568,'C','2200101102938','2025-10-04 06:10:16'),('2025-06-12',1500,5,0,2568,'C','2200101102938','2025-10-04 06:10:16'),('2025-06-12',1501,5,0,2568,'C','2200101102938','2025-10-04 06:10:16'),('2025-06-13',1475,5,0,2568,'C','2200101102938','2025-10-04 06:10:24'),('2025-06-13',1474,5,0,2568,'C','2200101102938','2025-10-04 06:10:24'),('2025-06-13',1497,5,0,2568,'C','2200101102938','2025-10-04 06:10:24'),('2025-06-13',1498,5,0,2568,'C','2200101102938','2025-10-04 06:10:24'),('2025-06-13',1482,5,0,2568,'C','2200101102938','2025-10-04 06:10:24'),('2025-06-13',1499,5,0,2568,'C','2200101102938','2025-10-04 06:10:24'),('2025-06-13',1500,5,0,2568,'C','2200101102938','2025-10-04 06:10:24'),('2025-06-13',1501,5,0,2568,'C','2200101102938','2025-10-04 06:10:24'),('2025-06-16',1475,5,0,2568,'C','2200101102938','2025-10-04 06:10:39'),('2025-06-16',1474,5,0,2568,'W','2200101102938','2025-10-04 06:10:39'),('2025-06-16',1497,5,0,2568,'C','2200101102938','2025-10-04 06:10:39'),('2025-06-16',1498,5,0,2568,'C','2200101102938','2025-10-04 06:10:39'),('2025-06-16',1482,5,0,2568,'C','2200101102938','2025-10-04 06:10:39'),('2025-06-16',1499,5,0,2568,'C','2200101102938','2025-10-04 06:10:39'),('2025-06-16',1500,5,0,2568,'C','2200101102938','2025-10-04 06:10:39'),('2025-06-16',1501,5,0,2568,'C','2200101102938','2025-10-04 06:10:39'),('2025-06-17',1475,5,0,2568,'C','2200101102938','2025-10-04 06:10:47'),('2025-06-17',1474,5,0,2568,'C','2200101102938','2025-10-04 06:10:47'),('2025-06-17',1497,5,0,2568,'C','2200101102938','2025-10-04 06:10:47'),('2025-06-17',1498,5,0,2568,'C','2200101102938','2025-10-04 06:10:47'),('2025-06-17',1482,5,0,2568,'C','2200101102938','2025-10-04 06:10:47'),('2025-06-17',1499,5,0,2568,'C','2200101102938','2025-10-04 06:10:47'),('2025-06-17',1500,5,0,2568,'C','2200101102938','2025-10-04 06:10:47'),('2025-06-17',1501,5,0,2568,'C','2200101102938','2025-10-04 06:10:47'),('2025-06-18',1475,5,0,2568,'C','2200101102938','2025-10-04 06:10:57'),('2025-06-18',1474,5,0,2568,'C','2200101102938','2025-10-04 06:10:57'),('2025-06-18',1497,5,0,2568,'C','2200101102938','2025-10-04 06:10:57'),('2025-06-18',1498,5,0,2568,'C','2200101102938','2025-10-04 06:10:57'),('2025-06-18',1482,5,0,2568,'C','2200101102938','2025-10-04 06:10:57'),('2025-06-18',1499,5,0,2568,'C','2200101102938','2025-10-04 06:10:57'),('2025-06-18',1500,5,0,2568,'C','2200101102938','2025-10-04 06:10:57'),('2025-06-18',1501,5,0,2568,'C','2200101102938','2025-10-04 06:10:57'),('2025-06-19',1475,5,0,2568,'C','2200101102938','2025-10-04 06:10:04'),('2025-06-19',1474,5,0,2568,'C','2200101102938','2025-10-04 06:10:04'),('2025-06-19',1497,5,0,2568,'C','2200101102938','2025-10-04 06:10:04'),('2025-06-19',1498,5,0,2568,'C','2200101102938','2025-10-04 06:10:04'),('2025-06-19',1482,5,0,2568,'C','2200101102938','2025-10-04 06:10:04'),('2025-06-19',1499,5,0,2568,'C','2200101102938','2025-10-04 06:10:04'),('2025-06-19',1500,5,0,2568,'C','2200101102938','2025-10-04 06:10:04'),('2025-06-19',1501,5,0,2568,'C','2200101102938','2025-10-04 06:10:04'),('2025-06-20',1475,5,0,2568,'C','2200101102938','2025-10-04 06:10:11'),('2025-06-20',1474,5,0,2568,'C','2200101102938','2025-10-04 06:10:11'),('2025-06-20',1497,5,0,2568,'C','2200101102938','2025-10-04 06:10:11'),('2025-06-20',1498,5,0,2568,'C','2200101102938','2025-10-04 06:10:11'),('2025-06-20',1482,5,0,2568,'C','2200101102938','2025-10-04 06:10:11'),('2025-06-20',1499,5,0,2568,'C','2200101102938','2025-10-04 06:10:11'),('2025-06-20',1500,5,0,2568,'C','2200101102938','2025-10-04 06:10:11'),('2025-06-20',1501,5,0,2568,'C','2200101102938','2025-10-04 06:10:11'),('2025-06-23',1475,5,0,2568,'C','2200101102938','2025-10-04 06:10:33'),('2025-06-23',1474,5,0,2568,'C','2200101102938','2025-10-04 06:10:33'),('2025-06-23',1497,5,0,2568,'C','2200101102938','2025-10-04 06:10:33'),('2025-06-23',1498,5,0,2568,'C','2200101102938','2025-10-04 06:10:33'),('2025-06-23',1482,5,0,2568,'C','2200101102938','2025-10-04 06:10:33'),('2025-06-23',1499,5,0,2568,'C','2200101102938','2025-10-04 06:10:33'),('2025-06-23',1500,5,0,2568,'C','2200101102938','2025-10-04 06:10:33'),('2025-06-23',1501,5,0,2568,'C','2200101102938','2025-10-04 06:10:33'),('2025-06-24',1475,5,0,2568,'C','2200101102938','2025-10-04 06:10:41'),('2025-06-24',1474,5,0,2568,'C','2200101102938','2025-10-04 06:10:41'),('2025-06-24',1497,5,0,2568,'C','2200101102938','2025-10-04 06:10:41'),('2025-06-24',1498,5,0,2568,'C','2200101102938','2025-10-04 06:10:41'),('2025-06-24',1482,5,0,2568,'C','2200101102938','2025-10-04 06:10:41'),('2025-06-24',1499,5,0,2568,'C','2200101102938','2025-10-04 06:10:41'),('2025-06-24',1500,5,0,2568,'C','2200101102938','2025-10-04 06:10:41'),('2025-06-24',1501,5,0,2568,'C','2200101102938','2025-10-04 06:10:41'),('2025-06-25',1475,5,0,2568,'C','2200101102938','2025-10-04 06:10:47'),('2025-06-25',1474,5,0,2568,'C','2200101102938','2025-10-04 06:10:47'),('2025-06-25',1497,5,0,2568,'C','2200101102938','2025-10-04 06:10:47'),('2025-06-25',1498,5,0,2568,'C','2200101102938','2025-10-04 06:10:47'),('2025-06-25',1482,5,0,2568,'C','2200101102938','2025-10-04 06:10:47'),('2025-06-25',1499,5,0,2568,'C','2200101102938','2025-10-04 06:10:47'),('2025-06-25',1500,5,0,2568,'C','2200101102938','2025-10-04 06:10:47'),('2025-06-25',1501,5,0,2568,'C','2200101102938','2025-10-04 06:10:47'),('2025-06-26',1475,5,0,2568,'C','2200101102938','2025-10-04 06:10:54'),('2025-06-26',1474,5,0,2568,'C','2200101102938','2025-10-04 06:10:54'),('2025-06-26',1497,5,0,2568,'C','2200101102938','2025-10-04 06:10:54'),('2025-06-26',1498,5,0,2568,'C','2200101102938','2025-10-04 06:10:54'),('2025-06-26',1482,5,0,2568,'C','2200101102938','2025-10-04 06:10:54'),('2025-06-26',1499,5,0,2568,'C','2200101102938','2025-10-04 06:10:54'),('2025-06-26',1500,5,0,2568,'C','2200101102938','2025-10-04 06:10:54'),('2025-06-26',1501,5,0,2568,'C','2200101102938','2025-10-04 06:10:54'),('2025-06-27',1475,5,0,2568,'C','2200101102938','2025-10-04 06:10:07'),('2025-06-27',1474,5,0,2568,'C','2200101102938','2025-10-04 06:10:07'),('2025-06-27',1497,5,0,2568,'C','2200101102938','2025-10-04 06:10:07'),('2025-06-27',1498,5,0,2568,'W','2200101102938','2025-10-04 06:10:07'),('2025-06-27',1482,5,0,2568,'C','2200101102938','2025-10-04 06:10:07'),('2025-06-27',1499,5,0,2568,'C','2200101102938','2025-10-04 06:10:07'),('2025-06-27',1500,5,0,2568,'C','2200101102938','2025-10-04 06:10:07'),('2025-06-27',1501,5,0,2568,'C','2200101102938','2025-10-04 06:10:07'),('2025-06-30',1475,5,0,2568,'C','2200101102938','2025-10-04 06:10:14'),('2025-06-30',1474,5,0,2568,'C','2200101102938','2025-10-04 06:10:14'),('2025-06-30',1497,5,0,2568,'C','2200101102938','2025-10-04 06:10:14'),('2025-06-30',1498,5,0,2568,'C','2200101102938','2025-10-04 06:10:14'),('2025-06-30',1482,5,0,2568,'C','2200101102938','2025-10-04 06:10:14'),('2025-06-30',1499,5,0,2568,'C','2200101102938','2025-10-04 06:10:14'),('2025-06-30',1500,5,0,2568,'C','2200101102938','2025-10-04 06:10:14'),('2025-06-30',1501,5,0,2568,'C','2200101102938','2025-10-04 06:10:14'),('2025-07-01',1475,5,0,2568,'C','2200101102938','2025-10-04 06:10:01'),('2025-07-01',1474,5,0,2568,'C','2200101102938','2025-10-04 06:10:01'),('2025-07-01',1497,5,0,2568,'C','2200101102938','2025-10-04 06:10:01'),('2025-07-01',1498,5,0,2568,'C','2200101102938','2025-10-04 06:10:01'),('2025-07-01',1482,5,0,2568,'C','2200101102938','2025-10-04 06:10:01'),('2025-07-01',1499,5,0,2568,'C','2200101102938','2025-10-04 06:10:01'),('2025-07-01',1500,5,0,2568,'C','2200101102938','2025-10-04 06:10:01'),('2025-07-01',1501,5,0,2568,'W','2200101102938','2025-10-04 06:10:01'),('2025-07-02',1475,5,0,2568,'C','2200101102938','2025-10-04 06:10:19'),('2025-07-02',1474,5,0,2568,'C','2200101102938','2025-10-04 06:10:19'),('2025-07-02',1497,5,0,2568,'C','2200101102938','2025-10-04 06:10:19'),('2025-07-02',1498,5,0,2568,'C','2200101102938','2025-10-04 06:10:19'),('2025-07-02',1482,5,0,2568,'C','2200101102938','2025-10-04 06:10:19'),('2025-07-02',1499,5,0,2568,'C','2200101102938','2025-10-04 06:10:19'),('2025-07-02',1500,5,0,2568,'C','2200101102938','2025-10-04 06:10:19'),('2025-07-02',1501,5,0,2568,'C','2200101102938','2025-10-04 06:10:19'),('2025-07-03',1475,5,0,2568,'C','2200101102938','2025-10-04 06:10:26'),('2025-07-03',1474,5,0,2568,'C','2200101102938','2025-10-04 06:10:26'),('2025-07-03',1497,5,0,2568,'C','2200101102938','2025-10-04 06:10:26'),('2025-07-03',1498,5,0,2568,'C','2200101102938','2025-10-04 06:10:26'),('2025-07-03',1482,5,0,2568,'C','2200101102938','2025-10-04 06:10:26'),('2025-07-03',1499,5,0,2568,'C','2200101102938','2025-10-04 06:10:26'),('2025-07-03',1500,5,0,2568,'C','2200101102938','2025-10-04 06:10:26'),('2025-07-03',1501,5,0,2568,'C','2200101102938','2025-10-04 06:10:26'),('2025-07-04',1475,5,0,2568,'C','2200101102938','2025-10-04 06:10:32'),('2025-07-04',1474,5,0,2568,'C','2200101102938','2025-10-04 06:10:32'),('2025-07-04',1497,5,0,2568,'C','2200101102938','2025-10-04 06:10:32'),('2025-07-04',1498,5,0,2568,'C','2200101102938','2025-10-04 06:10:32'),('2025-07-04',1482,5,0,2568,'C','2200101102938','2025-10-04 06:10:32'),('2025-07-04',1499,5,0,2568,'C','2200101102938','2025-10-04 06:10:32'),('2025-07-04',1500,5,0,2568,'C','2200101102938','2025-10-04 06:10:32'),('2025-07-04',1501,5,0,2568,'C','2200101102938','2025-10-04 06:10:32'),('2025-07-07',1475,5,0,2568,'C','2200101102938','2025-10-04 06:10:46'),('2025-07-07',1474,5,0,2568,'W','2200101102938','2025-10-04 06:10:46'),('2025-07-07',1497,5,0,2568,'C','2200101102938','2025-10-04 06:10:46'),('2025-07-07',1498,5,0,2568,'C','2200101102938','2025-10-04 06:10:46'),('2025-07-07',1482,5,0,2568,'C','2200101102938','2025-10-04 06:10:46'),('2025-07-07',1499,5,0,2568,'C','2200101102938','2025-10-04 06:10:46'),('2025-07-07',1500,5,0,2568,'C','2200101102938','2025-10-04 06:10:46'),('2025-07-07',1501,5,0,2568,'C','2200101102938','2025-10-04 06:10:46'),('2025-07-08',1475,5,0,2568,'C','2200101102938','2025-10-04 06:10:08'),('2025-07-08',1474,5,0,2568,'C','2200101102938','2025-10-04 06:10:08'),('2025-07-08',1497,5,0,2568,'C','2200101102938','2025-10-04 06:10:08'),('2025-07-08',1498,5,0,2568,'C','2200101102938','2025-10-04 06:10:08'),('2025-07-08',1482,5,0,2568,'C','2200101102938','2025-10-04 06:10:08'),('2025-07-08',1499,5,0,2568,'C','2200101102938','2025-10-04 06:10:08'),('2025-07-08',1500,5,0,2568,'C','2200101102938','2025-10-04 06:10:08'),('2025-07-08',1501,5,0,2568,'C','2200101102938','2025-10-04 06:10:08'),('2025-07-09',1475,5,0,2568,'C','2200101102938','2025-10-04 06:10:14'),('2025-07-09',1474,5,0,2568,'C','2200101102938','2025-10-04 06:10:14'),('2025-07-09',1497,5,0,2568,'C','2200101102938','2025-10-04 06:10:14'),('2025-07-09',1498,5,0,2568,'C','2200101102938','2025-10-04 06:10:14'),('2025-07-09',1482,5,0,2568,'C','2200101102938','2025-10-04 06:10:14'),('2025-07-09',1499,5,0,2568,'C','2200101102938','2025-10-04 06:10:14'),('2025-07-09',1500,5,0,2568,'C','2200101102938','2025-10-04 06:10:14'),('2025-07-09',1501,5,0,2568,'C','2200101102938','2025-10-04 06:10:14'),('2025-07-14',1475,5,0,2568,'C','2200101102938','2025-10-04 06:10:45'),('2025-07-14',1474,5,0,2568,'C','2200101102938','2025-10-04 06:10:45'),('2025-07-14',1497,5,0,2568,'C','2200101102938','2025-10-04 06:10:45'),('2025-07-14',1498,5,0,2568,'C','2200101102938','2025-10-04 06:10:45'),('2025-07-14',1482,5,0,2568,'C','2200101102938','2025-10-04 06:10:45'),('2025-07-14',1499,5,0,2568,'W','2200101102938','2025-10-04 06:10:45'),('2025-07-14',1500,5,0,2568,'C','2200101102938','2025-10-04 06:10:45'),('2025-07-14',1501,5,0,2568,'C','2200101102938','2025-10-04 06:10:45'),('2025-07-15',1475,5,0,2568,'C','2200101102938','2025-10-04 06:10:56'),('2025-07-15',1474,5,0,2568,'C','2200101102938','2025-10-04 06:10:56'),('2025-07-15',1497,5,0,2568,'C','2200101102938','2025-10-04 06:10:56'),('2025-07-15',1498,5,0,2568,'C','2200101102938','2025-10-04 06:10:56'),('2025-07-15',1482,5,0,2568,'C','2200101102938','2025-10-04 06:10:56'),('2025-07-15',1499,5,0,2568,'C','2200101102938','2025-10-04 06:10:56'),('2025-07-15',1500,5,0,2568,'C','2200101102938','2025-10-04 06:10:56'),('2025-07-15',1501,5,0,2568,'C','2200101102938','2025-10-04 06:10:56'),('2025-07-16',1475,5,0,2568,'C','2200101102938','2025-10-04 06:10:04'),('2025-07-16',1474,5,0,2568,'C','2200101102938','2025-10-04 06:10:04'),('2025-07-16',1497,5,0,2568,'C','2200101102938','2025-10-04 06:10:04'),('2025-07-16',1498,5,0,2568,'C','2200101102938','2025-10-04 06:10:04'),('2025-07-16',1482,5,0,2568,'C','2200101102938','2025-10-04 06:10:04'),('2025-07-16',1499,5,0,2568,'C','2200101102938','2025-10-04 06:10:04'),('2025-07-16',1500,5,0,2568,'C','2200101102938','2025-10-04 06:10:04'),('2025-07-16',1501,5,0,2568,'C','2200101102938','2025-10-04 06:10:04'),('2025-07-17',1475,5,0,2568,'C','2200101102938','2025-10-04 06:10:11'),('2025-07-17',1474,5,0,2568,'C','2200101102938','2025-10-04 06:10:11'),('2025-07-17',1497,5,0,2568,'C','2200101102938','2025-10-04 06:10:11'),('2025-07-17',1498,5,0,2568,'C','2200101102938','2025-10-04 06:10:11'),('2025-07-17',1482,5,0,2568,'C','2200101102938','2025-10-04 06:10:11'),('2025-07-17',1499,5,0,2568,'C','2200101102938','2025-10-04 06:10:11'),('2025-07-17',1500,5,0,2568,'C','2200101102938','2025-10-04 06:10:11'),('2025-07-17',1501,5,0,2568,'C','2200101102938','2025-10-04 06:10:11'),('2025-07-18',1475,5,0,2568,'C','2200101102938','2025-10-04 06:10:17'),('2025-07-18',1474,5,0,2568,'C','2200101102938','2025-10-04 06:10:17'),('2025-07-18',1497,5,0,2568,'C','2200101102938','2025-10-04 06:10:17'),('2025-07-18',1498,5,0,2568,'C','2200101102938','2025-10-04 06:10:17'),('2025-07-18',1482,5,0,2568,'C','2200101102938','2025-10-04 06:10:17'),('2025-07-18',1499,5,0,2568,'C','2200101102938','2025-10-04 06:10:17'),('2025-07-18',1500,5,0,2568,'C','2200101102938','2025-10-04 06:10:17'),('2025-07-18',1501,5,0,2568,'C','2200101102938','2025-10-04 06:10:17'),('2025-07-21',1475,5,0,2568,'S','2200101102938','2025-10-04 06:10:44'),('2025-07-21',1474,5,0,2568,'C','2200101102938','2025-10-04 06:10:44'),('2025-07-21',1497,5,0,2568,'C','2200101102938','2025-10-04 06:10:44'),('2025-07-21',1498,5,0,2568,'W','2200101102938','2025-10-04 06:10:44'),('2025-07-21',1482,5,0,2568,'C','2200101102938','2025-10-04 06:10:44'),('2025-07-21',1499,5,0,2568,'C','2200101102938','2025-10-04 06:10:44'),('2025-07-21',1500,5,0,2568,'C','2200101102938','2025-10-04 06:10:44'),('2025-07-21',1501,5,0,2568,'C','2200101102938','2025-10-04 06:10:44'),('2025-07-22',1475,5,0,2568,'S','2200101102938','2025-10-04 06:10:07'),('2025-07-22',1474,5,0,2568,'C','2200101102938','2025-10-04 06:10:07'),('2025-07-22',1497,5,0,2568,'C','2200101102938','2025-10-04 06:10:07'),('2025-07-22',1498,5,0,2568,'S','2200101102938','2025-10-04 06:10:07'),('2025-07-22',1482,5,0,2568,'C','2200101102938','2025-10-04 06:10:07'),('2025-07-22',1499,5,0,2568,'C','2200101102938','2025-10-04 06:10:07'),('2025-07-22',1500,5,0,2568,'C','2200101102938','2025-10-04 06:10:07'),('2025-07-22',1501,5,0,2568,'C','2200101102938','2025-10-04 06:10:07'),('2025-07-23',1475,5,0,2568,'C','2200101102938','2025-10-04 06:10:15'),('2025-07-23',1474,5,0,2568,'C','2200101102938','2025-10-04 06:10:15'),('2025-07-23',1497,5,0,2568,'C','2200101102938','2025-10-04 06:10:15'),('2025-07-23',1498,5,0,2568,'C','2200101102938','2025-10-04 06:10:15'),('2025-07-23',1482,5,0,2568,'C','2200101102938','2025-10-04 06:10:15'),('2025-07-23',1499,5,0,2568,'C','2200101102938','2025-10-04 06:10:15'),('2025-07-23',1500,5,0,2568,'C','2200101102938','2025-10-04 06:10:15'),('2025-07-23',1501,5,0,2568,'C','2200101102938','2025-10-04 06:10:15'),('2025-07-24',1475,5,0,2568,'C','2200101102938','2025-10-04 06:10:22'),('2025-07-24',1474,5,0,2568,'C','2200101102938','2025-10-04 06:10:22'),('2025-07-24',1497,5,0,2568,'C','2200101102938','2025-10-04 06:10:22'),('2025-07-24',1498,5,0,2568,'C','2200101102938','2025-10-04 06:10:22'),('2025-07-24',1482,5,0,2568,'C','2200101102938','2025-10-04 06:10:22'),('2025-07-24',1499,5,0,2568,'C','2200101102938','2025-10-04 06:10:22'),('2025-07-24',1500,5,0,2568,'C','2200101102938','2025-10-04 06:10:22'),('2025-07-24',1501,5,0,2568,'C','2200101102938','2025-10-04 06:10:22'),('2025-07-25',1475,5,0,2568,'C','2200101102938','2025-10-04 06:10:28'),('2025-07-25',1474,5,0,2568,'C','2200101102938','2025-10-04 06:10:28'),('2025-07-25',1497,5,0,2568,'C','2200101102938','2025-10-04 06:10:28'),('2025-07-25',1498,5,0,2568,'C','2200101102938','2025-10-04 06:10:28'),('2025-07-25',1482,5,0,2568,'C','2200101102938','2025-10-04 06:10:28'),('2025-07-25',1499,5,0,2568,'C','2200101102938','2025-10-04 06:10:28'),('2025-07-25',1500,5,0,2568,'C','2200101102938','2025-10-04 06:10:28'),('2025-07-25',1501,5,0,2568,'C','2200101102938','2025-10-04 06:10:28'),('2025-07-29',1475,5,0,2568,'C','2200101102938','2025-10-04 06:10:57'),('2025-07-29',1474,5,0,2568,'C','2200101102938','2025-10-04 06:10:57'),('2025-07-29',1497,5,0,2568,'C','2200101102938','2025-10-04 06:10:57'),('2025-07-29',1498,5,0,2568,'C','2200101102938','2025-10-04 06:10:57'),('2025-07-29',1482,5,0,2568,'C','2200101102938','2025-10-04 06:10:57'),('2025-07-29',1499,5,0,2568,'C','2200101102938','2025-10-04 06:10:57'),('2025-07-29',1500,5,0,2568,'C','2200101102938','2025-10-04 06:10:57'),('2025-07-29',1501,5,0,2568,'C','2200101102938','2025-10-04 06:10:57'),('2025-07-30',1475,5,0,2568,'C','2200101102938','2025-10-04 06:10:12'),('2025-07-30',1474,5,0,2568,'C','2200101102938','2025-10-04 06:10:12'),('2025-07-30',1497,5,0,2568,'W','2200101102938','2025-10-04 06:10:12'),('2025-07-30',1498,5,0,2568,'C','2200101102938','2025-10-04 06:10:12'),('2025-07-30',1482,5,0,2568,'C','2200101102938','2025-10-04 06:10:12'),('2025-07-30',1499,5,0,2568,'C','2200101102938','2025-10-04 06:10:12'),('2025-07-30',1500,5,0,2568,'C','2200101102938','2025-10-04 06:10:12'),('2025-07-30',1501,5,0,2568,'C','2200101102938','2025-10-04 06:10:12'),('2025-07-31',1475,5,0,2568,'C','2200101102938','2025-10-04 06:10:33'),('2025-07-31',1474,5,0,2568,'C','2200101102938','2025-10-04 06:10:33'),('2025-07-31',1497,5,0,2568,'C','2200101102938','2025-10-04 06:10:33'),('2025-07-31',1498,5,0,2568,'C','2200101102938','2025-10-04 06:10:33'),('2025-07-31',1482,5,0,2568,'C','2200101102938','2025-10-04 06:10:33'),('2025-07-31',1499,5,0,2568,'C','2200101102938','2025-10-04 06:10:33'),('2025-07-31',1500,5,0,2568,'C','2200101102938','2025-10-04 06:10:33'),('2025-07-31',1501,5,0,2568,'C','2200101102938','2025-10-04 06:10:33'),('2025-08-01',1475,5,0,2568,'C','2200101102938','2025-10-04 06:10:04'),('2025-08-01',1474,5,0,2568,'C','2200101102938','2025-10-04 06:10:04'),('2025-08-01',1497,5,0,2568,'C','2200101102938','2025-10-04 06:10:04'),('2025-08-01',1498,5,0,2568,'C','2200101102938','2025-10-04 06:10:04'),('2025-08-01',1482,5,0,2568,'C','2200101102938','2025-10-04 06:10:04'),('2025-08-01',1499,5,0,2568,'C','2200101102938','2025-10-04 06:10:04'),('2025-08-01',1500,5,0,2568,'W','2200101102938','2025-10-04 06:10:04'),('2025-08-01',1501,5,0,2568,'C','2200101102938','2025-10-04 06:10:04'),('2025-08-04',1475,5,0,2568,'C','2200101102938','2025-10-04 06:10:17'),('2025-08-04',1474,5,0,2568,'C','2200101102938','2025-10-04 06:10:17'),('2025-08-04',1497,5,0,2568,'C','2200101102938','2025-10-04 06:10:17'),('2025-08-04',1498,5,0,2568,'C','2200101102938','2025-10-04 06:10:17'),('2025-08-04',1482,5,0,2568,'C','2200101102938','2025-10-04 06:10:17'),('2025-08-04',1499,5,0,2568,'C','2200101102938','2025-10-04 06:10:17'),('2025-08-04',1500,5,0,2568,'C','2200101102938','2025-10-04 06:10:17'),('2025-08-04',1501,5,0,2568,'C','2200101102938','2025-10-04 06:10:17'),('2025-08-05',1475,5,0,2568,'C','2200101102938','2025-10-04 06:10:23'),('2025-08-05',1474,5,0,2568,'C','2200101102938','2025-10-04 06:10:23'),('2025-08-05',1497,5,0,2568,'C','2200101102938','2025-10-04 06:10:23'),('2025-08-05',1498,5,0,2568,'C','2200101102938','2025-10-04 06:10:23'),('2025-08-05',1482,5,0,2568,'C','2200101102938','2025-10-04 06:10:23'),('2025-08-05',1499,5,0,2568,'C','2200101102938','2025-10-04 06:10:23'),('2025-08-05',1500,5,0,2568,'C','2200101102938','2025-10-04 06:10:23'),('2025-08-05',1501,5,0,2568,'C','2200101102938','2025-10-04 06:10:23'),('2025-08-06',1475,5,0,2568,'C','2200101102938','2025-10-04 06:10:31'),('2025-08-06',1474,5,0,2568,'C','2200101102938','2025-10-04 06:10:31'),('2025-08-06',1497,5,0,2568,'C','2200101102938','2025-10-04 06:10:31'),('2025-08-06',1498,5,0,2568,'C','2200101102938','2025-10-04 06:10:31'),('2025-08-06',1482,5,0,2568,'C','2200101102938','2025-10-04 06:10:31'),('2025-08-06',1499,5,0,2568,'C','2200101102938','2025-10-04 06:10:31'),('2025-08-06',1500,5,0,2568,'C','2200101102938','2025-10-04 06:10:31'),('2025-08-06',1501,5,0,2568,'C','2200101102938','2025-10-04 06:10:31'),('2025-08-07',1475,5,0,2568,'C','2200101102938','2025-10-04 06:10:37'),('2025-08-07',1474,5,0,2568,'C','2200101102938','2025-10-04 06:10:37'),('2025-08-07',1497,5,0,2568,'C','2200101102938','2025-10-04 06:10:37'),('2025-08-07',1498,5,0,2568,'C','2200101102938','2025-10-04 06:10:37'),('2025-08-07',1482,5,0,2568,'C','2200101102938','2025-10-04 06:10:37'),('2025-08-07',1499,5,0,2568,'C','2200101102938','2025-10-04 06:10:37'),('2025-08-07',1500,5,0,2568,'C','2200101102938','2025-10-04 06:10:37'),('2025-08-07',1501,5,0,2568,'C','2200101102938','2025-10-04 06:10:37'),('2025-08-08',1475,5,0,2568,'C','2200101102938','2025-10-04 06:10:45'),('2025-08-08',1474,5,0,2568,'C','2200101102938','2025-10-04 06:10:45'),('2025-08-08',1497,5,0,2568,'C','2200101102938','2025-10-04 06:10:45'),('2025-08-08',1498,5,0,2568,'C','2200101102938','2025-10-04 06:10:45'),('2025-08-08',1482,5,0,2568,'C','2200101102938','2025-10-04 06:10:45'),('2025-08-08',1499,5,0,2568,'C','2200101102938','2025-10-04 06:10:45'),('2025-08-08',1500,5,0,2568,'C','2200101102938','2025-10-04 06:10:45'),('2025-08-08',1501,5,0,2568,'C','2200101102938','2025-10-04 06:10:45'),('2025-08-13',1475,5,0,2568,'C','2200101102938','2025-10-04 06:10:10'),('2025-08-13',1474,5,0,2568,'C','2200101102938','2025-10-04 06:10:10'),('2025-08-13',1497,5,0,2568,'C','2200101102938','2025-10-04 06:10:10'),('2025-08-13',1498,5,0,2568,'W','2200101102938','2025-10-04 06:10:10'),('2025-08-13',1482,5,0,2568,'C','2200101102938','2025-10-04 06:10:10'),('2025-08-13',1499,5,0,2568,'C','2200101102938','2025-10-04 06:10:10'),('2025-08-13',1500,5,0,2568,'C','2200101102938','2025-10-04 06:10:10'),('2025-08-13',1501,5,0,2568,'C','2200101102938','2025-10-04 06:10:10'),('2025-08-14',1475,5,0,2568,'C','2200101102938','2025-10-04 06:10:20'),('2025-08-14',1474,5,0,2568,'C','2200101102938','2025-10-04 06:10:20'),('2025-08-14',1497,5,0,2568,'C','2200101102938','2025-10-04 06:10:20'),('2025-08-14',1498,5,0,2568,'C','2200101102938','2025-10-04 06:10:20'),('2025-08-14',1482,5,0,2568,'C','2200101102938','2025-10-04 06:10:20'),('2025-08-14',1499,5,0,2568,'C','2200101102938','2025-10-04 06:10:20'),('2025-08-14',1500,5,0,2568,'C','2200101102938','2025-10-04 06:10:20'),('2025-08-14',1501,5,0,2568,'C','2200101102938','2025-10-04 06:10:20'),('2025-08-15',1475,5,0,2568,'C','2200101102938','2025-10-04 06:10:35'),('2025-08-15',1474,5,0,2568,'C','2200101102938','2025-10-04 06:10:35'),('2025-08-15',1497,5,0,2568,'C','2200101102938','2025-10-04 06:10:35'),('2025-08-15',1498,5,0,2568,'C','2200101102938','2025-10-04 06:10:35'),('2025-08-15',1482,5,0,2568,'C','2200101102938','2025-10-04 06:10:35'),('2025-08-15',1499,5,0,2568,'C','2200101102938','2025-10-04 06:10:35'),('2025-08-15',1500,5,0,2568,'C','2200101102938','2025-10-04 06:10:35'),('2025-08-15',1501,5,0,2568,'C','2200101102938','2025-10-04 06:10:35'),('2025-08-18',1475,5,0,2568,'C','2200101102938','2025-10-04 06:10:52'),('2025-08-18',1474,5,0,2568,'C','2200101102938','2025-10-04 06:10:52'),('2025-08-18',1497,5,0,2568,'C','2200101102938','2025-10-04 06:10:52'),('2025-08-18',1498,5,0,2568,'C','2200101102938','2025-10-04 06:10:52'),('2025-08-18',1482,5,0,2568,'C','2200101102938','2025-10-04 06:10:52'),('2025-08-18',1499,5,0,2568,'C','2200101102938','2025-10-04 06:10:52'),('2025-08-18',1500,5,0,2568,'C','2200101102938','2025-10-04 06:10:52'),('2025-08-18',1501,5,0,2568,'C','2200101102938','2025-10-04 06:10:52'),('2025-08-19',1475,5,0,2568,'C','2200101102938','2025-10-04 06:10:06'),('2025-08-19',1474,5,0,2568,'C','2200101102938','2025-10-04 06:10:06'),('2025-08-19',1497,5,0,2568,'C','2200101102938','2025-10-04 06:10:06'),('2025-08-19',1498,5,0,2568,'C','2200101102938','2025-10-04 06:10:06'),('2025-08-19',1482,5,0,2568,'C','2200101102938','2025-10-04 06:10:06'),('2025-08-19',1499,5,0,2568,'C','2200101102938','2025-10-04 06:10:06'),('2025-08-19',1500,5,0,2568,'W','2200101102938','2025-10-04 06:10:06'),('2025-08-19',1501,5,0,2568,'C','2200101102938','2025-10-04 06:10:06'),('2025-08-20',1475,5,0,2568,'C','2200101102938','2025-10-04 06:10:28'),('2025-08-20',1474,5,0,2568,'C','2200101102938','2025-10-04 06:10:28'),('2025-08-20',1497,5,0,2568,'C','2200101102938','2025-10-04 06:10:28'),('2025-08-20',1498,5,0,2568,'C','2200101102938','2025-10-04 06:10:28'),('2025-08-20',1482,5,0,2568,'C','2200101102938','2025-10-04 06:10:28'),('2025-08-20',1499,5,0,2568,'C','2200101102938','2025-10-04 06:10:28'),('2025-08-20',1500,5,0,2568,'C','2200101102938','2025-10-04 06:10:28'),('2025-08-20',1501,5,0,2568,'C','2200101102938','2025-10-04 06:10:28'),('2025-08-21',1475,5,0,2568,'C','2200101102938','2025-10-04 06:10:34'),('2025-08-21',1474,5,0,2568,'C','2200101102938','2025-10-04 06:10:34'),('2025-08-21',1497,5,0,2568,'C','2200101102938','2025-10-04 06:10:34'),('2025-08-21',1498,5,0,2568,'C','2200101102938','2025-10-04 06:10:34'),('2025-08-21',1482,5,0,2568,'C','2200101102938','2025-10-04 06:10:34'),('2025-08-21',1499,5,0,2568,'C','2200101102938','2025-10-04 06:10:34'),('2025-08-21',1500,5,0,2568,'C','2200101102938','2025-10-04 06:10:34'),('2025-08-21',1501,5,0,2568,'C','2200101102938','2025-10-04 06:10:34'),('2025-08-22',1475,5,0,2568,'C','2200101102938','2025-10-04 06:10:40'),('2025-08-22',1474,5,0,2568,'C','2200101102938','2025-10-04 06:10:40'),('2025-08-22',1497,5,0,2568,'C','2200101102938','2025-10-04 06:10:40'),('2025-08-22',1498,5,0,2568,'C','2200101102938','2025-10-04 06:10:40'),('2025-08-22',1482,5,0,2568,'C','2200101102938','2025-10-04 06:10:40'),('2025-08-22',1499,5,0,2568,'C','2200101102938','2025-10-04 06:10:40'),('2025-08-22',1500,5,0,2568,'C','2200101102938','2025-10-04 06:10:40'),('2025-08-22',1501,5,0,2568,'C','2200101102938','2025-10-04 06:10:40'),('2025-08-25',1475,5,0,2568,'C','2200101102938','2025-10-04 06:10:54'),('2025-08-25',1474,5,0,2568,'C','2200101102938','2025-10-04 06:10:54'),('2025-08-25',1497,5,0,2568,'C','2200101102938','2025-10-04 06:10:54'),('2025-08-25',1498,5,0,2568,'C','2200101102938','2025-10-04 06:10:54'),('2025-08-25',1482,5,0,2568,'C','2200101102938','2025-10-04 06:10:54'),('2025-08-25',1499,5,0,2568,'C','2200101102938','2025-10-04 06:10:54'),('2025-08-25',1500,5,0,2568,'C','2200101102938','2025-10-04 06:10:54'),('2025-08-25',1501,5,0,2568,'W','2200101102938','2025-10-04 06:10:54'),('2025-08-26',1475,5,0,2568,'C','2200101102938','2025-10-04 06:10:59'),('2025-08-26',1474,5,0,2568,'C','2200101102938','2025-10-04 06:10:59'),('2025-08-26',1497,5,0,2568,'C','2200101102938','2025-10-04 06:10:59'),('2025-08-26',1498,5,0,2568,'C','2200101102938','2025-10-04 06:10:59'),('2025-08-26',1482,5,0,2568,'C','2200101102938','2025-10-04 06:10:59'),('2025-08-26',1499,5,0,2568,'C','2200101102938','2025-10-04 06:10:59'),('2025-08-26',1500,5,0,2568,'C','2200101102938','2025-10-04 06:10:59'),('2025-08-26',1501,5,0,2568,'C','2200101102938','2025-10-04 06:10:59'),('2025-08-27',1475,5,0,2568,'C','2200101102938','2025-10-04 06:10:07'),('2025-08-27',1474,5,0,2568,'C','2200101102938','2025-10-04 06:10:07'),('2025-08-27',1497,5,0,2568,'C','2200101102938','2025-10-04 06:10:07'),('2025-08-27',1498,5,0,2568,'C','2200101102938','2025-10-04 06:10:07'),('2025-08-27',1482,5,0,2568,'C','2200101102938','2025-10-04 06:10:07'),('2025-08-27',1499,5,0,2568,'C','2200101102938','2025-10-04 06:10:07'),('2025-08-27',1500,5,0,2568,'C','2200101102938','2025-10-04 06:10:07'),('2025-08-27',1501,5,0,2568,'C','2200101102938','2025-10-04 06:10:07'),('2025-08-28',1475,5,0,2568,'C','2200101102938','2025-10-04 06:10:19'),('2025-08-28',1474,5,0,2568,'C','2200101102938','2025-10-04 06:10:19'),('2025-08-28',1497,5,0,2568,'C','2200101102938','2025-10-04 06:10:19'),('2025-08-28',1498,5,0,2568,'C','2200101102938','2025-10-04 06:10:19'),('2025-08-28',1482,5,0,2568,'C','2200101102938','2025-10-04 06:10:19'),('2025-08-28',1499,5,0,2568,'C','2200101102938','2025-10-04 06:10:19'),('2025-08-28',1500,5,0,2568,'C','2200101102938','2025-10-04 06:10:19'),('2025-08-28',1501,5,0,2568,'C','2200101102938','2025-10-04 06:10:19'),('2025-08-29',1475,5,0,2568,'C','2200101102938','2025-10-04 06:10:25'),('2025-08-29',1474,5,0,2568,'C','2200101102938','2025-10-04 06:10:25'),('2025-08-29',1497,5,0,2568,'C','2200101102938','2025-10-04 06:10:25'),('2025-08-29',1498,5,0,2568,'C','2200101102938','2025-10-04 06:10:25'),('2025-08-29',1482,5,0,2568,'C','2200101102938','2025-10-04 06:10:25'),('2025-08-29',1499,5,0,2568,'C','2200101102938','2025-10-04 06:10:25'),('2025-08-29',1500,5,0,2568,'C','2200101102938','2025-10-04 06:10:25'),('2025-08-29',1501,5,0,2568,'C','2200101102938','2025-10-04 06:10:25'),('2025-09-01',1475,5,0,2568,'C','2200101102938','2025-10-04 06:10:59'),('2025-09-01',1474,5,0,2568,'C','2200101102938','2025-10-04 06:10:59'),('2025-09-01',1497,5,0,2568,'C','2200101102938','2025-10-04 06:10:59'),('2025-09-01',1498,5,0,2568,'C','2200101102938','2025-10-04 06:10:59'),('2025-09-01',1482,5,0,2568,'C','2200101102938','2025-10-04 06:10:59'),('2025-09-01',1499,5,0,2568,'C','2200101102938','2025-10-04 06:10:59'),('2025-09-01',1500,5,0,2568,'C','2200101102938','2025-10-04 06:10:59'),('2025-09-01',1501,5,0,2568,'C','2200101102938','2025-10-04 06:10:59'),('2025-09-02',1475,5,0,2568,'C','2200101102938','2025-10-04 06:10:21'),('2025-09-02',1474,5,0,2568,'C','2200101102938','2025-10-04 06:10:21'),('2025-09-02',1497,5,0,2568,'C','2200101102938','2025-10-04 06:10:21'),('2025-09-02',1498,5,0,2568,'S','2200101102938','2025-10-04 06:10:21'),('2025-09-02',1482,5,0,2568,'C','2200101102938','2025-10-04 06:10:21'),('2025-09-02',1499,5,0,2568,'C','2200101102938','2025-10-04 06:10:21'),('2025-09-02',1500,5,0,2568,'C','2200101102938','2025-10-04 06:10:21'),('2025-09-02',1501,5,0,2568,'C','2200101102938','2025-10-04 06:10:21'),('2025-09-03',1475,5,0,2568,'C','2200101102938','2025-10-04 06:10:27'),('2025-09-03',1474,5,0,2568,'C','2200101102938','2025-10-04 06:10:27'),('2025-09-03',1497,5,0,2568,'C','2200101102938','2025-10-04 06:10:27'),('2025-09-03',1498,5,0,2568,'C','2200101102938','2025-10-04 06:10:27'),('2025-09-03',1482,5,0,2568,'C','2200101102938','2025-10-04 06:10:27'),('2025-09-03',1499,5,0,2568,'C','2200101102938','2025-10-04 06:10:27'),('2025-09-03',1500,5,0,2568,'C','2200101102938','2025-10-04 06:10:27'),('2025-09-03',1501,5,0,2568,'C','2200101102938','2025-10-04 06:10:27'),('2025-09-04',1475,5,0,2568,'C','2200101102938','2025-10-04 06:10:34'),('2025-09-04',1474,5,0,2568,'C','2200101102938','2025-10-04 06:10:34'),('2025-09-04',1497,5,0,2568,'C','2200101102938','2025-10-04 06:10:34'),('2025-09-04',1498,5,0,2568,'C','2200101102938','2025-10-04 06:10:34'),('2025-09-04',1482,5,0,2568,'C','2200101102938','2025-10-04 06:10:34'),('2025-09-04',1499,5,0,2568,'C','2200101102938','2025-10-04 06:10:34'),('2025-09-04',1500,5,0,2568,'C','2200101102938','2025-10-04 06:10:34'),('2025-09-04',1501,5,0,2568,'C','2200101102938','2025-10-04 06:10:34'),('2025-09-05',1475,5,0,2568,'C','2200101102938','2025-10-04 06:10:40'),('2025-09-05',1474,5,0,2568,'C','2200101102938','2025-10-04 06:10:40'),('2025-09-05',1497,5,0,2568,'C','2200101102938','2025-10-04 06:10:40'),('2025-09-05',1498,5,0,2568,'C','2200101102938','2025-10-04 06:10:40'),('2025-09-05',1482,5,0,2568,'C','2200101102938','2025-10-04 06:10:40'),('2025-09-05',1499,5,0,2568,'C','2200101102938','2025-10-04 06:10:40'),('2025-09-05',1500,5,0,2568,'C','2200101102938','2025-10-04 06:10:40'),('2025-09-05',1501,5,0,2568,'C','2200101102938','2025-10-04 06:10:40'),('2025-09-08',1475,5,0,2568,'C','2200101102938','2025-10-04 06:10:52'),('2025-09-08',1474,5,0,2568,'C','2200101102938','2025-10-04 06:10:52'),('2025-09-08',1497,5,0,2568,'C','2200101102938','2025-10-04 06:10:52'),('2025-09-08',1498,5,0,2568,'C','2200101102938','2025-10-04 06:10:52'),('2025-09-08',1482,5,0,2568,'W','2200101102938','2025-10-04 06:10:52'),('2025-09-08',1499,5,0,2568,'C','2200101102938','2025-10-04 06:10:52'),('2025-09-08',1500,5,0,2568,'C','2200101102938','2025-10-04 06:10:52'),('2025-09-08',1501,5,0,2568,'C','2200101102938','2025-10-04 06:10:52'),('2025-09-09',1475,5,0,2568,'C','2200101102938','2025-10-04 06:10:00'),('2025-09-09',1474,5,0,2568,'C','2200101102938','2025-10-04 06:10:00'),('2025-09-09',1497,5,0,2568,'C','2200101102938','2025-10-04 06:10:00'),('2025-09-09',1498,5,0,2568,'C','2200101102938','2025-10-04 06:10:00'),('2025-09-09',1482,5,0,2568,'C','2200101102938','2025-10-04 06:10:00'),('2025-09-09',1499,5,0,2568,'C','2200101102938','2025-10-04 06:10:00'),('2025-09-09',1500,5,0,2568,'C','2200101102938','2025-10-04 06:10:00'),('2025-09-09',1501,5,0,2568,'C','2200101102938','2025-10-04 06:10:00'),('2025-09-10',1475,5,0,2568,'C','2200101102938','2025-10-04 06:10:05'),('2025-09-10',1474,5,0,2568,'C','2200101102938','2025-10-04 06:10:05'),('2025-09-10',1497,5,0,2568,'C','2200101102938','2025-10-04 06:10:05'),('2025-09-10',1498,5,0,2568,'C','2200101102938','2025-10-04 06:10:05'),('2025-09-10',1482,5,0,2568,'C','2200101102938','2025-10-04 06:10:05'),('2025-09-10',1499,5,0,2568,'C','2200101102938','2025-10-04 06:10:05'),('2025-09-10',1500,5,0,2568,'C','2200101102938','2025-10-04 06:10:05'),('2025-09-10',1501,5,0,2568,'C','2200101102938','2025-10-04 06:10:05'),('2025-09-11',1475,5,0,2568,'C','2200101102938','2025-10-04 06:10:11'),('2025-09-11',1474,5,0,2568,'C','2200101102938','2025-10-04 06:10:11'),('2025-09-11',1497,5,0,2568,'C','2200101102938','2025-10-04 06:10:11'),('2025-09-11',1498,5,0,2568,'C','2200101102938','2025-10-04 06:10:11'),('2025-09-11',1482,5,0,2568,'C','2200101102938','2025-10-04 06:10:11'),('2025-09-11',1499,5,0,2568,'C','2200101102938','2025-10-04 06:10:11'),('2025-09-11',1500,5,0,2568,'C','2200101102938','2025-10-04 06:10:11'),('2025-09-11',1501,5,0,2568,'C','2200101102938','2025-10-04 06:10:11'),('2025-09-12',1475,5,0,2568,'C','2200101102938','2025-10-04 06:10:18'),('2025-09-12',1474,5,0,2568,'C','2200101102938','2025-10-04 06:10:18'),('2025-09-12',1497,5,0,2568,'C','2200101102938','2025-10-04 06:10:18'),('2025-09-12',1498,5,0,2568,'C','2200101102938','2025-10-04 06:10:18'),('2025-09-12',1482,5,0,2568,'C','2200101102938','2025-10-04 06:10:18'),('2025-09-12',1499,5,0,2568,'C','2200101102938','2025-10-04 06:10:18'),('2025-09-12',1500,5,0,2568,'C','2200101102938','2025-10-04 06:10:18'),('2025-09-12',1501,5,0,2568,'C','2200101102938','2025-10-04 06:10:18'),('2025-09-15',1475,5,0,2568,'C','2200101102938','2025-10-04 06:10:33'),('2025-09-15',1474,5,0,2568,'C','2200101102938','2025-10-04 06:10:33'),('2025-09-15',1497,5,0,2568,'S','2200101102938','2025-10-04 06:10:33'),('2025-09-15',1498,5,0,2568,'C','2200101102938','2025-10-04 06:10:33'),('2025-09-15',1482,5,0,2568,'C','2200101102938','2025-10-04 06:10:33'),('2025-09-15',1499,5,0,2568,'C','2200101102938','2025-10-04 06:10:33'),('2025-09-15',1500,5,0,2568,'C','2200101102938','2025-10-04 06:10:33'),('2025-09-15',1501,5,0,2568,'C','2200101102938','2025-10-04 06:10:33'),('2025-09-16',1475,5,0,2568,'C','2200101102938','2025-10-04 06:10:52'),('2025-09-16',1474,5,0,2568,'C','2200101102938','2025-10-04 06:10:52'),('2025-09-16',1497,5,0,2568,'C','2200101102938','2025-10-04 06:10:52'),('2025-09-16',1498,5,0,2568,'C','2200101102938','2025-10-04 06:10:52'),('2025-09-16',1482,5,0,2568,'C','2200101102938','2025-10-04 06:10:52'),('2025-09-16',1499,5,0,2568,'C','2200101102938','2025-10-04 06:10:52'),('2025-09-16',1500,5,0,2568,'C','2200101102938','2025-10-04 06:10:52'),('2025-09-16',1501,5,0,2568,'C','2200101102938','2025-10-04 06:10:52'),('2025-09-17',1475,5,0,2568,'C','2200101102938','2025-10-04 06:10:58'),('2025-09-17',1474,5,0,2568,'C','2200101102938','2025-10-04 06:10:58'),('2025-09-17',1497,5,0,2568,'C','2200101102938','2025-10-04 06:10:58'),('2025-09-17',1498,5,0,2568,'C','2200101102938','2025-10-04 06:10:58'),('2025-09-17',1482,5,0,2568,'C','2200101102938','2025-10-04 06:10:58'),('2025-09-17',1499,5,0,2568,'C','2200101102938','2025-10-04 06:10:58'),('2025-09-17',1500,5,0,2568,'C','2200101102938','2025-10-04 06:10:58'),('2025-09-17',1501,5,0,2568,'C','2200101102938','2025-10-04 06:10:58'),('2025-09-18',1475,5,0,2568,'C','2200101102938','2025-10-04 06:10:05'),('2025-09-18',1474,5,0,2568,'C','2200101102938','2025-10-04 06:10:05'),('2025-09-18',1497,5,0,2568,'C','2200101102938','2025-10-04 06:10:05'),('2025-09-18',1498,5,0,2568,'C','2200101102938','2025-10-04 06:10:05'),('2025-09-18',1482,5,0,2568,'C','2200101102938','2025-10-04 06:10:05'),('2025-09-18',1499,5,0,2568,'C','2200101102938','2025-10-04 06:10:05'),('2025-09-18',1500,5,0,2568,'C','2200101102938','2025-10-04 06:10:05'),('2025-09-18',1501,5,0,2568,'C','2200101102938','2025-10-04 06:10:05'),('2025-09-19',1475,5,0,2568,'C','2200101102938','2025-10-04 06:10:11'),('2025-09-19',1474,5,0,2568,'C','2200101102938','2025-10-04 06:10:11'),('2025-09-19',1497,5,0,2568,'C','2200101102938','2025-10-04 06:10:11'),('2025-09-19',1498,5,0,2568,'C','2200101102938','2025-10-04 06:10:11'),('2025-09-19',1482,5,0,2568,'C','2200101102938','2025-10-04 06:10:11'),('2025-09-19',1499,5,0,2568,'C','2200101102938','2025-10-04 06:10:11'),('2025-09-19',1500,5,0,2568,'C','2200101102938','2025-10-04 06:10:11'),('2025-09-19',1501,5,0,2568,'C','2200101102938','2025-10-04 06:10:11'),('2025-09-22',1475,5,0,2568,'C','2200101102938','2025-10-04 06:10:28'),('2025-09-22',1474,5,0,2568,'C','2200101102938','2025-10-04 06:10:28'),('2025-09-22',1497,5,0,2568,'C','2200101102938','2025-10-04 06:10:28'),('2025-09-22',1498,5,0,2568,'C','2200101102938','2025-10-04 06:10:28'),('2025-09-22',1482,5,0,2568,'C','2200101102938','2025-10-04 06:10:28'),('2025-09-22',1499,5,0,2568,'C','2200101102938','2025-10-04 06:10:28'),('2025-09-22',1500,5,0,2568,'W','2200101102938','2025-10-04 06:10:28'),('2025-09-22',1501,5,0,2568,'C','2200101102938','2025-10-04 06:10:28'),('2025-09-23',1475,5,0,2568,'C','2200101102938','2025-10-04 06:10:40'),('2025-09-23',1474,5,0,2568,'C','2200101102938','2025-10-04 06:10:40'),('2025-09-23',1497,5,0,2568,'C','2200101102938','2025-10-04 06:10:40'),('2025-09-23',1498,5,0,2568,'C','2200101102938','2025-10-04 06:10:40'),('2025-09-23',1482,5,0,2568,'C','2200101102938','2025-10-04 06:10:40'),('2025-09-23',1499,5,0,2568,'C','2200101102938','2025-10-04 06:10:40'),('2025-09-23',1500,5,0,2568,'C','2200101102938','2025-10-04 06:10:40'),('2025-09-23',1501,5,0,2568,'C','2200101102938','2025-10-04 06:10:40'),('2025-09-24',1475,5,0,2568,'C','2200101102938','2025-10-04 06:10:49'),('2025-09-24',1474,5,0,2568,'C','2200101102938','2025-10-04 06:10:49'),('2025-09-24',1497,5,0,2568,'C','2200101102938','2025-10-04 06:10:49'),('2025-09-24',1498,5,0,2568,'C','2200101102938','2025-10-04 06:10:49'),('2025-09-24',1482,5,0,2568,'C','2200101102938','2025-10-04 06:10:49'),('2025-09-24',1499,5,0,2568,'C','2200101102938','2025-10-04 06:10:49'),('2025-09-24',1500,5,0,2568,'C','2200101102938','2025-10-04 06:10:49'),('2025-09-24',1501,5,0,2568,'C','2200101102938','2025-10-04 06:10:49'),('2025-09-25',1475,5,0,2568,'C','2200101102938','2025-10-04 06:10:55'),('2025-09-25',1474,5,0,2568,'C','2200101102938','2025-10-04 06:10:55'),('2025-09-25',1497,5,0,2568,'C','2200101102938','2025-10-04 06:10:55'),('2025-09-25',1498,5,0,2568,'C','2200101102938','2025-10-04 06:10:55'),('2025-09-25',1482,5,0,2568,'C','2200101102938','2025-10-04 06:10:55'),('2025-09-25',1499,5,0,2568,'C','2200101102938','2025-10-04 06:10:55'),('2025-09-25',1500,5,0,2568,'C','2200101102938','2025-10-04 06:10:55'),('2025-09-25',1501,5,0,2568,'C','2200101102938','2025-10-04 06:10:55'),('2025-09-26',1475,5,0,2568,'C','2200101102938','2025-10-04 06:10:09'),('2025-09-26',1474,5,0,2568,'C','2200101102938','2025-10-04 06:10:09'),('2025-09-26',1497,5,0,2568,'C','2200101102938','2025-10-04 06:10:09'),('2025-09-26',1498,5,0,2568,'C','2200101102938','2025-10-04 06:10:09'),('2025-09-26',1482,5,0,2568,'C','2200101102938','2025-10-04 06:10:09'),('2025-09-26',1499,5,0,2568,'W','2200101102938','2025-10-04 06:10:09'),('2025-09-26',1500,5,0,2568,'C','2200101102938','2025-10-04 06:10:09'),('2025-09-26',1501,5,0,2568,'C','2200101102938','2025-10-04 06:10:09'),('2025-09-29',1475,5,0,2568,'C','2200101102938','2025-10-04 06:10:23'),('2025-09-29',1474,5,0,2568,'C','2200101102938','2025-10-04 06:10:23'),('2025-09-29',1497,5,0,2568,'C','2200101102938','2025-10-04 06:10:23'),('2025-09-29',1498,5,0,2568,'C','2200101102938','2025-10-04 06:10:23'),('2025-09-29',1482,5,0,2568,'C','2200101102938','2025-10-04 06:10:23'),('2025-09-29',1499,5,0,2568,'C','2200101102938','2025-10-04 06:10:23'),('2025-09-29',1500,5,0,2568,'C','2200101102938','2025-10-04 06:10:23'),('2025-09-29',1501,5,0,2568,'C','2200101102938','2025-10-04 06:10:23'),('2025-09-30',1475,5,0,2568,'C','2200101102938','2025-10-04 06:10:31'),('2025-09-30',1474,5,0,2568,'C','2200101102938','2025-10-04 06:10:31'),('2025-09-30',1497,5,0,2568,'C','2200101102938','2025-10-04 06:10:31'),('2025-09-30',1498,5,0,2568,'C','2200101102938','2025-10-04 06:10:31'),('2025-09-30',1482,5,0,2568,'C','2200101102938','2025-10-04 06:10:31'),('2025-09-30',1499,5,0,2568,'C','2200101102938','2025-10-04 06:10:31'),('2025-09-30',1500,5,0,2568,'C','2200101102938','2025-10-04 06:10:31'),('2025-09-30',1501,5,0,2568,'W','2200101102938','2025-10-04 06:10:31'),('2025-10-01',1475,5,0,2568,'C','2200101102938','2025-10-04 06:10:45'),('2025-10-01',1474,5,0,2568,'C','2200101102938','2025-10-04 06:10:45'),('2025-10-01',1497,5,0,2568,'C','2200101102938','2025-10-04 06:10:45'),('2025-10-01',1498,5,0,2568,'C','2200101102938','2025-10-04 06:10:45'),('2025-10-01',1482,5,0,2568,'C','2200101102938','2025-10-04 06:10:45'),('2025-10-01',1499,5,0,2568,'C','2200101102938','2025-10-04 06:10:45'),('2025-10-01',1500,5,0,2568,'C','2200101102938','2025-10-04 06:10:45'),('2025-10-01',1501,5,0,2568,'C','2200101102938','2025-10-04 06:10:45'),('2025-10-02',1475,5,0,2568,'C','2200101102938','2025-10-04 06:10:51'),('2025-10-02',1474,5,0,2568,'C','2200101102938','2025-10-04 06:10:51'),('2025-10-02',1497,5,0,2568,'C','2200101102938','2025-10-04 06:10:51'),('2025-10-02',1498,5,0,2568,'C','2200101102938','2025-10-04 06:10:51'),('2025-10-02',1482,5,0,2568,'C','2200101102938','2025-10-04 06:10:51'),('2025-10-02',1499,5,0,2568,'C','2200101102938','2025-10-04 06:10:51'),('2025-10-02',1500,5,0,2568,'C','2200101102938','2025-10-04 06:10:51');
INSERT INTO `student_check_main` VALUES ('2025-10-02',1501,5,0,2568,'C','2200101102938','2025-10-04 06:10:51'),('2025-10-03',1475,5,0,2568,'C','2200101102938','2025-10-04 06:10:06'),('2025-10-03',1474,5,0,2568,'C','2200101102938','2025-10-04 06:10:06'),('2025-10-03',1497,5,0,2568,'C','2200101102938','2025-10-04 06:10:06'),('2025-10-03',1498,5,0,2568,'C','2200101102938','2025-10-04 06:10:06'),('2025-10-03',1482,5,0,2568,'C','2200101102938','2025-10-04 06:10:06'),('2025-10-03',1499,5,0,2568,'C','2200101102938','2025-10-04 06:10:06'),('2025-10-03',1500,5,0,2568,'C','2200101102938','2025-10-04 06:10:06'),('2025-10-03',1501,5,0,2568,'C','2200101102938','2025-10-04 06:10:06'),('2025-11-04',1452,9,0,2568,'C','1349900595497','2025-11-04 02:11:38'),('2025-11-04',1454,9,0,2568,'C','1349900595497','2025-11-04 02:11:38'),('2025-11-04',1455,9,0,2568,'C','1349900595497','2025-11-04 02:11:38'),('2025-11-04',1458,9,0,2568,'C','1349900595497','2025-11-04 02:11:38'),('2025-11-04',1466,9,0,2568,'C','1349900595497','2025-11-04 02:11:38'),('2025-11-04',1509,9,0,2568,'C','1349900595497','2025-11-04 02:11:38'),('2025-11-04',1521,9,0,2568,'C','1349900595497','2025-11-04 02:11:38'),('2025-11-04',1529,9,0,2568,'C','1349900595497','2025-11-04 02:11:38'),('2025-11-03',1452,9,0,2568,'C','1349900595497','2025-11-04 02:11:47'),('2025-11-03',1454,9,0,2568,'C','1349900595497','2025-11-04 02:11:47'),('2025-11-03',1455,9,0,2568,'C','1349900595497','2025-11-04 02:11:47'),('2025-11-03',1458,9,0,2568,'C','1349900595497','2025-11-04 02:11:47'),('2025-11-03',1466,9,0,2568,'C','1349900595497','2025-11-04 02:11:47'),('2025-11-03',1509,9,0,2568,'C','1349900595497','2025-11-04 02:11:47'),('2025-11-03',1521,9,0,2568,'C','1349900595497','2025-11-04 02:11:47'),('2025-11-03',1529,9,0,2568,'C','1349900595497','2025-11-04 02:11:47');

--
-- Table structure for table `student_check_permission`
--

CREATE TABLE `student_check_permission` (
  `class_now` tinyint(4) NOT NULL,
  `room_now` tinyint(4) NOT NULL,
  `person_id` varchar(13) NOT NULL,
  `student_check_year` int(11) NOT NULL
) ENGINE=MyISAM DEFAULT CHARSET=utf8 COLLATE=utf8_general_ci;

--
-- Dumping data for table `student_check_permission`
--

INSERT INTO `student_check_permission` VALUES (2,1,'33',2558),(3,1,'33',2558),(4,1,'3',2559),(3,1,'3341501686145',2559),(6,1,'34',2558),(7,1,'3341400046574',2558),(8,1,'1340700060184',2558),(9,1,'3451000288642',2558),(2,1,'3341400046574',2559),(3,1,'3341400046574',2559),(2,1,'3341501686145',2559),(7,1,'1342200061523',2559),(8,1,'3451000288642',2559),(9,1,'3451000288642',2559),(4,1,'3341501686145',2559),(1,0,'1342200061523',2562),(6,1,'1342200061523',2559),(6,1,'3341501686145',2559),(7,1,'3341501686145',2559),(8,1,'3341501686145',2559),(9,1,'3341501686145',2559),(2,1,'3341501686145',2561),(1,0,'3341501686145',2561),(1,0,'3341400046574',2561),(2,1,'3341400046574',2561),(3,1,'3341400046574',2561),(3,1,'3341501686145',2561),(4,1,'3',2561),(4,1,'3341501686145',2561),(2,0,'1342200061523',2562),(5,1,'3341501686145',2561),(6,1,'1342200061523',2561),(6,1,'3341501686145',2561),(7,1,'1342200061523',2561),(7,1,'3341501686145',2561),(8,1,'3451000288642',2561),(8,1,'3341501686145',2561),(9,1,'3451000288642',2561),(9,1,'3341501686145',2561),(2,0,'3341501686145',2561),(2,0,'3341400046574',2561),(3,0,'3341501686145',2561),(3,0,'3341400046574',2561),(4,0,'1349900595497',2561),(4,0,'3341501686145',2561),(5,0,'1349900595497',2561),(5,0,'3341501686145',2561),(6,0,'1342200061523',2561),(6,0,'3341501686145',2561),(7,0,'1342200061523',2561),(7,0,'3341501686145',2561),(8,0,'3451000288642',2561),(8,0,'3341501686145',2561),(9,0,'3341501686145',2561),(9,0,'3451000288642',2561),(3,0,'1342200061523',2562),(4,0,'1342200061523',2562),(5,0,'1342200061523',2562),(6,0,'1342200061523',2562),(7,0,'1342200061523',2562),(8,0,'1342200061523',2562),(9,0,'1342200061523',2562),(1,0,'3341500517951',2562),(1,0,'1349900642444',2562),(2,0,'3341500517951',2562),(2,0,'1349900642444',2562),(3,0,'3341500517951',2562),(3,0,'1349900642444',2562),(4,0,'3341500517951',2562),(4,0,'1349900598283',2562),(5,0,'3341500517951',2562),(5,0,'1349900598283',2562),(6,0,'3341500517951',2562),(8,0,'3341500517951',2562),(7,0,'3341500517951',2562),(8,0,'1349900595497',2562),(9,0,'3341500517951',2562),(9,0,'1349900595497',2562),(6,0,'3451000288642',2562),(7,0,'3451000288642',2562),(1,0,'1329900339148',2563),(5,0,'1349900642444',2563),(7,0,'1341500308485',2565),(8,0,'1349900595497',2563),(9,0,'1349900595497',2563),(1,1,'3341500517951',2563),(1,1,'1342200061523',2563),(1,1,'1329900339148',2563),(2,0,'3341500517951',2563),(2,0,'1342200061523',2563),(3,0,'3341500517951',2563),(3,0,'1342200061523',2563),(4,0,'3341500517951',2563),(4,0,'1342200061523',2563),(5,0,'3341500517951',2563),(5,0,'1342200061523',2563),(6,0,'3341500517951',2563),(6,0,'1342200061523',2563),(7,0,'3341500517951',2563),(7,0,'1342200061523',2563),(8,0,'3341500517951',2563),(8,0,'1342200061523',2563),(9,0,'3341500517951',2563),(9,0,'1342200061523',2563),(1,0,'3341500517951',2563),(1,0,'1342200061523',2563),(1,0,'3341500517951',2564),(1,0,'1329900339148',2564),(1,0,'1342200061523',2564),(2,0,'3341500517951',2564),(2,0,'1342200061523',2564),(3,0,'3341500517951',2564),(3,0,'1342200061523',2564),(4,0,'3341500517951',2564),(4,0,'1342200061523',2564),(5,0,'3341500517951',2564),(5,0,'1342200061523',2564),(5,0,'1349900642444',2564),(6,0,'3341500517951',2564),(6,0,'1342200061523',2564),(2,0,'1103702698440',2565),(7,0,'3341500517951',2564),(7,0,'1342200061523',2564),(8,0,'3341500517951',2564),(8,0,'1342200061523',2564),(8,0,'1349900595497',2564),(9,0,'3341500517951',2564),(9,0,'1342200061523',2564),(9,0,'1349900595497',2564),(1,0,'1329900339148',2565),(3,0,'1103702698440',2565),(1,0,'1103702698440',2565),(8,0,'1349900595497',2565),(4,0,'1331000273887',2565),(9,0,'1349900595497',2565),(5,0,'1331000273887',2565),(1,0,'3341500517951',2565),(1,0,'1342200061523',2565),(2,0,'3341500517951',2565),(2,0,'1342200061523',2565),(3,0,'3341500517951',2565),(3,0,'1342200061523',2565),(4,0,'3341500517951',2565),(4,0,'1342200061523',2565),(5,0,'3341500517951',2565),(5,0,'1342200061523',2565),(7,0,'3341500517951',2565),(7,0,'1342200061523',2565),(6,0,'3341500517951',2565),(6,0,'1342200061523',2565),(8,0,'3341500517951',2565),(8,0,'1342200061523',2565),(9,0,'3341500517951',2565),(9,0,'1342200061523',2565),(6,0,'2200101102938',2565),(1,0,'1103702698440',2567),(2,0,'1103702698440',2567),(3,0,'1103702698440',2567),(4,0,'1331000273887',2567),(5,0,'2200101102938',2567),(6,0,'2200101102938',2567),(7,0,'1341500308485',2567),(9,0,'1349900595497',2567),(8,0,'1349900595497',2567),(1,0,'1103702698440',2568),(2,0,'1103702698440',2568),(5,0,'2200101102938',2568),(6,0,'2200101102938',2568),(3,0,'1103702698440',2568),(4,0,'1331000273887',2568),(7,0,'1341500308485',2568),(8,0,'1341500308485',2568),(9,0,'1349900595497',2568);

--
-- Table structure for table `student_check_year`
--

CREATE TABLE `student_check_year` (
  `id` int(11) NOT NULL AUTO_INCREMENT,
  `student_check_year` int(11) NOT NULL,
  `year_active` tinyint(1) NOT NULL,
  PRIMARY KEY (`id`),
  UNIQUE KEY `student_check_year` (`student_check_year`)
) ENGINE=MyISAM AUTO_INCREMENT=10 DEFAULT CHARSET=utf8 COLLATE=utf8_general_ci;

--
-- Dumping data for table `student_check_year`
--

INSERT INTO `student_check_year` VALUES (1,2558,0),(2,2559,0),(3,2561,0),(4,2562,0),(5,2563,0),(6,2564,0),(7,2565,0),(8,2567,0),(9,2568,1);

--
-- Table structure for table `student_main`
--

CREATE TABLE `student_main` (
  `id` int(11) NOT NULL AUTO_INCREMENT,
  `student_id` varchar(7) NOT NULL,
  `student_number` int(11) DEFAULT NULL,
  `prename` varchar(20) NOT NULL,
  `name` varchar(50) NOT NULL,
  `surname` varchar(50) NOT NULL,
  `person_id` varchar(20) DEFAULT NULL,
  `sex` tinyint(4) NOT NULL DEFAULT 0,
  `pic` varchar(150) DEFAULT NULL,
  `class_now` tinyint(4) DEFAULT NULL,
  `room` tinyint(4) NOT NULL DEFAULT 0,
  `status` tinyint(4) NOT NULL DEFAULT 0,
  `out_edyear` int(11) DEFAULT NULL,
  `officer` varchar(13) NOT NULL,
  `rec_date` date NOT NULL,
  PRIMARY KEY (`id`),
  UNIQUE KEY `student_number` (`student_id`),
  KEY `class_now` (`class_now`),
  KEY `room` (`room`)
) ENGINE=MyISAM AUTO_INCREMENT=143 DEFAULT CHARSET=utf8 COLLATE=utf8_general_ci;

--
-- Dumping data for table `student_main`
--

INSERT INTO `student_main` VALUES (72,'1424',1,'เด็กหญิง','กนกรัตน์','โสชะดา','1342200156001',2,'',9,0,1,2565,'3341501686145','2018-10-14'),(73,'1425',2,'เด็กหญิง','พัณณ์ชิตา','ธรรมโชติ','1342200154483',2,'',9,0,1,2565,'3341501686145','2018-10-14'),(3,'1426',4,'เด็กหญิง','วิชยา','คำภานิล','1342200155871',2,NULL,9,0,1,2565,'1342200061523','0000-00-00'),(74,'1427',3,'เด็กหญิง','สุมินตรา','เกษแก้ว','1349901724177',2,'',9,0,1,2565,'1342200061523','2018-10-14'),(5,'1420',3,'เด็กชาย','ศิรายุ','ทองไสล','1342200153703',1,NULL,9,0,1,2564,'1342200061523','0000-00-00'),(6,'1428',6,'เด็กชาย','วุฒิพร','หอมดวงสี','1349901641301',1,NULL,9,0,1,2564,'1342200061523','0000-00-00'),(7,'1417',1,'เด็กหญิง','สุวรรณนีย์','สรพิมพ์','1349901640691',2,NULL,9,0,1,2564,'1342200061523','0000-00-00'),(8,'1419',2,'เด็กหญิง','อรดี','จันกระจ่าง','1331300152422',2,NULL,9,0,1,2564,'1342200061523','0000-00-00'),(9,'1421',4,'เด็กหญิง','ชาลิสา','ทองแถว','1209702574982',2,NULL,9,0,1,2564,'1342200061523','0000-00-00'),(10,'1422',5,'เด็กหญิง','กาลัญญุตา','ใจกล้า','1349901697731',2,NULL,9,0,1,2564,'1342200061523','0000-00-00'),(11,'1413',1,'เด็กชาย','ชานนท์','คำโสภา','1342200148009',1,NULL,9,0,1,2563,'3341501686145','0000-00-00'),(12,'1414',2,'เด็กชาย','จักรภัทร','ศรชัยญาติ','1342200150470',1,NULL,9,0,1,2563,'3341501686145','0000-00-00'),(13,'1415',3,'เด็กหญิง','กนกอร','สาวันดี','1749800468635',2,NULL,9,0,1,2563,'3341501686145','0000-00-00'),(14,'1429',0,'เด็กหญิง','ศศิวิมล','บุดดาลี','1342200148823',2,NULL,7,1,2,2561,'','0000-00-00'),(15,'1410',4,'เด็กชาย','เจษฎา','วงศ์คำกู๋','1342200146278',1,NULL,9,0,1,2562,'3341501686145','0000-00-00'),(16,'1431',7,'เด็กชาย','พรชัย','บุญามาพันธ์','1248100060271',1,NULL,9,0,1,2562,'3341501686145','0000-00-00'),(17,'1432',8,'เด็กชาย','พรพัทธ์','บุญามาพันธ์','1248100060262',1,NULL,9,0,1,2562,'3341501686145','0000-00-00'),(18,'1403',1,'เด็กหญิง','กชกร','ภูทองเงิน','1342200146430',2,NULL,9,0,1,2562,'3341501686145','0000-00-00'),(19,'1404',2,'เด็กหญิง','ประกายดาว','อึ่งพวง','1399900324779',2,NULL,9,0,1,2562,'3341501686145','0000-00-00'),(20,'1405',3,'เด็กหญิง','สุกัลย์','ธรรมโชติ','1349901530500',2,NULL,9,0,1,2562,'1342200061523','0000-00-00'),(60,'1448',1,'เด็กหญิง','อรัญญา ','ทาคำดี','1458600061231',2,'',5,0,2,2563,'3341501686145','2018-08-07'),(22,'1412',5,'เด็กหญิง','ชลิตา','ปัญญาวัน','1342200146553',2,NULL,9,0,1,2562,'3341501686145','0000-00-00'),(23,'1430',6,'เด็กหญิง','สุภัสสรา','มังคะการ','1342200145395',2,NULL,9,0,1,2562,'3341501686145','0000-00-00'),(24,'1396',1,'เด็กชาย','อนุวัฒน์','น้อยคำดี','1342200141853',1,NULL,9,0,1,2561,'3341501686145','0000-00-00'),(25,'1400',0,'เด็กชาย','ธีรภัทร','วงษ์สระ','1342200142698',1,NULL,9,1,2,2561,'','0000-00-00'),(26,'1409',4,'เด็กชาย','กรวิชญ์','พันธมาต','1342200144364',1,NULL,9,0,1,2561,'3341501686145','0000-00-00'),(27,'1401',0,'เด็กหญิง','จริยา','ไชยภา','1341501484937',2,NULL,9,1,2,2561,'','0000-00-00'),(28,'1402',2,'เด็กหญิง','อรวิสา','ทำสอาด','1342200144224',2,NULL,9,0,1,2561,'3341501686145','0000-00-00'),(29,'1408',3,'เด็กหญิง','กุลสตรี','แสนสุข','1379900348023',2,NULL,9,0,1,2561,'3341501686145','0000-00-00'),(30,'1394',0,'เด็กชาย','วีรภาพ','จำปาศรี','1349901404415',1,NULL,8,1,1,2561,'','0000-00-00'),(31,'1395',0,'เด็กชาย','ธีรภัทร','ศรีจันสอน','1399400059219',1,NULL,8,1,1,2561,'','0000-00-00'),(32,'1390',0,'เด็กหญิง','ปริสรา','ภูทองเงิน','1349901372122',2,NULL,8,1,1,2561,'','0000-00-00'),(33,'1433',0,'เด็กหญิง','ชลธิชา','ศรีบุตตะ','1100703800032',2,NULL,8,1,1,2561,'','0000-00-00'),(34,'1374',0,'เด็กชาย','อรรฆรัตน์','บุญสร้อย','1342200133940',1,NULL,9,1,1,2561,'','0000-00-00'),(35,'1381',0,'เด็กชาย','ธีระชาติ','น้อยคำดี','1342200134831',1,NULL,9,1,1,2561,'','0000-00-00'),(36,'1382',0,'เด็กชาย','อาวุธ','สุพล','1342200134849',1,NULL,9,1,1,2561,'','0000-00-00'),(37,'1384',0,'เด็กชาย','ณัฐวุฒิ','พิมชัย','1119902224200',1,NULL,9,1,1,2561,'','0000-00-00'),(38,'1376',0,'เด็กหญิง','ปาลิตา','ทางทอง','1349901270257',2,NULL,9,1,1,2561,'','0000-00-00'),(39,'1385',0,'เด็กหญิง','ลลิตา','สาวันดี','1342200134873',2,NULL,9,1,1,2561,'','0000-00-00'),(40,'1386',0,'เด็กหญิง','วิภาดี','สุขภิรมย์','1342200135438',2,NULL,9,1,1,2561,'','0000-00-00'),(41,'1369',0,'เด็กชาย','ศศิน','อิ่มจันทึก','1102003491675',1,NULL,9,1,1,2558,'','0000-00-00'),(42,'1370',0,'เด็กชาย','ทินกร','สาวันดี','1738700023428',1,NULL,9,1,1,2558,'','0000-00-00'),(43,'1371',0,'เด็กชาย','อนุชิต','แก้ววงษา','1342200118550',1,NULL,9,1,1,2558,'','0000-00-00'),(44,'1372',0,'เด็กชาย','ตะวัน','หอมดวงสี','1342200119408',1,NULL,9,1,1,2558,'','0000-00-00'),(45,'1373',0,'เด็กชาย','พีรายุ','ทองไสล','1342200133010',1,NULL,9,1,1,2558,'','0000-00-00'),(46,'1377',0,'เด็กหญิง','ปิยะดา','ผาแก้ว','1738700024572',2,NULL,9,1,1,2558,'','0000-00-00'),(47,'1442',9,'เด็กชาย','วรยุทธ','นิระมนต์','1349901516604',1,'',9,0,1,2562,'1342200061523','2016-07-24'),(48,'1443',10,'เด็กชาย','ธนกฤต','คงพันธ์','1349901494709',1,'',9,0,1,2562,'1342200061523','2016-07-24'),(49,'1444',0,'ดช.','อนุรักษ์','น้อยเลิศ','1349901501828',1,'',8,1,2,2561,'1342200061523','2016-07-24'),(50,'1435',1,'เด็กชาย','อธิวรา','โสภาพันธ์','1349901785893',1,'',9,0,1,2566,'1342200061523','2016-07-24'),(51,'1436',2,'เด็กชาย','อนุชิด','น้อยคำดี','1342200157741',1,'',9,0,1,2566,'1342200061523','2016-07-24'),(52,'1440',4,'เด็กหญิง','ปุณณดา','ทำสอาด','1342200149501',2,'',9,0,1,2563,'1342200061523','2016-07-24'),(53,'1441',5,'เด็กหญิง','ณัฐธิดา','จันทุมา','1342200149978',2,'',9,0,1,2563,'1342200061523','2016-07-24'),(54,'1439',7,'เด็กชาย','ภัทรพล','สิงห์อุดม','1349901685112',1,'',9,0,1,2564,'1342200061523','2016-07-24'),(55,'1438',3,'เด็กหญิง','ชนิดาภา','ปัสสาวัน','1342200158578',2,'',9,0,1,2566,'1342200061523','2016-07-24'),(56,'1437',2,'ดช.','ธนะเทพ','นามโครต','1308900050694',1,'',6,0,2,2563,'3341501686145','2016-08-02'),(58,'1445',11,'เด็กหญิง','ชาลิสา','ทิพรักษา','1349901501194',2,'',9,0,1,2562,'3341501686145','2018-08-06'),(59,'1418',8,'เด็กชาย','กิตติ์ฐพงษ์','ปัสสาวัน','1342200152774',1,'',9,0,1,2564,'1342200061523','2018-08-07'),(61,'1449',1,'เด็กชาย','ชโยดม  ','คำนาโฮม','1349901844547',1,'',9,0,1,2567,'1342200061523','2018-08-07'),(62,'1450',2,'เด็กหญิง','กานต์ธิดา','วงตรี','1342200160475',2,'',9,0,1,2567,'1342200061523','2018-08-07'),(63,'1454',2,'เด็กชาย','รัชชานนท์  ','กำจ่าย','1347600086757',1,'',9,0,0,NULL,'1342200061523','2018-08-07'),(64,'1455',3,'เด็กชาย','วชิรพงศ์','บุญสร้อย','1347600086463',1,'',9,0,0,NULL,'1342200061523','2018-08-07'),(65,'1458',4,'เด็กชาย','ธนัช','ศรีจันสอน','1349901978501',1,'',9,0,0,NULL,'1342200061523','2018-08-07'),(66,'1462',1,'เด็กหญิง','สุกัญญา','คำภานิล','1427900013711',2,'',8,0,0,NULL,'1342200061523','2018-08-07'),(67,'1463',2,'เด็กหญิง','พีรยา','สิงห์อุดม','1349902036959',2,'',8,0,0,NULL,'1342200061523','2018-08-07'),(68,'1460',3,'เด็กชาย','มนุเชษฐ์','ทำสอาด','1342200164021',1,'',8,0,0,NULL,'1342200061523','2018-08-07'),(69,'1461',5,'เด็กชาย','อภิวัฒน์','เหลี่ยมแก้ว','1349902026805',1,'',8,0,0,NULL,'1342200061523','2018-08-07'),(70,'1459',4,'เด็กชาย','จิราวุฒิ','จำปา','1349902021358',1,'',8,0,0,NULL,'1342200061523','2018-08-08'),(71,'1452',1,'เด็กหญิง','ชลิตา','ปัสสาวัน','1342200161463',2,'',9,0,0,NULL,'1342200061523','2018-08-08'),(75,'1466',6,'เด็กหญิง','นิชานาถ','จำปาขีด','1347600095403',2,'',9,0,0,NULL,'1342200061523','2019-05-31'),(76,'1467',1,'เด็กชาย','อภิวุฒิ','กาคำผุย','1349902063859',1,'',1,0,2,2562,'1342200061523','2019-05-31'),(77,'1468',1,'เด็กชาย','รณพีร์','โพธิ์ชัย','1342200165698',1,'',7,0,0,NULL,'1342200061523','2019-05-31'),(78,'1469',2,'เด็กชาย','ธันวา','ภูมะลี','1349902085127',1,'',6,0,2,2567,'1342200061523','2019-05-31'),(79,'1470',4,'เด็กหญิง','ลลิตา','จีนทะบุต','1718400167009',2,'',7,0,0,NULL,'1342200061523','2019-05-31'),(80,'1471',5,'เด็กหญิง','เกวลิน','พุทธเลิศ','1347600116354',2,'',7,0,0,NULL,'1342200061523','2019-05-31'),(81,'1472',4,'เด็กชาย','ภูตะวัน','เจริญทัศน์','1342200157652',1,'',9,0,1,2566,'1342200061523','2019-05-31'),(82,'1464',6,'เด็กหญิง','ฐิตาพร','แก้วสว่าง','1347600100717',2,'',8,0,0,NULL,'1342200061523','2019-05-31'),(83,'1473',1,'เด็กชาย','เตชิต','ตาทุวัน','1348900441367',1,'',2,0,2,2566,'1342200061523','2020-07-17'),(84,'1474',2,'เด็กชาย','ธนดล','สายบุตร','1347600132473',1,'',5,0,0,NULL,'2200101102938','2020-07-17'),(85,'1475',1,'เด็กชาย','ชวิน','เจริญทัศ','1342200167089',1,'',5,0,0,NULL,'2200101102938','2020-07-17'),(86,'1476',1,'เด็กชาย','ชัยวัฒน์','คำนาโฮม','1342200166724',1,'',6,0,0,NULL,'1342200061523','2020-07-17'),(87,'1477',2,'เด็กชาย','ภูธเนธ','นาฤาฤทธิ์','1349902138824',1,'',6,0,0,NULL,'1342200061523','2020-07-17'),(88,'1478',1,'เด็กชาย','ชนาธิป','บุญมาพันธ์','1402400076850',1,'',5,0,2,2568,'1342200061523','2020-07-17'),(89,'1479',3,'เด็กชาย','อวิรุทธ์','นิลเสน','1342200166538',1,'',6,0,0,NULL,'1342200061523','2020-07-17'),(90,'1480',5,'เด็กหญิง','ปานชีวา','ศรีกงพาน','1349902158001',2,'',6,0,0,NULL,'1342200061523','2020-07-17'),(91,'1481',6,'เด็กหญิง','อุรัสยา','วรรณเวช','1849300256883',2,'',5,0,2,2568,'1342200061523','2020-07-17'),(92,'1482',5,'เด็กหญิง','เกตน์สุดา','บัวคำ','1349902181436',2,'',5,0,0,NULL,'2200101102938','2020-07-17'),(93,'1483',6,'เด็กหญิง','ธนิชล','หงษ์ทอง','1209301326287',2,'',6,0,0,NULL,'1342200061523','2020-07-17'),(94,'1484',12,'เด็กหญิง','การต์พิชชา','ศรีลาทิพย์','1349902184192',2,'',1,0,2,2563,'1342200061523','2020-07-17'),(95,'1485',3,'เด็กชาย','ออมสิน','บุญทรง','1349902083655',1,'',7,0,0,NULL,'1342200061523','2020-07-17'),(96,'1486',7,'เด็กชาย','ปวริศร','ปุณประวัติ','1349902006073',1,'',8,0,0,NULL,'1342200061523','2020-07-17'),(97,'1487',8,'เด็กชาย','ปัณณวัฒน์','ศรีงพาน','1349902006278',1,'',6,0,2,2567,'1342200061523','2020-07-17'),(98,'1488',9,'เด็กหญิง','พิมพ์วิภา','ดวงศรี','1342200162923',2,'',8,0,0,NULL,'1342200061523','2020-07-17'),(99,'1489',10,'เด็กหญิง','จิราพัชร','คำมุงคุล','1342200164373',2,'',8,0,0,NULL,'1342200061523','2020-07-17'),(101,'1491',5,'เด็กชาย','ธนากร','ภูติยา','1339600317181',1,'',9,0,2,2568,'1342200061523','2020-07-17'),(102,'1492',3,'เด็กชาย','วุฒิภัทร','สุดอก','1100202110726',1,'',9,0,1,2567,'1342200061523','2020-07-17'),(103,'1493',4,'เด็กหญิง','ณิชานันท์','บุญมาพันธ์','1342200159931',2,'',9,0,1,2567,'1342200061523','2020-07-17'),(104,'1494',5,'เด็กชาย','อดิเทพ','ม่วงนอก','1342200160297',1,'',9,0,1,2567,'1342200061523','2020-07-17'),(105,'1495',5,'เด็กชาย','นิติภูมิ','ดวงศรี','1100704274296',1,'',9,0,1,2566,'1342200061523','2020-07-17'),(106,'1496',4,'เด็กชาย','ธุรกิจ','สร้อยมาลุน','1341501602018',1,'',6,0,0,NULL,'1342200061523','2021-04-03'),(107,'1497',3,'เด็กชาย','ปุณวัฒน์','จำปาขีด','1347600137068',1,'',5,0,0,NULL,'2200101102938','2021-06-22'),(108,'1498',4,'เด็กชาย','ตะวัน','พิมพา','1309904625790',1,'',5,0,0,NULL,'2200101102938','2021-06-22'),(109,'1499',6,'เด็กหญิง','รลินดา','ภากุดเลาะ','1341501624666',2,'',5,0,0,NULL,'2200101102938','2021-06-22'),(110,'1500',7,'เด็กหญิง','ณัฐวรา','ต้นแสง','1341501620041',2,'',5,0,0,NULL,'2200101102938','2021-06-22'),(111,'1501',8,'เด็กหญิง','กิตติกานต์','ทันบุญ','1209703173281',2,'',5,0,0,NULL,'2200101102938','2021-06-22'),(112,'1502',12,'เด็กหญิง','นฐพร','เนตรวงค์','1349902193361',2,'',2,0,2,2566,'1342200061523','2021-06-22'),(113,'1503',13,'เด็กชาย','พีรณัฐ','ตรีรักษา','1347600141120',1,'',1,0,2,2565,'1342200061523','2021-06-22'),(114,'1504',1,'เด็กชาย','ณัฐวุฒิ','อ่อนหวาน','1349902237491',1,'',4,0,0,NULL,'1342200061523','2021-06-22'),(115,'1505',2,'เด็กชาย','ณัฐพนธ์','อ่อนหวาน','1349902237504',1,'',4,0,0,NULL,'1342200061523','2021-06-22'),(116,'1506',7,'เด็กหญิง','ณัฏฐธิดา','พิมชัย','1342200166759',2,'',3,0,2,2566,'1342200061523','2021-06-22'),(117,'1507',7,'เด็กหญิง','สิวิมล','สีดาชมภู','1100202211891',2,'',6,0,0,NULL,'1342200061523','2021-06-22'),(118,'1508',11,'เด็กชาย','นฤเบศร์','บุญมาพันธ์','1402400067036',1,'',8,0,0,NULL,'1342200061523','2021-06-22'),(119,'1509',7,'เด็กหญิง','ภัณฑิลา','บุดดาลี','1347600090801',2,'',9,0,0,NULL,'1342200061523','2021-06-22'),(120,'1510',6,'เด็กหญิง','ณัฐรินี','แก้วแรมเรือน','1339600292405',2,'',9,0,1,2567,'1342200061523','2021-06-22'),(121,'1511',3,'เด็กชาย','ธนภัทร','สาโล','1749800726065',1,'',2,0,2,2567,'1342200061523','2021-06-23'),(122,'1512',4,'เด็กชาย','เดชากฤติ','ศรีสุธรรม','1341501636931',1,'',4,0,0,NULL,'1342200061523','2022-05-18'),(123,'1513',8,'เด็กหญิง','ศศิกานต์','เรียบร้อย','1319800769639',2,'',4,0,2,2567,'1342200061523','2022-05-18'),(124,'1514',12,'เด็กชาย','วิชาญยุทธ','คำภานิล','1342200163211',1,'',8,0,0,NULL,'1342200061523','2022-05-19'),(125,'1516',1,'เด็กชาย','กันตพงศ์','วงตรี','1341501646082',1,'',3,0,0,NULL,'1342200061523','2022-06-06'),(126,'1517',2,'เด็กหญิง','ปภัสสร','อิ่มจันทึก','1341501647046',2,'',3,0,0,NULL,'1342200061523','2022-06-06'),(127,'1518',3,'เด็กหญิง','นันธิชา','เรืองอ่อน','1209602107941',2,'',3,0,0,NULL,'1342200061523','2022-06-06'),(128,'1519',4,'เด็กหญิง','ชญานิน','ปัญญาใส','1341501645655',2,'',3,0,0,NULL,'1342200061523','2022-06-06'),(130,'1520',6,'เด็กชาย','รัชชานนท์','มีคุณ','1341501590109',1,'',7,0,0,NULL,'1342200061523','2022-11-15'),(131,'1521',8,'เด็กชาย','ปิยะพล','ผาแก้ว','1739902660608',1,'',9,0,0,NULL,'1342200061523','2022-11-15'),(132,'1515',5,'เด็กหญิง','กันติชา','คำโสภา','1342200169031',2,'',3,0,0,NULL,'1342200061523','2023-06-01'),(133,'1524',1,'เด็กชาย','พีรวิชญ์','ภูมะลี','1349902361027',1,'',2,0,0,NULL,'1342200061523','2024-08-06'),(134,'1523',2,'เด็กชาย','วรภัทร์','คำศิริ','1349902359545',1,'',2,0,0,NULL,'1342200061523','2024-08-06'),(135,'1525',3,'เด็กชาย','ธนเดช','เนทิบุตร','1342200170250',1,'',2,0,0,NULL,'1342200061523','2024-08-06'),(136,'1526',4,'เด็กชาย','อุดมทรัพย์','กะพันพล','1199901832150',1,'',2,0,0,NULL,'1342200061523','2024-08-06'),(137,'1522',5,'เด็กหญิง','ขญาทิมาต','สายแก้ว','1209001201837',2,'',2,0,0,NULL,'1342200061523','2024-08-06'),(138,'1527',6,'เด็กหญิง','นรินทร์ทิพย์','พิมชัย','1342200169642',2,'',2,0,0,NULL,'1342200061523','2024-08-06'),(139,'1528',7,'เด็กหญิง','ศศินา','กิ่งแก้ว','1342200170357',2,'',2,0,2,2568,'1342200061523','2024-08-06'),(140,'1529',9,'เด็กหญิง','อรรจิตรา','แก้วสาร','1349901958577',2,'',9,0,0,NULL,'1342200061523','2024-08-06'),(141,'1531',12,'เด็กชาย','เจษฎา','ตาทุวัน','1349901987828',1,'',8,0,0,NULL,'1342200061523','2025-05-26'),(142,'1530',7,'เด็กชาย','เดชธนา','ตาทุวัน','1346400008832',1,'',2,0,0,NULL,'1342200061523','2025-05-26');

--
-- Table structure for table `student_main_class`
--

CREATE TABLE `student_main_class` (
  `id` int(11) NOT NULL AUTO_INCREMENT,
  `class_code` tinyint(4) NOT NULL,
  `class_name` varchar(150) NOT NULL,
  PRIMARY KEY (`id`),
  UNIQUE KEY `class_code` (`class_code`)
) ENGINE=MyISAM AUTO_INCREMENT=11 DEFAULT CHARSET=utf8 COLLATE=utf8_general_ci;

--
-- Dumping data for table `student_main_class`
--

INSERT INTO `student_main_class` VALUES (10,2,'อนุบาล2 '),(2,3,'อนุบาล3'),(3,4,'ประถมศึกษาปีที่ 1'),(4,5,'ประถมศึกษาปีที่2'),(5,6,'ประถมศึกษาปีที่3'),(6,7,'ประถมศึกษาปีที่4'),(7,8,'ประถมศึกษาปีที่5'),(8,9,'ประถมศึกษาปีที่6'),(9,1,'อนุบาล1');

--
-- Table structure for table `student_main_classlog`
--

CREATE TABLE `student_main_classlog` (
  `id` int(11) NOT NULL AUTO_INCREMENT,
  `ed_year` int(11) NOT NULL,
  `student_id` varchar(7) NOT NULL,
  `student_number` int(11) DEFAULT NULL,
  `class_code` tinyint(4) NOT NULL,
  `room` tinyint(4) DEFAULT 0,
  `officer` varchar(13) NOT NULL,
  `rec_date` date NOT NULL,
  PRIMARY KEY (`id`)
) ENGINE=MyISAM AUTO_INCREMENT=549 DEFAULT CHARSET=utf8 COLLATE=utf8_general_ci;

--
-- Dumping data for table `student_main_classlog`
--

INSERT INTO `student_main_classlog` VALUES (1,2558,'1369',0,9,1,'3341501686145','2016-07-24'),(2,2558,'1370',0,9,1,'3341501686145','2016-07-24'),(3,2558,'1371',0,9,1,'3341501686145','2016-07-24'),(4,2558,'1372',0,9,1,'3341501686145','2016-07-24'),(5,2558,'1373',0,9,1,'3341501686145','2016-07-24'),(6,2558,'1377',0,9,1,'3341501686145','2016-07-24'),(7,2558,'1374',0,8,1,'3341501686145','2016-07-24'),(8,2558,'1376',0,8,1,'3341501686145','2016-07-24'),(9,2558,'1381',0,8,1,'3341501686145','2016-07-24'),(10,2558,'1382',0,8,1,'3341501686145','2016-07-24'),(11,2558,'1384',0,8,1,'3341501686145','2016-07-24'),(12,2558,'1385',0,8,1,'3341501686145','2016-07-24'),(13,2558,'1386',0,8,1,'3341501686145','2016-07-24'),(14,2558,'1390',0,7,1,'3341501686145','2016-07-24'),(15,2558,'1394',0,7,1,'3341501686145','2016-07-24'),(16,2558,'1395',0,7,1,'3341501686145','2016-07-24'),(17,2558,'1433',0,7,1,'3341501686145','2016-07-24'),(18,2558,'1396',0,6,1,'3341501686145','2016-07-24'),(19,2558,'1400',0,6,1,'3341501686145','2016-07-24'),(20,2558,'1401',0,6,1,'3341501686145','2016-07-24'),(21,2558,'1402',0,6,1,'3341501686145','2016-07-24'),(22,2558,'1408',0,6,1,'3341501686145','2016-07-24'),(23,2558,'1409',0,6,1,'3341501686145','2016-07-24'),(24,2558,'1403',0,5,1,'3341501686145','2016-07-24'),(25,2558,'1404',0,5,1,'3341501686145','2016-07-24'),(26,2558,'1405',0,5,1,'3341501686145','2016-07-24'),(27,2558,'1410',0,5,1,'3341501686145','2016-07-24'),(28,2558,'1411',0,5,1,'3341501686145','2016-07-24'),(29,2558,'1412',0,5,1,'3341501686145','2016-07-24'),(30,2558,'1430',0,5,1,'3341501686145','2016-07-24'),(31,2558,'1431',0,5,1,'3341501686145','2016-07-24'),(32,2558,'1432',0,5,1,'3341501686145','2016-07-24'),(33,2558,'1413',0,4,1,'3341501686145','2016-07-24'),(34,2558,'1414',0,4,1,'3341501686145','2016-07-24'),(35,2558,'1415',0,4,1,'3341501686145','2016-07-24'),(36,2558,'1429',0,4,1,'3341501686145','2016-07-24'),(37,2558,'1417',0,3,1,'3341501686145','2016-07-24'),(38,2558,'1419',0,3,1,'3341501686145','2016-07-24'),(39,2558,'1420',0,3,1,'3341501686145','2016-07-24'),(40,2558,'1421',0,3,1,'3341501686145','2016-07-24'),(41,2558,'1422',0,3,1,'3341501686145','2016-07-24'),(42,2558,'1428',0,3,1,'3341501686145','2016-07-24'),(43,2558,'1424',0,2,1,'3341501686145','2016-07-24'),(44,2558,'1425',0,2,1,'3341501686145','2016-07-24'),(45,2558,'1426',0,2,1,'3341501686145','2016-07-24'),(46,2558,'1427',0,2,1,'3341501686145','2016-07-24'),(47,2561,'1374',0,9,1,'3341501686145','2018-08-06'),(48,2561,'1376',0,9,1,'3341501686145','2018-08-06'),(49,2561,'1381',0,9,1,'3341501686145','2018-08-06'),(50,2561,'1382',0,9,1,'3341501686145','2018-08-06'),(51,2561,'1384',0,9,1,'3341501686145','2018-08-06'),(52,2561,'1385',0,9,1,'3341501686145','2018-08-06'),(53,2561,'1386',0,9,1,'3341501686145','2018-08-06'),(54,2561,'1390',0,8,1,'3341501686145','2018-08-06'),(55,2561,'1394',0,8,1,'3341501686145','2018-08-06'),(56,2561,'1395',0,8,1,'3341501686145','2018-08-06'),(57,2561,'1433',0,8,1,'3341501686145','2018-08-06'),(58,2560,'1396',0,7,1,'3341501686145','2018-08-06'),(59,2560,'1400',0,7,1,'3341501686145','2018-08-06'),(60,2560,'1401',0,7,1,'3341501686145','2018-08-06'),(61,2560,'1402',0,7,1,'3341501686145','2018-08-06'),(62,2560,'1408',0,7,1,'3341501686145','2018-08-06'),(63,2560,'1409',0,7,1,'3341501686145','2018-08-06'),(64,2560,'1403',0,6,1,'3341501686145','2018-08-06'),(65,2560,'1404',0,6,1,'3341501686145','2018-08-06'),(66,2560,'1405',0,6,1,'3341501686145','2018-08-06'),(67,2560,'1410',0,6,1,'3341501686145','2018-08-06'),(68,2560,'1412',0,6,1,'3341501686145','2018-08-06'),(69,2560,'1430',0,6,1,'3341501686145','2018-08-06'),(70,2560,'1431',0,6,1,'3341501686145','2018-08-06'),(71,2560,'1432',0,6,1,'3341501686145','2018-08-06'),(72,2560,'1442',0,6,1,'3341501686145','2018-08-06'),(73,2560,'1443',0,6,1,'3341501686145','2018-08-06'),(74,2560,'1444',0,6,1,'3341501686145','2018-08-06'),(75,2560,'1413',0,5,1,'3341501686145','2018-08-06'),(76,2560,'1414',0,5,1,'3341501686145','2018-08-06'),(77,2560,'1415',0,5,1,'3341501686145','2018-08-06'),(78,2560,'1429',0,5,1,'3341501686145','2018-08-06'),(79,2560,'555',0,5,1,'3341501686145','2018-08-06'),(80,2560,'ุ666',0,5,1,'3341501686145','2018-08-06'),(81,2560,'1417',0,4,1,'3341501686145','2018-08-06'),(82,2560,'1419',0,4,1,'3341501686145','2018-08-06'),(83,2560,'1420',0,4,1,'3341501686145','2018-08-06'),(84,2560,'1421',0,4,1,'3341501686145','2018-08-06'),(85,2560,'1422',0,4,1,'3341501686145','2018-08-06'),(86,2560,'1428',0,4,1,'3341501686145','2018-08-06'),(87,2560,'999',0,4,1,'3341501686145','2018-08-06'),(88,2560,'1424',0,3,1,'3341501686145','2018-08-06'),(89,2560,'1425',0,3,1,'3341501686145','2018-08-06'),(90,2560,'1426',0,3,1,'3341501686145','2018-08-06'),(91,2560,'1427',0,3,1,'3341501686145','2018-08-06'),(92,2560,'111',0,2,1,'3341501686145','2018-08-06'),(93,2560,'333',0,2,1,'3341501686145','2018-08-06'),(94,2560,'444',0,2,1,'3341501686145','2018-08-06'),(95,2560,'888',0,2,1,'3341501686145','2018-08-06'),(96,2561,'1426',0,5,1,'3341501686145','2018-08-06'),(97,2561,'1429',0,7,1,'3341501686145','2018-08-06'),(98,2561,'1444',0,8,1,'3341501686145','2018-08-06'),(99,2561,'1400',0,9,1,'3341501686145','2018-08-06'),(100,2561,'1401',0,9,1,'3341501686145','2018-08-06'),(101,2561,'1396',1,9,0,'1342200061523','2019-05-31'),(102,2561,'1402',2,9,0,'1342200061523','2019-05-31'),(103,2561,'1408',3,9,0,'1342200061523','2019-05-31'),(104,2561,'1409',4,9,0,'1342200061523','2019-05-31'),(105,2561,'1462',1,1,0,'1342200061523','2019-05-31'),(106,2561,'1463',2,1,0,'1342200061523','2019-05-31'),(107,2561,'1460',3,1,0,'1342200061523','2019-05-31'),(108,2561,'1459',4,1,0,'1342200061523','2019-05-31'),(109,2561,'1461',5,1,0,'1342200061523','2019-05-31'),(110,2561,'1452',1,2,0,'1342200061523','2019-05-31'),(111,2561,'1454',2,2,0,'1342200061523','2019-05-31'),(112,2561,'1455',3,2,0,'1342200061523','2019-05-31'),(113,2561,'1458',4,2,0,'1342200061523','2019-05-31'),(114,2561,'1448',1,3,0,'1342200061523','2019-05-31'),(115,2561,'1449',2,3,0,'1342200061523','2019-05-31'),(116,2561,'1450',3,3,0,'1342200061523','2019-05-31'),(117,2561,'1435',1,4,0,'1342200061523','2019-05-31'),(118,2561,'1437',2,4,0,'1342200061523','2019-05-31'),(119,2561,'1436',3,4,0,'1342200061523','2019-05-31'),(120,2561,'1438',4,4,0,'1342200061523','2019-05-31'),(121,2561,'1424',1,5,0,'1342200061523','2019-05-31'),(122,2561,'1425',2,5,0,'1342200061523','2019-05-31'),(123,2561,'1427',3,5,0,'1342200061523','2019-05-31'),(124,2561,'1417',1,6,0,'1342200061523','2019-05-31'),(125,2561,'1419',2,6,0,'1342200061523','2019-05-31'),(126,2561,'1420',3,6,0,'1342200061523','2019-05-31'),(127,2561,'1421',4,6,0,'1342200061523','2019-05-31'),(128,2561,'1422',5,6,0,'1342200061523','2019-05-31'),(129,2561,'1428',6,6,0,'1342200061523','2019-05-31'),(130,2561,'1439',7,6,0,'1342200061523','2019-05-31'),(131,2561,'1418',8,6,0,'1342200061523','2019-05-31'),(132,2561,'1413',1,7,0,'1342200061523','2019-05-31'),(133,2561,'1414',2,7,0,'1342200061523','2019-05-31'),(134,2561,'1415',3,7,0,'1342200061523','2019-05-31'),(135,2561,'1440',4,7,0,'1342200061523','2019-05-31'),(136,2561,'1441',5,7,0,'1342200061523','2019-05-31'),(137,2561,'1403',1,8,0,'1342200061523','2019-05-31'),(138,2561,'1404',2,8,0,'1342200061523','2019-05-31'),(139,2561,'1405',3,8,0,'1342200061523','2019-05-31'),(140,2561,'1410',4,8,0,'1342200061523','2019-05-31'),(141,2561,'1412',5,8,0,'1342200061523','2019-05-31'),(142,2561,'1430',6,8,0,'1342200061523','2019-05-31'),(143,2561,'1431',7,8,0,'1342200061523','2019-05-31'),(144,2561,'1432',8,8,0,'1342200061523','2019-05-31'),(145,2561,'1442',9,8,0,'1342200061523','2019-05-31'),(146,2561,'1443',10,8,0,'1342200061523','2019-05-31'),(147,2561,'1445',11,8,0,'1342200061523','2019-05-31'),(148,2562,'1467',1,1,0,'1342200061523','2019-07-22'),(149,2562,'1405',3,9,0,'1342200061523','2019-09-19'),(150,2562,'1449',2,4,0,'1342200061523','2019-11-18'),(151,2562,'1468',2,1,0,'1342200061523','2020-07-13'),(152,2562,'1469',3,1,0,'1342200061523','2020-07-13'),(153,2562,'1470',4,1,0,'1342200061523','2020-07-13'),(154,2562,'1471',5,1,0,'1342200061523','2020-07-13'),(155,2562,'1462',1,2,0,'1342200061523','2020-07-13'),(156,2562,'1463',2,2,0,'1342200061523','2020-07-13'),(157,2562,'1460',3,2,0,'1342200061523','2020-07-13'),(158,2562,'1459',4,2,0,'1342200061523','2020-07-13'),(159,2562,'1461',5,2,0,'1342200061523','2020-07-13'),(160,2562,'1464',6,2,0,'1342200061523','2020-07-13'),(161,2562,'1466',7,2,0,'1342200061523','2020-07-13'),(162,2562,'1452',1,3,0,'1342200061523','2020-07-13'),(163,2562,'1454',2,3,0,'1342200061523','2020-07-13'),(164,2562,'1455',3,3,0,'1342200061523','2020-07-13'),(165,2562,'1458',4,3,0,'1342200061523','2020-07-13'),(166,2562,'1448',1,4,0,'1342200061523','2020-07-13'),(167,2562,'1450',3,4,0,'1342200061523','2020-07-13'),(168,2562,'1435',1,5,0,'1342200061523','2020-07-13'),(169,2562,'1437',2,5,0,'1342200061523','2020-07-13'),(170,2562,'1436',3,5,0,'1342200061523','2020-07-13'),(171,2562,'1438',4,5,0,'1342200061523','2020-07-13'),(172,2562,'1472',5,5,0,'1342200061523','2020-07-13'),(173,2562,'1424',1,6,0,'1342200061523','2020-07-13'),(174,2562,'1425',2,6,0,'1342200061523','2020-07-13'),(175,2562,'1427',3,6,0,'1342200061523','2020-07-13'),(176,2562,'1417',1,7,0,'1342200061523','2020-07-13'),(177,2562,'1419',2,7,0,'1342200061523','2020-07-13'),(178,2562,'1420',3,7,0,'1342200061523','2020-07-13'),(179,2562,'1421',4,7,0,'1342200061523','2020-07-13'),(180,2562,'1422',5,7,0,'1342200061523','2020-07-13'),(181,2562,'1428',6,7,0,'1342200061523','2020-07-13'),(182,2562,'1439',7,7,0,'1342200061523','2020-07-13'),(183,2562,'1418',8,7,0,'1342200061523','2020-07-13'),(184,2562,'1413',1,8,0,'1342200061523','2020-07-13'),(185,2562,'1414',2,8,0,'1342200061523','2020-07-13'),(186,2562,'1415',3,8,0,'1342200061523','2020-07-13'),(187,2562,'1440',4,8,0,'1342200061523','2020-07-13'),(188,2562,'1441',5,8,0,'1342200061523','2020-07-13'),(189,2562,'1403',1,9,0,'1342200061523','2020-07-13'),(190,2562,'1404',2,9,0,'1342200061523','2020-07-13'),(191,2562,'1410',4,9,0,'1342200061523','2020-07-13'),(192,2562,'1412',5,9,0,'1342200061523','2020-07-13'),(193,2562,'1430',6,9,0,'1342200061523','2020-07-13'),(194,2562,'1431',7,9,0,'1342200061523','2020-07-13'),(195,2562,'1432',8,9,0,'1342200061523','2020-07-13'),(196,2562,'1442',9,9,0,'1342200061523','2020-07-13'),(197,2562,'1443',10,9,0,'1342200061523','2020-07-13'),(198,2562,'1445',11,9,0,'1342200061523','2020-07-13'),(199,2563,'1448',1,5,0,'1342200061523','2020-07-13'),(200,2563,'1437',2,6,0,'1342200061523','2020-07-13'),(201,2563,'1466',6,4,0,'1349900642444','2021-01-19'),(202,2563,'1473',1,1,0,'1349900642444','2021-01-19'),(203,2563,'1474',2,1,0,'1349900642444','2021-01-19'),(204,2563,'1475',3,1,0,'1349900642444','2021-01-19'),(205,2563,'1476',4,1,0,'1349900642444','2021-01-19'),(206,2563,'1477',5,1,0,'1349900642444','2021-01-19'),(207,2563,'1478',6,1,0,'1349900642444','2021-01-19'),(208,2563,'1479',7,1,0,'1349900642444','2021-01-19'),(209,2563,'1480',8,1,0,'1349900642444','2021-01-19'),(210,2563,'1481',9,1,0,'1349900642444','2021-01-19'),(211,2563,'1482',10,1,0,'1349900642444','2021-01-19'),(212,2563,'1483',11,1,0,'1349900642444','2021-01-19'),(213,2563,'1484',12,1,0,'1349900642444','2021-01-19'),(214,2563,'1468',1,2,0,'1349900642444','2021-01-19'),(215,2563,'1469',2,2,0,'1349900642444','2021-01-19'),(216,2563,'1470',3,2,0,'1349900642444','2021-01-19'),(217,2563,'1471',4,2,0,'1349900642444','2021-01-19'),(218,2563,'1485',5,2,0,'1349900642444','2021-01-19'),(219,2563,'1486',7,3,0,'1349900642444','2021-01-19'),(220,2563,'1487',8,3,0,'1349900642444','2021-01-19'),(221,2563,'1488',9,3,0,'1349900642444','2021-01-19'),(222,2563,'1489',10,3,0,'1349900642444','2021-01-19'),(262,2564,'1473',1,1,0,'1342200061523','2021-06-21'),(224,2563,'1491',5,4,0,'1349900642444','2021-01-19'),(225,2563,'1449',1,5,0,'1349900642444','2021-01-19'),(226,2563,'1450',2,5,0,'1349900642444','2021-01-19'),(227,2563,'1492',3,5,0,'1349900642444','2021-01-19'),(228,2563,'193',4,5,0,'1349900642444','2021-01-19'),(229,2563,'1494',5,5,0,'1349900642444','2021-01-19'),(230,2563,'1436',2,6,0,'1349900642444','2021-01-19'),(231,2563,'1438',3,6,0,'1349900642444','2021-01-19'),(232,2563,'1472',4,6,0,'1349900642444','2021-01-19'),(233,2563,'1495',5,6,0,'1349900642444','2021-01-19'),(234,2563,'1455',3,4,0,'1349900642444','2021-01-19'),(235,2563,'1462',1,3,0,'1349900642444','2021-01-19'),(236,2563,'1463',2,3,0,'1349900642444','2021-01-19'),(237,2563,'1460',3,3,0,'1349900642444','2021-01-19'),(238,2563,'1459',4,3,0,'1349900642444','2021-01-19'),(239,2563,'1461',5,3,0,'1349900642444','2021-01-19'),(240,2563,'1464',6,3,0,'1349900642444','2021-01-19'),(241,2563,'1452',1,4,0,'1349900642444','2021-01-19'),(242,2563,'1454',2,4,0,'1349900642444','2021-01-19'),(243,2563,'1458',4,4,0,'1349900642444','2021-01-19'),(244,2563,'1435',1,6,0,'1349900642444','2021-01-19'),(245,2563,'1424',1,7,0,'1349900642444','2021-01-19'),(246,2563,'1425',2,7,0,'1349900642444','2021-01-19'),(247,2563,'1427',3,7,0,'1349900642444','2021-01-19'),(248,2563,'1417',1,8,0,'1349900642444','2021-01-19'),(249,2563,'1419',2,8,0,'1349900642444','2021-01-19'),(250,2563,'1420',3,8,0,'1349900642444','2021-01-19'),(251,2563,'1421',4,8,0,'1349900642444','2021-01-19'),(252,2563,'1422',5,8,0,'1349900642444','2021-01-19'),(253,2563,'1428',6,8,0,'1349900642444','2021-01-19'),(254,2563,'1439',7,8,0,'1349900642444','2021-01-19'),(255,2563,'1418',8,8,0,'1349900642444','2021-01-19'),(256,2563,'1413',1,9,0,'1349900642444','2021-01-19'),(257,2563,'1414',2,9,0,'1349900642444','2021-01-19'),(258,2563,'1415',3,9,0,'1349900642444','2021-01-19'),(259,2563,'1440',4,9,0,'1349900642444','2021-01-19'),(260,2563,'1441',5,9,0,'1349900642444','2021-01-19'),(261,2563,'1496',13,1,0,'1342200061523','2021-04-03'),(263,2564,'1474',2,1,0,'1342200061523','2021-06-21'),(264,2564,'1475',4,1,0,'1342200061523','2021-06-22'),(265,2564,'1478',3,1,0,'1342200061523','2021-06-22'),(266,2564,'1476',1,2,0,'1342200061523','2021-06-22'),(267,2564,'1477',2,2,0,'1342200061523','2021-06-22'),(268,2564,'1496',4,2,0,'1342200061523','2021-06-22'),(269,2564,'1479',3,2,0,'1342200061523','2021-06-22'),(270,2564,'1480',5,2,0,'1342200061523','2021-06-22'),(271,2564,'1483',6,2,0,'1342200061523','2021-06-22'),(272,2564,'1481',7,1,0,'1342200061523','2021-06-22'),(273,2564,'1482',8,1,0,'1342200061523','2021-06-22'),(274,2564,'1468',1,3,0,'1342200061523','2021-06-21'),(275,2564,'1469',2,3,0,'1342200061523','2021-06-21'),(276,2564,'1470',4,3,0,'1342200061523','2021-06-22'),(277,2564,'1471',5,3,0,'1342200061523','2021-06-22'),(278,2564,'1485',3,3,0,'1342200061523','2021-06-22'),(279,2564,'1418',8,9,0,'1342200061523','2021-06-21'),(280,2564,'1428',6,9,0,'1342200061523','2021-06-21'),(281,2564,'1417',1,9,0,'1342200061523','2021-06-21'),(282,2564,'1439',7,9,0,'1342200061523','2021-06-21'),(283,2564,'1495',5,7,0,'1342200061523','2021-06-22'),(284,2564,'1427',3,8,0,'1342200061523','2021-06-21'),(285,2564,'1438',3,7,0,'1342200061523','2021-06-21'),(286,2564,'1421',4,9,0,'1342200061523','2021-06-21'),(287,2564,'1472',4,7,0,'1342200061523','2021-06-21'),(288,2564,'1422',5,9,0,'1342200061523','2021-06-21'),(289,2564,'1420',3,9,0,'1342200061523','2021-06-21'),(290,2564,'1436',2,7,0,'1342200061523','2021-06-21'),(291,2564,'1419',2,9,0,'1342200061523','2021-06-21'),(292,2564,'1435',1,7,0,'1342200061523','2021-06-21'),(293,2564,'1494',5,6,0,'1342200061523','2021-06-21'),(294,2564,'1462',1,4,0,'1342200061523','2021-06-21'),(295,2564,'193',4,6,0,'1342200061523','2021-06-22'),(296,2564,'1492',3,6,0,'1342200061523','2021-06-22'),(297,2564,'1450',2,6,0,'1342200061523','2021-06-22'),(298,2564,'1491',5,5,0,'1342200061523','2021-06-22'),(299,2564,'1452',1,5,0,'1342200061523','2021-06-22'),(300,2564,'1466',6,5,0,'1342200061523','2021-06-22'),(301,2564,'1449',1,6,0,'1342200061523','2021-06-22'),(302,2564,'1489',10,4,0,'1342200061523','2021-06-22'),(303,2564,'1463',2,4,0,'1342200061523','2021-06-22'),(304,2564,'1486',7,4,0,'1342200061523','2021-06-22'),(305,2564,'1454',2,5,0,'1342200061523','2021-06-22'),(306,2564,'1459',4,4,0,'1342200061523','2021-06-22'),(307,2564,'1460',3,4,0,'1342200061523','2021-06-22'),(308,2564,'1461',5,4,0,'1342200061523','2021-06-22'),(309,2564,'1464',6,4,0,'1342200061523','2021-06-22'),(310,2564,'1487',8,4,0,'1342200061523','2021-06-22'),(311,2564,'1458',4,5,0,'1342200061523','2021-06-22'),(312,2564,'1455',3,5,0,'1342200061523','2021-06-22'),(313,2564,'1488',9,4,0,'1342200061523','2021-06-22'),(314,2564,'1497',5,1,0,'1342200061523','2021-06-22'),(315,2564,'1498',6,1,0,'1342200061523','2021-06-22'),(316,2564,'1499',9,1,0,'1342200061523','2021-06-22'),(317,2564,'1500',10,1,0,'1342200061523','2021-06-22'),(318,2564,'1501',11,1,0,'1342200061523','2021-06-22'),(319,2564,'1502',12,1,0,'1342200061523','2021-06-22'),(320,2564,'1503',13,1,0,'1342200061523','2021-06-22'),(321,2564,'1504',14,1,0,'1342200061523','2021-06-22'),(322,2564,'1505',15,1,0,'1342200061523','2021-06-22'),(323,2564,'1506',7,2,0,'1342200061523','2021-06-22'),(324,2564,'1507',8,2,0,'1342200061523','2021-06-22'),(325,2564,'1508',11,4,0,'1342200061523','2021-06-22'),(326,2564,'1509',7,5,0,'1342200061523','2021-06-22'),(327,2564,'1510',6,6,0,'1342200061523','2021-06-22'),(328,2564,'1511',16,1,0,'3341500517951','2021-06-23'),(329,2564,'1424',1,8,0,'1342200061523','2022-05-18'),(330,2564,'1425',2,8,0,'1342200061523','2022-05-18'),(331,2565,'1473',1,2,0,'1342200061523','2022-05-18'),(332,2565,'1474',2,2,0,'1342200061523','2022-05-18'),(333,2565,'1478',3,2,0,'1342200061523','2022-05-18'),(334,2565,'1475',4,2,0,'1342200061523','2022-05-18'),(335,2565,'1497',5,2,0,'1342200061523','2022-05-18'),(336,2565,'1498',6,2,0,'1342200061523','2022-05-18'),(337,2565,'1481',7,2,0,'1342200061523','2022-05-18'),(338,2565,'1482',8,2,0,'1342200061523','2022-05-18'),(339,2565,'1499',9,2,0,'1342200061523','2022-05-18'),(340,2565,'1500',10,2,0,'1342200061523','2022-05-18'),(341,2565,'1501',11,2,0,'1342200061523','2022-05-18'),(342,2565,'1502',12,2,0,'1342200061523','2022-05-18'),(343,2565,'1503',13,1,0,'1342200061523','2022-05-18'),(344,2565,'1504',1,1,0,'1342200061523','2022-09-17'),(345,2565,'1505',2,1,0,'1342200061523','2022-05-18'),(346,2565,'1511',3,1,0,'1342200061523','2022-05-18'),(347,2565,'1476',1,3,0,'1342200061523','2022-05-18'),(348,2565,'1477',2,3,0,'1342200061523','2022-05-18'),(349,2565,'1479',3,3,0,'1342200061523','2022-05-18'),(350,2565,'1496',4,3,0,'1342200061523','2022-05-18'),(351,2565,'1480',5,3,0,'1342200061523','2022-05-18'),(352,2565,'1483',6,3,0,'1342200061523','2022-05-18'),(353,2565,'1506',7,3,0,'1342200061523','2022-05-18'),(354,2565,'1507',8,3,0,'1342200061523','2022-05-18'),(355,2565,'1468',1,4,0,'1342200061523','2022-05-18'),(356,2565,'1469',2,4,0,'1342200061523','2022-05-18'),(357,2565,'1485',3,4,0,'1342200061523','2022-05-18'),(358,2565,'1470',4,4,0,'1342200061523','2022-05-18'),(359,2565,'1471',5,4,0,'1342200061523','2022-05-18'),(360,2565,'1462',1,5,0,'1342200061523','2022-05-18'),(361,2565,'1463',2,5,0,'1342200061523','2022-05-18'),(362,2565,'1460',3,5,0,'1342200061523','2022-05-18'),(363,2565,'1459',4,5,0,'1342200061523','2022-05-18'),(364,2565,'1461',5,5,0,'1342200061523','2022-05-18'),(365,2565,'1464',6,5,0,'1342200061523','2022-05-18'),(366,2565,'1486',7,5,0,'1342200061523','2022-05-18'),(367,2565,'1487',8,5,0,'1342200061523','2022-05-18'),(368,2565,'1488',9,5,0,'1342200061523','2022-05-18'),(369,2565,'1489',10,5,0,'1342200061523','2022-05-18'),(370,2565,'1508',11,5,0,'1342200061523','2022-05-18'),(371,2565,'1452',1,6,0,'1342200061523','2022-05-18'),(372,2565,'1454',2,6,0,'1342200061523','2022-05-18'),(373,2565,'1455',3,6,0,'1342200061523','2022-05-18'),(374,2565,'1458',4,6,0,'1342200061523','2022-05-18'),(375,2565,'1491',5,6,0,'1342200061523','2022-05-18'),(376,2565,'1466',6,6,0,'1342200061523','2022-05-18'),(377,2565,'1509',7,6,0,'1342200061523','2022-05-18'),(378,2565,'1449',1,7,0,'1342200061523','2022-05-18'),(379,2565,'1450',2,7,0,'1342200061523','2022-05-18'),(380,2565,'1492',3,7,0,'1342200061523','2022-05-18'),(381,2565,'193',4,7,0,'1342200061523','2022-05-18'),(382,2565,'1494',5,7,0,'1342200061523','2022-05-18'),(383,2565,'1510',6,7,0,'1342200061523','2022-05-18'),(384,2565,'1424',1,9,0,'1342200061523','2022-05-18'),(385,2565,'1435',1,8,0,'1342200061523','2022-09-17'),(386,2565,'1425',2,9,0,'1342200061523','2022-05-18'),(387,2565,'1436',2,8,0,'1342200061523','2022-09-17'),(388,2565,'1427',3,9,0,'1342200061523','2022-05-18'),(389,2565,'1438',3,8,0,'1342200061523','2022-05-18'),(390,2565,'1472',4,8,0,'1342200061523','2022-05-18'),(391,2565,'1495',5,8,0,'1342200061523','2022-05-18'),(402,2565,'1426',4,9,0,'1342200061523','2022-07-23'),(393,2565,'1',9,3,0,'1342200061523','2022-05-18'),(394,2565,'1512',4,1,0,'1342200061523','2022-05-18'),(395,2565,'1513',9,3,0,'1342200061523','2022-09-17'),(396,2565,'1514',12,5,0,'1342200061523','2022-09-17'),(397,2565,'1493',4,7,0,'1342200061523','2022-05-26'),(398,2565,'151',5,1,0,'1342200061523','2022-06-06'),(399,2565,'1517',6,1,0,'1342200061523','2022-06-06'),(400,2565,'1518',7,1,0,'1342200061523','2022-06-06'),(401,2565,'1519',8,1,0,'1342200061523','2022-06-06'),(403,2565,'1516',5,1,0,'1342200061523','2022-09-17'),(404,2565,'1520',6,4,0,'1342200061523','2022-11-15'),(405,2565,'1521',8,6,0,'1342200061523','2022-11-15'),(406,2566,'1473',1,2,0,'1342200061523','2023-06-01'),(407,2566,'1502',12,2,0,'1342200061523','2023-06-01'),(408,2566,'1506',7,3,0,'1342200061523','2023-06-01'),(409,2566,'1515',5,1,0,'1342200061523','2023-06-01'),(410,2565,'1515',5,1,0,'1342200061523','2023-06-01'),(411,2566,'1516',1,1,0,'1342200061523','2023-06-01'),(412,2566,'1517',2,1,0,'1342200061523','2023-06-01'),(413,2566,'1518',3,1,0,'1342200061523','2023-06-01'),(414,2566,'1519',4,1,0,'1342200061523','2023-06-01'),(415,2566,'1474',3,3,0,'1342200061523','2023-06-01'),(416,2566,'1478',1,3,0,'1342200061523','2023-06-01'),(417,2566,'1475',2,3,0,'1342200061523','2023-06-01'),(418,2566,'1497',4,3,0,'1342200061523','2023-06-01'),(419,2566,'1498',5,3,0,'1342200061523','2023-06-01'),(420,2566,'1481',6,3,0,'1342200061523','2023-06-01'),(421,2566,'1482',7,3,0,'1342200061523','2023-06-01'),(422,2566,'1499',8,3,0,'1342200061523','2023-06-01'),(423,2566,'1500',9,3,0,'1342200061523','2023-06-01'),(424,2566,'1501',10,3,0,'1342200061523','2023-06-01'),(425,2566,'1507',7,4,0,'1342200061523','2023-06-01'),(426,2566,'1513',8,4,0,'1342200061523','2023-06-01'),(427,2566,'1435',1,9,0,'1342200061523','2024-08-06'),(428,2566,'1436',2,9,0,'1342200061523','2024-08-06'),(429,2566,'1438',3,9,0,'1342200061523','2024-08-06'),(430,2566,'1472',4,9,0,'1342200061523','2024-08-06'),(431,2566,'1495',5,9,0,'1342200061523','2024-08-06'),(432,2567,'1511',3,2,0,'1342200061523','2024-08-06'),(433,2567,'1513',8,4,0,'1342200061523','2024-08-06'),(434,2567,'1487',8,6,0,'1342200061523','2024-08-06'),(435,2566,'1504',1,2,0,'1342200061523','2024-08-06'),(436,2566,'1505',2,2,0,'1342200061523','2024-08-06'),(437,2566,'1512',4,2,0,'1342200061523','2024-08-06'),(438,2566,'1476',1,4,0,'1342200061523','2024-08-06'),(439,2566,'1477',2,4,0,'1342200061523','2024-08-06'),(440,2566,'1479',3,4,0,'1342200061523','2024-08-06'),(441,2566,'1496',4,4,0,'1342200061523','2024-08-06'),(442,2566,'1480',5,4,0,'1342200061523','2024-08-06'),(443,2566,'1483',6,4,0,'1342200061523','2024-08-06'),(444,2566,'1468',1,5,0,'1342200061523','2024-08-06'),(445,2566,'1469',2,5,0,'1342200061523','2024-08-06'),(446,2566,'1485',3,5,0,'1342200061523','2024-08-06'),(447,2566,'1470',4,5,0,'1342200061523','2024-08-06'),(448,2566,'1471',5,5,0,'1342200061523','2024-08-06'),(449,2566,'1520',6,5,0,'1342200061523','2024-08-06'),(450,2566,'1462',1,6,0,'1342200061523','2024-08-06'),(451,2566,'1463',2,6,0,'1342200061523','2024-08-06'),(452,2566,'1460',3,6,0,'1342200061523','2024-08-06'),(453,2566,'1459',4,6,0,'1342200061523','2024-08-06'),(454,2566,'1461',5,6,0,'1342200061523','2024-08-06'),(455,2566,'1464',6,6,0,'1342200061523','2024-08-06'),(456,2566,'1486',7,6,0,'1342200061523','2024-08-06'),(457,2566,'1488',9,6,0,'1342200061523','2024-08-06'),(458,2566,'1489',10,6,0,'1342200061523','2024-08-06'),(459,2566,'1508',11,6,0,'1342200061523','2024-08-06'),(460,2566,'1514',12,6,0,'1342200061523','2024-08-06'),(461,2566,'1452',1,7,0,'1342200061523','2024-08-06'),(462,2566,'1454',2,7,0,'1342200061523','2024-08-06'),(463,2566,'1455',3,7,0,'1342200061523','2024-08-06'),(464,2566,'1458',4,7,0,'1342200061523','2024-08-06'),(465,2566,'1491',5,7,0,'1342200061523','2024-08-06'),(466,2566,'1466',6,7,0,'1342200061523','2024-08-06'),(467,2566,'1509',7,7,0,'1342200061523','2024-08-06'),(468,2566,'1521',8,7,0,'1342200061523','2024-08-06'),(469,2567,'1489',10,7,0,'1342200061523','2024-08-06'),(470,2567,'1488',9,7,0,'1342200061523','2024-08-06'),(471,2567,'1521',8,8,0,'1342200061523','2024-08-06'),(472,2567,'1486',7,7,0,'1342200061523','2024-08-06'),(473,2567,'1510',6,9,0,'1342200061523','2024-08-06'),(474,2567,'1494',5,9,0,'1342200061523','2024-08-06'),(475,2567,'1464',6,7,0,'1342200061523','2024-08-06'),(476,2567,'1492',3,9,0,'1342200061523','2024-08-06'),(477,2567,'1459',4,7,0,'1342200061523','2024-08-06'),(478,2567,'1493',4,9,0,'1342200061523','2024-08-06'),(479,2567,'1461',5,7,0,'1342200061523','2024-08-06'),(480,2567,'1460',3,7,0,'1342200061523','2024-08-06'),(481,2567,'1463',2,7,0,'1342200061523','2024-08-06'),(482,2567,'1450',2,9,0,'1342200061523','2024-08-06'),(483,2567,'1516',1,2,0,'1342200061523','2024-08-06'),(484,2567,'1517',2,2,0,'1342200061523','2024-08-06'),(485,2567,'1518',3,2,0,'1342200061523','2024-08-06'),(486,2567,'1519',4,2,0,'1342200061523','2024-08-06'),(487,2567,'1515',5,2,0,'1342200061523','2024-08-06'),(488,2567,'1504',1,3,0,'1342200061523','2024-08-06'),(489,2567,'1505',2,3,0,'1342200061523','2024-08-06'),(490,2567,'1512',4,3,0,'1342200061523','2024-08-06'),(491,2567,'1478',1,4,0,'1342200061523','2024-08-06'),(492,2567,'1475',2,4,0,'1342200061523','2024-08-06'),(493,2567,'1474',3,4,0,'1342200061523','2024-08-06'),(494,2567,'1498',5,4,0,'1342200061523','2024-08-06'),(495,2567,'1497',4,4,0,'1342200061523','2024-08-06'),(496,2567,'1481',6,4,0,'1342200061523','2024-08-06'),(497,2567,'1499',8,4,0,'1342200061523','2024-08-06'),(498,2567,'1482',7,4,0,'1342200061523','2024-08-06'),(499,2567,'1500',9,4,0,'1342200061523','2024-08-06'),(500,2567,'1501',10,4,0,'1342200061523','2024-08-06'),(501,2567,'1476',1,5,0,'1342200061523','2024-08-06'),(502,2567,'1477',2,5,0,'1342200061523','2024-08-06'),(503,2567,'1479',3,5,0,'1342200061523','2024-08-06'),(504,2567,'1496',4,5,0,'1342200061523','2024-08-06'),(505,2567,'1480',5,5,0,'1342200061523','2024-08-06'),(506,2567,'1483',6,5,0,'1342200061523','2024-08-06'),(507,2567,'1507',7,5,0,'1342200061523','2024-08-06'),(508,2567,'1468',1,6,0,'1342200061523','2024-08-06'),(509,2567,'1469',2,6,0,'1342200061523','2024-08-06'),(510,2567,'1470',4,6,0,'1342200061523','2024-08-06'),(511,2567,'1485',3,6,0,'1342200061523','2024-08-06'),(512,2567,'1520',6,6,0,'1342200061523','2024-08-06'),(513,2567,'1471',5,6,0,'1342200061523','2024-08-06'),(514,2567,'1462',1,7,0,'1342200061523','2024-08-06'),(515,2567,'1449',1,9,0,'1342200061523','2024-08-06'),(516,2567,'1524',1,1,0,'1342200061523','2024-08-06'),(517,2567,'1523',2,1,0,'1342200061523','2024-08-06'),(518,2567,'1525',3,1,0,'1342200061523','2024-08-06'),(519,2567,'1526',4,1,0,'1342200061523','2024-08-06'),(520,2567,'1522',5,1,0,'1342200061523','2024-08-06'),(521,2567,'1527',6,1,0,'1342200061523','2024-08-06'),(522,2567,'1528',7,1,0,'1342200061523','2024-08-06'),(523,2567,'1529',9,8,0,'1342200061523','2024-08-06'),(524,2568,'1531',12,8,0,'1342200061523','2025-05-26'),(525,2568,'1530',7,2,0,'1342200061523','2025-05-26'),(526,2567,'1508',11,7,0,'1342200061523','2025-05-26'),(527,2567,'1514',12,7,0,'1342200061523','2025-05-26'),(528,2567,'1452',1,8,0,'1342200061523','2025-05-26'),(529,2567,'1454',2,8,0,'1342200061523','2025-05-26'),(530,2567,'1455',3,8,0,'1342200061523','2025-05-26'),(531,2567,'1458',4,8,0,'1342200061523','2025-05-26'),(532,2567,'1491',5,8,0,'1342200061523','2025-05-26'),(533,2567,'1466',6,8,0,'1342200061523','2025-05-26'),(534,2567,'1509',7,8,0,'1342200061523','2025-05-26'),(535,2567,'1531',12,8,0,'1342200061523','2025-05-26'),(536,2567,'1530',7,2,0,'1342200061523','2025-05-26'),(537,2568,'1528',7,2,0,'1342200061523','2025-05-26'),(538,2568,'1478',1,5,0,'1342200061523','2025-05-26'),(539,2568,'1481',6,5,0,'1342200061523','2025-05-26'),(540,2568,'1491',5,9,0,'1342200061523','2025-05-26'),(541,2568,'1501',8,5,0,'2200101102938','2025-10-04'),(542,2568,'1475',1,5,0,'2200101102938','2025-10-04'),(543,2568,'1474',2,5,0,'2200101102938','2025-10-04'),(544,2568,'1497',3,5,0,'2200101102938','2025-10-04'),(545,2568,'1498',4,5,0,'2200101102938','2025-10-04'),(546,2568,'1482',5,5,0,'2200101102938','2025-10-04'),(547,2568,'1499',6,5,0,'2200101102938','2025-10-04'),(548,2568,'1500',7,5,0,'2200101102938','2025-10-04');

--
-- Table structure for table `student_main_edyear`
--

CREATE TABLE `student_main_edyear` (
  `id` int(11) NOT NULL AUTO_INCREMENT,
  `ed_year` int(11) NOT NULL,
  `year_active` tinyint(4) NOT NULL,
  PRIMARY KEY (`id`),
  UNIQUE KEY `ed_year` (`ed_year`)
) ENGINE=MyISAM AUTO_INCREMENT=11 DEFAULT CHARSET=utf8 COLLATE=utf8_general_ci;

--
-- Dumping data for table `student_main_edyear`
--

INSERT INTO `student_main_edyear` VALUES (1,2558,0),(2,2559,0),(3,2561,0),(4,2562,0),(5,2563,0),(6,2564,0),(7,2565,0),(8,2566,0),(9,2567,0),(10,2568,1);

--
-- Table structure for table `student_main_expand1`
--

CREATE TABLE `student_main_expand1` (
  `id` int(11) NOT NULL AUTO_INCREMENT,
  `person_id` varchar(13) NOT NULL,
  `e_name` varchar(50) NOT NULL,
  `e_surname` varchar(50) NOT NULL,
  `birthday` date NOT NULL,
  `blood` varchar(2) NOT NULL,
  `race` varchar(30) NOT NULL,
  `nationlity` varchar(30) NOT NULL,
  `religion` varchar(30) NOT NULL,
  `rec_date` date NOT NULL,
  PRIMARY KEY (`id`),
  UNIQUE KEY `person_id` (`person_id`)
) ENGINE=MyISAM AUTO_INCREMENT=49 DEFAULT CHARSET=utf8 COLLATE=utf8_general_ci;

--
-- Dumping data for table `student_main_expand1`
--

INSERT INTO `student_main_expand1` VALUES (1,'1209301326287','Thanichon','hongthong','2016-06-07','','','','','2025-10-04'),(2,'1349902138824','Phuthaned','naruerit','2016-10-28','','','','','2025-10-04'),(3,'1342200166538','Awirut','ninsen','2016-12-19','','','','','2025-10-04'),(4,'1349902158001','Parncheewa','Srikongparn','2017-02-21','','','','','2025-10-04'),(5,'1342200166724','Chaiwat','kamnahome','2017-02-21','','','','','2025-10-04'),(6,'1342200165698','Ronnapee','Phochai','2016-02-28','','','','','2025-10-04'),(7,'1349902085127','Thanwa','Phoomalee','2015-12-19','','','','','2022-12-09'),(8,'1349902083655','Aomsin','Boonsong','2015-12-10','','','','','2025-10-04'),(9,'1718400167009','Lalita','Cheanthabut','2015-10-14','','','','','2025-10-04'),(10,'1347600116354','Kewalin','phutthalert','2016-01-06','','','','','2025-10-04'),(11,'1349902021358','JIrawoot','jampha','2014-12-18','','','','','2025-10-04'),(12,'1349902006073','Pawaris','punprawat','2014-10-01','','','','','2025-10-04'),(13,'1349902026805','apiwat','ieuamkaew','2015-01-18','','','','','2025-10-04'),(14,'1349902006278','Pannawat','Srikongparn','2014-10-01','','','','','2022-12-09'),(15,'1342200164021','MANUCHET','THAMSA-ARD','2015-01-04','','','','','2025-10-04'),(16,'1349902036959','preeraya','singudom','2015-03-25','','','','','2025-10-04'),(17,'1342200162923','Pimwipa','duangsri','2014-06-24','','','','','2025-10-04'),(18,'1427900013711','sukanya','kamphanin','2015-05-05','','','','','2025-10-04'),(19,'1347600100717','thitaphorn','kaewsawnng','2014-10-01','O','','','','2025-10-04'),(20,'1342200164373','Jirapatch','kammungkun','2015-03-21','','','','','2025-10-04'),(21,'1347600095403','nichanart','jumpakheed','2014-05-18','','','','','2025-10-04'),(22,'1342200159931','Nishanan','Boonmaphan','2012-10-18','','','','','2022-12-09'),(23,'1347600086757','Ratchanon','Kamchai','2013-09-15','','','','','2025-10-04'),(24,'1339600317181','Tanakon','Putiya','2014-03-22','','','','','2022-12-09'),(25,'1347600086463','Wachirapong','Boonsoy','2013-09-05','','','','','2025-10-04'),(26,'1349901978501','THANAT','SEEJANSORN','2014-05-11','','','','','2025-10-04'),(27,'1342200161463','Chalita','Patsawan','2013-08-27','','','','','2025-10-04'),(28,'1100202110726','wutipat','sudok','2012-09-04','B','','','','2022-12-09'),(29,'1349901844547','chayodom','khamnahom','2012-06-12','','','','','2022-12-09'),(30,'1342200160297','Adithep','muangnok','2012-12-16','','','','','2022-12-09'),(31,'1342200160475','karnthida','wongthree','2013-01-19','','','','','2022-12-09'),(32,'1100704274296','Nithipoom','Duangsri','2011-05-19','','','','','2022-12-09'),(33,'1342200157741','Anuchit','Noykumdee','2011-10-29','','','','','2022-12-09'),(34,'1349901785893','Atiwara','Sopaphan','2011-08-27','','','','','2022-12-09'),(35,'1342200157652','phootawan','Jarearnthus','2011-10-15','','','','','2022-12-09'),(36,'1342200158578','Chanidapa','Patsawan','2012-03-09','','','','','2022-12-09'),(37,'1342200156001','kanokrat','sochada','2011-01-31','','','','','2022-12-09'),(38,'1349901724177','Sumintra','Ketkaew','2010-09-26','','','','','2022-12-09'),(39,'1342200154483','Phanchita','Tummachot','2010-07-28','','','','','2022-12-09'),(40,'1341501590109','Ratchanon','Meekun','2016-01-09','','','','','2022-12-09'),(41,'1342200155871','Witchaya','Kampanin','2011-01-11','','','','','2022-12-26'),(42,'1339600292405','Nuttharinee','Keawramroen','2013-03-10','','','','','2022-12-26'),(43,'1341501620041','','','2017-12-12','','ไทย','ไทย','พุทธ','2025-10-04'),(44,'1342200167089','','','2017-07-08','','ไทย','ไทย','พุทธ','2025-10-04'),(45,'1309904625790','Tawan','Phimpha','2018-04-19','','ไทย','ไทย','พุทธ','2025-10-04'),(46,'1347600137068','','','2017-12-26','','ไทย','ไทย','พุทธ','2025-10-04'),(47,'1349902181436','','','2017-07-25','','ไทย','ไทย','พุทธ','2025-10-04'),(48,'1341501624666','','','2018-04-07','','ไทย','ไทย','พุทธ','2025-10-04');

--
-- Table structure for table `student_main_permission`
--

CREATE TABLE `student_main_permission` (
  `id` int(11) NOT NULL AUTO_INCREMENT,
  `person_id` varchar(13) NOT NULL,
  `p1` tinyint(4) NOT NULL,
  `officer` varchar(13) NOT NULL,
  `rec_date` date NOT NULL,
  PRIMARY KEY (`id`)
) ENGINE=MyISAM AUTO_INCREMENT=16 DEFAULT CHARSET=utf8 COLLATE=utf8_general_ci;

--
-- Dumping data for table `student_main_permission`
--

INSERT INTO `student_main_permission` VALUES (9,'1349900595497',1,'3341501686145','2018-10-26'),(12,'1349900642444',1,'1342200061523','2020-07-20'),(7,'1342200061523',1,'3341501686145','2016-07-24'),(11,'1329900339148',1,'1342200061523','2022-05-23'),(13,'1349900598283',1,'1342200061523','2020-07-20'),(14,'1331000273887',1,'1342200061523','2022-05-24'),(15,'2200101102938',1,'2200101102938','2025-05-09');

--
-- Table structure for table `system_ed_year`
--

CREATE TABLE `system_ed_year` (
  `id` int(11) NOT NULL AUTO_INCREMENT,
  `ed_year` int(11) NOT NULL,
  `active_ed_year` tinyint(4) NOT NULL,
  PRIMARY KEY (`id`),
  UNIQUE KEY `ed_year` (`ed_year`)
) ENGINE=MyISAM DEFAULT CHARSET=utf8 COLLATE=utf8_general_ci;

--
-- Dumping data for table `system_ed_year`
--


--
-- Table structure for table `system_export_list`
--

CREATE TABLE `system_export_list` (
  `id` int(11) NOT NULL AUTO_INCREMENT,
  `data_name` varchar(50) NOT NULL,
  `thai_dataname` varchar(100) NOT NULL,
  PRIMARY KEY (`id`),
  UNIQUE KEY `data_name` (`data_name`)
) ENGINE=MyISAM AUTO_INCREMENT=7 DEFAULT CHARSET=utf8 COLLATE=utf8_general_ci;

--
-- Dumping data for table `system_export_list`
--

INSERT INTO `system_export_list` VALUES (1,'person','ข้อมูลครูและบุคลากร'),(2,'student','ข้อมูลพื้นฐานนักเรียน'),(3,'onet','ผลสอบ O-NET'),(4,'plan','แผนปฏิบัติการประจำปี'),(5,'student_check','การมาเรียน'),(6,'health','สุขภาพผู้เรียน');

--
-- Table structure for table `system_export_log`
--

CREATE TABLE `system_export_log` (
  `id` int(11) NOT NULL AUTO_INCREMENT,
  `computer_ip` varchar(25) NOT NULL,
  `requester` varchar(50) NOT NULL,
  `login_time` datetime NOT NULL,
  `data` varchar(20) NOT NULL,
  PRIMARY KEY (`id`)
) ENGINE=MyISAM AUTO_INCREMENT=91 DEFAULT CHARSET=utf8 COLLATE=utf8_general_ci;

--
-- Dumping data for table `system_export_log`
--

INSERT INTO `system_export_log` VALUES (1,'61.19.124.234','amssplus','2018-08-23 15:06:59','plan'),(2,'61.19.124.234','amssplus','2018-08-23 15:07:26','plan'),(3,'61.19.124.234','amssplus','2018-08-23 15:08:20','person'),(4,'61.19.124.234','amssplus','2018-08-23 15:44:36','student'),(5,'61.19.124.234','amssplus','2018-08-23 20:45:34','person'),(6,'61.19.124.234','amssplus','2018-08-23 21:59:06','student'),(7,'61.19.124.234','amssplus','2018-08-24 10:04:39','person'),(8,'61.19.124.234','amssplus','2018-08-24 10:18:58','person'),(9,'61.19.124.234','amssplus','2018-08-24 10:30:38','student'),(10,'61.19.124.234','amssplus','2018-08-24 10:33:11','plan'),(11,'61.19.124.234','amssplus','2018-08-24 14:04:48','plan'),(12,'61.19.124.234','amssplus','2018-08-27 14:16:53','person'),(13,'61.19.124.234','amssplus','2018-08-30 16:27:56','student'),(14,'61.19.124.234','amssplus','2018-09-14 12:27:04','person'),(15,'61.19.124.234','amssplus','2018-09-14 12:32:32','person'),(16,'61.19.124.234','amssplus','2018-09-14 13:10:52','person'),(17,'61.19.124.234','amssplus','2018-09-15 09:51:03','person'),(18,'61.19.124.234','amssplus','2018-09-21 04:20:38','person'),(19,'61.19.124.234','amssplus','2018-09-21 04:35:09','person'),(20,'61.19.124.234','amssplus','2019-07-11 03:17:16','student_check'),(21,'61.19.124.234','amssplus','2019-09-19 06:05:02','student_check'),(22,'61.19.124.234','amssplus','2019-09-19 06:05:39','student_check'),(23,'61.19.124.234','amssplus','2019-10-03 03:14:18','student_check'),(24,'61.19.124.234','amssplus','2019-10-03 03:52:04','student_check'),(25,'61.19.124.234','amssplus','2019-10-08 09:46:20','student_check'),(26,'122.155.223.9','amssplus','2020-02-06 10:21:40','student_check'),(27,'122.155.223.9','amssplus','2020-02-06 10:21:54','health'),(28,'122.155.223.9','amssplus','2020-02-06 10:21:56','health'),(29,'122.155.223.9','amssplus','2020-02-06 10:22:05','plan'),(30,'122.155.223.9','amssplus','2020-02-21 07:09:40','student'),(31,'122.155.223.9','amssplus','2020-03-30 14:48:08','student_check'),(32,'122.155.223.9','amssplus','2020-08-05 09:42:01','student'),(33,'122.155.223.9','amssplus','2021-02-23 14:50:16','plan'),(34,'122.155.223.9','amssplus','2021-03-09 13:55:12','plan'),(35,'10.1.1.3','amssplus','2021-10-06 10:25:30','student'),(36,'10.1.1.3','amssplus','2022-03-16 09:29:22','student'),(37,'10.1.1.3','amssplus','2022-03-16 09:41:54','student'),(38,'10.1.1.3','amssplus','2022-03-16 15:04:43','student'),(39,'10.1.1.3','amssplus','2022-07-23 11:14:19','plan'),(40,'10.1.1.3','amssplus','2022-09-07 14:39:48','student'),(41,'10.1.1.3','amssplus','2022-09-17 14:43:53','student'),(42,'10.1.1.3','amssplus','2022-09-17 14:52:21','student'),(43,'10.1.1.3','amssplus','2022-09-17 15:32:41','student'),(44,'10.1.1.3','amssplus','2022-09-17 16:16:55','student'),(45,'10.1.1.3','amssplus','2023-01-22 00:22:50','student'),(46,'10.1.1.3','amssplus','2023-04-05 09:48:18','student_check'),(47,'10.1.1.3','amssplus','2023-04-05 22:38:09','student_check'),(48,'10.1.1.3','amssplus','2023-04-06 10:24:16','student_check'),(49,'10.1.1.3','amssplus','2023-04-06 10:25:06','student_check'),(50,'10.1.1.3','amssplus','2023-04-06 10:47:27','student_check'),(51,'10.1.1.3','amssplus','2023-04-06 13:13:41','student_check'),(52,'10.1.1.3','amssplus','2023-06-15 10:20:20','student_check'),(53,'10.1.1.3','amssplus','2023-06-15 10:53:41','student'),(54,'10.1.1.3','amssplus','2023-06-15 10:53:43','student'),(55,'10.1.1.3','amssplus','2023-06-16 15:13:28','student'),(56,'10.1.1.3','amssplus','2023-07-04 11:22:53','student'),(57,'10.1.1.3','amssplus','2023-08-24 09:05:28','student_check'),(58,'10.1.1.3','amssplus','2023-08-31 09:02:46','student_check'),(59,'10.1.1.3','amssplus','2023-08-31 09:03:18','student_check'),(60,'10.1.1.3','amssplus','2023-08-31 09:03:39','student_check'),(61,'10.1.1.3','amssplus','2023-09-15 20:07:52','student'),(62,'','amssplus','2023-10-25 14:28:39','student_check'),(63,'','amssplus','2023-10-25 14:28:46','student_check'),(64,'','amssplus','2023-10-25 14:28:48','student_check'),(65,'10.255.199.107','amssplus','2023-11-29 08:55:48','student_check'),(66,'10.255.199.107','amssplus','2023-12-15 12:15:49','student_check'),(67,'10.255.199.107','amssplus','2024-01-25 03:50:22','student_check'),(68,'10.255.199.107','amssplus','2024-06-10 11:59:00','student'),(69,'10.255.199.107','amssplus','2024-06-10 12:32:45','student'),(70,'10.255.199.107','amssplus','2024-06-14 10:46:02','student'),(71,'10.255.199.107','amssplus','2024-06-14 10:52:04','student'),(72,'10.255.199.107','amssplus','2024-06-17 04:37:31','person'),(73,'10.255.199.107','amssplus','2024-06-17 04:39:47','person'),(74,'10.255.199.107','amssplus','2024-06-20 04:51:34','student_check'),(75,'10.255.199.107','amssplus','2024-09-19 06:21:58','student'),(76,'10.255.199.107','amssplus','2025-03-11 07:57:43','student_check'),(77,'10.255.199.107','amssplus','2025-03-11 07:58:04','student_check'),(78,'10.255.199.107','amssplus','2025-03-28 01:48:38','student_check'),(79,'10.255.199.107','amssplus','2025-05-29 08:08:41','person'),(80,'10.255.199.107','amssplus','2025-06-08 04:24:52','student'),(81,'10.255.199.107','amssplus','2025-07-30 08:33:27','student_check'),(82,'10.255.199.107','amssplus','2025-08-01 22:22:45','student_check'),(83,'10.255.199.107','amssplus','2025-08-01 22:22:49','student_check'),(84,'10.255.199.107','amssplus','2025-08-14 04:09:09','person'),(85,'10.255.199.107','amssplus','2025-08-14 06:29:22','student'),(86,'10.255.199.107','amssplus','2025-08-14 06:29:33','student'),(87,'10.255.199.107','amssplus','2025-08-14 06:30:04','student'),(88,'10.255.199.107','amssplus','2025-08-29 02:40:17','student_check'),(89,'10.255.199.107','amssplus','2025-09-13 05:43:36','student_check'),(90,'10.255.199.107','amssplus','2025-09-13 05:54:44','student_check');

--
-- Table structure for table `system_export_permission`
--

CREATE TABLE `system_export_permission` (
  `id` int(11) NOT NULL AUTO_INCREMENT,
  `requester` varchar(50) NOT NULL,
  `data_name` varchar(50) NOT NULL,
  `status` tinyint(4) NOT NULL DEFAULT 0,
  PRIMARY KEY (`id`)
) ENGINE=MyISAM AUTO_INCREMENT=7 DEFAULT CHARSET=utf8 COLLATE=utf8_general_ci;

--
-- Dumping data for table `system_export_permission`
--

INSERT INTO `system_export_permission` VALUES (1,'amssplus','plan',1),(2,'amssplus','onet',1),(3,'amssplus','student',1),(4,'amssplus','person',1),(5,'amssplus','student_check',1),(6,'amssplus','health',1);

--
-- Table structure for table `system_module`
--

CREATE TABLE `system_module` (
  `id` int(11) NOT NULL AUTO_INCREMENT,
  `module` varchar(50) NOT NULL,
  `module_desc` varchar(100) NOT NULL,
  `workgroup` tinyint(4) DEFAULT NULL,
  `module_active` tinyint(4) DEFAULT NULL,
  `module_order` int(11) NOT NULL,
  `web_link` tinyint(4) DEFAULT NULL,
  `url` varchar(150) DEFAULT NULL,
  `where_work` tinyint(4) NOT NULL DEFAULT 0,
  `menu_pic` varchar(25) NOT NULL,
  PRIMARY KEY (`id`)
) ENGINE=MyISAM AUTO_INCREMENT=114 DEFAULT CHARSET=utf8 COLLATE=utf8_general_ci;

--
-- Dumping data for table `system_module`
--

INSERT INTO `system_module` VALUES (1,'budget','การเงินและบัญชี',2,1,25,NULL,NULL,0,'fab fa-btc'),(32,'person','ข้อมูลพื้นฐานครูและบุคลากร',3,1,29,0,'',0,'fa fa-user-circle'),(36,'standard','มาตรฐานการศึกษา',1,1,21,NULL,NULL,0,''),(49,'health','ตรวจสุขภาพนักเรียน',1,1,5,NULL,NULL,1,''),(50,'student_check','การมาเรียน',1,1,1,NULL,NULL,0,'fa fa-child'),(70,'work','﻿การปฏิบัติราชการ',4,1,47,NULL,NULL,0,''),(48,'savings','ออมทรัพย์นักเรียน',1,1,3,NULL,NULL,1,'fab fa-btc'),(45,'student_main','ข้อมูลพื้นฐานนักเรียน',1,1,7,NULL,NULL,0,'fa fa-child'),(47,'plan','การวางแผน',2,1,23,NULL,NULL,0,''),(73,'la','﻿การลา',4,1,45,NULL,NULL,0,''),(80,'mail','ไปรษณีย์_โรงเรียน',4,1,36,0,'',0,'fa fa-envelope'),(75,'meeting','﻿จองห้องประชุม',4,1,49,NULL,NULL,0,''),(76,'permission','﻿ขออนุญาตไปราชการ',4,1,43,NULL,NULL,0,''),(81,'achievement','﻿ผลสัมฤทธิ์ทางการเรียน',1,1,19,NULL,NULL,0,'fa fa-graduation-cap'),(83,'cabinet','﻿ตู้เอกสาร',4,1,51,NULL,NULL,0,''),(99,'bookregister','﻿ทะเบียนหนังสือราชการ',4,1,33,0,'',0,'fa fa-book'),(100,'bets','ทดสอบการศึกษา_โรงเรียน',1,1,9,NULL,NULL,1,'fa fa-graduation-cap'),(101,'affair','﻿ภารกิจผู้อำนวยการ',4,1,41,0,'',0,''),(102,'amss_bets','﻿ทดสอบการศึกษา_สพท.',1,1,11,0,'',0,'fa fa-graduation-cap'),(103,'amss_budget','﻿การบริหารงบประมาณ_สพท.',2,1,27,0,'',0,'fab fa-btc'),(104,'amss_mail','﻿ไปรษณีย์_สพท.',4,1,37,0,'',0,'fa fa-envelope'),(105,'amss_opportunity','﻿สิทธิและโอกาสทางการศึกษา',1,1,15,0,'',0,'fa fa-child'),(106,'amss_spacial_student','﻿นักเรียนพิเศษ',1,1,17,0,'',0,'fa fa-child'),(107,'amss_supervision','﻿นิเทศ ติดตาม ประเมินผล',1,1,13,0,'',0,'fa fa-graduation-cap'),(108,'book','﻿รับส่งหนังสือราชการ',4,1,35,0,'',0,'fa fa-book'),(109,'delegate','รักษาการในตำแหน่ง',3,1,31,0,'',0,''),(110,'warroom','﻿วิเคราะห์สภาพการณ์',1,1,0,0,'',0,'fa fa-filter'),(111,'questionnaire','﻿แบบสอบถาม',4,1,0,0,'',0,''),(112,'idplan','﻿ข้อมูลครูและบุคลากร(ส่วนเพิ่ม)',3,1,0,0,'',0,''),(113,'amss_safety','สถานศึกษาปลอดภัย',1,1,0,0,'',0,'');

--
-- Table structure for table `system_module_admin`
--

CREATE TABLE `system_module_admin` (
  `id` int(11) NOT NULL AUTO_INCREMENT,
  `person_id` varchar(13) NOT NULL,
  `module` varchar(30) NOT NULL,
  `officer` varchar(13) NOT NULL,
  `rec_date` date NOT NULL,
  PRIMARY KEY (`id`)
) ENGINE=MyISAM AUTO_INCREMENT=83 DEFAULT CHARSET=utf8 COLLATE=utf8_general_ci;

--
-- Dumping data for table `system_module_admin`
--

INSERT INTO `system_module_admin` VALUES (42,'3341500517951','amss_supervision','1342200061523','2019-09-20'),(56,'1331000273887','health','1342200061523','2022-07-26'),(50,'1329900339148','bookregister','1342200061523','2022-07-23'),(51,'1329900339148','book','1342200061523','2022-07-23'),(52,'1331000273887','book','1342200061523','2022-07-23'),(53,'1331000273887','bookregister','1342200061523','2022-07-23'),(54,'1329900339148','student_check','1342200061523','2022-07-26'),(55,'1349900598283','book','1342200061523','2022-07-26'),(45,'1342200061523','health','3341500517951','2021-02-17'),(46,'1329900339148','health','3341500517951','2021-02-17'),(47,'1349900598283','health','3341500517951','2021-02-17'),(48,'1349900595497','health','3341500517951','2021-02-17'),(49,'1349900642444','health','3341500517951','2021-02-17'),(43,'1349900598283','amss_bets','1342200061523','2019-08-30'),(26,'1342200061523','work','1342200061523','2018-11-15'),(27,'1342200061523','permission','1342200061523','2018-11-15'),(28,'1342200061523','person','1342200061523','2018-11-15'),(29,'1342200061523','student_main','1342200061523','2018-11-15'),(30,'1342200061523','student_check','1342200061523','2018-11-15'),(31,'1342200061523','affair','1342200061523','2018-11-15'),(32,'1342200061523','la','1342200061523','2018-11-15'),(33,'1342200061523','delegate','1342200061523','2018-11-15'),(34,'1342200061523','mail','1342200061523','2018-11-15'),(35,'1342200061523','amss_mail','1342200061523','2018-11-15'),(36,'1342200061523','budget','1342200061523','2018-11-15'),(37,'1342200061523','plan','1342200061523','2018-11-15'),(38,'1342200061523','amss_opportunity','1342200061523','2018-11-15'),(39,'1342200061523','amss_bets','1342200061523','2018-11-15'),(40,'1342200061523','achievement','1342200061523','2018-11-15'),(41,'1342200061523','cabinet','1342200061523','2018-11-15'),(44,'1349900598283','amss_supervision','1342200061523','2019-09-20'),(57,'2200101102938','amss_supervision','1342200061523','2022-11-02'),(58,'2200101102938','bets','1342200061523','2022-11-02'),(59,'2200101102938','health','1342200061523','2022-11-02'),(60,'2200101102938','amss_opportunity','1342200061523','2022-11-02'),(61,'2200101102938','amss_bets','1342200061523','2022-11-02'),(62,'2200101102938','student_main','1342200061523','2022-11-02'),(63,'2200101102938','student_check','1342200061523','2022-11-02'),(64,'2200101102938','person','1342200061523','2022-11-02'),(65,'1349900595497','amss_opportunity','1342200061523','2022-11-27'),(66,'1349900595497','amss_spacial_student','1342200061523','2022-11-27'),(67,'1349900595497','achievement','1342200061523','2022-11-27'),(68,'1341500308485','health','1342200061523','2023-08-11'),(69,'1341500308485','achievement','1342200061523','2023-08-11'),(70,'1341500308485','amss_supervision','1342200061523','2023-08-11'),(71,'1103702698440','amss_supervision','1342200061523','2023-08-11'),(72,'1341500308485','bets','1342200061523','2023-08-11'),(73,'1103702698440','achievement','1342200061523','2023-08-11'),(74,'1103702698440','amss_opportunity','1342200061523','2023-08-11'),(75,'1341500308485','amss_safety','1342200061523','2023-08-11'),(76,'1341500308485','book','1342200061523','2023-08-11'),(77,'1103702698440','book','1342200061523','2023-08-11'),(78,'1103702698440','student_check','1342200061523','2023-08-11'),(79,'1103702698440','student_main','1342200061523','2023-08-11'),(80,'1341500308485','student_check','1342200061523','2023-08-11'),(81,'1341500308485','student_main','1342200061523','2023-08-11'),(82,'1103702698440','amss_bets','1342200061523','2023-09-25');

--
-- Table structure for table `system_school_name`
--

CREATE TABLE `system_school_name` (
  `id` tinyint(4) NOT NULL,
  `school_name` varchar(200) NOT NULL,
  `school_type` tinyint(4) NOT NULL DEFAULT 0
) ENGINE=MyISAM DEFAULT CHARSET=utf8 COLLATE=utf8_general_ci;

--
-- Dumping data for table `system_school_name`
--

INSERT INTO `system_school_name` VALUES (1,'โรงเรียนบ้านอาเลา',0);

--
-- Table structure for table `system_sync_code`
--

CREATE TABLE `system_sync_code` (
  `id` tinyint(4) NOT NULL AUTO_INCREMENT,
  `office_code` varchar(10) NOT NULL,
  `system_name` varchar(50) NOT NULL,
  `sync_code` varchar(50) NOT NULL,
  `amssplus_url` varchar(100) NOT NULL,
  PRIMARY KEY (`id`),
  UNIQUE KEY `system_name` (`system_name`)
) ENGINE=MyISAM AUTO_INCREMENT=5 DEFAULT CHARSET=utf8 COLLATE=utf8_general_ci;

--
-- Dumping data for table `system_sync_code`
--

INSERT INTO `system_sync_code` VALUES (4,'34040074','amssplus','34040074','http://10.255.199.107/amssplus');

--
-- Table structure for table `system_version`
--

CREATE TABLE `system_version` (
  `id` int(11) NOT NULL AUTO_INCREMENT,
  `smss_version` varchar(100) NOT NULL,
  `status1` int(11) DEFAULT NULL,
  `status2` int(11) DEFAULT NULL,
  `status3` int(11) DEFAULT NULL,
  `status4` int(11) DEFAULT NULL,
  `status5` int(11) DEFAULT NULL,
  PRIMARY KEY (`id`)
) ENGINE=MyISAM AUTO_INCREMENT=2 DEFAULT CHARSET=utf8 COLLATE=utf8_general_ci;

--
-- Dumping data for table `system_version`
--

INSERT INTO `system_version` VALUES (1,'6.4',1,0,0,0,0);

--
-- Table structure for table `system_workgroup`
--

CREATE TABLE `system_workgroup` (
  `id` tinyint(4) NOT NULL AUTO_INCREMENT,
  `workgroup` tinyint(4) NOT NULL,
  `workgroup_desc` varchar(50) NOT NULL,
  `workgroup_order` int(11) NOT NULL,
  PRIMARY KEY (`id`),
  UNIQUE KEY `workgroup` (`workgroup`)
) ENGINE=MyISAM AUTO_INCREMENT=5 DEFAULT CHARSET=utf8 COLLATE=utf8_general_ci;

--
-- Dumping data for table `system_workgroup`
--

INSERT INTO `system_workgroup` VALUES (1,1,'บริหารวิชาการ',2),(2,2,'บริหารงบประมาณ',3),(3,3,'บริหารงานบุคคล',4),(4,4,'บริหารทั่วไป',8);

--
-- Table structure for table `work_main`
--

CREATE TABLE `work_main` (
  `id` int(11) NOT NULL AUTO_INCREMENT,
  `work_date` date NOT NULL,
  `person_id` varchar(13) NOT NULL,
  `work` tinyint(4) NOT NULL DEFAULT 0,
  `comment` varchar(150) DEFAULT NULL,
  `rec_date` datetime NOT NULL,
  `officer` varchar(13) NOT NULL,
  PRIMARY KEY (`id`),
  KEY `work_date` (`work_date`),
  KEY `person_id` (`person_id`)
) ENGINE=MyISAM AUTO_INCREMENT=350 DEFAULT CHARSET=utf8 COLLATE=utf8_general_ci;

--
-- Dumping data for table `work_main`
--

INSERT INTO `work_main` VALUES (1,'2018-08-06','3341501686145',1,NULL,'2018-08-10 13:48:10','3341501686145'),(2,'2018-08-06','3341400046574',1,NULL,'2018-08-10 13:48:10','3341501686145'),(3,'2018-08-06','3',1,NULL,'2018-08-06 13:45:40','3341501686145'),(4,'2018-08-06','3341500004679',1,NULL,'2018-08-10 13:48:10','3341501686145'),(5,'2018-08-06','1342200061523',1,NULL,'2018-08-10 13:48:10','3341501686145'),(6,'2018-08-06','1342290001321',6,NULL,'2018-08-10 13:48:10','3341501686145'),(7,'2018-08-02','3341501686145',1,NULL,'2018-08-10 13:49:00','3341501686145'),(8,'2018-08-02','3341400046574',1,NULL,'2018-08-10 13:49:00','3341501686145'),(9,'2018-08-02','3451000288642',1,NULL,'2018-08-10 13:49:00','3341501686145'),(10,'2018-08-02','3',2,NULL,'2018-08-06 13:47:48','3341501686145'),(11,'2018-08-02','3341500004679',1,NULL,'2018-08-10 13:49:00','3341501686145'),(12,'2018-08-02','1342200061523',1,NULL,'2018-08-10 13:49:00','3341501686145'),(13,'2018-08-02','1342290001321',6,NULL,'2018-08-10 13:49:00','3341501686145'),(14,'2018-08-03','3341501686145',1,NULL,'2018-08-10 13:48:45','3341501686145'),(15,'2018-08-03','3341400046574',1,NULL,'2018-08-10 13:48:45','3341501686145'),(16,'2018-08-03','3451000288642',1,NULL,'2018-08-10 13:48:45','3341501686145'),(17,'2018-08-03','3',2,NULL,'2018-08-06 13:47:23','3341501686145'),(18,'2018-08-03','3341500004679',1,NULL,'2018-08-10 13:48:45','3341501686145'),(19,'2018-08-03','1342200061523',1,NULL,'2018-08-10 13:48:45','3341501686145'),(20,'2018-08-03','1342290001321',6,NULL,'2018-08-10 13:48:45','3341501686145'),(21,'2018-08-01','3341501686145',1,NULL,'2018-08-10 13:49:42','3341501686145'),(22,'2018-08-01','3341400046574',1,NULL,'2018-08-10 13:49:42','3341501686145'),(23,'2018-08-01','3451000288642',2,NULL,'2018-08-10 13:49:42','3341501686145'),(24,'2018-08-01','3',1,NULL,'2018-08-06 13:48:05','3341501686145'),(25,'2018-08-01','3341500004679',1,NULL,'2018-08-10 13:49:42','3341501686145'),(26,'2018-08-01','1342200061523',1,NULL,'2018-08-10 13:49:42','3341501686145'),(27,'2018-08-01','1342290001321',6,NULL,'2018-08-10 13:49:42','3341501686145'),(28,'2018-08-08','3341501686145',1,NULL,'2018-08-10 13:47:47','3341501686145'),(29,'2018-08-08','3341400046574',1,NULL,'2018-08-10 13:47:47','3341501686145'),(30,'2018-08-08','3451000288642',1,NULL,'2018-08-10 13:47:47','3341501686145'),(31,'2018-08-08','1349900595497',1,NULL,'2018-08-10 13:47:47','3341501686145'),(32,'2018-08-08','3341500004679',1,NULL,'2018-08-10 13:47:47','3341501686145'),(33,'2018-08-08','1342200061523',1,NULL,'2018-08-10 13:47:47','3341501686145'),(34,'2018-08-08','1342290001321',6,NULL,'2018-08-10 13:47:47','3341501686145'),(35,'2018-08-07','3341501686145',1,NULL,'2018-08-10 13:47:57','3341501686145'),(36,'2018-08-07','3341400046574',1,NULL,'2018-08-10 13:47:57','3341501686145'),(37,'2018-08-07','3451000288642',1,NULL,'2018-08-10 13:47:57','3341501686145'),(38,'2018-08-07','1349900595497',1,NULL,'2018-08-10 13:47:57','3341501686145'),(39,'2018-08-07','3341500004679',1,NULL,'2018-08-10 13:47:57','3341501686145'),(40,'2018-08-07','1342200061523',1,NULL,'2018-08-10 13:47:57','3341501686145'),(41,'2018-08-07','1342290001321',6,NULL,'2018-08-10 13:47:57','3341501686145'),(42,'2018-08-06','3451000288642',1,NULL,'2018-08-10 13:48:10','3341501686145'),(43,'2018-08-06','1349900595497',1,NULL,'2018-08-10 13:48:10','3341501686145'),(44,'2018-08-10','3341501686145',1,NULL,'2018-08-10 13:45:37','3341501686145'),(45,'2018-08-10','3341400046574',1,NULL,'2018-08-10 13:45:37','3341501686145'),(46,'2018-08-10','3451000288642',1,NULL,'2018-08-10 13:45:37','3341501686145'),(47,'2018-08-10','1349900595497',1,NULL,'2018-08-10 13:45:37','3341501686145'),(48,'2018-08-10','3341500004679',1,NULL,'2018-08-10 13:45:37','3341501686145'),(49,'2018-08-10','1342200061523',1,NULL,'2018-08-10 13:45:37','3341501686145'),(50,'2018-08-10','1342290001321',6,NULL,'2018-08-10 13:45:37','3341501686145'),(51,'2018-08-09','3341501686145',1,NULL,'2018-08-10 13:47:30','3341501686145'),(52,'2018-08-09','3341400046574',1,NULL,'2018-08-10 13:47:30','3341501686145'),(53,'2018-08-09','3451000288642',1,NULL,'2018-08-10 13:47:30','3341501686145'),(54,'2018-08-09','1349900595497',1,NULL,'2018-08-10 13:47:30','3341501686145'),(55,'2018-08-09','3341500004679',1,NULL,'2018-08-10 13:47:30','3341501686145'),(56,'2018-08-09','1342200061523',1,NULL,'2018-08-10 13:47:30','3341501686145'),(57,'2018-08-09','1342290001321',6,NULL,'2018-08-10 13:47:30','3341501686145'),(58,'2018-08-03','1349900595497',2,NULL,'2018-08-10 13:48:45','3341501686145'),(59,'2018-08-02','1349900595497',2,NULL,'2018-08-10 13:49:00','3341501686145'),(60,'2018-08-01','1349900595497',1,NULL,'2018-08-10 13:49:42','3341501686145'),(61,'2018-08-24','3341501686145',1,NULL,'2018-08-24 10:03:53','3341501686145'),(62,'2018-08-24','3341400046574',1,NULL,'2018-08-24 10:03:53','3341501686145'),(63,'2018-08-24','3451000288642',1,NULL,'2018-08-24 10:03:53','3341501686145'),(64,'2018-08-24','1349900595497',1,NULL,'2018-08-24 10:03:53','3341501686145'),(65,'2018-08-24','3341500004679',1,NULL,'2018-08-24 10:03:53','3341501686145'),(66,'2018-08-24','1342200061523',1,NULL,'2018-08-24 10:03:53','3341501686145'),(67,'2018-08-24','1342290001321',6,NULL,'2018-08-24 10:03:53','3341501686145'),(68,'2018-08-23','3341501686145',1,NULL,'2018-08-24 10:03:43','3341501686145'),(69,'2018-08-23','3341400046574',1,NULL,'2018-08-24 10:03:43','3341501686145'),(70,'2018-08-23','3451000288642',1,NULL,'2018-08-24 10:03:43','3341501686145'),(71,'2018-08-23','1349900595497',2,NULL,'2018-08-24 10:03:43','3341501686145'),(72,'2018-08-23','3341500004679',1,NULL,'2018-08-24 10:03:43','3341501686145'),(73,'2018-08-23','1342200061523',1,NULL,'2018-08-24 10:03:43','3341501686145'),(74,'2018-08-23','1342290001321',6,NULL,'2018-08-24 10:03:43','3341501686145'),(75,'2018-08-22','3341501686145',1,NULL,'2018-08-24 10:04:18','3341501686145'),(76,'2018-08-22','3341400046574',1,NULL,'2018-08-24 10:04:18','3341501686145'),(77,'2018-08-22','3451000288642',1,NULL,'2018-08-24 10:04:18','3341501686145'),(78,'2018-08-22','1349900595497',2,NULL,'2018-08-24 10:04:18','3341501686145'),(79,'2018-08-22','3341500004679',1,NULL,'2018-08-24 10:04:18','3341501686145'),(80,'2018-08-22','1342200061523',1,NULL,'2018-08-24 10:04:18','3341501686145'),(81,'2018-08-22','1342290001321',6,NULL,'2018-08-24 10:04:18','3341501686145'),(82,'2018-08-21','3341501686145',1,NULL,'2018-08-24 10:04:51','3341501686145'),(83,'2018-08-21','3341400046574',1,NULL,'2018-08-24 10:04:51','3341501686145'),(84,'2018-08-21','3451000288642',1,NULL,'2018-08-24 10:04:51','3341501686145'),(85,'2018-08-21','1349900595497',1,NULL,'2018-08-24 10:04:51','3341501686145'),(86,'2018-08-21','3341500004679',1,NULL,'2018-08-24 10:04:51','3341501686145'),(87,'2018-08-21','1342200061523',1,NULL,'2018-08-24 10:04:51','3341501686145'),(88,'2018-08-21','1342290001321',6,NULL,'2018-08-24 10:04:51','3341501686145'),(89,'2018-08-20','3341501686145',1,NULL,'2018-08-24 10:05:10','3341501686145'),(90,'2018-08-20','3341400046574',1,NULL,'2018-08-24 10:05:10','3341501686145'),(91,'2018-08-20','3451000288642',1,NULL,'2018-08-24 10:05:10','3341501686145'),(92,'2018-08-20','1349900595497',1,NULL,'2018-08-24 10:05:10','3341501686145'),(93,'2018-08-20','3341500004679',1,NULL,'2018-08-24 10:05:10','3341501686145'),(94,'2018-08-20','1342200061523',1,NULL,'2018-08-24 10:05:10','3341501686145'),(95,'2018-08-20','1342290001321',6,NULL,'2018-08-24 10:05:10','3341501686145'),(96,'2018-08-17','3341501686145',1,NULL,'2018-08-24 10:05:43','3341501686145'),(97,'2018-08-17','3341400046574',2,NULL,'2018-08-24 10:05:43','3341501686145'),(98,'2018-08-17','3451000288642',1,NULL,'2018-08-24 10:05:43','3341501686145'),(99,'2018-08-17','1349900595497',4,NULL,'2018-08-24 10:05:43','3341501686145'),(100,'2018-08-17','3341500004679',1,NULL,'2018-08-24 10:05:43','3341501686145'),(101,'2018-08-17','1342200061523',1,NULL,'2018-08-24 10:05:43','3341501686145'),(102,'2018-08-17','1342290001321',6,NULL,'2018-08-24 10:05:43','3341501686145'),(103,'2018-08-16','3341501686145',1,NULL,'2018-08-24 10:06:05','3341501686145'),(104,'2018-08-16','3341400046574',2,NULL,'2018-08-24 10:06:05','3341501686145'),(105,'2018-08-16','3451000288642',1,NULL,'2018-08-24 10:06:05','3341501686145'),(106,'2018-08-16','1349900595497',1,NULL,'2018-08-24 10:06:05','3341501686145'),(107,'2018-08-16','1342200061523',1,NULL,'2018-08-24 10:06:05','3341501686145'),(108,'2018-08-16','1342290001321',6,NULL,'2018-08-24 10:06:05','3341501686145'),(109,'2018-08-15','3341501686145',1,NULL,'2018-08-24 10:06:23','3341501686145'),(110,'2018-08-15','3341400046574',1,NULL,'2018-08-24 10:06:23','3341501686145'),(111,'2018-08-15','3451000288642',1,NULL,'2018-08-24 10:06:23','3341501686145'),(112,'2018-08-15','1349900595497',1,NULL,'2018-08-24 10:06:23','3341501686145'),(113,'2018-08-15','3341500004679',1,NULL,'2018-08-24 10:06:23','3341501686145'),(114,'2018-08-15','1342200061523',1,NULL,'2018-08-24 10:06:23','3341501686145'),(115,'2018-08-15','1342290001321',6,NULL,'2018-08-24 10:06:23','3341501686145'),(116,'2018-08-14','3341501686145',1,NULL,'2018-08-24 10:06:43','3341501686145'),(117,'2018-08-14','3341400046574',1,NULL,'2018-08-24 10:06:43','3341501686145'),(118,'2018-08-14','3451000288642',1,NULL,'2018-08-24 10:06:43','3341501686145'),(119,'2018-08-14','1349900595497',1,NULL,'2018-08-24 10:06:43','3341501686145'),(120,'2018-08-14','3341500004679',1,NULL,'2018-08-24 10:06:43','3341501686145'),(121,'2018-08-14','1342200061523',1,NULL,'2018-08-24 10:06:43','3341501686145'),(122,'2018-08-14','1342290001321',6,NULL,'2018-08-24 10:06:43','3341501686145'),(123,'2018-08-13','3341501686145',1,NULL,'2018-08-24 10:07:01','3341501686145'),(124,'2018-08-13','3341400046574',1,NULL,'2018-08-24 10:07:01','3341501686145'),(125,'2018-08-13','3451000288642',1,NULL,'2018-08-24 10:07:01','3341501686145'),(126,'2018-08-13','1349900595497',1,NULL,'2018-08-24 10:07:01','3341501686145'),(127,'2018-08-13','3341500004679',1,NULL,'2018-08-24 10:07:01','3341501686145'),(128,'2018-08-13','1342200061523',1,NULL,'2018-08-24 10:07:01','3341501686145'),(129,'2018-08-13','1342290001321',6,NULL,'2018-08-24 10:07:01','3341501686145'),(130,'2018-08-29','3341501686145',1,NULL,'2018-08-29 13:54:55','3341501686145'),(131,'2018-08-29','3341400046574',1,NULL,'2018-08-29 13:54:55','3341501686145'),(132,'2018-08-29','3451000288642',1,NULL,'2018-08-29 13:54:55','3341501686145'),(133,'2018-08-29','1349900595497',1,NULL,'2018-08-29 13:54:55','3341501686145'),(134,'2018-08-29','3341500004679',1,NULL,'2018-08-29 13:54:55','3341501686145'),(135,'2018-08-29','1342200061523',1,NULL,'2018-08-29 13:54:55','3341501686145'),(136,'2018-08-29','1342290001321',6,NULL,'2018-08-29 13:54:55','3341501686145'),(137,'2018-08-28','3341501686145',1,NULL,'2018-08-29 13:55:03','3341501686145'),(138,'2018-08-28','3341400046574',1,NULL,'2018-08-29 13:55:03','3341501686145'),(139,'2018-08-28','3451000288642',1,NULL,'2018-08-29 13:55:03','3341501686145'),(140,'2018-08-28','1349900595497',1,NULL,'2018-08-29 13:55:03','3341501686145'),(141,'2018-08-28','3341500004679',1,NULL,'2018-08-29 13:55:03','3341501686145'),(142,'2018-08-28','1342200061523',1,NULL,'2018-08-29 13:55:03','3341501686145'),(143,'2018-08-28','1342290001321',6,NULL,'2018-08-29 13:55:03','3341501686145'),(144,'2018-08-27','3341501686145',1,NULL,'2018-08-29 13:55:11','3341501686145'),(145,'2018-08-27','3341400046574',1,NULL,'2018-08-29 13:55:11','3341501686145'),(146,'2018-08-27','3451000288642',1,NULL,'2018-08-29 13:55:11','3341501686145'),(147,'2018-08-27','1349900595497',1,NULL,'2018-08-29 13:55:11','3341501686145'),(148,'2018-08-27','3341500004679',1,NULL,'2018-08-29 13:55:11','3341501686145'),(149,'2018-08-27','1342200061523',1,NULL,'2018-08-29 13:55:11','3341501686145'),(150,'2018-08-27','1342290001321',6,NULL,'2018-08-29 13:55:11','3341501686145'),(151,'2018-09-11','3341501686145',1,NULL,'2018-09-11 20:04:02','3341501686145'),(152,'2018-09-11','3341400046574',4,NULL,'2018-09-11 20:04:02','3341501686145'),(153,'2018-09-11','3451000288642',1,NULL,'2018-09-11 20:04:02','3341501686145'),(154,'2018-09-11','1349900595497',1,NULL,'2018-09-11 20:04:02','3341501686145'),(155,'2018-09-11','3341500004679',1,NULL,'2018-09-11 20:04:02','3341501686145'),(156,'2018-09-11','1342200061523',1,NULL,'2018-09-11 20:04:02','3341501686145'),(157,'2018-09-11','1342290001321',6,NULL,'2018-09-11 20:04:02','3341501686145'),(158,'2018-09-10','3341501686145',1,NULL,'2018-09-11 20:04:29','3341501686145'),(159,'2018-09-10','3341400046574',1,NULL,'2018-09-11 20:04:29','3341501686145'),(160,'2018-09-10','3451000288642',1,NULL,'2018-09-11 20:04:29','3341501686145'),(161,'2018-09-10','1349900595497',1,NULL,'2018-09-11 20:04:29','3341501686145'),(162,'2018-09-10','3341500004679',1,NULL,'2018-09-11 20:04:29','3341501686145'),(163,'2018-09-10','1342200061523',1,NULL,'2018-09-11 20:04:29','3341501686145'),(164,'2018-09-10','1342290001321',6,NULL,'2018-09-11 20:04:29','3341501686145'),(165,'2018-09-07','3341501686145',1,NULL,'2018-09-11 20:04:47','3341501686145'),(166,'2018-09-07','3341400046574',1,NULL,'2018-09-11 20:04:47','3341501686145'),(167,'2018-09-07','3451000288642',1,NULL,'2018-09-11 20:04:47','3341501686145'),(168,'2018-09-07','1349900595497',1,NULL,'2018-09-11 20:04:47','3341501686145'),(169,'2018-09-07','3341500004679',1,NULL,'2018-09-11 20:04:47','3341501686145'),(170,'2018-09-07','1342200061523',1,NULL,'2018-09-11 20:04:47','3341501686145'),(171,'2018-09-07','1342290001321',6,NULL,'2018-09-11 20:04:47','3341501686145'),(172,'2018-09-06','3341501686145',1,NULL,'2018-09-11 20:05:06','3341501686145'),(173,'2018-09-06','3341400046574',1,NULL,'2018-09-11 20:05:06','3341501686145'),(174,'2018-09-06','3451000288642',1,NULL,'2018-09-11 20:05:06','3341501686145'),(175,'2018-09-06','1349900595497',1,NULL,'2018-09-11 20:05:06','3341501686145'),(176,'2018-09-06','3341500004679',1,NULL,'2018-09-11 20:05:06','3341501686145'),(177,'2018-09-06','1342200061523',1,NULL,'2018-09-11 20:05:06','3341501686145'),(178,'2018-09-06','1342290001321',6,NULL,'2018-09-11 20:05:06','3341501686145'),(179,'2018-09-05','3341501686145',2,NULL,'2018-09-11 20:06:21','3341501686145'),(180,'2018-09-05','3341400046574',1,NULL,'2018-09-11 20:06:21','3341501686145'),(181,'2018-09-05','3451000288642',1,NULL,'2018-09-11 20:06:21','3341501686145'),(182,'2018-09-05','1349900595497',1,NULL,'2018-09-11 20:06:21','3341501686145'),(183,'2018-09-05','3341500004679',1,NULL,'2018-09-11 20:06:21','3341501686145'),(184,'2018-09-05','1342200061523',1,NULL,'2018-09-11 20:06:21','3341501686145'),(185,'2018-09-05','1342290001321',6,NULL,'2018-09-11 20:06:21','3341501686145'),(186,'2018-09-04','3341501686145',2,NULL,'2018-09-11 20:06:41','3341501686145'),(187,'2018-09-04','3341400046574',1,NULL,'2018-09-11 20:06:41','3341501686145'),(188,'2018-09-04','3451000288642',1,NULL,'2018-09-11 20:06:41','3341501686145'),(189,'2018-09-04','1349900595497',1,NULL,'2018-09-11 20:06:41','3341501686145'),(190,'2018-09-04','3341500004679',1,NULL,'2018-09-11 20:06:41','3341501686145'),(191,'2018-09-04','1342200061523',1,NULL,'2018-09-11 20:06:41','3341501686145'),(192,'2018-09-04','1342290001321',6,NULL,'2018-09-11 20:06:41','3341501686145'),(193,'2018-09-03','3341501686145',2,NULL,'2018-09-11 20:07:07','3341501686145'),(194,'2018-09-03','3341400046574',1,NULL,'2018-09-11 20:07:07','3341501686145'),(195,'2018-09-03','3451000288642',1,NULL,'2018-09-11 20:07:07','3341501686145'),(196,'2018-09-03','1349900595497',1,NULL,'2018-09-11 20:07:07','3341501686145'),(197,'2018-09-03','3341500004679',1,NULL,'2018-09-11 20:07:07','3341501686145'),(198,'2018-09-03','1342200061523',1,NULL,'2018-09-11 20:07:07','3341501686145'),(199,'2018-09-03','1342290001321',6,NULL,'2018-09-11 20:07:07','3341501686145'),(200,'2018-08-30','3341501686145',1,NULL,'2018-09-11 20:09:19','3341501686145'),(201,'2018-08-30','3341400046574',1,NULL,'2018-09-11 20:09:19','3341501686145'),(202,'2018-08-30','3451000288642',1,NULL,'2018-09-11 20:09:19','3341501686145'),(203,'2018-08-30','1349900595497',4,NULL,'2018-09-11 20:09:19','3341501686145'),(204,'2018-08-30','3341500004679',1,NULL,'2018-09-11 20:09:19','3341501686145'),(205,'2018-08-30','1342200061523',1,NULL,'2018-09-11 20:09:19','3341501686145'),(206,'2018-08-30','1342290001321',6,NULL,'2018-09-11 20:09:19','3341501686145'),(207,'2018-08-31','3341501686145',1,NULL,'2018-09-11 20:09:09','3341501686145'),(208,'2018-08-31','3341400046574',2,NULL,'2018-09-11 20:09:09','3341501686145'),(209,'2018-08-31','3451000288642',1,NULL,'2018-09-11 20:09:09','3341501686145'),(210,'2018-08-31','1349900595497',4,NULL,'2018-09-11 20:09:09','3341501686145'),(211,'2018-08-31','3341500004679',1,NULL,'2018-09-11 20:09:09','3341501686145'),(212,'2018-08-31','1342200061523',1,NULL,'2018-09-11 20:09:09','3341501686145'),(213,'2018-08-31','1342290001321',6,NULL,'2018-09-11 20:09:09','3341501686145'),(214,'2018-09-12','3341501686145',1,NULL,'2018-09-12 18:43:06','3341501686145'),(215,'2018-09-12','3341400046574',4,NULL,'2018-09-12 18:43:06','3341501686145'),(216,'2018-09-12','3451000288642',1,NULL,'2018-09-12 18:43:06','3341501686145'),(217,'2018-09-12','1349900595497',1,NULL,'2018-09-12 18:43:06','3341501686145'),(218,'2018-09-12','3341500004679',1,NULL,'2018-09-12 18:43:06','3341501686145'),(219,'2018-09-12','1342200061523',1,NULL,'2018-09-12 18:43:06','3341501686145'),(220,'2018-09-12','1342290001321',6,NULL,'2018-09-12 18:43:06','3341501686145'),(221,'2018-09-14','3341501686145',1,NULL,'2018-09-15 21:50:40','3341501686145'),(222,'2018-09-14','3341400046574',2,NULL,'2018-09-15 21:50:40','3341501686145'),(223,'2018-09-14','3451000288642',1,NULL,'2018-09-15 21:50:40','3341501686145'),(224,'2018-09-14','1349900595497',1,NULL,'2018-09-15 21:50:40','3341501686145'),(225,'2018-09-14','3341500004679',1,NULL,'2018-09-15 21:50:40','3341501686145'),(226,'2018-09-14','1342200061523',1,NULL,'2018-09-15 21:50:40','3341501686145'),(227,'2018-09-14','1342290001321',6,NULL,'2018-09-15 21:50:40','3341501686145'),(228,'2018-09-13','3341501686145',1,NULL,'2018-09-15 21:50:59','3341501686145'),(229,'2018-09-13','3341400046574',1,NULL,'2018-09-15 21:50:59','3341501686145'),(230,'2018-09-13','3451000288642',1,NULL,'2018-09-15 21:50:59','3341501686145'),(231,'2018-09-13','1349900595497',1,NULL,'2018-09-15 21:50:59','3341501686145'),(232,'2018-09-13','3341500004679',1,NULL,'2018-09-15 21:50:59','3341501686145'),(233,'2018-09-13','1342200061523',1,NULL,'2018-09-15 21:50:59','3341501686145'),(234,'2018-09-13','1342290001321',6,NULL,'2018-09-15 21:50:59','3341501686145'),(235,'2018-09-17','3341501686145',1,NULL,'2018-09-17 15:29:15','3341501686145'),(236,'2018-09-17','3341400046574',1,NULL,'2018-09-17 15:29:15','3341501686145'),(237,'2018-09-17','3451000288642',1,NULL,'2018-09-17 15:29:15','3341501686145'),(238,'2018-09-17','1349900595497',1,NULL,'2018-09-17 15:29:15','3341501686145'),(239,'2018-09-17','3341500004679',1,NULL,'2018-09-17 15:29:15','3341501686145'),(240,'2018-09-17','1342200061523',1,NULL,'2018-09-17 15:29:15','3341501686145'),(241,'2018-09-17','1342290001321',6,NULL,'2018-09-17 15:29:15','3341501686145'),(242,'2018-09-21','3341501686145',1,NULL,'2018-09-21 14:08:10','3341501686145'),(243,'2018-09-21','3341400046574',1,NULL,'2018-09-21 14:08:10','3341501686145'),(244,'2018-09-21','3451000288642',1,NULL,'2018-09-21 14:08:10','3341501686145'),(245,'2018-09-21','1349900595497',1,NULL,'2018-09-21 14:08:10','3341501686145'),(246,'2018-09-21','3341500004679',1,NULL,'2018-09-21 14:08:10','3341501686145'),(247,'2018-09-21','1342200061523',1,NULL,'2018-09-21 14:08:10','3341501686145'),(248,'2018-09-21','1342290001321',6,NULL,'2018-09-21 14:08:10','3341501686145'),(249,'2018-09-20','3341501686145',1,NULL,'2018-09-21 14:08:37','3341501686145'),(250,'2018-09-20','3341400046574',1,NULL,'2018-09-21 14:08:37','3341501686145'),(251,'2018-09-20','3451000288642',1,NULL,'2018-09-21 14:08:37','3341501686145'),(252,'2018-09-20','1349900595497',1,NULL,'2018-09-21 14:08:37','3341501686145'),(253,'2018-09-20','3341500004679',1,NULL,'2018-09-21 14:08:37','3341501686145'),(254,'2018-09-20','1342200061523',1,NULL,'2018-09-21 14:08:37','3341501686145'),(255,'2018-09-20','1342290001321',6,NULL,'2018-09-21 14:08:37','3341501686145'),(256,'2018-09-19','3341501686145',1,NULL,'2018-09-21 14:08:58','3341501686145'),(257,'2018-09-19','3341400046574',1,NULL,'2018-09-21 14:08:58','3341501686145'),(258,'2018-09-19','3451000288642',1,NULL,'2018-09-21 14:08:58','3341501686145'),(259,'2018-09-19','1349900595497',1,NULL,'2018-09-21 14:08:58','3341501686145'),(260,'2018-09-19','3341500004679',1,NULL,'2018-09-21 14:08:58','3341501686145'),(261,'2018-09-19','1342200061523',1,NULL,'2018-09-21 14:08:58','3341501686145'),(262,'2018-09-19','1342290001321',6,NULL,'2018-09-21 14:08:58','3341501686145'),(263,'2018-09-18','3341501686145',1,NULL,'2018-09-21 14:09:15','3341501686145'),(264,'2018-09-18','3341400046574',1,NULL,'2018-09-21 14:09:15','3341501686145'),(265,'2018-09-18','3451000288642',1,NULL,'2018-09-21 14:09:15','3341501686145'),(266,'2018-09-18','1349900595497',1,NULL,'2018-09-21 14:09:15','3341501686145'),(267,'2018-09-18','3341500004679',1,NULL,'2018-09-21 14:09:15','3341501686145'),(268,'2018-09-18','1342200061523',1,NULL,'2018-09-21 14:09:15','3341501686145'),(269,'2018-09-18','1342290001321',6,NULL,'2018-09-21 14:09:15','3341501686145'),(270,'2018-09-24','3341501686145',1,NULL,'2018-09-24 22:30:18','3341501686145'),(271,'2018-09-24','3341400046574',1,NULL,'2018-09-24 22:30:18','3341501686145'),(272,'2018-09-24','3451000288642',1,NULL,'2018-09-24 22:30:18','3341501686145'),(273,'2018-09-24','1349900595497',1,NULL,'2018-09-24 22:30:18','3341501686145'),(274,'2018-09-24','3341500004679',1,NULL,'2018-09-24 22:30:18','3341501686145'),(275,'2018-09-24','1342200061523',1,NULL,'2018-09-24 22:30:18','3341501686145'),(276,'2018-09-24','1342290001321',6,NULL,'2018-09-24 22:30:18','3341501686145'),(277,'2018-09-25','3341501686145',1,NULL,'2018-09-25 19:47:48','3341501686145'),(278,'2018-09-25','3341400046574',1,NULL,'2018-09-25 19:47:48','3341501686145'),(279,'2018-09-25','3451000288642',1,NULL,'2018-09-25 19:47:48','3341501686145'),(280,'2018-09-25','1349900595497',1,NULL,'2018-09-25 19:47:48','3341501686145'),(281,'2018-09-25','3341500004679',1,NULL,'2018-09-25 19:47:48','3341501686145'),(282,'2018-09-25','1342200061523',1,NULL,'2018-09-25 19:47:48','3341501686145'),(283,'2018-09-25','1342290001321',6,NULL,'2018-09-25 19:47:48','3341501686145'),(284,'2018-09-26','3341501686145',1,NULL,'2018-09-26 15:35:00','3341501686145'),(285,'2018-09-26','3341400046574',1,NULL,'2018-09-26 15:35:00','3341501686145'),(286,'2018-09-26','3451000288642',1,NULL,'2018-09-26 15:35:00','3341501686145'),(287,'2018-09-26','1349900595497',1,NULL,'2018-09-26 15:35:00','3341501686145'),(288,'2018-09-26','3341500004679',1,NULL,'2018-09-26 15:35:00','3341501686145'),(289,'2018-09-26','1342200061523',1,NULL,'2018-09-26 15:35:00','3341501686145'),(290,'2018-09-26','1342290001321',6,NULL,'2018-09-26 15:35:00','3341501686145'),(291,'2018-09-27','3341501686145',1,NULL,'2018-09-27 14:20:20','3341501686145'),(292,'2018-09-27','3341400046574',1,NULL,'2018-09-27 14:20:20','3341501686145'),(293,'2018-09-27','3451000288642',1,NULL,'2018-09-27 14:20:20','3341501686145'),(294,'2018-09-27','1349900595497',1,NULL,'2018-09-27 14:20:20','3341501686145'),(295,'2018-09-27','3341500004679',1,NULL,'2018-09-27 14:20:20','3341501686145'),(296,'2018-09-27','1342200061523',1,NULL,'2018-09-27 14:20:20','3341501686145'),(297,'2018-09-27','1342290001321',6,NULL,'2018-09-27 14:20:20','3341501686145'),(298,'2018-09-28','3341501686145',1,NULL,'2018-09-28 22:04:40','3341501686145'),(299,'2018-09-28','3341400046574',1,NULL,'2018-09-28 22:04:40','3341501686145'),(300,'2018-09-28','3451000288642',1,NULL,'2018-09-28 22:04:40','3341501686145'),(301,'2018-09-28','1349900595497',1,NULL,'2018-09-28 22:04:40','3341501686145'),(302,'2018-09-28','3341500004679',1,NULL,'2018-09-28 22:04:40','3341501686145'),(303,'2018-09-28','1342200061523',1,NULL,'2018-09-28 22:04:40','3341501686145'),(304,'2018-09-28','1342290001321',6,NULL,'2018-09-28 22:04:40','3341501686145'),(305,'2018-10-01','3341501686145',1,NULL,'2018-10-01 22:02:25','3341501686145'),(306,'2018-10-01','3341400046574',1,NULL,'2018-10-01 22:02:25','3341501686145'),(307,'2018-10-01','3451000288642',1,NULL,'2018-10-01 22:02:25','3341501686145'),(308,'2018-10-01','1349900595497',1,NULL,'2018-10-01 22:02:25','3341501686145'),(309,'2018-10-01','3341500004679',1,NULL,'2018-10-01 22:02:25','3341501686145'),(310,'2018-10-01','1342200061523',1,NULL,'2018-10-01 22:02:25','3341501686145'),(311,'2018-10-01','1342290001321',6,NULL,'2018-10-01 22:02:25','3341501686145'),(312,'2018-10-03','3341501686145',1,NULL,'2018-10-03 15:17:47','3341501686145'),(313,'2018-10-03','3341400046574',1,NULL,'2018-10-03 15:17:47','3341501686145'),(314,'2018-10-03','3451000288642',1,NULL,'2018-10-03 15:17:47','3341501686145'),(315,'2018-10-03','1349900595497',1,NULL,'2018-10-03 15:17:47','3341501686145'),(316,'2018-10-03','3341500004679',1,NULL,'2018-10-03 15:17:47','3341501686145'),(317,'2018-10-03','1342200061523',1,NULL,'2018-10-03 15:17:47','3341501686145'),(318,'2018-10-03','1342290001321',6,NULL,'2018-10-03 15:17:47','3341501686145'),(319,'2018-10-05','3341501686145',1,NULL,'2018-10-05 22:40:07','3341501686145'),(320,'2018-10-05','3341400046574',1,NULL,'2018-10-05 22:40:07','3341501686145'),(321,'2018-10-05','3451000288642',1,NULL,'2018-10-05 22:40:07','3341501686145'),(322,'2018-10-05','1349900595497',1,NULL,'2018-10-05 22:40:07','3341501686145'),(323,'2018-10-05','3341500004679',1,NULL,'2018-10-05 22:40:07','3341501686145'),(324,'2018-10-05','1342200061523',1,NULL,'2018-10-05 22:40:07','3341501686145'),(325,'2018-10-05','1342290001321',6,NULL,'2018-10-05 22:40:07','3341501686145'),(326,'2018-10-04','3341501686145',1,NULL,'2018-10-05 22:40:35','3341501686145'),(327,'2018-10-04','3341400046574',1,NULL,'2018-10-05 22:40:35','3341501686145'),(328,'2018-10-04','1349900595497',1,NULL,'2018-10-05 22:40:35','3341501686145'),(329,'2018-10-04','3341500004679',1,NULL,'2018-10-05 22:40:35','3341501686145'),(330,'2018-10-04','1342200061523',1,NULL,'2018-10-05 22:40:35','3341501686145'),(331,'2018-10-04','1342290001321',6,NULL,'2018-10-05 22:40:35','3341501686145'),(332,'2018-10-08','3341501686145',1,NULL,'2018-10-08 10:21:10','3341501686145'),(333,'2018-10-08','3341400046574',1,NULL,'2018-10-08 10:21:10','3341501686145'),(334,'2018-10-08','3451000288642',1,NULL,'2018-10-08 10:21:10','3341501686145'),(335,'2018-10-08','1349900595497',1,NULL,'2018-10-08 10:21:10','3341501686145'),(336,'2018-10-08','3341500004679',1,NULL,'2018-10-08 10:21:10','3341501686145'),(337,'2018-10-08','1342200061523',1,NULL,'2018-10-08 10:21:10','3341501686145'),(338,'2018-10-08','1342290001321',6,NULL,'2018-10-08 10:21:10','3341501686145'),(339,'2018-10-10','3341501686145',1,NULL,'2018-10-10 11:05:30','3341501686145'),(340,'2018-10-10','3341400046574',1,NULL,'2018-10-10 11:05:30','3341501686145'),(341,'2018-10-10','3451000288642',1,NULL,'2018-10-10 11:05:30','3341501686145'),(342,'2018-10-10','1349900595497',1,NULL,'2018-10-10 11:05:30','3341501686145'),(343,'2018-10-10','3341500004679',1,NULL,'2018-10-10 11:05:30','3341501686145'),(344,'2018-10-10','1342200061523',1,NULL,'2018-10-10 11:05:30','3341501686145'),(345,'2018-10-10','1342290001321',6,NULL,'2018-10-10 11:05:30','3341501686145'),(346,'2018-11-15','3451000288642',1,NULL,'2018-11-15 11:39:26','1342200061523'),(347,'2018-11-15','1349900595497',1,NULL,'2018-11-15 11:39:26','1342200061523'),(348,'2018-11-15','3341500004679',1,NULL,'2018-11-15 11:39:26','1342200061523'),(349,'2018-11-15','1342200061523',2,NULL,'2018-11-15 11:39:26','1342200061523');

--
-- Table structure for table `work_permission`
--

CREATE TABLE `work_permission` (
  `id` int(11) NOT NULL AUTO_INCREMENT,
  `person_id` varchar(13) NOT NULL,
  `p1` tinyint(4) NOT NULL,
  `officer` varchar(13) NOT NULL,
  `rec_date` date NOT NULL,
  PRIMARY KEY (`id`)
) ENGINE=MyISAM AUTO_INCREMENT=6 DEFAULT CHARSET=utf8 COLLATE=utf8_general_ci;

--
-- Dumping data for table `work_permission`
--

INSERT INTO `work_permission` VALUES (1,'3451000288642',1,'3341501686145','2015-10-29'),(4,'1342200061523',1,'1342200061523','2018-11-15'),(5,'1349900595497',1,'1342200061523','2018-11-15');


