-- Table structure for table `bookregister_receive_filebook`
--

CREATE TABLE `bookregister_receive_filebook` (
  `id` int(11) NOT NULL AUTO_INCREMENT,
  `ref_id` varchar(50) NOT NULL,
  `file_name` varchar(100) NOT NULL,
  `file_des` varchar(100) NOT NULL,
  PRIMARY KEY (`id`)
) ENGINE=MyISAM DEFAULT CHARSET=utf8 COLLATE=utf8_general_ci;

--
-- Dumping data for table `bookregister_receive_filebook`
--


--
-- Table structure for table `bookregister_send`
--

CREATE TABLE `bookregister_send` (
  `ms_id` int(11) NOT NULL AUTO_INCREMENT,
  `year` int(11) NOT NULL,
  `register_number` int(11) NOT NULL,
  `book_no` varchar(50) NOT NULL,
  `signdate` date NOT NULL,
  `book_from` varchar(200) NOT NULL,
  `book_to` varchar(200) NOT NULL,
  `subject` varchar(150) NOT NULL,
  `operation` varchar(150) DEFAULT NULL,
  `workgroup` tinyint(4) NOT NULL DEFAULT 0,
  `comment` varchar(100) DEFAULT NULL,
  `register_date` date NOT NULL,
  `ref_id` varchar(50) NOT NULL,
  `officer` varchar(13) DEFAULT NULL,
  `secret` tinyint(4) NOT NULL DEFAULT 0,
  `office_type` tinyint(4) NOT NULL DEFAULT 1,
  PRIMARY KEY (`ms_id`)
) ENGINE=MyISAM DEFAULT CHARSET=utf8 COLLATE=utf8_general_ci;

--
-- Dumping data for table `bookregister_send`
--


--
-- Table structure for table `bookregister_send_filebook`
--

CREATE TABLE `bookregister_send_filebook` (
  `id` int(11) NOT NULL AUTO_INCREMENT,
  `ref_id` varchar(50) NOT NULL,
  `file_name` varchar(100) NOT NULL,
  `file_des` varchar(100) NOT NULL,
  PRIMARY KEY (`id`)
) ENGINE=MyISAM DEFAULT CHARSET=utf8 COLLATE=utf8_general_ci;

--
-- Dumping data for table `bookregister_send_filebook`
--


--
-- Table structure for table `bookregister_year`
--

CREATE TABLE `bookregister_year` (
  `id` int(11) NOT NULL AUTO_INCREMENT,
  `year` int(11) NOT NULL,
  `year_active` tinyint(4) NOT NULL DEFAULT 0,
  `start_receive_num` int(11) NOT NULL DEFAULT 1,
  `start_send_num` int(11) NOT NULL DEFAULT 1,
  `start_command_num` int(11) NOT NULL DEFAULT 1,
  `start_cer_num` int(11) NOT NULL DEFAULT 1,
  `school_code` varchar(15) DEFAULT NULL,
  `officer` varchar(13) DEFAULT NULL,
  `rec_date` date DEFAULT NULL,
  PRIMARY KEY (`id`)
) ENGINE=MyISAM AUTO_INCREMENT=3 DEFAULT CHARSET=utf8 COLLATE=utf8_general_ci;

--
-- Dumping data for table `bookregister_year`
--

INSERT INTO `bookregister_year` VALUES (1,2561,0,132,134,34,63,NULL,NULL,NULL),(2,2562,1,171,74,1,1,NULL,NULL,NULL);

--
-- Table structure for table `budget_bud`
--

CREATE TABLE `budget_bud` (
  `id` int(11) NOT NULL AUTO_INCREMENT,
  `budget_year` int(11) NOT NULL,
  `doc` varchar(50) NOT NULL,
  `refer_wd_id` int(11) NOT NULL,
  `status` tinyint(11) DEFAULT NULL,
  `bud_type_id` int(11) DEFAULT NULL,
  `item` varchar(150) DEFAULT NULL,
  `receive_amount` double DEFAULT NULL,
  `pay_amount` double DEFAULT NULL,
  `payed_person` varchar(50) NOT NULL,
  `pay_group` int(4) DEFAULT NULL,
  `rec_date` date NOT NULL,
  `officer` varchar(13) NOT NULL,
  PRIMARY KEY (`id`)
) ENGINE=MyISAM DEFAULT CHARSET=utf8 COLLATE=utf8_general_ci;

--
-- Dumping data for table `budget_bud`
--


--
-- Table structure for table `budget_category`
--

CREATE TABLE `budget_category` (
  `id` int(11) NOT NULL AUTO_INCREMENT,
  `category_id` int(11) NOT NULL,
  `category_name` varchar(30) NOT NULL,
  PRIMARY KEY (`id`),
  UNIQUE KEY `category_id` (`category_id`)
) ENGINE=MyISAM AUTO_INCREMENT=7 DEFAULT CHARSET=utf8 COLLATE=utf8_general_ci;

--
-- Dumping data for table `budget_category`
--

INSERT INTO `budget_category` VALUES (1,1,'เงินนอกงบประมาณ'),(2,2,'เงินงบประมาณ'),(3,3,'เงินรายได้แผ่นดิน'),(6,4,'วงเงินงบประมาณที่ได้รับจัดสรร');

--
-- Table structure for table `budget_deega`
--

CREATE TABLE `budget_deega` (
  `id` int(11) NOT NULL AUTO_INCREMENT,
  `budget_year` int(11) NOT NULL,
  `deega_num` float NOT NULL DEFAULT 0,
  `doc` varchar(20) NOT NULL,
  `receive_num` char(3) NOT NULL DEFAULT '',
  `plan` char(2) NOT NULL DEFAULT '',
  `project` varchar(20) NOT NULL,
  `activity` varchar(20) NOT NULL,
  `pay_group` char(3) NOT NULL DEFAULT '',
  `item` varchar(50) NOT NULL DEFAULT '',
  `withdraw` double NOT NULL DEFAULT 0,
  `tax` double NOT NULL DEFAULT 0,
  `pay` double NOT NULL DEFAULT 0,
  `officer` varchar(13) NOT NULL,
  `rec_date` date NOT NULL,
  PRIMARY KEY (`id`)
) ENGINE=MyISAM DEFAULT CHARSET=utf8 COLLATE=utf8_general_ci;

--
-- Dumping data for table `budget_deega`
--


--
-- Table structure for table `budget_document`
--

CREATE TABLE `budget_document` (
  `id` int(11) NOT NULL AUTO_INCREMENT,
  `subject` varchar(150) NOT NULL,
  `file_name` varchar(150) NOT NULL,
  `rec_date` date NOT NULL,
  `officer` varchar(13) NOT NULL,
  PRIMARY KEY (`id`)
) ENGINE=MyISAM DEFAULT CHARSET=utf8 COLLATE=utf8_general_ci;

--
-- Dumping data for table `budget_document`
--


--
-- Table structure for table `budget_main`
--

CREATE TABLE `budget_main` (
  `id` int(11) NOT NULL AUTO_INCREMENT,
  `budget_year` int(11) NOT NULL,
  `doc` varchar(30) NOT NULL,
  `refer_wd_id` int(11) DEFAULT NULL,
  `type_id` int(11) NOT NULL,
  `item` varchar(100) NOT NULL,
  `receive_amount` double DEFAULT NULL,
  `pay_amount` double DEFAULT NULL,
  `payed_person` varchar(50) NOT NULL,
  `change_amount` double DEFAULT NULL,
  `pay_group` int(4) DEFAULT NULL,
  `status` tinyint(4) NOT NULL,
  `rec_date` date NOT NULL,
  `officer` varchar(13) DEFAULT NULL,
  PRIMARY KEY (`id`)
) ENGINE=MyISAM AUTO_INCREMENT=226 DEFAULT CHARSET=utf8 COLLATE=utf8_general_ci;

--
-- Dumping data for table `budget_main`
--

INSERT INTO `budget_main` VALUES (1,2559,'บร01/59',NULL,108,'รับเงินรายหัวก่อนประถม',10000,NULL,'',NULL,NULL,2,'2016-07-24','3451000288642'),(2,2559,'บค012/59',1,108,'ค่าวัสดุ',NULL,500,'ร้านอุบลวัสดุ',NULL,203,3,'2016-07-24','3451000288642'),(3,2559,'บร02/59',NULL,118,'อาหารกลางวัน',47000,NULL,'',NULL,NULL,2,'2016-07-24','3451000288642'),(5,2559,'บถ01/59',NULL,118,'อาหารกลางวัน',NULL,NULL,'',5000,NULL,7,'2016-07-24','3451000288642'),(6,2559,'บค02/59',0,118,'อาหารกลางวัน',NULL,100,'นางยวน',NULL,203,3,'2016-07-24','3451000288642'),(31,2561,'2',NULL,123,'การเลี้ยงไก่พันธุ์ไข่(ยกมา)',6000,NULL,'',NULL,NULL,2,'2018-08-29','3341501686145'),(35,2561,'6',NULL,116,'ค่าเครื่องแบบนักเรียน(ยกมา)',3420,NULL,'',NULL,NULL,2,'2018-08-29','3341501686145'),(36,2561,'7',NULL,115,'ค่าอุปกรณ์การเรียน(ยกมา)',7065,NULL,'',NULL,NULL,2,'2018-08-29','3341501686145'),(37,2561,'8',NULL,114,'ค่าหนังสือเรียน(ยกมา)',32025,NULL,'',NULL,NULL,2,'2018-08-29','3341501686145'),(38,2561,'9',NULL,109,'ค่าจัดการเรียนการสอน(ยกมา)',96058.23,NULL,'',NULL,NULL,2,'2018-08-29','3341501686145'),(39,2561,'10',NULL,101,'เงินรายได้สถานศึกษาจากเงินบริจาค(ยกมา)',5390.09,NULL,'',NULL,NULL,2,'2018-08-29','3341501686145'),(101,2562,'13',NULL,118,'ดอกเบี้ยของเงินอาหารกลางวัน',59.73,NULL,'',NULL,NULL,2,'2018-10-31','3451000288642'),(40,2561,'1',NULL,109,'วิชาการ',NULL,NULL,'',400,NULL,7,'2018-08-31','3341501686145'),(41,2561,'1',0,109,'วิชาการ',NULL,400,'จ.ส.ต.บุญน้อม  ราโชติ',NULL,202,3,'2018-08-31','3341501686145'),(42,2561,'1',NULL,101,'จ้างครูอัตราจ้าง',3000,NULL,'',NULL,NULL,1,'2018-08-31','3341501686145'),(43,2561,'1',NULL,101,'จ้างครูอัตราจ้าง',NULL,NULL,'',3000,NULL,5,'2018-08-31','3341501686145'),(44,2561,'1',NULL,101,'จ้างครูอัตราจ้าง',NULL,NULL,'',3000,NULL,7,'2018-08-31','3341501686145'),(32,2561,'3',NULL,121,'ป้องกันยาเสพติดในสถานศึกษา(ยกมา)',5011.33,NULL,'',NULL,NULL,2,'2018-08-29','3341501686145'),(33,2561,'4',NULL,118,'อาหารกลางวัน(ยกมา)',9400,NULL,'',NULL,NULL,2,'2018-08-29','3341501686145'),(34,2561,'5',NULL,117,'ค่ากิจกรรมพัฒนาผู้เรียน(ยกมา)',9624,NULL,'',NULL,NULL,2,'2018-08-29','3341501686145'),(45,2561,'1',7,101,'จ้างครูอัตราจ้าง',NULL,3000,'จ.ส.ต.บุญน้อม  ราโชติ',NULL,103,3,'2018-08-31','3341501686145'),(46,2561,'1',NULL,109,'ค่าไฟและค่าอินเทอร์เน็ต',NULL,NULL,'',1902.86,NULL,7,'2018-09-11','3341501686145'),(47,2561,'1',8,109,'ค่าไฟและค่าอินเทอร์เน็ต',NULL,1902.86,'จ.ส.ต.บุญน้อม  ราโชติ',NULL,204,3,'2018-09-11','3341501686145'),(48,2561,'1',NULL,109,'ซื้อหม้อหุงข้าวไฟฟ้าขนาด 7 ลิตร และอุปกรณ์ในฝึกการผลิตน้ำยาล้างจาน',NULL,NULL,'',3990,NULL,7,'2018-09-12','3341501686145'),(49,2561,'1',9,109,'ซื้อหม้อหุงข้าวไฟฟ้าขนาด 7 ลิตร และอุปกรณ์ในฝึกการผลิตน้ำยาล้างจาน',NULL,3990,'จ.ส.ต.บุญน้อม  ราโชติ',NULL,202,3,'2018-09-12','3341501686145'),(50,2561,'1',NULL,109,'ซ่อมเครื่องprinter จำนวน 2 เครื่อง',NULL,NULL,'',1500,NULL,7,'2018-09-20','3341501686145'),(51,2561,'1',10,109,'ซ่อมเครื่องprinter จำนวน 2 เครื่อง',NULL,1500,'จ.ส.ต.บุญน้อม  ราโชติ',NULL,202,3,'2018-09-20','3341501686145'),(52,2561,'2',NULL,109,'ค่าจัดการเรียนการสอน',8100,NULL,'',NULL,NULL,2,'2018-09-21','3341501686145'),(53,2561,'2',NULL,116,'ค่าเครื่องแบบนักเรียน',2340,NULL,'',NULL,NULL,2,'2018-09-21','3341501686145'),(54,2561,'2',NULL,115,'ค่าอุปกรณ์การเรียน',1080,NULL,'',NULL,NULL,2,'2018-09-21','3341501686145'),(55,2561,'2',NULL,117,'ค่ากิจกรรมพัฒนาผู้เรียน',1605,NULL,'',NULL,NULL,2,'2018-09-21','3341501686145'),(56,2561,'2',NULL,112,'ปัจจัยพื้นฐานนักเรียนยากจน',8500,NULL,'',NULL,NULL,2,'2018-09-21','3341501686145'),(57,2561,'2',NULL,118,'อาหารกลางวัน',NULL,NULL,'',9400,NULL,7,'2018-09-24','3341501686145'),(58,2561,'2',11,118,'อาหารกลางวัน',NULL,9400,'จ.ส.ต.บุญน้อม  ราโชติ',NULL,202,3,'2018-09-24','3341501686145'),(59,2561,'3',NULL,121,'ป้องกันยาเสพติดในสถานศึกษา',NULL,NULL,'',5000,NULL,7,'2018-09-26','3341501686145'),(60,2561,'3',0,121,'ป้องกันยาเสพติดในสถานศึกษา',NULL,5000,'จ.ส.ต.บุญน้อม  ราโชติ',NULL,202,3,'2018-09-26','3341501686145'),(61,2561,'3',NULL,109,'ป้องกันยาเสพติดในสถานศึกษาโดยเงินโรงเรียนสนับสนุนร่วมกับ อบต.',NULL,NULL,'',1000,NULL,7,'2018-09-26','3341501686145'),(62,2561,'3',0,109,'ป้องกันยาเสพติดในสถานศึกษาโดยเงินโรงเรียนสนับสนุนร่วมกับ อบต.',NULL,1000,'จ.ส.ต.บุญน้อม  ราโชติ',NULL,202,3,'2018-09-26','3341501686145'),(63,2561,'4',NULL,101,'จ้างครูอัตราจ้าง',3000,NULL,'',NULL,NULL,1,'2018-09-28','3341501686145'),(64,2561,'4',NULL,101,'จ้างครูอัตราจ้าง',NULL,NULL,'',3000,NULL,5,'2018-09-28','3341501686145'),(66,2561,'4',NULL,109,'ค่าไฟ',NULL,NULL,'',1245.14,NULL,7,'2018-09-28','3341501686145'),(67,2561,'4',0,109,'ค่าไฟ',NULL,1245.14,'จ.ส.ต.บุญน้อม  ราโชติ',NULL,202,3,'2018-09-28','3341501686145'),(68,2562,'1',NULL,101,'เงินรายได้สถานศึกษาจากเงินบริจาค(ยกมา)',5390.09,NULL,'',NULL,NULL,2,'2018-10-01','3341501686145'),(69,2562,'2',NULL,109,'ค่าใช้จ่ายรายหัว(ยกมา)',94120.23,NULL,'',NULL,NULL,2,'2018-10-01','3341501686145'),(70,2562,'3',NULL,112,'ปัจจัยพื้นฐานนักเรียนยากจน(ยกมา)',8500,NULL,'',NULL,NULL,2,'2018-10-01','3341501686145'),(71,2562,'4',NULL,114,'ค่าหนังสือเรียน(ยกมา)',32025,NULL,'',NULL,NULL,2,'2018-10-01','3341501686145'),(72,2562,'5',NULL,115,'ค่าอุปกรณ์การเรียน(ยกมา)',8145,NULL,'',NULL,NULL,2,'2018-10-01','3341501686145'),(73,2562,'6',NULL,116,'ค่าเครื่องแบบนักเรียน(ยกมา)',5760,NULL,'',NULL,NULL,2,'2018-10-01','3341501686145'),(74,2562,'7',NULL,117,'ค่ากิจกรรมพัฒนาผู้เรียน(ยกมา)',11229,NULL,'',NULL,NULL,2,'2018-10-01','3341501686145'),(75,2562,'8',NULL,121,'ป้องกันยาเสพติดในสถานศึกษา(ยกมา)',11.33,NULL,'',NULL,NULL,2,'2018-10-01','3341501686145'),(76,2562,'9',NULL,123,'เงินทุนหมุนเวียนเพื่อโครงการอาหารกลางวัน(ยกมา)',6000,NULL,'',NULL,NULL,2,'2018-10-01','3341501686145'),(77,2562,'10',NULL,122,'กองทุนหมุนเวียนโครงการอาหารกลางวัน(ยกมา)',6.23,NULL,'',NULL,NULL,2,'2018-10-01','3341501686145'),(78,2562,'1',NULL,101,'เงินรายได้สถานศึกษา(ยืมมาจัดทำอาหารกลางวัน1-5 ต.ค.61)',NULL,NULL,'',4700,NULL,7,'2018-10-01','3341501686145'),(79,2562,'1',0,101,'เงินรายได้สถานศึกษา(ยืมมาจัดทำอาหารกลางวัน1-5 ต.ค.61)',NULL,4700,'จ.ส.ต.บุญน้อม  ราโชติ',NULL,202,3,'2018-10-01','3341501686145'),(80,2562,'2',NULL,117,'ยืมเงินหมวดกิจกรรมพัฒนาผู้เรียนเป็นค่าอาหารกลางวันในวันที่ 8-10 ต.ค.61',NULL,NULL,'',2820,NULL,7,'2018-10-08','3341501686145'),(81,2562,'2',0,117,'ยืมเงินหมวดกิจกรรมพัฒนาผู้เรียนเป็นค่าอาหารกลางวันในวันที่ 8-10 ต.ค.61',NULL,2820,'จ.ส.ต.บุญน้อม  ราโชติ',NULL,202,3,'2018-10-08','3341501686145'),(84,2562,'3',NULL,109,'ค่าอินเทอร์เน็ต',NULL,NULL,'',749,NULL,7,'2018-10-08','3341501686145'),(83,2562,'3',0,109,'ค่าอินเทอร์เน็ต',NULL,749,'จ.ส.ต.บุญน้อม  ราโชติ',NULL,204,3,'2018-10-08','3341501686145'),(85,2562,'11',NULL,118,'เงินอาหารกลางวัน',47000,NULL,'',NULL,NULL,2,'2018-10-31','1342200061523'),(86,2562,'4',NULL,118,'เงินอาหารกลางวัน',NULL,NULL,'',9400,NULL,7,'2018-10-31','1342200061523'),(87,2562,'4',20,118,'เงินอาหารกลางวัน',NULL,9400,'จ.ส.ต บุญน้อม ราโชติ',NULL,202,3,'2018-10-31','1342200061523'),(88,2562,'5',NULL,109,'ค่าไฟ',NULL,NULL,'',1266.88,NULL,7,'2018-10-31','1342200061523'),(89,2562,'5',21,109,'ค่าไฟ',NULL,1266.88,'จ.ส.ต บุญน้อม ราโชติ',NULL,204,3,'2018-10-31','1342200061523'),(91,2562,'12',NULL,114,'ค่าหนังสือเรียน ภาคเรียนที่ 1/2561 (30%)',10211,NULL,'',NULL,NULL,2,'2018-10-31','1342200061523'),(98,2561,'4',NULL,101,'ถอนเงินฝากมาเป็นเงินสด',NULL,NULL,'',3000,NULL,7,'2018-09-28','3341501686145'),(99,2561,'4',14,101,'จ่ายค่าจ้างอัตราจ้าง',NULL,3000,'จ.ส.ต.บุญน้อม  ราโชติ',NULL,202,3,'2018-09-28','3341501686145'),(100,2561,'ยกมา',NULL,122,'ยอดยกมา (เปิดบัญชี)',6.23,NULL,'',NULL,NULL,2,'2018-08-29','3341501686145'),(102,2562,'6',NULL,118,'คืนเงินที่ยืมจัดทำอาหารกลางวันนักเรีนยนเข้าบัญชีเงินรายได้สถานศึกษา',NULL,NULL,'',4700,NULL,7,'2018-10-31','3451000288642'),(104,2562,'14',NULL,101,'รับเงินคืนที่ยืมจัดทำอาหารกลางวันนักเรีนยนเข้าบัญชีเงินรายได้สถานศึกษา',4700,NULL,'',NULL,NULL,2,'2018-10-31','3451000288642'),(105,2562,'ึ7',NULL,118,'คืนเงินที่ยืมจัดทำอาหารกลางวันนักเรีนยเข้าหมวดกิจกรรมพัฒนาผู้เรียน',NULL,NULL,'',2820,NULL,7,'2018-10-31','3451000288642'),(106,2562,'15',NULL,117,'คืนเงินที่ยืมจัดทำอาหารกลางวันนักเรีนยเข้าหมวดกิจกรรมพัฒนาผู้เรียน',2820,NULL,'',NULL,NULL,2,'2018-10-31','3451000288642'),(107,2562,'8',NULL,101,'ค่าจ้างครูอัตราจ้าง 1-10 ตุลาคม 2561',NULL,NULL,'',2000,NULL,7,'2018-10-31','3451000288642'),(108,2562,'6',0,101,'ค่าจ้างครูอัตราจ้าง 1-10 ตุลาคม 2561',NULL,2000,'จ.ส.ต.บุญน้อม  ราโชติ',NULL,103,3,'2018-10-31','3451000288642'),(109,2562,'7',0,118,'คืนเงินที่ยืมจัดทำอาหารกลางวันนักเรีนยนเข้าบัญชีเงินรายได้สถานศึกษา',NULL,4700,'บัญชีเงินรายได้สถานศึกษา',NULL,202,3,'2018-10-31','3451000288642'),(110,2562,'8',0,118,'คืนเงินที่ยืมจัดทำอาหารกลางวันนักเรีนยเข้าหมวดกิจกรรมพัฒนาผู้เรียน',NULL,2820,'บัญชีเงินอุดหนุนอื่นโรงเรียนบ้านอาเลา',NULL,202,3,'2018-10-31','3451000288642'),(111,2562,'9',26,115,'ค่าอุปกรณ์การเรียน',NULL,8145,'เสริมวิทย์',NULL,203,3,'2018-11-13','1342200061523'),(112,2562,'9',NULL,115,'ค่าอุปกรณ์การเรียน',NULL,NULL,'',8145,NULL,7,'2018-11-13','1342200061523'),(113,2562,'10',NULL,117,'ยืมเงินหมวดกิจกรรมพัฒนาผู้เรียนเป็นค่า (อุปกรณ์การเรียน',NULL,NULL,'',80,NULL,7,'2018-11-14','1342200061523'),(114,2562,'10',27,101,'ค่าอุปกรณ์การเรียน',NULL,80,'เสริมวิทย์',NULL,203,3,'2018-11-14','1342200061523'),(115,2363,'บร.21ก 60005/12',NULL,115,'ค่าอุปกรณ์การเรียน',2250,NULL,'',NULL,NULL,2,'2020-01-29','3341500517951'),(116,2363,'บร.21ก 60005/12',NULL,117,'ค่ากิจกรรมพัฒนาคุณภาพผู้เรียน',3045,NULL,'',NULL,NULL,2,'2020-01-29','3341500517951'),(117,2363,'บร.21ก 60005/13',NULL,112,'ปัจจัยพื้นฐานนักเรียนยากจน',15500,NULL,'',NULL,NULL,2,'2020-01-31','3341500517951'),(118,2363,'บร.21ก 60005/1',NULL,112,'ปัจจัยพื้นฐานนักเรียนยากจน',15500,NULL,'',NULL,NULL,2,'2019-11-01','3341500517951'),(119,2363,'บร.21ก 60005/2',NULL,118,'อุดหนุนอาหารกลางวัน(ไตมาสที่ 1)',50000,NULL,'',NULL,NULL,2,'2019-11-07','3341500517951'),(120,2363,'บร.21ก 60005/3',NULL,117,'ค่ากิจกรรมพัฒนาคุณภาพผู้เรียน',8580,NULL,'',NULL,NULL,2,'2019-11-15','3341500517951'),(121,2363,'บร.21ก 60005/3',NULL,115,'ค่าอุปกรณ์การเรียน',6075,NULL,'',NULL,NULL,2,'2019-11-15','3341500517951'),(122,2363,'บร.21ก 60005/3',NULL,109,'ค่าจัดการเรียนการสอน',43200,NULL,'',NULL,NULL,2,'2019-11-15','3341500517951'),(123,2363,'บร.21ก 60005/4',NULL,119,'ทุนการศึกษานักเรียน',3000,NULL,'',NULL,NULL,1,'2019-11-19','3341500517951'),(124,2363,'บร.21ก 60005/5',NULL,119,'ทุนการศึกษานักเรียน',1000,NULL,'',NULL,NULL,1,'2019-11-19','3341500517951'),(125,2363,'บร.21ก 60005/6',NULL,119,'ทุนการศึกษานักเรียน',500,NULL,'',NULL,NULL,1,'2019-11-19','3341500517951'),(126,2363,'บร.21ก 60005/8',NULL,112,'เงินกองทุนเพื่อความเสมอภาคทางการศึกษา(นักเรียนยากจนเงื่อนไขพิเศษ)',24000,NULL,'',NULL,NULL,2,'2019-11-17','3341500517951'),(127,2363,'บร.21ก 60005/11',NULL,118,'อุดหนุนอาหารกลางวัน(ไตมาสที่ 2)',50000,NULL,'',NULL,NULL,2,'2020-01-17','3341500517951'),(128,2363,'บร.21ก 60005/12',NULL,109,'ค่าจัดการเรียนการสอน',15300,NULL,'',NULL,NULL,2,'2020-01-29','3341500517951'),(129,2363,'บช020019798936',NULL,305,'ดอกเบี้ยเงินอุดหนุนอาหารกลางวัน',48.92,NULL,'',NULL,NULL,2,'2019-09-28','3341500517951'),(130,2363,'บช.-3143-1-55011-5',NULL,304,'ดอกเบี้ยเงินอุดหนุนอื่น',113.55,NULL,'',NULL,NULL,2,'2020-01-31','3341500517951'),(131,2363,'บช.314-0-45092-3',NULL,305,'ดอกเบี้ยเงินกองทุนเพื่อโครงการอาหารกลางวันโรงเรียนบ้านอาเลา',0.01,NULL,'',NULL,NULL,2,'2020-01-31','3341500517951'),(132,2363,'บช.314-0-48709-6',NULL,304,'ดอกเบี้ยเงินทุนหมุนเวียนส่งเสริมผลผลิตเพื่อโครงการอาหารกลางวันโรงเรียนบ้านอาเลา',5.24,NULL,'',NULL,NULL,2,'2020-01-31','3341500517951'),(133,2363,'บช.314-0-65136-8',NULL,304,'ดอกเบี้ยเงินกองทุนเพือความเสมอภาคทางการศึกษาโรงเรียนบ้านอาเลา',3.34,NULL,'',NULL,NULL,2,'2020-01-31','3341500517951'),(134,2363,'บช.314-0-51071-3',NULL,304,'ดอกเบี้ยเงินรายได้สถานศึกษา',9.31,NULL,'',NULL,NULL,2,'2020-01-31','3341500517951'),(135,2363,'บร19ก87109/16',NULL,305,'จ่ายดอกเบี้เงินอาหากลางวัน',NULL,68.65,'',NULL,NULL,4,'2019-11-04','3341500517951'),(136,2363,'บร.19ก87100/22',NULL,304,'จ่ายดอกเบี้ยเงินรายได้สถานศึกษา',NULL,13.79,'',NULL,NULL,4,'2019-09-26','3341500517951'),(137,2363,'บร.19ก 87100/22',NULL,304,'ดอกเบี้ยเงินกองทุนเพื่อโครงการอาหารกลางวันโรงเรียนบ้านอาเลา',NULL,6.25,'',NULL,NULL,4,'2019-09-26','3341500517951'),(138,2363,'บร.19ก87100/22',NULL,304,'ดอกเบี้ยเงินอุดหนุนอื่นโรงเรียนบ้านอาเลา',NULL,14.35,'',NULL,NULL,4,'2019-09-26','3341500517951'),(139,2363,'บร.19ก87100/22',NULL,304,'ดอกเบี้ยเงินกองทุนเพื่อความเสมอภาคทางการศึกษาโรงเรียนบ้านอาเลา',NULL,1.21,'',NULL,NULL,4,'2019-09-26','3341500517951'),(140,2363,'บร.19ก87100/22',NULL,304,'ดอกเบี้ยเงินทุนหมุนเวียนส่งเสริมผลผลิตเพื่อโครงการอาหารกลางวันโรงเรียนบ้านอาเลา',NULL,10.84,'',NULL,NULL,4,'2019-09-26','3341500517951'),(141,2363,'บร.21ก60113/43',NULL,305,'ดอกเบี้ยเงินกองทุนเพื่อโครงการอาหารกลางวันโรงเรียนบ้านอาเลา',NULL,0.01,'',NULL,NULL,4,'2020-02-05','3341500517951'),(142,2363,'บร.21ก60113/43',NULL,304,'ดอกเบี้ยเงินกองทุนlหมุนเวียนส่งเสริมผลผลิตเพื่อโครงการอาหารกลางวันโรงเรียนบ้านอาเลา',NULL,16.63,'',NULL,NULL,4,'2020-02-05','3341500517951'),(143,2363,'บร.21ก60113/43',NULL,304,'ดอกเบี้ยเงินรายได้สถานศึกษา',NULL,9.4,'',NULL,NULL,4,'2020-02-05','3341500517951'),(144,2363,'บร.21ก60113/43',NULL,304,'ดอกเบี้ยเงินกองทุนเพื่อความเสมอภาคทางการศึกษาโรงเรียนบ้านอาเลา',NULL,3.34,'',NULL,NULL,4,'2020-02-05','3341500517951'),(145,2363,'บร.21ก60113/43',NULL,304,'ดอกเบี้ยเงินอุดหนุนอื่นโรงเรียนบ้านอาเลา',NULL,113.55,'',NULL,NULL,4,'2020-02-05','3341500517951'),(146,2363,'บค1/2562',0,101,'จ่ายเงินค่าดำเนินการต้อนรับผ้าป่าสามัคคี',NULL,4500,'[สมศักดิ์',NULL,202,3,'2019-11-26','3341500517951'),(150,2564,'01',NULL,108,'เงินอุดหนุนทั่วไป ยอดยกมา',1105.02,NULL,'',NULL,NULL,2,'2020-10-01','1342200061523'),(184,2564,'01',41,118,'ค่าอาหารกลางวัน',NULL,10600,'นางสาวณัฐปภัสร์ ราชวิชา',NULL,202,4,'2020-11-30','1342200061523'),(149,2564,'01',NULL,118,'เงินอาหารกลางวันยอดยกมา',46849.38,NULL,'',NULL,NULL,2,'2020-10-01','1342200061523'),(151,2564,'01',NULL,109,'เงินอุดหนุนทั่วไป ยอดยกมา',18920.05,NULL,'',NULL,NULL,2,'2020-10-01','1342200061523'),(152,2564,'01',NULL,112,'เงินอุดหนุนทั่วไป ยอดยกมา',16000,NULL,'',NULL,NULL,2,'2020-10-01','1342200061523'),(153,2564,'01',NULL,117,'ค่ากิจกรรมพัฒนาผู้เรียน ยอดยกมา',10350,NULL,'',NULL,NULL,2,'2020-10-01','1342200061523'),(154,2564,'01',NULL,123,'เงินทุนหมุนเวียน ยอดยกมา',0.01,NULL,'',NULL,NULL,2,'2020-10-01','1342200061523'),(155,2564,'01',NULL,127,'เงิน กสศ ยอดยกมา',67500,NULL,'',NULL,NULL,2,'2020-10-01','1342200061523'),(156,2564,'01',NULL,121,'ดอกเบี้ยเงินยาเสพติด ยอดยกมา',0.21,NULL,'',NULL,NULL,2,'2020-10-01','1342200061523'),(157,2564,'01',NULL,101,'เงินบริจาค ',1599,NULL,'',NULL,NULL,2,'2020-11-02','1342200061523'),(158,2564,'01',NULL,101,'เงินบริจาค',1200,NULL,'',NULL,NULL,2,'2020-11-03','1342200061523'),(159,2564,'01',NULL,101,'เงินบริจาค',900,NULL,'',NULL,NULL,2,'2020-11-04','1342200061523'),(160,2564,'01',NULL,101,'เงินบริจาค',500,NULL,'',NULL,NULL,2,'2020-11-05','1342200061523'),(161,2564,'01',NULL,101,'เงินบริจาค',100,NULL,'',NULL,NULL,2,'2020-11-07','1342200061523'),(162,2564,'01',29,101,'ค่าช่าง',NULL,4299,'นางสาวณัฐปภัสร์ ราชวิชา',NULL,202,4,'2020-11-12','1342200061523'),(163,2564,'01',NULL,101,'เงินบริจาค',6000,NULL,'',NULL,NULL,2,'2020-11-16','1342200061523'),(164,2564,'01',NULL,101,'เงินบริจาค',1500,NULL,'',NULL,NULL,2,'2020-11-26','1342200061523'),(165,2564,'01',NULL,101,'เงินบริจาค',200,NULL,'',NULL,NULL,2,'2020-11-27','1342200061523'),(166,2564,'01',NULL,101,'เงินบริจาค',300,NULL,'',NULL,NULL,2,'2020-11-28','1342200061523'),(167,2564,'01',NULL,101,'เงินบริจาค',800,NULL,'',NULL,NULL,2,'2020-11-29','1342200061523'),(168,2564,'01',NULL,101,'เงินดอกเบี้ย',1.2,NULL,'',NULL,NULL,2,'2020-12-31','1342200061523'),(169,2564,'01',30,101,'ค่าช่าง',NULL,7500,'นางสาวณัฐปภัสร์ ราชวิชา',NULL,202,4,'2020-11-27','1342200061523'),(170,2564,'01',31,101,'ค่าวัสดุ',NULL,1300,'นางสาวณัฐปภัสร์ ราชวิชา',NULL,202,4,'2021-01-29','1342200061523'),(171,2564,'01',32,101,'ถอนดอกเบี้ย',NULL,1.2,'นางสาวณัฐปภัสร์ ราชวิชา',NULL,202,4,'2021-02-01','1342200061523'),(172,2564,'01',33,127,'กสศ.ยากจนพิเศษ',NULL,67500,'นางสาวณัฐปภัสร์ ราชวิชา',NULL,202,4,'2020-10-08','1342200061523'),(173,2564,'01',NULL,127,'กสศ.ยากจนพิเศษ',4000,NULL,'',NULL,NULL,2,'2020-10-12','1342200061523'),(174,2564,'01',34,127,'กสศ.ยากจนพิเศษ',NULL,4000,'นางสาวณัฐปภัสร์ ราชวิชา',NULL,202,4,'2020-10-20','1342200061523'),(175,2564,'01',NULL,127,'ดอกเบี้ย ',8.36,NULL,'',NULL,NULL,2,'2020-12-31','1342200061523'),(176,2564,'01',NULL,127,'กสศ.ยากจนพิเศษ',45500,NULL,'',NULL,NULL,2,'2021-01-06','1342200061523'),(177,2564,'01',35,127,'กสศ.ยากจนพิเศษ',NULL,45500,'นางสาวณัฐปภัสร์ ราชวิชา',NULL,202,4,'2021-01-20','1342200061523'),(178,2564,'01',36,127,'ดอกเบี้ย',NULL,8.36,'นางสาวณัฐปภัสร์ ราชวิชา',NULL,202,4,'2021-02-01','1342200061523'),(179,2564,'01',37,121,'ถอนดอกเบี้ย',NULL,0.21,'นางสาวณัฐปภัสร์ ราชวิชา',NULL,202,4,'2021-02-01','1342200061523'),(180,2564,'01',38,118,'ค่าอาหารกลางวัน',NULL,10600,'นางสาวณัฐปภัสร์ ราชวิชา',NULL,202,4,'2020-10-07','1342200061523'),(181,2564,'01',39,118,'ค่าอาหารกลางวัน',NULL,10600,'นางสาวณัฐปภัสร์ ราชวิชา',NULL,202,4,'2020-10-20','1342200061523'),(182,2564,'01',40,118,'ค่าอาหารกลางวัน',NULL,10600,'นางสาวณัฐปภัสร์ ราชวิชา',NULL,202,4,'2020-11-02','1342200061523'),(183,2564,'01',NULL,118,'ค่าอาหารกลางวัน',53000,NULL,'',NULL,NULL,2,'2020-11-11','1342200061523'),(185,2564,'01',42,118,'ค่าอาหารกลางวัน',NULL,10600,'นางสาวณัฐปภัสร์ ราชวิชา',NULL,202,4,'2021-01-04','1342200061523'),(186,2564,'01',43,118,'ค่าอาหารกลางวัน',NULL,10600,'นางสาวณัฐปภัสร์ ราชวิชา',NULL,202,4,'2021-01-15','1342200061523'),(187,2564,'01',NULL,118,'ค่าอาหารกลางวัน',53000,NULL,'',NULL,NULL,2,'2021-01-15','1342200061523'),(188,2564,'01',44,118,'ค่าอาหารกลางวัน',NULL,10600,'นางสาวณัฐปภัสร์ ราชวิชา',NULL,202,4,'2021-01-29','1342200061523'),(189,2564,'01',45,118,'ถอนดอกเบี้ย',NULL,49.38,'นางสาวณัฐปภัสร์ ราชวิชา',NULL,202,4,'2021-02-01','1342200061523'),(190,2564,'01',46,118,'ค่าอาหารกลางวัน',NULL,10600,'นางสาวณัฐปภัสร์ ราชวิชา',NULL,202,4,'2021-02-15','1342200061523'),(191,2564,'01',47,118,'ค่าอาหารกลางวัน',NULL,10600,'นางสาวณัฐปภัสร์ ราชวิชา',NULL,202,4,'2020-12-16','1342200061523'),(192,2564,'01',48,112,'ปัจจัยพื้นฐานนักเรียนยากจน',NULL,16000,'นางสาวณัฐปภัสร์ ราชวิชา',NULL,202,4,'2020-10-08','1342200061523'),(193,2564,'01',49,109,'ค่าไฟฟ้า',NULL,1761.86,'นางสาวณัฐปภัสร์ ราชวิชา',NULL,204,4,'2020-10-08','1342200061523'),(194,2564,'01',50,109,'เงินเดือนครู',NULL,4000,'นางสาวณัฐปภัสร์ ราชวิชา',NULL,201,4,'2020-10-28','1342200061523'),(195,2564,'01',51,109,'ค่าไฟฟ้า',NULL,1603.05,'นางสาวณัฐปภัสร์ ราชวิชา',NULL,204,4,'2020-10-28','1342200061523'),(196,2564,'01',NULL,108,'รับเงิน70%ก่อนประถม',13710,NULL,'',NULL,NULL,2,'2020-12-03','1342200061523'),(197,2564,'01',NULL,109,'รับเงิน70%ประถม',35090,NULL,'',NULL,NULL,2,'2019-12-03','1342200061523'),(198,2564,'01',NULL,115,'ค่าอุปกรณ์การเรียน 70%',6670,NULL,'',NULL,NULL,2,'2020-12-03','1342200061523'),(199,2564,'01',NULL,117,'ค่ากิจกรรมพัฒนาผู้เรียน70%',9680,NULL,'',NULL,NULL,2,'2020-12-03','1342200061523'),(200,2564,'01',52,109,'ค่าพัฒนาบุคลากร',NULL,3000,'นางสาวณัฐปภัสร์ ราชวิชา',NULL,202,4,'2020-12-16','1342200061523'),(201,2564,'01',53,108,'ค่าไฟฟ้า',NULL,1212.85,'นางสาวณัฐปภัสร์ ราชวิชา',NULL,204,4,'2020-12-16','1342200061523'),(202,2564,'01',54,115,'ค่าอุปกรณ์การเรียน',NULL,1470,'นางสาวณัฐปภัสร์ ราชวิชา',NULL,202,4,'2020-12-25','1342200061523'),(203,2564,'01',55,115,'ค่าวัสดุอุปกรณ์การเรียน',NULL,5200,'นางสาวณัฐปภัสร์ ราชวิชา',NULL,202,4,'2020-12-25','1342200061523'),(204,2564,'01',56,109,'เงินเดือนครู',NULL,4000,'นางสาวณัฐปภัสร์ ราชวิชา',NULL,201,4,'2020-12-25','1342200061523'),(205,2564,'01',57,109,'ค่าจ้างเหมาเปลี่ยนประตูห้องเรียน',NULL,3000,'นางสาวณัฐปภัสร์ ราชวิชา',NULL,201,4,'2020-12-25','1342200061523'),(206,2564,'01',58,109,'พัฒนาอาคาร',NULL,2500,'นางสาวณัฐปภัสร์ ราชวิชา',NULL,202,4,'2020-12-25','1342200061523'),(207,2564,'01',59,108,'ค่าไฟฟ้า',NULL,875.25,'นางสาวณัฐปภัสร์ ราชวิชา',NULL,204,4,'2020-12-25','1342200061523'),(208,2564,'01',NULL,108,'ดอกเบี้ย',46.47,NULL,'',NULL,NULL,2,'2020-12-31','1342200061523'),(209,2564,'01',60,109,'ค่าตู้สหกรณ์',NULL,4100,'นางสาวณัฐปภัสร์ ราชวิชา',NULL,203,4,'2021-01-15','1342200061523'),(210,2564,'01',61,108,'จัดชื้อสื่อ',NULL,4000,'นางสาวณัฐปภัสร์ ราชวิชา',NULL,202,4,'2021-01-20','1342200061523'),(211,2564,'01',62,109,'จัดชื้อสื่อ',NULL,6000,'นางสาวณัฐปภัสร์ ราชวิชา',NULL,202,4,'2021-01-20','1342200061523'),(212,2564,'01',63,109,'เงินเดือนครู',NULL,4000,'นางสาวณัฐปภัสร์ ราชวิชา',NULL,201,4,'2021-01-29','1342200061523'),(213,2564,'01',64,109,'โครงงานวิชาการ',NULL,4000,'นางสาวณัฐปภัสร์ ราชวิชา',NULL,202,4,'2021-01-29','1342200061523'),(214,2564,'01',NULL,108,'ค่าจัดการเรียนการสอน 30%',5000,NULL,'',NULL,NULL,2,'2021-02-01','1342200061523'),(215,2564,'01',NULL,109,'ค่าจัดการเรียนการสอน 30%',7700,NULL,'',NULL,NULL,2,'2021-02-01','1342200061523'),(216,2564,'01',NULL,115,'ค่าวัสดุอุปกรณ์การเรียน30%',1670,NULL,'',NULL,NULL,2,'2021-02-01','1342200061523'),(217,2564,'01',NULL,117,'ค่าพัฒนาผู้เรียน30%',2515,NULL,'',NULL,NULL,2,'2021-02-01','1342200061523'),(218,2564,'01',65,109,'ถอนดอกเบี้ย',NULL,46.47,'นางสาวณัฐปภัสร์ ราชวิชา',NULL,202,4,'2021-02-01','1342200061523'),(219,2564,'01',66,108,'ค่าไฟฟ้า',NULL,1177.42,'นางสาวณัฐปภัสร์ ราชวิชา',NULL,204,4,'2021-02-05','1342200061523'),(220,2564,'01',67,115,'ค่าอุปกรณ์การเรียน',NULL,1670,'นางสาวณัฐปภัสร์ ราชวิชา',NULL,202,4,'2021-02-05','1342200061523'),(221,2564,'01',68,109,'ค่าเครื่องเสียง',NULL,3230,'นางสาวณัฐปภัสร์ ราชวิชา',NULL,202,4,'2021-02-05','1342200061523'),(222,2564,'01',69,123,'ถอนดอกเบี้ย',NULL,0.01,'นางสาวณัฐปภัสร์ ราชวิชา',NULL,202,4,'2021-02-05','1342200061523'),(223,2564,'01',70,118,'เงินอาหารกลางวัน',NULL,10600,'นางสาวณัฐปภัสร์  ราชวิชา',NULL,204,4,'2021-03-01','1342200061523'),(224,2564,'01',71,109,'เงินเดือนครู',NULL,4000,'นางสาวณัฐปภัสร์  ราชวิชา',NULL,201,4,'2021-03-01','1342200061523'),(225,2564,'01',72,108,'โครงงานบ้านวิทยาศาสตร์น้อย',NULL,3000,'นางสาวณัฐปภัสร์  ราชวิชา',NULL,202,4,'2021-03-09','1342200061523');

--
-- Table structure for table `budget_money_return`
--

CREATE TABLE `budget_money_return` (
  `id` int(11) NOT NULL AUTO_INCREMENT,
  `budget_year` int(11) DEFAULT NULL,
  `document` varchar(30) NOT NULL DEFAULT '',
  `item` varchar(100) NOT NULL DEFAULT '',
  `pj_activity` varchar(20) NOT NULL DEFAULT '',
  `money` double NOT NULL DEFAULT 0,
  `pay_type` varchar(10) NOT NULL,
  `p_request` varchar(13) NOT NULL DEFAULT '',
  `officer` varchar(13) NOT NULL DEFAULT '',
  `rec_date` date NOT NULL,
  PRIMARY KEY (`id`)
) ENGINE=MyISAM DEFAULT CHARSET=utf8 COLLATE=utf8_general_ci;

--
-- Dumping data for table `budget_money_return`
--


--
-- Table structure for table `budget_pay_type`
--

CREATE TABLE `budget_pay_type` (
  `id` int(11) NOT NULL AUTO_INCREMENT,
  `pay_type_id` int(11) NOT NULL,
  `pay_group_id` tinyint(4) NOT NULL,
  `pay_type_name` varchar(30) NOT NULL,
  PRIMARY KEY (`id`),
  UNIQUE KEY `pay_type_id` (`pay_type_id`)
) ENGINE=MyISAM AUTO_INCREMENT=16 DEFAULT CHARSET=utf8 COLLATE=utf8_general_ci;

--
-- Dumping data for table `budget_pay_type`
--

INSERT INTO `budget_pay_type` VALUES (1,101,1,'เงินเดือน'),(15,102,1,'ค่าจ้างประจำ'),(3,103,1,'ค่าจ้างชั่วคราว'),(4,104,1,'ค่าตอบแทนพนักงานราชการ'),(5,201,2,'ค่าตอบแทน'),(6,202,2,'ค่าใช้สอย'),(7,203,2,'ค่าวัสดุ'),(8,204,2,'ค่าสาธารณูปโภค'),(9,301,3,'ค่าครุภัณฑ์'),(10,302,3,'ค่าที่ดินและสิ่งก่อสร้าง');

--
-- Table structure for table `budget_permission`
--

CREATE TABLE `budget_permission` (
  `id` int(11) NOT NULL AUTO_INCREMENT,
  `person_id` varchar(13) NOT NULL,
  `p1` tinyint(4) NOT NULL,
  `p2` tinyint(4) NOT NULL,
  `p3` tinyint(4) NOT NULL,
  `p4` tinyint(4) NOT NULL,
  `officer` varchar(13) NOT NULL,
  `rec_date` date NOT NULL,
  PRIMARY KEY (`id`)
) ENGINE=MyISAM AUTO_INCREMENT=9 DEFAULT CHARSET=utf8 COLLATE=utf8_general_ci;

--
-- Dumping data for table `budget_permission`
--

INSERT INTO `budget_permission` VALUES (2,'3341500517951',1,1,1,1,'3341500517951','2019-05-28'),(5,'1342200061523',1,1,1,1,'1342200061523','2020-08-11'),(6,'1329900339148',1,1,1,1,'1342200061523','2020-08-11'),(7,'1341500308485',1,1,1,1,'1342200061523','2024-01-30'),(8,'2200101102938',1,1,1,1,'1342200061523','2024-01-30');

--
-- Table structure for table `budget_project`
--

CREATE TABLE `budget_project` (
  `id` int(11) NOT NULL AUTO_INCREMENT,
  `budget_year` int(11) NOT NULL,
  `code` varchar(16) NOT NULL DEFAULT '',
  `name` varchar(80) NOT NULL DEFAULT '',
  PRIMARY KEY (`id`)
) ENGINE=MyISAM DEFAULT CHARSET=utf8 COLLATE=utf8_general_ci;

--
-- Dumping data for table `budget_project`
--


--
-- Table structure for table `budget_receive`
--

CREATE TABLE `budget_receive` (
  `id` int(11) NOT NULL AUTO_INCREMENT,
  `budget_year` int(11) NOT NULL,
  `num` float NOT NULL DEFAULT 0,
  `book_number` varchar(30) NOT NULL DEFAULT '',
  `out_date` varchar(50) NOT NULL DEFAULT '',
  `book_ref` varchar(30) NOT NULL DEFAULT '',
  `plan` char(1) NOT NULL DEFAULT '',
  `project` varchar(16) NOT NULL DEFAULT '',
  `activity` varchar(50) NOT NULL DEFAULT '',
  `activity2` varchar(200) NOT NULL DEFAULT '',
  `m_source` varchar(7) NOT NULL DEFAULT '',
  `account` varchar(30) NOT NULL DEFAULT '',
  `m_pay` char(3) NOT NULL DEFAULT '',
  `item` varchar(250) NOT NULL DEFAULT '',
  `detail` varchar(250) NOT NULL DEFAULT '',
  `money` double NOT NULL DEFAULT 0,
  `rec_date` date DEFAULT NULL,
  `officer` varchar(13) NOT NULL DEFAULT '',
  PRIMARY KEY (`id`),
  UNIQUE KEY `num` (`num`)
) ENGINE=MyISAM DEFAULT CHARSET=utf8 COLLATE=utf8_general_ci;

--
-- Dumping data for table `budget_receive`
--


--
-- Table structure for table `budget_type`
--

CREATE TABLE `budget_type` (
  `id` int(11) NOT NULL AUTO_INCREMENT,
  `type_id` int(11) NOT NULL,
  `category_id` int(11) NOT NULL,
  `type_name` varchar(70) NOT NULL,
  PRIMARY KEY (`id`),
  UNIQUE KEY `type_id` (`type_id`)
) ENGINE=MyISAM AUTO_INCREMENT=57 DEFAULT CHARSET=utf8 COLLATE=utf8_general_ci;

--
-- Dumping data for table `budget_type`
--

INSERT INTO `budget_type` VALUES (1,101,1,'เงินรายได้สถานศึกษา'),(2,102,1,'เงินบริจาค'),(33,103,1,'เงินภาษีหัก ณ ที่จ่าย'),(4,104,1,'เงินลูกเสือ'),(34,105,1,'เงินเนตรนารี'),(6,106,1,'เงินยุวกาชาด'),(7,107,1,'เงินประกันสัญญา'),(8,108,1,'เงินอุดหนุนทั่วไป(ค่าใช้จ่ายรายหัวก่อนประถมศึกษา)'),(47,119,1,'เงินบริจาคมีวัตถุประสงค์'),(38,304,3,'รายได้เบ็ดเตล็ดอื่น'),(14,301,3,'ค่าขายของเบ็ดเตล็ด'),(36,302,3,'ค่าธรรมเนียมเบ็ดเตล็ด'),(37,303,3,'เงินเหลือจ่ายปีเก่าส่งคืน'),(29,109,1,'เงินอุดหนุนทั่วไป(ค่าใช้จ่ายรายหัวประถมศึกษา)'),(23,112,1,'เงินอุดหนุนทั่วไป(ปัจจัยพื้นฐานนักเรียนยากจนประถมศึกษา)'),(24,113,1,'เงินอุดหนุนทั่วไป(ปัจจัยพื้นฐานนักเรียนยากจนมัธยมต้น)'),(25,114,1,'เรียนฟรี15ปี(ค่าหนังสือเรียน)'),(26,115,1,'เรียนฟรี15ปี(ค่าอุปกรณ์การเรียน)'),(27,116,1,'เรียนฟรี15ปี(ค่าเครื่องแบบนักเรียน)'),(28,117,1,'เรียนฟรี15ปี(ค่ากิจกรรมพัฒนาผู้เรียน)'),(30,110,1,'เงินอุดหนุนทั่วไป(ค่าใช้จ่ายรายหัวมัธยมศึกษาตอนต้น)'),(31,111,1,'เงินอุดหนุนทั่วไป(ค่าใช้จ่ายรายหัวมัธยมศึกษาตอนปลาย)'),(35,118,1,'เงินอาหารกลางวัน'),(48,120,1,'เงินอุดหนุนที่ได้รับจากอบต./เทศบาล'),(49,121,1,'โรงเรียนบ้านอาเลา ป้องกันยาเสพติด งบ อบต.'),(50,122,1,'กองทุนเพื่อโครงการอาหารกลางวันในโรงเรียนประถมศึกษา'),(51,123,1,'เงินทุนหมุนเวียนส่งเสริมผลผลิตเพื่อโครงการอาหารกลางวัน'),(52,305,3,'ดอกเบี้ยกองทุนเพื่อโครงการอาหารกลางวันในโรงเรียนประถมศึกษา'),(53,124,1,'เงินรายได้สถานศึกษา'),(54,125,1,'อุดหนุนอื่นโรงเรียนบ้านอาเลา'),(55,126,1,'อุดหนุนอาหารกลางวันโรงเรียนบ้านอาเลา'),(56,127,1,'กสศ.เพื่อโรงเรียนบ้านอาเลา');

--
-- Table structure for table `budget_withdraw`
--

CREATE TABLE `budget_withdraw` (
  `id` int(11) NOT NULL AUTO_INCREMENT,
  `budget_year` int(11) DEFAULT NULL,
  `document` varchar(30) NOT NULL DEFAULT '',
  `item` varchar(100) NOT NULL DEFAULT '',
  `pj_activity` varchar(20) NOT NULL DEFAULT '',
  `money` double NOT NULL DEFAULT 0,
  `money_type` varchar(3) NOT NULL,
  `pay_type` varchar(10) NOT NULL,
  `p_request` varchar(50) NOT NULL,
  `status` tinyint(4) DEFAULT 0,
  `officer` varchar(13) NOT NULL DEFAULT '',
  `rec_date` date NOT NULL,
  `borrowed_rec_date` date NOT NULL,
  `withdraw_rec_date` date NOT NULL,
  PRIMARY KEY (`id`)
) ENGINE=MyISAM AUTO_INCREMENT=73 DEFAULT CHARSET=utf8 COLLATE=utf8_general_ci;

--
-- Dumping data for table `budget_withdraw`
--

INSERT INTO `budget_withdraw` VALUES (1,2559,'บค01/59','รับเงินรายหัวก่อนประถม','',500,'108','203','อมรา  พิมศรี',1,'3451000288642','2016-07-24','0000-00-00','2016-07-24'),(7,2561,'1','จ้างครูอัตราจ้าง','',3000,'101','103','จ.ส.ต.บุญน้อม  ราโชติ',1,'3341501686145','2018-08-31','0000-01-01','2018-08-31'),(6,2561,'1','จ้างเหมารถนำนักเรียนแข่งวิชากการกลุ่ม','',400,'109','202','จ.ส.ต.บุญน้อม  ราโชติ',1,'3341501686145','2018-08-31','0000-01-01','2018-08-31'),(8,2561,'1','ค่าไฟและค่าอินเทอร์เน็ต','',1902.86,'109','204','จ.ส.ต.บุญน้อม  ราโชติ',1,'3341501686145','2018-09-11','0000-01-01','2018-09-11'),(9,2561,'1','ซื้อหม้อหุงข้าวไฟฟ้าขนาด 7 ลิตร และอุปกรณ์ในฝึกการผลิตน้ำยาล้างจาน','',3990,'109','202','จ.ส.ต.บุญน้อม  ราโชติ',1,'3341501686145','2018-09-12','0000-01-01','2018-09-12'),(10,2561,'1','ซ่อมเครื่องprinter จำนวน 2 เครื่อง','',1500,'109','202','จ.ส.ต.บุญน้อม  ราโชติ',1,'3341501686145','2018-09-20','0000-01-01','2018-09-20'),(11,2561,'2','อาหารกลางวัน','',9400,'118','202','จ.ส.ต.บุญน้อม  ราโชติ',1,'3341501686145','2018-09-24','0000-01-01','2018-09-24'),(12,2561,'3','ป้องกันยาเสพติดในสถานศึกษา','',5000,'121','202','จ.ส.ต.บุญน้อม  ราโชติ',1,'3341501686145','2018-09-26','0000-01-01','2018-09-26'),(13,2561,'3','ป้องกันยาเสพติดในสถานศึกษาโดยเงินโรงเรียนสนับสนุนร่วมกับ อบต.','',1000,'109','202','จ.ส.ต.บุญน้อม  ราโชติ',1,'3341501686145','2018-09-26','0000-01-01','2018-09-26'),(14,2561,'4','จ้างครูอัตราจ้าง','',3000,'101','202','จ.ส.ต.บุญน้อม  ราโชติ',1,'3341501686145','2018-09-28','0000-01-01','2018-09-28'),(15,2561,'4','ค่าไฟ','',1245.14,'109','202','จ.ส.ต.บุญน้อม  ราโชติ',1,'3341501686145','2018-09-28','0000-01-01','2018-09-28'),(16,2562,'1','เงินรายได้สถานศึกษา(ยืมมาจัดทำอาหารกลางวัน1-5 ต.ค.61)','',4700,'101','202','จ.ส.ต.บุญน้อม  ราโชติ',0,'3341501686145','2018-10-01','2018-10-01','0000-01-01'),(17,2562,'2','ยืมเงินหมวดกิจกรรมพัฒนาผู้เรียนเป็นค่าอาหารกลางวันในวันที่ 8-10 ต.ค.61','',2820,'117','202','จ.ส.ต.บุญน้อม  ราโชติ',0,'3341501686145','2018-10-08','2018-10-08','0000-01-01'),(18,2562,'3','ค่าอินเทอร์เน็ต','',749,'109','204','จ.ส.ต.บุญน้อม  ราโชติ',1,'3341501686145','2018-10-08','0000-01-01','2018-10-08'),(20,2562,'4','เงินอาหารกลางวัน','',9400,'118','202','จ.ส.ต บุญน้อม ราโชติ',1,'1342200061523','2018-10-31','0000-01-01','2018-10-31'),(21,2562,'5','ค่าไฟ','',1266.88,'109','204','จ.ส.ต บุญน้อม ราโชติ',1,'1342200061523','2018-10-31','0000-01-01','2018-10-31'),(23,2562,'6','ค่าจ้างครูอัตราจ้าง 1-10 ตุลาคม 2561','',2000,'101','103','จ.ส.ต.บุญน้อม  ราโชติ',1,'3451000288642','2018-10-31','0000-01-01','2018-10-31'),(27,2562,'3','ยืมเงินหมวดกิจกรรมพัฒนาผู้เรียนเป็นค่า (อุปกรณ์การเรียน','',80,'117','203','จ.ส.ต.บุญน้อม ราโชติ',0,'1342200061523','2018-11-14','2018-11-14','0000-01-01'),(26,2562,'7','ค่าอุปกรณ์การเรียน','',8145,'115','203','จ.ส.ต.บุญน้อม ราโชติ',1,'1342200061523','2018-11-13','0000-01-01','2018-11-13'),(29,2564,'01','ค่าช่าง','024001',4299,'101','202','นางสาวณัฐปภัสร์ ราชวิชา',1,'1342200061523','2020-11-12','0000-01-01','2020-11-12'),(30,2564,'01','ค่าช่าง','024001',7500,'101','202','นางสาวณัฐปภัสร์ ราชวิชา',1,'1342200061523','2020-11-27','0000-01-01','2020-11-27'),(31,2564,'01','ค่าวัสดุ','024001',1300,'101','202','นางสาวณัฐปภัสร์ ราชวิชา',1,'1342200061523','2021-01-29','0000-01-01','2021-01-29'),(32,2564,'01','ถอนดอกเบี้ย','024001',1.2,'101','202','นางสาวณัฐปภัสร์ ราชวิชา',1,'1342200061523','2021-02-01','0000-01-01','2021-02-01'),(33,2564,'01','กสศ.ยากจนพิเศษ','027001',67500,'127','202','นางสาวณัฐปภัสร์ ราชวิชา',1,'1342200061523','2020-10-08','0000-01-01','2020-10-08'),(34,2564,'01','กสศ.ยากจนพิเศษ','027001',4000,'127','202','นางสาวณัฐปภัสร์ ราชวิชา',1,'1342200061523','2020-10-20','0000-01-01','2020-10-20'),(35,2564,'01','กสศ.ยากจนพิเศษ','027001',45500,'127','202','นางสาวณัฐปภัสร์ ราชวิชา',1,'1342200061523','2021-01-20','0000-01-01','2021-01-20'),(36,2564,'01','ดอกเบี้ย','027001',8.36,'127','202','นางสาวณัฐปภัสร์ ราชวิชา',1,'1342200061523','2021-02-01','0000-01-01','2021-02-01'),(37,2564,'01','ถอนดอกเบี้ย','028001',0.21,'121','202','นางสาวณัฐปภัสร์ ราชวิชา',1,'1342200061523','2021-02-01','0000-01-01','2021-02-01'),(38,2564,'01','ค่าอาหารกลางวัน','014001',10600,'118','202','นางสาวณัฐปภัสร์ ราชวิชา',1,'1342200061523','2020-10-07','0000-01-01','2020-10-07'),(39,2564,'01','ค่าอาหารกลางวัน','014001',10600,'118','202','นางสาวณัฐปภัสร์ ราชวิชา',1,'1342200061523','2020-10-20','0000-01-01','2020-10-20'),(40,2564,'01','ค่าอาหารกลางวัน','014001',10600,'118','202','นางสาวณัฐปภัสร์ ราชวิชา',1,'1342200061523','2020-11-02','0000-01-01','2020-11-02'),(41,2564,'01','ค่าอาหารกลางวัน','014001',10600,'118','202','นางสาวณัฐปภัสร์ ราชวิชา',1,'1342200061523','2020-11-30','0000-01-01','2020-11-30'),(42,2564,'01','ค่าอาหารกลางวัน','014001',10600,'118','202','นางสาวณัฐปภัสร์ ราชวิชา',1,'1342200061523','2021-01-04','0000-01-01','2021-02-17'),(43,2564,'01','ค่าอาหารกลางวัน','014001',10600,'118','202','นางสาวณัฐปภัสร์ ราชวิชา',1,'1342200061523','2021-01-15','0000-01-01','2021-01-15'),(44,2564,'01','ค่าอาหารกลางวัน','014001',10600,'118','202','นางสาวณัฐปภัสร์ ราชวิชา',1,'1342200061523','2021-01-29','0000-01-01','2021-01-29'),(45,2564,'01','ถอนดอกเบี้ย','014001',49.38,'118','202','นางสาวณัฐปภัสร์ ราชวิชา',1,'1342200061523','2021-02-01','0000-01-01','2021-02-01'),(46,2564,'01','ค่าอาหารกลางวัน','014001',10600,'118','202','นางสาวณัฐปภัสร์ ราชวิชา',1,'1342200061523','2021-02-15','0000-01-01','2021-02-15'),(47,2564,'01','ค่าอาหารกลางวัน','014001',10600,'118','202','นางสาวณัฐปภัสร์ ราชวิชา',1,'1342200061523','2020-12-16','0000-01-01','2020-12-16'),(48,2564,'01','ปัจจัยพื้นฐานนักเรียนยากจน','029001',16000,'112','202','นางสาวณัฐปภัสร์ ราชวิชา',1,'1342200061523','2020-02-08','0000-01-01','2020-02-08'),(49,2564,'01','ค่าไฟฟ้า','021001',1761.86,'109','204','นางสาวณัฐปภัสร์ ราชวิชา',1,'1342200061523','2020-10-08','0000-01-01','2020-10-08'),(50,2564,'01','เงินเดือนครู','019001',4000,'109','201','นางสาวณัฐปภัสร์ ราชวิชา',1,'1342200061523','2020-10-28','0000-01-01','2020-10-28'),(51,2564,'01','ค่าไฟฟ้า','021001',1603.05,'109','204','นางสาวณัฐปภัสร์ ราชวิชา',1,'1342200061523','2020-10-28','0000-01-01','2020-10-28'),(52,2564,'01','ค่าพัฒนาบุคลากร','017001',3000,'109','202','นางสาวณัฐปภัสร์ ราชวิชา',1,'1342200061523','2020-12-16','0000-01-01','2020-12-16'),(53,2564,'01','ค่าไฟฟ้า','021001',1212.85,'108','204','นางสาวณัฐปภัสร์ ราชวิชา',1,'1342200061523','2020-12-16','0000-01-01','2020-12-16'),(54,2564,'01','ค่าอุปกรณ์การเรียน','015003',1470,'115','202','นางสาวณัฐปภัสร์ ราชวิชา',1,'1342200061523','2020-12-25','0000-01-01','2020-12-25'),(55,2564,'01','ค่าวัสดุอุปกรณ์การเรียน','015003',5200,'115','202','นางสาวณัฐปภัสร์ ราชวิชา',1,'1342200061523','2020-12-25','0000-01-01','2020-12-25'),(56,2564,'01','เงินเดือนครู','019001',4000,'109','201','นางสาวณัฐปภัสร์ ราชวิชา',1,'1342200061523','2020-12-25','0000-01-01','2020-12-25'),(57,2564,'01','ค่าจ้างเหมาเปลี่ยนประตูห้องเรียน','023001',3000,'109','201','นางสาวณัฐปภัสร์ ราชวิชา',1,'1342200061523','2020-12-25','0000-01-01','2020-12-25'),(58,2564,'01','พัฒนาอาคาร','024001',2500,'109','202','นางสาวณัฐปภัสร์ ราชวิชา',1,'1342200061523','2020-12-25','0000-01-01','2020-12-25'),(59,2564,'01','ค่าไฟฟ้า','021001',875.25,'108','204','นางสาวณัฐปภัสร์ ราชวิชา',1,'1342200061523','2020-12-25','0000-01-01','2020-12-25'),(60,2564,'01','ค่าตู้สหกรณ์','025001',4100,'109','203','นางสาวณัฐปภัสร์ ราชวิชา',1,'1342200061523','2021-01-15','0000-01-01','2021-01-15'),(61,2564,'01','จัดชื้อสื่อ','002001',4000,'108','202','นางสาวณัฐปภัสร์ ราชวิชา',1,'1342200061523','2021-01-20','0000-01-01','2021-01-20'),(62,2564,'01','จัดชื้อสื่อ','002001',6000,'109','202','นางสาวณัฐปภัสร์ ราชวิชา',1,'1342200061523','2021-01-20','0000-01-01','2021-01-20'),(63,2564,'01','เงินเดือนครู','019001',4000,'109','201','นางสาวณัฐปภัสร์ ราชวิชา',1,'1342200061523','2021-01-29','0000-01-01','2021-01-29'),(64,2564,'01','โครงงานวิชาการ','001002',4000,'109','202','นางสาวณัฐปภัสร์ ราชวิชา',1,'1342200061523','2021-01-29','0000-01-01','2021-01-29'),(65,2564,'01','ถอนดอกเบี้ย','015003',46.47,'109','202','นางสาวณัฐปภัสร์ ราชวิชา',1,'1342200061523','2021-02-01','0000-01-01','2021-02-01'),(66,2564,'01','ค่าไฟฟ้า','021001',1177.42,'108','204','นางสาวณัฐปภัสร์ ราชวิชา',1,'1342200061523','2021-02-05','0000-01-01','2021-02-05'),(67,2564,'01','ค่าอุปกรณ์การเรียน','015003',1670,'115','202','นางสาวณัฐปภัสร์ ราชวิชา',1,'1342200061523','2021-02-05','0000-01-01','2021-02-05'),(68,2564,'01','ค่าเครื่องเสียง','007001',3230,'109','202','นางสาวณัฐปภัสร์ ราชวิชา',1,'1342200061523','2021-02-05','0000-01-01','2021-02-05'),(69,2564,'01','ถอนดอกเบี้ย','014001',0.01,'123','202','นางสาวณัฐปภัสร์ ราชวิชา',1,'1342200061523','2021-02-05','0000-01-01','2021-02-05'),(70,2564,'01','เงินอาหารกลางวัน','014001',10600,'118','204','นางสาวณัฐปภัสร์  ราชวิชา',1,'1342200061523','2021-03-01','0000-01-01','2021-03-09'),(71,2564,'01','เงินเดือนครู','019001',4000,'109','201','นางสาวณัฐปภัสร์  ราชวิชา',1,'1342200061523','2021-03-01','0000-01-01','2021-03-01'),(72,2564,'01','โครงงานบ้านวิทยาศาสตร์น้อย','001003',3000,'108','202','นางสาวณัฐปภัสร์  ราชวิชา',1,'1342200061523','2021-03-01','0000-01-01','2021-03-01');

--
-- Table structure for table `budget_year`
--

CREATE TABLE `budget_year` (
  `id` int(11) NOT NULL AUTO_INCREMENT,
  `budget_year` int(11) NOT NULL,
  `year_active` tinyint(1) NOT NULL,
  PRIMARY KEY (`id`),
  UNIQUE KEY `budget_year` (`budget_year`)
) ENGINE=MyISAM AUTO_INCREMENT=9 DEFAULT CHARSET=utf8 COLLATE=utf8_general_ci;

--
-- Dumping data for table `budget_year`
--

INSERT INTO `budget_year` VALUES (1,2559,0),(2,2561,0),(3,2562,0),(4,2563,0),(5,2564,0),(6,2565,0),(7,2566,1),(8,2567,0);

--
-- Table structure for table `cabinet_cabinet`
--

CREATE TABLE `cabinet_cabinet` (
  `id` int(11) NOT NULL AUTO_INCREMENT,
  `cabinet_id` int(11) NOT NULL,
  `cabinet_type` tinyint(4) NOT NULL,
  `cabinet_name` varchar(100) NOT NULL,
  `cabinet_size` double NOT NULL,
  `tray_size` double NOT NULL,
  `cabinet_person` varchar(13) NOT NULL,
  PRIMARY KEY (`id`),
  UNIQUE KEY `cabinet_id` (`cabinet_id`)
) ENGINE=MyISAM AUTO_INCREMENT=4 DEFAULT CHARSET=utf8 COLLATE=utf8_general_ci;

--
-- Dumping data for table `cabinet_cabinet`
--

INSERT INTO `cabinet_cabinet` VALUES (1,1,1,'งานวิชาการ',500,100,'3341501686145'),(2,2,1,'งานบริหารทั่วไป',500,100,'3341501686145'),(3,3,1,'งานธุรการ',1000,100,'1342200061523');

--
-- Table structure for table `cabinet_file`
--

CREATE TABLE `cabinet_file` (
  `id` int(11) NOT NULL AUTO_INCREMENT,
  `file_id` int(11) NOT NULL,
  `tray_id` bigint(11) NOT NULL,
  `cabinet_id` int(11) NOT NULL,
  `file_name` varchar(100) NOT NULL,
  PRIMARY KEY (`id`)
) ENGINE=MyISAM AUTO_INCREMENT=4 DEFAULT CHARSET=utf8 COLLATE=utf8_general_ci;

--
-- Dumping data for table `cabinet_file`
--

INSERT INTO `cabinet_file` VALUES (1,1,1,1,'หลักสูตรปฐมวัย'),(2,2,1,1,'หลักสูตรปรถมศึกษา'),(3,3,2,3,'ประวัตินักเรียน');

--
-- Table structure for table `cabinet_main`
--

CREATE TABLE `cabinet_main` (
  `id` int(11) NOT NULL AUTO_INCREMENT,
  `file_id` int(11) NOT NULL,
  `tray_id` bigint(11) NOT NULL,
  `cabinet_id` int(11) NOT NULL,
  `cabinet_type` tinyint(4) NOT NULL,
  `doc_subject` varchar(150) NOT NULL,
  `doc_size` double NOT NULL,
  `doc_name` varchar(100) NOT NULL,
  `doc_type` varchar(10) NOT NULL,
  `status` tinyint(4) NOT NULL DEFAULT 0,
  `person_id` varchar(13) NOT NULL,
  `rec_date` datetime NOT NULL,
  PRIMARY KEY (`id`)
) ENGINE=MyISAM AUTO_INCREMENT=3 DEFAULT CHARSET=utf8 COLLATE=utf8_general_ci;

--
-- Dumping data for table `cabinet_main`
--

INSERT INTO `cabinet_main` VALUES (1,1,1,1,1,'หลักสูตรปปฐมวัย',181795,'33415016861451533198439.docx','docx',0,'3341501686145','2018-08-02 15:27:19'),(2,1,1,1,1,'ปก',16762,'33415016861451533198478.docx','docx',0,'3341501686145','2018-08-02 15:27:58');

--
-- Table structure for table `cabinet_permission`
--

CREATE TABLE `cabinet_permission` (
  `id` int(11) NOT NULL AUTO_INCREMENT,
  `person_id` varchar(13) NOT NULL,
  `p1` tinyint(4) DEFAULT NULL,
  `officer` varchar(13) NOT NULL,
  `rec_date` date NOT NULL,
  PRIMARY KEY (`id`),
  UNIQUE KEY `person_id` (`person_id`)
) ENGINE=MyISAM AUTO_INCREMENT=6 DEFAULT CHARSET=utf8 COLLATE=utf8_general_ci;

--
-- Dumping data for table `cabinet_permission`
--

INSERT INTO `cabinet_permission` VALUES (1,'3451000288642',1,'3341501686145','2015-10-29'),(2,'3341501686145',1,'3341501686145','2018-08-02'),(3,'1342200061523',1,'3341501686145','2018-10-26'),(4,'1349900595497',1,'3341501686145','2018-10-26'),(5,'3341400046574',1,'3341501686145','2018-10-26');

--
-- Table structure for table `cabinet_tray`
--

CREATE TABLE `cabinet_tray` (
  `id` int(11) NOT NULL AUTO_INCREMENT,
  `tray_id` bigint(20) NOT NULL,
  `cabinet_id` int(11) NOT NULL,
  `tray_name` varchar(100) NOT NULL,
  PRIMARY KEY (`id`)
) ENGINE=MyISAM AUTO_INCREMENT=10 DEFAULT CHARSET=utf8 COLLATE=utf8_general_ci;

--
-- Dumping data for table `cabinet_tray`
--

INSERT INTO `cabinet_tray` VALUES (1,1,1,'หลักสูตรสถานศึกษา'),(2,2,1,'แผนการเรียนการสอน'),(4,1,2,'แผนปฏิบัติการ 58'),(5,2,2,'แผนปฏิบัติการ 59'),(6,3,2,'แผนปฏิบัติการ 60'),(7,4,2,'แผนปฏิบัติการ 61'),(9,2,3,'ประวัติครู');

--
-- Table structure for table `delegate_main`
--

CREATE TABLE `delegate_main` (
  `id` int(11) NOT NULL AUTO_INCREMENT,
  `person_id` varchar(13) NOT NULL,
  `start` date NOT NULL,
  `finish` date NOT NULL,
  `remark` varchar(250) NOT NULL,
  `officer` varchar(13) NOT NULL,
  `rec_date` date NOT NULL,
  PRIMARY KEY (`id`)
) ENGINE=MyISAM AUTO_INCREMENT=3 DEFAULT CHARSET=utf8 COLLATE=utf8_general_ci;

--
-- Dumping data for table `delegate_main`
--

INSERT INTO `delegate_main` VALUES (1,'3451000288642','2018-08-27','2018-08-27','','3341501686145','2018-08-27'),(2,'3451000288642','2018-11-12','2019-01-01','','1342200061523','2018-11-15');

--
-- Table structure for table `delegate_permission`
--

CREATE TABLE `delegate_permission` (
  `id` int(11) NOT NULL AUTO_INCREMENT,
  `person_id` varchar(13) NOT NULL,
  `p1` tinyint(4) NOT NULL,
  `officer` varchar(13) NOT NULL,
  `rec_date` date NOT NULL,
  PRIMARY KEY (`id`)
) ENGINE=MyISAM AUTO_INCREMENT=5 DEFAULT CHARSET=utf8 COLLATE=utf8_general_ci;

--
-- Dumping data for table `delegate_permission`
--

INSERT INTO `delegate_permission` VALUES (3,'3341500517951',1,'3341500517951','2020-03-06'),(4,'1349900595497',1,'3341500517951','2020-03-06');

--
-- Table structure for table `health_age_height`
--

CREATE TABLE `health_age_height` (
  `id` int(11) NOT NULL AUTO_INCREMENT,
  `type` tinyint(4) NOT NULL DEFAULT 1,
  `sex` tinyint(4) NOT NULL DEFAULT 2,
  `age` double NOT NULL,
  `height_1` double NOT NULL,
  `height_2` double NOT NULL,
  `height_3` double NOT NULL,
  `height_4` double NOT NULL,
  PRIMARY KEY (`id`)
) ENGINE=MyISAM AUTO_INCREMENT=63 DEFAULT CHARSET=utf8 COLLATE=utf8_general_ci;

--
-- Dumping data for table `health_age_height`
--

INSERT INTO `health_age_height` VALUES (1,0,1,1,70,71.5,80,81),(2,0,1,1.25,72.5,73.5,83.5,85),(3,0,1,1.5,75,77,86.5,88),(4,0,1,1.75,77.5,79.5,89.5,91),(5,0,1,2,80,81.5,92,93.5),(6,0,1,2.25,82,84,94,96),(7,0,1,2.5,83.5,84.5,96.5,98),(8,0,1,2.75,85.5,87.5,98.5,100),(9,0,1,3,87,89.5,100.5,102),(10,0,1,3.25,89,91,102.5,104),(11,0,1,3.5,90.5,93,104.5,106),(12,0,1,3.75,92,94.5,106.5,108),(13,0,1,4,93.5,96,108,110),(14,0,1,4.25,95,96.5,110,112),(15,0,1,4.5,97,99,112,113.5),(16,0,1,4.75,98.5,100.5,113.5,115),(17,0,1,5,100,102,115,117.7),(18,0,2,1,67,69,79,80.5),(19,0,2,1.25,70,72,82.5,84.5),(20,0,2,1.5,73,74.5,85,87.5),(21,0,2,1.75,75.5,77,88,89.5),(22,0,2,2,78,79.5,90.5,92),(23,0,2,2.25,80,82,92.5,94.5),(24,0,2,2.5,82,84,95,96.5),(25,0,2,2.75,84,86,97,98.5),(26,0,2,3,85.5,88,99,100.5),(27,0,2,3.25,87.5,89.5,100.5,102.5),(28,0,2,3.5,89,91.5,102.5,104.5),(29,0,2,3.75,90.5,93,104.5,106),(30,0,2,4,92.5,94.5,106.5,108.5),(31,0,2,4.25,94,96,108.5,110.5),(32,0,2,4.5,95.5,98,110.5,112.5),(33,0,2,4.75,97.5,99.5,112.5,114),(34,0,2,5,99,101,114,116),(35,1,1,5,100,102,115,117.5),(36,1,1,6,105.5,107.5,121.5,123.5),(37,1,1,7,110.5,113,127.5,130),(38,1,1,8,114.5,117.5,133.5,136),(39,1,1,9,119,122,138,141),(40,1,1,10,123.5,126.5,143.5,145.5),(41,1,1,11,127.5,130.5,149.5,153),(42,1,1,12,131.5,135,157,161),(43,1,1,13,135,139,162,166),(44,1,1,14,143,147.5,170,173),(45,1,1,15,149.5,153.5,173,176.5),(46,1,1,16,155,158.5,176,178.5),(47,1,1,17,157.5,160.5,177,179.5),(48,1,1,18,158.5,161.5,177.5,180),(49,1,2,5,99,101,114,116),(50,1,2,6,105,107.5,120.5,123),(51,1,2,7,109.5,112.5,126.5,129),(52,1,2,8,114.5,117,132.5,135),(53,1,2,9,119,122,139,142),(54,1,2,10,124,127,146,149.5),(55,1,2,11,129.5,133,152.5,155.5),(56,1,2,12,135.5,138.5,157,159.5),(57,1,2,13,140.5,143.5,160,162.5),(58,1,2,14,144.5,147,162,164.5),(59,1,2,15,146,148,163.5,166),(60,1,2,16,146.5,149,164,166.5),(61,1,2,17,147,149,164,166.5),(62,1,2,18,147,149.5,164,166.5);

--
-- Table structure for table `health_age_weight`
--

CREATE TABLE `health_age_weight` (
  `id` int(11) NOT NULL AUTO_INCREMENT,
  `type` tinyint(4) NOT NULL DEFAULT 1,
  `sex` tinyint(4) NOT NULL DEFAULT 2,
  `age` double NOT NULL,
  `weight_1` double NOT NULL,
  `weight_2` double NOT NULL,
  `weight_3` double NOT NULL,
  `weight_4` double NOT NULL,
  PRIMARY KEY (`id`)
) ENGINE=MyISAM AUTO_INCREMENT=63 DEFAULT CHARSET=utf8 COLLATE=utf8_general_ci;

--
-- Dumping data for table `health_age_weight`
--

INSERT INTO `health_age_weight` VALUES (1,0,1,1,7.8,8.3,11.5,11.5),(2,0,1,1.25,8.5,9,12,12.5),(3,0,1,1.5,8.9,9.4,12.9,13.5),(4,0,1,1.75,9.4,10,13.7,14.4),(5,0,1,2,9.8,10.5,14.5,15.2),(6,0,1,2.25,10.2,11,15,15.8),(7,0,1,2.5,10.6,11.4,15.8,16.7),(8,0,1,2.75,11,11.8,16.6,17.4),(9,0,1,3,11.4,12.2,17.3,18.2),(10,0,1,3.25,11.7,12.6,18,19),(11,0,1,3.5,12,12.8,18.7,19.8),(12,0,1,3.75,12.4,13.3,19.3,20.6),(13,0,1,4,12.7,13.6,20,21.3),(14,0,1,4.25,13.2,13.9,20.7,22),(15,0,1,4.5,13.4,14.3,21.3,22.7),(16,0,1,4.75,13.8,14.6,21.9,23.7),(17,0,1,5,14,15,23,24),(18,0,2,1,7.3,7.7,10.5,11),(19,0,2,1.25,7.8,8.3,11.3,11.9),(20,0,2,1.5,8.3,8.8,12,12.8),(21,0,2,1.75,8.8,9.3,12.9,13.6),(22,0,2,2,9,9.8,13.6,14.4),(23,0,2,2.25,9.5,10.2,14.4,15.2),(24,0,2,2.5,9.8,10.7,15.2,15.9),(25,0,2,2.75,10.3,11.2,15.9,16.9),(26,0,2,3,10.7,11.5,16.6,17.4),(27,0,2,3.25,11.2,11.9,17.3,18.2),(28,0,2,3.5,11.5,12.3,17.9,18.9),(29,0,2,3.75,11.8,12.7,18.5,19.7),(30,0,2,4,12.2,13,19.3,20.5),(31,0,2,4.25,12.4,13.4,19.7,21),(32,0,2,4.5,12.8,13.7,20.3,21.7),(33,0,2,4.75,13,13.9,20.9,22.3),(34,0,2,5,13.5,14,22,23.5),(35,1,1,5,14,15,23,24),(36,1,1,6,15.5,16.5,25.5,27),(37,1,1,7,17,18.5,28.5,31),(38,1,1,8,18.5,20,32,35),(39,1,1,9,20,21.5,36,39.5),(40,1,1,10,21.5,23.5,40.5,44.5),(41,1,1,11,23,25.5,45,49.5),(42,1,1,12,25.5,28,50,54.5),(43,1,1,13,28,31.5,54.5,58.5),(44,1,1,14,32,35.5,58.5,63.5),(45,1,1,15,36.5,40,62,65.5),(46,1,1,16,40.5,44,64,67.5),(47,1,1,17,43,46,66,69),(48,1,1,18,45,48,67,70),(49,1,2,5,13.5,14,22,23.5),(50,1,2,6,15,16,24.5,26.5),(51,1,2,7,16.5,17.5,28.5,31),(52,1,2,8,17.5,19,32.5,35.5),(53,1,2,9,19.5,21,37.5,41),(54,1,2,10,21.5,23.5,42,46),(55,1,2,11,23.5,26,46.5,50.5),(56,1,2,12,26.5,29,50,54),(57,1,2,13,29.5,33,53,55.5),(58,1,2,14,33.5,36.5,55,58.5),(59,1,2,15,36.5,38.5,56.5,59.5),(60,1,2,16,37.5,40,57,60),(61,1,2,17,38,41,57.5,60.5),(62,1,2,18,38.5,41,57.5,60.5);

--
-- Table structure for table `health_base`
--

CREATE TABLE `health_base` (
  `base_id` int(5) NOT NULL AUTO_INCREMENT,
  `study_year` int(5) NOT NULL,
  `term` int(3) NOT NULL,
  `status` int(2) NOT NULL,
  PRIMARY KEY (`base_id`)
) ENGINE=MyISAM AUTO_INCREMENT=15 DEFAULT CHARSET=utf8 COLLATE=utf8_general_ci;

--
-- Dumping data for table `health_base`
--

INSERT INTO `health_base` VALUES (1,2558,2,0),(2,2559,1,0),(3,2560,2,0),(4,2561,1,0),(5,2562,1,0),(6,2562,2,0),(7,2563,1,0),(8,2563,2,0),(9,2564,1,0),(10,2564,2,0),(11,2565,1,0),(12,2565,2,0),(13,2566,1,0),(14,2568,2,1);

--
-- Table structure for table `health_checking`
--

CREATE TABLE `health_checking` (
  `check_id` int(11) NOT NULL AUTO_INCREMENT,
  `student_id` int(11) NOT NULL,
  `student_number` varchar(13) NOT NULL,
  `year_std` varchar(5) NOT NULL,
  `term_std` varchar(3) NOT NULL,
  `class_now` tinyint(4) NOT NULL,
  `room` tinyint(4) NOT NULL,
  `number_check` int(5) NOT NULL,
  `gum` varchar(100) NOT NULL,
  `iodine` varchar(100) NOT NULL,
  `tooth` varchar(100) NOT NULL,
  `weight` varchar(10) NOT NULL,
  `tall` varchar(10) NOT NULL,
  `comment` text NOT NULL,
  `day` datetime NOT NULL,
  `usenull` text DEFAULT NULL,
  `life` varchar(10) NOT NULL,
  `push` varchar(10) NOT NULL,
  `sit` varchar(10) NOT NULL,
  `roll` varchar(10) NOT NULL,
  `run` varchar(10) NOT NULL,
  `person_check` varchar(255) NOT NULL,
  PRIMARY KEY (`check_id`)
) ENGINE=MyISAM AUTO_INCREMENT=459 DEFAULT CHARSET=utf8 COLLATE=utf8_general_ci;

--
-- Dumping data for table `health_checking`
--

INSERT INTO `health_checking` VALUES (1,1369,'0','2558','2',9,1,1,'ไม่มี','ปกติ','ไม่ผุ','32','146','','2558-11-03 02:32:39','','90','10','26','5.5','7.00','3451000288642'),(2,1371,'0','2558','2',9,1,1,'ไม่มี','ปกติ','ไม่ผุ','46','152','','2558-11-03 02:37:04','','99','10','42','5.5','7.00','3451000288642'),(3,1370,'0','2558','2',9,1,1,'ไม่มี','ปกติ','ไม่ผุ','53','160','','2558-11-03 02:36:32','','97','11','40','5.00','7.5','3451000288642'),(4,1372,'0','2558','2',9,1,1,'ไม่มี','ปกติ','ไม่ผุ','29','136','','2558-11-03 02:38:11','','57','9','41','5.00','7.5','3451000288642'),(5,1373,'0','2558','2',9,1,1,'ปานกลาง','ปกติ','ไม่ผุ','36','150','','2558-11-03 02:39:32','','92','3','45','5.00','7.00','3451000288642'),(6,1377,'0','2558','2',9,1,1,'ไม่มี','ปกติ','ไม่ผุ','27','137','','2558-11-03 02:41:15','','82','5','40','5.5','8.00','3451000288642'),(7,1462,'1','2561','1',1,0,1,'ไม่มี','ปกติ','ไม่ผุ','12','86','','2561-08-10 03:37:10','','','','','','','3341501686145'),(8,1463,'2','2561','1',1,0,1,'ไม่มี','ปกติ','ไม่ผุ','10','85','','2561-08-10 03:37:31','','','','','','','3341501686145'),(9,1460,'3','2561','1',1,0,1,'ไม่มี','ปกติ','ไม่ผุ','13','93','','2561-08-10 03:38:02','','','','','','','3341501686145'),(10,1459,'4','2561','1',1,0,1,'ไม่มี','ปกติ','ไม่ผุ','15','99','','2561-08-10 03:38:17','','','','','','','3341501686145'),(11,1461,'5','2561','1',1,0,1,'ไม่มี','ปกติ','ไม่ผุ','15','95','','2561-08-10 03:38:32','','','','','','','3341501686145'),(12,1452,'1','2561','1',2,0,1,'ไม่มี','ปกติ','ไม่ผุ','15','100','','2561-08-10 03:39:16','','','','','','','3341501686145'),(13,1454,'2','2561','1',2,0,1,'ไม่มี','ปกติ','ไม่ผุ','17','108','','2561-08-10 03:39:31','','','','','','','3341501686145'),(14,1455,'3','2561','1',2,0,1,'ไม่มี','ปกติ','ไม่ผุ','15','103','','2561-08-10 03:39:52','','','','','','','3341501686145'),(15,1458,'4','2561','1',2,0,1,'ไม่มี','ปกติ','ไม่ผุ','19','107','','2561-08-10 03:40:10','','','','','','','3341501686145'),(16,1448,'1','2561','1',3,0,1,'ไม่มี','ปกติ','ไม่ผุ','21','119','','2561-08-10 03:40:54','','','','','','','3341501686145'),(17,1449,'2','2561','1',3,0,1,'ไม่มี','ปกติ','ไม่ผุ','16','104','','2561-08-10 03:41:11','','','','','','','3341501686145'),(18,1450,'3','2561','1',3,0,1,'ไม่มี','ปกติ','ไม่ผุ','23','106','','2561-08-10 03:41:25','','','','','','','3341501686145'),(19,1435,'1','2561','1',4,0,1,'ไม่มี','ปกติ','ไม่ผุ','21','114','','2561-08-10 03:41:49','','','','','','','3341501686145'),(20,1437,'2','2561','1',4,0,1,'ไม่มี','ปกติ','ไม่ผุ','17','112','','2561-08-10 03:42:04','','','','','','','3341501686145'),(21,1436,'3','2561','1',4,0,1,'ไม่มี','ปกติ','ไม่ผุ','19','115','','2561-08-10 03:42:17','','','','','','','3341501686145'),(22,1438,'4','2561','1',4,0,1,'ไม่มี','ปกติ','ไม่ผุ','17','116','','2561-08-10 03:42:31','','','','','','','3341501686145'),(23,1427,'3','2561','1',5,0,1,'ไม่มี','ปกติ','ไม่ผุ','21','113','','2561-08-10 03:43:32','','','','','','','3341501686145'),(24,1424,'1','2561','1',5,0,1,'ไม่มี','ปกติ','ไม่ผุ','21','116','','2561-08-10 03:43:51','','','','','','','3341501686145'),(25,1425,'2','2561','1',5,0,1,'ไม่มี','ปกติ','ไม่ผุ','23','123','','2561-08-10 03:44:06','','','','','','','3341501686145'),(26,1417,'1','2561','1',6,0,1,'ไม่มี','ปกติ','ไม่ผุ','33','136','','2561-08-10 03:44:39','','','','','','','3341501686145'),(27,1419,'2','2561','1',6,0,1,'ไม่มี','ปกติ','ไม่ผุ','24','125','','2561-08-10 03:44:55','','','','','','','3341501686145'),(28,1420,'3','2561','1',6,0,1,'ไม่มี','ปกติ','ไม่ผุ','40','138','','2561-08-10 03:45:17','','','','','','','3341501686145'),(29,1421,'4','2561','1',6,0,1,'ไม่มี','ปกติ','ไม่ผุ','23','128','','2561-08-10 03:45:34','','','','','','','3341501686145'),(30,1422,'5','2561','1',6,0,1,'ไม่มี','ปกติ','ไม่ผุ','23','125','','2561-08-10 03:45:49','','','','','','','3341501686145'),(31,1428,'6','2561','1',6,0,1,'ไม่มี','ปกติ','ไม่ผุ','24','130','','2561-08-10 03:46:02','','','','','','','3341501686145'),(32,1439,'7','2561','1',6,0,1,'ไม่มี','ปกติ','ไม่ผุ','20','120','','2561-08-10 03:46:16','','','','','','','3341501686145'),(33,1418,'8','2561','1',6,0,1,'ไม่มี','ปกติ','ไม่ผุ','21','119','','2561-08-10 03:46:40','','','','','','','3341501686145'),(34,1413,'1','2561','1',7,0,1,'ไม่มี','ปกติ','ไม่ผุ','25','130','','2561-08-10 03:47:29','','','','','','','3341501686145'),(35,1414,'2','2561','1',7,0,1,'ไม่มี','ปกติ','ไม่ผุ','44','130','','2561-08-10 03:47:44','','','','','','','3341501686145'),(36,1415,'3','2561','1',7,0,1,'ไม่มี','ปกติ','ไม่ผุ','43','136','','2561-08-10 03:47:58','','','','','','','3341501686145'),(37,1440,'4','2561','1',7,0,1,'ไม่มี','ปกติ','ไม่ผุ','20','119','','2561-08-10 03:48:13','','','','','','','3341501686145'),(38,1441,'5','2561','1',7,0,1,'ไม่มี','ปกติ','ไม่ผุ','49','142','','2561-08-10 03:48:31','','','','','','','3341501686145'),(39,1403,'1','2561','1',8,0,1,'ไม่มี','ปกติ','ไม่ผุ','29','139','','2561-08-10 03:49:20','','','','','','','3341501686145'),(40,1404,'2','2561','1',8,0,1,'ไม่มี','ปกติ','ไม่ผุ','34','142','','2561-08-10 03:49:34','','','','','','','3341501686145'),(41,1405,'3','2561','1',8,0,1,'ไม่มี','ปกติ','ไม่ผุ','34','138','','2561-08-10 03:49:55','','','','','','','3341501686145'),(42,1410,'4','2561','1',8,0,1,'ไม่มี','ปกติ','ไม่ผุ','25','125','','2561-08-10 03:50:11','','','','','','','3341501686145'),(43,1412,'5','2561','1',8,0,1,'ไม่มี','ปกติ','ไม่ผุ','23','125','','2561-08-10 03:50:28','','','','','','','3341501686145'),(44,1430,'6','2561','1',8,0,1,'ไม่มี','ปกติ','ไม่ผุ','44','152','','2561-08-10 03:50:43','','','','','','','3341501686145'),(45,1431,'7','2561','1',8,0,1,'ไม่มี','ปกติ','ไม่ผุ','30','135','','2561-08-10 03:50:56','','','','','','','3341501686145'),(46,1432,'8','2561','1',8,0,1,'ไม่มี','ปกติ','ไม่ผุ','33','135','','2561-08-10 03:51:09','','','','','','','3341501686145'),(47,1442,'9','2561','1',8,0,1,'ไม่มี','ปกติ','ไม่ผุ','25','133','','2561-08-10 03:51:24','','','','','','','3341501686145'),(48,1443,'10','2561','1',8,0,1,'ไม่มี','ปกติ','ไม่ผุ','45','137','','2561-08-10 03:51:39','','','','','','','3341501686145'),(49,1445,'11','2561','1',8,0,1,'ไม่มี','ปกติ','ไม่ผุ','28','136','','2561-08-10 03:51:57','','','','','','','3341501686145'),(50,1396,'1','2561','1',9,0,1,'ไม่มี','ปกติ','ไม่ผุ','33','140','','2561-08-10 03:52:21','','','','','','','3341501686145'),(51,1402,'2','2561','1',9,0,1,'ไม่มี','ปกติ','ไม่ผุ','40','143','','2561-08-10 03:52:37','','','','','','','3341501686145'),(52,1408,'3','2561','1',9,0,1,'ไม่มี','ปกติ','ไม่ผุ','27','136','','2561-08-10 03:52:53','','','','','','','3341501686145'),(53,1409,'4','2561','1',9,0,1,'ไม่มี','ปกติ','ไม่ผุ','30','138','','2561-08-10 03:53:19','','','','','','','3341501686145'),(54,1448,'1','2562','1',4,0,1,'ไม่มี','ปกติ','ไม่ผุ','22','124','','2563-02-09 09:23:19','','67','10','13','5','12','3341500517951'),(55,1449,'2','2562','1',4,0,1,'ไม่มี','ปกติ','ไม่ผุ','19','116','','2563-02-09 09:25:07','','64','13','15','6','11','3341500517951'),(56,1450,'3','2562','1',4,0,1,'ไม่มี','ปกติ','ไม่ผุ','26','120','','2563-02-09 09:25:56','','70','11','14','4','13','3341500517951'),(57,1448,'1','2562','1',4,0,2,'ไม่มี','ปกติ','ไม่ผุ','25','125','','2563-02-09 09:27:52','','65','11','14','6','13','3341500517951'),(58,1449,'2','2562','1',4,0,2,'ไม่มี','ปกติ','ไม่ผุ','19','119','','2563-02-09 09:29:10','','68','12','13','7','13','3341500517951'),(59,1450,'3','2562','1',4,0,2,'ไม่มี','ปกติ','ไม่ผุ','29','121','','2563-02-09 09:29:48','','67','12','13','6','12','3341500517951'),(60,1435,'1','2562','1',5,0,1,'ไม่มี','ปกติ','ผุ','24','119','','2563-02-09 09:31:36','','67','11','13','5','11','3341500517951'),(61,1437,'2','2562','1',5,0,1,'ไม่มี','ปกติ','ไม่ผุ','20','117','','2563-02-09 09:32:32','','64','12','11','6','13','3341500517951'),(62,1436,'3','2562','1',5,0,1,'ไม่มี','ปกติ','ไม่ผุ','23','121','','2563-02-09 06:23:50','','65','10','14','5','12','3341500517951'),(63,1438,'4','2562','1',5,0,1,'ไม่มี','ปกติ','ไม่ผุ','20','113','','2563-02-09 09:58:48','','68','12','15','7','13','3341500517951'),(64,1472,'5','2562','1',5,0,1,'ไม่มี','ปกติ','ไม่ผุ','20','114','','2563-02-09 06:24:02','','70','13','11','5','13','3341500517951'),(65,1424,'1','2562','1',6,0,1,'ไม่มี','ปกติ','ไม่ผุ','22','121','','2563-02-09 06:31:09','','67','12','15','7','11','3341500517951'),(66,1425,'2','2562','1',6,0,1,'ไม่มี','ปกติ','ไม่ผุ','24','128','','2563-02-09 06:31:20','','70','12','11','8','10','3341500517951'),(67,1427,'3','2562','1',6,0,1,'ไม่มี','ปกติ','ไม่ผุ','20','118','','2563-02-09 06:31:37','','65','14','14','7','11','3341500517951'),(68,1424,'1','2562','1',6,0,2,'ไม่มี','ปกติ','ไม่ผุ','24','122','','2563-02-09 06:30:13','','70','12','15','7','10','3341500517951'),(69,1425,'2','2562','1',6,0,2,'ไม่มี','ปกติ','ไม่ผุ','24','130','','2563-02-09 10:05:19','','67','14','14','6','9','3341500517951'),(70,1427,'3','2562','1',6,0,2,'ไม่มี','ปกติ','ไม่ผุ','25','119','','2563-02-09 06:30:36','','65','16','15','6','11','3341500517951'),(71,1417,'1','2562','1',7,0,2,'ไม่มี','ปกติ','ไม่ผุ','43','145','','2563-02-09 12:03:34','','70','15','15','9','9','3341500517951'),(72,1419,'2','2562','1',7,0,2,'ไม่มี','ปกติ','ไม่ผุ','30','130','','2563-02-09 12:03:51','','71','16','15','7','10','3341500517951'),(73,1420,'3','2562','1',7,0,2,'ไม่มี','ปกติ','ไม่ผุ','49','147','','2563-02-09 12:04:08','','68','14','13','5','13','3341500517951'),(74,1421,'4','2562','1',7,0,2,'ไม่มี','ปกติ','ไม่ผุ','25','135','','2563-02-09 12:04:17','','65','16','15','6','11','3341500517951'),(75,1422,'5','2562','1',7,0,2,'ไม่มี','ปกติ','ไม่ผุ','25','133','','2563-02-09 12:04:36','','72','17','15','6','10','3341500517951'),(76,1428,'6','2562','1',7,0,2,'ไม่มี','ปกติ','ไม่ผุ','30','135','','2563-02-09 12:05:19','','69','14','14','5','9','3341500517951'),(77,1439,'7','2562','1',7,0,2,'ไม่มี','ปกติ','ไม่ผุ','27','127','','2563-02-09 12:05:30','','70','16','11','7','10','3341500517951'),(78,1418,'8','2562','1',7,0,2,'ไม่มี','ปกติ','ไม่ผุ','27','125','','2563-02-09 12:05:42','','71','14','14','5','11','3341500517951'),(79,1413,'1','2562','1',8,0,1,'ไม่มี','ปกติ','ไม่ผุ','24','135','','2563-02-09 12:15:09','','70','12','15','5','11','3341500517951'),(80,1414,'2','2562','1',8,0,1,'ไม่มี','ปกติ','ไม่ผุ','51','137','','2563-02-09 12:15:26','','67','14','16','6','10','3341500517951'),(81,1415,'3','2562','1',8,0,1,'ไม่มี','ปกติ','ไม่ผุ','46','143','','2563-02-09 12:15:45','','71','16','15','7','10','3341500517951'),(82,1440,'4','2562','1',8,0,1,'ไม่มี','ปกติ','ไม่ผุ','21','125','','2563-02-09 12:15:56','','68','14','11','8','9','3341500517951'),(83,1441,'5','2562','1',8,0,1,'ไม่มี','ปกติ','ไม่ผุ','60','150','','2563-02-09 12:16:11','','69','17','13','7','10','3341500517951'),(84,1403,'1','2562','1',9,0,1,'ไม่มี','ปกติ','ไม่ผุ','34','149','','2563-02-09 12:20:14','','70','14','14','8','12','3341500517951'),(85,1404,'2','2562','1',9,0,1,'ไม่มี','ปกติ','ไม่ผุ','40','151','','2563-02-09 12:20:31','','72','16','15','7','11','3341500517951'),(86,1405,'3','2562','1',9,0,1,'ไม่มี','ปกติ','ไม่ผุ','38','148','','2563-02-09 12:20:59','','67','14','13','6','13','3341500517951'),(87,1410,'4','2562','1',9,0,1,'ไม่มี','ปกติ','ไม่ผุ','28','134','','2563-02-09 12:21:16','','64','15','16','9','8','3341500517951'),(88,1412,'5','2562','1',9,0,1,'ไม่มี','ปกติ','ไม่ผุ','25','131','','2563-02-09 12:21:35','','71','13','16','8','9','3341500517951'),(89,1430,'6','2562','1',9,0,1,'ไม่มี','ปกติ','ไม่ผุ','48','157','','2563-02-09 12:21:52','','73','13','15','7','11','3341500517951'),(90,1431,'7','2562','1',9,0,1,'ไม่มี','ปกติ','ไม่ผุ','34','140','','2563-02-09 12:22:07','','68','17','15','8','8','3341500517951'),(91,1432,'8','2562','1',9,0,1,'ไม่มี','ปกติ','ไม่ผุ','34','140','','2563-02-09 12:22:34','','67','17','16','9','8','3341500517951'),(92,1442,'9','2562','1',9,0,1,'ไม่มี','ปกติ','ไม่ผุ','27','137','','2563-02-09 12:22:57','','65','14','16','6','10','3341500517951'),(93,1443,'10','2562','1',9,0,1,'ไม่มี','ปกติ','ไม่ผุ','51','142','','2563-02-09 12:23:15','','67','17','16','8','9','3341500517951'),(94,1445,'11','2562','1',9,0,1,'ไม่มี','ปกติ','ไม่ผุ','34','144','','2563-02-09 12:23:32','','71','16','13','8','10','3341500517951'),(95,1448,'1','2562','2',4,0,1,'ไม่มี','ปกติ','ไม่ผุ','25','125','','2563-02-09 10:56:35','','67','11','11','5','13','3341500517951'),(96,1449,'2','2562','2',4,0,1,'ไม่มี','ปกติ','ไม่ผุ','19','119','','2563-02-09 10:57:21','','65','12','9','4','12','3341500517951'),(97,1450,'3','2562','2',4,0,1,'ไม่มี','ปกติ','ไม่ผุ','29','121','','2563-02-09 10:58:06','','68','13','10','6','13','3341500517951'),(98,1435,'1','2562','2',5,0,1,'ไม่มี','ปกติ','ไม่ผุ','24','121','','2563-02-09 11:00:31','','67','10','11','5','13','3341500517951'),(99,1437,'2','2562','2',5,0,1,'ไม่มี','ปกติ','ไม่ผุ','20','119','','2563-02-09 11:01:33','','70','9','10','4','11','3341500517951'),(100,1436,'3','2562','2',5,0,1,'ไม่มี','ปกติ','ไม่ผุ','24','123','','2563-02-09 11:02:12','','64','11','10','5','12','3341500517951'),(101,1438,'4','2562','2',5,0,1,'ไม่มี','ปกติ','ไม่ผุ','21','114','','2563-02-09 11:02:52','','71','10','9','5','13','3341500517951'),(102,1472,'5','2562','2',5,0,1,'ไม่มี','ปกติ','ไม่ผุ','21','115','','2563-02-09 11:03:18','','68','12','10','6','12','3341500517951'),(103,1424,'1','2562','2',6,0,1,'ไม่มี','ปกติ','ไม่ผุ','29','124','','2563-02-09 11:04:22','','70','13','13','6','13','3341500517951'),(104,1425,'2','2562','2',6,0,1,'ไม่มี','ปกติ','ไม่ผุ','24','130','','2563-02-09 11:04:50','','65','14','15','7','10','3341500517951'),(105,1427,'3','2562','2',6,0,1,'ไม่มี','ปกติ','ไม่ผุ','26','120','','2563-02-09 11:05:22','','71','12','11','5','12','3341500517951'),(106,1417,'1','2562','2',7,0,1,'ไม่มี','ปกติ','ไม่ผุ','44','146','','2563-02-09 11:07:02','','70','14','14','6','10','3341500517951'),(107,1419,'2','2562','2',7,0,1,'ไม่มี','ปกติ','ไม่ผุ','29','133','','2563-02-09 11:07:34','','71','13','11','5','11','3341500517951'),(108,1420,'3','2562','2',7,0,1,'ไม่มี','ปกติ','ไม่ผุ','50','147','','2563-02-09 11:08:14','','68','11','10','5','12','3341500517951'),(109,1421,'4','2562','2',7,0,1,'ไม่มี','ปกติ','ไม่ผุ','25','138','','2563-02-09 11:08:54','','71','13','11','6','13','3341500517951'),(110,1422,'5','2562','2',7,0,1,'ไม่มี','ปกติ','ไม่ผุ','28','136','','2563-02-09 11:09:55','','73','11','15','6','12','3341500517951'),(111,1428,'6','2562','2',7,0,1,'ไม่มี','ปกติ','ไม่ผุ','30','136','','2563-02-09 11:10:38','','69','13','10','7','11','3341500517951'),(112,1439,'7','2562','2',7,0,1,'ไม่มี','ปกติ','ไม่ผุ','26','128','','2563-02-09 11:11:03','','65','13','14','6','10','3341500517951'),(113,1418,'8','2562','2',7,0,1,'ไม่มี','ปกติ','ไม่ผุ','28','127','','2563-02-09 11:11:27','','70','13','11','7','9','3341500517951'),(114,1413,'1','2562','2',8,0,1,'ไม่มี','ปกติ','ไม่ผุ','25','136','','2563-03-19 05:36:02','','76','11','15','6','13','1349900595497'),(115,1414,'2','2562','2',8,0,1,'ไม่มี','ปกติ','ไม่ผุ','52','140','','2563-02-09 11:20:46','','78','13','16','5','12','3341500517951'),(116,1415,'3','2562','2',8,0,1,'ไม่มี','ปกติ','ไม่ผุ','49','145','','2563-02-09 11:20:36','','68','12','13','5','10','3341500517951'),(117,1440,'4','2562','2',8,0,1,'ไม่มี','ปกติ','ไม่ผุ','23','129','','2563-02-09 11:21:10','','71','17','16','6','9','3341500517951'),(118,1441,'5','2562','2',8,0,1,'ไม่มี','ปกติ','ไม่ผุ','65','152','','2563-02-09 11:21:48','','68','13','14','5','13','3341500517951'),(119,1403,'1','2562','2',9,0,1,'ไม่มี','ปกติ','ไม่ผุ','37','153','','2563-02-09 11:32:01','','72','16','15','6','12','3341500517951'),(120,1404,'2','2562','2',9,0,1,'ไม่มี','ปกติ','ไม่ผุ','44','154','','2563-02-09 11:32:47','','75','16','13','7','11','3341500517951'),(121,1405,'3','2562','2',9,0,1,'ไม่มี','ปกติ','ไม่ผุ','39','152','','2563-02-09 11:33:19','','70','17','16','8','9','3341500517951'),(122,1410,'4','2562','2',9,0,1,'ไม่มี','ปกติ','ไม่ผุ','31','137','','2563-02-09 11:33:52','','68','16','15','7','9','3341500517951'),(123,1412,'5','2562','2',9,0,1,'ไม่มี','ปกติ','ไม่ผุ','26','133','','2563-02-09 11:34:24','','70','14','13','6','12','3341500517951'),(124,1430,'6','2562','2',9,0,1,'ไม่มี','ปกติ','ไม่ผุ','48','158','','2563-02-09 11:35:19','','76','18','20','8','8','3341500517951'),(125,1431,'7','2562','2',9,0,1,'ไม่มี','ปกติ','ไม่ผุ','37','143','','2563-02-09 11:36:10','','78','23','20','10','7','3341500517951'),(126,1432,'8','2562','2',9,0,1,'ไม่มี','ปกติ','ไม่ผุ','37','142','','2563-02-09 11:36:53','','79','22','23','9','7','3341500517951'),(127,1442,'9','2562','2',9,0,1,'ไม่มี','ปกติ','ไม่ผุ','28','140','','2563-02-09 11:37:51','','77','19','19','9','8','3341500517951'),(128,1443,'10','2562','2',9,0,1,'ไม่มี','ปกติ','ไม่ผุ','54','143','','2563-02-09 11:38:35','','71','17','16','9','10','3341500517951'),(129,1445,'11','2562','2',9,0,1,'ไม่มี','ปกติ','ไม่ผุ','37','146','','2563-02-09 11:39:23','','68','16','15','7','11','3341500517951'),(130,1435,'1','2562','1',5,0,2,'ไม่มี','ปกติ','ไม่ผุ','24','119','','2563-02-09 11:52:18','','70','14','11','5','13','3341500517951'),(131,1437,'2','2562','1',5,0,2,'ไม่มี','ปกติ','ไม่ผุ','20','117','','2563-02-09 11:54:18','','67','12','10','6','12','3341500517951'),(132,1436,'3','2562','1',5,0,2,'ไม่มี','ปกติ','ไม่ผุ','23','122','','2563-02-09 11:53:42','','64','11','10','4','13','3341500517951'),(133,1438,'4','2562','1',5,0,2,'ไม่มี','ปกติ','ไม่ผุ','20','113','','2563-02-09 11:55:05','','71','13','14','5','12','3341500517951'),(134,1472,'5','2562','1',5,0,2,'ไม่มี','ปกติ','ไม่ผุ','20','115','','2563-02-09 11:55:46','','69','12','13','5','11','3341500517951'),(135,1417,'1','2562','1',7,0,1,'ไม่มี','ปกติ','ไม่ผุ','38','144','','2563-02-09 12:06:22','','70','14','13','5','13','3341500517951'),(136,1419,'2','2562','1',7,0,1,'ไม่มี','ปกติ','ไม่ผุ','29','130','','2563-02-09 12:06:46','','68','12','11','6','11','3341500517951'),(137,1420,'3','2562','1',7,0,1,'ไม่มี','ปกติ','ไม่ผุ','45','146','','2563-02-09 12:07:11','','64','11','14','5','13','3341500517951'),(138,1421,'4','2562','1',7,0,1,'ไม่มี','ปกติ','ไม่ผุ','25','134','','2563-02-09 12:07:48','','67','13','15','5','12','3341500517951'),(139,1422,'5','2562','1',7,0,1,'ไม่มี','ปกติ','ไม่ผุ','25','132','','2563-02-09 12:08:19','','68','13','11','4','13','3341500517951'),(140,1428,'6','2562','1',7,0,1,'ไม่มี','ปกติ','ไม่ผุ','30','135','','2563-02-09 12:08:55','','71','11','10','6','12','3341500517951'),(141,1439,'7','2562','1',7,0,1,'ไม่มี','ปกติ','ไม่ผุ','27','126','','2563-02-09 12:09:25','','65','10','11','4','13','3341500517951'),(142,1418,'8','2562','1',7,0,1,'ไม่มี','ปกติ','ไม่ผุ','27','125','','2563-02-09 12:09:56','','74','12','10','6','10','3341500517951'),(143,1413,'1','2562','1',8,0,2,'ไม่มี','ปกติ','ไม่ผุ','24','136','','2563-02-09 12:16:43','','70','14','15','6','10','3341500517951'),(144,1414,'2','2562','1',8,0,2,'ไม่มี','ปกติ','ไม่ผุ','51','139','','2563-02-09 12:17:11','','68','16','15','5','10','3341500517951'),(145,1415,'3','2562','1',8,0,2,'ไม่มี','ปกติ','ไม่ผุ','47','144','','2563-02-09 12:17:39','','72','16','14','6','12','3341500517951'),(146,1440,'4','2562','1',8,0,2,'ไม่มี','ปกติ','ไม่ผุ','22','127','','2563-02-09 12:18:04','','67','16','13','5','11','3341500517951'),(147,1441,'5','2562','1',8,0,2,'ไม่มี','ปกติ','ไม่ผุ','61','151','','2563-02-09 12:18:35','','74','17','16','6','10','3341500517951'),(148,1403,'1','2562','1',9,0,2,'ไม่มี','ปกติ','ไม่ผุ','35','150','','2563-02-09 12:24:18','','70','14','16','7','9','3341500517951'),(149,1404,'2','2562','1',9,0,2,'ไม่มี','ปกติ','ไม่ผุ','41','153','','2563-02-09 12:24:51','','73','16','15','8','10','3341500517951'),(150,1405,'3','2562','1',9,0,2,'ไม่มี','ปกติ','ไม่ผุ','36','150','','2563-02-09 12:25:17','','68','14','13','6','11','3341500517951'),(151,1410,'4','2562','1',9,0,2,'ไม่มี','ปกติ','ไม่ผุ','30','135','','2563-02-09 12:25:53','','67','12','15','5','10','3341500517951'),(152,1412,'5','2562','1',9,0,2,'ไม่มี','ปกติ','ไม่ผุ','24','133','','2563-02-09 12:26:27','','73','17','15','6','12','3341500517951'),(153,1430,'6','2562','1',9,0,2,'ไม่มี','ปกติ','ไม่ผุ','48','158','','2563-02-09 12:27:08','','78','18','20','8','9','3341500517951'),(154,1431,'7','2562','1',9,0,2,'ไม่มี','ปกติ','ไม่ผุ','35','140','','2563-02-09 12:27:48','','67','23','20','9','8','3341500517951'),(155,1432,'8','2562','1',9,0,2,'ไม่มี','ปกติ','ไม่ผุ','35','140','','2563-02-09 12:28:34','','68','22','23','8','8','3341500517951'),(156,1442,'9','2562','1',9,0,2,'ไม่มี','ปกติ','ไม่ผุ','27','139','','2563-02-09 12:29:08','','64','16','15','7','10','3341500517951'),(157,1443,'10','2562','1',9,0,2,'ไม่มี','ปกติ','ไม่ผุ','51','143','','2563-02-09 12:29:42','','68','17','15','8','9','3341500517951'),(158,1445,'11','2562','1',9,0,2,'ไม่มี','ปกติ','ไม่ผุ','35','145','','2563-02-09 12:30:11','','67','16','14','6','11','3341500517951'),(159,1468,'2','2562','1',1,0,1,'ไม่มี','ปกติ','ไม่ผุ','26','107','','2563-03-20 01:27:52','','70','8','7','4','25','3341500517951'),(160,1468,'2','2562','2',1,0,1,'ไม่มี','ปกติ','ไม่ผุ','26','107','','2563-02-16 07:47:59','','70','8','7','4','20','3341500517951'),(161,1469,'3','2562','2',1,0,1,'ไม่มี','ปกติ','ไม่ผุ','13','99','','2563-02-16 07:48:44','','68','7','6','3','19','3341500517951'),(162,1470,'4','2562','2',1,0,1,'ไม่มี','ปกติ','ไม่ผุ','14','99','','2563-02-16 07:49:29','','64','6','7','4','19','3341500517951'),(163,1471,'5','2562','2',1,0,1,'ไม่มี','ปกติ','ไม่ผุ','11','92','','2563-02-16 07:50:03','','67','6','6','3','23','3341500517951'),(164,1462,'1','2562','2',2,0,1,'ไม่มี','ปกติ','ไม่ผุ','15','101','','2563-02-16 07:51:49','','68','8','9','5','20','3341500517951'),(165,1463,'2','2562','2',2,0,1,'ไม่มี','ปกติ','ไม่ผุ','14','97','','2563-02-16 07:52:32','','67','7','8','4','21','3341500517951'),(166,1460,'3','2562','2',2,0,1,'ไม่มี','ปกติ','ไม่ผุ','14','103','','2563-02-16 07:53:06','','71','9','9','5','19','3341500517951'),(167,1459,'4','2562','2',2,0,1,'ไม่มี','ปกติ','ไม่ผุ','17','108','','2563-02-16 07:57:25','','72','9','8','5','18','3341500517951'),(168,1461,'5','2562','2',2,0,1,'ไม่มี','ปกติ','ไม่ผุ','18','105','','2563-02-16 07:57:39','','70','8','7','4','19','3341500517951'),(169,1464,'6','2562','2',2,0,1,'ไม่มี','ปกติ','ไม่ผุ','14','104','','2563-02-16 07:57:13','','68','7','8','6','20','3341500517951'),(170,1466,'7','2562','2',2,0,1,'ไม่มี','ปกติ','ไม่ผุ','21','116','','2563-02-16 07:58:17','','72','8','9','7','19','3341500517951'),(171,1452,'1','2562','2',3,0,1,'ไม่มี','ปกติ','ไม่ผุ','17','110','','2563-02-16 07:59:13','','68','8','9','6','20','3341500517951'),(172,1454,'2','2562','2',3,0,1,'ไม่มี','ปกติ','ไม่ผุ','19','118','','2563-02-16 07:59:39','','70','8','8','5','19','3341500517951'),(173,1455,'3','2562','2',3,0,1,'ไม่มี','ปกติ','ไม่ผุ','16','113','','2563-02-16 08:00:19','','65','9','7','5','20','3341500517951'),(174,1458,'4','2562','2',3,0,1,'ไม่มี','ปกติ','ไม่ผุ','25','118','','2563-02-16 08:00:53','','71','7','8','4','21','3341500517951'),(175,1413,'1','2562','2',8,0,2,'ไม่มี','ปกติ','ไม่ผุ','25','136','','2563-03-19 05:37:58','','76','9','15','6','5','1349900595497'),(176,1414,'2','2562','2',8,0,2,'ไม่มี','ปกติ','ไม่ผุ','45','136','','2563-03-19 05:39:09','','72','8','10','4','5','1349900595497'),(177,1415,'3','2562','2',8,0,2,'ไม่มี','ปกติ','ไม่ผุ','48','138','','2563-03-19 05:42:09','','70','6','13','5','6','1349900595497'),(178,1440,'4','2562','2',8,0,2,'ไม่มี','ปกติ','ไม่ผุ','28','134','','2563-03-19 05:42:47','','73','10','16','6','4','1349900595497'),(179,1441,'5','2562','2',8,0,2,'ไม่มี','ปกติ','ไม่ผุ','60','150','','2563-03-19 05:43:26','','76','5','9','3','6','1349900595497'),(180,1403,'1','2562','2',9,0,2,'ไม่มี','ปกติ','ไม่ผุ','40','155','','2563-03-19 05:45:32','','72','15','15','7','10','1349900595497'),(181,1404,'2','2562','2',9,0,2,'ไม่มี','ปกติ','ไม่ผุ','47','157','','2563-03-19 05:45:58','','72','11','15','7','6','1349900595497'),(182,1405,'3','2562','2',9,0,2,'ไม่มี','ปกติ','ไม่ผุ','42','155','','2563-03-19 05:46:30','','76','15','16','5','8','1349900595497'),(183,1410,'4','2562','2',9,0,2,'ไม่มี','ปกติ','ไม่ผุ','33','139','','2563-03-19 05:46:52','','73','11','15','4','4','1349900595497'),(184,1412,'5','2562','2',9,0,2,'ไม่มี','ปกติ','ไม่ผุ','28','134','','2563-03-19 05:47:25','','70','5','9','4','6','1349900595497'),(185,1430,'6','2562','2',9,0,2,'ไม่มี','ปกติ','ไม่ผุ','50','162','','2563-03-19 05:47:47','','76','15','16','7','5','1349900595497'),(186,1431,'7','2562','2',9,0,2,'ไม่มี','ปกติ','ไม่ผุ','40','146','','2563-03-19 05:49:21','','76','10','15','6','4','1349900595497'),(187,1432,'8','2562','2',9,0,2,'ไม่มี','ปกติ','ไม่ผุ','43','145','','2563-03-19 05:49:40','','72','8','16','5','4','1349900595497'),(188,1442,'9','2562','2',9,0,2,'ไม่มี','ปกติ','ไม่ผุ','33','142','','2563-03-19 05:50:11','','80','11','10','7','5','1349900595497'),(189,1443,'10','2562','2',9,0,2,'ไม่มี','ปกติ','ไม่ผุ','60','144','','2563-03-19 05:50:33','','73','6','9','3','10','1349900595497'),(190,1445,'11','2562','2',9,0,2,'ไม่มี','ปกติ','ไม่ผุ','40','147','','2563-03-19 05:51:03','','72','8','10','4','8','1349900595497'),(191,1468,'2','2562','2',1,0,2,'ไม่มี','ปกติ','ไม่ผุ','24','107','','2563-03-19 11:20:30','','70','9','8','4','25','1349900642444'),(192,1469,'3','2562','2',1,0,2,'ไม่มี','ปกติ','ไม่ผุ','14','100','','2563-03-19 11:21:49','','70','9','8','4','25','1349900642444'),(193,1470,'4','2562','2',1,0,2,'ไม่มี','ปกติ','ไม่ผุ','15','100','','2563-03-19 11:33:15','','70','7','8','5','26','1349900642444'),(194,1471,'5','2562','2',1,0,2,'ไม่มี','ปกติ','ไม่ผุ','14','94','','2563-03-19 11:33:45','','70','7','7','4','24','1349900642444'),(195,1462,'1','2562','2',2,0,2,'ไม่มี','ปกติ','ไม่ผุ','16','102','','2563-03-19 11:52:02','','72','8','8','5','25','1349900642444'),(196,1463,'2','2562','2',2,0,2,'ไม่มี','ปกติ','ไม่ผุ','14','99','','2563-03-19 11:52:35','','70','8','9','5','26','1349900642444'),(197,1460,'3','2562','2',2,0,2,'ไม่มี','ปกติ','ไม่ผุ','15','104','','2563-03-19 11:58:29','','72','9','9','4','24','1349900642444'),(198,1459,'4','2562','2',2,0,2,'ไม่มี','ปกติ','ไม่ผุ','18','110','','2563-03-19 11:59:44','','72','9','8','5','25','1349900642444'),(199,1461,'5','2562','2',2,0,2,'ไม่มี','ปกติ','ไม่ผุ','19','107','','2563-03-19 11:59:33','','72','8','8','4','27','1349900642444'),(200,1464,'6','2562','2',2,0,2,'ไม่มี','ปกติ','ไม่ผุ','14','106','','2563-03-20 12:00:04','','71','7','8','5','28','1349900642444'),(201,1466,'7','2562','2',2,0,2,'ไม่มี','ปกติ','ไม่ผุ','21','118','','2563-03-20 12:00:29','','72','7','7','5','25','1349900642444'),(202,1452,'1','2562','2',3,0,2,'ไม่มี','ปกติ','ไม่ผุ','17','110','','2563-03-20 12:00:54','','70','8','8','5','26','1349900642444'),(203,1454,'2','2562','2',3,0,2,'ไม่มี','ปกติ','ไม่ผุ','19','120','','2563-03-20 12:01:15','','72','7','7','4','25','1349900642444'),(204,1455,'3','2562','2',3,0,2,'ไม่มี','ปกติ','ไม่ผุ','16','114','','2563-03-20 12:01:33','','70','7','6','3','29','1349900642444'),(205,1458,'4','2562','2',3,0,2,'ไม่มี','ปกติ','ไม่ผุ','26','120','','2563-03-20 12:01:51','','72','8','8','3','24','1349900642444'),(206,1469,'3','2562','1',1,0,1,'ไม่มี','ปกติ','ไม่ผุ','14','100','','2563-03-20 01:24:40','','68','9','8','4','25','3341500517951'),(207,1470,'4','2562','1',1,0,1,'ไม่มี','ปกติ','ไม่ผุ','15','100','','2563-03-20 01:27:24','','65','7','9','5','26','3341500517951'),(208,1471,'5','2562','1',1,0,1,'ไม่มี','ปกติ','ไม่ผุ','14','95','','2563-03-20 01:27:15','','64','7','7','4','24','3341500517951'),(209,1468,'2','2562','1',1,0,2,'ไม่มี','ปกติ','ไม่ผุ','25','109','','2563-03-20 01:28:54','','70','7','7','5','25','3341500517951'),(210,1469,'3','2562','1',1,0,2,'ไม่มี','ปกติ','ไม่ผุ','15','102','','2563-03-20 01:29:40','','68','8','6','4','24','3341500517951'),(211,1470,'4','2562','1',1,0,2,'ไม่มี','ปกติ','ไม่ผุ','15','101','','2563-03-20 01:30:40','','64','7','7','5','25','3341500517951'),(212,1471,'5','2562','1',1,0,2,'ไม่มี','ปกติ','ไม่ผุ','14','96','','2563-03-20 01:31:14','','65','6','8','4','25','3341500517951'),(213,1462,'1','2562','1',2,0,1,'ไม่มี','ปกติ','ไม่ผุ','14','100','','2563-03-20 01:42:57','','68','8','9','5','20','3341500517951'),(214,1463,'2','2562','1',2,0,1,'ไม่มี','ปกติ','ไม่ผุ','13','96','','2563-03-20 01:43:39','','67','7','9','4','21','3341500517951'),(215,1460,'3','2562','1',2,0,1,'ไม่มี','ปกติ','ไม่ผุ','14','102','','2563-03-20 01:44:19','','71','9','9','5','19','3341500517951'),(216,1459,'4','2562','1',2,0,1,'ไม่มี','ปกติ','ไม่ผุ','16','108','','2563-03-20 01:45:10','','72','9','8','5','18','3341500517951'),(217,1461,'5','2562','1',2,0,1,'ไม่มี','ปกติ','ไม่ผุ','18','104','','2563-03-20 01:45:48','','70','8','7','4','19','3341500517951'),(218,1464,'6','2562','1',2,0,1,'ไม่มี','ปกติ','ไม่ผุ','13','103','','2563-03-20 01:46:33','','64','7','8','6','20','3341500517951'),(219,1466,'7','2562','1',2,0,1,'ไม่มี','ปกติ','ไม่ผุ','21','115','','2563-03-20 01:47:11','','71','8','9','7','19','3341500517951'),(220,1462,'1','2562','1',2,0,2,'ไม่มี','ปกติ','ไม่ผุ','15','100','','2563-03-20 01:48:16','','68','9','8','5','19','3341500517951'),(221,1463,'2','2562','1',2,0,2,'ไม่มี','ปกติ','ไม่ผุ','14','97','','2563-03-20 01:48:52','','70','9','7','6','20','3341500517951'),(222,1460,'3','2562','1',2,0,2,'ไม่มี','ปกติ','ไม่ผุ','14','102','','2563-03-20 01:49:25','','64','8','9','7','19','3341500517951'),(223,1459,'4','2562','1',2,0,2,'ไม่มี','ปกติ','ไม่ผุ','17','108','','2563-03-20 01:49:57','','67','7','9','8','19','3341500517951'),(224,1461,'5','2562','1',2,0,2,'ไม่มี','ปกติ','ไม่ผุ','18','105','','2563-03-20 01:50:34','','71','7','8','8','18','3341500517951'),(225,1464,'6','2562','1',2,0,2,'ไม่มี','ปกติ','ไม่ผุ','14','104','','2563-03-20 01:51:00','','65','7','9','7','19','3341500517951'),(226,1466,'7','2562','1',2,0,2,'ไม่มี','ปกติ','ไม่ผุ','21','116','','2563-03-20 01:51:24','','70','7','9','9','19','3341500517951'),(227,1452,'1','2562','1',3,0,1,'ไม่มี','ปกติ','ไม่ผุ','15','98','','2563-03-20 01:55:52','','68','8','9','6','19','3341500517951'),(228,1454,'2','2562','1',3,0,1,'ไม่มี','ปกติ','ไม่ผุ','18','118','','2563-03-20 01:56:24','','70','7','9','5','20','3341500517951'),(229,1455,'3','2562','1',3,0,1,'ไม่มี','ปกติ','ไม่ผุ','15','112','','2563-03-20 01:56:49','','64','7','8','4','19','3341500517951'),(230,1458,'4','2562','1',3,0,1,'ไม่มี','ปกติ','ไม่ผุ','24','117','','2563-03-20 01:57:16','','67','8','8','6','20','3341500517951'),(231,1452,'1','2562','1',3,0,2,'ไม่มี','ปกติ','ไม่ผุ','17','99','','2563-03-20 01:58:04','','70','9','7','5','19','3341500517951'),(232,1454,'2','2562','1',3,0,2,'ไม่มี','ปกติ','ไม่ผุ','19','118','','2563-03-20 01:58:34','','68','7','9','6','20','3341500517951'),(233,1455,'3','2562','1',3,0,2,'ไม่มี','ปกติ','ไม่ผุ','16','112','','2563-03-20 01:58:56','','67','8','8','7','19','3341500517951'),(234,1458,'4','2562','1',3,0,2,'ไม่มี','ปกติ','ไม่ผุ','24','117','','2563-03-20 01:59:23','','71','8','9','7','21','3341500517951'),(235,1448,'1','2562','2',4,0,2,'ไม่มี','ปกติ','ไม่ผุ','25','126','','2563-03-20 02:09:33','','68','12','11','6','13','3341500517951'),(236,1449,'2','2562','2',4,0,2,'ไม่มี','ปกติ','ไม่ผุ','19','120','','2563-03-20 02:09:56','','70','14','13','7','12','3341500517951'),(237,1450,'3','2562','2',4,0,2,'ไม่มี','ปกติ','ไม่ผุ','29','122','','2563-03-20 02:10:24','','71','13','14','9','12','3341500517951'),(238,1435,'1','2562','2',5,0,2,'ไม่มี','ปกติ','ไม่ผุ','25','122','','2563-03-20 02:12:02','','68','12','9','8','10','3341500517951'),(239,1437,'2','2562','2',5,0,2,'ไม่มี','ปกติ','ไม่ผุ','20','120','','2563-03-20 02:12:27','','70','14','11','6','11','3341500517951'),(240,1436,'3','2562','2',5,0,2,'ไม่มี','ปกติ','ไม่ผุ','25','124','','2563-03-20 02:12:53','','65','12','13','8','12','3341500517951'),(241,1438,'4','2562','2',5,0,2,'ไม่มี','ปกติ','ไม่ผุ','22','115','','2563-03-20 02:13:18','','67','13','8','9','11','3341500517951'),(242,1472,'5','2562','2',5,0,2,'ไม่มี','ปกติ','ไม่ผุ','21','116','','2563-03-20 02:13:42','','71','12','8','9','12','3341500517951'),(243,1424,'1','2562','2',6,0,2,'ไม่มี','ปกติ','ไม่ผุ','29','125','','2563-03-20 02:15:05','','68','14','9','8','11','3341500517951'),(244,1425,'2','2562','2',6,0,2,'ไม่มี','ปกติ','ไม่ผุ','24','131','','2563-03-20 02:15:32','','70','12','11','9','13','3341500517951'),(245,1427,'3','2562','2',6,0,2,'ไม่มี','ปกติ','ไม่ผุ','27','121','','2563-03-20 02:16:00','','71','14','11','8','12','3341500517951'),(246,1417,'1','2562','2',7,0,2,'ไม่มี','ปกติ','ไม่ผุ','44','147','','2563-03-20 02:17:35','','68','14','9','8','9','3341500517951'),(247,1419,'2','2562','2',7,0,2,'ไม่มี','ปกติ','ไม่ผุ','30','134','','2563-03-20 02:18:04','','70','12','9','8','11','3341500517951'),(248,1420,'3','2562','2',7,0,2,'ไม่มี','ปกติ','ไม่ผุ','51','148','','2563-03-20 02:18:32','','71','14','9','7','13','3341500517951'),(249,1421,'4','2562','2',7,0,2,'ไม่มี','ปกติ','ไม่ผุ','25','139','','2563-03-20 02:19:00','','67','12','8','8','12','3341500517951'),(250,1422,'5','2562','2',7,0,2,'ไม่มี','ปกติ','ไม่ผุ','28','137','','2563-03-20 02:19:29','','71','13','8','9','9','3341500517951'),(251,1428,'6','2562','2',7,0,2,'ไม่มี','ปกติ','ไม่ผุ','30','137','','2563-03-20 02:20:04','','67','14','9','9','12','3341500517951'),(252,1439,'7','2562','2',7,0,2,'ไม่มี','ปกติ','ไม่ผุ','27','129','','2563-03-20 02:20:29','','71','13','8','9','13','3341500517951'),(253,1418,'8','2562','2',7,0,2,'ไม่มี','ปกติ','ไม่ผุ','29','128','','2563-03-20 02:21:01','','68','12','11','9','9','3341500517951'),(254,1422,'5','2562','1',8,0,1,'ไม่มี','ปกติ','ไม่ผุ','32.8','143','','2563-07-30 12:45:29','','80','5','13','5','7','1349900595497'),(255,1421,'4','2562','1',8,0,1,'ไม่มี','ปกติ','ไม่ผุ','26','144','','2563-07-30 12:46:28','','80','6','10','6','10','1349900595497'),(256,1420,'3','2562','1',8,0,1,'ไม่มี','ปกติ','ไม่ผุ','55','153','','2563-07-30 12:49:06','','72','6','7','3','15','1349900595497'),(257,1439,'7','2562','1',8,0,1,'ไม่มี','ปกติ','ไม่ผุ','30','12','','2563-07-30 12:54:00','','80','5','7','3','8','1349900595497'),(258,1417,'1','2562','1',8,0,1,'ไม่มี','ปกติ','ไม่ผุ','47','150','','2563-07-30 12:54:19','','72','11','15','6','10','1349900595497'),(259,1419,'2','2562','1',8,0,1,'ไม่มี','ปกติ','ไม่ผุ','33','140','','2563-07-30 12:54:46','','73','15','10','4','10','1349900595497'),(260,1428,'6','2562','1',8,0,1,'ไม่มี','ปกติ','ไม่ผุ','33','141','','2563-07-30 12:55:08','','80','10','13','7','8','1349900595497'),(261,1418,'8','2562','1',8,0,1,'ไม่มี','ปกติ','ไม่ผุ','29','131','','2563-07-30 12:55:37','','70','10','13','2','8','1349900595497'),(262,1441,'5','2562','1',9,0,1,'ไม่มี','ปกติ','ไม่ผุ','73','158','','2563-07-30 12:56:13','','80','6','9','5','16','1349900595497'),(263,1415,'3','2562','1',9,0,1,'ไม่มี','ปกติ','ไม่ผุ','57','150','','2563-07-30 12:56:38','','73','10','9','3','15','1349900595497'),(264,1414,'2','2562','1',9,0,1,'ไม่มี','ปกติ','ไม่ผุ','57','145','','2563-07-30 12:56:58','','76','8','9','4','10','1349900595497'),(265,1440,'4','2562','1',9,0,1,'ไม่มี','ปกติ','ไม่ผุ','26','137','','2563-07-30 12:57:20','','72','12','14','6','8','1349900595497'),(266,1413,'1','2562','1',9,0,1,'ไม่มี','ปกติ','ไม่ผุ','29','141','','2563-07-30 12:57:54','','80','10','14','8','13','1349900595497'),(267,1417,'1','2563','2',8,0,1,'ไม่มี','ปกติ','ไม่ผุ','33','150','','2564-02-23 11:29:40','','','','','','','1349900595497'),(268,1419,'2','2563','2',8,0,1,'ไม่มี','ปกติ','ไม่ผุ','25','136','','2564-02-23 11:29:51','','','','','','','1349900595497'),(269,1420,'3','2563','2',8,0,1,'ไม่มี','ปกติ','ไม่ผุ','60','155','','2564-02-23 11:29:58','','','','','','','1349900595497'),(270,1421,'4','2563','2',8,0,1,'ไม่มี','ปกติ','ไม่ผุ','25','136','','2564-02-23 11:30:07','','','','','','','1349900595497'),(271,1422,'5','2563','2',8,0,1,'ไม่มี','ปกติ','ไม่ผุ','33','145','','2564-02-23 11:30:15','','','','','','','1349900595497'),(272,1428,'6','2563','2',8,0,1,'ไม่มี','ปกติ','ไม่ผุ','36','144','','2564-02-23 11:30:31','','','','','','','1349900595497'),(273,1439,'7','2563','2',8,0,1,'ไม่มี','ปกติ','ไม่ผุ','34','145','','2564-02-23 11:30:41','','','','','','','1349900595497'),(274,1418,'8','2563','2',8,0,1,'ไม่มี','ปกติ','ไม่ผุ','28','136','','2564-02-23 11:30:48','','','','','','','1349900595497'),(275,1417,'1','2563','2',8,0,2,'ไม่มี','ปกติ','ไม่ผุ','38','157','','2564-02-23 11:31:27','','','','','','','1349900595497'),(276,1419,'2','2563','2',8,0,2,'ไม่มี','ปกติ','ไม่ผุ','36','140','','2564-02-23 11:31:44','','','','','','','1349900595497'),(277,1420,'3','2563','2',8,0,2,'ไม่มี','ปกติ','ไม่ผุ','58','160','','2564-02-23 11:31:56','','','','','','','1349900595497'),(278,1421,'4','2563','2',8,0,2,'ไม่มี','ปกติ','ไม่ผุ','34','147','','2564-02-23 11:32:06','','','','','','','1349900595497'),(279,1422,'5','2563','2',8,0,2,'ไม่มี','ปกติ','ไม่ผุ','33','148','','2564-02-23 11:32:12','','','','','','','1349900595497'),(280,1428,'6','2563','2',8,0,2,'ไม่มี','ปกติ','ไม่ผุ','33','142','','2564-02-23 11:32:21','','','','','','','1349900595497'),(281,1439,'7','2563','2',8,0,2,'ไม่มี','ปกติ','ไม่ผุ','35','139','','2564-02-23 11:32:32','','','','','','','1349900595497'),(282,1418,'8','2563','2',8,0,2,'ไม่มี','ปกติ','ไม่ผุ','40','140','','2564-02-23 11:32:45','','','','','','','1349900595497'),(283,1413,'1','2563','2',9,0,1,'ไม่มี','ปกติ','ไม่ผุ','45','147','','2564-02-23 12:25:51','','','','','','','1349900595497'),(284,1414,'2','2563','2',9,0,1,'ไม่มี','ปกติ','ไม่ผุ','60','150','','2564-02-23 12:25:59','','','','','','','1349900595497'),(285,1415,'3','2563','2',9,0,1,'ไม่มี','ปกติ','ไม่ผุ','56','158','','2564-02-23 12:26:06','','','','','','','1349900595497'),(286,1440,'4','2563','2',9,0,1,'ไม่มี','ปกติ','ไม่ผุ','30','144','','2564-02-23 12:26:12','','','','','','','1349900595497'),(287,1441,'5','2563','2',9,0,1,'ไม่มี','ปกติ','ไม่ผุ','60','160','','2564-02-23 12:26:19','','','','','','','1349900595497'),(288,1413,'1','2563','2',9,0,2,'ไม่มี','ปกติ','ไม่ผุ','46','148','','2564-02-23 12:26:34','','','','','','','1349900595497'),(289,1414,'2','2563','2',9,0,2,'ไม่มี','ปกติ','ไม่ผุ','62','152','','2564-02-23 12:26:40','','','','','','','1349900595497'),(290,1415,'3','2563','2',9,0,2,'ไม่มี','ปกติ','ไม่ผุ','56','159','','2564-02-23 12:26:49','','','','','','','1349900595497'),(291,1440,'4','2563','2',9,0,2,'ไม่มี','ปกติ','ไม่ผุ','30','146','','2564-02-23 12:26:56','','','','','','','1349900595497'),(292,1441,'5','2563','2',9,0,2,'ไม่มี','ปกติ','ไม่ผุ','63','163','','2564-02-23 12:27:03','','','','','','','1349900595497'),(293,1452,'1','2563','2',4,0,1,'ไม่มี','ปกติ','ผุ','18','112','','2564-02-23 10:07:59','','','','','','','1349900642444'),(294,1454,'2','2563','2',4,0,1,'ไม่มี','ปกติ','ไม่ผุ','20','120','','2564-02-23 10:06:45','','','','','','','1349900642444'),(295,1455,'3','2563','2',4,0,1,'ไม่มี','ปกติ','ผุ','16','115','','2564-02-23 10:07:52','','','','','','','1349900642444'),(296,1458,'4','2563','2',4,0,1,'ไม่มี','ปกติ','ไม่ผุ','26','120','','2564-02-23 10:07:08','','','','','','','1349900642444'),(297,1491,'5','2563','2',4,0,1,'ไม่มี','ปกติ','ผุ','20','114','','2564-02-23 10:07:45','','','','','','','1349900642444'),(298,1466,'6','2563','2',4,0,1,'ไม่มี','ปกติ','ไม่ผุ','22','119','','2564-02-23 10:07:37','','','','','','','1349900642444'),(299,1452,'1','2563','2',4,0,2,'ไม่มี','ปกติ','ไม่ผุ','19','113','','2564-02-23 10:08:30','','','','','','','1349900642444'),(300,1454,'2','2563','2',4,0,2,'ไม่มี','ปกติ','ไม่ผุ','21','122','','2564-02-23 10:08:51','','','','','','','1349900642444'),(301,1455,'3','2563','2',4,0,2,'ไม่มี','ปกติ','ผุ','16','117','','2564-02-23 10:09:08','','','','','','','1349900642444'),(302,1458,'4','2563','2',4,0,2,'ไม่มี','ปกติ','ไม่ผุ','27','122','','2564-02-23 10:09:23','','','','','','','1349900642444'),(303,1491,'5','2563','2',4,0,2,'ไม่มี','ปกติ','ผุ','21','116','','2564-02-23 10:09:32','','','','','','','1349900642444'),(304,1466,'6','2563','2',4,0,2,'ไม่มี','ปกติ','ไม่ผุ','121','21','','2564-02-23 10:09:41','','','','','','','1349900642444'),(305,1449,'1','2563','2',5,0,2,'ไม่มี','ปกติ','ผุ','20','124','','2564-02-23 10:15:57','','','','','','','1349900642444'),(306,1450,'2','2563','2',5,0,2,'ไม่มี','ปกติ','ไม่ผุ','35','128','','2564-02-23 10:16:07','','','','','','','1349900642444'),(307,193,'4','2563','2',5,0,2,'ไม่มี','ปกติ','ไม่ผุ','24','125','','2564-02-23 10:16:32','','','','','','','1349900642444'),(308,1494,'5','2563','2',5,0,2,'ไม่มี','ปกติ','ผุ','20','118','','2564-02-23 10:16:39','','','','','','','1349900642444'),(309,1492,'3','2563','2',5,0,2,'ไม่มี','ปกติ','ไม่ผุ','20','123','','2564-02-23 10:16:14','','','','','','','1349900642444'),(310,1449,'1','2563','2',5,0,1,'ไม่มี','ปกติ','ผุ','19','122','','2564-02-23 10:16:58','','','','','','','1349900642444'),(311,1450,'2','2563','2',5,0,1,'ไม่มี','ปกติ','ไม่ผุ','36','126','','2564-02-23 10:17:28','','','','','','','1349900642444'),(312,1492,'3','2563','2',5,0,1,'ไม่มี','ปกติ','ไม่ผุ','20','122','','2564-02-23 10:18:57','','','','','','','1349900642444'),(313,193,'4','2563','2',5,0,1,'ไม่มี','ปกติ','ไม่ผุ','24','123','','2564-02-23 10:19:11','','','','','','','1349900642444'),(314,1494,'5','2563','2',5,0,1,'ไม่มี','ปกติ','ผุ','20','116','','2564-02-23 10:19:21','','','','','','','1349900642444'),(315,1473,'1','2563','1',1,0,1,'ไม่มี','ปกติ','ไม่ผุ','15','98','','2564-02-24 11:09:17','','','','','','','1329900339148'),(316,1474,'2','2563','1',1,0,1,'ไม่มี','ปกติ','ไม่ผุ','15','99','','2564-02-24 11:09:32','','','','','','','1329900339148'),(317,1475,'3','2563','1',1,0,1,'ไม่มี','ปกติ','ไม่ผุ','14','97','','2564-02-24 11:09:39','','','','','','','1329900339148'),(318,1476,'4','2563','1',1,0,1,'ไม่มี','ปกติ','ไม่ผุ','15','98','','2564-02-24 11:09:48','','','','','','','1329900339148'),(319,1477,'5','2563','1',1,0,1,'ไม่มี','ปกติ','ไม่ผุ','16','99','','2564-02-24 11:09:59','','','','','','','1329900339148'),(320,1478,'6','2563','1',1,0,1,'ไม่มี','ปกติ','ไม่ผุ','17','98','','2564-02-24 11:10:09','','','','','','','1329900339148'),(321,1479,'7','2563','1',1,0,1,'ไม่มี','ปกติ','ไม่ผุ','16','97','','2564-02-24 11:10:19','','','','','','','1329900339148'),(322,1480,'8','2563','1',1,0,1,'ไม่มี','ปกติ','ไม่ผุ','14','98','','2564-02-24 11:10:27','','','','','','','1329900339148'),(323,1481,'9','2563','1',1,0,1,'ไม่มี','ปกติ','ไม่ผุ','14','98','','2564-02-24 11:10:39','','','','','','','1329900339148'),(324,1482,'10','2563','1',1,0,1,'ไม่มี','ปกติ','ไม่ผุ','17','99','','2564-02-24 11:10:48','','','','','','','1329900339148'),(325,1483,'11','2563','1',1,0,1,'ไม่มี','ปกติ','ไม่ผุ','16','101','','2564-02-24 11:11:06','','','','','','','1329900339148'),(326,1484,'12','2563','1',1,0,1,'ไม่มี','ปกติ','ไม่ผุ','13','96','','2564-02-24 11:11:15','','','','','','','1329900339148'),(327,1473,'1','2563','2',1,0,1,'ไม่มี','ปกติ','ไม่ผุ','15','99','','2564-02-24 11:12:04','','','','','','','1329900339148'),(328,1474,'2','2563','2',1,0,1,'ไม่มี','ปกติ','ไม่ผุ','15','99','','2564-02-24 11:12:13','','','','','','','1329900339148'),(329,1475,'3','2563','2',1,0,1,'ไม่มี','ปกติ','ไม่ผุ','14','98','','2564-02-24 11:12:29','','','','','','','1329900339148'),(330,1476,'4','2563','2',1,0,1,'ไม่มี','ปกติ','ไม่ผุ','14','98','','2564-02-24 11:12:45','','','','','','','1329900339148'),(331,1477,'5','2563','2',1,0,1,'ไม่มี','ปกติ','ไม่ผุ','16','99','','2564-02-24 11:12:55','','','','','','','1329900339148'),(332,1478,'6','2563','2',1,0,1,'ไม่มี','ปกติ','ไม่ผุ','15','98','','2564-02-24 11:13:07','','','','','','','1329900339148'),(333,1479,'7','2563','2',1,0,1,'ไม่มี','ปกติ','ไม่ผุ','14','97','','2564-02-24 11:13:43','','','','','','','1329900339148'),(334,1480,'8','2563','2',1,0,1,'ไม่มี','ปกติ','ไม่ผุ','14','98','','2564-02-24 11:13:59','','','','','','','1329900339148'),(335,1481,'9','2563','2',1,0,1,'ไม่มี','ปกติ','ไม่ผุ','14','98','','2564-02-24 11:14:09','','','','','','','1329900339148'),(336,1482,'10','2563','2',1,0,1,'ไม่มี','ปกติ','ไม่ผุ','17','99','','2564-02-24 11:14:17','','','','','','','1329900339148'),(337,1483,'11','2563','2',1,0,1,'ไม่มี','ปกติ','ไม่ผุ','16','102','','2564-02-24 11:14:27','','','','','','','1329900339148'),(338,1484,'12','2563','2',1,0,1,'ไม่มี','ปกติ','ไม่ผุ','16','97','','2564-02-24 11:14:39','','','','','','','1329900339148'),(339,1474,'2','2563','1',1,0,2,'ไม่มี','ปกติ','ไม่ผุ','15','99','','2564-02-25 05:21:40','','','','','','','1329900339148'),(340,1473,'1','2563','1',1,0,2,'ไม่มี','ปกติ','ไม่ผุ','15','98','','2564-02-25 05:21:51','','','','','','','1329900339148'),(341,1475,'3','2563','1',1,0,2,'ไม่มี','ปกติ','ไม่ผุ','14','97','','2564-02-25 05:22:00','','','','','','','1329900339148'),(342,1476,'4','2563','1',1,0,2,'ไม่มี','ปกติ','ไม่ผุ','15','98','','2564-02-25 05:22:08','','','','','','','1329900339148'),(343,1477,'5','2563','1',1,0,2,'ไม่มี','ปกติ','ไม่ผุ','16','99','','2564-02-25 05:22:16','','','','','','','1329900339148'),(344,1478,'6','2563','1',1,0,2,'ไม่มี','ปกติ','ไม่ผุ','17','98','','2564-02-25 05:22:24','','','','','','','1329900339148'),(345,1479,'7','2563','1',1,0,2,'ไม่มี','ปกติ','ไม่ผุ','16','97','','2564-02-25 05:23:18','','','','','','','1329900339148'),(346,1480,'8','2563','1',1,0,2,'ไม่มี','ปกติ','ไม่ผุ','14','98','','2564-02-25 05:23:27','','','','','','','1329900339148'),(347,1481,'9','2563','1',1,0,2,'ไม่มี','ปกติ','ไม่ผุ','14','97','','2564-02-25 05:23:44','','','','','','','1329900339148'),(348,1482,'10','2563','1',1,0,2,'ไม่มี','ปกติ','ไม่ผุ','15','98','','2564-02-25 05:23:55','','','','','','','1329900339148'),(349,1483,'11','2563','1',1,0,2,'ไม่มี','ปกติ','ไม่ผุ','15','101','','2564-02-25 05:24:04','','','','','','','1329900339148'),(350,1484,'12','2563','1',1,0,2,'ไม่มี','ปกติ','ไม่ผุ','13','96','','2564-02-25 05:24:12','','','','','','','1329900339148'),(351,1468,'1','2563','1',2,0,2,'ไม่มี','ปกติ','ไม่ผุ','21','104','','2564-02-25 05:24:43','','','','','','','1329900339148'),(352,1469,'2','2563','1',2,0,2,'ไม่มี','ปกติ','ไม่ผุ','16','103','','2564-02-25 05:25:23','','','','','','','1329900339148'),(353,1470,'3','2563','1',2,0,2,'ไม่มี','ปกติ','ไม่ผุ','16','103','','2564-02-25 05:25:31','','','','','','','1329900339148'),(354,1471,'4','2563','1',2,0,2,'ไม่มี','ปกติ','ไม่ผุ','16','105','','2564-02-25 05:25:42','','','','','','','1329900339148'),(355,1485,'5','2563','1',2,0,2,'ไม่มี','ปกติ','ไม่ผุ','14','101','','2564-02-25 05:25:50','','','','','','','1329900339148'),(356,1469,'2','2563','1',2,0,1,'ไม่มี','ปกติ','ไม่ผุ','15','101','','2564-02-25 08:55:19','','','','','','','1329900339148'),(357,1468,'1','2563','2',2,0,2,'ไม่มี','ปกติ','ไม่ผุ','25','101','','2564-02-25 08:56:07','','','','','','','1329900339148'),(358,1462,'1','2564','1',4,0,1,'ไม่มี','ปกติ','ผุ','18','118','','2564-06-29 10:32:19','','','','','','','1349900642444'),(359,1463,'2','2563','1',4,0,1,'ไม่มี','ปกติ','ไม่ผุ','17','118','','2564-06-29 10:32:53','','','','','','','1349900642444'),(360,1462,'1','2563','1',4,0,1,'ไม่มี','ปกติ','ผุ','18','118','','2564-06-29 10:33:02','','','','','','','1349900642444'),(361,1460,'3','2563','1',4,0,1,'ไม่มี','ปกติ','ไม่ผุ','16','110','','2564-06-29 10:33:39','','','','','','','1349900642444'),(362,1459,'4','2563','1',4,0,1,'ไม่มี','ปกติ','ผุ','20','117','','2564-06-29 10:34:11','','','','','','','1349900642444'),(363,1461,'5','2563','1',4,0,1,'ไม่มี','ปกติ','ผุ','22','112','','2564-06-29 10:34:38','','','','','','','1349900642444'),(364,1464,'6','2563','1',4,0,1,'ไม่มี','ปกติ','ผุ','17','120','','2564-06-29 10:35:14','','','','','','','1349900642444'),(365,1486,'7','2563','1',4,0,1,'ไม่มี','ปกติ','ผุ','34','124','','2564-06-29 10:35:56','','','','','','','1349900642444'),(366,1487,'8','2563','1',4,0,1,'ไม่มี','ปกติ','ไม่ผุ','23','116','','2564-06-29 10:36:28','','','','','','','1349900642444'),(367,1488,'9','2563','1',4,0,1,'ไม่มี','ปกติ','ไม่ผุ','25','122','','2564-06-29 10:37:00','','','','','','','1349900642444'),(368,1489,'10','2563','1',4,0,1,'ไม่มี','ปกติ','ไม่ผุ','20','117','','2564-06-29 10:37:26','','','','','','','1349900642444'),(369,1508,'11','2563','1',4,0,1,'ไม่มี','ปกติ','ผุ','20','114','','2564-06-29 10:37:47','','','','','','','1349900642444'),(370,1463,'2','2564','1',4,0,1,'ไม่มี','ปกติ','ไม่ผุ','17','118','','2564-06-29 10:38:35','','','','','','','1349900642444'),(371,1452,'1','2564','1',5,0,1,'ไม่มี','ปกติ','ผุ','21','118','','2564-06-29 10:39:04','','','','','','','1349900642444'),(372,1454,'2','2564','1',5,0,1,'ไม่มี','ปกติ','ไม่ผุ','22','126','','2564-06-29 10:40:03','','','','','','','1349900642444'),(373,1455,'3','2564','1',5,0,1,'ไม่มี','ปกติ','ผุ','18','120','','2564-06-29 10:40:24','','','','','','','1349900642444'),(374,1458,'4','2564','1',5,0,1,'ไม่มี','ปกติ','ไม่ผุ','28','125','','2564-06-29 10:40:39','','','','','','','1349900642444'),(375,1491,'5','2564','1',5,0,1,'ไม่มี','ปกติ','ผุ','22','121','','2564-06-29 10:41:00','','','','','','','1349900642444'),(376,1466,'6','2564','1',5,0,1,'ไม่มี','ปกติ','ไม่ผุ','25','125','','2564-06-29 10:41:32','','','','','','','1349900642444'),(377,1509,'7','2564','1',5,0,1,'ไม่มี','ปกติ','ผุ','23','124','','2564-06-29 10:42:07','','','','','','','1349900642444'),(378,1460,'3','2564','1',4,0,1,'ไม่มี','ปกติ','ไม่ผุ','16','110','','2564-06-29 10:42:40','','','','','','','1349900642444'),(379,1459,'4','2564','1',4,0,1,'ไม่มี','ปกติ','ผุ','20','117','','2564-06-29 10:43:03','','','','','','','1349900642444'),(380,1461,'5','2564','1',4,0,1,'ไม่มี','ปกติ','ผุ','22','112','','2564-06-29 10:43:20','','','','','','','1349900642444'),(381,1464,'6','2564','1',4,0,1,'ไม่มี','ปกติ','ผุ','17','120','','2564-06-29 10:43:37','','','','','','','1349900642444'),(382,1486,'7','2564','1',4,0,1,'ไม่มี','ปกติ','ผุ','34','124','','2564-06-29 10:43:59','','','','','','','1349900642444'),(383,1487,'8','2564','1',4,0,1,'ไม่มี','ปกติ','ไม่ผุ','23','116','','2564-06-29 10:45:27','','','','','','','1349900642444'),(384,1488,'9','2564','1',4,0,1,'ไม่มี','ปกติ','ไม่ผุ','25','122','','2564-06-29 10:46:12','','','','','','','1349900642444'),(385,1489,'10','2564','1',4,0,1,'ไม่มี','ปกติ','ไม่ผุ','20','117','','2564-06-29 10:46:54','','','','','','','1349900642444'),(386,1508,'11','2564','1',4,0,1,'ไม่มี','ปกติ','ผุ','20','114','','2564-06-29 10:47:12','','','','','','','1349900642444'),(387,1424,'1','2564','1',8,0,1,'ไม่มี','ปกติ','ไม่ผุ','35','143','','2564-12-07 10:26:42','','82','4','18','3','7','1349900595497'),(388,1425,'2','2564','1',8,0,1,'ไม่มี','ปกติ','ไม่ผุ','34','148','','2564-12-07 10:27:18','','80','8','24','5','6','1349900595497'),(389,1427,'3','2564','1',8,0,1,'ไม่มี','ปกติ','ไม่ผุ','36','133','','2564-12-07 10:27:52','','79','7','20','2','6','1349900595497'),(390,1421,'4','2564','1',9,0,1,'ไม่มี','ปกติ','ไม่ผุ','32','154','','2564-12-07 10:28:56','','82','7','30','3','7','1349900595497'),(391,1418,'8','2564','1',9,0,1,'ไม่มี','ปกติ','ไม่ผุ','36','141','','2564-12-07 10:29:30','','80','8','30','2','5','1349900595497'),(392,1428,'6','2564','1',9,0,1,'ไม่มี','ปกติ','ไม่ผุ','38','150','','2564-12-07 10:29:58','','83','10','40','4','6','1349900595497'),(393,1420,'3','2564','1',9,0,1,'ไม่มี','ปกติ','ไม่ผุ','64','166','','2564-12-07 10:30:23','','82','4','24','4','9','1349900595497'),(394,1417,'1','2564','1',9,0,1,'ไม่มี','ปกติ','ไม่ผุ','50','152','','2564-12-07 10:30:52','','80','8','26','5','7','1349900595497'),(395,1422,'5','2564','1',9,0,1,'ไม่มี','ปกติ','ไม่ผุ','45','155','','2564-12-07 10:31:17','','82','12','36','5','7','1349900595497'),(396,1419,'2','2564','1',9,0,1,'ไม่มี','ปกติ','ไม่ผุ','42','151','','2564-12-07 10:31:56','','81','6','29','4','9','1349900595497'),(397,1439,'7','2564','1',9,0,1,'ไม่มี','ปกติ','ไม่ผุ','43','153','','2564-12-07 10:32:32','','81','15','40','7','5','1349900595497'),(398,1424,'1','2564','1',8,0,2,'ไม่มี','ปกติ','ไม่ผุ','36','144','','2565-01-04 01:55:29','','41','19','50','2','1.7','1349900595497'),(399,1425,'2','2564','1',8,0,2,'ไม่มี','ปกติ','ไม่ผุ','35','149','','2565-01-04 01:56:22','','117','27','50','2.5','0.49','1349900595497'),(400,1427,'3','2564','1',8,0,2,'ไม่มี','ปกติ','ไม่ผุ','37','134','','2565-01-04 01:57:15','','59','22','56','7','0.53','1349900595497'),(401,1417,'1','2564','1',9,0,2,'ไม่มี','ปกติ','ไม่ผุ','51','153','','2565-01-04 01:58:08','','80','15','40','10','0.53','1349900595497'),(402,1419,'2','2564','1',9,0,2,'ไม่มี','ปกติ','ไม่ผุ','43','152','','2565-01-04 01:58:31','','82','19','59','1','0.51','1349900595497'),(403,1420,'3','2564','1',9,0,2,'ไม่มี','ปกติ','ไม่ผุ','66','166.5','','2565-01-04 01:59:08','','59','22','69','2.5','0.54','1349900595497'),(404,1421,'4','2564','1',9,0,2,'ไม่มี','ปกติ','ไม่ผุ','33','155','','2565-01-04 01:59:36','','117','5','51','5','0.51','1349900595497'),(405,1422,'5','2564','1',9,0,2,'ไม่มี','ปกติ','ไม่ผุ','46','157','','2565-01-04 02:00:02','','89','43','60','12.5','0.43','1349900595497'),(406,1428,'6','2564','1',9,0,2,'ไม่มี','ปกติ','ไม่ผุ','40','152','','2565-01-04 02:00:30','','94','45','62','12.5','0.40','1349900595497'),(407,1439,'7','2564','1',9,0,2,'ไม่มี','ปกติ','ไม่ผุ','44','155','','2565-01-04 02:00:51','','73','46','94','10','0.40','1349900595497'),(408,1418,'8','2564','1',9,0,2,'ไม่มี','ปกติ','ไม่ผุ','37','143','','2565-01-04 02:09:51','','100','40','60','85','0.48','1349900595497'),(409,1424,'1','2564','2',8,0,1,'ไม่มี','ปกติ','ไม่ผุ','37','145','','2565-01-04 02:04:42','','40','18','56','2','1.7','1349900595497'),(410,1425,'2','2564','2',8,0,1,'ไม่มี','ปกติ','ไม่ผุ','36','150','','2565-01-04 02:05:05','','120','30','51','3','0.44','1349900595497'),(411,1427,'3','2564','2',8,0,1,'ไม่มี','ปกติ','ไม่ผุ','38','135','','2565-01-04 02:05:38','','60','23','56','7','0.50','1349900595497'),(412,1417,'1','2564','2',9,0,1,'ไม่มี','ปกติ','ไม่ผุ','53','155','','2565-01-04 02:06:17','','75','18','36','9','0.56','1349900595497'),(413,1419,'2','2564','2',9,0,1,'ไม่มี','ปกติ','ไม่ผุ','45','153','','2565-01-04 02:06:46','','80','16','61','3','0.50','1349900595497'),(414,1420,'3','2564','2',9,0,1,'ไม่มี','ปกติ','ไม่ผุ','67','168','','2565-01-04 02:07:13','','60','25','71','3','0.58','1349900595497'),(415,1421,'4','2564','2',9,0,1,'ไม่มี','ปกติ','ไม่ผุ','35','156','','2565-01-04 02:07:39','','119','8','56','6','0.57','1349900595497'),(416,1422,'5','2564','2',9,0,1,'ไม่มี','ปกติ','ไม่ผุ','48','160','','2565-01-04 02:08:05','','90','45','63','14','0.40','1349900595497'),(417,1428,'6','2564','2',9,0,1,'ไม่มี','ปกติ','ไม่ผุ','42','154','','2565-01-04 02:08:42','','96','50','66','14','0.38','1349900595497'),(418,1439,'7','2564','2',9,0,1,'ไม่มี','ปกติ','ไม่ผุ','46','156','','2565-01-04 02:09:08','','74','48','100','15','0.38','1349900595497'),(419,1418,'8','2564','2',9,0,1,'ไม่มี','ปกติ','ไม่ผุ','40','145','','2565-02-21 09:46:06','','103','45','58','9','0.56','1349900595497'),(420,1424,'1','2564','2',8,0,2,'ไม่มี','ปกติ','ไม่ผุ','39','147','','2565-02-21 09:39:56','','80','19','52','3','2','1349900595497'),(421,1425,'2','2564','2',8,0,2,'ไม่มี','ปกติ','ไม่ผุ','38','152','','2565-02-21 09:40:35','','90','32','53','4','0.56','1349900595497'),(422,1427,'3','2564','2',8,0,2,'ไม่มี','ปกติ','ไม่ผุ','39.5','136.5','','2565-02-21 09:41:13','','80','25','60','8','0.48','1349900595497'),(423,1417,'1','2564','2',9,0,2,'ไม่มี','ปกติ','ไม่ผุ','55','157','','2565-02-21 09:42:09','','80','19','36','9','0.51','1349900595497'),(424,1419,'2','2564','2',9,0,2,'ไม่มี','ปกติ','ไม่ผุ','47','154','','2565-02-21 09:42:34','','85','17','63','3.5','0.49','1349900595497'),(425,1420,'3','2564','2',9,0,2,'ไม่มี','ปกติ','ไม่ผุ','69','169','','2565-02-21 09:43:06','','70','30','65','3','1','1349900595497'),(426,1421,'4','2564','2',9,0,2,'ไม่มี','ปกติ','ไม่ผุ','38','158','','2565-02-21 09:43:39','','90','12','57','7','0.55','1349900595497'),(427,1422,'5','2564','2',9,0,2,'ไม่มี','ปกติ','ไม่ผุ','49','161','','2565-02-21 09:44:17','','85','45','66','13','0.47','1349900595497'),(428,1428,'6','2564','2',9,0,2,'ไม่มี','ปกติ','ไม่ผุ','44','156','','2565-02-21 09:44:48','','90','55','68','15','0.36','1349900595497'),(429,1439,'7','2564','2',9,0,2,'ไม่มี','ปกติ','ไม่ผุ','47','156.5','','2565-02-21 09:45:23','','80','50','105','15','0.34','1349900595497'),(430,1418,'8','2564','2',9,0,2,'ไม่มี','ปกติ','ไม่ผุ','42','146','','2565-02-21 09:45:56','','86','44','52','8','0.53','1349900595497'),(431,1468,'1','2565','1',4,0,2,'ไม่มี','ปกติ','ผุ','36','125','','2565-08-23 01:36:25','','','','','','','1349900642444'),(432,1469,'2','2565','1',4,0,2,'ไม่มี','ปกติ','ผุ','17','111','','2565-08-23 01:36:49','','','','','','','1349900642444'),(433,1485,'3','2565','1',4,0,2,'ไม่มี','ปกติ','ไม่ผุ','25','121','','2565-08-23 01:37:24','','','','','','','1349900642444'),(434,1470,'4','2565','1',4,0,2,'ไม่มี','ปกติ','ไม่ผุ','20','117','','2565-08-23 01:37:46','','','','','','','1349900642444'),(435,1471,'5','2565','1',4,0,2,'ไม่มี','ปกติ','ไม่ผุ','15','106','','2565-08-23 01:38:21','','','','','','','1349900642444'),(436,1424,'1','2565','1',9,0,1,'ไม่มี','ปกติ','ไม่ผุ','36','152','','2565-09-26 09:24:49','','82','8','56','4','2','1349900595497'),(437,1425,'2','2565','1',9,0,1,'ไม่มี','ปกติ','ไม่ผุ','42','159','','2565-09-26 09:25:50','','90','7','60','10','0.53','1349900595497'),(438,1427,'3','2565','1',9,0,1,'ไม่มี','ปกติ','ไม่ผุ','45','155','','2565-09-26 09:26:15','','82','7','60','5','0.51','1349900595497'),(439,1426,'4','2565','1',9,0,1,'ไม่มี','ปกติ','ไม่ผุ','38','156','','2565-09-26 09:26:59','','81','4','53','6','1.46','1349900595497'),(440,1435,'1','2565','1',8,0,1,'ไม่มี','ปกติ','ไม่ผุ','36','146','','2565-09-26 09:27:35','','81','7','65','3','1.35','1349900595497'),(441,1436,'2','2565','1',8,0,1,'ไม่มี','ปกติ','ไม่ผุ','41','150','','2565-09-26 09:28:05','','83','9','62','5','1.49','1349900595497'),(442,1438,'3','2565','1',8,0,1,'ไม่มี','ปกติ','ไม่ผุ','42','147','','2565-09-26 09:28:35','','85','3','56','2','2','1349900595497'),(443,1472,'4','2565','1',8,0,1,'ไม่มี','ปกติ','ไม่ผุ','35','146','','2565-09-26 09:29:10','','80','6','60','4','1.24','1349900595497'),(444,1495,'5','2565','1',8,0,1,'ไม่มี','ปกติ','ไม่ผุ','37','148','','2565-09-26 09:29:46','','82','7','64','4','0.56','1349900595497'),(445,1468,'1','2565','2',4,0,1,'ไม่มี','ปกติ','ผุ','38','126','','2565-12-06 10:25:57','','','','','','','1349900642444'),(446,1469,'2','2565','2',4,0,1,'ไม่มี','ปกติ','ผุ','16','112','','2565-12-06 10:26:21','','','','','','','1349900642444'),(447,1485,'3','2565','2',4,0,1,'ไม่มี','ปกติ','ไม่ผุ','24','122','','2565-12-06 10:26:33','','','','','','','1349900642444'),(448,1470,'4','2565','2',4,0,1,'ไม่มี','ปกติ','ผุ','21','118','','2565-12-06 10:26:54','','','','','','','1349900642444'),(449,1471,'5','2565','2',4,0,1,'ไม่มี','ปกติ','ไม่ผุ','15','108','','2565-12-06 10:27:18','','','','','','','1349900642444'),(450,1520,'6','2565','2',4,0,1,'ไม่มี','ปกติ','ไม่ผุ','15','115','','2565-12-06 10:28:32','','','','','','','1349900642444'),(451,1452,'1','2568','2',9,0,1,'ไม่มี','ปกติ','ไม่ผุ','49','148','','2568-11-04 02:41:06','','72','8','22','6','4','1349900595497'),(452,1529,'9','2568','2',9,0,1,'ไม่มี','ปกติ','ไม่ผุ','59','152','','2568-11-04 02:41:33','','77','4','12','4','6','1349900595497'),(453,1521,'8','2568','2',9,0,1,'ไม่มี','ปกติ','ไม่ผุ','61','155','','2568-11-04 02:42:44','','80','7','15','4','6','1349900595497'),(454,1458,'4','2568','2',9,0,1,'ไม่มี','ปกติ','ไม่ผุ','51','156','','2568-11-04 02:43:23','','70','5','16','6','5','1349900595497'),(455,1454,'2','2568','2',9,0,1,'ไม่มี','ปกติ','ไม่ผุ','39','152','','2568-11-04 02:43:48','','80','8','23','8','7','1349900595497'),(456,1455,'3','2568','2',9,0,1,'ไม่มี','ปกติ','ไม่ผุ','25','141','','2568-11-04 02:44:29','','75','10','22','8','7','1349900595497'),(457,1466,'6','2568','2',9,0,1,'ไม่มี','ปกติ','ไม่ผุ','43','153','','2568-11-04 02:44:58','','80','10','18','8','3','1349900595497'),(458,1509,'7','2568','2',9,0,1,'ไม่มี','ปกติ','ไม่ผุ','46','151','','2568-11-04 02:45:26','','80','9','17','7','4','1349900595497');

--
-- Table structure for table `health_personal`
--

CREATE TABLE `health_personal` (
  `per_id` int(11) NOT NULL AUTO_INCREMENT,
  `personal_code` varchar(13) NOT NULL,
  `per_position` int(3) NOT NULL,
  `per_status` int(3) NOT NULL,
  `person_room` int(3) NOT NULL,
  PRIMARY KEY (`per_id`)
) ENGINE=MyISAM AUTO_INCREMENT=51 DEFAULT CHARSET=utf8 COLLATE=utf8_general_ci;

--
-- Dumping data for table `health_personal`
--

INSERT INTO `health_personal` VALUES (39,'3341500517951',3,1,0),(36,'1329900339148',2,1,0),(45,'1349900598283',6,1,0),(40,'1329900339148',3,1,0),(46,'1331000273887',5,1,0),(38,'1349900642444',4,1,0),(23,'1349900598283',7,1,0),(24,'3341500517951',8,1,0),(25,'3341500517951',9,1,0),(42,'3341500517951',4,1,0),(41,'1329900339148',1,1,0),(50,'2200101102938',7,1,0),(49,'2200101102938',6,1,0),(48,'3341500517951',7,1,0),(47,'3341500517951',6,1,0),(33,'1349900595497',8,1,0),(34,'1349900595497',9,1,0),(43,'3341500517951',5,1,0);

--
-- Table structure for table `health_weight_height`
--

CREATE TABLE `health_weight_height` (
  `id` int(11) NOT NULL AUTO_INCREMENT,
  `type` tinyint(4) NOT NULL DEFAULT 0,
  `sex` tinyint(4) NOT NULL DEFAULT 1,
  `height` int(11) NOT NULL,
  `weight_1` double NOT NULL,
  `weight_2` double NOT NULL,
  `weight_3` double NOT NULL,
  `weight_4` double NOT NULL,
  `weight_5` double NOT NULL,
  PRIMARY KEY (`id`)
) ENGINE=MyISAM AUTO_INCREMENT=75 DEFAULT CHARSET=utf8 COLLATE=utf8_general_ci;

--
-- Dumping data for table `health_weight_height`
--

INSERT INTO `health_weight_height` VALUES (1,0,1,50,2.5,3,3.8,4,4.5),(2,0,1,55,3.5,4,4.8,5,6),(3,0,1,60,4.5,5,6.3,6.5,7.5),(4,0,1,65,5.5,6,7.8,8,9),(5,0,1,70,7,7.5,9.3,9.5,10.5),(6,0,1,75,8,8.5,10.8,11,12),(7,0,1,80,9,9.5,12,12.5,13.5),(8,0,1,85,10,10.5,13.5,14,15.5),(9,0,1,90,11,11.5,15,15.5,17),(10,0,1,95,12,12.5,16.5,17,19),(11,0,1,100,13,14,18.5,19,21),(12,0,1,105,14,15,20,21,22.5),(13,0,1,110,15.5,16.5,22,23,25),(14,0,1,115,17,18,24,25,28),(15,0,1,120,18.5,19.5,26.5,28,31),(16,0,1,125,20.5,21.5,29.5,31,35),(17,0,1,130,22,23.5,33,35,39.5),(18,0,1,135,24,25.5,37,39,45),(19,0,1,140,26.5,28,41,44,50),(20,0,2,50,3,3.1,3.8,4,4.5),(21,0,2,55,3.5,4,4.8,5,6),(22,0,2,60,4.5,5,6.3,6.5,7),(23,0,2,65,5.5,6,7.8,8,8.5),(24,0,2,70,6.5,7.5,8.8,9,10),(25,0,2,75,7.5,8.5,10.8,10.5,11.5),(26,0,2,80,8.5,9,11.5,12.5,13),(27,0,2,85,9.5,10,13,13.5,14.5),(28,0,2,90,10.5,11.5,14.5,15.5,16.5),(29,0,2,95,11.5,13,16.5,17,18.5),(30,0,2,100,13,13.5,18,18.5,20.5),(31,0,2,110,15.5,16,22,23,25),(32,0,2,115,16.5,17.5,24,25,28),(33,0,2,120,18,19,27,28.5,31.5),(34,0,2,125,19.5,21.5,30,31.5,35.5),(35,0,2,130,21.5,23,34,36,41),(36,0,2,135,23.5,25,38,40.5,46),(37,0,2,140,25.5,27.5,42.5,45.5,55.5),(38,0,2,105,14,15,19.5,20.5,22.5),(39,1,1,90,11,11.5,15,16,17),(40,1,1,95,12,12.5,17,17.5,19),(41,1,1,100,13,14,18,19,21),(42,1,1,105,14.5,15,19.5,20.5,22.5),(43,1,1,110,16,16.6,21.5,22.5,24.5),(44,1,1,115,17,18,24,25,27.5),(45,1,1,120,19,19.5,26.5,28,30.5),(46,1,1,125,20,21,29,31,34),(47,1,1,130,22,23,33,35,39),(48,1,1,135,24.5,25.5,37,39.5,45),(49,1,1,140,26.5,28.5,41,44,50),(50,1,1,145,29,31,45,48,54.5),(51,1,1,150,32,34,49,52.5,58.5),(52,1,1,155,35,37,53,56.5,62.5),(53,1,1,160,38.5,41,57,60.5,66.5),(54,1,1,165,42.5,45,61.5,64.5,70),(55,1,1,170,46,48.5,65,68,74.5),(56,1,1,175,49.5,52.5,69,72,77),(57,1,1,180,53,56,72,75,80),(58,1,2,90,11,11.5,15,16,17),(59,1,2,95,12,12.5,16,17,18.5),(60,1,2,100,13,13.5,18,19,20.5),(61,1,2,105,14,15,19.5,20.5,22.5),(62,1,2,110,15.5,16,21.5,22.5,25),(63,1,2,115,17,17.5,24,25,27.5),(64,1,2,120,18.5,19,26.5,28,31),(65,1,2,125,20,21,30,32,36),(66,1,2,130,21.5,22.5,33.5,36,41),(67,1,2,135,23.5,25,38,41,46),(68,1,2,140,26,27.5,42.5,45.5,51.5),(69,1,2,145,29,31,47,50,56.5),(70,1,2,150,32.5,34.5,51.5,54.5,61),(71,1,2,155,36,38.5,55.5,58.5,65),(72,1,2,160,39.5,42,59,62,68),(73,1,2,165,43,45.5,62,65,70.5),(74,1,2,170,47,48.5,65.5,67.5,72.5);

--
-- Table structure for table `idplan_education`
--

CREATE TABLE `idplan_education` (
  `id` int(11) NOT NULL AUTO_INCREMENT,
  `person_id` varchar(15) DEFAULT NULL,
  `class` varchar(30) DEFAULT NULL,
  `initials` varchar(30) DEFAULT NULL,
  `subject_1` varchar(150) DEFAULT NULL,
  `subject` varchar(150) DEFAULT NULL,
  `institute` varchar(200) DEFAULT NULL,
  `province` varchar(50) DEFAULT NULL,
  `finish_year` varchar(10) DEFAULT NULL,
  PRIMARY KEY (`id`)
) ENGINE=MyISAM AUTO_INCREMENT=12 DEFAULT CHARSET=utf8 COLLATE=utf8_general_ci;

--
-- Dumping data for table `idplan_education`
--

INSERT INTO `idplan_education` VALUES (9,'1349900642444','ครุศาสตรบัณฑิต','ค.บ.','','การประถมศึกษา','มหาวิทยาลัยราชภัฏอุบลราชธานี','อุบลราชธานี','2561'),(10,'1349900595497','ปริญญาตรี','ค.บ.','-','ภาษาอังกฤษ','มหาวิทยาลัยราชภัฏอุบลราชธานี','อุบลราชธานี','2560'),(11,'2200101102938','ปริญญาตรี','กศ.บ.','-','คณิตศาสตร์','มหาวิทยาลัยมหาสารคาม','มหาสารคาม','2565');

--
-- Table structure for table `idplan_list_setting`
--

CREATE TABLE `idplan_list_setting` (
  `id` int(11) NOT NULL AUTO_INCREMENT,
  `rating` int(5) DEFAULT NULL,
  `item_list` char(50) DEFAULT NULL,
  `permission` int(2) DEFAULT NULL,
  PRIMARY KEY (`id`)
) ENGINE=MyISAM AUTO_INCREMENT=12 DEFAULT CHARSET=utf8 COLLATE=utf8_general_ci;

--
-- Dumping data for table `idplan_list_setting`
--


--
-- Table structure for table `idplan_lookbook_1`
--

CREATE TABLE `idplan_lookbook_1` (
  `id` int(11) NOT NULL AUTO_INCREMENT,
  `person_id` varchar(15) DEFAULT NULL,
  `study_year` varchar(5) DEFAULT NULL,
  `term` varchar(2) DEFAULT NULL,
  `office` varchar(200) DEFAULT NULL,
  `school_name` varchar(250) DEFAULT NULL,
  `class` varchar(5) DEFAULT NULL,
  `subject_1` varchar(3) DEFAULT NULL,
  `subject_2` varchar(150) DEFAULT NULL,
  `house` int(3) DEFAULT NULL,
  PRIMARY KEY (`id`)
) ENGINE=MyISAM AUTO_INCREMENT=21 DEFAULT CHARSET=utf8 COLLATE=utf8_general_ci;

--
-- Dumping data for table `idplan_lookbook_1`
--

INSERT INTO `idplan_lookbook_1` VALUES (19,'1349900595497','2565','1','','โรงเรียนบ้านอาเลา','8','8','ทุกวิชาในระดับประถมศึกษา',30),(20,'1349900595497','2565','1','','โรงเรียนบ้านอาเลา','9','8','ทุกวิชาในระดับประถมศึกษา',30);

--
-- Table structure for table `idplan_lookbook_2`
--

CREATE TABLE `idplan_lookbook_2` (
  `id` int(11) NOT NULL AUTO_INCREMENT,
  `person_id` varchar(15) DEFAULT NULL,
  `year` varchar(5) DEFAULT NULL,
  `term` varchar(1) DEFAULT NULL,
  `week` varchar(3) DEFAULT NULL,
  `start_date` date DEFAULT NULL,
  `end_date` date DEFAULT NULL,
  `group_vicha_id` varchar(2) DEFAULT NULL,
  `vicha_name` varchar(200) DEFAULT NULL,
  `vicha_code` varchar(10) DEFAULT NULL,
  `vitaya` varchar(2) DEFAULT NULL,
  `hour_term` varchar(5) DEFAULT NULL,
  `time` varchar(5) DEFAULT NULL,
  `time_unit` varchar(25) DEFAULT NULL,
  `learn_type` varchar(2) DEFAULT NULL,
  `garantee` varchar(2) DEFAULT NULL,
  PRIMARY KEY (`id`)
) ENGINE=MyISAM AUTO_INCREMENT=21 DEFAULT CHARSET=utf8 COLLATE=utf8_general_ci;

--
-- Dumping data for table `idplan_lookbook_2`
--

INSERT INTO `idplan_lookbook_2` VALUES (20,'1349900595497','2565','1','1','2022-05-17','2022-09-26','','ทุกวิชาในระดับประถมศึกษา','','2','','','2','1','1');

--
-- Table structure for table `idplan_lookbook_3`
--

CREATE TABLE `idplan_lookbook_3` (
  `id` int(11) NOT NULL AUTO_INCREMENT,
  `person_id` varchar(15) DEFAULT NULL,
  `year` varchar(5) DEFAULT NULL,
  `term` varchar(1) DEFAULT NULL,
  `week` varchar(3) DEFAULT NULL,
  `start_date` date DEFAULT NULL,
  `end_date` date DEFAULT NULL,
  `vicha_support` varchar(200) DEFAULT NULL,
  `hour_week` varchar(5) DEFAULT NULL,
  `garantee` varchar(2) DEFAULT NULL,
  PRIMARY KEY (`id`)
) ENGINE=MyISAM AUTO_INCREMENT=23 DEFAULT CHARSET=utf8 COLLATE=utf8_general_ci;

--
-- Dumping data for table `idplan_lookbook_3`
--

INSERT INTO `idplan_lookbook_3` VALUES (22,'1349900595497','2565','1','1','0000-00-00','0000-00-00','งานบริหารวิชาการ','2','1');

--
-- Table structure for table `idplan_lookbook_4`
--

CREATE TABLE `idplan_lookbook_4` (
  `id` int(11) NOT NULL AUTO_INCREMENT,
  `person_id` varchar(15) DEFAULT NULL,
  `year` varchar(5) DEFAULT NULL,
  `term` varchar(1) DEFAULT NULL,
  `week` varchar(3) DEFAULT NULL,
  `start_date` date DEFAULT NULL,
  `end_date` date DEFAULT NULL,
  `policy` varchar(255) DEFAULT NULL,
  `hour_week` varchar(5) DEFAULT NULL,
  `garantee` varchar(2) DEFAULT NULL,
  PRIMARY KEY (`id`)
) ENGINE=MyISAM AUTO_INCREMENT=25 DEFAULT CHARSET=utf8 COLLATE=utf8_general_ci;

--
-- Dumping data for table `idplan_lookbook_4`
--

INSERT INTO `idplan_lookbook_4` VALUES (24,'1349900595497','2565','1','5','2022-06-14','2022-09-21','จัดกิจกรรมทักษะอาชีพในระดับชั้นประถมศึกษาปืที่ 5 และ ชั้นประถมศึกษาปีที่ 6','2','1');

--
-- Table structure for table `idplan_lookbook_5`
--

CREATE TABLE `idplan_lookbook_5` (
  `id` int(11) NOT NULL AUTO_INCREMENT,
  `person_id` varchar(15) DEFAULT NULL,
  `rec_date` date DEFAULT NULL,
  `develop_name` varchar(255) DEFAULT NULL,
  `develop_code` varchar(15) DEFAULT NULL,
  `knowledge` varchar(10) DEFAULT NULL,
  `skill` varchar(10) DEFAULT NULL,
  `teacher` varchar(10) DEFAULT NULL,
  `develop_hour` varchar(5) DEFAULT NULL,
  `develop_start_date` date DEFAULT NULL,
  `num_date` int(5) DEFAULT NULL,
  `development` varchar(10) DEFAULT NULL,
  `garantee` varchar(2) DEFAULT NULL,
  PRIMARY KEY (`id`)
) ENGINE=MyISAM AUTO_INCREMENT=4 DEFAULT CHARSET=utf8 COLLATE=utf8_general_ci;

--
-- Dumping data for table `idplan_lookbook_5`
--


--
-- Table structure for table `idplan_lookbook_6`
--

CREATE TABLE `idplan_lookbook_6` (
  `id` int(11) NOT NULL AUTO_INCREMENT,
  `person_id` varchar(15) DEFAULT NULL,
  `group_activities` varchar(255) DEFAULT NULL,
  `num_member` int(5) DEFAULT NULL,
  `activities_name` varchar(255) DEFAULT NULL,
  `round` varchar(3) DEFAULT NULL,
  `date_activities` date DEFAULT NULL,
  `term` varchar(2) DEFAULT NULL,
  `year` varchar(5) DEFAULT NULL,
  `num_hour` varchar(5) DEFAULT NULL,
  `r_character` varchar(3) DEFAULT NULL,
  `income_activities` varchar(5) DEFAULT NULL,
  `issues` varchar(255) DEFAULT NULL,
  `cause` varchar(255) DEFAULT NULL,
  `knowledge` varchar(255) DEFAULT NULL,
  `activities` varchar(255) DEFAULT NULL,
  `r_activities` varchar(255) DEFAULT NULL,
  `reapply` varchar(255) DEFAULT NULL,
  `other` varchar(255) DEFAULT NULL,
  `garantee` varchar(2) DEFAULT NULL,
  PRIMARY KEY (`id`)
) ENGINE=MyISAM AUTO_INCREMENT=7 DEFAULT CHARSET=utf8 COLLATE=utf8_general_ci;

--
-- Dumping data for table `idplan_lookbook_6`
--

INSERT INTO `idplan_lookbook_6` VALUES (6,'1349900595497','Intensive thinking skill through PLC ',5,'พูดคุยในเรื่องของปัญหาของเด็กที่เกิดจากตัวครู ','1','2022-05-24','1','2565','3','4','5','ปัญหาครูผู้สอนไม่สามารถสอนเนื้อหาได้ครบถ้วนตามหลักสูตร','ครูผู้สอนไม่มีการวางแผนเพื่อการบริหารจัดการเวลาได้อย่างเหมาะสม','',' ','','','','1');

--
-- Table structure for table `idplan_lookbook_group_subject`
--

CREATE TABLE `idplan_lookbook_group_subject` (
  `id` int(11) NOT NULL AUTO_INCREMENT,
  `g_subject` varchar(255) DEFAULT NULL,
  PRIMARY KEY (`id`)
) ENGINE=MyISAM AUTO_INCREMENT=21 DEFAULT CHARSET=utf8 COLLATE=utf8_general_ci;

--
-- Dumping data for table `idplan_lookbook_group_subject`
--


--
-- Table structure for table `idplan_management_crown`
--

CREATE TABLE `idplan_management_crown` (
  `id` int(11) NOT NULL AUTO_INCREMENT,
  `crown_name_th` char(100) DEFAULT NULL,
  `crown_shot_name` char(10) DEFAULT NULL,
  `crown_name_en` char(150) DEFAULT NULL,
  PRIMARY KEY (`id`)
) ENGINE=MyISAM AUTO_INCREMENT=37 DEFAULT CHARSET=utf8 COLLATE=utf8_general_ci;

--
-- Dumping data for table `idplan_management_crown`
--


--
-- Table structure for table `idplan_management_crown_year`
--

CREATE TABLE `idplan_management_crown_year` (
  `id` int(11) NOT NULL AUTO_INCREMENT,
  `person_id` varchar(15) DEFAULT NULL,
  `crown_id` varchar(3) DEFAULT NULL,
  `crown_year` varchar(7) DEFAULT NULL,
  PRIMARY KEY (`id`)
) ENGINE=MyISAM AUTO_INCREMENT=4 DEFAULT CHARSET=utf8 COLLATE=utf8_general_ci;

--
-- Dumping data for table `idplan_management_crown_year`
--


--
-- Table structure for table `idplan_management_family`
--

CREATE TABLE `idplan_management_family` (
  `id` int(11) NOT NULL AUTO_INCREMENT,
  `person_id` varchar(15) DEFAULT NULL,
  `family_prename` varchar(20) DEFAULT NULL,
  `family_name` varchar(100) DEFAULT NULL,
  `family_surname` varchar(150) DEFAULT NULL,
  `birth_date` date DEFAULT NULL,
  `family_type` varchar(5) DEFAULT NULL,
  PRIMARY KEY (`id`)
) ENGINE=MyISAM AUTO_INCREMENT=17 DEFAULT CHARSET=utf8 COLLATE=utf8_general_ci;

--
-- Dumping data for table `idplan_management_family`
--

INSERT INTO `idplan_management_family` VALUES (16,'3341500517951','นาง','อ่อน','สำราญ','0000-00-00','2'),(15,'3341500517951','นางสาว','ญาณินท์','สัมฤทธิ์','1991-07-16','4'),(13,'3341500517951','นาย','กรวรรธ','สัมฤทธิ์','2002-10-28','3');

--
-- Table structure for table `idplan_management_marry`
--

CREATE TABLE `idplan_management_marry` (
  `person_id` varchar(15) NOT NULL,
  `m_type` varchar(5) DEFAULT NULL,
  `m_prename` varchar(10) DEFAULT NULL,
  `m_name` varchar(50) DEFAULT NULL,
  `m_surname` varchar(150) DEFAULT NULL,
  PRIMARY KEY (`person_id`)
) ENGINE=MyISAM DEFAULT CHARSET=utf8 COLLATE=utf8_general_ci;

--
-- Dumping data for table `idplan_management_marry`
--

INSERT INTO `idplan_management_marry` VALUES ('3341500517951','2','นาง','ภัทร์ธิรา','สัมฤทธิ์');

--
-- Table structure for table `idplan_management_member`
--

CREATE TABLE `idplan_management_member` (
  `id` int(11) NOT NULL AUTO_INCREMENT,
  `person_id` varchar(15) DEFAULT NULL,
  `member_name` varchar(255) DEFAULT NULL,
  `member_number` varchar(30) DEFAULT NULL,
  PRIMARY KEY (`id`)
) ENGINE=MyISAM AUTO_INCREMENT=4 DEFAULT CHARSET=utf8 COLLATE=utf8_general_ci;

--
-- Dumping data for table `idplan_management_member`
--


--
-- Table structure for table `idplan_management_portfolio`
--

CREATE TABLE `idplan_management_portfolio` (
  `id` int(11) NOT NULL AUTO_INCREMENT,
  `person_id` varchar(15) DEFAULT NULL,
  `topic` varchar(200) DEFAULT NULL,
  `date` date DEFAULT NULL,
  `address` varchar(255) DEFAULT NULL,
  `pic_upload` varchar(50) DEFAULT NULL,
  PRIMARY KEY (`id`)
) ENGINE=MyISAM AUTO_INCREMENT=16 DEFAULT CHARSET=utf8 COLLATE=utf8_general_ci;

--
-- Dumping data for table `idplan_management_portfolio`
--


--
-- Table structure for table `idplan_management_vitaya`
--

CREATE TABLE `idplan_management_vitaya` (
  `id` int(11) NOT NULL AUTO_INCREMENT,
  `person_id` varchar(15) DEFAULT NULL,
  `vitaya_name` varchar(250) DEFAULT NULL,
  `vitaya_shot` varchar(50) DEFAULT NULL,
  `vitaya_date` date DEFAULT NULL,
  PRIMARY KEY (`id`)
) ENGINE=MyISAM AUTO_INCREMENT=8 DEFAULT CHARSET=utf8 COLLATE=utf8_general_ci;

--
-- Dumping data for table `idplan_management_vitaya`
--


--
-- Table structure for table `idplan_permission`
--

CREATE TABLE `idplan_permission` (
  `per_id` int(5) NOT NULL AUTO_INCREMENT,
  `person_id` char(15) DEFAULT NULL,
  `p1` int(2) DEFAULT NULL,
  `office` char(15) DEFAULT NULL,
  `rec_dat` date DEFAULT NULL,
  PRIMARY KEY (`per_id`)
) ENGINE=MyISAM AUTO_INCREMENT=36 DEFAULT CHARSET=utf8 COLLATE=utf8_general_ci;

--
-- Dumping data for table `idplan_permission`
--


--
-- Table structure for table `idplan_person_sch_profile`
--

CREATE TABLE `idplan_person_sch_profile` (
  `person_id` varchar(15) NOT NULL,
  `birth_date` date DEFAULT NULL,
  `f_date` date DEFAULT NULL,
  `vittaya` varchar(50) DEFAULT NULL,
  `work_old` int(3) DEFAULT NULL,
  `at_home` varchar(10) DEFAULT NULL,
  `moo` varchar(3) DEFAULT NULL,
  `tambun` varchar(50) DEFAULT NULL,
  `ampher` varchar(50) DEFAULT NULL,
  `province` varchar(70) DEFAULT NULL,
  `postcode` varchar(10) DEFAULT NULL,
  `home_phone` varchar(15) DEFAULT NULL,
  `mobile` varchar(15) DEFAULT NULL,
  `salary` int(10) DEFAULT NULL,
  `emoluments` int(10) DEFAULT NULL,
  `money_of_position` int(10) DEFAULT NULL,
  `m_type` varchar(5) DEFAULT NULL,
  `update_date` date DEFAULT NULL,
  PRIMARY KEY (`person_id`)
) ENGINE=MyISAM DEFAULT CHARSET=utf8 COLLATE=utf8_general_ci;

--
-- Dumping data for table `idplan_person_sch_profile`
--

INSERT INTO `idplan_person_sch_profile` VALUES ('3341500517951','1964-04-01','2533-05-01','ชำนาญการพิเศษ',29,'236','5','สำโรง','สำโรง','อุบลราชธานี','','-','0979189489',50,0,11,'2','2019-05-28'),('1342200061523',NULL,NULL,NULL,NULL,NULL,NULL,NULL,NULL,NULL,NULL,NULL,NULL,NULL,NULL,NULL,NULL,NULL),('1349900642444','1994-08-03','2018-11-26','',4,'','','','','','','','',20240,16290,0,'1','2023-02-02'),('1349900595497','2536-12-02','2561-04-09','',0,'21','4','บุ่งหวาย','วารินชำราบ','อุบลราชธานี','','','',0,0,0,'1','2022-09-26'),('2200101102938','1998-11-12','2022-10-31','',0,'99/1','10','คำน้ำแซบ','วารินชำราบ','อุบลราชธานี','','-','0630492796',0,0,0,'1','2022-11-04'),('1331000273887',NULL,NULL,NULL,NULL,NULL,NULL,NULL,NULL,NULL,NULL,NULL,NULL,NULL,NULL,NULL,NULL,NULL),('1103702698440',NULL,NULL,NULL,NULL,NULL,NULL,NULL,NULL,NULL,NULL,NULL,NULL,NULL,NULL,NULL,NULL,NULL);

--
-- Table structure for table `la_cancel`
--

CREATE TABLE `la_cancel` (
  `id` int(11) NOT NULL AUTO_INCREMENT,
  `person_id` varchar(13) NOT NULL,
  `la_type` tinyint(4) NOT NULL,
  `write_at` varchar(100) DEFAULT NULL,
  `permission_start` date NOT NULL,
  `permission_finish` date NOT NULL,
  `permission_total` int(11) NOT NULL,
  `because` varchar(200) NOT NULL,
  `cancel_la_start` date NOT NULL,
  `cancel_la_finish` date NOT NULL,
  `cancel_la_total` int(11) NOT NULL,
  `no_comment` int(11) NOT NULL DEFAULT 0,
  `grant_p_selected` varchar(13) DEFAULT NULL,
  `rec_date` datetime NOT NULL,
  `officer_comment` varchar(200) DEFAULT NULL,
  `officer_sign` varchar(13) DEFAULT NULL,
  `officer_date` datetime DEFAULT NULL,
  `group_comment` varchar(100) DEFAULT NULL,
  `group_sign` varchar(13) DEFAULT NULL,
  `group_date` datetime DEFAULT NULL,
  `comment_date` datetime DEFAULT NULL,
  `commander_grant` tinyint(4) DEFAULT NULL,
  `commander_comment` varchar(100) DEFAULT NULL,
  `commander_sign` varchar(13) DEFAULT NULL,
  `grant_date` datetime DEFAULT NULL,
  PRIMARY KEY (`id`)
) ENGINE=MyISAM DEFAULT CHARSET=utf8 COLLATE=utf8_general_ci;

--
-- Dumping data for table `la_cancel`
--


--
-- Table structure for table `la_collect`
--

CREATE TABLE `la_collect` (
  `id` int(11) NOT NULL AUTO_INCREMENT,
  `year` int(11) NOT NULL,
  `person_id` varchar(13) NOT NULL,
  `collect_day` tinyint(4) NOT NULL DEFAULT 0,
  `this_year_day` tinyint(4) NOT NULL DEFAULT 0,
  `officer` varchar(13) DEFAULT NULL,
  `rec_date` date DEFAULT NULL,
  PRIMARY KEY (`id`)
) ENGINE=MyISAM DEFAULT CHARSET=utf8 COLLATE=utf8_general_ci;

--
-- Dumping data for table `la_collect`
--


--
-- Table structure for table `la_main`
--

CREATE TABLE `la_main` (
  `id` int(11) NOT NULL AUTO_INCREMENT,
  `person_id` varchar(13) NOT NULL,
  `la_type` tinyint(4) NOT NULL,
  `write_at` varchar(100) DEFAULT NULL,
  `because` varchar(250) DEFAULT NULL,
  `la_start` date NOT NULL,
  `la_finish` date NOT NULL,
  `la_total` int(11) NOT NULL,
  `last_la_start` date DEFAULT NULL,
  `last_la_finish` date DEFAULT NULL,
  `last_la_total` int(11) DEFAULT NULL,
  `contact` varchar(150) DEFAULT NULL,
  `contact_tel` varchar(20) DEFAULT NULL,
  `document` varchar(100) DEFAULT NULL,
  `no_comment` tinyint(4) NOT NULL DEFAULT 0,
  `grant_p_selected` varchar(13) DEFAULT NULL,
  `sick_ago` int(11) DEFAULT NULL,
  `sick_this` int(11) DEFAULT NULL,
  `sick_total` int(11) DEFAULT NULL,
  `privacy_ago` int(11) DEFAULT NULL,
  `privacy_this` int(11) DEFAULT NULL,
  `privacy_total` int(11) DEFAULT NULL,
  `birth_ago` int(11) DEFAULT NULL,
  `birth_this` int(11) DEFAULT NULL,
  `birth_total` int(11) DEFAULT NULL,
  `relax_ago` int(11) DEFAULT NULL,
  `relax_this` int(11) DEFAULT NULL,
  `relax_total` int(11) DEFAULT NULL,
  `relax_collect` tinyint(4) DEFAULT NULL,
  `relax_this_year` tinyint(4) DEFAULT NULL,
  `job_person` varchar(13) DEFAULT NULL,
  `job_person_sign` tinyint(4) NOT NULL DEFAULT 0,
  `rec_date` datetime NOT NULL,
  `officer_comment` varchar(200) DEFAULT NULL,
  `officer_sign` varchar(13) DEFAULT NULL,
  `officer_date` datetime DEFAULT NULL,
  `group_comment` varchar(100) DEFAULT NULL,
  `group_sign` varchar(13) DEFAULT NULL,
  `group_date` datetime DEFAULT NULL,
  `comment_date` datetime DEFAULT NULL,
  `commander_grant` tinyint(4) DEFAULT NULL,
  `commander_comment` varchar(100) DEFAULT NULL,
  `commander_sign` varchar(13) DEFAULT NULL,
  `grant_date` datetime DEFAULT NULL,
  PRIMARY KEY (`id`)
) ENGINE=MyISAM AUTO_INCREMENT=2 DEFAULT CHARSET=utf8 COLLATE=utf8_general_ci;

--
-- Dumping data for table `la_main`
--

INSERT INTO `la_main` VALUES (1,'1349900595497',2,'โรงเรียนบ้านอาเลา','ลากิจส่วนตัว','2021-12-21','2021-12-22',2,'2021-12-23','2021-12-23',0,'21 หมู่ 4 ต.บุ่งหวาย อ.วารินชำราบ จ.อุบลราชธานี','0823783378','',0,'3341500517951',0,0,0,0,0,0,0,0,0,NULL,NULL,NULL,NULL,NULL,NULL,0,'2021-12-23 10:34:50',NULL,NULL,NULL,NULL,NULL,NULL,NULL,NULL,NULL,NULL,NULL);

--
-- Table structure for table `la_permission`
--

CREATE TABLE `la_permission` (
  `id` int(11) NOT NULL AUTO_INCREMENT,
  `person_id` varchar(13) NOT NULL,
  `p1` tinyint(4) NOT NULL,
  `officer` varchar(13) NOT NULL,
  `rec_date` date NOT NULL,
  PRIMARY KEY (`id`)
) ENGINE=MyISAM AUTO_INCREMENT=6 DEFAULT CHARSET=utf8 COLLATE=utf8_general_ci;

--
-- Dumping data for table `la_permission`
--

INSERT INTO `la_permission` VALUES (2,'1342200061523',1,'1342200061523','2018-11-15'),(5,'3341500517951',1,'3341500517951','2020-03-06'),(4,'1349900595497',1,'1342200061523','2018-11-15');

--
-- Table structure for table `la_person_set`
--

CREATE TABLE `la_person_set` (
  `id` int(11) NOT NULL AUTO_INCREMENT,
  `person_id` varchar(13) NOT NULL,
  `comment_person` varchar(13) DEFAULT NULL,
  `grant_person` varchar(13) DEFAULT NULL,
  `officer` varchar(13) DEFAULT NULL,
  `rec_date` date DEFAULT NULL,
  PRIMARY KEY (`id`),
  UNIQUE KEY `person_id` (`person_id`)
) ENGINE=MyISAM DEFAULT CHARSET=utf8 COLLATE=utf8_general_ci;

--
-- Dumping data for table `la_person_set`
--


--
-- Table structure for table `la_year`
--

CREATE TABLE `la_year` (
  `id` int(11) NOT NULL AUTO_INCREMENT,
  `budget_year` int(11) NOT NULL,
  `year_active` tinyint(1) NOT NULL,
  PRIMARY KEY (`id`),
  UNIQUE KEY `budget_year` (`budget_year`)
) ENGINE=MyISAM AUTO_INCREMENT=5 DEFAULT CHARSET=utf8 COLLATE=utf8_general_ci;

--
-- Dumping data for table `la_year`
--

INSERT INTO `la_year` VALUES (1,2559,0),(2,2561,0),(3,2563,0),(4,2564,1);

--
-- Table structure for table `mail_filebook`
--

CREATE TABLE `mail_filebook` (
  `id` int(11) NOT NULL AUTO_INCREMENT,
  `ref_id` varchar(50) NOT NULL,
  `file_name` varchar(100) NOT NULL,
  `file_des` varchar(100) NOT NULL,
  PRIMARY KEY (`id`)
) ENGINE=MyISAM AUTO_INCREMENT=3 DEFAULT CHARSET=utf8 COLLATE=utf8_general_ci;

--
-- Dumping data for table `mail_filebook`
--

INSERT INTO `mail_filebook` VALUES (1,'33415016861451445915081','33415016861451445915081_1.jpg','ภาพความทรงจำ'),(2,'34510002886421445915136','34510002886421445915136_1.docx','เอกสารที่แนบ');

--
-- Table structure for table `mail_group`
--

CREATE TABLE `mail_group` (
  `grp_id` int(11) NOT NULL AUTO_INCREMENT,
  `grp_name` varchar(50) NOT NULL,
  PRIMARY KEY (`grp_id`)
) ENGINE=MyISAM DEFAULT CHARSET=utf8 COLLATE=utf8_general_ci;

--
-- Dumping data for table `mail_group`
--


--
-- Table structure for table `mail_group_member`
--

CREATE TABLE `mail_group_member` (
  `id` int(11) NOT NULL AUTO_INCREMENT,
  `grp_id` int(11) NOT NULL,
  `person_id` varchar(13) NOT NULL,
  PRIMARY KEY (`id`)
) ENGINE=MyISAM DEFAULT CHARSET=utf8 COLLATE=utf8_general_ci;

--
-- Dumping data for table `mail_group_member`
--


--
-- Table structure for table `mail_main`
--

CREATE TABLE `mail_main` (
  `ms_id` int(11) NOT NULL AUTO_INCREMENT,
  `sender` varchar(13) NOT NULL,
  `subject` varchar(150) NOT NULL,
  `detail` text DEFAULT NULL,
  `ref_id` varchar(50) NOT NULL,
  `send_date` datetime NOT NULL,
  PRIMARY KEY (`ms_id`),
  KEY `ref_id` (`ref_id`)
) ENGINE=MyISAM AUTO_INCREMENT=4 DEFAULT CHARSET=utf8 COLLATE=utf8_general_ci;

--
-- Dumping data for table `mail_main`
--

INSERT INTO `mail_main` VALUES (1,'3341501686145','การอบรม AMSS ณ วันที่ 27 ตุลารคม2558 ณ สพป.อบ.4','สวัสดีค่ะ','33415016861451445915081','2015-10-27 10:09:04'),(2,'3451000288642','เอกสารประเมินครูชำนาญการ','แบบประเมิน ว1.1','34510002886421445915136','2015-10-27 10:16:00'),(3,'3341501686145','ทดลองส่ง','hello','33415016861451533199117','2018-08-02 15:39:52');

--
-- Table structure for table `mail_permission`
--

CREATE TABLE `mail_permission` (
  `id` int(11) NOT NULL AUTO_INCREMENT,
  `person_id` varchar(13) NOT NULL,
  `p1` tinyint(4) NOT NULL,
  `officer` varchar(13) NOT NULL,
  `rec_date` date NOT NULL,
  PRIMARY KEY (`id`)
) ENGINE=MyISAM AUTO_INCREMENT=6 DEFAULT CHARSET=utf8 COLLATE=utf8_general_ci;

--
-- Dumping data for table `mail_permission`
--

INSERT INTO `mail_permission` VALUES (1,'3341501686145',1,'3341501686145','2018-10-26'),(2,'1342200061523',1,'3341501686145','2018-10-26'),(3,'3451000288642',1,'3341501686145','2018-10-26'),(4,'1349900595497',1,'3341501686145','2018-10-26'),(5,'3341400046574',1,'3341501686145','2018-10-26');

--
-- Table structure for table `mail_sendto_answer`
--

CREATE TABLE `mail_sendto_answer` (
  `id` int(11) NOT NULL AUTO_INCREMENT,
  `ref_id` varchar(50) NOT NULL,
  `send_to` varchar(13) NOT NULL,
  `answer` tinyint(4) NOT NULL DEFAULT 0,
  `answer_time` datetime NOT NULL,
  PRIMARY KEY (`id`),
  KEY `ref_id` (`ref_id`),
  KEY `send_to` (`send_to`)
) ENGINE=MyISAM AUTO_INCREMENT=11 DEFAULT CHARSET=utf8 COLLATE=utf8_general_ci;

--
-- Dumping data for table `mail_sendto_answer`
--

INSERT INTO `mail_sendto_answer` VALUES (1,'34510002886421445915136','1340700060184',1,'2015-10-27 10:17:20'),(2,'33415016861451445915081','33',0,'0000-00-00 00:00:00'),(3,'33415016861451445915081','34',0,'0000-00-00 00:00:00'),(4,'33415016861451445915081','35',0,'0000-00-00 00:00:00'),(5,'33415016861451445915081','3341501551398',1,'2016-01-26 20:23:08'),(6,'33415016861451445915081','3341400046574',0,'0000-00-00 00:00:00'),(7,'33415016861451445915081','3451000288642',1,'2015-10-27 10:18:52'),(8,'33415016861451445915081','1340700060184',1,'2015-10-27 10:16:58'),(9,'34510002886421445916227','3341501686145',0,'0000-00-00 00:00:00'),(10,'33415016861451533199117','3341501686145',1,'2018-08-02 15:43:46');

--
-- Table structure for table `meeting_main`
--

CREATE TABLE `meeting_main` (
  `id` int(11) NOT NULL AUTO_INCREMENT,
  `room` tinyint(4) NOT NULL,
  `book_date` date NOT NULL,
  `book_date_end` date NOT NULL,
  `start_time` tinyint(4) NOT NULL,
  `finish_time` tinyint(4) NOT NULL,
  `objective` varchar(200) NOT NULL,
  `book_person` varchar(13) NOT NULL,
  `rec_date` datetime NOT NULL,
  `approve` int(11) DEFAULT NULL,
  `reason` varchar(200) DEFAULT NULL,
  `person_num` int(11) NOT NULL,
  `other` varchar(250) NOT NULL,
  `officer` varchar(13) DEFAULT NULL,
  `officer_date` datetime DEFAULT NULL,
  PRIMARY KEY (`id`)
) ENGINE=MyISAM DEFAULT CHARSET=utf8 COLLATE=utf8_general_ci;

--
-- Dumping data for table `meeting_main`
--


--
-- Table structure for table `meeting_permission`
--

CREATE TABLE `meeting_permission` (
  `id` int(11) NOT NULL AUTO_INCREMENT,
  `person_id` varchar(13) NOT NULL,
  `p1` tinyint(4) NOT NULL,
  `officer` varchar(13) NOT NULL,
  `rec_date` date NOT NULL,
  PRIMARY KEY (`id`)
) ENGINE=MyISAM AUTO_INCREMENT=2 DEFAULT CHARSET=utf8 COLLATE=utf8_general_ci;

--
-- Dumping data for table `meeting_permission`
--

INSERT INTO `meeting_permission` VALUES (1,'3451000288642',1,'3341501686145','2015-10-29');

--
-- Table structure for table `meeting_room`
--

CREATE TABLE `meeting_room` (
  `id` int(11) NOT NULL AUTO_INCREMENT,
  `room_code` tinyint(4) NOT NULL,
  `room_name` varchar(100) NOT NULL,
  `active` int(11) NOT NULL DEFAULT 0,
  PRIMARY KEY (`id`)
) ENGINE=MyISAM AUTO_INCREMENT=11 DEFAULT CHARSET=utf8 COLLATE=utf8_general_ci;

--
-- Dumping data for table `meeting_room`
--

INSERT INTO `meeting_room` VALUES (1,1,'ห้องประชุม1',1),(2,2,'ห้องประชุม2',0),(3,3,'ห้องประชุม3',0),(4,4,'หอ้งประชุม4',0),(5,5,'ห้องประชุม5',0),(6,6,'ห้องประชุม6',0),(7,7,'ห้องประชุม7',0),(8,8,'ห้องประชุม8',0),(9,9,'ห้องประชุม9',0),(10,10,'ห้องประชุม10',0);

--
-- Table structure for table `news_mainitem`
--

CREATE TABLE `news_mainitem` (
  `id` int(11) NOT NULL AUTO_INCREMENT,
  `code` int(11) NOT NULL,
  `mainitem` varchar(150) NOT NULL,
  `item_active` tinyint(1) NOT NULL DEFAULT 0,
  PRIMARY KEY (`id`),
  UNIQUE KEY `code` (`code`)
) ENGINE=MyISAM DEFAULT CHARSET=utf8 COLLATE=utf8_general_ci;

--
-- Dumping data for table `news_mainitem`
--


--
-- Table structure for table `news_news`
--

CREATE TABLE `news_news` (
  `id` int(11) NOT NULL AUTO_INCREMENT,
  `report_date` datetime NOT NULL,
  `news` varchar(250) NOT NULL,
  `file` varchar(150) NOT NULL,
  `section` int(11) NOT NULL,
  `mainitem_code` int(11) NOT NULL,
  `officer` varchar(13) NOT NULL,
  PRIMARY KEY (`id`)
) ENGINE=MyISAM DEFAULT CHARSET=utf8 COLLATE=utf8_general_ci;

--
-- Dumping data for table `news_news`
--


--
-- Table structure for table `news_permission`
--

CREATE TABLE `news_permission` (
  `id` int(11) NOT NULL AUTO_INCREMENT,
  `person_id` varchar(13) NOT NULL,
  `p1` tinyint(4) NOT NULL,
  `officer` varchar(13) NOT NULL,
  `rec_date` date NOT NULL,
  PRIMARY KEY (`id`)
) ENGINE=MyISAM DEFAULT CHARSET=utf8 COLLATE=utf8_general_ci;

--
-- Dumping data for table `news_permission`
--


--
-- Table structure for table `news_section`
--

CREATE TABLE `news_section` (
  `id` int(11) NOT NULL AUTO_INCREMENT,
  `code` tinyint(4) NOT NULL,
  `name` varchar(100) NOT NULL,
  `mainitem_code` int(11) NOT NULL,
  PRIMARY KEY (`id`)
) ENGINE=MyISAM DEFAULT CHARSET=utf8 COLLATE=utf8_general_ci;

--
-- Dumping data for table `news_section`
--


--
-- Table structure for table `permission_date`
--

CREATE TABLE `permission_date` (
  `id` int(11) NOT NULL AUTO_INCREMENT,
  `person_id` varchar(13) NOT NULL,
  `ref_id` varchar(50) NOT NULL,
  `date` date NOT NULL,
  `rec_date` datetime NOT NULL,
  PRIMARY KEY (`id`)
) ENGINE=MyISAM AUTO_INCREMENT=6 DEFAULT CHARSET=utf8 COLLATE=utf8_general_ci;

--
-- Dumping data for table `permission_date`
--

INSERT INTO `permission_date` VALUES (1,'3341501686145','144592197916574','2015-10-27','2015-10-27 11:59:39'),(3,'3341501686145','153572178828565','2018-09-03','2018-08-31 20:23:08'),(4,'3341501686145','153572178828565','2018-09-04','2018-08-31 20:23:08'),(5,'3341501686145','153572178828565','2018-09-05','2018-08-31 20:23:08');

--
-- Table structure for table `permission_main`
--

CREATE TABLE `permission_main` (
  `id` int(11) NOT NULL AUTO_INCREMENT,
  `person_id` varchar(13) NOT NULL,
  `ref_id` varchar(50) NOT NULL,
  `subject` varchar(150) NOT NULL,
  `place` varchar(150) NOT NULL,
  `vehicle` varchar(150) DEFAULT NULL,
  `document` varchar(150) DEFAULT NULL,
  `no_comment` tinyint(4) NOT NULL DEFAULT 0,
  `grant_person_selected` varchar(13) DEFAULT NULL,
  `rec_date` datetime NOT NULL,
  `comment` varchar(200) DEFAULT NULL,
  `comment_person` varchar(13) DEFAULT NULL,
  `comment_date` datetime DEFAULT NULL,
  `grant_x` tinyint(4) DEFAULT NULL,
  `grant_comment` varchar(200) DEFAULT NULL,
  `grant_person` varchar(13) DEFAULT NULL,
  `grant_date` datetime DEFAULT NULL,
  `report` text DEFAULT NULL,
  `report_date` datetime DEFAULT NULL,
  PRIMARY KEY (`id`),
  UNIQUE KEY `ref_id` (`ref_id`)
) ENGINE=MyISAM AUTO_INCREMENT=4 DEFAULT CHARSET=utf8 COLLATE=utf8_general_ci;

--
-- Dumping data for table `permission_main`
--

INSERT INTO `permission_main` VALUES (1,'3341501686145','144592197916574','อบรม smss','สพป.อบ.4','i5po9N','',0,'3341501686145','2015-10-27 11:59:39',NULL,NULL,NULL,1,'','3341501686145','2015-10-27 12:01:38','','2015-10-27 12:08:45'),(3,'3341501686145','153572178828565','โครงการพัฒนาวิชาชีพผู้บริหารศึกษาสู่ความเป็นเลิศทางด้านวิชาการประจำปีงบประมาณ 2561','จังหวัดบุรีรัมย์และจังหวัดระยอง','รถโดยสารไม่ประจำทาง','',0,'3341501686145','2018-08-31 20:23:08',NULL,NULL,NULL,1,NULL,'3341501686145','2018-10-14 10:55:41',NULL,NULL);

--
-- Table structure for table `permission_permission`
--

CREATE TABLE `permission_permission` (
  `id` int(11) NOT NULL AUTO_INCREMENT,
  `person_id` varchar(13) NOT NULL,
  `p1` tinyint(4) NOT NULL,
  `officer` varchar(13) NOT NULL,
  `rec_date` date NOT NULL,
  PRIMARY KEY (`id`)
) ENGINE=MyISAM AUTO_INCREMENT=7 DEFAULT CHARSET=utf8 COLLATE=utf8_general_ci;

--
-- Dumping data for table `permission_permission`
--

INSERT INTO `permission_permission` VALUES (1,'3341500517951',1,'3341500517951','2020-03-03'),(2,'1349900595497',1,'3341500517951','2020-03-03'),(3,'1349900642444',1,'3341500517951','2020-03-03');

--
-- Table structure for table `permission_person_set`
--

CREATE TABLE `permission_person_set` (
  `id` int(11) NOT NULL AUTO_INCREMENT,
  `person_id` varchar(13) NOT NULL,
  `comment_person` varchar(13) DEFAULT NULL,
  `grant_person` varchar(13) DEFAULT NULL,
  `officer` varchar(13) DEFAULT NULL,
  `rec_date` date DEFAULT NULL,
  PRIMARY KEY (`id`),
  UNIQUE KEY `person_id` (`person_id`)
) ENGINE=MyISAM AUTO_INCREMENT=2 DEFAULT CHARSET=utf8 COLLATE=utf8_general_ci;

--
-- Dumping data for table `permission_person_set`
--

INSERT INTO `permission_person_set` VALUES (1,'3341501686145','3341501686145','3341501686145','3341501686145','2018-08-06');

--
-- Table structure for table `person_main`
--

CREATE TABLE `person_main` (
  `id` int(11) NOT NULL AUTO_INCREMENT,
  `person_id` varchar(13) NOT NULL,
  `prename` varchar(20) NOT NULL,
  `name` varchar(50) NOT NULL,
  `surname` varchar(50) NOT NULL,
  `position_code` tinyint(4) NOT NULL,
  `pic` varchar(150) DEFAULT NULL,
  `status` tinyint(4) NOT NULL DEFAULT 0,
  `person_order` tinyint(4) DEFAULT 0,
  `officer` varchar(13) NOT NULL,
  `rec_date` date NOT NULL,
  PRIMARY KEY (`id`),
  UNIQUE KEY `person_id` (`person_id`)
) ENGINE=MyISAM AUTO_INCREMENT=29 DEFAULT CHARSET=utf8 COLLATE=utf8_general_ci;

--
-- Dumping data for table `person_main`
--

INSERT INTO `person_main` VALUES (14,'3341501686145','นาง','ชลวรรณ','แสงสิงห์',1,'modules/person/picture/3341501686145.jpg',1,0,'3341501686145','2015-10-25'),(28,'1341500308485','นางสาว','ปิยะพร','หม่องคำทิ',4,'',0,0,'1342200061523','2023-08-11'),(9,'3341400046574','นาง','อมรา','พิมศรี',3,'modules/person/picture/3341400046574.jpg',1,0,'3341501686145','0000-00-00'),(11,'3341500004679','นาย','วะสัน','บุญมาพันธ์',23,'modules/person/picture/3341500004679.jpg',0,0,'3341501686145','0000-00-00'),(23,'1349900595497','นางสาว','ภัทรพร','สุชาตะประคัลภ์',3,'modules/person/picture/1349900595497.jpg',0,0,'1342200061523','2019-07-11'),(19,'1342200061523','นางสาว','นิตยา','หงษ์คำ',32,'modules/person/picture/1342200061523.jpg',0,0,'3341500517951','2018-10-10'),(22,'3341500517951','นาง','ภัทร์ธิรา','สัมฤทธิ์',1,'modules/person/picture/341500517951.JPG',0,0,'7777','2019-03-05'),(25,'1331000273887','นางสาว','วนิดา','หลักบุญ',3,'modules/person/picture/1331000273887.jpg',0,0,'1342200061523','2022-05-24'),(27,'1103702698440','นางสาว','พศวีร์','ผดุงทรัพย์',4,'',0,0,'7777','2023-08-11'),(26,'2200101102938','นางสาว','ช่อผกา','คงนาคา',4,'modules/person/picture/2200101102938.jpg',0,0,'2200101102938','2022-11-02');

--
-- Table structure for table `person_permission`
--

CREATE TABLE `person_permission` (
  `id` int(11) NOT NULL AUTO_INCREMENT,
  `person_id` varchar(13) NOT NULL,
  `p1` tinyint(4) NOT NULL,
  `officer` varchar(13) NOT NULL,
  `rec_date` date NOT NULL,
  PRIMARY KEY (`id`)
) ENGINE=MyISAM AUTO_INCREMENT=12 DEFAULT CHARSET=utf8 COLLATE=utf8_general_ci;

--
-- Dumping data for table `person_permission`
--

INSERT INTO `person_permission` VALUES (9,'1103702698440',1,'1342200061523','2023-08-21'),(8,'3341500517951',1,'3341500517951','2020-03-03'),(3,'1342200061523',1,'3341501686145','2016-07-24'),(10,'1341500308485',1,'1342200061523','2023-08-21'),(7,'2200101102938',1,'1342200061523','2023-08-21'),(6,'1349900595497',1,'3341501686145','2018-10-09'),(11,'1331000273887',1,'1342200061523','2022-07-23');

--
-- Table structure for table `person_position`
--

CREATE TABLE `person_position` (
  `id` int(11) NOT NULL AUTO_INCREMENT,
  `position_code` int(11) NOT NULL,
  `position_name` varchar(50) NOT NULL,
  PRIMARY KEY (`id`),
  UNIQUE KEY `position_code` (`position_code`)
) ENGINE=MyISAM AUTO_INCREMENT=22 DEFAULT CHARSET=utf8 COLLATE=utf8_general_ci;

--
-- Dumping data for table `person_position`
--

INSERT INTO `person_position` VALUES (1,1,'ผู้อำนวยการโรงเรียน'),(2,2,'รองผู้อำนวยการโรงเรียน'),(3,3,'ครู'),(4,4,'ครูผู้ช่วย'),(5,11,'พนักงานราชการ(ครูผู้สอน)'),(6,12,'พนักงานราชการ(ครูพี่เลี้ยง)'),(7,13,'พนักงานราชการ(อื่น ๆ)'),(17,41,'ผู้จัดการโรงเรียนเอกชน'),(9,21,'ลูกจ้างประจำ(พนักงานธุรการ)'),(10,22,'ลูกจ้างประจำ(พนักงานขับรถยนต์))'),(11,23,'ลูกจ้างประจำ(ช่างครุภัณฑ์)'),(12,24,'ลูกจ้างประจำ(อื่น ๆ)'),(13,31,'ลูกจ้างชั่วคราว(ครู)'),(14,32,'ลูกจ้างชั่วคราว(เจ้าหน้าที่ธุรการโรงเรียน)'),(15,33,'ลูกจ้างชั่วคราว(นักการภารโรง)'),(16,34,'ลูกจ้างชั่วคราว(อื่น ๆ)'),(18,42,'เจ้าหน้าที่บริหารทั่วไปโรงเรียนเอกชน'),(19,43,'เจ้าหน้าที่อื่น ๆ โรงเรียนเอกชน'),(20,19,'ลูกจ้างชั่วคราว(ครูพี่เลี้ยง)'),(21,20,'ลูกจ้างชั่วคราว(ครูอัตราจ้าง)');

--
-- Table structure for table `plan_acti`
--

CREATE TABLE `plan_acti` (
  `id` int(11) NOT NULL AUTO_INCREMENT,
  `budget_year` int(11) DEFAULT NULL,
  `code_clus` tinyint(4) NOT NULL,
  `code_proj` char(3) NOT NULL DEFAULT '',
  `code_acti` char(6) NOT NULL DEFAULT '',
  `code_approve` char(3) NOT NULL DEFAULT '',
  `budget_acti` decimal(10,2) NOT NULL DEFAULT 0.00,
  `budget_approve` decimal(10,2) NOT NULL DEFAULT 0.00,
  `dayinput` date NOT NULL DEFAULT '0000-00-00',
  `daythai` char(13) NOT NULL DEFAULT '',
  `name_acti` char(150) NOT NULL,
  `owner_acti` char(50) NOT NULL DEFAULT '',
  `id_defalt` char(13) NOT NULL DEFAULT '',
  `dayseri` datetime NOT NULL DEFAULT '0000-00-00 00:00:00',
  `begin_date` date NOT NULL,
  `finish_date` date NOT NULL,
  `stop` tinyint(1) DEFAULT NULL,
  PRIMARY KEY (`id`)
) ENGINE=MyISAM AUTO_INCREMENT=40 DEFAULT CHARSET=utf8 COLLATE=utf8_general_ci;

--
-- Dumping data for table `plan_acti`
--

INSERT INTO `plan_acti` VALUES (1,2559,1,'001','001001','',5000.00,0.00,'0000-00-00','24 ก.ค. 2559','ส่งเสริมความเป็นเลิศทางวิชาการ','','','2016-07-24 11:11:06','2016-07-24','2016-09-30',NULL),(5,2564,1,'001','001001','109',2000.00,0.00,'2021-03-09','11 ส.ค. 2563','จัดกิจกรรม อ่านคล่อง เขียนคล่อง คิดเลขเร็ว','','','2020-08-11 10:52:40','2020-10-01','2021-09-30',NULL),(6,2564,1,'002','002001','109',10000.00,0.00,'2021-02-17','11 ส.ค. 2563','จัดซื้อวัสดุอุปกรณ์','','','2020-08-11 10:56:13','2020-10-01','2021-09-30',NULL),(7,2564,1,'003','003001','109',500.00,0.00,'2563-08-11','11 ส.ค. 2563','จัดนิทรรศการทางวิชาการ','','','2020-08-11 13:48:01','2020-10-01','2021-09-30',NULL),(8,2564,1,'004','004001','117',15000.00,0.00,'2563-08-11','11 ส.ค. 2563','นำนักเรียนไปแหล่งเรียนรู้','','','2020-08-11 13:56:14','2020-10-01','2021-09-30',NULL),(10,2564,1,'005','005001','109',3000.00,0.00,'2563-08-11','11 ส.ค. 2563','ดำเนินการกิจกรรมส่งเสริมพัฒนาผู้เรียน และเก็บรวบรวมเอกสารหลักฐานในแฟ้มมาตรฐานการศึกษา','','','2020-08-11 14:01:06','2020-10-01','2021-09-30',NULL),(11,2564,1,'006','006001','109',3000.00,0.00,'2563-08-11','11 ส.ค. 2563','จัดทำปฎิทินวันสำคัญ ดำเนินการตามปฎิทิน','','','2020-08-11 14:03:34','2020-10-01','2021-09-30',NULL),(12,2564,1,'007','007001','109',5000.00,0.00,'2563-08-11','11 ส.ค. 2563','ดำเนินกิจกรรมตามแผนงานโครงการ','','','2020-08-11 14:05:30','2020-10-01','2021-09-30',NULL),(13,2564,1,'008','008001','109',2000.00,0.00,'2563-08-11','11 ส.ค. 2563','การปรับหลักสูตรเพื่อนำปรัชญาเศรษฐกิจพอเพียงมาบรูณาการ','','','2020-08-11 14:12:49','2020-10-01','2021-09-30',NULL),(14,2564,1,'009','009001','109',500.00,0.00,'2563-08-11','11 ส.ค. 2563','การจัดกิจกรรมรณรงค์ป้องกันยาเสพติด\r\nการเข้าร่วมกิจกรรมทางศาสนาและชุมชน\r\nการจัดนิทรรศการวันสำคัญต่างๆ','','','2020-08-11 14:16:30','2020-10-01','2021-09-30',NULL),(15,2564,1,'010','010001','117',500.00,0.00,'2563-08-11','11 ส.ค. 2563','กิจกรรมหน้าเสาธง\r\nกิจกรรมเสียงตามสาย\r\nกิจกรรมทำความสะอาด\r\nกิจกรรมเดินเเถวกลับบ้าน','','','2020-08-11 14:20:09','2020-10-01','2021-09-30',NULL),(16,2564,1,'011','011001','109',2000.00,0.00,'2563-08-11','11 ส.ค. 2563','จัดกิจกรรมปัจฉิมนิเทศ','','','2020-08-11 14:33:12','2020-10-01','2021-09-30',NULL),(17,2564,1,'012','012001','117',5000.00,0.00,'2563-08-11','11 ส.ค. 2563','ดำเนินการจัดกาารแข่งขันกีฬาภายใน','','','2020-08-11 14:36:03','2020-10-01','2021-09-30',NULL),(18,2564,1,'013','013001','109',1000.00,0.00,'2563-08-11','11 ส.ค. 2563','จัดชื้อวัสดุอุปกรณ์','','','2020-08-11 14:37:45','2020-10-01','2021-09-30',NULL),(19,2564,1,'014','014001','118',212000.00,0.00,'2021-02-17','11 ส.ค. 2563','จัดซื้อเครื่องบริโภคประกอบอาหารกลางวัน','','','2020-08-11 14:44:53','2020-10-01','2021-09-30',NULL),(20,2564,1,'015','015001','117',24390.00,0.00,'2021-02-17','11 ส.ค. 2563','กิจกรรมพัฒนาผู้เรียน','','','2020-08-11 14:53:01','2020-10-01','2021-09-30',NULL),(21,2564,1,'016','016001','109',500.00,0.00,'2563-08-11','11 ส.ค. 2563','จัดนิทรรศการต่อต้านยาเสพติดในโรงเรียน\r\nกิจกรรมสหกรณ์\r\nกิจกรรมออมทรัพย์','','','2020-08-11 14:55:36','2020-10-01','2021-09-30',NULL),(22,2564,2,'017','017001','109',5000.00,0.00,'2563-08-11','11 ส.ค. 2563','ส่งครูเข้าอบรม/รายงานผลการอบรม','','','2020-08-11 15:01:55','2020-10-01','2021-09-30',NULL),(23,2564,3,'018','018001','109',500.00,0.00,'2563-08-11','11 ส.ค. 2563','ดำเนินการนิเทศ','','','2020-08-11 15:04:41','2020-10-01','2021-09-30',NULL),(24,2564,3,'019','019001','109',40000.00,0.00,'2563-08-11','11 ส.ค. 2563','อนุมัติจ้างต่อเนื่อง /ประกาศผลการคัดเลือก\r\nทำสัญญาจ้าง','','','2020-08-11 15:09:06','2020-10-01','2021-09-30',NULL),(25,2564,2,'020','020001','109',3000.00,0.00,'2563-08-11','11 ส.ค. 2563','จัดซื้อวัสดุอุปกรณ์','','','2020-08-11 15:13:33','2020-10-11','2021-09-30',NULL),(26,2564,2,'021','021001','109',12000.00,0.00,'2563-08-11','11 ส.ค. 2563','ดำเนินการควบคุมดูแลกำกับ','','','2020-08-11 15:18:28','2020-10-01','2021-09-30',NULL),(27,2564,4,'022','022001','109',1000.00,0.00,'2563-08-11','11 ส.ค. 2563','ดำเนินการประชุมผู้ปกครอง','','','2020-08-11 15:22:49','2020-10-01','2021-09-30',NULL),(28,2564,4,'023','023001','108',5000.00,0.00,'2563-08-11','11 ส.ค. 2563','ดำเนินกิจกรรมปรับปรุงพัฒนา','','','2020-08-11 15:24:59','2020-10-01','2021-09-30',NULL),(29,2564,4,'024','024001','101',16000.00,0.00,'2021-02-17','11 ส.ค. 2563','ดำเนินกิจกรรมปรับปรุงพัฒนา','','','2020-08-11 15:27:30','2020-10-01','2021-09-30',NULL),(30,2564,4,'025','025001','109',5000.00,0.00,'2021-02-17','11 ส.ค. 2563','ทำเรื่องจัดซื้อวัสดุอุปกรณ์ที่ใช้ในสำนักงาน','','','2020-08-11 15:30:49','2020-10-01','2021-09-30',NULL),(31,2564,4,'026','026001','109',500.00,0.00,'2563-08-11','11 ส.ค. 2563','ดำเนินการปรับปรุงพัฒนาฐานข้อมูล','','','2020-08-11 15:52:58','2020-10-01','2021-09-30',NULL),(32,2564,4,'027','027001','127',117008.36,0.00,'2021-02-17','17 ก.พ. 2564','ค่าครองชีพ','','','2021-02-17 10:22:06','2020-10-01','2021-09-30',NULL),(33,2564,4,'028','028001','121',5000.00,0.00,'2564-02-17','17 ก.พ. 2564','รณรงค์ป้องกันแก้ไขยาเสพติด','','','2021-02-17 10:40:22','2020-10-01','2021-09-30',NULL),(34,2564,4,'029','029001','112',32000.00,0.00,'2564-02-17','17 ก.พ. 2564','ค่าเครื่องแบบ','','','2021-02-17 11:24:18','2020-10-01','2021-09-30',NULL),(35,2564,1,'015','015002','114',26712.00,0.00,'2564-02-17','17 ก.พ. 2564','หนังสือเรียน','','','2021-02-17 13:40:28','2020-10-01','2021-09-30',NULL),(36,2564,1,'015','015003','115',16680.00,0.00,'2564-02-17','17 ก.พ. 2564','ค่าอุปกรณ์การเรียน','','','2021-02-17 13:41:22','2020-10-01','2021-09-30',NULL),(37,2564,1,'015','015004','116',13860.00,0.00,'2564-02-17','17 ก.พ. 2564','ค่าเครื่องแบบ','','','2021-02-17 13:42:07','2020-10-01','2021-09-30',NULL),(38,2564,1,'001','001002','109',5000.00,0.00,'2021-03-09','17 ก.พ. 2564','โครงงานทางวิชาการ','','','2021-02-17 14:48:55','2020-10-01','2021-09-30',NULL),(39,2564,1,'001','001003','108',3000.00,0.00,'2564-03-09','9 มี.ค. 2564','โครงงานบ้านวิทยาศาสตร์น้อย','','','2021-03-09 13:17:13','2020-10-01','2021-09-30',NULL);

--
-- Table structure for table `plan_permission`
--

CREATE TABLE `plan_permission` (
  `id` int(11) NOT NULL AUTO_INCREMENT,
  `id_person` char(13) NOT NULL DEFAULT '',
  `name_perm` char(40) NOT NULL DEFAULT '',
  `password_new` char(4) NOT NULL DEFAULT '',
  `password_old` char(4) NOT NULL DEFAULT '',
  `perm_view` char(1) NOT NULL DEFAULT '',
  `perm_read` char(1) NOT NULL DEFAULT '',
  `perm_add` char(1) NOT NULL DEFAULT '',
  `perm_edit` char(1) NOT NULL DEFAULT '',
  `perm_dele` char(1) NOT NULL DEFAULT '',
  `comment` char(1) NOT NULL DEFAULT '',
  `moderate` char(1) NOT NULL DEFAULT '',
  `admin` char(1) NOT NULL DEFAULT '',
  `id_defalt` char(13) NOT NULL DEFAULT '',
  PRIMARY KEY (`id`),
  UNIQUE KEY `id_person` (`id_person`)
) ENGINE=MyISAM AUTO_INCREMENT=19 DEFAULT CHARSET=utf8 COLLATE=utf8_general_ci;

--
-- Dumping data for table `plan_permission`
--

INSERT INTO `plan_permission` VALUES (10,'3341500517951','นางภัทร์ธิรา  สัมฤทธิ์','7951','7951','0','0','1','1','1','0','0','0','3341500517951'),(13,'1342200061523','นางสาวนิตยา  หงษ์คำ','1523','1523','0','0','1','1','1','0','0','0','1342200061523'),(16,'1341500308485','นางสาวปิยะพร  หม่องคำทิ','8485','8485','0','0','1','1','1','0','0','0','1341500308485'),(17,'1331000273887','นางสาววนิดา  หลักบุญ','3887','3887','0','0','1','1','1','0','0','0','1331000273887'),(18,'2200101102938','นางสาวช่อผกา  คงนาคา','2938','2938','0','0','1','1','1','0','0','0','2200101102938');

--
-- Table structure for table `plan_proj`
--

CREATE TABLE `plan_proj` (
  `id` int(11) NOT NULL AUTO_INCREMENT,
  `budget_year` int(11) DEFAULT NULL,
  `code_clus` tinyint(4) NOT NULL,
  `code_tegy` char(1) NOT NULL DEFAULT '',
  `code_proj` char(3) NOT NULL DEFAULT '',
  `budget_proj` double NOT NULL DEFAULT 0,
  `budget_approve` double NOT NULL DEFAULT 0,
  `name_proj` varchar(250) NOT NULL DEFAULT '',
  `owner_proj` varchar(50) NOT NULL DEFAULT '',
  `file_detail` varchar(100) NOT NULL DEFAULT '',
  `dayrec` datetime NOT NULL DEFAULT '0000-00-00 00:00:00',
  `eval_tegy` varchar(250) NOT NULL DEFAULT '',
  `eval_activity` longtext NOT NULL,
  `eval_result` longtext NOT NULL,
  `eval_obstacle` longtext NOT NULL,
  `eval_particular` varchar(100) NOT NULL DEFAULT '',
  `begin_date` date NOT NULL,
  `finish_date` date NOT NULL,
  `allow_edit` char(1) NOT NULL DEFAULT '',
  PRIMARY KEY (`id`)
) ENGINE=MyISAM AUTO_INCREMENT=84 DEFAULT CHARSET=utf8 COLLATE=utf8_general_ci;

--
-- Dumping data for table `plan_proj`
--

INSERT INTO `plan_proj` VALUES (12,2559,1,'1','006',1000,0,'พัฒนา ICT  , DLTV เพื่อการเรียนรู้','3451000288642','modules/plan/planproject/detail/plansch2559_006.docx','2016-07-24 01:04:45','','','','','','2016-07-24','2016-09-30',''),(7,2559,1,'','001',22700,0,'ส่งเสริมความเป็นเลิศทางวิชาการ','3341501551398','modules/plan/planproject/detail/plansch2559_001.docx','2016-07-24 01:03:02','','','','','','2016-07-24','2016-09-30',''),(8,2559,1,'2','002',10000,0,'พัฒนาประสิทธิภาพการเรียนรู้ระดับปฐมวัย','3341400046574','modules/plan/planproject/detail/plansch2559_002.docx','2016-07-24 01:03:22','','','','','','2016-07-24','2016-09-30',''),(9,2559,4,'3','003',1000,0,'โรงเรียนสีขาว','3451000288642','modules/plan/planproject/detail/plansch2559_003.docx','2016-07-24 01:03:51','','','','','','2016-07-24','2016-09-30',''),(10,2559,4,'1','004',0,0,'โรงเรียนส่งเสริมสุขภาพ','1342200061523','modules/plan/planproject/detail/plansch2559_004.docx','2016-07-24 01:04:06','','','','','','2016-07-24','2016-09-30',''),(11,2559,4,'4','005',500,0,'โรงเรียนวิถีพุทธ','1342200061523','modules/plan/planproject/detail/plansch2559_005.docx','2016-07-24 01:04:26','','','','','','2016-07-24','2016-09-30',''),(13,2559,1,'2','007',1000,0,'ส่งเสริมกิจกรรมพัฒนาผู้เรียน','3451000288642','modules/plan/planproject/detail/plansch2559_007.docx','2016-07-24 01:04:59','','','','','','2016-07-24','2016-09-30',''),(14,2559,4,'3','008',1000,0,'สร้างค่านิยม 12 ประการ บนพื้นฐานเศรษฐกิจพอเพียงให้เข้าสู่ประชาคมอาเซียน','3451000288642','modules/plan/planproject/detail/plansch2559_008.docx','2016-07-24 01:05:16','','','','','','2016-07-24','2016-09-30',''),(15,2559,1,'2','009',0,0,' พัฒนาห้องสมุดโรงเรียน','3341501551398','modules/plan/planproject/detail/plansch2559_009.docx','2016-07-24 01:05:27','','','','','','2016-07-24','2016-09-30',''),(16,2559,3,'5','010',8000,0,'สร้างขวัญกำลังใจ  พัฒนาครูและบุคลากรทางการศึกษา               ','3341501686145','modules/plan/planproject/detail/plansch2559_010.docx','2016-07-24 01:05:41','','','','','','2016-07-24','2016-09-30',''),(17,2559,4,'2','011',2500,0,'การเรียนรู้เพื่อพัฒนาสมอง(BBL)','3341501551398','modules/plan/planproject/detail/plansch2559_011.docx','2016-07-24 01:05:52','','','','','','2016-07-24','2016-09-30',''),(18,2559,4,'5','012',29000,0,'ส่งเสริมและพัฒนาระบบบริหารจัดการศึกษา    \r\nของโรงเรียนให้มีประสิทธิภาพ\r\n','3341501686145','modules/plan/planproject/detail/plansch2559_012.docx','2016-07-24 01:06:12','','','','','','2016-07-24','2016-09-30',''),(19,2559,2,'5','013',1500,0,'จัดซื้อ  จัดจ้าง  ประจำปีการศึกษา  2559','3341400046574','modules/plan/planproject/detail/plansch2559_013.docx','2016-07-24 01:06:26','','','','','','2016-07-24','2016-09-30',''),(20,2559,4,'1','014',0,0,'อาหารกลางวันและอาหารเสริมนม','1342200061523','modules/plan/planproject/detail/plansch2559_014.docx','2016-07-24 01:06:40','','','','','','2016-07-24','2016-09-30',''),(21,2559,4,'4','015',8000,0,'เรียนฟรี 15 ปี และทัศนศึกษา','3451000288642','modules/plan/planproject/detail/plansch2559_015.docx','2016-07-24 01:06:51','','','','','','2016-07-24','2016-09-30',''),(22,2559,4,'5','016',11000,0,'รักษาความปลอดภัยในสถานศึกษา','3341501686145','modules/plan/planproject/detail/plansch2559_016.docx','2016-07-24 01:07:06','','','','','','2016-07-24','2016-09-30',''),(23,2559,3,'4','017',0,0,'รักษาความปลอดภัยในสถานศึกษา','3341501686145','modules/plan/planproject/detail/plansch2559_017.docx','2016-07-24 01:07:33','','','','','','2016-07-24','2016-09-30',''),(29,2563,1,'','001',11,0,'ส่งเสริมงานวิชาการ','1349900595497','','2020-03-03 03:27:43','','','','','','2020-03-03','2020-09-30',''),(30,2563,1,'3','002',8,0,'จัดหาสื่อการเรียนการสอน','1349900642444','','2020-03-03 03:29:33','','','','','','2020-03-03','2020-09-30',''),(31,2563,1,'3','003',50000,0,'วิจัยในชั้นเรียน','1349900642444','','2020-03-03 03:43:49','','','','','','2020-03-03','2020-09-30',''),(32,2563,1,'3','004',17000,0,'นำนักเรียนทัศนศึกษาแหล่งเรียนรู้','1349900642444','','2020-03-03 03:49:36','','','','','','2020-03-03','2020-09-30',''),(33,2563,1,'3','005',3000,0,'ประกันคุณภาพภายใน','1349900595497','','2020-03-03 03:51:54','','','','','','2020-03-03','2020-09-30',''),(34,2563,1,'3','006',8000,0,'วันสำคัญ','1349900642444','','2020-03-03 03:54:06','','','','','','2020-03-03','2020-09-30',''),(35,2563,1,'','007',500,0,'เสียงตามสาย','1349900642444','','2020-03-03 03:55:12','','','','','','2020-03-03','2020-09-30',''),(36,2563,1,'2','008',2000,0,'คุณธรรมนำความรู้สู่ปรัชญาเศรษฐกิจพอเพียง','1349900595497','','2020-03-03 03:57:08','','','','','','2020-03-03','2020-09-30',''),(37,2563,1,'3','009',500,0,'พัฒนาระบบดูแลช่วยเหลือนักเรียน','1349900642444','','2020-03-03 03:58:33','','','','','','2020-03-03','2020-09-30',''),(38,2563,1,'3','010',500,0,'ประชาธิปไตยในโรงเรียน','1349900642444','','2020-03-03 03:59:49','','','','','','2020-03-03','2020-09-30',''),(39,2563,1,'3','011',2000,0,'ปัจฉิมนิเทศ','1349900595497','','2020-03-03 04:00:59','','','','','','2020-03-03','2020-09-30',''),(40,2563,1,'3','012',50000,0,'ส่งเสริมกีฬาภายใน','1349900598283','','2020-03-03 04:02:49','','','','','','2020-03-03','2020-09-30',''),(41,2563,1,'3','013',1000,0,'ส่งเสริมสุขภาพอนามัยในโรงเรียน','1349900642444','','2020-03-03 04:04:05','','','','','','2020-03-03','2020-09-30',''),(42,2563,1,'3','014',0,0,'ส่งเสริมอาหารกลางวันและอาหารเสริมนม','1349900642444','','2020-03-03 04:06:46','','','','','','2020-03-03','2020-09-30',''),(43,2563,1,'3','015',44000,0,'สนับสนุนเรียนฟรี ๑๕ ปี','1349900595497','','2020-03-03 04:30:44','','','','','','2020-03-03','2020-09-30',''),(44,2563,1,'3','016',500,0,'โรงเรียนสุจริต','1349900642444','','2020-03-03 04:31:36','','','','','','2020-03-03','2020-09-30',''),(45,2563,3,'4','017',50000,0,'พัฒนาบุคลากร','3341500517951','','2020-03-03 05:25:33','','','','','','2020-03-03','2020-09-30',''),(46,2563,3,'4','018',500,0,'นิเทศภายใน','3341500517951','','2020-03-03 05:33:11','','','','','','2020-03-03','2020-09-30',''),(47,2563,3,'','019',40000,0,'จ้างครูสนับสนุนการจัดการศึกษา','3341500517951','','2020-03-03 05:36:18','','','','','','2020-03-03','2020-09-30',''),(48,2563,2,'','020',0,0,'พัฒนางานการเงินและพัสดุ','1349900595497','','2020-03-03 05:37:31','','','','','','2020-03-03','2020-09-30',''),(49,2563,2,'2','021',20000,0,'ควบคุมดูแลค่าใช้จ่ายสาธารณูปโภค','1349900595497','','2020-03-03 05:39:35','','','','','','2020-03-03','2020-09-30',''),(50,2563,4,'5','022',1000,0,'ประชุมผู้ปกครอง','3341500517951','','2020-03-03 05:40:35','','','','','','2020-03-03','2020-09-30',''),(51,2563,4,'1','023',12000,0,'พัฒนาอาคารสถานที่','3341500517951','','2020-03-03 05:41:42','','','','','','2020-03-03','2020-09-30',''),(52,2563,4,'1','024',15000,0,'พัฒนาสภาพแวดล้อมในโรงเรียน','3341500517951','','2020-03-03 05:42:36','','','','','','2020-03-03','2020-09-30',''),(53,2563,4,'1','025',10000,0,'จัดซื้อวัสดุสำนักงาน','1349900642444','','2020-03-03 05:43:31','','','','','','2020-03-03','2020-09-30',''),(54,2563,4,'4','026',3000,0,'พัฒนาระบบข้อมูลสารสนเทศ','1342200061523','','2020-03-03 05:44:47','','','','','','2020-03-03','2020-09-30',''),(55,2564,1,'','001',10000,0,'โครงการส่งเสริมทางวิชาการ','1349900595497','','2020-08-11 10:49:28','','','','','','2020-10-01','2021-09-30',''),(56,2564,1,'','002',10000,0,'โครงการการจัดหาสื่อการเรียน','1349900642444','','2020-08-11 10:54:51','','','','','','2020-10-01','2021-09-30',''),(57,2564,1,'','003',500,0,'โครงการส่งเสริมการวิจัยในชั้นเรียน','1349900595497','','2020-08-11 13:47:01','','','','','','2020-10-01','2021-09-30',''),(58,2564,1,'','004',15000,0,'โครงการนำนักเรียนทัศนศึกษาแหล่งเรียนรู้','1349900642444','','2020-08-11 13:51:29','','','','','','2020-10-01','2021-09-30',''),(59,2564,1,'','005',3000,0,'โครงการประกันคุณภาพภายใน','1349900595497','','2020-08-11 13:58:46','','','','','','2020-10-01','2021-09-30',''),(60,2564,1,'','006',3000,0,'โครงการวันสำคัญ','1349900595497','','2020-08-11 14:01:52','','','','','','2020-10-01','2021-09-30',''),(61,2564,1,'','007',5000,0,'โครงการเสียงตามสาย','1349900595497','','2020-08-11 14:04:25','','','','','','2020-10-01','2021-09-30',''),(62,2564,1,'','008',2000,0,'โครงการคุณธรรมนำความรู้สู่ปรัชญาเศรษฐกิจพอเพียง','1349900642444','','2020-08-11 14:06:42','','','','','','2020-10-01','2021-09-30',''),(63,2564,1,'','009',500,0,'โครงการระบบดูแลช่วยเหลือนักเรียน','1349900642444','','2020-08-11 14:14:17','','','','','','2020-10-01','2021-09-30',''),(64,2564,1,'','010',500,0,'โครงการส่งเสริมประชาธิปไตยในโรงเรียน','1349900595497','','2020-08-11 14:17:40','','','','','','2020-10-01','2021-09-30',''),(65,2564,1,'','011',2000,0,'โครงการปัจฉิมนิเทศ','1349900595497','','2020-08-11 14:32:25','','','','','','2020-10-01','2021-09-30',''),(66,2564,1,'','012',5000,0,'โครงการส่งเสริมกีฬาภายใน','1349900595497','','2020-08-11 14:34:56','','','','','','2020-10-01','2021-09-30',''),(67,2564,1,'','013',1000,0,'โครงการส่งเสริมสุขภาพอนามัยในโรงเรียน','1349900642444','','2020-08-11 14:36:55','','','','','','2020-10-01','2021-09-30',''),(68,2564,1,'5','014',212000,0,'โครงการส่งเสริมอาหารกลางวันและอาหารเสริม(นม)','1349900642444','','2020-08-11 14:41:42','','','','','','2020-10-01','2021-09-30',''),(69,2564,1,'4','015',81642,0,'โครงการสนับนุนเรียนฟรี 15 ปี','1329900339148','','2020-08-11 14:45:39','','','','','','2020-10-01','2021-09-30',''),(70,2564,1,'','016',500,0,'โครงการโรงเรียนสุจริต','1349900642444','','2020-08-11 14:53:45','','','','','','2020-10-01','2021-09-30',''),(71,2564,2,'','017',5000,0,'โครงการพัฒนาบุคลากร','3341500517951','','2020-08-11 14:59:23','','','','','','2020-10-01','2021-09-30',''),(72,2564,3,'','018',500,0,'โครงการนิเทศนิเทศภายใน','3341500517951','','2020-08-11 15:02:59','','','','','','2020-10-01','2021-09-30',''),(73,2564,3,'','019',40000,0,'โครงการจ้างครูสนับสนุนการจัดการศึกษา','1329900339148','','2020-08-11 15:06:03','','','','','','2020-10-01','2021-09-30',''),(74,2564,2,'','020',3000,0,'โครงงานพัฒนางานการเงินและพัสดุ','1329900339148','','2020-08-11 15:12:24','','','','','','2020-10-01','2021-09-30',''),(75,2564,2,'','021',12000,0,'โครงการควบคุมดูแลค่าใช้จ่ายสาธารณูปโภค','1329900339148','','2020-08-11 15:16:20','','','','','','2020-10-01','2021-09-30',''),(76,2564,4,'','022',1000,0,'โครงการประชุมผู้ปกครอง','3341500517951','','2020-08-11 15:19:35','','','','','','2020-10-01','2021-09-30',''),(77,2564,4,'','023',5000,0,'โครงการพัฒนาอาคารสถานที่\r\n','3341500517951','','2020-08-11 15:23:46','','','','','','2020-10-01','2021-09-30',''),(78,2564,4,'6','024',16000,0,'โครงการพัฒนาสภาพแวดล้อมโรงเรียน','3341500517951','','2020-08-11 15:26:42','','','','','','2020-10-01','2021-09-30',''),(79,2564,4,'','025',5000,0,'โครงการจัดซื้อวัสดุสำนักงาน','1349900642444','','2020-08-11 15:28:39','','','','','','2020-10-01','2021-09-30',''),(80,2564,4,'','026',500,0,'โครงการพัฒนาระบบข้อมูลสารสนเทศ','1342200061523','','2020-08-11 15:31:38','','','','','','2020-10-01','2021-09-30',''),(81,2564,4,'4','027',117008.36,0,'กสศ.เพื่อโรงเรียนบ้านอาเลา','1329900339148','','2021-02-17 10:20:23','','','','','','2020-10-01','2021-09-30',''),(82,2564,4,'5','028',5000,0,'ยาเสพติด','1329900339148','','2021-02-17 10:39:07','','','','','','2020-10-01','2021-09-30',''),(83,2564,4,'5','029',32000,0,'ปจจัยพื้นฐานนักเรียนยากจน','1329900339148','','2021-02-17 11:22:50','','','','','','2020-10-01','2021-09-30','');

--
-- Table structure for table `plan_setgic_year`
--

CREATE TABLE `plan_setgic_year` (
  `id` int(11) NOT NULL AUTO_INCREMENT,
  `budget_year` int(11) NOT NULL,
  `year_active` tinyint(1) NOT NULL,
  PRIMARY KEY (`id`),
  UNIQUE KEY `budget_year` (`budget_year`)
) ENGINE=MyISAM AUTO_INCREMENT=2 DEFAULT CHARSET=utf8 COLLATE=utf8_general_ci;

--
-- Dumping data for table `plan_setgic_year`
--

INSERT INTO `plan_setgic_year` VALUES (1,2554,1);

--
-- Table structure for table `plan_standard`
--

CREATE TABLE `plan_standard` (
  `id` int(11) NOT NULL AUTO_INCREMENT,
  `budget_year` int(11) NOT NULL,
  `sd_year` int(4) NOT NULL,
  `code_clus` tinyint(4) NOT NULL,
  `code_proj` char(3) NOT NULL,
  `code_acti` char(6) NOT NULL,
  `sd_level` char(1) NOT NULL,
  `sd_id` int(11) NOT NULL,
  `id_indicator` int(11) NOT NULL,
  PRIMARY KEY (`id`)
) ENGINE=MyISAM AUTO_INCREMENT=2 DEFAULT CHARSET=utf8 COLLATE=utf8_general_ci;

--
-- Dumping data for table `plan_standard`
--

INSERT INTO `plan_standard` VALUES (1,2559,2554,1,'001','001001','1',2,201);

--
-- Table structure for table `plan_stregic`
--

CREATE TABLE `plan_stregic` (
  `id` int(11) NOT NULL AUTO_INCREMENT,
  `id_tegic` int(3) NOT NULL,
  `budget_year` int(4) NOT NULL,
  `strategic` varchar(200) NOT NULL,
  PRIMARY KEY (`id`)
) ENGINE=MyISAM AUTO_INCREMENT=30 DEFAULT CHARSET=utf8 COLLATE=utf8_general_ci;

--
-- Dumping data for table `plan_stregic`
--

INSERT INTO `plan_stregic` VALUES (1,1,2559,'สร้างความเสมอภาคและโอกาศให้ผู้เรียนได้รับการศึกษาขั้นพื้นฐานอย่างมีคุณภาพ'),(2,2,2559,'ส่งเสริมสนับสนุนพัฒนาคุณภาพครูและนักเรียนสู่สากล โดยบูรณาการหลักสูตร สื่อนวัตกรรมและเทคโนโลยี่แหล่งเรียนรู้และภูมิปัญญาท้องถิ่นที่หลากหลาย '),(3,3,2559,'ปลูกฝังคุณธรรม จริยธรรม ความสำนึกในความเป็นชาติไทย และวิถีชีวิตตามหลักปรัชญาของเศรษฐกิจพอเพียง'),(4,4,2559,'ส่งเสริมสนับสนุนและสร้างความร่วมมือระหว่างครู ผู้ปกครอง ชุมชน และองค์กรอื่นๆ ในการจัดและพัฒนาการศึกษา'),(5,5,2559,'พัฒนาระบบบริหารและการจัดการศึกษาแบบมุ่งผลสัมฤทธิ์'),(6,1,2561,'การจัดการศึกษาเพื่อความมั่นคง\r\n\r\n\r\n4'),(7,2,2561,'พัฒนาคุณภาพผู้เรียนและส่งเสริมการจัดการศึกษาเพื่อสร้างขีดความสามารถในการแข่งขัน'),(8,3,2561,'ส่งเสริมสนับสนุนพัฒนาครูและบุคลากรทางการศึกษา'),(9,4,2561,'ขยายโอกาสการเข้าถึงบริการทางการศึกษาและการเรียนรู้อย่างมีคุณภาพ'),(10,5,2561,'จัดการศึกษาเพื่อเสริมสร้างคุณภาพชีวิตที่เป็นมิตรกับสิ่งแวดล้อม'),(11,6,2561,'พัฒนาระบบบริหารจัดการและส่งเสริมการมีส่วนร่วม'),(12,1,2562,'ปรับภูมิทัศน์สวยงามร่มรื่น'),(13,2,2562,'มีความยั่งยืนด้วยเศรษฐกิจพอเพียง'),(14,3,2562,'อ่านออกเขียนได้คิดเลขดี'),(15,4,2562,'ชุมชนมีร่วมด้วยช่วยพัฒนา'),(16,1,2563,'ปรับภูมิทัศน์ให้สวยงาม ร่มรื่น'),(17,2,2563,'สร้างความยั่งยืนด้านเศรษฐกิจพอเพียง'),(18,3,2563,'เน้นชื่อเสียงเด็กดี มีคุณธรรม มีน้ำใจ'),(21,4,2563,'ครูใช้เทคโนโลยีช่วยการสอน'),(22,5,2563,'เอื้ออาทรชุมชนร่วมด้วยช่วยพัฒนา'),(23,1,2564,'ด้านความมั่นคง'),(24,2,2564,'ด้านการสร้างความสามารถในการแข่งขัน'),(25,3,2564,'ด้านพัฒนาคุณภาพผู้เรียนและส่งเสริมการพัฒนาครูและบุคลากรทางการศึกษา'),(26,4,2564,'ด้านสร้างโอกาสและความเสมอภาคและความเท่าเทียมเข้าถึงบริการทางทางการศึกษา'),(27,5,2564,'ด้านการเสริมสร้างคุณภาพชีวิตที่เป็นมิตรกับสิ่งแวดล้อม'),(28,6,2564,'ด้านการพัฒนาระบบบริหารจัดการและส่งเสริมให้ทุกภาคส่วนมีส่วนร่วมในการจัดการศึกษา'),(29,1,2567,'สร้างโอกาสทางการศึกษา');

--
-- Table structure for table `plan_year`
--

CREATE TABLE `plan_year` (
  `id` int(11) NOT NULL AUTO_INCREMENT,
  `budget_year` int(11) NOT NULL,
  `year_active` tinyint(1) NOT NULL,
  PRIMARY KEY (`id`),
  UNIQUE KEY `budget_year` (`budget_year`)
) ENGINE=MyISAM AUTO_INCREMENT=8 DEFAULT CHARSET=utf8 COLLATE=utf8_general_ci;

--
-- Dumping data for table `plan_year`
--

INSERT INTO `plan_year` VALUES (1,2559,0),(2,2561,0),(3,2560,0),(4,2563,0),(5,2564,0),(6,2567,1),(7,2566,0);

--
-- Table structure for table `questionnaire_permission`
--

CREATE TABLE `questionnaire_permission` (
  `id` int(11) NOT NULL AUTO_INCREMENT,
  `person_id` varchar(13) NOT NULL,
  `p1` tinyint(4) NOT NULL,
  `officer` varchar(13) NOT NULL,
  `rec_date` date NOT NULL,
  PRIMARY KEY (`id`),
  UNIQUE KEY `person_id` (`person_id`)
) ENGINE=MyISAM AUTO_INCREMENT=5 DEFAULT CHARSET=utf8 COLLATE=utf8_general_ci;

--
-- Dumping data for table `questionnaire_permission`
--

INSERT INTO `questionnaire_permission` VALUES (1,'1349900595497',1,'3341500517951','2020-07-29'),(2,'1342200061523',1,'3341500517951','2020-07-29'),(3,'1329900339148',1,'3341500517951','2020-07-29'),(4,'1349900642444',1,'3341500517951','2020-07-29');

--
-- Table structure for table `savings_account`
--

CREATE TABLE `savings_account` (
  `account_id` int(11) NOT NULL AUTO_INCREMENT,
  `acc_code` varchar(10) NOT NULL,
  `description` varchar(100) NOT NULL,
  PRIMARY KEY (`account_id`)
) ENGINE=MyISAM AUTO_INCREMENT=7 DEFAULT CHARSET=utf8 COLLATE=utf8_general_ci;

--
-- Dumping data for table `savings_account`
--

INSERT INTO `savings_account` VALUES (1,'1','ฝาก'),(2,'2','ถอน'),(3,'3','ยอดยกมา'),(4,'4','ดอกเบี้ยเงินฝาก'),(5,'5','รายการแก้ไข'),(6,'6','ปิดบัญชี');

--
-- Table structure for table `savings_base`
--

CREATE TABLE `savings_base` (
  `base_id` int(5) NOT NULL AUTO_INCREMENT,
  `study_year` int(5) NOT NULL,
  `status` int(2) NOT NULL,
  PRIMARY KEY (`base_id`)
) ENGINE=MyISAM AUTO_INCREMENT=8 DEFAULT CHARSET=utf8 COLLATE=utf8_general_ci;

--
-- Dumping data for table `savings_base`
--

INSERT INTO `savings_base` VALUES (1,2558,0),(2,2559,0),(3,2561,0),(4,2562,0),(5,2562,0),(6,2563,0),(7,2564,1);

--
-- Table structure for table `savings_money`
--

CREATE TABLE `savings_money` (
  `save_id` int(11) NOT NULL AUTO_INCREMENT,
  `std_id` varchar(15) NOT NULL,
  `year_past` varchar(4) NOT NULL,
  `amount_money` decimal(8,2) NOT NULL,
  `day_save` varchar(3) NOT NULL,
  `month_save` varchar(3) NOT NULL,
  `year_save` varchar(5) NOT NULL,
  `timer` time NOT NULL,
  `office` varchar(15) DEFAULT NULL,
  `day_act` varchar(20) NOT NULL,
  `acc_type` varchar(10) NOT NULL,
  `level_class` varchar(5) NOT NULL,
  `room` varchar(5) NOT NULL,
  `student_number` varchar(5) NOT NULL,
  `rec_officer` varchar(13) DEFAULT NULL,
  PRIMARY KEY (`save_id`),
  KEY `std_id` (`std_id`),
  KEY `room` (`room`),
  KEY `level_class` (`level_class`),
  KEY `acc_type` (`acc_type`),
  KEY `day_act` (`day_act`)
) ENGINE=MyISAM AUTO_INCREMENT=1011 DEFAULT CHARSET=utf8 COLLATE=utf8_general_ci;

--
-- Dumping data for table `savings_money`
--

INSERT INTO `savings_money` VALUES (1,'1369','2558',10.00,'03','11','2015','02:44:47','2015-11-03','03/11/2015','1','9','1','0','3451000288642'),(2,'1370','2558',20.00,'03','11','2015','02:44:47','2015-11-03','03/11/2015','1','9','1','0','3451000288642'),(3,'1371','2558',10.00,'03','11','2015','02:44:47','2015-11-03','03/11/2015','1','9','1','0','3451000288642'),(4,'1372','2558',15.00,'03','11','2015','02:44:47','2015-11-03','03/11/2015','1','9','1','0','3451000288642'),(5,'1373','2558',10.00,'03','11','2015','02:44:47','2015-11-03','03/11/2015','1','9','1','0','3451000288642'),(6,'1377','2558',15.00,'03','11','2015','02:44:47','2015-11-03','03/11/2015','1','9','1','0','3451000288642'),(7,'1369','2558',10.00,'04','11','2015','10:03:15','2015-11-04','04/11/2015','1','9','1','0','3451000288642'),(8,'1370','2558',10.00,'04','11','2015','10:03:15','2015-11-04','04/11/2015','1','9','1','0','3451000288642'),(9,'1371','2558',10.00,'04','11','2015','10:03:15','2015-11-04','04/11/2015','1','9','1','0','3451000288642'),(10,'1372','2558',10.00,'04','11','2015','10:03:15','2015-11-04','04/11/2015','1','9','1','0','3451000288642'),(11,'1373','2558',10.00,'04','11','2015','10:03:15','2015-11-04','04/11/2015','1','9','1','0','3451000288642'),(12,'1377','2558',10.00,'04','11','2015','10:03:15','2015-11-04','04/11/2015','1','9','1','0','3451000288642'),(13,'1369','2558',15.00,'02','11','2015','10:04:20','2015-11-02','02/11/2015','1','9','1','0','3451000288642'),(14,'1370','2558',10.00,'02','11','2015','10:04:20','2015-11-02','02/11/2015','1','9','1','0','3451000288642'),(15,'1371','2558',10.00,'02','11','2015','10:04:20','2015-11-02','02/11/2015','1','9','1','0','3451000288642'),(16,'1372','2558',10.00,'02','11','2015','10:04:20','2015-11-02','02/11/2015','1','9','1','0','3451000288642'),(17,'1373','2558',10.00,'02','11','2015','10:04:20','2015-11-02','02/11/2015','1','9','1','0','3451000288642'),(18,'1377','2558',10.00,'02','11','2015','10:04:20','2015-11-02','02/11/2015','1','9','1','0','3451000288642'),(19,'1374','2558',10.00,'04','11','2015','10:29:21','2015-11-04','04/11/2015','1','8','1','0','1340700060184'),(20,'1381','2558',25.00,'04','11','2015','10:29:21','2015-11-04','04/11/2015','1','8','1','0','1340700060184'),(21,'1382','2558',10.00,'04','11','2015','10:29:21','2015-11-04','04/11/2015','1','8','1','0','1340700060184'),(22,'1384','2558',20.00,'04','11','2015','10:29:21','2015-11-04','04/11/2015','1','8','1','0','1340700060184'),(23,'1376','2558',10.00,'04','11','2015','10:29:21','2015-11-04','04/11/2015','1','8','1','0','1340700060184'),(24,'1385','2558',10.00,'04','11','2015','10:29:21','2015-11-04','04/11/2015','1','8','1','0','1340700060184'),(25,'1374','2558',10.00,'03','11','2015','10:30:27','2015-11-03','03/11/2015','1','8','1','0','1340700060184'),(26,'1381','2558',25.00,'03','11','2015','10:30:27','2015-11-03','03/11/2015','1','8','1','0','1340700060184'),(27,'1382','2558',11.00,'03','11','2015','10:30:27','2015-11-03','03/11/2015','1','8','1','0','1340700060184'),(28,'1384','2558',10.00,'03','11','2015','10:30:27','2015-11-03','03/11/2015','1','8','1','0','1340700060184'),(29,'1376','2558',10.00,'03','11','2015','10:30:27','2015-11-03','03/11/2015','1','8','1','0','1340700060184'),(30,'1385','2558',10.00,'03','11','2015','10:30:27','2015-11-03','03/11/2015','1','8','1','0','1340700060184'),(31,'1374','2558',10.00,'02','11','2015','10:31:05','2015-11-02','02/11/2015','1','8','1','0','1340700060184'),(32,'1381','2558',25.00,'02','11','2015','10:31:05','2015-11-02','02/11/2015','1','8','1','0','1340700060184'),(33,'1382','2558',25.00,'02','11','2015','10:31:05','2015-11-02','02/11/2015','1','8','1','0','1340700060184'),(34,'1384','2558',10.00,'02','11','2015','10:31:05','2015-11-02','02/11/2015','1','8','1','0','1340700060184'),(35,'1376','2558',10.00,'02','11','2015','10:31:05','2015-11-02','02/11/2015','1','8','1','0','1340700060184'),(36,'1369','2558',10.00,'05','11','2015','09:15:20','2015-11-05','05/11/2015','1','9','1','0','3451000288642'),(37,'1370','2558',5.00,'05','11','2015','09:15:20','2015-11-05','05/11/2015','1','9','1','0','3451000288642'),(38,'1371','2558',11.00,'05','11','2015','09:15:20','2015-11-05','05/11/2015','1','9','1','0','3451000288642'),(39,'1372','2558',11.00,'05','11','2015','09:15:20','2015-11-05','05/11/2015','1','9','1','0','3451000288642'),(40,'1373','2558',10.00,'05','11','2015','09:15:20','2015-11-05','05/11/2015','1','9','1','0','3451000288642'),(41,'1377','2558',10.00,'05','11','2015','09:15:20','2015-11-05','05/11/2015','1','9','1','0','3451000288642'),(42,'1369','2558',10.00,'06','11','2015','09:48:46','2015-11-06','06/11/2015','1','9','1','0','3451000288642'),(43,'1370','2558',11.00,'06','11','2015','09:48:46','2015-11-06','06/11/2015','1','9','1','0','3451000288642'),(44,'1371','2558',10.00,'06','11','2015','09:48:46','2015-11-06','06/11/2015','1','9','1','0','3451000288642'),(45,'1372','2558',6.00,'06','11','2015','09:48:46','2015-11-06','06/11/2015','1','9','1','0','3451000288642'),(46,'1373','2558',10.00,'06','11','2015','09:48:46','2015-11-06','06/11/2015','1','9','1','0','3451000288642'),(47,'1377','2558',10.00,'06','11','2015','09:48:46','2015-11-06','06/11/2015','1','9','1','0','3451000288642'),(48,'1369','2558',10.00,'09','11','2015','09:16:19','2015-11-09','09/11/2015','1','9','1','0','3451000288642'),(49,'1370','2558',20.00,'09','11','2015','09:16:19','2015-11-09','09/11/2015','1','9','1','0','3451000288642'),(50,'1371','2558',10.00,'09','11','2015','09:16:19','2015-11-09','09/11/2015','1','9','1','0','3451000288642'),(51,'1372','2558',10.00,'09','11','2015','09:16:19','2015-11-09','09/11/2015','1','9','1','0','3451000288642'),(52,'1373','2558',10.00,'09','11','2015','09:16:19','2015-11-09','09/11/2015','1','9','1','0','3451000288642'),(53,'1377','2558',10.00,'09','11','2015','09:16:19','2015-11-09','09/11/2015','1','9','1','0','3451000288642'),(54,'1374','2558',0.00,'02','11','2015','12:15:55','2015-11-02','02/11/2015','1','8','1','0','1340700060184'),(55,'1381','2558',0.00,'02','11','2015','12:15:55','2015-11-02','02/11/2015','1','8','1','0','1340700060184'),(56,'1382','2558',0.00,'02','11','2015','12:15:55','2015-11-02','02/11/2015','1','8','1','0','1340700060184'),(57,'1384','2558',0.00,'02','11','2015','12:15:55','2015-11-02','02/11/2015','1','8','1','0','1340700060184'),(58,'1376','2558',0.00,'02','11','2015','12:15:55','2015-11-02','02/11/2015','1','8','1','0','1340700060184'),(59,'1374','2558',0.00,'03','11','2015','12:17:06','2015-11-03','03/11/2015','1','8','1','0','1340700060184'),(60,'1381','2558',0.00,'03','11','2015','12:17:06','2015-11-03','03/11/2015','1','8','1','0','1340700060184'),(61,'1382','2558',0.00,'03','11','2015','12:17:06','2015-11-03','03/11/2015','1','8','1','0','1340700060184'),(62,'1384','2558',0.00,'03','11','2015','12:17:06','2015-11-03','03/11/2015','1','8','1','0','1340700060184'),(63,'1376','2558',0.00,'03','11','2015','12:17:06','2015-11-03','03/11/2015','1','8','1','0','1340700060184'),(64,'1385','2558',0.00,'03','11','2015','12:17:06','2015-11-03','03/11/2015','1','8','1','0','1340700060184'),(65,'1374','2558',0.00,'04','11','2015','12:18:08','2015-11-04','04/11/2015','1','8','1','0','1340700060184'),(66,'1381','2558',0.00,'04','11','2015','12:18:08','2015-11-04','04/11/2015','1','8','1','0','1340700060184'),(67,'1382','2558',0.00,'04','11','2015','12:18:08','2015-11-04','04/11/2015','1','8','1','0','1340700060184'),(68,'1384','2558',0.00,'04','11','2015','12:18:08','2015-11-04','04/11/2015','1','8','1','0','1340700060184'),(69,'1376','2558',0.00,'04','11','2015','12:18:08','2015-11-04','04/11/2015','1','8','1','0','1340700060184'),(70,'1385','2558',0.00,'04','11','2015','12:18:08','2015-11-04','04/11/2015','1','8','1','0','1340700060184'),(71,'1374','2558',10.00,'05','11','2015','12:19:15','2015-11-05','05/11/2015','1','8','1','0','1340700060184'),(72,'1381','2558',25.00,'05','11','2015','12:19:15','2015-11-05','05/11/2015','1','8','1','0','1340700060184'),(73,'1382','2558',20.00,'05','11','2015','12:19:15','2015-11-05','05/11/2015','1','8','1','0','1340700060184'),(74,'1384','2558',10.00,'05','11','2015','12:19:15','2015-11-05','05/11/2015','1','8','1','0','1340700060184'),(75,'1376','2558',10.00,'05','11','2015','12:19:15','2015-11-05','05/11/2015','1','8','1','0','1340700060184'),(76,'1385','2558',10.00,'05','11','2015','12:19:15','2015-11-05','05/11/2015','1','8','1','0','1340700060184'),(77,'1374','2558',10.00,'06','11','2015','12:20:10','2015-11-06','06/11/2015','1','8','1','0','1340700060184'),(78,'1381','2558',30.00,'06','11','2015','12:20:10','2015-11-06','06/11/2015','1','8','1','0','1340700060184'),(79,'1382','2558',10.00,'06','11','2015','12:20:10','2015-11-06','06/11/2015','1','8','1','0','1340700060184'),(80,'1384','2558',15.00,'06','11','2015','12:20:10','2015-11-06','06/11/2015','1','8','1','0','1340700060184'),(81,'1376','2558',10.00,'06','11','2015','12:20:10','2015-11-06','06/11/2015','1','8','1','0','1340700060184'),(82,'1385','2558',10.00,'06','11','2015','12:20:10','2015-11-06','06/11/2015','1','8','1','0','1340700060184'),(83,'1374','2558',10.00,'09','11','2015','12:21:18','2015-11-09','09/11/2015','1','8','1','0','1340700060184'),(84,'1381','2558',40.00,'09','11','2015','12:21:18','2015-11-09','09/11/2015','1','8','1','0','1340700060184'),(85,'1382','2558',40.00,'09','11','2015','12:21:18','2015-11-09','09/11/2015','1','8','1','0','1340700060184'),(86,'1384','2558',20.00,'09','11','2015','12:21:18','2015-11-09','09/11/2015','1','8','1','0','1340700060184'),(87,'1376','2558',10.00,'09','11','2015','12:21:18','2015-11-09','09/11/2015','1','8','1','0','1340700060184'),(88,'1385','2558',10.00,'09','11','2015','12:21:18','2015-11-09','09/11/2015','1','8','1','0','1340700060184'),(89,'1374','2558',10.00,'10','11','2015','12:22:17','2015-11-10','10/11/2015','1','8','1','0','1340700060184'),(90,'1381','2558',20.00,'10','11','2015','12:22:17','2015-11-10','10/11/2015','1','8','1','0','1340700060184'),(91,'1382','2558',20.00,'10','11','2015','12:22:17','2015-11-10','10/11/2015','1','8','1','0','1340700060184'),(92,'1384','2558',20.00,'10','11','2015','12:22:17','2015-11-10','10/11/2015','1','8','1','0','1340700060184'),(93,'1376','2558',45.00,'10','11','2015','12:22:17','2015-11-10','10/11/2015','1','8','1','0','1340700060184'),(94,'1385','2558',5.00,'10','11','2015','12:22:17','2015-11-10','10/11/2015','1','8','1','0','1340700060184'),(95,'1386','2558',5.00,'10','11','2015','12:22:17','2015-11-10','10/11/2015','1','8','1','0','1340700060184'),(96,'1369','2558',10.00,'10','11','2015','02:24:18','2015-11-10','10/11/2015','1','9','1','0','3451000288642'),(97,'1370','2558',12.00,'10','11','2015','02:24:18','2015-11-10','10/11/2015','1','9','1','0','3451000288642'),(98,'1371','2558',15.00,'10','11','2015','02:24:18','2015-11-10','10/11/2015','1','9','1','0','3451000288642'),(99,'1372','2558',10.00,'10','11','2015','02:24:18','2015-11-10','10/11/2015','1','9','1','0','3451000288642'),(100,'1373','2558',10.00,'10','11','2015','02:24:18','2015-11-10','10/11/2015','1','9','1','0','3451000288642'),(101,'1377','2558',5.00,'10','11','2015','02:24:18','2015-11-10','10/11/2015','1','9','1','0','3451000288642'),(102,'1369','2558',10.00,'11','11','2015','12:27:45','2015-11-11','11/11/2015','1','9','1','0','3451000288642'),(103,'1370','2558',20.00,'11','11','2015','12:27:45','2015-11-11','11/11/2015','1','9','1','0','3451000288642'),(104,'1371','2558',10.00,'11','11','2015','12:27:45','2015-11-11','11/11/2015','1','9','1','0','3451000288642'),(105,'1372','2558',3.00,'11','11','2015','12:27:45','2015-11-11','11/11/2015','1','9','1','0','3451000288642'),(106,'1373','2558',10.00,'11','11','2015','12:27:45','2015-11-11','11/11/2015','1','9','1','0','3451000288642'),(107,'1377','2558',10.00,'11','11','2015','12:27:45','2015-11-11','11/11/2015','1','9','1','0','3451000288642'),(108,'1374','2558',10.00,'11','11','2015','12:29:59','2015-11-11','11/11/2015','1','8','1','0','1340700060184'),(109,'1381','2558',20.00,'11','11','2015','12:29:59','2015-11-11','11/11/2015','1','8','1','0','1340700060184'),(110,'1382','2558',20.00,'11','11','2015','12:29:59','2015-11-11','11/11/2015','1','8','1','0','1340700060184'),(111,'1384','2558',30.00,'11','11','2015','12:29:59','2015-11-11','11/11/2015','1','8','1','0','1340700060184'),(112,'1376','2558',10.00,'11','11','2015','12:29:59','2015-11-11','11/11/2015','1','8','1','0','1340700060184'),(113,'1385','2558',20.00,'11','11','2015','12:29:59','2015-11-11','11/11/2015','1','8','1','0','1340700060184'),(114,'1386','2558',5.00,'11','11','2015','12:29:59','2015-11-11','11/11/2015','1','8','1','0','1340700060184'),(115,'1374','2558',10.00,'12','11','2015','10:45:55','2015-11-12','12/11/2015','1','8','1','0','1340700060184'),(116,'1381','2558',20.00,'12','11','2015','10:45:55','2015-11-12','12/11/2015','1','8','1','0','1340700060184'),(117,'1382','2558',20.00,'12','11','2015','10:45:55','2015-11-12','12/11/2015','1','8','1','0','1340700060184'),(118,'1384','2558',30.00,'12','11','2015','10:45:55','2015-11-12','12/11/2015','1','8','1','0','1340700060184'),(119,'1376','2558',10.00,'12','11','2015','10:45:55','2015-11-12','12/11/2015','1','8','1','0','1340700060184'),(120,'1385','2558',15.00,'12','11','2015','10:45:55','2015-11-12','12/11/2015','1','8','1','0','1340700060184'),(121,'1386','2558',5.00,'12','11','2015','10:45:55','2015-11-12','12/11/2015','1','8','1','0','1340700060184'),(122,'1369','2558',10.00,'12','11','2015','12:50:37','2015-11-12','12/11/2015','1','9','1','0','3451000288642'),(123,'1370','2558',20.00,'12','11','2015','12:50:37','2015-11-12','12/11/2015','1','9','1','0','3451000288642'),(124,'1371','2558',10.00,'12','11','2015','12:50:37','2015-11-12','12/11/2015','1','9','1','0','3451000288642'),(125,'1372','2558',10.00,'12','11','2015','12:50:37','2015-11-12','12/11/2015','1','9','1','0','3451000288642'),(126,'1373','2558',10.00,'12','11','2015','12:50:37','2015-11-12','12/11/2015','1','9','1','0','3451000288642'),(127,'1377','2558',10.00,'12','11','2015','12:50:37','2015-11-12','12/11/2015','1','9','1','0','3451000288642'),(128,'1374','2558',10.00,'13','11','2015','12:10:07','2015-11-13','13/11/2015','1','8','1','0','1340700060184'),(129,'1381','2558',20.00,'13','11','2015','12:10:07','2015-11-13','13/11/2015','1','8','1','0','1340700060184'),(130,'1382','2558',20.00,'13','11','2015','12:10:07','2015-11-13','13/11/2015','1','8','1','0','1340700060184'),(131,'1384','2558',10.00,'13','11','2015','12:10:07','2015-11-13','13/11/2015','1','8','1','0','1340700060184'),(132,'1376','2558',10.00,'13','11','2015','12:10:07','2015-11-13','13/11/2015','1','8','1','0','1340700060184'),(133,'1385','2558',15.00,'13','11','2015','12:10:07','2015-11-13','13/11/2015','1','8','1','0','1340700060184'),(134,'1386','2558',5.00,'13','11','2015','12:10:07','2015-11-13','13/11/2015','1','8','1','0','1340700060184'),(135,'1369','2558',10.00,'13','11','2015','12:12:10','2015-11-13','13/11/2015','1','9','1','0','3451000288642'),(136,'1370','2558',15.00,'13','11','2015','12:12:10','2015-11-13','13/11/2015','1','9','1','0','3451000288642'),(137,'1371','2558',12.00,'13','11','2015','12:12:10','2015-11-13','13/11/2015','1','9','1','0','3451000288642'),(138,'1372','2558',10.00,'13','11','2015','12:12:10','2015-11-13','13/11/2015','1','9','1','0','3451000288642'),(139,'1373','2558',10.00,'13','11','2015','12:12:10','2015-11-13','13/11/2015','1','9','1','0','3451000288642'),(140,'1377','2558',10.00,'13','11','2015','12:12:10','2015-11-13','13/11/2015','1','9','1','0','3451000288642'),(141,'1374','2558',20.00,'17','11','2015','10:10:14','2015-11-17','17/11/2015','1','8','1','0','1340700060184'),(142,'1381','2558',26.00,'17','11','2015','10:10:14','2015-11-17','17/11/2015','1','8','1','0','1340700060184'),(143,'1384','2558',10.00,'17','11','2015','10:10:14','2015-11-17','17/11/2015','1','8','1','0','1340700060184'),(144,'1376','2558',10.00,'17','11','2015','10:10:14','2015-11-17','17/11/2015','1','8','1','0','1340700060184'),(145,'1385','2558',15.00,'17','11','2015','10:10:14','2015-11-17','17/11/2015','1','8','1','0','1340700060184'),(146,'1369','2558',10.00,'17','11','2015','10:20:51','2015-11-17','17/11/2015','1','9','1','0','3451000288642'),(147,'1370','2558',10.00,'17','11','2015','10:20:51','2015-11-17','17/11/2015','1','9','1','0','3451000288642'),(148,'1371','2558',12.00,'17','11','2015','10:20:51','2015-11-17','17/11/2015','1','9','1','0','3451000288642'),(149,'1372','2558',10.00,'17','11','2015','10:20:51','2015-11-17','17/11/2015','1','9','1','0','3451000288642'),(150,'1373','2558',10.00,'17','11','2015','10:20:51','2015-11-17','17/11/2015','1','9','1','0','3451000288642'),(151,'1377','2558',10.00,'17','11','2015','10:20:51','2015-11-17','17/11/2015','1','9','1','0','3451000288642'),(152,'1374','2558',10.00,'18','11','2015','09:48:24','2015-11-18','18/11/2015','1','8','1','0','1340700060184'),(153,'1381','2558',50.00,'18','11','2015','09:48:24','2015-11-18','18/11/2015','1','8','1','0','1340700060184'),(154,'1382','2558',45.00,'18','11','2015','09:48:24','2015-11-18','18/11/2015','1','8','1','0','1340700060184'),(155,'1384','2558',10.00,'18','11','2015','09:48:24','2015-11-18','18/11/2015','1','8','1','0','1340700060184'),(156,'1376','2558',10.00,'18','11','2015','09:48:24','2015-11-18','18/11/2015','1','8','1','0','1340700060184'),(157,'1385','2558',10.00,'18','11','2015','09:48:24','2015-11-18','18/11/2015','1','8','1','0','1340700060184'),(158,'1386','2558',5.00,'18','11','2015','09:48:24','2015-11-18','18/11/2015','1','8','1','0','1340700060184'),(159,'1374','2558',10.00,'19','11','2015','09:50:22','2015-11-19','19/11/2015','1','8','1','0','1340700060184'),(160,'1381','2558',20.00,'19','11','2015','09:50:22','2015-11-19','19/11/2015','1','8','1','0','1340700060184'),(161,'1382','2558',50.00,'19','11','2015','09:50:22','2015-11-19','19/11/2015','1','8','1','0','1340700060184'),(162,'1384','2558',10.00,'19','11','2015','09:50:22','2015-11-19','19/11/2015','1','8','1','0','1340700060184'),(163,'1376','2558',10.00,'19','11','2015','09:50:22','2015-11-19','19/11/2015','1','8','1','0','1340700060184'),(164,'1385','2558',10.00,'19','11','2015','09:50:22','2015-11-19','19/11/2015','1','8','1','0','1340700060184'),(165,'1386','2558',4.00,'19','11','2015','09:50:22','2015-11-19','19/11/2015','1','8','1','0','1340700060184'),(166,'1374','2558',10.00,'20','11','2015','09:51:19','2015-11-20','20/11/2015','1','8','1','0','1340700060184'),(167,'1381','2558',40.00,'20','11','2015','09:51:19','2015-11-20','20/11/2015','1','8','1','0','1340700060184'),(168,'1382','2558',35.00,'20','11','2015','09:51:19','2015-11-20','20/11/2015','1','8','1','0','1340700060184'),(169,'1376','2558',50.00,'20','11','2015','09:51:19','2015-11-20','20/11/2015','1','8','1','0','1340700060184'),(170,'1385','2558',40.00,'20','11','2015','09:51:19','2015-11-20','20/11/2015','1','8','1','0','1340700060184'),(171,'1386','2558',20.00,'20','11','2015','09:51:19','2015-11-20','20/11/2015','1','8','1','0','1340700060184'),(172,'1374','2558',10.00,'23','11','2015','09:52:05','2015-11-23','23/11/2015','1','8','1','0','1340700060184'),(173,'1382','2558',20.00,'23','11','2015','09:52:05','2015-11-23','23/11/2015','1','8','1','0','1340700060184'),(174,'1376','2558',10.00,'23','11','2015','09:52:05','2015-11-23','23/11/2015','1','8','1','0','1340700060184'),(175,'1385','2558',20.00,'23','11','2015','09:52:05','2015-11-23','23/11/2015','1','8','1','0','1340700060184'),(176,'1386','2558',5.00,'23','11','2015','09:52:05','2015-11-23','23/11/2015','1','8','1','0','1340700060184'),(177,'1369','2558',10.00,'23','11','2015','09:58:30','2015-11-23','23/11/2015','1','9','1','0','3451000288642'),(178,'1370','2558',18.00,'23','11','2015','09:58:30','2015-11-23','23/11/2015','1','9','1','0','3451000288642'),(179,'1371','2558',10.00,'23','11','2015','09:58:30','2015-11-23','23/11/2015','1','9','1','0','3451000288642'),(180,'1372','2558',0.00,'23','11','2015','09:58:30','2015-11-23','23/11/2015','1','9','1','0','3451000288642'),(181,'1373','2558',0.00,'23','11','2015','09:58:30','2015-11-23','23/11/2015','1','9','1','0','3451000288642'),(182,'1377','2558',0.00,'23','11','2015','09:58:30','2015-11-23','23/11/2015','1','9','1','0','3451000288642'),(183,'1369','2558',10.00,'18','11','2015','10:01:00','2015-11-18','18/11/2015','1','9','1','0','3451000288642'),(184,'1370','2558',20.00,'18','11','2015','10:01:00','2015-11-18','18/11/2015','1','9','1','0','3451000288642'),(185,'1371','2558',11.00,'18','11','2015','10:01:00','2015-11-18','18/11/2015','1','9','1','0','3451000288642'),(186,'1372','2558',10.00,'18','11','2015','10:01:00','2015-11-18','18/11/2015','1','9','1','0','3451000288642'),(187,'1373','2558',10.00,'18','11','2015','10:01:00','2015-11-18','18/11/2015','1','9','1','0','3451000288642'),(188,'1377','2558',10.00,'18','11','2015','10:01:00','2015-11-18','18/11/2015','1','9','1','0','3451000288642'),(189,'1369','2558',10.00,'19','11','2015','10:02:03','2015-11-19','19/11/2015','1','9','1','0','3451000288642'),(190,'1370','2558',10.00,'19','11','2015','10:02:03','2015-11-19','19/11/2015','1','9','1','0','3451000288642'),(191,'1371','2558',10.00,'19','11','2015','10:02:03','2015-11-19','19/11/2015','1','9','1','0','3451000288642'),(192,'1372','2558',5.00,'19','11','2015','10:02:03','2015-11-19','19/11/2015','1','9','1','0','3451000288642'),(193,'1373','2558',10.00,'19','11','2015','10:02:03','2015-11-19','19/11/2015','1','9','1','0','3451000288642'),(194,'1377','2558',10.00,'19','11','2015','10:02:03','2015-11-19','19/11/2015','1','9','1','0','3451000288642'),(195,'1369','2558',10.00,'20','11','2015','10:02:46','2015-11-20','20/11/2015','1','9','1','0','3451000288642'),(196,'1370','2558',10.00,'20','11','2015','10:02:46','2015-11-20','20/11/2015','1','9','1','0','3451000288642'),(197,'1371','2558',5.00,'20','11','2015','10:02:46','2015-11-20','20/11/2015','1','9','1','0','3451000288642'),(198,'1372','2558',10.00,'20','11','2015','10:02:46','2015-11-20','20/11/2015','1','9','1','0','3451000288642'),(199,'1373','2558',10.00,'20','11','2015','10:02:46','2015-11-20','20/11/2015','1','9','1','0','3451000288642'),(200,'1377','2558',5.00,'20','11','2015','10:02:46','2015-11-20','20/11/2015','1','9','1','0','3451000288642'),(201,'1369','2558',10.00,'25','11','2015','11:26:50','2015-11-25','25/11/2015','1','9','1','0','3451000288642'),(202,'1370','2558',5.00,'25','11','2015','11:26:50','2015-11-25','25/11/2015','1','9','1','0','3451000288642'),(203,'1371','2558',10.00,'25','11','2015','11:26:50','2015-11-25','25/11/2015','1','9','1','0','3451000288642'),(204,'1372','2558',5.00,'25','11','2015','11:26:50','2015-11-25','25/11/2015','1','9','1','0','3451000288642'),(205,'1373','2558',10.00,'25','11','2015','11:26:50','2015-11-25','25/11/2015','1','9','1','0','3451000288642'),(206,'1377','2558',10.00,'25','11','2015','11:26:50','2015-11-25','25/11/2015','1','9','1','0','3451000288642'),(207,'1369','2558',10.00,'24','11','2015','11:27:48','2015-11-24','24/11/2015','1','9','1','0','3451000288642'),(208,'1370','2558',10.00,'24','11','2015','11:27:48','2015-11-24','24/11/2015','1','9','1','0','3451000288642'),(209,'1371','2558',10.00,'24','11','2015','11:27:48','2015-11-24','24/11/2015','1','9','1','0','3451000288642'),(210,'1372','2558',10.00,'24','11','2015','11:27:48','2015-11-24','24/11/2015','1','9','1','0','3451000288642'),(211,'1373','2558',10.00,'24','11','2015','11:27:48','2015-11-24','24/11/2015','1','9','1','0','3451000288642'),(212,'1377','2558',10.00,'24','11','2015','11:27:48','2015-11-24','24/11/2015','1','9','1','0','3451000288642'),(213,'1369','2558',0.00,'23','11','2015','11:29:22','2015-11-23','23/11/2015','1','9','1','0','3451000288642'),(214,'1370','2558',0.00,'23','11','2015','11:29:22','2015-11-23','23/11/2015','1','9','1','0','3451000288642'),(215,'1371','2558',0.00,'23','11','2015','11:29:22','2015-11-23','23/11/2015','1','9','1','0','3451000288642'),(216,'1372','2558',10.00,'23','11','2015','11:29:22','2015-11-23','23/11/2015','1','9','1','0','3451000288642'),(217,'1373','2558',10.00,'23','11','2015','11:29:22','2015-11-23','23/11/2015','1','9','1','0','3451000288642'),(218,'1377','2558',5.00,'23','11','2015','11:29:22','2015-11-23','23/11/2015','1','9','1','0','3451000288642'),(219,'1374','2558',0.00,'24','11','2015','12:52:19','2015-11-24','24/11/2015','1','8','1','0','1340700060184'),(220,'1382','2558',0.00,'24','11','2015','12:52:19','2015-11-24','24/11/2015','1','8','1','0','1340700060184'),(221,'1384','2558',0.00,'24','11','2015','12:52:19','2015-11-24','24/11/2015','1','8','1','0','1340700060184'),(222,'1376','2558',0.00,'24','11','2015','12:52:19','2015-11-24','24/11/2015','1','8','1','0','1340700060184'),(223,'1385','2558',0.00,'24','11','2015','12:52:19','2015-11-24','24/11/2015','1','8','1','0','1340700060184'),(224,'1386','2558',0.00,'24','11','2015','12:52:19','2015-11-24','24/11/2015','1','8','1','0','1340700060184'),(225,'1374','2558',10.00,'24','11','2015','12:53:29','2015-11-24','24/11/2015','1','8','1','0','1340700060184'),(226,'1381','2558',25.00,'24','11','2015','12:53:29','2015-11-24','24/11/2015','1','8','1','0','1340700060184'),(227,'1382','2558',24.00,'24','11','2015','12:53:29','2015-11-24','24/11/2015','1','8','1','0','1340700060184'),(228,'1384','2558',10.00,'24','11','2015','12:53:29','2015-11-24','24/11/2015','1','8','1','0','1340700060184'),(229,'1376','2558',10.00,'24','11','2015','12:53:29','2015-11-24','24/11/2015','1','8','1','0','1340700060184'),(230,'1385','2558',15.00,'24','11','2015','12:53:29','2015-11-24','24/11/2015','1','8','1','0','1340700060184'),(231,'1386','2558',5.00,'24','11','2015','12:53:29','2015-11-24','24/11/2015','1','8','1','0','1340700060184'),(232,'1374','2558',10.00,'25','11','2015','01:06:32','2015-11-25','25/11/2015','1','8','1','0','1340700060184'),(233,'1382','2558',20.00,'25','11','2015','01:06:32','2015-11-25','25/11/2015','1','8','1','0','1340700060184'),(234,'1384','2558',10.00,'25','11','2015','01:06:32','2015-11-25','25/11/2015','1','8','1','0','1340700060184'),(235,'1376','2558',5.00,'25','11','2015','01:06:32','2015-11-25','25/11/2015','1','8','1','0','1340700060184'),(236,'1385','2558',10.00,'25','11','2015','01:06:32','2015-11-25','25/11/2015','1','8','1','0','1340700060184'),(237,'1386','2558',5.00,'25','11','2015','01:06:32','2015-11-25','25/11/2015','1','8','1','0','1340700060184'),(238,'1374','2558',10.00,'26','11','2015','12:02:41','2015-11-26','26/11/2015','1','8','1','0','1340700060184'),(239,'1381','2558',20.00,'26','11','2015','12:02:41','2015-11-26','26/11/2015','1','8','1','0','1340700060184'),(240,'1382','2558',25.00,'26','11','2015','12:02:41','2015-11-26','26/11/2015','1','8','1','0','1340700060184'),(241,'1384','2558',10.00,'26','11','2015','12:02:41','2015-11-26','26/11/2015','1','8','1','0','1340700060184'),(242,'1376','2558',20.00,'26','11','2015','12:02:41','2015-11-26','26/11/2015','1','8','1','0','1340700060184'),(243,'1385','2558',10.00,'26','11','2015','12:02:41','2015-11-26','26/11/2015','1','8','1','0','1340700060184'),(244,'1386','2558',5.00,'26','11','2015','12:02:41','2015-11-26','26/11/2015','1','8','1','0','1340700060184'),(245,'1374','2558',10.00,'27','11','2015','12:03:41','2015-11-27','27/11/2015','1','8','1','0','1340700060184'),(246,'1381','2558',20.00,'27','11','2015','12:03:41','2015-11-27','27/11/2015','1','8','1','0','1340700060184'),(247,'1382','2558',25.00,'27','11','2015','12:03:41','2015-11-27','27/11/2015','1','8','1','0','1340700060184'),(248,'1384','2558',40.00,'27','11','2015','12:03:41','2015-11-27','27/11/2015','1','8','1','0','1340700060184'),(249,'1376','2558',22.00,'27','11','2015','12:03:41','2015-11-27','27/11/2015','1','8','1','0','1340700060184'),(250,'1386','2558',5.00,'27','11','2015','12:03:41','2015-11-27','27/11/2015','1','8','1','0','1340700060184'),(251,'1374','2558',10.00,'30','11','2015','12:04:30','2015-11-30','30/11/2015','1','8','1','0','1340700060184'),(252,'1381','2558',20.00,'30','11','2015','12:04:30','2015-11-30','30/11/2015','1','8','1','0','1340700060184'),(253,'1382','2558',20.00,'30','11','2015','12:04:30','2015-11-30','30/11/2015','1','8','1','0','1340700060184'),(254,'1384','2558',20.00,'30','11','2015','12:04:30','2015-11-30','30/11/2015','1','8','1','0','1340700060184'),(255,'1376','2558',18.00,'30','11','2015','12:04:30','2015-11-30','30/11/2015','1','8','1','0','1340700060184'),(256,'1385','2558',20.00,'30','11','2015','12:04:30','2015-11-30','30/11/2015','1','8','1','0','1340700060184'),(257,'1386','2558',4.00,'30','11','2015','12:04:30','2015-11-30','30/11/2015','1','8','1','0','1340700060184'),(258,'1374','2558',20.00,'01','12','2015','12:05:19','2015-12-01','01/12/2015','1','8','1','0','1340700060184'),(259,'1381','2558',20.00,'01','12','2015','12:05:19','2015-12-01','01/12/2015','1','8','1','0','1340700060184'),(260,'1382','2558',20.00,'01','12','2015','12:05:19','2015-12-01','01/12/2015','1','8','1','0','1340700060184'),(261,'1376','2558',10.00,'01','12','2015','12:05:19','2015-12-01','01/12/2015','1','8','1','0','1340700060184'),(262,'1385','2558',10.00,'01','12','2015','12:05:19','2015-12-01','01/12/2015','1','8','1','0','1340700060184'),(263,'1386','2558',10.00,'01','12','2015','12:05:19','2015-12-01','01/12/2015','1','8','1','0','1340700060184'),(264,'1374','2558',10.00,'02','12','2015','12:05:57','2015-12-02','02/12/2015','1','8','1','0','1340700060184'),(265,'1381','2558',25.00,'02','12','2015','12:05:57','2015-12-02','02/12/2015','1','8','1','0','1340700060184'),(266,'1382','2558',25.00,'02','12','2015','12:05:57','2015-12-02','02/12/2015','1','8','1','0','1340700060184'),(267,'1376','2558',35.00,'02','12','2015','12:05:57','2015-12-02','02/12/2015','1','8','1','0','1340700060184'),(268,'1385','2558',10.00,'02','12','2015','12:05:57','2015-12-02','02/12/2015','1','8','1','0','1340700060184'),(269,'1386','2558',5.00,'02','12','2015','12:05:57','2015-12-02','02/12/2015','1','8','1','0','1340700060184'),(270,'1374','2558',10.00,'03','12','2015','12:53:43','2015-12-03','03/12/2015','1','8','1','0','1340700060184'),(271,'1382','2558',20.00,'03','12','2015','12:53:43','2015-12-03','03/12/2015','1','8','1','0','1340700060184'),(272,'1384','2558',10.00,'03','12','2015','12:53:43','2015-12-03','03/12/2015','1','8','1','0','1340700060184'),(273,'1376','2558',10.00,'03','12','2015','12:53:43','2015-12-03','03/12/2015','1','8','1','0','1340700060184'),(274,'1385','2558',20.00,'03','12','2015','12:53:43','2015-12-03','03/12/2015','1','8','1','0','1340700060184'),(275,'1386','2558',6.00,'03','12','2015','12:53:43','2015-12-03','03/12/2015','1','8','1','0','1340700060184'),(276,'1369','2558',10.00,'03','12','2015','01:06:38','2015-12-03','03/12/2015','1','9','1','0','3451000288642'),(277,'1370','2558',10.00,'03','12','2015','01:06:38','2015-12-03','03/12/2015','1','9','1','0','3451000288642'),(278,'1371','2558',10.00,'03','12','2015','01:06:38','2015-12-03','03/12/2015','1','9','1','0','3451000288642'),(279,'1372','2558',10.00,'03','12','2015','01:06:38','2015-12-03','03/12/2015','1','9','1','0','3451000288642'),(280,'1373','2558',20.00,'03','12','2015','01:06:38','2015-12-03','03/12/2015','1','9','1','0','3451000288642'),(281,'1377','2558',10.00,'03','12','2015','01:06:38','2015-12-03','03/12/2015','1','9','1','0','3451000288642'),(282,'1369','2558',10.00,'02','12','2015','01:07:44','2015-12-02','02/12/2015','1','9','1','0','3451000288642'),(283,'1370','2558',20.00,'02','12','2015','01:07:44','2015-12-02','02/12/2015','1','9','1','0','3451000288642'),(284,'1371','2558',10.00,'02','12','2015','01:07:44','2015-12-02','02/12/2015','1','9','1','0','3451000288642'),(285,'1372','2558',15.00,'02','12','2015','01:07:44','2015-12-02','02/12/2015','1','9','1','0','3451000288642'),(286,'1373','2558',10.00,'02','12','2015','01:07:44','2015-12-02','02/12/2015','1','9','1','0','3451000288642'),(287,'1377','2558',15.00,'02','12','2015','01:07:44','2015-12-02','02/12/2015','1','9','1','0','3451000288642'),(288,'1369','2558',20.00,'01','12','2015','01:08:44','2015-12-01','01/12/2015','1','9','1','0','3451000288642'),(289,'1370','2558',24.00,'01','12','2015','01:08:44','2015-12-01','01/12/2015','1','9','1','0','3451000288642'),(290,'1371','2558',10.00,'01','12','2015','01:08:44','2015-12-01','01/12/2015','1','9','1','0','3451000288642'),(291,'1372','2558',10.00,'01','12','2015','01:08:44','2015-12-01','01/12/2015','1','9','1','0','3451000288642'),(292,'1373','2558',11.00,'01','12','2015','01:08:44','2015-12-01','01/12/2015','1','9','1','0','3451000288642'),(293,'1377','2558',10.00,'01','12','2015','01:08:44','2015-12-01','01/12/2015','1','9','1','0','3451000288642'),(294,'1369','2558',10.00,'26','11','2015','01:14:29','2015-11-26','26/11/2015','1','9','1','0','3451000288642'),(295,'1370','2558',5.00,'26','11','2015','01:14:29','2015-11-26','26/11/2015','1','9','1','0','3451000288642'),(296,'1371','2558',10.00,'26','11','2015','01:14:29','2015-11-26','26/11/2015','1','9','1','0','3451000288642'),(297,'1372','2558',5.00,'26','11','2015','01:14:29','2015-11-26','26/11/2015','1','9','1','0','3451000288642'),(298,'1373','2558',10.00,'26','11','2015','01:14:29','2015-11-26','26/11/2015','1','9','1','0','3451000288642'),(299,'1377','2558',10.00,'26','11','2015','01:14:29','2015-11-26','26/11/2015','1','9','1','0','3451000288642'),(300,'1369','2558',11.00,'27','11','2015','01:15:51','2015-11-27','27/11/2015','1','9','1','0','3451000288642'),(301,'1370','2558',5.00,'27','11','2015','01:15:51','2015-11-27','27/11/2015','1','9','1','0','3451000288642'),(302,'1371','2558',10.00,'27','11','2015','01:15:51','2015-11-27','27/11/2015','1','9','1','0','3451000288642'),(303,'1372','2558',5.00,'27','11','2015','01:15:51','2015-11-27','27/11/2015','1','9','1','0','3451000288642'),(304,'1373','2558',10.00,'27','11','2015','01:15:51','2015-11-27','27/11/2015','1','9','1','0','3451000288642'),(305,'1377','2558',10.00,'27','11','2015','01:15:51','2015-11-27','27/11/2015','1','9','1','0','3451000288642'),(306,'1369','2558',10.00,'30','11','2015','01:18:44','2015-11-30','30/11/2015','1','9','1','0','3451000288642'),(307,'1370','2558',10.00,'30','11','2015','01:18:44','2015-11-30','30/11/2015','1','9','1','0','3451000288642'),(308,'1371','2558',10.00,'30','11','2015','01:18:44','2015-11-30','30/11/2015','1','9','1','0','3451000288642'),(309,'1372','2558',15.00,'30','11','2015','01:18:44','2015-11-30','30/11/2015','1','9','1','0','3451000288642'),(310,'1373','2558',10.00,'30','11','2015','01:18:44','2015-11-30','30/11/2015','1','9','1','0','3451000288642'),(311,'1377','2558',10.00,'30','11','2015','01:18:44','2015-11-30','30/11/2015','1','9','1','0','3451000288642'),(312,'1374','2558',10.00,'04','12','2015','11:02:10','2015-12-04','04/12/2015','1','8','1','0','1340700060184'),(313,'1381','2558',20.00,'04','12','2015','11:02:10','2015-12-04','04/12/2015','1','8','1','0','1340700060184'),(314,'1382','2558',20.00,'04','12','2015','11:02:10','2015-12-04','04/12/2015','1','8','1','0','1340700060184'),(315,'1384','2558',20.00,'04','12','2015','11:02:10','2015-12-04','04/12/2015','1','8','1','0','1340700060184'),(316,'1376','2558',10.00,'04','12','2015','11:02:10','2015-12-04','04/12/2015','1','8','1','0','1340700060184'),(317,'1385','2558',20.00,'04','12','2015','11:02:10','2015-12-04','04/12/2015','1','8','1','0','1340700060184'),(318,'1386','2558',5.00,'04','12','2015','11:02:10','2015-12-04','04/12/2015','1','8','1','0','1340700060184'),(319,'1369','2558',10.00,'04','12','2015','11:05:47','2015-12-04','04/12/2015','1','9','1','0','3451000288642'),(320,'1370','2558',10.00,'04','12','2015','11:05:47','2015-12-04','04/12/2015','1','9','1','0','3451000288642'),(321,'1371','2558',12.00,'04','12','2015','11:05:47','2015-12-04','04/12/2015','1','9','1','0','3451000288642'),(322,'1372','2558',10.00,'04','12','2015','11:05:47','2015-12-04','04/12/2015','1','9','1','0','3451000288642'),(323,'1373','2558',10.00,'04','12','2015','11:05:47','2015-12-04','04/12/2015','1','9','1','0','3451000288642'),(324,'1377','2558',10.00,'04','12','2015','11:05:47','2015-12-04','04/12/2015','1','9','1','0','3451000288642'),(325,'1369','2558',10.00,'09','12','2015','01:50:52','2015-12-09','09/12/2015','1','9','1','0','3451000288642'),(326,'1370','2558',20.00,'09','12','2015','01:50:52','2015-12-09','09/12/2015','1','9','1','0','3451000288642'),(327,'1371','2558',15.00,'09','12','2015','01:50:52','2015-12-09','09/12/2015','1','9','1','0','3451000288642'),(328,'1372','2558',10.00,'09','12','2015','01:50:52','2015-12-09','09/12/2015','1','9','1','0','3451000288642'),(329,'1373','2558',20.00,'09','12','2015','01:50:52','2015-12-09','09/12/2015','1','9','1','0','3451000288642'),(330,'1377','2558',10.00,'09','12','2015','01:50:52','2015-12-09','09/12/2015','1','9','1','0','3451000288642'),(331,'1369','2558',10.00,'08','12','2015','01:52:20','2015-12-08','08/12/2015','1','9','1','0','3451000288642'),(332,'1370','2558',10.00,'08','12','2015','01:52:20','2015-12-08','08/12/2015','1','9','1','0','3451000288642'),(333,'1371','2558',12.00,'08','12','2015','01:52:20','2015-12-08','08/12/2015','1','9','1','0','3451000288642'),(334,'1372','2558',5.00,'08','12','2015','01:52:20','2015-12-08','08/12/2015','1','9','1','0','3451000288642'),(335,'1373','2558',20.00,'08','12','2015','01:52:20','2015-12-08','08/12/2015','1','9','1','0','3451000288642'),(336,'1377','2558',10.00,'08','12','2015','01:52:20','2015-12-08','08/12/2015','1','9','1','0','3451000288642'),(337,'1369','2558',10.00,'21','12','2015','01:02:09','2015-12-21','21/12/2015','1','9','1','0','3451000288642'),(338,'1370','2558',10.00,'21','12','2015','01:02:09','2015-12-21','21/12/2015','1','9','1','0','3451000288642'),(339,'1371','2558',10.00,'21','12','2015','01:02:09','2015-12-21','21/12/2015','1','9','1','0','3451000288642'),(340,'1372','2558',5.00,'21','12','2015','01:02:09','2015-12-21','21/12/2015','1','9','1','0','3451000288642'),(341,'1373','2558',10.00,'21','12','2015','01:02:09','2015-12-21','21/12/2015','1','9','1','0','3451000288642'),(342,'1377','2558',10.00,'21','12','2015','01:02:09','2015-12-21','21/12/2015','1','9','1','0','3451000288642'),(343,'1369','2558',10.00,'14','12','2015','01:05:14','2015-12-14','14/12/2015','1','9','1','0','3451000288642'),(344,'1370','2558',10.00,'14','12','2015','01:05:14','2015-12-14','14/12/2015','1','9','1','0','3451000288642'),(345,'1371','2558',10.00,'14','12','2015','01:05:14','2015-12-14','14/12/2015','1','9','1','0','3451000288642'),(346,'1373','2558',20.00,'14','12','2015','01:05:14','2015-12-14','14/12/2015','1','9','1','0','3451000288642'),(347,'1377','2558',10.00,'14','12','2015','01:05:14','2015-12-14','14/12/2015','1','9','1','0','3451000288642'),(348,'1369','2558',10.00,'15','12','2015','01:06:18','2015-12-15','15/12/2015','1','9','1','0','3451000288642'),(349,'1370','2558',20.00,'15','12','2015','01:06:18','2015-12-15','15/12/2015','1','9','1','0','3451000288642'),(350,'1371','2558',10.00,'15','12','2015','01:06:18','2015-12-15','15/12/2015','1','9','1','0','3451000288642'),(351,'1372','2558',10.00,'15','12','2015','01:06:18','2015-12-15','15/12/2015','1','9','1','0','3451000288642'),(352,'1373','2558',11.00,'15','12','2015','01:06:18','2015-12-15','15/12/2015','1','9','1','0','3451000288642'),(353,'1377','2558',10.00,'15','12','2015','01:06:18','2015-12-15','15/12/2015','1','9','1','0','3451000288642'),(354,'1369','2558',10.00,'17','12','2015','01:08:22','2015-12-17','17/12/2015','1','9','1','0','3451000288642'),(355,'1370','2558',20.00,'17','12','2015','01:08:22','2015-12-17','17/12/2015','1','9','1','0','3451000288642'),(356,'1371','2558',10.00,'17','12','2015','01:08:22','2015-12-17','17/12/2015','1','9','1','0','3451000288642'),(357,'1372','2558',10.00,'17','12','2015','01:08:22','2015-12-17','17/12/2015','1','9','1','0','3451000288642'),(358,'1373','2558',10.00,'17','12','2015','01:08:22','2015-12-17','17/12/2015','1','9','1','0','3451000288642'),(359,'1377','2558',10.00,'17','12','2015','01:08:22','2015-12-17','17/12/2015','1','9','1','0','3451000288642'),(360,'1369','2558',10.00,'18','12','2015','01:09:14','2015-12-18','18/12/2015','1','9','1','0','3451000288642'),(361,'1370','2558',10.00,'18','12','2015','01:09:14','2015-12-18','18/12/2015','1','9','1','0','3451000288642'),(362,'1371','2558',10.00,'18','12','2015','01:09:14','2015-12-18','18/12/2015','1','9','1','0','3451000288642'),(363,'1372','2558',10.00,'18','12','2015','01:09:14','2015-12-18','18/12/2015','1','9','1','0','3451000288642'),(364,'1373','2558',15.00,'18','12','2015','01:09:14','2015-12-18','18/12/2015','1','9','1','0','3451000288642'),(365,'1377','2558',10.00,'18','12','2015','01:09:14','2015-12-18','18/12/2015','1','9','1','0','3451000288642'),(366,'1369','2558',10.00,'16','12','2015','01:13:46','2015-12-16','16/12/2015','1','9','1','0','3451000288642'),(367,'1370','2558',20.00,'16','12','2015','01:13:46','2015-12-16','16/12/2015','1','9','1','0','3451000288642'),(368,'1371','2558',10.00,'16','12','2015','01:13:46','2015-12-16','16/12/2015','1','9','1','0','3451000288642'),(369,'1372','2558',5.00,'16','12','2015','01:13:46','2015-12-16','16/12/2015','1','9','1','0','3451000288642'),(370,'1373','2558',10.00,'16','12','2015','01:13:46','2015-12-16','16/12/2015','1','9','1','0','3451000288642'),(371,'1377','2558',10.00,'16','12','2015','01:13:46','2015-12-16','16/12/2015','1','9','1','0','3451000288642'),(372,'1462','2561',1.00,'13','10','2018','11:51:57','2018-10-13','13/10/2018','1','1','0','1','3341501686145'),(373,'1463','2561',2.00,'13','10','2018','11:51:57','2018-10-13','13/10/2018','1','1','0','2','3341501686145'),(374,'1460','2561',3.00,'13','10','2018','11:51:57','2018-10-13','13/10/2018','1','1','0','3','3341501686145'),(375,'1461','2561',5.00,'13','10','2018','11:51:57','2018-10-13','13/10/2018','1','1','0','5','3341501686145'),(376,'1462','2561',1.00,'12','10','2018','11:52:47','2018-10-12','12/10/2018','1','1','0','1','3341501686145'),(377,'1463','2561',2.00,'12','10','2018','11:52:47','2018-10-12','12/10/2018','1','1','0','2','3341501686145'),(378,'1460','2561',2.00,'12','10','2018','11:52:47','2018-10-12','12/10/2018','1','1','0','3','3341501686145'),(379,'1459','2561',2.00,'12','10','2018','11:52:47','2018-10-12','12/10/2018','1','1','0','4','3341501686145'),(380,'1461','2561',2.00,'12','10','2018','11:52:47','2018-10-12','12/10/2018','1','1','0','5','3341501686145'),(381,'1462','2561',2.00,'13','10','2018','11:56:25','2018-10-13','13/10/2018','2','1','0','1','3341501686145'),(382,'1463','2561',4.00,'13','10','2018','11:57:07','2018-10-13','13/10/2018','2','1','0','2','3341501686145'),(383,'1460','2561',5.00,'13','10','2018','11:57:43','2018-10-13','13/10/2018','2','1','0','3','3341501686145'),(384,'1459','2561',2.00,'13','10','2018','11:58:05','2018-10-13','13/10/2018','2','1','0','4','3341501686145'),(385,'1461','2561',7.00,'13','10','2018','11:58:34','2018-10-13','13/10/2018','2','1','0','5','3341501686145'),(386,'1413','2562',0.00,'03','02','2020','01:46:24','2020-02-03','03/02/2020','1','8','0','1','1349900595497'),(387,'1414','2562',5.00,'03','02','2020','01:46:24','2020-02-03','03/02/2020','1','8','0','2','1349900595497'),(388,'1415','2562',10.00,'03','02','2020','01:46:24','2020-02-03','03/02/2020','1','8','0','3','1349900595497'),(389,'1440','2562',5.00,'03','02','2020','01:46:24','2020-02-03','03/02/2020','1','8','0','4','1349900595497'),(390,'1441','2562',10.00,'03','02','2020','01:46:24','2020-02-03','03/02/2020','1','8','0','5','1349900595497'),(391,'1413','2562',0.00,'04','02','2020','01:46:48','2020-02-04','04/02/2020','1','8','0','1','1349900595497'),(392,'1414','2562',0.00,'04','02','2020','01:46:48','2020-02-04','04/02/2020','1','8','0','2','1349900595497'),(393,'1415','2562',5.00,'04','02','2020','01:46:48','2020-02-04','04/02/2020','1','8','0','3','1349900595497'),(394,'1440','2562',3.00,'04','02','2020','01:46:48','2020-02-04','04/02/2020','1','8','0','4','1349900595497'),(395,'1441','2562',10.00,'04','02','2020','01:46:48','2020-02-04','04/02/2020','1','8','0','5','1349900595497'),(396,'1413','2562',5.00,'05','02','2020','01:47:11','2020-02-05','05/02/2020','1','8','0','1','1349900595497'),(397,'1414','2562',0.00,'05','02','2020','01:47:11','2020-02-05','05/02/2020','1','8','0','2','1349900595497'),(398,'1415','2562',10.00,'05','02','2020','01:47:11','2020-02-05','05/02/2020','1','8','0','3','1349900595497'),(399,'1440','2562',20.00,'05','02','2020','01:47:11','2020-02-05','05/02/2020','1','8','0','4','1349900595497'),(400,'1441','2562',40.00,'05','02','2020','01:47:11','2020-02-05','05/02/2020','1','8','0','5','1349900595497'),(401,'1413','2562',0.00,'05','03','2020','01:47:30','2020-03-05','05/03/2020','1','8','0','1','1349900595497'),(402,'1414','2562',0.00,'05','03','2020','01:47:30','2020-03-05','05/03/2020','1','8','0','2','1349900595497'),(403,'1415','2562',10.00,'05','03','2020','01:47:30','2020-03-05','05/03/2020','1','8','0','3','1349900595497'),(404,'1440','2562',0.00,'05','03','2020','01:47:30','2020-03-05','05/03/2020','1','8','0','4','1349900595497'),(405,'1441','2562',40.00,'05','03','2020','01:47:30','2020-03-05','05/03/2020','1','8','0','5','1349900595497'),(406,'1413','2562',0.00,'06','02','2020','01:48:10','2020-02-06','06/02/2020','1','8','0','1','1349900595497'),(407,'1414','2562',0.00,'06','02','2020','01:48:10','2020-02-06','06/02/2020','1','8','0','2','1349900595497'),(408,'1415','2562',10.00,'06','02','2020','01:48:10','2020-02-06','06/02/2020','1','8','0','3','1349900595497'),(409,'1440','2562',0.00,'06','02','2020','01:48:10','2020-02-06','06/02/2020','1','8','0','4','1349900595497'),(410,'1441','2562',40.00,'06','02','2020','01:48:10','2020-02-06','06/02/2020','1','8','0','5','1349900595497'),(411,'1413','2562',0.00,'10','02','2020','01:49:41','2020-02-10','10/02/2020','1','8','0','1','1349900595497'),(412,'1414','2562',5.00,'10','02','2020','01:49:41','2020-02-10','10/02/2020','1','8','0','2','1349900595497'),(413,'1415','2562',10.00,'10','02','2020','01:49:41','2020-02-10','10/02/2020','1','8','0','3','1349900595497'),(414,'1440','2562',3.00,'10','02','2020','01:49:41','2020-02-10','10/02/2020','1','8','0','4','1349900595497'),(415,'1441','2562',40.00,'10','02','2020','01:49:41','2020-02-10','10/02/2020','1','8','0','5','1349900595497'),(416,'1413','2562',5.00,'11','02','2020','01:50:07','2020-02-11','11/02/2020','1','8','0','1','1349900595497'),(417,'1414','2562',5.00,'11','02','2020','01:50:07','2020-02-11','11/02/2020','1','8','0','2','1349900595497'),(418,'1415','2562',5.00,'11','02','2020','01:50:07','2020-02-11','11/02/2020','1','8','0','3','1349900595497'),(419,'1440','2562',5.00,'11','02','2020','01:50:07','2020-02-11','11/02/2020','1','8','0','4','1349900595497'),(420,'1441','2562',20.00,'11','02','2020','01:50:07','2020-02-11','11/02/2020','1','8','0','5','1349900595497'),(421,'1413','2562',5.00,'12','02','2020','01:50:32','2020-02-12','12/02/2020','1','8','0','1','1349900595497'),(422,'1414','2562',5.00,'12','02','2020','01:50:32','2020-02-12','12/02/2020','1','8','0','2','1349900595497'),(423,'1415','2562',10.00,'12','02','2020','01:50:32','2020-02-12','12/02/2020','1','8','0','3','1349900595497'),(424,'1440','2562',5.00,'12','02','2020','01:50:32','2020-02-12','12/02/2020','1','8','0','4','1349900595497'),(425,'1441','2562',5.00,'12','02','2020','01:50:32','2020-02-12','12/02/2020','1','8','0','5','1349900595497'),(426,'1413','2562',5.00,'13','02','2020','01:50:48','2020-02-13','13/02/2020','1','8','0','1','1349900595497'),(427,'1414','2562',5.00,'13','02','2020','01:50:48','2020-02-13','13/02/2020','1','8','0','2','1349900595497'),(428,'1415','2562',5.00,'13','02','2020','01:50:48','2020-02-13','13/02/2020','1','8','0','3','1349900595497'),(429,'1440','2562',5.00,'13','02','2020','01:50:48','2020-02-13','13/02/2020','1','8','0','4','1349900595497'),(430,'1441','2562',5.00,'13','02','2020','01:50:48','2020-02-13','13/02/2020','1','8','0','5','1349900595497'),(431,'1413','2562',0.00,'14','02','2020','01:51:04','2020-02-14','14/02/2020','1','8','0','1','1349900595497'),(432,'1414','2562',5.00,'14','02','2020','01:51:04','2020-02-14','14/02/2020','1','8','0','2','1349900595497'),(433,'1415','2562',10.00,'14','02','2020','01:51:04','2020-02-14','14/02/2020','1','8','0','3','1349900595497'),(434,'1440','2562',5.00,'14','02','2020','01:51:04','2020-02-14','14/02/2020','1','8','0','4','1349900595497'),(435,'1441','2562',20.00,'14','02','2020','01:51:04','2020-02-14','14/02/2020','1','8','0','5','1349900595497'),(436,'1413','2562',5.00,'17','02','2020','01:51:18','2020-02-17','17/02/2020','1','8','0','1','1349900595497'),(437,'1414','2562',5.00,'17','02','2020','01:51:18','2020-02-17','17/02/2020','1','8','0','2','1349900595497'),(438,'1415','2562',5.00,'17','02','2020','01:51:18','2020-02-17','17/02/2020','1','8','0','3','1349900595497'),(439,'1440','2562',5.00,'17','02','2020','01:51:18','2020-02-17','17/02/2020','1','8','0','4','1349900595497'),(440,'1441','2562',5.00,'17','02','2020','01:51:18','2020-02-17','17/02/2020','1','8','0','5','1349900595497'),(441,'1413','2562',0.00,'18','02','2020','01:51:37','2020-02-18','18/02/2020','1','8','0','1','1349900595497'),(442,'1414','2562',0.00,'18','02','2020','01:51:37','2020-02-18','18/02/2020','1','8','0','2','1349900595497'),(443,'1415','2562',5.00,'18','02','2020','01:51:37','2020-02-18','18/02/2020','1','8','0','3','1349900595497'),(444,'1440','2562',5.00,'18','02','2020','01:51:37','2020-02-18','18/02/2020','1','8','0','4','1349900595497'),(445,'1441','2562',10.00,'18','02','2020','01:51:37','2020-02-18','18/02/2020','1','8','0','5','1349900595497'),(446,'1413','2562',0.00,'19','02','2020','01:52:00','2020-02-19','19/02/2020','1','8','0','1','1349900595497'),(447,'1414','2562',5.00,'19','02','2020','01:52:00','2020-02-19','19/02/2020','1','8','0','2','1349900595497'),(448,'1415','2562',10.00,'19','02','2020','01:52:00','2020-02-19','19/02/2020','1','8','0','3','1349900595497'),(449,'1440','2562',5.00,'19','02','2020','01:52:00','2020-02-19','19/02/2020','1','8','0','4','1349900595497'),(450,'1441','2562',20.00,'19','02','2020','01:52:00','2020-02-19','19/02/2020','1','8','0','5','1349900595497'),(451,'1413','2562',5.00,'20','02','2020','01:52:19','2020-02-20','20/02/2020','1','8','0','1','1349900595497'),(452,'1414','2562',5.00,'20','02','2020','01:52:19','2020-02-20','20/02/2020','1','8','0','2','1349900595497'),(453,'1415','2562',5.00,'20','02','2020','01:52:19','2020-02-20','20/02/2020','1','8','0','3','1349900595497'),(454,'1440','2562',5.00,'20','02','2020','01:52:19','2020-02-20','20/02/2020','1','8','0','4','1349900595497'),(455,'1441','2562',5.00,'20','02','2020','01:52:19','2020-02-20','20/02/2020','1','8','0','5','1349900595497'),(456,'1413','2562',0.00,'21','02','2020','01:52:41','2020-02-21','21/02/2020','1','8','0','1','1349900595497'),(457,'1414','2562',5.00,'21','02','2020','01:52:41','2020-02-21','21/02/2020','1','8','0','2','1349900595497'),(458,'1415','2562',5.00,'21','02','2020','01:52:41','2020-02-21','21/02/2020','1','8','0','3','1349900595497'),(459,'1440','2562',3.00,'21','02','2020','01:52:41','2020-02-21','21/02/2020','1','8','0','4','1349900595497'),(460,'1441','2562',40.00,'21','02','2020','01:52:41','2020-02-21','21/02/2020','1','8','0','5','1349900595497'),(461,'1413','2562',0.00,'24','02','2020','01:52:59','2020-02-24','24/02/2020','1','8','0','1','1349900595497'),(462,'1414','2562',5.00,'24','02','2020','01:52:59','2020-02-24','24/02/2020','1','8','0','2','1349900595497'),(463,'1415','2562',10.00,'24','02','2020','01:52:59','2020-02-24','24/02/2020','1','8','0','3','1349900595497'),(464,'1440','2562',5.00,'24','02','2020','01:52:59','2020-02-24','24/02/2020','1','8','0','4','1349900595497'),(465,'1441','2562',5.00,'24','02','2020','01:52:59','2020-02-24','24/02/2020','1','8','0','5','1349900595497'),(466,'1413','2562',0.00,'25','02','2020','01:53:19','2020-02-25','25/02/2020','1','8','0','1','1349900595497'),(467,'1414','2562',0.00,'25','02','2020','01:53:19','2020-02-25','25/02/2020','1','8','0','2','1349900595497'),(468,'1415','2562',10.00,'25','02','2020','01:53:19','2020-02-25','25/02/2020','1','8','0','3','1349900595497'),(469,'1440','2562',0.00,'25','02','2020','01:53:19','2020-02-25','25/02/2020','1','8','0','4','1349900595497'),(470,'1441','2562',20.00,'25','02','2020','01:53:19','2020-02-25','25/02/2020','1','8','0','5','1349900595497'),(471,'1413','2562',5.00,'26','02','2020','01:54:43','2020-02-26','26/02/2020','1','8','0','1','1349900595497'),(472,'1414','2562',5.00,'26','02','2020','01:54:43','2020-02-26','26/02/2020','1','8','0','2','1349900595497'),(473,'1415','2562',5.00,'26','02','2020','01:54:43','2020-02-26','26/02/2020','1','8','0','3','1349900595497'),(474,'1440','2562',5.00,'26','02','2020','01:54:43','2020-02-26','26/02/2020','1','8','0','4','1349900595497'),(475,'1441','2562',5.00,'26','02','2020','01:54:43','2020-02-26','26/02/2020','1','8','0','5','1349900595497'),(476,'1413','2562',0.00,'27','02','2020','01:55:03','2020-02-27','27/02/2020','1','8','0','1','1349900595497'),(477,'1414','2562',10.00,'27','02','2020','01:55:03','2020-02-27','27/02/2020','1','8','0','2','1349900595497'),(478,'1415','2562',10.00,'27','02','2020','01:55:03','2020-02-27','27/02/2020','1','8','0','3','1349900595497'),(479,'1440','2562',5.00,'27','02','2020','01:55:03','2020-02-27','27/02/2020','1','8','0','4','1349900595497'),(480,'1441','2562',40.00,'27','02','2020','01:55:03','2020-02-27','27/02/2020','1','8','0','5','1349900595497'),(481,'1413','2562',0.00,'28','02','2020','01:55:20','2020-02-28','28/02/2020','1','8','0','1','1349900595497'),(482,'1414','2562',5.00,'28','02','2020','01:55:20','2020-02-28','28/02/2020','1','8','0','2','1349900595497'),(483,'1415','2562',10.00,'28','02','2020','01:55:20','2020-02-28','28/02/2020','1','8','0','3','1349900595497'),(484,'1440','2562',10.00,'28','02','2020','01:55:20','2020-02-28','28/02/2020','1','8','0','4','1349900595497'),(485,'1441','2562',40.00,'28','02','2020','01:55:20','2020-02-28','28/02/2020','1','8','0','5','1349900595497'),(486,'1403','2562',5.00,'03','02','2020','01:56:27','2020-02-03','03/02/2020','1','9','0','1','1349900595497'),(487,'1404','2562',5.00,'03','02','2020','01:56:27','2020-02-03','03/02/2020','1','9','0','2','1349900595497'),(488,'1405','2562',5.00,'03','02','2020','01:56:27','2020-02-03','03/02/2020','1','9','0','3','1349900595497'),(489,'1410','2562',5.00,'03','02','2020','01:56:27','2020-02-03','03/02/2020','1','9','0','4','1349900595497'),(490,'1412','2562',5.00,'03','02','2020','01:56:27','2020-02-03','03/02/2020','1','9','0','5','1349900595497'),(491,'1430','2562',5.00,'03','02','2020','01:56:27','2020-02-03','03/02/2020','1','9','0','6','1349900595497'),(492,'1431','2562',5.00,'03','02','2020','01:56:27','2020-02-03','03/02/2020','1','9','0','7','1349900595497'),(493,'1432','2562',5.00,'03','02','2020','01:56:27','2020-02-03','03/02/2020','1','9','0','8','1349900595497'),(494,'1442','2562',40.00,'03','02','2020','01:56:27','2020-02-03','03/02/2020','1','9','0','9','1349900595497'),(495,'1443','2562',5.00,'03','02','2020','01:56:27','2020-02-03','03/02/2020','1','9','0','10','1349900595497'),(496,'1445','2562',5.00,'03','02','2020','01:56:27','2020-02-03','03/02/2020','1','9','0','11','1349900595497'),(497,'1403','2562',5.00,'04','02','2020','01:57:13','2020-02-04','04/02/2020','1','9','0','1','1349900595497'),(498,'1404','2562',10.00,'04','02','2020','01:57:13','2020-02-04','04/02/2020','1','9','0','2','1349900595497'),(499,'1405','2562',5.00,'04','02','2020','01:57:13','2020-02-04','04/02/2020','1','9','0','3','1349900595497'),(500,'1410','2562',0.00,'04','02','2020','01:57:13','2020-02-04','04/02/2020','1','9','0','4','1349900595497'),(501,'1412','2562',5.00,'04','02','2020','01:57:13','2020-02-04','04/02/2020','1','9','0','5','1349900595497'),(502,'1430','2562',5.00,'04','02','2020','01:57:13','2020-02-04','04/02/2020','1','9','0','6','1349900595497'),(503,'1431','2562',5.00,'04','02','2020','01:57:13','2020-02-04','04/02/2020','1','9','0','7','1349900595497'),(504,'1432','2562',5.00,'04','02','2020','01:57:13','2020-02-04','04/02/2020','1','9','0','8','1349900595497'),(505,'1442','2562',40.00,'04','02','2020','01:57:13','2020-02-04','04/02/2020','1','9','0','9','1349900595497'),(506,'1443','2562',5.00,'04','02','2020','01:57:13','2020-02-04','04/02/2020','1','9','0','10','1349900595497'),(507,'1445','2562',20.00,'04','02','2020','01:57:13','2020-02-04','04/02/2020','1','9','0','11','1349900595497'),(508,'1403','2562',0.00,'05','02','2020','01:57:41','2020-02-05','05/02/2020','1','9','0','1','1349900595497'),(509,'1404','2562',10.00,'05','02','2020','01:57:41','2020-02-05','05/02/2020','1','9','0','2','1349900595497'),(510,'1405','2562',5.00,'05','02','2020','01:57:41','2020-02-05','05/02/2020','1','9','0','3','1349900595497'),(511,'1410','2562',0.00,'05','02','2020','01:57:41','2020-02-05','05/02/2020','1','9','0','4','1349900595497'),(512,'1412','2562',5.00,'05','02','2020','01:57:41','2020-02-05','05/02/2020','1','9','0','5','1349900595497'),(513,'1430','2562',5.00,'05','02','2020','01:57:41','2020-02-05','05/02/2020','1','9','0','6','1349900595497'),(514,'1431','2562',5.00,'05','02','2020','01:57:41','2020-02-05','05/02/2020','1','9','0','7','1349900595497'),(515,'1432','2562',5.00,'05','02','2020','01:57:41','2020-02-05','05/02/2020','1','9','0','8','1349900595497'),(516,'1442','2562',40.00,'05','02','2020','01:57:41','2020-02-05','05/02/2020','1','9','0','9','1349900595497'),(517,'1443','2562',5.00,'05','02','2020','01:57:41','2020-02-05','05/02/2020','1','9','0','10','1349900595497'),(518,'1445','2562',10.00,'05','02','2020','01:57:41','2020-02-05','05/02/2020','1','9','0','11','1349900595497'),(519,'1403','2562',20.00,'06','02','2020','02:01:05','2020-02-06','06/02/2020','1','9','0','1','1349900595497'),(520,'1404','2562',10.00,'06','02','2020','02:01:05','2020-02-06','06/02/2020','1','9','0','2','1349900595497'),(521,'1405','2562',10.00,'06','02','2020','02:01:05','2020-02-06','06/02/2020','1','9','0','3','1349900595497'),(522,'1410','2562',10.00,'06','02','2020','02:01:05','2020-02-06','06/02/2020','1','9','0','4','1349900595497'),(523,'1412','2562',40.00,'06','02','2020','02:01:05','2020-02-06','06/02/2020','1','9','0','5','1349900595497'),(524,'1430','2562',5.00,'06','02','2020','02:01:05','2020-02-06','06/02/2020','1','9','0','6','1349900595497'),(525,'1431','2562',5.00,'06','02','2020','02:01:05','2020-02-06','06/02/2020','1','9','0','7','1349900595497'),(526,'1432','2562',5.00,'06','02','2020','02:01:05','2020-02-06','06/02/2020','1','9','0','8','1349900595497'),(527,'1442','2562',40.00,'06','02','2020','02:01:05','2020-02-06','06/02/2020','1','9','0','9','1349900595497'),(528,'1443','2562',0.00,'06','02','2020','02:01:05','2020-02-06','06/02/2020','1','9','0','10','1349900595497'),(529,'1445','2562',5.00,'06','02','2020','02:01:05','2020-02-06','06/02/2020','1','9','0','11','1349900595497'),(530,'1403','2562',20.00,'07','02','2020','02:01:33','2020-02-07','07/02/2020','1','9','0','1','1349900595497'),(531,'1404','2562',10.00,'07','02','2020','02:01:33','2020-02-07','07/02/2020','1','9','0','2','1349900595497'),(532,'1405','2562',5.00,'07','02','2020','02:01:33','2020-02-07','07/02/2020','1','9','0','3','1349900595497'),(533,'1410','2562',20.00,'07','02','2020','02:01:33','2020-02-07','07/02/2020','1','9','0','4','1349900595497'),(534,'1412','2562',5.00,'07','02','2020','02:01:33','2020-02-07','07/02/2020','1','9','0','5','1349900595497'),(535,'1430','2562',5.00,'07','02','2020','02:01:33','2020-02-07','07/02/2020','1','9','0','6','1349900595497'),(536,'1431','2562',5.00,'07','02','2020','02:01:33','2020-02-07','07/02/2020','1','9','0','7','1349900595497'),(537,'1432','2562',5.00,'07','02','2020','02:01:33','2020-02-07','07/02/2020','1','9','0','8','1349900595497'),(538,'1442','2562',40.00,'07','02','2020','02:01:33','2020-02-07','07/02/2020','1','9','0','9','1349900595497'),(539,'1443','2562',5.00,'07','02','2020','02:01:33','2020-02-07','07/02/2020','1','9','0','10','1349900595497'),(540,'1445','2562',20.00,'07','02','2020','02:01:33','2020-02-07','07/02/2020','1','9','0','11','1349900595497'),(541,'1403','2562',20.00,'10','02','2020','02:02:20','2020-02-10','10/02/2020','1','9','0','1','1349900595497'),(542,'1404','2562',10.00,'10','02','2020','02:02:20','2020-02-10','10/02/2020','1','9','0','2','1349900595497'),(543,'1405','2562',10.00,'10','02','2020','02:02:20','2020-02-10','10/02/2020','1','9','0','3','1349900595497'),(544,'1410','2562',5.00,'10','02','2020','02:02:20','2020-02-10','10/02/2020','1','9','0','4','1349900595497'),(545,'1412','2562',40.00,'10','02','2020','02:02:20','2020-02-10','10/02/2020','1','9','0','5','1349900595497'),(546,'1430','2562',5.00,'10','02','2020','02:02:20','2020-02-10','10/02/2020','1','9','0','6','1349900595497'),(547,'1431','2562',0.00,'10','02','2020','02:02:20','2020-02-10','10/02/2020','1','9','0','7','1349900595497'),(548,'1432','2562',0.00,'10','02','2020','02:02:20','2020-02-10','10/02/2020','1','9','0','8','1349900595497'),(549,'1442','2562',40.00,'10','02','2020','02:02:20','2020-02-10','10/02/2020','1','9','0','9','1349900595497'),(550,'1443','2562',0.00,'10','02','2020','02:02:20','2020-02-10','10/02/2020','1','9','0','10','1349900595497'),(551,'1445','2562',5.00,'10','02','2020','02:02:20','2020-02-10','10/02/2020','1','9','0','11','1349900595497'),(552,'1403','2562',20.00,'11','02','2020','02:02:43','2020-02-11','11/02/2020','1','9','0','1','1349900595497'),(553,'1404','2562',0.00,'11','02','2020','02:02:43','2020-02-11','11/02/2020','1','9','0','2','1349900595497'),(554,'1405','2562',10.00,'11','02','2020','02:02:43','2020-02-11','11/02/2020','1','9','0','3','1349900595497'),(555,'1410','2562',5.00,'11','02','2020','02:02:43','2020-02-11','11/02/2020','1','9','0','4','1349900595497'),(556,'1412','2562',40.00,'11','02','2020','02:02:43','2020-02-11','11/02/2020','1','9','0','5','1349900595497'),(557,'1430','2562',5.00,'11','02','2020','02:02:43','2020-02-11','11/02/2020','1','9','0','6','1349900595497'),(558,'1431','2562',5.00,'11','02','2020','02:02:43','2020-02-11','11/02/2020','1','9','0','7','1349900595497'),(559,'1432','2562',5.00,'11','02','2020','02:02:43','2020-02-11','11/02/2020','1','9','0','8','1349900595497'),(560,'1442','2562',40.00,'11','02','2020','02:02:43','2020-02-11','11/02/2020','1','9','0','9','1349900595497'),(561,'1443','2562',5.00,'11','02','2020','02:02:43','2020-02-11','11/02/2020','1','9','0','10','1349900595497'),(562,'1445','2562',5.00,'11','02','2020','02:02:43','2020-02-11','11/02/2020','1','9','0','11','1349900595497'),(563,'1403','2562',5.00,'12','02','2020','02:03:05','2020-02-12','12/02/2020','1','9','0','1','1349900595497'),(564,'1404','2562',10.00,'12','02','2020','02:03:05','2020-02-12','12/02/2020','1','9','0','2','1349900595497'),(565,'1405','2562',5.00,'12','02','2020','02:03:05','2020-02-12','12/02/2020','1','9','0','3','1349900595497'),(566,'1410','2562',0.00,'12','02','2020','02:03:05','2020-02-12','12/02/2020','1','9','0','4','1349900595497'),(567,'1412','2562',5.00,'12','02','2020','02:03:05','2020-02-12','12/02/2020','1','9','0','5','1349900595497'),(568,'1430','2562',5.00,'12','02','2020','02:03:05','2020-02-12','12/02/2020','1','9','0','6','1349900595497'),(569,'1431','2562',5.00,'12','02','2020','02:03:05','2020-02-12','12/02/2020','1','9','0','7','1349900595497'),(570,'1432','2562',5.00,'12','02','2020','02:03:05','2020-02-12','12/02/2020','1','9','0','8','1349900595497'),(571,'1442','2562',40.00,'12','02','2020','02:03:05','2020-02-12','12/02/2020','1','9','0','9','1349900595497'),(572,'1443','2562',5.00,'12','02','2020','02:03:05','2020-02-12','12/02/2020','1','9','0','10','1349900595497'),(573,'1445','2562',5.00,'12','02','2020','02:03:05','2020-02-12','12/02/2020','1','9','0','11','1349900595497'),(574,'1403','2562',20.00,'13','02','2020','02:03:31','2020-02-13','13/02/2020','1','9','0','1','1349900595497'),(575,'1404','2562',20.00,'13','02','2020','02:03:31','2020-02-13','13/02/2020','1','9','0','2','1349900595497'),(576,'1405','2562',10.00,'13','02','2020','02:03:31','2020-02-13','13/02/2020','1','9','0','3','1349900595497'),(577,'1410','2562',20.00,'13','02','2020','02:03:31','2020-02-13','13/02/2020','1','9','0','4','1349900595497'),(578,'1412','2562',5.00,'13','02','2020','02:03:31','2020-02-13','13/02/2020','1','9','0','5','1349900595497'),(579,'1430','2562',5.00,'13','02','2020','02:03:31','2020-02-13','13/02/2020','1','9','0','6','1349900595497'),(580,'1431','2562',5.00,'13','02','2020','02:03:31','2020-02-13','13/02/2020','1','9','0','7','1349900595497'),(581,'1432','2562',5.00,'13','02','2020','02:03:31','2020-02-13','13/02/2020','1','9','0','8','1349900595497'),(582,'1442','2562',40.00,'13','02','2020','02:03:31','2020-02-13','13/02/2020','1','9','0','9','1349900595497'),(583,'1443','2562',5.00,'13','02','2020','02:03:31','2020-02-13','13/02/2020','1','9','0','10','1349900595497'),(584,'1445','2562',5.00,'13','02','2020','02:03:31','2020-02-13','13/02/2020','1','9','0','11','1349900595497'),(585,'1403','2562',20.00,'14','02','2020','02:03:57','2020-02-14','14/02/2020','1','9','0','1','1349900595497'),(586,'1404','2562',20.00,'14','02','2020','02:03:57','2020-02-14','14/02/2020','1','9','0','2','1349900595497'),(587,'1405','2562',15.00,'14','02','2020','02:03:57','2020-02-14','14/02/2020','1','9','0','3','1349900595497'),(588,'1410','2562',3.00,'14','02','2020','02:03:57','2020-02-14','14/02/2020','1','9','0','4','1349900595497'),(589,'1412','2562',5.00,'14','02','2020','02:03:57','2020-02-14','14/02/2020','1','9','0','5','1349900595497'),(590,'1430','2562',20.00,'14','02','2020','02:03:57','2020-02-14','14/02/2020','1','9','0','6','1349900595497'),(591,'1431','2562',5.00,'14','02','2020','02:03:57','2020-02-14','14/02/2020','1','9','0','7','1349900595497'),(592,'1432','2562',0.00,'14','02','2020','02:03:57','2020-02-14','14/02/2020','1','9','0','8','1349900595497'),(593,'1442','2562',40.00,'14','02','2020','02:03:57','2020-02-14','14/02/2020','1','9','0','9','1349900595497'),(594,'1443','2562',5.00,'14','02','2020','02:03:57','2020-02-14','14/02/2020','1','9','0','10','1349900595497'),(595,'1445','2562',20.00,'14','02','2020','02:03:57','2020-02-14','14/02/2020','1','9','0','11','1349900595497'),(596,'1403','2562',5.00,'17','02','2020','02:04:28','2020-02-17','17/02/2020','1','9','0','1','1349900595497'),(597,'1404','2562',20.00,'17','02','2020','02:04:28','2020-02-17','17/02/2020','1','9','0','2','1349900595497'),(598,'1405','2562',15.00,'17','02','2020','02:04:28','2020-02-17','17/02/2020','1','9','0','3','1349900595497'),(599,'1410','2562',0.00,'17','02','2020','02:04:28','2020-02-17','17/02/2020','1','9','0','4','1349900595497'),(600,'1412','2562',5.00,'17','02','2020','02:04:28','2020-02-17','17/02/2020','1','9','0','5','1349900595497'),(601,'1430','2562',5.00,'17','02','2020','02:04:28','2020-02-17','17/02/2020','1','9','0','6','1349900595497'),(602,'1431','2562',0.00,'17','02','2020','02:04:28','2020-02-17','17/02/2020','1','9','0','7','1349900595497'),(603,'1432','2562',0.00,'17','02','2020','02:04:28','2020-02-17','17/02/2020','1','9','0','8','1349900595497'),(604,'1442','2562',40.00,'17','02','2020','02:04:28','2020-02-17','17/02/2020','1','9','0','9','1349900595497'),(605,'1443','2562',5.00,'17','02','2020','02:04:28','2020-02-17','17/02/2020','1','9','0','10','1349900595497'),(606,'1445','2562',10.00,'17','02','2020','02:04:28','2020-02-17','17/02/2020','1','9','0','11','1349900595497'),(607,'1403','2562',0.00,'18','02','2020','02:04:52','2020-02-18','18/02/2020','1','9','0','1','1349900595497'),(608,'1404','2562',5.00,'18','02','2020','02:04:52','2020-02-18','18/02/2020','1','9','0','2','1349900595497'),(609,'1405','2562',10.00,'18','02','2020','02:04:52','2020-02-18','18/02/2020','1','9','0','3','1349900595497'),(610,'1410','2562',5.00,'18','02','2020','02:04:52','2020-02-18','18/02/2020','1','9','0','4','1349900595497'),(611,'1412','2562',5.00,'18','02','2020','02:04:52','2020-02-18','18/02/2020','1','9','0','5','1349900595497'),(612,'1430','2562',20.00,'18','02','2020','02:04:52','2020-02-18','18/02/2020','1','9','0','6','1349900595497'),(613,'1431','2562',5.00,'18','02','2020','02:04:52','2020-02-18','18/02/2020','1','9','0','7','1349900595497'),(614,'1432','2562',5.00,'18','02','2020','02:04:52','2020-02-18','18/02/2020','1','9','0','8','1349900595497'),(615,'1442','2562',40.00,'18','02','2020','02:04:52','2020-02-18','18/02/2020','1','9','0','9','1349900595497'),(616,'1443','2562',5.00,'18','02','2020','02:04:52','2020-02-18','18/02/2020','1','9','0','10','1349900595497'),(617,'1445','2562',5.00,'18','02','2020','02:04:52','2020-02-18','18/02/2020','1','9','0','11','1349900595497'),(618,'1403','2562',5.00,'19','02','2020','02:05:20','2020-02-19','19/02/2020','1','9','0','1','1349900595497'),(619,'1404','2562',10.00,'19','02','2020','02:05:20','2020-02-19','19/02/2020','1','9','0','2','1349900595497'),(620,'1405','2562',5.00,'19','02','2020','02:05:20','2020-02-19','19/02/2020','1','9','0','3','1349900595497'),(621,'1410','2562',0.00,'19','02','2020','02:05:20','2020-02-19','19/02/2020','1','9','0','4','1349900595497'),(622,'1412','2562',40.00,'19','02','2020','02:05:20','2020-02-19','19/02/2020','1','9','0','5','1349900595497'),(623,'1430','2562',20.00,'19','02','2020','02:05:20','2020-02-19','19/02/2020','1','9','0','6','1349900595497'),(624,'1431','2562',5.00,'19','02','2020','02:05:20','2020-02-19','19/02/2020','1','9','0','7','1349900595497'),(625,'1432','2562',0.00,'19','02','2020','02:05:20','2020-02-19','19/02/2020','1','9','0','8','1349900595497'),(626,'1442','2562',40.00,'19','02','2020','02:05:20','2020-02-19','19/02/2020','1','9','0','9','1349900595497'),(627,'1443','2562',5.00,'19','02','2020','02:05:20','2020-02-19','19/02/2020','1','9','0','10','1349900595497'),(628,'1445','2562',20.00,'19','02','2020','02:05:20','2020-02-19','19/02/2020','1','9','0','11','1349900595497'),(629,'1403','2562',0.00,'20','02','2020','02:05:48','2020-02-20','20/02/2020','1','9','0','1','1349900595497'),(630,'1404','2562',10.00,'20','02','2020','02:05:48','2020-02-20','20/02/2020','1','9','0','2','1349900595497'),(631,'1405','2562',5.00,'20','02','2020','02:05:48','2020-02-20','20/02/2020','1','9','0','3','1349900595497'),(632,'1410','2562',0.00,'20','02','2020','02:05:48','2020-02-20','20/02/2020','1','9','0','4','1349900595497'),(633,'1412','2562',0.00,'20','02','2020','02:05:48','2020-02-20','20/02/2020','1','9','0','5','1349900595497'),(634,'1430','2562',5.00,'20','02','2020','02:05:48','2020-02-20','20/02/2020','1','9','0','6','1349900595497'),(635,'1431','2562',0.00,'20','02','2020','02:05:48','2020-02-20','20/02/2020','1','9','0','7','1349900595497'),(636,'1432','2562',0.00,'20','02','2020','02:05:48','2020-02-20','20/02/2020','1','9','0','8','1349900595497'),(637,'1442','2562',40.00,'20','02','2020','02:05:48','2020-02-20','20/02/2020','1','9','0','9','1349900595497'),(638,'1443','2562',5.00,'20','02','2020','02:05:48','2020-02-20','20/02/2020','1','9','0','10','1349900595497'),(639,'1445','2562',40.00,'20','02','2020','02:05:48','2020-02-20','20/02/2020','1','9','0','11','1349900595497'),(640,'1403','2562',5.00,'21','02','2020','02:06:08','2020-02-21','21/02/2020','1','9','0','1','1349900595497'),(641,'1404','2562',5.00,'21','02','2020','02:06:08','2020-02-21','21/02/2020','1','9','0','2','1349900595497'),(642,'1405','2562',5.00,'21','02','2020','02:06:08','2020-02-21','21/02/2020','1','9','0','3','1349900595497'),(643,'1410','2562',5.00,'21','02','2020','02:06:08','2020-02-21','21/02/2020','1','9','0','4','1349900595497'),(644,'1412','2562',5.00,'21','02','2020','02:06:08','2020-02-21','21/02/2020','1','9','0','5','1349900595497'),(645,'1430','2562',5.00,'21','02','2020','02:06:08','2020-02-21','21/02/2020','1','9','0','6','1349900595497'),(646,'1431','2562',5.00,'21','02','2020','02:06:08','2020-02-21','21/02/2020','1','9','0','7','1349900595497'),(647,'1432','2562',5.00,'21','02','2020','02:06:08','2020-02-21','21/02/2020','1','9','0','8','1349900595497'),(648,'1442','2562',40.00,'21','02','2020','02:06:08','2020-02-21','21/02/2020','1','9','0','9','1349900595497'),(649,'1443','2562',0.00,'21','02','2020','02:06:08','2020-02-21','21/02/2020','1','9','0','10','1349900595497'),(650,'1445','2562',20.00,'21','02','2020','02:06:08','2020-02-21','21/02/2020','1','9','0','11','1349900595497'),(651,'1403','2562',20.00,'24','02','2020','02:16:23','2020-02-24','24/02/2020','1','9','0','1','1349900595497'),(652,'1404','2562',5.00,'24','02','2020','02:16:23','2020-02-24','24/02/2020','1','9','0','2','1349900595497'),(653,'1405','2562',10.00,'24','02','2020','02:16:23','2020-02-24','24/02/2020','1','9','0','3','1349900595497'),(654,'1410','2562',5.00,'24','02','2020','02:16:23','2020-02-24','24/02/2020','1','9','0','4','1349900595497'),(655,'1412','2562',5.00,'24','02','2020','02:16:23','2020-02-24','24/02/2020','1','9','0','5','1349900595497'),(656,'1430','2562',5.00,'24','02','2020','02:16:23','2020-02-24','24/02/2020','1','9','0','6','1349900595497'),(657,'1431','2562',5.00,'24','02','2020','02:16:23','2020-02-24','24/02/2020','1','9','0','7','1349900595497'),(658,'1432','2562',0.00,'24','02','2020','02:16:23','2020-02-24','24/02/2020','1','9','0','8','1349900595497'),(659,'1442','2562',40.00,'24','02','2020','02:16:23','2020-02-24','24/02/2020','1','9','0','9','1349900595497'),(660,'1443','2562',0.00,'24','02','2020','02:16:23','2020-02-24','24/02/2020','1','9','0','10','1349900595497'),(661,'1445','2562',5.00,'24','02','2020','02:16:23','2020-02-24','24/02/2020','1','9','0','11','1349900595497'),(662,'1403','2562',5.00,'25','02','2020','02:16:51','2020-02-25','25/02/2020','1','9','0','1','1349900595497'),(663,'1404','2562',10.00,'25','02','2020','02:16:51','2020-02-25','25/02/2020','1','9','0','2','1349900595497'),(664,'1405','2562',15.00,'25','02','2020','02:16:51','2020-02-25','25/02/2020','1','9','0','3','1349900595497'),(665,'1410','2562',0.00,'25','02','2020','02:16:51','2020-02-25','25/02/2020','1','9','0','4','1349900595497'),(666,'1412','2562',5.00,'25','02','2020','02:16:51','2020-02-25','25/02/2020','1','9','0','5','1349900595497'),(667,'1430','2562',20.00,'25','02','2020','02:16:51','2020-02-25','25/02/2020','1','9','0','6','1349900595497'),(668,'1431','2562',0.00,'25','02','2020','02:16:51','2020-02-25','25/02/2020','1','9','0','7','1349900595497'),(669,'1432','2562',0.00,'25','02','2020','02:16:51','2020-02-25','25/02/2020','1','9','0','8','1349900595497'),(670,'1442','2562',40.00,'25','02','2020','02:16:51','2020-02-25','25/02/2020','1','9','0','9','1349900595497'),(671,'1443','2562',0.00,'25','02','2020','02:16:51','2020-02-25','25/02/2020','1','9','0','10','1349900595497'),(672,'1445','2562',10.00,'25','02','2020','02:16:51','2020-02-25','25/02/2020','1','9','0','11','1349900595497'),(673,'1403','2562',0.00,'26','02','2020','02:17:20','2020-02-26','26/02/2020','1','9','0','1','1349900595497'),(674,'1404','2562',5.00,'26','02','2020','02:17:20','2020-02-26','26/02/2020','1','9','0','2','1349900595497'),(675,'1405','2562',10.00,'26','02','2020','02:17:20','2020-02-26','26/02/2020','1','9','0','3','1349900595497'),(676,'1410','2562',0.00,'26','02','2020','02:17:20','2020-02-26','26/02/2020','1','9','0','4','1349900595497'),(677,'1412','2562',0.00,'26','02','2020','02:17:20','2020-02-26','26/02/2020','1','9','0','5','1349900595497'),(678,'1430','2562',0.00,'26','02','2020','02:17:20','2020-02-26','26/02/2020','1','9','0','6','1349900595497'),(679,'1431','2562',0.00,'26','02','2020','02:17:20','2020-02-26','26/02/2020','1','9','0','7','1349900595497'),(680,'1432','2562',0.00,'26','02','2020','02:17:20','2020-02-26','26/02/2020','1','9','0','8','1349900595497'),(681,'1442','2562',40.00,'26','02','2020','02:17:20','2020-02-26','26/02/2020','1','9','0','9','1349900595497'),(682,'1443','2562',5.00,'26','02','2020','02:17:20','2020-02-26','26/02/2020','1','9','0','10','1349900595497'),(683,'1445','2562',15.00,'26','02','2020','02:17:20','2020-02-26','26/02/2020','1','9','0','11','1349900595497'),(684,'1403','2562',20.00,'27','02','2020','02:17:48','2020-02-27','27/02/2020','1','9','0','1','1349900595497'),(685,'1404','2562',15.00,'27','02','2020','02:17:48','2020-02-27','27/02/2020','1','9','0','2','1349900595497'),(686,'1405','2562',15.00,'27','02','2020','02:17:48','2020-02-27','27/02/2020','1','9','0','3','1349900595497'),(687,'1410','2562',5.00,'27','02','2020','02:17:48','2020-02-27','27/02/2020','1','9','0','4','1349900595497'),(688,'1412','2562',5.00,'27','02','2020','02:17:48','2020-02-27','27/02/2020','1','9','0','5','1349900595497'),(689,'1430','2562',0.00,'27','02','2020','02:17:48','2020-02-27','27/02/2020','1','9','0','6','1349900595497'),(690,'1431','2562',5.00,'27','02','2020','02:17:48','2020-02-27','27/02/2020','1','9','0','7','1349900595497'),(691,'1432','2562',0.00,'27','02','2020','02:17:48','2020-02-27','27/02/2020','1','9','0','8','1349900595497'),(692,'1442','2562',40.00,'27','02','2020','02:17:48','2020-02-27','27/02/2020','1','9','0','9','1349900595497'),(693,'1443','2562',0.00,'27','02','2020','02:17:48','2020-02-27','27/02/2020','1','9','0','10','1349900595497'),(694,'1445','2562',15.00,'27','02','2020','02:17:48','2020-02-27','27/02/2020','1','9','0','11','1349900595497'),(695,'1403','2562',15.00,'28','02','2020','02:18:13','2020-02-28','28/02/2020','1','9','0','1','1349900595497'),(696,'1404','2562',10.00,'28','02','2020','02:18:13','2020-02-28','28/02/2020','1','9','0','2','1349900595497'),(697,'1405','2562',10.00,'28','02','2020','02:18:13','2020-02-28','28/02/2020','1','9','0','3','1349900595497'),(698,'1410','2562',5.00,'28','02','2020','02:18:13','2020-02-28','28/02/2020','1','9','0','4','1349900595497'),(699,'1412','2562',5.00,'28','02','2020','02:18:13','2020-02-28','28/02/2020','1','9','0','5','1349900595497'),(700,'1430','2562',5.00,'28','02','2020','02:18:13','2020-02-28','28/02/2020','1','9','0','6','1349900595497'),(701,'1431','2562',5.00,'28','02','2020','02:18:13','2020-02-28','28/02/2020','1','9','0','7','1349900595497'),(702,'1432','2562',5.00,'28','02','2020','02:18:13','2020-02-28','28/02/2020','1','9','0','8','1349900595497'),(703,'1442','2562',40.00,'28','02','2020','02:18:13','2020-02-28','28/02/2020','1','9','0','9','1349900595497'),(704,'1443','2562',5.00,'28','02','2020','02:18:13','2020-02-28','28/02/2020','1','9','0','10','1349900595497'),(705,'1445','2562',5.00,'28','02','2020','02:18:13','2020-02-28','28/02/2020','1','9','0','11','1349900595497'),(706,'1417','2562',10.00,'17','03','2020','12:23:39','2020-03-17','17/03/2020','1','7','0','1','1342200061523'),(707,'1419','2562',5.00,'17','03','2020','12:23:39','2020-03-17','17/03/2020','1','7','0','2','1342200061523'),(708,'1420','2562',5.00,'17','03','2020','12:23:39','2020-03-17','17/03/2020','1','7','0','3','1342200061523'),(709,'1421','2562',5.00,'17','03','2020','12:23:39','2020-03-17','17/03/2020','1','7','0','4','1342200061523'),(710,'1422','2562',5.00,'17','03','2020','12:23:39','2020-03-17','17/03/2020','1','7','0','5','1342200061523'),(711,'1428','2562',5.00,'17','03','2020','12:23:39','2020-03-17','17/03/2020','1','7','0','6','1342200061523'),(712,'1439','2562',5.00,'17','03','2020','12:23:39','2020-03-17','17/03/2020','1','7','0','7','1342200061523'),(713,'1418','2562',0.00,'17','03','2020','12:23:39','2020-03-17','17/03/2020','1','7','0','8','1342200061523'),(714,'1417','2563',10.00,'04','02','2020','12:25:13','2020-02-04','04/02/2020','1','7','0','1','1342200061523'),(715,'1419','2563',5.00,'04','02','2020','12:25:13','2020-02-04','04/02/2020','1','7','0','2','1342200061523'),(716,'1420','2563',5.00,'04','02','2020','12:25:13','2020-02-04','04/02/2020','1','7','0','3','1342200061523'),(717,'1421','2563',5.00,'04','02','2020','12:25:13','2020-02-04','04/02/2020','1','7','0','4','1342200061523'),(718,'1422','2563',5.00,'04','02','2020','12:25:13','2020-02-04','04/02/2020','1','7','0','5','1342200061523'),(719,'1428','2563',5.00,'04','02','2020','12:25:13','2020-02-04','04/02/2020','1','7','0','6','1342200061523'),(720,'1439','2563',5.00,'04','02','2020','12:25:13','2020-02-04','04/02/2020','1','7','0','7','1342200061523'),(721,'1418','2563',0.00,'04','02','2020','12:25:13','2020-02-04','04/02/2020','1','7','0','8','1342200061523'),(722,'1417','2563',0.00,'04','02','2020','12:27:14','2020-02-04','04/02/2020','1','7','0','1','1342200061523'),(723,'1419','2563',0.00,'04','02','2020','12:27:14','2020-02-04','04/02/2020','1','7','0','2','1342200061523'),(724,'1420','2563',0.00,'04','02','2020','12:27:14','2020-02-04','04/02/2020','1','7','0','3','1342200061523'),(725,'1421','2563',0.00,'04','02','2020','12:27:14','2020-02-04','04/02/2020','1','7','0','4','1342200061523'),(726,'1422','2563',0.00,'04','02','2020','12:27:14','2020-02-04','04/02/2020','1','7','0','5','1342200061523'),(727,'1428','2563',0.00,'04','02','2020','12:27:14','2020-02-04','04/02/2020','1','7','0','6','1342200061523'),(728,'1439','2563',0.00,'04','02','2020','12:27:14','2020-02-04','04/02/2020','1','7','0','7','1342200061523'),(729,'1418','2563',0.00,'04','02','2020','12:27:14','2020-02-04','04/02/2020','1','7','0','8','1342200061523'),(730,'1417','2563',10.00,'05','02','2020','12:34:19','2020-02-05','05/02/2020','1','7','0','1','1342200061523'),(731,'1419','2563',5.00,'05','02','2020','12:34:19','2020-02-05','05/02/2020','1','7','0','2','1342200061523'),(732,'1420','2563',0.00,'05','02','2020','12:34:19','2020-02-05','05/02/2020','1','7','0','3','1342200061523'),(733,'1421','2563',5.00,'05','02','2020','12:34:19','2020-02-05','05/02/2020','1','7','0','4','1342200061523'),(734,'1422','2563',5.00,'05','02','2020','12:34:19','2020-02-05','05/02/2020','1','7','0','5','1342200061523'),(735,'1428','2563',10.00,'05','02','2020','12:34:19','2020-02-05','05/02/2020','1','7','0','6','1342200061523'),(736,'1439','2563',5.00,'05','02','2020','12:34:19','2020-02-05','05/02/2020','1','7','0','7','1342200061523'),(737,'1418','2563',0.00,'05','02','2020','12:34:19','2020-02-05','05/02/2020','1','7','0','8','1342200061523'),(738,'1417','2563',10.00,'06','02','2020','12:35:20','2020-02-06','06/02/2020','1','7','0','1','1342200061523'),(739,'1419','2563',5.00,'06','02','2020','12:35:20','2020-02-06','06/02/2020','1','7','0','2','1342200061523'),(740,'1420','2563',5.00,'06','02','2020','12:35:20','2020-02-06','06/02/2020','1','7','0','3','1342200061523'),(741,'1421','2563',5.00,'06','02','2020','12:35:20','2020-02-06','06/02/2020','1','7','0','4','1342200061523'),(742,'1422','2563',5.00,'06','02','2020','12:35:20','2020-02-06','06/02/2020','1','7','0','5','1342200061523'),(743,'1428','2563',10.00,'06','02','2020','12:35:20','2020-02-06','06/02/2020','1','7','0','6','1342200061523'),(744,'1439','2563',5.00,'06','02','2020','12:35:20','2020-02-06','06/02/2020','1','7','0','7','1342200061523'),(745,'1418','2563',5.00,'06','02','2020','12:35:20','2020-02-06','06/02/2020','1','7','0','8','1342200061523'),(746,'1417','2563',10.00,'07','02','2020','12:36:21','2020-02-07','07/02/2020','1','7','0','1','1342200061523'),(747,'1419','2563',5.00,'07','02','2020','12:36:21','2020-02-07','07/02/2020','1','7','0','2','1342200061523'),(748,'1420','2563',5.00,'07','02','2020','12:36:21','2020-02-07','07/02/2020','1','7','0','3','1342200061523'),(749,'1421','2563',5.00,'07','02','2020','12:36:21','2020-02-07','07/02/2020','1','7','0','4','1342200061523'),(750,'1422','2563',5.00,'07','02','2020','12:36:21','2020-02-07','07/02/2020','1','7','0','5','1342200061523'),(751,'1428','2563',5.00,'07','02','2020','12:36:21','2020-02-07','07/02/2020','1','7','0','6','1342200061523'),(752,'1439','2563',0.00,'07','02','2020','12:36:21','2020-02-07','07/02/2020','1','7','0','7','1342200061523'),(753,'1418','2563',0.00,'07','02','2020','12:36:21','2020-02-07','07/02/2020','1','7','0','8','1342200061523'),(754,'1417','2563',5.00,'11','02','2020','12:37:33','2020-02-11','11/02/2020','1','7','0','1','1342200061523'),(755,'1419','2563',80.00,'11','02','2020','12:37:33','2020-02-11','11/02/2020','1','7','0','2','1342200061523'),(756,'1420','2563',5.00,'11','02','2020','12:37:33','2020-02-11','11/02/2020','1','7','0','3','1342200061523'),(757,'1421','2563',5.00,'11','02','2020','12:37:33','2020-02-11','11/02/2020','1','7','0','4','1342200061523'),(758,'1422','2563',5.00,'11','02','2020','12:37:33','2020-02-11','11/02/2020','1','7','0','5','1342200061523'),(759,'1428','2563',15.00,'11','02','2020','12:37:33','2020-02-11','11/02/2020','1','7','0','6','1342200061523'),(760,'1439','2563',5.00,'11','02','2020','12:37:33','2020-02-11','11/02/2020','1','7','0','7','1342200061523'),(761,'1418','2563',0.00,'11','02','2020','12:37:33','2020-02-11','11/02/2020','1','7','0','8','1342200061523'),(762,'1417','2563',10.00,'12','02','2020','12:38:19','2020-02-12','12/02/2020','1','7','0','1','1342200061523'),(763,'1419','2563',5.00,'12','02','2020','12:38:19','2020-02-12','12/02/2020','1','7','0','2','1342200061523'),(764,'1420','2563',5.00,'12','02','2020','12:38:19','2020-02-12','12/02/2020','1','7','0','3','1342200061523'),(765,'1421','2563',5.00,'12','02','2020','12:38:19','2020-02-12','12/02/2020','1','7','0','4','1342200061523'),(766,'1422','2563',5.00,'12','02','2020','12:38:19','2020-02-12','12/02/2020','1','7','0','5','1342200061523'),(767,'1428','2563',10.00,'12','02','2020','12:38:19','2020-02-12','12/02/2020','1','7','0','6','1342200061523'),(768,'1439','2563',0.00,'12','02','2020','12:38:19','2020-02-12','12/02/2020','1','7','0','7','1342200061523'),(769,'1418','2563',0.00,'12','02','2020','12:38:19','2020-02-12','12/02/2020','1','7','0','8','1342200061523'),(770,'1417','2563',10.00,'13','02','2020','12:40:00','2020-02-13','13/02/2020','1','7','0','1','1342200061523'),(771,'1419','2563',5.00,'13','02','2020','12:40:00','2020-02-13','13/02/2020','1','7','0','2','1342200061523'),(772,'1420','2563',10.00,'13','02','2020','12:40:00','2020-02-13','13/02/2020','1','7','0','3','1342200061523'),(773,'1421','2563',10.00,'13','02','2020','12:40:00','2020-02-13','13/02/2020','1','7','0','4','1342200061523'),(774,'1422','2563',6.00,'13','02','2020','12:40:00','2020-02-13','13/02/2020','1','7','0','5','1342200061523'),(775,'1428','2563',15.00,'13','02','2020','12:40:00','2020-02-13','13/02/2020','1','7','0','6','1342200061523'),(776,'1439','2563',5.00,'13','02','2020','12:40:00','2020-02-13','13/02/2020','1','7','0','7','1342200061523'),(777,'1418','2563',10.00,'13','02','2020','12:40:00','2020-02-13','13/02/2020','1','7','0','8','1342200061523'),(778,'1417','2563',500.00,'14','02','2020','12:40:59','2020-02-14','14/02/2020','1','7','0','1','1342200061523'),(779,'1419','2563',5.00,'14','02','2020','12:40:59','2020-02-14','14/02/2020','1','7','0','2','1342200061523'),(780,'1420','2563',5.00,'14','02','2020','12:40:59','2020-02-14','14/02/2020','1','7','0','3','1342200061523'),(781,'1421','2563',5.00,'14','02','2020','12:40:59','2020-02-14','14/02/2020','1','7','0','4','1342200061523'),(782,'1422','2563',5.00,'14','02','2020','12:40:59','2020-02-14','14/02/2020','1','7','0','5','1342200061523'),(783,'1428','2563',5.00,'14','02','2020','12:40:59','2020-02-14','14/02/2020','1','7','0','6','1342200061523'),(784,'1439','2563',5.00,'14','02','2020','12:40:59','2020-02-14','14/02/2020','1','7','0','7','1342200061523'),(785,'1418','2563',0.00,'14','02','2020','12:40:59','2020-02-14','14/02/2020','1','7','0','8','1342200061523'),(786,'1417','2563',100.00,'17','02','2020','12:41:58','2020-02-17','17/02/2020','1','7','0','1','1342200061523'),(787,'1419','2563',40.00,'17','02','2020','12:41:58','2020-02-17','17/02/2020','1','7','0','2','1342200061523'),(788,'1420','2563',5.00,'17','02','2020','12:41:58','2020-02-17','17/02/2020','1','7','0','3','1342200061523'),(789,'1421','2563',5.00,'17','02','2020','12:41:58','2020-02-17','17/02/2020','1','7','0','4','1342200061523'),(790,'1422','2563',5.00,'17','02','2020','12:41:58','2020-02-17','17/02/2020','1','7','0','5','1342200061523'),(791,'1428','2563',10.00,'17','02','2020','12:41:58','2020-02-17','17/02/2020','1','7','0','6','1342200061523'),(792,'1439','2563',0.00,'17','02','2020','12:41:58','2020-02-17','17/02/2020','1','7','0','7','1342200061523'),(793,'1418','2563',0.00,'17','02','2020','12:41:58','2020-02-17','17/02/2020','1','7','0','8','1342200061523'),(794,'1417','2563',15.00,'18','02','2020','12:42:55','2020-02-18','18/02/2020','1','7','0','1','1342200061523'),(795,'1419','2563',10.00,'18','02','2020','12:42:55','2020-02-18','18/02/2020','1','7','0','2','1342200061523'),(796,'1420','2563',5.00,'18','02','2020','12:42:55','2020-02-18','18/02/2020','1','7','0','3','1342200061523'),(797,'1421','2563',5.00,'18','02','2020','12:42:55','2020-02-18','18/02/2020','1','7','0','4','1342200061523'),(798,'1422','2563',5.00,'18','02','2020','12:42:55','2020-02-18','18/02/2020','1','7','0','5','1342200061523'),(799,'1428','2563',10.00,'18','02','2020','12:42:55','2020-02-18','18/02/2020','1','7','0','6','1342200061523'),(800,'1439','2563',5.00,'18','02','2020','12:42:55','2020-02-18','18/02/2020','1','7','0','7','1342200061523'),(801,'1418','2563',5.00,'18','02','2020','12:42:55','2020-02-18','18/02/2020','1','7','0','8','1342200061523'),(802,'1417','2563',10.00,'19','02','2020','12:43:46','2020-02-19','19/02/2020','1','7','0','1','1342200061523'),(803,'1419','2563',5.00,'19','02','2020','12:43:46','2020-02-19','19/02/2020','1','7','0','2','1342200061523'),(804,'1420','2563',5.00,'19','02','2020','12:43:46','2020-02-19','19/02/2020','1','7','0','3','1342200061523'),(805,'1421','2563',5.00,'19','02','2020','12:43:46','2020-02-19','19/02/2020','1','7','0','4','1342200061523'),(806,'1422','2563',5.00,'19','02','2020','12:43:46','2020-02-19','19/02/2020','1','7','0','5','1342200061523'),(807,'1428','2563',0.00,'19','02','2020','12:43:46','2020-02-19','19/02/2020','1','7','0','6','1342200061523'),(808,'1439','2563',5.00,'19','02','2020','12:43:46','2020-02-19','19/02/2020','1','7','0','7','1342200061523'),(809,'1418','2563',0.00,'19','02','2020','12:43:46','2020-02-19','19/02/2020','1','7','0','8','1342200061523'),(810,'1417','2563',15.00,'24','02','2020','02:26:29','2020-02-24','24/02/2020','1','7','0','1','1342200061523'),(811,'1419','2563',10.00,'24','02','2020','02:26:29','2020-02-24','24/02/2020','1','7','0','2','1342200061523'),(812,'1420','2563',613.00,'24','02','2020','02:26:29','2020-02-24','24/02/2020','1','7','0','3','1342200061523'),(813,'1421','2563',5.00,'24','02','2020','02:26:29','2020-02-24','24/02/2020','1','7','0','4','1342200061523'),(814,'1422','2563',5.00,'24','02','2020','02:26:29','2020-02-24','24/02/2020','1','7','0','5','1342200061523'),(815,'1428','2563',20.00,'24','02','2020','02:26:29','2020-02-24','24/02/2020','1','7','0','6','1342200061523'),(816,'1439','2563',5.00,'24','02','2020','02:26:29','2020-02-24','24/02/2020','1','7','0','7','1342200061523'),(817,'1418','2563',0.00,'24','02','2020','02:26:29','2020-02-24','24/02/2020','1','7','0','8','1342200061523'),(818,'1417','2563',10.00,'25','02','2020','02:27:23','2020-02-25','25/02/2020','1','7','0','1','1342200061523'),(819,'1419','2563',5.00,'25','02','2020','02:27:23','2020-02-25','25/02/2020','1','7','0','2','1342200061523'),(820,'1420','2563',5.00,'25','02','2020','02:27:23','2020-02-25','25/02/2020','1','7','0','3','1342200061523'),(821,'1421','2563',0.00,'25','02','2020','02:27:23','2020-02-25','25/02/2020','1','7','0','4','1342200061523'),(822,'1422','2563',0.00,'25','02','2020','02:27:23','2020-02-25','25/02/2020','1','7','0','5','1342200061523'),(823,'1428','2563',25.00,'25','02','2020','02:27:23','2020-02-25','25/02/2020','1','7','0','6','1342200061523'),(824,'1439','2563',0.00,'25','02','2020','02:27:23','2020-02-25','25/02/2020','1','7','0','7','1342200061523'),(825,'1418','2563',0.00,'25','02','2020','02:27:23','2020-02-25','25/02/2020','1','7','0','8','1342200061523'),(826,'1417','2563',10.00,'26','02','2020','02:28:14','2020-02-26','26/02/2020','1','7','0','1','1342200061523'),(827,'1419','2563',5.00,'26','02','2020','02:28:14','2020-02-26','26/02/2020','1','7','0','2','1342200061523'),(828,'1420','2563',10.00,'26','02','2020','02:28:14','2020-02-26','26/02/2020','1','7','0','3','1342200061523'),(829,'1421','2563',0.00,'26','02','2020','02:28:14','2020-02-26','26/02/2020','1','7','0','4','1342200061523'),(830,'1422','2563',0.00,'26','02','2020','02:28:14','2020-02-26','26/02/2020','1','7','0','5','1342200061523'),(831,'1428','2563',0.00,'26','02','2020','02:28:14','2020-02-26','26/02/2020','1','7','0','6','1342200061523'),(832,'1439','2563',0.00,'26','02','2020','02:28:14','2020-02-26','26/02/2020','1','7','0','7','1342200061523'),(833,'1418','2563',10.00,'26','02','2020','02:28:14','2020-02-26','26/02/2020','1','7','0','8','1342200061523'),(834,'1417','2563',10.00,'27','02','2020','02:29:27','2020-02-27','27/02/2020','1','7','0','1','1342200061523'),(835,'1419','2563',0.00,'27','02','2020','02:29:27','2020-02-27','27/02/2020','1','7','0','2','1342200061523'),(836,'1420','2563',5.00,'27','02','2020','02:29:27','2020-02-27','27/02/2020','1','7','0','3','1342200061523'),(837,'1421','2563',5.00,'27','02','2020','02:29:27','2020-02-27','27/02/2020','1','7','0','4','1342200061523'),(838,'1422','2563',5.00,'27','02','2020','02:29:27','2020-02-27','27/02/2020','1','7','0','5','1342200061523'),(839,'1428','2563',10.00,'27','02','2020','02:29:27','2020-02-27','27/02/2020','1','7','0','6','1342200061523'),(840,'1439','2563',0.00,'27','02','2020','02:29:27','2020-02-27','27/02/2020','1','7','0','7','1342200061523'),(841,'1418','2563',10.00,'27','02','2020','02:29:27','2020-02-27','27/02/2020','1','7','0','8','1342200061523'),(842,'1417','2563',10.00,'28','02','2020','02:30:14','2020-02-28','28/02/2020','1','7','0','1','1342200061523'),(843,'1419','2563',5.00,'28','02','2020','02:30:14','2020-02-28','28/02/2020','1','7','0','2','1342200061523'),(844,'1420','2563',5.00,'28','02','2020','02:30:14','2020-02-28','28/02/2020','1','7','0','3','1342200061523'),(845,'1421','2563',5.00,'28','02','2020','02:30:14','2020-02-28','28/02/2020','1','7','0','4','1342200061523'),(846,'1422','2563',5.00,'28','02','2020','02:30:14','2020-02-28','28/02/2020','1','7','0','5','1342200061523'),(847,'1428','2563',15.00,'28','02','2020','02:30:14','2020-02-28','28/02/2020','1','7','0','6','1342200061523'),(848,'1439','2563',5.00,'28','02','2020','02:30:14','2020-02-28','28/02/2020','1','7','0','7','1342200061523'),(849,'1418','2563',10.00,'28','02','2020','02:30:14','2020-02-28','28/02/2020','1','7','0','8','1342200061523'),(850,'1413','2563',1.00,'20','07','2020','09:05:20','2020-07-20','20/07/2020','1','9','0','1','1349900595497'),(851,'1414','2563',1.00,'20','07','2020','09:05:20','2020-07-20','20/07/2020','1','9','0','2','1349900595497'),(852,'1415','2563',1.00,'20','07','2020','09:05:20','2020-07-20','20/07/2020','1','9','0','3','1349900595497'),(853,'1440','2563',1.00,'20','07','2020','09:05:20','2020-07-20','20/07/2020','1','9','0','4','1349900595497'),(854,'1441','2563',1.00,'20','07','2020','09:05:20','2020-07-20','20/07/2020','1','9','0','5','1349900595497'),(855,'1413','2563',1.00,'20','07','2020','09:05:26','2020-07-20','20/07/2020','1','9','0','1','1349900595497'),(856,'1414','2563',1.00,'20','07','2020','09:05:26','2020-07-20','20/07/2020','1','9','0','2','1349900595497'),(857,'1415','2563',1.00,'20','07','2020','09:05:26','2020-07-20','20/07/2020','1','9','0','3','1349900595497'),(858,'1440','2563',1.00,'20','07','2020','09:05:26','2020-07-20','20/07/2020','1','9','0','4','1349900595497'),(859,'1441','2563',1.00,'20','07','2020','09:05:26','2020-07-20','20/07/2020','1','9','0','5','1349900595497'),(860,'1462','2564',0.00,'01','11','2021','02:40:36','2021-11-01','01/11/2021','1','4','0','1','1349900642444'),(861,'1463','2564',0.00,'01','11','2021','02:40:36','2021-11-01','01/11/2021','1','4','0','2','1349900642444'),(862,'1460','2564',0.00,'01','11','2021','02:40:36','2021-11-01','01/11/2021','1','4','0','3','1349900642444'),(863,'1459','2564',0.00,'01','11','2021','02:40:36','2021-11-01','01/11/2021','1','4','0','4','1349900642444'),(864,'1461','2564',0.00,'01','11','2021','02:40:36','2021-11-01','01/11/2021','1','4','0','5','1349900642444'),(871,'1464','2564',10.00,'01','11','2021','02:42:19','2021-11-01','01/11/2021','1','4','0','6','1349900642444'),(866,'1486','2564',0.00,'01','11','2021','02:40:36','2021-11-01','01/11/2021','1','4','0','7','1349900642444'),(867,'1487','2564',10.00,'01','11','2021','02:40:36','2021-11-01','01/11/2021','1','4','0','8','1349900642444'),(868,'1488','2564',0.00,'01','11','2021','02:40:36','2021-11-01','01/11/2021','1','4','0','9','1349900642444'),(869,'1489','2564',0.00,'01','11','2021','02:40:36','2021-11-01','01/11/2021','1','4','0','10','1349900642444'),(870,'1508','2564',20.00,'01','11','2021','02:40:36','2021-11-01','01/11/2021','1','4','0','11','1349900642444'),(872,'1462','2564',0.00,'01','11','2021','02:43:48','2021-11-01','01/11/2021','1','4','0','1','1349900642444'),(873,'1463','2564',0.00,'01','11','2021','02:43:48','2021-11-01','01/11/2021','1','4','0','2','1349900642444'),(874,'1460','2564',0.00,'01','11','2021','02:43:48','2021-11-01','01/11/2021','1','4','0','3','1349900642444'),(875,'1459','2564',5.00,'01','11','2021','02:43:48','2021-11-01','01/11/2021','1','4','0','4','1349900642444'),(876,'1461','2564',20.00,'01','11','2021','02:43:48','2021-11-01','01/11/2021','1','4','0','5','1349900642444'),(877,'1464','2564',10.00,'01','11','2021','02:43:48','2021-11-01','01/11/2021','1','4','0','6','1349900642444'),(878,'1486','2564',20.00,'01','11','2021','02:43:48','2021-11-01','01/11/2021','1','4','0','7','1349900642444'),(879,'1487','2564',10.00,'01','11','2021','02:43:48','2021-11-01','01/11/2021','1','4','0','8','1349900642444'),(880,'1488','2564',0.00,'01','11','2021','02:43:48','2021-11-01','01/11/2021','1','4','0','9','1349900642444'),(881,'1489','2564',0.00,'01','11','2021','02:43:48','2021-11-01','01/11/2021','1','4','0','10','1349900642444'),(882,'1508','2564',20.00,'01','11','2021','02:43:48','2021-11-01','01/11/2021','1','4','0','11','1349900642444'),(883,'1436','2564',90.00,'17','11','2022','08:51:03','2022-11-17','17/11/2022','1','8','0','2','1349900595497'),(884,'1438','2564',45.00,'17','11','2022','08:51:03','2022-11-17','17/11/2022','1','8','0','3','1349900595497'),(885,'1472','2564',10.00,'17','11','2022','08:51:03','2022-11-17','17/11/2022','1','8','0','4','1349900595497'),(886,'1425','2564',25.00,'17','11','2022','08:51:42','2022-11-17','17/11/2022','1','9','0','2','1349900595497'),(887,'1427','2564',45.00,'17','11','2022','08:51:42','2022-11-17','17/11/2022','1','9','0','3','1349900595497'),(888,'1426','2564',45.00,'17','11','2022','08:51:42','2022-11-17','17/11/2022','1','9','0','4','1349900595497'),(889,'1436','2564',40.00,'22','11','2022','08:45:53','2022-11-22','22/11/2022','1','8','0','2','1349900595497'),(890,'1425','2564',5.00,'22','11','2022','08:46:20','2022-11-22','22/11/2022','1','9','0','2','1349900595497'),(891,'1427','2564',15.00,'22','11','2022','08:46:20','2022-11-22','22/11/2022','1','9','0','3','1349900595497'),(892,'1426','2564',10.00,'22','11','2022','08:46:20','2022-11-22','22/11/2022','1','9','0','4','1349900595497'),(893,'1436','2564',30.00,'23','11','2022','09:50:28','2022-11-23','23/11/2022','1','8','0','2','1349900595497'),(894,'1438','2564',15.00,'23','11','2022','09:50:28','2022-11-23','23/11/2022','1','8','0','3','1349900595497'),(895,'1472','2564',20.00,'23','11','2022','09:50:28','2022-11-23','23/11/2022','1','8','0','4','1349900595497'),(896,'1427','2564',15.00,'23','11','2022','09:50:45','2022-11-23','23/11/2022','1','9','0','3','1349900595497'),(897,'1426','2564',10.00,'23','11','2022','09:50:45','2022-11-23','23/11/2022','1','9','0','4','1349900595497'),(898,'1436','2564',40.00,'28','11','2022','08:45:07','2022-11-28','28/11/2022','1','8','0','2','1349900595497'),(899,'1472','2564',20.00,'28','11','2022','08:45:07','2022-11-28','28/11/2022','1','8','0','4','1349900595497'),(900,'1427','2564',8.00,'28','11','2022','08:45:31','2022-11-28','28/11/2022','1','9','0','3','1349900595497'),(901,'1426','2564',5.00,'28','11','2022','08:45:31','2022-11-28','28/11/2022','1','9','0','4','1349900595497'),(902,'1436','2564',30.00,'30','11','2022','08:37:35','2022-11-30','30/11/2022','1','8','0','2','1349900595497'),(903,'1472','2564',20.00,'30','11','2022','08:37:35','2022-11-30','30/11/2022','1','8','0','4','1349900595497'),(904,'1426','2564',10.00,'30','11','2022','08:37:49','2022-11-30','30/11/2022','1','9','0','4','1349900595497'),(905,'1436','2564',20.00,'08','12','2022','08:28:42','2022-12-08','08/12/2022','1','8','0','2','1349900595497'),(906,'1472','2564',20.00,'08','12','2022','08:28:42','2022-12-08','08/12/2022','1','8','0','4','1349900595497'),(907,'1427','2564',100.00,'08','12','2022','08:28:59','2022-12-08','08/12/2022','1','9','0','3','1349900595497'),(908,'1426','2564',10.00,'08','12','2022','08:28:59','2022-12-08','08/12/2022','1','9','0','4','1349900595497'),(909,'1436','2564',20.00,'09','12','2022','08:38:50','2022-12-09','09/12/2022','1','8','0','2','1349900595497'),(910,'1427','2564',15.00,'09','12','2022','08:39:25','2022-12-09','09/12/2022','1','9','0','3','1349900595497'),(911,'1436','2564',20.00,'13','12','2022','08:35:53','2022-12-13','13/12/2022','1','8','0','2','1349900595497'),(912,'1426','2564',10.00,'13','12','2022','08:36:28','2022-12-13','13/12/2022','1','9','0','4','1349900595497'),(913,'1436','2564',50.00,'19','12','2022','09:03:29','2022-12-19','19/12/2022','1','8','0','2','1349900595497'),(914,'1438','2564',15.00,'19','12','2022','09:03:29','2022-12-19','19/12/2022','1','8','0','3','1349900595497'),(915,'1425','2564',5.00,'19','12','2022','09:03:49','2022-12-19','19/12/2022','1','9','0','2','1349900595497'),(916,'1427','2564',70.00,'19','12','2022','09:03:49','2022-12-19','19/12/2022','1','9','0','3','1349900595497'),(917,'1426','2564',10.00,'19','12','2022','09:03:49','2022-12-19','19/12/2022','1','9','0','4','1349900595497'),(918,'1436','2564',40.00,'27','12','2022','08:34:28','2022-12-27','27/12/2022','1','8','0','2','1349900595497'),(919,'1427','2564',20.00,'27','12','2022','08:34:43','2022-12-27','27/12/2022','1','9','0','3','1349900595497'),(920,'1426','2564',5.00,'27','12','2022','08:34:43','2022-12-27','27/12/2022','1','9','0','4','1349900595497'),(921,'1435','2564',20.00,'03','01','2023','11:03:14','2023-01-03','03/01/2023','1','8','0','1','1349900595497'),(922,'1438','2564',20.00,'03','01','2023','11:03:14','2023-01-03','03/01/2023','1','8','0','3','1349900595497'),(923,'1495','2564',15.00,'03','01','2023','11:03:14','2023-01-03','03/01/2023','1','8','0','5','1349900595497'),(924,'1424','2564',5.00,'03','01','2023','11:03:36','2023-01-03','03/01/2023','1','9','0','1','1349900595497'),(925,'1427','2564',20.00,'03','01','2023','11:03:36','2023-01-03','03/01/2023','1','9','0','3','1349900595497'),(926,'1435','2564',20.00,'04','01','2023','10:28:05','2023-01-04','04/01/2023','1','8','0','1','1349900595497'),(927,'1436','2564',40.00,'04','01','2023','10:28:05','2023-01-04','04/01/2023','1','8','0','2','1349900595497'),(928,'1472','2564',10.00,'04','01','2023','10:28:05','2023-01-04','04/01/2023','1','8','0','4','1349900595497'),(929,'1495','2564',10.00,'04','01','2023','10:28:05','2023-01-04','04/01/2023','1','8','0','5','1349900595497'),(930,'1425','2564',5.00,'04','01','2023','10:28:50','2023-01-04','04/01/2023','1','9','0','2','1349900595497'),(931,'1427','2564',10.00,'04','01','2023','10:28:50','2023-01-04','04/01/2023','1','9','0','3','1349900595497'),(932,'1435','2564',40.00,'05','01','2023','10:36:20','2023-01-05','05/01/2023','1','8','0','1','1349900595497'),(933,'1436','2564',30.00,'05','01','2023','10:36:20','2023-01-05','05/01/2023','1','8','0','2','1349900595497'),(934,'1472','2564',20.00,'05','01','2023','10:36:20','2023-01-05','05/01/2023','1','8','0','4','1349900595497'),(935,'1495','2564',20.00,'05','01','2023','10:36:20','2023-01-05','05/01/2023','1','8','0','5','1349900595497'),(936,'1427','2564',5.00,'05','01','2023','10:37:23','2023-01-05','05/01/2023','1','9','0','3','1349900595497'),(937,'1426','2564',10.00,'05','01','2023','10:37:39','2023-01-05','05/01/2023','1','9','0','4','1349900595497'),(938,'1435','2564',50.00,'06','01','2023','08:26:02','2023-01-06','06/01/2023','1','8','0','1','1349900595497'),(939,'1436','2564',20.00,'06','01','2023','08:26:02','2023-01-06','06/01/2023','1','8','0','2','1349900595497'),(940,'1472','2564',10.00,'06','01','2023','08:26:02','2023-01-06','06/01/2023','1','8','0','4','1349900595497'),(941,'1495','2564',200.00,'06','01','2023','08:26:02','2023-01-06','06/01/2023','1','8','0','5','1349900595497'),(942,'1427','2564',10.00,'06','01','2023','08:26:28','2023-01-06','06/01/2023','1','9','0','3','1349900595497'),(943,'1426','2564',10.00,'06','01','2023','08:26:28','2023-01-06','06/01/2023','1','9','0','4','1349900595497'),(944,'1435','2564',40.00,'09','01','2023','10:00:08','2023-01-09','09/01/2023','1','8','0','1','1349900595497'),(945,'1436','2564',30.00,'09','01','2023','10:00:08','2023-01-09','09/01/2023','1','8','0','2','1349900595497'),(946,'1472','2564',10.00,'09','01','2023','10:00:08','2023-01-09','09/01/2023','1','8','0','4','1349900595497'),(947,'1495','2564',20.00,'09','01','2023','10:00:08','2023-01-09','09/01/2023','1','8','0','5','1349900595497'),(948,'1435','2564',50.00,'10','01','2023','08:37:07','2023-01-10','10/01/2023','1','8','0','1','1349900595497'),(949,'1436','2564',40.00,'10','01','2023','08:37:07','2023-01-10','10/01/2023','1','8','0','2','1349900595497'),(950,'1495','2564',20.00,'10','01','2023','08:37:07','2023-01-10','10/01/2023','1','8','0','5','1349900595497'),(951,'1427','2564',10.00,'10','01','2023','08:37:25','2023-01-10','10/01/2023','1','9','0','3','1349900595497'),(952,'1426','2564',5.00,'10','01','2023','08:37:25','2023-01-10','10/01/2023','1','9','0','4','1349900595497'),(953,'1435','2564',50.00,'11','01','2023','08:22:02','2023-01-11','11/01/2023','1','8','0','1','1349900595497'),(954,'1427','2564',10.00,'11','01','2023','08:22:19','2023-01-11','11/01/2023','1','9','0','3','1349900595497'),(955,'1435','2564',80.00,'13','01','2023','10:07:43','2023-01-13','13/01/2023','1','8','0','1','1349900595497'),(956,'1436','2564',40.00,'13','01','2023','10:07:43','2023-01-13','13/01/2023','1','8','0','2','1349900595497'),(957,'1495','2564',20.00,'13','01','2023','10:07:43','2023-01-13','13/01/2023','1','8','0','5','1349900595497'),(958,'1425','2564',10.00,'13','01','2023','10:08:09','2023-01-13','13/01/2023','1','9','0','2','1349900595497'),(959,'1427','2564',20.00,'13','01','2023','10:08:09','2023-01-13','13/01/2023','1','9','0','3','1349900595497'),(960,'1426','2564',5.00,'13','01','2023','10:08:09','2023-01-13','13/01/2023','1','9','0','4','1349900595497'),(961,'1435','2564',50.00,'17','01','2023','08:53:26','2023-01-17','17/01/2023','1','8','0','1','1349900595497'),(962,'1436','2564',60.00,'17','01','2023','08:53:26','2023-01-17','17/01/2023','1','8','0','2','1349900595497'),(963,'1472','2564',10.00,'17','01','2023','08:53:26','2023-01-17','17/01/2023','1','8','0','4','1349900595497'),(964,'1495','2564',20.00,'17','01','2023','08:53:26','2023-01-17','17/01/2023','1','8','0','5','1349900595497'),(965,'1427','2564',20.00,'17','01','2023','08:53:49','2023-01-17','17/01/2023','1','9','0','3','1349900595497'),(966,'1435','2564',50.00,'20','01','2023','11:17:05','2023-01-20','20/01/2023','1','8','0','1','1349900595497'),(967,'1436','2564',30.00,'20','01','2023','11:17:05','2023-01-20','20/01/2023','1','8','0','2','1349900595497'),(968,'1472','2564',10.00,'20','01','2023','11:17:05','2023-01-20','20/01/2023','1','8','0','4','1349900595497'),(969,'1495','2564',20.00,'20','01','2023','11:17:05','2023-01-20','20/01/2023','1','8','0','5','1349900595497'),(970,'1435','2564',50.00,'23','01','2023','10:58:59','2023-01-23','23/01/2023','1','8','0','1','1349900595497'),(971,'1436','2564',20.00,'23','01','2023','10:58:59','2023-01-23','23/01/2023','1','8','0','2','1349900595497'),(972,'1435','2564',50.00,'25','01','2023','10:35:12','2023-01-25','25/01/2023','1','8','0','1','1349900595497'),(973,'1436','2564',50.00,'25','01','2023','10:35:12','2023-01-25','25/01/2023','1','8','0','2','1349900595497'),(974,'1472','2564',40.00,'25','01','2023','10:35:12','2023-01-25','25/01/2023','1','8','0','4','1349900595497'),(975,'1495','2564',20.00,'25','01','2023','10:35:12','2023-01-25','25/01/2023','1','8','0','5','1349900595497'),(976,'1427','2564',20.00,'25','01','2023','10:35:25','2023-01-25','25/01/2023','1','9','0','3','1349900595497'),(977,'1435','2564',50.00,'27','01','2023','08:38:34','2023-01-27','27/01/2023','1','8','0','1','1349900595497'),(978,'1435','2564',50.00,'30','01','2023','08:37:09','2023-01-30','30/01/2023','1','8','0','1','1349900595497'),(979,'1436','2564',25.00,'30','01','2023','08:37:09','2023-01-30','30/01/2023','1','8','0','2','1349900595497'),(980,'1495','2564',20.00,'30','01','2023','08:37:09','2023-01-30','30/01/2023','1','8','0','5','1349900595497'),(981,'1427','2564',5.00,'30','01','2023','08:37:38','2023-01-30','30/01/2023','1','9','0','3','1349900595497'),(982,'1435','2564',50.00,'31','01','2023','10:52:09','2023-01-31','31/01/2023','1','8','0','1','1349900595497'),(983,'1436','2564',40.00,'31','01','2023','10:52:09','2023-01-31','31/01/2023','1','8','0','2','1349900595497'),(984,'1472','2564',10.00,'31','01','2023','10:52:09','2023-01-31','31/01/2023','1','8','0','4','1349900595497'),(985,'1495','2564',20.00,'31','01','2023','10:52:09','2023-01-31','31/01/2023','1','8','0','5','1349900595497'),(986,'1435','2564',50.00,'01','02','2023','02:13:21','2023-02-01','01/02/2023','1','8','0','1','1349900595497'),(987,'1427','2564',20.00,'01','02','2023','02:13:32','2023-02-01','01/02/2023','1','9','0','3','1349900595497'),(988,'1435','2564',50.00,'02','02','2023','08:27:44','2023-02-02','02/02/2023','1','8','0','1','1349900595497'),(989,'1436','2564',50.00,'02','02','2023','08:27:44','2023-02-02','02/02/2023','1','8','0','2','1349900595497'),(990,'1472','2564',20.00,'02','02','2023','08:27:44','2023-02-02','02/02/2023','1','8','0','4','1349900595497'),(991,'1495','2564',20.00,'02','02','2023','08:27:44','2023-02-02','02/02/2023','1','8','0','5','1349900595497'),(992,'1427','2564',30.00,'02','02','2023','08:28:03','2023-02-02','02/02/2023','1','9','0','3','1349900595497'),(993,'1435','2564',50.00,'03','02','2023','08:27:47','2023-02-03','03/02/2023','1','8','0','1','1349900595497'),(994,'1495','2564',20.00,'03','02','2023','08:27:47','2023-02-03','03/02/2023','1','8','0','5','1349900595497'),(995,'1435','2564',50.00,'07','02','2023','08:50:40','2023-02-07','07/02/2023','1','8','0','1','1349900595497'),(996,'1436','2564',20.00,'07','02','2023','08:50:40','2023-02-07','07/02/2023','1','8','0','2','1349900595497'),(997,'1427','2564',15.00,'07','02','2023','08:50:57','2023-02-07','07/02/2023','1','9','0','3','1349900595497'),(998,'1435','2564',50.00,'10','02','2023','08:53:49','2023-02-10','10/02/2023','1','8','0','1','1349900595497'),(999,'1435','2564',50.00,'13','02','2023','10:50:17','2023-02-13','13/02/2023','1','8','0','1','1349900595497'),(1000,'1438','2564',60.00,'13','02','2023','10:50:17','2023-02-13','13/02/2023','1','8','0','3','1349900595497'),(1001,'1427','2564',20.00,'13','02','2023','10:51:00','2023-02-13','13/02/2023','1','9','0','3','1349900595497'),(1002,'1425','2564',5.00,'14','02','2023','10:10:19','2023-02-14','14/02/2023','1','9','0','2','1349900595497'),(1003,'1427','2564',15.00,'14','02','2023','10:10:19','2023-02-14','14/02/2023','1','9','0','3','1349900595497'),(1004,'1426','2564',5.00,'14','02','2023','10:10:19','2023-02-14','14/02/2023','1','9','0','4','1349900595497'),(1005,'1435','2564',50.00,'14','02','2023','10:10:48','2023-02-14','14/02/2023','1','8','0','1','1349900595497'),(1006,'1436','2564',50.00,'14','02','2023','10:10:48','2023-02-14','14/02/2023','1','8','0','2','1349900595497'),(1007,'1435','2564',60.00,'16','02','2023','09:58:44','2023-02-16','16/02/2023','1','8','0','1','1349900595497'),(1008,'1436','2564',15.00,'16','02','2023','09:58:44','2023-02-16','16/02/2023','1','8','0','2','1349900595497'),(1009,'1435','2564',50.00,'17','02','2023','10:06:38','2023-02-17','17/02/2023','1','8','0','1','1349900595497'),(1010,'1427','2564',20.00,'17','02','2023','10:07:37','2023-02-17','17/02/2023','1','9','0','3','1349900595497');

--
