INSERT INTO `student_check_main` VALUES ('2025-09-24',1760,8,1,2566,'C','5342200002741','2025-09-25 09:09:19'),('2025-09-24',1761,8,1,2566,'C','5342200002741','2025-09-25 09:09:19'),('2025-09-24',1762,8,1,2566,'C','5342200002741','2025-09-25 09:09:19'),('2025-09-24',1778,8,1,2566,'C','5342200002741','2025-09-25 09:09:19'),('2025-09-23',1753,8,1,2566,'C','5342200002741','2025-09-25 09:09:28'),('2025-09-23',1754,8,1,2566,'C','5342200002741','2025-09-25 09:09:28'),('2025-09-23',1755,8,1,2566,'C','5342200002741','2025-09-25 09:09:28'),('2025-09-23',1756,8,1,2566,'C','5342200002741','2025-09-25 09:09:28'),('2025-09-23',1757,8,1,2566,'C','5342200002741','2025-09-25 09:09:28'),('2025-09-23',1758,8,1,2566,'C','5342200002741','2025-09-25 09:09:28'),('2025-09-23',1759,8,1,2566,'C','5342200002741','2025-09-25 09:09:28'),('2025-09-23',1760,8,1,2566,'C','5342200002741','2025-09-25 09:09:28'),('2025-09-23',1761,8,1,2566,'C','5342200002741','2025-09-25 09:09:28'),('2025-09-23',1762,8,1,2566,'C','5342200002741','2025-09-25 09:09:28'),('2025-09-23',1778,8,1,2566,'C','5342200002741','2025-09-25 09:09:28'),('2025-09-22',1753,8,1,2566,'C','5342200002741','2025-09-25 09:09:36'),('2025-09-22',1754,8,1,2566,'C','5342200002741','2025-09-25 09:09:36'),('2025-09-22',1755,8,1,2566,'C','5342200002741','2025-09-25 09:09:36'),('2025-09-22',1756,8,1,2566,'C','5342200002741','2025-09-25 09:09:36'),('2025-09-22',1757,8,1,2566,'C','5342200002741','2025-09-25 09:09:36'),('2025-09-22',1758,8,1,2566,'C','5342200002741','2025-09-25 09:09:36'),('2025-09-22',1759,8,1,2566,'C','5342200002741','2025-09-25 09:09:36'),('2025-09-22',1760,8,1,2566,'C','5342200002741','2025-09-25 09:09:36'),('2025-09-22',1761,8,1,2566,'C','5342200002741','2025-09-25 09:09:36'),('2025-09-22',1762,8,1,2566,'C','5342200002741','2025-09-25 09:09:36'),('2025-09-22',1778,8,1,2566,'C','5342200002741','2025-09-25 09:09:36'),('2025-09-19',1753,8,1,2566,'C','5342200002741','2025-09-25 09:09:49'),('2025-09-19',1754,8,1,2566,'C','5342200002741','2025-09-25 09:09:49'),('2025-09-19',1755,8,1,2566,'C','5342200002741','2025-09-25 09:09:49'),('2025-09-19',1756,8,1,2566,'C','5342200002741','2025-09-25 09:09:49'),('2025-09-19',1757,8,1,2566,'C','5342200002741','2025-09-25 09:09:49'),('2025-09-19',1758,8,1,2566,'C','5342200002741','2025-09-25 09:09:49'),('2025-09-19',1759,8,1,2566,'C','5342200002741','2025-09-25 09:09:49'),('2025-09-19',1760,8,1,2566,'C','5342200002741','2025-09-25 09:09:49'),('2025-09-19',1761,8,1,2566,'C','5342200002741','2025-09-25 09:09:49'),('2025-09-19',1762,8,1,2566,'C','5342200002741','2025-09-25 09:09:49'),('2025-09-19',1778,8,1,2566,'C','5342200002741','2025-09-25 09:09:49'),('2025-09-18',1753,8,1,2566,'C','5342200002741','2025-09-25 09:09:02'),('2025-09-18',1754,8,1,2566,'C','5342200002741','2025-09-25 09:09:02'),('2025-09-18',1755,8,1,2566,'C','5342200002741','2025-09-25 09:09:02'),('2025-09-18',1756,8,1,2566,'C','5342200002741','2025-09-25 09:09:02'),('2025-09-18',1757,8,1,2566,'C','5342200002741','2025-09-25 09:09:02'),('2025-09-18',1758,8,1,2566,'C','5342200002741','2025-09-25 09:09:02'),('2025-09-18',1759,8,1,2566,'C','5342200002741','2025-09-25 09:09:02'),('2025-09-18',1760,8,1,2566,'C','5342200002741','2025-09-25 09:09:02'),('2025-09-18',1761,8,1,2566,'C','5342200002741','2025-09-25 09:09:02'),('2025-09-18',1762,8,1,2566,'C','5342200002741','2025-09-25 09:09:02'),('2025-09-18',1778,8,1,2566,'C','5342200002741','2025-09-25 09:09:02'),('2025-09-29',1753,8,1,2566,'C','5342200002741','2025-09-29 02:09:39'),('2025-09-29',1754,8,1,2566,'C','5342200002741','2025-09-29 02:09:39'),('2025-09-29',1755,8,1,2566,'C','5342200002741','2025-09-29 02:09:39'),('2025-09-29',1756,8,1,2566,'C','5342200002741','2025-09-29 02:09:39'),('2025-09-29',1757,8,1,2566,'C','5342200002741','2025-09-29 02:09:39'),('2025-09-29',1758,8,1,2566,'C','5342200002741','2025-09-29 02:09:39'),('2025-09-29',1759,8,1,2566,'C','5342200002741','2025-09-29 02:09:39'),('2025-09-29',1760,8,1,2566,'C','5342200002741','2025-09-29 02:09:39'),('2025-09-29',1761,8,1,2566,'C','5342200002741','2025-09-29 02:09:39'),('2025-09-29',1762,8,1,2566,'C','5342200002741','2025-09-29 02:09:39'),('2025-09-29',1778,8,1,2566,'C','5342200002741','2025-09-29 02:09:39'),('2025-09-26',1753,8,1,2566,'C','5342200002741','2025-09-29 02:09:04'),('2025-09-26',1754,8,1,2566,'C','5342200002741','2025-09-29 02:09:04'),('2025-09-26',1755,8,1,2566,'C','5342200002741','2025-09-29 02:09:04'),('2025-09-26',1756,8,1,2566,'C','5342200002741','2025-09-29 02:09:04'),('2025-09-26',1757,8,1,2566,'C','5342200002741','2025-09-29 02:09:04'),('2025-09-26',1758,8,1,2566,'C','5342200002741','2025-09-29 02:09:04'),('2025-09-26',1759,8,1,2566,'C','5342200002741','2025-09-29 02:09:04'),('2025-09-26',1760,8,1,2566,'C','5342200002741','2025-09-29 02:09:04'),('2025-09-26',1761,8,1,2566,'C','5342200002741','2025-09-29 02:09:04'),('2025-09-26',1762,8,1,2566,'C','5342200002741','2025-09-29 02:09:04'),('2025-09-26',1778,8,1,2566,'C','5342200002741','2025-09-29 02:09:04'),('2025-09-30',1753,8,1,2566,'C','5342200002741','2025-09-30 09:09:56'),('2025-09-30',1754,8,1,2566,'C','5342200002741','2025-09-30 09:09:56'),('2025-09-30',1755,8,1,2566,'C','5342200002741','2025-09-30 09:09:56'),('2025-09-30',1756,8,1,2566,'C','5342200002741','2025-09-30 09:09:56'),('2025-09-30',1757,8,1,2566,'C','5342200002741','2025-09-30 09:09:56'),('2025-09-30',1758,8,1,2566,'C','5342200002741','2025-09-30 09:09:56'),('2025-09-30',1759,8,1,2566,'C','5342200002741','2025-09-30 09:09:56'),('2025-09-30',1760,8,1,2566,'C','5342200002741','2025-09-30 09:09:56'),('2025-09-30',1761,8,1,2566,'C','5342200002741','2025-09-30 09:09:56'),('2025-09-30',1762,8,1,2566,'C','5342200002741','2025-09-30 09:09:56'),('2025-09-30',1778,8,1,2566,'C','5342200002741','2025-09-30 09:09:56'),('2025-10-01',1753,8,1,2566,'C','5342200002741','2025-10-01 11:10:01'),('2025-10-01',1754,8,1,2566,'C','5342200002741','2025-10-01 11:10:01'),('2025-10-01',1755,8,1,2566,'C','5342200002741','2025-10-01 11:10:01'),('2025-10-01',1756,8,1,2566,'C','5342200002741','2025-10-01 11:10:01'),('2025-10-01',1757,8,1,2566,'C','5342200002741','2025-10-01 11:10:01'),('2025-10-01',1758,8,1,2566,'C','5342200002741','2025-10-01 11:10:01'),('2025-10-01',1759,8,1,2566,'C','5342200002741','2025-10-01 11:10:01'),('2025-10-01',1760,8,1,2566,'C','5342200002741','2025-10-01 11:10:01'),('2025-10-01',1761,8,1,2566,'C','5342200002741','2025-10-01 11:10:01'),('2025-10-01',1762,8,1,2566,'C','5342200002741','2025-10-01 11:10:01'),('2025-10-01',1778,8,1,2566,'C','5342200002741','2025-10-01 11:10:01'),('2025-10-02',1753,8,1,2566,'C','5342200002741','2025-10-02 10:10:16'),('2025-10-02',1754,8,1,2566,'C','5342200002741','2025-10-02 10:10:16'),('2025-10-02',1755,8,1,2566,'C','5342200002741','2025-10-02 10:10:16'),('2025-10-02',1756,8,1,2566,'C','5342200002741','2025-10-02 10:10:16'),('2025-10-02',1757,8,1,2566,'C','5342200002741','2025-10-02 10:10:16'),('2025-10-02',1758,8,1,2566,'C','5342200002741','2025-10-02 10:10:16'),('2025-10-02',1759,8,1,2566,'C','5342200002741','2025-10-02 10:10:16'),('2025-10-02',1760,8,1,2566,'C','5342200002741','2025-10-02 10:10:16'),('2025-10-02',1761,8,1,2566,'C','5342200002741','2025-10-02 10:10:16'),('2025-10-02',1762,8,1,2566,'C','5342200002741','2025-10-02 10:10:16'),('2025-10-02',1778,8,1,2566,'C','5342200002741','2025-10-02 10:10:16'),('2025-10-03',1753,8,1,2566,'C','5342200002741','2025-10-03 09:10:10'),('2025-10-03',1754,8,1,2566,'C','5342200002741','2025-10-03 09:10:10'),('2025-10-03',1755,8,1,2566,'C','5342200002741','2025-10-03 09:10:10'),('2025-10-03',1756,8,1,2566,'C','5342200002741','2025-10-03 09:10:10'),('2025-10-03',1757,8,1,2566,'C','5342200002741','2025-10-03 09:10:10'),('2025-10-03',1758,8,1,2566,'C','5342200002741','2025-10-03 09:10:10'),('2025-10-03',1759,8,1,2566,'C','5342200002741','2025-10-03 09:10:10'),('2025-10-03',1760,8,1,2566,'C','5342200002741','2025-10-03 09:10:10'),('2025-10-03',1761,8,1,2566,'C','5342200002741','2025-10-03 09:10:10'),('2025-10-03',1762,8,1,2566,'C','5342200002741','2025-10-03 09:10:10'),('2025-10-03',1778,8,1,2566,'C','5342200002741','2025-10-03 09:10:10'),('2025-10-03',1805,4,1,2566,'C','3341500039472','2025-10-03 01:10:25'),('2025-10-03',1806,4,1,2566,'C','3341500039472','2025-10-03 01:10:25'),('2025-10-03',1807,4,1,2566,'C','3341500039472','2025-10-03 01:10:25'),('2025-10-03',1808,4,1,2566,'C','3341500039472','2025-10-03 01:10:25'),('2025-10-03',1809,4,1,2566,'C','3341500039472','2025-10-03 01:10:25'),('2025-10-03',1810,4,1,2566,'C','3341500039472','2025-10-03 01:10:25'),('2025-10-03',1811,4,1,2566,'C','3341500039472','2025-10-03 01:10:25'),('2025-10-03',1812,4,1,2566,'C','3341500039472','2025-10-03 01:10:25'),('2025-10-03',1813,4,1,2566,'C','3341500039472','2025-10-03 01:10:25'),('2025-10-03',1814,4,1,2566,'C','3341500039472','2025-10-03 01:10:25'),('2025-10-03',1815,4,1,2566,'C','3341500039472','2025-10-03 01:10:25'),('2025-10-03',1816,4,1,2566,'C','3341500039472','2025-10-03 01:10:25'),('2025-10-03',1833,4,1,2566,'C','3341500039472','2025-10-03 01:10:25'),('2025-10-02',1805,4,1,2566,'C','3341500039472','2025-10-03 01:10:41'),('2025-10-02',1806,4,1,2566,'C','3341500039472','2025-10-03 01:10:41'),('2025-10-02',1807,4,1,2566,'C','3341500039472','2025-10-03 01:10:41'),('2025-10-02',1808,4,1,2566,'C','3341500039472','2025-10-03 01:10:41'),('2025-10-02',1809,4,1,2566,'C','3341500039472','2025-10-03 01:10:41'),('2025-10-02',1810,4,1,2566,'C','3341500039472','2025-10-03 01:10:41'),('2025-10-02',1811,4,1,2566,'C','3341500039472','2025-10-03 01:10:41'),('2025-10-02',1812,4,1,2566,'C','3341500039472','2025-10-03 01:10:41'),('2025-10-02',1813,4,1,2566,'C','3341500039472','2025-10-03 01:10:41'),('2025-10-02',1814,4,1,2566,'C','3341500039472','2025-10-03 01:10:41'),('2025-10-02',1815,4,1,2566,'C','3341500039472','2025-10-03 01:10:41'),('2025-10-02',1816,4,1,2566,'C','3341500039472','2025-10-03 01:10:41'),('2025-10-02',1833,4,1,2566,'C','3341500039472','2025-10-03 01:10:41'),('2025-10-01',1805,4,1,2566,'C','3341500039472','2025-10-03 01:10:48'),('2025-10-01',1806,4,1,2566,'C','3341500039472','2025-10-03 01:10:48'),('2025-10-01',1807,4,1,2566,'C','3341500039472','2025-10-03 01:10:48'),('2025-10-01',1808,4,1,2566,'C','3341500039472','2025-10-03 01:10:48'),('2025-10-01',1809,4,1,2566,'C','3341500039472','2025-10-03 01:10:48'),('2025-10-01',1810,4,1,2566,'C','3341500039472','2025-10-03 01:10:48'),('2025-10-01',1811,4,1,2566,'C','3341500039472','2025-10-03 01:10:48'),('2025-10-01',1812,4,1,2566,'C','3341500039472','2025-10-03 01:10:48'),('2025-10-01',1813,4,1,2566,'C','3341500039472','2025-10-03 01:10:48'),('2025-10-01',1814,4,1,2566,'C','3341500039472','2025-10-03 01:10:48'),('2025-10-01',1815,4,1,2566,'C','3341500039472','2025-10-03 01:10:48'),('2025-10-01',1816,4,1,2566,'C','3341500039472','2025-10-03 01:10:48'),('2025-10-01',1833,4,1,2566,'C','3341500039472','2025-10-03 01:10:48'),('2025-09-01',1805,4,1,2566,'C','3341500039472','2025-10-03 01:10:26'),('2025-09-01',1806,4,1,2566,'C','3341500039472','2025-10-03 01:10:26'),('2025-09-01',1807,4,1,2566,'C','3341500039472','2025-10-03 01:10:26'),('2025-09-01',1808,4,1,2566,'C','3341500039472','2025-10-03 01:10:26'),('2025-09-01',1809,4,1,2566,'C','3341500039472','2025-10-03 01:10:26'),('2025-09-01',1810,4,1,2566,'C','3341500039472','2025-10-03 01:10:26'),('2025-09-01',1811,4,1,2566,'C','3341500039472','2025-10-03 01:10:26'),('2025-09-01',1812,4,1,2566,'C','3341500039472','2025-10-03 01:10:26'),('2025-09-01',1813,4,1,2566,'C','3341500039472','2025-10-03 01:10:26'),('2025-09-01',1814,4,1,2566,'C','3341500039472','2025-10-03 01:10:26'),('2025-09-01',1815,4,1,2566,'C','3341500039472','2025-10-03 01:10:26'),('2025-09-01',1816,4,1,2566,'C','3341500039472','2025-10-03 01:10:26'),('2025-09-01',1833,4,1,2566,'C','3341500039472','2025-10-03 01:10:26'),('2025-09-02',1805,4,1,2566,'C','3341500039472','2025-10-03 01:10:08'),('2025-09-02',1806,4,1,2566,'C','3341500039472','2025-10-03 01:10:08'),('2025-09-02',1807,4,1,2566,'C','3341500039472','2025-10-03 01:10:08'),('2025-09-02',1808,4,1,2566,'C','3341500039472','2025-10-03 01:10:08'),('2025-09-02',1809,4,1,2566,'C','3341500039472','2025-10-03 01:10:08'),('2025-09-02',1810,4,1,2566,'C','3341500039472','2025-10-03 01:10:08'),('2025-09-02',1811,4,1,2566,'C','3341500039472','2025-10-03 01:10:08'),('2025-09-02',1812,4,1,2566,'C','3341500039472','2025-10-03 01:10:08'),('2025-09-02',1813,4,1,2566,'C','3341500039472','2025-10-03 01:10:08'),('2025-09-02',1814,4,1,2566,'C','3341500039472','2025-10-03 01:10:08'),('2025-09-02',1815,4,1,2566,'C','3341500039472','2025-10-03 01:10:08'),('2025-09-02',1816,4,1,2566,'C','3341500039472','2025-10-03 01:10:08'),('2025-09-02',1833,4,1,2566,'C','3341500039472','2025-10-03 01:10:08'),('2025-09-03',1805,4,1,2566,'C','3341500039472','2025-10-03 01:10:14'),('2025-09-03',1806,4,1,2566,'C','3341500039472','2025-10-03 01:10:14'),('2025-09-03',1807,4,1,2566,'C','3341500039472','2025-10-03 01:10:14'),('2025-09-03',1808,4,1,2566,'C','3341500039472','2025-10-03 01:10:14'),('2025-09-03',1809,4,1,2566,'C','3341500039472','2025-10-03 01:10:14'),('2025-09-03',1810,4,1,2566,'C','3341500039472','2025-10-03 01:10:14'),('2025-09-03',1811,4,1,2566,'C','3341500039472','2025-10-03 01:10:14'),('2025-09-03',1812,4,1,2566,'C','3341500039472','2025-10-03 01:10:14'),('2025-09-03',1813,4,1,2566,'C','3341500039472','2025-10-03 01:10:14'),('2025-09-03',1814,4,1,2566,'C','3341500039472','2025-10-03 01:10:14'),('2025-09-03',1815,4,1,2566,'C','3341500039472','2025-10-03 01:10:14'),('2025-09-03',1816,4,1,2566,'C','3341500039472','2025-10-03 01:10:14'),('2025-09-03',1833,4,1,2566,'C','3341500039472','2025-10-03 01:10:14'),('2025-09-04',1805,4,1,2566,'C','3341500039472','2025-10-03 01:10:35'),('2025-09-04',1806,4,1,2566,'C','3341500039472','2025-10-03 01:10:35'),('2025-09-04',1807,4,1,2566,'C','3341500039472','2025-10-03 01:10:35'),('2025-09-04',1808,4,1,2566,'C','3341500039472','2025-10-03 01:10:35'),('2025-09-04',1809,4,1,2566,'C','3341500039472','2025-10-03 01:10:35'),('2025-09-04',1810,4,1,2566,'C','3341500039472','2025-10-03 01:10:35'),('2025-09-04',1811,4,1,2566,'C','3341500039472','2025-10-03 01:10:35'),('2025-09-04',1812,4,1,2566,'C','3341500039472','2025-10-03 01:10:35'),('2025-09-04',1813,4,1,2566,'C','3341500039472','2025-10-03 01:10:35'),('2025-09-04',1814,4,1,2566,'C','3341500039472','2025-10-03 01:10:35'),('2025-09-04',1815,4,1,2566,'C','3341500039472','2025-10-03 01:10:35'),('2025-09-04',1816,4,1,2566,'C','3341500039472','2025-10-03 01:10:35'),('2025-09-04',1833,4,1,2566,'C','3341500039472','2025-10-03 01:10:35'),('2025-09-05',1805,4,1,2566,'C','3341500039472','2025-10-03 01:10:01'),('2025-09-05',1806,4,1,2566,'C','3341500039472','2025-10-03 01:10:01'),('2025-09-05',1807,4,1,2566,'C','3341500039472','2025-10-03 01:10:01'),('2025-09-05',1808,4,1,2566,'C','3341500039472','2025-10-03 01:10:01'),('2025-09-05',1809,4,1,2566,'C','3341500039472','2025-10-03 01:10:01'),('2025-09-05',1810,4,1,2566,'C','3341500039472','2025-10-03 01:10:01'),('2025-09-05',1811,4,1,2566,'C','3341500039472','2025-10-03 01:10:01'),('2025-09-05',1812,4,1,2566,'C','3341500039472','2025-10-03 01:10:01'),('2025-09-05',1813,4,1,2566,'C','3341500039472','2025-10-03 01:10:01'),('2025-09-05',1814,4,1,2566,'C','3341500039472','2025-10-03 01:10:01'),('2025-09-05',1815,4,1,2566,'C','3341500039472','2025-10-03 01:10:01'),('2025-09-05',1816,4,1,2566,'C','3341500039472','2025-10-03 01:10:01'),('2025-09-05',1833,4,1,2566,'C','3341500039472','2025-10-03 01:10:01'),('2025-09-08',1805,4,1,2566,'C','3341500039472','2025-10-03 01:10:11'),('2025-09-08',1806,4,1,2566,'C','3341500039472','2025-10-03 01:10:11'),('2025-09-08',1807,4,1,2566,'C','3341500039472','2025-10-03 01:10:11'),('2025-09-08',1808,4,1,2566,'C','3341500039472','2025-10-03 01:10:11'),('2025-09-08',1809,4,1,2566,'C','3341500039472','2025-10-03 01:10:11'),('2025-09-08',1810,4,1,2566,'C','3341500039472','2025-10-03 01:10:11'),('2025-09-08',1811,4,1,2566,'C','3341500039472','2025-10-03 01:10:11'),('2025-09-08',1812,4,1,2566,'C','3341500039472','2025-10-03 01:10:11'),('2025-09-08',1813,4,1,2566,'C','3341500039472','2025-10-03 01:10:11'),('2025-09-08',1814,4,1,2566,'C','3341500039472','2025-10-03 01:10:11'),('2025-09-08',1815,4,1,2566,'C','3341500039472','2025-10-03 01:10:11'),('2025-09-08',1816,4,1,2566,'C','3341500039472','2025-10-03 01:10:11'),('2025-09-08',1833,4,1,2566,'C','3341500039472','2025-10-03 01:10:11'),('2025-09-09',1805,4,1,2566,'C','3341500039472','2025-10-03 01:10:18'),('2025-09-09',1806,4,1,2566,'C','3341500039472','2025-10-03 01:10:18'),('2025-09-09',1807,4,1,2566,'C','3341500039472','2025-10-03 01:10:18'),('2025-09-09',1808,4,1,2566,'C','3341500039472','2025-10-03 01:10:18'),('2025-09-09',1809,4,1,2566,'C','3341500039472','2025-10-03 01:10:18'),('2025-09-09',1810,4,1,2566,'C','3341500039472','2025-10-03 01:10:18'),('2025-09-09',1811,4,1,2566,'C','3341500039472','2025-10-03 01:10:18'),('2025-09-09',1812,4,1,2566,'C','3341500039472','2025-10-03 01:10:18'),('2025-09-09',1813,4,1,2566,'C','3341500039472','2025-10-03 01:10:18'),('2025-09-09',1814,4,1,2566,'C','3341500039472','2025-10-03 01:10:18'),('2025-09-09',1815,4,1,2566,'C','3341500039472','2025-10-03 01:10:18'),('2025-09-09',1816,4,1,2566,'C','3341500039472','2025-10-03 01:10:18'),('2025-09-09',1833,4,1,2566,'C','3341500039472','2025-10-03 01:10:18'),('2025-09-10',1805,4,1,2566,'C','3341500039472','2025-10-03 01:10:29'),('2025-09-10',1806,4,1,2566,'C','3341500039472','2025-10-03 01:10:29'),('2025-09-10',1807,4,1,2566,'C','3341500039472','2025-10-03 01:10:29'),('2025-09-10',1808,4,1,2566,'C','3341500039472','2025-10-03 01:10:29'),('2025-09-10',1809,4,1,2566,'C','3341500039472','2025-10-03 01:10:29'),('2025-09-10',1810,4,1,2566,'C','3341500039472','2025-10-03 01:10:29'),('2025-09-10',1811,4,1,2566,'C','3341500039472','2025-10-03 01:10:29'),('2025-09-10',1812,4,1,2566,'C','3341500039472','2025-10-03 01:10:29'),('2025-09-10',1813,4,1,2566,'C','3341500039472','2025-10-03 01:10:29'),('2025-09-10',1814,4,1,2566,'C','3341500039472','2025-10-03 01:10:29'),('2025-09-10',1815,4,1,2566,'C','3341500039472','2025-10-03 01:10:29'),('2025-09-10',1816,4,1,2566,'C','3341500039472','2025-10-03 01:10:29'),('2025-09-10',1833,4,1,2566,'C','3341500039472','2025-10-03 01:10:29'),('2025-09-11',1805,4,1,2566,'C','3341500039472','2025-10-03 01:10:42'),('2025-09-11',1806,4,1,2566,'C','3341500039472','2025-10-03 01:10:42'),('2025-09-11',1807,4,1,2566,'C','3341500039472','2025-10-03 01:10:42'),('2025-09-11',1808,4,1,2566,'C','3341500039472','2025-10-03 01:10:42'),('2025-09-11',1809,4,1,2566,'C','3341500039472','2025-10-03 01:10:42'),('2025-09-11',1810,4,1,2566,'C','3341500039472','2025-10-03 01:10:42'),('2025-09-11',1811,4,1,2566,'C','3341500039472','2025-10-03 01:10:42'),('2025-09-11',1812,4,1,2566,'C','3341500039472','2025-10-03 01:10:42'),('2025-09-11',1813,4,1,2566,'C','3341500039472','2025-10-03 01:10:42'),('2025-09-11',1814,4,1,2566,'C','3341500039472','2025-10-03 01:10:42'),('2025-09-11',1815,4,1,2566,'C','3341500039472','2025-10-03 01:10:42'),('2025-09-11',1816,4,1,2566,'C','3341500039472','2025-10-03 01:10:42'),('2025-09-11',1833,4,1,2566,'C','3341500039472','2025-10-03 01:10:42'),('2025-09-12',1805,4,1,2566,'C','3341500039472','2025-10-03 01:10:49'),('2025-09-12',1806,4,1,2566,'C','3341500039472','2025-10-03 01:10:49'),('2025-09-12',1807,4,1,2566,'C','3341500039472','2025-10-03 01:10:49'),('2025-09-12',1808,4,1,2566,'C','3341500039472','2025-10-03 01:10:49'),('2025-09-12',1809,4,1,2566,'C','3341500039472','2025-10-03 01:10:49'),('2025-09-12',1810,4,1,2566,'C','3341500039472','2025-10-03 01:10:49'),('2025-09-12',1811,4,1,2566,'C','3341500039472','2025-10-03 01:10:49'),('2025-09-12',1812,4,1,2566,'C','3341500039472','2025-10-03 01:10:49'),('2025-09-12',1813,4,1,2566,'C','3341500039472','2025-10-03 01:10:49'),('2025-09-12',1814,4,1,2566,'C','3341500039472','2025-10-03 01:10:49'),('2025-09-12',1815,4,1,2566,'C','3341500039472','2025-10-03 01:10:49'),('2025-09-12',1816,4,1,2566,'C','3341500039472','2025-10-03 01:10:49'),('2025-09-12',1833,4,1,2566,'C','3341500039472','2025-10-03 01:10:49'),('2025-09-15',1805,4,1,2566,'C','3341500039472','2025-10-03 01:10:02'),('2025-09-15',1806,4,1,2566,'C','3341500039472','2025-10-03 01:10:02'),('2025-09-15',1807,4,1,2566,'C','3341500039472','2025-10-03 01:10:02'),('2025-09-15',1808,4,1,2566,'C','3341500039472','2025-10-03 01:10:02'),('2025-09-15',1809,4,1,2566,'C','3341500039472','2025-10-03 01:10:02'),('2025-09-15',1810,4,1,2566,'C','3341500039472','2025-10-03 01:10:02'),('2025-09-15',1811,4,1,2566,'C','3341500039472','2025-10-03 01:10:02'),('2025-09-15',1812,4,1,2566,'C','3341500039472','2025-10-03 01:10:02'),('2025-09-15',1813,4,1,2566,'C','3341500039472','2025-10-03 01:10:02'),('2025-09-15',1814,4,1,2566,'C','3341500039472','2025-10-03 01:10:02'),('2025-09-15',1815,4,1,2566,'C','3341500039472','2025-10-03 01:10:02'),('2025-09-15',1816,4,1,2566,'C','3341500039472','2025-10-03 01:10:02'),('2025-09-15',1833,4,1,2566,'C','3341500039472','2025-10-03 01:10:02'),('2025-09-16',1805,4,1,2566,'C','3341500039472','2025-10-03 01:10:08'),('2025-09-16',1806,4,1,2566,'C','3341500039472','2025-10-03 01:10:08'),('2025-09-16',1807,4,1,2566,'C','3341500039472','2025-10-03 01:10:08'),('2025-09-16',1808,4,1,2566,'C','3341500039472','2025-10-03 01:10:08'),('2025-09-16',1809,4,1,2566,'C','3341500039472','2025-10-03 01:10:08'),('2025-09-16',1810,4,1,2566,'C','3341500039472','2025-10-03 01:10:08'),('2025-09-16',1811,4,1,2566,'C','3341500039472','2025-10-03 01:10:08'),('2025-09-16',1812,4,1,2566,'C','3341500039472','2025-10-03 01:10:08'),('2025-09-16',1813,4,1,2566,'C','3341500039472','2025-10-03 01:10:08'),('2025-09-16',1814,4,1,2566,'C','3341500039472','2025-10-03 01:10:08'),('2025-09-16',1815,4,1,2566,'C','3341500039472','2025-10-03 01:10:08'),('2025-09-16',1816,4,1,2566,'C','3341500039472','2025-10-03 01:10:08'),('2025-09-16',1833,4,1,2566,'C','3341500039472','2025-10-03 01:10:08'),('2025-09-17',1805,4,1,2566,'C','3341500039472','2025-10-03 01:10:14'),('2025-09-17',1806,4,1,2566,'C','3341500039472','2025-10-03 01:10:14'),('2025-09-17',1807,4,1,2566,'C','3341500039472','2025-10-03 01:10:14'),('2025-09-17',1808,4,1,2566,'C','3341500039472','2025-10-03 01:10:14'),('2025-09-17',1809,4,1,2566,'C','3341500039472','2025-10-03 01:10:14'),('2025-09-17',1810,4,1,2566,'C','3341500039472','2025-10-03 01:10:14'),('2025-09-17',1811,4,1,2566,'C','3341500039472','2025-10-03 01:10:14'),('2025-09-17',1812,4,1,2566,'C','3341500039472','2025-10-03 01:10:14'),('2025-09-17',1813,4,1,2566,'C','3341500039472','2025-10-03 01:10:14'),('2025-09-17',1814,4,1,2566,'C','3341500039472','2025-10-03 01:10:14'),('2025-09-17',1815,4,1,2566,'C','3341500039472','2025-10-03 01:10:14'),('2025-09-17',1816,4,1,2566,'C','3341500039472','2025-10-03 01:10:14'),('2025-09-17',1833,4,1,2566,'C','3341500039472','2025-10-03 01:10:14'),('2025-09-18',1805,4,1,2566,'C','3341500039472','2025-10-03 01:10:20'),('2025-09-18',1806,4,1,2566,'C','3341500039472','2025-10-03 01:10:20'),('2025-09-18',1807,4,1,2566,'C','3341500039472','2025-10-03 01:10:20'),('2025-09-18',1808,4,1,2566,'C','3341500039472','2025-10-03 01:10:20'),('2025-09-18',1809,4,1,2566,'C','3341500039472','2025-10-03 01:10:20'),('2025-09-18',1810,4,1,2566,'C','3341500039472','2025-10-03 01:10:20'),('2025-09-18',1811,4,1,2566,'C','3341500039472','2025-10-03 01:10:20'),('2025-09-18',1812,4,1,2566,'C','3341500039472','2025-10-03 01:10:20'),('2025-09-18',1813,4,1,2566,'C','3341500039472','2025-10-03 01:10:20'),('2025-09-18',1814,4,1,2566,'C','3341500039472','2025-10-03 01:10:20'),('2025-09-18',1815,4,1,2566,'C','3341500039472','2025-10-03 01:10:20'),('2025-09-18',1816,4,1,2566,'C','3341500039472','2025-10-03 01:10:20'),('2025-09-18',1833,4,1,2566,'C','3341500039472','2025-10-03 01:10:20'),('2025-09-19',1805,4,1,2566,'C','3341500039472','2025-10-03 01:10:33'),('2025-09-19',1806,4,1,2566,'C','3341500039472','2025-10-03 01:10:33'),('2025-09-19',1807,4,1,2566,'C','3341500039472','2025-10-03 01:10:33'),('2025-09-19',1808,4,1,2566,'C','3341500039472','2025-10-03 01:10:33'),('2025-09-19',1809,4,1,2566,'C','3341500039472','2025-10-03 01:10:33'),('2025-09-19',1810,4,1,2566,'C','3341500039472','2025-10-03 01:10:33'),('2025-09-19',1811,4,1,2566,'C','3341500039472','2025-10-03 01:10:33'),('2025-09-19',1812,4,1,2566,'C','3341500039472','2025-10-03 01:10:33'),('2025-09-19',1813,4,1,2566,'C','3341500039472','2025-10-03 01:10:33'),('2025-09-19',1814,4,1,2566,'C','3341500039472','2025-10-03 01:10:33'),('2025-09-19',1815,4,1,2566,'C','3341500039472','2025-10-03 01:10:33'),('2025-09-19',1816,4,1,2566,'C','3341500039472','2025-10-03 01:10:33'),('2025-09-19',1833,4,1,2566,'C','3341500039472','2025-10-03 01:10:33'),('2025-09-22',1805,4,1,2566,'C','3341500039472','2025-10-03 01:10:54'),('2025-09-22',1806,4,1,2566,'C','3341500039472','2025-10-03 01:10:54'),('2025-09-22',1807,4,1,2566,'C','3341500039472','2025-10-03 01:10:54'),('2025-09-22',1808,4,1,2566,'C','3341500039472','2025-10-03 01:10:54'),('2025-09-22',1809,4,1,2566,'C','3341500039472','2025-10-03 01:10:54'),('2025-09-22',1810,4,1,2566,'C','3341500039472','2025-10-03 01:10:54'),('2025-09-22',1811,4,1,2566,'C','3341500039472','2025-10-03 01:10:54'),('2025-09-22',1812,4,1,2566,'C','3341500039472','2025-10-03 01:10:54'),('2025-09-22',1813,4,1,2566,'C','3341500039472','2025-10-03 01:10:54'),('2025-09-22',1814,4,1,2566,'C','3341500039472','2025-10-03 01:10:54'),('2025-09-22',1815,4,1,2566,'C','3341500039472','2025-10-03 01:10:54'),('2025-09-22',1816,4,1,2566,'C','3341500039472','2025-10-03 01:10:54'),('2025-09-22',1833,4,1,2566,'C','3341500039472','2025-10-03 01:10:54'),('2025-09-23',1805,4,1,2566,'C','3341500039472','2025-10-03 01:10:59'),('2025-09-23',1806,4,1,2566,'C','3341500039472','2025-10-03 01:10:59'),('2025-09-23',1807,4,1,2566,'C','3341500039472','2025-10-03 01:10:59'),('2025-09-23',1808,4,1,2566,'C','3341500039472','2025-10-03 01:10:59'),('2025-09-23',1809,4,1,2566,'C','3341500039472','2025-10-03 01:10:59'),('2025-09-23',1810,4,1,2566,'C','3341500039472','2025-10-03 01:10:59'),('2025-09-23',1811,4,1,2566,'C','3341500039472','2025-10-03 01:10:59'),('2025-09-23',1812,4,1,2566,'C','3341500039472','2025-10-03 01:10:59'),('2025-09-23',1813,4,1,2566,'C','3341500039472','2025-10-03 01:10:59'),('2025-09-23',1814,4,1,2566,'C','3341500039472','2025-10-03 01:10:59'),('2025-09-23',1815,4,1,2566,'C','3341500039472','2025-10-03 01:10:59'),('2025-09-23',1816,4,1,2566,'C','3341500039472','2025-10-03 01:10:59'),('2025-09-23',1833,4,1,2566,'C','3341500039472','2025-10-03 01:10:59'),('2025-09-24',1805,4,1,2566,'C','3341500039472','2025-10-03 01:10:12'),('2025-09-24',1806,4,1,2566,'C','3341500039472','2025-10-03 01:10:12'),('2025-09-24',1807,4,1,2566,'C','3341500039472','2025-10-03 01:10:12'),('2025-09-24',1808,4,1,2566,'C','3341500039472','2025-10-03 01:10:12'),('2025-09-24',1809,4,1,2566,'C','3341500039472','2025-10-03 01:10:12'),('2025-09-24',1810,4,1,2566,'C','3341500039472','2025-10-03 01:10:12'),('2025-09-24',1811,4,1,2566,'C','3341500039472','2025-10-03 01:10:12'),('2025-09-24',1812,4,1,2566,'C','3341500039472','2025-10-03 01:10:12'),('2025-09-24',1813,4,1,2566,'C','3341500039472','2025-10-03 01:10:12'),('2025-09-24',1814,4,1,2566,'C','3341500039472','2025-10-03 01:10:12'),('2025-09-24',1815,4,1,2566,'C','3341500039472','2025-10-03 01:10:12'),('2025-09-24',1816,4,1,2566,'C','3341500039472','2025-10-03 01:10:12'),('2025-09-24',1833,4,1,2566,'C','3341500039472','2025-10-03 01:10:12'),('2025-09-25',1805,4,1,2566,'C','3341500039472','2025-10-03 01:10:18'),('2025-09-25',1806,4,1,2566,'C','3341500039472','2025-10-03 01:10:18'),('2025-09-25',1807,4,1,2566,'C','3341500039472','2025-10-03 01:10:18'),('2025-09-25',1808,4,1,2566,'C','3341500039472','2025-10-03 01:10:18'),('2025-09-25',1809,4,1,2566,'C','3341500039472','2025-10-03 01:10:18'),('2025-09-25',1810,4,1,2566,'C','3341500039472','2025-10-03 01:10:18'),('2025-09-25',1811,4,1,2566,'C','3341500039472','2025-10-03 01:10:18'),('2025-09-25',1812,4,1,2566,'C','3341500039472','2025-10-03 01:10:18'),('2025-09-25',1813,4,1,2566,'C','3341500039472','2025-10-03 01:10:18'),('2025-09-25',1814,4,1,2566,'C','3341500039472','2025-10-03 01:10:18'),('2025-09-25',1815,4,1,2566,'C','3341500039472','2025-10-03 01:10:18'),('2025-09-25',1816,4,1,2566,'C','3341500039472','2025-10-03 01:10:18'),('2025-09-25',1833,4,1,2566,'C','3341500039472','2025-10-03 01:10:18'),('2025-09-26',1805,4,1,2566,'C','3341500039472','2025-10-03 01:10:24'),('2025-09-26',1806,4,1,2566,'C','3341500039472','2025-10-03 01:10:24'),('2025-09-26',1807,4,1,2566,'C','3341500039472','2025-10-03 01:10:24'),('2025-09-26',1808,4,1,2566,'C','3341500039472','2025-10-03 01:10:24'),('2025-09-26',1809,4,1,2566,'C','3341500039472','2025-10-03 01:10:24'),('2025-09-26',1810,4,1,2566,'C','3341500039472','2025-10-03 01:10:24'),('2025-09-26',1811,4,1,2566,'C','3341500039472','2025-10-03 01:10:24'),('2025-09-26',1812,4,1,2566,'C','3341500039472','2025-10-03 01:10:24'),('2025-09-26',1813,4,1,2566,'C','3341500039472','2025-10-03 01:10:24'),('2025-09-26',1814,4,1,2566,'C','3341500039472','2025-10-03 01:10:24'),('2025-09-26',1815,4,1,2566,'C','3341500039472','2025-10-03 01:10:24'),('2025-09-26',1816,4,1,2566,'C','3341500039472','2025-10-03 01:10:24'),('2025-09-26',1833,4,1,2566,'C','3341500039472','2025-10-03 01:10:24'),('2025-09-29',1805,4,1,2566,'C','3341500039472','2025-10-03 01:10:36'),('2025-09-29',1806,4,1,2566,'C','3341500039472','2025-10-03 01:10:36'),('2025-09-29',1807,4,1,2566,'C','3341500039472','2025-10-03 01:10:36'),('2025-09-29',1808,4,1,2566,'C','3341500039472','2025-10-03 01:10:36'),('2025-09-29',1809,4,1,2566,'C','3341500039472','2025-10-03 01:10:36'),('2025-09-29',1810,4,1,2566,'C','3341500039472','2025-10-03 01:10:36'),('2025-09-29',1811,4,1,2566,'C','3341500039472','2025-10-03 01:10:36'),('2025-09-29',1812,4,1,2566,'C','3341500039472','2025-10-03 01:10:36'),('2025-09-29',1813,4,1,2566,'C','3341500039472','2025-10-03 01:10:36'),('2025-09-29',1814,4,1,2566,'C','3341500039472','2025-10-03 01:10:36'),('2025-09-29',1815,4,1,2566,'C','3341500039472','2025-10-03 01:10:36'),('2025-09-29',1816,4,1,2566,'C','3341500039472','2025-10-03 01:10:36'),('2025-09-29',1833,4,1,2566,'C','3341500039472','2025-10-03 01:10:36'),('2025-09-30',1805,4,1,2566,'C','3341500039472','2025-10-03 01:10:42'),('2025-09-30',1806,4,1,2566,'C','3341500039472','2025-10-03 01:10:42'),('2025-09-30',1807,4,1,2566,'C','3341500039472','2025-10-03 01:10:42'),('2025-09-30',1808,4,1,2566,'C','3341500039472','2025-10-03 01:10:42'),('2025-09-30',1809,4,1,2566,'C','3341500039472','2025-10-03 01:10:42'),('2025-09-30',1810,4,1,2566,'C','3341500039472','2025-10-03 01:10:42'),('2025-09-30',1811,4,1,2566,'C','3341500039472','2025-10-03 01:10:42'),('2025-09-30',1812,4,1,2566,'C','3341500039472','2025-10-03 01:10:42'),('2025-09-30',1813,4,1,2566,'C','3341500039472','2025-10-03 01:10:42'),('2025-09-30',1814,4,1,2566,'C','3341500039472','2025-10-03 01:10:42'),('2025-09-30',1815,4,1,2566,'C','3341500039472','2025-10-03 01:10:42'),('2025-09-30',1816,4,1,2566,'C','3341500039472','2025-10-03 01:10:42'),('2025-09-30',1833,4,1,2566,'C','3341500039472','2025-10-03 01:10:42'),('2025-08-20',1805,4,1,2566,'C','3341500039472','2025-10-03 01:10:09'),('2025-08-20',1806,4,1,2566,'C','3341500039472','2025-10-03 01:10:09'),('2025-08-20',1807,4,1,2566,'C','3341500039472','2025-10-03 01:10:09'),('2025-08-20',1808,4,1,2566,'C','3341500039472','2025-10-03 01:10:09'),('2025-08-20',1809,4,1,2566,'C','3341500039472','2025-10-03 01:10:09'),('2025-08-20',1810,4,1,2566,'C','3341500039472','2025-10-03 01:10:09'),('2025-08-20',1811,4,1,2566,'C','3341500039472','2025-10-03 01:10:09'),('2025-08-20',1812,4,1,2566,'C','3341500039472','2025-10-03 01:10:09'),('2025-08-20',1813,4,1,2566,'C','3341500039472','2025-10-03 01:10:09'),('2025-08-20',1814,4,1,2566,'C','3341500039472','2025-10-03 01:10:09'),('2025-08-20',1815,4,1,2566,'C','3341500039472','2025-10-03 01:10:09'),('2025-08-20',1816,4,1,2566,'C','3341500039472','2025-10-03 01:10:09'),('2025-08-20',1833,4,1,2566,'C','3341500039472','2025-10-03 01:10:09'),('2025-08-21',1805,4,1,2566,'C','3341500039472','2025-10-03 01:10:15'),('2025-08-21',1806,4,1,2566,'C','3341500039472','2025-10-03 01:10:15'),('2025-08-21',1807,4,1,2566,'C','3341500039472','2025-10-03 01:10:15'),('2025-08-21',1808,4,1,2566,'C','3341500039472','2025-10-03 01:10:15'),('2025-08-21',1809,4,1,2566,'C','3341500039472','2025-10-03 01:10:15'),('2025-08-21',1810,4,1,2566,'C','3341500039472','2025-10-03 01:10:15'),('2025-08-21',1811,4,1,2566,'C','3341500039472','2025-10-03 01:10:15'),('2025-08-21',1812,4,1,2566,'C','3341500039472','2025-10-03 01:10:15'),('2025-08-21',1813,4,1,2566,'C','3341500039472','2025-10-03 01:10:15'),('2025-08-21',1814,4,1,2566,'C','3341500039472','2025-10-03 01:10:15'),('2025-08-21',1815,4,1,2566,'C','3341500039472','2025-10-03 01:10:15'),('2025-08-21',1816,4,1,2566,'C','3341500039472','2025-10-03 01:10:15'),('2025-08-21',1833,4,1,2566,'C','3341500039472','2025-10-03 01:10:15'),('2025-08-22',1805,4,1,2566,'C','3341500039472','2025-10-03 01:10:21'),('2025-08-22',1806,4,1,2566,'C','3341500039472','2025-10-03 01:10:21'),('2025-08-22',1807,4,1,2566,'C','3341500039472','2025-10-03 01:10:21'),('2025-08-22',1808,4,1,2566,'C','3341500039472','2025-10-03 01:10:21'),('2025-08-22',1809,4,1,2566,'C','3341500039472','2025-10-03 01:10:21'),('2025-08-22',1810,4,1,2566,'C','3341500039472','2025-10-03 01:10:21'),('2025-08-22',1811,4,1,2566,'C','3341500039472','2025-10-03 01:10:21'),('2025-08-22',1812,4,1,2566,'C','3341500039472','2025-10-03 01:10:21'),('2025-08-22',1813,4,1,2566,'C','3341500039472','2025-10-03 01:10:21'),('2025-08-22',1814,4,1,2566,'C','3341500039472','2025-10-03 01:10:21'),('2025-08-22',1815,4,1,2566,'C','3341500039472','2025-10-03 01:10:21'),('2025-08-22',1816,4,1,2566,'C','3341500039472','2025-10-03 01:10:21'),('2025-08-22',1833,4,1,2566,'C','3341500039472','2025-10-03 01:10:21'),('2025-08-25',1805,4,1,2566,'C','3341500039472','2025-10-03 01:10:45'),('2025-08-25',1806,4,1,2566,'C','3341500039472','2025-10-03 01:10:45'),('2025-08-25',1807,4,1,2566,'C','3341500039472','2025-10-03 01:10:45'),('2025-08-25',1808,4,1,2566,'C','3341500039472','2025-10-03 01:10:45'),('2025-08-25',1809,4,1,2566,'C','3341500039472','2025-10-03 01:10:45'),('2025-08-25',1810,4,1,2566,'C','3341500039472','2025-10-03 01:10:45'),('2025-08-25',1811,4,1,2566,'C','3341500039472','2025-10-03 01:10:45'),('2025-08-25',1812,4,1,2566,'C','3341500039472','2025-10-03 01:10:45'),('2025-08-25',1813,4,1,2566,'C','3341500039472','2025-10-03 01:10:45'),('2025-08-25',1814,4,1,2566,'C','3341500039472','2025-10-03 01:10:45'),('2025-08-25',1815,4,1,2566,'C','3341500039472','2025-10-03 01:10:45'),('2025-08-25',1816,4,1,2566,'C','3341500039472','2025-10-03 01:10:45'),('2025-08-25',1833,4,1,2566,'C','3341500039472','2025-10-03 01:10:45'),('2025-08-26',1805,4,1,2566,'C','3341500039472','2025-10-03 01:10:53'),('2025-08-26',1806,4,1,2566,'C','3341500039472','2025-10-03 01:10:53'),('2025-08-26',1807,4,1,2566,'C','3341500039472','2025-10-03 01:10:53'),('2025-08-26',1808,4,1,2566,'C','3341500039472','2025-10-03 01:10:53'),('2025-08-26',1809,4,1,2566,'C','3341500039472','2025-10-03 01:10:53'),('2025-08-26',1810,4,1,2566,'C','3341500039472','2025-10-03 01:10:53'),('2025-08-26',1811,4,1,2566,'C','3341500039472','2025-10-03 01:10:53'),('2025-08-26',1812,4,1,2566,'C','3341500039472','2025-10-03 01:10:53'),('2025-08-26',1813,4,1,2566,'C','3341500039472','2025-10-03 01:10:53'),('2025-08-26',1814,4,1,2566,'C','3341500039472','2025-10-03 01:10:53'),('2025-08-26',1815,4,1,2566,'C','3341500039472','2025-10-03 01:10:53'),('2025-08-26',1816,4,1,2566,'C','3341500039472','2025-10-03 01:10:53'),('2025-08-26',1833,4,1,2566,'C','3341500039472','2025-10-03 01:10:53'),('2025-08-27',1805,4,1,2566,'C','3341500039472','2025-10-03 01:10:03'),('2025-08-27',1806,4,1,2566,'C','3341500039472','2025-10-03 01:10:03'),('2025-08-27',1807,4,1,2566,'C','3341500039472','2025-10-03 01:10:03'),('2025-08-27',1808,4,1,2566,'C','3341500039472','2025-10-03 01:10:03'),('2025-08-27',1809,4,1,2566,'C','3341500039472','2025-10-03 01:10:03'),('2025-08-27',1810,4,1,2566,'C','3341500039472','2025-10-03 01:10:03'),('2025-08-27',1811,4,1,2566,'C','3341500039472','2025-10-03 01:10:03'),('2025-08-27',1812,4,1,2566,'C','3341500039472','2025-10-03 01:10:03'),('2025-08-27',1813,4,1,2566,'C','3341500039472','2025-10-03 01:10:03'),('2025-08-27',1814,4,1,2566,'C','3341500039472','2025-10-03 01:10:03'),('2025-08-27',1815,4,1,2566,'C','3341500039472','2025-10-03 01:10:03'),('2025-08-27',1816,4,1,2566,'C','3341500039472','2025-10-03 01:10:03'),('2025-08-27',1833,4,1,2566,'C','3341500039472','2025-10-03 01:10:03'),('2025-08-28',1805,4,1,2566,'C','3341500039472','2025-10-03 01:10:09'),('2025-08-28',1806,4,1,2566,'C','3341500039472','2025-10-03 01:10:09'),('2025-08-28',1807,4,1,2566,'C','3341500039472','2025-10-03 01:10:09'),('2025-08-28',1808,4,1,2566,'C','3341500039472','2025-10-03 01:10:09'),('2025-08-28',1809,4,1,2566,'C','3341500039472','2025-10-03 01:10:09'),('2025-08-28',1810,4,1,2566,'C','3341500039472','2025-10-03 01:10:09'),('2025-08-28',1811,4,1,2566,'C','3341500039472','2025-10-03 01:10:09'),('2025-08-28',1812,4,1,2566,'C','3341500039472','2025-10-03 01:10:09'),('2025-08-28',1813,4,1,2566,'C','3341500039472','2025-10-03 01:10:09'),('2025-08-28',1814,4,1,2566,'C','3341500039472','2025-10-03 01:10:09'),('2025-08-28',1815,4,1,2566,'C','3341500039472','2025-10-03 01:10:09'),('2025-08-28',1816,4,1,2566,'C','3341500039472','2025-10-03 01:10:09'),('2025-08-28',1833,4,1,2566,'C','3341500039472','2025-10-03 01:10:09'),('2025-08-29',1805,4,1,2566,'C','3341500039472','2025-10-03 01:10:16'),('2025-08-29',1806,4,1,2566,'C','3341500039472','2025-10-03 01:10:16'),('2025-08-29',1807,4,1,2566,'C','3341500039472','2025-10-03 01:10:16'),('2025-08-29',1808,4,1,2566,'C','3341500039472','2025-10-03 01:10:16'),('2025-08-29',1809,4,1,2566,'C','3341500039472','2025-10-03 01:10:16'),('2025-08-29',1810,4,1,2566,'C','3341500039472','2025-10-03 01:10:16'),('2025-08-29',1811,4,1,2566,'C','3341500039472','2025-10-03 01:10:16'),('2025-08-29',1812,4,1,2566,'C','3341500039472','2025-10-03 01:10:16'),('2025-08-29',1813,4,1,2566,'C','3341500039472','2025-10-03 01:10:16'),('2025-08-29',1814,4,1,2566,'C','3341500039472','2025-10-03 01:10:16'),('2025-08-29',1815,4,1,2566,'C','3341500039472','2025-10-03 01:10:16'),('2025-08-29',1816,4,1,2566,'C','3341500039472','2025-10-03 01:10:16'),('2025-08-29',1833,4,1,2566,'C','3341500039472','2025-10-03 01:10:16'),('2025-10-06',1753,8,1,2566,'C','5342200002741','2025-10-06 10:10:38'),('2025-10-06',1754,8,1,2566,'C','5342200002741','2025-10-06 10:10:38'),('2025-10-06',1755,8,1,2566,'C','5342200002741','2025-10-06 10:10:38'),('2025-10-06',1756,8,1,2566,'C','5342200002741','2025-10-06 10:10:38'),('2025-10-06',1757,8,1,2566,'C','5342200002741','2025-10-06 10:10:38'),('2025-10-06',1758,8,1,2566,'C','5342200002741','2025-10-06 10:10:38'),('2025-10-06',1759,8,1,2566,'C','5342200002741','2025-10-06 10:10:38'),('2025-10-06',1760,8,1,2566,'C','5342200002741','2025-10-06 10:10:38'),('2025-10-06',1761,8,1,2566,'C','5342200002741','2025-10-06 10:10:38'),('2025-10-06',1762,8,1,2566,'C','5342200002741','2025-10-06 10:10:38'),('2025-10-06',1778,8,1,2566,'C','5342200002741','2025-10-06 10:10:38'),('2025-10-07',1753,8,1,2566,'C','5342200002741','2025-10-07 10:10:29'),('2025-10-07',1754,8,1,2566,'C','5342200002741','2025-10-07 10:10:29'),('2025-10-07',1755,8,1,2566,'C','5342200002741','2025-10-07 10:10:29'),('2025-10-07',1756,8,1,2566,'C','5342200002741','2025-10-07 10:10:29'),('2025-10-07',1757,8,1,2566,'C','5342200002741','2025-10-07 10:10:29'),('2025-10-07',1758,8,1,2566,'C','5342200002741','2025-10-07 10:10:29'),('2025-10-07',1759,8,1,2566,'C','5342200002741','2025-10-07 10:10:29'),('2025-10-07',1760,8,1,2566,'C','5342200002741','2025-10-07 10:10:29'),('2025-10-07',1761,8,1,2566,'C','5342200002741','2025-10-07 10:10:29'),('2025-10-07',1762,8,1,2566,'C','5342200002741','2025-10-07 10:10:29'),('2025-10-07',1778,8,1,2566,'C','5342200002741','2025-10-07 10:10:29'),('2025-11-03',1753,8,1,2566,'C','5342200002741','2025-11-03 01:11:02'),('2025-11-03',1754,8,1,2566,'C','5342200002741','2025-11-03 01:11:02'),('2025-11-03',1755,8,1,2566,'C','5342200002741','2025-11-03 01:11:02'),('2025-11-03',1756,8,1,2566,'C','5342200002741','2025-11-03 01:11:02'),('2025-11-03',1757,8,1,2566,'C','5342200002741','2025-11-03 01:11:02'),('2025-11-03',1758,8,1,2566,'C','5342200002741','2025-11-03 01:11:02'),('2025-11-03',1759,8,1,2566,'C','5342200002741','2025-11-03 01:11:02'),('2025-11-03',1760,8,1,2566,'C','5342200002741','2025-11-03 01:11:02'),('2025-11-03',1761,8,1,2566,'C','5342200002741','2025-11-03 01:11:02'),('2025-11-03',1762,8,1,2566,'C','5342200002741','2025-11-03 01:11:02'),('2025-11-03',1778,8,1,2566,'C','5342200002741','2025-11-03 01:11:02'),('2025-10-10',1753,8,1,2566,'C','5342200002741','2025-11-03 01:11:56'),('2025-10-10',1754,8,1,2566,'C','5342200002741','2025-11-03 01:11:56'),('2025-10-10',1755,8,1,2566,'C','5342200002741','2025-11-03 01:11:56'),('2025-10-10',1756,8,1,2566,'C','5342200002741','2025-11-03 01:11:56'),('2025-10-10',1757,8,1,2566,'C','5342200002741','2025-11-03 01:11:56'),('2025-10-10',1758,8,1,2566,'C','5342200002741','2025-11-03 01:11:56'),('2025-10-10',1759,8,1,2566,'C','5342200002741','2025-11-03 01:11:56'),('2025-10-10',1760,8,1,2566,'C','5342200002741','2025-11-03 01:11:56'),('2025-10-10',1761,8,1,2566,'C','5342200002741','2025-11-03 01:11:56'),('2025-10-10',1762,8,1,2566,'C','5342200002741','2025-11-03 01:11:56'),('2025-10-10',1778,8,1,2566,'C','5342200002741','2025-11-03 01:11:56'),('2025-10-09',1753,8,1,2566,'C','5342200002741','2025-11-03 01:11:02'),('2025-10-09',1754,8,1,2566,'C','5342200002741','2025-11-03 01:11:02'),('2025-10-09',1755,8,1,2566,'C','5342200002741','2025-11-03 01:11:02'),('2025-10-09',1756,8,1,2566,'C','5342200002741','2025-11-03 01:11:02'),('2025-10-09',1757,8,1,2566,'C','5342200002741','2025-11-03 01:11:02'),('2025-10-09',1758,8,1,2566,'C','5342200002741','2025-11-03 01:11:02'),('2025-10-09',1759,8,1,2566,'C','5342200002741','2025-11-03 01:11:02'),('2025-10-09',1760,8,1,2566,'C','5342200002741','2025-11-03 01:11:02'),('2025-10-09',1761,8,1,2566,'C','5342200002741','2025-11-03 01:11:02'),('2025-10-09',1762,8,1,2566,'C','5342200002741','2025-11-03 01:11:02'),('2025-10-09',1778,8,1,2566,'C','5342200002741','2025-11-03 01:11:02'),('2025-10-08',1753,8,1,2566,'C','5342200002741','2025-11-03 01:11:27'),('2025-10-08',1754,8,1,2566,'C','5342200002741','2025-11-03 01:11:27'),('2025-10-08',1755,8,1,2566,'C','5342200002741','2025-11-03 01:11:27'),('2025-10-08',1756,8,1,2566,'C','5342200002741','2025-11-03 01:11:27'),('2025-10-08',1757,8,1,2566,'C','5342200002741','2025-11-03 01:11:27'),('2025-10-08',1758,8,1,2566,'C','5342200002741','2025-11-03 01:11:27'),('2025-10-08',1759,8,1,2566,'C','5342200002741','2025-11-03 01:11:27'),('2025-10-08',1760,8,1,2566,'C','5342200002741','2025-11-03 01:11:27'),('2025-10-08',1761,8,1,2566,'C','5342200002741','2025-11-03 01:11:27'),('2025-10-08',1762,8,1,2566,'C','5342200002741','2025-11-03 01:11:27'),('2025-10-08',1778,8,1,2566,'C','5342200002741','2025-11-03 01:11:27'),('2025-11-04',1753,8,1,2566,'C','5342200002741','2025-11-04 09:11:20'),('2025-11-04',1754,8,1,2566,'C','5342200002741','2025-11-04 09:11:20'),('2025-11-04',1755,8,1,2566,'C','5342200002741','2025-11-04 09:11:20'),('2025-11-04',1756,8,1,2566,'C','5342200002741','2025-11-04 09:11:20'),('2025-11-04',1757,8,1,2566,'C','5342200002741','2025-11-04 09:11:20'),('2025-11-04',1758,8,1,2566,'C','5342200002741','2025-11-04 09:11:20'),('2025-11-04',1759,8,1,2566,'C','5342200002741','2025-11-04 09:11:20'),('2025-11-04',1760,8,1,2566,'C','5342200002741','2025-11-04 09:11:20'),('2025-11-04',1761,8,1,2566,'C','5342200002741','2025-11-04 09:11:20'),('2025-11-04',1762,8,1,2566,'C','5342200002741','2025-11-04 09:11:20'),('2025-11-04',1778,8,1,2566,'C','5342200002741','2025-11-04 09:11:20'),('2025-11-05',1753,8,1,2566,'C','5342200002741','2025-11-05 02:11:08'),('2025-11-05',1754,8,1,2566,'C','5342200002741','2025-11-05 02:11:08'),('2025-11-05',1755,8,1,2566,'C','5342200002741','2025-11-05 02:11:08'),('2025-11-05',1756,8,1,2566,'C','5342200002741','2025-11-05 02:11:08'),('2025-11-05',1757,8,1,2566,'C','5342200002741','2025-11-05 02:11:08'),('2025-11-05',1758,8,1,2566,'C','5342200002741','2025-11-05 02:11:08'),('2025-11-05',1759,8,1,2566,'C','5342200002741','2025-11-05 02:11:08'),('2025-11-05',1760,8,1,2566,'C','5342200002741','2025-11-05 02:11:08'),('2025-11-05',1761,8,1,2566,'C','5342200002741','2025-11-05 02:11:08'),('2025-11-05',1762,8,1,2566,'C','5342200002741','2025-11-05 02:11:08'),('2025-11-05',1778,8,1,2566,'C','5342200002741','2025-11-05 02:11:08'),('2025-11-06',1753,8,1,2566,'C','5342200002741','2025-11-06 01:11:06'),('2025-11-06',1754,8,1,2566,'C','5342200002741','2025-11-06 01:11:06'),('2025-11-06',1755,8,1,2566,'C','5342200002741','2025-11-06 01:11:06'),('2025-11-06',1756,8,1,2566,'C','5342200002741','2025-11-06 01:11:06'),('2025-11-06',1757,8,1,2566,'C','5342200002741','2025-11-06 01:11:06'),('2025-11-06',1758,8,1,2566,'C','5342200002741','2025-11-06 01:11:06'),('2025-11-06',1759,8,1,2566,'C','5342200002741','2025-11-06 01:11:06'),('2025-11-06',1760,8,1,2566,'C','5342200002741','2025-11-06 01:11:06'),('2025-11-06',1761,8,1,2566,'C','5342200002741','2025-11-06 01:11:06'),('2025-11-06',1762,8,1,2566,'C','5342200002741','2025-11-06 01:11:06'),('2025-11-06',1778,8,1,2566,'C','5342200002741','2025-11-06 01:11:06'),('2025-11-11',1753,8,1,2566,'C','5342200002741','2025-11-11 10:11:13'),('2025-11-11',1754,8,1,2566,'C','5342200002741','2025-11-11 10:11:13'),('2025-11-11',1755,8,1,2566,'C','5342200002741','2025-11-11 10:11:13'),('2025-11-11',1756,8,1,2566,'C','5342200002741','2025-11-11 10:11:13'),('2025-11-11',1757,8,1,2566,'C','5342200002741','2025-11-11 10:11:13'),('2025-11-11',1758,8,1,2566,'C','5342200002741','2025-11-11 10:11:13'),('2025-11-11',1759,8,1,2566,'C','5342200002741','2025-11-11 10:11:13'),('2025-11-11',1760,8,1,2566,'C','5342200002741','2025-11-11 10:11:13'),('2025-11-11',1761,8,1,2566,'C','5342200002741','2025-11-11 10:11:13'),('2025-11-11',1762,8,1,2566,'C','5342200002741','2025-11-11 10:11:13'),('2025-11-11',1778,8,1,2566,'C','5342200002741','2025-11-11 10:11:13'),('2025-11-10',1753,8,1,2566,'C','5342200002741','2025-11-11 10:11:31'),('2025-11-10',1754,8,1,2566,'C','5342200002741','2025-11-11 10:11:31'),('2025-11-10',1755,8,1,2566,'C','5342200002741','2025-11-11 10:11:31'),('2025-11-10',1756,8,1,2566,'C','5342200002741','2025-11-11 10:11:31'),('2025-11-10',1757,8,1,2566,'C','5342200002741','2025-11-11 10:11:31'),('2025-11-10',1758,8,1,2566,'C','5342200002741','2025-11-11 10:11:31'),('2025-11-10',1759,8,1,2566,'C','5342200002741','2025-11-11 10:11:31'),('2025-11-10',1760,8,1,2566,'C','5342200002741','2025-11-11 10:11:31'),('2025-11-10',1761,8,1,2566,'C','5342200002741','2025-11-11 10:11:31'),('2025-11-10',1762,8,1,2566,'C','5342200002741','2025-11-11 10:11:31'),('2025-11-10',1778,8,1,2566,'C','5342200002741','2025-11-11 10:11:31'),('2025-11-07',1753,8,1,2566,'C','5342200002741','2025-11-11 10:11:38'),('2025-11-07',1754,8,1,2566,'C','5342200002741','2025-11-11 10:11:38'),('2025-11-07',1755,8,1,2566,'C','5342200002741','2025-11-11 10:11:38'),('2025-11-07',1756,8,1,2566,'C','5342200002741','2025-11-11 10:11:38'),('2025-11-07',1757,8,1,2566,'C','5342200002741','2025-11-11 10:11:38'),('2025-11-07',1758,8,1,2566,'C','5342200002741','2025-11-11 10:11:38'),('2025-11-07',1759,8,1,2566,'C','5342200002741','2025-11-11 10:11:38'),('2025-11-07',1760,8,1,2566,'C','5342200002741','2025-11-11 10:11:38'),('2025-11-07',1761,8,1,2566,'C','5342200002741','2025-11-11 10:11:38'),('2025-11-07',1762,8,1,2566,'C','5342200002741','2025-11-11 10:11:38'),('2025-11-07',1778,8,1,2566,'C','5342200002741','2025-11-11 10:11:38'),('2025-11-12',1753,8,1,2566,'C','5342200002741','2025-11-12 09:11:48'),('2025-11-12',1754,8,1,2566,'C','5342200002741','2025-11-12 09:11:48'),('2025-11-12',1755,8,1,2566,'C','5342200002741','2025-11-12 09:11:48'),('2025-11-12',1756,8,1,2566,'C','5342200002741','2025-11-12 09:11:48'),('2025-11-12',1757,8,1,2566,'C','5342200002741','2025-11-12 09:11:48'),('2025-11-12',1758,8,1,2566,'C','5342200002741','2025-11-12 09:11:48'),('2025-11-12',1759,8,1,2566,'C','5342200002741','2025-11-12 09:11:48'),('2025-11-12',1760,8,1,2566,'C','5342200002741','2025-11-12 09:11:48'),('2025-11-12',1761,8,1,2566,'C','5342200002741','2025-11-12 09:11:48'),('2025-11-12',1762,8,1,2566,'C','5342200002741','2025-11-12 09:11:48'),('2025-11-12',1778,8,1,2566,'C','5342200002741','2025-11-12 09:11:48'),('2025-11-17',1753,8,1,2566,'C','5342200002741','2025-11-17 01:11:30'),('2025-11-17',1754,8,1,2566,'C','5342200002741','2025-11-17 01:11:30'),('2025-11-17',1755,8,1,2566,'C','5342200002741','2025-11-17 01:11:30'),('2025-11-17',1756,8,1,2566,'C','5342200002741','2025-11-17 01:11:30'),('2025-11-17',1757,8,1,2566,'C','5342200002741','2025-11-17 01:11:30'),('2025-11-17',1758,8,1,2566,'C','5342200002741','2025-11-17 01:11:30'),('2025-11-17',1759,8,1,2566,'C','5342200002741','2025-11-17 01:11:30'),('2025-11-17',1760,8,1,2566,'C','5342200002741','2025-11-17 01:11:30'),('2025-11-17',1761,8,1,2566,'C','5342200002741','2025-11-17 01:11:30'),('2025-11-17',1762,8,1,2566,'C','5342200002741','2025-11-17 01:11:30'),('2025-11-17',1778,8,1,2566,'C','5342200002741','2025-11-17 01:11:30'),('2025-11-14',1753,8,1,2566,'C','5342200002741','2025-11-17 01:11:46'),('2025-11-14',1754,8,1,2566,'C','5342200002741','2025-11-17 01:11:46'),('2025-11-14',1755,8,1,2566,'C','5342200002741','2025-11-17 01:11:46'),('2025-11-14',1756,8,1,2566,'C','5342200002741','2025-11-17 01:11:46'),('2025-11-14',1757,8,1,2566,'C','5342200002741','2025-11-17 01:11:46'),('2025-11-14',1758,8,1,2566,'C','5342200002741','2025-11-17 01:11:46'),('2025-11-14',1759,8,1,2566,'C','5342200002741','2025-11-17 01:11:46'),('2025-11-14',1760,8,1,2566,'C','5342200002741','2025-11-17 01:11:46'),('2025-11-14',1761,8,1,2566,'C','5342200002741','2025-11-17 01:11:46'),('2025-11-14',1762,8,1,2566,'C','5342200002741','2025-11-17 01:11:46'),('2025-11-14',1778,8,1,2566,'C','5342200002741','2025-11-17 01:11:46'),('2025-11-13',1753,8,1,2566,'C','5342200002741','2025-11-17 01:11:53'),('2025-11-13',1754,8,1,2566,'C','5342200002741','2025-11-17 01:11:53'),('2025-11-13',1755,8,1,2566,'C','5342200002741','2025-11-17 01:11:53'),('2025-11-13',1756,8,1,2566,'C','5342200002741','2025-11-17 01:11:53'),('2025-11-13',1757,8,1,2566,'C','5342200002741','2025-11-17 01:11:53'),('2025-11-13',1758,8,1,2566,'C','5342200002741','2025-11-17 01:11:53'),('2025-11-13',1759,8,1,2566,'C','5342200002741','2025-11-17 01:11:53'),('2025-11-13',1760,8,1,2566,'C','5342200002741','2025-11-17 01:11:53'),('2025-11-13',1761,8,1,2566,'C','5342200002741','2025-11-17 01:11:53'),('2025-11-13',1762,8,1,2566,'C','5342200002741','2025-11-17 01:11:53'),('2025-11-13',1778,8,1,2566,'C','5342200002741','2025-11-17 01:11:53'),('2025-11-24',1753,8,1,2566,'C','5342200002741','2025-11-24 10:11:57'),('2025-11-24',1754,8,1,2566,'C','5342200002741','2025-11-24 10:11:57'),('2025-11-24',1755,8,1,2566,'C','5342200002741','2025-11-24 10:11:57'),('2025-11-24',1756,8,1,2566,'C','5342200002741','2025-11-24 10:11:57'),('2025-11-24',1757,8,1,2566,'C','5342200002741','2025-11-24 10:11:57'),('2025-11-24',1758,8,1,2566,'C','5342200002741','2025-11-24 10:11:57'),('2025-11-24',1759,8,1,2566,'C','5342200002741','2025-11-24 10:11:57'),('2025-11-24',1760,8,1,2566,'C','5342200002741','2025-11-24 10:11:57'),('2025-11-24',1761,8,1,2566,'C','5342200002741','2025-11-24 10:11:57'),('2025-11-24',1762,8,1,2566,'C','5342200002741','2025-11-24 10:11:57'),('2025-11-24',1778,8,1,2566,'C','5342200002741','2025-11-24 10:11:57'),('2025-11-21',1753,8,1,2566,'C','5342200002741','2025-11-24 10:11:39'),('2025-11-21',1754,8,1,2566,'C','5342200002741','2025-11-24 10:11:39'),('2025-11-21',1755,8,1,2566,'C','5342200002741','2025-11-24 10:11:39'),('2025-11-21',1756,8,1,2566,'C','5342200002741','2025-11-24 10:11:39'),('2025-11-21',1757,8,1,2566,'C','5342200002741','2025-11-24 10:11:39'),('2025-11-21',1758,8,1,2566,'C','5342200002741','2025-11-24 10:11:39'),('2025-11-21',1759,8,1,2566,'C','5342200002741','2025-11-24 10:11:39'),('2025-11-21',1760,8,1,2566,'C','5342200002741','2025-11-24 10:11:39'),('2025-11-21',1761,8,1,2566,'C','5342200002741','2025-11-24 10:11:39'),('2025-11-21',1762,8,1,2566,'C','5342200002741','2025-11-24 10:11:39'),('2025-11-21',1778,8,1,2566,'C','5342200002741','2025-11-24 10:11:39'),('2025-11-20',1753,8,1,2566,'C','5342200002741','2025-11-24 10:11:55'),('2025-11-20',1754,8,1,2566,'C','5342200002741','2025-11-24 10:11:55'),('2025-11-20',1755,8,1,2566,'C','5342200002741','2025-11-24 10:11:55'),('2025-11-20',1756,8,1,2566,'C','5342200002741','2025-11-24 10:11:55'),('2025-11-20',1757,8,1,2566,'C','5342200002741','2025-11-24 10:11:55'),('2025-11-20',1758,8,1,2566,'C','5342200002741','2025-11-24 10:11:55'),('2025-11-20',1759,8,1,2566,'C','5342200002741','2025-11-24 10:11:55'),('2025-11-20',1760,8,1,2566,'C','5342200002741','2025-11-24 10:11:55'),('2025-11-20',1761,8,1,2566,'C','5342200002741','2025-11-24 10:11:55'),('2025-11-20',1762,8,1,2566,'C','5342200002741','2025-11-24 10:11:55'),('2025-11-20',1778,8,1,2566,'C','5342200002741','2025-11-24 10:11:55'),('2025-11-19',1753,8,1,2566,'C','5342200002741','2025-11-24 10:11:02'),('2025-11-19',1754,8,1,2566,'C','5342200002741','2025-11-24 10:11:02'),('2025-11-19',1755,8,1,2566,'C','5342200002741','2025-11-24 10:11:02'),('2025-11-19',1756,8,1,2566,'C','5342200002741','2025-11-24 10:11:02'),('2025-11-19',1757,8,1,2566,'C','5342200002741','2025-11-24 10:11:02'),('2025-11-19',1758,8,1,2566,'C','5342200002741','2025-11-24 10:11:02'),('2025-11-19',1759,8,1,2566,'C','5342200002741','2025-11-24 10:11:02'),('2025-11-19',1760,8,1,2566,'C','5342200002741','2025-11-24 10:11:02'),('2025-11-19',1761,8,1,2566,'C','5342200002741','2025-11-24 10:11:02'),('2025-11-19',1762,8,1,2566,'C','5342200002741','2025-11-24 10:11:02'),('2025-11-19',1778,8,1,2566,'C','5342200002741','2025-11-24 10:11:02'),('2025-11-18',1753,8,1,2566,'C','5342200002741','2025-11-24 10:11:08'),('2025-11-18',1754,8,1,2566,'C','5342200002741','2025-11-24 10:11:08'),('2025-11-18',1755,8,1,2566,'C','5342200002741','2025-11-24 10:11:08'),('2025-11-18',1756,8,1,2566,'C','5342200002741','2025-11-24 10:11:08'),('2025-11-18',1757,8,1,2566,'C','5342200002741','2025-11-24 10:11:08'),('2025-11-18',1758,8,1,2566,'C','5342200002741','2025-11-24 10:11:08'),('2025-11-18',1759,8,1,2566,'C','5342200002741','2025-11-24 10:11:08'),('2025-11-18',1760,8,1,2566,'C','5342200002741','2025-11-24 10:11:08'),('2025-11-18',1761,8,1,2566,'C','5342200002741','2025-11-24 10:11:08'),('2025-11-18',1762,8,1,2566,'C','5342200002741','2025-11-24 10:11:08'),('2025-11-18',1778,8,1,2566,'C','5342200002741','2025-11-24 10:11:08');

--
-- Table structure for table `student_check_permission`
--

CREATE TABLE `student_check_permission` (
  `class_now` tinyint(4) NOT NULL,
  `room_now` tinyint(4) NOT NULL,
  `person_id` varchar(13) NOT NULL,
  `student_check_year` int(11) NOT NULL
) ENGINE=MyISAM DEFAULT CHARSET=utf8 COLLATE=utf8_general_ci;

--
-- Dumping data for table `student_check_permission`
--

INSERT INTO `student_check_permission` VALUES (2,1,'3340101229463',2562),(3,1,'1341500247737',2562),(4,1,'3341500039472',2558),(5,1,'3120100216459',2558),(6,1,'3801300330284',2558),(7,1,'3341500804489',2558),(4,1,'1341500247737',2564),(6,1,'3801300330284',2566),(7,1,'3341500804489',2559),(4,1,'3341500039472',2564),(2,1,'3341500513786',2562),(3,1,'3340101229463',2562),(2,1,'1341500247737',2562),(4,1,'3341500039472',2562),(4,1,'3340101229463',2562),(5,1,'3120100216459',2562),(5,1,'3340101229463',2562),(6,1,'3801300330284',2562),(6,1,'3340101229463',2562),(7,1,'3340101229463',2562),(8,1,'1341700017212',2563),(3,1,'1341500247737',2564),(8,1,'3340101229463',2562),(5,1,'3120100216459',2566),(9,1,'3340101229463',2562),(4,1,'1341500247737',2562),(5,1,'1341500247737',2562),(6,1,'1341500247737',2562),(7,1,'1341500247737',2562),(8,1,'1341500247737',2562),(9,1,'1341500247737',2562),(3,1,'1341500269323',2562),(2,1,'3341500513786',2563),(2,1,'1341500247737',2563),(2,1,'3340101229463',2563),(3,1,'1341500269323',2563),(3,1,'1341500247737',2563),(3,1,'3340101229463',2563),(4,1,'3341500039472',2563),(4,1,'1341500247737',2563),(4,1,'3340101229463',2563),(5,1,'3120100216459',2563),(5,1,'1341500247737',2563),(5,1,'3340101229463',2563),(6,1,'3801300330284',2563),(6,1,'1341500247737',2563),(6,1,'3340101229463',2563),(7,1,'3349800125291',2563),(7,1,'1341500247737',2563),(7,1,'3340101229463',2563),(3,1,'1341500269323',2564),(8,1,'1341500247737',2563),(8,1,'3340101229463',2563),(4,1,'3341500039472',2566),(9,1,'1341500247737',2563),(9,1,'3340101229463',2563),(5,1,'3120100216459',2564),(5,1,'1341500247737',2564),(6,1,'3801300330284',2564),(6,1,'1341500247737',2564),(9,1,'3349800125291',2565),(7,1,'1341500247737',2564),(7,1,'3341500883877',2566),(8,1,'1341500247737',2564),(3,1,'3341500513786',2566),(9,1,'1341500247737',2564),(2,1,'3341500513786',2564),(2,1,'1341500247737',2564),(2,1,'3340101229463',2564),(3,1,'3340101229463',2564),(4,1,'3340101229463',2564),(5,1,'3340101229463',2564),(6,1,'3340101229463',2564),(7,1,'3340101229463',2564),(8,1,'3340101229463',2564),(9,1,'3340101229463',2564),(2,1,'3341500513786',2565),(2,1,'1341500247737',2565),(3,1,'1341500247737',2565),(4,1,'3341500039472',2565),(4,1,'1341500247737',2565),(5,1,'3120100216459',2565),(5,1,'1341500247737',2565),(6,1,'3801300330284',2565),(6,1,'1341500247737',2565),(7,1,'5342200002741',2565),(7,1,'1341500247737',2565),(8,1,'3349800125291',2565),(8,1,'1341500247737',2565),(2,1,'3341500513786',2566),(9,1,'1341500247737',2565),(3,1,'3341500513786',2565),(9,1,'3349800125291',2566),(8,1,'5342200002741',2566);

--
-- Table structure for table `student_check_year`
--

CREATE TABLE `student_check_year` (
  `id` int(11) NOT NULL AUTO_INCREMENT,
  `student_check_year` int(11) NOT NULL,
  `year_active` tinyint(1) NOT NULL,
  PRIMARY KEY (`id`),
  UNIQUE KEY `student_check_year` (`student_check_year`)
) ENGINE=MyISAM AUTO_INCREMENT=8 DEFAULT CHARSET=utf8 COLLATE=utf8_general_ci;

--
-- Dumping data for table `student_check_year`
--

INSERT INTO `student_check_year` VALUES (4,2563,0),(5,2564,0),(3,2562,0),(6,2565,0),(7,2566,1);

--
-- Table structure for table `student_main`
--

CREATE TABLE `student_main` (
  `id` int(11) NOT NULL AUTO_INCREMENT,
  `student_id` varchar(7) NOT NULL,
  `student_number` int(11) DEFAULT NULL,
  `prename` varchar(20) NOT NULL,
  `name` varchar(50) NOT NULL,
  `surname` varchar(50) NOT NULL,
  `person_id` varchar(20) DEFAULT NULL,
  `sex` tinyint(4) NOT NULL DEFAULT 0,
  `pic` varchar(150) DEFAULT NULL,
  `class_now` tinyint(4) DEFAULT NULL,
  `room` tinyint(4) NOT NULL DEFAULT 0,
  `status` tinyint(4) NOT NULL DEFAULT 0,
  `out_edyear` int(11) DEFAULT NULL,
  `officer` varchar(13) NOT NULL,
  `rec_date` date NOT NULL,
  PRIMARY KEY (`id`),
  UNIQUE KEY `student_number` (`student_id`),
  KEY `class_now` (`class_now`),
  KEY `room` (`room`)
) ENGINE=MyISAM AUTO_INCREMENT=265 DEFAULT CHARSET=utf8 COLLATE=utf8_general_ci;

--
-- Dumping data for table `student_main`
--

INSERT INTO `student_main` VALUES (1,'1680',1,'เด็กชาย','ชัยวัฒน์','ทาระศรี','1339600221729',1,NULL,6,1,2,2562,'3340101229463','0000-00-00'),(235,'1816',12,'เด็กหญิง','อภิญญา','ประชานันท์','1341501628211',2,'',4,1,0,NULL,'3340101229463','2023-06-12'),(203,'1784',1,'เด็กชาย','กฤตานนท์  ','บุญทะสิงห์','1349902139936',1,'',6,1,0,NULL,'3340101229463','2021-06-13'),(224,'1805',1,'เด็กชาย','ณัฐวุฒิ','ประทุมมา','1341501628378',1,'',4,1,0,NULL,'3340101229463','2023-06-12'),(225,'1806',2,'เด็กชาย','ธนวัฒน์','คำภานัย','1341501642451',1,'',4,1,0,NULL,'3340101229463','2023-06-12'),(226,'1807',3,'เด็กชาย','ธนาวุฒิ','บุรัสการ','1349902265273',1,'',4,1,0,NULL,'3340101229463','2023-06-12'),(227,'1808',4,'เด็กชาย','พัทธพล','ทาระศรี','1347600143033',1,'',4,1,0,NULL,'3340101229463','2023-06-12'),(228,'1809',5,'เด็กชาย','ภูวดล','เลขสัน','1349902242800',1,'',4,1,0,NULL,'3340101229463','2023-06-12'),(13,'1660',4,'เด็กชาย','ธนากร','จันเลื่อน','1342200151476',1,NULL,9,1,1,2564,'1341700017212','0000-00-00'),(14,'1661',5,'เด็กชาย','เอกนรินทร์','ไชยรถ','1347600041711',1,NULL,8,1,2,2563,'3340101229463','0000-00-00'),(15,'1662',5,'เด็กชาย','วันเฉลิม','สายเคน','1342200151611',1,NULL,9,1,1,2564,'3341500307256','0000-00-00'),(16,'1663',1,'เด็กชาย','กฤติน','ใจภักดี','1347600038906',1,NULL,9,1,1,2564,'3340101229463','0000-00-00'),(17,'1665',7,'เด็กชาย','ธีรภัทร','แสงกล้า','1342200151735',1,NULL,9,1,1,2564,'3341500307256','0000-00-00'),(18,'1666',2,'เด็กชาย','เสฏฐวุฒิ','เอกพันธ์','1342200151425',1,NULL,9,1,1,2564,'3340101229463','0000-00-00'),(19,'1667',6,'เด็กชาย','ชาตรี','แก้วคำกอง','1342200151891',1,NULL,9,1,1,2564,'3341500307256','0000-00-00'),(20,'1668',3,'เด็กชาย','ธรนันท์','จำปารัตน์','1342200151751',1,NULL,9,1,1,2564,'3340101229463','0000-00-00'),(21,'1669',11,'เด็กชาย','ปิยะ','แก้วคำกอง','1103704368609',1,NULL,9,1,1,2563,'3340101229463','0000-00-00'),(22,'1671',10,'เด็กหญิง','ดวงพร','ธาถาวร','1342200151158',2,NULL,9,1,1,2564,'3341500307256','0000-00-00'),(23,'1672',11,'เด็กหญิง','ปลิตา','มั่นกาล','1342200151514',2,NULL,9,1,1,2564,'3341500307256','0000-00-00'),(24,'1673',12,'เด็กหญิง','วิชาดา','จันทร์โสภา','1342200153380',2,NULL,9,1,1,2564,'3341500307256','0000-00-00'),(25,'1674',13,'เด็กหญิง','นิรชา','เคนทองที','1342200151824',2,NULL,9,1,1,2564,'3341500307256','0000-00-00'),(26,'1675',14,'เด็กหญิง','กนกวรรณ','สิงห์แจ่ม','1342200151042',2,NULL,9,1,1,2564,'3341500307256','0000-00-00'),(27,'1676',9,'เด็กหญิง','อริสา','ศรีเมือง','1100704156889',2,NULL,9,1,1,2564,'3341500307256','0000-00-00'),(28,'1677',15,'เด็กหญิง','ศันสนีย์','ศรีเลิศ','1342200153215',2,NULL,9,1,1,2564,'3341500307256','0000-00-00'),(29,'1678',16,'เด็กหญิง','อริสา','ไชยพล','1342200153088',2,NULL,9,1,1,2564,'3341500307256','0000-00-00'),(30,'1649',1,'เด็กชาย','กิตติธัช','ทองคำตอน','1349901601784',1,NULL,9,1,1,2563,'3340101229463','0000-00-00'),(31,'1650',2,'เด็กชาย','เทพารักษ์','บุรัสการ','1342200147657',1,NULL,9,1,1,2563,'3340101229463','0000-00-00'),(32,'1651',3,'เด็กชาย','เมธาสิทธิ์','ทาระศรี','1347600027289',1,NULL,9,1,1,2563,'3340101229463','0000-00-00'),(33,'1652',4,'เด็กชาย','ตะวัน','แสงกล้า','1342200149927',1,NULL,9,1,1,2563,'3340101229463','0000-00-00'),(34,'1653',5,'เด็กชาย','อนุชา','ยากุล','1349901561901',1,NULL,9,1,1,2563,'3340101229463','0000-00-00'),(35,'1654',6,'เด็กชาย','อภิชัย','ภาคชมภู','1349901584553',1,NULL,9,1,1,2563,'3340101229463','0000-00-00'),(37,'1655',7,'เด็กหญิง','งามพิไล','อ่อนวรรณะ','1342200150950',2,NULL,9,1,1,2563,'3340101229463','0000-00-00'),(38,'1656',8,'เด็กหญิง','นิตยา','สายเคน','1342200148238',2,NULL,9,1,1,2563,'3340101229463','0000-00-00'),(39,'1657',9,'เด็กหญิง','พัชรนันท์','โชติสนธิ์','1349901591959',2,NULL,9,1,1,2563,'3340101229463','0000-00-00'),(40,'1659',10,'เด็กหญิง','อมรรัตน์','สิมาวัน','1349901592807',2,NULL,9,1,1,2563,'3340101229463','0000-00-00'),(41,'1692',12,'เด็กหญิง','เบญญาภา','วงษ์ภักดี','1347600034536',2,NULL,9,1,1,2563,'3340101229463','0000-00-00'),(42,'1625',1,'เด็กชาย','เอรวัณ','บุญประสม','1349901528301',1,NULL,9,1,1,2562,'3340101229463','0000-00-00'),(43,'1626',4,'เด็กชาย','วรุฒิพงษ์','วงษ์ภักดี','1339000076710',1,NULL,9,1,1,2562,'3340101229463','0000-00-00'),(44,'1627',5,'เด็กชาย','ลิขิต','ทาระศรี','1342200145476',1,NULL,9,1,1,2562,'3340101229463','0000-00-00'),(45,'1629',12,'เด็กชาย','พงศธร','ยานศิริ','1349901500341',1,NULL,9,1,1,2562,'3340101229463','0000-00-00'),(46,'1630',6,'เด็กชาย','พิทวัส','ศรีลาทิพย์','1342200144917',1,NULL,9,1,1,2562,'3340101229463','0000-00-00'),(47,'1631',7,'เด็กชาย','อนุภัทร','สิงห์แจ่ม','1342200146847',1,NULL,9,1,1,2562,'3340101229463','0000-00-00'),(48,'1632',8,'เด็กชาย','ปาณชัย','มุกดาหาร','1342200146715',1,NULL,9,1,1,2562,'3340101229463','0000-00-00'),(49,'1633',2,'เด็กชาย','ธีระพงศ์','แก้วคำกอง','1342200147029',1,NULL,9,1,1,2562,'3340101229463','0000-00-00'),(50,'1634',9,'เด็กชาย','กฤษฎา','แก้วคำกอง','1349901508377',1,NULL,9,1,1,2562,'3340101229463','0000-00-00'),(51,'1635',3,'เด็กชาย','รัชชานนท์','ปาคำทอง','1739902365282',1,NULL,9,1,1,2562,'3340101229463','0000-00-00'),(52,'1636',10,'เด็กชาย','ประวีร์','ชุมพุฒ','1342200145832',1,NULL,9,1,1,2562,'3340101229463','0000-00-00'),(53,'1638',11,'เด็กชาย','วรชิต','ปัดถาพิมพ์','1342200147967',1,NULL,9,1,1,2562,'3340101229463','0000-00-00'),(55,'1639',19,'เด็กหญิง','ฐิติญาณ','วันตุ้ม','1349901570846',2,NULL,9,1,1,2562,'3340101229463','0000-00-00'),(56,'1641',14,'เด็กหญิง','กนกวรรณ','กัญญาพันธ์','1342200147835',2,NULL,9,1,1,2562,'3340101229463','0000-00-00'),(57,'1642',15,'เด็กหญิง','กนกลักษณ์','บุญดาว','1349901536605',2,NULL,9,1,1,2562,'3340101229463','0000-00-00'),(58,'1643',16,'เด็กหญิง','จุฑามาศ','คำภาชาติ','1342200146839',2,NULL,9,1,1,2562,'3340101229463','0000-00-00'),(59,'1644',13,'เด็กหญิง','รมย์ชลี','เจริญทัศน์','1347600016091',2,NULL,9,1,1,2562,'3340101229463','0000-00-00'),(60,'1645',17,'เด็กหญิง','วรรณิดา','ศรีเลิศ','1342200145905',2,NULL,9,1,1,2562,'3340101229463','0000-00-00'),(61,'1646',18,'เด็กหญิง','อรวรรณ','คำภาชาติ','1342200146944',2,NULL,9,1,1,2562,'3340101229463','0000-00-00'),(231,'1812',8,'เด็กชาย','เอกพงษ์','ปรอดโปร่ง','1349902267519',1,'',4,1,0,NULL,'3340101229463','2023-06-12'),(126,'1754',2,'เด็กชาย','วัชร','พร้อมสุข','1101801767910',1,'modules/student_main/picture/pic_1754.jpg',8,1,0,NULL,'3340101229463','2019-05-30'),(233,'1814',10,'เด็กหญิง','รุ้งตะวัน','แสงกล้า','1349902229552',2,'',4,1,0,NULL,'3340101229463','2023-06-12'),(125,'1753',1,'เด็กชาย','กฤตยชญ์','บุญทะสิงห์','1349902001047',1,'modules/student_main/picture/pic_1753.jpg',8,1,0,NULL,'3340101229463','2019-05-30'),(232,'1813',9,'เด็กหญิง','นันท์นลิน','หาระสาร','1209703237157',2,'',4,1,0,NULL,'3340101229463','2023-06-12'),(234,'1815',11,'เด็กหญิง','อชิรญาณ์','สุดสอาด','1342200168069',2,'',4,1,0,NULL,'3340101229463','2023-06-12'),(148,'1750',12,'เด็กหญิง','อรอุมา','บุสภาค','1349901958828',2,'',9,1,0,NULL,'3340101229463','2019-05-30'),(147,'1749',11,'เด็กหญิง','อมรสิริ','สีมาคำ','1342200161625',2,'',9,1,0,NULL,'3340101229463','2019-05-30'),(146,'1748',10,'เด็กหญิง','อภิชญา','ไชยแก้ว','1342200162516',2,'',9,1,0,NULL,'3340101229463','2019-05-30'),(145,'1747',9,'เด็กหญิง','สุปราณี','นาคำนิล','1342200161986',2,'',9,1,0,NULL,'3340101229463','2019-05-30'),(144,'1746',8,'เด็กหญิง','ศรัญญา','คำภานิล','1342200161617',2,'',9,1,0,NULL,'3340101229463','2019-05-30'),(143,'1745',7,'เด็กหญิง','รัตนกาญจน์','คำหอม','1349901964984',2,'',9,1,0,NULL,'3340101229463','2019-05-30'),(142,'1744',8,'เด็กหญิง','พรชิตา','โทสีทา','1478900085195',2,'',5,1,2,2564,'3340101229463','2019-05-30'),(141,'1751',6,'เด็กชาย','วรวัฒน์','นาคำนวน','1209000783514',1,'',9,1,0,NULL,'3340101229463','2019-05-30'),(140,'1742',5,'เด็กชาย','วรากร','คำภานิล','1342200162770',1,'',9,1,0,NULL,'3341500307256','2019-05-30'),(139,'1743',6,'เด็กชาย','อรรจกร','จันทร์โสภา','1342200161978',1,'',5,1,2,2564,'3340101229463','2019-05-30'),(138,'1741',4,'เด็กชาย','ระพีพัฒน์','บุญเริ่ม','1342200162222',1,'',9,1,0,NULL,'3340101229463','2019-05-30'),(137,'1740',3,'เด็กชาย','ภูตะวัน','ดวงสนิท','1342200161323',1,'',9,1,0,NULL,'3340101229463','2019-05-30'),(136,'1738',1,'เด็กชาย','ฉัตรชัย','วังชัย','1342200162800',1,'',9,1,0,NULL,'3340101229463','2019-05-30'),(134,'1762',10,'เด็กหญิง','อนันตญา','จันทร์โสภา','1342200163351',2,'modules/student_main/picture/pic_1762.jpg',8,1,0,NULL,'3340101229463','2019-05-30'),(132,'1760',8,'เด็กหญิง','ณัฏฐธิดา','บุญทรง','1349901999265',2,'modules/student_main/picture/pic_1760.jpg',8,1,0,NULL,'3340101229463','2019-05-30'),(133,'1761',9,'เด็กหญิง','ชลธิชา','ศรีเลิศ','1101501547710',2,'modules/student_main/picture/pic_1761.jpg',8,1,0,NULL,'3340101229463','2019-05-30'),(131,'1759',7,'เด็กหญิง','ฐานิตา','ยาสาสัญ','1342200163474',2,'modules/student_main/picture/pic_1759.jpg',8,1,0,NULL,'3340101229463','2019-05-30'),(130,'1758',6,'เด็กหญิง','อาทิตรา','พงษ์มาลี','1347600100504',2,'modules/student_main/picture/pic_1758.jpg',8,1,0,NULL,'3340101229463','2019-05-30'),(129,'1757',5,'เด็กชาย','เพชรไพบูลย์','อรรคธรรม','1342200164322',1,'modules/student_main/picture/pic_1757.jpg',8,1,0,NULL,'3340101229463','2019-05-30'),(128,'1756',4,'เด็กชาย','ธีระยุทธ์','พุทธสาเดช','1341501575843',1,'modules/student_main/picture/pic_1756.jpg',8,1,0,NULL,'3340101229463','2019-05-30'),(135,'1739',2,'เด็กชาย','ณรงฤทธิ์','อารีกุล','1349901982770',1,'',9,1,0,NULL,'3340101229463','2019-05-30'),(127,'1755',3,'เด็กชาย','พงศกร','แก้วคำกอง','1342200163032',1,'modules/student_main/picture/pic_1755.jpg',8,1,0,NULL,'3340101229463','2019-05-30'),(264,'1842',7,'เด็กชาย','ชนาธิป','ใจเขียนดี','1338900035776',1,'',2,1,0,NULL,'3340101229463','2025-11-06'),(263,'1841',14,'เด็กหญิง','นันต์ธิดา','แพงคำลา','1348700112041',2,'',9,1,0,NULL,'3340101229463','2025-09-12'),(261,'1833',13,'เด็กหญิง','ไดม่อน','บุญรักษ์','1347600145435',2,'',4,1,0,NULL,'3340101229463','2025-06-05'),(260,'1839',6,'เด็กหญิง','อริญรดา','สุดสอาด','1306200187105',2,'',2,1,0,NULL,'3340101229463','2025-05-16'),(259,'1838',5,'เด็กหญิง','สาวินี','พุฒเคน','1342200170063',2,'',2,1,0,NULL,'3340101229463','2025-05-16'),(256,'1835',2,'เด็กหญิง','ปราณปรียา','อ่อนวรรณะ','1347600161147',2,'',2,1,0,NULL,'3340101229463','2025-05-16'),(257,'1836',3,'เด็กหญิง','ปรารณปริยา','ดีทู','1348900533739',2,'',2,1,0,NULL,'3340101229463','2025-05-16'),(258,'1837',4,'เด็กหญิง','พิชญธิดา','หอมหวล','1346400002648',2,'',2,1,0,NULL,'3340101229463','2025-05-16'),(252,'1830',6,'เด็กหญิง','สุภาวดี','ส่งเสริม','1349902143348',2,'',6,1,0,NULL,'3340101229463','2024-10-08'),(250,'1829',11,'เด็กหญิง','กมลชนก','ดีใจ','1342200164951',2,'',7,1,0,NULL,'3340101229463','2024-05-30'),(167,'1717',7,'เด็กชาย','ธีรพันธ์','ปาคำทอง','1459600044044',1,'',6,1,2,2563,'3340101229463','2019-05-30'),(253,'1831',8,'เด็กชาย','ธนวัชร์ ','หลอดลัก','1348500225250',1,'',3,1,0,NULL,'3340101229463','2025-01-09'),(249,'1828',7,'เด็กหญิง','วรปภา','วามะสิงห์','1349902333155',2,'',3,1,0,NULL,'3340101229463','2024-05-30'),(248,'1827',6,'เด็กหญิง','พิชยดา','กุคำพุทธ','1341501654271',2,'',3,1,0,NULL,'3340101229463','2024-05-30'),(247,'1826',5,'เด็กหญิง','ธัญญรัตน์','อินทะรักษ์','1349902332604',2,'',3,1,0,NULL,'3340101229463','2024-05-30'),(246,'1825',4,'เด็กหญิง','จามณี','สิมาวัน','1341501648549',2,'',3,1,0,NULL,'3340101229463','2024-05-30'),(245,'1824',3,'เด็กชาย','อภิวัฒ','อ่อนวรรณะ','1341501651434',1,'',3,1,0,NULL,'3340101229463','2024-05-30'),(174,'1713',14,'เด็กหญิง','ศิริวรรณวิสา','งามแฉล้ม','1347600068678',2,'',6,1,3,2563,'3340101229463','2019-05-30'),(262,'1840',12,'เด็กชาย','ปรเมศวร์','ศรีหาบุตร','1339901339176',1,'',7,1,0,NULL,'3340101229463','2025-06-17'),(243,'1822',1,'เด็กชาย','เจษฏาภรณ์','เพ็งผึ้ง','1342200169545',1,'',3,1,0,NULL,'3340101229463','2024-05-30'),(255,'1834',1,'เด็กหญิง','จันทนิภา','แก้วคำชาติ','1346400003091',2,'',2,1,0,NULL,'3340101229463','2025-05-16'),(230,'1811',7,'เด็กชาย','ศราวุฒิ','พุทธเคน','1349902239850',1,'',4,1,0,NULL,'3340101229463','2023-06-12'),(180,'1697',8,'เด็กชาย','ศุทธวีร์','นาคำนิล','1342200153461',1,'',9,1,1,2564,'3341500307256','2019-05-30'),(181,'1752',17,'เด็กหญิง','ภคพร','บัวเขียว','1170601273947',2,'',9,1,1,2564,'3341500307256','2019-05-30'),(183,'1767',1,'เด็กชาย','กฤษฎา','วังชัย','1342200164837',1,'',7,1,0,NULL,'3340101229463','2020-07-28'),(184,'1768',2,'เด็กชาย','จิรายุทธ','พิมพ์แก้ว','1342200164934',1,'',7,1,0,NULL,'3340101229463','2020-07-28'),(185,'1769',3,'เด็กชาย','ภูวดล','โทสีทา','1199600582898',1,'',3,1,2,2564,'3340101229463','2020-07-28'),(186,'1770',3,'เด็กชาย','อนุชิต','ปราเวช','1341501583455',1,'',7,1,0,NULL,'3340101229463','2020-07-28'),(187,'1771',4,'เด็กหญิง','คณาลักษณ์','แสงกล้า','1349902104423',2,'',7,1,0,NULL,'3340101229463','2020-07-28'),(188,'1772',5,'เด็กหญิง','เจนจิรา','สีมาคำ','1342200165205',2,'',7,1,0,NULL,'3340101229463','2020-07-28'),(189,'1773',6,'เด็กหญิง','ชญานันท์','สิงห์แจ่ม','1200901825812',2,'',7,1,0,NULL,'3340101229463','2020-07-28'),(190,'1774',7,'เด็กหญิง','ชนม์นิภา','พรมสุข','1341501588040',2,'',7,1,0,NULL,'3340101229463','2020-07-28'),(191,'1775',8,'เด็กหญิง','นันทพร','จันทร์โสภา','1341501587566',2,'',7,1,0,NULL,'3340101229463','2020-07-28'),(192,'1776',9,'เด็กหญิง','พิชชาพร','นาห่อม','1342200164781',2,'',7,1,0,NULL,'3340101229463','2020-07-28'),(193,'1777',10,'เด็กหญิง','อิสรียา','พุฒเคน','1342200165035',2,'',7,1,0,NULL,'3340101229463','2020-07-28'),(194,'1778',11,'เด็กชาย','วิชาญ','มะณีสาย','1349902005450',1,'modules/student_main/picture/pic_1778.jpg',8,1,0,NULL,'3340101229463','2020-07-28'),(196,'1783',13,'เด็กชาย','ชาคริต','พงษ์ศาสตร์','1102200361197',1,'',5,1,3,2563,'3340101229463','2020-07-29'),(244,'1823',2,'เด็กชาย','ชินภัทร','พรมมา','1349902324741',1,'',3,1,0,NULL,'3340101229463','2024-05-30'),(198,'1779',13,'เด็กชาย','พิพัฒน์','พายุพัฒน์','1329400172058',1,'',9,1,0,NULL,'3340101229463','2020-07-29'),(199,'1782',12,'เด็กชาย','ศุภกิจ','ใจภักดี','1342200155013',1,'',8,1,2,2564,'3340101229463','2020-07-29'),(229,'1810',6,'เด็กชาย','ภานุวัฒน์','เดชอุดม','1349902272270',1,'',4,1,0,NULL,'3340101229463','2023-06-12'),(204,'1785',2,'เด็กชาย','ศักดื์สิทธิ์','นบนอบ','1348700130341',1,'',6,1,0,NULL,'3340101229463','2021-06-13'),(205,'1786',3,'เด็กหญิง','เพ็ญพักตร์','วีระศักดิ์','1349902130751',2,'',6,1,0,NULL,'3340101229463','2021-06-13'),(206,'1787',4,'เด็กหญิง','ณัฏฐิดา','อนุสิม','1349902120623',2,'',6,1,0,NULL,'3340101229463','2021-06-13'),(209,'1790',1,'เด็กชาย','ธัญเทพ','นาคำนิล','1342200167186',1,'',5,1,0,NULL,'3340101229463','2022-05-18'),(210,'1792',3,'เด็กชาย','พัสกร','คำหอม','1349902184664',1,'',5,1,0,NULL,'3340101229463','2022-05-18'),(211,'1793',4,'เด็กชาย','ภูวนาถ','พรมเภา','1342200167615',1,'',5,1,0,NULL,'3340101229463','2022-05-18'),(212,'1794',5,'เด็กชาย','วุฒิชัย','จันเลื่อน','1342200167313',1,'',5,1,0,NULL,'3340101229463','2022-05-18'),(213,'1795',6,'เด็กชาย','อภิวัฒน์','คำโฮม','1342200167071',1,'',5,1,0,NULL,'3340101229463','2022-05-18'),(214,'1796',7,'เด็กหญิง','กมลชนก','สบายใจ','1349902222302',2,'',5,1,0,NULL,'3340101229463','2022-05-18'),(215,'1797',8,'เด็กหญิง','ชดาพร','แก้วคำกอง','1341501626294',2,'',5,1,0,NULL,'3340101229463','2022-05-18'),(216,'1798',9,'เด็กหญิง','ดารินทร์','ดวงโสภา','1341501613401',2,'',5,1,0,NULL,'3340101229463','2022-05-18'),(217,'1799',10,'เด็กหญิง','ธวัลรัตน์','ประทีปทอง','1347600137793',2,'',5,1,0,NULL,'3340101229463','2022-05-18'),(254,'1832',7,'เด็กหญิง','ดาริการัตน์','หลอดลัก','1349200173875',2,'',6,1,0,NULL,'3340101229463','2025-01-09'),(237,'1819',5,'เด็กชาย','ชนกันต์','ทาระศรี','1342200166601',1,'',6,1,0,NULL,'3340101229463','2023-06-12'),(221,'1803',11,'เด็กหญิง','อุรัสยา','ใจภักดี','1349902175452',2,'',5,1,0,NULL,'3340101229463','2022-05-18'),(222,'1791',2,'เด็กชาย','พัฒนะโชติ','โชติสนธิ์','1347600137718',1,'',5,1,0,NULL,'3340101229463','2022-05-19');

--
-- Table structure for table `student_main_class`
--

CREATE TABLE `student_main_class` (
  `id` int(11) NOT NULL AUTO_INCREMENT,
  `class_code` tinyint(4) NOT NULL,
  `class_name` varchar(150) NOT NULL,
  PRIMARY KEY (`id`),
  UNIQUE KEY `class_code` (`class_code`)
) ENGINE=MyISAM AUTO_INCREMENT=11 DEFAULT CHARSET=utf8 COLLATE=utf8_general_ci;

--
-- Dumping data for table `student_main_class`
--

INSERT INTO `student_main_class` VALUES (10,2,'อนุบาล2'),(2,3,'อนุุบาล3'),(3,4,'ประถมศึกษาปีที่1'),(4,5,'ประถมศึกษาปีที่2'),(5,6,'ประถมศึกษาปีที่3'),(6,7,'ประถมศึกษาปีที่4'),(7,8,'ประถมศึกษาปีที่5'),(8,9,'ประถมศึกษาปีที่6');

--
-- Table structure for table `student_main_classlog`
--

CREATE TABLE `student_main_classlog` (
  `id` int(11) NOT NULL AUTO_INCREMENT,
  `ed_year` int(11) NOT NULL,
  `student_id` varchar(7) NOT NULL,
  `student_number` int(11) DEFAULT NULL,
  `class_code` tinyint(4) NOT NULL,
  `room` tinyint(4) DEFAULT 0,
  `officer` varchar(13) NOT NULL,
  `rec_date` date NOT NULL,
  PRIMARY KEY (`id`)
) ENGINE=MyISAM AUTO_INCREMENT=795 DEFAULT CHARSET=utf8 COLLATE=utf8_general_ci;

--
-- Dumping data for table `student_main_classlog`
--

INSERT INTO `student_main_classlog` VALUES (1,2558,'1680',0,2,1,'3340101229463','2016-12-14'),(2,2558,'1681',0,2,1,'3340101229463','2016-12-14'),(3,2558,'1682',0,2,1,'3340101229463','2016-12-14'),(4,2558,'1683',0,2,1,'3340101229463','2016-12-14'),(5,2558,'1684',0,2,1,'3340101229463','2016-12-14'),(6,2558,'1685',0,2,1,'3340101229463','2016-12-14'),(7,2558,'1686',0,2,1,'3340101229463','2016-12-14'),(8,2558,'1687',0,2,1,'3340101229463','2016-12-14'),(9,2558,'1688',0,2,1,'3340101229463','2016-12-14'),(10,2558,'1689',0,2,1,'3340101229463','2016-12-14'),(11,2558,'1690',0,2,1,'3340101229463','2016-12-14'),(12,2558,'1691',0,2,1,'3340101229463','2016-12-14'),(13,2558,'1660',0,3,1,'3340101229463','2016-12-14'),(14,2558,'1661',0,3,1,'3340101229463','2016-12-14'),(15,2558,'1662',0,3,1,'3340101229463','2016-12-14'),(16,2558,'1663',0,3,1,'3340101229463','2016-12-14'),(17,2558,'1665',0,3,1,'3340101229463','2016-12-14'),(18,2558,'1666',0,3,1,'3340101229463','2016-12-14'),(19,2558,'1667',0,3,1,'3340101229463','2016-12-14'),(20,2558,'1668',0,3,1,'3340101229463','2016-12-14'),(21,2558,'1671',0,3,1,'3340101229463','2016-12-14'),(22,2558,'1672',0,3,1,'3340101229463','2016-12-14'),(23,2558,'1673',0,3,1,'3340101229463','2016-12-14'),(24,2558,'1674',0,3,1,'3340101229463','2016-12-14'),(25,2558,'1675',0,3,1,'3340101229463','2016-12-14'),(26,2558,'1676',0,3,1,'3340101229463','2016-12-14'),(27,2558,'1677',0,3,1,'3340101229463','2016-12-14'),(28,2558,'1678',0,3,1,'3340101229463','2016-12-14'),(29,2558,'1649',0,4,1,'3340101229463','2016-12-14'),(30,2558,'1650',0,4,1,'3340101229463','2016-12-14'),(31,2558,'1651',0,4,1,'3340101229463','2016-12-14'),(32,2558,'1652',0,4,1,'3340101229463','2016-12-14'),(33,2558,'1653',0,4,1,'3340101229463','2016-12-14'),(34,2558,'1654',0,4,1,'3340101229463','2016-12-14'),(35,2558,'1655',0,4,1,'3340101229463','2016-12-14'),(36,2558,'1656',0,4,1,'3340101229463','2016-12-14'),(37,2558,'1657',0,4,1,'3340101229463','2016-12-14'),(38,2558,'1659',0,4,1,'3340101229463','2016-12-14'),(39,2558,'1669',0,4,1,'3340101229463','2016-12-14'),(40,2558,'1692',0,4,1,'3340101229463','2016-12-14'),(41,2558,'1625',0,5,1,'3340101229463','2016-12-14'),(42,2558,'1626',0,5,1,'3340101229463','2016-12-14'),(43,2558,'1627',0,5,1,'3340101229463','2016-12-14'),(44,2558,'1629',0,5,1,'3340101229463','2016-12-14'),(45,2558,'1630',0,5,1,'3340101229463','2016-12-14'),(46,2558,'1631',0,5,1,'3340101229463','2016-12-14'),(47,2558,'1632',0,5,1,'3340101229463','2016-12-14'),(48,2558,'1633',0,5,1,'3340101229463','2016-12-14'),(49,2558,'1634',0,5,1,'3340101229463','2016-12-14'),(50,2558,'1635',0,5,1,'3340101229463','2016-12-14'),(51,2558,'1636',0,5,1,'3340101229463','2016-12-14'),(52,2558,'1638',0,5,1,'3340101229463','2016-12-14'),(53,2558,'1639',0,5,1,'3340101229463','2016-12-14'),(54,2558,'1641',0,5,1,'3340101229463','2016-12-14'),(55,2558,'1642',0,5,1,'3340101229463','2016-12-14'),(56,2558,'1643',0,5,1,'3340101229463','2016-12-14'),(57,2558,'1644',0,5,1,'3340101229463','2016-12-14'),(58,2558,'1645',0,5,1,'3340101229463','2016-12-14'),(59,2558,'1646',0,5,1,'3340101229463','2016-12-14'),(60,2558,'1693',0,5,1,'3340101229463','2016-12-14'),(61,2558,'1604',0,6,1,'3340101229463','2016-12-14'),(62,2558,'1605',0,6,1,'3340101229463','2016-12-14'),(63,2558,'1607',0,6,1,'3340101229463','2016-12-14'),(64,2558,'1608',0,6,1,'3340101229463','2016-12-14'),(65,2558,'1610',0,6,1,'3340101229463','2016-12-14'),(66,2558,'1611',0,6,1,'3340101229463','2016-12-14'),(67,2558,'1612',0,6,1,'3340101229463','2016-12-14'),(68,2558,'1613',0,6,1,'3340101229463','2016-12-14'),(69,2558,'1614',0,6,1,'3340101229463','2016-12-14'),(70,2558,'1616',0,6,1,'3340101229463','2016-12-14'),(71,2558,'1617',0,6,1,'3340101229463','2016-12-14'),(72,2558,'1618',0,6,1,'3340101229463','2016-12-14'),(73,2558,'1624',0,6,1,'3340101229463','2016-12-14'),(74,2558,'1695',0,6,1,'3340101229463','2016-12-14'),(75,2558,'1593',0,7,1,'3340101229463','2016-12-14'),(76,2558,'1594',0,7,1,'3340101229463','2016-12-14'),(77,2558,'1596',0,7,1,'3340101229463','2016-12-14'),(78,2558,'1597',0,7,1,'3340101229463','2016-12-14'),(79,2558,'1598',0,7,1,'3340101229463','2016-12-14'),(80,2558,'1600',0,7,1,'3340101229463','2016-12-14'),(81,2558,'1601',0,7,1,'3340101229463','2016-12-14'),(82,2558,'1602',0,7,1,'3340101229463','2016-12-14'),(83,2558,'1603',0,7,1,'3340101229463','2016-12-14'),(84,2558,'1570',0,8,1,'3340101229463','2016-12-14'),(85,2558,'1571',0,8,1,'3340101229463','2016-12-14'),(86,2558,'1572',0,8,1,'3340101229463','2016-12-14'),(87,2558,'1573',0,8,1,'3340101229463','2016-12-14'),(88,2558,'1574',0,8,1,'3340101229463','2016-12-14'),(89,2558,'1575',0,8,1,'3340101229463','2016-12-14'),(90,2558,'1576',0,8,1,'3340101229463','2016-12-14'),(91,2558,'1577',0,8,1,'3340101229463','2016-12-14'),(92,2558,'1578',0,8,1,'3340101229463','2016-12-14'),(93,2558,'1579',0,8,1,'3340101229463','2016-12-14'),(94,2558,'1580',0,8,1,'3340101229463','2016-12-14'),(95,2558,'1581',0,8,1,'3340101229463','2016-12-14'),(96,2558,'1582',0,8,1,'3340101229463','2016-12-14'),(97,2558,'1583',0,8,1,'3340101229463','2016-12-14'),(98,2558,'1584',0,8,1,'3340101229463','2016-12-14'),(99,2558,'1585',0,8,1,'3340101229463','2016-12-14'),(100,2558,'1586',0,8,1,'3340101229463','2016-12-14'),(101,2558,'1587',0,8,1,'3340101229463','2016-12-14'),(102,2558,'1588',0,8,1,'3340101229463','2016-12-14'),(103,2558,'1589',0,8,1,'3340101229463','2016-12-14'),(104,2558,'1590',0,8,1,'3340101229463','2016-12-14'),(105,2558,'1694',0,8,1,'3340101229463','2016-12-14'),(106,2558,'1518',0,9,1,'3340101229463','2016-12-14'),(107,2558,'1519',0,9,1,'3340101229463','2016-12-14'),(108,2558,'1520',0,9,1,'3340101229463','2016-12-14'),(109,2558,'1521',0,9,1,'3340101229463','2016-12-14'),(110,2558,'1522',0,9,1,'3340101229463','2016-12-14'),(111,2558,'1523',0,9,1,'3340101229463','2016-12-14'),(112,2558,'1524',0,9,1,'3340101229463','2016-12-14'),(113,2558,'1525',0,9,1,'3340101229463','2016-12-14'),(114,2558,'1526',0,9,1,'3340101229463','2016-12-14'),(115,2558,'1527',0,9,1,'3340101229463','2016-12-14'),(116,2558,'1528',0,9,1,'3340101229463','2016-12-14'),(117,2558,'1529',0,9,1,'3340101229463','2016-12-14'),(118,2558,'1530',0,9,1,'3340101229463','2016-12-14'),(119,2558,'1531',0,9,1,'3340101229463','2016-12-14'),(120,2558,'1532',0,9,1,'3340101229463','2016-12-14'),(121,2558,'1533',0,9,1,'3340101229463','2016-12-14'),(122,2558,'1648',0,9,1,'3340101229463','2016-12-14'),(123,2562,'1732',11,4,1,'3340101229463','2019-11-04'),(124,2562,'1680',1,6,1,'3341500307256','2019-11-07'),(125,2562,'1765',11,2,1,'3340101229463','2019-11-08'),(126,2562,'1681',1,6,1,'3340101229463','2019-11-20'),(127,2562,'1682',2,6,1,'3340101229463','2019-11-20'),(128,2562,'1737',3,6,1,'3340101229463','2019-11-20'),(129,2562,'1688',4,6,1,'3340101229463','2019-11-20'),(130,2562,'1685',5,6,1,'3340101229463','2019-11-20'),(131,2562,'1689',6,6,1,'3340101229463','2019-11-20'),(132,2562,'1686',7,6,1,'3340101229463','2019-11-20'),(133,2562,'1691',8,6,1,'3340101229463','2019-11-20'),(134,2562,'1690',9,6,1,'3340101229463','2019-11-20'),(135,2562,'1687',10,6,1,'3340101229463','2019-11-20'),(136,2562,'1735',11,6,1,'3340101229463','2019-11-20'),(137,2562,'1764',12,6,1,'3340101229463','2019-11-20'),(138,2562,'1660',4,7,1,'1341700017212','2020-03-01'),(139,2562,'1714',15,5,1,'1341700017212','2020-03-11'),(140,2562,'1625',1,9,1,'3341500307256','2020-07-28'),(141,2562,'1633',2,9,1,'3341500307256','2020-07-28'),(142,2562,'1635',3,9,1,'3341500307256','2020-07-28'),(143,2562,'1626',4,9,1,'3341500307256','2020-07-28'),(144,2562,'1627',5,9,1,'3341500307256','2020-07-28'),(145,2562,'1630',6,9,1,'3341500307256','2020-07-28'),(146,2562,'1631',7,9,1,'3341500307256','2020-07-28'),(147,2562,'1632',8,9,1,'3341500307256','2020-07-28'),(148,2562,'1634',9,9,1,'3341500307256','2020-07-28'),(149,2562,'1636',10,9,1,'3341500307256','2020-07-28'),(150,2562,'1638',11,9,1,'3341500307256','2020-07-28'),(151,2562,'1629',12,9,1,'3341500307256','2020-07-28'),(152,2562,'1644',13,9,1,'3341500307256','2020-07-28'),(153,2562,'1641',14,9,1,'3341500307256','2020-07-28'),(154,2562,'1642',15,9,1,'3341500307256','2020-07-28'),(155,2562,'1643',16,9,1,'3341500307256','2020-07-28'),(156,2562,'1645',17,9,1,'3341500307256','2020-07-28'),(157,2562,'1646',18,9,1,'3341500307256','2020-07-28'),(158,2562,'1639',19,9,1,'3341500307256','2020-07-28'),(159,2562,'1655',7,8,1,'3341500307256','2020-07-28'),(160,2562,'1656',8,8,1,'3341500307256','2020-07-28'),(161,2562,'1657',9,8,1,'3341500307256','2020-07-28'),(162,2562,'1659',10,8,1,'3341500307256','2020-07-28'),(163,2562,'1669',11,8,1,'3341500307256','2020-07-28'),(164,2562,'1692',12,8,1,'3341500307256','2020-07-28'),(165,2562,'1663',1,7,1,'3341500307256','2020-07-28'),(166,2562,'1666',2,7,1,'3341500307256','2020-07-28'),(167,2562,'1668',3,7,1,'3341500307256','2020-07-28'),(168,2562,'1661',5,7,1,'3341500307256','2020-07-28'),(169,2562,'1662',6,7,1,'3341500307256','2020-07-28'),(170,2562,'1667',7,7,1,'3341500307256','2020-07-28'),(171,2562,'1665',8,7,1,'3341500307256','2020-07-28'),(172,2562,'1697',9,7,1,'3341500307256','2020-07-28'),(173,2562,'1676',10,7,1,'3341500307256','2020-07-28'),(174,2562,'1671',11,7,1,'3341500307256','2020-07-28'),(175,2562,'1672',12,7,1,'3341500307256','2020-07-28'),(176,2562,'1673',13,7,1,'3341500307256','2020-07-28'),(177,2562,'1674',14,7,1,'3341500307256','2020-07-28'),(178,2562,'1675',15,7,1,'3341500307256','2020-07-28'),(179,2562,'1677',16,7,1,'3341500307256','2020-07-28'),(180,2562,'1678',17,7,1,'3341500307256','2020-07-28'),(181,2562,'1752',18,7,1,'3341500307256','2020-07-28'),(182,2562,'1649',1,8,1,'3341500307256','2020-07-28'),(183,2562,'1650',2,8,1,'3341500307256','2020-07-28'),(184,2562,'1651',3,8,1,'3341500307256','2020-07-28'),(185,2562,'1652',4,8,1,'3341500307256','2020-07-28'),(186,2562,'1653',5,8,1,'3341500307256','2020-07-28'),(187,2562,'1654',6,8,1,'3341500307256','2020-07-28'),(188,2562,'1753',1,2,1,'3341500307256','2020-07-28'),(189,2562,'1754',2,2,1,'3341500307256','2020-07-28'),(190,2562,'1755',3,2,1,'3341500307256','2020-07-28'),(191,2562,'1756',4,2,1,'3341500307256','2020-07-28'),(192,2562,'1757',5,2,1,'3341500307256','2020-07-28'),(193,2562,'1758',6,2,1,'3341500307256','2020-07-28'),(194,2562,'1759',7,2,1,'3341500307256','2020-07-28'),(195,2562,'1760',8,2,1,'3341500307256','2020-07-28'),(196,2562,'1761',9,2,1,'3341500307256','2020-07-28'),(197,2562,'1762',10,2,1,'3341500307256','2020-07-28'),(198,2562,'1738',1,3,1,'3341500307256','2020-07-28'),(199,2562,'1739',2,3,1,'3341500307256','2020-07-28'),(200,2562,'1740',3,3,1,'3341500307256','2020-07-28'),(201,2562,'1741',4,3,1,'3341500307256','2020-07-28'),(202,2562,'1742',5,3,1,'3341500307256','2020-07-28'),(203,2562,'1743',6,3,1,'3341500307256','2020-07-28'),(204,2562,'1751',7,3,1,'3341500307256','2020-07-28'),(205,2562,'1744',8,3,1,'3341500307256','2020-07-28'),(206,2562,'1745',9,3,1,'3341500307256','2020-07-28'),(207,2562,'1746',10,3,1,'3341500307256','2020-07-28'),(208,2562,'1747',11,3,1,'3341500307256','2020-07-28'),(209,2562,'1748',12,3,1,'3341500307256','2020-07-28'),(210,2562,'1749',13,3,1,'3341500307256','2020-07-28'),(211,2562,'1750',14,3,1,'3341500307256','2020-07-28'),(212,2562,'1720',1,4,1,'3341500307256','2020-07-28'),(213,2562,'1721',2,4,1,'3341500307256','2020-07-28'),(214,2562,'1722',3,4,1,'3341500307256','2020-07-28'),(215,2562,'1723',4,4,1,'3341500307256','2020-07-28'),(216,2562,'1724',5,4,1,'3341500307256','2020-07-28'),(217,2562,'1725',6,4,1,'3341500307256','2020-07-28'),(218,2562,'1726',7,4,1,'3341500307256','2020-07-28'),(219,2562,'1728',8,4,1,'3341500307256','2020-07-28'),(220,2562,'1730',9,4,1,'3341500307256','2020-07-28'),(221,2562,'1731',10,4,1,'3341500307256','2020-07-28'),(222,2562,'1733',12,4,1,'3341500307256','2020-07-28'),(223,2562,'1698',1,5,1,'3341500307256','2020-07-28'),(224,2562,'1799',2,5,1,'3341500307256','2020-07-28'),(225,2562,'1701',3,5,1,'3341500307256','2020-07-28'),(226,2562,'1702',4,5,1,'3341500307256','2020-07-28'),(227,2562,'1704',5,5,1,'3341500307256','2020-07-28'),(228,2562,'1705',6,5,1,'3341500307256','2020-07-28'),(229,2562,'1717',7,5,1,'3341500307256','2020-07-28'),(230,2562,'1707',8,5,1,'3341500307256','2020-07-28'),(231,2563,'1',1,2,1,'3341500307256','2020-07-28'),(232,2563,'2',2,2,1,'3341500307256','2020-07-28'),(233,2563,'3',3,2,1,'3341500307256','2020-07-28'),(234,2563,'4',4,2,1,'3341500307256','2020-07-28'),(235,2563,'5',5,2,1,'3341500307256','2020-07-28'),(236,2563,'6',6,2,1,'3341500307256','2020-07-28'),(237,2563,'7',7,2,1,'3341500307256','2020-07-28'),(238,2563,'8',8,2,1,'3341500307256','2020-07-28'),(239,2563,'9',9,2,1,'3341500307256','2020-07-28'),(240,2563,'10',10,2,1,'3341500307256','2020-07-28'),(241,2563,'11',11,2,1,'3341500307256','2020-07-28'),(242,2563,'13',12,3,1,'3341500307256','2020-07-28'),(243,2563,'33',18,6,1,'3341500307256','2020-07-28'),(244,2563,'1685',5,7,1,'3341500307256','2020-07-28'),(245,2563,'1661',5,8,1,'3341500307256','2020-07-28'),(246,2562,'1708',9,5,1,'3341500307256','2020-07-28'),(247,2562,'1709',10,5,1,'3341500307256','2020-07-28'),(248,2562,'1710',11,5,1,'3341500307256','2020-07-28'),(249,2562,'1712',13,5,1,'3341500307256','2020-07-28'),(250,2562,'1713',14,5,1,'3341500307256','2020-07-28'),(251,2562,'1715',16,5,1,'3341500307256','2020-07-28'),(252,2562,'1763',17,5,1,'3341500307256','2020-07-28'),(253,2563,'1710',10,6,1,'3340101229463','2021-04-30'),(254,2563,'1704',5,6,1,'3341501019467','2020-09-07'),(255,2563,'1662',5,8,1,'3341501019467','2020-09-07'),(256,2563,'1667',6,8,1,'3341501019467','2020-09-07'),(257,2563,'1665',7,8,1,'3341501019467','2020-09-07'),(258,2563,'1697',8,8,1,'3341501019467','2020-09-07'),(259,2563,'1676',9,8,1,'3341501019467','2020-09-07'),(260,2563,'1671',10,8,1,'3341501019467','2020-09-07'),(261,2563,'1672',11,8,1,'3341501019467','2020-09-07'),(262,2563,'1673',12,8,1,'3341501019467','2020-09-07'),(263,2563,'1674',13,8,1,'3341501019467','2020-09-07'),(264,2563,'1675',14,8,1,'3341501019467','2020-09-07'),(265,2563,'1677',15,8,1,'3341501019467','2020-09-07'),(266,2563,'1678',16,8,1,'3341501019467','2020-09-07'),(267,2563,'1752',17,8,1,'3341501019467','2020-09-07'),(268,2563,'1689',5,7,1,'3341501019467','2020-09-07'),(269,2563,'1686',6,7,1,'3341501019467','2020-09-07'),(270,2563,'1691',7,7,1,'3341501019467','2020-09-07'),(271,2563,'1690',8,7,1,'3120100216459','2020-09-07'),(272,2563,'1687',9,7,1,'3341501019467','2020-09-07'),(273,2563,'1735',10,7,1,'3341501019467','2020-09-07'),(274,2563,'1764',11,7,1,'3341501019467','2020-09-07'),(275,2562,'1711',12,5,1,'3341500307256','2020-07-28'),(276,2563,'1733',12,5,1,'3341501019467','2020-09-07'),(277,2563,'1721',2,5,1,'3341501019467','2020-09-07'),(278,2563,'1783',13,5,1,'3341501019467','2020-09-07'),(279,2563,'1784',13,5,1,'3340101229463','2021-04-30'),(280,2563,'1779',15,4,1,'3341501019467','2020-09-07'),(281,2563,'1782',12,7,1,'3341501019467','2020-09-07'),(282,2563,'1778',11,3,1,'3341500307256','2020-12-29'),(283,2563,'1781',16,6,1,'3340101229463','2021-04-30'),(284,2563,'1767',1,2,1,'3341501019467','2020-09-07'),(285,2563,'1768',2,2,1,'3341501019467','2020-09-07'),(286,2563,'1769',3,2,1,'3341501019467','2020-09-07'),(287,2563,'1770',4,2,1,'3341501019467','2020-09-07'),(288,2563,'1771',5,2,1,'3341501019467','2020-09-07'),(289,2563,'1772',6,2,1,'3341501019467','2020-09-07'),(290,2563,'1773',7,2,1,'3341501019467','2020-09-07'),(291,2563,'1774',8,2,1,'3341501019467','2020-09-07'),(292,2563,'1775',9,2,1,'3341501019467','2020-09-07'),(293,2563,'1776',10,2,1,'3341501019467','2020-09-07'),(294,2563,'1777',11,2,1,'3341501019467','2020-09-07'),(295,2563,'1753',1,3,1,'3341501019467','2020-09-07'),(296,2563,'1754',2,3,1,'3341501019467','2020-09-07'),(297,2563,'1755',3,3,1,'3341501019467','2020-09-07'),(298,2563,'1756',4,3,1,'3341501019467','2020-09-07'),(299,2563,'1757',5,3,1,'3341501019467','2020-09-07'),(300,2563,'1758',6,3,1,'3341501019467','2020-09-07'),(301,2563,'1759',7,3,1,'3341501019467','2020-09-07'),(302,2563,'1760',8,3,1,'3341501019467','2020-09-07'),(303,2563,'1761',9,3,1,'3341501019467','2020-09-07'),(304,2563,'1762',10,3,1,'3341501019467','2020-09-07'),(368,2564,'1753',1,4,1,'3341500307256','2021-06-13'),(306,2563,'1738',1,4,1,'3341501019467','2020-09-07'),(307,2563,'1739',2,4,1,'3341501019467','2020-09-07'),(308,2563,'1740',3,4,1,'3341501019467','2020-09-07'),(309,2563,'1741',4,4,1,'3341501019467','2020-09-07'),(310,2563,'1742',5,4,1,'3341501019467','2020-09-07'),(311,2563,'1743',6,4,1,'3341501019467','2020-09-07'),(312,2563,'1751',7,4,1,'3341501019467','2020-09-07'),(313,2563,'1744',8,4,1,'3341501019467','2020-09-07'),(314,2563,'1745',9,4,1,'3341501019467','2020-09-07'),(315,2563,'1746',10,4,1,'3341501019467','2020-09-07'),(316,2563,'1747',11,4,1,'3341501019467','2020-09-07'),(317,2563,'1748',12,4,1,'3341501019467','2020-09-07'),(318,2563,'1749',13,4,1,'3341501019467','2020-09-07'),(319,2563,'1750',14,4,1,'3120100216459','2021-04-28'),(320,2563,'1720',1,5,1,'3341501019467','2020-09-07'),(321,2563,'1722',3,5,1,'3341501019467','2020-09-07'),(322,2563,'1723',4,5,1,'3341501019467','2020-09-07'),(323,2563,'1724',5,5,1,'3341501019467','2020-09-07'),(324,2563,'1725',6,5,1,'3341501019467','2020-09-07'),(325,2563,'1726',7,5,1,'3341501019467','2020-09-07'),(326,2563,'1728',8,5,1,'3341501019467','2020-09-07'),(327,2563,'1730',9,5,1,'3341501019467','2020-09-07'),(328,2563,'1731',10,5,1,'3341501019467','2020-09-07'),(329,2563,'1732',11,5,1,'3341501019467','2020-09-07'),(330,2563,'1698',1,6,1,'3341501019467','2020-09-07'),(331,2563,'1799',2,6,1,'3341501019467','2020-09-07'),(332,2563,'1701',3,6,1,'3341501019467','2020-09-07'),(367,2563,'1702',4,6,1,'3341500307256','2021-03-25'),(334,2563,'1705',6,6,1,'3341501019467','2020-09-07'),(335,2563,'1717',7,6,1,'3341501019467','2020-09-07'),(336,2563,'1707',7,6,1,'3340101229463','2021-04-30'),(337,2563,'1708',8,6,1,'3340101229463','2021-04-30'),(338,2563,'1709',9,6,1,'3340101229463','2021-04-30'),(339,2563,'1711',11,6,1,'3340101229463','2021-04-30'),(340,2563,'1712',12,6,1,'3340101229463','2021-04-30'),(341,2563,'1713',14,6,1,'3341501019467','2020-09-07'),(342,2563,'1714',13,6,1,'3340101229463','2021-04-30'),(343,2563,'1715',14,6,1,'3340101229463','2021-04-30'),(344,2563,'1763',15,6,1,'3340101229463','2021-04-30'),(345,2563,'1681',1,7,1,'3341501019467','2020-09-07'),(346,2563,'1682',2,7,1,'3341501019467','2020-09-07'),(347,2563,'1737',3,7,1,'3341501019467','2020-09-07'),(348,2563,'1688',4,7,1,'3341501019467','2020-09-07'),(349,2563,'1663',1,8,1,'3341501019467','2020-09-07'),(350,2563,'1666',2,8,1,'3341501019467','2020-09-07'),(351,2563,'1668',3,8,1,'3341501019467','2020-09-07'),(352,2563,'1660',4,8,1,'3341501019467','2020-09-07'),(353,2563,'1649',1,9,1,'3341501019467','2020-09-07'),(354,2563,'1650',2,9,1,'3341501019467','2020-09-07'),(355,2563,'1651',3,9,1,'3341501019467','2020-09-07'),(356,2563,'1652',4,9,1,'3341501019467','2020-09-07'),(357,2563,'1653',5,9,1,'3341501019467','2020-09-07'),(358,2563,'1654',6,9,1,'3341501019467','2020-09-07'),(359,2563,'1655',7,9,1,'3341501019467','2020-09-07'),(360,2563,'1656',8,9,1,'3341501019467','2020-09-07'),(361,2563,'1657',9,9,1,'3341501019467','2020-09-07'),(362,2563,'1659',10,9,1,'3341501019467','2020-09-07'),(363,2563,'1669',11,9,1,'3341501019467','2020-09-07'),(364,2563,'1692',12,9,1,'3341501019467','2020-09-07'),(369,2564,'1754',2,4,1,'3341500307256','2021-06-13'),(370,2564,'1755',3,4,1,'3341500307256','2021-06-13'),(371,2564,'1756',4,4,1,'3341500307256','2021-06-13'),(372,2564,'1757',5,4,1,'3341500307256','2021-06-13'),(373,2564,'1758',6,4,1,'3341500307256','2021-06-13'),(374,2564,'1759',7,4,1,'3341500307256','2021-06-13'),(375,2564,'1760',8,4,1,'3341500307256','2021-06-13'),(376,2564,'1761',9,4,1,'3341500307256','2021-06-13'),(377,2564,'1762',10,4,1,'3341500307256','2021-06-13'),(378,2564,'1730',9,6,1,'3341500307256','2021-06-13'),(379,2564,'1733',12,6,1,'3341500307256','2021-06-13'),(380,2564,'1731',10,6,1,'3341500307256','2021-06-13'),(381,2564,'1784',1,2,1,'3340101229463','2021-07-05'),(382,2564,'1769',3,3,1,'3341500307256','2021-06-13'),(383,2564,'1770',3,3,1,'3341500307256','2021-06-13'),(384,2564,'1771',4,3,1,'3341500307256','2021-06-13'),(385,2564,'1772',5,3,1,'3341500307256','2021-06-13'),(386,2564,'1773',6,3,1,'3341500307256','2021-06-13'),(387,2564,'1774',7,3,1,'3341500307256','2021-06-13'),(388,2564,'1775',8,3,1,'3341500307256','2021-06-13'),(389,2564,'1776',9,3,1,'3341500307256','2021-06-13'),(390,2564,'1777',10,3,1,'3341500307256','2021-06-13'),(391,2564,'1743',6,5,1,'3341500307256','2021-06-13'),(392,2564,'1744',8,5,1,'3341500307256','2021-06-13'),(393,2564,'1745',7,5,1,'3341500307256','2021-06-13'),(394,2564,'1751',6,5,1,'3341500307256','2021-06-13'),(395,2564,'1746',8,5,1,'3341500307256','2021-06-13'),(396,2564,'1747',9,5,1,'3341500307256','2021-06-13'),(397,2564,'1732',11,6,1,'3341500307256','2021-06-13'),(398,2564,'1748',10,5,1,'3341500307256','2021-06-13'),(399,2564,'1749',11,5,1,'3341500307256','2021-06-13'),(400,2564,'1750',12,5,1,'3341500307256','2021-06-13'),(401,2564,'1779',13,5,1,'3341500307256','2021-06-13'),(402,2564,'1720',1,6,1,'3341500307256','2021-06-13'),(403,2564,'1721',2,6,1,'3341500307256','2021-06-13'),(404,2564,'1722',3,6,1,'3341500307256','2021-06-13'),(405,2564,'1704',5,7,1,'3341500307256','2021-06-13'),(406,2564,'1705',6,7,1,'3341500307256','2021-06-13'),(407,2564,'1707',7,7,1,'3341500307256','2021-06-13'),(408,2564,'1728',8,6,1,'3341500307256','2021-06-13'),(409,2564,'1782',12,8,1,'3341500307256','2021-06-13'),(410,2564,'1',1,2,1,'3341500307256','2021-06-13'),(411,2564,'2',2,2,1,'3341500307256','2021-06-13'),(412,2564,'3',3,2,1,'3341500307256','2021-06-13'),(413,2564,'4',4,2,1,'3341500307256','2021-06-13'),(414,2564,'1681',1,8,1,'3341500307256','2021-06-14'),(415,2564,'1682',2,8,1,'3341500307256','2021-06-14'),(416,2564,'1737',3,8,1,'3341500307256','2021-06-14'),(417,2564,'1688',4,8,1,'3341500307256','2021-06-14'),(418,2564,'1689',5,8,1,'3341500307256','2021-06-14'),(419,2564,'1691',7,8,1,'3341500307256','2021-06-14'),(420,2564,'1686',6,8,1,'3341500307256','2021-06-14'),(421,2564,'1690',8,8,1,'3341500307256','2021-06-14'),(422,2564,'1687',9,8,1,'3341500307256','2021-06-14'),(423,2564,'1735',10,8,1,'3341500307256','2021-06-14'),(424,2564,'1764',11,8,1,'3341500307256','2021-06-14'),(425,2564,'1724',5,6,1,'3340101229463','2021-06-15'),(426,2564,'1708',8,7,1,'1341700017212','2021-06-17'),(427,2564,'1780',13,6,1,'3340101229463','2021-07-05'),(428,2564,'1785',2,2,1,'3340101229463','2021-07-05'),(429,2564,'1786',3,2,1,'3340101229463','2021-07-05'),(430,2564,'1787',4,2,1,'3340101229463','2021-07-05'),(431,2564,'1788',5,2,1,'3340101229463','2021-07-05'),(432,2564,'1789',14,5,1,'3340101229463','2021-07-05'),(433,2564,'1742',5,5,1,'3341500307256','2021-07-23'),(434,2564,'1663',1,9,1,'1341700017212','2022-05-16'),(435,2564,'1666',2,9,1,'1341700017212','2022-05-16'),(436,2564,'1668',3,9,1,'1341700017212','2022-05-16'),(437,2564,'1660',4,9,1,'1341700017212','2022-05-16'),(438,2564,'1662',5,9,1,'1341700017212','2022-05-16'),(439,2564,'1667',6,9,1,'1341700017212','2022-05-16'),(440,2564,'1665',7,9,1,'1341700017212','2022-05-16'),(441,2564,'1697',8,9,1,'1341700017212','2022-05-16'),(442,2564,'1676',9,9,1,'1341700017212','2022-05-16'),(443,2564,'1671',10,9,1,'1341700017212','2022-05-16'),(444,2564,'1672',11,9,1,'1341700017212','2022-05-16'),(445,2564,'1673',12,9,1,'1341700017212','2022-05-16'),(446,2564,'1674',13,9,1,'1341700017212','2022-05-16'),(447,2564,'1675',14,9,1,'1341700017212','2022-05-16'),(448,2564,'1677',15,9,1,'1341700017212','2022-05-16'),(449,2564,'1678',16,9,1,'1341700017212','2022-05-16'),(450,2564,'1752',17,9,1,'1341700017212','2022-05-16'),(451,2564,'1767',1,3,1,'3341500307256','2022-05-18'),(452,2564,'1768',2,3,1,'3341500307256','2022-05-18'),(453,2564,'1778',11,4,1,'3341500307256','2022-05-18'),(454,2564,'1738',1,5,1,'3341500307256','2022-05-18'),(455,2564,'1739',2,5,1,'3341500307256','2022-05-18'),(456,2564,'1740',3,5,1,'3341500307256','2022-05-18'),(457,2564,'1741',4,5,1,'3341500307256','2022-05-18'),(458,2564,'1723',4,6,1,'3341500307256','2022-05-18'),(459,2564,'1698',1,7,1,'3341500307256','2022-05-18'),(460,2564,'1799',2,7,1,'3341500307256','2022-05-18'),(461,2564,'1701',3,7,1,'3341500307256','2022-05-18'),(462,2564,'1702',4,7,1,'3341500307256','2022-05-18'),(463,2564,'1709',9,7,1,'3341500307256','2022-05-18'),(464,2564,'1710',10,7,1,'3341500307256','2022-05-18'),(465,2564,'1711',11,7,1,'3341500307256','2022-05-18'),(466,2564,'1712',12,7,1,'3341500307256','2022-05-18'),(467,2564,'1714',13,7,1,'3341500307256','2022-05-18'),(468,2564,'1715',14,7,1,'3341500307256','2022-05-18'),(469,2564,'1763',15,7,1,'3341500307256','2022-05-18'),(470,2564,'1781',16,7,1,'3341500307256','2022-05-18'),(471,2565,'1779',13,6,1,'3341500307256','2022-05-18'),(472,2565,'1780',13,7,1,'3341500307256','2022-05-18'),(473,2565,'1789',14,6,1,'3341500307256','2022-05-18'),(474,2565,'1720',1,7,1,'3341500307256','2022-05-18'),(475,2565,'1721',2,7,1,'3341500307256','2022-05-18'),(476,2565,'1722',3,7,1,'3341500307256','2022-05-18'),(477,2565,'1723',4,7,1,'3341500307256','2022-05-18'),(478,2565,'1724',5,7,1,'3341500307256','2022-05-18'),(479,2565,'1726',7,7,1,'3341500307256','2022-05-18'),(480,2565,'1728',8,7,1,'3341500307256','2022-05-18'),(481,2565,'1731',10,7,1,'3341500307256','2022-05-18'),(482,2565,'1732',11,7,1,'3341500307256','2022-05-18'),(483,2565,'1733',12,7,1,'3341500307256','2022-05-18'),(484,2565,'1725',6,7,1,'3341500307256','2022-05-18'),(485,2565,'1730',9,7,1,'3341500307256','2022-05-18'),(486,2565,'1',1,2,1,'3341500307256','2022-05-18'),(487,2565,'2',2,2,1,'3341500307256','2022-05-18'),(488,2565,'3',3,2,1,'3341500307256','2022-05-18'),(489,2565,'4',4,2,1,'3341500307256','2022-05-18'),(490,2565,'5',5,2,1,'3341500307256','2022-05-18'),(491,2565,'6',6,2,1,'3341500307256','2022-05-18'),(492,2565,'7',7,2,1,'3341500307256','2022-05-18'),(493,2565,'8',8,2,1,'3341500307256','2022-05-18'),(494,2565,'9',9,2,1,'3341500307256','2022-05-18'),(495,2565,'10',10,2,1,'3341500307256','2022-05-18'),(496,2565,'11',11,2,1,'3341500307256','2022-05-18'),(497,2565,'12',12,2,1,'3341500307256','2022-05-18'),(498,2565,'13',13,2,1,'3341500307256','2022-05-18'),(499,2565,'1790',1,3,1,'3340101229463','2023-05-23'),(500,2565,'1791',2,6,1,'3340101229463','2023-05-23'),(501,2565,'1792',3,3,1,'3340101229463','2023-05-23'),(502,2565,'1793',4,3,1,'3340101229463','2023-05-23'),(503,2565,'1794',5,3,1,'3340101229463','2023-05-23'),(504,2565,'1795',6,3,1,'3340101229463','2023-05-23'),(505,2565,'1796',7,3,1,'3340101229463','2023-05-23'),(506,2565,'1797',8,3,1,'3340101229463','2023-05-23'),(507,2565,'1798',9,3,1,'3340101229463','2023-05-23'),(508,2565,'1699',2,8,1,'3340101229463','2022-05-19'),(509,2565,'1799',10,3,1,'3340101229463','2023-05-23'),(510,2565,'1800',11,3,1,'3340101229463','2023-05-23'),(511,2565,'1801',12,3,1,'3340101229463','2023-05-23'),(512,2565,'1802',13,3,1,'3340101229463','2023-05-23'),(513,2565,'1803',14,3,1,'3340101229463','2023-05-23'),(514,2565,'1770',3,4,1,'3340101229463','2022-05-19'),(515,2565,'1756',4,5,1,'3120100216459','2022-11-07'),(516,2565,'1804',12,9,1,'3341500307256','2022-09-17'),(517,2565,'1754',2,5,1,'3120100216459','2022-11-07'),(518,2565,'1755',3,5,1,'3120100216459','2022-11-22'),(519,2565,'1757',5,5,1,'3120100216459','2022-11-07'),(520,2565,'1758',6,5,1,'3120100216459','2022-11-07'),(521,2565,'1759',7,5,1,'3120100216459','2022-11-07'),(522,2565,'1760',8,5,1,'3120100216459','2022-11-07'),(523,2565,'1761',9,5,1,'3120100216459','2022-11-07'),(524,2565,'1762',10,5,1,'3120100216459','2022-11-07'),(525,2565,'1778',11,5,1,'3120100216459','2022-11-07'),(526,2565,'1753',1,5,1,'3120100216459','2022-11-22'),(527,2565,'1784',1,4,1,'3340101229463','2023-05-23'),(528,2565,'1785',2,4,1,'3340101229463','2023-05-23'),(529,2565,'1786',3,4,1,'3340101229463','2023-05-23'),(530,2565,'1787',4,4,1,'3340101229463','2023-05-23'),(531,2565,'1767',1,4,1,'3340101229463','2023-05-23'),(532,2565,'1768',2,4,1,'3340101229463','2023-05-23'),(533,2565,'1771',4,4,1,'3340101229463','2023-05-23'),(534,2565,'1772',5,4,1,'3340101229463','2023-05-23'),(535,2565,'1773',6,4,1,'3340101229463','2023-05-23'),(536,2565,'1774',7,4,1,'3340101229463','2023-05-23'),(537,2565,'1775',8,4,1,'3340101229463','2023-05-23'),(538,2565,'1776',9,4,1,'3340101229463','2023-05-23'),(539,2565,'1777',10,4,1,'3340101229463','2023-05-23'),(540,2565,'1738',1,6,1,'3340101229463','2023-05-23'),(541,2565,'1739',2,6,1,'3340101229463','2023-05-23'),(542,2565,'1740',3,6,1,'3340101229463','2023-05-23'),(543,2565,'1741',4,6,1,'3340101229463','2023-05-23'),(544,2565,'1742',5,6,1,'3340101229463','2023-05-23'),(545,2565,'1751',6,6,1,'3340101229463','2023-05-23'),(546,2565,'1745',7,6,1,'3340101229463','2023-05-23'),(547,2565,'1746',8,6,1,'3340101229463','2023-05-23'),(548,2565,'1747',9,6,1,'3340101229463','2023-05-23'),(549,2565,'1748',10,6,1,'3340101229463','2023-05-23'),(550,2565,'1749',11,6,1,'3340101229463','2023-05-23'),(551,2565,'1750',12,6,1,'3340101229463','2023-05-23'),(552,2565,'1698',1,8,1,'3340101229463','2023-05-23'),(553,2565,'1701',3,8,1,'3340101229463','2023-05-23'),(554,2565,'1702',4,8,1,'3340101229463','2023-05-23'),(555,2565,'1704',5,8,1,'3340101229463','2023-05-23'),(556,2565,'1705',6,8,1,'3340101229463','2023-05-23'),(557,2565,'1707',7,8,1,'3340101229463','2023-05-23'),(558,2565,'1708',8,8,1,'3340101229463','2023-05-23'),(559,2565,'1709',9,8,1,'3340101229463','2023-05-23'),(560,2565,'1710',10,8,1,'3340101229463','2023-05-23'),(561,2565,'1711',11,8,1,'3340101229463','2023-05-23'),(562,2565,'1712',12,8,1,'3340101229463','2023-05-23'),(563,2565,'1714',13,8,1,'3340101229463','2023-05-23'),(564,2565,'1715',14,8,1,'3340101229463','2023-05-23'),(565,2565,'1763',15,8,1,'3340101229463','2023-05-23'),(566,2565,'1781',16,8,1,'3340101229463','2023-05-23'),(567,2565,'1681',1,9,1,'3340101229463','2023-05-23'),(568,2565,'1682',2,9,1,'3340101229463','2023-05-23'),(569,2565,'1737',3,9,1,'3340101229463','2023-05-23'),(570,2565,'1688',4,9,1,'3340101229463','2023-05-23'),(571,2565,'1689',5,9,1,'3340101229463','2023-05-23'),(572,2565,'1686',6,9,1,'3340101229463','2023-05-23'),(573,2565,'1691',7,9,1,'3340101229463','2023-05-23'),(574,2565,'1690',8,9,1,'3340101229463','2023-05-23'),(575,2566,'1792',3,3,1,'3340101229463','2023-06-12'),(576,2566,'1793',4,3,1,'3340101229463','2023-06-12'),(577,2566,'1795',6,3,1,'3340101229463','2023-06-12'),(578,2566,'1794',5,3,1,'3340101229463','2023-06-12'),(579,2566,'1796',7,3,1,'3340101229463','2023-06-12'),(580,2566,'1797',8,3,1,'3340101229463','2023-06-12'),(581,2566,'1798',9,3,1,'3340101229463','2023-06-12'),(582,2566,'1799',10,3,1,'3340101229463','2023-06-12'),(641,2566,'1781',16,9,1,'3340101229463','2024-05-16'),(584,2566,'1801',11,3,1,'3340101229463','2023-05-23'),(637,2566,'1819',5,4,1,'3340101229463','2024-02-29'),(586,2566,'1803',12,3,1,'3340101229463','2023-06-12'),(587,2566,'1784',1,4,1,'3340101229463','2023-05-23'),(588,2566,'1767',1,5,1,'3340101229463','2023-05-23'),(589,2566,'1768',2,5,1,'3340101229463','2023-05-23'),(590,2566,'1791',2,3,1,'3340101229463','2023-05-23'),(591,2566,'1770',3,5,1,'3340101229463','2023-05-23'),(592,2566,'1771',4,5,1,'3340101229463','2023-05-23'),(593,2566,'1772',5,5,1,'3340101229463','2023-05-23'),(594,2566,'1773',6,5,1,'3340101229463','2023-05-23'),(595,2566,'1774',7,5,1,'3340101229463','2023-05-23'),(596,2566,'1775',8,5,1,'3340101229463','2023-05-23'),(597,2566,'1776',9,5,1,'3340101229463','2023-05-23'),(598,2566,'1777',10,5,1,'3340101229463','2023-05-23'),(599,2566,'1753',1,6,1,'3340101229463','2023-05-23'),(600,2566,'1757',5,6,1,'3340101229463','2023-05-23'),(601,2566,'1756',4,6,1,'3340101229463','2023-05-23'),(602,2566,'1754',2,6,1,'3340101229463','2023-05-23'),(603,2566,'1755',3,6,1,'3340101229463','2023-05-23'),(604,2566,'1778',11,6,1,'3340101229463','2023-05-23'),(605,2566,'1762',10,6,1,'3340101229463','2023-05-23'),(606,2566,'1761',9,6,1,'3340101229463','2023-05-23'),(607,2566,'1760',8,6,1,'3340101229463','2023-05-23'),(608,2566,'1758',6,6,1,'3340101229463','2023-05-23'),(609,2566,'1759',7,6,1,'3340101229463','2023-05-23'),(610,2566,'1779',13,7,1,'3340101229463','2023-05-23'),(612,2566,'1720',1,8,1,'3340101229463','2023-05-23'),(613,2566,'1723',4,8,1,'3340101229463','2023-05-23'),(614,2566,'1721',2,8,1,'3340101229463','2023-05-23'),(615,2566,'1722',3,8,1,'3340101229463','2023-05-23'),(616,2566,'1724',5,8,1,'3340101229463','2023-05-23'),(617,2566,'1751',6,7,1,'3340101229463','2023-05-23'),(618,2566,'1745',7,7,1,'3340101229463','2023-05-23'),(619,2566,'1749',11,7,1,'3340101229463','2023-05-23'),(620,2566,'1747',9,7,1,'3340101229463','2023-05-23'),(621,2566,'1746',8,7,1,'3340101229463','2023-05-23'),(622,2566,'1750',12,7,1,'3340101229463','2023-05-23'),(623,2566,'1748',10,7,1,'3340101229463','2023-05-23'),(624,2566,'1805',1,2,1,'3340101229463','2023-06-12'),(625,2566,'1806',2,2,1,'3340101229463','2023-06-12'),(626,2566,'1807',3,2,1,'3340101229463','2023-06-12'),(627,2566,'1808',4,2,1,'3340101229463','2023-06-12'),(628,2566,'1809',5,2,1,'3340101229463','2023-06-12'),(629,2566,'1810',6,2,1,'3340101229463','2023-06-12'),(630,2566,'1811',7,2,1,'3340101229463','2023-06-12'),(631,2566,'1812',8,2,1,'3340101229463','2023-06-12'),(632,2566,'1813',9,2,1,'3340101229463','2023-06-12'),(633,2566,'1814',10,2,1,'3340101229463','2023-06-12'),(634,2566,'1815',11,2,1,'3340101229463','2023-06-12'),(635,2566,'1816',12,2,1,'3340101229463','2023-06-12'),(640,2566,'1763',15,9,1,'3340101229463','2024-05-16'),(642,2566,'1790',1,3,1,'3340101229463','2024-05-16'),(643,2566,'1785',2,4,1,'3340101229463','2024-05-16'),(644,2566,'1786',3,4,1,'3340101229463','2024-05-16'),(645,2566,'1787',4,4,1,'3340101229463','2024-05-16'),(646,2566,'1739',2,7,1,'3340101229463','2024-05-16'),(647,2566,'1740',3,7,1,'3340101229463','2024-05-16'),(648,2566,'1741',4,7,1,'3340101229463','2024-05-16'),(649,2566,'1742',5,7,1,'3340101229463','2024-05-16'),(650,2566,'1725',6,8,1,'3340101229463','2024-05-16'),(651,2566,'1726',7,8,1,'3340101229463','2024-05-16'),(652,2566,'1728',8,8,1,'3340101229463','2024-05-16'),(653,2566,'1730',9,8,1,'3340101229463','2024-05-16'),(654,2566,'1731',10,8,1,'3340101229463','2024-05-16'),(655,2566,'1732',11,8,1,'3340101229463','2024-05-16'),(656,2566,'1733',12,8,1,'3340101229463','2024-05-16'),(657,2566,'1780',13,8,1,'3340101229463','2024-05-16'),(658,2566,'1698',1,9,1,'3340101229463','2024-05-16'),(659,2566,'1699',2,9,1,'3340101229463','2024-05-16'),(660,2566,'1701',3,9,1,'3340101229463','2024-05-16'),(661,2566,'1702',4,9,1,'3340101229463','2024-05-16'),(662,2566,'1704',5,9,1,'3340101229463','2024-05-16'),(663,2566,'1705',6,9,1,'3340101229463','2024-05-16'),(664,2566,'1707',7,9,1,'3340101229463','2024-05-16'),(665,2566,'1708',8,9,1,'3340101229463','2024-05-16'),(666,2566,'1709',9,9,1,'3340101229463','2024-05-16'),(667,2566,'1710',10,9,1,'3340101229463','2024-05-16'),(668,2566,'1711',11,9,1,'3340101229463','2024-05-16'),(669,2566,'1712',12,9,1,'3340101229463','2024-05-16'),(670,2566,'1714',13,9,1,'3340101229463','2024-05-16'),(671,2566,'1715',14,9,1,'3340101229463','2024-05-16'),(672,2567,'1753',1,7,1,'3340101229463','2024-05-16'),(673,2567,'1754',2,7,1,'3340101229463','2024-05-16'),(674,2567,'1755',3,7,1,'3340101229463','2024-05-16'),(675,2567,'1756',4,7,1,'3340101229463','2024-05-16'),(676,2567,'1757',5,7,1,'3340101229463','2024-05-16'),(677,2567,'1758',6,7,1,'3340101229463','2024-05-16'),(678,2567,'1738',1,8,1,'3340101229463','2024-05-16'),(679,2567,'1720',1,9,1,'3340101229463','2024-05-16'),(680,2567,'1780',13,9,1,'3340101229463','2024-05-16'),(681,2567,'1821',1,2,1,'3340101229463','2024-05-30'),(682,2567,'1822',2,2,1,'3340101229463','2024-05-30'),(683,2567,'1823',3,2,1,'3340101229463','2024-05-30'),(684,2567,'1824',4,2,1,'3340101229463','2024-05-30'),(685,2567,'1825',5,2,1,'3340101229463','2024-05-30'),(686,2567,'1826',6,2,1,'3340101229463','2024-05-30'),(687,2567,'1827',7,2,1,'3340101229463','2024-05-30'),(688,2567,'1828',8,2,1,'3340101229463','2024-05-30'),(689,2567,'1829',11,6,1,'3340101229463','2024-05-30'),(691,2567,'1830',6,5,1,'3340101229463','2024-10-08'),(692,2567,'1803',11,4,1,'3340101229463','2024-11-06'),(693,2567,'0',9,2,0,'3340101229463','2025-01-09'),(694,2567,'1',7,5,0,'3340101229463','2025-01-09'),(695,2567,'1831',9,2,1,'3340101229463','2025-02-18'),(696,2567,'1832',7,5,1,'3340101229463','2025-02-18'),(697,2567,'1805',1,3,1,'3340101229463','2025-05-16'),(698,2567,'1806',2,3,1,'3340101229463','2025-05-16'),(699,2567,'1807',3,3,1,'3340101229463','2025-05-16'),(700,2567,'1808',4,3,1,'3340101229463','2025-05-16'),(701,2567,'1809',5,3,1,'3340101229463','2025-05-16'),(702,2567,'1810',6,3,1,'3340101229463','2025-05-16'),(703,2567,'1811',7,3,1,'3340101229463','2025-05-16'),(704,2567,'1812',8,3,1,'3340101229463','2025-05-16'),(705,2567,'1813',9,3,1,'3340101229463','2025-05-16'),(706,2567,'1814',10,3,1,'3340101229463','2025-05-16'),(707,2567,'1815',11,3,1,'3340101229463','2025-05-16'),(708,2567,'1816',12,3,1,'3340101229463','2025-05-16'),(790,2568,'1840',12,7,1,'3340101229463','2025-06-17'),(710,2568,'1822',1,3,1,'3340101229463','2025-06-05'),(711,2568,'1823',2,3,1,'3340101229463','2025-06-05'),(712,2568,'1824',3,3,1,'3340101229463','2025-06-05'),(713,2568,'1825',4,3,1,'3340101229463','2025-06-05'),(714,2568,'1826',5,3,1,'3340101229463','2025-06-05'),(715,2568,'1827',6,3,1,'3340101229463','2025-06-05'),(716,2568,'1828',7,3,1,'3340101229463','2025-06-05'),(717,2568,'1831',8,3,1,'3340101229463','2025-06-05'),(718,2568,'1805',1,3,1,'3340101229463','2025-05-16'),(719,2568,'1806',2,3,1,'3340101229463','2025-05-16'),(720,2568,'1807',3,3,1,'3340101229463','2025-05-16'),(721,2568,'1808',4,3,1,'3340101229463','2025-05-16'),(722,2568,'1809',5,3,1,'3340101229463','2025-05-16'),(723,2568,'1810',6,3,1,'3340101229463','2025-05-16'),(724,2568,'1811',7,3,1,'3340101229463','2025-05-16'),(725,2568,'1812',8,3,1,'3340101229463','2025-05-16'),(726,2568,'1813',9,3,1,'3340101229463','2025-05-16'),(727,2568,'1814',10,3,1,'3340101229463','2025-05-16'),(728,2568,'1815',11,3,1,'3340101229463','2025-05-16'),(729,2568,'1816',12,3,1,'3340101229463','2025-05-16'),(730,2567,'1790',1,4,1,'3340101229463','2025-05-16'),(731,2567,'1791',2,4,1,'3340101229463','2025-05-16'),(732,2567,'1792',3,4,1,'3340101229463','2025-05-16'),(733,2567,'1793',4,4,1,'3340101229463','2025-05-16'),(734,2567,'1794',5,4,1,'3340101229463','2025-05-16'),(735,2567,'1795',6,4,1,'3340101229463','2025-05-16'),(736,2567,'1796',7,4,1,'3340101229463','2025-05-16'),(737,2567,'1797',8,4,1,'3340101229463','2025-05-16'),(738,2567,'1798',9,4,1,'3340101229463','2025-05-16'),(739,2567,'1799',10,4,1,'3340101229463','2025-05-16'),(740,2567,'1784',1,5,1,'3340101229463','2025-05-16'),(741,2567,'1785',2,5,1,'3340101229463','2025-05-16'),(742,2567,'1786',3,5,1,'3340101229463','2025-05-16'),(743,2567,'1787',4,5,1,'3340101229463','2025-05-16'),(744,2567,'1819',5,5,1,'3340101229463','2025-05-16'),(745,2567,'1767',1,6,1,'3340101229463','2025-05-16'),(746,2567,'1768',2,6,1,'3340101229463','2025-05-16'),(747,2567,'1770',3,6,1,'3340101229463','2025-05-16'),(748,2567,'1771',4,6,1,'3340101229463','2025-05-16'),(749,2567,'1772',5,6,1,'3340101229463','2025-05-16'),(750,2567,'1773',6,6,1,'3340101229463','2025-05-16'),(751,2567,'1774',7,6,1,'3340101229463','2025-05-16'),(752,2567,'1775',8,6,1,'3340101229463','2025-05-16'),(753,2567,'1776',9,6,1,'3340101229463','2025-05-16'),(754,2567,'1777',10,6,1,'3340101229463','2025-05-16'),(755,2567,'1759',7,7,1,'3340101229463','2025-05-16'),(756,2567,'1760',8,7,1,'3340101229463','2025-05-16'),(757,2567,'1761',9,7,1,'3340101229463','2025-05-16'),(758,2567,'1762',10,7,1,'3340101229463','2025-05-16'),(759,2567,'1778',11,7,1,'3340101229463','2025-05-16'),(760,2567,'1721',2,9,1,'3340101229463','2025-05-16'),(761,2567,'1722',3,9,1,'3340101229463','2025-05-16'),(762,2567,'1723',4,9,1,'3340101229463','2025-05-16'),(763,2567,'1724',5,9,1,'3340101229463','2025-05-16'),(764,2567,'1725',6,9,1,'3340101229463','2025-05-16'),(765,2567,'1726',7,9,1,'3340101229463','2025-05-16'),(766,2567,'1728',8,9,1,'3340101229463','2025-05-16'),(767,2567,'1730',9,9,1,'3340101229463','2025-05-16'),(768,2567,'1731',10,9,1,'3340101229463','2025-05-16'),(769,2567,'1732',11,9,1,'3340101229463','2025-05-16'),(770,2567,'1733',12,9,1,'3340101229463','2025-05-16'),(771,2567,'1739',2,8,1,'3340101229463','2025-05-16'),(772,2567,'1740',3,8,1,'3340101229463','2025-05-16'),(773,2567,'1741',4,8,1,'3340101229463','2025-05-16'),(774,2567,'1742',5,8,1,'3340101229463','2025-05-16'),(775,2567,'1751',6,8,1,'3340101229463','2025-05-16'),(776,2567,'1745',7,8,1,'3340101229463','2025-05-16'),(777,2567,'1746',8,8,1,'3340101229463','2025-05-16'),(778,2567,'1747',9,8,1,'3340101229463','2025-05-16'),(779,2567,'1748',10,8,1,'3340101229463','2025-05-16'),(780,2567,'1749',11,8,1,'3340101229463','2025-05-16'),(781,2567,'1750',12,8,1,'3340101229463','2025-05-16'),(782,2567,'1779',13,8,1,'3340101229463','2025-05-16'),(783,2568,'1834',1,2,1,'3340101229463','2025-05-16'),(784,2568,'1835',2,2,1,'3340101229463','2025-05-16'),(785,2568,'1836',3,2,1,'3340101229463','2025-05-16'),(786,2568,'1837',4,2,1,'3340101229463','2025-05-16'),(787,2568,'1838',5,2,1,'3340101229463','2025-05-16'),(788,2568,'1839',6,2,1,'3340101229463','2025-05-16'),(789,2568,'1833',13,4,1,'3340101229463','2025-06-05'),(791,2568,'1841',14,9,1,'3340101229463','2025-09-12'),(792,2568,'1738',1,9,1,'3340101229463','2025-09-12'),(793,2568,'1842',7,2,1,'3340101229463','2025-11-06'),(794,2568,'1762',10,8,1,'3340101229463','2025-11-17');

--
-- Table structure for table `student_main_edyear`
--

CREATE TABLE `student_main_edyear` (
  `id` int(11) NOT NULL AUTO_INCREMENT,
  `ed_year` int(11) NOT NULL,
  `year_active` tinyint(4) NOT NULL,
  PRIMARY KEY (`id`),
  UNIQUE KEY `ed_year` (`ed_year`)
) ENGINE=MyISAM AUTO_INCREMENT=9 DEFAULT CHARSET=utf8 COLLATE=utf8_general_ci;

--
-- Dumping data for table `student_main_edyear`
--

INSERT INTO `student_main_edyear` VALUES (3,2563,0),(2,2562,0),(4,2564,0),(5,2565,0),(6,2566,0),(7,2567,0),(8,2568,1);

--
-- Table structure for table `student_main_expand1`
--

CREATE TABLE `student_main_expand1` (
  `id` int(11) NOT NULL AUTO_INCREMENT,
  `person_id` varchar(13) NOT NULL,
  `e_name` varchar(50) NOT NULL,
  `e_surname` varchar(50) NOT NULL,
  `birthday` date NOT NULL,
  `blood` varchar(2) NOT NULL,
  `race` varchar(30) NOT NULL,
  `nationlity` varchar(30) NOT NULL,
  `religion` varchar(30) NOT NULL,
  `rec_date` date NOT NULL,
  PRIMARY KEY (`id`),
  UNIQUE KEY `person_id` (`person_id`)
) ENGINE=MyISAM AUTO_INCREMENT=74 DEFAULT CHARSET=utf8 COLLATE=utf8_general_ci;

--
-- Dumping data for table `student_main_expand1`
--

INSERT INTO `student_main_expand1` VALUES (1,'1342200165205','Janjira','Simakum','2015-10-07','','','','','2022-07-06'),(2,'1341501588040','Chonnipa','Promsuk','2015-11-21','','','','','2022-07-06'),(3,'1349902104423','Kanalu','Sangkla','2016-04-11','','','','','2022-07-06'),(4,'1200901825812','Chayanun','Singjam','2015-05-23','','','','','2022-07-06'),(5,'1342200164781','Pichaporn','Nahom','2015-07-03','','','','','2022-07-06'),(6,'1342200164934','Jirayu','Pimkaew','2015-10-29','','','','','2022-07-06'),(7,'1341501587566','Nunthapron','Chansopha','2015-11-10','','','','','2022-07-06'),(8,'1342200165035','Issareeya','Putken','2015-09-02','','','','','2022-07-06'),(9,'1341501583455','Anuchid','Lukpim','2015-08-15','','','','','2022-07-06'),(10,'1342200164837','Krissada','Wangchai','2015-07-10','','','','','2022-07-06'),(11,'1349902001047','KITYACHA','BOONTHASING','2014-09-08','','','','','2022-07-06'),(12,'1101801767910','WATCHARA','PROMSOOK','2014-09-26','','','','','2022-07-06'),(13,'1342200163032','PONGSAKORN','KAEWKUMKONG','2014-07-04','','','','','2022-07-06'),(14,'1349902005450','Wichan','Maneesay','2014-09-29','','','','','2022-07-06'),(15,'1341501575843','TEERAYUT','PUTTHASADET','2014-12-25','','','','','2022-07-06'),(16,'1342200164322','PETPAIBOON','AKKHATHOME','2015-03-24','','','','','2022-07-06'),(17,'1347600100504','ATHITRA','PONGMALEE','2014-09-24','','','','','2022-07-06'),(18,'1342200163474','THANITHA','YASASUN','2014-09-26','','','','','2022-07-06'),(19,'1349901999265','NUTTHATHIDA','BOONSONG','2014-08-31','','','','','2022-07-06'),(20,'1101501547710','CHONTHICHA','SRILAET','2014-08-14','','','','','2022-07-06'),(21,'1342200163351','ANANTHAYA','SOTHI','2014-09-12','','','','','2022-07-06'),(22,'1349901982770','Narongrit','Areekoon','2013-06-02','','','','','2022-07-06'),(23,'1342200162800','Chatchai','Wangchai','2013-05-29','','','','','2022-07-06'),(24,'1342200161323','poothawan','deangsanit','2013-07-30','','','','','2022-07-06'),(25,'1329400172058','Phipat','Payupat','2013-05-31','','','','','2022-07-06'),(26,'1342200162222','Rapeephat','Boonream','2014-02-10','','','','','2022-07-06'),(27,'1342200162770','warakorn','Karmpanin','2013-05-17','','','','','2022-07-06'),(28,'1209000783514','Worrawat','Nakumnon','2014-02-25','','','','','2022-07-06'),(29,'1349901964984','Ratthanakarn','Kumhorm','2014-02-22','','','','','2022-07-06'),(30,'1342200161617','Sarunya','Kumphanin','2013-09-27','','','','','2022-07-06'),(31,'1342200161986','Supranee','Nakarmnin','2013-12-16','','','','','2022-07-06'),(32,'1342200162516','Aphichaya','Chaikeaw','2014-04-10','','','','','2022-07-06'),(33,'1342200161625','Amornsiri','Srimakum','2013-10-03','','','','','2022-07-06'),(34,'1349901958828','Onuma','Bussapark','2014-01-16','','','','','2022-07-06'),(35,'1349901878638','ANUWAT','BURLAI','2012-11-14','','','','','2022-07-06'),(36,'1119902723508','SARAWUT','MATHAYA','2013-01-03','','','','','2022-07-06'),(37,'1342200159621','Thirapat','Kaewsalee','2012-09-04','','','','','2022-07-06'),(38,'1347600075232','TAKSIN','PHUTHASADET','2012-11-09','','','','','2022-07-06'),(39,'1342200160823','APHIWAT','SRICHANSORN','2013-04-03','','','','','2022-07-06'),(40,'1347600074708','PONGPISUT','WONGPUKDEE','2012-10-29','','','','','2022-07-06'),(41,'1349901907841','SARUYOO','MUKDAHAN','2013-04-11','','','','','2022-07-06'),(42,'1347600081950','AITHIPON','SONGSERM','2013-05-12','','','','','2022-07-06'),(43,'1149901316771','PREECHA','PAKOMTHONG','2012-06-02','','','','','2022-07-06'),(44,'1342200160815','PIYAPORN','ONWANNA','2013-04-02','','','','','2022-07-06'),(45,'1342200159361','NATHA','SRIMAKAM','2012-07-25','','','','','2022-07-06'),(46,'1349901845136','SUTITA','PAKOMTHONG','2012-06-15','','','','','2022-07-06'),(47,'1342200160858','PAPASSORN','DEEYING','2013-04-06','','','','','2022-07-06'),(48,'1349901785109','-','-','2011-08-23','','','','','2022-07-06'),(49,'1349901866249','-','-','2012-09-19','','','','','2022-07-06'),(50,'1489900727872','-','-','2011-05-20','','','','','2022-07-06'),(51,'1342200157504','-','-','2011-09-28','','','','','2022-07-06'),(52,'1342200159078','-','-','2012-06-08','','','','','2022-07-06'),(53,'1349901769821','-','-','2011-06-09','','','','','2022-07-06'),(54,'1349901858203','-','-','2012-08-14','','','','','2022-07-06'),(55,'1349901805703','-','-','2011-11-25','','','','','2022-07-06'),(56,'1342200157610','-','-','2011-10-08','','','','','2022-07-06'),(57,'1347600068503','-','-','2012-05-29','','','','','2022-07-06'),(58,'1342200156958','-','-','2011-06-25','','','','','2022-07-06'),(59,'1342200157971','-','-','2011-12-03','','','','','2022-07-06'),(60,'1418600158839','-','-','2011-07-02','','','','','2022-07-06'),(61,'1349901790358','-','-','2011-09-16','','','','','2022-07-06'),(62,'1342200157521','-','-','2011-09-29','','','','','2022-07-06'),(63,'1489900676976','-','-','2010-08-15','','','','','2022-07-06'),(64,'1342200154076','-','-','2010-06-02','','','','','2022-07-06'),(65,'1349901746731','PIPATPONG','MAKAWA','2011-01-26','','','','','2022-07-06'),(66,'1347600052071','-','-','2011-02-09','','','','','2022-07-06'),(67,'1342200154726','-','-','2010-09-05','','','','','2022-07-06'),(68,'1209000564553','-','-','2010-12-14','','','','','2022-07-06'),(69,'1342200156338','-','-','2011-04-01','','','','','2022-07-06'),(70,'1347600052968','-','-','2011-03-09','','','','','2022-07-06'),(71,'1101501452859','-','-','2010-08-02','','','','','2022-07-06'),(72,'1119902564809','TIPSUDA','WONGMA','2010-07-17','','','','','2022-07-06'),(73,'1342200155404','Warada','Jaipakdee','2010-11-27','B','','','','2022-07-06');

--
-- Table structure for table `student_main_permission`
--

CREATE TABLE `student_main_permission` (
  `id` int(11) NOT NULL AUTO_INCREMENT,
  `person_id` varchar(13) NOT NULL,
  `p1` tinyint(4) NOT NULL,
  `officer` varchar(13) NOT NULL,
  `rec_date` date NOT NULL,
  PRIMARY KEY (`id`)
) ENGINE=MyISAM AUTO_INCREMENT=15 DEFAULT CHARSET=utf8 COLLATE=utf8_general_ci;

--
-- Dumping data for table `student_main_permission`
--

INSERT INTO `student_main_permission` VALUES (2,'3340101229463',1,'3340101229463','2019-05-30'),(3,'3120100216459',1,'3340101229463','2019-05-30'),(14,'1341500247737',1,'3340101229463','2022-11-09'),(13,'3349800125291',1,'3341500307256','2021-03-25'),(7,'3801300330284',1,'3340101229463','2019-05-30'),(8,'3341500039472',1,'3340101229463','2019-05-30'),(9,'5342200002741',1,'3340101229463','2019-05-30'),(10,'3341500513786',1,'3340101229463','2019-05-30');

--
-- Table structure for table `system_ed_year`
--

CREATE TABLE `system_ed_year` (
  `id` int(11) NOT NULL AUTO_INCREMENT,
  `ed_year` int(11) NOT NULL,
  `active_ed_year` tinyint(4) NOT NULL,
  PRIMARY KEY (`id`),
  UNIQUE KEY `ed_year` (`ed_year`)
) ENGINE=MyISAM DEFAULT CHARSET=utf8 COLLATE=utf8_general_ci;

--
-- Dumping data for table `system_ed_year`
--


--
-- Table structure for table `system_export_list`
--

CREATE TABLE `system_export_list` (
  `id` int(11) NOT NULL AUTO_INCREMENT,
  `data_name` varchar(50) NOT NULL,
  `thai_dataname` varchar(100) NOT NULL,
  PRIMARY KEY (`id`),
  UNIQUE KEY `data_name` (`data_name`)
) ENGINE=MyISAM AUTO_INCREMENT=7 DEFAULT CHARSET=utf8 COLLATE=utf8_general_ci;

--
-- Dumping data for table `system_export_list`
--

INSERT INTO `system_export_list` VALUES (1,'person','ข้อมูลครูและบุคลากร'),(2,'student','ข้อมูลพื้นฐานนักเรียน'),(3,'onet','ผลสอบ O-NET'),(4,'plan','แผนปฏิบัติการประจำปี'),(5,'student_check','การมาเรียน'),(6,'health','สุขภาพผู้เรียน');

--
-- Table structure for table `system_export_log`
--

CREATE TABLE `system_export_log` (
  `id` int(11) NOT NULL AUTO_INCREMENT,
  `computer_ip` varchar(25) NOT NULL,
  `requester` varchar(50) NOT NULL,
  `login_time` datetime NOT NULL,
  `data` varchar(20) NOT NULL,
  PRIMARY KEY (`id`)
) ENGINE=MyISAM AUTO_INCREMENT=138 DEFAULT CHARSET=utf8 COLLATE=utf8_general_ci;

--
-- Dumping data for table `system_export_log`
--

INSERT INTO `system_export_log` VALUES (1,'61.19.124.234','amssplus','2018-09-21 04:35:07','person'),(2,'61.19.124.234','amssplus','2019-10-03 08:23:56','student_check'),(3,'61.19.124.234','amssplus','2019-10-08 14:23:48','student_check'),(4,'122.155.223.9','amssplus','2020-02-21 07:06:38','student'),(5,'122.155.223.9','amssplus','2020-03-30 11:18:01','student_check'),(6,'122.155.223.9','amssplus','2020-08-05 09:38:15','student'),(7,'127.0.0.1','amssplus','2021-04-14 14:11:26','student'),(8,'127.0.0.1','amssplus','2021-04-14 14:21:51','student'),(9,'127.0.0.1','amssplus','2021-04-14 14:38:38','student'),(10,'127.0.0.1','amssplus','2021-04-15 12:02:18','student'),(11,'192.168.1.6','amssplus','2021-05-29 11:02:37','student'),(12,'192.168.1.6','amssplus','2021-05-29 11:03:47','student'),(13,'192.168.1.6','amssplus','2021-05-29 11:54:22','student'),(14,'192.168.1.6','amssplus','2021-05-29 11:57:18','student'),(15,'192.168.1.6','amssplus','2021-05-29 11:58:20','student'),(16,'192.168.1.6','amssplus','2021-05-29 12:12:54','student'),(17,'192.168.1.6','amssplus','2021-05-29 12:22:04','student'),(18,'192.168.1.6','amssplus','2021-05-29 12:23:50','student'),(19,'192.168.1.6','amssplus','2021-05-29 12:43:59','student'),(20,'192.168.1.6','amssplus','2021-05-29 12:50:45','student'),(21,'192.168.1.6','amssplus','2021-05-29 12:57:20','student'),(22,'192.168.1.6','amssplus','2021-05-29 12:58:25','student'),(23,'192.168.1.6','amssplus','2021-05-29 14:27:38','student'),(24,'192.168.1.6','amssplus','2021-05-29 14:28:12','student'),(25,'192.168.1.6','amssplus','2021-05-29 14:28:40','student'),(26,'192.168.1.6','amssplus','2021-05-29 14:29:18','student'),(27,'192.168.1.6','amssplus','2021-05-29 14:31:51','student'),(28,'10.1.1.3','amssplus','2021-10-05 20:13:11','student'),(29,'10.1.1.3','amssplus','2021-10-06 10:25:30','student'),(30,'10.1.1.3','amssplus','2022-03-16 09:29:04','student'),(31,'10.1.1.3','amssplus','2022-03-16 09:56:48','student'),(32,'10.1.1.3','amssplus','2022-03-16 15:04:43','student'),(33,'10.1.1.3','amssplus','2022-07-23 10:54:59','plan'),(34,'10.1.1.3','amssplus','2022-09-07 14:39:47','student'),(35,'10.1.1.3','amssplus','2022-09-15 11:11:55','student'),(36,'10.1.1.3','amssplus','2022-10-01 09:23:29','student'),(37,'','amssplus','2023-01-02 14:23:37','student_check'),(38,'','amssplus','2023-01-02 17:52:53','student_check'),(39,'','amssplus','2023-01-02 17:54:29','student_check'),(40,'','amssplus','2023-01-02 17:55:03','student_check'),(41,'10.1.1.3','amssplus','2023-01-22 00:22:50','student'),(42,'127.0.0.1','amssplus','2023-02-16 09:21:26','student_check'),(43,'127.0.0.1','amssplus','2023-02-16 09:22:08','student_check'),(44,'127.0.0.1','amssplus','2023-02-16 09:33:02','student_check'),(45,'10.1.1.3','amssplus','2023-04-05 09:48:16','student_check'),(46,'10.1.1.3','amssplus','2023-04-05 22:38:08','student_check'),(47,'10.1.1.3','amssplus','2023-04-06 10:24:15','student_check'),(48,'10.1.1.3','amssplus','2023-04-06 10:25:06','student_check'),(49,'10.1.1.3','amssplus','2023-04-06 10:47:27','student_check'),(50,'10.1.1.3','amssplus','2023-04-06 13:13:41','student_check'),(51,'10.1.1.3','amssplus','2023-06-15 10:20:18','student_check'),(52,'10.1.1.3','amssplus','2023-06-15 10:53:41','student'),(53,'10.1.1.3','amssplus','2023-06-15 10:53:43','student'),(54,'10.1.1.3','amssplus','2023-06-16 15:13:28','student'),(55,'10.1.1.3','amssplus','2023-07-04 11:22:53','student'),(56,'127.0.0.1','amssplus','2023-07-09 13:17:00','student_check'),(57,'127.0.0.1','amssplus','2023-07-09 13:18:59','student_check'),(58,'127.0.0.1','amssplus','2023-07-09 13:19:46','student_check'),(59,'127.0.0.1','amssplus','2023-07-09 13:20:12','student_check'),(60,'127.0.0.1','amssplus','2023-07-09 13:20:45','student_check'),(61,'127.0.0.1','amssplus','2023-07-09 13:21:39','student_check'),(62,'127.0.0.1','amssplus','2023-07-09 13:21:43','student_check'),(63,'127.0.0.1','amssplus','2023-07-09 13:27:57','student_check'),(64,'127.0.0.1','amssplus','2023-07-09 13:29:12','student_check'),(65,'127.0.0.1','amssplus','2023-07-09 13:31:13','student_check'),(66,'127.0.0.1','amssplus','2023-07-09 13:36:11','student_check'),(67,'127.0.0.1','amssplus','2023-07-09 13:37:17','student_check'),(68,'127.0.0.1','amssplus','2023-07-09 13:37:39','student_check'),(69,'127.0.0.1','amssplus','2023-07-09 13:39:11','student_check'),(70,'127.0.0.1','amssplus','2023-07-09 13:41:18','student_check'),(71,'127.0.0.1','amssplus','2023-07-09 13:42:39','student_check'),(72,'127.0.0.1','amssplus','2023-07-09 13:43:38','student_check'),(73,'127.0.0.1','amssplus','2023-07-09 13:47:33','student_check'),(74,'127.0.0.1','amssplus','2023-07-09 13:59:30','student_check'),(75,'127.0.0.1','amssplus','2023-07-09 14:08:13','student_check'),(76,'127.0.0.1','amssplus','2023-07-09 14:17:25','student_check'),(77,'127.0.0.1','amssplus','2023-07-11 07:57:55','student_check'),(78,'127.0.0.1','amssplus','2023-07-11 08:00:00','student_check'),(79,'127.0.0.1','amssplus','2023-07-11 08:13:00','student_check'),(80,'127.0.0.1','amssplus','2023-07-11 08:13:51','student_check'),(81,'127.0.0.1','amssplus','2023-07-11 08:14:42','student_check'),(82,'10.1.1.3','amssplus','2023-07-20 16:52:36','student_check'),(83,'10.1.1.3','amssplus','2023-07-20 16:52:36','student_check'),(84,'10.1.1.3','amssplus','2023-07-20 16:52:36','student_check'),(85,'127.0.0.1','amssplus','2023-07-26 13:58:45','student_check'),(86,'127.0.0.1','amssplus','2023-07-26 14:00:28','student_check'),(87,'127.0.0.1','amssplus','2023-07-26 14:02:03','student_check'),(88,'127.0.0.1','amssplus','2023-07-26 14:52:45','student_check'),(89,'127.0.0.1','amssplus','2023-07-26 14:58:21','student_check'),(90,'127.0.0.1','amssplus','2023-07-26 15:09:02','student_check'),(91,'127.0.0.1','amssplus','2023-07-26 15:10:57','student_check'),(92,'127.0.0.1','amssplus','2023-07-26 15:11:55','student_check'),(93,'127.0.0.1','amssplus','2023-07-26 15:18:32','student_check'),(94,'127.0.0.1','amssplus','2023-07-26 15:22:27','student_check'),(95,'127.0.0.1','amssplus','2023-07-26 15:27:19','student_check'),(96,'127.0.0.1','amssplus','2023-07-26 15:30:58','student_check'),(97,'127.0.0.1','amssplus','2023-07-26 15:32:06','student_check'),(98,'127.0.0.1','amssplus','2023-07-26 15:33:02','student_check'),(99,'127.0.0.1','amssplus','2023-07-26 15:45:39','student_check'),(100,'127.0.0.1','amssplus','2023-07-26 15:48:54','student_check'),(101,'127.0.0.1','amssplus','2023-07-26 15:50:51','student_check'),(102,'127.0.0.1','amssplus','2023-07-26 15:52:38','student_check'),(103,'127.0.0.1','amssplus','2023-07-26 15:57:09','student_check'),(104,'127.0.0.1','amssplus','2023-07-26 17:13:48','student_check'),(105,'127.0.0.1','amssplus','2023-07-26 17:19:37','student_check'),(106,'127.0.0.1','amssplus','2023-07-26 17:26:29','student_check'),(107,'127.0.0.1','amssplus','2023-07-26 17:28:05','student_check'),(108,'127.0.0.1','amssplus','2023-07-26 17:42:07','student_check'),(109,'10.1.1.3','amssplus','2023-08-24 09:05:27','student_check'),(110,'10.1.1.3','amssplus','2023-08-31 09:02:44','student_check'),(111,'10.1.1.3','amssplus','2023-08-31 09:03:18','student_check'),(112,'10.1.1.3','amssplus','2023-08-31 09:03:38','student_check'),(113,'10.1.1.3','amssplus','2023-09-15 20:07:51','student'),(114,'','amssplus','2023-10-25 14:28:38','student_check'),(115,'','amssplus','2023-10-25 14:28:46','student_check'),(116,'','amssplus','2023-10-25 14:28:48','student_check'),(117,'10.255.199.107','amssplus','2024-06-14 10:43:29','student'),(118,'10.255.199.107','amssplus','2024-06-14 10:46:02','student'),(119,'10.255.199.107','amssplus','2024-06-14 10:52:04','student'),(120,'10.255.199.107','amssplus','2024-06-17 04:37:31','person'),(121,'10.255.199.107','amssplus','2024-06-17 04:39:47','person'),(122,'10.255.199.107','amssplus','2024-06-20 04:51:34','student_check'),(123,'10.255.199.107','amssplus','2025-03-11 07:57:42','student_check'),(124,'10.255.199.107','amssplus','2025-03-11 07:58:04','student_check'),(125,'10.255.199.107','amssplus','2025-03-28 01:48:38','student_check'),(126,'10.255.199.107','amssplus','2025-05-29 08:08:41','person'),(127,'10.255.199.107','amssplus','2025-06-08 04:24:52','student'),(128,'10.255.199.107','amssplus','2025-07-30 08:33:27','student_check'),(129,'10.255.199.107','amssplus','2025-08-01 22:22:45','student_check'),(130,'10.255.199.107','amssplus','2025-08-01 22:22:49','student_check'),(131,'10.255.199.107','amssplus','2025-08-14 04:09:09','person'),(132,'10.255.199.107','amssplus','2025-08-14 06:29:22','student'),(133,'10.255.199.107','amssplus','2025-08-14 06:29:33','student'),(134,'10.255.199.107','amssplus','2025-08-14 06:30:04','student'),(135,'10.255.199.107','amssplus','2025-08-29 02:40:17','student_check'),(136,'10.255.199.107','amssplus','2025-09-13 05:43:36','student_check'),(137,'10.255.199.107','amssplus','2025-09-13 05:54:44','student_check');

--
-- Table structure for table `system_export_permission`
--

CREATE TABLE `system_export_permission` (
  `id` int(11) NOT NULL AUTO_INCREMENT,
  `requester` varchar(50) NOT NULL,
  `data_name` varchar(50) NOT NULL,
  `status` tinyint(4) NOT NULL DEFAULT 0,
  PRIMARY KEY (`id`)
) ENGINE=MyISAM AUTO_INCREMENT=7 DEFAULT CHARSET=utf8 COLLATE=utf8_general_ci;

--
-- Dumping data for table `system_export_permission`
--

INSERT INTO `system_export_permission` VALUES (1,'amssplus','plan',1),(2,'amssplus','onet',1),(3,'amssplus','student',1),(4,'amssplus','person',1),(5,'amssplus','student_check',1),(6,'amssplus','health',1);

--
-- Table structure for table `system_module`
--

CREATE TABLE `system_module` (
  `id` int(11) NOT NULL AUTO_INCREMENT,
  `module` varchar(50) NOT NULL,
  `module_desc` varchar(100) NOT NULL,
  `workgroup` tinyint(4) DEFAULT NULL,
  `module_active` tinyint(4) DEFAULT NULL,
  `module_order` int(11) NOT NULL,
  `web_link` tinyint(4) DEFAULT NULL,
  `url` varchar(150) DEFAULT NULL,
  `where_work` tinyint(4) NOT NULL DEFAULT 0,
  `menu_pic` varchar(25) NOT NULL,
  PRIMARY KEY (`id`)
) ENGINE=MyISAM AUTO_INCREMENT=114 DEFAULT CHARSET=utf8 COLLATE=utf8_general_ci;

--
-- Dumping data for table `system_module`
--

INSERT INTO `system_module` VALUES (1,'budget','การเงินและบัญชี',2,1,25,NULL,NULL,0,'fab fa-btc'),(32,'person','ข้อมูลพื้นฐานครูและบุคลากร',3,1,29,0,'',0,'fa fa-user-circle'),(36,'standard','มาตรฐานการศึกษา',1,1,21,NULL,NULL,0,''),(49,'health','ตรวจสุขภาพนักเรียน',1,1,5,NULL,NULL,1,''),(50,'student_check','การมาเรียน',1,1,1,NULL,NULL,0,'fa fa-child'),(70,'work','﻿การปฏิบัติราชการ',4,1,47,NULL,NULL,0,''),(48,'savings','ออมทรัพย์นักเรียน',1,1,3,NULL,NULL,1,'fab fa-btc'),(45,'student_main','ข้อมูลพื้นฐานนักเรียน',1,1,7,NULL,NULL,0,'fa fa-child'),(47,'plan','การวางแผน',2,1,23,NULL,NULL,0,''),(73,'la','﻿การลา',4,1,45,NULL,NULL,0,''),(80,'mail','ไปรษณีย์_โรงเรียน',4,1,36,0,'',0,'fa fa-envelope'),(75,'meeting','﻿จองห้องประชุม',4,1,49,NULL,NULL,0,''),(76,'permission','﻿ขออนุญาตไปราชการ',4,1,43,NULL,NULL,0,''),(81,'achievement','﻿ผลสัมฤทธิ์ทางการเรียน',1,1,19,NULL,NULL,0,'fa fa-graduation-cap'),(83,'cabinet','﻿ตู้เอกสาร',4,1,51,NULL,NULL,0,''),(99,'bookregister','﻿ทะเบียนหนังสือราชการ',4,1,33,0,'',0,'fa fa-book'),(100,'bets','ทดสอบการศึกษา_โรงเรียน',1,1,9,NULL,NULL,1,'fa fa-graduation-cap'),(101,'affair','﻿ภารกิจผู้อำนวยการ',4,1,41,0,'',0,''),(102,'amss_bets','﻿ทดสอบการศึกษา_สพท.',1,1,11,0,'',1,'fa fa-graduation-cap'),(103,'amss_budget','﻿การบริหารงบประมาณ_สพท.',2,1,27,0,'',0,'fab fa-btc'),(104,'amss_mail','﻿ไปรษณีย์_สพท.',4,1,37,0,'',0,'fa fa-envelope'),(105,'amss_opportunity','﻿สิทธิและโอกาสทางการศึกษา',1,1,15,0,'',0,'fa fa-child'),(106,'amss_spacial_student','﻿นักเรียนพิเศษ',1,1,17,0,'',0,'fa fa-child'),(107,'amss_supervision','﻿นิเทศ ติดตาม ประเมินผล',1,1,13,0,'',0,'fa fa-graduation-cap'),(108,'book','﻿รับส่งหนังสือราชการ',4,1,35,0,'',0,'fa fa-book'),(109,'delegate','﻿รักษาการในตำแหน่ง',3,1,31,0,'',0,''),(110,'warroom','﻿วิเคราะห์สภาพการณ์',1,1,0,0,'',0,'fa fa-filter'),(111,'questionnaire','﻿แบบสอบถาม',4,1,0,0,'',0,''),(112,'idplan','﻿ข้อมูลครูและบุคลากร(ส่วนเพิ่ม)',3,1,0,0,'',0,''),(113,'amss_safety','สถานศึกษาปลอดภัย',1,1,0,0,'',0,'');

--
-- Table structure for table `system_module_admin`
--

CREATE TABLE `system_module_admin` (
  `id` int(11) NOT NULL AUTO_INCREMENT,
  `person_id` varchar(13) NOT NULL,
  `module` varchar(30) NOT NULL,
  `officer` varchar(13) NOT NULL,
  `rec_date` date NOT NULL,
  PRIMARY KEY (`id`)
) ENGINE=MyISAM AUTO_INCREMENT=90 DEFAULT CHARSET=utf8 COLLATE=utf8_general_ci;

--
-- Dumping data for table `system_module_admin`
--

INSERT INTO `system_module_admin` VALUES (31,'3340101229463','budget','7777','2015-10-29'),(2,'3341500795358','person','7777','2015-10-29'),(3,'3340101229463','achievement','7777','2015-10-29'),(4,'3340101229463','bets','7777','2015-10-29'),(5,'3340101229463','bookregister','7777','2015-10-29'),(6,'3340101229463','cabinet','7777','2015-10-29'),(7,'3340101229463','mail','7777','2015-10-29'),(8,'3340101229463','permission','7777','2015-10-29'),(9,'3340101229463','person','7777','2015-10-29'),(10,'3340101229463','standard','7777','2015-10-29'),(11,'3340101229463','student_check','7777','2015-10-29'),(12,'3340101229463','student_main','7777','2015-10-29'),(13,'3340101229463','work','7777','2015-10-29'),(14,'3341500795358','achievement','7777','2015-10-29'),(15,'3341500795358','bets','7777','2015-10-29'),(16,'3341500795358','bookregister','7777','2015-10-29'),(61,'3341500073824','plan','7777','2020-10-03'),(18,'3341500795358','cabinet','7777','2015-10-29'),(19,'3341500795358','health','7777','2015-10-29'),(20,'3341500795358','la','7777','2015-10-29'),(21,'3341500795358','mail','7777','2015-10-29'),(22,'3341500795358','meeting','7777','2015-10-29'),(23,'3341500795358','permission','7777','2015-10-29'),(32,'3340101229463','health','7777','2015-10-29'),(25,'3341500795358','plan','7777','2015-10-29'),(26,'3341500795358','savings','7777','2015-10-29'),(27,'3341500795358','standard','7777','2015-10-29'),(28,'3341500795358','student_check','7777','2015-10-29'),(29,'3341500795358','student_main','7777','2015-10-29'),(30,'3341500795358','work','7777','2015-10-29'),(33,'3340101229463','la','7777','2015-10-29'),(34,'3340101229463','meeting','7777','2015-10-29'),(36,'3340101229463','savings','7777','2015-10-29'),(37,'3341500804489','plan','7777','2016-07-24'),(38,'3341500804489','student_check','7777','2016-07-24'),(39,'3120100216459','book','7777','2018-09-22'),(40,'3120100216459','bookregister','7777','2018-09-22'),(41,'1341500247737','amss_supervision','7777','2019-09-09'),(42,'3341501019467','amss_supervision','7777','2019-09-09'),(43,'3341500307256','amss_supervision','7777','2019-09-09'),(44,'3341500073824','amss_supervision','7777','2019-09-09'),(45,'3801300330284','amss_supervision','7777','2019-09-09'),(46,'3340101229463','amss_supervision','7777','2019-09-09'),(47,'3341500032447','amss_supervision','7777','2019-09-09'),(48,'1341700017212','amss_supervision','7777','2019-09-09'),(49,'3341500039472','amss_supervision','7777','2019-09-09'),(50,'3120100216459','amss_supervision','7777','2019-09-09'),(51,'5342200002741','amss_supervision','7777','2019-09-09'),(52,'3341500513786','amss_supervision','7777','2019-09-09'),(53,'3340900371830','amss_supervision','7777','2019-09-09'),(54,'1341500269323','amss_supervision','7777','2020-07-31'),(55,'3801300330284','budget','7777','2020-10-03'),(56,'3341500307256','budget','7777','2020-10-03'),(57,'3341500073824','budget','7777','2020-10-03'),(58,'1341700017212','budget','7777','2020-10-03'),(59,'1341500247737','budget','7777','2020-10-03'),(60,'1341500269323','budget','7777','2020-10-03'),(62,'3801300330284','plan','7777','2020-10-03'),(63,'3340101229463','plan','7777','2020-10-03'),(64,'1341700017212','plan','7777','2020-10-03'),(65,'1341500247737','plan','7777','2020-10-03'),(66,'1341500269323','plan','7777','2020-10-03'),(67,'1319800044006','achievement','3340101229463','2023-11-01'),(68,'3340900576849','achievement','3340101229463','2023-11-01'),(69,'3340900576849','affair','3340101229463','2023-11-01'),(70,'3340900576849','amss_bets','3340101229463','2023-11-01'),(71,'3341500883877','achievement','3340101229463','2023-11-01'),(72,'3349800125291','achievement','3340101229463','2023-11-01'),(73,'3801300330284','achievement','3340101229463','2023-11-01'),(74,'3341500039472','achievement','3340101229463','2023-11-01'),(75,'3120100216459','achievement','3340101229463','2023-11-01'),(76,'5342200002741','achievement','3340101229463','2023-11-01'),(77,'3341500513786','achievement','3340101229463','2023-11-01'),(78,'1319800044006','amss_bets','3340101229463','2023-11-01'),(79,'3341500883877','amss_bets','3340101229463','2023-11-01'),(80,'3349800125291','amss_bets','3340101229463','2023-11-01'),(81,'3801300330284','amss_bets','3340101229463','2023-11-01'),(82,'3341500039472','amss_bets','3340101229463','2023-11-01'),(83,'3120100216459','amss_bets','3340101229463','2023-11-01'),(84,'5342200002741','amss_bets','3340101229463','2023-11-01'),(85,'3341500513786','amss_bets','3340101229463','2023-11-01'),(86,'1319800044006','amss_supervision','3340101229463','2023-11-01'),(87,'3340900576849','amss_supervision','3340101229463','2023-11-01'),(88,'3341500883877','amss_supervision','3340101229463','2023-11-01'),(89,'3349800125291','amss_supervision','3340101229463','2023-11-01');

--
-- Table structure for table `system_school_name`
--

CREATE TABLE `system_school_name` (
  `id` tinyint(4) NOT NULL,
  `school_name` varchar(200) NOT NULL,
  `school_type` tinyint(4) NOT NULL DEFAULT 0
) ENGINE=MyISAM DEFAULT CHARSET=utf8 COLLATE=utf8_general_ci;

--
-- Dumping data for table `system_school_name`
--

INSERT INTO `system_school_name` VALUES (1,'โรงเรียนบ้านขามป้อม',0);

--
-- Table structure for table `system_sync_code`
--

CREATE TABLE `system_sync_code` (
  `id` tinyint(4) NOT NULL AUTO_INCREMENT,
  `office_code` varchar(10) NOT NULL,
  `system_name` varchar(50) NOT NULL,
  `sync_code` varchar(50) NOT NULL,
  `amssplus_url` varchar(100) NOT NULL,
  PRIMARY KEY (`id`),
  UNIQUE KEY `system_name` (`system_name`)
) ENGINE=MyISAM AUTO_INCREMENT=4 DEFAULT CHARSET=utf8 COLLATE=utf8_general_ci;

--
-- Dumping data for table `system_sync_code`
--

INSERT INTO `system_sync_code` VALUES (3,'34040064','amssplus','34040064','http://10.255.199.107/amssplus');

--
-- Table structure for table `system_version`
--

CREATE TABLE `system_version` (
  `id` int(11) NOT NULL AUTO_INCREMENT,
  `smss_version` varchar(100) NOT NULL,
  `status1` int(11) DEFAULT NULL,
  `status2` int(11) DEFAULT NULL,
  `status3` int(11) DEFAULT NULL,
  `status4` int(11) DEFAULT NULL,
  `status5` int(11) DEFAULT NULL,
  PRIMARY KEY (`id`)
) ENGINE=MyISAM AUTO_INCREMENT=2 DEFAULT CHARSET=utf8 COLLATE=utf8_general_ci;

--
-- Dumping data for table `system_version`
--

INSERT INTO `system_version` VALUES (1,'6.4',1,0,0,0,0);

--
-- Table structure for table `system_workgroup`
--

CREATE TABLE `system_workgroup` (
  `id` tinyint(4) NOT NULL AUTO_INCREMENT,
  `workgroup` tinyint(4) NOT NULL,
  `workgroup_desc` varchar(50) NOT NULL,
  `workgroup_order` int(11) NOT NULL,
  PRIMARY KEY (`id`),
  UNIQUE KEY `workgroup` (`workgroup`)
) ENGINE=MyISAM AUTO_INCREMENT=5 DEFAULT CHARSET=utf8 COLLATE=utf8_general_ci;

--
-- Dumping data for table `system_workgroup`
--

INSERT INTO `system_workgroup` VALUES (1,1,'บริหารวิชาการ',6),(2,2,'บริหารงบประมาณ',5),(3,3,'บริหารงานบุคคล',4),(4,4,'บริหารทั่วไป',8);

--
-- Table structure for table `work_main`
--

CREATE TABLE `work_main` (
  `id` int(11) NOT NULL AUTO_INCREMENT,
  `work_date` date NOT NULL,
  `person_id` varchar(13) NOT NULL,
  `work` tinyint(4) NOT NULL DEFAULT 0,
  `comment` varchar(150) DEFAULT NULL,
  `rec_date` datetime NOT NULL,
  `officer` varchar(13) NOT NULL,
  PRIMARY KEY (`id`),
  KEY `work_date` (`work_date`),
  KEY `person_id` (`person_id`)
) ENGINE=MyISAM AUTO_INCREMENT=13 DEFAULT CHARSET=utf8 COLLATE=utf8_general_ci;

--
-- Dumping data for table `work_main`
--

INSERT INTO `work_main` VALUES (1,'2015-11-04','3341500795358',1,NULL,'2015-11-04 13:51:46','3340101229463'),(2,'2015-11-04','3801300330284',1,NULL,'2015-11-04 13:51:46','3340101229463'),(3,'2015-11-04','3341501019467',1,NULL,'2015-11-04 13:51:46','3340101229463'),(4,'2015-11-04','3120100216459',1,NULL,'2015-11-04 13:51:46','3340101229463'),(5,'2015-11-04','3341500804489',1,NULL,'2015-11-04 13:51:46','3340101229463'),(6,'2015-11-04','3341500073824',1,NULL,'2015-11-04 13:51:46','3340101229463'),(7,'2015-11-04','3340900371830',1,NULL,'2015-11-04 13:51:46','3340101229463'),(8,'2015-11-04','3341500039472',1,NULL,'2015-11-04 13:51:46','3340101229463'),(9,'2015-11-04','5342200002741',1,NULL,'2015-11-04 13:51:46','3340101229463'),(10,'2015-11-04','3341500513786',1,NULL,'2015-11-04 13:51:46','3340101229463'),(11,'2015-11-04','3340101229463',1,NULL,'2015-11-04 13:51:46','3340101229463'),(12,'2015-11-04','3341500032447',1,NULL,'2015-11-04 13:51:46','3340101229463');

--
-- Table structure for table `work_permission`
--

CREATE TABLE `work_permission` (
  `id` int(11) NOT NULL AUTO_INCREMENT,
  `person_id` varchar(13) NOT NULL,
  `p1` tinyint(4) NOT NULL,
  `officer` varchar(13) NOT NULL,
  `rec_date` date NOT NULL,
  PRIMARY KEY (`id`)
) ENGINE=MyISAM DEFAULT CHARSET=utf8 COLLATE=utf8_general_ci;

--
-- Dumping data for table `work_permission`
--



