('2025-09-02',2582,7,0,2568,'C','1309900873829','2025-10-01 09:10:13'),('2025-09-02',2572,7,0,2568,'C','1309900873829','2025-10-01 09:10:13'),('2025-09-02',2586,7,0,2568,'C','1309900873829','2025-10-01 09:10:13'),('2025-09-02',2592,7,0,2568,'C','1309900873829','2025-10-01 09:10:13'),('2025-09-02',2602,7,0,2568,'C','1309900873829','2025-10-01 09:10:13'),('2025-09-03',2546,7,0,2568,'C','1309900873829','2025-10-01 09:10:17'),('2025-09-03',2543,7,0,2568,'C','1309900873829','2025-10-01 09:10:17'),('2025-09-03',2544,7,0,2568,'C','1309900873829','2025-10-01 09:10:17'),('2025-09-03',2545,7,0,2568,'C','1309900873829','2025-10-01 09:10:17'),('2025-09-03',2558,7,0,2568,'C','1309900873829','2025-10-01 09:10:17'),('2025-09-03',2582,7,0,2568,'C','1309900873829','2025-10-01 09:10:17'),('2025-09-03',2572,7,0,2568,'C','1309900873829','2025-10-01 09:10:17'),('2025-09-03',2586,7,0,2568,'C','1309900873829','2025-10-01 09:10:17'),('2025-09-03',2592,7,0,2568,'C','1309900873829','2025-10-01 09:10:17'),('2025-09-03',2602,7,0,2568,'C','1309900873829','2025-10-01 09:10:17'),('2025-09-04',2546,7,0,2568,'C','1309900873829','2025-10-01 09:10:37'),('2025-09-04',2543,7,0,2568,'C','1309900873829','2025-10-01 09:10:37'),('2025-09-04',2544,7,0,2568,'C','1309900873829','2025-10-01 09:10:37'),('2025-09-04',2545,7,0,2568,'C','1309900873829','2025-10-01 09:10:37'),('2025-09-04',2558,7,0,2568,'C','1309900873829','2025-10-01 09:10:37'),('2025-09-04',2582,7,0,2568,'C','1309900873829','2025-10-01 09:10:37'),('2025-09-04',2572,7,0,2568,'C','1309900873829','2025-10-01 09:10:37'),('2025-09-04',2586,7,0,2568,'C','1309900873829','2025-10-01 09:10:37'),('2025-09-04',2592,7,0,2568,'C','1309900873829','2025-10-01 09:10:37'),('2025-09-04',2602,7,0,2568,'C','1309900873829','2025-10-01 09:10:37'),('2025-09-05',2546,7,0,2568,'C','1309900873829','2025-10-01 09:10:41'),('2025-09-05',2543,7,0,2568,'C','1309900873829','2025-10-01 09:10:41'),('2025-09-05',2544,7,0,2568,'C','1309900873829','2025-10-01 09:10:41'),('2025-09-05',2545,7,0,2568,'C','1309900873829','2025-10-01 09:10:41'),('2025-09-05',2558,7,0,2568,'C','1309900873829','2025-10-01 09:10:41'),('2025-09-05',2582,7,0,2568,'C','1309900873829','2025-10-01 09:10:41'),('2025-09-05',2572,7,0,2568,'C','1309900873829','2025-10-01 09:10:41'),('2025-09-05',2586,7,0,2568,'C','1309900873829','2025-10-01 09:10:41'),('2025-09-05',2592,7,0,2568,'C','1309900873829','2025-10-01 09:10:41'),('2025-09-05',2602,7,0,2568,'C','1309900873829','2025-10-01 09:10:41'),('2025-09-08',2546,7,0,2568,'C','1309900873829','2025-10-01 09:10:46'),('2025-09-08',2543,7,0,2568,'C','1309900873829','2025-10-01 09:10:46'),('2025-09-08',2544,7,0,2568,'C','1309900873829','2025-10-01 09:10:46'),('2025-09-08',2545,7,0,2568,'C','1309900873829','2025-10-01 09:10:46'),('2025-09-08',2558,7,0,2568,'C','1309900873829','2025-10-01 09:10:46'),('2025-09-08',2582,7,0,2568,'C','1309900873829','2025-10-01 09:10:46'),('2025-09-08',2572,7,0,2568,'C','1309900873829','2025-10-01 09:10:46'),('2025-09-08',2586,7,0,2568,'C','1309900873829','2025-10-01 09:10:46'),('2025-09-08',2592,7,0,2568,'C','1309900873829','2025-10-01 09:10:46'),('2025-09-08',2602,7,0,2568,'C','1309900873829','2025-10-01 09:10:46'),('2025-09-09',2546,7,0,2568,'C','1309900873829','2025-10-01 09:10:53'),('2025-09-09',2543,7,0,2568,'C','1309900873829','2025-10-01 09:10:53'),('2025-09-09',2544,7,0,2568,'C','1309900873829','2025-10-01 09:10:53'),('2025-09-09',2545,7,0,2568,'C','1309900873829','2025-10-01 09:10:53'),('2025-09-09',2558,7,0,2568,'C','1309900873829','2025-10-01 09:10:53'),('2025-09-09',2582,7,0,2568,'C','1309900873829','2025-10-01 09:10:53'),('2025-09-09',2572,7,0,2568,'C','1309900873829','2025-10-01 09:10:53'),('2025-09-09',2586,7,0,2568,'C','1309900873829','2025-10-01 09:10:53'),('2025-09-09',2592,7,0,2568,'C','1309900873829','2025-10-01 09:10:53'),('2025-09-09',2602,7,0,2568,'C','1309900873829','2025-10-01 09:10:53'),('2025-09-10',2546,7,0,2568,'C','1309900873829','2025-10-01 09:10:58'),('2025-09-10',2543,7,0,2568,'C','1309900873829','2025-10-01 09:10:58'),('2025-09-10',2544,7,0,2568,'C','1309900873829','2025-10-01 09:10:58'),('2025-09-10',2545,7,0,2568,'C','1309900873829','2025-10-01 09:10:58'),('2025-09-10',2558,7,0,2568,'C','1309900873829','2025-10-01 09:10:58'),('2025-09-10',2582,7,0,2568,'C','1309900873829','2025-10-01 09:10:58'),('2025-09-10',2572,7,0,2568,'C','1309900873829','2025-10-01 09:10:58'),('2025-09-10',2586,7,0,2568,'C','1309900873829','2025-10-01 09:10:58'),('2025-09-10',2592,7,0,2568,'C','1309900873829','2025-10-01 09:10:58'),('2025-09-10',2602,7,0,2568,'C','1309900873829','2025-10-01 09:10:58'),('2025-09-11',2546,7,0,2568,'C','1309900873829','2025-10-01 09:10:16'),('2025-09-11',2543,7,0,2568,'C','1309900873829','2025-10-01 09:10:16'),('2025-09-11',2544,7,0,2568,'C','1309900873829','2025-10-01 09:10:16'),('2025-09-11',2545,7,0,2568,'C','1309900873829','2025-10-01 09:10:16'),('2025-09-11',2558,7,0,2568,'C','1309900873829','2025-10-01 09:10:16'),('2025-09-11',2582,7,0,2568,'C','1309900873829','2025-10-01 09:10:16'),('2025-09-11',2572,7,0,2568,'C','1309900873829','2025-10-01 09:10:16'),('2025-09-11',2586,7,0,2568,'C','1309900873829','2025-10-01 09:10:16'),('2025-09-11',2592,7,0,2568,'C','1309900873829','2025-10-01 09:10:16'),('2025-09-11',2602,7,0,2568,'C','1309900873829','2025-10-01 09:10:16'),('2025-09-12',2546,7,0,2568,'C','1309900873829','2025-10-01 09:10:36'),('2025-09-12',2543,7,0,2568,'C','1309900873829','2025-10-01 09:10:36'),('2025-09-12',2544,7,0,2568,'C','1309900873829','2025-10-01 09:10:36'),('2025-09-12',2545,7,0,2568,'C','1309900873829','2025-10-01 09:10:36'),('2025-09-12',2558,7,0,2568,'C','1309900873829','2025-10-01 09:10:36'),('2025-09-12',2582,7,0,2568,'C','1309900873829','2025-10-01 09:10:36'),('2025-09-12',2572,7,0,2568,'C','1309900873829','2025-10-01 09:10:36'),('2025-09-12',2586,7,0,2568,'C','1309900873829','2025-10-01 09:10:36'),('2025-09-12',2592,7,0,2568,'C','1309900873829','2025-10-01 09:10:36'),('2025-09-12',2602,7,0,2568,'C','1309900873829','2025-10-01 09:10:36'),('2025-09-15',2546,7,0,2568,'C','1309900873829','2025-10-01 09:10:41'),('2025-09-15',2543,7,0,2568,'C','1309900873829','2025-10-01 09:10:41'),('2025-09-15',2544,7,0,2568,'C','1309900873829','2025-10-01 09:10:41'),('2025-09-15',2545,7,0,2568,'C','1309900873829','2025-10-01 09:10:41'),('2025-09-15',2558,7,0,2568,'C','1309900873829','2025-10-01 09:10:41'),('2025-09-15',2582,7,0,2568,'C','1309900873829','2025-10-01 09:10:41'),('2025-09-15',2572,7,0,2568,'C','1309900873829','2025-10-01 09:10:41'),('2025-09-15',2586,7,0,2568,'C','1309900873829','2025-10-01 09:10:41'),('2025-09-15',2592,7,0,2568,'C','1309900873829','2025-10-01 09:10:41'),('2025-09-15',2602,7,0,2568,'C','1309900873829','2025-10-01 09:10:41'),('2025-09-16',2546,7,0,2568,'C','1309900873829','2025-10-01 09:10:51'),('2025-09-16',2543,7,0,2568,'C','1309900873829','2025-10-01 09:10:51'),('2025-09-16',2544,7,0,2568,'C','1309900873829','2025-10-01 09:10:51'),('2025-09-16',2545,7,0,2568,'C','1309900873829','2025-10-01 09:10:51'),('2025-09-16',2558,7,0,2568,'C','1309900873829','2025-10-01 09:10:51'),('2025-09-16',2582,7,0,2568,'C','1309900873829','2025-10-01 09:10:51'),('2025-09-16',2572,7,0,2568,'C','1309900873829','2025-10-01 09:10:51'),('2025-09-16',2586,7,0,2568,'C','1309900873829','2025-10-01 09:10:51'),('2025-09-16',2592,7,0,2568,'C','1309900873829','2025-10-01 09:10:51'),('2025-09-16',2602,7,0,2568,'C','1309900873829','2025-10-01 09:10:51'),('2025-09-17',2546,7,0,2568,'C','1309900873829','2025-10-01 09:10:54'),('2025-09-17',2543,7,0,2568,'C','1309900873829','2025-10-01 09:10:54'),('2025-09-17',2544,7,0,2568,'C','1309900873829','2025-10-01 09:10:54'),('2025-09-17',2545,7,0,2568,'C','1309900873829','2025-10-01 09:10:54'),('2025-09-17',2558,7,0,2568,'C','1309900873829','2025-10-01 09:10:54'),('2025-09-17',2582,7,0,2568,'C','1309900873829','2025-10-01 09:10:54'),('2025-09-17',2572,7,0,2568,'C','1309900873829','2025-10-01 09:10:54'),('2025-09-17',2586,7,0,2568,'C','1309900873829','2025-10-01 09:10:54'),('2025-09-17',2592,7,0,2568,'C','1309900873829','2025-10-01 09:10:54'),('2025-09-17',2602,7,0,2568,'C','1309900873829','2025-10-01 09:10:54'),('2025-09-18',2546,7,0,2568,'C','1309900873829','2025-10-01 09:10:21'),('2025-09-18',2543,7,0,2568,'C','1309900873829','2025-10-01 09:10:21'),('2025-09-18',2544,7,0,2568,'C','1309900873829','2025-10-01 09:10:21'),('2025-09-18',2545,7,0,2568,'C','1309900873829','2025-10-01 09:10:21'),('2025-09-18',2558,7,0,2568,'C','1309900873829','2025-10-01 09:10:21'),('2025-09-18',2582,7,0,2568,'C','1309900873829','2025-10-01 09:10:21'),('2025-09-18',2572,7,0,2568,'C','1309900873829','2025-10-01 09:10:21'),('2025-09-18',2586,7,0,2568,'C','1309900873829','2025-10-01 09:10:21'),('2025-09-18',2592,7,0,2568,'C','1309900873829','2025-10-01 09:10:21'),('2025-09-18',2602,7,0,2568,'C','1309900873829','2025-10-01 09:10:21'),('2025-09-19',2546,7,0,2568,'C','1309900873829','2025-10-01 09:10:26'),('2025-09-19',2543,7,0,2568,'C','1309900873829','2025-10-01 09:10:26'),('2025-09-19',2544,7,0,2568,'C','1309900873829','2025-10-01 09:10:26'),('2025-09-19',2545,7,0,2568,'C','1309900873829','2025-10-01 09:10:26'),('2025-09-19',2558,7,0,2568,'C','1309900873829','2025-10-01 09:10:26'),('2025-09-19',2582,7,0,2568,'C','1309900873829','2025-10-01 09:10:26'),('2025-09-19',2572,7,0,2568,'C','1309900873829','2025-10-01 09:10:26'),('2025-09-19',2586,7,0,2568,'C','1309900873829','2025-10-01 09:10:26'),('2025-09-19',2592,7,0,2568,'C','1309900873829','2025-10-01 09:10:26'),('2025-09-19',2602,7,0,2568,'C','1309900873829','2025-10-01 09:10:26'),('2025-09-22',2546,7,0,2568,'C','1309900873829','2025-10-01 09:10:30'),('2025-09-22',2543,7,0,2568,'C','1309900873829','2025-10-01 09:10:30'),('2025-09-22',2544,7,0,2568,'C','1309900873829','2025-10-01 09:10:30'),('2025-09-22',2545,7,0,2568,'C','1309900873829','2025-10-01 09:10:30'),('2025-09-22',2558,7,0,2568,'C','1309900873829','2025-10-01 09:10:30'),('2025-09-22',2582,7,0,2568,'C','1309900873829','2025-10-01 09:10:30'),('2025-09-22',2572,7,0,2568,'C','1309900873829','2025-10-01 09:10:30'),('2025-09-22',2586,7,0,2568,'C','1309900873829','2025-10-01 09:10:30'),('2025-09-22',2592,7,0,2568,'C','1309900873829','2025-10-01 09:10:30'),('2025-09-22',2602,7,0,2568,'C','1309900873829','2025-10-01 09:10:30'),('2025-09-23',2546,7,0,2568,'C','1309900873829','2025-10-01 09:10:34'),('2025-09-23',2543,7,0,2568,'C','1309900873829','2025-10-01 09:10:34'),('2025-09-23',2544,7,0,2568,'C','1309900873829','2025-10-01 09:10:34'),('2025-09-23',2545,7,0,2568,'C','1309900873829','2025-10-01 09:10:34'),('2025-09-23',2558,7,0,2568,'C','1309900873829','2025-10-01 09:10:34'),('2025-09-23',2582,7,0,2568,'C','1309900873829','2025-10-01 09:10:34'),('2025-09-23',2572,7,0,2568,'C','1309900873829','2025-10-01 09:10:34'),('2025-09-23',2586,7,0,2568,'C','1309900873829','2025-10-01 09:10:34'),('2025-09-23',2592,7,0,2568,'C','1309900873829','2025-10-01 09:10:34'),('2025-09-23',2602,7,0,2568,'C','1309900873829','2025-10-01 09:10:34'),('2025-09-24',2546,7,0,2568,'C','1309900873829','2025-10-01 09:10:38'),('2025-09-24',2543,7,0,2568,'C','1309900873829','2025-10-01 09:10:38'),('2025-09-24',2544,7,0,2568,'C','1309900873829','2025-10-01 09:10:38'),('2025-09-24',2545,7,0,2568,'C','1309900873829','2025-10-01 09:10:38'),('2025-09-24',2558,7,0,2568,'C','1309900873829','2025-10-01 09:10:38'),('2025-09-24',2582,7,0,2568,'C','1309900873829','2025-10-01 09:10:38'),('2025-09-24',2572,7,0,2568,'C','1309900873829','2025-10-01 09:10:38'),('2025-09-24',2586,7,0,2568,'C','1309900873829','2025-10-01 09:10:38'),('2025-09-24',2592,7,0,2568,'C','1309900873829','2025-10-01 09:10:38'),('2025-09-24',2602,7,0,2568,'C','1309900873829','2025-10-01 09:10:38'),('2025-09-25',2546,7,0,2568,'C','1309900873829','2025-10-01 09:10:43'),('2025-09-25',2543,7,0,2568,'C','1309900873829','2025-10-01 09:10:43'),('2025-09-25',2544,7,0,2568,'C','1309900873829','2025-10-01 09:10:43'),('2025-09-25',2545,7,0,2568,'C','1309900873829','2025-10-01 09:10:43'),('2025-09-25',2558,7,0,2568,'C','1309900873829','2025-10-01 09:10:43'),('2025-09-25',2582,7,0,2568,'C','1309900873829','2025-10-01 09:10:43'),('2025-09-25',2572,7,0,2568,'C','1309900873829','2025-10-01 09:10:43'),('2025-09-25',2586,7,0,2568,'C','1309900873829','2025-10-01 09:10:43'),('2025-09-25',2592,7,0,2568,'C','1309900873829','2025-10-01 09:10:43'),('2025-09-25',2602,7,0,2568,'C','1309900873829','2025-10-01 09:10:43'),('2025-09-26',2546,7,0,2568,'C','1309900873829','2025-10-01 09:10:47'),('2025-09-26',2543,7,0,2568,'C','1309900873829','2025-10-01 09:10:47'),('2025-09-26',2544,7,0,2568,'C','1309900873829','2025-10-01 09:10:47'),('2025-09-26',2545,7,0,2568,'C','1309900873829','2025-10-01 09:10:47'),('2025-09-26',2558,7,0,2568,'C','1309900873829','2025-10-01 09:10:47'),('2025-09-26',2582,7,0,2568,'C','1309900873829','2025-10-01 09:10:47'),('2025-09-26',2572,7,0,2568,'C','1309900873829','2025-10-01 09:10:47'),('2025-09-26',2586,7,0,2568,'C','1309900873829','2025-10-01 09:10:47'),('2025-09-26',2592,7,0,2568,'C','1309900873829','2025-10-01 09:10:47'),('2025-09-26',2602,7,0,2568,'C','1309900873829','2025-10-01 09:10:47'),('2025-09-29',2546,7,0,2568,'C','1309900873829','2025-10-01 09:10:52'),('2025-09-29',2543,7,0,2568,'C','1309900873829','2025-10-01 09:10:52'),('2025-09-29',2544,7,0,2568,'C','1309900873829','2025-10-01 09:10:52'),('2025-09-29',2545,7,0,2568,'C','1309900873829','2025-10-01 09:10:52'),('2025-09-29',2558,7,0,2568,'C','1309900873829','2025-10-01 09:10:52'),('2025-09-29',2582,7,0,2568,'C','1309900873829','2025-10-01 09:10:52'),('2025-09-29',2572,7,0,2568,'C','1309900873829','2025-10-01 09:10:52'),('2025-09-29',2586,7,0,2568,'C','1309900873829','2025-10-01 09:10:52'),('2025-09-29',2592,7,0,2568,'C','1309900873829','2025-10-01 09:10:52'),('2025-09-29',2602,7,0,2568,'C','1309900873829','2025-10-01 09:10:52'),('2025-09-30',2546,7,0,2568,'C','1309900873829','2025-10-01 09:10:56'),('2025-09-30',2543,7,0,2568,'C','1309900873829','2025-10-01 09:10:56'),('2025-09-30',2544,7,0,2568,'C','1309900873829','2025-10-01 09:10:56'),('2025-09-30',2545,7,0,2568,'C','1309900873829','2025-10-01 09:10:56'),('2025-09-30',2558,7,0,2568,'C','1309900873829','2025-10-01 09:10:56'),('2025-09-30',2582,7,0,2568,'C','1309900873829','2025-10-01 09:10:56'),('2025-09-30',2572,7,0,2568,'C','1309900873829','2025-10-01 09:10:56'),('2025-09-30',2586,7,0,2568,'C','1309900873829','2025-10-01 09:10:56'),('2025-09-30',2592,7,0,2568,'C','1309900873829','2025-10-01 09:10:56'),('2025-09-30',2602,7,0,2568,'C','1309900873829','2025-10-01 09:10:56'),('2025-09-01',2513,9,0,2568,'C','1349900682276','2025-10-01 09:10:06'),('2025-09-01',2514,9,0,2568,'C','1349900682276','2025-10-01 09:10:06'),('2025-09-01',2524,9,0,2568,'C','1349900682276','2025-10-01 09:10:06'),('2025-09-01',2515,9,0,2568,'C','1349900682276','2025-10-01 09:10:06'),('2025-09-01',2527,9,0,2568,'C','1349900682276','2025-10-01 09:10:06'),('2025-09-01',2525,9,0,2568,'C','1349900682276','2025-10-01 09:10:06'),('2025-09-01',2528,9,0,2568,'C','1349900682276','2025-10-01 09:10:06'),('2025-09-01',2589,9,0,2568,'C','1349900682276','2025-10-01 09:10:06'),('2025-09-02',2513,9,0,2568,'C','1349900682276','2025-10-01 09:10:12'),('2025-09-02',2514,9,0,2568,'C','1349900682276','2025-10-01 09:10:12'),('2025-09-02',2524,9,0,2568,'C','1349900682276','2025-10-01 09:10:12'),('2025-09-02',2515,9,0,2568,'C','1349900682276','2025-10-01 09:10:12'),('2025-09-02',2527,9,0,2568,'C','1349900682276','2025-10-01 09:10:12'),('2025-09-02',2525,9,0,2568,'C','1349900682276','2025-10-01 09:10:12'),('2025-09-02',2528,9,0,2568,'C','1349900682276','2025-10-01 09:10:12'),('2025-09-02',2589,9,0,2568,'C','1349900682276','2025-10-01 09:10:12'),('2025-09-03',2513,9,0,2568,'C','1349900682276','2025-10-01 09:10:16'),('2025-09-03',2514,9,0,2568,'C','1349900682276','2025-10-01 09:10:16'),('2025-09-03',2524,9,0,2568,'C','1349900682276','2025-10-01 09:10:16'),('2025-09-03',2515,9,0,2568,'C','1349900682276','2025-10-01 09:10:16'),('2025-09-03',2527,9,0,2568,'C','1349900682276','2025-10-01 09:10:16'),('2025-09-03',2525,9,0,2568,'C','1349900682276','2025-10-01 09:10:16'),('2025-09-03',2528,9,0,2568,'C','1349900682276','2025-10-01 09:10:16'),('2025-09-03',2589,9,0,2568,'C','1349900682276','2025-10-01 09:10:16'),('2025-09-04',2513,9,0,2568,'C','1349900682276','2025-10-01 09:10:20'),('2025-09-04',2514,9,0,2568,'C','1349900682276','2025-10-01 09:10:20'),('2025-09-04',2524,9,0,2568,'C','1349900682276','2025-10-01 09:10:20'),('2025-09-04',2515,9,0,2568,'C','1349900682276','2025-10-01 09:10:20'),('2025-09-04',2527,9,0,2568,'C','1349900682276','2025-10-01 09:10:20'),('2025-09-04',2525,9,0,2568,'C','1349900682276','2025-10-01 09:10:20'),('2025-09-04',2528,9,0,2568,'C','1349900682276','2025-10-01 09:10:20'),('2025-09-04',2589,9,0,2568,'C','1349900682276','2025-10-01 09:10:20'),('2025-09-05',2513,9,0,2568,'C','1349900682276','2025-10-01 09:10:24'),('2025-09-05',2514,9,0,2568,'C','1349900682276','2025-10-01 09:10:24'),('2025-09-05',2524,9,0,2568,'C','1349900682276','2025-10-01 09:10:24'),('2025-09-05',2515,9,0,2568,'C','1349900682276','2025-10-01 09:10:24'),('2025-09-05',2527,9,0,2568,'C','1349900682276','2025-10-01 09:10:24'),('2025-09-05',2525,9,0,2568,'C','1349900682276','2025-10-01 09:10:24'),('2025-09-05',2528,9,0,2568,'C','1349900682276','2025-10-01 09:10:24'),('2025-09-05',2589,9,0,2568,'C','1349900682276','2025-10-01 09:10:24'),('2025-09-08',2513,9,0,2568,'C','1349900682276','2025-10-01 09:10:28'),('2025-09-08',2514,9,0,2568,'C','1349900682276','2025-10-01 09:10:28'),('2025-09-08',2524,9,0,2568,'C','1349900682276','2025-10-01 09:10:28'),('2025-09-08',2515,9,0,2568,'C','1349900682276','2025-10-01 09:10:28'),('2025-09-08',2527,9,0,2568,'C','1349900682276','2025-10-01 09:10:28'),('2025-09-08',2525,9,0,2568,'C','1349900682276','2025-10-01 09:10:28'),('2025-09-08',2528,9,0,2568,'C','1349900682276','2025-10-01 09:10:28'),('2025-09-08',2589,9,0,2568,'C','1349900682276','2025-10-01 09:10:28'),('2025-09-09',2513,9,0,2568,'C','1349900682276','2025-10-01 09:10:31'),('2025-09-09',2514,9,0,2568,'C','1349900682276','2025-10-01 09:10:31'),('2025-09-09',2524,9,0,2568,'C','1349900682276','2025-10-01 09:10:31'),('2025-09-09',2515,9,0,2568,'C','1349900682276','2025-10-01 09:10:31'),('2025-09-09',2527,9,0,2568,'C','1349900682276','2025-10-01 09:10:31'),('2025-09-09',2525,9,0,2568,'C','1349900682276','2025-10-01 09:10:31'),('2025-09-09',2528,9,0,2568,'C','1349900682276','2025-10-01 09:10:31'),('2025-09-09',2589,9,0,2568,'C','1349900682276','2025-10-01 09:10:31'),('2025-09-10',2513,9,0,2568,'C','1349900682276','2025-10-01 09:10:36'),('2025-09-10',2514,9,0,2568,'C','1349900682276','2025-10-01 09:10:36'),('2025-09-10',2524,9,0,2568,'C','1349900682276','2025-10-01 09:10:36'),('2025-09-10',2515,9,0,2568,'C','1349900682276','2025-10-01 09:10:36'),('2025-09-10',2527,9,0,2568,'C','1349900682276','2025-10-01 09:10:36'),('2025-09-10',2525,9,0,2568,'C','1349900682276','2025-10-01 09:10:36'),('2025-09-10',2528,9,0,2568,'C','1349900682276','2025-10-01 09:10:36'),('2025-09-10',2589,9,0,2568,'C','1349900682276','2025-10-01 09:10:36'),('2025-09-11',2513,9,0,2568,'C','1349900682276','2025-10-01 09:10:40'),('2025-09-11',2514,9,0,2568,'C','1349900682276','2025-10-01 09:10:40'),('2025-09-11',2524,9,0,2568,'C','1349900682276','2025-10-01 09:10:40'),('2025-09-11',2515,9,0,2568,'C','1349900682276','2025-10-01 09:10:40'),('2025-09-11',2527,9,0,2568,'C','1349900682276','2025-10-01 09:10:40'),('2025-09-11',2525,9,0,2568,'C','1349900682276','2025-10-01 09:10:40'),('2025-09-11',2528,9,0,2568,'C','1349900682276','2025-10-01 09:10:40'),('2025-09-11',2589,9,0,2568,'C','1349900682276','2025-10-01 09:10:40'),('2025-09-12',2513,9,0,2568,'C','1349900682276','2025-10-01 09:10:44'),('2025-09-12',2514,9,0,2568,'C','1349900682276','2025-10-01 09:10:44'),('2025-09-12',2524,9,0,2568,'C','1349900682276','2025-10-01 09:10:44'),('2025-09-12',2515,9,0,2568,'C','1349900682276','2025-10-01 09:10:44'),('2025-09-12',2527,9,0,2568,'C','1349900682276','2025-10-01 09:10:44'),('2025-09-12',2525,9,0,2568,'C','1349900682276','2025-10-01 09:10:44'),('2025-09-12',2528,9,0,2568,'C','1349900682276','2025-10-01 09:10:44'),('2025-09-12',2589,9,0,2568,'C','1349900682276','2025-10-01 09:10:44'),('2025-09-15',2513,9,0,2568,'C','1349900682276','2025-10-01 09:10:48'),('2025-09-15',2514,9,0,2568,'C','1349900682276','2025-10-01 09:10:48'),('2025-09-15',2524,9,0,2568,'C','1349900682276','2025-10-01 09:10:48'),('2025-09-15',2515,9,0,2568,'C','1349900682276','2025-10-01 09:10:48'),('2025-09-15',2527,9,0,2568,'C','1349900682276','2025-10-01 09:10:48'),('2025-09-15',2525,9,0,2568,'C','1349900682276','2025-10-01 09:10:48'),('2025-09-15',2528,9,0,2568,'C','1349900682276','2025-10-01 09:10:48'),('2025-09-15',2589,9,0,2568,'C','1349900682276','2025-10-01 09:10:48'),('2025-09-16',2513,9,0,2568,'C','1349900682276','2025-10-01 09:10:52'),('2025-09-16',2514,9,0,2568,'C','1349900682276','2025-10-01 09:10:52'),('2025-09-16',2524,9,0,2568,'C','1349900682276','2025-10-01 09:10:52'),('2025-09-16',2515,9,0,2568,'C','1349900682276','2025-10-01 09:10:52'),('2025-09-16',2527,9,0,2568,'C','1349900682276','2025-10-01 09:10:52'),('2025-09-16',2525,9,0,2568,'C','1349900682276','2025-10-01 09:10:52'),('2025-09-16',2528,9,0,2568,'C','1349900682276','2025-10-01 09:10:52'),('2025-09-16',2589,9,0,2568,'C','1349900682276','2025-10-01 09:10:52'),('2025-09-17',2513,9,0,2568,'C','1349900682276','2025-10-01 09:10:56'),('2025-09-17',2514,9,0,2568,'C','1349900682276','2025-10-01 09:10:56'),('2025-09-17',2524,9,0,2568,'C','1349900682276','2025-10-01 09:10:56'),('2025-09-17',2515,9,0,2568,'C','1349900682276','2025-10-01 09:10:56'),('2025-09-17',2527,9,0,2568,'C','1349900682276','2025-10-01 09:10:56'),('2025-09-17',2525,9,0,2568,'C','1349900682276','2025-10-01 09:10:56'),('2025-09-17',2528,9,0,2568,'C','1349900682276','2025-10-01 09:10:56'),('2025-09-17',2589,9,0,2568,'C','1349900682276','2025-10-01 09:10:56'),('2025-09-18',2513,9,0,2568,'C','1349900682276','2025-10-01 09:10:00'),('2025-09-18',2514,9,0,2568,'C','1349900682276','2025-10-01 09:10:00'),('2025-09-18',2524,9,0,2568,'C','1349900682276','2025-10-01 09:10:00'),('2025-09-18',2515,9,0,2568,'C','1349900682276','2025-10-01 09:10:00'),('2025-09-18',2527,9,0,2568,'C','1349900682276','2025-10-01 09:10:00'),('2025-09-18',2525,9,0,2568,'C','1349900682276','2025-10-01 09:10:00'),('2025-09-18',2528,9,0,2568,'C','1349900682276','2025-10-01 09:10:00'),('2025-09-18',2589,9,0,2568,'C','1349900682276','2025-10-01 09:10:00'),('2025-09-19',2513,9,0,2568,'C','1349900682276','2025-10-01 09:10:04'),('2025-09-19',2514,9,0,2568,'C','1349900682276','2025-10-01 09:10:04'),('2025-09-19',2524,9,0,2568,'C','1349900682276','2025-10-01 09:10:04'),('2025-09-19',2515,9,0,2568,'C','1349900682276','2025-10-01 09:10:04'),('2025-09-19',2527,9,0,2568,'C','1349900682276','2025-10-01 09:10:04'),('2025-09-19',2525,9,0,2568,'C','1349900682276','2025-10-01 09:10:04'),('2025-09-19',2528,9,0,2568,'C','1349900682276','2025-10-01 09:10:04'),('2025-09-19',2589,9,0,2568,'C','1349900682276','2025-10-01 09:10:04'),('2025-09-22',2513,9,0,2568,'C','1349900682276','2025-10-01 09:10:16'),('2025-09-22',2514,9,0,2568,'C','1349900682276','2025-10-01 09:10:16'),('2025-09-22',2524,9,0,2568,'C','1349900682276','2025-10-01 09:10:16'),('2025-09-22',2515,9,0,2568,'C','1349900682276','2025-10-01 09:10:16'),('2025-09-22',2527,9,0,2568,'C','1349900682276','2025-10-01 09:10:16'),('2025-09-22',2525,9,0,2568,'C','1349900682276','2025-10-01 09:10:16'),('2025-09-22',2528,9,0,2568,'C','1349900682276','2025-10-01 09:10:16'),('2025-09-22',2589,9,0,2568,'C','1349900682276','2025-10-01 09:10:16'),('2025-09-23',2513,9,0,2568,'C','1349900682276','2025-10-01 09:10:20'),('2025-09-23',2514,9,0,2568,'C','1349900682276','2025-10-01 09:10:20'),('2025-09-23',2524,9,0,2568,'C','1349900682276','2025-10-01 09:10:20'),('2025-09-23',2515,9,0,2568,'C','1349900682276','2025-10-01 09:10:20'),('2025-09-23',2527,9,0,2568,'C','1349900682276','2025-10-01 09:10:20'),('2025-09-23',2525,9,0,2568,'C','1349900682276','2025-10-01 09:10:20'),('2025-09-23',2528,9,0,2568,'C','1349900682276','2025-10-01 09:10:20'),('2025-09-23',2589,9,0,2568,'C','1349900682276','2025-10-01 09:10:20'),('2025-09-24',2513,9,0,2568,'C','1349900682276','2025-10-01 09:10:24'),('2025-09-24',2514,9,0,2568,'C','1349900682276','2025-10-01 09:10:24'),('2025-09-24',2524,9,0,2568,'C','1349900682276','2025-10-01 09:10:24'),('2025-09-24',2515,9,0,2568,'C','1349900682276','2025-10-01 09:10:24'),('2025-09-24',2527,9,0,2568,'C','1349900682276','2025-10-01 09:10:24'),('2025-09-24',2525,9,0,2568,'C','1349900682276','2025-10-01 09:10:24'),('2025-09-24',2528,9,0,2568,'C','1349900682276','2025-10-01 09:10:24'),('2025-09-24',2589,9,0,2568,'C','1349900682276','2025-10-01 09:10:24'),('2025-09-25',2513,9,0,2568,'C','1349900682276','2025-10-01 09:10:53'),('2025-09-25',2514,9,0,2568,'C','1349900682276','2025-10-01 09:10:53'),('2025-09-25',2524,9,0,2568,'C','1349900682276','2025-10-01 09:10:53'),('2025-09-25',2515,9,0,2568,'C','1349900682276','2025-10-01 09:10:53'),('2025-09-25',2527,9,0,2568,'C','1349900682276','2025-10-01 09:10:53'),('2025-09-25',2525,9,0,2568,'C','1349900682276','2025-10-01 09:10:53'),('2025-09-25',2528,9,0,2568,'C','1349900682276','2025-10-01 09:10:53'),('2025-09-25',2589,9,0,2568,'C','1349900682276','2025-10-01 09:10:53'),('2025-09-26',2513,9,0,2568,'C','1349900682276','2025-10-01 09:10:59'),('2025-09-26',2514,9,0,2568,'C','1349900682276','2025-10-01 09:10:59'),('2025-09-26',2524,9,0,2568,'C','1349900682276','2025-10-01 09:10:59'),('2025-09-26',2515,9,0,2568,'C','1349900682276','2025-10-01 09:10:59'),('2025-09-26',2527,9,0,2568,'C','1349900682276','2025-10-01 09:10:59'),('2025-09-26',2525,9,0,2568,'C','1349900682276','2025-10-01 09:10:59'),('2025-09-26',2528,9,0,2568,'C','1349900682276','2025-10-01 09:10:59'),('2025-09-26',2589,9,0,2568,'C','1349900682276','2025-10-01 09:10:59'),('2025-09-29',2513,9,0,2568,'C','1349900682276','2025-10-01 09:10:04'),('2025-09-29',2514,9,0,2568,'C','1349900682276','2025-10-01 09:10:04'),('2025-09-29',2524,9,0,2568,'C','1349900682276','2025-10-01 09:10:04'),('2025-09-29',2515,9,0,2568,'C','1349900682276','2025-10-01 09:10:04'),('2025-09-29',2527,9,0,2568,'C','1349900682276','2025-10-01 09:10:04'),('2025-09-29',2525,9,0,2568,'C','1349900682276','2025-10-01 09:10:04'),('2025-09-29',2528,9,0,2568,'C','1349900682276','2025-10-01 09:10:04'),('2025-09-29',2589,9,0,2568,'C','1349900682276','2025-10-01 09:10:04'),('2025-09-30',2513,9,0,2568,'C','1349900682276','2025-10-01 09:10:08'),('2025-09-30',2514,9,0,2568,'C','1349900682276','2025-10-01 09:10:08'),('2025-09-30',2524,9,0,2568,'C','1349900682276','2025-10-01 09:10:08'),('2025-09-30',2515,9,0,2568,'C','1349900682276','2025-10-01 09:10:08'),('2025-09-30',2527,9,0,2568,'C','1349900682276','2025-10-01 09:10:08'),('2025-09-30',2525,9,0,2568,'C','1349900682276','2025-10-01 09:10:08'),('2025-09-30',2528,9,0,2568,'C','1349900682276','2025-10-01 09:10:08'),('2025-09-30',2589,9,0,2568,'C','1349900682276','2025-10-01 09:10:08'),('2025-10-01',2593,1,0,2568,'C','1349900892467','2025-10-14 08:10:37'),('2025-10-01',2601,1,0,2568,'C','1349900892467','2025-10-14 08:10:37'),('2025-10-01',2607,1,0,2568,'C','1349900892467','2025-10-14 08:10:37'),('2025-10-02',2593,1,0,2568,'C','1349900892467','2025-10-14 08:10:41'),('2025-10-02',2601,1,0,2568,'C','1349900892467','2025-10-14 08:10:41'),('2025-10-02',2607,1,0,2568,'C','1349900892467','2025-10-14 08:10:41'),('2025-10-03',2593,1,0,2568,'C','1349900892467','2025-10-14 08:10:45'),('2025-10-03',2601,1,0,2568,'C','1349900892467','2025-10-14 08:10:45'),('2025-10-03',2607,1,0,2568,'C','1349900892467','2025-10-14 08:10:45'),('2025-10-06',2593,1,0,2568,'C','1349900892467','2025-10-14 08:10:49'),('2025-10-06',2601,1,0,2568,'C','1349900892467','2025-10-14 08:10:49'),('2025-10-06',2607,1,0,2568,'C','1349900892467','2025-10-14 08:10:49'),('2025-10-07',2593,1,0,2568,'C','1349900892467','2025-10-14 08:10:52'),('2025-10-07',2601,1,0,2568,'C','1349900892467','2025-10-14 08:10:52'),('2025-10-07',2607,1,0,2568,'C','1349900892467','2025-10-14 08:10:52'),('2025-10-08',2593,1,0,2568,'C','1349900892467','2025-10-14 08:10:55'),('2025-10-08',2601,1,0,2568,'C','1349900892467','2025-10-14 08:10:55'),('2025-10-08',2607,1,0,2568,'C','1349900892467','2025-10-14 08:10:55'),('2025-10-09',2593,1,0,2568,'C','1349900892467','2025-10-14 08:10:59'),('2025-10-09',2601,1,0,2568,'C','1349900892467','2025-10-14 08:10:59'),('2025-10-09',2607,1,0,2568,'C','1349900892467','2025-10-14 08:10:59'),('2025-10-10',2593,1,0,2568,'C','1349900892467','2025-10-14 08:10:03'),('2025-10-10',2601,1,0,2568,'C','1349900892467','2025-10-14 08:10:03'),('2025-10-10',2607,1,0,2568,'C','1349900892467','2025-10-14 08:10:03'),('2025-10-01',2578,2,0,2568,'C','1349900892467','2025-10-14 08:10:11'),('2025-10-01',2596,2,0,2568,'C','1349900892467','2025-10-14 08:10:11'),('2025-10-01',2597,2,0,2568,'C','1349900892467','2025-10-14 08:10:11'),('2025-10-01',2598,2,0,2568,'C','1349900892467','2025-10-14 08:10:11'),('2025-10-01',2605,2,0,2568,'C','1349900892467','2025-10-14 08:10:11'),('2025-10-01',2606,2,0,2568,'C','1349900892467','2025-10-14 08:10:11'),('2025-10-01',2611,2,0,2568,'C','1349900892467','2025-10-14 08:10:11'),('2025-10-01',2612,2,0,2568,'C','1349900892467','2025-10-14 08:10:11'),('2025-10-02',2578,2,0,2568,'C','1349900892467','2025-10-14 08:10:15'),('2025-10-02',2596,2,0,2568,'C','1349900892467','2025-10-14 08:10:15'),('2025-10-02',2597,2,0,2568,'C','1349900892467','2025-10-14 08:10:15'),('2025-10-02',2598,2,0,2568,'C','1349900892467','2025-10-14 08:10:15'),('2025-10-02',2605,2,0,2568,'C','1349900892467','2025-10-14 08:10:15'),('2025-10-02',2606,2,0,2568,'C','1349900892467','2025-10-14 08:10:15'),('2025-10-02',2611,2,0,2568,'C','1349900892467','2025-10-14 08:10:15'),('2025-10-02',2612,2,0,2568,'C','1349900892467','2025-10-14 08:10:15'),('2025-10-03',2578,2,0,2568,'C','1349900892467','2025-10-14 08:10:19'),('2025-10-03',2596,2,0,2568,'C','1349900892467','2025-10-14 08:10:19'),('2025-10-03',2597,2,0,2568,'C','1349900892467','2025-10-14 08:10:19'),('2025-10-03',2598,2,0,2568,'C','1349900892467','2025-10-14 08:10:19'),('2025-10-03',2605,2,0,2568,'C','1349900892467','2025-10-14 08:10:19'),('2025-10-03',2606,2,0,2568,'C','1349900892467','2025-10-14 08:10:19'),('2025-10-03',2611,2,0,2568,'C','1349900892467','2025-10-14 08:10:19'),('2025-10-03',2612,2,0,2568,'C','1349900892467','2025-10-14 08:10:19'),('2025-10-06',2578,2,0,2568,'C','1349900892467','2025-10-14 08:10:23'),('2025-10-06',2596,2,0,2568,'C','1349900892467','2025-10-14 08:10:23'),('2025-10-06',2597,2,0,2568,'C','1349900892467','2025-10-14 08:10:23'),('2025-10-06',2598,2,0,2568,'C','1349900892467','2025-10-14 08:10:23'),('2025-10-06',2605,2,0,2568,'C','1349900892467','2025-10-14 08:10:23'),('2025-10-06',2606,2,0,2568,'C','1349900892467','2025-10-14 08:10:23'),('2025-10-06',2611,2,0,2568,'C','1349900892467','2025-10-14 08:10:23'),('2025-10-06',2612,2,0,2568,'C','1349900892467','2025-10-14 08:10:23'),('2025-10-07',2578,2,0,2568,'C','1349900892467','2025-10-14 08:10:27'),('2025-10-07',2596,2,0,2568,'C','1349900892467','2025-10-14 08:10:27'),('2025-10-07',2597,2,0,2568,'C','1349900892467','2025-10-14 08:10:27'),('2025-10-07',2598,2,0,2568,'C','1349900892467','2025-10-14 08:10:27'),('2025-10-07',2605,2,0,2568,'C','1349900892467','2025-10-14 08:10:27'),('2025-10-07',2606,2,0,2568,'C','1349900892467','2025-10-14 08:10:27'),('2025-10-07',2611,2,0,2568,'C','1349900892467','2025-10-14 08:10:27'),('2025-10-07',2612,2,0,2568,'C','1349900892467','2025-10-14 08:10:27'),('2025-10-08',2578,2,0,2568,'C','1349900892467','2025-10-14 08:10:30'),('2025-10-08',2596,2,0,2568,'C','1349900892467','2025-10-14 08:10:30'),('2025-10-08',2597,2,0,2568,'C','1349900892467','2025-10-14 08:10:30'),('2025-10-08',2598,2,0,2568,'C','1349900892467','2025-10-14 08:10:30'),('2025-10-08',2605,2,0,2568,'C','1349900892467','2025-10-14 08:10:30'),('2025-10-08',2606,2,0,2568,'C','1349900892467','2025-10-14 08:10:30'),('2025-10-08',2611,2,0,2568,'C','1349900892467','2025-10-14 08:10:30'),('2025-10-08',2612,2,0,2568,'C','1349900892467','2025-10-14 08:10:30'),('2025-10-09',2578,2,0,2568,'C','1349900892467','2025-10-14 08:10:34'),('2025-10-09',2596,2,0,2568,'C','1349900892467','2025-10-14 08:10:34'),('2025-10-09',2597,2,0,2568,'C','1349900892467','2025-10-14 08:10:34'),('2025-10-09',2598,2,0,2568,'C','1349900892467','2025-10-14 08:10:34'),('2025-10-09',2605,2,0,2568,'C','1349900892467','2025-10-14 08:10:34'),('2025-10-09',2606,2,0,2568,'C','1349900892467','2025-10-14 08:10:34'),('2025-10-09',2611,2,0,2568,'C','1349900892467','2025-10-14 08:10:34'),('2025-10-09',2612,2,0,2568,'C','1349900892467','2025-10-14 08:10:34'),('2025-10-10',2578,2,0,2568,'C','1349900892467','2025-10-14 08:10:39'),('2025-10-10',2596,2,0,2568,'C','1349900892467','2025-10-14 08:10:39'),('2025-10-10',2597,2,0,2568,'C','1349900892467','2025-10-14 08:10:39'),('2025-10-10',2598,2,0,2568,'C','1349900892467','2025-10-14 08:10:39'),('2025-10-10',2605,2,0,2568,'C','1349900892467','2025-10-14 08:10:39'),('2025-10-10',2606,2,0,2568,'C','1349900892467','2025-10-14 08:10:39'),('2025-10-10',2611,2,0,2568,'C','1349900892467','2025-10-14 08:10:39'),('2025-10-10',2612,2,0,2568,'C','1349900892467','2025-10-14 08:10:39'),('2025-10-01',2556,3,0,2568,'C','1349900892467','2025-10-14 08:10:49'),('2025-10-01',2557,3,0,2568,'C','1349900892467','2025-10-14 08:10:49'),('2025-10-01',2561,3,0,2568,'C','1349900892467','2025-10-14 08:10:49'),('2025-10-01',2562,3,0,2568,'C','1349900892467','2025-10-14 08:10:49'),('2025-10-01',2590,3,0,2568,'C','1349900892467','2025-10-14 08:10:49'),('2025-10-01',2566,3,0,2568,'C','1349900892467','2025-10-14 08:10:49'),('2025-10-01',2571,3,0,2568,'C','1349900892467','2025-10-14 08:10:49'),('2025-10-01',2570,3,0,2568,'C','1349900892467','2025-10-14 08:10:49'),('2025-10-01',2579,3,0,2568,'C','1349900892467','2025-10-14 08:10:49'),('2025-10-01',2599,3,0,2568,'C','1349900892467','2025-10-14 08:10:49'),('2025-10-01',2608,3,0,2568,'C','1349900892467','2025-10-14 08:10:49'),('2025-10-02',2556,3,0,2568,'C','1349900892467','2025-10-14 08:10:54'),('2025-10-02',2557,3,0,2568,'C','1349900892467','2025-10-14 08:10:54'),('2025-10-02',2561,3,0,2568,'C','1349900892467','2025-10-14 08:10:54'),('2025-10-02',2562,3,0,2568,'C','1349900892467','2025-10-14 08:10:54'),('2025-10-02',2590,3,0,2568,'C','1349900892467','2025-10-14 08:10:54'),('2025-10-02',2566,3,0,2568,'C','1349900892467','2025-10-14 08:10:54'),('2025-10-02',2571,3,0,2568,'C','1349900892467','2025-10-14 08:10:54'),('2025-10-02',2570,3,0,2568,'C','1349900892467','2025-10-14 08:10:54'),('2025-10-02',2579,3,0,2568,'C','1349900892467','2025-10-14 08:10:54'),('2025-10-02',2599,3,0,2568,'C','1349900892467','2025-10-14 08:10:54'),('2025-10-02',2608,3,0,2568,'C','1349900892467','2025-10-14 08:10:54'),('2025-10-03',2556,3,0,2568,'C','1349900892467','2025-10-14 08:10:58'),('2025-10-03',2557,3,0,2568,'C','1349900892467','2025-10-14 08:10:58'),('2025-10-03',2561,3,0,2568,'C','1349900892467','2025-10-14 08:10:58'),('2025-10-03',2562,3,0,2568,'C','1349900892467','2025-10-14 08:10:58'),('2025-10-03',2590,3,0,2568,'C','1349900892467','2025-10-14 08:10:58'),('2025-10-03',2566,3,0,2568,'C','1349900892467','2025-10-14 08:10:58'),('2025-10-03',2571,3,0,2568,'C','1349900892467','2025-10-14 08:10:58'),('2025-10-03',2570,3,0,2568,'C','1349900892467','2025-10-14 08:10:58'),('2025-10-03',2579,3,0,2568,'C','1349900892467','2025-10-14 08:10:58'),('2025-10-03',2599,3,0,2568,'C','1349900892467','2025-10-14 08:10:58'),('2025-10-03',2608,3,0,2568,'C','1349900892467','2025-10-14 08:10:58'),('2025-10-06',2556,3,0,2568,'C','1349900892467','2025-10-14 08:10:02'),('2025-10-06',2557,3,0,2568,'C','1349900892467','2025-10-14 08:10:02'),('2025-10-06',2561,3,0,2568,'C','1349900892467','2025-10-14 08:10:02'),('2025-10-06',2562,3,0,2568,'C','1349900892467','2025-10-14 08:10:02'),('2025-10-06',2590,3,0,2568,'C','1349900892467','2025-10-14 08:10:02'),('2025-10-06',2566,3,0,2568,'C','1349900892467','2025-10-14 08:10:02'),('2025-10-06',2571,3,0,2568,'C','1349900892467','2025-10-14 08:10:02'),('2025-10-06',2570,3,0,2568,'C','1349900892467','2025-10-14 08:10:02'),('2025-10-06',2579,3,0,2568,'C','1349900892467','2025-10-14 08:10:02'),('2025-10-06',2599,3,0,2568,'C','1349900892467','2025-10-14 08:10:02'),('2025-10-06',2608,3,0,2568,'C','1349900892467','2025-10-14 08:10:02'),('2025-10-07',2556,3,0,2568,'C','1349900892467','2025-10-14 08:10:06'),('2025-10-07',2557,3,0,2568,'C','1349900892467','2025-10-14 08:10:06'),('2025-10-07',2561,3,0,2568,'C','1349900892467','2025-10-14 08:10:06'),('2025-10-07',2562,3,0,2568,'C','1349900892467','2025-10-14 08:10:06'),('2025-10-07',2590,3,0,2568,'C','1349900892467','2025-10-14 08:10:06'),('2025-10-07',2566,3,0,2568,'C','1349900892467','2025-10-14 08:10:06'),('2025-10-07',2571,3,0,2568,'C','1349900892467','2025-10-14 08:10:06'),('2025-10-07',2570,3,0,2568,'C','1349900892467','2025-10-14 08:10:06'),('2025-10-07',2579,3,0,2568,'C','1349900892467','2025-10-14 08:10:06'),('2025-10-07',2599,3,0,2568,'C','1349900892467','2025-10-14 08:10:06'),('2025-10-07',2608,3,0,2568,'C','1349900892467','2025-10-14 08:10:06'),('2025-10-08',2556,3,0,2568,'C','1349900892467','2025-10-14 08:10:10'),('2025-10-08',2557,3,0,2568,'C','1349900892467','2025-10-14 08:10:10'),('2025-10-08',2561,3,0,2568,'C','1349900892467','2025-10-14 08:10:10'),('2025-10-08',2562,3,0,2568,'C','1349900892467','2025-10-14 08:10:10'),('2025-10-08',2590,3,0,2568,'C','1349900892467','2025-10-14 08:10:10'),('2025-10-08',2566,3,0,2568,'C','1349900892467','2025-10-14 08:10:10'),('2025-10-08',2571,3,0,2568,'C','1349900892467','2025-10-14 08:10:10'),('2025-10-08',2570,3,0,2568,'C','1349900892467','2025-10-14 08:10:10'),('2025-10-08',2579,3,0,2568,'C','1349900892467','2025-10-14 08:10:10'),('2025-10-08',2599,3,0,2568,'C','1349900892467','2025-10-14 08:10:10'),('2025-10-08',2608,3,0,2568,'C','1349900892467','2025-10-14 08:10:10'),('2025-10-09',2556,3,0,2568,'C','1349900892467','2025-10-14 08:10:14'),('2025-10-09',2557,3,0,2568,'C','1349900892467','2025-10-14 08:10:14'),('2025-10-09',2561,3,0,2568,'C','1349900892467','2025-10-14 08:10:14'),('2025-10-09',2562,3,0,2568,'C','1349900892467','2025-10-14 08:10:14'),('2025-10-09',2590,3,0,2568,'C','1349900892467','2025-10-14 08:10:14'),('2025-10-09',2566,3,0,2568,'C','1349900892467','2025-10-14 08:10:14'),('2025-10-09',2571,3,0,2568,'C','1349900892467','2025-10-14 08:10:14'),('2025-10-09',2570,3,0,2568,'C','1349900892467','2025-10-14 08:10:14'),('2025-10-09',2579,3,0,2568,'C','1349900892467','2025-10-14 08:10:14'),('2025-10-09',2599,3,0,2568,'C','1349900892467','2025-10-14 08:10:14'),('2025-10-09',2608,3,0,2568,'C','1349900892467','2025-10-14 08:10:14'),('2025-10-10',2556,3,0,2568,'C','1349900892467','2025-10-14 08:10:19'),('2025-10-10',2557,3,0,2568,'C','1349900892467','2025-10-14 08:10:19'),('2025-10-10',2561,3,0,2568,'C','1349900892467','2025-10-14 08:10:19'),('2025-10-10',2562,3,0,2568,'C','1349900892467','2025-10-14 08:10:19'),('2025-10-10',2590,3,0,2568,'C','1349900892467','2025-10-14 08:10:19'),('2025-10-10',2566,3,0,2568,'C','1349900892467','2025-10-14 08:10:19'),('2025-10-10',2571,3,0,2568,'C','1349900892467','2025-10-14 08:10:19'),('2025-10-10',2570,3,0,2568,'C','1349900892467','2025-10-14 08:10:19'),('2025-10-10',2579,3,0,2568,'C','1349900892467','2025-10-14 08:10:19'),('2025-10-10',2599,3,0,2568,'C','1349900892467','2025-10-14 08:10:19'),('2025-10-10',2608,3,0,2568,'C','1349900892467','2025-10-14 08:10:19'),('2025-10-01',2548,4,0,2568,'C','3349700030310','2025-10-14 08:10:19'),('2025-10-01',2549,4,0,2568,'C','3349700030310','2025-10-14 08:10:19'),('2025-10-01',2550,4,0,2568,'C','3349700030310','2025-10-14 08:10:19'),('2025-10-01',2551,4,0,2568,'C','3349700030310','2025-10-14 08:10:19'),('2025-10-01',2552,4,0,2568,'C','3349700030310','2025-10-14 08:10:19'),('2025-10-01',2555,4,0,2568,'C','3349700030310','2025-10-14 08:10:19'),('2025-10-01',2563,4,0,2568,'C','3349700030310','2025-10-14 08:10:19'),('2025-10-01',2568,4,0,2568,'C','3349700030310','2025-10-14 08:10:19'),('2025-10-01',2595,4,0,2568,'C','3349700030310','2025-10-14 08:10:19'),('2025-10-01',2604,4,0,2568,'C','3349700030310','2025-10-14 08:10:19'),('2025-10-01',2609,4,0,2568,'C','3349700030310','2025-10-14 08:10:19'),('2025-10-01',2610,4,0,2568,'C','3349700030310','2025-10-14 08:10:19'),('2025-10-02',2548,4,0,2568,'C','3349700030310','2025-10-14 08:10:23'),('2025-10-02',2549,4,0,2568,'C','3349700030310','2025-10-14 08:10:23'),('2025-10-02',2550,4,0,2568,'C','3349700030310','2025-10-14 08:10:23'),('2025-10-02',2551,4,0,2568,'C','3349700030310','2025-10-14 08:10:23'),('2025-10-02',2552,4,0,2568,'C','3349700030310','2025-10-14 08:10:23'),('2025-10-02',2555,4,0,2568,'C','3349700030310','2025-10-14 08:10:23'),('2025-10-02',2563,4,0,2568,'C','3349700030310','2025-10-14 08:10:23'),('2025-10-02',2568,4,0,2568,'C','3349700030310','2025-10-14 08:10:23'),('2025-10-02',2595,4,0,2568,'C','3349700030310','2025-10-14 08:10:23'),('2025-10-02',2604,4,0,2568,'C','3349700030310','2025-10-14 08:10:23'),('2025-10-02',2609,4,0,2568,'C','3349700030310','2025-10-14 08:10:23'),('2025-10-02',2610,4,0,2568,'C','3349700030310','2025-10-14 08:10:23'),('2025-10-03',2548,4,0,2568,'C','3349700030310','2025-10-14 08:10:27'),('2025-10-03',2549,4,0,2568,'C','3349700030310','2025-10-14 08:10:27'),('2025-10-03',2550,4,0,2568,'C','3349700030310','2025-10-14 08:10:27'),('2025-10-03',2551,4,0,2568,'C','3349700030310','2025-10-14 08:10:27'),('2025-10-03',2552,4,0,2568,'C','3349700030310','2025-10-14 08:10:27'),('2025-10-03',2555,4,0,2568,'C','3349700030310','2025-10-14 08:10:27'),('2025-10-03',2563,4,0,2568,'C','3349700030310','2025-10-14 08:10:27'),('2025-10-03',2568,4,0,2568,'C','3349700030310','2025-10-14 08:10:27'),('2025-10-03',2595,4,0,2568,'C','3349700030310','2025-10-14 08:10:27'),('2025-10-03',2604,4,0,2568,'C','3349700030310','2025-10-14 08:10:27'),('2025-10-03',2609,4,0,2568,'C','3349700030310','2025-10-14 08:10:27'),('2025-10-03',2610,4,0,2568,'C','3349700030310','2025-10-14 08:10:27'),('2025-10-06',2548,4,0,2568,'C','3349700030310','2025-10-14 08:10:31'),('2025-10-06',2549,4,0,2568,'C','3349700030310','2025-10-14 08:10:31'),('2025-10-06',2550,4,0,2568,'C','3349700030310','2025-10-14 08:10:31'),('2025-10-06',2551,4,0,2568,'C','3349700030310','2025-10-14 08:10:31'),('2025-10-06',2552,4,0,2568,'C','3349700030310','2025-10-14 08:10:31'),('2025-10-06',2555,4,0,2568,'C','3349700030310','2025-10-14 08:10:31'),('2025-10-06',2563,4,0,2568,'C','3349700030310','2025-10-14 08:10:31'),('2025-10-06',2568,4,0,2568,'C','3349700030310','2025-10-14 08:10:31'),('2025-10-06',2595,4,0,2568,'C','3349700030310','2025-10-14 08:10:31'),('2025-10-06',2604,4,0,2568,'C','3349700030310','2025-10-14 08:10:31'),('2025-10-06',2609,4,0,2568,'C','3349700030310','2025-10-14 08:10:31'),('2025-10-06',2610,4,0,2568,'C','3349700030310','2025-10-14 08:10:31'),('2025-10-07',2548,4,0,2568,'C','3349700030310','2025-10-14 08:10:36'),('2025-10-07',2549,4,0,2568,'C','3349700030310','2025-10-14 08:10:36'),('2025-10-07',2550,4,0,2568,'C','3349700030310','2025-10-14 08:10:36'),('2025-10-07',2551,4,0,2568,'C','3349700030310','2025-10-14 08:10:36'),('2025-10-07',2552,4,0,2568,'C','3349700030310','2025-10-14 08:10:36'),('2025-10-07',2555,4,0,2568,'C','3349700030310','2025-10-14 08:10:36'),('2025-10-07',2563,4,0,2568,'C','3349700030310','2025-10-14 08:10:36'),('2025-10-07',2568,4,0,2568,'C','3349700030310','2025-10-14 08:10:36'),('2025-10-07',2595,4,0,2568,'C','3349700030310','2025-10-14 08:10:36'),('2025-10-07',2604,4,0,2568,'C','3349700030310','2025-10-14 08:10:36'),('2025-10-07',2609,4,0,2568,'C','3349700030310','2025-10-14 08:10:36'),('2025-10-07',2610,4,0,2568,'C','3349700030310','2025-10-14 08:10:36'),('2025-10-08',2548,4,0,2568,'C','3349700030310','2025-10-14 08:10:40'),('2025-10-08',2549,4,0,2568,'C','3349700030310','2025-10-14 08:10:40'),('2025-10-08',2550,4,0,2568,'C','3349700030310','2025-10-14 08:10:40'),('2025-10-08',2551,4,0,2568,'C','3349700030310','2025-10-14 08:10:40'),('2025-10-08',2552,4,0,2568,'C','3349700030310','2025-10-14 08:10:40'),('2025-10-08',2555,4,0,2568,'C','3349700030310','2025-10-14 08:10:40'),('2025-10-08',2563,4,0,2568,'C','3349700030310','2025-10-14 08:10:40'),('2025-10-08',2568,4,0,2568,'C','3349700030310','2025-10-14 08:10:40'),('2025-10-08',2595,4,0,2568,'C','3349700030310','2025-10-14 08:10:40'),('2025-10-08',2604,4,0,2568,'C','3349700030310','2025-10-14 08:10:40'),('2025-10-08',2609,4,0,2568,'C','3349700030310','2025-10-14 08:10:40'),('2025-10-08',2610,4,0,2568,'C','3349700030310','2025-10-14 08:10:40'),('2025-10-09',2548,4,0,2568,'C','3349700030310','2025-10-14 08:10:44'),('2025-10-09',2549,4,0,2568,'C','3349700030310','2025-10-14 08:10:44'),('2025-10-09',2550,4,0,2568,'C','3349700030310','2025-10-14 08:10:44'),('2025-10-09',2551,4,0,2568,'C','3349700030310','2025-10-14 08:10:44'),('2025-10-09',2552,4,0,2568,'C','3349700030310','2025-10-14 08:10:44'),('2025-10-09',2555,4,0,2568,'C','3349700030310','2025-10-14 08:10:44'),('2025-10-09',2563,4,0,2568,'C','3349700030310','2025-10-14 08:10:44'),('2025-10-09',2568,4,0,2568,'C','3349700030310','2025-10-14 08:10:44'),('2025-10-09',2595,4,0,2568,'C','3349700030310','2025-10-14 08:10:44'),('2025-10-09',2604,4,0,2568,'C','3349700030310','2025-10-14 08:10:44'),('2025-10-09',2609,4,0,2568,'C','3349700030310','2025-10-14 08:10:44'),('2025-10-09',2610,4,0,2568,'C','3349700030310','2025-10-14 08:10:44'),('2025-10-10',2548,4,0,2568,'C','3349700030310','2025-10-14 08:10:47'),('2025-10-10',2549,4,0,2568,'C','3349700030310','2025-10-14 08:10:47'),('2025-10-10',2550,4,0,2568,'C','3349700030310','2025-10-14 08:10:47'),('2025-10-10',2551,4,0,2568,'C','3349700030310','2025-10-14 08:10:47'),('2025-10-10',2552,4,0,2568,'C','3349700030310','2025-10-14 08:10:47'),('2025-10-10',2555,4,0,2568,'C','3349700030310','2025-10-14 08:10:47'),('2025-10-10',2563,4,0,2568,'C','3349700030310','2025-10-14 08:10:47'),('2025-10-10',2568,4,0,2568,'C','3349700030310','2025-10-14 08:10:47'),('2025-10-10',2595,4,0,2568,'C','3349700030310','2025-10-14 08:10:47'),('2025-10-10',2604,4,0,2568,'C','3349700030310','2025-10-14 08:10:47'),('2025-10-10',2609,4,0,2568,'C','3349700030310','2025-10-14 08:10:47'),('2025-10-10',2610,4,0,2568,'C','3349700030310','2025-10-14 08:10:47'),('2025-10-01',2546,7,0,2568,'C','1309900873829','2025-10-14 08:10:31'),('2025-10-01',2543,7,0,2568,'C','1309900873829','2025-10-14 08:10:31'),('2025-10-01',2544,7,0,2568,'C','1309900873829','2025-10-14 08:10:31'),('2025-10-01',2545,7,0,2568,'C','1309900873829','2025-10-14 08:10:31'),('2025-10-01',2558,7,0,2568,'C','1309900873829','2025-10-14 08:10:31'),('2025-10-01',2582,7,0,2568,'C','1309900873829','2025-10-14 08:10:31'),('2025-10-01',2572,7,0,2568,'C','1309900873829','2025-10-14 08:10:31'),('2025-10-01',2586,7,0,2568,'C','1309900873829','2025-10-14 08:10:31'),('2025-10-01',2592,7,0,2568,'C','1309900873829','2025-10-14 08:10:31'),('2025-10-01',2602,7,0,2568,'C','1309900873829','2025-10-14 08:10:31'),('2025-10-02',2546,7,0,2568,'C','1309900873829','2025-10-14 08:10:35'),('2025-10-02',2543,7,0,2568,'C','1309900873829','2025-10-14 08:10:35'),('2025-10-02',2544,7,0,2568,'C','1309900873829','2025-10-14 08:10:35'),('2025-10-02',2545,7,0,2568,'C','1309900873829','2025-10-14 08:10:35'),('2025-10-02',2558,7,0,2568,'C','1309900873829','2025-10-14 08:10:35'),('2025-10-02',2582,7,0,2568,'C','1309900873829','2025-10-14 08:10:35'),('2025-10-02',2572,7,0,2568,'C','1309900873829','2025-10-14 08:10:35'),('2025-10-02',2586,7,0,2568,'C','1309900873829','2025-10-14 08:10:35'),('2025-10-02',2592,7,0,2568,'C','1309900873829','2025-10-14 08:10:35'),('2025-10-02',2602,7,0,2568,'C','1309900873829','2025-10-14 08:10:35'),('2025-10-03',2546,7,0,2568,'C','1309900873829','2025-10-14 08:10:40'),('2025-10-03',2543,7,0,2568,'C','1309900873829','2025-10-14 08:10:40'),('2025-10-03',2544,7,0,2568,'C','1309900873829','2025-10-14 08:10:40'),('2025-10-03',2545,7,0,2568,'C','1309900873829','2025-10-14 08:10:40'),('2025-10-03',2558,7,0,2568,'C','1309900873829','2025-10-14 08:10:40'),('2025-10-03',2582,7,0,2568,'C','1309900873829','2025-10-14 08:10:40'),('2025-10-03',2572,7,0,2568,'C','1309900873829','2025-10-14 08:10:40'),('2025-10-03',2586,7,0,2568,'C','1309900873829','2025-10-14 08:10:40'),('2025-10-03',2592,7,0,2568,'C','1309900873829','2025-10-14 08:10:40'),('2025-10-03',2602,7,0,2568,'C','1309900873829','2025-10-14 08:10:40'),('2025-10-06',2546,7,0,2568,'C','1309900873829','2025-10-14 08:10:45'),('2025-10-06',2543,7,0,2568,'C','1309900873829','2025-10-14 08:10:45'),('2025-10-06',2544,7,0,2568,'C','1309900873829','2025-10-14 08:10:45'),('2025-10-06',2545,7,0,2568,'C','1309900873829','2025-10-14 08:10:45'),('2025-10-06',2558,7,0,2568,'C','1309900873829','2025-10-14 08:10:45'),('2025-10-06',2582,7,0,2568,'C','1309900873829','2025-10-14 08:10:45'),('2025-10-06',2572,7,0,2568,'C','1309900873829','2025-10-14 08:10:45'),('2025-10-06',2586,7,0,2568,'C','1309900873829','2025-10-14 08:10:45'),('2025-10-06',2592,7,0,2568,'C','1309900873829','2025-10-14 08:10:45'),('2025-10-06',2602,7,0,2568,'C','1309900873829','2025-10-14 08:10:45'),('2025-10-07',2546,7,0,2568,'C','1309900873829','2025-10-14 08:10:55'),('2025-10-07',2543,7,0,2568,'C','1309900873829','2025-10-14 08:10:55'),('2025-10-07',2544,7,0,2568,'C','1309900873829','2025-10-14 08:10:55'),('2025-10-07',2545,7,0,2568,'C','1309900873829','2025-10-14 08:10:55'),('2025-10-07',2558,7,0,2568,'C','1309900873829','2025-10-14 08:10:55'),('2025-10-07',2582,7,0,2568,'C','1309900873829','2025-10-14 08:10:55'),('2025-10-07',2572,7,0,2568,'C','1309900873829','2025-10-14 08:10:55'),('2025-10-07',2586,7,0,2568,'C','1309900873829','2025-10-14 08:10:55'),('2025-10-07',2592,7,0,2568,'C','1309900873829','2025-10-14 08:10:55'),('2025-10-07',2602,7,0,2568,'C','1309900873829','2025-10-14 08:10:55'),('2025-10-08',2546,7,0,2568,'C','1309900873829','2025-10-14 08:10:59'),('2025-10-08',2543,7,0,2568,'C','1309900873829','2025-10-14 08:10:59'),('2025-10-08',2544,7,0,2568,'C','1309900873829','2025-10-14 08:10:59'),('2025-10-08',2545,7,0,2568,'C','1309900873829','2025-10-14 08:10:59'),('2025-10-08',2558,7,0,2568,'C','1309900873829','2025-10-14 08:10:59'),('2025-10-08',2582,7,0,2568,'C','1309900873829','2025-10-14 08:10:59'),('2025-10-08',2572,7,0,2568,'C','1309900873829','2025-10-14 08:10:59'),('2025-10-08',2586,7,0,2568,'C','1309900873829','2025-10-14 08:10:59'),('2025-10-08',2592,7,0,2568,'C','1309900873829','2025-10-14 08:10:59'),('2025-10-08',2602,7,0,2568,'C','1309900873829','2025-10-14 08:10:59'),('2025-10-09',2546,7,0,2568,'C','1309900873829','2025-10-14 08:10:03'),('2025-10-09',2543,7,0,2568,'C','1309900873829','2025-10-14 08:10:03'),('2025-10-09',2544,7,0,2568,'C','1309900873829','2025-10-14 08:10:03'),('2025-10-09',2545,7,0,2568,'C','1309900873829','2025-10-14 08:10:03'),('2025-10-09',2558,7,0,2568,'C','1309900873829','2025-10-14 08:10:03'),('2025-10-09',2582,7,0,2568,'C','1309900873829','2025-10-14 08:10:03'),('2025-10-09',2572,7,0,2568,'C','1309900873829','2025-10-14 08:10:03'),('2025-10-09',2586,7,0,2568,'C','1309900873829','2025-10-14 08:10:03'),('2025-10-09',2592,7,0,2568,'C','1309900873829','2025-10-14 08:10:03'),('2025-10-09',2602,7,0,2568,'C','1309900873829','2025-10-14 08:10:03'),('2025-10-10',2546,7,0,2568,'C','1309900873829','2025-10-14 08:10:08'),('2025-10-10',2543,7,0,2568,'C','1309900873829','2025-10-14 08:10:08'),('2025-10-10',2544,7,0,2568,'C','1309900873829','2025-10-14 08:10:08'),('2025-10-10',2545,7,0,2568,'C','1309900873829','2025-10-14 08:10:08'),('2025-10-10',2558,7,0,2568,'C','1309900873829','2025-10-14 08:10:08'),('2025-10-10',2582,7,0,2568,'C','1309900873829','2025-10-14 08:10:08'),('2025-10-10',2572,7,0,2568,'C','1309900873829','2025-10-14 08:10:08'),('2025-10-10',2586,7,0,2568,'C','1309900873829','2025-10-14 08:10:08'),('2025-10-10',2592,7,0,2568,'C','1309900873829','2025-10-14 08:10:08'),('2025-10-10',2602,7,0,2568,'C','1309900873829','2025-10-14 08:10:08'),('2025-10-01',2534,6,0,2568,'C','3341500349838','2025-10-14 08:10:36'),('2025-10-01',2532,6,0,2568,'C','3341500349838','2025-10-14 08:10:36'),('2025-10-01',2535,6,0,2568,'C','3341500349838','2025-10-14 08:10:36'),('2025-10-01',2536,6,0,2568,'C','3341500349838','2025-10-14 08:10:36'),('2025-10-01',2554,6,0,2568,'C','3341500349838','2025-10-14 08:10:36'),('2025-10-01',2533,6,0,2568,'C','3341500349838','2025-10-14 08:10:36'),('2025-10-01',2567,6,0,2568,'C','3341500349838','2025-10-14 08:10:36'),('2025-10-01',2577,6,0,2568,'C','3341500349838','2025-10-14 08:10:36'),('2025-10-01',2581,6,0,2568,'C','3341500349838','2025-10-14 08:10:36'),('2025-10-01',2583,6,0,2568,'C','3341500349838','2025-10-14 08:10:36'),('2025-10-01',2584,6,0,2568,'C','3341500349838','2025-10-14 08:10:36'),('2025-10-01',2603,6,0,2568,'C','3341500349838','2025-10-14 08:10:36'),('2025-10-02',2534,6,0,2568,'C','3341500349838','2025-10-14 08:10:39'),('2025-10-02',2532,6,0,2568,'C','3341500349838','2025-10-14 08:10:39'),('2025-10-02',2535,6,0,2568,'C','3341500349838','2025-10-14 08:10:39'),('2025-10-02',2536,6,0,2568,'C','3341500349838','2025-10-14 08:10:39'),('2025-10-02',2554,6,0,2568,'C','3341500349838','2025-10-14 08:10:39'),('2025-10-02',2533,6,0,2568,'C','3341500349838','2025-10-14 08:10:39'),('2025-10-02',2567,6,0,2568,'C','3341500349838','2025-10-14 08:10:39'),('2025-10-02',2577,6,0,2568,'C','3341500349838','2025-10-14 08:10:39'),('2025-10-02',2581,6,0,2568,'C','3341500349838','2025-10-14 08:10:39'),('2025-10-02',2583,6,0,2568,'C','3341500349838','2025-10-14 08:10:39'),('2025-10-02',2584,6,0,2568,'C','3341500349838','2025-10-14 08:10:39'),('2025-10-02',2603,6,0,2568,'C','3341500349838','2025-10-14 08:10:39'),('2025-10-03',2534,6,0,2568,'C','3341500349838','2025-10-14 08:10:43'),('2025-10-03',2532,6,0,2568,'C','3341500349838','2025-10-14 08:10:43'),('2025-10-03',2535,6,0,2568,'C','3341500349838','2025-10-14 08:10:43'),('2025-10-03',2536,6,0,2568,'C','3341500349838','2025-10-14 08:10:43'),('2025-10-03',2554,6,0,2568,'C','3341500349838','2025-10-14 08:10:43'),('2025-10-03',2533,6,0,2568,'C','3341500349838','2025-10-14 08:10:43'),('2025-10-03',2567,6,0,2568,'C','3341500349838','2025-10-14 08:10:43'),('2025-10-03',2577,6,0,2568,'C','3341500349838','2025-10-14 08:10:43'),('2025-10-03',2581,6,0,2568,'C','3341500349838','2025-10-14 08:10:43'),('2025-10-03',2583,6,0,2568,'C','3341500349838','2025-10-14 08:10:43'),('2025-10-03',2584,6,0,2568,'C','3341500349838','2025-10-14 08:10:43'),('2025-10-03',2603,6,0,2568,'C','3341500349838','2025-10-14 08:10:43'),('2025-10-06',2534,6,0,2568,'C','3341500349838','2025-10-14 08:10:51'),('2025-10-06',2532,6,0,2568,'C','3341500349838','2025-10-14 08:10:51'),('2025-10-06',2535,6,0,2568,'C','3341500349838','2025-10-14 08:10:51'),('2025-10-06',2536,6,0,2568,'C','3341500349838','2025-10-14 08:10:51'),('2025-10-06',2554,6,0,2568,'C','3341500349838','2025-10-14 08:10:51'),('2025-10-06',2533,6,0,2568,'C','3341500349838','2025-10-14 08:10:51'),('2025-10-06',2567,6,0,2568,'C','3341500349838','2025-10-14 08:10:51'),('2025-10-06',2577,6,0,2568,'C','3341500349838','2025-10-14 08:10:51'),('2025-10-06',2581,6,0,2568,'C','3341500349838','2025-10-14 08:10:51'),('2025-10-06',2583,6,0,2568,'C','3341500349838','2025-10-14 08:10:51'),('2025-10-06',2584,6,0,2568,'C','3341500349838','2025-10-14 08:10:51'),('2025-10-06',2603,6,0,2568,'C','3341500349838','2025-10-14 08:10:51'),('2025-10-07',2534,6,0,2568,'C','3341500349838','2025-10-14 08:10:55'),('2025-10-07',2532,6,0,2568,'C','3341500349838','2025-10-14 08:10:55'),('2025-10-07',2535,6,0,2568,'C','3341500349838','2025-10-14 08:10:55'),('2025-10-07',2536,6,0,2568,'C','3341500349838','2025-10-14 08:10:55'),('2025-10-07',2554,6,0,2568,'C','3341500349838','2025-10-14 08:10:55'),('2025-10-07',2533,6,0,2568,'C','3341500349838','2025-10-14 08:10:55'),('2025-10-07',2567,6,0,2568,'C','3341500349838','2025-10-14 08:10:55'),('2025-10-07',2577,6,0,2568,'C','3341500349838','2025-10-14 08:10:55'),('2025-10-07',2581,6,0,2568,'C','3341500349838','2025-10-14 08:10:55'),('2025-10-07',2583,6,0,2568,'C','3341500349838','2025-10-14 08:10:55'),('2025-10-07',2584,6,0,2568,'C','3341500349838','2025-10-14 08:10:55'),('2025-10-07',2603,6,0,2568,'C','3341500349838','2025-10-14 08:10:55'),('2025-10-08',2534,6,0,2568,'C','3341500349838','2025-10-14 08:10:59'),('2025-10-08',2532,6,0,2568,'C','3341500349838','2025-10-14 08:10:59'),('2025-10-08',2535,6,0,2568,'C','3341500349838','2025-10-14 08:10:59'),('2025-10-08',2536,6,0,2568,'C','3341500349838','2025-10-14 08:10:59'),('2025-10-08',2554,6,0,2568,'C','3341500349838','2025-10-14 08:10:59'),('2025-10-08',2533,6,0,2568,'C','3341500349838','2025-10-14 08:10:59'),('2025-10-08',2567,6,0,2568,'C','3341500349838','2025-10-14 08:10:59'),('2025-10-08',2577,6,0,2568,'C','3341500349838','2025-10-14 08:10:59'),('2025-10-08',2581,6,0,2568,'C','3341500349838','2025-10-14 08:10:59'),('2025-10-08',2583,6,0,2568,'C','3341500349838','2025-10-14 08:10:59'),('2025-10-08',2584,6,0,2568,'C','3341500349838','2025-10-14 08:10:59'),('2025-10-08',2603,6,0,2568,'C','3341500349838','2025-10-14 08:10:59'),('2025-10-09',2534,6,0,2568,'C','3341500349838','2025-10-14 08:10:04'),('2025-10-09',2532,6,0,2568,'C','3341500349838','2025-10-14 08:10:04'),('2025-10-09',2535,6,0,2568,'C','3341500349838','2025-10-14 08:10:04'),('2025-10-09',2536,6,0,2568,'C','3341500349838','2025-10-14 08:10:04'),('2025-10-09',2554,6,0,2568,'C','3341500349838','2025-10-14 08:10:04'),('2025-10-09',2533,6,0,2568,'C','3341500349838','2025-10-14 08:10:04'),('2025-10-09',2567,6,0,2568,'C','3341500349838','2025-10-14 08:10:04'),('2025-10-09',2577,6,0,2568,'C','3341500349838','2025-10-14 08:10:04'),('2025-10-09',2581,6,0,2568,'C','3341500349838','2025-10-14 08:10:04'),('2025-10-09',2583,6,0,2568,'C','3341500349838','2025-10-14 08:10:04'),('2025-10-09',2584,6,0,2568,'C','3341500349838','2025-10-14 08:10:04'),('2025-10-09',2603,6,0,2568,'C','3341500349838','2025-10-14 08:10:04'),('2025-10-10',2534,6,0,2568,'C','3341500349838','2025-10-14 08:10:08'),('2025-10-10',2532,6,0,2568,'C','3341500349838','2025-10-14 08:10:08'),('2025-10-10',2535,6,0,2568,'C','3341500349838','2025-10-14 08:10:08'),('2025-10-10',2536,6,0,2568,'C','3341500349838','2025-10-14 08:10:08'),('2025-10-10',2554,6,0,2568,'C','3341500349838','2025-10-14 08:10:08'),('2025-10-10',2533,6,0,2568,'C','3341500349838','2025-10-14 08:10:08'),('2025-10-10',2567,6,0,2568,'C','3341500349838','2025-10-14 08:10:08'),('2025-10-10',2577,6,0,2568,'C','3341500349838','2025-10-14 08:10:08'),('2025-10-10',2581,6,0,2568,'C','3341500349838','2025-10-14 08:10:08'),('2025-10-10',2583,6,0,2568,'C','3341500349838','2025-10-14 08:10:08'),('2025-10-10',2584,6,0,2568,'C','3341500349838','2025-10-14 08:10:08'),('2025-10-10',2603,6,0,2568,'C','3341500349838','2025-10-14 08:10:08'),('2025-10-01',2531,5,0,2568,'C','1341100173094','2025-10-14 08:10:34'),('2025-10-01',2540,5,0,2568,'C','1341100173094','2025-10-14 08:10:34'),('2025-10-01',2547,5,0,2568,'C','1341100173094','2025-10-14 08:10:34'),('2025-10-01',2560,5,0,2568,'C','1341100173094','2025-10-14 08:10:34'),('2025-10-01',2565,5,0,2568,'C','1341100173094','2025-10-14 08:10:34'),('2025-10-01',2573,5,0,2568,'C','1341100173094','2025-10-14 08:10:34'),('2025-10-01',2574,5,0,2568,'C','1341100173094','2025-10-14 08:10:34'),('2025-10-01',2575,5,0,2568,'C','1341100173094','2025-10-14 08:10:34'),('2025-10-01',2576,5,0,2568,'C','1341100173094','2025-10-14 08:10:34'),('2025-10-01',2580,5,0,2568,'C','1341100173094','2025-10-14 08:10:34'),('2025-10-01',2585,5,0,2568,'C','1341100173094','2025-10-14 08:10:34'),('2025-10-01',2600,5,0,2568,'C','1341100173094','2025-10-14 08:10:34'),('2025-10-02',2531,5,0,2568,'C','1341100173094','2025-10-14 08:10:39'),('2025-10-02',2540,5,0,2568,'C','1341100173094','2025-10-14 08:10:39'),('2025-10-02',2547,5,0,2568,'C','1341100173094','2025-10-14 08:10:39'),('2025-10-02',2560,5,0,2568,'C','1341100173094','2025-10-14 08:10:39'),('2025-10-02',2565,5,0,2568,'C','1341100173094','2025-10-14 08:10:39'),('2025-10-02',2573,5,0,2568,'C','1341100173094','2025-10-14 08:10:39'),('2025-10-02',2574,5,0,2568,'C','1341100173094','2025-10-14 08:10:39'),('2025-10-02',2575,5,0,2568,'C','1341100173094','2025-10-14 08:10:39'),('2025-10-02',2576,5,0,2568,'C','1341100173094','2025-10-14 08:10:39'),('2025-10-02',2580,5,0,2568,'C','1341100173094','2025-10-14 08:10:39'),('2025-10-02',2585,5,0,2568,'C','1341100173094','2025-10-14 08:10:39'),('2025-10-02',2600,5,0,2568,'C','1341100173094','2025-10-14 08:10:39'),('2025-10-03',2531,5,0,2568,'C','1341100173094','2025-10-14 08:10:44'),('2025-10-03',2540,5,0,2568,'C','1341100173094','2025-10-14 08:10:44'),('2025-10-03',2547,5,0,2568,'C','1341100173094','2025-10-14 08:10:44'),('2025-10-03',2560,5,0,2568,'C','1341100173094','2025-10-14 08:10:44'),('2025-10-03',2565,5,0,2568,'C','1341100173094','2025-10-14 08:10:44'),('2025-10-03',2573,5,0,2568,'C','1341100173094','2025-10-14 08:10:44'),('2025-10-03',2574,5,0,2568,'C','1341100173094','2025-10-14 08:10:44'),('2025-10-03',2575,5,0,2568,'C','1341100173094','2025-10-14 08:10:44'),('2025-10-03',2576,5,0,2568,'C','1341100173094','2025-10-14 08:10:44'),('2025-10-03',2580,5,0,2568,'C','1341100173094','2025-10-14 08:10:44'),('2025-10-03',2585,5,0,2568,'C','1341100173094','2025-10-14 08:10:44'),('2025-10-03',2600,5,0,2568,'C','1341100173094','2025-10-14 08:10:44'),('2025-10-06',2531,5,0,2568,'C','1341100173094','2025-10-14 08:10:49'),('2025-10-06',2540,5,0,2568,'C','1341100173094','2025-10-14 08:10:49'),('2025-10-06',2547,5,0,2568,'C','1341100173094','2025-10-14 08:10:49'),('2025-10-06',2560,5,0,2568,'C','1341100173094','2025-10-14 08:10:49'),('2025-10-06',2565,5,0,2568,'C','1341100173094','2025-10-14 08:10:49'),('2025-10-06',2573,5,0,2568,'C','1341100173094','2025-10-14 08:10:49'),('2025-10-06',2574,5,0,2568,'C','1341100173094','2025-10-14 08:10:49'),('2025-10-06',2575,5,0,2568,'C','1341100173094','2025-10-14 08:10:49'),('2025-10-06',2576,5,0,2568,'C','1341100173094','2025-10-14 08:10:49'),('2025-10-06',2580,5,0,2568,'C','1341100173094','2025-10-14 08:10:49'),('2025-10-06',2585,5,0,2568,'C','1341100173094','2025-10-14 08:10:49'),('2025-10-06',2600,5,0,2568,'C','1341100173094','2025-10-14 08:10:49'),('2025-10-07',2531,5,0,2568,'C','1341100173094','2025-10-14 08:10:55'),('2025-10-07',2540,5,0,2568,'C','1341100173094','2025-10-14 08:10:55'),('2025-10-07',2547,5,0,2568,'C','1341100173094','2025-10-14 08:10:55'),('2025-10-07',2560,5,0,2568,'C','1341100173094','2025-10-14 08:10:55'),('2025-10-07',2565,5,0,2568,'C','1341100173094','2025-10-14 08:10:55'),('2025-10-07',2573,5,0,2568,'C','1341100173094','2025-10-14 08:10:55'),('2025-10-07',2574,5,0,2568,'C','1341100173094','2025-10-14 08:10:55'),('2025-10-07',2575,5,0,2568,'C','1341100173094','2025-10-14 08:10:55'),('2025-10-07',2576,5,0,2568,'C','1341100173094','2025-10-14 08:10:55'),('2025-10-07',2580,5,0,2568,'C','1341100173094','2025-10-14 08:10:55'),('2025-10-07',2585,5,0,2568,'C','1341100173094','2025-10-14 08:10:55'),('2025-10-07',2600,5,0,2568,'C','1341100173094','2025-10-14 08:10:55'),('2025-10-08',2531,5,0,2568,'C','1341100173094','2025-10-14 08:10:59'),('2025-10-08',2540,5,0,2568,'C','1341100173094','2025-10-14 08:10:59'),('2025-10-08',2547,5,0,2568,'C','1341100173094','2025-10-14 08:10:59'),('2025-10-08',2560,5,0,2568,'C','1341100173094','2025-10-14 08:10:59'),('2025-10-08',2565,5,0,2568,'C','1341100173094','2025-10-14 08:10:59'),('2025-10-08',2573,5,0,2568,'C','1341100173094','2025-10-14 08:10:59'),('2025-10-08',2574,5,0,2568,'C','1341100173094','2025-10-14 08:10:59'),('2025-10-08',2575,5,0,2568,'C','1341100173094','2025-10-14 08:10:59'),('2025-10-08',2576,5,0,2568,'C','1341100173094','2025-10-14 08:10:59'),('2025-10-08',2580,5,0,2568,'C','1341100173094','2025-10-14 08:10:59'),('2025-10-08',2585,5,0,2568,'C','1341100173094','2025-10-14 08:10:59'),('2025-10-08',2600,5,0,2568,'C','1341100173094','2025-10-14 08:10:59'),('2025-10-09',2531,5,0,2568,'C','1341100173094','2025-10-14 08:10:03'),('2025-10-09',2540,5,0,2568,'C','1341100173094','2025-10-14 08:10:03'),('2025-10-09',2547,5,0,2568,'C','1341100173094','2025-10-14 08:10:03'),('2025-10-09',2560,5,0,2568,'C','1341100173094','2025-10-14 08:10:03'),('2025-10-09',2565,5,0,2568,'C','1341100173094','2025-10-14 08:10:03'),('2025-10-09',2573,5,0,2568,'C','1341100173094','2025-10-14 08:10:03'),('2025-10-09',2574,5,0,2568,'C','1341100173094','2025-10-14 08:10:03'),('2025-10-09',2575,5,0,2568,'C','1341100173094','2025-10-14 08:10:03'),('2025-10-09',2576,5,0,2568,'C','1341100173094','2025-10-14 08:10:03'),('2025-10-09',2580,5,0,2568,'C','1341100173094','2025-10-14 08:10:03'),('2025-10-09',2585,5,0,2568,'C','1341100173094','2025-10-14 08:10:03'),('2025-10-09',2600,5,0,2568,'C','1341100173094','2025-10-14 08:10:03'),('2025-10-10',2531,5,0,2568,'C','1341100173094','2025-10-14 08:10:08'),('2025-10-10',2540,5,0,2568,'C','1341100173094','2025-10-14 08:10:08'),('2025-10-10',2547,5,0,2568,'C','1341100173094','2025-10-14 08:10:08'),('2025-10-10',2560,5,0,2568,'C','1341100173094','2025-10-14 08:10:08'),('2025-10-10',2565,5,0,2568,'C','1341100173094','2025-10-14 08:10:08'),('2025-10-10',2573,5,0,2568,'C','1341100173094','2025-10-14 08:10:08'),('2025-10-10',2574,5,0,2568,'C','1341100173094','2025-10-14 08:10:08'),('2025-10-10',2575,5,0,2568,'C','1341100173094','2025-10-14 08:10:08'),('2025-10-10',2576,5,0,2568,'C','1341100173094','2025-10-14 08:10:08'),('2025-10-10',2580,5,0,2568,'C','1341100173094','2025-10-14 08:10:08'),('2025-10-10',2585,5,0,2568,'C','1341100173094','2025-10-14 08:10:08'),('2025-10-10',2600,5,0,2568,'C','1341100173094','2025-10-14 08:10:08'),('2025-10-01',2513,9,0,2568,'C','1349900682276','2025-10-14 08:10:37'),('2025-10-01',2514,9,0,2568,'C','1349900682276','2025-10-14 08:10:37'),('2025-10-01',2524,9,0,2568,'C','1349900682276','2025-10-14 08:10:37'),('2025-10-01',2515,9,0,2568,'C','1349900682276','2025-10-14 08:10:37'),('2025-10-01',2527,9,0,2568,'C','1349900682276','2025-10-14 08:10:37'),('2025-10-01',2525,9,0,2568,'C','1349900682276','2025-10-14 08:10:37'),('2025-10-01',2528,9,0,2568,'C','1349900682276','2025-10-14 08:10:37'),('2025-10-01',2589,9,0,2568,'C','1349900682276','2025-10-14 08:10:37'),('2025-10-02',2513,9,0,2568,'C','1349900682276','2025-10-14 08:10:42'),('2025-10-02',2514,9,0,2568,'C','1349900682276','2025-10-14 08:10:42'),('2025-10-02',2524,9,0,2568,'C','1349900682276','2025-10-14 08:10:42'),('2025-10-02',2515,9,0,2568,'C','1349900682276','2025-10-14 08:10:42'),('2025-10-02',2527,9,0,2568,'C','1349900682276','2025-10-14 08:10:42'),('2025-10-02',2525,9,0,2568,'C','1349900682276','2025-10-14 08:10:42'),('2025-10-02',2528,9,0,2568,'C','1349900682276','2025-10-14 08:10:42'),('2025-10-02',2589,9,0,2568,'C','1349900682276','2025-10-14 08:10:42'),('2025-10-03',2513,9,0,2568,'C','1349900682276','2025-10-14 08:10:46'),('2025-10-03',2514,9,0,2568,'C','1349900682276','2025-10-14 08:10:46'),('2025-10-03',2524,9,0,2568,'C','1349900682276','2025-10-14 08:10:46'),('2025-10-03',2515,9,0,2568,'C','1349900682276','2025-10-14 08:10:46'),('2025-10-03',2527,9,0,2568,'C','1349900682276','2025-10-14 08:10:46'),('2025-10-03',2525,9,0,2568,'C','1349900682276','2025-10-14 08:10:46'),('2025-10-03',2528,9,0,2568,'C','1349900682276','2025-10-14 08:10:46'),('2025-10-03',2589,9,0,2568,'C','1349900682276','2025-10-14 08:10:46'),('2025-10-06',2513,9,0,2568,'C','1349900682276','2025-10-14 08:10:50'),('2025-10-06',2514,9,0,2568,'C','1349900682276','2025-10-14 08:10:50'),('2025-10-06',2524,9,0,2568,'C','1349900682276','2025-10-14 08:10:50'),('2025-10-06',2515,9,0,2568,'C','1349900682276','2025-10-14 08:10:50'),('2025-10-06',2527,9,0,2568,'C','1349900682276','2025-10-14 08:10:50'),('2025-10-06',2525,9,0,2568,'C','1349900682276','2025-10-14 08:10:50'),('2025-10-06',2528,9,0,2568,'C','1349900682276','2025-10-14 08:10:50'),('2025-10-06',2589,9,0,2568,'C','1349900682276','2025-10-14 08:10:50'),('2025-10-07',2513,9,0,2568,'C','1349900682276','2025-10-14 08:10:56'),('2025-10-07',2514,9,0,2568,'C','1349900682276','2025-10-14 08:10:56'),('2025-10-07',2524,9,0,2568,'C','1349900682276','2025-10-14 08:10:56'),('2025-10-07',2515,9,0,2568,'C','1349900682276','2025-10-14 08:10:56'),('2025-10-07',2527,9,0,2568,'C','1349900682276','2025-10-14 08:10:56'),('2025-10-07',2525,9,0,2568,'C','1349900682276','2025-10-14 08:10:56'),('2025-10-07',2528,9,0,2568,'C','1349900682276','2025-10-14 08:10:56'),('2025-10-07',2589,9,0,2568,'C','1349900682276','2025-10-14 08:10:56'),('2025-10-08',2513,9,0,2568,'C','1349900682276','2025-10-14 08:10:04'),('2025-10-08',2514,9,0,2568,'C','1349900682276','2025-10-14 08:10:04'),('2025-10-08',2524,9,0,2568,'C','1349900682276','2025-10-14 08:10:04'),('2025-10-08',2515,9,0,2568,'C','1349900682276','2025-10-14 08:10:04'),('2025-10-08',2527,9,0,2568,'C','1349900682276','2025-10-14 08:10:04'),('2025-10-08',2525,9,0,2568,'C','1349900682276','2025-10-14 08:10:04'),('2025-10-08',2528,9,0,2568,'C','1349900682276','2025-10-14 08:10:04'),('2025-10-08',2589,9,0,2568,'C','1349900682276','2025-10-14 08:10:04'),('2025-10-09',2513,9,0,2568,'C','1349900682276','2025-10-14 08:10:09'),('2025-10-09',2514,9,0,2568,'C','1349900682276','2025-10-14 08:10:09'),('2025-10-09',2524,9,0,2568,'C','1349900682276','2025-10-14 08:10:09'),('2025-10-09',2515,9,0,2568,'C','1349900682276','2025-10-14 08:10:09'),('2025-10-09',2527,9,0,2568,'C','1349900682276','2025-10-14 08:10:09'),('2025-10-09',2525,9,0,2568,'C','1349900682276','2025-10-14 08:10:09'),('2025-10-09',2528,9,0,2568,'C','1349900682276','2025-10-14 08:10:09'),('2025-10-09',2589,9,0,2568,'C','1349900682276','2025-10-14 08:10:09'),('2025-10-10',2513,9,0,2568,'C','1349900682276','2025-10-14 08:10:24'),('2025-10-10',2514,9,0,2568,'C','1349900682276','2025-10-14 08:10:24'),('2025-10-10',2524,9,0,2568,'C','1349900682276','2025-10-14 08:10:24'),('2025-10-10',2515,9,0,2568,'C','1349900682276','2025-10-14 08:10:24'),('2025-10-10',2527,9,0,2568,'C','1349900682276','2025-10-14 08:10:24'),('2025-10-10',2525,9,0,2568,'C','1349900682276','2025-10-14 08:10:24'),('2025-10-10',2528,9,0,2568,'C','1349900682276','2025-10-14 08:10:24'),('2025-10-10',2589,9,0,2568,'C','1349900682276','2025-10-14 08:10:24');

--
-- Table structure for table `student_check_permission`
--

CREATE TABLE `student_check_permission` (
  `class_now` tinyint(4) NOT NULL,
  `room_now` tinyint(4) NOT NULL,
  `person_id` varchar(13) NOT NULL,
  `student_check_year` int(11) NOT NULL
) ENGINE=MyISAM DEFAULT CHARSET=utf8 COLLATE=utf8_general_ci;

--
-- Dumping data for table `student_check_permission`
--

INSERT INTO `student_check_permission` VALUES (3,0,'3349900512393',2559),(5,0,'3341501017791',2559),(6,0,'3341500349838',2559),(7,0,'3349700030310',2559),(8,0,'3341500353614',2559),(9,0,'5330100054364',2559),(3,0,'1349900432873',2561),(5,0,'3349700030310',2561),(7,0,'3341500349838',2561),(6,0,'3341500349838',2561),(8,0,'5330100054364',2561),(9,0,'5330100054364',2561),(5,0,'3349700030310',2562),(5,0,'3349700030310',2563),(7,0,'3341500349838',2562),(6,0,'3341500349838',2562),(6,0,'1349900432873',2562),(7,0,'1349900432873',2562),(8,0,'1309900873829',2565),(8,0,'1309900873829',2562),(9,0,'1309900873829',2562),(2,0,'5330100054364',2562),(4,0,'1349900432873',2562),(6,0,'3341500349838',2563),(7,0,'3341500349838',2565),(3,0,'5330100054364',2562),(3,0,'1349900432873',2562),(2,0,'1349900432873',2562),(7,0,'3341500349838',2563),(8,0,'1309900873829',2563),(9,0,'1309900873829',2563),(3,1,'1309900873829',2563),(6,0,'3341500349838',2564),(5,0,'3349700030310',2564),(1,0,'1349900892467',2564),(3,1,'1349900892467',2564),(6,0,'3341500349838',2565),(2,0,'1349900892467',2565),(7,0,'3341500349838',2564),(8,0,'1309900873829',2564),(9,0,'1309900873829',2564),(2,0,'1349900892467',2564),(3,0,'1349900892467',2565),(1,0,'1349900892467',2566),(4,1,'3349700030310',2565),(9,0,'1309900873829',2565),(1,0,'1349900892467',2565),(4,0,'3349700030310',2565),(2,0,'1349900892467',2566),(3,0,'1349900892467',2566),(4,0,'3349700030310',2566),(5,0,'3349700030310',2566),(7,0,'3341500349838',2566),(8,0,'1309900873829',2566),(9,0,'1309900873829',2566),(1,0,'1349900892467',2567),(2,0,'1349900892467',2567),(3,0,'1349900892467',2567),(4,0,'3349700030310',2567),(5,0,'3349700030310',2567),(6,0,'3341500349838',2567),(8,0,'1309900873829',2567),(9,0,'1341100173094',2567),(7,0,'3341500349838',2567),(2,0,'1349900892467',2568),(3,0,'1349900892467',2568),(4,0,'3349700030310',2568),(5,0,'1341100173094',2568),(6,0,'3341500349838',2568),(7,0,'1309900873829',2568),(9,0,'1349900682276',2568),(1,0,'1349900892467',2568);

--
-- Table structure for table `student_check_year`
--

CREATE TABLE `student_check_year` (
  `id` int(11) NOT NULL AUTO_INCREMENT,
  `student_check_year` int(11) NOT NULL,
  `year_active` tinyint(1) NOT NULL,
  PRIMARY KEY (`id`),
  UNIQUE KEY `student_check_year` (`student_check_year`)
) ENGINE=MyISAM AUTO_INCREMENT=10 DEFAULT CHARSET=utf8 COLLATE=utf8_general_ci;

--
-- Dumping data for table `student_check_year`
--

INSERT INTO `student_check_year` VALUES (1,2559,0),(2,2561,0),(3,2562,0),(4,2563,0),(5,2564,0),(6,2565,0),(7,2566,0),(8,2567,0),(9,2568,1);

--
-- Table structure for table `student_inclass_main`
--

CREATE TABLE `student_inclass_main` (
  `check_date` date NOT NULL COMMENT 'วันที่บันทึก',
  `student_id` int(11) NOT NULL COMMENT 'รหัสนักเรียน',
  `class_now` tinyint(4) NOT NULL COMMENT 'ชั้นเรียนปัจจุบันที่บันทึก',
  `room_now` tinyint(4) NOT NULL COMMENT 'ห้องเรียนปัจจุบันที่บันทึก',
  `student_check_year` int(11) NOT NULL COMMENT 'ปีการศึกษาที่บันทึก',
  `check_val` varchar(50) NOT NULL COMMENT 'ค่าการเช็ค',
  `check_person_id` varchar(13) NOT NULL COMMENT 'ผู้ทำรายการ',
  `save_date` datetime NOT NULL COMMENT 'วันที่ทำรายการบันทึก'
) ENGINE=MyISAM DEFAULT CHARSET=utf8 COLLATE=utf8_general_ci;

--
-- Dumping data for table `student_inclass_main`
--


--
-- Table structure for table `student_inclass_part`
--

CREATE TABLE `student_inclass_part` (
  `id` int(11) NOT NULL AUTO_INCREMENT,
  `ed_year` int(11) NOT NULL,
  `part` tinyint(4) NOT NULL,
  `start_date` date NOT NULL,
  `stop_date` date NOT NULL,
  `rec_date` date NOT NULL,
  `officer` varchar(13) NOT NULL,
  PRIMARY KEY (`id`)
) ENGINE=MyISAM AUTO_INCREMENT=2 DEFAULT CHARSET=utf8 COLLATE=utf8_general_ci;

--
-- Dumping data for table `student_inclass_part`
--

INSERT INTO `student_inclass_part` VALUES (1,2559,1,'2016-05-16','2016-10-10','2016-06-25','3341500830749');

--
-- Table structure for table `student_inclass_permission`
--

CREATE TABLE `student_inclass_permission` (
  `class_now` tinyint(4) NOT NULL,
  `room_now` tinyint(4) NOT NULL,
  `person_id` varchar(13) NOT NULL,
  `student_check_year` int(11) NOT NULL
) ENGINE=MyISAM DEFAULT CHARSET=utf8 COLLATE=utf8_general_ci;

--
-- Dumping data for table `student_inclass_permission`
--

INSERT INTO `student_inclass_permission` VALUES (3,0,'3349900512393',2559),(5,0,'3341501017791',2559),(6,0,'3341500349838',2559),(7,0,'3349700030310',2559),(8,0,'3341500353614',2559),(9,0,'5330100054364',2559),(2,0,'5330100054364',2562),(3,0,'5330100054364',2562),(4,0,'3349700030310',2562),(5,0,'3349700030310',2562),(6,0,'3341500349838',2562),(7,0,'3341500349838',2562),(8,0,'1349900482404',2562),(9,0,'3341500349838',2562);

--
-- Table structure for table `student_inclass_ref`
--

CREATE TABLE `student_inclass_ref` (
  `id` int(11) NOT NULL AUTO_INCREMENT,
  `ref_id` varchar(50) NOT NULL,
  `ed_day` varchar(10) NOT NULL,
  `period` tinyint(4) NOT NULL,
  PRIMARY KEY (`id`)
) ENGINE=MyISAM DEFAULT CHARSET=utf8 COLLATE=utf8_general_ci;

--
-- Dumping data for table `student_inclass_ref`
--


--
-- Table structure for table `student_inclass_subject`
--

CREATE TABLE `student_inclass_subject` (
  `id` int(11) NOT NULL AUTO_INCREMENT,
  `ed_year` int(11) NOT NULL,
  `part` tinyint(4) NOT NULL,
  `subject` varchar(100) NOT NULL,
  `std_class` tinyint(4) NOT NULL,
  `room` tinyint(4) NOT NULL,
  `ref_id` varchar(50) NOT NULL,
  `officer` varchar(13) NOT NULL,
  `rec_date` date NOT NULL,
  PRIMARY KEY (`id`)
) ENGINE=MyISAM DEFAULT CHARSET=utf8 COLLATE=utf8_general_ci;

--
-- Dumping data for table `student_inclass_subject`
--


--
-- Table structure for table `student_inclass_year`
--

CREATE TABLE `student_inclass_year` (
  `id` int(11) NOT NULL AUTO_INCREMENT,
  `student_check_year` int(11) NOT NULL,
  `num_period` int(2) NOT NULL,
  `lunch_period` int(2) NOT NULL,
  `year_active` tinyint(1) NOT NULL,
  PRIMARY KEY (`id`)
) ENGINE=MyISAM AUTO_INCREMENT=4 DEFAULT CHARSET=utf8 COLLATE=utf8_general_ci;

--
-- Dumping data for table `student_inclass_year`
--

INSERT INTO `student_inclass_year` VALUES (3,2564,5,4,1);

--
-- Table structure for table `student_main`
--

CREATE TABLE `student_main` (
  `id` int(11) NOT NULL AUTO_INCREMENT,
  `student_id` varchar(7) NOT NULL,
  `student_number` int(11) DEFAULT NULL,
  `prename` varchar(20) NOT NULL,
  `name` varchar(50) NOT NULL,
  `surname` varchar(50) NOT NULL,
  `person_id` varchar(20) DEFAULT NULL,
  `sex` tinyint(4) NOT NULL DEFAULT 0,
  `pic` varchar(150) DEFAULT NULL,
  `class_now` tinyint(4) DEFAULT NULL,
  `room` tinyint(4) NOT NULL DEFAULT 0,
  `status` tinyint(4) NOT NULL DEFAULT 0,
  `out_edyear` int(11) DEFAULT NULL,
  `officer` varchar(13) NOT NULL,
  `rec_date` date NOT NULL,
  PRIMARY KEY (`id`),
  UNIQUE KEY `student_number` (`student_id`),
  KEY `class_now` (`class_now`),
  KEY `room` (`room`)
) ENGINE=MyISAM AUTO_INCREMENT=608 DEFAULT CHARSET=utf8 COLLATE=utf8_general_ci;

--
-- Dumping data for table `student_main`
--

INSERT INTO `student_main` VALUES (541,'2549',2,'เด็กหญิง','การะเกด','นามมาลี','1342200168930',2,'',4,0,0,NULL,'1349900731188','2022-06-10'),(540,'2545',4,'เด็กชาย','อภินันท์','ศรีทอง','1341501581355',1,'',7,0,0,NULL,'1349900731188','2022-06-10'),(539,'2544',3,'เด็กชาย','ศุภากร','พันบุบผา','1129701672710',2,'',7,0,0,NULL,'1349900731188','2022-06-10'),(535,'2540',2,'เด็กชาย','ธนาวัฒน์','สีจันดี','1749907636509',1,'',5,0,0,NULL,'1349900731188','2021-06-24'),(534,'2539',1,'เด็กชาย','กรวิชญ์','ลัทธะโล','1341501531668',1,'',9,0,1,2565,'1309900873829','2021-06-14'),(533,'2541',1,'เด็กหญิง','ดุจเพชร','ทำมามอง','1102004590855',2,'',5,0,2,2565,'1349900731188','2021-06-14'),(519,'2524',3,'เด็กชาย','พัชรพล','ประสาร','1347600098992',1,'',9,0,0,NULL,'1309900873829','2020-08-05'),(520,'2527',5,'เด็กหญิง','ณัฏฐณิชา','โสภาแดง','1341501564400',2,'',9,0,0,NULL,'1309900873829','2020-08-05'),(516,'2445',0,'เด็กหญิง','ปวีณ์ธิดา','โคตพันธ์','1 1018 01518 41 3',2,NULL,9,0,2,2563,'1349900432873','2019-07-18'),(517,'2479',0,'เด็กหญิง','รุ่งราตรี','พลสีราษฎร์','1 2097 02404 61 1',2,NULL,9,0,2,2563,'1349900432873','2019-07-18'),(515,'2446',0,'เด็กหญิง','วรกาญจน์','ชมสา','1 3476 00014 97 7',2,NULL,9,0,2,2563,'1349900432873','2019-07-18'),(514,'2443',0,'เด็กหญิง','จันทิมา','ป้อมพิทักษ์','1 1040 00212 69 6',2,NULL,9,0,2,2563,'1349900432873','2019-07-18'),(502,'2424',0,'เด็กชาย','ประพัด','สีจันดี','1 3415 01497 92 3',1,NULL,9,0,2,2563,'1349900432873','2019-07-18'),(503,'2426',0,'เด็กชาย','ชินวัตร','โมระอรรถ','1 3415 01495 76 9',1,NULL,9,0,2,2563,'1349900432873','2019-07-18'),(504,'2429',0,'เด็กชาย','บูม','กลมเกลียว','1 1020 03936 75 8',1,NULL,9,0,2,2563,'1349900432873','2019-07-18'),(505,'2431',0,'เด็กชาย','ธันวา','คำแสงดี','1 3415 01498 07 5',1,NULL,9,0,2,2563,'1349900432873','2019-07-18'),(506,'2428',0,'เด็กชาย','วีรพงษ์','สูงสง่า','1 3415 01500 69 0',1,NULL,9,0,2,2563,'1349900432873','2019-07-18'),(507,'2432',0,'เด็กชาย','ณัฐวุฒิ','พุ้งแสง','1 3415 01498 98 9',1,NULL,9,0,2,2563,'1349900432873','2019-07-18'),(508,'2433',0,'เด็กชาย','พัฒนากร','ขันตี','1 4199 02475 01 3',1,NULL,9,0,2,2563,'1349900432873','2019-07-18'),(509,'2434',0,'เด็กหญิง','พนิตสุภา','ขาวสั้น','1 3415 01496 36 6',2,NULL,9,0,2,2563,'1349900432873','2019-07-18'),(510,'2436',0,'เด็กหญิง','ณัฐพร','ศรีแสง','1 3499 01493 64 7',2,NULL,9,0,2,2563,'1349900432873','2019-07-18'),(511,'2437',0,'เด็กหญิง','ธณัชฌา','นนทา','1 2095 01226 89 8',2,NULL,9,0,2,2563,'1349900432873','2019-07-18'),(531,'2536',4,'เด็กหญิง','ดวงฤทัย','นิลคำแผง','1341501606137',2,'',6,0,0,NULL,'1349900731188','2021-06-14'),(532,'2613',10,'เด็กหญิง','เพชรมณี','สีทา','1341501589224',2,'',7,0,0,0,'1349900731188','2021-06-14'),(562,'2533',6,'เด็กชาย','วันชนะ','ปฏิเหลา','1341501608296',1,'',6,0,0,NULL,'1349900731188','2023-09-22'),(529,'2534',1,'เด็กหญิง','พัณณิตา','ปุณณทรัพย์สิริ','1349902125188',2,'',6,0,0,NULL,'1309900873829','2021-06-14'),(530,'2535',3,'เด็กหญิง','อรุณรัตน์','ลาภภิญโญ','1341501595828',2,'',6,0,0,NULL,'1349900731188','2021-06-14'),(536,'2542',8,'เด็กหญิง','ชนกานต์','นะธีศรี','1341501562598',2,'',8,0,2,2567,'1349900731188','2022-02-24'),(526,'2531',1,'เด็กหญิง','กวินทิพย์','อินโอ้','1341501624798',2,'',5,0,0,NULL,'1349900731188','2021-06-14'),(527,'2532',2,'เด็กชาย','ศราวุฒิ ','สูงสง่า','1341501604843',1,'',6,0,0,NULL,'1349900731188','2021-06-14'),(525,'2530',1,'เด็กหญิง','พิชญาภัค','บุราเกษ','1349902062453',2,'',4,0,2,2565,'1349900731188','2020-11-12'),(44,'2405',0,'เด็กชาย','ณัฐพนธ์','วงศ์นามเถาว์','1349901402391',1,NULL,8,0,1,2562,'','0000-00-00'),(45,'2406',0,'เด็กชาย','ณัฐพันธ์','วงศนามเถาว์','1349901402404',1,NULL,8,0,1,2562,'','0000-00-00'),(46,'2407',0,'เด็กชาย','บัณฑิต','ปิดด้วง','1341501483337',1,NULL,9,0,1,2562,'','0000-00-00'),(47,'2408',0,'เด็กชาย','พายุ','บุญบำเรอ','1349901420241',1,NULL,9,0,1,2562,'','0000-00-00'),(48,'2409',0,'เด็กหญิง','กานติมา','จำปามูล','1341501484210',2,NULL,9,0,1,2562,'','0000-00-00'),(49,'2410',0,'เด็กหญิง','ธัญญารัตน์','จองกลาง','1349901466526',2,NULL,9,0,1,2562,'','0000-00-00'),(50,'2411',0,'เด็กหญิง','พิมพ์ประภา','พิมพ์เบ้าธรรม','1341501481792',2,NULL,9,0,1,2562,'','0000-00-00'),(51,'2412',0,'เด็กหญิง','อรัญญา','บุราเกษ','1349901445898',2,NULL,9,0,1,2562,'','0000-00-00'),(52,'2421',0,'เด็กหญิง','อภัสรา','รัตนพล','1368700028539',2,NULL,9,0,1,2562,'','0000-00-00'),(53,'2390',0,'เด็กชาย','ณัฐพล','สูงสง่า','1341501474826',1,NULL,9,0,1,2562,'','0000-00-00'),(54,'2391',0,'เด็กชาย','รัฐภูมิ','รอบรู้','1341501471843',1,NULL,9,0,1,2562,'','0000-00-00'),(55,'2392',0,'เด็กชาย','วิษณุ','ชัยชนะ','1341501447301',1,NULL,9,0,1,2562,'','0000-00-00'),(56,'2393',0,'เด็กหญิง','จันทิมา','ดาวบุตร','1341501478775',2,NULL,9,0,1,2562,'','0000-00-00'),(57,'2398',0,'เด็กหญิง','รัตนาพร','ศรีลาภา','1349901380427',2,NULL,9,0,1,2562,'','0000-00-00'),(58,'2399',0,'เด็กหญิง','วิชญาดา','สายเหมาะ','1341501469971',2,NULL,9,0,1,2562,'','0000-00-00'),(59,'2418',0,'เด็กชาย','อภิสิทธิ์','พิทักพงค์','1349901630761',1,NULL,9,0,1,2562,'','0000-00-00'),(60,'2368',0,'เด็กชาย','ธนดล','นนทา','1341501457123',1,NULL,9,0,1,2562,'','0000-00-00'),(61,'2369',0,'เด็กชาย','ธีรพงษ์','ประทุมรัตน์','1342200135764',1,NULL,9,0,1,2562,'','0000-00-00'),(62,'2370',0,'เด็กชาย','ธีรพงษ์','กิ่งบัวทอง','1341501447161',1,NULL,9,0,1,2562,'','0000-00-00'),(63,'2371',0,'เด็กชาย','ภานุวัฒน์','นามมาลี','1341501464936',1,NULL,9,0,1,2562,'','0000-00-00'),(64,'2372',0,'เด็กชาย','วรสิทธิ์','ดวงชัย','1349901313991',1,NULL,9,0,1,2562,'','0000-00-00'),(65,'2373',0,'เด็กชาย','สุวิช','ศรีคำ','1341501452717',1,NULL,9,0,1,2562,'','0000-00-00'),(66,'2376',0,'เด็กหญิง','แก้วตา','พรหมราช','1341501447730',2,NULL,9,0,1,2562,'','0000-00-00'),(67,'2378',0,'เด็กหญิง','นาตยา','มาพิทักษ์','1359500021787',2,NULL,9,0,1,2562,'','0000-00-00'),(68,'2379',0,'เด็กหญิง','ปิยธิดา','นินคำแผง','1341501450501',2,NULL,9,0,1,2562,'','0000-00-00'),(69,'2380',0,'เด็กหญิง','รุจิรา','ทำคำทอง','1341501452512',2,NULL,9,0,1,2562,'','0000-00-00'),(70,'2382',0,'เด็กหญิง','สุปราณี','ศรีคำ','1341501446806',2,NULL,9,0,1,2562,'','0000-00-00'),(71,'2400',0,'เด็กหญิง','วนิดา','กาฬพัฒน์','1339900839418',2,NULL,9,0,1,2562,'','0000-00-00'),(72,'2417',0,'เด็กชาย','วิระชัย','กันหารินทร์','1659902262000',1,NULL,9,0,1,2562,'','0000-00-00'),(501,'2422',0,'เด็กชาย','ธนกฤต','จำปาสา','1 3499 01475 16 9',1,NULL,9,0,2,2563,'1349900432873','2019-07-18'),(495,'2453',0,'เด็กหญิง','ข้าวขวัญ','จำปามูล','1 9098 03365 42 8',2,NULL,9,0,1,2563,'1349900432873','2019-07-18'),(453,'2520',0,'เด็กหญิง','พิมญาดา','วรรณประภา','1 3415 01568 03 1',2,NULL,2,0,2,2562,'1349900432873','2019-07-18'),(490,'2450',0,'เด็กชาย','สมศักดิ์','พิมพ์เบ้าธรรม','1 3415 01509 09 3',1,NULL,9,0,1,2563,'1349900432873','2019-07-18'),(456,'2515',4,'เด็กชาย','วรรณสิทธิ์','อาชะนะชัย','1349901926535',1,NULL,9,0,0,NULL,'1309900873829','2019-07-18'),(454,'2514',2,'เด็กชาย','บุญชัย','นวลเต็ม','1349901918206',1,NULL,9,0,0,NULL,'1309900873829','2019-07-18'),(458,'2495',0,'เด็กชาย','ธนิลภัทร','นนทา','1341501548366',1,NULL,9,0,1,2567,'1349900731188','2019-07-18'),(457,'2497',0,'เด็กชาย','ปรเมศวร์','ศรีทอง','1349901914332',1,NULL,9,0,1,2567,'1349900731188','2019-07-18'),(498,'2455',0,'เด็กหญิง','รัตน์ติยาภรณ์','นินคำแผง','1 3415 01506 23 0',2,NULL,9,0,1,2563,'1349900432873','2019-07-18'),(460,'2498',0,'เด็กชาย','ประพันธ์','พุฒจันทร์','1341501553513',1,NULL,9,0,1,2567,'1349900731188','2019-07-18'),(459,'2500',0,'เด็กชาย','สหชัย','สัมมาสโก','1341501550689',1,NULL,9,0,1,2567,'1349900731188','2019-07-18'),(461,'2496',0,'เด็กชาย','นรินทร','นามมาลี','1341501550395',1,NULL,9,0,1,2567,'1349900731188','2019-07-18'),(462,'2499',0,'เด็กชาย','ศราวุธ','สีทา','1349901906216',1,NULL,9,0,1,2567,'1349900731188','2019-07-18'),(489,'2488',4,'เด็กหญิง','กมลฉัตร','วังศรีแก้ว','1349901688197',2,NULL,9,0,1,2564,'1349900731188','2019-07-18'),(488,'2489',0,'เด็กหญิง','พัชราภา','ถือเงิน','1 3415 01513 02 3',2,NULL,8,0,2,2563,'1349900432873','2019-07-18'),(491,'2449',0,'เด็กชาย','ศักดิ์สิทธิ์','พุฒจันทร์','1 3397 00050 07 1',1,NULL,9,0,1,2563,'1349900432873','2019-07-18'),(492,'2478',0,'เด็กชาย','สราวุธ','สมกลาง','1 3476 00032 99 1',1,NULL,9,0,1,2563,'1349900432873','2019-07-18'),(493,'2477',0,'เด็กชาย','ณัฐพล','พวงบุตร','1 3476 00034 37 4',1,NULL,9,0,1,2563,'1349900432873','2019-07-18'),(494,'2452',0,'เด็กหญิง','เกวลิน','นะธีศรี','1 3415 01507 60 1',2,NULL,9,0,1,2563,'1349900432873','2019-07-18'),(481,'2462',2,'เด็กชาย','รวิพล','รักอิ่ม','1349901681869',1,NULL,9,0,1,2564,'1349900731188','2019-07-18'),(479,'2485',10,'เด็กหญิง','ภัทรธิดา','บ่อแก้ว','1341501523797',2,NULL,9,0,1,2565,'1309900873829','2019-07-18'),(480,'2461',0,'เด็กชาย','ชัยภิพัฒน์','สีจันดี','1 1297 01484 75 1',1,NULL,8,0,2,2563,'1349900432873','2019-07-18'),(487,'2469',7,'เด็กหญิง','อรจิรา','เถาว์ทุมมา','1349901639153',2,NULL,9,0,1,2564,'1349900731188','2019-07-18'),(485,'2467',6,'เด็กหญิง','ปาริตา','จำปาสา','1341501511501',2,NULL,9,0,1,2564,'1349900731188','2019-07-18'),(486,'2466',5,'เด็กหญิง','ธารดา','จองกลาง','1349901674251',2,NULL,9,0,1,2564,'1349900731188','2019-07-18'),(482,'2464',3,'เด็กชาย','ศักดา','ศรีสงค์','1120500134038',1,NULL,9,0,1,2564,'1349900731188','2019-07-18'),(463,'2522',0,'เด็กชาย','พัฒนชัย','สีจันดี','1749901424102',1,NULL,9,0,1,2567,'1349900731188','2019-07-18'),(455,'2513',1,'เด็กชาย','ทัสกรณ์','บ่อแก้ว','1341501566101',1,NULL,9,0,0,NULL,'1309900873829','2019-07-18'),(537,'2546',1,'เด็กหญิง','กมลมรกต','เพชรหาญ','1209703011884',2,'',7,0,0,NULL,'1349900731188','2022-06-10'),(538,'2543',2,'เด็กชาย','ธนาธิป','พรมวงศา','1347600115625',1,'',7,0,0,NULL,'1349900731188','2022-06-10'),(497,'2454',0,'เด็กหญิง','ธนิดา','กลมเกลียว','1 2096 01626 48 1',2,NULL,9,0,1,2563,'1349900432873','2019-07-18'),(473,'2508',7,'เด็กชาย','เอกวิญญ์','พันบุบผา','1129902250472',1,NULL,9,0,1,2565,'1309900873829','2019-07-18'),(476,'2474',8,'เด็กหญิง','จุฬาลักขณา','ปฏิเหลา','1341501530360',2,NULL,9,0,1,2565,'1309900873829','2019-07-18'),(474,'2506',5,'เด็กชาย','สิทธิชัย','สายราช','1341501523690',1,NULL,9,0,1,2565,'1309900873829','2019-07-18'),(475,'2507',6,'เด็กชาย','สุเมธ','บ้งคำเคน','1341501526141',1,NULL,9,0,1,2565,'1349900731188','2019-07-18'),(477,'2476',11,'เด็กหญิง','อมลิน','ทุมทอง','1341501525650',2,NULL,9,0,1,2565,'1309900873829','2019-07-18'),(478,'2475',9,'เด็กหญิง','ชาลิสา','เถาว์ทุมมา','1240401240483',2,NULL,9,0,1,2565,'1309900873829','2019-07-18'),(472,'2472',4,'เด็กชาย','ลำธาร','นามมาลี','1341501529736',1,NULL,9,0,1,2565,'1309900873829','2019-07-18'),(471,'2470',2,'เด็กชาย','ธีรนันท์','สูงสง่า','1341501526010',1,NULL,9,0,1,2565,'1309900873829','2019-07-18'),(464,'2480',2,'เด็กชาย','ปารมี','อาษาดี','1341501544531',1,NULL,9,0,1,2566,'1309900873829','2019-07-18'),(465,'2483',6,'เด็กชาย','วุฒิกร','คำนึงการ','1341501538689',1,NULL,8,0,2,2565,'1309900873829','2019-07-18'),(466,'2509',4,'เด็กชาย','มานะชัย','ถือเงิน','1341501533563',1,NULL,9,0,1,2566,'1309900873829','2019-07-18'),(467,'2517',1,'เด็กชาย','ธีรยุทธ','สมกลาง','1341501542546',1,NULL,9,0,1,2566,'1309900873829','2019-07-18'),(518,'2519',1,'เด็กชาย','ธนาพัฒน์','พุ้งแสง','1-2604-01299-64-0',1,'',2,0,2,2563,'1349900432873','2019-11-29'),(470,'2471',3,'เด็กชาย','เพชรเอก','คำหงษ์ษา','1102004178172',1,NULL,9,0,1,2565,'1309900873829','2019-07-18'),(468,'2518',3,'เด็กชาย','มงคลทรัพย์','ประทุมรัตน์','1341501537887',1,NULL,9,0,1,2566,'1309900873829','2019-07-18'),(469,'2482',5,'เด็กชาย','วรเดช','ทำมาทอง','1341501540314',1,NULL,9,0,1,2566,'1309900873829','2019-07-18'),(524,'2529',8,'เด็กชาย','อดิศร','กุลบุญญา','1749800568261',1,'',9,0,1,2567,'1349900731188','2020-08-05'),(523,'2528',7,'เด็กหญิง','พิมพ์ชนก','ทองกลึง','1347600086226',2,'',9,0,0,NULL,'1309900873829','2020-08-05'),(522,'2526',8,'เด็กหญิง','พรนัชชา','ทาคำห่อ','1349901925075',2,'',6,0,2,2565,'3412100209320','2020-08-05'),(521,'2525',6,'เด็กหญิง','พิชญทัฬห์','งามนัก','1209301298631',2,'',9,0,0,NULL,'1309900873829','2020-08-05'),(513,'2440',0,'เด็กหญิง','ธันยพร','ดีใจ','1 3499 01535 40 4',2,NULL,9,0,2,2563,'1349900432873','2019-07-18'),(512,'2438',0,'เด็กหญิง','เฟื่องฟ้า','ทับแสง','1 1499 00994 54 7',2,NULL,9,0,2,2563,'1349900432873','2019-07-18'),(484,'2523',0,'เด็กชาย','น้ำเหนือ','คุ้มแถว','1 3499 01649 01 9',1,NULL,8,0,2,2563,'1349900432873','2019-07-18'),(483,'2511',1,'เด็กชาย','กิตติภูมิ','สีสุวรรณ','1341501516162',1,NULL,9,0,1,2564,'1349900731188','2019-07-18'),(500,'2423',0,'เด็กชาย','สิริวุฒิ','หงษ์ทอง','1 1008 01614 16 1',1,NULL,9,0,2,2563,'1349900432873','2019-07-18'),(499,'2468',0,'เด็กหญิง','เพรชรัตน์','สีลาพา','1 3415 01509 20 4',2,NULL,9,0,1,2563,'1349900432873','2019-07-18'),(496,'2456',0,'เด็กหญิง','พิมพ์นภา','สีหาเวช','1 1037 04358 84 1',2,NULL,9,0,1,2563,'1349900432873','2019-07-18'),(542,'2551',4,'เด็กชาย','ธนภัทร์','ตานีทอง','1341501630968',1,'',4,0,0,NULL,'1349900731188','2022-06-10'),(543,'2550',3,'เด็กหญิง','ภิรัญญา','สีหาบุตร','1341501640131',2,'',4,0,0,NULL,'1349900731188','2022-06-10'),(544,'2548',1,'เด็กหญิง','อนุศรา','ผกาศรี','1341501642141',2,'',4,0,0,NULL,'1349900731188','2022-06-10'),(545,'2547',3,'เด็กชาย','กันตพัฒน์','สุกันต์','1341501615128',1,'',5,0,0,NULL,'1349900731188','2022-06-10'),(546,'2552',5,'เด็กหญิง','กรกนก','มัคที','1341501639531',2,'',4,0,0,NULL,'1349900731188','2022-11-08'),(547,'2553',7,'เด็กชาย','ธนกฤต','ผาอัตรัตน์','1341501632928',1,'',3,0,2,2567,'1349900731188','2022-11-08'),(548,'2554',5,'เด็กหญิง','เยาวเรศ','แก้วรักษา','1341501606323',2,'',6,0,0,NULL,'1349900731188','2023-05-22'),(549,'2555',6,'เด็กหญิง','วรัญญา','ปิดด้วง','1341501641293',2,'',4,0,0,NULL,'1349900731188','2023-05-22'),(550,'2556',1,'เด็กหญิง','พิมญาดา','จิบจันทร์','1341501648786',2,'',3,0,0,NULL,'1349900731188','2023-05-22'),(551,'2557',2,'เด็กชาย','กรชวัล','นามลี','1347600158006',1,'',3,0,0,NULL,'1349900731188','2023-05-22'),(552,'2558',5,'เด็กหญิง','กันต์ฤทัย ','เลาะบุญ','1341501594104',2,'',7,0,0,NULL,'1349900731188','2023-05-22'),(554,'2560',4,'เด็กชาย','ธีระชัย','สมใจ','1341501611661',1,'',5,0,0,NULL,'1349900731188','2023-05-22'),(555,'2561',3,'เด็กชาย','ปัญญากร ','กุลบุญญา','1209703347971',1,'',3,0,0,NULL,'1349900731188','2023-05-22'),(556,'2562',4,'เด็กหญิง','โชติกา','วังศรีแก้ว','1209703298792',2,'',3,0,0,NULL,'1349900731188','2023-05-22'),(557,'2563',7,'เด็กหญิง','อมรรัตน์','มลิวงค์','1341501631794',2,'',4,0,0,NULL,'1349900731188','2023-05-22'),(558,'2564',7,'เด็กชาย','มนตรี','มัคที','1341501582963',1,'',7,0,2,2568,'1349900731188','2023-05-25'),(559,'2565',5,'เด็กชาย','ธวัชชัย','แสนทวีสุข','1341501611254',1,'',5,0,0,NULL,'1349900731188','2023-05-25'),(560,'2566',6,'เด็กหญิง','บัญธิตา ','กองทรัพย์','1209703343518',2,'',3,0,0,NULL,'1349900731188','2023-05-25'),(561,'2567',7,'เด็กหญิง','ชญานุศภัฒค์','ทาประจิต','1341501605653',2,'',6,0,0,NULL,'1349900731188','2023-06-07'),(563,'2568',8,'เด็กหญิง','นลินนิภา','อิ่มเต็ม','1341501638853',2,'',4,0,0,NULL,'1349900731188','2023-12-07'),(564,'2569',1,'เด็กชาย','ประเสิธ','พุฒจันทร์','1346400004624',1,'',2,0,2,2568,'1349900731188','2024-05-28'),(565,'2578',1,'เด็กชาย','นัฐพงษ์','เข็มพิมาย','1829400037199',1,'',2,0,0,NULL,'1349900731188','2024-05-28'),(566,'2571',7,'เด็กหญิง','พรชนก','การะเกด','1341501644845',2,'',3,0,0,NULL,'1349900731188','2024-05-28'),(567,'2570',8,'เด็กชาย','ธนกร','พรมวงศา','1347600154922',1,'',3,0,0,NULL,'1349900731188','2024-05-28'),(568,'2572',7,'เด็กชาย','ราชินทร์','สายลาด','1218500073272',1,'',7,0,0,NULL,'1349900731188','2024-05-28'),(569,'2573',6,'เด็กหญิง','นันทัชพร ','ชมสา','1341501621772',2,'',5,0,0,NULL,'1349900731188','2024-05-28'),(570,'2574',7,'เด็กหญิง','ญาณภัทร','สีจันดี','1341501614261',2,'',5,0,0,NULL,'1349900731188','2024-05-28'),(571,'2575',8,'เด็กหญิง','อรญา','ต้อนรับ','1341501619255',2,'',5,0,0,NULL,'1349900731188','2024-05-28'),(572,'2576',9,'เด็กหญิง','ฐิติรัตน์','ทำมาทอง','1341501625921',2,'',5,0,0,NULL,'1349900731188','2024-05-28'),(573,'2577',8,'เด็กหญิง','อนิสรา','สายลาด','1209000999444',2,'',6,0,0,NULL,'1349900731188','2024-05-28'),(574,'2579',9,'เด็กชาย','นราธิเบศร์','วงค์ภูธร','1419903426628',1,'',3,0,0,NULL,'1349900731188','2024-05-28'),(575,'2580',10,'เด็กหญิง','ปาลิตา','พวงบุตร','1341501623376',2,'',5,0,0,NULL,'1349900731188','2024-05-28'),(576,'2581',9,'เด็กหญิง','กรวรรณ','บุริวงศ์','1339000162829',2,'',6,0,0,NULL,'1349900731188','2024-05-28'),(577,'2582',6,'เด็กชาย','ภูตะวัน','ชัยสิทธิ์','1341501594791',1,'',7,0,0,NULL,'1349900731188','2024-05-28'),(578,'2583',10,'เด็กหญิง','เจริญรัตน์  ',' อินทรประสิทธิ์','1341501603561',2,'',6,0,0,NULL,'1349900731188','2024-05-28'),(579,'2584',11,'เด็กชาย','จตุรภัทร','ม่วงแม้น','1200601577759',1,'',6,0,0,NULL,'1349900731188','2024-05-28'),(580,'2585',11,'เด็กหญิง','จรินทร์พร','ทำคำทอง','1139900863736',2,'',5,0,0,NULL,'1349900731188','2024-08-08'),(581,'2586',8,'เด็กหญิง','สุธาสินี','ทาทอง','1349902108411',2,'',7,0,0,NULL,'1349900731188','2024-08-08'),(582,'2587',1,'เด็กชาย','ทศพล','ศรีทอง','1849300210476',1,'',7,0,2,2567,'1349900731188','2024-08-08'),(583,'2588',8,'เด็กชาย','วุฒิภัทร','คำเคน','1259500228536',1,'',9,0,2,2568,'1349900731188','2024-08-08'),(584,'2589',8,'เด็กชาย','ศุภโชค','ศรีทอง','1341501561052',1,'',9,0,0,NULL,'1349900731188','2024-08-08'),(585,'2590',5,'เด็กชาย','ปัญญาลักษณ์','กิ่งบัวทอง','1341501657815',1,'',3,0,0,NULL,'1349900731188','2024-11-27'),(586,'2591',9,'เด็กชาย','มนัสวิน','ลาพรมมา','1341501652236',1,'',3,0,2,2568,'1349900731188','2024-11-27'),(587,'2592',10,'เด็กชาย','ธวัชชัย','คำศรีสุข','1349902065452',1,'',7,0,2,2568,'1349900731188','2024-11-27'),(588,'2595',9,'เด็กหญิง','นิภารัตน์ ','มูลศรี','1341501628921',2,'',4,0,0,NULL,'1349900731188','2025-05-22'),(589,'2596',2,'เด็กหญิง','อัญญาวดี','สีสุวรรณ','1346400005221',2,'',2,0,0,NULL,'1349900731188','2025-05-22'),(590,'2597',3,'เด็กหญิง','พิมพ์ลภัส','หิปะนัติ','1346400007739',2,'',2,0,0,NULL,'1349900731188','2025-05-22'),(591,'2598',4,'เด็กชาย','ธนวัฒน์','พิมพ์โยธี','1347600164987',1,'',2,0,0,NULL,'1349900731188','2025-05-22'),(592,'2600',12,'เด็กหญิง','พิชญธิดา','นุชกระโทก','1339910461125',2,'',5,0,0,NULL,'1349900731188','2025-05-22'),(593,'2602',9,'เด็กชาย','ตะวัน','-','7749900124392',1,'',7,0,0,NULL,'1349900731188','2025-05-22'),(594,'2603',12,'เด็กชาย','พีรพัทธ์','ชาตะเคน','1120601197361',2,'',6,0,0,NULL,'1349900731188','2025-05-22'),(595,'2599',10,'เด็กหญิง','ชญานิษฐ์','ศรีเชียงสา','1341501657173',2,'',3,0,0,NULL,'1349900731188','2025-05-22'),(596,'2594',3,'เด็กชาย','นัธวัฒน์','เมืองขวา','1346400026168',1,'',1,0,2,2568,'1349900731188','2025-05-23'),(597,'2608',11,'เด็กชาย','วัชรินทร์','บุญรักษา','133960043262',1,'',3,0,0,NULL,'1349900731188','2025-05-23'),(598,'2605',5,'เด็กหญิง','อริสา ','สาคำสี','1346400012929',2,'',2,0,0,NULL,'1349900731188','2025-05-23'),(599,'2606',6,'เด็กหญิง','ปรีชญา ','อินอุ่นโชติ','1409600678736',2,'',2,0,0,NULL,'1349900731188','2025-05-23'),(600,'2607',3,'เด็กหญิง','นาเดียร์','ดวงดี','1346400018471',2,'',1,0,0,NULL,'1349900731188','2025-05-23'),(601,'2604',10,'เด็กหญิง','ฟ้าใส','วงศ์ตา','1341401311798',2,'',4,0,0,NULL,'1349900731188','2025-05-28'),(602,'2609',11,'เด็กชาย','วิชาฤทธิ์','อินอุ่นโชติ','1103101444095',1,'',4,0,0,NULL,'1349900731188','2025-05-28'),(603,'2601',2,'เด็กหญิง','จิรัชญา','เถาว์ทุมมา','1110101311963',2,'',1,0,0,NULL,'1349900731188','2025-05-28'),(604,'2593',1,'เด็กชาย','ภูริพัฒน์','ด้วงโสดา','1346400018111',1,'',1,0,0,NULL,'1349900731188','2025-05-29'),(605,'2610',12,'เด็กหญิง','จุฑาทิพย์','อุทธิโท','1339931493639',2,'',4,0,0,NULL,'1349900731188','2025-06-09'),(606,'2611',7,'เด็กชาย','จิราวัฒน์','พัดทาบ','1346400013704',1,'',2,0,0,NULL,'1349900731188','2025-09-01'),(607,'2612',8,'เด็กชาย','ปวริศ','สว่างช่วง','1330501568951',1,'',2,0,0,NULL,'1349900731188','2025-09-01');

--
-- Table structure for table `student_main_class`
--

CREATE TABLE `student_main_class` (
  `id` int(11) NOT NULL AUTO_INCREMENT,
  `class_code` tinyint(4) NOT NULL,
  `class_name` varchar(150) NOT NULL,
  PRIMARY KEY (`id`),
  UNIQUE KEY `class_code` (`class_code`)
) ENGINE=MyISAM AUTO_INCREMENT=10 DEFAULT CHARSET=utf8 COLLATE=utf8_general_ci;

--
-- Dumping data for table `student_main_class`
--

INSERT INTO `student_main_class` VALUES (1,1,'อนุบาล1'),(2,2,'อนุุบาล2'),(3,4,'ประถมศึกษาปีที่1'),(4,5,'ประถมศึกษาปีที่2'),(5,6,'ประถมศึกษาปีที่3'),(6,7,'ประถมศึกษาปีที่4'),(7,8,'ประถมศึกษาปีที่5'),(8,9,'ประถมศึกษาปีที่6'),(9,3,'อนุบาล3');

--
-- Table structure for table `student_main_classlog`
--

CREATE TABLE `student_main_classlog` (
  `id` int(11) NOT NULL AUTO_INCREMENT,
  `ed_year` int(11) NOT NULL,
  `student_id` varchar(7) NOT NULL,
  `student_number` int(11) DEFAULT NULL,
  `class_code` tinyint(4) NOT NULL,
  `room` tinyint(4) DEFAULT 0,
  `officer` varchar(13) NOT NULL,
  `rec_date` date NOT NULL,
  PRIMARY KEY (`id`)
) ENGINE=MyISAM AUTO_INCREMENT=654 DEFAULT CHARSET=utf8 COLLATE=utf8_general_ci;

--
-- Dumping data for table `student_main_classlog`
--

INSERT INTO `student_main_classlog` VALUES (1,2562,'2470',0,5,0,'1349900432873','2019-05-24'),(2,2562,'2471',0,5,0,'1349900432873','2019-05-24'),(3,2562,'2472',0,5,0,'1349900432873','2019-05-24'),(4,2562,'2473',0,5,0,'1349900432873','2019-05-24'),(5,2562,'2474',0,5,0,'1349900432873','2019-05-24'),(6,2562,'2475',0,5,0,'1349900432873','2019-05-24'),(7,2562,'2476',0,5,0,'1349900432873','2019-05-24'),(8,2562,'2448',0,6,0,'1349900432873','2019-05-24'),(9,2562,'2449',0,6,0,'1349900432873','2019-05-24'),(10,2562,'2450',0,6,0,'1349900432873','2019-05-24'),(11,2562,'2452',0,6,0,'1349900432873','2019-05-24'),(12,2562,'2453',0,6,0,'1349900432873','2019-05-24'),(13,2562,'2454',0,6,0,'1349900432873','2019-05-24'),(14,2562,'2455',0,6,0,'1349900432873','2019-05-24'),(15,2562,'2456',0,6,0,'1349900432873','2019-05-24'),(16,2562,'2468',0,6,0,'1349900432873','2019-05-24'),(17,2562,'2477',0,6,0,'1349900432873','2019-05-24'),(18,2562,'2478',0,6,0,'1349900432873','2019-05-24'),(19,2562,'2422',0,7,0,'1349900432873','2019-05-24'),(20,2562,'2423',0,7,0,'1349900432873','2019-05-24'),(21,2562,'2424',0,7,0,'1349900432873','2019-05-24'),(22,2562,'2425',0,7,0,'1349900432873','2019-05-24'),(23,2562,'2426',0,7,0,'1349900432873','2019-05-24'),(24,2562,'2428',0,7,0,'1349900432873','2019-05-24'),(25,2562,'2429',0,7,0,'1349900432873','2019-05-24'),(26,2562,'2430',0,7,0,'1349900432873','2019-05-24'),(27,2562,'2431',0,7,0,'1349900432873','2019-05-24'),(28,2562,'2432',0,7,0,'1349900432873','2019-05-24'),(29,2562,'2433',0,7,0,'1349900432873','2019-05-24'),(30,2562,'2434',0,7,0,'1349900432873','2019-05-24'),(31,2562,'2435',0,7,0,'1349900432873','2019-05-24'),(32,2562,'2436',0,7,0,'1349900432873','2019-05-24'),(33,2562,'2437',0,7,0,'1349900432873','2019-05-24'),(34,2562,'2438',0,7,0,'1349900432873','2019-05-24'),(35,2562,'2439',0,7,0,'1349900432873','2019-05-24'),(36,2562,'2440',0,7,0,'1349900432873','2019-05-24'),(37,2562,'2442',0,7,0,'1349900432873','2019-05-24'),(38,2562,'2443',0,7,0,'1349900432873','2019-05-24'),(39,2562,'2444',0,7,0,'1349900432873','2019-05-24'),(40,2562,'2445',0,7,0,'1349900432873','2019-05-24'),(41,2562,'2446',0,7,0,'1349900432873','2019-05-24'),(42,2562,'2479',0,7,0,'1349900432873','2019-05-24'),(43,2562,'2404',0,8,0,'1349900432873','2019-05-24'),(44,2562,'2405',0,8,0,'1349900432873','2019-05-24'),(45,2562,'2406',0,8,0,'1349900432873','2019-05-24'),(46,2562,'2407',0,7,0,'1349900432873','2018-11-14'),(47,2562,'2408',0,7,0,'1349900432873','2018-11-14'),(48,2562,'2409',0,7,0,'1349900432873','2018-11-14'),(49,2562,'2410',0,7,0,'1349900432873','2018-11-14'),(50,2562,'2411',0,7,0,'1349900432873','2018-11-14'),(51,2562,'2412',0,7,0,'1349900432873','2018-11-14'),(52,2562,'2421',0,7,0,'1349900432873','2018-11-14'),(53,2562,'2390',0,8,0,'1349900432873','2018-11-14'),(54,2562,'2391',0,8,0,'1349900432873','2018-11-14'),(55,2562,'2392',0,8,0,'1349900432873','2018-11-14'),(56,2562,'2393',0,8,0,'1349900432873','2018-11-14'),(57,2562,'2398',0,8,0,'1349900432873','2018-11-14'),(58,2562,'2399',0,8,0,'1349900432873','2018-11-14'),(59,2562,'2418',0,8,0,'1349900432873','2018-11-14'),(60,2562,'2368',0,9,0,'1349900432873','2018-11-14'),(61,2562,'2369',0,9,0,'1349900432873','2018-11-14'),(62,2562,'2370',0,9,0,'1349900432873','2018-11-14'),(63,2562,'2371',0,9,0,'1349900432873','2018-11-14'),(64,2562,'2372',0,9,0,'1349900432873','2018-11-14'),(65,2562,'2373',0,9,0,'1349900432873','2018-11-14'),(66,2562,'2376',0,9,0,'1349900432873','2018-11-14'),(67,2562,'2378',0,9,0,'1349900432873','2018-11-14'),(68,2562,'2379',0,9,0,'1349900432873','2018-11-14'),(69,2562,'2380',0,9,0,'1349900432873','2018-11-14'),(70,2562,'2382',0,9,0,'1349900432873','2018-11-14'),(71,2562,'2400',0,9,0,'1349900432873','2018-11-14'),(72,2562,'2417',0,9,0,'1349900432873','2018-11-14'),(73,2560,'2407',0,7,0,'1349900432873','2018-11-25'),(74,2560,'2408',0,7,0,'1349900432873','2018-11-25'),(75,2560,'2409',0,7,0,'1349900432873','2018-11-25'),(76,2560,'2410',0,7,0,'1349900432873','2018-11-25'),(77,2560,'2411',0,7,0,'1349900432873','2018-11-25'),(78,2560,'2412',0,7,0,'1349900432873','2018-11-25'),(79,2560,'2421',0,7,0,'1349900432873','2018-11-25'),(80,2560,'2390',0,8,0,'1349900432873','2018-11-25'),(81,2560,'2391',0,8,0,'1349900432873','2018-11-25'),(82,2560,'2392',0,8,0,'1349900432873','2018-11-25'),(83,2560,'2393',0,8,0,'1349900432873','2018-11-25'),(84,2560,'2398',0,8,0,'1349900432873','2018-11-25'),(85,2560,'2399',0,8,0,'1349900432873','2018-11-25'),(86,2560,'2418',0,8,0,'1349900432873','2018-11-25'),(87,2560,'2368',0,9,0,'1349900432873','2018-11-25'),(88,2560,'2369',0,9,0,'1349900432873','2018-11-25'),(89,2560,'2370',0,9,0,'1349900432873','2018-11-25'),(90,2560,'2371',0,9,0,'1349900432873','2018-11-25'),(91,2560,'2372',0,9,0,'1349900432873','2018-11-25'),(92,2560,'2373',0,9,0,'1349900432873','2018-11-25'),(93,2560,'2376',0,9,0,'1349900432873','2018-11-25'),(94,2560,'2378',0,9,0,'1349900432873','2018-11-25'),(95,2560,'2379',0,9,0,'1349900432873','2018-11-25'),(96,2560,'2380',0,9,0,'1349900432873','2018-11-25'),(97,2560,'2382',0,9,0,'1349900432873','2018-11-25'),(98,2560,'2400',0,9,0,'1349900432873','2018-11-25'),(99,2560,'2417',0,9,0,'1349900432873','2018-11-25'),(100,2558,'2407',0,8,0,'1349900432873','2018-11-25'),(101,2558,'2408',0,8,0,'1349900432873','2018-11-25'),(102,2558,'2409',0,8,0,'1349900432873','2018-11-25'),(103,2558,'2410',0,8,0,'1349900432873','2018-11-25'),(104,2558,'2411',0,8,0,'1349900432873','2018-11-25'),(105,2558,'2412',0,8,0,'1349900432873','2018-11-25'),(106,2558,'2421',0,8,0,'1349900432873','2018-11-25'),(107,2558,'2368',0,9,0,'1349900432873','2018-11-25'),(108,2558,'2369',0,9,0,'1349900432873','2018-11-25'),(109,2558,'2370',0,9,0,'1349900432873','2018-11-25'),(110,2558,'2371',0,9,0,'1349900432873','2018-11-25'),(111,2558,'2372',0,9,0,'1349900432873','2018-11-25'),(112,2558,'2373',0,9,0,'1349900432873','2018-11-25'),(113,2558,'2376',0,9,0,'1349900432873','2018-11-25'),(114,2558,'2378',0,9,0,'1349900432873','2018-11-25'),(115,2558,'2379',0,9,0,'1349900432873','2018-11-25'),(116,2558,'2380',0,9,0,'1349900432873','2018-11-25'),(117,2558,'2382',0,9,0,'1349900432873','2018-11-25'),(118,2558,'2390',0,9,0,'1349900432873','2018-11-25'),(119,2558,'2391',0,9,0,'1349900432873','2018-11-25'),(120,2558,'2392',0,9,0,'1349900432873','2018-11-25'),(121,2558,'2393',0,9,0,'1349900432873','2018-11-25'),(122,2558,'2398',0,9,0,'1349900432873','2018-11-25'),(123,2558,'2399',0,9,0,'1349900432873','2018-11-25'),(124,2558,'2400',0,9,0,'1349900432873','2018-11-25'),(125,2558,'2417',0,9,0,'1349900432873','2018-11-25'),(126,2558,'2418',0,9,0,'1349900432873','2018-11-25'),(127,2560,'2470',0,3,0,'1349900432873','2019-03-08'),(128,2560,'2471',0,3,0,'1349900432873','2019-03-08'),(129,2560,'2472',0,3,0,'1349900432873','2019-03-08'),(130,2560,'2473',0,3,0,'1349900432873','2019-03-08'),(131,2560,'2474',0,3,0,'1349900432873','2019-03-08'),(132,2560,'2475',0,3,0,'1349900432873','2019-03-08'),(133,2560,'2476',0,3,0,'1349900432873','2019-03-08'),(134,2560,'2448',0,5,0,'1349900432873','2019-03-08'),(135,2560,'2449',0,5,0,'1349900432873','2019-03-08'),(136,2560,'2450',0,5,0,'1349900432873','2019-03-08'),(137,2560,'2452',0,5,0,'1349900432873','2019-03-08'),(138,2560,'2453',0,5,0,'1349900432873','2019-03-08'),(139,2560,'2454',0,5,0,'1349900432873','2019-03-08'),(140,2560,'2455',0,5,0,'1349900432873','2019-03-08'),(141,2560,'2456',0,5,0,'1349900432873','2019-03-08'),(142,2560,'2468',0,5,0,'1349900432873','2019-03-08'),(143,2560,'2477',0,5,0,'1349900432873','2019-03-08'),(144,2560,'2478',0,5,0,'1349900432873','2019-03-08'),(145,2560,'2422',0,6,0,'1349900432873','2019-03-08'),(146,2560,'2423',0,6,0,'1349900432873','2019-03-08'),(147,2560,'2424',0,6,0,'1349900432873','2019-03-08'),(148,2560,'2425',0,6,0,'1349900432873','2019-03-08'),(149,2560,'2426',0,6,0,'1349900432873','2019-03-08'),(150,2560,'2428',0,6,0,'1349900432873','2019-03-08'),(151,2560,'2429',0,6,0,'1349900432873','2019-03-08'),(152,2560,'2430',0,6,0,'1349900432873','2019-03-08'),(153,2560,'2431',0,6,0,'1349900432873','2019-03-08'),(154,2560,'2432',0,6,0,'1349900432873','2019-03-08'),(155,2560,'2433',0,6,0,'1349900432873','2019-03-08'),(156,2560,'2434',0,6,0,'1349900432873','2019-03-08'),(157,2560,'2435',0,6,0,'1349900432873','2019-03-08'),(158,2560,'2436',0,6,0,'1349900432873','2019-03-08'),(159,2560,'2437',0,6,0,'1349900432873','2019-03-08'),(160,2560,'2438',0,6,0,'1349900432873','2019-03-08'),(161,2560,'2439',0,6,0,'1349900432873','2019-03-08'),(162,2560,'2440',0,6,0,'1349900432873','2019-03-08'),(163,2560,'2442',0,6,0,'1349900432873','2019-03-08'),(164,2560,'2443',0,6,0,'1349900432873','2019-03-08'),(165,2560,'2444',0,6,0,'1349900432873','2019-03-08'),(166,2560,'2445',0,6,0,'1349900432873','2019-03-08'),(167,2560,'2446',0,6,0,'1349900432873','2019-03-08'),(168,2560,'2479',0,6,0,'1349900432873','2019-03-08'),(169,2560,'2404',0,7,0,'1349900432873','2019-03-08'),(170,2560,'2405',0,7,0,'1349900432873','2019-03-08'),(171,2560,'2406',0,7,0,'1349900432873','2019-03-08'),(172,2561,'2368',0,9,0,'1349900432873','2019-05-24'),(173,2561,'2369',0,9,0,'1349900432873','2019-05-24'),(174,2561,'2370',0,9,0,'1349900432873','2019-05-24'),(175,2561,'2371',0,9,0,'1349900432873','2019-05-24'),(176,2561,'2372',0,9,0,'1349900432873','2019-05-24'),(177,2561,'2373',0,9,0,'1349900432873','2019-05-24'),(178,2561,'2376',0,9,0,'1349900432873','2019-05-24'),(179,2561,'2378',0,9,0,'1349900432873','2019-05-24'),(180,2561,'2379',0,9,0,'1349900432873','2019-05-24'),(181,2561,'2380',0,9,0,'1349900432873','2019-05-24'),(182,2561,'2382',0,9,0,'1349900432873','2019-05-24'),(183,2561,'2390',0,9,0,'1349900432873','2019-05-24'),(184,2561,'2391',0,9,0,'1349900432873','2019-05-24'),(185,2561,'2392',0,9,0,'1349900432873','2019-05-24'),(186,2561,'2393',0,9,0,'1349900432873','2019-05-24'),(187,2561,'2398',0,9,0,'1349900432873','2019-05-24'),(188,2561,'2399',0,9,0,'1349900432873','2019-05-24'),(189,2561,'2400',0,9,0,'1349900432873','2019-05-24'),(190,2561,'2407',0,9,0,'1349900432873','2019-05-24'),(191,2561,'2408',0,9,0,'1349900432873','2019-05-24'),(192,2561,'2409',0,9,0,'1349900432873','2019-05-24'),(193,2561,'2410',0,9,0,'1349900432873','2019-05-24'),(194,2561,'2411',0,9,0,'1349900432873','2019-05-24'),(195,2561,'2412',0,9,0,'1349900432873','2019-05-24'),(196,2561,'2417',0,9,0,'1349900432873','2019-05-24'),(197,2561,'2418',0,9,0,'1349900432873','2019-05-24'),(198,2561,'2421',0,9,0,'1349900432873','2019-05-24'),(199,2559,'2513',1,2,0,'1349900432873','2019-07-10'),(200,2559,'2515',2,2,0,'1349900432873','2019-07-10'),(201,2559,'2514',3,2,0,'1349900432873','2019-07-10'),(202,2559,'2516',4,2,0,'1349900432873','2019-07-10'),(203,2559,'2495',5,3,0,'1349900432873','2019-07-10'),(204,2559,'2496',6,3,0,'1349900432873','2019-07-10'),(205,2559,'2497',7,3,0,'1349900432873','2019-07-10'),(206,2559,'2498',8,3,0,'1349900432873','2019-07-10'),(207,2559,'2499',9,3,0,'1349900432873','2019-07-10'),(208,2559,'2500',10,3,0,'1349900432873','2019-07-10'),(209,2559,'2480',11,4,0,'1349900432873','2019-07-10'),(210,2559,'2483',12,4,0,'1349900432873','2019-07-10'),(211,2559,'2509',13,4,0,'1349900432873','2019-07-10'),(212,2559,'2517',14,4,0,'1349900432873','2019-07-10'),(213,2559,'2518',15,4,0,'1349900432873','2019-07-10'),(214,2559,'2470',0,5,0,'1349900432873','2019-07-10'),(215,2559,'2471',0,5,0,'1349900432873','2019-07-10'),(216,2559,'2472',0,5,0,'1349900432873','2019-07-10'),(217,2559,'2473',0,5,0,'1349900432873','2019-07-10'),(218,2559,'2474',0,5,0,'1349900432873','2019-07-10'),(219,2559,'2475',0,5,0,'1349900432873','2019-07-10'),(220,2559,'2476',0,5,0,'1349900432873','2019-07-10'),(221,2559,'2505',19,5,0,'1349900432873','2019-07-10'),(222,2559,'2506',20,5,0,'1349900432873','2019-07-10'),(223,2559,'2507',21,5,0,'1349900432873','2019-07-10'),(224,2559,'2508',22,5,0,'1349900432873','2019-07-10'),(225,2559,'2485',26,5,0,'1349900432873','2019-07-10'),(226,2559,'2448',0,6,0,'1349900432873','2019-07-10'),(227,2559,'2449',0,6,0,'1349900432873','2019-07-10'),(228,2559,'2450',0,6,0,'1349900432873','2019-07-10'),(229,2559,'2452',0,6,0,'1349900432873','2019-07-10'),(230,2559,'2453',0,6,0,'1349900432873','2019-07-10'),(231,2559,'2454',0,6,0,'1349900432873','2019-07-10'),(232,2559,'2455',0,6,0,'1349900432873','2019-07-10'),(233,2559,'2456',0,6,0,'1349900432873','2019-07-10'),(234,2559,'2468',0,6,0,'1349900432873','2019-07-10'),(235,2559,'2477',0,6,0,'1349900432873','2019-07-10'),(236,2559,'2478',0,6,0,'1349900432873','2019-07-10'),(237,2559,'2461',27,6,0,'1349900432873','2019-07-10'),(238,2559,'2462',28,6,0,'1349900432873','2019-07-10'),(239,2559,'2464',29,6,0,'1349900432873','2019-07-10'),(240,2559,'2511',30,6,0,'1349900432873','2019-07-10'),(241,2559,'2489',31,6,0,'1349900432873','2019-07-10'),(242,2559,'2467',32,6,0,'1349900432873','2019-07-10'),(243,2559,'2469',33,6,0,'1349900432873','2019-07-10'),(244,2559,'2466',34,6,0,'1349900432873','2019-07-10'),(245,2559,'2488',35,6,0,'1349900432873','2019-07-10'),(246,2559,'2422',0,7,0,'1349900432873','2019-07-10'),(247,2559,'2423',0,7,0,'1349900432873','2019-07-10'),(248,2559,'2424',0,7,0,'1349900432873','2019-07-10'),(249,2559,'2425',0,7,0,'1349900432873','2019-07-10'),(250,2559,'2426',0,7,0,'1349900432873','2019-07-10'),(251,2559,'2428',0,7,0,'1349900432873','2019-07-10'),(252,2559,'2429',0,7,0,'1349900432873','2019-07-10'),(253,2559,'2430',0,7,0,'1349900432873','2019-07-10'),(254,2559,'2431',0,7,0,'1349900432873','2019-07-10'),(255,2559,'2432',0,7,0,'1349900432873','2019-07-10'),(256,2559,'2433',0,7,0,'1349900432873','2019-07-10'),(257,2559,'2434',0,7,0,'1349900432873','2019-07-10'),(258,2559,'2435',0,7,0,'1349900432873','2019-07-10'),(259,2559,'2436',0,7,0,'1349900432873','2019-07-10'),(260,2559,'2437',0,7,0,'1349900432873','2019-07-10'),(261,2559,'2438',0,7,0,'1349900432873','2019-07-10'),(262,2559,'2439',0,7,0,'1349900432873','2019-07-10'),(263,2559,'2440',0,7,0,'1349900432873','2019-07-10'),(264,2559,'2442',0,7,0,'1349900432873','2019-07-10'),(265,2559,'2443',0,7,0,'1349900432873','2019-07-10'),(266,2559,'2444',0,7,0,'1349900432873','2019-07-10'),(267,2559,'2445',0,7,0,'1349900432873','2019-07-10'),(268,2559,'2446',0,7,0,'1349900432873','2019-07-10'),(269,2559,'2479',0,7,0,'1349900432873','2019-07-10'),(270,2559,'2404',0,8,0,'1349900432873','2019-07-10'),(271,2562,'2520',0,2,0,'1349900432873','2019-11-29'),(272,2562,'2519',1,2,0,'1349900432873','2019-11-29'),(273,2562,'2495',0,4,0,'3412100209320','2020-08-05'),(274,2562,'2496',0,4,0,'3412100209320','2020-08-05'),(275,2562,'2497',0,4,0,'3412100209320','2020-08-05'),(276,2562,'2498',0,4,0,'3412100209320','2020-08-05'),(277,2562,'2499',0,4,0,'3412100209320','2020-08-05'),(278,2562,'2500',0,4,0,'3412100209320','2020-08-05'),(279,2562,'2522',0,4,0,'3412100209320','2020-08-05'),(280,2562,'2480',0,5,0,'3412100209320','2020-08-05'),(281,2562,'2482',0,5,0,'3412100209320','2020-08-05'),(282,2562,'2483',0,5,0,'3412100209320','2020-08-05'),(283,2562,'2509',0,5,0,'3412100209320','2020-08-05'),(284,2562,'2517',0,5,0,'3412100209320','2020-08-05'),(285,2562,'2518',0,5,0,'3412100209320','2020-08-05'),(286,2562,'2485',0,6,0,'3412100209320','2020-08-05'),(287,2562,'2506',0,6,0,'3412100209320','2020-08-05'),(288,2562,'2507',0,6,0,'3412100209320','2020-08-05'),(289,2562,'2508',0,6,0,'3412100209320','2020-08-05'),(290,2562,'2461',0,7,0,'3412100209320','2020-08-05'),(291,2562,'2462',0,7,0,'3412100209320','2020-08-05'),(292,2562,'2464',0,7,0,'3412100209320','2020-08-05'),(293,2562,'2466',0,7,0,'3412100209320','2020-08-05'),(294,2562,'2467',0,7,0,'3412100209320','2020-08-05'),(295,2562,'2469',0,7,0,'3412100209320','2020-08-05'),(296,2562,'2488',0,7,0,'3412100209320','2020-08-05'),(297,2562,'2489',0,7,0,'3412100209320','2020-08-05'),(298,2562,'2523',0,7,0,'3412100209320','2020-08-05'),(299,2563,'2523',0,8,0,'3412100209320','2020-08-05'),(300,2563,'2422',0,9,0,'3412100209320','2020-08-05'),(301,2563,'2423',0,9,0,'3412100209320','2020-08-05'),(302,2563,'2424',0,9,0,'3412100209320','2020-08-05'),(303,2563,'2426',0,9,0,'3412100209320','2020-08-05'),(304,2563,'2428',0,9,0,'3412100209320','2020-08-05'),(305,2563,'2429',0,9,0,'3412100209320','2020-08-05'),(306,2563,'2431',0,9,0,'3412100209320','2020-08-05'),(307,2563,'2432',0,9,0,'3412100209320','2020-08-05'),(308,2563,'2433',0,9,0,'3412100209320','2020-08-05'),(309,2563,'2434',0,9,0,'3412100209320','2020-08-05'),(310,2563,'2436',0,9,0,'3412100209320','2020-08-05'),(311,2563,'2437',0,9,0,'3412100209320','2020-08-05'),(312,2563,'2438',0,9,0,'3412100209320','2020-08-05'),(313,2563,'2440',0,9,0,'3412100209320','2020-08-05'),(314,2563,'2443',0,9,0,'3412100209320','2020-08-05'),(315,2563,'2445',0,9,0,'3412100209320','2020-08-05'),(316,2563,'2446',0,9,0,'3412100209320','2020-08-05'),(317,2563,'2479',0,9,0,'3412100209320','2020-08-05'),(318,2563,'2519',1,2,0,'3412100209320','2020-08-05'),(319,2563,'2461',0,8,0,'3412100209320','2020-08-05'),(320,2562,'2513',0,3,0,'3412100209320','2020-08-05'),(321,2562,'2514',0,3,0,'3412100209320','2020-08-05'),(322,2562,'2515',0,3,0,'3412100209320','2020-08-05'),(323,2563,'2524',4,4,0,'3412100209320','2020-08-05'),(324,2563,'2527',7,4,0,'3412100209320','2020-08-05'),(325,2563,'2525',5,4,0,'3412100209320','2020-08-05'),(326,2563,'2526',8,4,0,'3412100209320','2020-08-05'),(327,2563,'2528',6,4,0,'3412100209320','2020-08-05'),(328,2563,'2529',8,5,0,'3412100209320','2020-08-05'),(329,2563,'2530',1,3,1,'1309900873829','2021-02-24'),(330,2563,'2489',0,8,0,'1349900731188','2021-02-10'),(331,2563,'2508',0,7,0,'1309900873829','2021-02-24'),(332,2563,'0',0,0,0,'1309900873829','2021-02-24'),(333,2563,'2511',1,8,0,'1309900873829','2021-02-24'),(334,2563,'2462',2,8,0,'1309900873829','2021-02-24'),(335,2563,'2464',3,8,0,'1309900873829','2021-02-24'),(336,2563,'2488',4,8,0,'1309900873829','2021-02-24'),(337,2563,'2466',5,8,0,'1309900873829','2021-02-24'),(338,2563,'2467',6,8,0,'1309900873829','2021-02-24'),(339,2563,'2469',7,8,0,'1309900873829','2021-02-24'),(340,2563,'2455',0,9,0,'1349900731188','2021-05-30'),(341,2563,'2456',0,9,0,'1349900731188','2021-05-30'),(342,2563,'2468',0,9,0,'1349900731188','2021-05-30'),(343,2563,'2477',0,9,0,'1349900731188','2021-05-30'),(344,2563,'2478',0,9,0,'1349900731188','2021-05-30'),(345,2563,'2513',0,4,0,'1349900731188','2021-05-30'),(346,2563,'2514',0,4,0,'1349900731188','2021-05-30'),(347,2563,'2515',0,4,0,'1349900731188','2021-05-30'),(348,2563,'2495',0,5,0,'1349900731188','2021-05-30'),(349,2563,'2496',0,5,0,'1349900731188','2021-05-30'),(350,2563,'2497',0,5,0,'1349900731188','2021-05-30'),(351,2563,'2498',0,5,0,'1349900731188','2021-05-30'),(352,2563,'2499',0,5,0,'1349900731188','2021-05-30'),(353,2563,'2500',0,5,0,'1349900731188','2021-05-30'),(354,2563,'2522',0,5,0,'1349900731188','2021-05-30'),(355,2563,'2480',0,6,0,'1349900731188','2021-05-30'),(356,2563,'2482',0,6,0,'1349900731188','2021-05-30'),(357,2563,'2483',0,6,0,'1349900731188','2021-05-30'),(358,2563,'2509',0,6,0,'1349900731188','2021-05-30'),(359,2563,'2517',0,6,0,'1349900731188','2021-05-30'),(360,2563,'2518',0,6,0,'1349900731188','2021-05-30'),(361,2563,'2470',0,7,0,'1349900731188','2021-05-30'),(362,2563,'2471',0,7,0,'1349900731188','2021-05-30'),(363,2563,'2472',0,7,0,'1349900731188','2021-05-30'),(364,2563,'2474',0,7,0,'1349900731188','2021-05-30'),(365,2563,'2475',0,7,0,'1349900731188','2021-05-30'),(366,2563,'2476',0,7,0,'1349900731188','2021-05-30'),(367,2563,'2485',0,7,0,'1349900731188','2021-05-30'),(368,2563,'2506',0,7,0,'1349900731188','2021-05-30'),(369,2563,'2507',0,7,0,'1349900731188','2021-05-30'),(370,2563,'2449',0,9,0,'1349900731188','2021-05-30'),(371,2563,'2450',0,9,0,'1349900731188','2021-05-30'),(372,2563,'2452',0,9,0,'1349900731188','2021-05-30'),(373,2563,'2453',0,9,0,'1349900731188','2021-05-30'),(374,2563,'2454',0,9,0,'1349900731188','2021-05-30'),(375,2564,'2530',1,3,1,'3349700030310','2021-12-20'),(376,2564,'2531',1,1,0,'1349900731188','2022-03-11'),(377,2564,'2532',2,2,0,'3349700030310','2021-12-20'),(378,2564,'2533',4,2,0,'3349700030310','2021-12-20'),(379,2564,'2534',1,2,0,'3349700030310','2021-12-20'),(380,2564,'2535',3,2,0,'3349700030310','2021-12-20'),(381,2564,'2536',5,2,0,'3349700030310','2021-12-20'),(382,2564,'2537',6,2,0,'3349700030310','2021-12-20'),(383,2564,'2538',1,4,0,'1309900873829','2021-06-14'),(384,2564,'2539',11,8,0,'3349700030310','2021-12-20'),(385,2564,'2541',1,4,0,'3349700030310','2021-12-20'),(386,2564,'2540',2,1,0,'3349700030310','2021-12-20'),(387,2564,'2513',3,5,0,'3349700030310','2021-12-20'),(388,2564,'2514',1,5,0,'3349700030310','2021-12-20'),(389,2564,'2515',2,5,0,'3349700030310','2021-12-20'),(390,2564,'2495',7,6,0,'3349700030310','2021-12-20'),(391,2564,'2496',1,6,0,'3349700030310','2021-12-20'),(392,2564,'2497',2,6,0,'3349700030310','2021-12-20'),(393,2564,'2498',3,6,0,'3349700030310','2021-12-20'),(394,2564,'2499',4,6,0,'3349700030310','2021-12-20'),(395,2564,'2500',5,6,0,'3349700030310','2021-12-20'),(396,2564,'2522',6,6,0,'3349700030310','2021-12-20'),(397,2564,'2480',6,7,0,'3349700030310','2021-12-20'),(398,2564,'2482',1,7,0,'3349700030310','2021-12-20'),(399,2564,'2483',2,7,0,'3349700030310','2021-12-20'),(400,2564,'2509',3,7,0,'3349700030310','2021-12-20'),(401,2564,'2517',4,7,0,'3349700030310','2021-12-20'),(402,2564,'2518',5,7,0,'3349700030310','2021-12-20'),(403,2564,'2470',0,8,0,'3349700030310','2021-12-20'),(404,2564,'2471',0,8,0,'3349700030310','2021-12-20'),(405,2564,'2472',0,8,0,'3349700030310','2021-12-20'),(406,2564,'2474',0,8,0,'3349700030310','2021-12-20'),(407,2564,'2475',0,8,0,'3349700030310','2021-12-20'),(408,2564,'2476',0,8,0,'3349700030310','2021-12-20'),(409,2564,'2485',0,8,0,'3349700030310','2021-12-20'),(410,2564,'2506',0,8,0,'3349700030310','2021-12-20'),(411,2564,'2507',0,8,0,'3349700030310','2021-12-20'),(412,2564,'2508',0,8,0,'3349700030310','2021-12-20'),(413,2564,'2511',1,9,0,'3349700030310','2021-12-20'),(414,2564,'2462',2,9,0,'3349700030310','2021-12-20'),(415,2564,'2464',3,9,0,'3349700030310','2021-12-20'),(416,2564,'2488',4,9,0,'3349700030310','2021-12-20'),(417,2564,'2466',5,9,0,'3349700030310','2021-12-20'),(418,2564,'2467',6,9,0,'3349700030310','2021-12-20'),(419,2564,'2469',7,9,0,'3349700030310','2021-12-20'),(420,2564,'2524',4,5,0,'3349700030310','2021-12-20'),(421,2564,'2525',5,5,0,'3349700030310','2021-12-20'),(422,2564,'2528',6,5,0,'3349700030310','2021-12-20'),(423,2564,'2527',7,5,0,'3349700030310','2021-12-20'),(424,2564,'2526',8,5,0,'3349700030310','2021-12-20'),(425,2564,'2529',8,6,0,'3349700030310','2021-12-20'),(426,2564,'2542',9,5,0,'1349900731188','2022-02-24'),(427,2565,'2546',3,4,0,'1349900731188','2022-06-10'),(428,2565,'2541',1,5,0,'1349900731188','2022-06-10'),(429,2565,'2537',2,4,0,'1349900731188','2022-06-10'),(430,2565,'2543',4,4,0,'1349900731188','2022-06-10'),(431,2565,'2544',5,4,0,'1349900731188','2022-06-10'),(432,2565,'2545',6,4,0,'1349900731188','2022-06-10'),(433,2565,'2549',3,1,0,'1349900731188','2022-06-10'),(434,2565,'2551',5,1,0,'1349900731188','2022-06-10'),(435,2565,'2550',4,1,0,'1349900892467','2022-06-28'),(436,2565,'2548',2,1,0,'1349900731188','2022-06-10'),(437,2565,'2547',1,1,0,'1349900731188','2022-06-10'),(438,2565,'2530',1,4,0,'1349900731188','2022-06-10'),(439,2565,'2517',1,8,0,'1309900873829','2022-06-11'),(440,2565,'2480',2,8,0,'1309900873829','2022-06-11'),(441,2565,'2518',3,8,0,'1309900873829','2022-06-11'),(442,2565,'2509',4,8,0,'1309900873829','2022-06-11'),(443,2565,'2482',5,8,0,'1309900873829','2022-06-11'),(444,2565,'2483',6,8,0,'1309900873829','2022-06-11'),(445,2565,'2539',1,9,0,'1309900873829','2022-06-11'),(446,2565,'2470',2,9,0,'1309900873829','2022-06-11'),(447,2565,'2471',3,9,0,'1309900873829','2022-06-11'),(448,2565,'2472',4,9,0,'1309900873829','2022-06-11'),(449,2565,'2506',5,9,0,'1309900873829','2022-06-11'),(450,2565,'2507',6,9,0,'1349900731188','2023-01-20'),(451,2565,'2508',7,9,0,'1309900873829','2022-06-11'),(452,2565,'2474',8,9,0,'1309900873829','2022-06-11'),(453,2565,'2475',9,9,0,'1309900873829','2022-06-11'),(454,2565,'2485',10,9,0,'1309900873829','2022-06-11'),(455,2565,'2476',11,9,0,'1309900873829','2022-06-11'),(456,2565,'2526',8,6,0,'1349900731188','2022-11-08'),(457,2565,'2552',6,1,0,'1349900731188','2022-11-08'),(458,2565,'2553',7,1,0,'1349900731188','2022-11-08'),(459,2565,'2531',1,2,0,'1349900731188','2023-05-22'),(460,2565,'2540',2,2,0,'1349900731188','2023-05-22'),(461,2565,'2534',1,3,0,'1349900731188','2023-05-22'),(462,2565,'2532',2,3,0,'1349900731188','2023-05-22'),(463,2565,'2535',3,3,0,'1349900731188','2023-05-22'),(464,2565,'2533',4,3,0,'1349900731188','2023-05-22'),(465,2565,'2536',5,3,0,'1349900731188','2023-05-22'),(466,2565,'2513',0,6,0,'1349900731188','2023-05-22'),(467,2565,'2514',0,6,0,'1349900731188','2023-05-22'),(468,2565,'2515',0,6,0,'1349900731188','2023-05-22'),(469,2565,'2524',4,6,0,'1349900731188','2023-05-22'),(470,2565,'2525',5,6,0,'1349900731188','2023-05-22'),(471,2565,'2528',6,6,0,'1349900731188','2023-05-22'),(472,2565,'2527',7,6,0,'1349900731188','2023-05-22'),(473,2565,'2542',9,6,0,'1349900731188','2023-05-22'),(474,2565,'2495',0,7,0,'1349900731188','2023-05-22'),(475,2565,'2496',0,7,0,'1349900731188','2023-05-22'),(476,2565,'2497',0,7,0,'1349900731188','2023-05-22'),(477,2565,'2498',0,7,0,'1349900731188','2023-05-22'),(478,2565,'2499',0,7,0,'1349900731188','2023-05-22'),(479,2565,'2500',0,7,0,'1349900731188','2023-05-22'),(480,2565,'2522',0,7,0,'1349900731188','2023-05-22'),(481,2565,'2529',8,7,0,'1349900731188','2023-05-22'),(482,2566,'2554',6,4,0,'1349900731188','2023-05-22'),(483,2566,'2555',6,2,0,'1349900731188','2023-05-25'),(484,2566,'2556',1,1,0,'1349900731188','2023-05-22'),(485,2566,'2557',2,1,0,'1349900731188','2023-05-22'),(486,2566,'2537',1,5,0,'1349900731188','2023-05-22'),(487,2566,'2546',2,5,0,'1349900731188','2023-05-22'),(488,2566,'2543',3,5,0,'1349900731188','2023-05-22'),(489,2566,'2544',4,5,0,'1349900731188','2023-05-22'),(490,2566,'2545',5,5,0,'1349900731188','2023-05-22'),(491,2566,'2558',6,5,0,'1349900731188','2023-05-22'),(492,2566,'2559',3,1,0,'1349900731188','2023-05-22'),(493,2566,'2547',3,3,0,'1349900731188','2023-05-22'),(494,2566,'2560',4,3,0,'1349900731188','2023-05-22'),(495,2566,'2561',4,1,0,'1349900731188','2023-05-22'),(496,2566,'2562',5,1,0,'1349900731188','2023-05-22'),(497,2566,'2563',8,2,0,'1349900731188','2023-05-22'),(498,2566,'2529',8,8,0,'1349900731188','2023-05-22'),(499,2566,'2564',7,5,0,'1349900731188','2023-05-25'),(500,2566,'2548',1,2,0,'1349900731188','2023-05-25'),(501,2566,'2549',2,2,0,'1349900731188','2023-05-25'),(502,2566,'2550',3,2,0,'1349900731188','2023-05-25'),(503,2566,'2551',4,2,0,'1349900731188','2023-05-25'),(504,2566,'2552',5,2,0,'1349900731188','2023-05-25'),(505,2566,'2565',5,3,0,'1349900731188','2023-05-25'),(506,2566,'2513',2,7,0,'1349900731188','2023-05-25'),(507,2566,'2514',1,7,0,'1349900731188','2023-05-25'),(508,2566,'2515',3,7,0,'1349900731188','2023-05-25'),(509,2566,'2542',8,7,0,'1349900731188','2023-05-25'),(510,2566,'2566',6,1,0,'1349900731188','2023-05-25'),(511,2566,'2567',7,4,0,'1349900731188','2023-06-07'),(512,2566,'2533',7,4,0,'1349900731188','2023-09-22'),(513,2566,'2568',9,2,0,'1349900731188','2023-12-07'),(514,2566,'2517',1,9,0,'1349900731188','2024-04-13'),(515,2566,'2480',2,9,0,'1349900731188','2024-04-13'),(516,2566,'2518',3,9,0,'1349900731188','2024-04-13'),(517,2566,'2509',4,9,0,'1349900731188','2024-04-13'),(518,2566,'2482',5,9,0,'1349900731188','2024-04-13'),(519,2566,'2522',0,8,0,'1349900731188','2024-05-17'),(520,2566,'2495',0,8,0,'1349900731188','2024-05-17'),(521,2566,'2496',0,8,0,'1349900731188','2024-05-17'),(522,2566,'2497',0,8,0,'1349900731188','2024-05-17'),(523,2566,'2498',0,8,0,'1349900731188','2024-05-17'),(524,2566,'2499',0,8,0,'1349900731188','2024-05-17'),(525,2566,'2500',0,8,0,'1349900731188','2024-05-17'),(526,2566,'2524',4,7,0,'1349900731188','2024-05-17'),(527,2566,'2525',5,7,0,'1349900731188','2024-05-17'),(528,2566,'2528',6,7,0,'1349900731188','2024-05-17'),(529,2566,'2527',7,7,0,'1349900731188','2024-05-17'),(530,2566,'2534',1,4,0,'1349900731188','2024-05-17'),(531,2566,'2532',2,4,0,'1349900731188','2024-05-17'),(532,2566,'2535',3,4,0,'1349900731188','2024-05-17'),(533,2566,'2536',5,4,0,'1349900731188','2024-05-17'),(534,2566,'2531',1,3,0,'1349900731188','2024-05-17'),(535,2566,'2540',2,3,0,'1349900731188','2024-05-17'),(536,2566,'2553',7,2,0,'1349900731188','2024-05-17'),(537,2567,'2569',1,1,0,'1349900731188','2024-05-28'),(538,2567,'2553',7,3,0,'1349900731188','2024-05-28'),(539,2567,'2542',8,8,0,'1349900731188','2024-05-28'),(540,2567,'2589',9,8,0,'1349900731188','2024-08-08'),(541,2567,'2588',8,8,0,'1349900731188','2024-08-08'),(542,2567,'2561',3,2,0,'1349900731188','2024-05-28'),(543,2567,'2562',4,2,0,'1349900731188','2024-05-28'),(544,2567,'2566',5,2,0,'1349900731188','2024-05-28'),(545,2567,'2570',7,2,0,'1349900731188','2024-05-28'),(546,2567,'2581',9,5,0,'1349900731188','2024-05-28'),(547,2567,'2582',8,6,0,'1349900731188','2024-05-28'),(548,2567,'2571',6,2,0,'1349900731188','2024-05-28'),(549,2567,'2572',9,6,0,'1349900731188','2024-05-28'),(550,2567,'2573',6,4,0,'1349900731188','2024-05-28'),(551,2567,'2574',7,4,0,'1349900731188','2024-05-28'),(552,2567,'2575',8,4,0,'1349900731188','2024-05-28'),(553,2567,'2576',9,4,0,'1349900731188','2024-05-28'),(554,2567,'2577',8,5,0,'1349900731188','2024-05-28'),(555,2567,'2536',4,5,0,'1349900731188','2024-05-28'),(556,2567,'2554',5,5,0,'1349900731188','2024-05-28'),(557,2567,'2533',6,5,0,'1349900731188','2024-05-28'),(558,2567,'2578',2,1,0,'1349900731188','2024-05-28'),(559,2567,'2563',7,3,0,'1349900731188','2024-05-28'),(560,2567,'2568',8,3,0,'1349900731188','2024-05-28'),(561,2567,'2579',8,2,0,'1349900731188','2024-06-06'),(562,2567,'2580',10,4,0,'1349900731188','2024-05-28'),(563,2567,'2583',10,5,0,'1349900731188','2024-06-07'),(564,2567,'2584',11,5,0,'1349900731188','2024-05-28'),(565,2567,'2513',1,8,0,'1309900873829','2024-05-29'),(566,2567,'2514',2,8,0,'1309900873829','2024-05-29'),(567,2567,'2524',3,8,0,'1309900873829','2024-05-29'),(568,2567,'2515',4,8,0,'1309900873829','2024-05-29'),(569,2567,'2527',5,8,0,'1309900873829','2024-05-29'),(570,2567,'2525',6,8,0,'1309900873829','2024-05-29'),(571,2567,'2528',7,8,0,'1309900873829','2024-05-29'),(572,2567,'2585',11,4,0,'1349900731188','2024-08-08'),(573,2567,'2586',10,6,0,'1349900731188','2024-08-08'),(574,2567,'2587',1,7,0,'1349900731188','2024-08-08'),(575,2567,'2590',3,1,0,'1349900892467','2025-03-20'),(576,2567,'2591',9,2,0,'1349900731188','2024-11-27'),(577,2567,'2592',11,6,0,'1349900731188','2024-11-27'),(578,2567,'2495',0,9,0,'1349900731188','2025-04-02'),(579,2567,'2496',0,9,0,'1349900731188','2025-04-02'),(580,2567,'2497',0,9,0,'1349900731188','2025-04-02'),(581,2567,'2498',0,9,0,'1349900731188','2025-04-02'),(582,2567,'2499',0,9,0,'1349900731188','2025-04-02'),(583,2567,'2500',0,9,0,'1349900731188','2025-04-02'),(584,2567,'2522',0,9,0,'1349900731188','2025-04-02'),(585,2567,'2529',8,9,0,'1349900731188','2025-04-02'),(586,2567,'2537',1,6,0,'1349900731188','2025-05-16'),(587,2567,'2546',2,6,0,'1349900731188','2025-05-16'),(588,2567,'2543',3,6,0,'1349900731188','2025-05-16'),(589,2567,'2544',4,6,0,'1349900731188','2025-05-16'),(590,2567,'2545',5,6,0,'1349900731188','2025-05-16'),(591,2567,'2558',6,6,0,'1349900731188','2025-05-16'),(592,2567,'2564',7,6,0,'1349900731188','2025-05-16'),(593,2567,'2534',1,5,0,'1349900731188','2025-05-16'),(594,2567,'2532',2,5,0,'1349900731188','2025-05-16'),(595,2567,'2535',3,5,0,'1349900731188','2025-05-16'),(596,2567,'2567',7,5,0,'1349900731188','2025-05-16'),(597,2567,'2531',1,4,0,'1349900731188','2025-05-16'),(598,2567,'2540',2,4,0,'1349900731188','2025-05-16'),(599,2567,'2547',3,4,0,'1349900731188','2025-05-16'),(600,2567,'2560',4,4,0,'1349900731188','2025-05-16'),(601,2567,'2565',5,4,0,'1349900731188','2025-05-16'),(602,2567,'2548',1,3,0,'1349900731188','2025-05-16'),(603,2567,'2549',2,3,0,'1349900731188','2025-05-16'),(604,2567,'2550',3,3,0,'1349900731188','2025-05-16'),(605,2567,'2551',4,3,0,'1349900731188','2025-05-16'),(606,2567,'2552',5,3,0,'1349900731188','2025-05-16'),(607,2567,'2555',6,3,0,'1349900731188','2025-05-16'),(608,2567,'2556',1,2,0,'1349900731188','2025-05-16'),(609,2567,'2557',2,2,0,'1349900731188','2025-05-16'),(610,2568,'2588',8,9,0,'1349900731188','2025-05-16'),(611,2568,'2590',5,3,0,'1349900731188','2025-05-23'),(612,2568,'2591',9,3,0,'1349900731188','2025-05-20'),(613,2568,'2584',11,6,0,'1349900731188','2025-05-22'),(614,2568,'2595',9,4,0,'1349900731188','2025-05-22'),(615,2568,'2596',2,2,0,'1349900731188','2025-09-01'),(616,2568,'2597',3,2,0,'1349900731188','2025-09-01'),(617,2568,'2598',4,2,0,'1349900731188','2025-09-01'),(618,2568,'2600',12,5,0,'1349900731188','2025-05-22'),(619,2568,'2602',9,7,0,'1349900731188','2025-11-11'),(620,2568,'2564',7,7,0,'1349900731188','2025-05-22'),(621,2568,'2603',12,6,0,'1349900731188','2025-05-22'),(622,2568,'2599',10,3,0,'1349900731188','2025-05-23'),(623,2568,'2594',3,1,0,'1349900731188','2025-05-23'),(624,2568,'2608',11,3,0,'1349900731188','2025-05-23'),(625,2568,'2605',5,2,0,'1349900731188','2025-09-01'),(626,2568,'2606',6,2,0,'1349900731188','2025-09-01'),(627,2568,'2607',3,1,0,'1349900731188','2025-09-01'),(628,2568,'2579',9,3,0,'1349900731188','2025-05-23'),(629,2568,'2570',8,3,0,'1349900731188','2025-05-23'),(630,2568,'2571',7,3,0,'1349900731188','2025-05-23'),(631,2568,'2566',6,3,0,'1349900731188','2025-05-23'),(632,2568,'2582',6,7,0,'1349900731188','2025-11-11'),(633,2568,'2572',7,7,0,'1349900731188','2025-11-11'),(634,2568,'2586',8,7,0,'1349900731188','2025-11-11'),(635,2568,'2592',10,7,0,'1349900731188','2025-05-23'),(636,2568,'2589',8,9,0,'1349900731188','2025-05-23'),(637,2568,'2604',10,4,0,'1349900731188','2025-05-28'),(638,2568,'2609',11,4,0,'1349900731188','2025-05-28'),(639,2568,'2601',2,1,0,'1349900731188','2025-05-28'),(640,2568,'2593',1,1,0,'1349900731188','2025-05-29'),(641,2568,'2576',9,5,0,'1349900731188','2025-06-05'),(642,2568,'2610',12,4,0,'1349900731188','2025-06-09'),(643,2568,'2537',1,7,0,'1349900731188','2025-08-28'),(644,2568,'2569',1,2,0,'1349900731188','2025-08-28'),(645,2568,'2611',7,2,0,'1349900731188','2025-09-01'),(646,2568,'2578',1,2,0,'1349900731188','2025-09-01'),(647,2568,'2612',8,2,0,'1349900731188','2025-09-01'),(648,2568,'2613',10,7,0,'1349900731188','2025-11-11'),(649,2568,'2546',1,7,0,'1349900731188','2025-11-11'),(650,2568,'2543',2,7,0,'1349900731188','2025-11-11'),(651,2568,'2544',3,7,0,'1349900731188','2025-11-11'),(652,2568,'2545',4,7,0,'1349900731188','2025-11-11'),(653,2568,'2558',5,7,0,'1349900731188','2025-11-11');

--
-- Table structure for table `student_main_edyear`
--

CREATE TABLE `student_main_edyear` (
  `id` int(11) NOT NULL AUTO_INCREMENT,
  `ed_year` int(11) NOT NULL,
  `year_active` tinyint(4) NOT NULL,
  PRIMARY KEY (`id`),
  UNIQUE KEY `ed_year` (`ed_year`)
) ENGINE=MyISAM AUTO_INCREMENT=11 DEFAULT CHARSET=utf8 COLLATE=utf8_general_ci;

--
-- Dumping data for table `student_main_edyear`
--

INSERT INTO `student_main_edyear` VALUES (1,2559,0),(2,2561,0),(3,2562,0),(4,2560,0),(5,2563,0),(6,2564,0),(7,2565,0),(8,2566,0),(9,2567,0),(10,2568,1);

--
-- Table structure for table `student_main_expand1`
--

CREATE TABLE `student_main_expand1` (
  `id` int(11) NOT NULL AUTO_INCREMENT,
  `person_id` varchar(13) NOT NULL,
  `e_name` varchar(50) NOT NULL,
  `e_surname` varchar(50) NOT NULL,
  `birthday` date NOT NULL,
  `blood` varchar(2) NOT NULL,
  `race` varchar(30) NOT NULL,
  `nationlity` varchar(30) NOT NULL,
  `religion` varchar(30) NOT NULL,
  `rec_date` date NOT NULL,
  PRIMARY KEY (`id`),
  UNIQUE KEY `person_id` (`person_id`)
) ENGINE=MyISAM AUTO_INCREMENT=15 DEFAULT CHARSET=utf8 COLLATE=utf8_general_ci;

--
-- Dumping data for table `student_main_expand1`
--

INSERT INTO `student_main_expand1` VALUES (1,'1341501564400','Natthanicha','Sopadang','2014-02-18','','','','','2024-05-28'),(2,'1349901918206','Boonchai','Nualtem','2013-06-08','','','','','2024-05-28'),(3,'1347600086226','Pimchanok','thongkung','2013-08-30','','','','','2024-05-28'),(4,'1341501566101','Tassakorn','Boekaew','2014-04-14','','','','','2024-05-28'),(5,'1347600098992','Patcharapon','Prasan','2014-08-20','','','','','2024-05-28'),(6,'1349901926535','Wannasit','Archanachai','2013-07-29','','','','','2024-05-28'),(7,'1209301298631','pitchayatun','ngamnak','2014-03-20','','','','','2024-05-28'),(8,'1349901914332','Porramet','Sithong','2013-05-15','','','','','2024-05-28'),(9,'1341501548366','Thaninphat','Nontha','2012-09-17','','','','','2024-05-28'),(10,'1341501550689','Sahachai','Sammartko','2012-11-27','','','','','2024-05-28'),(11,'1341501553513','Prapan','Putchan','2013-03-24','','','','','2024-05-28'),(12,'1341501550395','Narin','Nammalee','2012-11-20','','','','','2024-05-28'),(13,'1349901906216','Sarawut','Sitha','2013-04-04','','','','','2024-05-28'),(14,'1749901424102','Pattanachai','Srichandi','2012-06-23','','','','','2024-05-28');

--
-- Table structure for table `student_main_permission`
--

CREATE TABLE `student_main_permission` (
  `id` int(11) NOT NULL AUTO_INCREMENT,
  `person_id` varchar(13) NOT NULL,
  `p1` tinyint(4) NOT NULL,
  `officer` varchar(13) NOT NULL,
  `rec_date` date NOT NULL,
  PRIMARY KEY (`id`)
) ENGINE=MyISAM AUTO_INCREMENT=11 DEFAULT CHARSET=utf8 COLLATE=utf8_general_ci;

--
-- Dumping data for table `student_main_permission`
--

INSERT INTO `student_main_permission` VALUES (4,'3349700030310',1,'3412100209320','2020-11-11'),(5,'3341500349838',1,'3412100209320','2020-11-11'),(6,'1309900873829',1,'3412100209320','2020-11-11'),(7,'1349900731188',1,'3412100209320','2020-11-11'),(8,'1349900892467',1,'1309900873829','2021-11-29'),(9,'1349900682276',1,'1349900731188','2025-05-29'),(10,'1341100173094',1,'1349900731188','2025-05-29');

--
-- Table structure for table `system_ed_year`
--

CREATE TABLE `system_ed_year` (
  `id` int(11) NOT NULL AUTO_INCREMENT,
  `ed_year` int(11) NOT NULL,
  `active_ed_year` tinyint(4) NOT NULL,
  PRIMARY KEY (`id`),
  UNIQUE KEY `ed_year` (`ed_year`)
) ENGINE=MyISAM DEFAULT CHARSET=utf8 COLLATE=utf8_general_ci;

--
-- Dumping data for table `system_ed_year`
--


--
-- Table structure for table `system_export_list`
--

CREATE TABLE `system_export_list` (
  `id` int(11) NOT NULL AUTO_INCREMENT,
  `data_name` varchar(50) NOT NULL,
  `thai_dataname` varchar(100) NOT NULL,
  PRIMARY KEY (`id`),
  UNIQUE KEY `data_name` (`data_name`)
) ENGINE=MyISAM AUTO_INCREMENT=7 DEFAULT CHARSET=utf8 COLLATE=utf8_general_ci;

--
-- Dumping data for table `system_export_list`
--

INSERT INTO `system_export_list` VALUES (1,'person','ข้อมูลครูและบุคลากร'),(2,'student','ข้อมูลพื้นฐานนักเรียน'),(3,'onet','ผลสอบ O-NET'),(4,'plan','แผนปฏิบัติการประจำปี'),(5,'student_check','การมาเรียน'),(6,'health','สุขภาพผู้เรียน');

--
-- Table structure for table `system_export_log`
--

CREATE TABLE `system_export_log` (
  `id` int(11) NOT NULL AUTO_INCREMENT,
  `computer_ip` varchar(25) NOT NULL,
  `requester` varchar(50) NOT NULL,
  `login_time` datetime NOT NULL,
  `data` varchar(20) NOT NULL,
  PRIMARY KEY (`id`)
) ENGINE=MyISAM AUTO_INCREMENT=166 DEFAULT CHARSET=utf8 COLLATE=utf8_general_ci;

--
-- Dumping data for table `system_export_log`
--

INSERT INTO `system_export_log` VALUES (1,'61.19.124.234','amssplus','2018-09-21 04:35:06','person'),(2,'61.19.124.234','amssplus','2019-07-11 03:12:56','student_check'),(3,'61.19.124.234','amssplus','2019-10-08 14:11:47','student_check'),(4,'122.155.223.9','amssplus','2020-01-30 10:03:50','student_check'),(5,'122.155.223.9','amssplus','2020-01-30 10:03:50','student_check'),(6,'122.155.223.9','amssplus','2020-01-30 10:03:54','student_check'),(7,'122.155.223.9','amssplus','2020-01-30 10:03:54','student_check'),(8,'122.155.223.9','amssplus','2020-01-30 10:04:02','student_check'),(9,'122.155.223.9','amssplus','2020-01-30 10:04:07','student_check'),(10,'122.155.223.9','amssplus','2020-01-30 10:04:07','student_check'),(11,'122.155.223.9','amssplus','2020-01-30 10:04:25','student_check'),(12,'122.155.223.9','amssplus','2020-01-30 10:04:25','student_check'),(13,'122.155.223.9','amssplus','2020-01-30 10:04:28','student_check'),(14,'122.155.223.9','amssplus','2020-01-30 10:04:29','student_check'),(15,'122.155.223.9','amssplus','2020-01-30 10:04:29','student_check'),(16,'122.155.223.9','amssplus','2020-01-30 10:04:35','student_check'),(17,'122.155.223.9','amssplus','2020-01-30 10:04:43','student_check'),(18,'122.155.223.9','amssplus','2020-01-30 10:05:16','student_check'),(19,'122.155.223.9','amssplus','2020-02-06 10:09:21','student_check'),(20,'122.155.223.9','amssplus','2020-02-06 10:09:27','student_check'),(21,'122.155.223.9','amssplus','2020-02-06 10:09:32','student_check'),(22,'122.155.223.9','amssplus','2020-02-06 10:09:33','student_check'),(23,'122.155.223.9','amssplus','2020-02-06 10:09:45','student_check'),(24,'122.155.223.9','amssplus','2020-02-06 10:09:46','student_check'),(25,'122.155.223.9','amssplus','2020-02-06 10:09:47','student_check'),(26,'122.155.223.9','amssplus','2020-02-06 10:09:49','student_check'),(27,'122.155.223.9','amssplus','2020-02-06 10:09:50','student_check'),(28,'122.155.223.9','amssplus','2020-02-06 10:09:53','student_check'),(29,'122.155.223.9','amssplus','2020-02-06 10:09:55','student_check'),(30,'122.155.223.9','amssplus','2020-02-06 10:10:06','health'),(31,'122.155.223.9','amssplus','2020-02-06 10:10:12','plan'),(32,'122.155.223.9','amssplus','2020-02-21 07:06:11','student'),(33,'122.155.223.9','amssplus','2020-03-30 11:13:34','student_check'),(34,'122.155.223.9','amssplus','2020-08-05 09:23:02','student'),(35,'127.0.0.1','amssplus','2021-04-14 14:27:47','student'),(36,'127.0.0.1','amssplus','2021-04-14 14:38:38','student'),(37,'192.168.1.6','amssplus','2021-05-29 11:02:36','student'),(38,'192.168.1.6','amssplus','2021-05-29 11:03:46','student'),(39,'192.168.1.6','amssplus','2021-05-29 11:54:21','student'),(40,'192.168.1.6','amssplus','2021-05-29 11:57:17','student'),(41,'192.168.1.6','amssplus','2021-05-29 11:58:20','student'),(42,'192.168.1.6','amssplus','2021-05-29 12:12:54','student'),(43,'192.168.1.6','amssplus','2021-05-29 12:22:04','student'),(44,'192.168.1.6','amssplus','2021-05-29 12:23:50','student'),(45,'192.168.1.6','amssplus','2021-05-29 12:43:58','student'),(46,'192.168.1.6','amssplus','2021-05-29 12:50:44','student'),(47,'192.168.1.6','amssplus','2021-05-29 12:57:19','student'),(48,'192.168.1.6','amssplus','2021-05-29 12:58:24','student'),(49,'192.168.1.6','amssplus','2021-05-29 14:27:38','student'),(50,'192.168.1.6','amssplus','2021-05-29 14:28:12','student'),(51,'192.168.1.6','amssplus','2021-05-29 14:28:39','student'),(52,'192.168.1.6','amssplus','2021-05-29 14:29:18','student'),(53,'192.168.1.6','amssplus','2021-05-29 14:31:50','student'),(54,'10.1.1.3','amssplus','2021-10-06 10:27:26','student'),(55,'10.1.1.3','amssplus','2021-10-06 10:30:20','student'),(56,'10.1.1.3','amssplus','2021-10-06 13:47:33','student'),(57,'10.1.1.3','amssplus','2022-09-07 14:39:47','student'),(58,'10.1.1.3','amssplus','2022-09-15 11:11:55','student'),(59,'','amssplus','2023-01-02 14:23:36','student_check'),(60,'','amssplus','2023-01-02 17:52:53','student_check'),(61,'','amssplus','2023-01-02 17:54:29','student_check'),(62,'','amssplus','2023-01-02 17:55:03','student_check'),(63,'10.1.1.3','amssplus','2023-01-22 00:23:21','student'),(64,'127.0.0.1','amssplus','2023-02-16 09:21:24','student_check'),(65,'127.0.0.1','amssplus','2023-02-16 09:22:07','student_check'),(66,'127.0.0.1','amssplus','2023-02-16 09:33:02','student_check'),(67,'10.1.1.3','amssplus','2023-04-05 09:48:14','student_check'),(68,'10.1.1.3','amssplus','2023-04-05 22:38:07','student_check'),(69,'10.1.1.3','amssplus','2023-04-06 10:24:15','student_check'),(70,'10.1.1.3','amssplus','2023-04-06 10:25:06','student_check'),(71,'10.1.1.3','amssplus','2023-04-06 10:47:27','student_check'),(72,'10.1.1.3','amssplus','2023-04-06 13:13:41','student_check'),(73,'10.1.1.3','amssplus','2023-06-15 10:20:17','student_check'),(74,'10.1.1.3','amssplus','2023-06-15 10:55:29','student'),(75,'10.1.1.3','amssplus','2023-06-16 15:15:00','student'),(76,'10.1.1.3','amssplus','2023-07-04 11:24:34','student'),(77,'127.0.0.1','amssplus','2023-07-09 13:16:58','student_check'),(78,'127.0.0.1','amssplus','2023-07-09 13:18:59','student_check'),(79,'127.0.0.1','amssplus','2023-07-09 13:19:46','student_check'),(80,'127.0.0.1','amssplus','2023-07-09 13:20:12','student_check'),(81,'127.0.0.1','amssplus','2023-07-09 13:20:44','student_check'),(82,'127.0.0.1','amssplus','2023-07-09 13:21:38','student_check'),(83,'127.0.0.1','amssplus','2023-07-09 13:21:43','student_check'),(84,'127.0.0.1','amssplus','2023-07-09 13:27:57','student_check'),(85,'127.0.0.1','amssplus','2023-07-09 13:29:12','student_check'),(86,'127.0.0.1','amssplus','2023-07-09 13:31:13','student_check'),(87,'127.0.0.1','amssplus','2023-07-09 13:36:11','student_check'),(88,'127.0.0.1','amssplus','2023-07-09 13:37:17','student_check'),(89,'127.0.0.1','amssplus','2023-07-09 13:37:38','student_check'),(90,'127.0.0.1','amssplus','2023-07-09 13:39:10','student_check'),(91,'127.0.0.1','amssplus','2023-07-09 13:41:17','student_check'),(92,'127.0.0.1','amssplus','2023-07-09 13:42:39','student_check'),(93,'127.0.0.1','amssplus','2023-07-09 13:43:37','student_check'),(94,'127.0.0.1','amssplus','2023-07-09 13:47:32','student_check'),(95,'127.0.0.1','amssplus','2023-07-09 13:59:30','student_check'),(96,'127.0.0.1','amssplus','2023-07-09 14:08:13','student_check'),(97,'127.0.0.1','amssplus','2023-07-09 14:17:25','student_check'),(98,'127.0.0.1','amssplus','2023-07-11 07:57:54','student_check'),(99,'127.0.0.1','amssplus','2023-07-11 07:59:59','student_check'),(100,'127.0.0.1','amssplus','2023-07-11 08:13:00','student_check'),(101,'127.0.0.1','amssplus','2023-07-11 08:13:50','student_check'),(102,'127.0.0.1','amssplus','2023-07-11 08:14:41','student_check'),(103,'127.0.0.1','amssplus','2023-07-26 13:58:43','student_check'),(104,'127.0.0.1','amssplus','2023-07-26 14:00:27','student_check'),(105,'127.0.0.1','amssplus','2023-07-26 14:02:02','student_check'),(106,'127.0.0.1','amssplus','2023-07-26 14:52:44','student_check'),(107,'127.0.0.1','amssplus','2023-07-26 14:58:20','student_check'),(108,'127.0.0.1','amssplus','2023-07-26 15:09:02','student_check'),(109,'127.0.0.1','amssplus','2023-07-26 15:10:56','student_check'),(110,'127.0.0.1','amssplus','2023-07-26 15:11:55','student_check'),(111,'127.0.0.1','amssplus','2023-07-26 15:18:31','student_check'),(112,'127.0.0.1','amssplus','2023-07-26 15:22:26','student_check'),(113,'127.0.0.1','amssplus','2023-07-26 15:27:18','student_check'),(114,'127.0.0.1','amssplus','2023-07-26 15:30:58','student_check'),(115,'127.0.0.1','amssplus','2023-07-26 15:32:05','student_check'),(116,'127.0.0.1','amssplus','2023-07-26 15:33:01','student_check'),(117,'127.0.0.1','amssplus','2023-07-26 15:45:39','student_check'),(118,'127.0.0.1','amssplus','2023-07-26 15:48:53','student_check'),(119,'127.0.0.1','amssplus','2023-07-26 15:50:50','student_check'),(120,'127.0.0.1','amssplus','2023-07-26 15:52:37','student_check'),(121,'127.0.0.1','amssplus','2023-07-26 15:57:09','student_check'),(122,'127.0.0.1','amssplus','2023-07-26 17:13:48','student_check'),(123,'127.0.0.1','amssplus','2023-07-26 17:19:36','student_check'),(124,'127.0.0.1','amssplus','2023-07-26 17:26:28','student_check'),(125,'127.0.0.1','amssplus','2023-07-26 17:28:04','student_check'),(126,'127.0.0.1','amssplus','2023-07-26 17:42:06','student_check'),(127,'10.1.1.3','amssplus','2023-08-24 09:05:26','student_check'),(128,'10.1.1.3','amssplus','2023-08-31 09:02:43','student_check'),(129,'10.1.1.3','amssplus','2023-08-31 09:03:18','student_check'),(130,'10.1.1.3','amssplus','2023-08-31 09:03:38','student_check'),(131,'10.1.1.3','amssplus','2023-09-15 20:09:17','student'),(132,'','amssplus','2023-10-25 14:28:38','student_check'),(133,'','amssplus','2023-10-25 14:28:46','student_check'),(134,'','amssplus','2023-10-25 14:28:48','student_check'),(135,'10.255.199.107','amssplus','2023-11-29 08:55:47','student_check'),(136,'10.255.199.107','amssplus','2023-12-07 07:36:52','student_check'),(137,'10.255.199.107','amssplus','2023-12-07 07:36:52','student_check'),(138,'10.255.199.107','amssplus','2023-12-07 07:36:52','student_check'),(139,'10.255.199.107','amssplus','2023-12-07 07:37:23','student_check'),(140,'10.255.199.107','amssplus','2023-12-07 07:37:23','student_check'),(141,'10.255.199.107','amssplus','2023-12-07 07:37:23','student_check'),(142,'10.255.199.107','amssplus','2023-12-15 12:15:49','student_check'),(143,'10.255.199.107','amssplus','2024-01-25 03:50:22','student_check'),(144,'10.255.199.107','amssplus','2024-06-10 11:58:57','student'),(145,'10.255.199.107','amssplus','2024-06-10 12:32:37','student'),(146,'10.255.199.107','amssplus','2024-06-14 10:46:02','student'),(147,'10.255.199.107','amssplus','2024-06-14 10:52:04','student'),(148,'10.255.199.107','amssplus','2024-06-17 04:37:31','person'),(149,'10.255.199.107','amssplus','2024-06-17 04:39:47','person'),(150,'10.255.199.107','amssplus','2024-06-20 04:51:34','student_check'),(151,'10.255.199.107','amssplus','2024-09-04 07:01:19','student'),(152,'10.255.199.107','amssplus','2025-03-11 07:57:42','student_check'),(153,'10.255.199.107','amssplus','2025-03-11 07:58:04','student_check'),(154,'10.255.199.107','amssplus','2025-03-28 01:48:38','student_check'),(155,'10.255.199.107','amssplus','2025-05-29 08:10:00','person'),(156,'10.255.199.107','amssplus','2025-05-29 08:12:47','person'),(157,'10.255.199.107','amssplus','2025-06-08 04:32:46','student'),(158,'10.255.199.107','amssplus','2025-07-30 08:33:27','student_check'),(159,'10.255.199.107','amssplus','2025-08-01 22:22:45','student_check'),(160,'10.255.199.107','amssplus','2025-08-01 22:22:49','student_check'),(161,'10.255.199.107','amssplus','2025-08-14 04:10:03','person'),(162,'10.255.199.107','amssplus','2025-08-18 02:44:18','student'),(163,'10.255.199.107','amssplus','2025-08-29 02:40:17','student_check'),(164,'10.255.199.107','amssplus','2025-09-13 05:43:36','student_check'),(165,'10.255.199.107','amssplus','2025-09-13 05:54:44','student_check');

--
-- Table structure for table `system_export_permission`
--

CREATE TABLE `system_export_permission` (
  `id` int(11) NOT NULL AUTO_INCREMENT,
  `requester` varchar(50) NOT NULL,
  `data_name` varchar(50) NOT NULL,
  `status` tinyint(4) NOT NULL DEFAULT 0,
  PRIMARY KEY (`id`)
) ENGINE=MyISAM AUTO_INCREMENT=7 DEFAULT CHARSET=utf8 COLLATE=utf8_general_ci;

--
-- Dumping data for table `system_export_permission`
--

INSERT INTO `system_export_permission` VALUES (1,'amssplus','plan',1),(2,'amssplus','onet',1),(3,'amssplus','student',1),(4,'amssplus','person',1),(5,'amssplus','student_check',1),(6,'amssplus','health',1);

--
-- Table structure for table `system_module`
--

CREATE TABLE `system_module` (
  `id` int(11) NOT NULL AUTO_INCREMENT,
  `module` varchar(50) NOT NULL,
  `module_desc` varchar(100) NOT NULL,
  `workgroup` tinyint(4) DEFAULT NULL,
  `module_active` tinyint(4) DEFAULT NULL,
  `module_order` int(11) NOT NULL,
  `web_link` tinyint(4) DEFAULT NULL,
  `url` varchar(150) DEFAULT NULL,
  `where_work` tinyint(4) NOT NULL DEFAULT 0,
  `menu_pic` varchar(25) NOT NULL,
  PRIMARY KEY (`id`)
) ENGINE=MyISAM AUTO_INCREMENT=118 DEFAULT CHARSET=utf8 COLLATE=utf8_general_ci;

--
-- Dumping data for table `system_module`
--

INSERT INTO `system_module` VALUES (1,'budget','การเงินและบัญชี',2,1,27,NULL,NULL,0,'fab fa-btc'),(32,'person','ข้อมูลพื้นฐานครูและบุคลากร',3,1,31,0,'',0,'fa fa-user-circle'),(36,'standard','มาตรฐานการศึกษา',1,1,23,NULL,NULL,0,''),(49,'health','ตรวจสุขภาพนักเรียน',1,1,5,NULL,NULL,1,''),(50,'student_check','การมาเรียน',1,1,1,NULL,NULL,0,'fa fa-child'),(70,'work','﻿การปฏิบัติราชการ',4,1,49,NULL,NULL,0,''),(48,'savings','ออมทรัพย์นักเรียน',1,1,3,NULL,NULL,1,'fab fa-btc'),(45,'student_main','ข้อมูลพื้นฐานนักเรียน',1,1,7,NULL,NULL,0,'fa fa-child'),(47,'plan','การวางแผน',2,1,25,NULL,NULL,0,''),(73,'la','﻿การลา',4,1,47,NULL,NULL,0,''),(80,'mail','ไปรษณีย์_โรงเรียน',4,1,38,0,'',0,'fa fa-envelope'),(75,'meeting','﻿จองห้องประชุม',4,1,51,NULL,NULL,0,''),(76,'permission','﻿ขออนุญาตไปราชการ',4,1,45,NULL,NULL,0,''),(81,'achievement','﻿ผลสัมฤทธิ์ทางการเรียน',1,1,21,NULL,NULL,0,'fa fa-graduation-cap'),(83,'cabinet','﻿ตู้เอกสาร',4,1,53,NULL,NULL,0,''),(99,'bookregister','﻿ทะเบียนหนังสือราชการ',4,1,35,0,'',0,'fa fa-book'),(104,'bets','ทดสอบการศึกษา_โรงเรียน',1,1,9,0,'',1,'fa fa-graduation-cap'),(103,'student_inclass','﻿การเข้าชั้นเรียน',1,1,19,0,'',0,'fa fa-child'),(105,'delegate','﻿การรักษาราชการแทน',3,1,33,0,'',0,''),(106,'affair','﻿ภารกิจผู้อำนวยการ',4,1,43,0,'',0,''),(107,'amss_bets','﻿ทดสอบการศึกษา_สพท.',1,1,11,0,'',1,'fa fa-graduation-cap'),(108,'amss_budget','﻿การบริหารงบประมาณ_สพท.',2,1,29,0,'',0,'fab fa-btc'),(109,'amss_mail','﻿ไปรษณีย์_สพท.',4,1,39,0,'',0,'fa fa-envelope'),(110,'amss_opportunity','﻿สิทธิและโอกาสทางการศึกษา',1,1,15,0,'',0,'fa fa-child'),(111,'amss_spacial_student','﻿นักเรียนพิเศษ',1,1,17,0,'',0,'fa fa-child'),(112,'amss_supervision','﻿นิเทศ ติดตาม ประเมินผล',1,1,13,0,'',0,'fa fa-graduation-cap'),(113,'book','﻿รับส่งหนังสือราชการ',4,1,37,0,'',0,'fa fa-book'),(114,'warroom','﻿วิเคราะห์สภาพการณ์',1,1,0,0,'',0,'fa fa-filter'),(115,'questionnaire','﻿แบบสอบถาม',4,1,0,0,'',0,''),(116,'idplan','﻿ข้อมูลครูและบุคลากร(ส่วนเพิ่ม)',3,1,0,0,'',0,''),(117,'amss_safety','สถานศึกษาปลอดภัย',1,1,0,0,'',0,'');

--
-- Table structure for table `system_module_admin`
--

CREATE TABLE `system_module_admin` (
  `id` int(11) NOT NULL AUTO_INCREMENT,
  `person_id` varchar(13) NOT NULL,
  `module` varchar(30) NOT NULL,
  `officer` varchar(13) NOT NULL,
  `rec_date` date NOT NULL,
  PRIMARY KEY (`id`)
) ENGINE=MyISAM AUTO_INCREMENT=167 DEFAULT CHARSET=utf8 COLLATE=utf8_general_ci;

--
-- Dumping data for table `system_module_admin`
--

INSERT INTO `system_module_admin` VALUES (2,'1349900892467','achievement','1309900873829','2021-11-29'),(4,'1349900892467','bookregister','1309900873829','2021-11-29'),(6,'1349900892467','cabinet','1309900873829','2021-11-29'),(7,'1349900892467','delegate','1309900873829','2021-11-29'),(8,'1349900892467','health','1309900873829','2021-11-29'),(9,'1349900892467','la','1309900873829','2021-11-29'),(10,'1349900892467','mail','1309900873829','2021-11-29'),(11,'1349900892467','meeting','1309900873829','2021-11-29'),(12,'1349900892467','permission','1309900873829','2021-11-29'),(13,'1349900892467','person','1309900873829','2021-11-29'),(59,'1349900731188','student_check','7777','2021-02-17'),(15,'1349900892467','savings','1309900873829','2021-11-29'),(16,'1349900892467','standard','1309900873829','2021-11-29'),(18,'1309900873829','student_inclass','1309900873829','2021-11-29'),(19,'1349900892467','student_main','1309900873829','2021-11-29'),(21,'1349900892467','budget','1309900873829','2021-11-29'),(22,'1349900892467','plan','1309900873829','2021-11-29'),(162,'1349900892467','book','1309900873829','2021-11-29'),(26,'1349900892467','amss_supervision','1309900873829','2021-11-29'),(29,'1349900892467','amss_budget','1309900873829','2021-11-29'),(31,'1349900892467','bets','1309900873829','2021-11-29'),(163,'1349900892467','idplan','1309900873829','2021-11-29'),(38,'1349900731188','meeting','1309900873829','2021-11-29'),(166,'1349900731188','standard','1309900873829','2021-11-29'),(41,'1349900892467','work','1309900873829','2021-11-29'),(165,'3341500349838','standard','1309900873829','2021-11-29'),(44,'1349900892467','student_check','1309900873829','2021-11-29'),(164,'3341500349838','idplan','1309900873829','2021-11-29'),(46,'1349900892467','amss_mail','1309900873829','2021-11-29'),(48,'1349900892467','affair','1309900873829','2021-11-29'),(50,'3349700030310','standard','1309900873829','2021-11-29'),(52,'1349900892467','amss_bets','1309900873829','2021-11-29'),(53,'1349900432873','student_inclass','1349900432873','2019-07-19'),(54,'3349700030310','student_inclass','1349900432873','2019-07-22'),(55,'3341500349838','student_inclass','1349900432873','2019-07-22'),(56,'1349900892467','student_inclass','1309900873829','2021-11-29'),(57,'1349900731188','student_inclass','1309900873829','2021-11-29'),(60,'1349900731188','budget','1349900731188','2021-02-17'),(61,'1349900731188','achievement','1309900873829','2021-02-18'),(62,'3349700030310','achievement','1309900873829','2021-02-18'),(63,'3341500349838','achievement','1309900873829','2021-02-18'),(64,'1349900731188','affair','1309900873829','2021-02-18'),(65,'3349700030310','affair','1309900873829','2021-02-18'),(66,'3341500349838','affair','1309900873829','2021-02-18'),(67,'1349900731188','amss_bets','1309900873829','2021-02-18'),(68,'3349700030310','amss_bets','1309900873829','2021-02-18'),(69,'3341500349838','amss_bets','1309900873829','2021-02-18'),(70,'1349900731188','amss_budget','1309900873829','2021-02-18'),(71,'3349700030310','amss_budget','1309900873829','2021-02-18'),(72,'3341500349838','amss_budget','1309900873829','2021-02-18'),(73,'1349900731188','amss_mail','1309900873829','2021-02-18'),(74,'3341500349838','amss_mail','1309900873829','2021-02-18'),(75,'3349700030310','amss_mail','1309900873829','2021-02-18'),(76,'1349900731188','amss_opportunity','1309900873829','2021-02-18'),(77,'3349700030310','amss_opportunity','1309900873829','2021-02-18'),(78,'3341500349838','amss_opportunity','1309900873829','2021-02-18'),(79,'1349900731188','amss_spacial_student','1309900873829','2021-02-18'),(80,'3349700030310','amss_spacial_student','1309900873829','2021-02-18'),(81,'3341500349838','amss_spacial_student','1309900873829','2021-02-18'),(82,'1349900731188','amss_supervision','1309900873829','2021-02-18'),(83,'3349700030310','amss_supervision','1309900873829','2021-02-18'),(84,'3341500349838','amss_supervision','1309900873829','2021-02-18'),(85,'1349900731188','bets','1309900873829','2021-02-18'),(86,'3349700030310','bets','1309900873829','2021-02-18'),(87,'3341500349838','bets','1309900873829','2021-02-18'),(88,'1349900731188','book','1309900873829','2021-02-18'),(89,'3349700030310','book','1309900873829','2021-02-18'),(90,'3341500349838','book','1309900873829','2021-02-18'),(91,'1349900731188','bookregister','1309900873829','2021-02-18'),(92,'3349700030310','bookregister','1309900873829','2021-02-18'),(93,'3341500349838','bookregister','1309900873829','2021-02-18'),(94,'3349700030310','budget','1309900873829','2021-02-18'),(95,'3341500349838','budget','1309900873829','2021-02-18'),(96,'1349900731188','cabinet','1309900873829','2021-02-18'),(97,'3349700030310','cabinet','1309900873829','2021-02-18'),(98,'3341500349838','cabinet','1309900873829','2021-02-18'),(99,'1349900731188','delegate','1309900873829','2021-02-18'),(100,'3349700030310','delegate','1309900873829','2021-02-18'),(101,'3341500349838','delegate','1309900873829','2021-02-18'),(102,'3349700030310','health','1309900873829','2021-02-18'),(103,'1349900731188','health','1309900873829','2021-02-18'),(104,'3341500349838','health','1309900873829','2021-02-18'),(105,'1349900731188','idplan','1309900873829','2021-02-18'),(106,'3349700030310','idplan','1309900873829','2021-02-18'),(107,'1349900731188','la','1309900873829','2021-02-18'),(108,'3349700030310','la','1309900873829','2021-02-18'),(109,'3341500349838','la','1309900873829','2021-02-18'),(110,'1349900731188','mail','1309900873829','2021-02-18'),(111,'3349700030310','mail','1309900873829','2021-02-18'),(112,'3341500349838','mail','1309900873829','2021-02-18'),(113,'1349900731188','permission','1309900873829','2021-02-18'),(114,'3349700030310','permission','1309900873829','2021-02-18'),(115,'3341500349838','permission','1309900873829','2021-02-18'),(116,'1349900731188','person','1309900873829','2021-02-18'),(117,'3349700030310','person','1309900873829','2021-02-18'),(118,'3341500349838','person','1309900873829','2021-02-18'),(119,'1349900731188','work','1309900873829','2021-02-18'),(120,'3349700030310','work','1309900873829','2021-02-18'),(121,'3341500349838','work','1309900873829','2021-02-18'),(122,'1349900731188','warroom','1309900873829','2021-02-18'),(123,'3349700030310','warroom','1309900873829','2021-02-18'),(124,'3341500349838','warroom','1309900873829','2021-02-18'),(125,'1349900731188','savings','1309900873829','2021-02-18'),(126,'3349700030310','savings','1309900873829','2021-02-18'),(127,'3341500349838','savings','1309900873829','2021-02-18'),(128,'1309900873829','achievement','1309900873829','2021-02-23'),(129,'1309900873829','affair','1309900873829','2021-02-23'),(130,'1309900873829','amss_bets','1309900873829','2021-02-23'),(131,'1309900873829','amss_budget','1309900873829','2021-02-23'),(132,'1309900873829','amss_mail','1309900873829','2021-02-23'),(133,'1309900873829','amss_opportunity','1309900873829','2021-02-23'),(134,'1309900873829','amss_spacial_student','1309900873829','2021-02-23'),(135,'1309900873829','amss_supervision','1309900873829','2021-02-23'),(136,'1309900873829','bets','1309900873829','2021-02-23'),(137,'1309900873829','book','1309900873829','2021-02-23'),(138,'1309900873829','bookregister','1309900873829','2021-02-23'),(139,'1309900873829','budget','1309900873829','2021-02-23'),(140,'1309900873829','cabinet','1309900873829','2021-02-23'),(141,'1309900873829','delegate','1309900873829','2021-02-23'),(142,'1309900873829','health','1309900873829','2021-02-23'),(143,'1309900873829','idplan','1309900873829','2021-02-23'),(144,'1309900873829','mail','1309900873829','2021-02-23'),(145,'1309900873829','la','1309900873829','2021-02-23'),(146,'1309900873829','meeting','1309900873829','2021-02-23'),(147,'1309900873829','permission','1309900873829','2021-02-23'),(148,'1309900873829','person','1309900873829','2021-02-23'),(149,'1309900873829','plan','1309900873829','2021-02-23'),(150,'1309900873829','warroom','1309900873829','2021-02-23'),(151,'1309900873829','work','1309900873829','2021-02-23'),(152,'1309900873829','student_check','1309900873829','2021-02-24'),(153,'3349700030310','student_check','1309900873829','2021-02-24'),(154,'3341500349838','student_check','1309900873829','2021-02-24'),(155,'3349700030310','plan','1309900873829','2021-02-24'),(156,'3341500349838','plan','1309900873829','2021-02-24'),(157,'1349900731188','plan','1309900873829','2021-02-24'),(158,'1349900731188','student_main','1309900873829','2021-05-30'),(159,'1309900873829','student_main','1309900873829','2021-05-30'),(160,'3349700030310','student_main','1309900873829','2021-05-30'),(161,'3341500349838','student_main','1309900873829','2021-05-30');

--
-- Table structure for table `system_school_name`
--

CREATE TABLE `system_school_name` (
  `id` tinyint(4) NOT NULL,
  `school_name` varchar(200) NOT NULL,
  `school_type` tinyint(4) NOT NULL DEFAULT 0
) ENGINE=MyISAM DEFAULT CHARSET=utf8 COLLATE=utf8_general_ci;

--
-- Dumping data for table `system_school_name`
--

INSERT INTO `system_school_name` VALUES (1,'โรงเรียนบ้านน้ำเที่ยง',0);

--
-- Table structure for table `system_sync_code`
--

CREATE TABLE `system_sync_code` (
  `id` tinyint(4) NOT NULL AUTO_INCREMENT,
  `office_code` varchar(10) NOT NULL,
  `system_name` varchar(50) NOT NULL,
  `sync_code` varchar(50) NOT NULL,
  `amssplus_url` varchar(100) NOT NULL,
  PRIMARY KEY (`id`),
  UNIQUE KEY `system_name` (`system_name`)
) ENGINE=MyISAM AUTO_INCREMENT=4 DEFAULT CHARSET=utf8 COLLATE=utf8_general_ci;

--
-- Dumping data for table `system_sync_code`
--

INSERT INTO `system_sync_code` VALUES (3,'34040061','amssplus','34040061','http://10.255.199.107/amssplus');

--
-- Table structure for table `system_version`
--

CREATE TABLE `system_version` (
  `id` int(11) NOT NULL AUTO_INCREMENT,
  `smss_version` varchar(100) NOT NULL,
  `status1` int(11) DEFAULT NULL,
  `status2` int(11) DEFAULT NULL,
  `status3` int(11) DEFAULT NULL,
  `status4` int(11) DEFAULT NULL,
  `status5` int(11) DEFAULT NULL,
  PRIMARY KEY (`id`)
) ENGINE=MyISAM AUTO_INCREMENT=2 DEFAULT CHARSET=utf8 COLLATE=utf8_general_ci;

--
-- Dumping data for table `system_version`
--

INSERT INTO `system_version` VALUES (1,'6.4',1,0,0,0,0);

--
-- Table structure for table `system_workgroup`
--

CREATE TABLE `system_workgroup` (
  `id` tinyint(4) NOT NULL AUTO_INCREMENT,
  `workgroup` tinyint(4) NOT NULL,
  `workgroup_desc` varchar(50) NOT NULL,
  `workgroup_order` int(11) NOT NULL,
  PRIMARY KEY (`id`),
  UNIQUE KEY `workgroup` (`workgroup`)
) ENGINE=MyISAM AUTO_INCREMENT=5 DEFAULT CHARSET=utf8 COLLATE=utf8_general_ci;

--
-- Dumping data for table `system_workgroup`
--

INSERT INTO `system_workgroup` VALUES (1,1,'บริหารวิชาการ',4),(2,2,'บริหารงบประมาณ',6),(3,3,'บริหารงานบุคคล',8),(4,4,'บริหารทั่วไป',10);

--
-- Table structure for table `work_main`
--

CREATE TABLE `work_main` (
  `id` int(11) NOT NULL AUTO_INCREMENT,
  `work_date` date NOT NULL,
  `person_id` varchar(13) NOT NULL,
  `work` tinyint(4) NOT NULL DEFAULT 0,
  `comment` varchar(150) DEFAULT NULL,
  `rec_date` datetime NOT NULL,
  `officer` varchar(13) NOT NULL,
  PRIMARY KEY (`id`),
  KEY `work_date` (`work_date`),
  KEY `person_id` (`person_id`)
) ENGINE=MyISAM AUTO_INCREMENT=905 DEFAULT CHARSET=utf8 COLLATE=utf8_general_ci;

--
-- Dumping data for table `work_main`
--

INSERT INTO `work_main` VALUES (1,'2018-11-14','5330100054364',1,NULL,'2018-11-14 11:34:39','1349900432873'),(2,'2018-11-14','3349700030310',1,NULL,'2018-11-14 11:34:39','1349900432873'),(3,'2018-11-14','3341500349838',1,NULL,'2018-11-14 11:34:39','1349900432873'),(4,'2018-11-14','1349900432873',2,NULL,'2018-11-14 11:34:39','1349900432873'),(5,'2021-02-03','3349700030310',2,NULL,'2021-02-23 10:01:53','1349900731188'),(6,'2021-02-03','3341500349838',1,NULL,'2021-02-23 10:01:53','1349900731188'),(7,'2021-02-03','1309900873829',1,NULL,'2021-02-23 10:01:53','1349900731188'),(8,'2021-02-03','1349900731188',1,NULL,'2021-02-23 10:01:53','1349900731188'),(9,'2021-02-02','3349700030310',2,NULL,'2021-02-23 10:01:45','1349900731188'),(10,'2021-02-02','3341500349838',1,NULL,'2021-02-23 10:01:45','1349900731188'),(11,'2021-02-02','1309900873829',1,NULL,'2021-02-23 10:01:45','1349900731188'),(12,'2021-02-02','1349900731188',1,NULL,'2021-02-23 10:01:45','1349900731188'),(13,'2021-02-01','3349700030310',1,NULL,'2021-02-03 09:21:23','3349700030310'),(14,'2021-02-01','3341500349838',1,NULL,'2021-02-03 09:21:23','3349700030310'),(15,'2021-02-01','1309900873829',1,NULL,'2021-02-03 09:21:23','3349700030310'),(16,'2021-02-01','1349900731188',1,NULL,'2021-02-03 09:21:23','3349700030310'),(17,'2021-01-31','3349700030310',1,NULL,'2021-02-03 09:22:00','3349700030310'),(18,'2021-01-31','3341500349838',9,NULL,'2021-02-03 09:22:00','3349700030310'),(19,'2021-01-31','1309900873829',1,NULL,'2021-02-03 09:22:00','3349700030310'),(20,'2021-01-31','1349900731188',9,NULL,'2021-02-03 09:22:00','3349700030310'),(21,'2021-01-30','3349700030310',9,NULL,'2021-02-03 09:22:21','3349700030310'),(22,'2021-01-30','3341500349838',1,NULL,'2021-02-03 09:22:21','3349700030310'),(23,'2021-01-30','1309900873829',9,NULL,'2021-02-03 09:22:21','3349700030310'),(24,'2021-01-30','1349900731188',1,NULL,'2021-02-03 09:22:21','3349700030310'),(25,'2020-12-01','3349700030310',1,NULL,'2021-02-23 09:32:54','1349900731188'),(26,'2020-12-01','3341500349838',1,NULL,'2021-02-23 09:32:54','1349900731188'),(27,'2020-12-01','1309900873829',1,NULL,'2021-02-23 09:32:54','1349900731188'),(28,'2020-12-01','1349900731188',1,NULL,'2021-02-23 09:32:54','1349900731188'),(29,'2020-12-02','3349700030310',4,NULL,'2021-02-23 09:34:07','1349900731188'),(30,'2020-12-02','3341500349838',1,NULL,'2021-02-23 09:34:07','1349900731188'),(31,'2020-12-02','1309900873829',1,NULL,'2021-02-23 09:34:07','1349900731188'),(32,'2020-12-02','1349900731188',1,NULL,'2021-02-23 09:34:07','1349900731188'),(33,'2020-12-03','3349700030310',4,NULL,'2021-02-23 09:34:39','1349900731188'),(34,'2020-12-03','3341500349838',1,NULL,'2021-02-23 09:34:39','1349900731188'),(35,'2020-12-03','1309900873829',1,NULL,'2021-02-23 09:34:39','1349900731188'),(36,'2020-12-03','1349900731188',1,NULL,'2021-02-23 09:34:39','1349900731188'),(37,'2020-12-04','3349700030310',4,NULL,'2021-02-23 09:34:59','1349900731188'),(38,'2020-12-04','3341500349838',1,NULL,'2021-02-23 09:34:59','1349900731188'),(39,'2020-12-04','1309900873829',1,NULL,'2021-02-23 09:34:59','1349900731188'),(40,'2020-12-04','1349900731188',1,NULL,'2021-02-23 09:34:59','1349900731188'),(41,'2020-12-05','3349700030310',9,NULL,'2021-02-23 09:36:20','1349900731188'),(42,'2020-12-05','3341500349838',1,NULL,'2021-02-23 09:36:20','1349900731188'),(43,'2020-12-05','1309900873829',9,NULL,'2021-02-23 09:36:20','1349900731188'),(44,'2020-12-05','1349900731188',1,NULL,'2021-02-23 09:36:20','1349900731188'),(45,'2020-12-06','3349700030310',1,NULL,'2021-02-23 09:36:30','1349900731188'),(46,'2020-12-06','3341500349838',9,NULL,'2021-02-23 09:36:30','1349900731188'),(47,'2020-12-06','1309900873829',1,NULL,'2021-02-23 09:36:30','1349900731188'),(48,'2020-12-06','1349900731188',9,NULL,'2021-02-23 09:36:30','1349900731188'),(49,'2020-12-07','3349700030310',1,NULL,'2021-02-23 09:36:59','1349900731188'),(50,'2020-12-07','3341500349838',1,NULL,'2021-02-23 09:36:59','1349900731188'),(51,'2020-12-07','1309900873829',1,NULL,'2021-02-23 09:36:59','1349900731188'),(52,'2020-12-07','1349900731188',1,NULL,'2021-02-23 09:36:59','1349900731188'),(53,'2020-12-08','3349700030310',2,NULL,'2021-02-23 09:37:14','1349900731188'),(54,'2020-12-08','3341500349838',1,NULL,'2021-02-23 09:37:14','1349900731188'),(55,'2020-12-08','1309900873829',1,NULL,'2021-02-23 09:37:14','1349900731188'),(56,'2020-12-08','1349900731188',1,NULL,'2021-02-23 09:37:14','1349900731188'),(57,'2020-12-09','3349700030310',1,NULL,'2021-02-23 09:37:31','1349900731188'),(58,'2020-12-09','3341500349838',4,NULL,'2021-02-23 09:37:31','1349900731188'),(59,'2020-12-09','1309900873829',1,NULL,'2021-02-23 09:37:31','1349900731188'),(60,'2020-12-09','1349900731188',1,NULL,'2021-02-23 09:37:31','1349900731188'),(61,'2020-12-14','3349700030310',1,NULL,'2021-02-23 09:38:29','1349900731188'),(62,'2020-12-14','3341500349838',1,NULL,'2021-02-23 09:38:29','1349900731188'),(63,'2020-12-14','1309900873829',1,NULL,'2021-02-23 09:38:29','1349900731188'),(64,'2020-12-14','1349900731188',1,NULL,'2021-02-23 09:38:29','1349900731188'),(65,'2020-12-15','3349700030310',1,NULL,'2021-02-23 09:38:39','1349900731188'),(66,'2020-12-15','3341500349838',1,NULL,'2021-02-23 09:38:39','1349900731188'),(67,'2020-12-15','1309900873829',1,NULL,'2021-02-23 09:38:39','1349900731188'),(68,'2020-12-15','1349900731188',1,NULL,'2021-02-23 09:38:39','1349900731188'),(69,'2020-12-16','3349700030310',1,NULL,'2021-02-23 09:39:03','1349900731188'),(70,'2020-12-16','3341500349838',1,NULL,'2021-02-23 09:39:03','1349900731188'),(71,'2020-12-16','1309900873829',1,NULL,'2021-02-23 09:39:03','1349900731188'),(72,'2020-12-16','1349900731188',1,NULL,'2021-02-23 09:39:03','1349900731188'),(73,'2020-12-17','3349700030310',1,NULL,'2021-02-23 09:39:28','1349900731188'),(74,'2020-12-17','3341500349838',1,NULL,'2021-02-23 09:39:28','1349900731188'),(75,'2020-12-17','1309900873829',1,NULL,'2021-02-23 09:39:28','1349900731188'),(76,'2020-12-17','1349900731188',1,NULL,'2021-02-23 09:39:28','1349900731188'),(77,'2020-12-18','3349700030310',1,NULL,'2021-02-23 09:39:49','1349900731188'),(78,'2020-12-18','3341500349838',1,NULL,'2021-02-23 09:39:49','1349900731188'),(79,'2020-12-18','1309900873829',1,NULL,'2021-02-23 09:39:49','1349900731188'),(80,'2020-12-18','1349900731188',1,NULL,'2021-02-23 09:39:49','1349900731188'),(81,'2020-12-19','3349700030310',9,NULL,'2021-02-23 09:40:00','1349900731188'),(82,'2020-12-19','3341500349838',1,NULL,'2021-02-23 09:40:00','1349900731188'),(83,'2020-12-19','1309900873829',9,NULL,'2021-02-23 09:40:00','1349900731188'),(84,'2020-12-19','1349900731188',1,NULL,'2021-02-23 09:40:00','1349900731188'),(85,'2020-12-20','3349700030310',1,NULL,'2021-02-23 09:40:14','1349900731188'),(86,'2020-12-20','3341500349838',9,NULL,'2021-02-23 09:40:14','1349900731188'),(87,'2020-12-20','1309900873829',1,NULL,'2021-02-23 09:40:14','1349900731188'),(88,'2020-12-20','1349900731188',9,NULL,'2021-02-23 09:40:14','1349900731188'),(89,'2020-12-21','3349700030310',1,NULL,'2021-02-23 09:40:48','1349900731188'),(90,'2020-12-21','3341500349838',1,NULL,'2021-02-23 09:40:48','1349900731188'),(91,'2020-12-21','1309900873829',1,NULL,'2021-02-23 09:40:48','1349900731188'),(92,'2020-12-21','1349900731188',1,NULL,'2021-02-23 09:40:48','1349900731188'),(93,'2020-12-22','3349700030310',1,NULL,'2021-02-23 09:40:59','1349900731188'),(94,'2020-12-22','3341500349838',1,NULL,'2021-02-23 09:40:59','1349900731188'),(95,'2020-12-22','1309900873829',1,NULL,'2021-02-23 09:40:59','1349900731188'),(96,'2020-12-22','1349900731188',1,NULL,'2021-02-23 09:40:59','1349900731188'),(97,'2020-12-23','3349700030310',1,NULL,'2021-02-23 09:41:13','1349900731188'),(98,'2020-12-23','3341500349838',1,NULL,'2021-02-23 09:41:13','1349900731188'),(99,'2020-12-23','1309900873829',1,NULL,'2021-02-23 09:41:13','1349900731188'),(100,'2020-12-23','1349900731188',1,NULL,'2021-02-23 09:41:13','1349900731188'),(101,'2020-12-24','3349700030310',1,NULL,'2021-02-23 09:41:30','1349900731188'),(102,'2020-12-24','3341500349838',1,NULL,'2021-02-23 09:41:30','1349900731188'),(103,'2020-12-24','1309900873829',1,NULL,'2021-02-23 09:41:30','1349900731188'),(104,'2020-12-24','1349900731188',1,NULL,'2021-02-23 09:41:30','1349900731188'),(105,'2020-12-25','3349700030310',1,NULL,'2021-02-23 09:41:41','1349900731188'),(106,'2020-12-25','3341500349838',1,NULL,'2021-02-23 09:41:41','1349900731188'),(107,'2020-12-25','1309900873829',1,NULL,'2021-02-23 09:41:41','1349900731188'),(108,'2020-12-25','1349900731188',1,NULL,'2021-02-23 09:41:41','1349900731188'),(109,'2020-12-26','3349700030310',9,NULL,'2021-02-23 09:41:56','1349900731188'),(110,'2020-12-26','3341500349838',1,NULL,'2021-02-23 09:41:56','1349900731188'),(111,'2020-12-26','1309900873829',9,NULL,'2021-02-23 09:41:56','1349900731188'),(112,'2020-12-26','1349900731188',1,NULL,'2021-02-23 09:41:56','1349900731188'),(113,'2020-12-27','3349700030310',1,NULL,'2021-02-23 09:42:06','1349900731188'),(114,'2020-12-27','3341500349838',9,NULL,'2021-02-23 09:42:06','1349900731188'),(115,'2020-12-27','1309900873829',1,NULL,'2021-02-23 09:42:06','1349900731188'),(116,'2020-12-27','1349900731188',9,NULL,'2021-02-23 09:42:06','1349900731188'),(117,'2020-12-28','3349700030310',1,NULL,'2021-02-23 09:42:57','1349900731188'),(118,'2020-12-28','3341500349838',1,NULL,'2021-02-23 09:42:57','1349900731188'),(119,'2020-12-28','1309900873829',1,NULL,'2021-02-23 09:42:57','1349900731188'),(120,'2020-12-28','1349900731188',1,NULL,'2021-02-23 09:42:57','1349900731188'),(121,'2020-12-29','3349700030310',1,NULL,'2021-02-23 09:43:23','1349900731188'),(122,'2020-12-29','3341500349838',1,NULL,'2021-02-23 09:43:23','1349900731188'),(123,'2020-12-29','1309900873829',1,NULL,'2021-02-23 09:43:23','1349900731188'),(124,'2020-12-29','1349900731188',1,NULL,'2021-02-23 09:43:23','1349900731188'),(125,'2020-12-30','3349700030310',1,NULL,'2021-02-23 09:44:29','1349900731188'),(126,'2020-12-30','3341500349838',1,NULL,'2021-02-23 09:44:29','1349900731188'),(127,'2020-12-30','1309900873829',1,NULL,'2021-02-23 09:44:29','1349900731188'),(128,'2020-12-30','1349900731188',1,NULL,'2021-02-23 09:44:29','1349900731188'),(129,'2021-01-04','3349700030310',1,NULL,'2021-02-23 09:44:43','1349900731188'),(130,'2021-01-04','3341500349838',1,NULL,'2021-02-23 09:44:43','1349900731188'),(131,'2021-01-04','1309900873829',1,NULL,'2021-02-23 09:44:43','1349900731188'),(132,'2021-01-04','1349900731188',1,NULL,'2021-02-23 09:44:43','1349900731188'),(133,'2021-01-05','3349700030310',1,NULL,'2021-02-23 09:44:55','1349900731188'),(134,'2021-01-05','3341500349838',1,NULL,'2021-02-23 09:44:55','1349900731188'),(135,'2021-01-05','1309900873829',1,NULL,'2021-02-23 09:44:55','1349900731188'),(136,'2021-01-05','1349900731188',1,NULL,'2021-02-23 09:44:55','1349900731188'),(137,'2021-01-06','3349700030310',1,NULL,'2021-02-23 09:45:37','1349900731188'),(138,'2021-01-06','3341500349838',1,NULL,'2021-02-23 09:45:37','1349900731188'),(139,'2021-01-06','1309900873829',1,NULL,'2021-02-23 09:45:37','1349900731188'),(140,'2021-01-06','1349900731188',1,NULL,'2021-02-23 09:45:37','1349900731188'),(141,'2021-01-07','3349700030310',1,NULL,'2021-02-23 09:46:14','1349900731188'),(142,'2021-01-07','3341500349838',1,NULL,'2021-02-23 09:46:14','1349900731188'),(143,'2021-01-07','1309900873829',1,NULL,'2021-02-23 09:46:14','1349900731188'),(144,'2021-01-07','1349900731188',1,NULL,'2021-02-23 09:46:14','1349900731188'),(145,'2021-01-08','3349700030310',1,NULL,'2021-02-23 09:48:53','1349900731188'),(146,'2021-01-08','3341500349838',1,NULL,'2021-02-23 09:48:53','1349900731188'),(147,'2021-01-08','1309900873829',1,NULL,'2021-02-23 09:48:53','1349900731188'),(148,'2021-01-08','1349900731188',1,NULL,'2021-02-23 09:48:53','1349900731188'),(149,'2021-01-09','3341500349838',1,NULL,'2021-02-23 09:49:49','1349900731188'),(150,'2021-01-09','1349900731188',1,NULL,'2021-02-23 09:49:49','1349900731188'),(151,'2021-01-09','3349700030310',9,NULL,'2021-02-23 09:49:49','1349900731188'),(152,'2021-01-09','1309900873829',9,NULL,'2021-02-23 09:49:49','1349900731188'),(153,'2021-01-10','3349700030310',1,NULL,'2021-02-23 09:50:03','1349900731188'),(154,'2021-01-10','3341500349838',9,NULL,'2021-02-23 09:50:03','1349900731188'),(155,'2021-01-10','1309900873829',1,NULL,'2021-02-23 09:50:03','1349900731188'),(156,'2021-01-10','1349900731188',9,NULL,'2021-02-23 09:50:03','1349900731188'),(157,'2021-01-11','3349700030310',1,NULL,'2021-02-23 09:51:44','1349900731188'),(158,'2021-01-11','3341500349838',4,NULL,'2021-02-23 09:51:44','1349900731188'),(159,'2021-01-11','1309900873829',1,NULL,'2021-02-23 09:51:44','1349900731188'),(160,'2021-01-11','1349900731188',1,NULL,'2021-02-23 09:51:44','1349900731188'),(161,'2021-01-12','3349700030310',1,NULL,'2021-02-23 09:53:48','1349900731188'),(162,'2021-01-12','3341500349838',4,NULL,'2021-02-23 09:53:48','1349900731188'),(163,'2021-01-12','1309900873829',1,NULL,'2021-02-23 09:53:48','1349900731188'),(164,'2021-01-12','1349900731188',1,NULL,'2021-02-23 09:53:48','1349900731188'),(165,'2021-01-13','3349700030310',1,NULL,'2021-02-23 09:54:00','1349900731188'),(166,'2021-01-13','3341500349838',1,NULL,'2021-02-23 09:54:00','1349900731188'),(167,'2021-01-13','1309900873829',1,NULL,'2021-02-23 09:54:00','1349900731188'),(168,'2021-01-13','1349900731188',1,NULL,'2021-02-23 09:54:00','1349900731188'),(169,'2021-01-14','3349700030310',1,NULL,'2021-02-23 09:54:08','1349900731188'),(170,'2021-01-14','3341500349838',1,NULL,'2021-02-23 09:54:08','1349900731188'),(171,'2021-01-14','1309900873829',1,NULL,'2021-02-23 09:54:08','1349900731188'),(172,'2021-01-14','1349900731188',1,NULL,'2021-02-23 09:54:08','1349900731188'),(173,'2021-01-15','3349700030310',1,NULL,'2021-02-23 09:54:42','1349900731188'),(174,'2021-01-15','3341500349838',1,NULL,'2021-02-23 09:54:42','1349900731188'),(175,'2021-01-15','1309900873829',1,NULL,'2021-02-23 09:54:42','1349900731188'),(176,'2021-01-15','1349900731188',1,NULL,'2021-02-23 09:54:42','1349900731188'),(177,'2021-01-16','3349700030310',9,NULL,'2021-02-23 09:54:53','1349900731188'),(178,'2021-01-16','3341500349838',1,NULL,'2021-02-23 09:54:53','1349900731188'),(179,'2021-01-16','1309900873829',9,NULL,'2021-02-23 09:54:53','1349900731188'),(180,'2021-01-16','1349900731188',1,NULL,'2021-02-23 09:54:53','1349900731188'),(181,'2021-01-17','3349700030310',1,NULL,'2021-02-23 09:55:03','1349900731188'),(182,'2021-01-17','3341500349838',9,NULL,'2021-02-23 09:55:03','1349900731188'),(183,'2021-01-17','1309900873829',1,NULL,'2021-02-23 09:55:03','1349900731188'),(184,'2021-01-17','1349900731188',9,NULL,'2021-02-23 09:55:03','1349900731188'),(185,'2021-01-18','3349700030310',1,NULL,'2021-02-23 09:55:14','1349900731188'),(186,'2021-01-18','3341500349838',1,NULL,'2021-02-23 09:55:14','1349900731188'),(187,'2021-01-18','1309900873829',1,NULL,'2021-02-23 09:55:14','1349900731188'),(188,'2021-01-18','1349900731188',1,NULL,'2021-02-23 09:55:14','1349900731188'),(189,'2021-01-19','3349700030310',1,NULL,'2021-02-23 09:57:51','1349900731188'),(190,'2021-01-19','3341500349838',1,NULL,'2021-02-23 09:57:51','1349900731188'),(191,'2021-01-19','1309900873829',1,NULL,'2021-02-23 09:57:51','1349900731188'),(192,'2021-01-19','1349900731188',1,NULL,'2021-02-23 09:57:51','1349900731188'),(193,'2021-01-20','3349700030310',1,NULL,'2021-02-23 09:58:06','1349900731188'),(194,'2021-01-20','3341500349838',1,NULL,'2021-02-23 09:58:06','1349900731188'),(195,'2021-01-20','1309900873829',1,NULL,'2021-02-23 09:58:06','1349900731188'),(196,'2021-01-20','1349900731188',1,NULL,'2021-02-23 09:58:06','1349900731188'),(197,'2021-01-21','3349700030310',1,NULL,'2021-02-23 09:58:17','1349900731188'),(198,'2021-01-21','3341500349838',1,NULL,'2021-02-23 09:58:17','1349900731188'),(199,'2021-01-21','1309900873829',1,NULL,'2021-02-23 09:58:17','1349900731188'),(200,'2021-01-21','1349900731188',1,NULL,'2021-02-23 09:58:17','1349900731188'),(201,'2021-01-22','3349700030310',1,NULL,'2021-02-23 09:58:33','1349900731188'),(202,'2021-01-22','3341500349838',1,NULL,'2021-02-23 09:58:33','1349900731188'),(203,'2021-01-22','1309900873829',1,NULL,'2021-02-23 09:58:33','1349900731188'),(204,'2021-01-22','1349900731188',1,NULL,'2021-02-23 09:58:33','1349900731188'),(205,'2021-01-23','3349700030310',9,NULL,'2021-02-23 09:59:29','1349900731188'),(206,'2021-01-23','3341500349838',1,NULL,'2021-02-23 09:59:29','1349900731188'),(207,'2021-01-23','1309900873829',9,NULL,'2021-02-23 09:59:29','1349900731188'),(208,'2021-01-23','1349900731188',1,NULL,'2021-02-23 09:59:29','1349900731188'),(209,'2021-01-24','3349700030310',1,NULL,'2021-02-23 09:59:37','1349900731188'),(210,'2021-01-24','3341500349838',9,NULL,'2021-02-23 09:59:37','1349900731188'),(211,'2021-01-24','1309900873829',1,NULL,'2021-02-23 09:59:37','1349900731188'),(212,'2021-01-24','1349900731188',9,NULL,'2021-02-23 09:59:37','1349900731188'),(213,'2021-01-25','3349700030310',1,NULL,'2021-02-23 09:59:46','1349900731188'),(214,'2021-01-25','3341500349838',1,NULL,'2021-02-23 09:59:46','1349900731188'),(215,'2021-01-25','1309900873829',1,NULL,'2021-02-23 09:59:46','1349900731188'),(216,'2021-01-25','1349900731188',1,NULL,'2021-02-23 09:59:46','1349900731188'),(217,'2021-01-26','3341500349838',1,NULL,'2021-02-23 10:00:06','1349900731188'),(218,'2021-01-26','1309900873829',1,NULL,'2021-02-23 10:00:06','1349900731188'),(219,'2021-01-26','1349900731188',1,NULL,'2021-02-23 10:00:06','1349900731188'),(220,'2021-01-26','3349700030310',1,NULL,'2021-02-23 10:00:06','1349900731188'),(221,'2021-01-27','3349700030310',1,NULL,'2021-02-23 10:00:19','1349900731188'),(222,'2021-01-27','3341500349838',1,NULL,'2021-02-23 10:00:19','1349900731188'),(223,'2021-01-27','1309900873829',1,NULL,'2021-02-23 10:00:19','1349900731188'),(224,'2021-01-27','1349900731188',1,NULL,'2021-02-23 10:00:19','1349900731188'),(225,'2021-01-28','3349700030310',1,NULL,'2021-02-23 10:00:32','1349900731188'),(226,'2021-01-28','3341500349838',1,NULL,'2021-02-23 10:00:32','1349900731188'),(227,'2021-01-28','1309900873829',1,NULL,'2021-02-23 10:00:32','1349900731188'),(228,'2021-01-28','1349900731188',1,NULL,'2021-02-23 10:00:32','1349900731188'),(229,'2021-01-29','3349700030310',1,NULL,'2021-02-23 10:00:47','1349900731188'),(230,'2021-01-29','3341500349838',1,NULL,'2021-02-23 10:00:47','1349900731188'),(231,'2021-01-29','1309900873829',1,NULL,'2021-02-23 10:00:47','1349900731188'),(232,'2021-01-29','1349900731188',1,NULL,'2021-02-23 10:00:47','1349900731188'),(233,'2021-02-04','3349700030310',2,NULL,'2021-02-23 10:02:04','1349900731188'),(234,'2021-02-04','3341500349838',1,NULL,'2021-02-23 10:02:04','1349900731188'),(235,'2021-02-04','1309900873829',1,NULL,'2021-02-23 10:02:04','1349900731188'),(236,'2021-02-04','1349900731188',1,NULL,'2021-02-23 10:02:04','1349900731188'),(237,'2021-02-05','3349700030310',1,NULL,'2021-02-23 10:02:14','1349900731188'),(238,'2021-02-05','3341500349838',1,NULL,'2021-02-23 10:02:14','1349900731188'),(239,'2021-02-05','1309900873829',1,NULL,'2021-02-23 10:02:14','1349900731188'),(240,'2021-02-05','1349900731188',1,NULL,'2021-02-23 10:02:14','1349900731188'),(241,'2021-02-06','3349700030310',1,NULL,'2021-02-23 10:02:32','1349900731188'),(242,'2021-02-06','3341500349838',1,NULL,'2021-02-23 10:02:32','1349900731188'),(243,'2021-02-06','1309900873829',1,NULL,'2021-02-23 10:02:32','1349900731188'),(244,'2021-02-06','1349900731188',1,NULL,'2021-02-23 10:02:32','1349900731188'),(245,'2021-02-07','3349700030310',9,NULL,'2021-02-23 10:02:50','1349900731188'),(246,'2021-02-07','1309900873829',1,NULL,'2021-02-23 10:02:50','1349900731188'),(247,'2021-02-07','1349900731188',9,NULL,'2021-02-23 10:02:50','1349900731188'),(248,'2021-02-08','3349700030310',1,NULL,'2021-02-23 10:03:06','1349900731188'),(249,'2021-02-08','3341500349838',3,NULL,'2021-02-23 10:03:06','1349900731188'),(250,'2021-02-08','1309900873829',1,NULL,'2021-02-23 10:03:06','1349900731188'),(251,'2021-02-08','1349900731188',1,NULL,'2021-02-23 10:03:06','1349900731188'),(252,'2021-02-09','3349700030310',1,NULL,'2021-02-23 10:03:16','1349900731188'),(253,'2021-02-09','3341500349838',1,NULL,'2021-02-23 10:03:16','1349900731188'),(254,'2021-02-09','1309900873829',1,NULL,'2021-02-23 10:03:16','1349900731188'),(255,'2021-02-09','1349900731188',1,NULL,'2021-02-23 10:03:16','1349900731188'),(256,'2021-02-10','3349700030310',1,NULL,'2021-02-23 10:03:29','1349900731188'),(257,'2021-02-10','3341500349838',1,NULL,'2021-02-23 10:03:29','1349900731188'),(258,'2021-02-10','1309900873829',1,NULL,'2021-02-23 10:03:29','1349900731188'),(259,'2021-02-10','1349900731188',1,NULL,'2021-02-23 10:03:29','1349900731188'),(260,'2021-02-11','3349700030310',1,NULL,'2021-02-23 10:03:41','1349900731188'),(261,'2021-02-11','3341500349838',1,NULL,'2021-02-23 10:03:41','1349900731188'),(262,'2021-02-11','1309900873829',1,NULL,'2021-02-23 10:03:41','1349900731188'),(263,'2021-02-11','1349900731188',1,NULL,'2021-02-23 10:03:41','1349900731188'),(264,'2021-02-13','3349700030310',1,NULL,'2021-02-23 10:04:04','1349900731188'),(265,'2021-02-13','3341500349838',1,NULL,'2021-02-23 10:04:04','1349900731188'),(266,'2021-02-13','1309900873829',1,NULL,'2021-02-23 10:04:04','1349900731188'),(267,'2021-02-13','1349900731188',1,NULL,'2021-02-23 10:04:04','1349900731188'),(268,'2021-02-14','3349700030310',1,NULL,'2021-02-23 10:04:13','1349900731188'),(269,'2021-02-14','3341500349838',9,NULL,'2021-02-23 10:04:13','1349900731188'),(270,'2021-02-14','1309900873829',1,NULL,'2021-02-23 10:04:13','1349900731188'),(271,'2021-02-14','1349900731188',9,NULL,'2021-02-23 10:04:13','1349900731188'),(272,'2021-02-15','3349700030310',2,NULL,'2021-02-23 10:04:28','1349900731188'),(273,'2021-02-15','3341500349838',1,NULL,'2021-02-23 10:04:28','1349900731188'),(274,'2021-02-15','1309900873829',1,NULL,'2021-02-23 10:04:28','1349900731188'),(275,'2021-02-15','1349900731188',1,NULL,'2021-02-23 10:04:28','1349900731188'),(276,'2021-02-16','3349700030310',1,NULL,'2021-02-23 10:04:41','1349900731188'),(277,'2021-02-16','3341500349838',3,NULL,'2021-02-23 10:04:41','1349900731188'),(278,'2021-02-16','1309900873829',1,NULL,'2021-02-23 10:04:41','1349900731188'),(279,'2021-02-16','1349900731188',1,NULL,'2021-02-23 10:04:41','1349900731188'),(280,'2021-02-17','3349700030310',1,NULL,'2021-02-23 10:04:54','1349900731188'),(281,'2021-02-17','3341500349838',3,NULL,'2021-02-23 10:04:54','1349900731188'),(282,'2021-02-17','1309900873829',1,NULL,'2021-02-23 10:04:54','1349900731188'),(283,'2021-02-17','1349900731188',1,NULL,'2021-02-23 10:04:54','1349900731188'),(284,'2021-02-18','3349700030310',1,NULL,'2021-02-23 10:05:08','1349900731188'),(285,'2021-02-18','3341500349838',1,NULL,'2021-02-23 10:05:08','1349900731188'),(286,'2021-02-18','1309900873829',1,NULL,'2021-02-23 10:05:08','1349900731188'),(287,'2021-02-18','1349900731188',1,NULL,'2021-02-23 10:05:08','1349900731188'),(288,'2021-02-19','3349700030310',1,NULL,'2021-02-23 10:05:19','1349900731188'),(289,'2021-02-19','3341500349838',1,NULL,'2021-02-23 10:05:19','1349900731188'),(290,'2021-02-19','1309900873829',1,NULL,'2021-02-23 10:05:19','1349900731188'),(291,'2021-02-19','1349900731188',1,NULL,'2021-02-23 10:05:19','1349900731188'),(292,'2021-02-20','3349700030310',9,NULL,'2021-02-23 10:05:35','1349900731188'),(293,'2021-02-20','3341500349838',1,NULL,'2021-02-23 10:05:35','1349900731188'),(294,'2021-02-20','1349900731188',9,NULL,'2021-02-23 10:05:35','1349900731188'),(295,'2021-02-21','3349700030310',1,NULL,'2021-02-23 10:05:45','1349900731188'),(296,'2021-02-21','3341500349838',9,NULL,'2021-02-23 10:05:45','1349900731188'),(297,'2021-02-21','1309900873829',1,NULL,'2021-02-23 10:05:45','1349900731188'),(298,'2021-02-21','1349900731188',9,NULL,'2021-02-23 10:05:45','1349900731188'),(299,'2021-02-22','3349700030310',1,NULL,'2021-02-23 10:06:50','1349900731188'),(300,'2021-02-22','3341500349838',1,NULL,'2021-02-23 10:06:50','1349900731188'),(301,'2021-02-22','1349900731188',1,NULL,'2021-02-23 10:06:50','1349900731188'),(302,'2021-02-22','1309900873829',1,NULL,'2021-02-23 10:06:50','1349900731188'),(303,'2021-02-23','3349700030310',1,NULL,'2021-02-23 10:06:57','1349900731188'),(304,'2021-02-23','3341500349838',1,NULL,'2021-02-23 10:06:57','1349900731188'),(305,'2021-02-23','1309900873829',1,NULL,'2021-02-23 10:06:57','1349900731188'),(306,'2021-02-23','1349900731188',1,NULL,'2021-02-23 10:06:57','1349900731188'),(307,'2021-02-24','3349700030310',2,NULL,'2021-02-24 14:32:37','1349900731188'),(308,'2021-02-24','3341500349838',1,NULL,'2021-02-24 14:32:37','1349900731188'),(309,'2021-02-24','1309900873829',1,NULL,'2021-02-24 14:32:37','1349900731188'),(310,'2021-02-24','1349900731188',1,NULL,'2021-02-24 14:32:37','1349900731188'),(311,'2022-06-06','3342300109468',1,NULL,'2022-06-06 09:57:28','1349900731188'),(312,'2022-06-06','3349700030310',1,NULL,'2022-06-06 09:57:28','1349900731188'),(313,'2022-06-06','3341500349838',1,NULL,'2022-06-06 09:57:28','1349900731188'),(314,'2022-06-06','1309900873829',1,NULL,'2022-06-06 09:57:28','1349900731188'),(315,'2022-06-06','1349900892467',1,NULL,'2022-06-06 09:57:28','1349900731188'),(316,'2022-06-06','1349900731188',1,NULL,'2022-06-06 09:57:28','1349900731188'),(317,'2022-06-03','3342300109468',9,NULL,'2022-06-06 09:58:34','1349900731188'),(318,'2022-06-03','3349700030310',9,NULL,'2022-06-06 09:58:34','1349900731188'),(319,'2022-06-03','3341500349838',9,NULL,'2022-06-06 09:58:34','1349900731188'),(320,'2022-06-03','1309900873829',9,NULL,'2022-06-06 09:58:34','1349900731188'),(321,'2022-06-03','1349900892467',9,NULL,'2022-06-06 09:58:34','1349900731188'),(322,'2022-06-03','1349900731188',9,NULL,'2022-06-06 09:58:34','1349900731188'),(323,'2022-06-02','3342300109468',1,NULL,'2022-06-06 09:58:01','1349900731188'),(324,'2022-06-02','3349700030310',1,NULL,'2022-06-06 09:58:01','1349900731188'),(325,'2022-06-02','3341500349838',1,NULL,'2022-06-06 09:58:01','1349900731188'),(326,'2022-06-02','1309900873829',1,NULL,'2022-06-06 09:58:01','1349900731188'),(327,'2022-06-02','1349900892467',1,NULL,'2022-06-06 09:58:01','1349900731188'),(328,'2022-06-02','1349900731188',1,NULL,'2022-06-06 09:58:01','1349900731188'),(329,'2022-06-01','3342300109468',1,NULL,'2022-06-06 09:58:19','1349900731188'),(330,'2022-06-01','3349700030310',1,NULL,'2022-06-06 09:58:19','1349900731188'),(331,'2022-06-01','3341500349838',1,NULL,'2022-06-06 09:58:19','1349900731188'),(332,'2022-06-01','1309900873829',1,NULL,'2022-06-06 09:58:19','1349900731188'),(333,'2022-06-01','1349900892467',1,NULL,'2022-06-06 09:58:19','1349900731188'),(334,'2022-06-01','1349900731188',1,NULL,'2022-06-06 09:58:19','1349900731188'),(335,'2022-05-25','3342300109468',1,NULL,'2022-06-06 09:59:01','1349900731188'),(336,'2022-05-25','3349700030310',1,NULL,'2022-06-06 09:59:01','1349900731188'),(337,'2022-05-25','3341500349838',1,NULL,'2022-06-06 09:59:01','1349900731188'),(338,'2022-05-25','1309900873829',1,NULL,'2022-06-06 09:59:01','1349900731188'),(339,'2022-05-25','1349900892467',1,NULL,'2022-06-06 09:59:01','1349900731188'),(340,'2022-05-25','1349900731188',1,NULL,'2022-06-06 09:59:01','1349900731188'),(341,'2022-05-26','3342300109468',1,NULL,'2022-06-06 09:59:12','1349900731188'),(342,'2022-05-26','3349700030310',1,NULL,'2022-06-06 09:59:12','1349900731188'),(343,'2022-05-26','3341500349838',1,NULL,'2022-06-06 09:59:12','1349900731188'),(344,'2022-05-26','1309900873829',1,NULL,'2022-06-06 09:59:12','1349900731188'),(345,'2022-05-26','1349900892467',1,NULL,'2022-06-06 09:59:12','1349900731188'),(346,'2022-05-26','1349900731188',1,NULL,'2022-06-06 09:59:12','1349900731188'),(347,'2022-05-27','3342300109468',1,NULL,'2022-06-06 09:59:22','1349900731188'),(348,'2022-05-27','3349700030310',1,NULL,'2022-06-06 09:59:22','1349900731188'),(349,'2022-05-27','3341500349838',1,NULL,'2022-06-06 09:59:22','1349900731188'),(350,'2022-05-27','1309900873829',1,NULL,'2022-06-06 09:59:22','1349900731188'),(351,'2022-05-27','1349900892467',1,NULL,'2022-06-06 09:59:22','1349900731188'),(352,'2022-05-27','1349900731188',1,NULL,'2022-06-06 09:59:22','1349900731188'),(353,'2022-05-30','3342300109468',1,NULL,'2022-06-06 09:59:33','1349900731188'),(354,'2022-05-30','3349700030310',1,NULL,'2022-06-06 09:59:33','1349900731188'),(355,'2022-05-30','3341500349838',1,NULL,'2022-06-06 09:59:33','1349900731188'),(356,'2022-05-30','1309900873829',1,NULL,'2022-06-06 09:59:33','1349900731188'),(357,'2022-05-30','1349900892467',1,NULL,'2022-06-06 09:59:33','1349900731188'),(358,'2022-05-30','1349900731188',1,NULL,'2022-06-06 09:59:33','1349900731188'),(359,'2022-05-31','3342300109468',1,NULL,'2022-06-06 09:59:45','1349900731188'),(360,'2022-05-31','3349700030310',1,NULL,'2022-06-06 09:59:45','1349900731188'),(361,'2022-05-31','3341500349838',1,NULL,'2022-06-06 09:59:45','1349900731188'),(362,'2022-05-31','1309900873829',1,NULL,'2022-06-06 09:59:45','1349900731188'),(363,'2022-05-31','1349900892467',1,NULL,'2022-06-06 09:59:45','1349900731188'),(364,'2022-05-31','1349900731188',1,NULL,'2022-06-06 09:59:45','1349900731188'),(365,'2022-06-13','3342300109468',1,NULL,'2022-06-13 08:55:08','1349900731188'),(366,'2022-06-13','3349700030310',1,NULL,'2022-06-13 08:55:08','1349900731188'),(367,'2022-06-13','3341500349838',1,NULL,'2022-06-13 08:55:08','1349900731188'),(368,'2022-06-13','1309900873829',1,NULL,'2022-06-13 08:55:08','1349900731188'),(369,'2022-06-13','1349900892467',1,NULL,'2022-06-13 08:55:08','1349900731188'),(370,'2022-06-13','1349900731188',1,NULL,'2022-06-13 08:55:08','1349900731188'),(371,'2022-06-10','3342300109468',1,NULL,'2022-06-14 10:55:16','1349900731188'),(372,'2022-06-10','3349700030310',1,NULL,'2022-06-14 10:55:16','1349900731188'),(373,'2022-06-10','3341500349838',1,NULL,'2022-06-14 10:55:16','1349900731188'),(374,'2022-06-10','1309900873829',1,NULL,'2022-06-14 10:55:16','1349900731188'),(375,'2022-06-10','1349900892467',1,NULL,'2022-06-14 10:55:16','1349900731188'),(376,'2022-06-10','1349900731188',1,NULL,'2022-06-14 10:55:16','1349900731188'),(377,'2022-06-09','3342300109468',1,NULL,'2022-06-13 08:55:45','1349900731188'),(378,'2022-06-09','3349700030310',1,NULL,'2022-06-13 08:55:45','1349900731188'),(379,'2022-06-09','3341500349838',1,NULL,'2022-06-13 08:55:45','1349900731188'),(380,'2022-06-09','1309900873829',1,NULL,'2022-06-13 08:55:45','1349900731188'),(381,'2022-06-09','1349900892467',1,NULL,'2022-06-13 08:55:45','1349900731188'),(382,'2022-06-09','1349900731188',1,NULL,'2022-06-13 08:55:45','1349900731188'),(383,'2022-06-08','3342300109468',1,NULL,'2022-06-13 08:55:54','1349900731188'),(384,'2022-06-08','3349700030310',1,NULL,'2022-06-13 08:55:54','1349900731188'),(385,'2022-06-08','3341500349838',1,NULL,'2022-06-13 08:55:54','1349900731188'),(386,'2022-06-08','1309900873829',1,NULL,'2022-06-13 08:55:54','1349900731188'),(387,'2022-06-08','1349900892467',1,NULL,'2022-06-13 08:55:54','1349900731188'),(388,'2022-06-08','1349900731188',1,NULL,'2022-06-13 08:55:54','1349900731188'),(389,'2022-06-07','3342300109468',1,NULL,'2022-06-13 08:56:04','1349900731188'),(390,'2022-06-07','3349700030310',1,NULL,'2022-06-13 08:56:04','1349900731188'),(391,'2022-06-07','3341500349838',1,NULL,'2022-06-13 08:56:04','1349900731188'),(392,'2022-06-07','1309900873829',1,NULL,'2022-06-13 08:56:04','1349900731188'),(393,'2022-06-07','1349900892467',1,NULL,'2022-06-13 08:56:04','1349900731188'),(394,'2022-06-07','1349900731188',1,NULL,'2022-06-13 08:56:04','1349900731188'),(395,'2022-06-14','3342300109468',1,NULL,'2022-06-14 10:54:52','1349900731188'),(396,'2022-06-14','3349700030310',1,NULL,'2022-06-14 10:54:52','1349900731188'),(397,'2022-06-14','3341500349838',1,NULL,'2022-06-14 10:54:52','1349900731188'),(398,'2022-06-14','1309900873829',1,NULL,'2022-06-14 10:54:52','1349900731188'),(399,'2022-06-14','1349900892467',1,NULL,'2022-06-14 10:54:52','1349900731188'),(400,'2022-06-14','1349900731188',1,NULL,'2022-06-14 10:54:52','1349900731188'),(401,'2022-06-20','3342300109468',1,NULL,'2022-06-20 14:24:37','1349900731188'),(402,'2022-06-20','3349700030310',1,NULL,'2022-06-20 14:24:37','1349900731188'),(403,'2022-06-20','3341500349838',1,NULL,'2022-06-20 14:24:37','1349900731188'),(404,'2022-06-20','1309900873829',1,NULL,'2022-06-20 14:24:37','1349900731188'),(405,'2022-06-20','1349900892467',1,NULL,'2022-06-20 14:24:37','1349900731188'),(406,'2022-06-20','1349900731188',1,NULL,'2022-06-20 14:24:37','1349900731188'),(407,'2022-06-17','3342300109468',1,NULL,'2022-06-20 14:25:05','1349900731188'),(408,'2022-06-17','3349700030310',1,NULL,'2022-06-20 14:25:05','1349900731188'),(409,'2022-06-17','3341500349838',1,NULL,'2022-06-20 14:25:05','1349900731188'),(410,'2022-06-17','1309900873829',1,NULL,'2022-06-20 14:25:05','1349900731188'),(411,'2022-06-17','1349900892467',1,NULL,'2022-06-20 14:25:05','1349900731188'),(412,'2022-06-17','1349900731188',1,NULL,'2022-06-20 14:25:05','1349900731188'),(413,'2022-06-16','3342300109468',2,NULL,'2022-06-20 14:25:19','1349900731188'),(414,'2022-06-16','3349700030310',1,NULL,'2022-06-20 14:25:19','1349900731188'),(415,'2022-06-16','3341500349838',1,NULL,'2022-06-20 14:25:19','1349900731188'),(416,'2022-06-16','1309900873829',2,NULL,'2022-06-20 14:25:19','1349900731188'),(417,'2022-06-16','1349900892467',1,NULL,'2022-06-20 14:25:19','1349900731188'),(418,'2022-06-16','1349900731188',1,NULL,'2022-06-20 14:25:19','1349900731188'),(419,'2022-06-15','3342300109468',1,NULL,'2022-06-20 14:25:30','1349900731188'),(420,'2022-06-15','3349700030310',1,NULL,'2022-06-20 14:25:30','1349900731188'),(421,'2022-06-15','3341500349838',1,NULL,'2022-06-20 14:25:30','1349900731188'),(422,'2022-06-15','1309900873829',1,NULL,'2022-06-20 14:25:30','1349900731188'),(423,'2022-06-15','1349900892467',1,NULL,'2022-06-20 14:25:30','1349900731188'),(424,'2022-06-15','1349900731188',1,NULL,'2022-06-20 14:25:30','1349900731188'),(425,'2022-06-27','3342300109468',1,NULL,'2022-06-27 10:10:27','1349900731188'),(426,'2022-06-27','3349700030310',1,NULL,'2022-06-27 10:10:27','1349900731188'),(427,'2022-06-27','3341500349838',1,NULL,'2022-06-27 10:10:27','1349900731188'),(428,'2022-06-27','1309900873829',1,NULL,'2022-06-27 10:10:27','1349900731188'),(429,'2022-06-27','1349900892467',1,NULL,'2022-06-27 10:10:27','1349900731188'),(430,'2022-06-27','1349900731188',1,NULL,'2022-06-27 10:10:27','1349900731188'),(431,'2022-06-24','3342300109468',1,NULL,'2022-06-27 10:10:36','1349900731188'),(432,'2022-06-24','3349700030310',1,NULL,'2022-06-27 10:10:36','1349900731188'),(433,'2022-06-24','3341500349838',1,NULL,'2022-06-27 10:10:36','1349900731188'),(434,'2022-06-24','1309900873829',1,NULL,'2022-06-27 10:10:36','1349900731188'),(435,'2022-06-24','1349900892467',1,NULL,'2022-06-27 10:10:36','1349900731188'),(436,'2022-06-24','1349900731188',1,NULL,'2022-06-27 10:10:36','1349900731188'),(437,'2022-06-23','3342300109468',1,NULL,'2022-06-27 10:10:49','1349900731188'),(438,'2022-06-23','3349700030310',1,NULL,'2022-06-27 10:10:49','1349900731188'),(439,'2022-06-23','3341500349838',1,NULL,'2022-06-27 10:10:49','1349900731188'),(440,'2022-06-23','1309900873829',1,NULL,'2022-06-27 10:10:49','1349900731188'),(441,'2022-06-23','1349900892467',1,NULL,'2022-06-27 10:10:49','1349900731188'),(442,'2022-06-23','1349900731188',1,NULL,'2022-06-27 10:10:49','1349900731188'),(443,'2022-06-22','3342300109468',1,NULL,'2022-06-27 10:10:59','1349900731188'),(444,'2022-06-22','3349700030310',1,NULL,'2022-06-27 10:10:59','1349900731188'),(445,'2022-06-22','3341500349838',1,NULL,'2022-06-27 10:10:59','1349900731188'),(446,'2022-06-22','1309900873829',1,NULL,'2022-06-27 10:10:59','1349900731188'),(447,'2022-06-22','1349900892467',1,NULL,'2022-06-27 10:10:59','1349900731188'),(448,'2022-06-22','1349900731188',1,NULL,'2022-06-27 10:10:59','1349900731188'),(449,'2022-06-21','3342300109468',1,NULL,'2022-06-27 10:11:08','1349900731188'),(450,'2022-06-21','3349700030310',1,NULL,'2022-06-27 10:11:08','1349900731188'),(451,'2022-06-21','3341500349838',1,NULL,'2022-06-27 10:11:08','1349900731188'),(452,'2022-06-21','1309900873829',1,NULL,'2022-06-27 10:11:08','1349900731188'),(453,'2022-06-21','1349900892467',1,NULL,'2022-06-27 10:11:08','1349900731188'),(454,'2022-06-21','1349900731188',1,NULL,'2022-06-27 10:11:08','1349900731188'),(455,'2022-06-29','3342300109468',1,NULL,'2022-06-29 13:05:17','1349900731188'),(456,'2022-06-29','3349700030310',1,NULL,'2022-06-29 13:05:17','1349900731188'),(457,'2022-06-29','3341500349838',1,NULL,'2022-06-29 13:05:17','1349900731188'),(458,'2022-06-29','1309900873829',1,NULL,'2022-06-29 13:05:17','1349900731188'),(459,'2022-06-29','1349900892467',1,NULL,'2022-06-29 13:05:17','1349900731188'),(460,'2022-06-29','1349900731188',1,NULL,'2022-06-29 13:05:17','1349900731188'),(461,'2022-06-28','3342300109468',1,NULL,'2022-06-29 13:05:28','1349900731188'),(462,'2022-06-28','3349700030310',1,NULL,'2022-06-29 13:05:28','1349900731188'),(463,'2022-06-28','3341500349838',1,NULL,'2022-06-29 13:05:28','1349900731188'),(464,'2022-06-28','1309900873829',1,NULL,'2022-06-29 13:05:28','1349900731188'),(465,'2022-06-28','1349900892467',1,NULL,'2022-06-29 13:05:28','1349900731188'),(466,'2022-06-28','1349900731188',1,NULL,'2022-06-29 13:05:28','1349900731188'),(467,'2022-07-04','3342300109468',1,NULL,'2022-07-19 13:52:36','1349900731188'),(468,'2022-07-04','3349700030310',1,NULL,'2022-07-19 13:52:36','1349900731188'),(469,'2022-07-04','3341500349838',1,NULL,'2022-07-19 13:52:36','1349900731188'),(470,'2022-07-04','1309900873829',1,NULL,'2022-07-19 13:52:36','1349900731188'),(471,'2022-07-04','1349900892467',1,NULL,'2022-07-19 13:52:36','1349900731188'),(472,'2022-07-04','1349900731188',1,NULL,'2022-07-19 13:52:36','1349900731188'),(473,'2022-07-01','3342300109468',1,NULL,'2022-07-04 12:37:07','1349900731188'),(474,'2022-07-01','3349700030310',1,NULL,'2022-07-04 12:37:07','1349900731188'),(475,'2022-07-01','3341500349838',1,NULL,'2022-07-04 12:37:07','1349900731188'),(476,'2022-07-01','1309900873829',1,NULL,'2022-07-04 12:37:07','1349900731188'),(477,'2022-07-01','1349900892467',1,NULL,'2022-07-04 12:37:07','1349900731188'),(478,'2022-07-01','1349900731188',1,NULL,'2022-07-04 12:37:07','1349900731188'),(479,'2022-06-30','3342300109468',1,NULL,'2022-07-04 12:37:21','1349900731188'),(480,'2022-06-30','3349700030310',1,NULL,'2022-07-04 12:37:21','1349900731188'),(481,'2022-06-30','3341500349838',1,NULL,'2022-07-04 12:37:21','1349900731188'),(482,'2022-06-30','1309900873829',1,NULL,'2022-07-04 12:37:21','1349900731188'),(483,'2022-06-30','1349900892467',1,NULL,'2022-07-04 12:37:21','1349900731188'),(484,'2022-06-30','1349900731188',1,NULL,'2022-07-04 12:37:21','1349900731188'),(485,'2022-07-19','3342300109468',1,NULL,'2022-07-19 13:50:45','1349900731188'),(486,'2022-07-19','3349700030310',1,NULL,'2022-07-19 13:50:45','1349900731188'),(487,'2022-07-19','3341500349838',1,NULL,'2022-07-19 13:50:45','1349900731188'),(488,'2022-07-19','1309900873829',1,NULL,'2022-07-19 13:50:45','1349900731188'),(489,'2022-07-19','1349900892467',1,NULL,'2022-07-19 13:50:45','1349900731188'),(490,'2022-07-19','1349900731188',1,NULL,'2022-07-19 13:50:45','1349900731188'),(491,'2022-07-18','3342300109468',1,NULL,'2022-07-19 13:50:54','1349900731188'),(492,'2022-07-18','3349700030310',1,NULL,'2022-07-19 13:50:54','1349900731188'),(493,'2022-07-18','3341500349838',1,NULL,'2022-07-19 13:50:54','1349900731188'),(494,'2022-07-18','1309900873829',1,NULL,'2022-07-19 13:50:54','1349900731188'),(495,'2022-07-18','1349900892467',1,NULL,'2022-07-19 13:50:54','1349900731188'),(496,'2022-07-18','1349900731188',1,NULL,'2022-07-19 13:50:54','1349900731188'),(497,'2022-07-12','3342300109468',1,NULL,'2022-07-19 13:51:06','1349900731188'),(498,'2022-07-12','3349700030310',1,NULL,'2022-07-19 13:51:06','1349900731188'),(499,'2022-07-12','3341500349838',1,NULL,'2022-07-19 13:51:06','1349900731188'),(500,'2022-07-12','1309900873829',1,NULL,'2022-07-19 13:51:06','1349900731188'),(501,'2022-07-12','1349900892467',1,NULL,'2022-07-19 13:51:06','1349900731188'),(502,'2022-07-12','1349900731188',1,NULL,'2022-07-19 13:51:06','1349900731188'),(503,'2022-07-11','3342300109468',1,NULL,'2022-07-19 13:51:25','1349900731188'),(504,'2022-07-11','3349700030310',1,NULL,'2022-07-19 13:51:25','1349900731188'),(505,'2022-07-11','3341500349838',1,NULL,'2022-07-19 13:51:25','1349900731188'),(506,'2022-07-11','1309900873829',1,NULL,'2022-07-19 13:51:25','1349900731188'),(507,'2022-07-11','1349900892467',1,NULL,'2022-07-19 13:51:25','1349900731188'),(508,'2022-07-11','1349900731188',1,NULL,'2022-07-19 13:51:25','1349900731188'),(509,'2022-07-08','3342300109468',1,NULL,'2022-07-19 13:51:57','1349900731188'),(510,'2022-07-08','3349700030310',1,NULL,'2022-07-19 13:51:57','1349900731188'),(511,'2022-07-08','3341500349838',1,NULL,'2022-07-19 13:51:57','1349900731188'),(512,'2022-07-08','1309900873829',1,NULL,'2022-07-19 13:51:57','1349900731188'),(513,'2022-07-08','1349900892467',1,NULL,'2022-07-19 13:51:57','1349900731188'),(514,'2022-07-08','1349900731188',1,NULL,'2022-07-19 13:51:57','1349900731188'),(515,'2022-07-07','3342300109468',1,NULL,'2022-07-19 13:52:08','1349900731188'),(516,'2022-07-07','3349700030310',1,NULL,'2022-07-19 13:52:08','1349900731188'),(517,'2022-07-07','3341500349838',1,NULL,'2022-07-19 13:52:08','1349900731188'),(518,'2022-07-07','1309900873829',1,NULL,'2022-07-19 13:52:08','1349900731188'),(519,'2022-07-07','1349900892467',1,NULL,'2022-07-19 13:52:08','1349900731188'),(520,'2022-07-07','1349900731188',1,NULL,'2022-07-19 13:52:08','1349900731188'),(521,'2022-07-06','3342300109468',1,NULL,'2022-07-19 13:52:17','1349900731188'),(522,'2022-07-06','3349700030310',1,NULL,'2022-07-19 13:52:17','1349900731188'),(523,'2022-07-06','3341500349838',1,NULL,'2022-07-19 13:52:17','1349900731188'),(524,'2022-07-06','1309900873829',1,NULL,'2022-07-19 13:52:17','1349900731188'),(525,'2022-07-06','1349900892467',1,NULL,'2022-07-19 13:52:17','1349900731188'),(526,'2022-07-06','1349900731188',1,NULL,'2022-07-19 13:52:17','1349900731188'),(527,'2022-07-05','3342300109468',1,NULL,'2022-07-19 13:52:26','1349900731188'),(528,'2022-07-05','3349700030310',1,NULL,'2022-07-19 13:52:26','1349900731188'),(529,'2022-07-05','3341500349838',1,NULL,'2022-07-19 13:52:26','1349900731188'),(530,'2022-07-05','1309900873829',1,NULL,'2022-07-19 13:52:26','1349900731188'),(531,'2022-07-05','1349900892467',1,NULL,'2022-07-19 13:52:26','1349900731188'),(532,'2022-07-05','1349900731188',1,NULL,'2022-07-19 13:52:26','1349900731188'),(533,'2022-08-15','3342300109468',1,NULL,'2022-08-15 11:16:35','1349900731188'),(534,'2022-08-15','3349700030310',1,NULL,'2022-08-15 11:16:35','1349900731188'),(535,'2022-08-15','3341500349838',1,NULL,'2022-08-15 11:16:35','1349900731188'),(536,'2022-08-15','1309900873829',1,NULL,'2022-08-15 11:16:35','1349900731188'),(537,'2022-08-15','1349900892467',1,NULL,'2022-08-15 11:16:35','1349900731188'),(538,'2022-08-15','1349900731188',1,NULL,'2022-08-15 11:16:35','1349900731188'),(539,'2022-08-11','3342300109468',1,NULL,'2022-08-15 11:16:47','1349900731188'),(540,'2022-08-11','3349700030310',1,NULL,'2022-08-15 11:16:47','1349900731188'),(541,'2022-08-11','3341500349838',1,NULL,'2022-08-15 11:16:47','1349900731188'),(542,'2022-08-11','1309900873829',1,NULL,'2022-08-15 11:16:47','1349900731188'),(543,'2022-08-11','1349900892467',1,NULL,'2022-08-15 11:16:47','1349900731188'),(544,'2022-08-11','1349900731188',1,NULL,'2022-08-15 11:16:47','1349900731188'),(545,'2022-08-10','3342300109468',1,NULL,'2022-08-15 11:16:57','1349900731188'),(546,'2022-08-10','3349700030310',1,NULL,'2022-08-15 11:16:57','1349900731188'),(547,'2022-08-10','3341500349838',1,NULL,'2022-08-15 11:16:57','1349900731188'),(548,'2022-08-10','1309900873829',1,NULL,'2022-08-15 11:16:57','1349900731188'),(549,'2022-08-10','1349900892467',1,NULL,'2022-08-15 11:16:57','1349900731188'),(550,'2022-08-10','1349900731188',1,NULL,'2022-08-15 11:16:57','1349900731188'),(551,'2022-08-09','3342300109468',1,NULL,'2022-08-15 11:17:09','1349900731188'),(552,'2022-08-09','3349700030310',1,NULL,'2022-08-15 11:17:09','1349900731188'),(553,'2022-08-09','3341500349838',1,NULL,'2022-08-15 11:17:09','1349900731188'),(554,'2022-08-09','1309900873829',1,NULL,'2022-08-15 11:17:09','1349900731188'),(555,'2022-08-09','1349900892467',1,NULL,'2022-08-15 11:17:09','1349900731188'),(556,'2022-08-09','1349900731188',1,NULL,'2022-08-15 11:17:09','1349900731188'),(557,'2022-08-08','3342300109468',2,NULL,'2022-08-15 11:17:19','1349900731188'),(558,'2022-08-08','3349700030310',2,NULL,'2022-08-15 11:17:19','1349900731188'),(559,'2022-08-08','3341500349838',2,NULL,'2022-08-15 11:17:19','1349900731188'),(560,'2022-08-08','1309900873829',2,NULL,'2022-08-15 11:17:19','1349900731188'),(561,'2022-08-08','1349900892467',2,NULL,'2022-08-15 11:17:19','1349900731188'),(562,'2022-08-08','1349900731188',2,NULL,'2022-08-15 11:17:19','1349900731188'),(563,'2022-08-05','3342300109468',1,NULL,'2022-08-15 11:17:30','1349900731188'),(564,'2022-08-05','3349700030310',1,NULL,'2022-08-15 11:17:30','1349900731188'),(565,'2022-08-05','3341500349838',1,NULL,'2022-08-15 11:17:30','1349900731188'),(566,'2022-08-05','1309900873829',1,NULL,'2022-08-15 11:17:30','1349900731188'),(567,'2022-08-05','1349900892467',1,NULL,'2022-08-15 11:17:30','1349900731188'),(568,'2022-08-05','1349900731188',1,NULL,'2022-08-15 11:17:30','1349900731188'),(569,'2022-08-04','3342300109468',1,NULL,'2022-08-15 11:17:39','1349900731188'),(570,'2022-08-04','3349700030310',1,NULL,'2022-08-15 11:17:39','1349900731188'),(571,'2022-08-04','3341500349838',1,NULL,'2022-08-15 11:17:39','1349900731188'),(572,'2022-08-04','1309900873829',1,NULL,'2022-08-15 11:17:39','1349900731188'),(573,'2022-08-04','1349900892467',1,NULL,'2022-08-15 11:17:39','1349900731188'),(574,'2022-08-04','1349900731188',1,NULL,'2022-08-15 11:17:39','1349900731188'),(575,'2022-08-03','3342300109468',1,NULL,'2022-08-15 11:17:50','1349900731188'),(576,'2022-08-03','3349700030310',1,NULL,'2022-08-15 11:17:50','1349900731188'),(577,'2022-08-03','3341500349838',1,NULL,'2022-08-15 11:17:50','1349900731188'),(578,'2022-08-03','1309900873829',1,NULL,'2022-08-15 11:17:50','1349900731188'),(579,'2022-08-03','1349900892467',1,NULL,'2022-08-15 11:17:50','1349900731188'),(580,'2022-08-03','1349900731188',1,NULL,'2022-08-15 11:17:50','1349900731188'),(581,'2022-08-02','3342300109468',1,NULL,'2022-08-15 11:17:59','1349900731188'),(582,'2022-08-02','3349700030310',1,NULL,'2022-08-15 11:17:59','1349900731188'),(583,'2022-08-02','3341500349838',1,NULL,'2022-08-15 11:17:59','1349900731188'),(584,'2022-08-02','1309900873829',1,NULL,'2022-08-15 11:17:59','1349900731188'),(585,'2022-08-02','1349900892467',1,NULL,'2022-08-15 11:17:59','1349900731188'),(586,'2022-08-02','1349900731188',1,NULL,'2022-08-15 11:17:59','1349900731188'),(587,'2022-08-01','3342300109468',1,NULL,'2022-08-15 11:18:08','1349900731188'),(588,'2022-08-01','3349700030310',1,NULL,'2022-08-15 11:18:08','1349900731188'),(589,'2022-08-01','3341500349838',1,NULL,'2022-08-15 11:18:08','1349900731188'),(590,'2022-08-01','1309900873829',1,NULL,'2022-08-15 11:18:08','1349900731188'),(591,'2022-08-01','1349900892467',1,NULL,'2022-08-15 11:18:08','1349900731188'),(592,'2022-08-01','1349900731188',1,NULL,'2022-08-15 11:18:08','1349900731188'),(593,'2022-07-27','3342300109468',1,NULL,'2022-08-15 11:18:34','1349900731188'),(594,'2022-07-27','3349700030310',1,NULL,'2022-08-15 11:18:34','1349900731188'),(595,'2022-07-27','3341500349838',1,NULL,'2022-08-15 11:18:34','1349900731188'),(596,'2022-07-27','1309900873829',1,NULL,'2022-08-15 11:18:34','1349900731188'),(597,'2022-07-27','1349900892467',1,NULL,'2022-08-15 11:18:34','1349900731188'),(598,'2022-07-27','1349900731188',1,NULL,'2022-08-15 11:18:34','1349900731188'),(599,'2022-07-26','3342300109468',1,NULL,'2022-08-15 11:18:43','1349900731188'),(600,'2022-07-26','3349700030310',1,NULL,'2022-08-15 11:18:43','1349900731188'),(601,'2022-07-26','3341500349838',1,NULL,'2022-08-15 11:18:43','1349900731188'),(602,'2022-07-26','1309900873829',1,NULL,'2022-08-15 11:18:43','1349900731188'),(603,'2022-07-26','1349900892467',1,NULL,'2022-08-15 11:18:43','1349900731188'),(604,'2022-07-26','1349900731188',1,NULL,'2022-08-15 11:18:43','1349900731188'),(605,'2022-07-25','3342300109468',1,NULL,'2022-08-15 11:18:58','1349900731188'),(606,'2022-07-25','3349700030310',1,NULL,'2022-08-15 11:18:58','1349900731188'),(607,'2022-07-25','3341500349838',1,NULL,'2022-08-15 11:18:58','1349900731188'),(608,'2022-07-25','1309900873829',1,NULL,'2022-08-15 11:18:58','1349900731188'),(609,'2022-07-25','1349900892467',1,NULL,'2022-08-15 11:18:58','1349900731188'),(610,'2022-07-25','1349900731188',1,NULL,'2022-08-15 11:18:58','1349900731188'),(611,'2022-07-22','3342300109468',1,NULL,'2022-08-15 11:19:08','1349900731188'),(612,'2022-07-22','3349700030310',1,NULL,'2022-08-15 11:19:08','1349900731188'),(613,'2022-07-22','3341500349838',1,NULL,'2022-08-15 11:19:08','1349900731188'),(614,'2022-07-22','1309900873829',1,NULL,'2022-08-15 11:19:08','1349900731188'),(615,'2022-07-22','1349900892467',1,NULL,'2022-08-15 11:19:08','1349900731188'),(616,'2022-07-22','1349900731188',1,NULL,'2022-08-15 11:19:08','1349900731188'),(617,'2022-07-21','3342300109468',1,NULL,'2022-08-15 11:19:16','1349900731188'),(618,'2022-07-21','3349700030310',1,NULL,'2022-08-15 11:19:16','1349900731188'),(619,'2022-07-21','3341500349838',1,NULL,'2022-08-15 11:19:16','1349900731188'),(620,'2022-07-21','1309900873829',1,NULL,'2022-08-15 11:19:16','1349900731188'),(621,'2022-07-21','1349900892467',1,NULL,'2022-08-15 11:19:16','1349900731188'),(622,'2022-07-21','1349900731188',1,NULL,'2022-08-15 11:19:16','1349900731188'),(623,'2022-07-20','3342300109468',1,NULL,'2022-08-15 11:19:25','1349900731188'),(624,'2022-07-20','3349700030310',1,NULL,'2022-08-15 11:19:25','1349900731188'),(625,'2022-07-20','3341500349838',1,NULL,'2022-08-15 11:19:25','1349900731188'),(626,'2022-07-20','1309900873829',1,NULL,'2022-08-15 11:19:25','1349900731188'),(627,'2022-07-20','1349900892467',1,NULL,'2022-08-15 11:19:25','1349900731188'),(628,'2022-07-20','1349900731188',1,NULL,'2022-08-15 11:19:25','1349900731188'),(629,'2022-09-12','3342300109468',3,NULL,'2022-09-12 10:01:42','1349900731188'),(630,'2022-09-12','3349700030310',4,NULL,'2022-09-12 10:01:42','1349900731188'),(631,'2022-09-12','3341500349838',1,NULL,'2022-09-12 10:01:42','1349900731188'),(632,'2022-09-12','1309900873829',1,NULL,'2022-09-12 10:01:42','1349900731188'),(633,'2022-09-12','1349900892467',1,NULL,'2022-09-12 10:01:42','1349900731188'),(634,'2022-09-12','1349900731188',1,NULL,'2022-09-12 10:01:42','1349900731188'),(635,'2022-09-10','3342300109468',3,NULL,'2022-09-12 10:02:00','1349900731188'),(636,'2022-09-10','3349700030310',4,NULL,'2022-09-12 10:02:00','1349900731188'),(637,'2022-09-10','3341500349838',1,NULL,'2022-09-12 10:02:00','1349900731188'),(638,'2022-09-10','1309900873829',1,NULL,'2022-09-12 10:02:00','1349900731188'),(639,'2022-09-10','1349900892467',1,NULL,'2022-09-12 10:02:00','1349900731188'),(640,'2022-09-10','1349900731188',1,NULL,'2022-09-12 10:02:00','1349900731188'),(641,'2022-09-09','3342300109468',3,NULL,'2022-09-12 10:02:12','1349900731188'),(642,'2022-09-09','3349700030310',1,NULL,'2022-09-12 10:02:12','1349900731188'),(643,'2022-09-09','3341500349838',1,NULL,'2022-09-12 10:02:12','1349900731188'),(644,'2022-09-09','1309900873829',1,NULL,'2022-09-12 10:02:12','1349900731188'),(645,'2022-09-09','1349900892467',1,NULL,'2022-09-12 10:02:12','1349900731188'),(646,'2022-09-09','1349900731188',1,NULL,'2022-09-12 10:02:12','1349900731188'),(647,'2022-09-08','3342300109468',1,NULL,'2022-09-12 10:02:25','1349900731188'),(648,'2022-09-08','3349700030310',1,NULL,'2022-09-12 10:02:25','1349900731188'),(649,'2022-09-08','3341500349838',1,NULL,'2022-09-12 10:02:25','1349900731188'),(650,'2022-09-08','1309900873829',1,NULL,'2022-09-12 10:02:25','1349900731188'),(651,'2022-09-08','1349900892467',1,NULL,'2022-09-12 10:02:25','1349900731188'),(652,'2022-09-08','1349900731188',1,NULL,'2022-09-12 10:02:25','1349900731188'),(653,'2022-09-07','3342300109468',1,NULL,'2022-09-12 10:02:36','1349900731188'),(654,'2022-09-07','3349700030310',1,NULL,'2022-09-12 10:02:36','1349900731188'),(655,'2022-09-07','3341500349838',1,NULL,'2022-09-12 10:02:36','1349900731188'),(656,'2022-09-07','1309900873829',1,NULL,'2022-09-12 10:02:36','1349900731188'),(657,'2022-09-07','1349900892467',1,NULL,'2022-09-12 10:02:36','1349900731188'),(658,'2022-09-07','1349900731188',1,NULL,'2022-09-12 10:02:36','1349900731188'),(659,'2022-09-06','3342300109468',1,NULL,'2022-09-12 10:02:49','1349900731188'),(660,'2022-09-06','3349700030310',4,NULL,'2022-09-12 10:02:49','1349900731188'),(661,'2022-09-06','3341500349838',1,NULL,'2022-09-12 10:02:49','1349900731188'),(662,'2022-09-06','1309900873829',1,NULL,'2022-09-12 10:02:49','1349900731188'),(663,'2022-09-06','1349900892467',1,NULL,'2022-09-12 10:02:49','1349900731188'),(664,'2022-09-06','1349900731188',1,NULL,'2022-09-12 10:02:49','1349900731188'),(665,'2022-09-05','3342300109468',1,NULL,'2022-09-12 10:03:00','1349900731188'),(666,'2022-09-05','3349700030310',1,NULL,'2022-09-12 10:03:00','1349900731188'),(667,'2022-09-05','3341500349838',1,NULL,'2022-09-12 10:03:00','1349900731188'),(668,'2022-09-05','1309900873829',1,NULL,'2022-09-12 10:03:00','1349900731188'),(669,'2022-09-05','1349900892467',1,NULL,'2022-09-12 10:03:00','1349900731188'),(670,'2022-09-05','1349900731188',1,NULL,'2022-09-12 10:03:00','1349900731188'),(671,'2022-09-03','3342300109468',1,NULL,'2022-09-12 10:03:11','1349900731188'),(672,'2022-09-03','3349700030310',1,NULL,'2022-09-12 10:03:11','1349900731188'),(673,'2022-09-03','3341500349838',1,NULL,'2022-09-12 10:03:11','1349900731188'),(674,'2022-09-03','1309900873829',1,NULL,'2022-09-12 10:03:11','1349900731188'),(675,'2022-09-03','1349900892467',1,NULL,'2022-09-12 10:03:11','1349900731188'),(676,'2022-09-03','1349900731188',1,NULL,'2022-09-12 10:03:11','1349900731188'),(677,'2022-09-02','3342300109468',1,NULL,'2022-09-12 10:03:22','1349900731188'),(678,'2022-09-02','3349700030310',1,NULL,'2022-09-12 10:03:22','1349900731188'),(679,'2022-09-02','3341500349838',1,NULL,'2022-09-12 10:03:22','1349900731188'),(680,'2022-09-02','1309900873829',1,NULL,'2022-09-12 10:03:22','1349900731188'),(681,'2022-09-02','1349900892467',1,NULL,'2022-09-12 10:03:22','1349900731188'),(682,'2022-09-02','1349900731188',1,NULL,'2022-09-12 10:03:22','1349900731188'),(683,'2022-09-01','3342300109468',1,NULL,'2022-09-12 10:03:32','1349900731188'),(684,'2022-09-01','3349700030310',1,NULL,'2022-09-12 10:03:32','1349900731188'),(685,'2022-09-01','3341500349838',1,NULL,'2022-09-12 10:03:32','1349900731188'),(686,'2022-09-01','1309900873829',1,NULL,'2022-09-12 10:03:32','1349900731188'),(687,'2022-09-01','1349900892467',1,NULL,'2022-09-12 10:03:32','1349900731188'),(688,'2022-09-01','1349900731188',1,NULL,'2022-09-12 10:03:32','1349900731188'),(689,'2022-08-31','3342300109468',1,NULL,'2022-09-12 10:03:47','1349900731188'),(690,'2022-08-31','3349700030310',1,NULL,'2022-09-12 10:03:47','1349900731188'),(691,'2022-08-31','3341500349838',1,NULL,'2022-09-12 10:03:47','1349900731188'),(692,'2022-08-31','1309900873829',1,NULL,'2022-09-12 10:03:47','1349900731188'),(693,'2022-08-31','1349900892467',1,NULL,'2022-09-12 10:03:47','1349900731188'),(694,'2022-08-31','1349900731188',1,NULL,'2022-09-12 10:03:47','1349900731188'),(695,'2022-08-30','3342300109468',1,NULL,'2022-09-12 10:03:57','1349900731188'),(696,'2022-08-30','3349700030310',1,NULL,'2022-09-12 10:03:57','1349900731188'),(697,'2022-08-30','3341500349838',1,NULL,'2022-09-12 10:03:57','1349900731188'),(698,'2022-08-30','1309900873829',1,NULL,'2022-09-12 10:03:57','1349900731188'),(699,'2022-08-30','1349900892467',1,NULL,'2022-09-12 10:03:57','1349900731188'),(700,'2022-08-30','1349900731188',1,NULL,'2022-09-12 10:03:57','1349900731188'),(701,'2022-08-29','3342300109468',1,NULL,'2022-09-12 10:04:07','1349900731188'),(702,'2022-08-29','3349700030310',1,NULL,'2022-09-12 10:04:07','1349900731188'),(703,'2022-08-29','3341500349838',1,NULL,'2022-09-12 10:04:07','1349900731188'),(704,'2022-08-29','1309900873829',1,NULL,'2022-09-12 10:04:07','1349900731188'),(705,'2022-08-29','1349900892467',1,NULL,'2022-09-12 10:04:07','1349900731188'),(706,'2022-08-29','1349900731188',1,NULL,'2022-09-12 10:04:07','1349900731188'),(707,'2022-08-26','3342300109468',1,NULL,'2022-09-12 10:04:16','1349900731188'),(708,'2022-08-26','3349700030310',1,NULL,'2022-09-12 10:04:16','1349900731188'),(709,'2022-08-26','3341500349838',1,NULL,'2022-09-12 10:04:16','1349900731188'),(710,'2022-08-26','1309900873829',1,NULL,'2022-09-12 10:04:16','1349900731188'),(711,'2022-08-26','1349900892467',1,NULL,'2022-09-12 10:04:16','1349900731188'),(712,'2022-08-26','1349900731188',1,NULL,'2022-09-12 10:04:16','1349900731188'),(713,'2022-08-25','3342300109468',1,NULL,'2022-09-12 10:04:27','1349900731188'),(714,'2022-08-25','3349700030310',1,NULL,'2022-09-12 10:04:27','1349900731188'),(715,'2022-08-25','3341500349838',1,NULL,'2022-09-12 10:04:27','1349900731188'),(716,'2022-08-25','1309900873829',1,NULL,'2022-09-12 10:04:27','1349900731188'),(717,'2022-08-25','1349900892467',1,NULL,'2022-09-12 10:04:27','1349900731188'),(718,'2022-08-25','1349900731188',1,NULL,'2022-09-12 10:04:27','1349900731188'),(719,'2022-08-24','3342300109468',1,NULL,'2022-09-12 10:04:38','1349900731188'),(720,'2022-08-24','3349700030310',1,NULL,'2022-09-12 10:04:38','1349900731188'),(721,'2022-08-24','3341500349838',1,NULL,'2022-09-12 10:04:38','1349900731188'),(722,'2022-08-24','1309900873829',1,NULL,'2022-09-12 10:04:38','1349900731188'),(723,'2022-08-24','1349900892467',1,NULL,'2022-09-12 10:04:38','1349900731188'),(724,'2022-08-24','1349900731188',1,NULL,'2022-09-12 10:04:38','1349900731188'),(725,'2022-08-23','3342300109468',1,NULL,'2022-09-12 10:04:48','1349900731188'),(726,'2022-08-23','3349700030310',1,NULL,'2022-09-12 10:04:48','1349900731188'),(727,'2022-08-23','3341500349838',1,NULL,'2022-09-12 10:04:48','1349900731188'),(728,'2022-08-23','1309900873829',1,NULL,'2022-09-12 10:04:48','1349900731188'),(729,'2022-08-23','1349900892467',1,NULL,'2022-09-12 10:04:48','1349900731188'),(730,'2022-08-23','1349900731188',1,NULL,'2022-09-12 10:04:48','1349900731188'),(731,'2022-08-22','3342300109468',1,NULL,'2022-09-12 10:05:00','1349900731188'),(732,'2022-08-22','3349700030310',1,NULL,'2022-09-12 10:05:00','1349900731188'),(733,'2022-08-22','3341500349838',1,NULL,'2022-09-12 10:05:00','1349900731188'),(734,'2022-08-22','1309900873829',1,NULL,'2022-09-12 10:05:00','1349900731188'),(735,'2022-08-22','1349900892467',1,NULL,'2022-09-12 10:05:00','1349900731188'),(736,'2022-08-22','1349900731188',1,NULL,'2022-09-12 10:05:00','1349900731188'),(737,'2022-08-19','3342300109468',1,NULL,'2022-09-12 10:05:11','1349900731188'),(738,'2022-08-19','3349700030310',1,NULL,'2022-09-12 10:05:11','1349900731188'),(739,'2022-08-19','3341500349838',1,NULL,'2022-09-12 10:05:11','1349900731188'),(740,'2022-08-19','1309900873829',1,NULL,'2022-09-12 10:05:11','1349900731188'),(741,'2022-08-19','1349900892467',1,NULL,'2022-09-12 10:05:11','1349900731188'),(742,'2022-08-19','1349900731188',1,NULL,'2022-09-12 10:05:11','1349900731188'),(743,'2022-08-18','3342300109468',1,NULL,'2022-09-12 10:05:21','1349900731188'),(744,'2022-08-18','3349700030310',1,NULL,'2022-09-12 10:05:21','1349900731188'),(745,'2022-08-18','3341500349838',1,NULL,'2022-09-12 10:05:21','1349900731188'),(746,'2022-08-18','1309900873829',1,NULL,'2022-09-12 10:05:21','1349900731188'),(747,'2022-08-18','1349900892467',1,NULL,'2022-09-12 10:05:21','1349900731188'),(748,'2022-08-18','1349900731188',1,NULL,'2022-09-12 10:05:21','1349900731188'),(749,'2022-08-17','3342300109468',1,NULL,'2022-09-12 10:05:30','1349900731188'),(750,'2022-08-17','3349700030310',1,NULL,'2022-09-12 10:05:30','1349900731188'),(751,'2022-08-17','3341500349838',1,NULL,'2022-09-12 10:05:30','1349900731188'),(752,'2022-08-17','1309900873829',1,NULL,'2022-09-12 10:05:30','1349900731188'),(753,'2022-08-17','1349900892467',1,NULL,'2022-09-12 10:05:30','1349900731188'),(754,'2022-08-17','1349900731188',1,NULL,'2022-09-12 10:05:30','1349900731188'),(755,'2022-08-16','3342300109468',1,NULL,'2022-09-12 10:05:39','1349900731188'),(756,'2022-08-16','3349700030310',1,NULL,'2022-09-12 10:05:39','1349900731188'),(757,'2022-08-16','3341500349838',1,NULL,'2022-09-12 10:05:39','1349900731188'),(758,'2022-08-16','1309900873829',1,NULL,'2022-09-12 10:05:39','1349900731188'),(759,'2022-08-16','1349900892467',1,NULL,'2022-09-12 10:05:39','1349900731188'),(760,'2022-08-16','1349900731188',1,NULL,'2022-09-12 10:05:39','1349900731188'),(761,'2022-09-23','3342300109468',1,NULL,'2022-09-24 12:23:36','1349900731188'),(762,'2022-09-23','3349700030310',1,NULL,'2022-09-24 12:23:36','1349900731188'),(763,'2022-09-23','3341500349838',1,NULL,'2022-09-24 12:23:36','1349900731188'),(764,'2022-09-23','1309900873829',1,NULL,'2022-09-24 12:23:36','1349900731188'),(765,'2022-09-23','1349900892467',1,NULL,'2022-09-24 12:23:36','1349900731188'),(766,'2022-09-23','1349900731188',1,NULL,'2022-09-24 12:23:36','1349900731188'),(767,'2022-09-22','3342300109468',1,NULL,'2022-09-24 12:23:46','1349900731188'),(768,'2022-09-22','3349700030310',1,NULL,'2022-09-24 12:23:46','1349900731188'),(769,'2022-09-22','3341500349838',1,NULL,'2022-09-24 12:23:46','1349900731188'),(770,'2022-09-22','1309900873829',1,NULL,'2022-09-24 12:23:46','1349900731188'),(771,'2022-09-22','1349900892467',1,NULL,'2022-09-24 12:23:46','1349900731188'),(772,'2022-09-22','1349900731188',1,NULL,'2022-09-24 12:23:46','1349900731188'),(773,'2022-09-21','3342300109468',1,NULL,'2022-09-24 12:23:55','1349900731188'),(774,'2022-09-21','3349700030310',1,NULL,'2022-09-24 12:23:55','1349900731188'),(775,'2022-09-21','3341500349838',1,NULL,'2022-09-24 12:23:55','1349900731188'),(776,'2022-09-21','1309900873829',1,NULL,'2022-09-24 12:23:55','1349900731188'),(777,'2022-09-21','1349900892467',1,NULL,'2022-09-24 12:23:55','1349900731188'),(778,'2022-09-21','1349900731188',1,NULL,'2022-09-24 12:23:55','1349900731188'),(779,'2022-09-20','3342300109468',1,NULL,'2022-09-24 12:24:06','1349900731188'),(780,'2022-09-20','3349700030310',1,NULL,'2022-09-24 12:24:06','1349900731188'),(781,'2022-09-20','3341500349838',1,NULL,'2022-09-24 12:24:06','1349900731188'),(782,'2022-09-20','1309900873829',1,NULL,'2022-09-24 12:24:06','1349900731188'),(783,'2022-09-20','1349900892467',1,NULL,'2022-09-24 12:24:06','1349900731188'),(784,'2022-09-20','1349900731188',1,NULL,'2022-09-24 12:24:06','1349900731188'),(785,'2022-09-19','3342300109468',1,NULL,'2022-09-24 12:24:16','1349900731188'),(786,'2022-09-19','3349700030310',1,NULL,'2022-09-24 12:24:16','1349900731188'),(787,'2022-09-19','3341500349838',1,NULL,'2022-09-24 12:24:16','1349900731188'),(788,'2022-09-19','1309900873829',1,NULL,'2022-09-24 12:24:16','1349900731188'),(789,'2022-09-19','1349900892467',1,NULL,'2022-09-24 12:24:16','1349900731188'),(790,'2022-09-19','1349900731188',1,NULL,'2022-09-24 12:24:16','1349900731188'),(791,'2022-09-16','3342300109468',1,NULL,'2022-09-24 12:24:26','1349900731188'),(792,'2022-09-16','3349700030310',1,NULL,'2022-09-24 12:24:26','1349900731188'),(793,'2022-09-16','3341500349838',1,NULL,'2022-09-24 12:24:26','1349900731188'),(794,'2022-09-16','1309900873829',1,NULL,'2022-09-24 12:24:26','1349900731188'),(795,'2022-09-16','1349900892467',1,NULL,'2022-09-24 12:24:26','1349900731188'),(796,'2022-09-16','1349900731188',1,NULL,'2022-09-24 12:24:26','1349900731188'),(797,'2022-09-15','3342300109468',1,NULL,'2022-09-24 12:24:35','1349900731188'),(798,'2022-09-15','3349700030310',1,NULL,'2022-09-24 12:24:35','1349900731188'),(799,'2022-09-15','3341500349838',1,NULL,'2022-09-24 12:24:35','1349900731188'),(800,'2022-09-15','1309900873829',1,NULL,'2022-09-24 12:24:35','1349900731188'),(801,'2022-09-15','1349900892467',1,NULL,'2022-09-24 12:24:35','1349900731188'),(802,'2022-09-15','1349900731188',1,NULL,'2022-09-24 12:24:35','1349900731188'),(803,'2022-09-14','3342300109468',1,NULL,'2022-09-24 12:24:45','1349900731188'),(804,'2022-09-14','3349700030310',1,NULL,'2022-09-24 12:24:45','1349900731188'),(805,'2022-09-14','3341500349838',1,NULL,'2022-09-24 12:24:45','1349900731188'),(806,'2022-09-14','1309900873829',1,NULL,'2022-09-24 12:24:45','1349900731188'),(807,'2022-09-14','1349900892467',1,NULL,'2022-09-24 12:24:45','1349900731188'),(808,'2022-09-14','1349900731188',1,NULL,'2022-09-24 12:24:45','1349900731188'),(809,'2022-09-13','3342300109468',1,NULL,'2022-09-24 12:24:56','1349900731188'),(810,'2022-09-13','3349700030310',1,NULL,'2022-09-24 12:24:56','1349900731188'),(811,'2022-09-13','3341500349838',1,NULL,'2022-09-24 12:24:56','1349900731188'),(812,'2022-09-13','1309900873829',1,NULL,'2022-09-24 12:24:56','1349900731188'),(813,'2022-09-13','1349900892467',1,NULL,'2022-09-24 12:24:56','1349900731188'),(814,'2022-09-13','1349900731188',1,NULL,'2022-09-24 12:24:56','1349900731188'),(815,'2022-11-01','3342300109468',1,NULL,'2022-11-21 09:55:03','1349900731188'),(816,'2022-11-01','3349700030310',1,NULL,'2022-11-21 09:55:03','1349900731188'),(817,'2022-11-01','3341500349838',1,NULL,'2022-11-21 09:55:03','1349900731188'),(818,'2022-11-01','1309900873829',1,NULL,'2022-11-21 09:55:03','1349900731188'),(819,'2022-11-01','1349900892467',1,NULL,'2022-11-21 09:55:03','1349900731188'),(820,'2022-11-01','1349900731188',1,NULL,'2022-11-21 09:55:03','1349900731188'),(821,'2022-11-02','3342300109468',1,NULL,'2022-11-21 09:55:13','1349900731188'),(822,'2022-11-02','3349700030310',1,NULL,'2022-11-21 09:55:13','1349900731188'),(823,'2022-11-02','3341500349838',1,NULL,'2022-11-21 09:55:13','1349900731188'),(824,'2022-11-02','1309900873829',1,NULL,'2022-11-21 09:55:13','1349900731188'),(825,'2022-11-02','1349900892467',1,NULL,'2022-11-21 09:55:13','1349900731188'),(826,'2022-11-02','1349900731188',1,NULL,'2022-11-21 09:55:13','1349900731188'),(827,'2022-11-03','3342300109468',1,NULL,'2022-11-21 09:55:23','1349900731188'),(828,'2022-11-03','3349700030310',1,NULL,'2022-11-21 09:55:23','1349900731188'),(829,'2022-11-03','3341500349838',1,NULL,'2022-11-21 09:55:23','1349900731188'),(830,'2022-11-03','1309900873829',1,NULL,'2022-11-21 09:55:23','1349900731188'),(831,'2022-11-03','1349900892467',1,NULL,'2022-11-21 09:55:23','1349900731188'),(832,'2022-11-03','1349900731188',1,NULL,'2022-11-21 09:55:23','1349900731188'),(833,'2022-11-04','3342300109468',1,NULL,'2022-11-21 09:55:36','1349900731188'),(834,'2022-11-04','3349700030310',1,NULL,'2022-11-21 09:55:36','1349900731188'),(835,'2022-11-04','3341500349838',1,NULL,'2022-11-21 09:55:36','1349900731188'),(836,'2022-11-04','1309900873829',1,NULL,'2022-11-21 09:55:36','1349900731188'),(837,'2022-11-04','1349900892467',1,NULL,'2022-11-21 09:55:36','1349900731188'),(838,'2022-11-04','1349900731188',1,NULL,'2022-11-21 09:55:36','1349900731188'),(839,'2022-11-07','3342300109468',1,NULL,'2022-11-21 09:58:21','1349900731188'),(840,'2022-11-07','3349700030310',1,NULL,'2022-11-21 09:58:21','1349900731188'),(841,'2022-11-07','3341500349838',1,NULL,'2022-11-21 09:58:21','1349900731188'),(842,'2022-11-07','1309900873829',1,NULL,'2022-11-21 09:58:21','1349900731188'),(843,'2022-11-07','1349900892467',1,NULL,'2022-11-21 09:58:21','1349900731188'),(844,'2022-11-07','1349900731188',1,NULL,'2022-11-21 09:58:21','1349900731188'),(845,'2022-11-08','3342300109468',1,NULL,'2022-11-21 09:56:00','1349900731188'),(846,'2022-11-08','3349700030310',1,NULL,'2022-11-21 09:56:00','1349900731188'),(847,'2022-11-08','3341500349838',1,NULL,'2022-11-21 09:56:00','1349900731188'),(848,'2022-11-08','1309900873829',1,NULL,'2022-11-21 09:56:00','1349900731188'),(849,'2022-11-08','1349900892467',1,NULL,'2022-11-21 09:56:00','1349900731188'),(850,'2022-11-08','1349900731188',1,NULL,'2022-11-21 09:56:00','1349900731188'),(851,'2022-11-09','3342300109468',1,NULL,'2022-11-21 09:56:19','1349900731188'),(852,'2022-11-09','3349700030310',1,NULL,'2022-11-21 09:56:19','1349900731188'),(853,'2022-11-09','3341500349838',1,NULL,'2022-11-21 09:56:19','1349900731188'),(854,'2022-11-09','1309900873829',1,NULL,'2022-11-21 09:56:19','1349900731188'),(855,'2022-11-09','1349900892467',1,NULL,'2022-11-21 09:56:19','1349900731188'),(856,'2022-11-09','1349900731188',1,NULL,'2022-11-21 09:56:19','1349900731188'),(857,'2022-11-10','3342300109468',1,NULL,'2022-11-21 09:56:29','1349900731188'),(858,'2022-11-10','3349700030310',1,NULL,'2022-11-21 09:56:29','1349900731188'),(859,'2022-11-10','3341500349838',1,NULL,'2022-11-21 09:56:29','1349900731188'),(860,'2022-11-10','1309900873829',1,NULL,'2022-11-21 09:56:29','1349900731188'),(861,'2022-11-10','1349900892467',1,NULL,'2022-11-21 09:56:29','1349900731188'),(862,'2022-11-10','1349900731188',1,NULL,'2022-11-21 09:56:29','1349900731188'),(863,'2022-11-11','3342300109468',1,NULL,'2022-11-21 09:56:46','1349900731188'),(864,'2022-11-11','3349700030310',1,NULL,'2022-11-21 09:56:46','1349900731188'),(865,'2022-11-11','3341500349838',1,NULL,'2022-11-21 09:56:46','1349900731188'),(866,'2022-11-11','1309900873829',1,NULL,'2022-11-21 09:56:46','1349900731188'),(867,'2022-11-11','1349900892467',1,NULL,'2022-11-21 09:56:46','1349900731188'),(868,'2022-11-11','1349900731188',1,NULL,'2022-11-21 09:56:46','1349900731188'),(869,'2022-11-14','3342300109468',1,NULL,'2022-11-21 09:56:58','1349900731188'),(870,'2022-11-14','3349700030310',1,NULL,'2022-11-21 09:56:58','1349900731188'),(871,'2022-11-14','3341500349838',1,NULL,'2022-11-21 09:56:58','1349900731188'),(872,'2022-11-14','1309900873829',1,NULL,'2022-11-21 09:56:58','1349900731188'),(873,'2022-11-14','1349900892467',1,NULL,'2022-11-21 09:56:58','1349900731188'),(874,'2022-11-14','1349900731188',1,NULL,'2022-11-21 09:56:58','1349900731188'),(875,'2022-11-15','3342300109468',1,NULL,'2022-11-21 09:57:08','1349900731188'),(876,'2022-11-15','3349700030310',1,NULL,'2022-11-21 09:57:08','1349900731188'),(877,'2022-11-15','3341500349838',1,NULL,'2022-11-21 09:57:08','1349900731188'),(878,'2022-11-15','1309900873829',1,NULL,'2022-11-21 09:57:08','1349900731188'),(879,'2022-11-15','1349900892467',1,NULL,'2022-11-21 09:57:08','1349900731188'),(880,'2022-11-15','1349900731188',1,NULL,'2022-11-21 09:57:08','1349900731188'),(881,'2022-11-16','3342300109468',1,NULL,'2022-11-21 09:57:21','1349900731188'),(882,'2022-11-16','3349700030310',1,NULL,'2022-11-21 09:57:21','1349900731188'),(883,'2022-11-16','3341500349838',1,NULL,'2022-11-21 09:57:21','1349900731188'),(884,'2022-11-16','1309900873829',1,NULL,'2022-11-21 09:57:21','1349900731188'),(885,'2022-11-16','1349900892467',1,NULL,'2022-11-21 09:57:21','1349900731188'),(886,'2022-11-16','1349900731188',1,NULL,'2022-11-21 09:57:21','1349900731188'),(887,'2022-11-21','3342300109468',1,NULL,'2022-11-21 09:57:33','1349900731188'),(888,'2022-11-21','3349700030310',1,NULL,'2022-11-21 09:57:33','1349900731188'),(889,'2022-11-21','3341500349838',1,NULL,'2022-11-21 09:57:33','1349900731188'),(890,'2022-11-21','1309900873829',1,NULL,'2022-11-21 09:57:33','1349900731188'),(891,'2022-11-21','1349900892467',1,NULL,'2022-11-21 09:57:33','1349900731188'),(892,'2022-11-21','1349900731188',1,NULL,'2022-11-21 09:57:33','1349900731188'),(893,'2022-11-18','3342300109468',1,NULL,'2022-11-21 09:57:43','1349900731188'),(894,'2022-11-18','3349700030310',1,NULL,'2022-11-21 09:57:43','1349900731188'),(895,'2022-11-18','3341500349838',1,NULL,'2022-11-21 09:57:43','1349900731188'),(896,'2022-11-18','1309900873829',1,NULL,'2022-11-21 09:57:43','1349900731188'),(897,'2022-11-18','1349900892467',1,NULL,'2022-11-21 09:57:43','1349900731188'),(898,'2022-11-18','1349900731188',1,NULL,'2022-11-21 09:57:43','1349900731188'),(899,'2022-11-17','3342300109468',1,NULL,'2022-11-21 09:57:52','1349900731188'),(900,'2022-11-17','3349700030310',1,NULL,'2022-11-21 09:57:52','1349900731188'),(901,'2022-11-17','3341500349838',1,NULL,'2022-11-21 09:57:52','1349900731188'),(902,'2022-11-17','1309900873829',1,NULL,'2022-11-21 09:57:52','1349900731188'),(903,'2022-11-17','1349900892467',1,NULL,'2022-11-21 09:57:52','1349900731188'),(904,'2022-11-17','1349900731188',1,NULL,'2022-11-21 09:57:52','1349900731188');

--
-- Table structure for table `work_permission`
--

CREATE TABLE `work_permission` (
  `id` int(11) NOT NULL AUTO_INCREMENT,
  `person_id` varchar(13) NOT NULL,
  `p1` tinyint(4) NOT NULL,
  `officer` varchar(13) NOT NULL,
  `rec_date` date NOT NULL,
  PRIMARY KEY (`id`)
) ENGINE=MyISAM AUTO_INCREMENT=9 DEFAULT CHARSET=utf8 COLLATE=utf8_general_ci;

--
-- Dumping data for table `work_permission`
--

INSERT INTO `work_permission` VALUES (3,'3349700030310',1,'3412100209320','2020-10-18'),(4,'3341500349838',1,'3412100209320','2020-10-18'),(5,'1309900873829',1,'3412100209320','2020-10-18'),(6,'1349900731188',1,'3412100209320','2020-10-18'),(8,'1349900892467',1,'1349900731188','2022-08-15');


