-- Table structure for table `bookregister_cer_officer`
--

CREATE TABLE `bookregister_cer_officer` (
  `id` int(11) NOT NULL AUTO_INCREMENT,
  `person_id` varchar(13) NOT NULL,
  `p1` tinyint(4) NOT NULL,
  `officer` varchar(13) NOT NULL,
  `rec_date` date NOT NULL,
  PRIMARY KEY (`id`),
  UNIQUE KEY `person_id` (`person_id`)
) ENGINE=MyISAM AUTO_INCREMENT=5 DEFAULT CHARSET=utf8 COLLATE=utf8_general_ci;

--
-- Dumping data for table `bookregister_cer_officer`
--

INSERT INTO `bookregister_cer_officer` VALUES (1,'3349900319682',1,'3349900319682','2016-06-25'),(2,'1471200116784',1,'3349900319682','2016-06-25'),(3,'3349800126769',1,'3349900319682','2016-06-25'),(4,'1341500220154',1,'1341500220154','2018-11-14');

--
-- Table structure for table `bookregister_cer_sign`
--

CREATE TABLE `bookregister_cer_sign` (
  `id` int(11) NOT NULL AUTO_INCREMENT,
  `code` varchar(13) NOT NULL,
  `name` varchar(200) NOT NULL,
  `position1` varchar(200) NOT NULL,
  `position2` varchar(200) NOT NULL,
  `sign_pic` varchar(150) NOT NULL,
  `sign_now` tinyint(4) NOT NULL DEFAULT 0,
  `officer` varchar(13) NOT NULL,
  `rec_date` date NOT NULL,
  PRIMARY KEY (`id`),
  UNIQUE KEY `code` (`code`)
) ENGINE=MyISAM AUTO_INCREMENT=2 DEFAULT CHARSET=utf8 COLLATE=utf8_general_ci;

--
-- Dumping data for table `bookregister_cer_sign`
--

INSERT INTO `bookregister_cer_sign` VALUES (1,'1','นายณรงค์   ตระกาลจันทร์','ผู้อำนวยการโรงเรียนบ้านนาสะแบง','','',1,'3349900319682','2016-06-25');

--
-- Table structure for table `bookregister_certificate`
--

CREATE TABLE `bookregister_certificate` (
  `ms_id` int(11) NOT NULL AUTO_INCREMENT,
  `year` int(11) NOT NULL,
  `register_number` int(11) NOT NULL,
  `book_no` varchar(50) NOT NULL,
  `signdate` date NOT NULL,
  `name_cer` varchar(150) NOT NULL,
  `subject` varchar(150) NOT NULL,
  `subject2` varchar(250) NOT NULL,
  `comment` varchar(100) DEFAULT NULL,
  `sign_person` varchar(4) NOT NULL,
  `register_date` date NOT NULL,
  `officer` varchar(13) DEFAULT NULL,
  `file_name` varchar(50) DEFAULT NULL,
  `khet_print` tinyint(4) NOT NULL DEFAULT 0,
  `check_status` tinyint(4) NOT NULL DEFAULT 0,
  `quarantee` tinyint(4) NOT NULL DEFAULT 0,
  `quarantee_person` varchar(13) NOT NULL,
  `quarantee_date` date NOT NULL,
  PRIMARY KEY (`ms_id`)
) ENGINE=MyISAM DEFAULT CHARSET=utf8 COLLATE=utf8_general_ci;

--
-- Dumping data for table `bookregister_certificate`
--


--
-- Table structure for table `bookregister_command`
--

CREATE TABLE `bookregister_command` (
  `ms_id` int(11) NOT NULL AUTO_INCREMENT,
  `year` int(11) NOT NULL,
  `register_number` int(11) NOT NULL,
  `book_no` varchar(50) NOT NULL,
  `signdate` date NOT NULL,
  `subject` varchar(150) NOT NULL,
  `comment` varchar(100) DEFAULT NULL,
  `register_date` date NOT NULL,
  `officer` varchar(13) DEFAULT NULL,
  `file_name` varchar(100) DEFAULT NULL,
  `file_des` varchar(100) DEFAULT NULL,
  PRIMARY KEY (`ms_id`)
) ENGINE=MyISAM DEFAULT CHARSET=utf8 COLLATE=utf8_general_ci;

--
-- Dumping data for table `bookregister_command`
--


--
-- Table structure for table `bookregister_office_no`
--

CREATE TABLE `bookregister_office_no` (
  `id` int(11) NOT NULL AUTO_INCREMENT,
  `office_no` varchar(100) NOT NULL,
  `school_code` varchar(15) DEFAULT NULL,
  `officer` varchar(13) DEFAULT NULL,
  `rec_date` date DEFAULT NULL,
  PRIMARY KEY (`id`)
) ENGINE=MyISAM AUTO_INCREMENT=2 DEFAULT CHARSET=utf8 COLLATE=utf8_general_ci;

--
-- Dumping data for table `bookregister_office_no`
--

INSERT INTO `bookregister_office_no` VALUES (1,'ที่ ศธ 04186.064 /',NULL,NULL,NULL);

--
-- Table structure for table `bookregister_permission`
--

CREATE TABLE `bookregister_permission` (
  `id` int(11) NOT NULL AUTO_INCREMENT,
  `person_id` varchar(13) NOT NULL,
  `p1` tinyint(4) NOT NULL,
  `p2` tinyint(4) DEFAULT NULL,
  `school_code` varchar(15) DEFAULT NULL,
  `officer` varchar(13) NOT NULL,
  `rec_date` date NOT NULL,
  PRIMARY KEY (`id`),
  UNIQUE KEY `person_id` (`person_id`)
) ENGINE=MyISAM AUTO_INCREMENT=6 DEFAULT CHARSET=utf8 COLLATE=utf8_general_ci;

--
-- Dumping data for table `bookregister_permission`
--

INSERT INTO `bookregister_permission` VALUES (2,'5341590032525',1,NULL,NULL,'3349900319682','2016-06-25'),(4,'3349800126769',1,NULL,NULL,'3349900319682','2016-06-25'),(5,'1341500220154',1,NULL,NULL,'5341590032525','2018-11-11');

--
-- Table structure for table `bookregister_receive_filebook`
--

CREATE TABLE `bookregister_receive_filebook` (
  `id` int(11) NOT NULL AUTO_INCREMENT,
  `ref_id` varchar(50) NOT NULL,
  `file_name` varchar(100) NOT NULL,
  `file_des` varchar(100) NOT NULL,
  PRIMARY KEY (`id`)
) ENGINE=MyISAM AUTO_INCREMENT=2 DEFAULT CHARSET=utf8 COLLATE=utf8_general_ci;

--
-- Dumping data for table `bookregister_receive_filebook`
--

INSERT INTO `bookregister_receive_filebook` VALUES (1,'1537590162x17725','1537590162x17725_1.pdf','หนังสือราชการ + เอกสารแนบ');

--
-- Table structure for table `bookregister_send_filebook`
--

CREATE TABLE `bookregister_send_filebook` (
  `id` int(11) NOT NULL AUTO_INCREMENT,
  `ref_id` varchar(50) NOT NULL,
  `file_name` varchar(100) NOT NULL,
  `file_des` varchar(100) NOT NULL,
  PRIMARY KEY (`id`)
) ENGINE=MyISAM DEFAULT CHARSET=utf8 COLLATE=utf8_general_ci;

--
-- Dumping data for table `bookregister_send_filebook`
--


--
-- Table structure for table `bookregister_year`
--

CREATE TABLE `bookregister_year` (
  `id` int(11) NOT NULL AUTO_INCREMENT,
  `year` int(11) NOT NULL,
  `year_active` tinyint(4) NOT NULL DEFAULT 0,
  `start_receive_num` int(11) NOT NULL DEFAULT 1,
  `start_send_num` int(11) NOT NULL DEFAULT 1,
  `start_command_num` int(11) NOT NULL DEFAULT 1,
  `start_cer_num` int(11) NOT NULL DEFAULT 1,
  `school_code` varchar(15) DEFAULT NULL,
  `officer` varchar(13) DEFAULT NULL,
  `rec_date` date DEFAULT NULL,
  PRIMARY KEY (`id`)
) ENGINE=MyISAM AUTO_INCREMENT=3 DEFAULT CHARSET=utf8 COLLATE=utf8_general_ci;

--
-- Dumping data for table `bookregister_year`
--

INSERT INTO `bookregister_year` VALUES (1,2559,0,1,45,1,1,NULL,NULL,NULL),(2,2561,1,1,104,46,1,NULL,NULL,NULL);

--
-- Table structure for table `budget_bud`
--

CREATE TABLE `budget_bud` (
  `id` int(11) NOT NULL AUTO_INCREMENT,
  `budget_year` int(11) NOT NULL,
  `doc` varchar(50) NOT NULL,
  `refer_wd_id` int(11) NOT NULL,
  `status` tinyint(11) DEFAULT NULL,
  `bud_type_id` int(11) DEFAULT NULL,
  `item` varchar(150) DEFAULT NULL,
  `receive_amount` double DEFAULT NULL,
  `pay_amount` double DEFAULT NULL,
  `payed_person` varchar(50) NOT NULL,
  `pay_group` int(4) DEFAULT NULL,
  `rec_date` date NOT NULL,
  `officer` varchar(13) NOT NULL,
  PRIMARY KEY (`id`)
) ENGINE=MyISAM DEFAULT CHARSET=utf8 COLLATE=utf8_general_ci;

--
-- Dumping data for table `budget_bud`
--


--
-- Table structure for table `budget_category`
--

CREATE TABLE `budget_category` (
  `id` int(11) NOT NULL AUTO_INCREMENT,
  `category_id` int(11) NOT NULL,
  `category_name` varchar(30) NOT NULL,
  PRIMARY KEY (`id`),
  UNIQUE KEY `category_id` (`category_id`)
) ENGINE=MyISAM AUTO_INCREMENT=7 DEFAULT CHARSET=utf8 COLLATE=utf8_general_ci;

--
-- Dumping data for table `budget_category`
--

INSERT INTO `budget_category` VALUES (1,1,'เงินนอกงบประมาณ'),(2,2,'เงินงบประมาณ'),(3,3,'เงินรายได้แผ่นดิน'),(6,4,'วงเงินงบประมาณที่ได้รับจัดสรร');

--
-- Table structure for table `budget_deega`
--

CREATE TABLE `budget_deega` (
  `id` int(11) NOT NULL AUTO_INCREMENT,
  `budget_year` int(11) NOT NULL,
  `deega_num` float NOT NULL DEFAULT 0,
  `doc` varchar(20) NOT NULL,
  `receive_num` char(3) NOT NULL DEFAULT '',
  `plan` char(2) NOT NULL DEFAULT '',
  `project` varchar(20) NOT NULL,
  `activity` varchar(20) NOT NULL,
  `pay_group` char(3) NOT NULL DEFAULT '',
  `item` varchar(50) NOT NULL DEFAULT '',
  `withdraw` double NOT NULL DEFAULT 0,
  `tax` double NOT NULL DEFAULT 0,
  `pay` double NOT NULL DEFAULT 0,
  `officer` varchar(13) NOT NULL,
  `rec_date` date NOT NULL,
  PRIMARY KEY (`id`)
) ENGINE=MyISAM DEFAULT CHARSET=utf8 COLLATE=utf8_general_ci;

--
-- Dumping data for table `budget_deega`
--


--
-- Table structure for table `budget_document`
--

CREATE TABLE `budget_document` (
  `id` int(11) NOT NULL AUTO_INCREMENT,
  `subject` varchar(150) NOT NULL,
  `file_name` varchar(150) NOT NULL,
  `rec_date` date NOT NULL,
  `officer` varchar(13) NOT NULL,
  PRIMARY KEY (`id`)
) ENGINE=MyISAM DEFAULT CHARSET=utf8 COLLATE=utf8_general_ci;

--
-- Dumping data for table `budget_document`
--


--
-- Table structure for table `budget_main`
--

CREATE TABLE `budget_main` (
  `id` int(11) NOT NULL AUTO_INCREMENT,
  `budget_year` int(11) NOT NULL,
  `doc` varchar(30) NOT NULL,
  `refer_wd_id` int(11) DEFAULT NULL,
  `type_id` int(11) NOT NULL,
  `item` varchar(100) NOT NULL,
  `receive_amount` double DEFAULT NULL,
  `pay_amount` double DEFAULT NULL,
  `payed_person` varchar(50) NOT NULL,
  `change_amount` double DEFAULT NULL,
  `pay_group` int(4) DEFAULT NULL,
  `status` tinyint(4) NOT NULL,
  `rec_date` date NOT NULL,
  `officer` varchar(13) DEFAULT NULL,
  PRIMARY KEY (`id`)
) ENGINE=MyISAM AUTO_INCREMENT=11 DEFAULT CHARSET=utf8 COLLATE=utf8_general_ci;

--
-- Dumping data for table `budget_main`
--

INSERT INTO `budget_main` VALUES (1,2559,'บร 001/6ก123',NULL,108,'รับเงินอุดหนุนรายหัวก่อนประถม ภาคเรียนที่ 1/2559',1000,NULL,'',NULL,NULL,2,'2016-07-23','1471200116784'),(3,2559,'314',NULL,118,'ค่าอาหารกลางวัน',46000,NULL,'',NULL,NULL,2,'2016-07-23','3349800126769'),(6,2564,'บค 1/64',NULL,118,'ยอดยกมา',60226.65,NULL,'',NULL,NULL,2,'2020-10-01','1330400499831'),(10,2564,'บค 1/64',0,120,'เบิกเงินคืน อบต. 1/64',NULL,7540,'อบต.หนองกินเพล',NULL,204,4,'2020-11-11','1330400499831'),(8,2564,'บท 01/64',4,118,'เบิกเงินอาหารกลางวัน 20 วัน',NULL,2800,'นางมุกดา  เพชรนาม',NULL,204,4,'2020-10-01','1330400499831'),(9,2564,'บท 02/64',5,118,'เบิกเงินอาหารกลางวัน 10 วัน',NULL,1400,'นางมุกดา  เพชรนาม',NULL,204,4,'2020-11-02','1330400499831');

--
-- Table structure for table `budget_money_return`
--

CREATE TABLE `budget_money_return` (
  `id` int(11) NOT NULL AUTO_INCREMENT,
  `budget_year` int(11) DEFAULT NULL,
  `document` varchar(30) NOT NULL DEFAULT '',
  `item` varchar(100) NOT NULL DEFAULT '',
  `pj_activity` varchar(20) NOT NULL DEFAULT '',
  `money` double NOT NULL DEFAULT 0,
  `pay_type` varchar(10) NOT NULL,
  `p_request` varchar(13) NOT NULL DEFAULT '',
  `officer` varchar(13) NOT NULL DEFAULT '',
  `rec_date` date NOT NULL,
  PRIMARY KEY (`id`)
) ENGINE=MyISAM DEFAULT CHARSET=utf8 COLLATE=utf8_general_ci;

--
-- Dumping data for table `budget_money_return`
--


--
-- Table structure for table `budget_pay_type`
--

CREATE TABLE `budget_pay_type` (
  `id` int(11) NOT NULL AUTO_INCREMENT,
  `pay_type_id` int(11) NOT NULL,
  `pay_group_id` tinyint(4) NOT NULL,
  `pay_type_name` varchar(30) NOT NULL,
  PRIMARY KEY (`id`),
  UNIQUE KEY `pay_type_id` (`pay_type_id`)
) ENGINE=MyISAM AUTO_INCREMENT=16 DEFAULT CHARSET=utf8 COLLATE=utf8_general_ci;

--
-- Dumping data for table `budget_pay_type`
--

INSERT INTO `budget_pay_type` VALUES (1,101,1,'เงินเดือน'),(15,102,1,'ค่าจ้างประจำ'),(3,103,1,'ค่าจ้างชั่วคราว'),(4,104,1,'ค่าตอบแทนพนักงานราชการ'),(5,201,2,'ค่าตอบแทน'),(6,202,2,'ค่าใช้สอย'),(7,203,2,'ค่าวัสดุ'),(8,204,2,'ค่าสาธารณูปโภค'),(9,301,3,'ค่าครุภัณฑ์'),(10,302,3,'ค่าที่ดินและสิ่งก่อสร้าง');

--
-- Table structure for table `budget_permission`
--

CREATE TABLE `budget_permission` (
  `id` int(11) NOT NULL AUTO_INCREMENT,
  `person_id` varchar(13) NOT NULL,
  `p1` tinyint(4) NOT NULL,
  `p2` tinyint(4) NOT NULL,
  `p3` tinyint(4) NOT NULL,
  `p4` tinyint(4) NOT NULL,
  `officer` varchar(13) NOT NULL,
  `rec_date` date NOT NULL,
  PRIMARY KEY (`id`)
) ENGINE=MyISAM AUTO_INCREMENT=7 DEFAULT CHARSET=utf8 COLLATE=utf8_general_ci;

--
-- Dumping data for table `budget_permission`
--

INSERT INTO `budget_permission` VALUES (1,'3349800126769',1,1,1,1,'3349800126769','2016-07-23'),(2,'5341590032525',1,1,1,1,'3349900319682','2016-06-25'),(3,'3349900319682',1,1,1,1,'3349800126769','2016-07-23'),(5,'1341500220154',1,1,1,1,'1341500220154','2018-11-14'),(6,'1330400499831',1,1,1,1,'1341500220154','2020-11-14');

--
-- Table structure for table `budget_project`
--

CREATE TABLE `budget_project` (
  `id` int(11) NOT NULL AUTO_INCREMENT,
  `budget_year` int(11) NOT NULL,
  `code` varchar(16) NOT NULL DEFAULT '',
  `name` varchar(80) NOT NULL DEFAULT '',
  PRIMARY KEY (`id`)
) ENGINE=MyISAM DEFAULT CHARSET=utf8 COLLATE=utf8_general_ci;

--
-- Dumping data for table `budget_project`
--


--
-- Table structure for table `budget_receive`
--

CREATE TABLE `budget_receive` (
  `id` int(11) NOT NULL AUTO_INCREMENT,
  `budget_year` int(11) NOT NULL,
  `num` float NOT NULL DEFAULT 0,
  `book_number` varchar(30) NOT NULL DEFAULT '',
  `out_date` varchar(50) NOT NULL DEFAULT '',
  `book_ref` varchar(30) NOT NULL DEFAULT '',
  `plan` char(1) NOT NULL DEFAULT '',
  `project` varchar(16) NOT NULL DEFAULT '',
  `activity` varchar(50) NOT NULL DEFAULT '',
  `activity2` varchar(200) NOT NULL DEFAULT '',
  `m_source` varchar(7) NOT NULL DEFAULT '',
  `account` varchar(30) NOT NULL DEFAULT '',
  `m_pay` char(3) NOT NULL DEFAULT '',
  `item` varchar(250) NOT NULL DEFAULT '',
  `detail` varchar(250) NOT NULL DEFAULT '',
  `money` double NOT NULL DEFAULT 0,
  `rec_date` date DEFAULT NULL,
  `officer` varchar(13) NOT NULL DEFAULT '',
  PRIMARY KEY (`id`),
  UNIQUE KEY `num` (`num`)
) ENGINE=MyISAM DEFAULT CHARSET=utf8 COLLATE=utf8_general_ci;

--
-- Dumping data for table `budget_receive`
--


--
-- Table structure for table `budget_type`
--

CREATE TABLE `budget_type` (
  `id` int(11) NOT NULL AUTO_INCREMENT,
  `type_id` int(11) NOT NULL,
  `category_id` int(11) NOT NULL,
  `type_name` varchar(70) NOT NULL,
  PRIMARY KEY (`id`),
  UNIQUE KEY `type_id` (`type_id`)
) ENGINE=MyISAM AUTO_INCREMENT=50 DEFAULT CHARSET=utf8 COLLATE=utf8_general_ci;

--
-- Dumping data for table `budget_type`
--

INSERT INTO `budget_type` VALUES (1,101,1,'เงินรายได้สถานศึกษา'),(2,102,1,'เงินบริจาค'),(33,103,1,'เงินภาษีหัก ณ ที่จ่าย'),(4,104,1,'เงินลูกเสือ'),(34,105,1,'เงินเนตรนารี'),(6,106,1,'เงินยุวกาชาด'),(7,107,1,'เงินประกันสัญญา'),(8,108,1,'เงินอุดหนุนทั่วไป(ค่าใช้จ่ายรายหัวก่อนประถมศึกษา)'),(47,119,1,'เงินบริจาคมีวัตถุประสงค์'),(38,304,3,'รายได้เบ็ดเตล็ดอื่น'),(14,301,3,'ค่าขายของเบ็ดเตล็ด'),(36,302,3,'ค่าธรรมเนียมเบ็ดเตล็ด'),(37,303,3,'เงินเหลือจ่ายปีเก่าส่งคืน'),(29,109,1,'เงินอุดหนุนทั่วไป(ค่าใช้จ่ายรายหัวประถมศึกษา)'),(23,112,1,'เงินอุดหนุนทั่วไป(ปัจจัยพื้นฐานนักเรียนยากจนประถมศึกษา)'),(24,113,1,'เงินอุดหนุนทั่วไป(ปัจจัยพื้นฐานนักเรียนยากจนมัธยมต้น)'),(25,114,1,'เรียนฟรี15ปี(ค่าหนังสือเรียน)'),(26,115,1,'เรียนฟรี15ปี(ค่าอุปกรณ์การเรียน)'),(27,116,1,'เรียนฟรี15ปี(ค่าเครื่องแบบนักเรียน)'),(28,117,1,'เรียนฟรี15ปี(ค่ากิจกรรมพัฒนาผู้เรียน)'),(30,110,1,'เงินอุดหนุนทั่วไป(ค่าใช้จ่ายรายหัวมัธยมศึกษาตอนต้น)'),(31,111,1,'เงินอุดหนุนทั่วไป(ค่าใช้จ่ายรายหัวมัธยมศึกษาตอนปลาย)'),(35,118,1,'เงินอาหารกลางวัน'),(48,120,1,'เงินอุดหนุนที่ได้รับจากอบต./เทศบาล'),(49,122,1,'เรียนฟรี 15 ปี(ค่าจัดการเรียนการสอน)');

--
-- Table structure for table `budget_withdraw`
--

CREATE TABLE `budget_withdraw` (
  `id` int(11) NOT NULL AUTO_INCREMENT,
  `budget_year` int(11) DEFAULT NULL,
  `document` varchar(30) NOT NULL DEFAULT '',
  `item` varchar(100) NOT NULL DEFAULT '',
  `pj_activity` varchar(20) NOT NULL DEFAULT '',
  `money` double NOT NULL DEFAULT 0,
  `money_type` varchar(3) NOT NULL,
  `pay_type` varchar(10) NOT NULL,
  `p_request` varchar(50) NOT NULL,
  `status` tinyint(4) DEFAULT 0,
  `officer` varchar(13) NOT NULL DEFAULT '',
  `rec_date` date NOT NULL,
  `borrowed_rec_date` date NOT NULL,
  `withdraw_rec_date` date NOT NULL,
  PRIMARY KEY (`id`)
) ENGINE=MyISAM AUTO_INCREMENT=6 DEFAULT CHARSET=utf8 COLLATE=utf8_general_ci;

--
-- Dumping data for table `budget_withdraw`
--

INSERT INTO `budget_withdraw` VALUES (1,2559,'บค01/59','อาหารกลางวัน','',460,'118','203','นาวสาวภาณิยา ภูธา',1,'3349800126769','2016-07-23','0000-00-00','2016-07-23'),(4,2564,'บท 01/64','เบิกเงินอาหารกลางวัน 20 วัน','001001',2800,'118','204','โสมสุดา  จิบจันทร์',1,'1330400499831','2020-10-01','0000-01-01','2020-10-01'),(5,2564,'บท 02/64','เบิกเงินอาหารกลางวัน 10 วัน','001001',1400,'118','204','โสมสุดา  จิบจันทร์',1,'1330400499831','2020-11-02','0000-01-01','2020-11-02');

--
-- Table structure for table `budget_year`
--

CREATE TABLE `budget_year` (
  `id` int(11) NOT NULL AUTO_INCREMENT,
  `budget_year` int(11) NOT NULL,
  `year_active` tinyint(1) NOT NULL,
  PRIMARY KEY (`id`),
  UNIQUE KEY `budget_year` (`budget_year`)
) ENGINE=MyISAM AUTO_INCREMENT=4 DEFAULT CHARSET=utf8 COLLATE=utf8_general_ci;

--
-- Dumping data for table `budget_year`
--

INSERT INTO `budget_year` VALUES (1,2559,0),(2,2563,0),(3,2564,1);

--
-- Table structure for table `cabinet_cabinet`
--

CREATE TABLE `cabinet_cabinet` (
  `id` int(11) NOT NULL AUTO_INCREMENT,
  `cabinet_id` int(11) NOT NULL,
  `cabinet_type` tinyint(4) NOT NULL,
  `cabinet_name` varchar(100) NOT NULL,
  `cabinet_size` double NOT NULL,
  `tray_size` double NOT NULL,
  `cabinet_person` varchar(13) NOT NULL,
  PRIMARY KEY (`id`),
  UNIQUE KEY `cabinet_id` (`cabinet_id`)
) ENGINE=MyISAM AUTO_INCREMENT=2 DEFAULT CHARSET=utf8 COLLATE=utf8_general_ci;

--
-- Dumping data for table `cabinet_cabinet`
--

INSERT INTO `cabinet_cabinet` VALUES (1,1,1,'งานวิชาการ',1000,10,'1341500220154');

--
-- Table structure for table `cabinet_file`
--

CREATE TABLE `cabinet_file` (
  `id` int(11) NOT NULL AUTO_INCREMENT,
  `file_id` int(11) NOT NULL,
  `tray_id` bigint(11) NOT NULL,
  `cabinet_id` int(11) NOT NULL,
  `file_name` varchar(100) NOT NULL,
  PRIMARY KEY (`id`)
) ENGINE=MyISAM AUTO_INCREMENT=5 DEFAULT CHARSET=utf8 COLLATE=utf8_general_ci;

--
-- Dumping data for table `cabinet_file`
--

INSERT INTO `cabinet_file` VALUES (2,1,1,1,'ชั้นป.1'),(3,2,1,1,'ชั้นป.2'),(4,3,1,1,'ชั้นป.3');

--
-- Table structure for table `cabinet_main`
--

CREATE TABLE `cabinet_main` (
  `id` int(11) NOT NULL AUTO_INCREMENT,
  `file_id` int(11) NOT NULL,
  `tray_id` bigint(11) NOT NULL,
  `cabinet_id` int(11) NOT NULL,
  `cabinet_type` tinyint(4) NOT NULL,
  `doc_subject` varchar(150) NOT NULL,
  `doc_size` double NOT NULL,
  `doc_name` varchar(100) NOT NULL,
  `doc_type` varchar(10) NOT NULL,
  `status` tinyint(4) NOT NULL DEFAULT 0,
  `person_id` varchar(13) NOT NULL,
  `rec_date` datetime NOT NULL,
  PRIMARY KEY (`id`)
) ENGINE=MyISAM AUTO_INCREMENT=2 DEFAULT CHARSET=utf8 COLLATE=utf8_general_ci;

--
-- Dumping data for table `cabinet_main`
--

INSERT INTO `cabinet_main` VALUES (1,1,1,1,1,'ปพ1',3543344,'13415002201541542181742.pdf','pdf',0,'1341500220154','2018-11-14 14:49:02');

--
-- Table structure for table `cabinet_permission`
--

CREATE TABLE `cabinet_permission` (
  `id` int(11) NOT NULL AUTO_INCREMENT,
  `person_id` varchar(13) NOT NULL,
  `p1` tinyint(4) DEFAULT NULL,
  `officer` varchar(13) NOT NULL,
  `rec_date` date NOT NULL,
  PRIMARY KEY (`id`),
  UNIQUE KEY `person_id` (`person_id`)
) ENGINE=MyISAM AUTO_INCREMENT=6 DEFAULT CHARSET=utf8 COLLATE=utf8_general_ci;

--
-- Dumping data for table `cabinet_permission`
--

INSERT INTO `cabinet_permission` VALUES (1,'1471200116784',1,'3349900319682','2016-06-25'),(2,'5341590032525',1,'3349900319682','2016-06-25'),(3,'3349900319682',1,'3349900319682','2016-06-25'),(4,'3349800126769',1,'1341500220154','2018-11-14'),(5,'1341500220154',1,'1341500220154','2018-11-14');

--
-- Table structure for table `cabinet_tray`
--

CREATE TABLE `cabinet_tray` (
  `id` int(11) NOT NULL AUTO_INCREMENT,
  `tray_id` bigint(20) NOT NULL,
  `cabinet_id` int(11) NOT NULL,
  `tray_name` varchar(100) NOT NULL,
  PRIMARY KEY (`id`)
) ENGINE=MyISAM AUTO_INCREMENT=4 DEFAULT CHARSET=utf8 COLLATE=utf8_general_ci;

--
-- Dumping data for table `cabinet_tray`
--

INSERT INTO `cabinet_tray` VALUES (1,1,1,'ปพ1'),(2,2,1,'ปพ.3'),(3,3,1,'ปพ.6');

--
-- Table structure for table `delegate_main`
--

CREATE TABLE `delegate_main` (
  `id` int(11) NOT NULL AUTO_INCREMENT,
  `person_id` varchar(13) NOT NULL,
  `start` date NOT NULL,
  `finish` date NOT NULL,
  `remark` varchar(250) NOT NULL,
  `officer` varchar(13) NOT NULL,
  `rec_date` date NOT NULL,
  PRIMARY KEY (`id`)
) ENGINE=MyISAM DEFAULT CHARSET=utf8 COLLATE=utf8_general_ci;

--
-- Dumping data for table `delegate_main`
--


--
-- Table structure for table `delegate_permission`
--

CREATE TABLE `delegate_permission` (
  `id` int(11) NOT NULL AUTO_INCREMENT,
  `person_id` varchar(13) NOT NULL,
  `p1` tinyint(4) NOT NULL,
  `officer` varchar(13) NOT NULL,
  `rec_date` date NOT NULL,
  PRIMARY KEY (`id`)
) ENGINE=MyISAM AUTO_INCREMENT=5 DEFAULT CHARSET=utf8 COLLATE=utf8_general_ci;

--
-- Dumping data for table `delegate_permission`
--

INSERT INTO `delegate_permission` VALUES (1,'5341590032525',1,'3349900319682','2016-06-25'),(2,'3349900319682',1,'3349900319682','2016-06-25'),(4,'3349800126769',1,'3349900319682','2016-06-25');

--
-- Table structure for table `health_age_height`
--

CREATE TABLE `health_age_height` (
  `id` int(11) NOT NULL AUTO_INCREMENT,
  `type` tinyint(4) NOT NULL DEFAULT 1,
  `sex` tinyint(4) NOT NULL DEFAULT 2,
  `age` double NOT NULL,
  `height_1` double NOT NULL,
  `height_2` double NOT NULL,
  `height_3` double NOT NULL,
  `height_4` double NOT NULL,
  PRIMARY KEY (`id`)
) ENGINE=MyISAM AUTO_INCREMENT=63 DEFAULT CHARSET=utf8 COLLATE=utf8_general_ci;

--
-- Dumping data for table `health_age_height`
--

INSERT INTO `health_age_height` VALUES (1,0,1,1,70,71.5,80,81),(2,0,1,1.25,72.5,73.5,83.5,85),(3,0,1,1.5,75,77,86.5,88),(4,0,1,1.75,77.5,79.5,89.5,91),(5,0,1,2,80,81.5,92,93.5),(6,0,1,2.25,82,84,94,96),(7,0,1,2.5,83.5,84.5,96.5,98),(8,0,1,2.75,85.5,87.5,98.5,100),(9,0,1,3,87,89.5,100.5,102),(10,0,1,3.25,89,91,102.5,104),(11,0,1,3.5,90.5,93,104.5,106),(12,0,1,3.75,92,94.5,106.5,108),(13,0,1,4,93.5,96,108,110),(14,0,1,4.25,95,96.5,110,112),(15,0,1,4.5,97,99,112,113.5),(16,0,1,4.75,98.5,100.5,113.5,115),(17,0,1,5,100,102,115,117.7),(18,0,2,1,67,69,79,80.5),(19,0,2,1.25,70,72,82.5,84.5),(20,0,2,1.5,73,74.5,85,87.5),(21,0,2,1.75,75.5,77,88,89.5),(22,0,2,2,78,79.5,90.5,92),(23,0,2,2.25,80,82,92.5,94.5),(24,0,2,2.5,82,84,95,96.5),(25,0,2,2.75,84,86,97,98.5),(26,0,2,3,85.5,88,99,100.5),(27,0,2,3.25,87.5,89.5,100.5,102.5),(28,0,2,3.5,89,91.5,102.5,104.5),(29,0,2,3.75,90.5,93,104.5,106),(30,0,2,4,92.5,94.5,106.5,108.5),(31,0,2,4.25,94,96,108.5,110.5),(32,0,2,4.5,95.5,98,110.5,112.5),(33,0,2,4.75,97.5,99.5,112.5,114),(34,0,2,5,99,101,114,116),(35,1,1,5,100,102,115,117.5),(36,1,1,6,105.5,107.5,121.5,123.5),(37,1,1,7,110.5,113,127.5,130),(38,1,1,8,114.5,117.5,133.5,136),(39,1,1,9,119,122,138,141),(40,1,1,10,123.5,126.5,143.5,145.5),(41,1,1,11,127.5,130.5,149.5,153),(42,1,1,12,131.5,135,157,161),(43,1,1,13,135,139,162,166),(44,1,1,14,143,147.5,170,173),(45,1,1,15,149.5,153.5,173,176.5),(46,1,1,16,155,158.5,176,178.5),(47,1,1,17,157.5,160.5,177,179.5),(48,1,1,18,158.5,161.5,177.5,180),(49,1,2,5,99,101,114,116),(50,1,2,6,105,107.5,120.5,123),(51,1,2,7,109.5,112.5,126.5,129),(52,1,2,8,114.5,117,132.5,135),(53,1,2,9,119,122,139,142),(54,1,2,10,124,127,146,149.5),(55,1,2,11,129.5,133,152.5,155.5),(56,1,2,12,135.5,138.5,157,159.5),(57,1,2,13,140.5,143.5,160,162.5),(58,1,2,14,144.5,147,162,164.5),(59,1,2,15,146,148,163.5,166),(60,1,2,16,146.5,149,164,166.5),(61,1,2,17,147,149,164,166.5),(62,1,2,18,147,149.5,164,166.5);

--
-- Table structure for table `health_age_weight`
--

CREATE TABLE `health_age_weight` (
  `id` int(11) NOT NULL AUTO_INCREMENT,
  `type` tinyint(4) NOT NULL DEFAULT 1,
  `sex` tinyint(4) NOT NULL DEFAULT 2,
  `age` double NOT NULL,
  `weight_1` double NOT NULL,
  `weight_2` double NOT NULL,
  `weight_3` double NOT NULL,
  `weight_4` double NOT NULL,
  PRIMARY KEY (`id`)
) ENGINE=MyISAM AUTO_INCREMENT=63 DEFAULT CHARSET=utf8 COLLATE=utf8_general_ci;

--
-- Dumping data for table `health_age_weight`
--

INSERT INTO `health_age_weight` VALUES (1,0,1,1,7.8,8.3,11.5,11.5),(2,0,1,1.25,8.5,9,12,12.5),(3,0,1,1.5,8.9,9.4,12.9,13.5),(4,0,1,1.75,9.4,10,13.7,14.4),(5,0,1,2,9.8,10.5,14.5,15.2),(6,0,1,2.25,10.2,11,15,15.8),(7,0,1,2.5,10.6,11.4,15.8,16.7),(8,0,1,2.75,11,11.8,16.6,17.4),(9,0,1,3,11.4,12.2,17.3,18.2),(10,0,1,3.25,11.7,12.6,18,19),(11,0,1,3.5,12,12.8,18.7,19.8),(12,0,1,3.75,12.4,13.3,19.3,20.6),(13,0,1,4,12.7,13.6,20,21.3),(14,0,1,4.25,13.2,13.9,20.7,22),(15,0,1,4.5,13.4,14.3,21.3,22.7),(16,0,1,4.75,13.8,14.6,21.9,23.7),(17,0,1,5,14,15,23,24),(18,0,2,1,7.3,7.7,10.5,11),(19,0,2,1.25,7.8,8.3,11.3,11.9),(20,0,2,1.5,8.3,8.8,12,12.8),(21,0,2,1.75,8.8,9.3,12.9,13.6),(22,0,2,2,9,9.8,13.6,14.4),(23,0,2,2.25,9.5,10.2,14.4,15.2),(24,0,2,2.5,9.8,10.7,15.2,15.9),(25,0,2,2.75,10.3,11.2,15.9,16.9),(26,0,2,3,10.7,11.5,16.6,17.4),(27,0,2,3.25,11.2,11.9,17.3,18.2),(28,0,2,3.5,11.5,12.3,17.9,18.9),(29,0,2,3.75,11.8,12.7,18.5,19.7),(30,0,2,4,12.2,13,19.3,20.5),(31,0,2,4.25,12.4,13.4,19.7,21),(32,0,2,4.5,12.8,13.7,20.3,21.7),(33,0,2,4.75,13,13.9,20.9,22.3),(34,0,2,5,13.5,14,22,23.5),(35,1,1,5,14,15,23,24),(36,1,1,6,15.5,16.5,25.5,27),(37,1,1,7,17,18.5,28.5,31),(38,1,1,8,18.5,20,32,35),(39,1,1,9,20,21.5,36,39.5),(40,1,1,10,21.5,23.5,40.5,44.5),(41,1,1,11,23,25.5,45,49.5),(42,1,1,12,25.5,28,50,54.5),(43,1,1,13,28,31.5,54.5,58.5),(44,1,1,14,32,35.5,58.5,63.5),(45,1,1,15,36.5,40,62,65.5),(46,1,1,16,40.5,44,64,67.5),(47,1,1,17,43,46,66,69),(48,1,1,18,45,48,67,70),(49,1,2,5,13.5,14,22,23.5),(50,1,2,6,15,16,24.5,26.5),(51,1,2,7,16.5,17.5,28.5,31),(52,1,2,8,17.5,19,32.5,35.5),(53,1,2,9,19.5,21,37.5,41),(54,1,2,10,21.5,23.5,42,46),(55,1,2,11,23.5,26,46.5,50.5),(56,1,2,12,26.5,29,50,54),(57,1,2,13,29.5,33,53,55.5),(58,1,2,14,33.5,36.5,55,58.5),(59,1,2,15,36.5,38.5,56.5,59.5),(60,1,2,16,37.5,40,57,60),(61,1,2,17,38,41,57.5,60.5),(62,1,2,18,38.5,41,57.5,60.5);

--
-- Table structure for table `health_base`
--

CREATE TABLE `health_base` (
  `base_id` int(5) NOT NULL AUTO_INCREMENT,
  `study_year` int(5) NOT NULL,
  `term` int(3) NOT NULL,
  `status` int(2) NOT NULL,
  PRIMARY KEY (`base_id`)
) ENGINE=MyISAM AUTO_INCREMENT=6 DEFAULT CHARSET=utf8 COLLATE=utf8_general_ci;

--
-- Dumping data for table `health_base`
--

INSERT INTO `health_base` VALUES (1,2559,1,0),(2,2559,2,0),(3,2561,2,0),(4,2562,2,0),(5,2563,1,1);

--
-- Table structure for table `health_checking`
--

CREATE TABLE `health_checking` (
  `check_id` int(11) NOT NULL AUTO_INCREMENT,
  `student_id` int(11) NOT NULL,
  `student_number` varchar(13) NOT NULL,
  `year_std` varchar(5) NOT NULL,
  `term_std` varchar(3) NOT NULL,
  `class_now` tinyint(4) NOT NULL,
  `room` tinyint(4) NOT NULL,
  `number_check` int(5) NOT NULL,
  `gum` varchar(100) NOT NULL,
  `iodine` varchar(100) NOT NULL,
  `tooth` varchar(100) NOT NULL,
  `weight` varchar(10) NOT NULL,
  `tall` varchar(10) NOT NULL,
  `comment` text NOT NULL,
  `day` datetime NOT NULL,
  `usenull` text DEFAULT NULL,
  `life` varchar(10) NOT NULL,
  `push` varchar(10) NOT NULL,
  `sit` varchar(10) NOT NULL,
  `roll` varchar(10) NOT NULL,
  `run` varchar(10) NOT NULL,
  `person_check` varchar(255) NOT NULL,
  PRIMARY KEY (`check_id`)
) ENGINE=MyISAM DEFAULT CHARSET=utf8 COLLATE=utf8_general_ci;

--
-- Dumping data for table `health_checking`
--


--
-- Table structure for table `health_personal`
--

CREATE TABLE `health_personal` (
  `per_id` int(11) NOT NULL AUTO_INCREMENT,
  `personal_code` varchar(13) NOT NULL,
  `per_position` int(3) NOT NULL,
  `per_status` int(3) NOT NULL,
  `person_room` int(3) NOT NULL,
  PRIMARY KEY (`per_id`)
) ENGINE=MyISAM AUTO_INCREMENT=8 DEFAULT CHARSET=utf8 COLLATE=utf8_general_ci;

--
-- Dumping data for table `health_personal`
--

INSERT INTO `health_personal` VALUES (1,'1341500220154',3,1,0),(2,'1341500220154',5,1,0),(3,'1341500220154',6,1,0),(4,'3349800141253',7,1,0),(5,'3349900319682',8,1,0),(6,'1341500220154',9,1,0);

--
-- Table structure for table `health_weight_height`
--

CREATE TABLE `health_weight_height` (
  `id` int(11) NOT NULL AUTO_INCREMENT,
  `type` tinyint(4) NOT NULL DEFAULT 0,
  `sex` tinyint(4) NOT NULL DEFAULT 1,
  `height` int(11) NOT NULL,
  `weight_1` double NOT NULL,
  `weight_2` double NOT NULL,
  `weight_3` double NOT NULL,
  `weight_4` double NOT NULL,
  `weight_5` double NOT NULL,
  PRIMARY KEY (`id`)
) ENGINE=MyISAM AUTO_INCREMENT=75 DEFAULT CHARSET=utf8 COLLATE=utf8_general_ci;

--
-- Dumping data for table `health_weight_height`
--

INSERT INTO `health_weight_height` VALUES (1,0,1,50,2.5,3,3.8,4,4.5),(2,0,1,55,3.5,4,4.8,5,6),(3,0,1,60,4.5,5,6.3,6.5,7.5),(4,0,1,65,5.5,6,7.8,8,9),(5,0,1,70,7,7.5,9.3,9.5,10.5),(6,0,1,75,8,8.5,10.8,11,12),(7,0,1,80,9,9.5,12,12.5,13.5),(8,0,1,85,10,10.5,13.5,14,15.5),(9,0,1,90,11,11.5,15,15.5,17),(10,0,1,95,12,12.5,16.5,17,19),(11,0,1,100,13,14,18.5,19,21),(12,0,1,105,14,15,20,21,22.5),(13,0,1,110,15.5,16.5,22,23,25),(14,0,1,115,17,18,24,25,28),(15,0,1,120,18.5,19.5,26.5,28,31),(16,0,1,125,20.5,21.5,29.5,31,35),(17,0,1,130,22,23.5,33,35,39.5),(18,0,1,135,24,25.5,37,39,45),(19,0,1,140,26.5,28,41,44,50),(20,0,2,50,3,3.1,3.8,4,4.5),(21,0,2,55,3.5,4,4.8,5,6),(22,0,2,60,4.5,5,6.3,6.5,7),(23,0,2,65,5.5,6,7.8,8,8.5),(24,0,2,70,6.5,7.5,8.8,9,10),(25,0,2,75,7.5,8.5,10.8,10.5,11.5),(26,0,2,80,8.5,9,11.5,12.5,13),(27,0,2,85,9.5,10,13,13.5,14.5),(28,0,2,90,10.5,11.5,14.5,15.5,16.5),(29,0,2,95,11.5,13,16.5,17,18.5),(30,0,2,100,13,13.5,18,18.5,20.5),(31,0,2,110,15.5,16,22,23,25),(32,0,2,115,16.5,17.5,24,25,28),(33,0,2,120,18,19,27,28.5,31.5),(34,0,2,125,19.5,21.5,30,31.5,35.5),(35,0,2,130,21.5,23,34,36,41),(36,0,2,135,23.5,25,38,40.5,46),(37,0,2,140,25.5,27.5,42.5,45.5,55.5),(38,0,2,105,14,15,19.5,20.5,22.5),(39,1,1,90,11,11.5,15,16,17),(40,1,1,95,12,12.5,17,17.5,19),(41,1,1,100,13,14,18,19,21),(42,1,1,105,14.5,15,19.5,20.5,22.5),(43,1,1,110,16,16.6,21.5,22.5,24.5),(44,1,1,115,17,18,24,25,27.5),(45,1,1,120,19,19.5,26.5,28,30.5),(46,1,1,125,20,21,29,31,34),(47,1,1,130,22,23,33,35,39),(48,1,1,135,24.5,25.5,37,39.5,45),(49,1,1,140,26.5,28.5,41,44,50),(50,1,1,145,29,31,45,48,54.5),(51,1,1,150,32,34,49,52.5,58.5),(52,1,1,155,35,37,53,56.5,62.5),(53,1,1,160,38.5,41,57,60.5,66.5),(54,1,1,165,42.5,45,61.5,64.5,70),(55,1,1,170,46,48.5,65,68,74.5),(56,1,1,175,49.5,52.5,69,72,77),(57,1,1,180,53,56,72,75,80),(58,1,2,90,11,11.5,15,16,17),(59,1,2,95,12,12.5,16,17,18.5),(60,1,2,100,13,13.5,18,19,20.5),(61,1,2,105,14,15,19.5,20.5,22.5),(62,1,2,110,15.5,16,21.5,22.5,25),(63,1,2,115,17,17.5,24,25,27.5),(64,1,2,120,18.5,19,26.5,28,31),(65,1,2,125,20,21,30,32,36),(66,1,2,130,21.5,22.5,33.5,36,41),(67,1,2,135,23.5,25,38,41,46),(68,1,2,140,26,27.5,42.5,45.5,51.5),(69,1,2,145,29,31,47,50,56.5),(70,1,2,150,32.5,34.5,51.5,54.5,61),(71,1,2,155,36,38.5,55.5,58.5,65),(72,1,2,160,39.5,42,59,62,68),(73,1,2,165,43,45.5,62,65,70.5),(74,1,2,170,47,48.5,65.5,67.5,72.5);

--
-- Table structure for table `idplan_education`
--

CREATE TABLE `idplan_education` (
  `id` int(11) NOT NULL AUTO_INCREMENT,
  `person_id` varchar(15) DEFAULT NULL,
  `class` varchar(30) DEFAULT NULL,
  `initials` varchar(30) DEFAULT NULL,
  `subject_1` varchar(150) DEFAULT NULL,
  `subject` varchar(150) DEFAULT NULL,
  `institute` varchar(200) DEFAULT NULL,
  `province` varchar(50) DEFAULT NULL,
  `finish_year` varchar(10) DEFAULT NULL,
  PRIMARY KEY (`id`)
) ENGINE=MyISAM AUTO_INCREMENT=9 DEFAULT CHARSET=utf8 COLLATE=utf8_general_ci;

--
-- Dumping data for table `idplan_education`
--


--
-- Table structure for table `idplan_list_setting`
--

CREATE TABLE `idplan_list_setting` (
  `id` int(11) NOT NULL AUTO_INCREMENT,
  `rating` int(5) DEFAULT NULL,
  `item_list` char(50) DEFAULT NULL,
  `permission` int(2) DEFAULT NULL,
  PRIMARY KEY (`id`)
) ENGINE=MyISAM AUTO_INCREMENT=12 DEFAULT CHARSET=utf8 COLLATE=utf8_general_ci;

--
-- Dumping data for table `idplan_list_setting`
--


--
-- Table structure for table `idplan_lookbook_1`
--

CREATE TABLE `idplan_lookbook_1` (
  `id` int(11) NOT NULL AUTO_INCREMENT,
  `person_id` varchar(15) DEFAULT NULL,
  `study_year` varchar(5) DEFAULT NULL,
  `term` varchar(2) DEFAULT NULL,
  `office` varchar(200) DEFAULT NULL,
  `school_name` varchar(250) DEFAULT NULL,
  `class` varchar(5) DEFAULT NULL,
  `subject_1` varchar(3) DEFAULT NULL,
  `subject_2` varchar(150) DEFAULT NULL,
  `house` int(3) DEFAULT NULL,
  PRIMARY KEY (`id`)
) ENGINE=MyISAM AUTO_INCREMENT=19 DEFAULT CHARSET=utf8 COLLATE=utf8_general_ci;

--
-- Dumping data for table `idplan_lookbook_1`
--


--
-- Table structure for table `idplan_lookbook_2`
--

CREATE TABLE `idplan_lookbook_2` (
  `id` int(11) NOT NULL AUTO_INCREMENT,
  `person_id` varchar(15) DEFAULT NULL,
  `year` varchar(5) DEFAULT NULL,
  `term` varchar(1) DEFAULT NULL,
  `week` varchar(3) DEFAULT NULL,
  `start_date` date DEFAULT NULL,
  `end_date` date DEFAULT NULL,
  `group_vicha_id` varchar(2) DEFAULT NULL,
  `vicha_name` varchar(200) DEFAULT NULL,
  `vicha_code` varchar(10) DEFAULT NULL,
  `vitaya` varchar(2) DEFAULT NULL,
  `hour_term` varchar(5) DEFAULT NULL,
  `time` varchar(5) DEFAULT NULL,
  `time_unit` varchar(25) DEFAULT NULL,
  `learn_type` varchar(2) DEFAULT NULL,
  `garantee` varchar(2) DEFAULT NULL,
  PRIMARY KEY (`id`)
) ENGINE=MyISAM AUTO_INCREMENT=20 DEFAULT CHARSET=utf8 COLLATE=utf8_general_ci;

--
-- Dumping data for table `idplan_lookbook_2`
--


--
-- Table structure for table `idplan_lookbook_3`
--

CREATE TABLE `idplan_lookbook_3` (
  `id` int(11) NOT NULL AUTO_INCREMENT,
  `person_id` varchar(15) DEFAULT NULL,
  `year` varchar(5) DEFAULT NULL,
  `term` varchar(1) DEFAULT NULL,
  `week` varchar(3) DEFAULT NULL,
  `start_date` date DEFAULT NULL,
  `end_date` date DEFAULT NULL,
  `vicha_support` varchar(200) DEFAULT NULL,
  `hour_week` varchar(5) DEFAULT NULL,
  `garantee` varchar(2) DEFAULT NULL,
  PRIMARY KEY (`id`)
) ENGINE=MyISAM AUTO_INCREMENT=22 DEFAULT CHARSET=utf8 COLLATE=utf8_general_ci;

--
-- Dumping data for table `idplan_lookbook_3`
--


--
-- Table structure for table `idplan_lookbook_4`
--

CREATE TABLE `idplan_lookbook_4` (
  `id` int(11) NOT NULL AUTO_INCREMENT,
  `person_id` varchar(15) DEFAULT NULL,
  `year` varchar(5) DEFAULT NULL,
  `term` varchar(1) DEFAULT NULL,
  `week` varchar(3) DEFAULT NULL,
  `start_date` date DEFAULT NULL,
  `end_date` date DEFAULT NULL,
  `policy` varchar(255) DEFAULT NULL,
  `hour_week` varchar(5) DEFAULT NULL,
  `garantee` varchar(2) DEFAULT NULL,
  PRIMARY KEY (`id`)
) ENGINE=MyISAM AUTO_INCREMENT=24 DEFAULT CHARSET=utf8 COLLATE=utf8_general_ci;

--
-- Dumping data for table `idplan_lookbook_4`
--


--
-- Table structure for table `idplan_lookbook_5`
--

CREATE TABLE `idplan_lookbook_5` (
  `id` int(11) NOT NULL AUTO_INCREMENT,
  `person_id` varchar(15) DEFAULT NULL,
  `rec_date` date DEFAULT NULL,
  `develop_name` varchar(255) DEFAULT NULL,
  `develop_code` varchar(15) DEFAULT NULL,
  `knowledge` varchar(10) DEFAULT NULL,
  `skill` varchar(10) DEFAULT NULL,
  `teacher` varchar(10) DEFAULT NULL,
  `develop_hour` varchar(5) DEFAULT NULL,
  `develop_start_date` date DEFAULT NULL,
  `num_date` int(5) DEFAULT NULL,
  `development` varchar(10) DEFAULT NULL,
  `garantee` varchar(2) DEFAULT NULL,
  PRIMARY KEY (`id`)
) ENGINE=MyISAM AUTO_INCREMENT=4 DEFAULT CHARSET=utf8 COLLATE=utf8_general_ci;

--
-- Dumping data for table `idplan_lookbook_5`
--


--
-- Table structure for table `idplan_lookbook_6`
--

CREATE TABLE `idplan_lookbook_6` (
  `id` int(11) NOT NULL AUTO_INCREMENT,
  `person_id` varchar(15) DEFAULT NULL,
  `group_activities` varchar(255) DEFAULT NULL,
  `num_member` int(5) DEFAULT NULL,
  `activities_name` varchar(255) DEFAULT NULL,
  `round` varchar(3) DEFAULT NULL,
  `date_activities` date DEFAULT NULL,
  `term` varchar(2) DEFAULT NULL,
  `year` varchar(5) DEFAULT NULL,
  `num_hour` varchar(5) DEFAULT NULL,
  `r_character` varchar(3) DEFAULT NULL,
  `income_activities` varchar(5) DEFAULT NULL,
  `issues` varchar(255) DEFAULT NULL,
  `cause` varchar(255) DEFAULT NULL,
  `knowledge` varchar(255) DEFAULT NULL,
  `activities` varchar(255) DEFAULT NULL,
  `r_activities` varchar(255) DEFAULT NULL,
  `reapply` varchar(255) DEFAULT NULL,
  `other` varchar(255) DEFAULT NULL,
  `garantee` varchar(2) DEFAULT NULL,
  PRIMARY KEY (`id`)
) ENGINE=MyISAM AUTO_INCREMENT=6 DEFAULT CHARSET=utf8 COLLATE=utf8_general_ci;

--
-- Dumping data for table `idplan_lookbook_6`
--


--
-- Table structure for table `idplan_lookbook_group_subject`
--

CREATE TABLE `idplan_lookbook_group_subject` (
  `id` int(11) NOT NULL AUTO_INCREMENT,
  `g_subject` varchar(255) DEFAULT NULL,
  PRIMARY KEY (`id`)
) ENGINE=MyISAM AUTO_INCREMENT=21 DEFAULT CHARSET=utf8 COLLATE=utf8_general_ci;

--
-- Dumping data for table `idplan_lookbook_group_subject`
--


--
-- Table structure for table `idplan_management_crown`
--

CREATE TABLE `idplan_management_crown` (
  `id` int(11) NOT NULL AUTO_INCREMENT,
  `crown_name_th` char(100) DEFAULT NULL,
  `crown_shot_name` char(10) DEFAULT NULL,
  `crown_name_en` char(150) DEFAULT NULL,
  PRIMARY KEY (`id`)
) ENGINE=MyISAM AUTO_INCREMENT=37 DEFAULT CHARSET=utf8 COLLATE=utf8_general_ci;

--
-- Dumping data for table `idplan_management_crown`
--


--
-- Table structure for table `idplan_management_crown_year`
--

CREATE TABLE `idplan_management_crown_year` (
  `id` int(11) NOT NULL AUTO_INCREMENT,
  `person_id` varchar(15) DEFAULT NULL,
  `crown_id` varchar(3) DEFAULT NULL,
  `crown_year` varchar(7) DEFAULT NULL,
  PRIMARY KEY (`id`)
) ENGINE=MyISAM AUTO_INCREMENT=4 DEFAULT CHARSET=utf8 COLLATE=utf8_general_ci;

--
-- Dumping data for table `idplan_management_crown_year`
--


--
-- Table structure for table `idplan_management_family`
--

CREATE TABLE `idplan_management_family` (
  `id` int(11) NOT NULL AUTO_INCREMENT,
  `person_id` varchar(15) DEFAULT NULL,
  `family_prename` varchar(20) DEFAULT NULL,
  `family_name` varchar(100) DEFAULT NULL,
  `family_surname` varchar(150) DEFAULT NULL,
  `birth_date` date DEFAULT NULL,
  `family_type` varchar(5) DEFAULT NULL,
  PRIMARY KEY (`id`)
) ENGINE=MyISAM AUTO_INCREMENT=9 DEFAULT CHARSET=utf8 COLLATE=utf8_general_ci;

--
-- Dumping data for table `idplan_management_family`
--


--
-- Table structure for table `idplan_management_marry`
--

CREATE TABLE `idplan_management_marry` (
  `person_id` varchar(15) NOT NULL,
  `m_type` varchar(5) DEFAULT NULL,
  `m_prename` varchar(10) DEFAULT NULL,
  `m_name` varchar(50) DEFAULT NULL,
  `m_surname` varchar(150) DEFAULT NULL,
  PRIMARY KEY (`person_id`)
) ENGINE=MyISAM DEFAULT CHARSET=utf8 COLLATE=utf8_general_ci;

--
-- Dumping data for table `idplan_management_marry`
--


--
-- Table structure for table `idplan_management_member`
--

CREATE TABLE `idplan_management_member` (
  `id` int(11) NOT NULL AUTO_INCREMENT,
  `person_id` varchar(15) DEFAULT NULL,
  `member_name` varchar(255) DEFAULT NULL,
  `member_number` varchar(30) DEFAULT NULL,
  PRIMARY KEY (`id`)
) ENGINE=MyISAM AUTO_INCREMENT=4 DEFAULT CHARSET=utf8 COLLATE=utf8_general_ci;

--
-- Dumping data for table `idplan_management_member`
--


--
-- Table structure for table `idplan_management_portfolio`
--

CREATE TABLE `idplan_management_portfolio` (
  `id` int(11) NOT NULL AUTO_INCREMENT,
  `person_id` varchar(15) DEFAULT NULL,
  `topic` varchar(200) DEFAULT NULL,
  `date` date DEFAULT NULL,
  `address` varchar(255) DEFAULT NULL,
  `pic_upload` varchar(50) DEFAULT NULL,
  PRIMARY KEY (`id`)
) ENGINE=MyISAM AUTO_INCREMENT=16 DEFAULT CHARSET=utf8 COLLATE=utf8_general_ci;

--
-- Dumping data for table `idplan_management_portfolio`
--


--
-- Table structure for table `idplan_management_vitaya`
--

CREATE TABLE `idplan_management_vitaya` (
  `id` int(11) NOT NULL AUTO_INCREMENT,
  `person_id` varchar(15) DEFAULT NULL,
  `vitaya_name` varchar(250) DEFAULT NULL,
  `vitaya_shot` varchar(50) DEFAULT NULL,
  `vitaya_date` date DEFAULT NULL,
  PRIMARY KEY (`id`)
) ENGINE=MyISAM AUTO_INCREMENT=8 DEFAULT CHARSET=utf8 COLLATE=utf8_general_ci;

--
-- Dumping data for table `idplan_management_vitaya`
--


--
-- Table structure for table `idplan_permission`
--

CREATE TABLE `idplan_permission` (
  `per_id` int(5) NOT NULL AUTO_INCREMENT,
  `person_id` char(15) DEFAULT NULL,
  `p1` int(2) DEFAULT NULL,
  `office` char(15) DEFAULT NULL,
  `rec_dat` date DEFAULT NULL,
  PRIMARY KEY (`per_id`)
) ENGINE=MyISAM AUTO_INCREMENT=36 DEFAULT CHARSET=utf8 COLLATE=utf8_general_ci;

--
-- Dumping data for table `idplan_permission`
--


--
-- Table structure for table `idplan_person_sch_profile`
--

CREATE TABLE `idplan_person_sch_profile` (
  `person_id` varchar(15) NOT NULL,
  `birth_date` date DEFAULT NULL,
  `f_date` date DEFAULT NULL,
  `vittaya` varchar(50) DEFAULT NULL,
  `work_old` int(3) DEFAULT NULL,
  `at_home` varchar(10) DEFAULT NULL,
  `moo` varchar(3) DEFAULT NULL,
  `tambun` varchar(50) DEFAULT NULL,
  `ampher` varchar(50) DEFAULT NULL,
  `province` varchar(70) DEFAULT NULL,
  `postcode` varchar(10) DEFAULT NULL,
  `home_phone` varchar(15) DEFAULT NULL,
  `mobile` varchar(15) DEFAULT NULL,
  `salary` int(10) DEFAULT NULL,
  `emoluments` int(10) DEFAULT NULL,
  `money_of_position` int(10) DEFAULT NULL,
  `m_type` varchar(5) DEFAULT NULL,
  `update_date` date DEFAULT NULL,
  PRIMARY KEY (`person_id`)
) ENGINE=MyISAM DEFAULT CHARSET=utf8 COLLATE=utf8_general_ci;

--
-- Dumping data for table `idplan_person_sch_profile`
--

INSERT INTO `idplan_person_sch_profile` VALUES ('5341590032525',NULL,NULL,NULL,NULL,NULL,NULL,NULL,NULL,NULL,NULL,NULL,NULL,NULL,NULL,NULL,NULL,NULL),('1341500220154',NULL,NULL,NULL,NULL,NULL,NULL,NULL,NULL,NULL,NULL,NULL,NULL,NULL,NULL,NULL,NULL,NULL),('1330400499831',NULL,NULL,NULL,NULL,NULL,NULL,NULL,NULL,NULL,NULL,NULL,NULL,NULL,NULL,NULL,NULL,NULL),('1331000269651',NULL,NULL,NULL,NULL,NULL,NULL,NULL,NULL,NULL,NULL,NULL,NULL,NULL,NULL,NULL,NULL,NULL);

--
-- Table structure for table `la_cancel`
--

CREATE TABLE `la_cancel` (
  `id` int(11) NOT NULL AUTO_INCREMENT,
  `person_id` varchar(13) NOT NULL,
  `la_type` tinyint(4) NOT NULL,
  `write_at` varchar(100) DEFAULT NULL,
  `permission_start` date NOT NULL,
  `permission_finish` date NOT NULL,
  `permission_total` int(11) NOT NULL,
  `because` varchar(200) NOT NULL,
  `cancel_la_start` date NOT NULL,
  `cancel_la_finish` date NOT NULL,
  `cancel_la_total` int(11) NOT NULL,
  `no_comment` int(11) NOT NULL DEFAULT 0,
  `grant_p_selected` varchar(13) DEFAULT NULL,
  `rec_date` datetime NOT NULL,
  `officer_comment` varchar(200) DEFAULT NULL,
  `officer_sign` varchar(13) DEFAULT NULL,
  `officer_date` datetime DEFAULT NULL,
  `group_comment` varchar(100) DEFAULT NULL,
  `group_sign` varchar(13) DEFAULT NULL,
  `group_date` datetime DEFAULT NULL,
  `comment_date` datetime DEFAULT NULL,
  `commander_grant` tinyint(4) DEFAULT NULL,
  `commander_comment` varchar(100) DEFAULT NULL,
  `commander_sign` varchar(13) DEFAULT NULL,
  `grant_date` datetime DEFAULT NULL,
  PRIMARY KEY (`id`)
) ENGINE=MyISAM DEFAULT CHARSET=utf8 COLLATE=utf8_general_ci;

--
-- Dumping data for table `la_cancel`
--


--
-- Table structure for table `la_collect`
--

CREATE TABLE `la_collect` (
  `id` int(11) NOT NULL AUTO_INCREMENT,
  `year` int(11) NOT NULL,
  `person_id` varchar(13) NOT NULL,
  `collect_day` tinyint(4) NOT NULL DEFAULT 0,
  `this_year_day` tinyint(4) NOT NULL DEFAULT 0,
  `officer` varchar(13) DEFAULT NULL,
  `rec_date` date DEFAULT NULL,
  PRIMARY KEY (`id`)
) ENGINE=MyISAM DEFAULT CHARSET=utf8 COLLATE=utf8_general_ci;

--
-- Dumping data for table `la_collect`
--


--
-- Table structure for table `la_main`
--

CREATE TABLE `la_main` (
  `id` int(11) NOT NULL AUTO_INCREMENT,
  `person_id` varchar(13) NOT NULL,
  `la_type` tinyint(4) NOT NULL,
  `write_at` varchar(100) DEFAULT NULL,
  `because` varchar(250) DEFAULT NULL,
  `la_start` date NOT NULL,
  `la_finish` date NOT NULL,
  `la_total` int(11) NOT NULL,
  `last_la_start` date DEFAULT NULL,
  `last_la_finish` date DEFAULT NULL,
  `last_la_total` int(11) DEFAULT NULL,
  `contact` varchar(150) DEFAULT NULL,
  `contact_tel` varchar(20) DEFAULT NULL,
  `document` varchar(100) DEFAULT NULL,
  `no_comment` tinyint(4) NOT NULL DEFAULT 0,
  `grant_p_selected` varchar(13) DEFAULT NULL,
  `sick_ago` int(11) DEFAULT NULL,
  `sick_this` int(11) DEFAULT NULL,
  `sick_total` int(11) DEFAULT NULL,
  `privacy_ago` int(11) DEFAULT NULL,
  `privacy_this` int(11) DEFAULT NULL,
  `privacy_total` int(11) DEFAULT NULL,
  `birth_ago` int(11) DEFAULT NULL,
  `birth_this` int(11) DEFAULT NULL,
  `birth_total` int(11) DEFAULT NULL,
  `relax_ago` int(11) DEFAULT NULL,
  `relax_this` int(11) DEFAULT NULL,
  `relax_total` int(11) DEFAULT NULL,
  `relax_collect` tinyint(4) DEFAULT NULL,
  `relax_this_year` tinyint(4) DEFAULT NULL,
  `job_person` varchar(13) DEFAULT NULL,
  `job_person_sign` tinyint(4) NOT NULL DEFAULT 0,
  `rec_date` datetime NOT NULL,
  `officer_comment` varchar(200) DEFAULT NULL,
  `officer_sign` varchar(13) DEFAULT NULL,
  `officer_date` datetime DEFAULT NULL,
  `group_comment` varchar(100) DEFAULT NULL,
  `group_sign` varchar(13) DEFAULT NULL,
  `group_date` datetime DEFAULT NULL,
  `comment_date` datetime DEFAULT NULL,
  `commander_grant` tinyint(4) DEFAULT NULL,
  `commander_comment` varchar(100) DEFAULT NULL,
  `commander_sign` varchar(13) DEFAULT NULL,
  `grant_date` datetime DEFAULT NULL,
  PRIMARY KEY (`id`)
) ENGINE=MyISAM DEFAULT CHARSET=utf8 COLLATE=utf8_general_ci;

--
-- Dumping data for table `la_main`
--


--
-- Table structure for table `la_permission`
--

CREATE TABLE `la_permission` (
  `id` int(11) NOT NULL AUTO_INCREMENT,
  `person_id` varchar(13) NOT NULL,
  `p1` tinyint(4) NOT NULL,
  `officer` varchar(13) NOT NULL,
  `rec_date` date NOT NULL,
  PRIMARY KEY (`id`)
) ENGINE=MyISAM AUTO_INCREMENT=6 DEFAULT CHARSET=utf8 COLLATE=utf8_general_ci;

--
-- Dumping data for table `la_permission`
--

INSERT INTO `la_permission` VALUES (2,'5341590032525',1,'3349900319682','2016-06-25'),(4,'3349800126769',1,'3349900319682','2016-06-25'),(5,'1341500220154',1,'1341500220154','2018-11-14');

--
-- Table structure for table `la_person_set`
--

CREATE TABLE `la_person_set` (
  `id` int(11) NOT NULL AUTO_INCREMENT,
  `person_id` varchar(13) NOT NULL,
  `comment_person` varchar(13) DEFAULT NULL,
  `grant_person` varchar(13) DEFAULT NULL,
  `officer` varchar(13) DEFAULT NULL,
  `rec_date` date DEFAULT NULL,
  PRIMARY KEY (`id`),
  UNIQUE KEY `person_id` (`person_id`)
) ENGINE=MyISAM AUTO_INCREMENT=7 DEFAULT CHARSET=utf8 COLLATE=utf8_general_ci;

--
-- Dumping data for table `la_person_set`
--

INSERT INTO `la_person_set` VALUES (1,'3349900319682','5341590032525','5341590032525','3349900319682','2016-06-25'),(2,'3349800141253','5341590032525','5341590032525','3349900319682','2016-06-25'),(3,'3349800126769','5341590032525','5341590032525','3349900319682','2016-06-25'),(4,'3330300417600','5341590032525','5341590032525','3349900319682','2016-06-25'),(5,'1471200116784','5341590032525','5341590032525','3349900319682','2016-06-25'),(6,'1341500220154','5341590032525','5341590032525','1341500220154','2018-11-14');

--
-- Table structure for table `la_year`
--

CREATE TABLE `la_year` (
  `id` int(11) NOT NULL AUTO_INCREMENT,
  `budget_year` int(11) NOT NULL,
  `year_active` tinyint(1) NOT NULL,
  PRIMARY KEY (`id`),
  UNIQUE KEY `budget_year` (`budget_year`)
) ENGINE=MyISAM AUTO_INCREMENT=3 DEFAULT CHARSET=utf8 COLLATE=utf8_general_ci;

--
-- Dumping data for table `la_year`
--

INSERT INTO `la_year` VALUES (1,2559,0),(2,2562,1);

--
-- Table structure for table `mail_filebook`
--

CREATE TABLE `mail_filebook` (
  `id` int(11) NOT NULL AUTO_INCREMENT,
  `ref_id` varchar(50) NOT NULL,
  `file_name` varchar(100) NOT NULL,
  `file_des` varchar(100) NOT NULL,
  PRIMARY KEY (`id`)
) ENGINE=MyISAM AUTO_INCREMENT=5 DEFAULT CHARSET=utf8 COLLATE=utf8_general_ci;

--
-- Dumping data for table `mail_filebook`
--

INSERT INTO `mail_filebook` VALUES (1,'33499003196821466824560','33499003196821466824560_1.jpg','ภาพ'),(2,'33498001267691466824569','33498001267691466824569_1.jpg','กิจกรรมเทิดพระเกียรติ'),(3,'33499003196821466825783','33499003196821466825783_1.jpg','อบรม'),(4,'33499003196821466825963','33499003196821466825963_1.doc','หนังสือ');

--
-- Table structure for table `mail_group`
--

CREATE TABLE `mail_group` (
  `grp_id` int(11) NOT NULL AUTO_INCREMENT,
  `grp_name` varchar(50) NOT NULL,
  PRIMARY KEY (`grp_id`)
) ENGINE=MyISAM DEFAULT CHARSET=utf8 COLLATE=utf8_general_ci;

--
-- Dumping data for table `mail_group`
--


--
-- Table structure for table `mail_group_member`
--

CREATE TABLE `mail_group_member` (
  `id` int(11) NOT NULL AUTO_INCREMENT,
  `grp_id` int(11) NOT NULL,
  `person_id` varchar(13) NOT NULL,
  PRIMARY KEY (`id`)
) ENGINE=MyISAM DEFAULT CHARSET=utf8 COLLATE=utf8_general_ci;

--
-- Dumping data for table `mail_group_member`
--


--
-- Table structure for table `mail_main`
--

CREATE TABLE `mail_main` (
  `ms_id` int(11) NOT NULL AUTO_INCREMENT,
  `sender` varchar(13) NOT NULL,
  `subject` varchar(150) NOT NULL,
  `detail` text DEFAULT NULL,
  `ref_id` varchar(50) NOT NULL,
  `send_date` datetime NOT NULL,
  PRIMARY KEY (`ms_id`),
  KEY `ref_id` (`ref_id`)
) ENGINE=MyISAM AUTO_INCREMENT=7 DEFAULT CHARSET=utf8 COLLATE=utf8_general_ci;

--
-- Dumping data for table `mail_main`
--

INSERT INTO `mail_main` VALUES (1,'3349900319682','ส่งเอกสารเพื่อทดลองใช้ระบบ smss','การอบรมการใช้ระบบ SMSS ในวันที่ 25 มิถุนายน 2559 ที่ สพป.อบ.4','33499003196821466824560','2016-06-25 10:20:32'),(2,'3349800126769','เรื่อง การอบรม smss','วันนี้ข้าพเจ้า นางสาวภาณิยา  ภูธา ได้มาอบรม smss','33498001267691466824569','2016-06-25 10:21:55'),(3,'3349900319682','ทดลองใช้','อบรมคุณธรรมจริยธรรม','33499003196821466825783','2016-06-25 10:37:07'),(4,'3349800126769','การอบรม SMSS ','อบรมวันเสาร์ที่ 25 มิถุนายน 2559 ณ ห้องประชุม 2 สพป.อบ.4','33498001267691466825604','2016-06-25 10:39:46'),(5,'3349800126769','การอบรม SMSS ','อบรมวันเสาร์ที่ 25 มิถุนายน 2559 ณ ห้องประชุม 2 สพป.อบ.4','33498001267691466825604','2016-06-25 10:39:46'),(6,'3349900319682','แจ้ง โลตัส วารินจะมาจัดกิจกรรมที่โรงเรียน','แจ้งโลตัส วารินมาจัดกิจกรรมที่โรงเรียน ในวันที่ 15 กรกฎาคม และจะมาประสานก่อนในวันที่ 27 มิย ','33499003196821466825963','2016-06-25 10:40:47');

--
-- Table structure for table `mail_permission`
--

CREATE TABLE `mail_permission` (
  `id` int(11) NOT NULL AUTO_INCREMENT,
  `person_id` varchar(13) NOT NULL,
  `p1` tinyint(4) NOT NULL,
  `officer` varchar(13) NOT NULL,
  `rec_date` date NOT NULL,
  PRIMARY KEY (`id`)
) ENGINE=MyISAM AUTO_INCREMENT=5 DEFAULT CHARSET=utf8 COLLATE=utf8_general_ci;

--
-- Dumping data for table `mail_permission`
--

INSERT INTO `mail_permission` VALUES (1,'1341500220154',1,'1341500220154','2019-03-22'),(2,'5341590032525',1,'3349900319682','2016-06-25'),(3,'3349900319682',1,'3349900319682','2016-06-25'),(4,'3349800126769',1,'3349900319682','2016-06-25');

--
-- Table structure for table `mail_sendto_answer`
--

CREATE TABLE `mail_sendto_answer` (
  `id` int(11) NOT NULL AUTO_INCREMENT,
  `ref_id` varchar(50) NOT NULL,
  `send_to` varchar(13) NOT NULL,
  `answer` tinyint(4) NOT NULL DEFAULT 0,
  `answer_time` datetime NOT NULL,
  PRIMARY KEY (`id`),
  KEY `ref_id` (`ref_id`),
  KEY `send_to` (`send_to`)
) ENGINE=MyISAM AUTO_INCREMENT=19 DEFAULT CHARSET=utf8 COLLATE=utf8_general_ci;

--
-- Dumping data for table `mail_sendto_answer`
--

INSERT INTO `mail_sendto_answer` VALUES (1,'33499003196821466824560','3349800141253',0,'0000-00-00 00:00:00'),(2,'33499003196821466824560','3349800126769',1,'2016-06-25 10:26:30'),(3,'33499003196821466824560','5341590032525',0,'0000-00-00 00:00:00'),(4,'33499003196821466824560','3330300417600',0,'0000-00-00 00:00:00'),(5,'33499003196821466824560','1471200116784',1,'2016-08-04 14:49:11'),(6,'33498001267691466824569','3349900319682',1,'2016-06-25 10:26:39'),(7,'33498001267691466824569','3349800141253',0,'0000-00-00 00:00:00'),(8,'33498001267691466824569','5341590032525',0,'0000-00-00 00:00:00'),(9,'33498001267691466824569','3330300417600',0,'0000-00-00 00:00:00'),(10,'33498001267691466824569','1471200116784',1,'2016-08-04 14:49:09'),(11,'33498001267691466825604','3349900319682',1,'2016-06-25 11:41:10'),(12,'33498001267691466825604','1471200116784',1,'2016-08-04 14:49:05'),(13,'33499003196821466825783','3349800126769',1,'2016-06-25 11:14:39'),(14,'33499003196821466825963','3349800141253',0,'0000-00-00 00:00:00'),(15,'33499003196821466825963','3349800126769',1,'2016-06-25 11:13:35'),(16,'33499003196821466825963','5341590032525',0,'0000-00-00 00:00:00'),(17,'33499003196821466825963','3330300417600',0,'0000-00-00 00:00:00'),(18,'33499003196821466825963','1471200116784',1,'2016-07-23 13:11:22');

--
-- Table structure for table `meeting_main`
--

CREATE TABLE `meeting_main` (
  `id` int(11) NOT NULL AUTO_INCREMENT,
  `room` tinyint(4) NOT NULL,
  `book_date` date NOT NULL,
  `book_date_end` date NOT NULL,
  `start_time` tinyint(4) NOT NULL,
  `finish_time` tinyint(4) NOT NULL,
  `objective` varchar(200) NOT NULL,
  `book_person` varchar(13) NOT NULL,
  `rec_date` datetime NOT NULL,
  `approve` int(11) DEFAULT NULL,
  `reason` varchar(200) DEFAULT NULL,
  `person_num` int(11) NOT NULL,
  `other` varchar(250) NOT NULL,
  `officer` varchar(13) DEFAULT NULL,
  `officer_date` datetime DEFAULT NULL,
  PRIMARY KEY (`id`)
) ENGINE=MyISAM DEFAULT CHARSET=utf8 COLLATE=utf8_general_ci;

--
-- Dumping data for table `meeting_main`
--


--
-- Table structure for table `meeting_permission`
--

CREATE TABLE `meeting_permission` (
  `id` int(11) NOT NULL AUTO_INCREMENT,
  `person_id` varchar(13) NOT NULL,
  `p1` tinyint(4) NOT NULL,
  `officer` varchar(13) NOT NULL,
  `rec_date` date NOT NULL,
  PRIMARY KEY (`id`)
) ENGINE=MyISAM AUTO_INCREMENT=4 DEFAULT CHARSET=utf8 COLLATE=utf8_general_ci;

--
-- Dumping data for table `meeting_permission`
--

INSERT INTO `meeting_permission` VALUES (1,'1471200116784',1,'3349900319682','2016-06-25'),(2,'3349900319682',1,'3349900319682','2016-06-25'),(3,'3349800126769',1,'3349900319682','2016-06-25');

--
-- Table structure for table `meeting_room`
--

CREATE TABLE `meeting_room` (
  `id` int(11) NOT NULL AUTO_INCREMENT,
  `room_code` tinyint(4) NOT NULL,
  `room_name` varchar(100) NOT NULL,
  `active` int(11) NOT NULL DEFAULT 0,
  PRIMARY KEY (`id`)
) ENGINE=MyISAM AUTO_INCREMENT=11 DEFAULT CHARSET=utf8 COLLATE=utf8_general_ci;

--
-- Dumping data for table `meeting_room`
--

INSERT INTO `meeting_room` VALUES (1,1,'ห้องประชุม1',1),(2,2,'ห้องประชุม2',1),(3,3,'ห้องประชุม3',0),(4,4,'หอ้งประชุม4',0),(5,5,'ห้องประชุม5',0),(6,6,'ห้องประชุม6',0),(7,7,'ห้องประชุม7',0),(8,8,'ห้องประชุม8',0),(9,9,'ห้องประชุม9',0),(10,10,'ห้องประชุม10',0);

--
-- Table structure for table `permission_date`
--

CREATE TABLE `permission_date` (
  `id` int(11) NOT NULL AUTO_INCREMENT,
  `person_id` varchar(13) NOT NULL,
  `ref_id` varchar(50) NOT NULL,
  `date` date NOT NULL,
  `rec_date` datetime NOT NULL,
  PRIMARY KEY (`id`)
) ENGINE=MyISAM AUTO_INCREMENT=9 DEFAULT CHARSET=utf8 COLLATE=utf8_general_ci;

--
-- Dumping data for table `permission_date`
--

INSERT INTO `permission_date` VALUES (1,'3349900319682','1466837305787829500','2016-06-25','2016-06-25 13:48:25'),(2,'3349800126769','14668374462054817274','2016-06-25','2016-06-25 13:50:46'),(8,'1341500220154','154217111818870','2018-11-29','2018-11-14 11:52:48'),(7,'1341500220154','154217111818870','2018-11-14','2018-11-14 11:52:48'),(6,'1341500220154','154217111818870','2018-11-13','2018-11-14 11:52:48');

--
-- Table structure for table `permission_main`
--

CREATE TABLE `permission_main` (
  `id` int(11) NOT NULL AUTO_INCREMENT,
  `person_id` varchar(13) NOT NULL,
  `ref_id` varchar(50) NOT NULL,
  `subject` varchar(150) NOT NULL,
  `place` varchar(150) NOT NULL,
  `vehicle` varchar(150) DEFAULT NULL,
  `document` varchar(150) DEFAULT NULL,
  `no_comment` tinyint(4) NOT NULL DEFAULT 0,
  `grant_person_selected` varchar(13) DEFAULT NULL,
  `rec_date` datetime NOT NULL,
  `comment` varchar(200) DEFAULT NULL,
  `comment_person` varchar(13) DEFAULT NULL,
  `comment_date` datetime DEFAULT NULL,
  `grant_x` tinyint(4) DEFAULT NULL,
  `grant_comment` varchar(200) DEFAULT NULL,
  `grant_person` varchar(13) DEFAULT NULL,
  `grant_date` datetime DEFAULT NULL,
  `report` text DEFAULT NULL,
  `report_date` datetime DEFAULT NULL,
  PRIMARY KEY (`id`),
  UNIQUE KEY `ref_id` (`ref_id`)
) ENGINE=MyISAM AUTO_INCREMENT=4 DEFAULT CHARSET=utf8 COLLATE=utf8_general_ci;

--
-- Dumping data for table `permission_main`
--

INSERT INTO `permission_main` VALUES (1,'3349900319682','1466837305787829500','อบรม เรื่อง การอบรมระบบ SMSS ','สำนักงานเขตพื้นที่การศึกษาประถมศึกษาอุบลราชธานี เขต 4','รถส่วนตัว','',0,'5341590032525','2016-06-25 13:48:25',NULL,NULL,NULL,NULL,NULL,NULL,NULL,NULL,NULL),(2,'3349800126769','14668374462054817274','เรื่อง การอบรมปฎิบัติการใช้โปรแกรมระบบสนับสนุนการบริหารสถานศึกษา (SMSS)','ห้องประชุม สพป.อบ.4','รถยนตร์ส่วนตัว','',0,'','2016-06-25 13:50:46',NULL,NULL,NULL,NULL,NULL,NULL,NULL,NULL,NULL),(3,'1341500220154','154217111818870','อบรมเชิงปฏิบัติการโครงการอัตราจ้างปฏิบัติการธุรการโรงเรียน ประจำปีการศึกษา 2562','สพป.อบ.4','รถจักยานยนต์','modules/permission/upload_files/doc_154217111819793.pdf',0,'5341590032525','2018-11-14 11:51:58',NULL,NULL,NULL,NULL,NULL,NULL,NULL,NULL,NULL);

--
-- Table structure for table `permission_permission`
--

CREATE TABLE `permission_permission` (
  `id` int(11) NOT NULL AUTO_INCREMENT,
  `person_id` varchar(13) NOT NULL,
  `p1` tinyint(4) NOT NULL,
  `officer` varchar(13) NOT NULL,
  `rec_date` date NOT NULL,
  PRIMARY KEY (`id`)
) ENGINE=MyISAM AUTO_INCREMENT=6 DEFAULT CHARSET=utf8 COLLATE=utf8_general_ci;

--
-- Dumping data for table `permission_permission`
--

INSERT INTO `permission_permission` VALUES (1,'1349900682276',1,'5341590032525','2023-09-19'),(2,'5341590032525',1,'3349900319682','2016-06-25'),(3,'3349900319682',1,'3349900319682','2016-06-25'),(4,'3349800126769',1,'3349900319682','2016-06-25'),(5,'1341500220154',1,'1341500220154','2018-11-14');

--
-- Table structure for table `permission_person_set`
--

CREATE TABLE `permission_person_set` (
  `id` int(11) NOT NULL AUTO_INCREMENT,
  `person_id` varchar(13) NOT NULL,
  `comment_person` varchar(13) DEFAULT NULL,
  `grant_person` varchar(13) DEFAULT NULL,
  `officer` varchar(13) DEFAULT NULL,
  `rec_date` date DEFAULT NULL,
  PRIMARY KEY (`id`),
  UNIQUE KEY `person_id` (`person_id`)
) ENGINE=MyISAM AUTO_INCREMENT=7 DEFAULT CHARSET=utf8 COLLATE=utf8_general_ci;

--
-- Dumping data for table `permission_person_set`
--

INSERT INTO `permission_person_set` VALUES (1,'5341590032525','5341590032525','5341590032525','3349900319682','2016-06-25'),(2,'3349900319682','5341590032525','5341590032525','3349900319682','2016-06-25'),(3,'3349800141253','5341590032525','5341590032525','3349900319682','2016-06-25'),(4,'3349800126769','5341590032525','5341590032525','3349900319682','2016-06-25'),(5,'3330300417600','5341590032525','5341590032525','3349900319682','2016-06-25'),(6,'1471200116784','5341590032525','5341590032525','3349900319682','2016-06-25');

--
-- Table structure for table `person_main`
--

CREATE TABLE `person_main` (
  `id` int(11) NOT NULL AUTO_INCREMENT,
  `person_id` varchar(13) NOT NULL,
  `prename` varchar(20) NOT NULL,
  `name` varchar(50) NOT NULL,
  `surname` varchar(50) NOT NULL,
  `position_code` tinyint(4) NOT NULL,
  `pic` varchar(150) DEFAULT NULL,
  `status` tinyint(4) NOT NULL DEFAULT 0,
  `person_order` tinyint(4) DEFAULT 0,
  `officer` varchar(13) NOT NULL,
  `rec_date` date NOT NULL,
  PRIMARY KEY (`id`),
  UNIQUE KEY `person_id` (`person_id`)
) ENGINE=MyISAM AUTO_INCREMENT=13 DEFAULT CHARSET=utf8 COLLATE=utf8_general_ci;

--
-- Dumping data for table `person_main`
--

INSERT INTO `person_main` VALUES (11,'1331000269651','นาย','นันทวัฒน์','สืบบุตร',11,'',0,0,'5341590032525','2022-05-24'),(4,'3349800126769','น.ส.','ภาณิยา','ภูธา',3,NULL,0,0,'','0000-00-00'),(6,'5341590032525','นาย','ณรงค์','ตระกาลจันทร์',1,NULL,0,0,'5341590032525','0000-00-00'),(10,'1330400499831','นางสาว','โสมสุดา','จิบจันทร์',11,'',0,0,'1341500220154','2020-11-14'),(9,'1341500220154','นางสาว','นันทรีญา ','บัวงาม',32,'modules/person/picture/1341500220154.jpg',0,0,'1341500220154','2018-11-11'),(12,'1349900682276','นาย','ณรงค์ศักดิ์','คำแสงดี',4,NULL,0,0,'5341590032525','0000-01-01');

--
-- Table structure for table `person_permission`
--

CREATE TABLE `person_permission` (
  `id` int(11) NOT NULL AUTO_INCREMENT,
  `person_id` varchar(13) NOT NULL,
  `p1` tinyint(4) NOT NULL,
  `officer` varchar(13) NOT NULL,
  `rec_date` date NOT NULL,
  PRIMARY KEY (`id`)
) ENGINE=MyISAM AUTO_INCREMENT=9 DEFAULT CHARSET=utf8 COLLATE=utf8_general_ci;

--
-- Dumping data for table `person_permission`
--

INSERT INTO `person_permission` VALUES (1,'5341590032525',1,'3349900319682','2016-06-25'),(5,'1341500220154',1,'1341500220154','2018-11-14'),(4,'3349800126769',1,'3349900319682','2016-06-25'),(6,'1330400499831',1,'1341500220154','2020-11-14'),(7,'1331000269651',1,'5341590032525','2022-05-24'),(8,'1349900682276',1,'5341590032525','2022-05-30');

--
-- Table structure for table `person_position`
--

CREATE TABLE `person_position` (
  `id` int(11) NOT NULL AUTO_INCREMENT,
  `position_code` int(11) NOT NULL,
  `position_name` varchar(50) NOT NULL,
  PRIMARY KEY (`id`),
  UNIQUE KEY `position_code` (`position_code`)
) ENGINE=MyISAM AUTO_INCREMENT=20 DEFAULT CHARSET=utf8 COLLATE=utf8_general_ci;

--
-- Dumping data for table `person_position`
--

INSERT INTO `person_position` VALUES (1,1,'ผู้อำนวยการโรงเรียน'),(2,2,'รองผู้อำนวยการโรงเรียน'),(3,3,'ครู'),(4,4,'ครูผู้ช่วย'),(5,11,'พนักงานราชการ(ครูผู้สอน)'),(6,12,'พนักงานราชการ(ครูพี่เลี้ยง)'),(7,13,'พนักงานราชการ(อื่น ๆ)'),(17,41,'ผู้จัดการโรงเรียนเอกชน'),(9,21,'ลูกจ้างประจำ(พนักงานธุรการ)'),(10,22,'ลูกจ้างประจำ(พนักงานขับรถยนต์))'),(11,23,'ลูกจ้างประจำ(ช่างครุภัณฑ์)'),(12,24,'ลูกจ้างประจำ(อื่น ๆ)'),(13,31,'ลูกจ้างชั่วคราว(ครู)'),(14,32,'ลูกจ้างชั่วคราว(เจ้าหน้าที่ธุรการโรงเรียน)'),(15,33,'ลูกจ้างชั่วคราว(นักการภารโรง)'),(16,34,'ลูกจ้างชั่วคราว(อื่น ๆ)'),(18,42,'เจ้าหน้าที่บริหารทั่วไปโรงเรียนเอกชน'),(19,43,'เจ้าหน้าที่อื่น ๆ โรงเรียนเอกชน');

--
-- Table structure for table `plan_acti`
--

CREATE TABLE `plan_acti` (
  `id` int(11) NOT NULL AUTO_INCREMENT,
  `budget_year` int(11) DEFAULT NULL,
  `code_clus` tinyint(4) NOT NULL,
  `code_proj` char(3) NOT NULL DEFAULT '',
  `code_acti` char(6) NOT NULL DEFAULT '',
  `code_approve` char(3) NOT NULL DEFAULT '',
  `budget_acti` decimal(10,2) NOT NULL DEFAULT 0.00,
  `budget_approve` decimal(10,2) NOT NULL DEFAULT 0.00,
  `dayinput` date NOT NULL DEFAULT '0000-00-00',
  `daythai` char(13) NOT NULL DEFAULT '',
  `name_acti` char(150) NOT NULL,
  `owner_acti` char(50) NOT NULL DEFAULT '',
  `id_defalt` char(13) NOT NULL DEFAULT '',
  `dayseri` datetime NOT NULL DEFAULT '0000-00-00 00:00:00',
  `begin_date` date NOT NULL,
  `finish_date` date NOT NULL,
  `stop` tinyint(1) DEFAULT NULL,
  PRIMARY KEY (`id`)
) ENGINE=MyISAM AUTO_INCREMENT=3 DEFAULT CHARSET=utf8 COLLATE=utf8_general_ci;

--
-- Dumping data for table `plan_acti`
--

INSERT INTO `plan_acti` VALUES (1,2564,2,'001','001001','118',0.00,0.00,'2020-11-14','14 พ.ย. 2563','จัดทำอาหารกลางวัน','','','2020-11-14 11:01:23','2020-10-01','2021-03-31',NULL),(2,2563,2,'001','001001','118',12460.00,0.00,'2563-11-14','14 พ.ย. 2563','จัดทำอาหารกลางวัน','','','2020-11-14 11:02:58','2020-05-16','2020-09-30',NULL);

--
-- Table structure for table `plan_proj`
--

CREATE TABLE `plan_proj` (
  `id` int(11) NOT NULL AUTO_INCREMENT,
  `budget_year` int(11) DEFAULT NULL,
  `code_clus` tinyint(4) NOT NULL,
  `code_tegy` char(1) NOT NULL DEFAULT '',
  `code_proj` char(3) NOT NULL DEFAULT '',
  `budget_proj` double NOT NULL DEFAULT 0,
  `budget_approve` double NOT NULL DEFAULT 0,
  `name_proj` varchar(250) NOT NULL DEFAULT '',
  `owner_proj` varchar(50) NOT NULL DEFAULT '',
  `file_detail` varchar(100) NOT NULL DEFAULT '',
  `dayrec` datetime NOT NULL DEFAULT '0000-00-00 00:00:00',
  `eval_tegy` varchar(250) NOT NULL DEFAULT '',
  `eval_activity` longtext NOT NULL,
  `eval_result` longtext NOT NULL,
  `eval_obstacle` longtext NOT NULL,
  `eval_particular` varchar(100) NOT NULL DEFAULT '',
  `begin_date` date NOT NULL,
  `finish_date` date NOT NULL,
  `allow_edit` char(1) NOT NULL DEFAULT '',
  PRIMARY KEY (`id`)
) ENGINE=MyISAM AUTO_INCREMENT=3 DEFAULT CHARSET=utf8 COLLATE=utf8_general_ci;

--
-- Dumping data for table `plan_proj`
--

INSERT INTO `plan_proj` VALUES (1,2564,2,'3','001',20000,0,'โครงการอาหารกลางวัน','3349800126769','','2020-11-14 10:25:57','','','','','','2020-10-01','2021-03-31',''),(2,2563,2,'3','001',20000,0,'โครงการอาหารกลางวัน','3349800126769','','2020-11-14 10:32:27','','','','','','2020-05-16','2020-09-30','');

--
-- Table structure for table `plan_setgic_year`
--

CREATE TABLE `plan_setgic_year` (
  `id` int(11) NOT NULL AUTO_INCREMENT,
  `budget_year` int(11) NOT NULL,
  `year_active` tinyint(1) NOT NULL,
  PRIMARY KEY (`id`),
  UNIQUE KEY `budget_year` (`budget_year`)
) ENGINE=MyISAM AUTO_INCREMENT=2 DEFAULT CHARSET=utf8 COLLATE=utf8_general_ci;

--
-- Dumping data for table `plan_setgic_year`
--

INSERT INTO `plan_setgic_year` VALUES (1,2554,1);

--
-- Table structure for table `plan_standard`
--

CREATE TABLE `plan_standard` (
  `id` int(11) NOT NULL AUTO_INCREMENT,
  `budget_year` int(11) NOT NULL,
  `sd_year` int(4) NOT NULL,
  `code_clus` tinyint(4) NOT NULL,
  `code_proj` char(3) NOT NULL,
  `code_acti` char(6) NOT NULL,
  `sd_level` char(1) NOT NULL,
  `sd_id` int(11) NOT NULL,
  `id_indicator` int(11) NOT NULL,
  PRIMARY KEY (`id`)
) ENGINE=MyISAM DEFAULT CHARSET=utf8 COLLATE=utf8_general_ci;

--
-- Dumping data for table `plan_standard`
--


--
-- Table structure for table `plan_stregic`
--

CREATE TABLE `plan_stregic` (
  `id` int(11) NOT NULL AUTO_INCREMENT,
  `id_tegic` int(3) NOT NULL,
  `budget_year` int(4) NOT NULL,
  `strategic` varchar(200) NOT NULL,
  PRIMARY KEY (`id`)
) ENGINE=MyISAM AUTO_INCREMENT=13 DEFAULT CHARSET=utf8 COLLATE=utf8_general_ci;

--
-- Dumping data for table `plan_stregic`
--

INSERT INTO `plan_stregic` VALUES (1,1,2564,'ด้านความมั่นคง'),(2,2,2564,'ด้านการสร้างความสามารถในการแข่งขัน'),(3,3,2564,'ด้านการพัฒนาและเสริมสร้างทรัพยากรมนุษย์'),(4,4,2564,'การสร้างโอกาสและความเสมอภาคทางสังคม'),(5,5,2564,'ด้านการสร้างการเติบโตบนคุณภาพชีวิตที่เป็นมิตรกับสิ่งแวดล้อม'),(6,6,2564,'ด้านการปรับสมดุลและการพัฒนาระบบบริหารจัดการภาครัฐ'),(7,1,2563,'ด้านความมั่นคง'),(8,2,2563,'ด้านการสร้างความสามารถในการแข่งขัน'),(9,3,2563,'ด้านการพัฒนาและเสริมสร้างทรัพยากรมนุษย์'),(10,4,2563,'การสร้างโอกาสและความเสมอภาคทางสังคม'),(11,5,2563,'ด้านการสร้างการเติบโตบนคุณภาพชีวิตที่เป็นมิตรกับสิ่งแวดล้อม'),(12,6,2563,'ด้านการปรับสมดุลและการพัฒนาระบบบริหารจัดการภาครัฐ');

--
-- Table structure for table `plan_year`
--

CREATE TABLE `plan_year` (
  `id` int(11) NOT NULL AUTO_INCREMENT,
  `budget_year` int(11) NOT NULL,
  `year_active` tinyint(1) NOT NULL,
  PRIMARY KEY (`id`),
  UNIQUE KEY `budget_year` (`budget_year`)
) ENGINE=MyISAM AUTO_INCREMENT=5 DEFAULT CHARSET=utf8 COLLATE=utf8_general_ci;

--
-- Dumping data for table `plan_year`
--

INSERT INTO `plan_year` VALUES (1,2559,0),(2,2561,0),(3,2564,1),(4,2563,0);

--
-- Table structure for table `questionnaire_permission`
--

CREATE TABLE `questionnaire_permission` (
  `id` int(11) NOT NULL AUTO_INCREMENT,
  `person_id` varchar(13) NOT NULL,
  `p1` tinyint(4) NOT NULL,
  `officer` varchar(13) NOT NULL,
  `rec_date` date NOT NULL,
  PRIMARY KEY (`id`),
  UNIQUE KEY `person_id` (`person_id`)
) ENGINE=MyISAM AUTO_INCREMENT=4 DEFAULT CHARSET=utf8 COLLATE=utf8_general_ci;

--
-- Dumping data for table `questionnaire_permission`
--

INSERT INTO `questionnaire_permission` VALUES (1,'5341590032525',1,'5341590032525','2021-06-22'),(2,'1341500220154',1,'5341590032525','2021-06-22'),(3,'1330400499831',1,'5341590032525','2021-06-22');

--
-- Table structure for table `savings_account`
--

CREATE TABLE `savings_account` (
  `account_id` int(11) NOT NULL AUTO_INCREMENT,
  `acc_code` varchar(10) NOT NULL,
  `description` varchar(100) NOT NULL,
  PRIMARY KEY (`account_id`)
) ENGINE=MyISAM AUTO_INCREMENT=7 DEFAULT CHARSET=utf8 COLLATE=utf8_general_ci;

--
-- Dumping data for table `savings_account`
--

INSERT INTO `savings_account` VALUES (1,'1','ฝาก'),(2,'2','ถอน'),(3,'3','ยอดยกมา'),(4,'4','ดอกเบี้ยเงินฝาก'),(5,'5','รายการแก้ไข'),(6,'6','ปิดบัญชี');

--
-- Table structure for table `savings_base`
--

CREATE TABLE `savings_base` (
  `base_id` int(5) NOT NULL AUTO_INCREMENT,
  `study_year` int(5) NOT NULL,
  `status` int(2) NOT NULL,
  PRIMARY KEY (`base_id`)
) ENGINE=MyISAM AUTO_INCREMENT=3 DEFAULT CHARSET=utf8 COLLATE=utf8_general_ci;

--
-- Dumping data for table `savings_base`
--

INSERT INTO `savings_base` VALUES (1,2559,0),(2,2561,1);

--
-- Table structure for table `savings_money`
--

CREATE TABLE `savings_money` (
  `save_id` int(11) NOT NULL AUTO_INCREMENT,
  `std_id` varchar(15) NOT NULL,
  `year_past` varchar(4) NOT NULL,
  `amount_money` decimal(8,2) NOT NULL,
  `day_save` varchar(3) NOT NULL,
  `month_save` varchar(3) NOT NULL,
  `year_save` varchar(5) NOT NULL,
  `timer` time NOT NULL,
  `office` varchar(15) DEFAULT NULL,
  `day_act` varchar(20) NOT NULL,
  `acc_type` varchar(10) NOT NULL,
  `level_class` varchar(5) NOT NULL,
  `room` varchar(5) NOT NULL,
  `student_number` varchar(5) NOT NULL,
  `rec_officer` varchar(13) DEFAULT NULL,
  PRIMARY KEY (`save_id`),
  KEY `std_id` (`std_id`),
  KEY `room` (`room`),
  KEY `level_class` (`level_class`),
  KEY `acc_type` (`acc_type`),
  KEY `day_act` (`day_act`)
) ENGINE=MyISAM DEFAULT CHARSET=utf8 COLLATE=utf8_general_ci;

--
-- Dumping data for table `savings_money`
--


--
-- Table structure for table `savings_personal`
--

CREATE TABLE `savings_personal` (
  `per_id` int(11) NOT NULL AUTO_INCREMENT,
  `personal_code` varchar(13) NOT NULL,
  `per_position` int(3) NOT NULL,
  `per_status` int(3) NOT NULL,
  `per_add` int(3) NOT NULL,
  `per_draw` int(3) NOT NULL,
  `person_room` int(3) NOT NULL,
  PRIMARY KEY (`per_id`)
) ENGINE=MyISAM AUTO_INCREMENT=7 DEFAULT CHARSET=utf8 COLLATE=utf8_general_ci;

--
-- Dumping data for table `savings_personal`
--

INSERT INTO `savings_personal` VALUES (1,'3330300417600',3,1,1,1,0),(2,'3349800126769',5,1,1,1,0),(3,'3349800141253',6,1,1,1,0),(4,'3349800141253',7,1,1,1,0),(5,'3349900319682',8,1,1,1,0),(6,'1341500220154',9,1,1,1,0);

--
-- Table structure for table `savings_total`
--

CREATE TABLE `savings_total` (
  `total_id` int(11) NOT NULL AUTO_INCREMENT,
  `std_id` varchar(13) NOT NULL,
  `year` varchar(5) NOT NULL,
  `day_start` date NOT NULL,
  `comment` varchar(100) NOT NULL,
  PRIMARY KEY (`total_id`)
) ENGINE=MyISAM DEFAULT CHARSET=utf8 COLLATE=utf8_general_ci;

--
-- Dumping data for table `savings_total`
--


--
-- Table structure for table `standard_basic_indicator`
--

CREATE TABLE `standard_basic_indicator` (
  `id` int(11) NOT NULL AUTO_INCREMENT,
  `sd_year` int(11) NOT NULL,
  `id_indicator` int(11) NOT NULL,
  `sd_id` int(11) NOT NULL,
  `indicator_name` varchar(250) NOT NULL,
  PRIMARY KEY (`id`)
) ENGINE=MyISAM AUTO_INCREMENT=156 DEFAULT CHARSET=utf8 COLLATE=utf8_general_ci;

--
-- Dumping data for table `standard_basic_indicator`
--

INSERT INTO `standard_basic_indicator` VALUES (5,2553,101,1,'1.1. มีวินัย มีความรับผิดชอบและปฏิบัติตนตามหลักธรรมเบื้องต้นของศาสนาที่ตนนับถือ'),(6,2553,102,1,'1.2. มีความซื่อสัตย์สุจริต'),(7,2553,103,1,'1.3. ความกตัญญูกตเวที'),(8,2553,104,1,'1.4. มีความเมตตากรุณา เอื้อเฟื้อเผื่อแผ่ และเสียสละเพื่อส่วนรวม'),(9,2553,105,1,'1.5. ประหยัด รู้จักใช้ทรัพย์สิ่งของส่วนตนและส่วนรวมอย่างคุ้มค่า'),(10,2553,106,1,'1.6. ภูมิใจในความเป็นไทย เห็นคุณค่าภูมิปัญญาไทย นิยมไทยและดำรงไว้ซึ่งความเป็นไทย'),(11,2553,201,2,'2.1. รู้คุณค่าของสิ่งแวดล้อมและตระหนักถึงผลกระทบที่เกิดจากการเปลี่ยนแปลงสิ่งแวดล้อม'),(12,2553,202,2,'2.2. เข้าร่วมหรือมีส่วนร่วมกิจกรรม/โครงการอนุรักษ์และพัฒนาสิ่งแวดล้อม'),(13,2553,301,3,'3.1. มีทักษะในการจัดการและทำงานให้สำเร็จ'),(14,2553,302,3,'3.2. เพียรพยายาม ขยัน อดทน ละเอียดรอบคอบในการทำงาน'),(15,2553,303,3,'3.3. ทำงานอย่างมีความสุข พัฒนางานและภูมิใจในผลงานของตนเอง'),(16,2553,304,3,'3.4. ทำงานร่วมกับผู้อื่นได้'),(17,2553,305,3,'3.5. มีความรู้สึกที่ดีต่ออาชีพสุจริตและหาความรู้เกี่ยวกับอาชีพที่ตนสนใจ'),(18,2553,401,4,'4.1. สามารถวิเคราะห์ สังเคราะห์ สรุปความคิดรวบยอด คิดอย่างเป็นระบบและมีความคิดแบบองค์รวม'),(19,2553,402,4,'4.2. สามารถคาดคะเน กำหนดเป้าหมายและแนวทางการตัดสินใจได้'),(20,2553,403,4,'4.3. ประเมินและเลือกแนวทางการตัดสินใจและแก้ไขปัญหาอย่างมีสติ'),(21,2553,404,4,'4.4. มีความคิดริเริ่มสร้างสรรค์ มองโลกในแง่ดี และมีจินตนาการ'),(23,2553,501,5,'5.1. มีระดับผลสัมฤทธิ์ทางการเรียนเฉลี่ยตามเกณฑ์'),(24,2553,502,5,'5.2. มีผลการทดสอบรวบยอดระดับชาติเฉลี่ยตามเกณฑ์'),(25,2553,503,5,'5.3. สามารถสื่อความคิดผ่านการพูด เขียน หรือนำเสนอด้วยวิธีต่าง ๆ        '),(26,2553,504,5,'5.4. สามารถใช้ภาษาเพื่อการสื่อสารได้ทั้งภาษาไทยและภาษาต่างประเทศ'),(27,2553,505,5,'5.5. สามารถใช้เทคโนโลยีสารสนเทศเพื่อการพัฒนาการเรียนรู้ '),(28,2553,601,6,'6.1. มีนิสัยรักการอ่าน การเขียน และการฟัง รู้จักตั้งคำถามเพื่อหาเหตุผล'),(29,2553,602,6,'6.2. สนใจแสวงหาความรู้จากแหล่งต่างๆ รอบตัวใช้ห้องสมุด แหล่งความรู้และสื่อต่างๆได้ ทั้งในและนอกสถานศึกษา '),(30,2553,603,6,'6.3. มีวิธีการเรียนรู้ของตนเองเรียนร่วมกับผู้อื่นได้สนุกกับการเรียนรู้และชอบมาโรงเรียน'),(31,2553,701,7,'7.1.มีสุขนิสัยในการดูแลสุขภาพกายและออกกำลังกายสม่ำเสมอ'),(32,2553,702,7,'7.2. มีน้ำหนัก ส่วนสูงและมีสมรรถภาพทางกายตามเกณฑ์'),(33,2553,703,7,'7.3. ป้องกันตนเองจากสิ่งเสพติดให้โทษและหลีกเลี่ยงสภาวะที่เสี่ยงต่อความรุนแรง โรคภัย อุบัติเหตุ และปัญหาทางเพศ'),(34,2553,704,7,'7.4. มีความมั่นใจและกล้าแสดงออกอย่างเหมาะสม และให้เกียรติผู้อื่น'),(35,2553,705,7,'7.5. มีมนุษยสัมพันธ์ที่ดีต่อเพื่อน  ครู และผู้อื่น'),(36,2553,801,8,'8.1. ชื่นชม ร่วมกิจกรรม และมีผลงานด้านศิลปะ'),(37,2553,802,8,'8.2. ชื่นชม ร่วมกิจกรรม และมีผลงานด้านดนตรี/นาฏศิลป์'),(38,2553,803,8,'8.3. ชื่นชม ร่วมกิจกรรม และมีผลงานด้านกีฬา/นันทนาการ'),(39,2553,901,9,'9.1. มีคุณธรรมจริยธรรม และปฏิบัติตนตามจรรยาบรรณของวิชาชีพ'),(40,2553,902,9,'9.2. มีมนุษยสัมพันธ์ที่ดีกับผู้เรียน ผู้ปกครอง และชุมชน'),(41,2553,903,9,'9.3. มีความมุ่งมั่นและอุทิศตนในการสอนและพัฒนาผู้เรียน'),(42,2553,904,9,'9.4. มีการแสวงหาความรู้และเทคนิควิธีการใหม่ๆ รับฟังความคิดเห็น ใจกว้างและยอมรับการเปลี่ยนแปลง'),(43,2553,905,9,'9.5. จบการศึกษาระดับปริญญาตรีทางการศึกษาหรือเทียบเท่าขึ้นไป'),(44,2553,906,9,'9.6. สอนตรงตามวิชาเอก-โท หรือ ตรงตามความถนัด'),(45,2553,907,9,'9.7. มีจำนวนเพียงพอ  (หมายรวมทั้งครูและบุคลากรสนับสนุน)'),(46,2553,1001,10,'10.1. มีความรู้ความเข้าใจเป้าหมายการจัดการศึกษาและหลักสูตรการศึกษาขั้นพื้นฐาน'),(47,2553,1002,10,'10.2. มีการวิเคราะห์ศักยภาพของผู้เรียนและเข้าใจผู้เรียนเป็นรายบุคคล'),(48,2553,1003,10,'10.3. มีความสามารถในการจัดการเรียนการสอนที่เน้นผู้เรียนเป็นสำคัญ'),(49,2553,1004,10,'10.4. มีความสามารถในการใช้เทคโนโลยีในการพัฒนาการเรียนรู้ของตนเองและผู้เรียน'),(50,2553,1005,10,'10.5. มีการประเมินผลการเรียนการสอนที่สอดคล้องกับสภาพการเรียนรู้ที่จัดให้ผู้เรียน และอิงพัฒนาการของผู้เรียน'),(51,2553,1006,10,'10.6. มีการนำผลการประเมินมาปรับเปลี่ยนการเรียนการสอนเพื่อพัฒนาผู้เรียนให้เต็มตามศักยภาพ'),(52,2553,1007,10,'10.7. มีการวิจัยเพื่อพัฒนาการเรียนรู้ของผู้เรียน และนำผลไปใช้พัฒนาผู้เรียน'),(53,2553,1101,11,'11.1. มีคุณธรรม จริยธรรม และปฏิบัติตนตามจรรยาบรรณของวิชาชีพ'),(54,2553,1102,11,'11.2. มีความคิดริเริ่ม มีวิสัยทัศน์ และเป็นผู้นำทางวิชาการ'),(55,2553,1103,11,'11.3. มีความสามารถในการบริหารงานวิชาการและการจัดการ'),(56,2553,1104,11,'11.4. มีการบริหารที่มีประสิทธิภาพและประสิทธิผล ผู้เกี่ยวข้องพึงพอใจ'),(57,2553,1201,12,'12.1. มีการจัดองค์กร โครงสร้าง และระบบการบริหารงานที่มีความคล่องตัวสูงและปรับเปลี่ยนได้เหมาะสมตามสถานการณ์'),(58,2553,1202,12,'12.2. มีการจัดการข้อมูลสารสนเทศอย่างครอบคลุมและทันต่อการใช้งาน'),(59,2553,1203,12,'12.3. มีระบบการประกันคุณภาพภายในที่ดำเนินงานอย่างต่อเนื่อง'),(60,2553,1204,12,'12.4. มีการพัฒนาบุคลากรอย่างเป็นระบบและต่อเนื่อง'),(61,2553,1205,12,'12.5. ผู้รับบริการและผู้เกี่ยวข้องพึงพอใจผลการบริหารงานและการพัฒนาผู้เรียน'),(62,2553,1301,13,'13.1. มีการกระจายอำนาจการบริหารและการจัดการศึกษา'),(63,2553,1302,13,'13.2.  มีการบริหารเชิงกลยุทธ์และใช้หลักการมีส่วนร่วม'),(64,2553,1303,13,'13.3. มีคณะกรรมการสถานศึกษาร่วมพัฒนาสถานศึกษา'),(65,2553,1304,13,'13.4. มีรูปแบบการบริหารที่มุ่งผลสัมฤทธิ์ของงาน'),(66,2553,1305,13,'13.5. มีการตรวจสอบและถ่วงดุล'),(67,2553,1401,14,'14.1. มีหลักสูตรที่เหมาะสมกับผู้เรียนและท้องถิ่น'),(68,2553,1402,14,'14.2. มีรายวิชา/กิจกรรมที่หลากหลายให้ผู้เรียนเลือกเรียนตามความสนใจ'),(70,2553,1403,14,'14.3. มีการส่งเสริมให้ครูจัดทำแผนการจัดการเรียนรู้ที่ตอบสอนงความถนัดและความสามารถของผู้เรียน'),(71,2553,1404,14,'14.4. มีการส่งเสริมและพัฒนานวัตกรรมการจัดการเรียนรู้และสื่ออุปกรณ์การเรียนที่เอื้อต่อการเรียนรู้'),(72,2553,1405,14,'14.5. มีการจัดระบบการบันทึก การรายงานผลและการส่งต่อข้อมูลของผู้เรียน'),(73,2553,1406,14,'14.6. มีระบบการนิเทศการเรียนการสอนและนำผลไปปรับปรุงการสอนอยู่เสมอ'),(74,2553,1407,14,'14.7. มีการนำแหล่งเรียนรู้และภูมิปัญญาท้องถิ่นมาใช้ในการเรียนการสอน'),(75,2553,1501,15,'15.1. มีการจัดและพัฒนาระบบดูแลช่วยเหลือผู้เรียนที่เข้มแข็งและทั่วถึง'),(76,2553,1502,15,'15.2. มีการจัดกิจกรรมส่งเสริมและตอบสนองความสามารถทางวิชาการและความคิดสร้างสรรค์ของผู้เรียน'),(77,2553,1503,15,'15.3. มีการจัดกิจกรรมส่งเสริมและตอบสนองความสามารถพิเศษและความถนัดของผู้เรียนให้เต็มตามศักยภาพ'),(78,2553,1504,15,'15.4. มีการจัดกิจกรรมส่งเสริมค่านิยมที่ดีงาม'),(79,2553,1505,15,'15.5. มีการจัดกิจกรรมส่งเสริมด้านศิลปะ ดนตรี/นาฏศิลป์ และกีฬา/นันทนาการ'),(80,2553,1506,15,'15.6. มีการจัดกิจกรรมสืบสานและสร้างสรรค์  วัฒนธรรม  ประเพณี และภูมิปัญญาไทย'),(81,2553,1507,15,'15.7. มีการจัดกิจกรรมส่งเสริมความเป็นประชาธิปไตย'),(82,2553,1601,16,'16.1. มีสภาพแวดล้อมที่เอื้อต่อการเรียนรู้ มีอาคารสถานที่เหมาะสม'),(83,2553,1602,16,'16.2. มีการส่งเสริมสุขภาพอนามัยและความปลอดภัยของผู้เรียน'),(84,2553,1603,16,'16.3. มีการการให้บริการเทคโนโลยีสารสนเทศรูปแบบที่เอื้อต่อการเรียนรู้ด้วยตนเอง  และการเรียนรู้แบบมีส่วนรวม'),(85,2553,1604,16,'16.4. มีห้องเรียน  ห้องปฏิบัติการ ห้องสมุด พื้นที่สีเขียว และสิ่งอำนวยความสะดวกพอเพียง  และอยู่ในสภาพใช้การได้ดี'),(86,2553,1605,16,'16.5. มีการจัดและใช้แหล่งเรียนรู้ทั้งในและนอกสถานศึกษา'),(87,2553,1701,17,'17.1. มีการเชื่อมโยงและแลกเปลี่ยนข้อมูลกับแหล่งเรียนรู้และภูมิปัญญาในท้องถิ่น'),(88,2553,1702,17,'17.2. สนับสนุนให้แหล่งเรียนรู้ ภูมิปัญญา และชุมชน เข้ามามีส่วนร่วมในกาจัดทำหลักสูตรระดับสถานศึกษา'),(89,2553,1801,18,'18.1. เป็นแหล่งวิทยาการในการแสวงหาความรู้และบริการชุมชน'),(90,2553,1802,18,'18.2. มีการแลกเปลี่ยนเรียนรู้ร่วมกัน'),(91,2554,101,1,'1.1 มีสุขนิสัยในการดูแลสุขภาพและออกกำลังกายสม่ำเสมอ'),(92,2554,102,1,'1.2 มีน้ำหนัก ส่วนสูง และมีสมรรถนภาพทางกายตามเกณฑ์มาตรฐาน'),(93,2554,103,1,'1.3 ป้องกันตนเองจากสิ่งเสพติดให้โทษและหลีกเลี่ยงตนเองจากสภาวะที่เสี่ยงต่อความรุนแรง โรค ภีย อุบัติเหตุ และปัญหาทางเพศ'),(94,2554,104,1,'1.4 เห็นคุณค่าในตนเอง มีความมั่นใจ กล้าแสดงออกอย่างเหมาะสม'),(95,2554,105,1,'1.5 มีมนุษยสัมพันธ์ที่ดีและให้เกียรติผู้อื่น'),(96,2554,106,1,'1.6 สร้างผลงานจากการเข้าร่วมกิจกรรมด้านศิลปะ ดนตรี/นาฏศิลป์ กีฬา/นันทนาการ'),(97,2554,201,2,'2.1 มีคุณลักษณะที่พึงประสงค์ตามหลักสูตร'),(98,2554,202,2,'2.2 เอื้ออาทรผู้อื่นและกตัญญูกตเวทีต่อผู้มีพระคุณ'),(99,2554,203,2,'2.3 ยอมรับความคิดและวัฒนธรรมที่แตกต่าง'),(100,2554,204,2,'2.4 ตระหนัก รู้คุณค่า ร่วมอนุรักษ์และพัฒนาสิ่งแวดล้อม'),(101,2554,301,3,'3.1 มีนิสัยรักการอ่านและแสวงหาความรู้ด้วยตนเองจากห้องสมุด แหล่งเรียนรู้ และสื่อต่าง ๆ รอบตัว'),(102,2554,302,3,'3.2 มีทักษะในการอ่าน ฟัง พูด ดู เขียน และตั้งคำถามเพื่อค้นคว้าหาความรู้เพิ่มเติม'),(103,2554,303,3,'3.3 เรียนรู้ร่วมกันเป็นกลุ่ม และเปลี่ยนความคิดเห็นเพื่อการเรียนรู้ระหว่างกัน'),(104,2554,304,3,'3.4 ใช้เทคโนโลยีในการเรียนรู้และนำเสนอผลงาน'),(105,2554,401,4,'4.1 สรุปความคิดเห็นจากเรื่องที่อ่าน ฟัง และดู และสื่อสารโดยการพูดหรือเขียนตามความคิดเห็นของตนเอง'),(106,2554,402,4,'4.2 นำเสนอวิธีคิด วิธีแก้ปัญหาด้วยภาษาหรือวิธีของตนเอง'),(107,2554,403,4,'4.3 กำหนดเป้าหมาย คาดการณ์ ตัดสินใจแก้ปัญหาโดยมีเหตุผลประกอบ'),(108,2554,404,4,'4.4 มีความคิดริเริ่ม และสร้างสรรค์ผลงานด้วยความภาคภูมิใจ'),(109,2554,501,5,'5.1 ผลสัมฤทธิ์ทางการเรียนแต่ละกลุ่มสาระเป็นไปตามเกณฑ์'),(110,2554,502,5,'5.2 ผลการประเมินสมรรถนะสำคัญตามหลักสูตรเป็นไปตามเกณฑ์'),(111,2554,503,5,'5.3 ผลการประเมินการอ่าน คิดวิเคราะห์ และเขียนเป็นไปตามเกณฑ์'),(112,2554,504,5,'5.4 ผลการทดสอบระดับชาติเป็นไปตามเกณฑ์'),(113,2554,601,6,'6.1 วางแผนการทำงานและดำเนินการจนสำเร็จ'),(114,2554,602,6,'6.2 ทำงานอย่างมีความสุข มุ่งมั่นพัฒนางาน และภูมิใจในผลงานของตนเอง'),(115,2554,603,6,'6.3 ทำงานร่วมกับผู้อื่นได้'),(116,2554,604,6,'6.4 มีความรู้สึกที่ดีต่ออาชีพสุจริตและหาความรู้เกี่ยวกับอาชีพที่ตนเองสนใจ'),(117,2554,701,7,'7.1 ครูมีการกำหนดเป้าหมายคุณภาพผู้เรียนทั้งด้านความรู้ ทักษะกระบวนการ สมรรถนะ และคุณลักษณะที่พึงประสงค์'),(118,2554,702,7,'7.2 ครูมีการวิเคราะห์ผู้เรียนเป็นรายบุคคล และใช้ข้อมูลในการวางแผนจัดการเรียนรู้เพื่อพัฒนาศักยภาพผู้เรียน'),(119,2554,703,7,'7.3 ครูออกแบบและจัดการเรียนรู้ที่ตอบสนองความแตกต่างระหว่างบุคคลและพัฒนาการทางสติปัญญา'),(120,2554,704,7,'7.4 ครูใช้สื่อและเทคโนโลยีที่เหมาะสมผนวกกับการนำบริบทและภูมิปัญญาของท้องถิ่นมาบูรณาการในการจัดการเรียนรู้'),(121,2554,705,7,'7.5 ครูมีการวัดและประเมินผลที่มุ่งเน้นการพัฒนาการเรียนรู้ของผู้เรียน ด้วยวิธีการที่หลากหลาย'),(122,2554,706,7,'7.6 ครูให้คำแนะนำ คำปรึกษา และแก้ไขปัญหาให้แก่ผู้เรียน ทั้งด้านการเรียนและคุณภาพชีวิตด้วยความเสมอภาค'),(123,2554,707,7,'7.7 ครูมีการศึกษา วิจัยและพัฒนาการจัดการเรียนรู้ในวิชาที่ตนรับผิดชอบ และใช้ผลในการปรับการสอน'),(124,2554,708,7,'7.8 ครูประพฤติปฏิบัติตนเป็นแบบอย่างที่ดี และเป็นสมาชิกที่ดีของสถานศึกษา'),(125,2554,709,7,'7.9 ครูจัดการเรียนการสอนตามวิชาที่ได้รับมอบหมายเต็มเวลา เต็มความสามารถ'),(126,2554,801,8,'8.1 ผู้บริหารมีวิสัยทัศน์ ภาวะผู้นำ และความคิดริเริ่มที่เน้นการพัฒนาผู้เรียน'),(127,2554,802,8,'8.2 ผู้บริหารใช้หลักการบริหารแบบมีส่วนร่วมและใช้ข้อมูลผลการประเมินหรือผลการวิจัยเป็นฐานคิด ทั้งด้านวิชาการและการจัดการ'),(128,2554,803,8,'8.3 ผู้บริหารสามารถบริหารจัดการให้บรรลุเป้าหมายที่กำหนดไว้ในแผนปฏิบัติการ'),(129,2554,804,8,'8.4 ผู้บริหารส่งเสริมและพัฒนาศักยภาพบุคลากรให้พร้อมรับการกระจายอำนาจ'),(130,2554,805,8,'8.5 นักเรียน ผู้ปกครอง และชุมชน พึงพอใจต่อผลการบริหารจัดการศึกษา'),(131,2554,806,8,'8.6 ผู้บริหารให้คำแนะนำ คำปรึกษาทางวิชาการและเอาใจใส่การจัดการศึกษาเต็มศักยภาพและเต็มเวลา'),(132,2554,901,9,'9.1 คณะกรรมการสถานศึกษารู้และปฏิบัติหน้าที่ตามที่ระเบียบกำหนด'),(133,2554,902,9,'9.2 คณะกรรมการสถานศึกษากำกับติดตาม ดูแล และขับเคลื่อนการดำเนินงานของสถานศึกษาให้บรรลุผลสำเร็จตามเป้าหมาย'),(134,2554,903,9,'9.3 ผู้ปกครองและชุมชนเข้ามามีส่วนร่วมในการพัฒนาสถานศึกษา'),(135,2554,1001,10,'10.1 หลักสูตรสถานศึกษาเหมาะสมและสอดคล้องกับท้องถิ่น'),(136,2554,1002,10,'10.2 จัดรายวิชาเพิ่มเติมที่หลากหลายให้ผู้เรียนเลือกเรียนตามความถนัด ความสามารถ และความสนใจ'),(137,2554,1003,10,'10.3 จัดกิจกรรมพัฒนาผู้เรียนที่ส่งเสริมและตอบสนองความต้องการ ความสามารถ ความถนัด และความสนใจของผู้เรียน'),(138,2554,1004,10,'10.4 สนับสนุนให้ครูจัดกระบวนการเรียนรู้ที่ให้ผู้เรียนได้ลงมือปฏิบัติจริงจนสรุปความรู้ได้ด้วยตนเอง'),(139,2554,1005,10,'10.5 นิเทศภายใน กำกับ ติดตามตรวจสอบ และนำผลไปปรับปรุงการเรียนการสอนอย่างสม่ำเสมอ'),(140,2554,1006,10,'10.6 จัดระบบดูแลช่วยเหลือผู้เรียนที่มีประสิทธิภาพและครอบคลุมถึงผู้เรียนทุกคน'),(141,2554,1101,11,'11.1 ห้องเรียน ห้องปฏิบัติการ อาคารเรียนมั่นคง สะอาดและปลอดภัย มีสิ่งอำนวยความสะดวกพอเพียง อยู่ในสภาพใช้การได้ดี สภาพแวดล้อมร่มรื่น และมีแหล่งเรียนรู้สำหรับผู้เรียน'),(142,2554,1102,11,'11.2 จัดโครงการ กิจกรรมที่ส่งเสริมสุขภาพอนามัยและความปลอดภัยของผู้เรียน'),(143,2554,1103,11,'11.3 จัดห้องสมุดที่ให้บริการสื่อเทคโนโลยีสารสนเทศที่เอื้อให้ผู้เรียนเรียนรู้ด้วยตนเองและหรือเรียนรู้แบบมีส่วนร่วม'),(144,2554,1201,12,'12.1 กำหนดมาตรฐานการศึกษาของสถานศึกษา'),(145,2554,1202,12,'12.2 จัดทำและดำเนินการตามแผนพัฒนาการจัดการศึกษาของสถานศึกษาที่มุ่งพัฒนาคุณภาพตามมาตรฐานการศึกษาของสถานศึกษา'),(146,2554,1203,12,'12.3 จัดระบบข้อมูลสารสนเทศและใช้สารสนเทศในการบริหารจัดการเพื่อพัฒนาคุณภาพการศึกษาอย่างต่อเนื่อง'),(147,2554,1204,12,'12.4 ติดตามตรวจสอบ และประเมินคุณภาพภายในตามมาตรฐานการศึกษาของสถานศึกษา'),(148,2554,1205,12,'12.5 นำผลประเมินคุณภาพทั้งภายในและภายนอกไปใช้วางแผนพัฒนาคุณภาพการศึกษาอย่างต่อเนื่อง'),(149,2554,1206,12,'12.6 จัดทำรายงานประจำปีที่เป็นรายงานการประเมินคุณภาพภายใน'),(150,2554,1301,13,'13.1 มีการสร้างและพัฒนาแหล่งเรียนรู้ภายในสถานศึกษาและใช้ประโยชน์จากแหล่งเรียนรู้ทั้งภายในและภายนอกสถานศึกษา เพื่อพัฒนาการเรียนรู้ของผู้เรียนและบุคลากรของสถานศึกษา รวมทั้งผู้ที่เกี่ยวข้อง'),(151,2554,1302,13,'13.2 มีการแลกเปลี่ยนเรียนรู้ระหว่างบุคลากรภายในสถานศึกษา ระหว่างสถานศึกษากับครอบครัว ชุมชน และองค์กรที่เกี่ยวข้อง'),(152,2554,1401,14,'14.1 จัดโครงการ กิจกรรมที่ส่งเสริมให้ผู้เรียนบรรลุตามเป้าหมายวิสัยทัศน์ ปรัชญา และจุดเน้นของสถานศึกษา'),(153,2554,1402,14,'14.2 ผลการดำเนินงานส่งเสิรมให้ผู้เรียนบรรลุตามเป้าหมาย วิสัยทัศน์ ปรัชญา และจุดเน้นของสถานศึกษา'),(154,2554,1501,15,'15.1 จัดโครงการ กิจกรรมพิเศษเพื่อตอบสนองนโยบาย จุดเน้น ตามแนวทางปฏิรูปการศึกษา'),(155,2554,1502,15,'15.2 ผลการดำเนินงานบรรลุตามเป้าหมาย');

--
-- Table structure for table `standard_basic_sd`
--

CREATE TABLE `standard_basic_sd` (
  `id` int(11) NOT NULL AUTO_INCREMENT,
  `sd_year` int(11) NOT NULL,
  `sd_id` int(11) NOT NULL,
  `sd_name` varchar(150) NOT NULL,
  PRIMARY KEY (`id`)
) ENGINE=MyISAM AUTO_INCREMENT=38 DEFAULT CHARSET=utf8 COLLATE=utf8_general_ci;

--
-- Dumping data for table `standard_basic_sd`
--

INSERT INTO `standard_basic_sd` VALUES (5,2553,2,'ผู้เรียนมีจิตสำนึกในการอนุรักษ์และพัฒนาสิ่งแวดล้อม'),(4,2553,1,'ผู้เรียนมีคุณธรรม จริยธรรม และค่านิยมที่พึงประสงค์'),(6,2553,3,'ผู้เรียนมีทักษะในการทำงาน รักการทำงาน สามารถทำงานร่วมกับผู้อื่นและมีเจตคติที่ดีต่ออาชีพสุจริต'),(7,2553,4,'ผู้เรียนมีความสามารถในการคิดวิเคราะห์ คิดสังเคราะห์ มีวิจารณญาณ มีความคิดสร้างสรรค์ คิดไตรตรอง และมีวิสัยทัศน์'),(8,2553,5,'มีความรู้และทักษะที่จำเป็นตามหลักสูตร'),(9,2553,6,'มีความรู้และทักษะที่จำเป็นตามหลักสูตร'),(10,2553,7,'ผู้เรียนมีสุขนิสัย สุขภาพกาย และสุขภาพจิตที่ดี'),(11,2553,8,'ผู้เรียนมีสุนทรียภาพและลักษณะนิสัยด้านศิลปะ ดนตรีและกีฬา'),(12,2553,9,'ครูมีคุณธรรม จริยธรรม มีวุฒิ/ความรู้ความสามารถตรงกับงานที่รับผิดชอบ หมั่นพัฒนาตนเองเข้ากับชุมชนได้ดีและมีครูพอเพียง'),(13,2553,10,'ครูมีความสามารถในการจัดประสบการณ์การเรียนรู้ได้อย่างมีประสิทธิภาพและเน้นผู้เรียนเป็นสำคัญ'),(14,2553,11,'ผู้บริหารมีคุณธรรม จริยธรรม มีภาวะผู้นำ และมีความสามารถ ในการบริหารจัดการศึกษา'),(15,2553,12,'สถานศึกษามีการจัดองค์กร โครงสร้าง ระบบการบริหารงานและพัฒนาองค์กรอย่างเป็นระบบครบวงจร'),(16,2553,13,'สถานศึกษามีการบริหารและจัดการศึกษาโดยใช้สถานศึกษาเป็นฐาน'),(17,2553,14,'สถานศึกษามีการจัดหลักสูตรและกระบวนการเรียนรู้ที่เน้นผู้เรียนเป็นสำคัญ'),(18,2553,15,'สถานศึกษามีการจัดกิจกรรมส่งเสริมคุณภาพผู้เรียนอย่างหลากหลาย'),(19,2553,16,'สถานศึกษามีการจัดสภาพแวดล้อมและการบริการที่ส่งเสริมให้ผู้เรียนพัฒนาตามธรรมชาติเต็มศักยภาพ'),(20,2553,17,'สถานศึกษามีการสนับสนุนและใช้แหล่งเรียนรู้และภูมิปัญญาในท้องถิ่น'),(21,2553,18,'สถานศึกษามีการร่วมมือกันระหว่างบ้าน  องค์กรทางศาสนา  สถาบันทางวิชาการ  และองค์กรภาครัฐและเอกชน  เพื่อพัฒนาวิถีการเรียนรู้ในชุมชน'),(23,2554,1,'ผู้เรียนมีสุขภาวะที่ดีและมีสุนทรียภาพ'),(24,2554,2,'ผู้เรียนมีคุณธรรม จริยธรรม และค่านิยมที่พึงประสงค์'),(25,2554,3,'ผู้เรียนมีทักษะในการแสวงหาความรู้ด้วยตนเอง รักเรียนรู้ และพัฒนาตนเองอย่างต่อเนื่อง'),(26,2554,4,'ผู้เรียนมีความสามารถในการคิดอย่างเป็นระบบ คิดสร้างสรรค์ ตัดสินใจ แก้ปัญหาได้อย่างมีสติสมเหตุผล'),(27,2554,5,'ผู้เรียนมีความรู้และทักษะที่จำเป็นตามหลักสูตร'),(28,2554,6,'ผู้เรียนมีทักษะในการทำงาน รักการทำงาน สามารถทำงานร่วมกับผู้อื่นได้ และมีเจตคติที่ดีต่ออาชีพสุจริต'),(29,2554,7,'ครูปฏิบัติงานตามบทบาทหน้าที่อย่างมีประสิทธิภาพและเกิดประสิทธิผล'),(30,2554,8,'ผู้บริหารปฏิบัติงานตามบทบาทหน้าที่อย่างมีประสิทธิภาพและเกิดประสิทธิผล'),(31,2554,9,'คณะกรรมการสถานศึกษา และผู้ปกครอง ชุมชน ปฏิบัติงานตามบทบาทหน้าที่อย่างมีประสิทธิภาพและเกิดประสิทธิผล'),(32,2554,10,'สถานศึกษามีการจัดหลักสูตร กระบวนการเรียนรู้ และกิจกรรมพัฒนาคุณภาพผู้เรียนอย่างรอบด้าน'),(33,2554,11,'สถานศึกษามีการจัดสภาพแวดล้อมและการบริการที่ส่งเสริมให้ผู้เรียนพัฒนาเต็มศักยภาพ'),(34,2554,12,'สถานศึกษามีการประกันคุณภาพภายในของสถานศึกษาตามที่กำหนดในกฎกระทรวง'),(35,2554,13,'สถานศึกษามีการสร้าง ส่งสเริม สนับสนุน ให้สถานศึกษาเป็นสังคมแห่งการเรียนรู้'),(36,2554,14,'การพัฒนาสถานศึกษาให้บรรลุเป้าหมายตามวิสัยทัศน์ ปรัชญา และจุดเน้นที่กำหนดขึ้น'),(37,2554,15,'การจัดกิจกรรมตามนโนบาย จุดเน้น แนวทางการปฏิรูปการศึกษาเพื่อพัฒนาและส่งเสริมสถานศึกษาให้ยกระดับคุณภาพสูงขึ้น');

--
-- Table structure for table `standard_elementary_indicator`
--

CREATE TABLE `standard_elementary_indicator` (
  `id` int(11) NOT NULL AUTO_INCREMENT,
  `sd_year` int(11) NOT NULL,
  `id_indicator` int(11) NOT NULL,
  `sd_id` int(11) NOT NULL,
  `indicator_name` varchar(250) NOT NULL,
  PRIMARY KEY (`id`)
) ENGINE=MyISAM AUTO_INCREMENT=186 DEFAULT CHARSET=utf8 COLLATE=utf8_general_ci;

--
-- Dumping data for table `standard_elementary_indicator`
--

INSERT INTO `standard_elementary_indicator` VALUES (3,2553,101,1,'1.1 มีวินัย มีความรับผิดชอบ ปฏิบัติตามข้อตกลงร่วมกัน'),(4,2553,102,1,'1.2 มีความซื่อสัตย์สุจริต'),(5,2553,103,1,'1.3 มีความกตัญญูกตเวที'),(6,2553,104,1,'1.4 มีเมตตากรุณา มีความรู้สึกที่ดีต่อตนเองและผู้อื่น'),(7,2553,105,1,'1.5 ประหยัด รู้จักใช้และรักษาทรัพยากร และสิ่งแวดล้อม'),(8,2553,106,1,'1.6 มีมารยาทและปฏิบัติตนตามวัฒนธรรมไทย'),(9,2553,201,2,'2.1 รับรู้คุณค่าของสิ่งแวดล้อมและผลกระทบที่เกิดจากการเปลี่ยนแปลงสิ่งแวดล้อม'),(10,2553,202,2,'2.2 เข้าร่วมหรือมีส่วนร่วมกิจกรรม/โครงการอนุรักษ์และพัฒนาสิ่งแวดล้อม'),(11,2553,301,3,'3.1 สนใจและกระตือรือร้นในการทำงาน'),(12,2553,302,3,'3.2 ทำงานจนสำเร็จและภูมิใจในผลงาน'),(13,2553,303,3,'3.3 เล่นและทำกิจกรรมร่วมกับผู้อื่นได้'),(14,2553,304,3,'3.4 มีความรู้สึกที่ดีต่ออาชีพสุจริต'),(15,2553,401,4,'4.1 มีความคิดรวบยอดเกี่ยวกับสิ่งต่างๆ ที่เกิดจากการเรียนรู้'),(16,2553,402,4,'4.2 แก้ปัญหาได้เหมาะสมกับวัย'),(17,2553,403,4,'4.3 มีจินตนาการ และ มีความคิดริเริ่มสร้างสรรค์'),(18,2553,501,5,'5.1 มีทักษะในการใช้กล้ามเนื้อใหญ่-เล็ก'),(19,2553,502,5,'5.2 มีทักษะในการใช้ประสาทสัมผัสทั้ง 5'),(20,2553,503,5,'5.3 มีทักษะในการสื่อสาร'),(21,2553,504,5,'5.4 มีทักษะในการสังเกตและสำรวจ'),(22,2553,505,5,'5.5 มีทักษะในเรื่องมิติสัมพันธ์'),(23,2553,506,5,'5.6 มีทักษะในเรื่องจำนวน ปริมาณ น้ำหนัก และการกะประมาณ'),(24,2553,507,5,'5.7 เชื่อมโยงความรู้และทักษะต่างๆ'),(25,2553,601,6,'6.1 รู้จักตั้งคำถามเพื่อหาเหตุผล และมีความสนใจใฝ่รู้'),(26,2553,602,6,'6.2 มีความกระตือรือร้นในการเรียนรู้สิ่งต่างๆ รอบตัว และสนุกกับการเรียนรู้'),(27,2553,701,7,'7.1 รักการออกกำลังกาย ดูแลสุขภาพ และช่วยเหลือตนเองได้'),(28,2553,702,7,'7.2 มีน้ำหนัก ส่วนสูง และมีสมรรถภาพทางกายตามเกณฑ์'),(29,2553,703,7,'7.3 เห็นโทษของสิ่งเสพติดให้โทษและสิ่งมอมเมา'),(30,2553,704,7,'7.4 มีความมั่นใจ กล้าแสดงออกอย่างเหมาะสม'),(31,2553,705,7,'7.5 ร่าเริง แจ่มใส มีมนุษยสัมพันธ์ที่ดีต่อเพื่อน ครู และผู้อื่น'),(32,2553,801,8,'8.1 ร่าเริง แจ่มใส มีมนุษยสัมพันธ์ที่ดีต่อเพื่อน ครู และผู้อื่น'),(33,2553,802,8,'8.2 มีความสนใจและร่วมกิจกรรมด้านดนตรี'),(34,2553,803,8,'8.3 มีความสนใจและร่วมกิจกรรมการเคลื่อนไหว'),(35,2553,901,9,'9.1 มีคุณธรรมจริยธรรม และปฏิบัติตนตามจรรยาบรรณของวิชาชีพ'),(36,2553,902,9,'9.2 มีมนุษยสัมพันธ์ที่ดีกับเด็ก ผู้ปกครอง และชุมชน'),(37,2553,903,9,'9.3 มีความมุ่งมั่นและอุทิศตนในการสอนและพัฒนาเด็ก'),(38,2553,904,9,'9.4 มีการแสวงหาความรู้และเทคนิควิธีการใหม่ๆ รับฟังความคิดเห็นใจกว้าง และยอมรับการเปลี่ยนแปลง'),(39,2553,905,9,'9.5 จบการศึกษาระดับปริญญาตรีทางการศึกษาหรือเทียบเท่าขึ้นไป'),(40,2553,906,9,'9.6 สอนตรงตามวิชาเอก-โท หรือ ตรงตามความถนัด'),(41,2553,907,9,'9.7 มีจำนวนพอเพียง (หมายรวมทั้งครูและบุคลากรสนับสนุน)'),(42,2553,1001,10,'10.1 มีความรู้ความเข้าใจเป้าหมายการจัดการศึกษาและหลักสูตรการศึกษาปฐมวัย'),(43,2553,1002,10,'10.2 มีการวิเคราะห์เด็กเป็นรายบุคคล'),(44,2553,1003,10,'10.3 มีความสามารถในการจัดประสบการณ์ที่เน้นเด็กเป็นสำคัญ'),(45,2553,1004,10,'10.4 มีความสามารถในการใช้สื่อที่เหมาะสมและสอดคล้องกับการเรียนรู้ของเด็ก'),(46,2553,1005,10,'10.5 มีการประเมินพัฒนาการของเด็กตามสภาพจริงโดยคำนึงถึงพัฒนาการตามวัย'),(47,2553,1006,10,'10.6 มีการนำผลการประเมินพัฒนาการมาปรับเปลี่ยนการจัดประสบการณ์เพื่อพัฒนาเด็กให้เต็มตามศักยภาพ'),(48,2553,1007,10,'10.7 มีการวิจัยเพื่อพัฒนาการเรียนรู้ของเด็กและนำผลไปใช้พัฒนาเด็ก'),(49,2553,1101,11,'11.1 มีคุณธรรม จริยธรรม และปฏิบัติตนตามจรรยาบรรณของวิชาชีพ'),(50,2553,1102,11,'11.2 มีความคิดริเริ่ม มีวิสัยทัศน์ และเป็นผู้นำทางวิชาการ'),(51,2553,1103,11,'11.3 มีความสามารถในการบริหารงานวิชาการและการจัดการ'),(52,2553,1104,11,'11.4 มีการบริหารที่มีประสิทธิภาพและประสิทธิผล ผู้เกี่ยวข้องพึงพอใจ'),(53,2553,1201,12,'12.1 มีการจัดองค์กร โครงสร้าง และระบบการบริหารงานที่มีความคล่องตัวสูงและปรับเปลี่ยนได้เหมาะสมตามสถานการณ์'),(54,2553,1202,12,'12.2 มีการจัดการข้อมูลสารสนเทศอย่างเป็นระบบ ครอบคลุมและทันต่อการใช้งาน'),(55,2553,1203,12,'12.3 มีระบบการประกันคุณภาพภายในที่ดำเนินงานอย่างต่อเนื่อง'),(56,2553,1204,12,'12.4 มีการพัฒนาบุคลากรอย่างเป็นระบบและต่อเนื่อง'),(57,2553,1205,12,'12.5 ผู้รับบริการและผู้เกี่ยวข้องพึงพอใจผลการบริหารงานและการพัฒนาเด็ก'),(58,2553,1301,13,'13.1 มีการกระจายอำนาจการบริหาร และการจัดการศึกษา'),(59,2553,1302,13,'13.2 มีการบริหารเชิงกลยุทธ์ และใช้หลักการมีส่วนร่วม'),(60,2553,1303,13,'13.3 มีคณะกรรมการสถานศึกษาร่วมพัฒนาสถานศึกษา'),(61,2553,1304,13,'13.4 มีการบริหารที่มุ่งผลสัมฤทธิ์ของงาน'),(62,2553,1305,13,'13.5 มีการตรวจสอบและถ่วงดุล'),(63,2553,1401,14,'14.1 มีหลักสูตรที่เหมาะสมกับเด็กและท้องถิ่น'),(64,2553,1402,14,'14.2 มีการส่งเสริมให้ครูจัดทำแผนการจัดประสบการณ์การเรียนรู้ที่ตอบสนองความสนใจและเหมาะสมกับวัยของเด็ก'),(65,2553,1403,14,'14.3 มีการส่งเสริมและพัฒนานวัตกรรมการจัดประสบการณ์การเรียนรู้ และสื่ออุปกรณ์การเรียนที่เอื้อต่อการเรียนรู้'),(66,2553,1404,14,'14.4 มีการจัดกิจกรรมการเรียนรู้โดยบูรณาการผ่านการเล่นและเด็กได้เรียนรู้จากประสบการณ์ตรง'),(67,2553,1405,14,'14.5 มีการบันทึก การรายงานผล และการส่งต่อข้อมูลของเด็กอย่างเป็นระบบ'),(68,2553,1406,14,'14.6 มีการนิเทศและนำผลไปปรับปรุงการจัดกิจกรรม/ประสบการณ์อย่างสม่ำเสมอ'),(69,2553,1407,14,'14.7 มีการนำแหล่งเรียนรู้และภูมิปัญญาท้องถิ่นมาใช้ในการจัดประสบการณ์'),(70,2553,1501,15,'15.1 มีการจัดและพัฒนาระบบดูแลช่วยเหลือเด็กอย่างทั่วถึง'),(71,2553,1502,15,'15.2 มีการจัดกิจกรรม กระตุ้นพัฒนาการทางสมอง ตอบสนองความสนใจ และส่งเสริมความคิดสร้างสรรค์ของเด็ก'),(72,2553,1503,15,'15.3 มีการจัดกิจกรรมส่งเสริมค่านิยมที่ดีงาม'),(73,2553,1504,15,'15.4 มีการจัดกิจกรรมส่งเสริมด้านศิลปะ ดนตรี และการเคลื่อนไหว'),(74,2553,1505,15,'15.5 มีการจัดกิจกรรมสืบสานและสร้างสรรค์ วัฒนธรรม ประเพณี และภูมิปัญญาไทย'),(75,2553,1506,15,'15.6 มีการจัดกิจกรรมส่งเสริมความเป็นประชาธิปไตย'),(76,2553,1601,16,'16.1 มีสภาพแวดล้อมที่เอื้อต่อการเรียนรู้ มีอาคารสถานที่เหมาะสม'),(77,2553,1602,16,'16.2 มีการส่งเสริมสุขภาพอนามัยและความปลอดภัยของเด็ก'),(78,2553,1603,16,'16.3 มีการให้บริการเทคโนโลยีสารสนเทศที่เอื้อต่อการเรียนรู้ด้วยตนเองและการเรียนรู้แบบมีส่วนร่วม'),(79,2553,1604,16,'16.4 มีห้องเรียน ห้องสมุด สนามเด็กเล่น พื้นที่สีเขียว และสิ่งอำนวยความสะดวกพอเพียงและอยู่ในสภาพใช้การได้ดี'),(80,2553,1605,16,'16.5 มีการจัดและใช้แหล่งเรียนรู้ทั้งในและนอกสถานศึกษา'),(81,2553,1701,17,'17.1 มีการเชื่อมโยงและแลกเปลี่ยนข้อมูลกับแหล่งเรียนรู้และภูมิปัญญาในท้องถิ่น'),(82,2553,1702,17,'17.2 สนับสนุนให้แหล่งเรียนรู้ ภูมิปัญญา และชุมชน เข้ามามีส่วนร่วมในการจัดทำหลักสูตรระดับสถานศึกษา'),(83,2553,1801,18,'18.1 เป็นแหล่งวิทยาการในการแสวงหาความรู้และบริการชุมชน'),(84,2553,1802,18,'18.2 มีการแลกเปลี่ยนเรียนรู้ร่วมกัน'),(87,2554,101,1,'1.1 มีน้ำหนักส่วนสูงเป็นไปตามเกณฑ์มาตรฐาน'),(88,2554,102,1,'1.2 มีทักษะการเคลื่อนไหวตามวัย'),(89,2554,103,1,'1.3 มีสุขนิสัยในการดูแลสุขภาพของตน'),(90,2554,104,1,'1.4 หลีกเลี่ยงต่อสภวะที่เสี่ยงต่อโรค อุบัติเหตุ ภัย สิ่งแวดล้อม'),(172,2554,204,2,'2.4 ชื่นชมศิลปะ ดนตรี การเคลื่อนไหว และรักธรรมชาติ'),(93,2554,201,2,'2.1 ร่าเริงแจ่มใส มีความรู้สึกที่ดีต่อตนเอง'),(94,2554,202,2,'2.2 มีความมั่นใจและกล้าแสดงออก'),(171,2554,203,2,'2.3 ควบคุมอารมณ์ตนเองให้เหมาะสมกับวัย'),(95,2554,301,3,'3.1 มีวินัย รับผิดชอบ เชื่อฟังคำสั่งสอนของพ่อแม่ ครูอาจารย์'),(96,2554,302,3,'3.2 มีความซื่อสัตย์สุจริต ช่วยเหลือแบ่งปัน'),(97,2554,303,3,'3.3 เล่นและทำงานร่วมกับผู้อื่นได้'),(98,2554,304,3,'3.4 ประพฤติตนตามวัฒนธรรมไทยและศาสนาที่ตนนับถือ'),(99,2554,401,4,'4.1 สนใจเรียนรู้สิ่งรอบตัว ซักถามอย่างตั้งใจ และรักการเรียนรู้'),(100,2554,402,4,'4.2 มีความคิดรอบยอดเกี่ยวกับสิ่งต่าง ๆ ที่เกิดจากประสบการณ์การเรียนรู้'),(101,2554,403,4,'4.3 มีทักษะทางภาษาที่เหมาะสมกับวัย'),(102,2554,501,5,'5.1 ครูเข้าใจปรัชญา หลักการ และธรรมชาติของการจัดการศึกษาปฐมวัย และสามารถนำมาประยุกต์ใช้ในการจัดประสบการณ์'),(103,2554,502,5,'5.2 ครูจัดทำแผนการจัดประสบการณ์ที่สอดคล้องกับหลักสูตรการศึกษาปฐมวัย และสามารถจัดประสบการณ์การเรียนรู้ที่หลากหลาย สอดคล้องกับความแตกต่างระหว่างบุคคล'),(104,2554,503,5,'5.3 ครูบริหารจัดการชั้นเรียนที่สร้างวินัยเชิงบวก'),(105,2554,504,5,'5.4 ครูใช้สื่อเทคโนโลยีที่เหมาะสม สอดคล้องกับพัฒนาการของเด็ก'),(106,2554,505,5,'5.5 ครูใช้เครื่องมือการวัดและประเมินพัฒนาการของเด็กอย่างหลากหลาย และสรุปรายงานผลพัฒนาการของเด็กแก่ผู้ปกครอง'),(107,2554,506,5,'5.6 ครูวิจัยและพัฒนาการจัดการเรียนรู้ที่ตนรับผิดชอบ และใช้ผลในการปรับการจัดประสบการณ์'),(108,2554,507,5,'5.7 ครูจัดสิ่งแวดล้อมให้เกิดการเรียนรู้ได้ตลอดเวลา'),(109,2554,601,6,'6.1 ผู้บริหารเข้าใจปรัชญาและหลักการจัดการศึกษาปฐมวัย'),(110,2554,602,6,'6.2 ผู้บริหารมีวิสัยทัศน์ ภาวะผู้นำ และความคิดริเริ่มที่เน้นการพัฒนาเด็กปฐมวัย'),(111,2554,701,7,'7.1 มีหลักสูตรการศึกษาปฐมวัยของสถานศึกษาและนำสู่การปฏิบัติได้อย่างมีประสิทธิภาพ'),(112,2554,702,7,'7.2 มีระบบและกลไกให้ผู้มีส่วนร่วมทุกฝ่ายตระหนักและเข้าใจการจัดการศึกษาปฐมวัย'),(113,2554,703,7,'7.3 จัดกิจกรรมเสริมสร้างความตระหนักรู้และความเข้าใจหลักการจัดการศึกษาปฐมวัย'),(114,2554,704,7,'7.4 สร้างการมีส่วนร่วมและแสวงหาความร่วมมือกับผู้ปกครอง ชุมชน และท้องถิ่น'),(115,2554,705,7,'7.5 จัดสิ่งอำนวยความสะดวกเพื่อพัฒนาเด็กอย่างรอบด้าน'),(116,2554,801,8,'8.1 กำหนดมาตรฐานการศึกษาปฐมวัยของสถานศึกษา'),(117,2554,802,8,'8.2 จัดทำและดำเนินการตามแผนพัฒนาการจัดการศึกษาของสถานศึกษาที่มุ่งพัฒนาคุณภาพตามมาตรฐานการศึกษาของสถานศึกษา'),(118,2554,803,8,'8.3 จัดระบบข้อมูลสารสนเทศและใช้สารสนเทศในการบริหารจัดการ'),(119,2554,901,9,'9.1 เป็นแหล่งเรียนรู้เพื่อพัฒนาการเรียนรู้ของเด็กและบุคลากรในสถานศึกษา'),(120,2554,902,9,'9.2 มีการแลกเปลี่ยนเรียนรู้ร่วมกันภายในสถานศึกษา ระหว่างสถานศึกษากับครอบครัว ชุมชน และองค์กรที่เกี่ยวข้อง'),(126,2554,1001,10,'10.1 จัดโครงการ กิจกรรมพัฒนาเด็กให้บรรลุตามเป้าหมาย ปรัชญา วิสัยทัศน์ และจุดเน้นการจัดการศึกษาปฐมวัยของสถานศึกษา'),(127,2554,1002,10,'10.2 ผลการดำเนินงานบรรลุเป้าหมาย'),(133,2554,1101,11,'11.1 จัดโครงการ กิจกรรมส่งเสริมสนับสนุนตามนโยบายเกี่ยวกับการจัดการศึกษาปฐมวัย'),(134,2554,1102,11,'11.2 ผลการดำเนินงานบรรลุตามเป้าหมาย'),(173,2554,404,4,'4.4 มีทักษะกระบวนการทางวิทยาศาสตร์และคณิตศาสตร์'),(174,2554,405,4,'4.5 มีจินตนาการและความคิดสร้างสรรค์'),(175,2554,508,5,'5.8 ครูมีปฏิสัมพันธ์ที่ดีกับเด็ก และผู้ปกครอง'),(176,2554,509,5,'5.9 ครูมีวุฒิและความรู้ความสามารถในดานการศึกษาปฐมวัย'),(177,2554,5010,5,'5.10 ครูจัดทำสารนิทัศน์และนำมาไตร่ตรองเพื่อใช้ประโยชน์ในการพัฒนาเด็ก'),(178,2554,603,6,'6.3 ผู้บริหารใช้หลักการบริหารแบบมีส่วนร่วมและใช้ข้อมูลการประเมินผลหรือการวิจัยเป็นฐานคิดทั้งด้านวิชาการ และการจัดการ'),(179,2554,604,6,'6.4 ผู้บริหารสามารถบริหารจัดการการศึกษาให้บรรลุเป้าหมายตามแผนพัฒนาคุณภาพสถานศึกษา'),(180,2554,605,6,'6.5 ผู้บริหารส่งเสริมและพัฒนาศักยภาพบุคลากรให้มีประสิทธิภาพ'),(181,2554,606,6,'6.6 ผู้บริหารให้คำแนะนำ คำปรึกษาทางวิชาการและเอาใจใส่การจัดการศึกษาปฐมวัยเต็มศักยภาพและเต็มเวลา'),(182,2554,607,6,'6.7 เด็ก ผู้ปกครอง และชุมชนพึงพอใจผลการบริหารจัดการศึกษาปฐมวัย'),(183,2554,804,8,'8.4 ติดต่ามตรวจสอบ และประเมินผลการดำเนินงานคุณภาพภายในตามมาตรฐานการศึกษาของสถานศึกษา'),(184,2554,805,8,'8.5 นำผลการประเมินคุณภาพทั้งภายในและภายนอกไปใช้วางแผนพัฒนาคุณภาพการศึกษาอย่างต่อเนื่อง'),(185,2554,806,8,'8.6 จัดทำรายงานประจำปีที่เป็นรายงานการประเมินคุณภาพภายใน');

--
-- Table structure for table `standard_elementary_sd`
--

CREATE TABLE `standard_elementary_sd` (
  `id` int(11) NOT NULL AUTO_INCREMENT,
  `sd_year` int(11) NOT NULL,
  `sd_id` int(11) NOT NULL,
  `sd_name` varchar(150) NOT NULL,
  PRIMARY KEY (`id`)
) ENGINE=MyISAM AUTO_INCREMENT=35 DEFAULT CHARSET=utf8 COLLATE=utf8_general_ci;

--
-- Dumping data for table `standard_elementary_sd`
--

INSERT INTO `standard_elementary_sd` VALUES (5,2553,1,'เด็กมีคุณธรรม จริยธรรม และค่านิยมที่พึงประสงค์'),(6,2553,2,'เด็กมีจิตสำนึกในการอนุรักษ์และพัฒนาสิ่งแวดล้อม'),(7,2553,3,'เด็กสามารถทำงานจนสำเร็จ ทำงานร่วมกับผู้อื่นได้ และมีความรู้สึกที่ดีต่ออาชีพสุจริต'),(8,2553,4,'เด็กสามารถคิดรวบยอด คิดแก้ปัญหา และคิดริเริ่มสร้างสรรค์'),(9,2553,5,'เด็กมีความรู้และทักษะเบื้องต้น'),(10,2553,6,'เด็กมีความสนใจใฝ่รู้ รักการอ่าน และพัฒนาตนเอง'),(11,2553,7,'เด็กมีสุขนิสัย สุขภาพกาย และสุขภาพจิตที่ดี'),(12,2553,8,'เด็กมีสุนทรียภาพและลักษณะนิสัยด้านศิลปะ ดนตรี และการเคลื่อนไหว'),(13,2553,9,'ครูมีคุณธรรม จริยธรรม มีวุฒิ/ความรู้ความสามารถตรงกับงานที่'),(14,2553,10,'ครูมีความสามารถในการจัดประสบการณ์การเรียนรู้ได้อย่างมีประสิทธิภาพและเน้นเด็กเป็นสำคัญ'),(15,2553,11,'ผู้บริหารมีคุณธรรม จริยธรรม มีภาวะผู้นำ และมีความสามารถในการบริหารจัดการศึกษา'),(16,2553,12,'สถานศึกษามีการจัดองค์กร โครงสร้าง ระบบการบริหารงานและพัฒนาองค์กรอย่างเป็นระบบครบวงจร'),(17,2553,13,'สถานศึกษามีการบริหารและจัดการศึกษาโดยใช้สถานศึกษาเป็นฐาน'),(18,2553,14,'สถานศึกษามีการจัดหลักสูตร และประสบการณ์การเรียนรู้ที่เน้นเด็กเป็นสำคัญ'),(19,2553,15,'สถานศึกษามีการจัดกิจกรรมส่งเสริมคุณภาพเด็กอย่างหลากหลาย'),(20,2553,16,'สถานศึกษามีการจัดสภาพแวดล้อมและการบริการที่ส่งเสริมให้เด็กพัฒนาตามธรรมชาติเต็มศักยภาพ'),(21,2553,17,'สถานศึกษามีการสนับสนุนและใช้แหล่งเรียนรู้และภูมิปัญญาในท้องถิ่น'),(22,2553,18,'สถานศึกษามีการร่วมมือกันระหว่างบ้าน องค์กรทางศาสนาสถาบันทางวิชาการ และองค์กรภาครัฐและเอกชน เพื่อพัฒนาวิถีการเรียนรู้ในชุมชน'),(24,2554,1,'เด็กมีพัฒาการด้านร่างกาย'),(25,2554,2,'เด็กมีพัฒนาการด้านอารมณ์และจิตใจ'),(26,2554,3,'เด็กมีพัฒนาการด้านสังคม'),(27,2554,4,'เด็กมีพัฒนาการด้านสติปัญญา'),(28,2554,5,'ครูปฏิบัติงานตามบทบาทหน้าที่อย่างมีประสิทธิภาพและเกิดประสิทธิผล'),(29,2554,6,'ผู้บริหารปฏิบัติงานตามบทบาทหน้าที่อย่างมีประสิทธิภาพและเกิดประสิทธิผล'),(30,2554,7,'แนวทางการจัดการศึกษา'),(31,2554,8,'สถานศึกษามีการประกันคุณภาพภายในของสถานตามที่กำหนดในกฎกระทรวง'),(32,2554,9,'สถานศึกษามีการสร้าง ส่งเสริม สนับสนุน ให้สถานศึกษาเป็นสังคมแห่งการเรียนรู้'),(33,2554,10,'พัฒนาสถานศึกษาให้บรรลุตามปรัชญา วิสัยทัศน์ และจุดเน้นของการศึกษาปฐมวัย'),(34,2554,11,'พัฒนาสถานศึกษาตามนโยบายเกี่ยวกับการจัดการศึกษาปฐมวัย');

--
-- Table structure for table `standard_permission`
--

CREATE TABLE `standard_permission` (
  `id` int(11) NOT NULL AUTO_INCREMENT,
  `person_id` varchar(13) NOT NULL,
  `p1` tinyint(4) NOT NULL,
  `officer` varchar(13) NOT NULL,
  `rec_date` date NOT NULL,
  PRIMARY KEY (`id`)
) ENGINE=MyISAM AUTO_INCREMENT=4 DEFAULT CHARSET=utf8 COLLATE=utf8_general_ci;

--
-- Dumping data for table `standard_permission`
--

INSERT INTO `standard_permission` VALUES (1,'1471200116784',1,'3349900319682','2016-06-25'),(2,'3349900319682',1,'3349900319682','2016-06-25'),(3,'3349800126769',1,'3349900319682','2016-06-25');

--
-- Table structure for table `student_check_main`
--

CREATE TABLE `student_check_main` (
  `check_date` date NOT NULL COMMENT 'วันที่บันทึก',
  `student_id` int(11) NOT NULL COMMENT 'รหัสนักเรียน',
  `class_now` tinyint(4) NOT NULL COMMENT 'ชั้นเรียนปัจจุบันที่บันทึก',
  `room_now` tinyint(4) NOT NULL COMMENT 'ห้องเรียนปัจจุบันที่บันทึก',
  `student_check_year` int(11) NOT NULL COMMENT 'ปีการศึกษาที่บันทึก',
  `check_val` varchar(1) NOT NULL COMMENT 'ค่าการเช็ค',
  `check_person_id` varchar(13) NOT NULL COMMENT 'ผู้ทำรายการ',
  `save_date` datetime NOT NULL COMMENT 'วันที่ทำรายการบันทึก',
  PRIMARY KEY (`check_date`,`student_id`)
) ENGINE=MyISAM DEFAULT CHARSET=utf8 COLLATE=utf8_general_ci;

--
-- Dumping data for table `student_check_main`
--

INSERT INTO `student_check_main` VALUES ('2016-06-24',323,8,0,2559,'C','3349900319682','2016-06-25 11:06:14'),('2016-06-24',338,8,0,2559,'C','3349900319682','2016-06-25 11:06:14'),('2016-06-24',334,5,0,2559,'C','3349800126769','2016-06-25 11:06:16'),('2016-06-24',335,5,0,2559,'C','3349800126769','2016-06-25 11:06:16'),('2016-06-24',336,5,0,2559,'C','3349800126769','2016-06-25 11:06:16'),('2016-06-24',337,5,0,2559,'C','3349800126769','2016-06-25 11:06:16'),('2016-06-24',343,5,0,2559,'C','3349800126769','2016-06-25 11:06:16'),('2018-11-14',326,9,0,2561,'C','1341500220154','2018-11-14 01:11:24'),('2018-11-14',342,9,0,2561,'C','1341500220154','2018-11-14 01:11:24'),('2018-11-14',340,9,0,2561,'C','1341500220154','2018-11-14 01:11:24'),('2018-11-29',326,9,0,2561,'C','1341500220154','2018-11-29 10:11:54'),('2018-11-29',340,9,0,2561,'C','1341500220154','2018-11-29 10:11:54'),('2018-11-29',342,9,0,2561,'C','1341500220154','2018-11-29 10:11:54'),('2018-11-29',349,9,0,2561,'C','1341500220154','2018-11-29 10:11:54'),('2018-11-28',326,9,0,2561,'C','1341500220154','2018-11-29 11:11:19'),('2018-11-28',340,9,0,2561,'C','1341500220154','2018-11-29 11:11:19'),('2018-11-28',342,9,0,2561,'C','1341500220154','2018-11-29 11:11:19'),('2018-11-28',349,9,0,2561,'C','1341500220154','2018-11-29 11:11:19'),('2018-11-27',326,9,0,2561,'C','1341500220154','2018-11-29 11:11:32'),('2018-11-27',340,9,0,2561,'C','1341500220154','2018-11-29 11:11:32'),('2018-11-27',342,9,0,2561,'C','1341500220154','2018-11-29 11:11:32'),('2018-11-27',349,9,0,2561,'C','1341500220154','2018-11-29 11:11:32'),('2018-11-26',326,9,0,2561,'C','1341500220154','2018-11-29 11:11:45'),('2018-11-26',340,9,0,2561,'C','1341500220154','2018-11-29 11:11:45'),('2018-11-26',342,9,0,2561,'C','1341500220154','2018-11-29 11:11:45'),('2018-11-26',349,9,0,2561,'C','1341500220154','2018-11-29 11:11:45'),('2020-01-21',341,9,0,2561,'C','1341500220154','2020-01-21 09:01:53'),('2020-01-20',341,9,0,2561,'C','1341500220154','2020-01-21 09:01:19'),('2020-01-17',341,9,0,2561,'C','1341500220154','2020-01-21 09:01:49'),('2020-01-16',341,9,0,2561,'C','1341500220154','2020-01-21 09:01:02'),('2020-01-15',341,9,0,2561,'C','1341500220154','2020-01-21 09:01:18'),('2020-08-17',361,3,0,2563,'C','1341500220154','2020-08-18 09:08:18'),('2020-08-17',356,5,0,2563,'C','1341500220154','2020-08-18 09:08:39'),('2020-08-17',357,5,0,2563,'C','1341500220154','2020-08-18 09:08:39'),('2020-08-17',358,5,0,2563,'C','1341500220154','2020-08-18 09:08:39'),('2020-08-17',352,6,0,2563,'C','1341500220154','2020-08-18 09:08:48'),('2020-08-17',334,9,0,2563,'C','1341500220154','2020-08-18 09:08:57'),('2020-08-17',350,9,0,2563,'C','1341500220154','2020-08-18 09:08:57'),('2020-08-03',334,9,0,2563,'C','1341500220154','2020-08-18 09:08:11'),('2020-08-03',350,9,0,2563,'C','1341500220154','2020-08-18 09:08:11'),('2020-08-04',334,9,0,2563,'C','1341500220154','2020-08-18 09:08:24'),('2020-08-04',350,9,0,2563,'C','1341500220154','2020-08-18 09:08:24'),('2020-08-05',334,9,0,2563,'C','1341500220154','2020-08-18 09:08:29'),('2020-08-05',350,9,0,2563,'C','1341500220154','2020-08-18 09:08:29'),('2020-08-06',334,9,0,2563,'C','1341500220154','2020-08-18 09:08:35'),('2020-08-06',350,9,0,2563,'C','1341500220154','2020-08-18 09:08:35'),('2020-08-10',334,9,0,2563,'C','1341500220154','2020-08-18 09:08:40'),('2020-08-10',350,9,0,2563,'C','1341500220154','2020-08-18 09:08:40'),('2020-08-11',334,9,0,2563,'C','1341500220154','2020-08-18 09:08:45'),('2020-08-11',350,9,0,2563,'C','1341500220154','2020-08-18 09:08:45'),('2020-08-13',334,9,0,2563,'C','1341500220154','2020-08-18 09:08:51'),('2020-08-13',350,9,0,2563,'C','1341500220154','2020-08-18 09:08:51'),('2020-08-14',334,9,0,2563,'C','1341500220154','2020-08-18 09:08:56'),('2020-08-14',350,9,0,2563,'C','1341500220154','2020-08-18 09:08:56'),('2020-07-01',334,9,0,2563,'C','1341500220154','2020-08-18 09:08:05'),('2020-07-01',350,9,0,2563,'C','1341500220154','2020-08-18 09:08:05'),('2020-07-02',334,9,0,2563,'C','1341500220154','2020-08-18 09:08:08'),('2020-07-02',350,9,0,2563,'C','1341500220154','2020-08-18 09:08:08'),('2020-07-03',334,9,0,2563,'C','1341500220154','2020-08-18 09:08:12'),('2020-07-03',350,9,0,2563,'C','1341500220154','2020-08-18 09:08:12'),('2020-07-07',334,9,0,2563,'C','1341500220154','2020-08-18 09:08:17'),('2020-07-07',350,9,0,2563,'C','1341500220154','2020-08-18 09:08:17'),('2020-07-08',334,9,0,2563,'C','1341500220154','2020-08-18 09:08:24'),('2020-07-08',350,9,0,2563,'C','1341500220154','2020-08-18 09:08:24'),('2020-07-09',334,9,0,2563,'C','1341500220154','2020-08-18 09:08:28'),('2020-07-09',350,9,0,2563,'C','1341500220154','2020-08-18 09:08:28'),('2020-07-10',334,9,0,2563,'C','1341500220154','2020-08-18 09:08:33'),('2020-07-10',350,9,0,2563,'C','1341500220154','2020-08-18 09:08:33'),('2020-07-13',334,9,0,2563,'C','1341500220154','2020-08-18 09:08:40'),('2020-07-13',350,9,0,2563,'C','1341500220154','2020-08-18 09:08:40'),('2020-07-14',334,9,0,2563,'C','1341500220154','2020-08-18 09:08:46'),('2020-07-14',350,9,0,2563,'C','1341500220154','2020-08-18 09:08:46'),('2020-07-15',334,9,0,2563,'C','1341500220154','2020-08-18 09:08:51'),('2020-07-15',350,9,0,2563,'C','1341500220154','2020-08-18 09:08:51'),('2020-07-16',334,9,0,2563,'C','1341500220154','2020-08-18 09:08:54'),('2020-07-16',350,9,0,2563,'C','1341500220154','2020-08-18 09:08:54'),('2020-07-17',334,9,0,2563,'C','1341500220154','2020-08-18 09:08:59'),('2020-07-17',350,9,0,2563,'C','1341500220154','2020-08-18 09:08:59'),('2020-07-20',334,9,0,2563,'C','1341500220154','2020-08-18 09:08:03'),('2020-07-20',350,9,0,2563,'C','1341500220154','2020-08-18 09:08:03'),('2020-07-21',334,9,0,2563,'C','1341500220154','2020-08-18 09:08:08'),('2020-07-21',350,9,0,2563,'C','1341500220154','2020-08-18 09:08:08'),('2020-07-22',334,9,0,2563,'C','1341500220154','2020-08-18 09:08:12'),('2020-07-22',350,9,0,2563,'C','1341500220154','2020-08-18 09:08:12'),('2020-07-23',334,9,0,2563,'C','1341500220154','2020-08-18 09:08:15'),('2020-07-23',350,9,0,2563,'C','1341500220154','2020-08-18 09:08:15'),('2020-07-24',334,9,0,2563,'C','1341500220154','2020-08-18 09:08:19'),('2020-07-24',350,9,0,2563,'C','1341500220154','2020-08-18 09:08:19'),('2020-07-29',334,9,0,2563,'C','1341500220154','2020-08-18 09:08:24'),('2020-07-29',350,9,0,2563,'C','1341500220154','2020-08-18 09:08:24'),('2020-07-30',334,9,0,2563,'C','1341500220154','2020-08-18 09:08:27'),('2020-07-30',350,9,0,2563,'C','1341500220154','2020-08-18 09:08:27'),('2020-07-31',334,9,0,2563,'C','1341500220154','2020-08-18 09:08:31'),('2020-07-31',350,9,0,2563,'C','1341500220154','2020-08-18 09:08:31'),('2020-07-01',361,3,0,2563,'C','1341500220154','2020-08-18 09:08:50'),('2020-07-02',361,3,0,2563,'C','1341500220154','2020-08-18 09:08:54'),('2020-07-03',361,3,0,2563,'C','1341500220154','2020-08-18 09:08:58'),('2020-07-07',361,3,0,2563,'C','1341500220154','2020-08-18 09:08:06'),('2020-07-08',361,3,0,2563,'C','1341500220154','2020-08-18 09:08:10'),('2020-07-09',361,3,0,2563,'C','1341500220154','2020-08-18 09:08:14'),('2020-07-10',361,3,0,2563,'C','1341500220154','2020-08-18 09:08:18'),('2020-07-13',361,3,0,2563,'C','1341500220154','2020-08-18 09:08:21'),('2020-07-14',361,3,0,2563,'C','1341500220154','2020-08-18 09:08:25'),('2020-07-15',361,3,0,2563,'C','1341500220154','2020-08-18 09:08:28'),('2020-07-16',361,3,0,2563,'C','1341500220154','2020-08-18 09:08:32'),('2020-07-17',361,3,0,2563,'C','1341500220154','2020-08-18 09:08:36'),('2020-07-20',361,3,0,2563,'C','1341500220154','2020-08-18 09:08:40'),('2020-07-21',361,3,0,2563,'C','1341500220154','2020-08-18 09:08:43'),('2020-07-22',361,3,0,2563,'C','1341500220154','2020-08-18 09:08:47'),('2020-07-23',361,3,0,2563,'C','1341500220154','2020-08-18 09:08:50'),('2020-07-24',361,3,0,2563,'C','1341500220154','2020-08-18 09:08:54'),('2020-07-29',361,3,0,2563,'C','1341500220154','2020-08-18 09:08:58'),('2020-07-30',361,3,0,2563,'C','1341500220154','2020-08-18 09:08:02'),('2020-07-31',361,3,0,2563,'C','1341500220154','2020-08-18 09:08:05'),('2020-08-03',361,3,0,2563,'C','1341500220154','2020-08-18 09:08:11'),('2020-08-04',361,3,0,2563,'C','1341500220154','2020-08-18 09:08:15'),('2020-08-05',361,3,0,2563,'C','1341500220154','2020-08-18 09:08:18'),('2020-08-06',361,3,0,2563,'C','1341500220154','2020-08-18 09:08:22'),('2020-08-10',361,3,0,2563,'C','1341500220154','2020-08-18 09:08:26'),('2020-08-11',361,3,0,2563,'C','1341500220154','2020-08-18 09:08:31'),('2020-08-13',361,3,0,2563,'C','1341500220154','2020-08-18 09:08:36'),('2020-08-14',361,3,0,2563,'C','1341500220154','2020-08-18 09:08:39'),('2020-07-01',356,5,0,2563,'C','1341500220154','2020-08-18 09:08:00'),('2020-07-01',357,5,0,2563,'C','1341500220154','2020-08-18 09:08:00'),('2020-07-01',358,5,0,2563,'C','1341500220154','2020-08-18 09:08:00'),('2020-07-02',356,5,0,2563,'C','1341500220154','2020-08-18 09:08:05'),('2020-07-02',357,5,0,2563,'C','1341500220154','2020-08-18 09:08:05'),('2020-07-02',358,5,0,2563,'C','1341500220154','2020-08-18 09:08:05'),('2020-07-03',356,5,0,2563,'C','1341500220154','2020-08-18 09:08:11'),('2020-07-03',357,5,0,2563,'C','1341500220154','2020-08-18 09:08:11'),('2020-07-03',358,5,0,2563,'C','1341500220154','2020-08-18 09:08:11'),('2020-07-07',356,5,0,2563,'C','1341500220154','2020-08-18 09:08:22'),('2020-07-07',357,5,0,2563,'C','1341500220154','2020-08-18 09:08:22'),('2020-07-07',358,5,0,2563,'C','1341500220154','2020-08-18 09:08:22'),('2020-07-08',356,5,0,2563,'C','1341500220154','2020-08-18 09:08:26'),('2020-07-08',357,5,0,2563,'C','1341500220154','2020-08-18 09:08:26'),('2020-07-08',358,5,0,2563,'C','1341500220154','2020-08-18 09:08:26'),('2020-07-09',356,5,0,2563,'C','1341500220154','2020-08-18 09:08:31'),('2020-07-09',357,5,0,2563,'C','1341500220154','2020-08-18 09:08:31'),('2020-07-09',358,5,0,2563,'C','1341500220154','2020-08-18 09:08:31'),('2020-07-10',356,5,0,2563,'C','1341500220154','2020-08-18 09:08:35'),('2020-07-10',357,5,0,2563,'C','1341500220154','2020-08-18 09:08:35'),('2020-07-10',358,5,0,2563,'C','1341500220154','2020-08-18 09:08:35'),('2020-07-13',356,5,0,2563,'C','1341500220154','2020-08-18 09:08:41'),('2020-07-13',357,5,0,2563,'C','1341500220154','2020-08-18 09:08:41'),('2020-07-13',358,5,0,2563,'C','1341500220154','2020-08-18 09:08:41'),('2020-07-14',356,5,0,2563,'C','1341500220154','2020-08-18 09:08:46'),('2020-07-14',357,5,0,2563,'C','1341500220154','2020-08-18 09:08:46'),('2020-07-14',358,5,0,2563,'C','1341500220154','2020-08-18 09:08:46'),('2020-07-15',356,5,0,2563,'C','1341500220154','2020-08-18 09:08:51'),('2020-07-15',357,5,0,2563,'C','1341500220154','2020-08-18 09:08:51'),('2020-07-15',358,5,0,2563,'C','1341500220154','2020-08-18 09:08:51'),('2020-07-16',356,5,0,2563,'C','1341500220154','2020-08-18 09:08:55'),('2020-07-16',357,5,0,2563,'C','1341500220154','2020-08-18 09:08:55'),('2020-07-16',358,5,0,2563,'C','1341500220154','2020-08-18 09:08:55'),('2020-07-17',356,5,0,2563,'C','1341500220154','2020-08-18 09:08:01'),('2020-07-17',357,5,0,2563,'C','1341500220154','2020-08-18 09:08:01'),('2020-07-17',358,5,0,2563,'C','1341500220154','2020-08-18 09:08:01'),('2020-07-20',356,5,0,2563,'C','1341500220154','2020-08-18 09:08:04'),('2020-07-20',357,5,0,2563,'C','1341500220154','2020-08-18 09:08:04'),('2020-07-20',358,5,0,2563,'C','1341500220154','2020-08-18 09:08:04'),('2020-07-21',356,5,0,2563,'C','1341500220154','2020-08-18 09:08:08'),('2020-07-21',357,5,0,2563,'C','1341500220154','2020-08-18 09:08:08'),('2020-07-21',358,5,0,2563,'C','1341500220154','2020-08-18 09:08:08'),('2020-07-22',356,5,0,2563,'C','1341500220154','2020-08-18 09:08:11'),('2020-07-22',357,5,0,2563,'C','1341500220154','2020-08-18 09:08:11'),('2020-07-22',358,5,0,2563,'C','1341500220154','2020-08-18 09:08:11'),('2020-07-23',356,5,0,2563,'C','1341500220154','2020-08-18 09:08:14'),('2020-07-23',357,5,0,2563,'C','1341500220154','2020-08-18 09:08:14'),('2020-07-23',358,5,0,2563,'C','1341500220154','2020-08-18 09:08:14'),('2020-07-24',356,5,0,2563,'C','1341500220154','2020-08-18 09:08:17'),('2020-07-24',357,5,0,2563,'C','1341500220154','2020-08-18 09:08:17'),('2020-07-24',358,5,0,2563,'C','1341500220154','2020-08-18 09:08:17'),('2020-07-29',356,5,0,2563,'C','1341500220154','2020-08-18 09:08:21'),('2020-07-29',357,5,0,2563,'C','1341500220154','2020-08-18 09:08:21'),('2020-07-29',358,5,0,2563,'C','1341500220154','2020-08-18 09:08:21'),('2020-07-30',356,5,0,2563,'C','1341500220154','2020-08-18 09:08:25'),('2020-07-30',357,5,0,2563,'C','1341500220154','2020-08-18 09:08:25'),('2020-07-30',358,5,0,2563,'C','1341500220154','2020-08-18 09:08:25'),('2020-07-31',356,5,0,2563,'C','1341500220154','2020-08-18 09:08:28'),('2020-07-31',357,5,0,2563,'C','1341500220154','2020-08-18 09:08:28'),('2020-07-31',358,5,0,2563,'C','1341500220154','2020-08-18 09:08:28'),('2020-08-03',356,5,0,2563,'C','1341500220154','2020-08-18 09:08:34'),('2020-08-03',357,5,0,2563,'C','1341500220154','2020-08-18 09:08:34'),('2020-08-03',358,5,0,2563,'C','1341500220154','2020-08-18 09:08:34'),('2020-08-04',356,5,0,2563,'C','1341500220154','2020-08-18 09:08:39'),('2020-08-04',357,5,0,2563,'C','1341500220154','2020-08-18 09:08:39'),('2020-08-04',358,5,0,2563,'C','1341500220154','2020-08-18 09:08:39'),('2020-08-05',356,5,0,2563,'C','1341500220154','2020-08-18 09:08:43'),('2020-08-05',357,5,0,2563,'C','1341500220154','2020-08-18 09:08:43'),('2020-08-05',358,5,0,2563,'C','1341500220154','2020-08-18 09:08:43'),('2020-08-06',356,5,0,2563,'C','1341500220154','2020-08-18 09:08:46'),('2020-08-06',357,5,0,2563,'C','1341500220154','2020-08-18 09:08:46'),('2020-08-06',358,5,0,2563,'C','1341500220154','2020-08-18 09:08:46'),('2020-08-10',358,5,0,2563,'C','1341500220154','2020-08-18 09:08:01'),('2020-08-10',357,5,0,2563,'C','1341500220154','2020-08-18 09:08:01'),('2020-08-10',356,5,0,2563,'C','1341500220154','2020-08-18 09:08:01'),('2020-08-11',356,5,0,2563,'C','1341500220154','2020-08-18 09:08:05'),('2020-08-11',357,5,0,2563,'C','1341500220154','2020-08-18 09:08:05'),('2020-08-11',358,5,0,2563,'C','1341500220154','2020-08-18 09:08:05'),('2020-08-13',356,5,0,2563,'C','1341500220154','2020-08-18 09:08:11'),('2020-08-13',357,5,0,2563,'C','1341500220154','2020-08-18 09:08:11'),('2020-08-13',358,5,0,2563,'C','1341500220154','2020-08-18 09:08:11'),('2020-08-14',356,5,0,2563,'C','1341500220154','2020-08-18 09:08:16'),('2020-08-14',357,5,0,2563,'C','1341500220154','2020-08-18 09:08:16'),('2020-08-14',358,5,0,2563,'C','1341500220154','2020-08-18 09:08:16'),('2020-07-01',352,6,0,2563,'C','1341500220154','2020-08-18 09:08:34'),('2020-07-02',352,6,0,2563,'C','1341500220154','2020-08-18 09:08:38'),('2020-07-03',352,6,0,2563,'C','1341500220154','2020-08-18 09:08:42'),('2020-07-07',352,6,0,2563,'C','1341500220154','2020-08-18 09:08:57'),('2020-07-08',352,6,0,2563,'C','1341500220154','2020-08-18 09:08:00'),('2020-07-09',352,6,0,2563,'C','1341500220154','2020-08-18 09:08:03'),('2020-07-10',352,6,0,2563,'C','1341500220154','2020-08-18 09:08:07'),('2020-07-13',352,6,0,2563,'C','1341500220154','2020-08-18 09:08:11'),('2020-07-14',352,6,0,2563,'C','1341500220154','2020-08-18 09:08:15'),('2020-07-15',352,6,0,2563,'C','1341500220154','2020-08-18 09:08:18'),('2020-07-16',352,6,0,2563,'C','1341500220154','2020-08-18 09:08:22'),('2020-07-17',352,6,0,2563,'C','1341500220154','2020-08-18 09:08:26'),('2020-07-20',352,6,0,2563,'C','1341500220154','2020-08-18 09:08:29'),('2020-07-21',352,6,0,2563,'C','1341500220154','2020-08-18 09:08:34'),('2020-07-22',352,6,0,2563,'C','1341500220154','2020-08-18 09:08:05'),('2020-07-23',352,6,0,2563,'C','1341500220154','2020-08-18 09:08:09'),('2020-07-24',352,6,0,2563,'C','1341500220154','2020-08-18 09:08:14'),('2020-07-29',352,6,0,2563,'C','1341500220154','2020-08-18 09:08:19'),('2020-07-30',352,6,0,2563,'C','1341500220154','2020-08-18 09:08:23'),('2020-07-31',352,6,0,2563,'C','1341500220154','2020-08-18 09:08:27'),('2020-08-03',352,6,0,2563,'C','1341500220154','2020-08-18 09:08:34'),('2020-08-04',352,6,0,2563,'C','1341500220154','2020-08-18 09:08:39'),('2020-08-05',352,6,0,2563,'C','1341500220154','2020-08-18 09:08:43'),('2020-08-06',352,6,0,2563,'C','1341500220154','2020-08-18 09:08:47'),('2020-08-07',352,6,0,2563,'C','1341500220154','2020-08-18 09:08:51'),('2020-08-10',352,6,0,2563,'C','1341500220154','2020-08-18 09:08:55'),('2020-08-11',352,6,0,2563,'C','1341500220154','2020-08-18 09:08:59'),('2020-08-13',352,6,0,2563,'C','1341500220154','2020-08-18 09:08:07'),('2020-08-14',352,6,0,2563,'C','1341500220154','2020-08-18 09:08:11'),('2020-08-18',361,3,0,2563,'C','1341500220154','2020-08-18 09:08:32'),('2020-08-18',356,5,0,2563,'C','1341500220154','2020-08-18 09:08:43'),('2020-08-18',357,5,0,2563,'C','1341500220154','2020-08-18 09:08:43'),('2020-08-18',358,5,0,2563,'C','1341500220154','2020-08-18 09:08:43'),('2020-08-18',334,9,0,2563,'C','1341500220154','2020-08-18 09:08:49'),('2020-08-18',350,9,0,2563,'C','1341500220154','2020-08-18 09:08:49'),('2020-08-19',361,3,0,2563,'C','1341500220154','2020-08-19 10:08:34'),('2020-08-19',356,5,0,2563,'C','1341500220154','2020-08-19 10:08:40'),('2020-08-19',357,5,0,2563,'C','1341500220154','2020-08-19 10:08:40'),('2020-08-19',358,5,0,2563,'C','1341500220154','2020-08-19 10:08:40'),('2020-08-19',352,6,0,2563,'C','1341500220154','2020-08-19 10:08:46'),('2020-08-19',334,9,0,2563,'L','1341500220154','2020-08-19 10:08:10'),('2020-08-19',350,9,0,2563,'C','1341500220154','2020-08-19 10:08:10'),('2020-08-18',352,6,0,2563,'S','1341500220154','2020-08-19 10:08:26'),('2020-08-21',361,3,0,2563,'C','1341500220154','2020-08-21 10:08:49'),('2020-08-21',356,5,0,2563,'C','1341500220154','2020-08-21 10:08:01'),('2020-08-21',357,5,0,2563,'C','1341500220154','2020-08-21 10:08:01'),('2020-08-21',358,5,0,2563,'C','1341500220154','2020-08-21 10:08:01'),('2020-08-21',352,6,0,2563,'C','1341500220154','2020-08-21 10:08:07'),('2020-08-21',334,9,0,2563,'C','1341500220154','2020-08-21 10:08:25'),('2020-08-21',350,9,0,2563,'S','1341500220154','2020-08-21 10:08:25'),('2020-08-20',361,3,0,2563,'C','1341500220154','2020-08-21 10:08:16'),('2020-08-20',356,5,0,2563,'C','1341500220154','2020-08-21 10:08:41'),('2020-08-20',357,5,0,2563,'C','1341500220154','2020-08-21 10:08:41'),('2020-08-20',358,5,0,2563,'C','1341500220154','2020-08-21 10:08:41'),('2020-08-20',352,6,0,2563,'C','1341500220154','2020-08-21 10:08:56'),('2020-08-20',334,9,0,2563,'S','1341500220154','2020-08-21 10:08:09'),('2020-08-20',350,9,0,2563,'C','1341500220154','2020-08-21 10:08:09'),('2020-12-16',334,9,0,2563,'L','1341500220154','2020-12-16 10:12:38'),('2020-12-16',350,9,0,2563,'C','1341500220154','2020-12-16 10:12:38'),('2020-12-16',352,6,0,2563,'L','1341500220154','2020-12-16 10:12:47'),('2020-12-16',361,3,0,2563,'C','1341500220154','2020-12-16 10:12:00'),('2020-12-16',356,5,0,2563,'C','1341500220154','2020-12-16 10:12:05'),('2020-12-16',357,5,0,2563,'C','1341500220154','2020-12-16 10:12:05'),('2020-12-16',358,5,0,2563,'C','1341500220154','2020-12-16 10:12:05'),('2021-03-10',361,3,0,2563,'C','1341500220154','2021-03-10 10:03:46'),('2021-03-10',356,5,0,2563,'C','1341500220154','2021-03-10 10:03:51'),('2021-03-10',357,5,0,2563,'C','1341500220154','2021-03-10 10:03:51'),('2021-03-10',358,5,0,2563,'C','1341500220154','2021-03-10 10:03:51'),('2021-03-10',352,6,0,2563,'C','1341500220154','2021-03-10 10:03:58'),('2021-03-10',334,9,0,2563,'C','1341500220154','2021-03-10 11:03:06'),('2021-03-10',350,9,0,2563,'C','1341500220154','2021-03-10 11:03:06'),('2021-03-09',361,3,0,2563,'C','1341500220154','2021-03-10 10:03:51'),('2021-03-08',361,3,0,2563,'C','1341500220154','2021-03-10 10:03:44'),('2021-03-01',361,3,0,2563,'C','1341500220154','2021-03-10 10:03:02'),('2021-03-02',361,3,0,2563,'C','1341500220154','2021-03-10 10:03:07'),('2021-03-03',361,3,0,2563,'C','1341500220154','2021-03-10 10:03:12'),('2021-03-04',361,3,0,2563,'S','1341500220154','2021-03-10 10:03:16'),('2021-03-05',361,3,0,2563,'S','1341500220154','2021-03-10 10:03:20'),('2021-02-01',361,3,0,2563,'C','1341500220154','2021-03-10 10:03:48'),('2021-02-02',361,3,0,2563,'C','1341500220154','2021-03-10 10:03:53'),('2021-02-03',361,3,0,2563,'C','1341500220154','2021-03-10 10:03:58'),('2021-02-04',361,3,0,2563,'C','1341500220154','2021-03-10 10:03:01'),('2021-02-05',361,3,0,2563,'C','1341500220154','2021-03-10 10:03:06'),('2021-02-08',361,3,0,2563,'C','1341500220154','2021-03-10 10:03:10'),('2021-02-09',361,3,0,2563,'C','1341500220154','2021-03-10 10:03:15'),('2021-02-10',361,3,0,2563,'C','1341500220154','2021-03-10 10:03:18'),('2021-02-11',361,3,0,2563,'C','1341500220154','2021-03-10 10:03:24'),('2021-02-15',361,3,0,2563,'C','1341500220154','2021-03-10 10:03:32'),('2021-02-16',361,3,0,2563,'C','1341500220154','2021-03-10 10:03:36'),('2021-02-17',361,3,0,2563,'C','1341500220154','2021-03-10 10:03:41'),('2021-02-18',361,3,0,2563,'C','1341500220154','2021-03-10 10:03:44'),('2021-02-19',361,3,0,2563,'C','1341500220154','2021-03-10 10:03:49'),('2021-02-22',361,3,0,2563,'C','1341500220154','2021-03-10 10:03:52'),('2021-02-23',361,3,0,2563,'C','1341500220154','2021-03-10 10:03:57'),('2021-02-24',361,3,0,2563,'C','1341500220154','2021-03-10 10:03:00'),('2021-02-25',361,3,0,2563,'C','1341500220154','2021-03-10 10:03:04'),('2021-01-04',361,3,0,2563,'C','1341500220154','2021-03-10 10:03:13'),('2021-01-05',361,3,0,2563,'C','1341500220154','2021-03-10 10:03:25'),('2021-01-11',361,3,0,2563,'C','1341500220154','2021-03-10 10:03:41'),('2021-01-12',361,3,0,2563,'C','1341500220154','2021-03-10 10:03:47'),('2021-01-13',361,3,0,2563,'C','1341500220154','2021-03-10 10:03:50'),('2021-01-14',361,3,0,2563,'C','1341500220154','2021-03-10 10:03:54'),('2021-01-15',361,3,0,2563,'C','1341500220154','2021-03-10 10:03:58'),('2021-01-18',361,3,0,2563,'C','1341500220154','2021-03-10 10:03:03'),('2021-01-19',361,3,0,2563,'C','1341500220154','2021-03-10 10:03:08'),('2021-01-20',361,3,0,2563,'C','1341500220154','2021-03-10 10:03:11'),('2021-01-21',361,3,0,2563,'C','1341500220154','2021-03-10 10:03:15'),('2021-01-22',361,3,0,2563,'C','1341500220154','2021-03-10 10:03:20'),('2021-01-25',361,3,0,2563,'C','1341500220154','2021-03-10 10:03:25'),('2021-01-26',361,3,0,2563,'C','1341500220154','2021-03-10 10:03:30'),('2021-01-27',361,3,0,2563,'C','1341500220154','2021-03-10 10:03:35'),('2021-01-28',361,3,0,2563,'C','1341500220154','2021-03-10 10:03:40'),('2021-01-29',361,3,0,2563,'C','1341500220154','2021-03-10 10:03:53'),('2021-01-04',356,5,0,2563,'C','1341500220154','2021-03-10 10:03:08'),('2021-01-04',357,5,0,2563,'C','1341500220154','2021-03-10 10:03:08'),('2021-01-04',358,5,0,2563,'C','1341500220154','2021-03-10 10:03:08'),('2021-01-05',356,5,0,2563,'C','1341500220154','2021-03-10 10:03:12'),('2021-01-05',357,5,0,2563,'C','1341500220154','2021-03-10 10:03:12'),('2021-01-05',358,5,0,2563,'C','1341500220154','2021-03-10 10:03:12'),('2021-01-06',356,5,0,2563,'C','1341500220154','2021-03-10 10:03:20'),('2021-01-06',357,5,0,2563,'C','1341500220154','2021-03-10 10:03:20'),('2021-01-06',358,5,0,2563,'C','1341500220154','2021-03-10 10:03:20'),('2021-01-07',356,5,0,2563,'C','1341500220154','2021-03-10 10:03:25'),('2021-01-07',357,5,0,2563,'C','1341500220154','2021-03-10 10:03:25'),('2021-01-07',358,5,0,2563,'C','1341500220154','2021-03-10 10:03:25'),('2021-01-08',356,5,0,2563,'C','1341500220154','2021-03-10 10:03:29'),('2021-01-08',357,5,0,2563,'C','1341500220154','2021-03-10 10:03:29'),('2021-01-08',358,5,0,2563,'C','1341500220154','2021-03-10 10:03:29'),('2021-01-11',356,5,0,2563,'C','1341500220154','2021-03-10 10:03:34'),('2021-01-11',357,5,0,2563,'C','1341500220154','2021-03-10 10:03:34'),('2021-01-11',358,5,0,2563,'C','1341500220154','2021-03-10 10:03:34'),('2021-01-12',356,5,0,2563,'C','1341500220154','2021-03-10 10:03:39'),('2021-01-12',357,5,0,2563,'C','1341500220154','2021-03-10 10:03:39'),('2021-01-12',358,5,0,2563,'C','1341500220154','2021-03-10 10:03:39'),('2021-01-13',356,5,0,2563,'C','1341500220154','2021-03-10 10:03:44'),('2021-01-13',357,5,0,2563,'C','1341500220154','2021-03-10 10:03:44'),('2021-01-13',358,5,0,2563,'C','1341500220154','2021-03-10 10:03:44'),('2021-01-14',356,5,0,2563,'C','1341500220154','2021-03-10 10:03:48'),('2021-01-14',357,5,0,2563,'C','1341500220154','2021-03-10 10:03:48'),('2021-01-14',358,5,0,2563,'C','1341500220154','2021-03-10 10:03:48'),('2021-01-15',356,5,0,2563,'C','1341500220154','2021-03-10 10:03:51'),('2021-01-15',357,5,0,2563,'C','1341500220154','2021-03-10 10:03:51'),('2021-01-15',358,5,0,2563,'C','1341500220154','2021-03-10 10:03:51'),('2021-01-18',356,5,0,2563,'C','1341500220154','2021-03-10 10:03:55'),('2021-01-18',357,5,0,2563,'C','1341500220154','2021-03-10 10:03:55'),('2021-01-18',358,5,0,2563,'C','1341500220154','2021-03-10 10:03:55'),('2021-01-19',356,5,0,2563,'C','1341500220154','2021-03-10 10:03:59'),('2021-01-19',357,5,0,2563,'C','1341500220154','2021-03-10 10:03:59'),('2021-01-19',358,5,0,2563,'C','1341500220154','2021-03-10 10:03:59'),('2021-01-20',356,5,0,2563,'C','1341500220154','2021-03-10 10:03:05'),('2021-01-20',357,5,0,2563,'C','1341500220154','2021-03-10 10:03:05'),('2021-01-20',358,5,0,2563,'C','1341500220154','2021-03-10 10:03:05'),('2021-01-21',356,5,0,2563,'C','1341500220154','2021-03-10 10:03:08'),('2021-01-21',357,5,0,2563,'C','1341500220154','2021-03-10 10:03:08'),('2021-01-21',358,5,0,2563,'C','1341500220154','2021-03-10 10:03:08'),('2021-01-22',356,5,0,2563,'C','1341500220154','2021-03-10 10:03:12'),('2021-01-22',357,5,0,2563,'C','1341500220154','2021-03-10 10:03:12'),('2021-01-22',358,5,0,2563,'C','1341500220154','2021-03-10 10:03:12'),('2021-01-25',356,5,0,2563,'C','1341500220154','2021-03-10 10:03:18'),('2021-01-25',357,5,0,2563,'C','1341500220154','2021-03-10 10:03:18'),('2021-01-25',358,5,0,2563,'C','1341500220154','2021-03-10 10:03:18'),('2021-01-26',356,5,0,2563,'C','1341500220154','2021-03-10 10:03:21'),('2021-01-26',357,5,0,2563,'C','1341500220154','2021-03-10 10:03:21'),('2021-01-26',358,5,0,2563,'C','1341500220154','2021-03-10 10:03:21'),('2021-01-27',356,5,0,2563,'C','1341500220154','2021-03-10 10:03:25'),('2021-01-27',357,5,0,2563,'C','1341500220154','2021-03-10 10:03:25'),('2021-01-27',358,5,0,2563,'C','1341500220154','2021-03-10 10:03:25'),('2021-01-28',356,5,0,2563,'C','1341500220154','2021-03-10 10:03:28'),('2021-01-28',357,5,0,2563,'C','1341500220154','2021-03-10 10:03:28'),('2021-01-28',358,5,0,2563,'C','1341500220154','2021-03-10 10:03:28'),('2021-01-29',356,5,0,2563,'C','1341500220154','2021-03-10 10:03:32'),('2021-01-29',357,5,0,2563,'C','1341500220154','2021-03-10 10:03:32'),('2021-01-29',358,5,0,2563,'C','1341500220154','2021-03-10 10:03:32'),('2021-02-01',356,5,0,2563,'C','1341500220154','2021-03-10 10:03:42'),('2021-02-01',357,5,0,2563,'C','1341500220154','2021-03-10 10:03:42'),('2021-02-01',358,5,0,2563,'C','1341500220154','2021-03-10 10:03:42'),('2021-02-02',356,5,0,2563,'C','1341500220154','2021-03-10 10:03:47'),('2021-02-02',357,5,0,2563,'C','1341500220154','2021-03-10 10:03:47'),('2021-02-02',358,5,0,2563,'C','1341500220154','2021-03-10 10:03:47'),('2021-02-03',356,5,0,2563,'C','1341500220154','2021-03-10 10:03:50'),('2021-02-03',357,5,0,2563,'C','1341500220154','2021-03-10 10:03:50'),('2021-02-03',358,5,0,2563,'C','1341500220154','2021-03-10 10:03:50'),('2021-02-04',356,5,0,2563,'C','1341500220154','2021-03-10 10:03:54'),('2021-02-04',357,5,0,2563,'C','1341500220154','2021-03-10 10:03:54'),('2021-02-04',358,5,0,2563,'C','1341500220154','2021-03-10 10:03:54'),('2021-02-05',356,5,0,2563,'C','1341500220154','2021-03-10 10:03:59'),('2021-02-05',357,5,0,2563,'C','1341500220154','2021-03-10 10:03:59'),('2021-02-05',358,5,0,2563,'C','1341500220154','2021-03-10 10:03:59'),('2021-02-08',356,5,0,2563,'C','1341500220154','2021-03-10 10:03:03'),('2021-02-08',357,5,0,2563,'C','1341500220154','2021-03-10 10:03:03'),('2021-02-08',358,5,0,2563,'C','1341500220154','2021-03-10 10:03:03'),('2021-02-09',356,5,0,2563,'C','1341500220154','2021-03-10 10:03:09'),('2021-02-09',357,5,0,2563,'C','1341500220154','2021-03-10 10:03:09'),('2021-02-09',358,5,0,2563,'C','1341500220154','2021-03-10 10:03:09'),('2021-02-10',356,5,0,2563,'C','1341500220154','2021-03-10 10:03:14'),('2021-02-10',357,5,0,2563,'C','1341500220154','2021-03-10 10:03:14'),('2021-02-10',358,5,0,2563,'C','1341500220154','2021-03-10 10:03:14'),('2021-02-11',356,5,0,2563,'C','1341500220154','2021-03-10 10:03:21'),('2021-02-11',357,5,0,2563,'C','1341500220154','2021-03-10 10:03:21'),('2021-02-11',358,5,0,2563,'C','1341500220154','2021-03-10 10:03:21'),('2021-02-15',356,5,0,2563,'C','1341500220154','2021-03-10 10:03:26'),('2021-02-15',357,5,0,2563,'C','1341500220154','2021-03-10 10:03:26'),('2021-02-15',358,5,0,2563,'C','1341500220154','2021-03-10 10:03:26'),('2021-02-16',356,5,0,2563,'C','1341500220154','2021-03-10 10:03:31'),('2021-02-16',357,5,0,2563,'C','1341500220154','2021-03-10 10:03:31'),('2021-02-16',358,5,0,2563,'C','1341500220154','2021-03-10 10:03:31'),('2021-02-17',356,5,0,2563,'C','1341500220154','2021-03-10 10:03:40'),('2021-02-17',357,5,0,2563,'C','1341500220154','2021-03-10 10:03:40'),('2021-02-17',358,5,0,2563,'C','1341500220154','2021-03-10 10:03:40'),('2021-02-18',356,5,0,2563,'C','1341500220154','2021-03-10 10:03:46'),('2021-02-18',357,5,0,2563,'C','1341500220154','2021-03-10 10:03:46'),('2021-02-18',358,5,0,2563,'C','1341500220154','2021-03-10 10:03:46'),('2021-02-19',356,5,0,2563,'C','1341500220154','2021-03-10 10:03:51'),('2021-02-19',357,5,0,2563,'C','1341500220154','2021-03-10 10:03:51'),('2021-02-19',358,5,0,2563,'C','1341500220154','2021-03-10 10:03:51'),('2021-02-22',356,5,0,2563,'C','1341500220154','2021-03-10 10:03:09'),('2021-02-22',357,5,0,2563,'C','1341500220154','2021-03-10 10:03:09'),('2021-02-22',358,5,0,2563,'C','1341500220154','2021-03-10 10:03:09'),('2021-02-23',356,5,0,2563,'C','1341500220154','2021-03-10 10:03:14'),('2021-02-23',357,5,0,2563,'C','1341500220154','2021-03-10 10:03:14'),('2021-02-23',358,5,0,2563,'C','1341500220154','2021-03-10 10:03:14'),('2021-02-24',356,5,0,2563,'C','1341500220154','2021-03-10 10:03:20'),('2021-02-24',357,5,0,2563,'C','1341500220154','2021-03-10 10:03:20'),('2021-02-24',358,5,0,2563,'C','1341500220154','2021-03-10 10:03:20'),('2021-02-25',356,5,0,2563,'C','1341500220154','2021-03-10 10:03:28'),('2021-02-25',357,5,0,2563,'C','1341500220154','2021-03-10 10:03:28'),('2021-02-25',358,5,0,2563,'C','1341500220154','2021-03-10 10:03:28'),('2021-03-01',356,5,0,2563,'C','1341500220154','2021-03-10 10:03:36'),('2021-03-01',357,5,0,2563,'C','1341500220154','2021-03-10 10:03:36'),('2021-03-01',358,5,0,2563,'C','1341500220154','2021-03-10 10:03:36'),('2021-03-02',356,5,0,2563,'C','1341500220154','2021-03-10 10:03:40'),('2021-03-02',357,5,0,2563,'C','1341500220154','2021-03-10 10:03:40'),('2021-03-02',358,5,0,2563,'C','1341500220154','2021-03-10 10:03:40'),('2021-03-03',356,5,0,2563,'C','1341500220154','2021-03-10 10:03:58'),('2021-03-03',357,5,0,2563,'C','1341500220154','2021-03-10 10:03:58'),('2021-03-03',358,5,0,2563,'C','1341500220154','2021-03-10 10:03:58'),('2021-03-05',356,5,0,2563,'C','1341500220154','2021-03-10 10:03:12'),('2021-03-05',357,5,0,2563,'C','1341500220154','2021-03-10 10:03:12'),('2021-03-05',358,5,0,2563,'C','1341500220154','2021-03-10 10:03:12'),('2021-03-04',356,5,0,2563,'C','1341500220154','2021-03-10 10:03:20'),('2021-03-04',357,5,0,2563,'C','1341500220154','2021-03-10 10:03:20'),('2021-03-04',358,5,0,2563,'C','1341500220154','2021-03-10 10:03:20'),('2021-03-08',356,5,0,2563,'C','1341500220154','2021-03-10 10:03:25'),('2021-03-08',357,5,0,2563,'C','1341500220154','2021-03-10 10:03:25'),('2021-03-08',358,5,0,2563,'C','1341500220154','2021-03-10 10:03:25'),('2021-03-09',356,5,0,2563,'S','1341500220154','2021-03-10 10:03:33'),('2021-03-09',357,5,0,2563,'C','1341500220154','2021-03-10 10:03:33'),('2021-03-09',358,5,0,2563,'C','1341500220154','2021-03-10 10:03:33'),('2021-03-01',352,6,0,2563,'C','1341500220154','2021-03-10 10:03:09'),('2021-03-02',352,6,0,2563,'C','1341500220154','2021-03-10 10:03:14'),('2021-03-03',352,6,0,2563,'C','1341500220154','2021-03-10 10:03:19'),('2021-03-04',352,6,0,2563,'C','1341500220154','2021-03-10 10:03:24'),('2021-03-05',352,6,0,2563,'C','1341500220154','2021-03-10 10:03:28'),('2021-03-08',352,6,0,2563,'C','1341500220154','2021-03-10 10:03:36'),('2021-03-09',352,6,0,2563,'C','1341500220154','2021-03-10 10:03:41'),('2021-01-04',352,6,0,2563,'C','1341500220154','2021-03-10 10:03:54'),('2021-01-05',352,6,0,2563,'C','1341500220154','2021-03-10 10:03:01'),('2021-01-06',352,6,0,2563,'C','1341500220154','2021-03-10 10:03:07'),('2021-01-07',352,6,0,2563,'C','1341500220154','2021-03-10 10:03:11'),('2021-01-08',352,6,0,2563,'C','1341500220154','2021-03-10 10:03:19'),('2021-01-11',352,6,0,2563,'C','1341500220154','2021-03-10 10:03:23'),('2021-01-12',352,6,0,2563,'C','1341500220154','2021-03-10 10:03:29'),('2021-01-13',352,6,0,2563,'C','1341500220154','2021-03-10 10:03:34'),('2021-01-14',352,6,0,2563,'C','1341500220154','2021-03-10 10:03:39'),('2021-01-15',352,6,0,2563,'C','1341500220154','2021-03-10 10:03:43'),('2021-01-18',352,6,0,2563,'C','1341500220154','2021-03-10 10:03:47'),('2021-01-19',352,6,0,2563,'C','1341500220154','2021-03-10 10:03:51'),('2021-01-20',352,6,0,2563,'C','1341500220154','2021-03-10 10:03:55'),('2021-01-21',352,6,0,2563,'C','1341500220154','2021-03-10 10:03:59'),('2021-01-22',352,6,0,2563,'C','1341500220154','2021-03-10 10:03:03'),('2021-01-25',352,6,0,2563,'C','1341500220154','2021-03-10 10:03:07'),('2021-01-26',352,6,0,2563,'C','1341500220154','2021-03-10 10:03:11'),('2021-01-27',352,6,0,2563,'C','1341500220154','2021-03-10 10:03:15'),('2021-01-28',352,6,0,2563,'C','1341500220154','2021-03-10 10:03:20'),('2021-01-29',352,6,0,2563,'C','1341500220154','2021-03-10 10:03:25'),('2021-02-01',352,6,0,2563,'C','1341500220154','2021-03-10 10:03:31'),('2021-02-02',352,6,0,2563,'C','1341500220154','2021-03-10 10:03:36'),('2021-02-03',352,6,0,2563,'C','1341500220154','2021-03-10 10:03:40'),('2021-02-04',352,6,0,2563,'C','1341500220154','2021-03-10 10:03:44'),('2021-02-05',352,6,0,2563,'C','1341500220154','2021-03-10 10:03:57'),('2021-02-08',352,6,0,2563,'C','1341500220154','2021-03-10 10:03:01'),('2021-02-09',352,6,0,2563,'C','1341500220154','2021-03-10 10:03:05'),('2021-02-10',352,6,0,2563,'C','1341500220154','2021-03-10 10:03:09'),('2021-02-11',352,6,0,2563,'C','1341500220154','2021-03-10 10:03:15'),('2021-02-15',352,6,0,2563,'C','1341500220154','2021-03-10 10:03:23'),('2021-02-16',352,6,0,2563,'C','1341500220154','2021-03-10 10:03:27'),('2021-02-17',352,6,0,2563,'C','1341500220154','2021-03-10 10:03:34'),('2021-02-18',352,6,0,2563,'C','1341500220154','2021-03-10 10:03:39'),('2021-02-19',352,6,0,2563,'C','1341500220154','2021-03-10 10:03:40'),('2021-02-22',352,6,0,2563,'C','1341500220154','2021-03-10 10:03:48'),('2021-02-23',352,6,0,2563,'C','1341500220154','2021-03-10 10:03:52'),('2021-02-24',352,6,0,2563,'C','1341500220154','2021-03-10 10:03:59'),('2021-02-25',352,6,0,2563,'C','1341500220154','2021-03-10 10:03:03'),('2021-02-26',352,6,0,2563,'C','1341500220154','2021-03-10 10:03:07'),('2021-01-04',334,9,0,2563,'C','1341500220154','2021-03-10 10:03:49'),('2021-01-04',350,9,0,2563,'C','1341500220154','2021-03-10 10:03:49'),('2021-01-05',334,9,0,2563,'C','1341500220154','2021-03-10 10:03:37'),('2021-01-05',350,9,0,2563,'C','1341500220154','2021-03-10 10:03:37'),('2021-01-06',334,9,0,2563,'C','1341500220154','2021-03-10 10:03:41'),('2021-01-06',350,9,0,2563,'C','1341500220154','2021-03-10 10:03:41'),('2021-01-07',334,9,0,2563,'C','1341500220154','2021-03-10 10:03:47'),('2021-01-07',350,9,0,2563,'C','1341500220154','2021-03-10 10:03:47'),('2021-01-08',334,9,0,2563,'C','1341500220154','2021-03-10 10:03:52'),('2021-01-08',350,9,0,2563,'C','1341500220154','2021-03-10 10:03:52'),('2021-01-11',334,9,0,2563,'C','1341500220154','2021-03-10 10:03:01'),('2021-01-11',350,9,0,2563,'C','1341500220154','2021-03-10 10:03:01'),('2021-01-12',334,9,0,2563,'C','1341500220154','2021-03-10 10:03:05'),('2021-01-12',350,9,0,2563,'C','1341500220154','2021-03-10 10:03:05'),('2021-01-13',334,9,0,2563,'C','1341500220154','2021-03-10 10:03:09'),('2021-01-13',350,9,0,2563,'C','1341500220154','2021-03-10 10:03:09'),('2021-01-14',334,9,0,2563,'C','1341500220154','2021-03-10 10:03:19'),('2021-01-14',350,9,0,2563,'C','1341500220154','2021-03-10 10:03:19'),('2021-01-15',334,9,0,2563,'C','1341500220154','2021-03-10 10:03:23'),('2021-01-15',350,9,0,2563,'C','1341500220154','2021-03-10 10:03:23'),('2021-01-18',334,9,0,2563,'C','1341500220154','2021-03-10 10:03:27'),('2021-01-18',350,9,0,2563,'C','1341500220154','2021-03-10 10:03:27'),('2021-01-19',334,9,0,2563,'C','1341500220154','2021-03-10 10:03:30'),('2021-01-19',350,9,0,2563,'C','1341500220154','2021-03-10 10:03:30'),('2021-01-20',334,9,0,2563,'C','1341500220154','2021-03-10 10:03:34'),('2021-01-20',350,9,0,2563,'C','1341500220154','2021-03-10 10:03:34'),('2021-01-21',334,9,0,2563,'C','1341500220154','2021-03-10 10:03:37'),('2021-01-21',350,9,0,2563,'C','1341500220154','2021-03-10 10:03:37'),('2021-01-22',334,9,0,2563,'C','1341500220154','2021-03-10 10:03:40'),('2021-01-22',350,9,0,2563,'C','1341500220154','2021-03-10 10:03:40'),('2021-01-25',334,9,0,2563,'C','1341500220154','2021-03-10 10:03:45'),('2021-01-25',350,9,0,2563,'C','1341500220154','2021-03-10 10:03:45'),('2021-01-26',334,9,0,2563,'C','1341500220154','2021-03-10 10:03:49'),('2021-01-26',350,9,0,2563,'C','1341500220154','2021-03-10 10:03:49'),('2021-01-27',334,9,0,2563,'C','1341500220154','2021-03-10 10:03:53'),('2021-01-27',350,9,0,2563,'C','1341500220154','2021-03-10 10:03:53'),('2021-01-28',334,9,0,2563,'C','1341500220154','2021-03-10 10:03:57'),('2021-01-28',350,9,0,2563,'C','1341500220154','2021-03-10 10:03:57'),('2021-01-29',334,9,0,2563,'C','1341500220154','2021-03-10 11:03:01'),('2021-01-29',350,9,0,2563,'C','1341500220154','2021-03-10 11:03:01'),('2021-02-01',334,9,0,2563,'C','1341500220154','2021-03-10 11:03:07'),('2021-02-01',350,9,0,2563,'C','1341500220154','2021-03-10 11:03:07'),('2021-02-02',334,9,0,2563,'C','1341500220154','2021-03-10 11:03:11'),('2021-02-02',350,9,0,2563,'C','1341500220154','2021-03-10 11:03:11'),('2021-02-03',334,9,0,2563,'C','1341500220154','2021-03-10 11:03:15'),('2021-02-03',350,9,0,2563,'C','1341500220154','2021-03-10 11:03:15'),('2021-02-04',334,9,0,2563,'C','1341500220154','2021-03-10 11:03:19'),('2021-02-04',350,9,0,2563,'C','1341500220154','2021-03-10 11:03:19'),('2021-02-05',334,9,0,2563,'C','1341500220154','2021-03-10 11:03:22'),('2021-02-05',350,9,0,2563,'C','1341500220154','2021-03-10 11:03:22'),('2021-02-08',334,9,0,2563,'C','1341500220154','2021-03-10 11:03:34'),('2021-02-08',350,9,0,2563,'C','1341500220154','2021-03-10 11:03:34'),('2021-02-09',334,9,0,2563,'C','1341500220154','2021-03-10 11:03:40'),('2021-02-09',350,9,0,2563,'C','1341500220154','2021-03-10 11:03:40'),('2021-02-10',334,9,0,2563,'C','1341500220154','2021-03-10 11:03:45'),('2021-02-10',350,9,0,2563,'C','1341500220154','2021-03-10 11:03:45'),('2021-02-11',334,9,0,2563,'C','1341500220154','2021-03-10 11:03:49'),('2021-02-11',350,9,0,2563,'C','1341500220154','2021-03-10 11:03:49'),('2021-02-15',334,9,0,2563,'C','1341500220154','2021-03-10 11:03:55'),('2021-02-15',350,9,0,2563,'C','1341500220154','2021-03-10 11:03:55'),('2021-02-16',334,9,0,2563,'C','1341500220154','2021-03-10 11:03:00'),('2021-02-16',350,9,0,2563,'C','1341500220154','2021-03-10 11:03:00'),('2021-02-17',334,9,0,2563,'C','1341500220154','2021-03-10 11:03:04'),('2021-02-17',350,9,0,2563,'C','1341500220154','2021-03-10 11:03:04'),('2021-02-18',334,9,0,2563,'C','1341500220154','2021-03-10 11:03:07'),('2021-02-18',350,9,0,2563,'C','1341500220154','2021-03-10 11:03:07'),('2021-02-19',334,9,0,2563,'C','1341500220154','2021-03-10 11:03:11'),('2021-02-19',350,9,0,2563,'C','1341500220154','2021-03-10 11:03:11'),('2021-02-22',334,9,0,2563,'C','1341500220154','2021-03-10 11:03:14'),('2021-02-22',350,9,0,2563,'C','1341500220154','2021-03-10 11:03:14'),('2021-02-23',334,9,0,2563,'C','1341500220154','2021-03-10 11:03:19'),('2021-02-23',350,9,0,2563,'C','1341500220154','2021-03-10 11:03:19'),('2021-02-24',334,9,0,2563,'C','1341500220154','2021-03-10 11:03:25'),('2021-02-24',350,9,0,2563,'C','1341500220154','2021-03-10 11:03:25'),('2021-02-25',334,9,0,2563,'C','1341500220154','2021-03-10 11:03:29'),('2021-02-25',350,9,0,2563,'C','1341500220154','2021-03-10 11:03:29'),('2021-03-01',334,9,0,2563,'C','1341500220154','2021-03-10 11:03:38'),('2021-03-01',350,9,0,2563,'C','1341500220154','2021-03-10 11:03:38'),('2021-03-02',334,9,0,2563,'C','1341500220154','2021-03-10 11:03:43'),('2021-03-02',350,9,0,2563,'C','1341500220154','2021-03-10 11:03:43'),('2021-03-03',334,9,0,2563,'C','1341500220154','2021-03-10 11:03:46'),('2021-03-03',350,9,0,2563,'C','1341500220154','2021-03-10 11:03:46'),('2021-03-04',334,9,0,2563,'C','1341500220154','2021-03-10 11:03:50'),('2021-03-04',350,9,0,2563,'C','1341500220154','2021-03-10 11:03:50'),('2021-03-05',334,9,0,2563,'C','1341500220154','2021-03-10 11:03:53'),('2021-03-05',350,9,0,2563,'C','1341500220154','2021-03-10 11:03:53'),('2021-03-08',334,9,0,2563,'C','1341500220154','2021-03-10 11:03:58'),('2021-03-08',350,9,0,2563,'C','1341500220154','2021-03-10 11:03:58'),('2021-03-09',334,9,0,2563,'C','1341500220154','2021-03-10 11:03:01'),('2021-03-09',350,9,0,2563,'C','1341500220154','2021-03-10 11:03:01'),('2021-06-21',361,4,0,2564,'C','1341500220154','2021-06-21 10:06:44'),('2021-06-21',356,6,0,2564,'C','1341500220154','2021-06-21 10:06:50'),('2021-06-21',357,6,0,2564,'C','1341500220154','2021-06-21 10:06:50'),('2021-06-21',358,6,0,2564,'C','1341500220154','2021-06-21 10:06:50'),('2021-06-21',352,7,0,2564,'S','1341500220154','2021-06-21 10:06:58'),('2021-06-14',361,4,0,2564,'C','1341500220154','2021-06-21 10:06:09'),('2021-06-15',361,4,0,2564,'C','1341500220154','2021-06-21 10:06:24'),('2021-06-16',361,4,0,2564,'C','1341500220154','2021-06-21 10:06:30'),('2021-06-17',361,4,0,2564,'C','1341500220154','2021-06-21 10:06:34'),('2021-06-18',361,4,0,2564,'C','1341500220154','2021-06-21 10:06:38'),('2021-06-14',356,6,0,2564,'C','1341500220154','2021-06-21 10:06:01'),('2021-06-14',357,6,0,2564,'C','1341500220154','2021-06-21 10:06:01'),('2021-06-14',358,6,0,2564,'C','1341500220154','2021-06-21 10:06:01'),('2021-06-15',356,6,0,2564,'C','1341500220154','2021-06-21 10:06:08'),('2021-06-15',357,6,0,2564,'C','1341500220154','2021-06-21 10:06:08'),('2021-06-15',358,6,0,2564,'C','1341500220154','2021-06-21 10:06:08'),('2021-06-16',356,6,0,2564,'C','1341500220154','2021-06-21 10:06:19'),('2021-06-16',357,6,0,2564,'C','1341500220154','2021-06-21 10:06:19'),('2021-06-16',358,6,0,2564,'C','1341500220154','2021-06-21 10:06:19'),('2021-06-17',356,6,0,2564,'C','1341500220154','2021-06-21 10:06:24'),('2021-06-17',357,6,0,2564,'C','1341500220154','2021-06-21 10:06:24'),('2021-06-17',358,6,0,2564,'C','1341500220154','2021-06-21 10:06:24'),('2021-06-18',356,6,0,2564,'C','1341500220154','2021-06-21 10:06:32'),('2021-06-18',357,6,0,2564,'C','1341500220154','2021-06-21 10:06:32'),('2021-06-18',358,6,0,2564,'C','1341500220154','2021-06-21 10:06:32'),('2021-06-14',352,7,0,2564,'C','1341500220154','2021-06-21 10:06:51'),('2021-06-15',352,7,0,2564,'C','1341500220154','2021-06-21 10:06:55'),('2021-06-16',352,7,0,2564,'C','1341500220154','2021-06-21 10:06:59'),('2021-06-17',352,7,0,2564,'C','1341500220154','2021-06-21 10:06:03'),('2021-06-18',352,7,0,2564,'C','1341500220154','2021-06-21 10:06:06'),('2021-06-21',362,2,0,2564,'C','1341500220154','2021-06-21 02:06:44'),('2021-06-14',362,2,0,2564,'C','1341500220154','2021-06-21 02:06:50'),('2021-06-15',362,2,0,2564,'C','1341500220154','2021-06-21 02:06:53'),('2021-06-16',362,2,0,2564,'C','1341500220154','2021-06-21 02:06:57'),('2021-06-17',362,2,0,2564,'C','1341500220154','2021-06-21 02:06:01'),('2021-06-18',362,2,0,2564,'C','1341500220154','2021-06-21 02:06:53'),('2021-06-30',362,2,0,2564,'C','1341500220154','2021-06-30 01:06:38'),('2021-06-30',361,4,0,2564,'C','1341500220154','2021-06-30 01:06:49'),('2021-06-30',356,6,0,2564,'C','1341500220154','2021-06-30 01:06:55'),('2021-06-30',357,6,0,2564,'C','1341500220154','2021-06-30 01:06:55'),('2021-06-30',358,6,0,2564,'C','1341500220154','2021-06-30 01:06:55'),('2021-06-30',352,7,0,2564,'C','1341500220154','2021-06-30 01:06:02'),('2021-06-29',362,2,0,2564,'C','1341500220154','2021-06-30 01:06:26'),('2021-06-28',362,2,0,2564,'C','1341500220154','2021-06-30 01:06:33'),('2021-06-25',362,2,0,2564,'C','1341500220154','2021-06-30 01:06:38'),('2021-06-24',362,2,0,2564,'C','1341500220154','2021-06-30 01:06:42'),('2021-06-23',362,2,0,2564,'C','1341500220154','2021-06-30 01:06:45'),('2021-06-22',362,2,0,2564,'C','1341500220154','2021-06-30 01:06:50'),('2021-06-29',361,4,0,2564,'C','1341500220154','2021-06-30 01:06:55'),('2021-06-28',361,4,0,2564,'C','1341500220154','2021-06-30 01:06:12'),('2021-06-25',361,4,0,2564,'C','1341500220154','2021-06-30 01:06:17'),('2021-06-24',361,4,0,2564,'C','1341500220154','2021-06-30 01:06:21'),('2021-06-23',361,4,0,2564,'C','1341500220154','2021-06-30 01:06:25'),('2021-06-22',361,4,0,2564,'C','1341500220154','2021-06-30 01:06:30'),('2021-06-29',356,6,0,2564,'C','1341500220154','2021-06-30 01:06:41'),('2021-06-29',357,6,0,2564,'C','1341500220154','2021-06-30 01:06:41'),('2021-06-29',358,6,0,2564,'C','1341500220154','2021-06-30 01:06:41'),('2021-06-28',356,6,0,2564,'C','1341500220154','2021-06-30 01:06:48'),('2021-06-28',357,6,0,2564,'C','1341500220154','2021-06-30 01:06:48'),('2021-06-28',358,6,0,2564,'C','1341500220154','2021-06-30 01:06:48'),('2021-06-25',356,6,0,2564,'C','1341500220154','2021-06-30 01:06:07'),('2021-06-25',357,6,0,2564,'C','1341500220154','2021-06-30 01:06:07'),('2021-06-25',358,6,0,2564,'C','1341500220154','2021-06-30 01:06:07'),('2021-06-24',356,6,0,2564,'C','1341500220154','2021-06-30 01:06:13'),('2021-06-24',357,6,0,2564,'C','1341500220154','2021-06-30 01:06:13'),('2021-06-24',358,6,0,2564,'C','1341500220154','2021-06-30 01:06:13'),('2021-06-23',356,6,0,2564,'C','1341500220154','2021-06-30 01:06:20'),('2021-06-23',357,6,0,2564,'C','1341500220154','2021-06-30 01:06:20'),('2021-06-23',358,6,0,2564,'C','1341500220154','2021-06-30 01:06:20'),('2021-06-22',356,6,0,2564,'C','1341500220154','2021-06-30 01:06:25'),('2021-06-22',357,6,0,2564,'C','1341500220154','2021-06-30 01:06:25'),('2021-06-22',358,6,0,2564,'C','1341500220154','2021-06-30 01:06:25'),('2021-06-29',352,7,0,2564,'C','1341500220154','2021-06-30 01:06:37'),('2021-06-28',352,7,0,2564,'L','1341500220154','2021-06-30 01:06:42'),('2021-06-25',352,7,0,2564,'C','1341500220154','2021-06-30 01:06:11'),('2021-06-24',352,7,0,2564,'C','1341500220154','2021-06-30 01:06:00'),('2021-06-23',352,7,0,2564,'C','1341500220154','2021-06-30 01:06:06'),('2021-06-22',352,7,0,2564,'C','1341500220154','2021-06-30 01:06:10'),('2022-02-08',362,2,0,2564,'C','1341500220154','2022-02-08 10:02:52'),('2022-02-08',361,4,0,2564,'C','1341500220154','2022-02-08 10:02:00'),('2022-02-08',356,6,0,2564,'C','1341500220154','2022-02-08 10:02:07'),('2022-02-08',357,6,0,2564,'C','1341500220154','2022-02-08 10:02:07'),('2022-02-08',358,6,0,2564,'C','1341500220154','2022-02-08 10:02:07'),('2022-02-08',352,7,0,2564,'C','1341500220154','2022-02-08 10:02:15'),('2022-02-07',362,2,0,2564,'C','1341500220154','2022-02-08 10:02:36'),('2022-02-07',361,4,0,2564,'C','1341500220154','2022-02-08 10:02:06'),('2022-02-04',361,4,0,2564,'C','1341500220154','2022-02-08 10:02:17'),('2022-02-03',361,4,0,2564,'C','1341500220154','2022-02-08 10:02:22'),('2022-02-04',362,2,0,2564,'C','1341500220154','2022-02-08 10:02:41'),('2022-02-03',362,2,0,2564,'C','1341500220154','2022-02-08 10:02:51'),('2022-02-07',356,6,0,2564,'C','1341500220154','2022-02-08 10:02:08'),('2022-02-07',357,6,0,2564,'C','1341500220154','2022-02-08 10:02:08'),('2022-02-07',358,6,0,2564,'C','1341500220154','2022-02-08 10:02:08'),('2022-02-04',356,6,0,2564,'C','1341500220154','2022-02-08 10:02:12'),('2022-02-04',357,6,0,2564,'C','1341500220154','2022-02-08 10:02:12'),('2022-02-04',358,6,0,2564,'C','1341500220154','2022-02-08 10:02:12'),('2022-02-03',356,6,0,2564,'C','1341500220154','2022-02-08 10:02:16'),('2022-02-03',357,6,0,2564,'C','1341500220154','2022-02-08 10:02:16'),('2022-02-03',358,6,0,2564,'C','1341500220154','2022-02-08 10:02:16'),('2022-02-07',352,7,0,2564,'C','1341500220154','2022-02-08 10:02:32'),('2022-02-04',352,7,0,2564,'C','1341500220154','2022-02-08 10:02:36'),('2022-02-03',352,7,0,2564,'C','1341500220154','2022-02-08 10:02:40');

--
-- Table structure for table `student_check_permission`
--

CREATE TABLE `student_check_permission` (
  `class_now` tinyint(4) NOT NULL,
  `room_now` tinyint(4) NOT NULL,
  `person_id` varchar(13) NOT NULL,
  `student_check_year` int(11) NOT NULL
) ENGINE=MyISAM DEFAULT CHARSET=utf8 COLLATE=utf8_general_ci;

--
-- Dumping data for table `student_check_permission`
--

INSERT INTO `student_check_permission` VALUES (3,0,'3330300417600',2559),(5,0,'3349800126769',2559),(6,0,'3349800141253',2559),(7,0,'3349800141253',2559),(8,0,'3349900319682',2559),(9,0,'3349900319682',2559),(9,0,'1341500220154',2561),(9,0,'5341590032525',2561),(5,0,'3349800126769',2561),(7,0,'3349800126769',2561),(8,0,'5341590032525',2561),(3,0,'1330400499831',2563),(3,0,'1341500220154',2563),(5,0,'3349800126769',2563),(5,0,'1341500220154',2563),(6,0,'3349800126769',2563),(6,0,'1341500220154',2563),(9,0,'3349800126769',2563),(9,0,'1341500220154',2563),(4,0,'1330400499831',2564),(4,0,'1341500220154',2564),(6,0,'1330400499831',2564),(6,0,'1341500220154',2564),(7,0,'1330400499831',2564),(7,0,'1341500220154',2564),(2,0,'1330400499831',2564),(2,0,'1341500220154',2564);

--
-- Table structure for table `student_check_year`
--

CREATE TABLE `student_check_year` (
  `id` int(11) NOT NULL AUTO_INCREMENT,
  `student_check_year` int(11) NOT NULL,
  `year_active` tinyint(1) NOT NULL,
  PRIMARY KEY (`id`),
  UNIQUE KEY `student_check_year` (`student_check_year`)
) ENGINE=MyISAM AUTO_INCREMENT=5 DEFAULT CHARSET=utf8 COLLATE=utf8_general_ci;

--
-- Dumping data for table `student_check_year`
--

INSERT INTO `student_check_year` VALUES (1,2559,0),(2,2561,0),(3,2563,0),(4,2564,1);

--
-- Table structure for table `student_inclass_main`
--

CREATE TABLE `student_inclass_main` (
  `check_date` date NOT NULL COMMENT 'วันที่บันทึก',
  `student_id` int(11) NOT NULL COMMENT 'รหัสนักเรียน',
  `class_now` tinyint(4) NOT NULL COMMENT 'ชั้นเรียนปัจจุบันที่บันทึก',
  `room_now` tinyint(4) NOT NULL COMMENT 'ห้องเรียนปัจจุบันที่บันทึก',
  `student_check_year` int(11) NOT NULL COMMENT 'ปีการศึกษาที่บันทึก',
  `check_val` varchar(50) NOT NULL COMMENT 'ค่าการเช็ค',
  `check_person_id` varchar(13) NOT NULL COMMENT 'ผู้ทำรายการ',
  `save_date` datetime NOT NULL COMMENT 'วันที่ทำรายการบันทึก'
) ENGINE=MyISAM DEFAULT CHARSET=utf8 COLLATE=utf8_general_ci;

--
-- Dumping data for table `student_inclass_main`
--

INSERT INTO `student_inclass_main` VALUES ('2020-12-16',334,9,0,2563,'0:V,1:V,2:V,3:T,','1341500220154','2020-12-16 10:12:18'),('2020-12-16',350,9,0,2563,'0:C,1:C,2:C,3:T,','1341500220154','2020-12-16 10:12:18');

--
-- Table structure for table `student_inclass_part`
--

CREATE TABLE `student_inclass_part` (
  `id` int(11) NOT NULL AUTO_INCREMENT,
  `ed_year` int(11) NOT NULL,
  `part` tinyint(4) NOT NULL,
  `start_date` date NOT NULL,
  `stop_date` date NOT NULL,
  `rec_date` date NOT NULL,
  `officer` varchar(13) NOT NULL,
  PRIMARY KEY (`id`)
) ENGINE=MyISAM AUTO_INCREMENT=5 DEFAULT CHARSET=utf8 COLLATE=utf8_general_ci;

--
-- Dumping data for table `student_inclass_part`
--

INSERT INTO `student_inclass_part` VALUES (1,2559,1,'2016-05-16','2016-10-10','2016-06-25','3349900319682'),(3,2559,1,'2020-07-01','2020-10-31','2020-07-17','1341500220154'),(4,2559,2,'2020-12-01','2021-04-09','2020-12-16','1341500220154');

--
-- Table structure for table `student_inclass_permission`
--

CREATE TABLE `student_inclass_permission` (
  `class_now` tinyint(4) NOT NULL,
  `room_now` tinyint(4) NOT NULL,
  `person_id` varchar(13) NOT NULL,
  `student_check_year` int(11) NOT NULL
) ENGINE=MyISAM DEFAULT CHARSET=utf8 COLLATE=utf8_general_ci;

--
-- Dumping data for table `student_inclass_permission`
--

INSERT INTO `student_inclass_permission` VALUES (3,0,'3330300417600',2559),(6,0,'3349800141253',2559),(5,0,'3349800126769',2559),(7,0,'3349800141253',2559),(8,0,'3349900319682',2559),(9,0,'3349900319682',2559),(9,0,'1341500220154',2563);

--
-- Table structure for table `student_inclass_ref`
--

CREATE TABLE `student_inclass_ref` (
  `id` int(11) NOT NULL AUTO_INCREMENT,
  `ref_id` varchar(50) NOT NULL,
  `ed_day` varchar(10) NOT NULL,
  `period` tinyint(4) NOT NULL,
  PRIMARY KEY (`id`)
) ENGINE=MyISAM DEFAULT CHARSET=utf8 COLLATE=utf8_general_ci;

--
-- Dumping data for table `student_inclass_ref`
--


--
-- Table structure for table `student_inclass_subject`
--

CREATE TABLE `student_inclass_subject` (
  `id` int(11) NOT NULL AUTO_INCREMENT,
  `ed_year` int(11) NOT NULL,
  `part` tinyint(4) NOT NULL,
  `subject` varchar(100) NOT NULL,
  `std_class` tinyint(4) NOT NULL,
  `room` tinyint(4) NOT NULL,
  `ref_id` varchar(50) NOT NULL,
  `officer` varchar(13) NOT NULL,
  `rec_date` date NOT NULL,
  PRIMARY KEY (`id`)
) ENGINE=MyISAM DEFAULT CHARSET=utf8 COLLATE=utf8_general_ci;

--
-- Dumping data for table `student_inclass_subject`
--


--
-- Table structure for table `student_inclass_year`
--

CREATE TABLE `student_inclass_year` (
  `id` int(11) NOT NULL AUTO_INCREMENT,
  `student_check_year` int(11) NOT NULL,
  `num_period` int(2) NOT NULL,
  `lunch_period` int(2) NOT NULL,
  `year_active` tinyint(1) NOT NULL,
  PRIMARY KEY (`id`)
) ENGINE=MyISAM AUTO_INCREMENT=3 DEFAULT CHARSET=utf8 COLLATE=utf8_general_ci;

--
-- Dumping data for table `student_inclass_year`
--

INSERT INTO `student_inclass_year` VALUES (1,2559,5,4,0),(2,2563,4,4,1);

--
-- Table structure for table `student_main`
--

CREATE TABLE `student_main` (
  `id` int(11) NOT NULL AUTO_INCREMENT,
  `student_id` varchar(7) NOT NULL,
  `student_number` int(11) DEFAULT NULL,
  `prename` varchar(20) NOT NULL,
  `name` varchar(50) NOT NULL,
  `surname` varchar(50) NOT NULL,
  `person_id` varchar(20) DEFAULT NULL,
  `sex` tinyint(4) NOT NULL DEFAULT 0,
  `pic` varchar(150) DEFAULT NULL,
  `class_now` tinyint(4) DEFAULT NULL,
  `room` tinyint(4) NOT NULL DEFAULT 0,
  `status` tinyint(4) NOT NULL DEFAULT 0,
  `out_edyear` int(11) DEFAULT NULL,
  `officer` varchar(13) NOT NULL,
  `rec_date` date NOT NULL,
  PRIMARY KEY (`id`),
  UNIQUE KEY `student_number` (`student_id`),
  KEY `class_now` (`class_now`),
  KEY `room` (`room`)
) ENGINE=MyISAM AUTO_INCREMENT=28 DEFAULT CHARSET=utf8 COLLATE=utf8_general_ci;

--
-- Dumping data for table `student_main`
--

INSERT INTO `student_main` VALUES (1,'345',1,'เด็กชาย','ชัยณรงค์','หลอดคำ','1349901701665',1,NULL,5,0,2,2562,'1341500220154','0000-00-00'),(17,'353',2,'เด็กหญิง','อัยเรศ','หลอดคำ','1341501538310',2,'',4,0,2,2562,'1341500220154','2018-11-24'),(3,'334',1,'เด็กชาย','ภากร','กาญจนะวงศ์','1349901678451',1,NULL,9,0,1,2563,'1341500220154','0000-00-00'),(16,'352',1,'เด็กชาย','ชนะพงษ์ ','สุโกพัน','1341501540527',1,'',8,0,0,0,'1341500220154','2018-11-24'),(6,'337',2,'เด็กชาย','ยุทธภูมิ','ทาคำรอด','1341501515140',1,NULL,7,0,2,2562,'1341500220154','0000-00-00'),(8,'341',1,'เด็กชาย','สรายุทธ','สุโกพันธ์','1341501498962',1,NULL,9,0,1,2562,'1341500220154','0000-00-00'),(9,'326',1,'เด็กชาย','ธนภัทร','กาญจนะวงค์','1749800456793',1,NULL,9,0,1,2561,'1341500220154','0000-00-00'),(10,'340',2,'เด็กชาย','ประกาย','คำพล','1349901455044',2,NULL,9,0,1,2561,'1341500220154','0000-00-00'),(11,'342',3,'เด็กชาย','ณัฐพล','ทาคำรอด','1349901427245',1,NULL,9,0,1,2561,'1341500220154','0000-00-00'),(12,'323',0,'เด็กหญิง','ศุภัสสรณ์','บุญพันธ์','1749800418189',2,NULL,8,0,1,2561,'','0000-00-00'),(13,'338',0,'เด็กชาย','อนุสรณ์','กัลมาลัย','1349901379330',1,NULL,8,0,1,2561,'','0000-00-00'),(14,'318',0,'เด็กชาย','กวินภพ','กาญจนะวงค์','1349901353691',1,NULL,9,0,1,2561,'','0000-00-00'),(15,'330',0,'นางสาว','สุพรรษา','ทาคำรอด','1349901002619',2,NULL,9,0,1,2561,'','0000-00-00'),(18,'350',3,'เด็กชาย','อนุรักษ์','สุโกพันธ์','1349901613634',1,'',9,0,1,2563,'1341500220154','2018-11-24'),(19,'349',4,'เด็กชาย','อิสระ','หลอดคำ','1349901455079',1,'',9,0,1,2561,'1341500220154','2018-11-24'),(20,'356',1,'เด็กหญิง','นภาภรณ์','กวรพฤกษ์','1341501548030',2,'',7,0,0,NULL,'1349900682276','2019-06-12'),(21,'357',2,'เด็กหญิง','นันทิชา','พละศักดิ์','1349901868616',2,'',7,0,0,NULL,'1341500220154','2019-06-12'),(22,'358',3,'เด็กหญิง','วรรณิดา','สุพี','1341501546525',2,'',7,0,0,NULL,'1341500220154','2019-06-12'),(23,'359',1,'เด็กชาย','อธิชัย','หมายศรี','1349901980572',1,'',2,0,2,2563,'1341500220154','2019-06-12'),(24,'360',2,'เด็กชาย','อธิวัฒน์','อุปชัย','1349902018497',1,'',2,0,2,2563,'1341500220154','2019-06-12'),(25,'361',1,'เด็กชาย','วัชร','ทาคำรอด','1341501573271',1,'',5,0,0,NULL,'1349900682276','2019-06-12'),(26,'362',1,'เด็กชาย','ณัชนน','บังศรี','1102200464981',1,'',3,0,0,NULL,'1349900682276','2021-06-21'),(27,'363',1,'เด็กหญิง','อธิตยา','ทาคำรอด','1341501587264',2,'',4,0,0,NULL,'1349900682276','2022-05-19');

--
-- Table structure for table `student_main_class`
--

CREATE TABLE `student_main_class` (
  `id` int(11) NOT NULL AUTO_INCREMENT,
  `class_code` tinyint(4) NOT NULL,
  `class_name` varchar(150) NOT NULL,
  PRIMARY KEY (`id`),
  UNIQUE KEY `class_code` (`class_code`)
) ENGINE=MyISAM AUTO_INCREMENT=9 DEFAULT CHARSET=utf8 COLLATE=utf8_general_ci;

--
-- Dumping data for table `student_main_class`
--

INSERT INTO `student_main_class` VALUES (1,2,'อนุบาล2'),(2,3,'อนุุบาล3'),(3,4,'ประถมศึกษาปีที่1'),(4,5,'ประถมศึกษาปีที่2'),(5,6,'ประถมศึกษาปีที่3'),(6,7,'ประถมศึกษาปีที่4'),(7,8,'ประถมศึกษาปีที่5'),(8,9,'ประถมศึกษาปีที่6');

--
-- Table structure for table `student_main_classlog`
--

CREATE TABLE `student_main_classlog` (
  `id` int(11) NOT NULL AUTO_INCREMENT,
  `ed_year` int(11) NOT NULL,
  `student_id` varchar(7) NOT NULL,
  `student_number` int(11) DEFAULT NULL,
  `class_code` tinyint(4) NOT NULL,
  `room` tinyint(4) DEFAULT 0,
  `officer` varchar(13) NOT NULL,
  `rec_date` date NOT NULL,
  PRIMARY KEY (`id`)
) ENGINE=MyISAM AUTO_INCREMENT=67 DEFAULT CHARSET=utf8 COLLATE=utf8_general_ci;

--
-- Dumping data for table `student_main_classlog`
--

INSERT INTO `student_main_classlog` VALUES (1,2559,'345',0,3,0,'1341500220154','2018-11-14'),(2,2559,'346',0,3,0,'1341500220154','2018-11-14'),(3,2559,'334',0,5,0,'1341500220154','2018-11-14'),(4,2559,'335',0,5,0,'1341500220154','2018-11-14'),(5,2559,'336',0,5,0,'1341500220154','2018-11-14'),(6,2559,'337',0,5,0,'1341500220154','2018-11-14'),(7,2559,'343',0,5,0,'1341500220154','2018-11-14'),(8,2559,'341',0,6,0,'1341500220154','2018-11-14'),(9,2559,'326',0,7,0,'1341500220154','2018-11-14'),(10,2559,'340',0,7,0,'1341500220154','2018-11-14'),(11,2559,'342',0,7,0,'1341500220154','2018-11-14'),(12,2559,'323',0,8,0,'1341500220154','2018-11-14'),(13,2559,'338',0,8,0,'1341500220154','2018-11-14'),(14,2559,'318',0,9,0,'1341500220154','2018-11-14'),(15,2559,'330',0,9,0,'1341500220154','2018-11-14'),(16,2560,'341',0,6,0,'1341500220154','2018-11-14'),(17,2560,'326',0,7,0,'1341500220154','2018-11-14'),(18,2560,'340',0,7,0,'1341500220154','2018-11-14'),(19,2560,'342',0,7,0,'1341500220154','2018-11-14'),(20,2561,'318',0,9,0,'1341500220154','2018-11-14'),(21,2561,'330',0,9,0,'1341500220154','2018-11-14'),(22,2561,'323',1,9,0,'1341500220154','2018-11-14'),(23,2561,'338',0,9,0,'1341500220154','2018-11-14'),(24,2561,'352',1,4,0,'1341500220154','2019-03-08'),(25,2561,'353',2,4,0,'1341500220154','2019-03-08'),(26,2561,'345',1,5,0,'1341500220154','2019-03-08'),(27,2561,'334',1,7,0,'1341500220154','2019-03-08'),(28,2561,'337',2,7,0,'1341500220154','2019-03-08'),(29,2561,'350',3,7,0,'1341500220154','2019-03-08'),(30,2561,'341',1,8,0,'1341500220154','2019-03-08'),(31,2561,'326',1,9,0,'1341500220154','2019-03-08'),(32,2561,'340',2,9,0,'1341500220154','2019-03-08'),(33,2561,'342',3,9,0,'1341500220154','2019-03-08'),(34,2561,'349',4,9,0,'1341500220154','2019-03-08'),(35,2562,'353',2,4,0,'1341500220154','2019-06-12'),(36,2562,'345',1,5,0,'1341500220154','2019-06-12'),(37,2562,'337',2,7,0,'1341500220154','2019-06-12'),(38,2563,'359',1,2,0,'1341500220154','2020-07-16'),(39,2563,'360',2,2,0,'1341500220154','2020-07-16'),(40,2562,'341',1,9,0,'1341500220154','2020-07-16'),(41,2563,'361',1,2,0,'1341500220154','2020-07-16'),(42,2562,'361',1,2,0,'1341500220154','2020-07-16'),(43,2562,'356',1,4,0,'1341500220154','2020-07-16'),(44,2562,'357',2,4,0,'1341500220154','2020-07-16'),(45,2562,'358',3,4,0,'1341500220154','2020-07-16'),(46,2562,'352',1,5,0,'1341500220154','2020-07-16'),(47,2562,'334',1,8,0,'1341500220154','2020-07-16'),(48,2562,'350',3,8,0,'1341500220154','2020-07-16'),(49,2563,'356',1,5,0,'1341500220154','2021-06-21'),(50,2563,'357',2,5,0,'1341500220154','2021-06-21'),(51,2563,'358',3,5,0,'1341500220154','2021-06-21'),(52,2563,'352',1,6,0,'1341500220154','2021-06-21'),(53,2563,'334',1,9,0,'1341500220154','2021-06-21'),(54,2563,'350',3,9,0,'1341500220154','2021-06-21'),(55,2564,'362',1,2,0,'1341500220154','2021-06-21'),(56,2564,'361',1,4,0,'1341500220154','2022-05-19'),(57,2564,'356',1,6,0,'1341500220154','2022-05-19'),(58,2564,'357',2,6,0,'1341500220154','2022-05-19'),(59,2564,'358',3,6,0,'1341500220154','2022-05-19'),(60,2564,'352',1,7,0,'1341500220154','2022-05-19'),(61,2565,'263',1,4,1,'1341500220154','2022-05-19'),(62,2565,'363',1,4,0,'1349900682276','2024-09-20'),(63,2566,'352',1,8,0,'1349900682276','2024-09-20'),(64,2565,'362',1,3,0,'1349900682276','2024-09-20'),(65,2565,'361',1,5,0,'1349900682276','2024-09-20'),(66,2565,'356',1,7,0,'1349900682276','2024-09-20');

--
-- Table structure for table `student_main_edyear`
--

CREATE TABLE `student_main_edyear` (
  `id` int(11) NOT NULL AUTO_INCREMENT,
  `ed_year` int(11) NOT NULL,
  `year_active` tinyint(4) NOT NULL,
  PRIMARY KEY (`id`),
  UNIQUE KEY `ed_year` (`ed_year`)
) ENGINE=MyISAM AUTO_INCREMENT=7 DEFAULT CHARSET=utf8 COLLATE=utf8_general_ci;

--
-- Dumping data for table `student_main_edyear`
--

INSERT INTO `student_main_edyear` VALUES (1,2559,0),(2,2561,0),(3,2562,0),(4,2563,0),(5,2564,0),(6,2565,1);

--
-- Table structure for table `student_main_expand1`
--

CREATE TABLE `student_main_expand1` (
  `id` int(11) NOT NULL AUTO_INCREMENT,
  `person_id` varchar(13) NOT NULL,
  `e_name` varchar(50) NOT NULL,
  `e_surname` varchar(50) NOT NULL,
  `birthday` date NOT NULL,
  `blood` varchar(2) NOT NULL,
  `race` varchar(30) NOT NULL,
  `nationlity` varchar(30) NOT NULL,
  `religion` varchar(30) NOT NULL,
  `rec_date` date NOT NULL,
  PRIMARY KEY (`id`),
  UNIQUE KEY `person_id` (`person_id`)
) ENGINE=MyISAM AUTO_INCREMENT=6 DEFAULT CHARSET=utf8 COLLATE=utf8_general_ci;

--
-- Dumping data for table `student_main_expand1`
--

INSERT INTO `student_main_expand1` VALUES (1,'1341501573271','Wathchara','Takamrod','2014-10-18','','','','','2022-05-19'),(2,'1341501548030','NAPHAPORN','KAWONPHRUEK','2012-09-11','','','','','2022-05-19'),(3,'1349901868616','NANTICHA','PALASAK','2012-09-27','','','','','2022-05-19'),(4,'1341501546525','WANNIDA','SUPE','2012-07-30','','','','','2022-05-19'),(5,'1341501540527','Chanaphong','Sukophon','2012-01-05','','','','','2022-05-19');

--
-- Table structure for table `student_main_permission`
--

CREATE TABLE `student_main_permission` (
  `id` int(11) NOT NULL AUTO_INCREMENT,
  `person_id` varchar(13) NOT NULL,
  `p1` tinyint(4) NOT NULL,
  `officer` varchar(13) NOT NULL,
  `rec_date` date NOT NULL,
  PRIMARY KEY (`id`)
) ENGINE=MyISAM AUTO_INCREMENT=6 DEFAULT CHARSET=utf8 COLLATE=utf8_general_ci;

--
-- Dumping data for table `student_main_permission`
--

INSERT INTO `student_main_permission` VALUES (5,'1349900682276',1,'5341590032525','2023-09-19'),(2,'5341590032525',1,'1341500220154','2018-11-14'),(3,'1330400499831',1,'1341500220154','2021-06-21'),(4,'1341500220154',1,'1341500220154','2018-11-14');

--
-- Table structure for table `system_ed_year`
--

CREATE TABLE `system_ed_year` (
  `id` int(11) NOT NULL AUTO_INCREMENT,
  `ed_year` int(11) NOT NULL,
  `active_ed_year` tinyint(4) NOT NULL,
  PRIMARY KEY (`id`),
  UNIQUE KEY `ed_year` (`ed_year`)
) ENGINE=MyISAM DEFAULT CHARSET=utf8 COLLATE=utf8_general_ci;

--
-- Dumping data for table `system_ed_year`
--


--
-- Table structure for table `system_export_list`
--

CREATE TABLE `system_export_list` (
  `id` int(11) NOT NULL AUTO_INCREMENT,
  `data_name` varchar(50) NOT NULL,
  `thai_dataname` varchar(100) NOT NULL,
  PRIMARY KEY (`id`),
  UNIQUE KEY `data_name` (`data_name`)
) ENGINE=MyISAM AUTO_INCREMENT=7 DEFAULT CHARSET=utf8 COLLATE=utf8_general_ci;

--
-- Dumping data for table `system_export_list`
--

INSERT INTO `system_export_list` VALUES (1,'person','ข้อมูลครูและบุคลากร'),(2,'student','ข้อมูลพื้นฐานนักเรียน'),(3,'onet','ผลสอบ O-NET'),(4,'plan','แผนปฏิบัติการประจำปี'),(5,'student_check','การมาเรียน'),(6,'health','สุขภาพผู้เรียน');

--
-- Table structure for table `system_export_log`
--

CREATE TABLE `system_export_log` (
  `id` int(11) NOT NULL AUTO_INCREMENT,
  `computer_ip` varchar(25) NOT NULL,
  `requester` varchar(50) NOT NULL,
  `login_time` datetime NOT NULL,
  `data` varchar(20) NOT NULL,
  PRIMARY KEY (`id`)
) ENGINE=MyISAM AUTO_INCREMENT=138 DEFAULT CHARSET=utf8 COLLATE=utf8_general_ci;

--
-- Dumping data for table `system_export_log`
--

INSERT INTO `system_export_log` VALUES (1,'61.19.124.234','amssplus','2019-10-08 13:22:54','student_check'),(2,'122.155.223.9','amssplus','2020-02-21 07:04:54','student'),(3,'122.155.223.9','amssplus','2020-03-30 10:59:47','student_check'),(4,'122.155.223.9','amssplus','2020-08-05 08:35:20','student'),(5,'192.168.1.6','amssplus','2021-05-29 11:02:34','student'),(6,'192.168.1.6','amssplus','2021-05-29 11:03:46','student'),(7,'192.168.1.6','amssplus','2021-05-29 11:54:21','student'),(8,'192.168.1.6','amssplus','2021-05-29 11:57:17','student'),(9,'192.168.1.6','amssplus','2021-05-29 11:58:19','student'),(10,'192.168.1.6','amssplus','2021-05-29 12:12:53','student'),(11,'192.168.1.6','amssplus','2021-05-29 12:22:03','student'),(12,'192.168.1.6','amssplus','2021-05-29 12:23:49','student'),(13,'192.168.1.6','amssplus','2021-05-29 12:43:58','student'),(14,'192.168.1.6','amssplus','2021-05-29 12:50:44','student'),(15,'192.168.1.6','amssplus','2021-05-29 12:57:19','student'),(16,'192.168.1.6','amssplus','2021-05-29 12:58:24','student'),(17,'192.168.1.6','amssplus','2021-05-29 14:27:37','student'),(18,'192.168.1.6','amssplus','2021-05-29 14:28:11','student'),(19,'192.168.1.6','amssplus','2021-05-29 14:28:39','student'),(20,'192.168.1.6','amssplus','2021-05-29 14:29:17','student'),(21,'192.168.1.6','amssplus','2021-05-29 14:31:50','student'),(22,'10.1.1.3','amssplus','2021-10-06 10:31:15','student'),(23,'10.1.1.3','amssplus','2021-12-28 18:55:04','student'),(24,'10.1.1.3','amssplus','2022-03-21 11:19:49','student'),(25,'10.1.1.3','amssplus','2022-09-07 14:38:55','student'),(26,'10.1.1.3','amssplus','2022-09-15 11:11:54','student'),(27,'','amssplus','2023-01-02 14:23:36','student_check'),(28,'','amssplus','2023-01-02 17:52:53','student_check'),(29,'','amssplus','2023-01-02 17:54:29','student_check'),(30,'','amssplus','2023-01-02 17:55:03','student_check'),(31,'10.1.1.3','amssplus','2023-01-22 00:23:50','student'),(32,'127.0.0.1','amssplus','2023-02-16 09:21:20','student_check'),(33,'127.0.0.1','amssplus','2023-02-16 09:22:06','student_check'),(34,'127.0.0.1','amssplus','2023-02-16 09:33:01','student_check'),(35,'10.1.1.3','amssplus','2023-04-05 09:48:10','student_check'),(36,'10.1.1.3','amssplus','2023-04-05 22:38:04','student_check'),(37,'10.1.1.3','amssplus','2023-04-06 10:24:15','student_check'),(38,'10.1.1.3','amssplus','2023-04-06 10:25:06','student_check'),(39,'10.1.1.3','amssplus','2023-04-06 10:47:27','student_check'),(40,'127.0.0.1','amssplus','2023-04-06 13:12:58','student_check'),(41,'10.1.1.3','amssplus','2023-04-06 13:13:41','student_check'),(42,'10.1.1.3','amssplus','2023-06-15 10:20:13','student_check'),(43,'10.1.1.3','amssplus','2023-06-15 10:56:47','student'),(44,'10.1.1.3','amssplus','2023-06-16 15:16:50','student'),(45,'10.1.1.3','amssplus','2023-07-04 11:26:06','student'),(46,'127.0.0.1','amssplus','2023-07-09 13:16:53','student_check'),(47,'127.0.0.1','amssplus','2023-07-09 13:18:56','student_check'),(48,'127.0.0.1','amssplus','2023-07-09 13:19:44','student_check'),(49,'127.0.0.1','amssplus','2023-07-09 13:20:11','student_check'),(50,'127.0.0.1','amssplus','2023-07-09 13:20:43','student_check'),(51,'127.0.0.1','amssplus','2023-07-09 13:21:37','student_check'),(52,'127.0.0.1','amssplus','2023-07-09 13:21:42','student_check'),(53,'127.0.0.1','amssplus','2023-07-09 13:27:56','student_check'),(54,'127.0.0.1','amssplus','2023-07-09 13:29:11','student_check'),(55,'127.0.0.1','amssplus','2023-07-09 13:31:12','student_check'),(56,'127.0.0.1','amssplus','2023-07-09 13:36:10','student_check'),(57,'127.0.0.1','amssplus','2023-07-09 13:37:15','student_check'),(58,'127.0.0.1','amssplus','2023-07-09 13:37:37','student_check'),(59,'127.0.0.1','amssplus','2023-07-09 13:39:09','student_check'),(60,'127.0.0.1','amssplus','2023-07-09 13:41:16','student_check'),(61,'127.0.0.1','amssplus','2023-07-09 13:42:38','student_check'),(62,'127.0.0.1','amssplus','2023-07-09 13:43:36','student_check'),(63,'127.0.0.1','amssplus','2023-07-09 13:47:31','student_check'),(64,'127.0.0.1','amssplus','2023-07-09 13:59:28','student_check'),(65,'127.0.0.1','amssplus','2023-07-09 14:08:12','student_check'),(66,'127.0.0.1','amssplus','2023-07-09 14:17:23','student_check'),(67,'127.0.0.1','amssplus','2023-07-11 07:57:49','student_check'),(68,'127.0.0.1','amssplus','2023-07-11 07:59:58','student_check'),(69,'127.0.0.1','amssplus','2023-07-11 08:12:59','student_check'),(70,'127.0.0.1','amssplus','2023-07-11 08:13:50','student_check'),(71,'127.0.0.1','amssplus','2023-07-11 08:14:41','student_check'),(72,'127.0.0.1','amssplus','2023-07-26 11:51:15','student_check'),(73,'127.0.0.1','amssplus','2023-07-26 13:31:26','student_check'),(74,'127.0.0.1','amssplus','2023-07-26 13:58:22','student_check'),(75,'127.0.0.1','amssplus','2023-07-26 14:00:08','student_check'),(76,'127.0.0.1','amssplus','2023-07-26 14:01:43','student_check'),(77,'127.0.0.1','amssplus','2023-07-26 14:52:24','student_check'),(78,'127.0.0.1','amssplus','2023-07-26 14:58:01','student_check'),(79,'127.0.0.1','amssplus','2023-07-26 15:02:41','student_check'),(80,'127.0.0.1','amssplus','2023-07-26 15:08:42','student_check'),(81,'127.0.0.1','amssplus','2023-07-26 15:10:36','student_check'),(82,'127.0.0.1','amssplus','2023-07-26 15:11:36','student_check'),(83,'127.0.0.1','amssplus','2023-07-26 15:18:12','student_check'),(84,'127.0.0.1','amssplus','2023-07-26 15:21:59','student_check'),(85,'127.0.0.1','amssplus','2023-07-26 15:26:59','student_check'),(86,'127.0.0.1','amssplus','2023-07-26 15:30:38','student_check'),(87,'127.0.0.1','amssplus','2023-07-26 15:31:46','student_check'),(88,'127.0.0.1','amssplus','2023-07-26 15:32:42','student_check'),(89,'127.0.0.1','amssplus','2023-07-26 15:45:20','student_check'),(90,'127.0.0.1','amssplus','2023-07-26 15:48:34','student_check'),(91,'127.0.0.1','amssplus','2023-07-26 15:50:31','student_check'),(92,'127.0.0.1','amssplus','2023-07-26 15:52:18','student_check'),(93,'127.0.0.1','amssplus','2023-07-26 15:56:50','student_check'),(94,'127.0.0.1','amssplus','2023-07-26 17:13:28','student_check'),(95,'127.0.0.1','amssplus','2023-07-26 17:19:17','student_check'),(96,'127.0.0.1','amssplus','2023-07-26 17:26:09','student_check'),(97,'127.0.0.1','amssplus','2023-07-26 17:27:45','student_check'),(98,'127.0.0.1','amssplus','2023-07-26 17:41:47','student_check'),(99,'10.1.1.3','amssplus','2023-08-24 09:05:22','student_check'),(100,'10.1.1.3','amssplus','2023-08-31 09:02:40','student_check'),(101,'10.1.1.3','amssplus','2023-08-31 09:03:18','student_check'),(102,'10.1.1.3','amssplus','2023-08-31 09:03:38','student_check'),(103,'10.1.1.3','amssplus','2023-09-15 20:09:17','student'),(104,'10.1.1.3','amssplus','2023-09-19 13:41:20','student'),(105,'127.0.0.1','amssplus','2023-10-03 13:00:37','student_check'),(106,'127.0.0.1','amssplus','2023-10-08 09:16:55','student_check'),(107,'','amssplus','2023-10-25 14:28:38','student_check'),(108,'','amssplus','2023-10-25 14:28:46','student_check'),(109,'','amssplus','2023-10-25 14:28:48','student_check'),(110,'10.255.199.107','amssplus','2023-11-29 08:55:47','student_check'),(111,'10.255.199.107','amssplus','2023-12-15 12:15:49','student_check'),(112,'10.255.199.107','amssplus','2024-01-25 03:50:21','student_check'),(113,'10.255.199.107','amssplus','2024-04-02 10:32:00','student_check'),(114,'10.255.199.107','amssplus','2024-04-02 10:32:00','student_check'),(115,'10.255.199.107','amssplus','2024-04-02 10:32:00','student_check'),(116,'10.255.199.107','amssplus','2024-06-10 11:58:51','student'),(117,'10.255.199.107','amssplus','2024-06-10 12:32:34','student'),(118,'10.255.199.107','amssplus','2024-06-14 10:46:02','student'),(119,'10.255.199.107','amssplus','2024-06-14 10:52:04','student'),(120,'10.255.199.107','amssplus','2024-06-17 04:37:31','person'),(121,'10.255.199.107','amssplus','2024-06-17 04:39:47','person'),(122,'10.255.199.107','amssplus','2024-06-20 04:51:34','student_check'),(123,'10.255.199.107','amssplus','2025-03-11 07:57:41','student_check'),(124,'10.255.199.107','amssplus','2025-03-11 07:58:04','student_check'),(125,'10.255.199.107','amssplus','2025-03-28 01:48:37','student_check'),(126,'10.255.199.107','amssplus','2025-05-29 08:10:42','person'),(127,'10.255.199.107','amssplus','2025-05-29 08:11:30','person'),(128,'10.255.199.107','amssplus','2025-06-08 04:35:51','student'),(129,'10.255.199.107','amssplus','2025-07-30 08:33:26','student_check'),(130,'10.255.199.107','amssplus','2025-08-01 22:22:45','student_check'),(131,'10.255.199.107','amssplus','2025-08-01 22:22:49','student_check'),(132,'10.255.199.107','amssplus','2025-08-14 04:22:05','person'),(133,'10.255.199.107','amssplus','2025-08-14 04:23:15','person'),(134,'10.255.199.107','amssplus','2025-08-25 03:03:49','student'),(135,'10.255.199.107','amssplus','2025-08-29 02:40:16','student_check'),(136,'10.255.199.107','amssplus','2025-09-13 05:43:36','student_check'),(137,'10.255.199.107','amssplus','2025-09-13 05:54:44','student_check');

--
-- Table structure for table `system_export_permission`
--

CREATE TABLE `system_export_permission` (
  `id` int(11) NOT NULL AUTO_INCREMENT,
  `requester` varchar(50) NOT NULL,
  `data_name` varchar(50) NOT NULL,
  `status` tinyint(4) NOT NULL DEFAULT 0,
  PRIMARY KEY (`id`)
) ENGINE=MyISAM AUTO_INCREMENT=7 DEFAULT CHARSET=utf8 COLLATE=utf8_general_ci;

--
-- Dumping data for table `system_export_permission`
--

INSERT INTO `system_export_permission` VALUES (1,'amssplus','plan',1),(2,'amssplus','onet',1),(3,'amssplus','student',1),(4,'amssplus','person',1),(5,'amssplus','student_check',1),(6,'amssplus','health',1);

--
-- Table structure for table `system_module`
--

CREATE TABLE `system_module` (
  `id` int(11) NOT NULL AUTO_INCREMENT,
  `module` varchar(50) NOT NULL,
  `module_desc` varchar(100) NOT NULL,
  `workgroup` tinyint(4) DEFAULT NULL,
  `module_active` tinyint(4) DEFAULT NULL,
  `module_order` int(11) NOT NULL,
  `web_link` tinyint(4) DEFAULT NULL,
  `url` varchar(150) DEFAULT NULL,
  `where_work` tinyint(4) NOT NULL DEFAULT 0,
  `menu_pic` varchar(25) NOT NULL,
  PRIMARY KEY (`id`)
) ENGINE=MyISAM AUTO_INCREMENT=118 DEFAULT CHARSET=utf8 COLLATE=utf8_general_ci;

--
-- Dumping data for table `system_module`
--

INSERT INTO `system_module` VALUES (1,'budget','การเงินและบัญชี',2,1,27,NULL,NULL,0,'fab fa-btc'),(32,'person','ข้อมูลพื้นฐานครูและบุคลากร',3,1,31,0,'',0,'fa fa-user-circle'),(36,'standard','มาตรฐานการศึกษา',1,1,23,NULL,NULL,0,''),(49,'health','ตรวจสุขภาพนักเรียน',1,1,5,NULL,NULL,1,''),(50,'student_check','การมาเรียน',1,1,1,NULL,NULL,0,'fa fa-child'),(70,'work','﻿การปฏิบัติราชการ',4,1,49,NULL,NULL,0,''),(48,'savings','ออมทรัพย์นักเรียน',1,1,3,NULL,NULL,1,'fab fa-btc'),(45,'student_main','ข้อมูลพื้นฐานนักเรียน',1,1,7,NULL,NULL,0,'fa fa-child'),(47,'plan','การวางแผน',2,1,25,NULL,NULL,0,''),(73,'la','﻿การลา',4,1,47,NULL,NULL,0,''),(80,'mail','ไปรษณีย์_โรงเรียน',4,1,38,0,'',0,'fa fa-envelope'),(75,'meeting','﻿จองห้องประชุม',4,1,51,NULL,NULL,0,''),(76,'permission','﻿ขออนุญาตไปราชการ',4,1,45,NULL,NULL,0,''),(81,'achievement','﻿ผลสัมฤทธิ์ทางการเรียน',1,1,21,NULL,NULL,0,'fa fa-graduation-cap'),(83,'cabinet','﻿ตู้เอกสาร',4,1,53,NULL,NULL,0,''),(99,'bookregister','﻿ทะเบียนหนังสือราชการ',4,1,35,0,'',0,'fa fa-book'),(104,'bets','ทดสอบการศึกษา_โรงเรียน',1,1,9,0,'',1,'fa fa-graduation-cap'),(103,'student_inclass','﻿การเข้าชั้นเรียน',1,1,19,0,'',0,'fa fa-child'),(105,'delegate','﻿การรักษาราชการแทน',3,1,33,0,'',0,''),(106,'affair','﻿ภารกิจผู้อำนวยการ',4,1,43,0,'',0,''),(107,'amss_bets','﻿ทดสอบการศึกษา_สพท.',1,1,11,0,'',1,'fa fa-graduation-cap'),(108,'amss_budget','﻿การบริหารงบประมาณ_สพท.',2,1,29,0,'',0,'fab fa-btc'),(109,'amss_mail','﻿ไปรษณีย์_สพท.',4,1,39,0,'',0,'fa fa-envelope'),(110,'amss_opportunity','﻿สิทธิและโอกาสทางการศึกษา',1,1,15,0,'',0,'fa fa-child'),(111,'amss_spacial_student','﻿นักเรียนพิเศษ',1,1,17,0,'',0,'fa fa-child'),(112,'amss_supervision','﻿นิเทศ ติดตาม ประเมินผล',1,1,13,0,'',0,'fa fa-graduation-cap'),(113,'book','﻿รับส่งหนังสือราชการ',4,1,37,0,'',0,'fa fa-book'),(114,'warroom','﻿วิเคราะห์สภาพการณ์',1,1,0,0,'',0,'fa fa-filter'),(115,'questionnaire','﻿แบบสอบถาม',4,1,0,0,'',0,''),(116,'idplan','﻿ข้อมูลครูและบุคลากร(ส่วนเพิ่ม)',3,1,0,0,'',0,''),(117,'amss_safety','สถานศึกษาปลอดภัย',1,1,0,0,'',0,'');

--
-- Table structure for table `system_module_admin`
--

CREATE TABLE `system_module_admin` (
  `id` int(11) NOT NULL AUTO_INCREMENT,
  `person_id` varchar(13) NOT NULL,
  `module` varchar(30) NOT NULL,
  `officer` varchar(13) NOT NULL,
  `rec_date` date NOT NULL,
  PRIMARY KEY (`id`)
) ENGINE=MyISAM AUTO_INCREMENT=76 DEFAULT CHARSET=utf8 COLLATE=utf8_general_ci;

--
-- Dumping data for table `system_module_admin`
--

INSERT INTO `system_module_admin` VALUES (1,'5341590032525','student_main','7777','2016-06-17'),(2,'3349900319682','achievement','3349900319682','2016-06-25'),(3,'3349900319682','bets','3349900319682','2016-06-25'),(74,'1341500220154','affair','1341500220154','2018-11-14'),(5,'3349900319682','budget','3349900319682','2016-06-25'),(6,'3349900319682','cabinet','3349900319682','2016-06-25'),(7,'3349900319682','delegate','3349900319682','2016-06-25'),(8,'3349900319682','health','3349900319682','2016-06-25'),(9,'3349900319682','la','3349900319682','2016-06-25'),(10,'3349900319682','mail','3349900319682','2016-06-25'),(11,'3349900319682','meeting','3349900319682','2016-06-25'),(12,'3349900319682','permission','3349900319682','2016-06-25'),(13,'3349900319682','person','3349900319682','2016-06-25'),(14,'1330400499831','plan','1341500220154','2020-11-14'),(15,'3349900319682','savings','3349900319682','2016-06-25'),(16,'3349900319682','standard','3349900319682','2016-06-25'),(17,'3349900319682','student_check','3349900319682','2016-06-25'),(18,'3349900319682','student_inclass','3349900319682','2016-06-25'),(19,'3349900319682','student_main','3349900319682','2016-06-25'),(20,'3349900319682','work','3349900319682','2016-06-25'),(21,'1330400499831','achievement','1341500220154','2020-11-14'),(22,'1330400499831','bets','1341500220154','2020-11-14'),(23,'1330400499831','bookregister','1341500220154','2020-11-14'),(24,'1330400499831','budget','1341500220154','2020-11-14'),(25,'1330400499831','cabinet','1341500220154','2020-11-14'),(26,'1330400499831','delegate','1341500220154','2020-11-14'),(27,'1330400499831','health','1341500220154','2020-11-14'),(28,'1330400499831','la','1341500220154','2020-11-14'),(29,'1330400499831','mail','1341500220154','2020-11-14'),(30,'1330400499831','meeting','1341500220154','2020-11-14'),(31,'1330400499831','permission','1341500220154','2020-11-14'),(32,'1330400499831','person','1341500220154','2020-11-14'),(33,'1330400499831','savings','1341500220154','2020-11-14'),(34,'1330400499831','standard','1341500220154','2020-11-14'),(35,'1330400499831','student_check','1341500220154','2020-11-14'),(36,'1330400499831','student_inclass','1341500220154','2020-11-14'),(37,'1330400499831','student_main','1341500220154','2020-11-14'),(38,'1330400499831','work','1341500220154','2020-11-14'),(55,'1341500220154','amss_supervision','7777','2018-11-11'),(54,'1341500220154','amss_spacial_student','7777','2018-11-11'),(53,'1341500220154','amss_opportunity','7777','2018-11-11'),(45,'3349800126769','plan','3349900319682','2016-07-23'),(56,'1341500220154','bets','7777','2018-11-11'),(57,'1341500220154','book','7777','2018-11-11'),(58,'1341500220154','bookregister','7777','2018-11-11'),(51,'1341500220154','achievement','7777','2018-11-11'),(52,'1341500220154','amss_bets','7777','2018-11-11'),(59,'1341500220154','budget','7777','2018-11-11'),(60,'1341500220154','health','7777','2018-11-11'),(61,'1341500220154','la','7777','2018-11-11'),(62,'1341500220154','mail','7777','2018-11-11'),(63,'1341500220154','person','7777','2018-11-11'),(64,'1341500220154','plan','7777','2018-11-11'),(65,'1341500220154','savings','7777','2018-11-11'),(66,'1341500220154','standard','7777','2018-11-11'),(67,'1341500220154','student_check','7777','2018-11-11'),(68,'1341500220154','student_inclass','7777','2018-11-11'),(69,'1341500220154','student_main','7777','2018-11-11'),(70,'1341500220154','work','7777','2018-11-11'),(71,'1341500220154','amss_mail','1341500220154','2018-11-14'),(72,'1341500220154','permission','1341500220154','2018-11-14'),(73,'','','1341500220154','2018-11-14'),(75,'1341500220154','cabinet','1341500220154','2018-11-14');

--
-- Table structure for table `system_school_name`
--

CREATE TABLE `system_school_name` (
  `id` tinyint(4) NOT NULL,
  `school_name` varchar(200) NOT NULL,
  `school_type` tinyint(4) NOT NULL DEFAULT 0
) ENGINE=MyISAM DEFAULT CHARSET=utf8 COLLATE=utf8_general_ci;

--
-- Dumping data for table `system_school_name`
--

INSERT INTO `system_school_name` VALUES (1,'โรงเรียนบ้านนาสะแบง',0);

--
-- Table structure for table `system_sync_code`
--

CREATE TABLE `system_sync_code` (
  `id` tinyint(4) NOT NULL AUTO_INCREMENT,
  `office_code` varchar(10) NOT NULL,
  `system_name` varchar(50) NOT NULL,
  `sync_code` varchar(50) NOT NULL,
  `amssplus_url` varchar(100) NOT NULL,
  PRIMARY KEY (`id`),
  UNIQUE KEY `system_name` (`system_name`)
) ENGINE=MyISAM AUTO_INCREMENT=4 DEFAULT CHARSET=utf8 COLLATE=utf8_general_ci;

--
-- Dumping data for table `system_sync_code`
--

INSERT INTO `system_sync_code` VALUES (3,'34040058','amssplus','34040058','http://10.255.199.107/amssplus');

--
-- Table structure for table `system_version`
--

CREATE TABLE `system_version` (
  `id` int(11) NOT NULL AUTO_INCREMENT,
  `smss_version` varchar(100) NOT NULL,
  `status1` int(11) DEFAULT NULL,
  `status2` int(11) DEFAULT NULL,
  `status3` int(11) DEFAULT NULL,
  `status4` int(11) DEFAULT NULL,
  `status5` int(11) DEFAULT NULL,
  PRIMARY KEY (`id`)
) ENGINE=MyISAM AUTO_INCREMENT=2 DEFAULT CHARSET=utf8 COLLATE=utf8_general_ci;

--
-- Dumping data for table `system_version`
--

INSERT INTO `system_version` VALUES (1,'6.4',1,0,0,0,0);

--
-- Table structure for table `system_workgroup`
--

CREATE TABLE `system_workgroup` (
  `id` tinyint(4) NOT NULL AUTO_INCREMENT,
  `workgroup` tinyint(4) NOT NULL,
  `workgroup_desc` varchar(50) NOT NULL,
  `workgroup_order` int(11) NOT NULL,
  PRIMARY KEY (`id`),
  UNIQUE KEY `workgroup` (`workgroup`)
) ENGINE=MyISAM AUTO_INCREMENT=5 DEFAULT CHARSET=utf8 COLLATE=utf8_general_ci;

--
-- Dumping data for table `system_workgroup`
--

INSERT INTO `system_workgroup` VALUES (1,1,'บริหารวิชาการ',4),(2,2,'บริหารงบประมาณ',6),(3,3,'บริหารงานบุคคล',8),(4,4,'บริหารทั่วไป',10);

--
-- Table structure for table `work_main`
--

CREATE TABLE `work_main` (
  `id` int(11) NOT NULL AUTO_INCREMENT,
  `work_date` date NOT NULL,
  `person_id` varchar(13) NOT NULL,
  `work` tinyint(4) NOT NULL DEFAULT 0,
  `comment` varchar(150) DEFAULT NULL,
  `rec_date` datetime NOT NULL,
  `officer` varchar(13) NOT NULL,
  PRIMARY KEY (`id`),
  KEY `work_date` (`work_date`),
  KEY `person_id` (`person_id`)
) ENGINE=MyISAM AUTO_INCREMENT=7 DEFAULT CHARSET=utf8 COLLATE=utf8_general_ci;

--
-- Dumping data for table `work_main`
--

INSERT INTO `work_main` VALUES (1,'2018-11-14','5341590032525',1,NULL,'2018-11-14 11:31:11','1341500220154'),(2,'2018-11-14','3349800126769',1,NULL,'2018-11-14 11:31:11','1341500220154'),(3,'2018-11-14','1341500220154',1,NULL,'2018-11-14 11:31:11','1341500220154'),(4,'2018-11-13','5341590032525',1,NULL,'2018-11-14 11:32:02','1341500220154'),(5,'2018-11-13','3349800126769',1,NULL,'2018-11-14 11:32:02','1341500220154'),(6,'2018-11-13','1341500220154',2,NULL,'2018-11-14 11:32:02','1341500220154');

--
-- Table structure for table `work_permission`
--

CREATE TABLE `work_permission` (
  `id` int(11) NOT NULL AUTO_INCREMENT,
  `person_id` varchar(13) NOT NULL,
  `p1` tinyint(4) NOT NULL,
  `officer` varchar(13) NOT NULL,
  `rec_date` date NOT NULL,
  PRIMARY KEY (`id`)
) ENGINE=MyISAM AUTO_INCREMENT=6 DEFAULT CHARSET=utf8 COLLATE=utf8_general_ci;

--
-- Dumping data for table `work_permission`
--

INSERT INTO `work_permission` VALUES (2,'5341590032525',1,'3349900319682','2016-06-25'),(3,'3349900319682',1,'3349900319682','2016-06-25'),(4,'3349800126769',1,'3349900319682','2016-06-25'),(5,'1341500220154',1,'1341500220154','2018-11-14');


