('2025-09-03',1043,2,1,2568,'C','1341500165811','2025-09-03 07:09:12'),('2025-09-03',1038,3,1,2568,'C','1341500165811','2025-09-03 07:09:26'),('2025-09-03',1039,3,1,2568,'C','1341500165811','2025-09-03 07:09:26'),('2025-09-03',1040,3,1,2568,'C','1341500165811','2025-09-03 07:09:26'),('2025-09-03',1041,3,1,2568,'C','1341500165811','2025-09-03 07:09:26'),('2025-09-03',1037,3,1,2568,'C','1341500165811','2025-09-03 07:09:26'),('2025-09-03',1026,4,1,2568,'C','1341500165811','2025-09-03 07:09:33'),('2025-09-03',1032,4,1,2568,'C','1341500165811','2025-09-03 07:09:33'),('2025-09-03',1044,4,1,2568,'C','1341500165811','2025-09-03 07:09:33'),('2025-09-03',1024,4,1,2568,'C','1341500165811','2025-09-03 07:09:33'),('2025-09-03',1027,4,1,2568,'C','1341500165811','2025-09-03 07:09:33'),('2025-09-03',1031,4,1,2568,'C','1341500165811','2025-09-03 07:09:33'),('2025-09-03',1034,4,1,2568,'C','1341500165811','2025-09-03 07:09:33'),('2025-09-03',1014,5,1,2568,'C','1341500165811','2025-09-03 07:09:38'),('2025-09-03',1015,5,1,2568,'C','1341500165811','2025-09-03 07:09:38'),('2025-09-03',1033,5,1,2568,'C','1341500165811','2025-09-03 07:09:38'),('2025-09-03',1045,5,1,2568,'C','1341500165811','2025-09-03 07:09:38'),('2025-09-03',1013,5,1,2568,'C','1341500165811','2025-09-03 07:09:38'),('2025-09-03',1004,6,1,2568,'C','1341500165811','2025-09-03 07:09:43'),('2025-09-03',1006,6,1,2568,'C','1341500165811','2025-09-03 07:09:43'),('2025-09-03',1007,6,1,2568,'C','1341500165811','2025-09-03 07:09:43'),('2025-09-03',1028,6,1,2568,'C','1341500165811','2025-09-03 07:09:43'),('2025-09-03',1046,6,1,2568,'C','1341500165811','2025-09-03 07:09:43'),('2025-09-03',1005,6,1,2568,'C','1341500165811','2025-09-03 07:09:43'),('2025-09-03',1029,6,1,2568,'C','1341500165811','2025-09-03 07:09:43'),('2025-09-03',969,7,1,2568,'C','1341500165811','2025-09-03 07:09:53'),('2025-09-03',984,7,1,2568,'C','1341500165811','2025-09-03 07:09:53'),('2025-09-03',1017,7,1,2568,'C','1341500165811','2025-09-03 07:09:53'),('2025-09-03',1030,7,1,2568,'C','1341500165811','2025-09-03 07:09:53'),('2025-09-03',985,7,1,2568,'C','1341500165811','2025-09-03 07:09:53'),('2025-09-03',1002,8,1,2568,'C','1341500165811','2025-09-03 07:09:00'),('2025-09-03',1008,8,1,2568,'C','1341500165811','2025-09-03 07:09:00'),('2025-09-03',1019,8,1,2568,'C','1341500165811','2025-09-03 07:09:00'),('2025-09-03',1020,8,1,2568,'C','1341500165811','2025-09-03 07:09:00'),('2025-09-03',975,8,1,2568,'C','1341500165811','2025-09-03 07:09:00'),('2025-09-03',987,8,1,2568,'C','1341500165811','2025-09-03 07:09:00'),('2025-09-03',1009,8,1,2568,'C','1341500165811','2025-09-03 07:09:00'),('2025-09-03',978,8,1,2568,'C','1341500165811','2025-09-03 07:09:00'),('2025-09-03',1010,9,1,2568,'C','1341500165811','2025-09-03 07:09:07'),('2025-09-03',1023,9,1,2568,'C','1341500165811','2025-09-03 07:09:07'),('2025-09-03',973,9,1,2568,'C','1341500165811','2025-09-03 07:09:07'),('2025-09-03',979,9,1,2568,'C','1341500165811','2025-09-03 07:09:07'),('2025-09-03',982,9,1,2568,'C','1341500165811','2025-09-03 07:09:07'),('2025-09-03',988,9,1,2568,'C','1341500165811','2025-09-03 07:09:07'),('2025-09-03',990,9,1,2568,'C','1341500165811','2025-09-03 07:09:07'),('2025-09-03',1003,9,1,2568,'C','1341500165811','2025-09-03 07:09:07'),('2025-09-03',1022,9,1,2568,'C','1341500165811','2025-09-03 07:09:07'),('2025-09-03',989,9,1,2568,'C','1341500165811','2025-09-03 07:09:07'),('2025-09-03',992,9,1,2568,'C','1341500165811','2025-09-03 07:09:07'),('2025-09-03',999,9,1,2568,'C','1341500165811','2025-09-03 07:09:07'),('2025-09-04',1042,2,1,2568,'C','1341500165811','2025-09-04 08:09:06'),('2025-09-04',1043,2,1,2568,'C','1341500165811','2025-09-04 08:09:06'),('2025-09-04',1038,3,1,2568,'C','1341500165811','2025-09-04 08:09:12'),('2025-09-04',1039,3,1,2568,'C','1341500165811','2025-09-04 08:09:12'),('2025-09-04',1040,3,1,2568,'C','1341500165811','2025-09-04 08:09:12'),('2025-09-04',1041,3,1,2568,'C','1341500165811','2025-09-04 08:09:12'),('2025-09-04',1037,3,1,2568,'C','1341500165811','2025-09-04 08:09:12'),('2025-09-04',1026,4,1,2568,'C','1341500165811','2025-09-04 08:09:17'),('2025-09-04',1032,4,1,2568,'C','1341500165811','2025-09-04 08:09:17'),('2025-09-04',1044,4,1,2568,'C','1341500165811','2025-09-04 08:09:17'),('2025-09-04',1024,4,1,2568,'C','1341500165811','2025-09-04 08:09:17'),('2025-09-04',1027,4,1,2568,'C','1341500165811','2025-09-04 08:09:17'),('2025-09-04',1031,4,1,2568,'C','1341500165811','2025-09-04 08:09:17'),('2025-09-04',1034,4,1,2568,'C','1341500165811','2025-09-04 08:09:17'),('2025-09-04',1014,5,1,2568,'C','1341500165811','2025-09-04 08:09:21'),('2025-09-04',1015,5,1,2568,'C','1341500165811','2025-09-04 08:09:21'),('2025-09-04',1033,5,1,2568,'C','1341500165811','2025-09-04 08:09:21'),('2025-09-04',1045,5,1,2568,'C','1341500165811','2025-09-04 08:09:21'),('2025-09-04',1013,5,1,2568,'C','1341500165811','2025-09-04 08:09:21'),('2025-09-04',1004,6,1,2568,'C','1341500165811','2025-09-04 08:09:26'),('2025-09-04',1006,6,1,2568,'C','1341500165811','2025-09-04 08:09:26'),('2025-09-04',1007,6,1,2568,'C','1341500165811','2025-09-04 08:09:26'),('2025-09-04',1028,6,1,2568,'C','1341500165811','2025-09-04 08:09:26'),('2025-09-04',1046,6,1,2568,'C','1341500165811','2025-09-04 08:09:26'),('2025-09-04',1005,6,1,2568,'C','1341500165811','2025-09-04 08:09:26'),('2025-09-04',1029,6,1,2568,'C','1341500165811','2025-09-04 08:09:26'),('2025-09-04',969,7,1,2568,'C','1341500165811','2025-09-04 08:09:31'),('2025-09-04',984,7,1,2568,'C','1341500165811','2025-09-04 08:09:31'),('2025-09-04',1017,7,1,2568,'C','1341500165811','2025-09-04 08:09:31'),('2025-09-04',1030,7,1,2568,'C','1341500165811','2025-09-04 08:09:31'),('2025-09-04',985,7,1,2568,'C','1341500165811','2025-09-04 08:09:31'),('2025-09-04',1002,8,1,2568,'C','1341500165811','2025-09-04 08:09:36'),('2025-09-04',1008,8,1,2568,'C','1341500165811','2025-09-04 08:09:36'),('2025-09-04',1019,8,1,2568,'C','1341500165811','2025-09-04 08:09:36'),('2025-09-04',1020,8,1,2568,'C','1341500165811','2025-09-04 08:09:36'),('2025-09-04',975,8,1,2568,'C','1341500165811','2025-09-04 08:09:36'),('2025-09-04',987,8,1,2568,'C','1341500165811','2025-09-04 08:09:36'),('2025-09-04',1009,8,1,2568,'C','1341500165811','2025-09-04 08:09:36'),('2025-09-04',978,8,1,2568,'C','1341500165811','2025-09-04 08:09:36'),('2025-09-04',1010,9,1,2568,'C','1341500165811','2025-09-04 08:09:40'),('2025-09-04',1023,9,1,2568,'C','1341500165811','2025-09-04 08:09:40'),('2025-09-04',973,9,1,2568,'C','1341500165811','2025-09-04 08:09:40'),('2025-09-04',979,9,1,2568,'C','1341500165811','2025-09-04 08:09:40'),('2025-09-04',982,9,1,2568,'C','1341500165811','2025-09-04 08:09:40'),('2025-09-04',988,9,1,2568,'C','1341500165811','2025-09-04 08:09:40'),('2025-09-04',990,9,1,2568,'C','1341500165811','2025-09-04 08:09:40'),('2025-09-04',1003,9,1,2568,'C','1341500165811','2025-09-04 08:09:40'),('2025-09-04',1022,9,1,2568,'C','1341500165811','2025-09-04 08:09:40'),('2025-09-04',989,9,1,2568,'C','1341500165811','2025-09-04 08:09:40'),('2025-09-04',992,9,1,2568,'C','1341500165811','2025-09-04 08:09:40'),('2025-09-04',999,9,1,2568,'C','1341500165811','2025-09-04 08:09:40'),('2025-09-05',1042,2,1,2568,'C','1341500165811','2025-09-05 08:09:22'),('2025-09-05',1043,2,1,2568,'C','1341500165811','2025-09-05 08:09:22'),('2025-09-05',1038,3,1,2568,'C','1341500165811','2025-09-05 08:09:27'),('2025-09-05',1039,3,1,2568,'C','1341500165811','2025-09-05 08:09:27'),('2025-09-05',1040,3,1,2568,'C','1341500165811','2025-09-05 08:09:27'),('2025-09-05',1041,3,1,2568,'C','1341500165811','2025-09-05 08:09:27'),('2025-09-05',1037,3,1,2568,'C','1341500165811','2025-09-05 08:09:27'),('2025-09-05',1026,4,1,2568,'C','1341500165811','2025-09-05 08:09:31'),('2025-09-05',1032,4,1,2568,'C','1341500165811','2025-09-05 08:09:31'),('2025-09-05',1044,4,1,2568,'C','1341500165811','2025-09-05 08:09:31'),('2025-09-05',1024,4,1,2568,'C','1341500165811','2025-09-05 08:09:31'),('2025-09-05',1027,4,1,2568,'C','1341500165811','2025-09-05 08:09:31'),('2025-09-05',1031,4,1,2568,'C','1341500165811','2025-09-05 08:09:31'),('2025-09-05',1034,4,1,2568,'C','1341500165811','2025-09-05 08:09:31'),('2025-09-05',1014,5,1,2568,'C','1341500165811','2025-09-05 08:09:36'),('2025-09-05',1015,5,1,2568,'C','1341500165811','2025-09-05 08:09:36'),('2025-09-05',1033,5,1,2568,'C','1341500165811','2025-09-05 08:09:36'),('2025-09-05',1045,5,1,2568,'C','1341500165811','2025-09-05 08:09:36'),('2025-09-05',1013,5,1,2568,'C','1341500165811','2025-09-05 08:09:36'),('2025-09-05',1004,6,1,2568,'C','1341500165811','2025-09-05 08:09:42'),('2025-09-05',1006,6,1,2568,'C','1341500165811','2025-09-05 08:09:42'),('2025-09-05',1007,6,1,2568,'C','1341500165811','2025-09-05 08:09:42'),('2025-09-05',1028,6,1,2568,'C','1341500165811','2025-09-05 08:09:42'),('2025-09-05',1046,6,1,2568,'C','1341500165811','2025-09-05 08:09:42'),('2025-09-05',1005,6,1,2568,'C','1341500165811','2025-09-05 08:09:42'),('2025-09-05',1029,6,1,2568,'C','1341500165811','2025-09-05 08:09:42'),('2025-09-05',969,7,1,2568,'C','1341500165811','2025-09-05 08:09:47'),('2025-09-05',984,7,1,2568,'C','1341500165811','2025-09-05 08:09:47'),('2025-09-05',1017,7,1,2568,'C','1341500165811','2025-09-05 08:09:47'),('2025-09-05',1030,7,1,2568,'C','1341500165811','2025-09-05 08:09:47'),('2025-09-05',985,7,1,2568,'C','1341500165811','2025-09-05 08:09:47'),('2025-09-05',1002,8,1,2568,'C','1341500165811','2025-09-05 08:09:52'),('2025-09-05',1008,8,1,2568,'C','1341500165811','2025-09-05 08:09:52'),('2025-09-05',1019,8,1,2568,'C','1341500165811','2025-09-05 08:09:52'),('2025-09-05',1020,8,1,2568,'C','1341500165811','2025-09-05 08:09:52'),('2025-09-05',975,8,1,2568,'C','1341500165811','2025-09-05 08:09:52'),('2025-09-05',987,8,1,2568,'C','1341500165811','2025-09-05 08:09:52'),('2025-09-05',1009,8,1,2568,'C','1341500165811','2025-09-05 08:09:52'),('2025-09-05',978,8,1,2568,'C','1341500165811','2025-09-05 08:09:52'),('2025-09-05',1010,9,1,2568,'C','1341500165811','2025-09-05 08:09:55'),('2025-09-05',1023,9,1,2568,'C','1341500165811','2025-09-05 08:09:55'),('2025-09-05',973,9,1,2568,'C','1341500165811','2025-09-05 08:09:55'),('2025-09-05',979,9,1,2568,'C','1341500165811','2025-09-05 08:09:55'),('2025-09-05',982,9,1,2568,'C','1341500165811','2025-09-05 08:09:55'),('2025-09-05',988,9,1,2568,'C','1341500165811','2025-09-05 08:09:55'),('2025-09-05',990,9,1,2568,'C','1341500165811','2025-09-05 08:09:55'),('2025-09-05',1003,9,1,2568,'C','1341500165811','2025-09-05 08:09:55'),('2025-09-05',1022,9,1,2568,'C','1341500165811','2025-09-05 08:09:55'),('2025-09-05',989,9,1,2568,'C','1341500165811','2025-09-05 08:09:55'),('2025-09-05',992,9,1,2568,'C','1341500165811','2025-09-05 08:09:55'),('2025-09-05',999,9,1,2568,'C','1341500165811','2025-09-05 08:09:55'),('2025-09-08',1042,2,1,2568,'C','1341500165811','2025-09-08 07:09:53'),('2025-09-08',1043,2,1,2568,'C','1341500165811','2025-09-08 07:09:53'),('2025-09-08',1038,3,1,2568,'C','1341500165811','2025-09-08 07:09:58'),('2025-09-08',1039,3,1,2568,'C','1341500165811','2025-09-08 07:09:58'),('2025-09-08',1040,3,1,2568,'C','1341500165811','2025-09-08 07:09:58'),('2025-09-08',1041,3,1,2568,'C','1341500165811','2025-09-08 07:09:58'),('2025-09-08',1037,3,1,2568,'C','1341500165811','2025-09-08 07:09:58'),('2025-09-08',1026,4,1,2568,'C','1341500165811','2025-09-08 07:09:03'),('2025-09-08',1032,4,1,2568,'C','1341500165811','2025-09-08 07:09:03'),('2025-09-08',1044,4,1,2568,'C','1341500165811','2025-09-08 07:09:03'),('2025-09-08',1024,4,1,2568,'C','1341500165811','2025-09-08 07:09:03'),('2025-09-08',1027,4,1,2568,'C','1341500165811','2025-09-08 07:09:03'),('2025-09-08',1031,4,1,2568,'C','1341500165811','2025-09-08 07:09:03'),('2025-09-08',1034,4,1,2568,'C','1341500165811','2025-09-08 07:09:03'),('2025-09-08',1014,5,1,2568,'C','1341500165811','2025-09-08 07:09:08'),('2025-09-08',1015,5,1,2568,'C','1341500165811','2025-09-08 07:09:08'),('2025-09-08',1033,5,1,2568,'C','1341500165811','2025-09-08 07:09:08'),('2025-09-08',1045,5,1,2568,'C','1341500165811','2025-09-08 07:09:08'),('2025-09-08',1013,5,1,2568,'C','1341500165811','2025-09-08 07:09:08'),('2025-09-08',1004,6,1,2568,'C','1341500165811','2025-09-08 07:09:13'),('2025-09-08',1006,6,1,2568,'C','1341500165811','2025-09-08 07:09:13'),('2025-09-08',1007,6,1,2568,'C','1341500165811','2025-09-08 07:09:13'),('2025-09-08',1028,6,1,2568,'C','1341500165811','2025-09-08 07:09:13'),('2025-09-08',1046,6,1,2568,'C','1341500165811','2025-09-08 07:09:13'),('2025-09-08',1005,6,1,2568,'C','1341500165811','2025-09-08 07:09:13'),('2025-09-08',1029,6,1,2568,'C','1341500165811','2025-09-08 07:09:13'),('2025-09-08',969,7,1,2568,'C','1341500165811','2025-09-08 07:09:18'),('2025-09-08',984,7,1,2568,'C','1341500165811','2025-09-08 07:09:18'),('2025-09-08',1017,7,1,2568,'C','1341500165811','2025-09-08 07:09:18'),('2025-09-08',1030,7,1,2568,'C','1341500165811','2025-09-08 07:09:18'),('2025-09-08',985,7,1,2568,'C','1341500165811','2025-09-08 07:09:18'),('2025-09-08',1002,8,1,2568,'C','1341500165811','2025-09-08 07:09:24'),('2025-09-08',1008,8,1,2568,'C','1341500165811','2025-09-08 07:09:24'),('2025-09-08',1019,8,1,2568,'C','1341500165811','2025-09-08 07:09:24'),('2025-09-08',1020,8,1,2568,'C','1341500165811','2025-09-08 07:09:24'),('2025-09-08',975,8,1,2568,'C','1341500165811','2025-09-08 07:09:24'),('2025-09-08',987,8,1,2568,'C','1341500165811','2025-09-08 07:09:24'),('2025-09-08',1009,8,1,2568,'C','1341500165811','2025-09-08 07:09:24'),('2025-09-08',978,8,1,2568,'C','1341500165811','2025-09-08 07:09:24'),('2025-09-08',1010,9,1,2568,'C','1341500165811','2025-09-08 07:09:29'),('2025-09-08',1023,9,1,2568,'C','1341500165811','2025-09-08 07:09:29'),('2025-09-08',973,9,1,2568,'C','1341500165811','2025-09-08 07:09:29'),('2025-09-08',979,9,1,2568,'C','1341500165811','2025-09-08 07:09:29'),('2025-09-08',982,9,1,2568,'C','1341500165811','2025-09-08 07:09:29'),('2025-09-08',988,9,1,2568,'C','1341500165811','2025-09-08 07:09:29'),('2025-09-08',990,9,1,2568,'C','1341500165811','2025-09-08 07:09:29'),('2025-09-08',1003,9,1,2568,'C','1341500165811','2025-09-08 07:09:29'),('2025-09-08',1022,9,1,2568,'C','1341500165811','2025-09-08 07:09:29'),('2025-09-08',989,9,1,2568,'C','1341500165811','2025-09-08 07:09:29'),('2025-09-08',992,9,1,2568,'C','1341500165811','2025-09-08 07:09:29'),('2025-09-08',999,9,1,2568,'C','1341500165811','2025-09-08 07:09:29'),('2025-09-09',1042,2,1,2568,'C','1341500165811','2025-09-09 08:09:57'),('2025-09-09',1043,2,1,2568,'C','1341500165811','2025-09-09 08:09:57'),('2025-09-09',1038,3,1,2568,'C','1341500165811','2025-09-09 08:09:02'),('2025-09-09',1039,3,1,2568,'C','1341500165811','2025-09-09 08:09:02'),('2025-09-09',1040,3,1,2568,'C','1341500165811','2025-09-09 08:09:02'),('2025-09-09',1041,3,1,2568,'C','1341500165811','2025-09-09 08:09:02'),('2025-09-09',1037,3,1,2568,'C','1341500165811','2025-09-09 08:09:02'),('2025-09-09',1026,4,1,2568,'C','1341500165811','2025-09-09 08:09:07'),('2025-09-09',1032,4,1,2568,'C','1341500165811','2025-09-09 08:09:07'),('2025-09-09',1044,4,1,2568,'C','1341500165811','2025-09-09 08:09:07'),('2025-09-09',1024,4,1,2568,'C','1341500165811','2025-09-09 08:09:07'),('2025-09-09',1027,4,1,2568,'C','1341500165811','2025-09-09 08:09:07'),('2025-09-09',1031,4,1,2568,'C','1341500165811','2025-09-09 08:09:07'),('2025-09-09',1034,4,1,2568,'C','1341500165811','2025-09-09 08:09:07'),('2025-09-09',1014,5,1,2568,'C','1341500165811','2025-09-09 08:09:12'),('2025-09-09',1015,5,1,2568,'C','1341500165811','2025-09-09 08:09:12'),('2025-09-09',1033,5,1,2568,'C','1341500165811','2025-09-09 08:09:12'),('2025-09-09',1045,5,1,2568,'C','1341500165811','2025-09-09 08:09:12'),('2025-09-09',1013,5,1,2568,'C','1341500165811','2025-09-09 08:09:12'),('2025-09-09',1004,6,1,2568,'C','1341500165811','2025-09-09 08:09:22'),('2025-09-09',1006,6,1,2568,'C','1341500165811','2025-09-09 08:09:22'),('2025-09-09',1007,6,1,2568,'C','1341500165811','2025-09-09 08:09:22'),('2025-09-09',1028,6,1,2568,'C','1341500165811','2025-09-09 08:09:22'),('2025-09-09',1046,6,1,2568,'C','1341500165811','2025-09-09 08:09:22'),('2025-09-09',1005,6,1,2568,'C','1341500165811','2025-09-09 08:09:22'),('2025-09-09',1029,6,1,2568,'C','1341500165811','2025-09-09 08:09:22'),('2025-09-09',969,7,1,2568,'C','1341500165811','2025-09-09 08:09:27'),('2025-09-09',984,7,1,2568,'C','1341500165811','2025-09-09 08:09:27'),('2025-09-09',1017,7,1,2568,'C','1341500165811','2025-09-09 08:09:27'),('2025-09-09',1030,7,1,2568,'C','1341500165811','2025-09-09 08:09:27'),('2025-09-09',985,7,1,2568,'C','1341500165811','2025-09-09 08:09:27'),('2025-09-09',1002,8,1,2568,'C','1341500165811','2025-09-09 08:09:32'),('2025-09-09',1008,8,1,2568,'C','1341500165811','2025-09-09 08:09:32'),('2025-09-09',1019,8,1,2568,'C','1341500165811','2025-09-09 08:09:32'),('2025-09-09',1020,8,1,2568,'C','1341500165811','2025-09-09 08:09:32'),('2025-09-09',975,8,1,2568,'C','1341500165811','2025-09-09 08:09:32'),('2025-09-09',987,8,1,2568,'C','1341500165811','2025-09-09 08:09:32'),('2025-09-09',1009,8,1,2568,'C','1341500165811','2025-09-09 08:09:32'),('2025-09-09',978,8,1,2568,'C','1341500165811','2025-09-09 08:09:32'),('2025-09-09',1010,9,1,2568,'C','1341500165811','2025-09-09 08:09:38'),('2025-09-09',1023,9,1,2568,'C','1341500165811','2025-09-09 08:09:38'),('2025-09-09',973,9,1,2568,'C','1341500165811','2025-09-09 08:09:38'),('2025-09-09',979,9,1,2568,'C','1341500165811','2025-09-09 08:09:38'),('2025-09-09',982,9,1,2568,'C','1341500165811','2025-09-09 08:09:38'),('2025-09-09',988,9,1,2568,'C','1341500165811','2025-09-09 08:09:38'),('2025-09-09',990,9,1,2568,'C','1341500165811','2025-09-09 08:09:38'),('2025-09-09',1003,9,1,2568,'C','1341500165811','2025-09-09 08:09:38'),('2025-09-09',1022,9,1,2568,'C','1341500165811','2025-09-09 08:09:38'),('2025-09-09',989,9,1,2568,'C','1341500165811','2025-09-09 08:09:38'),('2025-09-09',992,9,1,2568,'C','1341500165811','2025-09-09 08:09:38'),('2025-09-09',999,9,1,2568,'C','1341500165811','2025-09-09 08:09:38'),('2025-09-10',1042,2,1,2568,'C','1341500165811','2025-09-10 08:09:27'),('2025-09-10',1043,2,1,2568,'C','1341500165811','2025-09-10 08:09:27'),('2025-09-10',1038,3,1,2568,'C','1341500165811','2025-09-10 08:09:32'),('2025-09-10',1039,3,1,2568,'C','1341500165811','2025-09-10 08:09:32'),('2025-09-10',1040,3,1,2568,'C','1341500165811','2025-09-10 08:09:32'),('2025-09-10',1041,3,1,2568,'C','1341500165811','2025-09-10 08:09:32'),('2025-09-10',1037,3,1,2568,'C','1341500165811','2025-09-10 08:09:32'),('2025-09-10',1026,4,1,2568,'C','1341500165811','2025-09-10 08:09:37'),('2025-09-10',1032,4,1,2568,'C','1341500165811','2025-09-10 08:09:37'),('2025-09-10',1044,4,1,2568,'C','1341500165811','2025-09-10 08:09:37'),('2025-09-10',1024,4,1,2568,'C','1341500165811','2025-09-10 08:09:37'),('2025-09-10',1027,4,1,2568,'C','1341500165811','2025-09-10 08:09:37'),('2025-09-10',1031,4,1,2568,'C','1341500165811','2025-09-10 08:09:37'),('2025-09-10',1034,4,1,2568,'C','1341500165811','2025-09-10 08:09:37'),('2025-09-10',1014,5,1,2568,'C','1341500165811','2025-09-10 08:09:42'),('2025-09-10',1015,5,1,2568,'C','1341500165811','2025-09-10 08:09:42'),('2025-09-10',1033,5,1,2568,'C','1341500165811','2025-09-10 08:09:42'),('2025-09-10',1045,5,1,2568,'C','1341500165811','2025-09-10 08:09:42'),('2025-09-10',1013,5,1,2568,'C','1341500165811','2025-09-10 08:09:42'),('2025-09-10',1004,6,1,2568,'C','1341500165811','2025-09-10 08:09:47'),('2025-09-10',1006,6,1,2568,'C','1341500165811','2025-09-10 08:09:47'),('2025-09-10',1007,6,1,2568,'C','1341500165811','2025-09-10 08:09:47'),('2025-09-10',1028,6,1,2568,'C','1341500165811','2025-09-10 08:09:47'),('2025-09-10',1046,6,1,2568,'C','1341500165811','2025-09-10 08:09:47'),('2025-09-10',1005,6,1,2568,'C','1341500165811','2025-09-10 08:09:47'),('2025-09-10',1029,6,1,2568,'C','1341500165811','2025-09-10 08:09:47'),('2025-09-10',969,7,1,2568,'C','1341500165811','2025-09-10 08:09:51'),('2025-09-10',984,7,1,2568,'C','1341500165811','2025-09-10 08:09:51'),('2025-09-10',1017,7,1,2568,'C','1341500165811','2025-09-10 08:09:51'),('2025-09-10',1030,7,1,2568,'C','1341500165811','2025-09-10 08:09:51'),('2025-09-10',985,7,1,2568,'C','1341500165811','2025-09-10 08:09:51'),('2025-09-10',1002,8,1,2568,'C','1341500165811','2025-09-10 08:09:56'),('2025-09-10',1008,8,1,2568,'C','1341500165811','2025-09-10 08:09:56'),('2025-09-10',1019,8,1,2568,'C','1341500165811','2025-09-10 08:09:56'),('2025-09-10',1020,8,1,2568,'C','1341500165811','2025-09-10 08:09:56'),('2025-09-10',975,8,1,2568,'C','1341500165811','2025-09-10 08:09:56'),('2025-09-10',987,8,1,2568,'C','1341500165811','2025-09-10 08:09:56'),('2025-09-10',1009,8,1,2568,'C','1341500165811','2025-09-10 08:09:56'),('2025-09-10',978,8,1,2568,'C','1341500165811','2025-09-10 08:09:56'),('2025-09-10',1010,9,1,2568,'C','1341500165811','2025-09-10 08:09:04'),('2025-09-10',1023,9,1,2568,'C','1341500165811','2025-09-10 08:09:04'),('2025-09-10',973,9,1,2568,'C','1341500165811','2025-09-10 08:09:04'),('2025-09-10',979,9,1,2568,'C','1341500165811','2025-09-10 08:09:04'),('2025-09-10',982,9,1,2568,'C','1341500165811','2025-09-10 08:09:04'),('2025-09-10',988,9,1,2568,'C','1341500165811','2025-09-10 08:09:04'),('2025-09-10',990,9,1,2568,'C','1341500165811','2025-09-10 08:09:04'),('2025-09-10',1003,9,1,2568,'C','1341500165811','2025-09-10 08:09:04'),('2025-09-10',1022,9,1,2568,'C','1341500165811','2025-09-10 08:09:04'),('2025-09-10',989,9,1,2568,'C','1341500165811','2025-09-10 08:09:04'),('2025-09-10',992,9,1,2568,'C','1341500165811','2025-09-10 08:09:04'),('2025-09-10',999,9,1,2568,'C','1341500165811','2025-09-10 08:09:04'),('2025-09-11',1042,2,1,2568,'C','1341500165811','2025-09-11 08:09:56'),('2025-09-11',1043,2,1,2568,'C','1341500165811','2025-09-11 08:09:56'),('2025-09-11',1038,3,1,2568,'C','1341500165811','2025-09-11 08:09:01'),('2025-09-11',1039,3,1,2568,'C','1341500165811','2025-09-11 08:09:01'),('2025-09-11',1040,3,1,2568,'C','1341500165811','2025-09-11 08:09:01'),('2025-09-11',1041,3,1,2568,'C','1341500165811','2025-09-11 08:09:01'),('2025-09-11',1037,3,1,2568,'C','1341500165811','2025-09-11 08:09:01'),('2025-09-11',1026,4,1,2568,'C','1341500165811','2025-09-11 08:09:06'),('2025-09-11',1032,4,1,2568,'C','1341500165811','2025-09-11 08:09:06'),('2025-09-11',1044,4,1,2568,'C','1341500165811','2025-09-11 08:09:06'),('2025-09-11',1024,4,1,2568,'C','1341500165811','2025-09-11 08:09:06'),('2025-09-11',1027,4,1,2568,'C','1341500165811','2025-09-11 08:09:06'),('2025-09-11',1031,4,1,2568,'C','1341500165811','2025-09-11 08:09:06'),('2025-09-11',1034,4,1,2568,'C','1341500165811','2025-09-11 08:09:06'),('2025-09-11',1014,5,1,2568,'C','1341500165811','2025-09-11 08:09:12'),('2025-09-11',1015,5,1,2568,'C','1341500165811','2025-09-11 08:09:12'),('2025-09-11',1033,5,1,2568,'C','1341500165811','2025-09-11 08:09:12'),('2025-09-11',1045,5,1,2568,'C','1341500165811','2025-09-11 08:09:12'),('2025-09-11',1013,5,1,2568,'C','1341500165811','2025-09-11 08:09:12'),('2025-09-11',1004,6,1,2568,'C','1341500165811','2025-09-11 08:09:16'),('2025-09-11',1006,6,1,2568,'C','1341500165811','2025-09-11 08:09:16'),('2025-09-11',1007,6,1,2568,'C','1341500165811','2025-09-11 08:09:16'),('2025-09-11',1028,6,1,2568,'C','1341500165811','2025-09-11 08:09:16'),('2025-09-11',1046,6,1,2568,'C','1341500165811','2025-09-11 08:09:16'),('2025-09-11',1005,6,1,2568,'C','1341500165811','2025-09-11 08:09:16'),('2025-09-11',1029,6,1,2568,'C','1341500165811','2025-09-11 08:09:16'),('2025-09-11',969,7,1,2568,'C','1341500165811','2025-09-11 08:09:22'),('2025-09-11',984,7,1,2568,'C','1341500165811','2025-09-11 08:09:22'),('2025-09-11',1017,7,1,2568,'C','1341500165811','2025-09-11 08:09:22'),('2025-09-11',1030,7,1,2568,'C','1341500165811','2025-09-11 08:09:22'),('2025-09-11',985,7,1,2568,'C','1341500165811','2025-09-11 08:09:22'),('2025-09-11',1002,8,1,2568,'C','1341500165811','2025-09-11 08:09:27'),('2025-09-11',1008,8,1,2568,'C','1341500165811','2025-09-11 08:09:27'),('2025-09-11',1019,8,1,2568,'C','1341500165811','2025-09-11 08:09:27'),('2025-09-11',1020,8,1,2568,'C','1341500165811','2025-09-11 08:09:27'),('2025-09-11',975,8,1,2568,'C','1341500165811','2025-09-11 08:09:27'),('2025-09-11',987,8,1,2568,'C','1341500165811','2025-09-11 08:09:27'),('2025-09-11',1009,8,1,2568,'C','1341500165811','2025-09-11 08:09:27'),('2025-09-11',978,8,1,2568,'C','1341500165811','2025-09-11 08:09:27'),('2025-09-11',1010,9,1,2568,'C','1341500165811','2025-09-11 08:09:32'),('2025-09-11',1023,9,1,2568,'C','1341500165811','2025-09-11 08:09:32'),('2025-09-11',973,9,1,2568,'C','1341500165811','2025-09-11 08:09:32'),('2025-09-11',979,9,1,2568,'C','1341500165811','2025-09-11 08:09:32'),('2025-09-11',982,9,1,2568,'C','1341500165811','2025-09-11 08:09:32'),('2025-09-11',988,9,1,2568,'C','1341500165811','2025-09-11 08:09:32'),('2025-09-11',990,9,1,2568,'C','1341500165811','2025-09-11 08:09:32'),('2025-09-11',1003,9,1,2568,'C','1341500165811','2025-09-11 08:09:32'),('2025-09-11',1022,9,1,2568,'C','1341500165811','2025-09-11 08:09:32'),('2025-09-11',989,9,1,2568,'C','1341500165811','2025-09-11 08:09:32'),('2025-09-11',992,9,1,2568,'C','1341500165811','2025-09-11 08:09:32'),('2025-09-11',999,9,1,2568,'C','1341500165811','2025-09-11 08:09:32'),('2025-09-12',1042,2,1,2568,'C','1341500165811','2025-09-12 08:09:10'),('2025-09-12',1043,2,1,2568,'C','1341500165811','2025-09-12 08:09:10'),('2025-09-12',1038,3,1,2568,'C','1341500165811','2025-09-12 08:09:14'),('2025-09-12',1039,3,1,2568,'C','1341500165811','2025-09-12 08:09:14'),('2025-09-12',1040,3,1,2568,'C','1341500165811','2025-09-12 08:09:14'),('2025-09-12',1041,3,1,2568,'C','1341500165811','2025-09-12 08:09:14'),('2025-09-12',1037,3,1,2568,'C','1341500165811','2025-09-12 08:09:14'),('2025-09-12',1026,4,1,2568,'C','1341500165811','2025-09-12 08:09:20'),('2025-09-12',1032,4,1,2568,'C','1341500165811','2025-09-12 08:09:20'),('2025-09-12',1044,4,1,2568,'C','1341500165811','2025-09-12 08:09:20'),('2025-09-12',1024,4,1,2568,'C','1341500165811','2025-09-12 08:09:20'),('2025-09-12',1027,4,1,2568,'C','1341500165811','2025-09-12 08:09:20'),('2025-09-12',1031,4,1,2568,'C','1341500165811','2025-09-12 08:09:20'),('2025-09-12',1034,4,1,2568,'C','1341500165811','2025-09-12 08:09:20'),('2025-09-12',1014,5,1,2568,'C','1341500165811','2025-09-12 08:09:24'),('2025-09-12',1015,5,1,2568,'C','1341500165811','2025-09-12 08:09:24'),('2025-09-12',1033,5,1,2568,'C','1341500165811','2025-09-12 08:09:24'),('2025-09-12',1045,5,1,2568,'C','1341500165811','2025-09-12 08:09:24'),('2025-09-12',1013,5,1,2568,'C','1341500165811','2025-09-12 08:09:24'),('2025-09-12',1004,6,1,2568,'C','1341500165811','2025-09-12 08:09:29'),('2025-09-12',1006,6,1,2568,'C','1341500165811','2025-09-12 08:09:29'),('2025-09-12',1007,6,1,2568,'C','1341500165811','2025-09-12 08:09:29'),('2025-09-12',1028,6,1,2568,'C','1341500165811','2025-09-12 08:09:29'),('2025-09-12',1046,6,1,2568,'C','1341500165811','2025-09-12 08:09:29'),('2025-09-12',1005,6,1,2568,'C','1341500165811','2025-09-12 08:09:29'),('2025-09-12',1029,6,1,2568,'C','1341500165811','2025-09-12 08:09:29'),('2025-09-12',969,7,1,2568,'C','1341500165811','2025-09-12 08:09:34'),('2025-09-12',984,7,1,2568,'C','1341500165811','2025-09-12 08:09:34'),('2025-09-12',1017,7,1,2568,'C','1341500165811','2025-09-12 08:09:34'),('2025-09-12',1030,7,1,2568,'C','1341500165811','2025-09-12 08:09:34'),('2025-09-12',985,7,1,2568,'C','1341500165811','2025-09-12 08:09:34'),('2025-09-12',1002,8,1,2568,'C','1341500165811','2025-09-12 08:09:38'),('2025-09-12',1008,8,1,2568,'C','1341500165811','2025-09-12 08:09:38'),('2025-09-12',1019,8,1,2568,'C','1341500165811','2025-09-12 08:09:38'),('2025-09-12',1020,8,1,2568,'C','1341500165811','2025-09-12 08:09:38'),('2025-09-12',975,8,1,2568,'C','1341500165811','2025-09-12 08:09:38'),('2025-09-12',987,8,1,2568,'C','1341500165811','2025-09-12 08:09:38'),('2025-09-12',1009,8,1,2568,'C','1341500165811','2025-09-12 08:09:38'),('2025-09-12',978,8,1,2568,'C','1341500165811','2025-09-12 08:09:38'),('2025-09-12',1010,9,1,2568,'C','1341500165811','2025-09-12 08:09:43'),('2025-09-12',1023,9,1,2568,'C','1341500165811','2025-09-12 08:09:43'),('2025-09-12',973,9,1,2568,'C','1341500165811','2025-09-12 08:09:43'),('2025-09-12',979,9,1,2568,'C','1341500165811','2025-09-12 08:09:43'),('2025-09-12',982,9,1,2568,'C','1341500165811','2025-09-12 08:09:43'),('2025-09-12',988,9,1,2568,'C','1341500165811','2025-09-12 08:09:43'),('2025-09-12',990,9,1,2568,'C','1341500165811','2025-09-12 08:09:43'),('2025-09-12',1003,9,1,2568,'C','1341500165811','2025-09-12 08:09:43'),('2025-09-12',1022,9,1,2568,'C','1341500165811','2025-09-12 08:09:43'),('2025-09-12',989,9,1,2568,'C','1341500165811','2025-09-12 08:09:43'),('2025-09-12',992,9,1,2568,'C','1341500165811','2025-09-12 08:09:43'),('2025-09-12',999,9,1,2568,'C','1341500165811','2025-09-12 08:09:43'),('2025-09-15',1042,2,1,2568,'C','1341500165811','2025-09-15 08:09:24'),('2025-09-15',1043,2,1,2568,'C','1341500165811','2025-09-15 08:09:24'),('2025-09-15',1038,3,1,2568,'C','1341500165811','2025-09-15 08:09:29'),('2025-09-15',1039,3,1,2568,'C','1341500165811','2025-09-15 08:09:29'),('2025-09-15',1040,3,1,2568,'C','1341500165811','2025-09-15 08:09:29'),('2025-09-15',1041,3,1,2568,'C','1341500165811','2025-09-15 08:09:29'),('2025-09-15',1037,3,1,2568,'C','1341500165811','2025-09-15 08:09:29'),('2025-09-15',1026,4,1,2568,'C','1341500165811','2025-09-15 08:09:36'),('2025-09-15',1032,4,1,2568,'C','1341500165811','2025-09-15 08:09:36'),('2025-09-15',1044,4,1,2568,'C','1341500165811','2025-09-15 08:09:36'),('2025-09-15',1024,4,1,2568,'C','1341500165811','2025-09-15 08:09:36'),('2025-09-15',1027,4,1,2568,'C','1341500165811','2025-09-15 08:09:36'),('2025-09-15',1031,4,1,2568,'C','1341500165811','2025-09-15 08:09:36'),('2025-09-15',1034,4,1,2568,'C','1341500165811','2025-09-15 08:09:36'),('2025-09-15',1014,5,1,2568,'C','1341500165811','2025-09-15 08:09:41'),('2025-09-15',1015,5,1,2568,'C','1341500165811','2025-09-15 08:09:41'),('2025-09-15',1033,5,1,2568,'C','1341500165811','2025-09-15 08:09:41'),('2025-09-15',1045,5,1,2568,'C','1341500165811','2025-09-15 08:09:41'),('2025-09-15',1013,5,1,2568,'C','1341500165811','2025-09-15 08:09:41'),('2025-09-15',1004,6,1,2568,'C','1341500165811','2025-09-15 08:09:46'),('2025-09-15',1006,6,1,2568,'C','1341500165811','2025-09-15 08:09:46'),('2025-09-15',1007,6,1,2568,'C','1341500165811','2025-09-15 08:09:46'),('2025-09-15',1028,6,1,2568,'C','1341500165811','2025-09-15 08:09:46'),('2025-09-15',1046,6,1,2568,'C','1341500165811','2025-09-15 08:09:46'),('2025-09-15',1005,6,1,2568,'C','1341500165811','2025-09-15 08:09:46'),('2025-09-15',1029,6,1,2568,'C','1341500165811','2025-09-15 08:09:46'),('2025-09-15',969,7,1,2568,'C','1341500165811','2025-09-15 08:09:50'),('2025-09-15',984,7,1,2568,'C','1341500165811','2025-09-15 08:09:50'),('2025-09-15',1017,7,1,2568,'C','1341500165811','2025-09-15 08:09:50'),('2025-09-15',1030,7,1,2568,'C','1341500165811','2025-09-15 08:09:50'),('2025-09-15',985,7,1,2568,'C','1341500165811','2025-09-15 08:09:50'),('2025-09-15',1002,8,1,2568,'C','1341500165811','2025-09-15 08:09:55'),('2025-09-15',1008,8,1,2568,'C','1341500165811','2025-09-15 08:09:55'),('2025-09-15',1019,8,1,2568,'C','1341500165811','2025-09-15 08:09:55'),('2025-09-15',1020,8,1,2568,'C','1341500165811','2025-09-15 08:09:55'),('2025-09-15',975,8,1,2568,'C','1341500165811','2025-09-15 08:09:55'),('2025-09-15',987,8,1,2568,'C','1341500165811','2025-09-15 08:09:55'),('2025-09-15',1009,8,1,2568,'C','1341500165811','2025-09-15 08:09:55'),('2025-09-15',978,8,1,2568,'C','1341500165811','2025-09-15 08:09:55'),('2025-09-15',1010,9,1,2568,'C','1341500165811','2025-09-15 08:09:00'),('2025-09-15',1023,9,1,2568,'C','1341500165811','2025-09-15 08:09:00'),('2025-09-15',973,9,1,2568,'C','1341500165811','2025-09-15 08:09:00'),('2025-09-15',979,9,1,2568,'C','1341500165811','2025-09-15 08:09:00'),('2025-09-15',982,9,1,2568,'C','1341500165811','2025-09-15 08:09:00'),('2025-09-15',988,9,1,2568,'C','1341500165811','2025-09-15 08:09:00'),('2025-09-15',990,9,1,2568,'C','1341500165811','2025-09-15 08:09:00'),('2025-09-15',1003,9,1,2568,'C','1341500165811','2025-09-15 08:09:00'),('2025-09-15',1022,9,1,2568,'C','1341500165811','2025-09-15 08:09:00'),('2025-09-15',989,9,1,2568,'C','1341500165811','2025-09-15 08:09:00'),('2025-09-15',992,9,1,2568,'C','1341500165811','2025-09-15 08:09:00'),('2025-09-15',999,9,1,2568,'C','1341500165811','2025-09-15 08:09:00'),('2025-09-16',1042,2,1,2568,'C','1341500165811','2025-09-16 08:09:49'),('2025-09-16',1043,2,1,2568,'C','1341500165811','2025-09-16 08:09:49'),('2025-09-16',1038,3,1,2568,'C','1341500165811','2025-09-16 08:09:54'),('2025-09-16',1039,3,1,2568,'C','1341500165811','2025-09-16 08:09:54'),('2025-09-16',1040,3,1,2568,'C','1341500165811','2025-09-16 08:09:54'),('2025-09-16',1041,3,1,2568,'C','1341500165811','2025-09-16 08:09:54'),('2025-09-16',1037,3,1,2568,'C','1341500165811','2025-09-16 08:09:54'),('2025-09-16',1026,4,1,2568,'C','1341500165811','2025-09-16 08:09:59'),('2025-09-16',1032,4,1,2568,'C','1341500165811','2025-09-16 08:09:59'),('2025-09-16',1044,4,1,2568,'C','1341500165811','2025-09-16 08:09:59'),('2025-09-16',1024,4,1,2568,'C','1341500165811','2025-09-16 08:09:59'),('2025-09-16',1027,4,1,2568,'C','1341500165811','2025-09-16 08:09:59'),('2025-09-16',1031,4,1,2568,'C','1341500165811','2025-09-16 08:09:59'),('2025-09-16',1034,4,1,2568,'C','1341500165811','2025-09-16 08:09:59'),('2025-09-16',1014,5,1,2568,'C','1341500165811','2025-09-16 08:09:03'),('2025-09-16',1015,5,1,2568,'C','1341500165811','2025-09-16 08:09:03'),('2025-09-16',1033,5,1,2568,'C','1341500165811','2025-09-16 08:09:03'),('2025-09-16',1045,5,1,2568,'C','1341500165811','2025-09-16 08:09:03'),('2025-09-16',1013,5,1,2568,'C','1341500165811','2025-09-16 08:09:03'),('2025-09-16',1004,6,1,2568,'C','1341500165811','2025-09-16 08:09:08'),('2025-09-16',1006,6,1,2568,'C','1341500165811','2025-09-16 08:09:08'),('2025-09-16',1007,6,1,2568,'C','1341500165811','2025-09-16 08:09:08'),('2025-09-16',1028,6,1,2568,'C','1341500165811','2025-09-16 08:09:08'),('2025-09-16',1046,6,1,2568,'C','1341500165811','2025-09-16 08:09:08'),('2025-09-16',1005,6,1,2568,'C','1341500165811','2025-09-16 08:09:08'),('2025-09-16',1029,6,1,2568,'C','1341500165811','2025-09-16 08:09:08'),('2025-09-16',969,7,1,2568,'C','1341500165811','2025-09-16 08:09:13'),('2025-09-16',984,7,1,2568,'C','1341500165811','2025-09-16 08:09:13'),('2025-09-16',1017,7,1,2568,'C','1341500165811','2025-09-16 08:09:13'),('2025-09-16',1030,7,1,2568,'C','1341500165811','2025-09-16 08:09:13'),('2025-09-16',985,7,1,2568,'C','1341500165811','2025-09-16 08:09:13'),('2025-09-16',1002,8,1,2568,'C','1341500165811','2025-09-16 08:09:18'),('2025-09-16',1008,8,1,2568,'C','1341500165811','2025-09-16 08:09:18'),('2025-09-16',1019,8,1,2568,'C','1341500165811','2025-09-16 08:09:18'),('2025-09-16',1020,8,1,2568,'C','1341500165811','2025-09-16 08:09:18'),('2025-09-16',975,8,1,2568,'C','1341500165811','2025-09-16 08:09:18'),('2025-09-16',987,8,1,2568,'C','1341500165811','2025-09-16 08:09:18'),('2025-09-16',1009,8,1,2568,'C','1341500165811','2025-09-16 08:09:18'),('2025-09-16',978,8,1,2568,'C','1341500165811','2025-09-16 08:09:18'),('2025-09-16',1010,9,1,2568,'C','1341500165811','2025-09-16 08:09:28'),('2025-09-16',1023,9,1,2568,'C','1341500165811','2025-09-16 08:09:28'),('2025-09-16',973,9,1,2568,'C','1341500165811','2025-09-16 08:09:28'),('2025-09-16',979,9,1,2568,'C','1341500165811','2025-09-16 08:09:28'),('2025-09-16',982,9,1,2568,'C','1341500165811','2025-09-16 08:09:28'),('2025-09-16',988,9,1,2568,'C','1341500165811','2025-09-16 08:09:28'),('2025-09-16',990,9,1,2568,'C','1341500165811','2025-09-16 08:09:28'),('2025-09-16',1003,9,1,2568,'C','1341500165811','2025-09-16 08:09:28'),('2025-09-16',1022,9,1,2568,'C','1341500165811','2025-09-16 08:09:28'),('2025-09-16',989,9,1,2568,'C','1341500165811','2025-09-16 08:09:28'),('2025-09-16',992,9,1,2568,'C','1341500165811','2025-09-16 08:09:28'),('2025-09-16',999,9,1,2568,'C','1341500165811','2025-09-16 08:09:28'),('2025-09-17',1042,2,1,2568,'C','1341500165811','2025-09-17 07:09:49'),('2025-09-17',1043,2,1,2568,'C','1341500165811','2025-09-17 07:09:49'),('2025-09-17',1038,3,1,2568,'C','1341500165811','2025-09-17 07:09:53'),('2025-09-17',1039,3,1,2568,'C','1341500165811','2025-09-17 07:09:53'),('2025-09-17',1040,3,1,2568,'C','1341500165811','2025-09-17 07:09:53'),('2025-09-17',1041,3,1,2568,'C','1341500165811','2025-09-17 07:09:53'),('2025-09-17',1037,3,1,2568,'C','1341500165811','2025-09-17 07:09:53'),('2025-09-17',1026,4,1,2568,'C','1341500165811','2025-09-17 07:09:57'),('2025-09-17',1032,4,1,2568,'C','1341500165811','2025-09-17 07:09:57'),('2025-09-17',1044,4,1,2568,'C','1341500165811','2025-09-17 07:09:57'),('2025-09-17',1024,4,1,2568,'C','1341500165811','2025-09-17 07:09:57'),('2025-09-17',1027,4,1,2568,'C','1341500165811','2025-09-17 07:09:57'),('2025-09-17',1031,4,1,2568,'C','1341500165811','2025-09-17 07:09:57'),('2025-09-17',1034,4,1,2568,'C','1341500165811','2025-09-17 07:09:57'),('2025-09-17',1014,5,1,2568,'C','1341500165811','2025-09-17 08:09:02'),('2025-09-17',1015,5,1,2568,'C','1341500165811','2025-09-17 08:09:02'),('2025-09-17',1033,5,1,2568,'C','1341500165811','2025-09-17 08:09:02'),('2025-09-17',1045,5,1,2568,'C','1341500165811','2025-09-17 08:09:02'),('2025-09-17',1013,5,1,2568,'C','1341500165811','2025-09-17 08:09:02'),('2025-09-17',1004,6,1,2568,'C','1341500165811','2025-09-17 08:09:07'),('2025-09-17',1006,6,1,2568,'C','1341500165811','2025-09-17 08:09:07'),('2025-09-17',1007,6,1,2568,'C','1341500165811','2025-09-17 08:09:07'),('2025-09-17',1028,6,1,2568,'C','1341500165811','2025-09-17 08:09:07'),('2025-09-17',1046,6,1,2568,'C','1341500165811','2025-09-17 08:09:07'),('2025-09-17',1005,6,1,2568,'C','1341500165811','2025-09-17 08:09:07'),('2025-09-17',1029,6,1,2568,'C','1341500165811','2025-09-17 08:09:07'),('2025-09-17',969,7,1,2568,'C','1341500165811','2025-09-17 08:09:12'),('2025-09-17',984,7,1,2568,'C','1341500165811','2025-09-17 08:09:12'),('2025-09-17',1017,7,1,2568,'C','1341500165811','2025-09-17 08:09:12'),('2025-09-17',1030,7,1,2568,'C','1341500165811','2025-09-17 08:09:12'),('2025-09-17',985,7,1,2568,'C','1341500165811','2025-09-17 08:09:12'),('2025-09-17',1002,8,1,2568,'C','1341500165811','2025-09-17 08:09:17'),('2025-09-17',1008,8,1,2568,'C','1341500165811','2025-09-17 08:09:17'),('2025-09-17',1019,8,1,2568,'C','1341500165811','2025-09-17 08:09:17'),('2025-09-17',1020,8,1,2568,'C','1341500165811','2025-09-17 08:09:17'),('2025-09-17',975,8,1,2568,'C','1341500165811','2025-09-17 08:09:17'),('2025-09-17',987,8,1,2568,'C','1341500165811','2025-09-17 08:09:17'),('2025-09-17',1009,8,1,2568,'C','1341500165811','2025-09-17 08:09:17'),('2025-09-17',978,8,1,2568,'C','1341500165811','2025-09-17 08:09:17'),('2025-09-17',1010,9,1,2568,'C','1341500165811','2025-09-17 08:09:24'),('2025-09-17',1023,9,1,2568,'C','1341500165811','2025-09-17 08:09:24'),('2025-09-17',973,9,1,2568,'C','1341500165811','2025-09-17 08:09:24'),('2025-09-17',979,9,1,2568,'C','1341500165811','2025-09-17 08:09:24'),('2025-09-17',982,9,1,2568,'C','1341500165811','2025-09-17 08:09:24'),('2025-09-17',988,9,1,2568,'C','1341500165811','2025-09-17 08:09:24'),('2025-09-17',990,9,1,2568,'C','1341500165811','2025-09-17 08:09:24'),('2025-09-17',1003,9,1,2568,'C','1341500165811','2025-09-17 08:09:24'),('2025-09-17',1022,9,1,2568,'C','1341500165811','2025-09-17 08:09:24'),('2025-09-17',989,9,1,2568,'C','1341500165811','2025-09-17 08:09:24'),('2025-09-17',992,9,1,2568,'C','1341500165811','2025-09-17 08:09:24'),('2025-09-17',999,9,1,2568,'C','1341500165811','2025-09-17 08:09:24'),('2025-09-18',1042,2,1,2568,'C','1341500165811','2025-09-18 08:09:53'),('2025-09-18',1043,2,1,2568,'C','1341500165811','2025-09-18 08:09:53'),('2025-09-18',1038,3,1,2568,'C','1341500165811','2025-09-18 08:09:58'),('2025-09-18',1039,3,1,2568,'C','1341500165811','2025-09-18 08:09:58'),('2025-09-18',1040,3,1,2568,'C','1341500165811','2025-09-18 08:09:58'),('2025-09-18',1041,3,1,2568,'C','1341500165811','2025-09-18 08:09:58'),('2025-09-18',1037,3,1,2568,'C','1341500165811','2025-09-18 08:09:58'),('2025-09-18',1026,4,1,2568,'C','1341500165811','2025-09-18 08:09:02'),('2025-09-18',1032,4,1,2568,'C','1341500165811','2025-09-18 08:09:02'),('2025-09-18',1044,4,1,2568,'C','1341500165811','2025-09-18 08:09:02'),('2025-09-18',1024,4,1,2568,'C','1341500165811','2025-09-18 08:09:02'),('2025-09-18',1027,4,1,2568,'C','1341500165811','2025-09-18 08:09:02'),('2025-09-18',1031,4,1,2568,'C','1341500165811','2025-09-18 08:09:02'),('2025-09-18',1034,4,1,2568,'C','1341500165811','2025-09-18 08:09:02'),('2025-09-18',1014,5,1,2568,'C','1341500165811','2025-09-18 08:09:06'),('2025-09-18',1015,5,1,2568,'C','1341500165811','2025-09-18 08:09:06'),('2025-09-18',1033,5,1,2568,'C','1341500165811','2025-09-18 08:09:06'),('2025-09-18',1045,5,1,2568,'C','1341500165811','2025-09-18 08:09:06'),('2025-09-18',1013,5,1,2568,'C','1341500165811','2025-09-18 08:09:06'),('2025-09-18',1004,6,1,2568,'C','1341500165811','2025-09-18 08:09:11'),('2025-09-18',1006,6,1,2568,'C','1341500165811','2025-09-18 08:09:11'),('2025-09-18',1007,6,1,2568,'C','1341500165811','2025-09-18 08:09:11'),('2025-09-18',1028,6,1,2568,'C','1341500165811','2025-09-18 08:09:11'),('2025-09-18',1046,6,1,2568,'C','1341500165811','2025-09-18 08:09:11'),('2025-09-18',1005,6,1,2568,'C','1341500165811','2025-09-18 08:09:11'),('2025-09-18',1029,6,1,2568,'C','1341500165811','2025-09-18 08:09:11'),('2025-09-18',969,7,1,2568,'C','1341500165811','2025-09-18 08:09:17'),('2025-09-18',984,7,1,2568,'C','1341500165811','2025-09-18 08:09:17'),('2025-09-18',1017,7,1,2568,'C','1341500165811','2025-09-18 08:09:17'),('2025-09-18',1030,7,1,2568,'C','1341500165811','2025-09-18 08:09:17'),('2025-09-18',985,7,1,2568,'C','1341500165811','2025-09-18 08:09:17'),('2025-09-18',1002,8,1,2568,'C','1341500165811','2025-09-18 08:09:21'),('2025-09-18',1008,8,1,2568,'C','1341500165811','2025-09-18 08:09:21'),('2025-09-18',1019,8,1,2568,'C','1341500165811','2025-09-18 08:09:21'),('2025-09-18',1020,8,1,2568,'C','1341500165811','2025-09-18 08:09:21'),('2025-09-18',975,8,1,2568,'C','1341500165811','2025-09-18 08:09:21'),('2025-09-18',987,8,1,2568,'C','1341500165811','2025-09-18 08:09:21'),('2025-09-18',1009,8,1,2568,'C','1341500165811','2025-09-18 08:09:21'),('2025-09-18',978,8,1,2568,'C','1341500165811','2025-09-18 08:09:21'),('2025-09-18',1010,9,1,2568,'C','1341500165811','2025-09-18 08:09:27'),('2025-09-18',1023,9,1,2568,'C','1341500165811','2025-09-18 08:09:27'),('2025-09-18',973,9,1,2568,'C','1341500165811','2025-09-18 08:09:27'),('2025-09-18',979,9,1,2568,'C','1341500165811','2025-09-18 08:09:27'),('2025-09-18',982,9,1,2568,'C','1341500165811','2025-09-18 08:09:27'),('2025-09-18',988,9,1,2568,'C','1341500165811','2025-09-18 08:09:27'),('2025-09-18',990,9,1,2568,'C','1341500165811','2025-09-18 08:09:27'),('2025-09-18',1003,9,1,2568,'C','1341500165811','2025-09-18 08:09:27'),('2025-09-18',1022,9,1,2568,'C','1341500165811','2025-09-18 08:09:27'),('2025-09-18',989,9,1,2568,'C','1341500165811','2025-09-18 08:09:27'),('2025-09-18',992,9,1,2568,'C','1341500165811','2025-09-18 08:09:27'),('2025-09-18',999,9,1,2568,'C','1341500165811','2025-09-18 08:09:27'),('2025-09-19',1042,2,1,2568,'C','1341500165811','2025-09-19 05:09:14'),('2025-09-19',1043,2,1,2568,'C','1341500165811','2025-09-19 05:09:14'),('2025-09-19',1038,3,1,2568,'C','1341500165811','2025-09-19 05:09:20'),('2025-09-19',1039,3,1,2568,'C','1341500165811','2025-09-19 05:09:20'),('2025-09-19',1040,3,1,2568,'C','1341500165811','2025-09-19 05:09:20'),('2025-09-19',1041,3,1,2568,'C','1341500165811','2025-09-19 05:09:20'),('2025-09-19',1037,3,1,2568,'C','1341500165811','2025-09-19 05:09:20'),('2025-09-19',1026,4,1,2568,'C','1341500165811','2025-09-19 05:09:49'),('2025-09-19',1032,4,1,2568,'C','1341500165811','2025-09-19 05:09:49'),('2025-09-19',1044,4,1,2568,'C','1341500165811','2025-09-19 05:09:49'),('2025-09-19',1024,4,1,2568,'C','1341500165811','2025-09-19 05:09:49'),('2025-09-19',1027,4,1,2568,'C','1341500165811','2025-09-19 05:09:49'),('2025-09-19',1031,4,1,2568,'C','1341500165811','2025-09-19 05:09:49'),('2025-09-19',1034,4,1,2568,'C','1341500165811','2025-09-19 05:09:49'),('2025-09-19',1014,5,1,2568,'C','1341500165811','2025-09-19 05:09:54'),('2025-09-19',1015,5,1,2568,'C','1341500165811','2025-09-19 05:09:54'),('2025-09-19',1033,5,1,2568,'C','1341500165811','2025-09-19 05:09:54'),('2025-09-19',1045,5,1,2568,'C','1341500165811','2025-09-19 05:09:54'),('2025-09-19',1013,5,1,2568,'C','1341500165811','2025-09-19 05:09:54'),('2025-09-19',969,7,1,2568,'C','1341500165811','2025-09-19 05:09:00'),('2025-09-19',984,7,1,2568,'C','1341500165811','2025-09-19 05:09:00'),('2025-09-19',1017,7,1,2568,'C','1341500165811','2025-09-19 05:09:00'),('2025-09-19',1030,7,1,2568,'C','1341500165811','2025-09-19 05:09:00'),('2025-09-19',985,7,1,2568,'C','1341500165811','2025-09-19 05:09:00'),('2025-09-19',1002,8,1,2568,'C','1341500165811','2025-09-19 05:09:05'),('2025-09-19',1008,8,1,2568,'C','1341500165811','2025-09-19 05:09:05'),('2025-09-19',1019,8,1,2568,'C','1341500165811','2025-09-19 05:09:05'),('2025-09-19',1020,8,1,2568,'C','1341500165811','2025-09-19 05:09:05'),('2025-09-19',975,8,1,2568,'C','1341500165811','2025-09-19 05:09:05'),('2025-09-19',987,8,1,2568,'C','1341500165811','2025-09-19 05:09:05'),('2025-09-19',1009,8,1,2568,'C','1341500165811','2025-09-19 05:09:05'),('2025-09-19',978,8,1,2568,'C','1341500165811','2025-09-19 05:09:05'),('2025-09-19',1010,9,1,2568,'C','1341500165811','2025-09-19 05:09:11'),('2025-09-19',1023,9,1,2568,'C','1341500165811','2025-09-19 05:09:11'),('2025-09-19',973,9,1,2568,'C','1341500165811','2025-09-19 05:09:11'),('2025-09-19',979,9,1,2568,'C','1341500165811','2025-09-19 05:09:11'),('2025-09-19',982,9,1,2568,'C','1341500165811','2025-09-19 05:09:11'),('2025-09-19',988,9,1,2568,'C','1341500165811','2025-09-19 05:09:11'),('2025-09-19',990,9,1,2568,'C','1341500165811','2025-09-19 05:09:11'),('2025-09-19',1003,9,1,2568,'C','1341500165811','2025-09-19 05:09:11'),('2025-09-19',1022,9,1,2568,'C','1341500165811','2025-09-19 05:09:11'),('2025-09-19',989,9,1,2568,'C','1341500165811','2025-09-19 05:09:11'),('2025-09-19',992,9,1,2568,'C','1341500165811','2025-09-19 05:09:11'),('2025-09-19',999,9,1,2568,'C','1341500165811','2025-09-19 05:09:11'),('2025-09-22',1042,2,1,2568,'C','1341500165811','2025-09-22 08:09:28'),('2025-09-22',1043,2,1,2568,'C','1341500165811','2025-09-22 08:09:28'),('2025-09-22',1038,3,1,2568,'C','1341500165811','2025-09-22 08:09:45'),('2025-09-22',1039,3,1,2568,'C','1341500165811','2025-09-22 08:09:45'),('2025-09-22',1040,3,1,2568,'C','1341500165811','2025-09-22 08:09:45'),('2025-09-22',1041,3,1,2568,'C','1341500165811','2025-09-22 08:09:45'),('2025-09-22',1037,3,1,2568,'C','1341500165811','2025-09-22 08:09:45'),('2025-09-22',1026,4,1,2568,'C','1341500165811','2025-09-22 08:09:50'),('2025-09-22',1032,4,1,2568,'C','1341500165811','2025-09-22 08:09:50'),('2025-09-22',1044,4,1,2568,'C','1341500165811','2025-09-22 08:09:50'),('2025-09-22',1024,4,1,2568,'C','1341500165811','2025-09-22 08:09:50'),('2025-09-22',1027,4,1,2568,'C','1341500165811','2025-09-22 08:09:50'),('2025-09-22',1031,4,1,2568,'C','1341500165811','2025-09-22 08:09:50'),('2025-09-22',1034,4,1,2568,'C','1341500165811','2025-09-22 08:09:50'),('2025-09-22',1014,5,1,2568,'C','1341500165811','2025-09-22 08:09:54'),('2025-09-22',1015,5,1,2568,'C','1341500165811','2025-09-22 08:09:54'),('2025-09-22',1033,5,1,2568,'C','1341500165811','2025-09-22 08:09:54'),('2025-09-22',1045,5,1,2568,'C','1341500165811','2025-09-22 08:09:54'),('2025-09-22',1013,5,1,2568,'C','1341500165811','2025-09-22 08:09:54'),('2025-09-22',1004,6,1,2568,'C','1341500165811','2025-09-22 08:09:59'),('2025-09-22',1006,6,1,2568,'C','1341500165811','2025-09-22 08:09:59'),('2025-09-22',1007,6,1,2568,'C','1341500165811','2025-09-22 08:09:59'),('2025-09-22',1028,6,1,2568,'C','1341500165811','2025-09-22 08:09:59'),('2025-09-22',1046,6,1,2568,'C','1341500165811','2025-09-22 08:09:59'),('2025-09-22',1005,6,1,2568,'C','1341500165811','2025-09-22 08:09:59'),('2025-09-22',1029,6,1,2568,'C','1341500165811','2025-09-22 08:09:59'),('2025-09-22',969,7,1,2568,'C','1341500165811','2025-09-22 08:09:04'),('2025-09-22',984,7,1,2568,'C','1341500165811','2025-09-22 08:09:04'),('2025-09-22',1017,7,1,2568,'C','1341500165811','2025-09-22 08:09:04'),('2025-09-22',1030,7,1,2568,'C','1341500165811','2025-09-22 08:09:04'),('2025-09-22',985,7,1,2568,'C','1341500165811','2025-09-22 08:09:04'),('2025-09-22',1002,8,1,2568,'C','1341500165811','2025-09-22 08:09:10'),('2025-09-22',1008,8,1,2568,'C','1341500165811','2025-09-22 08:09:10'),('2025-09-22',1019,8,1,2568,'C','1341500165811','2025-09-22 08:09:10'),('2025-09-22',1020,8,1,2568,'C','1341500165811','2025-09-22 08:09:10'),('2025-09-22',975,8,1,2568,'C','1341500165811','2025-09-22 08:09:10'),('2025-09-22',987,8,1,2568,'C','1341500165811','2025-09-22 08:09:10'),('2025-09-22',1009,8,1,2568,'C','1341500165811','2025-09-22 08:09:10'),('2025-09-22',978,8,1,2568,'C','1341500165811','2025-09-22 08:09:10'),('2025-09-22',1010,9,1,2568,'C','1341500165811','2025-09-22 08:09:15'),('2025-09-22',1023,9,1,2568,'C','1341500165811','2025-09-22 08:09:15'),('2025-09-22',973,9,1,2568,'C','1341500165811','2025-09-22 08:09:15'),('2025-09-22',979,9,1,2568,'C','1341500165811','2025-09-22 08:09:15'),('2025-09-22',982,9,1,2568,'C','1341500165811','2025-09-22 08:09:15'),('2025-09-22',988,9,1,2568,'C','1341500165811','2025-09-22 08:09:15'),('2025-09-22',990,9,1,2568,'C','1341500165811','2025-09-22 08:09:15'),('2025-09-22',1003,9,1,2568,'C','1341500165811','2025-09-22 08:09:15'),('2025-09-22',1022,9,1,2568,'C','1341500165811','2025-09-22 08:09:15'),('2025-09-22',989,9,1,2568,'C','1341500165811','2025-09-22 08:09:15'),('2025-09-22',992,9,1,2568,'C','1341500165811','2025-09-22 08:09:15'),('2025-09-22',999,9,1,2568,'C','1341500165811','2025-09-22 08:09:15'),('2025-09-23',1042,2,1,2568,'C','1341500165811','2025-09-23 07:09:25'),('2025-09-23',1043,2,1,2568,'C','1341500165811','2025-09-23 07:09:25'),('2025-09-23',1038,3,1,2568,'C','1341500165811','2025-09-23 07:09:30'),('2025-09-23',1039,3,1,2568,'C','1341500165811','2025-09-23 07:09:30'),('2025-09-23',1040,3,1,2568,'C','1341500165811','2025-09-23 07:09:30'),('2025-09-23',1041,3,1,2568,'C','1341500165811','2025-09-23 07:09:30'),('2025-09-23',1037,3,1,2568,'C','1341500165811','2025-09-23 07:09:30'),('2025-09-23',1026,4,1,2568,'C','1341500165811','2025-09-23 07:09:35'),('2025-09-23',1032,4,1,2568,'C','1341500165811','2025-09-23 07:09:35'),('2025-09-23',1044,4,1,2568,'C','1341500165811','2025-09-23 07:09:35'),('2025-09-23',1024,4,1,2568,'C','1341500165811','2025-09-23 07:09:35'),('2025-09-23',1027,4,1,2568,'C','1341500165811','2025-09-23 07:09:35'),('2025-09-23',1031,4,1,2568,'C','1341500165811','2025-09-23 07:09:35'),('2025-09-23',1034,4,1,2568,'C','1341500165811','2025-09-23 07:09:35'),('2025-09-23',1014,5,1,2568,'C','1341500165811','2025-09-23 07:09:40'),('2025-09-23',1015,5,1,2568,'C','1341500165811','2025-09-23 07:09:40'),('2025-09-23',1033,5,1,2568,'C','1341500165811','2025-09-23 07:09:40'),('2025-09-23',1045,5,1,2568,'C','1341500165811','2025-09-23 07:09:40'),('2025-09-23',1013,5,1,2568,'C','1341500165811','2025-09-23 07:09:40'),('2025-09-23',1004,6,1,2568,'C','1341500165811','2025-09-23 07:09:44'),('2025-09-23',1006,6,1,2568,'C','1341500165811','2025-09-23 07:09:44'),('2025-09-23',1007,6,1,2568,'C','1341500165811','2025-09-23 07:09:44'),('2025-09-23',1028,6,1,2568,'C','1341500165811','2025-09-23 07:09:44'),('2025-09-23',1046,6,1,2568,'C','1341500165811','2025-09-23 07:09:44'),('2025-09-23',1005,6,1,2568,'C','1341500165811','2025-09-23 07:09:44'),('2025-09-23',1029,6,1,2568,'C','1341500165811','2025-09-23 07:09:44'),('2025-09-23',969,7,1,2568,'C','1341500165811','2025-09-23 07:09:50'),('2025-09-23',984,7,1,2568,'C','1341500165811','2025-09-23 07:09:50'),('2025-09-23',1017,7,1,2568,'C','1341500165811','2025-09-23 07:09:50'),('2025-09-23',1030,7,1,2568,'C','1341500165811','2025-09-23 07:09:50'),('2025-09-23',985,7,1,2568,'C','1341500165811','2025-09-23 07:09:50'),('2025-09-23',1002,8,1,2568,'C','1341500165811','2025-09-23 07:09:54'),('2025-09-23',1008,8,1,2568,'C','1341500165811','2025-09-23 07:09:54'),('2025-09-23',1019,8,1,2568,'C','1341500165811','2025-09-23 07:09:54'),('2025-09-23',1020,8,1,2568,'C','1341500165811','2025-09-23 07:09:54'),('2025-09-23',975,8,1,2568,'C','1341500165811','2025-09-23 07:09:54'),('2025-09-23',987,8,1,2568,'C','1341500165811','2025-09-23 07:09:54'),('2025-09-23',1009,8,1,2568,'C','1341500165811','2025-09-23 07:09:54'),('2025-09-23',978,8,1,2568,'C','1341500165811','2025-09-23 07:09:54'),('2025-09-23',1010,9,1,2568,'C','1341500165811','2025-09-23 07:09:59'),('2025-09-23',1023,9,1,2568,'C','1341500165811','2025-09-23 07:09:59'),('2025-09-23',973,9,1,2568,'C','1341500165811','2025-09-23 07:09:59'),('2025-09-23',979,9,1,2568,'C','1341500165811','2025-09-23 07:09:59'),('2025-09-23',982,9,1,2568,'C','1341500165811','2025-09-23 07:09:59'),('2025-09-23',988,9,1,2568,'C','1341500165811','2025-09-23 07:09:59'),('2025-09-23',990,9,1,2568,'C','1341500165811','2025-09-23 07:09:59'),('2025-09-23',1003,9,1,2568,'C','1341500165811','2025-09-23 07:09:59'),('2025-09-23',1022,9,1,2568,'C','1341500165811','2025-09-23 07:09:59'),('2025-09-23',989,9,1,2568,'C','1341500165811','2025-09-23 07:09:59'),('2025-09-23',992,9,1,2568,'C','1341500165811','2025-09-23 07:09:59'),('2025-09-23',999,9,1,2568,'C','1341500165811','2025-09-23 07:09:59'),('2025-09-24',1042,2,1,2568,'C','1341500165811','2025-09-24 07:09:51'),('2025-09-24',1043,2,1,2568,'C','1341500165811','2025-09-24 07:09:51'),('2025-09-24',1038,3,1,2568,'C','1341500165811','2025-09-24 07:09:55'),('2025-09-24',1039,3,1,2568,'C','1341500165811','2025-09-24 07:09:55'),('2025-09-24',1040,3,1,2568,'C','1341500165811','2025-09-24 07:09:55'),('2025-09-24',1041,3,1,2568,'C','1341500165811','2025-09-24 07:09:55'),('2025-09-24',1037,3,1,2568,'C','1341500165811','2025-09-24 07:09:55'),('2025-09-24',1026,4,1,2568,'C','1341500165811','2025-09-24 08:09:00'),('2025-09-24',1032,4,1,2568,'C','1341500165811','2025-09-24 08:09:00'),('2025-09-24',1044,4,1,2568,'C','1341500165811','2025-09-24 08:09:00'),('2025-09-24',1024,4,1,2568,'C','1341500165811','2025-09-24 08:09:00'),('2025-09-24',1027,4,1,2568,'C','1341500165811','2025-09-24 08:09:00'),('2025-09-24',1031,4,1,2568,'C','1341500165811','2025-09-24 08:09:00'),('2025-09-24',1034,4,1,2568,'C','1341500165811','2025-09-24 08:09:00'),('2025-09-24',1014,5,1,2568,'C','1341500165811','2025-09-24 08:09:05'),('2025-09-24',1015,5,1,2568,'C','1341500165811','2025-09-24 08:09:05'),('2025-09-24',1033,5,1,2568,'C','1341500165811','2025-09-24 08:09:05'),('2025-09-24',1045,5,1,2568,'C','1341500165811','2025-09-24 08:09:05'),('2025-09-24',1013,5,1,2568,'C','1341500165811','2025-09-24 08:09:05'),('2025-09-24',1004,6,1,2568,'C','1341500165811','2025-09-24 08:09:10'),('2025-09-24',1006,6,1,2568,'C','1341500165811','2025-09-24 08:09:10'),('2025-09-24',1007,6,1,2568,'C','1341500165811','2025-09-24 08:09:10'),('2025-09-24',1028,6,1,2568,'C','1341500165811','2025-09-24 08:09:10'),('2025-09-24',1046,6,1,2568,'C','1341500165811','2025-09-24 08:09:10'),('2025-09-24',1005,6,1,2568,'C','1341500165811','2025-09-24 08:09:10'),('2025-09-24',1029,6,1,2568,'C','1341500165811','2025-09-24 08:09:10'),('2025-09-24',969,7,1,2568,'C','1341500165811','2025-09-24 08:09:15'),('2025-09-24',984,7,1,2568,'C','1341500165811','2025-09-24 08:09:15'),('2025-09-24',1017,7,1,2568,'C','1341500165811','2025-09-24 08:09:15'),('2025-09-24',1030,7,1,2568,'C','1341500165811','2025-09-24 08:09:15'),('2025-09-24',985,7,1,2568,'C','1341500165811','2025-09-24 08:09:15'),('2025-09-24',1002,8,1,2568,'C','1341500165811','2025-09-24 08:09:20'),('2025-09-24',1008,8,1,2568,'C','1341500165811','2025-09-24 08:09:20'),('2025-09-24',1019,8,1,2568,'C','1341500165811','2025-09-24 08:09:20'),('2025-09-24',1020,8,1,2568,'C','1341500165811','2025-09-24 08:09:20'),('2025-09-24',975,8,1,2568,'C','1341500165811','2025-09-24 08:09:20'),('2025-09-24',987,8,1,2568,'C','1341500165811','2025-09-24 08:09:20'),('2025-09-24',1009,8,1,2568,'C','1341500165811','2025-09-24 08:09:20'),('2025-09-24',978,8,1,2568,'C','1341500165811','2025-09-24 08:09:20'),('2025-09-24',1010,9,1,2568,'C','1341500165811','2025-09-24 08:09:27'),('2025-09-24',1023,9,1,2568,'C','1341500165811','2025-09-24 08:09:27'),('2025-09-24',973,9,1,2568,'C','1341500165811','2025-09-24 08:09:27'),('2025-09-24',979,9,1,2568,'C','1341500165811','2025-09-24 08:09:27'),('2025-09-24',982,9,1,2568,'C','1341500165811','2025-09-24 08:09:27'),('2025-09-24',988,9,1,2568,'C','1341500165811','2025-09-24 08:09:27'),('2025-09-24',990,9,1,2568,'C','1341500165811','2025-09-24 08:09:27'),('2025-09-24',1003,9,1,2568,'C','1341500165811','2025-09-24 08:09:27'),('2025-09-24',1022,9,1,2568,'C','1341500165811','2025-09-24 08:09:27'),('2025-09-24',989,9,1,2568,'C','1341500165811','2025-09-24 08:09:27'),('2025-09-24',992,9,1,2568,'C','1341500165811','2025-09-24 08:09:27'),('2025-09-24',999,9,1,2568,'C','1341500165811','2025-09-24 08:09:27'),('2025-09-25',1042,2,1,2568,'C','1341500165811','2025-09-25 08:09:59'),('2025-09-25',1043,2,1,2568,'C','1341500165811','2025-09-25 08:09:59'),('2025-09-25',1038,3,1,2568,'C','1341500165811','2025-09-25 08:09:04'),('2025-09-25',1039,3,1,2568,'C','1341500165811','2025-09-25 08:09:04'),('2025-09-25',1040,3,1,2568,'C','1341500165811','2025-09-25 08:09:04'),('2025-09-25',1041,3,1,2568,'C','1341500165811','2025-09-25 08:09:04'),('2025-09-25',1037,3,1,2568,'C','1341500165811','2025-09-25 08:09:04'),('2025-09-25',1026,4,1,2568,'C','1341500165811','2025-09-25 08:09:08'),('2025-09-25',1032,4,1,2568,'C','1341500165811','2025-09-25 08:09:08'),('2025-09-25',1044,4,1,2568,'C','1341500165811','2025-09-25 08:09:08'),('2025-09-25',1024,4,1,2568,'C','1341500165811','2025-09-25 08:09:08'),('2025-09-25',1027,4,1,2568,'C','1341500165811','2025-09-25 08:09:08'),('2025-09-25',1031,4,1,2568,'C','1341500165811','2025-09-25 08:09:08'),('2025-09-25',1034,4,1,2568,'C','1341500165811','2025-09-25 08:09:08'),('2025-09-25',1014,5,1,2568,'C','1341500165811','2025-09-25 08:09:12'),('2025-09-25',1015,5,1,2568,'C','1341500165811','2025-09-25 08:09:12'),('2025-09-25',1033,5,1,2568,'C','1341500165811','2025-09-25 08:09:12'),('2025-09-25',1045,5,1,2568,'C','1341500165811','2025-09-25 08:09:12'),('2025-09-25',1013,5,1,2568,'C','1341500165811','2025-09-25 08:09:12'),('2025-09-25',1004,6,1,2568,'C','1341500165811','2025-09-25 08:09:16'),('2025-09-25',1006,6,1,2568,'C','1341500165811','2025-09-25 08:09:16'),('2025-09-25',1007,6,1,2568,'C','1341500165811','2025-09-25 08:09:16'),('2025-09-25',1028,6,1,2568,'C','1341500165811','2025-09-25 08:09:16'),('2025-09-25',1046,6,1,2568,'C','1341500165811','2025-09-25 08:09:16'),('2025-09-25',1005,6,1,2568,'C','1341500165811','2025-09-25 08:09:16'),('2025-09-25',1029,6,1,2568,'C','1341500165811','2025-09-25 08:09:16'),('2025-09-25',969,7,1,2568,'C','1341500165811','2025-09-25 08:09:21'),('2025-09-25',984,7,1,2568,'C','1341500165811','2025-09-25 08:09:21'),('2025-09-25',1017,7,1,2568,'C','1341500165811','2025-09-25 08:09:21'),('2025-09-25',1030,7,1,2568,'C','1341500165811','2025-09-25 08:09:21'),('2025-09-25',985,7,1,2568,'C','1341500165811','2025-09-25 08:09:21'),('2025-09-25',1002,8,1,2568,'C','1341500165811','2025-09-25 08:09:25'),('2025-09-25',1008,8,1,2568,'C','1341500165811','2025-09-25 08:09:25'),('2025-09-25',1019,8,1,2568,'C','1341500165811','2025-09-25 08:09:25'),('2025-09-25',1020,8,1,2568,'C','1341500165811','2025-09-25 08:09:25'),('2025-09-25',975,8,1,2568,'C','1341500165811','2025-09-25 08:09:25'),('2025-09-25',987,8,1,2568,'C','1341500165811','2025-09-25 08:09:25'),('2025-09-25',1009,8,1,2568,'C','1341500165811','2025-09-25 08:09:25'),('2025-09-25',978,8,1,2568,'C','1341500165811','2025-09-25 08:09:25'),('2025-09-25',1010,9,1,2568,'C','1341500165811','2025-09-25 08:09:29'),('2025-09-25',1023,9,1,2568,'C','1341500165811','2025-09-25 08:09:29'),('2025-09-25',973,9,1,2568,'C','1341500165811','2025-09-25 08:09:29'),('2025-09-25',979,9,1,2568,'C','1341500165811','2025-09-25 08:09:29'),('2025-09-25',982,9,1,2568,'C','1341500165811','2025-09-25 08:09:29'),('2025-09-25',988,9,1,2568,'C','1341500165811','2025-09-25 08:09:29'),('2025-09-25',990,9,1,2568,'C','1341500165811','2025-09-25 08:09:29'),('2025-09-25',1003,9,1,2568,'C','1341500165811','2025-09-25 08:09:29'),('2025-09-25',1022,9,1,2568,'C','1341500165811','2025-09-25 08:09:29'),('2025-09-25',989,9,1,2568,'C','1341500165811','2025-09-25 08:09:29'),('2025-09-25',992,9,1,2568,'C','1341500165811','2025-09-25 08:09:29'),('2025-09-25',999,9,1,2568,'C','1341500165811','2025-09-25 08:09:29'),('2025-09-29',1042,2,1,2568,'C','1341500165811','2025-09-29 01:09:50'),('2025-09-29',1043,2,1,2568,'C','1341500165811','2025-09-29 01:09:50'),('2025-09-29',1038,3,1,2568,'C','1341500165811','2025-09-29 01:09:59'),('2025-09-29',1039,3,1,2568,'C','1341500165811','2025-09-29 01:09:59'),('2025-09-29',1040,3,1,2568,'C','1341500165811','2025-09-29 01:09:59'),('2025-09-29',1041,3,1,2568,'C','1341500165811','2025-09-29 01:09:59'),('2025-09-29',1037,3,1,2568,'C','1341500165811','2025-09-29 01:09:59'),('2025-09-29',1026,4,1,2568,'C','1341500165811','2025-09-29 01:09:09'),('2025-09-29',1032,4,1,2568,'C','1341500165811','2025-09-29 01:09:09'),('2025-09-29',1044,4,1,2568,'C','1341500165811','2025-09-29 01:09:09'),('2025-09-29',1024,4,1,2568,'C','1341500165811','2025-09-29 01:09:09'),('2025-09-29',1027,4,1,2568,'C','1341500165811','2025-09-29 01:09:09'),('2025-09-29',1031,4,1,2568,'C','1341500165811','2025-09-29 01:09:09'),('2025-09-29',1034,4,1,2568,'C','1341500165811','2025-09-29 01:09:09'),('2025-09-29',1014,5,1,2568,'C','1341500165811','2025-09-29 01:09:28'),('2025-09-29',1015,5,1,2568,'C','1341500165811','2025-09-29 01:09:28'),('2025-09-29',1033,5,1,2568,'C','1341500165811','2025-09-29 01:09:28'),('2025-09-29',1045,5,1,2568,'C','1341500165811','2025-09-29 01:09:28'),('2025-09-29',1013,5,1,2568,'C','1341500165811','2025-09-29 01:09:28'),('2025-09-29',1004,6,1,2568,'C','1341500165811','2025-09-29 01:09:36'),('2025-09-29',1006,6,1,2568,'C','1341500165811','2025-09-29 01:09:36'),('2025-09-29',1007,6,1,2568,'C','1341500165811','2025-09-29 01:09:36'),('2025-09-29',1028,6,1,2568,'C','1341500165811','2025-09-29 01:09:36'),('2025-09-29',1046,6,1,2568,'C','1341500165811','2025-09-29 01:09:36'),('2025-09-29',1005,6,1,2568,'C','1341500165811','2025-09-29 01:09:36'),('2025-09-29',1029,6,1,2568,'C','1341500165811','2025-09-29 01:09:36'),('2025-09-29',969,7,1,2568,'C','1341500165811','2025-09-29 01:09:44'),('2025-09-29',984,7,1,2568,'C','1341500165811','2025-09-29 01:09:44'),('2025-09-29',1017,7,1,2568,'C','1341500165811','2025-09-29 01:09:44'),('2025-09-29',1030,7,1,2568,'C','1341500165811','2025-09-29 01:09:44'),('2025-09-29',985,7,1,2568,'C','1341500165811','2025-09-29 01:09:44'),('2025-09-29',1002,8,1,2568,'C','1341500165811','2025-09-29 01:09:57'),('2025-09-29',1008,8,1,2568,'C','1341500165811','2025-09-29 01:09:57'),('2025-09-29',1019,8,1,2568,'C','1341500165811','2025-09-29 01:09:57'),('2025-09-29',1020,8,1,2568,'C','1341500165811','2025-09-29 01:09:57'),('2025-09-29',975,8,1,2568,'C','1341500165811','2025-09-29 01:09:57'),('2025-09-29',987,8,1,2568,'C','1341500165811','2025-09-29 01:09:57'),('2025-09-29',1009,8,1,2568,'C','1341500165811','2025-09-29 01:09:57'),('2025-09-29',978,8,1,2568,'C','1341500165811','2025-09-29 01:09:57'),('2025-09-29',1010,9,1,2568,'C','1341500165811','2025-09-29 01:09:07'),('2025-09-29',1023,9,1,2568,'C','1341500165811','2025-09-29 01:09:07'),('2025-09-29',973,9,1,2568,'C','1341500165811','2025-09-29 01:09:07'),('2025-09-29',979,9,1,2568,'C','1341500165811','2025-09-29 01:09:07'),('2025-09-29',982,9,1,2568,'C','1341500165811','2025-09-29 01:09:07'),('2025-09-29',988,9,1,2568,'C','1341500165811','2025-09-29 01:09:07'),('2025-09-29',990,9,1,2568,'C','1341500165811','2025-09-29 01:09:07'),('2025-09-29',1003,9,1,2568,'C','1341500165811','2025-09-29 01:09:07'),('2025-09-29',1022,9,1,2568,'C','1341500165811','2025-09-29 01:09:07'),('2025-09-29',989,9,1,2568,'C','1341500165811','2025-09-29 01:09:07'),('2025-09-29',992,9,1,2568,'C','1341500165811','2025-09-29 01:09:07'),('2025-09-29',999,9,1,2568,'C','1341500165811','2025-09-29 01:09:07'),('2025-09-30',1042,2,1,2568,'C','1341500165811','2025-09-30 07:09:21'),('2025-09-30',1043,2,1,2568,'C','1341500165811','2025-09-30 07:09:21'),('2025-09-30',1038,3,1,2568,'C','1341500165811','2025-09-30 07:09:26'),('2025-09-30',1039,3,1,2568,'C','1341500165811','2025-09-30 07:09:26'),('2025-09-30',1040,3,1,2568,'C','1341500165811','2025-09-30 07:09:26'),('2025-09-30',1041,3,1,2568,'C','1341500165811','2025-09-30 07:09:26'),('2025-09-30',1037,3,1,2568,'C','1341500165811','2025-09-30 07:09:26'),('2025-09-30',1026,4,1,2568,'C','1341500165811','2025-09-30 07:09:32'),('2025-09-30',1032,4,1,2568,'C','1341500165811','2025-09-30 07:09:32'),('2025-09-30',1044,4,1,2568,'C','1341500165811','2025-09-30 07:09:32'),('2025-09-30',1024,4,1,2568,'C','1341500165811','2025-09-30 07:09:32'),('2025-09-30',1027,4,1,2568,'C','1341500165811','2025-09-30 07:09:32'),('2025-09-30',1031,4,1,2568,'C','1341500165811','2025-09-30 07:09:32'),('2025-09-30',1034,4,1,2568,'C','1341500165811','2025-09-30 07:09:32'),('2025-09-30',1014,5,1,2568,'C','1341500165811','2025-09-30 07:09:38'),('2025-09-30',1015,5,1,2568,'C','1341500165811','2025-09-30 07:09:38'),('2025-09-30',1033,5,1,2568,'C','1341500165811','2025-09-30 07:09:38'),('2025-09-30',1045,5,1,2568,'C','1341500165811','2025-09-30 07:09:38'),('2025-09-30',1013,5,1,2568,'C','1341500165811','2025-09-30 07:09:38'),('2025-09-30',1004,6,1,2568,'C','1341500165811','2025-09-30 07:09:43'),('2025-09-30',1006,6,1,2568,'C','1341500165811','2025-09-30 07:09:43'),('2025-09-30',1007,6,1,2568,'C','1341500165811','2025-09-30 07:09:43'),('2025-09-30',1028,6,1,2568,'C','1341500165811','2025-09-30 07:09:43'),('2025-09-30',1046,6,1,2568,'C','1341500165811','2025-09-30 07:09:43'),('2025-09-30',1005,6,1,2568,'C','1341500165811','2025-09-30 07:09:43'),('2025-09-30',1029,6,1,2568,'C','1341500165811','2025-09-30 07:09:43'),('2025-09-30',969,7,1,2568,'C','1341500165811','2025-09-30 07:09:47'),('2025-09-30',984,7,1,2568,'C','1341500165811','2025-09-30 07:09:47'),('2025-09-30',1017,7,1,2568,'C','1341500165811','2025-09-30 07:09:47'),('2025-09-30',1030,7,1,2568,'C','1341500165811','2025-09-30 07:09:47'),('2025-09-30',985,7,1,2568,'C','1341500165811','2025-09-30 07:09:47'),('2025-09-30',1002,8,1,2568,'C','1341500165811','2025-09-30 07:09:52'),('2025-09-30',1008,8,1,2568,'C','1341500165811','2025-09-30 07:09:52'),('2025-09-30',1019,8,1,2568,'C','1341500165811','2025-09-30 07:09:52'),('2025-09-30',1020,8,1,2568,'C','1341500165811','2025-09-30 07:09:52'),('2025-09-30',975,8,1,2568,'C','1341500165811','2025-09-30 07:09:52'),('2025-09-30',987,8,1,2568,'C','1341500165811','2025-09-30 07:09:52'),('2025-09-30',1009,8,1,2568,'C','1341500165811','2025-09-30 07:09:52'),('2025-09-30',978,8,1,2568,'C','1341500165811','2025-09-30 07:09:52'),('2025-09-30',1010,9,1,2568,'C','1341500165811','2025-09-30 07:09:56'),('2025-09-30',1023,9,1,2568,'C','1341500165811','2025-09-30 07:09:56'),('2025-09-30',973,9,1,2568,'C','1341500165811','2025-09-30 07:09:56'),('2025-09-30',979,9,1,2568,'C','1341500165811','2025-09-30 07:09:56'),('2025-09-30',982,9,1,2568,'C','1341500165811','2025-09-30 07:09:56'),('2025-09-30',988,9,1,2568,'C','1341500165811','2025-09-30 07:09:56'),('2025-09-30',990,9,1,2568,'C','1341500165811','2025-09-30 07:09:56'),('2025-09-30',1003,9,1,2568,'C','1341500165811','2025-09-30 07:09:56'),('2025-09-30',1022,9,1,2568,'C','1341500165811','2025-09-30 07:09:56'),('2025-09-30',989,9,1,2568,'C','1341500165811','2025-09-30 07:09:56'),('2025-09-30',992,9,1,2568,'C','1341500165811','2025-09-30 07:09:56'),('2025-09-30',999,9,1,2568,'C','1341500165811','2025-09-30 07:09:56'),('2025-09-26',1042,2,1,2568,'C','1341500165811','2025-09-30 07:09:23'),('2025-09-26',1043,2,1,2568,'C','1341500165811','2025-09-30 07:09:23'),('2025-09-26',1038,3,1,2568,'C','1341500165811','2025-09-30 07:09:31'),('2025-09-26',1039,3,1,2568,'C','1341500165811','2025-09-30 07:09:31'),('2025-09-26',1040,3,1,2568,'C','1341500165811','2025-09-30 07:09:31'),('2025-09-26',1041,3,1,2568,'C','1341500165811','2025-09-30 07:09:31'),('2025-09-26',1037,3,1,2568,'C','1341500165811','2025-09-30 07:09:31'),('2025-09-26',1026,4,1,2568,'C','1341500165811','2025-09-30 07:09:38'),('2025-09-26',1032,4,1,2568,'C','1341500165811','2025-09-30 07:09:38'),('2025-09-26',1044,4,1,2568,'C','1341500165811','2025-09-30 07:09:38'),('2025-09-26',1024,4,1,2568,'C','1341500165811','2025-09-30 07:09:38'),('2025-09-26',1027,4,1,2568,'C','1341500165811','2025-09-30 07:09:38'),('2025-09-26',1031,4,1,2568,'C','1341500165811','2025-09-30 07:09:38'),('2025-09-26',1034,4,1,2568,'C','1341500165811','2025-09-30 07:09:38'),('2025-09-26',1014,5,1,2568,'C','1341500165811','2025-09-30 07:09:44'),('2025-09-26',1015,5,1,2568,'C','1341500165811','2025-09-30 07:09:44'),('2025-09-26',1033,5,1,2568,'C','1341500165811','2025-09-30 07:09:44'),('2025-09-26',1045,5,1,2568,'C','1341500165811','2025-09-30 07:09:44'),('2025-09-26',1013,5,1,2568,'C','1341500165811','2025-09-30 07:09:44'),('2025-09-26',1004,6,1,2568,'C','1341500165811','2025-09-30 07:09:52'),('2025-09-26',1006,6,1,2568,'C','1341500165811','2025-09-30 07:09:52'),('2025-09-26',1007,6,1,2568,'C','1341500165811','2025-09-30 07:09:52'),('2025-09-26',1028,6,1,2568,'C','1341500165811','2025-09-30 07:09:52'),('2025-09-26',1046,6,1,2568,'C','1341500165811','2025-09-30 07:09:52'),('2025-09-26',1005,6,1,2568,'C','1341500165811','2025-09-30 07:09:52'),('2025-09-26',1029,6,1,2568,'C','1341500165811','2025-09-30 07:09:52'),('2025-09-26',969,7,1,2568,'C','1341500165811','2025-09-30 07:09:00'),('2025-09-26',984,7,1,2568,'C','1341500165811','2025-09-30 07:09:00'),('2025-09-26',1017,7,1,2568,'C','1341500165811','2025-09-30 07:09:00'),('2025-09-26',1030,7,1,2568,'C','1341500165811','2025-09-30 07:09:00'),('2025-09-26',985,7,1,2568,'C','1341500165811','2025-09-30 07:09:00'),('2025-09-26',1002,8,1,2568,'C','1341500165811','2025-09-30 07:09:06'),('2025-09-26',1008,8,1,2568,'C','1341500165811','2025-09-30 07:09:06'),('2025-09-26',1019,8,1,2568,'C','1341500165811','2025-09-30 07:09:06'),('2025-09-26',1020,8,1,2568,'C','1341500165811','2025-09-30 07:09:06'),('2025-09-26',975,8,1,2568,'C','1341500165811','2025-09-30 07:09:06'),('2025-09-26',987,8,1,2568,'C','1341500165811','2025-09-30 07:09:06'),('2025-09-26',1009,8,1,2568,'C','1341500165811','2025-09-30 07:09:06'),('2025-09-26',978,8,1,2568,'C','1341500165811','2025-09-30 07:09:06'),('2025-09-26',1010,9,1,2568,'C','1341500165811','2025-09-30 07:09:14'),('2025-09-26',1023,9,1,2568,'C','1341500165811','2025-09-30 07:09:14'),('2025-09-26',973,9,1,2568,'C','1341500165811','2025-09-30 07:09:14'),('2025-09-26',979,9,1,2568,'C','1341500165811','2025-09-30 07:09:14'),('2025-09-26',982,9,1,2568,'C','1341500165811','2025-09-30 07:09:14'),('2025-09-26',988,9,1,2568,'C','1341500165811','2025-09-30 07:09:14'),('2025-09-26',990,9,1,2568,'C','1341500165811','2025-09-30 07:09:14'),('2025-09-26',1003,9,1,2568,'C','1341500165811','2025-09-30 07:09:14'),('2025-09-26',1022,9,1,2568,'C','1341500165811','2025-09-30 07:09:14'),('2025-09-26',989,9,1,2568,'C','1341500165811','2025-09-30 07:09:14'),('2025-09-26',992,9,1,2568,'C','1341500165811','2025-09-30 07:09:14'),('2025-09-26',999,9,1,2568,'C','1341500165811','2025-09-30 07:09:14'),('2025-10-01',1042,2,1,2568,'C','1341500165811','2025-10-01 09:10:16'),('2025-10-01',1043,2,1,2568,'C','1341500165811','2025-10-01 09:10:16'),('2025-10-01',1038,3,1,2568,'C','1341500165811','2025-10-01 09:10:20'),('2025-10-01',1039,3,1,2568,'C','1341500165811','2025-10-01 09:10:20'),('2025-10-01',1040,3,1,2568,'C','1341500165811','2025-10-01 09:10:20'),('2025-10-01',1041,3,1,2568,'C','1341500165811','2025-10-01 09:10:20'),('2025-10-01',1037,3,1,2568,'C','1341500165811','2025-10-01 09:10:20'),('2025-10-01',1026,4,1,2568,'C','1341500165811','2025-10-01 09:10:24'),('2025-10-01',1032,4,1,2568,'C','1341500165811','2025-10-01 09:10:24'),('2025-10-01',1044,4,1,2568,'C','1341500165811','2025-10-01 09:10:24'),('2025-10-01',1024,4,1,2568,'C','1341500165811','2025-10-01 09:10:24'),('2025-10-01',1027,4,1,2568,'C','1341500165811','2025-10-01 09:10:24'),('2025-10-01',1031,4,1,2568,'C','1341500165811','2025-10-01 09:10:24'),('2025-10-01',1034,4,1,2568,'C','1341500165811','2025-10-01 09:10:24'),('2025-10-01',1014,5,1,2568,'C','1341500165811','2025-10-01 09:10:29'),('2025-10-01',1015,5,1,2568,'C','1341500165811','2025-10-01 09:10:29'),('2025-10-01',1033,5,1,2568,'C','1341500165811','2025-10-01 09:10:29'),('2025-10-01',1045,5,1,2568,'C','1341500165811','2025-10-01 09:10:29'),('2025-10-01',1013,5,1,2568,'C','1341500165811','2025-10-01 09:10:29'),('2025-10-01',1004,6,1,2568,'C','1341500165811','2025-10-01 09:10:33'),('2025-10-01',1006,6,1,2568,'C','1341500165811','2025-10-01 09:10:33'),('2025-10-01',1007,6,1,2568,'C','1341500165811','2025-10-01 09:10:33'),('2025-10-01',1028,6,1,2568,'C','1341500165811','2025-10-01 09:10:33'),('2025-10-01',1046,6,1,2568,'C','1341500165811','2025-10-01 09:10:33'),('2025-10-01',1005,6,1,2568,'C','1341500165811','2025-10-01 09:10:33'),('2025-10-01',1029,6,1,2568,'C','1341500165811','2025-10-01 09:10:33'),('2025-10-01',969,7,1,2568,'C','1341500165811','2025-10-01 09:10:38'),('2025-10-01',984,7,1,2568,'C','1341500165811','2025-10-01 09:10:38'),('2025-10-01',1017,7,1,2568,'C','1341500165811','2025-10-01 09:10:38'),('2025-10-01',1030,7,1,2568,'C','1341500165811','2025-10-01 09:10:38'),('2025-10-01',985,7,1,2568,'C','1341500165811','2025-10-01 09:10:38'),('2025-10-01',1002,8,1,2568,'C','1341500165811','2025-10-01 09:10:43'),('2025-10-01',1008,8,1,2568,'C','1341500165811','2025-10-01 09:10:43'),('2025-10-01',1019,8,1,2568,'C','1341500165811','2025-10-01 09:10:43'),('2025-10-01',1020,8,1,2568,'C','1341500165811','2025-10-01 09:10:43'),('2025-10-01',975,8,1,2568,'C','1341500165811','2025-10-01 09:10:43'),('2025-10-01',987,8,1,2568,'C','1341500165811','2025-10-01 09:10:43'),('2025-10-01',1009,8,1,2568,'C','1341500165811','2025-10-01 09:10:43'),('2025-10-01',978,8,1,2568,'C','1341500165811','2025-10-01 09:10:43'),('2025-10-01',1010,9,1,2568,'C','1341500165811','2025-10-01 09:10:48'),('2025-10-01',1023,9,1,2568,'C','1341500165811','2025-10-01 09:10:48'),('2025-10-01',973,9,1,2568,'C','1341500165811','2025-10-01 09:10:48'),('2025-10-01',979,9,1,2568,'C','1341500165811','2025-10-01 09:10:48'),('2025-10-01',982,9,1,2568,'C','1341500165811','2025-10-01 09:10:48'),('2025-10-01',988,9,1,2568,'C','1341500165811','2025-10-01 09:10:48'),('2025-10-01',990,9,1,2568,'C','1341500165811','2025-10-01 09:10:48'),('2025-10-01',1003,9,1,2568,'C','1341500165811','2025-10-01 09:10:48'),('2025-10-01',1022,9,1,2568,'C','1341500165811','2025-10-01 09:10:48'),('2025-10-01',989,9,1,2568,'C','1341500165811','2025-10-01 09:10:48'),('2025-10-01',992,9,1,2568,'C','1341500165811','2025-10-01 09:10:48'),('2025-10-01',999,9,1,2568,'C','1341500165811','2025-10-01 09:10:48'),('2025-10-02',1042,2,1,2568,'C','1341500165811','2025-10-02 09:10:12'),('2025-10-02',1043,2,1,2568,'C','1341500165811','2025-10-02 09:10:12'),('2025-10-02',1038,3,1,2568,'C','1341500165811','2025-10-02 09:10:36'),('2025-10-02',1039,3,1,2568,'C','1341500165811','2025-10-02 09:10:36'),('2025-10-02',1040,3,1,2568,'C','1341500165811','2025-10-02 09:10:36'),('2025-10-02',1041,3,1,2568,'C','1341500165811','2025-10-02 09:10:36'),('2025-10-02',1037,3,1,2568,'C','1341500165811','2025-10-02 09:10:36'),('2025-10-02',1026,4,1,2568,'C','1341500165811','2025-10-02 09:10:40'),('2025-10-02',1032,4,1,2568,'C','1341500165811','2025-10-02 09:10:40'),('2025-10-02',1044,4,1,2568,'C','1341500165811','2025-10-02 09:10:40'),('2025-10-02',1024,4,1,2568,'C','1341500165811','2025-10-02 09:10:40'),('2025-10-02',1027,4,1,2568,'C','1341500165811','2025-10-02 09:10:40'),('2025-10-02',1031,4,1,2568,'C','1341500165811','2025-10-02 09:10:40'),('2025-10-02',1034,4,1,2568,'C','1341500165811','2025-10-02 09:10:40'),('2025-10-02',1014,5,1,2568,'C','1341500165811','2025-10-02 09:10:45'),('2025-10-02',1015,5,1,2568,'C','1341500165811','2025-10-02 09:10:45'),('2025-10-02',1033,5,1,2568,'C','1341500165811','2025-10-02 09:10:45'),('2025-10-02',1045,5,1,2568,'C','1341500165811','2025-10-02 09:10:45'),('2025-10-02',1013,5,1,2568,'C','1341500165811','2025-10-02 09:10:45'),('2025-10-02',1004,6,1,2568,'C','1341500165811','2025-10-02 09:10:49'),('2025-10-02',1006,6,1,2568,'C','1341500165811','2025-10-02 09:10:49'),('2025-10-02',1007,6,1,2568,'C','1341500165811','2025-10-02 09:10:49'),('2025-10-02',1028,6,1,2568,'C','1341500165811','2025-10-02 09:10:49'),('2025-10-02',1046,6,1,2568,'C','1341500165811','2025-10-02 09:10:49'),('2025-10-02',1005,6,1,2568,'C','1341500165811','2025-10-02 09:10:49'),('2025-10-02',1029,6,1,2568,'C','1341500165811','2025-10-02 09:10:49'),('2025-10-02',969,7,1,2568,'C','1341500165811','2025-10-02 09:10:54'),('2025-10-02',984,7,1,2568,'C','1341500165811','2025-10-02 09:10:54'),('2025-10-02',1017,7,1,2568,'C','1341500165811','2025-10-02 09:10:54'),('2025-10-02',1030,7,1,2568,'C','1341500165811','2025-10-02 09:10:54'),('2025-10-02',985,7,1,2568,'C','1341500165811','2025-10-02 09:10:54'),('2025-10-02',1002,8,1,2568,'C','1341500165811','2025-10-02 09:10:59'),('2025-10-02',1008,8,1,2568,'C','1341500165811','2025-10-02 09:10:59'),('2025-10-02',1019,8,1,2568,'C','1341500165811','2025-10-02 09:10:59'),('2025-10-02',1020,8,1,2568,'C','1341500165811','2025-10-02 09:10:59'),('2025-10-02',975,8,1,2568,'C','1341500165811','2025-10-02 09:10:59'),('2025-10-02',987,8,1,2568,'C','1341500165811','2025-10-02 09:10:59'),('2025-10-02',1009,8,1,2568,'C','1341500165811','2025-10-02 09:10:59'),('2025-10-02',978,8,1,2568,'C','1341500165811','2025-10-02 09:10:59'),('2025-10-02',1010,9,1,2568,'C','1341500165811','2025-10-02 09:10:04'),('2025-10-02',1023,9,1,2568,'C','1341500165811','2025-10-02 09:10:04'),('2025-10-02',973,9,1,2568,'C','1341500165811','2025-10-02 09:10:04'),('2025-10-02',979,9,1,2568,'C','1341500165811','2025-10-02 09:10:04'),('2025-10-02',982,9,1,2568,'C','1341500165811','2025-10-02 09:10:04'),('2025-10-02',988,9,1,2568,'C','1341500165811','2025-10-02 09:10:04'),('2025-10-02',990,9,1,2568,'C','1341500165811','2025-10-02 09:10:04'),('2025-10-02',1003,9,1,2568,'C','1341500165811','2025-10-02 09:10:04'),('2025-10-02',1022,9,1,2568,'C','1341500165811','2025-10-02 09:10:04'),('2025-10-02',989,9,1,2568,'C','1341500165811','2025-10-02 09:10:04'),('2025-10-02',992,9,1,2568,'C','1341500165811','2025-10-02 09:10:04'),('2025-10-02',999,9,1,2568,'C','1341500165811','2025-10-02 09:10:04'),('2025-10-03',1042,2,1,2568,'C','1341500165811','2025-10-03 12:10:14'),('2025-10-03',1043,2,1,2568,'C','1341500165811','2025-10-03 12:10:14'),('2025-10-03',1038,3,1,2568,'C','1341500165811','2025-10-03 12:10:22'),('2025-10-03',1039,3,1,2568,'C','1341500165811','2025-10-03 12:10:22'),('2025-10-03',1040,3,1,2568,'C','1341500165811','2025-10-03 12:10:22'),('2025-10-03',1041,3,1,2568,'C','1341500165811','2025-10-03 12:10:22'),('2025-10-03',1037,3,1,2568,'C','1341500165811','2025-10-03 12:10:22'),('2025-10-03',1026,4,1,2568,'C','1341500165811','2025-10-03 12:10:34'),('2025-10-03',1032,4,1,2568,'C','1341500165811','2025-10-03 12:10:34'),('2025-10-03',1044,4,1,2568,'C','1341500165811','2025-10-03 12:10:34'),('2025-10-03',1024,4,1,2568,'C','1341500165811','2025-10-03 12:10:34'),('2025-10-03',1027,4,1,2568,'C','1341500165811','2025-10-03 12:10:34'),('2025-10-03',1031,4,1,2568,'C','1341500165811','2025-10-03 12:10:34'),('2025-10-03',1034,4,1,2568,'C','1341500165811','2025-10-03 12:10:34'),('2025-10-03',1014,5,1,2568,'C','1341500165811','2025-10-03 12:10:48'),('2025-10-03',1015,5,1,2568,'C','1341500165811','2025-10-03 12:10:48'),('2025-10-03',1033,5,1,2568,'C','1341500165811','2025-10-03 12:10:48'),('2025-10-03',1045,5,1,2568,'C','1341500165811','2025-10-03 12:10:48'),('2025-10-03',1013,5,1,2568,'C','1341500165811','2025-10-03 12:10:48'),('2025-10-03',1004,6,1,2568,'C','1341500165811','2025-10-03 12:10:57'),('2025-10-03',1006,6,1,2568,'C','1341500165811','2025-10-03 12:10:57'),('2025-10-03',1007,6,1,2568,'C','1341500165811','2025-10-03 12:10:57'),('2025-10-03',1028,6,1,2568,'C','1341500165811','2025-10-03 12:10:57'),('2025-10-03',1046,6,1,2568,'C','1341500165811','2025-10-03 12:10:57'),('2025-10-03',1005,6,1,2568,'C','1341500165811','2025-10-03 12:10:57'),('2025-10-03',1029,6,1,2568,'C','1341500165811','2025-10-03 12:10:57'),('2025-10-03',969,7,1,2568,'C','1341500165811','2025-10-03 12:10:06'),('2025-10-03',984,7,1,2568,'C','1341500165811','2025-10-03 12:10:06'),('2025-10-03',1017,7,1,2568,'C','1341500165811','2025-10-03 12:10:06'),('2025-10-03',1030,7,1,2568,'C','1341500165811','2025-10-03 12:10:06'),('2025-10-03',985,7,1,2568,'C','1341500165811','2025-10-03 12:10:06'),('2025-10-03',1002,8,1,2568,'C','1341500165811','2025-10-03 12:10:19'),('2025-10-03',1008,8,1,2568,'C','1341500165811','2025-10-03 12:10:19'),('2025-10-03',1019,8,1,2568,'C','1341500165811','2025-10-03 12:10:19'),('2025-10-03',1020,8,1,2568,'C','1341500165811','2025-10-03 12:10:19'),('2025-10-03',975,8,1,2568,'C','1341500165811','2025-10-03 12:10:19'),('2025-10-03',987,8,1,2568,'C','1341500165811','2025-10-03 12:10:19'),('2025-10-03',1009,8,1,2568,'C','1341500165811','2025-10-03 12:10:19'),('2025-10-03',978,8,1,2568,'C','1341500165811','2025-10-03 12:10:19'),('2025-10-03',1010,9,1,2568,'C','1341500165811','2025-10-03 12:10:32'),('2025-10-03',1023,9,1,2568,'C','1341500165811','2025-10-03 12:10:32'),('2025-10-03',973,9,1,2568,'C','1341500165811','2025-10-03 12:10:32'),('2025-10-03',979,9,1,2568,'C','1341500165811','2025-10-03 12:10:32'),('2025-10-03',982,9,1,2568,'C','1341500165811','2025-10-03 12:10:32'),('2025-10-03',988,9,1,2568,'C','1341500165811','2025-10-03 12:10:32'),('2025-10-03',990,9,1,2568,'C','1341500165811','2025-10-03 12:10:32'),('2025-10-03',1003,9,1,2568,'C','1341500165811','2025-10-03 12:10:32'),('2025-10-03',1022,9,1,2568,'C','1341500165811','2025-10-03 12:10:32'),('2025-10-03',989,9,1,2568,'C','1341500165811','2025-10-03 12:10:32'),('2025-10-03',992,9,1,2568,'C','1341500165811','2025-10-03 12:10:32'),('2025-10-03',999,9,1,2568,'C','1341500165811','2025-10-03 12:10:32'),('2025-10-06',1042,2,1,2568,'C','1341500165811','2025-10-06 08:10:57'),('2025-10-06',1043,2,1,2568,'C','1341500165811','2025-10-06 08:10:57'),('2025-10-06',1038,3,1,2568,'C','1341500165811','2025-10-06 08:10:02'),('2025-10-06',1039,3,1,2568,'C','1341500165811','2025-10-06 08:10:02'),('2025-10-06',1040,3,1,2568,'C','1341500165811','2025-10-06 08:10:02'),('2025-10-06',1041,3,1,2568,'C','1341500165811','2025-10-06 08:10:02'),('2025-10-06',1037,3,1,2568,'C','1341500165811','2025-10-06 08:10:02'),('2025-10-06',1026,4,1,2568,'C','1341500165811','2025-10-06 08:10:06'),('2025-10-06',1032,4,1,2568,'C','1341500165811','2025-10-06 08:10:06'),('2025-10-06',1044,4,1,2568,'C','1341500165811','2025-10-06 08:10:06'),('2025-10-06',1024,4,1,2568,'C','1341500165811','2025-10-06 08:10:06'),('2025-10-06',1027,4,1,2568,'C','1341500165811','2025-10-06 08:10:06'),('2025-10-06',1031,4,1,2568,'C','1341500165811','2025-10-06 08:10:06'),('2025-10-06',1034,4,1,2568,'C','1341500165811','2025-10-06 08:10:06'),('2025-10-06',1014,5,1,2568,'C','1341500165811','2025-10-06 08:10:11'),('2025-10-06',1015,5,1,2568,'C','1341500165811','2025-10-06 08:10:11'),('2025-10-06',1033,5,1,2568,'C','1341500165811','2025-10-06 08:10:11'),('2025-10-06',1045,5,1,2568,'C','1341500165811','2025-10-06 08:10:11'),('2025-10-06',1013,5,1,2568,'C','1341500165811','2025-10-06 08:10:11'),('2025-10-06',1004,6,1,2568,'C','1341500165811','2025-10-06 08:10:15'),('2025-10-06',1006,6,1,2568,'C','1341500165811','2025-10-06 08:10:15'),('2025-10-06',1007,6,1,2568,'C','1341500165811','2025-10-06 08:10:15'),('2025-10-06',1028,6,1,2568,'C','1341500165811','2025-10-06 08:10:15'),('2025-10-06',1046,6,1,2568,'C','1341500165811','2025-10-06 08:10:15'),('2025-10-06',1005,6,1,2568,'C','1341500165811','2025-10-06 08:10:15'),('2025-10-06',1029,6,1,2568,'C','1341500165811','2025-10-06 08:10:15'),('2025-10-06',969,7,1,2568,'C','1341500165811','2025-10-06 08:10:20'),('2025-10-06',984,7,1,2568,'C','1341500165811','2025-10-06 08:10:20'),('2025-10-06',1017,7,1,2568,'C','1341500165811','2025-10-06 08:10:20'),('2025-10-06',1030,7,1,2568,'C','1341500165811','2025-10-06 08:10:20'),('2025-10-06',985,7,1,2568,'C','1341500165811','2025-10-06 08:10:20'),('2025-10-06',1002,8,1,2568,'C','1341500165811','2025-10-06 08:10:24'),('2025-10-06',1008,8,1,2568,'C','1341500165811','2025-10-06 08:10:24'),('2025-10-06',1019,8,1,2568,'C','1341500165811','2025-10-06 08:10:24'),('2025-10-06',1020,8,1,2568,'C','1341500165811','2025-10-06 08:10:24'),('2025-10-06',975,8,1,2568,'C','1341500165811','2025-10-06 08:10:24'),('2025-10-06',987,8,1,2568,'C','1341500165811','2025-10-06 08:10:24'),('2025-10-06',1009,8,1,2568,'C','1341500165811','2025-10-06 08:10:24'),('2025-10-06',978,8,1,2568,'C','1341500165811','2025-10-06 08:10:24'),('2025-10-06',1010,9,1,2568,'C','1341500165811','2025-10-06 08:10:28'),('2025-10-06',1023,9,1,2568,'C','1341500165811','2025-10-06 08:10:28'),('2025-10-06',973,9,1,2568,'C','1341500165811','2025-10-06 08:10:28'),('2025-10-06',979,9,1,2568,'C','1341500165811','2025-10-06 08:10:28'),('2025-10-06',982,9,1,2568,'C','1341500165811','2025-10-06 08:10:28'),('2025-10-06',988,9,1,2568,'C','1341500165811','2025-10-06 08:10:28'),('2025-10-06',990,9,1,2568,'C','1341500165811','2025-10-06 08:10:28'),('2025-10-06',1003,9,1,2568,'C','1341500165811','2025-10-06 08:10:28'),('2025-10-06',1022,9,1,2568,'C','1341500165811','2025-10-06 08:10:28'),('2025-10-06',989,9,1,2568,'C','1341500165811','2025-10-06 08:10:28'),('2025-10-06',992,9,1,2568,'C','1341500165811','2025-10-06 08:10:28'),('2025-10-06',999,9,1,2568,'C','1341500165811','2025-10-06 08:10:28'),('2025-10-07',1042,2,1,2568,'C','1341500165811','2025-10-07 09:10:16'),('2025-10-07',1043,2,1,2568,'C','1341500165811','2025-10-07 09:10:16'),('2025-10-07',1038,3,1,2568,'C','1341500165811','2025-10-07 09:10:24'),('2025-10-07',1039,3,1,2568,'C','1341500165811','2025-10-07 09:10:24'),('2025-10-07',1040,3,1,2568,'C','1341500165811','2025-10-07 09:10:24'),('2025-10-07',1041,3,1,2568,'C','1341500165811','2025-10-07 09:10:24'),('2025-10-07',1037,3,1,2568,'C','1341500165811','2025-10-07 09:10:24'),('2025-10-07',1026,4,1,2568,'C','1341500165811','2025-10-07 09:10:31'),('2025-10-07',1032,4,1,2568,'C','1341500165811','2025-10-07 09:10:31'),('2025-10-07',1044,4,1,2568,'C','1341500165811','2025-10-07 09:10:31'),('2025-10-07',1024,4,1,2568,'C','1341500165811','2025-10-07 09:10:31'),('2025-10-07',1027,4,1,2568,'C','1341500165811','2025-10-07 09:10:31'),('2025-10-07',1031,4,1,2568,'C','1341500165811','2025-10-07 09:10:31'),('2025-10-07',1034,4,1,2568,'C','1341500165811','2025-10-07 09:10:31'),('2025-10-07',1014,5,1,2568,'C','1341500165811','2025-10-07 09:10:40'),('2025-10-07',1015,5,1,2568,'C','1341500165811','2025-10-07 09:10:40'),('2025-10-07',1033,5,1,2568,'C','1341500165811','2025-10-07 09:10:40'),('2025-10-07',1045,5,1,2568,'C','1341500165811','2025-10-07 09:10:40'),('2025-10-07',1013,5,1,2568,'C','1341500165811','2025-10-07 09:10:40'),('2025-10-07',1004,6,1,2568,'C','1341500165811','2025-10-07 09:10:48'),('2025-10-07',1006,6,1,2568,'C','1341500165811','2025-10-07 09:10:48'),('2025-10-07',1007,6,1,2568,'C','1341500165811','2025-10-07 09:10:48'),('2025-10-07',1028,6,1,2568,'C','1341500165811','2025-10-07 09:10:48'),('2025-10-07',1046,6,1,2568,'C','1341500165811','2025-10-07 09:10:48'),('2025-10-07',1005,6,1,2568,'C','1341500165811','2025-10-07 09:10:48'),('2025-10-07',1029,6,1,2568,'C','1341500165811','2025-10-07 09:10:48'),('2025-10-07',969,7,1,2568,'C','1341500165811','2025-10-07 09:10:56'),('2025-10-07',984,7,1,2568,'C','1341500165811','2025-10-07 09:10:56'),('2025-10-07',1017,7,1,2568,'C','1341500165811','2025-10-07 09:10:56'),('2025-10-07',1030,7,1,2568,'C','1341500165811','2025-10-07 09:10:56'),('2025-10-07',985,7,1,2568,'C','1341500165811','2025-10-07 09:10:56'),('2025-10-07',1002,8,1,2568,'C','1341500165811','2025-10-07 09:10:05'),('2025-10-07',1008,8,1,2568,'C','1341500165811','2025-10-07 09:10:05'),('2025-10-07',1019,8,1,2568,'C','1341500165811','2025-10-07 09:10:05'),('2025-10-07',1020,8,1,2568,'C','1341500165811','2025-10-07 09:10:05'),('2025-10-07',975,8,1,2568,'C','1341500165811','2025-10-07 09:10:05'),('2025-10-07',987,8,1,2568,'C','1341500165811','2025-10-07 09:10:05'),('2025-10-07',1009,8,1,2568,'C','1341500165811','2025-10-07 09:10:05'),('2025-10-07',978,8,1,2568,'C','1341500165811','2025-10-07 09:10:05'),('2025-10-07',1010,9,1,2568,'C','1341500165811','2025-10-07 09:10:14'),('2025-10-07',1023,9,1,2568,'C','1341500165811','2025-10-07 09:10:14'),('2025-10-07',973,9,1,2568,'C','1341500165811','2025-10-07 09:10:14'),('2025-10-07',979,9,1,2568,'C','1341500165811','2025-10-07 09:10:14'),('2025-10-07',982,9,1,2568,'C','1341500165811','2025-10-07 09:10:14'),('2025-10-07',988,9,1,2568,'C','1341500165811','2025-10-07 09:10:14'),('2025-10-07',990,9,1,2568,'C','1341500165811','2025-10-07 09:10:14'),('2025-10-07',1003,9,1,2568,'C','1341500165811','2025-10-07 09:10:14'),('2025-10-07',1022,9,1,2568,'C','1341500165811','2025-10-07 09:10:14'),('2025-10-07',989,9,1,2568,'C','1341500165811','2025-10-07 09:10:14'),('2025-10-07',992,9,1,2568,'C','1341500165811','2025-10-07 09:10:14'),('2025-10-07',999,9,1,2568,'C','1341500165811','2025-10-07 09:10:14'),('2025-10-08',1042,2,1,2568,'C','1341500165811','2025-10-08 09:10:21'),('2025-10-08',1043,2,1,2568,'C','1341500165811','2025-10-08 09:10:21'),('2025-10-08',1038,3,1,2568,'C','1341500165811','2025-10-08 09:10:26'),('2025-10-08',1039,3,1,2568,'C','1341500165811','2025-10-08 09:10:26'),('2025-10-08',1040,3,1,2568,'C','1341500165811','2025-10-08 09:10:26'),('2025-10-08',1041,3,1,2568,'C','1341500165811','2025-10-08 09:10:26'),('2025-10-08',1037,3,1,2568,'C','1341500165811','2025-10-08 09:10:26'),('2025-10-08',1026,4,1,2568,'C','1341500165811','2025-10-08 09:10:30'),('2025-10-08',1032,4,1,2568,'C','1341500165811','2025-10-08 09:10:30'),('2025-10-08',1044,4,1,2568,'C','1341500165811','2025-10-08 09:10:30'),('2025-10-08',1024,4,1,2568,'C','1341500165811','2025-10-08 09:10:30'),('2025-10-08',1027,4,1,2568,'C','1341500165811','2025-10-08 09:10:30'),('2025-10-08',1031,4,1,2568,'C','1341500165811','2025-10-08 09:10:30'),('2025-10-08',1034,4,1,2568,'C','1341500165811','2025-10-08 09:10:30'),('2025-10-08',1014,5,1,2568,'C','1341500165811','2025-10-08 09:10:36'),('2025-10-08',1015,5,1,2568,'C','1341500165811','2025-10-08 09:10:36'),('2025-10-08',1033,5,1,2568,'C','1341500165811','2025-10-08 09:10:36'),('2025-10-08',1045,5,1,2568,'C','1341500165811','2025-10-08 09:10:36'),('2025-10-08',1013,5,1,2568,'C','1341500165811','2025-10-08 09:10:36'),('2025-10-08',1004,6,1,2568,'C','1341500165811','2025-10-08 09:10:40'),('2025-10-08',1006,6,1,2568,'C','1341500165811','2025-10-08 09:10:40'),('2025-10-08',1007,6,1,2568,'C','1341500165811','2025-10-08 09:10:40'),('2025-10-08',1028,6,1,2568,'C','1341500165811','2025-10-08 09:10:40'),('2025-10-08',1046,6,1,2568,'C','1341500165811','2025-10-08 09:10:40'),('2025-10-08',1005,6,1,2568,'C','1341500165811','2025-10-08 09:10:40'),('2025-10-08',1029,6,1,2568,'C','1341500165811','2025-10-08 09:10:40'),('2025-10-08',969,7,1,2568,'C','1341500165811','2025-10-08 09:10:45'),('2025-10-08',984,7,1,2568,'C','1341500165811','2025-10-08 09:10:45'),('2025-10-08',1017,7,1,2568,'C','1341500165811','2025-10-08 09:10:45'),('2025-10-08',1030,7,1,2568,'C','1341500165811','2025-10-08 09:10:45'),('2025-10-08',985,7,1,2568,'C','1341500165811','2025-10-08 09:10:45'),('2025-10-08',1002,8,1,2568,'C','1341500165811','2025-10-08 09:10:49'),('2025-10-08',1008,8,1,2568,'C','1341500165811','2025-10-08 09:10:49'),('2025-10-08',1019,8,1,2568,'C','1341500165811','2025-10-08 09:10:49'),('2025-10-08',1020,8,1,2568,'C','1341500165811','2025-10-08 09:10:49'),('2025-10-08',975,8,1,2568,'C','1341500165811','2025-10-08 09:10:49'),('2025-10-08',987,8,1,2568,'C','1341500165811','2025-10-08 09:10:49'),('2025-10-08',1009,8,1,2568,'C','1341500165811','2025-10-08 09:10:49'),('2025-10-08',978,8,1,2568,'C','1341500165811','2025-10-08 09:10:49'),('2025-10-08',1010,9,1,2568,'C','1341500165811','2025-10-08 09:10:54'),('2025-10-08',1023,9,1,2568,'C','1341500165811','2025-10-08 09:10:54'),('2025-10-08',973,9,1,2568,'C','1341500165811','2025-10-08 09:10:54'),('2025-10-08',979,9,1,2568,'C','1341500165811','2025-10-08 09:10:54'),('2025-10-08',982,9,1,2568,'C','1341500165811','2025-10-08 09:10:54'),('2025-10-08',988,9,1,2568,'C','1341500165811','2025-10-08 09:10:54'),('2025-10-08',990,9,1,2568,'C','1341500165811','2025-10-08 09:10:54'),('2025-10-08',1003,9,1,2568,'C','1341500165811','2025-10-08 09:10:54'),('2025-10-08',1022,9,1,2568,'C','1341500165811','2025-10-08 09:10:54'),('2025-10-08',989,9,1,2568,'C','1341500165811','2025-10-08 09:10:54'),('2025-10-08',992,9,1,2568,'C','1341500165811','2025-10-08 09:10:54'),('2025-10-08',999,9,1,2568,'C','1341500165811','2025-10-08 09:10:54'),('2025-10-09',1042,2,1,2568,'C','1341500165811','2025-10-09 12:10:30'),('2025-10-09',1043,2,1,2568,'C','1341500165811','2025-10-09 12:10:30'),('2025-10-09',1038,3,1,2568,'C','1341500165811','2025-10-09 12:10:35'),('2025-10-09',1039,3,1,2568,'C','1341500165811','2025-10-09 12:10:35'),('2025-10-09',1040,3,1,2568,'C','1341500165811','2025-10-09 12:10:35'),('2025-10-09',1041,3,1,2568,'C','1341500165811','2025-10-09 12:10:35'),('2025-10-09',1037,3,1,2568,'C','1341500165811','2025-10-09 12:10:35'),('2025-10-09',1026,4,1,2568,'C','1341500165811','2025-10-09 12:10:40'),('2025-10-09',1032,4,1,2568,'C','1341500165811','2025-10-09 12:10:40'),('2025-10-09',1044,4,1,2568,'C','1341500165811','2025-10-09 12:10:40'),('2025-10-09',1024,4,1,2568,'C','1341500165811','2025-10-09 12:10:40'),('2025-10-09',1027,4,1,2568,'C','1341500165811','2025-10-09 12:10:40'),('2025-10-09',1031,4,1,2568,'C','1341500165811','2025-10-09 12:10:40'),('2025-10-09',1034,4,1,2568,'C','1341500165811','2025-10-09 12:10:40'),('2025-10-09',1014,5,1,2568,'C','1341500165811','2025-10-09 12:10:44'),('2025-10-09',1015,5,1,2568,'C','1341500165811','2025-10-09 12:10:44'),('2025-10-09',1033,5,1,2568,'C','1341500165811','2025-10-09 12:10:44'),('2025-10-09',1045,5,1,2568,'C','1341500165811','2025-10-09 12:10:44'),('2025-10-09',1013,5,1,2568,'C','1341500165811','2025-10-09 12:10:44'),('2025-10-09',1004,6,1,2568,'C','1341500165811','2025-10-09 12:10:50');
INSERT INTO `student_check_main` VALUES ('2025-10-09',1006,6,1,2568,'C','1341500165811','2025-10-09 12:10:50'),('2025-10-09',1007,6,1,2568,'C','1341500165811','2025-10-09 12:10:50'),('2025-10-09',1028,6,1,2568,'C','1341500165811','2025-10-09 12:10:50'),('2025-10-09',1046,6,1,2568,'C','1341500165811','2025-10-09 12:10:50'),('2025-10-09',1005,6,1,2568,'C','1341500165811','2025-10-09 12:10:50'),('2025-10-09',1029,6,1,2568,'C','1341500165811','2025-10-09 12:10:50'),('2025-10-09',969,7,1,2568,'C','1341500165811','2025-10-09 12:10:57'),('2025-10-09',984,7,1,2568,'C','1341500165811','2025-10-09 12:10:57'),('2025-10-09',1017,7,1,2568,'C','1341500165811','2025-10-09 12:10:57'),('2025-10-09',1030,7,1,2568,'C','1341500165811','2025-10-09 12:10:57'),('2025-10-09',985,7,1,2568,'C','1341500165811','2025-10-09 12:10:57'),('2025-10-09',1002,8,1,2568,'C','1341500165811','2025-10-09 12:10:02'),('2025-10-09',1008,8,1,2568,'C','1341500165811','2025-10-09 12:10:02'),('2025-10-09',1019,8,1,2568,'C','1341500165811','2025-10-09 12:10:02'),('2025-10-09',1020,8,1,2568,'C','1341500165811','2025-10-09 12:10:02'),('2025-10-09',975,8,1,2568,'C','1341500165811','2025-10-09 12:10:02'),('2025-10-09',987,8,1,2568,'C','1341500165811','2025-10-09 12:10:02'),('2025-10-09',1009,8,1,2568,'C','1341500165811','2025-10-09 12:10:02'),('2025-10-09',978,8,1,2568,'C','1341500165811','2025-10-09 12:10:02'),('2025-10-09',1010,9,1,2568,'C','1341500165811','2025-10-09 12:10:07'),('2025-10-09',1023,9,1,2568,'C','1341500165811','2025-10-09 12:10:07'),('2025-10-09',973,9,1,2568,'C','1341500165811','2025-10-09 12:10:07'),('2025-10-09',979,9,1,2568,'C','1341500165811','2025-10-09 12:10:07'),('2025-10-09',982,9,1,2568,'C','1341500165811','2025-10-09 12:10:07'),('2025-10-09',988,9,1,2568,'C','1341500165811','2025-10-09 12:10:07'),('2025-10-09',990,9,1,2568,'C','1341500165811','2025-10-09 12:10:07'),('2025-10-09',1003,9,1,2568,'C','1341500165811','2025-10-09 12:10:07'),('2025-10-09',1022,9,1,2568,'C','1341500165811','2025-10-09 12:10:07'),('2025-10-09',989,9,1,2568,'C','1341500165811','2025-10-09 12:10:07'),('2025-10-09',992,9,1,2568,'C','1341500165811','2025-10-09 12:10:07'),('2025-10-09',999,9,1,2568,'C','1341500165811','2025-10-09 12:10:07'),('2025-10-10',1042,2,1,2568,'C','1341500165811','2025-10-10 03:10:33'),('2025-10-10',1043,2,1,2568,'C','1341500165811','2025-10-10 03:10:33'),('2025-10-10',1038,3,1,2568,'C','1341500165811','2025-10-10 03:10:37'),('2025-10-10',1039,3,1,2568,'C','1341500165811','2025-10-10 03:10:37'),('2025-10-10',1040,3,1,2568,'C','1341500165811','2025-10-10 03:10:37'),('2025-10-10',1041,3,1,2568,'C','1341500165811','2025-10-10 03:10:37'),('2025-10-10',1037,3,1,2568,'C','1341500165811','2025-10-10 03:10:37'),('2025-10-10',1026,4,1,2568,'C','1341500165811','2025-10-10 03:10:42'),('2025-10-10',1032,4,1,2568,'C','1341500165811','2025-10-10 03:10:42'),('2025-10-10',1044,4,1,2568,'C','1341500165811','2025-10-10 03:10:42'),('2025-10-10',1024,4,1,2568,'C','1341500165811','2025-10-10 03:10:42'),('2025-10-10',1027,4,1,2568,'C','1341500165811','2025-10-10 03:10:42'),('2025-10-10',1031,4,1,2568,'C','1341500165811','2025-10-10 03:10:42'),('2025-10-10',1034,4,1,2568,'C','1341500165811','2025-10-10 03:10:42'),('2025-10-10',1014,5,1,2568,'C','1341500165811','2025-10-10 03:10:47'),('2025-10-10',1015,5,1,2568,'C','1341500165811','2025-10-10 03:10:47'),('2025-10-10',1033,5,1,2568,'C','1341500165811','2025-10-10 03:10:47'),('2025-10-10',1045,5,1,2568,'C','1341500165811','2025-10-10 03:10:47'),('2025-10-10',1013,5,1,2568,'C','1341500165811','2025-10-10 03:10:47'),('2025-10-10',1004,6,1,2568,'C','1341500165811','2025-10-10 03:10:53'),('2025-10-10',1006,6,1,2568,'C','1341500165811','2025-10-10 03:10:53'),('2025-10-10',1007,6,1,2568,'C','1341500165811','2025-10-10 03:10:53'),('2025-10-10',1028,6,1,2568,'C','1341500165811','2025-10-10 03:10:53'),('2025-10-10',1046,6,1,2568,'C','1341500165811','2025-10-10 03:10:53'),('2025-10-10',1005,6,1,2568,'C','1341500165811','2025-10-10 03:10:53'),('2025-10-10',1029,6,1,2568,'C','1341500165811','2025-10-10 03:10:53'),('2025-10-10',969,7,1,2568,'C','1341500165811','2025-10-10 03:10:58'),('2025-10-10',984,7,1,2568,'C','1341500165811','2025-10-10 03:10:58'),('2025-10-10',1017,7,1,2568,'C','1341500165811','2025-10-10 03:10:58'),('2025-10-10',1030,7,1,2568,'C','1341500165811','2025-10-10 03:10:58'),('2025-10-10',985,7,1,2568,'C','1341500165811','2025-10-10 03:10:58'),('2025-10-10',1002,8,1,2568,'C','1341500165811','2025-10-10 03:10:04'),('2025-10-10',1008,8,1,2568,'C','1341500165811','2025-10-10 03:10:04'),('2025-10-10',1019,8,1,2568,'C','1341500165811','2025-10-10 03:10:04'),('2025-10-10',1020,8,1,2568,'C','1341500165811','2025-10-10 03:10:04'),('2025-10-10',975,8,1,2568,'C','1341500165811','2025-10-10 03:10:04'),('2025-10-10',987,8,1,2568,'C','1341500165811','2025-10-10 03:10:04'),('2025-10-10',1009,8,1,2568,'C','1341500165811','2025-10-10 03:10:04'),('2025-10-10',978,8,1,2568,'C','1341500165811','2025-10-10 03:10:04'),('2025-10-10',1010,9,1,2568,'C','1341500165811','2025-10-10 03:10:08'),('2025-10-10',1023,9,1,2568,'C','1341500165811','2025-10-10 03:10:08'),('2025-10-10',973,9,1,2568,'C','1341500165811','2025-10-10 03:10:08'),('2025-10-10',979,9,1,2568,'C','1341500165811','2025-10-10 03:10:08'),('2025-10-10',982,9,1,2568,'C','1341500165811','2025-10-10 03:10:08'),('2025-10-10',988,9,1,2568,'C','1341500165811','2025-10-10 03:10:08'),('2025-10-10',990,9,1,2568,'C','1341500165811','2025-10-10 03:10:08'),('2025-10-10',1003,9,1,2568,'C','1341500165811','2025-10-10 03:10:08'),('2025-10-10',1022,9,1,2568,'C','1341500165811','2025-10-10 03:10:08'),('2025-10-10',989,9,1,2568,'C','1341500165811','2025-10-10 03:10:08'),('2025-10-10',992,9,1,2568,'C','1341500165811','2025-10-10 03:10:08'),('2025-10-10',999,9,1,2568,'C','1341500165811','2025-10-10 03:10:08'),('2025-11-03',1042,2,1,2568,'C','1341500165811','2025-11-03 08:11:06'),('2025-11-03',1043,2,1,2568,'C','1341500165811','2025-11-03 08:11:06'),('2025-11-03',1038,3,1,2568,'C','1341500165811','2025-11-03 08:11:13'),('2025-11-03',1039,3,1,2568,'C','1341500165811','2025-11-03 08:11:13'),('2025-11-03',1040,3,1,2568,'C','1341500165811','2025-11-03 08:11:13'),('2025-11-03',1041,3,1,2568,'C','1341500165811','2025-11-03 08:11:13'),('2025-11-03',1037,3,1,2568,'C','1341500165811','2025-11-03 08:11:13'),('2025-11-03',1026,4,1,2568,'C','1341500165811','2025-11-03 08:11:19'),('2025-11-03',1032,4,1,2568,'C','1341500165811','2025-11-03 08:11:19'),('2025-11-03',1044,4,1,2568,'C','1341500165811','2025-11-03 08:11:19'),('2025-11-03',1024,4,1,2568,'C','1341500165811','2025-11-03 08:11:19'),('2025-11-03',1027,4,1,2568,'C','1341500165811','2025-11-03 08:11:19'),('2025-11-03',1031,4,1,2568,'C','1341500165811','2025-11-03 08:11:19'),('2025-11-03',1034,4,1,2568,'C','1341500165811','2025-11-03 08:11:19'),('2025-11-03',1014,5,1,2568,'C','1341500165811','2025-11-03 08:11:24'),('2025-11-03',1015,5,1,2568,'C','1341500165811','2025-11-03 08:11:24'),('2025-11-03',1033,5,1,2568,'C','1341500165811','2025-11-03 08:11:24'),('2025-11-03',1045,5,1,2568,'C','1341500165811','2025-11-03 08:11:24'),('2025-11-03',1013,5,1,2568,'C','1341500165811','2025-11-03 08:11:24'),('2025-11-03',1004,6,1,2568,'C','1341500165811','2025-11-03 08:11:29'),('2025-11-03',1006,6,1,2568,'C','1341500165811','2025-11-03 08:11:29'),('2025-11-03',1007,6,1,2568,'C','1341500165811','2025-11-03 08:11:29'),('2025-11-03',1028,6,1,2568,'C','1341500165811','2025-11-03 08:11:29'),('2025-11-03',1046,6,1,2568,'C','1341500165811','2025-11-03 08:11:29'),('2025-11-03',1005,6,1,2568,'C','1341500165811','2025-11-03 08:11:29'),('2025-11-03',1029,6,1,2568,'C','1341500165811','2025-11-03 08:11:29'),('2025-11-03',969,7,1,2568,'C','1341500165811','2025-11-03 08:11:34'),('2025-11-03',984,7,1,2568,'C','1341500165811','2025-11-03 08:11:34'),('2025-11-03',1017,7,1,2568,'C','1341500165811','2025-11-03 08:11:34'),('2025-11-03',1030,7,1,2568,'C','1341500165811','2025-11-03 08:11:34'),('2025-11-03',985,7,1,2568,'C','1341500165811','2025-11-03 08:11:34'),('2025-11-03',1002,8,1,2568,'C','1341500165811','2025-11-03 08:11:39'),('2025-11-03',1008,8,1,2568,'C','1341500165811','2025-11-03 08:11:39'),('2025-11-03',1019,8,1,2568,'C','1341500165811','2025-11-03 08:11:39'),('2025-11-03',1020,8,1,2568,'C','1341500165811','2025-11-03 08:11:39'),('2025-11-03',975,8,1,2568,'C','1341500165811','2025-11-03 08:11:39'),('2025-11-03',987,8,1,2568,'C','1341500165811','2025-11-03 08:11:39'),('2025-11-03',1009,8,1,2568,'C','1341500165811','2025-11-03 08:11:39'),('2025-11-03',978,8,1,2568,'C','1341500165811','2025-11-03 08:11:39'),('2025-11-03',1010,9,1,2568,'C','1341500165811','2025-11-03 08:11:44'),('2025-11-03',1023,9,1,2568,'C','1341500165811','2025-11-03 08:11:44'),('2025-11-03',973,9,1,2568,'C','1341500165811','2025-11-03 08:11:44'),('2025-11-03',979,9,1,2568,'C','1341500165811','2025-11-03 08:11:44'),('2025-11-03',982,9,1,2568,'C','1341500165811','2025-11-03 08:11:44'),('2025-11-03',988,9,1,2568,'C','1341500165811','2025-11-03 08:11:44'),('2025-11-03',990,9,1,2568,'C','1341500165811','2025-11-03 08:11:44'),('2025-11-03',1003,9,1,2568,'C','1341500165811','2025-11-03 08:11:44'),('2025-11-03',1022,9,1,2568,'C','1341500165811','2025-11-03 08:11:44'),('2025-11-03',989,9,1,2568,'C','1341500165811','2025-11-03 08:11:44'),('2025-11-03',992,9,1,2568,'C','1341500165811','2025-11-03 08:11:44'),('2025-11-03',999,9,1,2568,'C','1341500165811','2025-11-03 08:11:44'),('2025-11-04',1042,2,1,2568,'C','1341500165811','2025-11-04 08:11:51'),('2025-11-04',1043,2,1,2568,'C','1341500165811','2025-11-04 08:11:51'),('2025-11-04',1038,3,1,2568,'C','1341500165811','2025-11-04 08:11:54'),('2025-11-04',1039,3,1,2568,'C','1341500165811','2025-11-04 08:11:54'),('2025-11-04',1040,3,1,2568,'C','1341500165811','2025-11-04 08:11:54'),('2025-11-04',1041,3,1,2568,'C','1341500165811','2025-11-04 08:11:54'),('2025-11-04',1037,3,1,2568,'C','1341500165811','2025-11-04 08:11:54'),('2025-11-04',1026,4,1,2568,'C','1341500165811','2025-11-04 08:11:59'),('2025-11-04',1032,4,1,2568,'C','1341500165811','2025-11-04 08:11:59'),('2025-11-04',1044,4,1,2568,'C','1341500165811','2025-11-04 08:11:59'),('2025-11-04',1024,4,1,2568,'C','1341500165811','2025-11-04 08:11:59'),('2025-11-04',1027,4,1,2568,'C','1341500165811','2025-11-04 08:11:59'),('2025-11-04',1031,4,1,2568,'C','1341500165811','2025-11-04 08:11:59'),('2025-11-04',1034,4,1,2568,'C','1341500165811','2025-11-04 08:11:59'),('2025-11-04',1014,5,1,2568,'C','1341500165811','2025-11-04 08:11:04'),('2025-11-04',1015,5,1,2568,'C','1341500165811','2025-11-04 08:11:04'),('2025-11-04',1033,5,1,2568,'C','1341500165811','2025-11-04 08:11:04'),('2025-11-04',1045,5,1,2568,'C','1341500165811','2025-11-04 08:11:04'),('2025-11-04',1013,5,1,2568,'C','1341500165811','2025-11-04 08:11:04'),('2025-11-04',1004,6,1,2568,'C','1341500165811','2025-11-04 08:11:09'),('2025-11-04',1006,6,1,2568,'C','1341500165811','2025-11-04 08:11:09'),('2025-11-04',1007,6,1,2568,'C','1341500165811','2025-11-04 08:11:09'),('2025-11-04',1028,6,1,2568,'C','1341500165811','2025-11-04 08:11:09'),('2025-11-04',1046,6,1,2568,'C','1341500165811','2025-11-04 08:11:09'),('2025-11-04',1005,6,1,2568,'C','1341500165811','2025-11-04 08:11:09'),('2025-11-04',1029,6,1,2568,'C','1341500165811','2025-11-04 08:11:09'),('2025-11-04',969,7,1,2568,'C','1341500165811','2025-11-04 08:11:14'),('2025-11-04',984,7,1,2568,'C','1341500165811','2025-11-04 08:11:14'),('2025-11-04',1017,7,1,2568,'C','1341500165811','2025-11-04 08:11:14'),('2025-11-04',1030,7,1,2568,'C','1341500165811','2025-11-04 08:11:14'),('2025-11-04',985,7,1,2568,'C','1341500165811','2025-11-04 08:11:14'),('2025-11-04',1002,8,1,2568,'C','1341500165811','2025-11-04 08:11:18'),('2025-11-04',1008,8,1,2568,'C','1341500165811','2025-11-04 08:11:18'),('2025-11-04',1019,8,1,2568,'C','1341500165811','2025-11-04 08:11:18'),('2025-11-04',1020,8,1,2568,'C','1341500165811','2025-11-04 08:11:18'),('2025-11-04',975,8,1,2568,'C','1341500165811','2025-11-04 08:11:18'),('2025-11-04',987,8,1,2568,'C','1341500165811','2025-11-04 08:11:18'),('2025-11-04',1009,8,1,2568,'C','1341500165811','2025-11-04 08:11:18'),('2025-11-04',978,8,1,2568,'C','1341500165811','2025-11-04 08:11:18'),('2025-11-04',1010,9,1,2568,'C','1341500165811','2025-11-04 08:11:23'),('2025-11-04',1023,9,1,2568,'C','1341500165811','2025-11-04 08:11:23'),('2025-11-04',973,9,1,2568,'C','1341500165811','2025-11-04 08:11:23'),('2025-11-04',979,9,1,2568,'C','1341500165811','2025-11-04 08:11:23'),('2025-11-04',982,9,1,2568,'C','1341500165811','2025-11-04 08:11:23'),('2025-11-04',988,9,1,2568,'C','1341500165811','2025-11-04 08:11:23'),('2025-11-04',990,9,1,2568,'C','1341500165811','2025-11-04 08:11:23'),('2025-11-04',1003,9,1,2568,'C','1341500165811','2025-11-04 08:11:23'),('2025-11-04',1022,9,1,2568,'C','1341500165811','2025-11-04 08:11:23'),('2025-11-04',989,9,1,2568,'C','1341500165811','2025-11-04 08:11:23'),('2025-11-04',992,9,1,2568,'C','1341500165811','2025-11-04 08:11:23'),('2025-11-04',999,9,1,2568,'C','1341500165811','2025-11-04 08:11:23'),('2025-11-05',1042,2,1,2568,'C','1341500165811','2025-11-05 07:11:50'),('2025-11-05',1043,2,1,2568,'C','1341500165811','2025-11-05 07:11:50'),('2025-11-05',1038,3,1,2568,'C','1341500165811','2025-11-05 07:11:54'),('2025-11-05',1039,3,1,2568,'C','1341500165811','2025-11-05 07:11:54'),('2025-11-05',1040,3,1,2568,'C','1341500165811','2025-11-05 07:11:54'),('2025-11-05',1041,3,1,2568,'C','1341500165811','2025-11-05 07:11:54'),('2025-11-05',1037,3,1,2568,'C','1341500165811','2025-11-05 07:11:54'),('2025-11-05',1026,4,1,2568,'C','1341500165811','2025-11-05 07:11:59'),('2025-11-05',1032,4,1,2568,'C','1341500165811','2025-11-05 07:11:59'),('2025-11-05',1044,4,1,2568,'C','1341500165811','2025-11-05 07:11:59'),('2025-11-05',1024,4,1,2568,'C','1341500165811','2025-11-05 07:11:59'),('2025-11-05',1027,4,1,2568,'C','1341500165811','2025-11-05 07:11:59'),('2025-11-05',1031,4,1,2568,'C','1341500165811','2025-11-05 07:11:59'),('2025-11-05',1034,4,1,2568,'C','1341500165811','2025-11-05 07:11:59'),('2025-11-05',1014,5,1,2568,'C','1341500165811','2025-11-05 07:11:04'),('2025-11-05',1015,5,1,2568,'C','1341500165811','2025-11-05 07:11:04'),('2025-11-05',1033,5,1,2568,'C','1341500165811','2025-11-05 07:11:04'),('2025-11-05',1045,5,1,2568,'C','1341500165811','2025-11-05 07:11:04'),('2025-11-05',1013,5,1,2568,'C','1341500165811','2025-11-05 07:11:04'),('2025-11-05',1004,6,1,2568,'C','1341500165811','2025-11-05 07:11:08'),('2025-11-05',1006,6,1,2568,'C','1341500165811','2025-11-05 07:11:08'),('2025-11-05',1007,6,1,2568,'C','1341500165811','2025-11-05 07:11:08'),('2025-11-05',1028,6,1,2568,'C','1341500165811','2025-11-05 07:11:08'),('2025-11-05',1046,6,1,2568,'C','1341500165811','2025-11-05 07:11:08'),('2025-11-05',1005,6,1,2568,'C','1341500165811','2025-11-05 07:11:08'),('2025-11-05',1029,6,1,2568,'C','1341500165811','2025-11-05 07:11:08'),('2025-11-05',969,7,1,2568,'C','1341500165811','2025-11-05 07:11:13'),('2025-11-05',984,7,1,2568,'C','1341500165811','2025-11-05 07:11:13'),('2025-11-05',1017,7,1,2568,'C','1341500165811','2025-11-05 07:11:13'),('2025-11-05',1030,7,1,2568,'C','1341500165811','2025-11-05 07:11:13'),('2025-11-05',985,7,1,2568,'C','1341500165811','2025-11-05 07:11:13'),('2025-11-05',1002,8,1,2568,'C','1341500165811','2025-11-05 07:11:17'),('2025-11-05',1008,8,1,2568,'C','1341500165811','2025-11-05 07:11:17'),('2025-11-05',1019,8,1,2568,'C','1341500165811','2025-11-05 07:11:17'),('2025-11-05',1020,8,1,2568,'C','1341500165811','2025-11-05 07:11:17'),('2025-11-05',975,8,1,2568,'C','1341500165811','2025-11-05 07:11:17'),('2025-11-05',987,8,1,2568,'C','1341500165811','2025-11-05 07:11:17'),('2025-11-05',1009,8,1,2568,'C','1341500165811','2025-11-05 07:11:17'),('2025-11-05',978,8,1,2568,'C','1341500165811','2025-11-05 07:11:17'),('2025-11-05',1010,9,1,2568,'C','1341500165811','2025-11-05 07:11:22'),('2025-11-05',1023,9,1,2568,'C','1341500165811','2025-11-05 07:11:22'),('2025-11-05',973,9,1,2568,'C','1341500165811','2025-11-05 07:11:22'),('2025-11-05',979,9,1,2568,'C','1341500165811','2025-11-05 07:11:22'),('2025-11-05',982,9,1,2568,'C','1341500165811','2025-11-05 07:11:22'),('2025-11-05',988,9,1,2568,'C','1341500165811','2025-11-05 07:11:22'),('2025-11-05',990,9,1,2568,'C','1341500165811','2025-11-05 07:11:22'),('2025-11-05',1003,9,1,2568,'C','1341500165811','2025-11-05 07:11:22'),('2025-11-05',1022,9,1,2568,'C','1341500165811','2025-11-05 07:11:22'),('2025-11-05',989,9,1,2568,'C','1341500165811','2025-11-05 07:11:22'),('2025-11-05',992,9,1,2568,'C','1341500165811','2025-11-05 07:11:22'),('2025-11-05',999,9,1,2568,'C','1341500165811','2025-11-05 07:11:22'),('2025-11-06',1042,2,1,2568,'C','1341500165811','2025-11-06 07:11:45'),('2025-11-06',1043,2,1,2568,'C','1341500165811','2025-11-06 07:11:45'),('2025-11-06',1038,3,1,2568,'C','1341500165811','2025-11-06 07:11:50'),('2025-11-06',1039,3,1,2568,'C','1341500165811','2025-11-06 07:11:50'),('2025-11-06',1040,3,1,2568,'C','1341500165811','2025-11-06 07:11:50'),('2025-11-06',1041,3,1,2568,'C','1341500165811','2025-11-06 07:11:50'),('2025-11-06',1037,3,1,2568,'C','1341500165811','2025-11-06 07:11:50'),('2025-11-06',1026,4,1,2568,'C','1341500165811','2025-11-06 07:11:56'),('2025-11-06',1032,4,1,2568,'C','1341500165811','2025-11-06 07:11:56'),('2025-11-06',1044,4,1,2568,'C','1341500165811','2025-11-06 07:11:56'),('2025-11-06',1024,4,1,2568,'C','1341500165811','2025-11-06 07:11:56'),('2025-11-06',1027,4,1,2568,'C','1341500165811','2025-11-06 07:11:56'),('2025-11-06',1031,4,1,2568,'C','1341500165811','2025-11-06 07:11:56'),('2025-11-06',1034,4,1,2568,'C','1341500165811','2025-11-06 07:11:56'),('2025-11-06',1014,5,1,2568,'C','1341500165811','2025-11-06 08:11:02'),('2025-11-06',1015,5,1,2568,'C','1341500165811','2025-11-06 08:11:02'),('2025-11-06',1033,5,1,2568,'C','1341500165811','2025-11-06 08:11:02'),('2025-11-06',1045,5,1,2568,'C','1341500165811','2025-11-06 08:11:02'),('2025-11-06',1013,5,1,2568,'C','1341500165811','2025-11-06 08:11:02'),('2025-11-06',1004,6,1,2568,'C','1341500165811','2025-11-06 08:11:07'),('2025-11-06',1006,6,1,2568,'C','1341500165811','2025-11-06 08:11:07'),('2025-11-06',1007,6,1,2568,'C','1341500165811','2025-11-06 08:11:07'),('2025-11-06',1028,6,1,2568,'C','1341500165811','2025-11-06 08:11:07'),('2025-11-06',1046,6,1,2568,'C','1341500165811','2025-11-06 08:11:07'),('2025-11-06',1005,6,1,2568,'C','1341500165811','2025-11-06 08:11:07'),('2025-11-06',1029,6,1,2568,'C','1341500165811','2025-11-06 08:11:07'),('2025-11-06',969,7,1,2568,'C','1341500165811','2025-11-06 08:11:11'),('2025-11-06',984,7,1,2568,'C','1341500165811','2025-11-06 08:11:11'),('2025-11-06',1017,7,1,2568,'C','1341500165811','2025-11-06 08:11:11'),('2025-11-06',1030,7,1,2568,'C','1341500165811','2025-11-06 08:11:11'),('2025-11-06',985,7,1,2568,'C','1341500165811','2025-11-06 08:11:11'),('2025-11-06',1002,8,1,2568,'C','1341500165811','2025-11-06 08:11:16'),('2025-11-06',1008,8,1,2568,'C','1341500165811','2025-11-06 08:11:16'),('2025-11-06',1019,8,1,2568,'C','1341500165811','2025-11-06 08:11:16'),('2025-11-06',1020,8,1,2568,'C','1341500165811','2025-11-06 08:11:16'),('2025-11-06',975,8,1,2568,'C','1341500165811','2025-11-06 08:11:16'),('2025-11-06',987,8,1,2568,'C','1341500165811','2025-11-06 08:11:16'),('2025-11-06',1009,8,1,2568,'C','1341500165811','2025-11-06 08:11:16'),('2025-11-06',978,8,1,2568,'C','1341500165811','2025-11-06 08:11:16'),('2025-11-06',1010,9,1,2568,'C','1341500165811','2025-11-06 08:11:20'),('2025-11-06',1023,9,1,2568,'C','1341500165811','2025-11-06 08:11:20'),('2025-11-06',973,9,1,2568,'C','1341500165811','2025-11-06 08:11:20'),('2025-11-06',979,9,1,2568,'C','1341500165811','2025-11-06 08:11:20'),('2025-11-06',982,9,1,2568,'C','1341500165811','2025-11-06 08:11:20'),('2025-11-06',988,9,1,2568,'C','1341500165811','2025-11-06 08:11:20'),('2025-11-06',990,9,1,2568,'C','1341500165811','2025-11-06 08:11:20'),('2025-11-06',1003,9,1,2568,'C','1341500165811','2025-11-06 08:11:20'),('2025-11-06',1022,9,1,2568,'C','1341500165811','2025-11-06 08:11:20'),('2025-11-06',989,9,1,2568,'C','1341500165811','2025-11-06 08:11:20'),('2025-11-06',992,9,1,2568,'C','1341500165811','2025-11-06 08:11:20'),('2025-11-06',999,9,1,2568,'C','1341500165811','2025-11-06 08:11:20'),('2025-11-07',1042,2,1,2568,'C','1341500165811','2025-11-07 07:11:14'),('2025-11-07',1043,2,1,2568,'C','1341500165811','2025-11-07 07:11:14'),('2025-11-07',1038,3,1,2568,'C','1341500165811','2025-11-07 07:11:20'),('2025-11-07',1039,3,1,2568,'C','1341500165811','2025-11-07 07:11:20'),('2025-11-07',1040,3,1,2568,'C','1341500165811','2025-11-07 07:11:20'),('2025-11-07',1041,3,1,2568,'C','1341500165811','2025-11-07 07:11:20'),('2025-11-07',1037,3,1,2568,'C','1341500165811','2025-11-07 07:11:20'),('2025-11-07',1026,4,1,2568,'C','1341500165811','2025-11-07 07:11:25'),('2025-11-07',1032,4,1,2568,'C','1341500165811','2025-11-07 07:11:25'),('2025-11-07',1044,4,1,2568,'C','1341500165811','2025-11-07 07:11:25'),('2025-11-07',1024,4,1,2568,'C','1341500165811','2025-11-07 07:11:25'),('2025-11-07',1027,4,1,2568,'C','1341500165811','2025-11-07 07:11:25'),('2025-11-07',1031,4,1,2568,'C','1341500165811','2025-11-07 07:11:25'),('2025-11-07',1034,4,1,2568,'C','1341500165811','2025-11-07 07:11:25'),('2025-11-07',1014,5,1,2568,'C','1341500165811','2025-11-07 07:11:30'),('2025-11-07',1015,5,1,2568,'C','1341500165811','2025-11-07 07:11:30'),('2025-11-07',1033,5,1,2568,'C','1341500165811','2025-11-07 07:11:30'),('2025-11-07',1045,5,1,2568,'C','1341500165811','2025-11-07 07:11:30'),('2025-11-07',1013,5,1,2568,'C','1341500165811','2025-11-07 07:11:30'),('2025-11-07',1004,6,1,2568,'C','1341500165811','2025-11-07 07:11:35'),('2025-11-07',1006,6,1,2568,'C','1341500165811','2025-11-07 07:11:35'),('2025-11-07',1007,6,1,2568,'C','1341500165811','2025-11-07 07:11:35'),('2025-11-07',1028,6,1,2568,'C','1341500165811','2025-11-07 07:11:35'),('2025-11-07',1046,6,1,2568,'C','1341500165811','2025-11-07 07:11:35'),('2025-11-07',1005,6,1,2568,'C','1341500165811','2025-11-07 07:11:35'),('2025-11-07',1029,6,1,2568,'C','1341500165811','2025-11-07 07:11:35'),('2025-11-07',969,7,1,2568,'C','1341500165811','2025-11-07 07:11:40'),('2025-11-07',984,7,1,2568,'C','1341500165811','2025-11-07 07:11:40'),('2025-11-07',1017,7,1,2568,'C','1341500165811','2025-11-07 07:11:40'),('2025-11-07',1030,7,1,2568,'C','1341500165811','2025-11-07 07:11:40'),('2025-11-07',985,7,1,2568,'C','1341500165811','2025-11-07 07:11:40'),('2025-11-07',1002,8,1,2568,'C','1341500165811','2025-11-07 07:11:45'),('2025-11-07',1008,8,1,2568,'C','1341500165811','2025-11-07 07:11:45'),('2025-11-07',1019,8,1,2568,'C','1341500165811','2025-11-07 07:11:45'),('2025-11-07',1020,8,1,2568,'C','1341500165811','2025-11-07 07:11:45'),('2025-11-07',975,8,1,2568,'C','1341500165811','2025-11-07 07:11:45'),('2025-11-07',987,8,1,2568,'C','1341500165811','2025-11-07 07:11:45'),('2025-11-07',1009,8,1,2568,'C','1341500165811','2025-11-07 07:11:45'),('2025-11-07',978,8,1,2568,'C','1341500165811','2025-11-07 07:11:45'),('2025-11-07',1010,9,1,2568,'C','1341500165811','2025-11-07 07:11:50'),('2025-11-07',1023,9,1,2568,'C','1341500165811','2025-11-07 07:11:50'),('2025-11-07',973,9,1,2568,'C','1341500165811','2025-11-07 07:11:50'),('2025-11-07',979,9,1,2568,'C','1341500165811','2025-11-07 07:11:50'),('2025-11-07',982,9,1,2568,'C','1341500165811','2025-11-07 07:11:50'),('2025-11-07',988,9,1,2568,'C','1341500165811','2025-11-07 07:11:50'),('2025-11-07',990,9,1,2568,'C','1341500165811','2025-11-07 07:11:50'),('2025-11-07',1003,9,1,2568,'C','1341500165811','2025-11-07 07:11:50'),('2025-11-07',1022,9,1,2568,'C','1341500165811','2025-11-07 07:11:50'),('2025-11-07',989,9,1,2568,'C','1341500165811','2025-11-07 07:11:50'),('2025-11-07',992,9,1,2568,'C','1341500165811','2025-11-07 07:11:50'),('2025-11-07',999,9,1,2568,'C','1341500165811','2025-11-07 07:11:50'),('2025-11-10',1042,2,1,2568,'C','1341500165811','2025-11-12 12:11:44'),('2025-11-10',1043,2,1,2568,'C','1341500165811','2025-11-12 12:11:44'),('2025-11-10',1038,3,1,2568,'C','1341500165811','2025-11-10 07:11:24'),('2025-11-10',1039,3,1,2568,'C','1341500165811','2025-11-10 07:11:24'),('2025-11-10',1040,3,1,2568,'C','1341500165811','2025-11-10 07:11:24'),('2025-11-10',1041,3,1,2568,'C','1341500165811','2025-11-10 07:11:24'),('2025-11-10',1037,3,1,2568,'C','1341500165811','2025-11-10 07:11:24'),('2025-11-10',1026,4,1,2568,'C','1341500165811','2025-11-10 07:11:28'),('2025-11-10',1032,4,1,2568,'C','1341500165811','2025-11-10 07:11:28'),('2025-11-10',1044,4,1,2568,'C','1341500165811','2025-11-10 07:11:28'),('2025-11-10',1024,4,1,2568,'C','1341500165811','2025-11-10 07:11:28'),('2025-11-10',1027,4,1,2568,'C','1341500165811','2025-11-10 07:11:28'),('2025-11-10',1031,4,1,2568,'C','1341500165811','2025-11-10 07:11:28'),('2025-11-10',1034,4,1,2568,'C','1341500165811','2025-11-10 07:11:28'),('2025-11-10',1014,5,1,2568,'C','1341500165811','2025-11-10 07:11:33'),('2025-11-10',1015,5,1,2568,'C','1341500165811','2025-11-10 07:11:33'),('2025-11-10',1033,5,1,2568,'C','1341500165811','2025-11-10 07:11:33'),('2025-11-10',1045,5,1,2568,'C','1341500165811','2025-11-10 07:11:33'),('2025-11-10',1013,5,1,2568,'C','1341500165811','2025-11-10 07:11:33'),('2025-11-10',1004,6,1,2568,'C','1341500165811','2025-11-10 07:11:38'),('2025-11-10',1006,6,1,2568,'C','1341500165811','2025-11-10 07:11:38'),('2025-11-10',1007,6,1,2568,'C','1341500165811','2025-11-10 07:11:38'),('2025-11-10',1028,6,1,2568,'C','1341500165811','2025-11-10 07:11:38'),('2025-11-10',1046,6,1,2568,'C','1341500165811','2025-11-10 07:11:38'),('2025-11-10',1005,6,1,2568,'C','1341500165811','2025-11-10 07:11:38'),('2025-11-10',1029,6,1,2568,'C','1341500165811','2025-11-10 07:11:38'),('2025-11-10',969,7,1,2568,'C','1341500165811','2025-11-10 07:11:42'),('2025-11-10',984,7,1,2568,'C','1341500165811','2025-11-10 07:11:42'),('2025-11-10',1017,7,1,2568,'C','1341500165811','2025-11-10 07:11:42'),('2025-11-10',1030,7,1,2568,'C','1341500165811','2025-11-10 07:11:42'),('2025-11-10',985,7,1,2568,'C','1341500165811','2025-11-10 07:11:42'),('2025-11-10',1002,8,1,2568,'C','1341500165811','2025-11-10 07:11:46'),('2025-11-10',1008,8,1,2568,'C','1341500165811','2025-11-10 07:11:46'),('2025-11-10',1019,8,1,2568,'C','1341500165811','2025-11-10 07:11:46'),('2025-11-10',1020,8,1,2568,'C','1341500165811','2025-11-10 07:11:46'),('2025-11-10',975,8,1,2568,'C','1341500165811','2025-11-10 07:11:46'),('2025-11-10',987,8,1,2568,'C','1341500165811','2025-11-10 07:11:46'),('2025-11-10',1009,8,1,2568,'C','1341500165811','2025-11-10 07:11:46'),('2025-11-10',978,8,1,2568,'C','1341500165811','2025-11-10 07:11:46'),('2025-11-10',1010,9,1,2568,'C','1341500165811','2025-11-10 07:11:51'),('2025-11-10',1023,9,1,2568,'C','1341500165811','2025-11-10 07:11:51'),('2025-11-10',973,9,1,2568,'C','1341500165811','2025-11-10 07:11:51'),('2025-11-10',979,9,1,2568,'C','1341500165811','2025-11-10 07:11:51'),('2025-11-10',982,9,1,2568,'C','1341500165811','2025-11-10 07:11:51'),('2025-11-10',988,9,1,2568,'C','1341500165811','2025-11-10 07:11:51'),('2025-11-10',990,9,1,2568,'C','1341500165811','2025-11-10 07:11:51'),('2025-11-10',1003,9,1,2568,'C','1341500165811','2025-11-10 07:11:51'),('2025-11-10',1022,9,1,2568,'C','1341500165811','2025-11-10 07:11:51'),('2025-11-10',989,9,1,2568,'C','1341500165811','2025-11-10 07:11:51'),('2025-11-10',992,9,1,2568,'C','1341500165811','2025-11-10 07:11:51'),('2025-11-10',999,9,1,2568,'C','1341500165811','2025-11-10 07:11:51'),('2025-11-11',1042,2,1,2568,'C','1341500165811','2025-11-12 12:11:51'),('2025-11-11',1043,2,1,2568,'C','1341500165811','2025-11-12 12:11:51'),('2025-11-11',1038,3,1,2568,'C','1341500165811','2025-11-11 12:11:21'),('2025-11-11',1039,3,1,2568,'C','1341500165811','2025-11-11 12:11:21'),('2025-11-11',1040,3,1,2568,'C','1341500165811','2025-11-11 12:11:21'),('2025-11-11',1041,3,1,2568,'C','1341500165811','2025-11-11 12:11:21'),('2025-11-11',1037,3,1,2568,'C','1341500165811','2025-11-11 12:11:21'),('2025-11-11',1026,4,1,2568,'C','1341500165811','2025-11-11 12:11:30'),('2025-11-11',1032,4,1,2568,'C','1341500165811','2025-11-11 12:11:30'),('2025-11-11',1044,4,1,2568,'C','1341500165811','2025-11-11 12:11:30'),('2025-11-11',1024,4,1,2568,'C','1341500165811','2025-11-11 12:11:30'),('2025-11-11',1027,4,1,2568,'C','1341500165811','2025-11-11 12:11:30'),('2025-11-11',1031,4,1,2568,'C','1341500165811','2025-11-11 12:11:30'),('2025-11-11',1034,4,1,2568,'C','1341500165811','2025-11-11 12:11:30'),('2025-11-11',1014,5,1,2568,'C','1341500165811','2025-11-11 12:11:40'),('2025-11-11',1015,5,1,2568,'C','1341500165811','2025-11-11 12:11:40'),('2025-11-11',1033,5,1,2568,'C','1341500165811','2025-11-11 12:11:40'),('2025-11-11',1045,5,1,2568,'C','1341500165811','2025-11-11 12:11:40'),('2025-11-11',1013,5,1,2568,'C','1341500165811','2025-11-11 12:11:40'),('2025-11-11',1004,6,1,2568,'C','1341500165811','2025-11-11 12:11:50'),('2025-11-11',1006,6,1,2568,'C','1341500165811','2025-11-11 12:11:50'),('2025-11-11',1007,6,1,2568,'C','1341500165811','2025-11-11 12:11:50'),('2025-11-11',1028,6,1,2568,'C','1341500165811','2025-11-11 12:11:50'),('2025-11-11',1046,6,1,2568,'C','1341500165811','2025-11-11 12:11:50'),('2025-11-11',1005,6,1,2568,'C','1341500165811','2025-11-11 12:11:50'),('2025-11-11',1029,6,1,2568,'C','1341500165811','2025-11-11 12:11:50'),('2025-11-11',969,7,1,2568,'C','1341500165811','2025-11-11 12:11:59'),('2025-11-11',984,7,1,2568,'C','1341500165811','2025-11-11 12:11:59'),('2025-11-11',1017,7,1,2568,'C','1341500165811','2025-11-11 12:11:59'),('2025-11-11',1030,7,1,2568,'C','1341500165811','2025-11-11 12:11:59'),('2025-11-11',985,7,1,2568,'C','1341500165811','2025-11-11 12:11:59'),('2025-11-11',1002,8,1,2568,'C','1341500165811','2025-11-11 12:11:10'),('2025-11-11',1008,8,1,2568,'C','1341500165811','2025-11-11 12:11:10'),('2025-11-11',1019,8,1,2568,'C','1341500165811','2025-11-11 12:11:10'),('2025-11-11',1020,8,1,2568,'C','1341500165811','2025-11-11 12:11:10'),('2025-11-11',975,8,1,2568,'C','1341500165811','2025-11-11 12:11:10'),('2025-11-11',987,8,1,2568,'C','1341500165811','2025-11-11 12:11:10'),('2025-11-11',1009,8,1,2568,'C','1341500165811','2025-11-11 12:11:10'),('2025-11-11',978,8,1,2568,'C','1341500165811','2025-11-11 12:11:10'),('2025-11-11',1010,9,1,2568,'C','1341500165811','2025-11-11 12:11:19'),('2025-11-11',1023,9,1,2568,'C','1341500165811','2025-11-11 12:11:19'),('2025-11-11',973,9,1,2568,'C','1341500165811','2025-11-11 12:11:19'),('2025-11-11',979,9,1,2568,'C','1341500165811','2025-11-11 12:11:19'),('2025-11-11',982,9,1,2568,'C','1341500165811','2025-11-11 12:11:19'),('2025-11-11',988,9,1,2568,'C','1341500165811','2025-11-11 12:11:19'),('2025-11-11',990,9,1,2568,'C','1341500165811','2025-11-11 12:11:19'),('2025-11-11',1003,9,1,2568,'C','1341500165811','2025-11-11 12:11:19'),('2025-11-11',1022,9,1,2568,'C','1341500165811','2025-11-11 12:11:19'),('2025-11-11',989,9,1,2568,'C','1341500165811','2025-11-11 12:11:19'),('2025-11-11',992,9,1,2568,'C','1341500165811','2025-11-11 12:11:19'),('2025-11-11',999,9,1,2568,'C','1341500165811','2025-11-11 12:11:19'),('2025-11-12',1042,2,1,2568,'C','1341500165811','2025-11-12 12:11:35'),('2025-11-12',1043,2,1,2568,'C','1341500165811','2025-11-12 12:11:35'),('2025-11-12',1038,3,1,2568,'C','1341500165811','2025-11-12 08:11:47'),('2025-11-12',1039,3,1,2568,'C','1341500165811','2025-11-12 08:11:47'),('2025-11-12',1040,3,1,2568,'C','1341500165811','2025-11-12 08:11:47'),('2025-11-12',1041,3,1,2568,'C','1341500165811','2025-11-12 08:11:47'),('2025-11-12',1037,3,1,2568,'C','1341500165811','2025-11-12 08:11:47'),('2025-11-12',1026,4,1,2568,'C','1341500165811','2025-11-12 08:11:52'),('2025-11-12',1032,4,1,2568,'C','1341500165811','2025-11-12 08:11:52'),('2025-11-12',1044,4,1,2568,'C','1341500165811','2025-11-12 08:11:52'),('2025-11-12',1024,4,1,2568,'C','1341500165811','2025-11-12 08:11:52'),('2025-11-12',1027,4,1,2568,'C','1341500165811','2025-11-12 08:11:52'),('2025-11-12',1031,4,1,2568,'C','1341500165811','2025-11-12 08:11:52'),('2025-11-12',1034,4,1,2568,'C','1341500165811','2025-11-12 08:11:52'),('2025-11-12',1014,5,1,2568,'C','1341500165811','2025-11-12 08:11:57'),('2025-11-12',1015,5,1,2568,'C','1341500165811','2025-11-12 08:11:57'),('2025-11-12',1033,5,1,2568,'C','1341500165811','2025-11-12 08:11:57'),('2025-11-12',1045,5,1,2568,'C','1341500165811','2025-11-12 08:11:57'),('2025-11-12',1013,5,1,2568,'C','1341500165811','2025-11-12 08:11:57'),('2025-11-12',1004,6,1,2568,'C','1341500165811','2025-11-12 08:11:04'),('2025-11-12',1006,6,1,2568,'C','1341500165811','2025-11-12 08:11:04'),('2025-11-12',1007,6,1,2568,'C','1341500165811','2025-11-12 08:11:04'),('2025-11-12',1028,6,1,2568,'C','1341500165811','2025-11-12 08:11:04'),('2025-11-12',1046,6,1,2568,'C','1341500165811','2025-11-12 08:11:04'),('2025-11-12',1005,6,1,2568,'C','1341500165811','2025-11-12 08:11:04'),('2025-11-12',1029,6,1,2568,'C','1341500165811','2025-11-12 08:11:04'),('2025-11-12',969,7,1,2568,'C','1341500165811','2025-11-12 08:11:08'),('2025-11-12',984,7,1,2568,'C','1341500165811','2025-11-12 08:11:08'),('2025-11-12',1017,7,1,2568,'C','1341500165811','2025-11-12 08:11:08'),('2025-11-12',1030,7,1,2568,'C','1341500165811','2025-11-12 08:11:08'),('2025-11-12',985,7,1,2568,'C','1341500165811','2025-11-12 08:11:08'),('2025-11-12',1002,8,1,2568,'C','1341500165811','2025-11-12 08:11:12'),('2025-11-12',1008,8,1,2568,'C','1341500165811','2025-11-12 08:11:12'),('2025-11-12',1019,8,1,2568,'C','1341500165811','2025-11-12 08:11:12'),('2025-11-12',1020,8,1,2568,'C','1341500165811','2025-11-12 08:11:12'),('2025-11-12',975,8,1,2568,'C','1341500165811','2025-11-12 08:11:12'),('2025-11-12',987,8,1,2568,'C','1341500165811','2025-11-12 08:11:12'),('2025-11-12',1009,8,1,2568,'C','1341500165811','2025-11-12 08:11:12'),('2025-11-12',978,8,1,2568,'C','1341500165811','2025-11-12 08:11:12'),('2025-11-12',1010,9,1,2568,'C','1341500165811','2025-11-12 08:11:16'),('2025-11-12',1023,9,1,2568,'C','1341500165811','2025-11-12 08:11:16'),('2025-11-12',973,9,1,2568,'C','1341500165811','2025-11-12 08:11:16'),('2025-11-12',979,9,1,2568,'C','1341500165811','2025-11-12 08:11:16'),('2025-11-12',982,9,1,2568,'C','1341500165811','2025-11-12 08:11:16'),('2025-11-12',988,9,1,2568,'C','1341500165811','2025-11-12 08:11:16'),('2025-11-12',990,9,1,2568,'C','1341500165811','2025-11-12 08:11:16'),('2025-11-12',1003,9,1,2568,'C','1341500165811','2025-11-12 08:11:16'),('2025-11-12',1022,9,1,2568,'C','1341500165811','2025-11-12 08:11:16'),('2025-11-12',989,9,1,2568,'C','1341500165811','2025-11-12 08:11:16'),('2025-11-12',992,9,1,2568,'C','1341500165811','2025-11-12 08:11:16'),('2025-11-12',999,9,1,2568,'C','1341500165811','2025-11-12 08:11:16'),('2025-11-12',1047,2,1,2568,'C','1341500165811','2025-11-12 12:11:35'),('2025-11-10',1047,2,1,2568,'C','1341500165811','2025-11-12 12:11:44'),('2025-11-11',1047,2,1,2568,'C','1341500165811','2025-11-12 12:11:51'),('2025-11-13',1042,2,1,2568,'C','1341500165811','2025-11-13 08:11:23'),('2025-11-13',1043,2,1,2568,'C','1341500165811','2025-11-13 08:11:23'),('2025-11-13',1047,2,1,2568,'C','1341500165811','2025-11-13 08:11:23'),('2025-11-13',1038,3,1,2568,'C','1341500165811','2025-11-13 08:11:28'),('2025-11-13',1039,3,1,2568,'C','1341500165811','2025-11-13 08:11:28'),('2025-11-13',1040,3,1,2568,'C','1341500165811','2025-11-13 08:11:28'),('2025-11-13',1041,3,1,2568,'C','1341500165811','2025-11-13 08:11:28'),('2025-11-13',1037,3,1,2568,'C','1341500165811','2025-11-13 08:11:28'),('2025-11-13',1026,4,1,2568,'C','1341500165811','2025-11-13 08:11:32'),('2025-11-13',1032,4,1,2568,'C','1341500165811','2025-11-13 08:11:32'),('2025-11-13',1044,4,1,2568,'C','1341500165811','2025-11-13 08:11:32'),('2025-11-13',1024,4,1,2568,'C','1341500165811','2025-11-13 08:11:32'),('2025-11-13',1027,4,1,2568,'C','1341500165811','2025-11-13 08:11:32'),('2025-11-13',1031,4,1,2568,'C','1341500165811','2025-11-13 08:11:32'),('2025-11-13',1034,4,1,2568,'C','1341500165811','2025-11-13 08:11:32'),('2025-11-13',1014,5,1,2568,'C','1341500165811','2025-11-13 08:11:37'),('2025-11-13',1015,5,1,2568,'C','1341500165811','2025-11-13 08:11:37'),('2025-11-13',1033,5,1,2568,'C','1341500165811','2025-11-13 08:11:37'),('2025-11-13',1045,5,1,2568,'C','1341500165811','2025-11-13 08:11:37'),('2025-11-13',1013,5,1,2568,'C','1341500165811','2025-11-13 08:11:37'),('2025-11-13',1004,6,1,2568,'C','1341500165811','2025-11-13 08:11:41'),('2025-11-13',1006,6,1,2568,'C','1341500165811','2025-11-13 08:11:41'),('2025-11-13',1007,6,1,2568,'C','1341500165811','2025-11-13 08:11:41'),('2025-11-13',1028,6,1,2568,'C','1341500165811','2025-11-13 08:11:41'),('2025-11-13',1046,6,1,2568,'C','1341500165811','2025-11-13 08:11:41'),('2025-11-13',1005,6,1,2568,'C','1341500165811','2025-11-13 08:11:41'),('2025-11-13',1029,6,1,2568,'C','1341500165811','2025-11-13 08:11:41'),('2025-11-13',969,7,1,2568,'C','1341500165811','2025-11-13 08:11:45'),('2025-11-13',984,7,1,2568,'C','1341500165811','2025-11-13 08:11:45'),('2025-11-13',1017,7,1,2568,'C','1341500165811','2025-11-13 08:11:45'),('2025-11-13',1030,7,1,2568,'C','1341500165811','2025-11-13 08:11:45'),('2025-11-13',985,7,1,2568,'C','1341500165811','2025-11-13 08:11:45'),('2025-11-13',1002,8,1,2568,'C','1341500165811','2025-11-13 08:11:50'),('2025-11-13',1008,8,1,2568,'C','1341500165811','2025-11-13 08:11:50'),('2025-11-13',1019,8,1,2568,'C','1341500165811','2025-11-13 08:11:50'),('2025-11-13',1020,8,1,2568,'C','1341500165811','2025-11-13 08:11:50'),('2025-11-13',975,8,1,2568,'C','1341500165811','2025-11-13 08:11:50'),('2025-11-13',987,8,1,2568,'C','1341500165811','2025-11-13 08:11:50'),('2025-11-13',1009,8,1,2568,'C','1341500165811','2025-11-13 08:11:50'),('2025-11-13',978,8,1,2568,'C','1341500165811','2025-11-13 08:11:50'),('2025-11-13',1010,9,1,2568,'C','1341500165811','2025-11-13 08:11:55'),('2025-11-13',1023,9,1,2568,'C','1341500165811','2025-11-13 08:11:55'),('2025-11-13',973,9,1,2568,'C','1341500165811','2025-11-13 08:11:55'),('2025-11-13',979,9,1,2568,'C','1341500165811','2025-11-13 08:11:55'),('2025-11-13',982,9,1,2568,'C','1341500165811','2025-11-13 08:11:55'),('2025-11-13',988,9,1,2568,'C','1341500165811','2025-11-13 08:11:55'),('2025-11-13',990,9,1,2568,'C','1341500165811','2025-11-13 08:11:55'),('2025-11-13',1003,9,1,2568,'C','1341500165811','2025-11-13 08:11:55'),('2025-11-13',1022,9,1,2568,'C','1341500165811','2025-11-13 08:11:55'),('2025-11-13',989,9,1,2568,'C','1341500165811','2025-11-13 08:11:55'),('2025-11-13',992,9,1,2568,'C','1341500165811','2025-11-13 08:11:55'),('2025-11-13',999,9,1,2568,'C','1341500165811','2025-11-13 08:11:55'),('2025-11-14',1042,2,1,2568,'C','1341500165811','2025-11-14 07:11:17'),('2025-11-14',1043,2,1,2568,'C','1341500165811','2025-11-14 07:11:17'),('2025-11-14',1047,2,1,2568,'C','1341500165811','2025-11-14 07:11:17'),('2025-11-14',1038,3,1,2568,'C','1341500165811','2025-11-14 07:11:23'),('2025-11-14',1039,3,1,2568,'C','1341500165811','2025-11-14 07:11:23'),('2025-11-14',1040,3,1,2568,'C','1341500165811','2025-11-14 07:11:23'),('2025-11-14',1041,3,1,2568,'C','1341500165811','2025-11-14 07:11:23'),('2025-11-14',1037,3,1,2568,'C','1341500165811','2025-11-14 07:11:23'),('2025-11-14',1026,4,1,2568,'C','1341500165811','2025-11-14 07:11:27'),('2025-11-14',1032,4,1,2568,'C','1341500165811','2025-11-14 07:11:27'),('2025-11-14',1044,4,1,2568,'C','1341500165811','2025-11-14 07:11:27'),('2025-11-14',1024,4,1,2568,'C','1341500165811','2025-11-14 07:11:27'),('2025-11-14',1027,4,1,2568,'C','1341500165811','2025-11-14 07:11:27'),('2025-11-14',1031,4,1,2568,'C','1341500165811','2025-11-14 07:11:27'),('2025-11-14',1034,4,1,2568,'C','1341500165811','2025-11-14 07:11:27'),('2025-11-14',1014,5,1,2568,'C','1341500165811','2025-11-14 07:11:32'),('2025-11-14',1015,5,1,2568,'C','1341500165811','2025-11-14 07:11:32'),('2025-11-14',1033,5,1,2568,'C','1341500165811','2025-11-14 07:11:32'),('2025-11-14',1045,5,1,2568,'C','1341500165811','2025-11-14 07:11:32'),('2025-11-14',1013,5,1,2568,'C','1341500165811','2025-11-14 07:11:32'),('2025-11-14',1004,6,1,2568,'C','1341500165811','2025-11-14 07:11:38'),('2025-11-14',1006,6,1,2568,'C','1341500165811','2025-11-14 07:11:38'),('2025-11-14',1007,6,1,2568,'C','1341500165811','2025-11-14 07:11:38'),('2025-11-14',1028,6,1,2568,'C','1341500165811','2025-11-14 07:11:38'),('2025-11-14',1046,6,1,2568,'C','1341500165811','2025-11-14 07:11:38'),('2025-11-14',1005,6,1,2568,'C','1341500165811','2025-11-14 07:11:38'),('2025-11-14',1029,6,1,2568,'C','1341500165811','2025-11-14 07:11:38'),('2025-11-14',969,7,1,2568,'C','1341500165811','2025-11-14 07:11:43'),('2025-11-14',984,7,1,2568,'C','1341500165811','2025-11-14 07:11:43'),('2025-11-14',1017,7,1,2568,'C','1341500165811','2025-11-14 07:11:43'),('2025-11-14',1030,7,1,2568,'C','1341500165811','2025-11-14 07:11:43'),('2025-11-14',985,7,1,2568,'C','1341500165811','2025-11-14 07:11:43'),('2025-11-14',1002,8,1,2568,'C','1341500165811','2025-11-14 07:11:51'),('2025-11-14',1008,8,1,2568,'C','1341500165811','2025-11-14 07:11:51'),('2025-11-14',1019,8,1,2568,'C','1341500165811','2025-11-14 07:11:51'),('2025-11-14',1020,8,1,2568,'C','1341500165811','2025-11-14 07:11:51'),('2025-11-14',975,8,1,2568,'C','1341500165811','2025-11-14 07:11:51'),('2025-11-14',987,8,1,2568,'C','1341500165811','2025-11-14 07:11:51'),('2025-11-14',1009,8,1,2568,'C','1341500165811','2025-11-14 07:11:51'),('2025-11-14',978,8,1,2568,'C','1341500165811','2025-11-14 07:11:51'),('2025-11-14',1010,9,1,2568,'C','1341500165811','2025-11-14 07:11:59'),('2025-11-14',1023,9,1,2568,'C','1341500165811','2025-11-14 07:11:59'),('2025-11-14',973,9,1,2568,'C','1341500165811','2025-11-14 07:11:59'),('2025-11-14',979,9,1,2568,'C','1341500165811','2025-11-14 07:11:59'),('2025-11-14',982,9,1,2568,'C','1341500165811','2025-11-14 07:11:59'),('2025-11-14',988,9,1,2568,'C','1341500165811','2025-11-14 07:11:59'),('2025-11-14',990,9,1,2568,'C','1341500165811','2025-11-14 07:11:59'),('2025-11-14',1003,9,1,2568,'C','1341500165811','2025-11-14 07:11:59'),('2025-11-14',1022,9,1,2568,'C','1341500165811','2025-11-14 07:11:59'),('2025-11-14',989,9,1,2568,'C','1341500165811','2025-11-14 07:11:59'),('2025-11-14',992,9,1,2568,'C','1341500165811','2025-11-14 07:11:59'),('2025-11-14',999,9,1,2568,'C','1341500165811','2025-11-14 07:11:59'),('2025-11-17',1042,2,1,2568,'C','1341500165811','2025-11-17 08:11:34'),('2025-11-17',1043,2,1,2568,'C','1341500165811','2025-11-17 08:11:34'),('2025-11-17',1047,2,1,2568,'C','1341500165811','2025-11-17 08:11:34'),('2025-11-17',1038,3,1,2568,'C','1341500165811','2025-11-17 08:11:39'),('2025-11-17',1039,3,1,2568,'C','1341500165811','2025-11-17 08:11:39'),('2025-11-17',1040,3,1,2568,'C','1341500165811','2025-11-17 08:11:39'),('2025-11-17',1041,3,1,2568,'C','1341500165811','2025-11-17 08:11:39'),('2025-11-17',1037,3,1,2568,'C','1341500165811','2025-11-17 08:11:39'),('2025-11-17',1026,4,1,2568,'C','1341500165811','2025-11-17 08:11:45'),('2025-11-17',1032,4,1,2568,'C','1341500165811','2025-11-17 08:11:45'),('2025-11-17',1044,4,1,2568,'C','1341500165811','2025-11-17 08:11:45'),('2025-11-17',1024,4,1,2568,'C','1341500165811','2025-11-17 08:11:45'),('2025-11-17',1027,4,1,2568,'C','1341500165811','2025-11-17 08:11:45'),('2025-11-17',1031,4,1,2568,'C','1341500165811','2025-11-17 08:11:45'),('2025-11-17',1034,4,1,2568,'C','1341500165811','2025-11-17 08:11:45'),('2025-11-17',1014,5,1,2568,'C','1341500165811','2025-11-17 08:11:50'),('2025-11-17',1015,5,1,2568,'C','1341500165811','2025-11-17 08:11:50'),('2025-11-17',1033,5,1,2568,'C','1341500165811','2025-11-17 08:11:50'),('2025-11-17',1045,5,1,2568,'C','1341500165811','2025-11-17 08:11:50'),('2025-11-17',1013,5,1,2568,'C','1341500165811','2025-11-17 08:11:50'),('2025-11-17',1004,6,1,2568,'C','1341500165811','2025-11-17 08:11:55'),('2025-11-17',1006,6,1,2568,'C','1341500165811','2025-11-17 08:11:55'),('2025-11-17',1007,6,1,2568,'C','1341500165811','2025-11-17 08:11:55'),('2025-11-17',1028,6,1,2568,'C','1341500165811','2025-11-17 08:11:55'),('2025-11-17',1046,6,1,2568,'C','1341500165811','2025-11-17 08:11:55'),('2025-11-17',1005,6,1,2568,'C','1341500165811','2025-11-17 08:11:55'),('2025-11-17',1029,6,1,2568,'C','1341500165811','2025-11-17 08:11:55'),('2025-11-17',969,7,1,2568,'C','1341500165811','2025-11-17 08:11:00'),('2025-11-17',984,7,1,2568,'C','1341500165811','2025-11-17 08:11:00'),('2025-11-17',1017,7,1,2568,'C','1341500165811','2025-11-17 08:11:00'),('2025-11-17',1030,7,1,2568,'C','1341500165811','2025-11-17 08:11:00'),('2025-11-17',985,7,1,2568,'C','1341500165811','2025-11-17 08:11:00'),('2025-11-17',1002,8,1,2568,'C','1341500165811','2025-11-17 08:11:05'),('2025-11-17',1008,8,1,2568,'C','1341500165811','2025-11-17 08:11:05'),('2025-11-17',1019,8,1,2568,'C','1341500165811','2025-11-17 08:11:05'),('2025-11-17',1020,8,1,2568,'C','1341500165811','2025-11-17 08:11:05'),('2025-11-17',975,8,1,2568,'C','1341500165811','2025-11-17 08:11:05'),('2025-11-17',987,8,1,2568,'C','1341500165811','2025-11-17 08:11:05'),('2025-11-17',1009,8,1,2568,'C','1341500165811','2025-11-17 08:11:05'),('2025-11-17',978,8,1,2568,'C','1341500165811','2025-11-17 08:11:05'),('2025-11-17',1010,9,1,2568,'C','1341500165811','2025-11-17 08:11:10'),('2025-11-17',1023,9,1,2568,'C','1341500165811','2025-11-17 08:11:10'),('2025-11-17',973,9,1,2568,'C','1341500165811','2025-11-17 08:11:10'),('2025-11-17',979,9,1,2568,'C','1341500165811','2025-11-17 08:11:10'),('2025-11-17',982,9,1,2568,'C','1341500165811','2025-11-17 08:11:10'),('2025-11-17',988,9,1,2568,'C','1341500165811','2025-11-17 08:11:10'),('2025-11-17',990,9,1,2568,'C','1341500165811','2025-11-17 08:11:10'),('2025-11-17',1003,9,1,2568,'C','1341500165811','2025-11-17 08:11:10'),('2025-11-17',1022,9,1,2568,'C','1341500165811','2025-11-17 08:11:10'),('2025-11-17',989,9,1,2568,'C','1341500165811','2025-11-17 08:11:10'),('2025-11-17',992,9,1,2568,'C','1341500165811','2025-11-17 08:11:10'),('2025-11-17',999,9,1,2568,'C','1341500165811','2025-11-17 08:11:10'),('2025-11-18',1042,2,1,2568,'C','1341500165811','2025-11-18 07:11:40'),('2025-11-18',1043,2,1,2568,'C','1341500165811','2025-11-18 07:11:40'),('2025-11-18',1047,2,1,2568,'C','1341500165811','2025-11-18 07:11:40'),('2025-11-18',1038,3,1,2568,'C','1341500165811','2025-11-18 07:11:44'),('2025-11-18',1039,3,1,2568,'C','1341500165811','2025-11-18 07:11:44'),('2025-11-18',1040,3,1,2568,'C','1341500165811','2025-11-18 07:11:44'),('2025-11-18',1041,3,1,2568,'C','1341500165811','2025-11-18 07:11:44'),('2025-11-18',1037,3,1,2568,'C','1341500165811','2025-11-18 07:11:44'),('2025-11-18',1026,4,1,2568,'C','1341500165811','2025-11-18 07:11:50'),('2025-11-18',1032,4,1,2568,'C','1341500165811','2025-11-18 07:11:50'),('2025-11-18',1044,4,1,2568,'C','1341500165811','2025-11-18 07:11:50'),('2025-11-18',1024,4,1,2568,'C','1341500165811','2025-11-18 07:11:50'),('2025-11-18',1027,4,1,2568,'C','1341500165811','2025-11-18 07:11:50'),('2025-11-18',1031,4,1,2568,'C','1341500165811','2025-11-18 07:11:50'),('2025-11-18',1034,4,1,2568,'C','1341500165811','2025-11-18 07:11:50'),('2025-11-18',1014,5,1,2568,'C','1341500165811','2025-11-18 07:11:55'),('2025-11-18',1015,5,1,2568,'C','1341500165811','2025-11-18 07:11:55'),('2025-11-18',1033,5,1,2568,'C','1341500165811','2025-11-18 07:11:55'),('2025-11-18',1045,5,1,2568,'C','1341500165811','2025-11-18 07:11:55'),('2025-11-18',1013,5,1,2568,'C','1341500165811','2025-11-18 07:11:55'),('2025-11-18',1004,6,1,2568,'C','1341500165811','2025-11-18 07:11:59'),('2025-11-18',1006,6,1,2568,'C','1341500165811','2025-11-18 07:11:59'),('2025-11-18',1007,6,1,2568,'C','1341500165811','2025-11-18 07:11:59'),('2025-11-18',1028,6,1,2568,'C','1341500165811','2025-11-18 07:11:59'),('2025-11-18',1046,6,1,2568,'C','1341500165811','2025-11-18 07:11:59'),('2025-11-18',1005,6,1,2568,'C','1341500165811','2025-11-18 07:11:59'),('2025-11-18',1029,6,1,2568,'C','1341500165811','2025-11-18 07:11:59'),('2025-11-18',969,7,1,2568,'C','1341500165811','2025-11-18 07:11:04'),('2025-11-18',984,7,1,2568,'C','1341500165811','2025-11-18 07:11:04'),('2025-11-18',1017,7,1,2568,'C','1341500165811','2025-11-18 07:11:04'),('2025-11-18',1030,7,1,2568,'C','1341500165811','2025-11-18 07:11:04'),('2025-11-18',985,7,1,2568,'C','1341500165811','2025-11-18 07:11:04'),('2025-11-18',1002,8,1,2568,'C','1341500165811','2025-11-18 07:11:08'),('2025-11-18',1008,8,1,2568,'C','1341500165811','2025-11-18 07:11:08'),('2025-11-18',1019,8,1,2568,'C','1341500165811','2025-11-18 07:11:08'),('2025-11-18',1020,8,1,2568,'C','1341500165811','2025-11-18 07:11:08'),('2025-11-18',975,8,1,2568,'C','1341500165811','2025-11-18 07:11:08'),('2025-11-18',987,8,1,2568,'C','1341500165811','2025-11-18 07:11:08'),('2025-11-18',1009,8,1,2568,'C','1341500165811','2025-11-18 07:11:08'),('2025-11-18',978,8,1,2568,'C','1341500165811','2025-11-18 07:11:08'),('2025-11-18',1010,9,1,2568,'C','1341500165811','2025-11-18 07:11:14'),('2025-11-18',1023,9,1,2568,'C','1341500165811','2025-11-18 07:11:14'),('2025-11-18',973,9,1,2568,'C','1341500165811','2025-11-18 07:11:14'),('2025-11-18',979,9,1,2568,'C','1341500165811','2025-11-18 07:11:14'),('2025-11-18',982,9,1,2568,'C','1341500165811','2025-11-18 07:11:14'),('2025-11-18',988,9,1,2568,'C','1341500165811','2025-11-18 07:11:14'),('2025-11-18',990,9,1,2568,'C','1341500165811','2025-11-18 07:11:14'),('2025-11-18',1003,9,1,2568,'C','1341500165811','2025-11-18 07:11:14'),('2025-11-18',1022,9,1,2568,'C','1341500165811','2025-11-18 07:11:14'),('2025-11-18',989,9,1,2568,'C','1341500165811','2025-11-18 07:11:14'),('2025-11-18',992,9,1,2568,'C','1341500165811','2025-11-18 07:11:14'),('2025-11-18',999,9,1,2568,'C','1341500165811','2025-11-18 07:11:14'),('2025-11-19',1042,2,1,2568,'C','1341500165811','2025-11-19 08:11:12'),('2025-11-19',1043,2,1,2568,'C','1341500165811','2025-11-19 08:11:12'),('2025-11-19',1047,2,1,2568,'C','1341500165811','2025-11-19 08:11:12'),('2025-11-19',1038,3,1,2568,'C','1341500165811','2025-11-19 08:11:17'),('2025-11-19',1039,3,1,2568,'C','1341500165811','2025-11-19 08:11:17'),('2025-11-19',1040,3,1,2568,'C','1341500165811','2025-11-19 08:11:17'),('2025-11-19',1041,3,1,2568,'C','1341500165811','2025-11-19 08:11:17'),('2025-11-19',1037,3,1,2568,'C','1341500165811','2025-11-19 08:11:17'),('2025-11-19',1026,4,1,2568,'C','1341500165811','2025-11-19 08:11:24'),('2025-11-19',1032,4,1,2568,'C','1341500165811','2025-11-19 08:11:24'),('2025-11-19',1044,4,1,2568,'C','1341500165811','2025-11-19 08:11:24'),('2025-11-19',1024,4,1,2568,'C','1341500165811','2025-11-19 08:11:24'),('2025-11-19',1027,4,1,2568,'C','1341500165811','2025-11-19 08:11:24'),('2025-11-19',1031,4,1,2568,'C','1341500165811','2025-11-19 08:11:24'),('2025-11-19',1034,4,1,2568,'C','1341500165811','2025-11-19 08:11:24'),('2025-11-19',1014,5,1,2568,'C','1341500165811','2025-11-19 08:11:28'),('2025-11-19',1015,5,1,2568,'C','1341500165811','2025-11-19 08:11:28'),('2025-11-19',1033,5,1,2568,'C','1341500165811','2025-11-19 08:11:28'),('2025-11-19',1045,5,1,2568,'C','1341500165811','2025-11-19 08:11:28'),('2025-11-19',1013,5,1,2568,'C','1341500165811','2025-11-19 08:11:28'),('2025-11-19',1004,6,1,2568,'C','1341500165811','2025-11-19 08:11:33'),('2025-11-19',1006,6,1,2568,'C','1341500165811','2025-11-19 08:11:33'),('2025-11-19',1007,6,1,2568,'C','1341500165811','2025-11-19 08:11:33'),('2025-11-19',1028,6,1,2568,'C','1341500165811','2025-11-19 08:11:33'),('2025-11-19',1046,6,1,2568,'C','1341500165811','2025-11-19 08:11:33'),('2025-11-19',1005,6,1,2568,'C','1341500165811','2025-11-19 08:11:33'),('2025-11-19',1029,6,1,2568,'C','1341500165811','2025-11-19 08:11:33'),('2025-11-19',969,7,1,2568,'C','1341500165811','2025-11-19 08:11:37'),('2025-11-19',984,7,1,2568,'C','1341500165811','2025-11-19 08:11:37'),('2025-11-19',1017,7,1,2568,'C','1341500165811','2025-11-19 08:11:37'),('2025-11-19',1030,7,1,2568,'C','1341500165811','2025-11-19 08:11:37'),('2025-11-19',985,7,1,2568,'C','1341500165811','2025-11-19 08:11:37'),('2025-11-19',1002,8,1,2568,'C','1341500165811','2025-11-19 08:11:41'),('2025-11-19',1008,8,1,2568,'C','1341500165811','2025-11-19 08:11:41'),('2025-11-19',1019,8,1,2568,'C','1341500165811','2025-11-19 08:11:41'),('2025-11-19',1020,8,1,2568,'C','1341500165811','2025-11-19 08:11:41'),('2025-11-19',975,8,1,2568,'C','1341500165811','2025-11-19 08:11:41'),('2025-11-19',987,8,1,2568,'C','1341500165811','2025-11-19 08:11:41'),('2025-11-19',1009,8,1,2568,'C','1341500165811','2025-11-19 08:11:41'),('2025-11-19',978,8,1,2568,'C','1341500165811','2025-11-19 08:11:41'),('2025-11-19',1010,9,1,2568,'C','1341500165811','2025-11-19 08:11:47'),('2025-11-19',1023,9,1,2568,'C','1341500165811','2025-11-19 08:11:47'),('2025-11-19',973,9,1,2568,'C','1341500165811','2025-11-19 08:11:47'),('2025-11-19',979,9,1,2568,'C','1341500165811','2025-11-19 08:11:47'),('2025-11-19',982,9,1,2568,'C','1341500165811','2025-11-19 08:11:47'),('2025-11-19',988,9,1,2568,'C','1341500165811','2025-11-19 08:11:47'),('2025-11-19',990,9,1,2568,'C','1341500165811','2025-11-19 08:11:47'),('2025-11-19',1003,9,1,2568,'C','1341500165811','2025-11-19 08:11:47'),('2025-11-19',1022,9,1,2568,'C','1341500165811','2025-11-19 08:11:47'),('2025-11-19',989,9,1,2568,'C','1341500165811','2025-11-19 08:11:47'),('2025-11-19',992,9,1,2568,'C','1341500165811','2025-11-19 08:11:47'),('2025-11-19',999,9,1,2568,'C','1341500165811','2025-11-19 08:11:47'),('2025-11-20',1042,2,1,2568,'C','1341500165811','2025-11-20 08:11:09'),('2025-11-20',1043,2,1,2568,'C','1341500165811','2025-11-20 08:11:09'),('2025-11-20',1047,2,1,2568,'C','1341500165811','2025-11-20 08:11:09'),('2025-11-20',1038,3,1,2568,'C','1341500165811','2025-11-20 08:11:13'),('2025-11-20',1039,3,1,2568,'C','1341500165811','2025-11-20 08:11:13'),('2025-11-20',1040,3,1,2568,'C','1341500165811','2025-11-20 08:11:13'),('2025-11-20',1041,3,1,2568,'C','1341500165811','2025-11-20 08:11:13'),('2025-11-20',1037,3,1,2568,'C','1341500165811','2025-11-20 08:11:13'),('2025-11-20',1026,4,1,2568,'C','1341500165811','2025-11-20 08:11:18'),('2025-11-20',1032,4,1,2568,'C','1341500165811','2025-11-20 08:11:18'),('2025-11-20',1044,4,1,2568,'C','1341500165811','2025-11-20 08:11:18'),('2025-11-20',1024,4,1,2568,'C','1341500165811','2025-11-20 08:11:18'),('2025-11-20',1027,4,1,2568,'C','1341500165811','2025-11-20 08:11:18'),('2025-11-20',1031,4,1,2568,'C','1341500165811','2025-11-20 08:11:18'),('2025-11-20',1034,4,1,2568,'C','1341500165811','2025-11-20 08:11:18'),('2025-11-20',1014,5,1,2568,'C','1341500165811','2025-11-20 08:11:24'),('2025-11-20',1015,5,1,2568,'C','1341500165811','2025-11-20 08:11:24'),('2025-11-20',1033,5,1,2568,'C','1341500165811','2025-11-20 08:11:24'),('2025-11-20',1045,5,1,2568,'C','1341500165811','2025-11-20 08:11:24'),('2025-11-20',1013,5,1,2568,'C','1341500165811','2025-11-20 08:11:24'),('2025-11-20',1004,6,1,2568,'C','1341500165811','2025-11-20 08:11:29'),('2025-11-20',1006,6,1,2568,'C','1341500165811','2025-11-20 08:11:29'),('2025-11-20',1007,6,1,2568,'C','1341500165811','2025-11-20 08:11:29'),('2025-11-20',1028,6,1,2568,'C','1341500165811','2025-11-20 08:11:29'),('2025-11-20',1046,6,1,2568,'C','1341500165811','2025-11-20 08:11:29'),('2025-11-20',1005,6,1,2568,'C','1341500165811','2025-11-20 08:11:29'),('2025-11-20',1029,6,1,2568,'C','1341500165811','2025-11-20 08:11:29'),('2025-11-20',969,7,1,2568,'C','1341500165811','2025-11-20 08:11:34'),('2025-11-20',984,7,1,2568,'C','1341500165811','2025-11-20 08:11:34'),('2025-11-20',1017,7,1,2568,'C','1341500165811','2025-11-20 08:11:34'),('2025-11-20',1030,7,1,2568,'C','1341500165811','2025-11-20 08:11:34'),('2025-11-20',985,7,1,2568,'C','1341500165811','2025-11-20 08:11:34'),('2025-11-20',1002,8,1,2568,'C','1341500165811','2025-11-20 08:11:39'),('2025-11-20',1008,8,1,2568,'C','1341500165811','2025-11-20 08:11:39'),('2025-11-20',1019,8,1,2568,'C','1341500165811','2025-11-20 08:11:39'),('2025-11-20',1020,8,1,2568,'C','1341500165811','2025-11-20 08:11:39'),('2025-11-20',975,8,1,2568,'C','1341500165811','2025-11-20 08:11:39'),('2025-11-20',987,8,1,2568,'C','1341500165811','2025-11-20 08:11:39'),('2025-11-20',1009,8,1,2568,'C','1341500165811','2025-11-20 08:11:39'),('2025-11-20',978,8,1,2568,'C','1341500165811','2025-11-20 08:11:39'),('2025-11-20',1010,9,1,2568,'C','1341500165811','2025-11-20 08:11:44'),('2025-11-20',1023,9,1,2568,'C','1341500165811','2025-11-20 08:11:44'),('2025-11-20',973,9,1,2568,'C','1341500165811','2025-11-20 08:11:44'),('2025-11-20',979,9,1,2568,'C','1341500165811','2025-11-20 08:11:44'),('2025-11-20',982,9,1,2568,'C','1341500165811','2025-11-20 08:11:44'),('2025-11-20',988,9,1,2568,'C','1341500165811','2025-11-20 08:11:44'),('2025-11-20',990,9,1,2568,'C','1341500165811','2025-11-20 08:11:44'),('2025-11-20',1003,9,1,2568,'C','1341500165811','2025-11-20 08:11:44'),('2025-11-20',1022,9,1,2568,'C','1341500165811','2025-11-20 08:11:44'),('2025-11-20',989,9,1,2568,'C','1341500165811','2025-11-20 08:11:44'),('2025-11-20',992,9,1,2568,'C','1341500165811','2025-11-20 08:11:44'),('2025-11-20',999,9,1,2568,'C','1341500165811','2025-11-20 08:11:44'),('2025-11-21',1042,2,1,2568,'C','1341500165811','2025-11-21 08:11:08'),('2025-11-21',1043,2,1,2568,'C','1341500165811','2025-11-21 08:11:08'),('2025-11-21',1047,2,1,2568,'C','1341500165811','2025-11-21 08:11:08'),('2025-11-21',1038,3,1,2568,'C','1341500165811','2025-11-21 08:11:12'),('2025-11-21',1039,3,1,2568,'C','1341500165811','2025-11-21 08:11:12'),('2025-11-21',1040,3,1,2568,'C','1341500165811','2025-11-21 08:11:12'),('2025-11-21',1041,3,1,2568,'C','1341500165811','2025-11-21 08:11:12'),('2025-11-21',1037,3,1,2568,'C','1341500165811','2025-11-21 08:11:12'),('2025-11-21',1026,4,1,2568,'C','1341500165811','2025-11-21 08:11:17'),('2025-11-21',1032,4,1,2568,'C','1341500165811','2025-11-21 08:11:17'),('2025-11-21',1044,4,1,2568,'C','1341500165811','2025-11-21 08:11:17'),('2025-11-21',1024,4,1,2568,'C','1341500165811','2025-11-21 08:11:17'),('2025-11-21',1027,4,1,2568,'C','1341500165811','2025-11-21 08:11:17'),('2025-11-21',1031,4,1,2568,'C','1341500165811','2025-11-21 08:11:17'),('2025-11-21',1034,4,1,2568,'C','1341500165811','2025-11-21 08:11:17'),('2025-11-21',1014,5,1,2568,'C','1341500165811','2025-11-21 08:11:22'),('2025-11-21',1015,5,1,2568,'C','1341500165811','2025-11-21 08:11:22'),('2025-11-21',1033,5,1,2568,'C','1341500165811','2025-11-21 08:11:22'),('2025-11-21',1045,5,1,2568,'C','1341500165811','2025-11-21 08:11:22'),('2025-11-21',1013,5,1,2568,'C','1341500165811','2025-11-21 08:11:22'),('2025-11-21',1004,6,1,2568,'C','1341500165811','2025-11-21 08:11:27'),('2025-11-21',1006,6,1,2568,'C','1341500165811','2025-11-21 08:11:27'),('2025-11-21',1007,6,1,2568,'C','1341500165811','2025-11-21 08:11:27'),('2025-11-21',1028,6,1,2568,'C','1341500165811','2025-11-21 08:11:27'),('2025-11-21',1046,6,1,2568,'C','1341500165811','2025-11-21 08:11:27'),('2025-11-21',1005,6,1,2568,'C','1341500165811','2025-11-21 08:11:27'),('2025-11-21',1029,6,1,2568,'C','1341500165811','2025-11-21 08:11:27'),('2025-11-21',969,7,1,2568,'C','1341500165811','2025-11-21 08:11:32'),('2025-11-21',984,7,1,2568,'C','1341500165811','2025-11-21 08:11:32'),('2025-11-21',1017,7,1,2568,'C','1341500165811','2025-11-21 08:11:32'),('2025-11-21',1030,7,1,2568,'C','1341500165811','2025-11-21 08:11:32'),('2025-11-21',985,7,1,2568,'C','1341500165811','2025-11-21 08:11:32'),('2025-11-21',1002,8,1,2568,'C','1341500165811','2025-11-21 08:11:36'),('2025-11-21',1008,8,1,2568,'C','1341500165811','2025-11-21 08:11:36'),('2025-11-21',1019,8,1,2568,'C','1341500165811','2025-11-21 08:11:36'),('2025-11-21',1020,8,1,2568,'C','1341500165811','2025-11-21 08:11:36'),('2025-11-21',975,8,1,2568,'C','1341500165811','2025-11-21 08:11:36'),('2025-11-21',987,8,1,2568,'C','1341500165811','2025-11-21 08:11:36'),('2025-11-21',1009,8,1,2568,'C','1341500165811','2025-11-21 08:11:36'),('2025-11-21',978,8,1,2568,'C','1341500165811','2025-11-21 08:11:36'),('2025-11-21',1010,9,1,2568,'C','1341500165811','2025-11-21 08:11:41'),('2025-11-21',1023,9,1,2568,'C','1341500165811','2025-11-21 08:11:41'),('2025-11-21',973,9,1,2568,'C','1341500165811','2025-11-21 08:11:41'),('2025-11-21',979,9,1,2568,'C','1341500165811','2025-11-21 08:11:41'),('2025-11-21',982,9,1,2568,'C','1341500165811','2025-11-21 08:11:41'),('2025-11-21',988,9,1,2568,'C','1341500165811','2025-11-21 08:11:41'),('2025-11-21',990,9,1,2568,'C','1341500165811','2025-11-21 08:11:41'),('2025-11-21',1003,9,1,2568,'C','1341500165811','2025-11-21 08:11:41'),('2025-11-21',1022,9,1,2568,'C','1341500165811','2025-11-21 08:11:41'),('2025-11-21',989,9,1,2568,'C','1341500165811','2025-11-21 08:11:41'),('2025-11-21',992,9,1,2568,'C','1341500165811','2025-11-21 08:11:41'),('2025-11-21',999,9,1,2568,'C','1341500165811','2025-11-21 08:11:41'),('2025-11-24',1042,2,1,2568,'C','1341500165811','2025-11-24 11:11:06'),('2025-11-24',1043,2,1,2568,'C','1341500165811','2025-11-24 11:11:06'),('2025-11-24',1047,2,1,2568,'C','1341500165811','2025-11-24 11:11:06'),('2025-11-24',1038,3,1,2568,'C','1341500165811','2025-11-24 11:11:11'),('2025-11-24',1039,3,1,2568,'C','1341500165811','2025-11-24 11:11:11'),('2025-11-24',1040,3,1,2568,'C','1341500165811','2025-11-24 11:11:11'),('2025-11-24',1041,3,1,2568,'C','1341500165811','2025-11-24 11:11:11'),('2025-11-24',1037,3,1,2568,'C','1341500165811','2025-11-24 11:11:11'),('2025-11-24',1026,4,1,2568,'C','1341500165811','2025-11-24 11:11:15'),('2025-11-24',1032,4,1,2568,'C','1341500165811','2025-11-24 11:11:15'),('2025-11-24',1044,4,1,2568,'C','1341500165811','2025-11-24 11:11:15'),('2025-11-24',1024,4,1,2568,'C','1341500165811','2025-11-24 11:11:15'),('2025-11-24',1027,4,1,2568,'C','1341500165811','2025-11-24 11:11:15'),('2025-11-24',1031,4,1,2568,'C','1341500165811','2025-11-24 11:11:15'),('2025-11-24',1034,4,1,2568,'C','1341500165811','2025-11-24 11:11:15'),('2025-11-24',1014,5,1,2568,'C','1341500165811','2025-11-24 11:11:22'),('2025-11-24',1015,5,1,2568,'C','1341500165811','2025-11-24 11:11:22'),('2025-11-24',1033,5,1,2568,'C','1341500165811','2025-11-24 11:11:22'),('2025-11-24',1045,5,1,2568,'C','1341500165811','2025-11-24 11:11:22'),('2025-11-24',1013,5,1,2568,'C','1341500165811','2025-11-24 11:11:22'),('2025-11-24',1004,6,1,2568,'C','1341500165811','2025-11-24 11:11:28'),('2025-11-24',1006,6,1,2568,'C','1341500165811','2025-11-24 11:11:28'),('2025-11-24',1007,6,1,2568,'C','1341500165811','2025-11-24 11:11:28'),('2025-11-24',1028,6,1,2568,'C','1341500165811','2025-11-24 11:11:28'),('2025-11-24',1046,6,1,2568,'C','1341500165811','2025-11-24 11:11:28'),('2025-11-24',1005,6,1,2568,'C','1341500165811','2025-11-24 11:11:28'),('2025-11-24',1029,6,1,2568,'C','1341500165811','2025-11-24 11:11:28'),('2025-11-24',969,7,1,2568,'C','1341500165811','2025-11-24 11:11:32'),('2025-11-24',984,7,1,2568,'C','1341500165811','2025-11-24 11:11:32'),('2025-11-24',1017,7,1,2568,'C','1341500165811','2025-11-24 11:11:32'),('2025-11-24',1030,7,1,2568,'C','1341500165811','2025-11-24 11:11:32'),('2025-11-24',985,7,1,2568,'C','1341500165811','2025-11-24 11:11:32'),('2025-11-24',1002,8,1,2568,'C','1341500165811','2025-11-24 11:11:38'),('2025-11-24',1008,8,1,2568,'C','1341500165811','2025-11-24 11:11:38'),('2025-11-24',1019,8,1,2568,'C','1341500165811','2025-11-24 11:11:38'),('2025-11-24',1020,8,1,2568,'C','1341500165811','2025-11-24 11:11:38'),('2025-11-24',975,8,1,2568,'C','1341500165811','2025-11-24 11:11:38'),('2025-11-24',987,8,1,2568,'C','1341500165811','2025-11-24 11:11:38'),('2025-11-24',1009,8,1,2568,'C','1341500165811','2025-11-24 11:11:38'),('2025-11-24',978,8,1,2568,'C','1341500165811','2025-11-24 11:11:38'),('2025-11-24',1010,9,1,2568,'C','1341500165811','2025-11-24 11:11:44'),('2025-11-24',1023,9,1,2568,'C','1341500165811','2025-11-24 11:11:44'),('2025-11-24',973,9,1,2568,'C','1341500165811','2025-11-24 11:11:44'),('2025-11-24',979,9,1,2568,'C','1341500165811','2025-11-24 11:11:44'),('2025-11-24',982,9,1,2568,'C','1341500165811','2025-11-24 11:11:44'),('2025-11-24',988,9,1,2568,'C','1341500165811','2025-11-24 11:11:44'),('2025-11-24',990,9,1,2568,'C','1341500165811','2025-11-24 11:11:44'),('2025-11-24',1003,9,1,2568,'C','1341500165811','2025-11-24 11:11:44'),('2025-11-24',1022,9,1,2568,'C','1341500165811','2025-11-24 11:11:44'),('2025-11-24',989,9,1,2568,'C','1341500165811','2025-11-24 11:11:44'),('2025-11-24',992,9,1,2568,'C','1341500165811','2025-11-24 11:11:44'),('2025-11-24',999,9,1,2568,'C','1341500165811','2025-11-24 11:11:44'),('2025-11-25',1042,2,1,2568,'C','1341500165811','2025-11-25 07:11:10'),('2025-11-25',1043,2,1,2568,'C','1341500165811','2025-11-25 07:11:10'),('2025-11-25',1047,2,1,2568,'C','1341500165811','2025-11-25 07:11:10'),('2025-11-25',1038,3,1,2568,'C','1341500165811','2025-11-25 07:11:15'),('2025-11-25',1039,3,1,2568,'C','1341500165811','2025-11-25 07:11:15'),('2025-11-25',1040,3,1,2568,'C','1341500165811','2025-11-25 07:11:15'),('2025-11-25',1041,3,1,2568,'C','1341500165811','2025-11-25 07:11:15'),('2025-11-25',1037,3,1,2568,'C','1341500165811','2025-11-25 07:11:15'),('2025-11-25',1026,4,1,2568,'C','1341500165811','2025-11-25 07:11:22'),('2025-11-25',1032,4,1,2568,'C','1341500165811','2025-11-25 07:11:22'),('2025-11-25',1044,4,1,2568,'C','1341500165811','2025-11-25 07:11:22'),('2025-11-25',1024,4,1,2568,'C','1341500165811','2025-11-25 07:11:22'),('2025-11-25',1027,4,1,2568,'C','1341500165811','2025-11-25 07:11:22'),('2025-11-25',1031,4,1,2568,'C','1341500165811','2025-11-25 07:11:22'),('2025-11-25',1034,4,1,2568,'C','1341500165811','2025-11-25 07:11:22'),('2025-11-25',1014,5,1,2568,'C','1341500165811','2025-11-25 07:11:27'),('2025-11-25',1015,5,1,2568,'C','1341500165811','2025-11-25 07:11:27'),('2025-11-25',1033,5,1,2568,'C','1341500165811','2025-11-25 07:11:27'),('2025-11-25',1045,5,1,2568,'C','1341500165811','2025-11-25 07:11:27'),('2025-11-25',1013,5,1,2568,'C','1341500165811','2025-11-25 07:11:27'),('2025-11-25',1004,6,1,2568,'C','1341500165811','2025-11-25 07:11:32'),('2025-11-25',1006,6,1,2568,'C','1341500165811','2025-11-25 07:11:32'),('2025-11-25',1007,6,1,2568,'C','1341500165811','2025-11-25 07:11:32'),('2025-11-25',1028,6,1,2568,'C','1341500165811','2025-11-25 07:11:32'),('2025-11-25',1046,6,1,2568,'C','1341500165811','2025-11-25 07:11:32'),('2025-11-25',1005,6,1,2568,'C','1341500165811','2025-11-25 07:11:32'),('2025-11-25',1029,6,1,2568,'C','1341500165811','2025-11-25 07:11:32'),('2025-11-25',969,7,1,2568,'C','1341500165811','2025-11-25 07:11:37'),('2025-11-25',984,7,1,2568,'C','1341500165811','2025-11-25 07:11:37'),('2025-11-25',1017,7,1,2568,'C','1341500165811','2025-11-25 07:11:37'),('2025-11-25',1030,7,1,2568,'C','1341500165811','2025-11-25 07:11:37'),('2025-11-25',985,7,1,2568,'C','1341500165811','2025-11-25 07:11:37'),('2025-11-25',1002,8,1,2568,'C','1341500165811','2025-11-25 07:11:42'),('2025-11-25',1008,8,1,2568,'C','1341500165811','2025-11-25 07:11:42'),('2025-11-25',1019,8,1,2568,'C','1341500165811','2025-11-25 07:11:42'),('2025-11-25',1020,8,1,2568,'C','1341500165811','2025-11-25 07:11:42'),('2025-11-25',975,8,1,2568,'C','1341500165811','2025-11-25 07:11:42'),('2025-11-25',987,8,1,2568,'C','1341500165811','2025-11-25 07:11:42'),('2025-11-25',1009,8,1,2568,'C','1341500165811','2025-11-25 07:11:42'),('2025-11-25',978,8,1,2568,'C','1341500165811','2025-11-25 07:11:42'),('2025-11-25',1010,9,1,2568,'C','1341500165811','2025-11-25 07:11:47'),('2025-11-25',1023,9,1,2568,'C','1341500165811','2025-11-25 07:11:47'),('2025-11-25',973,9,1,2568,'C','1341500165811','2025-11-25 07:11:47'),('2025-11-25',979,9,1,2568,'C','1341500165811','2025-11-25 07:11:47'),('2025-11-25',982,9,1,2568,'C','1341500165811','2025-11-25 07:11:47'),('2025-11-25',988,9,1,2568,'C','1341500165811','2025-11-25 07:11:47'),('2025-11-25',990,9,1,2568,'C','1341500165811','2025-11-25 07:11:47'),('2025-11-25',1003,9,1,2568,'C','1341500165811','2025-11-25 07:11:47'),('2025-11-25',1022,9,1,2568,'C','1341500165811','2025-11-25 07:11:47'),('2025-11-25',989,9,1,2568,'C','1341500165811','2025-11-25 07:11:47'),('2025-11-25',992,9,1,2568,'C','1341500165811','2025-11-25 07:11:47'),('2025-11-25',999,9,1,2568,'C','1341500165811','2025-11-25 07:11:47');

--
-- Table structure for table `student_check_permission`
--

CREATE TABLE `student_check_permission` (
  `class_now` tinyint(4) NOT NULL,
  `room_now` tinyint(4) NOT NULL,
  `person_id` varchar(13) NOT NULL,
  `student_check_year` int(11) NOT NULL
) ENGINE=MyISAM DEFAULT CHARSET=utf8 COLLATE=utf8_general_ci;

--
-- Dumping data for table `student_check_permission`
--

INSERT INTO `student_check_permission` VALUES (3,1,'3349800023030',2558),(4,1,'3349800023030',2558),(5,1,'3349900167203',2558),(7,1,'3349900167203',2558),(8,1,'3341200211806',2558),(9,1,'3341200211806',2558),(9,1,'3341500693121',2562),(8,1,'3341500693121',2562),(7,1,'3341500693121',2562),(6,1,'3341200211806',2562),(5,1,'3341200211806',2562),(4,1,'3341200211806',2562),(2,1,'1341500165811',2564),(3,1,'1341500206739',2561),(4,1,'3341200211806',2561),(4,1,'1341500206739',2561),(5,1,'3341200211806',2561),(5,1,'1341500206739',2561),(7,1,'3341200211806',2561),(7,1,'1341500206739',2561),(8,1,'3341200211806',2561),(8,1,'1341500206739',2561),(9,1,'3341200211806',2561),(9,1,'1341500206739',2561),(2,1,'1349900597473',2562),(3,1,'1349900597473',2562),(2,1,'1341500165811',2562),(3,1,'1341500165811',2562),(4,1,'1341500165811',2562),(5,1,'1341500165811',2562),(6,1,'1341500165811',2562),(7,1,'1341500165811',2562),(8,1,'1341500165811',2562),(9,1,'1341500165811',2562),(3,1,'1341500165811',2564),(4,1,'1341500165811',2564),(5,1,'1341500165811',2564),(6,1,'1341500165811',2564),(7,1,'1341500165811',2564),(9,1,'1341500165811',2564),(8,1,'1341500165811',2564),(3,1,'1341500165811',2566),(4,1,'1341500165811',2566),(5,1,'1341500165811',2566),(6,1,'1341500165811',2566),(7,1,'1341500165811',2566),(8,1,'1341500165811',2566),(9,1,'1341500165811',2566),(2,1,'1341500165811',2566),(2,1,'3100201998355',2567),(2,1,'1341500165811',2567),(2,1,'1341500254351',2567),(2,1,'1349900228036',2567),(2,1,'1349900954462',2567),(2,1,'1340700400180',2567),(3,1,'1341500165811',2567),(4,1,'1341500165811',2567),(6,1,'1341500165811',2567),(5,1,'1341500165811',2567),(7,1,'1341500165811',2567),(8,1,'1341500165811',2567),(9,1,'1341500165811',2567),(3,1,'1341500165811',2568),(5,1,'1341500165811',2568),(6,1,'1341500165811',2568),(7,1,'1341500165811',2568),(8,1,'1341500165811',2568),(9,1,'1341500165811',2568),(4,1,'1341500165811',2568),(2,1,'1341500165811',2568);

--
-- Table structure for table `student_check_year`
--

CREATE TABLE `student_check_year` (
  `id` int(11) NOT NULL AUTO_INCREMENT,
  `student_check_year` int(11) NOT NULL,
  `year_active` tinyint(1) NOT NULL,
  PRIMARY KEY (`id`),
  UNIQUE KEY `student_check_year` (`student_check_year`)
) ENGINE=MyISAM AUTO_INCREMENT=9 DEFAULT CHARSET=utf8 COLLATE=utf8_general_ci;

--
-- Dumping data for table `student_check_year`
--

INSERT INTO `student_check_year` VALUES (1,2558,0),(2,2561,0),(3,2562,0),(4,2564,0),(5,2566,0),(7,2567,0),(8,2568,1);

--
-- Table structure for table `student_main`
--

CREATE TABLE `student_main` (
  `id` int(11) NOT NULL AUTO_INCREMENT,
  `student_id` varchar(7) NOT NULL,
  `student_number` int(11) DEFAULT NULL,
  `prename` varchar(20) NOT NULL,
  `name` varchar(50) NOT NULL,
  `surname` varchar(50) NOT NULL,
  `person_id` varchar(20) DEFAULT NULL,
  `sex` tinyint(4) NOT NULL DEFAULT 0,
  `pic` varchar(150) DEFAULT NULL,
  `class_now` tinyint(4) DEFAULT NULL,
  `room` tinyint(4) NOT NULL DEFAULT 0,
  `status` tinyint(4) NOT NULL DEFAULT 0,
  `out_edyear` int(11) DEFAULT NULL,
  `officer` varchar(13) NOT NULL,
  `rec_date` date NOT NULL,
  PRIMARY KEY (`id`),
  UNIQUE KEY `student_number` (`student_id`),
  KEY `class_now` (`class_now`),
  KEY `room` (`room`)
) ENGINE=MyISAM AUTO_INCREMENT=126 DEFAULT CHARSET=utf8 COLLATE=utf8_general_ci;

--
-- Dumping data for table `student_main`
--

INSERT INTO `student_main` VALUES (1,'944',0,'เด็กชาย','สุริยชัย','สายแวว','1349901623206',1,NULL,9,1,1,2564,'3330300771225','0000-00-00'),(2,'947',0,'เด็กชาย','ธนากร','พันสถิตย์','1341501515166',1,NULL,9,1,1,2564,'3330300771225','0000-00-00'),(43,'962',0,'ด.ช','นัฐวุฒิ','อธิวัฒนชัย','1347600069127',1,'',8,1,2,2565,'1341500165811','2019-07-10'),(6,'941',0,'เด็กหญิง','ชลธิชา','สายแวว','1349901561235',2,NULL,9,1,1,2563,'3330300771225','0000-00-00'),(28,'942',0,'เด็กชาย','พงศกร','คำพุด','1341501505241',1,'',4,1,2,2558,'1471200116784','2015-12-01'),(9,'948',0,'เด็กชาย','พุธทา','วงษ์ปัญญา','1349901531719',1,NULL,9,1,1,2562,'3330300771225','0000-00-00'),(10,'939',0,'เด็กหญิง','กัลยกร','ประสิทธิ์เกษกัน','1101000197619',2,NULL,9,1,1,2562,'3330300771225','0000-00-00'),(42,'961',0,'ด.ช','ฐปกร','เจริญบุตร','1341501540438',1,'',9,1,1,2566,'1341500165811','2019-07-10'),(41,'960',0,'ด.ช','นฤเดช','อุทัยกรณ์','1341501538905',1,'',9,1,1,2566,'1341500165811','2019-07-10'),(40,'959',0,'ด.ญ','สุภาพร','เสนสี','1341501533695',2,'',9,1,1,2566,'1341500165811','2019-07-10'),(36,'965',0,'ด.ช','กวิน','สุพล','1341501525552',1,'',9,1,1,2565,'3330300771225','2019-07-10'),(37,'952',0,'ด.ญ','สุพรรษา','เสนสี','1349901635255',2,'',9,1,1,2564,'3330300771225','2019-07-10'),(38,'956',0,'ด.ญ','จิริญาพร','ตลอดพงษ์','1349901774859',2,'',9,1,1,2566,'1341500165811','2019-07-10'),(27,'935',0,'เด็กชาย','จิรสิน','คำพุด','1149901013540',1,'',5,1,2,2558,'1471200116784','2015-12-01'),(39,'958',0,'ด.ญ','อาภาพัชร','สุพล','1341501536961',2,'',9,1,1,2566,'1341500165811','2019-07-10'),(33,'971',0,'ด.ช','ธีรพัฒน์','ใจสุข','1349901500708',1,'',9,1,1,2562,'3330300771225','2019-07-10'),(34,'963',0,'ด.ช','กิตติภณ','เจริญบุตร','1341501523941',1,'',9,1,1,2565,'1341500165811','2019-07-10'),(35,'964',0,'ด.ญ','ณัฏฐธิดา','จอมอ่อน','1341501526702',2,'',9,1,1,2565,'3330300771225','2019-07-10'),(31,'966',0,'ด.ญ','รุ่งทิวา','ผาสุขทรง','1341501505969',2,'',9,1,1,2563,'3330300771225','2019-07-10'),(32,'967',0,'ด.ช','กิตติวัฒน์','ดีโพธิ์กลาง','1341501499748',1,'',9,1,1,2562,'3330300771225','2019-07-10'),(26,'950',0,'เด็กหญิง','จัดมิน','อาดำ','1139600439335',2,'',9,1,1,2562,'3330300771225','2015-11-04'),(29,'925',1,'เด็กหญิง','เกษแก้ว','คำพุด','1349901352547',0,'',7,1,2,2558,'1471200116784','2015-12-01'),(30,'955',1,'เด็กหญิง','กรยนี','ตลอดพงษ์','1349901451952',2,'',9,1,1,2561,'3330300771225','2019-03-14'),(44,'976',0,'ด.ช','อนุพนธ์','ศรีอักษร','1341501549923',1,'',9,1,1,2567,'3100201998355','2019-07-10'),(85,'1011',0,'เด็กหญิง','ณัฏฐณิชา','อาริภู','1341501621683',2,'',4,1,2,2567,'1341500165811','2022-05-18'),(46,'973',0,'เด็กชาย','ไพสิฐ','ทิมัจฉา','1489900780951',1,'',9,1,0,NULL,'3100201998355','2019-07-10'),(54,'969',0,'เด็กชาย','พรรณกร','เขตร์วิทย์','1341501582939',1,'',7,1,0,NULL,'1341500165811','2020-07-15'),(48,'975',0,'เด็กชาย','ณัฐวุฒิ','วงษ์ปัญญา','1349902039150',1,'',8,1,0,NULL,'3100201998355','2019-07-10'),(86,'1012',0,'เด็กหญิง','ธัญญรัตน์','กองพล','16799011030571',2,'',2,1,2,2565,'1341500165811','2022-05-18'),(50,'978',0,'เด็กหญิง','พิสมัย','สุตาสุข','1341501576157',2,'',8,1,0,NULL,'3100201998355','2019-07-10'),(51,'984',0,'เด็กชาย','จอมทัพ','แดงดี','1341501591709',1,'',7,1,0,NULL,'1341500165811','2020-07-15'),(52,'985',0,'เด็กหญิง','เมษา','สุพล','1341501593833',2,'',7,1,0,NULL,'1341500165811','2020-07-15'),(53,'986',0,'เด็กชาย','ธนาวุฒิ','หาญชาติ','1341501588384',1,'',5,1,2,2566,'1341500165811','2020-07-15'),(55,'981',0,'เด็กหญิง','สุพัตตรา','เจริญบุตร','1341501578834',2,'',7,1,2,2567,'1341500165811','2020-07-15'),(56,'987',0,'เด็กชาย','กันต์ติพัทธ์','สินวะ','1103705066401',1,'',8,1,0,NULL,'1341500165811','2020-07-15'),(57,'979',0,'เด็กชาย','ธนัญชัย','สายแวว','1348800072386',1,'',9,1,0,NULL,'1341500165811','2020-07-15'),(58,'982',0,'เด็กชาย','อดิศักดิ์','แสนจู','1341501568391',1,'',9,1,0,NULL,'1341500165811','2020-07-15'),(59,'989',0,'เด็กหญิง','แก้วกาญดา','ดีโพธิ์กลาง','1341501562849',2,'',9,1,0,NULL,'1341500165811','2020-07-15'),(60,'990',0,'เด็กชาย','กฤษณพล','ใจสุข','1347600095527',1,'',9,1,0,NULL,'1341500165811','2020-07-15'),(61,'991',0,'เด็กชาย','ธนวัฒน์','หาญชาติ','1349901932691',1,'',7,1,2,2566,'1341500165811','2020-07-15'),(62,'992',0,'เด็กหญิง','ภาวิมล','จันทวี','1349901936760',2,'',9,1,0,NULL,'1341500165811','2020-07-15'),(63,'999',0,'เด็กหญิง','ทิพย์รุ่งนภา','สุพล','1341501567409',2,'',9,1,0,NULL,'3100201998355','2020-07-15'),(78,'1008',0,'เด็กชาย','กฤษฏา','สุพล','1341501568871',1,'',8,1,0,NULL,'1341500165811','2021-06-02'),(65,'968',0,'เด็กชาย','ธีรพัฒน์','ทรัพย์พร้อม','1349901902385',1,'',9,1,1,2567,'1341500165811','2020-07-15'),(66,'972',0,'เด็กหญิง','พิมผกา','ลาเลิศ','1102004385313',2,'',9,1,1,2567,'3100201998355','2020-07-15'),(67,'951',0,'เด็กชาย','วรสิทธิ์','โชคสุข','1341501540918',1,'',9,1,1,2566,'1341500165811','2020-07-15'),(68,'993',0,'เด็กชาย','เชษฐา','ทองถม','1349901712357',1,'',9,1,1,2565,'3330300771225','2020-07-15'),(69,'994',0,'เด็กชาย','วัชราภรณ์','จูมแพง','1341501520399',1,'',9,1,1,2565,'1341500165811','2020-07-15'),(70,'995',0,'เด็กชาย','ยศธร','อักษรณรงค์','1349300046247',1,'',9,1,1,2565,'3330300771225','2020-07-15'),(71,'997',0,'เด็กชาย','ชุมพล','ทองถม','1349901712373',1,'',9,1,1,2565,'3330300771225','2020-07-15'),(72,'998',0,'เด็กชาย','ณัฏฐกร','เดชกุล','1341501545391',1,'',9,1,1,2567,'3100201998355','2020-07-15'),(73,'996',0,'เด็กชาย','ธีระเดช','สายแวว','1341501503907',1,'',9,1,1,2563,'3330300771225','2020-07-15'),(74,'1000',0,'เด็กชาย','พีรพัฒน์','ทรัพย์พร้อม','1349901705385',1,'',9,1,1,2565,'3330300771225','2020-08-19'),(75,'1001',0,'เด็กหญิง','สุนิตา','รุจิโพชน์','1349901963031',2,'',5,1,2,2565,'1341500165811','2021-01-25'),(76,'1002',0,'เด็กชาย','ธีรัตม์','ใจสุข','1349902007495',1,'',8,1,0,NULL,'1341500165811','2021-01-25'),(77,'1003',0,'เด็กหญิง','ธีรกานต์','ใจสุข','1349901940988',2,'',9,1,0,NULL,'1341500165811','2021-01-25'),(79,'1009',0,'เด็กหญิง','ณิชาภัทร','เกษกันธร','1349901995863',2,'',8,1,0,NULL,'1341500165811','2021-06-02'),(81,'1005',0,'เด็กหญิง','นันฐิตา','เสมกลาง','1341501597979',2,'',6,1,0,NULL,'1341500165811','2021-06-02'),(82,'1007',0,'เด็กชาย','พิชิตชัย','สายแวว','1349902128411',1,'',6,1,0,NULL,'1341500165811','2021-06-02'),(83,'1006',0,'เด็กชาย','ปิยวัชร์','สารีอาจ','1341501600597',1,'',6,1,0,NULL,'1341500165811','2021-06-07'),(84,'1010',0,'เด็กชาย','ขุนพล','สุขสมบูรณ์','1101801744219',1,'',9,1,0,NULL,'1341500165811','2021-08-13'),(87,'1013',0,'เด็กหญิง','สุพรรษา','แก้วมะ','1341501612447',2,'',5,1,0,NULL,'1341500165811','2022-05-18'),(88,'1014',0,'เด็กชาย','ภัคพงษ์','ใจสุข','1341501623422',1,'',5,1,0,NULL,'1341500165811','2022-05-18'),(89,'1015',0,'เด็กชาย','นพรัตน์','ทรัพย์พร้อม','1341501621845',1,'',5,1,0,NULL,'1341500165811','2022-05-18'),(90,'1016',0,'เด็กชาย','อานนท์','กองพล','1349902105683',1,'',4,1,2,2565,'1341500165811','2022-05-18'),(91,'1017',0,'เด็กหญิง','ธัญญสุภางค์','จันอ่อน','1349902048043',2,'',7,1,0,NULL,'1341500165811','2022-05-18'),(92,'1018',0,'เด็กชาย','ธินพัฒน์','จันอ่อน','1349901837524',1,'',9,1,1,2566,'1341500165811','2022-05-18'),(93,'1019',0,'เด็กชาย','สุธาทิพย์','เจริญบุตร','1341501568812',1,'',8,1,0,NULL,'1341500165811','2022-05-18'),(94,'1020',0,'เด็กชาย','ภาคิน','แสงกล้า','1349902002027',1,'',8,1,0,NULL,'1341500165811','2022-05-18'),(95,'1021',0,'เด็กหญิง','ฐานิตา','พงษ์พันธ์','1103200249223',2,'',8,1,2,2565,'1341500165811','2022-07-18'),(96,'974',0,'เด็กชาย','รุจธิชัย','ลิ้วทอง','1349901913107',1,'',8,1,2,2566,'1341500165811','2022-09-16'),(97,'1022',0,'เด็กหญิง','ภัทรมล','ทรัพย์พร้อม','1341501568090',2,'',9,1,0,NULL,'1341500165811','2022-09-16'),(98,'1023',0,'เด็กชาย','นพนัฐ','สมบุตร','1349901917463',1,'',9,1,0,NULL,'3100201998355','2022-11-24'),(100,'1025',0,'เด็กหญิง','วราพร','สายพันธ์','1341501634777',2,'',3,1,2,2567,'1341500165811','2023-05-16'),(101,'1026',0,'เด็กชาย','กฤษณะ','สุพล','1341501634441',1,'',4,1,0,NULL,'1341500165811','2023-05-16'),(102,'1027',0,'เด็กหญิง','ลลิตา','ใจสุข','1341501632511',2,'',4,1,0,NULL,'1341500165811','2023-05-16'),(103,'1028',0,'เด็กชาย','ธนากร','สายแวว','1349902137267',1,'',6,1,0,NULL,'1341500165811','2023-05-16'),(104,'1029',0,'เด็กหญิง','นันธิดา','กุลพร','1341501600805',2,'',6,1,0,NULL,'1341500165811','2023-05-16'),(105,'1030',0,'เด็กหญิง','ดาวิกา','ด้วงคำสี','1341501588619',2,'',7,1,0,NULL,'1341500165811','2023-05-16'),(106,'1024',0,'เด็กหญิง','สุพรรษา','ผ่องศรี','1209703224985',2,'',4,1,0,NULL,'1341500165811','2023-05-16'),(107,'1031',0,'เด็กหญิง','สุภาพร','เขตร์วิทย์','1349902247691',2,'',4,1,0,NULL,'1341500165811','2023-05-19'),(108,'1032',0,'เด็กชาย','กฤตยชญ์','โชคสุข','1349902247534',1,'',4,1,0,NULL,'1341500165811','2023-05-19'),(109,'1033',0,'เด็กชาย','เกียรติภูมิ','สายแวว','1341501622001',1,'',5,1,0,NULL,'1341500165811','2023-05-19'),(110,'1034',0,'เด็กหญิง','ปรรณพัชร์','ลิ้วทอง','1341501635536',2,'',4,1,0,NULL,'1341500165811','2023-09-05'),(111,'1035',0,'เด็กหญิง','ชญาดา','ดีโพธิ์กลาง','1341501578591',2,'',7,1,2,2567,'1341500165811','2023-11-06'),(112,'1036',0,'เด็กหญิง','เบญญาทิพย์','มีศรี','1341501569576',2,'',8,1,2,2567,'1341500165811','2023-11-06'),(113,'1037',0,'เด็กหญิง','ณัฏฐ์ชญา','ดีโพธิ์กลาง','1341501654000',2,'',3,1,0,NULL,'1341500165811','2024-05-17'),(114,'1038',0,'เด็กชาย','รัชชานนท์','โชคสุข','1341501654204',1,'',3,1,0,NULL,'1341500165811','2024-05-17'),(115,'1041',0,'เด็กชาย','จิรายุ','ทิมา','1341501647119',1,'',3,1,0,NULL,'1341500165811','2024-05-17'),(116,'1039',0,'เด็กชาย','ธัญเทพ','พันสถิตย์','1104301802751',1,'',3,1,0,NULL,'1341500165811','2024-05-17'),(117,'1040',0,'เด็กชาย','กิติคุณ','มงคลเสริม','1347600158961',1,'',3,1,0,NULL,'1341500165811','2024-05-20'),(118,'1042',0,'เด็กชาย','กันตภณ','หนุนวงค์','1349902363933',1,'',2,1,0,NULL,'1341500165811','2025-05-19'),(119,'1043',0,'เด็กชาย','รัฐพล','ใจสุข','1349902365791',1,'',2,1,0,NULL,'1341500165811','2025-05-19'),(120,'1044',0,'เด็กชาย','ชนาภัทร','กัณหรักษ์','1347600147608',1,'',4,1,0,NULL,'1341500165811','2025-05-19'),(121,'1045',0,'เด็กชาย','ธีรเดช','พวงมาลา','1341501616761',1,'',5,1,0,NULL,'1341500165811','2025-05-19'),(122,'1004',0,'เด็กชาย','กฤษฏา','กุดดวงแก้ว','1341501603740',1,'',6,1,0,NULL,'1341500165811','2025-05-19'),(123,'1046',0,'เด็กชาย','ธนาทิป','ไชยชิต','1339100143214',1,'',6,1,0,NULL,'1341500165811','2025-05-19'),(124,'988',0,'เด็กชาย','เกียรติศักดิ์','สายแวว','1341501556946',1,'',9,1,0,NULL,'1341500165811','2025-05-19'),(125,'1047',0,'เด็กชาย','ภูบดินทร์','วงภูไทย','G683400006682',1,'',2,1,0,NULL,'1341500165811','2025-11-12');

--
-- Table structure for table `student_main_class`
--

CREATE TABLE `student_main_class` (
  `id` int(11) NOT NULL AUTO_INCREMENT,
  `class_code` tinyint(4) NOT NULL,
  `class_name` varchar(150) NOT NULL,
  PRIMARY KEY (`id`),
  UNIQUE KEY `class_code` (`class_code`)
) ENGINE=MyISAM AUTO_INCREMENT=10 DEFAULT CHARSET=utf8 COLLATE=utf8_general_ci;

--
-- Dumping data for table `student_main_class`
--

INSERT INTO `student_main_class` VALUES (1,2,'อนุบาล2'),(2,3,'อนุุบาล3'),(3,4,'ประถมศึกษาปีที่1'),(4,5,'ประถมศึกษาปีที่2'),(5,6,'ประถมศึกษาปีที่3'),(6,7,'ประถมศึกษาปีที่4'),(7,8,'ประถมศึกษาปีที่5'),(9,9,'ประถมศึกษาปีที่ 6');

--
-- Table structure for table `student_main_classlog`
--

CREATE TABLE `student_main_classlog` (
  `id` int(11) NOT NULL AUTO_INCREMENT,
  `ed_year` int(11) NOT NULL,
  `student_id` varchar(7) NOT NULL,
  `student_number` int(11) DEFAULT NULL,
  `class_code` tinyint(4) NOT NULL,
  `room` tinyint(4) DEFAULT 0,
  `officer` varchar(13) NOT NULL,
  `rec_date` date NOT NULL,
  PRIMARY KEY (`id`)
) ENGINE=MyISAM AUTO_INCREMENT=354 DEFAULT CHARSET=utf8 COLLATE=utf8_general_ci;

--
-- Dumping data for table `student_main_classlog`
--

INSERT INTO `student_main_classlog` VALUES (1,2558,'942',0,4,1,'1471200116784','2015-12-01'),(2,2558,'935',0,5,1,'1471200116784','2015-12-01'),(3,2558,'925',1,7,1,'1471200116784','2015-12-01'),(4,2561,'943',0,3,1,'1341500165811','2019-07-10'),(5,2561,'944',0,3,1,'1341500165811','2019-07-10'),(6,2561,'947',0,3,1,'1341500165811','2019-07-10'),(7,2561,'949',0,3,1,'1341500165811','2019-07-10'),(8,2561,'941',0,4,1,'1341500165811','2019-07-10'),(9,2561,'945',0,4,1,'1341500165811','2019-07-10'),(10,2561,'939',0,5,1,'1341500165811','2019-07-10'),(11,2561,'948',0,5,1,'1341500165811','2019-07-10'),(12,2561,'950',0,5,1,'1341500165811','2019-07-10'),(13,2561,'918',0,7,1,'1341500165811','2019-07-10'),(14,2561,'920',0,7,1,'1341500165811','2019-07-10'),(15,2561,'921',0,7,1,'1341500165811','2019-07-10'),(16,2561,'923',0,7,1,'1341500165811','2019-07-10'),(17,2561,'924',0,7,1,'1341500165811','2019-07-10'),(18,2561,'928',0,7,1,'1341500165811','2019-07-10'),(19,2561,'931',0,7,1,'1341500165811','2019-07-10'),(20,2561,'933',0,7,1,'1341500165811','2019-07-10'),(21,2561,'912',0,8,1,'1341500165811','2019-07-10'),(22,2561,'914',0,8,1,'1341500165811','2019-07-10'),(23,2561,'908',0,9,1,'1341500165811','2019-07-10'),(24,2561,'909',0,9,1,'1341500165811','2019-07-10'),(25,2561,'910',0,9,1,'1341500165811','2019-07-10'),(26,2561,'916',0,9,1,'1341500165811','2019-07-10'),(27,2561,'955',1,9,1,'1341500165811','2019-07-10'),(28,2562,'939',0,9,1,'3330300771225','2020-07-13'),(29,2562,'948',0,9,1,'3330300771225','2020-07-13'),(30,2562,'950',0,9,1,'3330300771225','2020-07-13'),(31,2562,'967',0,9,1,'3330300771225','2020-07-13'),(32,2562,'971',0,9,1,'3330300771225','2020-07-13'),(33,2562,'975',0,2,1,'3330300771225','2020-07-13'),(34,2562,'977',0,2,1,'3330300771225','2020-07-13'),(35,2562,'978',0,2,1,'3330300771225','2020-07-13'),(36,2562,'969',0,3,1,'3330300771225','2020-07-13'),(37,2562,'973',0,3,1,'3330300771225','2020-07-13'),(38,2562,'974',0,4,1,'3330300771225','2020-07-13'),(39,2562,'976',0,4,1,'3330300771225','2020-07-13'),(40,2562,'956',0,5,1,'3330300771225','2020-07-13'),(41,2562,'958',0,5,1,'3330300771225','2020-07-13'),(42,2562,'959',0,5,1,'3330300771225','2020-07-13'),(43,2562,'960',0,5,1,'3330300771225','2020-07-13'),(44,2562,'961',0,5,1,'3330300771225','2020-07-13'),(45,2562,'962',0,5,1,'3330300771225','2020-07-13'),(46,2562,'963',0,6,1,'3330300771225','2020-07-13'),(47,2562,'964',0,6,1,'3330300771225','2020-07-13'),(48,2562,'965',0,6,1,'3330300771225','2020-07-13'),(49,2562,'944',0,7,1,'3330300771225','2020-07-13'),(50,2562,'947',0,7,1,'3330300771225','2020-07-13'),(51,2562,'952',0,7,1,'3330300771225','2020-07-13'),(52,2562,'941',0,8,1,'3330300771225','2020-07-13'),(53,2562,'966',0,8,1,'3330300771225','2020-07-13'),(54,2563,'984',0,2,1,'3330300771225','2020-07-15'),(55,2563,'985',0,2,1,'3330300771225','2020-07-15'),(56,2563,'986',0,2,1,'3330300771225','2020-07-15'),(57,2563,'969',0,2,1,'3330300771225','2020-07-15'),(58,2563,'981',0,3,1,'3330300771225','2020-07-15'),(59,2563,'987',0,3,1,'3330300771225','2020-07-15'),(60,2563,'979',0,4,1,'3330300771225','2020-07-15'),(61,2563,'982',0,4,1,'3330300771225','2020-07-15'),(62,2563,'989',0,4,1,'3330300771225','2020-07-15'),(63,2563,'990',0,4,1,'3330300771225','2020-07-15'),(64,2563,'991',0,4,1,'3330300771225','2020-07-15'),(65,2563,'992',0,4,1,'3330300771225','2020-07-15'),(66,2563,'999',0,4,1,'3330300771225','2020-07-15'),(81,2563,'941',0,9,1,'1341500165811','2021-06-01'),(68,2563,'968',0,5,1,'3330300771225','2020-07-15'),(69,2563,'972',0,5,1,'3330300771225','2020-07-15'),(70,2563,'951',0,6,1,'3330300771225','2020-07-15'),(71,2563,'993',0,7,1,'3330300771225','2020-07-15'),(72,2563,'994',0,7,1,'3330300771225','2020-07-15'),(73,2563,'995',0,7,1,'3330300771225','2020-07-15'),(74,2563,'997',0,7,1,'3330300771225','2020-07-15'),(75,2563,'998',0,5,1,'3330300771225','2020-07-15'),(76,2563,'996',0,9,1,'3330300771225','2020-07-15'),(77,2563,'1000',0,7,1,'3330300771225','2020-08-19'),(78,2563,'1001',0,3,1,'1341500165811','2021-01-25'),(79,2563,'1002',0,3,1,'1341500165811','2021-01-25'),(80,2563,'1003',0,4,1,'1341500165811','2021-01-25'),(82,2563,'966',0,9,1,'1341500165811','2021-06-01'),(83,2563,'944',0,8,1,'3330300771225','2021-06-01'),(84,2563,'947',0,8,1,'3330300771225','2021-06-01'),(85,2563,'952',0,8,1,'3330300771225','2021-06-01'),(86,2563,'975',0,3,1,'3330300771225','2021-06-01'),(87,2563,'977',0,3,1,'3330300771225','2021-06-01'),(88,2563,'978',0,3,1,'3330300771225','2021-06-01'),(89,2563,'973',0,4,1,'3330300771225','2021-06-01'),(90,2563,'974',0,5,1,'3330300771225','2021-06-01'),(91,2563,'976',0,5,1,'3330300771225','2021-06-01'),(92,2563,'956',0,6,1,'3330300771225','2021-06-01'),(93,2563,'958',0,6,1,'3330300771225','2021-06-01'),(94,2563,'959',0,6,1,'3330300771225','2021-06-01'),(95,2563,'960',0,6,1,'3330300771225','2021-06-01'),(96,2563,'961',0,6,1,'3330300771225','2021-06-01'),(97,2563,'962',0,6,1,'3330300771225','2021-06-01'),(98,2563,'963',0,7,1,'3330300771225','2021-06-01'),(99,2563,'964',0,7,1,'3330300771225','2021-06-01'),(100,2563,'965',0,7,1,'3330300771225','2021-06-01'),(101,2564,'969',0,3,1,'1341500165811','2022-05-19'),(102,2564,'984',0,3,1,'1341500165811','2022-05-19'),(103,2564,'985',0,3,1,'1341500165811','2022-05-19'),(104,2564,'986',0,3,1,'1341500165811','2022-05-19'),(105,2564,'1001',0,4,1,'1341500165811','2022-05-19'),(106,2564,'1002',0,4,1,'1341500165811','2022-05-19'),(107,2564,'975',0,4,1,'1341500165811','2022-05-19'),(109,2564,'978',0,4,1,'1341500165811','2022-05-19'),(110,2564,'981',0,4,1,'1341500165811','2022-05-19'),(111,2564,'987',0,4,1,'1341500165811','2022-05-19'),(112,2564,'1003',0,5,1,'1341500165811','2022-05-19'),(113,2564,'973',0,5,1,'1341500165811','2022-05-19'),(114,2564,'979',0,5,1,'1341500165811','2022-05-19'),(115,2564,'982',0,5,1,'1341500165811','2022-05-19'),(116,2564,'989',0,5,1,'1341500165811','2022-05-19'),(117,2564,'990',0,5,1,'1341500165811','2022-05-19'),(118,2564,'991',0,5,1,'1341500165811','2022-05-19'),(119,2564,'992',0,5,1,'1341500165811','2022-05-19'),(120,2564,'999',0,5,1,'1341500165811','2022-05-19'),(121,2564,'968',0,6,1,'1341500165811','2022-05-19'),(122,2564,'972',0,6,1,'1341500165811','2022-05-19'),(151,2564,'1011',0,2,1,'1341500165811','2022-05-19'),(124,2564,'976',0,6,1,'1341500165811','2022-05-19'),(125,2564,'998',0,6,1,'1341500165811','2022-05-19'),(126,2564,'951',0,7,1,'1341500165811','2022-05-19'),(127,2564,'956',0,7,1,'1341500165811','2022-05-19'),(128,2564,'958',0,7,1,'1341500165811','2022-05-19'),(129,2564,'959',0,7,1,'1341500165811','2022-05-19'),(130,2564,'960',0,7,1,'1341500165811','2022-05-19'),(131,2564,'961',0,7,1,'1341500165811','2022-05-19'),(132,2564,'962',0,7,1,'1341500165811','2022-05-19'),(133,2564,'1000',0,8,1,'1341500165811','2022-05-19'),(134,2564,'963',0,8,1,'1341500165811','2022-05-19'),(135,2564,'964',0,8,1,'1341500165811','2022-05-19'),(136,2564,'965',0,8,1,'1341500165811','2022-05-19'),(137,2564,'993',0,8,1,'1341500165811','2022-05-19'),(138,2564,'994',0,8,1,'1341500165811','2022-05-19'),(139,2564,'995',0,8,1,'1341500165811','2022-05-19'),(140,2564,'997',0,8,1,'1341500165811','2022-05-19'),(141,2564,'944',0,9,1,'3330300771225','2021-06-01'),(142,2564,'947',0,9,1,'3330300771225','2021-06-01'),(143,2564,'952',0,9,1,'3330300771225','2021-06-01'),(144,2564,'1008',0,4,1,'1341500165811','2022-05-19'),(145,2564,'1009',0,4,1,'1341500165811','2022-05-19'),(152,2564,'1012',0,2,1,'1341500165811','2022-05-19'),(147,2564,'1005',0,2,1,'1341500165811','2022-05-19'),(148,2564,'1007',0,2,1,'1341500165811','2022-05-19'),(149,2564,'1006',0,2,1,'1341500165811','2022-05-19'),(150,2564,'1010',0,5,1,'1341500165811','2022-05-19'),(153,2564,'1013',0,2,1,'1341500165811','2022-05-19'),(154,2564,'1014',0,2,1,'1341500165811','2022-05-19'),(155,2564,'1015',0,2,1,'1341500165811','2022-05-19'),(156,2564,'1016',0,4,1,'1341500165811','2022-05-19'),(157,2564,'1017',0,4,1,'1341500165811','2022-05-19'),(158,2564,'1018',0,8,1,'1341500165811','2022-05-19'),(159,2564,'1019',0,5,1,'1341500165811','2022-05-19'),(160,2564,'1020',0,5,1,'1341500165811','2022-05-19'),(161,2565,'1011',0,2,1,'1341500165811','2022-05-20'),(162,2565,'1012',0,2,1,'1341500165811','2022-05-20'),(163,2565,'969',0,4,1,'1341500165811','2022-05-20'),(164,2565,'1001',0,5,1,'1341500165811','2022-05-20'),(165,2565,'1018',0,8,1,'1341500165811','2022-05-20'),(166,2565,'962',0,8,1,'1341500165811','2022-05-20'),(167,2565,'961',0,8,1,'1341500165811','2022-05-20'),(168,2565,'960',0,8,1,'1341500165811','2022-05-20'),(169,2565,'959',0,8,1,'1341500165811','2022-05-20'),(170,2565,'958',0,8,1,'1341500165811','2022-05-20'),(171,2565,'956',0,8,1,'1341500165811','2022-05-20'),(172,2565,'951',0,8,1,'1341500165811','2022-05-20'),(173,2565,'998',0,7,1,'1341500165811','2022-05-20'),(174,2565,'976',0,7,1,'1341500165811','2022-05-20'),(175,2565,'972',0,7,1,'1341500165811','2022-05-20'),(176,2565,'968',0,7,1,'1341500165811','2022-05-20'),(177,2565,'999',0,6,1,'1341500165811','2022-05-20'),(178,2565,'992',0,6,1,'1341500165811','2022-05-20'),(179,2565,'991',0,6,1,'1341500165811','2022-05-20'),(180,2565,'990',0,6,1,'1341500165811','2022-05-20'),(181,2565,'989',0,6,1,'1341500165811','2022-05-20'),(182,2565,'982',0,6,1,'1341500165811','2022-05-20'),(183,2565,'979',0,6,1,'1341500165811','2022-05-20'),(184,2565,'973',0,6,1,'1341500165811','2022-05-20'),(185,2565,'1010',0,6,1,'1341500165811','2022-05-20'),(186,2565,'1003',0,6,1,'1341500165811','2022-05-20'),(187,2565,'1002',0,5,1,'1341500165811','2022-05-20'),(188,2565,'986',0,4,1,'1341500165811','2022-05-20'),(189,2565,'985',0,4,1,'1341500165811','2022-05-20'),(190,2565,'984',0,4,1,'1341500165811','2022-05-20'),(191,2565,'987',0,5,1,'1341500165811','2022-05-20'),(192,2565,'975',0,5,1,'1341500165811','2022-05-20'),(193,2565,'981',0,5,1,'1341500165811','2022-05-20'),(194,2565,'978',0,5,1,'1341500165811','2022-05-20'),(195,2565,'1008',0,5,1,'1341500165811','2022-05-20'),(196,2565,'1009',0,5,1,'1341500165811','2022-05-20'),(197,2565,'1016',0,4,1,'1341500165811','2022-05-20'),(198,2565,'1021',0,8,1,'1341500165811','2022-07-18'),(199,2565,'963',0,9,1,'1341500165811','2022-07-25'),(200,2565,'974',0,7,1,'1341500165811','2022-09-16'),(201,2565,'1022',0,6,1,'1341500165811','2022-09-16'),(202,2565,'1023',0,6,1,'1341500165811','2022-11-24'),(204,2565,'994',0,9,1,'1341500165811','2023-03-14'),(205,2565,'1000',0,9,1,'1341500165811','2023-05-08'),(206,2565,'964',0,9,1,'1341500165811','2023-05-08'),(207,2565,'965',0,9,1,'1341500165811','2023-05-08'),(208,2565,'993',0,9,1,'1341500165811','2023-05-08'),(209,2565,'995',0,9,1,'1341500165811','2023-05-08'),(210,2565,'997',0,9,1,'1341500165811','2023-05-08'),(211,2565,'1013',0,2,1,'3100201998355','2023-05-16'),(212,2565,'1014',0,2,1,'3100201998355','2023-05-16'),(213,2565,'1015',0,2,1,'3100201998355','2023-05-16'),(214,2565,'1005',0,3,1,'3100201998355','2023-05-16'),(215,2565,'1006',0,3,1,'3100201998355','2023-05-16'),(216,2565,'1007',0,3,1,'3100201998355','2023-05-16'),(217,2565,'1017',0,4,1,'3100201998355','2023-05-16'),(218,2565,'1019',0,5,1,'3100201998355','2023-05-16'),(219,2565,'1020',0,5,1,'3100201998355','2023-05-16'),(220,2566,'1025',0,2,1,'1341500165811','2023-05-16'),(221,2566,'1026',0,2,1,'1341500165811','2023-05-16'),(222,2566,'1027',0,2,1,'1341500165811','2023-05-16'),(223,2566,'1028',0,4,1,'1341500165811','2023-05-16'),(224,2566,'1029',0,4,1,'1341500165811','2023-05-16'),(225,2566,'1030',0,5,1,'1341500165811','2023-05-16'),(226,2565,'1025',0,2,1,'1341500165811','2023-05-16'),(227,2565,'1026',0,2,1,'1341500165811','2023-05-16'),(228,2565,'1027',0,2,1,'1341500165811','2023-05-16'),(229,2566,'1011',0,3,1,'1341500165811','2023-05-16'),(230,2566,'1013',0,3,1,'1341500165811','2023-05-16'),(231,2566,'1014',0,3,1,'1341500165811','2023-05-16'),(232,2566,'1015',0,3,1,'1341500165811','2023-05-16'),(233,2566,'1005',0,4,1,'1341500165811','2023-05-16'),(234,2566,'1006',0,4,1,'1341500165811','2023-05-16'),(235,2566,'1007',0,4,1,'1341500165811','2023-05-16'),(236,2566,'1017',0,5,1,'1341500165811','2023-05-16'),(237,2566,'969',0,5,1,'1341500165811','2023-05-16'),(238,2566,'984',0,5,1,'1341500165811','2023-05-16'),(239,2566,'985',0,5,1,'1341500165811','2023-05-16'),(240,2566,'986',0,5,1,'1341500165811','2023-05-16'),(241,2566,'1002',0,6,1,'1341500165811','2023-05-16'),(242,2566,'1008',0,6,1,'1341500165811','2023-05-16'),(243,2566,'1009',0,6,1,'1341500165811','2023-05-16'),(244,2566,'1019',0,6,1,'1341500165811','2023-05-16'),(245,2566,'1020',0,6,1,'1341500165811','2023-05-16'),(246,2566,'975',0,6,1,'1341500165811','2023-05-16'),(247,2566,'978',0,6,1,'1341500165811','2023-05-16'),(248,2566,'981',0,6,1,'1341500165811','2023-05-16'),(249,2566,'987',0,6,1,'1341500165811','2023-05-16'),(250,2566,'1003',0,7,1,'1341500165811','2023-05-16'),(251,2566,'1010',0,7,1,'1341500165811','2023-05-16'),(252,2566,'1022',0,7,1,'1341500165811','2023-05-16'),(253,2566,'1023',0,7,1,'1341500165811','2023-05-16'),(254,2566,'973',0,7,1,'1341500165811','2023-05-16'),(255,2566,'979',0,7,1,'1341500165811','2023-05-16'),(256,2566,'982',0,7,1,'1341500165811','2023-05-16'),(257,2566,'989',0,7,1,'1341500165811','2023-05-16'),(258,2566,'990',0,7,1,'1341500165811','2023-05-16'),(259,2566,'991',0,7,1,'1341500165811','2023-05-16'),(260,2566,'992',0,7,1,'1341500165811','2023-05-16'),(261,2566,'999',0,7,1,'1341500165811','2023-05-16'),(262,2566,'968',0,8,1,'1341500165811','2023-05-16'),(263,2566,'972',0,8,1,'1341500165811','2023-05-16'),(264,2566,'974',0,8,1,'1341500165811','2023-05-16'),(265,2566,'976',0,8,1,'1341500165811','2023-05-16'),(266,2566,'998',0,8,1,'1341500165811','2023-05-16'),(267,2566,'1018',0,9,1,'1341500165811','2023-05-16'),(268,2566,'951',0,9,1,'1341500165811','2023-05-16'),(269,2566,'956',0,9,1,'1341500165811','2023-05-16'),(270,2566,'958',0,9,1,'1341500165811','2023-05-16'),(271,2566,'959',0,9,1,'1341500165811','2023-05-16'),(272,2566,'960',0,9,1,'1341500165811','2023-05-16'),(273,2566,'961',0,9,1,'1341500165811','2023-05-16'),(274,2566,'1024',0,2,1,'1341500165811','2023-05-16'),(275,2566,'1031',0,2,1,'1341500165811','2023-05-19'),(276,2566,'1032',0,2,1,'1341500165811','2023-05-19'),(277,2566,'1033',0,3,1,'1341500165811','2023-05-31'),(278,2566,'1034',0,2,1,'1341500165811','2023-09-05'),(279,2566,'1035',0,6,1,'1341500165811','2023-11-06'),(280,2566,'1036',0,7,1,'1341500165811','2023-11-06'),(281,2567,'1035',0,7,1,'3100201998355','2024-05-17'),(282,2567,'1036',0,8,1,'3100201998355','2024-05-17'),(283,2567,'1023',0,8,1,'3100201998355','2024-05-17'),(284,2567,'976',0,9,1,'3100201998355','2024-05-17'),(285,2567,'998',0,9,1,'3100201998355','2024-05-17'),(286,2567,'999',0,8,1,'3100201998355','2024-05-17'),(287,2567,'972',0,9,1,'3100201998355','2024-05-17'),(288,2567,'1037',0,2,1,'1341500165811','2024-05-17'),(289,2567,'1038',0,2,1,'1341500165811','2024-05-17'),(290,2567,'1041',0,2,1,'1341500165811','2024-05-17'),(291,2567,'1039',0,2,1,'1341500165811','2024-07-19'),(292,2567,'1040',0,2,1,'1341500165811','2024-05-20'),(293,2567,'1025',0,3,1,'1341500165811','2025-02-24'),(294,2567,'968',0,9,1,'1341500165811','2025-05-16'),(295,2567,'1011',0,4,1,'1341500165811','2025-05-16'),(296,2567,'981',0,7,1,'1341500165811','2025-05-16'),(297,2568,'973',0,8,1,'3100201998355','2025-05-16'),(298,2568,'975',0,7,1,'3100201998355','2025-05-16'),(299,2568,'978',0,7,1,'3100201998355','2025-05-16'),(300,2567,'1024',0,3,1,'1341500165811','2025-05-16'),(301,2567,'1026',0,3,1,'1341500165811','2025-05-16'),(302,2567,'1027',0,3,1,'1341500165811','2025-05-16'),(303,2567,'1031',0,3,1,'1341500165811','2025-05-16'),(304,2567,'1032',0,3,1,'1341500165811','2025-05-16'),(305,2567,'1034',0,3,1,'1341500165811','2025-05-16'),(306,2567,'1013',0,4,1,'3100201998355','2025-05-16'),(307,2567,'1014',0,4,1,'3100201998355','2025-05-16'),(308,2567,'1015',0,4,1,'3100201998355','2025-05-16'),(309,2567,'1033',0,4,1,'3100201998355','2025-05-16'),(310,2567,'1005',0,5,1,'3100201998355','2025-05-16'),(311,2567,'1006',0,5,1,'3100201998355','2025-05-16'),(312,2567,'1007',0,5,1,'3100201998355','2025-05-16'),(313,2567,'1028',0,5,1,'3100201998355','2025-05-16'),(314,2567,'1029',0,5,1,'3100201998355','2025-05-16'),(315,2567,'1017',0,6,1,'3100201998355','2025-05-16'),(316,2567,'1030',0,6,1,'3100201998355','2025-05-16'),(317,2567,'969',0,6,1,'3100201998355','2025-05-16'),(318,2567,'984',0,6,1,'3100201998355','2025-05-16'),(319,2567,'985',0,6,1,'3100201998355','2025-05-16'),(320,2567,'1002',0,7,1,'3100201998355','2025-05-16'),(321,2567,'1008',0,7,1,'3100201998355','2025-05-16'),(322,2567,'1009',0,7,1,'3100201998355','2025-05-16'),(323,2567,'1019',0,7,1,'3100201998355','2025-05-16'),(324,2567,'1020',0,7,1,'3100201998355','2025-05-16'),(325,2567,'975',0,7,1,'3100201998355','2025-05-16'),(326,2567,'978',0,7,1,'3100201998355','2025-05-16'),(327,2567,'987',0,7,1,'3100201998355','2025-05-16'),(328,2567,'1003',0,8,1,'3100201998355','2025-05-16'),(329,2567,'1010',0,8,1,'3100201998355','2025-05-16'),(330,2567,'1022',0,8,1,'3100201998355','2025-05-16'),(331,2567,'973',0,8,1,'3100201998355','2025-05-16'),(332,2567,'979',0,8,1,'3100201998355','2025-05-16'),(333,2567,'982',0,8,1,'3100201998355','2025-05-16'),(334,2567,'989',0,8,1,'3100201998355','2025-05-16'),(335,2567,'990',0,8,1,'3100201998355','2025-05-16'),(336,2567,'992',0,8,1,'3100201998355','2025-05-16'),(337,2568,'1013',0,5,1,'1341500165811','2025-05-16'),(338,2568,'1014',0,5,1,'1341500165811','2025-05-16'),(339,2568,'1015',0,5,1,'1341500165811','2025-05-16'),(340,2568,'1024',0,4,1,'1341500165811','2025-05-16'),(341,2568,'1026',0,4,1,'1341500165811','2025-05-16'),(342,2568,'1027',0,4,1,'1341500165811','2025-05-16'),(343,2568,'1031',0,4,1,'1341500165811','2025-05-16'),(344,2568,'1032',0,4,1,'1341500165811','2025-05-16'),(345,2568,'1034',0,4,1,'1341500165811','2025-05-16'),(346,2568,'1042',0,2,1,'1341500165811','2025-05-19'),(347,2568,'1043',0,2,1,'1341500165811','2025-05-19'),(348,2568,'1044',0,4,1,'1341500165811','2025-05-19'),(349,2568,'1045',0,5,1,'1341500165811','2025-05-19'),(350,2568,'1004',0,6,1,'1341500165811','2025-05-19'),(351,2568,'1046',0,6,1,'1341500165811','2025-05-19'),(352,2568,'988',0,9,1,'1341500165811','2025-05-19'),(353,2568,'1047',0,2,1,'1341500165811','2025-11-12');

--
-- Table structure for table `student_main_edyear`
--

CREATE TABLE `student_main_edyear` (
  `id` int(11) NOT NULL AUTO_INCREMENT,
  `ed_year` int(11) NOT NULL,
  `year_active` tinyint(4) NOT NULL,
  PRIMARY KEY (`id`),
  UNIQUE KEY `ed_year` (`ed_year`)
) ENGINE=MyISAM AUTO_INCREMENT=11 DEFAULT CHARSET=utf8 COLLATE=utf8_general_ci;

--
-- Dumping data for table `student_main_edyear`
--

INSERT INTO `student_main_edyear` VALUES (9,2567,0),(2,2558,0),(3,2561,0),(4,2562,0),(5,2563,0),(6,2564,0),(7,2565,0),(8,2566,0),(10,2568,1);

--
-- Table structure for table `student_main_expand1`
--

CREATE TABLE `student_main_expand1` (
  `id` int(11) NOT NULL AUTO_INCREMENT,
  `person_id` varchar(13) NOT NULL,
  `e_name` varchar(50) NOT NULL,
  `e_surname` varchar(50) NOT NULL,
  `birthday` date NOT NULL,
  `blood` varchar(2) NOT NULL,
  `race` varchar(30) NOT NULL,
  `nationlity` varchar(30) NOT NULL,
  `religion` varchar(30) NOT NULL,
  `rec_date` date NOT NULL,
  PRIMARY KEY (`id`),
  UNIQUE KEY `person_id` (`person_id`)
) ENGINE=MyISAM AUTO_INCREMENT=44 DEFAULT CHARSET=utf8 COLLATE=utf8_general_ci;

--
-- Dumping data for table `student_main_expand1`
--

INSERT INTO `student_main_expand1` VALUES (1,'1349902039150','Nuthawut','Wongpunya','2015-04-07','','','','','2023-05-16'),(2,'1349902043874','Ptiphan','Timyam','2015-05-08','','','','','2021-06-01'),(3,'1341501576157','Pitsamai','Suthasook','2015-01-02','','','','','2023-05-16'),(4,'1489900780951','Phaisit','Thimutcha','2014-04-10','','','','','2023-05-16'),(5,'1341501582939','Punnakhon','Kadwid','2015-07-29','','','','','2023-05-16'),(6,'1349901913107','Ruttichai','liwthong','2013-05-12','','','','','2023-05-16'),(7,'1341501549923','Anuphun','Sriauksorn','2012-10-26','','','','','2023-05-16'),(8,'1341501538905','Nareudet','utaikorn','2011-11-09','','','','','2023-05-16'),(9,'1347600069127','Nattawut','Apiwatthanachai','2012-06-15','','','','','2021-06-01'),(10,'1341501540438','Thapakorn','charuenbud','2011-12-29','','','','','2023-05-16'),(11,'1349901774859','jariyapon','talodpong','2011-07-05','','','','','2023-05-16'),(12,'1341501536961','Arpaphat','Supon','2011-09-22','','','','','2023-05-16'),(13,'1341501533695','Supaporn','Sensi','2011-06-27','','','','','2023-05-16'),(14,'1341501523941','Kittipon','Jaleonboot','2010-09-17','A','','','','2021-06-01'),(15,'1341501525552','Kawin','Supon','2010-10-22','','','','','2021-06-01'),(16,'1341501526702','Natthathida','jomun','2010-11-30','','','','','2021-06-01'),(17,'1341501515166','thanakon','phansathit','2009-11-24','','','','','2021-06-01'),(18,'1349901623206','Suriyachai','Saiwaeo','2009-04-26','','','','','2021-06-01'),(19,'1349901635255','Supansa','Sensi','2009-07-08','','','','','2021-06-01'),(20,'1341501505969','Rungtiwa','phasuksong','2008-10-17','','','','','2021-03-23'),(21,'1349901561235','CHONTICHA','SAIWAEO','2008-06-03','','','','','2021-03-23'),(22,'1341501545391','Nadthakon','Dedkun','2012-06-18','','','','','2023-05-16'),(23,'1341501567409','Rungtipnapa','Supon','2014-05-06','','','','','2023-05-16'),(24,'1341501562849','kaewkanda','Deepokang','2014-01-05','','','','','2023-05-16'),(25,'1349901936760','-','-','2013-09-20','','','','','2023-05-16'),(26,'1341501556946','Keattisik','Saywaw','2013-07-29','','','','','2020-08-19'),(27,'1348800072386','Thananchai','Saewwaeo','2013-11-27','','','','','2023-05-16'),(28,'1103705066401','kuntiput','Sinwa','2015-02-21','','','','','2023-05-16'),(29,'1349901902385','Theerapat','sapphrom','2013-03-13','','','','','2023-05-16'),(30,'1341501593833','Maysa','supon','2016-04-14','','','','','2023-05-16'),(31,'1341501588384','-','-','2015-11-30','','','','','2023-05-16'),(32,'1341501568391','Adisuk','Sanju','2014-06-08','','','','','2023-05-16'),(33,'1349901932691','-','-','2013-09-02','','','','','2023-05-16'),(34,'1341501578834','Suputta','Charenboot','2015-03-23','','','','','2023-05-16'),(35,'1347600095527','-','-','2014-05-22','','','','','2023-05-16'),(36,'1341501591709','Jomtup','dangdee','2016-02-22','','','','','2023-05-16'),(37,'1102004385313','Pimpan','Lalers','2012-08-11','','','','','2023-05-16'),(38,'1341501540918','Worasit','Choksuk','2012-01-16','','','','','2023-05-16'),(39,'1341501520399','Watcharakon','Jumphan','2010-05-26','','','','','2021-06-01'),(40,'1349901712357','-','-','2010-07-27','','','','','2021-06-01'),(41,'1349300046247','YossaThorn','Auksornnarong','2011-03-23','','','','','2021-06-01'),(42,'1349901712373','-','-','2010-07-27','','','','','2021-06-01'),(43,'1341501503907','-','-','2008-08-05','','','','','2021-03-23');

--
-- Table structure for table `student_main_permission`
--

CREATE TABLE `student_main_permission` (
  `id` int(11) NOT NULL AUTO_INCREMENT,
  `person_id` varchar(13) NOT NULL,
  `p1` tinyint(4) NOT NULL,
  `officer` varchar(13) NOT NULL,
  `rec_date` date NOT NULL,
  PRIMARY KEY (`id`)
) ENGINE=MyISAM AUTO_INCREMENT=9 DEFAULT CHARSET=utf8 COLLATE=utf8_general_ci;

--
-- Dumping data for table `student_main_permission`
--

INSERT INTO `student_main_permission` VALUES (8,'1341500165811',1,'3100201998355','2025-05-16'),(4,'3100201998355',1,'3100201998355','2024-05-17');

--
-- Table structure for table `system_ed_year`
--

CREATE TABLE `system_ed_year` (
  `id` int(11) NOT NULL AUTO_INCREMENT,
  `ed_year` int(11) NOT NULL,
  `active_ed_year` tinyint(4) NOT NULL,
  PRIMARY KEY (`id`),
  UNIQUE KEY `ed_year` (`ed_year`)
) ENGINE=MyISAM DEFAULT CHARSET=utf8 COLLATE=utf8_general_ci;

--
-- Dumping data for table `system_ed_year`
--


--
-- Table structure for table `system_export_list`
--

CREATE TABLE `system_export_list` (
  `id` int(11) NOT NULL AUTO_INCREMENT,
  `data_name` varchar(50) NOT NULL,
  `thai_dataname` varchar(100) NOT NULL,
  PRIMARY KEY (`id`),
  UNIQUE KEY `data_name` (`data_name`)
) ENGINE=MyISAM AUTO_INCREMENT=7 DEFAULT CHARSET=utf8 COLLATE=utf8_general_ci;

--
-- Dumping data for table `system_export_list`
--

INSERT INTO `system_export_list` VALUES (1,'person','ข้อมูลครูและบุคลากร'),(2,'student','ข้อมูลพื้นฐานนักเรียน'),(3,'onet','ผลสอบ O-NET'),(4,'plan','แผนปฏิบัติการประจำปี'),(5,'student_check','การมาเรียน'),(6,'health','สุขภาพผู้เรียน');

--
-- Table structure for table `system_export_log`
--

CREATE TABLE `system_export_log` (
  `id` int(11) NOT NULL AUTO_INCREMENT,
  `computer_ip` varchar(25) NOT NULL,
  `requester` varchar(50) NOT NULL,
  `login_time` datetime NOT NULL,
  `data` varchar(20) NOT NULL,
  PRIMARY KEY (`id`)
) ENGINE=MyISAM AUTO_INCREMENT=166 DEFAULT CHARSET=utf8 COLLATE=utf8_general_ci;

--
-- Dumping data for table `system_export_log`
--

INSERT INTO `system_export_log` VALUES (1,'61.19.124.234','amssplus','2018-09-21 04:35:05','person'),(2,'61.19.124.234','amssplus','2019-07-11 03:16:37','student_check'),(3,'61.19.124.234','amssplus','2019-07-23 06:09:27','student_check'),(4,'61.19.124.234','amssplus','2019-07-23 06:09:32','student_check'),(5,'61.19.124.234','amssplus','2019-07-23 06:09:37','student_check'),(6,'61.19.124.234','amssplus','2019-07-23 06:09:40','student_check'),(7,'61.19.124.234','amssplus','2019-10-08 13:20:56','student_check'),(8,'61.19.124.234','amssplus','2019-10-08 13:37:15','student_check'),(9,'122.155.223.9','amssplus','2020-02-06 10:02:36','student_check'),(10,'122.155.223.9','amssplus','2020-02-06 10:02:44','student_check'),(11,'122.155.223.9','amssplus','2020-02-06 10:02:51','student_check'),(12,'122.155.223.9','amssplus','2020-02-06 10:02:54','student_check'),(13,'122.155.223.9','amssplus','2020-02-06 10:02:57','student_check'),(14,'122.155.223.9','amssplus','2020-02-06 10:03:19','student_check'),(15,'122.155.223.9','amssplus','2020-02-06 10:03:27','plan'),(16,'122.155.223.9','amssplus','2020-02-06 10:04:00','health'),(17,'122.155.223.9','amssplus','2020-02-06 10:04:03','health'),(18,'122.155.223.9','amssplus','2020-02-06 10:04:05','health'),(19,'122.155.223.9','amssplus','2020-02-06 10:04:06','health'),(20,'122.155.223.9','amssplus','2020-02-21 07:04:53','student'),(21,'122.155.223.9','amssplus','2020-03-30 10:59:05','student_check'),(22,'122.155.223.9','amssplus','2020-08-05 08:34:33','student'),(23,'122.155.223.9','amssplus','2020-08-07 21:32:31','person'),(24,'122.155.223.9','amssplus','2020-08-07 21:34:50','person'),(25,'127.0.0.1','amssplus','2021-04-14 14:11:25','student'),(26,'127.0.0.1','amssplus','2021-04-14 14:21:51','student'),(27,'127.0.0.1','amssplus','2021-04-14 14:38:38','student'),(28,'127.0.0.1','amssplus','2021-04-15 12:02:18','student'),(29,'127.0.0.1','amssplus','2021-04-15 12:09:47','student'),(30,'192.168.1.6','amssplus','2021-05-29 11:02:33','student'),(31,'192.168.1.6','amssplus','2021-05-29 11:03:46','student'),(32,'192.168.1.6','amssplus','2021-05-29 11:54:21','student'),(33,'192.168.1.6','amssplus','2021-05-29 11:57:17','student'),(34,'192.168.1.6','amssplus','2021-05-29 11:58:19','student'),(35,'192.168.1.6','amssplus','2021-05-29 12:12:53','student'),(36,'192.168.1.6','amssplus','2021-05-29 12:22:03','student'),(37,'192.168.1.6','amssplus','2021-05-29 12:23:49','student'),(38,'192.168.1.6','amssplus','2021-05-29 12:43:58','student'),(39,'192.168.1.6','amssplus','2021-05-29 12:50:43','student'),(40,'192.168.1.6','amssplus','2021-05-29 12:57:19','student'),(41,'192.168.1.6','amssplus','2021-05-29 12:58:24','student'),(42,'192.168.1.6','amssplus','2021-05-29 14:27:37','student'),(43,'192.168.1.6','amssplus','2021-05-29 14:28:11','student'),(44,'192.168.1.6','amssplus','2021-05-29 14:28:39','student'),(45,'192.168.1.6','amssplus','2021-05-29 14:29:17','student'),(46,'192.168.1.6','amssplus','2021-05-29 14:31:49','student'),(47,'10.1.1.3','amssplus','2021-10-06 10:25:29','student'),(48,'10.1.1.3','amssplus','2022-03-16 09:39:27','student'),(49,'10.1.1.3','amssplus','2022-03-16 15:04:42','student'),(50,'10.1.1.3','amssplus','2022-09-07 14:38:54','student'),(51,'10.1.1.3','amssplus','2022-09-15 11:11:54','student'),(52,'','amssplus','2023-01-02 14:23:36','student_check'),(53,'','amssplus','2023-01-02 17:52:53','student_check'),(54,'','amssplus','2023-01-02 17:54:29','student_check'),(55,'','amssplus','2023-01-02 17:55:03','student_check'),(56,'10.1.1.3','amssplus','2023-01-22 00:22:49','student'),(57,'127.0.0.1','amssplus','2023-02-16 09:21:20','student_check'),(58,'127.0.0.1','amssplus','2023-02-16 09:22:06','student_check'),(59,'127.0.0.1','amssplus','2023-02-16 09:33:01','student_check'),(60,'10.1.1.3','amssplus','2023-04-05 09:48:10','student_check'),(61,'10.1.1.3','amssplus','2023-04-05 22:38:03','student_check'),(62,'10.1.1.3','amssplus','2023-04-06 10:24:15','student_check'),(63,'10.1.1.3','amssplus','2023-04-06 10:25:06','student_check'),(64,'10.1.1.3','amssplus','2023-04-06 10:47:27','student_check'),(65,'127.0.0.1','amssplus','2023-04-06 13:12:58','student_check'),(66,'10.1.1.3','amssplus','2023-04-06 13:13:41','student_check'),(67,'10.1.1.3','amssplus','2023-06-15 10:20:13','student_check'),(68,'10.1.1.3','amssplus','2023-06-16 15:13:27','student'),(69,'10.1.1.3','amssplus','2023-07-04 11:22:52','student'),(70,'127.0.0.1','amssplus','2023-07-09 13:16:53','student_check'),(71,'127.0.0.1','amssplus','2023-07-09 13:18:56','student_check'),(72,'127.0.0.1','amssplus','2023-07-09 13:19:44','student_check'),(73,'127.0.0.1','amssplus','2023-07-09 13:20:11','student_check'),(74,'127.0.0.1','amssplus','2023-07-09 13:20:43','student_check'),(75,'127.0.0.1','amssplus','2023-07-09 13:21:37','student_check'),(76,'127.0.0.1','amssplus','2023-07-09 13:21:42','student_check'),(77,'127.0.0.1','amssplus','2023-07-09 13:27:56','student_check'),(78,'127.0.0.1','amssplus','2023-07-09 13:29:11','student_check'),(79,'127.0.0.1','amssplus','2023-07-09 13:31:12','student_check'),(80,'127.0.0.1','amssplus','2023-07-09 13:36:09','student_check'),(81,'127.0.0.1','amssplus','2023-07-09 13:37:15','student_check'),(82,'127.0.0.1','amssplus','2023-07-09 13:37:37','student_check'),(83,'127.0.0.1','amssplus','2023-07-09 13:39:09','student_check'),(84,'127.0.0.1','amssplus','2023-07-09 13:41:16','student_check'),(85,'127.0.0.1','amssplus','2023-07-09 13:42:38','student_check'),(86,'127.0.0.1','amssplus','2023-07-09 13:43:36','student_check'),(87,'127.0.0.1','amssplus','2023-07-09 13:47:31','student_check'),(88,'127.0.0.1','amssplus','2023-07-09 13:59:28','student_check'),(89,'127.0.0.1','amssplus','2023-07-09 14:08:12','student_check'),(90,'127.0.0.1','amssplus','2023-07-09 14:17:23','student_check'),(91,'127.0.0.1','amssplus','2023-07-11 07:57:49','student_check'),(92,'127.0.0.1','amssplus','2023-07-11 07:59:58','student_check'),(93,'127.0.0.1','amssplus','2023-07-11 08:12:59','student_check'),(94,'127.0.0.1','amssplus','2023-07-11 08:13:49','student_check'),(95,'127.0.0.1','amssplus','2023-07-11 08:14:41','student_check'),(96,'127.0.0.1','amssplus','2023-07-26 11:51:15','student_check'),(97,'127.0.0.1','amssplus','2023-07-26 13:31:26','student_check'),(98,'127.0.0.1','amssplus','2023-07-26 13:58:22','student_check'),(99,'127.0.0.1','amssplus','2023-07-26 14:00:08','student_check'),(100,'127.0.0.1','amssplus','2023-07-26 14:01:43','student_check'),(101,'127.0.0.1','amssplus','2023-07-26 14:52:24','student_check'),(102,'127.0.0.1','amssplus','2023-07-26 14:58:01','student_check'),(103,'127.0.0.1','amssplus','2023-07-26 15:02:41','student_check'),(104,'127.0.0.1','amssplus','2023-07-26 15:08:42','student_check'),(105,'127.0.0.1','amssplus','2023-07-26 15:10:36','student_check'),(106,'127.0.0.1','amssplus','2023-07-26 15:11:35','student_check'),(107,'127.0.0.1','amssplus','2023-07-26 15:18:12','student_check'),(108,'127.0.0.1','amssplus','2023-07-26 15:21:59','student_check'),(109,'127.0.0.1','amssplus','2023-07-26 15:26:59','student_check'),(110,'127.0.0.1','amssplus','2023-07-26 15:30:38','student_check'),(111,'127.0.0.1','amssplus','2023-07-26 15:31:46','student_check'),(112,'127.0.0.1','amssplus','2023-07-26 15:32:42','student_check'),(113,'127.0.0.1','amssplus','2023-07-26 15:45:19','student_check'),(114,'127.0.0.1','amssplus','2023-07-26 15:48:34','student_check'),(115,'127.0.0.1','amssplus','2023-07-26 15:50:31','student_check'),(116,'127.0.0.1','amssplus','2023-07-26 15:52:18','student_check'),(117,'127.0.0.1','amssplus','2023-07-26 15:56:49','student_check'),(118,'127.0.0.1','amssplus','2023-07-26 17:13:28','student_check'),(119,'127.0.0.1','amssplus','2023-07-26 17:19:17','student_check'),(120,'127.0.0.1','amssplus','2023-07-26 17:26:09','student_check'),(121,'127.0.0.1','amssplus','2023-07-26 17:27:45','student_check'),(122,'127.0.0.1','amssplus','2023-07-26 17:41:47','student_check'),(123,'10.1.1.3','amssplus','2023-08-24 09:05:22','student_check'),(124,'10.1.1.3','amssplus','2023-08-31 09:02:39','student_check'),(125,'10.1.1.3','amssplus','2023-08-31 09:03:18','student_check'),(126,'10.1.1.3','amssplus','2023-08-31 09:03:38','student_check'),(127,'10.1.1.3','amssplus','2023-09-15 20:07:51','student'),(128,'127.0.0.1','amssplus','2023-10-03 13:00:37','student_check'),(129,'127.0.0.1','amssplus','2023-10-08 09:16:49','student_check'),(130,'','amssplus','2023-10-25 14:28:38','student_check'),(131,'','amssplus','2023-10-25 14:28:46','student_check'),(132,'','amssplus','2023-10-25 14:28:48','student_check'),(133,'10.255.199.107','amssplus','2023-11-29 08:55:47','student_check'),(134,'10.255.199.107','amssplus','2023-12-15 12:15:49','student_check'),(135,'10.255.199.107','amssplus','2024-01-25 03:50:21','student_check'),(136,'10.255.199.107','amssplus','2024-03-06 03:49:25','person'),(137,'10.255.199.107','amssplus','2024-03-06 03:54:16','person'),(138,'10.255.199.107','amssplus','2024-03-06 03:56:10','person'),(139,'10.255.199.107','amssplus','2024-03-06 04:19:39','person'),(140,'10.255.199.107','amssplus','2024-03-06 04:20:52','person'),(141,'10.255.199.107','amssplus','2024-03-06 04:21:17','person'),(142,'10.255.199.107','amssplus','2024-03-06 04:23:26','person'),(143,'10.255.199.107','amssplus','2024-03-06 07:10:29','student'),(144,'10.255.199.107','amssplus','2024-06-10 11:58:51','student'),(145,'10.255.199.107','amssplus','2024-06-10 12:32:34','student'),(146,'10.255.199.107','amssplus','2024-06-14 10:46:02','student'),(147,'10.255.199.107','amssplus','2024-06-14 10:52:04','student'),(148,'10.255.199.107','amssplus','2024-06-17 04:37:31','person'),(149,'10.255.199.107','amssplus','2024-06-17 04:39:47','person'),(150,'10.255.199.107','amssplus','2024-06-20 04:51:34','student_check'),(151,'10.255.199.107','amssplus','2025-03-11 07:57:41','student_check'),(152,'10.255.199.107','amssplus','2025-03-11 07:58:04','student_check'),(153,'10.255.199.107','amssplus','2025-03-28 01:48:37','student_check'),(154,'10.255.199.107','amssplus','2025-05-29 08:08:41','person'),(155,'10.255.199.107','amssplus','2025-06-08 04:24:51','student'),(156,'10.255.199.107','amssplus','2025-07-30 08:33:26','student_check'),(157,'10.255.199.107','amssplus','2025-08-01 22:22:45','student_check'),(158,'10.255.199.107','amssplus','2025-08-01 22:22:49','student_check'),(159,'10.255.199.107','amssplus','2025-08-14 04:09:09','person'),(160,'10.255.199.107','amssplus','2025-08-14 06:29:22','student'),(161,'10.255.199.107','amssplus','2025-08-14 06:29:33','student'),(162,'10.255.199.107','amssplus','2025-08-14 06:30:04','student'),(163,'10.255.199.107','amssplus','2025-08-29 02:40:16','student_check'),(164,'10.255.199.107','amssplus','2025-09-13 05:43:36','student_check'),(165,'10.255.199.107','amssplus','2025-09-13 05:54:44','student_check');

--
-- Table structure for table `system_export_permission`
--

CREATE TABLE `system_export_permission` (
  `id` int(11) NOT NULL AUTO_INCREMENT,
  `requester` varchar(50) NOT NULL,
  `data_name` varchar(50) NOT NULL,
  `status` tinyint(4) NOT NULL DEFAULT 0,
  PRIMARY KEY (`id`)
) ENGINE=MyISAM AUTO_INCREMENT=7 DEFAULT CHARSET=utf8 COLLATE=utf8_general_ci;

--
-- Dumping data for table `system_export_permission`
--

INSERT INTO `system_export_permission` VALUES (1,'amssplus','plan',1),(2,'amssplus','onet',1),(3,'amssplus','student',1),(4,'amssplus','person',1),(5,'amssplus','student_check',1),(6,'amssplus','health',1);

--
-- Table structure for table `system_module`
--

CREATE TABLE `system_module` (
  `id` int(11) NOT NULL AUTO_INCREMENT,
  `module` varchar(50) NOT NULL,
  `module_desc` varchar(100) NOT NULL,
  `workgroup` tinyint(4) DEFAULT NULL,
  `module_active` tinyint(4) DEFAULT NULL,
  `module_order` int(11) NOT NULL,
  `web_link` tinyint(4) DEFAULT NULL,
  `url` varchar(150) DEFAULT NULL,
  `where_work` tinyint(4) NOT NULL DEFAULT 0,
  `menu_pic` varchar(25) NOT NULL,
  PRIMARY KEY (`id`)
) ENGINE=MyISAM AUTO_INCREMENT=114 DEFAULT CHARSET=utf8 COLLATE=utf8_general_ci;

--
-- Dumping data for table `system_module`
--

INSERT INTO `system_module` VALUES (1,'budget','การเงินและบัญชี',2,1,25,NULL,NULL,0,'fab fa-btc'),(32,'person','ข้อมูลพื้นฐานครูและบุคลากร',3,1,29,0,'',0,'fa fa-user-circle'),(36,'standard','มาตรฐานการศึกษา',1,1,21,NULL,NULL,0,''),(49,'health','ตรวจสุขภาพนักเรียน',1,1,5,NULL,NULL,1,''),(50,'student_check','การมาเรียน',1,1,1,NULL,NULL,0,'fa fa-child'),(70,'work','﻿การปฏิบัติราชการ',4,1,47,NULL,NULL,0,''),(48,'savings','ออมทรัพย์นักเรียน',1,1,3,NULL,NULL,1,'fab fa-btc'),(45,'student_main','ข้อมูลพื้นฐานนักเรียน',1,1,7,NULL,NULL,0,'fa fa-child'),(47,'plan','การวางแผน',2,1,23,NULL,NULL,0,''),(73,'la','﻿การลา',4,1,45,NULL,NULL,0,''),(80,'mail','ไปรษณีย์_โรงเรียน',4,1,36,0,'',0,'fa fa-envelope'),(75,'meeting','﻿จองห้องประชุม',4,1,49,NULL,NULL,0,''),(76,'permission','﻿ขออนุญาตไปราชการ',4,1,43,NULL,NULL,0,''),(81,'achievement','﻿ผลสัมฤทธิ์ทางการเรียน',1,1,19,NULL,NULL,0,'fa fa-graduation-cap'),(83,'cabinet','﻿ตู้เอกสาร',4,1,51,NULL,NULL,0,''),(99,'bookregister','﻿ทะเบียนหนังสือราชการ',4,1,33,0,'',0,'fa fa-book'),(100,'bets','ทดสอบการศึกษา_โรงเรียน',1,1,9,NULL,NULL,1,'fa fa-graduation-cap'),(101,'affair','﻿ภารกิจผู้อำนวยการ',4,1,41,0,'',0,''),(102,'amss_bets','﻿ทดสอบการศึกษา_สพท.',1,1,11,0,'',1,'fa fa-graduation-cap'),(103,'amss_budget','﻿การบริหารงบประมาณ_สพท.',2,1,27,0,'',0,'fab fa-btc'),(104,'amss_mail','﻿ไปรษณีย์_สพท.',4,1,37,0,'',0,'fa fa-envelope'),(105,'amss_opportunity','﻿สิทธิและโอกาสทางการศึกษา',1,1,15,0,'',0,'fa fa-child'),(106,'amss_spacial_student','﻿นักเรียนพิเศษ',1,1,17,0,'',0,'fa fa-child'),(107,'amss_supervision','﻿นิเทศ ติดตาม ประเมินผล',1,1,13,0,'',0,'fa fa-graduation-cap'),(108,'book','﻿รับส่งหนังสือราชการ',4,1,35,0,'',0,'fa fa-book'),(109,'delegate','﻿รักษาการในตำแหน่ง',3,1,31,0,'',0,''),(110,'warroom','﻿วิเคราะห์สภาพการณ์',1,1,0,0,'',0,'fa fa-filter'),(111,'questionnaire','﻿แบบสอบถาม',4,1,0,0,'',0,''),(112,'idplan','﻿ข้อมูลครูและบุคลากร(ส่วนเพิ่ม)',3,1,0,0,'',0,''),(113,'amss_safety','สถานศึกษาปลอดภัย',1,1,0,0,'',0,'');

--
-- Table structure for table `system_module_admin`
--

CREATE TABLE `system_module_admin` (
  `id` int(11) NOT NULL AUTO_INCREMENT,
  `person_id` varchar(13) NOT NULL,
  `module` varchar(30) NOT NULL,
  `officer` varchar(13) NOT NULL,
  `rec_date` date NOT NULL,
  PRIMARY KEY (`id`)
) ENGINE=MyISAM AUTO_INCREMENT=81 DEFAULT CHARSET=utf8 COLLATE=utf8_general_ci;

--
-- Dumping data for table `system_module_admin`
--

INSERT INTO `system_module_admin` VALUES (46,'3341200211806','achievement','1471200116784','2018-10-02'),(54,'1341500206739','work','7777','2018-11-11'),(5,'3341200211806','budget','7777','2015-10-27'),(7,'3341200211806','bets','7777','2015-10-27'),(56,'3341200211806','amss_opportunity','1471200116784','2018-10-02'),(57,'3341200211806','amss_mail','1471200116784','2018-10-02'),(47,'3341200211806','book','1471200116784','2018-10-02'),(51,'3341200211806','savings','1471200116784','2018-10-02'),(53,'3341200211806','work','1471200116784','2018-10-02'),(48,'3341200211806','bookregister','1471200116784','2018-10-02'),(22,'1341500165811','bookregister','3341200211806','2018-12-07'),(23,'1341500206739','student_main','7777','2018-11-11'),(59,'3341200211806','amss_supervision','1471200116784','2018-10-02'),(25,'1341500165811','person','3341200211806','2018-12-07'),(27,'1341500206739','cabinet','7777','2018-11-11'),(49,'3341200211806','health','1471200116784','2018-10-02'),(30,'1341500165811','budget','3341200211806','2018-12-07'),(31,'3341200211806','plan','7777','2016-07-23'),(62,'1341500165811','amss_bets','3341200211806','2018-12-07'),(55,'1341500165811','amss_opportunity','3341200211806','2018-12-07'),(34,'1341500165811','achievement','3341200211806','2018-12-07'),(35,'1341500165811','bets','3341200211806','2018-12-07'),(37,'1341500206739','health','7777','2018-11-11'),(58,'1341500165811','amss_mail','3341200211806','2018-12-07'),(39,'1341500206739','savings','7777','2018-11-11'),(40,'1341500206739','student_check','7777','2018-11-11'),(52,'3341200211806','student_main','1471200116784','2018-10-02'),(42,'3341200211806','student_check','7777','2016-07-23'),(50,'3341200211806','person','1471200116784','2018-10-02'),(45,'1341500165811','book','3341200211806','2018-12-07'),(60,'1341500165811','amss_supervision','3341200211806','2018-12-07'),(61,'3341200211806','delegate','1471200116784','2018-10-02'),(63,'1341500206739','la','1341500206739','2018-11-14'),(64,'1341500206739','permission','1341500206739','2018-11-14'),(65,'1341500165811','plan','3341200211806','2018-12-07'),(66,'1341500206739','delegate','1341500206739','2018-11-14'),(67,'1341500206739','affair','1341500206739','2018-11-14'),(68,'3341500693121','achievement','7777','2018-11-21'),(69,'3341500693121','amss_bets','7777','2018-11-21'),(70,'3341500693121','amss_opportunity','7777','2018-11-21'),(71,'3341500693121','amss_supervision','7777','2018-11-21'),(72,'3341500693121','bets','7777','2018-11-21'),(73,'3341500693121','book','7777','2018-11-21'),(74,'3341500693121','bookregister','7777','2018-11-21'),(75,'3341500693121','health','7777','2018-11-21'),(76,'3341500693121','la','7777','2018-11-21'),(77,'3341500693121','person','7777','2018-11-21'),(78,'3341500693121','savings','7777','2018-11-21'),(79,'3341500693121','student_check','7777','2018-11-21'),(80,'3341500693121','student_main','7777','2018-11-21');

--
-- Table structure for table `system_school_name`
--

CREATE TABLE `system_school_name` (
  `id` tinyint(4) NOT NULL,
  `school_name` varchar(200) NOT NULL,
  `school_type` tinyint(4) NOT NULL DEFAULT 0
) ENGINE=MyISAM DEFAULT CHARSET=utf8 COLLATE=utf8_general_ci;

--
-- Dumping data for table `system_school_name`
--

INSERT INTO `system_school_name` VALUES (1,'โรงเรียนบ้านคูสว่าง',0);

--
-- Table structure for table `system_sync_code`
--

CREATE TABLE `system_sync_code` (
  `id` tinyint(4) NOT NULL AUTO_INCREMENT,
  `office_code` varchar(10) NOT NULL,
  `system_name` varchar(50) NOT NULL,
  `sync_code` varchar(50) NOT NULL,
  `amssplus_url` varchar(100) NOT NULL,
  PRIMARY KEY (`id`),
  UNIQUE KEY `system_name` (`system_name`)
) ENGINE=MyISAM AUTO_INCREMENT=4 DEFAULT CHARSET=utf8 COLLATE=utf8_general_ci;

--
-- Dumping data for table `system_sync_code`
--

INSERT INTO `system_sync_code` VALUES (3,'34040056','amssplus','34040056','http://10.255.199.107/amssplus');

--
-- Table structure for table `system_version`
--

CREATE TABLE `system_version` (
  `id` int(11) NOT NULL AUTO_INCREMENT,
  `smss_version` varchar(100) NOT NULL,
  `status1` int(11) DEFAULT NULL,
  `status2` int(11) DEFAULT NULL,
  `status3` int(11) DEFAULT NULL,
  `status4` int(11) DEFAULT NULL,
  `status5` int(11) DEFAULT NULL,
  PRIMARY KEY (`id`)
) ENGINE=MyISAM AUTO_INCREMENT=2 DEFAULT CHARSET=utf8 COLLATE=utf8_general_ci;

--
-- Dumping data for table `system_version`
--

INSERT INTO `system_version` VALUES (1,'6.4',1,0,0,0,0);

--
-- Table structure for table `system_workgroup`
--

CREATE TABLE `system_workgroup` (
  `id` tinyint(4) NOT NULL AUTO_INCREMENT,
  `workgroup` tinyint(4) NOT NULL,
  `workgroup_desc` varchar(50) NOT NULL,
  `workgroup_order` int(11) NOT NULL,
  PRIMARY KEY (`id`),
  UNIQUE KEY `workgroup` (`workgroup`)
) ENGINE=MyISAM AUTO_INCREMENT=5 DEFAULT CHARSET=utf8 COLLATE=utf8_general_ci;

--
-- Dumping data for table `system_workgroup`
--

INSERT INTO `system_workgroup` VALUES (1,1,'บริหารวิชาการ',4),(2,2,'บริหารงบประมาณ',6),(3,3,'บริหารงานบุคคล',8),(4,4,'บริหารทั่วไป',10);

--
-- Table structure for table `work_main`
--

CREATE TABLE `work_main` (
  `id` int(11) NOT NULL AUTO_INCREMENT,
  `work_date` date NOT NULL,
  `person_id` varchar(13) NOT NULL,
  `work` tinyint(4) NOT NULL DEFAULT 0,
  `comment` varchar(150) DEFAULT NULL,
  `rec_date` datetime NOT NULL,
  `officer` varchar(13) NOT NULL,
  PRIMARY KEY (`id`),
  KEY `work_date` (`work_date`),
  KEY `person_id` (`person_id`)
) ENGINE=MyISAM AUTO_INCREMENT=5 DEFAULT CHARSET=utf8 COLLATE=utf8_general_ci;

--
-- Dumping data for table `work_main`
--

INSERT INTO `work_main` VALUES (1,'2018-11-13','3341200211806',1,NULL,'2018-11-14 11:33:02','1341500206739'),(2,'2018-11-13','1341500206739',1,NULL,'2018-11-14 11:33:02','1341500206739'),(3,'2018-11-13','3341500987656',1,NULL,'2018-11-14 11:33:02','1341500206739'),(4,'2018-11-13','1471200116784',9,NULL,'2018-11-14 11:33:02','1341500206739');

--
-- Table structure for table `work_permission`
--

CREATE TABLE `work_permission` (
  `id` int(11) NOT NULL AUTO_INCREMENT,
  `person_id` varchar(13) NOT NULL,
  `p1` tinyint(4) NOT NULL,
  `officer` varchar(13) NOT NULL,
  `rec_date` date NOT NULL,
  PRIMARY KEY (`id`)
) ENGINE=MyISAM AUTO_INCREMENT=3 DEFAULT CHARSET=utf8 COLLATE=utf8_general_ci;

--
-- Dumping data for table `work_permission`
--

INSERT INTO `work_permission` VALUES (1,'1341500206739',1,'1341500206739','2018-11-14'),(2,'3330300771225',0,'3330300771225','2019-07-10');


