-- Table structure for table `budget_year`
--

CREATE TABLE `budget_year` (
  `id` int(11) NOT NULL AUTO_INCREMENT,
  `budget_year` int(11) NOT NULL,
  `year_active` tinyint(1) NOT NULL,
  PRIMARY KEY (`id`),
  UNIQUE KEY `budget_year` (`budget_year`)
) ENGINE=MyISAM AUTO_INCREMENT=14 DEFAULT CHARSET=utf8 COLLATE=utf8_general_ci;

--
-- Dumping data for table `budget_year`
--

INSERT INTO `budget_year` VALUES (1,2557,0),(3,2558,0),(4,2559,0),(5,2560,0),(6,2561,0),(7,2562,0),(8,2563,0),(9,2564,0),(11,2565,0),(12,2568,0),(13,2569,1);

--
-- Table structure for table `cabinet_cabinet`
--

CREATE TABLE `cabinet_cabinet` (
  `id` int(11) NOT NULL AUTO_INCREMENT,
  `cabinet_id` int(11) NOT NULL,
  `cabinet_type` tinyint(4) NOT NULL,
  `cabinet_name` varchar(100) NOT NULL,
  `cabinet_size` double NOT NULL,
  `tray_size` double NOT NULL,
  `cabinet_person` varchar(13) NOT NULL,
  PRIMARY KEY (`id`),
  UNIQUE KEY `cabinet_id` (`cabinet_id`)
) ENGINE=MyISAM AUTO_INCREMENT=22 DEFAULT CHARSET=utf8 COLLATE=utf8_general_ci;

--
-- Dumping data for table `cabinet_cabinet`
--

INSERT INTO `cabinet_cabinet` VALUES (16,15,1,'งานธุรการ',10000,100,'1341800007588'),(7,1,1,'งานวิชาการ',10000,100,'3340100517139'),(8,14,1,'ตู้งานพัสดุ',10000,100,'3341500571549'),(9,3,1,'งานธุรการ',10000,200,'3451100526481'),(10,99,1,'งานคณิตศาสตร์',10000,1000,'3349900341891'),(11,4,1,'งานการเงิน',10000,100,'3340100082981'),(12,10,1,'งานชุมชน',10000,100,'3349800155483'),(13,22,1,'ทัศนศึกษาน้อกห้องเรียน',10000,100,'3349800155483'),(17,20,2,'ส่วนบุคคล',500,100,'3340100082981'),(15,12,1,'กลุ่มสาระการเรียนรู้วิทยาศาสตร์',10000,100,'1341900085173'),(18,2,1,'งานทะเบียน',20000,2000,'3451100526481'),(19,6,1,'งานจัดซื้อจัดจ้างปี2503',10000,100,'3341500571549'),(20,9,1,'กลุ่มสาระการเรียนรู้สุขศึกษาและพลศึกษา',1000,1000,'3329900294541'),(21,11,1,'ความดีความชอบ',100,50,'3340100254049');

--
-- Table structure for table `cabinet_file`
--

CREATE TABLE `cabinet_file` (
  `id` int(11) NOT NULL AUTO_INCREMENT,
  `file_id` int(11) NOT NULL,
  `tray_id` bigint(11) NOT NULL,
  `cabinet_id` int(11) NOT NULL,
  `file_name` varchar(100) NOT NULL,
  PRIMARY KEY (`id`)
) ENGINE=MyISAM AUTO_INCREMENT=26 DEFAULT CHARSET=utf8 COLLATE=utf8_general_ci;

--
-- Dumping data for table `cabinet_file`
--

INSERT INTO `cabinet_file` VALUES (1,1,1,11,'แผนการสอนคณิตศาสตร์ ม.1 ภาคเรียนที่ 1'),(2,8,8,14,'การจัดซ้ือปี2557'),(3,1,1,4,'รายงานเงินนอกงบ'),(4,1,1,1,'คำสั่งโรงเรียน'),(5,2,1,11,'แผนการสอนคณิตศาสตร์ ม.2 ภาคเรียนที่ 1'),(6,3,1,11,'แผนการสอนคณิตศาสตร์ ม.3'),(11,1,2,3,'ข้อมูลบุคลากร'),(8,2,2,14,'งานจัดจ้างปี2557'),(9,14,3341500571549,8,'งานพัสดุ'),(10,2,1,1,'ผลสัมฤทธิ์'),(12,1,1,12,'หลักสูตรกลุ่มสาระการเรียนรู้วิทยาศาสตร์'),(13,2,2,3,'เกียรติบัตร'),(14,2,1,12,'แผนการจัดการเรียนรู้'),(15,1,3,3,'คำสั่ง'),(16,1,3340100517121,20,'ข้อมูลนักเรียนรายบุคคล'),(17,1,1,2,'ข้อมูลนักเรียนชั้น อบ.1'),(18,2,1,2,'ข้อมูลนักเรียนชั้น อบ. 2'),(19,1,1,99,'แผนคณิตศาสตร์ ม.1 ภาคเรียนที่ 1'),(20,3,1,2,'ข้อมูลนักเรียนชั้น ป. 1'),(21,2,1,99,'แผนคณิตศาสตร์ ม.1 ภาคเรียนที่ 2'),(22,1,2,99,'แผนคณิตศาสตร์ ม.2 ภาคเรียนที่ 1'),(23,2,2,99,'แผนคณิตศาสตร์ ม.2 ภาคเรียนที่ 2'),(24,1,3,99,'แผนคณิตศาสตร์ ม.3 ภาคเรียนที่ 1'),(25,2,3,99,'แผนคณิตศาสตร์ ม.3 ภาคเรียนที่ 2');

--
-- Table structure for table `cabinet_main`
--

CREATE TABLE `cabinet_main` (
  `id` int(11) NOT NULL AUTO_INCREMENT,
  `file_id` int(11) NOT NULL,
  `tray_id` bigint(11) NOT NULL,
  `cabinet_id` int(11) NOT NULL,
  `cabinet_type` tinyint(4) NOT NULL,
  `doc_subject` varchar(150) NOT NULL,
  `doc_size` double NOT NULL,
  `doc_name` varchar(100) NOT NULL,
  `doc_type` varchar(10) NOT NULL,
  `status` tinyint(4) NOT NULL DEFAULT 0,
  `person_id` varchar(13) NOT NULL,
  `rec_date` datetime NOT NULL,
  PRIMARY KEY (`id`)
) ENGINE=MyISAM AUTO_INCREMENT=3 DEFAULT CHARSET=utf8 COLLATE=utf8_general_ci;

--
-- Dumping data for table `cabinet_main`
--

INSERT INTO `cabinet_main` VALUES (1,1,1,11,1,'คำร้อง',32256,'33499003418911394174933.doc','doc',0,'3349900341891','2014-03-07 13:48:53'),(2,1,1,12,1,'หลักสูตรกลุ่มสาระการเรียนรู้วิทยาศาสตร์',43520,'13419000851731394175131.doc','doc',0,'1341900085173','2014-03-07 13:52:11');

--
-- Table structure for table `cabinet_permission`
--

CREATE TABLE `cabinet_permission` (
  `id` int(11) NOT NULL AUTO_INCREMENT,
  `person_id` varchar(13) NOT NULL,
  `p1` tinyint(4) DEFAULT NULL,
  `officer` varchar(13) NOT NULL,
  `rec_date` date NOT NULL,
  PRIMARY KEY (`id`),
  UNIQUE KEY `person_id` (`person_id`)
) ENGINE=MyISAM AUTO_INCREMENT=17 DEFAULT CHARSET=utf8 COLLATE=utf8_general_ci;

--
-- Dumping data for table `cabinet_permission`
--

INSERT INTO `cabinet_permission` VALUES (1,'3451100526481',1,'3340100517139','2014-03-07'),(2,'3340100517139',1,'3340100517139','2014-03-07'),(3,'3340100254049',1,'3340100254049','2014-03-10'),(4,'3341500571549',1,'3340100517139','2014-03-07'),(5,'3349900532980',1,'3340100517139','2014-03-07'),(6,'3349800155483',1,'3340100517139','2014-03-07'),(7,'3340100082981',1,'3340100517139','2014-03-07'),(8,'3340100517121',1,'3340100517139','2014-03-07'),(9,'3329900294541',1,'3340100517139','2014-03-07'),(10,'3330401182411',1,'3340100517139','2014-03-07'),(11,'1341900085173',1,'3340100517139','2014-03-07'),(12,'3341400221767',1,'3340100517139','2014-03-07'),(13,'3329900125276',1,'3340100517139','2014-03-07'),(14,'1341800007588',1,'3340100517139','2014-03-07'),(15,'3349900341891',1,'3340100517139','2014-03-07'),(16,'3341100134109',1,'3340100517139','2014-03-07');

--
-- Table structure for table `cabinet_tray`
--

CREATE TABLE `cabinet_tray` (
  `id` int(11) NOT NULL AUTO_INCREMENT,
  `tray_id` bigint(20) NOT NULL,
  `cabinet_id` int(11) NOT NULL,
  `tray_name` varchar(100) NOT NULL,
  PRIMARY KEY (`id`)
) ENGINE=MyISAM AUTO_INCREMENT=20 DEFAULT CHARSET=utf8 COLLATE=utf8_general_ci;

--
-- Dumping data for table `cabinet_tray`
--

INSERT INTO `cabinet_tray` VALUES (1,8,14,'งานพัสดุ'),(2,1,1,'คำสั่งโรงเรียน'),(3,1,11,'งานคณิตศาสตร์มัธยม'),(4,1,4,'เงินคงเหลือ'),(5,1,3,'กลุ่มงานอำนวยการ'),(6,2,3,'กลุ่มงานบุคคล'),(7,2,14,'งานพัสดุ'),(8,3341500571549,8,'นัยนา_ เมฆฉาย'),(9,3,3,'กลุ่มงานบริหารทั่วไป'),(11,1,12,'หลักสูตร'),(12,1,15,'หนังสือรับ'),(13,2,15,'หนังสือส่ง'),(14,2,12,'แผน'),(15,3340100517121,20,'ปราณี_ ศรีสมุทร'),(16,1,2,'ทะเบียนนักเรียน'),(17,1,99,'แผนการสอนคณิตศาสตร์ ม.1'),(18,2,99,'แผนการสอนคณิตศาสตร์ ม.2'),(19,3,99,'แผนการสอนคณิตศาสตร์ ม.3');

--
-- Table structure for table `delegate_main`
--

CREATE TABLE `delegate_main` (
  `id` int(11) NOT NULL AUTO_INCREMENT,
  `person_id` varchar(13) NOT NULL,
  `start` date NOT NULL,
  `finish` date NOT NULL,
  `remark` varchar(250) NOT NULL,
  `officer` varchar(13) NOT NULL,
  `rec_date` date NOT NULL,
  PRIMARY KEY (`id`)
) ENGINE=MyISAM AUTO_INCREMENT=10 DEFAULT CHARSET=utf8 COLLATE=utf8_general_ci;

--
-- Dumping data for table `delegate_main`
--

INSERT INTO `delegate_main` VALUES (1,'3341400221767','2018-09-02','2018-09-05','','3340100082981','2018-09-01'),(2,'3341400221767','2018-11-13','2018-11-15','ผู้อำนวยการร.ร.ลากิจ','3340100254049','2018-11-07'),(4,'3330401182411','2018-12-06','2018-12-07','ผอ.นำนักเรียนไปแข่งขันศิลปหัตถกรรม จ.บุรีรัมย์','3340100082981','2018-12-11'),(5,'3341400221767','2018-12-13','2018-12-15','ผอ.ไปทัศนศึกษาดูงานที่ จ.หนองคาย','3340100082981','2018-12-12'),(8,'3340100082981','2020-10-08','2020-10-08','ผอ.ไปประชุมผู้บริหาร ที่สพป.อบ.4','3340100082981','2020-10-12'),(9,'3340100082981','2021-02-09','2021-02-11','ผอ.ไปอบรมการใช้โปรแกรมsketchup ที่โรงแรมรีเจ้นท์ อุบลฯ','3340100082981','2021-02-09');

--
-- Table structure for table `delegate_permission`
--

CREATE TABLE `delegate_permission` (
  `id` int(11) NOT NULL AUTO_INCREMENT,
  `person_id` varchar(13) NOT NULL,
  `p1` tinyint(4) NOT NULL,
  `officer` varchar(13) NOT NULL,
  `rec_date` date NOT NULL,
  PRIMARY KEY (`id`)
) ENGINE=MyISAM AUTO_INCREMENT=3 DEFAULT CHARSET=utf8 COLLATE=utf8_general_ci;

--
-- Dumping data for table `delegate_permission`
--

INSERT INTO `delegate_permission` VALUES (1,'3340100082981',1,'3340100082981','2018-09-01'),(2,'3301800166518',1,'3340100082981','2020-10-12');

--
-- Table structure for table `health_age_height`
--

CREATE TABLE `health_age_height` (
  `id` int(11) NOT NULL AUTO_INCREMENT,
  `type` tinyint(4) NOT NULL DEFAULT 1,
  `sex` tinyint(4) NOT NULL DEFAULT 2,
  `age` double NOT NULL,
  `height_1` double NOT NULL,
  `height_2` double NOT NULL,
  `height_3` double NOT NULL,
  `height_4` double NOT NULL,
  PRIMARY KEY (`id`)
) ENGINE=MyISAM AUTO_INCREMENT=63 DEFAULT CHARSET=utf8 COLLATE=utf8_general_ci;

--
-- Dumping data for table `health_age_height`
--

INSERT INTO `health_age_height` VALUES (1,0,1,1,70,71.5,80,81),(2,0,1,1.25,72.5,73.5,83.5,85),(3,0,1,1.5,75,77,86.5,88),(4,0,1,1.75,77.5,79.5,89.5,91),(5,0,1,2,80,81.5,92,93.5),(6,0,1,2.25,82,84,94,96),(7,0,1,2.5,83.5,84.5,96.5,98),(8,0,1,2.75,85.5,87.5,98.5,100),(9,0,1,3,87,89.5,100.5,102),(10,0,1,3.25,89,91,102.5,104),(11,0,1,3.5,90.5,93,104.5,106),(12,0,1,3.75,92,94.5,106.5,108),(13,0,1,4,93.5,96,108,110),(14,0,1,4.25,95,96.5,110,112),(15,0,1,4.5,97,99,112,113.5),(16,0,1,4.75,98.5,100.5,113.5,115),(17,0,1,5,100,102,115,117.7),(18,0,2,1,67,69,79,80.5),(19,0,2,1.25,70,72,82.5,84.5),(20,0,2,1.5,73,74.5,85,87.5),(21,0,2,1.75,75.5,77,88,89.5),(22,0,2,2,78,79.5,90.5,92),(23,0,2,2.25,80,82,92.5,94.5),(24,0,2,2.5,82,84,95,96.5),(25,0,2,2.75,84,86,97,98.5),(26,0,2,3,85.5,88,99,100.5),(27,0,2,3.25,87.5,89.5,100.5,102.5),(28,0,2,3.5,89,91.5,102.5,104.5),(29,0,2,3.75,90.5,93,104.5,106),(30,0,2,4,92.5,94.5,106.5,108.5),(31,0,2,4.25,94,96,108.5,110.5),(32,0,2,4.5,95.5,98,110.5,112.5),(33,0,2,4.75,97.5,99.5,112.5,114),(34,0,2,5,99,101,114,116),(35,1,1,5,100,102,115,117.5),(36,1,1,6,105.5,107.5,121.5,123.5),(37,1,1,7,110.5,113,127.5,130),(38,1,1,8,114.5,117.5,133.5,136),(39,1,1,9,119,122,138,141),(40,1,1,10,123.5,126.5,143.5,145.5),(41,1,1,11,127.5,130.5,149.5,153),(42,1,1,12,131.5,135,157,161),(43,1,1,13,135,139,162,166),(44,1,1,14,143,147.5,170,173),(45,1,1,15,149.5,153.5,173,176.5),(46,1,1,16,155,158.5,176,178.5),(47,1,1,17,157.5,160.5,177,179.5),(48,1,1,18,158.5,161.5,177.5,180),(49,1,2,5,99,101,114,116),(50,1,2,6,105,107.5,120.5,123),(51,1,2,7,109.5,112.5,126.5,129),(52,1,2,8,114.5,117,132.5,135),(53,1,2,9,119,122,139,142),(54,1,2,10,124,127,146,149.5),(55,1,2,11,129.5,133,152.5,155.5),(56,1,2,12,135.5,138.5,157,159.5),(57,1,2,13,140.5,143.5,160,162.5),(58,1,2,14,144.5,147,162,164.5),(59,1,2,15,146,148,163.5,166),(60,1,2,16,146.5,149,164,166.5),(61,1,2,17,147,149,164,166.5),(62,1,2,18,147,149.5,164,166.5);

--
-- Table structure for table `health_age_weight`
--

CREATE TABLE `health_age_weight` (
  `id` int(11) NOT NULL AUTO_INCREMENT,
  `type` tinyint(4) NOT NULL DEFAULT 1,
  `sex` tinyint(4) NOT NULL DEFAULT 2,
  `age` double NOT NULL,
  `weight_1` double NOT NULL,
  `weight_2` double NOT NULL,
  `weight_3` double NOT NULL,
  `weight_4` double NOT NULL,
  PRIMARY KEY (`id`)
) ENGINE=MyISAM AUTO_INCREMENT=63 DEFAULT CHARSET=utf8 COLLATE=utf8_general_ci;

--
-- Dumping data for table `health_age_weight`
--

INSERT INTO `health_age_weight` VALUES (1,0,1,1,7.8,8.3,11.5,11.5),(2,0,1,1.25,8.5,9,12,12.5),(3,0,1,1.5,8.9,9.4,12.9,13.5),(4,0,1,1.75,9.4,10,13.7,14.4),(5,0,1,2,9.8,10.5,14.5,15.2),(6,0,1,2.25,10.2,11,15,15.8),(7,0,1,2.5,10.6,11.4,15.8,16.7),(8,0,1,2.75,11,11.8,16.6,17.4),(9,0,1,3,11.4,12.2,17.3,18.2),(10,0,1,3.25,11.7,12.6,18,19),(11,0,1,3.5,12,12.8,18.7,19.8),(12,0,1,3.75,12.4,13.3,19.3,20.6),(13,0,1,4,12.7,13.6,20,21.3),(14,0,1,4.25,13.2,13.9,20.7,22),(15,0,1,4.5,13.4,14.3,21.3,22.7),(16,0,1,4.75,13.8,14.6,21.9,23.7),(17,0,1,5,14,15,23,24),(18,0,2,1,7.3,7.7,10.5,11),(19,0,2,1.25,7.8,8.3,11.3,11.9),(20,0,2,1.5,8.3,8.8,12,12.8),(21,0,2,1.75,8.8,9.3,12.9,13.6),(22,0,2,2,9,9.8,13.6,14.4),(23,0,2,2.25,9.5,10.2,14.4,15.2),(24,0,2,2.5,9.8,10.7,15.2,15.9),(25,0,2,2.75,10.3,11.2,15.9,16.9),(26,0,2,3,10.7,11.5,16.6,17.4),(27,0,2,3.25,11.2,11.9,17.3,18.2),(28,0,2,3.5,11.5,12.3,17.9,18.9),(29,0,2,3.75,11.8,12.7,18.5,19.7),(30,0,2,4,12.2,13,19.3,20.5),(31,0,2,4.25,12.4,13.4,19.7,21),(32,0,2,4.5,12.8,13.7,20.3,21.7),(33,0,2,4.75,13,13.9,20.9,22.3),(34,0,2,5,13.5,14,22,23.5),(35,1,1,5,14,15,23,24),(36,1,1,6,15.5,16.5,25.5,27),(37,1,1,7,17,18.5,28.5,31),(38,1,1,8,18.5,20,32,35),(39,1,1,9,20,21.5,36,39.5),(40,1,1,10,21.5,23.5,40.5,44.5),(41,1,1,11,23,25.5,45,49.5),(42,1,1,12,25.5,28,50,54.5),(43,1,1,13,28,31.5,54.5,58.5),(44,1,1,14,32,35.5,58.5,63.5),(45,1,1,15,36.5,40,62,65.5),(46,1,1,16,40.5,44,64,67.5),(47,1,1,17,43,46,66,69),(48,1,1,18,45,48,67,70),(49,1,2,5,13.5,14,22,23.5),(50,1,2,6,15,16,24.5,26.5),(51,1,2,7,16.5,17.5,28.5,31),(52,1,2,8,17.5,19,32.5,35.5),(53,1,2,9,19.5,21,37.5,41),(54,1,2,10,21.5,23.5,42,46),(55,1,2,11,23.5,26,46.5,50.5),(56,1,2,12,26.5,29,50,54),(57,1,2,13,29.5,33,53,55.5),(58,1,2,14,33.5,36.5,55,58.5),(59,1,2,15,36.5,38.5,56.5,59.5),(60,1,2,16,37.5,40,57,60),(61,1,2,17,38,41,57.5,60.5),(62,1,2,18,38.5,41,57.5,60.5);

--
-- Table structure for table `health_base`
--

CREATE TABLE `health_base` (
  `base_id` int(5) NOT NULL AUTO_INCREMENT,
  `study_year` int(5) NOT NULL,
  `term` int(3) NOT NULL,
  `status` int(2) NOT NULL,
  PRIMARY KEY (`base_id`)
) ENGINE=MyISAM AUTO_INCREMENT=15 DEFAULT CHARSET=utf8 COLLATE=utf8_general_ci;

--
-- Dumping data for table `health_base`
--

INSERT INTO `health_base` VALUES (3,2557,1,0),(9,2558,1,0),(10,2561,2,0),(11,2562,1,0),(12,2563,1,0),(13,2563,2,0),(14,2568,1,1);

--
-- Table structure for table `health_checking`
--

CREATE TABLE `health_checking` (
  `check_id` int(11) NOT NULL AUTO_INCREMENT,
  `student_id` int(11) NOT NULL,
  `student_number` varchar(13) NOT NULL,
  `year_std` varchar(5) NOT NULL,
  `term_std` varchar(3) NOT NULL,
  `class_now` tinyint(4) NOT NULL,
  `room` tinyint(4) NOT NULL,
  `number_check` int(5) NOT NULL,
  `gum` varchar(100) NOT NULL,
  `iodine` varchar(100) NOT NULL,
  `tooth` varchar(100) NOT NULL,
  `weight` varchar(10) NOT NULL,
  `tall` varchar(10) NOT NULL,
  `comment` text NOT NULL,
  `day` datetime NOT NULL,
  `usenull` text DEFAULT NULL,
  `life` varchar(10) NOT NULL,
  `push` varchar(10) NOT NULL,
  `sit` varchar(10) NOT NULL,
  `roll` varchar(10) NOT NULL,
  `run` varchar(10) NOT NULL,
  `person_check` varchar(255) NOT NULL,
  PRIMARY KEY (`check_id`)
) ENGINE=MyISAM AUTO_INCREMENT=321 DEFAULT CHARSET=utf8 COLLATE=utf8_general_ci;

--
-- Dumping data for table `health_checking`
--

INSERT INTO `health_checking` VALUES (1,1299,'56','2557','1',6,1,1,'เล็กน้อย','ปกติ','ผุ','30','130','','2557-03-17 10:56:44','','','','','','','3349800155483'),(2,1374,'1','2557','1',3,1,1,'ไม่มี','ปกติ','ไม่ผุ','11','96','','2557-05-28 10:19:17','','','','','','','3330401182411'),(3,1415,'17','2557','1',3,1,1,'เล็กน้อย','ปกติ','ผุ','18','117','','2557-05-30 10:18:03','','','','','','','3330401182411'),(4,1390,'16','2557','1',3,1,1,'เล็กน้อย','ปกติ','ผุ','18','113','','2557-05-29 01:51:47','','','','','','','3330401182411'),(5,1389,'15','2557','1',3,1,1,'ไม่มี','ปกติ','ไม่ผุ','15','108','','2557-05-28 10:27:35','','','','','','','3330401182411'),(6,1387,'14','2557','1',3,1,1,'ไม่มี','ปกติ','ผุ','15','104','','2557-05-29 01:45:44','','','','','','','3330401182411'),(7,1386,'13','2557','1',3,1,1,'ไม่มี','ปกติ','ผุ','18','111','','2557-05-29 01:46:16','','','','','','','3330401182411'),(8,1385,'12','2557','1',3,1,1,'เล็กน้อย','ปกติ','ผุ','14','104','','2557-05-29 01:50:12','','','','','','','3330401182411'),(9,1379,'6','2557','1',3,1,1,'ไม่มี','ปกติ','ไม่ผุ','18','111','','2557-05-28 10:31:46','','','','','','','3330401182411'),(10,1380,'7','2557','1',3,1,1,'ไม่มี','ปกติ','ผุ','20','120','','2557-05-29 09:59:26','','','','','','','3330401182411'),(11,1382,'9','2557','1',3,1,1,'ไม่มี','ปกติ','ไม่ผุ','16','104','','2557-05-28 10:33:17','','','','','','','3330401182411'),(12,1383,'10','2557','1',3,1,1,'ไม่มี','ปกติ','ไม่ผุ','17','107','','2557-05-28 10:35:04','','','','','','','3330401182411'),(13,1375,'2','2557','1',3,1,1,'เล็กน้อย','ปกติ','ผุ','18','112','','2557-05-29 01:48:34','','','','','','','3330401182411'),(14,1376,'3','2557','1',3,1,1,'ไม่มี','ปกติ','ผุ','17','112','','2557-05-29 09:54:25','','','','','','','3330401182411'),(15,1378,'5','2557','1',3,1,1,'เล็กน้อย','ปกติ','ผุ','17','111','','2557-05-29 01:49:04','','','','','','','3330401182411'),(16,1324,'1','2557','1',6,1,1,'ไม่มี','ปกติ','ไม่ผุ','20','118','','2557-05-29 02:20:52','','','','','','','3349800155483'),(17,1325,'2','2557','1',6,1,1,'ไม่มี','ปกติ','ไม่ผุ','36','131','','2557-05-29 02:22:06','','','','','','','3349800155483'),(18,1327,'3','2557','1',6,1,1,'ไม่มี','ปกติ','ไม่ผุ','25','126','','2557-05-29 02:36:05','','','','','','','3349800155483'),(19,1328,'4','2557','1',6,1,1,'ไม่มี','ปกติ','ไม่ผุ','27','126','','2557-05-29 02:36:42','','','','','','','3349800155483'),(20,1329,'5','2557','1',6,1,1,'ไม่มี','ปกติ','ไม่ผุ','17','106','','2557-05-28 01:37:04','','','','','','','3349800155483'),(21,1330,'6','2557','1',6,1,1,'ไม่มี','ปกติ','ไม่ผุ','20','120','','2557-05-29 02:38:22','','','','','','','3349800155483'),(22,1394,'7','2557','1',6,1,1,'ไม่มี','ปกติ','ไม่ผุ','25','125','','2557-05-29 02:39:06','','','','','','','3349800155483'),(23,1398,'8','2557','1',6,1,1,'ไม่มี','ปกติ','ไม่ผุ','35','134','','2557-05-29 02:39:50','','','','','','','3349800155483'),(24,1332,'9','2557','1',6,1,1,'ไม่มี','ปกติ','ไม่ผุ','40','130','','2557-05-29 02:40:45','','','','','','','3349800155483'),(25,1333,'10','2557','1',6,1,1,'ไม่มี','ปกติ','ไม่ผุ','23','129','','2557-05-29 02:42:01','','','','','','','3349800155483'),(26,1334,'11','2557','1',6,1,1,'ไม่มี','ปกติ','ไม่ผุ','20','128','','2557-05-29 02:43:17','','','','','','','3349800155483'),(27,1335,'12','2557','1',6,1,1,'ไม่มี','ปกติ','ไม่ผุ','27','135','','2557-05-29 02:45:35','','','','','','','3349800155483'),(28,1261,'1','2557','1',8,1,1,'ไม่มี','ปกติ','ไม่ผุ','25','131','','2557-05-28 01:54:33','','','','','','','3329900294541'),(29,1262,'2','2557','1',8,1,1,'ไม่มี','ปกติ','ไม่ผุ','28','138','','2557-05-28 01:55:28','','','','','','','3329900294541'),(30,1263,'3','2557','1',8,1,1,'ไม่มี','ปกติ','ไม่ผุ','25','137','','2557-05-28 01:55:43','','','','','','','3329900294541'),(31,1264,'4','2557','1',8,1,1,'ไม่มี','ปกติ','ไม่ผุ','25','135','','2557-05-28 01:56:01','','','','','','','3329900294541'),(32,1265,'5','2557','1',8,1,1,'ไม่มี','ปกติ','ไม่ผุ','39','148','','2557-05-28 01:56:12','','','','','','','3329900294541'),(33,1290,'6','2557','1',8,1,1,'ไม่มี','ปกติ','ไม่ผุ','60','145','','2557-05-28 01:56:25','','','','','','','3329900294541'),(34,1269,'7','2557','1',8,1,1,'ไม่มี','ปกติ','ไม่ผุ','25','131','','2557-05-28 01:56:37','','','','','','','3329900294541'),(35,1271,'8','2557','1',8,1,1,'ไม่มี','ปกติ','ไม่ผุ','32','142','','2557-05-28 01:56:48','','','','','','','3329900294541'),(36,1272,'9','2557','1',8,1,1,'ไม่มี','ปกติ','ไม่ผุ','41','150','','2557-05-28 01:57:05','','','','','','','3329900294541'),(37,1276,'10','2557','1',8,1,1,'ไม่มี','ปกติ','ไม่ผุ','31','140','','2557-05-28 01:57:19','','','','','','','3329900294541'),(38,1277,'11','2557','1',8,1,1,'ไม่มี','ปกติ','ไม่ผุ','26','131','','2557-05-28 01:57:53','','','','','','','3329900294541'),(39,1278,'12','2557','1',8,1,1,'ไม่มี','ปกติ','ไม่ผุ','27','135','','2557-05-28 01:58:25','','','','','','','3329900294541'),(40,1291,'13','2557','1',8,1,1,'ไม่มี','ปกติ','ไม่ผุ','40','149','','2557-05-28 01:58:53','','','','','','','3329900294541'),(41,1258,'11','2557','1',9,1,1,'ไม่มี','ปกติ','ไม่ผุ','35','145','','2557-05-28 02:12:40','','','','','','','3340100082981'),(42,1254,'9','2557','1',9,1,1,'ไม่มี','ปกติ','ไม่ผุ','29','138','','2557-05-28 02:14:59','','','','','','','3340100082981'),(43,1251,'6','2557','1',9,1,1,'ไม่มี','ปกติ','ไม่ผุ','39','143','','2557-05-28 02:15:56','','','','','','','3340100082981'),(44,1250,'5','2557','1',9,1,1,'ไม่มี','ปกติ','ไม่ผุ','25','132','','2557-05-28 02:19:57','','','','','','','3340100082981'),(45,1246,'1','2557','1',9,1,1,'ไม่มี','ปกติ','ไม่ผุ','26','137','','2557-06-04 10:14:07','','','','','','','3340100082981'),(46,1248,'3','2557','1',9,1,1,'ไม่มี','ปกติ','ไม่ผุ','32','137','','2557-05-28 02:21:13','','','','','','','3340100082981'),(47,1247,'2','2557','1',9,1,1,'ไม่มี','ปกติ','ไม่ผุ','29','144','','2557-05-28 02:21:34','','','','','','','3340100082981'),(48,1253,'7','2557','1',9,1,1,'ไม่มี','ปกติ','ไม่ผุ','39','139','','2557-05-28 02:21:54','','','','','','','3340100082981'),(49,1249,'4','2557','1',9,1,1,'ไม่มี','ปกติ','ไม่ผุ','50','150','','2557-05-28 02:22:15','','','','','','','3340100082981'),(50,1256,'10','2557','1',9,1,1,'ไม่มี','ปกติ','ไม่ผุ','41','141','','2557-05-28 02:22:40','','','','','','','3340100082981'),(51,1353,'12','2557','1',9,1,1,'ไม่มี','ปกติ','ไม่ผุ','36','146','','2557-05-28 02:23:36','','','','','','','3340100082981'),(52,1319,'8','2557','1',9,1,1,'ไม่มี','ปกติ','ไม่ผุ','23','136','','2557-05-28 02:24:09','','','','','','','3340100082981'),(53,1384,'11','2557','1',3,1,1,'ไม่มี','ปกติ','ผุ','19','110','','2557-05-29 01:47:23','','','','','','','3330401182411'),(54,1381,'8','2557','1',3,1,1,'ไม่มี','ปกติ','ผุ','15','103','','2557-05-29 09:43:05','','','','','','','3330401182411'),(55,1339,'2','2557','1',5,1,1,'ปานกลาง','ปกติ','ผุ','20','118','','2557-05-29 10:54:27','','','','','','','3340100517121'),(56,1340,'3','2557','1',5,1,1,'เล็กน้อย','ปกติ','ผุ','23','120','','2557-05-29 10:54:29','','','','','','','3340100517121'),(57,1341,'4','2557','1',5,1,1,'ปานกลาง','ปกติ','ผุ','18','112','','2557-05-29 10:54:29','','','','','','','3340100517121'),(58,1367,'5','2557','1',5,1,1,'เล็กน้อย','ปกติ','ผุ','20','120','','2557-05-29 10:54:35','','','','','','','3340100517121'),(59,1372,'6','2557','1',5,1,1,'ไม่มี','ปกติ','ไม่ผุ','20','119','','2557-05-29 10:54:35','','','','','','','3340100517121'),(60,1342,'9','2557','1',5,1,1,'เล็กน้อย','ปกติ','ผุ','25','124','','2557-05-29 10:54:38','','','','','','','3340100517121'),(61,1345,'12','2557','1',5,1,1,'ไม่มี','ปกติ','ไม่ผุ','23','125','','2557-05-29 10:54:45','','','','','','','3340100517121'),(62,1348,'14','2557','1',5,1,1,'ปานกลาง','ปกติ','ผุ','20','123','','2557-05-29 10:54:46','','','','','','','3340100517121'),(63,1349,'15','2557','1',5,1,1,'เล็กน้อย','ปกติ','ผุ','20','114','','2557-05-29 10:54:46','','','','','','','3340100517121'),(64,1399,'16','2557','1',5,1,1,'ปานกลาง','ปกติ','ผุ','23','124','','2557-05-29 10:54:47','','','','','','','3340100517121'),(65,1343,'10','2557','1',5,1,1,'เล็กน้อย','ปกติ','ผุ','23','122','','2557-05-29 10:54:55','','','','','','','3340100517121'),(66,1338,'1','2557','1',5,1,1,'ปานกลาง','ปกติ','ผุ','18','113','','2557-05-29 02:28:08','','','','','','','3340100517121'),(67,1221,'4','2557','1',10,1,1,'ไม่มี','ปกติ','ไม่ผุ','39','153','','2557-05-29 01:40:38','','','','','','','3451100526481'),(68,1219,'3','2557','1',10,1,1,'ไม่มี','ปกติ','ไม่ผุ','43','157','','2557-05-29 01:43:26','','','','','','','3451100526481'),(69,1222,'5','2557','1',10,1,1,'ไม่มี','ปกติ','ไม่ผุ','35','147','','2557-05-29 01:47:25','','','','','','','3451100526481'),(70,1223,'6','2557','1',10,1,1,'ไม่มี','ปกติ','ไม่ผุ','49','153','','2557-05-29 01:47:56','','','','','','','3451100526481'),(71,1224,'7','2557','1',10,1,1,'ไม่มี','ปกติ','ไม่ผุ','39','155','','2557-05-29 01:52:33','','','','','','','3451100526481'),(72,1414,'8','2557','1',10,1,1,'ไม่มี','ปกติ','ไม่ผุ','71','148','','2557-05-29 01:52:58','','','','','','','3451100526481'),(73,1227,'9','2557','1',10,1,1,'ไม่มี','ปกติ','ไม่ผุ','42','150','','2557-05-29 01:58:58','','','','','','','3451100526481'),(74,1228,'10','2557','1',10,1,1,'ไม่มี','ปกติ','ไม่ผุ','40','148','','2557-05-29 01:59:21','','','','','','','3451100526481'),(75,1413,'15','2557','1',10,1,1,'ไม่มี','ปกติ','ไม่ผุ','33','150','','2557-05-29 01:59:47','','','','','','','3451100526481'),(76,1412,'14','2557','1',10,1,1,'ไม่มี','ปกติ','ไม่ผุ','41','150','','2557-05-29 02:00:15','','','','','','','3451100526481'),(77,1229,'11','2557','1',10,1,1,'ไม่มี','ปกติ','ไม่ผุ','39','148','','2557-05-29 02:02:41','','','','','','','3451100526481'),(78,1230,'12','2557','1',10,1,1,'ไม่มี','ปกติ','ไม่ผุ','40','153','','2557-05-29 02:03:04','','','','','','','3451100526481'),(79,1192,'1','2557','1',10,1,1,'ไม่มี','ปกติ','ไม่ผุ','53','164','','2557-05-29 02:08:24','','','','','','','3451100526481'),(80,1321,'13','2557','1',10,1,1,'ไม่มี','ปกติ','ไม่ผุ','56','166','','2557-05-29 02:08:51','','','','','','','3451100526481'),(81,1419,'17','2557','1',10,1,1,'ไม่มี','ปกติ','ไม่ผุ','40','152','','2557-05-29 02:09:25','','','','','','','3451100526481'),(82,1418,'16','2557','1',10,1,1,'ไม่มี','ปกติ','ไม่ผุ','60','164','','2557-05-29 02:09:52','','','','','','','3451100526481'),(83,1218,'2','2557','1',10,1,1,'ไม่มี','ปกติ','ไม่ผุ','133','173','','2557-05-29 02:10:27','','','','','','','3451100526481'),(84,1226,'18','2557','1',10,1,1,'ไม่มี','ปกติ','ไม่ผุ','43','160','','2557-05-29 02:14:47','','','','','','','3451100526481'),(85,1424,'19','2557','1',10,1,1,'ไม่มี','ปกติ','ไม่ผุ','30','145','','2557-05-29 02:16:01','','','','','','','3451100526481'),(86,1396,'7','2557','1',5,1,1,'ไม่มี','ปกติ','ไม่ผุ','19','116','','2557-05-30 09:18:19','','','','','','','3340100517121'),(87,1397,'8','2557','1',5,1,1,'ไม่มี','ปกติ','ไม่ผุ','23','121','','2557-05-30 09:18:44','','','','','','','3340100517121'),(88,1344,'11','2557','1',5,1,1,'ไม่มี','ปกติ','ไม่ผุ','22','122','','2557-05-30 09:19:08','','','','','','','3340100517121'),(89,1347,'13','2557','1',5,1,1,'ไม่มี','ปกติ','ไม่ผุ','22','121','','2557-05-30 09:19:29','','','','','','','3340100517121'),(90,1166,'2','2557','1',12,1,1,'ไม่มี','ปกติ','ไม่ผุ','50','162','','2557-06-02 10:20:20','','','','','','','1341900085173'),(91,1167,'3','2557','1',12,1,1,'ไม่มี','ปกติ','ไม่ผุ','45','168','','2557-06-02 10:22:33','','','','','','','1341900085173'),(92,1168,'4','2557','1',12,1,1,'ไม่มี','ปกติ','ไม่ผุ','44','172','','2557-06-02 10:23:19','','','','','','','1341900085173'),(93,1171,'5','2557','1',12,1,1,'ไม่มี','ปกติ','ไม่ผุ','49','167','','2557-06-02 10:24:01','','','','','','','1341900085173'),(94,1172,'6','2557','1',12,1,1,'ไม่มี','ปกติ','ไม่ผุ','38','153','','2557-06-02 10:24:21','','','','','','','1341900085173'),(95,1176,'8','2557','1',12,1,1,'ไม่มี','ปกติ','ไม่ผุ','50','164','','2557-06-02 10:24:45','','','','','','','1341900085173'),(96,1178,'9','2557','1',12,1,1,'ไม่มี','ปกติ','ไม่ผุ','35','150','','2557-06-02 10:25:04','','','','','','','1341900085173'),(97,1179,'10','2557','1',12,1,1,'ไม่มี','ปกติ','ไม่ผุ','40','155','','2557-06-02 10:25:28','','','','','','','1341900085173'),(98,1180,'11','2557','1',12,1,1,'ไม่มี','ปกติ','ไม่ผุ','47','161','','2557-06-02 10:25:47','','','','','','','1341900085173'),(99,1183,'12','2557','1',12,1,1,'ไม่มี','ปกติ','ไม่ผุ','48','145','','2557-06-02 10:26:26','','','','','','','1341900085173'),(100,1185,'14','2557','1',12,1,1,'ไม่มี','ปกติ','ไม่ผุ','38','151','','2557-06-02 10:27:19','','','','','','','1341900085173'),(101,1401,'1','2557','1',2,1,1,'ไม่มี','ปกติ','ไม่ผุ','13','98','','2557-06-02 08:27:56','','','','','','','3329900125276'),(102,1402,'2','2557','1',2,1,1,'ไม่มี','ปกติ','ผุ','18','107.5','','2557-06-11 07:25:20','','','','','','','3329900125276'),(103,1403,'3','2557','1',2,1,1,'ไม่มี','ปกติ','ผุ','17','105','','2557-06-02 08:28:52','','','','','','','3329900125276'),(104,1404,'4','2557','1',2,1,1,'ไม่มี','ปกติ','ไม่ผุ','15','104','','2557-06-02 08:29:13','','','','','','','3329900125276'),(105,1405,'5','2557','1',2,1,1,'ไม่มี','ปกติ','ไม่ผุ','17','102','','2557-06-02 08:29:36','','','','','','','3329900125276'),(106,1406,'6','2557','1',2,1,1,'ไม่มี','ปกติ','ไม่ผุ','14','101','','2557-06-02 08:29:51','','','','','','','3329900125276'),(107,1407,'7','2557','1',2,1,1,'เล็กน้อย','ปกติ','ผุ','14','100','','2557-06-02 08:30:07','','','','','','','3329900125276'),(108,1408,'8','2557','1',2,1,1,'ไม่มี','ปกติ','ผุ','17','110','','2557-06-02 08:30:26','','','','','','','3329900125276'),(109,1409,'9','2557','1',2,1,1,'ไม่มี','ปกติ','ไม่ผุ','19','103','','2557-06-02 08:30:37','','','','','','','3329900125276'),(110,1420,'10','2557','1',2,1,1,'ไม่มี','ปกติ','ไม่ผุ','18','109','','2557-06-02 08:30:52','','','','','','','3329900125276'),(111,1421,'11','2557','1',2,1,1,'ไม่มี','ปกติ','ไม่ผุ','15','92','','2557-06-02 08:31:06','','','','','','','3329900125276'),(112,1422,'12','2557','1',2,1,1,'ไม่มี','ปกติ','ไม่ผุ','19','107','','2557-06-02 08:31:19','','','','','','','3329900125276'),(113,1423,'13','2557','1',2,1,1,'ไม่มี','ปกติ','ไม่ผุ','17','109','','2557-06-02 08:31:34','','','','','','','3329900125276'),(114,1165,'1','2557','1',12,1,1,'ไม่มี','ปกติ','ไม่ผุ','60','172','','2557-06-03 10:12:20','','','','','','','1341900085173'),(115,1184,'13','2557','1',12,1,1,'ไม่มี','ปกติ','ไม่ผุ','47','146','','2557-06-03 10:12:51','','','','','','','1341900085173'),(116,1299,'1','2557','1',7,1,1,'ไม่มี','ปกติ','ไม่ผุ','23','130','','2557-06-03 01:11:30','','','','','','','1341800007588'),(117,1300,'2','2557','1',7,1,1,'ไม่มี','ปกติ','ไม่ผุ','36','135','','2557-06-03 01:12:50','','','','','','','1341800007588'),(118,1301,'3','2557','1',7,1,1,'ไม่มี','ปกติ','ไม่ผุ','22','128','','2557-06-03 01:13:00','','','','','','','1341800007588'),(119,1304,'4','2557','1',7,1,1,'ไม่มี','ปกติ','ไม่ผุ','28','129','','2557-06-03 01:13:10','','','','','','','1341800007588'),(120,1305,'5','2557','1',7,1,1,'ไม่มี','ปกติ','ไม่ผุ','21','122','','2557-06-03 01:13:23','','','','','','','1341800007588'),(121,1306,'6','2557','1',7,1,1,'ไม่มี','ปกติ','ไม่ผุ','30','137','','2557-06-03 01:14:33','','','','','','','1341800007588'),(122,1307,'7','2557','1',7,1,1,'ไม่มี','ปกติ','ไม่ผุ','25','136','','2557-06-03 01:14:49','','','','','','','1341800007588'),(123,1308,'8','2557','1',7,1,1,'ไม่มี','ปกติ','ไม่ผุ','20','124','','2557-06-03 01:15:02','','','','','','','1341800007588'),(124,1309,'9','2557','1',7,1,1,'ไม่มี','ปกติ','ไม่ผุ','23','131','','2557-06-03 01:15:15','','','','','','','1341800007588'),(125,1311,'10','2557','1',7,1,1,'ไม่มี','ปกติ','ไม่ผุ','28','135','','2557-06-03 01:15:54','','','','','','','1341800007588'),(126,1370,'11','2557','1',7,1,1,'ไม่มี','ปกติ','ไม่ผุ','23','137','','2557-06-03 01:16:08','','','','','','','1341800007588'),(127,1425,'12','2557','1',7,1,1,'ไม่มี','ปกติ','ไม่ผุ','27','134','','2557-06-03 01:16:20','','','','','','','1341800007588'),(128,1194,'1','2557','1',11,1,1,'ไม่มี','ปกติ','ไม่ผุ','44','157','','2557-06-03 02:35:52','','','','','','','3341500571549'),(129,1195,'2','2557','1',11,1,1,'ไม่มี','ปกติ','ไม่ผุ','45','157','','2557-06-03 02:36:22','','','','','','','3341500571549'),(130,1234,'3','2557','1',11,1,1,'ไม่มี','ปกติ','ไม่ผุ','43','154','','2557-06-03 02:36:41','','','','','','','3341500571549'),(131,1391,'4','2557','1',11,1,1,'ไม่มี','ปกติ','ไม่ผุ','45','161','','2557-06-03 02:37:09','','','','','','','3341500571549'),(132,1197,'5','2557','1',11,1,1,'ไม่มี','ปกติ','ไม่ผุ','50','51','','2557-06-03 02:37:44','','','','','','','3341500571549'),(133,1198,'6','2557','1',11,1,1,'ไม่มี','ปกติ','ไม่ผุ','41','148','','2557-06-03 02:38:01','','','','','','','3341500571549'),(134,1199,'7','2557','1',11,1,1,'ไม่มี','ปกติ','ไม่ผุ','50','158','','2557-06-03 02:38:27','','','','','','','3341500571549'),(135,1200,'8','2557','1',11,1,1,'ไม่มี','ปกติ','ไม่ผุ','42','157','','2557-06-03 02:39:09','','','','','','','3341500571549'),(136,1201,'9','2557','1',11,1,1,'ไม่มี','ปกติ','ไม่ผุ','38','160','','2557-06-03 02:39:31','','','','','','','3341500571549'),(137,1202,'10','2557','1',11,1,1,'ไม่มี','ปกติ','ไม่ผุ','37','151','','2557-06-03 02:40:28','','','','','','','3341500571549'),(138,1205,'11','2557','1',11,1,1,'ไม่มี','ปกติ','ไม่ผุ','37','156','','2557-06-03 02:41:01','','','','','','','3341500571549'),(139,1294,'12','2557','1',11,1,1,'ไม่มี','ปกติ','ไม่ผุ','38','146','','2557-06-03 02:41:19','','','','','','','3341500571549'),(140,1295,'13','2557','1',11,1,1,'ไม่มี','ปกติ','ไม่ผุ','38','148','','2557-06-03 02:42:11','','','','','','','3341500571549'),(141,1392,'14','2557','1',11,1,1,'ไม่มี','ปกติ','ไม่ผุ','45','145','','2557-06-03 02:43:37','','','','','','','3341500571549'),(142,1393,'15','2557','1',11,1,1,'ไม่มี','ปกติ','ไม่ผุ','45','156','','2557-06-03 02:44:23','','','','','','','3341500571549'),(143,1355,'1','2557','1',4,0,1,'ไม่มี','ปกติ','ไม่ผุ','20','115','','2557-06-03 03:07:48','','','','','','','1341800007588'),(144,1356,'2','2557','1',4,0,1,'ไม่มี','ปกติ','ไม่ผุ','22','117','','2557-06-03 03:08:07','','','','','','','1341800007588'),(145,1357,'3','2557','1',4,0,1,'ไม่มี','ปกติ','ไม่ผุ','20','130','','2557-06-03 03:08:19','','','','','','','1341800007588'),(146,1358,'4','2557','1',4,0,1,'ไม่มี','ปกติ','ไม่ผุ','19','110','','2557-06-03 03:09:12','','','','','','','1341800007588'),(147,1359,'5','2557','1',4,0,1,'ไม่มี','ปกติ','ไม่ผุ','26','113','','2557-06-03 03:09:32','','','','','','','1341800007588'),(148,1410,'6','2557','1',4,0,1,'ไม่มี','ปกติ','ไม่ผุ','19','118','','2557-06-03 03:09:53','','','','','','','1341800007588'),(149,1360,'7','2557','1',4,0,1,'ไม่มี','ปกติ','ไม่ผุ','18','117','','2557-06-03 03:10:08','','','','','','','1341800007588'),(150,1361,'8','2557','1',4,0,1,'ไม่มี','ปกติ','ไม่ผุ','19','117','','2557-06-03 03:10:26','','','','','','','1341800007588'),(151,1362,'9','2557','1',4,0,1,'ไม่มี','ปกติ','ไม่ผุ','18','109','','2557-06-03 03:10:40','','','','','','','1341800007588'),(152,1363,'10','2557','1',4,0,1,'ไม่มี','ปกติ','ไม่ผุ','19','121','','2557-06-03 03:10:53','','','','','','','1341800007588'),(153,1364,'11','2557','1',4,0,1,'ไม่มี','ปกติ','ไม่ผุ','16','112','','2557-06-03 03:11:00','','','','','','','1341800007588'),(154,1366,'12','2557','1',4,0,1,'ไม่มี','ปกติ','ไม่ผุ','20','114','','2557-06-03 03:11:23','','','','','','','1341800007588'),(155,1365,'13','2557','1',4,0,1,'ไม่มี','ปกติ','ไม่ผุ','114','21','','2557-06-03 03:11:36','','','','','','','1341800007588'),(156,1395,'14','2557','1',4,0,1,'ไม่มี','ปกติ','ไม่ผุ','21','113','','2557-06-03 03:11:57','','','','','','','1341800007588'),(157,1400,'15','2557','1',4,0,1,'ไม่มี','ปกติ','ไม่ผุ','22','113','','2557-06-03 03:12:09','','','','','','','1341800007588'),(158,1411,'16','2557','1',4,0,1,'ไม่มี','ปกติ','ไม่ผุ','21','120','','2557-06-03 03:12:22','','','','','','','1341800007588'),(159,1416,'17','2557','1',4,0,1,'ไม่มี','ปกติ','ไม่ผุ','22','120','','2557-06-03 03:12:36','','','','','','','1341800007588'),(160,1417,'18','2557','1',4,0,1,'ไม่มี','ปกติ','ไม่ผุ','25','114','','2557-06-03 03:12:55','','','','','','','1341800007588'),(161,1369,'7','2557','1',12,1,1,'ไม่มี','ปกติ','ไม่ผุ','40','161','','2557-06-09 10:25:59','','','','','','','1341900085173'),(162,1377,'4','2557','1',3,1,1,'ไม่มี','ปกติ','ไม่ผุ','12','96','','2557-06-13 11:46:00','','','','','','','3330401182411'),(163,1427,'14','2557','1',2,1,1,'ไม่มี','ปกติ','ผุ','18','103','','2557-06-13 08:45:17','','','','','','','3329900125276'),(164,1338,'1','2557','1',5,1,2,'ไม่มี','ปกติ','ผุ','21','114','','2557-11-05 10:55:47','','','','','','','3340100517121'),(165,1339,'2','2557','1',5,1,2,'ไม่มี','ปกติ','ไม่ผุ','21','120','','2557-11-05 10:58:50','','','','','','','3340100517121'),(166,1324,'1','2557','1',6,1,2,'ไม่มี','ปกติ','ไม่ผุ','20','120','','2557-11-12 03:27:38','','','','','','','3349800155483'),(167,1325,'2','2557','1',6,1,2,'ไม่มี','ปกติ','ไม่ผุ','56','131','','2557-11-12 03:24:22','','','','','','','3349800155483'),(168,1327,'3','2557','1',6,1,2,'ไม่มี','ปกติ','ไม่ผุ','25','126','','2557-11-12 03:24:23','','','','','','','3349800155483'),(169,1327,'3','2557','1',6,1,2,'ไม่มี','ปกติ','ไม่ผุ','25','126','','2557-11-12 03:24:27','','','','','','','3349800155483'),(170,1328,'4','2557','1',6,1,2,'ไม่มี','ปกติ','ไม่ผุ','27','126','','2557-11-12 03:24:28','','','','','','','3349800155483'),(171,1329,'5','2557','1',6,1,2,'ไม่มี','ปกติ','ไม่ผุ','18','117','','2557-11-12 03:24:28','','','','','','','3349800155483'),(172,1330,'6','2557','1',6,1,2,'ไม่มี','ปกติ','ไม่ผุ','20','120','','2557-11-12 03:24:29','','','','','','','3349800155483'),(173,1394,'7','2557','1',6,1,2,'ไม่มี','ปกติ','ไม่ผุ','25','123','','2557-11-12 03:24:29','','','','','','','3349800155483'),(174,1433,'12','2577','2',6,1,2,'ไม่มี','ปกติ','ผุ','33','144','','2557-11-13 11:17:32','','','','','','','3349800155483'),(175,1402,'2','2558','1',3,1,1,'ไม่มี','ปกติ','ผุ','20','112','','2558-05-19 03:05:05','','','','','','','3330401182411'),(176,1471,'15','','',3,1,1,'ไม่มี','ปกติ','ไม่ผุ','21','121','','2558-05-19 03:06:40','','','','','','','3330401182411'),(177,1403,'3','2558','1',3,1,1,'ไม่มี','ปกติ','ผุ','18','112','','2558-05-19 03:09:35','','','','','','','3330401182411'),(178,1404,'4','2558','1',3,1,1,'ไม่มี','ปกติ','ไม่ผุ','16','109','','2558-05-19 03:13:17','','','','','','','3330401182411'),(179,1405,'5','','',3,1,1,'ไม่มี','ปกติ','ไม่ผุ','18','106','','2558-05-19 03:14:16','','','','','','','3330401182411'),(180,1406,'6','','',3,1,1,'ไม่มี','ปกติ','ไม่ผุ','17','109','','2558-05-19 03:16:04','','','','','','','3330401182411'),(181,1407,'7','','',3,1,1,'ไม่มี','ปกติ','ผุ','15','105','','2558-05-19 03:17:51','','','','','','','3330401182411'),(182,1408,'8','','',3,1,1,'ไม่มี','ปกติ','ผุ','18','118','','2558-05-19 03:20:05','','','','','','','3330401182411'),(183,1409,'9','','',3,1,1,'ไม่มี','ปกติ','ไม่ผุ','18','118','','2558-05-19 03:20:51','','','','','','','3330401182411'),(184,1420,'10','','',3,1,1,'ไม่มี','ปกติ','ไม่ผุ','20','115','','2558-05-19 03:21:49','','','','','','','3330401182411'),(185,1421,'11','','',3,1,1,'ไม่มี','ปกติ','ไม่ผุ','15','104','','2558-05-19 03:23:43','','','','','','','3330401182411'),(186,1422,'12','','',3,1,1,'ไม่มี','ปกติ','ไม่ผุ','21','114','','2558-05-19 03:28:09','','','','','','','3330401182411'),(187,1423,'13','','',3,1,1,'ไม่มี','ปกติ','ผุ','16','114','','2558-05-19 03:29:51','','','','','','','3330401182411'),(188,1427,'14','','',3,1,1,'ไม่มี','ปกติ','ผุ','16','108','','2558-05-19 03:30:44','','','','','','','3330401182411'),(189,1471,'15','','',3,1,1,'ไม่มี','ปกติ','ผุ','21','121','','2558-05-19 03:31:21','','','','','','','3330401182411'),(190,1261,'1','2558','1',9,1,1,'ไม่มี','ปกติ','ไม่ผุ','28','134','','2558-06-08 11:06:44','','','','','','','3340100082981'),(191,1300,'3','2561','2',11,1,1,'ไม่มี','ปกติ','ไม่ผุ','58','162','','2561-11-19 10:06:50','','46','10','60','10','3.34','3340400574359'),(192,1301,'4','2561','2',11,1,1,'ไม่มี','ปกติ','ไม่ผุ','40','160','','2561-11-19 10:07:14','','58','13','56','10','3.20','3340400574359'),(193,1304,'5','2561','2',11,1,1,'ไม่มี','ปกติ','ไม่ผุ','51','163','','2561-11-19 10:07:50','','50','13','63','10','3.40','3340400574359'),(194,1305,'7','2561','2',11,1,1,'ไม่มี','ปกติ','ไม่ผุ','45','152','','2561-11-19 10:08:12','','67','3','48','5','6.20','3340400574359'),(195,1308,'9','2561','2',11,1,1,'ไม่มี','ปกติ','ไม่ผุ','40','152','','2561-11-19 10:09:06','','69','3','53','5','4.20','3340400574359'),(196,1309,'10','2561','2',11,1,1,'ไม่มี','ปกติ','ไม่ผุ','50','162','','2561-11-19 10:09:46','','65','3','48','3','6','3340400574359'),(197,1425,'11','2561','2',11,1,1,'ไม่มี','ปกติ','ไม่ผุ','53','162','','2561-11-19 10:10:14','','66','3','46','3','5','3340400574359'),(198,1520,'12','2561','2',11,1,1,'ไม่มี','ปกติ','ไม่ผุ','30','147','','2561-11-19 10:10:39','','67','10','58','10','3.40','3340400574359'),(199,1521,'13','2561','2',11,1,1,'ไม่มี','ปกติ','ไม่ผุ','61','155','','2561-11-19 10:11:09','','70','3','49','3','5','3340400574359'),(200,1307,'8','2561','2',11,1,1,'ไม่มี','ปกติ','ไม่ผุ','47','157','','2561-11-19 10:08:44','','65','3','41','5','4','3340400574359'),(201,1,'1','2561','2',12,1,1,'ไม่มี','ปกติ','ไม่ผุ','95','168','','2561-11-13 09:01:04','','','','','','','3349900341891'),(202,1261,'2','2561','2',12,1,1,'ไม่มี','ปกติ','ไม่ผุ','45','163','','2561-11-13 09:01:30','','','','','','','3349900341891'),(203,1263,'3','2561','2',12,1,1,'ไม่มี','ปกติ','ไม่ผุ','51','168','','2561-11-13 09:01:56','','','','','','','3349900341891'),(204,1264,'4','2561','2',12,1,1,'ไม่มี','ปกติ','ไม่ผุ','42','165','','2561-11-13 09:02:08','','','','','','','3349900341891'),(205,1269,'5','2561','2',12,1,1,'ไม่มี','ปกติ','ไม่ผุ','39','154','','2561-11-13 09:02:54','','','','','','','3349900341891'),(206,1272,'6','2561','2',12,1,1,'ไม่มี','ปกติ','ไม่ผุ','53','159','','2561-11-13 09:03:07','','','','','','','3349900341891'),(207,1277,'7','2561','2',12,1,1,'ไม่มี','ปกติ','ไม่ผุ','39','152','','2561-11-13 09:03:30','','','','','','','3349900341891'),(208,1278,'8','2561','2',12,1,1,'ไม่มี','ปกติ','ไม่ผุ','40','154','','2561-11-13 09:03:44','','','','','','','3349900341891'),(209,1497,'11','2561','2',12,1,1,'ไม่มี','ปกติ','ไม่ผุ','39','149','','2561-11-13 09:04:00','','','','','','','3349900341891'),(210,1481,'14','2561','2',12,1,1,'ไม่มี','ปกติ','ไม่ผุ','55','159','','2561-11-13 09:04:13','','','','','','','3349900341891'),(211,1482,'15','2561','2',12,1,1,'ไม่มี','ปกติ','ไม่ผุ','39','160','','2561-11-13 09:04:25','','','','','','','3349900341891'),(212,1262,'1','2561','2',11,1,1,'ไม่มี','ปกติ','ไม่ผุ','0','0','','2561-11-19 10:11:35','','0','0','0','0','0','3340400574359'),(213,1533,'1','2561','2',2,0,2,'ไม่มี','ปกติ','ไม่ผุ','15','104','','2561-11-20 12:03:18','','','','','','','3330401182411'),(214,1529,'2','2561','2',2,0,2,'เล็กน้อย','ปกติ','ผุ','15','116','','2561-11-20 12:05:32','','','','','','','3330401182411'),(215,1530,'3','2561','2',2,0,2,'เล็กน้อย','ปกติ','ผุ','15','103','','2561-11-20 12:06:02','','','','','','','3330401182411'),(216,1531,'4','2561','2',2,0,2,'เล็กน้อย','ปกติ','ผุ','14','101','','2561-11-20 12:06:54','','','','','','','3330401182411'),(217,1532,'5','2561','2',2,0,2,'ไม่มี','ปกติ','ไม่ผุ','30','117','','2561-11-20 12:07:21','','','','','','','3330401182411'),(218,1537,'9','2561','2',2,0,2,'ไม่มี','ปกติ','ไม่ผุ','20','117','','2561-11-20 12:10:01','','','','','','','3330401182411'),(219,1534,'6','2561','2',2,0,2,'ไม่มี','ปกติ','ไม่ผุ','15','107','','2561-11-20 12:10:56','','','','','','','3330401182411'),(220,1535,'7','2561','2',2,0,2,'เล็กน้อย','ปกติ','ผุ','20','114','','2561-11-20 12:11:50','','','','','','','3330401182411'),(221,1536,'8','2561','2',2,0,2,'เล็กน้อย','ปกติ','ผุ','29','116','','2561-11-20 12:12:41','','','','','','','3330401182411'),(222,1401,'1','2561','2',6,1,1,'ไม่มี','ปกติ','ผุ','19','119','','2561-11-23 02:42:54','','','23','20','','','3329900125276'),(223,1402,'2','2561','2',6,1,1,'เล็กน้อย','ปกติ','ผุ','40','133','','2561-12-03 03:26:24','','','40','133','','','3329900125276'),(224,1403,'3','2561','2',6,1,1,'ไม่มี','ปกติ','ไม่ผุ','28','134','','2561-11-23 02:56:39','','','37','24','','','3329900125276'),(225,1404,'4','2561','2',6,1,1,'ไม่มี','ปกติ','ไม่ผุ','20','125','','2561-11-23 02:57:21','','','25','10','','','3329900125276'),(226,1405,'5','2561','2',6,1,1,'ไม่มี','ปกติ','ไม่ผุ','24','124','','2561-11-23 02:58:11','','','25','20','','','3329900125276'),(227,1406,'6','2561','2',6,1,1,'รุนแรงต้องรีบรักษา','ปกติ','ไม่ผุ','24','131','','2561-11-23 02:59:50','','','','','','','3329900125276'),(228,1408,'8','2561','2',6,1,1,'เล็กน้อย','ปกติ','ผุ','26','139','','2561-11-23 03:02:17','','','32','37','','','3329900125276'),(229,1409,'9','2561','2',6,1,1,'รุนแรงต้องรีบรักษา','ปกติ','ผุ','42','136','','2561-11-23 03:03:15','','','15','15','','','3329900125276'),(230,1420,'10','2561','2',6,1,1,'ไม่มี','ปกติ','ไม่ผุ','23','132','','2561-11-23 03:04:15','','','30','20','','','3329900125276'),(231,1471,'11','2561','2',6,1,1,'เล็กน้อย','ปกติ','ไม่ผุ','27','136','','2561-11-23 03:05:10','','','31','20','','','3329900125276'),(232,1421,'12','2561','2',6,1,1,'ปานกลาง','ปกติ','ผุ','20','121','','2561-11-23 03:05:55','','','20','13','','','3329900125276'),(233,1422,'13','2561','2',6,1,1,'ไม่มี','ปกติ','ผุ','29','130','','2561-11-23 03:06:50','','','28','15','','','3329900125276'),(234,1528,'14','2561','2',6,1,1,'เล็กน้อย','ปกติ','ไม่ผุ','37','133','','2561-11-23 03:07:29','','','1','10','','','3329900125276'),(235,1407,'7','2561','2',6,1,1,'เล็กน้อย','ปกติ','ผุ','22','123','','2561-12-03 03:23:28','','','20','5','','','3329900125276'),(236,1505,'1','2562','2',4,0,1,'ไม่มี','ปกติ','ไม่ผุ','17','117','','2563-02-26 01:19:45','','','','','','','3329900125276'),(237,1505,'1','2562','1',4,0,1,'ไม่มี','ปกติ','ไม่ผุ','17','117','','2563-02-26 01:20:14','','','','','','','3329900125276'),(238,1507,'2','2562','1',4,0,1,'ไม่มี','ปกติ','ไม่ผุ','45','122','','2563-02-26 01:20:34','','','','','','','3329900125276'),(239,1508,'3','2562','1',4,0,1,'ไม่มี','ปกติ','ไม่ผุ','20','122','','2563-02-26 01:20:53','','','','','','','3329900125276'),(240,1509,'4','2562','1',4,0,1,'ไม่มี','ปกติ','ไม่ผุ','18','117','','2563-02-26 01:21:09','','','','','','','3329900125276'),(241,1510,'5','2562','1',4,0,1,'ไม่มี','ปกติ','ไม่ผุ','17.5','117','','2563-02-26 01:21:20','','','','','','','3329900125276'),(242,1511,'6','2562','1',4,0,1,'ไม่มี','ปกติ','ไม่ผุ','24','123','','2563-02-26 01:21:40','','','','','','','3329900125276'),(243,1512,'7','2562','1',4,0,1,'ไม่มี','ปกติ','ไม่ผุ','16','117','','2563-02-26 01:36:09','','','','','','','3329900125276'),(244,1513,'8','2562','1',4,0,1,'ไม่มี','ปกติ','ไม่ผุ','26','127','','2563-02-26 01:36:21','','','','','','','3329900125276'),(245,1569,'9','2562','1',4,0,1,'ไม่มี','ปกติ','ไม่ผุ','33','124','','2563-02-26 01:36:35','','','','','','','3329900125276'),(246,1570,'10','2562','1',4,0,1,'ไม่มี','ปกติ','ไม่ผุ','44','131','','2563-02-26 01:37:00','','','','','','','3329900125276'),(247,1571,'11','2562','1',4,0,1,'ไม่มี','ปกติ','ไม่ผุ','38.5','123','','2563-02-26 01:37:21','','','','','','','3329900125276'),(248,1559,'1','2562','2',2,0,1,'ไม่มี','ปกติ','ไม่ผุ','28','114','','2563-02-26 02:01:03','','','','','','','1349900347655'),(249,1559,'1','2562','1',2,0,1,'ไม่มี','ปกติ','ไม่ผุ','28','114','','2563-02-26 02:01:12','','','','','','','1349900347655'),(250,1562,'2','2562','1',2,0,1,'ไม่มี','ปกติ','ไม่ผุ','27','119','','2563-02-26 02:01:24','','','','','','','1349900347655'),(251,1560,'3','2562','1',2,0,1,'ไม่มี','ปกติ','ไม่ผุ','17','110','','2563-02-26 02:01:35','','','','','','','1349900347655'),(252,1561,'4','2562','1',2,0,1,'ไม่มี','ปกติ','ไม่ผุ','18','110','','2563-02-26 02:01:53','','','','','','','1349900347655'),(253,1568,'5','2562','1',2,0,1,'ไม่มี','ปกติ','ไม่ผุ','26','109','','2563-02-26 02:02:06','','','','','','','1349900347655'),(254,1563,'6','2562','1',2,0,1,'ไม่มี','ปกติ','ไม่ผุ','18','108','','2563-02-26 02:02:17','','','','','','','1349900347655'),(255,1565,'7','2562','1',2,0,1,'ไม่มี','ปกติ','ไม่ผุ','16','110','','2563-02-26 02:02:44','','','','','','','1349900347655'),(256,1566,'8','2562','1',2,0,1,'ไม่มี','ปกติ','ไม่ผุ','23','115','','2563-02-26 02:02:57','','','','','','','1349900347655'),(257,1567,'9','2562','1',2,0,1,'ไม่มี','ปกติ','ไม่ผุ','15','112','','2563-02-26 02:03:16','','','','','','','1349900347655'),(258,1572,'0','2562','1',3,0,1,'ไม่มี','ปกติ','ไม่ผุ','21','115','','2563-02-26 02:03:50','','','','','','','1349900347655'),(259,1533,'1','2562','1',3,0,1,'ไม่มี','ปกติ','ไม่ผุ','21','112','','2563-02-26 02:04:06','','','','','','','1349900347655'),(260,1529,'2','2562','1',3,0,1,'ไม่มี','ปกติ','ไม่ผุ','23','112','','2563-02-26 02:08:30','','','','','','','1349900347655'),(261,1531,'4','2562','1',3,0,1,'ไม่มี','ปกติ','ไม่ผุ','16','106','','2563-02-26 02:09:03','','','','','','','1349900347655'),(262,1532,'5','2562','1',3,0,1,'ไม่มี','ปกติ','ไม่ผุ','38','124','','2563-02-26 02:09:34','','','','','','','1349900347655'),(263,1534,'6','2562','1',3,0,1,'ไม่มี','ปกติ','ไม่ผุ','18','110','','2563-02-26 02:09:51','','','','','','','1349900347655'),(264,1535,'7','2562','1',3,0,1,'ไม่มี','ปกติ','ไม่ผุ','30','121','','2563-02-26 02:10:05','','','','','','','1349900347655'),(265,1536,'8','2562','1',3,0,1,'ไม่มี','ปกติ','ไม่ผุ','37','123','','2563-02-26 02:10:19','','','','','','','1349900347655'),(266,1537,'9','2562','1',3,0,1,'ไม่มี','ปกติ','ไม่ผุ','26','123','','2563-02-26 02:10:30','','','','','','','1349900347655'),(267,1401,'1','2562','2',7,0,1,'ไม่มี','ปกติ','ไม่ผุ','23','126','','2563-02-28 02:12:43','','','','','','','1349900347655'),(268,1401,'1','2562','1',7,0,1,'ไม่มี','ปกติ','ไม่ผุ','23','126','','2563-02-28 02:12:50','','','','','','','1349900347655'),(269,1402,'2','2562','1',7,0,1,'ไม่มี','ปกติ','ไม่ผุ','44','141','','2563-02-28 02:13:06','','','','','','','1349900347655'),(270,1403,'3','2562','1',7,0,1,'ไม่มี','ปกติ','ไม่ผุ','32','142','','2563-02-28 02:13:16','','','','','','','1349900347655'),(271,1404,'4','2562','1',7,0,1,'ไม่มี','ปกติ','ไม่ผุ','21','130','','2563-02-28 02:13:26','','','','','','','1349900347655'),(272,1405,'5','2562','1',7,0,1,'ไม่มี','ปกติ','ไม่ผุ','31','135','','2563-02-28 02:13:38','','','','','','','1349900347655'),(273,1406,'6','2562','1',7,0,1,'ไม่มี','ปกติ','ไม่ผุ','30','138','','2563-02-28 02:13:49','','','','','','','1349900347655'),(274,1407,'7','2562','1',7,0,1,'ไม่มี','ปกติ','ไม่ผุ','24','130','','2563-02-28 02:14:14','','','','','','','1349900347655'),(275,1408,'8','2562','1',7,0,1,'ไม่มี','ปกติ','ไม่ผุ','35','149','','2563-02-28 02:14:25','','','','','','','1349900347655'),(276,1409,'9','2562','1',7,0,1,'ไม่มี','ปกติ','ไม่ผุ','53','146','','2563-02-28 02:14:39','','','','','','','1349900347655'),(277,1420,'10','2562','1',7,0,1,'ไม่มี','ปกติ','ไม่ผุ','28','138','','2563-02-28 02:14:49','','','','','','','1349900347655'),(278,1471,'11','2562','1',7,0,1,'ไม่มี','ปกติ','ไม่ผุ','35','144','','2563-02-28 02:14:59','','','','','','','1349900347655'),(279,1421,'12','2562','1',7,0,1,'ไม่มี','ปกติ','ไม่ผุ','25','130','','2563-02-28 02:15:12','','','','','','','1349900347655'),(280,1422,'13','2562','1',7,0,1,'ไม่มี','ปกติ','ไม่ผุ','36','137','','2563-02-28 02:15:28','','','','','','','1349900347655'),(281,1528,'14','2562','1',7,0,1,'ไม่มี','ปกติ','ไม่ผุ','45','143','','2563-02-28 02:15:37','','','','','','','1349900347655'),(282,1558,'15','2562','1',7,0,1,'ไม่มี','ปกติ','ไม่ผุ','40','148','','2563-02-28 02:15:48','','','','','','','1349900347655'),(283,1355,'1','2562','1',9,1,1,'ไม่มี','ปกติ','ไม่ผุ','33','148','','2563-02-28 02:17:59','','','','','','','1349900347655'),(284,1356,'2','2562','1',9,1,1,'ไม่มี','ปกติ','ไม่ผุ','34','147','','2563-02-28 02:18:13','','','','','','','1349900347655'),(285,1357,'3','2562','1',9,1,1,'ไม่มี','ปกติ','ไม่ผุ','95','169','','2563-02-28 02:18:30','','','','','','','1349900347655'),(286,1358,'4','2562','1',9,1,1,'ไม่มี','ปกติ','ไม่ผุ','33','136','','2563-02-28 02:18:46','','','','','','','1349900347655'),(287,1359,'5','2562','1',9,1,1,'ไม่มี','ปกติ','ไม่ผุ','75','157','','2563-02-28 02:18:56','','','','','','','1349900347655'),(288,1410,'6','2562','1',9,1,1,'ไม่มี','ปกติ','ไม่ผุ','34','148','','2563-02-28 02:19:07','','','','','','','1349900347655'),(289,1360,'7','2562','1',9,1,1,'ไม่มี','ปกติ','ไม่ผุ','45','155','','2563-02-28 02:19:24','','','','','','','1349900347655'),(290,1361,'8','2562','1',9,1,1,'ไม่มี','ปกติ','ไม่ผุ','35','150','','2563-02-28 02:19:35','','','','','','','1349900347655'),(291,1362,'9','2562','1',9,1,1,'ไม่มี','ปกติ','ไม่ผุ','36','145','','2563-02-28 02:19:48','','','','','','','1349900347655'),(292,1363,'10','2562','1',9,1,1,'ไม่มี','ปกติ','ไม่ผุ','38','158','','2563-02-28 02:19:59','','','','','','','1349900347655'),(293,1364,'11','2562','1',9,1,1,'ไม่มี','ปกติ','ไม่ผุ','39','147','','2563-02-28 02:20:08','','','','','','','1349900347655'),(294,101010,'12','2562','1',9,1,1,'ไม่มี','ปกติ','ไม่ผุ','57','148','','2563-02-28 02:20:18','','','','','','','1349900347655'),(295,1366,'13','2562','1',9,1,1,'ไม่มี','ปกติ','ไม่ผุ','44','152','','2563-02-28 02:20:34','','','','','','','1349900347655'),(296,1411,'14','2562','1',9,1,1,'ไม่มี','ปกติ','ไม่ผุ','42','158','','2563-02-28 02:20:44','','','','','','','1349900347655'),(297,1416,'15','2562','1',9,1,1,'ไม่มี','ปกติ','ไม่ผุ','45','159','','2563-02-28 02:20:55','','','','','','','1349900347655'),(298,1417,'16','2562','1',9,1,1,'ไม่มี','ปกติ','ไม่ผุ','65','150','','2563-02-28 02:23:25','','','','','','','1349900347655'),(299,1473,'17','2562','1',9,1,1,'ไม่มี','ปกติ','ไม่ผุ','35','154','','2563-02-28 02:24:52','','','','','','','1349900347655'),(300,1552,'18','2562','1',9,1,1,'ไม่มี','ปกติ','ไม่ผุ','50','164','','2563-02-28 02:25:08','','','','','','','1349900347655'),(301,1553,'19','2562','1',9,1,1,'ไม่มี','ปกติ','ไม่ผุ','42','152','','2563-02-28 02:25:24','','','','','','','1349900347655'),(302,1395,'21','2562','1',9,1,1,'ไม่มี','ปกติ','ไม่ผุ','47','153','','2563-02-28 02:25:35','','','','','','','1349900347655'),(303,1577,'23','2562','1',9,1,1,'ไม่มี','ปกติ','ไม่ผุ','40','158','','2563-02-28 02:25:56','','','','','','','1349900347655'),(304,1338,'1','2562','2',10,0,1,'ไม่มี','ปกติ','ไม่ผุ','38','149','','2563-02-28 02:27:27','','','','','','','1349900347655'),(305,1338,'1','2562','1',10,0,1,'ไม่มี','ปกติ','ไม่ผุ','38','149','','2563-02-28 02:27:33','','','','','','','1349900347655'),(306,1339,'2','2562','1',10,0,1,'ไม่มี','ปกติ','ไม่ผุ','37','153','','2563-02-28 02:27:44','','','','','','','1349900347655'),(307,1341,'4','2562','1',10,0,1,'ไม่มี','ปกติ','ไม่ผุ','36','148','','2563-02-28 02:27:57','','','','','','','1349900347655'),(308,1367,'5','2562','1',10,0,1,'ไม่มี','ปกติ','ไม่ผุ','47','156','','2563-02-28 02:28:59','','','','','','','1349900347655'),(309,1372,'6','2562','1',10,0,1,'ไม่มี','ปกติ','ไม่ผุ','43','150','','2563-02-28 02:29:10','','','','','','','1349900347655'),(310,1397,'7','2562','1',10,0,1,'ไม่มี','ปกติ','ไม่ผุ','48','161','','2563-02-28 02:29:22','','','','','','','1349900347655'),(311,1344,'9','2562','1',10,0,1,'ไม่มี','ปกติ','ไม่ผุ','43','156','','2563-02-28 02:29:39','','','','','','','1349900347655'),(312,1347,'11','2562','1',10,0,1,'ไม่มี','ปกติ','ไม่ผุ','54','159','','2563-02-28 02:29:57','','','','','','','1349900347655'),(313,1348,'13','2562','1',10,0,1,'ไม่มี','ปกติ','ไม่ผุ','44','148','','2563-02-28 02:30:08','','','','','','','1349900347655'),(314,1434,'14','2562','1',10,0,1,'ไม่มี','ปกติ','ไม่ผุ','65','170','','2563-02-28 02:30:18','','','','','','','1349900347655'),(315,1573,'14','2562','1',10,0,1,'ไม่มี','ปกติ','ไม่ผุ','48','169','','2563-02-28 02:30:58','','','','','','','1349900347655'),(316,1346,'16','2562','1',10,0,1,'ไม่มี','ปกติ','ไม่ผุ','48','163','','2563-02-28 02:30:44','','','','','','','1349900347655'),(317,1498,'17','2562','1',10,0,1,'ไม่มี','ปกติ','ไม่ผุ','36','146','','2563-02-28 02:31:16','','','','','','','1349900347655'),(318,1396,'18','2562','1',10,0,1,'ไม่มี','ปกติ','ไม่ผุ','43','151','','2563-02-28 02:31:31','','','','','','','1349900347655'),(319,1528,'14','2563','1',8,0,2,'ไม่มี','ปกติ','ไม่ผุ','55','152','','2563-12-01 02:41:37','','','','','','','3340100082981'),(320,1505,'1','2563','2',5,0,1,'ไม่มี','ปกติ','ไม่ผุ','20','121','','2563-12-03 10:59:41','','','','','','','3340100517121');

--
-- Table structure for table `health_personal`
--

CREATE TABLE `health_personal` (
  `per_id` int(11) NOT NULL AUTO_INCREMENT,
  `personal_code` varchar(13) NOT NULL,
  `per_position` int(3) NOT NULL,
  `per_status` int(3) NOT NULL,
  `person_room` int(3) NOT NULL,
  PRIMARY KEY (`per_id`)
) ENGINE=MyISAM AUTO_INCREMENT=40 DEFAULT CHARSET=utf8 COLLATE=utf8_general_ci;

--
-- Dumping data for table `health_personal`
--

INSERT INTO `health_personal` VALUES (22,'1349700101130',2,1,0),(38,'3300200504641',12,1,0),(6,'3340400574359',12,1,0),(39,'1349900487465',11,1,0),(8,'3349900617021',4,1,0),(9,'3341100094964',10,1,0),(33,'1379900153117',6,1,0),(11,'1349900631761',9,1,0),(12,'3349800159977',11,1,0),(24,'1209700374005',3,1,0),(35,'1330400491511',8,1,0),(34,'3411100775472',7,1,0),(30,'1349900703575',10,1,0),(32,'1349900823554',5,1,0);

--
-- Table structure for table `health_weight_height`
--

CREATE TABLE `health_weight_height` (
  `id` int(11) NOT NULL AUTO_INCREMENT,
  `type` tinyint(4) NOT NULL DEFAULT 0,
  `sex` tinyint(4) NOT NULL DEFAULT 1,
  `height` int(11) NOT NULL,
  `weight_1` double NOT NULL,
  `weight_2` double NOT NULL,
  `weight_3` double NOT NULL,
  `weight_4` double NOT NULL,
  `weight_5` double NOT NULL,
  PRIMARY KEY (`id`)
) ENGINE=MyISAM AUTO_INCREMENT=75 DEFAULT CHARSET=utf8 COLLATE=utf8_general_ci;

--
-- Dumping data for table `health_weight_height`
--

INSERT INTO `health_weight_height` VALUES (1,0,1,50,2.5,3,3.8,4,4.5),(2,0,1,55,3.5,4,4.8,5,6),(3,0,1,60,4.5,5,6.3,6.5,7.5),(4,0,1,65,5.5,6,7.8,8,9),(5,0,1,70,7,7.5,9.3,9.5,10.5),(6,0,1,75,8,8.5,10.8,11,12),(7,0,1,80,9,9.5,12,12.5,13.5),(8,0,1,85,10,10.5,13.5,14,15.5),(9,0,1,90,11,11.5,15,15.5,17),(10,0,1,95,12,12.5,16.5,17,19),(11,0,1,100,13,14,18.5,19,21),(12,0,1,105,14,15,20,21,22.5),(13,0,1,110,15.5,16.5,22,23,25),(14,0,1,115,17,18,24,25,28),(15,0,1,120,18.5,19.5,26.5,28,31),(16,0,1,125,20.5,21.5,29.5,31,35),(17,0,1,130,22,23.5,33,35,39.5),(18,0,1,135,24,25.5,37,39,45),(19,0,1,140,26.5,28,41,44,50),(20,0,2,50,3,3.1,3.8,4,4.5),(21,0,2,55,3.5,4,4.8,5,6),(22,0,2,60,4.5,5,6.3,6.5,7),(23,0,2,65,5.5,6,7.8,8,8.5),(24,0,2,70,6.5,7.5,8.8,9,10),(25,0,2,75,7.5,8.5,10.8,10.5,11.5),(26,0,2,80,8.5,9,11.5,12.5,13),(27,0,2,85,9.5,10,13,13.5,14.5),(28,0,2,90,10.5,11.5,14.5,15.5,16.5),(29,0,2,95,11.5,13,16.5,17,18.5),(30,0,2,100,13,13.5,18,18.5,20.5),(31,0,2,110,15.5,16,22,23,25),(32,0,2,115,16.5,17.5,24,25,28),(33,0,2,120,18,19,27,28.5,31.5),(34,0,2,125,19.5,21.5,30,31.5,35.5),(35,0,2,130,21.5,23,34,36,41),(36,0,2,135,23.5,25,38,40.5,46),(37,0,2,140,25.5,27.5,42.5,45.5,55.5),(38,0,2,105,14,15,19.5,20.5,22.5),(39,1,1,90,11,11.5,15,16,17),(40,1,1,95,12,12.5,17,17.5,19),(41,1,1,100,13,14,18,19,21),(42,1,1,105,14.5,15,19.5,20.5,22.5),(43,1,1,110,16,16.6,21.5,22.5,24.5),(44,1,1,115,17,18,24,25,27.5),(45,1,1,120,19,19.5,26.5,28,30.5),(46,1,1,125,20,21,29,31,34),(47,1,1,130,22,23,33,35,39),(48,1,1,135,24.5,25.5,37,39.5,45),(49,1,1,140,26.5,28.5,41,44,50),(50,1,1,145,29,31,45,48,54.5),(51,1,1,150,32,34,49,52.5,58.5),(52,1,1,155,35,37,53,56.5,62.5),(53,1,1,160,38.5,41,57,60.5,66.5),(54,1,1,165,42.5,45,61.5,64.5,70),(55,1,1,170,46,48.5,65,68,74.5),(56,1,1,175,49.5,52.5,69,72,77),(57,1,1,180,53,56,72,75,80),(58,1,2,90,11,11.5,15,16,17),(59,1,2,95,12,12.5,16,17,18.5),(60,1,2,100,13,13.5,18,19,20.5),(61,1,2,105,14,15,19.5,20.5,22.5),(62,1,2,110,15.5,16,21.5,22.5,25),(63,1,2,115,17,17.5,24,25,27.5),(64,1,2,120,18.5,19,26.5,28,31),(65,1,2,125,20,21,30,32,36),(66,1,2,130,21.5,22.5,33.5,36,41),(67,1,2,135,23.5,25,38,41,46),(68,1,2,140,26,27.5,42.5,45.5,51.5),(69,1,2,145,29,31,47,50,56.5),(70,1,2,150,32.5,34.5,51.5,54.5,61),(71,1,2,155,36,38.5,55.5,58.5,65),(72,1,2,160,39.5,42,59,62,68),(73,1,2,165,43,45.5,62,65,70.5),(74,1,2,170,47,48.5,65.5,67.5,72.5);

--
-- Table structure for table `idplan_education`
--

CREATE TABLE `idplan_education` (
  `id` int(11) NOT NULL AUTO_INCREMENT,
  `person_id` varchar(15) DEFAULT NULL,
  `class` varchar(30) DEFAULT NULL,
  `initials` varchar(30) DEFAULT NULL,
  `subject_1` varchar(150) DEFAULT NULL,
  `subject` varchar(150) DEFAULT NULL,
  `institute` varchar(200) DEFAULT NULL,
  `province` varchar(50) DEFAULT NULL,
  `finish_year` varchar(10) DEFAULT NULL,
  PRIMARY KEY (`id`)
) ENGINE=MyISAM AUTO_INCREMENT=9 DEFAULT CHARSET=utf8 COLLATE=utf8_general_ci;

--
-- Dumping data for table `idplan_education`
--


--
-- Table structure for table `idplan_list_setting`
--

CREATE TABLE `idplan_list_setting` (
  `id` int(11) NOT NULL AUTO_INCREMENT,
  `rating` int(5) DEFAULT NULL,
  `item_list` char(50) DEFAULT NULL,
  `permission` int(2) DEFAULT NULL,
  PRIMARY KEY (`id`)
) ENGINE=MyISAM AUTO_INCREMENT=12 DEFAULT CHARSET=utf8 COLLATE=utf8_general_ci;

--
-- Dumping data for table `idplan_list_setting`
--


--
-- Table structure for table `idplan_lookbook_1`
--

CREATE TABLE `idplan_lookbook_1` (
  `id` int(11) NOT NULL AUTO_INCREMENT,
  `person_id` varchar(15) DEFAULT NULL,
  `study_year` varchar(5) DEFAULT NULL,
  `term` varchar(2) DEFAULT NULL,
  `office` varchar(200) DEFAULT NULL,
  `school_name` varchar(250) DEFAULT NULL,
  `class` varchar(5) DEFAULT NULL,
  `subject_1` varchar(3) DEFAULT NULL,
  `subject_2` varchar(150) DEFAULT NULL,
  `house` int(3) DEFAULT NULL,
  PRIMARY KEY (`id`)
) ENGINE=MyISAM AUTO_INCREMENT=24 DEFAULT CHARSET=utf8 COLLATE=utf8_general_ci;

--
-- Dumping data for table `idplan_lookbook_1`
--

INSERT INTO `idplan_lookbook_1` VALUES (19,'3340400574359','2568','1','','โรงเรียนบ้านขัวไม้แก่น (มหิดลอนุสรณ์ 3)','10','8','ภาษาอังกฤษ',4),(20,'3340400574359','2568','1','','โรงเรียนบ้านขัวไม้แก่น (มหิดลอนุสรณ์ 3)','11','8','ภาษาอังกฤษ',4),(21,'3340400574359','2568','1','','โรงเรียนบ้านขัวไม้แก่น (มหิดลอนุสรณ์ 3)','12','8','ภาษาอังกฤษ',4),(22,'3340400574359','2568','1','','โรงเรียนบ้านขัวไม้แก่น (มหิดลอนุสรณ์ 3)','9','8','ภาษาอังกฤษ',4);

--
-- Table structure for table `idplan_lookbook_2`
--

CREATE TABLE `idplan_lookbook_2` (
  `id` int(11) NOT NULL AUTO_INCREMENT,
  `person_id` varchar(15) DEFAULT NULL,
  `year` varchar(5) DEFAULT NULL,
  `term` varchar(1) DEFAULT NULL,
  `week` varchar(3) DEFAULT NULL,
  `start_date` date DEFAULT NULL,
  `end_date` date DEFAULT NULL,
  `group_vicha_id` varchar(2) DEFAULT NULL,
  `vicha_name` varchar(200) DEFAULT NULL,
  `vicha_code` varchar(10) DEFAULT NULL,
  `vitaya` varchar(2) DEFAULT NULL,
  `hour_term` varchar(5) DEFAULT NULL,
  `time` varchar(5) DEFAULT NULL,
  `time_unit` varchar(25) DEFAULT NULL,
  `learn_type` varchar(2) DEFAULT NULL,
  `garantee` varchar(2) DEFAULT NULL,
  PRIMARY KEY (`id`)
) ENGINE=MyISAM AUTO_INCREMENT=20 DEFAULT CHARSET=utf8 COLLATE=utf8_general_ci;

--
-- Dumping data for table `idplan_lookbook_2`
--


--
-- Table structure for table `idplan_lookbook_3`
--

CREATE TABLE `idplan_lookbook_3` (
  `id` int(11) NOT NULL AUTO_INCREMENT,
  `person_id` varchar(15) DEFAULT NULL,
  `year` varchar(5) DEFAULT NULL,
  `term` varchar(1) DEFAULT NULL,
  `week` varchar(3) DEFAULT NULL,
  `start_date` date DEFAULT NULL,
  `end_date` date DEFAULT NULL,
  `vicha_support` varchar(200) DEFAULT NULL,
  `hour_week` varchar(5) DEFAULT NULL,
  `garantee` varchar(2) DEFAULT NULL,
  PRIMARY KEY (`id`)
) ENGINE=MyISAM AUTO_INCREMENT=22 DEFAULT CHARSET=utf8 COLLATE=utf8_general_ci;

--
-- Dumping data for table `idplan_lookbook_3`
--


--
-- Table structure for table `idplan_lookbook_4`
--

CREATE TABLE `idplan_lookbook_4` (
  `id` int(11) NOT NULL AUTO_INCREMENT,
  `person_id` varchar(15) DEFAULT NULL,
  `year` varchar(5) DEFAULT NULL,
  `term` varchar(1) DEFAULT NULL,
  `week` varchar(3) DEFAULT NULL,
  `start_date` date DEFAULT NULL,
  `end_date` date DEFAULT NULL,
  `policy` varchar(255) DEFAULT NULL,
  `hour_week` varchar(5) DEFAULT NULL,
  `garantee` varchar(2) DEFAULT NULL,
  PRIMARY KEY (`id`)
) ENGINE=MyISAM AUTO_INCREMENT=24 DEFAULT CHARSET=utf8 COLLATE=utf8_general_ci;

--
-- Dumping data for table `idplan_lookbook_4`
--


--
-- Table structure for table `idplan_lookbook_5`
--

CREATE TABLE `idplan_lookbook_5` (
  `id` int(11) NOT NULL AUTO_INCREMENT,
  `person_id` varchar(15) DEFAULT NULL,
  `rec_date` date DEFAULT NULL,
  `develop_name` varchar(255) DEFAULT NULL,
  `develop_code` varchar(15) DEFAULT NULL,
  `knowledge` varchar(10) DEFAULT NULL,
  `skill` varchar(10) DEFAULT NULL,
  `teacher` varchar(10) DEFAULT NULL,
  `develop_hour` varchar(5) DEFAULT NULL,
  `develop_start_date` date DEFAULT NULL,
  `num_date` int(5) DEFAULT NULL,
  `development` varchar(10) DEFAULT NULL,
  `garantee` varchar(2) DEFAULT NULL,
  PRIMARY KEY (`id`)
) ENGINE=MyISAM AUTO_INCREMENT=4 DEFAULT CHARSET=utf8 COLLATE=utf8_general_ci;

--
-- Dumping data for table `idplan_lookbook_5`
--


--
-- Table structure for table `idplan_lookbook_6`
--

CREATE TABLE `idplan_lookbook_6` (
  `id` int(11) NOT NULL AUTO_INCREMENT,
  `person_id` varchar(15) DEFAULT NULL,
  `group_activities` varchar(255) DEFAULT NULL,
  `num_member` int(5) DEFAULT NULL,
  `activities_name` varchar(255) DEFAULT NULL,
  `round` varchar(3) DEFAULT NULL,
  `date_activities` date DEFAULT NULL,
  `term` varchar(2) DEFAULT NULL,
  `year` varchar(5) DEFAULT NULL,
  `num_hour` varchar(5) DEFAULT NULL,
  `r_character` varchar(3) DEFAULT NULL,
  `income_activities` varchar(5) DEFAULT NULL,
  `issues` varchar(255) DEFAULT NULL,
  `cause` varchar(255) DEFAULT NULL,
  `knowledge` varchar(255) DEFAULT NULL,
  `activities` varchar(255) DEFAULT NULL,
  `r_activities` varchar(255) DEFAULT NULL,
  `reapply` varchar(255) DEFAULT NULL,
  `other` varchar(255) DEFAULT NULL,
  `garantee` varchar(2) DEFAULT NULL,
  PRIMARY KEY (`id`)
) ENGINE=MyISAM AUTO_INCREMENT=6 DEFAULT CHARSET=utf8 COLLATE=utf8_general_ci;

--
-- Dumping data for table `idplan_lookbook_6`
--


--
-- Table structure for table `idplan_lookbook_group_subject`
--

CREATE TABLE `idplan_lookbook_group_subject` (
  `id` int(11) NOT NULL AUTO_INCREMENT,
  `g_subject` varchar(255) DEFAULT NULL,
  PRIMARY KEY (`id`)
) ENGINE=MyISAM AUTO_INCREMENT=21 DEFAULT CHARSET=utf8 COLLATE=utf8_general_ci;

--
-- Dumping data for table `idplan_lookbook_group_subject`
--


--
-- Table structure for table `idplan_management_crown`
--

CREATE TABLE `idplan_management_crown` (
  `id` int(11) NOT NULL AUTO_INCREMENT,
  `crown_name_th` char(100) DEFAULT NULL,
  `crown_shot_name` char(10) DEFAULT NULL,
  `crown_name_en` char(150) DEFAULT NULL,
  PRIMARY KEY (`id`)
) ENGINE=MyISAM AUTO_INCREMENT=37 DEFAULT CHARSET=utf8 COLLATE=utf8_general_ci;

--
-- Dumping data for table `idplan_management_crown`
--


--
-- Table structure for table `idplan_management_crown_year`
--

CREATE TABLE `idplan_management_crown_year` (
  `id` int(11) NOT NULL AUTO_INCREMENT,
  `person_id` varchar(15) DEFAULT NULL,
  `crown_id` varchar(3) DEFAULT NULL,
  `crown_year` varchar(7) DEFAULT NULL,
  PRIMARY KEY (`id`)
) ENGINE=MyISAM AUTO_INCREMENT=4 DEFAULT CHARSET=utf8 COLLATE=utf8_general_ci;

--
-- Dumping data for table `idplan_management_crown_year`
--


--
-- Table structure for table `idplan_management_family`
--

CREATE TABLE `idplan_management_family` (
  `id` int(11) NOT NULL AUTO_INCREMENT,
  `person_id` varchar(15) DEFAULT NULL,
  `family_prename` varchar(20) DEFAULT NULL,
  `family_name` varchar(100) DEFAULT NULL,
  `family_surname` varchar(150) DEFAULT NULL,
  `birth_date` date DEFAULT NULL,
  `family_type` varchar(5) DEFAULT NULL,
  PRIMARY KEY (`id`)
) ENGINE=MyISAM AUTO_INCREMENT=9 DEFAULT CHARSET=utf8 COLLATE=utf8_general_ci;

--
-- Dumping data for table `idplan_management_family`
--


--
-- Table structure for table `idplan_management_marry`
--

CREATE TABLE `idplan_management_marry` (
  `person_id` varchar(15) NOT NULL,
  `m_type` varchar(5) DEFAULT NULL,
  `m_prename` varchar(10) DEFAULT NULL,
  `m_name` varchar(50) DEFAULT NULL,
  `m_surname` varchar(150) DEFAULT NULL,
  PRIMARY KEY (`person_id`)
) ENGINE=MyISAM DEFAULT CHARSET=utf8 COLLATE=utf8_general_ci;

--
-- Dumping data for table `idplan_management_marry`
--

INSERT INTO `idplan_management_marry` VALUES ('3329900294541','2','นาง','พวงเพชร','จึงพิชาญวณิชย์');

--
-- Table structure for table `idplan_management_member`
--

CREATE TABLE `idplan_management_member` (
  `id` int(11) NOT NULL AUTO_INCREMENT,
  `person_id` varchar(15) DEFAULT NULL,
  `member_name` varchar(255) DEFAULT NULL,
  `member_number` varchar(30) DEFAULT NULL,
  PRIMARY KEY (`id`)
) ENGINE=MyISAM AUTO_INCREMENT=4 DEFAULT CHARSET=utf8 COLLATE=utf8_general_ci;

--
-- Dumping data for table `idplan_management_member`
--


--
-- Table structure for table `idplan_management_portfolio`
--

CREATE TABLE `idplan_management_portfolio` (
  `id` int(11) NOT NULL AUTO_INCREMENT,
  `person_id` varchar(15) DEFAULT NULL,
  `topic` varchar(200) DEFAULT NULL,
  `date` date DEFAULT NULL,
  `address` varchar(255) DEFAULT NULL,
  `pic_upload` varchar(50) DEFAULT NULL,
  PRIMARY KEY (`id`)
) ENGINE=MyISAM AUTO_INCREMENT=16 DEFAULT CHARSET=utf8 COLLATE=utf8_general_ci;

--
-- Dumping data for table `idplan_management_portfolio`
--


--
-- Table structure for table `idplan_management_vitaya`
--

CREATE TABLE `idplan_management_vitaya` (
  `id` int(11) NOT NULL AUTO_INCREMENT,
  `person_id` varchar(15) DEFAULT NULL,
  `vitaya_name` varchar(250) DEFAULT NULL,
  `vitaya_shot` varchar(50) DEFAULT NULL,
  `vitaya_date` date DEFAULT NULL,
  PRIMARY KEY (`id`)
) ENGINE=MyISAM AUTO_INCREMENT=8 DEFAULT CHARSET=utf8 COLLATE=utf8_general_ci;

--
-- Dumping data for table `idplan_management_vitaya`
--


--
-- Table structure for table `idplan_permission`
--

CREATE TABLE `idplan_permission` (
  `per_id` int(5) NOT NULL AUTO_INCREMENT,
  `person_id` char(15) DEFAULT NULL,
  `p1` int(2) DEFAULT NULL,
  `office` char(15) DEFAULT NULL,
  `rec_dat` date DEFAULT NULL,
  PRIMARY KEY (`per_id`)
) ENGINE=MyISAM AUTO_INCREMENT=36 DEFAULT CHARSET=utf8 COLLATE=utf8_general_ci;

--
-- Dumping data for table `idplan_permission`
--


--
-- Table structure for table `idplan_person_sch_profile`
--

CREATE TABLE `idplan_person_sch_profile` (
  `person_id` varchar(15) NOT NULL,
  `birth_date` date DEFAULT NULL,
  `f_date` date DEFAULT NULL,
  `vittaya` varchar(50) DEFAULT NULL,
  `work_old` int(3) DEFAULT NULL,
  `at_home` varchar(10) DEFAULT NULL,
  `moo` varchar(3) DEFAULT NULL,
  `tambun` varchar(50) DEFAULT NULL,
  `ampher` varchar(50) DEFAULT NULL,
  `province` varchar(70) DEFAULT NULL,
  `postcode` varchar(10) DEFAULT NULL,
  `home_phone` varchar(15) DEFAULT NULL,
  `mobile` varchar(15) DEFAULT NULL,
  `salary` int(10) DEFAULT NULL,
  `emoluments` int(10) DEFAULT NULL,
  `money_of_position` int(10) DEFAULT NULL,
  `m_type` varchar(5) DEFAULT NULL,
  `update_date` date DEFAULT NULL,
  PRIMARY KEY (`person_id`)
) ENGINE=MyISAM DEFAULT CHARSET=utf8 COLLATE=utf8_general_ci;

--
-- Dumping data for table `idplan_person_sch_profile`
--

INSERT INTO `idplan_person_sch_profile` VALUES ('1349900347655','0000-00-00','0000-00-00','',0,'56/1','15','ขามใหญ่','เมือง','อุบลราชธานี','','','',0,0,0,'','2019-05-23'),('3329900294541','1961-06-06','1986-03-03','ชำนาญการพิเศษ',33,'88/101','-','แจระแม','เมือง','อุบลราชธานี','','','0902500505',53,5,5,'2','2019-06-05'),('3340100082981',NULL,NULL,NULL,NULL,NULL,NULL,NULL,NULL,NULL,NULL,NULL,NULL,NULL,NULL,NULL,NULL,NULL),('3349800211341','1967-03-05','0000-00-00','',0,'','','','','','','','',0,0,0,'','2020-01-07'),('3340400574359','0514-02-12','2547-12-01','ชำนาญการพิเศษ',19,'363/5','1','ไร่น้อย','เมืองอุบลราชธานี','อุุบลราชธานี','','','0878727980',43560,5600,5600,'1','2025-05-12'),('1349900487465',NULL,NULL,NULL,NULL,NULL,NULL,NULL,NULL,NULL,NULL,NULL,NULL,NULL,NULL,NULL,NULL,NULL),('1349900663999',NULL,NULL,NULL,NULL,NULL,NULL,NULL,NULL,NULL,NULL,NULL,NULL,NULL,NULL,NULL,NULL,NULL),('3300200504641','2514-02-10','2556-02-11','ชำนาญการ',10,'165','6','โนนผึ้ง','วารินชำราบ','อุบลราชธานี','','','0981058622',32700,0,3500,'','2023-04-21');

--
-- Table structure for table `la_cancel`
--

CREATE TABLE `la_cancel` (
  `id` int(11) NOT NULL AUTO_INCREMENT,
  `person_id` varchar(13) NOT NULL,
  `la_type` tinyint(4) NOT NULL,
  `write_at` varchar(100) DEFAULT NULL,
  `permission_start` date NOT NULL,
  `permission_finish` date NOT NULL,
  `permission_total` int(11) NOT NULL,
  `because` varchar(200) NOT NULL,
  `cancel_la_start` date NOT NULL,
  `cancel_la_finish` date NOT NULL,
  `cancel_la_total` int(11) NOT NULL,
  `no_comment` int(11) NOT NULL DEFAULT 0,
  `grant_p_selected` varchar(13) DEFAULT NULL,
  `rec_date` datetime NOT NULL,
  `officer_comment` varchar(200) DEFAULT NULL,
  `officer_sign` varchar(13) DEFAULT NULL,
  `officer_date` datetime DEFAULT NULL,
  `group_comment` varchar(100) DEFAULT NULL,
  `group_sign` varchar(13) DEFAULT NULL,
  `group_date` datetime DEFAULT NULL,
  `comment_date` datetime DEFAULT NULL,
  `commander_grant` tinyint(4) DEFAULT NULL,
  `commander_comment` varchar(100) DEFAULT NULL,
  `commander_sign` varchar(13) DEFAULT NULL,
  `grant_date` datetime DEFAULT NULL,
  PRIMARY KEY (`id`)
) ENGINE=MyISAM AUTO_INCREMENT=3 DEFAULT CHARSET=utf8 COLLATE=utf8_general_ci;

--
-- Dumping data for table `la_cancel`
--


--
-- Table structure for table `la_collect`
--

CREATE TABLE `la_collect` (
  `id` int(11) NOT NULL AUTO_INCREMENT,
  `year` int(11) NOT NULL,
  `person_id` varchar(13) NOT NULL,
  `collect_day` tinyint(4) NOT NULL DEFAULT 0,
  `this_year_day` tinyint(4) NOT NULL DEFAULT 0,
  `officer` varchar(13) DEFAULT NULL,
  `rec_date` date DEFAULT NULL,
  PRIMARY KEY (`id`)
) ENGINE=MyISAM DEFAULT CHARSET=utf8 COLLATE=utf8_general_ci;

--
-- Dumping data for table `la_collect`
--


--
-- Table structure for table `la_main`
--

CREATE TABLE `la_main` (
  `id` int(11) NOT NULL AUTO_INCREMENT,
  `person_id` varchar(13) NOT NULL,
  `la_type` tinyint(4) NOT NULL,
  `write_at` varchar(100) DEFAULT NULL,
  `because` varchar(250) DEFAULT NULL,
  `la_start` date NOT NULL,
  `la_finish` date NOT NULL,
  `la_total` int(11) NOT NULL,
  `last_la_start` date DEFAULT NULL,
  `last_la_finish` date DEFAULT NULL,
  `last_la_total` int(11) DEFAULT NULL,
  `contact` varchar(150) DEFAULT NULL,
  `contact_tel` varchar(20) DEFAULT NULL,
  `document` varchar(100) DEFAULT NULL,
  `no_comment` tinyint(4) NOT NULL DEFAULT 0,
  `grant_p_selected` varchar(13) DEFAULT NULL,
  `sick_ago` int(11) DEFAULT NULL,
  `sick_this` int(11) DEFAULT NULL,
  `sick_total` int(11) DEFAULT NULL,
  `privacy_ago` int(11) DEFAULT NULL,
  `privacy_this` int(11) DEFAULT NULL,
  `privacy_total` int(11) DEFAULT NULL,
  `birth_ago` int(11) DEFAULT NULL,
  `birth_this` int(11) DEFAULT NULL,
  `birth_total` int(11) DEFAULT NULL,
  `relax_ago` int(11) DEFAULT NULL,
  `relax_this` int(11) DEFAULT NULL,
  `relax_total` int(11) DEFAULT NULL,
  `relax_collect` tinyint(4) DEFAULT NULL,
  `relax_this_year` tinyint(4) DEFAULT NULL,
  `job_person` varchar(13) DEFAULT NULL,
  `job_person_sign` tinyint(4) NOT NULL DEFAULT 0,
  `rec_date` datetime NOT NULL,
  `officer_comment` varchar(200) DEFAULT NULL,
  `officer_sign` varchar(13) DEFAULT NULL,
  `officer_date` datetime DEFAULT NULL,
  `group_comment` varchar(100) DEFAULT NULL,
  `group_sign` varchar(13) DEFAULT NULL,
  `group_date` datetime DEFAULT NULL,
  `comment_date` datetime DEFAULT NULL,
  `commander_grant` tinyint(4) DEFAULT NULL,
  `commander_comment` varchar(100) DEFAULT NULL,
  `commander_sign` varchar(13) DEFAULT NULL,
  `grant_date` datetime DEFAULT NULL,
  PRIMARY KEY (`id`)
) ENGINE=MyISAM AUTO_INCREMENT=28 DEFAULT CHARSET=utf8 COLLATE=utf8_general_ci;

--
-- Dumping data for table `la_main`
--

INSERT INTO `la_main` VALUES (19,'1341900085173',1,'โรงเรียนบ้านขัวไม้แก่น(มหิดลอนุสรณ์3)','เป็นไข้หวัด  เจ็บคอ','2014-11-05','2014-11-05',1,'2014-11-06','2014-11-06',0,'34 หมู่1 บ.หนองโพธิ์ ต.โพธิ์ศรี อ.พิบูลมังสาหาร จ.อุบลราชธานี','087-8797727','',0,'',0,0,0,0,0,0,0,0,0,NULL,NULL,NULL,NULL,NULL,NULL,0,'2014-11-06 09:52:19',NULL,NULL,NULL,NULL,NULL,NULL,NULL,1,NULL,'3340100254049','2014-11-17 12:54:38'),(18,'3329900125276',2,'โรงเรียนบ้านขัวไม้แก่น','ไปทำธุระที่กรุงเทพฯกับครอบครัว ','2014-07-31','2014-08-01',2,'2014-07-28','2014-07-28',2,'202. หมู่ 10 ตำบลคำนำแซบ. อำเภอวารินชำราบ. จังหวัดอุบลราชธานี  34190','0897202970','',0,'',0,0,0,0,0,0,0,0,0,NULL,NULL,NULL,NULL,NULL,NULL,0,'2014-07-28 11:00:09',NULL,NULL,NULL,NULL,NULL,NULL,NULL,1,NULL,'3340100254049','2014-08-18 10:05:00'),(17,'3329900294541',2,'รร.บ้านขัวไม้แก่น (มหิดลอนุสรณ์ 3)','ไปงานขึ้นบ้านใหม่','2014-07-09','2014-07-09',1,'2014-05-30','2014-05-30',1,'ุ22/7  ถ.เทศบาล 13 อ.วารินชำราบ 0.อุบลราชธานี   34190','098-1022037','',0,'3340100254049',0,0,0,0,0,0,0,0,0,NULL,NULL,NULL,NULL,NULL,NULL,0,'2014-07-01 11:22:15',NULL,NULL,NULL,NULL,NULL,NULL,NULL,1,NULL,'3340100254049','2014-08-18 10:05:00'),(14,'3341500571549',1,'โรงเรียนบ้านขัวไม้แก่น(มหิดลอนุสรณ์3)','ไปทำบัตรคนไข้และทำระบบจ่ายตรงท่ีโรงพยาบาลศิริราช','2014-05-29','2014-05-30',2,'2013-03-04','2013-03-05',2,' หอพักอุไร ซอยวัดอรุณ20 เขตบางกอกน้อย กรุงเทพมหานคร','0896275302','',0,'3340100254049',0,2,2,0,0,0,0,0,0,NULL,NULL,NULL,NULL,NULL,NULL,0,'2014-06-02 10:04:29',NULL,NULL,NULL,NULL,NULL,NULL,NULL,1,'','3340100254049','2014-06-03 13:24:49'),(15,'3329900294541',2,'63 ถ.เทศบาล 58 อ.วารินชำราบ จ.อุบลราชธานี  34190','ไปเยี่ยมญาติที่ต่างจังหวัด','2014-05-30','2014-05-30',1,'2014-02-04','2014-02-04',1,'-','093-3935715','',0,'3340100254049',0,0,0,0,0,0,0,0,0,NULL,NULL,NULL,NULL,NULL,NULL,0,'2014-06-04 10:11:16',NULL,NULL,NULL,NULL,NULL,NULL,NULL,1,NULL,'3340100254049','2014-06-23 12:36:10'),(16,'3341100134109',2,'หมู่2 บ้านขัวไม้แก่น อ.วารินชำราบ จ.อุบลราชธานี','ไปร่วมงานศพญาติ','2014-06-23','2014-06-23',1,'2014-06-23','2014-06-23',0,'หมู่2 บ้านขัวไม้แก่น อ.วารินชำราบ จ.อุบลราชธานี','0817604519','',0,'',0,0,0,0,0,0,0,0,0,NULL,NULL,NULL,NULL,NULL,NULL,0,'2014-06-23 11:16:02',NULL,NULL,NULL,NULL,NULL,NULL,NULL,1,NULL,'3340100254049','2014-06-25 10:17:12'),(12,'1341900085173',2,'โรงเรียนบ้านขัวไม้แก่น','สมัครสอบบรรจุที่ สพป.อบ.3','2014-03-19','2014-03-19',1,'2014-03-18','2014-03-18',0,'34 หมู่1 บ.หนองโพธิ์ ต.โพธิ์ศรี อ.พิบูลมังสาหาร จ.อุบลฯ','0878797727','',0,'3340100254049',0,0,0,0,0,0,0,0,0,NULL,NULL,NULL,NULL,NULL,NULL,0,'2014-03-18 10:22:07',NULL,NULL,NULL,NULL,NULL,NULL,NULL,1,'','3340100254049','2014-04-29 20:21:33'),(13,'3329900125276',2,'โรงเรียนบ้านขัวไม้แก่น(มหิดลอนุสรณ์ ๓)','เดินทางไปทำธุระท่ีกรุงเทพมหานคร','2014-05-23','2014-05-23',1,'2012-10-01','2012-10-01',1,'9/99 ต. คลองหนึ่ง อ.คลองหลวง จ.ปทุมธานี','0897202970','',0,'',0,0,0,0,0,0,0,0,0,NULL,NULL,NULL,NULL,NULL,NULL,0,'2014-05-22 12:28:22',NULL,NULL,NULL,NULL,NULL,NULL,NULL,1,NULL,'3340100254049','2014-05-26 08:56:48'),(20,'3451100526481',2,'โรงเรียนบ้านขัวไม้แก่น(มหิดลอนุสรณ์ 3)','ไปทำธุระส่วนตัวที่ จังหวัดนครราชสีมา','2015-07-06','2015-07-06',1,'2015-07-06','2015-07-06',0,'156  ม.3 ต. แสนสุข อ. วารินชำราบ จ. อุบลราชธานี 34190','0899422068','',0,'3340100254049',0,0,0,0,1,0,0,0,0,NULL,NULL,NULL,NULL,NULL,NULL,0,'2015-07-06 09:16:55',NULL,NULL,NULL,NULL,NULL,NULL,NULL,1,NULL,'3340100254049','2016-02-05 08:51:36'),(21,'3330401182411',2,'โรงเรียนบ้านขัวไม้แก่น(มหิดลอนุสรณ์3)','ดูแลบุตร','2015-07-22','2015-07-24',3,'2015-07-20','2015-07-20',0,'รพ.สรรพสิทธิประสงค์','089-2837207','',0,'',0,0,0,0,0,0,0,0,0,NULL,NULL,NULL,NULL,NULL,NULL,0,'2015-07-20 12:57:14',NULL,NULL,NULL,NULL,NULL,NULL,NULL,1,NULL,'3340100254049','2016-02-05 08:51:36'),(22,'3451100526481',1,'156 ม.3 ต.แสนสุข อ.วารินชำราบ จ.อุบลราชธานี','ปลอกหุ้มข้อมืออักเสบ มีไข้','2018-11-20','2018-11-22',3,'2018-11-20','2018-11-20',0,'156 ม.3 ต.แสนสุข อ.วารินชำราบ จ.อุบลราชธานี','0945238668','',0,'3340100254049',0,0,0,0,0,0,0,0,0,NULL,NULL,NULL,NULL,NULL,NULL,0,'2018-11-20 10:58:47',NULL,NULL,NULL,NULL,NULL,NULL,NULL,1,NULL,'3340100254049','2018-12-22 07:55:20'),(23,'3340100517121',2,'โรงเรียนบ้านขัวไม้แก่น(มหิดลอนุสรณ์3)','มีภารกิจส่วนตัว','2019-06-19','2019-06-20',2,'2019-06-19','2019-06-20',2,'435หมู่2ถนนแจ้งสนิท เทศบาลเมืองแจระแม  อำเภอเมือง  จังหวัดอุบลราชธานี','0837291337','',0,'3340100254049',0,0,0,0,0,0,0,0,0,NULL,NULL,NULL,NULL,NULL,NULL,0,'2019-06-14 15:24:44',NULL,NULL,NULL,NULL,NULL,NULL,NULL,1,NULL,'3340100254049','2019-06-24 12:08:08'),(24,'3340100517139',2,'โรงเรียนบ้านขัวไม้แก่น(มหิดลอนุสรณ์ 3)','ไปกิจธุระส่วนตัว','2019-06-19','2019-06-20',2,'2019-06-19','2019-06-20',2,'729 หมู่ 2 บ้านท่าบ่อ ต.แจระแม อ.เมือง จ.อุบลราชธานี','0850256199','',0,'3340100254049',0,0,0,0,0,0,0,0,0,NULL,NULL,NULL,NULL,NULL,NULL,0,'2019-06-18 15:22:09',NULL,NULL,NULL,NULL,NULL,NULL,NULL,1,NULL,'3340100254049','2019-06-24 12:08:08'),(25,'3340100254049',1,'รร.บ้านขัวไม้แก่น(มหิดลอนุสรณ์3)','ป่วยเป็นไข้หวัดใหญ่สายพันธู์ บี','2019-09-16','2019-09-18',3,'2018-11-12','2018-11-14',3,'32/1 ถนนเทศบาล 7 ต.วารินชำราบ อ.วารินชำราบ จ.อุบลราชธานี','0817896999','',0,'',0,0,0,0,0,0,0,0,0,NULL,NULL,NULL,NULL,NULL,NULL,0,'2019-09-18 19:49:32',NULL,NULL,NULL,NULL,NULL,NULL,NULL,NULL,NULL,NULL,NULL),(26,'3340100254049',2,'โรงเรียนบ้านขัวไม้แก่น (มหิดลอนุสรณ์3)','เดินทางไปทำธุระที่ต่างจังหวัด','2019-11-07','2019-11-08',2,'2019-09-16','2019-09-18',3,'32/1 ถนนเทศบาล 7 ต.วารินชำราบ อ.วารินชำราบ จ.อุบลราชธานี','0817896999','',0,'',3,0,3,0,2,2,0,0,0,NULL,NULL,NULL,NULL,NULL,NULL,0,'2019-11-06 14:31:51',NULL,NULL,NULL,NULL,NULL,NULL,NULL,NULL,NULL,NULL,NULL),(27,'3340100082981',2,'รร.บ้านขัวไม้แก่น(มหิดลอนุสรณ์ 3)','ไปร่วมงานที่ จ.ชลบุรี','2020-12-15','2020-12-16',2,'2020-12-15','2020-12-16',2,'7/8 หมู่18 ต.ขามใหญ่ อ.เมือง จ.อุบลราชธานี','0823683961','',0,'',0,0,0,0,0,0,0,0,0,NULL,NULL,NULL,NULL,NULL,NULL,0,'2020-12-14 10:44:34',NULL,NULL,NULL,NULL,NULL,NULL,NULL,NULL,NULL,NULL,NULL);

--
-- Table structure for table `la_permission`
--

CREATE TABLE `la_permission` (
  `id` int(11) NOT NULL AUTO_INCREMENT,
  `person_id` varchar(13) NOT NULL,
  `p1` tinyint(4) NOT NULL,
  `officer` varchar(13) NOT NULL,
  `rec_date` date NOT NULL,
  PRIMARY KEY (`id`)
) ENGINE=MyISAM AUTO_INCREMENT=32 DEFAULT CHARSET=utf8 COLLATE=utf8_general_ci;

--
-- Dumping data for table `la_permission`
--

INSERT INTO `la_permission` VALUES (30,'3340100254049',1,'3340100254049','2014-03-07'),(12,'3341100134109',1,'3340100254049','2014-03-07'),(13,'3349800155483',1,'3340100254049','2014-03-07'),(14,'3340100082981',1,'3340100254049','2014-03-07'),(19,'3451100526481',1,'3340100254049','2014-03-07'),(20,'3330401182411',1,'3340100254049','2014-03-07'),(21,'3329900294541',1,'3340100254049','2014-03-07'),(23,'1341900085173',1,'3340100254049','2014-03-07'),(31,'4360200001914',1,'4360200001914','2025-08-02'),(25,'1341800007588',1,'3340100254049','2014-03-07'),(29,'3340100517139',1,'3340100254049','2014-03-07');

--
-- Table structure for table `la_person_set`
--

CREATE TABLE `la_person_set` (
  `id` int(11) NOT NULL AUTO_INCREMENT,
  `person_id` varchar(13) NOT NULL,
  `comment_person` varchar(13) DEFAULT NULL,
  `grant_person` varchar(13) DEFAULT NULL,
  `officer` varchar(13) DEFAULT NULL,
  `rec_date` date DEFAULT NULL,
  PRIMARY KEY (`id`),
  UNIQUE KEY `person_id` (`person_id`)
) ENGINE=MyISAM AUTO_INCREMENT=18 DEFAULT CHARSET=utf8 COLLATE=utf8_general_ci;

--
-- Dumping data for table `la_person_set`
--

INSERT INTO `la_person_set` VALUES (1,'3340100254049','3340100254049','3340100254049','3340100254049','2014-03-07'),(2,'3341500571549','3349900532980','3340100254049','3340100254049','2014-03-07'),(3,'3340100517139','3349900532980','3340100254049','3340100254049','2014-03-07'),(4,'3341400221767','3349900532980','3340100254049','3340100254049','2014-03-07'),(5,'3349900532980','3349900532980','3340100254049','3340100254049','2014-03-07'),(6,'3340100517121','3349900532980','3340100254049','3340100254049','2014-03-07'),(7,'3340100082981','3349900532980','3340100254049','3340100254049','2014-03-07'),(8,'3329900294541','3349900532980','3340100254049','3340100254049','2014-03-07'),(9,'3341100134109','3349900532980','3340100254049','3340100254049','2014-03-07'),(10,'3451100526481','3349900532980','3340100254049','3340100254049','2014-03-07'),(11,'3349900341891','3349900532980','3340100254049','3340100254049','2014-03-07'),(12,'3349800155483','3349900532980','3340100254049','3340100254049','2014-03-07'),(13,'1341900085173','3349900532980','3340100254049','3340100254049','2014-03-07'),(14,'3329900125276','3349900532980','3340100254049','3340100254049','2014-03-07'),(15,'3330401182411','3349900532980','3340100254049','3340100254049','2014-03-07'),(16,'1341800007588','3349900532980','3340100254049','3340100254049','2014-03-07'),(17,'3330400380341','3349900532980','3340100254049','3340100254049','2014-03-07');

--
-- Table structure for table `la_year`
--

CREATE TABLE `la_year` (
  `id` int(11) NOT NULL AUTO_INCREMENT,
  `budget_year` int(11) NOT NULL,
  `year_active` tinyint(1) NOT NULL,
  PRIMARY KEY (`id`),
  UNIQUE KEY `budget_year` (`budget_year`)
) ENGINE=MyISAM AUTO_INCREMENT=6 DEFAULT CHARSET=utf8 COLLATE=utf8_general_ci;

--
-- Dumping data for table `la_year`
--

INSERT INTO `la_year` VALUES (2,2557,0),(3,2562,0),(4,2563,0),(5,2568,1);

--
-- Table structure for table `mail_filebook`
--

CREATE TABLE `mail_filebook` (
  `id` int(11) NOT NULL AUTO_INCREMENT,
  `ref_id` varchar(50) NOT NULL,
  `file_name` varchar(100) NOT NULL,
  `file_des` varchar(100) NOT NULL,
  PRIMARY KEY (`id`)
) ENGINE=MyISAM AUTO_INCREMENT=76 DEFAULT CHARSET=utf8 COLLATE=utf8_general_ci;

--
-- Dumping data for table `mail_filebook`
--

INSERT INTO `mail_filebook` VALUES (1,'13418000075881394089542','13418000075881394089542_1.jpg','นางงาม'),(2,'33401005171391394090074','33401005171391394090074_1.docx','ฏีกานิมนต์'),(3,'34511005264811394089584','34511005264811394089584_1.docx','หนังสือราชการ'),(4,'34511005264811394089584','34511005264811394089584_2.doc','คำอธิบายรายวิชา วิทย์'),(9,'33414002217671394161505','33414002217671394161505_1.jpg','ชุดที่ 1'),(10,'33414002217671394161505','33414002217671394161505_2.jpg','ชุดที่ 2'),(16,'33401000829811394166960','33401000829811394166960_1.png','รูsad'),(75,'33401000829811543376162','33401000829811543376162_2.docx','คำอธิบายควบคุมภายในเดิม'),(74,'33401000829811543376162','33401000829811543376162_1.xls','รายงานควบคุมภายใน'),(25,'33299002945411394180590','33299002945411394180590_1.jpg','ส่งภาพ'),(26,'33299002945411394180640','33299002945411394180640_1.jpg','ส่งภาพ'),(27,'33499005329801395024628','33499005329801395024628_1.jpg','วววว'),(28,'33299002945411395024627','33299002945411395024627_1.jpg','ส่งภาพ'),(29,'33299002945411395024627','33299002945411395024627_2.jpg','ส่งภาพ'),(30,'33299002945411395024627','33299002945411395024627_3.jpg','ส่งภาพ'),(31,'33299002945411395024627','33299002945411395024627_4.jpg','ส่งภาพ'),(32,'33299002945411395024627','33299002945411395024627_5.jpg','ส่งภาพ'),(33,'33299002945411395024627','33299002945411395024627_1.jpg','ส่งภาพ'),(34,'33299002945411395024627','33299002945411395024627_2.jpg','ส่งภาพ'),(35,'33299002945411395024627','33299002945411395024627_3.jpg','ส่งภาพ'),(36,'33299002945411395024627','33299002945411395024627_4.jpg','ส่งภาพ'),(37,'33299002945411395024627','33299002945411395024627_5.jpg','ส่งภาพ'),(38,'33401000829811395024840','33401000829811395024840_1.jpg','ผอ.'),(39,'33401000829811395024840','33401000829811395024840_2.jpg','ช่วยกัน'),(40,'33401000829811395024840','33401000829811395024840_3.jpg','ตั้งใจ'),(41,'33299002945411395025944','33299002945411395025944_1.jpg','ส่งภาพ'),(42,'33299002945411395025944','33299002945411395025944_2.jpg','ส่งภาพ'),(43,'33299002945411395025944','33299002945411395025944_3.jpg','ส่งภาพ'),(44,'33299002945411395025944','33299002945411395025944_4.jpg','ส่งภาพ'),(45,'33299002945411395025944','33299002945411395025944_5.jpg','ส่งภาพ'),(46,'33299002945411395027700','33299002945411395027700_1.docx','ส่งระหัสผ่าน'),(47,'33299002945411395111874','33299002945411395111874_1.jpg','ส่งภาพ'),(48,'33299002945411395111874','33299002945411395111874_2.jpg','ส่งภาพ'),(49,'33299002945411395111874','33299002945411395111874_3.jpg','ส่งภาพ'),(50,'33299002945411395111874','33299002945411395111874_4.jpg','ส่งภาพ'),(51,'33299002945411395808698','33299002945411395808698_1.jpg','ส่งภาพ'),(52,'33299002945411395808698','33299002945411395808698_2.jpg','ส่งภาพ'),(53,'33299002945411395808698','33299002945411395808698_3.jpg','ส่งภาพ'),(54,'33299002945411395808698','33299002945411395808698_4.jpg','ส่งภาพ'),(55,'33299002945411395808698','33299002945411395808698_5.jpg','ส'),(56,'33401000829811397894375','33401000829811397894375_1.doc','รายชื่อนักเรียน'),(57,'34511005264811399628034','34511005264811399628034_1.doc','หลักฐาานการจ่ายเงิน (เพิ่มชื่อนักเรียน)'),(58,'33299002945411400139887','33299002945411400139887_1.jpg','ส่งภาพ'),(59,'33299002945411400139887','33299002945411400139887_2.jpg','ส่งภาพ'),(60,'33299002945411400139887','33299002945411400139887_3.jpg','ส่งภาพ'),(61,'33299002945411400139887','33299002945411400139887_4.jpg','ส่งภาพ'),(62,'33299002945411400139887','33299002945411400139887_5.jpg','ส่งภาพ'),(63,'34511005264811400567210','34511005264811400567210_1.doc','รายชื่อนักเรียน รรขก'),(64,'33299002945411400571200','33299002945411400571200_1.docx','ส่งข่าว'),(65,'33299002945411400652908','33299002945411400652908_1.docx','ส่งแบบ'),(66,'33299002945411400728121','33299002945411400728121_1.docx','ส่งข่าว'),(67,'33401002540491401776731','33401002540491401776731_1.doc','แบบนิเทศภายใน 57'),(68,'13418000075881401779257','13418000075881401779257_1.doc','แนวปฏิบัติ'),(69,'33401002540491401855373','33401002540491401855373_1.doc','9 จุดเน้น'),(70,'13418000075881402301241','13418000075881402301241_1.jpg','ป้ายไวนิลค่ะ'),(71,'33299002945411408954777','33299002945411408954777_1.docx','ส่งไฟล์ให้จ้ะ'),(72,'33401000829811541745989','33401000829811541745989_1.docx','โครงการคุณธรรม'),(73,'33401000829811541745989','33401000829811541745989_2.docx','โครงการยาเสพติด');

--
-- Table structure for table `mail_group`
--

CREATE TABLE `mail_group` (
  `grp_id` int(11) NOT NULL AUTO_INCREMENT,
  `grp_name` varchar(50) NOT NULL,
  PRIMARY KEY (`grp_id`)
) ENGINE=MyISAM AUTO_INCREMENT=2 DEFAULT CHARSET=utf8 COLLATE=utf8_general_ci;

--
-- Dumping data for table `mail_group`
--

INSERT INTO `mail_group` VALUES (1,'รองผู้อำนวยการโรงเรียน');

--
-- Table structure for table `mail_group_member`
--

CREATE TABLE `mail_group_member` (
  `id` int(11) NOT NULL AUTO_INCREMENT,
  `grp_id` int(11) NOT NULL,
  `person_id` varchar(13) NOT NULL,
  PRIMARY KEY (`id`)
) ENGINE=MyISAM DEFAULT CHARSET=utf8 COLLATE=utf8_general_ci;

--
-- Dumping data for table `mail_group_member`
--


--
-- Table structure for table `mail_main`
--

CREATE TABLE `mail_main` (
  `ms_id` int(11) NOT NULL AUTO_INCREMENT,
  `sender` varchar(13) NOT NULL,
  `subject` varchar(150) NOT NULL,
  `detail` text DEFAULT NULL,
  `ref_id` varchar(50) NOT NULL,
  `send_date` datetime NOT NULL,
  PRIMARY KEY (`ms_id`),
  KEY `ref_id` (`ref_id`)
) ENGINE=MyISAM AUTO_INCREMENT=96 DEFAULT CHARSET=utf8 COLLATE=utf8_general_ci;

--
-- Dumping data for table `mail_main`
--

INSERT INTO `mail_main` VALUES (1,'1341800007588','คริคริ','สวัสดีค่ะน้าติ๋นคนสวย','13418000075881394089542','2014-03-06 14:07:15'),(2,'3329900125276','คะแนนป.2 ส้งคม','คะแนนปลายปี','33299001252761394089579','2014-03-06 14:14:25'),(3,'3340100517121','สวัสดี',':))','33401005171211394090047','2014-03-06 14:14:38'),(4,'3340100517139','โปรดทราบ','คิดถึงมาก','33401005171391394090074','2014-03-06 14:15:40'),(5,'3451100526481','ส่งหนังสือราชการ คำอธิบายรายวิชา','หนังสือราชการ  คำอธิบายรายวิชา','34511005264811394089584','2014-03-06 14:16:07'),(6,'3340100517121','สวัสดี','สวัสดีจ้า','33401005171211394090226','2014-03-06 14:17:51'),(7,'3340100517121','เที่ยวไหนดีจ๊ะ','ปิดเทอมนี้จะไปเที่ยวไหนดีจ๊ะ','33401005171211394090575','2014-03-06 14:23:36'),(8,'3341500571549','ผอ.ถูกรางวัลที1','ผอ.ให้นละหนึ่งแสน','33415005715491394090472','2014-03-06 14:24:47'),(9,'3340100517121','สุขสันต์วันปิดเทอม','ปิดเทอมนี้เที่ยวไหนดีจ๊ะ','33401005171211394090787','2014-03-06 14:27:17'),(10,'3340100517121','สวัสดีจ้า','สวัสดีจ้า','33401005171211394090874','2014-03-06 14:28:39'),(11,'3340100517121','บำเหน็จ','น้องตุ๋มจ๋าได้ใช้เงินตกเบิกละยังจ๊ะ','33401005171211394091057','2014-03-06 14:34:09'),(12,'1341900085173','สวัสดีค้าา.....','ไม่เข้าใจถามนะคะ','13419000851731394091394','2014-03-06 14:38:02'),(13,'3349800155483','ลับสุดยอด','ให้ใส่ชุดว่ายน้ำทุกคนนะจ๊ะตอนไปเท่ียวทะเล','33498001554831394091324','2014-03-06 14:38:43'),(14,'3341500571549','ไปเที่ยว','ดีใจจังเลยได้ไปเทียวทะเลหาดเจ้าหลาว จันทบุรี','33415005715491394091484','2014-03-06 14:40:08'),(15,'3341500571549','ลับสุดยอด','ใส่่วันพีชหรือทูพีชคะ ','33415005715491394092053','2014-03-06 14:50:02'),(16,'3340100517121','รถทัวร์ในฝัน','โรงเรียนบ้านขัวไม้แก่นจะมีรถทัวร์2ชั้นแล้ว','33401005171211394092578','2014-03-06 14:57:50'),(17,'3341500571549','เชิญปะชุม','ขอเชิญประชุมเวลา13.30 น.ณ ห้องประชุม ในวันท่ี 7 ก.พ.57','33415005715491394092405','2014-03-06 14:58:16'),(19,'3340100517121','เ้ก่งจังเลย','พี่สุสุดยอดมาก','33401005171211394159104','2014-03-07 09:26:06'),(94,'3340100517139','การอบรมระบบ smss(ตอบกลับ)(ตอบกลับ)(ตอบกลับ)','รับทราบค่ะ','33401005171391542609916','2018-11-19 13:45:33'),(21,'3341400221767','สวัสดี','สวัสดี','33414002217671394159388','2014-03-07 09:31:35'),(22,'3340100517121','สุดยอดมาก','ตั้งใจจดจ่อสุดยอดมากจ้า','33401005171211394159634','2014-03-07 09:34:57'),(23,'3349800155483','เฉลยลับสุดยอด','ใจเย็น ๆ นะคะเด่ียวมีไฟร์พิเศษให้รอวันไปทะเลจริง ๆ แล้วท่านจะช๊อค','33498001554831394159581','2014-03-07 09:35:15'),(24,'3340100517121','กินตำกล้วย','วันจันทร์กินตำกล้วยนะจ๊ะ','33401005171211394160135','2014-03-07 09:43:35'),(25,'3340100517121','บอกหน่อยได้ไหม','เฉลยบอกหน่อยได้ไหม','33401005171211394160262','2014-03-07 09:45:21'),(26,'3341400221767','ชุดไปเที่ยว','ใส่ชุดแบบนี้ก็ได้นะ','33414002217671394161505','2014-03-07 10:08:23'),(28,'3340100254049','การประเมินโรงเรียน ปีการศึกษา 2556 ภาคเรียนที่ 2','วันที่ 12 มี.ค. 57 คณะผู้ประเมินประกอบด้วย รอง ฯ สุพรรณิการ์ ศน.ศุภลักษณ์ และประธานกลุ่ม ผอ.สำลี \r\nขอให้คณะครูเตรียมงานที่รับผิดชอบเพื่อรายงาน','33401002540491394166164','2014-03-07 11:25:44'),(29,'3340100082981','ส่งให้ไม่มีรูป','หารูปตัวเองไม่เจอจ้า','33401000829811394166960','2014-03-07 11:39:59'),(30,'3340100517121','ชุดใหม่','พี่หวานไปซื้อชุดว่ายน้ำกันเถอะ','33401005171211394171743','2014-03-07 12:58:13'),(31,'3340100517121','ชุดว่ายน้ำ','สุดยอดไปเลยเจ๊า','33401005171211394171925','2014-03-07 12:59:47'),(32,'3340100517121','คนสวย','คนสวยรับตกเบิกแล้วชวนน้าณีไปดูรถใหม่ด้วยนะจ๊ะ','33401005171211394172004','2014-03-07 13:01:16'),(33,'3340100517121','ช่่วยสอนน้าณีทำไฟล์แนบด้วยนะจ๊ะ','ช่วยสานต่อด้วยเด้อจ้า','33401005171211394172165','2014-03-07 13:04:38'),(34,'3329900125276','ระบบsmss','หนักใจระบบsmssจังเลย','33299001252761394172367','2014-03-07 13:08:27'),(35,'3349800155483','ส่วนต้ว','ได้เลยเด่ียวหากะตางก่อนเดอ','33498001554831394172452','2014-03-07 13:08:44'),(36,'3340100254049','การอบรมเชิงปฏิบัติการ smss ','เรียน คณะครู-บุคลากรทุกท่าน\r\nโรงเรียนบ้านขัวไม้แก่น จะดำเนินการอบรม เชิงปฏิบัติการ smss  ณห้องประชุม วันที่ 17-18 มีนาคม 2557 เวลา 08.30 น.เป็นต้นไป ให้ทุกคนนำโน้ตบุ๊ตไปอบรมด้วย 9.00น. รอง ฯและคณะจะไปร่วมพิธีเปิดการอบรมครับ','33401002540491394172330','2014-03-07 13:08:54'),(37,'3340100517121','จอLCD','ผอ.คะแจกจอLCDให้ทุกห้องแจ๋วไปเลยจ้า','33401005171211394172569','2014-03-07 13:11:15'),(38,'3349800155483','รับทราบและปฏิบัติ','ได้เข้ารับทราบข้อมูลการประชุมแล้วคะ','33498001554831394176513','2014-03-07 14:17:35'),(95,'3340100082981','รายงานควบคุมภายใน61','ส่งภายใน30 พ.ย.61','33401000829811543376162','2018-11-28 10:37:21'),(43,'3329900294541','ส่งภาพ','ส่งภาพ','33299002945411394180590','2014-03-07 15:23:55'),(44,'3329900294541','ส่งภาพ','ส่งภาพ','33299002945411394180640','2014-03-07 15:24:35'),(45,'3340100254049','ขอบคุณ','ขอบคุณครับ ถ่ายภาพหล่อเกินไป','33401002540491394421041','2014-03-10 10:11:41'),(49,'3329900294541','ขออนุญาต','ท่าน ผอ.ค่ะ พรุ่งนี้ไม่ใส่ชุดข้าราชการไปได้ไหมค่ะ','33299002945411394960232','2014-03-16 15:59:35'),(50,'3340100517121','อบรมเชิงปฏิบัติการ','ขอเชิญคุณครูทุกท่านเข้าร่วมอบรมเชิงปฎิบัติการระบบสนับสนุนนการบริหารสถานศึกษาที่ห้องปฏิบัติการโรงเรียนจ้า','33401005171211395023310','2014-03-17 09:32:01'),(47,'3340100254049','การประเมินฯจากสพป.อบ.4','เรียน คณะครู-บุคลากรทุกท่าน\r\n ด้วยวันนี้ จะมีคณะกรรมการประเมิน การปฏิบัติราชการของผู้อำนวยการโรงเรียน\r\nจึงเรียนมาเพื่อทราบและให้การต้อนรับ','33401002540491394594941','2014-03-12 10:31:49'),(48,'3340100254049','การงานผ้าป่าสามัคคีเพื่อพัฒนาโรงเรียน','เรียน คณะครู/บุคลากรทุกท่าน 2557ด้วยโรงเรียนได้กำหนดให้มีการจัดงานผ้าป่าสามัคคีเพื่อพัฒนาโรงเรียนขึันในวันที่ 11-12 เมษายน 2557 ดังนั้นเพื่อให้การจัดงานเป็นไปด้วยความเรียบร้อย มีประสิทธิภาพ จึงขอให้ทุกท่านมาปฏิบัติงานที่โรงเรียนเป็นกรณีพิเศษ ตั้งแต่วันที่ 10 - 12 เมษายน 2557 ขอขอบคุณมา ณ โอกาสนี้','33401002540491394686468','2014-03-13 11:59:18'),(51,'3340100517121','ถูกหวยไหมจ๊ะ','ถูกหวยหรือเปล่าจ๊ะ','33401005171211395024432','2014-03-17 09:48:33'),(93,'3340100082981','โครงการส่ง อบต','โครงการคุณธรรมและยาเสพติดส่ง อบต.หนองกินเพล','33401000829811541745989','2018-11-09 13:49:00'),(53,'3340100517121','ไปเที่ยว','วันที่20-22มีนาคม2556เราจะได้ไปทัศนศึกษาที่หาดเจ้าหลาวอย่าลืมเตรียมชุดว่ายน้ำไปเล่นน้ำนะคะ','33401005171211395024635','2014-03-17 09:52:48'),(54,'3340100254049','อบรม smss','เนื่องจากวันนี้ทางกลุ่มฯมีข้อราชการที่จะประชุม จึงจะอบรมถึงเวลา 12.00 น.\r\nจึงเรียนมาเพื่อทราบ','33401002540491395024625','2014-03-17 09:53:21'),(55,'3349800155483','อบรม smss','ให้มาอบรม smss ห้ามขาดเด็ดขาด ไม่มาแล้วจะเสียใจ','33498001554831395024628','2014-03-17 09:53:24'),(56,'3330401182411','อบรมsmss','อบรมวันนี้พวกเราครูมืออาชีพชอบมากที่สุดเลยค๋ธ','33304011824111395024629','2014-03-17 09:53:24'),(57,'3349900532980','ประชหกดาาครู','ยยยยย\r\n\r\n','33499005329801395024628','2014-03-17 09:54:10'),(58,'3329900294541','การมอบเกียรติบัตรครูจิตอาสาดีเด่น','เนื่องในวันที่  14   มี.ค. 2557  ที่ผ่านมา  ทางคณะครูของเราได้รับมอบเกียรติบัตรครูจิตอาสาดีเด่น ณ โรงเรียนอนุบาลวารินชำราบ','33299002945411395024627','2014-03-17 09:57:25'),(59,'3329900294541','การมอบเกียรติบัตรครูจิตอาสาดีเด่น','เนื่องในวันที่  14   มี.ค. 2557  ที่ผ่านมา  ทางคณะครูของเราได้รับมอบเกียรติบัตรครูจิตอาสาดีเด่น ณ โรงเรียนอนุบาลวารินชำราบ','33299002945411395024627','2014-03-17 10:00:42'),(60,'3340100082981','อบรมsmss','อบรมวันนี้ได้ความรู้เพิ่มเติมมากทุกคนอบรมอย่างมีความสุข ขอบคุณท่านผอ.ทีจัดอบรมให้','33401000829811395024840','2014-03-17 10:01:00'),(61,'3329900294541','การอบรม SMSS แบบต่อยอด','ทางโรงเรียนบ้านขัวไม้แก่น  ได้จัดอบรมเชิงปฏิบัติระบบการสนับสนุนการบริหารจัดการสถานศึกษา ( SMSS )','33299002945411395025944','2014-03-17 10:18:19'),(62,'3329900294541','ส่งระหัสผ่าน','ส่งระหัสผ่าน','33299002945411395027700','2014-03-17 10:42:45'),(63,'3329900294541','การอบรม SMSS   อีก 1 วัน','วันนี้เป็นอีกวันที่ทางโรงเรียนได้จัดการอบรม SMSS','33299002945411395111874','2014-03-18 10:13:33'),(64,'3329900294541','ผ้าป่าโรงเรียน','ประชุมผ้าป่า','33299002945411395808698','2014-03-26 11:43:21'),(65,'3340100082981','ขอข้อมูลนักเรียน','ตรวจสอบรายชื่อนักเรียนให้พี่หน่อยนะจ๊ะ พี่จะนำข้อมูลเบิกเงินค่าอุปกรณ์และเครื่องแบบนักเรียน ลบ แก้ไข พิมพ์เพิ่มไดจ้า  ส่งต้น พ.ค.นะจ๊ะ ขอบคุณเจ๊า','33401000829811397894375','2014-04-19 15:05:46'),(66,'3340100254049','กำหนดวันเปิดภาคเรียนที่1/2557','เรียน คณะครู-บุคลากรทุกท่าน\r\n โรงเรียนบ้านขัวไม้แก่น กำหนดวันมาปฏิบัติราชการในภาคเรียนที่ 1 /2557 ในวันที่ 14 พ.ค. 2557 โดยพร้อมเพรียงกัน \r\nจึงเรียนมาเพื่อทราบและปฏิบัติ','33401002540491398777235','2014-04-29 20:17:42'),(67,'3340100254049','เว็บไซด์โรงเรียน','เรียน คณะครู-บุคลากรทุกท่าน\r\n ผมได้ทำเว็บไซด์ของโรงเรียนบ้านขัวไม้แก่น ฯ แล้ว โปรดเข้าไปดูและศึกษาส่วนบล็อกที่เกี่ยวข้องเพื่อดำเนินการจัดทำให้เว็บสมบูรณ์ต่อไป\r\nURL ของโรงเรียนคือ www.kmk.in.th ครับ','33401002540491398777725','2014-04-29 20:26:42'),(68,'3451100526481','หลักฐานการจ่ายเงิน(เพิ่มชื่อนักเรียน)','เพิ่มชื่อ นักเรียน อบ1 9 คน ป.1 2 คน  ม. 1 เพิ่ม  3  คน  ม. 2 เพื่ม  1 คน  ส่วน ป.2 ลบออก 1 คน ด.ช. ณัฐวุฒิ  ทองแบบ(ย้าย)  ','34511005264811399628034','2014-05-09 16:40:12'),(69,'3329900294541','การตรวจเยี่ยมจากสพฐ.','ส่งภาพ','33299002945411400139887','2014-05-15 14:50:02'),(70,'3451100526481','รายชื่อเด็ก ป. 5','รายชื่อ นร','34511005264811400567210','2014-05-20 13:29:48'),(71,'3329900294541','ส่งข่าวประชาสัมพันธ์','ช่วยปริ๊นให้ด้วยจ้ะ ผอ.บอกว่าให้ใช้ขาว - ดำ แล้วให้แจกนักเรียนจ้า','33299002945411400571200','2014-05-20 14:37:42'),(72,'3329900294541','รูปแบบออมทรัพย์','ส่งรูปแบบออมทรัพย์','33299002945411400652908','2014-05-21 13:27:50'),(73,'3340100082981','ขอบคุณ','ได้รับแบบฟอร์มออมทรัพย์แล้วค่ะ ขอบคุณนะค่ะ','33401000829811400669011','2014-05-21 17:46:10'),(74,'3329900294541','ส่งข่าวประชาสัมพันธ์','ส่งข่าว','33299002945411400728121','2014-05-22 10:12:06'),(75,'3340100254049','การตรวจสุขภาพนักเรียน','เรียน คณะครู-บุคลากรทุกท่าน\r\nให้ทุกห้องเรียนดำเนินการตรวจสุขภาพนักเรียนภาคเรียนที่1ปีการศึกษา 2557ให้แล้วเสร็จภายในวันที่ 30 พ.ค. 2557 เพื่อการเก็บข้อมูลสารสนเทศนักเรียนเพื่อการบริหารจัดการต่อไป\r\nผอ.อภัย ลาวรรณ','33401002540491401071577','2014-05-26 09:36:30'),(76,'3329900294541','ขอลากิจ','เรียน   ผู้อำนวยการโรงเรียนบ้านขัวไม้แก่น\r\n\r\n          เนื่องด้วยในวันพรุ่งนี้ ข้าพเจ้ามีความจำเป็นต้องไปเยี่ยมญาติที่จ.ชลบุรี  จึงขอลากิจ  มีกำหนด  1  วัน  ในวันที่  30  พฤษภาคม  2557\r\n\r\n                                  จึงเรียนมาเพื่อทราบ\r\n\r\n                             นางพวงเพชร   จึงพิชาญวณิชย์','33299002945411401334999','2014-05-29 10:54:16'),(77,'3340100254049','แนวปฏิบัติตาม9จุดเน้นของสพป.อบ.4','เรียน คณะครู/บุคลากรทุกท่าน\r\n ทางโรงเรียนได้จัดทำแบบฟอร์มการนิเทศภายในแจกให้ทุกคนจำนวน 4 ชุด ซึ่งก็หมายความว่าผู้บริหารและคณะนิเทศจะออกนิเทศภายในเดือนละ 1 ครั้ง(สัปดาห์สุดท้าย) จึงให้ข้าราชการครูและบุคลากรทุกท่านได้ดำเนินงานตามเอกสารที่ส่งให้พร้อมเอกสาร/ร่องรอยการดำเนินงาน\r\n ผอ.อภัย  ลาวรรณ\r\n3 มิ.ย.2557 ','33401002540491401776731','2014-06-03 13:32:10'),(78,'1341800007588','แนวปฏิบัติตามจุดเน้นของ สพป.อบ.4 ปีการศึกษา 2557 โรงเรียนบ้านขัวไม้แก่น(มหิดลอนุสรณ์ 3)','แนวปฏิบัติตามจุดเน้นของสำนักงานเขตพื้นที่การศึกษาประถมศึกษาอุบลราชธานี  เขต  4 ปีการศึกษา 2557  โรงเรียนบ้านขัวไม้แก่น(มหิดลอนุสรณ์ 3)\r\n','13418000075881401779257','2014-06-03 14:11:05'),(79,'3340100254049','แนวปฏิบัติตามจุดเน้นของ สพป.อบ.4 โรงเรียนบ้านขัวไม้แก่น ฯ ปีการศึกษา 2557','แนวปฏิบัติตามจุดเน้นของ สพป.อบ.4 โรงเรียนบ้านขัวไม้แก่น ฯ ปีการศึกษา 2557 ให้ข้าราชการครู/บุคลากรฯทุกท่านได้ศึกษาและวิเคราะห์งานนำไปปฏิบัติอย่างเร่งด่วน จริงจังและให้มีประสิทธิภาพ','33401002540491401855373','2014-06-04 11:20:50'),(80,'1341800007588','ป้ายไวนิล \"สพป.อบ.4 ก้าวไปข้างหน้ากับ 9 จุดเน้น\"','ป้ายไวนิล \"สพป.อบ.4 ก้าวไปข้างหน้ากับ 9 จุดเน้น\"','13418000075881402301241','2014-06-09 15:09:03'),(81,'3329900294541','ส่งเอกสาร','ส่งเอแกสารให้นะ','33299002945411408954777','2014-08-25 15:22:00'),(82,'3340100082981','ขอบคุณ','ขอบคุณจ้า เดี๋ยวเปิดดูที่โน้ตบุค์','33401000829811408957687','2014-08-25 16:10:07'),(83,'3340100254049','กำชับให้เชคลงเวลามาเรียนนักเรียน','เรียน คณะครูและบุคลากรทุกท่าน\r\n  ตามที่ได้ตรวจสอบการลงเวลามาเรียนของนักเรียนประจำวันในแต่ละชั้น พบว่ายังมีหลายห้องเรียนที่ไม่ได้ลงเวลามาเรียนเป็นปัจจุบัน ทำให้ระบบ smss ของโรงเรียนไม่สมบูรณ์ จึงขอให้คณะครู-บุคลากรทุกท่านได้กรุณาเอาใจใส่และให้ความสำคัญต่อเรื่องการลงข้อมูลในระบบทุกงานที่เกี่ยวข้องด้วย ขอขอบคุณ\r\n ผอ.อภัย ลาวรรณ\r\n11 ก.ย. 2557','33401002540491410418909','2014-09-11 14:06:30'),(84,'3340400574359','กำชับให้เชคลงเวลามาเรียนนักเรียน(ตอบกลับ)','','33404005743591541562613','2018-11-07 10:50:35'),(85,'3340100254049','กำชับให้เชคลงเวลามาเรียนนักเรียน(ตอบกลับ)(ตอบกลับ)','ขอบคุณครับ\r\n','33401002540491541562676','2018-11-07 10:51:42'),(86,'3340100254049','การอบรมระบบ smss','ขอเชิญครู-บุคลากรทุกท่านเข้าร่วมอบรมงานระบบ smss ณห้องประชุม เวลา 10.00 น. ให้นำNootbook มาด้วย','33401002540491541563563','2018-11-07 11:08:43'),(87,'3329900294541','การอบรมระบบ smss(ตอบกลับ)','รับทราบค่ะ','33299002945411541563772','2018-11-07 11:09:49'),(88,'3340100517139','การอบรมระบบ smss(ตอบกลับ)','รับทราบค่ะ','33401005171391541563804','2018-11-07 11:10:24'),(89,'3340100254049','การอบรมระบบ smss(ตอบกลับ)(ตอบกลับ)','ขอบคุณครับ','33401002540491541643324','2018-11-08 09:15:48'),(90,'3340100254049','การอบรมระบบ smss(ตอบกลับ)(ตอบกลับ)','ขอบคุณครับ','33401002540491541643368','2018-11-08 09:16:18'),(91,'3329900294541','การอบรมระบบ smss(ตอบกลับ)(ตอบกลับ)(ตอบกลับ)','รับทราบค่ะ','33299002945411541656042','2018-11-08 12:48:01'),(92,'3349900341891','การอบรมระบบ smss(ตอบกลับ)','','33499003418911541678385','2018-11-08 18:59:56');

--
-- Table structure for table `mail_permission`
--

CREATE TABLE `mail_permission` (
  `id` int(11) NOT NULL AUTO_INCREMENT,
  `person_id` varchar(13) NOT NULL,
  `p1` tinyint(4) NOT NULL,
  `officer` varchar(13) NOT NULL,
  `rec_date` date NOT NULL,
  PRIMARY KEY (`id`)
) ENGINE=MyISAM AUTO_INCREMENT=20 DEFAULT CHARSET=utf8 COLLATE=utf8_general_ci;

--
-- Dumping data for table `mail_permission`
--

INSERT INTO `mail_permission` VALUES (1,'3340100254049',1,'3340100517139','2014-03-07'),(2,'3329900294541',1,'3340100082981','2018-10-03'),(3,'1340900180124',1,'3340100082981','2018-10-03'),(5,'3341100134109',1,'3340100254049','2014-03-07'),(6,'3349800155483',1,'3340100254049','2014-03-07'),(7,'3340100082981',1,'3340100254049','2014-03-07'),(10,'3340100517121',1,'3340100254049','2014-03-07'),(11,'3451100526481',1,'3340100254049','2014-03-07'),(13,'3330401182411',1,'3340100254049','2014-03-07'),(14,'3301800166518',1,'3340100082981','2018-10-03'),(15,'3349900341891',1,'3340100254049','2014-03-07'),(16,'1349900347655',1,'3340100082981','2018-10-03'),(17,'3341400221767',1,'3340100254049','2014-03-07'),(18,'3329900125276',1,'3340100254049','2014-03-07'),(19,'3340100517139',1,'3340100254049','2014-03-07');

--
-- Table structure for table `mail_sendto_answer`
--

CREATE TABLE `mail_sendto_answer` (
  `id` int(11) NOT NULL AUTO_INCREMENT,
  `ref_id` varchar(50) NOT NULL,
  `send_to` varchar(13) NOT NULL,
  `answer` tinyint(4) NOT NULL DEFAULT 0,
  `answer_time` datetime NOT NULL,
  PRIMARY KEY (`id`),
  KEY `ref_id` (`ref_id`),
  KEY `send_to` (`send_to`)
) ENGINE=MyISAM AUTO_INCREMENT=672 DEFAULT CHARSET=utf8 COLLATE=utf8_general_ci;

--
-- Dumping data for table `mail_sendto_answer`
--

INSERT INTO `mail_sendto_answer` VALUES (1,'13418000075881394089542','3451100526481',1,'2014-03-06 14:17:01'),(2,'34511005264811394089584','3349800155483',0,'0000-00-00 00:00:00'),(3,'33299001252761394089579','3341400221767',1,'2014-03-07 09:28:20'),(4,'33498001554831394089577','3451100526481',0,'0000-00-00 00:00:00'),(5,'33401005171211394090047','1341800007588',1,'2014-03-06 14:27:38'),(6,'33401005171391394090074','3341500571549',1,'2014-03-06 14:17:58'),(7,'33401005171211394090226','3340100254049',1,'2014-03-07 13:39:35'),(8,'33401005171211394090226','3340100082981',1,'2014-03-07 09:26:44'),(9,'33401005171211394090226','3329900294540',0,'0000-00-00 00:00:00'),(10,'33401005171211394090226','3341500571549',1,'2014-03-06 14:47:12'),(11,'33401005171211394090226','3341100134109',0,'0000-00-00 00:00:00'),(12,'33401005171211394090226','3451100526481',1,'2014-03-06 14:26:46'),(13,'33401005171211394090226','3349900341891',1,'2014-03-07 09:29:53'),(14,'33401005171211394090226','3349800155483',0,'0000-00-00 00:00:00'),(15,'33401005171211394090226','3340100517139',1,'2014-03-07 13:14:16'),(16,'33401005171211394090226','3341400221767',1,'2014-03-07 09:28:30'),(17,'33401005171211394090226','1341900085173',0,'0000-00-00 00:00:00'),(18,'33401005171211394090226','3329900125276',1,'2014-03-07 12:55:08'),(19,'33401005171211394090226','3330401182411',1,'2014-03-18 09:53:11'),(20,'33401005171211394090226','3349900532980',0,'0000-00-00 00:00:00'),(21,'33401005171211394090226','1341800007588',1,'2014-03-06 14:27:35'),(22,'33401005171391394090497','3341500571549',0,'0000-00-00 00:00:00'),(23,'33401005171211394090575','3341500571549',1,'2014-03-06 14:51:49'),(24,'33415005715491394090472','3340100254049',1,'2014-03-07 10:02:29'),(25,'33415005715491394090472','3340100517121',1,'2014-03-07 11:05:30'),(26,'33415005715491394090472','3340100082981',1,'2014-03-07 09:27:07'),(27,'33415005715491394090472','3329900294540',0,'0000-00-00 00:00:00'),(28,'33415005715491394090472','3341100134109',0,'0000-00-00 00:00:00'),(29,'33415005715491394090472','3451100526481',1,'2014-03-06 14:26:29'),(30,'33415005715491394090472','3349900341891',1,'2014-03-07 09:30:31'),(31,'33415005715491394090472','3349800155483',0,'0000-00-00 00:00:00'),(32,'33415005715491394090472','3340100517139',1,'2014-03-06 14:25:39'),(33,'33415005715491394090472','3341400221767',1,'2014-03-07 09:28:34'),(34,'33415005715491394090472','1341900085173',0,'0000-00-00 00:00:00'),(35,'33415005715491394090472','3329900125276',1,'2014-03-07 12:55:18'),(36,'33415005715491394090472','3330401182411',1,'2014-03-17 09:47:24'),(37,'33415005715491394090472','3349900532980',0,'0000-00-00 00:00:00'),(38,'33415005715491394090472','1341800007588',1,'2014-03-06 14:27:17'),(39,'33401005171211394090787','3451100526481',1,'2014-03-06 15:42:57'),(40,'33401005171211394090874','3340100254049',1,'2014-03-07 13:39:46'),(41,'33401005171211394090874','3340100082981',1,'2014-03-07 11:34:06'),(42,'33401005171211394090874','3329900294540',0,'0000-00-00 00:00:00'),(43,'33401005171211394090874','3341500571549',1,'2014-03-06 14:47:20'),(44,'33401005171211394090874','3341100134109',0,'0000-00-00 00:00:00'),(45,'33401005171211394090874','3451100526481',1,'2014-03-07 09:13:38'),(46,'33401005171211394090874','3349900341891',1,'2014-03-07 09:30:42'),(47,'33401005171211394090874','3349800155483',0,'0000-00-00 00:00:00'),(48,'33401005171211394090874','3340100517139',1,'2014-03-07 09:06:13'),(49,'33401005171211394090874','3341400221767',1,'2014-03-07 09:28:41'),(50,'33401005171211394090874','1341900085173',0,'0000-00-00 00:00:00'),(51,'33401005171211394090874','3329900125276',0,'0000-00-00 00:00:00'),(52,'33401005171211394090874','3330401182411',1,'2014-06-05 14:17:29'),(53,'33401005171211394090874','3349900532980',1,'2014-03-17 09:35:05'),(54,'33401005171211394090874','1341800007588',1,'2014-03-06 14:52:22'),(55,'33401005171211394091057','3340100254049',1,'2014-03-07 13:39:53'),(56,'13419000851731394091394','3341400221767',0,'0000-00-00 00:00:00'),(57,'33498001554831394091324','3340100254049',1,'2014-03-07 13:39:59'),(58,'33498001554831394091324','3340100517121',1,'2014-03-07 12:55:31'),(59,'33498001554831394091324','3340100082981',1,'2014-03-07 11:43:18'),(60,'33498001554831394091324','3329900294541',1,'2014-03-07 09:07:27'),(61,'33498001554831394091324','3341500571549',1,'2014-03-06 14:46:25'),(62,'33498001554831394091324','3341100134109',0,'0000-00-00 00:00:00'),(63,'33498001554831394091324','3451100526481',1,'2014-03-06 15:43:05'),(64,'33498001554831394091324','3349900341891',1,'2014-03-07 09:32:45'),(65,'33498001554831394091324','3340100517139',1,'2014-03-07 09:06:41'),(66,'33498001554831394091324','3341400221767',0,'0000-00-00 00:00:00'),(67,'33498001554831394091324','1341900085173',1,'2014-03-07 09:14:01'),(68,'33498001554831394091324','3329900125276',1,'2014-03-07 12:55:48'),(69,'33498001554831394091324','3330401182411',1,'2014-06-05 14:17:37'),(70,'33498001554831394091324','3349900532980',1,'2014-03-17 09:34:36'),(71,'33498001554831394091324','1341800007588',1,'2014-03-06 14:52:13'),(72,'34511005264811394091371','3340100254049',0,'0000-00-00 00:00:00'),(73,'34511005264811394091371','3349900532980',0,'0000-00-00 00:00:00'),(74,'34511005264811394091371','3330401182411',0,'0000-00-00 00:00:00'),(75,'34511005264811394091371','3329900125276',0,'0000-00-00 00:00:00'),(76,'34511005264811394091371','3341400221767',0,'0000-00-00 00:00:00'),(77,'34511005264811394091371','3340100517139',0,'0000-00-00 00:00:00'),(78,'34511005264811394091371','3349800155483',0,'0000-00-00 00:00:00'),(79,'34511005264811394091371','3349900341891',0,'0000-00-00 00:00:00'),(80,'34511005264811394091371','3451100526481',0,'0000-00-00 00:00:00'),(81,'34511005264811394091371','3341100134109',0,'0000-00-00 00:00:00'),(82,'34511005264811394091371','3341500571549',0,'0000-00-00 00:00:00'),(83,'34511005264811394091371','3340100082981',0,'0000-00-00 00:00:00'),(84,'34511005264811394091371','3340100517121',0,'0000-00-00 00:00:00'),(85,'34511005264811394091371','3329900294541',0,'0000-00-00 00:00:00'),(86,'34511005264811394091371','1341800007588',0,'0000-00-00 00:00:00'),(87,'34511005264811394091371','1341900085173',0,'0000-00-00 00:00:00'),(88,'33415005715491394091484','3340100254049',1,'2014-03-07 13:40:54'),(89,'33415005715491394091484','3340100517121',0,'0000-00-00 00:00:00'),(90,'33415005715491394091484','3340100082981',1,'2014-03-07 11:43:08'),(91,'33415005715491394091484','3329900294541',1,'2014-03-07 09:07:39'),(92,'33415005715491394091484','3341100134109',0,'0000-00-00 00:00:00'),(93,'33415005715491394091484','3451100526481',1,'2014-03-06 15:42:22'),(94,'33415005715491394091484','3349900341891',1,'2014-03-07 09:32:54'),(95,'33415005715491394091484','3349800155483',0,'0000-00-00 00:00:00'),(96,'33415005715491394091484','3340100517139',1,'2014-03-07 13:13:28'),(97,'33415005715491394091484','3341400221767',0,'0000-00-00 00:00:00'),(98,'33415005715491394091484','1341900085173',0,'0000-00-00 00:00:00'),(99,'33415005715491394091484','3329900125276',0,'0000-00-00 00:00:00'),(100,'33415005715491394091484','3330401182411',1,'2014-03-18 09:53:36'),(101,'33415005715491394091484','3349900532980',0,'0000-00-00 00:00:00'),(102,'33415005715491394091484','1341800007588',1,'2014-03-06 14:52:03'),(103,'33415005715491394092053','3349800155483',0,'0000-00-00 00:00:00'),(104,'33401005171211394092578','3341500571549',1,'2014-03-06 14:59:12'),(105,'33415005715491394092053','3349900532980',0,'0000-00-00 00:00:00'),(106,'33415005715491394092053','3330401182411',1,'2014-03-18 09:51:52'),(107,'33415005715491394092053','3329900125276',0,'0000-00-00 00:00:00'),(108,'33415005715491394092053','3341400221767',0,'0000-00-00 00:00:00'),(109,'33415005715491394092053','3340100517139',1,'2014-03-07 09:06:04'),(110,'33415005715491394092053','3451100526481',1,'2014-03-06 15:42:31'),(111,'33415005715491394092053','3341500571549',1,'2014-03-06 14:59:52'),(112,'33415005715491394092053','3340100082981',1,'2014-03-07 11:34:17'),(113,'33415005715491394092053','3340100517121',1,'2014-03-07 11:05:13'),(114,'33415005715491394092053','3329900294541',1,'2014-03-07 09:07:54'),(115,'33415005715491394092053','1341800007588',1,'2014-03-07 09:09:55'),(116,'33415005715491394092053','1341900085173',0,'0000-00-00 00:00:00'),(117,'33415005715491394092405','3340100254049',1,'2014-03-07 13:40:04'),(118,'33415005715491394092405','3340100517121',1,'2014-03-07 11:05:24'),(119,'33415005715491394092405','3340100082981',1,'2014-03-07 11:42:47'),(120,'33415005715491394092405','3329900294541',1,'2014-03-07 09:08:03'),(121,'33415005715491394092405','3341100134109',0,'0000-00-00 00:00:00'),(122,'33415005715491394092405','3451100526481',1,'2014-03-06 15:42:42'),(123,'33415005715491394092405','3349900341891',1,'2014-03-07 09:32:12'),(124,'33415005715491394092405','3349800155483',0,'0000-00-00 00:00:00'),(125,'33415005715491394092405','3340100517139',1,'2014-03-07 09:06:18'),(126,'33415005715491394092405','3341400221767',0,'0000-00-00 00:00:00'),(127,'33415005715491394092405','1341900085173',1,'2014-03-07 09:14:18'),(128,'33415005715491394092405','3329900125276',0,'0000-00-00 00:00:00'),(129,'33415005715491394092405','3330401182411',1,'2014-03-18 09:53:45'),(130,'33415005715491394092405','3349900532980',0,'0000-00-00 00:00:00'),(131,'33415005715491394092405','1341800007588',1,'2014-03-07 09:09:29'),(147,'33401005171211394159104','3329900125276',1,'2014-03-17 09:31:24'),(670,'33401005171391542609916','3340100254049',1,'2018-12-20 06:09:12'),(163,'33414002217671394159388','1341800007588',1,'2014-03-07 13:25:36'),(164,'33401005171211394159634','3349800155483',0,'0000-00-00 00:00:00'),(165,'33498001554831394159581','3340100254049',1,'2014-03-07 13:40:25'),(166,'33498001554831394159581','3340100517121',0,'0000-00-00 00:00:00'),(167,'33498001554831394159581','3340100082981',1,'2014-03-07 11:33:23'),(168,'33498001554831394159581','3329900294541',1,'2014-03-07 10:20:21'),(169,'33498001554831394159581','3341500571549',1,'2014-06-28 21:03:23'),(170,'33498001554831394159581','3341100134109',0,'0000-00-00 00:00:00'),(171,'33498001554831394159581','3451100526481',0,'0000-00-00 00:00:00'),(172,'33498001554831394159581','3349900341891',1,'2014-03-07 14:50:46'),(173,'33498001554831394159581','3340100517139',1,'2014-03-07 14:26:40'),(174,'33498001554831394159581','3341400221767',0,'0000-00-00 00:00:00'),(175,'33498001554831394159581','1341900085173',0,'0000-00-00 00:00:00'),(176,'33498001554831394159581','3329900125276',1,'2014-03-17 09:31:46'),(177,'33498001554831394159581','3330401182411',1,'2014-06-05 14:17:44'),(178,'33498001554831394159581','3349900532980',0,'0000-00-00 00:00:00'),(179,'33498001554831394159581','1341800007588',1,'2014-03-07 13:25:25'),(180,'33401005171211394159704','3349900341891',0,'0000-00-00 00:00:00'),(181,'33401005171211394160135','3341500571549',1,'2014-06-28 21:03:31'),(182,'33401005171211394160262','3349800155483',1,'2014-03-07 09:56:08'),(183,'33414002217671394161505','3340100254049',1,'2014-03-07 13:04:35'),(184,'33414002217671394161505','3340100517121',1,'2014-03-07 11:01:36'),(185,'33414002217671394161505','3340100082981',1,'2014-03-07 11:32:26'),(186,'33414002217671394161505','3329900294541',1,'2014-03-07 10:20:27'),(187,'33414002217671394161505','3341500571549',1,'2014-03-07 11:18:24'),(188,'33414002217671394161505','3341100134109',0,'0000-00-00 00:00:00'),(189,'33414002217671394161505','3451100526481',0,'0000-00-00 00:00:00'),(190,'33414002217671394161505','3349900341891',1,'2014-03-07 14:50:04'),(191,'33414002217671394161505','3349800155483',1,'2014-03-07 11:01:05'),(192,'33414002217671394161505','3340100517139',1,'2014-03-07 14:28:15'),(193,'33414002217671394161505','1341900085173',0,'0000-00-00 00:00:00'),(194,'33414002217671394161505','3329900125276',1,'2014-03-17 09:31:59'),(195,'33414002217671394161505','3330401182411',1,'2014-03-18 09:54:09'),(196,'33414002217671394161505','3349900532980',1,'2014-03-17 09:33:24'),(197,'33414002217671394161505','1341800007588',1,'2014-03-07 11:04:16'),(213,'33401002540491394166164','3340100517121',1,'2014-03-07 13:52:38'),(214,'33401002540491394166164','3340100082981',1,'2014-03-07 11:30:44'),(215,'33401002540491394166164','3329900294541',1,'2014-03-07 12:00:58'),(216,'33401002540491394166164','3341500571549',1,'2014-06-28 21:03:43'),(217,'33401002540491394166164','3341100134109',0,'0000-00-00 00:00:00'),(218,'33401002540491394166164','3451100526481',0,'0000-00-00 00:00:00'),(219,'33401002540491394166164','3349900341891',1,'2014-03-07 14:49:44'),(220,'33401002540491394166164','3349800155483',1,'2014-03-07 12:04:24'),(221,'33401002540491394166164','3340100517139',1,'2014-03-07 14:26:09'),(222,'33401002540491394166164','3341400221767',0,'0000-00-00 00:00:00'),(223,'33401002540491394166164','1341900085173',0,'0000-00-00 00:00:00'),(224,'33401002540491394166164','3329900125276',1,'2014-03-07 12:56:31'),(225,'33401002540491394166164','3330401182411',1,'2014-03-18 09:52:13'),(226,'33401002540491394166164','3349900532980',1,'2014-03-17 09:36:05'),(227,'33401002540491394166164','1341800007588',1,'2014-03-07 13:25:10'),(228,'33401002540491394166164','3330400380341',0,'0000-00-00 00:00:00'),(229,'33401000829811394166960','3329900294541',1,'2014-03-07 12:00:45'),(230,'33401005171211394171743','3349800155483',1,'2014-03-07 13:06:56'),(231,'33401005171211394171925','3341400221767',0,'0000-00-00 00:00:00'),(232,'33401005171211394172004','1341900085173',0,'0000-00-00 00:00:00'),(233,'33401005171211394172090','3340100254049',0,'0000-00-00 00:00:00'),(234,'33401005171211394172165','1341800007588',1,'2014-03-07 13:25:01'),(235,'33401005171211394172314','3340100254049',0,'0000-00-00 00:00:00'),(236,'33299001252761394172367','3340100517121',1,'2014-03-07 13:08:43'),(237,'33498001554831394172452','3340100517121',1,'2014-03-07 13:45:23'),(238,'33401002540491394172330','3340100517121',1,'2014-03-07 13:51:48'),(239,'33401002540491394172330','3340100082981',1,'2014-03-07 14:46:04'),(240,'33401002540491394172330','3329900294541',1,'2014-03-07 13:09:44'),(241,'33401002540491394172330','3341500571549',1,'2014-06-28 21:03:46'),(242,'33401002540491394172330','3341100134109',0,'0000-00-00 00:00:00'),(243,'33401002540491394172330','3451100526481',1,'2014-05-09 15:02:41'),(244,'33401002540491394172330','3349900341891',1,'2014-03-07 14:49:19'),(245,'33401002540491394172330','3349800155483',1,'2014-03-07 14:14:41'),(246,'33401002540491394172330','3340100517139',1,'2014-03-07 14:26:22'),(247,'33401002540491394172330','3341400221767',0,'0000-00-00 00:00:00'),(248,'33401002540491394172330','1341900085173',0,'0000-00-00 00:00:00'),(249,'33401002540491394172330','3329900125276',1,'2014-03-07 13:51:03'),(250,'33401002540491394172330','3330401182411',1,'2014-03-18 09:54:19'),(251,'33401002540491394172330','3349900532980',1,'2014-03-18 10:09:04'),(252,'33401002540491394172330','1341800007588',1,'2014-03-07 13:24:36'),(253,'33401002540491394172330','3330400380341',0,'0000-00-00 00:00:00'),(254,'33401005171211394172569','3340100254049',1,'2014-03-07 13:40:34'),(255,'33498001554831394176513','3340100254049',1,'2014-03-07 14:49:46'),(275,'33299002945411394180004','3340100082981',0,'0000-00-00 00:00:00'),(671,'33401000829811543376162','1349900347655',1,'2018-11-28 12:28:14'),(277,'33299002945411394180590','3349900341891',1,'2014-03-17 09:44:57'),(278,'33299002945411394180640','3340100517121',1,'2014-03-17 09:44:54'),(279,'33401002540491394421041','3329900294541',1,'2014-03-10 10:42:31'),(315,'33299002945411394960232','3340100254049',1,'2014-03-17 09:47:45'),(281,'33401002540491394594941','3340100517121',1,'2014-03-17 09:44:40'),(282,'33401002540491394594941','3340100082981',1,'2014-03-13 20:16:49'),(283,'33401002540491394594941','3329900294541',1,'2014-03-13 10:14:31'),(284,'33401002540491394594941','3341500571549',1,'2014-06-28 21:04:04'),(285,'33401002540491394594941','3341100134109',0,'0000-00-00 00:00:00'),(286,'33401002540491394594941','3451100526481',0,'0000-00-00 00:00:00'),(287,'33401002540491394594941','3349900341891',1,'2014-03-17 09:45:51'),(288,'33401002540491394594941','3349800155483',0,'0000-00-00 00:00:00'),(289,'33401002540491394594941','3340100517139',0,'0000-00-00 00:00:00'),(290,'33401002540491394594941','3341400221767',0,'0000-00-00 00:00:00'),(291,'33401002540491394594941','1341900085173',0,'0000-00-00 00:00:00'),(292,'33401002540491394594941','3329900125276',1,'2014-03-17 09:32:39'),(293,'33401002540491394594941','3330401182411',1,'2014-03-17 09:57:16'),(294,'33401002540491394594941','3349900532980',0,'0000-00-00 00:00:00'),(295,'33401002540491394594941','1341800007588',1,'2014-03-17 09:48:23'),(296,'33401002540491394594941','3330400380341',0,'0000-00-00 00:00:00'),(297,'33401002540491394595283','3329900294541',0,'0000-00-00 00:00:00'),(298,'33401002540491394595623','3329900294541',0,'0000-00-00 00:00:00'),(299,'33401002540491394686468','3340100517121',1,'2014-03-17 09:44:16'),(300,'33401002540491394686468','3340100082981',1,'2014-03-13 20:17:12'),(301,'33401002540491394686468','3329900294541',1,'2014-03-15 21:37:09'),(302,'33401002540491394686468','3341500571549',1,'2014-06-28 21:04:06'),(303,'33401002540491394686468','3341100134109',0,'0000-00-00 00:00:00'),(304,'33401002540491394686468','3451100526481',0,'0000-00-00 00:00:00'),(305,'33401002540491394686468','3349900341891',1,'2014-03-17 09:45:58'),(306,'33401002540491394686468','3349800155483',0,'0000-00-00 00:00:00'),(307,'33401002540491394686468','3340100517139',0,'0000-00-00 00:00:00'),(308,'33401002540491394686468','3341400221767',0,'0000-00-00 00:00:00'),(309,'33401002540491394686468','1341900085173',0,'0000-00-00 00:00:00'),(310,'33401002540491394686468','3329900125276',1,'2014-03-17 09:29:17'),(311,'33401002540491394686468','3330401182411',1,'2014-06-05 14:18:17'),(312,'33401002540491394686468','3349900532980',1,'2014-03-18 10:09:11'),(313,'33401002540491394686468','1341800007588',1,'2014-03-17 09:48:29'),(314,'33401002540491394686468','3330400380341',0,'0000-00-00 00:00:00'),(316,'33401005171211395023310','3340100254049',1,'2014-03-17 09:48:00'),(317,'33401005171211395023310','3340100082981',1,'2014-03-17 09:38:09'),(318,'33401005171211395023310','3329900294541',1,'2014-03-17 09:37:09'),(319,'33401005171211395023310','3341500571549',1,'2014-06-28 21:04:07'),(320,'33401005171211395023310','3341100134109',0,'0000-00-00 00:00:00'),(321,'33401005171211395023310','3451100526481',0,'0000-00-00 00:00:00'),(322,'33401005171211395023310','3349900341891',1,'2014-03-17 09:46:16'),(323,'33401005171211395023310','3349800155483',0,'0000-00-00 00:00:00'),(324,'33401005171211395023310','3340100517139',0,'0000-00-00 00:00:00'),(325,'33401005171211395023310','3341400221767',0,'0000-00-00 00:00:00'),(326,'33401005171211395023310','1341900085173',0,'0000-00-00 00:00:00'),(327,'33401005171211395023310','3329900125276',0,'0000-00-00 00:00:00'),(328,'33401005171211395023310','3330401182411',1,'2014-03-17 09:47:55'),(329,'33401005171211395023310','3349900532980',0,'0000-00-00 00:00:00'),(330,'33401005171211395023310','1341800007588',1,'2014-03-17 09:45:35'),(331,'33401005171211395023310','3330400380341',0,'0000-00-00 00:00:00'),(332,'33401005171211395024432','3349800155483',1,'2014-03-17 10:09:37'),(669,'33401000829811541745989','1349900347655',1,'2018-11-09 13:51:07'),(334,'33498001554831395024628','3340100517121',0,'0000-00-00 00:00:00'),(335,'33401005171211395024635','3340100254049',1,'2014-03-18 10:07:09'),(336,'33401005171211395024635','3340100082981',1,'2014-03-17 10:03:34'),(337,'33401005171211395024635','3329900294541',1,'2014-03-17 14:05:25'),(338,'33401005171211395024635','3341500571549',1,'2014-06-28 21:04:09'),(339,'33401005171211395024635','3341100134109',0,'0000-00-00 00:00:00'),(340,'33401005171211395024635','3451100526481',1,'2018-11-08 18:01:42'),(341,'33401005171211395024635','3349900341891',1,'2014-03-17 11:03:19'),(342,'33401005171211395024635','3349800155483',0,'0000-00-00 00:00:00'),(343,'33401005171211395024635','3340100517139',0,'0000-00-00 00:00:00'),(344,'33401005171211395024635','3341400221767',1,'2014-03-18 09:29:40'),(345,'33401005171211395024635','1341900085173',0,'0000-00-00 00:00:00'),(346,'33401005171211395024635','3329900125276',0,'0000-00-00 00:00:00'),(347,'33401005171211395024635','3330401182411',1,'2014-06-05 14:19:06'),(348,'33401005171211395024635','3349900532980',0,'0000-00-00 00:00:00'),(349,'33401005171211395024635','1341800007588',1,'2014-03-17 09:57:35'),(350,'33401005171211395024635','3330400380341',0,'0000-00-00 00:00:00'),(351,'33401002540491395024625','3340100517121',0,'0000-00-00 00:00:00'),(352,'33401002540491395024625','3340100082981',1,'2014-03-17 10:03:52'),(353,'33401002540491395024625','3329900294541',1,'2014-03-17 14:05:33'),(354,'33401002540491395024625','3341500571549',1,'2014-06-03 14:47:08'),(355,'33401002540491395024625','3341100134109',0,'0000-00-00 00:00:00'),(356,'33401002540491395024625','3451100526481',1,'2014-03-17 09:55:37'),(357,'33401002540491395024625','3349900341891',1,'2014-03-17 11:03:29'),(358,'33401002540491395024625','3349800155483',0,'0000-00-00 00:00:00'),(359,'33401002540491395024625','3340100517139',0,'0000-00-00 00:00:00'),(360,'33401002540491395024625','3341400221767',1,'2014-06-02 10:06:57'),(361,'33401002540491395024625','1341900085173',1,'2014-08-08 20:22:21'),(362,'33401002540491395024625','3329900125276',1,'2014-03-18 09:41:02'),(363,'33401002540491395024625','3330401182411',1,'2014-03-18 09:52:54'),(364,'33401002540491395024625','3349900532980',1,'2014-03-18 10:08:46'),(365,'33401002540491395024625','1341800007588',1,'2014-03-17 10:29:41'),(366,'33401002540491395024625','3330400380341',0,'0000-00-00 00:00:00'),(367,'33304011824111395024629','3340100254049',1,'2014-05-21 12:33:31'),(368,'33304011824111395024629','3340100517121',0,'0000-00-00 00:00:00'),(369,'33304011824111395024629','3340100082981',1,'2014-03-18 09:32:53'),(370,'33304011824111395024629','3329900294541',1,'2014-03-17 14:05:40'),(371,'33304011824111395024629','3341500571549',1,'2014-06-10 20:27:14'),(372,'33304011824111395024629','3341100134109',0,'0000-00-00 00:00:00'),(373,'33304011824111395024629','3451100526481',1,'2018-11-08 18:01:52'),(374,'33304011824111395024629','3349900341891',1,'2014-03-17 11:03:41'),(375,'33304011824111395024629','3349800155483',1,'2014-03-17 09:57:21'),(376,'33304011824111395024629','3340100517139',0,'0000-00-00 00:00:00'),(377,'33304011824111395024629','3341400221767',1,'2014-06-02 10:06:55'),(378,'33304011824111395024629','1341900085173',1,'2014-11-06 13:51:10'),(379,'33304011824111395024629','3329900125276',1,'2014-06-02 12:45:35'),(380,'33304011824111395024629','3349900532980',1,'2014-03-18 10:03:46'),(381,'33304011824111395024629','1341800007588',1,'2014-03-17 10:29:58'),(382,'33304011824111395024629','3330400380341',0,'0000-00-00 00:00:00'),(383,'33499005329801395024628','3340100254049',1,'2014-03-17 10:09:22'),(384,'33499005329801395024628','3340100517121',0,'0000-00-00 00:00:00'),(385,'33499005329801395024628','3340100082981',1,'2014-03-17 12:06:08'),(386,'33499005329801395024628','3329900294541',1,'2014-03-17 14:05:43'),(387,'33499005329801395024628','3341500571549',1,'2014-06-10 20:23:25'),(388,'33499005329801395024628','3341100134109',0,'0000-00-00 00:00:00'),(389,'33499005329801395024628','3451100526481',0,'0000-00-00 00:00:00'),(390,'33499005329801395024628','3349900341891',1,'2014-03-17 10:28:41'),(391,'33499005329801395024628','3349800155483',1,'2014-03-17 09:55:47'),(392,'33499005329801395024628','3340100517139',0,'0000-00-00 00:00:00'),(393,'33499005329801395024628','3341400221767',1,'2014-06-02 10:06:48'),(394,'33499005329801395024628','1341900085173',1,'2014-08-08 20:22:31'),(395,'33499005329801395024628','3329900125276',1,'2014-12-23 09:40:38'),(396,'33499005329801395024628','3330401182411',1,'2014-03-24 10:22:43'),(397,'33499005329801395024628','1341800007588',1,'2014-06-03 12:52:48'),(398,'33499005329801395024628','3330400380341',0,'0000-00-00 00:00:00'),(399,'33299002945411395024627','3340100254049',1,'2014-03-17 10:06:52'),(400,'33299002945411395024627','3340100517121',1,'2014-03-17 12:10:12'),(401,'33299002945411395024627','3340100082981',1,'2014-03-17 10:04:06'),(402,'33299002945411395024627','3341500571549',1,'2014-03-17 10:20:35'),(403,'33299002945411395024627','3341100134109',0,'0000-00-00 00:00:00'),(404,'33299002945411395024627','3451100526481',0,'0000-00-00 00:00:00'),(405,'33299002945411395024627','3349900341891',1,'2014-03-17 10:28:47'),(406,'33299002945411395024627','3349800155483',1,'2019-04-29 14:59:23'),(407,'33299002945411395024627','3340100517139',0,'0000-00-00 00:00:00'),(408,'33299002945411395024627','3341400221767',1,'2014-06-03 08:49:50'),(409,'33299002945411395024627','1341900085173',1,'2014-06-03 08:47:40'),(410,'33299002945411395024627','3329900125276',1,'2014-12-23 09:40:46'),(411,'33299002945411395024627','3330401182411',1,'2014-03-18 09:48:50'),(412,'33299002945411395024627','3349900532980',1,'2014-03-18 10:04:07'),(413,'33299002945411395024627','1341800007588',1,'2014-03-17 11:13:28'),(414,'33299002945411395024627','3330400380341',0,'0000-00-00 00:00:00'),(415,'33299002945411395024627','3340100254049',1,'2014-03-17 10:06:52'),(416,'33299002945411395024627','3340100517121',1,'2014-03-17 12:10:12'),(417,'33299002945411395024627','3340100082981',1,'2014-03-17 10:04:06'),(418,'33299002945411395024627','3341500571549',1,'2014-03-17 10:20:35'),(419,'33299002945411395024627','3341100134109',0,'0000-00-00 00:00:00'),(420,'33299002945411395024627','3451100526481',0,'0000-00-00 00:00:00'),(421,'33299002945411395024627','3349900341891',1,'2014-03-17 10:28:47'),(422,'33299002945411395024627','3349800155483',1,'2019-04-29 14:59:23'),(423,'33299002945411395024627','3340100517139',0,'0000-00-00 00:00:00'),(424,'33299002945411395024627','3341400221767',1,'2014-06-03 08:49:50'),(425,'33299002945411395024627','1341900085173',1,'2014-06-03 08:47:40'),(426,'33299002945411395024627','3329900125276',1,'2014-12-23 09:40:46'),(427,'33299002945411395024627','3330401182411',1,'2014-03-18 09:48:50'),(428,'33299002945411395024627','3349900532980',1,'2014-03-18 10:04:07'),(429,'33299002945411395024627','1341800007588',1,'2014-03-17 11:13:28'),(430,'33299002945411395024627','3330400380341',0,'0000-00-00 00:00:00'),(431,'33401000829811395024840','3340100254049',1,'2014-03-17 10:07:42'),(432,'33401000829811395024840','3340100517121',1,'2014-03-17 12:10:45'),(433,'33401000829811395024840','3329900294541',1,'2014-03-17 14:03:41'),(434,'33401000829811395024840','3341500571549',1,'2014-06-03 14:51:16'),(435,'33401000829811395024840','3341100134109',0,'0000-00-00 00:00:00'),(436,'33401000829811395024840','3451100526481',1,'2018-11-08 18:02:13'),(437,'33401000829811395024840','3349900341891',1,'2014-03-18 09:46:10'),(438,'33401000829811395024840','3349800155483',0,'0000-00-00 00:00:00'),(439,'33401000829811395024840','3340100517139',0,'0000-00-00 00:00:00'),(440,'33401000829811395024840','3341400221767',1,'2014-06-02 10:06:40'),(441,'33401000829811395024840','1341900085173',1,'2014-06-03 08:47:28'),(442,'33401000829811395024840','3329900125276',1,'2014-12-23 09:41:04'),(443,'33401000829811395024840','3330401182411',1,'2014-03-18 09:48:17'),(444,'33401000829811395024840','3349900532980',1,'2014-03-18 10:03:58'),(445,'33401000829811395024840','1341800007588',1,'2014-03-17 10:26:37'),(446,'33401000829811395024840','3330400380341',0,'0000-00-00 00:00:00'),(447,'33299002945411395025944','3340100254049',1,'2014-03-18 10:02:27'),(448,'33299002945411395025944','3340100517121',0,'0000-00-00 00:00:00'),(449,'33299002945411395025944','3340100082981',1,'2014-03-17 12:06:24'),(450,'33299002945411395025944','3341500571549',1,'2014-06-03 14:51:18'),(451,'33299002945411395025944','3341100134109',0,'0000-00-00 00:00:00'),(452,'33299002945411395025944','3451100526481',0,'0000-00-00 00:00:00'),(453,'33299002945411395025944','3349900341891',1,'2014-03-18 09:46:18'),(454,'33299002945411395025944','3349800155483',0,'0000-00-00 00:00:00'),(455,'33299002945411395025944','3340100517139',0,'0000-00-00 00:00:00'),(456,'33299002945411395025944','3341400221767',1,'2014-06-09 10:06:00'),(457,'33299002945411395025944','1341900085173',1,'2014-07-01 10:31:57'),(458,'33299002945411395025944','3329900125276',1,'2014-12-23 09:41:13'),(459,'33299002945411395025944','3330401182411',1,'2014-03-18 09:47:25'),(460,'33299002945411395025944','3349900532980',0,'0000-00-00 00:00:00'),(461,'33299002945411395025944','1341800007588',1,'2014-03-17 10:27:23'),(462,'33299002945411395025944','3330400380341',0,'0000-00-00 00:00:00'),(463,'33299002945411395027700','3349800155483',1,'2014-03-17 10:47:03'),(464,'33299002945411395111874','3340100254049',1,'2014-04-29 20:10:48'),(465,'33299002945411395111874','3340100517121',0,'0000-00-00 00:00:00'),(466,'33299002945411395111874','3340100082981',1,'2014-03-29 17:18:51'),(467,'33299002945411395111874','3341500571549',1,'2014-06-03 14:47:44'),(468,'33299002945411395111874','3341100134109',0,'0000-00-00 00:00:00'),(469,'33299002945411395111874','3451100526481',1,'2018-11-08 18:02:38'),(470,'33299002945411395111874','3349900341891',0,'0000-00-00 00:00:00'),(471,'33299002945411395111874','3349800155483',0,'0000-00-00 00:00:00'),(472,'33299002945411395111874','3340100517139',0,'0000-00-00 00:00:00'),(473,'33299002945411395111874','3341400221767',1,'2014-06-03 08:49:33'),(474,'33299002945411395111874','1341900085173',1,'2014-06-03 08:47:25'),(475,'33299002945411395111874','3329900125276',0,'0000-00-00 00:00:00'),(476,'33299002945411395111874','3330401182411',1,'2014-03-24 10:19:09'),(477,'33299002945411395111874','3349900532980',0,'0000-00-00 00:00:00'),(478,'33299002945411395111874','1341800007588',1,'2014-06-02 09:29:03'),(479,'33299002945411395111874','3330400380341',0,'0000-00-00 00:00:00'),(480,'33299002945411395808698','3340100254049',1,'2014-04-29 20:12:14'),(481,'33299002945411395808698','3340100517121',0,'0000-00-00 00:00:00'),(482,'33299002945411395808698','3340100082981',1,'2014-03-29 17:20:09'),(483,'33299002945411395808698','3341500571549',1,'2014-06-03 14:51:20'),(484,'33299002945411395808698','3341100134109',0,'0000-00-00 00:00:00'),(485,'33299002945411395808698','3451100526481',0,'0000-00-00 00:00:00'),(486,'33299002945411395808698','3349900341891',0,'0000-00-00 00:00:00'),(487,'33299002945411395808698','3349800155483',0,'0000-00-00 00:00:00'),(488,'33299002945411395808698','3340100517139',0,'0000-00-00 00:00:00'),(489,'33299002945411395808698','3341400221767',1,'2014-06-02 10:06:35'),(490,'33299002945411395808698','1341900085173',1,'2014-06-03 08:47:16'),(491,'33299002945411395808698','3329900125276',1,'2014-12-23 09:41:25'),(492,'33299002945411395808698','3330401182411',1,'2014-05-29 10:25:57'),(493,'33299002945411395808698','3349900532980',0,'0000-00-00 00:00:00'),(494,'33299002945411395808698','1341800007588',1,'2014-06-02 09:30:07'),(495,'33299002945411395808698','3330400380341',0,'0000-00-00 00:00:00'),(496,'33401000829811397894375','3451100526481',1,'2014-05-09 15:03:24'),(497,'33401002540491398777235','3340100517121',1,'2014-05-19 14:16:45'),(498,'33401002540491398777235','3340100082981',1,'2014-04-30 19:44:15'),(499,'33401002540491398777235','3329900294541',1,'2014-05-14 10:43:26'),(500,'33401002540491398777235','3341500571549',1,'2014-06-10 20:21:17'),(501,'33401002540491398777235','3341100134109',0,'0000-00-00 00:00:00'),(502,'33401002540491398777235','3451100526481',1,'2014-05-09 16:32:36'),(503,'33401002540491398777235','3349900341891',0,'0000-00-00 00:00:00'),(504,'33401002540491398777235','3349800155483',0,'0000-00-00 00:00:00'),(505,'33401002540491398777235','3340100517139',1,'2018-11-07 11:05:41'),(506,'33401002540491398777235','3341400221767',1,'2014-06-02 10:06:33'),(507,'33401002540491398777235','1341900085173',1,'2014-06-02 10:09:54'),(508,'33401002540491398777235','3329900125276',1,'2014-12-23 09:41:33'),(509,'33401002540491398777235','3330401182411',1,'2014-05-28 15:26:14'),(510,'33401002540491398777235','3349900532980',0,'0000-00-00 00:00:00'),(511,'33401002540491398777235','1341800007588',1,'2014-06-02 09:30:39'),(512,'33401002540491398777235','3330400380341',0,'0000-00-00 00:00:00'),(513,'33401002540491398777725','3340100517121',1,'2014-05-19 14:16:55'),(514,'33401002540491398777725','3340100082981',1,'2014-04-30 19:44:42'),(515,'33401002540491398777725','3329900294541',1,'2014-05-14 10:43:08'),(516,'33401002540491398777725','3341500571549',1,'2014-06-10 20:25:08'),(517,'33401002540491398777725','3341100134109',0,'0000-00-00 00:00:00'),(518,'33401002540491398777725','3451100526481',1,'2014-05-09 16:32:46'),(519,'33401002540491398777725','3349900341891',0,'0000-00-00 00:00:00'),(520,'33401002540491398777725','3349800155483',0,'0000-00-00 00:00:00'),(521,'33401002540491398777725','3340100517139',0,'0000-00-00 00:00:00'),(522,'33401002540491398777725','3341400221767',1,'2014-06-02 10:06:28'),(523,'33401002540491398777725','1341900085173',1,'2014-06-02 10:09:47'),(524,'33401002540491398777725','3329900125276',1,'2014-06-04 09:49:51'),(525,'33401002540491398777725','3330401182411',1,'2014-05-28 15:26:33'),(526,'33401002540491398777725','3349900532980',0,'0000-00-00 00:00:00'),(527,'33401002540491398777725','1341800007588',1,'2014-06-02 09:30:36'),(528,'33401002540491398777725','3330400380341',0,'0000-00-00 00:00:00'),(529,'34511005264811399628034','3340100082981',1,'2014-05-09 21:00:47'),(530,'33299002945411400139434','3340100254049',0,'0000-00-00 00:00:00'),(531,'33299002945411400139434','3341500571549',0,'0000-00-00 00:00:00'),(532,'33299002945411400139434','3340100517139',0,'0000-00-00 00:00:00'),(533,'33299002945411400139434','3340100082981',0,'0000-00-00 00:00:00'),(534,'33299002945411400139434','1341900085173',0,'0000-00-00 00:00:00'),(535,'33299002945411400139887','3340100254049',1,'2014-05-19 14:38:14'),(536,'33299002945411400139887','3340100517121',1,'2014-05-19 14:17:07'),(537,'33299002945411400139887','3340100082981',1,'2014-05-15 17:22:56'),(538,'33299002945411400139887','3341500571549',1,'2014-06-10 20:25:11'),(539,'33299002945411400139887','3341100134109',0,'0000-00-00 00:00:00'),(540,'33299002945411400139887','3451100526481',0,'0000-00-00 00:00:00'),(541,'33299002945411400139887','3349900341891',0,'0000-00-00 00:00:00'),(542,'33299002945411400139887','3349800155483',0,'0000-00-00 00:00:00'),(543,'33299002945411400139887','3340100517139',0,'0000-00-00 00:00:00'),(544,'33299002945411400139887','3341400221767',1,'2014-06-02 10:06:24'),(545,'33299002945411400139887','1341900085173',1,'2014-05-30 09:19:00'),(546,'33299002945411400139887','3329900125276',1,'2014-12-23 09:41:58'),(547,'33299002945411400139887','3330401182411',1,'2014-05-28 15:25:22'),(548,'33299002945411400139887','3349900532980',0,'0000-00-00 00:00:00'),(549,'33299002945411400139887','1341800007588',1,'2014-06-02 09:28:55'),(550,'33299002945411400139887','3330400380341',0,'0000-00-00 00:00:00'),(551,'34511005264811400567210','3329900294541',1,'2014-05-20 14:02:43'),(552,'33299002945411400571200','3451100526481',1,'2014-05-20 15:33:11'),(553,'33299002945411400652908','3340100082981',1,'2014-05-21 17:40:37'),(554,'33401000829811400669011','3329900294541',1,'2014-05-22 08:36:11'),(555,'33299002945411400728121','3451100526481',0,'0000-00-00 00:00:00'),(556,'33401002540491401071577','3340100517121',1,'2014-05-29 10:10:00'),(557,'33401002540491401071577','3340100082981',1,'2014-05-26 14:08:38'),(558,'33401002540491401071577','3329900294541',1,'2014-05-26 12:55:11'),(559,'33401002540491401071577','3341500571549',1,'2014-06-10 20:25:14'),(560,'33401002540491401071577','3341100134109',0,'0000-00-00 00:00:00'),(561,'33401002540491401071577','3451100526481',1,'2014-05-27 21:42:10'),(562,'33401002540491401071577','3349900341891',0,'0000-00-00 00:00:00'),(563,'33401002540491401071577','3349800155483',1,'2014-05-28 13:06:12'),(564,'33401002540491401071577','3340100517139',0,'0000-00-00 00:00:00'),(565,'33401002540491401071577','3341400221767',1,'2014-05-30 09:16:05'),(566,'33401002540491401071577','1341900085173',1,'2014-05-30 09:19:10'),(567,'33401002540491401071577','3329900125276',1,'2014-06-02 12:46:09'),(568,'33401002540491401071577','3330401182411',1,'2014-05-28 15:25:05'),(569,'33401002540491401071577','3349900532980',0,'0000-00-00 00:00:00'),(570,'33401002540491401071577','1341800007588',1,'2014-06-02 09:28:45'),(571,'33401002540491401071577','3330400380341',0,'0000-00-00 00:00:00'),(572,'33299002945411401334315','3340100254049',0,'0000-00-00 00:00:00'),(573,'33299002945411401334315','3451100526481',0,'0000-00-00 00:00:00'),(574,'33299002945411401334999','3340100254049',1,'2014-06-02 13:48:35'),(577,'33401002540491401776731','3340100517121',1,'2014-06-04 09:50:34'),(578,'33401002540491401776731','3340100082981',1,'2014-06-03 16:31:56'),(579,'33401002540491401776731','3329900294541',1,'2014-06-04 09:54:04'),(580,'33401002540491401776731','3341500571549',1,'2014-06-10 20:25:16'),(581,'33401002540491401776731','3341100134109',0,'0000-00-00 00:00:00'),(582,'33401002540491401776731','3451100526481',1,'2018-11-08 18:02:24'),(583,'33401002540491401776731','3349900341891',0,'0000-00-00 00:00:00'),(584,'33401002540491401776731','3349800155483',0,'0000-00-00 00:00:00'),(585,'33401002540491401776731','3340100517139',1,'2014-06-17 11:00:23'),(586,'33401002540491401776731','3341400221767',1,'2014-06-04 09:15:24'),(587,'33401002540491401776731','1341900085173',1,'2014-06-17 09:12:27'),(588,'33401002540491401776731','3329900125276',1,'2014-06-04 09:48:45'),(589,'33401002540491401776731','3330401182411',1,'2014-06-04 09:00:24'),(590,'33401002540491401776731','3349900532980',0,'0000-00-00 00:00:00'),(591,'33401002540491401776731','1341800007588',1,'2014-06-03 14:07:29'),(592,'33401002540491401776731','3330400380341',0,'0000-00-00 00:00:00'),(593,'13418000075881401779257','3340100254049',1,'2014-06-04 11:15:39'),(594,'13418000075881401779257','3340100517121',0,'0000-00-00 00:00:00'),(595,'13418000075881401779257','3340100082981',1,'2014-06-03 16:32:25'),(596,'13418000075881401779257','3329900294541',1,'2014-06-04 09:53:51'),(597,'13418000075881401779257','3341500571549',1,'2014-06-10 20:25:28'),(598,'13418000075881401779257','3341100134109',0,'0000-00-00 00:00:00'),(599,'13418000075881401779257','3451100526481',1,'2014-06-03 14:23:49'),(600,'13418000075881401779257','3349900341891',0,'0000-00-00 00:00:00'),(601,'13418000075881401779257','3349800155483',0,'0000-00-00 00:00:00'),(602,'13418000075881401779257','3340100517139',0,'0000-00-00 00:00:00'),(603,'13418000075881401779257','3341400221767',1,'2014-06-04 09:20:05'),(604,'13418000075881401779257','1341900085173',1,'2014-06-05 14:46:53'),(605,'13418000075881401779257','3329900125276',1,'2014-06-04 09:49:19'),(606,'13418000075881401779257','3330401182411',1,'2014-06-04 09:06:18'),(607,'13418000075881401779257','3349900532980',0,'0000-00-00 00:00:00'),(608,'13418000075881401779257','3330400380341',0,'0000-00-00 00:00:00'),(609,'33401002540491401855373','3340100517121',1,'2014-06-05 10:35:56'),(610,'33401002540491401855373','3340100082981',1,'2014-06-04 14:23:48'),(611,'33401002540491401855373','3329900294541',1,'2014-06-05 10:17:59'),(612,'33401002540491401855373','3341500571549',1,'2014-06-10 20:24:32'),(613,'33401002540491401855373','3341100134109',0,'0000-00-00 00:00:00'),(614,'33401002540491401855373','3451100526481',1,'2014-06-05 09:07:14'),(615,'33401002540491401855373','3349900341891',0,'0000-00-00 00:00:00'),(616,'33401002540491401855373','3349800155483',1,'2018-11-07 10:37:12'),(617,'33401002540491401855373','3340100517139',1,'2014-06-17 10:59:58'),(618,'33401002540491401855373','3341400221767',1,'2014-06-05 14:45:36'),(619,'33401002540491401855373','1341900085173',1,'2014-06-05 14:46:57'),(620,'33401002540491401855373','3329900125276',0,'0000-00-00 00:00:00'),(621,'33401002540491401855373','3330401182411',1,'2014-06-05 08:47:07'),(622,'33401002540491401855373','3349900532980',0,'0000-00-00 00:00:00'),(623,'33401002540491401855373','1341800007588',1,'2014-06-04 11:31:11'),(624,'33401002540491401855373','3330400380341',0,'0000-00-00 00:00:00'),(625,'13418000075881402301241','3340100254049',1,'2014-06-25 10:16:08'),(626,'33299002945411408954777','3340100082981',1,'2014-08-25 16:07:13'),(627,'33401000829811408957687','3329900294541',1,'2014-08-27 09:13:52'),(628,'33401002540491410418909','3340100517121',1,'2014-11-18 08:53:34'),(629,'33401002540491410418909','3340100082981',1,'2014-09-12 09:18:04'),(630,'33401002540491410418909','3329900294541',1,'2014-09-16 08:49:27'),(631,'33401002540491410418909','3341500571549',1,'2014-09-12 18:48:21'),(632,'33401002540491410418909','3341100134109',0,'0000-00-00 00:00:00'),(633,'33401002540491410418909','3451100526481',1,'2018-08-31 14:57:10'),(634,'33401002540491410418909','3349900341891',0,'0000-00-00 00:00:00'),(635,'33401002540491410418909','3349800155483',0,'0000-00-00 00:00:00'),(636,'33401002540491410418909','3340100517139',0,'0000-00-00 00:00:00'),(637,'33401002540491410418909','3341400221767',0,'0000-00-00 00:00:00'),(638,'33401002540491410418909','1341900085173',1,'2014-11-06 13:50:38'),(639,'33401002540491410418909','3329900125276',0,'0000-00-00 00:00:00'),(640,'33401002540491410418909','3330401182411',1,'2014-09-12 09:23:40'),(641,'33401002540491410418909','3349900532980',0,'0000-00-00 00:00:00'),(642,'33401002540491410418909','1341800007588',1,'2014-09-15 09:50:16'),(643,'33401002540491410418909','3330400380341',0,'0000-00-00 00:00:00'),(644,'33401002540491410418909','3340400574359',1,'2018-11-07 10:50:13'),(645,'33299002945411415605178','1341900085173',0,'0000-00-00 00:00:00'),(646,'33404005743591541562613','3340100254049',1,'2018-11-07 10:51:16'),(647,'33401002540491541562676','3340400574359',0,'0000-01-01 00:00:00'),(648,'33401002540491541563563','3340100517121',1,'2018-11-15 09:32:41'),(649,'33401002540491541563563','3340100082981',1,'2018-11-07 11:09:40'),(650,'33401002540491541563563','3329900294541',1,'2018-11-07 11:09:32'),(651,'33401002540491541563563','3341100134109',0,'0000-01-01 00:00:00'),(652,'33401002540491541563563','3451100526481',1,'2018-11-08 14:35:14'),(653,'33401002540491541563563','3349900341891',1,'2018-11-08 18:59:45'),(654,'33401002540491541563563','3349800155483',1,'2018-12-20 12:19:56'),(655,'33401002540491541563563','3340100517139',1,'2018-11-07 11:10:04'),(656,'33401002540491541563563','3341400221767',0,'0000-01-01 00:00:00'),(657,'33401002540491541563563','3329900125276',0,'0000-01-01 00:00:00'),(658,'33401002540491541563563','3330401182411',1,'2018-11-07 11:12:11'),(659,'33401002540491541563563','3330400380341',0,'0000-01-01 00:00:00'),(660,'33401002540491541563563','3301800166518',1,'2018-11-07 21:30:27'),(661,'33401002540491541563563','3340400574359',0,'0000-01-01 00:00:00'),(662,'33401002540491541563563','1349900347655',1,'2018-11-08 09:48:21'),(663,'33299002945411541563772','3340100254049',1,'2018-11-08 09:16:08'),(664,'33401005171391541563804','3340100254049',1,'2018-11-08 09:15:24'),(665,'33401002540491541643324','3340100517139',1,'2018-11-19 13:45:16'),(666,'33401002540491541643368','3329900294541',1,'2018-11-08 12:47:22'),(667,'33299002945411541656042','3340100254049',1,'2018-11-19 06:39:13'),(668,'33499003418911541678385','3340100254049',1,'2018-11-19 06:39:16');

--
-- Table structure for table `meeting_main`
--

CREATE TABLE `meeting_main` (
  `id` int(11) NOT NULL AUTO_INCREMENT,
  `room` tinyint(4) NOT NULL,
  `book_date` date NOT NULL,
  `book_date_end` date NOT NULL,
  `start_time` tinyint(4) NOT NULL,
  `finish_time` tinyint(4) NOT NULL,
  `objective` varchar(200) NOT NULL,
  `book_person` varchar(13) NOT NULL,
  `rec_date` datetime NOT NULL,
  `approve` int(11) DEFAULT NULL,
  `reason` varchar(200) DEFAULT NULL,
  `person_num` int(11) NOT NULL,
  `other` varchar(250) NOT NULL,
  `officer` varchar(13) DEFAULT NULL,
  `officer_date` datetime DEFAULT NULL,
  PRIMARY KEY (`id`)
) ENGINE=MyISAM AUTO_INCREMENT=29 DEFAULT CHARSET=utf8 COLLATE=utf8_general_ci;

--
-- Dumping data for table `meeting_main`
--

INSERT INTO `meeting_main` VALUES (1,1,'2014-03-08','0000-00-00',8,12,'ประชุม','1341900085173','2014-03-07 13:11:55',1,NULL,16,'-','3340100254049','2014-03-12 11:09:04'),(2,1,'2014-03-15','0000-00-00',8,17,'จัดอบรมครูคณิตศาสตร์ระดับมัธยมศึกษาตอนต้น','3349900341891','2014-03-07 13:13:02',1,NULL,30,'','3340100254049','2014-03-12 11:09:04'),(4,1,'2014-03-07','0000-00-00',8,12,'ใช้อบรม','3340100517121','2014-03-07 13:13:54',1,NULL,50,'','3340100254049','2014-03-12 11:09:04'),(21,2,'2014-03-17','0000-00-00',8,12,'อบรมพ่อแม่ผู้ปกครองเกี่ยวกับการเลี้ยงดูเด็ก','3330401182411','2014-03-17 11:59:12',1,NULL,30,'','3340100254049','2014-03-17 12:02:08'),(7,1,'2014-03-07','0000-00-00',8,12,'อบรมโปรแกรมsmss','3329900125276','2014-03-07 13:14:50',1,NULL,50,'','3340100254049','2014-03-12 11:09:04'),(8,1,'2014-03-14','0000-00-00',17,24,'ฉลองงานแต่งงาน','3340100082981','2014-03-07 13:14:59',1,NULL,50,'ขอวงดนตรีด้วยค่ะ','3340100254049','2014-03-12 11:09:04'),(10,1,'2014-03-07','0000-00-00',8,12,'ประชุมเชิงปฏิบัติการ','3451100526481','2014-03-07 13:16:16',1,NULL,60,'','3340100254049','2014-03-12 11:09:04'),(17,1,'2014-04-24','0000-00-00',8,12,'จัดประชุม','3341500571549','2014-03-07 13:25:00',1,NULL,20,'','3340100254049','2014-03-12 11:09:04'),(13,2,'2014-04-16','0000-00-00',16,21,'ฉลองครูรวยๆๆๆๆๆๆๆๆ','3340100517139','2014-03-07 13:17:13',1,NULL,20,'','3340100254049','2014-03-12 11:09:04'),(16,2,'2014-03-28','0000-00-00',8,12,'จัดงานมุทิตาจิต','3341500571549','2014-03-07 13:22:17',1,NULL,80,'','3340100254049','2014-03-12 11:09:04'),(18,1,'2014-03-17','0000-00-00',8,12,'อบรมครูใช้ระบบ smss','3340100254049','2014-03-07 13:42:59',1,NULL,17,'','3340100254049','2014-03-07 13:43:54'),(19,1,'2014-03-12','0000-00-00',9,15,'รับการประเมินจาก สพป.อบ.4','3340100254049','2014-03-12 11:07:18',1,NULL,10,'','3340100254049','2014-03-12 11:09:04'),(22,1,'2014-04-11','0000-00-00',8,12,'จัดงานผ้าป่าโรงเรียน','3341500571549','2014-03-17 11:59:54',1,NULL,200,'','3340100254049','2014-03-17 12:02:08'),(23,2,'2014-03-17','0000-00-00',8,12,'จัดกิจกรรมนักเรียน','3349900532980','2014-03-17 12:00:11',1,NULL,10,'','3340100254049','2014-03-17 12:02:08'),(20,1,'2014-03-20','0000-00-00',18,23,'ฉลองงานแต่งงานใหม่','3329900294541','2014-03-17 11:57:15',1,NULL,150,'','3340100254049','2014-03-17 12:02:08'),(25,2,'2014-03-17','0000-00-00',8,12,'จัดกิจกรรมนักเรียน','3349900532980','2014-03-17 12:01:11',1,NULL,10,'','3340100254049','2014-03-17 12:02:08'),(26,1,'2014-04-11','0000-00-00',8,12,'จัดงานผ้าป่าโรงเรียน','3341500571549','2014-03-17 12:01:28',1,NULL,200,'','3340100254049','2014-03-17 12:02:08'),(28,1,'2014-03-02','0000-00-00',8,12,'ประชุม','3349800155483','2014-03-17 12:03:38',NULL,NULL,10,'',NULL,NULL);

--
-- Table structure for table `meeting_permission`
--

CREATE TABLE `meeting_permission` (
  `id` int(11) NOT NULL AUTO_INCREMENT,
  `person_id` varchar(13) NOT NULL,
  `p1` tinyint(4) NOT NULL,
  `officer` varchar(13) NOT NULL,
  `rec_date` date NOT NULL,
  PRIMARY KEY (`id`)
) ENGINE=MyISAM AUTO_INCREMENT=18 DEFAULT CHARSET=utf8 COLLATE=utf8_general_ci;

--
-- Dumping data for table `meeting_permission`
--

INSERT INTO `meeting_permission` VALUES (1,'3340100254049',1,'3340100517139','2014-03-07'),(2,'3340100517139',1,'3340100517139','2014-03-07'),(3,'1341900085173',1,'3340100517139','2014-03-07'),(4,'1341800007588',1,'3340100517139','2014-03-07'),(5,'3349900532980',1,'3340100254049','2014-03-17'),(6,'3341100134109',1,'3340100254049','2014-03-17'),(7,'3340100082981',1,'3340100254049','2014-03-17'),(8,'3341500571549',1,'3340100254049','2014-03-17'),(9,'3340100517121',1,'3340100254049','2014-03-17'),(10,'3451100526481',1,'3340100254049','2014-03-17'),(11,'3329900294541',1,'3340100254049','2014-03-17'),(12,'3330401182411',1,'3340100254049','2014-03-17'),(13,'1341900085173',1,'3340100254049','2014-03-17'),(14,'1341800007588',1,'3340100254049','2014-03-17'),(15,'3341400221767',1,'3340100254049','2014-03-17'),(16,'3329900125276',1,'3340100254049','2014-03-17'),(17,'3330400380341',1,'3340100254049','2014-03-17');

--
-- Table structure for table `meeting_room`
--

CREATE TABLE `meeting_room` (
  `id` int(11) NOT NULL AUTO_INCREMENT,
  `room_code` tinyint(4) NOT NULL,
  `room_name` varchar(100) NOT NULL,
  `active` int(11) NOT NULL DEFAULT 0,
  PRIMARY KEY (`id`)
) ENGINE=MyISAM AUTO_INCREMENT=11 DEFAULT CHARSET=utf8 COLLATE=utf8_general_ci;

--
-- Dumping data for table `meeting_room`
--

INSERT INTO `meeting_room` VALUES (1,1,'ห้องประชุม1',1),(2,2,'ห้องประชุม2',1),(3,3,'ห้องประชุม3',0),(4,4,'หอ้งประชุม4',0),(5,5,'ห้องประชุม5',0),(6,6,'ห้องประชุม6',0),(7,7,'ห้องประชุม7',0),(8,8,'ห้องประชุม8',0),(9,9,'ห้องประชุม9',0),(10,10,'ห้องประชุม10',0);

--
-- Table structure for table `news_mainitem`
--

CREATE TABLE `news_mainitem` (
  `id` int(11) NOT NULL AUTO_INCREMENT,
  `code` int(11) NOT NULL,
  `mainitem` varchar(150) NOT NULL,
  `item_active` tinyint(1) NOT NULL DEFAULT 0,
  PRIMARY KEY (`id`),
  UNIQUE KEY `code` (`code`)
) ENGINE=MyISAM DEFAULT CHARSET=utf8 COLLATE=utf8_general_ci;

--
-- Dumping data for table `news_mainitem`
--


--
-- Table structure for table `news_news`
--

CREATE TABLE `news_news` (
  `id` int(11) NOT NULL AUTO_INCREMENT,
  `report_date` datetime NOT NULL,
  `news` varchar(250) NOT NULL,
  `file` varchar(150) NOT NULL,
  `section` int(11) NOT NULL,
  `mainitem_code` int(11) NOT NULL,
  `officer` varchar(13) NOT NULL,
  PRIMARY KEY (`id`)
) ENGINE=MyISAM DEFAULT CHARSET=utf8 COLLATE=utf8_general_ci;

--
-- Dumping data for table `news_news`
--


--
-- Table structure for table `news_permission`
--

CREATE TABLE `news_permission` (
  `id` int(11) NOT NULL AUTO_INCREMENT,
  `person_id` varchar(13) NOT NULL,
  `p1` tinyint(4) NOT NULL,
  `officer` varchar(13) NOT NULL,
  `rec_date` date NOT NULL,
  PRIMARY KEY (`id`)
) ENGINE=MyISAM AUTO_INCREMENT=8 DEFAULT CHARSET=utf8 COLLATE=utf8_general_ci;

--
-- Dumping data for table `news_permission`
--

INSERT INTO `news_permission` VALUES (1,'3329900294541',1,'3329900294541','2014-03-07'),(2,'3340100082981',1,'3340100254049','2014-03-07'),(3,'1341800007588',1,'3340100254049','2014-03-07'),(4,'3340100517139',1,'3340100254049','2014-03-07'),(5,'3340100254049',1,'3340100254049','2014-03-07'),(6,'3349800211341',1,'1349900487465','2022-07-23'),(7,'1349900487465',1,'1349900487465','2022-07-23');

--
-- Table structure for table `news_section`
--

CREATE TABLE `news_section` (
  `id` int(11) NOT NULL AUTO_INCREMENT,
  `code` tinyint(4) NOT NULL,
  `name` varchar(100) NOT NULL,
  `mainitem_code` int(11) NOT NULL,
  PRIMARY KEY (`id`)
) ENGINE=MyISAM DEFAULT CHARSET=utf8 COLLATE=utf8_general_ci;

--
-- Dumping data for table `news_section`
--


--
-- Table structure for table `permission_date`
--

CREATE TABLE `permission_date` (
  `id` int(11) NOT NULL AUTO_INCREMENT,
  `person_id` varchar(13) NOT NULL,
  `ref_id` varchar(50) NOT NULL,
  `date` date NOT NULL,
  `rec_date` datetime NOT NULL,
  PRIMARY KEY (`id`)
) ENGINE=MyISAM AUTO_INCREMENT=56 DEFAULT CHARSET=utf8 COLLATE=utf8_general_ci;

--
-- Dumping data for table `permission_date`
--

INSERT INTO `permission_date` VALUES (1,'3329900294541','139417526314125','2014-03-10','2014-03-07 13:54:23'),(2,'3329900294541','139417526314125','2014-03-11','2014-03-07 13:54:23'),(3,'3329900294541','139417526314125','2014-03-12','2014-03-07 13:54:23'),(4,'3329900294541','139417546525698','2014-04-16','2014-03-07 13:57:45'),(5,'3329900294541','139417546525698','2014-04-17','2014-03-07 13:57:45'),(6,'3329900294541','139417546525698','2014-04-18','2014-03-07 13:57:45'),(7,'3329900294541','139417546525698','2014-04-19','2014-03-07 13:57:45'),(8,'3329900294541','139417546525698','2014-04-20','2014-03-07 13:57:45'),(17,'3340100082981','140186725823681','2014-06-07','2014-06-04 14:43:32'),(16,'3340100082981','140186725823681','2014-06-06','2014-06-04 14:43:32'),(15,'3340100082981','140186725823681','2014-06-05','2014-06-04 14:43:32'),(18,'3340100517139','140195661011221','2014-06-06','2014-06-05 15:23:30'),(19,'3340100517139','140195661011221','2014-06-07','2014-06-05 15:23:30'),(20,'3340100082981','14023866576915','2014-06-10','2014-06-10 14:50:57'),(21,'3329900294541','14035034513102','2014-06-27','2014-06-23 13:04:11'),(22,'3329900294541','14035034513102','2014-06-28','2014-06-23 13:04:11'),(28,'3330401182411','140618209012741','2014-07-26','2014-07-24 13:20:48'),(27,'3330401182411','140618209012741','2014-07-25','2014-07-24 13:20:48'),(30,'3329900125276','14061824342751','2014-07-26','2014-07-24 13:22:15'),(29,'3329900125276','14061824342751','2014-07-25','2014-07-24 13:22:15'),(31,'3340100082981','140731247530256','2014-08-06','2014-08-06 15:07:55'),(32,'1341900085173','140982119423105','2014-09-05','2014-09-04 15:59:54'),(33,'1341900085173','140982119423105','2014-09-06','2014-09-04 15:59:54'),(34,'1341900085173','140982119423105','2014-09-07','2014-09-04 15:59:54'),(44,'3340100082981','141173788424569','2014-09-26','2014-09-26 20:24:44'),(42,'3329900294541','141101782627467','2014-09-19','2014-09-18 12:23:46'),(43,'3340100082981','14110484977851','2014-09-19','2014-09-18 20:54:57'),(45,'3340100082981','141276139619565','2014-10-08','2014-10-08 16:43:16'),(46,'3330401182411','154294258319625','2018-12-01','2018-11-23 10:09:43'),(47,'3340100517139','154391002021759','2018-12-06','2018-12-04 14:53:40'),(48,'3340100517139','154391002021759','2018-12-07','2018-12-04 14:53:40'),(49,'3451100526481','154391319417163','2018-12-06','2018-12-04 15:46:34'),(50,'3451100526481','154391319417163','2018-12-07','2018-12-04 15:46:34'),(54,'3340100082981','154449743915866','2018-12-07','2018-12-11 10:04:41'),(53,'3340100082981','154449743915866','2018-12-06','2018-12-11 10:04:41'),(55,'3330401182411','1544596194890','2018-12-22','2018-12-12 13:29:54');

--
-- Table structure for table `permission_main`
--

CREATE TABLE `permission_main` (
  `id` int(11) NOT NULL AUTO_INCREMENT,
  `person_id` varchar(13) NOT NULL,
  `ref_id` varchar(50) NOT NULL,
  `subject` varchar(150) NOT NULL,
  `place` varchar(150) NOT NULL,
  `vehicle` varchar(150) DEFAULT NULL,
  `document` varchar(150) DEFAULT NULL,
  `no_comment` tinyint(4) NOT NULL DEFAULT 0,
  `grant_person_selected` varchar(13) DEFAULT NULL,
  `rec_date` datetime NOT NULL,
  `comment` varchar(200) DEFAULT NULL,
  `comment_person` varchar(13) DEFAULT NULL,
  `comment_date` datetime DEFAULT NULL,
  `grant_x` tinyint(4) DEFAULT NULL,
  `grant_comment` varchar(200) DEFAULT NULL,
  `grant_person` varchar(13) DEFAULT NULL,
  `grant_date` datetime DEFAULT NULL,
  `report` text DEFAULT NULL,
  `report_date` datetime DEFAULT NULL,
  PRIMARY KEY (`id`),
  UNIQUE KEY `ref_id` (`ref_id`)
) ENGINE=MyISAM AUTO_INCREMENT=23 DEFAULT CHARSET=utf8 COLLATE=utf8_general_ci;

--
-- Dumping data for table `permission_main`
--

INSERT INTO `permission_main` VALUES (3,'3340100082981','140186725823681','การอบรมการพัฒนากลวิธีการจัดการเรียนการสอนภาษาอังกฤษ ฯ','โรงแรมบ้านสวนอุบล กอลฟ์ แอนท์ รีสอร์ท','รถยนต์ส่วนตัว','',0,'3340100254049','2014-06-04 14:34:18',NULL,NULL,NULL,1,NULL,'3340100254049','2014-06-23 12:35:55',NULL,NULL),(4,'3340100517139','140195661011221','การอบรมหลักสูตรผู้คัดกรองคนพิการทางการศึกษา','โรงแรมลายทอง อำเภอเมือง จังหวัดอุบลราชธานี','','',0,'3340100254049','2014-06-05 15:23:30',NULL,NULL,NULL,1,NULL,'3340100254049','2014-06-23 12:35:55',NULL,NULL),(5,'3340100082981','14023866576915','ประชุมสัมมนาครูผู้สอนภาษาอังกฤษเตรียมเข้าสู่อาเซียน','โรงเรียนบ้านคูเมือง อำเภอวารินชำราบ','รถยนต์ส่วนตัว','',0,'3340100254049','2014-06-10 14:50:57',NULL,NULL,NULL,1,NULL,'3340100254049','2014-06-23 12:35:55',NULL,NULL),(6,'3329900294541','14035034513102','อบรมการป้องกันปัญหายาเสพติดในสถานศึกษา ปีการศึกษา 2557','สพป.อบ 4','รถยนต์ส่วนตัว','',0,'','2014-06-23 13:04:11',NULL,NULL,NULL,1,NULL,'3340100254049','2014-06-25 10:16:50',NULL,NULL),(7,'3330401182411','140618209012741','อบรมตามโครงการบ้านนักวิทยาศาสตร์น้อย','โรงเรียนอนุบาลวารินชำราบ(ก่อวิทยาคาร)','รถยนต์ส่วนบุคคล','',0,'','2014-07-24 13:08:10',NULL,NULL,NULL,1,NULL,'3340100254049','2014-08-18 10:04:22',NULL,NULL),(8,'3329900125276','14061824342751','อบรมตามโครงการบ้านนักวิทยาศาสตร์น้อย','โรงเรียนอนุบาลวารินชำราบ(ก่อวิทยาคาร)','รถยนต์ส่วนบุคล','',0,'','2014-07-24 13:13:54',NULL,NULL,NULL,1,NULL,'3340100254049','2014-08-18 10:04:22',NULL,NULL),(9,'3340100082981','140731247530256','ประชุมปฏิบัติการของบประมาณ','สพปฺ.อบ.เขต4','','',0,'','2014-08-06 15:07:55',NULL,NULL,NULL,1,NULL,'3340100254049','2014-08-18 10:04:22',NULL,NULL),(10,'1341900085173','140982119423105','ประชุมวิชาการระดับชาติ การยกระดับคุณภาพการศึกษาวิทยาศาสตร์ขั้นพื้นฐาน','โรงแรมแอมบาสเดอร์  กรุงเทพมหานคร','รถทัวร์','',1,'','2014-09-04 15:59:54',NULL,NULL,NULL,1,NULL,'3340100254049','2014-09-11 13:50:53',NULL,NULL),(14,'3329900294541','141101782627467','การประชุมคณะกรรมการจัดการแข่งขันงานวิชาการ','โรงเรียนบ้านเด็กวารินชำราบ','รถยนต์ส่วนตัว','',0,'3340100254049','2014-09-18 12:23:46',NULL,NULL,NULL,1,NULL,'3340100254049','2015-06-05 06:59:24',NULL,NULL),(15,'3340100082981','14110484977851','ีประชุมเตรียมงานแข่งขันงานศิลปหัตถกรรมกิจกรรมพัฒนาผู้เรียม','โรงเรียนบ้านกุดเป่ง','รถยนต์ส่วนตัว','',0,'3340100254049','2014-09-18 20:54:57',NULL,NULL,NULL,1,NULL,'3340100254049','2015-06-05 06:59:24',NULL,NULL),(16,'3340100082981','141173788424569','จัดทำงบประมาณซ่อมแซมระบบไฟฟ้า','สพปฺ.อบ.เขต4','รถยนต์ส่วนตัว','',0,'3340100254049','2014-09-26 20:24:44',NULL,NULL,NULL,1,NULL,'3340100254049','2015-06-05 06:59:24',NULL,NULL),(17,'3340100082981','141276139619565','ประชุมคณะกรรมการกิจกรรมพ้ฒนาผู้เรียน','โรงเรียนบ้านท่าข้องเหล็ก','รถยนต์ส่วนตัว','',0,'','2014-10-08 16:43:16',NULL,NULL,NULL,1,NULL,'3340100254049','2015-06-05 06:59:24',NULL,NULL),(18,'3330401182411','154294258319625','อบรมเชิงปฏิบัติการโครงการบ้านนักวิทยาศาสตร์น้อย','มหาวิทยาลัยอุบลราชธานี','รถยนต์ส่วนบุคคล','modules/permission/upload_files/doc_15429425832096.pdf',0,'3340100254049','2018-11-23 10:09:43',NULL,NULL,NULL,1,'','3340100254049','2018-11-27 05:38:51',NULL,NULL),(19,'3340100517139','154391002021759','นำนักเรียนไปแข่งขันงานศิลปหัตถกรรม','จังหวัดบุรีรัมย์','รถยนต์ส่วนตัว','',0,'3340100254049','2018-12-04 14:53:40',NULL,NULL,NULL,1,NULL,'3340100254049','2018-12-17 06:38:32',NULL,NULL),(20,'3451100526481','154391319417163','นำตัวแทนนักเรียนไปแข่งขันศิลปหัตถกรรม','จังหวัดบุรีรัมย์','รถยนต์ส่วนตัว','',0,'3340100254049','2018-12-04 15:46:34',NULL,NULL,NULL,1,NULL,'3340100254049','2018-12-17 06:38:32',NULL,NULL),(21,'3340100082981','154449743915866','พานักเรียนไปแข่งขันศิลปหัตถกรรม','จังหวัดบุรีรัมย์','รถยนต์ส่วนตัว','',0,'3340100254049','2018-12-11 10:03:59',NULL,NULL,NULL,1,NULL,'3340100254049','2018-12-17 06:38:32',NULL,NULL),(22,'3330401182411','1544596194890','อบรมหลักสูตรการจัดกิจกรรมการเรียนรู้แบบActive Learningสำหรับครูปฐมวัย','สพป.อุบลราชธานี เขต4','รถยนต์ส่วนบุคคล','',0,'3340100254049','2018-12-12 13:29:54',NULL,NULL,NULL,1,NULL,'3340100254049','2018-12-17 06:38:32',NULL,NULL);

--
-- Table structure for table `permission_permission`
--

CREATE TABLE `permission_permission` (
  `id` int(11) NOT NULL AUTO_INCREMENT,
  `person_id` varchar(13) NOT NULL,
  `p1` tinyint(4) NOT NULL,
  `officer` varchar(13) NOT NULL,
  `rec_date` date NOT NULL,
  PRIMARY KEY (`id`)
) ENGINE=MyISAM AUTO_INCREMENT=38 DEFAULT CHARSET=utf8 COLLATE=utf8_general_ci;

--
-- Dumping data for table `permission_permission`
--

INSERT INTO `permission_permission` VALUES (26,'1341800007588',1,'3340100254049','2014-03-07'),(8,'3451100526481',1,'3340100254049','2014-03-07'),(25,'1341900085173',1,'3340100254049','2014-03-07'),(11,'1341900085173',1,'3340100254049','2014-03-07'),(24,'3329900294541',1,'3340100254049','2014-03-07'),(13,'1341800007588',1,'3340100254049','2014-03-07'),(19,'3349800155483',1,'3340100254049','2014-03-07'),(21,'3340100082981',1,'3340100254049','2014-03-07'),(30,'1349900487465',1,'1349900487465','2022-07-23'),(31,'3340400574359',1,'1349900487465','2022-07-23'),(37,'4360200001914',1,'4360200001914','2025-08-02');

--
-- Table structure for table `permission_person_set`
--

CREATE TABLE `permission_person_set` (
  `id` int(11) NOT NULL AUTO_INCREMENT,
  `person_id` varchar(13) NOT NULL,
  `comment_person` varchar(13) DEFAULT NULL,
  `grant_person` varchar(13) DEFAULT NULL,
  `officer` varchar(13) DEFAULT NULL,
  `rec_date` date DEFAULT NULL,
  PRIMARY KEY (`id`),
  UNIQUE KEY `person_id` (`person_id`)
) ENGINE=MyISAM AUTO_INCREMENT=18 DEFAULT CHARSET=utf8 COLLATE=utf8_general_ci;

--
-- Dumping data for table `permission_person_set`
--

INSERT INTO `permission_person_set` VALUES (1,'3340100254049','3340100254049','3340100254049','3340100254049','2014-06-04'),(2,'3340100517121','3349900532980','3340100254049','3340100254049','2014-03-07'),(3,'3340100082981','3349900532980','3340100254049','3340100254049','2014-03-07'),(4,'3329900294541','3349900532980','3340100254049','3340100254049','2014-03-07'),(5,'3341500571549','3349900532980','3340100254049','3340100254049','2014-03-07'),(6,'3341100134109','3349900532980','3340100254049','3340100254049','2014-03-07'),(7,'3451100526481','3349900532980','3340100254049','3340100254049','2014-03-07'),(8,'3349900341891','3349900532980','3340100254049','3340100254049','2014-03-07'),(9,'3349800155483','3349900532980','3340100254049','3340100254049','2014-03-07'),(10,'3340100517139','3349900532980','3340100254049','3340100254049','2014-03-07'),(11,'3341400221767','3349900532980','3340100254049','3340100254049','2014-03-07'),(12,'1341900085173','3349900532980','3340100254049','3340100254049','2014-03-07'),(13,'3329900125276','3349900532980','3340100254049','3340100254049','2014-03-07'),(14,'3330401182411','3349900532980','3340100254049','3340100254049','2014-03-07'),(15,'3349900532980','3349900532980','3340100254049','3340100254049','2014-03-07'),(16,'1341800007588','3349900532980','3340100254049','3340100254049','2014-03-07'),(17,'3330400380341','3349900532980','3340100254049','3340100254049','2014-03-07');

--
-- Table structure for table `person_main`
--

CREATE TABLE `person_main` (
  `id` int(11) NOT NULL AUTO_INCREMENT,
  `person_id` varchar(13) NOT NULL,
  `prename` varchar(20) NOT NULL,
  `name` varchar(50) NOT NULL,
  `surname` varchar(50) NOT NULL,
  `position_code` tinyint(4) NOT NULL,
  `pic` varchar(150) DEFAULT NULL,
  `status` tinyint(4) NOT NULL DEFAULT 0,
  `person_order` tinyint(4) DEFAULT 0,
  `officer` varchar(13) NOT NULL,
  `rec_date` date NOT NULL,
  PRIMARY KEY (`id`),
  UNIQUE KEY `person_id` (`person_id`)
) ENGINE=MyISAM AUTO_INCREMENT=47 DEFAULT CHARSET=utf8 COLLATE=utf8_general_ci;

--
-- Dumping data for table `person_main`
--

INSERT INTO `person_main` VALUES (1,'3340100254049','นาย','อภัย ','ลาวรรณ',1,'modules/person/picture/3340100254049.PNG',1,1,'1349900487465','0000-00-00'),(2,'3340100517121','นาง','ปราณี',' ศรีสมุทร',3,'modules/person/picture/3340100517121.jpg',1,3,'1349900487465','0000-00-00'),(18,'3329900294540','นาง','พวงเพชร','จึงพิชาญวณิชย์',3,'modules/person/picture/3329900294541.jpg',1,7,'3340100082981','2014-03-06'),(5,'3341500571549','นาง','นัยนา',' เมฆฉาย',2,'modules/person/picture/3341500571549.jpg',1,4,'3340100254049','0000-00-00'),(32,'3349800159977','นางสาว','เพ็ญศรี','พลพันธ์',3,'modules/person/picture/3349800159977.PNG',0,9,'1349900487465','2020-12-01'),(31,'3300200504641','นาง','สินาภรณ์','จันสุตะ',3,'modules/person/picture/3300200504641.png',0,8,'1349900487465','2020-12-01'),(8,'3349900341891','นาง','มาราตรี ','ทองเนตร',3,'modules/person/picture/3349900341891.jpg',1,5,'3340100082981','0000-00-00'),(28,'3349800102690','นางสาว','รัศมี','เรือนเจริญ',3,'modules/person/picture/3349800102690.png',1,7,'1349900487465','2020-01-07'),(10,'3340100517139','นาง','อาภรณ์ ','เริ่มคิดการ',3,'modules/person/picture/3340100517139.PNG',1,2,'1349900487465','0000-00-00'),(11,'3341400221767','นาย','สมศักดิ์',' ก้อนด้วง',3,'modules/person/picture/3341400221767.jpg',1,2,'3340100082981','0000-00-00'),(26,'3329900125276','นาง','สุริยา','บุญทน',3,'',1,4,'3340100082981','2019-12-06'),(40,'3349900617021','นาง','สุดาภา','สายบุญ',3,'',0,13,'1349900487465','2024-07-11'),(41,'1349700101130','นางสาว','ยุพิน','อินทร์โสม',3,'',0,13,'1349900487465','2024-07-11'),(15,'3349900532980','นาง','คำมวล ','แสนทวีสุข',3,'modules/person/picture/3349900532980.jpg',1,2,'3340100082981','0000-00-00'),(19,'3330400380341','นาย','อธิเดช','สีถาการ',23,'modules/person/picture/3330400380341.png',0,14,'1349900487465','2014-03-07'),(22,'3301800166518','นาย','สมนึก','น้อมสูงเนิน',3,'modules/person/picture/3301800166518.png',1,2,'1349900487465','2018-08-21'),(20,'3340400574359','นาง','โสภา','แสงงาม',3,'modules/person/picture/3340400574359.png',0,4,'1349900487465','2014-08-22'),(30,'1349900487465','นาย','วิทวัส','พลพวก',3,'modules/person/picture/1349900487465.png',0,12,'1349900487465','2020-10-12'),(29,'1349900663999','นางสาว','ประภา','ชาคำรอด',32,'',1,14,'3340100082981','2020-08-05'),(39,'3341100094964','นางสาว','กิตติยาภรณ์ ','สมงาม',3,'',0,0,'1349900487465','2024-01-10'),(35,'1209700374005','นางสาว','วัชราภรณ์','จรลี',3,'modules/person/picture/1209700374005.png',0,10,'1349900487465','2021-06-28'),(36,'1349900631761','นางสาว','ธนฤทัย','สังฆะพรหม',3,'modules/person/picture/1349900631761.png',0,11,'1349900487465','2021-09-17'),(37,'1330400491511','นางสาว','ธันยารักษ์','สังโขบล',3,'modules/person/picture/1330400491511.png',0,15,'3340400574359','2022-07-11'),(38,'4360200001914','นางสาว','ชนัญชิดา','ชื่นตา',1,'',0,1,'1349900487465','2023-10-14'),(42,'3411100775472','นาง','ปพิชญา','สิงห์สุทธิ์',3,'',0,0,'1349900487465','2024-07-11'),(43,'1349900823554','นาย','ปิยพนธ์ ','พันแสนแก้ว',3,'',0,16,'3340400574359','2024-11-05'),(44,'1349900703575','นาย','พีระพัฒน์','แก่นพิทักษ์',3,'',0,17,'3340400574359','2024-11-05'),(45,'1379900153117','นางสาว','สุดารัตน์','วริวงค์',3,'',0,14,'4360200001914','2025-08-02'),(46,'5341100001679','นางสาว','จิราพร','แก้วลี',32,'',0,17,'3340400574359','2025-08-20');

--
-- Table structure for table `person_permission`
--

CREATE TABLE `person_permission` (
  `id` int(11) NOT NULL AUTO_INCREMENT,
  `person_id` varchar(13) NOT NULL,
  `p1` tinyint(4) NOT NULL,
  `officer` varchar(13) NOT NULL,
  `rec_date` date NOT NULL,
  PRIMARY KEY (`id`)
) ENGINE=MyISAM AUTO_INCREMENT=35 DEFAULT CHARSET=utf8 COLLATE=utf8_general_ci;

--
-- Dumping data for table `person_permission`
--

INSERT INTO `person_permission` VALUES (18,'1209700374005',1,'3340400574359','2024-01-10'),(17,'4360200001914',1,'3340400574359','2024-01-10'),(33,'1349900823554',1,'3340400574359','2024-11-05'),(20,'1349900631761',1,'1349900487465','2024-07-11'),(21,'1330400491511',1,'1349900487465','2024-07-11'),(22,'3411100775472',1,'1349900487465','2024-07-11'),(23,'1349700101130',1,'1349900487465','2024-07-11'),(34,'1349900703575',1,'3340400574359','2024-11-05'),(25,'1209700374005',1,'1349900487465','2024-07-11'),(26,'1349900487465',1,'1349900487465','2024-07-11'),(28,'3300200504641',1,'1349900487465','2024-07-11'),(30,'3349900617021',1,'1349900487465','2024-07-11'),(31,'3349800159977',1,'1349900487465','2024-07-11'),(32,'3340400574359',1,'1349900487465','2024-07-11');

--
-- Table structure for table `person_position`
--

CREATE TABLE `person_position` (
  `id` int(11) NOT NULL AUTO_INCREMENT,
  `position_code` int(11) NOT NULL,
  `position_name` varchar(50) NOT NULL,
  PRIMARY KEY (`id`),
  UNIQUE KEY `position_code` (`position_code`)
) ENGINE=MyISAM AUTO_INCREMENT=20 DEFAULT CHARSET=utf8 COLLATE=utf8_general_ci;

--
-- Dumping data for table `person_position`
--

INSERT INTO `person_position` VALUES (1,1,'ผู้อำนวยการโรงเรียน'),(3,3,'ครู'),(10,22,'ลูกจ้างประจำ(พนักงานขับรถยนต์))'),(14,32,'ลูกจ้างชั่วคราว(เจ้าหน้าที่ธุรการโรงเรียน)');

--
-- Table structure for table `plan_acti`
--

CREATE TABLE `plan_acti` (
  `id` int(11) NOT NULL AUTO_INCREMENT,
  `budget_year` int(11) DEFAULT NULL,
  `code_clus` tinyint(4) NOT NULL,
  `code_proj` char(3) NOT NULL DEFAULT '',
  `code_acti` char(6) NOT NULL DEFAULT '',
  `code_approve` char(3) NOT NULL DEFAULT '',
  `budget_acti` decimal(10,2) NOT NULL DEFAULT 0.00,
  `budget_approve` decimal(10,2) NOT NULL DEFAULT 0.00,
  `dayinput` date NOT NULL DEFAULT '0000-00-00',
  `daythai` char(13) NOT NULL DEFAULT '',
  `name_acti` char(150) NOT NULL,
  `owner_acti` char(50) NOT NULL DEFAULT '',
  `id_defalt` char(13) NOT NULL DEFAULT '',
  `dayseri` datetime NOT NULL DEFAULT '0000-00-00 00:00:00',
  `begin_date` date NOT NULL,
  `finish_date` date NOT NULL,
  `stop` tinyint(1) DEFAULT NULL,
  PRIMARY KEY (`id`)
) ENGINE=MyISAM AUTO_INCREMENT=391 DEFAULT CHARSET=utf8 COLLATE=utf8_general_ci;

--
-- Dumping data for table `plan_acti`
--

INSERT INTO `plan_acti` VALUES (27,2557,1,'007','007001','117',40000.00,0.00,'0000-00-00','3 พ.ค. 2557','นำนักเรียนไปทัศนศึกษา','','','0000-00-00 00:00:00','2014-05-16','2015-03-31',NULL),(23,2557,1,'005','005001','110',3000.00,0.00,'0000-00-00','7 พ.ค. 2557','จัดซื้อพัสดุในการจัดทำข้อมูล','','','0000-00-00 00:00:00','2014-05-31','2014-03-31',NULL),(20,2557,1,'002','002001','108',10000.00,0.00,'0000-00-00','3 พ.ค. 2557','ปรับปรุง พัฒนาห้องเรียน และจัดหาสื่อการเรียนการสอน','','','2014-05-03 02:12:21','2014-05-16','2015-03-31',NULL),(28,2557,1,'008','008001','109',26000.00,0.00,'0000-00-00','3 พ.ค. 2557','ปรับปรุงและพัฒนาห้องสมุด','','','2014-05-03 02:42:13','2014-03-10','2015-03-31',NULL),(48,2557,1,'004','004001','109',3000.00,0.00,'0000-00-00','9 พ.ค. 2557','จัดซื้อสื่อและอุปกรณ์การเรียน','','','0000-00-00 00:00:00','2014-05-16','2015-03-31',NULL),(24,2557,1,'006','006002','109',12000.00,0.00,'0000-00-00','28 ก.ค. 2557','จัดซื้อสื่อและพัสดุการศึกษาระดับประถม','','','0000-00-00 00:00:00','2014-05-16','2015-03-31',NULL),(14,2557,1,'009','009002','116',53730.00,0.00,'0000-00-00','3 พ.ค. 2557','จ่ายค่าเครื่องแบบนักเรียน','','','0000-00-00 00:00:00','2014-05-12','2014-06-30',NULL),(25,2557,1,'006','006003','110',18000.00,0.00,'0000-00-00','28 ก.ค. 2557','จัดซื้อสื่อและพัสดุการศึกษาระดับมัธยม','','','0000-00-00 00:00:00','2014-05-16','2015-03-31',NULL),(21,2557,1,'002','002002','108',10000.00,0.00,'0000-00-00','5 พ.ค. 2557','ปรับปรุงและพัฒนาแหล่งเรียนรู้นอกห้องเรียน','','','0000-00-00 00:00:00','2014-05-16','2015-03-31',NULL),(22,2557,1,'003','003001','110',3000.00,0.00,'0000-00-00','13 พ.ค. 2557','จัดซื้อสื่อและอุปกรณ์การเรียน','','','0000-00-00 00:00:00','2014-05-16','2015-03-31',NULL),(13,2557,1,'009','009001','114',88912.00,0.00,'0000-00-00','3 พ.ค. 2557','จัดซื้อหนังสือเรียน','','','0000-00-00 00:00:00','2014-03-31','2014-04-30',NULL),(26,2557,1,'006','006004','109',5000.00,0.00,'0000-00-00','3 พ.ค. 2557','ซ่อมบำรุงเครื่องคอมพิวเตอร์','','','2014-05-03 02:32:19','2014-05-16','2014-03-31',NULL),(15,2557,1,'009','009003','115',25845.00,0.00,'0000-00-00','3 พ.ค. 2557','จ่ายค่าอุปกรณ์การเรียนภาคเรียนที่ 1/2557','','','0000-00-00 00:00:00','2014-05-12','2014-06-30',NULL),(16,2557,1,'006','006001','110',10000.00,0.00,'0000-00-00','3 พ.ค. 2557','จัดซื้อหมึกเครื่องถ่ายเอกสารและเครื่องพิมพ์','','','0000-00-00 00:00:00','2014-03-30','2015-10-31',NULL),(17,2557,1,'001','001001','108',3000.00,0.00,'0000-00-00','3 พ.ค. 2557','พัฒนาครูผู้สอนระดับปฐมวัย','','','0000-00-00 00:00:00','2014-03-30','2015-03-31',NULL),(18,2557,1,'001','001002','108',23000.00,0.00,'0000-00-00','3 พ.ค. 2557','จัดซื้อพัสดุการศึกษา','','','0000-00-00 00:00:00','2014-03-30','2015-03-30',NULL),(19,2557,1,'009','009004','115',25845.00,0.00,'0000-00-00','3 พ.ค. 2557','จ่ายค่าอุปกรณ์การเรียนภาคเรียนที่ 2/2557','','','2014-05-03 12:15:22','2014-10-10','2014-12-31',NULL),(29,2557,1,'\\\'0','\\\'008\\','110',26000.00,0.00,'0000-00-00','3 พ.ค. 2557','ปรับปรุงและพัฒนาห้องสมุด','','','2014-05-03 02:43:13','2014-03-10','2015-03-31',NULL),(30,2557,1,'008','008002','110',26000.00,0.00,'0000-00-00','3 พ.ค. 2557','ปรับปรุงและพัฒนาห้องสมุด','','','2014-05-03 02:45:22','2014-03-10','2015-03-31',NULL),(31,2557,1,'010','010001','109',5000.00,0.00,'0000-00-00','7 พ.ค. 2557','จัดซื้อสื่อและพัสดุการศึกษา','','','0000-00-00 00:00:00','2014-05-16','2015-03-31',NULL),(32,2557,2,'019','019001','110',3000.00,0.00,'0000-00-00','7 พ.ค. 2557','จัดทำเอกสารงานการเงิน','','','0000-00-00 00:00:00','2014-05-15','2015-03-31',NULL),(33,2557,2,'019','019002','110',20000.00,0.00,'0000-00-00','3 พ.ค. 2557','จ่ายค่าสาธารณุปโภค','','','2014-05-03 02:55:32','2014-05-16','2015-03-31',NULL),(34,2557,2,'019','019003','109',20000.00,0.00,'0000-00-00','3 พ.ค. 2557','จ่ายค่าสาธารณูปโภค','','','2014-05-03 02:57:39','2014-05-16','2014-03-31',NULL),(35,2557,2,'020','020001','109',3000.00,0.00,'0000-00-00','9 พ.ค. 2557','จัดซื้อวัสดุสำนักงาน','','','0000-00-00 00:00:00','2014-05-16','2015-03-31',NULL),(36,2557,2,'020','020002','110',2000.00,0.00,'0000-00-00','9 พ.ค. 2557','จัดทำเอกสารงานพัสดุ','','','0000-00-00 00:00:00','2014-05-16','2014-03-31',NULL),(37,2557,3,'021','021001','109',15000.00,0.00,'0000-00-00','9 พ.ค. 2557','ประชุม อบรม ทัศนศึกษาดูงาน','','','0000-00-00 00:00:00','2014-05-03','2014-09-30',NULL),(38,2557,3,'021','021002','110',15000.00,0.00,'0000-00-00','9 พ.ค. 2557','ประชุม อบรม ทัศนศึกษาดูงาน','','','0000-00-00 00:00:00','2014-05-16','2014-03-31',NULL),(39,2557,3,'022','022001','110',1000.00,0.00,'0000-00-00','9 พ.ค. 2557','จัดทำเอกสารการนิเทศ','','','0000-00-00 00:00:00','2014-05-16','2015-03-31',NULL),(40,2557,4,'011','011001','110',3000.00,0.00,'0000-00-00','7 พ.ค. 2557','จัดซื้อพัสดุการศึกษา','','','0000-00-00 00:00:00','2014-05-16','2014-03-31',NULL),(41,2557,4,'012','012001','109',2000.00,0.00,'0000-00-00','3 พ.ค. 2557','ซื้อเวชภัณฑ์ยา','','','2014-05-03 03:13:29','2014-05-16','2014-03-31',NULL),(42,2557,4,'012','012002','118',206000.00,0.00,'0000-00-00','3 พ.ค. 2557','ค่าอาหารกลางวันนักเรียน','','','2014-05-03 03:14:45','2014-05-16','2015-03-31',NULL),(43,2557,4,'013','013001','109',2000.00,0.00,'0000-00-00','9 พ.ค. 2557','จัดทำเอกสารด้านกีฬา','','','0000-00-00 00:00:00','2014-05-16','2015-03-31',NULL),(44,2557,4,'013','013002','109',3000.00,0.00,'0000-00-00','9 พ.ค. 2557','จัดการแข่งขันกีฬาภายใน','','','0000-00-00 00:00:00','2014-05-16','2014-03-31',NULL),(45,2557,4,'013','013003','110',4000.00,0.00,'0000-00-00','9 พ.ค. 2557','เข้าร่วมแข่งขันกีฬากลุ่ม','','','0000-00-00 00:00:00','2014-05-03','2014-09-30',NULL),(46,2557,4,'014','014001','109',1000.00,0.00,'0000-00-00','26 ก.ค. 2557','จัดซื้อวัสดุอุปกรณ์ในการจัดทำเอกสารข้อมูล','','','0000-00-00 00:00:00','2014-05-16','2015-03-31',NULL),(47,2557,4,'014','014002','110',2000.00,0.00,'0000-00-00','26 ก.ค. 2557','จัดซื้อหมึกพิมพ์และอุปกรณ์คอมพิวเตอร์','','','0000-00-00 00:00:00','2014-05-16','2015-03-31',NULL),(49,2557,1,'004','004002','117',12000.00,0.00,'0000-00-00','9 พ.ค. 2557','กิจกรรมเข้าค่ายพักแรมลูกเสือ เนตรนารี','','','0000-00-00 00:00:00','2014-05-16','2015-03-31',NULL),(58,2557,4,'014','014003','108',5000.00,0.00,'0000-00-00','26 ก.ค. 2557','จัดทำป้ายไวนิลข้อมูลสารสนเทศของโรงเรียน','','','2014-07-26 07:23:28','2014-05-16','2014-03-31',NULL),(51,2557,4,'015','015001','109',2000.00,0.00,'0000-00-00','7 พ.ค. 2557','จัดซื้อวัสดุ อุปกรณ์ในการจัดกิจกรรม','','','0000-00-00 00:00:00','2014-05-16','2015-03-31',NULL),(52,2557,4,'015','015002','110',3000.00,0.00,'0000-00-00','7 พ.ค. 2557','ค่าดำเนินงานจัดกิจกรรม','','','0000-00-00 00:00:00','2014-05-16','2014-03-31',NULL),(53,2557,4,'016','016001','109',25000.00,0.00,'0000-00-00','5 พ.ค. 2557','ปรับปรุงซ่อมแซมอาคารเรียน อาคารประกอบ','','','2014-05-05 11:08:41','2014-05-16','2015-03-31',NULL),(54,2557,4,'016','016002','110',25000.00,0.00,'0000-00-00','5 พ.ค. 2557','ปรับปรุงพัฒนาแหล่งเรียนรู้โรงเรียน','','','2014-05-05 11:10:22','2014-05-16','2014-03-31',NULL),(55,2557,4,'017','017001','109',3000.00,0.00,'0000-00-00','7 พ.ค. 2557','จัดซื้อวัสดุอุปกรณ์ในการจัดกิจกรรม','','','0000-00-00 00:00:00','2014-05-16','2015-03-30',NULL),(56,2557,4,'018','018001','109',1000.00,0.00,'0000-00-00','7 พ.ค. 2557','จัดซื้อว้สดุอุปกรณ์ในการจัดทำเอกสาร','','','0000-00-00 00:00:00','2014-05-16','2015-03-31',NULL),(57,2557,4,'018','018002','110',2000.00,0.00,'0000-00-00','7 พ.ค. 2557','จัดซื้อวัสดุอุปกรณ์เพื่อปรับปรุงห้องสหกรณ์','','','0000-00-00 00:00:00','2014-05-05','2014-09-30',NULL),(59,2557,1,'006','006005','108',8000.00,0.00,'0000-00-00','28 ก.ค. 2557','เชื่อมต่อและจ่ายรายเดือนระบบเครือข่ายอินเทอร์เน็ต','','','0000-00-00 00:00:00','2014-07-28','2015-03-31',NULL),(60,2557,1,'006','006006','109',10000.00,0.00,'0000-00-00','28 ก.ค. 2557','เชื่อมต่อและจ่ายรายเดือนระบบเครือข่ายอินเทอร์เน็ต','','','2014-07-28 09:27:04','2014-07-28','2015-03-30',NULL),(61,2557,1,'006','006007','110',12000.00,0.00,'0000-00-00','28 ก.ค. 2557','เชื่อมต่อและจ่ายรายเดือนระบบเครือข่ายอินเทอร์เน็ต','','','2014-07-28 09:28:22','2014-07-28','2015-03-30',NULL),(62,2557,4,'011','011002','112',17000.00,0.00,'0000-00-00','6 ส.ค. 2557','ค่าจ้างเหมารถรับ-ส่งนักเรียน(เงินปัจจัยพื้นฐานนักเรียนยากจนประถม)','','','0000-00-00 00:00:00','2014-08-06','2014-09-30',NULL),(63,2557,4,'011','011003','113',21000.00,0.00,'0000-00-00','6 ส.ค. 2557','ค่าจ้างเหมารถรับ-ส่งนักเรียน(เงินปัจจัยพื้นฐานนักเรียนยากจนมัธยมต้น)','','','0000-00-00 00:00:00','2014-08-06','2014-09-30',NULL),(64,2557,4,'023','023001','119',10000.00,0.00,'0000-00-00','9 ก.ย. 2557','ค่าวิทยากร','','','2014-09-09 01:11:44','2014-05-16','2014-09-30',NULL),(65,2559,1,'001','001001','113',2000.00,0.00,'0000-00-00','26 พ.ย. 2558','พัฒนาครูผู้สอนระดับปฐมวัย','','','2015-11-26 01:34:54','2015-11-16','2016-03-30',NULL),(66,2559,1,'001','001002','113',10700.00,0.00,'0000-00-00','30 พ.ย. 2558','จัดซื้อเสื้อผ้าและพัสดุการศึกษาสร้างนวัตกรรม','','','0000-00-00 00:00:00','2015-11-16','2016-03-30',NULL),(67,2559,1,'002','002001','113',20000.00,0.00,'0000-00-00','26 พ.ย. 2558','จัดซื้อสื่อและอุปกรณ์การเรียน','','','2015-11-26 01:44:00','2015-11-16','2016-03-31',NULL),(68,2559,1,'003','003001','113',40000.00,0.00,'0000-00-00','1 ธ.ค. 2558','จัดซื้อสื่อและอุปกรณ์','','','0000-00-00 00:00:00','2015-10-01','2016-03-31',NULL),(69,2559,1,'003','003002','117',30000.00,0.00,'0000-00-00','26 พ.ย. 2558','สร้างแหล่งเรียนรู้','','','2015-11-26 01:48:03','2015-11-16','2016-03-31',NULL),(70,2559,1,'003','003003','117',11000.00,0.00,'0000-00-00','1 ธ.ค. 2558','ค่าดำเนินงานการจัดกิจกรรม','','','0000-00-00 00:00:00','2015-10-01','2016-03-31',NULL),(71,2559,1,'001','001003','113',40000.00,0.00,'0000-00-00','30 พ.ย. 2558','สร้างแหล่งเรียนรู้เพื่อพัฒนาสมอง','','','2015-11-30 03:14:55','2015-11-16','2016-03-30',NULL),(72,2559,2,'006','006001','113',14200.00,0.00,'0000-00-00','14 พ.ค. 2559','จัดซื้อวัสดุ อุปกรณ์ในการจัดทำเอกสาร','','','0000-00-00 00:00:00','2015-11-16','2016-03-31',NULL),(73,2559,2,'006','006002','102',40000.00,0.00,'0000-00-00','30 พ.ย. 2558','จ่ายค่าสาธารณูปโภค','','','2015-11-30 03:25:20','2015-11-30','2016-03-31',NULL),(74,2559,4,'009','009001','113',2000.00,0.00,'0000-00-00','1 ธ.ค. 2558','ค่าจัดซื้อเวชภัณฑ์ยา','','','2015-12-01 10:01:11','2015-11-16','2016-03-31',NULL),(75,2559,4,'009','009002','118',231000.00,0.00,'0000-00-00','1 ธ.ค. 2558','ค่าอาหารกลางวันนักเรียน','','','2015-12-01 10:07:40','2015-11-16','2016-03-31',NULL),(76,2559,4,'009','009003','121',5000.00,0.00,'0000-00-00','12 ก.พ. 2559','จัดซื้อวัสดุ อุปกรณ์เครื่องครัว','','','0000-00-00 00:00:00','2015-11-16','2016-03-31',NULL),(77,2559,4,'009','009004','121',15000.00,0.00,'0000-00-00','12 ก.พ. 2559','ค่าปุ๋ย อาหารสัตว์เลี้ยง วัคซีน','','','0000-00-00 00:00:00','2015-11-16','2016-03-31',NULL),(78,2559,4,'008','008001','113',20000.00,0.00,'0000-00-00','27 ม.ค. 2559','ปรับปรุงภูมิทัศน์และระบบความปลอดภัยในโรงเรียน','','','0000-00-00 00:00:00','2015-10-01','2016-03-31',NULL),(79,2559,4,'008','008002','113',5000.00,0.00,'0000-00-00','1 ธ.ค. 2558','ซื้ออุปกรณ์การทำความสะอาด','','','2015-12-01 10:26:45','2015-10-01','2016-03-31',NULL),(80,2559,4,'008','008003','113',15000.00,0.00,'0000-00-00','27 ม.ค. 2559','ปรับปรุงซ่อมแซมอาคารเรียน อาคารประกอบ','','','0000-00-00 00:00:00','2015-10-01','2016-03-31',NULL),(81,2559,1,'004','004001','113',5000.00,0.00,'0000-00-00','1 ธ.ค. 2558','จัดซื้อวัสดุ อุปกรณ์','','','2015-12-01 10:57:21','2015-10-01','2016-03-31',NULL),(82,2559,1,'004','004002','113',10000.00,0.00,'0000-00-00','1 ธ.ค. 2558','ปรับปรุงระบบอินเตอร์เน็ต','','','2015-12-01 11:00:23','2015-10-01','2016-03-31',NULL),(83,2559,1,'004','004003','113',5000.00,0.00,'0000-00-00','1 ธ.ค. 2558','จัดซื้ออุปกรณ์สำนักงาน','','','2015-12-01 11:03:17','2015-10-01','2016-03-31',NULL),(84,2559,1,'005','005001','113',5000.00,0.00,'0000-00-00','1 ธ.ค. 2558','จัดหาวัสดุอุปกรณ์','','','2015-12-01 11:05:16','2015-10-01','2016-03-31',NULL),(85,2559,1,'005','005002','113',5000.00,0.00,'0000-00-00','1 ธ.ค. 2558','ค่าดำเนินงานกิจกรรม','','','2015-12-01 11:06:49','2015-10-01','2016-03-31',NULL),(86,2559,3,'007','007001','113',20000.00,0.00,'0000-00-00','1 ธ.ค. 2558','ประชุม สัมมนา ทัศนศึกษาดูงาน','','','2015-12-01 11:08:54','2015-10-01','2016-03-31',NULL),(87,2559,4,'010','010001','113',5000.00,0.00,'0000-00-00','1 ธ.ค. 2558','จัดซื้อ วัสดุอุปกรณ์','','','2015-12-01 11:10:03','2015-10-01','2016-03-31',NULL),(88,2559,2,'006','006003','112',91000.00,0.00,'0000-00-00','14 พ.ค. 2559','จ้างเหมารถรับ-ส่งนักเรียน','','','0000-00-00 00:00:00','2015-05-16','2016-03-31',NULL),(89,2559,2,'006','006004','112',25000.00,0.00,'0000-00-00','15 ม.ค. 2559','จ้างเหมาทำอาหารนักเรียนยากจนชั้นม.1-3','','','2016-01-15 10:32:57','2015-11-01','2016-03-31',NULL),(90,2559,4,'009','009005','121',4600.00,0.00,'0000-00-00','12 ก.พ. 2559','จัดซื้อพันธ์ุพืช พันธ์ุสัตว์เลี้ยง','','','0000-00-00 00:00:00','2016-01-03','2016-03-30',NULL),(91,2559,2,'006','006005','115',67250.00,0.00,'0000-00-00','14 พ.ค. 2559','จ่ายเงินอุปกรณ์การเรียน','','','2016-05-14 06:49:36','2016-05-12','2016-03-31',NULL),(92,2559,2,'006','006006','116',68610.00,0.00,'0000-00-00','14 พ.ค. 2559','จ่ายเงินเครื่องแบบนักเรียน','','','2016-05-14 06:50:59','2016-05-12','2016-03-31',NULL),(93,2559,2,'006','006007','107',51645.00,0.00,'0000-00-00','14 พ.ค. 2559','คืนเงินประกันสัญญา','','','2016-05-14 06:53:26','2016-05-12','2016-03-31',NULL),(94,2559,2,'006','006008','114',80000.00,0.00,'0000-00-00','19 พ.ค. 2559','จ่ายค่าหนังสือเรียน','','','2016-05-19 02:28:26','2016-05-17','2016-03-31',NULL),(95,2559,4,'011','011001','113',5000.00,0.00,'0000-00-00','15 มิ.ย. 2559','ซื้อวัสดุ  อุปกรณ์','','','2016-06-15 05:40:28','2016-05-15','2016-09-30',NULL),(96,2559,4,'011','011002','113',10000.00,0.00,'0000-00-00','15 มิ.ย. 2559','ค่าดำเนินงานจัดกิจกรรม','','','2016-06-15 05:41:18','2016-05-15','2016-09-30',NULL),(97,2560,1,'001','001001','113',10000.00,0.00,'2559-10-26','26 ต.ค. 2559','จัดซื้อพัสดุ สร้างนวัตกรรม','','','2016-10-26 17:39:51','2016-10-26','2017-04-30',NULL),(98,2560,1,'002','002001','113',10000.00,0.00,'2559-10-26','26 ต.ค. 2559','จัดซื้อสื่อและวัสดุอุปกรณ์','','','2016-10-26 17:41:36','2016-10-26','2017-04-30',NULL),(99,2560,1,'002','002002','117',20000.00,0.00,'2559-10-26','26 ต.ค. 2559','ค่ำดำเนินงานกิจกรรม','','','2016-10-26 17:44:47','2016-10-26','2017-04-30',NULL),(100,2560,1,'003','003001','113',10000.00,0.00,'2559-10-26','26 ต.ค. 2559','จัดซื้อสื่อแลวัสดุอุปกรณ์','','','2016-10-26 17:43:05','2016-10-26','2017-04-30',NULL),(101,2560,1,'003','003002','117',10000.00,0.00,'2559-10-26','26 ต.ค. 2559','ค่าดำเนินงานกิจกรรม','','','2016-10-26 17:44:26','2016-10-26','2017-04-30',NULL),(102,2560,1,'004','004001','113',5000.00,0.00,'2559-10-26','26 ต.ค. 2559','จัดซื้อสื่อและวัสดุอุปกรณ์','','','2016-10-26 17:45:58','2016-10-26','2017-04-30',NULL),(103,2560,1,'005','005001','113',3000.00,0.00,'2559-10-26','26 ต.ค. 2559','จัดซื้อสื่อและวัสดุอุปกรณ์','','','2016-10-26 17:47:32','2016-10-26','2017-04-30',NULL),(104,2560,1,'005','005002','113',7000.00,0.00,'2559-10-26','26 ต.ค. 2559','ซ่อมแซมเครื่องและระบบภายในห้องคอมพิวเตอร์','','','2016-10-26 17:52:33','2016-10-26','2017-04-30',NULL),(105,2561,1,'001','001001','113',10000.00,0.00,'2560-11-10','10 พ.ย. 2560','จัดซื้อเครื่องพิมพ์และพัสดุการศึกษาสร้างนวัตกรรม','','','2017-11-10 13:46:54','2017-11-10','2018-09-30',NULL),(106,2561,1,'001','001002','113',2000.00,0.00,'2560-11-10','10 พ.ย. 2560','พัฒนาครูผู้สอนปฐมวัย','','','2017-11-10 13:47:32','2017-11-10','2018-09-30',NULL),(107,2561,1,'001','001003','113',30500.00,0.00,'2560-11-10','10 พ.ย. 2560','ปรับปรุง ซ่อมแซม สร้างแหล่งเรียนรู้','','','2017-11-10 13:48:52','2017-11-10','2018-09-30',NULL),(108,2562,1,'001','001001','113',10000.00,0.00,'2561-11-22','22 พ.ย. 2561','จัดซื้อวัสดุ อุปกรณ์เพื่อสร้างนวัตกรรม','','','2018-11-22 11:12:06','2018-11-22','2019-09-30',NULL),(109,2562,1,'001','001002','113',2000.00,0.00,'2561-11-22','22 พ.ย. 2561','พัฒนาครูผู้สอนระดับปฐมวัย','','','2018-11-22 11:12:48','2018-11-22','2019-09-30',NULL),(110,2562,1,'001','001003','113',16900.00,0.00,'2561-11-22','22 พ.ย. 2561','ปรับปรุงซ่อมแซม สร้างแหล่งเรียนรู้','','','2018-11-22 11:14:00','2018-11-22','2019-09-30',NULL),(111,2562,1,'002','002001','113',40000.00,0.00,'2018-11-22','22 พ.ย. 2561','จัดซื้อสื่อ วัสดุอุปกรณ์','','','2018-11-22 11:16:42','2018-10-01','2019-09-30',NULL),(112,2562,1,'002','002002','113',15000.00,0.00,'2018-11-22','22 พ.ย. 2561','ค่าดำเนินการจัดกิจกรรม','','','2018-11-22 11:17:34','2018-10-22','2019-09-30',NULL),(113,2562,1,'003','003001','113',6780.00,0.00,'2018-11-22','22 พ.ย. 2561','จัดซื้อสื่อ วัสดุอุปกรณ์','','','2018-11-22 11:20:23','2018-10-01','2019-09-30',NULL),(114,2562,1,'003','003002','113',30000.00,0.00,'2018-11-22','22 พ.ย. 2561','ค่าดำเนินการกิจกรรม','','','2018-11-22 11:21:25','2018-10-01','2019-09-30',NULL),(115,2562,1,'004','004001','113',5000.00,0.00,'2561-11-22','22 พ.ย. 2561','จัดซื้อสื่อ วัสดุอุปกรณ์','','','2018-11-22 11:26:47','2018-10-01','2019-09-30',NULL),(116,2562,1,'005','005001','113',8000.00,0.00,'2561-11-22','22 พ.ย. 2561','ซ่อมแซมเครื่องระบบอิเลคโทนิค','','','2018-11-22 11:30:30','2018-10-01','2019-09-30',NULL),(117,2562,1,'005','005002','113',7000.00,0.00,'2561-11-22','22 พ.ย. 2561','จัดซื้อสื่อ วัสดุอุปกรณ์','','','2018-11-22 11:31:28','2018-10-01','2019-09-30',NULL),(118,2562,1,'006','006001','113',13000.00,0.00,'2561-11-22','22 พ.ย. 2561','จัดซื้อวัสดุอุปกรณ์ หาพันธ์สัตว์เลี้ยง พันธ์พืช','','','2018-11-22 11:35:08','2018-10-01','2019-09-30',NULL),(119,2562,1,'007','007001','117',4000.00,0.00,'2561-11-22','22 พ.ย. 2561','จัดซื้อสื่อ วัสดุ อุปกรณ์','','','2018-11-22 11:37:50','2018-10-01','2019-09-30',NULL),(120,2562,1,'007','007002','117',15000.00,0.00,'2561-11-22','22 พ.ย. 2561','กิจกรรมเข้าค่ายลูกเสือ เนตรนารี','','','2018-11-22 11:39:01','2018-10-01','2019-09-30',NULL),(121,2562,1,'007','007003','117',1000.00,0.00,'2561-11-22','22 พ.ย. 2561','กิจกรรมลูกเสือต้านภัยยาเสพติด','','','2018-11-22 11:40:33','2018-10-01','2019-09-30',NULL),(122,2562,1,'007','007004','117',5000.00,0.00,'2561-11-22','22 พ.ย. 2561','กิจกรรมเข้าร่วมการแข่งขัน','','','2018-11-22 11:41:23','2018-10-01','2019-09-30',NULL),(123,2562,1,'008','008001','113',2000.00,0.00,'2561-11-22','22 พ.ย. 2561','จัดซื้อวัสดุ อุปกรณ์','','','2018-11-22 13:16:06','2018-10-01','2019-09-30',NULL),(124,2562,1,'008','008002','113',2000.00,0.00,'2561-11-22','22 พ.ย. 2561','ประชุม อบรม สัมมนาการจัดทำแผน','','','2018-11-22 13:17:08','2018-10-01','2019-09-30',NULL),(125,2562,1,'009','009001','113',80000.00,0.00,'2561-11-22','22 พ.ย. 2561','จ้างครูอัตราจ้าง','','','2018-11-22 13:19:36','2018-10-01','2019-09-30',NULL),(126,2562,4,'010','010001','113',16000.00,0.00,'2018-11-28','22 พ.ย. 2561','ปรับปรุงซ่อมแซมอาคารเรียน อาคารอเนกประสงค์','','','2018-11-22 13:24:21','2018-10-01','2019-09-30',NULL),(127,2562,4,'010','010002','113',15000.00,0.00,'2018-11-28','22 พ.ย. 2561','ปรับปรุงภูมิทัศน์และแหล่งเรียนรู้ในโรงเรียน','','','2018-11-22 13:25:29','2018-10-01','2019-09-30',NULL),(128,2562,4,'010','010003','113',3000.00,0.00,'2561-11-22','22 พ.ย. 2561','ซื้อวัสดุ อุปกรณ์ น้ำมันเชื้อเพลิง','','','2018-11-22 13:28:52','2018-10-01','2019-09-30',NULL),(129,2562,4,'010','010004','113',16000.00,0.00,'2018-11-28','22 พ.ย. 2561','ซ่อมบำรุงรถตัดหญ้า กล้องวงจรปิด','','','2018-11-22 13:30:17','2018-10-01','2019-09-30',NULL),(130,2562,4,'011','011001','113',1000.00,0.00,'2561-11-22','22 พ.ย. 2561','จัดซื้อสื่อ วัสดุอุปกรณ์','','','2018-11-22 13:33:56','2018-10-01','2019-09-30',NULL),(131,2562,4,'012','012001','113',3000.00,0.00,'2561-11-22','22 พ.ย. 2561','จัดซื้อสื่อ วัสดุอุปกรณ์','','','2018-11-22 13:37:10','2018-10-01','2019-09-30',NULL),(132,2562,4,'012','012002','113',6000.00,0.00,'2561-11-22','22 พ.ย. 2561','ค่าดำเนินการจัดกิจกรรม','','','2018-11-22 13:38:15','2018-10-01','2019-09-30',NULL),(133,2562,4,'013','013001','113',1990.00,0.00,'2561-11-22','22 พ.ย. 2561','จัดซื้อสื่อ วัสดุอุปรณ์','','','2018-11-22 13:40:51','2018-10-01','2019-09-30',NULL),(134,2562,4,'013','013002','113',3000.00,0.00,'2561-11-22','22 พ.ย. 2561','จัดซื้อเสื้อกีฬานักเรียน','','','2018-11-22 13:41:55','2018-10-01','2019-09-30',NULL),(135,2562,4,'013','013003','113',1000.00,0.00,'2561-11-22','22 พ.ย. 2561','กิจกรรมรณรงค์ต่อต้านยาเสพติด','','','2018-11-22 13:43:03','2018-10-01','2019-09-30',NULL),(136,2562,4,'013','013004','117',18000.00,0.00,'2561-11-22','22 พ.ย. 2561','แข่งขันกีฬาภายในและภายนอกโรงเรียน','','','2018-11-22 13:44:39','2018-10-22','2019-09-30',NULL),(137,2562,4,'014','014001','113',2000.00,0.00,'2018-11-22','22 พ.ย. 2561','จัดซื้อวัสดุ อุปกรณ์เครื่องครัว','','','2018-11-22 13:47:56','2018-10-01','2019-09-30',NULL),(138,2562,4,'014','014002','113',1400.00,0.00,'2561-11-22','22 พ.ย. 2561','จัดซื้อแก๊งหุงต้ม','','','2018-11-22 13:48:43','2018-10-01','2019-09-30',NULL),(139,2562,4,'015','015001','113',5000.00,0.00,'2561-11-22','22 พ.ย. 2561','ซื้อวัสดุ อุปกรณ์ เวชภัณฑ์ยา','','','2018-11-22 14:18:14','2018-10-22','2019-09-30',NULL),(140,2562,4,'016','016001','113',2000.00,0.00,'2561-11-22','22 พ.ย. 2561','จัดซื้อวัสดุ อุปกรณ์','','','2018-11-22 14:22:42','2018-10-01','2019-09-30',NULL),(141,2562,2,'017','017001','113',11130.00,0.00,'2561-11-22','22 พ.ย. 2561','จัดซื้อวัสดุ อุปกรณ์','','','2018-11-22 14:31:51','2018-10-01','2019-09-30',NULL),(142,2562,2,'017','017002','115',28000.00,0.00,'2561-11-22','22 พ.ย. 2561','ค่าอุปกรณ์การเรียน','','','2018-11-22 14:34:20','2018-10-01','2019-09-30',NULL),(143,2562,2,'017','017003','113',40000.00,0.00,'2561-11-22','22 พ.ย. 2561','ค่าสาธารณูปโภค','','','2018-11-22 14:35:19','2018-10-01','2019-09-30',NULL),(144,2562,2,'017','017004','112',24000.00,0.00,'2019-03-06','22 พ.ย. 2561','ค่าจ้างเหมารถรับ-ส่งนักเรียน','','','2018-11-22 14:36:22','2018-10-01','2019-09-30',NULL),(145,2562,2,'017','017005','112',10000.00,0.00,'2561-11-22','22 พ.ย. 2561','ค่าเสื้อกีฬา เสื้อกิจกรรมนักเรียน','','','2018-11-22 14:38:01','2018-10-01','2019-09-30',NULL),(146,2562,3,'018','018001','113',38000.00,0.00,'2561-11-22','22 พ.ย. 2561','ประชุม อบรม สัมมนา ทัศนศึกษาดูงาน','','','2018-11-22 14:40:54','2018-10-01','2019-09-30',NULL),(147,2562,4,'014','014003','118',278109.00,0.00,'2019-01-07','22 พ.ย. 2561','อาหารกลางวันนักเรียน','','','2018-11-22 15:00:41','2018-10-01','2019-09-30',NULL),(148,2562,4,'014','014004','118',30000.00,0.00,'2562-01-07','7 ม.ค. 2562','จ้างแม่ครัวประกอบอาหาร','','','2019-01-07 09:14:39','2018-11-01','2019-03-30',NULL),(149,2562,2,'017','017006','112',6000.00,0.00,'2562-03-06','6 มี.ค. 2562','จ้างเหมาทำอาหารกลางวันนักเรียน','','','2019-03-06 12:28:01','2019-03-06','2019-09-30',NULL),(150,2562,2,'017','017007','116',57450.00,0.00,'2562-05-15','15 พ.ค. 2562','ค่าเครื่องแบบนักเรียน','','','2019-05-15 20:36:37','2019-05-15','2019-09-30',NULL),(151,2562,2,'017','017008','114',100000.00,0.00,'2562-06-25','25 มิ.ย. 2562','ค่าหนังสือเรียน','','','2019-06-25 17:23:36','2019-04-01','2019-09-30',NULL),(152,2563,1,'001','001001','113',18000.00,0.00,'2562-11-21','21 พ.ย. 2562','ซื้อวัสดุ อุปกรณ์','','','2019-11-21 14:57:26','2019-10-01','2020-09-30',NULL),(153,2563,1,'001','001002','113',10900.00,0.00,'2562-11-21','21 พ.ย. 2562','ดำเนินกิจกรรม','','','2019-11-21 14:58:16','2019-10-01','2020-09-30',NULL),(154,2563,1,'002','002001','113',5000.00,0.00,'2019-11-22','21 พ.ย. 2562','จัดซื้อวัสดุ อุปกรณ์','','','2019-11-21 14:59:28','2019-10-01','2020-09-30',NULL),(155,2563,1,'002','002002','113',9580.00,0.00,'2019-11-22','21 พ.ย. 2562','ดำเนินกิจกรรม','','','2019-11-21 15:00:29','2019-10-01','2020-09-30',NULL),(156,2563,1,'002','002003','117',20000.00,0.00,'2562-11-21','21 พ.ย. 2562','ทัศนศึกษา','','','2019-11-21 15:01:11','2019-10-01','2020-09-30',NULL),(157,2563,1,'003','003001','113',24000.00,0.00,'2562-11-21','21 พ.ย. 2562','จัดซื้อวัสดุ อุปกรณ์','','','2019-11-21 15:02:20','2019-10-01','2020-09-30',NULL),(158,2563,1,'003','003002','113',15000.00,0.00,'2019-11-21','21 พ.ย. 2562','ค่าดำเนินกิจกรรม','','','2019-11-21 15:03:30','2019-10-01','2020-09-30',NULL),(159,2563,1,'003','003003','117',15000.00,0.00,'2562-11-21','21 พ.ย. 2562','แข่งขันทักษะวิชาการ','','','2019-11-21 15:05:20','2019-10-01','2020-09-30',NULL),(160,2563,1,'004','004001','113',5000.00,0.00,'2562-11-21','21 พ.ย. 2562','จัดซื้อวัสดุ อุปกรณ์','','','2019-11-21 15:06:17','2019-10-01','2020-09-30',NULL),(161,2563,1,'005','005001','113',2000.00,0.00,'2562-11-21','21 พ.ย. 2562','จัดซื้อวัสดุ อุปกรณ์','','','2019-11-21 15:07:54','2019-10-01','2020-09-30',NULL),(162,2563,1,'005','005002','113',5000.00,0.00,'2562-11-21','21 พ.ย. 2562','ปรับปรุง ซ่อมแซมระบบเทคโนโลยี','','','2019-11-21 15:09:30','2019-10-01','2020-09-30',NULL),(163,2563,4,'012','012001','113',20000.00,0.00,'2562-11-21','21 พ.ย. 2562','จัดซื้อวัสดุอุปกรณ์','','','2019-11-21 15:12:24','2019-10-01','2020-09-30',NULL),(164,2563,4,'012','012002','113',20000.00,0.00,'2562-11-21','21 พ.ย. 2562','ปรับปรุงซ่อมแซม ปรับภูมิทัศน์และแหล่งเรียนรู้','','','2019-11-21 15:13:55','2019-10-01','2020-09-30',NULL),(165,2563,4,'015','015001','117',10890.00,0.00,'2019-11-21','21 พ.ย. 2562','จัดซื้อวัสดุ อุปกรณ์ เสื้อกีฬา','','','2019-11-21 15:15:32','2019-10-01','2020-09-30',NULL),(166,2563,4,'015','015002','117',10000.00,0.00,'2562-11-21','21 พ.ย. 2562','แข่งขันกีฬาภายใน ภายนอก','','','2019-11-21 15:16:34','2019-10-01','2020-09-30',NULL),(167,2563,4,'016','016001','113',2400.00,0.00,'2019-11-21','21 พ.ย. 2562','จัดซื้อวัสดุ อุปกรณ์ แก๊สหุงต้ม','','','2019-11-21 15:20:45','2019-10-01','2020-09-30',NULL),(168,2563,4,'016','016002','113',3000.00,0.00,'2562-11-21','21 พ.ย. 2562','ค่าจ้างแม่ครัวประกอบอาหาร','','','2019-11-21 15:22:45','2019-10-01','2020-09-30',NULL),(169,2563,4,'016','016003','118',236000.00,0.00,'2562-11-21','21 พ.ย. 2562','ค่าอาหารกลางวันนักเรียน','','','2019-11-21 15:26:48','2019-10-01','2020-09-30',NULL),(170,2563,4,'017','017001','113',5000.00,0.00,'2562-11-21','21 พ.ย. 2562','จัดซื้อวัสดุ อุปกรณ์ เวชภัณฑ์ยา','','','2019-11-21 15:29:05','2019-10-01','2020-09-30',NULL),(171,2563,4,'018','018001','117',3000.00,0.00,'2562-11-21','21 พ.ย. 2562','จัดซื้อวัสดุ อุปกรณ์','','','2019-11-21 15:29:53','2019-10-01','2020-09-30',NULL),(172,2563,4,'013','013001','117',1000.00,0.00,'2562-11-21','21 พ.ย. 2562','จัดซื้อวัสดุ อุปกรณ์','','','2019-11-21 15:31:02','2019-10-01','2020-09-30',NULL),(173,2563,4,'014','014001','117',2000.00,0.00,'2562-11-21','21 พ.ย. 2562','จัดซื้อวัสดุ อุปกรณ์','','','2019-11-21 15:31:56','2019-10-01','2020-09-30',NULL),(174,2563,4,'014','014002','117',6000.00,0.00,'2562-11-21','21 พ.ย. 2562','ค่าดำเนินกิจกรรม','','','2019-11-21 15:33:39','2019-10-01','2020-09-30',NULL),(175,2563,1,'009','009001','113',40000.00,0.00,'2562-11-21','21 พ.ย. 2562','จัดซื้อวัสดุ อุปกรณ์','','','2019-11-21 15:34:56','2019-10-01','2020-09-30',NULL),(176,2563,1,'009','009002','113',40000.00,0.00,'2562-11-21','21 พ.ย. 2562','ค่าจ้างครูอัตราจ้าง','','','2019-11-21 15:35:42','2019-10-01','2020-09-30',NULL),(177,2563,2,'010','010001','113',14785.00,0.00,'2019-11-22','22 พ.ย. 2562','จัดซื้อวัสดุ อุปกรณ์','','','2019-11-22 10:48:38','2019-10-01','2020-09-30',NULL),(178,2563,2,'010','010002','112',12380.00,0.00,'2019-11-22','22 พ.ย. 2562','เงินปัจจัยพื้นฐานนักเรียนยากจน','','','2019-11-22 10:57:53','2019-10-01','2020-09-30',NULL),(179,2563,2,'010','010003','115',28835.00,0.00,'2562-11-22','22 พ.ย. 2562','ค่าอุปกรณ์การเรียน','','','2019-11-22 11:01:12','2019-10-01','2020-09-30',NULL),(180,2563,1,'006','006001','113',10000.00,0.00,'2562-11-22','22 พ.ย. 2562','จัดซื้อวัสดุ อุปกรณ์','','','2019-11-22 11:02:18','2019-10-01','2020-09-30',NULL),(181,2563,1,'008','008001','113',2000.00,0.00,'2562-11-22','22 พ.ย. 2562','จัดซื้อวัสดุ อุปกรณ์','','','2019-11-22 11:03:16','2019-10-01','2020-09-30',NULL),(182,2563,1,'007','007001','117',4000.00,0.00,'2562-11-22','22 พ.ย. 2562','จัดซื้อวัสดุ อุปกรณ์','','','2019-11-22 11:04:13','2019-10-01','2020-09-30',NULL),(183,2563,1,'007','007002','117',10000.00,0.00,'2562-11-22','22 พ.ย. 2562','ค่าดำเนินกิจกรรม','','','2019-11-22 11:05:53','2019-10-01','2020-09-30',NULL),(184,2563,3,'011','011001','113',15000.00,0.00,'2562-11-22','22 พ.ย. 2562','จัดซื้อวัสดุ อุปกรณ์','','','2019-11-22 11:10:52','2019-10-01','2020-09-30',NULL),(185,2563,3,'011','011002','113',25000.00,0.00,'2562-11-22','22 พ.ย. 2562','ประชุม อบรม ทัศนศึกษาดูงาน','','','2019-11-22 11:11:50','2019-10-01','2020-09-30',NULL),(186,2563,2,'010','010004','113',44000.00,0.00,'2019-11-22','22 พ.ย. 2562','ค่าสาธารณูปโภค','','','2019-11-22 14:08:22','2019-10-01','2020-09-30',NULL),(187,2564,4,'015','015001','113',5400.00,0.00,'2563-10-26','26 ต.ค. 2563','จัดซื้อวัสดุ อุปกรณ์','','','2020-10-26 14:46:42','2020-10-01','2021-09-30',NULL),(188,2564,4,'015','015002','118',218000.00,0.00,'2563-10-26','26 ต.ค. 2563','อาหารกลางวันนักเรียน','','','2020-10-26 14:47:31','2020-10-01','2021-09-30',NULL),(189,2564,1,'002','002001','113',10000.00,0.00,'2563-10-26','26 ต.ค. 2563','จัดซื้อวัสดุ อุปกรณ์ ทำป้ายไวนิล','','','2020-10-26 14:49:38','2020-10-01','2021-09-30',NULL),(190,2564,1,'002','002002','117',20000.00,0.00,'2563-10-26','26 ต.ค. 2563','ค่าดำเนินกิจกรรม อบรม เข้าค่าย','','','2020-10-26 14:50:57','2020-10-01','2021-09-30',NULL),(191,2564,2,'009','009001','113',4800.00,0.00,'2020-10-30','27 ต.ค. 2563','จัดซื้อวัสดุ อุปกรณ์','','','2020-10-27 10:20:24','2020-10-01','2021-09-30',NULL),(192,2564,2,'009','009002','113',10000.00,0.00,'2563-10-30','30 ต.ค. 2563','ซ่อมรถโรงเรียน','','','2020-10-30 13:35:02','2020-10-01','2021-09-30',NULL),(193,2564,2,'009','009003','112',30000.00,0.00,'2563-10-30','30 ต.ค. 2563','จ้างคนขับรถรับ-ส่งนักเรียน','','','2020-10-30 13:37:57','2020-10-01','2021-09-30',NULL),(194,2564,2,'009','009004','112',10000.00,0.00,'2563-10-30','30 ต.ค. 2563','ชุดกีฬา เสื้อกิจกรรม','','','2020-10-30 13:39:17','2020-10-30','2021-09-30',NULL),(195,2564,2,'009','009005','113',20000.00,0.00,'2563-10-30','30 ต.ค. 2563','สาธารณูปโภค','','','2020-10-30 13:40:15','2020-10-30','2021-09-30',NULL),(196,2564,1,'003','003001','113',30000.00,0.00,'2020-10-30','30 ต.ค. 2563','จัดซื้อวัสดุ อุปกรณ์','','','2020-10-30 13:41:09','2020-10-01','2021-09-30',NULL),(197,2564,1,'003','003002','113',50000.00,0.00,'2563-10-30','30 ต.ค. 2563','ค่าดำเนินกิจกรรม','','','2020-10-30 13:42:58','2020-10-01','2021-09-30',NULL),(198,2564,1,'003','003003','113',25000.00,0.00,'2563-10-30','30 ต.ค. 2563','ค่าจ้างผู้ดูแลเด็ก/ครูอัตราจ้าง','','','2020-10-30 13:44:25','2020-10-01','2021-09-30',NULL),(199,2564,4,'011','011001','113',15000.00,0.00,'2563-11-05','5 พ.ย. 2563','จัดซื้อวัสดุ อุปกรณ์','','','2020-11-05 13:16:50','2020-10-01','2021-09-30',NULL),(200,2564,4,'011','011002','113',25000.00,0.00,'2563-11-05','5 พ.ย. 2563','ปรับปรุงอาคารสถานที่ แหล่งเรียนรู้','','','2020-11-05 13:17:42','2020-10-01','2021-09-30',NULL),(201,2564,4,'017','017001','113',3000.00,0.00,'2563-12-01','1 ธ.ค. 2563','จัดซื้อวัสดุ อุปกรณ์','','','2020-12-01 14:59:07','2020-12-01','2021-09-30',NULL),(202,2564,4,'016','016001','113',7000.00,0.00,'2563-12-01','1 ธ.ค. 2563','จัดซื้อ วัสดุ อุปกรณ์','','','2020-12-01 14:59:58','2020-12-01','2021-09-30',NULL),(203,2564,4,'014','014001','113',10000.00,0.00,'2563-12-01','1 ธ.ค. 2563','จัดซื้อวัสดุ อุปกรณ์','','','2020-12-01 15:02:02','2020-12-01','2021-09-30',NULL),(204,2564,4,'014','014002','117',10000.00,0.00,'2563-12-01','1 ธ.ค. 2563','ดำเนินกิจกรรม','','','2020-12-01 15:02:40','2020-12-01','2021-09-30',NULL),(205,2564,4,'013','013001','113',5000.00,0.00,'2563-12-01','1 ธ.ค. 2563','จัดซื้อวัสดุ อุปกรณ์ ป้ายไวนิล','','','2020-12-01 15:03:38','2020-12-01','2021-09-30',NULL),(206,2564,4,'013','013002','117',3000.00,0.00,'2563-12-01','1 ธ.ค. 2563','ค่าดำเนินกิจกรรม','','','2020-12-01 15:04:08','2020-12-01','2021-09-30',NULL),(207,2564,4,'012','012001','117',1000.00,0.00,'2563-12-01','1 ธ.ค. 2563','ค่าดำเนินกิจกรรม','','','2020-12-01 15:05:09','2020-12-01','2021-09-30',NULL),(208,2564,1,'001','001001','113',5000.00,0.00,'2563-12-01','1 ธ.ค. 2563','จัดซื้อ วัสดุอุปกรณ์ ป้ายไวนิล','','','2020-12-01 15:06:22','2020-12-01','2021-09-30',NULL),(209,2564,1,'001','001002','117',5000.00,0.00,'2563-12-01','1 ธ.ค. 2563','ค่าดำเนินกิจกรรม','','','2020-12-01 15:08:02','2020-12-01','2021-09-30',NULL),(210,2564,1,'001','001003','113',15000.00,0.00,'2563-12-01','1 ธ.ค. 2563','ปรับปรุง ซ่อมแซมแหล่งเรียนรู้','','','2020-12-01 15:09:01','2020-12-01','2021-09-30',NULL),(211,2564,1,'004','004001','113',5000.00,0.00,'2563-12-01','1 ธ.ค. 2563','จัดซื้อวัสดุ อุปกรณ์ ป้ายไวนิล','','','2020-12-01 15:09:47','2020-12-01','2021-09-30',NULL),(212,2564,1,'005','005001','113',3000.00,0.00,'2563-12-01','1 ธ.ค. 2563','จัดซื้อวัสดุ อุปกรณ์ ป้ายไวนิล','','','2020-12-01 15:10:36','2020-12-01','2021-09-30',NULL),(213,2564,1,'005','005002','113',7000.00,0.00,'2563-12-01','1 ธ.ค. 2563','ปรับปรุง ซ่อมแซมระบบ ICT','','','2020-12-01 15:11:26','2020-12-01','2021-09-30',NULL),(214,2564,3,'010','010001','113',40000.00,0.00,'2563-12-01','1 ธ.ค. 2563','ประชุม อบรม ทัศนศึกษาดูงาน','','','2020-12-01 15:12:54','2020-12-01','2021-09-30',NULL),(215,2564,1,'008','008001','113',2000.00,0.00,'2563-12-01','1 ธ.ค. 2563','จัดซื้อ วัสดุ อุปกรณ์','','','2020-12-01 15:13:31','2020-12-01','2021-09-30',NULL),(216,2564,1,'006','006001','113',3000.00,0.00,'2563-12-01','1 ธ.ค. 2563','จัดซื้อวัสดุ อุปกรณ์ ป้ายไวนิล','','','2020-12-01 15:14:26','2020-12-01','2021-09-30',NULL),(217,2564,1,'006','006002','113',7000.00,0.00,'2563-12-01','1 ธ.ค. 2563','ปรับปรุง ซ่อมแซมแหล่งเรียนรู้','','','2020-12-01 15:15:41','2020-12-01','2021-09-30',NULL),(218,2564,1,'007','007001','117',2000.00,0.00,'2563-12-01','1 ธ.ค. 2563','จัดซื้อวัสดุ อุปกรณ์','','','2020-12-01 15:16:16','2020-12-01','2021-09-30',NULL),(219,2564,1,'007','007002','117',10000.00,0.00,'2563-12-01','1 ธ.ค. 2563','ดำเนินการเดินทางไกล เข้าค่ายพักแรม','','','2020-12-01 15:17:04','2020-12-01','2021-09-30',NULL),(220,2564,2,'009','009006','115',30000.00,0.00,'2563-12-23','23 ธ.ค. 2563','ค่าอุปกรณ์การเรียน','','','2020-12-23 14:10:05','2020-12-01','2021-09-30',NULL),(221,2564,2,'009','009007','120',5000.00,0.00,'2564-02-02','2 ก.พ. 2564','จ่ายนักรียนยากจนพิเศษ','','','2021-02-02 12:47:50','2021-02-02','2021-09-30',NULL),(222,2564,2,'009','009008','114',80000.00,0.00,'2564-05-15','15 พ.ค. 2564','ค่าหนังสือเรียน','','','2021-05-15 14:11:51','2021-05-01','2021-09-30',NULL),(223,2564,2,'009','009009','116',50000.00,0.00,'2564-05-15','15 พ.ค. 2564','ค่าเครื่องแบบนักเรียน','','','2021-05-15 14:12:32','2021-05-01','2021-09-30',NULL),(224,2565,1,'001','001001','113',12000.00,0.00,'2022-02-17','16 ต.ค. 2564','จัดซื้ออุปกรณ์เครื่องเล่น','','','2021-10-16 15:44:04','2021-10-01','2022-09-30',NULL),(225,2565,1,'001','001002','113',8000.00,0.00,'2021-10-17','16 ต.ค. 2564','จัดซื้อวัสพดึอุปกรณ์\r\nทำป้ายไวนีล\r\nจัดหาสื่อการเรียนการสอน','','','2021-10-16 15:47:14','2021-10-01','2022-09-30',NULL),(226,2565,1,'002','002001','117',5000.00,0.00,'2021-10-17','16 ต.ค. 2564',' กิจกรรมปฐมนิเทศ\r\n','','','2021-10-16 15:50:56','2021-10-01','2022-09-30',NULL),(227,2565,1,'002','002002','113',3000.00,0.00,'2021-10-17','17 ต.ค. 2564','กิจกรรมชุมนุม','','','2021-10-17 11:47:54','2021-10-01','2022-09-30',NULL),(228,2565,1,'002','002003','113',3000.00,0.00,'2021-10-17','17 ต.ค. 2564','3 กิจกรรมระบบการดูแลช่วยเหลือนักเรียน\r\n/แนะแนว\r\n','','','2021-10-17 11:48:49','2021-10-01','2022-09-30',NULL),(229,2565,1,'002','002004','113',15000.00,0.00,'2021-10-17','17 ต.ค. 2564','กิจกรรมทัศนศึกษาแหล่งเรียนรู้','','','2021-10-17 11:49:57','2021-10-01','2022-09-30',NULL),(230,2565,1,'002','002005','113',4000.00,0.00,'2021-10-17','17 ต.ค. 2564','กิจกรรมปัจฉิมนิเทศ','','','2021-10-17 11:51:42','2021-10-01','2022-09-30',NULL),(231,2565,1,'004','004001','113',5000.00,0.00,'2021-10-17','17 ต.ค. 2564','จัดซื้อวัสดุ/ อุปกรณ์/สิ่งพิมพ์','','','2021-10-17 13:12:44','2021-10-01','2022-09-30',NULL),(232,2565,1,'003','003001','113',5000.00,0.00,'2021-10-17','17 ต.ค. 2564','จัดซื้อ แบบ ปพ.','','','2021-10-17 13:22:04','2021-10-01','2022-09-30',NULL),(233,2565,1,'003','003002','113',80000.00,0.00,'2021-10-17','17 ต.ค. 2564','สื่อ  วัสดุ  อุปกรณ์','','','2021-10-17 13:23:46','2021-10-01','2022-09-30',NULL),(234,2565,1,'003','003003','113',20000.00,0.00,'2021-10-17','17 ต.ค. 2564','ค่าดำเนินการจัดกิจกรรม','','','2021-10-17 13:29:51','2021-10-01','2022-09-30',NULL),(235,2565,1,'005','005001','113',7000.00,0.00,'2021-10-17','17 ต.ค. 2564','จัดซื้อวัสดุ/อุปกรณ์','','','2021-10-17 13:33:20','2021-10-01','2022-09-30',NULL),(236,2565,1,'005','005002','113',3000.00,0.00,'2021-10-17','17 ต.ค. 2564','ซ่อมแซมเครื่องคอมพิวเตอร์ เครื่องปริ้นเตอร์  โทรทัศน์ และระบบภายในห้องคอมพิวเตอร์','','','2021-10-17 13:34:29','2021-10-01','2022-09-30',NULL),(237,2565,1,'006','006001','113',5000.00,0.00,'2021-10-17','17 ต.ค. 2564','กิจกรรมเลี้ยงสุกรพันธุ์พื้นบ้าน','','','2021-10-17 13:36:21','2021-10-01','2022-09-30',NULL),(238,2565,1,'006','006002','113',2000.00,0.00,'2021-10-17','17 ต.ค. 2564','กิจกรรมผักสวนครัวรั้วกินได้','','','2021-10-17 13:37:15','2021-10-01','2022-09-30',NULL),(239,2565,1,'006','006003','113',3000.00,0.00,'2021-10-17','17 ต.ค. 2564','กิจกรรมปลูกมะนาวในท่อซีเมนต์','','','2021-10-17 13:38:00','2021-10-01','2022-09-30',NULL),(240,2565,1,'007','007001','117',10000.00,0.00,'2022-02-17','17 ต.ค. 2564','จัดซื้อสื่อและอุปกรณ์การเรียน','','','2021-10-17 13:39:40','2021-10-01','2022-09-30',NULL),(241,2565,1,'007','007002','117',12000.00,0.00,'2022-02-17','17 ต.ค. 2564','กิจกรรมเข้าค่ายพักแรมลูกเสือ เนตรนารี','','','2021-10-17 13:40:47','2021-10-01','2022-09-30',NULL),(242,2565,1,'007','007003','',3000.00,0.00,'2022-02-17','17 ต.ค. 2564','กิจกรรมลูกเสือต้านภัยยาเสพติด','','','2021-10-17 13:41:47','2021-10-01','2022-09-30',NULL),(243,2565,1,'008','008001','113',1000.00,0.00,'2021-10-17','17 ต.ค. 2564','จัดซื้อกระดาษ วัสดุ  อุปกรณ์','','','2021-10-17 13:43:34','2021-10-01','2022-09-30',NULL),(244,2565,1,'008','008002','113',1000.00,0.00,'2021-10-17','17 ต.ค. 2564','ประชุม  อบรม  สัมมนา การจัดทำแผน','','','2021-10-17 13:44:11','2021-10-01','2022-09-30',NULL),(245,2565,2,'009','009001','113',24800.00,0.00,'2021-10-17','17 ต.ค. 2564','จัดซื้อกระดาษ  วัสดุ  อุปกรณ์  เครื่องปริ้นเตอร์','','','2021-10-17 13:47:23','2021-10-01','2022-09-30',NULL),(246,2565,2,'009','009002','114',88000.00,0.00,'2021-10-17','17 ต.ค. 2564','จัดซื้อหนังสือเรียน','','','2021-10-17 13:49:22','2021-10-01','2022-09-30',NULL),(247,2565,2,'009','009003','116',55000.00,0.00,'2021-10-17','17 ต.ค. 2564','ค่าเครื่องแบบนักเรียน','','','2021-10-17 13:50:37','2021-10-01','2022-09-30',NULL),(248,2565,2,'009','009004','115',50000.00,0.00,'2021-10-17','17 ต.ค. 2564','ค่าอุปกรณ์การเรียน','','','2021-10-17 13:51:39','2021-10-01','2022-09-30',NULL),(249,2565,2,'009','009005','102',20000.00,0.00,'2021-10-17','17 ต.ค. 2564','ค่าสาธารณูปโภค','','','2021-10-17 13:52:45','2021-10-01','2022-09-30',NULL),(250,2565,2,'009','009006','112',35000.00,0.00,'2021-10-17','17 ต.ค. 2564','จ้างเหมารถยนต์รับ-ส่งนักเรียน/จ้างพนักงานขับรถรับ-ส่ง','','','2021-10-17 13:55:27','2021-10-01','2022-09-30',NULL),(251,2565,2,'009','009007','112',20000.00,0.00,'2021-10-17','17 ต.ค. 2564','จ้างเหมาประกอบอาหารนักเรียนยากจนชั้น ม.1-3','','','2021-10-17 13:56:13','2021-10-01','2022-09-30',NULL),(252,2565,2,'009','009008','113',10000.00,0.00,'2021-10-17','17 ต.ค. 2564','จัดซื้อเสื้อกีฬา เสื้อกิจกรรม นักเรียนชั้น อ.1 , ม.1','','','2021-10-17 13:58:03','2021-10-01','2022-09-30',NULL),(253,2565,3,'010','010001','113',40000.00,0.00,'2021-10-17','17 ต.ค. 2564','ประชุม  อบรม   สัมมนา   ทัศนศึกษาดูงาน','','','2021-10-17 14:08:38','2021-10-01','2022-09-30',NULL),(254,2565,4,'011','011001','113',3000.00,0.00,'2021-10-17','17 ต.ค. 2564','จัดซื้อวัสดุ อุปกรณ์เครื่องครัว','','','2021-10-17 14:10:07','2021-10-01','2022-09-30',NULL),(255,2565,4,'011','011002','113',2400.00,0.00,'2021-10-17','17 ต.ค. 2564','จัดซื้อแก๊สหุงต้มในการประกอบอาหารตลอดปีการศึกษา','','','2021-10-17 14:13:45','2021-10-01','2022-09-30',NULL),(256,2565,4,'011','011003','118',204000.00,0.00,'2021-10-17','17 ต.ค. 2564','จ่ายอาหารกลางวันนักเรียน(เงินอบต.หนองกินเพล)','','','2021-10-17 14:16:30','2021-10-01','2022-03-31',NULL),(257,2565,4,'011','011004','119',0.00,0.00,'2021-10-17','17 ต.ค. 2564','จัดหาโต๊ะรับประทานอาหารกลางวันสำหรับนักเรียน','','','2021-10-17 14:18:39','2021-10-01','2022-09-30',NULL),(258,2565,4,'011','011005','119',0.00,0.00,'2021-10-17','17 ต.ค. 2564','จ้างแม่ครัวประกอบอาหารกลางวัน','','','2021-10-17 14:19:23','2021-10-01','2022-09-30',NULL),(259,2565,4,'012','012001','113',5600.00,0.00,'2021-10-17','17 ต.ค. 2564','จัดซื้อเวชภัณฑ์  ยา อุปกรณ์ป้องกันโรคโควิด-19','','','2021-10-17 14:39:16','2021-10-01','2022-09-30',NULL),(260,2565,4,'012','012002','113',1200.00,0.00,'2021-10-17','17 ต.ค. 2564','จัดซื้อยาสีฟันและแปรงสีฟัน','','','2021-10-17 14:40:24','2021-10-01','2022-09-30',NULL),(261,2565,4,'012','012003','113',200.00,0.00,'2021-10-17','17 ต.ค. 2564','ซื้อผลิตภัณฑ์ทำความสะอาดห้องน้ำ','','','2021-10-17 14:40:56','2021-10-01','2022-09-30',NULL),(262,2565,4,'013','013001','113',1000.00,0.00,'2022-02-17','17 ต.ค. 2564','จัดซื้อวัสดุ อุปกรณ์ เครื่องพิมพ์','','','2021-10-17 14:43:59','2021-10-01','2022-09-30',NULL),(265,2565,4,'014','014001','113',5000.00,0.00,'2021-10-17','17 ต.ค. 2564','จัดซื้อสื่อและวัสดุอุปกรณ์ในการจัดกิจกรรม','','','2021-10-17 14:47:37','2021-10-01','2022-09-30',NULL),(266,2565,4,'014','014002','113',3000.00,0.00,'2564-10-17','17 ต.ค. 2564','จัดซื้อสื่อและวัสดุอุปกรณ์ในการจัดกิจกรรม','','','2021-10-17 14:48:09','2021-10-17','2022-09-30',NULL),(267,2565,4,'015','015001','113',6000.00,0.00,'2021-10-17','17 ต.ค. 2564','จัดซื้อสื่อ วัสดุ อุปกรณ์การเรียน','','','2021-10-17 14:49:25','2021-10-01','2022-09-30',NULL),(268,2565,4,'015','015002','113',3000.00,0.00,'2564-10-17','17 ต.ค. 2564','จัดซื้อเสื้อกีฬานักเรียน','','','2021-10-17 14:49:52','2021-10-17','2022-09-30',NULL),(269,2565,4,'015','015003','113',1000.00,0.00,'2021-10-17','17 ต.ค. 2564','ค่าดำเนินการกิจกรรมรณรงค์ต่อต้านยาเสพติด','','','2021-10-17 14:50:22','2021-10-17','2022-09-30',NULL),(270,2565,4,'015','015004','113',10000.00,0.00,'2021-10-17','17 ต.ค. 2564','ค่าดำเนินการกิจกรรมแข่งขันกีฬาภายในและภายนอกโรงเรียน','','','2021-10-17 14:51:11','2021-10-01','2022-09-30',NULL),(271,2565,4,'016','016001','113',23000.00,0.00,'2564-10-17','17 ต.ค. 2564','ปรับปรุงซ่อมแซมอาคารเรียน  อาคารอเนกประสงค์','','','2021-10-17 14:57:07','2021-10-01','2022-09-30',NULL),(272,2565,4,'016','016002','',7000.00,0.00,'2564-10-17','17 ต.ค. 2564','ปรับปรุงภูมิทัศน์และแหล่งเรียนรู้ในโรงเรียน','','','2021-10-17 14:58:04','2021-10-01','2022-09-30',NULL),(273,2565,4,'016','016003','113',1000.00,0.00,'2564-10-17','17 ต.ค. 2564','ซื้ออุปกรณ์การทำความสะอาด','','','2021-10-17 14:58:43','2021-10-01','2022-09-30',NULL),(274,2565,4,'016','016004','113',3000.00,0.00,'2564-10-17','17 ต.ค. 2564','ค่าซ่อมและค่าน้ำมันเชื้อเพลิงรถตัดหญ้า','','','2021-10-17 14:59:28','2021-10-01','2022-09-30',NULL),(275,2565,4,'016','016005','113',6000.00,0.00,'2564-10-17','17 ต.ค. 2564','ค่าจัดหา/ซ่อมบำรุงกล้องวงจรปิด/เครื่องขยายเสียง','','','2021-10-17 15:00:19','2021-10-01','2022-09-30',NULL),(276,2565,4,'017','017001','113',1000.00,0.00,'2021-10-17','17 ต.ค. 2564','จัดหาวัสดุ อุปกรณ์ สื่อ ไวนีล','','','2021-10-17 15:02:03','2021-10-01','2022-09-30',NULL),(277,2565,2,'009','009009','113',20000.00,0.00,'2564-10-17','17 ต.ค. 2564','ปรับปรุงซ่อมแซม รถยนต์โรงเรียน','','','2021-10-17 15:07:05','2021-10-01','2022-09-30',NULL),(278,2565,2,'009','009010','113',6100.00,0.00,'2564-10-17','17 ต.ค. 2564','ค่าเสียภาษี และทำ พรบ.รถยนต์โรงเรียน','','','2021-10-17 15:08:53','2021-10-01','2022-09-30',NULL),(279,2565,2,'009','009011','120',0.00,0.00,'2564-10-17','17 ต.ค. 2564','จ่ายเงินให้ผู้ปกครองนักเรียน','','','2021-10-17 21:22:46','2021-10-01','2022-09-30',NULL),(280,2568,3,'301','301001','113',50000.00,0.00,'2568-08-20','20 ส.ค. 2568','การประชุม อบรม สัมมนา ไปราชการ','','','2025-08-20 13:06:36','2024-10-01','2025-09-30',NULL),(281,2568,3,'301','301002','113',20000.00,0.00,'2568-08-20','20 ส.ค. 2568','การอบรมเชิงปฏิบัติการกิจกรรมอบรมขยายผลร่วมกับแลกเปลี่ยนเรียนรู้','','','2025-08-20 13:07:28','2024-10-01','2025-09-30',NULL),(282,2568,3,'301','301003','113',5851.32,0.00,'2568-08-20','20 ส.ค. 2568','กิจกรรมจัดซื้อ จัดจ้าง พัฒนาระบบุคลากร','','','2025-08-20 13:08:12','2024-10-01','2025-09-30',NULL),(283,2568,4,'401','401001','113',17776.98,0.00,'2568-08-20','20 ส.ค. 2568','จัดซื้อวัสดุสำนักงาน จัดซื้อจัดจ้าง','','','2025-08-20 13:12:14','2024-10-01','2025-09-30',NULL),(284,2568,4,'401','401002','113',96000.00,0.00,'2568-08-20','20 ส.ค. 2568','ค่าสาธารณูปโภค','','','2025-08-20 13:13:09','2024-10-01','2025-09-30',NULL),(285,2568,1,'108','108001','113',80000.00,0.00,'2568-08-20','20 ส.ค. 2568','การพัฒนาแหล่งเรียนรู้ ปรับปรุงพัฒนาอาคารสถานที่และสภาพแวดล้อมภายในสถานศึกษา','','','2025-08-20 13:40:05','2024-10-01','2025-09-30',NULL),(286,2568,1,'108','108002','113',3000.00,0.00,'2568-08-20','20 ส.ค. 2568','กิจกรรมภาษาไทยและภาษาอังกฤษวันละคำ กิจกรรมคำพังเพย สุภาษิต วันนี้','','','2025-08-20 13:40:55','2024-10-01','2025-09-30',NULL),(287,2568,1,'108','108003','117',60000.00,0.00,'2568-08-20','20 ส.ค. 2568','- การสรรหานักเรียนที่เป็นเลิศทางวิชาการ/ กิจกรรม\r\nส่งเสริมและสนับสนุนการแข่งขันทักษะทางวิชาการ\r\n- การส่งเสริมศักยภาพในการเรียนรู้สู่ความเป็นเลิศ\r\n- กิ','','','2025-08-20 13:41:41','2024-10-01','2025-09-30',NULL),(288,2568,1,'108','108004','113',15000.00,0.00,'2568-08-20','20 ส.ค. 2568','การวัดและประเมินผลสัมฤทธิ์ทางการเรียน/\r\nจัดซื้อ จัดจ้าง','','','2025-08-20 13:42:07','2024-10-01','2025-09-30',NULL),(289,2568,1,'108','108005','113',5000.00,0.00,'2568-08-20','20 ส.ค. 2568','กิจกรรมการยกระดับผลสัมฤทธิ์O-NET, NT','','','2025-08-20 13:42:42','2024-10-01','2025-09-30',NULL),(290,2568,1,'108','108006','113',2000.00,0.00,'2568-08-20','20 ส.ค. 2568','กิจกรรมวันแม่','','','2025-08-20 13:43:05','2024-10-01','2025-09-30',NULL),(291,2568,1,'108','108007','113',2000.00,0.00,'2568-08-20','20 ส.ค. 2568','กิจกรรมวันพ่อ/วันเฉลิมพระชนมพรรษา รัชกาลที่ 10','','','2025-08-20 13:43:39','2024-10-01','2025-09-30',NULL),(292,2568,1,'108','108008','113',2000.00,0.00,'2568-08-20','20 ส.ค. 2568','กิจกรรมวันไหว้คร','','','2025-08-20 13:43:57','2024-10-01','2025-09-30',NULL),(293,2568,1,'108','108009','113',3000.00,0.00,'2568-08-20','20 ส.ค. 2568','กิจกรรมวันสุนทรภู่และวันภาษาไทย','','','2025-08-20 13:44:21','2024-10-01','2025-09-30',NULL),(294,2568,1,'108','108010','113',3000.00,0.00,'2568-08-20','20 ส.ค. 2568','กิจกรรมวันวิทยาศาสตร','','','2025-08-20 13:44:56','2024-10-01','2025-09-30',NULL),(295,2568,1,'108','108011','113',3000.00,0.00,'2568-08-20','20 ส.ค. 2568','กิจกรรมวันคริสต์มาสและวันขึ้นปีใหม่','','','2025-08-20 13:45:15','2024-10-01','2025-09-30',NULL),(296,2568,1,'108','108012','113',3000.00,0.00,'2568-08-20','20 ส.ค. 2568','กิจกรรมวันเด็ก','','','2025-08-20 13:45:29','2024-10-01','2025-09-30',NULL),(297,2568,1,'108','108013','113',20000.00,0.00,'2568-08-20','20 ส.ค. 2568','สถานศึกษาปลอดภัย /จัดซื้อ จัดจ้าง','','','2025-08-20 13:45:46','2024-10-01','2025-09-30',NULL),(298,2568,1,'108','108014','113',7000.00,0.00,'2568-08-20','20 ส.ค. 2568','กิจกรรมเขตพื้นที่สะอาด','','','2025-08-20 13:46:07','2024-10-01','2025-09-30',NULL),(299,2568,1,'108','108015','113',22607.93,0.00,'2568-08-20','20 ส.ค. 2568','กิจกรรมจัดซื้อ-จัดจ้าง','','','2025-08-20 13:46:29','2024-10-01','2025-09-30',NULL),(300,2568,1,'108','108016','117',25623.30,0.00,'2568-08-20','20 ส.ค. 2568','กิจกรรมจัดซื้อ/จัดหา รักษา อุปกรณ์ ICT','','','2025-08-20 13:46:57','2024-10-01','2025-09-30',NULL),(301,2568,1,'107','107001','113',15000.00,0.00,'2568-08-20','20 ส.ค. 2568','กิจกรรมจัดซื้อวัสดุ/จัดจ้างพัฒนางานสถานศึกษาสีขาว\r\nปลอดยาเสพติดและอบายมุข/ป้ายประชาสัมพันธ์/จัดซื้อ\r\nจัดจ้าง','','','2025-08-20 13:47:55','2024-10-01','2025-09-30',NULL),(302,2568,2,'201','201001','118',721600.00,0.00,'2025-08-20','20 ส.ค. 2568','จัดหา/อาหารกลางวันนักเรียน','','','2025-08-20 13:48:35','2024-10-01','2025-09-30',NULL),(303,2568,1,'101','101001','113',8000.00,0.00,'2568-08-20','20 ส.ค. 2568','จัดหาและผลิตสื่อการเรียนการสอนห้องเรียนคุณภาพ','','','2025-08-20 13:49:20','2024-10-01','2025-09-30',NULL),(304,2568,1,'101','101002','113',8000.00,0.00,'2568-08-20','20 ส.ค. 2568','เสริมศักยภาพทักษะพื้นฐานเด็กปฐมวัย /วัสดุทำความสะอาด','','','2025-08-20 13:49:46','2024-10-01','2025-09-30',NULL),(305,2568,1,'101','101003','113',3000.00,0.00,'2568-08-20','20 ส.ค. 2568','กิจกรรมบ้านวิทยาศาสตร์น้อย','','','2025-08-20 15:44:54','2024-10-01','2025-09-30',NULL),(306,2568,1,'101','101004','113',15000.00,0.00,'2568-08-20','20 ส.ค. 2568','กิจกรรมปรับปรุงภูมิทัศน์ \r\nพัฒนาแหล่งเรียนรู้','','','2025-08-20 15:45:14','2024-10-01','2025-09-30',NULL),(307,2568,1,'102','102001','113',2500.00,0.00,'2568-08-20','20 ส.ค. 2568','กิจกรรมประชุมผู้ปกครอง','','','2025-08-20 15:46:04','2024-10-01','2025-09-30',NULL),(308,2568,1,'102','102002','113',10000.00,0.00,'2568-08-20','20 ส.ค. 2568','กิจกรรมระบบดูแลช่วยเหลือนักเรียน','','','2025-08-20 15:46:25','2024-10-01','2025-09-30',NULL),(309,2568,1,'102','102003','117',58000.00,0.00,'2568-08-20','20 ส.ค. 2568','กิจกรรมทัศนศึกษาแหล่งเรียนรู้','','','2025-08-20 15:46:52','2024-10-01','2025-09-30',NULL),(310,2568,1,'102','102004','113',40000.00,0.00,'2568-08-20','20 ส.ค. 2568','กิจกรรมการแข่งขันกีฬา/กีฬาต้านภัยยาเสพติด','','','2025-08-20 15:47:12','2024-10-01','2025-09-30',NULL),(311,2568,1,'102','102005','113',3500.00,0.00,'2568-08-20','20 ส.ค. 2568','กิจกรรมปัจฉิมนิเทศ','','','2025-08-20 15:47:29','2024-10-01','2025-09-30',NULL),(312,2568,1,'102','102006','113',5000.00,0.00,'2568-08-20','20 ส.ค. 2568','กิจกรรมโรงเรียนสุจริต','','','2025-08-20 15:47:49','2024-10-01','2025-09-30',NULL),(313,2568,1,'102','102007','113',20000.00,0.00,'2568-08-20','20 ส.ค. 2568','กิจกรรมส่งเสริมทักษะอาชีพ','','','2025-08-20 15:48:07','2024-10-01','2025-09-30',NULL),(314,2568,1,'102','102008','113',15000.00,0.00,'2568-08-20','20 ส.ค. 2568','กิจกรรมบำรุง รักษา ซ่อมแซม รถรับ-ส่งโรงเรียน','','','2025-08-20 15:48:26','2024-10-01','2025-09-30',NULL),(315,2568,1,'102','102009','113',40000.00,0.00,'2568-08-20','20 ส.ค. 2568',' กิจกรรมห้องเรียนคุณภาพ/จัดซื้อวัสดุห้องเรียน\r\n(ป.1 - ม.3/ห้องปฏิบัติการวิทยาศาสตร์)','','','2025-08-20 15:48:52','2024-10-01','2025-09-30',NULL),(316,2568,1,'102','102010','113',3500.00,0.00,'2568-08-20','20 ส.ค. 2568','กิจกรรมจัดซื้อ ปพ./เอกสารหลักฐานทางการศึกษา','','','2025-08-20 15:49:09','2024-10-01','2025-09-30',NULL),(317,2568,1,'102','102011','113',25000.00,0.00,'2568-08-20','20 ส.ค. 2568','กิจกรรมบำรุงรักษา/ซ่อมแซม/อุปกรณ์ ICT\r\nน้ำหมึก อุปกรณ์ ICT','','','2025-08-20 15:49:27','2024-10-01','2025-09-30',NULL),(318,2568,1,'103','103001','113',15000.00,0.00,'2568-08-20','20 ส.ค. 2568','จัดซื้อวัสดุห้องสมุด/กิจกรรมสัปดาห์ห้องสมุด/ปรับปรุง\r\nแหล่งเรียนรู้','','','2025-08-20 15:49:59','2024-10-01','2025-09-30',NULL),(319,2568,1,'104','104001','113',10000.00,0.00,'2568-08-20','20 ส.ค. 2568','ซ่อมแซมเครื่องคอมพิวเตอร์ เครื่องปริ้นเตอร์ โทรทัศน์และระบบภายในห้องคอมพิวเตอร์\r\nจัดซื้อวัสดุอุปกรณ์ /ซื้ออุปกรณ์ต่อพ่วงคอมพิวเตอร์ เช่น เมาส์ คีย์บอร','','','2025-08-20 15:50:38','2024-10-01','2025-09-30',NULL),(320,2568,1,'105','105001','113',5000.00,0.00,'2568-08-20','20 ส.ค. 2568','กิจกรรมพระบรมราโชบายด้านการศึกษาสู่การปฏิบัต','','','2025-08-20 15:51:05','2024-10-01','2025-09-30',NULL),(321,2568,1,'105','105002','113',5000.00,0.00,'2568-08-20','20 ส.ค. 2568','กิจกรรมเศรษฐกิจพอเพียง','','','2025-08-20 15:51:27','2024-10-01','2025-09-30',NULL),(322,2568,1,'106','106001','113',20000.00,0.00,'2568-08-20','20 ส.ค. 2568','กิจกรรมจัดซื้อ/จัดจ้าง/จัดหาวัสดุพัฒนางานระบบ\r\nการประกันคุณภาพภายในสถานศึกษา','','','2025-08-20 15:52:08','2024-10-01','2025-09-30',NULL),(323,2568,1,'106','106002','113',16000.00,0.00,'2568-08-20','20 ส.ค. 2568','กิจกรรมอบรมเชิงปฏิบัติการพัฒนาสถานศึกษาสู่ความเป็นเลิศ /อบรมเชิงปฏิบัติการพัฒนาครูสู่ครูมืออาชีพ','','','2025-08-20 15:52:29','2024-10-01','2025-09-30',NULL),(324,2568,2,'202','202001','113',5000.00,0.00,'2568-08-20','20 ส.ค. 2568','กิจกรรมการเรียนการสอนเกี่ยวกับสหกรณ์/ศึกษาแหล่ง\r\nเรียนรู้','','','2025-08-20 15:53:09','2024-10-01','2025-09-30',NULL),(325,2568,2,'203','203001','117',40000.00,0.00,'2568-08-20','20 ส.ค. 2568','กิจกรรมลูกเสือ เนตรนารี/โรงเรียนดีวิถีลูกเสือ/เข้าค่าย\r\nพักแรมลูกเสือ เนตรนารี','','','2025-08-20 15:53:51','2024-10-01','2025-09-30',NULL),(326,2568,2,'203','203002','113',55748.86,0.00,'2568-08-20','20 ส.ค. 2568','โรงเรียนคุณธรรม สพฐ./กิจกรรมเสริมสร้างคุณธรรม\r\nจริยธรรม /ค่ายคุณธรรม','','','2025-08-20 15:54:12','2024-10-01','2025-09-30',NULL),(327,2568,2,'203','203003','113',1000.00,0.00,'2568-08-20','20 ส.ค. 2568','กิจกรรมประชาธิปไตยเสริมสร้างวินัยนักเรียน','','','2025-08-20 15:54:30','2024-10-01','2025-09-30',NULL),(328,2568,2,'203','203004','113',50000.00,0.00,'2568-08-20','20 ส.ค. 2568','กิจกรรมส่งเสริมและพัฒนาระบบดูแลช่วยเหลือนักเรียน','','','2025-08-20 15:54:48','2024-10-01','2025-09-30',NULL),(329,2568,2,'203','203005','113',2000.00,0.00,'2568-08-20','20 ส.ค. 2568','กิจกรรมวันสำคัญ ชาติ/ศาสนา/พระมหากษัตริย์/ท้องถิ่น','','','2025-08-20 15:54:58','2025-08-20','2025-09-30',NULL),(330,2568,2,'203','203006','113',10000.00,0.00,'2568-08-20','20 ส.ค. 2568','กิจกรรมจัดซื้อ/จัดจ้าง','','','2025-08-20 15:55:13','2024-10-01','2025-09-30',NULL),(331,2568,2,'204','204001','113',5000.00,0.00,'2568-08-20','20 ส.ค. 2568','กิจกรรมเวชภัณฑ์ยา','','','2025-08-20 15:55:34','2024-10-01','2025-09-30',NULL),(332,2568,2,'204','204002','113',18000.00,0.00,'2568-08-20','20 ส.ค. 2568','โรงเรียนส่งเสริมสุขภาพระดับมาตรฐานสากล/กิจกรรม\r\nส่งเสริมโรงเรียนต้นแบบนักเรียนไทยสุขภาพดี','','','2025-08-20 15:55:48','2024-10-01','2025-09-30',NULL),(333,2568,2,'204','204003','113',8000.00,0.00,'2568-08-20','20 ส.ค. 2568','กิจกรรมส่งเสริมสุขภาพ ช่องปากและฟัน','','','2025-08-20 15:56:10','2024-10-01','2025-09-30',NULL),(334,2568,2,'204','204004','113',14776.98,0.00,'2568-08-20','20 ส.ค. 2568','กิจกรรมจัดซื้อ /จัดจ้าง','','','2025-08-20 15:56:35','2024-10-01','2025-09-30',NULL),(335,2569,1,'001','001001','113',1000.00,0.00,'2568-10-09','9 ต.ค. 2568','1 จัดหาและผลิตสื่อการเรียนการสอนห้องเรียนคุณภาพ','','','2025-10-09 15:19:05','2025-10-01','2026-09-30',NULL),(336,2569,1,'001','001002','113',8000.00,0.00,'2568-10-09','9 ต.ค. 2568','2 จัดซื้อวัสดุส่งเสริมศักยภาพทักษะพื้นฐานเด็ก','','','2025-10-09 15:19:23','2025-10-01','2026-09-30',NULL),(337,2569,1,'001','001003','113',3000.00,0.00,'2568-10-09','9 ต.ค. 2568','3 กิจกรรมบ้านวิทยาศาสตร์น้อย','','','2025-10-09 15:19:51','2025-10-01','2026-09-30',NULL),(338,2569,1,'001','001004','113',15000.00,0.00,'2568-10-09','9 ต.ค. 2568','4 กิจกรรมปรับปรุงภูมิทัศน์ /พัฒนาแหล่งเรียนรู้','','','2025-10-09 15:20:06','2025-10-01','2026-09-30',NULL),(339,2569,1,'002','002001','113',0.00,0.00,'2568-10-09','9 ต.ค. 2568','1 กิจกรรมประชุมผู้ปกครอง','','','2025-10-09 16:13:56','2025-10-01','2026-09-30',NULL),(340,2569,1,'002','002002','113',10000.00,0.00,'2568-10-09','9 ต.ค. 2568','2 กิจกรรมระบบดูแลช่วยเหลือนักเรียน','','','2025-10-09 16:14:15','2025-10-01','2026-09-30',NULL),(341,2569,1,'002','002003','113',37500.00,0.00,'2568-10-09','9 ต.ค. 2568','3 กิจกรรมทัศนศึกษาแหล่งเรียนรู้','','','2025-10-09 16:14:30','2025-10-01','2026-09-30',NULL),(342,2569,1,'002','002004','113',40000.00,0.00,'2568-10-09','9 ต.ค. 2568','4 กิจกรรมการแข่งขันกีฬา/กีฬาต้านภัยยาเสพติด','','','2025-10-09 16:14:48','2025-10-01','2026-09-30',NULL),(343,2569,1,'002','002005','113',3500.00,0.00,'2568-10-09','9 ต.ค. 2568','5 กิจกรรมปัจฉิมนิเทศ','','','2025-10-09 16:15:01','2025-10-01','2026-09-30',NULL),(344,2569,1,'002','002006','113',5000.00,0.00,'2568-10-09','9 ต.ค. 2568','6 กิจกรรมโรงเรียนสุจริต','','','2025-10-09 16:15:13','2025-10-01','2026-09-30',NULL),(345,2569,1,'002','002007','113',20000.00,0.00,'2568-10-09','9 ต.ค. 2568','7 กิจกรรมส่งเสริมทักษะอาชีพ','','','2025-10-09 16:15:28','2025-10-01','2026-09-30',NULL),(346,2569,1,'002','002008','113',15000.00,0.00,'2568-10-09','9 ต.ค. 2568','8 กิจกรรมบำรุง รักษา ซ่อมแซม รถรับ-ส่งโรงเรียน','','','2025-10-09 16:15:40','2025-10-01','2026-09-30',NULL),(351,2569,1,'003','003001','113',15000.00,0.00,'2568-10-09','9 ต.ค. 2568','1 จัดซื้อวัสดุห้องสมุด/กิจกรรมสัปดาห์ห้องสมุด/ปรับปรุงแหล่งเรียนรู้','','','2025-10-09 16:19:45','2025-10-01','2026-09-30',NULL),(348,2569,1,'002','002009','113',17000.00,0.00,'2568-10-09','9 ต.ค. 2568','9 กิจกรรมห้องเรียนคุณภาพ/จัดซื้อวัสดุห้องเรียน','','','2025-10-09 16:16:13','2025-10-01','2026-09-30',NULL),(349,2569,1,'002','002010','113',3500.00,0.00,'2568-10-09','9 ต.ค. 2568','10 กิจกรรมจัดซื้อ ปพ./เอกสารหลักฐานทางการศึกษา','','','2025-10-09 16:17:06','2025-10-01','2026-09-30',NULL),(350,2569,1,'002','002011','113',24150.00,0.00,'2568-10-09','9 ต.ค. 2568','11 กิจกรรมบำรุงรักษา/ซ่อมแซม/อุปกรณ์ ICT น้ำหมึก อุปกรณ์ ICT','','','2025-10-09 16:17:27','2025-10-01','2026-09-30',NULL),(352,2569,1,'004','004001','113',3790.00,0.00,'2568-10-09','9 ต.ค. 2568','1 ซ่อมแซมเครื่องคอมพิวเตอร์ เครื่องปริ้นเตอร์  โทรทัศน์ และระบบภายในห้องคอมพิวเตอร์','','','2025-10-09 16:20:57','2025-10-01','2026-09-30',NULL),(353,2569,1,'005','005001','113',5000.00,0.00,'2568-10-09','9 ต.ค. 2568','1 กิจกรรมพระบรมราโชบายด้านการศึกษาสู่การปฏิบัติ','','','2025-10-09 16:23:01','2025-10-01','2026-09-30',NULL),(354,2569,1,'005','005002','113',5000.00,0.00,'2568-10-09','9 ต.ค. 2568','2 กิจกรรมเศรษฐกิจพอเพียง','','','2025-10-09 16:23:12','2025-10-01','2026-09-30',NULL),(355,2569,1,'006','006001','113',15740.00,0.00,'2568-10-09','9 ต.ค. 2568','1 กิจกรรมจัดซื้อ/จัดจ้าง/จัดหาวัสดุพัฒนางานระบบ การประกันคุณภาพภายในสถานศึกษา','','','2025-10-09 16:23:57','2025-10-01','2026-09-30',NULL),(356,2569,1,'006','006002','113',16000.00,0.00,'2568-10-09','9 ต.ค. 2568','2 กิจกรรมอบรมเชิงปฏิบัติการพัฒนาสถานศึกษาสู่ความเป็นเลิศ /อบรมเชิงปฏิบัติการพัฒนาครูสู่ครูมืออาชีพ','','','2025-10-09 16:24:11','2025-10-01','2026-09-30',NULL),(357,2569,1,'007','007001','113',15000.00,0.00,'2568-10-09','9 ต.ค. 2568','1 กิจกรรมจัดซื้อวัสดุ/จัดจ้างพัฒนางานสถานศึกษาสีขาว ปลอดยาเสพติดและอบายมุข/ป้ายประชาสัมพันธ์/จัดซื้อ จัดจ้าง','','','2025-10-09 16:24:52','2025-10-01','2026-09-30',NULL),(358,2569,1,'008','008001','113',76000.00,0.00,'2568-10-09','9 ต.ค. 2568','1 การพัฒนาแหล่งเรียนรู้/ปรับปรุงพัฒนาอาคารสถานที่และสภาพแวดล้อมในสถานศึกษา','','','2025-10-09 16:25:35','2025-10-01','2026-09-30',NULL),(359,2569,1,'008','008002','113',3000.00,0.00,'2568-10-09','9 ต.ค. 2568','2 กิจกรรมภาษาไทยและภาษาอังกฤษวันละคำ กิจกรรมคำพังเพย สุภาษิต วันนี้','','','2025-10-09 16:25:46','2025-10-01','2026-09-30',NULL),(360,2569,1,'008','008003','113',60000.00,0.00,'2568-10-09','9 ต.ค. 2568','3 การสรรหานักเรียนที่เป็นเลิศทางวิชาการ/ กิจกรรมส่งเสริมและสนับสนุนการแข่งขันทักษะทางวิชาการ','','','2025-10-09 16:25:59','2025-10-01','2026-09-30',NULL),(361,2569,1,'008','008004','113',10814.00,0.00,'2568-10-09','9 ต.ค. 2568','4 การวัดและประเมินผลสัมฤทธิ์ทางการเรียน/จัดซื้อ จัดจ้าง','','','2025-10-09 16:26:11','2025-10-01','2026-09-30',NULL),(362,2569,1,'008','008005','113',5000.00,0.00,'2568-10-09','9 ต.ค. 2568','5 กิจกรรมการยกระดับผลสัมฤทธิ์ O-NET,  NT','','','2025-10-09 16:26:23','2025-10-01','2026-09-30',NULL),(363,2569,1,'008','008006','113',0.00,0.00,'2568-10-09','9 ต.ค. 2568','6 กิจกรรมวันแม่','','','2025-10-09 16:26:36','2025-10-01','2026-09-30',NULL),(364,2569,1,'008','008007','113',2000.00,0.00,'2568-10-09','9 ต.ค. 2568','7 กิจกรรมวันพ่อ/วันเฉลิมพระชนมพรรษา รัชกาลที่ 10','','','2025-10-09 16:26:48','2025-10-01','2026-09-30',NULL),(365,2569,1,'008','008008','113',0.00,0.00,'2568-10-09','9 ต.ค. 2568','8 กิจกรรมวันไหว้ครู','','','2025-10-09 16:26:59','2025-10-01','2026-09-30',NULL),(366,2569,1,'008','008009','113',0.00,0.00,'2568-10-09','9 ต.ค. 2568','9 กิจกรรมวันสุนทรภู่และวันภาษาไทย','','','2025-10-09 16:27:10','2025-10-01','2026-09-30',NULL),(367,2569,1,'008','008010','113',3000.00,0.00,'2568-10-09','9 ต.ค. 2568','10 กิจกรรมวันวิทยาศาสตร์','','','2025-10-09 16:27:23','2025-10-01','2026-09-30',NULL),(368,2569,1,'008','008011','113',3000.00,0.00,'2568-10-09','9 ต.ค. 2568','11 กิจกรรมวันคริสต์มาสและวันขึ้นปีใหม่','','','2025-10-09 16:27:34','2025-10-01','2026-09-30',NULL),(369,2569,1,'008','008012','113',3000.00,0.00,'2568-10-09','9 ต.ค. 2568','12 กิจกรรมวันเด็ก','','','2025-10-09 16:27:48','2025-10-01','2026-09-30',NULL),(370,2569,1,'008','008013','113',20000.00,0.00,'2568-10-09','9 ต.ค. 2568','13 สถานศึกษาปลอดภัย /จัดซื้อ จัดจ้าง','','','2025-10-09 16:28:02','2025-10-01','2026-09-30',NULL),(371,2569,1,'008','008014','113',3500.00,0.00,'2568-10-09','9 ต.ค. 2568','14 กิจกรรมเขตพื้นที่สะอาด','','','2025-10-09 16:28:13','2025-10-01','2026-09-30',NULL),(372,2569,1,'008','008015','113',22607.93,0.00,'2568-10-09','9 ต.ค. 2568','15 กิจกรรมจัดซื้อ-จัดจ้าง','','','2025-10-09 16:28:30','2025-10-01','2026-09-30',NULL),(373,2569,1,'008','008016','113',25623.30,0.00,'2568-10-09','9 ต.ค. 2568','16 กิจกรรมจัดซื้อ/จัดหา รักษา อุปกรณ์ ICT','','','2025-10-09 16:28:45','2025-10-01','2026-09-30',NULL),(374,2569,2,'009','009001','113',9776.98,0.00,'2568-10-09','9 ต.ค. 2568','1 กิจกรรมจัดซื้อวัสดุสำนักงาน /กิจกรรมจัดซื้อจัดจ้าง','','','2025-10-09 16:31:26','2025-10-01','2026-09-30',NULL),(375,2569,2,'009','009002','113',69721.21,0.00,'2568-10-09','9 ต.ค. 2568','2 จ่ายค่าสาธารณูปโภค','','','2025-10-09 16:32:07','2025-10-01','2026-09-30',NULL),(376,2569,3,'010','010001','113',13680.00,0.00,'2568-10-09','9 ต.ค. 2568','1 การประชุม อบรม สัมมนา/ไปราชการ การศึกษาดูงาน/การพัฒนาบุคลากร/กิจกรรม PLC','','','2025-10-09 16:38:19','2025-10-01','2026-09-30',NULL),(377,2569,3,'010','010002','113',20000.00,0.00,'2568-10-09','9 ต.ค. 2568','2 กิจกรรมอบรมเชิงปฏิบัติการ กิจกรรมอบรมขยายผลร่วมแลกเปลี่ยนเรียนรู้','','','2025-10-09 16:38:33','2025-10-01','2026-09-30',NULL),(378,2569,3,'010','010003','113',5851.32,0.00,'2568-10-09','9 ต.ค. 2568','3 กิจกรรมจัดซื้อ /จัดจ้าง พัฒนาระบบงานบุคลากร','','','2025-10-09 16:38:48','2025-10-01','2026-09-30',NULL),(379,2569,4,'011','011001','113',45457.56,0.00,'2568-10-09','9 ต.ค. 2568','1 จัดหา/อาหารกลางวันนักเรียน (เงินอบต.หนองกินเพล)','','','2025-10-09 16:40:56','2025-10-01','2026-09-30',NULL),(380,2569,4,'012','012001','113',5000.00,0.00,'2568-10-09','9 ต.ค. 2568','1 กิจกรรมการเรียนการสอนเกี่ยวกับสหกรณ์ /ศึกษาแหล่งเรียนรู้','','','2025-10-09 16:41:41','2025-10-01','2026-09-30',NULL),(381,2569,4,'013','013001','113',38500.00,0.00,'2568-10-09','9 ต.ค. 2568','1 กิจกรรมลูกเสือ เนตรนารี/โรงเรียนดีวิถีลูกเสือ/เข้าค่ายพักแรมลูกเสือ เนตรนารี  (หมวดกิจกรรมพัฒนาผู้เรียน)','','','2025-10-09 16:43:14','2025-10-01','2026-09-30',NULL),(382,2569,4,'013','013002','113',55748.86,0.00,'2568-10-09','9 ต.ค. 2568','2 โรงเรียนคุณธรรม สพฐ./กิจกรรมเสริมสร้างคุณธรรม จริยธรรม /ค่ายคุณธรรม  (หมวดกิจกรรมพัฒนาผู้เรียน)','','','2025-10-09 16:43:29','2025-10-01','2026-09-30',NULL),(383,2569,4,'013','013003','113',1000.00,0.00,'2568-10-09','9 ต.ค. 2568','3 กิจกรรมประชาธิปไตยเสริมสร้างวินัยนักเรียน','','','2025-10-09 16:43:42','2025-10-01','2026-09-30',NULL),(384,2569,4,'013','013004','113',50000.00,0.00,'2568-10-09','9 ต.ค. 2568','4 กิจกรรมส่งเสริมและพัฒนาระบบดูแลช่วยเหลือนักเรียน','','','2025-10-09 16:43:54','2025-10-01','2026-09-30',NULL),(385,2569,4,'013','013005','113',2000.00,0.00,'2568-10-09','9 ต.ค. 2568','5 กิจกรรมวันสำคัญ ชาติ/ศาสนา/พระมหากษัตริย์/ท้องถิ่น','','','2025-10-09 16:44:06','2025-10-01','2026-09-30',NULL),(386,2569,4,'013','013006','113',25000.00,0.00,'2568-10-09','9 ต.ค. 2568','6 กิจกรรมจัดซื้อ/จัดจ้าง','','','2025-10-09 16:44:20','2025-10-01','2026-09-30',NULL),(387,2569,4,'014','014001','113',3000.00,0.00,'2568-10-09','9 ต.ค. 2568','1 กิจกรรมเวชภัณฑ์ยา','','','2025-10-09 16:45:15','2025-10-01','2026-09-30',NULL),(388,2569,4,'014','014002','113',18000.00,0.00,'2568-10-09','9 ต.ค. 2568','2 โรงเรียนส่งเสริมสุขภาพระดับมาตรฐานสากล/กิจกรรมส่งเสริมโรงเรียนต้นแบบนักเรียนไทยสุขภาพดี','','','2025-10-09 16:45:29','2025-10-01','2026-09-30',NULL),(389,2569,4,'014','014003','113',4525.00,0.00,'2568-10-09','9 ต.ค. 2568','3 กิจกรรมส่งเสริมสุขภาพ ช่องปากและฟัน','','','2025-10-09 16:45:43','2025-10-01','2026-09-30',NULL),(390,2569,4,'014','014004','113',14776.98,0.00,'2568-10-09','9 ต.ค. 2568','4 กิจกรรมจัดซื้อ /จัดจ้าง','','','2025-10-09 16:45:55','2025-10-01','2026-09-30',NULL);

--
-- Table structure for table `plan_proj`
--

CREATE TABLE `plan_proj` (
  `id` int(11) NOT NULL AUTO_INCREMENT,
  `budget_year` int(11) DEFAULT NULL,
  `code_clus` tinyint(4) NOT NULL,
  `code_tegy` char(1) NOT NULL DEFAULT '',
  `code_proj` char(3) NOT NULL DEFAULT '',
  `budget_proj` double NOT NULL DEFAULT 0,
  `budget_approve` double NOT NULL DEFAULT 0,
  `name_proj` varchar(250) NOT NULL DEFAULT '',
  `owner_proj` varchar(50) NOT NULL DEFAULT '',
  `file_detail` varchar(100) NOT NULL DEFAULT '',
  `dayrec` datetime NOT NULL DEFAULT '0000-00-00 00:00:00',
  `eval_tegy` varchar(250) NOT NULL DEFAULT '',
  `eval_activity` longtext NOT NULL,
  `eval_result` longtext NOT NULL,
  `eval_obstacle` longtext NOT NULL,
  `eval_particular` varchar(100) NOT NULL DEFAULT '',
  `begin_date` date NOT NULL,
  `finish_date` date NOT NULL,
  `allow_edit` char(1) NOT NULL DEFAULT '',
  PRIMARY KEY (`id`)
) ENGINE=MyISAM AUTO_INCREMENT=166 DEFAULT CHARSET=utf8 COLLATE=utf8_general_ci;

--
-- Dumping data for table `plan_proj`
--

INSERT INTO `plan_proj` VALUES (24,2557,1,'1','003',3000,0,'ส่งเสริมพัฒนากระบวนการเรียนรู้กลุ่มสาระคณิตศาสตร์','3349900341891','modules/plan/planproject/detail/plansch2559_003.docx','2016-02-05 03:09:33','','','','','','2014-05-16','2015-03-31',''),(18,2557,2,'5','020',5000,0,'โครงการบริหารงานพัสดุและสินทรัพย์','3341500571549','modules/plan/planproject/detail/plansch2557_020.doc','2014-05-11 03:32:19','','','','','','2014-05-16','2014-03-30',''),(21,2557,1,'3','009',194332,0,'จัดการศึกษาเรียนดี เรียนฟรี 15 ปี','3340100082981','modules/plan/planproject/detail/plansch2559_009.docx','2016-02-05 03:11:31','','','','','','2014-05-16','2015-03-31',''),(29,2557,4,'5','014',8000,0,'พัฒนาระบบงานธุรการและข้อมูลสารสนเทศ','1341900085173','modules/plan/planproject/detail/plansch2557_014.docx','2014-07-26 07:17:02','','','','','','2014-05-16','2015-03-31',''),(5,2557,1,'3','005',3000,0,'งานทะเบียนและวัดผล','3451100526481','modules/plan/planproject/detail/plansch2559_005.doc','2016-02-05 03:10:07','','','','','','2014-05-16','2015-03-31',''),(7,2557,1,'2','007',40000,0,'ทัศนศึกษาแหล่งเรียนรู้นอกห้องเรียน','3349800155483','modules/plan/planproject/detail/plansch2559_007.doc','2016-02-05 03:10:55','','','','','','2014-05-16','2014-03-31',''),(32,2557,4,'2','017',3000,0,'น้อมนำปรัชญาเศรษฐกิจพอเพียงสู่การปฏิบัติ','3340100517121','modules/plan/planproject/detail/plansch2557_017.doc','2014-05-10 03:51:54','','','','','','2014-05-16','2015-03-31',''),(30,2557,4,'2','015',5000,0,'ส่งเสริมคุณธรรมและประชาธิปไตย','3341400221767','modules/plan/planproject/detail/plansch2557_015.docx','2014-05-10 10:12:04','','','','','','2014-05-16','2015-03-31',''),(31,2557,4,'5','016',50000,0,'ปรับปรุงซ่อมแซมอาคารสถานที่และพัฒนาสิ่งแวดล้อมในโรงเรียน','3341400221767','modules/plan/planproject/detail/plansch2557_016.docx','2014-05-10 10:12:23','','','','','','2014-05-16','2014-03-31',''),(11,2557,1,'3','008',52000,0,'พัฒนากิจกรรมห้องสมุดและส่งเสริมนิสัยรักการอ่าน','3340100517121','modules/plan/planproject/detail/plansch2559_008.docx','2016-02-05 03:11:15','','','','','','2014-05-18','2015-03-30',''),(12,2557,2,'5','019',43000,0,'พัฒนาระบบงานการเงินและสาธารณูปโภค','3340100082981','modules/plan/planproject/detail/plansch2557_019.docx','2014-05-09 02:39:13','','','','','','2014-05-16','2015-03-31',''),(26,2557,4,'2','011',3000,0,'การแนะแนวและระบบดูแลช่วยเหลือนักเรียน','3340100517139','modules/plan/planproject/detail/plansch2559_011.docx','2016-07-12 02:34:35','','','','','','2014-05-16','2015-03-31',''),(15,2557,1,'2','004',15000,0,'กิจกรรมพัฒนาผู้เรียนชุมนุม ลูกเสือ เนตรนารี','3340100082981','modules/plan/planproject/detail/plansch2559_004.docx','2016-02-05 03:09:50','','','','','','2014-05-16','2015-03-31',''),(17,2557,1,'1','006',75000,0,'ระบบสื่อและเทคโนโลยี(ICTในโรงเรียน)','3451100526481','modules/plan/planproject/detail/plansch2559_006.docx','2016-02-05 03:10:28','','','','','','2014-05-16','2015-03-30',''),(27,2557,4,'5','012',208000,0,'ส่งเสริมสุขภาพนักเรียน','3341100134109','modules/plan/planproject/detail/plansch2557_012.docx','2014-05-13 04:02:09','','','','','','2014-05-16','2014-09-30',''),(28,2557,4,'2','013',9000,0,'พัฒนาส่งเสริมกีฬา-กรีฑา ต้านยาเสพติด','3329900294541','modules/plan/planproject/detail/plansch2557_013.docx','2014-05-10 03:51:15','','','','','','2014-05-03','2014-09-30',''),(25,2557,1,'1','010',5000,0,'ส่งเสริมพัฒนากระบวนการเรียนรู้ 8 กลุ่มสาระ','3340100517139','modules/plan/planproject/detail/plansch2559_010.doc','2016-02-05 03:11:59','','','','','','2014-05-16','2015-03-30',''),(22,2557,1,'1','001',26000,0,'จัดการศึกษาระดับปฐมวัย','3330401182411','modules/plan/planproject/detail/plansch2559_001.docx','2016-02-05 03:08:57','','','','','','2014-05-16','2015-03-31',''),(23,2557,1,'2','002',20000,0,'พัฒนาแหล่งเรียนรู้สำหรับเด็กปฐมวัย','3329900125276','modules/plan/planproject/detail/plansch2559_002.doc','2016-02-05 03:09:14','','','','','','2014-05-16','2015-03-31',''),(33,2557,4,'2','018',3000,0,'ส่งเสริมกิจกรรมสหกรณ์ในโรงเรียน','3349900532980','modules/plan/planproject/detail/plansch2557_018.docx','2014-05-10 10:36:18','','','','','','2014-05-16','2015-03-31',''),(34,2557,3,'4','021',30000,0,'ประชุม อบรมพัฒนา ศึกษาดูงานครูและบุคลากร ร่วมกับชุมชน','3349900532980','modules/plan/planproject/detail/plansch2557_021.doc','2014-05-11 03:33:40','','','','','','2014-05-14','2014-03-31',''),(35,2557,3,'4','022',1000,0,'นิเทศภายใน','3340100254049','modules/plan/planproject/detail/plansch2557_022.docx','2014-05-11 03:33:13','','','','','','2014-05-14','2014-03-31',''),(36,2557,4,'5','023',10000,0,'โครงการขยับกายสบายชีวี','3341100134109','','2014-09-09 01:10:04','','','','','','2014-05-16','2014-09-30',''),(37,2559,1,'1','001',52700,0,'ส่งเสริมการจัดการศึกษาระดับปฐมวัย','3330401182411','modules/plan/planproject/detail/plansch2559_001.docx','2016-02-05 03:08:57','','','','','','2015-10-01','2016-03-31',''),(38,2559,1,'1','002',20000,0,'ส่งเสริมพัฒนากระบวนการเรียนรู้ 8 กลุ่มสาระ','3349900341891','modules/plan/planproject/detail/plansch2559_002.doc','2016-02-05 03:09:14','','','','','','2015-10-01','2016-03-31',''),(39,2559,1,'2','003',81000,0,'ส่งเสริมพัฒนาผู้เรียนสู่ความเป็นเลิศทางวิชาการ','3340100517139','modules/plan/planproject/detail/plansch2559_003.docx','2016-02-05 03:09:33','','','','','','2015-10-01','2016-03-31',''),(40,2559,1,'1','004',20000,0,'ส่งเสริมและพัฒนาระบบสื่อ ICT ในสถานศึกษา','3451100526481','modules/plan/planproject/detail/plansch2559_004.docx','2016-02-05 03:09:50','','','','','','2015-10-01','2016-03-31',''),(41,2559,1,'1','005',10000,0,'พัฒนาห้องสมุดและส่งเสริมนิสัยรักการอ่าน','3340100517121','modules/plan/planproject/detail/plansch2559_005.doc','2016-02-05 03:10:07','','','','','','2015-10-01','2016-03-31',''),(42,2559,2,'5','006',300000,0,'บริหารงานธุรการ การเงิน และสินทรัพย์','3340100082981','modules/plan/planproject/detail/plansch2559_006.docx','2016-02-05 03:10:28','','','','','','2015-10-01','2016-03-31',''),(43,2559,3,'4','007',20000,0,'พัฒนาบุคลากร','3349900532980','modules/plan/planproject/detail/plansch2559_007.doc','2016-02-05 03:10:55','','','','','','2015-10-01','2016-03-31',''),(44,2559,4,'5','008',40000,0,'ปรับปรุง ซ่อมแซม และปรับภูมิทัศน์ในโรงเรียน','3341400221767','modules/plan/planproject/detail/plansch2559_008.docx','2016-02-05 03:11:15','','','','','','2015-10-01','2016-03-31',''),(45,2559,4,'5','009',238000,0,'อาหารปลอดภัยในโรงเรียน','3341100134109','modules/plan/planproject/detail/plansch2559_009.docx','2016-02-05 03:11:31','','','','','','2015-10-01','2016-03-31',''),(46,2559,4,'2','010',5000,0,'ส่งเสริมกิจกรรมสหกรณ์ในโรงเรียน','3341500571549','modules/plan/planproject/detail/plansch2559_010.doc','2016-02-05 03:11:59','','','','','','2015-10-01','2016-03-31',''),(47,2559,4,'5','011',15000,0,'วันสำคัญแห่งชาติและประชาธิปไตยในโรงเรียน','3341400221767','modules/plan/planproject/detail/plansch2559_011.docx','2016-07-12 02:34:35','','','','','','2016-05-15','2016-09-30',''),(48,2560,1,'3','001',10000,0,'ส่งเสริมการจัดการศึกษาระดับปฐมวัย','3330401182411','','2016-10-07 12:57:35','','','','','','2016-10-01','2017-04-30',''),(49,2560,1,'3','002',30000,0,'ลดเวลาเรียน เพิ่มเวลารู้','3340100517139','','2016-10-26 16:58:36','','','','','','2016-10-01','2017-04-30',''),(50,2560,1,'1','003',20000,0,'พัฒนาทักษะทางวิชาการ','3349900341891','','2016-10-26 17:02:45','','','','','','2016-10-01','2017-04-30',''),(51,2560,1,'1','004',5000,0,'พัฒนาห้องสมุดและส่งเสริมนิสัยรักการอ่าน','3340400574359','','2016-10-26 17:04:33','','','','','','2016-10-01','2017-04-30',''),(52,2560,1,'1','005',10000,0,'การพัฒนาระบบงานICTภายในโรงเรียน','3451100526481','','2016-10-26 17:07:05','','','','','','2016-10-01','2017-04-30',''),(53,2560,1,'2','006',2000,0,'สวนพฤกษศาสตร์ในโรงเรียน','3451100526481','','2016-10-26 17:08:50','','','','','','2016-10-01','2017-04-30',''),(54,2560,1,'2','007',1000,0,'โรงเรียนคุณธรรม','3349800155483','','2016-10-26 17:10:33','','','','','','2016-10-01','2017-04-30',''),(55,2560,1,'2','008',20000,0,'โรงเรียนวิถีชีวิตตามหลักของเศษฐกิจพอเพียง','3341100134109','','2016-10-26 17:13:01','','','','','','2016-10-01','2017-04-30',''),(56,2560,1,'2','009',10000,0,'กิจกรรมพัฒนาผู้เรียน ลูกเสือ เนตรนารี','3340100082981','','2016-10-26 17:15:51','','','','','','2016-10-01','2017-04-30',''),(57,2560,2,'5','010',50000,0,'บริหารงานธุรการ การเงิน และสินทรัพย์','3340100082981','','2016-10-26 17:18:28','','','','','','2016-10-01','2017-04-30',''),(58,2560,3,'4','011',30000,0,'พัฒนาบุคลากร','3349900532980','','2016-10-26 17:19:39','','','','','','2016-10-01','2017-04-30',''),(59,2560,1,'5','012',1000,0,'พัฒนาระบบการประกันคุณภาพภายในสถานศึกษา','3340100254049','','2016-10-26 17:22:40','','','','','','2016-10-01','2017-04-30',''),(60,2560,4,'5','013',40000,0,'ปรับปรุง ซ่อมแซม ปรับภูมิทัศน์และแหล่งเรียนรู้ในโรงเรียน','3341400221767','','2016-10-26 17:24:35','','','','','','2016-10-01','2017-04-30',''),(61,2560,4,'3','014',3000,0,'วันสำคัญแห่งชาติและประชาธิปไตยในโรงเรียน','3341400221767','','2016-10-26 17:29:37','','','','','','2016-10-01','2017-04-30',''),(62,2560,4,'2','015',20000,0,'กีฬาต้านภัยยาเสพติด','3329900294541','','2016-10-26 17:30:41','','','','','','2016-10-01','2017-04-30',''),(63,2560,4,'5','016',270000,0,'อาหารปลอดภัยในโรงเรียน','3341100134109','','2016-10-26 17:33:29','','','','','','2016-10-01','2017-04-30',''),(64,2560,4,'3','017',3000,0,'ส่งเสริมสุขภาพนักเรียน','3329900125276','','2016-10-26 17:35:25','','','','','','2016-10-01','2017-04-30',''),(65,2560,4,'2','018',1000,0,'สหกรณ์ก้าวหน้า สู่ค่านิยม 12 ประการ','3341500571549','','2016-10-26 17:36:51','','','','','','2016-10-01','2017-04-30',''),(66,2561,1,'1','001',42500,0,'ส่งเสริมการจัดการศึกษาระดับปฐมวัย','3330401182411','','2017-11-10 13:41:49','','','','','','2017-10-01','2018-09-30',''),(67,2562,1,'4','001',28900,0,'ส่งเสริมการจัดการศึกษาระดับปฐมวัย','3330401182411','modules/plan/planproject/detail/plansch2562_001.docx','2018-11-22 14:42:25','','','','','','2018-10-01','2019-09-30',''),(68,2562,1,'2','002',55000,0,'พัฒนาทักษะทางวิชาการ','3349900341891','modules/plan/planproject/detail/plansch2562_002.doc','2018-11-22 14:42:42','','','','','','2018-10-01','2019-09-30',''),(69,2562,1,'2','003',36780,0,'ส่งเสริมศักยภาพการเรียนรู้นักเรียน','3340100517139','modules/plan/planproject/detail/plansch2562_003.docx','2018-11-22 14:42:59','','','','','','2018-10-01','2019-09-30',''),(70,2562,1,'4','004',5000,0,'พัฒนาห้องสมุดและส่งเสริมนิสัยรักการอ่าน','3340100517121','modules/plan/planproject/detail/plansch2562_004.doc','2018-11-22 14:43:13','','','','','','2018-10-01','2019-09-30',''),(71,2562,1,'6','005',15000,0,'การพัฒนาระบบงาน ICT ภายในโรงเรียน','3451100526481','modules/plan/planproject/detail/plansch2562_005.docx','2018-11-22 14:43:30','','','','','','2018-10-01','2019-09-30',''),(72,2562,1,'5','006',13000,0,'วิถีชีวิตตามหลักของเศรษฐกิจพอเพียง','3301800166518','modules/plan/planproject/detail/plansch2562_006.docx','2018-11-22 14:43:45','','','','','','2018-10-01','2019-09-30',''),(73,2562,1,'','007',25000,0,'กิจกรรมพัฒนาผู้เรียน ลูกเสือ เนตรนารี','3301800166518','modules/plan/planproject/detail/plansch2562_007.docx','2018-11-22 14:44:01','','','','','','2018-10-01','2019-09-30',''),(74,2562,1,'6','008',4000,0,'พัฒนาระบบการประกันคุณภาพภายในสถานศึกษา','3340100517139','modules/plan/planproject/detail/plansch2562_008.docx','2018-11-22 14:44:15','','','','','','2018-10-01','2019-09-30',''),(75,2562,1,'2','009',80000,0,'ยกผลสัมฤทธิ์ทางการเรียน 4 กลุ่มสาระ','3340400574359','modules/plan/planproject/detail/plansch2562_009.docx','2018-11-22 14:44:28','','','','','','2018-10-01','2019-09-30',''),(76,2562,4,'6','010',50000,0,'ปรับปรุง ซ่อมแซม ปรับภูมิทัศน์และแหล่งเรียนรู้ในโรงเรียน','3341400221767','modules/plan/planproject/detail/plansch2562_010.docx','2018-11-28 13:57:35','','','','','','2018-10-01','2019-09-30',''),(77,2562,4,'1','011',1000,0,'ประชาธิปไตยในโรงเรียน','3341400221767','modules/plan/planproject/detail/plansch2562_011.docx','2018-11-22 14:44:53','','','','','','2018-10-01','2019-09-30',''),(78,2562,4,'1','012',9000,0,'วันสำคัญแห่งชาติและศาสนา','3349800155483','modules/plan/planproject/detail/plansch2562_012.docx','2018-11-22 14:45:15','','','','','','2018-10-01','2019-09-30',''),(79,2562,4,'2','013',23990,0,'ส่งเสริมศักยภาพผู้เรียนด้านกีฬา','3329900294541','modules/plan/planproject/detail/plansch2562_013.docx','2018-11-22 14:45:30','','','','','','2018-10-01','2019-09-30',''),(80,2562,4,'6','014',311509,0,'อาหารกลางวันในโรงเรียน','3341100134109','modules/plan/planproject/detail/plansch2562_014.docx','2019-01-07 10:09:25','','','','','','2018-10-01','2019-09-30',''),(81,2562,4,'5','015',5000,0,'ส่งเสริมสุขภาพนักเรียน','3329900125276','modules/plan/planproject/detail/plansch2562_015.docx','2018-11-22 14:46:01','','','','','','2018-10-01','2019-09-30',''),(82,2562,4,'6','016',2000,0,'การจัดการเรียนรู้การสหกรณ์ในโรงเรียน','3340100082981','modules/plan/planproject/detail/plansch2562_016.docx','2018-11-22 14:46:27','','','','','','2018-10-01','2019-09-30',''),(83,2562,2,'6','017',276580,0,'บริหารงานธุรการ การเงิน และสินทรัพย์','3340100082981','modules/plan/planproject/detail/plansch2562_017.docx','2018-11-22 14:46:41','','','','','','2018-10-01','2019-09-30',''),(84,2562,3,'3','018',38000,0,'พัฒนาบุคลากรและสัมพันธ์กับชุมชน','3330401182411','modules/plan/planproject/detail/plansch2562_018.doc','2018-11-22 14:46:57','','','','','','2018-10-01','2019-09-30',''),(85,2563,1,'4','001',28900,0,'ส่งเสริมการจัดการศึกษาระดับปฐมวัย','3340100517121','','2019-11-14 13:49:40','','','','','','2019-10-01','2020-09-30',''),(86,2563,1,'2','002',34580,0,'ส่งเสริมศักยภาพการเรียนรู้นักเรียน','3340100517139','','2019-11-14 13:51:14','','','','','','2019-10-01','2020-09-30',''),(87,2563,1,'5','003',54000,0,'พัฒนาทักษะทางวิชาการ','3349900341891','','2019-11-14 13:52:27','','','','','','2019-10-01','2020-09-30',''),(88,2563,1,'4','004',5000,0,'พัฒนาห้องสมุดและส่งเสริมนิสัยรักการอ่าน','3340100517121','','2019-11-21 14:20:35','','','','','','2019-10-01','2020-09-30',''),(89,2563,1,'6','005',7000,0,'การพัฒนาระบบงาน ICT ภายในโรงเรียน','3451100526481','','2019-11-21 14:23:48','','','','','','2019-10-01','2020-09-30',''),(90,2563,1,'5','006',10000,0,'วิถีชีวิตตามหลักปรัชญาของเศรษฐกิจพอเพียง','3301800166518','','2019-11-21 14:25:39','','','','','','2019-10-01','2020-09-30',''),(91,2563,1,'5','007',14000,0,'กิจกรรมพัฒนาผู้เรียน','3301800166518','','2019-11-21 14:27:52','','','','','','2019-10-01','2020-09-30',''),(92,2563,1,'6','008',2000,0,'พัฒนาระบบการประกันคุณภาพภายในสถานศึกษา','3340100517139','','2019-11-21 14:29:28','','','','','','2019-10-01','2020-09-30',''),(93,2563,1,'2','009',80000,0,'ยกผลสัมฤทธิ์ทางการเรียน 4 กลุ่มสาระ','3340400574359','','2019-11-21 14:31:05','','','','','','2019-10-01','2020-09-30',''),(94,2563,2,'6','010',100000,0,'บริหารงานธุรการ การเงิน และสินทรัพย์','3340100082981','','2019-11-21 14:32:23','','','','','','2019-10-01','2020-09-30',''),(95,2563,3,'3','011',40000,0,'พัฒนาบุคลากรและสัมพันธ์กับชุมชน','3341400221767','','2019-11-21 14:33:18','','','','','','2019-10-01','2020-09-30',''),(96,2563,4,'6','012',40000,0,'ปรับปรุง ซ่อมแซม ปรับภูมิทัศน์และแหล่งเรียนรู้ในโรงเรียน','3341400221767','','2019-11-21 14:34:57','','','','','','2019-10-01','2020-09-30',''),(97,2563,4,'1','013',1000,0,'ประชาธิปไตยในโรงเรียน','3341400221767','','2019-11-21 14:36:09','','','','','','2019-10-01','2020-09-30',''),(98,2563,4,'1','014',8000,0,'วันสำคัญแห่งชาติและศาสนา','3341400221767','','2019-11-21 14:37:12','','','','','','2019-10-01','2020-09-30',''),(99,2563,4,'2','015',20890,0,'ส่งเสริมศักยภาพผู้เรียนด้านกีฬา','3329900294541','','2019-11-21 14:38:46','','','','','','2019-10-01','2020-09-30',''),(100,2563,4,'6','016',241400,0,'อาหารกลางวันในโรงเรียน','3329900125276','','2019-11-21 14:39:54','','','','','','2019-10-01','2020-09-30',''),(101,2563,4,'5','017',5000,0,'ส่งเสริมสุขภาพนักเรียน','3329900125276','','2019-11-21 14:41:46','','','','','','2019-10-01','2020-09-30',''),(102,2563,4,'6','018',3000,0,'การจัดการเรียนรู้การสหกรณ์ในโรงเรียน','3340100082981','','2019-11-21 14:43:11','','','','','','2019-10-01','2020-09-30',''),(103,2564,1,'4','001',25000,0,'ส่งเสริมการจัดการศึกษาระดับปฐมวัย','3349800102690','modules/plan/planproject/detail/plansch2564_001.docx','2020-12-01 15:22:16','','','','','','2020-10-01','2021-09-30',''),(104,2564,1,'5','002',30000,0,'ส่งเสริมศักยภาพการเรียนรู้นักเรียน','3340100517139','modules/plan/planproject/detail/plansch2564_002.docx','2020-12-01 15:22:29','','','','','','2020-10-01','2021-09-30',''),(105,2564,1,'2','003',105000,0,'พัฒนาทักษะทางวิชาการ','3349800159977','modules/plan/planproject/detail/plansch2564_003.doc','2020-12-01 15:23:18','','','','','','2020-10-01','2021-09-30',''),(106,2564,1,'1','004',5000,0,'พัฒนาห้องสมุดและส่งเสริมนิสัยรักการอ่าน','3340100517121','modules/plan/planproject/detail/plansch2564_004.doc','2020-12-01 15:23:30','','','','','','2020-10-01','2021-09-30',''),(107,2564,1,'2','005',10000,0,'พัฒนาระบบงาน ICT ภายในโรงเรียน','3340400574359','modules/plan/planproject/detail/plansch2564_005.docx','2020-12-01 15:23:44','','','','','','2020-10-01','2021-09-30',''),(108,2564,1,'5','006',10000,0,'วิถีชีวิตตามหลักปรัชญาของเศรษฐกิจพอเพียง','3301800166518','modules/plan/planproject/detail/plansch2564_006.docx','2020-12-01 15:24:01','','','','','','2020-10-01','2021-09-30',''),(109,2564,1,'','007',12000,0,'กิจกรรมพัฒนาผู้เรียนลูกเสือ เนตรนารี','3301800166518','modules/plan/planproject/detail/plansch2564_007.docx','2020-12-01 15:24:17','','','','','','2020-10-01','2021-09-30',''),(110,2564,1,'6','008',2000,0,'พัฒนาระบบการประกันคุณภาพภายในสถานศึกษา','3340400574359','modules/plan/planproject/detail/plansch2564_008.docx','2020-12-01 15:24:32','','','','','','2020-10-01','2021-09-30',''),(111,2564,2,'6','009',239800,0,'บริหารงานธุรการ การเงินและสินทรัพย์','3340100082981','modules/plan/planproject/detail/plansch2564_009.docx','2020-12-01 15:22:44','','','','','','2020-10-01','2021-09-30',''),(112,2564,3,'3','010',40000,0,'พัฒนาบุคลากรและสัมพันธ์กับชุมชน','3340100517139','modules/plan/planproject/detail/plansch2564_010.doc','2020-12-01 15:24:51','','','','','','2020-10-01','2021-09-30',''),(113,2564,4,'5','011',40000,0,'ปรับปรุง ซ่อมแซม ปรับภูมิทัศน์และแหล่งเรียนรู้ในโรงเรียน','3301800166518','modules/plan/planproject/detail/plansch2564_011.docx','2020-12-01 15:25:05','','','','','','2020-10-01','2021-09-30',''),(114,2564,4,'1','012',1000,0,'ประชาธิปไตยในโรงเรียน','3301800166518','modules/plan/planproject/detail/plansch2564_012.docx','2020-12-01 15:25:18','','','','','','2020-10-01','2021-09-30',''),(115,2564,4,'1','013',8000,0,'วันสำคัญแห่งชาติและศาสนา','3349800159977','modules/plan/planproject/detail/plansch2564_013.docx','2020-12-01 15:25:30','','','','','','2020-10-01','2021-09-30',''),(116,2564,4,'2','014',20000,0,'ส่งเสริมศักยภาพผู้เรียนด้านกีฬา','3349800211341','modules/plan/planproject/detail/plansch2564_014.docx','2020-12-01 15:25:43','','','','','','2020-10-01','2021-09-30',''),(117,2564,4,'5','015',223400,0,'อาหารกลางวันในโรงเรียน','3340100517121','modules/plan/planproject/detail/plansch2564_015.docx','2020-12-01 15:25:56','','','','','','2020-10-01','2021-09-30',''),(118,2564,4,'5','016',7000,0,'ส่งเสริมสุขภาพนักเรียน','3349800211341','modules/plan/planproject/detail/plansch2564_016.docx','2020-12-01 15:26:10','','','','','','2020-10-01','2021-09-30',''),(119,2564,4,'6','017',3000,0,'การจัดการเรียนรู้การสหกรณ์ในโรงเรียน','3340100082981','modules/plan/planproject/detail/plansch2564_017.docx','2020-12-01 15:22:00','','','','','','2020-10-01','2021-09-30',''),(120,2565,1,'1','001',20000,0,' ส่งเสริมการจัดการศึกษาระดับปฐมวัย','1209700374005','modules/plan/planproject/detail/plansch2565_001.docx','2021-10-16 15:35:09','','','','','','2021-10-01','2022-09-30',''),(121,2565,1,'2','002',30000,0,'ส่งเสริมศักยภาพการเรียนรู้นักเรียน','3340100517139','modules/plan/planproject/detail/plansch2565_002.docx','2021-10-16 15:35:22','','','','','','2021-10-01','2022-09-30',''),(122,2565,1,'1','003',105000,0,'พัฒนาทักษะทางวิชาการ','3349800159977','modules/plan/planproject/detail/plansch2565_003.docx','2021-10-16 15:35:36','','','','','','2021-10-01','2022-09-30',''),(123,2565,1,'4','004',5000,0,'พัฒนาห้องสมุดและส่งเสริมนิสัยรักการอ่าน','3340100517121','modules/plan/planproject/detail/plansch2565_004.docx','2021-10-16 15:36:11','','','','','','2021-10-01','2022-03-31',''),(124,2565,1,'6','005',10000,0,'การพัฒนาระบบงาน ICT ภายในโรงเรียน','1349900487465','modules/plan/planproject/detail/plansch2565_005.docx','2021-10-16 15:39:21','','','','','','2021-10-01','2022-03-31',''),(125,2565,1,'5','006',10000,0,'โรงเรียนวิถีชีวิตตามหลักปรัชญาของเศรษฐกิจพอเพียง','3301800166518','modules/plan/planproject/detail/plansch2565_006.docx','2021-10-16 15:36:46','','','','','','2021-10-01','2022-03-31',''),(126,2565,1,'1','007',25000,0,'กิจกรรมพัฒนาผู้เรียน   ลูกเสือ  เนตรนารี','3301800166518','modules/plan/planproject/detail/plansch2565_007.docx','2021-10-16 15:37:01','','','','','','2021-10-01','2022-03-31',''),(127,2565,1,'6','008',2000,0,'พัฒนาระบบการประกันคุณภาพภายในสถานศึกษา','3340400574359','modules/plan/planproject/detail/plansch2565_008.docx','2021-10-16 15:37:12','','','','','','2021-10-01','2022-03-31',''),(128,2565,2,'6','009',328900,0,'บริหารงานธุรการ  การเงิน   และสินทรัพย์','3340400574359','modules/plan/planproject/detail/plansch2565_009.docx','2021-10-16 15:37:27','','','','','','2021-10-01','2022-09-30',''),(129,2565,3,'2','010',40000,0,'          	พัฒนาบุคลากรและสัมพันธ์กับชุมชน ','3340100517139','modules/plan/planproject/detail/plansch2565_010.docx','2021-10-16 15:37:39','','','','','','2021-10-01','2022-03-31',''),(130,2565,4,'2','011',254000,0,'อาหารกลางวันในโรงเรียน','3340100517121','modules/plan/planproject/detail/plansch2565_011.docx','2021-10-16 15:37:53','','','','','','2021-10-01','2022-09-30',''),(131,2565,4,'1','012',7000,0,'ส่งเสริมสุขภาพนักเรียน','3349800211341','modules/plan/planproject/detail/plansch2565_012.docx','2021-10-16 15:38:08','','','','','','2021-10-01','2022-09-30',''),(132,2565,4,'6','013',1000,0,'การจัดการเรียนรู้การสหกรณ์ในโรงเรียน','3349800102690','modules/plan/planproject/detail/plansch2565_013.docx','2021-10-16 15:38:19','','','','','','2021-10-01','2022-09-30',''),(133,2565,4,'7','014',8000,0,'วันสำคัญแห่งชาติและศาสนา  ','3349800159977','modules/plan/planproject/detail/plansch2565_014.docx','2021-10-16 15:38:39','','','','','','2021-10-01','2022-09-30',''),(134,2565,4,'2','015',20000,0,'         ส่งเสริมศักยภาพผู้เรียนด้านกีฬา','1499900211370','modules/plan/planproject/detail/plansch2565_015.docx','2021-10-16 15:38:51','','','','','','2021-10-01','2022-09-30',''),(135,2565,4,'6','016',40000,0,'ปรับปรุง  ซ่อมแซม  ปรับภูมิทัศน์และแหล่งเรียนรู้ในโรงเรียน','3301800166518','modules/plan/planproject/detail/plansch2565_016.docx','2021-10-16 15:39:02','','','','','','2021-10-01','2022-09-30',''),(136,2565,4,'7','017',1000,0,'ส่งเสริมประชาธิปไตยในโรงเรียน','3349800102690','modules/plan/planproject/detail/plansch2565_017.docx','2021-10-16 15:39:12','','','','','','2021-10-01','2022-09-30',''),(138,2568,3,'','301',75851.32,0,'3.1 โครงการพัฒนาบุคลากรในสถานศึกษาให้มีความรู้ความสามารถตรงกับงานที่รับผิดชอบ','3340400574359','','2025-08-20 11:42:39','','','','','','2024-10-01','2025-09-30',''),(139,2568,4,'','401',113776.98,0,'4.1 โครงการบริหารงานธุรการ การเงิน และสินทรัพย์','3340400574359','','2025-08-20 11:44:38','','','','','','2024-10-01','2025-09-30',''),(140,2568,2,'','201',721600,0,'2.1 โครงการอาหารกลางวันในโรงเรียน','1330400491511','','2025-08-20 13:15:02','','','','','','2024-10-01','2025-09-30',''),(141,2568,2,'','202',5000,0,'2.2 โครงการจัดการเรียนรู้การสหกรณ์ในโรงเรียน','3349900617021','','2025-08-20 13:16:06','','','','','','2024-10-01','2025-09-30',''),(142,2568,2,'','203',158748.86,0,'2.3 โครงการพัฒนาคุณธรรม จริยธรรม และค่านิยมที่พึงประสงค์ของนักเรียน','3349900617021','','2025-08-20 13:25:17','','','','','','2024-10-01','2025-09-30',''),(143,2568,2,'','204',45776.98,0,'2.4 โครงการส่งเสริมสุขนิสัย สุขภาพกาย สุขภาพจิตที่ดีแก่ผู้เรียน','3349900617021','','2025-08-20 13:26:00','','','','','','2024-10-01','2025-09-30',''),(144,2568,1,'','101',34000,0,'1.1 โครงการส่งเสริมการจัดการศึกษาระดับปฐมวัย','1209700374005','','2025-08-20 13:28:36','','','','','','2024-10-01','2025-09-30',''),(145,2568,1,'','102',222500,0,'1.2 โครงการส่งเสริมศักยภาพการเรียนรู้นักเรียน','3341100094964','','2025-08-20 13:30:16','','','','','','2024-10-01','2025-09-30',''),(146,2568,1,'','103',15000,0,'1.3 โครงการพัฒนาห้องสมุดและส่งเสริมนิสัยรักการอ่าน','3349900617021','','2025-08-20 13:31:00','','','','','','2024-10-01','2025-09-30',''),(147,2568,1,'','104',10000,0,'1.4 โครงการการพัฒนาระบบงาน ICT ภายในโรงเรียน','1349900487465','','2025-08-20 13:31:32','','','','','','2024-10-01','2025-09-30',''),(148,2568,1,'','105',10000,0,'1.5 โครงการพระบรมราโชบายการศึกษาสู่การปฏิบัติ','3349900617021','','2025-08-20 13:32:04','','','','','','2024-10-01','2025-09-30',''),(149,2568,1,'','106',36000,0,'1.6 โครงการพัฒนาระบบการประกันคุณภาพภายในสถานศึกษา','3341100094964','','2025-08-20 13:33:02','','','','','','2024-10-01','2025-09-30',''),(150,2568,1,'','107',15000,0,'1.7 โครงการสถานศึกษาสีขาว ปลอดยาเสพติดและอบายมุข','1379900153117','','2025-08-20 13:33:38','','','','','','2024-10-01','2025-09-30',''),(151,2568,1,'','108',256231.23,0,'1.8 โครงการพัฒนากิจกรรมการเรียนการสอนที่เน้นผู้เรียนเป็นสำคัญ','3341100094964','','2025-08-20 13:34:18','','','','','','2024-10-01','2025-09-30',''),(152,2569,1,'','001',27000,0,'1.โครงการส่งเสริมการจัดการศึกษาระดับปฐมวัย','1209700374005','','2025-10-09 16:46:53','','','','','','2025-10-01','2026-09-30',''),(153,2569,1,'','002',175650,0,'2.โครงการส่งเสริมศักยภาพการเรียนรู้นักเรียน','3341100094964','','2025-10-09 16:12:17','','','','','','2025-10-01','2026-09-30',''),(154,2569,1,'','003',15000,0,'3 โครงการพัฒนาห้องสมุดและส่งเสริมนิสัยรักการอ่าน','3349900617021','','2025-10-09 16:19:28','','','','','','2025-10-01','2026-09-30',''),(155,2569,1,'','004',3790,0,'4 โครงการการพัฒนาระบบงาน ICT ภายในโรงเรียน','1349900487465','','2025-10-09 16:20:38','','','','','','2025-10-01','2026-09-30',''),(156,2569,1,'','005',10000,0,'5 โครงการพระบรมราโชบายการศึกษาสู่การปฏิบัติ','3349900617021','','2025-10-09 16:22:45','','','','','','2025-10-01','2026-09-30',''),(157,2569,1,'','006',31740,0,'6 โครงการพัฒนาระบบการประกันคุณภาพภายในสถานศึกษา','3341100094964','','2025-10-09 16:23:41','','','','','','2025-10-01','2026-09-30',''),(158,2569,1,'','007',15000,0,'7 โครงการสถานศึกษาสีขาว ปลอดยาเสพติดและอบายมุข','1379900153117','','2025-10-09 16:24:35','','','','','','2025-10-01','2026-09-30',''),(159,2569,1,'','008',237545.23,0,'8 โครงการพัฒนากิจกรรมการเรียนการสอนที่เน้นผู้เรียนเป็นสำคัญ','3341100094964','','2025-10-09 16:25:18','','','','','','2025-10-01','2026-09-30',''),(160,2569,2,'','009',79498.19,0,'1. โครงการบริหารงานธุรการ การเงิน และสินทรัพย์','3340400574359','','2025-10-09 16:30:57','','','','','','2025-10-01','2026-09-30',''),(161,2569,3,'','010',39531.32,0,'1 โครงการพัฒนาบุคลากรในสถานศึกษาให้มีความรู้ความสามารถตรงกับงานที่รับผิดชอบ','3340400574359','','2025-10-09 16:38:00','','','','','','2025-10-01','2026-09-30',''),(162,2569,4,'','011',45457.56,0,'1 โครงการอาหารกลางวันในโรงเรียน','1330400491511','','2025-10-09 16:40:22','','','','','','2025-10-01','2026-09-30',''),(163,2569,4,'','012',5000,0,'2 โครงการจัดการเรียนรู้การสหกรณ์ในโรงเรียน','3349900617021','','2025-10-09 16:41:26','','','','','','2025-10-01','2026-09-30',''),(164,2569,4,'','013',172248.86,0,'3 โครงการพัฒนาคุณธรรม จริยธรรม และค่านิยมที่พึงประสงค์ของนักเรียน','3349900617021','','2025-10-09 16:42:44','','','','','','2025-10-01','2026-09-30',''),(165,2569,4,'','014',40301.98,0,'4 โครงการส่งเสริมสุขนิสัย สุขภาพกาย สุขภาพจิตที่ดีแก่ผู้เรียน','3349900617021','','2025-10-09 16:45:00','','','','','','2025-10-01','2026-09-30','');

--
