-- Table structure for table `budget_year`
--

CREATE TABLE `budget_year` (
  `id` int(11) NOT NULL AUTO_INCREMENT,
  `budget_year` int(11) NOT NULL,
  `year_active` tinyint(1) NOT NULL,
  PRIMARY KEY (`id`),
  UNIQUE KEY `budget_year` (`budget_year`)
) ENGINE=MyISAM AUTO_INCREMENT=22 DEFAULT CHARSET=utf8 COLLATE=utf8_general_ci;

--
-- Dumping data for table `budget_year`
--

INSERT INTO `budget_year` VALUES (6,2559,0),(5,2558,0),(9,2560,0),(11,2561,0),(12,2562,0),(13,2563,0),(14,2564,0),(15,2565,0),(18,2566,0),(19,2567,0),(20,2568,0),(21,2569,1);

--
-- Table structure for table `cabinet_cabinet`
--

CREATE TABLE `cabinet_cabinet` (
  `id` int(11) NOT NULL AUTO_INCREMENT,
  `cabinet_id` int(11) NOT NULL,
  `cabinet_type` tinyint(4) NOT NULL,
  `cabinet_name` varchar(100) NOT NULL,
  `cabinet_size` double NOT NULL,
  `tray_size` double NOT NULL,
  `cabinet_person` varchar(13) NOT NULL,
  PRIMARY KEY (`id`),
  UNIQUE KEY `cabinet_id` (`cabinet_id`)
) ENGINE=MyISAM AUTO_INCREMENT=2 DEFAULT CHARSET=utf8 COLLATE=utf8_general_ci;

--
-- Dumping data for table `cabinet_cabinet`
--

INSERT INTO `cabinet_cabinet` VALUES (1,1,1,'ตู้งานธุรการ',1000,100,'1330400271279');

--
-- Table structure for table `cabinet_file`
--

CREATE TABLE `cabinet_file` (
  `id` int(11) NOT NULL AUTO_INCREMENT,
  `file_id` int(11) NOT NULL,
  `tray_id` bigint(11) NOT NULL,
  `cabinet_id` int(11) NOT NULL,
  `file_name` varchar(100) NOT NULL,
  PRIMARY KEY (`id`)
) ENGINE=MyISAM AUTO_INCREMENT=4 DEFAULT CHARSET=utf8 COLLATE=utf8_general_ci;

--
-- Dumping data for table `cabinet_file`
--

INSERT INTO `cabinet_file` VALUES (2,1,1,1,'เยื่ยมบ้านนักเรียน'),(3,2,1,1,'เยื่ยมบ้านนักเรียน');

--
-- Table structure for table `cabinet_main`
--

CREATE TABLE `cabinet_main` (
  `id` int(11) NOT NULL AUTO_INCREMENT,
  `file_id` int(11) NOT NULL,
  `tray_id` bigint(11) NOT NULL,
  `cabinet_id` int(11) NOT NULL,
  `cabinet_type` tinyint(4) NOT NULL,
  `doc_subject` varchar(150) NOT NULL,
  `doc_size` double NOT NULL,
  `doc_name` varchar(100) NOT NULL,
  `doc_type` varchar(10) NOT NULL,
  `status` tinyint(4) NOT NULL DEFAULT 0,
  `person_id` varchar(13) NOT NULL,
  `rec_date` datetime NOT NULL,
  PRIMARY KEY (`id`)
) ENGINE=MyISAM DEFAULT CHARSET=utf8 COLLATE=utf8_general_ci;

--
-- Dumping data for table `cabinet_main`
--


--
-- Table structure for table `cabinet_permission`
--

CREATE TABLE `cabinet_permission` (
  `id` int(11) NOT NULL AUTO_INCREMENT,
  `person_id` varchar(13) NOT NULL,
  `p1` tinyint(4) DEFAULT NULL,
  `officer` varchar(13) NOT NULL,
  `rec_date` date NOT NULL,
  PRIMARY KEY (`id`),
  UNIQUE KEY `person_id` (`person_id`)
) ENGINE=MyISAM AUTO_INCREMENT=5 DEFAULT CHARSET=utf8 COLLATE=utf8_general_ci;

--
-- Dumping data for table `cabinet_permission`
--

INSERT INTO `cabinet_permission` VALUES (3,'3130400113825',1,'3130400113825','2022-07-23'),(2,'3349800060121',1,'3349800060121','2015-10-13'),(4,'1341500284721',0,'3130400113825','2025-08-02');

--
-- Table structure for table `cabinet_tray`
--

CREATE TABLE `cabinet_tray` (
  `id` int(11) NOT NULL AUTO_INCREMENT,
  `tray_id` bigint(20) NOT NULL,
  `cabinet_id` int(11) NOT NULL,
  `tray_name` varchar(100) NOT NULL,
  PRIMARY KEY (`id`)
) ENGINE=MyISAM AUTO_INCREMENT=4 DEFAULT CHARSET=utf8 COLLATE=utf8_general_ci;

--
-- Dumping data for table `cabinet_tray`
--

INSERT INTO `cabinet_tray` VALUES (1,1,1,'เยื่ยมบ้านนักเรียน'),(2,2,1,'รับส่งหนังสือ'),(3,3,1,'ตรวจสุขภาพนักเรียน');

--
-- Table structure for table `delegate_main`
--

CREATE TABLE `delegate_main` (
  `id` int(11) NOT NULL AUTO_INCREMENT,
  `person_id` varchar(13) NOT NULL,
  `start` date NOT NULL,
  `finish` date NOT NULL,
  `remark` varchar(250) NOT NULL,
  `officer` varchar(13) NOT NULL,
  `rec_date` date NOT NULL,
  PRIMARY KEY (`id`)
) ENGINE=MyISAM DEFAULT CHARSET=utf8 COLLATE=utf8_general_ci;

--
-- Dumping data for table `delegate_main`
--


--
-- Table structure for table `delegate_permission`
--

CREATE TABLE `delegate_permission` (
  `id` int(11) NOT NULL AUTO_INCREMENT,
  `person_id` varchar(13) NOT NULL,
  `p1` tinyint(4) NOT NULL,
  `officer` varchar(13) NOT NULL,
  `rec_date` date NOT NULL,
  PRIMARY KEY (`id`)
) ENGINE=MyISAM AUTO_INCREMENT=3 DEFAULT CHARSET=utf8 COLLATE=utf8_general_ci;

--
-- Dumping data for table `delegate_permission`
--

INSERT INTO `delegate_permission` VALUES (1,'3130400113825',1,'3130400113825','2022-07-23');

--
-- Table structure for table `health_age_height`
--

CREATE TABLE `health_age_height` (
  `id` int(11) NOT NULL AUTO_INCREMENT,
  `type` tinyint(4) NOT NULL DEFAULT 1,
  `sex` tinyint(4) NOT NULL DEFAULT 2,
  `age` double NOT NULL,
  `height_1` double NOT NULL,
  `height_2` double NOT NULL,
  `height_3` double NOT NULL,
  `height_4` double NOT NULL,
  PRIMARY KEY (`id`)
) ENGINE=MyISAM AUTO_INCREMENT=63 DEFAULT CHARSET=utf8 COLLATE=utf8_general_ci;

--
-- Dumping data for table `health_age_height`
--

INSERT INTO `health_age_height` VALUES (1,0,1,1,70,71.5,80,81),(2,0,1,1.25,72.5,73.5,83.5,85),(3,0,1,1.5,75,77,86.5,88),(4,0,1,1.75,77.5,79.5,89.5,91),(5,0,1,2,80,81.5,92,93.5),(6,0,1,2.25,82,84,94,96),(7,0,1,2.5,83.5,84.5,96.5,98),(8,0,1,2.75,85.5,87.5,98.5,100),(9,0,1,3,87,89.5,100.5,102),(10,0,1,3.25,89,91,102.5,104),(11,0,1,3.5,90.5,93,104.5,106),(12,0,1,3.75,92,94.5,106.5,108),(13,0,1,4,93.5,96,108,110),(14,0,1,4.25,95,96.5,110,112),(15,0,1,4.5,97,99,112,113.5),(16,0,1,4.75,98.5,100.5,113.5,115),(17,0,1,5,100,102,115,117.7),(18,0,2,1,67,69,79,80.5),(19,0,2,1.25,70,72,82.5,84.5),(20,0,2,1.5,73,74.5,85,87.5),(21,0,2,1.75,75.5,77,88,89.5),(22,0,2,2,78,79.5,90.5,92),(23,0,2,2.25,80,82,92.5,94.5),(24,0,2,2.5,82,84,95,96.5),(25,0,2,2.75,84,86,97,98.5),(26,0,2,3,85.5,88,99,100.5),(27,0,2,3.25,87.5,89.5,100.5,102.5),(28,0,2,3.5,89,91.5,102.5,104.5),(29,0,2,3.75,90.5,93,104.5,106),(30,0,2,4,92.5,94.5,106.5,108.5),(31,0,2,4.25,94,96,108.5,110.5),(32,0,2,4.5,95.5,98,110.5,112.5),(33,0,2,4.75,97.5,99.5,112.5,114),(34,0,2,5,99,101,114,116),(35,1,1,5,100,102,115,117.5),(36,1,1,6,105.5,107.5,121.5,123.5),(37,1,1,7,110.5,113,127.5,130),(38,1,1,8,114.5,117.5,133.5,136),(39,1,1,9,119,122,138,141),(40,1,1,10,123.5,126.5,143.5,145.5),(41,1,1,11,127.5,130.5,149.5,153),(42,1,1,12,131.5,135,157,161),(43,1,1,13,135,139,162,166),(44,1,1,14,143,147.5,170,173),(45,1,1,15,149.5,153.5,173,176.5),(46,1,1,16,155,158.5,176,178.5),(47,1,1,17,157.5,160.5,177,179.5),(48,1,1,18,158.5,161.5,177.5,180),(49,1,2,5,99,101,114,116),(50,1,2,6,105,107.5,120.5,123),(51,1,2,7,109.5,112.5,126.5,129),(52,1,2,8,114.5,117,132.5,135),(53,1,2,9,119,122,139,142),(54,1,2,10,124,127,146,149.5),(55,1,2,11,129.5,133,152.5,155.5),(56,1,2,12,135.5,138.5,157,159.5),(57,1,2,13,140.5,143.5,160,162.5),(58,1,2,14,144.5,147,162,164.5),(59,1,2,15,146,148,163.5,166),(60,1,2,16,146.5,149,164,166.5),(61,1,2,17,147,149,164,166.5),(62,1,2,18,147,149.5,164,166.5);

--
-- Table structure for table `health_age_weight`
--

CREATE TABLE `health_age_weight` (
  `id` int(11) NOT NULL AUTO_INCREMENT,
  `type` tinyint(4) NOT NULL DEFAULT 1,
  `sex` tinyint(4) NOT NULL DEFAULT 2,
  `age` double NOT NULL,
  `weight_1` double NOT NULL,
  `weight_2` double NOT NULL,
  `weight_3` double NOT NULL,
  `weight_4` double NOT NULL,
  PRIMARY KEY (`id`)
) ENGINE=MyISAM AUTO_INCREMENT=63 DEFAULT CHARSET=utf8 COLLATE=utf8_general_ci;

--
-- Dumping data for table `health_age_weight`
--

INSERT INTO `health_age_weight` VALUES (1,0,1,1,7.8,8.3,11.5,11.5),(2,0,1,1.25,8.5,9,12,12.5),(3,0,1,1.5,8.9,9.4,12.9,13.5),(4,0,1,1.75,9.4,10,13.7,14.4),(5,0,1,2,9.8,10.5,14.5,15.2),(6,0,1,2.25,10.2,11,15,15.8),(7,0,1,2.5,10.6,11.4,15.8,16.7),(8,0,1,2.75,11,11.8,16.6,17.4),(9,0,1,3,11.4,12.2,17.3,18.2),(10,0,1,3.25,11.7,12.6,18,19),(11,0,1,3.5,12,12.8,18.7,19.8),(12,0,1,3.75,12.4,13.3,19.3,20.6),(13,0,1,4,12.7,13.6,20,21.3),(14,0,1,4.25,13.2,13.9,20.7,22),(15,0,1,4.5,13.4,14.3,21.3,22.7),(16,0,1,4.75,13.8,14.6,21.9,23.7),(17,0,1,5,14,15,23,24),(18,0,2,1,7.3,7.7,10.5,11),(19,0,2,1.25,7.8,8.3,11.3,11.9),(20,0,2,1.5,8.3,8.8,12,12.8),(21,0,2,1.75,8.8,9.3,12.9,13.6),(22,0,2,2,9,9.8,13.6,14.4),(23,0,2,2.25,9.5,10.2,14.4,15.2),(24,0,2,2.5,9.8,10.7,15.2,15.9),(25,0,2,2.75,10.3,11.2,15.9,16.9),(26,0,2,3,10.7,11.5,16.6,17.4),(27,0,2,3.25,11.2,11.9,17.3,18.2),(28,0,2,3.5,11.5,12.3,17.9,18.9),(29,0,2,3.75,11.8,12.7,18.5,19.7),(30,0,2,4,12.2,13,19.3,20.5),(31,0,2,4.25,12.4,13.4,19.7,21),(32,0,2,4.5,12.8,13.7,20.3,21.7),(33,0,2,4.75,13,13.9,20.9,22.3),(34,0,2,5,13.5,14,22,23.5),(35,1,1,5,14,15,23,24),(36,1,1,6,15.5,16.5,25.5,27),(37,1,1,7,17,18.5,28.5,31),(38,1,1,8,18.5,20,32,35),(39,1,1,9,20,21.5,36,39.5),(40,1,1,10,21.5,23.5,40.5,44.5),(41,1,1,11,23,25.5,45,49.5),(42,1,1,12,25.5,28,50,54.5),(43,1,1,13,28,31.5,54.5,58.5),(44,1,1,14,32,35.5,58.5,63.5),(45,1,1,15,36.5,40,62,65.5),(46,1,1,16,40.5,44,64,67.5),(47,1,1,17,43,46,66,69),(48,1,1,18,45,48,67,70),(49,1,2,5,13.5,14,22,23.5),(50,1,2,6,15,16,24.5,26.5),(51,1,2,7,16.5,17.5,28.5,31),(52,1,2,8,17.5,19,32.5,35.5),(53,1,2,9,19.5,21,37.5,41),(54,1,2,10,21.5,23.5,42,46),(55,1,2,11,23.5,26,46.5,50.5),(56,1,2,12,26.5,29,50,54),(57,1,2,13,29.5,33,53,55.5),(58,1,2,14,33.5,36.5,55,58.5),(59,1,2,15,36.5,38.5,56.5,59.5),(60,1,2,16,37.5,40,57,60),(61,1,2,17,38,41,57.5,60.5),(62,1,2,18,38.5,41,57.5,60.5);

--
-- Table structure for table `health_base`
--

CREATE TABLE `health_base` (
  `base_id` int(5) NOT NULL AUTO_INCREMENT,
  `study_year` int(5) NOT NULL,
  `term` int(3) NOT NULL,
  `status` int(2) NOT NULL,
  PRIMARY KEY (`base_id`)
) ENGINE=MyISAM AUTO_INCREMENT=19 DEFAULT CHARSET=utf8 COLLATE=utf8_general_ci;

--
-- Dumping data for table `health_base`
--

INSERT INTO `health_base` VALUES (1,2557,1,0),(2,2558,2,0),(3,2559,1,0),(4,2561,1,0),(5,2563,2,0),(6,2560,1,0),(7,2562,1,0),(8,2563,1,0),(9,2563,2,0),(10,2564,2,0),(11,2565,1,0),(12,2565,2,0),(13,2566,1,0),(14,2566,2,0),(15,2567,1,0),(16,2567,2,0),(17,2567,2,0),(18,2568,1,1);

--
-- Table structure for table `health_checking`
--

CREATE TABLE `health_checking` (
  `check_id` int(11) NOT NULL AUTO_INCREMENT,
  `student_id` int(11) NOT NULL,
  `student_number` varchar(13) NOT NULL,
  `year_std` varchar(5) NOT NULL,
  `term_std` varchar(3) NOT NULL,
  `class_now` tinyint(4) NOT NULL,
  `room` tinyint(4) NOT NULL,
  `number_check` int(5) NOT NULL,
  `gum` varchar(100) NOT NULL,
  `iodine` varchar(100) NOT NULL,
  `tooth` varchar(100) NOT NULL,
  `weight` varchar(10) NOT NULL,
  `tall` varchar(10) NOT NULL,
  `comment` text NOT NULL,
  `day` datetime NOT NULL,
  `usenull` text DEFAULT NULL,
  `life` varchar(10) NOT NULL,
  `push` varchar(10) NOT NULL,
  `sit` varchar(10) NOT NULL,
  `roll` varchar(10) NOT NULL,
  `run` varchar(10) NOT NULL,
  `person_check` varchar(255) NOT NULL,
  PRIMARY KEY (`check_id`)
) ENGINE=MyISAM AUTO_INCREMENT=1055 DEFAULT CHARSET=utf8 COLLATE=utf8_general_ci;

--
-- Dumping data for table `health_checking`
--

INSERT INTO `health_checking` VALUES (1,4843,'1','2558','2',7,1,1,'ไม่มี','ปกติ','ไม่ผุ','23','129','','2558-11-24 11:04:48','','','','','','','3349800106024'),(2,4844,'2','2558','2',7,1,1,'ไม่มี','ปกติ','ผุ','32','146','','2558-11-24 11:05:51','','','','','','','3349800106024'),(3,4845,'3','2558','2',7,1,1,'ไม่มี','ปกติ','ผุ','23','132','','2558-11-24 11:06:10','','','','','','','3349800106024'),(4,4846,'4','2558','2',7,1,1,'ไม่มี','ปกติ','ผุ','27','134','','2558-11-24 11:06:26','','','','','','','3349800106024'),(5,4847,'5','2558','2',7,1,1,'ไม่มี','ปกติ','ผุ','60','147','','2558-11-24 12:22:55','','','','','','','3349800106024'),(6,4848,'6','2558','2',7,1,1,'ไม่มี','ปกติ','ผุ','26','130','','2558-11-24 12:23:13','','','','','','','3349800106024'),(7,4850,'7','2558','2',7,1,1,'ไม่มี','ปกติ','ผุ','26','128','','2558-11-24 12:23:32','','','','','','','3349800106024'),(8,4853,'8','2558','2',7,1,1,'ไม่มี','ปกติ','ผุ','43','152','','2558-11-24 12:23:54','','','','','','','3349800106024'),(9,4857,'10','2558','2',7,1,1,'ไม่มี','ปกติ','ผุ','57','143','','2558-11-24 12:24:11','','','','','','','3349800106024'),(10,4865,'11','2558','2',7,1,1,'ไม่มี','ปกติ','ผุ','22','128','','2558-11-24 12:24:35','','','','','','','3349800106024'),(11,4914,'12','2558','2',7,1,1,'ไม่มี','ปกติ','ผุ','31','146','','2558-11-24 12:24:57','','','','','','','3349800106024'),(12,4996,'14','2558','2',7,1,1,'ไม่มี','ปกติ','ผุ','26','135','','2558-11-24 12:25:14','','','','','','','3349800106024'),(13,5110,'18','2562','1',8,1,1,'ไม่มี','ปกติ','ไม่ผุ','31','140','','2562-10-31 09:59:19','','','','','','','3340900360196'),(14,5091,'17','2562','1',8,1,1,'ไม่มี','ปกติ','ไม่ผุ','49','155','','2562-10-31 10:03:46','','','','','','','3340900360196'),(15,4909,'1','2562','1',8,1,1,'ไม่มี','ปกติ','ไม่ผุ','31','141','','2562-10-31 10:04:35','','','','','','','3340900360196'),(16,4921,'2','2562','1',8,1,1,'ไม่มี','ปกติ','ไม่ผุ','28','131','','2562-10-31 10:04:52','','','','','','','3340900360196'),(17,4923,'3','2562','1',8,1,1,'ไม่มี','ปกติ','ไม่ผุ','30','139','','2562-10-31 10:05:06','','','','','','','3340900360196'),(18,4924,'4','2562','1',8,1,1,'ไม่มี','ปกติ','ไม่ผุ','31','135','','2562-10-31 10:05:31','','','','','','','3340900360196'),(19,4925,'5','2562','1',8,1,1,'ไม่มี','ปกติ','ไม่ผุ','33','140','','2562-10-31 10:06:04','','','','','','','3340900360196'),(20,4926,'6','2562','1',8,1,1,'ไม่มี','ปกติ','ไม่ผุ','34','145','','2562-10-31 10:06:24','','','','','','','3340900360196'),(21,4928,'7','2562','1',8,1,1,'ไม่มี','ปกติ','ไม่ผุ','33','133','','2562-10-31 10:06:45','','','','','','','3340900360196'),(22,4929,'8','2562','1',8,1,1,'ไม่มี','ปกติ','ไม่ผุ','32','145','','2562-10-31 10:07:10','','','','','','','3340900360196'),(23,4930,'9','2562','1',8,1,1,'ไม่มี','ปกติ','ไม่ผุ','41','139','','2562-10-31 10:07:35','','','','','','','3340900360196'),(24,4931,'10','2562','1',8,1,1,'ไม่มี','ปกติ','ไม่ผุ','32','143','','2562-10-31 10:08:07','','','','','','','3340900360196'),(25,4932,'11','2562','1',8,1,1,'ไม่มี','ปกติ','ไม่ผุ','35','148','','2562-10-31 10:09:05','','','','','','','3340900360196'),(26,4933,'12','2562','1',8,1,1,'ไม่มี','ปกติ','ไม่ผุ','43','145','','2562-10-31 10:10:20','','','','','','','3340900360196'),(27,4936,'13','2562','1',8,1,1,'ไม่มี','ปกติ','ไม่ผุ','39','132','','2562-10-31 10:12:03','','','','','','','3340900360196'),(28,4964,'14','2562','1',8,1,1,'ไม่มี','ปกติ','ไม่ผุ','57','152','','2562-10-31 10:12:32','','','','','','','3340900360196'),(29,4973,'15','2562','1',8,1,1,'ไม่มี','ปกติ','ไม่ผุ','61','161','','2562-10-31 10:13:32','','','','','','','3340900360196'),(30,5002,'16','2562','1',8,1,1,'ไม่มี','ปกติ','ไม่ผุ','41','141','','2562-10-31 10:14:01','','','','','','','3340900360196'),(31,5006,'1','2562','1',5,1,1,'ไม่มี','ปกติ','ไม่ผุ','23','126','','2562-11-03 10:30:00','','','','','','','3349800060121'),(32,5007,'2','2562','1',5,1,1,'ไม่มี','ปกติ','ไม่ผุ','22','128','','2562-11-03 10:30:07','','','','','','','3349800060121'),(33,5008,'3','2562','1',5,1,1,'ไม่มี','ปกติ','ไม่ผุ','25','127','','2562-11-03 10:30:19','','','','','','','3349800060121'),(34,5011,'4','2562','1',5,1,1,'ไม่มี','ปกติ','ไม่ผุ','26','124','','2562-11-03 10:30:34','','','','','','','3349800060121'),(35,5013,'5','2562','1',5,1,1,'ไม่มี','ปกติ','ไม่ผุ','32','130','','2562-11-03 10:46:12','','','','','','','3349800060121'),(36,5015,'6','2562','1',5,1,1,'ไม่มี','ปกติ','ไม่ผุ','21','120','','2562-11-03 10:46:33','','','','','','','3349800060121'),(37,5019,'7','2562','1',5,1,1,'ไม่มี','ปกติ','ไม่ผุ','25','131','','2562-11-03 10:46:45','','','','','','','3349800060121'),(38,5026,'8','2562','1',5,1,1,'ไม่มี','ปกติ','ไม่ผุ','20','120','','2562-11-03 10:46:56','','','','','','','3349800060121'),(39,5034,'9','2562','1',5,1,1,'ไม่มี','ปกติ','ไม่ผุ','21','120','','2562-11-03 10:47:05','','','','','','','3349800060121'),(40,5036,'10','2562','1',5,1,1,'ไม่มี','ปกติ','ไม่ผุ','23','121','','2562-11-03 10:47:28','','','','','','','3349800060121'),(41,5088,'11','2562','1',5,1,1,'ไม่มี','ปกติ','ไม่ผุ','30','132','','2562-11-03 10:47:45','','','','','','','3349800060121'),(42,5111,'12','2562','1',5,1,1,'ไม่มี','ปกติ','ไม่ผุ','25','130','','2562-11-03 10:47:57','','','','','','','3349800060121'),(43,5118,'13','2562','1',5,1,1,'ไม่มี','ปกติ','ไม่ผุ','29','127','','2562-11-03 10:48:14','','','','','','','3349800060121'),(44,5119,'14','2562','1',5,1,1,'ไม่มี','ปกติ','ไม่ผุ','22','121','','2562-11-03 10:48:25','','','','','','','3349800060121'),(45,5120,'15','2562','1',5,1,1,'ไม่มี','ปกติ','ไม่ผุ','21','120','','2562-11-03 10:48:34','','','','','','','3349800060121'),(46,5121,'16','2562','1',5,1,1,'ไม่มี','ปกติ','ไม่ผุ','20','116','','2562-11-03 10:48:42','','','','','','','3349800060121'),(47,5006,'1','2562','1',5,1,2,'ไม่มี','ปกติ','ไม่ผุ','23','128','','2562-11-03 10:49:14','','','','','','','3349800060121'),(48,5007,'2','2562','1',5,1,2,'ไม่มี','ปกติ','ไม่ผุ','23','129','','2562-11-03 10:49:20','','','','','','','3349800060121'),(49,5008,'3','2562','1',5,1,2,'ไม่มี','ปกติ','ไม่ผุ','26','128','','2562-11-03 10:49:54','','','','','','','3349800060121'),(50,5011,'4','2562','1',5,1,2,'ไม่มี','ปกติ','ไม่ผุ','27','125','','2562-11-03 10:50:12','','','','','','','3349800060121'),(51,5013,'5','2562','1',5,1,2,'ไม่มี','ปกติ','ไม่ผุ','33','131','','2562-11-03 10:50:30','','','','','','','3349800060121'),(52,5015,'6','2562','1',5,1,2,'ไม่มี','ปกติ','ไม่ผุ','22','121','','2562-11-03 10:51:31','','','','','','','3349800060121'),(53,5019,'7','2562','1',5,1,2,'ไม่มี','ปกติ','ไม่ผุ','27','132','','2562-11-03 10:51:43','','','','','','','3349800060121'),(54,5026,'8','2562','1',5,1,2,'ไม่มี','ปกติ','ไม่ผุ','22','121','','2562-11-03 10:51:53','','','','','','','3349800060121'),(55,5034,'9','2562','1',5,1,2,'ไม่มี','ปกติ','ไม่ผุ','23','121','','2562-11-03 10:52:02','','','','','','','3349800060121'),(56,5036,'10','2562','1',5,1,2,'ไม่มี','ปกติ','ไม่ผุ','23','122','','2562-11-03 10:52:12','','','','','','','3349800060121'),(57,5088,'11','2562','1',5,1,2,'ไม่มี','ปกติ','ไม่ผุ','31','132','','2562-11-03 10:52:21','','','','','','','3349800060121'),(58,5111,'12','2562','1',5,1,2,'ไม่มี','ปกติ','ไม่ผุ','27','131','','2562-11-03 10:52:32','','','','','','','3349800060121'),(59,5118,'13','2562','1',5,1,2,'ไม่มี','ปกติ','ไม่ผุ','30','128','','2562-11-03 10:52:49','','','','','','','3349800060121'),(60,5119,'14','2562','1',5,1,2,'ไม่มี','ปกติ','ไม่ผุ','23','122','','2562-11-03 10:53:00','','','','','','','3349800060121'),(61,5120,'15','2562','1',5,1,2,'ไม่มี','ปกติ','ไม่ผุ','22','121','','2562-11-03 10:53:05','','','','','','','3349800060121'),(62,5121,'16','2562','1',5,1,2,'ไม่มี','ปกติ','ไม่ผุ','20','118','','2562-11-03 10:53:11','','','','','','','3349800060121'),(63,5006,'1','2562','2',5,1,1,'ไม่มี','ปกติ','ไม่ผุ','24','131','','2562-11-27 10:28:06','','','','','','','3349800060121'),(64,5007,'2','2562','2',5,1,1,'ไม่มี','ปกติ','ไม่ผุ','23','130','','2562-11-27 10:20:19','','','','','','','3349800060121'),(65,5008,'3','2562','2',5,1,1,'ไม่มี','ปกติ','ไม่ผุ','27','129','','2562-11-27 10:20:31','','','','','','','3349800060121'),(66,5011,'4','2562','2',5,1,1,'ไม่มี','ปกติ','ไม่ผุ','26','127','','2562-11-27 10:20:44','','','','','','','3349800060121'),(67,5013,'5','2562','2',5,1,1,'ไม่มี','ปกติ','ไม่ผุ','33','131','','2562-11-27 10:21:18','','','','','','','3349800060121'),(68,5015,'6','2562','2',5,1,1,'ไม่มี','ปกติ','ไม่ผุ','22','120','','2562-11-27 10:21:35','','','','','','','3349800060121'),(69,5019,'7','2562','2',5,1,1,'ไม่มี','ปกติ','ไม่ผุ','27','133','','2562-11-27 10:21:46','','','','','','','3349800060121'),(70,5026,'8','2562','2',5,1,1,'ไม่มี','ปกติ','ไม่ผุ','21','120','','2562-11-27 10:21:59','','','','','','','3349800060121'),(71,5034,'9','2562','2',5,1,1,'ไม่มี','ปกติ','ไม่ผุ','22','122','','2562-11-27 10:22:12','','','','','','','3349800060121'),(72,5036,'10','2562','2',5,1,1,'ไม่มี','ปกติ','ไม่ผุ','25','123','','2562-11-27 10:23:04','','','','','','','3349800060121'),(73,5088,'11','2562','2',5,1,1,'ไม่มี','ปกติ','ไม่ผุ','32','132','','2562-11-27 10:23:18','','','','','','','3349800060121'),(74,5111,'12','2562','2',5,1,1,'ไม่มี','ปกติ','ไม่ผุ','27','131','','2562-11-27 10:23:42','','','','','','','3349800060121'),(75,5118,'13','2562','2',5,1,1,'ไม่มี','ปกติ','ไม่ผุ','31','129','','2562-11-27 10:24:24','','','','','','','3349800060121'),(76,5119,'14','2562','2',5,1,1,'ไม่มี','ปกติ','ไม่ผุ','23','123','','2562-11-27 10:24:41','','','','','','','3349800060121'),(77,5120,'15','2562','2',5,1,1,'ไม่มี','ปกติ','ไม่ผุ','23','122','','2562-11-27 10:25:09','','','','','','','3349800060121'),(78,5121,'16','2562','2',5,1,1,'ไม่มี','ปกติ','ไม่ผุ','21','118','','2562-11-27 10:25:20','','','','','','','3349800060121'),(79,5040,'1','2563','1',5,1,1,'ไม่มี','ปกติ','ไม่ผุ','20','123','','2563-11-09 03:32:53','','','','','','','3349800060121'),(80,5042,'2','2563','1',5,1,1,'ไม่มี','ปกติ','ไม่ผุ','22','124','','2563-11-09 03:33:01','','','','','','','3349800060121'),(81,5043,'3','2563','1',5,1,1,'ไม่มี','ปกติ','ไม่ผุ','35','132','','2563-11-09 03:33:08','','','','','','','3349800060121'),(82,5044,'4','2563','1',5,1,1,'ไม่มี','ปกติ','ไม่ผุ','15','113','','2563-11-09 03:33:17','','','','','','','3349800060121'),(83,5045,'5','2563','1',5,1,1,'ไม่มี','ปกติ','ไม่ผุ','36','129','','2563-11-09 03:33:27','','','','','','','3349800060121'),(84,5046,'6','2563','1',5,1,1,'ไม่มี','ปกติ','ไม่ผุ','20','119','','2563-11-09 03:33:38','','','','','','','3349800060121'),(85,5048,'7','2563','1',5,1,1,'ไม่มี','ปกติ','ไม่ผุ','26','128','','2563-11-09 03:33:49','','','','','','','3349800060121'),(86,5049,'8','2563','1',5,1,1,'ไม่มี','ปกติ','ไม่ผุ','21','123','','2563-11-09 03:33:58','','','','','','','3349800060121'),(87,5050,'9','2563','1',5,1,1,'ไม่มี','ปกติ','ไม่ผุ','17','119','','2563-11-09 03:40:34','','','','','','','3349800060121'),(88,5051,'10','2563','1',5,1,1,'ไม่มี','ปกติ','ไม่ผุ','27','130','','2563-11-09 03:40:47','','','','','','','3349800060121'),(89,5052,'11','2563','1',5,1,1,'ไม่มี','ปกติ','ไม่ผุ','21','123','','2563-11-09 03:41:03','','','','','','','3349800060121'),(90,5053,'12','2563','1',5,1,1,'ไม่มี','ปกติ','ไม่ผุ','26','128','','2563-11-09 03:41:13','','','','','','','3349800060121'),(91,5054,'13','2563','1',5,1,1,'ไม่มี','ปกติ','ไม่ผุ','34','129','','2563-11-09 03:41:25','','','','','','','3349800060121'),(92,5056,'14','2563','1',5,1,1,'ไม่มี','ปกติ','ไม่ผุ','30','125','','2563-11-09 03:41:36','','','','','','','3349800060121'),(93,5062,'15','2563','1',5,1,1,'ไม่มี','ปกติ','ไม่ผุ','22','122','','2563-11-09 03:41:46','','','','','','','3349800060121'),(94,5090,'16','2563','1',5,1,1,'ไม่มี','ปกติ','ไม่ผุ','25','122','','2563-11-09 03:55:07','','','','','','','3349800060121'),(95,5147,'17','2563','1',5,1,1,'ไม่มี','ปกติ','ไม่ผุ','35','135','','2563-11-09 03:55:17','','','','','','','3349800060121'),(96,5166,'18','2563','1',5,1,1,'ไม่มี','ปกติ','ไม่ผุ','32','130','','2563-11-09 03:55:35','','','','','','','3349800060121'),(97,5174,'19','2563','1',5,1,1,'ไม่มี','ปกติ','ไม่ผุ','34','133','','2563-11-09 03:55:47','','','','','','','3349800060121'),(98,5040,'1','2563','1',5,1,2,'ไม่มี','ปกติ','ไม่ผุ','22','125','','2563-11-09 03:57:03','','','','','','','3349800060121'),(99,5042,'2','2563','1',5,1,2,'ไม่มี','ปกติ','ไม่ผุ','24','126','','2563-11-09 03:57:12','','','','','','','3349800060121'),(100,5043,'3','2563','1',5,1,2,'ไม่มี','ปกติ','ไม่ผุ','37','135','','2563-11-09 03:57:25','','','','','','','3349800060121'),(101,5044,'4','2563','1',5,1,2,'ไม่มี','ปกติ','ไม่ผุ','16','121','','2563-11-09 03:57:33','','','','','','','3349800060121'),(102,5045,'5','2563','1',5,1,2,'ไม่มี','ปกติ','ไม่ผุ','39','130','','2563-11-09 03:57:46','','','','','','','3349800060121'),(103,5046,'6','2563','1',5,1,2,'ไม่มี','ปกติ','ไม่ผุ','20','122','','2563-11-09 03:57:57','','','','','','','3349800060121'),(104,5048,'7','2563','1',5,1,2,'ไม่มี','ปกติ','ไม่ผุ','26','130','','2563-11-09 03:58:12','','','','','','','3349800060121'),(105,5049,'8','2563','1',5,1,2,'ไม่มี','ปกติ','ไม่ผุ','22','123','','2563-11-09 03:58:23','','','','','','','3349800060121'),(106,5050,'9','2563','1',5,1,2,'ไม่มี','ปกติ','ไม่ผุ','18','121','','2563-11-09 03:58:34','','','','','','','3349800060121'),(107,5051,'10','2563','1',5,1,2,'ไม่มี','ปกติ','ไม่ผุ','28','130','','2563-11-09 03:58:46','','','','','','','3349800060121'),(108,5052,'11','2563','1',5,1,2,'ไม่มี','ปกติ','ไม่ผุ','22','125','','2563-11-09 03:58:59','','','','','','','3349800060121'),(109,5053,'12','2563','1',5,1,2,'ไม่มี','ปกติ','ไม่ผุ','26','130','','2563-11-09 03:59:13','','','','','','','3349800060121'),(110,5054,'13','2563','1',5,1,2,'ไม่มี','ปกติ','ไม่ผุ','35','130','','2563-11-09 03:59:27','','','','','','','3349800060121'),(111,5056,'14','2563','1',5,1,2,'ไม่มี','ปกติ','ไม่ผุ','31','127','','2563-11-09 04:01:47','','','','','','','3349800060121'),(112,5090,'16','2563','1',5,1,2,'ไม่มี','ปกติ','ไม่ผุ','24','123','','2563-11-09 04:02:14','','','','','','','3349800060121'),(113,5062,'15','2563','1',5,1,2,'ไม่มี','ปกติ','ไม่ผุ','22','123','','2563-11-09 04:02:21','','','','','','','3349800060121'),(114,5147,'17','2563','1',5,1,2,'ไม่มี','ปกติ','ไม่ผุ','36','138','','2563-11-09 04:02:30','','','','','','','3349800060121'),(115,5166,'18','2563','1',5,1,2,'ไม่มี','ปกติ','ไม่ผุ','31','125','','2563-11-09 04:02:47','','','','','','','3349800060121'),(116,5174,'19','2563','1',5,1,2,'ไม่มี','ปกติ','ไม่ผุ','36','135','','2563-11-09 04:02:57','','','','','','','3349800060121'),(117,5110,'18','2563','1',9,1,1,'ไม่มี','ปกติ','ไม่ผุ','32','149','','2563-11-20 09:05:04','','','','','','','3340900360196'),(118,4909,'1','2563','1',9,1,1,'ไม่มี','ปกติ','ไม่ผุ','28','143','','2563-11-20 08:53:27','','','','','','','3340900360196'),(119,4921,'2','2563','1',9,1,1,'ไม่มี','ปกติ','ไม่ผุ','32','137','','2563-11-20 08:53:47','','','','','','','3340900360196'),(120,4923,'3','2563','1',9,1,1,'ไม่มี','ปกติ','ไม่ผุ','34','145','','2563-11-20 08:54:35','','','','','','','3340900360196'),(121,4924,'4','2563','1',9,1,1,'ไม่มี','ปกติ','ไม่ผุ','34','140','','2563-11-20 08:55:54','','','','','','','3340900360196'),(122,4925,'5','2563','1',9,1,1,'ไม่มี','ปกติ','ไม่ผุ','35.6','149','','2563-11-20 08:56:21','','','','','','','3340900360196'),(123,4926,'6','2563','1',9,1,1,'ไม่มี','ปกติ','ไม่ผุ','36.7','150','','2563-11-20 08:57:08','','','','','','','3340900360196'),(124,4928,'7','2563','1',9,1,1,'ไม่มี','ปกติ','ไม่ผุ','24','139','','2563-11-20 08:59:49','','','','','','','3340900360196'),(125,4929,'8','2563','1',9,1,1,'ไม่มี','ปกติ','ไม่ผุ','32','150','','2563-11-20 09:00:08','','','','','','','3340900360196'),(126,4930,'9','2563','1',9,1,1,'ไม่มี','ปกติ','ไม่ผุ','41.6','146','','2563-11-20 09:00:34','','','','','','','3340900360196'),(127,4931,'10','2563','1',9,1,1,'ไม่มี','ปกติ','ไม่ผุ','39..6','147','','2563-11-20 09:01:42','','','','','','','3340900360196'),(128,4932,'11','2563','1',9,1,1,'ไม่มี','ปกติ','ไม่ผุ','39.5','153','','2563-11-20 09:02:05','','','','','','','3340900360196'),(129,4933,'12','2563','1',9,1,1,'ไม่มี','ปกติ','ไม่ผุ','46','152','','2563-11-20 09:02:23','','','','','','','3340900360196'),(130,4936,'13','2563','1',9,1,1,'ไม่มี','ปกติ','ไม่ผุ','46.7','140','','2563-11-20 09:02:56','','','','','','','3340900360196'),(131,4964,'14','2563','1',9,1,1,'ไม่มี','ปกติ','ผุ','66','155','','2563-11-20 09:05:36','','','','','','','3340900360196'),(132,4973,'15','2563','1',9,1,1,'ไม่มี','ปกติ','ไม่ผุ','71.4','170','','2563-11-20 09:03:47','','','','','','','3340900360196'),(133,5002,'16','2563','1',9,1,1,'ไม่มี','ปกติ','ไม่ผุ','49.8','151','','2563-11-20 09:04:08','','','','','','','3340900360196'),(134,5091,'17','2563','1',9,1,1,'ไม่มี','ปกติ','ไม่ผุ','57.4','160','','2563-11-20 09:04:38','','','','','','','3340900360196'),(135,4909,'1','2563','1',9,1,2,'ไม่มี','ปกติ','ไม่ผุ','34','149','','2563-11-20 09:06:17','','','','','','','3340900360196'),(136,4921,'2','2563','1',9,1,2,'ไม่มี','ปกติ','ไม่ผุ','32','134','','2563-11-20 09:06:45','','','','','','','3340900360196'),(137,4923,'3','2563','1',9,1,2,'ไม่มี','ปกติ','ไม่ผุ','34','144','','2563-11-20 09:07:03','','','','','','','3340900360196'),(138,4924,'4','2563','1',9,1,2,'ไม่มี','ปกติ','ไม่ผุ','37','145','','2563-11-20 09:07:28','','','','','','','3340900360196'),(139,4925,'5','2563','1',9,1,2,'ไม่มี','ปกติ','ไม่ผุ','39','149','','2563-11-20 09:07:55','','','','','','','3340900360196'),(140,4926,'6','2563','1',9,1,2,'ไม่มี','ปกติ','ไม่ผุ','37','151','','2563-11-20 09:08:16','','','','','','','3340900360196'),(141,4928,'7','2563','1',9,1,2,'ไม่มี','ปกติ','ไม่ผุ','30','137','','2563-11-20 09:09:04','','','','','','','3340900360196'),(142,4929,'8','2563','1',9,1,2,'ไม่มี','ปกติ','ไม่ผุ','36','151','','2563-11-20 09:09:26','','','','','','','3340900360196'),(143,4930,'9','2563','1',9,1,2,'ไม่มี','ปกติ','ไม่ผุ','47','146','','2563-11-20 09:09:54','','','','','','','3340900360196'),(144,4931,'10','2563','1',9,1,2,'ไม่มี','ปกติ','ไม่ผุ','40','150','','2563-11-20 09:10:15','','','','','','','3340900360196'),(145,4932,'11','2563','1',9,1,2,'ไม่มี','ปกติ','ไม่ผุ','40','154','','2563-11-20 09:10:44','','','','','','','3340900360196'),(146,4933,'12','2563','1',9,1,2,'ไม่มี','ปกติ','ไม่ผุ','50','152','','2563-11-20 09:11:13','','','','','','','3340900360196'),(147,4936,'13','2563','1',9,1,2,'ไม่มี','ปกติ','ไม่ผุ','47','140','','2563-11-20 09:11:31','','','','','','','3340900360196'),(148,4964,'14','2563','1',9,1,2,'ไม่มี','ปกติ','ผุ','65','162','','2563-11-20 09:11:51','','','','','','','3340900360196'),(149,4973,'15','2563','1',9,1,2,'ไม่มี','ปกติ','ไม่ผุ','70','177','','2563-11-20 09:12:11','','','','','','','3340900360196'),(150,5002,'16','2563','1',9,1,2,'ไม่มี','ปกติ','ไม่ผุ','53','155','','2563-11-20 09:12:25','','','','','','','3340900360196'),(151,5091,'17','2563','1',9,1,2,'ไม่มี','ปกติ','ไม่ผุ','60','161','','2563-11-20 09:12:42','','','','','','','3340900360196'),(152,5110,'18','2563','1',9,1,2,'ไม่มี','ปกติ','ไม่ผุ','37','154','','2563-11-20 09:12:59','','','','','','','3340900360196'),(153,5040,'1','2563','2',5,1,1,'ไม่มี','ปกติ','ไม่ผุ','24','126','','2564-02-23 05:35:06','','','','','','','3349800060121'),(154,5042,'2','2563','2',5,1,1,'ไม่มี','ปกติ','ไม่ผุ','26','128','','2564-02-23 05:35:14','','','','','','','3349800060121'),(155,5043,'3','2563','2',5,1,1,'ไม่มี','ปกติ','ไม่ผุ','29','137','','2564-02-23 05:35:22','','','','','','','3349800060121'),(156,5044,'4','2563','2',5,1,1,'ไม่มี','ปกติ','ไม่ผุ','18','122','','2564-02-23 05:35:28','','','','','','','3349800060121'),(157,5045,'5','2563','2',5,1,1,'ไม่มี','ปกติ','ไม่ผุ','39','132','','2564-02-23 05:35:35','','','','','','','3349800060121'),(158,5046,'6','2563','2',5,1,1,'ไม่มี','ปกติ','ไม่ผุ','22','124','','2564-02-23 05:35:45','','','','','','','3349800060121'),(159,5048,'7','2563','2',5,1,1,'ไม่มี','ปกติ','ไม่ผุ','28','132','','2564-02-23 05:35:52','','','','','','','3349800060121'),(160,5049,'8','2563','2',5,1,1,'ไม่มี','ปกติ','ไม่ผุ','24','125','','2564-02-23 05:36:03','','','','','','','3349800060121'),(161,5050,'9','2563','2',5,1,1,'ไม่มี','ปกติ','ไม่ผุ','20','123','','2564-02-23 05:36:12','','','','','','','3349800060121'),(162,5051,'10','2563','2',5,1,1,'ไม่มี','ปกติ','ไม่ผุ','30','133','','2564-02-23 05:36:21','','','','','','','3349800060121'),(163,5052,'11','2563','2',5,1,1,'ไม่มี','ปกติ','ไม่ผุ','24','127','','2564-02-23 05:36:30','','','','','','','3349800060121'),(164,5053,'12','2563','2',5,1,1,'ไม่มี','ปกติ','ไม่ผุ','28','133','','2564-02-23 05:36:39','','','','','','','3349800060121'),(165,5054,'13','2563','2',5,1,1,'ไม่มี','ปกติ','ไม่ผุ','37','133','','2564-02-23 05:36:50','','','','','','','3349800060121'),(166,5056,'14','2563','2',5,1,1,'ไม่มี','ปกติ','ไม่ผุ','33','129','','2564-02-23 05:36:58','','','','','','','3349800060121'),(167,5062,'15','2563','2',5,1,1,'ไม่มี','ปกติ','ไม่ผุ','24','125','','2564-02-23 05:37:05','','','','','','','3349800060121'),(168,5090,'16','2563','2',5,1,1,'ไม่มี','ปกติ','ไม่ผุ','26','125','','2564-02-23 05:37:13','','','','','','','3349800060121'),(169,5147,'17','2563','2',5,1,1,'ไม่มี','ปกติ','ไม่ผุ','38','139','','2564-02-23 05:37:21','','','','','','','3349800060121'),(170,5166,'18','2563','2',5,1,1,'ไม่มี','ปกติ','ไม่ผุ','33','127','','2564-02-23 05:37:28','','','','','','','3349800060121'),(171,5174,'19','2563','2',5,1,1,'ไม่มี','ปกติ','ไม่ผุ','38','137','','2564-02-23 05:37:36','','','','','','','3349800060121'),(172,5064,'1','2564','1',5,1,1,'ไม่มี','ปกติ','ไม่ผุ','23','129','','2564-09-22 12:24:53','','','','','','','3349800060121'),(173,5065,'2','2564','1',5,1,1,'ไม่มี','ปกติ','ไม่ผุ','30','124','','2564-09-22 12:25:10','','','','','','','3349800060121'),(174,5069,'3','2564','1',5,1,1,'ไม่มี','ปกติ','ไม่ผุ','40','127','','2564-09-22 12:25:21','','','','','','','3349800060121'),(175,5071,'4','2564','1',5,1,1,'ไม่มี','ปกติ','ไม่ผุ','25','124','','2564-09-22 12:25:32','','','','','','','3349800060121'),(176,5073,'5','2564','1',5,1,1,'ไม่มี','ปกติ','ไม่ผุ','21','128','','2564-09-22 12:26:44','','','','','','','3349800060121'),(177,5078,'6','2564','1',5,1,1,'ไม่มี','ปกติ','ไม่ผุ','20','121','','2564-09-22 12:27:11','','','','','','','3349800060121'),(178,5082,'7','2564','1',5,1,1,'ไม่มี','ปกติ','ไม่ผุ','26','125','','2564-09-22 12:27:23','','','','','','','3349800060121'),(179,5104,'8','2564','1',5,1,1,'ไม่มี','ปกติ','ไม่ผุ','21','120','','2564-09-22 12:27:42','','','','','','','3349800060121'),(180,5106,'9','2564','1',5,1,1,'ไม่มี','ปกติ','ไม่ผุ','23','121','','2564-09-22 12:27:53','','','','','','','3349800060121'),(181,5144,'10','2564','1',5,1,1,'ไม่มี','ปกติ','ไม่ผุ','21','124','','2564-09-22 12:28:11','','','','','','','3349800060121'),(182,5152,'11','2564','1',5,1,1,'ไม่มี','ปกติ','ไม่ผุ','21','125','','2564-09-22 12:28:23','','','','','','','3349800060121'),(183,5163,'12','2564','1',5,1,1,'ไม่มี','ปกติ','ไม่ผุ','45','130','','2564-09-22 12:29:21','','','','','','','3349800060121'),(184,5167,'13','2564','1',5,1,1,'ไม่มี','ปกติ','ไม่ผุ','36','146','','2564-09-22 12:29:34','','','','','','','3349800060121'),(185,5177,'14','2564','1',5,1,1,'ไม่มี','ปกติ','ไม่ผุ','25','125','','2564-09-22 12:29:43','','','','','','','3349800060121'),(186,5180,'1','2564','1',1,1,2,'ไม่มี','ปกติ','ไม่ผุ','15.80','97.00','','2564-10-27 06:13:23','','','','','','','3341901013504'),(187,5181,'2','2564','1',1,1,2,'ไม่มี','ปกติ','ไม่ผุ','15.20','100.00','','2564-10-27 06:14:03','','','','','','','3341901013504'),(188,5182,'3','2564','1',1,1,2,'ไม่มี','ปกติ','ไม่ผุ','20.90','100.00','','2564-10-27 06:14:17','','','','','','','3341901013504'),(189,5184,'4','2564','1',1,1,2,'ไม่มี','ปกติ','ไม่ผุ','15.00','105.00','','2564-10-27 06:14:33','','','','','','','3341901013504'),(190,5185,'5','2564','1',1,1,2,'ไม่มี','ปกติ','ไม่ผุ','16.40','105.00','','2564-10-27 06:14:49','','','','','','','3341901013504'),(191,5186,'6','2564','1',1,1,2,'ไม่มี','ปกติ','ไม่ผุ','25.40','112.00','','2564-10-27 06:15:06','','','','','','','3341901013504'),(192,5187,'7','2564','1',1,1,2,'ไม่มี','ปกติ','ไม่ผุ','13.90','102.00','','2564-10-27 06:15:24','','','','','','','3341901013504'),(193,5188,'8','2564','1',1,1,2,'ไม่มี','ปกติ','ไม่ผุ','12.40','92.00','','2564-10-27 06:15:37','','','','','','','3341901013504'),(194,5189,'9','2564','1',1,1,2,'ไม่มี','ปกติ','ไม่ผุ','14.00','95.00','','2564-10-27 06:15:53','','','','','','','3341901013504'),(195,5190,'10','2564','1',1,1,2,'ไม่มี','ปกติ','ไม่ผุ','11.00','95.00','','2564-10-27 06:16:10','','','','','','','3341901013504'),(196,5191,'11','2564','1',1,1,2,'ไม่มี','ปกติ','ไม่ผุ','14.70','92.00','','2564-10-27 06:16:33','','','','','','','3341901013504'),(197,5192,'12','2564','1',1,1,2,'ไม่มี','ปกติ','ไม่ผุ','16.40','99.00','','2564-10-27 06:16:48','','','','','','','3341901013504'),(198,5193,'13','2564','1',1,1,2,'ไม่มี','ปกติ','ไม่ผุ','24.60','103.00','','2564-10-27 06:17:09','','','','','','','3341901013504'),(199,5194,'14','2564','1',1,1,2,'ไม่มี','ปกติ','ไม่ผุ','15.00','98.00','','2564-10-27 06:17:23','','','','','','','3341901013504'),(200,5195,'15','2564','1',1,1,2,'ไม่มี','ปกติ','ไม่ผุ','18.30','103.00','','2564-10-27 06:17:40','','','','','','','3341901013504'),(201,5196,'16','2564','1',1,1,2,'ไม่มี','ปกติ','ไม่ผุ','12.50','93.00','','2564-10-27 06:17:55','','','','','','','3341901013504'),(202,5197,'17','2564','1',1,1,2,'ไม่มี','ปกติ','ไม่ผุ','16.00','110.00','','2564-10-27 06:18:09','','','','','','','3341901013504'),(203,5198,'18','2564','1',1,1,2,'ไม่มี','ปกติ','ไม่ผุ','12.70','89.00','','2564-10-27 06:18:24','','','','','','','3341901013504'),(204,5180,'1','2564','1',1,1,1,'ไม่มี','ปกติ','ไม่ผุ','13.50','89.00','','2564-10-27 06:19:23','','','','','','','3341901013504'),(205,5181,'2','2564','1',1,1,1,'ไม่มี','ปกติ','ไม่ผุ','13.50','95.00','','2564-10-27 06:19:41','','','','','','','3341901013504'),(206,5182,'3','2564','1',1,1,1,'ไม่มี','ปกติ','ไม่ผุ','17.50','99.00','','2564-10-27 06:19:55','','','','','','','3341901013504'),(207,5184,'4','2564','1',1,1,1,'ไม่มี','ปกติ','ไม่ผุ','13.00','89.00','','2564-10-27 06:20:08','','','','','','','3341901013504'),(208,5185,'5','2564','1',1,1,1,'ไม่มี','ปกติ','ไม่ผุ','13.00','89.00','','2564-10-27 06:20:38','','','','','','','3341901013504'),(209,5186,'6','2564','1',1,1,1,'ไม่มี','ปกติ','ไม่ผุ','15.00','89.00','','2564-10-27 06:20:49','','','','','','','3341901013504'),(210,5187,'7','2564','1',1,1,1,'ไม่มี','ปกติ','ไม่ผุ','15.00','87.00','','2564-10-27 06:21:04','','','','','','','3341901013504'),(211,5188,'8','2564','1',1,1,1,'ไม่มี','ปกติ','ไม่ผุ','11.00','87.00','','2564-10-27 06:21:26','','','','','','','3341901013504'),(212,5189,'9','2564','1',1,1,1,'ไม่มี','ปกติ','ไม่ผุ','15.00','89.00','','2564-10-27 06:21:44','','','','','','','3341901013504'),(213,5190,'10','2564','1',1,1,1,'ไม่มี','ปกติ','ไม่ผุ','15.00','87.00','','2564-10-27 06:21:55','','','','','','','3341901013504'),(214,5191,'11','2564','1',1,1,1,'ไม่มี','ปกติ','ไม่ผุ','15.00','89.00','','2564-10-27 06:22:14','','','','','','','3341901013504'),(215,5192,'12','2564','1',1,1,1,'ไม่มี','ปกติ','ไม่ผุ','15.00','89.00','','2564-10-27 06:22:22','','','','','','','3341901013504'),(216,5193,'13','2564','1',1,1,1,'ไม่มี','ปกติ','ไม่ผุ','15.00','89.00','','2564-10-27 06:22:34','','','','','','','3341901013504'),(217,5194,'14','2564','1',1,1,1,'ไม่มี','ปกติ','ไม่ผุ','11.00','90.00','','2564-10-27 06:22:47','','','','','','','3341901013504'),(218,5195,'15','2564','1',1,1,1,'ไม่มี','ปกติ','ไม่ผุ','11.00','100.00','','2564-10-27 06:22:59','','','','','','','3341901013504'),(219,5196,'16','2564','1',1,1,1,'ไม่มี','ปกติ','ไม่ผุ','15.00','92.00','','2564-10-27 06:23:10','','','','','','','3341901013504'),(220,5197,'17','2564','1',1,1,1,'ไม่มี','ปกติ','ไม่ผุ','15.00','95.00','','2564-10-27 06:23:22','','','','','','','3341901013504'),(221,5198,'18','2564','1',1,1,1,'ไม่มี','ปกติ','ไม่ผุ','12.00','88.00','','2564-10-27 06:23:44','','','','','','','3341901013504'),(222,5180,'1','2564','2',1,1,1,'ไม่มี','ปกติ','ไม่ผุ','16','97','','2564-11-03 01:01:18','','','','','','','3341901013504'),(223,5181,'2','2564','2',1,1,1,'ไม่มี','ปกติ','ไม่ผุ','16','100','','2564-11-03 01:01:48','','','','','','','3341901013504'),(224,5182,'3','2564','2',1,1,1,'ไม่มี','ปกติ','ไม่ผุ','21','100','','2564-11-03 01:02:04','','','','','','','3341901013504'),(225,5184,'4','2564','2',1,1,1,'ไม่มี','ปกติ','ไม่ผุ','15.5','105','','2564-11-03 01:02:25','','','','','','','3341901013504'),(226,5185,'5','2564','2',1,1,1,'ไม่มี','ปกติ','ไม่ผุ','17','105','','2564-11-03 01:02:46','','','','','','','3341901013504'),(227,5186,'6','2564','2',1,1,1,'ไม่มี','ปกติ','ไม่ผุ','26','112','','2564-11-03 01:03:06','','','','','','','3341901013504'),(228,5187,'7','2564','2',1,1,1,'ไม่มี','ปกติ','ไม่ผุ','14','102','','2564-11-03 01:03:22','','','','','','','3341901013504'),(229,5188,'8','2564','2',1,1,1,'ไม่มี','ปกติ','ไม่ผุ','13','92','','2564-11-03 01:03:38','','','','','','','3341901013504'),(230,5189,'9','2564','2',1,1,1,'ไม่มี','ปกติ','ไม่ผุ','15','95','','2564-11-03 01:03:58','','','','','','','3341901013504'),(231,5190,'10','2564','2',1,1,1,'ไม่มี','ปกติ','ไม่ผุ','12','95','','2564-11-03 01:04:15','','','','','','','3341901013504'),(232,5192,'11','2564','2',1,1,1,'ไม่มี','ปกติ','ไม่ผุ','17','99','','2564-11-03 01:04:33','','','','','','','3341901013504'),(233,5193,'12','2564','2',1,1,1,'ไม่มี','ปกติ','ไม่ผุ','25','105','','2564-11-03 01:04:54','','','','','','','3341901013504'),(234,5194,'13','2564','2',1,1,1,'ไม่มี','ปกติ','ไม่ผุ','16','98','','2564-11-03 01:05:10','','','','','','','3341901013504'),(235,5195,'14','2564','2',1,1,1,'ไม่มี','ปกติ','ไม่ผุ','19','103','','2564-11-03 01:05:27','','','','','','','3341901013504'),(236,5196,'15','2564','2',1,1,1,'ไม่มี','ปกติ','ไม่ผุ','13','95','','2564-11-03 01:05:43','','','','','','','3341901013504'),(237,5197,'16','2564','2',1,1,1,'ไม่มี','ปกติ','ไม่ผุ','17','110','','2564-11-03 01:06:05','','','','','','','3341901013504'),(238,5198,'17','2564','2',1,1,1,'ไม่มี','ปกติ','ไม่ผุ','13','89','','2564-11-03 01:06:22','','','','','','','3341901013504'),(239,5064,'1','2564','2',5,1,1,'ไม่มี','ปกติ','ไม่ผุ','23','134','','2564-12-18 12:30:40','','','','','','','3349800060121'),(240,5065,'2','2564','2',5,1,1,'ไม่มี','ปกติ','ไม่ผุ','30','128','','2564-12-18 12:30:57','','','','','','','3349800060121'),(241,5069,'3','2564','2',5,1,1,'ไม่มี','ปกติ','ไม่ผุ','45','131','','2564-12-18 12:31:26','','','','','','','3349800060121'),(242,5071,'4','2564','2',5,1,1,'ไม่มี','ปกติ','ไม่ผุ','26','128','','2564-12-18 12:31:35','','','','','','','3349800060121'),(243,5073,'5','2564','2',5,1,1,'ไม่มี','ปกติ','ไม่ผุ','22','131','','2564-12-18 12:31:57','','','','','','','3349800060121'),(244,5078,'6','2564','2',5,1,1,'ไม่มี','ปกติ','ไม่ผุ','20','124','','2564-12-18 12:32:04','','','','','','','3349800060121'),(245,5082,'7','2564','2',5,1,1,'ไม่มี','ปกติ','ไม่ผุ','28','130','','2564-12-18 12:32:16','','','','','','','3349800060121'),(246,5104,'8','2564','2',5,1,1,'ไม่มี','ปกติ','ไม่ผุ','23','123','','2564-12-18 12:32:26','','','','','','','3349800060121'),(247,5106,'9','2564','2',5,1,1,'ไม่มี','ปกติ','ไม่ผุ','21','130','','2564-12-18 12:32:35','','','','','','','3349800060121'),(248,5144,'10','2564','2',5,1,1,'ไม่มี','ปกติ','ไม่ผุ','23','123','','2564-12-18 12:32:45','','','','','','','3349800060121'),(249,5152,'11','2564','2',5,1,1,'ไม่มี','ปกติ','ไม่ผุ','23','130','','2564-12-18 12:32:55','','','','','','','3349800060121'),(250,5163,'12','2564','2',5,1,1,'ไม่มี','ปกติ','ไม่ผุ','50','133','','2564-12-18 12:33:04','','','','','','','3349800060121'),(251,5167,'13','2564','2',5,1,1,'ไม่มี','ปกติ','ไม่ผุ','40','150','','2564-12-18 12:33:13','','','','','','','3349800060121'),(252,5177,'14','2564','2',5,1,1,'ไม่มี','ปกติ','ไม่ผุ','25','130','','2564-12-18 12:33:21','','','','','','','3349800060121'),(254,5153,'1','2565','2',3,1,1,'ไม่มี','ปกติ','ไม่ผุ','17.9','108','','2565-12-07 01:28:15','','','','','','','1349900463019'),(255,5154,'2','2565','2',3,1,1,'ไม่มี','ปกติ','ไม่ผุ','22.8','117','','2565-12-07 01:25:12','','','','','','','1349900463019'),(256,5156,'3','2565','2',3,1,1,'ไม่มี','ปกติ','ไม่ผุ','16.9','110','','2565-12-07 01:26:12','','','','','','','1349900463019'),(257,5157,'4','2565','2',3,1,1,'ไม่มี','ปกติ','ไม่ผุ','20.6','117','','2565-12-07 01:26:25','','','','','','','1349900463019'),(258,5158,'5','2565','2',3,1,1,'ไม่มี','ปกติ','ไม่ผุ','19.4','114','','2565-12-07 01:26:36','','','','','','','1349900463019'),(259,5159,'6','2565','2',3,1,1,'ไม่มี','ปกติ','ไม่ผุ','18.0','111','','2565-12-07 01:26:45','','','','','','','1349900463019'),(260,5175,'7','2565','2',3,1,1,'ไม่มี','ปกติ','ไม่ผุ','16.1','106','','2565-12-07 01:26:54','','','','','','','1349900463019'),(261,5201,'8','2565','2',3,1,1,'ไม่มี','ปกติ','ไม่ผุ','30.1','113','','2565-12-07 01:27:04','','','','','','','1349900463019'),(262,5202,'9','2565','2',3,1,1,'ไม่มี','ปกติ','ไม่ผุ','24.6','115','','2565-12-07 01:27:18','','','','','','','1349900463019'),(263,5203,'10','2565','2',3,1,1,'ไม่มี','ปกติ','ไม่ผุ','26.2','116','','2565-12-14 01:21:55','','','','','','','1349900463019'),(264,5224,'12','2565','2',3,1,1,'ไม่มี','ปกติ','ไม่ผุ','23.6','117','','2565-12-07 01:27:41','','','','','','','1349900463019'),(265,5225,'13','2565','2',3,1,1,'ไม่มี','ปกติ','ไม่ผุ','17.3','107','','2565-12-07 01:27:51','','','','','','','1349900463019'),(266,5226,'14','2565','2',3,1,1,'ไม่มี','ปกติ','ไม่ผุ','15.0','101','','2565-12-07 01:28:00','','','','','','','1349900463019'),(267,5180,'1','2565','2',2,1,1,'ไม่มี','ปกติ','ไม่ผุ','17','105','','2565-12-11 11:39:18','','','','','','','3341901013504'),(268,5181,'2','2565','2',2,1,1,'ไม่มี','ปกติ','ไม่ผุ','18','107','','2565-12-11 11:40:18','','','','','','','3341901013504'),(269,5182,'3','2565','2',2,1,1,'ไม่มี','ปกติ','ไม่ผุ','21','109','','2565-12-11 11:41:18','','','','','','','3341901013504'),(270,5184,'4','2565','2',2,1,1,'ไม่มี','ปกติ','ไม่ผุ','18','109','','2565-12-11 11:41:37','','','','','','','3341901013504'),(271,5180,'1','2565','2',2,1,2,'ไม่มี','ปกติ','ไม่ผุ','14.5','106','','2566-02-16 09:48:37','','','','','','','3341901013504'),(272,5181,'2','2565','2',2,1,2,'ไม่มี','ปกติ','ไม่ผุ','18','110','','2566-02-16 09:49:07','','','','','','','3341901013504'),(273,5182,'3','2565','2',2,1,2,'ไม่มี','ปกติ','ไม่ผุ','20','110','','2566-02-16 09:49:25','','','','','','','3341901013504'),(274,5184,'4','2565','2',2,1,2,'ไม่มี','ปกติ','ไม่ผุ','18','111','','2566-02-16 09:49:53','','','','','','','3341901013504'),(275,5185,'5','2565','2',2,1,2,'ไม่มี','ปกติ','ไม่ผุ','18','113','','2566-02-16 09:50:09','','','','','','','3341901013504'),(276,5187,'7','2565','2',2,1,2,'ไม่มี','ปกติ','ไม่ผุ','15','109','','2566-02-16 09:50:31','','','','','','','3341901013504'),(277,5188,'8','2565','2',2,1,2,'ไม่มี','ปกติ','ไม่ผุ','14','100','','2566-02-16 09:50:46','','','','','','','3341901013504'),(278,5189,'9','2565','2',2,1,2,'ไม่มี','ปกติ','ไม่ผุ','16','104','','2566-02-16 09:51:04','','','','','','','3341901013504'),(279,5190,'10','2565','2',2,1,2,'ไม่มี','ปกติ','ไม่ผุ','14','102','','2566-02-16 09:51:20','','','','','','','3341901013504'),(280,5193,'12','2565','2',2,1,2,'ไม่มี','ปกติ','ไม่ผุ','24.5','112','','2566-02-16 09:51:44','','','','','','','3341901013504'),(281,5194,'13','2565','2',2,1,2,'ไม่มี','ปกติ','ไม่ผุ','15','103','','2566-02-16 09:52:00','','','','','','','3341901013504'),(282,5198,'17','2565','2',2,1,2,'ไม่มี','ปกติ','ไม่ผุ','12','97','','2566-02-16 09:52:53','','','','','','','3341901013504'),(283,5222,'18','2565','2',2,1,2,'ไม่มี','ปกติ','ไม่ผุ','18','110','','2566-02-16 09:53:07','','','','','','','3341901013504'),(284,5223,'19','2565','2',2,1,2,'ไม่มี','ปกติ','ไม่ผุ','17.5','112','','2566-02-16 09:53:25','','','','','','','3341901013504'),(285,5232,'20','2565','2',2,1,2,'ไม่มี','ปกติ','ไม่ผุ','25','115','','2566-02-16 09:53:39','','','','','','','3341901013504'),(286,5235,'21','2565','2',2,1,2,'ไม่มี','ปกติ','ไม่ผุ','15.5','108','','2566-02-16 09:53:53','','','','','','','3341901013504'),(287,5195,'14','2565','2',2,1,2,'ไม่มี','ปกติ','ไม่ผุ','19','110','','2566-02-16 09:54:34','','','','','','','3341901013504'),(288,5196,'15','2565','2',2,1,2,'ไม่มี','ปกติ','ไม่ผุ','14','102','','2566-02-16 09:54:55','','','','','','','3341901013504'),(289,5093,'1','2565','2',5,1,2,'ไม่มี','ปกติ','ผุ','24.0','120.0','','2566-03-13 10:23:28','','','','','','','3349800060121'),(290,5095,'2','2565','2',5,1,2,'ไม่มี','ปกติ','ไม่ผุ','28.0','139.0','','2566-03-13 10:23:35','','','','','','','3349800060121'),(291,5098,'3','2565','2',5,1,2,'ไม่มี','ปกติ','ไม่ผุ','50.0','130.0','','2566-03-13 10:11:05','','','','','','','3349800060121'),(292,5162,'10','2565','2',5,1,2,'ไม่มี','ปกติ','ผุ','16.0','105.0','','2566-03-13 10:11:35','','','','','','','3349800060121'),(293,5100,'4','2565','2',5,1,2,'ไม่มี','ปกติ','ไม่ผุ','22.0','126.0','','2566-03-13 10:23:44','','','','','','','3349800060121'),(294,5102,'5','2565','2',5,1,2,'ไม่มี','ปกติ','ไม่ผุ','27.0','127.0','','2566-03-13 10:21:24','','','','','','','3349800060121'),(295,5123,'6','2565','2',5,1,2,'ไม่มี','ปกติ','ไม่ผุ','23.0','123.0','','2566-03-13 10:21:31','','','','','','','3349800060121'),(296,5140,'7','2565','2',5,1,2,'ไม่มี','ปกติ','ไม่ผุ','26.0','127.0','','2566-03-13 10:12:42','','','','','','','3349800060121'),(297,5150,'8','2565','2',5,1,2,'ไม่มี','ปกติ','ไม่ผุ','44.0','134.0','','2566-03-13 10:23:55','','','','','','','3349800060121'),(298,5151,'9','2565','2',5,1,2,'ไม่มี','ปกติ','ไม่ผุ','53.0','137.0','','2566-03-13 10:13:08','','','','','','','3349800060121'),(299,5209,'11','2565','2',5,1,2,'ไม่มี','ปกติ','ผุ','24.0','127.0','','2566-03-13 10:24:03','','','','','','','3349800060121'),(300,5230,'12','2565','2',5,1,2,'ไม่มี','ปกติ','ไม่ผุ','22.0','122.0','','2566-03-13 10:21:44','','','','','','','3349800060121'),(301,5237,'13','2565','2',5,1,2,'ไม่มี','ปกติ','ไม่ผุ','25.0','123.0','','2566-03-13 10:24:12','','','','','','','3349800060121'),(302,5239,'14','2565','2',5,1,2,'ไม่มี','ปกติ','ไม่ผุ','15.0','118.0','','2566-03-13 10:14:13','','','','','','','3349800060121'),(303,5093,'1','2565','2',5,1,1,'ไม่มี','ปกติ','ไม่ผุ','20.0','118.0','','2566-03-13 10:22:07','','','','','','','3349800060121'),(304,5095,'2','2565','2',5,1,1,'ไม่มี','ปกติ','ไม่ผุ','26.0','138.0','','2566-03-13 10:15:15','','','','','','','3349800060121'),(305,5098,'3','2565','2',5,1,1,'ไม่มี','ปกติ','ไม่ผุ','48.0','130.0','','2566-03-13 10:15:33','','','','','','','3349800060121'),(306,5100,'4','2565','2',5,1,1,'ไม่มี','ปกติ','ไม่ผุ','20.0','125.0','','2566-03-13 10:15:48','','','','','','','3349800060121'),(307,5102,'5','2565','2',5,1,1,'ไม่มี','ปกติ','ไม่ผุ','27.0','125.0','','2566-03-13 10:22:17','','','','','','','3349800060121'),(308,5123,'6','2565','2',5,1,1,'ไม่มี','ปกติ','ไม่ผุ','21.0','120.0','','2566-03-13 10:16:30','','','','','','','3349800060121'),(309,5140,'7','2565','2',5,1,1,'ไม่มี','ปกติ','ไม่ผุ','25.0','125.0','','2566-03-13 10:16:48','','','','','','','3349800060121'),(310,5150,'8','2565','2',5,1,1,'ไม่มี','ปกติ','ไม่ผุ','42.0','132.0','','2566-03-13 10:17:02','','','','','','','3349800060121'),(311,5151,'9','2565','2',5,1,1,'ไม่มี','ปกติ','ไม่ผุ','51.0','135.0','','2566-03-13 10:17:20','','','','','','','3349800060121'),(312,5162,'10','2565','2',5,1,1,'ไม่มี','ปกติ','ไม่ผุ','16.0','105.0','','2566-03-13 10:17:36','','','','','','','3349800060121'),(313,5209,'11','2565','2',5,1,1,'ไม่มี','ปกติ','ไม่ผุ','21.0','127.0','','2566-03-13 10:17:51','','','','','','','3349800060121'),(314,5230,'12','2565','2',5,1,1,'ไม่มี','ปกติ','ไม่ผุ','20.0','120.0','','2566-03-13 10:18:07','','','','','','','3349800060121'),(315,5237,'13','2565','2',5,1,1,'ไม่มี','ปกติ','ไม่ผุ','20.0','120.0','','2566-03-13 10:22:31','','','','','','','3349800060121'),(316,5239,'14','2565','2',5,1,1,'ไม่มี','ปกติ','ไม่ผุ','15.0','118.0','','2566-03-13 10:18:35','','','','','','','3349800060121'),(317,5212,'1','2565','2',1,1,2,'ไม่มี','ปกติ','ไม่ผุ','12.8','94','','2566-03-14 09:26:12','','','','','','','1349900463019'),(318,5213,'2','2565','2',1,1,2,'ไม่มี','ปกติ','ไม่ผุ','18.9','110','','2566-03-14 09:27:03','','','','','','','1349900463019'),(319,5215,'3','2565','2',1,1,2,'ไม่มี','ปกติ','ผุ','13.8','97','','2566-03-14 09:27:24','','','','','','','1349900463019'),(320,5216,'4','2565','2',1,1,2,'ไม่มี','ปกติ','ไม่ผุ','16','101','','2566-03-14 09:27:35','','','','','','','1349900463019'),(321,5218,'5','2565','2',1,1,2,'ไม่มี','ปกติ','ผุ','15','96','','2566-03-14 09:27:53','','','','','','','1349900463019'),(322,5220,'7','2565','2',1,1,2,'ไม่มี','ปกติ','ไม่ผุ','17.3','101','','2566-03-14 09:28:33','','','','','','','1349900463019'),(323,5221,'8','2565','2',1,1,2,'ไม่มี','ปกติ','ไม่ผุ','14.4','101.5','','2566-03-14 09:29:10','','','','','','','1349900463019'),(324,5233,'9','2565','2',1,1,2,'ไม่มี','ปกติ','ผุ','15','104.5','','2566-03-14 09:29:27','','','','','','','1349900463019'),(325,5234,'10','2565','2',1,1,2,'ไม่มี','ปกติ','ผุ','15','102','','2566-03-14 09:29:42','','','','','','','1349900463019'),(326,5240,'11','2565','2',1,1,2,'ไม่มี','ปกติ','ผุ','19.3','110','','2566-03-14 09:30:02','','','','','','','1349900463019'),(327,5212,'1','2565','2',1,1,1,'ไม่มี','ปกติ','ไม่ผุ','12.2','92','','2566-03-14 09:31:07','','','','','','','1349900463019'),(328,5233,'9','2565','2',1,1,1,'ไม่มี','ปกติ','ผุ','15','103','','2566-03-14 09:31:32','','','','','','','1349900463019'),(329,5216,'4','2565','2',1,1,1,'ไม่มี','ปกติ','ไม่ผุ','15.4','100','','2566-03-14 09:31:51','','','','','','','1349900463019'),(330,5220,'7','2565','2',1,1,1,'ไม่มี','ปกติ','ไม่ผุ','16.9','100','','2566-03-14 09:32:25','','','','','','','1349900463019'),(331,5221,'8','2565','2',1,1,1,'ไม่มี','ปกติ','ไม่ผุ','14.5','98','','2566-03-14 09:32:43','','','','','','','1349900463019'),(332,5240,'11','2565','2',1,1,1,'ไม่มี','ปกติ','ผุ','19','108','','2566-03-14 09:33:01','','','','','','','1349900463019'),(333,5234,'10','2565','2',1,1,1,'ไม่มี','ปกติ','ผุ','15','102','','2566-03-14 09:34:08','','','','','','','1349900463019'),(334,5218,'5','2565','2',1,1,1,'ไม่มี','ปกติ','ผุ','15','96','','2566-03-14 09:34:33','','','','','','','1349900463019'),(335,5213,'2','2565','2',1,1,1,'ไม่มี','ปกติ','ไม่ผุ','20','108','','2566-03-14 09:34:56','','','','','','','1349900463019'),(336,5215,'3','2565','2',1,1,1,'ไม่มี','ปกติ','ผุ','15','96','','2566-03-14 09:35:11','','','','','','','1349900463019'),(337,5213,'2','2565','1',1,1,2,'ไม่มี','ปกติ','ไม่ผุ','19','107','','2566-03-14 09:39:13','','','','','','','1349900463019'),(338,5218,'5','2565','1',1,1,2,'ไม่มี','ปกติ','ผุ','14','95','','2566-03-14 09:40:03','','','','','','','1349900463019'),(339,5234,'10','2565','1',1,1,2,'ไม่มี','ปกติ','ผุ','13','100','','2566-03-14 09:40:34','','','','','','','1349900463019'),(340,5240,'11','2565','1',1,1,2,'ไม่มี','ปกติ','ผุ','18','107','','2566-03-14 09:42:57','','','','','','','1349900463019'),(341,5221,'8','2565','1',1,1,2,'ไม่มี','ปกติ','ไม่ผุ','13.5','97','','2566-03-14 09:43:22','','','','','','','1349900463019'),(342,5220,'7','2565','1',1,1,2,'ไม่มี','ปกติ','ไม่ผุ','15.9','100','','2566-03-14 09:43:51','','','','','','','1349900463019'),(343,5215,'3','2565','1',1,1,2,'ไม่มี','ปกติ','ผุ','14','95','','2566-03-14 09:44:45','','','','','','','1349900463019'),(344,5216,'4','2565','1',1,1,2,'ไม่มี','ปกติ','ไม่ผุ','14.5','100','','2566-03-14 09:45:08','','','','','','','1349900463019'),(345,5233,'9','2565','1',1,1,2,'ไม่มี','ปกติ','ผุ','14','102','','2566-03-14 09:45:46','','','','','','','1349900463019'),(346,5212,'1','2565','1',1,1,2,'ไม่มี','ปกติ','ไม่ผุ','11.2','91','','2566-03-14 09:46:18','','','','','','','1349900463019'),(347,5212,'1','2565','1',1,1,1,'ไม่มี','ปกติ','ไม่ผุ','10','91','','2566-03-14 09:46:42','','','','','','','1349900463019'),(348,5233,'9','2565','1',1,1,1,'ไม่มี','ปกติ','ผุ','13','102','','2566-03-14 09:47:10','','','','','','','1349900463019'),(349,5216,'4','2565','1',1,1,1,'ไม่มี','ปกติ','ไม่ผุ','14','98','','2566-03-14 09:47:31','','','','','','','1349900463019'),(350,5215,'3','2565','1',1,1,1,'ไม่มี','ปกติ','ผุ','13','94','','2566-03-14 09:47:53','','','','','','','1349900463019'),(351,5220,'7','2565','1',1,1,1,'ไม่มี','ปกติ','ไม่ผุ','14','99','','2566-03-14 09:48:11','','','','','','','1349900463019'),(352,5221,'8','2565','1',1,1,1,'ไม่มี','ปกติ','ไม่ผุ','12','97','','2566-03-14 09:48:31','','','','','','','1349900463019'),(353,5240,'11','2565','1',1,1,1,'ไม่มี','ปกติ','ผุ','16','107','','2566-03-14 09:48:51','','','','','','','1349900463019'),(354,5234,'10','2565','1',1,1,1,'ไม่มี','ปกติ','ผุ','13','98','','2566-03-14 09:49:39','','','','','','','1349900463019'),(355,5218,'5','2565','1',1,1,1,'ไม่มี','ปกติ','ผุ','13','95','','2566-03-14 09:50:00','','','','','','','1349900463019'),(356,5213,'2','2565','1',1,1,1,'ไม่มี','ปกติ','ไม่ผุ','18','107','','2566-03-14 09:52:13','','','','','','','1349900463019'),(357,5040,'1','2565','2',7,1,1,'ไม่มี','ปกติ','ไม่ผุ','25','132','','2566-03-19 11:12:48','','','','','','','3160600598253'),(358,5042,'2','2565','2',7,1,1,'ไม่มี','ปกติ','ไม่ผุ','25','132','','2566-03-19 11:13:04','','','','','','','3160600598253'),(359,5043,'3','2565','2',7,1,1,'ไม่มี','ปกติ','ไม่ผุ','40','143','','2566-03-19 11:17:06','','','','','','','3160600598253'),(360,5052,'11','2565','2',7,1,1,'ไม่มี','ปกติ','ไม่ผุ','25','134','','2566-03-19 11:13:43','','','','','','','3160600598253'),(361,5050,'9','2565','2',7,1,1,'ไม่มี','ปกติ','ไม่ผุ','20','126','','2566-03-19 11:14:04','','','','','','','3160600598253'),(362,5049,'8','2565','2',7,1,1,'ไม่มี','ปกติ','ไม่ผุ','32','131','','2566-03-19 11:14:24','','','','','','','3160600598253'),(363,5048,'7','2565','2',7,1,1,'ไม่มี','ปกติ','ไม่ผุ','34','137','','2566-03-19 11:14:39','','','','','','','3160600598253'),(364,5062,'15','2565','2',7,1,1,'ไม่มี','ปกติ','ไม่ผุ','25','136','','2566-03-19 11:15:01','','','','','','','3160600598253'),(365,5045,'5','2565','2',7,1,1,'ไม่มี','ปกติ','ไม่ผุ','50','139','','2566-03-19 11:15:14','','','','','','','3160600598253'),(366,5046,'6','2565','2',7,1,1,'ไม่มี','ปกติ','ไม่ผุ','25','134','','2566-03-19 11:15:33','','','','','','','3160600598253'),(367,5174,'18','2565','2',7,1,1,'ไม่มี','ปกติ','ไม่ผุ','43','144','','2566-03-19 11:15:50','','','','','','','3160600598253'),(368,5231,'19','2565','2',7,1,1,'ไม่มี','ปกติ','ไม่ผุ','40','143','','2566-03-19 11:16:24','','','','','','','3160600598253'),(369,5090,'16','2565','2',7,1,1,'ไม่มี','ปกติ','ไม่ผุ','36','133','','2566-03-19 11:16:39','','','','','','','3160600598253'),(370,5044,'4','2565','2',7,1,1,'ไม่มี','ปกติ','ไม่ผุ','20','120','','2566-03-19 11:18:38','','','','','','','3160600598253'),(371,5051,'10','2565','2',7,1,1,'ไม่มี','ปกติ','ไม่ผุ','40','150','','2566-03-19 11:17:23','','','','','','','3160600598253'),(372,5053,'12','2565','2',7,1,1,'ไม่มี','ปกติ','ไม่ผุ','34','144','','2566-03-19 11:17:44','','','','','','','3160600598253'),(373,5056,'14','2565','2',7,1,1,'ไม่มี','ปกติ','ไม่ผุ','40','136','','2566-03-19 11:17:58','','','','','','','3160600598253'),(374,5147,'17','2565','2',7,1,1,'ไม่มี','ปกติ','ไม่ผุ','45','146','','2566-03-19 11:18:53','','','','','','','3160600598253'),(375,5054,'13','2565','2',7,1,1,'ไม่มี','ปกติ','ไม่ผุ','44','138','','2566-03-19 11:19:06','','','','','','','3160600598253'),(376,4975,'1','2565','2',9,1,1,'ไม่มี','ปกติ','ไม่ผุ','55','160','','2566-03-20 09:00:06','','70','20','30','11','8','3340900360196'),(377,4976,'2','2565','2',9,1,1,'ไม่มี','ปกติ','ไม่ผุ','60','158','','2566-03-20 09:01:59','','82','15','10','8','16','3340900360196'),(378,4978,'3','2565','2',9,1,1,'ไม่มี','ปกติ','ไม่ผุ','32','140','','2566-03-20 09:02:48','','75','22','26','9','10','3340900360196'),(379,4980,'4','2565','2',9,1,1,'ไม่มี','ปกติ','ไม่ผุ','30','141','','2566-03-20 09:04:05','','69','21','25','9','9','3340900360196'),(380,5178,'16','2565','2',9,1,1,'ไม่มี','ปกติ','ไม่ผุ','50','149','','2566-03-20 09:05:07','','69','15','15','7','18','3340900360196'),(381,4981,'5','2565','2',9,1,1,'ไม่มี','ปกติ','ไม่ผุ','35','143','','2566-03-20 09:06:00','','70','20','26','9','10','3340900360196'),(382,4982,'6','2565','2',9,1,1,'ไม่มี','ปกติ','ไม่ผุ','40','158','','2566-03-20 09:06:44','','72','16','24','10','15','3340900360196'),(383,4984,'7','2565','2',9,1,1,'ไม่มี','ปกติ','ไม่ผุ','45','148','','2566-03-20 09:07:39','','73','20','27','10','9','3340900360196'),(384,4985,'8','2565','2',9,1,1,'ไม่มี','ปกติ','ไม่ผุ','45','159','','2566-03-20 09:08:12','','74','19','28','11','9','3340900360196'),(385,4986,'9','2565','2',9,1,1,'ไม่มี','ปกติ','ไม่ผุ','45','160','','2566-03-20 09:08:41','','74','19','26','9','9','3340900360196'),(386,4988,'10','2565','2',9,1,1,'ไม่มี','ปกติ','ไม่ผุ','60','165','','2566-03-20 09:09:31','','70','11','10','14','28','3340900360196'),(387,4989,'11','2565','2',9,1,1,'ไม่มี','ปกติ','ไม่ผุ','35','146','','2566-03-20 09:10:20','','69','12','16','8','18','3340900360196'),(388,5005,'12','2565','2',9,1,1,'ไม่มี','ปกติ','ไม่ผุ','45','152','','2566-03-20 09:11:14','','72','15','17','8','18','3340900360196'),(389,5061,'13','2565','2',9,1,1,'ไม่มี','ปกติ','ไม่ผุ','38','155','','2566-03-20 09:11:44','','74','19','24','8','15','3340900360196'),(390,5109,'14','2565','2',9,1,1,'ไม่มี','ปกติ','ไม่ผุ','61','162','','2566-03-20 09:12:24','','73','16','15','9','15','3340900360196'),(391,5117,'15','2565','2',9,1,1,'ไม่มี','ปกติ','ไม่ผุ','55','160','','2566-03-20 09:13:01','','72','16','17','8','15','3340900360196'),(392,4975,'1','2565','2',9,1,2,'ไม่มี','ปกติ','ไม่ผุ','58','161','','2566-03-20 09:14:56','','69','20','29','14','9','3340900360196'),(393,4976,'2','2565','2',9,1,2,'ไม่มี','ปกติ','ไม่ผุ','61','160','','2566-03-20 09:15:47','','74','10','12','8','15','3340900360196'),(394,4978,'3','2565','2',9,1,2,'ไม่มี','ปกติ','ไม่ผุ','35','142','','2566-03-20 09:16:21','','69','19','26','8','12','3340900360196'),(395,4980,'4','2565','2',9,1,2,'ไม่มี','ปกติ','ไม่ผุ','36','150','','2566-03-20 09:16:57','','72','20','26','14','9','3340900360196'),(396,5178,'16','2565','2',9,1,2,'ไม่มี','ปกติ','ไม่ผุ','52','154','','2566-03-20 09:17:41','','73','15','15','8','18','3340900360196'),(397,4985,'8','2565','2',9,1,2,'ไม่มี','ปกติ','ผุ','50','160','','2566-03-20 09:25:47','','75','21','30','14','8','3340900360196'),(398,4986,'9','2565','2',9,1,2,'ไม่มี','ปกติ','ไม่ผุ','45','163','','2566-03-20 09:18:57','','73','21','17','11','9','3340900360196'),(399,4988,'10','2565','2',9,1,2,'ไม่มี','ปกติ','ไม่ผุ','60','163','','2566-03-20 09:19:32','','69','11','15','14','15','3340900360196'),(400,4989,'11','2565','2',9,1,2,'ไม่มี','ปกติ','ไม่ผุ','38','146','','2566-03-20 09:20:06','','69','15','15','9','18','3340900360196'),(401,4982,'6','2565','2',9,1,2,'ไม่มี','ปกติ','ไม่ผุ','48','162','','2566-03-20 09:20:45','','73','19','17','11','10','3340900360196'),(402,4981,'5','2565','2',9,1,2,'ไม่มี','ปกติ','ไม่ผุ','45','142','','2566-03-20 09:21:21','','69','19','26','14','9','3340900360196'),(403,4984,'7','2565','2',9,1,2,'ไม่มี','ปกติ','ไม่ผุ','38','146','','2566-03-20 09:21:55','','75','20','26','14','9','3340900360196'),(404,5005,'12','2565','2',9,1,2,'ไม่มี','ปกติ','ไม่ผุ','50','160','','2566-03-20 09:22:37','','70','15','20','15','16','3340900360196'),(405,5061,'13','2565','2',9,1,2,'ไม่มี','ปกติ','ไม่ผุ','38','152','','2566-03-20 09:23:12','','72','15','17','8','15','3340900360196'),(406,5109,'14','2565','2',9,1,2,'ไม่มี','ปกติ','ผุ','60','163','','2566-03-20 09:26:08','','74','11','24','10','18','3340900360196'),(407,5109,'14','2565','2',9,1,2,'ไม่มี','ปกติ','ไม่ผุ','60','163','','2566-03-20 09:23:41','','74','11','24','10','18','3340900360196'),(408,5117,'15','2565','2',9,1,2,'ไม่มี','ปกติ','ไม่ผุ','55','160','','2566-03-20 09:24:15','','75','16','17','14','10','3340900360196'),(409,5117,'15','2565','2',9,1,2,'ไม่มี','ปกติ','ไม่ผุ','55','160','','2566-03-20 09:24:19','','75','16','17','14','10','3340900360196'),(410,4975,'1','2565','1',9,1,1,'ไม่มี','ปกติ','ไม่ผุ','50','160','','2566-03-20 09:32:49','','69','20','26','14','8','3340900360196'),(411,4976,'2','2565','1',9,1,1,'ไม่มี','ปกติ','ไม่ผุ','58','155','','2566-03-20 09:33:29','','75','11','17','8','15','3340900360196'),(412,4982,'6','2565','1',9,1,1,'ไม่มี','ปกติ','ไม่ผุ','38','152','','2566-03-20 09:33:56','','73','19','15','11','9','3340900360196'),(413,5178,'16','2565','1',9,1,1,'ไม่มี','ปกติ','ไม่ผุ','48','146','','2566-03-20 09:35:07','','70','11','15','8','15','3340900360196'),(414,5061,'13','2565','1',9,1,1,'ไม่มี','ปกติ','ไม่ผุ','30','142','','2566-03-20 09:35:50','','72','11','15','9','15','3340900360196'),(415,5005,'12','2565','1',9,1,1,'ไม่มี','ปกติ','ไม่ผุ','45','142','','2566-03-20 09:36:20','','74','16','24','10','10','3340900360196'),(416,5109,'14','2565','1',9,1,1,'ไม่มี','ปกติ','ไม่ผุ','55','160','','2566-03-20 09:36:58','','73','16','17','11','18','3340900360196'),(417,5117,'15','2565','1',9,1,1,'ไม่มี','ปกติ','ไม่ผุ','48','160','','2566-03-20 09:37:31','','69','19','15','11','10','3340900360196'),(418,4989,'11','2565','1',9,1,1,'ไม่มี','ปกติ','ไม่ผุ','38','142','','2566-03-20 09:38:03','','75','15','15','8','10','3340900360196'),(419,4978,'3','2565','1',9,1,1,'ไม่มี','ปกติ','ไม่ผุ','30','138','','2566-03-20 09:38:34','','73','19','17','14','10','3340900360196'),(420,4980,'4','2565','1',9,1,1,'ไม่มี','ปกติ','ไม่ผุ','31','146','','2566-03-20 09:39:16','','72','19','26','10','9','3340900360196'),(421,4981,'5','2565','1',9,1,1,'ไม่มี','ปกติ','ไม่ผุ','38','137','','2566-03-20 09:39:46','','73','19','26','14','9','3340900360196'),(422,4988,'10','2565','1',9,1,1,'ไม่มี','ปกติ','ไม่ผุ','55','160','','2566-03-20 09:40:24','','69','16','17','15','15','3340900360196'),(423,4984,'7','2565','1',9,1,1,'ไม่มี','ปกติ','ไม่ผุ','35','145','','2566-03-20 09:40:52','','70','21','30','14','8','3340900360196'),(424,4985,'8','2565','1',9,1,1,'ไม่มี','ปกติ','ไม่ผุ','38','150','','2566-03-20 09:41:23','','74','20','26','14','8','3340900360196'),(425,4986,'9','2565','1',9,1,1,'ไม่มี','ปกติ','ไม่ผุ','40','158','','2566-03-20 09:42:04','','75','20','26','15','10','3340900360196'),(426,4975,'1','2565','1',9,1,2,'ไม่มี','ปกติ','ไม่ผุ','55','163','','2566-03-20 09:45:53','','73','19','25','15','9','3340900360196'),(427,5178,'16','2565','1',9,1,2,'ไม่มี','ปกติ','ไม่ผุ','50','150','','2566-03-20 09:46:44','','72','11','15','15','16','3340900360196'),(428,5117,'15','2565','1',9,1,2,'ไม่มี','ปกติ','ไม่ผุ','50','160','','2566-03-20 09:47:41','','72','15','17','9','16','3340900360196'),(429,5109,'14','2565','1',9,1,2,'ไม่มี','ปกติ','ไม่ผุ','58','163','','2566-03-20 09:48:16','','75','16','17','10','16','3340900360196'),(430,5061,'13','2565','1',9,1,2,'ไม่มี','ปกติ','ไม่ผุ','31','145','','2566-03-20 09:49:05','','74','15','24','11','13','3340900360196'),(431,5005,'12','2565','1',9,1,2,'ไม่มี','ปกติ','ไม่ผุ','48','145','','2566-03-20 09:49:43','','74','11','15','15','16','3340900360196'),(432,4989,'11','2565','1',9,1,2,'ไม่มี','ปกติ','ไม่ผุ','40','145','','2566-03-20 09:50:21','','72','16','15','15','18','3340900360196'),(433,4988,'10','2565','1',9,1,2,'ไม่มี','ปกติ','ไม่ผุ','58','161','','2566-03-20 09:50:52','','74','15','17','14','15','3340900360196'),(434,4986,'9','2565','1',9,1,2,'ไม่มี','ปกติ','ไม่ผุ','48','160','','2566-03-20 09:52:28','','73','19','26','15','9','3340900360196'),(435,4985,'8','2565','1',9,1,2,'ไม่มี','ปกติ','ไม่ผุ','40','151','','2566-03-20 09:52:58','','74','20','30','15','9','3340900360196'),(436,4984,'7','2565','1',9,1,2,'ไม่มี','ปกติ','ไม่ผุ','38','148','','2566-03-20 09:53:27','','73','15','24','15','16','3340900360196'),(437,4982,'6','2565','1',9,1,2,'ไม่มี','ปกติ','ไม่ผุ','42','158','','2566-03-20 09:54:10','','73','19','17','15','9','3340900360196'),(438,4981,'5','2565','1',9,1,2,'ไม่มี','ปกติ','ไม่ผุ','42','138','','2566-03-20 09:54:42','','73','15','15','15','9','3340900360196'),(439,4980,'4','2565','1',9,1,2,'ไม่มี','ปกติ','ไม่ผุ','30','148','','2566-03-20 09:55:09','','74','15','17','14','9','3340900360196'),(440,4978,'3','2565','1',9,1,2,'ไม่มี','ปกติ','ไม่ผุ','32','138','','2566-03-20 09:55:35','','69','16','15','14','8','3340900360196'),(441,4976,'2','2565','1',9,1,2,'ไม่มี','ปกติ','ไม่ผุ','60','160','','2566-03-20 09:56:11','','75','11','15','8','19','3340900360196'),(442,5180,'1','2565','1',2,1,1,'ไม่มี','ปกติ','ไม่ผุ','18','101','','2566-03-20 11:14:25','','','','','','','3341901013504'),(443,5181,'2','2565','1',2,1,1,'ไม่มี','ปกติ','ไม่ผุ','18','104','','2566-03-20 11:14:42','','','','','','','3341901013504'),(444,5182,'3','2565','1',2,1,1,'ไม่มี','ปกติ','ไม่ผุ','22.9','105','','2566-03-20 11:15:01','','','','','','','3341901013504'),(445,5184,'4','2565','1',2,1,1,'ไม่มี','ปกติ','ไม่ผุ','17','108','','2566-03-20 11:15:20','','','','','','','3341901013504'),(446,5185,'5','2565','1',2,1,1,'ไม่มี','ปกติ','ไม่ผุ','18.4','108','','2566-03-20 11:15:37','','','','','','','3341901013504'),(447,5186,'6','2565','1',2,1,1,'ไม่มี','ปกติ','ไม่ผุ','28','116','','2566-03-20 11:15:54','','','','','','','3341901013504'),(448,5187,'7','2565','1',2,1,1,'ไม่มี','ปกติ','ไม่ผุ','15.9','105','','2566-03-20 11:16:11','','','','','','','3341901013504'),(449,5188,'8','2565','1',2,1,1,'ไม่มี','ปกติ','ไม่ผุ','95','14.4','','2566-03-20 11:16:29','','','','','','','3341901013504'),(450,5189,'9','2565','1',2,1,1,'ไม่มี','ปกติ','ไม่ผุ','16','100','','2566-03-20 11:16:50','','','','','','','3341901013504'),(451,5190,'10','2565','1',2,1,1,'ไม่มี','ปกติ','ไม่ผุ','14','98','','2566-03-20 11:17:07','','','','','','','3341901013504'),(452,5192,'11','2565','1',2,1,1,'ไม่มี','ปกติ','ไม่ผุ','18.4','102','','2566-03-20 11:17:28','','','','','','','3341901013504'),(453,5193,'12','2565','1',2,1,1,'ไม่มี','ปกติ','ไม่ผุ','26.6','106','','2566-03-20 11:17:46','','','','','','','3341901013504'),(454,5194,'13','2565','1',2,1,1,'ไม่มี','ปกติ','ไม่ผุ','17','101','','2566-03-20 11:18:11','','','','','','','3341901013504'),(455,5194,'13','2565','1',2,1,1,'ไม่มี','ปกติ','ไม่ผุ','17','101','','2566-03-20 11:18:13','','','','','','','3341901013504'),(456,5195,'14','2565','1',2,1,1,'ไม่มี','ปกติ','ไม่ผุ','20.3','106','','2566-03-20 11:19:00','','','','','','','3341901013504'),(457,5196,'15','2565','1',2,1,1,'ไม่มี','ปกติ','ไม่ผุ','14','100','','2566-03-20 11:19:13','','','','','','','3341901013504'),(458,5197,'16','2565','1',2,1,1,'ไม่มี','ปกติ','ไม่ผุ','17','102','','2566-03-20 11:19:28','','','','','','','3341901013504'),(459,5198,'17','2565','1',2,1,1,'ไม่มี','ปกติ','ไม่ผุ','14.7','92','','2566-03-20 11:19:44','','','','','','','3341901013504'),(460,5222,'18','2565','1',2,1,1,'ไม่มี','ปกติ','ไม่ผุ','17','111','','2566-03-20 11:20:08','','','','','','','3341901013504'),(461,5223,'19','2565','1',2,1,1,'ไม่มี','ปกติ','ไม่ผุ','17','111','','2566-03-20 11:20:26','','','','','','','3341901013504'),(462,5180,'1','2565','1',2,1,2,'ไม่มี','ปกติ','ไม่ผุ','19','105','','2566-03-20 11:23:58','','','','','','','3341901013504'),(463,5181,'2','2565','1',2,1,2,'ไม่มี','ปกติ','ไม่ผุ','19','107','','2566-03-20 11:24:08','','','','','','','3341901013504'),(464,5182,'3','2565','1',2,1,2,'ไม่มี','ปกติ','ไม่ผุ','23','109','','2566-03-20 11:24:23','','','','','','','3341901013504'),(465,5184,'4','2565','1',2,1,2,'ไม่มี','ปกติ','ไม่ผุ','18','109','','2566-03-20 11:24:33','','','','','','','3341901013504'),(466,5185,'5','2565','1',2,1,2,'ไม่มี','ปกติ','ไม่ผุ','18','111','','2566-03-20 11:24:46','','','','','','','3341901013504'),(467,5186,'6','2565','1',2,1,2,'ไม่มี','ปกติ','ไม่ผุ','29','120','','2566-03-20 11:25:01','','','','','','','3341901013504'),(468,5187,'7','2565','1',2,1,2,'ไม่มี','ปกติ','ไม่ผุ','16','110','','2566-03-20 11:25:19','','','','','','','3341901013504'),(469,5188,'8','2565','1',2,1,2,'ไม่มี','ปกติ','ไม่ผุ','15','100','','2566-03-20 11:25:31','','','','','','','3341901013504'),(470,5189,'9','2565','1',2,1,2,'ไม่มี','ปกติ','ไม่ผุ','17','102','','2566-03-20 11:25:58','','','','','','','3341901013504'),(471,5190,'10','2565','1',2,1,2,'ไม่มี','ปกติ','ไม่ผุ','15','102','','2566-03-20 11:26:33','','','','','','','3341901013504'),(472,5192,'11','2565','1',2,1,2,'ไม่มี','ปกติ','ไม่ผุ','19','110','','2566-03-20 11:26:47','','','','','','','3341901013504'),(473,5193,'12','2565','1',2,1,2,'ไม่มี','ปกติ','ไม่ผุ','27','113','','2566-03-20 11:27:02','','','','','','','3341901013504'),(474,5194,'13','2565','1',2,1,2,'ไม่มี','ปกติ','ไม่ผุ','18','101','','2566-03-20 11:27:19','','','','','','','3341901013504'),(475,5195,'14','2565','1',2,1,2,'ไม่มี','ปกติ','ไม่ผุ','21','110','','2566-03-20 11:27:34','','','','','','','3341901013504'),(476,5196,'15','2565','1',2,1,2,'ไม่มี','ปกติ','ไม่ผุ','15','101','','2566-03-20 11:27:51','','','','','','','3341901013504'),(477,5197,'16','2565','1',2,1,2,'ไม่มี','ปกติ','ไม่ผุ','18','111','','2566-03-20 11:28:08','','','','','','','3341901013504'),(478,5198,'17','2565','1',2,1,2,'ไม่มี','ปกติ','ไม่ผุ','15','96','','2566-03-20 11:28:24','','','','','','','3341901013504'),(479,5222,'18','2565','1',2,1,2,'ไม่มี','ปกติ','ไม่ผุ','18','108','','2566-03-20 11:28:37','','','','','','','3341901013504'),(480,5223,'19','2565','1',2,1,2,'ไม่มี','ปกติ','ไม่ผุ','18','111','','2566-03-20 11:28:51','','','','','','','3341901013504'),(481,5232,'20','2565','1',2,1,2,'ไม่มี','ปกติ','ไม่ผุ','22','114','','2566-03-20 11:29:22','','','','','','','3341901013504'),(482,5235,'21','2565','1',2,1,2,'ไม่มี','ปกติ','ไม่ผุ','15.5','108','','2566-03-20 11:30:50','','','','','','','3341901013504'),(483,5006,'1','2565','2',8,1,1,'ไม่มี','ปกติ','ไม่ผุ','35','148','','2566-03-21 01:08:15','','','','','','','3341601116871'),(484,5007,'2','2565','2',8,1,1,'ไม่มี','ปกติ','ไม่ผุ','31','147','','2566-03-21 01:10:03','','','','','','','3341601116871'),(485,5008,'3','2565','2',8,1,1,'ไม่มี','ปกติ','ไม่ผุ','32','146','','2566-03-21 01:10:14','','','','','','','3341601116871'),(486,5011,'4','2565','2',8,1,1,'ไม่มี','ปกติ','ไม่ผุ','41','144','','2566-03-21 01:10:25','','','','','','','3341601116871'),(487,5013,'5','2565','2',8,1,1,'ไม่มี','ปกติ','ไม่ผุ','50','150','','2566-03-21 01:10:38','','','','','','','3341601116871'),(488,5015,'6','2565','2',8,1,1,'ไม่มี','ปกติ','ไม่ผุ','36','143','','2566-03-21 01:10:51','','','','','','','3341601116871'),(489,5019,'7','2565','2',8,1,1,'ไม่มี','ปกติ','ไม่ผุ','47','158','','2566-03-21 01:11:04','','','','','','','3341601116871'),(490,5026,'8','2565','2',8,1,1,'ไม่มี','ปกติ','ไม่ผุ','28','138','','2566-03-21 01:11:33','','','','','','','3341601116871'),(491,5028,'9','2565','2',8,1,1,'ไม่มี','ปกติ','ไม่ผุ','32','142','','2566-03-21 01:11:46','','','','','','','3341601116871'),(492,5036,'10','2565','2',8,1,1,'ไม่มี','ปกติ','ไม่ผุ','29','140','','2566-03-21 01:11:58','','','','','','','3341601116871'),(493,5118,'11','2565','2',8,1,1,'ไม่มี','ปกติ','ไม่ผุ','31','139','','2566-03-21 01:12:11','','','','','','','3341601116871'),(494,5119,'12','2565','2',8,1,1,'ไม่มี','ปกติ','ไม่ผุ','33','142','','2566-03-21 01:12:25','','','','','','','3341601116871'),(495,5121,'13','2565','2',8,1,1,'ไม่มี','ปกติ','ไม่ผุ','26','130','','2566-03-21 01:12:37','','','','','','','3341601116871'),(496,5176,'14','2565','2',8,1,1,'ไม่มี','ปกติ','ไม่ผุ','57','158','','2566-03-21 01:12:49','','','','','','','3341601116871'),(497,5006,'1','2565','2',8,1,2,'ไม่มี','ปกติ','ไม่ผุ','39','152','','2566-03-21 01:14:42','','','','','','','3341601116871'),(498,5007,'2','2565','2',8,1,2,'ไม่มี','ปกติ','ไม่ผุ','37','150','','2566-03-21 01:14:56','','','','','','','3341601116871'),(499,5008,'3','2565','2',8,1,2,'ไม่มี','ปกติ','ไม่ผุ','39','148','','2566-03-21 01:15:08','','','','','','','3341601116871'),(500,5011,'4','2565','2',8,1,2,'ไม่มี','ปกติ','ไม่ผุ','43','145','','2566-03-21 01:15:20','','','','','','','3341601116871'),(501,5013,'5','2565','2',8,1,2,'ไม่มี','ปกติ','ไม่ผุ','52','154','','2566-03-21 01:15:35','','','','','','','3341601116871'),(502,5015,'6','2565','2',8,1,2,'ไม่มี','ปกติ','ไม่ผุ','41','145','','2566-03-21 01:15:50','','','','','','','3341601116871'),(503,5019,'7','2565','2',8,1,2,'ไม่มี','ปกติ','ไม่ผุ','51','161','','2566-03-21 01:16:08','','','','','','','3341601116871'),(504,5026,'8','2565','2',8,1,2,'ไม่มี','ปกติ','ไม่ผุ','33','141','','2566-03-21 01:16:21','','','','','','','3341601116871'),(505,5028,'9','2565','2',8,1,2,'ไม่มี','ปกติ','ไม่ผุ','34','144','','2566-03-21 01:16:43','','','','','','','3341601116871'),(506,5036,'10','2565','2',8,1,2,'ไม่มี','ปกติ','ไม่ผุ','33','140','','2566-03-21 01:16:59','','','','','','','3341601116871'),(507,5118,'11','2565','2',8,1,2,'ไม่มี','ปกติ','ไม่ผุ','35','139','','2566-03-21 01:17:55','','','','','','','3341601116871'),(508,5119,'12','2565','2',8,1,2,'ไม่มี','ปกติ','ไม่ผุ','35','144','','2566-03-21 01:17:39','','','','','','','3341601116871'),(509,5121,'13','2565','2',8,1,2,'ไม่มี','ปกติ','ไม่ผุ','29','130','','2566-03-21 01:18:12','','','','','','','3341601116871'),(510,5176,'14','2565','2',8,1,2,'ไม่มี','ปกติ','ไม่ผุ','65','160','','2566-03-21 01:18:27','','','','','','','3341601116871'),(511,5153,'1','2565','2',3,1,2,'ไม่มี','ปกติ','ไม่ผุ','18.3','111','','2566-03-28 11:43:55','','','','','','','1349900463019'),(512,5154,'2','2565','2',3,1,2,'ไม่มี','ปกติ','ไม่ผุ','22.5','119','','2566-03-28 11:44:08','','','','','','','1349900463019'),(513,5156,'3','2565','2',3,1,2,'ไม่มี','ปกติ','ไม่ผุ','17.3','112','','2566-03-28 11:44:19','','','','','','','1349900463019'),(514,5157,'4','2565','2',3,1,2,'ไม่มี','ปกติ','ไม่ผุ','18.3','116','','2566-03-28 11:44:30','','','','','','','1349900463019'),(515,5158,'5','2565','2',3,1,2,'ไม่มี','ปกติ','ไม่ผุ','19.6','115','','2566-03-28 11:44:43','','','','','','','1349900463019'),(516,5159,'6','2565','2',3,1,2,'ไม่มี','ปกติ','ไม่ผุ','17.6','112','','2566-03-28 11:44:54','','','','','','','1349900463019'),(517,5201,'8','2565','2',3,1,2,'ไม่มี','ปกติ','ไม่ผุ','30.2','115','','2566-03-28 11:45:07','','','','','','','1349900463019'),(518,5202,'9','2565','2',3,1,2,'ไม่มี','ปกติ','ไม่ผุ','25.0','116','','2566-03-28 11:45:20','','','','','','','1349900463019'),(519,5203,'10','2565','2',3,1,2,'ไม่มี','ปกติ','ไม่ผุ','27.7','116','','2566-03-28 11:45:32','','','','','','','1349900463019'),(520,5224,'12','2565','2',3,1,2,'ไม่มี','ปกติ','ไม่ผุ','23.9','118','','2566-03-28 11:45:42','','','','','','','1349900463019'),(521,5225,'13','2565','2',3,1,2,'ไม่มี','ปกติ','ไม่ผุ','17.3','108','','2566-03-28 11:45:52','','','','','','','1349900463019'),(522,5226,'14','2565','2',3,1,2,'ไม่มี','ปกติ','ไม่ผุ','14.5','103','','2566-03-28 11:46:01','','','','','','','1349900463019'),(523,5006,'1','2566','1',9,1,1,'ไม่มี','ปกติ','ไม่ผุ','35','152','','2566-05-16 03:14:34','','','','','','','3340900360196'),(524,5028,'9','2566','1',9,1,1,'ไม่มี','ปกติ','ไม่ผุ','36','144','','2566-05-16 03:14:58','','','','','','','3340900360196'),(525,5011,'4','2566','1',9,1,1,'ไม่มี','ปกติ','ไม่ผุ','41','145','','2566-05-16 03:15:11','','','','','','','3340900360196'),(526,5015,'6','2566','1',9,1,1,'ไม่มี','ปกติ','ไม่ผุ','39','145','','2566-05-16 03:15:24','','','','','','','3340900360196'),(527,5013,'5','2566','1',9,1,1,'ไม่มี','ปกติ','ไม่ผุ','50','155','','2566-05-16 03:15:37','','','','','','','3340900360196'),(528,5008,'3','2566','1',9,1,1,'ไม่มี','ปกติ','ไม่ผุ','37','150','','2566-05-16 03:15:52','','','','','','','3340900360196'),(529,5007,'2','2566','1',9,1,1,'ไม่มี','ปกติ','ไม่ผุ','34','151','','2566-05-16 03:16:08','','','','','','','3340900360196'),(530,5118,'11','2566','1',9,1,1,'ไม่มี','ปกติ','ไม่ผุ','33','139','','2566-05-16 03:16:24','','','','','','','3340900360196'),(531,5121,'13','2566','1',9,1,1,'ไม่มี','ปกติ','ไม่ผุ','29','132','','2566-05-16 03:16:43','','','','','','','3340900360196'),(532,5176,'14','2566','1',9,1,1,'ไม่มี','ปกติ','ไม่ผุ','60','160','','2566-05-16 03:16:55','','','','','','','3340900360196'),(533,5153,'1','2566','1',4,1,1,'ไม่มี','ปกติ','ไม่ผุ','17','114','','2566-05-24 01:14:34','','','','','','','1349900463019'),(534,5154,'2','2566','1',4,1,1,'ไม่มี','ปกติ','ไม่ผุ','22','122','','2566-05-24 01:14:42','','','','','','','1349900463019'),(535,5156,'3','2566','1',4,1,1,'ไม่มี','ปกติ','ไม่ผุ','17','115','','2566-05-24 01:14:50','','','','','','','1349900463019'),(536,5158,'4','2566','1',4,1,1,'ไม่มี','ปกติ','ไม่ผุ','19','118','','2566-05-24 01:15:01','','','','','','','1349900463019'),(537,5159,'5','2566','1',4,1,1,'ไม่มี','ปกติ','ไม่ผุ','18','115','','2566-05-24 01:15:12','','','','','','','1349900463019'),(538,5201,'6','2566','1',4,1,1,'ไม่มี','ปกติ','ไม่ผุ','30','118','','2566-05-24 01:15:21','','','','','','','1349900463019'),(539,5202,'7','2566','1',4,1,1,'ไม่มี','ปกติ','ไม่ผุ','25','121','','2566-05-24 01:15:33','','','','','','','1349900463019'),(540,5224,'8','2566','1',4,1,1,'ไม่มี','ปกติ','ไม่ผุ','25','121','','2566-05-24 01:15:45','','','','','','','1349900463019'),(541,5225,'9','2566','1',4,1,1,'ไม่มี','ปกติ','ไม่ผุ','17','112','','2566-05-24 01:15:53','','','','','','','1349900463019'),(542,5226,'10','2566','1',4,1,1,'ไม่มี','ปกติ','ไม่ผุ','14','106','','2566-05-24 01:16:08','','','','','','','1349900463019'),(543,1000001,'11','2566','1',4,1,1,'ไม่มี','ปกติ','ไม่ผุ','18','119','','2566-05-24 01:16:17','','','','','','','1349900463019'),(544,5026,'8','2566','1',9,1,1,'ไม่มี','ปกติ','ไม่ผุ','33','148','','2566-05-24 01:19:04','','','','','','','3340900360196'),(545,5019,'7','2566','1',9,1,1,'ไม่มี','ปกติ','ไม่ผุ','48','160','','2566-05-24 01:19:44','','','','','','','3340900360196'),(546,5119,'12','2566','1',9,1,1,'ไม่มี','ปกติ','ไม่ผุ','32','138','','2566-05-24 01:20:13','','','','','','','3340900360196'),(547,5180,'1','2566','1',3,1,1,'ไม่มี','ปกติ','ไม่ผุ','17','108','','2566-05-25 02:59:52','','','','','','','3341901013504'),(548,5181,'2','2566','1',3,1,1,'ไม่มี','ปกติ','ไม่ผุ','19','109','','2566-05-25 03:00:02','','','','','','','3341901013504'),(549,5182,'3','2566','1',3,1,1,'ไม่มี','ปกติ','ไม่ผุ','22','111','','2566-05-25 03:00:12','','','','','','','3341901013504'),(550,5184,'4','2566','1',3,1,1,'ไม่มี','ปกติ','ไม่ผุ','19','112','','2566-05-25 03:00:22','','','','','','','3341901013504'),(551,5185,'5','2566','1',3,1,1,'ไม่มี','ปกติ','ไม่ผุ','17','113','','2566-05-25 03:00:31','','','','','','','3341901013504'),(552,5186,'6','2566','1',3,1,1,'ไม่มี','ปกติ','ไม่ผุ','31','126','','2566-05-25 03:00:43','','','','','','','3341901013504'),(553,5187,'7','2566','1',3,1,1,'ไม่มี','ปกติ','ไม่ผุ','16','112','','2566-05-25 03:00:54','','','','','','','3341901013504'),(554,5188,'8','2566','1',3,1,1,'ไม่มี','ปกติ','ไม่ผุ','13','103','','2566-05-25 03:01:05','','','','','','','3341901013504'),(555,5189,'9','2566','1',3,1,1,'ไม่มี','ปกติ','ไม่ผุ','16','106','','2566-05-25 03:01:16','','','','','','','3341901013504'),(556,5190,'10','2566','1',3,1,1,'ไม่มี','ปกติ','ไม่ผุ','14','104','','2566-05-25 03:01:33','','','','','','','3341901013504'),(557,5193,'11','2566','1',3,1,1,'ไม่มี','ปกติ','ไม่ผุ','24','115','','2566-05-25 03:01:43','','','','','','','3341901013504'),(558,5194,'12','2566','1',3,1,1,'ไม่มี','ปกติ','ไม่ผุ','15','103','','2566-05-25 03:01:54','','','','','','','3341901013504'),(559,5195,'13','2566','1',3,1,1,'ไม่มี','ปกติ','ไม่ผุ','20','112','','2566-05-25 03:02:03','','','','','','','3341901013504'),(560,5196,'14','2566','1',3,1,1,'ไม่มี','ปกติ','ไม่ผุ','14','104','','2566-05-25 03:02:14','','','','','','','3341901013504'),(561,5197,'15','2566','1',3,1,1,'ไม่มี','ปกติ','ไม่ผุ','16','112','','2566-05-25 03:02:23','','','','','','','3341901013504'),(562,5198,'16','2566','1',3,1,1,'ไม่มี','ปกติ','ไม่ผุ','13','99','','2566-05-25 03:02:32','','','','','','','3341901013504'),(563,5222,'17','2566','1',3,1,1,'ไม่มี','ปกติ','ไม่ผุ','20','112','','2566-05-25 03:02:42','','','','','','','3341901013504'),(564,5223,'18','2566','1',3,1,1,'ไม่มี','ปกติ','ไม่ผุ','18','113','','2566-05-25 03:02:55','','','','','','','3341901013504'),(565,5232,'19','2566','1',3,1,1,'ไม่มี','ปกติ','ไม่ผุ','27','118','','2566-05-25 03:03:06','','','','','','','3341901013504'),(566,5235,'20','2566','1',3,1,1,'ไม่มี','ปกติ','ไม่ผุ','21','110','','2566-05-25 03:03:18','','','','','','','3341901013504'),(567,5241,'21','2566','1',3,1,1,'ไม่มี','ปกติ','ไม่ผุ','25','116','','2566-05-25 03:03:31','','','','','','','3341901013504'),(568,5095,'1','2566','1',6,1,1,'ไม่มี','ปกติ','ไม่ผุ','46','142','','2566-05-26 11:08:26','','','','','','','3349800060121'),(569,5098,'2','2566','1',6,1,1,'ไม่มี','ปกติ','ไม่ผุ','56','132','','2566-05-26 11:08:37','','','','','','','3349800060121'),(570,5100,'3','2566','1',6,1,1,'ไม่มี','ปกติ','ไม่ผุ','20','127','','2566-05-26 11:08:46','','','','','','','3349800060121'),(571,5123,'4','2566','1',6,1,1,'ไม่มี','ปกติ','ไม่ผุ','22','124','','2566-05-26 11:08:53','','','','','','','3349800060121'),(572,5150,'5','2566','1',6,1,1,'ไม่มี','ปกติ','ไม่ผุ','34','136','','2566-05-26 11:09:03','','','','','','','3349800060121'),(573,5151,'6','2566','1',6,1,1,'ไม่มี','ปกติ','ไม่ผุ','55','141','','2566-05-26 11:09:11','','','','','','','3349800060121'),(574,5162,'7','2566','1',6,1,1,'ไม่มี','ปกติ','ไม่ผุ','15','105','','2566-05-26 11:09:21','','','','','','','3349800060121'),(575,5230,'8','2566','1',6,1,1,'ไม่มี','ปกติ','ไม่ผุ','22','123','','2566-05-26 11:09:30','','','','','','','3349800060121'),(576,5237,'9','2566','1',6,1,1,'ไม่มี','ปกติ','ไม่ผุ','24','118','','2566-05-26 11:09:42','','','','','','','3349800060121'),(577,5239,'10','2566','1',6,1,1,'ไม่มี','ปกติ','ไม่ผุ','18','119','','2566-05-26 11:09:48','','','','','','','3349800060121'),(578,5245,'1','2566','1',1,1,1,'ไม่มี','ปกติ','ไม่ผุ','16','107','','2566-06-01 04:03:14','','','','','','','1349900286605'),(579,5246,'2','2566','1',1,1,1,'ไม่มี','ปกติ','ไม่ผุ','14','98','','2566-06-01 04:03:26','','','','','','','1349900286605'),(580,5247,'3','2566','1',1,1,1,'ไม่มี','ปกติ','ไม่ผุ','14','94','','2566-06-01 04:03:38','','','','','','','1349900286605'),(581,5248,'4','2566','1',1,1,1,'ไม่มี','ปกติ','ไม่ผุ','14','90','','2566-06-01 04:03:50','','','','','','','1349900286605'),(582,5249,'5','2566','1',1,1,1,'ไม่มี','ปกติ','ไม่ผุ','13','91','','2566-06-01 04:04:01','','','','','','','1349900286605'),(583,5250,'6','2566','1',1,1,1,'ไม่มี','ปกติ','ไม่ผุ','23','101','','2566-06-01 04:04:12','','','','','','','1349900286605'),(584,5251,'7','2566','1',1,1,1,'ไม่มี','ปกติ','ไม่ผุ','14','89','','2566-06-01 04:04:29','','','','','','','1349900286605'),(585,5252,'8','2566','1',1,1,1,'ไม่มี','ปกติ','ไม่ผุ','15','95','','2566-06-01 04:04:57','','','','','','','1349900286605'),(586,5253,'9','2566','1',1,1,1,'ไม่มี','ปกติ','ไม่ผุ','14','92','','2566-06-01 04:05:13','','','','','','','1349900286605'),(587,5254,'10','2566','1',1,1,1,'ไม่มี','ปกติ','ไม่ผุ','13','92','','2566-06-01 04:05:27','','','','','','','1349900286605'),(588,5255,'11','2566','1',1,1,1,'ไม่มี','ปกติ','ไม่ผุ','15','96','','2566-06-02 05:48:01','','','','','','','3130400113825'),(589,5260,'12','2566','1',1,1,1,'ไม่มี','ปกติ','ไม่ผุ','14','94','','2566-06-01 04:06:22','','','','','','','1349900286605'),(590,5258,'11','2566','1',4,1,1,'ไม่มี','ปกติ','ไม่ผุ','18','119','','2566-06-02 04:20:21','','','','','','','1349900463019'),(591,5040,'1','2566','1',8,1,1,'ไม่มี','ปกติ','ไม่ผุ','25.5','138.0','','2566-06-02 05:04:35','','','','','','','3130400113825'),(592,5042,'2','2566','1',8,1,1,'ไม่มี','ปกติ','ไม่ผุ','30.0','136.0','','2566-06-02 05:04:56','','','','','','','3130400113825'),(593,5043,'3','2566','1',8,1,1,'ไม่มี','ปกติ','ไม่ผุ','40.0','149.0','','2566-06-02 05:05:06','','','','','','','3130400113825'),(594,5044,'4','2566','1',8,1,1,'ไม่มี','ปกติ','ไม่ผุ','19.0','124.0','','2566-06-02 05:05:14','','','','','','','3130400113825'),(595,5045,'5','2566','1',8,1,1,'ไม่มี','ปกติ','ไม่ผุ','57.5','144.0','','2566-06-02 05:05:29','','','','','','','3130400113825'),(596,5046,'6','2566','1',8,1,1,'ไม่มี','ปกติ','ไม่ผุ','32.0','143.0','','2566-06-02 05:05:41','','','','','','','3130400113825'),(597,5048,'7','2566','1',8,1,1,'ไม่มี','ปกติ','ไม่ผุ','41.0','149.0','','2566-06-02 05:05:54','','','','','','','3130400113825'),(598,5049,'8','2566','1',8,1,1,'ไม่มี','ปกติ','ไม่ผุ','25.5','136.0','','2566-06-02 05:06:06','','','','','','','3130400113825'),(599,5050,'9','2566','1',8,1,1,'ไม่มี','ปกติ','ไม่ผุ','23.0','133.0','','2566-06-02 05:06:18','','','','','','','3130400113825'),(600,5051,'10','2566','1',8,1,1,'ไม่มี','ปกติ','ไม่ผุ','51.0','153.0','','2566-06-02 05:06:32','','','','','','','3130400113825'),(601,5052,'11','2566','1',8,1,1,'ไม่มี','ปกติ','ไม่ผุ','30.0','142.0','','2566-06-02 05:06:47','','','','','','','3130400113825'),(602,5053,'12','2566','1',8,1,1,'ไม่มี','ปกติ','ไม่ผุ','37.0','148.0','','2566-06-02 05:06:59','','','','','','','3130400113825'),(603,5054,'13','2566','1',8,1,1,'ไม่มี','ปกติ','ไม่ผุ','51.0','147.0','','2566-06-02 05:07:14','','','','','','','3130400113825'),(604,5056,'14','2566','1',8,1,1,'ไม่มี','ปกติ','ไม่ผุ','50.0','145.0','','2566-06-02 05:07:26','','','','','','','3130400113825'),(605,5062,'15','2566','1',8,1,1,'ไม่มี','ปกติ','ไม่ผุ','36.0','144.0','','2566-06-02 05:07:37','','','','','','','3130400113825'),(606,5090,'16','2566','1',8,1,1,'ไม่มี','ปกติ','ไม่ผุ','37.0','139.0','','2566-06-02 05:07:49','','','','','','','3130400113825'),(607,5147,'17','2566','1',8,1,1,'ไม่มี','ปกติ','ไม่ผุ','53.0','159.0','','2566-06-02 05:08:02','','','','','','','3130400113825'),(608,5174,'18','2566','1',8,1,1,'ไม่มี','ปกติ','ไม่ผุ','46.0','148.0','','2566-06-02 05:08:17','','','','','','','3130400113825'),(609,5231,'19','2566','1',8,1,1,'ไม่มี','ปกติ','ไม่ผุ','44.0','142.0','','2566-06-02 05:08:27','','','','','','','3130400113825'),(610,5125,'1','2566','1',5,1,1,'ไม่มี','ปกติ','ไม่ผุ','25.0','121.0','','2566-06-02 05:21:11','','','','','','','3130400113825'),(611,5126,'2','2566','1',5,1,1,'ไม่มี','ปกติ','ไม่ผุ','44.0','140.0','','2566-06-02 05:21:21','','','','','','','3130400113825'),(612,5127,'3','2566','1',5,1,1,'ไม่มี','ปกติ','ไม่ผุ','40.0','123.0','','2566-06-02 05:21:29','','','','','','','3130400113825'),(613,5128,'4','2566','1',5,1,1,'ไม่มี','ปกติ','ไม่ผุ','22.0','119.0','','2566-06-02 05:21:41','','','','','','','3130400113825'),(614,5129,'5','2566','1',5,1,1,'ไม่มี','ปกติ','ไม่ผุ','22.0','119.0','','2566-06-02 05:21:50','','','','','','','3130400113825'),(615,5131,'6','2566','1',5,1,1,'ไม่มี','ปกติ','ไม่ผุ','19.0','119.0','','2566-06-02 05:21:58','','','','','','','3130400113825'),(616,5132,'7','2566','1',5,1,1,'ไม่มี','ปกติ','ไม่ผุ','30.0','125.0','','2566-06-02 05:22:07','','','','','','','3130400113825'),(617,5133,'8','2566','1',5,1,1,'ไม่มี','ปกติ','ไม่ผุ','22.0','120.0','','2566-06-02 05:22:16','','','','','','','3130400113825'),(618,5135,'9','2566','1',5,1,1,'ไม่มี','ปกติ','ไม่ผุ','23.0','124.0','','2566-06-02 05:22:26','','','','','','','3130400113825'),(619,5137,'10','2566','1',5,1,1,'ไม่มี','ปกติ','ไม่ผุ','19.0','118.0','','2566-06-02 05:22:40','','','','','','','3130400113825'),(620,5138,'11','2566','1',5,1,1,'ไม่มี','ปกติ','ไม่ผุ','28.0','126.0','','2566-06-02 05:22:51','','','','','','','3130400113825'),(621,5160,'12','2566','1',5,1,1,'ไม่มี','ปกติ','ไม่ผุ','20.0','120.0','','2566-06-02 05:23:03','','','','','','','3130400113825'),(622,5199,'13','2566','1',5,1,1,'ไม่มี','ปกติ','ไม่ผุ','30.0','127.0','','2566-06-02 05:23:13','','','','','','','3130400113825'),(623,5200,'14','2566','1',5,1,1,'ไม่มี','ปกติ','ไม่ผุ','21.0','127.0','','2566-06-02 05:23:23','','','','','','','3130400113825'),(624,5210,'15','2566','1',5,1,1,'ไม่มี','ปกติ','ไม่ผุ','22.0','119.0','','2566-06-02 05:23:36','','','','','','','3130400113825'),(625,5227,'16','2566','1',5,1,1,'ไม่มี','ปกติ','ไม่ผุ','62.0','141.0','','2566-06-02 05:23:48','','','','','','','3130400113825'),(626,5228,'17','2566','1',5,1,1,'ไม่มี','ปกติ','ไม่ผุ','19.0','121.0','','2566-06-02 05:24:00','','','','','','','3130400113825'),(627,5229,'18','2566','1',5,1,1,'ไม่มี','ปกติ','ไม่ผุ','20.0','113.0','','2566-06-02 05:24:09','','','','','','','3130400113825'),(628,5244,'19','2566','1',5,1,1,'ไม่มี','ปกติ','ไม่ผุ','36.0','127.0','','2566-06-02 05:24:19','','','','','','','3130400113825'),(629,5257,'20','2566','1',5,1,1,'ไม่มี','ปกติ','ไม่ผุ','42.0','128.0','','2566-06-02 05:24:29','','','','','','','3130400113825'),(630,5064,'1','2566','1',7,1,1,'ไม่มี','ปกติ','ไม่ผุ','26.0','139.0','','2566-06-02 05:25:00','','','','','','','3130400113825'),(631,5065,'2','2566','1',7,1,1,'ไม่มี','ปกติ','ไม่ผุ','39.0','133.0','','2566-06-02 05:25:08','','','','','','','3130400113825'),(632,5069,'3','2566','1',7,1,1,'ไม่มี','ปกติ','ไม่ผุ','45.0','131.0','','2566-06-02 05:25:17','','','','','','','3130400113825'),(633,5071,'4','2566','1',7,1,1,'ไม่มี','ปกติ','ไม่ผุ','40.0','131.0','','2566-06-02 05:25:25','','','','','','','3130400113825'),(634,5078,'5','2566','1',7,1,1,'ไม่มี','ปกติ','ไม่ผุ','22.0','130.0','','2566-06-02 05:25:34','','','','','','','3130400113825'),(635,5082,'6','2566','1',7,1,1,'ไม่มี','ปกติ','ไม่ผุ','31.0','136.0','','2566-06-02 05:25:43','','','','','','','3130400113825'),(636,5104,'7','2566','1',7,1,1,'ไม่มี','ปกติ','ไม่ผุ','27.0','132.0','','2566-06-02 05:25:51','','','','','','','3130400113825'),(637,5106,'8','2566','1',7,1,1,'ไม่มี','ปกติ','ไม่ผุ','30.0','131.0','','2566-06-02 05:26:00','','','','','','','3130400113825'),(638,5144,'9','2566','1',7,1,1,'ไม่มี','ปกติ','ไม่ผุ','27.0','137.0','','2566-06-02 05:26:13','','','','','','','3130400113825'),(639,5163,'10','2566','1',7,1,1,'ไม่มี','ปกติ','ไม่ผุ','53.0','140.0','','2566-06-02 05:26:51','','','','','','','3130400113825'),(640,5167,'11','2566','1',7,1,1,'ไม่มี','ปกติ','ไม่ผุ','40.0','149.0','','2566-06-02 05:27:01','','','','','','','3130400113825'),(641,5177,'12','2566','1',7,1,1,'ไม่มี','ปกติ','ไม่ผุ','28.0','155.0','','2566-06-02 05:27:10','','','','','','','3130400113825'),(642,5211,'13','2566','1',7,1,1,'ไม่มี','ปกติ','ไม่ผุ','25.0','139.0','','2566-06-02 05:27:19','','','','','','','3130400113825'),(643,2556,'14','2566','1',7,1,1,'ไม่มี','ปกติ','ไม่ผุ','27.0','133.0','','2566-06-02 05:27:28','','','','','','','3130400113825'),(644,5213,'1','2566','1',2,1,1,'ไม่มี','ปกติ','ไม่ผุ','20.0','110.0','','2566-06-02 05:27:56','','','','','','','3130400113825'),(645,5215,'2','2566','1',2,1,1,'ไม่มี','ปกติ','ไม่ผุ','15.0','100.0','','2566-06-02 05:28:05','','','','','','','3130400113825'),(646,5216,'3','2566','1',2,1,1,'ไม่มี','ปกติ','ไม่ผุ','16.0','103.0','','2566-06-02 05:28:13','','','','','','','3130400113825'),(647,5240,'4','2566','1',2,1,1,'ไม่มี','ปกติ','ไม่ผุ','19.0','111.0','','2566-06-02 05:28:35','','','','','','','3130400113825'),(648,5233,'5','2566','1',2,1,1,'ไม่มี','ปกติ','ไม่ผุ','16.0','107.0','','2566-06-02 05:28:49','','','','','','','3130400113825'),(649,5243,'6','2566','1',2,1,1,'ไม่มี','ปกติ','ไม่ผุ','28.0','111.0','','2566-06-02 05:29:00','','','','','','','3130400113825'),(650,5218,'7','2566','1',2,1,1,'ไม่มี','ปกติ','ไม่ผุ','15.0','98.0','','2566-06-02 05:29:10','','','','','','','3130400113825'),(651,5220,'8','2566','1',2,1,1,'ไม่มี','ปกติ','ไม่ผุ','20.0','104.0','','2566-06-02 05:29:22','','','','','','','3130400113825'),(652,5221,'9','2566','1',2,1,1,'ไม่มี','ปกติ','ไม่ผุ','15.0','103.0','','2566-06-02 05:29:35','','','','','','','3130400113825'),(653,5234,'10','2566','1',2,1,1,'ไม่มี','ปกติ','ไม่ผุ','15.0','105.0','','2566-06-02 05:29:45','','','','','','','3130400113825'),(654,5242,'11','2566','1',2,1,1,'ไม่มี','ปกติ','ไม่ผุ','16.0','104.0','','2566-06-02 05:29:58','','','','','','','3130400113825'),(655,5259,'12','2566','1',2,1,1,'ไม่มี','ปกติ','ไม่ผุ','18.0','106.0','','2566-06-02 05:30:08','','','','','','','3130400113825'),(656,5245,'1','2566','1',1,1,2,'ไม่มี','ปกติ','ไม่ผุ','17','109','','2566-10-03 12:52:45','','','','','','','1349900286605'),(657,5246,'2','2566','1',1,1,2,'ไม่มี','ปกติ','ไม่ผุ','15','105','','2566-10-03 12:54:25','','','','','','','1349900286605'),(658,5247,'3','2566','1',1,1,2,'ไม่มี','ปกติ','ไม่ผุ','15','95','','2566-10-03 12:54:55','','','','','','','1349900286605'),(659,5248,'4','2566','1',1,1,2,'ไม่มี','ปกติ','ไม่ผุ','15','93','','2566-10-03 12:56:58','','','','','','','1349900286605'),(660,5249,'5','2566','1',1,1,2,'ไม่มี','ปกติ','ไม่ผุ','14','93','','2566-10-03 12:58:11','','','','','','','1349900286605'),(661,5250,'6','2566','1',1,1,2,'ไม่มี','ปกติ','ไม่ผุ','24','102','','2566-10-03 12:59:38','','','','','','','1349900286605'),(662,5251,'7','2566','1',1,1,2,'ไม่มี','ปกติ','ไม่ผุ','15','92','','2566-10-03 01:00:00','','','','','','','1349900286605'),(663,5252,'8','2566','1',1,1,2,'ไม่มี','ปกติ','ไม่ผุ','15','97','','2566-10-03 01:00:51','','','','','','','1349900286605'),(664,5253,'9','2566','1',1,1,2,'ไม่มี','ปกติ','ไม่ผุ','15','95','','2566-10-03 01:01:46','','','','','','','1349900286605'),(665,5255,'11','2566','1',1,1,2,'ไม่มี','ปกติ','ไม่ผุ','15','98','','2566-10-03 01:03:06','','','','','','','1349900286605'),(666,5260,'12','2566','1',1,1,2,'ไม่มี','ปกติ','ไม่ผุ','14','94','','2566-10-03 01:03:57','','','','','','','1349900286605'),(667,2147483,'13','2566','1',1,1,2,'ไม่มี','ปกติ','ไม่ผุ','16','109','','2566-10-03 01:10:14','','','','','','','1349900286605'),(668,5254,'10','2566','1',1,1,2,'ไม่มี','ปกติ','ไม่ผุ','13','93','','2566-10-03 01:11:48','','','','','','','1349900286605'),(669,2147483,'13','2566','1',1,1,1,'ไม่มี','ปกติ','ไม่ผุ','15','108','','2566-10-17 10:19:13','','','','','','','1349900286605'),(670,5176,'14','2566','1',9,1,2,'ไม่มี','ปกติ','ไม่ผุ','65','165','','2566-10-23 10:48:47','','','','','','','3340900360196'),(671,5019,'7','2566','1',9,1,2,'ไม่มี','ปกติ','ไม่ผุ','55','165','','2566-10-23 10:49:55','','','','','','','3340900360196'),(672,5006,'1','2566','1',9,1,2,'ไม่มี','ปกติ','ไม่ผุ','40','161','','2566-10-24 07:50:26','','','','','','','3340900360196'),(673,5007,'2','2566','1',9,1,2,'ไม่มี','ปกติ','ไม่ผุ','38','160','','2566-10-24 07:50:40','','','','','','','3340900360196'),(674,5008,'3','2566','1',9,1,2,'ไม่มี','ปกติ','ไม่ผุ','42','159','','2566-10-24 07:50:53','','','','','','','3340900360196'),(675,5011,'4','2566','1',9,1,2,'ไม่มี','ปกติ','ไม่ผุ','45','150','','2566-10-24 07:51:04','','','','','','','3340900360196'),(676,5013,'5','2566','1',9,1,2,'ไม่มี','ปกติ','ไม่ผุ','54','159','','2566-10-24 07:51:15','','','','','','','3340900360196'),(677,5015,'6','2566','1',9,1,2,'ไม่มี','ปกติ','ไม่ผุ','45','150','','2566-10-24 07:51:26','','','','','','','3340900360196'),(678,5026,'8','2566','1',9,1,2,'ไม่มี','ปกติ','ไม่ผุ','35','147','','2566-10-24 07:51:41','','','','','','','3340900360196'),(679,5028,'9','2566','1',9,1,2,'ไม่มี','ปกติ','ไม่ผุ','38','150','','2566-10-24 07:51:52','','','','','','','3340900360196'),(680,5118,'10','2566','1',9,1,2,'ไม่มี','ปกติ','ไม่ผุ','35','145','','2566-10-24 07:52:12','','','','','','','3340900360196'),(681,5119,'12','2566','1',9,1,2,'ไม่มี','ปกติ','ไม่ผุ','36','148','','2566-10-24 07:52:36','','','','','','','3340900360196'),(682,5121,'13','2566','1',9,1,2,'ไม่มี','ปกติ','ไม่ผุ','30','140','','2566-10-24 07:54:51','','','','','','','3340900360196'),(683,5095,'1','2566','2',6,1,2,'ไม่มี','ปกติ','ไม่ผุ','53','149','','2567-03-18 01:32:27','','','','','','','3349800060121'),(684,5100,'2','2566','2',6,1,2,'ไม่มี','ปกติ','ไม่ผุ','22','132','','2567-03-18 01:32:42','','','','','','','3349800060121'),(685,5123,'3','2566','2',6,1,2,'ไม่มี','ปกติ','ไม่ผุ','24','129','','2567-03-18 01:32:48','','','','','','','3349800060121'),(686,5150,'4','2566','2',6,1,2,'ไม่มี','ปกติ','ไม่ผุ','46','143','','2567-03-18 01:32:55','','','','','','','3349800060121'),(687,5151,'5','2566','2',6,1,2,'ไม่มี','ปกติ','ไม่ผุ','60','146','','2567-03-18 01:33:06','','','','','','','3349800060121'),(688,5162,'6','2566','2',6,1,2,'ไม่มี','ปกติ','ผุ','17','109','','2567-03-18 01:33:19','','','','','','','3349800060121'),(689,5230,'7','2566','2',6,1,2,'ไม่มี','ปกติ','ไม่ผุ','24','126','','2567-03-18 01:33:26','','','','','','','3349800060121'),(690,5239,'8','2566','2',6,1,2,'ไม่มี','ปกติ','ไม่ผุ','19','124','','2567-03-18 01:33:34','','','','','','','3349800060121'),(691,5064,'1','2566','2',7,1,1,'ไม่มี','ปกติ','ไม่ผุ','26','139','','2567-03-19 08:55:11','','','','','','','3160600598253'),(692,5065,'2','2566','2',7,1,1,'ไม่มี','ปกติ','ไม่ผุ','39','133','','2567-03-19 08:55:45','','','','','','','3160600598253'),(693,5069,'3','2566','2',7,1,1,'ไม่มี','ปกติ','ไม่ผุ','45','131','','2567-03-19 08:55:55','','','','','','','3160600598253'),(694,5071,'4','2566','2',7,1,1,'ไม่มี','ปกติ','ไม่ผุ','40','131','','2567-03-19 08:56:05','','','','','','','3160600598253'),(695,5078,'5','2566','2',7,1,1,'ไม่มี','ปกติ','ไม่ผุ','22','130','','2567-03-19 08:56:14','','','','','','','3160600598253'),(696,5082,'6','2566','2',7,1,1,'ไม่มี','ปกติ','ไม่ผุ','31','136','','2567-03-19 08:56:22','','','','','','','3160600598253'),(697,5104,'7','2566','2',7,1,1,'ไม่มี','ปกติ','ไม่ผุ','27','132','','2567-03-19 08:56:31','','','','','','','3160600598253'),(698,5106,'8','2566','2',7,1,1,'ไม่มี','ปกติ','ไม่ผุ','30','131','','2567-03-19 08:56:39','','','','','','','3160600598253'),(699,5144,'9','2566','2',7,1,1,'ไม่มี','ปกติ','ไม่ผุ','27','137','','2567-03-19 08:56:48','','','','','','','3160600598253'),(700,5163,'10','2566','2',7,1,1,'ไม่มี','ปกติ','ไม่ผุ','53','140','','2567-03-19 08:56:58','','','','','','','3160600598253'),(701,5167,'11','2566','2',7,1,1,'ไม่มี','ปกติ','ไม่ผุ','40','149','','2567-03-19 08:57:06','','','','','','','3160600598253'),(702,5177,'12','2566','2',7,1,1,'ไม่มี','ปกติ','ไม่ผุ','28','155','','2567-03-19 08:57:14','','','','','','','3160600598253'),(703,5211,'13','2566','2',7,1,1,'ไม่มี','ปกติ','ไม่ผุ','25','139','','2567-03-19 08:57:23','','','','','','','3160600598253'),(704,2556,'14','2566','2',7,1,1,'ไม่มี','ปกติ','ไม่ผุ','40','140','','2567-03-19 08:57:32','','','','','','','3160600598253'),(705,5064,'1','2566','2',7,1,2,'ไม่มี','ปกติ','ไม่ผุ','31','150','','2567-03-19 08:57:58','','','','','','','3160600598253'),(706,5065,'2','2566','2',7,1,2,'ไม่มี','ปกติ','ไม่ผุ','46','140','','2567-03-19 08:58:05','','','','','','','3160600598253'),(707,5069,'3','2566','2',7,1,2,'ไม่มี','ปกติ','ไม่ผุ','45','141','','2567-03-19 08:58:16','','','','','','','3160600598253'),(708,5071,'4','2566','2',7,1,2,'ไม่มี','ปกติ','ไม่ผุ','41','135','','2567-03-19 08:58:25','','','','','','','3160600598253'),(709,5078,'5','2566','2',7,1,2,'ไม่มี','ปกติ','ไม่ผุ','21','131','','2567-03-19 08:58:38','','','','','','','3160600598253'),(710,5082,'6','2566','2',7,1,2,'ไม่มี','ปกติ','ไม่ผุ','36','143','','2567-03-19 08:58:48','','','','','','','3160600598253'),(711,5104,'7','2566','2',7,1,2,'ไม่มี','ปกติ','ไม่ผุ','28','134','','2567-03-19 08:58:57','','','','','','','3160600598253'),(712,5106,'8','2566','2',7,1,2,'ไม่มี','ปกติ','ไม่ผุ','36','140','','2567-03-19 08:59:07','','','','','','','3160600598253'),(713,5144,'9','2566','2',7,1,2,'ไม่มี','ปกติ','ไม่ผุ','32','147','','2567-03-19 08:59:17','','','','','','','3160600598253'),(714,5163,'10','2566','2',7,1,2,'ไม่มี','ปกติ','ไม่ผุ','55','142','','2567-03-19 08:59:25','','','','','','','3160600598253'),(715,5167,'11','2566','2',7,1,2,'ไม่มี','ปกติ','ไม่ผุ','40','154','','2567-03-19 08:59:37','','','','','','','3160600598253'),(716,5177,'12','2566','2',7,1,2,'ไม่มี','ปกติ','ไม่ผุ','28','155','','2567-03-19 08:59:47','','','','','','','3160600598253'),(717,5211,'13','2566','2',7,1,2,'ไม่มี','ปกติ','ไม่ผุ','30','145','','2567-03-19 08:59:56','','','','','','','3160600598253'),(718,2556,'14','2566','2',7,1,2,'ไม่มี','ปกติ','ไม่ผุ','39','147','','2567-03-19 09:00:07','','','','','','','3160600598253'),(719,5006,'1','2566','2',9,1,1,'ไม่มี','ปกติ','ไม่ผุ','42','165','','2567-03-20 08:34:18','','','','','','','3340900360196'),(720,5007,'2','2566','2',9,1,1,'ไม่มี','ปกติ','ไม่ผุ','47','165','','2567-03-20 08:49:35','','','','','','','3340900360196'),(721,5008,'3','2566','2',9,1,1,'ไม่มี','ปกติ','ไม่ผุ','42','162','','2567-03-20 08:47:16','','','','','','','3340900360196'),(722,5011,'4','2566','2',9,1,1,'ไม่มี','ปกติ','ไม่ผุ','43','155','','2567-03-20 08:35:52','','','','','','','3340900360196'),(723,5013,'5','2566','2',9,1,1,'ไม่มี','ปกติ','ไม่ผุ','59','162','','2567-03-20 08:36:57','','','','','','','3340900360196'),(724,5015,'6','2566','2',9,1,1,'ไม่มี','ปกติ','ไม่ผุ','36','155','','2567-03-20 08:38:42','','','','','','','3340900360196'),(725,5019,'7','2566','2',9,1,1,'ไม่มี','ปกติ','ไม่ผุ','55','165','','2567-03-20 08:41:06','','','','','','','3340900360196'),(726,5026,'8','2566','2',9,1,1,'ไม่มี','ปกติ','ไม่ผุ','36','152','','2567-03-20 08:47:45','','','','','','','3340900360196'),(727,5028,'9','2566','2',9,1,1,'ไม่มี','ปกติ','ไม่ผุ','40','151','','2567-03-20 08:53:09','','','','','','','3340900360196'),(728,5118,'10','2566','2',9,1,1,'ไม่มี','ปกติ','ไม่ผุ','36','146','','2567-03-20 08:49:54','','','','','','','3340900360196'),(729,5119,'11','2566','2',9,1,1,'ไม่มี','ปกติ','ไม่ผุ','36','155','','2567-03-20 08:52:13','','','','','','','3340900360196'),(730,5121,'12','2566','2',9,1,1,'ไม่มี','ปกติ','ไม่ผุ','30','140','','2567-03-20 08:58:25','','','','','','','3340900360196'),(731,5213,'1','2566','2',2,1,2,'ไม่มี','ปกติ','ไม่ผุ','20','106','','2567-03-20 10:19:47','','','','','','','3341501466382'),(732,5215,'2','2566','2',2,1,2,'ไม่มี','ปกติ','ไม่ผุ','14','104','','2567-03-20 10:20:36','','','','','','','3341501466382'),(733,5216,'3','2566','2',2,1,2,'ไม่มี','ปกติ','ไม่ผุ','16','107','','2567-03-20 10:20:50','','','','','','','3341501466382'),(734,5240,'4','2566','2',2,1,2,'ไม่มี','ปกติ','ไม่ผุ','20','115','','2567-03-20 10:21:02','','','','','','','3341501466382'),(735,5233,'5','2566','2',2,1,2,'ไม่มี','ปกติ','ไม่ผุ','17','111','','2567-03-20 10:21:13','','','','','','','3341501466382'),(736,5243,'6','2566','2',2,1,2,'ไม่มี','ปกติ','ไม่ผุ','26','116','','2567-03-20 10:21:53','','','','','','','3341501466382'),(737,5218,'7','2566','2',2,1,2,'ไม่มี','ปกติ','ไม่ผุ','15','102','','2567-03-20 10:22:05','','','','','','','3341501466382'),(738,5220,'8','2566','2',2,1,2,'ไม่มี','ปกติ','ไม่ผุ','20','107','','2567-03-20 10:22:15','','','','','','','3341501466382'),(739,5221,'9','2566','2',2,1,2,'ไม่มี','ปกติ','ไม่ผุ','15','107','','2567-03-20 10:22:22','','','','','','','3341501466382'),(740,5234,'10','2566','2',2,1,2,'ไม่มี','ปกติ','ไม่ผุ','16','109','','2567-03-20 10:22:31','','','','','','','3341501466382'),(741,5242,'11','2566','2',2,1,2,'ไม่มี','ปกติ','ไม่ผุ','17','109','','2567-03-20 10:22:39','','','','','','','3341501466382'),(742,5259,'12','2566','2',2,1,2,'ไม่มี','ปกติ','ไม่ผุ','19','111','','2567-03-20 10:22:47','','','','','','','3341501466382'),(743,20001,'13','2566','2',2,1,2,'ไม่มี','ปกติ','ไม่ผุ','20','110','','2567-03-20 10:23:15','','','','','','','3341501466382'),(744,5213,'1','2566','2',2,1,1,'ไม่มี','ปกติ','ไม่ผุ','22','108','','2567-03-20 10:26:15','','','','','','','3341501466382'),(745,5215,'2','2566','2',2,1,1,'ไม่มี','ปกติ','ไม่ผุ','15','105','','2567-03-20 10:26:29','','','','','','','3341501466382'),(746,5216,'3','2566','2',2,1,1,'ไม่มี','ปกติ','ไม่ผุ','17','108','','2567-03-20 10:26:44','','','','','','','3341501466382'),(747,5240,'4','2566','2',2,1,1,'ไม่มี','ปกติ','ไม่ผุ','20','115','','2567-03-20 10:24:46','','','','','','','3341501466382'),(748,5233,'5','2566','2',2,1,1,'ไม่มี','ปกติ','ไม่ผุ','18','113','','2567-03-20 10:27:03','','','','','','','3341501466382'),(749,5243,'6','2566','2',2,1,1,'ไม่มี','ปกติ','ไม่ผุ','27','117','','2567-03-20 10:27:24','','','','','','','3341501466382'),(750,5218,'7','2566','2',2,1,1,'ไม่มี','ปกติ','ไม่ผุ','16','103','','2567-03-20 10:27:45','','','','','','','3341501466382'),(751,5220,'8','2566','2',2,1,1,'ไม่มี','ปกติ','ไม่ผุ','20','109','','2567-03-20 10:27:55','','','','','','','3341501466382'),(752,5221,'9','2566','2',2,1,1,'ไม่มี','ปกติ','ไม่ผุ','15','108','','2567-03-20 10:28:09','','','','','','','3341501466382'),(753,5234,'10','2566','2',2,1,1,'ไม่มี','ปกติ','ไม่ผุ','16','110','','2567-03-20 10:28:24','','','','','','','3341501466382'),(754,5242,'11','2566','2',2,1,1,'ไม่มี','ปกติ','ไม่ผุ','17','109','','2567-03-20 10:25:41','','','','','','','3341501466382'),(755,5259,'12','2566','2',2,1,1,'ไม่มี','ปกติ','ไม่ผุ','19','111','','2567-03-20 10:25:47','','','','','','','3341501466382'),(756,20001,'13','2566','2',2,1,1,'ไม่มี','ปกติ','ไม่ผุ','20','110','','2567-03-20 10:25:56','','','','','','','3341501466382'),(757,5040,'1','2566','2',8,1,2,'ไม่มี','ปกติ','ไม่ผุ','31','145','','2567-03-20 10:33:40','','','','','','','3341601116871'),(758,5042,'2','2566','2',8,1,2,'ไม่มี','ปกติ','ไม่ผุ','37','145','','2567-03-20 10:34:00','','','','','','','3341601116871'),(759,5043,'3','2566','2',8,1,2,'ไม่มี','ปกติ','ไม่ผุ','47','157','','2567-03-20 10:34:12','','','','','','','3341601116871'),(760,5044,'4','2566','2',8,1,2,'ไม่มี','ปกติ','ไม่ผุ','22','130','','2567-03-20 10:34:27','','','','','','','3341601116871'),(761,5045,'5','2566','2',8,1,2,'ไม่มี','ปกติ','ไม่ผุ','66','150','','2567-03-20 10:34:43','','','','','','','3341601116871'),(762,5046,'6','2566','2',8,1,2,'ไม่มี','ปกติ','ไม่ผุ','41','145','','2567-03-20 10:34:59','','','','','','','3341601116871'),(763,5048,'7','2566','2',8,1,2,'ไม่มี','ปกติ','ไม่ผุ','47','155','','2567-03-20 10:35:15','','','','','','','3341601116871'),(764,5049,'8','2566','2',8,1,2,'ไม่มี','ปกติ','ไม่ผุ','29','141','','2567-03-20 10:35:30','','','','','','','3341601116871'),(765,5050,'9','2566','2',8,1,2,'ไม่มี','ปกติ','ไม่ผุ','26','137','','2567-03-20 10:36:42','','','','','','','3341601116871'),(766,5051,'10','2566','2',8,1,2,'ไม่มี','ปกติ','ไม่ผุ','56','156','','2567-03-20 10:37:00','','','','','','','3341601116871'),(767,5052,'11','2566','2',8,1,2,'ไม่มี','ปกติ','ไม่ผุ','35','149','','2567-03-20 10:37:23','','','','','','','3341601116871'),(768,5053,'12','2566','2',8,1,2,'ไม่มี','ปกติ','ไม่ผุ','44','150','','2567-03-20 10:37:39','','','','','','','3341601116871'),(769,5054,'13','2566','2',8,1,2,'ไม่มี','ปกติ','ไม่ผุ','49','150','','2567-03-20 10:37:54','','','','','','','3341601116871'),(770,5056,'14','2566','2',8,1,2,'ไม่มี','ปกติ','ไม่ผุ','57','150','','2567-03-20 10:38:08','','','','','','','3341601116871'),(771,5062,'15','2566','2',8,1,2,'ไม่มี','ปกติ','ไม่ผุ','41','148','','2567-03-20 10:38:21','','','','','','','3341601116871'),(772,5090,'16','2566','2',8,1,2,'ไม่มี','ปกติ','ไม่ผุ','37','145','','2567-03-20 10:38:33','','','','','','','3341601116871'),(773,5147,'17','2566','2',8,1,2,'ไม่มี','ปกติ','ไม่ผุ','52','164','','2567-03-20 10:38:50','','','','','','','3341601116871'),(774,5174,'18','2566','2',8,1,2,'ไม่มี','ปกติ','ไม่ผุ','54','152','','2567-03-20 10:39:06','','','','','','','3341601116871'),(775,5231,'19','2566','2',8,1,2,'ไม่มี','ปกติ','ไม่ผุ','49','148','','2567-03-20 10:39:26','','','','','','','3341601116871'),(776,5153,'1','2566','2',4,1,2,'ไม่มี','ปกติ','ไม่ผุ','20','120','','2567-03-20 10:43:25','','','','','','','3260400194514'),(777,5154,'2','2566','2',4,1,2,'ไม่มี','ปกติ','ไม่ผุ','25','129','','2567-03-20 10:43:36','','','','','','','3260400194514'),(778,5156,'3','2566','2',4,1,2,'ไม่มี','ปกติ','ไม่ผุ','20','121','','2567-03-20 10:43:48','','','','','','','3260400194514'),(779,5158,'4','2566','2',4,1,2,'ไม่มี','ปกติ','ไม่ผุ','21','123','','2567-03-20 10:44:00','','','','','','','3260400194514'),(780,5159,'5','2566','2',4,1,2,'ไม่มี','ปกติ','ไม่ผุ','20','120','','2567-03-20 10:44:12','','','','','','','3260400194514'),(781,5175,'6','2566','2',4,1,2,'ไม่มี','ปกติ','ไม่ผุ','18','115','','2567-03-20 10:44:43','','','','','','','3260400194514'),(782,5201,'7','2566','2',4,1,2,'ไม่มี','ปกติ','ไม่ผุ','36','123','','2567-03-20 10:44:53','','','','','','','3260400194514'),(783,5202,'8','2566','2',4,1,2,'ไม่มี','ปกติ','ไม่ผุ','32','126','','2567-03-20 10:45:09','','','','','','','3260400194514'),(784,5224,'9','2566','2',4,1,2,'ไม่มี','ปกติ','ไม่ผุ','27','127','','2567-03-20 10:45:22','','','','','','','3260400194514'),(785,5225,'10','2566','2',4,1,2,'ไม่มี','ปกติ','ไม่ผุ','18','117','','2567-03-20 10:45:37','','','','','','','3260400194514'),(786,5226,'11','2566','2',4,1,2,'ไม่มี','ปกติ','ไม่ผุ','17','112','','2567-03-20 10:45:49','','','','','','','3260400194514'),(787,5258,'12','2566','2',4,1,2,'ไม่มี','ปกติ','ไม่ผุ','19','124','','2567-03-20 10:46:12','','','','','','','3260400194514'),(788,5245,'1','2566','2',1,1,1,'ไม่มี','ปกติ','ไม่ผุ','17','109','','2567-03-20 11:01:35','','','','','','','1349900286605'),(789,5246,'2','2566','2',1,1,1,'ไม่มี','ปกติ','ไม่ผุ','15','105','','2567-03-20 11:01:56','','','','','','','1349900286605'),(790,5247,'3','2566','2',1,1,1,'ไม่มี','ปกติ','ไม่ผุ','15','95','','2567-03-20 11:02:05','','','','','','','1349900286605'),(791,5248,'4','2566','2',1,1,1,'ไม่มี','ปกติ','ไม่ผุ','15','95','','2567-03-20 11:02:19','','','','','','','1349900286605'),(792,5249,'5','2566','2',1,1,1,'ไม่มี','ปกติ','ไม่ผุ','14','95','','2567-03-20 11:02:29','','','','','','','1349900286605'),(793,5250,'6','2566','2',1,1,1,'ไม่มี','ปกติ','ไม่ผุ','24','102','','2567-03-20 11:02:47','','','','','','','1349900286605'),(794,5251,'7','2566','2',1,1,1,'ไม่มี','ปกติ','ไม่ผุ','15','92','','2567-03-20 11:03:00','','','','','','','1349900286605'),(795,5252,'8','2566','2',1,1,1,'ไม่มี','ปกติ','ไม่ผุ','15','97','','2567-03-20 11:03:15','','','','','','','1349900286605'),(796,5253,'9','2566','2',1,1,1,'ไม่มี','ปกติ','ไม่ผุ','15','95','','2567-03-20 11:03:25','','','','','','','1349900286605'),(797,5254,'10','2566','2',1,1,1,'ไม่มี','ปกติ','ไม่ผุ','15','97','','2567-03-20 11:03:40','','','','','','','1349900286605'),(798,5255,'11','2566','2',1,1,1,'ไม่มี','ปกติ','ไม่ผุ','15','98','','2567-03-20 11:03:52','','','','','','','1349900286605'),(799,5260,'12','2566','2',1,1,1,'ไม่มี','ปกติ','ไม่ผุ','14','94','','2567-03-20 11:04:05','','','','','','','1349900286605'),(800,2147483,'13','2566','2',1,1,1,'ไม่มี','ปกติ','ไม่ผุ','16','109','','2567-03-20 11:04:19','','','','','','','1349900286605'),(801,5245,'1','2566','2',1,1,2,'ไม่มี','ปกติ','ไม่ผุ','18','111','','2567-03-20 11:04:38','','','','','','','1349900286605'),(802,5246,'2','2566','2',1,1,2,'ไม่มี','ปกติ','ไม่ผุ','16','107','','2567-03-20 11:04:52','','','','','','','1349900286605'),(803,5247,'3','2566','2',1,1,2,'ไม่มี','ปกติ','ไม่ผุ','16','97','','2567-03-20 11:05:04','','','','','','','1349900286605'),(804,5248,'4','2566','2',1,1,2,'ไม่มี','ปกติ','ไม่ผุ','16','95','','2567-03-20 11:05:17','','','','','','','1349900286605'),(805,5249,'5','2566','2',1,1,2,'ไม่มี','ปกติ','ไม่ผุ','15','94','','2567-03-20 11:05:27','','','','','','','1349900286605'),(806,5250,'6','2566','2',1,1,2,'ไม่มี','ปกติ','ไม่ผุ','26','105','','2567-03-20 11:05:43','','','','','','','1349900286605'),(807,5251,'7','2566','2',1,1,2,'ไม่มี','ปกติ','ไม่ผุ','15','94','','2567-03-20 11:06:03','','','','','','','1349900286605'),(808,5252,'8','2566','2',1,1,2,'ไม่มี','ปกติ','ไม่ผุ','16','98','','2567-03-20 11:06:16','','','','','','','1349900286605'),(809,5253,'9','2566','2',1,1,2,'ไม่มี','ปกติ','ไม่ผุ','17','98','','2567-03-20 11:06:28','','','','','','','1349900286605'),(810,5254,'10','2566','2',1,1,2,'ไม่มี','ปกติ','ไม่ผุ','16','95','','2567-03-20 11:06:41','','','','','','','1349900286605'),(811,5255,'11','2566','2',1,1,2,'ไม่มี','ปกติ','ไม่ผุ','17','100','','2567-03-20 11:06:55','','','','','','','1349900286605'),(812,5260,'12','2566','2',1,1,2,'ไม่มี','ปกติ','ไม่ผุ','16','95','','2567-03-20 11:07:07','','','','','','','1349900286605'),(813,2147483,'13','2566','2',1,1,2,'ไม่มี','ปกติ','ไม่ผุ','17','111','','2567-03-20 11:07:18','','','','','','','1349900286605'),(814,5153,'1','2566','2',4,1,1,'ไม่มี','ปกติ','ไม่ผุ','19.0','119.0','','2567-03-20 02:14:18','','','','','','','1349900463019'),(815,5154,'2','2566','2',4,1,1,'ไม่มี','ปกติ','ไม่ผุ','22.0','127.0','','2567-03-20 02:14:55','','','','','','','1349900463019'),(816,5156,'3','2566','2',4,1,1,'ไม่มี','ปกติ','ไม่ผุ','19.0','119.0','','2567-03-20 02:18:52','','','','','','','1349900463019'),(817,5158,'4','2566','2',4,1,1,'ไม่มี','ปกติ','ไม่ผุ','22.0','121.0','','2567-03-20 02:19:17','','','','','','','1349900463019'),(818,5159,'5','2566','2',4,1,1,'ไม่มี','ปกติ','ไม่ผุ','19.0','119.0','','2567-03-20 02:19:33','','','','','','','1349900463019'),(819,5175,'6','2566','2',4,1,1,'ไม่มี','ปกติ','ไม่ผุ','19.0','115.0','','2567-03-20 02:20:00','','','','','','','1349900463019'),(820,5201,'7','2566','2',4,1,1,'ไม่มี','ปกติ','ไม่ผุ','34.0','119.0','','2567-03-20 02:20:33','','','','','','','1349900463019'),(821,5125,'1','2566','2',5,1,1,'ไม่มี','ปกติ','ไม่ผุ','29','129','','2567-03-20 02:25:43','','','','','','','3450800358661'),(822,5126,'2','2566','2',5,1,1,'ไม่มี','ปกติ','ไม่ผุ','52','148','','2567-03-20 02:25:55','','','','','','','3450800358661'),(823,5127,'3','2566','2',5,1,1,'ไม่มี','ปกติ','ไม่ผุ','52','129','','2567-03-20 02:26:04','','','','','','','3450800358661'),(824,5128,'4','2566','2',5,1,1,'ไม่มี','ปกติ','ไม่ผุ','29','126','','2567-03-20 02:26:13','','','','','','','3450800358661'),(825,5129,'5','2566','2',5,1,1,'ไม่มี','ปกติ','ไม่ผุ','23','126','','2567-03-20 02:26:22','','','','','','','3450800358661'),(826,5131,'6','2566','2',5,1,1,'ไม่มี','ปกติ','ไม่ผุ','23','123','','2567-03-20 02:26:32','','','','','','','3450800358661'),(827,5132,'7','2566','2',5,1,1,'ไม่มี','ปกติ','ไม่ผุ','31','133','','2567-03-20 02:26:41','','','','','','','3450800358661'),(828,5133,'8','2566','2',5,1,1,'ไม่มี','ปกติ','ไม่ผุ','24','127','','2567-03-20 02:26:52','','','','','','','3450800358661'),(829,5135,'9','2566','2',5,1,1,'ไม่มี','ปกติ','ไม่ผุ','24','132','','2567-03-20 02:27:02','','','','','','','3450800358661'),(830,5137,'10','2566','2',5,1,1,'ไม่มี','ปกติ','ไม่ผุ','21','126','','2567-03-20 02:27:11','','','','','','','3450800358661'),(831,5138,'11','2566','2',5,1,1,'ไม่มี','ปกติ','ไม่ผุ','30','133','','2567-03-20 02:27:21','','','','','','','3450800358661'),(832,5160,'12','2566','2',5,1,1,'ไม่มี','ปกติ','ไม่ผุ','23','127','','2567-03-20 02:27:31','','','','','','','3450800358661'),(833,5199,'13','2566','2',5,1,1,'ไม่มี','ปกติ','ไม่ผุ','37','136','','2567-03-20 02:27:48','','','','','','','3450800358661'),(834,5200,'14','2566','2',5,1,1,'ไม่มี','ปกติ','ไม่ผุ','25','134','','2567-03-20 02:27:57','','','','','','','3450800358661'),(835,5210,'15','2566','2',5,1,1,'ไม่มี','ปกติ','ไม่ผุ','28','126','','2567-03-20 02:28:04','','','','','','','3450800358661'),(836,5227,'16','2566','2',5,1,1,'ไม่มี','ปกติ','ไม่ผุ','73','147','','2567-03-20 02:28:17','','','','','','','3450800358661'),(837,5228,'17','2566','2',5,1,1,'ไม่มี','ปกติ','ไม่ผุ','21','128','','2567-03-20 02:28:32','','','','','','','3450800358661'),(838,5229,'18','2566','2',5,1,1,'ไม่มี','ปกติ','ไม่ผุ','23','121','','2567-03-20 02:28:43','','','','','','','3450800358661'),(839,5244,'19','2566','2',5,1,1,'ไม่มี','ปกติ','ไม่ผุ','39','135','','2567-03-20 02:28:52','','','','','','','3450800358661'),(840,5125,'1','2566','2',5,1,2,'ไม่มี','ปกติ','ไม่ผุ','29','130','','2567-03-20 02:30:23','','','','','','','3450800358661'),(841,5126,'2','2566','2',5,1,2,'ไม่มี','ปกติ','ไม่ผุ','52','149','','2567-03-20 02:30:35','','','','','','','3450800358661'),(842,5127,'3','2566','2',5,1,2,'ไม่มี','ปกติ','ไม่ผุ','52','130','','2567-03-20 02:30:42','','','','','','','3450800358661'),(843,5128,'4','2566','2',5,1,2,'ไม่มี','ปกติ','ไม่ผุ','29','127','','2567-03-20 02:30:50','','','','','','','3450800358661'),(844,5129,'5','2566','2',5,1,2,'ไม่มี','ปกติ','ไม่ผุ','23','127','','2567-03-20 02:30:58','','','','','','','3450800358661'),(845,5131,'6','2566','2',5,1,2,'ไม่มี','ปกติ','ไม่ผุ','23','124','','2567-03-20 02:31:07','','','','','','','3450800358661'),(846,5132,'7','2566','2',5,1,2,'ไม่มี','ปกติ','ไม่ผุ','32','134','','2567-03-20 02:31:17','','','','','','','3450800358661'),(847,5133,'8','2566','2',5,1,2,'ไม่มี','ปกติ','ไม่ผุ','24','128','','2567-03-20 02:31:29','','','','','','','3450800358661'),(848,5135,'9','2566','2',5,1,2,'ไม่มี','ปกติ','ไม่ผุ','25','133','','2567-03-20 02:31:37','','','','','','','3450800358661'),(849,5137,'10','2566','2',5,1,2,'ไม่มี','ปกติ','ไม่ผุ','22','127','','2567-03-20 02:31:45','','','','','','','3450800358661'),(850,5138,'11','2566','2',5,1,2,'ไม่มี','ปกติ','ไม่ผุ','30','134','','2567-03-20 02:31:52','','','','','','','3450800358661'),(851,5160,'12','2566','2',5,1,2,'ไม่มี','ปกติ','ไม่ผุ','24','127','','2567-03-20 02:32:00','','','','','','','3450800358661'),(852,5199,'13','2566','2',5,1,2,'ไม่มี','ปกติ','ไม่ผุ','37','137','','2567-03-20 02:32:08','','','','','','','3450800358661'),(853,5200,'14','2566','2',5,1,2,'ไม่มี','ปกติ','ไม่ผุ','25','135','','2567-03-20 02:32:16','','','','','','','3450800358661'),(854,5210,'15','2566','2',5,1,2,'ไม่มี','ปกติ','ไม่ผุ','28','127','','2567-03-20 02:32:24','','','','','','','3450800358661'),(855,5227,'16','2566','2',5,1,2,'ไม่มี','ปกติ','ไม่ผุ','74','148','','2567-03-20 02:32:40','','','','','','','3450800358661'),(856,5228,'17','2566','2',5,1,2,'ไม่มี','ปกติ','ไม่ผุ','22','128','','2567-03-20 02:32:47','','','','','','','3450800358661'),(857,5229,'18','2566','2',5,1,2,'ไม่มี','ปกติ','ไม่ผุ','23','122','','2567-03-20 02:32:55','','','','','','','3450800358661'),(858,5244,'19','2566','2',5,1,2,'ไม่มี','ปกติ','ไม่ผุ','40','135','','2567-03-20 02:33:04','','','','','','','3450800358661'),(859,5180,'1','2566','2',3,1,2,'ไม่มี','ปกติ','ไม่ผุ','18','110','','2567-03-20 09:19:30','','','','','','','3341901013504'),(860,5181,'2','2566','2',3,1,2,'ไม่มี','ปกติ','ไม่ผุ','19','115','','2567-03-20 09:19:45','','','','','','','3341901013504'),(861,5182,'3','2566','2',3,1,2,'ไม่มี','ปกติ','ไม่ผุ','23','114','','2567-03-20 09:19:59','','','','','','','3341901013504'),(862,5184,'4','2566','2',3,1,2,'ไม่มี','ปกติ','ไม่ผุ','18','115','','2567-03-20 09:20:12','','','','','','','3341901013504'),(863,5185,'5','2566','2',3,1,2,'ไม่มี','ปกติ','ไม่ผุ','17','115','','2567-03-20 09:20:22','','','','','','','3341901013504'),(864,5186,'6','2566','2',3,1,2,'ไม่มี','ปกติ','ไม่ผุ','30','127','','2567-03-20 09:20:35','','','','','','','3341901013504'),(865,5187,'7','2566','2',3,1,2,'ไม่มี','ปกติ','ไม่ผุ','16','115','','2567-03-20 09:20:49','','','','','','','3341901013504'),(866,5188,'8','2566','2',3,1,2,'ไม่มี','ปกติ','ไม่ผุ','16','115','','2567-03-20 09:21:03','','','','','','','3341901013504'),(867,5189,'9','2566','2',3,1,2,'ไม่มี','ปกติ','ไม่ผุ','17','108','','2567-03-20 09:21:18','','','','','','','3341901013504'),(868,5190,'10','2566','2',3,1,2,'ไม่มี','ปกติ','ไม่ผุ','16','115','','2567-03-20 09:21:35','','','','','','','3341901013504'),(869,5193,'11','2566','2',3,1,2,'ไม่มี','ปกติ','ไม่ผุ','23','118','','2567-03-20 09:21:48','','','','','','','3341901013504'),(870,5194,'12','2566','2',3,1,2,'ไม่มี','ปกติ','ไม่ผุ','16','105','','2567-03-20 09:22:01','','','','','','','3341901013504'),(871,5195,'13','2566','2',3,1,2,'ไม่มี','ปกติ','ไม่ผุ','20','116','','2567-03-20 09:22:12','','','','','','','3341901013504'),(872,5196,'14','2566','2',3,1,2,'ไม่มี','ปกติ','ไม่ผุ','14','105','','2567-03-20 09:22:23','','','','','','','3341901013504'),(873,5197,'15','2566','2',3,1,2,'ไม่มี','ปกติ','ไม่ผุ','17','115','','2567-03-20 09:22:35','','','','','','','3341901013504'),(874,5198,'16','2566','2',3,1,2,'ไม่มี','ปกติ','ไม่ผุ','15','100','','2567-03-20 09:22:53','','','','','','','3341901013504'),(875,5222,'17','2566','2',3,1,2,'ไม่มี','ปกติ','ไม่ผุ','30','118','','2567-03-20 09:23:20','','','','','','','3341901013504'),(876,5223,'18','2566','2',3,1,2,'ไม่มี','ปกติ','ไม่ผุ','18','115','','2567-03-20 09:23:33','','','','','','','3341901013504'),(877,5235,'19','2566','2',3,1,2,'ไม่มี','ปกติ','ไม่ผุ','21','113','','2567-03-20 09:23:46','','','','','','','3341901013504'),(878,0,'20','2566','2',3,1,2,'ไม่มี','ปกติ','ไม่ผุ','13','104','','2567-03-20 09:23:58','','','','','','','3341901013504'),(879,1,'21','2566','2',3,1,2,'ไม่มี','ปกติ','ไม่ผุ','21','115','','2567-03-20 09:24:14','','','','','','','3341901013504'),(880,5006,'1','2566','2',9,1,2,'ไม่มี','ปกติ','ไม่ผุ','42.0','165','','2567-03-29 02:56:43','','','','','','','3130400113825'),(881,5007,'2','2566','2',9,1,2,'ไม่มี','ปกติ','ไม่ผุ','47','165','','2567-03-29 02:56:55','','','','','','','3130400113825'),(882,5008,'3','2566','2',9,1,2,'ไม่มี','ปกติ','ไม่ผุ','42','162','','2567-03-29 02:57:10','','','','','','','3130400113825'),(883,5011,'4','2566','2',9,1,2,'ไม่มี','ปกติ','ไม่ผุ','43','155','','2567-03-29 03:02:21','','','','','','','3130400113825'),(884,5121,'12','2566','2',9,1,2,'ไม่มี','ปกติ','ไม่ผุ','30','140','','2567-03-29 03:02:33','','','','','','','3130400113825'),(885,5119,'11','2566','2',9,1,2,'ไม่มี','ปกติ','ไม่ผุ','36','155','','2567-03-29 03:02:45','','','','','','','3130400113825'),(886,5118,'10','2566','2',9,1,2,'ไม่มี','ปกติ','ไม่ผุ','36','146','','2567-03-29 03:02:54','','','','','','','3130400113825'),(887,5028,'9','2566','2',9,1,2,'ไม่มี','ปกติ','ไม่ผุ','40','151','','2567-03-29 03:03:06','','','','','','','3130400113825'),(888,5026,'8','2566','2',9,1,2,'ไม่มี','ปกติ','ไม่ผุ','36','152','','2567-03-29 03:03:14','','','','','','','3130400113825'),(889,5019,'7','2566','2',9,1,2,'ไม่มี','ปกติ','ไม่ผุ','55','165','','2567-03-29 03:03:26','','','','','','','3130400113825'),(890,5015,'6','2566','2',9,1,2,'ไม่มี','ปกติ','ไม่ผุ','36','152','','2567-03-29 03:03:41','','','','','','','3130400113825'),(891,5013,'5','2566','2',9,1,2,'ไม่มี','ปกติ','ไม่ผุ','55','165','','2567-03-29 03:03:54','','','','','','','3130400113825'),(892,5042,'2','2567','1',9,1,1,'ไม่มี','ปกติ','ไม่ผุ','36','142','','2567-06-07 11:32:13','','','','','','','3340900360196'),(893,5043,'3','2567','1',9,1,1,'ไม่มี','ปกติ','ไม่ผุ','43','164','','2567-06-07 11:32:27','','','','','','','3340900360196'),(894,5044,'4','2567','1',9,1,1,'ไม่มี','ปกติ','ไม่ผุ','24','135','','2567-06-07 11:32:50','','','','','','','3340900360196'),(895,5045,'5','2567','1',9,1,1,'ไม่มี','ปกติ','ไม่ผุ','66','156','','2567-06-07 11:33:06','','','','','','','3340900360196'),(896,5046,'6','2567','1',9,1,1,'ไม่มี','ปกติ','ไม่ผุ','41','147','','2567-06-07 11:33:24','','','','','','','3340900360196'),(897,5048,'7','2567','1',9,1,1,'ไม่มี','ปกติ','ไม่ผุ','47','156','','2567-06-07 11:33:37','','','','','','','3340900360196'),(898,5049,'8','2567','1',9,1,1,'ไม่มี','ปกติ','ไม่ผุ','29','145','','2567-06-07 11:33:49','','','','','','','3340900360196'),(899,5050,'9','2567','1',9,1,1,'ไม่มี','ปกติ','ไม่ผุ','25','141','','2567-06-07 11:34:02','','','','','','','3340900360196'),(900,5051,'10','2567','1',9,1,1,'ไม่มี','ปกติ','ไม่ผุ','56','158','','2567-06-07 11:35:45','','','','','','','3340900360196'),(901,5052,'11','2567','1',9,1,1,'ไม่มี','ปกติ','ไม่ผุ','41','147','','2567-06-07 11:35:58','','','','','','','3340900360196'),(902,5053,'12','2567','1',9,1,1,'ไม่มี','ปกติ','ไม่ผุ','42','152','','2567-06-07 11:36:16','','','','','','','3340900360196'),(903,5054,'13','2567','1',9,1,1,'ไม่มี','ปกติ','ไม่ผุ','49','156','','2567-06-07 11:36:34','','','','','','','3340900360196'),(904,5056,'14','2567','1',9,1,1,'ไม่มี','ปกติ','ไม่ผุ','56','155','','2567-06-07 11:36:46','','','','','','','3340900360196'),(905,5062,'15','2567','1',9,1,1,'ไม่มี','ปกติ','ไม่ผุ','37','150','','2567-06-07 11:36:59','','','','','','','3340900360196'),(906,5090,'16','2567','1',9,1,1,'ไม่มี','ปกติ','ไม่ผุ','40','146','','2567-06-07 11:37:13','','','','','','','3340900360196'),(907,5147,'17','2567','1',9,1,1,'ไม่มี','ปกติ','ไม่ผุ','50','171','','2567-06-07 11:37:31','','','','','','','3340900360196'),(908,5231,'19','2567','1',9,1,1,'ไม่มี','ปกติ','ไม่ผุ','45','140','','2567-06-07 11:37:45','','','','','','','3340900360196'),(909,5125,'1','2567','1',6,1,2,'ไม่มี','ปกติ','ไม่ผุ','60.60','132','','2567-10-07 03:11:50','','','','','','','3349800060121'),(910,5126,'2','2567','1',6,1,2,'ไม่มี','ปกติ','ไม่ผุ','52.65','152','','2567-10-07 03:11:59','','','','','','','3349800060121'),(911,5127,'3','2567','1',6,1,2,'ไม่มี','ปกติ','ไม่ผุ','55.70','131','','2567-10-07 03:12:08','','','','','','','3349800060121'),(912,5128,'4','2567','1',6,1,2,'ไม่มี','ปกติ','ไม่ผุ','30.00','130','','2567-10-07 03:12:15','','','','','','','3349800060121'),(913,5129,'5','2567','1',6,1,2,'ไม่มี','ปกติ','ไม่ผุ','23.00','127','','2567-10-07 03:12:28','','','','','','','3349800060121'),(914,5131,'6','2567','1',6,1,2,'ไม่มี','ปกติ','ไม่ผุ','22.60','125','','2567-10-07 03:12:41','','','','','','','3349800060121'),(915,5132,'7','2567','1',6,1,2,'ไม่มี','ปกติ','ไม่ผุ','35.15','134','','2567-10-07 03:13:10','','','','','','','3349800060121'),(916,5135,'9','2567','1',6,1,2,'ไม่มี','ปกติ','ไม่ผุ','24.35','134','','2567-10-07 03:13:27','','','','','','','3349800060121'),(917,5137,'10','2567','1',6,1,2,'ไม่มี','ปกติ','ไม่ผุ','23.00','132','','2567-10-07 03:13:36','','','','','','','3349800060121'),(918,5138,'11','2567','1',6,1,2,'ไม่มี','ปกติ','ไม่ผุ','33.30','135','','2567-10-07 03:13:53','','','','','','','3349800060121'),(919,5160,'12','2567','1',6,1,2,'ไม่มี','ปกติ','ไม่ผุ','24.30','130','','2567-10-07 03:14:08','','','','','','','3349800060121'),(920,5200,'13','2567','1',6,1,2,'ไม่มี','ปกติ','ไม่ผุ','23.00','134','','2567-10-07 03:14:26','','','','','','','3349800060121'),(921,5210,'14','2567','1',6,1,2,'ไม่มี','ปกติ','ไม่ผุ','30.00','130','','2567-10-07 03:14:41','','','','','','','3349800060121'),(922,5227,'15','2567','1',6,1,2,'ไม่มี','ปกติ','ไม่ผุ','78.35','148','','2567-10-07 03:14:55','','','','','','','3349800060121'),(923,5228,'16','2567','1',6,1,2,'ไม่มี','ปกติ','ไม่ผุ','22.60','130','','2567-10-07 03:15:04','','','','','','','3349800060121'),(924,5229,'17','2567','1',6,1,2,'ไม่มี','ปกติ','ไม่ผุ','22.60','122','','2567-10-07 03:15:16','','','','','','','3349800060121'),(925,5244,'18','2567','1',6,1,2,'ไม่มี','ปกติ','ไม่ผุ','41.45','138','','2567-10-07 03:15:25','','','','','','','3349800060121'),(926,5285,'19','2567','1',6,1,2,'ไม่มี','ปกติ','ไม่ผุ','19.55','122','','2567-10-07 03:15:33','','','','','','','3349800060121'),(927,5286,'20','2567','1',6,1,2,'ไม่มี','ปกติ','ไม่ผุ','22.30','129','','2567-10-07 03:15:40','','','','','','','3349800060121'),(928,5180,'1','2567','1',4,1,2,'ไม่มี','ปกติ','ไม่ผุ','20.00','120','','2567-10-11 11:43:01','','','','','','','1349900463019'),(929,5181,'2','2567','1',4,1,2,'ไม่มี','ปกติ','ไม่ผุ','23.15','122','','2567-10-11 11:43:12','','','','','','','1349900463019'),(930,5184,'3','2567','1',4,1,2,'ไม่มี','ปกติ','ไม่ผุ','24.15','124','','2567-10-11 11:43:25','','','','','','','1349900463019'),(931,5185,'4','2567','1',4,1,2,'ไม่มี','ปกติ','ไม่ผุ','20.00','123','','2567-10-11 11:43:35','','','','','','','1349900463019'),(932,5186,'5','2567','1',4,1,2,'ไม่มี','ปกติ','ไม่ผุ','44.10','136','','2567-10-11 11:43:47','','','','','','','1349900463019'),(933,5187,'6','2567','1',4,1,2,'ไม่มี','ปกติ','ไม่ผุ','19.00','123','','2567-10-11 11:44:00','','','','','','','1349900463019'),(934,5189,'7','2567','1',4,1,2,'ไม่มี','ปกติ','ไม่ผุ','19.60','117','','2567-10-11 11:44:14','','','','','','','1349900463019'),(935,5192,'8','2567','1',4,1,2,'ไม่มี','ปกติ','ไม่ผุ','24.10','125','','2567-10-11 11:44:24','','','','','','','1349900463019'),(936,5193,'9','2567','1',4,1,2,'ไม่มี','ปกติ','ไม่ผุ','24.65','124','','2567-10-11 11:44:36','','','','','','','1349900463019'),(937,5194,'10','2567','1',4,1,2,'ไม่มี','ปกติ','ไม่ผุ','18.40','114','','2567-10-11 11:44:50','','','','','','','1349900463019'),(938,5195,'11','2567','1',4,1,2,'ไม่มี','ปกติ','ไม่ผุ','22.05','123','','2567-10-11 11:45:02','','','','','','','1349900463019'),(939,5196,'12','2567','1',4,1,2,'ไม่มี','ปกติ','ไม่ผุ','16.70','113','','2567-10-11 11:45:15','','','','','','','1349900463019'),(940,5197,'13','2567','1',4,1,2,'ไม่มี','ปกติ','ไม่ผุ','18.20','121','','2567-10-11 11:45:25','','','','','','','1349900463019'),(941,5198,'14','2567','1',4,1,2,'ไม่มี','ปกติ','ไม่ผุ','16.15','107','','2567-10-11 11:45:38','','','','','','','1349900463019'),(942,5223,'15','2567','1',4,1,2,'ไม่มี','ปกติ','ไม่ผุ','19.60','121','','2567-10-11 11:45:48','','','','','','','1349900463019'),(943,5235,'16','2567','1',4,1,2,'ไม่มี','ปกติ','ไม่ผุ','27.00','123','','2567-10-11 11:45:58','','','','','','','1349900463019'),(944,5262,'17','2567','1',4,1,2,'ไม่มี','ปกติ','ไม่ผุ','23.10','122','','2567-10-11 11:46:11','','','','','','','1349900463019'),(945,5266,'18','2567','1',4,1,2,'ไม่มี','ปกติ','ไม่ผุ','13.70','110','','2567-10-11 11:46:23','','','','','','','1349900463019'),(946,5180,'1','2567','1',4,1,1,'ไม่มี','ปกติ','ไม่ผุ','19.00','119.0','','2567-10-11 12:03:20','','','','','','','1349900463019'),(947,5181,'2','2567','1',4,1,1,'ไม่มี','ปกติ','ไม่ผุ','23.00','123.00','','2567-10-11 12:02:24','','','','','','','1349900463019'),(948,5184,'3','2567','1',4,1,1,'ไม่มี','ปกติ','ไม่ผุ','23.00','124.00','','2567-10-11 12:01:51','','','','','','','1349900463019'),(949,5185,'4','2567','1',4,1,1,'ไม่มี','ปกติ','ไม่ผุ','19.00','123.00','','2567-10-11 12:03:14','','','','','','','1349900463019'),(950,5186,'5','2567','1',4,1,1,'ไม่มี','ปกติ','ไม่ผุ','42.00','136.00','','2567-10-11 12:03:31','','','','','','','1349900463019'),(951,5187,'6','2567','1',4,1,1,'ไม่มี','ปกติ','ไม่ผุ','18.00','123.00','','2567-10-11 12:03:45','','','','','','','1349900463019'),(952,5189,'7','2567','1',4,1,1,'ไม่มี','ปกติ','ไม่ผุ','18.00','116.00','','2567-10-11 12:11:01','','','','','','','1349900463019'),(953,5192,'8','2567','1',4,1,1,'ไม่มี','ปกติ','ไม่ผุ','23.00','123.00','','2567-10-11 12:37:43','','','','','','','1349900463019'),(954,5193,'9','2567','1',4,1,1,'ไม่มี','ปกติ','ไม่ผุ','25.00','122.00','','2567-10-11 12:37:54','','','','','','','1349900463019'),(955,5194,'10','2567','1',4,1,1,'ไม่มี','ปกติ','ไม่ผุ','17.00','112.00','','2567-10-11 12:38:06','','','','','','','1349900463019'),(956,5195,'11','2567','1',4,1,1,'ไม่มี','ปกติ','ไม่ผุ','21.00','122.00','','2567-10-11 12:38:18','','','','','','','1349900463019'),(957,5196,'12','2567','1',4,1,1,'ไม่มี','ปกติ','ไม่ผุ','14.00','112.00','','2567-10-11 12:38:29','','','','','','','1349900463019'),(958,5197,'13','2567','1',4,1,1,'ไม่มี','ปกติ','ไม่ผุ','17.00','120.00','','2567-10-11 12:38:44','','','','','','','1349900463019'),(959,5198,'14','2567','1',4,1,1,'ไม่มี','ปกติ','ไม่ผุ','13.00','110.00','','2567-10-11 12:38:55','','','','','','','1349900463019'),(960,5223,'15','2567','1',4,1,1,'ไม่มี','ปกติ','ไม่ผุ','19.00','120.00','','2567-10-11 12:59:45','','','','','','','1349900463019'),(961,5235,'16','2567','1',4,1,1,'ไม่มี','ปกติ','ไม่ผุ','26.00','123.00','','2567-10-11 12:59:57','','','','','','','1349900463019'),(962,5262,'17','2567','1',4,1,1,'ไม่มี','ปกติ','ไม่ผุ','22.00','123.00','','2567-10-11 01:00:10','','','','','','','1349900463019'),(963,5266,'18','2567','1',4,1,1,'ไม่มี','ปกติ','ไม่ผุ','13.00','109.00','','2567-10-11 01:00:21','','','','','','','1349900463019'),(964,5153,'1','2567','1',5,1,1,'ไม่มี','ปกติ','ไม่ผุ','20.00','121.00','','2567-10-23 12:40:27','','','','','','','1349900463019'),(965,5154,'2','2567','1',5,1,1,'ไม่มี','ปกติ','ไม่ผุ','26.00','130.00','','2567-10-23 12:40:42','','','','','','','1349900463019'),(966,5156,'3','2567','1',5,1,1,'ไม่มี','ปกติ','ไม่ผุ','20.00','122.00','','2567-10-23 12:41:02','','','','','','','1349900463019'),(967,5158,'4','2567','1',5,1,1,'ไม่มี','ปกติ','ไม่ผุ','22.00','123.00','','2567-10-23 12:41:24','','','','','','','1349900463019'),(968,5159,'5','2567','1',5,1,1,'ไม่มี','ปกติ','ไม่ผุ','21.00','122.00','','2567-10-23 12:41:40','','','','','','','1349900463019'),(969,5175,'6','2567','1',5,1,1,'ไม่มี','ปกติ','ไม่ผุ','19.00','120.00','','2567-10-23 12:41:53','','','','','','','1349900463019'),(970,5201,'7','2567','1',5,1,1,'ไม่มี','ปกติ','ไม่ผุ','40.00','126.00','','2567-10-23 12:42:08','','','','','','','1349900463019'),(971,5202,'8','2567','1',5,1,1,'ไม่มี','ปกติ','ไม่ผุ','32.00','126.00','','2567-10-23 12:42:25','','','','','','','1349900463019'),(972,5224,'9','2567','1',5,1,1,'ไม่มี','ปกติ','ไม่ผุ','29.00','130.00','','2567-10-23 12:42:38','','','','','','','1349900463019'),(973,5225,'10','2567','1',5,1,1,'ไม่มี','ปกติ','ไม่ผุ','18.00','120.00','','2567-10-23 12:42:50','','','','','','','1349900463019'),(974,5226,'11','2567','1',5,1,1,'ไม่มี','ปกติ','ไม่ผุ','16.00','112.00','','2567-10-23 12:43:03','','','','','','','1349900463019'),(975,5258,'12','2567','1',5,1,1,'ไม่มี','ปกติ','ไม่ผุ','18.00','126.00','','2567-10-23 12:43:14','','','','','','','1349900463019'),(976,5095,'1','2567','1',7,1,1,'ไม่มี','ปกติ','ไม่ผุ','51','150','','2567-10-23 09:12:49','','','','','','','3160600598253'),(977,5100,'2','2567','1',7,1,1,'ไม่มี','ปกติ','ไม่ผุ','23','131','','2567-10-23 09:13:12','','','','','','','3160600598253'),(978,5123,'3','2567','1',7,1,1,'ไม่มี','ปกติ','ไม่ผุ','25','130','','2567-10-23 09:13:31','','','','','','','3160600598253'),(979,5150,'4','2567','1',7,1,1,'ไม่มี','ปกติ','ไม่ผุ','43','145','','2567-10-23 09:13:52','','','','','','','3160600598253'),(980,5151,'5','2567','1',7,1,1,'ไม่มี','ปกติ','ไม่ผุ','60','150','','2567-10-23 09:14:07','','','','','','','3160600598253'),(981,5162,'6','2567','1',7,1,1,'ไม่มี','ปกติ','ไม่ผุ','17','110','','2567-10-23 09:14:19','','','','','','','3160600598253'),(982,5230,'7','2567','1',7,1,1,'ไม่มี','ปกติ','ไม่ผุ','25','130','','2567-10-23 09:14:30','','','','','','','3160600598253'),(983,5239,'8','2567','1',7,1,1,'ไม่มี','ปกติ','ไม่ผุ','19','125','','2567-10-23 09:14:41','','','','','','','3160600598253'),(984,5287,'9','2567','1',7,1,1,'ไม่มี','ปกติ','ไม่ผุ','41','130','','2567-10-23 09:15:07','','','','','','','3160600598253'),(985,5288,'10','2567','1',7,1,1,'ไม่มี','ปกติ','ไม่ผุ','31','140','','2567-10-23 09:15:20','','','','','','','3160600598253'),(986,5095,'1','2567','1',7,1,2,'ไม่มี','ปกติ','ไม่ผุ','55','153','','2567-10-23 09:16:19','','','','','','','3160600598253'),(987,5100,'2','2567','1',7,1,2,'ไม่มี','ปกติ','ไม่ผุ','25','138','','2567-10-23 09:16:32','','','','','','','3160600598253'),(988,5123,'3','2567','1',7,1,2,'ไม่มี','ปกติ','ไม่ผุ','25','133','','2567-10-23 09:16:43','','','','','','','3160600598253'),(989,5150,'4','2567','1',7,1,2,'ไม่มี','ปกติ','ไม่ผุ','45.5','150','','2567-10-23 09:17:04','','','','','','','3160600598253'),(990,5151,'5','2567','1',7,1,2,'ไม่มี','ปกติ','ไม่ผุ','67.5','150','','2567-10-23 09:17:19','','','','','','','3160600598253'),(991,5162,'6','2567','1',7,1,2,'ไม่มี','ปกติ','ไม่ผุ','15','110','','2567-10-23 09:17:30','','','','','','','3160600598253'),(992,5230,'7','2567','1',7,1,2,'ไม่มี','ปกติ','ไม่ผุ','25','134','','2567-10-23 09:17:49','','','','','','','3160600598253'),(993,5239,'8','2567','1',7,1,2,'ไม่มี','ปกติ','ไม่ผุ','19','126','','2567-10-23 09:18:05','','','','','','','3160600598253'),(994,5287,'9','2567','1',7,1,2,'ไม่มี','ปกติ','ไม่ผุ','47','133','','2567-10-23 09:18:20','','','','','','','3160600598253'),(995,5288,'10','2567','1',7,1,2,'ไม่มี','ปกติ','ไม่ผุ','32.5','142','','2567-10-23 09:18:34','','','','','','','3160600598253'),(996,5095,'1','2567','2',7,1,1,'ไม่มี','ปกติ','ไม่ผุ','51','150','','2568-03-26 10:24:38','','','','','','','3160600598253'),(997,5100,'2','2567','2',7,1,1,'ไม่มี','ปกติ','ไม่ผุ','23','131','','2568-03-26 10:25:01','','','','','','','3160600598253'),(998,5123,'3','2567','2',7,1,1,'ไม่มี','ปกติ','ไม่ผุ','25','130','','2568-03-26 10:25:09','','','','','','','3160600598253'),(999,5150,'4','2567','2',7,1,1,'ไม่มี','ปกติ','ไม่ผุ','43','145','','2568-03-26 10:25:17','','','','','','','3160600598253'),(1000,5151,'5','2567','2',7,1,1,'ไม่มี','ปกติ','ไม่ผุ','60','150','','2568-03-26 10:25:27','','','','','','','3160600598253'),(1001,5162,'6','2567','2',7,1,1,'ไม่มี','ปกติ','ไม่ผุ','17','110','','2568-03-26 10:25:39','','','','','','','3160600598253'),(1002,5230,'7','2567','2',7,1,1,'ไม่มี','ปกติ','ไม่ผุ','25','130','','2568-03-26 10:26:04','','','','','','','3160600598253'),(1003,5239,'8','2567','2',7,1,1,'ไม่มี','ปกติ','ไม่ผุ','19','125','','2568-03-26 10:26:14','','','','','','','3160600598253'),(1004,5095,'1','2567','2',7,1,2,'ไม่มี','ปกติ','ไม่ผุ','56','151','','2568-03-26 10:26:40','','','','','','','3160600598253'),(1005,5100,'2','2567','2',7,1,2,'ไม่มี','ปกติ','ไม่ผุ','26','143','','2568-03-26 10:26:48','','','','','','','3160600598253'),(1006,5123,'3','2567','2',7,1,2,'ไม่มี','ปกติ','ไม่ผุ','27','134','','2568-03-26 10:26:58','','','','','','','3160600598253'),(1007,5150,'4','2567','2',7,1,2,'ไม่มี','ปกติ','ไม่ผุ','45','147','','2568-03-26 10:27:08','','','','','','','3160600598253'),(1008,5151,'5','2567','2',7,1,2,'ไม่มี','ปกติ','ไม่ผุ','67','152','','2568-03-26 10:27:17','','','','','','','3160600598253'),(1009,5162,'6','2567','2',7,1,2,'ไม่มี','ปกติ','ไม่ผุ','18','112','','2568-03-26 10:27:28','','','','','','','3160600598253'),(1010,5230,'7','2567','2',7,1,2,'ไม่มี','ปกติ','ไม่ผุ','26','134','','2568-03-26 10:27:37','','','','','','','3160600598253'),(1011,5239,'8','2567','2',7,1,2,'ไม่มี','ปกติ','ไม่ผุ','20','129','','2568-03-26 10:27:45','','','','','','','3160600598253'),(1012,5287,'9','2567','2',7,1,2,'ไม่มี','ปกติ','ไม่ผุ','46','134','','2568-03-26 10:29:34','','','','','','','3160600598253'),(1013,5288,'10','2567','2',7,1,2,'ไม่มี','ปกติ','ไม่ผุ','32','142','','2568-03-26 10:29:43','','','','','','','3160600598253'),(1014,5287,'9','2567','2',7,1,1,'ไม่มี','ปกติ','ไม่ผุ','41','130','','2568-03-26 10:30:04','','','','','','','3160600598253'),(1015,5288,'10','2567','2',7,1,1,'ไม่มี','ปกติ','ไม่ผุ','31','140','','2568-03-26 10:30:15','','','','','','','3160600598253'),(1044,5153,'1','2567','2',5,1,1,'ไม่มี','ปกติ','ไม่ผุ','21','125','','2568-03-26 10:53:10','','','','','','','3350700217837'),(1017,5154,'2','2567','2',5,1,1,'ไม่มี','ปกติ','ไม่ผุ','27','135','','2568-03-26 10:42:54','','','','','','','3350700217837'),(1018,5156,'3','2567','2',5,1,1,'ไม่มี','ปกติ','ไม่ผุ','20','126','','2568-03-26 10:43:11','','','','','','','3350700217837'),(1019,5158,'4','2567','2',5,1,1,'ไม่มี','ปกติ','ไม่ผุ','23','125','','2568-03-26 10:43:22','','','','','','','3350700217837'),(1020,5159,'5','2567','2',5,1,1,'ไม่มี','ปกติ','ไม่ผุ','23','125','','2568-03-26 10:43:33','','','','','','','3350700217837'),(1021,5175,'6','2567','2',5,1,1,'ไม่มี','ปกติ','ไม่ผุ','21','121','','2568-03-26 10:43:43','','','','','','','3350700217837'),(1022,5201,'7','2567','2',5,1,1,'ไม่มี','ปกติ','ไม่ผุ','41','130','','2568-03-26 10:50:50','','','','','','','3350700217837'),(1023,5202,'8','2567','2',5,1,1,'ไม่มี','ปกติ','ไม่ผุ','36','132','','2568-03-26 10:51:09','','','','','','','3350700217837'),(1024,5224,'9','2567','2',5,1,1,'ไม่มี','ปกติ','ไม่ผุ','30','132','','2568-03-26 10:44:35','','','','','','','3350700217837'),(1025,5225,'10','2567','2',5,1,1,'ไม่มี','ปกติ','ไม่ผุ','20','122','','2568-03-26 10:44:49','','','','','','','3350700217837'),(1026,5226,'11','2567','2',5,1,1,'ไม่มี','ปกติ','ไม่ผุ','18','115','','2568-03-26 10:45:02','','','','','','','3350700217837'),(1027,5258,'12','2567','2',5,1,1,'ไม่มี','ปกติ','ไม่ผุ','20','130','','2568-03-26 10:45:16','','','','','','','3350700217837'),(1028,5292,'13','2567','2',5,1,1,'ไม่มี','ปกติ','ไม่ผุ','29','124','','2568-03-26 10:45:31','','','','','','','3350700217837'),(1045,5293,'14','2567','2',5,1,1,'ไม่มี','ปกติ','ไม่ผุ','34','131','','2568-03-26 10:51:56','','','','','','','3350700217837'),(1030,5153,'1','2567','2',5,1,2,'ไม่มี','ปกติ','ไม่ผุ','22','125','','2568-03-26 10:46:15','','','','','','','3350700217837'),(1031,5154,'2','2567','2',5,1,2,'ไม่มี','ปกติ','ไม่ผุ','27','135','','2568-03-26 10:46:24','','','','','','','3350700217837'),(1032,5156,'3','2567','2',5,1,2,'ไม่มี','ปกติ','ไม่ผุ','20','126','','2568-03-26 10:46:34','','','','','','','3350700217837'),(1033,5158,'4','2567','2',5,1,2,'ไม่มี','ปกติ','ไม่ผุ','23','125','','2568-03-26 10:46:48','','','','','','','3350700217837'),(1034,5159,'5','2567','2',5,1,2,'ไม่มี','ปกติ','ไม่ผุ','23','125','','2568-03-26 10:47:49','','','','','','','3350700217837'),(1035,5175,'6','2567','2',5,1,2,'ไม่มี','ปกติ','ไม่ผุ','21','121','','2568-03-26 10:48:04','','','','','','','3350700217837'),(1036,5201,'7','2567','2',5,1,2,'ไม่มี','ปกติ','ไม่ผุ','42','130','','2568-03-26 10:48:15','','','','','','','3350700217837'),(1037,5202,'8','2567','2',5,1,2,'ไม่มี','ปกติ','ไม่ผุ','37','132','','2568-03-26 10:48:27','','','','','','','3350700217837'),(1038,5224,'9','2567','2',5,1,2,'ไม่มี','ปกติ','ไม่ผุ','30','132','','2568-03-26 10:48:40','','','','','','','3350700217837'),(1039,5225,'10','2567','2',5,1,2,'ไม่มี','ปกติ','ไม่ผุ','20','122','','2568-03-26 10:48:53','','','','','','','3350700217837'),(1040,5226,'11','2567','2',5,1,2,'ไม่มี','ปกติ','ไม่ผุ','18','115','','2568-03-26 10:49:03','','','','','','','3350700217837'),(1041,5258,'12','2567','2',5,1,2,'ไม่มี','ปกติ','ไม่ผุ','20','130','','2568-03-26 10:49:12','','','','','','','3350700217837'),(1042,5292,'13','2567','2',5,1,2,'ไม่มี','ปกติ','ไม่ผุ','29','124','','2568-03-26 10:49:25','','','','','','','3350700217837'),(1043,5293,'14','2567','2',5,1,2,'ไม่มี','ปกติ','ไม่ผุ','35','131','','2568-03-26 10:49:42','','','','','','','3350700217837'),(1046,5095,'1','2568','1',8,1,2,'ไม่มี','ปกติ','ไม่ผุ','60','156','','2568-08-25 09:08:56','','','','','','','1349900463019'),(1047,5100,'2','2568','1',8,1,2,'ไม่มี','ปกติ','ไม่ผุ','30','146','','2568-08-25 09:09:04','','','','','','','1349900463019'),(1048,5123,'3','2568','1',8,1,2,'ไม่มี','ปกติ','ไม่ผุ','31','138','','2568-08-25 09:09:15','','','','','','','1349900463019'),(1049,5150,'4','2568','1',8,1,2,'ไม่มี','ปกติ','ไม่ผุ','51','152','','2568-08-25 09:09:24','','','','','','','1349900463019'),(1050,5151,'5','2568','1',8,1,2,'ไม่มี','ปกติ','ไม่ผุ','75','156','','2568-08-25 09:09:34','','','','','','','1349900463019'),(1051,5230,'6','2568','1',8,1,2,'ไม่มี','ปกติ','ไม่ผุ','26','135','','2568-08-25 09:09:43','','','','','','','1349900463019'),(1052,5239,'7','2568','1',8,1,2,'ไม่มี','ปกติ','ไม่ผุ','21','132','','2568-08-25 09:09:54','','','','','','','1349900463019'),(1053,5287,'8','2568','1',8,1,2,'ไม่มี','ปกติ','ไม่ผุ','53','137','','2568-08-25 09:10:04','','','','','','','1349900463019'),(1054,5288,'9','2568','1',8,1,2,'ไม่มี','ปกติ','ไม่ผุ','40','149','','2568-08-25 09:10:15','','','','','','','1349900463019');

--
-- Table structure for table `health_personal`
--

CREATE TABLE `health_personal` (
  `per_id` int(11) NOT NULL AUTO_INCREMENT,
  `personal_code` varchar(13) NOT NULL,
  `per_position` int(3) NOT NULL,
  `per_status` int(3) NOT NULL,
  `person_room` int(3) NOT NULL,
  PRIMARY KEY (`per_id`)
) ENGINE=MyISAM AUTO_INCREMENT=36 DEFAULT CHARSET=utf8 COLLATE=utf8_general_ci;

--
-- Dumping data for table `health_personal`
--

INSERT INTO `health_personal` VALUES (2,'3340900360196',9,1,1),(3,'1349900733580',4,1,1),(4,'3160600598253',7,1,1),(24,'3130400113825',1,1,1),(6,'3341901013504',3,1,1),(7,'3341901013504',1,1,1),(16,'3349800060121',4,1,1),(9,'3349800060121',5,1,1),(10,'3341601116871',8,1,1),(18,'3349800060121',7,1,1),(25,'3130400113825',2,1,1),(14,'3341901013504',2,1,1),(17,'3349800060121',6,1,1),(19,'3349800060121',8,1,1),(20,'3349800060121',9,1,1),(21,'3451000805345',9,1,1),(22,'1349900463019',5,1,1),(23,'3350700217837',5,1,1),(26,'3130400113825',3,1,1),(27,'3130400113825',4,1,1),(28,'3130400113825',5,1,1),(29,'3130400113825',6,1,1),(30,'3130400113825',7,1,1),(31,'1349900463019',8,1,1),(32,'3130400113825',9,1,1),(33,'3341501466382',3,1,1),(34,'1349900286605',2,1,1),(35,'1349900463019',4,1,1);

--
-- Table structure for table `health_weight_height`
--

CREATE TABLE `health_weight_height` (
  `id` int(11) NOT NULL AUTO_INCREMENT,
  `type` tinyint(4) NOT NULL DEFAULT 0,
  `sex` tinyint(4) NOT NULL DEFAULT 1,
  `height` int(11) NOT NULL,
  `weight_1` double NOT NULL,
  `weight_2` double NOT NULL,
  `weight_3` double NOT NULL,
  `weight_4` double NOT NULL,
  `weight_5` double NOT NULL,
  PRIMARY KEY (`id`)
) ENGINE=MyISAM AUTO_INCREMENT=75 DEFAULT CHARSET=utf8 COLLATE=utf8_general_ci;

--
-- Dumping data for table `health_weight_height`
--

INSERT INTO `health_weight_height` VALUES (1,0,1,50,2.5,3,3.8,4,4.5),(2,0,1,55,3.5,4,4.8,5,6),(3,0,1,60,4.5,5,6.3,6.5,7.5),(4,0,1,65,5.5,6,7.8,8,9),(5,0,1,70,7,7.5,9.3,9.5,10.5),(6,0,1,75,8,8.5,10.8,11,12),(7,0,1,80,9,9.5,12,12.5,13.5),(8,0,1,85,10,10.5,13.5,14,15.5),(9,0,1,90,11,11.5,15,15.5,17),(10,0,1,95,12,12.5,16.5,17,19),(11,0,1,100,13,14,18.5,19,21),(12,0,1,105,14,15,20,21,22.5),(13,0,1,110,15.5,16.5,22,23,25),(14,0,1,115,17,18,24,25,28),(15,0,1,120,18.5,19.5,26.5,28,31),(16,0,1,125,20.5,21.5,29.5,31,35),(17,0,1,130,22,23.5,33,35,39.5),(18,0,1,135,24,25.5,37,39,45),(19,0,1,140,26.5,28,41,44,50),(20,0,2,50,3,3.1,3.8,4,4.5),(21,0,2,55,3.5,4,4.8,5,6),(22,0,2,60,4.5,5,6.3,6.5,7),(23,0,2,65,5.5,6,7.8,8,8.5),(24,0,2,70,6.5,7.5,8.8,9,10),(25,0,2,75,7.5,8.5,10.8,10.5,11.5),(26,0,2,80,8.5,9,11.5,12.5,13),(27,0,2,85,9.5,10,13,13.5,14.5),(28,0,2,90,10.5,11.5,14.5,15.5,16.5),(29,0,2,95,11.5,13,16.5,17,18.5),(30,0,2,100,13,13.5,18,18.5,20.5),(31,0,2,110,15.5,16,22,23,25),(32,0,2,115,16.5,17.5,24,25,28),(33,0,2,120,18,19,27,28.5,31.5),(34,0,2,125,19.5,21.5,30,31.5,35.5),(35,0,2,130,21.5,23,34,36,41),(36,0,2,135,23.5,25,38,40.5,46),(37,0,2,140,25.5,27.5,42.5,45.5,55.5),(38,0,2,105,14,15,19.5,20.5,22.5),(39,1,1,90,11,11.5,15,16,17),(40,1,1,95,12,12.5,17,17.5,19),(41,1,1,100,13,14,18,19,21),(42,1,1,105,14.5,15,19.5,20.5,22.5),(43,1,1,110,16,16.6,21.5,22.5,24.5),(44,1,1,115,17,18,24,25,27.5),(45,1,1,120,19,19.5,26.5,28,30.5),(46,1,1,125,20,21,29,31,34),(47,1,1,130,22,23,33,35,39),(48,1,1,135,24.5,25.5,37,39.5,45),(49,1,1,140,26.5,28.5,41,44,50),(50,1,1,145,29,31,45,48,54.5),(51,1,1,150,32,34,49,52.5,58.5),(52,1,1,155,35,37,53,56.5,62.5),(53,1,1,160,38.5,41,57,60.5,66.5),(54,1,1,165,42.5,45,61.5,64.5,70),(55,1,1,170,46,48.5,65,68,74.5),(56,1,1,175,49.5,52.5,69,72,77),(57,1,1,180,53,56,72,75,80),(58,1,2,90,11,11.5,15,16,17),(59,1,2,95,12,12.5,16,17,18.5),(60,1,2,100,13,13.5,18,19,20.5),(61,1,2,105,14,15,19.5,20.5,22.5),(62,1,2,110,15.5,16,21.5,22.5,25),(63,1,2,115,17,17.5,24,25,27.5),(64,1,2,120,18.5,19,26.5,28,31),(65,1,2,125,20,21,30,32,36),(66,1,2,130,21.5,22.5,33.5,36,41),(67,1,2,135,23.5,25,38,41,46),(68,1,2,140,26,27.5,42.5,45.5,51.5),(69,1,2,145,29,31,47,50,56.5),(70,1,2,150,32.5,34.5,51.5,54.5,61),(71,1,2,155,36,38.5,55.5,58.5,65),(72,1,2,160,39.5,42,59,62,68),(73,1,2,165,43,45.5,62,65,70.5),(74,1,2,170,47,48.5,65.5,67.5,72.5);

--
-- Table structure for table `idplan_education`
--

CREATE TABLE `idplan_education` (
  `id` int(11) NOT NULL AUTO_INCREMENT,
  `person_id` varchar(15) DEFAULT NULL,
  `class` varchar(30) DEFAULT NULL,
  `initials` varchar(30) DEFAULT NULL,
  `subject_1` varchar(150) DEFAULT NULL,
  `subject` varchar(150) DEFAULT NULL,
  `institute` varchar(200) DEFAULT NULL,
  `province` varchar(50) DEFAULT NULL,
  `finish_year` varchar(10) DEFAULT NULL,
  PRIMARY KEY (`id`)
) ENGINE=MyISAM AUTO_INCREMENT=12 DEFAULT CHARSET=utf8 COLLATE=utf8_general_ci;

--
-- Dumping data for table `idplan_education`
--

INSERT INTO `idplan_education` VALUES (9,'3349800060121','ปริญญาโท','วท.ม.','','เทคโนโลยีสารสนเทศ','มหาวิทยาลัยอุบลราชธานี','อุบลราชธานี','2553'),(10,'3340900360196','วิทยาศาสตร์มหาบัณฑิต','วท.ม.','','วิทยาศาสตรศึกษา','มหาวิทยาลัยอุบลราชธานี','อุบลราชธานี','พ.ศ.2550'),(11,'1349900463019','ครุศาสตรบัณฑิต','ค.บ.','','ภาษาอังกฤษ','มหาวิทยาลัยราชภัฏอุบลราชธานี','อุบลราชธานี','2558');

--
-- Table structure for table `idplan_list_setting`
--

CREATE TABLE `idplan_list_setting` (
  `id` int(11) NOT NULL AUTO_INCREMENT,
  `rating` int(5) DEFAULT NULL,
  `item_list` char(50) DEFAULT NULL,
  `permission` int(2) DEFAULT NULL,
  PRIMARY KEY (`id`)
) ENGINE=MyISAM AUTO_INCREMENT=12 DEFAULT CHARSET=utf8 COLLATE=utf8_general_ci;

--
-- Dumping data for table `idplan_list_setting`
--


--
-- Table structure for table `idplan_lookbook_1`
--

CREATE TABLE `idplan_lookbook_1` (
  `id` int(11) NOT NULL AUTO_INCREMENT,
  `person_id` varchar(15) DEFAULT NULL,
  `study_year` varchar(5) DEFAULT NULL,
  `term` varchar(2) DEFAULT NULL,
  `office` varchar(200) DEFAULT NULL,
  `school_name` varchar(250) DEFAULT NULL,
  `class` varchar(5) DEFAULT NULL,
  `subject_1` varchar(3) DEFAULT NULL,
  `subject_2` varchar(150) DEFAULT NULL,
  `house` int(3) DEFAULT NULL,
  PRIMARY KEY (`id`)
) ENGINE=MyISAM AUTO_INCREMENT=28 DEFAULT CHARSET=utf8 COLLATE=utf8_general_ci;

--
-- Dumping data for table `idplan_lookbook_1`
--

INSERT INTO `idplan_lookbook_1` VALUES (19,'3349800060121','2562','1','สำนักงานเขตพื้นที่การศึกษาประถมศึกษาอุบลราชธานี เขต 4','โรงเรียนอนุบาลวารินชำราบ','5','1',' ภาษาไทย ,วิทยาการคำนวณ',6),(20,'3349800060121','2562','1','สำนักงานเขตพื้นที่การศึกษาประถมศึกษาอุบลราชธานี เขต 4','โรงเรียนอนุบาลวารินชำราบ','6','7','เทคโนโลยี',2),(21,'3349800060121','2562','1','สำนักงานเขตพื้นที่การศึกษาประถมศึกษาอุบลราชธานี เขต 4','โรงเรียนอนุบาลวารินชำราบ','7','3','วิทยาการคำนวณ,คอมพิวเตอร์เพิ่มเติม',2),(22,'3349800060121','2562','1','สำนักงานเขตพื้นที่การศึกษาประถมศึกษาอุบลราชธานี เขต 4','โรงเรียนอนุบาลวารินชำราบ','8','3','วิทยาการคำนวณ,คอมพิวเตอร์เพิ่มเติม',2),(23,'3349800060121','2562','1','สำนักงานเขตพื้นที่การศึกษาประถมศึกษาอุบลราชธานี เขต 4','โรงเรียนอนุบาลวารินชำราบ','9','7','เทคโนโลยี,คอมพิวเตอร์เพิ่มเติม',2),(24,'3349800060121','2562','1','สำนักงานเขตพื้นที่การศึกษาประถมศึกษาอุบลราชธานี เขต 4','โรงเรียนอนุบาลวารินชำราบ','4','3','วิทยาการคำนวณ',2),(25,'3349800060121','2562','1','สำนักงานเขตพื้นที่การศึกษาประถมศึกษาอุบลราชธานี เขต 4','โรงเรียนอนุบาลวารินชำราบ','5','4','สังคมศึกษา , ต้านทุจริต',2),(26,'3349800060121','','','','','5','','',0),(27,'3349800060121','','','','','6','','',0);

--
-- Table structure for table `idplan_lookbook_2`
--

CREATE TABLE `idplan_lookbook_2` (
  `id` int(11) NOT NULL AUTO_INCREMENT,
  `person_id` varchar(15) DEFAULT NULL,
  `year` varchar(5) DEFAULT NULL,
  `term` varchar(1) DEFAULT NULL,
  `week` varchar(3) DEFAULT NULL,
  `start_date` date DEFAULT NULL,
  `end_date` date DEFAULT NULL,
  `group_vicha_id` varchar(2) DEFAULT NULL,
  `vicha_name` varchar(200) DEFAULT NULL,
  `vicha_code` varchar(10) DEFAULT NULL,
  `vitaya` varchar(2) DEFAULT NULL,
  `hour_term` varchar(5) DEFAULT NULL,
  `time` varchar(5) DEFAULT NULL,
  `time_unit` varchar(25) DEFAULT NULL,
  `learn_type` varchar(2) DEFAULT NULL,
  `garantee` varchar(2) DEFAULT NULL,
  PRIMARY KEY (`id`)
) ENGINE=MyISAM AUTO_INCREMENT=21 DEFAULT CHARSET=utf8 COLLATE=utf8_general_ci;

--
-- Dumping data for table `idplan_lookbook_2`
--

INSERT INTO `idplan_lookbook_2` VALUES (20,'3349800060121','2562','1','1','2019-05-15','0000-00-00','','วิทยาศาสตร์ (วิทยาการคำนวณ)','','เล','','','เลือก','เล','เล');

--
-- Table structure for table `idplan_lookbook_3`
--

CREATE TABLE `idplan_lookbook_3` (
  `id` int(11) NOT NULL AUTO_INCREMENT,
  `person_id` varchar(15) DEFAULT NULL,
  `year` varchar(5) DEFAULT NULL,
  `term` varchar(1) DEFAULT NULL,
  `week` varchar(3) DEFAULT NULL,
  `start_date` date DEFAULT NULL,
  `end_date` date DEFAULT NULL,
  `vicha_support` varchar(200) DEFAULT NULL,
  `hour_week` varchar(5) DEFAULT NULL,
  `garantee` varchar(2) DEFAULT NULL,
  PRIMARY KEY (`id`)
) ENGINE=MyISAM AUTO_INCREMENT=23 DEFAULT CHARSET=utf8 COLLATE=utf8_general_ci;

--
-- Dumping data for table `idplan_lookbook_3`
--

INSERT INTO `idplan_lookbook_3` VALUES (22,'3349800060121','2562','1','1','2019-05-15','0000-00-00','','','เล');

--
-- Table structure for table `idplan_lookbook_4`
--

CREATE TABLE `idplan_lookbook_4` (
  `id` int(11) NOT NULL AUTO_INCREMENT,
  `person_id` varchar(15) DEFAULT NULL,
  `year` varchar(5) DEFAULT NULL,
  `term` varchar(1) DEFAULT NULL,
  `week` varchar(3) DEFAULT NULL,
  `start_date` date DEFAULT NULL,
  `end_date` date DEFAULT NULL,
  `policy` varchar(255) DEFAULT NULL,
  `hour_week` varchar(5) DEFAULT NULL,
  `garantee` varchar(2) DEFAULT NULL,
  PRIMARY KEY (`id`)
) ENGINE=MyISAM AUTO_INCREMENT=24 DEFAULT CHARSET=utf8 COLLATE=utf8_general_ci;

--
-- Dumping data for table `idplan_lookbook_4`
--


--
-- Table structure for table `idplan_lookbook_5`
--

CREATE TABLE `idplan_lookbook_5` (
  `id` int(11) NOT NULL AUTO_INCREMENT,
  `person_id` varchar(15) DEFAULT NULL,
  `rec_date` date DEFAULT NULL,
  `develop_name` varchar(255) DEFAULT NULL,
  `develop_code` varchar(15) DEFAULT NULL,
  `knowledge` varchar(10) DEFAULT NULL,
  `skill` varchar(10) DEFAULT NULL,
  `teacher` varchar(10) DEFAULT NULL,
  `develop_hour` varchar(5) DEFAULT NULL,
  `develop_start_date` date DEFAULT NULL,
  `num_date` int(5) DEFAULT NULL,
  `development` varchar(10) DEFAULT NULL,
  `garantee` varchar(2) DEFAULT NULL,
  PRIMARY KEY (`id`)
) ENGINE=MyISAM AUTO_INCREMENT=4 DEFAULT CHARSET=utf8 COLLATE=utf8_general_ci;

--
-- Dumping data for table `idplan_lookbook_5`
--


--
-- Table structure for table `idplan_lookbook_6`
--

CREATE TABLE `idplan_lookbook_6` (
  `id` int(11) NOT NULL AUTO_INCREMENT,
  `person_id` varchar(15) DEFAULT NULL,
  `group_activities` varchar(255) DEFAULT NULL,
  `num_member` int(5) DEFAULT NULL,
  `activities_name` varchar(255) DEFAULT NULL,
  `round` varchar(3) DEFAULT NULL,
  `date_activities` date DEFAULT NULL,
  `term` varchar(2) DEFAULT NULL,
  `year` varchar(5) DEFAULT NULL,
  `num_hour` varchar(5) DEFAULT NULL,
  `r_character` varchar(3) DEFAULT NULL,
  `income_activities` varchar(5) DEFAULT NULL,
  `issues` varchar(255) DEFAULT NULL,
  `cause` varchar(255) DEFAULT NULL,
  `knowledge` varchar(255) DEFAULT NULL,
  `activities` varchar(255) DEFAULT NULL,
  `r_activities` varchar(255) DEFAULT NULL,
  `reapply` varchar(255) DEFAULT NULL,
  `other` varchar(255) DEFAULT NULL,
  `garantee` varchar(2) DEFAULT NULL,
  PRIMARY KEY (`id`)
) ENGINE=MyISAM AUTO_INCREMENT=7 DEFAULT CHARSET=utf8 COLLATE=utf8_general_ci;

--
-- Dumping data for table `idplan_lookbook_6`
--

INSERT INTO `idplan_lookbook_6` VALUES (6,'3349800060121','โรงเรียนอนุบาลวารินชำราบ(ก่อวิทยาคาร)',8,'การแลกเปลี่ยนเรียนรู้การเขียนแผนการสอน AKITA MADEL','1','2019-06-14','1','2562','1','1','8','การเขียนแผนการสอน AKITA MADEL ของ 4 วิชาหลักได้แก่ ภาษาไทย วิทยาศาสตร์ คณิตศาสตร์ และภาษาอังกฤษ','ยังไม่เข้าใจในการเขียนรูปแบบแผนการสอนการเขียนแผนการสอน AKITA MADEL','นำความรู้  ความคิดเห็น การแนะนำ การแลกเปลี่ยนเรียนรู้การเขียนแผนการสอน AKITA MADEL ไปใช้ในการเขียนแผนการสอน AKITA MADEL','การศึกษาแบบฟอร์มการเขียนแผนการสอน AKITA MADEL  และรุปแบบการสอนจากสื่่อต่างๆ','ได้แนวทางการการเขียนแผนการสอน AKITA MADEL','ได้แผนการสอน AKITA MADEL เพื่อนำไปใช้ในการจัดการเรียนการสอน','-','1');

--
-- Table structure for table `idplan_lookbook_group_subject`
--

CREATE TABLE `idplan_lookbook_group_subject` (
  `id` int(11) NOT NULL AUTO_INCREMENT,
  `g_subject` varchar(255) DEFAULT NULL,
  PRIMARY KEY (`id`)
) ENGINE=MyISAM AUTO_INCREMENT=21 DEFAULT CHARSET=utf8 COLLATE=utf8_general_ci;

--
-- Dumping data for table `idplan_lookbook_group_subject`
--


--
-- Table structure for table `idplan_management_crown`
--

CREATE TABLE `idplan_management_crown` (
  `id` int(11) NOT NULL AUTO_INCREMENT,
  `crown_name_th` char(100) DEFAULT NULL,
  `crown_shot_name` char(10) DEFAULT NULL,
  `crown_name_en` char(150) DEFAULT NULL,
  PRIMARY KEY (`id`)
) ENGINE=MyISAM AUTO_INCREMENT=37 DEFAULT CHARSET=utf8 COLLATE=utf8_general_ci;

--
-- Dumping data for table `idplan_management_crown`
--


--
-- Table structure for table `idplan_management_crown_year`
--

CREATE TABLE `idplan_management_crown_year` (
  `id` int(11) NOT NULL AUTO_INCREMENT,
  `person_id` varchar(15) DEFAULT NULL,
  `crown_id` varchar(3) DEFAULT NULL,
  `crown_year` varchar(7) DEFAULT NULL,
  PRIMARY KEY (`id`)
) ENGINE=MyISAM AUTO_INCREMENT=6 DEFAULT CHARSET=utf8 COLLATE=utf8_general_ci;

--
-- Dumping data for table `idplan_management_crown_year`
--

INSERT INTO `idplan_management_crown_year` VALUES (5,'3349800060121','','2560');

--
-- Table structure for table `idplan_management_family`
--

CREATE TABLE `idplan_management_family` (
  `id` int(11) NOT NULL AUTO_INCREMENT,
  `person_id` varchar(15) DEFAULT NULL,
  `family_prename` varchar(20) DEFAULT NULL,
  `family_name` varchar(100) DEFAULT NULL,
  `family_surname` varchar(150) DEFAULT NULL,
  `birth_date` date DEFAULT NULL,
  `family_type` varchar(5) DEFAULT NULL,
  PRIMARY KEY (`id`)
) ENGINE=MyISAM AUTO_INCREMENT=16 DEFAULT CHARSET=utf8 COLLATE=utf8_general_ci;

--
-- Dumping data for table `idplan_management_family`
--

INSERT INTO `idplan_management_family` VALUES (9,'3349800060121','เด็กชาย','วุฒิภัทร','ทาคำรอด','2009-05-13','3'),(10,'3340900360196','นาย','พิสันต์','บรรทะโก','0000-00-00','1'),(11,'3340900360196','นาง','จันทร์','บรรทะโก','0000-00-00','2'),(12,'3340900360196','นาย','ปฏิพัทธิ์','ลาสา','1997-01-10','3'),(13,'3340900360196','นาย','ธนภัทร','ลาสา','2001-01-30','3'),(14,'1349900463019','นาง','รัตนพร','พิลึก','1961-07-17','2'),(15,'1349900463019','นาย','ธนวัฒน์','พิลึก','1959-06-07','1');

--
-- Table structure for table `idplan_management_marry`
--

CREATE TABLE `idplan_management_marry` (
  `person_id` varchar(15) NOT NULL,
  `m_type` varchar(5) DEFAULT NULL,
  `m_prename` varchar(10) DEFAULT NULL,
  `m_name` varchar(50) DEFAULT NULL,
  `m_surname` varchar(150) DEFAULT NULL,
  PRIMARY KEY (`person_id`)
) ENGINE=MyISAM DEFAULT CHARSET=utf8 COLLATE=utf8_general_ci;

--
-- Dumping data for table `idplan_management_marry`
--

INSERT INTO `idplan_management_marry` VALUES ('3341500255566','2','จ.สอสุปะวี','','กองนอก'),('3340900360196','2','นาย','วิรัตน์','ลาสา');

--
-- Table structure for table `idplan_management_member`
--

CREATE TABLE `idplan_management_member` (
  `id` int(11) NOT NULL AUTO_INCREMENT,
  `person_id` varchar(15) DEFAULT NULL,
  `member_name` varchar(255) DEFAULT NULL,
  `member_number` varchar(30) DEFAULT NULL,
  PRIMARY KEY (`id`)
) ENGINE=MyISAM AUTO_INCREMENT=4 DEFAULT CHARSET=utf8 COLLATE=utf8_general_ci;

--
-- Dumping data for table `idplan_management_member`
--


--
-- Table structure for table `idplan_management_portfolio`
--

CREATE TABLE `idplan_management_portfolio` (
  `id` int(11) NOT NULL AUTO_INCREMENT,
  `person_id` varchar(15) DEFAULT NULL,
  `topic` varchar(200) DEFAULT NULL,
  `date` date DEFAULT NULL,
  `address` varchar(255) DEFAULT NULL,
  `pic_upload` varchar(50) DEFAULT NULL,
  PRIMARY KEY (`id`)
) ENGINE=MyISAM AUTO_INCREMENT=16 DEFAULT CHARSET=utf8 COLLATE=utf8_general_ci;

--
-- Dumping data for table `idplan_management_portfolio`
--


--
-- Table structure for table `idplan_management_vitaya`
--

CREATE TABLE `idplan_management_vitaya` (
  `id` int(11) NOT NULL AUTO_INCREMENT,
  `person_id` varchar(15) DEFAULT NULL,
  `vitaya_name` varchar(250) DEFAULT NULL,
  `vitaya_shot` varchar(50) DEFAULT NULL,
  `vitaya_date` date DEFAULT NULL,
  PRIMARY KEY (`id`)
) ENGINE=MyISAM AUTO_INCREMENT=10 DEFAULT CHARSET=utf8 COLLATE=utf8_general_ci;

--
-- Dumping data for table `idplan_management_vitaya`
--

INSERT INTO `idplan_management_vitaya` VALUES (8,'3349800060121','ชำนาญการพิเศษ','','0000-00-00'),(9,'3340900360196','ครูชำนาญการพิเศษ','','0000-00-00');

--
-- Table structure for table `idplan_permission`
--

CREATE TABLE `idplan_permission` (
  `per_id` int(5) NOT NULL AUTO_INCREMENT,
  `person_id` char(15) DEFAULT NULL,
  `p1` int(2) DEFAULT NULL,
  `office` char(15) DEFAULT NULL,
  `rec_dat` date DEFAULT NULL,
  PRIMARY KEY (`per_id`)
) ENGINE=MyISAM AUTO_INCREMENT=39 DEFAULT CHARSET=utf8 COLLATE=utf8_general_ci;

--
-- Dumping data for table `idplan_permission`
--

INSERT INTO `idplan_permission` VALUES (37,'3130400113825',1,'3130400113825','2022-07-23'),(38,'1349900463019',1,'1349900463019','2022-07-23');

--
-- Table structure for table `idplan_person_sch_profile`
--

CREATE TABLE `idplan_person_sch_profile` (
  `person_id` varchar(15) NOT NULL,
  `birth_date` date DEFAULT NULL,
  `f_date` date DEFAULT NULL,
  `vittaya` varchar(50) DEFAULT NULL,
  `work_old` int(3) DEFAULT NULL,
  `at_home` varchar(10) DEFAULT NULL,
  `moo` varchar(3) DEFAULT NULL,
  `tambun` varchar(50) DEFAULT NULL,
  `ampher` varchar(50) DEFAULT NULL,
  `province` varchar(70) DEFAULT NULL,
  `postcode` varchar(10) DEFAULT NULL,
  `home_phone` varchar(15) DEFAULT NULL,
  `mobile` varchar(15) DEFAULT NULL,
  `salary` int(10) DEFAULT NULL,
  `emoluments` int(10) DEFAULT NULL,
  `money_of_position` int(10) DEFAULT NULL,
  `m_type` varchar(5) DEFAULT NULL,
  `update_date` date DEFAULT NULL,
  PRIMARY KEY (`person_id`)
) ENGINE=MyISAM DEFAULT CHARSET=utf8 COLLATE=utf8_general_ci;

--
-- Dumping data for table `idplan_person_sch_profile`
--

INSERT INTO `idplan_person_sch_profile` VALUES ('3349800060121','1982-06-16','2009-01-06','ชำนาญการพิเศษ',13,'8/1','','วารินชำราบ','วารินชำราบ','อุบลราชธานี','','','0857746516',0,0,0,'1','2023-03-13'),('3349800043499',NULL,NULL,NULL,NULL,NULL,NULL,NULL,NULL,NULL,NULL,NULL,NULL,NULL,NULL,NULL,NULL,NULL),('1340600076429',NULL,NULL,NULL,NULL,NULL,NULL,NULL,NULL,NULL,NULL,NULL,NULL,NULL,NULL,NULL,NULL,NULL),('3340900360196','1972-01-27','1995-06-01','ชำนาญการพิเศษ',24,'295','4','แสนสุข','วารินชำราบ','อุบลราชธานี','','045266969','0862458080',42,5,5,'2','2019-12-17'),('3341500255566','0000-00-00','0000-00-00','ชำนาญการพิเศษ',2,'19','18','แสนสุข','วารินชำราบ','อุบลราชธานั','','','0810749315',17000,0,0,'2','2020-01-08'),('1330400271279',NULL,NULL,NULL,NULL,NULL,NULL,NULL,NULL,NULL,NULL,NULL,NULL,NULL,NULL,NULL,NULL,NULL),('1349900463019','1992-02-13','2015-06-05','',0,'28/3','-','วารินชำราบ','วารินชำราบ','อุบลราชธานี','','','0632651988',0,0,0,'1','2022-07-23'),('3130400113825',NULL,NULL,NULL,NULL,NULL,NULL,NULL,NULL,NULL,NULL,NULL,NULL,NULL,NULL,NULL,NULL,NULL),('3341501466382','1976-03-06','2561-11-26','',0,'71','7','แสนสุข','วารินชำราบ','อุบลราชธานี','','','0991626366',0,0,0,'1','2024-03-29');

--
-- Table structure for table `la_cancel`
--

CREATE TABLE `la_cancel` (
  `id` int(11) NOT NULL AUTO_INCREMENT,
  `person_id` varchar(13) NOT NULL,
  `la_type` tinyint(4) NOT NULL,
  `write_at` varchar(100) DEFAULT NULL,
  `permission_start` date NOT NULL,
  `permission_finish` date NOT NULL,
  `permission_total` int(11) NOT NULL,
  `because` varchar(200) NOT NULL,
  `cancel_la_start` date NOT NULL,
  `cancel_la_finish` date NOT NULL,
  `cancel_la_total` int(11) NOT NULL,
  `no_comment` int(11) NOT NULL DEFAULT 0,
  `grant_p_selected` varchar(13) DEFAULT NULL,
  `rec_date` datetime NOT NULL,
  `officer_comment` varchar(200) DEFAULT NULL,
  `officer_sign` varchar(13) DEFAULT NULL,
  `officer_date` datetime DEFAULT NULL,
  `group_comment` varchar(100) DEFAULT NULL,
  `group_sign` varchar(13) DEFAULT NULL,
  `group_date` datetime DEFAULT NULL,
  `comment_date` datetime DEFAULT NULL,
  `commander_grant` tinyint(4) DEFAULT NULL,
  `commander_comment` varchar(100) DEFAULT NULL,
  `commander_sign` varchar(13) DEFAULT NULL,
  `grant_date` datetime DEFAULT NULL,
  PRIMARY KEY (`id`)
) ENGINE=MyISAM DEFAULT CHARSET=utf8 COLLATE=utf8_general_ci;

--
-- Dumping data for table `la_cancel`
--


--
-- Table structure for table `la_collect`
--

CREATE TABLE `la_collect` (
  `id` int(11) NOT NULL AUTO_INCREMENT,
  `year` int(11) NOT NULL,
  `person_id` varchar(13) NOT NULL,
  `collect_day` tinyint(4) NOT NULL DEFAULT 0,
  `this_year_day` tinyint(4) NOT NULL DEFAULT 0,
  `officer` varchar(13) DEFAULT NULL,
  `rec_date` date DEFAULT NULL,
  PRIMARY KEY (`id`)
) ENGINE=MyISAM DEFAULT CHARSET=utf8 COLLATE=utf8_general_ci;

--
-- Dumping data for table `la_collect`
--


--
-- Table structure for table `la_main`
--

CREATE TABLE `la_main` (
  `id` int(11) NOT NULL AUTO_INCREMENT,
  `person_id` varchar(13) NOT NULL,
  `la_type` tinyint(4) NOT NULL,
  `write_at` varchar(100) DEFAULT NULL,
  `because` varchar(250) DEFAULT NULL,
  `la_start` date NOT NULL,
  `la_finish` date NOT NULL,
  `la_total` int(11) NOT NULL,
  `last_la_start` date DEFAULT NULL,
  `last_la_finish` date DEFAULT NULL,
  `last_la_total` int(11) DEFAULT NULL,
  `contact` varchar(150) DEFAULT NULL,
  `contact_tel` varchar(20) DEFAULT NULL,
  `document` varchar(100) DEFAULT NULL,
  `no_comment` tinyint(4) NOT NULL DEFAULT 0,
  `grant_p_selected` varchar(13) DEFAULT NULL,
  `sick_ago` int(11) DEFAULT NULL,
  `sick_this` int(11) DEFAULT NULL,
  `sick_total` int(11) DEFAULT NULL,
  `privacy_ago` int(11) DEFAULT NULL,
  `privacy_this` int(11) DEFAULT NULL,
  `privacy_total` int(11) DEFAULT NULL,
  `birth_ago` int(11) DEFAULT NULL,
  `birth_this` int(11) DEFAULT NULL,
  `birth_total` int(11) DEFAULT NULL,
  `relax_ago` int(11) DEFAULT NULL,
  `relax_this` int(11) DEFAULT NULL,
  `relax_total` int(11) DEFAULT NULL,
  `relax_collect` tinyint(4) DEFAULT NULL,
  `relax_this_year` tinyint(4) DEFAULT NULL,
  `job_person` varchar(13) DEFAULT NULL,
  `job_person_sign` tinyint(4) NOT NULL DEFAULT 0,
  `rec_date` datetime NOT NULL,
  `officer_comment` varchar(200) DEFAULT NULL,
  `officer_sign` varchar(13) DEFAULT NULL,
  `officer_date` datetime DEFAULT NULL,
  `group_comment` varchar(100) DEFAULT NULL,
  `group_sign` varchar(13) DEFAULT NULL,
  `group_date` datetime DEFAULT NULL,
  `comment_date` datetime DEFAULT NULL,
  `commander_grant` tinyint(4) DEFAULT NULL,
  `commander_comment` varchar(100) DEFAULT NULL,
  `commander_sign` varchar(13) DEFAULT NULL,
  `grant_date` datetime DEFAULT NULL,
  PRIMARY KEY (`id`)
) ENGINE=MyISAM AUTO_INCREMENT=8 DEFAULT CHARSET=utf8 COLLATE=utf8_general_ci;

--
-- Dumping data for table `la_main`
--

INSERT INTO `la_main` VALUES (1,'3341901013504',1,'89 ม.1 ต.ธาตุ อ.วารินชำราบ จ.อุบลราชธานี','เป็นไข้','2021-01-22','2021-01-22',1,'2021-01-22','2021-01-22',1,'89 ม.1 ต.ธาตุ อ.วารินชำราบ จ.อุบลราชธานี','0895829666','',0,'',0,0,0,0,0,0,0,0,0,NULL,NULL,NULL,NULL,NULL,NULL,0,'2021-01-25 20:02:02',NULL,NULL,NULL,NULL,NULL,NULL,NULL,1,NULL,'3130400113825','2022-07-23 11:10:50'),(2,'3341901013504',1,'89 ม.1 ต.ธาตุ อ.วารินชำราบ จ.อุบลราชธานี','เป็นไข้','2021-01-28','2021-01-29',2,'2021-01-22','2021-01-22',1,'89 ม.1 ต.ธาตุ อ.วารินชำราบ จ.อุบลราชธานี','0895829666','',0,'',0,0,0,0,0,0,0,0,0,NULL,NULL,NULL,NULL,NULL,NULL,0,'2021-02-04 22:19:34',NULL,NULL,NULL,NULL,NULL,NULL,NULL,1,NULL,'3130400113825','2022-07-23 11:10:50'),(3,'3341901013504',2,'89 ม.1 ต.ธาตุ อ.วารินชำราบ จ.อุบลราชธานี','พาบิดาไปพบแพทย์ตามนัด','2021-02-03','2021-02-03',1,'2021-01-28','2021-01-29',2,'89 ม.1 ต.ธาตุ อ.วารินชำราบ จ.อุบลราชธานี','0895829666','',0,'',0,0,0,0,0,0,0,0,0,NULL,NULL,NULL,NULL,NULL,NULL,0,'2021-02-04 22:21:15',NULL,NULL,NULL,NULL,NULL,NULL,NULL,1,NULL,'3130400113825','2022-07-23 11:10:50'),(5,'1349900463019',1,'โรงเรียนอนุบาลวารินชำราบ(ก่อวิทยาคาร)','กักตัวและรักษาอาการติดเชื้อไวรัส COVID-19','2022-11-28','2022-12-02',5,'2022-11-28','2022-12-02',0,'28/3 ถ.เทศบาล 15 ต.วารินชำราบ อ.วารินชำราบ จ.อุบลราชธานี 34190','063-2651988','',0,'',0,5,5,0,0,0,0,0,0,NULL,NULL,NULL,NULL,NULL,NULL,0,'2022-12-23 11:52:12',NULL,NULL,NULL,NULL,NULL,NULL,NULL,1,NULL,'3130400113825','2023-05-13 16:34:13'),(6,'3341901013504',1,'บ้านเลขที่ 89 ม.1 ต.ธาตุ อ.วารินชำราบ จ.อุบลราชธานี','เป็นไข้หวัด','2023-05-19','2023-05-19',1,'2023-01-27','2023-01-27',1,'บ้านเลขที่ 89 ม.1 ต.ธาตุ อ.วารินชำราบ จ.อุบลราชธานี','0895829666','',0,'',0,0,0,0,0,0,0,0,0,NULL,NULL,NULL,NULL,NULL,NULL,0,'2023-05-25 22:27:14',NULL,NULL,NULL,NULL,NULL,NULL,NULL,1,NULL,'3130400113825','2023-08-07 11:14:03'),(7,'3349800060121',2,'โรงเรียนอนุบาลวารินชำราบ(ก่อวิทยาคาร)','พาบุตรไปสอบเข้าเรียนระดับมัธยมที่กรุงเทพมหานคร','2024-03-08','2024-03-08',1,'2024-03-08','2024-03-08',1,'8/1 ถ.เทศบาล 12 ต.วารินชำราบ จ.อุบลราชธานี 34190','เบอร์โทร 0857746516','',0,'3130400113825',0,0,0,0,0,0,0,0,0,NULL,NULL,NULL,NULL,NULL,NULL,0,'2024-03-20 19:32:55',NULL,NULL,NULL,NULL,NULL,NULL,NULL,1,NULL,'3130400113825','2024-09-13 14:51:48');

--
-- Table structure for table `la_permission`
--

CREATE TABLE `la_permission` (
  `id` int(11) NOT NULL AUTO_INCREMENT,
  `person_id` varchar(13) NOT NULL,
  `p1` tinyint(4) NOT NULL,
  `officer` varchar(13) NOT NULL,
  `rec_date` date NOT NULL,
  PRIMARY KEY (`id`)
) ENGINE=MyISAM AUTO_INCREMENT=5 DEFAULT CHARSET=utf8 COLLATE=utf8_general_ci;

--
-- Dumping data for table `la_permission`
--

INSERT INTO `la_permission` VALUES (1,'3341601116871',1,'3130400113825','2022-07-23'),(2,'3130400113825',1,'3349800060121','2021-11-19'),(3,'3349800060121',1,'3349800060121','2021-11-19'),(4,'1349900463019',1,'3349800060121','2021-11-19');

--
-- Table structure for table `la_person_set`
--

CREATE TABLE `la_person_set` (
  `id` int(11) NOT NULL AUTO_INCREMENT,
  `person_id` varchar(13) NOT NULL,
  `comment_person` varchar(13) DEFAULT NULL,
  `grant_person` varchar(13) DEFAULT NULL,
  `officer` varchar(13) DEFAULT NULL,
  `rec_date` date DEFAULT NULL,
  PRIMARY KEY (`id`),
  UNIQUE KEY `person_id` (`person_id`)
) ENGINE=MyISAM AUTO_INCREMENT=16 DEFAULT CHARSET=utf8 COLLATE=utf8_general_ci;

--
-- Dumping data for table `la_person_set`
--

INSERT INTO `la_person_set` VALUES (1,'3349800082583','','3349800082583','1330400271279','2018-11-14'),(2,'3349800060121','','3130400113825','3130400113825','2022-07-23'),(3,'3340900360196','','3130400113825','3130400113825','2022-07-23'),(4,'3341901013504','','3130400113825','3130400113825','2022-07-23'),(5,'3341601116871','','3130400113825','3130400113825','2022-07-23'),(6,'3160600598253','','3130400113825','3130400113825','2022-07-23'),(7,'5341590019057','','3130400113825','3130400113825','2022-07-23'),(8,'1349900463019','','3130400113825','3130400113825','2022-07-23'),(9,'3341500759785','','3130400113825','3130400113825','2022-07-23'),(10,'3450800358661','','3130400113825','3130400113825','2022-07-23'),(11,'3260400194514','','3130400113825','3130400113825','2022-07-23'),(12,'3451000805345','','3130400113825','3130400113825','2022-07-23'),(13,'3130400113825','','3130400113825','3130400113825','2023-05-26'),(14,'2000000000000','','3130400113825','3130400113825','2023-05-26'),(15,'1000000000000','','3130400113825','3130400113825','2023-05-26');

--
-- Table structure for table `la_year`
--

CREATE TABLE `la_year` (
  `id` int(11) NOT NULL AUTO_INCREMENT,
  `budget_year` int(11) NOT NULL,
  `year_active` tinyint(1) NOT NULL,
  PRIMARY KEY (`id`),
  UNIQUE KEY `budget_year` (`budget_year`)
) ENGINE=MyISAM AUTO_INCREMENT=5 DEFAULT CHARSET=utf8 COLLATE=utf8_general_ci;

--
-- Dumping data for table `la_year`
--

INSERT INTO `la_year` VALUES (1,2562,0),(2,2564,0),(3,2565,0),(4,2566,1);

--
-- Table structure for table `mail_filebook`
--

CREATE TABLE `mail_filebook` (
  `id` int(11) NOT NULL AUTO_INCREMENT,
  `ref_id` varchar(50) NOT NULL,
  `file_name` varchar(100) NOT NULL,
  `file_des` varchar(100) NOT NULL,
  PRIMARY KEY (`id`)
) ENGINE=MyISAM AUTO_INCREMENT=3 DEFAULT CHARSET=utf8 COLLATE=utf8_general_ci;

--
-- Dumping data for table `mail_filebook`
--

INSERT INTO `mail_filebook` VALUES (1,'33409003601961410594571','33409003601961410594571_1.jpg','ข่อยมักเจ้า'),(2,'33402004265001410596217','33402004265001410596217_1.jpg','ภาพ');

--
-- Table structure for table `mail_group`
--

CREATE TABLE `mail_group` (
  `grp_id` int(11) NOT NULL AUTO_INCREMENT,
  `grp_name` varchar(50) NOT NULL,
  PRIMARY KEY (`grp_id`)
) ENGINE=MyISAM AUTO_INCREMENT=2 DEFAULT CHARSET=utf8 COLLATE=utf8_general_ci;

--
-- Dumping data for table `mail_group`
--

INSERT INTO `mail_group` VALUES (1,'กลุ่มครู');

--
-- Table structure for table `mail_group_member`
--

CREATE TABLE `mail_group_member` (
  `id` int(11) NOT NULL AUTO_INCREMENT,
  `grp_id` int(11) NOT NULL,
  `person_id` varchar(13) NOT NULL,
  PRIMARY KEY (`id`)
) ENGINE=MyISAM AUTO_INCREMENT=13 DEFAULT CHARSET=utf8 COLLATE=utf8_general_ci;

--
-- Dumping data for table `mail_group_member`
--

INSERT INTO `mail_group_member` VALUES (1,1,'3340900360196'),(2,1,'3260400194514'),(3,1,'3349800106024'),(4,1,'3450800358661'),(5,1,'3341500759785'),(6,1,'3349800043499'),(7,1,'3349800082583'),(8,1,'3340200426500'),(9,1,'3349800060121'),(10,1,'1350100154587'),(11,1,'3341601116871'),(12,1,'3451400579458');

--
-- Table structure for table `mail_main`
--

CREATE TABLE `mail_main` (
  `ms_id` int(11) NOT NULL AUTO_INCREMENT,
  `sender` varchar(13) NOT NULL,
  `subject` varchar(150) NOT NULL,
  `detail` text DEFAULT NULL,
  `ref_id` varchar(50) NOT NULL,
  `send_date` datetime NOT NULL,
  PRIMARY KEY (`ms_id`),
  KEY `ref_id` (`ref_id`)
) ENGINE=MyISAM AUTO_INCREMENT=12 DEFAULT CHARSET=utf8 COLLATE=utf8_general_ci;

--
-- Dumping data for table `mail_main`
--

INSERT INTO `mail_main` VALUES (1,'3340900360196','miss you','love you very much\r\nwhy do you absent seminar?\r\nwhere are you now ?','33409003601961410593751','2014-09-13 14:38:50'),(2,'3340900360196','miss you','love you','33409003601961410594014','2014-09-13 14:41:19'),(3,'3340900360196','คนหาย','ผอ.หายไปไหน\r\nใครรู้ตอบที?','33409003601961410594108','2014-09-13 14:43:16'),(4,'3451400579458','จ.ม.','ไอก็ love ยู','34514005794581410594470','2014-09-13 14:50:28'),(5,'3340900360196','miss you','love you','33409003601961410594571','2014-09-13 14:50:49'),(6,'3349800106024',' ตอบ','แมนอีหลีบ่อ','33498001060241410594841','2014-09-13 14:55:07'),(7,'3451400579458','จ.ม.','แมนบ๋','34514005794581410594789','2014-09-13 14:55:27'),(8,'3340200426500','ส่งรูป','พี่ส่งรูปมาให้','33402004265001410596217','2014-09-13 15:20:05'),(9,'3349800060121','จ้า','คือกันจ้า...จุ๊บๆๆๆ','33498000601211410597268','2014-09-13 15:34:59'),(10,'1330400271279','การอบรม SMSS','ทดสอบ อบรม SMSS','13304002712791542175669','2018-11-14 13:09:04'),(11,'3349800060121','การอบรม SMSS(ตอบกลับ)','เคร','33498000601211542332151','2018-11-16 08:36:08');

--
-- Table structure for table `mail_permission`
--

CREATE TABLE `mail_permission` (
  `id` int(11) NOT NULL AUTO_INCREMENT,
  `person_id` varchar(13) NOT NULL,
  `p1` tinyint(4) NOT NULL,
  `officer` varchar(13) NOT NULL,
  `rec_date` date NOT NULL,
  PRIMARY KEY (`id`)
) ENGINE=MyISAM AUTO_INCREMENT=11 DEFAULT CHARSET=utf8 COLLATE=utf8_general_ci;

--
-- Dumping data for table `mail_permission`
--

INSERT INTO `mail_permission` VALUES (3,'1350100154587',1,'3349800060121','2014-09-13'),(4,'3349800082583',1,'3349800060121','2014-09-13'),(8,'3349800060121',1,'3349800060121','2014-09-13');

--
-- Table structure for table `mail_sendto_answer`
--

CREATE TABLE `mail_sendto_answer` (
  `id` int(11) NOT NULL AUTO_INCREMENT,
  `ref_id` varchar(50) NOT NULL,
  `send_to` varchar(13) NOT NULL,
  `answer` tinyint(4) NOT NULL DEFAULT 0,
  `answer_time` datetime NOT NULL,
  PRIMARY KEY (`id`),
  KEY `ref_id` (`ref_id`),
  KEY `send_to` (`send_to`)
) ENGINE=MyISAM AUTO_INCREMENT=26 DEFAULT CHARSET=utf8 COLLATE=utf8_general_ci;

--
-- Dumping data for table `mail_sendto_answer`
--

INSERT INTO `mail_sendto_answer` VALUES (1,'33409003601961410593751','3349800082583',1,'2018-09-19 10:31:53'),(2,'33409003601961410594014','3451400579458',1,'2014-09-13 14:47:28'),(3,'33409003601961410594108','3349800060121',1,'2014-09-13 14:44:15'),(4,'34514005794581410594470','3340900360196',1,'2014-09-13 14:54:49'),(5,'33409003601961410594571','3349900933666',0,'0000-00-00 00:00:00'),(6,'33409003601961410594571','3260400194514',0,'0000-00-00 00:00:00'),(7,'33409003601961410594571','3349800106024',1,'2014-09-13 14:53:40'),(8,'33409003601961410594571','3450800358661',1,'2020-01-07 18:21:13'),(9,'33409003601961410594571','3341500759785',0,'0000-00-00 00:00:00'),(10,'33409003601961410594571','3349800043499',1,'2019-09-23 15:51:03'),(11,'33409003601961410594571','3199900427029',0,'0000-00-00 00:00:00'),(12,'33409003601961410594571','3349800082583',1,'2018-09-19 10:31:49'),(13,'33409003601961410594571','3340200426500',1,'2014-09-13 15:27:02'),(14,'33409003601961410594571','3349800060121',1,'2014-09-13 15:34:17'),(15,'33409003601961410594571','3440600791212',0,'0000-00-00 00:00:00'),(16,'33409003601961410594571','1350100154587',1,'2015-10-29 09:12:52'),(17,'33409003601961410594571','3341601116871',0,'0000-00-00 00:00:00'),(18,'33409003601961410594571','3451400579458',1,'2014-09-13 14:52:13'),(19,'33498001060241410594841','3340900360196',1,'2014-09-13 15:15:29'),(20,'34514005794581410594789','3340900360196',1,'2014-09-13 15:15:50'),(21,'33402004265001410596217','3340900360196',0,'0000-00-00 00:00:00'),(22,'33498000601211410597268','3340900360196',1,'2019-09-25 10:47:58'),(23,'13304002712791542175669','3349800060121',1,'2018-11-16 08:35:51'),(24,'33498000601211542332151','1330400271279',1,'2019-08-20 15:04:04'),(25,'13304002712791580268086','3340900360196',0,'0000-01-01 00:00:00');

--
-- Table structure for table `meeting_main`
--

CREATE TABLE `meeting_main` (
  `id` int(11) NOT NULL AUTO_INCREMENT,
  `room` tinyint(4) NOT NULL,
  `book_date` date NOT NULL,
  `book_date_end` date NOT NULL,
  `start_time` tinyint(4) NOT NULL,
  `finish_time` tinyint(4) NOT NULL,
  `objective` varchar(200) NOT NULL,
  `book_person` varchar(13) NOT NULL,
  `rec_date` datetime NOT NULL,
  `approve` int(11) DEFAULT NULL,
  `reason` varchar(200) DEFAULT NULL,
  `person_num` int(11) NOT NULL,
  `other` varchar(250) NOT NULL,
  `officer` varchar(13) DEFAULT NULL,
  `officer_date` datetime DEFAULT NULL,
  PRIMARY KEY (`id`)
) ENGINE=MyISAM DEFAULT CHARSET=utf8 COLLATE=utf8_general_ci;

--
-- Dumping data for table `meeting_main`
--


--
-- Table structure for table `meeting_permission`
--

CREATE TABLE `meeting_permission` (
  `id` int(11) NOT NULL AUTO_INCREMENT,
  `person_id` varchar(13) NOT NULL,
  `p1` tinyint(4) NOT NULL,
  `officer` varchar(13) NOT NULL,
  `rec_date` date NOT NULL,
  PRIMARY KEY (`id`)
) ENGINE=MyISAM DEFAULT CHARSET=utf8 COLLATE=utf8_general_ci;

--
-- Dumping data for table `meeting_permission`
--


--
-- Table structure for table `meeting_room`
--

CREATE TABLE `meeting_room` (
  `id` int(11) NOT NULL AUTO_INCREMENT,
  `room_code` tinyint(4) NOT NULL,
  `room_name` varchar(100) NOT NULL,
  `active` int(11) NOT NULL DEFAULT 0,
  PRIMARY KEY (`id`)
) ENGINE=MyISAM AUTO_INCREMENT=11 DEFAULT CHARSET=utf8 COLLATE=utf8_general_ci;

--
-- Dumping data for table `meeting_room`
--

INSERT INTO `meeting_room` VALUES (1,1,'ห้องประชุม1',1),(2,2,'ห้องประชุม2',1),(3,3,'ห้องประชุม3',0),(4,4,'หอ้งประชุม4',0),(5,5,'ห้องประชุม5',0),(6,6,'ห้องประชุม6',0),(7,7,'ห้องประชุม7',0),(8,8,'ห้องประชุม8',0),(9,9,'ห้องประชุม9',0),(10,10,'ห้องประชุม10',0);

--
-- Table structure for table `news_mainitem`
--

CREATE TABLE `news_mainitem` (
  `id` int(11) NOT NULL AUTO_INCREMENT,
  `code` int(11) NOT NULL,
  `mainitem` varchar(150) NOT NULL,
  `item_active` tinyint(1) NOT NULL DEFAULT 0,
  PRIMARY KEY (`id`),
  UNIQUE KEY `code` (`code`)
) ENGINE=MyISAM DEFAULT CHARSET=utf8 COLLATE=utf8_general_ci;

--
-- Dumping data for table `news_mainitem`
--


--
-- Table structure for table `news_news`
--

CREATE TABLE `news_news` (
  `id` int(11) NOT NULL AUTO_INCREMENT,
  `report_date` datetime NOT NULL,
  `news` varchar(250) NOT NULL,
  `file` varchar(150) NOT NULL,
  `section` int(11) NOT NULL,
  `mainitem_code` int(11) NOT NULL,
  `officer` varchar(13) NOT NULL,
  PRIMARY KEY (`id`)
) ENGINE=MyISAM DEFAULT CHARSET=utf8 COLLATE=utf8_general_ci;

--
-- Dumping data for table `news_news`
--


--
-- Table structure for table `news_permission`
--

CREATE TABLE `news_permission` (
  `id` int(11) NOT NULL AUTO_INCREMENT,
  `person_id` varchar(13) NOT NULL,
  `p1` tinyint(4) NOT NULL,
  `officer` varchar(13) NOT NULL,
  `rec_date` date NOT NULL,
  PRIMARY KEY (`id`)
) ENGINE=MyISAM DEFAULT CHARSET=utf8 COLLATE=utf8_general_ci;

--
-- Dumping data for table `news_permission`
--


--
-- Table structure for table `news_section`
--

CREATE TABLE `news_section` (
  `id` int(11) NOT NULL AUTO_INCREMENT,
  `code` tinyint(4) NOT NULL,
  `name` varchar(100) NOT NULL,
  `mainitem_code` int(11) NOT NULL,
  PRIMARY KEY (`id`)
) ENGINE=MyISAM DEFAULT CHARSET=utf8 COLLATE=utf8_general_ci;

--
-- Dumping data for table `news_section`
--


--
-- Table structure for table `permission_date`
--

CREATE TABLE `permission_date` (
  `id` int(11) NOT NULL AUTO_INCREMENT,
  `person_id` varchar(13) NOT NULL,
  `ref_id` varchar(50) NOT NULL,
  `date` date NOT NULL,
  `rec_date` datetime NOT NULL,
  PRIMARY KEY (`id`)
) ENGINE=MyISAM AUTO_INCREMENT=7 DEFAULT CHARSET=utf8 COLLATE=utf8_general_ci;

--
-- Dumping data for table `permission_date`
--

INSERT INTO `permission_date` VALUES (1,'3349800060121','147364586231756','2016-09-13','2016-09-12 09:04:22'),(2,'3349800060121','147364586231756','2016-09-14','2016-09-12 09:04:22'),(3,'3349800060121','147364586231756','2016-09-15','2016-09-12 09:04:22'),(4,'3349800060121','147364586231756','2016-09-16','2016-09-12 09:04:22'),(5,'1330400271279','154217105220208','2018-11-13','2018-11-14 11:50:52'),(6,'1330400271279','154217105220208','2018-11-14','2018-11-14 11:50:52');

--
-- Table structure for table `permission_main`
--

CREATE TABLE `permission_main` (
  `id` int(11) NOT NULL AUTO_INCREMENT,
  `person_id` varchar(13) NOT NULL,
  `ref_id` varchar(50) NOT NULL,
  `subject` varchar(150) NOT NULL,
  `place` varchar(150) NOT NULL,
  `vehicle` varchar(150) DEFAULT NULL,
  `document` varchar(150) DEFAULT NULL,
  `no_comment` tinyint(4) NOT NULL DEFAULT 0,
  `grant_person_selected` varchar(13) DEFAULT NULL,
  `rec_date` datetime NOT NULL,
  `comment` varchar(200) DEFAULT NULL,
  `comment_person` varchar(13) DEFAULT NULL,
  `comment_date` datetime DEFAULT NULL,
  `grant_x` tinyint(4) DEFAULT NULL,
  `grant_comment` varchar(200) DEFAULT NULL,
  `grant_person` varchar(13) DEFAULT NULL,
  `grant_date` datetime DEFAULT NULL,
  `report` text DEFAULT NULL,
  `report_date` datetime DEFAULT NULL,
  PRIMARY KEY (`id`),
  UNIQUE KEY `ref_id` (`ref_id`)
) ENGINE=MyISAM AUTO_INCREMENT=3 DEFAULT CHARSET=utf8 COLLATE=utf8_general_ci;

--
-- Dumping data for table `permission_main`
--

INSERT INTO `permission_main` VALUES (1,'3349800060121','147364586231756','การประชุมปฏิบัติการและสัมมนาวิชาการด้านการเรียนการสอนทักษะการคิดวิเคราะห์และทักษะในศตวรรษที่ 21','ณ โรงแรมอะเดรียติค พาเลช กรุงเทพมหานคร','เครื่องบิน','',1,'3349800082583','2016-09-12 09:04:22',NULL,NULL,NULL,1,'','3349800082583','2018-10-03 21:51:18',NULL,NULL),(2,'1330400271279','154217105220208','อบรมเชิงปฏิบัติการอัตราจ้างปฏิบัติงานะุรการโรงเรียน ประจำปีงบประมาณ พ.ศ. 2562','สพป.อบ.4','','',1,'3349800082583','2018-11-14 11:50:52',NULL,NULL,NULL,1,'','3349800082583','2018-11-14 20:43:35',NULL,NULL);

--
-- Table structure for table `permission_permission`
--

CREATE TABLE `permission_permission` (
  `id` int(11) NOT NULL AUTO_INCREMENT,
  `person_id` varchar(13) NOT NULL,
  `p1` tinyint(4) NOT NULL,
  `officer` varchar(13) NOT NULL,
  `rec_date` date NOT NULL,
  PRIMARY KEY (`id`)
) ENGINE=MyISAM AUTO_INCREMENT=6 DEFAULT CHARSET=utf8 COLLATE=utf8_general_ci;

--
-- Dumping data for table `permission_permission`
--

INSERT INTO `permission_permission` VALUES (1,'3130400113825',1,'3130400113825','2022-07-23'),(2,'3349800060121',1,'3349800060121','2014-09-17'),(4,'3341601116871',1,'3130400113825','2022-07-23');

--
-- Table structure for table `permission_person_set`
--

CREATE TABLE `permission_person_set` (
  `id` int(11) NOT NULL AUTO_INCREMENT,
  `person_id` varchar(13) NOT NULL,
  `comment_person` varchar(13) DEFAULT NULL,
  `grant_person` varchar(13) DEFAULT NULL,
  `officer` varchar(13) DEFAULT NULL,
  `rec_date` date DEFAULT NULL,
  PRIMARY KEY (`id`),
  UNIQUE KEY `person_id` (`person_id`)
) ENGINE=MyISAM AUTO_INCREMENT=14 DEFAULT CHARSET=utf8 COLLATE=utf8_general_ci;

--
-- Dumping data for table `permission_person_set`
--

INSERT INTO `permission_person_set` VALUES (1,'3349800060121','3349800106024','3349800082583','3349800060121','2014-09-17'),(2,'3340900360196','3349800106024','3349800082583','3349800060121','2014-09-17'),(3,'3260400194514','3349800106024','3349800082583','3349800060121','2014-09-17'),(4,'3450800358661','3349800106024','3349800082583','3349800060121','2014-09-17'),(5,'3341500759785','3349800106024','3349800082583','3349800060121','2014-09-17'),(6,'3349800043499','3349800106024','3349800082583','3349800060121','2014-09-17'),(7,'3340200426500','3349800106024','3349800082583','3349800060121','2014-09-17'),(8,'3341601116871','3349800106024','3349800082583','3349800060121','2014-09-17'),(9,'3451400579458','3349800106024','3349800082583','3349800060121','2014-09-17'),(10,'3349800106024','3349800106024','3349800082583','3349800060121','2016-09-12'),(11,'3199900427029','3349800106024','3349800082583','3349800060121','2016-09-12'),(12,'3349800082583','3349800082583','3349800082583','3349800060121','2016-09-12'),(13,'1350100154587','3349800106024','3349800082583','3349800060121','2016-09-12');

--
-- Table structure for table `person_main`
--

CREATE TABLE `person_main` (
  `id` int(11) NOT NULL AUTO_INCREMENT,
  `person_id` varchar(13) NOT NULL,
  `prename` varchar(20) NOT NULL,
  `name` varchar(50) NOT NULL,
  `surname` varchar(50) NOT NULL,
  `position_code` tinyint(4) NOT NULL,
  `pic` varchar(150) DEFAULT NULL,
  `status` tinyint(4) NOT NULL DEFAULT 0,
  `person_order` tinyint(4) DEFAULT 0,
  `officer` varchar(13) NOT NULL,
  `rec_date` date NOT NULL,
  PRIMARY KEY (`id`),
  UNIQUE KEY `person_id` (`person_id`)
) ENGINE=MyISAM AUTO_INCREMENT=30 DEFAULT CHARSET=utf8 COLLATE=utf8_general_ci;

--
-- Dumping data for table `person_main`
--

INSERT INTO `person_main` VALUES (1,'3340900360196','นาง','เปรมจิตต์','ลาสา',3,NULL,0,0,'','0000-00-00'),(3,'3260400194514','นาง','นพรัตน์','ส่งสุข',3,NULL,1,0,'','0000-00-00'),(28,'1349900733580','นางสาว','ศิวกานต์','เริงนิรันดร์',3,'',0,0,'3130400113825','2024-11-04'),(6,'3341500759785','นาง','พรพรรณ','แหล่งหล้า',3,NULL,1,0,'','0000-00-00'),(23,'1349900463019','นางสาว','พิชญารี','พิลึก',3,'',0,0,'1330400271279','2021-10-20'),(26,'1349900286605','นางสาว','ณัฐสุดา','ทวิกาล',3,'',0,0,'3130400113825','2023-05-26'),(11,'3349800060121','นางสาว','ระวีวรรณ','วงศ์พิมพ์',3,NULL,0,0,'3349800060121','0000-00-00'),(20,'3160600598253','นาง','นพรัตน์','มีธรรม',3,'',0,0,'1330400271279','2020-11-12'),(14,'3341601116871','นาง','กาญจนี','คูณิรัตน์',3,NULL,0,0,'','0000-00-00'),(22,'3130400113825','นาย','ศักดิ์ชัย','คำยนต์',1,'',0,1,'3349800060121','2021-01-26'),(21,'3341901013504','นางสาว','พรพิมล','กุณรักษ์',3,'',0,0,'1330400271279','2020-11-25'),(25,'3341501466382','นางสาว','กัลยากร','อาริภู',3,'',0,0,'3130400113825','2023-05-26'),(24,'3451000805345','นาย','สุรชัย','นนทมา',3,'',0,0,'3349800060121','2021-11-08'),(19,'3341500255566','นาง','สุกรี','กองนอก',31,'',1,12,'3349800060121','2019-09-11'),(27,'3350700217837','นาง','ณัฐกานต์','สมพงษ์',3,'',0,13,'3130400113825','2024-05-16');

--
-- Table structure for table `person_permission`
--

CREATE TABLE `person_permission` (
  `id` int(11) NOT NULL AUTO_INCREMENT,
  `person_id` varchar(13) NOT NULL,
  `p1` tinyint(4) NOT NULL,
  `officer` varchar(13) NOT NULL,
  `rec_date` date NOT NULL,
  PRIMARY KEY (`id`)
) ENGINE=MyISAM AUTO_INCREMENT=24 DEFAULT CHARSET=utf8 COLLATE=utf8_general_ci;

--
-- Dumping data for table `person_permission`
--

INSERT INTO `person_permission` VALUES (2,'3340900360196',1,'3349800060121','2015-06-29'),(3,'3341601116871',1,'3349800060121','2015-06-29'),(4,'3349800060121',1,'3349800060121','2015-06-29'),(21,'3451000805345',1,'3349800060121','2021-11-08'),(22,'1000000000000',1,'3130400113825','2023-05-26'),(19,'3160600598253',1,'1330400271279','2021-10-20'),(10,'3450800358661',1,'3349800060121','2015-06-29'),(18,'1349900463019',1,'1330400271279','2021-10-20'),(12,'3260400194514',1,'3349800060121','2015-06-29'),(23,'2000000000000',1,'3130400113825','2023-05-26'),(16,'3130400113825',1,'3349800060121','2021-01-26'),(17,'3341901013504',1,'1330400271279','2021-10-20');

--
-- Table structure for table `person_position`
--

CREATE TABLE `person_position` (
  `id` int(11) NOT NULL AUTO_INCREMENT,
  `position_code` int(11) NOT NULL,
  `position_name` varchar(50) NOT NULL,
  PRIMARY KEY (`id`),
  UNIQUE KEY `position_code` (`position_code`)
) ENGINE=MyISAM AUTO_INCREMENT=20 DEFAULT CHARSET=utf8 COLLATE=utf8_general_ci;

--
-- Dumping data for table `person_position`
--

INSERT INTO `person_position` VALUES (1,1,'ผู้อำนวยการโรงเรียน'),(2,2,'รองผู้อำนวยการโรงเรียน'),(3,3,'ครู'),(4,4,'ครูผู้ช่วย'),(5,11,'พนักงานราชการ(ครูผู้สอน)'),(6,12,'พนักงานราชการ(ครูพี่เลี้ยง)'),(7,13,'พนักงานราชการ(อื่น ๆ)'),(17,41,'ผู้จัดการโรงเรียนเอกชน'),(9,21,'ลูกจ้างประจำ(พนักงานธุรการ)'),(10,22,'ลูกจ้างประจำ(พนักงานขับรถยนต์))'),(11,23,'ลูกจ้างประจำ(ช่างครุภัณฑ์)'),(12,24,'ลูกจ้างประจำ(อื่น ๆ)'),(13,31,'ลูกจ้างชั่วคราว(ครู)'),(14,32,'ลูกจ้างชั่วคราว(เจ้าหน้าที่ธุรการโรงเรียน)'),(15,33,'ลูกจ้างชั่วคราว(นักการภารโรง)'),(16,34,'ลูกจ้างชั่วคราว(อื่น ๆ)'),(18,42,'เจ้าหน้าที่บริหารทั่วไปโรงเรียนเอกชน'),(19,43,'เจ้าหน้าที่อื่น ๆ โรงเรียนเอกชน');

--
-- Table structure for table `plan_acti`
--

CREATE TABLE `plan_acti` (
  `id` int(11) NOT NULL AUTO_INCREMENT,
  `budget_year` int(11) DEFAULT NULL,
  `code_clus` tinyint(4) NOT NULL,
  `code_proj` char(3) NOT NULL DEFAULT '',
  `code_acti` char(6) NOT NULL DEFAULT '',
  `code_approve` char(3) NOT NULL DEFAULT '',
  `budget_acti` decimal(10,2) NOT NULL DEFAULT 0.00,
  `budget_approve` decimal(10,2) NOT NULL DEFAULT 0.00,
  `dayinput` date NOT NULL DEFAULT '0000-00-00',
  `daythai` char(13) NOT NULL DEFAULT '',
  `name_acti` char(150) NOT NULL,
  `owner_acti` char(50) NOT NULL DEFAULT '',
  `id_defalt` char(13) NOT NULL DEFAULT '',
  `dayseri` datetime NOT NULL DEFAULT '0000-00-00 00:00:00',
  `begin_date` date NOT NULL,
  `finish_date` date NOT NULL,
  `stop` tinyint(1) DEFAULT NULL,
  PRIMARY KEY (`id`)
) ENGINE=MyISAM AUTO_INCREMENT=448 DEFAULT CHARSET=utf8 COLLATE=utf8_general_ci;

--
-- Dumping data for table `plan_acti`
--

INSERT INTO `plan_acti` VALUES (1,2558,1,'001','001001','',5000.00,0.00,'0000-00-00','28 มิ.ย. 2558','จัดทำเอกสารที่เกี่ยวข้องกับการประกันคุณภาพภายใน','','','0000-00-00 00:00:00','2015-05-28','2015-09-30',NULL),(2,2558,1,'002','002002','',2000.00,0.00,'0000-00-00','28 มิ.ย. 2558','การจัดทำเครื่องมือนิเทศ','','','2015-06-28 11:48:11','2015-05-28','2015-09-30',NULL),(3,2558,1,'003','003003','',1800.00,0.00,'0000-00-00','28 มิ.ย. 2558','การสอนแบบbbl','','','2015-06-28 12:59:31','2015-05-28','2015-09-30',NULL),(4,2558,1,'003','003004','',500.00,0.00,'0000-00-00','28 มิ.ย. 2558','การสอนแบบCBL','','','2015-06-28 01:00:24','2015-05-28','2015-09-30',NULL),(81,2564,1,'001','001004','109',56000.00,0.00,'2021-10-02','1 ต.ค. 2564','พัฒนาทักษะการเรียนรู้','','','2021-10-01 12:14:21','2020-10-01','2021-04-30',NULL),(116,2564,4,'004','004002','109',600.00,0.00,'2564-10-02','2 ต.ค. 2564','วันต่อต้านยาเสพติด','','','2021-10-02 23:26:56','2020-10-01','2021-04-30',NULL),(86,2564,4,'003','003002','109',30000.00,0.00,'2021-10-26','1 ต.ค. 2564','พัฒนาสภาพแวดล้อม','','','2021-10-01 12:56:31','2020-10-01','2021-04-30',NULL),(88,2564,4,'004','004001','109',400.00,0.00,'2564-10-01','1 ต.ค. 2564','ไหว้ครู','','','2021-10-01 13:01:41','2020-10-01','2021-04-30',NULL),(96,2564,2,'015','015001','109',500.00,0.00,'2564-10-02','2 ต.ค. 2564','กิจกรรมแนะแนว','','','2021-10-02 22:38:47','2020-10-02','2021-04-30',NULL),(98,2564,2,'015','015003','109',8500.00,0.00,'2564-10-02','2 ต.ค. 2564','กิจกรรมชุมนุม','','','2021-10-02 22:41:09','2020-10-02','2021-04-30',NULL),(97,2564,2,'015','015002','109',4850.00,0.00,'2564-10-02','2 ต.ค. 2564','กิจกรรมลูกเสือ เนตรนารี','','','2021-10-02 22:40:03','2020-10-02','2021-04-30',NULL),(100,2564,2,'015','015005','109',47258.00,0.00,'2021-10-26','2 ต.ค. 2564','กิจกรรมทัศนศึกษาแหล่งเรียนรู้','','','2021-10-02 22:42:45','2020-10-02','2021-04-30',NULL),(80,2564,1,'001','001003','109',3000.00,0.00,'2564-10-01','1 ต.ค. 2564','นิเทศภายใน','','','2021-10-01 12:13:20','2020-10-01','2021-04-30',NULL),(79,2564,1,'001','001002','109',1500.00,0.00,'2021-10-02','1 ต.ค. 2564','พัฒนาหลักสูตร','','','2021-10-01 12:12:42','2020-10-01','2021-04-30',NULL),(120,2564,4,'004','004006','109',1200.00,0.00,'2564-10-02','2 ต.ค. 2564','วันสำคัญ','','','2021-10-02 23:30:19','2020-10-01','2021-04-30',NULL),(119,2564,4,'004','004005','109',600.00,0.00,'2564-10-02','2 ต.ค. 2564','ส่งเสริมประชาธิปไตยในโรงเรียน','','','2021-10-02 23:29:31','2020-10-01','2021-04-30',NULL),(99,2564,2,'015','015004','109',8730.00,0.00,'2021-10-26','2 ต.ค. 2564','กิจกรรมสาธารณะประโยชน์','','','2021-10-02 22:41:50','2020-10-02','2021-04-30',NULL),(85,2564,4,'003','003001','109',10000.00,0.00,'2564-10-01','1 ต.ค. 2564','พัฒนาระบบสุขาภิบาล','','','2021-10-01 12:55:56','2020-10-01','2021-04-30',NULL),(89,2564,2,'012','012001','118',75040.00,0.00,'2021-10-26','1 ต.ค. 2564','จ่ายค่าอาหารหลางวันนักเรียน','','','2021-10-01 13:23:11','2020-10-01','2021-04-30',NULL),(122,2564,4,'004','004008','109',500.00,0.00,'2564-10-02','2 ต.ค. 2564','ออมวันละนิด','','','2021-10-02 23:31:30','2020-10-01','2021-04-30',NULL),(90,2564,2,'011','011001','109',73127.00,0.00,'2021-10-26','1 ต.ค. 2564','ค่าหนังสือเรียน','','','2021-10-01 13:24:34','2020-10-01','2021-04-30',NULL),(91,2564,2,'011','011002','109',38575.00,0.00,'2564-10-01','1 ต.ค. 2564','ค่าอุปกรณ์การเรียน','','','2021-10-01 13:25:13','2020-10-01','2021-04-30',NULL),(92,2564,2,'011','011003','109',53360.00,0.00,'2564-10-01','1 ต.ค. 2564','ค่าเครื่องแบบนักเรียน','','','2021-10-01 13:25:56','2020-10-01','2021-04-30',NULL),(101,2564,2,'014','014001','125',33000.00,0.00,'2021-10-24','2 ต.ค. 2564','คัดกรองนักเรียน( กสศ)','','','2021-10-02 22:47:18','2020-10-02','2021-04-30',NULL),(124,2564,4,'004','004010','109',1000.00,0.00,'2564-10-02','2 ต.ค. 2564','เสริมสร้างวินัยในโรงเรียน','','','2021-10-02 23:36:10','2020-10-01','2021-04-30',NULL),(123,2564,4,'004','004009','109',500.00,0.00,'2564-10-02','2 ต.ค. 2564','เพาะต้นกล้าพาเพลิน','','','2021-10-02 23:32:12','2020-10-01','2021-04-30',NULL),(93,2564,2,'010','010001','109',7455.00,0.00,'2021-10-01','1 ต.ค. 2564','พัฒนาห้อง','','','2021-10-01 13:35:05','2020-10-01','2021-04-30',NULL),(102,2564,2,'014','014002','125',18900.00,0.00,'2021-10-26','2 ต.ค. 2564','มอบทุนการศึกษา','','','2021-10-02 22:49:01','2020-10-02','2021-04-30',NULL),(103,2564,3,'009','009001','109',3840.00,0.00,'2564-10-02','2 ต.ค. 2564','วันเกิด','','','2021-10-02 23:03:15','2020-10-02','2021-04-30',NULL),(104,2564,3,'009','009002','109',240.00,0.00,'2564-10-02','2 ต.ค. 2564','เกียรติบัตรอบรม','','','2021-10-02 23:04:10','2020-10-01','2021-04-30',NULL),(105,2564,3,'009','009003','109',4010.00,0.00,'2564-10-02','2 ต.ค. 2564','วันส่งท้ายปีเก่า','','','2021-10-02 23:05:06','2020-10-02','2021-04-30',NULL),(108,2564,3,'008','008002','109',1000.00,0.00,'2564-10-02','2 ต.ค. 2564','พัฒนาครูด้านคุณธรรมจริยธรรม','','','2021-10-02 23:08:14','2020-10-02','2021-04-30',NULL),(107,2564,3,'008','008001','109',2000.00,0.00,'2564-10-02','2 ต.ค. 2564','พัฒนาครูด้านวิชาการ','','','2021-10-02 23:07:16','2020-10-01','2021-04-30',NULL),(106,2564,3,'009','009004','109',1800.00,0.00,'2564-10-02','2 ต.ค. 2564','เยี่ยมไข้','','','2021-10-02 23:05:42','2020-10-02','2021-04-30',NULL),(118,2564,4,'004','004004','109',400.00,0.00,'2564-10-02','2 ต.ค. 2564','ธรรมะสัญจร','','','2021-10-02 23:28:33','2020-10-01','2021-04-30',NULL),(117,2564,4,'004','004003','109',300.00,0.00,'2564-10-02','2 ต.ค. 2564','วันแม่','','','2021-10-02 23:27:53','2020-10-01','2021-04-30',NULL),(115,2564,2,'013','013001','112',35000.00,0.00,'2021-10-26','2 ต.ค. 2564','มอบทุนการศึกษา','','','2021-10-02 23:23:17','2020-10-02','2021-04-30',NULL),(114,2564,4,'006','006003','109',535.00,0.00,'2564-10-02','2 ต.ค. 2564','ร่วมงานชุมชน','','','2021-10-02 23:16:37','2020-10-01','2021-04-30',NULL),(111,2564,4,'005','005001','109',3000.00,0.00,'2564-10-02','2 ต.ค. 2564','พัฒนาแหล่งเรียนรู้ตามหลักปรัชญาเศรษฐกิจพอเพียง','','','2021-10-02 23:13:20','2020-10-01','2021-04-30',NULL),(113,2564,4,'006','006002','109',500.00,0.00,'2564-10-02','2 ต.ค. 2564','ประชุมผู้ปกครอง','','','2021-10-02 23:15:37','2020-10-01','2021-04-30',NULL),(78,2564,1,'001','001001','109',1500.00,0.00,'2021-10-02','1 ต.ค. 2564','จัดหาวัสดุเอกสารประกอบการพัฒนาคุณภาพผู้เรียน','','','2021-10-01 12:12:08','2020-10-01','2021-04-30',NULL),(95,2564,2,'010','010003','109',3000.00,0.00,'2564-10-01','1 ต.ค. 2564','จัดหาวัสดุสำนักงาน','','','2021-10-01 13:36:37','2020-10-01','2021-04-30',NULL),(112,2564,4,'006','006001','109',300.00,0.00,'2564-10-02','2 ต.ค. 2564','ประชุมกรรมการสถานศึกษา','','','2021-10-02 23:14:49','2020-10-01','2021-04-30',NULL),(87,2564,4,'003','003003','109',5000.00,0.00,'2564-10-01','1 ต.ค. 2564','กิจกรรม 5 ส','','','2021-10-01 12:56:57','2020-10-01','2021-04-30',NULL),(82,2564,1,'002','002001','109',15000.00,0.00,'2564-10-01','1 ต.ค. 2564','พัฒนาแหล่งเรียนรู้สาระพื้นฐาน','','','2021-10-01 12:48:07','2020-10-01','2021-04-30',NULL),(121,2564,4,'004','004007','109',500.00,0.00,'2564-10-02','2 ต.ค. 2564','พี่สอนน้อง','','','2021-10-02 23:30:55','2020-10-01','2021-04-30',NULL),(84,2564,1,'002','002003','109',7340.00,0.00,'2564-10-01','1 ต.ค. 2564','พัฒนาห้องสื่อ','','','2021-10-01 12:49:46','2020-10-01','2021-04-30',NULL),(125,2564,2,'013','013002','109',270000.00,0.00,'2564-10-24','24 ต.ค. 2564','เงินเยียวยาแก้ไขปัญหาฟื้นฟูเศรษฐกิจ','','','2021-10-24 14:34:32','2020-10-02','2021-04-30',NULL),(110,2564,4,'007','007001','109',2000.00,0.00,'2564-10-02','2 ต.ค. 2564','ตรวจสอบและทบทวนมาตรฐานคุณภาพภายในสถานศึกษา','','','2021-10-02 23:11:20','2020-10-02','2021-04-30',NULL),(109,2564,3,'008','008003','109',12000.00,0.00,'2564-10-02','2 ต.ค. 2564','ศึกษาดูงาน','','','2021-10-02 23:09:02','2020-10-02','2021-04-30',NULL),(94,2564,2,'010','010002','109',2000.00,0.00,'2564-10-01','1 ต.ค. 2564','แผนงาน','','','2021-10-01 13:35:39','2020-10-01','2021-04-30',NULL),(126,2564,2,'012','012002','118',543020.00,0.00,'2564-10-26','26 ต.ค. 2564','จ้างเหมาประกอบอาหารกลางวัน','','','2021-10-26 09:00:16','2020-10-01','2021-04-30',NULL),(127,2565,4,'015','015001','109',2000.00,0.00,'2021-12-08','4 ธ.ค. 2564','ตรวจสอบและทบทวนมาตรฐานคุณภาพภายในสถานศึกษา','','','2021-12-04 15:15:43','2021-10-01','2022-09-30',NULL),(128,2565,4,'014','014001','109',300.00,0.00,'2564-12-04','4 ธ.ค. 2564','กิจกรรมประชุมกรรมการสถานศึกษาขั้นพื้นฐาน','','','2021-12-04 15:17:03','2021-10-01','2022-09-30',NULL),(129,2565,4,'014','014002','109',1630.00,0.00,'2022-09-22','4 ธ.ค. 2564','กิจกรรมประชุมผู้ปกครองนักเรียน','','','2021-12-04 15:17:49','2021-10-01','2022-09-30',NULL),(130,2565,4,'014','014003','109',535.00,0.00,'2564-12-04','4 ธ.ค. 2564','กิจกรรมร่วมงานสานสัมพันธ์ในชุมชน','','','2021-12-04 15:18:42','2021-10-01','2022-09-30',NULL),(131,2565,4,'013','013001','109',3000.00,0.00,'2564-12-04','4 ธ.ค. 2564','กิจกรรมพัฒนาแหล่งเรียนรู้ตามหลักปรัชญาเศรษฐกิจพอเพียง','','','2021-12-04 15:20:05','2021-10-01','2022-09-30',NULL),(132,2565,4,'011','011001','109',10000.00,0.00,'2564-12-04','4 ธ.ค. 2564','กิจกรรมพัฒนาระบบสุขาภิบาล','','','2021-12-04 15:21:26','2021-10-01','2022-09-30',NULL),(133,2565,4,'011','011002','109',10000.00,0.00,'2564-12-04','4 ธ.ค. 2564','กิจกรรมพัฒนาสิ่งแวดล้อม','','','2021-12-04 15:22:06','2021-10-01','2022-09-30',NULL),(134,2565,4,'011','011003','109',5000.00,0.00,'2564-12-04','4 ธ.ค. 2564','กิจกรรม 5 ส','','','2021-12-04 15:22:41','2021-10-01','2022-09-30',NULL),(135,2565,2,'010','010001','118',571200.00,0.00,'2564-12-04','4 ธ.ค. 2564','กิจกรรมจัดทำอาหารกลางวัน','','','2021-12-04 15:25:31','2021-10-01','2022-09-30',NULL),(136,2565,2,'008','008001','112',78028.83,0.00,'2022-09-17','4 ธ.ค. 2564','กิจกรรมคัดกรองนักเรียนทุนเสมอภาค','','','2021-12-04 15:27:42','2021-10-01','2022-09-30',NULL),(137,2565,2,'009','009001','109',500.00,0.00,'2564-12-08','8 ธ.ค. 2564','กิจกรรมแนะแนว','','','2021-12-08 10:33:43','2021-10-01','2022-09-30',NULL),(138,2565,2,'009','009002','109',4850.00,0.00,'2564-12-08','8 ธ.ค. 2564','กิจกรรมลูกเสือ-เนตรนารี','','','2021-12-08 10:34:26','2021-10-01','2022-09-30',NULL),(139,2565,2,'009','009003','109',8500.00,0.00,'2021-12-08','8 ธ.ค. 2564','กิจกรรมชุมนุม','','','2021-12-08 10:35:09','2021-10-01','2022-09-30',NULL),(140,2565,2,'009','009004','109',8730.00,0.00,'2021-12-08','8 ธ.ค. 2564','กิจกรรมสาธารณประโยชน์','','','2021-12-08 10:36:23','2021-10-01','2022-09-30',NULL),(141,2565,2,'009','009005','109',30780.00,0.00,'2564-12-08','8 ธ.ค. 2564','กิจกรรมทัศนศึกษาแหล่งเรียนรู้','','','2021-12-08 10:37:12','2021-10-01','2022-09-30',NULL),(142,2565,2,'007','007001','109',0.00,0.00,'2022-04-02','8 ธ.ค. 2564','กิจกรรมเยี่ยมบ้าน','','','2021-12-08 10:41:20','2021-10-01','2022-09-30',NULL),(143,2565,2,'007','007002','101',18000.00,0.00,'2022-04-16','8 ธ.ค. 2564','กิจกรรมคัดกรองนักเรียน','','','2021-12-08 10:42:17','2021-10-01','2022-09-30',NULL),(144,2565,2,'007','007003','112',19500.00,0.00,'2564-12-08','8 ธ.ค. 2564','กิจกรรมมอบทุน','','','2021-12-08 10:43:01','2021-10-01','2022-09-30',NULL),(145,2565,2,'006','006001','114',77427.00,0.00,'2022-09-18','8 ธ.ค. 2564','กิจกรรมจัดซื้อหนังสือแบบเรียน','','','2021-12-08 10:44:32','2021-10-01','2022-09-30',NULL),(146,2565,2,'006','006002','115',44985.00,0.00,'2022-09-22','8 ธ.ค. 2564','กิจกรรมจัดซื้ออุปกรณ์การเรียน','','','2021-12-08 10:45:33','2021-10-01','2022-09-30',NULL),(147,2565,2,'006','006003','116',53360.00,0.00,'2564-12-08','8 ธ.ค. 2564','กิจกรรมค่าเครื่องแบบนักเรียน','','','2021-12-08 10:46:48','2021-10-01','2022-09-30',NULL),(148,2565,2,'005','005001','109',7445.00,0.00,'2564-12-08','8 ธ.ค. 2564','กิจกรรมการพัฒนาห้อง','','','2021-12-08 10:48:50','2021-10-01','2022-09-30',NULL),(149,2565,2,'005','005002','109',2000.00,0.00,'2564-12-08','8 ธ.ค. 2564','กิจกรรมแผนงาน','','','2021-12-08 10:49:25','2021-10-08','2022-09-30',NULL),(150,2565,2,'005','005003','109',3000.00,0.00,'2564-12-08','8 ธ.ค. 2564','การจัดหาวัสดุสำนักงาน','','','2021-12-08 10:50:03','2021-10-01','2022-09-30',NULL),(151,2565,3,'004','004001','109',3840.00,0.00,'2564-12-08','8 ธ.ค. 2564','กิจกรรมวันเกิด','','','2021-12-08 10:50:54','2021-10-01','2022-09-30',NULL),(152,2565,3,'004','004002','109',240.00,0.00,'2564-12-08','8 ธ.ค. 2564','เกียรติบัตรอบรม','','','2021-12-08 10:51:35','2021-10-01','2022-09-30',NULL),(153,2565,3,'004','004003','109',4010.00,0.00,'2564-12-08','8 ธ.ค. 2564','กิจกรรมส่งท้ายปีเก่าต้อนรับปีใหม่','','','2021-12-08 10:52:29','2021-10-01','2022-09-30',NULL),(154,2565,3,'004','004004','109',1800.00,0.00,'2564-12-08','8 ธ.ค. 2564','กิจกรรมเยี่ยมไข้','','','2021-12-08 10:53:16','2021-10-01','2022-09-30',NULL),(155,2565,3,'003','003001','109',2000.00,0.00,'2564-12-08','8 ธ.ค. 2564','กิจกรรมพัฒนาครูด้านวิชาการ','','','2021-12-08 10:54:40','2021-10-01','2022-09-30',NULL),(156,2565,3,'003','003002','109',1000.00,0.00,'2564-12-08','8 ธ.ค. 2564','กิจกรรมพัฒนาคุณธรรมจริยะรรม','','','2021-12-08 10:55:27','2021-10-01','2022-09-30',NULL),(157,2565,3,'003','003003','109',12000.00,0.00,'2564-12-08','8 ธ.ค. 2564','กิจกรรมศึกษาดูงาน','','','2021-12-08 10:56:11','2021-10-01','2022-09-30',NULL),(158,2565,1,'002','002001','109',21000.00,0.00,'2022-10-06','8 ธ.ค. 2564','กิจกรรมพัฒนาแหล่งเรียนรู้สาระพื้นฐาน','','','2021-12-08 10:57:43','2021-10-01','2022-09-30',NULL),(159,2565,1,'002','002002','109',7340.00,0.00,'2564-12-08','8 ธ.ค. 2564','กิจกรรมพัฒนาห้องสื่อการเรียนรู้','','','2021-12-08 10:58:29','2021-10-01','2022-09-30',NULL),(160,2565,1,'001','001001','109',11500.00,0.00,'2022-10-06','8 ธ.ค. 2564','กิจกรรมพัฒนาหลักสูตร','','','2021-12-08 10:59:19','2021-10-01','2022-09-30',NULL),(161,2565,1,'001','001002','109',3000.00,0.00,'2564-12-08','8 ธ.ค. 2564','กิจกรรมนิเทศภายใน','','','2021-12-08 11:01:27','2021-10-01','2022-09-30',NULL),(162,2565,1,'001','001003','109',66025.00,0.00,'2022-10-04','8 ธ.ค. 2564','กิจกรรมพัฒนาคุณภาพผู้เรียนด้วยทักษะการเรียนรู้','','','2021-12-08 11:02:40','2021-10-01','2022-09-30',NULL),(163,2565,1,'001','001004','109',1500.00,0.00,'2564-12-08','8 ธ.ค. 2564','กิจกรรมพัฒนางานทะเบียนและวัดผลประเมินผล','','','2021-12-08 11:03:39','2021-10-01','2022-09-30',NULL),(164,2565,1,'002','002003','109',34350.00,0.00,'2022-09-22','8 ธ.ค. 2564','การจัดหาครุุภัณฑ์สนับสนุนการจัดการเรียนการสอน','','','2021-12-08 11:08:59','2021-10-01','2022-09-30',NULL),(165,2565,4,'012','012001','109',400.00,0.00,'2564-12-08','8 ธ.ค. 2564','กิจกรรมไหว้ครู','','','2021-12-08 11:12:30','2021-10-01','2022-09-30',NULL),(166,2565,4,'012','012002','109',600.00,0.00,'2564-12-08','8 ธ.ค. 2564','กิจกรรมวันต่อต้านยาเสพติด','','','2021-12-08 11:13:08','2021-10-01','2022-09-30',NULL),(167,2565,4,'012','012003','109',0.00,0.00,'2564-12-08','8 ธ.ค. 2564','กิจกรรมสวดมนต์วันสุดสัปดาห์','','','2021-12-08 11:14:13','2021-10-01','2022-09-30',NULL),(168,2565,4,'012','012004','109',300.00,0.00,'2564-12-08','8 ธ.ค. 2564','กิจกรรมวันแม่','','','2021-12-08 11:14:47','2021-10-08','2022-09-30',NULL),(169,2565,4,'012','012005','109',400.00,0.00,'2564-12-08','8 ธ.ค. 2564','กิจกรรมธรรมะสัญจร','','','2021-12-08 11:15:36','2021-10-01','2022-09-30',NULL),(170,2565,4,'012','012006','109',600.00,0.00,'2564-12-08','8 ธ.ค. 2564','กิจกรรมส่งเสริมประชาธิปไตยในโรงเรียน','','','2021-12-08 11:16:32','2021-10-01','2022-09-30',NULL),(171,2565,4,'012','012007','109',1200.00,0.00,'2564-12-08','8 ธ.ค. 2564','กิจกรรมวันสำคัญต่างๆ','','','2021-12-08 11:17:07','2021-10-01','2022-09-30',NULL),(172,2565,4,'012','012008','109',500.00,0.00,'2564-12-08','8 ธ.ค. 2564','กิจกรรมพี่สอนน้อง','','','2021-12-08 11:17:47','2021-10-01','2022-09-30',NULL),(173,2565,4,'012','012009','109',500.00,0.00,'2564-12-08','8 ธ.ค. 2564','กิจกรรมออมวันละนิดจิตแจ่มใส','','','2021-12-08 11:18:34','2021-10-01','2022-09-30',NULL),(174,2565,4,'012','012010','109',500.00,0.00,'2564-12-08','8 ธ.ค. 2564','กิจกรรมเพาะต้นกล้าพาเพลิน','','','2021-12-08 11:19:18','2021-10-01','2022-09-30',NULL),(175,2565,4,'012','012011','109',1000.00,0.00,'2564-12-08','8 ธ.ค. 2564','กิจกรรมผักสวนครัวรั้วกินได้','','','2021-12-08 11:21:18','2021-10-01','2022-09-30',NULL),(182,2566,1,'001','001001','109',17420.00,0.00,'2022-12-28','8 ธ.ค. 2565','จัดหาเอกสาร/สื่อเทคโนโลยีและการพัฒนาการเรียนรู้','','','2022-12-08 15:48:07','2022-10-01','2023-09-30',NULL),(178,2565,4,'016','016001','109',2000.00,0.00,'2565-05-12','12 พ.ค. 2565','ปฐมนิเทศ','','','2022-05-12 13:39:32','2022-05-12','2022-09-30',NULL),(179,2565,4,'016','016002','109',2000.00,0.00,'2565-05-12','12 พ.ค. 2565','ปัจฉิมนิเทศ','','','2022-05-12 13:40:13','2022-05-12','2022-09-30',NULL),(180,2565,4,'017','017001','109',99613.25,0.00,'2022-10-04','12 พ.ค. 2565','ค่าไฟฟ้า','','','2022-05-12 13:42:14','2022-05-12','2022-09-30',NULL),(181,2565,4,'017','017002','109',2400.00,0.00,'2022-10-06','12 พ.ค. 2565','ค่าอินเทอร์เน็ต','','','2022-05-12 13:42:39','2022-05-12','2022-09-30',NULL),(183,2566,1,'001','001002','109',1500.00,0.00,'2565-12-08','8 ธ.ค. 2565','กิจกรรมพัฒนาหลักสูตร','','','2022-12-08 15:49:22','2022-10-01','2023-09-30',NULL),(184,2566,1,'001','001003','109',1500.00,0.00,'2565-12-08','8 ธ.ค. 2565','กิจกรรมนิเทศภายในด้วยระบบ PLC','','','2022-12-08 15:50:48','2022-10-01','2023-09-30',NULL),(185,2566,1,'001','001004','109',1500.00,0.00,'2023-05-27','8 ธ.ค. 2565','กิจกรรมพัฒนาทักษะการเรียนรู้ภาษาไทย','','','2022-12-08 15:52:08','2022-10-01','2023-09-30',NULL),(186,2566,1,'001','001005','109',1500.00,0.00,'2023-05-27','8 ธ.ค. 2565','กิจกรรมพัฒนาทักษะการเรียนรู้คณิตศาสตร์','','','2022-12-08 15:53:16','2022-10-01','2023-09-30',NULL),(187,2566,1,'001','001006','109',1500.00,0.00,'2023-05-27','8 ธ.ค. 2565','กิจกรรมพัฒนาทักษะการเรียนรู้วิทยาศาสตร์','','','2022-12-08 15:54:22','2022-10-01','2023-09-30',NULL),(188,2566,1,'001','001007','109',2500.00,0.00,'2023-05-27','8 ธ.ค. 2565','กิจกรรมพัฒนาทักษะการเรียนรู้สังคมศึกษา ศาสนาและวัฒนธรรม','','','2022-12-08 15:55:28','2022-10-01','2023-09-30',NULL),(189,2566,1,'001','001008','109',1500.00,0.00,'2023-05-27','8 ธ.ค. 2565','กิจกรรมพัฒนาทักษะการเรียนรู้ภาษาต่างประเทศ','','','2022-12-08 15:56:33','2022-10-01','2023-09-30',NULL),(190,2566,1,'001','001009','109',1500.00,0.00,'2023-05-27','8 ธ.ค. 2565','กิจกรรมพัฒนาทักษะการเรียนรู้คอมพิวเตอร์','','','2022-12-08 15:57:48','2022-10-01','2023-09-30',NULL),(191,2566,1,'001','001010','109',1500.00,0.00,'2023-05-27','8 ธ.ค. 2565','กิจกรรมพัฒนาทักษะการเรียนรู้สุขศึกษาและพลศึกษา','','','2022-12-08 15:58:49','2022-10-01','2023-09-30',NULL),(192,2566,1,'001','001011','109',1500.00,0.00,'2023-05-27','8 ธ.ค. 2565','กิจกรรมพัฒนาทักษะการเรียนรู้การงานอาชีพ','','','2022-12-08 15:59:25','2022-10-01','2023-09-30',NULL),(193,2566,1,'001','001012','108',29700.00,0.00,'2565-12-08','8 ธ.ค. 2565','กิจกรรมพัฒนาทักษะการเรียนรู้ระดับปฐมวัย','','','2022-12-08 16:00:58','2022-10-01','2023-09-30',NULL),(194,2566,1,'001','001013','109',1500.00,0.00,'2565-12-08','8 ธ.ค. 2565','กิจกรรมงานทะเบียนและวัดผล','','','2022-12-08 16:01:49','2022-10-01','2023-09-30',NULL),(195,2566,1,'001','001014','109',18000.00,0.00,'2023-01-04','8 ธ.ค. 2565','กิจกรรมการแข่งขันทักษะวิชาการ','','','2022-12-08 16:02:31','2022-10-01','2023-09-30',NULL),(196,2566,1,'002','002001','109',20000.00,0.00,'2023-05-27','9 ธ.ค. 2565','กิจกรรมพัฒนาแหล่งเรียนรู้สาระพื้นฐาน','','','2022-12-09 10:56:53','2022-10-01','2023-09-30',NULL),(197,2566,1,'002','002002','109',5780.00,0.00,'2023-07-25','9 ธ.ค. 2565','กิจกรรมพัฒนาห้องสื่อการเรียนรู้','','','2022-12-09 10:57:48','2022-10-01','2023-09-30',NULL),(198,2566,4,'003','003001','109',15000.00,0.00,'2023-05-27','9 ธ.ค. 2565','กิจกรรมพัฒนาสภาพแวดล้อม','','','2022-12-09 10:58:49','2022-10-01','2023-09-30',NULL),(199,2566,4,'003','003002','109',5000.00,0.00,'2023-05-27','9 ธ.ค. 2565','กิจกรรม 5 ส','','','2022-12-09 10:59:35','2022-10-01','2023-09-30',NULL),(200,2566,4,'004','004001','109',500.00,0.00,'2565-12-09','9 ธ.ค. 2565','กิจกรรมวันไหว้ครู','','','2022-12-09 11:01:32','2022-10-01','2023-09-30',NULL),(201,2566,4,'004','004002','109',500.00,0.00,'2565-12-09','9 ธ.ค. 2565','กิจกรรมวันต่อต้านยาเสพติด','','','2022-12-09 11:02:33','2022-10-01','2023-09-30',NULL),(202,2566,4,'004','004003','109',500.00,0.00,'2565-12-09','9 ธ.ค. 2565','กิจกรรมส่งเสริมประชาธิปไตย','','','2022-12-09 11:03:18','2022-10-01','2023-09-30',NULL),(204,2566,4,'004','004004','109',500.00,0.00,'2022-12-09','9 ธ.ค. 2565','กิจกรรมวันแม่แห่งชาติ','','','2022-12-09 11:04:51','2022-10-01','2023-09-30',NULL),(205,2566,4,'004','004005','109',0.00,0.00,'2022-12-09','9 ธ.ค. 2565','กิจกรรมการเยี่ยมบ้านนักเรียน','','','2022-12-09 11:06:17','2022-10-01','2023-09-30',NULL),(206,2566,4,'005','005001','109',2000.00,0.00,'2023-01-04','9 ธ.ค. 2565','กิจกรรมพัฒนาแหล่งเรียนรู้ตามหลักปรัชญาเศษฐกิจพอเพียง','','','2022-12-09 11:08:04','2022-10-01','2023-09-30',NULL),(207,2566,3,'008','008001','109',3600.00,0.00,'2023-07-26','9 ธ.ค. 2565','กิจกรรมพัฒนาครู','','','2022-12-09 11:09:30','2022-10-01','2023-09-30',NULL),(208,2566,3,'009','009001','109',2000.00,0.00,'2565-12-09','9 ธ.ค. 2565','กิจกรรมวันเกิด','','','2022-12-09 12:02:47','2022-10-01','2023-09-30',NULL),(209,2566,3,'009','009002','109',2000.00,0.00,'2565-12-09','9 ธ.ค. 2565','กิจกรรมเยี่ยมไข้','','','2022-12-09 12:04:16','2022-10-01','2023-09-30',NULL),(210,2566,3,'009','009003','109',2270.00,0.00,'2565-12-09','9 ธ.ค. 2565','กิจกรรมวันส่งท้ายปีเก่า','','','2022-12-09 12:05:13','2022-10-01','2023-09-30',NULL),(211,2566,4,'007','007001','109',10000.00,0.00,'2023-01-05','9 ธ.ค. 2565','กิจกรรมจ่ายค่าไฟฟ้า','','','2022-12-09 12:06:09','2022-10-01','2023-09-30',NULL),(212,2566,4,'007','007002','109',0.00,0.00,'2023-01-05','9 ธ.ค. 2565','กิจกรรมจ่ายค่าอินเทอร์เน็ต','','','2022-12-09 12:06:46','2022-10-01','2023-09-30',NULL),(213,2566,2,'010','010001','109',9704.00,0.00,'2023-05-27','9 ธ.ค. 2565','กิจกรรมจัดหาวัสดุสำนักงาน','','','2022-12-09 12:08:04','2022-10-01','2023-09-30',NULL),(214,2566,4,'006','006001','109',1000.00,0.00,'2023-01-04','9 ธ.ค. 2565','กิจกรรมประชุมกรรมการสถานศึกษา','','','2022-12-09 12:19:46','2022-10-01','2023-09-30',NULL),(215,2566,4,'006','006002','109',500.00,0.00,'2023-01-04','9 ธ.ค. 2565','กิจกรรมประชุมผู้ปกครอง','','','2022-12-09 12:20:26','2022-10-01','2023-09-30',NULL),(216,2566,4,'006','006003','109',500.00,0.00,'2023-01-04','9 ธ.ค. 2565','กิจกรรมร่วมงานชุมชน','','','2022-12-09 12:21:09','2022-10-01','2023-09-30',NULL),(217,2566,2,'011','011001','109',0.00,0.00,'2023-05-27','9 ธ.ค. 2565','กิจกรรมแนะแนว','','','2022-12-09 12:25:40','2022-10-01','2023-09-30',NULL),(218,2566,2,'011','011002','109',0.00,0.00,'2565-12-09','9 ธ.ค. 2565','กิจกรรมลูกเสือ','','','2022-12-09 12:26:08','2022-10-01','2023-09-30',NULL),(219,2566,2,'011','011003','109',0.00,0.00,'2565-12-09','9 ธ.ค. 2565','กิจกรรมชุมนุม','','','2022-12-09 12:26:41','2022-10-01','2023-09-30',NULL),(220,2566,2,'011','011004','117',10000.00,0.00,'2023-05-27','9 ธ.ค. 2565','กิจกรรมค่ายวิชาการ','','','2022-12-09 12:27:07','2022-10-01','2023-09-30',NULL),(221,2566,2,'011','011005','117',44640.00,0.00,'2023-08-04','9 ธ.ค. 2565','กิจกรรมทัศนศึกษาแหล่งเรียนรู้','','','2022-12-09 12:27:47','2022-10-01','2023-09-30',NULL),(222,2566,2,'012','012001','115',49655.00,0.00,'2023-05-27','9 ธ.ค. 2565','กิจกรรมเรียนฟรี ค่าอุปกรณ์การเรียน','','','2022-12-09 12:29:19','2022-10-01','2023-09-30',NULL),(223,2566,2,'012','012002','116',41550.00,0.00,'2023-05-26','9 ธ.ค. 2565','กิจกรรมค่าเครื่องแบบนักเรียน','','','2022-12-09 12:30:08','2022-10-01','2023-09-30',NULL),(224,2566,2,'013','013001','112',39000.00,0.00,'2023-05-26','9 ธ.ค. 2565','กิจกรรมทุนการศึกษา','','','2022-12-09 12:31:05','2022-10-01','2023-09-30',NULL),(225,2566,2,'014','014001','125',56418.42,0.00,'2023-05-27','9 ธ.ค. 2565','กิจกรรมทุนเสมอภาค','','','2022-12-09 12:31:48','2022-10-01','2023-09-30',NULL),(226,2566,2,'015','015001','118',556420.00,0.00,'2023-07-26','9 ธ.ค. 2565','กิจกรรมอาหารกลางวัน','','','2022-12-09 12:32:30','2022-10-01','2023-09-30',NULL),(227,2566,2,'016','016001','109',0.00,0.00,'2023-07-25','4 ม.ค. 2566','กิจกรรมปฐมนิเทศ','','','2023-01-04 10:22:56','2022-10-01','2023-09-30',NULL),(228,2566,4,'004','004006','109',2000.00,0.00,'2566-01-04','4 ม.ค. 2566','วันส่งท้ายปีเก่าต้อนรับปีใหม่','','','2023-01-04 10:25:30','2022-10-01','2023-09-30',NULL),(229,2566,4,'004','004007','109',4500.00,0.00,'2023-05-27','4 ม.ค. 2566','กิจกรรมวันเด็กแห่งชาติ','','','2023-01-04 10:26:18','2022-10-01','2023-09-30',NULL),(230,2566,4,'003','003003','109',0.00,0.00,'2566-05-25','25 พ.ค. 2566','กิจกรรมสุขาภิบาล','','','2023-05-25 21:08:00','2023-05-25','2023-09-30',NULL),(231,2566,1,'017','017001','109',500.00,0.00,'2023-05-27','25 พ.ค. 2566','กิจกรรมจัดทำแผนพัฒนาการจัดการศึกษา','','','2023-05-25 22:32:30','2023-05-25','2023-09-30',NULL),(232,2566,1,'017','017002','109',500.00,0.00,'2023-05-27','25 พ.ค. 2566','กิจกรรมจัดทำแผนปฏิบัติการประจำปี','','','2023-05-25 22:33:30','2023-05-25','2023-09-30',NULL),(233,2566,1,'017','017003','109',500.00,0.00,'2023-05-27','25 พ.ค. 2566','กิจกรรมการจัดทำรายงานประจำปร SAR','','','2023-05-25 22:34:12','2023-05-25','2023-09-30',NULL),(234,2566,2,'012','012003','114',60625.00,0.00,'2023-05-27','27 พ.ค. 2566','กิจกรรมเรียนฟรี 15 ปี ค่าหนังสือเรียน','','','2023-05-27 16:05:08','2022-10-01','2023-09-30',NULL),(236,2566,1,'002','002003','109',0.00,0.00,'2566-07-25','25 ก.ค. 2566','กิจกรรมจัดหาครุภัณฑ์สนับสนุนการจัดการเรียนการสอน','','','2023-07-25 18:49:59','2022-10-01','2023-09-30',NULL),(237,2566,4,'016','016002','109',4000.00,0.00,'2023-09-06','25 ก.ค. 2566','กิจกรรมปัจฉิมนิเทศ','','','2023-07-25 18:56:38','2022-10-01','2023-09-30',NULL),(238,2566,4,'018','018001','119',50283.41,0.00,'2566-07-25','25 ก.ค. 2566','กองทุนคุณป่สงวน-คุณย่าเจริญศรี นิลเปรม','','','2023-07-25 19:04:44','2022-10-01','2023-09-30',NULL),(239,2566,4,'019','019001','119',201150.00,0.00,'2566-07-25','25 ก.ค. 2566','กิจกรรมปรับปรุงต่อเติมอาคารปฐมวัย','','','2023-07-25 19:07:58','2022-10-01','2023-09-30',NULL),(240,2566,3,'008','008002','109',14545.00,0.00,'2023-08-07','26 ก.ค. 2566','กิจกรรมศึกษาดูงาน/บ้านนักวิทยาศาสตร์น้อย','','','2023-07-26 11:07:00','2023-07-26','2023-09-30',NULL),(241,2566,3,'008','008003','109',25000.00,0.00,'2566-07-26','26 ก.ค. 2566','กิจกรรมจ้างครู','','','2023-07-26 11:08:03','2023-07-26','2023-09-30',NULL),(242,2566,4,'004','004008','109',0.00,0.00,'2023-08-07','7 ส.ค. 2566','กิจกรรมกีฬาสี/กีฬากลุ่ม','','','2023-08-07 13:02:22','2023-08-07','2023-09-30',NULL),(243,2567,1,'002','002001','108',0.00,0.00,'2024-01-12','12 ม.ค. 2567','กิจกรรมหนูน้อยน้ำใจงาม	\r\n','','','2024-01-12 15:30:06','2023-10-01','2024-09-30',NULL),(244,2567,1,'002','002002','108',0.00,0.00,'2567-01-12','12 ม.ค. 2567','กิจกรรมหนูน้อยวินัยดี	\r\n','','','2024-01-12 15:30:54','2023-10-01','2024-09-30',NULL),(245,2567,1,'001','001001','108',500.00,0.00,'2024-06-01','12 ม.ค. 2567','กิจกรรมหนูน้อยสุขภาพดี	\r\n','','','2024-01-12 15:31:45','2023-10-01','2024-09-30',NULL),(246,2567,1,'001','001002','108',0.00,0.00,'2567-01-12','12 ม.ค. 2567','กิจกรรมกีฬาพาเพลิน	\r\n','','','2024-01-12 15:32:20','2023-10-01','2024-09-30',NULL),(247,2567,1,'001','001003','108',0.00,0.00,'2567-01-12','12 ม.ค. 2567','กิจกรรมหนูน้อยใส่ใจความปลอดภัย	\r\n','','','2024-01-12 15:32:40','2023-10-01','2024-09-30',NULL),(248,2567,1,'002','002003','108',0.00,0.00,'2567-01-12','12 ม.ค. 2567','กิจกรรมหนูน้อยคนเก่ง	\r\n','','','2024-01-12 15:33:05','2023-10-01','2024-09-30',NULL),(249,2567,1,'003','003001','108',0.00,0.00,'2567-01-12','12 ม.ค. 2567','กิจกรรมหนูน้อยนักออม	\r\n','','','2024-01-12 15:33:40','2023-10-01','2024-09-30',NULL),(250,2567,1,'003','003002','108',1000.00,0.00,'2024-06-01','12 ม.ค. 2567','กิจกรรมหนูน้อยนักอนุรักษ์	\r\n','','','2024-01-12 15:34:14','2023-10-01','2024-09-30',NULL),(251,2567,1,'004','004001','108',0.00,0.00,'2567-01-12','12 ม.ค. 2567','กิจกรรมส่งเสริมพัฒนาการทางภาษาไทย	\r\n','','','2024-01-12 15:34:42','2023-10-01','2024-09-30',NULL),(252,2567,1,'004','004002','108',0.00,0.00,'2567-01-12','12 ม.ค. 2567','กิจกรรมส่งเสริมพัฒนาการทางภาษาอังกฤษ	\r\n','','','2024-01-12 15:35:13','2023-10-01','2024-09-30',NULL),(253,2567,1,'004','004003','108',0.00,0.00,'2567-01-12','12 ม.ค. 2567','กิจกรรมส่งเสริมพัฒนาการทางคณิตศาสตร์	\r\n','','','2024-01-12 15:35:48','2023-10-01','2024-09-30',NULL),(254,2567,1,'005','005001','108',2000.00,0.00,'2024-06-01','12 ม.ค. 2567','กิจกรรมบ้านนักวิทยาศาสตร์น้อยระดับปฐมวัย	\r\n','','','2024-01-12 15:36:18','2023-10-01','2024-09-30',NULL),(255,2567,1,'005','005002','108',0.00,0.00,'2567-01-12','12 ม.ค. 2567','กิจกรรมบ้านนักวิทยาศาสตร์น้อยระดับประถมศึกษา	\r\n','','','2024-01-12 15:36:57','2023-10-01','2024-09-30',NULL),(256,2567,1,'005','005003','108',0.00,0.00,'2567-01-12','12 ม.ค. 2567','กิจกรรมพัฒนาการจัดประสบการณ์สำหรับเด็กปฐมวัยแบบ Active learning.	\r\n','','','2024-01-12 15:37:23','2023-10-01','2024-09-30',NULL),(257,2567,1,'005','005004','108',0.00,0.00,'2567-01-12','12 ม.ค. 2567','กิจกรรมประเมินพัฒนาการเด็กปฐมวัย	\r\n','','','2024-01-12 15:37:50','2023-11-01','2024-09-30',NULL),(258,2567,1,'006','006001','109',0.00,0.00,'2567-01-12','12 ม.ค. 2567','กิจกรรมจัดซื้อโปรแกรม ปพ. อบ.สำเร็จรูป	\r\n','','','2024-01-12 15:39:05','2023-10-01','2024-09-30',NULL),(259,2567,1,'006','006002','109',3000.00,0.00,'2024-06-01','12 ม.ค. 2567','กิจกรรมจัดซื้อตู้เก็บเอกสารงานทะเบียน	\r\n','','','2024-01-12 15:39:30','2023-10-01','2024-09-30',NULL),(260,2567,1,'006','006003','109',0.00,0.00,'2567-01-12','12 ม.ค. 2567','กิจกรรมจัดซื้อวัสดุงานทะเบียน วัดผลและประเมินผล	\r\n','','','2024-01-12 15:39:52','2023-10-01','2024-09-30',NULL),(261,2567,1,'007','007001','109',0.00,0.00,'2567-01-12','12 ม.ค. 2567','กิจกรรมพัฒนาและปรับปรุงหลักสูตรสถานศึกษาระดับประถมศึกษา	\r\n','','','2024-01-12 15:40:18','2023-10-01','2024-09-30',NULL),(262,2567,1,'007','007002','109',0.00,0.00,'2567-01-12','12 ม.ค. 2567','กิจกรรมพัฒนาและปรับปรุงหลักสูตรสถานศึกษาระดับปฐมวัย	\r\n','','','2024-01-12 15:40:38','2023-10-01','2024-09-30',NULL),(263,2567,1,'008','008001','108',3300.00,0.00,'2024-02-27','12 ม.ค. 2567','กิจกรรมปรับปรุงและพัฒนามุมประสบการณ์ภายในชั้นเรียนปฐมวัย	\r\n','','','2024-01-12 15:41:49','2023-10-01','2024-09-30',NULL),(342,2567,2,'017','017004','109',4250.00,0.00,'2024-06-17','17 มิ.ย. 2567','เงนประกันสัญญาจ้างเหมาครูผูู้ทรงคุณค่า','','','2024-06-17 21:20:13','2024-05-02','2024-05-31',NULL),(265,2567,1,'008','008003','109',0.00,0.00,'2024-06-01','12 ม.ค. 2567','กิจกรรมฐานการเรียนรู้ตามศาสตร์พระราชา	\r\n','','','2024-01-12 15:42:42','2023-10-01','2024-09-30',NULL),(340,2567,1,'008','008002','108',1490.00,0.00,'2567-06-01','1 มิ.ย. 2567','กิจกรรมปรับปรุงและพัฒนาห้องศูนย์สื่อระดับปฐมวัย','','','2024-06-01 15:15:42','2023-10-01','2024-09-30',NULL),(341,2567,1,'011','011004','109',200.00,0.00,'2567-06-01','1 มิ.ย. 2567','กิจกรรมเยี่ยมบ้านระดับประถมศึกษา','','','2024-06-01 15:20:54','2023-10-01','2024-09-30',NULL),(268,2567,1,'009','009001','108',16500.00,0.00,'2024-02-27','12 ม.ค. 2567','กิจกรรมจัดซื้อวัสดุเพื่อพัฒนาสื่อการจัดการเรียนการสอนระดับปฐมวัย	\r\n','','','2024-01-12 15:44:11','2023-10-01','2024-09-30',NULL),(269,2567,1,'009','009002','109',44000.00,0.00,'2024-02-27','12 ม.ค. 2567','กิจกรรมจัดซื้อวัสดุเพื่อพัฒนาสื่อการจัดการเรียนการสอนระดับประถมศึกษา	\r\n','','','2024-01-12 15:44:52','2023-10-01','2024-09-30',NULL),(270,2567,1,'011','011001','108',500.00,0.00,'2024-06-01','12 ม.ค. 2567','กิจกรรมเยี่ยมบ้านระดับปฐมวัย	\r\n','','','2024-01-12 15:46:35','2023-10-01','2024-09-30',NULL),(271,2567,1,'011','011002','112',7000.00,0.00,'2024-02-27','12 ม.ค. 2567','กิจกรรมมอบทุนปัจจัยพื้นฐานนักเรียนยากจน	\r\n','','','2024-01-12 15:47:44','2023-10-01','2024-09-30',NULL),(272,2567,1,'013','013001','109',2000.00,0.00,'2024-02-27','12 ม.ค. 2567','กิจกรรมทดสอบทางวิชาการ (O-net,NT,RT)	\r\n','','','2024-01-12 15:48:44','2023-10-01','2024-09-30',NULL),(273,2567,1,'013','013002','109',8300.00,0.00,'2024-02-27','12 ม.ค. 2567','กิจกรรมค่ายยกระดับผลสัมฤทธิ์ทางการเรียนระดับประถมศึกษา (ไทย,วิทย์,คณิต,อังกฤษ)	\r\n','','','2024-01-12 15:49:16','2023-10-01','2024-09-30',NULL),(274,2567,1,'013','013003','117',5000.00,0.00,'2024-02-27','12 ม.ค. 2567','กิจกรรมค่ายคอมพิวเตอร์และโคดดิ้ง	\r\n','','','2024-01-12 15:49:37','2023-10-01','2024-09-30',NULL),(275,2567,1,'013','013004','109',2000.00,0.00,'2024-02-27','12 ม.ค. 2567','กิจกรรมเปิดบ้านวิชาการ (Open House) ระดับประถมศึกษา	\r\n','','','2024-01-12 15:49:56','2023-10-01','2024-09-30',NULL),(276,2567,1,'013','013005','117',4725.00,0.00,'2024-02-27','12 ม.ค. 2567','กิจกรรมเปิดบ้านวิชาการ (Open House) ระดับปฐมวัย	\r\n','','','2024-01-12 15:50:19','2023-10-01','2024-09-30',NULL),(277,2567,1,'014','014001','109',0.00,0.00,'2567-01-12','12 ม.ค. 2567','กิจกรรมจัดทำข้อมูลสารสนเทศการประกันคุณภาพภายในสถานศึกษา	\r\n','','','2024-01-12 15:50:57','2023-10-01','2024-09-30',NULL),(278,2567,1,'014','014002','109',500.00,0.00,'2024-02-27','12 ม.ค. 2567','กิจกรรมประเมินคุณภาพภายในตามมาตรฐานการศึกษา และจัดทำรายงานผล	\r\n','','','2024-01-12 15:51:23','2023-10-01','2024-09-30',NULL),(279,2567,1,'015','015001','109',0.00,0.00,'2567-01-12','12 ม.ค. 2567','กิจกรรม PLC ระดับประถมศึกษา	\r\n','','','2024-01-12 15:52:01','2023-10-01','2024-09-30',NULL),(280,2567,1,'015','015002','109',0.00,0.00,'2567-01-12','12 ม.ค. 2567','กิจกรรม PLC ระดับปฐมวัย	\r\n','','','2024-01-12 15:52:23','2023-10-01','2024-09-30',NULL),(281,2567,1,'015','015003','109',0.00,0.00,'2567-01-12','12 ม.ค. 2567','กิจกรรมห้องเรียนคุณภาพระดับประถมศึกษา	\r\n','','','2024-01-12 15:52:44','2023-10-01','2024-09-30',NULL),(282,2567,1,'015','015004','109',0.00,0.00,'2567-01-12','12 ม.ค. 2567','กิจกรรมห้องเรียนคุณภาพระดับปฐมวัย	\r\n','','','2024-01-12 15:53:01','2023-10-01','2024-09-30',NULL),(283,2567,3,'016','016001','109',0.00,0.00,'2567-01-12','12 ม.ค. 2567','กิจกรรมพัฒนาศักยภาพครูและบุคลากรทางการศึกษา\r\n','','','2024-01-12 15:53:42','2023-10-01','2024-09-30',NULL),(284,2567,3,'016','016002','109',0.00,0.00,'2567-01-12','12 ม.ค. 2567','กิจกรรมทัศนศึกษาดูงาน\r\n','','','2024-01-12 15:54:00','2023-10-01','2024-09-30',NULL),(285,2567,3,'016','016003','109',0.00,0.00,'2567-01-12','12 ม.ค. 2567','กิจกรรมสร้างขวัญกำลังใจ\r\n','','','2024-01-12 15:54:19','2023-10-01','2024-09-30',NULL),(291,2567,2,'018','018001','109',0.00,0.00,'2567-01-12','12 ม.ค. 2567','กิจกรรมจัดทำแผนพัฒนาคุณภาพการศึกษา  และแผนปฏิบัติการประจำปี	\r\n','','','2024-01-12 15:57:01','2023-10-01','2024-09-30',NULL),(290,2567,2,'017','017002','109',0.00,0.00,'2567-01-12','12 ม.ค. 2567','กิจกรรมจัดซื้อวัสดุพัฒนางานพัสดุและสินทรัพย์\r\n','','','2024-01-12 15:56:35','2023-10-01','2024-09-30',NULL),(289,2567,2,'017','017001','109',1000.00,0.00,'2024-06-01','12 ม.ค. 2567','กิจกรรมจัดซื้อวัสดุพัฒนางานการเงินและบัญชี\r\n','','','2024-01-12 15:56:17','2023-10-01','2024-09-30',NULL),(292,2567,2,'018','018002','117',0.00,0.00,'2567-01-12','12 ม.ค. 2567','กิจกรรมจัดทำข้อมูลสารสนเทศการควบคุมภายในสถานศึกษา 	\r\n','','','2024-01-12 15:57:25','2023-10-01','2024-09-30',NULL),(293,2567,4,'020','020001','115',26020.00,0.00,'2024-02-27','18 ม.ค. 2567','ค่าอุปกรณ์การเรียน','','','2024-01-18 15:46:44','2023-10-01','2024-09-30',NULL),(294,2567,4,'020','020002','116',36075.00,0.00,'2024-06-01','18 ม.ค. 2567','ค่าเครื่องแบบนักเรียน','','','2024-01-18 15:47:29','2023-10-01','2024-09-30',NULL),(295,2567,4,'020','020003','114',0.00,0.00,'2024-02-18','18 ม.ค. 2567','ค่าหนังสือเรียน','','','2024-01-18 15:48:37','2023-10-01','2024-09-30',NULL),(335,2567,4,'021','021001','109',2000.00,0.00,'2567-02-27','27 ก.พ. 2567','กิจกรรมพัฒนาระบบงานสารบรรณ','','','2024-02-27 14:37:44','2023-10-01','2024-09-30',NULL),(302,2567,4,'023','023002','109',0.00,0.00,'2567-01-19','19 ม.ค. 2567','กิจกรรมทำความสะอาดเขตรับผิดชอบ','','','2024-01-19 14:21:41','2023-10-01','2024-09-30',NULL),(336,2567,4,'021','021002','109',2000.00,0.00,'2025-08-17','27 ก.พ. 2567','กิจกรรมจัดซื้อวัสดุสำนักงานห้องธุรการ','','','2024-02-27 14:39:33','2023-10-01','2024-09-30',NULL),(300,2567,2,'019','019001','109',2990.00,0.00,'2024-06-01','19 ม.ค. 2567','ซ่อมแซมคุรภัณฑ์','','','2024-01-19 13:57:51','2023-10-01','2024-09-30',NULL),(301,2567,4,'023','023001','109',3900.00,0.00,'2024-02-27','19 ม.ค. 2567','กิจกรรมจัดซื้อวัสดุ อุปกรณ์ทำความสะอาด','','','2024-01-19 14:20:13','2023-10-01','2024-09-30',NULL),(303,2567,4,'023','023003','109',0.00,0.00,'2024-06-01','19 ม.ค. 2567','กิจกรรมปรับปรุงภูมิทัศน์','','','2024-01-19 14:22:12','2023-10-01','2024-09-30',NULL),(304,2567,4,'023','023004','109',2283.00,0.00,'2024-02-27','19 ม.ค. 2567','กิจกรรมปรับปรุงระบบน้ำประปาภายในโรงเรียน','','','2024-01-19 14:22:32','2023-10-01','2024-09-30',NULL),(305,2567,4,'023','023005','109',0.00,0.00,'2567-01-19','19 ม.ค. 2567','กิจกรรมซ่อมแซมห้องน้ำนักเรียน','','','2024-01-19 14:22:56','2023-10-01','2024-09-30',NULL),(306,2567,4,'024','024001','108',600.00,0.00,'2024-06-01','19 ม.ค. 2567','กิจกรรมประชาสัมพันธ์การรับนักเรียน','','','2024-01-19 14:23:33','2023-10-01','2024-09-30',NULL),(307,2567,4,'024','024002','108',0.00,0.00,'2567-01-19','19 ม.ค. 2567','กิจกรรมจัดซื้อชุดกีฬาและผ้ากันเปื้อนอนุบาล','','','2024-01-19 14:23:53','2023-10-01','2024-09-30',NULL),(308,2567,4,'024','024003','108',9008.00,0.00,'2024-06-01','19 ม.ค. 2567','กิจกรรมจัดซื้อชุดกีฬาระดับประถมศึกษา','','','2024-01-19 14:24:13','2023-10-01','2024-09-30',NULL),(309,2567,4,'025','025001','109',0.00,0.00,'2567-01-19','19 ม.ค. 2567','กิจกรรมประชาธิปไตยในโรงเรียน/สภานักเรียน','','','2024-01-19 14:24:37','2023-10-01','2024-09-30',NULL),(310,2567,4,'025','025002','117',1000.00,0.00,'2024-02-27','19 ม.ค. 2567','กิจกรรมลูกเสือสำรอง','','','2024-01-19 14:24:53','2023-10-01','2024-09-30',NULL),(311,2567,4,'025','025003','117',3000.00,0.00,'2024-02-27','19 ม.ค. 2567','กิจกรรมลูกเสือสามัญ','','','2024-01-19 14:25:12','2023-10-01','2024-09-30',NULL),(312,2567,4,'025','025004','109',0.00,0.00,'2567-01-19','19 ม.ค. 2567','กิจกรรมห้องพยาบาล','','','2024-01-19 14:25:30','2023-10-01','2024-09-30',NULL),(313,2567,4,'025','025005','109',3000.00,0.00,'2024-02-27','19 ม.ค. 2567','กิจกรรมกีฬาภายใน และกีฬากลุ่มเครือข่าย','','','2024-01-19 14:25:44','2023-10-01','2024-09-30',NULL),(314,2567,4,'026','026001','109',0.00,0.00,'2567-01-19','19 ม.ค. 2567','วันสำคัญทางศาสนา','','','2024-01-19 14:26:11','2023-10-01','2024-09-30',NULL),(315,2567,4,'026','026002','109',1674.00,0.00,'2024-02-27','19 ม.ค. 2567','วันสำคัญของสถาบันพระมหากษัตริย์','','','2024-01-19 14:26:26','2023-10-01','2024-09-30',NULL),(316,2567,4,'026','026003','109',1000.00,0.00,'2024-02-27','19 ม.ค. 2567','วันคริสมาส วันขึ้นปีใหม่และวันเด็กแห่งชาติ','','','2024-01-19 14:26:44','2023-10-01','2024-09-30',NULL),(317,2567,4,'026','026004','109',1000.00,0.00,'2024-02-27','19 ม.ค. 2567','วันภาษาไทยแห่งชาติ วันสุนทรภู่ และวันต่อต้านยาเสพติด','','','2024-01-19 14:27:05','2023-10-01','2024-09-30',NULL),(318,2567,4,'026','026005','109',0.00,0.00,'2567-01-19','19 ม.ค. 2567','วันไหว้ครู','','','2024-01-19 14:27:29','2023-10-01','2024-09-30',NULL),(319,2567,4,'026','026006','109',0.00,0.00,'2567-01-19','19 ม.ค. 2567','วันสถาปนาลูกเสือแห่งชาติ','','','2024-01-19 14:27:47','2023-10-01','2024-09-30',NULL),(320,2567,4,'026','026007','109',0.00,0.00,'2567-01-19','19 ม.ค. 2567','วันสมเด็จพระมหาธีรราชเจ้า','','','2024-01-19 14:28:05','2023-10-01','2024-09-30',NULL),(321,2567,4,'026','026008','109',0.00,0.00,'2567-01-19','19 ม.ค. 2567','กิจกรรมสวดมนต์วันสุดสัปดาห์','','','2024-01-19 14:28:32','2023-10-01','2024-09-30',NULL),(322,2567,4,'026','026009','109',2518.00,0.00,'2024-02-27','19 ม.ค. 2567','กิจกรรมปฐมนิเทศ/ปัจฉิมนิเทศ','','','2024-01-19 14:28:49','2023-10-01','2024-09-30',NULL),(323,2567,4,'026','026010','109',0.00,0.00,'2567-01-19','19 ม.ค. 2567','กิจกรรมจิตอาสา เราจะทำดีด้วยหัวใจ (Volunteer Big Clearning Day)','','','2024-01-19 14:29:06','2023-10-01','2024-09-30',NULL),(324,2567,4,'027','027001','109',1440.00,0.00,'2024-02-27','19 ม.ค. 2567','กิจกรรมประชุมผู้ปกครองนักเรียน (ระดับปฐมวัยและประถมศึกษา)','','','2024-01-19 14:29:40','2023-10-01','2024-09-30',NULL),(325,2567,4,'027','027002','109',1000.00,0.00,'2024-02-27','19 ม.ค. 2567','กิจกรรมประชุมคณะกรรมการสถานศึกษา','','','2024-01-19 14:30:02','2023-10-01','2024-09-30',NULL),(326,2567,4,'027','027003','109',0.00,0.00,'2567-01-19','19 ม.ค. 2567','กิจกรรมร่วมงานชุมชน','','','2024-01-19 14:30:20','2023-10-01','2024-09-30',NULL),(327,2567,4,'028','028001','118',589600.00,0.00,'2024-02-27','19 ม.ค. 2567','กิจกรรมประกอบอาหารกลางวัน','','','2024-01-19 14:37:00','2023-10-01','2024-09-30',NULL),(328,2567,1,'010','010001','117',7000.00,0.00,'2024-02-27','19 ม.ค. 2567','กิจกรรมอบรมค่ายพัฒนาทักษะชีวิตและอาชีพ','','','2024-01-19 14:39:44','2023-10-01','2024-09-30',NULL),(329,2567,2,'017','017003','109',84000.00,0.00,'2024-01-19','19 ม.ค. 2567','ค่าไฟฟ้า','','','2024-01-19 19:16:10','2024-10-01','2024-09-30',NULL),(339,2567,1,'012','012001','120',10000.00,0.00,'2567-02-27','27 ก.พ. 2567','ค่ายพัฒนาทักษะอาชีพ','','','2024-02-27 15:13:11','2023-10-01','2024-09-30',NULL),(331,2567,4,'020','020004','117',33820.00,0.00,'2024-02-18','18 ก.พ. 2567','กิจกรรมพัฒนาผู้เรียน','','','2024-02-18 22:13:23','2023-10-01','2024-09-30',NULL),(344,2568,1,'001','001001','108',3000.00,0.00,'2025-10-10','24 ต.ค. 2567','กิจกรรมหนูน้อยสุขภาพดี	\r\n','','','2024-10-24 21:55:56','2024-10-01','2025-09-30',NULL),(334,2567,1,'011','011003','125',16000.00,0.00,'2567-02-27','27 ก.พ. 2567','กิจกรรมทุนเสมอภาค','','','2024-02-27 14:10:53','2024-02-27','2024-09-30',NULL),(337,2567,4,'022','022001','109',4000.00,0.00,'2567-02-27','27 ก.พ. 2567','กิจกรรมจัดซื้อตู้เก็บเอกสารข้อมูลสารสนเทศ','','','2024-02-27 14:42:56','2023-10-01','2024-09-30',NULL),(338,2567,4,'022','022002','109',0.00,0.00,'2567-02-27','27 ก.พ. 2567','กิจกรรมจัดซื้อแฟ้มเอกสาร','','','2024-02-27 14:43:56','2023-10-01','2024-09-30',NULL),(345,2568,1,'001','001002','108',700.00,0.00,'2025-10-10','24 ต.ค. 2567','กิจกรรมกีฬาพาเพลิน	\r\n','','','2024-10-24 21:56:43','2024-10-01','2025-09-30',NULL),(346,2568,1,'001','001003','108',1071.00,0.00,'2025-10-10','24 ต.ค. 2567','กิจกรรมหนูน้อยใส่ใจความปลอดภัย	\r\n','','','2024-10-24 21:57:21','2024-10-01','2025-09-30',NULL),(367,2568,1,'002','002001','108',0.00,0.00,'2567-11-15','15 พ.ย. 2567','กิจกรรมพัฒนาปรับปรุงหลักสูตรสถานศึกษาระดับปฐมวัย','','','2024-11-15 11:29:37','2024-10-01','2025-09-30',NULL),(368,2568,1,'002','002002','108',2000.00,0.00,'2025-10-10','15 พ.ย. 2567','กิจกรรมปรับปรุงพัฒนามุมประสบการณ์ภายในชั้นเรียนปฐมวัย','','','2024-11-15 11:30:43','2024-10-01','2025-09-30',NULL),(369,2568,1,'002','002003','108',2500.00,0.00,'2025-10-10','15 พ.ย. 2567','กิจกรรมปรับปรุงและพัฒนาห้องศูนย์สื่อระดับปฐมวัย','','','2024-11-15 13:07:00','2024-10-01','2025-09-30',NULL),(358,2568,1,'001','001004','108',0.00,0.00,'2024-11-15','15 พ.ย. 2567','กิจกรรมหนูน้อยน้ำใจงาม','','','2024-11-15 11:19:32','2024-10-01','2025-09-30',NULL),(359,2568,1,'001','001005','108',0.00,0.00,'2567-11-15','15 พ.ย. 2567','กิจกรรมหนูน้อยวินัยดี','','','2024-11-15 11:20:12','2024-10-01','2025-09-30',NULL),(360,2568,1,'001','001006','108',0.00,0.00,'2567-11-15','15 พ.ย. 2567','กิจกรรมหนูน้อยคนเก่ง','','','2024-11-15 11:20:56','2024-10-01','2025-09-30',NULL),(361,2568,1,'001','001007','108',0.00,0.00,'2567-11-15','15 พ.ย. 2567','กิจกรรมหนูน้อยนักออม','','','2024-11-15 11:21:33','2024-10-01','2025-09-30',NULL),(362,2568,1,'001','001008','108',3000.00,0.00,'2024-12-24','15 พ.ย. 2567','กิจกรรมหนูน้อยนักอนุรักษ์','','','2024-11-15 11:22:10','2024-10-01','2025-09-30',NULL),(363,2568,1,'001','001009','108',1120.00,0.00,'2025-10-10','15 พ.ย. 2567','กิจกรรมส่งเสริมพัฒนาการทางภาษาไทย','','','2024-11-15 11:22:59','2024-10-01','2025-09-30',NULL),(364,2568,1,'001','001010','108',0.00,0.00,'2025-10-10','15 พ.ย. 2567','กิจกรรมส่งเสริมพัฒนาการทางภาษาอังกฤษ','','','2024-11-15 11:23:41','2024-10-01','2025-09-30',NULL),(365,2568,1,'001','001011','108',0.00,0.00,'2025-10-10','15 พ.ย. 2567','กิจกรรมส่งเสริมพัฒนาการทางคณิตศาสตร์','','','2024-11-15 11:24:28','2024-10-01','2025-09-30',NULL),(370,2568,1,'002','002004','108',2000.00,0.00,'2025-10-10','15 พ.ย. 2567','กิจกรรมบ้านนักวิทยาศาสตร์น้อยระดับปฐมวัย','','','2024-11-15 13:09:50','2024-10-01','2025-09-30',NULL),(371,2568,1,'002','002005','108',0.00,0.00,'2025-10-10','15 พ.ย. 2567','กิจกรรมการพัฒนาการจัดประสบการณ์สำหรับเด็กปฐมวัย Active laerning','','','2024-11-15 13:13:17','2024-10-01','2025-09-30',NULL),(372,2568,1,'002','002006','108',0.00,0.00,'2567-11-15','15 พ.ย. 2567','กิจกรรมกรรมประเมินพัฒนาการเด็กปฐมวัย','','','2024-11-15 13:14:48','2024-10-01','2025-09-30',NULL),(373,2568,1,'002','002007','108',0.00,0.00,'2025-10-10','15 พ.ย. 2567','กิจกกรมทัศนศึกษาแหล่งเรียนรู้นอกสถานศุึกษาระดับปฐมวัย','','','2024-11-15 13:16:49','2024-10-01','2025-09-30',NULL),(374,2568,1,'002','002008','108',2200.00,0.00,'2024-12-24','15 พ.ย. 2567','กิจกรรมเปิดบ้านวิชาการ (Opan House)ระดับปฐมวัย','','','2024-11-15 13:18:37','2024-10-01','2025-09-30',NULL),(375,2568,1,'003','003001','109',11266.00,0.00,'2025-10-10','15 พ.ย. 2567','แข่งขันทักษะวิชาการ','','','2024-11-15 13:21:38','2024-10-01','2025-09-30',NULL),(376,2568,1,'003','003002','109',5707.00,0.00,'2025-10-10','15 พ.ย. 2567','กิจกรรมทดสอบทางวิชาการ (O-net,NT,RT)','','','2024-11-15 13:24:08','2024-10-01','2025-09-30',NULL),(416,2568,1,'003','003004','109',3000.00,0.00,'2567-11-25','25 พ.ย. 2567','กิจกรรมบ้านนักวิทยาศาสตร์น้อยระดับปรถมศึกษา','','','2024-11-25 13:09:18','2024-10-01','2025-09-30',NULL),(415,2568,1,'003','003003','109',14500.00,0.00,'2025-10-10','25 พ.ย. 2567','กิจกรรมค่ายยกระดับผลสัมฤทธิ์ทางการเรียนระดับประถมศึกษา','','','2024-11-25 13:08:06','2024-10-01','2025-09-30',NULL),(417,2568,1,'003','003005','109',1210.00,0.00,'2024-12-24','25 พ.ย. 2567','กิจกรรมเปิดบ้านวิชาการ(open House)','','','2024-11-25 13:10:47','2024-10-01','2025-09-30',NULL),(380,2568,1,'004','004001','109',3790.00,0.00,'2024-12-24','15 พ.ย. 2567','กิจกรรมงานทะเบียน วัดผลและประเมินผล','','','2024-11-15 13:32:52','2024-10-01','2025-09-30',NULL),(384,2568,1,'004','004003','109',1000.00,0.00,'2567-11-15','15 พ.ย. 2567','ประกันคุณภาพภายในสถานศึกษา','','','2024-11-15 13:40:41','2024-10-01','2025-09-30',NULL),(383,2568,1,'004','004002','109',29198.00,0.00,'2025-10-10','15 พ.ย. 2567','กิจกรรมจัดซื้อวัสดุ/ปรับปรุงและพัฒนาห้องเรียนและห้องปฏฺิบัติการ','','','2024-11-15 13:39:46','2024-10-01','2025-09-30',NULL),(443,2568,1,'004','004007','109',0.00,0.00,'2568-10-10','10 ต.ค. 2568','ระบบดูแลช่วยเหลือนักเรียน','','','2025-10-10 09:50:03','2024-10-01','2025-09-30',NULL),(386,2568,1,'004','004005','117',34573.00,0.00,'2025-10-10','15 พ.ย. 2567','กิจกรรมทัศนศึกษาแหล่งเรียนรู้','','','2024-11-15 13:43:01','2024-10-01','2025-09-30',NULL),(387,2568,1,'004','004006','109',1686.00,0.00,'2025-10-10','15 พ.ย. 2567','กิจกรรมปฐมนิเทศ/ปัจฉิมนิเทศ','','','2024-11-15 13:44:22','2024-10-01','2025-09-30',NULL),(388,2568,3,'005','005001','109',14000.00,0.00,'2025-10-10','15 พ.ย. 2567','กิจกรรมพัฒนาศักยภาพครูและบุคลากรทางการศึกษา','','','2024-11-15 13:52:45','2024-10-01','2025-09-30',NULL),(389,2568,3,'005','005002','109',0.00,0.00,'2025-10-10','15 พ.ย. 2567','กิจกรรมนิเทศภายใน','','','2024-11-15 13:55:22','2024-10-01','2025-09-30',NULL),(390,2568,3,'006','006001','109',1500.00,0.00,'2567-11-15','15 พ.ย. 2567','กิจกรรมวันเกิด','','','2024-11-15 14:20:58','2024-10-01','2025-09-30',NULL),(418,2568,4,'008','008003','101',3498.00,0.00,'2025-10-10','25 พ.ย. 2567','กิจกรรมปรับปรุงต่อเติมห้องน้ำอนุบาล','','','2024-11-25 14:46:34','2024-10-01','2025-09-30',NULL),(392,2568,4,'007','007001','109',92169.00,0.00,'2025-10-10','15 พ.ย. 2567','ค่าสาธารณูปโภค','','','2024-11-15 14:27:26','2024-10-01','2025-09-30',NULL),(393,2568,4,'007','007002','109',0.00,0.00,'2025-10-10','15 พ.ย. 2567','กิจกรรมนำส่งเงินรายได้แผ่นดิน','','','2024-11-15 14:30:32','2024-10-01','2025-09-30',NULL),(394,2568,4,'007','007003','109',4290.00,0.00,'2025-10-10','15 พ.ย. 2567','กิจกรรมพัฒนางานการเงินและการบัญชี','','','2024-11-15 14:32:06','2024-10-01','2025-09-30',NULL),(395,2568,4,'007','007004','109',9210.00,0.00,'2025-10-10','15 พ.ย. 2567','กิจกรรมพัฒนางานพัสดุและสินทรัพย์','','','2024-11-15 14:33:49','2024-10-01','2025-09-30',NULL),(396,2568,4,'007','007005','109',3790.00,0.00,'2025-10-10','15 พ.ย. 2567','กิจกรรมจัดทำแผนพัฒนาคุณภาพการศึกษา และแผนปฏิบัติการประจำปี','','','2024-11-15 14:35:56','2024-10-01','2025-09-30',NULL),(397,2568,4,'007','007006','109',0.00,0.00,'2025-10-10','15 พ.ย. 2567','กิจกรรมจัดทำข้อมูลสารสนเทศการควบคุมภายในสถานศึกษา','','','2024-11-15 14:37:45','2024-10-01','2025-09-30',NULL),(398,2568,4,'008','008001','109',5290.00,0.00,'2025-10-10','15 พ.ย. 2567','กิจกรรมพัฒนาระบบงานสารบรรณและสารสนเทศ','','','2024-11-15 14:41:33','2024-10-01','2025-09-30',NULL),(399,2568,4,'008','008002','109',40540.00,0.00,'2025-10-10','15 พ.ย. 2567','กิจกรรมพัฒนา ปรับปรุง ซ่อมแซมอาคารสถานที่และสิ่งแวดล้อม','','','2024-11-15 14:43:13','2024-10-01','2025-09-30',NULL),(400,2568,4,'009','009001','109',1260.00,0.00,'2025-10-10','15 พ.ย. 2567','กิจกรรมประชาธิปไตรในโรงเรียน/สภานักเรียน','','','2024-11-15 14:47:22','2024-10-01','2025-09-30',NULL),(401,2568,4,'009','009002','117',4000.00,0.00,'2025-10-10','15 พ.ย. 2567','กิจกรรมลูกเสือ','','','2024-11-15 14:48:11','2024-10-01','2025-09-30',NULL),(402,2568,4,'009','009003','109',10000.00,0.00,'2025-10-10','15 พ.ย. 2567','กิจกรรมกีฬา','','','2024-11-15 14:48:55','2024-10-01','2025-09-30',NULL),(403,2568,4,'009','009004','109',7840.00,0.00,'2025-10-10','15 พ.ย. 2567','กิจกรรมวันสำคัญ','','','2024-11-15 14:49:39','2024-10-01','2025-09-30',NULL),(404,2568,4,'009','009005','109',0.00,0.00,'2025-10-10','15 พ.ย. 2567','กิจกรรมสวดมนต์วันสุดสัปดาห์','','','2024-11-15 14:50:50','2024-10-01','2025-09-30',NULL),(405,2568,4,'010','010001','109',580.00,0.00,'2025-10-10','15 พ.ย. 2567','กิจกรรมประชาสัมพันธิ์การรับนักเรียน','','','2024-11-15 14:54:38','2024-10-01','2025-09-30',NULL),(406,2568,4,'010','010002','109',3500.00,0.00,'2567-11-15','15 พ.ย. 2567','กิจกรรมประชุมผู้ปกครอง','','','2024-11-15 14:55:33','2024-10-01','2025-09-30',NULL),(407,2568,4,'010','010003','109',0.00,0.00,'2025-10-10','15 พ.ย. 2567','กิจกรรมประชุมคณะกรรมการสถานศึกษา','','','2024-11-15 14:56:49','2024-10-01','2025-09-30',NULL),(408,2568,4,'010','010004','109',0.00,0.00,'2024-11-25','15 พ.ย. 2567','กิจกรรมร่วมงานชุมนุม','','','2024-11-15 14:57:45','2024-10-01','2025-09-30',NULL),(409,2568,4,'011','011001','116',50850.00,0.00,'2025-10-10','15 พ.ย. 2567','ค่าเครื่องแบบนักเรียน','','','2024-11-15 14:59:59','2024-10-01','2025-09-30',NULL),(410,2568,4,'011','011002','116',72687.00,0.00,'2025-10-10','15 พ.ย. 2567','ค่าหนังสือแบบเรียน','','','2024-11-15 15:00:51','2024-10-01','2025-09-30',NULL),(411,2568,4,'011','011003','115',51635.00,0.00,'2025-10-10','15 พ.ย. 2567','ค่าอุปกรณ์การเรียน','','','2024-11-15 15:01:39','2024-10-01','2025-09-30',NULL),(412,2568,4,'011','011004','117',67853.00,0.00,'2025-10-10','15 พ.ย. 2567','กิจกรรมพัฒนาผู้เรียน','','','2024-11-15 15:02:19','2024-10-01','2025-09-30',NULL),(413,2568,4,'012','012001','118',586300.00,0.00,'2025-10-10','18 พ.ย. 2567','กิจกรรมจัดทำอาหารกลางวัน','','','2024-11-18 10:02:18','2024-10-01','2025-09-30',NULL),(428,2568,4,'013','013001','120',10000.00,0.00,'2567-11-27','27 พ.ย. 2567','กิจกรรมหนูน้อยวัยใสใส่ใจสุขภาพ','','','2024-11-27 10:39:13','2024-10-01','2025-09-30',NULL),(429,2568,1,'002','002009','108',2085.00,0.00,'2025-10-10','24 ธ.ค. 2567','กิจกรรมการแข่งขันทักษะวิชาการ','','','2024-12-24 20:00:48','2024-10-01','2025-09-30',NULL),(431,2568,4,'014','014001','',0.00,0.00,'2567-12-24','24 ธ.ค. 2567','กิจกรรมอาหารเสริมนม','','','2024-12-24 20:26:36','2024-10-01','2025-09-30',NULL),(430,2568,3,'006','006002','109',0.00,0.00,'2025-10-10','24 ธ.ค. 2567','กิจกรรมเยี่ยมไข้','','','2024-12-24 20:16:26','2024-12-24','2025-09-30',NULL),(433,2568,4,'016','016001','101',6000.00,0.00,'2025-10-10','8 ม.ค. 2568','กิจกรรมจัดหาชุดกิจกรรม','','','2025-01-08 11:08:58','2024-10-01','2025-09-30',NULL),(434,2568,1,'015','015001','126',10871.00,0.00,'2025-10-10','4 ก.พ. 2568','หัตถศิลป์สู่จินตนาการ','','','2025-02-04 18:50:12','2024-10-01','2025-09-30',NULL),(435,2568,1,'015','015002','126',33575.00,0.00,'2025-10-10','4 ก.พ. 2568','สุนทรียภาพแแห่งชีวิต','','','2025-02-04 18:52:09','2025-10-01','2025-09-30',NULL),(432,2568,4,'008','008004','109',2589.00,0.00,'2025-10-10','3 ม.ค. 2568','กิจกรรมจัดหายาและเวชภัณฑ์','','','2025-01-03 09:38:42','2024-10-01','2025-09-30',NULL),(436,2568,1,'015','015003','126',24960.00,0.00,'2025-10-10','4 ก.พ. 2568','Food Taste','','','2025-02-04 18:53:28','2025-10-01','2025-09-30',NULL),(437,2568,1,'015','015004','126',13140.00,0.00,'2025-10-10','4 ก.พ. 2568','เกษตรเพื่อชีวิต','','','2025-02-04 18:54:20','2025-10-01','2025-09-30',NULL),(438,2568,1,'015','015005','126',6000.00,0.00,'2025-10-10','6 ก.พ. 2568','พหุปัญญา','','','2025-02-06 14:15:38','2025-10-01','2025-09-30',NULL),(439,2568,4,'008','008005','101',23240.00,0.00,'2025-10-10','7 ก.พ. 2568','ซ่อมแซมห้องน้ำประถมศึกษา','','','2025-02-07 14:09:48','2025-10-01','2025-09-30',NULL),(446,2568,1,'015','015006','126',1500.00,0.00,'2568-10-10','10 ต.ค. 2568','กิจกรรมคณิตคิดเร็ว','','','2025-10-10 10:40:00','2024-10-01','2025-09-30',NULL),(441,2568,1,'002','002010','108',9000.00,0.00,'2568-10-10','10 ต.ค. 2568','จัดซื้อวัสดุการเรียน','','','2025-10-10 09:35:20','2024-10-01','2025-09-30',NULL),(444,2568,1,'004','004008','112',31000.00,0.00,'2025-10-10','10 ต.ค. 2568','ปัจจัยพื้นฐานสำหรับนักเรียนยากจน','','','2025-10-10 09:52:46','2024-10-01','2025-09-30',NULL),(445,2568,1,'004','004009','125',66000.00,0.00,'2025-10-10','10 ต.ค. 2568','ทุน กสศ.','','','2025-10-10 09:58:28','2024-10-01','2025-09-30',NULL),(447,2569,1,'001','001001','108',3000.00,0.00,'2568-11-25','25 พ.ย. 2568','กิจกรรมหนูน้อยสุขภาพดี','','','2025-11-25 15:25:15','2025-10-01','2026-09-30',NULL);

--
