-- Table structure for table `bets_substance`
--

CREATE TABLE `bets_substance` (
  `id` int(11) NOT NULL AUTO_INCREMENT,
  `group_code` varchar(7) NOT NULL,
  `substance_code` varchar(10) NOT NULL,
  `substance_name` varchar(250) NOT NULL,
  PRIMARY KEY (`id`),
  UNIQUE KEY `substance_code_2` (`substance_code`)
) ENGINE=MyISAM AUTO_INCREMENT=41 DEFAULT CHARSET=utf8 COLLATE=utf8_general_ci;

--
-- Dumping data for table `bets_substance`
--

INSERT INTO `bets_substance` VALUES (1,'255106','25510601','ทัศนศิลป์'),(2,'255106','25510602','ดนตรี'),(3,'255106','25510603','นาฏศิลป์'),(4,'255101','25510101','การอ่าน'),(5,'255101','25510102','การเขียน'),(6,'255101','25510103','การฟัง การดู และการพูด'),(7,'255101','25510104','หลักการใช้ภาษาไทย'),(8,'255101','25510105','วรรณคดีและวรรณกรรม'),(9,'255102','25510201','จำนวนและการดำเนินการ'),(10,'255102','25510202','การวัด'),(11,'255102','25510203','เรขาคณิต'),(12,'255102','25510204','พีชคณิต'),(13,'255102','25510205','การวิเคราะห์ข้อมูลและความน่าจะเป็น'),(14,'255102','25510206','ทักษะและกระบวนการทางคณิตศาสตร์'),(15,'255103','25510301','สิ่งมีชีวิตกับกระบวนการดำรงชีวิต'),(16,'255103','25510302','ชีวิตกับสิ่งแวดล้อม'),(17,'255103','25510303','สารและสมบัติของสาร'),(18,'255103','25510304','แรงและการเคลื่อนที่'),(19,'255103','25510305','พลังงาน'),(20,'255103','25510306','กระบวนการเปลี่ยนแปลงของโลก'),(21,'255103','25510307','ดาราศาสตร์และอวกาศ'),(22,'255103','25510308','ธรรมชาติของวิทยาศาสตร์และเทคโนโลยี'),(23,'255104','25510401','ศาสนา ศีลธรรม จริยธรรม'),(24,'255104','25510402','หน้าที่พลเมือง วัฒนธรรม และการดำเนินชีวิตในสังคม'),(25,'255104','25510403','เศรษฐศาสตร์'),(26,'255104','25510404','ประวัติศาสตร์'),(27,'255104','25510405','ภูมิศาสตร์'),(28,'255105','25510501','การเจริญเติบโตและพัฒนาการของมนุษย์'),(29,'255105','25510502','ชีวิตและครอบครัว'),(30,'255105','25510503','การเคลื่อนไหว การออกกำลังกาย การเล่นเกม กีฬาไทย และกีฬาสากล'),(31,'255105','25510504','การสร้างเสริมสุขภาพ สมรรถภาพและการป้องกันโรค'),(32,'255105','25510505','ความปลอดภัยในชีวิต'),(33,'255107','25510701','การดำรงชีวิตและครอบครัว'),(34,'255107','25510702','การออกแบบและเทคโนโลยี'),(35,'255107','25510703','เทคโนโลยีสารสนเทศและการสื่อสาร'),(36,'255107','25510704','การอาชีพ'),(37,'255108','25510801','ภาษาเพื่อการสื่อสาร'),(38,'255108','25510802','ภาษาและวัฒนธรรม'),(39,'255108','25510803','ภาษากับความสัมพันธ์กับกลุ่มสาระการเรียนรู้อื่น'),(40,'255108','25510804','ภาษากับความสัมพันธ์กับชุมชนและโลก');

--
-- Table structure for table `bets_test`
--

CREATE TABLE `bets_test` (
  `id` int(11) NOT NULL AUTO_INCREMENT,
  `test_name` varchar(150) NOT NULL,
  `master_test` int(11) NOT NULL,
  `s_group` int(11) NOT NULL,
  `statement` varchar(250) NOT NULL,
  `class_room` tinyint(4) NOT NULL,
  `item_num` int(11) NOT NULL,
  `test_score` int(11) NOT NULL,
  `test_time` int(11) NOT NULL,
  `g1` float NOT NULL,
  `g2` float NOT NULL,
  `test_active` tinyint(4) NOT NULL,
  `officer` varchar(13) NOT NULL,
  `rec_date` date NOT NULL,
  PRIMARY KEY (`id`)
) ENGINE=MyISAM DEFAULT CHARSET=utf8 COLLATE=utf8_general_ci;

--
-- Dumping data for table `bets_test`
--


--
-- Table structure for table `bets_test_schuser`
--

CREATE TABLE `bets_test_schuser` (
  `id` int(11) NOT NULL AUTO_INCREMENT,
  `test_id` int(11) NOT NULL,
  `teacher` varchar(13) NOT NULL,
  `start_date` datetime NOT NULL,
  `stop_date` datetime NOT NULL,
  `officer` varchar(13) NOT NULL,
  `rec_date` date NOT NULL,
  PRIMARY KEY (`id`)
) ENGINE=MyISAM DEFAULT CHARSET=utf8 COLLATE=utf8_general_ci;

--
-- Dumping data for table `bets_test_schuser`
--


--
-- Table structure for table `book_comment`
--

CREATE TABLE `book_comment` (
  `id` int(11) NOT NULL AUTO_INCREMENT,
  `person_id` varchar(13) NOT NULL,
  `ref2_id` varchar(50) NOT NULL,
  `ref_id` varchar(50) NOT NULL,
  `comment` text NOT NULL,
  `rec_date` datetime NOT NULL,
  PRIMARY KEY (`id`)
) ENGINE=MyISAM DEFAULT CHARSET=utf8 COLLATE=utf8_general_ci;

--
-- Dumping data for table `book_comment`
--


--
-- Table structure for table `book_filebook`
--

CREATE TABLE `book_filebook` (
  `id` int(11) NOT NULL AUTO_INCREMENT,
  `ref_id` varchar(50) NOT NULL,
  `file_name` varchar(100) NOT NULL,
  `file_des` varchar(100) NOT NULL,
  PRIMARY KEY (`id`)
) ENGINE=MyISAM DEFAULT CHARSET=utf8 COLLATE=utf8_general_ci;

--
-- Dumping data for table `book_filebook`
--


--
-- Table structure for table `book_group`
--

CREATE TABLE `book_group` (
  `grp_id` int(11) NOT NULL AUTO_INCREMENT,
  `grp_name` varchar(50) NOT NULL,
  PRIMARY KEY (`grp_id`)
) ENGINE=MyISAM DEFAULT CHARSET=utf8 COLLATE=utf8_general_ci;

--
-- Dumping data for table `book_group`
--


--
-- Table structure for table `book_group_member`
--

CREATE TABLE `book_group_member` (
  `id` int(11) NOT NULL AUTO_INCREMENT,
  `grp_id` int(11) NOT NULL,
  `school_id` varchar(13) NOT NULL,
  PRIMARY KEY (`id`)
) ENGINE=MyISAM DEFAULT CHARSET=utf8 COLLATE=utf8_general_ci;

--
-- Dumping data for table `book_group_member`
--


--
-- Table structure for table `book_permission`
--

CREATE TABLE `book_permission` (
  `id` int(11) NOT NULL AUTO_INCREMENT,
  `person_id` varchar(13) NOT NULL,
  `p1` tinyint(4) DEFAULT NULL,
  `officer` varchar(13) NOT NULL,
  `rec_date` date NOT NULL,
  PRIMARY KEY (`id`),
  UNIQUE KEY `person_id` (`person_id`)
) ENGINE=MyISAM AUTO_INCREMENT=21 DEFAULT CHARSET=utf8 COLLATE=utf8_general_ci;

--
-- Dumping data for table `book_permission`
--

INSERT INTO `book_permission` VALUES (1,'3800101570624',1,'3800101570624','2023-11-28'),(2,'1349900004090',1,'3800101570624','2018-09-18'),(3,'1349900267554',1,'3620400080086','2018-10-01'),(4,'3341500151205',1,'3341500151205','2020-04-07'),(5,'3340700621697',1,'3800101570624','2020-04-07'),(6,'3349800171543',1,'3800101570624','2020-04-07'),(7,'3349900542748',1,'3800101570624','2020-04-07'),(8,'3349900708956',1,'3800101570624','2020-04-07'),(9,'1342200089801',1,'3800101570624','2020-04-07'),(13,'1349900945993',1,'1349900945993','2022-11-05'),(11,'1330400287850',1,'1330400287850','2020-06-29'),(12,'3341501426925',1,'3341501426925','2020-07-09'),(14,'1349900954993',1,'1349900954993','2022-11-07'),(15,'1341500223587',1,'3800101570624','2023-05-31'),(16,'1342100042861',1,'3800101570624','2023-12-21'),(19,'1341500107251',1,'1349900954993','2024-11-29'),(18,'1340300001181',1,'1349900954993','2024-11-19'),(20,'3341500251897',1,'1340300001181','2025-10-20');

--
-- Table structure for table `book_permission2`
--

CREATE TABLE `book_permission2` (
  `id` int(11) NOT NULL AUTO_INCREMENT,
  `person_id` varchar(13) NOT NULL,
  `p2` tinyint(4) DEFAULT NULL,
  `officer` varchar(13) NOT NULL,
  `rec_date` date NOT NULL,
  PRIMARY KEY (`id`),
  UNIQUE KEY `person_id` (`person_id`)
) ENGINE=MyISAM AUTO_INCREMENT=2 DEFAULT CHARSET=utf8 COLLATE=utf8_general_ci;

--
-- Dumping data for table `book_permission2`
--

INSERT INTO `book_permission2` VALUES (1,'3800101570624',0,'3800101570624','2023-12-21');

--
-- Table structure for table `book_sendto_answer`
--

CREATE TABLE `book_sendto_answer` (
  `id` int(11) NOT NULL AUTO_INCREMENT,
  `send_level` tinyint(4) DEFAULT NULL,
  `ref_id` varchar(50) NOT NULL,
  `send_to` varchar(13) NOT NULL,
  `send_from` varchar(15) DEFAULT NULL,
  `status` tinyint(4) DEFAULT NULL,
  `answer` tinyint(4) DEFAULT NULL,
  `answer_time` datetime DEFAULT NULL,
  `forward_from` varchar(15) DEFAULT NULL,
  `rec_forward_date` datetime DEFAULT NULL,
  `ref2_id` varchar(50) DEFAULT NULL,
  `ref3_id` varchar(50) DEFAULT NULL,
  PRIMARY KEY (`id`),
  KEY `ref_id` (`ref_id`),
  KEY `school` (`send_from`),
  KEY `send_to` (`send_to`)
) ENGINE=MyISAM AUTO_INCREMENT=395 DEFAULT CHARSET=utf8 COLLATE=utf8_general_ci;

--
-- Dumping data for table `book_sendto_answer`
--

INSERT INTO `book_sendto_answer` VALUES (1,2,'1538379059x6785','saraban','1349900267554',NULL,1,'2018-10-01 14:32:41',NULL,NULL,'15383791619103',NULL),(2,2,'1538379577x10574','saraban','3800101570624',NULL,1,'2018-10-02 04:54:57',NULL,NULL,'153843089726719',NULL),(3,2,'1538458833x31448','saraban','1349900267554',NULL,1,'2018-10-03 09:11:54',NULL,NULL,'153853271413143',NULL),(4,2,'1538464908x25374','saraban','1349900267554',NULL,1,'2018-10-03 09:11:54',NULL,NULL,'15385327143652',NULL),(5,2,'1538475546x17561','saraban','1349900267554',NULL,1,'2018-10-03 09:11:54',NULL,NULL,'153853271431533',NULL),(6,2,'1538476023x23993','saraban','1349900267554',NULL,1,'2018-10-03 09:11:54',NULL,NULL,'153853271422626',NULL),(7,2,'1538529879x20729','saraban','1349900267554',NULL,1,'2018-10-03 09:11:54',NULL,NULL,'153853271411763',NULL),(8,2,'1538552506x13821','saraban','1349900267554',NULL,1,'2018-10-04 10:13:32',NULL,NULL,'153862281213450',NULL),(9,2,'1597940431x1568060434','saraban','3341501426925',NULL,1,'2020-09-02 10:06:21',NULL,NULL,'159901598119520',NULL),(10,2,'1599014713x1138308540','saraban','3341501426925',NULL,1,'2020-09-02 10:06:21',NULL,NULL,'159901598110105',NULL),(11,2,'1646036271x1031192257','saraban','3800101570624',NULL,1,'2022-07-18 14:00:39',NULL,NULL,'16581276396779',NULL),(12,2,'1646036271x1031192257','saraban','3800101570624',NULL,1,'2022-07-18 14:00:39',NULL,NULL,'16581276396779',NULL),(13,2,'1646099171x1367900086','saraban','3800101570624',NULL,1,'2022-07-18 14:00:39',NULL,NULL,'165812763928824',NULL),(14,2,'1646099171x1367900086','saraban','3800101570624',NULL,1,'2022-07-18 14:00:39',NULL,NULL,'165812763928824',NULL),(15,2,'1646102141x1948121361','saraban','3800101570624',NULL,1,'2022-07-18 14:00:39',NULL,NULL,'165812763928913',NULL),(16,2,'1646102141x1948121361','saraban','3800101570624',NULL,1,'2022-07-18 14:00:39',NULL,NULL,'165812763928913',NULL),(17,2,'1646102531x1798330960','saraban','3800101570624',NULL,1,'2022-07-18 14:00:39',NULL,NULL,'165812763913526',NULL),(18,2,'1646102531x1798330960','saraban','3800101570624',NULL,1,'2022-07-18 14:00:39',NULL,NULL,'165812763913526',NULL),(19,2,'1646207503x956323116','saraban','3800101570624',NULL,1,'2022-07-18 14:00:39',NULL,NULL,'165812763925431',NULL),(20,2,'1646207503x956323116','saraban','3800101570624',NULL,1,'2022-07-18 14:00:39',NULL,NULL,'165812763925431',NULL),(21,2,'1646213233x1569243983','saraban','3800101570624',NULL,1,'2022-07-18 14:00:39',NULL,NULL,'165812763932324',NULL),(22,2,'1646213233x1569243983','saraban','3800101570624',NULL,1,'2022-07-18 14:00:39',NULL,NULL,'165812763932324',NULL),(23,2,'1646619542x441185006','saraban','3800101570624',NULL,1,'2022-07-18 14:00:39',NULL,NULL,'165812763911053',NULL),(24,2,'1646619542x441185006','saraban','3800101570624',NULL,1,'2022-07-18 14:00:39',NULL,NULL,'165812763911053',NULL),(25,2,'1646636785x1247878788','saraban','3800101570624',NULL,1,'2022-07-18 14:00:39',NULL,NULL,'165812763918530',NULL),(26,2,'1646636785x1247878788','saraban','3800101570624',NULL,1,'2022-07-18 14:00:39',NULL,NULL,'165812763918530',NULL),(27,2,'1646706856x1845886102','saraban','3800101570624',NULL,1,'2022-07-18 14:00:39',NULL,NULL,'165812763924051',NULL),(28,2,'1646706856x1845886102','saraban','3800101570624',NULL,1,'2022-07-18 14:00:39',NULL,NULL,'165812763924051',NULL),(29,2,'1646714517x154684160','saraban','3800101570624',NULL,1,'2022-07-18 14:00:39',NULL,NULL,'165812763915024',NULL),(30,2,'1646714517x154684160','saraban','3800101570624',NULL,1,'2022-07-18 14:00:39',NULL,NULL,'165812763915024',NULL),(31,2,'1646723595x159465482','saraban','3800101570624',NULL,1,'2022-07-18 14:00:39',NULL,NULL,'165812763919753',NULL),(32,2,'1646723595x159465482','saraban','3800101570624',NULL,1,'2022-07-18 14:00:39',NULL,NULL,'165812763919753',NULL),(33,2,'1646714432x1307942418','saraban','3800101570624',NULL,1,'2022-07-18 14:00:39',NULL,NULL,'16581276392222',NULL),(34,2,'1646714432x1307942418','saraban','3800101570624',NULL,1,'2022-07-18 14:00:39',NULL,NULL,'16581276392222',NULL),(35,2,'1646713597x853503350','saraban','3800101570624',NULL,1,'2022-07-18 14:00:39',NULL,NULL,'165812763926191',NULL),(36,2,'1646713597x853503350','saraban','3800101570624',NULL,1,'2022-07-18 14:00:39',NULL,NULL,'165812763926191',NULL),(37,2,'1646797375x385629673','saraban','3800101570624',NULL,1,'2022-07-18 14:00:39',NULL,NULL,'165812763920956',NULL),(38,2,'1646797375x385629673','saraban','3800101570624',NULL,1,'2022-07-18 14:00:39',NULL,NULL,'165812763920956',NULL),(39,2,'1646885286x516367723','saraban','3800101570624',NULL,1,'2022-07-18 14:00:39',NULL,NULL,'16581276394837',NULL),(40,2,'1646885286x516367723','saraban','3800101570624',NULL,1,'2022-07-18 14:00:39',NULL,NULL,'16581276394837',NULL),(41,2,'1646970105x1993244175','saraban','3800101570624',NULL,1,'2022-07-18 14:00:39',NULL,NULL,'1658127639442',NULL),(42,2,'1646970105x1993244175','saraban','3800101570624',NULL,1,'2022-07-18 14:00:39',NULL,NULL,'1658127639442',NULL),(43,2,'1646982227x268230503','saraban','3800101570624',NULL,1,'2022-07-18 14:00:39',NULL,NULL,'16581276396251',NULL),(44,2,'1646982227x268230503','saraban','3800101570624',NULL,1,'2022-07-18 14:00:39',NULL,NULL,'16581276396251',NULL),(45,2,'1646988095x596415876','saraban','3800101570624',NULL,1,'2022-07-18 14:00:39',NULL,NULL,'165812763912232',NULL),(46,2,'1646988095x596415876','saraban','3800101570624',NULL,1,'2022-07-18 14:00:39',NULL,NULL,'165812763912232',NULL),(47,2,'1647233299x1371877270','saraban','3800101570624',NULL,1,'2022-07-18 14:00:39',NULL,NULL,'165812763930817',NULL),(48,2,'1647233299x1371877270','saraban','3800101570624',NULL,1,'2022-07-18 14:00:39',NULL,NULL,'165812763930817',NULL),(49,2,'1647482847x812383923','saraban','3800101570624',NULL,1,'2022-07-18 14:00:39',NULL,NULL,'165812763932646',NULL),(50,2,'1647482847x812383923','saraban','3800101570624',NULL,1,'2022-07-18 14:00:39',NULL,NULL,'165812763932646',NULL),(51,2,'1647570380x1710887025','saraban','3800101570624',NULL,1,'2022-07-18 14:00:39',NULL,NULL,'165812763920551',NULL),(52,2,'1647570380x1710887025','saraban','3800101570624',NULL,1,'2022-07-18 14:00:39',NULL,NULL,'165812763920551',NULL),(53,2,'1647570840x1861859150','saraban','3800101570624',NULL,1,'2022-07-18 14:00:39',NULL,NULL,'1658127639116',NULL),(54,2,'1647570840x1861859150','saraban','3800101570624',NULL,1,'2022-07-18 14:00:39',NULL,NULL,'1658127639116',NULL),(55,2,'1647582449x2011651772','saraban','3800101570624',NULL,1,'2022-07-18 14:00:39',NULL,NULL,'165812763914749',NULL),(56,2,'1647582449x2011651772','saraban','3800101570624',NULL,1,'2022-07-18 14:00:39',NULL,NULL,'165812763914749',NULL),(57,2,'1647850194x2122609765','saraban','3800101570624',NULL,1,'2022-07-18 14:00:39',NULL,NULL,'16581276393602',NULL),(58,2,'1647850194x2122609765','saraban','3800101570624',NULL,1,'2022-07-18 14:00:39',NULL,NULL,'16581276393602',NULL),(59,2,'1647927274x438095201','saraban','3800101570624',NULL,1,'2022-07-18 14:00:39',NULL,NULL,'165812763910723',NULL),(60,2,'1647927274x438095201','saraban','3800101570624',NULL,1,'2022-07-18 14:00:39',NULL,NULL,'165812763910723',NULL),(61,2,'1647955155x1533676281','saraban','3800101570624',NULL,1,'2022-07-18 14:00:39',NULL,NULL,'165812763912256',NULL),(62,2,'1647955155x1533676281','saraban','3800101570624',NULL,1,'2022-07-18 14:00:39',NULL,NULL,'165812763912256',NULL),(63,2,'1648006991x1541434638','saraban','3800101570624',NULL,1,'2022-07-18 14:00:39',NULL,NULL,'165812763921145',NULL),(64,2,'1648006991x1541434638','saraban','3800101570624',NULL,1,'2022-07-18 14:00:39',NULL,NULL,'165812763921145',NULL),(65,2,'1648007385x901302589','saraban','3800101570624',NULL,1,'2022-07-18 14:00:39',NULL,NULL,'165812763931070',NULL),(66,2,'1648007385x901302589','saraban','3800101570624',NULL,1,'2022-07-18 14:00:39',NULL,NULL,'165812763931070',NULL),(67,2,'1648008749x464457680','saraban','3800101570624',NULL,1,'2022-07-18 14:00:39',NULL,NULL,'1658127639319',NULL),(68,2,'1648008749x464457680','saraban','3800101570624',NULL,1,'2022-07-18 14:00:39',NULL,NULL,'1658127639319',NULL),(69,2,'1648096554x1613107107','saraban','3800101570624',NULL,1,'2022-07-18 14:00:39',NULL,NULL,'165812763927148',NULL),(70,2,'1648096554x1613107107','saraban','3800101570624',NULL,1,'2022-07-18 14:00:39',NULL,NULL,'165812763927148',NULL),(71,2,'1648193270x1006422457','saraban','3800101570624',NULL,1,'2022-07-18 14:00:39',NULL,NULL,'165812763932597',NULL),(72,2,'1648193270x1006422457','saraban','3800101570624',NULL,1,'2022-07-18 14:00:39',NULL,NULL,'165812763932597',NULL),(73,2,'1648194618x1409939258','saraban','3800101570624',NULL,1,'2022-07-18 14:00:39',NULL,NULL,'165812763919818',NULL),(74,2,'1648194618x1409939258','saraban','3800101570624',NULL,1,'2022-07-18 14:00:39',NULL,NULL,'165812763919818',NULL),(75,2,'1648450408x995388340','saraban','3800101570624',NULL,1,'2022-07-18 14:00:39',NULL,NULL,'165812763929275',NULL),(76,2,'1648450408x995388340','saraban','3800101570624',NULL,1,'2022-07-18 14:00:39',NULL,NULL,'165812763929275',NULL),(77,2,'1648632030x48352779','saraban','3800101570624',NULL,1,'2022-07-18 14:00:39',NULL,NULL,'16581276396904',NULL),(78,2,'1648632030x48352779','saraban','3800101570624',NULL,1,'2022-07-18 14:00:39',NULL,NULL,'16581276396904',NULL),(79,2,'1648707647x1434699547','saraban','3800101570624',NULL,1,'2022-07-18 14:00:39',NULL,NULL,'165812763915313',NULL),(80,2,'1648707647x1434699547','saraban','3800101570624',NULL,1,'2022-07-18 14:00:39',NULL,NULL,'165812763915313',NULL),(81,2,'1648713174x226536855','saraban','3800101570624',NULL,1,'2022-07-18 14:00:39',NULL,NULL,'165812763922070',NULL),(82,2,'1648713174x226536855','saraban','3800101570624',NULL,1,'2022-07-18 14:00:39',NULL,NULL,'165812763922070',NULL),(83,2,'1648713246x555593337','saraban','3800101570624',NULL,1,'2022-07-18 14:00:39',NULL,NULL,'165812763922839',NULL),(84,2,'1648713246x555593337','saraban','3800101570624',NULL,1,'2022-07-18 14:00:39',NULL,NULL,'165812763922839',NULL),(85,2,'1648710936x1031087217','saraban','3800101570624',NULL,1,'2022-07-18 14:00:39',NULL,NULL,'165812763928324',NULL),(86,2,'1648710936x1031087217','saraban','3800101570624',NULL,1,'2022-07-18 14:00:39',NULL,NULL,'165812763928324',NULL),(87,2,'1649050273x1212673132','saraban','3800101570624',NULL,1,'2022-07-18 14:00:39',NULL,NULL,'165812763917421',NULL),(88,2,'1649050273x1212673132','saraban','3800101570624',NULL,1,'2022-07-18 14:00:39',NULL,NULL,'165812763917421',NULL),(89,2,'1649150707x1388755265','saraban','3800101570624',NULL,1,'2022-07-18 14:00:39',NULL,NULL,'16581276398130',NULL),(90,2,'1649150707x1388755265','saraban','3800101570624',NULL,1,'2022-07-18 14:00:39',NULL,NULL,'16581276398130',NULL),(91,2,'1649151402x1005756607','saraban','3800101570624',NULL,1,'2022-07-18 14:00:39',NULL,NULL,'165812763920947',NULL),(92,2,'1649151402x1005756607','saraban','3800101570624',NULL,1,'2022-07-18 14:00:39',NULL,NULL,'165812763920947',NULL),(93,2,'1649152015x1416054512','saraban','3800101570624',NULL,1,'2022-07-18 14:00:39',NULL,NULL,'165812763920752',NULL),(94,2,'1649152015x1416054512','saraban','3800101570624',NULL,1,'2022-07-18 14:00:39',NULL,NULL,'165812763920752',NULL),(95,2,'1649152893x1201614460','saraban','3800101570624',NULL,1,'2022-07-18 14:00:39',NULL,NULL,'16581276395129',NULL),(96,2,'1649152893x1201614460','saraban','3800101570624',NULL,1,'2022-07-18 14:00:39',NULL,NULL,'16581276395129',NULL),(97,2,'1649145041x1480288841','saraban','3800101570624',NULL,1,'2022-07-18 14:00:39',NULL,NULL,'165812763930222',NULL),(98,2,'1649145041x1480288841','saraban','3800101570624',NULL,1,'2022-07-18 14:00:39',NULL,NULL,'165812763930222',NULL),(99,2,'1649317326x373196376','saraban','3800101570624',NULL,1,'2022-07-18 14:00:39',NULL,NULL,'165812763914383',NULL),(100,2,'1649317326x373196376','saraban','3800101570624',NULL,1,'2022-07-18 14:00:39',NULL,NULL,'165812763914383',NULL),(101,2,'1649666372x2106766331','saraban','3800101570624',NULL,1,'2022-07-18 14:00:39',NULL,NULL,'165812763928220',NULL),(102,2,'1649666372x2106766331','saraban','3800101570624',NULL,1,'2022-07-18 14:00:39',NULL,NULL,'165812763928220',NULL),(103,2,'1650252896x1666577006','saraban','3800101570624',NULL,1,'2022-07-18 14:00:39',NULL,NULL,'165812763926565',NULL),(104,2,'1650252896x1666577006','saraban','3800101570624',NULL,1,'2022-07-18 14:00:39',NULL,NULL,'165812763926565',NULL),(105,2,'1650254838x517003365','saraban','3800101570624',NULL,1,'2022-07-18 14:00:39',NULL,NULL,'165812763925882',NULL),(106,2,'1650254838x517003365','saraban','3800101570624',NULL,1,'2022-07-18 14:00:39',NULL,NULL,'165812763925882',NULL),(107,2,'1650351098x146286004','saraban','3800101570624',NULL,1,'2022-07-18 14:00:39',NULL,NULL,'165812763910315',NULL),(108,2,'1650351098x146286004','saraban','3800101570624',NULL,1,'2022-07-18 14:00:39',NULL,NULL,'165812763910315',NULL),(109,2,'1650350891x934110370','saraban','3800101570624',NULL,1,'2022-07-18 14:00:39',NULL,NULL,'165812763912840',NULL),(110,2,'1650350891x934110370','saraban','3800101570624',NULL,1,'2022-07-18 14:00:39',NULL,NULL,'165812763912840',NULL),(111,2,'1650418779x350325478','saraban','3800101570624',NULL,1,'2022-07-18 14:00:39',NULL,NULL,'165812763915169',NULL),(112,2,'1650418779x350325478','saraban','3800101570624',NULL,1,'2022-07-18 14:00:39',NULL,NULL,'165812763915169',NULL),(113,2,'1650426748x1193230308','saraban','3800101570624',NULL,1,'2022-07-18 14:00:39',NULL,NULL,'165812763914566',NULL),(114,2,'1650426748x1193230308','saraban','3800101570624',NULL,1,'2022-07-18 14:00:39',NULL,NULL,'165812763914566',NULL),(115,2,'1650438592x1141460171','saraban','3800101570624',NULL,1,'2022-07-18 14:00:39',NULL,NULL,'165812763932295',NULL),(116,2,'1650438592x1141460171','saraban','3800101570624',NULL,1,'2022-07-18 14:00:39',NULL,NULL,'165812763932295',NULL),(117,2,'1650358859x340279694','saraban','3800101570624',NULL,1,'2022-07-18 14:00:39',NULL,NULL,'165812763918644',NULL),(118,2,'1650358859x340279694','saraban','3800101570624',NULL,1,'2022-07-18 14:00:39',NULL,NULL,'165812763918644',NULL),(119,2,'1650428041x511593953','saraban','3800101570624',NULL,1,'2022-07-18 14:00:39',NULL,NULL,'165812763919069',NULL),(120,2,'1650428041x511593953','saraban','3800101570624',NULL,1,'2022-07-18 14:00:39',NULL,NULL,'165812763919069',NULL),(121,2,'1650529216x470437646','saraban','3800101570624',NULL,1,'2022-07-18 14:00:39',NULL,NULL,'165812763932114',NULL),(122,2,'1650529216x470437646','saraban','3800101570624',NULL,1,'2022-07-18 14:00:39',NULL,NULL,'165812763932114',NULL),(123,2,'1650529980x1531988211','saraban','3800101570624',NULL,1,'2022-07-18 14:00:39',NULL,NULL,'165812763921955',NULL),(124,2,'1650529980x1531988211','saraban','3800101570624',NULL,1,'2022-07-18 14:00:39',NULL,NULL,'165812763921955',NULL),(125,2,'1650953500x348636008','saraban','3800101570624',NULL,1,'2022-07-18 14:00:39',NULL,NULL,'16581276397744',NULL),(126,2,'1650953500x348636008','saraban','3800101570624',NULL,1,'2022-07-18 14:00:39',NULL,NULL,'16581276397744',NULL),(127,2,'1650958594x200441312','saraban','3800101570624',NULL,1,'2022-07-18 14:00:39',NULL,NULL,'16581276394473',NULL),(128,2,'1650958594x200441312','saraban','3800101570624',NULL,1,'2022-07-18 14:00:39',NULL,NULL,'16581276394473',NULL),(129,2,'1650959502x611680941','saraban','3800101570624',NULL,1,'2022-07-18 14:00:39',NULL,NULL,'165812763932446',NULL),(130,2,'1650959502x611680941','saraban','3800101570624',NULL,1,'2022-07-18 14:00:39',NULL,NULL,'165812763932446',NULL),(131,2,'1651049942x933133823','saraban','3800101570624',NULL,1,'2022-07-18 14:00:39',NULL,NULL,'16581276392847',NULL),(132,2,'1651049942x933133823','saraban','3800101570624',NULL,1,'2022-07-18 14:00:39',NULL,NULL,'16581276392847',NULL),(133,2,'1651036578x223683631','saraban','3800101570624',NULL,1,'2022-07-18 14:00:39',NULL,NULL,'165812763924172',NULL),(134,2,'1651036578x223683631','saraban','3800101570624',NULL,1,'2022-07-18 14:00:39',NULL,NULL,'165812763924172',NULL),(135,2,'1651113212x603897718','saraban','3800101570624',NULL,1,'2022-07-18 14:00:39',NULL,NULL,'165812763919509',NULL),(136,2,'1651113212x603897718','saraban','3800101570624',NULL,1,'2022-07-18 14:00:39',NULL,NULL,'165812763919509',NULL),(137,2,'1651117232x1859817166','saraban','3800101570624',NULL,1,'2022-07-18 14:00:39',NULL,NULL,'165812763918634',NULL),(138,2,'1651117232x1859817166','saraban','3800101570624',NULL,1,'2022-07-18 14:00:39',NULL,NULL,'165812763918634',NULL),(139,2,'1651213845x1639114113','saraban','3800101570624',NULL,1,'2022-07-18 14:00:39',NULL,NULL,'165812763914907',NULL),(140,2,'1651213845x1639114113','saraban','3800101570624',NULL,1,'2022-07-18 14:00:39',NULL,NULL,'165812763914907',NULL),(141,2,'1651462187x1467077762','saraban','3800101570624',NULL,1,'2022-07-18 14:00:39',NULL,NULL,'165812763930040',NULL),(142,2,'1651462187x1467077762','saraban','3800101570624',NULL,1,'2022-07-18 14:00:39',NULL,NULL,'165812763930040',NULL),(143,2,'1651217461x216784594','saraban','3800101570624',NULL,1,'2022-07-18 14:00:39',NULL,NULL,'165812763930385',NULL),(144,2,'1651217461x216784594','saraban','3800101570624',NULL,1,'2022-07-18 14:00:39',NULL,NULL,'165812763930385',NULL),(145,2,'1651550825x571426988','saraban','3800101570624',NULL,1,'2022-07-18 14:00:39',NULL,NULL,'165812763910134',NULL),(146,2,'1651550825x571426988','saraban','3800101570624',NULL,1,'2022-07-18 14:00:39',NULL,NULL,'165812763910134',NULL),(147,2,'1651551448x28582939','saraban','3800101570624',NULL,1,'2022-07-18 14:00:39',NULL,NULL,'165812763916151',NULL),(148,2,'1651551448x28582939','saraban','3800101570624',NULL,1,'2022-07-18 14:00:39',NULL,NULL,'165812763916151',NULL),(149,2,'1651559129x954092849','saraban','3800101570624',NULL,1,'2022-07-18 14:00:39',NULL,NULL,'16581276393844',NULL),(150,2,'1651559129x954092849','saraban','3800101570624',NULL,1,'2022-07-18 14:00:39',NULL,NULL,'16581276393844',NULL),(151,2,'1651566731x1775979745','saraban','3800101570624',NULL,1,'2022-07-18 14:00:39',NULL,NULL,'165812763919693',NULL),(152,2,'1651566731x1775979745','saraban','3800101570624',NULL,1,'2022-07-18 14:00:39',NULL,NULL,'165812763919693',NULL),(153,2,'1651567334x2047532010','saraban','3800101570624',NULL,1,'2022-07-18 14:00:39',NULL,NULL,'165812763910018',NULL),(154,2,'1651567334x2047532010','saraban','3800101570624',NULL,1,'2022-07-18 14:00:39',NULL,NULL,'165812763910018',NULL),(155,2,'1651567759x1260621519','saraban','3800101570624',NULL,1,'2022-07-18 14:00:39',NULL,NULL,'165812763913747',NULL),(156,2,'1651567759x1260621519','saraban','3800101570624',NULL,1,'2022-07-18 14:00:39',NULL,NULL,'165812763913747',NULL),(157,2,'1651715933x1597974772','saraban','3800101570624',NULL,1,'2022-07-18 14:00:39',NULL,NULL,'16581276396000',NULL),(158,2,'1651715933x1597974772','saraban','3800101570624',NULL,1,'2022-07-18 14:00:39',NULL,NULL,'16581276396000',NULL),(159,2,'1651733012x342056502','saraban','3800101570624',NULL,1,'2022-07-18 14:00:39',NULL,NULL,'165812763919177',NULL),(160,2,'1651733012x342056502','saraban','3800101570624',NULL,1,'2022-07-18 14:00:39',NULL,NULL,'165812763919177',NULL),(161,2,'1652157457x786939350','saraban','3800101570624',NULL,1,'2022-07-18 14:00:39',NULL,NULL,'16581276394974',NULL),(162,2,'1652157457x786939350','saraban','3800101570624',NULL,1,'2022-07-18 14:00:39',NULL,NULL,'16581276394974',NULL),(163,2,'1652248368x160411918','saraban','3800101570624',NULL,1,'2022-07-18 14:00:39',NULL,NULL,'165812763931247',NULL),(164,2,'1652248368x160411918','saraban','3800101570624',NULL,1,'2022-07-18 14:00:39',NULL,NULL,'165812763931247',NULL),(165,2,'1652252109x1550459335','saraban','3800101570624',NULL,1,'2022-07-18 14:00:39',NULL,NULL,'165812763915004',NULL),(166,2,'1652252109x1550459335','saraban','3800101570624',NULL,1,'2022-07-18 14:00:39',NULL,NULL,'165812763915004',NULL),(167,2,'1652764841x1061121649','saraban','3800101570624',NULL,1,'2022-07-18 14:00:39',NULL,NULL,'165812763911429',NULL),(168,2,'1652764841x1061121649','saraban','3800101570624',NULL,1,'2022-07-18 14:00:39',NULL,NULL,'165812763911429',NULL),(169,2,'1652764905x1183068996','saraban','3800101570624',NULL,1,'2022-07-18 14:00:39',NULL,NULL,'165812763930842',NULL),(170,2,'1652764905x1183068996','saraban','3800101570624',NULL,1,'2022-07-18 14:00:39',NULL,NULL,'165812763930842',NULL),(171,2,'1652838585x1318996517','saraban','3800101570624',NULL,1,'2022-07-18 14:00:39',NULL,NULL,'165812763910283',NULL),(172,2,'1652838585x1318996517','saraban','3800101570624',NULL,1,'2022-07-18 14:00:39',NULL,NULL,'165812763910283',NULL),(173,2,'1652934204x1986405746','saraban','3800101570624',NULL,1,'2022-07-18 14:00:39',NULL,NULL,'165812763925736',NULL),(174,2,'1652934204x1986405746','saraban','3800101570624',NULL,1,'2022-07-18 14:00:39',NULL,NULL,'165812763925736',NULL),(175,2,'1652936084x2029154769','saraban','3800101570624',NULL,1,'2022-07-18 14:00:39',NULL,NULL,'165812763928193',NULL),(176,2,'1652936084x2029154769','saraban','3800101570624',NULL,1,'2022-07-18 14:00:39',NULL,NULL,'165812763928193',NULL),(177,2,'1652941928x986295957','saraban','3800101570624',NULL,1,'2022-07-18 14:00:39',NULL,NULL,'16581276398774',NULL),(178,2,'1652941928x986295957','saraban','3800101570624',NULL,1,'2022-07-18 14:00:39',NULL,NULL,'16581276398774',NULL),(179,2,'1652951117x496487431','saraban','3800101570624',NULL,1,'2022-07-18 14:00:39',NULL,NULL,'16581276397175',NULL),(180,2,'1652951117x496487431','saraban','3800101570624',NULL,1,'2022-07-18 14:00:39',NULL,NULL,'16581276397175',NULL),(181,2,'1652952604x1323282948','saraban','3800101570624',NULL,1,'2022-07-18 14:00:39',NULL,NULL,'165812763916692',NULL),(182,2,'1652952604x1323282948','saraban','3800101570624',NULL,1,'2022-07-18 14:00:39',NULL,NULL,'165812763916692',NULL),(183,2,'1652974993x451408633','saraban','3800101570624',NULL,1,'2022-07-18 14:00:39',NULL,NULL,'165812763919293',NULL),(184,2,'1652974993x451408633','saraban','3800101570624',NULL,1,'2022-07-18 14:00:39',NULL,NULL,'165812763919293',NULL),(185,2,'1653016338x1248619382','saraban','3800101570624',NULL,1,'2022-07-18 14:00:39',NULL,NULL,'16581276397378',NULL),(186,2,'1653016338x1248619382','saraban','3800101570624',NULL,1,'2022-07-18 14:00:39',NULL,NULL,'16581276397378',NULL),(187,2,'1653030679x839151408','saraban','3800101570624',NULL,1,'2022-07-18 14:00:39',NULL,NULL,'165812763929091',NULL),(188,2,'1653030679x839151408','saraban','3800101570624',NULL,1,'2022-07-18 14:00:39',NULL,NULL,'165812763929091',NULL),(189,2,'1653030599x1478232436','saraban','3800101570624',NULL,1,'2022-07-18 14:00:39',NULL,NULL,'165812763915520',NULL),(190,2,'1653030599x1478232436','saraban','3800101570624',NULL,1,'2022-07-18 14:00:39',NULL,NULL,'165812763915520',NULL),(191,2,'1653031114x1957080587','saraban','3800101570624',NULL,1,'2022-07-18 14:00:39',NULL,NULL,'165812763916473',NULL),(192,2,'1653031114x1957080587','saraban','3800101570624',NULL,1,'2022-07-18 14:00:39',NULL,NULL,'165812763916473',NULL),(363,2,'1674033747x201988099','saraban','3800101570624',NULL,1,'2023-01-18 16:45:03',NULL,NULL,'1674035103896',NULL),(362,2,'1673943698x1663146562','saraban','3800101570624',NULL,1,'2023-01-18 16:20:35',NULL,NULL,'167403363519031',NULL),(361,2,'1673943698x1663146562','saraban','3800101570624',NULL,1,'2023-01-18 16:20:35',NULL,NULL,'167403363519031',NULL),(360,2,'1673942764x2088561279','saraban','3800101570624',NULL,1,'2023-01-18 16:20:35',NULL,NULL,'167403363522486',NULL),(359,2,'1673942764x2088561279','saraban','3800101570624',NULL,1,'2023-01-18 16:20:35',NULL,NULL,'167403363522486',NULL),(358,2,'1673941546x1634320932','saraban','3800101570624',NULL,1,'2023-01-18 16:20:35',NULL,NULL,'167403363516369',NULL),(357,2,'1673941546x1634320932','saraban','3800101570624',NULL,1,'2023-01-18 16:20:35',NULL,NULL,'167403363516369',NULL),(356,2,'1673936822x1224671486','saraban','3800101570624',NULL,1,'2023-01-18 16:20:35',NULL,NULL,'16740336357064',NULL),(355,2,'1673936822x1224671486','saraban','3800101570624',NULL,1,'2023-01-18 16:20:35',NULL,NULL,'16740336357064',NULL),(354,2,'1673587594x1328683731','saraban','3800101570624',NULL,1,'2023-01-18 16:20:35',NULL,NULL,'16740336354475',NULL),(353,2,'1673587594x1328683731','saraban','3800101570624',NULL,1,'2023-01-18 16:20:35',NULL,NULL,'16740336354475',NULL),(352,2,'1673587435x1212862053','saraban','3800101570624',NULL,1,'2023-01-18 16:20:35',NULL,NULL,'167403363529962',NULL),(347,2,'1673415217x2024500529','saraban','3800101570624',NULL,1,'2023-01-18 16:20:35',NULL,NULL,'16740336358364',NULL),(346,2,'1673323705x19403377','saraban','3800101570624',NULL,1,'2023-01-18 16:20:35',NULL,NULL,'167403363528255',NULL),(345,2,'1673323705x19403377','saraban','3800101570624',NULL,1,'2023-01-18 16:20:35',NULL,NULL,'167403363528255',NULL),(344,2,'1673250873x843669782','saraban','3800101570624',NULL,1,'2023-01-18 16:20:35',NULL,NULL,'167403363526366',NULL),(343,2,'1673250873x843669782','saraban','3800101570624',NULL,1,'2023-01-18 16:20:35',NULL,NULL,'167403363526366',NULL),(342,2,'1673316712x1020817995','saraban','3800101570624',NULL,1,'2023-01-18 16:20:35',NULL,NULL,'167403363529369',NULL),(341,2,'1673316712x1020817995','saraban','3800101570624',NULL,1,'2023-01-18 16:20:35',NULL,NULL,'167403363529369',NULL),(340,2,'1673247623x393058749','saraban','3800101570624',NULL,1,'2023-01-18 16:20:35',NULL,NULL,'167403363515488',NULL),(339,2,'1673247623x393058749','saraban','3800101570624',NULL,1,'2023-01-18 16:20:35',NULL,NULL,'167403363515488',NULL),(335,2,'1673236704x1598392510','saraban','3800101570624',NULL,1,'2023-01-18 16:20:35',NULL,NULL,'167403363525010',NULL),(336,2,'1673236704x1598392510','saraban','3800101570624',NULL,1,'2023-01-18 16:20:35',NULL,NULL,'167403363525010',NULL),(337,2,'1672970396x1126408578','saraban','3800101570624',NULL,1,'2023-01-18 16:20:35',NULL,NULL,'16740336351283',NULL),(338,2,'1672970396x1126408578','saraban','3800101570624',NULL,1,'2023-01-18 16:20:35',NULL,NULL,'16740336351283',NULL),(349,2,'1673418284x723802544','saraban','3800101570624',NULL,1,'2023-01-18 16:20:35',NULL,NULL,'1674033635373',NULL),(348,2,'1673415217x2024500529','saraban','3800101570624',NULL,1,'2023-01-18 16:20:35',NULL,NULL,'16740336358364',NULL),(334,2,'1673236236x1605307502','saraban','3800101570624',NULL,1,'2023-01-18 16:20:35',NULL,NULL,'16740336356077',NULL),(333,2,'1673236236x1605307502','saraban','3800101570624',NULL,1,'2023-01-18 16:20:35',NULL,NULL,'16740336356077',NULL),(332,2,'1672970322x290354005','saraban','3800101570624',NULL,1,'2023-01-18 16:20:35',NULL,NULL,'1674033635788',NULL),(331,2,'1672970322x290354005','saraban','3800101570624',NULL,1,'2023-01-18 16:20:35',NULL,NULL,'1674033635788',NULL),(225,2,'1669970188x1906981902','saraban','3800101570624',NULL,1,'2023-01-06 18:48:36',NULL,NULL,'167300571630409',NULL),(226,2,'1669970188x1906981902','saraban','3800101570624',NULL,1,'2023-01-06 18:48:36',NULL,NULL,'167300571630409',NULL),(351,2,'1673587435x1212862053','saraban','3800101570624',NULL,1,'2023-01-18 16:20:35',NULL,NULL,'167403363529962',NULL),(350,2,'1673418284x723802544','saraban','3800101570624',NULL,1,'2023-01-18 16:20:35',NULL,NULL,'1674033635373',NULL),(229,2,'1670404882x2027620980','saraban','3800101570624',NULL,1,'2023-01-06 18:48:36',NULL,NULL,'167300571614575',NULL),(230,2,'1670404882x2027620980','saraban','3800101570624',NULL,1,'2023-01-06 18:48:36',NULL,NULL,'167300571614575',NULL),(231,2,'1670471423x313190993','saraban','3800101570624',NULL,1,'2023-01-06 18:48:36',NULL,NULL,'167300571616380',NULL),(232,2,'1670471423x313190993','saraban','3800101570624',NULL,1,'2023-01-06 18:48:36',NULL,NULL,'167300571616380',NULL),(233,2,'1670486183x895497271','saraban','3800101570624',NULL,1,'2023-01-06 18:48:36',NULL,NULL,'167300571613957',NULL),(234,2,'1670486183x895497271','saraban','3800101570624',NULL,1,'2023-01-06 18:48:36',NULL,NULL,'167300571613957',NULL),(235,2,'1670486399x1582745286','saraban','3800101570624',NULL,1,'2023-01-06 18:48:36',NULL,NULL,'167300571627866',NULL),(236,2,'1670486399x1582745286','saraban','3800101570624',NULL,1,'2023-01-06 18:48:36',NULL,NULL,'167300571627866',NULL),(237,2,'1670573992x37790861','saraban','3800101570624',NULL,1,'2023-01-06 18:48:36',NULL,NULL,'167300571629963',NULL),(238,2,'1670573992x37790861','saraban','3800101570624',NULL,1,'2023-01-06 18:48:36',NULL,NULL,'167300571629963',NULL),(239,2,'1670897555x430488604','saraban','3800101570624',NULL,1,'2023-01-06 18:48:36',NULL,NULL,'167300571624552',NULL),(240,2,'1670897555x430488604','saraban','3800101570624',NULL,1,'2023-01-06 18:48:36',NULL,NULL,'167300571624552',NULL),(241,2,'1670899347x230683697','saraban','3800101570624',NULL,1,'2023-01-06 18:48:36',NULL,NULL,'167300571613825',NULL),(242,2,'1670899347x230683697','saraban','3800101570624',NULL,1,'2023-01-06 18:48:36',NULL,NULL,'167300571613825',NULL),(243,2,'1670912694x682172748','saraban','3800101570624',NULL,1,'2023-01-06 18:48:36',NULL,NULL,'167300571631910',NULL),(244,2,'1670912694x682172748','saraban','3800101570624',NULL,1,'2023-01-06 18:48:36',NULL,NULL,'167300571631910',NULL),(245,2,'1670922143x1789481057','saraban','3800101570624',NULL,1,'2023-01-06 18:48:36',NULL,NULL,'167300571622247',NULL),(246,2,'1670922143x1789481057','saraban','3800101570624',NULL,1,'2023-01-06 18:48:36',NULL,NULL,'167300571622247',NULL),(247,2,'1670922706x1682501259','saraban','3800101570624',NULL,1,'2023-01-06 18:48:36',NULL,NULL,'16730057164756',NULL),(248,2,'1670922706x1682501259','saraban','3800101570624',NULL,1,'2023-01-06 18:48:36',NULL,NULL,'16730057164756',NULL),(249,2,'1670927453x1263712347','saraban','3800101570624',NULL,1,'2023-01-06 18:48:36',NULL,NULL,'167300571612605',NULL),(250,2,'1670927453x1263712347','saraban','3800101570624',NULL,1,'2023-01-06 18:48:36',NULL,NULL,'167300571612605',NULL),(251,2,'1670927916x1346539580','saraban','3800101570624',NULL,1,'2023-01-06 18:48:36',NULL,NULL,'167300571615666',NULL),(252,2,'1670927916x1346539580','saraban','3800101570624',NULL,1,'2023-01-06 18:48:36',NULL,NULL,'167300571615666',NULL),(253,2,'1670928373x477650973','saraban','3800101570624',NULL,1,'2023-01-06 18:48:36',NULL,NULL,'167300571631363',NULL),(254,2,'1670928373x477650973','saraban','3800101570624',NULL,1,'2023-01-06 18:48:36',NULL,NULL,'167300571631363',NULL),(255,2,'1670928428x965371346','saraban','3800101570624',NULL,1,'2023-01-06 18:48:36',NULL,NULL,'167300571617408',NULL),(256,2,'1670928428x965371346','saraban','3800101570624',NULL,1,'2023-01-06 18:48:36',NULL,NULL,'167300571617408',NULL),(257,2,'1670991398x1079814746','saraban','3800101570624',NULL,1,'2023-01-06 18:48:36',NULL,NULL,'16730057169273',NULL),(258,2,'1670991398x1079814746','saraban','3800101570624',NULL,1,'2023-01-06 18:48:36',NULL,NULL,'16730057169273',NULL),(259,2,'1670993448x541457430','saraban','3800101570624',NULL,1,'2023-01-06 18:48:36',NULL,NULL,'167300571631358',NULL),(260,2,'1670993448x541457430','saraban','3800101570624',NULL,1,'2023-01-06 18:48:36',NULL,NULL,'167300571631358',NULL),(261,2,'1671003723x1775468681','saraban','3800101570624',NULL,1,'2023-01-06 18:48:36',NULL,NULL,'167300571615327',NULL),(262,2,'1671003723x1775468681','saraban','3800101570624',NULL,1,'2023-01-06 18:48:36',NULL,NULL,'167300571615327',NULL),(263,2,'1671423033x1452297573','saraban','3800101570624',NULL,1,'2023-01-06 18:48:36',NULL,NULL,'16730057168236',NULL),(264,2,'1671423033x1452297573','saraban','3800101570624',NULL,1,'2023-01-06 18:48:36',NULL,NULL,'16730057168236',NULL),(265,2,'1671436614x1662739150','saraban','3800101570624',NULL,1,'2023-01-06 18:48:36',NULL,NULL,'167300571619189',NULL),(266,2,'1671436614x1662739150','saraban','3800101570624',NULL,1,'2023-01-06 18:48:36',NULL,NULL,'167300571619189',NULL),(267,2,'1671439056x336427436','saraban','3800101570624',NULL,1,'2023-01-06 18:48:36',NULL,NULL,'167300571616522',NULL),(268,2,'1671439056x336427436','saraban','3800101570624',NULL,1,'2023-01-06 18:48:36',NULL,NULL,'167300571616522',NULL),(269,2,'1671439621x1148234639','saraban','3800101570624',NULL,1,'2023-01-06 18:48:36',NULL,NULL,'167300571614075',NULL),(270,2,'1671439621x1148234639','saraban','3800101570624',NULL,1,'2023-01-06 18:48:36',NULL,NULL,'167300571614075',NULL),(271,2,'1671440494x1733868726','saraban','3800101570624',NULL,1,'2023-01-06 18:48:36',NULL,NULL,'16730057164888',NULL),(272,2,'1671440494x1733868726','saraban','3800101570624',NULL,1,'2023-01-06 18:48:36',NULL,NULL,'16730057164888',NULL),(273,2,'1671440962x1393115727','saraban','3800101570624',NULL,1,'2023-01-06 18:48:36',NULL,NULL,'16730057168561',NULL),(274,2,'1671440962x1393115727','saraban','3800101570624',NULL,1,'2023-01-06 18:48:36',NULL,NULL,'16730057168561',NULL),(275,2,'1671441371x151073725','saraban','3800101570624',NULL,1,'2023-01-06 18:48:36',NULL,NULL,'167300571623382',NULL),(276,2,'1671441371x151073725','saraban','3800101570624',NULL,1,'2023-01-06 18:48:36',NULL,NULL,'167300571623382',NULL),(277,2,'1671442311x2068418575','saraban','3800101570624',NULL,1,'2023-01-06 18:48:36',NULL,NULL,'167300571618391',NULL),(278,2,'1671442311x2068418575','saraban','3800101570624',NULL,1,'2023-01-06 18:48:36',NULL,NULL,'167300571618391',NULL),(279,2,'1671441211x1751303780','saraban','3800101570624',NULL,1,'2023-01-06 18:48:36',NULL,NULL,'167300571618628',NULL),(280,2,'1671441211x1751303780','saraban','3800101570624',NULL,1,'2023-01-06 18:48:36',NULL,NULL,'167300571618628',NULL),(281,2,'1671440033x1652469753','saraban','3800101570624',NULL,1,'2023-01-06 18:48:36',NULL,NULL,'167300571625517',NULL),(282,2,'1671440033x1652469753','saraban','3800101570624',NULL,1,'2023-01-06 18:48:36',NULL,NULL,'167300571625517',NULL),(283,2,'1671503560x796416972','saraban','3800101570624',NULL,1,'2023-01-06 18:48:36',NULL,NULL,'167300571622242',NULL),(284,2,'1671503560x796416972','saraban','3800101570624',NULL,1,'2023-01-06 18:48:36',NULL,NULL,'167300571622242',NULL),(285,2,'1671522636x1639726724','saraban','3800101570624',NULL,1,'2023-01-06 18:48:36',NULL,NULL,'16730057162675',NULL),(286,2,'1671522636x1639726724','saraban','3800101570624',NULL,1,'2023-01-06 18:48:36',NULL,NULL,'16730057162675',NULL),(287,2,'1671525337x1351263469','saraban','3800101570624',NULL,1,'2023-01-06 18:48:36',NULL,NULL,'167300571611568',NULL),(288,2,'1671525337x1351263469','saraban','3800101570624',NULL,1,'2023-01-06 18:48:36',NULL,NULL,'167300571611568',NULL),(289,2,'1671526290x766552026','saraban','3800101570624',NULL,1,'2023-01-06 18:48:36',NULL,NULL,'16730057163497',NULL),(290,2,'1671526290x766552026','saraban','3800101570624',NULL,1,'2023-01-06 18:48:36',NULL,NULL,'16730057163497',NULL),(291,2,'1671522549x1874848649','saraban','3800101570624',NULL,1,'2023-01-06 18:48:36',NULL,NULL,'167300571632558',NULL),(292,2,'1671522549x1874848649','saraban','3800101570624',NULL,1,'2023-01-06 18:48:36',NULL,NULL,'167300571632558',NULL),(293,2,'1671676620x506076952','saraban','3800101570624',NULL,1,'2023-01-06 18:48:36',NULL,NULL,'167300571623247',NULL),(294,2,'1671676620x506076952','saraban','3800101570624',NULL,1,'2023-01-06 18:48:36',NULL,NULL,'167300571623247',NULL),(295,2,'1672115920x168931447','saraban','3800101570624',NULL,1,'2023-01-06 18:48:36',NULL,NULL,'167300571627740',NULL),(296,2,'1672115920x168931447','saraban','3800101570624',NULL,1,'2023-01-06 18:48:36',NULL,NULL,'167300571627740',NULL),(297,2,'1672280860x1167948560','saraban','3800101570624',NULL,1,'2023-01-06 18:48:36',NULL,NULL,'167300571623397',NULL),(298,2,'1672280860x1167948560','saraban','3800101570624',NULL,1,'2023-01-06 18:48:36',NULL,NULL,'167300571623397',NULL),(299,2,'1672282801x844495934','saraban','3800101570624',NULL,1,'2023-01-06 18:48:36',NULL,NULL,'167300571624634',NULL),(300,2,'1672282801x844495934','saraban','3800101570624',NULL,1,'2023-01-06 18:48:36',NULL,NULL,'167300571624634',NULL),(301,2,'1672798633x461558561','saraban','3800101570624',NULL,1,'2023-01-06 18:48:36',NULL,NULL,'167300571621739',NULL),(302,2,'1672798633x461558561','saraban','3800101570624',NULL,1,'2023-01-06 18:48:36',NULL,NULL,'167300571621739',NULL),(303,2,'1672798861x211256955','saraban','3800101570624',NULL,1,'2023-01-06 18:48:36',NULL,NULL,'167300571629256',NULL),(304,2,'1672798861x211256955','saraban','3800101570624',NULL,1,'2023-01-06 18:48:36',NULL,NULL,'167300571629256',NULL),(305,2,'1672799165x2134899866','saraban','3800101570624',NULL,1,'2023-01-06 18:48:36',NULL,NULL,'167300571618657',NULL),(306,2,'1672799165x2134899866','saraban','3800101570624',NULL,1,'2023-01-06 18:48:36',NULL,NULL,'167300571618657',NULL),(367,2,'1691211164x568629445','saraban','1342200089801',NULL,1,'2023-08-07 09:52:37',NULL,NULL,'169137675711007',NULL),(366,2,'1691205783x1553389459','saraban','1342200089801',NULL,1,'2023-08-07 09:52:37',NULL,NULL,'169137675712830',NULL),(365,2,'1691205783x1553389459','saraban','1342200089801',NULL,1,'2023-08-07 09:52:37',NULL,NULL,'169137675712830',NULL),(364,2,'1674033747x201988099','saraban','3800101570624',NULL,1,'2023-01-18 16:45:03',NULL,NULL,'1674035103896',NULL),(311,2,'1672825576x834495655','saraban','3800101570624',NULL,1,'2023-01-06 18:48:36',NULL,NULL,'167300571627380',NULL),(312,2,'1672825576x834495655','saraban','3800101570624',NULL,1,'2023-01-06 18:48:36',NULL,NULL,'167300571627380',NULL),(313,2,'1672825783x1673612344','saraban','3800101570624',NULL,1,'2023-01-06 18:48:36',NULL,NULL,'16730057164637',NULL),(314,2,'1672825783x1673612344','saraban','3800101570624',NULL,1,'2023-01-06 18:48:36',NULL,NULL,'16730057164637',NULL),(315,2,'1672883895x1478776885','saraban','3800101570624',NULL,1,'2023-01-06 18:48:36',NULL,NULL,'167300571615506',NULL),(316,2,'1672883895x1478776885','saraban','3800101570624',NULL,1,'2023-01-06 18:48:36',NULL,NULL,'167300571615506',NULL),(317,2,'1672886722x1598329032','saraban','3800101570624',NULL,1,'2023-01-06 18:48:36',NULL,NULL,'167300571630307',NULL),(318,2,'1672886722x1598329032','saraban','3800101570624',NULL,1,'2023-01-06 18:48:36',NULL,NULL,'167300571630307',NULL),(319,2,'1672893946x1106700168','saraban','3800101570624',NULL,1,'2023-01-06 18:48:36',NULL,NULL,'167300571616992',NULL),(320,2,'1672893946x1106700168','saraban','3800101570624',NULL,1,'2023-01-06 18:48:36',NULL,NULL,'167300571616992',NULL),(321,2,'1672894790x1680419110','saraban','3800101570624',NULL,1,'2023-01-06 18:48:36',NULL,NULL,'167300571613081',NULL),(322,2,'1672894790x1680419110','saraban','3800101570624',NULL,1,'2023-01-06 18:48:36',NULL,NULL,'167300571613081',NULL),(323,2,'1672907330x749707379','saraban','3800101570624',NULL,1,'2023-01-06 18:48:36',NULL,NULL,'16730057164062',NULL),(324,2,'1672907330x749707379','saraban','3800101570624',NULL,1,'2023-01-06 18:48:36',NULL,NULL,'16730057164062',NULL),(325,2,'1672972768x1104032097','saraban','3800101570624',NULL,1,'2023-01-06 18:48:36',NULL,NULL,'16730057165567',NULL),(326,2,'1672972768x1104032097','saraban','3800101570624',NULL,1,'2023-01-06 18:48:36',NULL,NULL,'16730057165567',NULL),(327,2,'1672979357x2003984130','saraban','3800101570624',NULL,1,'2023-01-06 18:48:36',NULL,NULL,'16730057169356',NULL),(328,2,'1672979357x2003984130','saraban','3800101570624',NULL,1,'2023-01-06 18:48:36',NULL,NULL,'16730057169356',NULL),(329,2,'1672997528x1315233901','saraban','3800101570624',NULL,1,'2023-01-06 18:48:36',NULL,NULL,'167300571626581',NULL),(330,2,'1672997528x1315233901','saraban','3800101570624',NULL,1,'2023-01-06 18:48:36',NULL,NULL,'167300571626581',NULL),(368,2,'1691211164x568629445','saraban','1342200089801',NULL,1,'2023-08-07 09:52:37',NULL,NULL,'169137675711007',NULL),(369,2,'1691211270x1970781457','saraban','1342200089801',NULL,1,'2023-08-07 09:52:37',NULL,NULL,'169137675712492',NULL),(370,2,'1691211270x1970781457','saraban','1342200089801',NULL,1,'2023-08-07 09:52:37',NULL,NULL,'169137675712492',NULL),(371,2,'1691056374x1992942567','saraban','1342200089801',NULL,1,'2023-08-07 09:52:37',NULL,NULL,'16913767577957',NULL),(372,2,'1691056374x1992942567','saraban','1342200089801',NULL,1,'2023-08-07 09:52:37',NULL,NULL,'16913767577957',NULL),(373,2,'1691374037x194816504','saraban','1342200089801',NULL,1,'2023-08-07 09:52:37',NULL,NULL,'169137675721034',NULL),(374,2,'1691374037x194816504','saraban','1342200089801',NULL,1,'2023-08-07 09:52:37',NULL,NULL,'169137675721034',NULL),(375,2,'1691375012x778718012','saraban','1342200089801',NULL,1,'2023-08-07 09:52:37',NULL,NULL,'169137675730747',NULL),(376,2,'1691375012x778718012','saraban','1342200089801',NULL,1,'2023-08-07 09:52:37',NULL,NULL,'169137675730747',NULL),(377,2,'1691375480x903405702','saraban','1342200089801',NULL,1,'2023-08-07 09:52:37',NULL,NULL,'16913767573512',NULL),(378,2,'1691375480x903405702','saraban','1342200089801',NULL,1,'2023-08-07 09:52:37',NULL,NULL,'16913767573512',NULL),(379,2,'1691375423x315152582','saraban','1342200089801',NULL,1,'2023-08-07 09:52:37',NULL,NULL,'16913767576033',NULL),(380,2,'1691375423x315152582','saraban','1342200089801',NULL,1,'2023-08-07 09:52:37',NULL,NULL,'16913767576033',NULL),(381,2,'1691375747x27291266','saraban','1342200089801',NULL,1,'2023-08-07 09:52:37',NULL,NULL,'169137675726358',NULL),(382,2,'1691375747x27291266','saraban','1342200089801',NULL,1,'2023-08-07 09:52:37',NULL,NULL,'169137675726358',NULL),(383,2,'1690368763x370462659','saraban','1342200089801',NULL,1,'2023-08-07 11:21:22',NULL,NULL,'169138208228833',NULL),(384,2,'1690368763x370462659','saraban','1342200089801',NULL,1,'2023-08-07 11:21:22',NULL,NULL,'169138208228833',NULL),(385,2,'1691380256x1768704125','saraban','1342200089801',NULL,1,'2023-08-07 11:21:22',NULL,NULL,'169138208212998',NULL),(386,2,'1691380256x1768704125','saraban','1342200089801',NULL,1,'2023-08-07 11:21:22',NULL,NULL,'169138208212998',NULL),(387,2,'1691381882x23543107','saraban','1342200089801',NULL,1,'2023-08-07 11:21:22',NULL,NULL,'16913820828839',NULL),(388,2,'1691381882x23543107','saraban','1342200089801',NULL,1,'2023-08-07 11:21:22',NULL,NULL,'16913820828839',NULL),(389,2,'1759992979x731053032','saraban','1340300001181',NULL,1,'2025-10-09 18:03:24',NULL,NULL,'1760007804738222360',NULL),(390,2,'1759992979x731053032','saraban','1340300001181',NULL,1,'2025-10-09 18:03:24',NULL,NULL,'1760007804738222360',NULL),(391,2,'1759999066x1503885525','saraban','1340300001181',NULL,1,'2025-10-09 18:03:24',NULL,NULL,'17600078041868555629',NULL),(392,2,'1759999066x1503885525','saraban','1340300001181',NULL,1,'2025-10-09 18:03:24',NULL,NULL,'17600078041868555629',NULL),(393,2,'1759996260x2015033509','saraban','1340300001181',NULL,1,'2025-10-09 18:03:24',NULL,NULL,'1760007804104107216',NULL),(394,2,'1759996260x2015033509','saraban','1340300001181',NULL,1,'2025-10-09 18:03:24',NULL,NULL,'1760007804104107216',NULL);

--
-- Table structure for table `bookregister_cer_officer`
--

CREATE TABLE `bookregister_cer_officer` (
  `id` int(11) NOT NULL AUTO_INCREMENT,
  `person_id` varchar(13) NOT NULL,
  `p1` tinyint(4) NOT NULL,
  `officer` varchar(13) NOT NULL,
  `rec_date` date NOT NULL,
  PRIMARY KEY (`id`),
  UNIQUE KEY `person_id` (`person_id`)
) ENGINE=MyISAM AUTO_INCREMENT=5 DEFAULT CHARSET=utf8 COLLATE=utf8_general_ci;

--
-- Dumping data for table `bookregister_cer_officer`
--

INSERT INTO `bookregister_cer_officer` VALUES (1,'3349900542748',1,'3800101570624','2019-12-05'),(3,'3800101570624',1,'3800101570624','2021-03-18');

--
-- Table structure for table `bookregister_cer_sign`
--

CREATE TABLE `bookregister_cer_sign` (
  `id` int(11) NOT NULL AUTO_INCREMENT,
  `code` varchar(13) NOT NULL,
  `name` varchar(200) NOT NULL,
  `position1` varchar(200) NOT NULL,
  `position2` varchar(200) NOT NULL,
  `sign_pic` varchar(150) NOT NULL,
  `sign_now` tinyint(4) NOT NULL DEFAULT 0,
  `officer` varchar(13) NOT NULL,
  `rec_date` date NOT NULL,
  PRIMARY KEY (`id`),
  UNIQUE KEY `code` (`code`)
) ENGINE=MyISAM AUTO_INCREMENT=2 DEFAULT CHARSET=utf8 COLLATE=utf8_general_ci;

--
-- Dumping data for table `bookregister_cer_sign`
--

INSERT INTO `bookregister_cer_sign` VALUES (1,'1','นายรณกรณ จันทร์สด','ผู้อำนวยการโรงเรียนบ้านบาก','','',1,'1340300001181','2025-08-02');

--
-- Table structure for table `bookregister_certificate`
--

CREATE TABLE `bookregister_certificate` (
  `ms_id` int(11) NOT NULL AUTO_INCREMENT,
  `year` int(11) NOT NULL,
  `register_number` int(11) NOT NULL,
  `book_no` varchar(50) NOT NULL,
  `signdate` date NOT NULL,
  `name_cer` varchar(150) NOT NULL,
  `subject` varchar(150) NOT NULL,
  `subject2` varchar(250) NOT NULL,
  `comment` varchar(100) DEFAULT NULL,
  `sign_person` varchar(4) NOT NULL,
  `register_date` date NOT NULL,
  `officer` varchar(13) DEFAULT NULL,
  `file_name` varchar(50) DEFAULT NULL,
  `khet_print` tinyint(4) NOT NULL DEFAULT 0,
  `check_status` tinyint(4) NOT NULL DEFAULT 0,
  `quarantee` tinyint(4) NOT NULL DEFAULT 0,
  `quarantee_person` varchar(13) NOT NULL,
  `quarantee_date` date NOT NULL,
  PRIMARY KEY (`ms_id`)
) ENGINE=MyISAM DEFAULT CHARSET=utf8 COLLATE=utf8_general_ci;

--
-- Dumping data for table `bookregister_certificate`
--


--
-- Table structure for table `bookregister_command`
--

CREATE TABLE `bookregister_command` (
  `ms_id` int(11) NOT NULL AUTO_INCREMENT,
  `year` int(11) NOT NULL,
  `register_number` int(11) NOT NULL,
  `book_no` varchar(50) NOT NULL,
  `signdate` date NOT NULL,
  `subject` varchar(150) NOT NULL,
  `comment` varchar(100) DEFAULT NULL,
  `register_date` date NOT NULL,
  `officer` varchar(13) DEFAULT NULL,
  `file_name` varchar(100) DEFAULT NULL,
  `file_des` varchar(100) DEFAULT NULL,
  PRIMARY KEY (`ms_id`)
) ENGINE=MyISAM AUTO_INCREMENT=2 DEFAULT CHARSET=utf8 COLLATE=utf8_general_ci;

--
-- Dumping data for table `bookregister_command`
--

INSERT INTO `bookregister_command` VALUES (1,2568,1,'1/2568','2025-09-04','อนุมัติไปราชการ','เลขที่ 49/2568','2025-09-04','1340300001181','1756980250x41888193.pdf',NULL);

--
-- Table structure for table `bookregister_office_no`
--

CREATE TABLE `bookregister_office_no` (
  `id` int(11) NOT NULL AUTO_INCREMENT,
  `office_no` varchar(100) NOT NULL,
  `school_code` varchar(15) DEFAULT NULL,
  `officer` varchar(13) DEFAULT NULL,
  `rec_date` date DEFAULT NULL,
  PRIMARY KEY (`id`)
) ENGINE=MyISAM AUTO_INCREMENT=2 DEFAULT CHARSET=utf8 COLLATE=utf8_general_ci;

--
-- Dumping data for table `bookregister_office_no`
--

INSERT INTO `bookregister_office_no` VALUES (1,'ที่ ศธ04186.087/',NULL,NULL,NULL);

--
-- Table structure for table `bookregister_permission`
--

CREATE TABLE `bookregister_permission` (
  `id` int(11) NOT NULL AUTO_INCREMENT,
  `person_id` varchar(13) NOT NULL,
  `p1` tinyint(4) NOT NULL,
  `p2` tinyint(4) DEFAULT NULL,
  `school_code` varchar(15) DEFAULT NULL,
  `officer` varchar(13) NOT NULL,
  `rec_date` date NOT NULL,
  PRIMARY KEY (`id`),
  UNIQUE KEY `person_id` (`person_id`)
) ENGINE=MyISAM AUTO_INCREMENT=12 DEFAULT CHARSET=utf8 COLLATE=utf8_general_ci;

--
-- Dumping data for table `bookregister_permission`
--

INSERT INTO `bookregister_permission` VALUES (1,'3800101570624',1,NULL,NULL,'3800101570624','2016-11-03'),(4,'3349900542748',1,NULL,NULL,'3800101570624','2019-12-05'),(5,'3340700621697',1,NULL,NULL,'3800101570624','2021-03-18'),(6,'3349800171543',1,NULL,NULL,'3800101570624','2021-03-18'),(8,'1342200089801',1,NULL,NULL,'3800101570624','2021-03-18'),(10,'3341500151205',1,NULL,NULL,'3800101570624','2021-03-18'),(11,'1330400287850',1,NULL,NULL,'3800101570624','2021-03-18');

--
-- Table structure for table `bookregister_receive_filebook`
--

CREATE TABLE `bookregister_receive_filebook` (
  `id` int(11) NOT NULL AUTO_INCREMENT,
  `ref_id` varchar(50) NOT NULL,
  `file_name` varchar(100) NOT NULL,
  `file_des` varchar(100) NOT NULL,
  PRIMARY KEY (`id`)
) ENGINE=MyISAM DEFAULT CHARSET=utf8 COLLATE=utf8_general_ci;

--
-- Dumping data for table `bookregister_receive_filebook`
--


--
-- Table structure for table `bookregister_send_filebook`
--

CREATE TABLE `bookregister_send_filebook` (
  `id` int(11) NOT NULL AUTO_INCREMENT,
  `ref_id` varchar(50) NOT NULL,
  `file_name` varchar(100) NOT NULL,
  `file_des` varchar(100) NOT NULL,
  PRIMARY KEY (`id`)
) ENGINE=MyISAM DEFAULT CHARSET=utf8 COLLATE=utf8_general_ci;

--
-- Dumping data for table `bookregister_send_filebook`
--


--
-- Table structure for table `bookregister_year`
--

CREATE TABLE `bookregister_year` (
  `id` int(11) NOT NULL AUTO_INCREMENT,
  `year` int(11) NOT NULL,
  `year_active` tinyint(4) NOT NULL DEFAULT 0,
  `start_receive_num` int(11) NOT NULL DEFAULT 1,
  `start_send_num` int(11) NOT NULL DEFAULT 1,
  `start_command_num` int(11) NOT NULL DEFAULT 1,
  `start_cer_num` int(11) NOT NULL DEFAULT 1,
  `school_code` varchar(15) DEFAULT NULL,
  `officer` varchar(13) DEFAULT NULL,
  `rec_date` date DEFAULT NULL,
  PRIMARY KEY (`id`)
) ENGINE=MyISAM AUTO_INCREMENT=10 DEFAULT CHARSET=utf8 COLLATE=utf8_general_ci;

--
-- Dumping data for table `bookregister_year`
--

INSERT INTO `bookregister_year` VALUES (7,2566,0,0,0,0,0,NULL,NULL,NULL),(8,2567,0,1,1,1,1,NULL,NULL,NULL),(9,2568,1,1,1,1,1,NULL,NULL,NULL);

--
-- Table structure for table `budget_bud`
--

CREATE TABLE `budget_bud` (
  `id` int(11) NOT NULL AUTO_INCREMENT,
  `budget_year` int(11) NOT NULL,
  `doc` varchar(50) NOT NULL,
  `refer_wd_id` int(11) NOT NULL,
  `status` tinyint(11) DEFAULT NULL,
  `bud_type_id` int(11) DEFAULT NULL,
  `item` varchar(150) DEFAULT NULL,
  `receive_amount` double DEFAULT NULL,
  `pay_amount` double DEFAULT NULL,
  `payed_person` varchar(50) NOT NULL,
  `pay_group` int(4) DEFAULT NULL,
  `rec_date` date NOT NULL,
  `officer` varchar(13) NOT NULL,
  PRIMARY KEY (`id`)
) ENGINE=MyISAM DEFAULT CHARSET=utf8 COLLATE=utf8_general_ci;

--
-- Dumping data for table `budget_bud`
--


--
-- Table structure for table `budget_category`
--

CREATE TABLE `budget_category` (
  `id` int(11) NOT NULL AUTO_INCREMENT,
  `category_id` int(11) NOT NULL,
  `category_name` varchar(30) NOT NULL,
  PRIMARY KEY (`id`),
  UNIQUE KEY `category_id` (`category_id`)
) ENGINE=MyISAM AUTO_INCREMENT=7 DEFAULT CHARSET=utf8 COLLATE=utf8_general_ci;

--
-- Dumping data for table `budget_category`
--

INSERT INTO `budget_category` VALUES (1,1,'เงินนอกงบประมาณ'),(2,2,'เงินงบประมาณ'),(3,3,'เงินรายได้แผ่นดิน'),(6,4,'วงเงินงบประมาณที่ได้รับจัดสรร');

--
-- Table structure for table `budget_deega`
--

CREATE TABLE `budget_deega` (
  `id` int(11) NOT NULL AUTO_INCREMENT,
  `budget_year` int(11) NOT NULL,
  `deega_num` float NOT NULL DEFAULT 0,
  `doc` varchar(20) NOT NULL,
  `receive_num` char(3) NOT NULL DEFAULT '',
  `plan` char(2) NOT NULL DEFAULT '',
  `project` varchar(20) NOT NULL,
  `activity` varchar(20) NOT NULL,
  `pay_group` char(3) NOT NULL DEFAULT '',
  `item` varchar(50) NOT NULL DEFAULT '',
  `withdraw` double NOT NULL DEFAULT 0,
  `tax` double NOT NULL DEFAULT 0,
  `pay` double NOT NULL DEFAULT 0,
  `officer` varchar(13) NOT NULL,
  `rec_date` date NOT NULL,
  PRIMARY KEY (`id`)
) ENGINE=MyISAM DEFAULT CHARSET=utf8 COLLATE=utf8_general_ci;

--
-- Dumping data for table `budget_deega`
--


--
-- Table structure for table `budget_document`
--

CREATE TABLE `budget_document` (
  `id` int(11) NOT NULL AUTO_INCREMENT,
  `subject` varchar(150) NOT NULL,
  `file_name` varchar(150) NOT NULL,
  `rec_date` date NOT NULL,
  `officer` varchar(13) NOT NULL,
  PRIMARY KEY (`id`)
) ENGINE=MyISAM DEFAULT CHARSET=utf8 COLLATE=utf8_general_ci;

--
-- Dumping data for table `budget_document`
--


--
-- Table structure for table `budget_main`
--

CREATE TABLE `budget_main` (
  `id` int(11) NOT NULL AUTO_INCREMENT,
  `budget_year` int(11) NOT NULL,
  `doc` varchar(30) NOT NULL,
  `refer_wd_id` int(11) DEFAULT NULL,
  `type_id` int(11) NOT NULL,
  `item` varchar(100) NOT NULL,
  `receive_amount` double DEFAULT NULL,
  `pay_amount` double DEFAULT NULL,
  `payed_person` varchar(50) NOT NULL,
  `change_amount` double DEFAULT NULL,
  `pay_group` int(4) DEFAULT NULL,
  `status` tinyint(4) NOT NULL,
  `rec_date` date NOT NULL,
  `officer` varchar(13) DEFAULT NULL,
  PRIMARY KEY (`id`)
) ENGINE=MyISAM AUTO_INCREMENT=60 DEFAULT CHARSET=utf8 COLLATE=utf8_general_ci;

--
-- Dumping data for table `budget_main`
--

INSERT INTO `budget_main` VALUES (1,2557,'1',NULL,118,'ยอดยกมา',30000,NULL,'',NULL,NULL,1,'2014-08-24','3800101570624'),(2,2557,'1',0,118,'ค่าวัสดุ',NULL,5000,'นางสิริกุล  ประชุมแดง',NULL,203,3,'2014-08-24','3800101570624'),(3,2558,'บร009 ก15897',NULL,115,'รับเงินอุดหนุน',14485,NULL,'',NULL,NULL,2,'2015-06-28','3800101570624'),(7,2558,'บร009ก 15897',NULL,115,'รับเงินอุดหนุน',14485,NULL,'',NULL,NULL,2,'2014-11-24','3341501683553'),(5,2558,'บท  3/2558',NULL,118,'ขอเบิกเงินอาหารกลางวัน',NULL,NULL,'',20000,NULL,7,'2015-06-28','3341501683553'),(8,2558,'บร009ก 15897',NULL,117,'รับเงินอุดหนุน',19850,NULL,'',NULL,NULL,2,'2014-11-24','3341501683553'),(9,2558,'บร009ก 15897',NULL,109,'รับเงินอุดหนุน',58220,NULL,'',NULL,NULL,2,'2014-11-24','3341501683553'),(10,2558,'บร009ก 15897',NULL,108,'รับเงินอุดหนุน',20330,NULL,'',NULL,NULL,2,'2014-11-24','3341501683553'),(11,2558,'บร009ก 15897',NULL,118,'รับเงินอาหารกลางวัน',121000,NULL,'',NULL,NULL,2,'2014-12-15','3341501683553'),(12,2558,'บร009ก 15897',NULL,115,'รับเงินอุดหนุน',6165,NULL,'',NULL,NULL,2,'2015-01-22','3341501683553'),(13,2558,'บร009ก 15897',NULL,117,'รับเงินอุดหนุน',8415,NULL,'',NULL,NULL,2,'2015-01-22','3341501683553'),(14,2558,'บร009ก 15897',NULL,108,'รับเงินอุดหนุน',11000,NULL,'',NULL,NULL,2,'2015-01-22','3341501683553'),(15,2558,'บร009ก 15897',NULL,109,'รับเงินอุดหนุน',22300,NULL,'',NULL,NULL,2,'2015-01-22','3341501683553'),(16,2558,'บร009ก 15897',NULL,112,'รับเงินอุดหนุนนักเรียนยากจน',18000,NULL,'',NULL,NULL,2,'2015-01-22','3341501683553'),(17,2558,'บร009ก 15897',NULL,117,'รับเงินอุดหนุน',21480,NULL,'',NULL,NULL,2,'2015-01-22','3341501683553'),(18,2558,'บร009ก 15897',NULL,115,'รับเงินอุดหนุน',15660,NULL,'',NULL,NULL,2,'2015-01-22','3341501683553'),(19,2558,'บร009ก 15897',NULL,116,'รับเงินอุดหนุน',31680,NULL,'',NULL,NULL,2,'2015-01-22','3341501683553'),(20,2558,'บร009ก 15897',NULL,114,'รับเงินอุดหนุน',50813,NULL,'',NULL,NULL,2,'2015-01-22','3341501683553'),(21,2558,'บร009ก 15897',NULL,108,'รับเงินอุดหนุน',24200,NULL,'',NULL,NULL,2,'2015-01-22','3341501683553'),(22,2558,'บร009ก 15897',NULL,109,'รับเงินอุดหนุน',60800,NULL,'',NULL,NULL,2,'2015-01-22','3341501683553'),(23,2558,'บร009ก 15897',NULL,118,'รับเงินอาหารกลางวัน',121000,NULL,'',NULL,NULL,2,'2015-01-26','3341501683553'),(24,2558,'บร009ก 15897',NULL,118,'รับเงินอาหารกลางวัน',121000,NULL,'',NULL,NULL,2,'2015-05-25','3341501683553'),(25,2560,'เปิดบัญชี',NULL,109,'รับเงินอุดหนุนวัสดุรายหัวประถมศึกษาจากปีงบประมาณ 2559',41983.77,NULL,'',NULL,NULL,2,'2016-10-03','3341501426925'),(26,2560,'เปิดบัญชี',NULL,112,'รับเงินอุดหนุนปัจจัยพื้นฐานประถมศึกษาจากปีงบประมาณ 2559',101677,NULL,'',NULL,NULL,2,'2016-10-03','3341501426925'),(27,2560,'เปิดบัญชี',NULL,116,'รับเงินอุดหนุนเรียนฟรี 15 ปี  เครื่องแบบนักเรียนจากปีงบประมาณ 2559',54000,NULL,'',NULL,NULL,2,'2016-10-03','3341501426925'),(28,2560,'บค1/ุ60',0,118,'ค่าอาหารกลางวัน',NULL,2,'ผู้ประกอบการ',NULL,203,3,'2016-10-03','3341501683553'),(29,2560,'บค1/60',0,118,'จ่ายค่าอาหารกลางวัน',NULL,2400,'ผู้ประกอบการ',NULL,203,3,'2016-10-03','3341501426925'),(30,2560,'เปิดบัญชี',NULL,118,'รับเงินอุดหนุนอาหารกลางวันจากปีงบประมาณ 2559',71488.45,NULL,'',NULL,NULL,2,'2016-10-03','3341501426925'),(31,2560,'เปิดบัญชี',NULL,108,'รับเงินอุดหนุนวัสดุรายหัวก่อนประถมศึกษา',46322.7,NULL,'',NULL,NULL,2,'2016-10-03','3341501426925'),(32,2560,'เปิดบัญชี',NULL,117,'รับเงินอุดหนุนกิจกรรมพัฒนาผู้เรียนจากปีงบประมาณ 2559',60614.47,NULL,'',NULL,NULL,2,'2016-10-03','3341501426925'),(33,2560,'เปิดบัญชี',NULL,115,'รับเงินอุดหนุนเรียนฟรี 15 ปี  อุปกรณ์การเรียนจากปีงบประมาณ 2559',80534,NULL,'',NULL,NULL,2,'2016-10-03','3341501426925'),(34,2560,'เปิดบัญชี',NULL,107,'รับเงินประกันสัญญาจากปีงบประมาณ 2559',6870,NULL,'',NULL,NULL,2,'2016-10-03','3341501426925'),(35,2560,'เปิดบัญชี',NULL,120,'รับเงินอุดหนุนที่ได้รับจากอบต.',20000,NULL,'',NULL,NULL,2,'2016-10-03','3341501426925'),(40,2564,'บรก60050',NULL,118,'เงินอาหารกลางวัน',123000,NULL,'',NULL,NULL,2,'2020-11-13','3341501683553'),(39,2564,'บท1/64',NULL,118,'ยอดยกมา',180968.45,NULL,'',NULL,NULL,2,'2020-10-01','3341501683553'),(41,2564,'บท3/ุ64',NULL,118,'ถอนเงินฝากธนาคารเป็นเงินสด',NULL,NULL,'',18420,NULL,7,'2020-11-13','3341501683553'),(42,2564,'บค1/64',3,118,'ขอเบิกเงินอาหารกลางวัน',NULL,2280,'สุดสาย',NULL,203,3,'2020-11-13','3341501683553'),(45,2568,'บร.001',NULL,118,'ยอดยกมา',30000,NULL,'',NULL,NULL,2,'2025-10-01','1340300001181'),(46,2568,'บร.002',NULL,118,'รับเงินจาก อบต.',50000,NULL,'',NULL,NULL,2,'2025-10-07','1340300001181'),(51,2569,'บร.001',NULL,118,'ยอดยกมา',50000,NULL,'',NULL,NULL,2,'2025-10-01','1340300001181'),(54,2569,'บร.004',NULL,307,'รับเงินดอกเบี้ยอาหารกลางวัน',120,NULL,'',NULL,NULL,2,'2025-10-07','1340300001181'),(55,2569,'บร.002',NULL,307,'คืนเงินดอกเบี้ยอาหารกล',NULL,NULL,'',120,NULL,7,'2025-10-07','1340300001181'),(56,2569,'บร.002',NULL,307,'คืนเงินดอกเบี้ยอาหารกล',NULL,NULL,'',120,NULL,5,'2025-10-07','1340300001181'),(57,2569,'บร.002',NULL,307,'คืนเงินดอกเบี้ยอาหารกล',NULL,120,'',NULL,NULL,4,'2025-10-07','1340300001181'),(58,2569,'บร.008',NULL,118,'จ่ายค่าอาหารกลางวัน',30000,NULL,'',NULL,NULL,2,'2025-10-07','1340300001181');

--
-- Table structure for table `budget_money_return`
--

CREATE TABLE `budget_money_return` (
  `id` int(11) NOT NULL AUTO_INCREMENT,
  `budget_year` int(11) DEFAULT NULL,
  `document` varchar(30) NOT NULL DEFAULT '',
  `item` varchar(100) NOT NULL DEFAULT '',
  `pj_activity` varchar(20) NOT NULL DEFAULT '',
  `money` double NOT NULL DEFAULT 0,
  `pay_type` varchar(10) NOT NULL,
  `p_request` varchar(13) NOT NULL DEFAULT '',
  `officer` varchar(13) NOT NULL DEFAULT '',
  `rec_date` date NOT NULL,
  PRIMARY KEY (`id`)
) ENGINE=MyISAM DEFAULT CHARSET=utf8 COLLATE=utf8_general_ci;

--
-- Dumping data for table `budget_money_return`
--


--
-- Table structure for table `budget_pay_type`
--

CREATE TABLE `budget_pay_type` (
  `id` int(11) NOT NULL AUTO_INCREMENT,
  `pay_type_id` int(11) NOT NULL,
  `pay_group_id` tinyint(4) NOT NULL,
  `pay_type_name` varchar(30) NOT NULL,
  PRIMARY KEY (`id`),
  UNIQUE KEY `pay_type_id` (`pay_type_id`)
) ENGINE=MyISAM AUTO_INCREMENT=16 DEFAULT CHARSET=utf8 COLLATE=utf8_general_ci;

--
-- Dumping data for table `budget_pay_type`
--

INSERT INTO `budget_pay_type` VALUES (1,101,1,'เงินเดือน'),(15,102,1,'ค่าจ้างประจำ'),(3,103,1,'ค่าจ้างชั่วคราว'),(4,104,1,'ค่าตอบแทนพนักงานราชการ'),(5,201,2,'ค่าตอบแทน'),(6,202,2,'ค่าใช้สอย'),(7,203,2,'ค่าวัสดุ'),(8,204,2,'ค่าสาธารณูปโภค'),(9,301,3,'ค่าครุภัณฑ์'),(10,302,3,'ค่าที่ดินและสิ่งก่อสร้าง');

--
-- Table structure for table `budget_permission`
--

CREATE TABLE `budget_permission` (
  `id` int(11) NOT NULL AUTO_INCREMENT,
  `person_id` varchar(13) NOT NULL,
  `p1` tinyint(4) NOT NULL,
  `p2` tinyint(4) NOT NULL,
  `p3` tinyint(4) NOT NULL,
  `p4` tinyint(4) NOT NULL,
  `officer` varchar(13) NOT NULL,
  `rec_date` date NOT NULL,
  PRIMARY KEY (`id`)
) ENGINE=MyISAM AUTO_INCREMENT=12 DEFAULT CHARSET=utf8 COLLATE=utf8_general_ci;

--
-- Dumping data for table `budget_permission`
--

INSERT INTO `budget_permission` VALUES (11,'1341500223587',1,1,1,1,'1340300001181','2025-09-13'),(7,'3341500151205',1,1,1,1,'3800101570624','2020-10-26'),(10,'1341500107251',1,1,1,1,'1340300001181','2025-08-02'),(9,'1340300001181',1,1,1,1,'1340300001181','2025-08-02'),(8,'1342200089801',1,1,1,1,'3800101570624','2020-10-26');

--
-- Table structure for table `budget_project`
--

CREATE TABLE `budget_project` (
  `id` int(11) NOT NULL AUTO_INCREMENT,
  `budget_year` int(11) NOT NULL,
  `code` varchar(16) NOT NULL DEFAULT '',
  `name` varchar(80) NOT NULL DEFAULT '',
  PRIMARY KEY (`id`)
) ENGINE=MyISAM DEFAULT CHARSET=utf8 COLLATE=utf8_general_ci;

--
-- Dumping data for table `budget_project`
--


--
-- Table structure for table `budget_receive`
--

CREATE TABLE `budget_receive` (
  `id` int(11) NOT NULL AUTO_INCREMENT,
  `budget_year` int(11) NOT NULL,
  `num` float NOT NULL DEFAULT 0,
  `book_number` varchar(30) NOT NULL DEFAULT '',
  `out_date` varchar(50) NOT NULL DEFAULT '',
  `book_ref` varchar(30) NOT NULL DEFAULT '',
  `plan` char(1) NOT NULL DEFAULT '',
  `project` varchar(16) NOT NULL DEFAULT '',
  `activity` varchar(50) NOT NULL DEFAULT '',
  `activity2` varchar(200) NOT NULL DEFAULT '',
  `m_source` varchar(7) NOT NULL DEFAULT '',
  `account` varchar(30) NOT NULL DEFAULT '',
  `m_pay` char(3) NOT NULL DEFAULT '',
  `item` varchar(250) NOT NULL DEFAULT '',
  `detail` varchar(250) NOT NULL DEFAULT '',
  `money` double NOT NULL DEFAULT 0,
  `rec_date` date DEFAULT NULL,
  `officer` varchar(13) NOT NULL DEFAULT '',
  PRIMARY KEY (`id`),
  UNIQUE KEY `num` (`num`)
) ENGINE=MyISAM DEFAULT CHARSET=utf8 COLLATE=utf8_general_ci;

--
-- Dumping data for table `budget_receive`
--


--
-- Table structure for table `budget_type`
--

CREATE TABLE `budget_type` (
  `id` int(11) NOT NULL AUTO_INCREMENT,
  `type_id` int(11) NOT NULL,
  `category_id` int(11) NOT NULL,
  `type_name` varchar(70) NOT NULL,
  PRIMARY KEY (`id`),
  UNIQUE KEY `type_id` (`type_id`)
) ENGINE=MyISAM AUTO_INCREMENT=53 DEFAULT CHARSET=utf8 COLLATE=utf8_general_ci;

--
-- Dumping data for table `budget_type`
--

INSERT INTO `budget_type` VALUES (1,101,1,'เงินรายได้สถานศึกษา'),(2,102,1,'เงินบริจาค'),(33,103,1,'เงินภาษีหัก ณ ที่จ่าย'),(4,104,1,'เงินลูกเสือ'),(34,105,1,'เงินเนตรนารี'),(6,106,1,'เงินยุวกาชาด'),(7,107,1,'เงินประกันสัญญา'),(8,108,1,'เงินอุดหนุนทั่วไป(ค่าใช้จ่ายรายหัวก่อนประถมศึกษา)'),(47,119,1,'เงินบริจาคมีวัตถุประสงค์'),(38,304,3,'รายได้เบ็ดเตล็ดอื่น'),(14,301,3,'ค่าขายของเบ็ดเตล็ด'),(36,302,3,'ค่าธรรมเนียมเบ็ดเตล็ด'),(37,303,3,'เงินเหลือจ่ายปีเก่าส่งคืน'),(29,109,1,'เงินอุดหนุนทั่วไป(ค่าใช้จ่ายรายหัวประถมศึกษา)'),(23,112,1,'เงินอุดหนุนทั่วไป(ปัจจัยพื้นฐานนักเรียนยากจนประถมศึกษา)'),(24,113,1,'เงินอุดหนุนทั่วไป(ปัจจัยพื้นฐานนักเรียนยากจนมัธยมต้น)'),(25,114,1,'เรียนฟรี15ปี(ค่าหนังสือเรียน)'),(26,115,1,'เรียนฟรี15ปี(ค่าอุปกรณ์การเรียน)'),(27,116,1,'เรียนฟรี15ปี(ค่าเครื่องแบบนักเรียน)'),(28,117,1,'เรียนฟรี15ปี(ค่ากิจกรรมพัฒนาผู้เรียน)'),(30,110,1,'เงินอุดหนุนทั่วไป(ค่าใช้จ่ายรายหัวมัธยมศึกษาตอนต้น)'),(31,111,1,'เงินอุดหนุนทั่วไป(ค่าใช้จ่ายรายหัวมัธยมศึกษาตอนปลาย)'),(35,118,1,'เงินอาหารกลางวัน'),(48,120,1,'เงินอุดหนุนที่ได้รับจากอบต./เทศบาล'),(49,121,1,'เงินบันทึกเพื่อเก็บรักษา'),(50,122,1,'เงินสนับสนุนอาหารกลางวัน'),(51,305,3,'ดอกเบี้ยเงินอุดหนุนอื่น'),(52,307,3,'ดอกเบี้ยเงินอาหารกลางวัน');

--
-- Table structure for table `budget_withdraw`
--

CREATE TABLE `budget_withdraw` (
  `id` int(11) NOT NULL AUTO_INCREMENT,
  `budget_year` int(11) DEFAULT NULL,
  `document` varchar(30) NOT NULL DEFAULT '',
  `item` varchar(100) NOT NULL DEFAULT '',
  `pj_activity` varchar(20) NOT NULL DEFAULT '',
  `money` double NOT NULL DEFAULT 0,
  `money_type` varchar(3) NOT NULL,
  `pay_type` varchar(10) NOT NULL,
  `p_request` varchar(50) NOT NULL,
  `status` tinyint(4) DEFAULT 0,
  `officer` varchar(13) NOT NULL DEFAULT '',
  `rec_date` date NOT NULL,
  `borrowed_rec_date` date NOT NULL,
  `withdraw_rec_date` date NOT NULL,
  PRIMARY KEY (`id`)
) ENGINE=MyISAM AUTO_INCREMENT=9 DEFAULT CHARSET=utf8 COLLATE=utf8_general_ci;

--
-- Dumping data for table `budget_withdraw`
--

INSERT INTO `budget_withdraw` VALUES (1,2558,'บท1/2558','ขอเบิกเงินค่าวัสดุ','008001',500,'','203','นางวาสนา  อบอุ่น',1,'3341501683553','2015-05-21','0000-00-00','2015-06-28'),(2,2558,'บท2/2558','ขอเบิกเงินค่าวัสดุ','008002',3000,'','203','นางวาสนา  อบอุ่น',1,'3341501683553','2015-06-26','0000-00-00','2015-06-28'),(3,2564,'บท2/64','ขอเบิกเงินอาหารกลางวัน','019001',18420,'118','203','สุดสาย',1,'3341501683553','2020-11-13','0000-01-01','2020-11-13'),(8,2569,'บร.002','คืนเงินดอกเบี้ยอาหารกล','008002',120,'118','202','นายธนาธิป  วังคะฮาด',1,'1340300001181','2025-10-07','0000-01-01','2025-10-07');

--
-- Table structure for table `budget_year`
--

CREATE TABLE `budget_year` (
  `id` int(11) NOT NULL AUTO_INCREMENT,
  `budget_year` int(11) NOT NULL,
  `year_active` tinyint(1) NOT NULL,
  PRIMARY KEY (`id`),
  UNIQUE KEY `budget_year` (`budget_year`)
) ENGINE=MyISAM AUTO_INCREMENT=12 DEFAULT CHARSET=utf8 COLLATE=utf8_general_ci;

--
-- Dumping data for table `budget_year`
--

INSERT INTO `budget_year` VALUES (7,2563,0),(8,2564,0),(6,2562,0),(9,2568,0),(11,2569,1);

--
-- Table structure for table `cabinet_cabinet`
--

CREATE TABLE `cabinet_cabinet` (
  `id` int(11) NOT NULL AUTO_INCREMENT,
  `cabinet_id` int(11) NOT NULL,
  `cabinet_type` tinyint(4) NOT NULL,
  `cabinet_name` varchar(100) NOT NULL,
  `cabinet_size` double NOT NULL,
  `tray_size` double NOT NULL,
  `cabinet_person` varchar(13) NOT NULL,
  PRIMARY KEY (`id`),
  UNIQUE KEY `cabinet_id` (`cabinet_id`)
) ENGINE=MyISAM DEFAULT CHARSET=utf8 COLLATE=utf8_general_ci;

--
-- Dumping data for table `cabinet_cabinet`
--


--
-- Table structure for table `cabinet_file`
--

CREATE TABLE `cabinet_file` (
  `id` int(11) NOT NULL AUTO_INCREMENT,
  `file_id` int(11) NOT NULL,
  `tray_id` bigint(11) NOT NULL,
  `cabinet_id` int(11) NOT NULL,
  `file_name` varchar(100) NOT NULL,
  PRIMARY KEY (`id`)
) ENGINE=MyISAM DEFAULT CHARSET=utf8 COLLATE=utf8_general_ci;

--
-- Dumping data for table `cabinet_file`
--


--
-- Table structure for table `cabinet_main`
--

CREATE TABLE `cabinet_main` (
  `id` int(11) NOT NULL AUTO_INCREMENT,
  `file_id` int(11) NOT NULL,
  `tray_id` bigint(11) NOT NULL,
  `cabinet_id` int(11) NOT NULL,
  `cabinet_type` tinyint(4) NOT NULL,
  `doc_subject` varchar(150) NOT NULL,
  `doc_size` double NOT NULL,
  `doc_name` varchar(100) NOT NULL,
  `doc_type` varchar(10) NOT NULL,
  `status` tinyint(4) NOT NULL DEFAULT 0,
  `person_id` varchar(13) NOT NULL,
  `rec_date` datetime NOT NULL,
  PRIMARY KEY (`id`)
) ENGINE=MyISAM DEFAULT CHARSET=utf8 COLLATE=utf8_general_ci;

--
-- Dumping data for table `cabinet_main`
--


--
-- Table structure for table `cabinet_permission`
--

CREATE TABLE `cabinet_permission` (
  `id` int(11) NOT NULL AUTO_INCREMENT,
  `person_id` varchar(13) NOT NULL,
  `p1` tinyint(4) DEFAULT NULL,
  `officer` varchar(13) NOT NULL,
  `rec_date` date NOT NULL,
  PRIMARY KEY (`id`),
  UNIQUE KEY `person_id` (`person_id`)
) ENGINE=MyISAM AUTO_INCREMENT=3 DEFAULT CHARSET=utf8 COLLATE=utf8_general_ci;

--
-- Dumping data for table `cabinet_permission`
--

INSERT INTO `cabinet_permission` VALUES (1,'3800101570624',1,'3620400080086','2018-09-15'),(2,'1349900267554',1,'3800101570624','2021-03-18');

--
-- Table structure for table `cabinet_tray`
--

CREATE TABLE `cabinet_tray` (
  `id` int(11) NOT NULL AUTO_INCREMENT,
  `tray_id` bigint(20) NOT NULL,
  `cabinet_id` int(11) NOT NULL,
  `tray_name` varchar(100) NOT NULL,
  PRIMARY KEY (`id`)
) ENGINE=MyISAM DEFAULT CHARSET=utf8 COLLATE=utf8_general_ci;

--
-- Dumping data for table `cabinet_tray`
--


--
-- Table structure for table `delegate_main`
--

CREATE TABLE `delegate_main` (
  `id` int(11) NOT NULL AUTO_INCREMENT,
  `person_id` varchar(13) NOT NULL,
  `start` date NOT NULL,
  `finish` date NOT NULL,
  `remark` varchar(250) NOT NULL,
  `officer` varchar(13) NOT NULL,
  `rec_date` date NOT NULL,
  PRIMARY KEY (`id`)
) ENGINE=MyISAM DEFAULT CHARSET=utf8 COLLATE=utf8_general_ci;

--
-- Dumping data for table `delegate_main`
--


--
-- Table structure for table `delegate_permission`
--

CREATE TABLE `delegate_permission` (
  `id` int(11) NOT NULL AUTO_INCREMENT,
  `person_id` varchar(13) NOT NULL,
  `p1` tinyint(4) NOT NULL,
  `officer` varchar(13) NOT NULL,
  `rec_date` date NOT NULL,
  PRIMARY KEY (`id`)
) ENGINE=MyISAM AUTO_INCREMENT=2 DEFAULT CHARSET=utf8 COLLATE=utf8_general_ci;

--
-- Dumping data for table `delegate_permission`
--

INSERT INTO `delegate_permission` VALUES (1,'1349900954993',1,'1340300001181','2025-08-02');

--
-- Table structure for table `health_age_height`
--

CREATE TABLE `health_age_height` (
  `id` int(11) NOT NULL AUTO_INCREMENT,
  `type` tinyint(4) NOT NULL DEFAULT 1,
  `sex` tinyint(4) NOT NULL DEFAULT 2,
  `age` double NOT NULL,
  `height_1` double NOT NULL,
  `height_2` double NOT NULL,
  `height_3` double NOT NULL,
  `height_4` double NOT NULL,
  PRIMARY KEY (`id`)
) ENGINE=MyISAM AUTO_INCREMENT=63 DEFAULT CHARSET=utf8 COLLATE=utf8_general_ci;

--
-- Dumping data for table `health_age_height`
--

INSERT INTO `health_age_height` VALUES (1,0,1,1,70,71.5,80,81),(2,0,1,1.25,72.5,73.5,83.5,85),(3,0,1,1.5,75,77,86.5,88),(4,0,1,1.75,77.5,79.5,89.5,91),(5,0,1,2,80,81.5,92,93.5),(6,0,1,2.25,82,84,94,96),(7,0,1,2.5,83.5,84.5,96.5,98),(8,0,1,2.75,85.5,87.5,98.5,100),(9,0,1,3,87,89.5,100.5,102),(10,0,1,3.25,89,91,102.5,104),(11,0,1,3.5,90.5,93,104.5,106),(12,0,1,3.75,92,94.5,106.5,108),(13,0,1,4,93.5,96,108,110),(14,0,1,4.25,95,96.5,110,112),(15,0,1,4.5,97,99,112,113.5),(16,0,1,4.75,98.5,100.5,113.5,115),(17,0,1,5,100,102,115,117.7),(18,0,2,1,67,69,79,80.5),(19,0,2,1.25,70,72,82.5,84.5),(20,0,2,1.5,73,74.5,85,87.5),(21,0,2,1.75,75.5,77,88,89.5),(22,0,2,2,78,79.5,90.5,92),(23,0,2,2.25,80,82,92.5,94.5),(24,0,2,2.5,82,84,95,96.5),(25,0,2,2.75,84,86,97,98.5),(26,0,2,3,85.5,88,99,100.5),(27,0,2,3.25,87.5,89.5,100.5,102.5),(28,0,2,3.5,89,91.5,102.5,104.5),(29,0,2,3.75,90.5,93,104.5,106),(30,0,2,4,92.5,94.5,106.5,108.5),(31,0,2,4.25,94,96,108.5,110.5),(32,0,2,4.5,95.5,98,110.5,112.5),(33,0,2,4.75,97.5,99.5,112.5,114),(34,0,2,5,99,101,114,116),(35,1,1,5,100,102,115,117.5),(36,1,1,6,105.5,107.5,121.5,123.5),(37,1,1,7,110.5,113,127.5,130),(38,1,1,8,114.5,117.5,133.5,136),(39,1,1,9,119,122,138,141),(40,1,1,10,123.5,126.5,143.5,145.5),(41,1,1,11,127.5,130.5,149.5,153),(42,1,1,12,131.5,135,157,161),(43,1,1,13,135,139,162,166),(44,1,1,14,143,147.5,170,173),(45,1,1,15,149.5,153.5,173,176.5),(46,1,1,16,155,158.5,176,178.5),(47,1,1,17,157.5,160.5,177,179.5),(48,1,1,18,158.5,161.5,177.5,180),(49,1,2,5,99,101,114,116),(50,1,2,6,105,107.5,120.5,123),(51,1,2,7,109.5,112.5,126.5,129),(52,1,2,8,114.5,117,132.5,135),(53,1,2,9,119,122,139,142),(54,1,2,10,124,127,146,149.5),(55,1,2,11,129.5,133,152.5,155.5),(56,1,2,12,135.5,138.5,157,159.5),(57,1,2,13,140.5,143.5,160,162.5),(58,1,2,14,144.5,147,162,164.5),(59,1,2,15,146,148,163.5,166),(60,1,2,16,146.5,149,164,166.5),(61,1,2,17,147,149,164,166.5),(62,1,2,18,147,149.5,164,166.5);

--
-- Table structure for table `health_age_weight`
--

CREATE TABLE `health_age_weight` (
  `id` int(11) NOT NULL AUTO_INCREMENT,
  `type` tinyint(4) NOT NULL DEFAULT 1,
  `sex` tinyint(4) NOT NULL DEFAULT 2,
  `age` double NOT NULL,
  `weight_1` double NOT NULL,
  `weight_2` double NOT NULL,
  `weight_3` double NOT NULL,
  `weight_4` double NOT NULL,
  PRIMARY KEY (`id`)
) ENGINE=MyISAM AUTO_INCREMENT=63 DEFAULT CHARSET=utf8 COLLATE=utf8_general_ci;

--
-- Dumping data for table `health_age_weight`
--

INSERT INTO `health_age_weight` VALUES (1,0,1,1,7.8,8.3,11.5,11.5),(2,0,1,1.25,8.5,9,12,12.5),(3,0,1,1.5,8.9,9.4,12.9,13.5),(4,0,1,1.75,9.4,10,13.7,14.4),(5,0,1,2,9.8,10.5,14.5,15.2),(6,0,1,2.25,10.2,11,15,15.8),(7,0,1,2.5,10.6,11.4,15.8,16.7),(8,0,1,2.75,11,11.8,16.6,17.4),(9,0,1,3,11.4,12.2,17.3,18.2),(10,0,1,3.25,11.7,12.6,18,19),(11,0,1,3.5,12,12.8,18.7,19.8),(12,0,1,3.75,12.4,13.3,19.3,20.6),(13,0,1,4,12.7,13.6,20,21.3),(14,0,1,4.25,13.2,13.9,20.7,22),(15,0,1,4.5,13.4,14.3,21.3,22.7),(16,0,1,4.75,13.8,14.6,21.9,23.7),(17,0,1,5,14,15,23,24),(18,0,2,1,7.3,7.7,10.5,11),(19,0,2,1.25,7.8,8.3,11.3,11.9),(20,0,2,1.5,8.3,8.8,12,12.8),(21,0,2,1.75,8.8,9.3,12.9,13.6),(22,0,2,2,9,9.8,13.6,14.4),(23,0,2,2.25,9.5,10.2,14.4,15.2),(24,0,2,2.5,9.8,10.7,15.2,15.9),(25,0,2,2.75,10.3,11.2,15.9,16.9),(26,0,2,3,10.7,11.5,16.6,17.4),(27,0,2,3.25,11.2,11.9,17.3,18.2),(28,0,2,3.5,11.5,12.3,17.9,18.9),(29,0,2,3.75,11.8,12.7,18.5,19.7),(30,0,2,4,12.2,13,19.3,20.5),(31,0,2,4.25,12.4,13.4,19.7,21),(32,0,2,4.5,12.8,13.7,20.3,21.7),(33,0,2,4.75,13,13.9,20.9,22.3),(34,0,2,5,13.5,14,22,23.5),(35,1,1,5,14,15,23,24),(36,1,1,6,15.5,16.5,25.5,27),(37,1,1,7,17,18.5,28.5,31),(38,1,1,8,18.5,20,32,35),(39,1,1,9,20,21.5,36,39.5),(40,1,1,10,21.5,23.5,40.5,44.5),(41,1,1,11,23,25.5,45,49.5),(42,1,1,12,25.5,28,50,54.5),(43,1,1,13,28,31.5,54.5,58.5),(44,1,1,14,32,35.5,58.5,63.5),(45,1,1,15,36.5,40,62,65.5),(46,1,1,16,40.5,44,64,67.5),(47,1,1,17,43,46,66,69),(48,1,1,18,45,48,67,70),(49,1,2,5,13.5,14,22,23.5),(50,1,2,6,15,16,24.5,26.5),(51,1,2,7,16.5,17.5,28.5,31),(52,1,2,8,17.5,19,32.5,35.5),(53,1,2,9,19.5,21,37.5,41),(54,1,2,10,21.5,23.5,42,46),(55,1,2,11,23.5,26,46.5,50.5),(56,1,2,12,26.5,29,50,54),(57,1,2,13,29.5,33,53,55.5),(58,1,2,14,33.5,36.5,55,58.5),(59,1,2,15,36.5,38.5,56.5,59.5),(60,1,2,16,37.5,40,57,60),(61,1,2,17,38,41,57.5,60.5),(62,1,2,18,38.5,41,57.5,60.5);

--
-- Table structure for table `health_base`
--

CREATE TABLE `health_base` (
  `base_id` int(5) NOT NULL AUTO_INCREMENT,
  `study_year` int(5) NOT NULL,
  `term` int(3) NOT NULL,
  `status` int(2) NOT NULL,
  PRIMARY KEY (`base_id`)
) ENGINE=MyISAM AUTO_INCREMENT=16 DEFAULT CHARSET=utf8 COLLATE=utf8_general_ci;

--
-- Dumping data for table `health_base`
--

INSERT INTO `health_base` VALUES (9,2565,2,0),(10,2566,1,0),(11,2566,2,0),(7,2565,1,0),(12,2567,1,0),(13,2567,1,0),(14,2567,2,0),(15,2568,1,1);

--
-- Table structure for table `health_checking`
--

CREATE TABLE `health_checking` (
  `check_id` int(11) NOT NULL AUTO_INCREMENT,
  `student_id` int(11) NOT NULL,
  `student_number` varchar(13) NOT NULL,
  `year_std` varchar(5) NOT NULL,
  `term_std` varchar(3) NOT NULL,
  `class_now` tinyint(4) NOT NULL,
  `room` tinyint(4) NOT NULL,
  `number_check` int(5) NOT NULL,
  `gum` varchar(100) NOT NULL,
  `iodine` varchar(100) NOT NULL,
  `tooth` varchar(100) NOT NULL,
  `weight` varchar(10) NOT NULL,
  `tall` varchar(10) NOT NULL,
  `comment` text NOT NULL,
  `day` datetime NOT NULL,
  `usenull` text DEFAULT NULL,
  `life` varchar(10) NOT NULL,
  `push` varchar(10) NOT NULL,
  `sit` varchar(10) NOT NULL,
  `roll` varchar(10) NOT NULL,
  `run` varchar(10) NOT NULL,
  `person_check` varchar(255) NOT NULL,
  PRIMARY KEY (`check_id`)
) ENGINE=MyISAM AUTO_INCREMENT=672 DEFAULT CHARSET=utf8 COLLATE=utf8_general_ci;

--
-- Dumping data for table `health_checking`
--

INSERT INTO `health_checking` VALUES (1,1629,'1','2562','2',9,0,1,'ไม่มี','ปกติ','ไม่ผุ','38','150','','2562-12-11 07:13:11','','','','','','','1342200089801'),(2,1728,'1','2562','1',3,0,2,'ไม่มี','ปกติ','ไม่ผุ','20','120','','2563-02-25 09:27:34','','','','','','','3341501426925'),(3,1729,'2','2562','1',3,0,2,'ไม่มี','ปกติ','ไม่ผุ','24.5','122','','2563-02-25 09:28:16','','','','','','','3341501426925'),(4,1730,'3','2562','1',3,0,2,'ไม่มี','ปกติ','ไม่ผุ','23','122','','2563-02-25 09:28:28','','','','','','','3341501426925'),(5,1731,'4','2562','1',3,0,2,'ไม่มี','ปกติ','ไม่ผุ','25','120','','2563-02-25 09:28:40','','','','','','','3341501426925'),(6,1732,'5','2562','1',3,0,2,'ไม่มี','ปกติ','ไม่ผุ','17','107','','2563-02-25 09:28:54','','','','','','','3341501426925'),(7,1733,'6','2562','1',3,0,2,'ไม่มี','ปกติ','ไม่ผุ','37','124','','2563-02-25 09:29:47','','','','','','','3341501426925'),(8,1734,'7','2562','1',3,0,2,'ไม่มี','ปกติ','ไม่ผุ','20','114','','2563-02-25 09:30:03','','','','','','','3341501426925'),(9,1735,'8','2562','1',3,0,2,'ไม่มี','ปกติ','ไม่ผุ','119','26','','2563-02-25 09:30:21','','','','','','','3341501426925'),(10,1737,'9','2562','1',3,0,2,'ไม่มี','ปกติ','ไม่ผุ','21','125','','2563-02-25 09:30:48','','','','','','','3341501426925'),(11,1739,'10','2562','1',3,0,2,'ไม่มี','ปกติ','ไม่ผุ','20','115','','2563-02-25 09:31:03','','','','','','','3341501426925'),(12,1736,'11','2562','1',3,0,2,'ไม่มี','ปกติ','ไม่ผุ','20','121','','2563-02-25 09:31:20','','','','','','','3341501426925'),(13,1738,'12','2562','1',3,0,2,'ไม่มี','ปกติ','ไม่ผุ','19','115','','2563-02-25 09:31:33','','','','','','','3341501426925'),(14,1740,'13','2562','1',3,0,2,'ไม่มี','ปกติ','ไม่ผุ','17','107','','2563-02-25 09:31:50','','','','','','','3341501426925'),(15,1741,'14','2562','1',3,0,2,'ไม่มี','ปกติ','ไม่ผุ','30','127','','2563-02-25 09:32:20','','','','','','','3341501426925'),(16,1770,'15','2562','1',3,0,2,'ไม่มี','ปกติ','ไม่ผุ','20','120','','2563-02-25 09:32:51','','','','','','','3341501426925'),(17,1773,'16','2562','1',3,0,2,'ไม่มี','ปกติ','ไม่ผุ','17','117','','2563-02-25 09:33:06','','','','','','','3341501426925'),(18,1728,'1','2562','2',3,0,2,'ไม่มี','ปกติ','ไม่ผุ','20','120','','2563-02-25 09:37:18','','','','','','','3341501426925'),(19,1729,'2','2562','2',3,0,2,'ไม่มี','ปกติ','ไม่ผุ','24.5','122','','2563-02-25 09:37:31','','','','','','','3341501426925'),(20,1730,'3','2562','2',3,0,2,'ไม่มี','ปกติ','ไม่ผุ','23','122','','2563-02-25 09:37:44','','','','','','','3341501426925'),(21,1731,'4','2562','2',3,0,2,'ไม่มี','ปกติ','ไม่ผุ','25','120','','2563-02-25 09:37:56','','','','','','','3341501426925'),(22,1732,'5','2562','2',3,0,2,'ไม่มี','ปกติ','ไม่ผุ','17','107','','2563-02-25 09:38:10','','','','','','','3341501426925'),(23,1733,'6','2562','2',3,0,2,'ไม่มี','ปกติ','ไม่ผุ','37','124','','2563-02-25 09:38:47','','','','','','','3341501426925'),(24,1734,'7','2562','2',3,0,2,'ไม่มี','ปกติ','ไม่ผุ','20','114','','2563-02-25 09:39:02','','','','','','','3341501426925'),(25,1735,'8','2562','2',3,0,2,'ไม่มี','ปกติ','ไม่ผุ','26','119','','2563-02-25 09:39:30','','','','','','','3341501426925'),(26,1737,'9','2562','2',3,0,2,'ไม่มี','ปกติ','ไม่ผุ','21','125','','2563-02-25 09:39:47','','','','','','','3341501426925'),(27,1739,'10','2562','2',3,0,2,'ไม่มี','ปกติ','ไม่ผุ','20','115','','2563-02-25 09:40:25','','','','','','','3341501426925'),(28,1736,'11','2562','2',3,0,2,'ไม่มี','ปกติ','ไม่ผุ','20','121','','2563-02-25 09:40:50','','','','','','','3341501426925'),(29,1738,'12','2562','2',3,0,2,'ไม่มี','ปกติ','ไม่ผุ','19','115','','2563-02-25 09:41:44','','','','','','','3341501426925'),(30,1740,'13','2562','2',3,0,2,'ไม่มี','ปกติ','ไม่ผุ','17','107','','2563-02-25 09:42:34','','','','','','','3341501426925'),(31,1741,'14','2562','2',3,0,2,'ไม่มี','ปกติ','ไม่ผุ','30','127','','2563-02-25 09:42:48','','','','','','','3341501426925'),(32,1770,'15','2562','2',3,0,2,'ไม่มี','ปกติ','ไม่ผุ','20','120','','2563-02-25 09:43:03','','','','','','','3341501426925'),(33,1773,'16','2562','2',3,0,2,'ไม่มี','ปกติ','ไม่ผุ','17','117','','2563-02-25 09:43:19','','','','','','','3341501426925'),(34,1629,'1','2562','2',9,0,2,'ไม่มี','ปกติ','ไม่ผุ','39','154','','2563-03-03 10:51:51','','','','','','','1342200089801'),(35,1630,'2','2562','2',9,0,2,'ไม่มี','ปกติ','ไม่ผุ','28','139','','2563-03-03 10:53:12','','','','','','','1342200089801'),(36,1631,'3','2562','2',9,0,2,'ไม่มี','ปกติ','ไม่ผุ','52','158','','2563-03-03 10:53:27','','','','','','','1342200089801'),(37,1632,'4','2562','2',9,0,2,'ไม่มี','ปกติ','ไม่ผุ','46','154','','2563-03-03 10:54:04','','','','','','','1342200089801'),(38,1632,'4','2562','2',9,0,2,'ไม่มี','ปกติ','ไม่ผุ','46','154','','2563-03-03 10:54:06','','','','','','','1342200089801'),(39,1633,'5','2562','2',9,0,2,'ไม่มี','ปกติ','ไม่ผุ','49','155','','2563-03-03 10:54:21','','','','','','','1342200089801'),(40,1634,'6','2562','2',9,0,2,'ไม่มี','ปกติ','ไม่ผุ','38','147','','2563-03-03 10:54:36','','','','','','','1342200089801'),(41,1635,'7','2562','2',9,0,2,'ไม่มี','ปกติ','ไม่ผุ','40','151','','2563-03-03 10:54:49','','','','','','','1342200089801'),(42,1636,'8','2562','2',9,0,2,'ไม่มี','ปกติ','ไม่ผุ','44','153','','2563-03-03 10:55:08','','','','','','','1342200089801'),(43,1637,'9','2562','2',9,0,2,'ไม่มี','ปกติ','ไม่ผุ','44','159','','2563-03-03 10:55:19','','','','','','','1342200089801'),(44,1638,'10','2562','2',9,0,2,'ไม่มี','ปกติ','ไม่ผุ','65','174','','2563-03-03 10:55:30','','','','','','','1342200089801'),(45,1639,'11','2562','2',9,0,2,'ไม่มี','ปกติ','ไม่ผุ','39','149','','2563-03-03 10:55:46','','','','','','','1342200089801'),(46,1640,'12','2562','2',9,0,2,'ไม่มี','ปกติ','ไม่ผุ','53','166','','2563-03-03 10:56:04','','','','','','','1342200089801'),(47,1641,'13','2562','2',9,0,2,'ไม่มี','ปกติ','ไม่ผุ','51','153','','2563-03-03 10:56:21','','','','','','','1342200089801'),(48,1642,'14','2562','2',9,0,2,'ไม่มี','ปกติ','ไม่ผุ','67','159','','2563-03-03 10:56:34','','','','','','','1342200089801'),(49,1643,'15','2562','2',9,0,2,'ไม่มี','ปกติ','ไม่ผุ','51','150','','2563-03-03 10:56:48','','','','','','','1342200089801'),(50,1644,'16','2562','2',9,0,2,'ไม่มี','ปกติ','ไม่ผุ','36','152','','2563-03-03 10:57:02','','','','','','','1342200089801'),(51,1645,'17','2562','2',9,0,2,'ไม่มี','ปกติ','ไม่ผุ','63','162','','2563-03-03 10:57:18','','','','','','','1342200089801'),(52,1768,'18','2562','2',9,0,2,'ไม่มี','ปกติ','ไม่ผุ','40','151','','2563-03-03 10:57:30','','','','','','','1342200089801'),(53,1630,'2','2562','2',9,0,1,'ไม่มี','ปกติ','ไม่ผุ','28','138','','2563-03-03 10:58:00','','','','','','','1342200089801'),(54,1631,'3','2562','2',9,0,1,'ไม่มี','ปกติ','ไม่ผุ','49','155','','2563-03-03 10:58:14','','','','','','','1342200089801'),(55,1632,'4','2562','2',9,0,1,'ไม่มี','ปกติ','ไม่ผุ','45','153','','2563-03-03 10:58:26','','','','','','','1342200089801'),(56,1633,'5','2562','2',9,0,1,'ไม่มี','ปกติ','ไม่ผุ','48','155','','2563-03-03 10:58:36','','','','','','','1342200089801'),(57,1634,'6','2562','2',9,0,1,'ไม่มี','ปกติ','ไม่ผุ','37','146','','2563-03-03 10:58:47','','','','','','','1342200089801'),(58,1635,'7','2562','2',9,0,1,'ไม่มี','ปกติ','ไม่ผุ','39','151','','2563-03-03 10:58:59','','','','','','','1342200089801'),(59,1636,'8','2562','2',9,0,1,'ไม่มี','ปกติ','ไม่ผุ','40','151','','2563-03-03 10:59:11','','','','','','','1342200089801'),(60,1637,'9','2562','2',9,0,1,'ไม่มี','ปกติ','ไม่ผุ','42','155','','2563-03-03 10:59:24','','','','','','','1342200089801'),(61,1638,'10','2562','2',9,0,1,'ไม่มี','ปกติ','ไม่ผุ','62','173','','2563-03-03 10:59:36','','','','','','','1342200089801'),(62,1639,'11','2562','2',9,0,1,'ไม่มี','ปกติ','ไม่ผุ','38','147','','2563-03-03 10:59:48','','','','','','','1342200089801'),(63,1640,'12','2562','2',9,0,1,'ไม่มี','ปกติ','ไม่ผุ','52','165','','2563-03-03 11:00:00','','','','','','','1342200089801'),(64,1641,'13','2562','2',9,0,1,'ไม่มี','ปกติ','ไม่ผุ','51','153','','2563-03-03 11:00:14','','','','','','','1342200089801'),(65,1642,'14','2562','2',9,0,1,'ไม่มี','ปกติ','ไม่ผุ','67','159','','2563-03-03 11:00:29','','','','','','','1342200089801'),(66,1643,'15','2562','2',9,0,1,'ไม่มี','ปกติ','ไม่ผุ','51','148','','2563-03-03 11:00:43','','','','','','','1342200089801'),(67,1644,'16','2562','2',9,0,1,'ไม่มี','ปกติ','ไม่ผุ','36','151','','2563-03-03 11:00:57','','','','','','','1342200089801'),(68,1645,'17','2562','2',9,0,1,'ไม่มี','ปกติ','ไม่ผุ','63','161','','2563-03-03 11:01:16','','','','','','','1342200089801'),(69,1768,'18','2562','2',9,0,1,'ไม่มี','ปกติ','ไม่ผุ','39','151','','2563-03-03 11:01:29','','','','','','','1342200089801'),(70,1649,'1','2563','1',9,0,1,'ไม่มี','ปกติ','ไม่ผุ','59','145','','2563-07-16 07:00:29','','','','','','','1342200089801'),(71,1650,'2','2563','1',9,0,1,'ไม่มี','ปกติ','ไม่ผุ','31','154','','2563-07-16 07:01:02','','','','','','','1342200089801'),(72,1651,'3','2563','1',9,0,1,'ไม่มี','ปกติ','ไม่ผุ','48','162','','2563-07-16 07:01:31','','','','','','','1342200089801'),(73,1652,'4','2563','1',9,0,1,'ไม่มี','ปกติ','ไม่ผุ','29','135','','2563-07-16 07:01:48','','','','','','','1342200089801'),(74,1653,'5','2563','1',9,0,1,'ไม่มี','ปกติ','ไม่ผุ','51','166','','2563-07-16 07:02:00','','','','','','','1342200089801'),(75,1654,'7','2563','1',9,0,1,'ไม่มี','ปกติ','ไม่ผุ','38','155','','2563-07-16 07:02:18','','','','','','','1342200089801'),(76,1656,'9','2563','1',9,0,1,'ไม่มี','ปกติ','ไม่ผุ','35','142','','2563-07-16 07:02:32','','','','','','','1342200089801'),(77,1657,'10','2563','1',9,0,1,'ไม่มี','ปกติ','ไม่ผุ','28','139','','2563-07-16 07:02:46','','','','','','','1342200089801'),(78,1658,'11','2563','1',9,0,1,'ไม่มี','ปกติ','ไม่ผุ','36','157','','2563-07-16 07:02:58','','','','','','','1342200089801'),(79,1660,'13','2563','1',9,0,1,'ไม่มี','ปกติ','ไม่ผุ','61','155','','2563-07-16 07:03:10','','','','','','','1342200089801'),(80,1661,'14','2563','1',9,0,1,'ไม่มี','ปกติ','ไม่ผุ','39','146','','2563-07-16 07:03:23','','','','','','','1342200089801'),(81,1727,'14','2563','1',9,0,1,'ไม่มี','ปกติ','ไม่ผุ','51','159','','2563-07-16 07:03:35','','','','','','','1342200089801'),(82,1748,'1','2563','1',3,0,1,'ไม่มี','ปกติ','ไม่ผุ','25','112','','2563-08-06 09:48:37','','','','','','','3341501426925'),(83,1749,'2','2563','1',3,0,1,'ไม่มี','ปกติ','ไม่ผุ','20','118','','2563-08-06 09:48:53','','','','','','','3341501426925'),(84,1750,'3','2563','1',3,0,1,'ไม่มี','ปกติ','ไม่ผุ','19','108','','2563-08-06 09:49:04','','','','','','','3341501426925'),(85,1751,'4','2563','1',3,0,1,'ไม่มี','ปกติ','ไม่ผุ','15','106','','2563-08-06 09:49:15','','','','','','','3341501426925'),(86,1752,'5','2563','1',3,0,1,'ไม่มี','ปกติ','ไม่ผุ','17','116','','2563-08-06 09:49:26','','','','','','','3341501426925'),(87,1753,'6','2563','1',3,0,1,'ไม่มี','ปกติ','ไม่ผุ','16','108','','2563-08-06 09:49:36','','','','','','','3341501426925'),(88,1754,'7','2563','1',3,0,1,'ไม่มี','ปกติ','ไม่ผุ','16','108','','2563-08-06 09:50:42','','','','','','','3341501426925'),(89,1755,'8','2563','1',3,0,1,'ไม่มี','ปกติ','ไม่ผุ','22','117','','2563-08-06 09:50:58','','','','','','','3341501426925'),(90,1756,'9','2563','1',3,0,1,'ไม่มี','ปกติ','ไม่ผุ','19.5','115','','2563-08-06 09:51:12','','','','','','','3341501426925'),(91,1757,'10','2563','1',3,0,1,'ไม่มี','ปกติ','ไม่ผุ','17','112','','2563-08-06 09:51:24','','','','','','','3341501426925'),(92,1758,'11','2563','1',3,0,1,'ไม่มี','ปกติ','ไม่ผุ','22','118','','2563-08-06 09:51:37','','','','','','','3341501426925'),(93,1759,'12','2563','1',3,0,1,'ไม่มี','ปกติ','ไม่ผุ','15','109','','2563-08-06 09:51:49','','','','','','','3341501426925'),(94,1760,'13','2563','1',3,0,1,'ไม่มี','ปกติ','ไม่ผุ','17','106','','2563-08-06 09:52:18','','','','','','','3341501426925'),(95,1761,'14','2563','1',3,0,1,'ไม่มี','ปกติ','ไม่ผุ','18','109','','2563-08-06 09:52:49','','','','','','','3341501426925'),(96,1762,'15','2563','1',3,0,1,'ไม่มี','ปกติ','ไม่ผุ','17','106','','2563-08-06 09:53:00','','','','','','','3341501426925'),(97,1764,'17','2563','1',3,0,1,'ไม่มี','ปกติ','ไม่ผุ','21','108','','2563-08-06 09:53:12','','','','','','','3341501426925'),(98,1765,'18','2563','1',3,0,1,'ไม่มี','ปกติ','ไม่ผุ','15','104','','2563-08-06 09:53:29','','','','','','','3341501426925'),(99,1766,'19','2563','1',3,0,1,'ไม่มี','ปกติ','ไม่ผุ','19','116','','2563-08-06 09:53:41','','','','','','','3341501426925'),(100,1649,'1','2563','2',9,0,1,'ไม่มี','ปกติ','ไม่ผุ','62','146','','2563-12-28 02:30:27','','','','','','','1342200089801'),(101,1650,'2','2563','2',9,0,1,'ไม่มี','ปกติ','ไม่ผุ','39','158','','2563-12-28 02:30:36','','','','','','','1342200089801'),(102,1651,'3','2563','2',9,0,1,'ไม่มี','ปกติ','ไม่ผุ','55','165','','2563-12-28 02:30:46','','','','','','','1342200089801'),(103,1652,'4','2563','2',9,0,1,'ไม่มี','ปกติ','ไม่ผุ','34','141','','2563-12-28 02:30:56','','','','','','','1342200089801'),(104,1653,'5','2563','2',9,0,1,'ไม่มี','ปกติ','ไม่ผุ','61','169','','2563-12-28 02:31:09','','','','','','','1342200089801'),(105,1654,'7','2563','2',9,0,1,'ไม่มี','ปกติ','ไม่ผุ','50','154','','2563-12-28 02:31:22','','','','','','','1342200089801'),(106,1656,'9','2563','2',9,0,1,'ไม่มี','ปกติ','ไม่ผุ','36','143','','2563-12-28 02:31:40','','','','','','','1342200089801'),(107,1657,'10','2563','2',9,0,1,'ไม่มี','ปกติ','ไม่ผุ','29','143','','2563-12-28 02:31:57','','','','','','','1342200089801'),(108,1658,'11','2563','2',9,0,1,'ไม่มี','ปกติ','ไม่ผุ','40','154','','2563-12-28 02:32:09','','','','','','','1342200089801'),(109,1660,'13','2563','2',9,0,1,'ไม่มี','ปกติ','ไม่ผุ','60','155','','2563-12-28 02:32:57','','','','','','','1342200089801'),(110,1661,'14','2563','2',9,0,1,'ไม่มี','ปกติ','ไม่ผุ','39','149','','2563-12-28 02:32:41','','','','','','','1342200089801'),(111,1649,'1','2563','2',9,0,2,'ไม่มี','ปกติ','ไม่ผุ','64','150','','2564-02-17 02:22:31','','','','','','','1342200089801'),(112,1650,'2','2563','2',9,0,2,'ไม่มี','ปกติ','ไม่ผุ','37','164','','2564-02-17 02:22:43','','','','','','','1342200089801'),(113,1651,'3','2563','2',9,0,2,'ไม่มี','ปกติ','ไม่ผุ','54','167','','2564-02-17 02:22:56','','','','','','','1342200089801'),(114,1652,'4','2563','2',9,0,2,'ไม่มี','ปกติ','ไม่ผุ','32','145','','2564-02-17 02:23:08','','','','','','','1342200089801'),(115,1653,'5','2563','2',9,0,2,'ไม่มี','ปกติ','ไม่ผุ','56','170','','2564-02-17 02:23:22','','','','','','','1342200089801'),(116,1654,'7','2563','2',9,0,2,'ไม่มี','ปกติ','ไม่ผุ','46','154','','2564-02-17 02:23:33','','','','','','','1342200089801'),(117,1656,'9','2563','2',9,0,2,'ไม่มี','ปกติ','ไม่ผุ','35','145','','2564-02-17 02:23:43','','','','','','','1342200089801'),(118,1657,'10','2563','2',9,0,2,'ไม่มี','ปกติ','ไม่ผุ','31','145','','2564-02-17 02:23:55','','','','','','','1342200089801'),(119,1658,'11','2563','2',9,0,2,'ไม่มี','ปกติ','ไม่ผุ','39','155','','2564-02-17 02:24:05','','','','','','','1342200089801'),(120,1660,'13','2563','2',9,0,2,'ไม่มี','ปกติ','ไม่ผุ','61','156','','2564-02-17 02:24:22','','','','','','','1342200089801'),(121,1661,'14','2563','2',9,0,2,'ไม่มี','ปกติ','ไม่ผุ','42','149','','2564-02-17 02:24:32','','','','','','','1342200089801'),(122,1728,'1','2563','1',4,0,1,'ไม่มี','ปกติ','ไม่ผุ','23','122','','2564-02-21 03:36:01','','','','','','','3800101570624'),(123,1729,'2','2563','1',4,0,1,'ไม่มี','ปกติ','ไม่ผุ','30','124','','2564-02-21 03:37:12','','','','','','','3800101570624'),(124,1730,'3','2563','1',4,0,1,'ไม่มี','ปกติ','ไม่ผุ','25','124','','2564-02-21 03:37:36','','','','','','','3800101570624'),(125,1728,'1','2563','2',4,0,1,'ไม่มี','ปกติ','ไม่ผุ','23','122','','2564-02-21 03:38:48','','','','','','','3800101570624'),(126,1729,'2','2563','2',4,0,1,'ไม่มี','ปกติ','ไม่ผุ','30','124','','2564-02-21 03:38:58','','','','','','','3800101570624'),(127,1730,'3','2563','2',4,0,1,'ไม่มี','ปกติ','ผุ','25','124','','2564-02-21 03:46:27','','','','','','','3800101570624'),(128,1731,'4','2563','2',4,0,1,'ไม่มี','ปกติ','ไม่ผุ','30','123','','2564-02-21 03:39:26','','','','','','','3800101570624'),(129,1732,'5','2563','2',4,0,1,'ไม่มี','ปกติ','ไม่ผุ','19','108','','2564-02-21 03:39:45','','','','','','','3800101570624'),(130,1738,'13','2563','2',4,0,1,'ไม่มี','ปกติ','ไม่ผุ','21','117','','2564-02-21 03:40:55','','','','','','','3800101570624'),(131,1733,'6','2563','2',4,0,1,'ไม่มี','ปกติ','ไม่ผุ','44','126','','2564-02-21 03:44:37','','','','','','','3800101570624'),(132,1734,'7','2563','2',4,0,1,'ไม่มี','ปกติ','ไม่ผุ','22','126','','2564-02-21 03:44:47','','','','','','','3800101570624'),(133,1735,'10','2563','2',4,0,1,'ไม่มี','ปกติ','ไม่ผุ','30','122','','2564-02-21 03:45:05','','','','','','','3800101570624'),(134,1736,'11','2563','2',4,0,1,'ไม่มี','ปกติ','ไม่ผุ','20','122','','2564-02-21 03:45:17','','','','','','','3800101570624'),(135,1737,'12','2563','2',4,0,1,'ไม่มี','ปกติ','ไม่ผุ','24','130','','2564-02-21 03:45:29','','','','','','','3800101570624'),(136,1739,'14','2563','2',4,0,1,'ไม่มี','ปกติ','ไม่ผุ','22','117','','2564-02-21 03:45:40','','','','','','','3800101570624'),(137,1740,'15','2563','2',4,0,1,'ไม่มี','ปกติ','ไม่ผุ','16','108','','2564-02-21 03:45:51','','','','','','','3800101570624'),(138,1741,'16','2563','2',4,0,1,'ไม่มี','ปกติ','ไม่ผุ','35','129','','2564-02-21 03:46:09','','','','','','','3800101570624'),(139,1774,'1','2563','2',2,0,1,'เล็กน้อย','ปกติ','ผุ','18','114','','2564-02-23 11:36:53','','','','','','','3349800171543'),(140,1775,'2','2563','2',2,0,1,'เล็กน้อย','ปกติ','ผุ','17','104','','2564-02-23 11:37:49','','','','','','','3349800171543'),(141,1776,'3','2563','2',2,0,1,'เล็กน้อย','ปกติ','ผุ','16','113','','2564-02-23 11:38:05','','','','','','','3349800171543'),(142,1777,'4','2563','2',2,0,1,'เล็กน้อย','ปกติ','ผุ','20','117','','2564-02-23 11:38:21','','','','','','','3349800171543'),(143,1778,'5','2563','2',2,0,1,'เล็กน้อย','ปกติ','ผุ','20','113','','2564-02-23 11:38:39','','','','','','','3349800171543'),(144,1779,'6','2563','2',2,0,1,'เล็กน้อย','ปกติ','ผุ','14','99','','2564-02-23 11:38:53','','','','','','','3349800171543'),(145,1780,'7','2563','2',2,0,1,'เล็กน้อย','ปกติ','ผุ','18','112','','2564-02-23 11:39:07','','','','','','','3349800171543'),(146,1781,'8','2563','2',2,0,1,'เล็กน้อย','ปกติ','ผุ','25','120','','2564-02-23 11:39:21','','','','','','','3349800171543'),(147,1782,'9','2563','2',2,0,1,'เล็กน้อย','ปกติ','ผุ','21','110','','2564-02-23 11:39:38','','','','','','','3349800171543'),(148,1783,'10','2563','2',2,0,1,'เล็กน้อย','ปกติ','ผุ','14','105','','2564-02-23 11:39:53','','','','','','','3349800171543'),(149,1682,'1','2563','1',7,0,1,'ไม่มี','ปกติ','ไม่ผุ','29','138','','2564-02-24 10:31:51','','','24','29','11','','1330400287850'),(150,1683,'2','2563','2',7,0,1,'ไม่มี','ปกติ','ไม่ผุ','29','138','','2564-02-24 10:35:36','','','24','28','10','','1330400287850'),(151,1682,'1','2563','2',7,0,1,'ไม่มี','ปกติ','ไม่ผุ','29','138','','2564-02-24 10:36:18','','','25','29','11','','1330400287850'),(152,1684,'3','2563','2',7,0,1,'ไม่มี','ปกติ','ไม่ผุ','25','136','','2564-02-24 10:38:00','','','25','21','5','','1330400287850'),(153,1685,'4','2563','2',7,0,1,'ไม่มี','ปกติ','ไม่ผุ','49','145','','2564-02-24 10:39:01','','','9','17','4','','1330400287850'),(154,1686,'5','2563','2',7,0,1,'ไม่มี','ปกติ','ไม่ผุ','20','121','','2564-02-24 10:39:23','','','','','','','1330400287850'),(155,1687,'6','2563','2',7,0,1,'ไม่มี','ปกติ','ไม่ผุ','39','141','','2564-02-24 10:40:04','','','23','24','8','','1330400287850'),(156,1688,'7','2563','2',7,0,1,'ไม่มี','ปกติ','ไม่ผุ','24','125','','2564-02-24 10:40:36','','','26','19','10','','1330400287850'),(157,1689,'9','2563','2',7,0,1,'ไม่มี','ปกติ','ไม่ผุ','44','142','','2564-02-24 10:41:57','','','28','10','4','','1330400287850'),(158,1690,'10','2563','2',7,0,1,'ไม่มี','ปกติ','ไม่ผุ','29','135','','2564-02-24 10:42:33','','','10','15','4','','1330400287850'),(159,1691,'11','2563','2',7,0,1,'ไม่มี','ปกติ','ไม่ผุ','25','134','','2564-02-24 10:43:03','','','29','23','6','','1330400287850'),(160,1692,'12','2563','2',7,0,1,'ไม่มี','ปกติ','ไม่ผุ','23','132','','2564-02-24 10:43:30','','','20','30','3','','1330400287850'),(161,1693,'13','2563','2',7,0,1,'ไม่มี','ปกติ','ไม่ผุ','23','127','','2564-02-24 10:44:17','','','3','5','15','','1330400287850'),(162,1694,'14','2563','2',7,0,1,'ไม่มี','ปกติ','ไม่ผุ','28','137','','2564-02-24 10:44:40','','','10','20','5','','1330400287850'),(163,1695,'16','2563','2',7,0,1,'ไม่มี','ปกติ','ไม่ผุ','34','133','','2564-02-24 10:45:35','','','25','5','8','','1330400287850'),(164,1696,'15','2563','2',7,0,1,'ไม่มี','ปกติ','ไม่ผุ','36','136','','2564-02-24 10:46:01','','','9','16','2','','1330400287850'),(165,1698,'17','2563','2',7,0,1,'ไม่มี','ปกติ','ไม่ผุ','23','128','','2564-02-24 10:46:41','','','15','19','7','','1330400287850'),(166,1681,'18','2563','2',7,0,1,'ไม่มี','ปกติ','ไม่ผุ','21','119','','2564-02-24 10:46:55','','','','','','','1330400287850'),(167,1742,'19','2563','2',7,0,1,'ไม่มี','ปกติ','ไม่ผุ','23','127','','2564-02-24 10:47:18','','','4','18','13','','1330400287850'),(168,1745,'20','2563','2',7,0,1,'ไม่มี','ปกติ','ไม่ผุ','26','130','','2564-02-24 10:48:07','','','15','21','8','','1330400287850'),(169,1771,'21','2563','2',7,0,1,'ไม่มี','ปกติ','ไม่ผุ','25','135','','2564-02-24 10:48:39','','','12','19','2','','1330400287850'),(170,1748,'1','2564','1',4,0,1,'ไม่มี','ปกติ','ไม่ผุ','31','117','','2564-06-20 10:49:42','','','','','','','3800101570624'),(171,1749,'2','2564','1',4,0,1,'ไม่มี','ปกติ','ไม่ผุ','22','123','','2564-06-20 10:49:59','','','','','','','3800101570624'),(172,1750,'3','2564','1',4,0,1,'ไม่มี','ปกติ','ไม่ผุ','24','113','','2564-06-20 10:50:09','','','','','','','3800101570624'),(173,1751,'4','2564','1',4,0,1,'ไม่มี','ปกติ','ไม่ผุ','18','110','','2564-06-20 10:53:23','','','','','','','3800101570624'),(174,1752,'5','2564','1',4,0,1,'ไม่มี','ปกติ','ไม่ผุ','20','120','','2564-06-20 10:53:34','','','','','','','3800101570624'),(175,1753,'6','2564','1',4,0,1,'ไม่มี','ปกติ','ไม่ผุ','20','113','','2564-06-20 10:53:45','','','','','','','3800101570624'),(176,1754,'7','2564','1',4,0,1,'ไม่มี','ปกติ','ไม่ผุ','20','113','','2564-06-20 10:53:56','','','','','','','3800101570624'),(177,1755,'8','2564','1',4,0,1,'ไม่มี','ปกติ','ไม่ผุ','27','123','','2564-06-20 10:54:07','','','','','','','3800101570624'),(178,1756,'9','2564','1',4,0,1,'ไม่มี','ปกติ','ไม่ผุ','22','119','','2564-06-20 10:54:19','','','','','','','3800101570624'),(179,1757,'10','2564','1',4,0,1,'ไม่มี','ปกติ','ไม่ผุ','20','116','','2564-06-20 10:54:29','','','','','','','3800101570624'),(180,1758,'11','2564','1',4,0,1,'ไม่มี','ปกติ','ไม่ผุ','25','122','','2564-06-20 10:57:09','','','','','','','3800101570624'),(181,1759,'12','2564','1',4,0,1,'ไม่มี','ปกติ','ไม่ผุ','17','113','','2564-06-20 10:54:51','','','','','','','3800101570624'),(182,1760,'13','2564','1',4,0,1,'ไม่มี','ปกติ','ไม่ผุ','21','112','','2564-06-20 10:55:02','','','','','','','3800101570624'),(183,1761,'14','2564','1',4,0,1,'ไม่มี','ปกติ','ไม่ผุ','20','113','','2564-06-20 10:55:12','','','','','','','3800101570624'),(184,1762,'15','2564','1',4,0,1,'ไม่มี','ปกติ','ไม่ผุ','19','110','','2564-06-20 10:55:23','','','','','','','3800101570624'),(185,1764,'17','2564','1',4,0,1,'ไม่มี','ปกติ','ไม่ผุ','24','113','','2564-06-20 10:55:34','','','','','','','3800101570624'),(186,1765,'18','2564','1',4,0,1,'ไม่มี','ปกติ','ไม่ผุ','17','111','','2564-06-20 10:55:49','','','','','','','3800101570624'),(187,1666,'1','2564','1',9,0,1,'ไม่มี','ปกติ','ไม่ผุ','41','153','','2564-06-22 11:24:17','','','','','','','1342200089801'),(188,1667,'2','2564','1',9,0,1,'ไม่มี','ปกติ','ไม่ผุ','58','152','','2564-06-22 11:24:33','','','','','','','1342200089801'),(189,1668,'3','2564','1',9,0,1,'ไม่มี','ปกติ','ไม่ผุ','58','164','','2564-06-22 11:24:52','','','','','','','1342200089801'),(190,1669,'4','2564','1',9,0,1,'ไม่มี','ปกติ','ไม่ผุ','43','141','','2564-06-22 11:25:05','','','','','','','1342200089801'),(191,1670,'5','2564','1',9,0,1,'ไม่มี','ปกติ','ไม่ผุ','37','152','','2564-06-22 11:25:17','','','','','','','1342200089801'),(192,1671,'6','2564','1',9,0,1,'ไม่มี','ปกติ','ไม่ผุ','32','137','','2564-06-22 11:25:30','','','','','','','1342200089801'),(193,1672,'7','2564','1',9,0,1,'ไม่มี','ปกติ','ไม่ผุ','32','144','','2564-06-22 11:25:45','','','','','','','1342200089801'),(194,1673,'8','2564','1',9,0,1,'ไม่มี','ปกติ','ไม่ผุ','47','143','','2564-06-22 11:26:05','','','','','','','1342200089801'),(195,1676,'10','2564','1',9,0,1,'ไม่มี','ปกติ','ไม่ผุ','64','161','','2564-06-22 11:26:21','','','','','','','1342200089801'),(196,1677,'11','2564','1',9,0,1,'ไม่มี','ปกติ','ไม่ผุ','39','147','','2564-06-22 11:26:38','','','','','','','1342200089801'),(197,1678,'12','2564','1',9,0,1,'ไม่มี','ปกติ','ไม่ผุ','35','145','','2564-06-22 11:26:53','','','','','','','1342200089801'),(198,1679,'13','2564','1',9,0,1,'ไม่มี','ปกติ','ไม่ผุ','41','155','','2564-06-22 11:27:09','','','','','','','1342200089801'),(199,1743,'14','2564','1',9,0,1,'ไม่มี','ปกติ','ไม่ผุ','25','131','','2564-06-22 11:27:26','','','','','','','1342200089801'),(200,1680,'14','2564','1',9,0,1,'ไม่มี','ปกติ','ไม่ผุ','50','161','','2564-06-22 11:27:41','','','','','','','1342200089801'),(201,1701,'15','2564','1',9,0,1,'ไม่มี','ปกติ','ไม่ผุ','33','146','','2564-06-22 11:28:10','','','','','','','1342200089801'),(202,1726,'16','2564','1',9,0,1,'ไม่มี','ปกติ','ไม่ผุ','74','154','','2564-06-22 11:29:17','','','','','','','1342200089801'),(203,1744,'18','2564','1',9,0,1,'ไม่มี','ปกติ','ไม่ผุ','30','142','','2564-06-22 11:30:29','','','','','','','1342200089801'),(204,1666,'1','2564','2',9,0,1,'ไม่มี','ปกติ','ไม่ผุ','52','160','','2564-11-02 03:07:52','','','','','','','1342200089801'),(205,1667,'2','2564','2',9,0,1,'ไม่มี','ปกติ','ไม่ผุ','64','154','','2564-11-02 03:08:37','','','','','','','1342200089801'),(206,1668,'3','2564','2',9,0,1,'ไม่มี','ปกติ','ไม่ผุ','60','165','','2564-11-02 03:09:02','','','','','','','1342200089801'),(207,1669,'4','2564','2',9,0,1,'ไม่มี','ปกติ','ไม่ผุ','48','146','','2564-11-02 03:09:26','','','','','','','1342200089801'),(208,1670,'5','2564','2',9,0,1,'ไม่มี','ปกติ','ไม่ผุ','41','153','','2564-11-02 03:09:52','','','','','','','1342200089801'),(209,1671,'6','2564','2',9,0,1,'ไม่มี','ปกติ','ไม่ผุ','39','140','','2564-11-02 03:10:13','','','','','','','1342200089801'),(210,1672,'7','2564','2',9,0,1,'ไม่มี','ปกติ','ไม่ผุ','38','147','','2564-11-02 03:10:36','','','','','','','1342200089801'),(211,1673,'8','2564','2',9,0,1,'ไม่มี','ปกติ','ไม่ผุ','56','146','','2564-11-02 03:11:20','','','','','','','1342200089801'),(212,1676,'10','2564','2',9,0,1,'ไม่มี','ปกติ','ไม่ผุ','65','162','','2564-11-02 03:11:40','','','','','','','1342200089801'),(213,1677,'11','2564','2',9,0,1,'ไม่มี','ปกติ','ไม่ผุ','40','148','','2564-11-02 03:12:05','','','','','','','1342200089801'),(214,1678,'12','2564','2',9,0,1,'ไม่มี','ปกติ','ไม่ผุ','40','148','','2564-11-02 03:12:44','','','','','','','1342200089801'),(215,1679,'13','2564','2',9,0,1,'ไม่มี','ปกติ','ไม่ผุ','41','156','','2564-11-02 03:13:01','','','','','','','1342200089801'),(216,1743,'14','2564','2',9,0,1,'ไม่มี','ปกติ','ไม่ผุ','29','134','','2564-11-02 03:13:25','','','','','','','1342200089801'),(217,1680,'14','2564','2',9,0,1,'ไม่มี','ปกติ','ไม่ผุ','55','165','','2564-11-02 03:14:16','','','','','','','1342200089801'),(218,1701,'15','2564','2',9,0,1,'ไม่มี','ปกติ','ไม่ผุ','34','147','','2564-11-02 03:14:43','','','','','','','1342200089801'),(219,1726,'16','2564','2',9,0,1,'ไม่มี','ปกติ','ไม่ผุ','81','156','','2564-11-02 03:15:16','','','','','','','1342200089801'),(220,1744,'18','2564','2',9,0,1,'ไม่มี','ปกติ','ไม่ผุ','33','146','','2564-11-02 03:15:36','','','','','','','1342200089801'),(221,1748,'1','2564','2',4,0,1,'ไม่มี','ปกติ','ไม่ผุ','36','118','','2564-11-10 11:47:27','','','','','','','3800101570624'),(222,1749,'2','2564','2',4,0,1,'ไม่มี','ปกติ','ไม่ผุ','21','123','','2564-11-10 11:49:52','','','','','','','3800101570624'),(223,1750,'3','2564','2',4,0,1,'ไม่มี','ปกติ','ไม่ผุ','27','114','','2564-11-10 11:55:27','','','','','','','3800101570624'),(224,1751,'4','2564','2',4,0,1,'ไม่มี','ปกติ','ไม่ผุ','19','112','','2564-11-10 11:55:51','','','','','','','3800101570624'),(225,1753,'6','2564','2',4,0,1,'ไม่มี','ปกติ','ไม่ผุ','20','115','','2564-11-10 11:56:02','','','','','','','3800101570624'),(226,1754,'7','2564','2',4,0,1,'ไม่มี','ปกติ','ไม่ผุ','21','115','','2564-11-10 11:56:16','','','','','','','3800101570624'),(227,1755,'8','2564','2',4,0,1,'ไม่มี','ปกติ','ไม่ผุ','31','124','','2564-11-10 11:56:27','','','','','','','3800101570624'),(228,1756,'9','2564','2',4,0,1,'ไม่มี','ปกติ','ไม่ผุ','24','120','','2564-11-10 11:57:01','','','','','','','3800101570624'),(229,1757,'10','2564','2',4,0,1,'ไม่มี','ปกติ','ไม่ผุ','23','118','','2564-11-10 11:57:13','','','','','','','3800101570624'),(230,1758,'11','2564','2',4,0,1,'ไม่มี','ปกติ','ไม่ผุ','27','123','','2564-11-10 11:57:24','','','','','','','3800101570624'),(231,1759,'12','2564','2',4,0,1,'ไม่มี','ปกติ','ไม่ผุ','20','115','','2564-11-10 11:57:35','','','','','','','3800101570624'),(232,1760,'13','2564','2',4,0,1,'ไม่มี','ปกติ','ไม่ผุ','19','115','','2564-11-10 11:57:44','','','','','','','3800101570624'),(233,1761,'14','2564','2',4,0,1,'ไม่มี','ปกติ','ไม่ผุ','20','113','','2564-11-10 11:57:55','','','','','','','3800101570624'),(234,1762,'15','2564','2',4,0,1,'ไม่มี','ปกติ','ไม่ผุ','20','112','','2564-11-10 11:58:10','','','','','','','3800101570624'),(235,1764,'17','2564','2',4,0,1,'ไม่มี','ปกติ','ไม่ผุ','25','115','','2564-11-10 11:58:21','','','','','','','3800101570624'),(236,1765,'18','2564','2',4,0,1,'ไม่มี','ปกติ','ไม่ผุ','20','113','','2564-11-10 11:58:38','','','','','','','3800101570624'),(237,1791,'19','2564','2',4,0,1,'ไม่มี','ปกติ','ไม่ผุ','23','117','','2564-11-10 12:04:02','','','','','','','3800101570624'),(238,1766,'19','2564','2',4,0,1,'ไม่มี','ปกติ','ไม่ผุ','21','120','','2564-11-10 11:59:14','','','','','','','3800101570624'),(239,1752,'5','2564','2',4,0,1,'ไม่มี','ปกติ','ไม่ผุ','20','120','','2564-11-10 11:59:27','','','','','','','3800101570624'),(240,1766,'19','2564','1',4,0,1,'ไม่มี','ปกติ','ไม่ผุ','21','120','','2564-11-10 12:02:09','','','','','','','3800101570624'),(241,1785,'1','2564','2',2,0,1,'ไม่มี','ปกติ','ไม่ผุ','15','107','','2564-11-10 12:13:03','','','','','','','3800101570624'),(242,1786,'2','2564','2',2,0,1,'ไม่มี','ปกติ','ไม่ผุ','16','107','','2564-11-10 12:13:13','','','','','','','3800101570624'),(243,1787,'3','2564','2',2,0,1,'ไม่มี','ปกติ','ไม่ผุ','14','106','','2564-11-10 12:13:26','','','','','','','3800101570624'),(244,1788,'4','2564','2',2,0,1,'ไม่มี','ปกติ','ไม่ผุ','18','112','','2564-11-10 12:13:45','','','','','','','3800101570624'),(245,1789,'5','2564','2',2,0,1,'ไม่มี','ปกติ','ไม่ผุ','18','113','','2564-11-10 12:13:58','','','','','','','3800101570624'),(246,1777,'4','2564','2',3,0,1,'ไม่มี','ปกติ','ไม่ผุ','21','121','','2564-11-10 12:15:22','','','','','','','3800101570624'),(247,1774,'1','2564','2',3,0,1,'ไม่มี','ปกติ','ไม่ผุ','20','118','','2564-11-10 12:15:35','','','','','','','3800101570624'),(248,1778,'5','2564','2',3,0,1,'ไม่มี','ปกติ','ไม่ผุ','22','118','','2564-11-10 12:15:53','','','','','','','3800101570624'),(249,1779,'6','2564','2',3,0,1,'ไม่มี','ปกติ','ไม่ผุ','15','104','','2564-11-10 12:16:06','','','','','','','3800101570624'),(250,1780,'7','2564','2',3,0,1,'ไม่มี','ปกติ','ไม่ผุ','21','118','','2564-11-10 12:16:18','','','','','','','3800101570624'),(251,1782,'9','2564','2',3,0,1,'ไม่มี','ปกติ','ไม่ผุ','19','114','','2564-11-10 12:16:32','','','','','','','3800101570624'),(252,1783,'10','2564','2',3,0,1,'ไม่มี','ปกติ','ไม่ผุ','16','110','','2564-11-10 12:16:44','','','','','','','3800101570624'),(253,1728,'1','2564','2',5,0,1,'ไม่มี','ปกติ','ไม่ผุ','35','132','','2564-11-10 12:18:44','','','','','','','3800101570624'),(254,1729,'2','2564','2',5,0,1,'ไม่มี','ปกติ','ไม่ผุ','38','133','','2564-11-10 12:18:54','','','','','','','3800101570624'),(255,1730,'3','2564','2',5,0,1,'ไม่มี','ปกติ','ไม่ผุ','35','134','','2564-11-10 12:19:04','','','','','','','3800101570624'),(256,1732,'5','2564','2',5,0,1,'ไม่มี','ปกติ','ไม่ผุ','29','119','','2564-11-10 12:19:17','','','','','','','3800101570624'),(257,1731,'4','2564','2',5,0,1,'ไม่มี','ปกติ','ไม่ผุ','40','134','','2564-11-10 12:19:27','','','','','','','3800101570624'),(258,1733,'6','2564','2',5,0,1,'ไม่มี','ปกติ','ไม่ผุ','60','136','','2564-11-10 12:19:39','','','','','','','3800101570624'),(259,1734,'7','2564','2',5,0,1,'ไม่มี','ปกติ','ไม่ผุ','28','121','','2564-11-10 12:20:05','','','','','','','3800101570624'),(260,1735,'10','2564','2',5,0,1,'ไม่มี','ปกติ','ไม่ผุ','35','132','','2564-11-10 12:20:14','','','','','','','3800101570624'),(261,1739,'14','2564','2',5,0,1,'ไม่มี','ปกติ','ไม่ผุ','30','123','','2564-11-10 12:20:23','','','','','','','3800101570624'),(262,1790,'14','2564','2',5,0,1,'ไม่มี','ปกติ','ไม่ผุ','35','129','','2564-11-10 12:21:09','','','','','','','3800101570624'),(263,1740,'15','2564','2',5,0,1,'ไม่มี','ปกติ','ไม่ผุ','19','112','','2564-11-10 12:21:20','','','','','','','3800101570624'),(264,1741,'16','2564','2',5,0,1,'ไม่มี','ปกติ','ไม่ผุ','49','143','','2564-11-10 12:21:32','','','','','','','3800101570624'),(265,1776,'3','2564','2',3,0,1,'ไม่มี','ปกติ','ไม่ผุ','21','119','','2564-11-10 12:21:56','','','','','','','3800101570624'),(266,1781,'8','2564','2',3,0,1,'ไม่มี','ปกติ','ไม่ผุ','31','126','','2564-11-10 12:22:08','','','','','','','3800101570624'),(267,1713,'1','2564','2',6,0,1,'ไม่มี','ปกติ','ไม่ผุ','39','135','','2564-11-10 12:22:44','','','','','','','3800101570624'),(268,1714,'2','2564','2',6,0,1,'ไม่มี','ปกติ','ไม่ผุ','52','34','','2564-11-10 12:22:58','','','','','','','3800101570624'),(269,1715,'3','2564','2',6,0,1,'ไม่มี','ปกติ','ไม่ผุ','21','123','','2564-11-10 12:23:08','','','','','','','3800101570624'),(270,1725,'4','2564','2',6,0,1,'ไม่มี','ปกติ','ไม่ผุ','45','134','','2564-11-10 12:23:18','','','','','','','3800101570624'),(271,1717,'5','2564','2',6,0,1,'ไม่มี','ปกติ','ไม่ผุ','33','138','','2564-11-10 12:23:31','','','','','','','3800101570624'),(272,1718,'6','2564','2',6,0,1,'ไม่มี','ปกติ','ไม่ผุ','34','143','','2564-11-10 12:23:43','','','','','','','3800101570624'),(273,1719,'7','2564','2',6,0,1,'ไม่มี','ปกติ','ไม่ผุ','45','138','','2564-11-10 12:23:55','','','','','','','3800101570624'),(274,1720,'8','2564','2',6,0,1,'ไม่มี','ปกติ','ไม่ผุ','28','135','','2564-11-10 12:24:10','','','','','','','3800101570624'),(275,1721,'9','2564','2',6,0,1,'ไม่มี','ปกติ','ไม่ผุ','39','145','','2564-11-10 12:24:21','','','','','','','3800101570624'),(276,1722,'10','2564','2',6,0,1,'ไม่มี','ปกติ','ไม่ผุ','37','125','','2564-11-10 12:24:31','','','','','','','3800101570624'),(277,1723,'11','2564','2',6,0,1,'ไม่มี','ปกติ','ไม่ผุ','30','128','','2564-11-10 12:24:41','','','','','','','3800101570624'),(278,1724,'11','2564','2',6,0,1,'ไม่มี','ปกติ','ไม่ผุ','37','137','','2564-11-10 12:24:51','','','','','','','3800101570624'),(279,1784,'13','2564','2',6,0,1,'ไม่มี','ปกติ','ไม่ผุ','30','137','','2564-11-10 12:25:02','','','','','','','3800101570624'),(280,1702,'1','2564','2',7,0,1,'ไม่มี','ปกติ','ไม่ผุ','29','127','','2564-11-10 05:27:27','','','','','','','1330400287850'),(281,1703,'2','2564','2',7,0,1,'ไม่มี','ปกติ','ไม่ผุ','35','138','','2564-11-10 12:25:57','','','','','','','3800101570624'),(282,1704,'3','2564','2',7,0,1,'ไม่มี','ปกติ','ไม่ผุ','27','133','','2564-11-10 12:26:06','','','','','','','3800101570624'),(283,1705,'4','2564','2',7,0,1,'ไม่มี','ปกติ','ไม่ผุ','29','130','','2564-11-10 12:26:16','','','','','','','3800101570624'),(284,1706,'5','2564','2',7,0,1,'ไม่มี','ปกติ','ไม่ผุ','53','139','','2564-11-10 12:26:26','','','','','','','3800101570624'),(285,1707,'6','2564','2',7,0,1,'ไม่มี','ปกติ','ไม่ผุ','49','143','','2564-11-10 12:26:35','','','','','','','3800101570624'),(286,1708,'7','2564','2',7,0,1,'ไม่มี','ปกติ','ไม่ผุ','39','139','','2564-11-10 12:26:50','','','','','','','3800101570624'),(287,1709,'8','2564','2',7,0,1,'ไม่มี','ปกติ','ไม่ผุ','25','126','','2564-11-10 12:26:58','','','','','','','3800101570624'),(288,1710,'9','2564','2',7,0,1,'ไม่มี','ปกติ','ไม่ผุ','32','126','','2564-11-10 12:27:09','','','','','','','3800101570624'),(289,1711,'10','2564','2',7,0,1,'ไม่มี','ปกติ','ไม่ผุ','49','136','','2564-11-10 12:27:21','','','','','','','3800101570624'),(290,1747,'12','2564','2',7,0,1,'ไม่มี','ปกติ','ไม่ผุ','44','133','','2564-11-10 12:27:31','','','','','','','3800101570624'),(291,1769,'13','2564','2',7,0,1,'ไม่มี','ปกติ','ไม่ผุ','30','131','','2564-11-10 12:27:47','','','','','','','3800101570624'),(292,1682,'1','2564','2',8,0,1,'ไม่มี','ปกติ','ไม่ผุ','35','145','','2564-11-10 12:28:34','','','','','','','3800101570624'),(293,1683,'2','2564','2',8,0,1,'ไม่มี','ปกติ','ไม่ผุ','34','143','','2564-11-10 12:29:00','','','','','','','3800101570624'),(294,1684,'3','2564','2',8,0,1,'ไม่มี','ปกติ','ไม่ผุ','36','152','','2564-11-10 12:29:12','','','','','','','3800101570624'),(295,1685,'4','2564','2',8,0,1,'ไม่มี','ปกติ','ไม่ผุ','60','153','','2564-11-10 12:29:25','','','','','','','3800101570624'),(296,1686,'5','2564','2',8,0,1,'ไม่มี','ปกติ','ไม่ผุ','25','129','','2564-11-10 12:29:41','','','','','','','3800101570624'),(297,1687,'6','2564','2',8,0,1,'ไม่มี','ปกติ','ไม่ผุ','50','151','','2564-11-10 12:30:02','','','','','','','3800101570624'),(298,1688,'7','2564','2',8,0,1,'ไม่มี','ปกติ','ไม่ผุ','28','131','','2564-11-10 12:30:18','','','','','','','3800101570624'),(299,1697,'8','2564','2',8,0,1,'ไม่มี','ปกติ','ไม่ผุ','25','131','','2564-11-10 12:30:33','','','','','','','3800101570624'),(300,1689,'9','2564','2',8,0,1,'ไม่มี','ปกติ','ไม่ผุ','56','155','','2564-11-10 12:30:49','','','','','','','3800101570624'),(301,1690,'10','2564','2',8,0,1,'ไม่มี','ปกติ','ไม่ผุ','45','149','','2564-11-10 12:31:04','','','','','','','3800101570624'),(302,1691,'11','2564','2',8,0,1,'ไม่มี','ปกติ','ไม่ผุ','34','147','','2564-11-10 12:31:22','','','','','','','3800101570624'),(303,1692,'12','2564','2',8,0,1,'ไม่มี','ปกติ','ไม่ผุ','31','143','','2564-11-10 12:33:41','','','','','','','3800101570624'),(304,1693,'13','2564','2',8,0,1,'ไม่มี','ปกติ','ไม่ผุ','31','138','','2564-11-10 12:33:56','','','','','','','3800101570624'),(305,1694,'14','2564','2',8,0,1,'ไม่มี','ปกติ','ไม่ผุ','35','145','','2564-11-10 12:34:14','','','','','','','3800101570624'),(306,1696,'15','2564','2',8,0,1,'ไม่มี','ปกติ','ไม่ผุ','40','148','','2564-11-10 12:34:28','','','','','','','3800101570624'),(307,1695,'16','2564','2',8,0,1,'ไม่มี','ปกติ','ไม่ผุ','42','140','','2564-11-10 12:34:40','','','','','','','3800101570624'),(308,1698,'17','2564','2',8,0,1,'ไม่มี','ปกติ','ไม่ผุ','30','137','','2564-11-10 12:34:51','','','','','','','3800101570624'),(309,1742,'19','2564','2',8,0,1,'ไม่มี','ปกติ','ไม่ผุ','31','138','','2564-11-10 12:35:02','','','','','','','3800101570624'),(310,1745,'20','2564','2',8,0,1,'ไม่มี','ปกติ','ไม่ผุ','29','137','','2564-11-10 12:35:19','','','','','','','3800101570624'),(311,1771,'21','2564','2',8,0,1,'ไม่มี','ปกติ','ไม่ผุ','30','142','','2564-11-10 12:35:30','','','','','','','3800101570624'),(312,1702,'1','2564','2',7,0,2,'ไม่มี','ปกติ','ไม่ผุ','29','127','','2564-11-10 02:24:53','','','','','4','','1330400287850'),(313,1703,'2','2564','2',7,0,2,'ไม่มี','ปกติ','ไม่ผุ','35','138','','2564-11-10 02:25:15','','','','','10','','1330400287850'),(314,1704,'3','2564','2',7,0,2,'ไม่มี','ปกติ','ไม่ผุ','27','133','','2564-11-10 02:25:26','','','','','10','','1330400287850'),(315,1705,'4','2564','2',7,0,2,'ไม่มี','ปกติ','ไม่ผุ','29','130','','2564-11-10 02:25:44','','','','','4','','1330400287850'),(316,1706,'5','2564','2',7,0,2,'ไม่มี','ปกติ','ไม่ผุ','53','139','','2564-11-10 02:26:03','','','','','11','','1330400287850'),(317,1707,'6','2564','2',7,0,2,'ไม่มี','ปกติ','ไม่ผุ','49','143','','2564-11-10 02:26:44','','','','','4','','1330400287850'),(318,1708,'7','2564','2',7,0,2,'ไม่มี','ปกติ','ไม่ผุ','39','139','','2564-11-10 02:27:23','','','','','1','','1330400287850'),(319,1709,'8','2564','2',7,0,2,'ไม่มี','ปกติ','ไม่ผุ','25','126','','2564-11-10 02:27:39','','','','','6','','1330400287850'),(320,1710,'9','2564','2',7,0,2,'ไม่มี','ปกติ','ไม่ผุ','32','126','','2564-11-10 02:32:46','','','','','10','','1330400287850'),(321,1710,'9','2564','2',7,0,2,'ไม่มี','ปกติ','ไม่ผุ','32','126','','2564-11-10 02:21:43','','','','','','','1330400287850'),(322,1711,'10','2564','2',7,0,2,'ไม่มี','ปกติ','ไม่ผุ','49','136','','2564-11-10 02:32:57','','','','','4','','1330400287850'),(323,1747,'12','2564','2',7,0,2,'ไม่มี','ปกติ','ไม่ผุ','44','133','','2564-11-10 02:33:10','','','','','10','','1330400287850'),(324,1769,'13','2564','2',7,0,2,'ไม่มี','ปกติ','ไม่ผุ','30','131','','2564-11-10 02:33:22','','','','','9','','1330400287850'),(325,1702,'1','2564','1',7,0,1,'ไม่มี','ปกติ','ไม่ผุ','29','127','','2564-11-10 05:31:57','','','','','4','','1330400287850'),(326,1703,'2','2564','1',7,0,1,'ไม่มี','ปกติ','ไม่ผุ','34','137','','2564-11-10 05:33:01','','','','','7','','1330400287850'),(327,1704,'3','2564','1',7,0,1,'ไม่มี','ปกติ','ไม่ผุ','26','132','','2564-11-10 05:33:27','','','','','10','','1330400287850'),(328,1705,'4','2564','1',7,0,1,'ไม่มี','ปกติ','ไม่ผุ','29','130','','2564-11-10 05:36:18','','','','','5','','1330400287850'),(329,1706,'5','2564','1',7,0,1,'ไม่มี','ปกติ','ไม่ผุ','53','139','','2564-11-10 05:37:30','','','','','4','','1330400287850'),(330,1707,'6','2564','1',7,0,1,'ไม่มี','ปกติ','ไม่ผุ','48','142','','2564-11-10 05:37:48','','','','','7','','1330400287850'),(331,1708,'7','2564','1',7,0,1,'ไม่มี','ปกติ','ไม่ผุ','38','138','','2564-11-10 05:38:13','','','','','10','','1330400287850'),(332,1709,'8','2564','1',7,0,1,'ไม่มี','ปกติ','ไม่ผุ','24','126','','2564-11-10 05:38:32','','','','','7','','1330400287850'),(333,1710,'9','2564','1',7,0,1,'ไม่มี','ปกติ','ไม่ผุ','31','125','','2564-11-10 05:38:54','','','','','10','','1330400287850'),(334,1711,'10','2564','1',7,0,1,'ไม่มี','ปกติ','ไม่ผุ','48','135','','2564-11-10 05:39:12','','','','','8','','1330400287850'),(335,1747,'12','2564','1',7,0,1,'ไม่มี','ปกติ','ไม่ผุ','43','132','','2564-11-10 05:39:28','','','','','10','','1330400287850'),(336,1769,'13','2564','1',7,0,1,'ไม่มี','ปกติ','ไม่ผุ','30','130','','2564-11-10 05:39:48','','','','','9','','1330400287850'),(337,1702,'1','2564','1',7,0,2,'ไม่มี','ปกติ','ไม่ผุ','29','127','','2564-11-10 05:41:56','','','','','10','','1330400287850'),(338,1703,'2','2564','1',7,0,2,'ไม่มี','ปกติ','ไม่ผุ','34','138','','2564-11-10 05:42:14','','','','','5','','1330400287850'),(339,1704,'3','2564','1',7,0,2,'ไม่มี','ปกติ','ไม่ผุ','26','133','','2564-11-10 05:42:34','','','','','10','','1330400287850'),(340,1705,'4','2564','1',7,0,2,'ไม่มี','ปกติ','ไม่ผุ','29','130','','2564-11-10 05:42:53','','','','','11','','1330400287850'),(341,1706,'5','2564','1',7,0,2,'ไม่มี','ปกติ','ไม่ผุ','53','139','','2564-11-10 05:43:10','','','','','5','','1330400287850'),(342,1707,'6','2564','1',7,0,2,'ไม่มี','ปกติ','ไม่ผุ','48','143','','2564-11-10 05:43:27','','','','','6','','1330400287850'),(343,1708,'7','2564','1',7,0,2,'ไม่มี','ปกติ','ไม่ผุ','39','138','','2564-11-10 05:43:45','','','','','5','','1330400287850'),(344,1709,'8','2564','1',7,0,2,'ไม่มี','ปกติ','ไม่ผุ','25','126','','2564-11-10 05:44:06','','','','','11','','1330400287850'),(345,1710,'9','2564','1',7,0,2,'ไม่มี','ปกติ','ไม่ผุ','32','125','','2564-11-10 05:44:23','','','','','10','','1330400287850'),(346,1711,'10','2564','1',7,0,2,'ไม่มี','ปกติ','ไม่ผุ','48','136','','2564-11-10 05:44:47','','','','','5','','1330400287850'),(347,1747,'12','2564','1',7,0,2,'ไม่มี','ปกติ','ไม่ผุ','43','132','','2564-11-10 05:45:03','','','','','10','','1330400287850'),(348,1769,'13','2564','1',7,0,2,'ไม่มี','ปกติ','ไม่ผุ','29','131','','2564-11-10 05:45:18','','','','','10','','1330400287850'),(349,1791,'19','2564','1',4,0,1,'ไม่มี','ปกติ','ไม่ผุ','20','119','','2564-12-12 01:28:20','','','','','','','3800101570624'),(350,1666,'1','2564','2',9,0,2,'ไม่มี','ปกติ','ไม่ผุ','55','164','','2565-03-07 09:04:06','','','','','','','1342200089801'),(351,1667,'2','2564','2',9,0,2,'ไม่มี','ปกติ','ไม่ผุ','64','155','','2565-03-07 09:04:32','','','','','','','1342200089801'),(352,1668,'3','2564','2',9,0,2,'ไม่มี','ปกติ','ไม่ผุ','63','169','','2565-03-07 09:04:47','','','','','','','1342200089801'),(353,1669,'4','2564','2',9,0,2,'ไม่มี','ปกติ','ไม่ผุ','49','149','','2565-03-07 09:05:03','','','','','','','1342200089801'),(354,1670,'5','2564','2',9,0,2,'ไม่มี','ปกติ','ไม่ผุ','40','153','','2565-03-07 09:05:28','','','','','','','1342200089801'),(355,1671,'6','2564','2',9,0,2,'ไม่มี','ปกติ','ไม่ผุ','39','141','','2565-03-07 09:05:42','','','','','','','1342200089801'),(356,1672,'7','2564','2',9,0,2,'ไม่มี','ปกติ','ไม่ผุ','39','149','','2565-03-07 09:05:56','','','','','','','1342200089801'),(357,1673,'8','2564','2',9,0,2,'ไม่มี','ปกติ','ไม่ผุ','56','148','','2565-03-07 09:06:12','','','','','','','1342200089801'),(358,1676,'10','2564','2',9,0,2,'ไม่มี','ปกติ','ไม่ผุ','66','165','','2565-03-07 09:06:36','','','','','','','1342200089801'),(359,1677,'11','2564','2',9,0,2,'ไม่มี','ปกติ','ไม่ผุ','44','150','','2565-03-07 09:06:56','','','','','','','1342200089801'),(360,1678,'12','2564','2',9,0,2,'ไม่มี','ปกติ','ไม่ผุ','40','150','','2565-03-07 09:07:11','','','','','','','1342200089801'),(361,1679,'13','2564','2',9,0,2,'ไม่มี','ปกติ','ไม่ผุ','41','157','','2565-03-07 09:07:33','','','','','','','1342200089801'),(362,1743,'14','2564','2',9,0,2,'ไม่มี','ปกติ','ไม่ผุ','30','135','','2565-03-07 09:07:55','','','','','','','1342200089801'),(363,1680,'14','2564','2',9,0,2,'ไม่มี','ปกติ','ไม่ผุ','55','165','','2565-03-07 09:08:23','','','','','','','1342200089801'),(364,1701,'15','2564','2',9,0,2,'ไม่มี','ปกติ','ไม่ผุ','48','151','','2565-03-07 09:08:41','','','','','','','1342200089801'),(365,1726,'16','2564','2',9,0,2,'ไม่มี','ปกติ','ไม่ผุ','81','160','','2565-03-07 09:08:57','','','','','','','1342200089801'),(366,1744,'18','2564','2',9,0,2,'ไม่มี','ปกติ','ไม่ผุ','37','147','','2565-03-07 09:09:11','','','','','','','1342200089801'),(367,1682,'1','2565','1',9,0,1,'ไม่มี','ปกติ','ไม่ผุ','36','150','','2565-06-10 03:20:27','','','','','','','1342200089801'),(368,1682,'1','2564','2',9,0,1,'ไม่มี','ปกติ','ไม่ผุ','36','150','','2565-06-10 03:20:46','','','','','','','1342200089801'),(369,1683,'2','2564','2',9,0,1,'ไม่มี','ปกติ','ไม่ผุ','35','144','','2565-06-10 03:22:10','','','','','','','1342200089801'),(370,1684,'3','2564','2',9,0,1,'ไม่มี','ปกติ','ไม่ผุ','39','157','','2565-06-10 03:23:46','','','','','','','1342200089801'),(371,1685,'4','2564','2',9,0,1,'ไม่มี','ปกติ','ไม่ผุ','62','160','','2565-06-10 03:24:01','','','','','','','1342200089801'),(372,1686,'5','2564','2',9,0,1,'ไม่มี','ปกติ','ไม่ผุ','25','131','','2565-06-10 03:24:16','','','','','','','1342200089801'),(373,1687,'6','2564','2',9,0,1,'ไม่มี','ปกติ','ไม่ผุ','53','158','','2565-06-10 03:24:29','','','','','','','1342200089801'),(374,1688,'7','2564','2',9,0,1,'ไม่มี','ปกติ','ไม่ผุ','28','134','','2565-06-10 03:24:43','','','','','','','1342200089801'),(375,1697,'8','2564','2',9,0,1,'ไม่มี','ปกติ','ไม่ผุ','29','137','','2565-06-10 03:25:04','','','','','','','1342200089801'),(376,1689,'9','2564','2',9,0,1,'ไม่มี','ปกติ','ไม่ผุ','58','159','','2565-06-10 03:25:17','','','','','','','1342200089801'),(377,1690,'10','2564','2',9,0,1,'ไม่มี','ปกติ','ไม่ผุ','46','155','','2565-06-10 03:25:30','','','','','','','1342200089801'),(378,1691,'11','2564','2',9,0,1,'ไม่มี','ปกติ','ไม่ผุ','37','151','','2565-06-10 03:25:43','','','','','','','1342200089801'),(379,1692,'12','2564','2',9,0,1,'ไม่มี','ปกติ','ไม่ผุ','33','148','','2565-06-10 03:26:01','','','','','','','1342200089801'),(380,1693,'13','2564','2',9,0,1,'ไม่มี','ปกติ','ไม่ผุ','33','143','','2565-06-10 03:26:12','','','','','','','1342200089801'),(381,1694,'14','2564','2',9,0,1,'ไม่มี','ปกติ','ไม่ผุ','35','149','','2565-06-10 03:26:25','','','','','','','1342200089801'),(382,1696,'15','2564','2',9,0,1,'ไม่มี','ปกติ','ไม่ผุ','43','146','','2565-06-10 03:26:38','','','','','','','1342200089801'),(383,1695,'16','2564','2',9,0,1,'ไม่มี','ปกติ','ไม่ผุ','40','150','','2565-06-10 03:26:50','','','','','','','1342200089801'),(384,1698,'17','2564','2',9,0,1,'ไม่มี','ปกติ','ไม่ผุ','32','144','','2565-06-10 03:27:05','','','','','','','1342200089801'),(385,1742,'19','2564','2',9,0,1,'ไม่มี','ปกติ','ไม่ผุ','33','141','','2565-06-10 03:27:23','','','','','','','1342200089801'),(386,1745,'20','2564','2',9,0,1,'ไม่มี','ปกติ','ไม่ผุ','31','139','','2565-06-10 03:27:52','','','','','','','1342200089801'),(387,1771,'21','2564','2',9,0,1,'ไม่มี','ปกติ','ไม่ผุ','31','145','','2565-06-10 03:28:02','','','','','','','1342200089801'),(388,1683,'2','2565','1',9,0,1,'ไม่มี','ปกติ','ไม่ผุ','35','144','','2565-07-20 06:06:54','','','','','','','1342200089801'),(389,1684,'3','2565','1',9,0,1,'ไม่มี','ปกติ','ไม่ผุ','39','157','','2565-07-20 06:12:26','','','','','','','1342200089801'),(390,1685,'4','2565','1',9,0,1,'ไม่มี','ปกติ','ไม่ผุ','62','160','','2565-07-20 06:14:07','','','','','','','1342200089801'),(391,1686,'5','2565','1',9,0,1,'ไม่มี','ปกติ','ไม่ผุ','25','131','','2565-07-20 06:14:18','','','','','','','1342200089801'),(392,1687,'6','2565','1',9,0,1,'ไม่มี','ปกติ','ไม่ผุ','53','158','','2565-07-20 06:14:29','','','','','','','1342200089801'),(393,1688,'7','2565','1',9,0,1,'ไม่มี','ปกติ','ไม่ผุ','28','134','','2565-07-20 06:14:40','','','','','','','1342200089801'),(394,1697,'8','2565','1',9,0,1,'ไม่มี','ปกติ','ไม่ผุ','29','130','','2565-07-20 06:14:59','','','','','','','1342200089801'),(395,1689,'9','2565','1',9,0,1,'ไม่มี','ปกติ','ไม่ผุ','58','159','','2565-07-20 06:15:14','','','','','','','1342200089801'),(396,1690,'10','2565','1',9,0,1,'ไม่มี','ปกติ','ไม่ผุ','46','155','','2565-07-20 06:15:27','','','','','','','1342200089801'),(397,1691,'11','2565','1',9,0,1,'ไม่มี','ปกติ','ไม่ผุ','37','151','','2565-07-20 06:15:40','','','','','','','1342200089801'),(398,1692,'12','2565','1',9,0,1,'ไม่มี','ปกติ','ไม่ผุ','33','148','','2565-07-20 06:15:51','','','','','','','1342200089801'),(399,1693,'13','2565','1',9,0,1,'ไม่มี','ปกติ','ไม่ผุ','33','143','','2565-07-20 06:16:03','','','','','','','1342200089801'),(400,1694,'14','2565','1',9,0,1,'ไม่มี','ปกติ','ไม่ผุ','35','149','','2565-07-20 06:16:17','','','','','','','1342200089801'),(401,1696,'15','2565','1',9,0,1,'ไม่มี','ปกติ','ไม่ผุ','40','150','','2565-07-20 06:17:18','','','','','','','1342200089801'),(402,1695,'16','2565','1',9,0,1,'ไม่มี','ปกติ','ไม่ผุ','43','146','','2565-07-20 06:16:51','','','','','','','1342200089801'),(403,1698,'17','2565','1',9,0,1,'ไม่มี','ปกติ','ไม่ผุ','32','144','','2565-07-20 06:17:34','','','','','','','1342200089801'),(404,1742,'19','2565','1',9,0,1,'ไม่มี','ปกติ','ไม่ผุ','33','141','','2565-07-20 06:17:46','','','','','','','1342200089801'),(405,1745,'20','2565','1',9,0,1,'ไม่มี','ปกติ','ไม่ผุ','31','139','','2565-07-20 06:18:03','','','','','','','1342200089801'),(406,1771,'21','2565','1',9,0,1,'ไม่มี','ปกติ','ไม่ผุ','31','145','','2565-07-20 06:18:14','','','','','','','1342200089801'),(407,1713,'1','2565','1',7,0,1,'ไม่มี','ปกติ','ไม่ผุ','40','138','','2565-08-09 09:06:36','','','','','','','1330400287850'),(408,1714,'2','2565','1',7,0,1,'ไม่มี','ปกติ','ไม่ผุ','57','138','','2565-08-09 09:07:05','','','','','','','1330400287850'),(409,1715,'3','2565','1',7,0,1,'ไม่มี','ปกติ','ไม่ผุ','22','127','','2565-08-09 09:07:15','','','','','','','1330400287850'),(410,1725,'4','2565','1',7,0,1,'ไม่มี','ปกติ','ไม่ผุ','50','136','','2565-08-09 09:07:36','','','','','','','1330400287850'),(411,1717,'5','2565','1',7,0,1,'ไม่มี','ปกติ','ไม่ผุ','44','144','','2565-08-09 09:07:46','','','','','','','1330400287850'),(412,1718,'6','2565','1',7,0,1,'ไม่มี','ปกติ','ไม่ผุ','37','151','','2565-08-09 09:07:57','','','','','','','1330400287850'),(413,1772,'14','2565','1',7,0,1,'ไม่มี','ปกติ','ไม่ผุ','35','137','','2565-08-09 09:08:07','','','','','','','1330400287850'),(414,1784,'13','2565','1',7,0,1,'ไม่มี','ปกติ','ไม่ผุ','30','138','','2565-08-09 09:08:19','','','','','','','1330400287850'),(415,1724,'12','2565','1',7,0,1,'ไม่มี','ปกติ','ไม่ผุ','39','142','','2565-08-09 09:08:30','','','','','','','1330400287850'),(416,1723,'11','2565','1',7,0,1,'ไม่มี','ปกติ','ไม่ผุ','33','133','','2565-08-09 09:08:40','','','','','','','1330400287850'),(417,1722,'10','2565','1',7,0,1,'ไม่มี','ปกติ','ไม่ผุ','36','127','','2565-08-09 09:08:52','','','','','','','1330400287850'),(418,1721,'9','2565','1',7,0,1,'ไม่มี','ปกติ','ไม่ผุ','40','149','','2565-08-09 09:09:02','','','','','','','1330400287850'),(419,1720,'8','2565','1',7,0,1,'ไม่มี','ปกติ','ไม่ผุ','29','140','','2565-08-09 09:09:11','','','','','','','1330400287850'),(420,1719,'7','2565','1',7,0,1,'ไม่มี','ปกติ','ไม่ผุ','44','140','','2565-08-09 09:09:21','','','','','','','1330400287850'),(421,1682,'1','2565','1',9,0,2,'ไม่มี','ปกติ','ไม่ผุ','39','151','','2565-10-12 01:47:24','','','','','','','1342200089801'),(422,1683,'2','2565','1',9,0,2,'ไม่มี','ปกติ','ไม่ผุ','36','145','','2565-10-12 01:47:36','','','','','','','1342200089801'),(423,1684,'3','2565','1',9,0,2,'ไม่มี','ปกติ','ไม่ผุ','40','159','','2565-10-12 01:47:50','','','','','','','1342200089801'),(424,1685,'4','2565','1',9,0,2,'ไม่มี','ปกติ','ไม่ผุ','68','162','','2565-10-12 01:48:05','','','','','','','1342200089801'),(425,1686,'5','2565','1',9,0,2,'ไม่มี','ปกติ','ไม่ผุ','27','133','','2565-10-12 01:48:16','','','','','','','1342200089801'),(426,1687,'6','2565','1',9,0,2,'ไม่มี','ปกติ','ไม่ผุ','51','160','','2565-10-12 01:48:30','','','','','','','1342200089801'),(427,1688,'7','2565','1',9,0,2,'ไม่มี','ปกติ','ไม่ผุ','27','135','','2565-10-12 01:48:42','','','','','','','1342200089801'),(428,1697,'8','2565','1',9,0,2,'ไม่มี','ปกติ','ไม่ผุ','29','145','','2565-10-12 01:48:56','','','','','','','1342200089801'),(429,1689,'9','2565','1',9,0,2,'ไม่มี','ปกติ','ไม่ผุ','56','159','','2565-10-12 01:49:09','','','','','','','1342200089801'),(430,1690,'10','2565','1',9,0,2,'ไม่มี','ปกติ','ไม่ผุ','45','155','','2565-10-12 01:49:23','','','','','','','1342200089801'),(431,1691,'11','2565','1',9,0,2,'ไม่มี','ปกติ','ไม่ผุ','37','151','','2565-10-12 01:49:35','','','','','','','1342200089801'),(432,1692,'12','2565','1',9,0,2,'ไม่มี','ปกติ','ไม่ผุ','35','150','','2565-10-12 01:49:48','','','','','','','1342200089801'),(433,1693,'13','2565','1',9,0,2,'ไม่มี','ปกติ','ไม่ผุ','33','145','','2565-10-12 01:50:01','','','','','','','1342200089801'),(434,1694,'14','2565','1',9,0,2,'ไม่มี','ปกติ','ไม่ผุ','36','151','','2565-10-12 01:50:14','','','','','','','1342200089801'),(435,1696,'15','2565','1',9,0,2,'ไม่มี','ปกติ','ไม่ผุ','41','149','','2565-10-12 01:50:30','','','','','','','1342200089801'),(436,1695,'16','2565','1',9,0,2,'ไม่มี','ปกติ','ไม่ผุ','43','148','','2565-10-12 01:50:42','','','','','','','1342200089801'),(437,1698,'17','2565','1',9,0,2,'ไม่มี','ปกติ','ไม่ผุ','34','145','','2565-10-12 01:50:56','','','','','','','1342200089801'),(438,1742,'19','2565','1',9,0,2,'ไม่มี','ปกติ','ไม่ผุ','35','145','','2565-10-12 01:51:13','','','','','','','1342200089801'),(439,1745,'20','2565','1',9,0,2,'ไม่มี','ปกติ','ไม่ผุ','31','140','','2565-10-12 01:51:30','','','','','','','1342200089801'),(440,1771,'21','2565','1',9,0,2,'ไม่มี','ปกติ','ไม่ผุ','35','146','','2565-10-12 01:51:42','','','','','','','1342200089801'),(441,1774,'1','2565','1',4,0,1,'ไม่มี','ปกติ','ไม่ผุ','23','120','','2565-11-09 09:15:21','','','','','','','3800101570624'),(442,1775,'2','2565','1',4,0,1,'ไม่มี','ปกติ','ไม่ผุ','20','112','','2565-11-09 09:15:33','','','','','','','3800101570624'),(443,1776,'3','2565','1',4,0,1,'ไม่มี','ปกติ','ไม่ผุ','20','122','','2565-11-09 09:15:41','','','','','','','3800101570624'),(444,1777,'4','2565','1',4,0,1,'ไม่มี','ปกติ','ไม่ผุ','28','123','','2565-11-09 09:15:52','','','','','','','3800101570624'),(445,1778,'5','2565','1',4,0,1,'ไม่มี','ปกติ','ไม่ผุ','24','121','','2565-11-09 09:16:03','','','','','','','3800101570624'),(446,1779,'6','2565','1',4,0,1,'ไม่มี','ปกติ','ไม่ผุ','17','107','','2565-11-09 09:16:14','','','','','','','3800101570624'),(447,1780,'7','2565','1',4,0,1,'ไม่มี','ปกติ','ไม่ผุ','23','120','','2565-11-09 09:16:26','','','','','','','3800101570624'),(448,1781,'8','2565','1',4,0,1,'ไม่มี','ปกติ','ไม่ผุ','30','128','','2565-11-09 09:16:39','','','','','','','3800101570624'),(449,1782,'9','2565','1',4,0,1,'ไม่มี','ปกติ','ไม่ผุ','20','115','','2565-11-09 09:16:51','','','','','','','3800101570624'),(450,1783,'10','2565','1',4,0,1,'ไม่มี','ปกติ','ไม่ผุ','18','111','','2565-11-09 09:17:06','','','','','','','3800101570624'),(451,1713,'1','2565','1',7,0,2,'ไม่มี','ปกติ','ไม่ผุ','40','138','','2565-11-10 10:06:48','','','','','','','1330400287850'),(452,1714,'2','2565','1',7,0,2,'ไม่มี','ปกติ','ไม่ผุ','57','138','','2565-11-10 10:06:58','','','','','','','1330400287850'),(453,1715,'3','2565','1',7,0,2,'ไม่มี','ปกติ','ไม่ผุ','22','127','','2565-11-10 10:07:09','','','','','','','1330400287850'),(454,1725,'4','2565','1',7,0,2,'ไม่มี','ปกติ','ไม่ผุ','37','136','','2565-11-10 10:07:21','','','','','','','1330400287850'),(455,1784,'13','2565','1',7,0,2,'ไม่มี','ปกติ','ไม่ผุ','30','138','','2565-11-10 10:07:32','','','','','','','1330400287850'),(456,1724,'12','2565','1',7,0,2,'ไม่มี','ปกติ','ไม่ผุ','39','142','','2565-11-10 10:07:44','','','','','','','1330400287850'),(457,1723,'11','2565','1',7,0,2,'ไม่มี','ปกติ','ไม่ผุ','39','133','','2565-11-10 10:07:55','','','','','','','1330400287850'),(458,1722,'10','2565','1',7,0,2,'ไม่มี','ปกติ','ไม่ผุ','33','127','','2565-11-10 10:08:06','','','','','','','1330400287850'),(459,1721,'9','2565','1',7,0,2,'ไม่มี','ปกติ','ไม่ผุ','36','149','','2565-11-10 10:08:15','','','','','','','1330400287850'),(460,1720,'8','2565','1',7,0,2,'ไม่มี','ปกติ','ไม่ผุ','40','140','','2565-11-10 10:08:24','','','','','','','1330400287850'),(461,1719,'7','2565','1',7,0,2,'ไม่มี','ปกติ','ไม่ผุ','29','142','','2565-11-10 10:08:34','','','','','','','1330400287850'),(462,1717,'5','2565','1',7,0,2,'ไม่มี','ปกติ','ไม่ผุ','44','144','','2565-11-10 10:08:44','','','','','','','1330400287850'),(463,1718,'6','2565','1',7,0,2,'ไม่มี','ปกติ','ไม่ผุ','44','151','','2565-11-10 10:08:57','','','','','','','1330400287850'),(464,1713,'1','2565','2',7,0,1,'ไม่มี','ปกติ','ไม่ผุ','40','138','','2565-11-10 10:10:09','','','','','','','1330400287850'),(465,1714,'2','2565','2',7,0,1,'ไม่มี','ปกติ','ไม่ผุ','57','138','','2565-11-10 10:10:18','','','','','','','1330400287850'),(466,1715,'3','2565','2',7,0,1,'ไม่มี','ปกติ','ไม่ผุ','22','127','','2565-11-10 10:10:34','','','','','','','1330400287850'),(467,1725,'4','2565','2',7,0,1,'ไม่มี','ปกติ','ไม่ผุ','37','136','','2565-11-10 10:10:43','','','','','','','1330400287850'),(468,1717,'5','2565','2',7,0,1,'ไม่มี','ปกติ','ไม่ผุ','44','144','','2565-11-10 10:10:55','','','','','','','1330400287850'),(469,1718,'6','2565','2',7,0,1,'ไม่มี','ปกติ','ไม่ผุ','44','151','','2565-11-10 10:11:05','','','','','','','1330400287850'),(470,1719,'7','2565','2',7,0,1,'ไม่มี','ปกติ','ไม่ผุ','30','142','','2565-11-10 10:11:19','','','','','','','1330400287850'),(471,1720,'8','2565','2',7,0,1,'ไม่มี','ปกติ','ไม่ผุ','40','140','','2565-11-10 10:11:28','','','','','','','1330400287850'),(472,1721,'9','2565','2',7,0,1,'ไม่มี','ปกติ','ไม่ผุ','36','149','','2565-11-10 10:11:38','','','','','','','1330400287850'),(473,1722,'10','2565','2',7,0,1,'ไม่มี','ปกติ','ไม่ผุ','33','127','','2565-11-10 10:11:49','','','','','','','1330400287850'),(474,1723,'11','2565','2',7,0,1,'ไม่มี','ปกติ','ไม่ผุ','39','133','','2565-11-10 10:11:57','','','','','','','1330400287850'),(475,1724,'12','2565','2',7,0,1,'ไม่มี','ปกติ','ไม่ผุ','39','142','','2565-11-10 10:12:10','','','','','','','1330400287850'),(476,1784,'13','2565','2',7,0,1,'ไม่มี','ปกติ','ไม่ผุ','30','138','','2565-11-10 10:12:21','','','','','','','1330400287850'),(477,1682,'1','2565','2',9,0,1,'ไม่มี','ปกติ','ไม่ผุ','42','154','','2565-12-07 03:04:17','','','','','','','1342200089801'),(478,1683,'2','2565','2',9,0,1,'ไม่มี','ปกติ','ไม่ผุ','38','150','','2565-12-07 03:04:50','','','','','','','1342200089801'),(479,1684,'3','2565','2',9,0,1,'ไม่มี','ปกติ','ไม่ผุ','43','161','','2565-12-07 03:05:02','','','','','','','1342200089801'),(480,1685,'4','2565','2',9,0,1,'ไม่มี','ปกติ','ไม่ผุ','65','165','','2565-12-07 03:06:26','','','','','','','1342200089801'),(481,1686,'5','2565','2',9,0,1,'ไม่มี','ปกติ','ไม่ผุ','28','133','','2565-12-07 03:06:37','','','','','','','1342200089801'),(482,1687,'6','2565','2',9,0,1,'ไม่มี','ปกติ','ไม่ผุ','53','162','','2565-12-07 03:06:48','','','','','','','1342200089801'),(483,1688,'7','2565','2',9,0,1,'ไม่มี','ปกติ','ไม่ผุ','30','135','','2565-12-07 03:06:59','','','','','','','1342200089801'),(484,1689,'9','2565','2',9,0,1,'ไม่มี','ปกติ','ไม่ผุ','61','160','','2565-12-07 03:07:42','','','','','','','1342200089801'),(485,1690,'10','2565','2',9,0,1,'ไม่มี','ปกติ','ไม่ผุ','45','155','','2565-12-07 03:07:52','','','','','','','1342200089801'),(486,1691,'11','2565','2',9,0,1,'ไม่มี','ปกติ','ไม่ผุ','38','152','','2565-12-07 03:08:04','','','','','','','1342200089801'),(487,1692,'12','2565','2',9,0,1,'ไม่มี','ปกติ','ไม่ผุ','36','153','','2565-12-07 03:08:17','','','','','','','1342200089801'),(488,1693,'13','2565','2',9,0,1,'ไม่มี','ปกติ','ไม่ผุ','38','147','','2565-12-07 03:08:29','','','','','','','1342200089801'),(489,1694,'14','2565','2',9,0,1,'ไม่มี','ปกติ','ไม่ผุ','37','152','','2565-12-07 03:08:43','','','','','','','1342200089801'),(490,1696,'15','2565','2',9,0,1,'ไม่มี','ปกติ','ไม่ผุ','45','150','','2565-12-07 03:08:57','','','','','','','1342200089801'),(491,1695,'16','2565','2',9,0,1,'ไม่มี','ปกติ','ไม่ผุ','47','150','','2565-12-07 03:09:09','','','','','','','1342200089801'),(492,1698,'17','2565','2',9,0,1,'ไม่มี','ปกติ','ไม่ผุ','35','147','','2565-12-07 03:09:25','','','','','','','1342200089801'),(493,1742,'19','2565','2',9,0,1,'ไม่มี','ปกติ','ไม่ผุ','35','146','','2565-12-07 03:09:34','','','','','','','1342200089801'),(494,1745,'20','2565','2',9,0,1,'ไม่มี','ปกติ','ไม่ผุ','31','141','','2565-12-07 03:09:46','','','','','','','1342200089801'),(495,1771,'21','2565','2',9,0,1,'ไม่มี','ปกติ','ไม่ผุ','35','148','','2565-12-07 03:10:05','','','','','','','1342200089801'),(496,1769,'13','2566','1',9,0,1,'ไม่มี','ปกติ','ไม่ผุ','33','145','','2566-06-06 03:13:38','','','','','','','1342200089801'),(497,1702,'1','2566','1',9,0,1,'ไม่มี','ปกติ','ไม่ผุ','31','137','','2566-06-06 03:13:46','','','','','','','1342200089801'),(498,1703,'2','2566','1',9,0,1,'ไม่มี','ปกติ','ไม่ผุ','48','160','','2566-06-06 03:14:00','','','','','','','1342200089801'),(499,1704,'3','2566','1',9,0,1,'ไม่มี','ปกติ','ไม่ผุ','37','150','','2566-06-06 03:14:10','','','','','','','1342200089801'),(500,1705,'4','2566','1',9,0,1,'ไม่มี','ปกติ','ไม่ผุ','32','142','','2566-06-06 03:14:21','','','','','','','1342200089801'),(501,1706,'5','2566','1',9,0,1,'ไม่มี','ปกติ','ไม่ผุ','59','153','','2566-06-06 03:14:35','','','','','','','1342200089801'),(502,1707,'6','2566','1',9,0,1,'ไม่มี','ปกติ','ไม่ผุ','52','162','','2566-06-06 03:15:00','','','','','','','1342200089801'),(503,1708,'7','2566','1',9,0,1,'ไม่มี','ปกติ','ไม่ผุ','45','153','','2566-06-06 03:15:09','','','','','','','1342200089801'),(504,1709,'8','2566','1',9,0,1,'ไม่มี','ปกติ','ไม่ผุ','31','139','','2566-06-06 03:15:20','','','','','','','1342200089801'),(505,1710,'9','2566','1',9,0,1,'ไม่มี','ปกติ','ไม่ผุ','39','141','','2566-06-06 03:15:33','','','','','','','1342200089801'),(506,1711,'10','2566','1',9,0,1,'ไม่มี','ปกติ','ไม่ผุ','52','149','','2566-06-06 03:15:47','','','','','','','1342200089801'),(507,1747,'12','2566','1',9,0,1,'ไม่มี','ปกติ','ไม่ผุ','33','145','','2566-06-06 03:15:57','','','','','','','1342200089801'),(508,1702,'1','2566','1',9,0,2,'ไม่มี','ปกติ','ไม่ผุ','31','140','','2566-08-21 10:34:01','','','','','','','1342200089801'),(509,1703,'2','2566','1',9,0,2,'ไม่มี','ปกติ','ไม่ผุ','48','161','','2566-08-21 10:34:14','','','','','','','1342200089801'),(510,1704,'3','2566','1',9,0,2,'ไม่มี','ปกติ','ไม่ผุ','37','153','','2566-08-21 10:34:39','','','','','','','1342200089801'),(511,1705,'4','2566','1',9,0,2,'ไม่มี','ปกติ','ไม่ผุ','32','144','','2566-08-21 10:34:52','','','','','','','1342200089801'),(512,1706,'5','2566','1',9,0,2,'ไม่มี','ปกติ','ไม่ผุ','59','155','','2566-08-21 10:35:07','','','','','','','1342200089801'),(513,1707,'6','2566','1',9,0,2,'ไม่มี','ปกติ','ไม่ผุ','47','165','','2566-08-21 10:35:21','','','','','','','1342200089801'),(514,1708,'7','2566','1',9,0,2,'ไม่มี','ปกติ','ไม่ผุ','45','155','','2566-08-21 10:35:33','','','','','','','1342200089801'),(515,1709,'8','2566','1',9,0,2,'ไม่มี','ปกติ','ไม่ผุ','31','140','','2566-08-21 10:35:45','','','','','','','1342200089801'),(516,1710,'9','2566','1',9,0,2,'ไม่มี','ปกติ','ไม่ผุ','40','144','','2566-08-21 10:36:00','','','','','','','1342200089801'),(517,1711,'10','2566','1',9,0,2,'ไม่มี','ปกติ','ไม่ผุ','51','150','','2566-08-21 10:36:15','','','','','','','1342200089801'),(518,1747,'12','2566','1',9,0,2,'ไม่มี','ปกติ','ไม่ผุ','44','151','','2566-08-21 10:36:26','','','','','','','1342200089801'),(519,1702,'1','2566','2',9,0,1,'ไม่มี','ปกติ','ไม่ผุ','32','140','','2566-11-01 03:00:56','','','','','','','1342200089801'),(520,1703,'2','2566','2',9,0,1,'ไม่มี','ปกติ','ไม่ผุ','49','161','','2566-11-01 03:01:36','','','','','','','1342200089801'),(521,1822,'12','2566','1',9,0,1,'ไม่มี','ปกติ','ไม่ผุ','30','144','','2566-11-01 03:01:57','','','','','','','1342200089801'),(522,1704,'3','2566','2',9,0,1,'ไม่มี','ปกติ','ไม่ผุ','37','153','','2566-11-01 03:03:58','','','','','','','1342200089801'),(523,1705,'4','2566','2',9,0,1,'ไม่มี','ปกติ','ไม่ผุ','32','144','','2566-11-01 03:04:12','','','','','','','1342200089801'),(524,1706,'5','2566','2',9,0,1,'ไม่มี','ปกติ','ไม่ผุ','61','155','','2566-11-01 03:04:25','','','','','','','1342200089801'),(525,1707,'6','2566','2',9,0,1,'ไม่มี','ปกติ','ไม่ผุ','48','164','','2566-11-01 03:04:40','','','','','','','1342200089801'),(526,1708,'7','2566','2',9,0,1,'ไม่มี','ปกติ','ไม่ผุ','46','156','','2566-11-01 03:04:58','','','','','','','1342200089801'),(527,1709,'8','2566','2',9,0,1,'ไม่มี','ปกติ','ไม่ผุ','32','141','','2566-11-01 03:05:14','','','','','','','1342200089801'),(528,1710,'9','2566','2',9,0,1,'ไม่มี','ปกติ','ไม่ผุ','41','145','','2566-11-01 03:05:26','','','','','','','1342200089801'),(529,1711,'10','2566','2',9,0,1,'ไม่มี','ปกติ','ไม่ผุ','50','150','','2566-11-01 03:05:41','','','','','','','1342200089801'),(530,1822,'12','2566','2',9,0,1,'ไม่มี','ปกติ','ไม่ผุ','30','145','','2566-11-01 03:05:57','','','','','','','1342200089801'),(531,1747,'12','2566','2',9,0,1,'ไม่มี','ปกติ','ไม่ผุ','45','152','','2566-11-01 03:06:15','','','','','','','1342200089801'),(532,1785,'1','2566','2',4,0,2,'ไม่มี','ปกติ','ผุ','21','118','','2567-02-07 01:47:43','','','','','','','3800101570624'),(533,1786,'2','2566','2',4,0,2,'ไม่มี','ปกติ','ไม่ผุ','21.5','116','','2567-02-07 01:47:53','','','','','','','3800101570624'),(534,1788,'3','2566','2',4,0,2,'ไม่มี','ปกติ','ไม่ผุ','23','122','','2567-02-07 01:48:01','','','','','','','3800101570624'),(535,1789,'4','2566','2',4,0,2,'ไม่มี','ปกติ','ไม่ผุ','20','119','','2567-02-07 01:48:11','','','','','','','3800101570624'),(536,1774,'1','2566','2',5,0,2,'ไม่มี','ปกติ','ไม่ผุ','26','128','','2567-02-07 01:48:35','','','','','','','3800101570624'),(537,1776,'2','2566','2',5,0,2,'ไม่มี','ปกติ','ไม่ผุ','25','130','','2567-02-07 01:48:55','','','','','','','3800101570624'),(538,1777,'3','2566','2',5,0,2,'ไม่มี','ปกติ','ไม่ผุ','33.5','132','','2567-02-07 01:49:09','','','','','','','3800101570624'),(539,1778,'4','2566','2',5,0,2,'ไม่มี','ปกติ','ไม่ผุ','26.5','130','','2567-02-07 01:49:21','','','','','','','3800101570624'),(540,1779,'5','2566','2',5,0,2,'ไม่มี','ปกติ','ไม่ผุ','20','118','','2567-02-07 01:49:31','','','','','','','3800101570624'),(541,1780,'6','2566','2',5,0,2,'ไม่มี','ปกติ','ไม่ผุ','26','130','','2567-02-07 01:49:40','','','','','','','3800101570624'),(542,1781,'7','2566','2',5,0,2,'ไม่มี','ปกติ','ไม่ผุ','33','138','','2567-02-07 01:49:51','','','','','','','3800101570624'),(543,1782,'8','2566','2',5,0,2,'ไม่มี','ปกติ','ไม่ผุ','23','125','','2567-02-07 01:50:01','','','','','','','3800101570624'),(544,1783,'9','2566','2',5,0,2,'ไม่มี','ปกติ','ไม่ผุ','22','121','','2567-02-07 01:50:10','','','','','','','3800101570624'),(545,1748,'1','2566','2',6,0,2,'ไม่มี','ปกติ','ไม่ผุ','40.75','130','','2567-02-07 01:50:33','','','','','','','3800101570624'),(546,1749,'2','2566','2',6,0,2,'ไม่มี','ปกติ','ไม่ผุ','32.50','135','','2567-02-07 01:50:44','','','','','','','3800101570624'),(547,1750,'3','2566','2',6,0,2,'ไม่มี','ปกติ','ไม่ผุ','32.50','125','','2567-02-07 01:50:55','','','','','','','3800101570624'),(548,1751,'4','2566','2',6,0,2,'ไม่มี','ปกติ','ไม่ผุ','21.45','124','','2567-02-07 01:51:05','','','','','','','3800101570624'),(549,1752,'5','2566','2',6,0,2,'ไม่มี','ปกติ','ไม่ผุ','24.35','128','','2567-02-07 01:51:19','','','','','','','3800101570624'),(550,1753,'6','2566','2',6,0,2,'ไม่มี','ปกติ','ไม่ผุ','23.15','126','','2567-02-07 01:51:30','','','','','','','3800101570624'),(551,1754,'7','2566','2',6,0,2,'ไม่มี','ปกติ','ไม่ผุ','30.10','126','','2567-02-07 01:51:40','','','','','','','3800101570624'),(552,1761,'8','2566','2',6,0,2,'ไม่มี','ปกติ','ไม่ผุ','26.40','124','','2567-02-07 01:51:57','','','','','','','3800101570624'),(553,1762,'9','2566','2',6,0,2,'ไม่มี','ปกติ','ไม่ผุ','22.75','121','','2567-02-07 01:52:08','','','','','','','3800101570624'),(554,1764,'10','2566','2',6,0,2,'ไม่มี','ปกติ','ไม่ผุ','26.90','125','','2567-02-07 01:52:21','','','','','','','3800101570624'),(555,1791,'11','2566','2',6,0,2,'ไม่มี','ปกติ','ไม่ผุ','24.70','128','','2567-02-07 01:52:39','','','','','','','3800101570624'),(556,1756,'12','2566','2',6,0,2,'ไม่มี','ปกติ','ไม่ผุ','27.25','132','','2567-02-07 01:52:54','','','','','','','3800101570624'),(557,1757,'13','2566','2',6,0,2,'ไม่มี','ปกติ','ไม่ผุ','25.70','125','','2567-02-07 01:53:27','','','','','','','3800101570624'),(558,1758,'14','2566','2',6,0,2,'ไม่มี','ปกติ','ไม่ผุ','31.80','136','','2567-02-07 01:53:39','','','','','','','3800101570624'),(559,1759,'15','2566','2',6,0,2,'ไม่มี','ปกติ','ไม่ผุ','21.80','127','','2567-02-07 01:53:56','','','','','','','3800101570624'),(560,1760,'16','2566','2',6,0,2,'ไม่มี','ปกติ','ไม่ผุ','32','127','','2567-02-07 01:54:08','','','','','','','3800101570624'),(561,1765,'17','2566','2',6,0,2,'ไม่มี','ปกติ','ไม่ผุ','24.25','125','','2567-02-07 01:54:19','','','','','','','3800101570624'),(562,1766,'18','2566','2',6,0,2,'ไม่มี','ปกติ','ไม่ผุ','26','134','','2567-02-07 01:54:30','','','','','','','3800101570624'),(563,1728,'1','2566','2',7,0,2,'ไม่มี','ปกติ','ไม่ผุ','49','139','','2567-02-07 01:54:53','','','','','','','3800101570624'),(564,1730,'2','2566','2',7,0,2,'ไม่มี','ปกติ','ไม่ผุ','45','143','','2567-02-07 01:55:01','','','','','','','3800101570624'),(565,1731,'3','2566','2',7,0,2,'ไม่มี','ปกติ','ไม่ผุ','62','144','','2567-02-07 01:55:09','','','','','','','3800101570624'),(566,1732,'4','2566','2',7,0,2,'ไม่มี','ปกติ','ไม่ผุ','38','126','','2567-02-07 01:55:18','','','','','','','3800101570624'),(567,1733,'5','2566','2',7,0,2,'ไม่มี','ปกติ','ไม่ผุ','68','144','','2567-02-07 01:55:28','','','','','','','3800101570624'),(568,1734,'6','2566','2',7,0,2,'ไม่มี','ปกติ','ไม่ผุ','35','127','','2567-02-07 01:55:38','','','','','','','3800101570624'),(569,1735,'7','2566','2',7,0,2,'ไม่มี','ปกติ','ไม่ผุ','47','148','','2567-02-07 01:55:47','','','','','','','3800101570624'),(570,1739,'8','2566','2',7,0,2,'ไม่มี','ปกติ','ไม่ผุ','38','131','','2567-02-07 01:55:56','','','','','','','3800101570624'),(571,1740,'9','2566','2',7,0,2,'ไม่มี','ปกติ','ไม่ผุ','23','123','','2567-02-07 01:56:06','','','','','','','3800101570624'),(572,1741,'10','2566','2',7,0,2,'ไม่มี','ปกติ','ไม่ผุ','58','150','','2567-02-07 01:56:15','','','','','','','3800101570624'),(573,1790,'11','2566','2',7,0,2,'ไม่มี','ปกติ','ไม่ผุ','41','135','','2567-02-07 01:56:23','','','','','','','3800101570624'),(574,1808,'12','2566','2',7,0,2,'ไม่มี','ปกติ','ไม่ผุ','30','138','','2567-02-07 01:56:34','','','','','','','3800101570624'),(575,1713,'1','2566','2',8,0,2,'ไม่มี','ปกติ','ไม่ผุ','46','150','','2567-02-07 01:56:53','','','','','','','3800101570624'),(576,1714,'2','2566','2',8,0,2,'ไม่มี','ปกติ','ไม่ผุ','69','150','','2567-02-07 01:57:01','','','','','','','3800101570624'),(577,1715,'3','2566','2',8,0,2,'ไม่มี','ปกติ','ไม่ผุ','31','136','','2567-02-07 01:57:10','','','','','','','3800101570624'),(578,1725,'4','2566','2',8,0,2,'ไม่มี','ปกติ','ไม่ผุ','64','148','','2567-02-07 01:57:19','','','','','','','3800101570624'),(579,1717,'5','2566','2',8,0,2,'ไม่มี','ปกติ','ไม่ผุ','47','153','','2567-02-07 01:57:32','','','','','','','3800101570624'),(580,1718,'6','2566','2',8,0,2,'ไม่มี','ปกติ','ไม่ผุ','47','161','','2567-02-07 01:57:44','','','','','','','3800101570624'),(581,1719,'7','2566','2',8,0,2,'ไม่มี','ปกติ','ไม่ผุ','52','151','','2567-02-07 01:57:54','','','','','','','3800101570624'),(582,1720,'8','2566','2',8,0,2,'ไม่มี','ปกติ','ไม่ผุ','41','152','','2567-02-07 01:58:05','','','','','','','3800101570624'),(583,1721,'9','2566','2',8,0,2,'ไม่มี','ปกติ','ไม่ผุ','46','154','','2567-02-07 01:58:14','','','','','','','3800101570624'),(584,1722,'10','2566','2',8,0,2,'ไม่มี','ปกติ','ไม่ผุ','50','140','','2567-02-07 01:58:23','','','','','','','3800101570624'),(585,1723,'11','2566','2',8,0,2,'ไม่มี','ปกติ','ไม่ผุ','45','145','','2567-02-07 01:58:31','','','','','','','3800101570624'),(586,1724,'12','2566','2',8,0,2,'ไม่มี','ปกติ','ไม่ผุ','50','155','','2567-02-07 01:58:41','','','','','','','3800101570624'),(587,1702,'1','2566','2',9,0,2,'ไม่มี','ปกติ','ไม่ผุ','32','140','','2567-02-07 01:59:16','','','','','','','3800101570624'),(588,1703,'2','2566','2',9,0,2,'ไม่มี','ปกติ','ไม่ผุ','49','161','','2567-02-07 01:59:24','','','','','','','3800101570624'),(589,1704,'3','2566','2',9,0,2,'ไม่มี','ปกติ','ไม่ผุ','37','153','','2567-02-07 01:59:34','','','','','','','3800101570624'),(590,1705,'4','2566','2',9,0,2,'ไม่มี','ปกติ','ไม่ผุ','32','144','','2567-02-07 02:00:11','','','','','','','3800101570624'),(591,1706,'5','2566','2',9,0,2,'ไม่มี','ปกติ','ไม่ผุ','61','155','','2567-02-07 02:00:24','','','','','','','3800101570624'),(592,1707,'6','2566','2',9,0,2,'ไม่มี','ปกติ','ไม่ผุ','48','164','','2567-02-07 02:00:33','','','','','','','3800101570624'),(593,1708,'7','2566','2',9,0,2,'ไม่มี','ปกติ','ไม่ผุ','46','156','','2567-02-07 02:00:46','','','','','','','3800101570624'),(594,1709,'8','2566','2',9,0,2,'ไม่มี','ปกติ','ไม่ผุ','32','141','','2567-02-07 02:00:55','','','','','','','3800101570624'),(595,1710,'9','2566','2',9,0,2,'ไม่มี','ปกติ','ไม่ผุ','41','145','','2567-02-07 02:01:03','','','','','','','3800101570624'),(596,1711,'10','2566','2',9,0,2,'ไม่มี','ปกติ','ไม่ผุ','50','150','','2567-02-07 02:01:12','','','','','','','3800101570624'),(597,1822,'12','2566','2',9,0,2,'ไม่มี','ปกติ','ไม่ผุ','30','145','','2567-02-07 02:01:25','','','','','','','3800101570624'),(598,1747,'12','2566','2',9,0,2,'ไม่มี','ปกติ','ไม่ผุ','45','152','','2567-02-07 02:01:41','','','','','','','3800101570624'),(599,1809,'1','2566','2',2,0,2,'ไม่มี','ปกติ','ไม่ผุ','17','106','','2567-02-07 02:03:26','','','','','','','3800101570624'),(600,1810,'2','2566','2',2,0,2,'ไม่มี','ปกติ','ไม่ผุ','22','113','','2567-02-07 02:03:36','','','','','','','3800101570624'),(601,1811,'3','2566','2',2,0,2,'ไม่มี','ปกติ','ไม่ผุ','18','107','','2567-02-07 02:03:46','','','','','','','3800101570624'),(602,1812,'4','2566','2',2,0,2,'ไม่มี','ปกติ','ไม่ผุ','31','114','','2567-02-07 02:04:24','','','','','','','3800101570624'),(603,1813,'5','2566','2',2,0,2,'ไม่มี','ปกติ','ไม่ผุ','18','106','','2567-02-07 02:04:36','','','','','','','3800101570624'),(604,1814,'6','2566','2',2,0,2,'ไม่มี','ปกติ','ไม่ผุ','18','109','','2567-02-07 02:04:47','','','','','','','3800101570624'),(605,1815,'7','2566','2',2,0,2,'ไม่มี','ปกติ','ไม่ผุ','24','114','','2567-02-07 02:05:41','','','','','','','3800101570624'),(606,1816,'8','2566','2',2,0,2,'ไม่มี','ปกติ','ไม่ผุ','16','107','','2567-02-07 02:05:50','','','','','','','3800101570624'),(607,1817,'9','2566','2',2,0,2,'ไม่มี','ปกติ','ไม่ผุ','19','112','','2567-02-07 02:06:00','','','','','','','3800101570624'),(608,1818,'10','2566','2',2,0,2,'ไม่มี','ปกติ','ไม่ผุ','22','108','','2567-02-07 02:06:10','','','','','','','3800101570624'),(609,1819,'11','2566','2',2,0,2,'ไม่มี','ปกติ','ไม่ผุ','18','106','','2567-02-07 02:06:25','','','','','','','3800101570624'),(610,1820,'12','2566','2',2,0,2,'ไม่มี','ปกติ','ไม่ผุ','21','113','','2567-02-07 02:06:34','','','','','','','3800101570624'),(611,1793,'1','2566','2',3,0,2,'ไม่มี','ปกติ','ไม่ผุ','19','112','','2567-02-07 02:06:56','','','','','','','3800101570624'),(612,1794,'2','2566','2',3,0,2,'ไม่มี','ปกติ','ไม่ผุ','18','111','','2567-02-07 02:07:04','','','','','','','3800101570624'),(613,1795,'3','2566','2',3,0,2,'ไม่มี','ปกติ','ไม่ผุ','20','116','','2567-02-07 02:07:17','','','','','','','3800101570624'),(614,1796,'4','2566','2',3,0,2,'ไม่มี','ปกติ','ไม่ผุ','20','113','','2567-02-07 02:07:29','','','','','','','3800101570624'),(615,1797,'5','2566','2',3,0,2,'ไม่มี','ปกติ','ไม่ผุ','28','116','','2567-02-07 02:07:40','','','','','','','3800101570624'),(616,1798,'6','2566','2',3,0,2,'ไม่มี','ปกติ','ไม่ผุ','21','115','','2567-02-07 02:13:30','','','','','','','3800101570624'),(617,1800,'7','2566','2',3,0,2,'ไม่มี','ปกติ','ไม่ผุ','25','124','','2567-02-07 02:13:41','','','','','','','3800101570624'),(618,1801,'8','2566','2',3,0,2,'ไม่มี','ปกติ','ไม่ผุ','15','108','','2567-02-07 02:13:52','','','','','','','3800101570624'),(619,1802,'9','2566','2',3,0,2,'ไม่มี','ปกติ','ไม่ผุ','15','107','','2567-02-07 02:14:03','','','','','','','3800101570624'),(620,1803,'10','2566','2',3,0,2,'ไม่มี','ปกติ','ไม่ผุ','17','111','','2567-02-07 02:14:12','','','','','','','3800101570624'),(621,1804,'11','2566','2',3,0,2,'ไม่มี','ปกติ','ไม่ผุ','24','113','','2567-02-07 02:14:22','','','','','','','3800101570624'),(622,1805,'12','2566','2',3,0,2,'ไม่มี','ปกติ','ไม่ผุ','20','114','','2567-02-07 02:14:31','','','','','','','3800101570624'),(623,1806,'13','2566','2',3,0,2,'ไม่มี','ปกติ','ไม่ผุ','25','114','','2567-02-07 02:14:44','','','','','','','3800101570624'),(624,1807,'14','2566','2',3,0,2,'ไม่มี','ปกติ','ไม่ผุ','15','106','','2567-02-07 02:14:54','','','','','','','3800101570624'),(625,1821,'15','2566','2',3,0,2,'ไม่มี','ปกติ','ไม่ผุ','15','107','','2567-02-07 02:15:04','','','','','','','3800101570624'),(626,1799,'16','2566','2',3,0,2,'ไม่มี','ปกติ','ไม่ผุ','30','121','','2567-02-07 02:15:12','','','','','','','3800101570624'),(627,1713,'1','2567','1',9,0,1,'ไม่มี','ปกติ','ไม่ผุ','43','155','','2567-05-27 02:33:35','','','','','','','1342200089801'),(628,1714,'2','2567','1',9,0,1,'ไม่มี','ปกติ','ไม่ผุ','74','155','','2567-05-27 02:33:45','','','','','','','1342200089801'),(629,1715,'3','2567','1',9,0,1,'ไม่มี','ปกติ','ไม่ผุ','29','145','','2567-05-27 02:34:10','','','','','','','1342200089801'),(630,1725,'4','2567','1',9,0,1,'ไม่มี','ปกติ','ไม่ผุ','62','154','','2567-05-27 02:34:23','','','','','','','1342200089801'),(631,1718,'6','2567','1',9,0,1,'ไม่มี','ปกติ','ไม่ผุ','46','162','','2567-05-27 02:34:54','','','','','','','1342200089801'),(632,1719,'7','2567','1',9,0,1,'ไม่มี','ปกติ','ไม่ผุ','52','154','','2567-05-27 02:35:08','','','','','','','1342200089801'),(633,1720,'8','2567','1',9,0,1,'ไม่มี','ปกติ','ไม่ผุ','41','154','','2567-05-27 02:35:43','','','','','','','1342200089801'),(634,1721,'9','2567','1',9,0,1,'ไม่มี','ปกติ','ไม่ผุ','54','156','','2567-05-27 02:36:14','','','','','','','1342200089801'),(635,1722,'10','2567','1',9,0,1,'ไม่มี','ปกติ','ไม่ผุ','46','145','','2567-05-27 02:36:29','','','','','','','1342200089801'),(636,1723,'11','2567','1',9,0,1,'ไม่มี','ปกติ','ไม่ผุ','43','147','','2567-05-27 02:36:40','','','','','','','1342200089801'),(637,1724,'12','2567','1',9,0,1,'ไม่มี','ปกติ','ไม่ผุ','50','157','','2567-05-27 02:36:52','','','','','','','1342200089801'),(638,1713,'1','2567','1',9,0,2,'ไม่มี','ปกติ','ไม่ผุ','41','156','','2567-09-03 09:18:24','','','','','','','1342200089801'),(639,1714,'2','2567','1',9,0,2,'ไม่มี','ปกติ','ไม่ผุ','75','156','','2567-09-03 09:18:38','','','','','','','1342200089801'),(640,1715,'3','2567','1',9,0,2,'ไม่มี','ปกติ','ไม่ผุ','32','149','','2567-09-03 09:18:52','','','','','','','1342200089801'),(641,1725,'4','2567','1',9,0,2,'ไม่มี','ปกติ','ไม่ผุ','65','155','','2567-09-03 09:19:04','','','','','','','1342200089801'),(642,1718,'6','2567','1',9,0,2,'ไม่มี','ปกติ','ไม่ผุ','46','163','','2567-09-03 09:19:14','','','','','','','1342200089801'),(643,1719,'7','2567','1',9,0,2,'ไม่มี','ปกติ','ไม่ผุ','54','154','','2567-09-03 09:19:28','','','','','','','1342200089801'),(644,1720,'8','2567','1',9,0,2,'ไม่มี','ปกติ','ไม่ผุ','42','155','','2567-09-03 09:19:38','','','','','','','1342200089801'),(645,1721,'9','2567','1',9,0,2,'ไม่มี','ปกติ','ไม่ผุ','57','157','','2567-09-03 09:19:49','','','','','','','1342200089801'),(646,1722,'10','2567','1',9,0,2,'ไม่มี','ปกติ','ไม่ผุ','46','147','','2567-09-03 09:20:02','','','','','','','1342200089801'),(647,1723,'11','2567','1',9,0,2,'ไม่มี','ปกติ','ไม่ผุ','43','149','','2567-09-03 09:20:16','','','','','','','1342200089801'),(648,1724,'12','2567','1',9,0,2,'ไม่มี','ปกติ','ไม่ผุ','53','158','','2567-09-03 09:20:28','','','','','','','1342200089801'),(649,1713,'1','2567','2',9,0,1,'ไม่มี','ปกติ','ไม่ผุ','41','155','','2567-11-01 11:12:08','','','','','','','1342200089801'),(650,1714,'2','2567','2',9,0,1,'ไม่มี','ปกติ','ไม่ผุ','76','156','','2567-11-01 11:12:18','','','','','','','1342200089801'),(651,1715,'3','2567','2',9,0,1,'ไม่มี','ปกติ','ไม่ผุ','33','151','','2567-11-01 11:12:40','','','','','','','1342200089801'),(652,1725,'4','2567','2',9,0,1,'ไม่มี','ปกติ','ไม่ผุ','66','157','','2567-11-01 11:12:53','','','','','','','1342200089801'),(653,1718,'6','2567','2',9,0,1,'ไม่มี','ปกติ','ไม่ผุ','47','165','','2567-11-01 11:13:35','','','','','','','1342200089801'),(654,1719,'7','2567','2',9,0,1,'ไม่มี','ปกติ','ไม่ผุ','54','155','','2567-11-01 11:13:47','','','','','','','1342200089801'),(655,1720,'8','2567','2',9,0,1,'ไม่มี','ปกติ','ไม่ผุ','45','156','','2567-11-01 11:13:56','','','','','','','1342200089801'),(656,1721,'9','2567','2',9,0,1,'ไม่มี','ปกติ','ไม่ผุ','58','157','','2567-11-01 11:14:16','','','','','','','1342200089801'),(657,1722,'10','2567','2',9,0,1,'ไม่มี','ปกติ','ไม่ผุ','46','148','','2567-11-01 11:14:28','','','','','','','1342200089801'),(658,1723,'11','2567','2',9,0,1,'ไม่มี','ปกติ','ไม่ผุ','45','149','','2567-11-01 11:14:38','','','','','','','1342200089801'),(659,1724,'12','2567','2',9,0,1,'ไม่มี','ปกติ','ไม่ผุ','57','160','','2567-11-01 11:14:50','','','','','','','1342200089801'),(660,1728,'1','2568','1',9,0,1,'ไม่มี','ปกติ','ไม่ผุ','60','153','','2568-05-26 11:26:11','','','','','','','1342200089801'),(661,1730,'2','2568','1',9,0,1,'ไม่มี','ปกติ','ไม่ผุ','52','162','','2568-05-26 11:26:23','','','','','','','1342200089801'),(662,1731,'3','2568','1',9,0,1,'ไม่มี','ปกติ','ไม่ผุ','85','158','','2568-05-26 11:26:34','','','','','','','1342200089801'),(663,1732,'4','2568','1',9,0,1,'ไม่มี','ปกติ','ไม่ผุ','46','140','','2568-05-26 11:26:45','','','','','','','1342200089801'),(664,1733,'5','2568','1',9,0,1,'ไม่มี','ปกติ','ไม่ผุ','86','157','','2568-05-26 11:27:00','','','','','','','1342200089801'),(665,1734,'6','2568','1',9,0,1,'ไม่มี','ปกติ','ไม่ผุ','36','141','','2568-05-26 11:27:12','','','','','','','1342200089801'),(666,1735,'7','2568','1',9,0,1,'ไม่มี','ปกติ','ไม่ผุ','56','152','','2568-05-26 11:27:23','','','','','','','1342200089801'),(667,1739,'8','2568','1',9,0,1,'ไม่มี','ปกติ','ไม่ผุ','53','145','','2568-05-26 11:27:36','','','','','','','1342200089801'),(668,1740,'9','2568','1',9,0,1,'ไม่มี','ปกติ','ไม่ผุ','30','140','','2568-05-26 11:27:49','','','','','','','1342200089801'),(669,1741,'10','2568','1',9,0,1,'ไม่มี','ปกติ','ไม่ผุ','71','164','','2568-05-26 11:27:58','','','','','','','1342200089801'),(670,1790,'11','2568','1',9,0,1,'ไม่มี','ปกติ','ไม่ผุ','52','147','','2568-05-26 11:28:09','','','','','','','1342200089801'),(671,1808,'12','2568','1',9,0,1,'ไม่มี','ปกติ','ไม่ผุ','35','154','','2568-05-26 11:28:19','','','','','','','1342200089801');

--
-- Table structure for table `health_personal`
--

CREATE TABLE `health_personal` (
  `per_id` int(11) NOT NULL AUTO_INCREMENT,
  `personal_code` varchar(13) NOT NULL,
  `per_position` int(3) NOT NULL,
  `per_status` int(3) NOT NULL,
  `person_room` int(3) NOT NULL,
  PRIMARY KEY (`per_id`)
) ENGINE=MyISAM AUTO_INCREMENT=26 DEFAULT CHARSET=utf8 COLLATE=utf8_general_ci;

--
-- Dumping data for table `health_personal`
--

INSERT INTO `health_personal` VALUES (25,'1349900954993',4,1,0),(12,'1342100042861',3,1,0),(15,'3340700621697',8,1,0),(9,'1341500107251',2,1,0),(11,'1342200089801',9,1,0),(16,'3340700621697',7,1,0),(19,'3341500151205',5,1,0),(20,'3340700621697',6,1,0),(24,'1341500223587',8,1,0);

--
-- Table structure for table `health_weight_height`
--

CREATE TABLE `health_weight_height` (
  `id` int(11) NOT NULL AUTO_INCREMENT,
  `type` tinyint(4) NOT NULL DEFAULT 0,
  `sex` tinyint(4) NOT NULL DEFAULT 1,
  `height` int(11) NOT NULL,
  `weight_1` double NOT NULL,
  `weight_2` double NOT NULL,
  `weight_3` double NOT NULL,
  `weight_4` double NOT NULL,
  `weight_5` double NOT NULL,
  PRIMARY KEY (`id`)
) ENGINE=MyISAM AUTO_INCREMENT=75 DEFAULT CHARSET=utf8 COLLATE=utf8_general_ci;

--
-- Dumping data for table `health_weight_height`
--

INSERT INTO `health_weight_height` VALUES (1,0,1,50,2.5,3,3.8,4,4.5),(2,0,1,55,3.5,4,4.8,5,6),(3,0,1,60,4.5,5,6.3,6.5,7.5),(4,0,1,65,5.5,6,7.8,8,9),(5,0,1,70,7,7.5,9.3,9.5,10.5),(6,0,1,75,8,8.5,10.8,11,12),(7,0,1,80,9,9.5,12,12.5,13.5),(8,0,1,85,10,10.5,13.5,14,15.5),(9,0,1,90,11,11.5,15,15.5,17),(10,0,1,95,12,12.5,16.5,17,19),(11,0,1,100,13,14,18.5,19,21),(12,0,1,105,14,15,20,21,22.5),(13,0,1,110,15.5,16.5,22,23,25),(14,0,1,115,17,18,24,25,28),(15,0,1,120,18.5,19.5,26.5,28,31),(16,0,1,125,20.5,21.5,29.5,31,35),(17,0,1,130,22,23.5,33,35,39.5),(18,0,1,135,24,25.5,37,39,45),(19,0,1,140,26.5,28,41,44,50),(20,0,2,50,3,3.1,3.8,4,4.5),(21,0,2,55,3.5,4,4.8,5,6),(22,0,2,60,4.5,5,6.3,6.5,7),(23,0,2,65,5.5,6,7.8,8,8.5),(24,0,2,70,6.5,7.5,8.8,9,10),(25,0,2,75,7.5,8.5,10.8,10.5,11.5),(26,0,2,80,8.5,9,11.5,12.5,13),(27,0,2,85,9.5,10,13,13.5,14.5),(28,0,2,90,10.5,11.5,14.5,15.5,16.5),(29,0,2,95,11.5,13,16.5,17,18.5),(30,0,2,100,13,13.5,18,18.5,20.5),(31,0,2,110,15.5,16,22,23,25),(32,0,2,115,16.5,17.5,24,25,28),(33,0,2,120,18,19,27,28.5,31.5),(34,0,2,125,19.5,21.5,30,31.5,35.5),(35,0,2,130,21.5,23,34,36,41),(36,0,2,135,23.5,25,38,40.5,46),(37,0,2,140,25.5,27.5,42.5,45.5,55.5),(38,0,2,105,14,15,19.5,20.5,22.5),(39,1,1,90,11,11.5,15,16,17),(40,1,1,95,12,12.5,17,17.5,19),(41,1,1,100,13,14,18,19,21),(42,1,1,105,14.5,15,19.5,20.5,22.5),(43,1,1,110,16,16.6,21.5,22.5,24.5),(44,1,1,115,17,18,24,25,27.5),(45,1,1,120,19,19.5,26.5,28,30.5),(46,1,1,125,20,21,29,31,34),(47,1,1,130,22,23,33,35,39),(48,1,1,135,24.5,25.5,37,39.5,45),(49,1,1,140,26.5,28.5,41,44,50),(50,1,1,145,29,31,45,48,54.5),(51,1,1,150,32,34,49,52.5,58.5),(52,1,1,155,35,37,53,56.5,62.5),(53,1,1,160,38.5,41,57,60.5,66.5),(54,1,1,165,42.5,45,61.5,64.5,70),(55,1,1,170,46,48.5,65,68,74.5),(56,1,1,175,49.5,52.5,69,72,77),(57,1,1,180,53,56,72,75,80),(58,1,2,90,11,11.5,15,16,17),(59,1,2,95,12,12.5,16,17,18.5),(60,1,2,100,13,13.5,18,19,20.5),(61,1,2,105,14,15,19.5,20.5,22.5),(62,1,2,110,15.5,16,21.5,22.5,25),(63,1,2,115,17,17.5,24,25,27.5),(64,1,2,120,18.5,19,26.5,28,31),(65,1,2,125,20,21,30,32,36),(66,1,2,130,21.5,22.5,33.5,36,41),(67,1,2,135,23.5,25,38,41,46),(68,1,2,140,26,27.5,42.5,45.5,51.5),(69,1,2,145,29,31,47,50,56.5),(70,1,2,150,32.5,34.5,51.5,54.5,61),(71,1,2,155,36,38.5,55.5,58.5,65),(72,1,2,160,39.5,42,59,62,68),(73,1,2,165,43,45.5,62,65,70.5),(74,1,2,170,47,48.5,65.5,67.5,72.5);

--
-- Table structure for table `idplan_education`
--

CREATE TABLE `idplan_education` (
  `id` int(11) NOT NULL AUTO_INCREMENT,
  `person_id` varchar(15) DEFAULT NULL,
  `class` varchar(30) DEFAULT NULL,
  `initials` varchar(30) DEFAULT NULL,
  `subject_1` varchar(150) DEFAULT NULL,
  `subject` varchar(150) DEFAULT NULL,
  `institute` varchar(200) DEFAULT NULL,
  `province` varchar(50) DEFAULT NULL,
  `finish_year` varchar(10) DEFAULT NULL,
  PRIMARY KEY (`id`)
) ENGINE=MyISAM AUTO_INCREMENT=16 DEFAULT CHARSET=utf8 COLLATE=utf8_general_ci;

--
-- Dumping data for table `idplan_education`
--

INSERT INTO `idplan_education` VALUES (9,'3800101570624','ปริญญาตรี','ค.บ.','ประวัติศาสตร์','ภาษาไทย','วิทยาลัยครูนครศรีธรรมราช','นครศรีธรรมราช','2529'),(12,'3349800171543','อนุปริญญา','อ.ศศ','','นาฎศิลป์การละคร','วิทยาลัยครูอุบลราชธานี','อุบลราชธานี','2535'),(11,'3349800171543','ปริญญาตรี','คบ.','','การศึกษาปฐมวัย','มหาวิทยาลัยราชภัฎสุรินทร์','สุรินทร์','2540'),(14,'1342200089801','ปริญญาตรี','คบ.','-','วิทยาศาสตร์','มหาวิทยาลัยราชภัฏศรีสะเกษ','ศรีสะเกษ','2651'),(15,'3341500151205','ปริญญาโท','ศษ.ม.','','บริหารการศึกษา','มหาวิทยาลัยราชธานี','อุบลราชธานี','2557');

--
-- Table structure for table `idplan_list_setting`
--

CREATE TABLE `idplan_list_setting` (
  `id` int(11) NOT NULL AUTO_INCREMENT,
  `rating` int(5) DEFAULT NULL,
  `item_list` char(50) DEFAULT NULL,
  `permission` int(2) DEFAULT NULL,
  PRIMARY KEY (`id`)
) ENGINE=MyISAM AUTO_INCREMENT=12 DEFAULT CHARSET=utf8 COLLATE=utf8_general_ci;

--
-- Dumping data for table `idplan_list_setting`
--


--
-- Table structure for table `idplan_lookbook_1`
--

CREATE TABLE `idplan_lookbook_1` (
  `id` int(11) NOT NULL AUTO_INCREMENT,
  `person_id` varchar(15) DEFAULT NULL,
  `study_year` varchar(5) DEFAULT NULL,
  `term` varchar(2) DEFAULT NULL,
  `office` varchar(200) DEFAULT NULL,
  `school_name` varchar(250) DEFAULT NULL,
  `class` varchar(5) DEFAULT NULL,
  `subject_1` varchar(3) DEFAULT NULL,
  `subject_2` varchar(150) DEFAULT NULL,
  `house` int(3) DEFAULT NULL,
  PRIMARY KEY (`id`)
) ENGINE=MyISAM AUTO_INCREMENT=34 DEFAULT CHARSET=utf8 COLLATE=utf8_general_ci;

--
-- Dumping data for table `idplan_lookbook_1`
--

INSERT INTO `idplan_lookbook_1` VALUES (19,'3800101570624','2563','1','','โรงเรียนบ้านบาก','4','1','ทุกกลุ่มสาระการเรียนรู้',25),(23,'1342200089801','2563','2','','โรงเรียนบ้านบาก','9','3','',3),(21,'3349800171543','2563','1','บ้านบาก','โรงเรียนบ้านบาก','2','3','38 หน่วยการเรียน',0),(25,'1342200089801','2563','2','','โรงเรียนบ้านบาก','7','3','',3),(27,'1342200089801','2563','2','','โรงเรียนบ้านบาก','8','3','',3),(28,'1342200089801','2563','2','','โรงเรียนบ้านบาก','7','5','',1),(29,'1342200089801','2563','2','','โรงเรียนบ้านบาก','8','5','',1),(30,'1342200089801','2563','2','','โรงเรียนบ้านบาก','9','5','',1),(31,'1342200089801','2563','2','','โรงเรียนบ้านบาก','9','4','',3),(32,'1342200089801','2563','2','','โรงเรียนบ้านบาก','9','1','',4),(33,'1342200089801','2563','2','','โรงเรียนบ้านบาก','9','2','',4);

--
-- Table structure for table `idplan_lookbook_2`
--

CREATE TABLE `idplan_lookbook_2` (
  `id` int(11) NOT NULL AUTO_INCREMENT,
  `person_id` varchar(15) DEFAULT NULL,
  `year` varchar(5) DEFAULT NULL,
  `term` varchar(1) DEFAULT NULL,
  `week` varchar(3) DEFAULT NULL,
  `start_date` date DEFAULT NULL,
  `end_date` date DEFAULT NULL,
  `group_vicha_id` varchar(2) DEFAULT NULL,
  `vicha_name` varchar(200) DEFAULT NULL,
  `vicha_code` varchar(10) DEFAULT NULL,
  `vitaya` varchar(2) DEFAULT NULL,
  `hour_term` varchar(5) DEFAULT NULL,
  `time` varchar(5) DEFAULT NULL,
  `time_unit` varchar(25) DEFAULT NULL,
  `learn_type` varchar(2) DEFAULT NULL,
  `garantee` varchar(2) DEFAULT NULL,
  PRIMARY KEY (`id`)
) ENGINE=MyISAM AUTO_INCREMENT=20 DEFAULT CHARSET=utf8 COLLATE=utf8_general_ci;

--
-- Dumping data for table `idplan_lookbook_2`
--


--
-- Table structure for table `idplan_lookbook_3`
--

CREATE TABLE `idplan_lookbook_3` (
  `id` int(11) NOT NULL AUTO_INCREMENT,
  `person_id` varchar(15) DEFAULT NULL,
  `year` varchar(5) DEFAULT NULL,
  `term` varchar(1) DEFAULT NULL,
  `week` varchar(3) DEFAULT NULL,
  `start_date` date DEFAULT NULL,
  `end_date` date DEFAULT NULL,
  `vicha_support` varchar(200) DEFAULT NULL,
  `hour_week` varchar(5) DEFAULT NULL,
  `garantee` varchar(2) DEFAULT NULL,
  PRIMARY KEY (`id`)
) ENGINE=MyISAM AUTO_INCREMENT=22 DEFAULT CHARSET=utf8 COLLATE=utf8_general_ci;

--
-- Dumping data for table `idplan_lookbook_3`
--


--
-- Table structure for table `idplan_lookbook_4`
--

CREATE TABLE `idplan_lookbook_4` (
  `id` int(11) NOT NULL AUTO_INCREMENT,
  `person_id` varchar(15) DEFAULT NULL,
  `year` varchar(5) DEFAULT NULL,
  `term` varchar(1) DEFAULT NULL,
  `week` varchar(3) DEFAULT NULL,
  `start_date` date DEFAULT NULL,
  `end_date` date DEFAULT NULL,
  `policy` varchar(255) DEFAULT NULL,
  `hour_week` varchar(5) DEFAULT NULL,
  `garantee` varchar(2) DEFAULT NULL,
  PRIMARY KEY (`id`)
) ENGINE=MyISAM AUTO_INCREMENT=24 DEFAULT CHARSET=utf8 COLLATE=utf8_general_ci;

--
-- Dumping data for table `idplan_lookbook_4`
--


--
-- Table structure for table `idplan_lookbook_5`
--

CREATE TABLE `idplan_lookbook_5` (
  `id` int(11) NOT NULL AUTO_INCREMENT,
  `person_id` varchar(15) DEFAULT NULL,
  `rec_date` date DEFAULT NULL,
  `develop_name` varchar(255) DEFAULT NULL,
  `develop_code` varchar(15) DEFAULT NULL,
  `knowledge` varchar(10) DEFAULT NULL,
  `skill` varchar(10) DEFAULT NULL,
  `teacher` varchar(10) DEFAULT NULL,
  `develop_hour` varchar(5) DEFAULT NULL,
  `develop_start_date` date DEFAULT NULL,
  `num_date` int(5) DEFAULT NULL,
  `development` varchar(10) DEFAULT NULL,
  `garantee` varchar(2) DEFAULT NULL,
  PRIMARY KEY (`id`)
) ENGINE=MyISAM AUTO_INCREMENT=4 DEFAULT CHARSET=utf8 COLLATE=utf8_general_ci;

--
-- Dumping data for table `idplan_lookbook_5`
--


--
-- Table structure for table `idplan_lookbook_6`
--

CREATE TABLE `idplan_lookbook_6` (
  `id` int(11) NOT NULL AUTO_INCREMENT,
  `person_id` varchar(15) DEFAULT NULL,
  `group_activities` varchar(255) DEFAULT NULL,
  `num_member` int(5) DEFAULT NULL,
  `activities_name` varchar(255) DEFAULT NULL,
  `round` varchar(3) DEFAULT NULL,
  `date_activities` date DEFAULT NULL,
  `term` varchar(2) DEFAULT NULL,
  `year` varchar(5) DEFAULT NULL,
  `num_hour` varchar(5) DEFAULT NULL,
  `r_character` varchar(3) DEFAULT NULL,
  `income_activities` varchar(5) DEFAULT NULL,
  `issues` varchar(255) DEFAULT NULL,
  `cause` varchar(255) DEFAULT NULL,
  `knowledge` varchar(255) DEFAULT NULL,
  `activities` varchar(255) DEFAULT NULL,
  `r_activities` varchar(255) DEFAULT NULL,
  `reapply` varchar(255) DEFAULT NULL,
  `other` varchar(255) DEFAULT NULL,
  `garantee` varchar(2) DEFAULT NULL,
  PRIMARY KEY (`id`)
) ENGINE=MyISAM AUTO_INCREMENT=8 DEFAULT CHARSET=utf8 COLLATE=utf8_general_ci;

--
-- Dumping data for table `idplan_lookbook_6`
--

INSERT INTO `idplan_lookbook_6` VALUES (6,'3800101570624','โรงเรียนบ้านบาก',10,'การแก้ปัญหาด้านวินัยการเข้าแถวของนักเรียน','1','2020-06-17','1','2563','2','4','9','การแก้ปัญหาด้านวินัยเรื่องการเข้าแถวของนักเรียน','นักเรียนเข้าแถวไม่เป็นระเบียบ','','ทำเครื่องหมายเป็นจุดให้นักเรียนยืนเข้าแถวทำกิจกรรมหน้าเสาธง','','','','1'),(7,'1342200089801','ระเบียบวินัย ',9,'การเข้าแถว','1','2020-07-08','1','2563','1','2','9คน','ระเบียบวินัย การเข้าแถว','การเข้าแถวนักเรียนยังขาดระเบียบวินัย หยอกล้อกันในแถว','ระเบียบวินัย','แต่งตั้งคณะกรรมการนักเรียนให้ควบคุมการเข้าแถวและทำเครื่องหมายจุดยืนเข้าแถว','นักเรียนเริ่มมีระเบียบวินัยมากขึ้น','ระเบียบวินัยติดตัวนักเรียนและสามารถนำไปใช้ในการดำรงชีวิตประจำวันได้','','1');

--
-- Table structure for table `idplan_lookbook_group_subject`
--

CREATE TABLE `idplan_lookbook_group_subject` (
  `id` int(11) NOT NULL AUTO_INCREMENT,
  `g_subject` varchar(255) DEFAULT NULL,
  PRIMARY KEY (`id`)
) ENGINE=MyISAM AUTO_INCREMENT=21 DEFAULT CHARSET=utf8 COLLATE=utf8_general_ci;

--
-- Dumping data for table `idplan_lookbook_group_subject`
--


--
-- Table structure for table `idplan_management_crown`
--

CREATE TABLE `idplan_management_crown` (
  `id` int(11) NOT NULL AUTO_INCREMENT,
  `crown_name_th` char(100) DEFAULT NULL,
  `crown_shot_name` char(10) DEFAULT NULL,
  `crown_name_en` char(150) DEFAULT NULL,
  PRIMARY KEY (`id`)
) ENGINE=MyISAM AUTO_INCREMENT=37 DEFAULT CHARSET=utf8 COLLATE=utf8_general_ci;

--
-- Dumping data for table `idplan_management_crown`
--


--
-- Table structure for table `idplan_management_crown_year`
--

CREATE TABLE `idplan_management_crown_year` (
  `id` int(11) NOT NULL AUTO_INCREMENT,
  `person_id` varchar(15) DEFAULT NULL,
  `crown_id` varchar(3) DEFAULT NULL,
  `crown_year` varchar(7) DEFAULT NULL,
  PRIMARY KEY (`id`)
) ENGINE=MyISAM AUTO_INCREMENT=5 DEFAULT CHARSET=utf8 COLLATE=utf8_general_ci;

--
-- Dumping data for table `idplan_management_crown_year`
--

INSERT INTO `idplan_management_crown_year` VALUES (4,'3341500151205','','');

--
-- Table structure for table `idplan_management_family`
--

CREATE TABLE `idplan_management_family` (
  `id` int(11) NOT NULL AUTO_INCREMENT,
  `person_id` varchar(15) DEFAULT NULL,
  `family_prename` varchar(20) DEFAULT NULL,
  `family_name` varchar(100) DEFAULT NULL,
  `family_surname` varchar(150) DEFAULT NULL,
  `birth_date` date DEFAULT NULL,
  `family_type` varchar(5) DEFAULT NULL,
  PRIMARY KEY (`id`)
) ENGINE=MyISAM AUTO_INCREMENT=17 DEFAULT CHARSET=utf8 COLLATE=utf8_general_ci;

--
-- Dumping data for table `idplan_management_family`
--

INSERT INTO `idplan_management_family` VALUES (9,'3349800171543','นาย','พงศธร','รัตนภักดี','1994-08-01','3'),(10,'3349800171543','นางสาว','อรพิมล','ภักดี','2000-03-09','4'),(11,'3349800171543','นางสาว','กมลชนก','ภักดี','2002-12-02','4'),(12,'3349800171543','นาย','หงษ์','สาวันดี','1948-05-31','1'),(13,'3349800171543','นาง','อรุณี','สาวันดี','1948-10-30','2'),(14,'1342200089801','นาย','เพิ่มพงษ์','ผาลา','0000-00-00','1'),(15,'1342200089801','นาง','อ้อย','ผาลา','0000-00-00','2'),(16,'3341500151205','นางสาว','พิมพ์พิศา','พงษ์อนันต์','2007-03-10','4');

--
-- Table structure for table `idplan_management_marry`
--

CREATE TABLE `idplan_management_marry` (
  `person_id` varchar(15) NOT NULL,
  `m_type` varchar(5) DEFAULT NULL,
  `m_prename` varchar(10) DEFAULT NULL,
  `m_name` varchar(50) DEFAULT NULL,
  `m_surname` varchar(150) DEFAULT NULL,
  PRIMARY KEY (`person_id`)
) ENGINE=MyISAM DEFAULT CHARSET=utf8 COLLATE=utf8_general_ci;

--
-- Dumping data for table `idplan_management_marry`
--

INSERT INTO `idplan_management_marry` VALUES ('3800101570624','2','นาย','อนุศักดิ์','บุญปรุง'),('3349800171543','2','นาย','เอกอรรคพล','ภักดี'),('3341500151205','2','นาง','สุทธวดี','พงษ์อนันต์');

--
-- Table structure for table `idplan_management_member`
--

CREATE TABLE `idplan_management_member` (
  `id` int(11) NOT NULL AUTO_INCREMENT,
  `person_id` varchar(15) DEFAULT NULL,
  `member_name` varchar(255) DEFAULT NULL,
  `member_number` varchar(30) DEFAULT NULL,
  PRIMARY KEY (`id`)
) ENGINE=MyISAM AUTO_INCREMENT=5 DEFAULT CHARSET=utf8 COLLATE=utf8_general_ci;

--
-- Dumping data for table `idplan_management_member`
--

INSERT INTO `idplan_management_member` VALUES (4,'3341500151205','','');

--
-- Table structure for table `idplan_management_portfolio`
--

CREATE TABLE `idplan_management_portfolio` (
  `id` int(11) NOT NULL AUTO_INCREMENT,
  `person_id` varchar(15) DEFAULT NULL,
  `topic` varchar(200) DEFAULT NULL,
  `date` date DEFAULT NULL,
  `address` varchar(255) DEFAULT NULL,
  `pic_upload` varchar(50) DEFAULT NULL,
  PRIMARY KEY (`id`)
) ENGINE=MyISAM AUTO_INCREMENT=17 DEFAULT CHARSET=utf8 COLLATE=utf8_general_ci;

--
-- Dumping data for table `idplan_management_portfolio`
--

INSERT INTO `idplan_management_portfolio` VALUES (16,'3341500151205','','0000-00-00','','');

--
-- Table structure for table `idplan_management_vitaya`
--

CREATE TABLE `idplan_management_vitaya` (
  `id` int(11) NOT NULL AUTO_INCREMENT,
  `person_id` varchar(15) DEFAULT NULL,
  `vitaya_name` varchar(250) DEFAULT NULL,
  `vitaya_shot` varchar(50) DEFAULT NULL,
  `vitaya_date` date DEFAULT NULL,
  PRIMARY KEY (`id`)
) ENGINE=MyISAM AUTO_INCREMENT=10 DEFAULT CHARSET=utf8 COLLATE=utf8_general_ci;

--
-- Dumping data for table `idplan_management_vitaya`
--

INSERT INTO `idplan_management_vitaya` VALUES (8,'3349800171543','ชำนาญการพิเศษ','คศ.3','2010-11-04'),(9,'3341500151205','ครูชำนาญการ','คศ.2','2019-02-02');

--
-- Table structure for table `idplan_permission`
--

CREATE TABLE `idplan_permission` (
  `per_id` int(5) NOT NULL AUTO_INCREMENT,
  `person_id` char(15) DEFAULT NULL,
  `p1` int(2) DEFAULT NULL,
  `office` char(15) DEFAULT NULL,
  `rec_dat` date DEFAULT NULL,
  PRIMARY KEY (`per_id`)
) ENGINE=MyISAM AUTO_INCREMENT=38 DEFAULT CHARSET=utf8 COLLATE=utf8_general_ci;

--
-- Dumping data for table `idplan_permission`
--

INSERT INTO `idplan_permission` VALUES (36,'1330400287850',1,'3349900542748','2020-07-30'),(37,'1342200089801',1,'3349900542748','2020-07-30');

--
-- Table structure for table `idplan_person_sch_profile`
--

CREATE TABLE `idplan_person_sch_profile` (
  `person_id` varchar(15) NOT NULL,
  `birth_date` date DEFAULT NULL,
  `f_date` date DEFAULT NULL,
  `vittaya` varchar(50) DEFAULT NULL,
  `work_old` int(3) DEFAULT NULL,
  `at_home` varchar(10) DEFAULT NULL,
  `moo` varchar(3) DEFAULT NULL,
  `tambun` varchar(50) DEFAULT NULL,
  `ampher` varchar(50) DEFAULT NULL,
  `province` varchar(70) DEFAULT NULL,
  `postcode` varchar(10) DEFAULT NULL,
  `home_phone` varchar(15) DEFAULT NULL,
  `mobile` varchar(15) DEFAULT NULL,
  `salary` int(10) DEFAULT NULL,
  `emoluments` int(10) DEFAULT NULL,
  `money_of_position` int(10) DEFAULT NULL,
  `m_type` varchar(5) DEFAULT NULL,
  `update_date` date DEFAULT NULL,
  PRIMARY KEY (`person_id`)
) ENGINE=MyISAM DEFAULT CHARSET=utf8 COLLATE=utf8_general_ci;

--
-- Dumping data for table `idplan_person_sch_profile`
--

INSERT INTO `idplan_person_sch_profile` VALUES ('3800101570624','0000-00-00','2531-09-01','ชำนาญการพิเศษ',31,'195/3','4','ขามใหญ่','เมือง','อุบลราชธานี','','','0895830404',0,0,0,'2','2019-07-09'),('3341501426925',NULL,NULL,NULL,NULL,NULL,NULL,NULL,NULL,NULL,NULL,NULL,NULL,NULL,NULL,NULL,NULL,NULL),('1349900267554',NULL,NULL,NULL,NULL,NULL,NULL,NULL,NULL,NULL,NULL,NULL,NULL,NULL,NULL,NULL,NULL,NULL),('3349900542748',NULL,NULL,NULL,NULL,NULL,NULL,NULL,NULL,NULL,NULL,NULL,NULL,NULL,NULL,NULL,NULL,NULL),('1342200089801','1996-04-10','2019-10-04','',0,'55','6','บอน','สำโรง','อุบลราชธานี','','','0930530586',15800,0,0,'1','2020-07-15'),('3349800171543','1973-05-06','1998-11-02','ชำนาญการพิเศษ',22,'173','4','คำน้ำแซบ','วารินชำราบ','อุบลราชธานี','','','0804831917',39880,5600,5600,'2','2020-07-30'),('3341500151205','1982-07-10','2012-10-24','ครูชำนาญการ',10,'340','12','บุ่งไหม','วารินชำราย','อุบลราชธานี','','','0831013939',8340,31470,3500,'2','2022-11-10'),('1349900954993',NULL,NULL,NULL,NULL,NULL,NULL,NULL,NULL,NULL,NULL,NULL,NULL,NULL,NULL,NULL,NULL,NULL),('1342100042861',NULL,NULL,NULL,NULL,NULL,NULL,NULL,NULL,NULL,NULL,NULL,NULL,NULL,NULL,NULL,NULL,NULL),('1340300001181',NULL,NULL,NULL,NULL,NULL,NULL,NULL,NULL,NULL,NULL,NULL,NULL,NULL,NULL,NULL,NULL,NULL);

--
-- Table structure for table `la_cancel`
--

CREATE TABLE `la_cancel` (
  `id` int(11) NOT NULL AUTO_INCREMENT,
  `person_id` varchar(13) NOT NULL,
  `la_type` tinyint(4) NOT NULL,
  `write_at` varchar(100) DEFAULT NULL,
  `permission_start` date NOT NULL,
  `permission_finish` date NOT NULL,
  `permission_total` int(11) NOT NULL,
  `because` varchar(200) NOT NULL,
  `cancel_la_start` date NOT NULL,
  `cancel_la_finish` date NOT NULL,
  `cancel_la_total` int(11) NOT NULL,
  `no_comment` int(11) NOT NULL DEFAULT 0,
  `grant_p_selected` varchar(13) DEFAULT NULL,
  `rec_date` datetime NOT NULL,
  `officer_comment` varchar(200) DEFAULT NULL,
  `officer_sign` varchar(13) DEFAULT NULL,
  `officer_date` datetime DEFAULT NULL,
  `group_comment` varchar(100) DEFAULT NULL,
  `group_sign` varchar(13) DEFAULT NULL,
  `group_date` datetime DEFAULT NULL,
  `comment_date` datetime DEFAULT NULL,
  `commander_grant` tinyint(4) DEFAULT NULL,
  `commander_comment` varchar(100) DEFAULT NULL,
  `commander_sign` varchar(13) DEFAULT NULL,
  `grant_date` datetime DEFAULT NULL,
  PRIMARY KEY (`id`)
) ENGINE=MyISAM DEFAULT CHARSET=utf8 COLLATE=utf8_general_ci;

--
-- Dumping data for table `la_cancel`
--


--
-- Table structure for table `la_collect`
--

CREATE TABLE `la_collect` (
  `id` int(11) NOT NULL AUTO_INCREMENT,
  `year` int(11) NOT NULL,
  `person_id` varchar(13) NOT NULL,
  `collect_day` tinyint(4) NOT NULL DEFAULT 0,
  `this_year_day` tinyint(4) NOT NULL DEFAULT 0,
  `officer` varchar(13) DEFAULT NULL,
  `rec_date` date DEFAULT NULL,
  PRIMARY KEY (`id`)
) ENGINE=MyISAM DEFAULT CHARSET=utf8 COLLATE=utf8_general_ci;

--
-- Dumping data for table `la_collect`
--


--
-- Table structure for table `la_main`
--

CREATE TABLE `la_main` (
  `id` int(11) NOT NULL AUTO_INCREMENT,
  `person_id` varchar(13) NOT NULL,
  `la_type` tinyint(4) NOT NULL,
  `write_at` varchar(100) DEFAULT NULL,
  `because` varchar(250) DEFAULT NULL,
  `la_start` date NOT NULL,
  `la_finish` date NOT NULL,
  `la_total` int(11) NOT NULL,
  `last_la_start` date DEFAULT NULL,
  `last_la_finish` date DEFAULT NULL,
  `last_la_total` int(11) DEFAULT NULL,
  `contact` varchar(150) DEFAULT NULL,
  `contact_tel` varchar(20) DEFAULT NULL,
  `document` varchar(100) DEFAULT NULL,
  `no_comment` tinyint(4) NOT NULL DEFAULT 0,
  `grant_p_selected` varchar(13) DEFAULT NULL,
  `sick_ago` int(11) DEFAULT NULL,
  `sick_this` int(11) DEFAULT NULL,
  `sick_total` int(11) DEFAULT NULL,
  `privacy_ago` int(11) DEFAULT NULL,
  `privacy_this` int(11) DEFAULT NULL,
  `privacy_total` int(11) DEFAULT NULL,
  `birth_ago` int(11) DEFAULT NULL,
  `birth_this` int(11) DEFAULT NULL,
  `birth_total` int(11) DEFAULT NULL,
  `relax_ago` int(11) DEFAULT NULL,
  `relax_this` int(11) DEFAULT NULL,
  `relax_total` int(11) DEFAULT NULL,
  `relax_collect` tinyint(4) DEFAULT NULL,
  `relax_this_year` tinyint(4) DEFAULT NULL,
  `job_person` varchar(13) DEFAULT NULL,
  `job_person_sign` tinyint(4) NOT NULL DEFAULT 0,
  `rec_date` datetime NOT NULL,
  `officer_comment` varchar(200) DEFAULT NULL,
  `officer_sign` varchar(13) DEFAULT NULL,
  `officer_date` datetime DEFAULT NULL,
  `group_comment` varchar(100) DEFAULT NULL,
  `group_sign` varchar(13) DEFAULT NULL,
  `group_date` datetime DEFAULT NULL,
  `comment_date` datetime DEFAULT NULL,
  `commander_grant` tinyint(4) DEFAULT NULL,
  `commander_comment` varchar(100) DEFAULT NULL,
  `commander_sign` varchar(13) DEFAULT NULL,
  `grant_date` datetime DEFAULT NULL,
  PRIMARY KEY (`id`)
) ENGINE=MyISAM AUTO_INCREMENT=15 DEFAULT CHARSET=utf8 COLLATE=utf8_general_ci;

--
-- Dumping data for table `la_main`
--

INSERT INTO `la_main` VALUES (5,'3800101570624',1,'195/3 ม.4  ต.ขามใหญ๋  อ.เมือง จ.อุบลราชธานี','กระดูกข้อม้อหัก','2019-11-06','2019-11-08',3,'2019-09-20','2019-09-20',1,'195/3 ม.4  ต.ขามใหญ๋  อ.เมือง จ.อุบลราชธานี','0895830404','',0,'3349900542748',0,0,0,0,0,0,0,0,0,NULL,NULL,NULL,NULL,NULL,NULL,0,'2019-11-07 12:10:00',NULL,NULL,NULL,NULL,NULL,NULL,NULL,1,'','3349900542748','2019-12-03 09:38:10'),(4,'3800101570624',2,'โรงเรียนบ้านบาก','ไปส่งลูกรายงานตัวเข้าทำงาน','2018-12-26','2018-12-28',3,'2018-10-07','2018-10-09',3,'โรงเรียนศึกษาสงเคราะห์','0895830404','',0,'3620400080086',0,0,0,3,3,6,0,0,0,NULL,NULL,NULL,NULL,NULL,NULL,0,'2018-12-18 14:24:38',NULL,NULL,NULL,NULL,NULL,NULL,NULL,1,'','3620400080086','2018-12-25 10:35:54'),(6,'3341501683553',2,'โรงเรียนบ้านบาก','ข้าพเจ้ามีภารกิจจะเดินทางไปต่างจังหวัดจึงขออนุญาตลา','2019-12-06','2019-12-06',1,'2018-08-29','2018-08-29',1,'119/82หมู่บ้านสราญสิริ ถนนพหลโยธิน-สายไหม เขตสายไหม กรุงเทพฯ','0862619977','',0,'',0,0,0,0,0,0,0,0,0,NULL,NULL,NULL,NULL,NULL,NULL,0,'2019-12-03 22:44:15',NULL,NULL,NULL,NULL,NULL,NULL,NULL,1,'','3349900542748','2019-12-23 20:10:02'),(7,'3341500151205',2,'โรงเรียนบ้านบาก','ไปทำธุระ','2019-12-09','2019-12-09',1,'2019-12-09','2019-12-09',1,'340 ม. 12 ต.บุ่งไหม อ.วารินชำราบ จ.อุบลราชธานี','083-1013939','',0,'3349900542748',0,0,0,0,0,0,0,0,0,NULL,NULL,NULL,NULL,NULL,NULL,0,'2019-12-18 13:17:53',NULL,NULL,NULL,NULL,NULL,NULL,NULL,1,'','3349900542748','2020-06-22 22:10:03'),(9,'3341500151205',2,'โรงเรียนบ้านบาก','ไปทำธุระต่างจังหวัด','2020-01-31','2020-01-31',1,'2019-12-09','2019-12-09',1,'340 ม. 12 ต.บุ่งไหม อ.วารินชำราบ จ.อุบลราชธานี','083-1013939','',0,'',0,0,0,0,0,0,0,0,0,NULL,NULL,NULL,NULL,NULL,NULL,0,'2020-01-31 08:39:24',NULL,NULL,NULL,NULL,NULL,NULL,NULL,1,'','3349900542748','2020-06-22 22:10:19'),(10,'3341500151205',2,'โรงเรียนบ้านบาก','ธุรส่วนตัว','2020-07-02','2020-07-03',2,'2020-07-02','2020-07-03',2,'340 หมู่ 12 ต.บุ่งไหม อ.วารินชำราบ จ.อุบลราชธานี','0831013939','',0,'',0,0,0,2,0,0,0,0,0,NULL,NULL,NULL,NULL,NULL,NULL,0,'2020-07-01 14:37:49',NULL,NULL,NULL,NULL,NULL,NULL,NULL,1,'','3349900542748','2020-07-30 14:03:21'),(12,'1330400287850',2,'โรงเรียนบ้านบาก','ไปงานฌาปนกิจศพยาย','2020-12-25','2020-12-25',1,'2020-12-25','2020-12-25',1,'196 หมู่ 1 ต.จะกง อ.ขขุขันธ์ จ.ศรีสะเกษ','0873898324','',0,'3349900542748',0,0,0,0,1,1,0,0,0,NULL,NULL,NULL,NULL,NULL,NULL,0,'2020-12-30 10:40:02',NULL,NULL,NULL,NULL,NULL,NULL,NULL,1,'','3349900542748','2021-02-10 14:12:05'),(13,'1330400287850',2,'โรงเรียนบ้านบาก','ช่วยงานศพ','2022-02-07','2022-02-08',2,'2020-12-25','2020-12-25',1,'-','087-3898324','',0,'3349900542748',0,0,0,0,2,2,0,0,0,NULL,NULL,NULL,NULL,NULL,NULL,0,'2022-02-10 19:13:16',NULL,NULL,NULL,NULL,NULL,NULL,NULL,1,'','3349900542748','2023-12-04 05:48:33'),(14,'1341500107251',2,'โรงเรียนบ้านบาก','ลากิจส่วนตัว','2025-10-02','2025-10-03',2,'2025-09-25','2025-09-25',0,'บ้านสระสมิง ต.สระสมิง อ.วารินชำราบ จ.อุบลราชธานี 34190','0933197822','',0,'1340300001181',0,0,0,0,0,0,0,0,0,NULL,NULL,NULL,NULL,NULL,NULL,0,'2025-09-25 13:08:24',NULL,NULL,NULL,NULL,NULL,NULL,NULL,1,'','1340300001181','2025-09-25 17:33:12');

--
-- Table structure for table `la_permission`
--

CREATE TABLE `la_permission` (
  `id` int(11) NOT NULL AUTO_INCREMENT,
  `person_id` varchar(13) NOT NULL,
  `p1` tinyint(4) NOT NULL,
  `officer` varchar(13) NOT NULL,
  `rec_date` date NOT NULL,
  PRIMARY KEY (`id`)
) ENGINE=MyISAM AUTO_INCREMENT=4 DEFAULT CHARSET=utf8 COLLATE=utf8_general_ci;

--
-- Dumping data for table `la_permission`
--

INSERT INTO `la_permission` VALUES (2,'3341501683553',1,'3800101570624','2016-12-02'),(3,'3800101570624',1,'3800101570624','2016-12-02');

--
-- Table structure for table `la_person_set`
--

CREATE TABLE `la_person_set` (
  `id` int(11) NOT NULL AUTO_INCREMENT,
  `person_id` varchar(13) NOT NULL,
  `comment_person` varchar(13) DEFAULT NULL,
  `grant_person` varchar(13) DEFAULT NULL,
  `officer` varchar(13) DEFAULT NULL,
  `rec_date` date DEFAULT NULL,
  PRIMARY KEY (`id`),
  UNIQUE KEY `person_id` (`person_id`)
) ENGINE=MyISAM AUTO_INCREMENT=12 DEFAULT CHARSET=utf8 COLLATE=utf8_general_ci;

--
-- Dumping data for table `la_person_set`
--

INSERT INTO `la_person_set` VALUES (1,'3341501683553','','3349900542748','3349900542748','2019-12-23'),(2,'3620400080086','','','3800101570624','2016-12-02'),(3,'3349900542748','','','3800101570624','2019-12-05'),(4,'3800101570624','3341501683553','3349900542748','3800101570624','2020-06-22'),(5,'3341500151205','3341501683553','3349900542748','3800101570624','2020-06-22'),(6,'1349900267554','3341501683553','3349900542748','3800101570624','2020-06-22'),(7,'3349900708956','3341501683553','3349900542748','3800101570624','2020-06-22'),(8,'3341501426925','3341501683553','3349900542748','3800101570624','2020-06-22'),(9,'1342200089801','3341501683553','3349900542748','3800101570624','2020-06-22'),(10,'3349800171543','3341501683553','3349900542748','3800101570624','2020-06-22'),(11,'3340700621697','3341501683553','3349900542748','3800101570624','2020-06-22');

--
-- Table structure for table `la_year`
--

CREATE TABLE `la_year` (
  `id` int(11) NOT NULL AUTO_INCREMENT,
  `budget_year` int(11) NOT NULL,
  `year_active` tinyint(1) NOT NULL,
  PRIMARY KEY (`id`),
  UNIQUE KEY `budget_year` (`budget_year`)
) ENGINE=MyISAM AUTO_INCREMENT=4 DEFAULT CHARSET=utf8 COLLATE=utf8_general_ci;

--
-- Dumping data for table `la_year`
--

INSERT INTO `la_year` VALUES (3,2562,0),(2,2563,1);

--
-- Table structure for table `mail_filebook`
--

CREATE TABLE `mail_filebook` (
  `id` int(11) NOT NULL AUTO_INCREMENT,
  `ref_id` varchar(50) NOT NULL,
  `file_name` varchar(100) NOT NULL,
  `file_des` varchar(100) NOT NULL,
  PRIMARY KEY (`id`)
) ENGINE=MyISAM DEFAULT CHARSET=utf8 COLLATE=utf8_general_ci;

--
-- Dumping data for table `mail_filebook`
--


--
-- Table structure for table `mail_group`
--

CREATE TABLE `mail_group` (
  `grp_id` int(11) NOT NULL AUTO_INCREMENT,
  `grp_name` varchar(50) NOT NULL,
  PRIMARY KEY (`grp_id`)
) ENGINE=MyISAM AUTO_INCREMENT=2 DEFAULT CHARSET=utf8 COLLATE=utf8_general_ci;

--
-- Dumping data for table `mail_group`
--

INSERT INTO `mail_group` VALUES (1,'วิชาการ');

--
-- Table structure for table `mail_group_member`
--

CREATE TABLE `mail_group_member` (
  `id` int(11) NOT NULL AUTO_INCREMENT,
  `grp_id` int(11) NOT NULL,
  `person_id` varchar(13) NOT NULL,
  PRIMARY KEY (`id`)
) ENGINE=MyISAM AUTO_INCREMENT=12 DEFAULT CHARSET=utf8 COLLATE=utf8_general_ci;

--
-- Dumping data for table `mail_group_member`
--

INSERT INTO `mail_group_member` VALUES (1,1,'3341500575200'),(2,1,'3309900278030'),(3,1,'3341501683553'),(4,1,'3800101570624'),(5,1,'3350400642613'),(6,1,'3331001225793'),(10,1,'3349900542748'),(8,1,'3340900543584'),(9,1,'3341901535969'),(11,1,'1342200089801');

--
-- Table structure for table `mail_main`
--

CREATE TABLE `mail_main` (
  `ms_id` int(11) NOT NULL AUTO_INCREMENT,
  `sender` varchar(13) NOT NULL,
  `subject` varchar(150) NOT NULL,
  `detail` text DEFAULT NULL,
  `ref_id` varchar(50) NOT NULL,
  `send_date` datetime NOT NULL,
  PRIMARY KEY (`ms_id`),
  KEY `ref_id` (`ref_id`)
) ENGINE=MyISAM AUTO_INCREMENT=3 DEFAULT CHARSET=utf8 COLLATE=utf8_general_ci;

--
-- Dumping data for table `mail_main`
--

INSERT INTO `mail_main` VALUES (1,'3341501683553','โรงเรียน','่่่่่่่่่่่่่่่่่่้เเเเเเเเเเเเเเเเเเเเเเเเเ','33415016835531408861383','2014-08-24 13:25:55'),(2,'3341501683553','การลา','ลากิจ','33415016835531408866881','2014-08-24 14:55:55');

--
-- Table structure for table `mail_permission`
--

CREATE TABLE `mail_permission` (
  `id` int(11) NOT NULL AUTO_INCREMENT,
  `person_id` varchar(13) NOT NULL,
  `p1` tinyint(4) NOT NULL,
  `officer` varchar(13) NOT NULL,
  `rec_date` date NOT NULL,
  PRIMARY KEY (`id`)
) ENGINE=MyISAM AUTO_INCREMENT=4 DEFAULT CHARSET=utf8 COLLATE=utf8_general_ci;

--
-- Dumping data for table `mail_permission`
--

INSERT INTO `mail_permission` VALUES (1,'3800101570624',1,'3800101570624','2014-08-24'),(2,'1349900267554',1,'3800101570624','2021-02-23'),(3,'3349900542748',1,'3800101570624','2021-02-23');

--
-- Table structure for table `mail_sendto_answer`
--

CREATE TABLE `mail_sendto_answer` (
  `id` int(11) NOT NULL AUTO_INCREMENT,
  `ref_id` varchar(50) NOT NULL,
  `send_to` varchar(13) NOT NULL,
  `answer` tinyint(4) NOT NULL DEFAULT 0,
  `answer_time` datetime NOT NULL,
  PRIMARY KEY (`id`),
  KEY `ref_id` (`ref_id`),
  KEY `send_to` (`send_to`)
) ENGINE=MyISAM AUTO_INCREMENT=22 DEFAULT CHARSET=utf8 COLLATE=utf8_general_ci;

--
-- Dumping data for table `mail_sendto_answer`
--

INSERT INTO `mail_sendto_answer` VALUES (1,'38001015706241408861266','3340900543584',0,'0000-00-00 00:00:00'),(2,'38001015706241408861266','3349900708956',0,'0000-00-00 00:00:00'),(3,'38001015706241408861266','3341501683553',0,'0000-00-00 00:00:00'),(4,'38001015706241408861266','3331001225793',0,'0000-00-00 00:00:00'),(5,'38001015706241408861266','3309900278030',0,'0000-00-00 00:00:00'),(6,'38001015706241408861266','3350400642613',0,'0000-00-00 00:00:00'),(7,'38001015706241408861266','3800101570624',0,'0000-00-00 00:00:00'),(8,'38001015706241408861266','3341901535969',0,'0000-00-00 00:00:00'),(9,'38001015706241408861266','3341500575200',0,'0000-00-00 00:00:00'),(10,'33415016835531408861383','3349900708956',1,'2022-02-18 18:19:53'),(11,'33415016835531408866881','3341500575200',0,'0000-00-00 00:00:00'),(12,'33415016835531408866881','3309900278030',1,'2019-09-09 16:50:31'),(13,'33415016835531408866881','3800101570624',1,'2014-08-26 19:09:28'),(14,'33415016835531408866881','3350400642613',0,'0000-00-00 00:00:00'),(15,'33415016835531408866881','3331001225793',0,'0000-00-00 00:00:00'),(16,'33415016835531408866881','3349900708956',1,'2022-02-18 18:20:01'),(17,'33415016835531408866881','3340900543584',0,'0000-00-00 00:00:00'),(18,'33415016835531408866881','3341901535969',0,'0000-00-00 00:00:00'),(19,'33310012257931409889409','3341501683553',0,'0000-00-00 00:00:00'),(20,'33310012257931409889409','3331001225793',0,'0000-00-00 00:00:00'),(21,'33310012257931409889409','3341901535969',0,'0000-00-00 00:00:00');

--
-- Table structure for table `meeting_main`
--

CREATE TABLE `meeting_main` (
  `id` int(11) NOT NULL AUTO_INCREMENT,
  `room` tinyint(4) NOT NULL,
  `book_date` date NOT NULL,
  `book_date_end` date NOT NULL,
  `start_time` tinyint(4) NOT NULL,
  `finish_time` tinyint(4) NOT NULL,
  `objective` varchar(200) NOT NULL,
  `book_person` varchar(13) NOT NULL,
  `rec_date` datetime NOT NULL,
  `approve` int(11) DEFAULT NULL,
  `reason` varchar(200) DEFAULT NULL,
  `person_num` int(11) NOT NULL,
  `other` varchar(250) NOT NULL,
  `officer` varchar(13) DEFAULT NULL,
  `officer_date` datetime DEFAULT NULL,
  PRIMARY KEY (`id`)
) ENGINE=MyISAM DEFAULT CHARSET=utf8 COLLATE=utf8_general_ci;

--
-- Dumping data for table `meeting_main`
--


--
-- Table structure for table `meeting_permission`
--

CREATE TABLE `meeting_permission` (
  `id` int(11) NOT NULL AUTO_INCREMENT,
  `person_id` varchar(13) NOT NULL,
  `p1` tinyint(4) NOT NULL,
  `officer` varchar(13) NOT NULL,
  `rec_date` date NOT NULL,
  PRIMARY KEY (`id`)
) ENGINE=MyISAM DEFAULT CHARSET=utf8 COLLATE=utf8_general_ci;

--
-- Dumping data for table `meeting_permission`
--


--
-- Table structure for table `meeting_room`
--

CREATE TABLE `meeting_room` (
  `id` int(11) NOT NULL AUTO_INCREMENT,
  `room_code` tinyint(4) NOT NULL,
  `room_name` varchar(100) NOT NULL,
  `active` int(11) NOT NULL DEFAULT 0,
  PRIMARY KEY (`id`)
) ENGINE=MyISAM AUTO_INCREMENT=11 DEFAULT CHARSET=utf8 COLLATE=utf8_general_ci;

--
-- Dumping data for table `meeting_room`
--

INSERT INTO `meeting_room` VALUES (1,1,'ห้องประชุม1',1),(2,2,'ห้องประชุม2',1),(3,3,'ห้องประชุม3',0),(4,4,'หอ้งประชุม4',0),(5,5,'ห้องประชุม5',0),(6,6,'ห้องประชุม6',0),(7,7,'ห้องประชุม7',0),(8,8,'ห้องประชุม8',0),(9,9,'ห้องประชุม9',0),(10,10,'ห้องประชุม10',0);

--
-- Table structure for table `news_mainitem`
--

CREATE TABLE `news_mainitem` (
  `id` int(11) NOT NULL AUTO_INCREMENT,
  `code` int(11) NOT NULL,
  `mainitem` varchar(150) NOT NULL,
  `item_active` tinyint(1) NOT NULL DEFAULT 0,
  PRIMARY KEY (`id`),
  UNIQUE KEY `code` (`code`)
) ENGINE=MyISAM DEFAULT CHARSET=utf8 COLLATE=utf8_general_ci;

--
-- Dumping data for table `news_mainitem`
--


--
-- Table structure for table `news_news`
--

CREATE TABLE `news_news` (
  `id` int(11) NOT NULL AUTO_INCREMENT,
  `report_date` datetime NOT NULL,
  `news` varchar(250) NOT NULL,
  `file` varchar(150) NOT NULL,
  `section` int(11) NOT NULL,
  `mainitem_code` int(11) NOT NULL,
  `officer` varchar(13) NOT NULL,
  PRIMARY KEY (`id`)
) ENGINE=MyISAM DEFAULT CHARSET=utf8 COLLATE=utf8_general_ci;

--
-- Dumping data for table `news_news`
--


--
-- Table structure for table `news_permission`
--

CREATE TABLE `news_permission` (
  `id` int(11) NOT NULL AUTO_INCREMENT,
  `person_id` varchar(13) NOT NULL,
  `p1` tinyint(4) NOT NULL,
  `officer` varchar(13) NOT NULL,
  `rec_date` date NOT NULL,
  PRIMARY KEY (`id`)
) ENGINE=MyISAM DEFAULT CHARSET=utf8 COLLATE=utf8_general_ci;

--
-- Dumping data for table `news_permission`
--


--
-- Table structure for table `news_section`
--

CREATE TABLE `news_section` (
  `id` int(11) NOT NULL AUTO_INCREMENT,
  `code` tinyint(4) NOT NULL,
  `name` varchar(100) NOT NULL,
  `mainitem_code` int(11) NOT NULL,
  PRIMARY KEY (`id`)
) ENGINE=MyISAM DEFAULT CHARSET=utf8 COLLATE=utf8_general_ci;

--
-- Dumping data for table `news_section`
--


--
-- Table structure for table `permission_date`
--

CREATE TABLE `permission_date` (
  `id` int(11) NOT NULL AUTO_INCREMENT,
  `person_id` varchar(13) NOT NULL,
  `ref_id` varchar(50) NOT NULL,
  `date` date NOT NULL,
  `rec_date` datetime NOT NULL,
  PRIMARY KEY (`id`)
) ENGINE=MyISAM AUTO_INCREMENT=2 DEFAULT CHARSET=utf8 COLLATE=utf8_general_ci;

--
-- Dumping data for table `permission_date`
--

INSERT INTO `permission_date` VALUES (1,'1349900954993','1756977160151084124','2025-09-05','2025-09-04 16:12:40');

--
-- Table structure for table `permission_main`
--

CREATE TABLE `permission_main` (
  `id` int(11) NOT NULL AUTO_INCREMENT,
  `person_id` varchar(13) NOT NULL,
  `ref_id` varchar(50) NOT NULL,
  `subject` varchar(150) NOT NULL,
  `place` varchar(150) NOT NULL,
  `vehicle` varchar(150) DEFAULT NULL,
  `document` varchar(150) DEFAULT NULL,
  `no_comment` tinyint(4) NOT NULL DEFAULT 0,
  `grant_person_selected` varchar(13) DEFAULT NULL,
  `rec_date` datetime NOT NULL,
  `comment` varchar(200) DEFAULT NULL,
  `comment_person` varchar(13) DEFAULT NULL,
  `comment_date` datetime DEFAULT NULL,
  `grant_x` tinyint(4) DEFAULT NULL,
  `grant_comment` varchar(200) DEFAULT NULL,
  `grant_person` varchar(13) DEFAULT NULL,
  `grant_date` datetime DEFAULT NULL,
  `report` text DEFAULT NULL,
  `report_date` datetime DEFAULT NULL,
  PRIMARY KEY (`id`),
  UNIQUE KEY `ref_id` (`ref_id`)
) ENGINE=MyISAM AUTO_INCREMENT=2 DEFAULT CHARSET=utf8 COLLATE=utf8_general_ci;

--
-- Dumping data for table `permission_main`
--

INSERT INTO `permission_main` VALUES (1,'1349900954993','1756977160151084124','การประชุมเชิงปฏิบัติการสร้างสื่อเทคโนโลยีภาษาไทยสำหรับครูผู้สอนภาาาไทย ชั้นประถมศึกษาปีที่ ๑','สำนักงานเขตพื้นที่การศึกษาประถมศึกษาอุบลราชธานีเขต4','รถรับจ้าง','',0,'1340300001181','2025-09-04 16:12:40',NULL,NULL,NULL,1,'คำสั่งเลขที่ 49/2568','1340300001181','2025-09-04 16:15:36',NULL,NULL);

--
-- Table structure for table `permission_permission`
--

CREATE TABLE `permission_permission` (
  `id` int(11) NOT NULL AUTO_INCREMENT,
  `person_id` varchar(13) NOT NULL,
  `p1` tinyint(4) NOT NULL,
  `officer` varchar(13) NOT NULL,
  `rec_date` date NOT NULL,
  PRIMARY KEY (`id`)
) ENGINE=MyISAM AUTO_INCREMENT=3 DEFAULT CHARSET=utf8 COLLATE=utf8_general_ci;

--
-- Dumping data for table `permission_permission`
--

INSERT INTO `permission_permission` VALUES (1,'3340700621697',1,'1340300001181','2025-08-02'),(2,'1349900954993',1,'1340300001181','2025-08-02');

--
-- Table structure for table `permission_person_set`
--

CREATE TABLE `permission_person_set` (
  `id` int(11) NOT NULL AUTO_INCREMENT,
  `person_id` varchar(13) NOT NULL,
  `comment_person` varchar(13) DEFAULT NULL,
  `grant_person` varchar(13) DEFAULT NULL,
  `officer` varchar(13) DEFAULT NULL,
  `rec_date` date DEFAULT NULL,
  PRIMARY KEY (`id`),
  UNIQUE KEY `person_id` (`person_id`)
) ENGINE=MyISAM AUTO_INCREMENT=19 DEFAULT CHARSET=utf8 COLLATE=utf8_general_ci;

--
-- Dumping data for table `permission_person_set`
--

INSERT INTO `permission_person_set` VALUES (1,'3341500575200','','','3800101570624','2014-08-24'),(2,'3309900278030','','','3800101570624','2014-08-24'),(3,'3341501683553','','','3800101570624','2014-08-24'),(4,'3800101570624','','','3800101570624','2014-08-24'),(5,'3350400642613','','','3800101570624','2014-08-24'),(6,'3331001225793','','','3800101570624','2014-08-24'),(7,'3349900708956','','','3800101570624','2014-08-24'),(8,'3340900543584','','','3800101570624','2014-08-24'),(9,'3341901535969','','','3800101570624','2014-08-24'),(10,'3340700621697','3340700621697','1340300001181','1340300001181','2025-08-02'),(11,'1340300001181','','','1340300001181','2025-08-02'),(12,'1349900954993','3340700621697','1340300001181','1340300001181','2025-08-02'),(13,'3341500151205','3340700621697','1340300001181','1340300001181','2025-08-02'),(14,'1341500107251','3340700621697','1340300001181','1340300001181','2025-08-02'),(15,'1342200089801','3340700621697','1340300001181','1340300001181','2025-08-02'),(16,'1341500223587','3340700621697','1340300001181','1340300001181','2025-08-02'),(17,'1342100042861','3340700621697','1340300001181','1340300001181','2025-08-02'),(18,'1341500148682','3340700621697','1340300001181','1340300001181','2025-08-02');

--
-- Table structure for table `person_main`
--

CREATE TABLE `person_main` (
  `id` int(11) NOT NULL AUTO_INCREMENT,
  `person_id` varchar(13) NOT NULL,
  `prename` varchar(20) NOT NULL,
  `name` varchar(50) NOT NULL,
  `surname` varchar(50) NOT NULL,
  `position_code` tinyint(4) NOT NULL,
  `pic` varchar(150) DEFAULT NULL,
  `status` tinyint(4) NOT NULL DEFAULT 0,
  `person_order` tinyint(4) DEFAULT 0,
  `officer` varchar(13) NOT NULL,
  `rec_date` date NOT NULL,
  PRIMARY KEY (`id`),
  UNIQUE KEY `person_id` (`person_id`)
) ENGINE=MyISAM AUTO_INCREMENT=36 DEFAULT CHARSET=utf8 COLLATE=utf8_general_ci;

--
-- Dumping data for table `person_main`
--

INSERT INTO `person_main` VALUES (28,'1349900954993','นางสาว','จันทร์จิรา','พิมศรี',3,'modules/person/picture/1349900954993.jpg',0,8,'1340300001181','2022-11-07'),(35,'3341500251897','นาย','พิษณุ','แสงแก้ว',32,'',0,10,'3341500251897','2025-10-20'),(18,'3341500151205','นาง','สุทธวดี','พงษ์อนันต์',3,'modules/person/picture/3341500151205.png',0,5,'3800101570624','2019-11-22'),(31,'1341500107251','นางสาว','ขวัญตา','จันทุมา',3,'',0,8,'3800101570624','2024-05-22'),(23,'1342200089801','นาย','สราวุฒิ','ผาลา',3,'',0,6,'1342200089801','2019-11-26'),(29,'1341500223587','นาย','ธนาธิป','วังคะฮาด',3,'',0,7,'1342200089801','2023-05-27'),(25,'3340700621697','นาง','นันทา','พลพันธ์',3,'modules/person/picture/3340700621697.jpg',0,4,'3800101570624','2019-12-16'),(30,'1342100042861','นางสาว','กนกวรรณ','เคนบุบผา',11,'',0,9,'3800101570624','2023-12-21'),(32,'1341500148682','นาย','ไกรสร','พิลาศาสตร์',33,'',0,11,'3800101570624','2024-06-10'),(34,'1340300001181','นาย','รณกรณ','จันทร์สด',1,'',0,1,'1342200089801','2024-11-19');

--
-- Table structure for table `person_permission`
--

CREATE TABLE `person_permission` (
  `id` int(11) NOT NULL AUTO_INCREMENT,
  `person_id` varchar(13) NOT NULL,
  `p1` tinyint(4) NOT NULL,
  `officer` varchar(13) NOT NULL,
  `rec_date` date NOT NULL,
  PRIMARY KEY (`id`)
) ENGINE=MyISAM AUTO_INCREMENT=15 DEFAULT CHARSET=utf8 COLLATE=utf8_general_ci;

--
-- Dumping data for table `person_permission`
--

INSERT INTO `person_permission` VALUES (3,'3341500151205',1,'1342200089801','2024-11-08'),(9,'1342200089801',1,'3349900542748','2020-07-30'),(4,'1342100042861',1,'1340300001181','2025-08-05'),(8,'1349900954993',1,'1342200089801','2024-11-08'),(11,'1341500107251',1,'1342200089801','2024-11-19'),(10,'1340300001181',1,'1342200089801','2024-11-19'),(12,'1341500223587',1,'1342200089801','2024-11-19'),(13,'3340700621697',1,'1342200089801','2024-11-19'),(14,'3341500251897',1,'1340300001181','2025-10-20');

--
-- Table structure for table `person_position`
--

CREATE TABLE `person_position` (
  `id` int(11) NOT NULL AUTO_INCREMENT,
  `position_code` int(11) NOT NULL,
  `position_name` varchar(50) NOT NULL,
  PRIMARY KEY (`id`),
  UNIQUE KEY `position_code` (`position_code`)
) ENGINE=MyISAM AUTO_INCREMENT=20 DEFAULT CHARSET=utf8 COLLATE=utf8_general_ci;

--
-- Dumping data for table `person_position`
--

INSERT INTO `person_position` VALUES (1,1,'ผู้อำนวยการโรงเรียน'),(2,2,'รองผู้อำนวยการโรงเรียน'),(3,3,'ครู'),(4,4,'ครูผู้ช่วย'),(5,11,'พนักงานราชการ(ครูผู้สอน)'),(6,12,'พนักงานราชการ(ครูพี่เลี้ยง)'),(7,13,'พนักงานราชการ(อื่น ๆ)'),(17,41,'ผู้จัดการโรงเรียนเอกชน'),(9,21,'ลูกจ้างประจำ(พนักงานธุรการ)'),(10,22,'ลูกจ้างประจำ(พนักงานขับรถยนต์))'),(11,23,'ลูกจ้างประจำ(ช่างครุภัณฑ์)'),(12,24,'ลูกจ้างประจำ(อื่น ๆ)'),(13,31,'ลูกจ้างชั่วคราว(ครู)'),(14,32,'ลูกจ้างชั่วคราว(เจ้าหน้าที่ธุรการโรงเรียน)'),(15,33,'ลูกจ้างชั่วคราว(นักการภารโรง)'),(16,34,'ลูกจ้างชั่วคราว(อื่น ๆ)'),(18,42,'เจ้าหน้าที่บริหารทั่วไปโรงเรียนเอกชน'),(19,43,'เจ้าหน้าที่อื่น ๆ โรงเรียนเอกชน');

--
-- Table structure for table `plan_acti`
--

CREATE TABLE `plan_acti` (
  `id` int(11) NOT NULL AUTO_INCREMENT,
  `budget_year` int(11) DEFAULT NULL,
  `code_clus` tinyint(4) NOT NULL,
  `code_proj` char(3) NOT NULL DEFAULT '',
  `code_acti` char(6) NOT NULL DEFAULT '',
  `code_approve` char(3) NOT NULL DEFAULT '',
  `budget_acti` decimal(10,2) NOT NULL DEFAULT 0.00,
  `budget_approve` decimal(10,2) NOT NULL DEFAULT 0.00,
  `dayinput` date NOT NULL DEFAULT '0000-00-00',
  `daythai` char(13) NOT NULL DEFAULT '',
  `name_acti` char(150) NOT NULL,
  `owner_acti` char(50) NOT NULL DEFAULT '',
  `id_defalt` char(13) NOT NULL DEFAULT '',
  `dayseri` datetime NOT NULL DEFAULT '0000-00-00 00:00:00',
  `begin_date` date NOT NULL,
  `finish_date` date NOT NULL,
  `stop` tinyint(1) DEFAULT NULL,
  PRIMARY KEY (`id`)
) ENGINE=MyISAM AUTO_INCREMENT=107 DEFAULT CHARSET=utf8 COLLATE=utf8_general_ci;

--
-- Dumping data for table `plan_acti`
--

INSERT INTO `plan_acti` VALUES (1,2557,1,'005','005001','',1000.00,0.00,'0000-00-00','24 ส.ค. 2557','จัดทำแฟ้ม','','','2014-08-24 03:11:18','2014-08-24','2014-09-30',NULL),(5,2558,1,'008','008002','117',3000.00,0.00,'0000-00-00','28 มิ.ย. 2558','วันสุนทรภู่','','','2015-06-28 01:43:52','2015-06-26','2015-06-26',NULL),(3,2558,1,'008','008001','117',500.00,0.00,'0000-00-00','28 มิ.ย. 2558','กิจกรรมวันไหว้ครู','','','0000-00-00 00:00:00','2015-05-21','2015-05-21',NULL),(4,2558,0,'','000','',0.00,0.00,'0000-00-00','28 มิ.ย. 2558','','','','2015-06-28 12:45:16','0000-00-00','0000-00-00',NULL),(6,2558,4,'016','016001','118',500000.00,0.00,'0000-00-00','28 มิ.ย. 2558','เงินอาหารกลางวัน','','','2015-06-28 02:07:40','2015-05-01','2015-09-30',NULL),(33,2564,1,'010','010001','109',1000.00,0.00,'2564-03-11','11 มี.ค. 2564','จ่ายค่าพานักเรียนไปราชภัฏ','','','2021-03-11 14:31:19','2020-10-01','2021-09-30',NULL),(52,2564,2,'017','017001','116',12000.00,0.00,'2564-03-11','11 มี.ค. 2564','จ่ายค่าเครื่องแบบ+อุปกรณ์การเรียนอนุบาล','','','2021-03-11 16:45:42','2020-10-01','2021-09-30',NULL),(28,2564,1,'009','009001','109',2160.00,0.00,'2564-03-11','11 มี.ค. 2564','ซ่อมเครื่องพิมพ์','','','2021-03-11 14:22:25','2020-10-01','2021-09-30',NULL),(15,2564,3,'013','013001','109',2000.00,0.00,'2021-03-11','30 พ.ย. 2563','อบรมลูกเสือ(ครูอานนต์)','','','2020-11-30 12:10:49','2020-10-01','2021-03-31',NULL),(35,2564,1,'011','011001','109',4952.00,0.00,'2564-03-11','11 มี.ค. 2564','จ่ายค่าเครื่องมือเกษตร','','','2021-03-11 14:36:46','2020-10-01','2021-09-30',NULL),(18,2564,1,'002','002001','108',650.00,0.00,'2564-03-11','11 มี.ค. 2564','ซ่อมเครื่องพิมพ์อนุบาล','','','2021-03-11 13:48:30','2020-10-01','2021-09-30',NULL),(19,2564,1,'002','002002','108',1500.00,0.00,'2564-03-11','11 มี.ค. 2564','ซ่อมคีย์บอร์ด','','','2021-03-11 13:49:56','2020-10-01','2021-09-30',NULL),(20,2564,1,'003','003001','108',8000.00,0.00,'2564-03-11','11 มี.ค. 2564','จ่ายค่าวัสดุประจำห้องเรียน','','','2021-03-11 13:54:05','2020-10-01','2021-09-30',NULL),(21,2564,1,'003','003002','108',2280.00,0.00,'2564-03-11','11 มี.ค. 2564','ซ่อมเครื่องพิมพ์','','','2021-03-11 13:55:49','2020-10-01','2021-09-30',NULL),(22,2564,1,'004','004001','108',259.00,0.00,'2564-03-11','11 มี.ค. 2564','จ่ายค่าสื่อวิทย์น้อย','','','2021-03-11 13:58:15','2020-10-01','2021-09-30',NULL),(23,2564,1,'005','005001','109',600.00,0.00,'2021-03-11','11 มี.ค. 2564','จ่ายค่าเอกสารเข้าเล่ม','','','2021-03-11 13:59:48','2020-10-01','2021-09-30',NULL),(25,2564,1,'006','006001','109',17000.00,0.00,'2564-03-11','11 มี.ค. 2564','จ่ายค่าวัสดุการศึกษาให้อุบลวัสดุ','','','2021-03-11 14:06:16','2020-10-01','2021-09-30',NULL),(26,2564,1,'006','006002','109',790.00,0.00,'2564-03-11','11 มี.ค. 2564','ซ่อมเครื่องปริ้น','','','2021-03-11 14:07:47','2020-10-01','2021-09-30',NULL),(27,2564,1,'008','008001','117',20000.00,0.00,'2564-03-11','11 มี.ค. 2564','จ่ายกิจกรรมศึกษาแหล่งเรียนรู้','','','2021-03-11 14:17:38','2020-10-01','2021-09-30',NULL),(29,2564,1,'009','009002','109',350.00,0.00,'2564-03-11','11 มี.ค. 2564','ซ่อมเครื่องพิมพ์ธุรการ','','','2021-03-11 14:23:43','2020-10-01','2021-09-30',NULL),(30,2564,1,'009','009003','109',897.00,0.00,'2564-03-11','11 มี.ค. 2564','ซ่อมเครื่องพิมพ์','','','2021-03-11 14:24:56','2020-10-01','2021-09-30',NULL),(31,2564,1,'009','009004','109',1171.00,0.00,'2564-03-11','11 มี.ค. 2564','ซ่อมเครื่องพิมพ์ ป.1-ป.3','','','2021-03-11 14:26:07','2020-10-01','2021-09-30',NULL),(32,2564,1,'009','009005','',250.00,0.00,'2564-03-11','11 มี.ค. 2564','ซ่อมเครื่องพิมพ์ธุรการ','','','2021-03-11 14:27:42','2020-10-01','2021-09-30',NULL),(34,2564,1,'010','010002','109',280.00,0.00,'2564-03-11','11 มี.ค. 2564','ซื้อเครื่องชั่ง','','','2021-03-11 14:32:12','2020-10-01','2021-09-30',NULL),(36,2564,1,'011','011002','109',7000.00,0.00,'2564-03-11','11 มี.ค. 2564','จ่ายค่าทำเล้าไก่','','','2021-03-11 14:38:00','2020-10-01','2021-09-30',NULL),(37,2564,3,'013','013002','109',3000.00,0.00,'2564-03-11','11 มี.ค. 2564','อบรมลูกเสือATC.(ครูสราวุฒิ)','','','2021-03-11 14:40:56','2020-10-01','2021-09-30',NULL),(38,2564,3,'013','013003','109',900.00,0.00,'2564-03-11','11 มี.ค. 2564','ทำเนียบบุคลากร','','','2021-03-11 14:41:56','2020-10-01','2021-09-30',NULL),(39,2564,3,'014','014001','109',220.00,0.00,'2564-03-11','11 มี.ค. 2564','จ่ายค่าวัสดุPLC(กระดาษ สี กาว)','','','2021-03-11 14:44:51','2020-10-01','2021-09-30',NULL),(40,2564,3,'014','014002','109',1117.00,0.00,'2564-03-11','11 มี.ค. 2564','จ่ายค่าอาหารว่างประชุม PLC','','','2021-03-11 14:46:01','2020-10-01','2021-09-30',NULL),(41,2564,3,'014','014003','109',1260.00,0.00,'2564-03-11','11 มี.ค. 2564','จ่ายค่าอาหารว่างประชุม PLC','','','2021-03-11 14:47:23','2020-10-01','2021-09-30',NULL),(42,2564,2,'015','015001','109',1802.00,0.00,'2564-03-11','11 มี.ค. 2564','จ่ายค่าไฟ','','','2021-03-11 14:49:40','2021-10-01','2021-09-30',NULL),(43,2564,2,'015','015002','109',1106.00,0.00,'2564-03-11','11 มี.ค. 2564','จ่ายค่าไฟ','','','2021-03-11 14:51:11','2020-10-01','2021-09-30',NULL),(44,2564,2,'015','015003','109',983.00,0.00,'2564-03-11','11 มี.ค. 2564','จ่ายค่าไฟ','','','2021-03-11 14:52:00','2020-10-01','2021-09-30',NULL),(45,2564,2,'015','015004','109',4314.00,0.00,'2564-03-11','11 มี.ค. 2564','จ่ายค่าไฟ 2 เดือน','','','2021-03-11 14:53:07','2020-10-01','2021-09-30',NULL),(46,2564,2,'015','015005','109',2686.00,0.00,'2021-03-11','11 มี.ค. 2564','จ่ายค่าไฟ','','','2021-03-11 14:54:48','2020-10-01','2021-09-30',NULL),(47,2564,2,'015','015006','109',2663.00,0.00,'2564-03-11','11 มี.ค. 2564','จ่ายค่าไฟ','','','2021-03-11 14:58:26','2020-10-01','2021-09-30',NULL),(48,2564,2,'015','015007','109',1761.00,0.00,'2564-03-11','11 มี.ค. 2564','จ่ายค่าไฟ (พ.ย.)','','','2021-03-11 14:59:53','2020-10-01','2021-09-30',NULL),(49,2564,2,'015','015008','109',1725.00,0.00,'2564-03-11','11 มี.ค. 2564','จ่ายค่าไฟ(ธ.ค.)','','','2021-03-11 15:01:04','2020-10-01','2021-09-30',NULL),(50,2564,2,'015','015009','109',1821.00,0.00,'2021-03-11','11 มี.ค. 2564','จ่ายค่าไฟ(ม.ค.)','','','2021-03-11 15:02:03','2020-10-01','2021-09-30',NULL),(51,2564,2,'015','015010','109',1817.00,0.00,'2564-03-11','11 มี.ค. 2564','จ่ายค่าไฟ(ก.พ.)','','','2021-03-11 15:03:45','2020-10-01','2021-09-30',NULL),(53,2564,2,'017','017002','114',63740.00,0.00,'2564-03-11','11 มี.ค. 2564','จ่ายค่าหนังสือเรียน','','','2021-03-11 16:48:34','2020-10-01','2021-09-30',NULL),(54,2564,2,'017','017003','117',10740.00,0.00,'2564-03-11','11 มี.ค. 2564','จ่ายค่าหนังสือเรียน','','','2021-03-11 16:50:25','2020-10-01','2021-09-30',NULL),(55,2564,2,'017','017004','116',1850.00,0.00,'2564-03-11','11 มี.ค. 2564','จ่ายค่าเสื้อกาบบัว','','','2021-03-11 16:55:07','2020-10-01','2021-09-30',NULL),(56,2564,2,'017','017005','115',19570.00,0.00,'2564-03-11','11 มี.ค. 2564','จ่ายค่าอุปกรณ์การเรียนภาคเรียนที่2','','','2021-03-11 16:56:23','2020-10-01','2021-09-30',NULL),(57,2564,2,'017','017006','117',20000.00,0.00,'2564-03-11','11 มี.ค. 2564','ทัศนศึกษานักเรียน','','','2021-03-11 16:58:44','2020-10-01','2021-09-30',NULL),(58,2564,4,'019','019001','118',43720.00,0.00,'2021-03-11','11 มี.ค. 2564','จ่ายค่าวัสดุประกอบอาหาร','','','2021-03-11 17:03:28','2020-10-01','2021-09-30',NULL),(59,2564,4,'019','019002','118',44840.00,0.00,'2021-03-11','11 มี.ค. 2564','จ่ายค่าวัสดุประกอบอาหาร','','','2021-03-11 17:04:15','2021-10-01','2021-09-30',NULL),(60,2564,4,'019','019003','118',46640.00,0.00,'2021-03-11','11 มี.ค. 2564','จ่ายค่าวัสดุประกอบอาหาร','','','2021-03-11 17:05:08','2020-10-01','2021-09-30',NULL),(61,2564,4,'019','019004','118',49760.00,0.00,'2021-03-11','11 มี.ค. 2564','จ่ายค่าวัสดุประกอบอาหาร','','','2021-03-11 17:06:05','2020-10-01','2021-09-30',NULL),(62,2564,4,'019','019005','118',24520.00,0.00,'2021-03-11','11 มี.ค. 2564','จ่ายค่าวัสดุประกอบอาหาร','','','2021-03-11 17:07:50','2020-10-01','2021-09-30',NULL),(63,2564,4,'019','019006','118',47500.00,0.00,'2564-03-11','11 มี.ค. 2564','จ่ายค่าวัสดุประกอบอาหาร','','','2021-03-11 17:10:17','2020-10-01','2021-09-30',NULL),(64,2564,4,'019','019007','118',51260.00,0.00,'2021-03-11','11 มี.ค. 2564','จ่ายค่าวัสดุประกอบอาหาร','','','2021-03-11 17:12:25','2020-10-01','2021-09-30',NULL),(65,2564,4,'019','019008','118',44880.00,0.00,'2564-03-11','11 มี.ค. 2564','จ่ายค่าวัสดุประกอบอาหาร','','','2021-03-11 17:13:30','2020-10-01','2021-09-30',NULL),(66,2564,4,'023','023001','117',2000.00,0.00,'2564-03-11','11 มี.ค. 2564','วันภาษาไทย','','','2021-03-11 17:17:53','2020-10-01','2021-09-30',NULL),(67,2564,4,'023','023002','117',2073.00,0.00,'2564-03-11','11 มี.ค. 2564','วันพ่อ','','','2021-03-11 17:18:59','2020-10-01','2021-09-30',NULL),(68,2564,4,'023','023003','117',2398.00,0.00,'2564-03-11','11 มี.ค. 2564','วันเด็ก','','','2021-03-11 17:19:51','2020-10-01','2021-09-30',NULL),(69,2564,4,'024','024001','117',780.00,0.00,'2021-03-11','11 มี.ค. 2564','จ่ายค่าไวนิลลูกเสือ+มาลัยกร','','','2021-03-11 17:22:51','2020-10-01','2021-09-30',NULL),(70,2564,4,'027','027001','117',1380.00,0.00,'2564-03-11','11 มี.ค. 2564','ค่าอินเทอร์เน็ต','','','2021-03-11 17:26:27','2020-10-01','2021-09-30',NULL),(71,2564,4,'027','027002','117',1444.00,0.00,'2564-03-11','11 มี.ค. 2564','ค่าอินเทอร์เน็ต','','','2021-03-11 17:27:38','2020-10-01','2021-09-30',NULL),(72,2564,4,'027','027003','117',1725.00,0.00,'2564-03-11','11 มี.ค. 2564','ค่าอินเทอร์เน็ต','','','2021-03-11 17:28:37','2020-10-01','2021-09-30',NULL),(73,2564,4,'027','027004','117',1300.00,0.00,'2564-03-11','11 มี.ค. 2564','ค่าอินเทอร์เน็ต','','','2021-03-11 17:29:26','2020-10-01','2021-09-30',NULL),(74,2564,4,'027','027005','117',631.00,0.00,'2564-03-11','11 มี.ค. 2564','ค่าอินเทอร์เน็ต','','','2021-03-11 17:30:08','2020-10-01','2021-09-30',NULL),(75,2564,4,'028','028001','109',1245.00,0.00,'2564-03-11','11 มี.ค. 2564','ค่าอาหารว่างประชุมผู้ปกครอง','','','2021-03-11 17:32:35','2020-10-01','2021-09-30',NULL),(76,2564,4,'028','028002','109',350.00,0.00,'2564-03-11','11 มี.ค. 2564','ค่าไวนิลประชุมผู้ปกครอง','','','2021-03-11 17:33:25','2020-10-01','2021-09-30',NULL),(77,2564,4,'029','029001','109',2240.00,0.00,'2021-03-11','11 มี.ค. 2564','ค่าวัสดุอุปกรณ์ห้องน้ำ','','','2021-03-11 17:34:44','2020-10-01','2021-09-30',NULL),(78,2564,4,'029','029002','109',499.00,0.00,'2564-03-11','11 มี.ค. 2564','ค่าเครื่องชั่งน้ำหนัก','','','2021-03-11 17:36:36','2020-10-01','2021-09-30',NULL),(79,2564,4,'029','029003','109',724.00,0.00,'2564-03-11','11 มี.ค. 2564','ค่าน้ำยาล้างห้องน้ำ','','','2021-03-11 17:37:27','2020-10-01','2021-09-30',NULL),(80,2564,4,'030','030001','109',5074.00,0.00,'2564-03-11','11 มี.ค. 2564','หน้ากากอนามัย เครื่องวัดไข้ เจลแอลกอฮอล์','','','2021-03-11 17:40:13','2020-10-01','2021-09-30',NULL),(81,2564,4,'031','031002','109',2700.00,0.00,'2564-03-11','11 มี.ค. 2564','ซ่อมรถตัดหญ้า','','','2021-03-11 17:43:02','2020-10-01','2021-09-30',NULL),(82,2564,4,'031','031003','109',6352.00,0.00,'2564-03-11','11 มี.ค. 2564','ซื้อประตู','','','2021-03-11 17:43:51','2020-10-01','2021-09-30',NULL),(83,2564,4,'031','031004','109',2665.00,0.00,'2564-03-11','11 มี.ค. 2564','ซื้อกรรไกรตัดหญ้า เหล็กกล่อง','','','2021-03-11 17:45:18','2020-10-01','2021-09-30',NULL),(84,2564,4,'031','031005','109',1360.00,0.00,'2564-03-11','11 มี.ค. 2564','ไม้กวาด อุปกรณ์ต่อน้ำ','','','2021-03-11 17:46:30','2020-10-01','2021-09-30',NULL),(85,2564,4,'031','031006','109',3052.00,0.00,'2564-03-11','11 มี.ค. 2564','ค่าสี','','','2021-03-11 17:47:34','2020-10-01','2021-09-30',NULL),(86,2564,4,'031','031007','109',5905.00,0.00,'2564-03-11','11 มี.ค. 2564','อุปกรณ์ทำห้องน้ำ จ้างเหมา','','','2021-03-11 17:48:54','2020-10-01','2021-09-30',NULL),(87,2564,4,'031','031008','109',1220.00,0.00,'2564-03-11','11 มี.ค. 2564','ค่าหลอดไฟ จ้างทาสี','','','2021-03-11 17:49:50','2020-10-01','2021-09-30',NULL),(88,2564,4,'031','031009','109',340.00,0.00,'2564-03-11','11 มี.ค. 2564','กลอนประตู','','','2021-03-11 17:50:50','2020-10-01','2021-09-30',NULL),(89,2564,4,'031','031010','109',3000.00,0.00,'2564-03-11','11 มี.ค. 2564','จ่ายร้านเจเจการ์เดน','','','2021-03-11 17:51:49','2020-10-01','2021-09-30',NULL),(90,2564,4,'031','031011','109',3781.00,0.00,'2564-03-11','11 มี.ค. 2564','จ่ายค่าบานประตู','','','2021-03-11 17:53:00','2020-10-01','2021-09-30',NULL),(91,2564,4,'031','031012','109',4442.00,0.00,'2564-03-11','11 มี.ค. 2564','ค่าวัสดุปรับปรุงโต๊ะ','','','2021-03-11 17:54:07','2020-10-01','2021-09-30',NULL),(92,2564,4,'031','031013','109',800.00,0.00,'2564-03-11','11 มี.ค. 2564','ค่าไม้กวาด','','','2021-03-11 17:55:06','2020-10-01','2021-09-30',NULL),(93,2564,4,'031','031014','109',600.00,0.00,'2564-03-11','11 มี.ค. 2564','สูบสิ่งปฏิกูล','','','2021-03-11 17:56:03','2020-10-01','2021-09-30',NULL),(94,2564,1,'032','032001','120',15000.00,0.00,'2564-03-11','11 มี.ค. 2564','จ่ายค่ากิจกรรมค่ายวิทย์','','','2021-03-11 18:06:57','2020-10-01','2021-09-30',NULL),(95,2564,4,'034','034001','112',5400.00,0.00,'2564-03-11','11 มี.ค. 2564','จ่ายนักเรียนยากจนพิเศษ','','','2021-03-11 18:08:19','2020-10-01','2021-09-30',NULL),(96,2564,4,'034','034002','112',300.00,0.00,'2564-03-11','11 มี.ค. 2564','จ่ายให้เอมอร','','','2021-03-11 18:09:20','2020-10-01','2021-09-30',NULL),(97,2564,4,'034','034003','112',8000.00,0.00,'2564-03-11','11 มี.ค. 2564','จ่ายยากจนพิเศษ','','','2021-03-11 18:10:15','2020-10-01','2021-09-30',NULL),(100,2564,4,'031','031015','109',5600.00,0.00,'2564-03-11','11 มี.ค. 2564','จ่ายค่าผ้าสวมเก้าอี้ ไม้กวาด','','','2021-03-11 18:15:56','2020-10-01','2021-09-30',NULL),(99,2564,4,'034','034005','112',28500.00,0.00,'2564-03-11','11 มี.ค. 2564','จ่ายนักเรียน28คน','','','2021-03-11 18:13:15','2020-10-01','2021-09-30',NULL);

--
-- Table structure for table `plan_proj`
--

CREATE TABLE `plan_proj` (
  `id` int(11) NOT NULL AUTO_INCREMENT,
  `budget_year` int(11) DEFAULT NULL,
  `code_clus` tinyint(4) NOT NULL,
  `code_tegy` char(1) NOT NULL DEFAULT '',
  `code_proj` char(3) NOT NULL DEFAULT '',
  `budget_proj` double NOT NULL DEFAULT 0,
  `budget_approve` double NOT NULL DEFAULT 0,
  `name_proj` varchar(250) NOT NULL DEFAULT '',
  `owner_proj` varchar(50) NOT NULL DEFAULT '',
  `file_detail` varchar(100) NOT NULL DEFAULT '',
  `dayrec` datetime NOT NULL DEFAULT '0000-00-00 00:00:00',
  `eval_tegy` varchar(250) NOT NULL DEFAULT '',
  `eval_activity` longtext NOT NULL,
  `eval_result` longtext NOT NULL,
  `eval_obstacle` longtext NOT NULL,
  `eval_particular` varchar(100) NOT NULL DEFAULT '',
  `begin_date` date NOT NULL,
  `finish_date` date NOT NULL,
  `allow_edit` char(1) NOT NULL DEFAULT '',
  PRIMARY KEY (`id`)
) ENGINE=MyISAM AUTO_INCREMENT=237 DEFAULT CHARSET=utf8 COLLATE=utf8_general_ci;

--
-- Dumping data for table `plan_proj`
--

INSERT INTO `plan_proj` VALUES (1,2557,1,'','005',5500,0,'ประกันคุณภาพภายใน','3800101570624','modules/plan/planproject/detail/plansch2557_005.doc','2014-08-24 03:15:53','','','','','','2014-05-16','2014-03-31',''),(6,2557,1,'','102',6500,0,'รณรงค์ป้องกันและแก้ไขปัญหายาเสพติดในสถานศึกษา','3331001225793','modules/plan/planproject/detail/plansch2557_102.doc','2014-09-13 08:04:27','','','','','','2014-05-01','2015-03-30',''),(7,2557,1,'','103',10,0,'โครงการเกษตรผสมผสาน','3331001225793','modules/plan/planproject/detail/plansch2557_103.docx','2014-09-05 11:30:54','','','','','','2014-05-01','2015-03-30',''),(8,2557,1,'','104',28,0,'โครงการพัฒนาสมรรถนะด้านภาษาอังกฤษสู่อาเซียน','3331001225793','modules/plan/planproject/detail/plansch2557_104.doc','2014-09-05 11:31:19','','','','','','2014-05-01','2015-03-30',''),(5,2557,1,'','101',5700,0,'โครงการ ส่งเสริมมหกรรมแข่งขันศิลปหัตถกรรมดนตรี กีฬา วิชาการ','3331001225793','modules/plan/planproject/detail/plansch2557_101.docx','2014-09-05 11:30:06','','','','','','2014-05-05','2015-03-30',''),(9,2557,1,'','105',35000,0,'โครงการการพัฒนากิจกรรมการเรียนรู้ที่เน้นผู้เรียนเป็นสำคัญ','3331001225793','modules/plan/planproject/detail/plansch2557_105.docx','2014-09-05 11:31:40','','','','','','2014-05-01','2015-03-30',''),(12,2558,1,'1','001',2000,0,'พัฒนาหลักสูตรปฐมวัย','3309900278030','','2015-06-27 06:20:38','','','','','','2015-05-01','2015-09-30',''),(11,2557,1,'','106',5,0,'โครงการพัฒนาหลักสูตร','3331001225793','','2014-09-13 08:16:26','','','','','','2014-05-01','2015-03-30',''),(13,2558,1,'1','002',8000,0,'พัฒนาการเรียนการสอนระดับปฐมวัย','3309900278030','','2015-06-28 08:01:07','','','','','','2015-05-01','2015-09-30',''),(14,2558,1,'1','003',4000,0,'ส่งเสริมแววอัจฉริยะผู้เรียนปฐมวัย','3309900278030','','2015-06-28 08:02:41','','','','','','2015-05-01','2015-09-30',''),(15,0,0,'','',0,0,'','','','2015-06-28 08:04:44','','','','','','0000-00-00','0000-00-00',''),(16,2558,1,'1','004',3000,0,'ปรับปรุงและพัฒนาหลักสูตรสถานศึกษาขั้นพื้นฐาน','3331001225793','','2015-06-28 08:05:44','','','','','','2015-05-01','2015-09-30',''),(17,2558,1,'1','005',80200,0,'การพัฒนากิจกรรมการเรียนรู้ที่เน้นผู้เรียนเป็นสำคัญ','3331001225793','','2015-06-28 08:07:38','','','','','','2015-05-01','2015-09-30',''),(18,2558,1,'1','006',5000,0,'ส่งเสริมกิจกรรมการอ่าน','3800101570624','','2015-06-28 08:08:52','','','','','','2015-05-01','2015-09-30',''),(19,2558,1,'1','007',7000,0,'ยกระดับผลสัมฤทธิ์ทางการศึกษา 5 กลุ่มสาระการเรียนรู้','3341501683553','','2015-06-28 08:10:29','','','','','','2015-05-01','2015-09-30',''),(20,2558,1,'2','008',8000,0,'วันสำคัญ','3349900708956','','2015-06-28 11:47:39','','','','','','2015-05-01','2015-09-30',''),(21,2558,1,'5','009',3000,0,'การประกันคุณภาพภายในสถานศึกษา','3800101570624','','2015-06-28 08:12:52','','','','','','2015-05-01','2015-09-30',''),(22,2558,1,'2','010',10000,0,'เดินทางไกลอยู่ค่ายพักแรมลูกเสือ เนตรนารี','3309900278030','','2015-06-28 08:14:37','','','','','','2015-05-28','2015-09-30',''),(23,2558,1,'2','011',8000,0,'ส่งเสริมสุนทรียภาพด้านดนตรี นาฏศิลป์ ศิลปะ กีฬา','3331001225793','','2015-06-28 08:16:19','','','','','','2015-05-01','2015-09-30',''),(24,2558,1,'2','012',4000,0,'สถานศึกษาสีขาว ปลอดยาเสพติดและอบายมุข','3331001225793','','2015-06-28 08:18:29','','','','','','2015-05-01','2015-09-30',''),(25,2558,1,'2','013',6000,0,'เกษตรผสมผสาน','3341901535969','','2015-06-28 08:20:24','','','','','','2015-05-01','2015-09-30',''),(26,2558,3,'4','014',20000,0,'พัฒนาบุคลากร','3340900543584','','2015-06-28 08:22:21','','','','','','2015-06-01','2015-09-30',''),(27,2558,2,'5','015',2000,0,'การบริหารงานงบประมาณ','3341501683553','','2015-06-28 09:10:12','','','','','','2015-05-01','2015-09-30',''),(28,2558,4,'3','016',500000,0,'อิ่มท้องสมองดี','3309900278030','','2015-06-28 09:11:26','','','','','','2015-05-01','2015-09-30',''),(29,2558,4,'2','017',6000,0,'ส่งเสริมพัฒนาประชาธิปไตยในโรงเรียน','3341501683553','','2015-06-28 10:27:54','','','','','','2015-05-01','2015-09-30',''),(30,2558,4,'2','018',2000,0,'ส่งเสริมและพัฒนาระบบดูแลช่วยเหลือนักเรียน','3349900708956','','2015-06-28 10:40:04','','','','','','2015-05-01','2015-09-30',''),(31,2558,4,'5','019',5000,0,'พัฒนาระบบสารสนเทศในโรงเรียน','3800101570624','','2015-06-28 10:41:34','','','','','','2015-05-01','2015-09-30',''),(32,0,0,'','',0,0,'','','','2015-06-28 10:45:10','','','','','','0000-00-00','0000-00-00',''),(33,2559,1,'1','001',2000,0,'พัฒนาหลักสูตรปฐมวัย','3309900278030','','2015-10-13 12:36:28','','','','','','2016-05-01','2016-09-30',''),(34,2559,1,'1','002',6000,0,'พัฒนาการเรียนการสอนระดับปฐมวัย','3309900278030','','2015-10-13 12:45:51','','','','','','2016-05-01','2016-09-30',''),(35,2559,1,'1','003',4000,0,'ส่งเสริมแววอัจฉริยะผู้เรียนปฐมวัย','3309900278030','','2015-10-13 12:48:19','','','','','','2016-05-01','2016-09-30',''),(36,2559,1,'1','004',3000,0,'ปรับปรุงและพัฒนาหลักสูตรสถานศึกษาขั้นพื้นฐาน','1341500171684','','2015-10-13 12:49:55','','','','','','2016-05-01','2016-09-30',''),(37,2559,1,'1','005',7000,0,'ยกระดับผลสัมฤทธิ์ทางการเรียน','3341501426925','','2015-10-13 01:20:44','','','','','','2016-05-01','2016-09-30',''),(38,2559,1,'1','006',85000,0,'การจัดการเรียนรู้แบบ Brain - Based Learning','3331001225793','','2015-10-13 01:21:40','','','','','modules/plan/planproject/detail/report2559_38.doc','2016-05-01','2016-09-30',''),(39,2559,1,'1','007',10000,0,'โครงการตามนโยบาย ลดเวลาเรียนเพิ่มเวลารู้','3331001225793','','2015-10-13 01:22:33','','','','','','2016-05-01','2016-09-30',''),(40,2559,1,'2','008',10000,0,'วันสำคัญ','3309900278030','','2015-10-13 01:34:06','','','','','','2016-05-01','2016-09-30',''),(41,2559,1,'5','009',2000,0,'การประกันคุณภาพภายในสถานศึกษา','3800101570624','','2015-10-13 01:36:34','','','','','','2016-05-01','2016-09-30',''),(42,2559,1,'2','010',10000,0,'เดินทางไกลอยู่ค่ายพักแรมลูกเสือ เนตรนารี','1349900004090','','2015-10-13 01:38:43','','','','','','2016-05-01','2016-09-30',''),(44,2559,1,'2','012',10000,0,'การแข่งขันกีฬาภายในนักเรียนโรงเรียนบ้านบาก ประจำปีการศึกษา 2559','3331001225793','','2015-10-13 01:41:42','','','','','','2016-05-01','2016-09-30',''),(45,2559,1,'1','013',5000,0,'ทดสอบสมรรถภาพทางกายนักเรียนโรงเรียนบ้านบาก','3331001225793','','2015-10-13 02:07:25','','','','','','2016-05-01','2016-09-30',''),(46,2559,1,'2','014',4000,0,'รณรงค์ป้องกันและแก้ไขปัญหายาเสพติดในสถานศึกษา','3331001225793','','2015-10-13 03:16:45','','','','','','2016-05-01','2016-09-30',''),(47,2559,3,'4','015',5500,0,'พัฒนาบุคลากร','3341501683553','','2015-10-13 03:18:43','','','','','','2016-05-01','2016-09-30',''),(48,2559,3,'4','016',3000,0,'พัฒนางานวิจัยในชั้นเรียน','3341501683553','','2015-10-13 03:19:42','','','','','','2016-05-01','2016-09-30',''),(49,2559,2,'5','017',20000,0,'การบริหารงานงบประมาณ','3341501683553','','2015-10-13 03:26:23','','','','','','2016-05-01','2016-09-30',''),(50,2559,4,'3','018',10000,0,'ปัจจัยพื้นฐานนักเรียนยากจน','3800101570624','','2015-10-13 03:28:15','','','','','','2016-05-01','2016-09-30',''),(51,2559,4,'5','019',6000,0,'การดำเนินงานตามโครงการเรียนฟรี อย่างมีคุณภาพ','3800101570624','','2015-10-13 03:29:38','','','','','','2016-05-01','2016-09-30',''),(52,2559,4,'3','020',500000,0,'อิ่มท้องสมองดี','3349900708956','','2015-10-13 03:30:57','','','','','','2016-05-01','2016-09-30',''),(53,2559,4,'3','021',0,0,'อาหารเสริม(นม)','3800101570624','','2015-10-13 03:33:37','','','','','','2016-05-01','2016-09-30',''),(54,2559,4,'5','022',4000,0,'ส่งเสริมระเบียบวินัยและประชาธิปไตยในโรงเรียน','3341501426925','','2015-10-13 03:41:49','','','','','','2016-05-01','2016-09-30',''),(55,2559,4,'2','023',2000,0,'ส่งเสริมและพัฒนาระบบดูแลช่วยเหลือนักเรียน','3309900278030','','2015-10-13 03:43:50','','','','','','2016-05-01','2016-09-30',''),(56,2559,4,'2','024',2000,0,'พัฒนาคุณธรรม จริยธรรมนักเรียนตามแนวคิดปรัชญาของเศรษฐกิจพอเพียง','3349900708956','','2015-10-13 03:44:53','','','','','','2016-05-01','2016-09-30',''),(57,2559,4,'5','025',3000,0,'โครงการพัฒนาระบบสารสนเทศในโรงเรียน','1349900004090','','2015-10-13 03:46:27','','','','','','2016-05-01','2016-09-30',''),(58,2559,4,'5','026',1000,0,'สานสัมพันธ์ชุมชน','3341501683553','','2016-11-03 03:30:34','','','','','','2016-05-01','2016-09-30',''),(59,2559,4,'1','027',5000,0,'โรงเรียนส่งเสริมสุขภาพ','3341901535969','','2016-11-03 03:34:25','','','','','','2016-05-01','2016-09-30',''),(60,2559,4,'5','028',13000,0,'ปรับปรุงสภาพแวดล้อม และแหล่งเรียนรู้ภายในโรงเรียน','3341501683553','','2016-11-03 03:36:00','','','','','','2016-05-01','2016-09-30',''),(61,2559,4,'2','029',4000,0,'วิถีชีวิตเศรษฐกิจพอเพียง','1349900004090','','2016-11-03 03:37:12','','','','','','2016-05-01','2016-09-30',''),(91,2562,1,'','001',1000,0,'พัฒนาหลักสูตรปฐมวัย','3341501426925','','2019-12-05 22:35:26','','','','','','2019-05-16','2019-09-30',''),(92,2562,1,'','002',6000,0,'พัฒนาการเรียนการสอนระดับปฐมวัย','3341501426925','','2019-12-05 22:40:25','','','','','','2019-05-16','2019-09-30',''),(93,2562,1,'','003',1500,0,'จัดหาวัสดุเพื่อพัฒนาคุณภาพทางการศึกษาระดับปฐมวัย','3341501426925','','2019-12-05 22:41:15','','','','','','2019-05-16','2019-09-30',''),(94,2562,1,'','004',1000,0,'ปรับปรุงและพัฒนาหลักสูตรสถานศึกษา\r\nขั้นพื้นฐาน\r\n','3800101570624','','2019-12-05 22:42:00','','','','','','2019-05-16','2019-09-30',''),(95,2562,1,'','005',100000,0,'ส่งเสริมวิชาการ','1341500171684','','2019-12-05 22:42:44','','','','','','2019-05-16','2019-09-30',''),(96,2562,1,'','006',5000,0,'ส่งเสริมการใช้ห้องสมุด','1341500171684','','2019-12-05 22:43:28','','','','','','2019-05-16','2019-09-30',''),(97,2562,1,'','007',25000,0,'ศึกษาแหล่งเรียนรู้','3800101570624','','2019-12-05 22:44:19','','','','','','2019-05-16','2019-09-30',''),(98,2562,1,'','008',30000,0,'ส่งเสริมการจัดการเรียนการสอนโดยใช้ระบบ ICT','3341500151205','','2019-12-05 22:45:36','','','','','','2019-05-16','2019-09-30',''),(99,2562,1,'','009',20000,0,'ลดเวลาเรียนเพิ่มเวลารู้','3341501683553','','2019-12-05 22:46:32','','','','','','2019-05-16','2019-09-30',''),(100,2562,1,'','010',2000,0,'การประกันคุณภาพภายในสถานศึกษา','3800101570624','','2019-12-05 22:47:19','','','','','','2019-05-16','2019-09-30',''),(101,2562,3,'','011',30000,0,'พัฒนาศักยภาพบุคลากร','3349900542748','','2019-12-05 22:48:15','','','','','','2019-05-16','2019-09-30',''),(102,2562,3,'','012',3000,0,'พัฒนาครูและบุคลากรทางการศึกษาโดยใช้\r\nกระบวนการชุมชนแห่งการเรียนรู้ทางวิชาชีพ\r\nProfessional  Learning  Community   (PLC)\r\n','1341500171684','','2019-12-05 22:49:26','','','','','','2019-05-16','2019-09-30',''),(103,2562,3,'','013',50000,0,'จ้างบุคลากรเพื่อพัฒนาคุณภาพการศึกษา','3341501683553','','2019-12-05 22:50:27','','','','','','2019-05-16','2019-09-30',''),(104,2562,2,'','014',25000,0,'การบริหารงานงบประมาณ','3341501683553','','2019-12-05 22:51:06','','','','','','2019-05-16','2019-09-30',''),(105,2562,2,'','015',25500,0,'ปัจจัยพื้นฐานนักเรียนยากจน','3800101570624','','2019-12-05 22:53:45','','','','','','2019-05-16','2019-09-30',''),(106,2563,1,'3','001',1000,0,'พัฒนาหลักสูตรปฐมวัย','3341501426925','','2020-11-08 11:39:38','','','','','','2020-05-16','2020-09-30',''),(107,2563,1,'3','002',6000,0,'พัฒนาการเรียนการสอนระดับปฐมวัย','3349800171543','','2020-11-02 05:10:39','','','','','','2020-11-16','2020-09-30',''),(138,2563,1,'3','003',12000,0,'จัดหาสื่อวัสดุเพื่อพัฒนาคุณภาพทางการศึกษาระดับปฐมวัย','3341501426925','','2020-11-03 20:15:14','','','','','','2020-11-16','2020-09-30',''),(139,2563,1,'3','004',3000,0,'บ้านนักวิทยาศาสตร์น้อย ประเทศไทย ระดับปฐมวัย','3349800171543','','2020-11-03 20:16:30','','','','','','2020-11-16','2020-09-30',''),(140,2563,1,'3','005',1000,0,'ปรับปรุงและพัฒนาหลักสูตรสถานศึกษา\r\nขั้นพื้นฐาน\r\n','3800101570624','','2020-11-03 20:17:24','','','','','','2020-11-16','2020-09-30',''),(141,2563,1,'3','006',80000,0,'ส่งเสริมพัฒนาศักยภาพทางวิชาการ','3800101570624','','2020-11-03 20:18:28','','','','','','2020-11-16','2020-09-30',''),(112,2563,1,'3','007',3000,0,'ส่งเสริมการใช้ห้องสมุด','3800101570624','','2020-11-02 10:59:14','','','','','','2020-05-16','2020-09-30',''),(113,2563,1,'3','008',20000,0,'ศึกษาแหล่งเรียนรู้','3340700621697','','2020-11-02 11:00:49','','','','','','2020-05-16','2020-09-30',''),(163,2563,4,'3','030',10000,0,'เฝ้าระวังป้องกันการควบคุมเชื้อไวรัสโควิด-๑๙','3341501683553','','2020-11-03 21:06:17','','','','','','2020-11-16','2020-09-30',''),(162,2563,4,'3','029',3000,0,'โรงเรียนส่งเสริมสุขภาพ','3340700621697','','2020-11-03 21:05:34','','','','','','2020-11-16','2020-09-30',''),(159,2563,4,'3','026',1000,0,'รณรงค์ป้องกันและแก้ไขปัญหายาเสพติดในสถานศึกษา','1330400287850','','2020-11-03 21:02:35','','','','','','2020-11-16','2020-09-30',''),(160,2563,4,'6','027',5000,0,'โครงการพัฒนาระบบสารสนเทศในโรงเรียน','3341500151205','','2020-11-03 21:03:21','','','','','','2020-11-16','2020-09-30',''),(161,2563,4,'4','028',8000,0,'สานสัมพันธ์ชุมชน','3341501683553','','2020-11-03 21:04:43','','','','','','2020-11-16','2020-09-30',''),(156,2563,4,'3','023',12000,0,'วันสำคัญ','3349900708956','','2020-11-03 21:00:08','','','','','','2020-11-16','2020-09-30',''),(157,2563,4,'3','024',8000,0,'เดินทางไกลอยู่ค่ายพักแรมลูกเสือ เนตรนารี','1330400287850','','2020-11-03 21:01:17','','','','','','2020-11-16','2020-09-30',''),(158,2563,4,'2','025',20000,0,'ส่งเสริมความเป็นเลิศด้านกีฬา','1330400287850','','2020-11-03 21:01:55','','','','','','2020-11-16','2020-09-30',''),(155,2563,4,'4','022',1000,0,'ส่งเสริมและพัฒนาระบบดูแลช่วยเหลือนักเรียน  ','3349900708956','','2020-11-03 20:59:10','','','','','','2020-11-16','2020-09-30',''),(154,2563,4,'3','021',1000,0,'ส่งเสริมระเบียบวินัย คุณธรรม จริยธรรม และประชาธิปไตยในโรงเรียน','1342200089801','','2020-11-03 20:57:36','','','','','','2020-11-16','2020-09-30',''),(142,2563,1,'4','009',5000,0,'ส่งเสริมการจัดการเรียนการสอนโดยใช้ระบบ ICT','3341500151205','','2020-11-03 20:47:26','','','','','','2020-11-16','2020-09-30',''),(143,2563,1,'3','010',10000,0,'ลดเวลาเรียนเพิ่มเวลารู้','1342200089801','','2020-11-03 20:48:13','','','','','','2020-11-16','2020-09-30',''),(152,2563,4,'4','019',504462,0,'อาหารกลางวัน','3341500151205','','2020-11-03 20:55:28','','','','','','2020-11-16','2020-09-30',''),(153,2563,4,'4','020',10000,0,'โครงการอาหารเสริม(นม)','3341500151205','','2020-11-03 20:56:51','','','','','','2020-11-16','2020-09-30',''),(151,2563,2,'6','018',10000,0,'โครงการสนับสนุนตามนโยบายของ สพฐ','3800101570624','','2020-11-03 20:54:41','','','','','','2020-11-16','2020-09-30',''),(150,2563,2,'5','017',0,0,'การดำเนินงานตามโครงการเรียนฟรี อย่างมีคุณภาพ','3341501683553','','2020-11-03 20:53:49','','','','','','2020-11-16','2020-09-30',''),(149,2563,2,'5','016',25500,0,'ปัจจัยพื้นฐานนักเรียนยากจน','3800101570624','','2020-11-03 20:53:08','','','','','','2020-11-16','2020-09-30',''),(148,2563,2,'5','015',25340,0,'การบริหารงานงบประมาณ','3341501683553','','2020-11-03 20:52:16','','','','','','2020-11-16','2020-09-30',''),(147,2563,3,'3','014',3000,0,'พัฒนาครูและบุคลากรทางการศึกษาโดยใช้\r\nกระบวนการชุมชนแห่งการเรียนรู้ทางวิชาชีพ\r\nProfessional  Learning  Community (PLC)\r\n','1342200089801','','2020-11-03 20:51:32','','','','','','2020-11-16','2020-09-30',''),(146,2563,3,'3','013',20000,0,'พัฒนาศักยภาพบุคลากร','3349900542748','','2020-11-03 20:50:44','','','','','','2020-11-16','2020-09-30',''),(145,2563,1,'3','012',2000,0,'การประกันคุณภาพภายในสถานศึกษา','3800101570624','','2020-11-03 20:49:50','','','','','','2020-11-16','2020-09-30',''),(144,2563,1,'5','011',50000,0,'ศาสตร์พระราชาสานต่อพระราชดำริปรัชญาเศรษฐกิจพอเพียง','1330400287850','','2020-11-03 20:49:03','','','','','','2020-11-16','2020-09-30',''),(164,2563,4,'5','031',50000,0,'ปรับปรุงสภาพแวดล้อม และแหล่งเรียนรู้ในโรงเรียน ','1330400287850','','2020-11-03 21:07:16','','','','','','2020-11-16','2020-09-30',''),(165,2564,1,'3','001',1000,0,'พัฒนาหลักสูตรปฐมวัย','3349800171543','','2020-11-13 10:05:37','','','','','','2020-10-01','2021-09-30',''),(166,2564,1,'3','002',6000,0,'พัฒนาการเรียนการสอนระดับปฐมวัย','3349800171543','','2020-11-13 10:06:27','','','','','','2020-10-01','2021-09-30',''),(167,2564,1,'3','003',12000,0,'จัดหาสื่อวัสดุเพื่อพัฒนาคุณภาพทางการศึกษาระดับปฐมวัย','3349800171543','','2020-11-13 10:07:23','','','','','','2020-10-01','2021-09-30',''),(168,2564,1,'3','004',3000,0,'บ้านนักวิทยาศาสตร์น้อย ประเทศไทย ระดับปฐมวัย','3349800171543','','2020-11-13 10:08:15','','','','','','2020-10-01','2021-09-30',''),(169,2564,1,'3','005',1000,0,'ปรับปรุงและพัฒนาหลักสูตรสถานศึกษา\r\nขั้นพื้นฐาน\r\n','3800101570624','','2020-11-13 10:08:50','','','','','','2020-10-01','2021-09-30',''),(170,2564,1,'3','006',18620,0,'ส่งเสริมพัฒนาศักยภาพทางวิชาการ','3800101570624','','2020-11-13 10:09:56','','','','','','2020-10-01','2021-09-30',''),(171,2564,4,'4','019',484000,0,'อาหารกลางวัน','3341500151205','','2020-11-13 10:14:11','','','','','','2020-10-01','2021-09-30',''),(172,2564,1,'3','007',3000,0,'ส่งเสริมการใช้ห้องสมุด','1342200089801','','2020-11-13 10:15:51','','','','','','2020-10-01','2021-09-30',''),(173,2564,1,'6','008',20000,0,'ศึกษาแหล่งเรียนรู้','3340700621697','','2020-11-13 10:20:29','','','','','','2020-10-01','2021-09-30',''),(174,2564,1,'4','009',5000,0,'ส่งเสริมการจัดการเรียนการสอนโดยใช้ระบบ ICT','3341500151205','','2020-11-13 10:21:26','','','','','','2020-10-01','2021-09-30',''),(175,2564,1,'3','010',10000,0,'ลดเวลาเรียนเพิ่มเวลารู้','1342200089801','','2020-11-13 10:28:58','','','','','','2020-10-01','2021-09-30',''),(176,2564,1,'5','011',50000,0,'ศาสตร์พระราชาสานต่อพระราชดำริปรัชญาเศรษฐกิจพอเพียง','1330400287850','','2020-11-13 11:06:29','','','','','','2020-10-01','2021-09-30',''),(177,2564,1,'3','012',2000,0,'การประกันคุณภาพภายในสถานศึกษา','3800101570624','','2020-11-28 14:33:27','','','','','','2020-10-01','2021-09-30',''),(178,2564,3,'3','013',20000,0,'พัฒนาศักยภาพบุคลากร','3349900542748','','2020-11-28 14:35:50','','','','','','2020-10-01','2021-10-31',''),(179,2564,3,'3','014',3000,0,'พัฒนาครูและบุคลากรทางการศึกษาโดยใช้\r\nกระบวนการชุมชนแห่งการเรียนรู้ทางวิชาชีพ\r\nProfessional  Learning  Community (PLC)\r\n','1342200089801','','2020-11-28 14:36:54','','','','','','2020-10-01','2021-09-30',''),(180,2564,2,'5','015',25340,0,'การบริหารงานงบประมาณ','3341501683553','','2020-11-28 14:38:11','','','','','','2020-10-01','2021-09-30',''),(181,2564,2,'5','016',84000,0,'ปัจจัยพื้นฐานนักเรียนยากจน','3800101570624','','2020-11-28 14:40:14','','','','','','2020-10-01','2021-09-30',''),(182,2564,2,'5','017',129253.09,0,'การดำเนินงานตามโครงการเรียนฟรี อย่างมีคุณภาพ','3341501683553','','2020-11-28 14:41:18','','','','','','2020-10-01','2021-09-30',''),(183,2564,2,'','018',10000,0,'โครงการสนับสนุนตามนโยบายของ สพฐ','3800101570624','','2020-11-28 16:10:20','','','','','','2020-10-01','2021-09-30',''),(184,2564,4,'4','020',0,0,'โครงการอาหารเสริม(นม)','3341500151205','','2020-11-28 16:11:25','','','','','','2020-10-01','2021-09-30',''),(185,2564,4,'3','021',1000,0,'ส่งเสริมระเบียบวินัย คุณธรรม จริยธรรม และประชาธิปไตยในโรงเรียน','1342200089801','','2020-11-28 16:12:30','','','','','','2020-10-01','2021-03-31',''),(186,2564,4,'4','022',1000,0,'ส่งเสริมและพัฒนาระบบดูแลช่วยเหลือนักเรียน  ','3349900708956','','2020-11-28 16:13:44','','','','','','2020-10-01','2021-03-31',''),(187,2564,4,'3','023',12000,0,'วันสำคัญ','3349900708956','','2020-11-28 16:14:33','','','','','','2020-10-01','2021-09-30',''),(188,2564,4,'3','024',8000,0,'เดินทางไกลอยู่ค่ายพักแรมลูกเสือ เนตรนารี','1330400287850','','2020-11-28 16:36:21','','','','','','2020-10-01','2021-09-30',''),(189,2564,4,'2','025',20000,0,'ส่งเสริมความเป็นเลิศด้านกีฬา','1330400287850','','2020-11-28 16:37:36','','','','','','2020-10-01','2021-09-30',''),(190,2564,4,'3','026',1000,0,'รณรงค์ป้องกันและแก้ไขปัญหายาเสพติดในสถานศึกษา','1330400287850','','2020-11-28 16:38:29','','','','','','2020-10-01','2021-09-30',''),(191,2564,4,'6','027',5000,0,'โครงการพัฒนาระบบสารสนเทศในโรงเรียน','3341500151205','','2020-11-28 16:39:25','','','','','','2020-10-01','2021-09-30',''),(192,2564,4,'4','028',8000,0,'สานสัมพันธ์ชุมชน','3341501683553','','2020-11-28 16:40:25','','','','','','2020-10-01','2021-09-30',''),(193,2564,4,'3','029',3000,0,'โรงเรียนส่งเสริมสุขภาพ','3340700621697','','2020-11-28 16:41:27','','','','','','2020-10-01','2021-09-30',''),(194,2564,4,'3','030',10000,0,'เฝ้าระวังป้องกันการควบคุมเชื้อไวรัสโควิด-๑๙','3341501683553','','2020-11-28 16:42:37','','','','','','2020-10-01','2021-09-30',''),(195,2564,4,'5','031',50000,0,'ปรับปรุงสภาพแวดล้อม และแหล่งเรียนรู้ในโรงเรียน ','1330400287850','','2020-11-28 16:43:33','','','','','','2020-10-01','2021-09-30',''),(196,2564,1,'2','032',15000,0,'โครงการค่ายวิทยาศาสตร์','1342200089801','','2021-03-11 18:00:03','','','','','','2020-10-01','2021-09-30',''),(198,2564,4,'4','034',42208.38,0,'โครงการทุนเสมอภาค','3800101570624','','2021-03-11 18:05:06','','','','','','2020-10-01','2021-09-30',''),(199,2566,1,'','001',7000,0,'พัฒนาการเรียนการสอนระดับปฐมวัย','1349900954993','','2024-02-07 19:34:09','','','','','','2023-05-16','2023-09-29',''),(200,2566,1,'','002',3000,0,'บ้านนักวิทยาศาสตร์น้อยแห่งประเทศไทย','1349900954993','','2024-02-07 19:35:32','','','','','','2023-05-16','2023-09-30',''),(202,2568,1,'3','001',5000,0,'พัฒนาการเรียนการสอนระดับปฐมวัย','1341500107251','','2025-09-05 14:12:31','','','','','','2025-05-16','2026-05-15',''),(203,2568,1,'3','002',5000,0,'บ้านนักวิทยาศาสตร์น้อย ประเทศไทยระดับปบมวัย','1341500107251','','2025-09-05 14:13:47','','','','','','2025-05-16','2026-05-15',''),(204,2568,1,'3','003',1000,0,'ปรับปรุงและพัฒนาหลักสูตรสถานศึกษาขั้นพื้นฐาน','1349900954993','','2025-09-05 14:24:38','','','','','','2025-05-16','2026-05-15',''),(205,2568,1,'3','004',80000,0,'ส่งเสริมพัฒนาศักยภาพทางวิชาการ','1349900954993','','2025-09-05 14:31:58','','','','','','2025-05-16','2026-05-15',''),(206,2568,1,'4','005',3000,0,'ยกระดับผลสัมฤทธิ์ทางการเรียน','1349900954993','','2025-09-05 14:33:15','','','','','','2025-05-16','2026-05-15',''),(207,2568,1,'4','006',124927,0,'การดำเนินงานตามโครงการเรียนฟรี','3341500151205','','2025-09-05 14:44:20','','','','','','2025-05-16','2026-05-15',''),(208,2568,1,'4','007',20000,0,'ทัศนศึกษาและพัฒนาแหล่งเรียนรู้','1349900954993','','2025-09-05 14:46:00','','','','','','2025-05-16','2026-05-15',''),(209,2568,4,'1','008',5000,0,'น้อมนำศาสตร์พระราชา สู่การพัฒนาที่ยั่งยืน','1342200089801','','2025-09-05 14:47:25','','','','','','2025-05-16','2026-05-15',''),(210,2568,1,'3','009',1000,0,'การประกันคุณภาพภายใน','1349900954993','','2025-09-05 14:50:59','','','','','','2025-05-16','2026-05-15',''),(211,2568,4,'5','010',10000,0,'ส่งเสริมประเพณีท้องถิ่นและวันสำคัญของชาติ','1341500223587','','2025-09-05 14:52:26','','','','','','2025-05-16','2026-05-15',''),(212,2568,4,'3','011',7000,0,'เดินทางไกลอยู่ค่ายพักแรมลูกเสือ เนตรนารี','1342200089801','','2025-09-05 14:53:58','','','','','','2025-05-16','2026-05-15',''),(213,2568,4,'5','012',30000,0,'ส่งเสริมความเป็นเลิศด้านกีฬา','1341500223587','','2025-09-05 14:56:25','','','','','','2025-05-16','2026-05-15',''),(214,2568,3,'3','013',30000,0,'พัฒนาศักยภาพของบุคลากร','3340700621697','','2025-09-05 14:58:24','','','','','','2025-05-16','2026-05-15',''),(215,2568,3,'5','014',1000,0,'พัฒนาครูและบุคลากรทางการศึกษาโดยใช้กระบวนการชุมชนแห่งการเรียนรู้ทางวิชาชีพ','1342200089801','','2025-09-05 15:00:02','','','','','','2025-05-16','2026-05-15',''),(216,2568,2,'4','015',30000,0,'การบริหารงานงบประมาณ','3340700621697','','2025-09-05 15:01:17','','','','','','2025-05-16','2026-05-15',''),(217,2568,4,'4','016',469800,0,'อาหารกลางวัน','1341500223587','','2025-09-05 15:02:16','','','','','','2025-05-16','2026-05-15',''),(229,2568,4,'5','021',5000,0,'โรงเรียนส่งเสริมสุขภาพ','3340700621697','','2025-09-05 15:26:23','','','','','','2025-05-16','2026-05-15',''),(230,2568,4,'4','022',3000,0,'พัฒนาระบบสารสนเทศ และงานประชาสัมพันธ์','3341500151205','','2025-09-05 15:27:45','','','','','','2025-05-16','2026-05-15',''),(228,2568,4,'5','020',2000,0,'สานสัมพันธ์ชุมชน','1342200089801','','2025-09-05 15:25:20','','','','','','2025-05-16','2026-05-15',''),(227,2568,4,'5','019',7000,0,'รณรงค์ป้องกันและแก้ไขปัยหายาเสพติดในสถานศึกษา','1341500223587','','2025-09-05 15:24:12','','','','','','2025-05-16','2026-05-15',''),(226,2568,4,'4','018',3000,0,'ส่งเสริมและพัฒนาระบบดูแลช่วยเหลือนักเรียน','1341500223587','','2025-09-05 15:22:54','','','','','','2025-05-16','2026-05-15',''),(225,2568,4,'5','017',3000,0,'ส่งเสริมระเบียบวินัย คุณธรรม จริยธรรมและประชาธิปไตยในโรงเรียน','1341500223587','','2025-09-05 15:21:13','','','','','','2025-05-16','2026-05-15',''),(231,2568,4,'5','023',25000,0,'ปรับปรุงสภาพแวดล้อม และแหล่งเรียนรู้ในโรงเรียน','1342200089801','','2025-09-05 15:28:48','','','','','','2025-05-16','2026-05-15','');

--
