-- Table structure for table `bookregister_receive_filebook`
--

CREATE TABLE `bookregister_receive_filebook` (
  `id` int(11) NOT NULL AUTO_INCREMENT,
  `ref_id` varchar(50) NOT NULL,
  `file_name` varchar(100) NOT NULL,
  `file_des` varchar(100) NOT NULL,
  PRIMARY KEY (`id`)
) ENGINE=MyISAM DEFAULT CHARSET=utf8 COLLATE=utf8_general_ci;

--
-- Dumping data for table `bookregister_receive_filebook`
--


--
-- Table structure for table `bookregister_send`
--

CREATE TABLE `bookregister_send` (
  `ms_id` int(11) NOT NULL AUTO_INCREMENT,
  `year` int(11) NOT NULL,
  `register_number` int(11) NOT NULL,
  `book_no` varchar(50) NOT NULL,
  `signdate` date NOT NULL,
  `book_from` varchar(200) NOT NULL,
  `book_to` varchar(200) NOT NULL,
  `subject` varchar(150) NOT NULL,
  `operation` varchar(150) DEFAULT NULL,
  `workgroup` tinyint(4) NOT NULL DEFAULT 0,
  `comment` varchar(100) DEFAULT NULL,
  `register_date` date NOT NULL,
  `ref_id` varchar(50) NOT NULL,
  `officer` varchar(13) DEFAULT NULL,
  `secret` tinyint(4) NOT NULL DEFAULT 0,
  `office_type` tinyint(4) NOT NULL DEFAULT 1,
  PRIMARY KEY (`ms_id`)
) ENGINE=MyISAM DEFAULT CHARSET=utf8 COLLATE=utf8_general_ci;

--
-- Dumping data for table `bookregister_send`
--


--
-- Table structure for table `bookregister_send_filebook`
--

CREATE TABLE `bookregister_send_filebook` (
  `id` int(11) NOT NULL AUTO_INCREMENT,
  `ref_id` varchar(50) NOT NULL,
  `file_name` varchar(100) NOT NULL,
  `file_des` varchar(100) NOT NULL,
  PRIMARY KEY (`id`)
) ENGINE=MyISAM DEFAULT CHARSET=utf8 COLLATE=utf8_general_ci;

--
-- Dumping data for table `bookregister_send_filebook`
--


--
-- Table structure for table `bookregister_year`
--

CREATE TABLE `bookregister_year` (
  `id` int(11) NOT NULL AUTO_INCREMENT,
  `year` int(11) NOT NULL,
  `year_active` tinyint(4) NOT NULL DEFAULT 0,
  `start_receive_num` int(11) NOT NULL DEFAULT 1,
  `start_send_num` int(11) NOT NULL DEFAULT 1,
  `start_command_num` int(11) NOT NULL DEFAULT 1,
  `start_cer_num` int(11) NOT NULL DEFAULT 1,
  `school_code` varchar(15) DEFAULT NULL,
  `officer` varchar(13) DEFAULT NULL,
  `rec_date` date DEFAULT NULL,
  PRIMARY KEY (`id`)
) ENGINE=MyISAM AUTO_INCREMENT=4 DEFAULT CHARSET=utf8 COLLATE=utf8_general_ci;

--
-- Dumping data for table `bookregister_year`
--

INSERT INTO `bookregister_year` VALUES (1,2558,0,200,150,90,20,NULL,NULL,NULL),(2,2561,0,1,1,1,1,NULL,NULL,NULL),(3,2564,1,1,1,1,1,NULL,NULL,NULL);

--
-- Table structure for table `budget_bud`
--

CREATE TABLE `budget_bud` (
  `id` int(11) NOT NULL AUTO_INCREMENT,
  `budget_year` int(11) NOT NULL,
  `doc` varchar(50) NOT NULL,
  `refer_wd_id` int(11) NOT NULL,
  `status` tinyint(11) DEFAULT NULL,
  `bud_type_id` int(11) DEFAULT NULL,
  `item` varchar(150) DEFAULT NULL,
  `receive_amount` double DEFAULT NULL,
  `pay_amount` double DEFAULT NULL,
  `payed_person` varchar(50) NOT NULL,
  `pay_group` int(4) DEFAULT NULL,
  `rec_date` date NOT NULL,
  `officer` varchar(13) NOT NULL,
  PRIMARY KEY (`id`)
) ENGINE=MyISAM DEFAULT CHARSET=utf8 COLLATE=utf8_general_ci;

--
-- Dumping data for table `budget_bud`
--


--
-- Table structure for table `budget_category`
--

CREATE TABLE `budget_category` (
  `id` int(11) NOT NULL AUTO_INCREMENT,
  `category_id` int(11) NOT NULL,
  `category_name` varchar(30) NOT NULL,
  PRIMARY KEY (`id`),
  UNIQUE KEY `category_id` (`category_id`)
) ENGINE=MyISAM AUTO_INCREMENT=7 DEFAULT CHARSET=utf8 COLLATE=utf8_general_ci;

--
-- Dumping data for table `budget_category`
--

INSERT INTO `budget_category` VALUES (1,1,'เงินนอกงบประมาณ'),(2,2,'เงินงบประมาณ'),(3,3,'เงินรายได้แผ่นดิน'),(6,4,'วงเงินงบประมาณที่ได้รับจัดสรร');

--
-- Table structure for table `budget_deega`
--

CREATE TABLE `budget_deega` (
  `id` int(11) NOT NULL AUTO_INCREMENT,
  `budget_year` int(11) NOT NULL,
  `deega_num` float NOT NULL DEFAULT 0,
  `doc` varchar(20) NOT NULL,
  `receive_num` char(3) NOT NULL DEFAULT '',
  `plan` char(2) NOT NULL DEFAULT '',
  `project` varchar(20) NOT NULL,
  `activity` varchar(20) NOT NULL,
  `pay_group` char(3) NOT NULL DEFAULT '',
  `item` varchar(50) NOT NULL DEFAULT '',
  `withdraw` double NOT NULL DEFAULT 0,
  `tax` double NOT NULL DEFAULT 0,
  `pay` double NOT NULL DEFAULT 0,
  `officer` varchar(13) NOT NULL,
  `rec_date` date NOT NULL,
  PRIMARY KEY (`id`)
) ENGINE=MyISAM DEFAULT CHARSET=utf8 COLLATE=utf8_general_ci;

--
-- Dumping data for table `budget_deega`
--


--
-- Table structure for table `budget_document`
--

CREATE TABLE `budget_document` (
  `id` int(11) NOT NULL AUTO_INCREMENT,
  `subject` varchar(150) NOT NULL,
  `file_name` varchar(150) NOT NULL,
  `rec_date` date NOT NULL,
  `officer` varchar(13) NOT NULL,
  PRIMARY KEY (`id`)
) ENGINE=MyISAM DEFAULT CHARSET=utf8 COLLATE=utf8_general_ci;

--
-- Dumping data for table `budget_document`
--


--
-- Table structure for table `budget_main`
--

CREATE TABLE `budget_main` (
  `id` int(11) NOT NULL AUTO_INCREMENT,
  `budget_year` int(11) NOT NULL,
  `doc` varchar(30) NOT NULL,
  `refer_wd_id` int(11) DEFAULT NULL,
  `type_id` int(11) NOT NULL,
  `item` varchar(100) NOT NULL,
  `receive_amount` double DEFAULT NULL,
  `pay_amount` double DEFAULT NULL,
  `payed_person` varchar(50) NOT NULL,
  `change_amount` double DEFAULT NULL,
  `pay_group` int(4) DEFAULT NULL,
  `status` tinyint(4) NOT NULL,
  `rec_date` date NOT NULL,
  `officer` varchar(13) DEFAULT NULL,
  PRIMARY KEY (`id`)
) ENGINE=MyISAM AUTO_INCREMENT=9 DEFAULT CHARSET=utf8 COLLATE=utf8_general_ci;

--
-- Dumping data for table `budget_main`
--

INSERT INTO `budget_main` VALUES (3,2559,'บร22222',NULL,108,'เงินรายหัว 30 เปอร์เซนต์ 1/59',39600,NULL,'',NULL,NULL,2,'2016-07-23','3349800155637'),(4,2559,'บค1/59',1,108,'ค่าวัสดุ',NULL,200,'โฮมฮ้บ',NULL,203,4,'2016-07-23','3349800155637'),(5,2559,'บร002/6ก',NULL,118,'ค่าอาหารกลางวัน',80000,NULL,'',NULL,NULL,2,'2016-07-23','3349800155637'),(6,2559,'บถ.1/59',NULL,118,'ขอถอนเงินฝากธนาคาร',NULL,NULL,'',15000,NULL,7,'2016-07-23','3349800155637');

--
-- Table structure for table `budget_money_return`
--

CREATE TABLE `budget_money_return` (
  `id` int(11) NOT NULL AUTO_INCREMENT,
  `budget_year` int(11) DEFAULT NULL,
  `document` varchar(30) NOT NULL DEFAULT '',
  `item` varchar(100) NOT NULL DEFAULT '',
  `pj_activity` varchar(20) NOT NULL DEFAULT '',
  `money` double NOT NULL DEFAULT 0,
  `pay_type` varchar(10) NOT NULL,
  `p_request` varchar(13) NOT NULL DEFAULT '',
  `officer` varchar(13) NOT NULL DEFAULT '',
  `rec_date` date NOT NULL,
  PRIMARY KEY (`id`)
) ENGINE=MyISAM DEFAULT CHARSET=utf8 COLLATE=utf8_general_ci;

--
-- Dumping data for table `budget_money_return`
--


--
-- Table structure for table `budget_pay_type`
--

CREATE TABLE `budget_pay_type` (
  `id` int(11) NOT NULL AUTO_INCREMENT,
  `pay_type_id` int(11) NOT NULL,
  `pay_group_id` tinyint(4) NOT NULL,
  `pay_type_name` varchar(30) NOT NULL,
  PRIMARY KEY (`id`),
  UNIQUE KEY `pay_type_id` (`pay_type_id`)
) ENGINE=MyISAM AUTO_INCREMENT=16 DEFAULT CHARSET=utf8 COLLATE=utf8_general_ci;

--
-- Dumping data for table `budget_pay_type`
--

INSERT INTO `budget_pay_type` VALUES (1,101,1,'เงินเดือน'),(15,102,1,'ค่าจ้างประจำ'),(3,103,1,'ค่าจ้างชั่วคราว'),(4,104,1,'ค่าตอบแทนพนักงานราชการ'),(5,201,2,'ค่าตอบแทน'),(6,202,2,'ค่าใช้สอย'),(7,203,2,'ค่าวัสดุ'),(8,204,2,'ค่าสาธารณูปโภค'),(9,301,3,'ค่าครุภัณฑ์'),(10,302,3,'ค่าที่ดินและสิ่งก่อสร้าง');

--
-- Table structure for table `budget_permission`
--

CREATE TABLE `budget_permission` (
  `id` int(11) NOT NULL AUTO_INCREMENT,
  `person_id` varchar(13) NOT NULL,
  `p1` tinyint(4) NOT NULL,
  `p2` tinyint(4) NOT NULL,
  `p3` tinyint(4) NOT NULL,
  `p4` tinyint(4) NOT NULL,
  `officer` varchar(13) NOT NULL,
  `rec_date` date NOT NULL,
  PRIMARY KEY (`id`)
) ENGINE=MyISAM AUTO_INCREMENT=8 DEFAULT CHARSET=utf8 COLLATE=utf8_general_ci;

--
-- Dumping data for table `budget_permission`
--

INSERT INTO `budget_permission` VALUES (4,'3349800155637',1,1,1,1,'3349800155637','2016-07-23'),(3,'1311190001611',1,1,1,1,'3349800155637','2016-07-23'),(5,'3330500134466',1,1,1,1,'3330500134466','2016-07-23'),(6,'1339900429554',1,1,1,1,'3349800155637','2020-11-14'),(7,'1499900222991',1,1,1,1,'1499900222991','2022-07-23');

--
-- Table structure for table `budget_project`
--

CREATE TABLE `budget_project` (
  `id` int(11) NOT NULL AUTO_INCREMENT,
  `budget_year` int(11) NOT NULL,
  `code` varchar(16) NOT NULL DEFAULT '',
  `name` varchar(80) NOT NULL DEFAULT '',
  PRIMARY KEY (`id`)
) ENGINE=MyISAM DEFAULT CHARSET=utf8 COLLATE=utf8_general_ci;

--
-- Dumping data for table `budget_project`
--


--
-- Table structure for table `budget_receive`
--

CREATE TABLE `budget_receive` (
  `id` int(11) NOT NULL AUTO_INCREMENT,
  `budget_year` int(11) NOT NULL,
  `num` float NOT NULL DEFAULT 0,
  `book_number` varchar(30) NOT NULL DEFAULT '',
  `out_date` varchar(50) NOT NULL DEFAULT '',
  `book_ref` varchar(30) NOT NULL DEFAULT '',
  `plan` char(1) NOT NULL DEFAULT '',
  `project` varchar(16) NOT NULL DEFAULT '',
  `activity` varchar(50) NOT NULL DEFAULT '',
  `activity2` varchar(200) NOT NULL DEFAULT '',
  `m_source` varchar(7) NOT NULL DEFAULT '',
  `account` varchar(30) NOT NULL DEFAULT '',
  `m_pay` char(3) NOT NULL DEFAULT '',
  `item` varchar(250) NOT NULL DEFAULT '',
  `detail` varchar(250) NOT NULL DEFAULT '',
  `money` double NOT NULL DEFAULT 0,
  `rec_date` date DEFAULT NULL,
  `officer` varchar(13) NOT NULL DEFAULT '',
  PRIMARY KEY (`id`),
  UNIQUE KEY `num` (`num`)
) ENGINE=MyISAM DEFAULT CHARSET=utf8 COLLATE=utf8_general_ci;

--
-- Dumping data for table `budget_receive`
--


--
-- Table structure for table `budget_type`
--

CREATE TABLE `budget_type` (
  `id` int(11) NOT NULL AUTO_INCREMENT,
  `type_id` int(11) NOT NULL,
  `category_id` int(11) NOT NULL,
  `type_name` varchar(70) NOT NULL,
  PRIMARY KEY (`id`),
  UNIQUE KEY `type_id` (`type_id`)
) ENGINE=MyISAM AUTO_INCREMENT=49 DEFAULT CHARSET=utf8 COLLATE=utf8_general_ci;

--
-- Dumping data for table `budget_type`
--

INSERT INTO `budget_type` VALUES (1,101,1,'เงินรายได้สถานศึกษา'),(2,102,1,'เงินบริจาค'),(33,103,1,'เงินภาษีหัก ณ ที่จ่าย'),(4,104,1,'เงินลูกเสือ'),(34,105,1,'เงินเนตรนารี'),(6,106,1,'เงินยุวกาชาด'),(7,107,1,'เงินประกันสัญญา'),(8,108,1,'เงินอุดหนุนทั่วไป(ค่าใช้จ่ายรายหัวก่อนประถมศึกษา)'),(47,119,1,'เงินบริจาคมีวัตถุประสงค์'),(38,304,3,'รายได้เบ็ดเตล็ดอื่น'),(14,301,3,'ค่าขายของเบ็ดเตล็ด'),(36,302,3,'ค่าธรรมเนียมเบ็ดเตล็ด'),(37,303,3,'เงินเหลือจ่ายปีเก่าส่งคืน'),(29,109,1,'เงินอุดหนุนทั่วไป(ค่าใช้จ่ายรายหัวประถมศึกษา)'),(23,112,1,'เงินอุดหนุนทั่วไป(ปัจจัยพื้นฐานนักเรียนยากจนประถมศึกษา)'),(24,113,1,'เงินอุดหนุนทั่วไป(ปัจจัยพื้นฐานนักเรียนยากจนมัธยมต้น)'),(25,114,1,'เรียนฟรี15ปี(ค่าหนังสือเรียน)'),(26,115,1,'เรียนฟรี15ปี(ค่าอุปกรณ์การเรียน)'),(27,116,1,'เรียนฟรี15ปี(ค่าเครื่องแบบนักเรียน)'),(28,117,1,'เรียนฟรี15ปี(ค่ากิจกรรมพัฒนาผู้เรียน)'),(30,110,1,'เงินอุดหนุนทั่วไป(ค่าใช้จ่ายรายหัวมัธยมศึกษาตอนต้น)'),(31,111,1,'เงินอุดหนุนทั่วไป(ค่าใช้จ่ายรายหัวมัธยมศึกษาตอนปลาย)'),(35,118,1,'เงินอาหารกลางวัน'),(48,120,1,'เงินอุดหนุนที่ได้รับจากอบต./เทศบาล');

--
-- Table structure for table `budget_withdraw`
--

CREATE TABLE `budget_withdraw` (
  `id` int(11) NOT NULL AUTO_INCREMENT,
  `budget_year` int(11) DEFAULT NULL,
  `document` varchar(30) NOT NULL DEFAULT '',
  `item` varchar(100) NOT NULL DEFAULT '',
  `pj_activity` varchar(20) NOT NULL DEFAULT '',
  `money` double NOT NULL DEFAULT 0,
  `money_type` varchar(3) NOT NULL,
  `pay_type` varchar(10) NOT NULL,
  `p_request` varchar(50) NOT NULL,
  `status` tinyint(4) DEFAULT 0,
  `officer` varchar(13) NOT NULL DEFAULT '',
  `rec_date` date NOT NULL,
  `borrowed_rec_date` date NOT NULL,
  `withdraw_rec_date` date NOT NULL,
  PRIMARY KEY (`id`)
) ENGINE=MyISAM AUTO_INCREMENT=2 DEFAULT CHARSET=utf8 COLLATE=utf8_general_ci;

--
-- Dumping data for table `budget_withdraw`
--

INSERT INTO `budget_withdraw` VALUES (1,2559,'บท1/59','ขออนุมัติเบิกเงิน','011001',500,'108','203','นางสาวสุวิมล  เพิ่มพลกรัง',1,'3349800155637','2016-07-23','0000-00-00','2016-07-23');

--
-- Table structure for table `budget_year`
--

CREATE TABLE `budget_year` (
  `id` int(11) NOT NULL AUTO_INCREMENT,
  `budget_year` int(11) NOT NULL,
  `year_active` tinyint(1) NOT NULL,
  PRIMARY KEY (`id`),
  UNIQUE KEY `budget_year` (`budget_year`)
) ENGINE=MyISAM AUTO_INCREMENT=5 DEFAULT CHARSET=utf8 COLLATE=utf8_general_ci;

--
-- Dumping data for table `budget_year`
--

INSERT INTO `budget_year` VALUES (1,2559,0),(3,2563,0),(4,2564,1);

--
-- Table structure for table `cabinet_cabinet`
--

CREATE TABLE `cabinet_cabinet` (
  `id` int(11) NOT NULL AUTO_INCREMENT,
  `cabinet_id` int(11) NOT NULL,
  `cabinet_type` tinyint(4) NOT NULL,
  `cabinet_name` varchar(100) NOT NULL,
  `cabinet_size` double NOT NULL,
  `tray_size` double NOT NULL,
  `cabinet_person` varchar(13) NOT NULL,
  PRIMARY KEY (`id`),
  UNIQUE KEY `cabinet_id` (`cabinet_id`)
) ENGINE=MyISAM AUTO_INCREMENT=2 DEFAULT CHARSET=utf8 COLLATE=utf8_general_ci;

--
-- Dumping data for table `cabinet_cabinet`
--

INSERT INTO `cabinet_cabinet` VALUES (1,1,2,'งานธุรการ',1000,100,'3341500771599');

--
-- Table structure for table `cabinet_file`
--

CREATE TABLE `cabinet_file` (
  `id` int(11) NOT NULL AUTO_INCREMENT,
  `file_id` int(11) NOT NULL,
  `tray_id` bigint(11) NOT NULL,
  `cabinet_id` int(11) NOT NULL,
  `file_name` varchar(100) NOT NULL,
  PRIMARY KEY (`id`)
) ENGINE=MyISAM AUTO_INCREMENT=4 DEFAULT CHARSET=utf8 COLLATE=utf8_general_ci;

--
-- Dumping data for table `cabinet_file`
--

INSERT INTO `cabinet_file` VALUES (1,1,3341500771599,1,'งานทะเบียนรับ'),(2,2,3341500771599,1,'งานเอกสารรวม'),(3,3,3341500771599,1,'ประวัตินักเรียน');

--
-- Table structure for table `cabinet_main`
--

CREATE TABLE `cabinet_main` (
  `id` int(11) NOT NULL AUTO_INCREMENT,
  `file_id` int(11) NOT NULL,
  `tray_id` bigint(11) NOT NULL,
  `cabinet_id` int(11) NOT NULL,
  `cabinet_type` tinyint(4) NOT NULL,
  `doc_subject` varchar(150) NOT NULL,
  `doc_size` double NOT NULL,
  `doc_name` varchar(100) NOT NULL,
  `doc_type` varchar(10) NOT NULL,
  `status` tinyint(4) NOT NULL DEFAULT 0,
  `person_id` varchar(13) NOT NULL,
  `rec_date` datetime NOT NULL,
  PRIMARY KEY (`id`)
) ENGINE=MyISAM DEFAULT CHARSET=utf8 COLLATE=utf8_general_ci;

--
-- Dumping data for table `cabinet_main`
--


--
-- Table structure for table `cabinet_permission`
--

CREATE TABLE `cabinet_permission` (
  `id` int(11) NOT NULL AUTO_INCREMENT,
  `person_id` varchar(13) NOT NULL,
  `p1` tinyint(4) DEFAULT NULL,
  `officer` varchar(13) NOT NULL,
  `rec_date` date NOT NULL,
  PRIMARY KEY (`id`),
  UNIQUE KEY `person_id` (`person_id`)
) ENGINE=MyISAM AUTO_INCREMENT=2 DEFAULT CHARSET=utf8 COLLATE=utf8_general_ci;

--
-- Dumping data for table `cabinet_permission`
--

INSERT INTO `cabinet_permission` VALUES (1,'3341500771599',1,'3341500771599','2018-11-14');

--
-- Table structure for table `cabinet_tray`
--

CREATE TABLE `cabinet_tray` (
  `id` int(11) NOT NULL AUTO_INCREMENT,
  `tray_id` bigint(20) NOT NULL,
  `cabinet_id` int(11) NOT NULL,
  `tray_name` varchar(100) NOT NULL,
  PRIMARY KEY (`id`)
) ENGINE=MyISAM AUTO_INCREMENT=2 DEFAULT CHARSET=utf8 COLLATE=utf8_general_ci;

--
-- Dumping data for table `cabinet_tray`
--

INSERT INTO `cabinet_tray` VALUES (1,3341500771599,1,'พัชรินทร์   _สิมาวัน');

--
-- Table structure for table `delegate_main`
--

CREATE TABLE `delegate_main` (
  `id` int(11) NOT NULL AUTO_INCREMENT,
  `person_id` varchar(13) NOT NULL,
  `start` date NOT NULL,
  `finish` date NOT NULL,
  `remark` varchar(250) NOT NULL,
  `officer` varchar(13) NOT NULL,
  `rec_date` date NOT NULL,
  PRIMARY KEY (`id`)
) ENGINE=MyISAM AUTO_INCREMENT=2 DEFAULT CHARSET=utf8 COLLATE=utf8_general_ci;

--
-- Dumping data for table `delegate_main`
--

INSERT INTO `delegate_main` VALUES (1,'3349900613700','2024-12-13','2025-09-30','','3341500771599','2025-05-21');

--
-- Table structure for table `delegate_permission`
--

CREATE TABLE `delegate_permission` (
  `id` int(11) NOT NULL AUTO_INCREMENT,
  `person_id` varchar(13) NOT NULL,
  `p1` tinyint(4) NOT NULL,
  `officer` varchar(13) NOT NULL,
  `rec_date` date NOT NULL,
  PRIMARY KEY (`id`)
) ENGINE=MyISAM AUTO_INCREMENT=4 DEFAULT CHARSET=utf8 COLLATE=utf8_general_ci;

--
-- Dumping data for table `delegate_permission`
--

INSERT INTO `delegate_permission` VALUES (1,'3341500771599',1,'3341500771599','2018-11-14'),(2,'1349900766313',1,'3341500771599','2022-10-01'),(3,'1499900222991',1,'3341500771599','2022-10-01');

--
-- Table structure for table `health_age_height`
--

CREATE TABLE `health_age_height` (
  `id` int(11) NOT NULL AUTO_INCREMENT,
  `type` tinyint(4) NOT NULL DEFAULT 1,
  `sex` tinyint(4) NOT NULL DEFAULT 2,
  `age` double NOT NULL,
  `height_1` double NOT NULL,
  `height_2` double NOT NULL,
  `height_3` double NOT NULL,
  `height_4` double NOT NULL,
  PRIMARY KEY (`id`)
) ENGINE=MyISAM AUTO_INCREMENT=63 DEFAULT CHARSET=utf8 COLLATE=utf8_general_ci;

--
-- Dumping data for table `health_age_height`
--

INSERT INTO `health_age_height` VALUES (1,0,1,1,70,71.5,80,81),(2,0,1,1.25,72.5,73.5,83.5,85),(3,0,1,1.5,75,77,86.5,88),(4,0,1,1.75,77.5,79.5,89.5,91),(5,0,1,2,80,81.5,92,93.5),(6,0,1,2.25,82,84,94,96),(7,0,1,2.5,83.5,84.5,96.5,98),(8,0,1,2.75,85.5,87.5,98.5,100),(9,0,1,3,87,89.5,100.5,102),(10,0,1,3.25,89,91,102.5,104),(11,0,1,3.5,90.5,93,104.5,106),(12,0,1,3.75,92,94.5,106.5,108),(13,0,1,4,93.5,96,108,110),(14,0,1,4.25,95,96.5,110,112),(15,0,1,4.5,97,99,112,113.5),(16,0,1,4.75,98.5,100.5,113.5,115),(17,0,1,5,100,102,115,117.7),(18,0,2,1,67,69,79,80.5),(19,0,2,1.25,70,72,82.5,84.5),(20,0,2,1.5,73,74.5,85,87.5),(21,0,2,1.75,75.5,77,88,89.5),(22,0,2,2,78,79.5,90.5,92),(23,0,2,2.25,80,82,92.5,94.5),(24,0,2,2.5,82,84,95,96.5),(25,0,2,2.75,84,86,97,98.5),(26,0,2,3,85.5,88,99,100.5),(27,0,2,3.25,87.5,89.5,100.5,102.5),(28,0,2,3.5,89,91.5,102.5,104.5),(29,0,2,3.75,90.5,93,104.5,106),(30,0,2,4,92.5,94.5,106.5,108.5),(31,0,2,4.25,94,96,108.5,110.5),(32,0,2,4.5,95.5,98,110.5,112.5),(33,0,2,4.75,97.5,99.5,112.5,114),(34,0,2,5,99,101,114,116),(35,1,1,5,100,102,115,117.5),(36,1,1,6,105.5,107.5,121.5,123.5),(37,1,1,7,110.5,113,127.5,130),(38,1,1,8,114.5,117.5,133.5,136),(39,1,1,9,119,122,138,141),(40,1,1,10,123.5,126.5,143.5,145.5),(41,1,1,11,127.5,130.5,149.5,153),(42,1,1,12,131.5,135,157,161),(43,1,1,13,135,139,162,166),(44,1,1,14,143,147.5,170,173),(45,1,1,15,149.5,153.5,173,176.5),(46,1,1,16,155,158.5,176,178.5),(47,1,1,17,157.5,160.5,177,179.5),(48,1,1,18,158.5,161.5,177.5,180),(49,1,2,5,99,101,114,116),(50,1,2,6,105,107.5,120.5,123),(51,1,2,7,109.5,112.5,126.5,129),(52,1,2,8,114.5,117,132.5,135),(53,1,2,9,119,122,139,142),(54,1,2,10,124,127,146,149.5),(55,1,2,11,129.5,133,152.5,155.5),(56,1,2,12,135.5,138.5,157,159.5),(57,1,2,13,140.5,143.5,160,162.5),(58,1,2,14,144.5,147,162,164.5),(59,1,2,15,146,148,163.5,166),(60,1,2,16,146.5,149,164,166.5),(61,1,2,17,147,149,164,166.5),(62,1,2,18,147,149.5,164,166.5);

--
-- Table structure for table `health_age_weight`
--

CREATE TABLE `health_age_weight` (
  `id` int(11) NOT NULL AUTO_INCREMENT,
  `type` tinyint(4) NOT NULL DEFAULT 1,
  `sex` tinyint(4) NOT NULL DEFAULT 2,
  `age` double NOT NULL,
  `weight_1` double NOT NULL,
  `weight_2` double NOT NULL,
  `weight_3` double NOT NULL,
  `weight_4` double NOT NULL,
  PRIMARY KEY (`id`)
) ENGINE=MyISAM AUTO_INCREMENT=63 DEFAULT CHARSET=utf8 COLLATE=utf8_general_ci;

--
-- Dumping data for table `health_age_weight`
--

INSERT INTO `health_age_weight` VALUES (1,0,1,1,7.8,8.3,11.5,11.5),(2,0,1,1.25,8.5,9,12,12.5),(3,0,1,1.5,8.9,9.4,12.9,13.5),(4,0,1,1.75,9.4,10,13.7,14.4),(5,0,1,2,9.8,10.5,14.5,15.2),(6,0,1,2.25,10.2,11,15,15.8),(7,0,1,2.5,10.6,11.4,15.8,16.7),(8,0,1,2.75,11,11.8,16.6,17.4),(9,0,1,3,11.4,12.2,17.3,18.2),(10,0,1,3.25,11.7,12.6,18,19),(11,0,1,3.5,12,12.8,18.7,19.8),(12,0,1,3.75,12.4,13.3,19.3,20.6),(13,0,1,4,12.7,13.6,20,21.3),(14,0,1,4.25,13.2,13.9,20.7,22),(15,0,1,4.5,13.4,14.3,21.3,22.7),(16,0,1,4.75,13.8,14.6,21.9,23.7),(17,0,1,5,14,15,23,24),(18,0,2,1,7.3,7.7,10.5,11),(19,0,2,1.25,7.8,8.3,11.3,11.9),(20,0,2,1.5,8.3,8.8,12,12.8),(21,0,2,1.75,8.8,9.3,12.9,13.6),(22,0,2,2,9,9.8,13.6,14.4),(23,0,2,2.25,9.5,10.2,14.4,15.2),(24,0,2,2.5,9.8,10.7,15.2,15.9),(25,0,2,2.75,10.3,11.2,15.9,16.9),(26,0,2,3,10.7,11.5,16.6,17.4),(27,0,2,3.25,11.2,11.9,17.3,18.2),(28,0,2,3.5,11.5,12.3,17.9,18.9),(29,0,2,3.75,11.8,12.7,18.5,19.7),(30,0,2,4,12.2,13,19.3,20.5),(31,0,2,4.25,12.4,13.4,19.7,21),(32,0,2,4.5,12.8,13.7,20.3,21.7),(33,0,2,4.75,13,13.9,20.9,22.3),(34,0,2,5,13.5,14,22,23.5),(35,1,1,5,14,15,23,24),(36,1,1,6,15.5,16.5,25.5,27),(37,1,1,7,17,18.5,28.5,31),(38,1,1,8,18.5,20,32,35),(39,1,1,9,20,21.5,36,39.5),(40,1,1,10,21.5,23.5,40.5,44.5),(41,1,1,11,23,25.5,45,49.5),(42,1,1,12,25.5,28,50,54.5),(43,1,1,13,28,31.5,54.5,58.5),(44,1,1,14,32,35.5,58.5,63.5),(45,1,1,15,36.5,40,62,65.5),(46,1,1,16,40.5,44,64,67.5),(47,1,1,17,43,46,66,69),(48,1,1,18,45,48,67,70),(49,1,2,5,13.5,14,22,23.5),(50,1,2,6,15,16,24.5,26.5),(51,1,2,7,16.5,17.5,28.5,31),(52,1,2,8,17.5,19,32.5,35.5),(53,1,2,9,19.5,21,37.5,41),(54,1,2,10,21.5,23.5,42,46),(55,1,2,11,23.5,26,46.5,50.5),(56,1,2,12,26.5,29,50,54),(57,1,2,13,29.5,33,53,55.5),(58,1,2,14,33.5,36.5,55,58.5),(59,1,2,15,36.5,38.5,56.5,59.5),(60,1,2,16,37.5,40,57,60),(61,1,2,17,38,41,57.5,60.5),(62,1,2,18,38.5,41,57.5,60.5);

--
-- Table structure for table `health_base`
--

CREATE TABLE `health_base` (
  `base_id` int(5) NOT NULL AUTO_INCREMENT,
  `study_year` int(5) NOT NULL,
  `term` int(3) NOT NULL,
  `status` int(2) NOT NULL,
  PRIMARY KEY (`base_id`)
) ENGINE=MyISAM AUTO_INCREMENT=3 DEFAULT CHARSET=utf8 COLLATE=utf8_general_ci;

--
-- Dumping data for table `health_base`
--

INSERT INTO `health_base` VALUES (1,2558,2,0),(2,2562,2,1);

--
-- Table structure for table `health_checking`
--

CREATE TABLE `health_checking` (
  `check_id` int(11) NOT NULL AUTO_INCREMENT,
  `student_id` int(11) NOT NULL,
  `student_number` varchar(13) NOT NULL,
  `year_std` varchar(5) NOT NULL,
  `term_std` varchar(3) NOT NULL,
  `class_now` tinyint(4) NOT NULL,
  `room` tinyint(4) NOT NULL,
  `number_check` int(5) NOT NULL,
  `gum` varchar(100) NOT NULL,
  `iodine` varchar(100) NOT NULL,
  `tooth` varchar(100) NOT NULL,
  `weight` varchar(10) NOT NULL,
  `tall` varchar(10) NOT NULL,
  `comment` text NOT NULL,
  `day` datetime NOT NULL,
  `usenull` text DEFAULT NULL,
  `life` varchar(10) NOT NULL,
  `push` varchar(10) NOT NULL,
  `sit` varchar(10) NOT NULL,
  `roll` varchar(10) NOT NULL,
  `run` varchar(10) NOT NULL,
  `person_check` varchar(255) NOT NULL,
  PRIMARY KEY (`check_id`)
) ENGINE=MyISAM AUTO_INCREMENT=2 DEFAULT CHARSET=utf8 COLLATE=utf8_general_ci;

--
-- Dumping data for table `health_checking`
--

INSERT INTO `health_checking` VALUES (1,1583,'0','2558','2',4,1,1,'ไม่มี','ปกติ','ไม่ผุ','15','110','','2558-10-27 01:38:46','','','','','','','1311190001611');

--
-- Table structure for table `health_personal`
--

CREATE TABLE `health_personal` (
  `per_id` int(11) NOT NULL AUTO_INCREMENT,
  `personal_code` varchar(13) NOT NULL,
  `per_position` int(3) NOT NULL,
  `per_status` int(3) NOT NULL,
  `person_room` int(3) NOT NULL,
  PRIMARY KEY (`per_id`)
) ENGINE=MyISAM AUTO_INCREMENT=9 DEFAULT CHARSET=utf8 COLLATE=utf8_general_ci;

--
-- Dumping data for table `health_personal`
--

INSERT INTO `health_personal` VALUES (1,'3349800155637',2,1,1),(2,'3349800155637',3,1,1),(3,'1311190001611',4,1,1),(4,'1311190001611',5,1,1),(5,'3349800168551',6,1,1),(6,'3349800168551',7,1,1),(7,'3330500134466',8,1,1),(8,'3341500771599',9,1,1);

--
-- Table structure for table `health_weight_height`
--

CREATE TABLE `health_weight_height` (
  `id` int(11) NOT NULL AUTO_INCREMENT,
  `type` tinyint(4) NOT NULL DEFAULT 0,
  `sex` tinyint(4) NOT NULL DEFAULT 1,
  `height` int(11) NOT NULL,
  `weight_1` double NOT NULL,
  `weight_2` double NOT NULL,
  `weight_3` double NOT NULL,
  `weight_4` double NOT NULL,
  `weight_5` double NOT NULL,
  PRIMARY KEY (`id`)
) ENGINE=MyISAM AUTO_INCREMENT=75 DEFAULT CHARSET=utf8 COLLATE=utf8_general_ci;

--
-- Dumping data for table `health_weight_height`
--

INSERT INTO `health_weight_height` VALUES (1,0,1,50,2.5,3,3.8,4,4.5),(2,0,1,55,3.5,4,4.8,5,6),(3,0,1,60,4.5,5,6.3,6.5,7.5),(4,0,1,65,5.5,6,7.8,8,9),(5,0,1,70,7,7.5,9.3,9.5,10.5),(6,0,1,75,8,8.5,10.8,11,12),(7,0,1,80,9,9.5,12,12.5,13.5),(8,0,1,85,10,10.5,13.5,14,15.5),(9,0,1,90,11,11.5,15,15.5,17),(10,0,1,95,12,12.5,16.5,17,19),(11,0,1,100,13,14,18.5,19,21),(12,0,1,105,14,15,20,21,22.5),(13,0,1,110,15.5,16.5,22,23,25),(14,0,1,115,17,18,24,25,28),(15,0,1,120,18.5,19.5,26.5,28,31),(16,0,1,125,20.5,21.5,29.5,31,35),(17,0,1,130,22,23.5,33,35,39.5),(18,0,1,135,24,25.5,37,39,45),(19,0,1,140,26.5,28,41,44,50),(20,0,2,50,3,3.1,3.8,4,4.5),(21,0,2,55,3.5,4,4.8,5,6),(22,0,2,60,4.5,5,6.3,6.5,7),(23,0,2,65,5.5,6,7.8,8,8.5),(24,0,2,70,6.5,7.5,8.8,9,10),(25,0,2,75,7.5,8.5,10.8,10.5,11.5),(26,0,2,80,8.5,9,11.5,12.5,13),(27,0,2,85,9.5,10,13,13.5,14.5),(28,0,2,90,10.5,11.5,14.5,15.5,16.5),(29,0,2,95,11.5,13,16.5,17,18.5),(30,0,2,100,13,13.5,18,18.5,20.5),(31,0,2,110,15.5,16,22,23,25),(32,0,2,115,16.5,17.5,24,25,28),(33,0,2,120,18,19,27,28.5,31.5),(34,0,2,125,19.5,21.5,30,31.5,35.5),(35,0,2,130,21.5,23,34,36,41),(36,0,2,135,23.5,25,38,40.5,46),(37,0,2,140,25.5,27.5,42.5,45.5,55.5),(38,0,2,105,14,15,19.5,20.5,22.5),(39,1,1,90,11,11.5,15,16,17),(40,1,1,95,12,12.5,17,17.5,19),(41,1,1,100,13,14,18,19,21),(42,1,1,105,14.5,15,19.5,20.5,22.5),(43,1,1,110,16,16.6,21.5,22.5,24.5),(44,1,1,115,17,18,24,25,27.5),(45,1,1,120,19,19.5,26.5,28,30.5),(46,1,1,125,20,21,29,31,34),(47,1,1,130,22,23,33,35,39),(48,1,1,135,24.5,25.5,37,39.5,45),(49,1,1,140,26.5,28.5,41,44,50),(50,1,1,145,29,31,45,48,54.5),(51,1,1,150,32,34,49,52.5,58.5),(52,1,1,155,35,37,53,56.5,62.5),(53,1,1,160,38.5,41,57,60.5,66.5),(54,1,1,165,42.5,45,61.5,64.5,70),(55,1,1,170,46,48.5,65,68,74.5),(56,1,1,175,49.5,52.5,69,72,77),(57,1,1,180,53,56,72,75,80),(58,1,2,90,11,11.5,15,16,17),(59,1,2,95,12,12.5,16,17,18.5),(60,1,2,100,13,13.5,18,19,20.5),(61,1,2,105,14,15,19.5,20.5,22.5),(62,1,2,110,15.5,16,21.5,22.5,25),(63,1,2,115,17,17.5,24,25,27.5),(64,1,2,120,18.5,19,26.5,28,31),(65,1,2,125,20,21,30,32,36),(66,1,2,130,21.5,22.5,33.5,36,41),(67,1,2,135,23.5,25,38,41,46),(68,1,2,140,26,27.5,42.5,45.5,51.5),(69,1,2,145,29,31,47,50,56.5),(70,1,2,150,32.5,34.5,51.5,54.5,61),(71,1,2,155,36,38.5,55.5,58.5,65),(72,1,2,160,39.5,42,59,62,68),(73,1,2,165,43,45.5,62,65,70.5),(74,1,2,170,47,48.5,65.5,67.5,72.5);

--
-- Table structure for table `idplan_education`
--

CREATE TABLE `idplan_education` (
  `id` int(11) NOT NULL AUTO_INCREMENT,
  `person_id` varchar(15) DEFAULT NULL,
  `class` varchar(30) DEFAULT NULL,
  `initials` varchar(30) DEFAULT NULL,
  `subject_1` varchar(150) DEFAULT NULL,
  `subject` varchar(150) DEFAULT NULL,
  `institute` varchar(200) DEFAULT NULL,
  `province` varchar(50) DEFAULT NULL,
  `finish_year` varchar(10) DEFAULT NULL,
  PRIMARY KEY (`id`)
) ENGINE=MyISAM AUTO_INCREMENT=9 DEFAULT CHARSET=utf8 COLLATE=utf8_general_ci;

--
-- Dumping data for table `idplan_education`
--


--
-- Table structure for table `idplan_list_setting`
--

CREATE TABLE `idplan_list_setting` (
  `id` int(11) NOT NULL AUTO_INCREMENT,
  `rating` int(5) DEFAULT NULL,
  `item_list` char(50) DEFAULT NULL,
  `permission` int(2) DEFAULT NULL,
  PRIMARY KEY (`id`)
) ENGINE=MyISAM AUTO_INCREMENT=12 DEFAULT CHARSET=utf8 COLLATE=utf8_general_ci;

--
-- Dumping data for table `idplan_list_setting`
--


--
-- Table structure for table `idplan_lookbook_1`
--

CREATE TABLE `idplan_lookbook_1` (
  `id` int(11) NOT NULL AUTO_INCREMENT,
  `person_id` varchar(15) DEFAULT NULL,
  `study_year` varchar(5) DEFAULT NULL,
  `term` varchar(2) DEFAULT NULL,
  `office` varchar(200) DEFAULT NULL,
  `school_name` varchar(250) DEFAULT NULL,
  `class` varchar(5) DEFAULT NULL,
  `subject_1` varchar(3) DEFAULT NULL,
  `subject_2` varchar(150) DEFAULT NULL,
  `house` int(3) DEFAULT NULL,
  PRIMARY KEY (`id`)
) ENGINE=MyISAM AUTO_INCREMENT=19 DEFAULT CHARSET=utf8 COLLATE=utf8_general_ci;

--
-- Dumping data for table `idplan_lookbook_1`
--


--
-- Table structure for table `idplan_lookbook_2`
--

CREATE TABLE `idplan_lookbook_2` (
  `id` int(11) NOT NULL AUTO_INCREMENT,
  `person_id` varchar(15) DEFAULT NULL,
  `year` varchar(5) DEFAULT NULL,
  `term` varchar(1) DEFAULT NULL,
  `week` varchar(3) DEFAULT NULL,
  `start_date` date DEFAULT NULL,
  `end_date` date DEFAULT NULL,
  `group_vicha_id` varchar(2) DEFAULT NULL,
  `vicha_name` varchar(200) DEFAULT NULL,
  `vicha_code` varchar(10) DEFAULT NULL,
  `vitaya` varchar(2) DEFAULT NULL,
  `hour_term` varchar(5) DEFAULT NULL,
  `time` varchar(5) DEFAULT NULL,
  `time_unit` varchar(25) DEFAULT NULL,
  `learn_type` varchar(2) DEFAULT NULL,
  `garantee` varchar(2) DEFAULT NULL,
  PRIMARY KEY (`id`)
) ENGINE=MyISAM AUTO_INCREMENT=20 DEFAULT CHARSET=utf8 COLLATE=utf8_general_ci;

--
-- Dumping data for table `idplan_lookbook_2`
--


--
-- Table structure for table `idplan_lookbook_3`
--

CREATE TABLE `idplan_lookbook_3` (
  `id` int(11) NOT NULL AUTO_INCREMENT,
  `person_id` varchar(15) DEFAULT NULL,
  `year` varchar(5) DEFAULT NULL,
  `term` varchar(1) DEFAULT NULL,
  `week` varchar(3) DEFAULT NULL,
  `start_date` date DEFAULT NULL,
  `end_date` date DEFAULT NULL,
  `vicha_support` varchar(200) DEFAULT NULL,
  `hour_week` varchar(5) DEFAULT NULL,
  `garantee` varchar(2) DEFAULT NULL,
  PRIMARY KEY (`id`)
) ENGINE=MyISAM AUTO_INCREMENT=22 DEFAULT CHARSET=utf8 COLLATE=utf8_general_ci;

--
-- Dumping data for table `idplan_lookbook_3`
--


--
-- Table structure for table `idplan_lookbook_4`
--

CREATE TABLE `idplan_lookbook_4` (
  `id` int(11) NOT NULL AUTO_INCREMENT,
  `person_id` varchar(15) DEFAULT NULL,
  `year` varchar(5) DEFAULT NULL,
  `term` varchar(1) DEFAULT NULL,
  `week` varchar(3) DEFAULT NULL,
  `start_date` date DEFAULT NULL,
  `end_date` date DEFAULT NULL,
  `policy` varchar(255) DEFAULT NULL,
  `hour_week` varchar(5) DEFAULT NULL,
  `garantee` varchar(2) DEFAULT NULL,
  PRIMARY KEY (`id`)
) ENGINE=MyISAM AUTO_INCREMENT=24 DEFAULT CHARSET=utf8 COLLATE=utf8_general_ci;

--
-- Dumping data for table `idplan_lookbook_4`
--


--
-- Table structure for table `idplan_lookbook_5`
--

CREATE TABLE `idplan_lookbook_5` (
  `id` int(11) NOT NULL AUTO_INCREMENT,
  `person_id` varchar(15) DEFAULT NULL,
  `rec_date` date DEFAULT NULL,
  `develop_name` varchar(255) DEFAULT NULL,
  `develop_code` varchar(15) DEFAULT NULL,
  `knowledge` varchar(10) DEFAULT NULL,
  `skill` varchar(10) DEFAULT NULL,
  `teacher` varchar(10) DEFAULT NULL,
  `develop_hour` varchar(5) DEFAULT NULL,
  `develop_start_date` date DEFAULT NULL,
  `num_date` int(5) DEFAULT NULL,
  `development` varchar(10) DEFAULT NULL,
  `garantee` varchar(2) DEFAULT NULL,
  PRIMARY KEY (`id`)
) ENGINE=MyISAM AUTO_INCREMENT=4 DEFAULT CHARSET=utf8 COLLATE=utf8_general_ci;

--
-- Dumping data for table `idplan_lookbook_5`
--


--
-- Table structure for table `idplan_lookbook_6`
--

CREATE TABLE `idplan_lookbook_6` (
  `id` int(11) NOT NULL AUTO_INCREMENT,
  `person_id` varchar(15) DEFAULT NULL,
  `group_activities` varchar(255) DEFAULT NULL,
  `num_member` int(5) DEFAULT NULL,
  `activities_name` varchar(255) DEFAULT NULL,
  `round` varchar(3) DEFAULT NULL,
  `date_activities` date DEFAULT NULL,
  `term` varchar(2) DEFAULT NULL,
  `year` varchar(5) DEFAULT NULL,
  `num_hour` varchar(5) DEFAULT NULL,
  `r_character` varchar(3) DEFAULT NULL,
  `income_activities` varchar(5) DEFAULT NULL,
  `issues` varchar(255) DEFAULT NULL,
  `cause` varchar(255) DEFAULT NULL,
  `knowledge` varchar(255) DEFAULT NULL,
  `activities` varchar(255) DEFAULT NULL,
  `r_activities` varchar(255) DEFAULT NULL,
  `reapply` varchar(255) DEFAULT NULL,
  `other` varchar(255) DEFAULT NULL,
  `garantee` varchar(2) DEFAULT NULL,
  PRIMARY KEY (`id`)
) ENGINE=MyISAM AUTO_INCREMENT=6 DEFAULT CHARSET=utf8 COLLATE=utf8_general_ci;

--
-- Dumping data for table `idplan_lookbook_6`
--


--
-- Table structure for table `idplan_lookbook_group_subject`
--

CREATE TABLE `idplan_lookbook_group_subject` (
  `id` int(11) NOT NULL AUTO_INCREMENT,
  `g_subject` varchar(255) DEFAULT NULL,
  PRIMARY KEY (`id`)
) ENGINE=MyISAM AUTO_INCREMENT=21 DEFAULT CHARSET=utf8 COLLATE=utf8_general_ci;

--
-- Dumping data for table `idplan_lookbook_group_subject`
--


--
-- Table structure for table `idplan_management_crown`
--

CREATE TABLE `idplan_management_crown` (
  `id` int(11) NOT NULL AUTO_INCREMENT,
  `crown_name_th` char(100) DEFAULT NULL,
  `crown_shot_name` char(10) DEFAULT NULL,
  `crown_name_en` char(150) DEFAULT NULL,
  PRIMARY KEY (`id`)
) ENGINE=MyISAM AUTO_INCREMENT=37 DEFAULT CHARSET=utf8 COLLATE=utf8_general_ci;

--
-- Dumping data for table `idplan_management_crown`
--


--
-- Table structure for table `idplan_management_crown_year`
--

CREATE TABLE `idplan_management_crown_year` (
  `id` int(11) NOT NULL AUTO_INCREMENT,
  `person_id` varchar(15) DEFAULT NULL,
  `crown_id` varchar(3) DEFAULT NULL,
  `crown_year` varchar(7) DEFAULT NULL,
  PRIMARY KEY (`id`)
) ENGINE=MyISAM AUTO_INCREMENT=4 DEFAULT CHARSET=utf8 COLLATE=utf8_general_ci;

--
-- Dumping data for table `idplan_management_crown_year`
--


--
-- Table structure for table `idplan_management_family`
--

CREATE TABLE `idplan_management_family` (
  `id` int(11) NOT NULL AUTO_INCREMENT,
  `person_id` varchar(15) DEFAULT NULL,
  `family_prename` varchar(20) DEFAULT NULL,
  `family_name` varchar(100) DEFAULT NULL,
  `family_surname` varchar(150) DEFAULT NULL,
  `birth_date` date DEFAULT NULL,
  `family_type` varchar(5) DEFAULT NULL,
  PRIMARY KEY (`id`)
) ENGINE=MyISAM AUTO_INCREMENT=10 DEFAULT CHARSET=utf8 COLLATE=utf8_general_ci;

--
-- Dumping data for table `idplan_management_family`
--

INSERT INTO `idplan_management_family` VALUES (9,'3330500134466','นาย','อดิศักดิ์','ส่งเสริม','1988-11-13','3');

--
-- Table structure for table `idplan_management_marry`
--

CREATE TABLE `idplan_management_marry` (
  `person_id` varchar(15) NOT NULL,
  `m_type` varchar(5) DEFAULT NULL,
  `m_prename` varchar(10) DEFAULT NULL,
  `m_name` varchar(50) DEFAULT NULL,
  `m_surname` varchar(150) DEFAULT NULL,
  PRIMARY KEY (`person_id`)
) ENGINE=MyISAM DEFAULT CHARSET=utf8 COLLATE=utf8_general_ci;

--
-- Dumping data for table `idplan_management_marry`
--

INSERT INTO `idplan_management_marry` VALUES ('3330500134466','2','นาง','เพชรรัตน์','ส่งเสริม');

--
-- Table structure for table `idplan_management_member`
--

CREATE TABLE `idplan_management_member` (
  `id` int(11) NOT NULL AUTO_INCREMENT,
  `person_id` varchar(15) DEFAULT NULL,
  `member_name` varchar(255) DEFAULT NULL,
  `member_number` varchar(30) DEFAULT NULL,
  PRIMARY KEY (`id`)
) ENGINE=MyISAM AUTO_INCREMENT=4 DEFAULT CHARSET=utf8 COLLATE=utf8_general_ci;

--
-- Dumping data for table `idplan_management_member`
--


--
-- Table structure for table `idplan_management_portfolio`
--

CREATE TABLE `idplan_management_portfolio` (
  `id` int(11) NOT NULL AUTO_INCREMENT,
  `person_id` varchar(15) DEFAULT NULL,
  `topic` varchar(200) DEFAULT NULL,
  `date` date DEFAULT NULL,
  `address` varchar(255) DEFAULT NULL,
  `pic_upload` varchar(50) DEFAULT NULL,
  PRIMARY KEY (`id`)
) ENGINE=MyISAM AUTO_INCREMENT=16 DEFAULT CHARSET=utf8 COLLATE=utf8_general_ci;

--
-- Dumping data for table `idplan_management_portfolio`
--


--
-- Table structure for table `idplan_management_vitaya`
--

CREATE TABLE `idplan_management_vitaya` (
  `id` int(11) NOT NULL AUTO_INCREMENT,
  `person_id` varchar(15) DEFAULT NULL,
  `vitaya_name` varchar(250) DEFAULT NULL,
  `vitaya_shot` varchar(50) DEFAULT NULL,
  `vitaya_date` date DEFAULT NULL,
  PRIMARY KEY (`id`)
) ENGINE=MyISAM AUTO_INCREMENT=8 DEFAULT CHARSET=utf8 COLLATE=utf8_general_ci;

--
-- Dumping data for table `idplan_management_vitaya`
--


--
-- Table structure for table `idplan_permission`
--

CREATE TABLE `idplan_permission` (
  `per_id` int(5) NOT NULL AUTO_INCREMENT,
  `person_id` char(15) DEFAULT NULL,
  `p1` int(2) DEFAULT NULL,
  `office` char(15) DEFAULT NULL,
  `rec_dat` date DEFAULT NULL,
  PRIMARY KEY (`per_id`)
) ENGINE=MyISAM AUTO_INCREMENT=36 DEFAULT CHARSET=utf8 COLLATE=utf8_general_ci;

--
-- Dumping data for table `idplan_permission`
--


--
-- Table structure for table `idplan_person_sch_profile`
--

CREATE TABLE `idplan_person_sch_profile` (
  `person_id` varchar(15) NOT NULL,
  `birth_date` date DEFAULT NULL,
  `f_date` date DEFAULT NULL,
  `vittaya` varchar(50) DEFAULT NULL,
  `work_old` int(3) DEFAULT NULL,
  `at_home` varchar(10) DEFAULT NULL,
  `moo` varchar(3) DEFAULT NULL,
  `tambun` varchar(50) DEFAULT NULL,
  `ampher` varchar(50) DEFAULT NULL,
  `province` varchar(70) DEFAULT NULL,
  `postcode` varchar(10) DEFAULT NULL,
  `home_phone` varchar(15) DEFAULT NULL,
  `mobile` varchar(15) DEFAULT NULL,
  `salary` int(10) DEFAULT NULL,
  `emoluments` int(10) DEFAULT NULL,
  `money_of_position` int(10) DEFAULT NULL,
  `m_type` varchar(5) DEFAULT NULL,
  `update_date` date DEFAULT NULL,
  PRIMARY KEY (`person_id`)
) ENGINE=MyISAM DEFAULT CHARSET=utf8 COLLATE=utf8_general_ci;

--
-- Dumping data for table `idplan_person_sch_profile`
--

INSERT INTO `idplan_person_sch_profile` VALUES ('3330500134466','1959-10-12','1978-06-16','ชำนาญการพิเศษ',41,'51/1','','วารินชำราบ','วารินชำราบ','อุบลราชธานี','','','',63800,5600,5600,'2','2019-08-08'),('1499900222991','1996-04-24','2022-05-20','',0,'56','6','นิคมคำสร้อย','นิคมคำสร้อย','มุกดาหาร','','','0834214798',0,0,0,'','2023-03-08'),('3341500771599',NULL,NULL,NULL,NULL,NULL,NULL,NULL,NULL,NULL,NULL,NULL,NULL,NULL,NULL,NULL,NULL,NULL),('1103703414780',NULL,NULL,NULL,NULL,NULL,NULL,NULL,NULL,NULL,NULL,NULL,NULL,NULL,NULL,NULL,NULL,NULL);

--
-- Table structure for table `la_cancel`
--

CREATE TABLE `la_cancel` (
  `id` int(11) NOT NULL AUTO_INCREMENT,
  `person_id` varchar(13) NOT NULL,
  `la_type` tinyint(4) NOT NULL,
  `write_at` varchar(100) DEFAULT NULL,
  `permission_start` date NOT NULL,
  `permission_finish` date NOT NULL,
  `permission_total` int(11) NOT NULL,
  `because` varchar(200) NOT NULL,
  `cancel_la_start` date NOT NULL,
  `cancel_la_finish` date NOT NULL,
  `cancel_la_total` int(11) NOT NULL,
  `no_comment` int(11) NOT NULL DEFAULT 0,
  `grant_p_selected` varchar(13) DEFAULT NULL,
  `rec_date` datetime NOT NULL,
  `officer_comment` varchar(200) DEFAULT NULL,
  `officer_sign` varchar(13) DEFAULT NULL,
  `officer_date` datetime DEFAULT NULL,
  `group_comment` varchar(100) DEFAULT NULL,
  `group_sign` varchar(13) DEFAULT NULL,
  `group_date` datetime DEFAULT NULL,
  `comment_date` datetime DEFAULT NULL,
  `commander_grant` tinyint(4) DEFAULT NULL,
  `commander_comment` varchar(100) DEFAULT NULL,
  `commander_sign` varchar(13) DEFAULT NULL,
  `grant_date` datetime DEFAULT NULL,
  PRIMARY KEY (`id`)
) ENGINE=MyISAM DEFAULT CHARSET=utf8 COLLATE=utf8_general_ci;

--
-- Dumping data for table `la_cancel`
--


--
-- Table structure for table `la_collect`
--

CREATE TABLE `la_collect` (
  `id` int(11) NOT NULL AUTO_INCREMENT,
  `year` int(11) NOT NULL,
  `person_id` varchar(13) NOT NULL,
  `collect_day` tinyint(4) NOT NULL DEFAULT 0,
  `this_year_day` tinyint(4) NOT NULL DEFAULT 0,
  `officer` varchar(13) DEFAULT NULL,
  `rec_date` date DEFAULT NULL,
  PRIMARY KEY (`id`)
) ENGINE=MyISAM DEFAULT CHARSET=utf8 COLLATE=utf8_general_ci;

--
-- Dumping data for table `la_collect`
--


--
-- Table structure for table `la_main`
--

CREATE TABLE `la_main` (
  `id` int(11) NOT NULL AUTO_INCREMENT,
  `person_id` varchar(13) NOT NULL,
  `la_type` tinyint(4) NOT NULL,
  `write_at` varchar(100) DEFAULT NULL,
  `because` varchar(250) DEFAULT NULL,
  `la_start` date NOT NULL,
  `la_finish` date NOT NULL,
  `la_total` int(11) NOT NULL,
  `last_la_start` date DEFAULT NULL,
  `last_la_finish` date DEFAULT NULL,
  `last_la_total` int(11) DEFAULT NULL,
  `contact` varchar(150) DEFAULT NULL,
  `contact_tel` varchar(20) DEFAULT NULL,
  `document` varchar(100) DEFAULT NULL,
  `no_comment` tinyint(4) NOT NULL DEFAULT 0,
  `grant_p_selected` varchar(13) DEFAULT NULL,
  `sick_ago` int(11) DEFAULT NULL,
  `sick_this` int(11) DEFAULT NULL,
  `sick_total` int(11) DEFAULT NULL,
  `privacy_ago` int(11) DEFAULT NULL,
  `privacy_this` int(11) DEFAULT NULL,
  `privacy_total` int(11) DEFAULT NULL,
  `birth_ago` int(11) DEFAULT NULL,
  `birth_this` int(11) DEFAULT NULL,
  `birth_total` int(11) DEFAULT NULL,
  `relax_ago` int(11) DEFAULT NULL,
  `relax_this` int(11) DEFAULT NULL,
  `relax_total` int(11) DEFAULT NULL,
  `relax_collect` tinyint(4) DEFAULT NULL,
  `relax_this_year` tinyint(4) DEFAULT NULL,
  `job_person` varchar(13) DEFAULT NULL,
  `job_person_sign` tinyint(4) NOT NULL DEFAULT 0,
  `rec_date` datetime NOT NULL,
  `officer_comment` varchar(200) DEFAULT NULL,
  `officer_sign` varchar(13) DEFAULT NULL,
  `officer_date` datetime DEFAULT NULL,
  `group_comment` varchar(100) DEFAULT NULL,
  `group_sign` varchar(13) DEFAULT NULL,
  `group_date` datetime DEFAULT NULL,
  `comment_date` datetime DEFAULT NULL,
  `commander_grant` tinyint(4) DEFAULT NULL,
  `commander_comment` varchar(100) DEFAULT NULL,
  `commander_sign` varchar(13) DEFAULT NULL,
  `grant_date` datetime DEFAULT NULL,
  PRIMARY KEY (`id`)
) ENGINE=MyISAM DEFAULT CHARSET=utf8 COLLATE=utf8_general_ci;

--
-- Dumping data for table `la_main`
--


--
-- Table structure for table `la_permission`
--

CREATE TABLE `la_permission` (
  `id` int(11) NOT NULL AUTO_INCREMENT,
  `person_id` varchar(13) NOT NULL,
  `p1` tinyint(4) NOT NULL,
  `officer` varchar(13) NOT NULL,
  `rec_date` date NOT NULL,
  PRIMARY KEY (`id`)
) ENGINE=MyISAM AUTO_INCREMENT=4 DEFAULT CHARSET=utf8 COLLATE=utf8_general_ci;

--
-- Dumping data for table `la_permission`
--

INSERT INTO `la_permission` VALUES (3,'1499900222991',1,'1499900222991','2022-07-23'),(2,'3341500771599',1,'3341500771599','2018-11-14');

--
-- Table structure for table `la_person_set`
--

CREATE TABLE `la_person_set` (
  `id` int(11) NOT NULL AUTO_INCREMENT,
  `person_id` varchar(13) NOT NULL,
  `comment_person` varchar(13) DEFAULT NULL,
  `grant_person` varchar(13) DEFAULT NULL,
  `officer` varchar(13) DEFAULT NULL,
  `rec_date` date DEFAULT NULL,
  PRIMARY KEY (`id`),
  UNIQUE KEY `person_id` (`person_id`)
) ENGINE=MyISAM AUTO_INCREMENT=6 DEFAULT CHARSET=utf8 COLLATE=utf8_general_ci;

--
-- Dumping data for table `la_person_set`
--

INSERT INTO `la_person_set` VALUES (1,'3349800155637','3340701263671','3340701263671','3341500771599','2018-11-14'),(2,'3341500771599','3340701263671','3340701263671','3341500771599','2018-11-14'),(3,'3340701263671','3340701263671','3340701263671','3341500771599','2018-11-14'),(4,'3341100640144','3340701263671','3340701263671','3341500771599','2018-11-14'),(5,'3330500134466','3340701263671','3340701263671','3341500771599','2018-11-14');

--
-- Table structure for table `la_year`
--

CREATE TABLE `la_year` (
  `id` int(11) NOT NULL AUTO_INCREMENT,
  `budget_year` int(11) NOT NULL,
  `year_active` tinyint(1) NOT NULL,
  PRIMARY KEY (`id`),
  UNIQUE KEY `budget_year` (`budget_year`)
) ENGINE=MyISAM AUTO_INCREMENT=3 DEFAULT CHARSET=utf8 COLLATE=utf8_general_ci;

--
-- Dumping data for table `la_year`
--

INSERT INTO `la_year` VALUES (1,2558,0),(2,2562,1);

--
-- Table structure for table `mail_filebook`
--

CREATE TABLE `mail_filebook` (
  `id` int(11) NOT NULL AUTO_INCREMENT,
  `ref_id` varchar(50) NOT NULL,
  `file_name` varchar(100) NOT NULL,
  `file_des` varchar(100) NOT NULL,
  PRIMARY KEY (`id`)
) ENGINE=MyISAM AUTO_INCREMENT=2 DEFAULT CHARSET=utf8 COLLATE=utf8_general_ci;

--
-- Dumping data for table `mail_filebook`
--

INSERT INTO `mail_filebook` VALUES (1,'13111900016111445916041','13111900016111445916041_1.jpg','รูปภาพอบรม amss');

--
-- Table structure for table `mail_group`
--

CREATE TABLE `mail_group` (
  `grp_id` int(11) NOT NULL AUTO_INCREMENT,
  `grp_name` varchar(50) NOT NULL,
  PRIMARY KEY (`grp_id`)
) ENGINE=MyISAM DEFAULT CHARSET=utf8 COLLATE=utf8_general_ci;

--
-- Dumping data for table `mail_group`
--


--
-- Table structure for table `mail_group_member`
--

CREATE TABLE `mail_group_member` (
  `id` int(11) NOT NULL AUTO_INCREMENT,
  `grp_id` int(11) NOT NULL,
  `person_id` varchar(13) NOT NULL,
  PRIMARY KEY (`id`)
) ENGINE=MyISAM DEFAULT CHARSET=utf8 COLLATE=utf8_general_ci;

--
-- Dumping data for table `mail_group_member`
--


--
-- Table structure for table `mail_main`
--

CREATE TABLE `mail_main` (
  `ms_id` int(11) NOT NULL AUTO_INCREMENT,
  `sender` varchar(13) NOT NULL,
  `subject` varchar(150) NOT NULL,
  `detail` text DEFAULT NULL,
  `ref_id` varchar(50) NOT NULL,
  `send_date` datetime NOT NULL,
  PRIMARY KEY (`ms_id`),
  KEY `ref_id` (`ref_id`)
) ENGINE=MyISAM AUTO_INCREMENT=2 DEFAULT CHARSET=utf8 COLLATE=utf8_general_ci;

--
-- Dumping data for table `mail_main`
--

INSERT INTO `mail_main` VALUES (1,'1311190001611','ภาพกิจกรรม','ยืนยันการเข้าร่วมกิจกรรม','13111900016111445916041','2015-10-27 10:23:08');

--
-- Table structure for table `mail_permission`
--

CREATE TABLE `mail_permission` (
  `id` int(11) NOT NULL AUTO_INCREMENT,
  `person_id` varchar(13) NOT NULL,
  `p1` tinyint(4) NOT NULL,
  `officer` varchar(13) NOT NULL,
  `rec_date` date NOT NULL,
  PRIMARY KEY (`id`)
) ENGINE=MyISAM DEFAULT CHARSET=utf8 COLLATE=utf8_general_ci;

--
-- Dumping data for table `mail_permission`
--


--
-- Table structure for table `mail_sendto_answer`
--

CREATE TABLE `mail_sendto_answer` (
  `id` int(11) NOT NULL AUTO_INCREMENT,
  `ref_id` varchar(50) NOT NULL,
  `send_to` varchar(13) NOT NULL,
  `answer` tinyint(4) NOT NULL DEFAULT 0,
  `answer_time` datetime NOT NULL,
  PRIMARY KEY (`id`),
  KEY `ref_id` (`ref_id`),
  KEY `send_to` (`send_to`)
) ENGINE=MyISAM AUTO_INCREMENT=5 DEFAULT CHARSET=utf8 COLLATE=utf8_general_ci;

--
-- Dumping data for table `mail_sendto_answer`
--

INSERT INTO `mail_sendto_answer` VALUES (1,'13111900016111445916041','3340701263671',0,'0000-00-00 00:00:00'),(2,'13111900016111445916041','3349800168551',0,'0000-00-00 00:00:00'),(3,'13111900016111445916041','3349800155637',1,'2016-07-23 12:33:46'),(4,'13111900016111445916041','3330500134466',1,'2015-12-09 10:22:40');

--
-- Table structure for table `meeting_main`
--

CREATE TABLE `meeting_main` (
  `id` int(11) NOT NULL AUTO_INCREMENT,
  `room` tinyint(4) NOT NULL,
  `book_date` date NOT NULL,
  `book_date_end` date NOT NULL,
  `start_time` tinyint(4) NOT NULL,
  `finish_time` tinyint(4) NOT NULL,
  `objective` varchar(200) NOT NULL,
  `book_person` varchar(13) NOT NULL,
  `rec_date` datetime NOT NULL,
  `approve` int(11) DEFAULT NULL,
  `reason` varchar(200) DEFAULT NULL,
  `person_num` int(11) NOT NULL,
  `other` varchar(250) NOT NULL,
  `officer` varchar(13) DEFAULT NULL,
  `officer_date` datetime DEFAULT NULL,
  PRIMARY KEY (`id`)
) ENGINE=MyISAM DEFAULT CHARSET=utf8 COLLATE=utf8_general_ci;

--
-- Dumping data for table `meeting_main`
--


--
-- Table structure for table `meeting_permission`
--

CREATE TABLE `meeting_permission` (
  `id` int(11) NOT NULL AUTO_INCREMENT,
  `person_id` varchar(13) NOT NULL,
  `p1` tinyint(4) NOT NULL,
  `officer` varchar(13) NOT NULL,
  `rec_date` date NOT NULL,
  PRIMARY KEY (`id`)
) ENGINE=MyISAM DEFAULT CHARSET=utf8 COLLATE=utf8_general_ci;

--
-- Dumping data for table `meeting_permission`
--


--
-- Table structure for table `meeting_room`
--

CREATE TABLE `meeting_room` (
  `id` int(11) NOT NULL AUTO_INCREMENT,
  `room_code` tinyint(4) NOT NULL,
  `room_name` varchar(100) NOT NULL,
  `active` int(11) NOT NULL DEFAULT 0,
  PRIMARY KEY (`id`)
) ENGINE=MyISAM AUTO_INCREMENT=11 DEFAULT CHARSET=utf8 COLLATE=utf8_general_ci;

--
-- Dumping data for table `meeting_room`
--

INSERT INTO `meeting_room` VALUES (1,1,'ห้องประชุม1',1),(2,2,'ห้องประชุม2',1),(3,3,'ห้องประชุม3',0),(4,4,'หอ้งประชุม4',0),(5,5,'ห้องประชุม5',0),(6,6,'ห้องประชุม6',0),(7,7,'ห้องประชุม7',0),(8,8,'ห้องประชุม8',0),(9,9,'ห้องประชุม9',0),(10,10,'ห้องประชุม10',0);

--
-- Table structure for table `news_mainitem`
--

CREATE TABLE `news_mainitem` (
  `id` int(11) NOT NULL AUTO_INCREMENT,
  `code` int(11) NOT NULL,
  `mainitem` varchar(150) NOT NULL,
  `item_active` tinyint(1) NOT NULL DEFAULT 0,
  PRIMARY KEY (`id`),
  UNIQUE KEY `code` (`code`)
) ENGINE=MyISAM DEFAULT CHARSET=utf8 COLLATE=utf8_general_ci;

--
-- Dumping data for table `news_mainitem`
--


--
-- Table structure for table `news_news`
--

CREATE TABLE `news_news` (
  `id` int(11) NOT NULL AUTO_INCREMENT,
  `report_date` datetime NOT NULL,
  `news` varchar(250) NOT NULL,
  `file` varchar(150) NOT NULL,
  `section` int(11) NOT NULL,
  `mainitem_code` int(11) NOT NULL,
  `officer` varchar(13) NOT NULL,
  PRIMARY KEY (`id`)
) ENGINE=MyISAM DEFAULT CHARSET=utf8 COLLATE=utf8_general_ci;

--
-- Dumping data for table `news_news`
--


--
-- Table structure for table `news_permission`
--

CREATE TABLE `news_permission` (
  `id` int(11) NOT NULL AUTO_INCREMENT,
  `person_id` varchar(13) NOT NULL,
  `p1` tinyint(4) NOT NULL,
  `officer` varchar(13) NOT NULL,
  `rec_date` date NOT NULL,
  PRIMARY KEY (`id`)
) ENGINE=MyISAM DEFAULT CHARSET=utf8 COLLATE=utf8_general_ci;

--
-- Dumping data for table `news_permission`
--


--
-- Table structure for table `news_section`
--

CREATE TABLE `news_section` (
  `id` int(11) NOT NULL AUTO_INCREMENT,
  `code` tinyint(4) NOT NULL,
  `name` varchar(100) NOT NULL,
  `mainitem_code` int(11) NOT NULL,
  PRIMARY KEY (`id`)
) ENGINE=MyISAM DEFAULT CHARSET=utf8 COLLATE=utf8_general_ci;

--
-- Dumping data for table `news_section`
--


--
-- Table structure for table `permission_date`
--

CREATE TABLE `permission_date` (
  `id` int(11) NOT NULL AUTO_INCREMENT,
  `person_id` varchar(13) NOT NULL,
  `ref_id` varchar(50) NOT NULL,
  `date` date NOT NULL,
  `rec_date` datetime NOT NULL,
  PRIMARY KEY (`id`)
) ENGINE=MyISAM AUTO_INCREMENT=5 DEFAULT CHARSET=utf8 COLLATE=utf8_general_ci;

--
-- Dumping data for table `permission_date`
--

INSERT INTO `permission_date` VALUES (1,'1311190001611','144592187329400','2015-10-27','2015-10-27 11:57:53'),(2,'3341500771599','154217100031054','2018-11-13','2018-11-14 11:50:00'),(3,'3341500771599','154217100031054','2018-11-14','2018-11-14 11:50:00'),(4,'3341500771599','154217100031054','2018-11-29','2018-11-14 11:50:00');

--
-- Table structure for table `permission_main`
--

CREATE TABLE `permission_main` (
  `id` int(11) NOT NULL AUTO_INCREMENT,
  `person_id` varchar(13) NOT NULL,
  `ref_id` varchar(50) NOT NULL,
  `subject` varchar(150) NOT NULL,
  `place` varchar(150) NOT NULL,
  `vehicle` varchar(150) DEFAULT NULL,
  `document` varchar(150) DEFAULT NULL,
  `no_comment` tinyint(4) NOT NULL DEFAULT 0,
  `grant_person_selected` varchar(13) DEFAULT NULL,
  `rec_date` datetime NOT NULL,
  `comment` varchar(200) DEFAULT NULL,
  `comment_person` varchar(13) DEFAULT NULL,
  `comment_date` datetime DEFAULT NULL,
  `grant_x` tinyint(4) DEFAULT NULL,
  `grant_comment` varchar(200) DEFAULT NULL,
  `grant_person` varchar(13) DEFAULT NULL,
  `grant_date` datetime DEFAULT NULL,
  `report` text DEFAULT NULL,
  `report_date` datetime DEFAULT NULL,
  PRIMARY KEY (`id`),
  UNIQUE KEY `ref_id` (`ref_id`)
) ENGINE=MyISAM AUTO_INCREMENT=3 DEFAULT CHARSET=utf8 COLLATE=utf8_general_ci;

--
-- Dumping data for table `permission_main`
--

INSERT INTO `permission_main` VALUES (1,'1311190001611','144592187329400','อบรมปฏิบัติการการใช้โปรแกรมระบบสนับสนุนการจักการสถานศึกษา smss','ห้องประชุม สพป.อบ.4','รถยนต์ส่วนตัว','',0,'3340701263671','2015-10-27 11:57:53',NULL,NULL,NULL,NULL,NULL,NULL,NULL,NULL,NULL),(2,'3341500771599','154217100031054','อบรมเชิงปฏิบัติการอัตราจ้างปฏิบัติงานธุรการโรงเรียน ประจำปีงบประมาณ พ.ศ. 2562','ห้องประชุม 2 สำนักงานเขตพื้นที่การศึกษาประถมศึกษาอุบลราชธานี เขต 4','','',0,'','2018-11-14 11:50:00','อนุญาต','3340701263671','2020-02-03 21:17:33',NULL,NULL,NULL,NULL,NULL,NULL);

--
-- Table structure for table `permission_permission`
--

CREATE TABLE `permission_permission` (
  `id` int(11) NOT NULL AUTO_INCREMENT,
  `person_id` varchar(13) NOT NULL,
  `p1` tinyint(4) NOT NULL,
  `officer` varchar(13) NOT NULL,
  `rec_date` date NOT NULL,
  PRIMARY KEY (`id`)
) ENGINE=MyISAM AUTO_INCREMENT=2 DEFAULT CHARSET=utf8 COLLATE=utf8_general_ci;

--
-- Dumping data for table `permission_permission`
--

INSERT INTO `permission_permission` VALUES (1,'3341500771599',1,'3341500771599','2018-11-14');

--
-- Table structure for table `permission_person_set`
--

CREATE TABLE `permission_person_set` (
  `id` int(11) NOT NULL AUTO_INCREMENT,
  `person_id` varchar(13) NOT NULL,
  `comment_person` varchar(13) DEFAULT NULL,
  `grant_person` varchar(13) DEFAULT NULL,
  `officer` varchar(13) DEFAULT NULL,
  `rec_date` date DEFAULT NULL,
  PRIMARY KEY (`id`),
  UNIQUE KEY `person_id` (`person_id`)
) ENGINE=MyISAM AUTO_INCREMENT=6 DEFAULT CHARSET=utf8 COLLATE=utf8_general_ci;

--
-- Dumping data for table `permission_person_set`
--

INSERT INTO `permission_person_set` VALUES (1,'3349800155637','3340701263671','3340701263671','3341500771599','2018-11-14'),(2,'3341500771599','3340701263671','3340701263671','3341500771599','2018-11-14'),(3,'3340701263671','3340701263671','3340701263671','3341500771599','2018-11-14'),(4,'3341100640144','3340701263671','3340701263671','3341500771599','2018-11-14'),(5,'3330500134466','3340701263671','3340701263671','3341500771599','2018-11-14');

--
-- Table structure for table `person_main`
--

CREATE TABLE `person_main` (
  `id` int(11) NOT NULL AUTO_INCREMENT,
  `person_id` varchar(13) NOT NULL,
  `prename` varchar(20) NOT NULL,
  `name` varchar(50) NOT NULL,
  `surname` varchar(50) NOT NULL,
  `position_code` tinyint(4) NOT NULL,
  `pic` varchar(150) DEFAULT NULL,
  `status` tinyint(4) NOT NULL DEFAULT 0,
  `person_order` tinyint(4) DEFAULT 0,
  `officer` varchar(13) NOT NULL,
  `rec_date` date NOT NULL,
  PRIMARY KEY (`id`),
  UNIQUE KEY `person_id` (`person_id`)
) ENGINE=MyISAM AUTO_INCREMENT=19 DEFAULT CHARSET=utf8 COLLATE=utf8_general_ci;

--
-- Dumping data for table `person_main`
--

INSERT INTO `person_main` VALUES (12,'1331000204711','นางสาว','ดารารัตน์','สุวรรณพันธ์',11,'',1,0,'7777','2021-08-09'),(3,'3349800155637','นาง','อรวรรณ','ศรีตะบุตร',3,NULL,1,0,'','0000-00-00'),(10,'3341500771599','นางสาว','พัชรินทร์   ','สิมาวัน',32,'modules/person/picture/3341500771599.jpg',0,0,'1499900222991','2018-11-14'),(11,'1339900429554','นางสาว','ขวัญฤดี','อริพงศ์',11,'',1,0,'7777','2020-08-04'),(6,'3340701263671','นาย','ธีรวิทย์','บุญอินทร์',1,NULL,1,0,'','0000-00-00'),(7,'3341100640144','นาย','รังสรรค์','ขันที',33,NULL,1,0,'3341500771599','0000-00-00'),(8,'3330500134466','นาย','ดุสิต','ส่งเสริม',3,NULL,1,0,'','0000-00-00'),(13,'1499900222991','นางสาว','นวรัตน์','นิยมลักษณ์',4,'modules/person/picture/1499900222991.jpg',1,0,'1499900222991','2022-06-28'),(14,'1349900766313','นางสาว','ชัชญาภรณ์','บัวทอง',11,'modules/person/picture/1349900766313.jpg',1,0,'1499900222991','2022-06-28'),(18,'5341500011531','นาย','ศักดิ์ชัย','บัวแพ',33,'',0,0,'3341500771599','2025-11-14'),(16,'3340400689792','นาย','เข็มชาติ  ','ระดาบุตร',1,'',0,0,'3341500771599','2025-05-21'),(17,'1103703414780','นางสาว','ธรัญญา','กากแก้ว',4,'',0,0,'3341500771599','2025-05-21');

--
-- Table structure for table `person_permission`
--

CREATE TABLE `person_permission` (
  `id` int(11) NOT NULL AUTO_INCREMENT,
  `person_id` varchar(13) NOT NULL,
  `p1` tinyint(4) NOT NULL,
  `officer` varchar(13) NOT NULL,
  `rec_date` date NOT NULL,
  PRIMARY KEY (`id`)
) ENGINE=MyISAM AUTO_INCREMENT=10 DEFAULT CHARSET=utf8 COLLATE=utf8_general_ci;

--
-- Dumping data for table `person_permission`
--

INSERT INTO `person_permission` VALUES (4,'3341500771599',1,'3341500771599','2021-08-09'),(9,'3349900613700',1,'3341500771599','2025-11-14'),(8,'1103703414780',1,'3341500771599','2025-06-26');

--
-- Table structure for table `person_position`
--

CREATE TABLE `person_position` (
  `id` int(11) NOT NULL AUTO_INCREMENT,
  `position_code` int(11) NOT NULL,
  `position_name` varchar(50) NOT NULL,
  PRIMARY KEY (`id`),
  UNIQUE KEY `position_code` (`position_code`)
) ENGINE=MyISAM AUTO_INCREMENT=20 DEFAULT CHARSET=utf8 COLLATE=utf8_general_ci;

--
-- Dumping data for table `person_position`
--

INSERT INTO `person_position` VALUES (1,1,'ผู้อำนวยการโรงเรียน'),(2,2,'รองผู้อำนวยการโรงเรียน'),(3,3,'ครู'),(4,4,'ครูผู้ช่วย'),(5,11,'พนักงานราชการ(ครูผู้สอน)'),(6,12,'พนักงานราชการ(ครูพี่เลี้ยง)'),(7,13,'พนักงานราชการ(อื่น ๆ)'),(17,41,'ผู้จัดการโรงเรียนเอกชน'),(9,21,'ลูกจ้างประจำ(พนักงานธุรการ)'),(10,22,'ลูกจ้างประจำ(พนักงานขับรถยนต์))'),(11,23,'ลูกจ้างประจำ(ช่างครุภัณฑ์)'),(12,24,'ลูกจ้างประจำ(อื่น ๆ)'),(13,31,'ลูกจ้างชั่วคราว(ครู)'),(14,32,'ลูกจ้างชั่วคราว(เจ้าหน้าที่ธุรการโรงเรียน)'),(15,33,'ลูกจ้างชั่วคราว(นักการภารโรง)'),(16,34,'ลูกจ้างชั่วคราว(อื่น ๆ)'),(18,42,'เจ้าหน้าที่บริหารทั่วไปโรงเรียนเอกชน'),(19,43,'เจ้าหน้าที่อื่น ๆ โรงเรียนเอกชน');

--
-- Table structure for table `plan_acti`
--

CREATE TABLE `plan_acti` (
  `id` int(11) NOT NULL AUTO_INCREMENT,
  `budget_year` int(11) DEFAULT NULL,
  `code_clus` tinyint(4) NOT NULL,
  `code_proj` char(3) NOT NULL DEFAULT '',
  `code_acti` char(6) NOT NULL DEFAULT '',
  `code_approve` char(3) NOT NULL DEFAULT '',
  `budget_acti` decimal(10,2) NOT NULL DEFAULT 0.00,
  `budget_approve` decimal(10,2) NOT NULL DEFAULT 0.00,
  `dayinput` date NOT NULL DEFAULT '0000-00-00',
  `daythai` char(13) NOT NULL DEFAULT '',
  `name_acti` char(150) NOT NULL,
  `owner_acti` char(50) NOT NULL DEFAULT '',
  `id_defalt` char(13) NOT NULL DEFAULT '',
  `dayseri` datetime NOT NULL DEFAULT '0000-00-00 00:00:00',
  `begin_date` date NOT NULL,
  `finish_date` date NOT NULL,
  `stop` tinyint(1) DEFAULT NULL,
  PRIMARY KEY (`id`)
) ENGINE=MyISAM AUTO_INCREMENT=19 DEFAULT CHARSET=utf8 COLLATE=utf8_general_ci;

--
-- Dumping data for table `plan_acti`
--

INSERT INTO `plan_acti` VALUES (1,2559,4,'011','011001','',1000.00,0.00,'0000-00-00','23 ก.ค. 2559','สหกรณ์ในโรงเรียน','','','2016-07-23 11:01:02','2016-07-23','2016-09-30',NULL),(2,2559,4,'011','011002','',500.00,0.00,'0000-00-00','23 ก.ค. 2559','ออมทรัพย์','','','2016-07-23 11:01:54','2016-07-23','2016-09-30',NULL),(3,2559,4,'011','011003','',500.00,0.00,'0000-00-00','23 ก.ค. 2559','ปลูกผักสวนครัวรั้วกินได้','','','2016-07-23 11:04:14','2016-07-23','2016-09-30',NULL),(4,2559,2,'018','018001','',300.00,0.00,'0000-00-00','23 ก.ค. 2559','พัฒนาระบบงานการเงิน  การบัญชีและพัสดุ','','','2016-07-23 11:12:27','2016-07-23','2016-09-30',NULL),(5,2559,2,'018','018002','',20.00,0.00,'0000-00-00','23 ก.ค. 2559','เสนอโครงการ','','','2016-07-23 11:13:45','2016-07-23','2016-09-30',NULL),(6,2559,2,'018','018003','',20.00,0.00,'0000-00-00','23 ก.ค. 2559','อนุมัติโครงการ','','','2016-07-23 11:14:13','2016-07-23','2016-09-30',NULL),(7,2559,2,'018','018004','',1000.00,0.00,'0000-00-00','23 ก.ค. 2559','จัดทำบัญชี/จัดซื้อจัดจ้าง','','','2016-07-23 11:15:44','2016-07-23','2016-09-30',NULL),(8,2559,2,'018','018005','',200.00,0.00,'0000-00-00','23 ก.ค. 2559','ตรวจสอบ','','','2016-07-23 11:16:22','2016-07-23','2016-09-30',NULL),(9,2559,2,'018','018006','',200.00,0.00,'0000-00-00','23 ก.ค. 2559','นิเทศติดามผล','','','2016-07-23 11:17:00','2016-07-23','2016-09-30',NULL),(10,2559,2,'018','018007','',200.00,0.00,'0000-00-00','23 ก.ค. 2559','ประเมินผลการดำเนินงาน','','','2016-07-23 11:19:37','2016-07-23','2016-09-30',NULL),(11,2559,2,'018','018008','',560.00,0.00,'0000-00-00','23 ก.ค. 2559','สรุปรายงานผล','','','2016-07-23 11:20:19','2016-07-23','2016-09-30',NULL),(12,2559,1,'002','002001','108',500.00,0.00,'0000-00-00','23 ก.ค. 2559','จัดประชุมให้ความรู้ข้าราชการครู / นักเรียน','','','0000-00-00 00:00:00','2016-07-23','2016-09-30',NULL),(13,2559,1,'002','002002','108',2500.00,0.00,'0000-00-00','23 ก.ค. 2559','กิจกรรมส่งเสริมการอ่านออก เขียนได้ คิดเลขเป็น  คิดเลขเร็ว','','','0000-00-00 00:00:00','2016-07-23','2016-09-30',NULL),(14,2559,1,'002','002003','108',500.00,0.00,'0000-00-00','23 ก.ค. 2559','กิจกรรมสอนซ่อมเสริม','','','0000-00-00 00:00:00','2016-07-23','2016-09-30',NULL),(15,2559,1,'002','002004','108',2500.00,0.00,'0000-00-00','23 ก.ค. 2559','กิจกรรมการเรียนการสอนแบบ BBL','','','0000-00-00 00:00:00','2016-07-23','2016-09-30',NULL),(16,2559,1,'002','002005','108',4000.00,0.00,'0000-00-00','23 ก.ค. 2559','*กิจกรรมยกระดับผลสัมฤทธิ์ทางการเรียน\r\n*กิจกรรมติวสอบ	\r\n*กิจกรรมอ่านคล่องเขียนคล่อง\r\n*กิจกรรมภาษาไทย ภาษาอังกฤษวันละคำ\r\n','','','0000-00-00 00:00:00','2016-07-23','2016-09-30',NULL),(17,2559,1,'002','002006','108',8000.00,0.00,'0000-00-00','23 ก.ค. 2559','กิจกรรมนำนักเรียนไปแหล่งเรียนรู้','','','0000-00-00 00:00:00','2016-07-23','2016-09-30',NULL),(18,2559,1,'002','002007','108',2000.00,0.00,'0000-00-00','23 ก.ค. 2559','กิจกรรมนิเทศภายใน','','','0000-00-00 00:00:00','2016-07-23','2016-09-30',NULL);

--
-- Table structure for table `plan_permission`
--

CREATE TABLE `plan_permission` (
  `id` int(11) NOT NULL AUTO_INCREMENT,
  `id_person` char(13) NOT NULL DEFAULT '',
  `name_perm` char(40) NOT NULL DEFAULT '',
  `password_new` char(4) NOT NULL DEFAULT '',
  `password_old` char(4) NOT NULL DEFAULT '',
  `perm_view` char(1) NOT NULL DEFAULT '',
  `perm_read` char(1) NOT NULL DEFAULT '',
  `perm_add` char(1) NOT NULL DEFAULT '',
  `perm_edit` char(1) NOT NULL DEFAULT '',
  `perm_dele` char(1) NOT NULL DEFAULT '',
  `comment` char(1) NOT NULL DEFAULT '',
  `moderate` char(1) NOT NULL DEFAULT '',
  `admin` char(1) NOT NULL DEFAULT '',
  `id_defalt` char(13) NOT NULL DEFAULT '',
  PRIMARY KEY (`id`),
  UNIQUE KEY `id_person` (`id_person`)
) ENGINE=MyISAM AUTO_INCREMENT=9 DEFAULT CHARSET=utf8 COLLATE=utf8_general_ci;

--
-- Dumping data for table `plan_permission`
--

INSERT INTO `plan_permission` VALUES (1,'3330500134466','นายดุสิต  ส่งเสริม','4466','4466','0','0','1','1','1','0','0','0','3330500134466'),(2,'3349800155637','นางอรวรรณ  ศรีตะบุตร','5637','5637','0','0','1','1','1','0','0','0','3349800155637'),(5,'1311190001611','นางสาวสุวิมล  เพิ่มพลกรัง','1611','1611','0','0','1','1','1','0','0','0','1311190001611'),(4,'3340701263671','นายธีรวิทย์  บุญอินทร์','3671','3671','0','0','1','1','1','0','0','0','3340701263671'),(6,'3341500771599','นางสาวพัชรินทร์  สิมาวัน','1599','1599','0','0','1','1','1','0','0','0','3341500771599'),(8,'1339900429554','นางสาวขวัญฤดี  อริพงศ์','9554','9554','0','0','1','1','1','0','0','0','1339900429554');

--
-- Table structure for table `plan_proj`
--

CREATE TABLE `plan_proj` (
  `id` int(11) NOT NULL AUTO_INCREMENT,
  `budget_year` int(11) DEFAULT NULL,
  `code_clus` tinyint(4) NOT NULL,
  `code_tegy` char(1) NOT NULL DEFAULT '',
  `code_proj` char(3) NOT NULL DEFAULT '',
  `budget_proj` double NOT NULL DEFAULT 0,
  `budget_approve` double NOT NULL DEFAULT 0,
  `name_proj` varchar(250) NOT NULL DEFAULT '',
  `owner_proj` varchar(50) NOT NULL DEFAULT '',
  `file_detail` varchar(100) NOT NULL DEFAULT '',
  `dayrec` datetime NOT NULL DEFAULT '0000-00-00 00:00:00',
  `eval_tegy` varchar(250) NOT NULL DEFAULT '',
  `eval_activity` longtext NOT NULL,
  `eval_result` longtext NOT NULL,
  `eval_obstacle` longtext NOT NULL,
  `eval_particular` varchar(100) NOT NULL DEFAULT '',
  `begin_date` date NOT NULL,
  `finish_date` date NOT NULL,
  `allow_edit` char(1) NOT NULL DEFAULT '',
  PRIMARY KEY (`id`)
) ENGINE=MyISAM AUTO_INCREMENT=37 DEFAULT CHARSET=utf8 COLLATE=utf8_general_ci;

--
-- Dumping data for table `plan_proj`
--

INSERT INTO `plan_proj` VALUES (1,2559,4,'2','011',3500,0,'โครงการวิถีเศษฐกิจพอเพียง','1311190001611','modules/plan/planproject/detail/plansch2559_011.doc','2016-07-25 02:53:34','','','','','','2016-07-23','2016-09-30',''),(3,2559,2,'1','018',2000,0,'พัฒนาระบบงานการเงิน  การบัญชีและพัสดุ','3349800155637','modules/plan/planproject/detail/plansch2559_018.doc','2016-07-25 02:57:41','','','','','','2016-07-23','2016-09-30',''),(4,2559,1,'1','001',5000,0,'.โครงการพัฒนากิจกรรมการเรียนรู้ระดับก่อนประถมศึกษา','3349800155637','modules/plan/planproject/detail/plansch2559_001.doc','2016-07-23 02:17:25','','','','','','2016-07-23','2016-09-30',''),(5,2559,1,'1','002',20000,0,'โครงการยกระดับผลสัมฤทธิ์ทางการศึกษานักเรียนประจำปี ','3330500134466','modules/plan/planproject/detail/plansch2559_002.doc','2016-07-23 02:17:43','','','','','','2016-07-23','2016-09-30',''),(6,2559,1,'1','003',2500,0,'โครงการพัฒนาระบบประกันคุณภาพภายใน','3340701263671','modules/plan/planproject/detail/plansch2559_003.doc','2016-07-23 02:18:16','','','','','','2016-07-23','2016-09-30',''),(7,2559,1,'4','004',4500,0,'โครงการส่งเสริมการใช้ ICT ในการบริหาร','3330500134466','modules/plan/planproject/detail/plansch2559_004.doc','2016-07-23 02:19:35','','','','','','2016-07-23','2016-09-30',''),(8,2559,1,'2','005',2500,0,'โครงการหนึ่งโรงเรียน   หนึ่งนวัตกรรม','3349800155637','modules/plan/planproject/detail/plansch2559_005.doc','2016-07-23 02:20:00','','','','','','2016-07-23','2016-09-30',''),(9,2559,1,'','006',2000,0,'โครงการประสานส่งเสริมสนับสนุนให้ทุกภาคส่วนของสังคมมีส่วนร่วมในการจัดการศึกษาและการเกณฑ์เด็กเข้าเรียนตาม พ.ร.บ.','3330500134466','modules/plan/planproject/detail/plansch2559_006.doc','2016-07-23 02:20:17','','','','','','2016-07-23','2016-09-30',''),(10,2559,1,'2','007',3000,0,'โครงการศึกษาสร้างสรรค์สู่อาเซียน','1311190001611','modules/plan/planproject/detail/plansch2559_007.doc','2016-07-23 02:20:44','','','','','','2016-07-23','2016-09-30',''),(11,2559,3,'4','008',5000,0,'โครงการอบรมพัฒนา  ศึกษาดูงานครูและบุคลากร','3340701263671','modules/plan/planproject/detail/plansch2559_008.doc','2016-07-23 02:21:14','','','','','','2016-07-23','2016-09-30',''),(12,2559,3,'5','009',3500,0,'โครงการปรับปรุงพัฒนาเพิ่มประสิทธิภาพการบริหารเพื่อ\r\n  องค์กรคุณภาพ\r\n','3340701263671','modules/plan/planproject/detail/plansch2559_009.doc','2016-07-23 02:21:44','','','','','','2016-07-23','2016-09-30',''),(13,2559,2,'6','010',9500,0,'.โครงการปรับปรุงสภาพแวดล้อม  บริเวณ  ให้น่าอยู่  ','3349800155637','modules/plan/planproject/detail/plansch2559_010.doc','2016-07-23 02:22:11','','','','','','2016-07-23','2016-09-30',''),(14,2559,4,'2','012',5000,0,'โครงการสร้างเสริมสุขภาพอนามัยและสุขนิสัยนักเรียน','3349800168551','modules/plan/planproject/detail/plansch2559_012.doc','2016-07-23 02:22:43','','','','','','2016-07-23','2016-09-30',''),(15,2559,4,'2','013',4000,0,'โครงการส่งเสริมคุณลักษณะอันพึงประสงค์นักเรียน','3349800155637','modules/plan/planproject/detail/plansch2559_013.doc','2016-07-25 02:54:54','','','','','','2016-07-23','2016-09-30',''),(16,2559,4,'3','014',2000,0,'โครงการเด็กไทยเรียนครบ  จบอย่างมีคุณภาพ','3330500134466','modules/plan/planproject/detail/plansch2559_014.doc','2016-07-25 02:55:35','','','','','','2016-07-23','2016-09-30',''),(17,2559,4,'5','015',1000,0,'โครงการใช้น้ำอย่างประหยัด','3349800155637','modules/plan/planproject/detail/plansch2559_015.doc','2016-07-25 02:55:59','','','','','','2016-07-23','2016-09-30',''),(18,2559,4,'6','016',1000,0,'โครงการลดใช้กระดาษ','3330500134466','modules/plan/planproject/detail/plansch2559_016.doc','2016-07-25 02:56:41','','','','','','2016-07-23','2016-09-30',''),(19,2559,4,'5','017',500,0,'ลดค่าใช้จ่ายในการประชุมสัมมนา','3340701263671','modules/plan/planproject/detail/plansch2559_017.doc','2016-07-25 02:57:04','','','','','','2016-07-23','2016-09-30',''),(20,2564,1,'5','001',32000,0,'โครงการอาหารกลางวัน','3349800155637','','2020-11-14 10:31:38','','','','','','2020-10-01','2021-04-09',''),(21,2564,4,'5','002',1400,0,'สร้างเสริมสุขภาพอนามัยและสุขนิสัยนักเรียน','3349800155637','','2021-03-06 09:39:20','','','','','','2020-10-01','2021-04-10',''),(22,2564,1,'2','003',5000,0,'โครงการยกระดับผลสัมฤทธิ์ทางการศึกษานักเรียนประจำปี ','1339900429554','','2021-03-06 09:52:18','','','','','','2020-10-01','2021-04-10',''),(23,2564,1,'3','004',1200,0,'โครงการพัฒนากิจกรรมการเรียนรู้ระดับก่อนประถมศึกษา','3349800155637','','2021-03-06 09:57:26','','','','','','2020-10-01','2021-04-10',''),(24,2564,1,'1','005',2500,0,'โครงการพัฒนาระบบประกันคุณภาพภายใน','3349800155637','','2021-03-06 09:58:52','','','','','','2020-10-01','2021-04-10',''),(25,2564,1,'4','006',4000,0,'โครงการส่งเสริมการใช้ ICT ในการบริหาร','1339900429554','','2021-03-06 10:00:28','','','','','','2020-10-06','2021-04-10',''),(26,2564,1,'3','007',1500,0,'โครงการพัฒนาโรงเรียนสุจริต','1339900429554','','2021-03-06 10:02:25','','','','','','2020-10-01','2021-04-10',''),(27,2564,1,'4','008',1500,0,'โครงการประสานส่งเสริมสนับสนุนในทุกภาคส่วนของสังคมมีส่วนร่วมในการจัดการศึกษาเกณฑืเด็กเข้าเรียนตาม พ.ร.บ.','1339900429554','','2021-03-06 10:07:02','','','','','','2021-03-06','2021-04-10',''),(28,2564,3,'3','009',3000,0,'โครงการปรับปรุงพัฒนาเพิ่มประสิทธิภาพการบริหารองค์กรคุณภาพ','3349800155637','','2021-03-06 10:13:38','','','','','','2020-10-06','2021-04-10',''),(29,2564,4,'5','010',1500,0,'โครงการวิถีชีวิตเศรษฐกิจพอเพียง','3349800155637','','2021-03-06 10:18:02','','','','','','2020-10-01','2021-04-10',''),(30,2564,4,'5','011',6000,0,'โครงการปรับปรุงสภาพแวดล้อม บริเวณ ให้เป็นน่าอยู่','1339900429554','','2021-03-06 10:21:27','','','','','','2020-10-01','2021-04-10',''),(31,2564,3,'3','012',2000,0,'โครงการส่งเสริมคุณลักษณะอันพึงประสงค์','3349800155637','','2021-03-06 10:28:28','','','','','','2020-10-01','2021-04-10',''),(32,2564,1,'1','013',1000,0,'โครงการเด็กไทยเรียนครบ จบอย่างมีคุณภาพ','1339900429554','','2021-03-06 10:29:50','','','','','','2020-10-01','2021-04-10',''),(33,2564,2,'6','014',300,0,'โครงการลดพลังงานด้านไฟฟ้า','3349800155637','','2021-03-06 10:31:14','','','','','','2020-10-01','2021-04-10',''),(34,2564,2,'6','015',300,0,'โครงการลดค่าใช้จ่ายค่าไปรษณีย์','3349800155637','','2021-03-06 10:32:26','','','','','','2020-10-01','2021-04-10',''),(35,2564,1,'6','016',300,0,'โครงการปรับปรุงกิจกรรมยกเลิกขันตอนกระบวนงานด้านสารบรรณ','1339900429554','','2021-03-06 10:34:19','','','','','','2020-10-01','2021-04-10',''),(36,2564,1,'3','017',2500,0,'โครงการปรับปรุงหลักสูตรสถานศึกษา 2563','1339900429554','','2021-03-06 10:44:28','','','','','','2020-10-01','2021-04-10','');

--
-- Table structure for table `plan_setgic_year`
--

CREATE TABLE `plan_setgic_year` (
  `id` int(11) NOT NULL AUTO_INCREMENT,
  `budget_year` int(11) NOT NULL,
  `year_active` tinyint(1) NOT NULL,
  PRIMARY KEY (`id`),
  UNIQUE KEY `budget_year` (`budget_year`)
) ENGINE=MyISAM AUTO_INCREMENT=2 DEFAULT CHARSET=utf8 COLLATE=utf8_general_ci;

--
-- Dumping data for table `plan_setgic_year`
--

INSERT INTO `plan_setgic_year` VALUES (1,2554,1);

--
-- Table structure for table `plan_standard`
--

CREATE TABLE `plan_standard` (
  `id` int(11) NOT NULL AUTO_INCREMENT,
  `budget_year` int(11) NOT NULL,
  `sd_year` int(4) NOT NULL,
  `code_clus` tinyint(4) NOT NULL,
  `code_proj` char(3) NOT NULL,
  `code_acti` char(6) NOT NULL,
  `sd_level` char(1) NOT NULL,
  `sd_id` int(11) NOT NULL,
  `id_indicator` int(11) NOT NULL,
  PRIMARY KEY (`id`)
) ENGINE=MyISAM DEFAULT CHARSET=utf8 COLLATE=utf8_general_ci;

--
-- Dumping data for table `plan_standard`
--


--
-- Table structure for table `plan_stregic`
--

CREATE TABLE `plan_stregic` (
  `id` int(11) NOT NULL AUTO_INCREMENT,
  `id_tegic` int(3) NOT NULL,
  `budget_year` int(4) NOT NULL,
  `strategic` varchar(200) NOT NULL,
  PRIMARY KEY (`id`)
) ENGINE=MyISAM AUTO_INCREMENT=14 DEFAULT CHARSET=utf8 COLLATE=utf8_general_ci;

--
-- Dumping data for table `plan_stregic`
--

INSERT INTO `plan_stregic` VALUES (2,1,2559,'ยกระดับคุณภาพเด็กตามมาตรฐานการศึกษาขั้นพื้นฐานระดับปฐมวัย'),(3,2,2559,'เร่งรัดการพัฒนาคุณลักษณะของผู้เรียนให้มีคุณลักษณะเป็นคนดี มีคุณธรรม รักการเรียนรู้  พึ่งพาตนเองได้ และมีคุณภาพตามเกณฑ์มาตรฐานหลักสูตรและมาตรฐานคุณภาพการศึกษาขั้นพื้นฐาน  รวมทั้งมาตรฐานการประเมินภายนอก'),(4,3,2559,'ส่งเสริม  สนับสนุน  เร่งรัดจัดการศึกษาภาคบังคับให้ผู้เรียนในเขตบริการ  นอกเขตบริการและเด็กต่างด้าวได้รับการศึกษาอย่างทั่วถึง'),(5,4,2559,'ส่งเสริม สนับสนุน การพัฒนาบุคลากรเป็นมืออาชีพ (ทั้งผู้บริหารและครู)'),(6,5,2559,'การรองรับการกระจายอำนาจการบริหาร  โดยใช้โรงเรียนเป็นฐาน  การบริหารแบบมีส่วนร่วมจากองค์คณะบุคคล  การประกันคุณภาพการศึกษาและการบริหารจัดการที่ดี (Good Governance'),(7,6,2559,'การพัฒนาสถานศึกษาขนาดเล็ก'),(8,1,2564,'ด้านความมั่นคง'),(9,2,2564,'ด้านการสร้างความสามารถในการแข่งขัน'),(10,3,2564,'ด้านการพัฒนาและเสริมสร้างทรัพยากรมนุษย์'),(11,4,2564,'การสร้างโอกาสและความเสมอภาคทางสังคม'),(12,5,2564,'ด้านการสร้างการเติบโตบนคุณภาพชีวิตที่เป็นมิตรกับสิ่งแวดล้อม'),(13,6,2564,'ด้านการปรับสมดุลและการพัฒนาระบบบริหารจัดการภาครัฐ');

--
-- Table structure for table `plan_year`
--

CREATE TABLE `plan_year` (
  `id` int(11) NOT NULL AUTO_INCREMENT,
  `budget_year` int(11) NOT NULL,
  `year_active` tinyint(1) NOT NULL,
  PRIMARY KEY (`id`),
  UNIQUE KEY `budget_year` (`budget_year`)
) ENGINE=MyISAM AUTO_INCREMENT=4 DEFAULT CHARSET=utf8 COLLATE=utf8_general_ci;

--
-- Dumping data for table `plan_year`
--

INSERT INTO `plan_year` VALUES (1,2559,0),(2,2561,0),(3,2564,1);

--
-- Table structure for table `questionnaire_permission`
--

CREATE TABLE `questionnaire_permission` (
  `id` int(11) NOT NULL AUTO_INCREMENT,
  `person_id` varchar(13) NOT NULL,
  `p1` tinyint(4) NOT NULL,
  `officer` varchar(13) NOT NULL,
  `rec_date` date NOT NULL,
  PRIMARY KEY (`id`),
  UNIQUE KEY `person_id` (`person_id`)
) ENGINE=MyISAM AUTO_INCREMENT=2 DEFAULT CHARSET=utf8 COLLATE=utf8_general_ci;

--
-- Dumping data for table `questionnaire_permission`
--

INSERT INTO `questionnaire_permission` VALUES (1,'3341500771599',1,'3340701263671','2021-06-23');

--
-- Table structure for table `savings_account`
--

CREATE TABLE `savings_account` (
  `account_id` int(11) NOT NULL AUTO_INCREMENT,
  `acc_code` varchar(10) NOT NULL,
  `description` varchar(100) NOT NULL,
  PRIMARY KEY (`account_id`)
) ENGINE=MyISAM AUTO_INCREMENT=7 DEFAULT CHARSET=utf8 COLLATE=utf8_general_ci;

--
-- Dumping data for table `savings_account`
--

INSERT INTO `savings_account` VALUES (1,'1','ฝาก'),(2,'2','ถอน'),(3,'3','ยอดยกมา'),(4,'4','ดอกเบี้ยเงินฝาก'),(5,'5','รายการแก้ไข'),(6,'6','ปิดบัญชี');

--
-- Table structure for table `savings_base`
--

CREATE TABLE `savings_base` (
  `base_id` int(5) NOT NULL AUTO_INCREMENT,
  `study_year` int(5) NOT NULL,
  `status` int(2) NOT NULL,
  PRIMARY KEY (`base_id`)
) ENGINE=MyISAM AUTO_INCREMENT=7 DEFAULT CHARSET=utf8 COLLATE=utf8_general_ci;

--
-- Dumping data for table `savings_base`
--

INSERT INTO `savings_base` VALUES (1,2558,0),(2,2559,0),(3,2561,0),(4,2563,0),(5,2564,0),(6,2567,1);

--
-- Table structure for table `savings_money`
--

CREATE TABLE `savings_money` (
  `save_id` int(11) NOT NULL AUTO_INCREMENT,
  `std_id` varchar(15) NOT NULL,
  `year_past` varchar(4) NOT NULL,
  `amount_money` decimal(8,2) NOT NULL,
  `day_save` varchar(3) NOT NULL,
  `month_save` varchar(3) NOT NULL,
  `year_save` varchar(5) NOT NULL,
  `timer` time NOT NULL,
  `office` varchar(15) DEFAULT NULL,
  `day_act` varchar(20) NOT NULL,
  `acc_type` varchar(10) NOT NULL,
  `level_class` varchar(5) NOT NULL,
  `room` varchar(5) NOT NULL,
  `student_number` varchar(5) NOT NULL,
  `rec_officer` varchar(13) DEFAULT NULL,
  PRIMARY KEY (`save_id`),
  KEY `std_id` (`std_id`),
  KEY `room` (`room`),
  KEY `level_class` (`level_class`),
  KEY `acc_type` (`acc_type`),
  KEY `day_act` (`day_act`)
) ENGINE=MyISAM AUTO_INCREMENT=24 DEFAULT CHARSET=utf8 COLLATE=utf8_general_ci;

--
-- Dumping data for table `savings_money`
--

INSERT INTO `savings_money` VALUES (1,'1588','2563',220.00,'04','11','2020','09:05:01','2020-11-04','04/11/2020','1','8','1','2','3341500771599'),(2,'1590','2563',15.00,'06','11','2020','10:25:16','2020-11-06','06/11/2020','1','8','1','3','3341500771599'),(3,'1614','2563',10.00,'06','11','2020','10:25:16','2020-11-06','06/11/2020','1','8','1','6','3341500771599'),(4,'1588','2563',100.00,'10','11','2020','08:03:55','2020-11-10','10/11/2020','2','8','1','2','3341500771599'),(5,'1588','2563',10.00,'11','11','2020','10:33:32','2020-11-11','11/11/2020','2','8','1','2','3341500771599'),(6,'1590','2563',15.00,'11','11','2020','10:33:53','2020-11-11','11/11/2020','2','8','1','3','3341500771599'),(7,'1588','2563',10.00,'12','11','2020','01:04:24','2020-11-12','12/11/2020','2','8','1','2','3341500771599'),(8,'1588','2563',20.00,'12','11','2020','01:05:42','2020-11-12','12/11/2020','1','8','1','2','3341500771599'),(9,'1588','2563',120.00,'13','11','2020','12:18:06','2020-11-13','13/11/2020','2','8','1','2','3341500771599'),(10,'1614','2563',10.00,'13','11','2020','12:18:27','2020-11-13','13/11/2020','2','8','1','6','3341500771599'),(11,'1614','2564',40.00,'05','01','2021','10:06:10','2021-01-05','05/01/2021','1','8','1','6','3341500771599'),(12,'1614','2564',20.00,'06','01','2021','08:05:46','2021-01-06','06/01/2021','1','8','1','6','3341500771599'),(13,'1614','2564',50.00,'06','01','2021','11:31:31','2021-01-06','06/01/2021','1','8','1','6','3341500771599'),(14,'1614','2564',20.00,'07','01','2021','09:16:27','2021-01-07','07/01/2021','1','8','1','6','3341500771599'),(15,'1614','2564',45.00,'11','01','2021','08:38:43','2021-01-11','11/01/2021','1','8','1','6','3341500771599'),(16,'1614','2564',20.00,'13','01','2021','09:00:24','2021-01-13','13/01/2021','1','8','1','6','3341500771599'),(17,'1614','2564',5.00,'13','01','2021','09:46:19','2021-01-13','13/01/2021','1','8','1','6','3341500771599'),(18,'1614','2564',200.00,'19','01','2021','10:21:26','2021-01-19','19/01/2021','2','8','1','6','3341500771599'),(19,'1598','2564',20.00,'23','02','2021','10:30:22','2021-02-23','23/02/2021','1','8','1','4','3341500771599'),(20,'1598','2564',20.00,'01','03','2021','10:18:47','2021-03-01','01/03/2021','2','8','1','4','3341500771599'),(21,'1598','2564',60.00,'08','03','2021','08:40:36','2021-03-08','08/03/2021','1','8','1','4','3341500771599'),(22,'1598','2564',10.00,'08','03','2021','02:02:24','2021-03-08','08/03/2021','2','8','1','4','3341500771599'),(23,'1598','2564',50.00,'15','03','2021','01:35:53','2021-03-15','15/03/2021','2','8','1','4','3341500771599');

--
-- Table structure for table `savings_personal`
--

CREATE TABLE `savings_personal` (
  `per_id` int(11) NOT NULL AUTO_INCREMENT,
  `personal_code` varchar(13) NOT NULL,
  `per_position` int(3) NOT NULL,
  `per_status` int(3) NOT NULL,
  `per_add` int(3) NOT NULL,
  `per_draw` int(3) NOT NULL,
  `person_room` int(3) NOT NULL,
  PRIMARY KEY (`per_id`)
) ENGINE=MyISAM AUTO_INCREMENT=12 DEFAULT CHARSET=utf8 COLLATE=utf8_general_ci;

--
-- Dumping data for table `savings_personal`
--

INSERT INTO `savings_personal` VALUES (6,'3349800168551',5,1,0,0,1),(3,'3349800155637',3,1,0,0,1),(5,'3349800155637',4,1,0,0,1),(7,'3349800168551',6,1,0,0,1),(8,'1311190001611',7,1,1,0,1),(9,'3330500134466',8,1,0,0,1),(10,'3330500134466',9,1,0,0,1),(11,'3341500771599',8,1,1,1,1);

--
-- Table structure for table `savings_total`
--

CREATE TABLE `savings_total` (
  `total_id` int(11) NOT NULL AUTO_INCREMENT,
  `std_id` varchar(13) NOT NULL,
  `year` varchar(5) NOT NULL,
  `day_start` date NOT NULL,
  `comment` varchar(100) NOT NULL,
  PRIMARY KEY (`total_id`)
) ENGINE=MyISAM AUTO_INCREMENT=6 DEFAULT CHARSET=utf8 COLLATE=utf8_general_ci;

--
-- Dumping data for table `savings_total`
--

INSERT INTO `savings_total` VALUES (1,'1588','2563','2020-11-04','1'),(2,'1590','2563','2020-11-06','1'),(3,'1614','2563','2020-11-06','1'),(4,'1614','2564','2021-01-05','1'),(5,'1598','2564','2021-02-23','1');

--
-- Table structure for table `standard_basic_indicator`
--

CREATE TABLE `standard_basic_indicator` (
  `id` int(11) NOT NULL AUTO_INCREMENT,
  `sd_year` int(11) NOT NULL,
  `id_indicator` int(11) NOT NULL,
  `sd_id` int(11) NOT NULL,
  `indicator_name` varchar(250) NOT NULL,
  PRIMARY KEY (`id`)
) ENGINE=MyISAM AUTO_INCREMENT=156 DEFAULT CHARSET=utf8 COLLATE=utf8_general_ci;

--
-- Dumping data for table `standard_basic_indicator`
--

INSERT INTO `standard_basic_indicator` VALUES (5,2553,101,1,'1.1. มีวินัย มีความรับผิดชอบและปฏิบัติตนตามหลักธรรมเบื้องต้นของศาสนาที่ตนนับถือ'),(6,2553,102,1,'1.2. มีความซื่อสัตย์สุจริต'),(7,2553,103,1,'1.3. ความกตัญญูกตเวที'),(8,2553,104,1,'1.4. มีความเมตตากรุณา เอื้อเฟื้อเผื่อแผ่ และเสียสละเพื่อส่วนรวม'),(9,2553,105,1,'1.5. ประหยัด รู้จักใช้ทรัพย์สิ่งของส่วนตนและส่วนรวมอย่างคุ้มค่า'),(10,2553,106,1,'1.6. ภูมิใจในความเป็นไทย เห็นคุณค่าภูมิปัญญาไทย นิยมไทยและดำรงไว้ซึ่งความเป็นไทย'),(11,2553,201,2,'2.1. รู้คุณค่าของสิ่งแวดล้อมและตระหนักถึงผลกระทบที่เกิดจากการเปลี่ยนแปลงสิ่งแวดล้อม'),(12,2553,202,2,'2.2. เข้าร่วมหรือมีส่วนร่วมกิจกรรม/โครงการอนุรักษ์และพัฒนาสิ่งแวดล้อม'),(13,2553,301,3,'3.1. มีทักษะในการจัดการและทำงานให้สำเร็จ'),(14,2553,302,3,'3.2. เพียรพยายาม ขยัน อดทน ละเอียดรอบคอบในการทำงาน'),(15,2553,303,3,'3.3. ทำงานอย่างมีความสุข พัฒนางานและภูมิใจในผลงานของตนเอง'),(16,2553,304,3,'3.4. ทำงานร่วมกับผู้อื่นได้'),(17,2553,305,3,'3.5. มีความรู้สึกที่ดีต่ออาชีพสุจริตและหาความรู้เกี่ยวกับอาชีพที่ตนสนใจ'),(18,2553,401,4,'4.1. สามารถวิเคราะห์ สังเคราะห์ สรุปความคิดรวบยอด คิดอย่างเป็นระบบและมีความคิดแบบองค์รวม'),(19,2553,402,4,'4.2. สามารถคาดคะเน กำหนดเป้าหมายและแนวทางการตัดสินใจได้'),(20,2553,403,4,'4.3. ประเมินและเลือกแนวทางการตัดสินใจและแก้ไขปัญหาอย่างมีสติ'),(21,2553,404,4,'4.4. มีความคิดริเริ่มสร้างสรรค์ มองโลกในแง่ดี และมีจินตนาการ'),(23,2553,501,5,'5.1. มีระดับผลสัมฤทธิ์ทางการเรียนเฉลี่ยตามเกณฑ์'),(24,2553,502,5,'5.2. มีผลการทดสอบรวบยอดระดับชาติเฉลี่ยตามเกณฑ์'),(25,2553,503,5,'5.3. สามารถสื่อความคิดผ่านการพูด เขียน หรือนำเสนอด้วยวิธีต่าง ๆ        '),(26,2553,504,5,'5.4. สามารถใช้ภาษาเพื่อการสื่อสารได้ทั้งภาษาไทยและภาษาต่างประเทศ'),(27,2553,505,5,'5.5. สามารถใช้เทคโนโลยีสารสนเทศเพื่อการพัฒนาการเรียนรู้ '),(28,2553,601,6,'6.1. มีนิสัยรักการอ่าน การเขียน และการฟัง รู้จักตั้งคำถามเพื่อหาเหตุผล'),(29,2553,602,6,'6.2. สนใจแสวงหาความรู้จากแหล่งต่างๆ รอบตัวใช้ห้องสมุด แหล่งความรู้และสื่อต่างๆได้ ทั้งในและนอกสถานศึกษา '),(30,2553,603,6,'6.3. มีวิธีการเรียนรู้ของตนเองเรียนร่วมกับผู้อื่นได้สนุกกับการเรียนรู้และชอบมาโรงเรียน'),(31,2553,701,7,'7.1.มีสุขนิสัยในการดูแลสุขภาพกายและออกกำลังกายสม่ำเสมอ'),(32,2553,702,7,'7.2. มีน้ำหนัก ส่วนสูงและมีสมรรถภาพทางกายตามเกณฑ์'),(33,2553,703,7,'7.3. ป้องกันตนเองจากสิ่งเสพติดให้โทษและหลีกเลี่ยงสภาวะที่เสี่ยงต่อความรุนแรง โรคภัย อุบัติเหตุ และปัญหาทางเพศ'),(34,2553,704,7,'7.4. มีความมั่นใจและกล้าแสดงออกอย่างเหมาะสม และให้เกียรติผู้อื่น'),(35,2553,705,7,'7.5. มีมนุษยสัมพันธ์ที่ดีต่อเพื่อน  ครู และผู้อื่น'),(36,2553,801,8,'8.1. ชื่นชม ร่วมกิจกรรม และมีผลงานด้านศิลปะ'),(37,2553,802,8,'8.2. ชื่นชม ร่วมกิจกรรม และมีผลงานด้านดนตรี/นาฏศิลป์'),(38,2553,803,8,'8.3. ชื่นชม ร่วมกิจกรรม และมีผลงานด้านกีฬา/นันทนาการ'),(39,2553,901,9,'9.1. มีคุณธรรมจริยธรรม และปฏิบัติตนตามจรรยาบรรณของวิชาชีพ'),(40,2553,902,9,'9.2. มีมนุษยสัมพันธ์ที่ดีกับผู้เรียน ผู้ปกครอง และชุมชน'),(41,2553,903,9,'9.3. มีความมุ่งมั่นและอุทิศตนในการสอนและพัฒนาผู้เรียน'),(42,2553,904,9,'9.4. มีการแสวงหาความรู้และเทคนิควิธีการใหม่ๆ รับฟังความคิดเห็น ใจกว้างและยอมรับการเปลี่ยนแปลง'),(43,2553,905,9,'9.5. จบการศึกษาระดับปริญญาตรีทางการศึกษาหรือเทียบเท่าขึ้นไป'),(44,2553,906,9,'9.6. สอนตรงตามวิชาเอก-โท หรือ ตรงตามความถนัด'),(45,2553,907,9,'9.7. มีจำนวนเพียงพอ  (หมายรวมทั้งครูและบุคลากรสนับสนุน)'),(46,2553,1001,10,'10.1. มีความรู้ความเข้าใจเป้าหมายการจัดการศึกษาและหลักสูตรการศึกษาขั้นพื้นฐาน'),(47,2553,1002,10,'10.2. มีการวิเคราะห์ศักยภาพของผู้เรียนและเข้าใจผู้เรียนเป็นรายบุคคล'),(48,2553,1003,10,'10.3. มีความสามารถในการจัดการเรียนการสอนที่เน้นผู้เรียนเป็นสำคัญ'),(49,2553,1004,10,'10.4. มีความสามารถในการใช้เทคโนโลยีในการพัฒนาการเรียนรู้ของตนเองและผู้เรียน'),(50,2553,1005,10,'10.5. มีการประเมินผลการเรียนการสอนที่สอดคล้องกับสภาพการเรียนรู้ที่จัดให้ผู้เรียน และอิงพัฒนาการของผู้เรียน'),(51,2553,1006,10,'10.6. มีการนำผลการประเมินมาปรับเปลี่ยนการเรียนการสอนเพื่อพัฒนาผู้เรียนให้เต็มตามศักยภาพ'),(52,2553,1007,10,'10.7. มีการวิจัยเพื่อพัฒนาการเรียนรู้ของผู้เรียน และนำผลไปใช้พัฒนาผู้เรียน'),(53,2553,1101,11,'11.1. มีคุณธรรม จริยธรรม และปฏิบัติตนตามจรรยาบรรณของวิชาชีพ'),(54,2553,1102,11,'11.2. มีความคิดริเริ่ม มีวิสัยทัศน์ และเป็นผู้นำทางวิชาการ'),(55,2553,1103,11,'11.3. มีความสามารถในการบริหารงานวิชาการและการจัดการ'),(56,2553,1104,11,'11.4. มีการบริหารที่มีประสิทธิภาพและประสิทธิผล ผู้เกี่ยวข้องพึงพอใจ'),(57,2553,1201,12,'12.1. มีการจัดองค์กร โครงสร้าง และระบบการบริหารงานที่มีความคล่องตัวสูงและปรับเปลี่ยนได้เหมาะสมตามสถานการณ์'),(58,2553,1202,12,'12.2. มีการจัดการข้อมูลสารสนเทศอย่างครอบคลุมและทันต่อการใช้งาน'),(59,2553,1203,12,'12.3. มีระบบการประกันคุณภาพภายในที่ดำเนินงานอย่างต่อเนื่อง'),(60,2553,1204,12,'12.4. มีการพัฒนาบุคลากรอย่างเป็นระบบและต่อเนื่อง'),(61,2553,1205,12,'12.5. ผู้รับบริการและผู้เกี่ยวข้องพึงพอใจผลการบริหารงานและการพัฒนาผู้เรียน'),(62,2553,1301,13,'13.1. มีการกระจายอำนาจการบริหารและการจัดการศึกษา'),(63,2553,1302,13,'13.2.  มีการบริหารเชิงกลยุทธ์และใช้หลักการมีส่วนร่วม'),(64,2553,1303,13,'13.3. มีคณะกรรมการสถานศึกษาร่วมพัฒนาสถานศึกษา'),(65,2553,1304,13,'13.4. มีรูปแบบการบริหารที่มุ่งผลสัมฤทธิ์ของงาน'),(66,2553,1305,13,'13.5. มีการตรวจสอบและถ่วงดุล'),(67,2553,1401,14,'14.1. มีหลักสูตรที่เหมาะสมกับผู้เรียนและท้องถิ่น'),(68,2553,1402,14,'14.2. มีรายวิชา/กิจกรรมที่หลากหลายให้ผู้เรียนเลือกเรียนตามความสนใจ'),(70,2553,1403,14,'14.3. มีการส่งเสริมให้ครูจัดทำแผนการจัดการเรียนรู้ที่ตอบสอนงความถนัดและความสามารถของผู้เรียน'),(71,2553,1404,14,'14.4. มีการส่งเสริมและพัฒนานวัตกรรมการจัดการเรียนรู้และสื่ออุปกรณ์การเรียนที่เอื้อต่อการเรียนรู้'),(72,2553,1405,14,'14.5. มีการจัดระบบการบันทึก การรายงานผลและการส่งต่อข้อมูลของผู้เรียน'),(73,2553,1406,14,'14.6. มีระบบการนิเทศการเรียนการสอนและนำผลไปปรับปรุงการสอนอยู่เสมอ'),(74,2553,1407,14,'14.7. มีการนำแหล่งเรียนรู้และภูมิปัญญาท้องถิ่นมาใช้ในการเรียนการสอน'),(75,2553,1501,15,'15.1. มีการจัดและพัฒนาระบบดูแลช่วยเหลือผู้เรียนที่เข้มแข็งและทั่วถึง'),(76,2553,1502,15,'15.2. มีการจัดกิจกรรมส่งเสริมและตอบสนองความสามารถทางวิชาการและความคิดสร้างสรรค์ของผู้เรียน'),(77,2553,1503,15,'15.3. มีการจัดกิจกรรมส่งเสริมและตอบสนองความสามารถพิเศษและความถนัดของผู้เรียนให้เต็มตามศักยภาพ'),(78,2553,1504,15,'15.4. มีการจัดกิจกรรมส่งเสริมค่านิยมที่ดีงาม'),(79,2553,1505,15,'15.5. มีการจัดกิจกรรมส่งเสริมด้านศิลปะ ดนตรี/นาฏศิลป์ และกีฬา/นันทนาการ'),(80,2553,1506,15,'15.6. มีการจัดกิจกรรมสืบสานและสร้างสรรค์  วัฒนธรรม  ประเพณี และภูมิปัญญาไทย'),(81,2553,1507,15,'15.7. มีการจัดกิจกรรมส่งเสริมความเป็นประชาธิปไตย'),(82,2553,1601,16,'16.1. มีสภาพแวดล้อมที่เอื้อต่อการเรียนรู้ มีอาคารสถานที่เหมาะสม'),(83,2553,1602,16,'16.2. มีการส่งเสริมสุขภาพอนามัยและความปลอดภัยของผู้เรียน'),(84,2553,1603,16,'16.3. มีการการให้บริการเทคโนโลยีสารสนเทศรูปแบบที่เอื้อต่อการเรียนรู้ด้วยตนเอง  และการเรียนรู้แบบมีส่วนรวม'),(85,2553,1604,16,'16.4. มีห้องเรียน  ห้องปฏิบัติการ ห้องสมุด พื้นที่สีเขียว และสิ่งอำนวยความสะดวกพอเพียง  และอยู่ในสภาพใช้การได้ดี'),(86,2553,1605,16,'16.5. มีการจัดและใช้แหล่งเรียนรู้ทั้งในและนอกสถานศึกษา'),(87,2553,1701,17,'17.1. มีการเชื่อมโยงและแลกเปลี่ยนข้อมูลกับแหล่งเรียนรู้และภูมิปัญญาในท้องถิ่น'),(88,2553,1702,17,'17.2. สนับสนุนให้แหล่งเรียนรู้ ภูมิปัญญา และชุมชน เข้ามามีส่วนร่วมในกาจัดทำหลักสูตรระดับสถานศึกษา'),(89,2553,1801,18,'18.1. เป็นแหล่งวิทยาการในการแสวงหาความรู้และบริการชุมชน'),(90,2553,1802,18,'18.2. มีการแลกเปลี่ยนเรียนรู้ร่วมกัน'),(91,2554,101,1,'1.1 มีสุขนิสัยในการดูแลสุขภาพและออกกำลังกายสม่ำเสมอ'),(92,2554,102,1,'1.2 มีน้ำหนัก ส่วนสูง และมีสมรรถนภาพทางกายตามเกณฑ์มาตรฐาน'),(93,2554,103,1,'1.3 ป้องกันตนเองจากสิ่งเสพติดให้โทษและหลีกเลี่ยงตนเองจากสภาวะที่เสี่ยงต่อความรุนแรง โรค ภีย อุบัติเหตุ และปัญหาทางเพศ'),(94,2554,104,1,'1.4 เห็นคุณค่าในตนเอง มีความมั่นใจ กล้าแสดงออกอย่างเหมาะสม'),(95,2554,105,1,'1.5 มีมนุษยสัมพันธ์ที่ดีและให้เกียรติผู้อื่น'),(96,2554,106,1,'1.6 สร้างผลงานจากการเข้าร่วมกิจกรรมด้านศิลปะ ดนตรี/นาฏศิลป์ กีฬา/นันทนาการ'),(97,2554,201,2,'2.1 มีคุณลักษณะที่พึงประสงค์ตามหลักสูตร'),(98,2554,202,2,'2.2 เอื้ออาทรผู้อื่นและกตัญญูกตเวทีต่อผู้มีพระคุณ'),(99,2554,203,2,'2.3 ยอมรับความคิดและวัฒนธรรมที่แตกต่าง'),(100,2554,204,2,'2.4 ตระหนัก รู้คุณค่า ร่วมอนุรักษ์และพัฒนาสิ่งแวดล้อม'),(101,2554,301,3,'3.1 มีนิสัยรักการอ่านและแสวงหาความรู้ด้วยตนเองจากห้องสมุด แหล่งเรียนรู้ และสื่อต่าง ๆ รอบตัว'),(102,2554,302,3,'3.2 มีทักษะในการอ่าน ฟัง พูด ดู เขียน และตั้งคำถามเพื่อค้นคว้าหาความรู้เพิ่มเติม'),(103,2554,303,3,'3.3 เรียนรู้ร่วมกันเป็นกลุ่ม และเปลี่ยนความคิดเห็นเพื่อการเรียนรู้ระหว่างกัน'),(104,2554,304,3,'3.4 ใช้เทคโนโลยีในการเรียนรู้และนำเสนอผลงาน'),(105,2554,401,4,'4.1 สรุปความคิดเห็นจากเรื่องที่อ่าน ฟัง และดู และสื่อสารโดยการพูดหรือเขียนตามความคิดเห็นของตนเอง'),(106,2554,402,4,'4.2 นำเสนอวิธีคิด วิธีแก้ปัญหาด้วยภาษาหรือวิธีของตนเอง'),(107,2554,403,4,'4.3 กำหนดเป้าหมาย คาดการณ์ ตัดสินใจแก้ปัญหาโดยมีเหตุผลประกอบ'),(108,2554,404,4,'4.4 มีความคิดริเริ่ม และสร้างสรรค์ผลงานด้วยความภาคภูมิใจ'),(109,2554,501,5,'5.1 ผลสัมฤทธิ์ทางการเรียนแต่ละกลุ่มสาระเป็นไปตามเกณฑ์'),(110,2554,502,5,'5.2 ผลการประเมินสมรรถนะสำคัญตามหลักสูตรเป็นไปตามเกณฑ์'),(111,2554,503,5,'5.3 ผลการประเมินการอ่าน คิดวิเคราะห์ และเขียนเป็นไปตามเกณฑ์'),(112,2554,504,5,'5.4 ผลการทดสอบระดับชาติเป็นไปตามเกณฑ์'),(113,2554,601,6,'6.1 วางแผนการทำงานและดำเนินการจนสำเร็จ'),(114,2554,602,6,'6.2 ทำงานอย่างมีความสุข มุ่งมั่นพัฒนางาน และภูมิใจในผลงานของตนเอง'),(115,2554,603,6,'6.3 ทำงานร่วมกับผู้อื่นได้'),(116,2554,604,6,'6.4 มีความรู้สึกที่ดีต่ออาชีพสุจริตและหาความรู้เกี่ยวกับอาชีพที่ตนเองสนใจ'),(117,2554,701,7,'7.1 ครูมีการกำหนดเป้าหมายคุณภาพผู้เรียนทั้งด้านความรู้ ทักษะกระบวนการ สมรรถนะ และคุณลักษณะที่พึงประสงค์'),(118,2554,702,7,'7.2 ครูมีการวิเคราะห์ผู้เรียนเป็นรายบุคคล และใช้ข้อมูลในการวางแผนจัดการเรียนรู้เพื่อพัฒนาศักยภาพผู้เรียน'),(119,2554,703,7,'7.3 ครูออกแบบและจัดการเรียนรู้ที่ตอบสนองความแตกต่างระหว่างบุคคลและพัฒนาการทางสติปัญญา'),(120,2554,704,7,'7.4 ครูใช้สื่อและเทคโนโลยีที่เหมาะสมผนวกกับการนำบริบทและภูมิปัญญาของท้องถิ่นมาบูรณาการในการจัดการเรียนรู้'),(121,2554,705,7,'7.5 ครูมีการวัดและประเมินผลที่มุ่งเน้นการพัฒนาการเรียนรู้ของผู้เรียน ด้วยวิธีการที่หลากหลาย'),(122,2554,706,7,'7.6 ครูให้คำแนะนำ คำปรึกษา และแก้ไขปัญหาให้แก่ผู้เรียน ทั้งด้านการเรียนและคุณภาพชีวิตด้วยความเสมอภาค'),(123,2554,707,7,'7.7 ครูมีการศึกษา วิจัยและพัฒนาการจัดการเรียนรู้ในวิชาที่ตนรับผิดชอบ และใช้ผลในการปรับการสอน'),(124,2554,708,7,'7.8 ครูประพฤติปฏิบัติตนเป็นแบบอย่างที่ดี และเป็นสมาชิกที่ดีของสถานศึกษา'),(125,2554,709,7,'7.9 ครูจัดการเรียนการสอนตามวิชาที่ได้รับมอบหมายเต็มเวลา เต็มความสามารถ'),(126,2554,801,8,'8.1 ผู้บริหารมีวิสัยทัศน์ ภาวะผู้นำ และความคิดริเริ่มที่เน้นการพัฒนาผู้เรียน'),(127,2554,802,8,'8.2 ผู้บริหารใช้หลักการบริหารแบบมีส่วนร่วมและใช้ข้อมูลผลการประเมินหรือผลการวิจัยเป็นฐานคิด ทั้งด้านวิชาการและการจัดการ'),(128,2554,803,8,'8.3 ผู้บริหารสามารถบริหารจัดการให้บรรลุเป้าหมายที่กำหนดไว้ในแผนปฏิบัติการ'),(129,2554,804,8,'8.4 ผู้บริหารส่งเสริมและพัฒนาศักยภาพบุคลากรให้พร้อมรับการกระจายอำนาจ'),(130,2554,805,8,'8.5 นักเรียน ผู้ปกครอง และชุมชน พึงพอใจต่อผลการบริหารจัดการศึกษา'),(131,2554,806,8,'8.6 ผู้บริหารให้คำแนะนำ คำปรึกษาทางวิชาการและเอาใจใส่การจัดการศึกษาเต็มศักยภาพและเต็มเวลา'),(132,2554,901,9,'9.1 คณะกรรมการสถานศึกษารู้และปฏิบัติหน้าที่ตามที่ระเบียบกำหนด'),(133,2554,902,9,'9.2 คณะกรรมการสถานศึกษากำกับติดตาม ดูแล และขับเคลื่อนการดำเนินงานของสถานศึกษาให้บรรลุผลสำเร็จตามเป้าหมาย'),(134,2554,903,9,'9.3 ผู้ปกครองและชุมชนเข้ามามีส่วนร่วมในการพัฒนาสถานศึกษา'),(135,2554,1001,10,'10.1 หลักสูตรสถานศึกษาเหมาะสมและสอดคล้องกับท้องถิ่น'),(136,2554,1002,10,'10.2 จัดรายวิชาเพิ่มเติมที่หลากหลายให้ผู้เรียนเลือกเรียนตามความถนัด ความสามารถ และความสนใจ'),(137,2554,1003,10,'10.3 จัดกิจกรรมพัฒนาผู้เรียนที่ส่งเสริมและตอบสนองความต้องการ ความสามารถ ความถนัด และความสนใจของผู้เรียน'),(138,2554,1004,10,'10.4 สนับสนุนให้ครูจัดกระบวนการเรียนรู้ที่ให้ผู้เรียนได้ลงมือปฏิบัติจริงจนสรุปความรู้ได้ด้วยตนเอง'),(139,2554,1005,10,'10.5 นิเทศภายใน กำกับ ติดตามตรวจสอบ และนำผลไปปรับปรุงการเรียนการสอนอย่างสม่ำเสมอ'),(140,2554,1006,10,'10.6 จัดระบบดูแลช่วยเหลือผู้เรียนที่มีประสิทธิภาพและครอบคลุมถึงผู้เรียนทุกคน'),(141,2554,1101,11,'11.1 ห้องเรียน ห้องปฏิบัติการ อาคารเรียนมั่นคง สะอาดและปลอดภัย มีสิ่งอำนวยความสะดวกพอเพียง อยู่ในสภาพใช้การได้ดี สภาพแวดล้อมร่มรื่น และมีแหล่งเรียนรู้สำหรับผู้เรียน'),(142,2554,1102,11,'11.2 จัดโครงการ กิจกรรมที่ส่งเสริมสุขภาพอนามัยและความปลอดภัยของผู้เรียน'),(143,2554,1103,11,'11.3 จัดห้องสมุดที่ให้บริการสื่อเทคโนโลยีสารสนเทศที่เอื้อให้ผู้เรียนเรียนรู้ด้วยตนเองและหรือเรียนรู้แบบมีส่วนร่วม'),(144,2554,1201,12,'12.1 กำหนดมาตรฐานการศึกษาของสถานศึกษา'),(145,2554,1202,12,'12.2 จัดทำและดำเนินการตามแผนพัฒนาการจัดการศึกษาของสถานศึกษาที่มุ่งพัฒนาคุณภาพตามมาตรฐานการศึกษาของสถานศึกษา'),(146,2554,1203,12,'12.3 จัดระบบข้อมูลสารสนเทศและใช้สารสนเทศในการบริหารจัดการเพื่อพัฒนาคุณภาพการศึกษาอย่างต่อเนื่อง'),(147,2554,1204,12,'12.4 ติดตามตรวจสอบ และประเมินคุณภาพภายในตามมาตรฐานการศึกษาของสถานศึกษา'),(148,2554,1205,12,'12.5 นำผลประเมินคุณภาพทั้งภายในและภายนอกไปใช้วางแผนพัฒนาคุณภาพการศึกษาอย่างต่อเนื่อง'),(149,2554,1206,12,'12.6 จัดทำรายงานประจำปีที่เป็นรายงานการประเมินคุณภาพภายใน'),(150,2554,1301,13,'13.1 มีการสร้างและพัฒนาแหล่งเรียนรู้ภายในสถานศึกษาและใช้ประโยชน์จากแหล่งเรียนรู้ทั้งภายในและภายนอกสถานศึกษา เพื่อพัฒนาการเรียนรู้ของผู้เรียนและบุคลากรของสถานศึกษา รวมทั้งผู้ที่เกี่ยวข้อง'),(151,2554,1302,13,'13.2 มีการแลกเปลี่ยนเรียนรู้ระหว่างบุคลากรภายในสถานศึกษา ระหว่างสถานศึกษากับครอบครัว ชุมชน และองค์กรที่เกี่ยวข้อง'),(152,2554,1401,14,'14.1 จัดโครงการ กิจกรรมที่ส่งเสริมให้ผู้เรียนบรรลุตามเป้าหมายวิสัยทัศน์ ปรัชญา และจุดเน้นของสถานศึกษา'),(153,2554,1402,14,'14.2 ผลการดำเนินงานส่งเสิรมให้ผู้เรียนบรรลุตามเป้าหมาย วิสัยทัศน์ ปรัชญา และจุดเน้นของสถานศึกษา'),(154,2554,1501,15,'15.1 จัดโครงการ กิจกรรมพิเศษเพื่อตอบสนองนโยบาย จุดเน้น ตามแนวทางปฏิรูปการศึกษา'),(155,2554,1502,15,'15.2 ผลการดำเนินงานบรรลุตามเป้าหมาย');

--
-- Table structure for table `standard_basic_sd`
--

CREATE TABLE `standard_basic_sd` (
  `id` int(11) NOT NULL AUTO_INCREMENT,
  `sd_year` int(11) NOT NULL,
  `sd_id` int(11) NOT NULL,
  `sd_name` varchar(150) NOT NULL,
  PRIMARY KEY (`id`)
) ENGINE=MyISAM AUTO_INCREMENT=38 DEFAULT CHARSET=utf8 COLLATE=utf8_general_ci;

--
-- Dumping data for table `standard_basic_sd`
--

INSERT INTO `standard_basic_sd` VALUES (5,2553,2,'ผู้เรียนมีจิตสำนึกในการอนุรักษ์และพัฒนาสิ่งแวดล้อม'),(4,2553,1,'ผู้เรียนมีคุณธรรม จริยธรรม และค่านิยมที่พึงประสงค์'),(6,2553,3,'ผู้เรียนมีทักษะในการทำงาน รักการทำงาน สามารถทำงานร่วมกับผู้อื่นและมีเจตคติที่ดีต่ออาชีพสุจริต'),(7,2553,4,'ผู้เรียนมีความสามารถในการคิดวิเคราะห์ คิดสังเคราะห์ มีวิจารณญาณ มีความคิดสร้างสรรค์ คิดไตรตรอง และมีวิสัยทัศน์'),(8,2553,5,'มีความรู้และทักษะที่จำเป็นตามหลักสูตร'),(9,2553,6,'มีความรู้และทักษะที่จำเป็นตามหลักสูตร'),(10,2553,7,'ผู้เรียนมีสุขนิสัย สุขภาพกาย และสุขภาพจิตที่ดี'),(11,2553,8,'ผู้เรียนมีสุนทรียภาพและลักษณะนิสัยด้านศิลปะ ดนตรีและกีฬา'),(12,2553,9,'ครูมีคุณธรรม จริยธรรม มีวุฒิ/ความรู้ความสามารถตรงกับงานที่รับผิดชอบ หมั่นพัฒนาตนเองเข้ากับชุมชนได้ดีและมีครูพอเพียง'),(13,2553,10,'ครูมีความสามารถในการจัดประสบการณ์การเรียนรู้ได้อย่างมีประสิทธิภาพและเน้นผู้เรียนเป็นสำคัญ'),(14,2553,11,'ผู้บริหารมีคุณธรรม จริยธรรม มีภาวะผู้นำ และมีความสามารถ ในการบริหารจัดการศึกษา'),(15,2553,12,'สถานศึกษามีการจัดองค์กร โครงสร้าง ระบบการบริหารงานและพัฒนาองค์กรอย่างเป็นระบบครบวงจร'),(16,2553,13,'สถานศึกษามีการบริหารและจัดการศึกษาโดยใช้สถานศึกษาเป็นฐาน'),(17,2553,14,'สถานศึกษามีการจัดหลักสูตรและกระบวนการเรียนรู้ที่เน้นผู้เรียนเป็นสำคัญ'),(18,2553,15,'สถานศึกษามีการจัดกิจกรรมส่งเสริมคุณภาพผู้เรียนอย่างหลากหลาย'),(19,2553,16,'สถานศึกษามีการจัดสภาพแวดล้อมและการบริการที่ส่งเสริมให้ผู้เรียนพัฒนาตามธรรมชาติเต็มศักยภาพ'),(20,2553,17,'สถานศึกษามีการสนับสนุนและใช้แหล่งเรียนรู้และภูมิปัญญาในท้องถิ่น'),(21,2553,18,'สถานศึกษามีการร่วมมือกันระหว่างบ้าน  องค์กรทางศาสนา  สถาบันทางวิชาการ  และองค์กรภาครัฐและเอกชน  เพื่อพัฒนาวิถีการเรียนรู้ในชุมชน'),(23,2554,1,'ผู้เรียนมีสุขภาวะที่ดีและมีสุนทรียภาพ'),(24,2554,2,'ผู้เรียนมีคุณธรรม จริยธรรม และค่านิยมที่พึงประสงค์'),(25,2554,3,'ผู้เรียนมีทักษะในการแสวงหาความรู้ด้วยตนเอง รักเรียนรู้ และพัฒนาตนเองอย่างต่อเนื่อง'),(26,2554,4,'ผู้เรียนมีความสามารถในการคิดอย่างเป็นระบบ คิดสร้างสรรค์ ตัดสินใจ แก้ปัญหาได้อย่างมีสติสมเหตุผล'),(27,2554,5,'ผู้เรียนมีความรู้และทักษะที่จำเป็นตามหลักสูตร'),(28,2554,6,'ผู้เรียนมีทักษะในการทำงาน รักการทำงาน สามารถทำงานร่วมกับผู้อื่นได้ และมีเจตคติที่ดีต่ออาชีพสุจริต'),(29,2554,7,'ครูปฏิบัติงานตามบทบาทหน้าที่อย่างมีประสิทธิภาพและเกิดประสิทธิผล'),(30,2554,8,'ผู้บริหารปฏิบัติงานตามบทบาทหน้าที่อย่างมีประสิทธิภาพและเกิดประสิทธิผล'),(31,2554,9,'คณะกรรมการสถานศึกษา และผู้ปกครอง ชุมชน ปฏิบัติงานตามบทบาทหน้าที่อย่างมีประสิทธิภาพและเกิดประสิทธิผล'),(32,2554,10,'สถานศึกษามีการจัดหลักสูตร กระบวนการเรียนรู้ และกิจกรรมพัฒนาคุณภาพผู้เรียนอย่างรอบด้าน'),(33,2554,11,'สถานศึกษามีการจัดสภาพแวดล้อมและการบริการที่ส่งเสริมให้ผู้เรียนพัฒนาเต็มศักยภาพ'),(34,2554,12,'สถานศึกษามีการประกันคุณภาพภายในของสถานศึกษาตามที่กำหนดในกฎกระทรวง'),(35,2554,13,'สถานศึกษามีการสร้าง ส่งสเริม สนับสนุน ให้สถานศึกษาเป็นสังคมแห่งการเรียนรู้'),(36,2554,14,'การพัฒนาสถานศึกษาให้บรรลุเป้าหมายตามวิสัยทัศน์ ปรัชญา และจุดเน้นที่กำหนดขึ้น'),(37,2554,15,'การจัดกิจกรรมตามนโนบาย จุดเน้น แนวทางการปฏิรูปการศึกษาเพื่อพัฒนาและส่งเสริมสถานศึกษาให้ยกระดับคุณภาพสูงขึ้น');

--
-- Table structure for table `standard_elementary_indicator`
--

CREATE TABLE `standard_elementary_indicator` (
  `id` int(11) NOT NULL AUTO_INCREMENT,
  `sd_year` int(11) NOT NULL,
  `id_indicator` int(11) NOT NULL,
  `sd_id` int(11) NOT NULL,
  `indicator_name` varchar(250) NOT NULL,
  PRIMARY KEY (`id`)
) ENGINE=MyISAM AUTO_INCREMENT=186 DEFAULT CHARSET=utf8 COLLATE=utf8_general_ci;

--
-- Dumping data for table `standard_elementary_indicator`
--

INSERT INTO `standard_elementary_indicator` VALUES (3,2553,101,1,'1.1 มีวินัย มีความรับผิดชอบ ปฏิบัติตามข้อตกลงร่วมกัน'),(4,2553,102,1,'1.2 มีความซื่อสัตย์สุจริต'),(5,2553,103,1,'1.3 มีความกตัญญูกตเวที'),(6,2553,104,1,'1.4 มีเมตตากรุณา มีความรู้สึกที่ดีต่อตนเองและผู้อื่น'),(7,2553,105,1,'1.5 ประหยัด รู้จักใช้และรักษาทรัพยากร และสิ่งแวดล้อม'),(8,2553,106,1,'1.6 มีมารยาทและปฏิบัติตนตามวัฒนธรรมไทย'),(9,2553,201,2,'2.1 รับรู้คุณค่าของสิ่งแวดล้อมและผลกระทบที่เกิดจากการเปลี่ยนแปลงสิ่งแวดล้อม'),(10,2553,202,2,'2.2 เข้าร่วมหรือมีส่วนร่วมกิจกรรม/โครงการอนุรักษ์และพัฒนาสิ่งแวดล้อม'),(11,2553,301,3,'3.1 สนใจและกระตือรือร้นในการทำงาน'),(12,2553,302,3,'3.2 ทำงานจนสำเร็จและภูมิใจในผลงาน'),(13,2553,303,3,'3.3 เล่นและทำกิจกรรมร่วมกับผู้อื่นได้'),(14,2553,304,3,'3.4 มีความรู้สึกที่ดีต่ออาชีพสุจริต'),(15,2553,401,4,'4.1 มีความคิดรวบยอดเกี่ยวกับสิ่งต่างๆ ที่เกิดจากการเรียนรู้'),(16,2553,402,4,'4.2 แก้ปัญหาได้เหมาะสมกับวัย'),(17,2553,403,4,'4.3 มีจินตนาการ และ มีความคิดริเริ่มสร้างสรรค์'),(18,2553,501,5,'5.1 มีทักษะในการใช้กล้ามเนื้อใหญ่-เล็ก'),(19,2553,502,5,'5.2 มีทักษะในการใช้ประสาทสัมผัสทั้ง 5'),(20,2553,503,5,'5.3 มีทักษะในการสื่อสาร'),(21,2553,504,5,'5.4 มีทักษะในการสังเกตและสำรวจ'),(22,2553,505,5,'5.5 มีทักษะในเรื่องมิติสัมพันธ์'),(23,2553,506,5,'5.6 มีทักษะในเรื่องจำนวน ปริมาณ น้ำหนัก และการกะประมาณ'),(24,2553,507,5,'5.7 เชื่อมโยงความรู้และทักษะต่างๆ'),(25,2553,601,6,'6.1 รู้จักตั้งคำถามเพื่อหาเหตุผล และมีความสนใจใฝ่รู้'),(26,2553,602,6,'6.2 มีความกระตือรือร้นในการเรียนรู้สิ่งต่างๆ รอบตัว และสนุกกับการเรียนรู้'),(27,2553,701,7,'7.1 รักการออกกำลังกาย ดูแลสุขภาพ และช่วยเหลือตนเองได้'),(28,2553,702,7,'7.2 มีน้ำหนัก ส่วนสูง และมีสมรรถภาพทางกายตามเกณฑ์'),(29,2553,703,7,'7.3 เห็นโทษของสิ่งเสพติดให้โทษและสิ่งมอมเมา'),(30,2553,704,7,'7.4 มีความมั่นใจ กล้าแสดงออกอย่างเหมาะสม'),(31,2553,705,7,'7.5 ร่าเริง แจ่มใส มีมนุษยสัมพันธ์ที่ดีต่อเพื่อน ครู และผู้อื่น'),(32,2553,801,8,'8.1 ร่าเริง แจ่มใส มีมนุษยสัมพันธ์ที่ดีต่อเพื่อน ครู และผู้อื่น'),(33,2553,802,8,'8.2 มีความสนใจและร่วมกิจกรรมด้านดนตรี'),(34,2553,803,8,'8.3 มีความสนใจและร่วมกิจกรรมการเคลื่อนไหว'),(35,2553,901,9,'9.1 มีคุณธรรมจริยธรรม และปฏิบัติตนตามจรรยาบรรณของวิชาชีพ'),(36,2553,902,9,'9.2 มีมนุษยสัมพันธ์ที่ดีกับเด็ก ผู้ปกครอง และชุมชน'),(37,2553,903,9,'9.3 มีความมุ่งมั่นและอุทิศตนในการสอนและพัฒนาเด็ก'),(38,2553,904,9,'9.4 มีการแสวงหาความรู้และเทคนิควิธีการใหม่ๆ รับฟังความคิดเห็นใจกว้าง และยอมรับการเปลี่ยนแปลง'),(39,2553,905,9,'9.5 จบการศึกษาระดับปริญญาตรีทางการศึกษาหรือเทียบเท่าขึ้นไป'),(40,2553,906,9,'9.6 สอนตรงตามวิชาเอก-โท หรือ ตรงตามความถนัด'),(41,2553,907,9,'9.7 มีจำนวนพอเพียง (หมายรวมทั้งครูและบุคลากรสนับสนุน)'),(42,2553,1001,10,'10.1 มีความรู้ความเข้าใจเป้าหมายการจัดการศึกษาและหลักสูตรการศึกษาปฐมวัย'),(43,2553,1002,10,'10.2 มีการวิเคราะห์เด็กเป็นรายบุคคล'),(44,2553,1003,10,'10.3 มีความสามารถในการจัดประสบการณ์ที่เน้นเด็กเป็นสำคัญ'),(45,2553,1004,10,'10.4 มีความสามารถในการใช้สื่อที่เหมาะสมและสอดคล้องกับการเรียนรู้ของเด็ก'),(46,2553,1005,10,'10.5 มีการประเมินพัฒนาการของเด็กตามสภาพจริงโดยคำนึงถึงพัฒนาการตามวัย'),(47,2553,1006,10,'10.6 มีการนำผลการประเมินพัฒนาการมาปรับเปลี่ยนการจัดประสบการณ์เพื่อพัฒนาเด็กให้เต็มตามศักยภาพ'),(48,2553,1007,10,'10.7 มีการวิจัยเพื่อพัฒนาการเรียนรู้ของเด็กและนำผลไปใช้พัฒนาเด็ก'),(49,2553,1101,11,'11.1 มีคุณธรรม จริยธรรม และปฏิบัติตนตามจรรยาบรรณของวิชาชีพ'),(50,2553,1102,11,'11.2 มีความคิดริเริ่ม มีวิสัยทัศน์ และเป็นผู้นำทางวิชาการ'),(51,2553,1103,11,'11.3 มีความสามารถในการบริหารงานวิชาการและการจัดการ'),(52,2553,1104,11,'11.4 มีการบริหารที่มีประสิทธิภาพและประสิทธิผล ผู้เกี่ยวข้องพึงพอใจ'),(53,2553,1201,12,'12.1 มีการจัดองค์กร โครงสร้าง และระบบการบริหารงานที่มีความคล่องตัวสูงและปรับเปลี่ยนได้เหมาะสมตามสถานการณ์'),(54,2553,1202,12,'12.2 มีการจัดการข้อมูลสารสนเทศอย่างเป็นระบบ ครอบคลุมและทันต่อการใช้งาน'),(55,2553,1203,12,'12.3 มีระบบการประกันคุณภาพภายในที่ดำเนินงานอย่างต่อเนื่อง'),(56,2553,1204,12,'12.4 มีการพัฒนาบุคลากรอย่างเป็นระบบและต่อเนื่อง'),(57,2553,1205,12,'12.5 ผู้รับบริการและผู้เกี่ยวข้องพึงพอใจผลการบริหารงานและการพัฒนาเด็ก'),(58,2553,1301,13,'13.1 มีการกระจายอำนาจการบริหาร และการจัดการศึกษา'),(59,2553,1302,13,'13.2 มีการบริหารเชิงกลยุทธ์ และใช้หลักการมีส่วนร่วม'),(60,2553,1303,13,'13.3 มีคณะกรรมการสถานศึกษาร่วมพัฒนาสถานศึกษา'),(61,2553,1304,13,'13.4 มีการบริหารที่มุ่งผลสัมฤทธิ์ของงาน'),(62,2553,1305,13,'13.5 มีการตรวจสอบและถ่วงดุล'),(63,2553,1401,14,'14.1 มีหลักสูตรที่เหมาะสมกับเด็กและท้องถิ่น'),(64,2553,1402,14,'14.2 มีการส่งเสริมให้ครูจัดทำแผนการจัดประสบการณ์การเรียนรู้ที่ตอบสนองความสนใจและเหมาะสมกับวัยของเด็ก'),(65,2553,1403,14,'14.3 มีการส่งเสริมและพัฒนานวัตกรรมการจัดประสบการณ์การเรียนรู้ และสื่ออุปกรณ์การเรียนที่เอื้อต่อการเรียนรู้'),(66,2553,1404,14,'14.4 มีการจัดกิจกรรมการเรียนรู้โดยบูรณาการผ่านการเล่นและเด็กได้เรียนรู้จากประสบการณ์ตรง'),(67,2553,1405,14,'14.5 มีการบันทึก การรายงานผล และการส่งต่อข้อมูลของเด็กอย่างเป็นระบบ'),(68,2553,1406,14,'14.6 มีการนิเทศและนำผลไปปรับปรุงการจัดกิจกรรม/ประสบการณ์อย่างสม่ำเสมอ'),(69,2553,1407,14,'14.7 มีการนำแหล่งเรียนรู้และภูมิปัญญาท้องถิ่นมาใช้ในการจัดประสบการณ์'),(70,2553,1501,15,'15.1 มีการจัดและพัฒนาระบบดูแลช่วยเหลือเด็กอย่างทั่วถึง'),(71,2553,1502,15,'15.2 มีการจัดกิจกรรม กระตุ้นพัฒนาการทางสมอง ตอบสนองความสนใจ และส่งเสริมความคิดสร้างสรรค์ของเด็ก'),(72,2553,1503,15,'15.3 มีการจัดกิจกรรมส่งเสริมค่านิยมที่ดีงาม'),(73,2553,1504,15,'15.4 มีการจัดกิจกรรมส่งเสริมด้านศิลปะ ดนตรี และการเคลื่อนไหว'),(74,2553,1505,15,'15.5 มีการจัดกิจกรรมสืบสานและสร้างสรรค์ วัฒนธรรม ประเพณี และภูมิปัญญาไทย'),(75,2553,1506,15,'15.6 มีการจัดกิจกรรมส่งเสริมความเป็นประชาธิปไตย'),(76,2553,1601,16,'16.1 มีสภาพแวดล้อมที่เอื้อต่อการเรียนรู้ มีอาคารสถานที่เหมาะสม'),(77,2553,1602,16,'16.2 มีการส่งเสริมสุขภาพอนามัยและความปลอดภัยของเด็ก'),(78,2553,1603,16,'16.3 มีการให้บริการเทคโนโลยีสารสนเทศที่เอื้อต่อการเรียนรู้ด้วยตนเองและการเรียนรู้แบบมีส่วนร่วม'),(79,2553,1604,16,'16.4 มีห้องเรียน ห้องสมุด สนามเด็กเล่น พื้นที่สีเขียว และสิ่งอำนวยความสะดวกพอเพียงและอยู่ในสภาพใช้การได้ดี'),(80,2553,1605,16,'16.5 มีการจัดและใช้แหล่งเรียนรู้ทั้งในและนอกสถานศึกษา'),(81,2553,1701,17,'17.1 มีการเชื่อมโยงและแลกเปลี่ยนข้อมูลกับแหล่งเรียนรู้และภูมิปัญญาในท้องถิ่น'),(82,2553,1702,17,'17.2 สนับสนุนให้แหล่งเรียนรู้ ภูมิปัญญา และชุมชน เข้ามามีส่วนร่วมในการจัดทำหลักสูตรระดับสถานศึกษา'),(83,2553,1801,18,'18.1 เป็นแหล่งวิทยาการในการแสวงหาความรู้และบริการชุมชน'),(84,2553,1802,18,'18.2 มีการแลกเปลี่ยนเรียนรู้ร่วมกัน'),(87,2554,101,1,'1.1 มีน้ำหนักส่วนสูงเป็นไปตามเกณฑ์มาตรฐาน'),(88,2554,102,1,'1.2 มีทักษะการเคลื่อนไหวตามวัย'),(89,2554,103,1,'1.3 มีสุขนิสัยในการดูแลสุขภาพของตน'),(90,2554,104,1,'1.4 หลีกเลี่ยงต่อสภวะที่เสี่ยงต่อโรค อุบัติเหตุ ภัย สิ่งแวดล้อม'),(172,2554,204,2,'2.4 ชื่นชมศิลปะ ดนตรี การเคลื่อนไหว และรักธรรมชาติ'),(93,2554,201,2,'2.1 ร่าเริงแจ่มใส มีความรู้สึกที่ดีต่อตนเอง'),(94,2554,202,2,'2.2 มีความมั่นใจและกล้าแสดงออก'),(171,2554,203,2,'2.3 ควบคุมอารมณ์ตนเองให้เหมาะสมกับวัย'),(95,2554,301,3,'3.1 มีวินัย รับผิดชอบ เชื่อฟังคำสั่งสอนของพ่อแม่ ครูอาจารย์'),(96,2554,302,3,'3.2 มีความซื่อสัตย์สุจริต ช่วยเหลือแบ่งปัน'),(97,2554,303,3,'3.3 เล่นและทำงานร่วมกับผู้อื่นได้'),(98,2554,304,3,'3.4 ประพฤติตนตามวัฒนธรรมไทยและศาสนาที่ตนนับถือ'),(99,2554,401,4,'4.1 สนใจเรียนรู้สิ่งรอบตัว ซักถามอย่างตั้งใจ และรักการเรียนรู้'),(100,2554,402,4,'4.2 มีความคิดรอบยอดเกี่ยวกับสิ่งต่าง ๆ ที่เกิดจากประสบการณ์การเรียนรู้'),(101,2554,403,4,'4.3 มีทักษะทางภาษาที่เหมาะสมกับวัย'),(102,2554,501,5,'5.1 ครูเข้าใจปรัชญา หลักการ และธรรมชาติของการจัดการศึกษาปฐมวัย และสามารถนำมาประยุกต์ใช้ในการจัดประสบการณ์'),(103,2554,502,5,'5.2 ครูจัดทำแผนการจัดประสบการณ์ที่สอดคล้องกับหลักสูตรการศึกษาปฐมวัย และสามารถจัดประสบการณ์การเรียนรู้ที่หลากหลาย สอดคล้องกับความแตกต่างระหว่างบุคคล'),(104,2554,503,5,'5.3 ครูบริหารจัดการชั้นเรียนที่สร้างวินัยเชิงบวก'),(105,2554,504,5,'5.4 ครูใช้สื่อเทคโนโลยีที่เหมาะสม สอดคล้องกับพัฒนาการของเด็ก'),(106,2554,505,5,'5.5 ครูใช้เครื่องมือการวัดและประเมินพัฒนาการของเด็กอย่างหลากหลาย และสรุปรายงานผลพัฒนาการของเด็กแก่ผู้ปกครอง'),(107,2554,506,5,'5.6 ครูวิจัยและพัฒนาการจัดการเรียนรู้ที่ตนรับผิดชอบ และใช้ผลในการปรับการจัดประสบการณ์'),(108,2554,507,5,'5.7 ครูจัดสิ่งแวดล้อมให้เกิดการเรียนรู้ได้ตลอดเวลา'),(109,2554,601,6,'6.1 ผู้บริหารเข้าใจปรัชญาและหลักการจัดการศึกษาปฐมวัย'),(110,2554,602,6,'6.2 ผู้บริหารมีวิสัยทัศน์ ภาวะผู้นำ และความคิดริเริ่มที่เน้นการพัฒนาเด็กปฐมวัย'),(111,2554,701,7,'7.1 มีหลักสูตรการศึกษาปฐมวัยของสถานศึกษาและนำสู่การปฏิบัติได้อย่างมีประสิทธิภาพ'),(112,2554,702,7,'7.2 มีระบบและกลไกให้ผู้มีส่วนร่วมทุกฝ่ายตระหนักและเข้าใจการจัดการศึกษาปฐมวัย'),(113,2554,703,7,'7.3 จัดกิจกรรมเสริมสร้างความตระหนักรู้และความเข้าใจหลักการจัดการศึกษาปฐมวัย'),(114,2554,704,7,'7.4 สร้างการมีส่วนร่วมและแสวงหาความร่วมมือกับผู้ปกครอง ชุมชน และท้องถิ่น'),(115,2554,705,7,'7.5 จัดสิ่งอำนวยความสะดวกเพื่อพัฒนาเด็กอย่างรอบด้าน'),(116,2554,801,8,'8.1 กำหนดมาตรฐานการศึกษาปฐมวัยของสถานศึกษา'),(117,2554,802,8,'8.2 จัดทำและดำเนินการตามแผนพัฒนาการจัดการศึกษาของสถานศึกษาที่มุ่งพัฒนาคุณภาพตามมาตรฐานการศึกษาของสถานศึกษา'),(118,2554,803,8,'8.3 จัดระบบข้อมูลสารสนเทศและใช้สารสนเทศในการบริหารจัดการ'),(119,2554,901,9,'9.1 เป็นแหล่งเรียนรู้เพื่อพัฒนาการเรียนรู้ของเด็กและบุคลากรในสถานศึกษา'),(120,2554,902,9,'9.2 มีการแลกเปลี่ยนเรียนรู้ร่วมกันภายในสถานศึกษา ระหว่างสถานศึกษากับครอบครัว ชุมชน และองค์กรที่เกี่ยวข้อง'),(126,2554,1001,10,'10.1 จัดโครงการ กิจกรรมพัฒนาเด็กให้บรรลุตามเป้าหมาย ปรัชญา วิสัยทัศน์ และจุดเน้นการจัดการศึกษาปฐมวัยของสถานศึกษา'),(127,2554,1002,10,'10.2 ผลการดำเนินงานบรรลุเป้าหมาย'),(133,2554,1101,11,'11.1 จัดโครงการ กิจกรรมส่งเสริมสนับสนุนตามนโยบายเกี่ยวกับการจัดการศึกษาปฐมวัย'),(134,2554,1102,11,'11.2 ผลการดำเนินงานบรรลุตามเป้าหมาย'),(173,2554,404,4,'4.4 มีทักษะกระบวนการทางวิทยาศาสตร์และคณิตศาสตร์'),(174,2554,405,4,'4.5 มีจินตนาการและความคิดสร้างสรรค์'),(175,2554,508,5,'5.8 ครูมีปฏิสัมพันธ์ที่ดีกับเด็ก และผู้ปกครอง'),(176,2554,509,5,'5.9 ครูมีวุฒิและความรู้ความสามารถในดานการศึกษาปฐมวัย'),(177,2554,5010,5,'5.10 ครูจัดทำสารนิทัศน์และนำมาไตร่ตรองเพื่อใช้ประโยชน์ในการพัฒนาเด็ก'),(178,2554,603,6,'6.3 ผู้บริหารใช้หลักการบริหารแบบมีส่วนร่วมและใช้ข้อมูลการประเมินผลหรือการวิจัยเป็นฐานคิดทั้งด้านวิชาการ และการจัดการ'),(179,2554,604,6,'6.4 ผู้บริหารสามารถบริหารจัดการการศึกษาให้บรรลุเป้าหมายตามแผนพัฒนาคุณภาพสถานศึกษา'),(180,2554,605,6,'6.5 ผู้บริหารส่งเสริมและพัฒนาศักยภาพบุคลากรให้มีประสิทธิภาพ'),(181,2554,606,6,'6.6 ผู้บริหารให้คำแนะนำ คำปรึกษาทางวิชาการและเอาใจใส่การจัดการศึกษาปฐมวัยเต็มศักยภาพและเต็มเวลา'),(182,2554,607,6,'6.7 เด็ก ผู้ปกครอง และชุมชนพึงพอใจผลการบริหารจัดการศึกษาปฐมวัย'),(183,2554,804,8,'8.4 ติดต่ามตรวจสอบ และประเมินผลการดำเนินงานคุณภาพภายในตามมาตรฐานการศึกษาของสถานศึกษา'),(184,2554,805,8,'8.5 นำผลการประเมินคุณภาพทั้งภายในและภายนอกไปใช้วางแผนพัฒนาคุณภาพการศึกษาอย่างต่อเนื่อง'),(185,2554,806,8,'8.6 จัดทำรายงานประจำปีที่เป็นรายงานการประเมินคุณภาพภายใน');

--
-- Table structure for table `standard_elementary_sd`
--

CREATE TABLE `standard_elementary_sd` (
  `id` int(11) NOT NULL AUTO_INCREMENT,
  `sd_year` int(11) NOT NULL,
  `sd_id` int(11) NOT NULL,
  `sd_name` varchar(150) NOT NULL,
  PRIMARY KEY (`id`)
) ENGINE=MyISAM AUTO_INCREMENT=35 DEFAULT CHARSET=utf8 COLLATE=utf8_general_ci;

--
-- Dumping data for table `standard_elementary_sd`
--

INSERT INTO `standard_elementary_sd` VALUES (5,2553,1,'เด็กมีคุณธรรม จริยธรรม และค่านิยมที่พึงประสงค์'),(6,2553,2,'เด็กมีจิตสำนึกในการอนุรักษ์และพัฒนาสิ่งแวดล้อม'),(7,2553,3,'เด็กสามารถทำงานจนสำเร็จ ทำงานร่วมกับผู้อื่นได้ และมีความรู้สึกที่ดีต่ออาชีพสุจริต'),(8,2553,4,'เด็กสามารถคิดรวบยอด คิดแก้ปัญหา และคิดริเริ่มสร้างสรรค์'),(9,2553,5,'เด็กมีความรู้และทักษะเบื้องต้น'),(10,2553,6,'เด็กมีความสนใจใฝ่รู้ รักการอ่าน และพัฒนาตนเอง'),(11,2553,7,'เด็กมีสุขนิสัย สุขภาพกาย และสุขภาพจิตที่ดี'),(12,2553,8,'เด็กมีสุนทรียภาพและลักษณะนิสัยด้านศิลปะ ดนตรี และการเคลื่อนไหว'),(13,2553,9,'ครูมีคุณธรรม จริยธรรม มีวุฒิ/ความรู้ความสามารถตรงกับงานที่'),(14,2553,10,'ครูมีความสามารถในการจัดประสบการณ์การเรียนรู้ได้อย่างมีประสิทธิภาพและเน้นเด็กเป็นสำคัญ'),(15,2553,11,'ผู้บริหารมีคุณธรรม จริยธรรม มีภาวะผู้นำ และมีความสามารถในการบริหารจัดการศึกษา'),(16,2553,12,'สถานศึกษามีการจัดองค์กร โครงสร้าง ระบบการบริหารงานและพัฒนาองค์กรอย่างเป็นระบบครบวงจร'),(17,2553,13,'สถานศึกษามีการบริหารและจัดการศึกษาโดยใช้สถานศึกษาเป็นฐาน'),(18,2553,14,'สถานศึกษามีการจัดหลักสูตร และประสบการณ์การเรียนรู้ที่เน้นเด็กเป็นสำคัญ'),(19,2553,15,'สถานศึกษามีการจัดกิจกรรมส่งเสริมคุณภาพเด็กอย่างหลากหลาย'),(20,2553,16,'สถานศึกษามีการจัดสภาพแวดล้อมและการบริการที่ส่งเสริมให้เด็กพัฒนาตามธรรมชาติเต็มศักยภาพ'),(21,2553,17,'สถานศึกษามีการสนับสนุนและใช้แหล่งเรียนรู้และภูมิปัญญาในท้องถิ่น'),(22,2553,18,'สถานศึกษามีการร่วมมือกันระหว่างบ้าน องค์กรทางศาสนาสถาบันทางวิชาการ และองค์กรภาครัฐและเอกชน เพื่อพัฒนาวิถีการเรียนรู้ในชุมชน'),(24,2554,1,'เด็กมีพัฒาการด้านร่างกาย'),(25,2554,2,'เด็กมีพัฒนาการด้านอารมณ์และจิตใจ'),(26,2554,3,'เด็กมีพัฒนาการด้านสังคม'),(27,2554,4,'เด็กมีพัฒนาการด้านสติปัญญา'),(28,2554,5,'ครูปฏิบัติงานตามบทบาทหน้าที่อย่างมีประสิทธิภาพและเกิดประสิทธิผล'),(29,2554,6,'ผู้บริหารปฏิบัติงานตามบทบาทหน้าที่อย่างมีประสิทธิภาพและเกิดประสิทธิผล'),(30,2554,7,'แนวทางการจัดการศึกษา'),(31,2554,8,'สถานศึกษามีการประกันคุณภาพภายในของสถานตามที่กำหนดในกฎกระทรวง'),(32,2554,9,'สถานศึกษามีการสร้าง ส่งเสริม สนับสนุน ให้สถานศึกษาเป็นสังคมแห่งการเรียนรู้'),(33,2554,10,'พัฒนาสถานศึกษาให้บรรลุตามปรัชญา วิสัยทัศน์ และจุดเน้นของการศึกษาปฐมวัย'),(34,2554,11,'พัฒนาสถานศึกษาตามนโยบายเกี่ยวกับการจัดการศึกษาปฐมวัย');

--
-- Table structure for table `standard_permission`
--

CREATE TABLE `standard_permission` (
  `id` int(11) NOT NULL AUTO_INCREMENT,
  `person_id` varchar(13) NOT NULL,
  `p1` tinyint(4) NOT NULL,
  `officer` varchar(13) NOT NULL,
  `rec_date` date NOT NULL,
  PRIMARY KEY (`id`)
) ENGINE=MyISAM DEFAULT CHARSET=utf8 COLLATE=utf8_general_ci;

--
-- Dumping data for table `standard_permission`
--


--
-- Table structure for table `student_check_main`
--

CREATE TABLE `student_check_main` (
  `check_date` date NOT NULL COMMENT 'วันที่บันทึก',
  `student_id` int(11) NOT NULL COMMENT 'รหัสนักเรียน',
  `class_now` tinyint(4) NOT NULL COMMENT 'ชั้นเรียนปัจจุบันที่บันทึก',
  `room_now` tinyint(4) NOT NULL COMMENT 'ห้องเรียนปัจจุบันที่บันทึก',
  `student_check_year` int(11) NOT NULL COMMENT 'ปีการศึกษาที่บันทึก',
  `check_val` varchar(1) NOT NULL COMMENT 'ค่าการเช็ค',
  `check_person_id` varchar(13) NOT NULL COMMENT 'ผู้ทำรายการ',
  `save_date` datetime NOT NULL COMMENT 'วันที่ทำรายการบันทึก',
  PRIMARY KEY (`check_date`,`student_id`)
) ENGINE=MyISAM DEFAULT CHARSET=utf8 COLLATE=utf8_general_ci;

--
-- Dumping data for table `student_check_main`
--

INSERT INTO `student_check_main` VALUES ('2015-10-27',1583,4,1,2558,'C','1311190001611','2015-10-27 11:10:10'),('2015-10-27',1592,4,1,2558,'C','1311190001611','2015-10-27 11:10:10'),('2015-10-27',1595,4,1,2558,'C','1311190001611','2015-10-27 11:10:10'),('2015-10-27',1580,4,1,2558,'C','1311190001611','2015-10-27 11:10:10'),('2015-10-27',1573,5,1,2558,'C','1311190001611','2015-10-27 11:10:27'),('2015-10-27',1574,5,1,2558,'C','1311190001611','2015-10-27 11:10:27'),('2015-10-27',1575,5,1,2558,'C','1311190001611','2015-10-27 11:10:27'),('2015-10-26',1583,4,1,2558,'C','1311190001611','2015-10-27 11:10:43'),('2015-10-26',1592,4,1,2558,'C','1311190001611','2015-10-27 11:10:43'),('2015-10-26',1595,4,1,2558,'C','1311190001611','2015-10-27 11:10:43'),('2015-10-26',1580,4,1,2558,'C','1311190001611','2015-10-27 11:10:43'),('2015-11-02',1583,4,1,2558,'C','1311190001611','2015-11-02 08:11:42'),('2015-11-02',1592,4,1,2558,'C','1311190001611','2015-11-02 08:11:42'),('2015-11-02',1595,4,1,2558,'C','1311190001611','2015-11-02 08:11:42'),('2015-11-02',1580,4,1,2558,'C','1311190001611','2015-11-02 08:11:42'),('2015-11-02',1573,5,1,2558,'C','1311190001611','2015-11-02 08:11:06'),('2015-11-02',1574,5,1,2558,'C','1311190001611','2015-11-02 08:11:06'),('2015-11-02',1575,5,1,2558,'C','1311190001611','2015-11-02 08:11:06'),('2015-11-03',1583,4,1,2558,'C','1311190001611','2015-11-03 11:11:58'),('2015-11-03',1592,4,1,2558,'C','1311190001611','2015-11-03 11:11:58'),('2015-11-03',1595,4,1,2558,'C','1311190001611','2015-11-03 11:11:58'),('2015-11-03',1580,4,1,2558,'C','1311190001611','2015-11-03 11:11:58'),('2015-11-03',1573,5,1,2558,'C','1311190001611','2015-11-03 11:11:22'),('2015-11-03',1574,5,1,2558,'C','1311190001611','2015-11-03 11:11:22'),('2015-11-03',1575,5,1,2558,'C','1311190001611','2015-11-03 11:11:22'),('2015-11-04',1583,4,1,2558,'C','1311190001611','2015-11-04 09:11:52'),('2015-11-04',1592,4,1,2558,'C','1311190001611','2015-11-04 09:11:52'),('2015-11-04',1595,4,1,2558,'C','1311190001611','2015-11-04 09:11:52'),('2015-11-04',1580,4,1,2558,'C','1311190001611','2015-11-04 09:11:52'),('2015-11-04',1573,5,1,2558,'C','1311190001611','2015-11-04 09:11:06'),('2015-11-04',1574,5,1,2558,'C','1311190001611','2015-11-04 09:11:06'),('2015-11-04',1575,5,1,2558,'C','1311190001611','2015-11-04 09:11:06'),('2015-11-12',1583,4,1,2558,'C','1311190001611','2015-11-12 02:11:26'),('2015-11-12',1592,4,1,2558,'C','1311190001611','2015-11-12 02:11:26'),('2015-11-12',1595,4,1,2558,'C','1311190001611','2015-11-12 02:11:26'),('2015-11-12',1580,4,1,2558,'C','1311190001611','2015-11-12 02:11:26'),('2015-11-12',1573,5,1,2558,'C','1311190001611','2015-11-12 02:11:34'),('2015-11-12',1574,5,1,2558,'C','1311190001611','2015-11-12 02:11:34'),('2015-11-12',1575,5,1,2558,'C','1311190001611','2015-11-12 02:11:34'),('2020-11-02',1617,2,1,2563,'C','3341500771599','2020-11-02 01:11:28'),('2020-11-02',1618,4,1,2563,'C','3341500771599','2020-11-02 01:11:52'),('2020-11-02',1605,6,1,2563,'C','3341500771599','2020-11-02 01:11:39'),('2020-11-02',1604,7,1,2563,'C','3341500771599','2020-11-02 01:11:54'),('2020-11-02',1615,7,1,2563,'C','3341500771599','2020-11-02 01:11:54'),('2020-11-02',1578,8,1,2563,'C','3341500771599','2020-11-02 01:11:20'),('2020-11-02',1588,8,1,2563,'C','3341500771599','2020-11-02 01:11:20'),('2020-11-02',1590,8,1,2563,'C','3341500771599','2020-11-02 01:11:20'),('2020-11-02',1598,8,1,2563,'C','3341500771599','2020-11-02 01:11:20'),('2020-11-02',1595,8,1,2563,'C','3341500771599','2020-11-02 01:11:20'),('2020-11-02',1614,8,1,2563,'C','3341500771599','2020-11-02 01:11:20'),('2020-11-02',1610,3,1,2563,'C','3341500771599','2020-11-02 01:11:47'),('2020-11-02',1616,3,1,2563,'C','3341500771599','2020-11-02 01:11:47'),('2020-11-02',1619,3,1,2563,'C','3341500771599','2020-11-02 01:11:47'),('2020-11-02',1606,5,1,2563,'C','3341500771599','2020-11-02 01:11:01'),('2020-11-02',1607,5,1,2563,'C','3341500771599','2020-11-02 01:11:01'),('2020-11-03',1617,2,1,2563,'C','3341500771599','2020-11-03 08:11:39'),('2020-11-03',1618,4,1,2563,'C','3341500771599','2020-11-03 08:11:04'),('2020-11-03',1606,5,1,2563,'C','3341500771599','2020-11-03 08:11:26'),('2020-11-03',1607,5,1,2563,'C','3341500771599','2020-11-03 08:11:26'),('2020-11-03',1605,6,1,2563,'C','3341500771599','2020-11-03 08:11:35'),('2020-11-03',1604,7,1,2563,'C','3341500771599','2020-11-03 08:11:43'),('2020-11-03',1615,7,1,2563,'C','3341500771599','2020-11-03 08:11:43'),('2020-11-03',1578,8,1,2563,'C','3341500771599','2020-11-03 08:11:55'),('2020-11-03',1588,8,1,2563,'C','3341500771599','2020-11-03 08:11:55'),('2020-11-03',1590,8,1,2563,'C','3341500771599','2020-11-03 08:11:55'),('2020-11-03',1598,8,1,2563,'C','3341500771599','2020-11-03 08:11:55'),('2020-11-03',1595,8,1,2563,'C','3341500771599','2020-11-03 08:11:55'),('2020-11-03',1614,8,1,2563,'C','3341500771599','2020-11-03 08:11:55'),('2020-11-06',1617,2,1,2563,'C','3341500771599','2020-11-06 10:11:42'),('2020-11-06',1610,3,1,2563,'C','3341500771599','2020-11-06 10:11:03'),('2020-11-06',1616,3,1,2563,'C','3341500771599','2020-11-06 10:11:03'),('2020-11-06',1619,3,1,2563,'C','3341500771599','2020-11-06 10:11:03'),('2020-11-06',1618,4,1,2563,'C','3341500771599','2020-11-06 10:11:26'),('2020-11-06',1606,5,1,2563,'C','3341500771599','2020-11-06 10:11:18'),('2020-11-06',1607,5,1,2563,'C','3341500771599','2020-11-06 10:11:18'),('2020-11-06',1605,6,1,2563,'C','3341500771599','2020-11-06 10:11:26'),('2020-11-06',1604,7,1,2563,'C','3341500771599','2020-11-06 10:11:39'),('2020-11-06',1615,7,1,2563,'C','3341500771599','2020-11-06 10:11:39'),('2020-11-06',1578,8,1,2563,'C','3341500771599','2020-11-06 10:11:52'),('2020-11-06',1588,8,1,2563,'C','3341500771599','2020-11-06 10:11:52'),('2020-11-06',1590,8,1,2563,'C','3341500771599','2020-11-06 10:11:52'),('2020-11-06',1598,8,1,2563,'C','3341500771599','2020-11-06 10:11:52'),('2020-11-06',1595,8,1,2563,'C','3341500771599','2020-11-06 10:11:52'),('2020-11-06',1614,8,1,2563,'C','3341500771599','2020-11-06 10:11:52'),('2020-11-12',1617,2,1,2563,'C','3341500771599','2020-11-12 11:11:05'),('2020-11-12',1610,3,1,2563,'C','3341500771599','2020-11-12 11:11:38'),('2020-11-12',1616,3,1,2563,'C','3341500771599','2020-11-12 11:11:38'),('2020-11-12',1619,3,1,2563,'C','3341500771599','2020-11-12 11:11:38'),('2020-11-12',1618,4,1,2563,'C','3341500771599','2020-11-12 11:11:46'),('2020-11-12',1606,5,1,2563,'C','3341500771599','2020-11-12 11:11:59'),('2020-11-12',1607,5,1,2563,'C','3341500771599','2020-11-12 11:11:59'),('2020-11-12',1605,6,1,2563,'C','3341500771599','2020-11-12 11:11:12'),('2020-11-12',1604,7,1,2563,'C','3341500771599','2020-11-12 11:11:26'),('2020-11-12',1615,7,1,2563,'C','3341500771599','2020-11-12 11:11:26'),('2020-11-12',1578,8,1,2563,'C','3341500771599','2020-11-12 11:11:38'),('2020-11-12',1588,8,1,2563,'C','3341500771599','2020-11-12 11:11:38'),('2020-11-12',1590,8,1,2563,'C','3341500771599','2020-11-12 11:11:38'),('2020-11-12',1598,8,1,2563,'C','3341500771599','2020-11-12 11:11:38'),('2020-11-12',1595,8,1,2563,'C','3341500771599','2020-11-12 11:11:38'),('2020-11-12',1614,8,1,2563,'C','3341500771599','2020-11-12 11:11:38'),('2020-11-13',1617,2,1,2563,'C','3341500771599','2020-11-13 12:11:34'),('2020-11-13',1610,3,1,2563,'C','3341500771599','2020-11-13 12:11:46'),('2020-11-13',1616,3,1,2563,'C','3341500771599','2020-11-13 12:11:46'),('2020-11-13',1619,3,1,2563,'C','3341500771599','2020-11-13 12:11:46'),('2020-11-13',1618,4,1,2563,'C','3341500771599','2020-11-13 12:11:53'),('2020-11-13',1606,5,1,2563,'C','3341500771599','2020-11-13 12:11:01'),('2020-11-13',1607,5,1,2563,'C','3341500771599','2020-11-13 12:11:01'),('2020-11-13',1605,6,1,2563,'C','3341500771599','2020-11-13 12:11:13'),('2020-11-13',1604,7,1,2563,'C','3341500771599','2020-11-13 12:11:19'),('2020-11-13',1615,7,1,2563,'C','3341500771599','2020-11-13 12:11:19'),('2020-11-13',1578,8,1,2563,'C','3341500771599','2020-11-13 12:11:28'),('2020-11-13',1588,8,1,2563,'C','3341500771599','2020-11-13 12:11:28'),('2020-11-13',1590,8,1,2563,'C','3341500771599','2020-11-13 12:11:28'),('2020-11-13',1598,8,1,2563,'C','3341500771599','2020-11-13 12:11:28'),('2020-11-13',1595,8,1,2563,'C','3341500771599','2020-11-13 12:11:28'),('2020-11-13',1614,8,1,2563,'C','3341500771599','2020-11-13 12:11:28'),('2020-12-03',1617,2,1,2563,'C','3341500771599','2020-12-03 10:12:44'),('2020-12-03',1610,3,1,2563,'C','3341500771599','2020-12-03 10:12:11'),('2020-12-03',1616,3,1,2563,'L','3341500771599','2020-12-03 10:12:11'),('2020-12-03',1619,3,1,2563,'C','3341500771599','2020-12-03 10:12:11'),('2020-12-03',1618,4,1,2563,'C','3341500771599','2020-12-03 10:12:25'),('2020-12-03',1606,5,1,2563,'C','3341500771599','2020-12-03 10:12:33'),('2020-12-03',1607,5,1,2563,'C','3341500771599','2020-12-03 10:12:33'),('2020-12-03',1605,6,1,2563,'C','3341500771599','2020-12-03 10:12:39'),('2020-12-03',1604,7,1,2563,'C','3341500771599','2020-12-03 10:12:48'),('2020-12-03',1615,7,1,2563,'C','3341500771599','2020-12-03 10:12:48'),('2020-12-03',1578,8,1,2563,'C','3341500771599','2020-12-03 10:12:03'),('2020-12-03',1588,8,1,2563,'C','3341500771599','2020-12-03 10:12:03'),('2020-12-03',1590,8,1,2563,'C','3341500771599','2020-12-03 10:12:03'),('2020-12-03',1598,8,1,2563,'C','3341500771599','2020-12-03 10:12:03'),('2020-12-03',1595,8,1,2563,'C','3341500771599','2020-12-03 10:12:03'),('2020-12-03',1614,8,1,2563,'C','3341500771599','2020-12-03 10:12:03'),('2020-12-01',1617,2,1,2563,'C','3341500771599','2020-12-03 10:12:29'),('2020-12-01',1610,3,1,2563,'C','3341500771599','2020-12-03 10:12:20'),('2020-12-01',1616,3,1,2563,'L','3341500771599','2020-12-03 10:12:20'),('2020-12-01',1619,3,1,2563,'C','3341500771599','2020-12-03 10:12:20'),('2020-12-01',1618,4,1,2563,'C','3341500771599','2020-12-03 10:12:45'),('2020-12-01',1606,5,1,2563,'C','3341500771599','2020-12-03 10:12:03'),('2020-12-01',1607,5,1,2563,'C','3341500771599','2020-12-03 10:12:03'),('2020-12-01',1605,6,1,2563,'C','3341500771599','2020-12-03 10:12:22'),('2020-12-01',1604,7,1,2563,'C','3341500771599','2020-12-03 10:12:40'),('2020-12-01',1615,7,1,2563,'C','3341500771599','2020-12-03 10:12:40'),('2020-12-01',1578,8,1,2563,'C','3341500771599','2020-12-03 10:12:11'),('2020-12-01',1588,8,1,2563,'C','3341500771599','2020-12-03 10:12:11'),('2020-12-01',1590,8,1,2563,'C','3341500771599','2020-12-03 10:12:11'),('2020-12-01',1598,8,1,2563,'C','3341500771599','2020-12-03 10:12:11'),('2020-12-01',1595,8,1,2563,'C','3341500771599','2020-12-03 10:12:11'),('2020-12-01',1614,8,1,2563,'C','3341500771599','2020-12-03 10:12:11'),('2020-12-02',1617,2,1,2563,'C','3341500771599','2020-12-03 10:12:31'),('2020-12-02',1610,3,1,2563,'C','3341500771599','2020-12-03 10:12:56'),('2020-12-02',1616,3,1,2563,'L','3341500771599','2020-12-03 10:12:56'),('2020-12-02',1619,3,1,2563,'C','3341500771599','2020-12-03 10:12:56'),('2020-12-02',1618,4,1,2563,'C','3341500771599','2020-12-03 10:12:09'),('2020-12-02',1606,5,1,2563,'C','3341500771599','2020-12-03 10:12:23'),('2020-12-02',1607,5,1,2563,'C','3341500771599','2020-12-03 10:12:23'),('2020-12-02',1605,6,1,2563,'C','3341500771599','2020-12-03 10:12:35'),('2020-12-02',1604,7,1,2563,'C','3341500771599','2020-12-03 10:12:48'),('2020-12-02',1615,7,1,2563,'C','3341500771599','2020-12-03 10:12:48'),('2020-12-02',1578,8,1,2563,'C','3341500771599','2020-12-03 10:12:07'),('2020-12-02',1588,8,1,2563,'C','3341500771599','2020-12-03 10:12:07'),('2020-12-02',1590,8,1,2563,'C','3341500771599','2020-12-03 10:12:07'),('2020-12-02',1598,8,1,2563,'C','3341500771599','2020-12-03 10:12:07'),('2020-12-02',1595,8,1,2563,'C','3341500771599','2020-12-03 10:12:07'),('2020-12-02',1614,8,1,2563,'C','3341500771599','2020-12-03 10:12:07'),('2020-12-04',1617,2,1,2563,'C','3341500771599','2020-12-07 08:12:19'),('2020-12-04',1610,3,1,2563,'C','3341500771599','2020-12-07 08:12:55'),('2020-12-04',1616,3,1,2563,'L','3341500771599','2020-12-07 08:12:55'),('2020-12-04',1619,3,1,2563,'C','3341500771599','2020-12-07 08:12:55'),('2020-12-04',1618,4,1,2563,'C','3341500771599','2020-12-07 08:12:11'),('2020-12-04',1606,5,1,2563,'C','3341500771599','2020-12-07 08:12:41'),('2020-12-04',1607,5,1,2563,'C','3341500771599','2020-12-07 08:12:41'),('2020-12-04',1605,6,1,2563,'C','3341500771599','2020-12-07 08:12:59'),('2020-12-04',1604,7,1,2563,'C','3341500771599','2020-12-07 08:12:13'),('2020-12-04',1615,7,1,2563,'C','3341500771599','2020-12-07 08:12:13'),('2020-12-04',1578,8,1,2563,'C','3341500771599','2020-12-07 08:12:32'),('2020-12-04',1588,8,1,2563,'C','3341500771599','2020-12-07 08:12:32'),('2020-12-04',1590,8,1,2563,'C','3341500771599','2020-12-07 08:12:32'),('2020-12-04',1598,8,1,2563,'C','3341500771599','2020-12-07 08:12:32'),('2020-12-04',1595,8,1,2563,'C','3341500771599','2020-12-07 08:12:32'),('2020-12-04',1614,8,1,2563,'C','3341500771599','2020-12-07 08:12:32'),('2020-12-07',1617,2,1,2563,'C','3341500771599','2020-12-07 08:12:20'),('2020-12-07',1610,3,1,2563,'C','3341500771599','2020-12-07 08:12:35'),('2020-12-07',1616,3,1,2563,'L','3341500771599','2020-12-07 08:12:35'),('2020-12-07',1619,3,1,2563,'C','3341500771599','2020-12-07 08:12:35'),('2020-12-07',1618,4,1,2563,'C','3341500771599','2020-12-07 08:12:50'),('2020-12-07',1606,5,1,2563,'C','3341500771599','2020-12-07 08:12:58'),('2020-12-07',1607,5,1,2563,'C','3341500771599','2020-12-07 08:12:58'),('2020-12-07',1605,6,1,2563,'C','3341500771599','2020-12-07 08:12:04'),('2020-12-07',1604,7,1,2563,'C','3341500771599','2020-12-07 08:12:13'),('2020-12-07',1615,7,1,2563,'C','3341500771599','2020-12-07 08:12:13'),('2020-12-07',1578,8,1,2563,'C','3341500771599','2020-12-07 08:12:23'),('2020-12-07',1588,8,1,2563,'C','3341500771599','2020-12-07 08:12:23'),('2020-12-07',1590,8,1,2563,'C','3341500771599','2020-12-07 08:12:23'),('2020-12-07',1598,8,1,2563,'C','3341500771599','2020-12-07 08:12:23'),('2020-12-07',1595,8,1,2563,'C','3341500771599','2020-12-07 08:12:23'),('2020-12-07',1614,8,1,2563,'C','3341500771599','2020-12-07 08:12:23'),('2020-12-08',1617,2,1,2563,'C','3341500771599','2020-12-09 08:12:45'),('2020-12-09',1617,2,1,2563,'C','3341500771599','2020-12-09 08:12:57'),('2020-12-08',1610,3,1,2563,'C','3341500771599','2020-12-09 08:12:22'),('2020-12-08',1616,3,1,2563,'L','3341500771599','2020-12-09 08:12:22'),('2020-12-08',1619,3,1,2563,'C','3341500771599','2020-12-09 08:12:22'),('2020-12-09',1610,3,1,2563,'C','3341500771599','2020-12-09 08:12:34'),('2020-12-09',1616,3,1,2563,'L','3341500771599','2020-12-09 08:12:34'),('2020-12-09',1619,3,1,2563,'C','3341500771599','2020-12-09 08:12:34'),('2020-12-08',1618,4,1,2563,'C','3341500771599','2020-12-09 08:12:13'),('2020-12-09',1618,4,1,2563,'C','3341500771599','2020-12-09 08:12:19'),('2020-12-08',1606,5,1,2563,'C','3341500771599','2020-12-09 08:12:34'),('2020-12-08',1607,5,1,2563,'C','3341500771599','2020-12-09 08:12:34'),('2020-12-09',1606,5,1,2563,'C','3341500771599','2020-12-09 08:12:41'),('2020-12-09',1607,5,1,2563,'C','3341500771599','2020-12-09 08:12:41'),('2020-12-08',1605,6,1,2563,'C','3341500771599','2020-12-09 08:12:13'),('2020-12-09',1605,6,1,2563,'C','3341500771599','2020-12-09 08:12:32'),('2020-12-08',1604,7,1,2563,'C','3341500771599','2020-12-09 08:12:51'),('2020-12-08',1615,7,1,2563,'L','3341500771599','2020-12-09 08:12:51'),('2020-12-09',1604,7,1,2563,'C','3341500771599','2020-12-09 08:12:05'),('2020-12-09',1615,7,1,2563,'L','3341500771599','2020-12-09 08:12:05'),('2020-12-08',1578,8,1,2563,'C','3341500771599','2020-12-09 08:12:20'),('2020-12-08',1588,8,1,2563,'C','3341500771599','2020-12-09 08:12:20'),('2020-12-08',1590,8,1,2563,'C','3341500771599','2020-12-09 08:12:20'),('2020-12-08',1598,8,1,2563,'C','3341500771599','2020-12-09 08:12:20'),('2020-12-08',1595,8,1,2563,'C','3341500771599','2020-12-09 08:12:20'),('2020-12-08',1614,8,1,2563,'C','3341500771599','2020-12-09 08:12:20'),('2020-12-09',1578,8,1,2563,'C','3341500771599','2020-12-09 08:12:31'),('2020-12-09',1588,8,1,2563,'C','3341500771599','2020-12-09 08:12:31'),('2020-12-09',1590,8,1,2563,'C','3341500771599','2020-12-09 08:12:31'),('2020-12-09',1598,8,1,2563,'C','3341500771599','2020-12-09 08:12:31'),('2020-12-09',1595,8,1,2563,'C','3341500771599','2020-12-09 08:12:31'),('2020-12-09',1614,8,1,2563,'C','3341500771599','2020-12-09 08:12:31'),('2020-12-14',1617,2,1,2563,'C','3341500771599','2020-12-14 01:12:19'),('2020-12-14',1610,3,1,2563,'C','3341500771599','2020-12-14 01:12:43'),('2020-12-14',1616,3,1,2563,'L','3341500771599','2020-12-14 01:12:43'),('2020-12-14',1619,3,1,2563,'C','3341500771599','2020-12-14 01:12:43'),('2020-12-14',1618,4,1,2563,'C','3341500771599','2020-12-14 01:12:15'),('2020-12-14',1606,5,1,2563,'C','3341500771599','2020-12-14 01:12:24'),('2020-12-14',1607,5,1,2563,'C','3341500771599','2020-12-14 01:12:24'),('2020-12-14',1605,6,1,2563,'C','3341500771599','2020-12-14 01:12:36'),('2020-12-14',1604,7,1,2563,'C','3341500771599','2020-12-14 01:12:04'),('2020-12-14',1615,7,1,2563,'L','3341500771599','2020-12-14 01:12:04'),('2020-12-14',1578,8,1,2563,'C','3341500771599','2020-12-14 01:12:23'),('2020-12-14',1588,8,1,2563,'C','3341500771599','2020-12-14 01:12:23'),('2020-12-14',1590,8,1,2563,'C','3341500771599','2020-12-14 01:12:23'),('2020-12-14',1598,8,1,2563,'C','3341500771599','2020-12-14 01:12:23'),('2020-12-14',1595,8,1,2563,'C','3341500771599','2020-12-14 01:12:23'),('2020-12-14',1614,8,1,2563,'C','3341500771599','2020-12-14 01:12:23'),('2020-12-15',1617,2,1,2563,'C','3341500771599','2020-12-15 10:12:09'),('2020-12-15',1610,3,1,2563,'C','3341500771599','2020-12-15 10:12:20'),('2020-12-15',1616,3,1,2563,'L','3341500771599','2020-12-15 10:12:20'),('2020-12-15',1619,3,1,2563,'C','3341500771599','2020-12-15 10:12:20'),('2020-12-15',1618,4,1,2563,'C','3341500771599','2020-12-15 10:12:27'),('2020-12-15',1606,5,1,2563,'C','3341500771599','2020-12-15 10:12:38'),('2020-12-15',1607,5,1,2563,'C','3341500771599','2020-12-15 10:12:38'),('2020-12-15',1605,6,1,2563,'C','3341500771599','2020-12-15 10:12:47'),('2020-12-15',1604,7,1,2563,'C','3341500771599','2020-12-15 10:12:55'),('2020-12-15',1615,7,1,2563,'L','3341500771599','2020-12-15 10:12:55'),('2020-12-15',1578,8,1,2563,'C','3341500771599','2020-12-15 10:12:08'),('2020-12-15',1588,8,1,2563,'C','3341500771599','2020-12-15 10:12:08'),('2020-12-15',1590,8,1,2563,'C','3341500771599','2020-12-15 10:12:08'),('2020-12-15',1598,8,1,2563,'C','3341500771599','2020-12-15 10:12:08'),('2020-12-15',1595,8,1,2563,'C','3341500771599','2020-12-15 10:12:08'),('2020-12-15',1614,8,1,2563,'C','3341500771599','2020-12-15 10:12:08'),('2020-12-21',1617,2,1,2563,'C','3341500771599','2020-12-21 09:12:33'),('2020-12-21',1610,3,1,2563,'C','3341500771599','2020-12-21 09:12:43'),('2020-12-21',1619,3,1,2563,'C','3341500771599','2020-12-21 09:12:43'),('2020-12-21',1618,4,1,2563,'C','3341500771599','2020-12-21 09:12:49'),('2020-12-21',1606,5,1,2563,'C','3341500771599','2020-12-21 09:12:55'),('2020-12-21',1607,5,1,2563,'C','3341500771599','2020-12-21 09:12:55'),('2020-12-21',1605,6,1,2563,'C','3341500771599','2020-12-21 09:12:01'),('2020-12-21',1604,7,1,2563,'C','3341500771599','2020-12-21 09:12:06'),('2020-12-21',1578,8,1,2563,'C','3341500771599','2020-12-21 09:12:22'),('2020-12-21',1588,8,1,2563,'C','3341500771599','2020-12-21 09:12:22'),('2020-12-21',1590,8,1,2563,'C','3341500771599','2020-12-21 09:12:22'),('2020-12-21',1598,8,1,2563,'C','3341500771599','2020-12-21 09:12:22'),('2020-12-21',1595,8,1,2563,'C','3341500771599','2020-12-21 09:12:22'),('2020-12-21',1614,8,1,2563,'C','3341500771599','2020-12-21 09:12:22'),('2020-12-23',1617,2,1,2563,'C','3341500771599','2020-12-24 10:12:43'),('2020-12-23',1610,3,1,2563,'C','3341500771599','2020-12-24 10:12:03'),('2020-12-23',1619,3,1,2563,'C','3341500771599','2020-12-24 10:12:03'),('2020-12-23',1618,4,1,2563,'C','3341500771599','2020-12-24 10:12:14'),('2020-12-23',1606,5,1,2563,'C','3341500771599','2020-12-24 10:12:26'),('2020-12-23',1607,5,1,2563,'C','3341500771599','2020-12-24 10:12:26'),('2020-12-23',1605,6,1,2563,'C','3341500771599','2020-12-24 10:12:38'),('2020-12-23',1604,7,1,2563,'C','3341500771599','2020-12-24 10:12:51'),('2020-12-23',1578,8,1,2563,'C','3341500771599','2020-12-24 10:12:16'),('2020-12-23',1588,8,1,2563,'C','3341500771599','2020-12-24 10:12:16'),('2020-12-23',1590,8,1,2563,'C','3341500771599','2020-12-24 10:12:16'),('2020-12-23',1598,8,1,2563,'C','3341500771599','2020-12-24 10:12:16'),('2020-12-23',1595,8,1,2563,'C','3341500771599','2020-12-24 10:12:16'),('2020-12-23',1614,8,1,2563,'C','3341500771599','2020-12-24 10:12:16'),('2020-12-24',1617,2,1,2563,'C','3341500771599','2020-12-24 10:12:56'),('2020-12-24',1610,3,1,2563,'C','3341500771599','2020-12-24 10:12:03'),('2020-12-24',1619,3,1,2563,'C','3341500771599','2020-12-24 10:12:03'),('2020-12-24',1618,4,1,2563,'C','3341500771599','2020-12-24 10:12:09'),('2020-12-24',1606,5,1,2563,'C','3341500771599','2020-12-24 10:12:21'),('2020-12-24',1607,5,1,2563,'C','3341500771599','2020-12-24 10:12:21'),('2020-12-24',1605,6,1,2563,'C','3341500771599','2020-12-24 10:12:27'),('2020-12-24',1604,7,1,2563,'C','3341500771599','2020-12-24 10:12:33'),('2020-12-24',1578,8,1,2563,'C','3341500771599','2020-12-24 10:12:38'),('2020-12-24',1588,8,1,2563,'C','3341500771599','2020-12-24 10:12:38'),('2020-12-24',1590,8,1,2563,'C','3341500771599','2020-12-24 10:12:38'),('2020-12-24',1598,8,1,2563,'C','3341500771599','2020-12-24 10:12:38'),('2020-12-24',1595,8,1,2563,'C','3341500771599','2020-12-24 10:12:38'),('2020-12-24',1614,8,1,2563,'C','3341500771599','2020-12-24 10:12:38'),('2020-12-25',1617,2,1,2563,'C','3341500771599','2020-12-29 08:12:14'),('2020-12-25',1610,3,1,2563,'C','3341500771599','2020-12-29 08:12:27'),('2020-12-25',1619,3,1,2563,'C','3341500771599','2020-12-29 08:12:27'),('2020-12-25',1618,4,1,2563,'C','3341500771599','2020-12-29 08:12:38'),('2020-12-25',1606,5,1,2563,'C','3341500771599','2020-12-29 08:12:49'),('2020-12-25',1607,5,1,2563,'C','3341500771599','2020-12-29 08:12:49'),('2020-12-25',1605,6,1,2563,'C','3341500771599','2020-12-29 08:12:06'),('2020-12-25',1604,7,1,2563,'C','3341500771599','2020-12-29 08:12:23'),('2020-12-25',1578,8,1,2563,'C','3341500771599','2020-12-29 08:12:38'),('2020-12-25',1588,8,1,2563,'C','3341500771599','2020-12-29 08:12:38'),('2020-12-25',1590,8,1,2563,'C','3341500771599','2020-12-29 08:12:38'),('2020-12-25',1598,8,1,2563,'C','3341500771599','2020-12-29 08:12:38'),('2020-12-25',1595,8,1,2563,'C','3341500771599','2020-12-29 08:12:38'),('2020-12-25',1614,8,1,2563,'C','3341500771599','2020-12-29 08:12:38'),('2021-01-04',1617,2,1,2563,'C','3341500771599','2021-01-04 10:01:13'),('2021-01-04',1610,3,1,2563,'C','3341500771599','2021-01-04 10:01:22'),('2021-01-04',1619,3,1,2563,'C','3341500771599','2021-01-04 10:01:22'),('2021-01-04',1618,4,1,2563,'C','3341500771599','2021-01-04 10:01:29'),('2021-01-04',1606,5,1,2563,'C','3341500771599','2021-01-04 10:01:40'),('2021-01-04',1607,5,1,2563,'C','3341500771599','2021-01-04 10:01:40'),('2021-01-04',1605,6,1,2563,'C','3341500771599','2021-01-04 10:01:46'),('2021-01-04',1604,7,1,2563,'C','3341500771599','2021-01-04 10:01:52'),('2021-01-04',1578,8,1,2563,'C','3341500771599','2021-01-04 10:01:58'),('2021-01-04',1588,8,1,2563,'C','3341500771599','2021-01-04 10:01:58'),('2021-01-04',1590,8,1,2563,'C','3341500771599','2021-01-04 10:01:58'),('2021-01-04',1598,8,1,2563,'C','3341500771599','2021-01-04 10:01:58'),('2021-01-04',1595,8,1,2563,'C','3341500771599','2021-01-04 10:01:58'),('2021-01-04',1614,8,1,2563,'C','3341500771599','2021-01-04 10:01:58'),('2021-01-05',1617,2,1,2563,'C','3341500771599','2021-01-05 08:01:09'),('2021-01-05',1610,3,1,2563,'C','3341500771599','2021-01-05 08:01:17'),('2021-01-05',1619,3,1,2563,'C','3341500771599','2021-01-05 08:01:17'),('2021-01-05',1618,4,1,2563,'C','3341500771599','2021-01-05 08:01:27'),('2021-01-05',1606,5,1,2563,'C','3341500771599','2021-01-05 08:01:34'),('2021-01-05',1607,5,1,2563,'C','3341500771599','2021-01-05 08:01:34'),('2021-01-05',1605,6,1,2563,'C','3341500771599','2021-01-05 08:01:41'),('2021-01-05',1604,7,1,2563,'C','3341500771599','2021-01-05 08:01:47'),('2021-01-05',1578,8,1,2563,'C','3341500771599','2021-01-05 08:01:52'),('2021-01-05',1588,8,1,2563,'C','3341500771599','2021-01-05 08:01:52'),('2021-01-05',1590,8,1,2563,'C','3341500771599','2021-01-05 08:01:52'),('2021-01-05',1598,8,1,2563,'C','3341500771599','2021-01-05 08:01:52'),('2021-01-05',1595,8,1,2563,'C','3341500771599','2021-01-05 08:01:52'),('2021-01-05',1614,8,1,2563,'C','3341500771599','2021-01-05 08:01:52'),('2021-01-06',1617,2,1,2563,'C','3341500771599','2021-01-06 08:01:49'),('2021-01-06',1610,3,1,2563,'C','3341500771599','2021-01-06 08:01:56'),('2021-01-06',1619,3,1,2563,'C','3341500771599','2021-01-06 08:01:56'),('2021-01-06',1618,4,1,2563,'C','3341500771599','2021-01-06 08:01:02'),('2021-01-06',1606,5,1,2563,'C','3341500771599','2021-01-06 08:01:13'),('2021-01-06',1607,5,1,2563,'C','3341500771599','2021-01-06 08:01:13'),('2021-01-06',1605,6,1,2563,'C','3341500771599','2021-01-06 08:01:19'),('2021-01-06',1604,7,1,2563,'C','3341500771599','2021-01-06 08:01:25'),('2021-01-06',1578,8,1,2563,'C','3341500771599','2021-01-06 08:01:30'),('2021-01-06',1588,8,1,2563,'C','3341500771599','2021-01-06 08:01:30'),('2021-01-06',1590,8,1,2563,'C','3341500771599','2021-01-06 08:01:30'),('2021-01-06',1598,8,1,2563,'C','3341500771599','2021-01-06 08:01:30'),('2021-01-06',1595,8,1,2563,'C','3341500771599','2021-01-06 08:01:30'),('2021-01-06',1614,8,1,2563,'C','3341500771599','2021-01-06 08:01:30'),('2021-01-07',1617,2,1,2563,'C','3341500771599','2021-01-07 09:01:26'),('2021-01-07',1610,3,1,2563,'C','3341500771599','2021-01-07 09:01:33'),('2021-01-07',1619,3,1,2563,'C','3341500771599','2021-01-07 09:01:33'),('2021-01-07',1618,4,1,2563,'C','3341500771599','2021-01-07 09:01:40'),('2021-01-07',1606,5,1,2563,'C','3341500771599','2021-01-07 09:01:47'),('2021-01-07',1607,5,1,2563,'C','3341500771599','2021-01-07 09:01:47'),('2021-01-07',1605,6,1,2563,'C','3341500771599','2021-01-07 09:01:53'),('2021-01-07',1604,7,1,2563,'C','3341500771599','2021-01-07 09:01:59'),('2021-01-07',1578,8,1,2563,'C','3341500771599','2021-01-07 09:01:04'),('2021-01-07',1588,8,1,2563,'C','3341500771599','2021-01-07 09:01:04'),('2021-01-07',1590,8,1,2563,'C','3341500771599','2021-01-07 09:01:04'),('2021-01-07',1598,8,1,2563,'C','3341500771599','2021-01-07 09:01:04'),('2021-01-07',1595,8,1,2563,'C','3341500771599','2021-01-07 09:01:04'),('2021-01-07',1614,8,1,2563,'C','3341500771599','2021-01-07 09:01:04'),('2021-01-11',1617,2,1,2563,'C','3341500771599','2021-01-11 09:01:17'),('2021-01-11',1610,3,1,2563,'C','3341500771599','2021-01-11 09:01:23'),('2021-01-11',1619,3,1,2563,'C','3341500771599','2021-01-11 09:01:23'),('2021-01-11',1618,4,1,2563,'C','3341500771599','2021-01-11 09:01:29'),('2021-01-11',1606,5,1,2563,'C','3341500771599','2021-01-11 09:01:35'),('2021-01-11',1607,5,1,2563,'C','3341500771599','2021-01-11 09:01:35'),('2021-01-11',1605,6,1,2563,'C','3341500771599','2021-01-11 09:01:41'),('2021-01-11',1604,7,1,2563,'C','3341500771599','2021-01-11 09:01:53'),('2021-01-11',1578,8,1,2563,'C','3341500771599','2021-01-11 09:01:59'),('2021-01-11',1588,8,1,2563,'C','3341500771599','2021-01-11 09:01:59'),('2021-01-11',1590,8,1,2563,'C','3341500771599','2021-01-11 09:01:59'),('2021-01-11',1598,8,1,2563,'C','3341500771599','2021-01-11 09:01:59'),('2021-01-11',1595,8,1,2563,'C','3341500771599','2021-01-11 09:01:59'),('2021-01-11',1614,8,1,2563,'C','3341500771599','2021-01-11 09:01:59'),('2021-01-12',1617,2,1,2563,'C','3341500771599','2021-01-13 08:01:45'),('2021-01-12',1610,3,1,2563,'C','3341500771599','2021-01-13 08:01:03'),('2021-01-12',1619,3,1,2563,'C','3341500771599','2021-01-13 08:01:03'),('2021-01-12',1618,4,1,2563,'C','3341500771599','2021-01-13 08:01:14'),('2021-01-12',1606,5,1,2563,'C','3341500771599','2021-01-13 08:01:25'),('2021-01-12',1607,5,1,2563,'C','3341500771599','2021-01-13 08:01:25'),('2021-01-12',1605,6,1,2563,'C','3341500771599','2021-01-13 08:01:36'),('2021-01-12',1604,7,1,2563,'C','3341500771599','2021-01-13 08:01:48'),('2021-01-12',1578,8,1,2563,'C','3341500771599','2021-01-13 08:01:59'),('2021-01-12',1588,8,1,2563,'C','3341500771599','2021-01-13 08:01:59'),('2021-01-12',1590,8,1,2563,'C','3341500771599','2021-01-13 08:01:59'),('2021-01-12',1598,8,1,2563,'C','3341500771599','2021-01-13 08:01:59'),('2021-01-12',1595,8,1,2563,'C','3341500771599','2021-01-13 08:01:59'),('2021-01-12',1614,8,1,2563,'C','3341500771599','2021-01-13 08:01:59'),('2021-01-13',1617,2,1,2563,'C','3341500771599','2021-01-13 08:01:13'),('2021-01-13',1610,3,1,2563,'C','3341500771599','2021-01-13 08:01:18'),('2021-01-13',1619,3,1,2563,'C','3341500771599','2021-01-13 08:01:18'),('2021-01-13',1618,4,1,2563,'C','3341500771599','2021-01-13 08:01:24'),('2021-01-13',1606,5,1,2563,'C','3341500771599','2021-01-13 08:01:29'),('2021-01-13',1607,5,1,2563,'C','3341500771599','2021-01-13 08:01:29'),('2021-01-13',1605,6,1,2563,'C','3341500771599','2021-01-13 08:01:40'),('2021-01-13',1604,7,1,2563,'C','3341500771599','2021-01-13 08:01:46'),('2021-01-13',1578,8,1,2563,'C','3341500771599','2021-01-13 08:01:51'),('2021-01-13',1588,8,1,2563,'C','3341500771599','2021-01-13 08:01:51'),('2021-01-13',1590,8,1,2563,'C','3341500771599','2021-01-13 08:01:51'),('2021-01-13',1598,8,1,2563,'C','3341500771599','2021-01-13 08:01:51'),('2021-01-13',1595,8,1,2563,'C','3341500771599','2021-01-13 08:01:51'),('2021-01-13',1614,8,1,2563,'C','3341500771599','2021-01-13 08:01:51'),('2021-01-18',1617,2,1,2563,'C','3341500771599','2021-01-19 10:01:50'),('2021-01-18',1610,3,1,2563,'C','3341500771599','2021-01-19 10:01:00'),('2021-01-18',1619,3,1,2563,'C','3341500771599','2021-01-19 10:01:00'),('2021-01-18',1618,4,1,2563,'C','3341500771599','2021-01-19 10:01:10'),('2021-01-18',1606,5,1,2563,'C','3341500771599','2021-01-19 10:01:21'),('2021-01-18',1607,5,1,2563,'C','3341500771599','2021-01-19 10:01:21'),('2021-01-18',1605,6,1,2563,'C','3341500771599','2021-01-19 10:01:31'),('2021-01-18',1604,7,1,2563,'C','3341500771599','2021-01-19 10:01:42'),('2021-01-18',1578,8,1,2563,'C','3341500771599','2021-01-19 10:01:50'),('2021-01-18',1588,8,1,2563,'C','3341500771599','2021-01-19 10:01:50'),('2021-01-18',1590,8,1,2563,'C','3341500771599','2021-01-19 10:01:50'),('2021-01-18',1598,8,1,2563,'C','3341500771599','2021-01-19 10:01:50'),('2021-01-18',1595,8,1,2563,'C','3341500771599','2021-01-19 10:01:50'),('2021-01-18',1614,8,1,2563,'C','3341500771599','2021-01-19 10:01:50'),('2021-01-19',1617,2,1,2563,'C','3341500771599','2021-01-19 10:01:01'),('2021-01-19',1610,3,1,2563,'C','3341500771599','2021-01-19 10:01:07'),('2021-01-19',1619,3,1,2563,'C','3341500771599','2021-01-19 10:01:07'),('2021-01-19',1618,4,1,2563,'C','3341500771599','2021-01-19 10:01:13'),('2021-01-19',1606,5,1,2563,'C','3341500771599','2021-01-19 10:01:18'),('2021-01-19',1607,5,1,2563,'C','3341500771599','2021-01-19 10:01:18'),('2021-01-19',1605,6,1,2563,'C','3341500771599','2021-01-19 10:01:25'),('2021-01-19',1604,7,1,2563,'C','3341500771599','2021-01-19 10:01:30'),('2021-01-19',1578,8,1,2563,'C','3341500771599','2021-01-19 10:01:36'),('2021-01-19',1588,8,1,2563,'C','3341500771599','2021-01-19 10:01:36'),('2021-01-19',1590,8,1,2563,'C','3341500771599','2021-01-19 10:01:36'),('2021-01-19',1598,8,1,2563,'C','3341500771599','2021-01-19 10:01:36'),('2021-01-19',1595,8,1,2563,'C','3341500771599','2021-01-19 10:01:36'),('2021-01-19',1614,8,1,2563,'C','3341500771599','2021-01-19 10:01:36'),('2021-01-20',1617,2,1,2563,'C','3341500771599','2021-01-20 11:01:52'),('2021-01-20',1610,3,1,2563,'C','3341500771599','2021-01-20 11:01:58'),('2021-01-20',1619,3,1,2563,'C','3341500771599','2021-01-20 11:01:58'),('2021-01-20',1618,4,1,2563,'C','3341500771599','2021-01-20 11:01:03'),('2021-01-20',1606,5,1,2563,'C','3341500771599','2021-01-20 11:01:15'),('2021-01-20',1607,5,1,2563,'C','3341500771599','2021-01-20 11:01:15'),('2021-01-20',1605,6,1,2563,'C','3341500771599','2021-01-20 11:01:21'),('2021-01-20',1604,7,1,2563,'C','3341500771599','2021-01-20 11:01:27'),('2021-01-20',1578,8,1,2563,'C','3341500771599','2021-01-20 11:01:32'),('2021-01-20',1588,8,1,2563,'C','3341500771599','2021-01-20 11:01:32'),('2021-01-20',1590,8,1,2563,'C','3341500771599','2021-01-20 11:01:32'),('2021-01-20',1598,8,1,2563,'C','3341500771599','2021-01-20 11:01:32'),('2021-01-20',1595,8,1,2563,'C','3341500771599','2021-01-20 11:01:32'),('2021-01-20',1614,8,1,2563,'C','3341500771599','2021-01-20 11:01:32'),('2021-01-21',1617,2,1,2563,'C','3341500771599','2021-01-21 10:01:30'),('2021-01-21',1610,3,1,2563,'C','3341500771599','2021-01-21 10:01:40'),('2021-01-21',1619,3,1,2563,'C','3341500771599','2021-01-21 10:01:40'),('2021-01-21',1618,4,1,2563,'C','3341500771599','2021-01-21 10:01:47'),('2021-01-21',1606,5,1,2563,'C','3341500771599','2021-01-21 10:01:57'),('2021-01-21',1607,5,1,2563,'C','3341500771599','2021-01-21 10:01:57'),('2021-01-21',1605,6,1,2563,'C','3341500771599','2021-01-21 10:01:04'),('2021-01-21',1604,7,1,2563,'C','3341500771599','2021-01-21 10:01:21'),('2021-01-21',1578,8,1,2563,'C','3341500771599','2021-01-21 10:01:27'),('2021-01-21',1588,8,1,2563,'C','3341500771599','2021-01-21 10:01:27'),('2021-01-21',1590,8,1,2563,'C','3341500771599','2021-01-21 10:01:27'),('2021-01-21',1598,8,1,2563,'C','3341500771599','2021-01-21 10:01:27'),('2021-01-21',1595,8,1,2563,'C','3341500771599','2021-01-21 10:01:27'),('2021-01-21',1614,8,1,2563,'C','3341500771599','2021-01-21 10:01:27'),('2021-01-22',1610,3,1,2563,'C','3341500771599','2021-01-22 09:01:30'),('2021-01-22',1619,3,1,2563,'C','3341500771599','2021-01-22 09:01:30'),('2021-01-22',1618,4,1,2563,'C','3341500771599','2021-01-22 09:01:37'),('2021-01-22',1606,5,1,2563,'C','3341500771599','2021-01-22 09:01:43'),('2021-01-22',1607,5,1,2563,'C','3341500771599','2021-01-22 09:01:43'),('2021-01-22',1605,6,1,2563,'C','3341500771599','2021-01-22 09:01:52'),('2021-01-22',1604,7,1,2563,'C','3341500771599','2021-01-22 09:01:58'),('2021-01-22',1578,8,1,2563,'C','3341500771599','2021-01-22 09:01:04'),('2021-01-22',1588,8,1,2563,'C','3341500771599','2021-01-22 09:01:04'),('2021-01-22',1590,8,1,2563,'C','3341500771599','2021-01-22 09:01:04'),('2021-01-22',1598,8,1,2563,'C','3341500771599','2021-01-22 09:01:04'),('2021-01-22',1595,8,1,2563,'C','3341500771599','2021-01-22 09:01:04'),('2021-01-22',1614,8,1,2563,'C','3341500771599','2021-01-22 09:01:04'),('2021-01-25',1617,2,1,2563,'C','3341500771599','2021-01-25 02:01:13'),('2021-01-25',1610,3,1,2563,'C','3341500771599','2021-01-25 02:01:19'),('2021-01-25',1619,3,1,2563,'C','3341500771599','2021-01-25 02:01:19'),('2021-01-25',1618,4,1,2563,'C','3341500771599','2021-01-25 02:01:31'),('2021-01-25',1606,5,1,2563,'C','3341500771599','2021-01-25 02:01:47'),('2021-01-25',1607,5,1,2563,'C','3341500771599','2021-01-25 02:01:47'),('2021-01-25',1605,6,1,2563,'C','3341500771599','2021-01-25 02:01:03'),('2021-01-25',1604,7,1,2563,'C','3341500771599','2021-01-25 02:01:11'),('2021-01-25',1578,8,1,2563,'C','3341500771599','2021-01-25 02:01:16'),('2021-01-25',1588,8,1,2563,'C','3341500771599','2021-01-25 02:01:16'),('2021-01-25',1590,8,1,2563,'C','3341500771599','2021-01-25 02:01:16'),('2021-01-25',1598,8,1,2563,'C','3341500771599','2021-01-25 02:01:16'),('2021-01-25',1595,8,1,2563,'C','3341500771599','2021-01-25 02:01:16'),('2021-01-25',1614,8,1,2563,'C','3341500771599','2021-01-25 02:01:16'),('2021-01-26',1617,2,1,2563,'C','3341500771599','2021-01-26 08:01:19'),('2021-01-26',1610,3,1,2563,'C','3341500771599','2021-01-26 08:01:27'),('2021-01-26',1619,3,1,2563,'C','3341500771599','2021-01-26 08:01:27'),('2021-01-26',1618,4,1,2563,'C','3341500771599','2021-01-26 08:01:33'),('2021-01-26',1606,5,1,2563,'C','3341500771599','2021-01-26 08:01:44'),('2021-01-26',1607,5,1,2563,'C','3341500771599','2021-01-26 08:01:44'),('2021-01-26',1605,6,1,2563,'C','3341500771599','2021-01-26 08:01:50'),('2021-01-26',1604,7,1,2563,'C','3341500771599','2021-01-26 08:01:05'),('2021-01-26',1578,8,1,2563,'C','3341500771599','2021-01-26 08:01:13'),('2021-01-26',1588,8,1,2563,'C','3341500771599','2021-01-26 08:01:13'),('2021-01-26',1590,8,1,2563,'C','3341500771599','2021-01-26 08:01:13'),('2021-01-26',1598,8,1,2563,'C','3341500771599','2021-01-26 08:01:13'),('2021-01-26',1595,8,1,2563,'C','3341500771599','2021-01-26 08:01:13'),('2021-01-26',1614,8,1,2563,'C','3341500771599','2021-01-26 08:01:13'),('2021-01-28',1617,2,1,2563,'C','3341500771599','2021-01-28 09:01:19'),('2021-01-28',1610,3,1,2563,'C','3341500771599','2021-01-28 09:01:27'),('2021-01-28',1619,3,1,2563,'C','3341500771599','2021-01-28 09:01:27'),('2021-01-28',1618,4,1,2563,'C','3341500771599','2021-01-28 09:01:32'),('2021-01-28',1606,5,1,2563,'C','3341500771599','2021-01-28 09:01:38'),('2021-01-28',1607,5,1,2563,'C','3341500771599','2021-01-28 09:01:38'),('2021-01-28',1605,6,1,2563,'C','3341500771599','2021-01-28 09:01:44'),('2021-01-28',1604,7,1,2563,'C','3341500771599','2021-01-28 09:01:49'),('2021-01-28',1578,8,1,2563,'C','3341500771599','2021-01-28 09:01:55'),('2021-01-28',1588,8,1,2563,'C','3341500771599','2021-01-28 09:01:55'),('2021-01-28',1590,8,1,2563,'C','3341500771599','2021-01-28 09:01:55'),('2021-01-28',1598,8,1,2563,'C','3341500771599','2021-01-28 09:01:55'),('2021-01-28',1595,8,1,2563,'C','3341500771599','2021-01-28 09:01:55'),('2021-01-28',1614,8,1,2563,'C','3341500771599','2021-01-28 09:01:55'),('2021-01-29',1617,2,1,2563,'C','3341500771599','2021-01-29 10:01:52'),('2021-01-29',1610,3,1,2563,'C','3341500771599','2021-01-29 10:01:58'),('2021-01-29',1619,3,1,2563,'C','3341500771599','2021-01-29 10:01:58'),('2021-01-29',1618,4,1,2563,'C','3341500771599','2021-01-29 10:01:06'),('2021-01-29',1606,5,1,2563,'C','3341500771599','2021-01-29 10:01:13'),('2021-01-29',1607,5,1,2563,'C','3341500771599','2021-01-29 10:01:13'),('2021-01-29',1605,6,1,2563,'C','3341500771599','2021-01-29 10:01:19'),('2021-01-29',1604,7,1,2563,'C','3341500771599','2021-01-29 10:01:24'),('2021-01-29',1578,8,1,2563,'C','3341500771599','2021-01-29 10:01:29'),('2021-01-29',1588,8,1,2563,'C','3341500771599','2021-01-29 10:01:29'),('2021-01-29',1590,8,1,2563,'C','3341500771599','2021-01-29 10:01:29'),('2021-01-29',1598,8,1,2563,'C','3341500771599','2021-01-29 10:01:29'),('2021-01-29',1595,8,1,2563,'C','3341500771599','2021-01-29 10:01:29'),('2021-01-29',1614,8,1,2563,'C','3341500771599','2021-01-29 10:01:29'),('2021-02-01',1617,2,1,2563,'C','3341500771599','2021-02-01 01:02:30'),('2021-02-01',1610,3,1,2563,'C','3341500771599','2021-02-01 01:02:36'),('2021-02-01',1619,3,1,2563,'C','3341500771599','2021-02-01 01:02:36'),('2021-02-01',1618,4,1,2563,'C','3341500771599','2021-02-01 01:02:40'),('2021-02-01',1606,5,1,2563,'C','3341500771599','2021-02-01 01:02:46'),('2021-02-01',1607,5,1,2563,'C','3341500771599','2021-02-01 01:02:46'),('2021-02-01',1605,6,1,2563,'C','3341500771599','2021-02-01 01:02:52'),('2021-02-01',1604,7,1,2563,'C','3341500771599','2021-02-01 01:02:03'),('2021-02-01',1578,8,1,2563,'C','3341500771599','2021-02-01 01:02:08'),('2021-02-01',1588,8,1,2563,'C','3341500771599','2021-02-01 01:02:08'),('2021-02-01',1590,8,1,2563,'C','3341500771599','2021-02-01 01:02:08'),('2021-02-01',1598,8,1,2563,'C','3341500771599','2021-02-01 01:02:08'),('2021-02-01',1595,8,1,2563,'C','3341500771599','2021-02-01 01:02:08'),('2021-02-01',1614,8,1,2563,'C','3341500771599','2021-02-01 01:02:08'),('2021-02-02',1617,2,1,2563,'C','3341500771599','2021-02-02 02:02:59'),('2021-02-02',1610,3,1,2563,'C','3341500771599','2021-02-02 02:02:05'),('2021-02-02',1619,3,1,2563,'C','3341500771599','2021-02-02 02:02:05'),('2021-02-02',1618,4,1,2563,'C','3341500771599','2021-02-02 02:02:10'),('2021-02-02',1606,5,1,2563,'C','3341500771599','2021-02-02 02:02:17'),('2021-02-02',1607,5,1,2563,'C','3341500771599','2021-02-02 02:02:17'),('2021-02-02',1605,6,1,2563,'C','3341500771599','2021-02-02 02:02:22'),('2021-02-02',1604,7,1,2563,'C','3341500771599','2021-02-02 02:02:30'),('2021-02-02',1578,8,1,2563,'C','3341500771599','2021-02-02 02:02:34'),('2021-02-02',1588,8,1,2563,'C','3341500771599','2021-02-02 02:02:34'),('2021-02-02',1590,8,1,2563,'C','3341500771599','2021-02-02 02:02:34'),('2021-02-02',1598,8,1,2563,'C','3341500771599','2021-02-02 02:02:34'),('2021-02-02',1595,8,1,2563,'C','3341500771599','2021-02-02 02:02:34'),('2021-02-02',1614,8,1,2563,'C','3341500771599','2021-02-02 02:02:34'),('2021-02-03',1617,2,1,2563,'C','3341500771599','2021-02-03 10:02:17'),('2021-02-03',1610,3,1,2563,'C','3341500771599','2021-02-03 10:02:24'),('2021-02-03',1619,3,1,2563,'C','3341500771599','2021-02-03 10:02:24'),('2021-02-03',1618,4,1,2563,'C','3341500771599','2021-02-03 10:02:30'),('2021-02-03',1606,5,1,2563,'C','3341500771599','2021-02-03 10:02:42'),('2021-02-03',1607,5,1,2563,'C','3341500771599','2021-02-03 10:02:42'),('2021-02-03',1605,6,1,2563,'C','3341500771599','2021-02-03 10:02:47'),('2021-02-03',1604,7,1,2563,'C','3341500771599','2021-02-03 10:02:52'),('2021-02-03',1578,8,1,2563,'C','3341500771599','2021-02-03 10:02:58'),('2021-02-03',1588,8,1,2563,'C','3341500771599','2021-02-03 10:02:58'),('2021-02-03',1590,8,1,2563,'C','3341500771599','2021-02-03 10:02:58'),('2021-02-03',1598,8,1,2563,'C','3341500771599','2021-02-03 10:02:58'),('2021-02-03',1595,8,1,2563,'C','3341500771599','2021-02-03 10:02:58'),('2021-02-03',1614,8,1,2563,'C','3341500771599','2021-02-03 10:02:58'),('2021-02-04',1617,2,1,2563,'C','3341500771599','2021-02-04 08:02:45'),('2021-02-04',1610,3,1,2563,'C','3341500771599','2021-02-04 08:02:52'),('2021-02-04',1619,3,1,2563,'C','3341500771599','2021-02-04 08:02:52'),('2021-02-04',1618,4,1,2563,'C','3341500771599','2021-02-04 08:02:58'),('2021-02-04',1606,5,1,2563,'C','3341500771599','2021-02-04 08:02:05'),('2021-02-04',1607,5,1,2563,'C','3341500771599','2021-02-04 08:02:05'),('2021-02-04',1605,6,1,2563,'C','3341500771599','2021-02-04 08:02:11'),('2021-02-04',1604,7,1,2563,'C','3341500771599','2021-02-04 08:02:18'),('2021-02-04',1578,8,1,2563,'C','3341500771599','2021-02-04 08:02:23'),('2021-02-04',1588,8,1,2563,'C','3341500771599','2021-02-04 08:02:23'),('2021-02-04',1590,8,1,2563,'C','3341500771599','2021-02-04 08:02:23'),('2021-02-04',1598,8,1,2563,'C','3341500771599','2021-02-04 08:02:23'),('2021-02-04',1595,8,1,2563,'C','3341500771599','2021-02-04 08:02:23'),('2021-02-04',1614,8,1,2563,'C','3341500771599','2021-02-04 08:02:23'),('2021-02-08',1617,2,1,2563,'C','3341500771599','2021-02-08 10:02:31'),('2021-02-08',1610,3,1,2563,'C','3341500771599','2021-02-08 10:02:36'),('2021-02-08',1619,3,1,2563,'C','3341500771599','2021-02-08 10:02:36'),('2021-02-08',1618,4,1,2563,'C','3341500771599','2021-02-08 10:02:41'),('2021-02-08',1606,5,1,2563,'C','3341500771599','2021-02-08 10:02:47'),('2021-02-08',1607,5,1,2563,'C','3341500771599','2021-02-08 10:02:47'),('2021-02-08',1605,6,1,2563,'C','3341500771599','2021-02-08 10:02:55'),('2021-02-08',1604,7,1,2563,'C','3341500771599','2021-02-08 10:02:00'),('2021-02-08',1578,8,1,2563,'C','3341500771599','2021-02-08 10:02:06'),('2021-02-08',1588,8,1,2563,'C','3341500771599','2021-02-08 10:02:06'),('2021-02-08',1590,8,1,2563,'C','3341500771599','2021-02-08 10:02:06'),('2021-02-08',1598,8,1,2563,'C','3341500771599','2021-02-08 10:02:06'),('2021-02-08',1595,8,1,2563,'C','3341500771599','2021-02-08 10:02:06'),('2021-02-08',1614,8,1,2563,'C','3341500771599','2021-02-08 10:02:06'),('2021-02-10',1617,2,1,2563,'C','3341500771599','2021-02-10 09:02:31'),('2021-02-10',1610,3,1,2563,'C','3341500771599','2021-02-10 09:02:37'),('2021-02-10',1619,3,1,2563,'C','3341500771599','2021-02-10 09:02:37'),('2021-02-10',1618,4,1,2563,'C','3341500771599','2021-02-10 09:02:44'),('2021-02-10',1605,6,1,2563,'C','3341500771599','2021-02-10 09:02:56'),('2021-02-10',1604,7,1,2563,'C','3341500771599','2021-02-10 09:02:03'),('2021-02-10',1578,8,1,2563,'C','3341500771599','2021-02-10 09:02:09'),('2021-02-10',1588,8,1,2563,'C','3341500771599','2021-02-10 09:02:09'),('2021-02-10',1590,8,1,2563,'C','3341500771599','2021-02-10 09:02:09'),('2021-02-10',1598,8,1,2563,'C','3341500771599','2021-02-10 09:02:09'),('2021-02-10',1595,8,1,2563,'C','3341500771599','2021-02-10 09:02:09'),('2021-02-10',1614,8,1,2563,'C','3341500771599','2021-02-10 09:02:09'),('2021-02-10',1606,5,1,2563,'C','3341500771599','2021-02-10 09:02:18'),('2021-02-10',1607,5,1,2563,'C','3341500771599','2021-02-10 09:02:18'),('2021-02-11',1617,2,1,2563,'C','3341500771599','2021-02-15 11:02:39'),('2021-02-11',1610,3,1,2563,'C','3341500771599','2021-02-15 11:02:50'),('2021-02-11',1619,3,1,2563,'C','3341500771599','2021-02-15 11:02:50'),('2021-02-11',1618,4,1,2563,'C','3341500771599','2021-02-15 11:02:00'),('2021-02-11',1606,5,1,2563,'C','3341500771599','2021-02-15 11:02:22'),('2021-02-11',1607,5,1,2563,'C','3341500771599','2021-02-15 11:02:22'),('2021-02-11',1605,6,1,2563,'C','3341500771599','2021-02-15 11:02:38'),('2021-02-11',1604,7,1,2563,'C','3341500771599','2021-02-15 11:02:10'),('2021-02-11',1578,8,1,2563,'C','3341500771599','2021-02-15 11:02:30'),('2021-02-11',1588,8,1,2563,'C','3341500771599','2021-02-15 11:02:30'),('2021-02-11',1590,8,1,2563,'C','3341500771599','2021-02-15 11:02:30'),('2021-02-11',1598,8,1,2563,'C','3341500771599','2021-02-15 11:02:30'),('2021-02-11',1595,8,1,2563,'C','3341500771599','2021-02-15 11:02:30'),('2021-02-11',1614,8,1,2563,'C','3341500771599','2021-02-15 11:02:30'),('2021-02-15',1617,2,1,2563,'C','3341500771599','2021-02-15 01:02:11'),('2021-02-15',1610,3,1,2563,'C','3341500771599','2021-02-15 01:02:16'),('2021-02-15',1619,3,1,2563,'C','3341500771599','2021-02-15 01:02:16'),('2021-02-15',1618,4,1,2563,'C','3341500771599','2021-02-15 01:02:21'),('2021-02-15',1606,5,1,2563,'C','3341500771599','2021-02-15 01:02:25'),('2021-02-15',1607,5,1,2563,'C','3341500771599','2021-02-15 01:02:25'),('2021-02-15',1605,6,1,2563,'C','3341500771599','2021-02-15 01:02:31'),('2021-02-15',1604,7,1,2563,'C','3341500771599','2021-02-15 01:02:39'),('2021-02-15',1578,8,1,2563,'C','3341500771599','2021-02-15 01:02:45'),('2021-02-15',1588,8,1,2563,'C','3341500771599','2021-02-15 01:02:45'),('2021-02-15',1590,8,1,2563,'C','3341500771599','2021-02-15 01:02:45'),('2021-02-15',1598,8,1,2563,'C','3341500771599','2021-02-15 01:02:45'),('2021-02-15',1595,8,1,2563,'C','3341500771599','2021-02-15 01:02:45'),('2021-02-15',1614,8,1,2563,'C','3341500771599','2021-02-15 01:02:45'),('2021-02-16',1617,2,1,2563,'C','3341500771599','2021-02-16 08:02:27'),('2021-02-16',1610,3,1,2563,'C','3341500771599','2021-02-16 08:02:32'),('2021-02-16',1619,3,1,2563,'C','3341500771599','2021-02-16 08:02:32'),('2021-02-16',1618,4,1,2563,'C','3341500771599','2021-02-16 08:02:37'),('2021-02-16',1606,5,1,2563,'C','3341500771599','2021-02-16 08:02:48'),('2021-02-16',1607,5,1,2563,'C','3341500771599','2021-02-16 08:02:48'),('2021-02-16',1605,6,1,2563,'C','3341500771599','2021-02-16 08:02:54'),('2021-02-16',1604,7,1,2563,'C','3341500771599','2021-02-16 08:02:59'),('2021-02-16',1578,8,1,2563,'C','3341500771599','2021-02-16 09:02:05'),('2021-02-16',1588,8,1,2563,'C','3341500771599','2021-02-16 09:02:05'),('2021-02-16',1590,8,1,2563,'C','3341500771599','2021-02-16 09:02:05'),('2021-02-16',1598,8,1,2563,'C','3341500771599','2021-02-16 09:02:05'),('2021-02-16',1595,8,1,2563,'C','3341500771599','2021-02-16 09:02:05'),('2021-02-16',1614,8,1,2563,'C','3341500771599','2021-02-16 09:02:05'),('2021-02-17',1617,2,1,2563,'C','3341500771599','2021-02-17 08:02:49'),('2021-02-17',1610,3,1,2563,'C','3341500771599','2021-02-17 08:02:55'),('2021-02-17',1619,3,1,2563,'C','3341500771599','2021-02-17 08:02:55'),('2021-02-17',1618,4,1,2563,'C','3341500771599','2021-02-17 08:02:01'),('2021-02-17',1606,5,1,2563,'C','3341500771599','2021-02-17 08:02:06'),('2021-02-17',1607,5,1,2563,'C','3341500771599','2021-02-17 08:02:06'),('2021-02-17',1605,6,1,2563,'C','3341500771599','2021-02-17 08:02:11'),('2021-02-17',1604,7,1,2563,'C','3341500771599','2021-02-17 08:02:22'),('2021-02-17',1578,8,1,2563,'C','3341500771599','2021-02-17 08:02:31'),('2021-02-17',1588,8,1,2563,'C','3341500771599','2021-02-17 08:02:31'),('2021-02-17',1590,8,1,2563,'C','3341500771599','2021-02-17 08:02:31'),('2021-02-17',1598,8,1,2563,'C','3341500771599','2021-02-17 08:02:31'),('2021-02-17',1595,8,1,2563,'C','3341500771599','2021-02-17 08:02:31'),('2021-02-17',1614,8,1,2563,'C','3341500771599','2021-02-17 08:02:31'),('2021-02-22',1617,2,1,2563,'C','3341500771599','2021-02-23 10:02:38'),('2021-02-22',1610,3,1,2563,'C','3341500771599','2021-02-23 10:02:49'),('2021-02-22',1619,3,1,2563,'C','3341500771599','2021-02-23 10:02:49'),('2021-02-22',1618,4,1,2563,'C','3341500771599','2021-02-23 10:02:58'),('2021-02-22',1606,5,1,2563,'C','3341500771599','2021-02-23 10:02:20'),('2021-02-22',1607,5,1,2563,'C','3341500771599','2021-02-23 10:02:20'),('2021-02-22',1605,6,1,2563,'C','3341500771599','2021-02-23 10:02:30'),('2021-02-22',1604,7,1,2563,'C','3341500771599','2021-02-23 10:02:38'),('2021-02-22',1578,8,1,2563,'C','3341500771599','2021-02-23 10:02:47'),('2021-02-22',1588,8,1,2563,'C','3341500771599','2021-02-23 10:02:47'),('2021-02-22',1590,8,1,2563,'C','3341500771599','2021-02-23 10:02:47'),('2021-02-22',1598,8,1,2563,'C','3341500771599','2021-02-23 10:02:47'),('2021-02-22',1595,8,1,2563,'C','3341500771599','2021-02-23 10:02:47'),('2021-02-22',1614,8,1,2563,'C','3341500771599','2021-02-23 10:02:47'),('2021-02-23',1617,2,1,2563,'C','3341500771599','2021-02-23 10:02:56'),('2021-02-23',1610,3,1,2563,'C','3341500771599','2021-02-23 10:02:01'),('2021-02-23',1619,3,1,2563,'C','3341500771599','2021-02-23 10:02:01'),('2021-02-23',1618,4,1,2563,'C','3341500771599','2021-02-23 10:02:10'),('2021-02-23',1606,5,1,2563,'C','3341500771599','2021-02-23 10:02:18'),('2021-02-23',1607,5,1,2563,'C','3341500771599','2021-02-23 10:02:18'),('2021-02-23',1605,6,1,2563,'C','3341500771599','2021-02-23 10:02:24'),('2021-02-23',1604,7,1,2563,'C','3341500771599','2021-02-23 10:02:30'),('2021-02-23',1578,8,1,2563,'C','3341500771599','2021-02-23 10:02:39'),('2021-02-23',1588,8,1,2563,'C','3341500771599','2021-02-23 10:02:39'),('2021-02-23',1590,8,1,2563,'C','3341500771599','2021-02-23 10:02:39'),('2021-02-23',1598,8,1,2563,'C','3341500771599','2021-02-23 10:02:39'),('2021-02-23',1595,8,1,2563,'C','3341500771599','2021-02-23 10:02:39'),('2021-02-23',1614,8,1,2563,'C','3341500771599','2021-02-23 10:02:39'),('2021-03-24',1617,2,1,2563,'C','3341500771599','2021-03-01 10:03:38'),('2021-02-24',1610,3,1,2563,'C','3341500771599','2021-03-01 10:03:00'),('2021-02-24',1619,3,1,2563,'C','3341500771599','2021-03-01 10:03:00'),('2021-02-24',1617,2,1,2563,'C','3341500771599','2021-03-01 10:03:15'),('2021-02-24',1618,4,1,2563,'C','3341500771599','2021-03-01 10:03:28'),('2021-02-24',1606,5,1,2563,'C','3341500771599','2021-03-01 10:03:40'),('2021-02-24',1607,5,1,2563,'C','3341500771599','2021-03-01 10:03:40'),('2021-02-24',1605,6,1,2563,'C','3341500771599','2021-03-01 10:03:04'),('2021-02-24',1604,7,1,2563,'C','3341500771599','2021-03-01 10:03:17'),('2021-02-24',1578,8,1,2563,'C','3341500771599','2021-03-01 10:03:28'),('2021-02-24',1588,8,1,2563,'C','3341500771599','2021-03-01 10:03:28'),('2021-02-24',1590,8,1,2563,'C','3341500771599','2021-03-01 10:03:28'),('2021-02-24',1598,8,1,2563,'C','3341500771599','2021-03-01 10:03:28'),('2021-02-24',1595,8,1,2563,'C','3341500771599','2021-03-01 10:03:28'),('2021-02-24',1614,8,1,2563,'C','3341500771599','2021-03-01 10:03:28'),('2021-03-01',1617,2,1,2563,'C','3341500771599','2021-03-01 03:03:25'),('2021-03-01',1610,3,1,2563,'C','3341500771599','2021-03-01 03:03:30'),('2021-03-01',1619,3,1,2563,'C','3341500771599','2021-03-01 03:03:30'),('2021-03-01',1618,4,1,2563,'C','3341500771599','2021-03-01 03:03:35'),('2021-03-01',1606,5,1,2563,'C','3341500771599','2021-03-01 03:03:49'),('2021-03-01',1607,5,1,2563,'C','3341500771599','2021-03-01 03:03:49'),('2021-03-01',1605,6,1,2563,'C','3341500771599','2021-03-01 03:03:55'),('2021-03-01',1604,7,1,2563,'C','3341500771599','2021-03-01 03:03:00'),('2021-03-01',1578,8,1,2563,'C','3341500771599','2021-03-01 03:03:07'),('2021-03-01',1588,8,1,2563,'C','3341500771599','2021-03-01 03:03:07'),('2021-03-01',1590,8,1,2563,'C','3341500771599','2021-03-01 03:03:07'),('2021-03-01',1598,8,1,2563,'C','3341500771599','2021-03-01 03:03:07'),('2021-03-01',1595,8,1,2563,'C','3341500771599','2021-03-01 03:03:07'),('2021-03-01',1614,8,1,2563,'C','3341500771599','2021-03-01 03:03:07'),('2021-03-02',1617,2,1,2563,'C','3341500771599','2021-03-02 10:03:05'),('2021-03-02',1610,3,1,2563,'C','3341500771599','2021-03-02 10:03:10'),('2021-03-02',1619,3,1,2563,'C','3341500771599','2021-03-02 10:03:10'),('2021-03-02',1618,4,1,2563,'C','3341500771599','2021-03-02 10:03:15'),('2021-03-02',1606,5,1,2563,'C','3341500771599','2021-03-02 10:03:19'),('2021-03-02',1607,5,1,2563,'C','3341500771599','2021-03-02 10:03:19'),('2021-03-02',1605,6,1,2563,'C','3341500771599','2021-03-02 10:03:25'),('2021-03-02',1604,7,1,2563,'C','3341500771599','2021-03-02 10:03:32'),('2021-03-02',1578,8,1,2563,'C','3341500771599','2021-03-02 10:03:38'),('2021-03-02',1588,8,1,2563,'C','3341500771599','2021-03-02 10:03:38'),('2021-03-02',1590,8,1,2563,'C','3341500771599','2021-03-02 10:03:38'),('2021-03-02',1598,8,1,2563,'C','3341500771599','2021-03-02 10:03:38'),('2021-03-02',1595,8,1,2563,'C','3341500771599','2021-03-02 10:03:38'),('2021-03-02',1614,8,1,2563,'C','3341500771599','2021-03-02 10:03:38'),('2021-03-05',1617,2,1,2563,'C','3349800155637','2021-03-06 11:03:09'),('2021-03-05',1610,3,1,2563,'C','3349800155637','2021-03-06 11:03:25'),('2021-03-05',1619,3,1,2563,'C','3349800155637','2021-03-06 11:03:25'),('2021-03-05',1618,4,1,2563,'C','3349800155637','2021-03-06 11:03:37'),('2021-03-05',1606,5,1,2563,'C','3349800155637','2021-03-06 11:03:47'),('2021-03-05',1607,5,1,2563,'C','3349800155637','2021-03-06 11:03:47'),('2021-03-05',1605,6,1,2563,'C','3349800155637','2021-03-06 11:03:02'),('2021-03-05',1604,7,1,2563,'C','3341500771599','2021-03-06 11:03:26'),('2021-03-05',1578,8,1,2563,'C','3341500771599','2021-03-06 11:03:37'),('2021-03-05',1588,8,1,2563,'C','3341500771599','2021-03-06 11:03:37'),('2021-03-05',1590,8,1,2563,'C','3341500771599','2021-03-06 11:03:37'),('2021-03-05',1598,8,1,2563,'C','3341500771599','2021-03-06 11:03:37'),('2021-03-05',1595,8,1,2563,'C','3341500771599','2021-03-06 11:03:37'),('2021-03-05',1614,8,1,2563,'C','3341500771599','2021-03-06 11:03:37'),('2021-03-08',1617,2,1,2563,'C','3341500771599','2021-03-08 03:03:09'),('2021-03-08',1610,3,1,2563,'C','3341500771599','2021-03-08 03:03:13'),('2021-03-08',1619,3,1,2563,'C','3341500771599','2021-03-08 03:03:13'),('2021-03-08',1618,4,1,2563,'C','3341500771599','2021-03-08 03:03:25'),('2021-03-08',1606,5,1,2563,'C','3341500771599','2021-03-08 03:03:30'),('2021-03-08',1607,5,1,2563,'C','3341500771599','2021-03-08 03:03:30'),('2021-03-08',1605,6,1,2563,'C','3341500771599','2021-03-08 03:03:39'),('2021-03-08',1604,7,1,2563,'C','3341500771599','2021-03-08 03:03:49'),('2021-03-08',1578,8,1,2563,'C','3341500771599','2021-03-08 03:03:54'),('2021-03-08',1588,8,1,2563,'C','3341500771599','2021-03-08 03:03:54'),('2021-03-08',1590,8,1,2563,'C','3341500771599','2021-03-08 03:03:54'),('2021-03-08',1598,8,1,2563,'C','3341500771599','2021-03-08 03:03:54'),('2021-03-08',1595,8,1,2563,'C','3341500771599','2021-03-08 03:03:54'),('2021-03-08',1614,8,1,2563,'C','3341500771599','2021-03-08 03:03:54'),('2021-03-09',1617,2,1,2563,'C','3341500771599','2021-03-09 03:03:41'),('2021-03-09',1610,3,1,2563,'C','3341500771599','2021-03-09 03:03:47'),('2021-03-09',1619,3,1,2563,'C','3341500771599','2021-03-09 03:03:47'),('2021-03-09',1618,4,1,2563,'C','3341500771599','2021-03-09 03:03:52'),('2021-03-09',1606,5,1,2563,'C','3341500771599','2021-03-09 03:03:59'),('2021-03-09',1607,5,1,2563,'C','3341500771599','2021-03-09 03:03:59'),('2021-03-09',1605,6,1,2563,'C','3341500771599','2021-03-09 03:03:18'),('2021-03-09',1604,7,1,2563,'C','3341500771599','2021-03-09 03:03:27'),('2021-03-09',1578,8,1,2563,'C','3341500771599','2021-03-09 03:03:33'),('2021-03-09',1588,8,1,2563,'C','3341500771599','2021-03-09 03:03:33'),('2021-03-09',1590,8,1,2563,'C','3341500771599','2021-03-09 03:03:33'),('2021-03-09',1598,8,1,2563,'C','3341500771599','2021-03-09 03:03:33'),('2021-03-09',1595,8,1,2563,'C','3341500771599','2021-03-09 03:03:33'),('2021-03-09',1614,8,1,2563,'C','3341500771599','2021-03-09 03:03:33'),('2021-03-10',1617,2,1,2563,'C','3341500771599','2021-03-10 02:03:21'),('2021-03-10',1610,3,1,2563,'C','3341500771599','2021-03-10 02:03:27'),('2021-03-10',1619,3,1,2563,'C','3341500771599','2021-03-10 02:03:27'),('2021-03-10',1618,4,1,2563,'C','3341500771599','2021-03-10 02:03:33'),('2021-03-10',1606,5,1,2563,'C','3341500771599','2021-03-10 02:03:38'),('2021-03-10',1607,5,1,2563,'C','3341500771599','2021-03-10 02:03:38'),('2021-03-10',1605,6,1,2563,'C','3341500771599','2021-03-10 02:03:48'),('2021-03-10',1604,7,1,2563,'C','3341500771599','2021-03-10 02:03:19'),('2021-03-10',1578,8,1,2563,'C','3341500771599','2021-03-10 02:03:24'),('2021-03-10',1588,8,1,2563,'C','3341500771599','2021-03-10 02:03:24'),('2021-03-10',1590,8,1,2563,'C','3341500771599','2021-03-10 02:03:24'),('2021-03-10',1598,8,1,2563,'C','3341500771599','2021-03-10 02:03:24'),('2021-03-10',1595,8,1,2563,'C','3341500771599','2021-03-10 02:03:24'),('2021-03-10',1614,8,1,2563,'C','3341500771599','2021-03-10 02:03:24'),('2021-03-15',1617,2,1,2563,'C','3341500771599','2021-03-15 01:03:02'),('2021-03-15',1610,3,1,2563,'C','3341500771599','2021-03-15 01:03:09'),('2021-03-15',1619,3,1,2563,'C','3341500771599','2021-03-15 01:03:09'),('2021-03-15',1618,4,1,2563,'C','3341500771599','2021-03-15 01:03:15'),('2021-03-15',1606,5,1,2563,'C','3341500771599','2021-03-15 01:03:19'),('2021-03-15',1607,5,1,2563,'C','3341500771599','2021-03-15 01:03:19'),('2021-03-15',1605,6,1,2563,'C','3341500771599','2021-03-15 01:03:25'),('2021-03-15',1604,7,1,2563,'C','3341500771599','2021-03-15 01:03:29'),('2021-03-15',1578,8,1,2563,'C','3341500771599','2021-03-15 01:03:34'),('2021-03-15',1588,8,1,2563,'C','3341500771599','2021-03-15 01:03:34'),('2021-03-15',1590,8,1,2563,'C','3341500771599','2021-03-15 01:03:34'),('2021-03-15',1598,8,1,2563,'C','3341500771599','2021-03-15 01:03:34'),('2021-03-15',1595,8,1,2563,'C','3341500771599','2021-03-15 01:03:34'),('2021-03-15',1614,8,1,2563,'C','3341500771599','2021-03-15 01:03:34'),('2021-03-16',1617,2,1,2563,'C','3341500771599','2021-03-16 02:03:56'),('2021-03-16',1610,3,1,2563,'C','3341500771599','2021-03-16 02:03:04'),('2021-03-16',1619,3,1,2563,'C','3341500771599','2021-03-16 02:03:04'),('2021-03-16',1618,4,1,2563,'C','3341500771599','2021-03-16 02:03:10'),('2021-03-16',1606,5,1,2563,'C','3341500771599','2021-03-16 02:03:17'),('2021-03-16',1607,5,1,2563,'C','3341500771599','2021-03-16 02:03:17'),('2021-03-16',1605,6,1,2563,'C','3341500771599','2021-03-16 02:03:24'),('2021-03-16',1604,7,1,2563,'C','3341500771599','2021-03-16 02:03:28'),('2021-03-16',1578,8,1,2563,'C','3341500771599','2021-03-16 02:03:34'),('2021-03-16',1588,8,1,2563,'C','3341500771599','2021-03-16 02:03:34'),('2021-03-16',1590,8,1,2563,'C','3341500771599','2021-03-16 02:03:34'),('2021-03-16',1598,8,1,2563,'C','3341500771599','2021-03-16 02:03:34'),('2021-03-16',1595,8,1,2563,'C','3341500771599','2021-03-16 02:03:34'),('2021-03-16',1614,8,1,2563,'C','3341500771599','2021-03-16 02:03:34'),('2021-03-18',1617,2,1,2563,'C','3341500771599','2021-03-18 09:03:47'),('2021-03-18',1610,3,1,2563,'C','3341500771599','2021-03-18 09:03:54'),('2021-03-18',1619,3,1,2563,'C','3341500771599','2021-03-18 09:03:54'),('2021-03-18',1618,4,1,2563,'C','3341500771599','2021-03-18 09:03:01'),('2021-03-18',1606,5,1,2563,'C','3341500771599','2021-03-18 09:03:07'),('2021-03-18',1607,5,1,2563,'C','3341500771599','2021-03-18 09:03:07'),('2021-03-18',1605,6,1,2563,'C','3341500771599','2021-03-18 09:03:13'),('2021-03-18',1604,7,1,2563,'C','3341500771599','2021-03-18 09:03:20'),('2021-03-18',1578,8,1,2563,'C','3341500771599','2021-03-18 09:03:24'),('2021-03-18',1588,8,1,2563,'C','3341500771599','2021-03-18 09:03:24'),('2021-03-18',1590,8,1,2563,'C','3341500771599','2021-03-18 09:03:24'),('2021-03-18',1598,8,1,2563,'C','3341500771599','2021-03-18 09:03:24'),('2021-03-18',1595,8,1,2563,'C','3341500771599','2021-03-18 09:03:24'),('2021-03-18',1614,8,1,2563,'C','3341500771599','2021-03-18 09:03:24'),('2021-03-22',1617,2,1,2563,'C','3341500771599','2021-03-23 10:03:48'),('2021-03-22',1610,3,1,2563,'C','3341500771599','2021-03-23 10:03:58'),('2021-03-22',1619,3,1,2563,'C','3341500771599','2021-03-23 10:03:58'),('2021-03-22',1618,4,1,2563,'C','3341500771599','2021-03-23 10:03:09'),('2021-03-22',1606,5,1,2563,'C','3341500771599','2021-03-23 10:03:29'),('2021-03-22',1607,5,1,2563,'C','3341500771599','2021-03-23 10:03:29'),('2021-03-22',1605,6,1,2563,'C','3341500771599','2021-03-23 10:03:37'),('2021-03-22',1604,7,1,2563,'C','3341500771599','2021-03-23 10:03:46'),('2021-03-22',1578,8,1,2563,'C','3341500771599','2021-03-23 10:03:56'),('2021-03-22',1588,8,1,2563,'C','3341500771599','2021-03-23 10:03:56'),('2021-03-22',1590,8,1,2563,'C','3341500771599','2021-03-23 10:03:56'),('2021-03-22',1598,8,1,2563,'C','3341500771599','2021-03-23 10:03:56'),('2021-03-22',1595,8,1,2563,'C','3341500771599','2021-03-23 10:03:56'),('2021-03-22',1614,8,1,2563,'C','3341500771599','2021-03-23 10:03:56'),('2021-03-23',1617,2,1,2563,'C','3341500771599','2021-03-23 12:03:22'),('2021-03-23',1610,3,1,2563,'C','3341500771599','2021-03-23 12:03:28'),('2021-03-23',1619,3,1,2563,'C','3341500771599','2021-03-23 12:03:28'),('2021-03-23',1618,4,1,2563,'C','3341500771599','2021-03-23 12:03:34'),('2021-03-23',1606,5,1,2563,'C','3341500771599','2021-03-23 12:03:39'),('2021-03-23',1607,5,1,2563,'C','3341500771599','2021-03-23 12:03:39'),('2021-03-23',1605,6,1,2563,'C','3341500771599','2021-03-23 12:03:44'),('2021-03-23',1604,7,1,2563,'C','3341500771599','2021-03-23 12:03:49'),('2021-03-23',1578,8,1,2563,'C','3341500771599','2021-03-23 12:03:53'),('2021-03-23',1588,8,1,2563,'C','3341500771599','2021-03-23 12:03:53'),('2021-03-23',1590,8,1,2563,'C','3341500771599','2021-03-23 12:03:53'),('2021-03-23',1598,8,1,2563,'C','3341500771599','2021-03-23 12:03:53'),('2021-03-23',1595,8,1,2563,'C','3341500771599','2021-03-23 12:03:53'),('2021-03-23',1614,8,1,2563,'C','3341500771599','2021-03-23 12:03:53'),('2021-03-29',1617,2,1,2563,'C','3341500771599','2021-03-31 01:03:35'),('2021-03-29',1610,3,1,2563,'C','3341500771599','2021-03-31 03:03:36'),('2021-03-29',1619,3,1,2563,'C','3341500771599','2021-03-31 03:03:36'),('2021-03-29',1618,4,1,2563,'C','3341500771599','2021-03-31 01:03:54'),('2021-03-29',1606,5,1,2563,'C','3341500771599','2021-03-31 01:03:05'),('2021-03-29',1607,5,1,2563,'C','3341500771599','2021-03-31 01:03:05'),('2021-03-29',1605,6,1,2563,'C','3341500771599','2021-03-31 03:03:39'),('2021-03-29',1604,7,1,2563,'C','3341500771599','2021-03-31 03:03:49'),('2021-03-29',1578,8,1,2563,'C','3341500771599','2021-03-31 03:03:58'),('2021-03-29',1588,8,1,2563,'C','3341500771599','2021-03-31 03:03:58'),('2021-03-29',1590,8,1,2563,'C','3341500771599','2021-03-31 03:03:58'),('2021-03-29',1598,8,1,2563,'C','3341500771599','2021-03-31 03:03:58'),('2021-03-29',1595,8,1,2563,'C','3341500771599','2021-03-31 03:03:58'),('2021-03-29',1614,8,1,2563,'C','3341500771599','2021-03-31 03:03:58'),('2021-03-30',1617,2,1,2563,'C','3341500771599','2021-03-31 03:03:11'),('2021-03-30',1610,3,1,2563,'C','3341500771599','2021-03-31 03:03:36'),('2021-03-30',1619,3,1,2563,'C','3341500771599','2021-03-31 03:03:36'),('2021-03-30',1618,4,1,2563,'C','3341500771599','2021-03-31 03:03:54'),('2021-03-30',1605,6,1,2563,'C','3341500771599','2021-03-31 03:03:54'),('2021-03-30',1604,7,1,2563,'C','3341500771599','2021-03-31 03:03:14'),('2021-03-30',1578,8,1,2563,'C','3341500771599','2021-03-31 03:03:27'),('2021-03-30',1588,8,1,2563,'C','3341500771599','2021-03-31 03:03:27'),('2021-03-30',1590,8,1,2563,'C','3341500771599','2021-03-31 03:03:27'),('2021-03-30',1598,8,1,2563,'C','3341500771599','2021-03-31 03:03:27'),('2021-03-30',1595,8,1,2563,'C','3341500771599','2021-03-31 03:03:27'),('2021-03-30',1614,8,1,2563,'C','3341500771599','2021-03-31 03:03:27'),('2021-03-31',1617,2,1,2563,'C','3341500771599','2021-03-31 03:03:54'),('2021-03-31',1610,3,1,2563,'C','3341500771599','2021-03-31 03:03:00'),('2021-03-31',1619,3,1,2563,'C','3341500771599','2021-03-31 03:03:00'),('2021-03-31',1618,4,1,2563,'C','3341500771599','2021-03-31 03:03:06'),('2021-03-31',1606,5,1,2563,'C','3341500771599','2021-03-31 03:03:15'),('2021-03-31',1607,5,1,2563,'C','3341500771599','2021-03-31 03:03:15'),('2021-03-31',1605,6,1,2563,'C','3341500771599','2021-03-31 03:03:25'),('2021-03-31',1604,7,1,2563,'C','3341500771599','2021-03-31 03:03:30'),('2021-03-31',1578,8,1,2563,'C','3341500771599','2021-03-31 03:03:35'),('2021-03-31',1588,8,1,2563,'C','3341500771599','2021-03-31 03:03:35'),('2021-03-31',1590,8,1,2563,'C','3341500771599','2021-03-31 03:03:35'),('2021-03-31',1598,8,1,2563,'C','3341500771599','2021-03-31 03:03:35'),('2021-03-31',1595,8,1,2563,'C','3341500771599','2021-03-31 03:03:35'),('2021-03-31',1614,8,1,2563,'C','3341500771599','2021-03-31 03:03:35'),('2021-04-01',1617,2,1,2563,'C','3341500771599','2021-04-01 03:04:35'),('2021-04-01',1610,3,1,2563,'C','3341500771599','2021-04-01 03:04:42'),('2021-04-01',1619,3,1,2563,'C','3341500771599','2021-04-01 03:04:42'),('2021-04-01',1618,4,1,2563,'C','3341500771599','2021-04-01 03:04:47'),('2021-04-01',1606,5,1,2563,'C','3341500771599','2021-04-01 03:04:52'),('2021-04-01',1607,5,1,2563,'C','3341500771599','2021-04-01 03:04:52'),('2021-04-01',1605,6,1,2563,'C','3341500771599','2021-04-01 03:04:57'),('2021-04-01',1604,7,1,2563,'C','3341500771599','2021-04-01 03:04:01'),('2021-04-01',1578,8,1,2563,'C','3341500771599','2021-04-01 03:04:06'),('2021-04-01',1588,8,1,2563,'C','3341500771599','2021-04-01 03:04:06'),('2021-04-01',1590,8,1,2563,'C','3341500771599','2021-04-01 03:04:06'),('2021-04-01',1598,8,1,2563,'C','3341500771599','2021-04-01 03:04:06'),('2021-04-01',1595,8,1,2563,'C','3341500771599','2021-04-01 03:04:06'),('2021-04-01',1614,8,1,2563,'C','3341500771599','2021-04-01 03:04:06'),('2021-04-05',1617,2,1,2563,'C','3341500771599','2021-04-12 05:04:48'),('2021-04-02',1617,2,1,2563,'C','3341500771599','2021-04-12 05:04:11'),('2021-04-02',1610,3,1,2563,'C','3341500771599','2021-04-12 05:04:39'),('2021-04-02',1619,3,1,2563,'C','3341500771599','2021-04-12 05:04:39'),('2021-04-02',1618,4,1,2563,'C','3341500771599','2021-04-12 05:04:00'),('2021-04-02',1606,5,1,2563,'C','3341500771599','2021-04-12 05:04:15'),('2021-04-02',1607,5,1,2563,'C','3341500771599','2021-04-12 05:04:15'),('2021-04-02',1605,6,1,2563,'C','3341500771599','2021-04-12 05:04:44'),('2021-04-02',1604,7,1,2563,'C','3341500771599','2021-04-12 05:04:34'),('2021-06-14',1606,6,1,2564,'C','3341500771599','2021-06-29 09:06:59'),('2021-06-14',1618,5,1,2564,'C','3341500771599','2021-06-29 09:06:46'),('2021-06-14',1619,3,1,2564,'C','3341500771599','2021-06-29 09:06:38'),('2021-06-14',1610,3,1,2564,'C','3341500771599','2021-06-29 09:06:38'),('2021-06-14',1617,2,1,2563,'C','3341500771599','2021-06-22 01:06:43'),('2021-04-03',1617,2,1,2563,'C','3341500771599','2021-04-12 05:04:21'),('2021-04-03',1610,3,1,2563,'C','3341500771599','2021-04-12 05:04:42'),('2021-04-03',1619,3,1,2563,'C','3341500771599','2021-04-12 05:04:42'),('2021-04-03',1618,4,1,2563,'C','3341500771599','2021-04-12 05:04:56'),('2021-04-03',1606,5,1,2563,'C','3341500771599','2021-04-12 05:04:23'),('2021-04-03',1607,5,1,2563,'C','3341500771599','2021-04-12 05:04:23'),('2021-04-03',1605,6,1,2563,'C','3341500771599','2021-04-12 05:04:49'),('2021-04-03',1604,7,1,2563,'C','3341500771599','2021-04-12 05:04:02'),('2021-04-03',1578,8,1,2563,'C','3341500771599','2021-04-12 05:04:15'),('2021-04-03',1588,8,1,2563,'C','3341500771599','2021-04-12 05:04:15'),('2021-04-03',1590,8,1,2563,'C','3341500771599','2021-04-12 05:04:15'),('2021-04-03',1598,8,1,2563,'C','3341500771599','2021-04-12 05:04:15'),('2021-04-03',1595,8,1,2563,'C','3341500771599','2021-04-12 05:04:15'),('2021-04-03',1614,8,1,2563,'C','3341500771599','2021-04-12 05:04:15'),('2021-04-05',1610,3,1,2563,'C','3341500771599','2021-04-12 05:04:51'),('2021-04-05',1619,3,1,2563,'C','3341500771599','2021-04-12 05:04:51'),('2021-04-05',1618,4,1,2563,'C','3341500771599','2021-04-12 05:04:09'),('2021-04-05',1606,5,1,2563,'C','3341500771599','2021-04-12 05:04:26'),('2021-04-05',1607,5,1,2563,'C','3341500771599','2021-04-12 05:04:26'),('2021-04-05',1605,6,1,2563,'C','3341500771599','2021-04-12 05:04:53'),('2021-04-05',1604,7,1,2563,'C','3341500771599','2021-04-12 05:04:08'),('2021-04-05',1578,8,1,2563,'C','3341500771599','2021-04-12 05:04:20'),('2021-04-05',1588,8,1,2563,'C','3341500771599','2021-04-12 05:04:20'),('2021-04-05',1590,8,1,2563,'C','3341500771599','2021-04-12 05:04:20'),('2021-04-05',1598,8,1,2563,'C','3341500771599','2021-04-12 05:04:20'),('2021-04-05',1595,8,1,2563,'C','3341500771599','2021-04-12 05:04:20'),('2021-04-05',1614,8,1,2563,'C','3341500771599','2021-04-12 05:04:20'),('2021-04-06',1617,2,1,2563,'C','3341500771599','2021-04-12 05:04:35'),('2021-04-06',1610,3,1,2563,'C','3341500771599','2021-04-12 05:04:50'),('2021-04-06',1619,3,1,2563,'C','3341500771599','2021-04-12 05:04:50'),('2021-04-06',1618,4,1,2563,'C','3341500771599','2021-04-12 05:04:01'),('2021-04-06',1606,5,1,2563,'C','3341500771599','2021-04-12 05:04:13'),('2021-04-06',1607,5,1,2563,'C','3341500771599','2021-04-12 05:04:13'),('2021-04-06',1605,6,1,2563,'C','3341500771599','2021-04-12 05:04:24'),('2021-04-06',1604,7,1,2563,'C','3341500771599','2021-04-12 05:04:38'),('2021-04-06',1578,8,1,2563,'C','3341500771599','2021-04-12 05:04:51'),('2021-04-06',1588,8,1,2563,'C','3341500771599','2021-04-12 05:04:51'),('2021-04-06',1590,8,1,2563,'C','3341500771599','2021-04-12 05:04:51'),('2021-04-06',1598,8,1,2563,'C','3341500771599','2021-04-12 05:04:51'),('2021-04-06',1595,8,1,2563,'C','3341500771599','2021-04-12 05:04:51'),('2021-04-06',1614,8,1,2563,'C','3341500771599','2021-04-12 05:04:51'),('2021-04-07',1617,2,1,2563,'C','3341500771599','2021-04-12 05:04:07'),('2021-04-07',1610,3,1,2563,'C','3341500771599','2021-04-12 05:04:19'),('2021-04-07',1619,3,1,2563,'C','3341500771599','2021-04-12 05:04:19'),('2021-04-07',1618,4,1,2563,'C','3341500771599','2021-04-12 05:04:31'),('2021-04-07',1606,5,1,2563,'C','3341500771599','2021-04-12 05:04:44'),('2021-04-07',1607,5,1,2563,'C','3341500771599','2021-04-12 05:04:44'),('2021-04-07',1605,6,1,2563,'C','3341500771599','2021-04-12 05:04:59'),('2021-04-07',1604,7,1,2563,'C','3341500771599','2021-04-12 05:04:13'),('2021-04-07',1578,8,1,2563,'C','3341500771599','2021-04-12 05:04:28'),('2021-04-07',1588,8,1,2563,'C','3341500771599','2021-04-12 05:04:28'),('2021-04-07',1590,8,1,2563,'C','3341500771599','2021-04-12 05:04:28'),('2021-04-07',1598,8,1,2563,'C','3341500771599','2021-04-12 05:04:28'),('2021-04-07',1595,8,1,2563,'C','3341500771599','2021-04-12 05:04:28'),('2021-04-07',1614,8,1,2563,'C','3341500771599','2021-04-12 05:04:28'),('2021-04-08',1617,2,1,2563,'C','3341500771599','2021-04-12 05:04:51'),('2021-04-08',1610,3,1,2563,'C','3341500771599','2021-04-12 05:04:03'),('2021-04-08',1619,3,1,2563,'C','3341500771599','2021-04-12 05:04:03'),('2021-06-14',1607,6,1,2564,'C','3341500771599','2021-06-29 09:06:59'),('2021-04-09',1617,2,1,2563,'C','3341500771599','2021-04-12 05:04:15'),('2021-04-08',1618,4,1,2563,'C','3341500771599','2021-04-12 05:04:47'),('2021-04-08',1606,5,1,2563,'C','3341500771599','2021-04-12 05:04:08'),('2021-04-08',1607,5,1,2563,'C','3341500771599','2021-04-12 05:04:08'),('2021-04-08',1605,6,1,2563,'C','3341500771599','2021-04-12 05:04:22'),('2021-04-08',1604,7,1,2563,'C','3341500771599','2021-04-12 05:04:33'),('2021-04-08',1578,8,1,2563,'C','3341500771599','2021-04-12 05:04:47'),('2021-04-08',1588,8,1,2563,'C','3341500771599','2021-04-12 05:04:47'),('2021-04-08',1590,8,1,2563,'C','3341500771599','2021-04-12 05:04:47'),('2021-04-08',1598,8,1,2563,'C','3341500771599','2021-04-12 05:04:47'),('2021-04-08',1595,8,1,2563,'C','3341500771599','2021-04-12 05:04:47'),('2021-04-08',1614,8,1,2563,'C','3341500771599','2021-04-12 05:04:47'),('2021-04-09',1610,3,1,2563,'C','3341500771599','2021-04-12 05:04:14'),('2021-04-09',1619,3,1,2563,'C','3341500771599','2021-04-12 05:04:14'),('2021-04-09',1618,4,1,2563,'C','3341500771599','2021-04-12 05:04:25'),('2021-04-09',1606,5,1,2563,'C','3341500771599','2021-04-12 05:04:48'),('2021-04-09',1607,5,1,2563,'C','3341500771599','2021-04-12 05:04:48'),('2021-04-09',1605,6,1,2563,'C','3341500771599','2021-04-12 05:04:00'),('2021-04-09',1604,7,1,2563,'C','3341500771599','2021-04-12 05:04:22'),('2021-04-09',1578,8,1,2563,'C','3341500771599','2021-04-12 05:04:34'),('2021-04-09',1588,8,1,2563,'C','3341500771599','2021-04-12 05:04:34'),('2021-04-09',1590,8,1,2563,'C','3341500771599','2021-04-12 05:04:34'),('2021-04-09',1598,8,1,2563,'C','3341500771599','2021-04-12 05:04:34'),('2021-04-09',1595,8,1,2563,'C','3341500771599','2021-04-12 05:04:34'),('2021-04-09',1614,8,1,2563,'C','3341500771599','2021-04-12 05:04:34'),('2021-06-14',1604,8,1,2564,'C','3341500771599','2021-06-29 09:06:11'),('2021-06-14',1578,9,1,2564,'C','3341500771599','2021-06-29 09:06:23'),('2021-06-14',1588,9,1,2564,'C','3341500771599','2021-06-29 09:06:23'),('2021-06-14',1595,9,1,2564,'C','3341500771599','2021-06-29 09:06:23'),('2021-06-14',1614,9,1,2564,'C','3341500771599','2021-06-29 09:06:23'),('2021-06-15',1617,2,1,2564,'C','3341500771599','2021-06-29 09:06:36'),('2021-06-15',1619,3,1,2564,'C','3341500771599','2021-06-29 09:06:47'),('2021-06-16',1610,4,1,2564,'C','3341500771599','2021-06-29 09:06:58'),('2021-06-15',1606,6,1,2564,'C','3341500771599','2021-06-29 09:06:11'),('2021-06-15',1607,6,1,2564,'C','3341500771599','2021-06-29 09:06:11'),('2021-06-15',1605,7,1,2564,'C','3341500771599','2021-06-29 09:06:22'),('2021-06-15',1604,8,1,2564,'C','3341500771599','2021-06-29 09:06:32'),('2021-06-15',1578,9,1,2564,'C','3341500771599','2021-06-29 09:06:43'),('2021-06-15',1588,9,1,2564,'C','3341500771599','2021-06-29 09:06:43'),('2021-06-15',1595,9,1,2564,'C','3341500771599','2021-06-29 09:06:43'),('2021-06-15',1614,9,1,2564,'C','3341500771599','2021-06-29 09:06:43'),('2021-06-16',1617,2,1,2564,'C','3341500771599','2021-06-29 09:06:55'),('2021-06-16',1619,3,1,2564,'C','3341500771599','2021-06-29 09:06:05'),('2021-06-16',1618,5,1,2564,'C','3341500771599','2021-06-29 09:06:27'),('2021-06-16',1606,6,1,2564,'C','3341500771599','2021-06-29 09:06:39'),('2021-06-16',1607,6,1,2564,'C','3341500771599','2021-06-29 09:06:39'),('2021-06-16',1605,7,1,2564,'C','3341500771599','2021-06-29 09:06:50'),('2021-06-16',1604,8,1,2564,'C','3341500771599','2021-06-29 09:06:03'),('2021-06-16',1578,9,1,2564,'C','3341500771599','2021-06-29 09:06:14'),('2021-06-16',1588,9,1,2564,'C','3341500771599','2021-06-29 09:06:14'),('2021-06-16',1595,9,1,2564,'C','3341500771599','2021-06-29 09:06:14'),('2021-06-16',1614,9,1,2564,'C','3341500771599','2021-06-29 09:06:14'),('2021-06-17',1617,2,1,2564,'C','3341500771599','2021-06-29 09:06:28'),('2021-06-17',1619,3,1,2564,'C','3341500771599','2021-06-29 09:06:38'),('2021-06-17',1610,4,1,2564,'C','3341500771599','2021-06-29 09:06:48'),('2021-06-17',1618,5,1,2564,'C','3341500771599','2021-06-29 09:06:01'),('2021-06-17',1606,6,1,2564,'C','3341500771599','2021-06-29 09:06:11'),('2021-06-17',1607,6,1,2564,'C','3341500771599','2021-06-29 09:06:11'),('2021-06-17',1605,7,1,2564,'C','3341500771599','2021-06-29 09:06:22'),('2021-06-17',1604,8,1,2564,'C','3341500771599','2021-06-29 09:06:34'),('2021-06-17',1578,9,1,2564,'C','3341500771599','2021-06-29 09:06:53'),('2021-06-17',1588,9,1,2564,'C','3341500771599','2021-06-29 09:06:53'),('2021-06-17',1595,9,1,2564,'C','3341500771599','2021-06-29 09:06:53'),('2021-06-17',1614,9,1,2564,'C','3341500771599','2021-06-29 09:06:53'),('2021-06-18',1617,2,1,2564,'C','3341500771599','2021-06-29 09:06:07'),('2021-06-18',1619,3,1,2564,'C','3341500771599','2021-06-29 09:06:18'),('2021-06-18',1610,4,1,2564,'C','3341500771599','2021-06-29 09:06:29'),('2021-06-18',1618,5,1,2564,'C','3341500771599','2021-06-29 09:06:48'),('2021-06-18',1606,6,1,2564,'C','3341500771599','2021-06-29 09:06:59'),('2021-06-18',1607,6,1,2564,'C','3341500771599','2021-06-29 09:06:59'),('2021-06-18',1605,7,1,2564,'C','3341500771599','2021-06-29 09:06:11'),('2021-06-18',1604,8,1,2564,'C','3341500771599','2021-06-29 09:06:22'),('2021-06-18',1578,9,1,2564,'C','3341500771599','2021-06-29 09:06:26'),('2021-06-18',1588,9,1,2564,'C','3341500771599','2021-06-29 09:06:26'),('2021-06-18',1595,9,1,2564,'C','3341500771599','2021-06-29 09:06:26'),('2021-06-18',1614,9,1,2564,'C','3341500771599','2021-06-29 09:06:26'),('2021-06-19',1617,2,1,2564,'C','3341500771599','2021-06-29 09:06:36'),('2021-06-19',1619,3,1,2564,'C','3341500771599','2021-06-29 09:06:45'),('2021-06-19',1610,4,1,2564,'C','3341500771599','2021-06-29 09:06:55'),('2021-06-19',1618,5,1,2564,'C','3341500771599','2021-06-29 09:06:05'),('2021-06-19',1606,6,1,2564,'C','3341500771599','2021-06-29 09:06:16'),('2021-06-19',1607,6,1,2564,'C','3341500771599','2021-06-29 09:06:16'),('2021-06-19',1605,7,1,2564,'C','3341500771599','2021-06-29 09:06:27'),('2021-06-19',1604,8,1,2564,'C','3341500771599','2021-06-29 09:06:40'),('2021-06-19',1578,9,1,2564,'C','3341500771599','2021-06-29 09:06:51'),('2021-06-19',1588,9,1,2564,'C','3341500771599','2021-06-29 09:06:51'),('2021-06-19',1595,9,1,2564,'C','3341500771599','2021-06-29 09:06:51'),('2021-06-19',1614,9,1,2564,'C','3341500771599','2021-06-29 09:06:51'),('2021-06-21',1617,2,1,2564,'C','3341500771599','2021-06-29 09:06:08'),('2021-06-21',1619,3,1,2564,'C','3341500771599','2021-06-29 09:06:18'),('2021-06-21',1610,4,1,2564,'C','3341500771599','2021-06-29 09:06:27'),('2021-06-21',1618,5,1,2564,'C','3341500771599','2021-06-29 09:06:45'),('2021-06-21',1606,6,1,2564,'C','3341500771599','2021-06-29 09:06:56'),('2021-06-21',1607,6,1,2564,'C','3341500771599','2021-06-29 09:06:56'),('2021-06-21',1605,7,1,2564,'C','3341500771599','2021-06-29 09:06:15'),('2021-06-21',1604,8,1,2564,'C','3341500771599','2021-06-29 09:06:25'),('2021-06-21',1578,9,1,2564,'C','3341500771599','2021-06-29 09:06:36'),('2021-06-21',1588,9,1,2564,'C','3341500771599','2021-06-29 09:06:36'),('2021-06-21',1595,9,1,2564,'C','3341500771599','2021-06-29 09:06:36'),('2021-06-21',1614,9,1,2564,'C','3341500771599','2021-06-29 09:06:36'),('2021-06-22',1617,2,1,2564,'C','3341500771599','2021-06-29 09:06:48'),('2021-06-22',1619,3,1,2564,'C','3341500771599','2021-06-29 09:06:00'),('2021-06-22',1610,4,1,2564,'C','3341500771599','2021-06-29 09:06:10'),('2021-06-22',1618,5,1,2564,'C','3341500771599','2021-06-29 09:06:20'),('2021-06-22',1606,6,1,2564,'C','3341500771599','2021-06-29 09:06:29'),('2021-06-22',1607,6,1,2564,'C','3341500771599','2021-06-29 09:06:29'),('2021-06-22',1605,7,1,2564,'C','3341500771599','2021-06-29 09:06:38'),('2021-06-22',1604,8,1,2564,'C','3341500771599','2021-06-29 09:06:48'),('2021-06-22',1578,9,1,2564,'C','3341500771599','2021-06-29 09:06:57'),('2021-06-22',1588,9,1,2564,'C','3341500771599','2021-06-29 09:06:57'),('2021-06-22',1595,9,1,2564,'C','3341500771599','2021-06-29 09:06:57'),('2021-06-22',1614,9,1,2564,'C','3341500771599','2021-06-29 09:06:57'),('2021-06-23',1617,2,1,2564,'C','3341500771599','2021-06-29 09:06:07'),('2021-06-23',1619,3,1,2564,'C','3341500771599','2021-06-29 09:06:16'),('2021-06-23',1610,4,1,2564,'C','3341500771599','2021-06-29 09:06:30'),('2021-06-23',1618,5,1,2564,'C','3341500771599','2021-06-29 09:06:40'),('2021-06-23',1606,6,1,2564,'C','3341500771599','2021-06-29 09:06:50'),('2021-06-23',1607,6,1,2564,'C','3341500771599','2021-06-29 09:06:50'),('2021-06-23',1605,7,1,2564,'C','3341500771599','2021-06-29 09:06:59'),('2021-06-23',1604,8,1,2564,'C','3341500771599','2021-06-29 09:06:13'),('2021-06-23',1578,9,1,2564,'C','3341500771599','2021-06-29 09:06:24'),('2021-06-23',1588,9,1,2564,'C','3341500771599','2021-06-29 09:06:24'),('2021-06-23',1595,9,1,2564,'C','3341500771599','2021-06-29 09:06:24'),('2021-06-23',1614,9,1,2564,'C','3341500771599','2021-06-29 09:06:24'),('2021-06-24',1617,2,1,2564,'C','3341500771599','2021-06-29 09:06:37'),('2021-06-24',1619,3,1,2564,'C','3341500771599','2021-06-29 09:06:50'),('2021-06-24',1610,4,1,2564,'C','3341500771599','2021-06-29 09:06:01'),('2021-06-24',1618,5,1,2564,'C','3341500771599','2021-06-29 09:06:13'),('2021-06-24',1606,6,1,2564,'C','3341500771599','2021-06-29 09:06:25'),('2021-06-24',1607,6,1,2564,'C','3341500771599','2021-06-29 09:06:25'),('2021-06-24',1605,7,1,2564,'C','3341500771599','2021-06-29 09:06:37'),('2021-06-24',1604,8,1,2564,'C','3341500771599','2021-06-29 09:06:47'),('2021-06-24',1578,9,1,2564,'C','3341500771599','2021-06-29 09:06:00'),('2021-06-24',1588,9,1,2564,'C','3341500771599','2021-06-29 09:06:00'),('2021-06-24',1595,9,1,2564,'C','3341500771599','2021-06-29 09:06:00'),('2021-06-24',1614,9,1,2564,'C','3341500771599','2021-06-29 09:06:00'),('2021-06-25',1617,2,1,2564,'C','3341500771599','2021-06-29 09:06:11'),('2021-06-25',1619,3,1,2564,'C','3341500771599','2021-06-29 09:06:24'),('2021-06-25',1610,4,1,2564,'C','3341500771599','2021-06-29 09:06:34'),('2021-06-25',1618,5,1,2564,'C','3341500771599','2021-06-29 09:06:52'),('2021-06-25',1606,6,1,2564,'C','3341500771599','2021-06-29 09:06:05'),('2021-06-25',1607,6,1,2564,'C','3341500771599','2021-06-29 09:06:05'),('2021-06-25',1605,7,1,2564,'C','3341500771599','2021-06-29 09:06:17'),('2021-06-25',1604,8,1,2564,'C','3341500771599','2021-06-29 09:06:30'),('2021-06-25',1578,9,1,2564,'C','3341500771599','2021-06-29 09:06:41'),('2021-06-25',1588,9,1,2564,'C','3341500771599','2021-06-29 09:06:41'),('2021-06-25',1595,9,1,2564,'C','3341500771599','2021-06-29 09:06:41'),('2021-06-25',1614,9,1,2564,'C','3341500771599','2021-06-29 09:06:41'),('2021-06-26',1617,2,1,2564,'C','3341500771599','2021-06-29 09:06:53'),('2021-06-26',1619,3,1,2564,'C','3341500771599','2021-06-29 09:06:03'),('2021-06-26',1610,4,1,2564,'C','3341500771599','2021-06-29 09:06:13'),('2021-06-26',1618,5,1,2564,'C','3341500771599','2021-06-29 09:06:33'),('2021-06-26',1606,6,1,2564,'C','3341500771599','2021-06-29 09:06:46'),('2021-06-26',1607,6,1,2564,'C','3341500771599','2021-06-29 09:06:46'),('2021-06-26',1605,7,1,2564,'C','3341500771599','2021-06-29 09:06:57'),('2021-06-26',1604,8,1,2564,'C','3341500771599','2021-06-29 09:06:08'),('2021-06-26',1578,9,1,2564,'C','3341500771599','2021-06-29 09:06:19'),('2021-06-26',1588,9,1,2564,'C','3341500771599','2021-06-29 09:06:19'),('2021-06-26',1595,9,1,2564,'C','3341500771599','2021-06-29 09:06:19'),('2021-06-26',1614,9,1,2564,'C','3341500771599','2021-06-29 09:06:19'),('2021-06-28',1617,2,1,2564,'C','3341500771599','2021-06-29 09:06:41'),('2021-06-28',1619,3,1,2564,'C','3341500771599','2021-06-29 09:06:55'),('2021-06-28',1610,4,1,2564,'C','3341500771599','2021-06-29 09:06:04'),('2021-06-28',1618,5,1,2564,'C','3341500771599','2021-06-29 09:06:14'),('2021-06-28',1606,6,1,2564,'C','3341500771599','2021-06-29 09:06:24'),('2021-06-28',1607,6,1,2564,'C','3341500771599','2021-06-29 09:06:24'),('2021-06-28',1605,7,1,2564,'C','3341500771599','2021-06-29 09:06:33'),('2021-06-28',1604,8,1,2564,'C','3341500771599','2021-06-29 09:06:44'),('2021-06-28',1578,9,1,2564,'C','3341500771599','2021-06-29 09:06:53'),('2021-06-28',1588,9,1,2564,'C','3341500771599','2021-06-29 09:06:53'),('2021-06-28',1595,9,1,2564,'C','3341500771599','2021-06-29 09:06:53'),('2021-06-28',1614,9,1,2564,'C','3341500771599','2021-06-29 09:06:53'),('2021-07-26',1617,2,1,2564,'C','3341500771599','2021-07-02 02:07:16'),('2021-07-26',1619,3,1,2564,'C','3341500771599','2021-07-02 02:07:26'),('2021-07-26',1610,4,1,2564,'C','3341500771599','2021-07-02 02:07:37'),('2021-07-26',1618,5,1,2564,'C','3341500771599','2021-07-02 02:07:48'),('2021-07-26',1606,6,1,2564,'C','3341500771599','2021-07-02 02:07:08'),('2021-07-26',1607,6,1,2564,'C','3341500771599','2021-07-02 02:07:08'),('2021-07-26',1605,7,1,2564,'C','3341500771599','2021-07-02 02:07:19'),('2021-07-26',1604,8,1,2564,'C','3341500771599','2021-07-02 02:07:34'),('2021-07-26',1578,9,1,2564,'C','3341500771599','2021-07-02 02:07:50'),('2021-07-26',1588,9,1,2564,'C','3341500771599','2021-07-02 02:07:50'),('2021-07-26',1595,9,1,2564,'C','3341500771599','2021-07-02 02:07:50'),('2021-07-26',1614,9,1,2564,'C','3341500771599','2021-07-02 02:07:50'),('2021-07-27',1617,2,1,2564,'C','3341500771599','2021-07-02 02:07:00'),('2021-07-27',1619,3,1,2564,'C','3341500771599','2021-07-02 02:07:15'),('2021-07-27',1610,4,1,2564,'C','3341500771599','2021-07-02 02:07:33'),('2021-07-27',1618,5,1,2564,'C','3341500771599','2021-07-02 02:07:46'),('2021-07-27',1606,6,1,2564,'C','3341500771599','2021-07-02 02:07:04'),('2021-07-27',1607,6,1,2564,'C','3341500771599','2021-07-02 02:07:04'),('2021-07-27',1605,7,1,2564,'C','3341500771599','2021-07-02 02:07:18'),('2021-07-27',1604,8,1,2564,'C','3341500771599','2021-07-02 02:07:41'),('2021-07-27',1578,9,1,2564,'C','3341500771599','2021-07-02 02:07:52'),('2021-07-27',1588,9,1,2564,'C','3341500771599','2021-07-02 02:07:52'),('2021-07-27',1595,9,1,2564,'C','3341500771599','2021-07-02 02:07:52'),('2021-07-27',1614,9,1,2564,'C','3341500771599','2021-07-02 02:07:52'),('2021-07-02',1617,2,1,2564,'C','3341500771599','2021-07-02 02:07:40'),('2021-07-02',1619,3,1,2564,'C','3341500771599','2021-07-02 02:07:50'),('2021-07-02',1610,4,1,2564,'C','3341500771599','2021-07-02 02:07:57'),('2021-07-02',1618,5,1,2564,'C','3341500771599','2021-07-02 02:07:22'),('2021-07-02',1606,6,1,2564,'C','3341500771599','2021-07-02 02:07:30'),('2021-07-02',1607,6,1,2564,'C','3341500771599','2021-07-02 02:07:30'),('2021-07-02',1605,7,1,2564,'C','3341500771599','2021-07-02 02:07:36'),('2021-07-02',1604,8,1,2564,'C','3341500771599','2021-07-02 02:07:41'),('2021-07-02',1578,9,1,2564,'C','3341500771599','2021-07-02 02:07:47'),('2021-07-02',1588,9,1,2564,'C','3341500771599','2021-07-02 02:07:47'),('2021-07-02',1595,9,1,2564,'C','3341500771599','2021-07-02 02:07:47'),('2021-07-02',1614,9,1,2564,'C','3341500771599','2021-07-02 02:07:47'),('2021-07-03',1617,2,1,2564,'C','3341500771599','2021-07-07 10:07:53'),('2021-07-07',1619,3,1,2564,'C','3341500771599','2021-07-07 10:07:04'),('2021-07-03',1610,4,1,2564,'C','3341500771599','2021-07-07 10:07:22'),('2021-07-03',1618,5,1,2564,'C','3341500771599','2021-07-07 10:07:44'),('2021-07-03',1606,6,1,2564,'C','3341500771599','2021-07-07 10:07:54'),('2021-07-03',1607,6,1,2564,'C','3341500771599','2021-07-07 10:07:54'),('2021-07-03',1605,7,1,2564,'C','3341500771599','2021-07-07 10:07:09'),('2021-07-03',1604,8,1,2564,'C','3341500771599','2021-07-07 10:07:23'),('2021-07-03',1578,9,1,2564,'C','3341500771599','2021-07-07 10:07:52'),('2021-07-03',1588,9,1,2564,'C','3341500771599','2021-07-07 10:07:52'),('2021-07-03',1595,9,1,2564,'C','3341500771599','2021-07-07 10:07:52'),('2021-07-03',1614,9,1,2564,'C','3341500771599','2021-07-07 10:07:52'),('2021-07-05',1617,2,1,2564,'C','3341500771599','2021-07-07 10:07:06'),('2021-07-05',1619,3,1,2564,'C','3341500771599','2021-07-07 10:07:16'),('2021-07-05',1610,4,1,2564,'C','3341500771599','2021-07-07 10:07:27'),('2021-07-05',1618,5,1,2564,'C','3341500771599','2021-07-07 10:07:37'),('2021-07-05',1606,6,1,2564,'C','3341500771599','2021-07-07 10:07:47'),('2021-07-05',1607,6,1,2564,'C','3341500771599','2021-07-07 10:07:47'),('2021-07-05',1605,7,1,2564,'C','3341500771599','2021-07-07 10:07:57'),('2021-07-05',1578,9,1,2564,'C','3341500771599','2021-07-07 10:07:08'),('2021-07-05',1588,9,1,2564,'C','3341500771599','2021-07-07 10:07:08'),('2021-07-05',1595,9,1,2564,'C','3341500771599','2021-07-07 10:07:08'),('2021-07-05',1614,9,1,2564,'C','3341500771599','2021-07-07 10:07:08'),('2021-07-06',1617,2,1,2564,'C','3341500771599','2021-07-07 10:07:19'),('2021-07-06',1619,3,1,2564,'C','3341500771599','2021-07-07 10:07:30'),('2021-07-06',1610,4,1,2564,'C','3341500771599','2021-07-07 10:07:42'),('2021-07-06',1618,5,1,2564,'C','3341500771599','2021-07-07 10:07:54'),('2021-07-06',1606,6,1,2564,'C','3341500771599','2021-07-07 10:07:06'),('2021-07-06',1607,6,1,2564,'C','3341500771599','2021-07-07 10:07:06'),('2021-07-06',1605,7,1,2564,'C','3341500771599','2021-07-07 10:07:24'),('2021-07-06',1604,8,1,2564,'C','3341500771599','2021-07-07 10:07:32'),('2021-07-06',1578,9,1,2564,'C','3341500771599','2021-07-07 10:07:42'),('2021-07-06',1588,9,1,2564,'C','3341500771599','2021-07-07 10:07:42'),('2021-07-06',1595,9,1,2564,'C','3341500771599','2021-07-07 10:07:42'),('2021-07-06',1614,9,1,2564,'C','3341500771599','2021-07-07 10:07:42'),('2021-07-07',1617,2,1,2564,'C','3341500771599','2021-07-07 10:07:52'),('2021-07-07',1610,4,1,2564,'C','3341500771599','2021-07-07 10:07:09'),('2021-07-07',1618,5,1,2564,'C','3341500771599','2021-07-07 10:07:21'),('2021-07-07',1606,6,1,2564,'C','3341500771599','2021-07-07 10:07:27'),('2021-07-07',1607,6,1,2564,'C','3341500771599','2021-07-07 10:07:27'),('2021-07-07',1605,7,1,2564,'C','3341500771599','2021-07-07 10:07:33'),('2021-07-07',1604,8,1,2564,'C','3341500771599','2021-07-07 10:07:43'),('2021-07-07',1578,9,1,2564,'C','3341500771599','2021-07-07 10:07:48'),('2021-07-07',1588,9,1,2564,'C','3341500771599','2021-07-07 10:07:48'),('2021-07-07',1595,9,1,2564,'C','3341500771599','2021-07-07 10:07:48'),('2021-07-07',1614,9,1,2564,'C','3341500771599','2021-07-07 10:07:48'),('2021-07-08',1617,2,1,2564,'C','3341500771599','2021-07-12 09:07:28'),('2021-07-08',1619,3,1,2564,'C','3341500771599','2021-07-12 09:07:41'),('2021-07-08',1610,4,1,2564,'C','3341500771599','2021-07-12 09:07:56'),('2021-07-08',1618,5,1,2564,'C','3341500771599','2021-07-12 09:07:41'),('2021-07-08',1606,6,1,2564,'C','3341500771599','2021-07-12 09:07:52'),('2021-07-08',1607,6,1,2564,'C','3341500771599','2021-07-12 09:07:52'),('2021-07-08',1605,7,1,2564,'C','3341500771599','2021-07-12 09:07:03'),('2021-07-08',1604,8,1,2564,'C','3341500771599','2021-07-12 09:07:15'),('2021-07-08',1578,9,1,2564,'C','3341500771599','2021-07-12 09:07:27'),('2021-07-08',1588,9,1,2564,'C','3341500771599','2021-07-12 09:07:27'),('2021-07-08',1595,9,1,2564,'C','3341500771599','2021-07-12 09:07:27'),('2021-07-08',1614,9,1,2564,'C','3341500771599','2021-07-12 09:07:27'),('2021-07-09',1617,2,1,2564,'C','3341500771599','2021-07-12 09:07:37'),('2021-07-09',1619,3,1,2564,'C','3341500771599','2021-07-12 09:07:47'),('2021-07-09',1610,4,1,2564,'C','3341500771599','2021-07-12 09:07:58'),('2021-07-09',1618,5,1,2564,'C','3341500771599','2021-07-12 09:07:18'),('2021-07-09',1606,6,1,2564,'C','3341500771599','2021-07-12 09:07:34'),('2021-07-09',1607,6,1,2564,'C','3341500771599','2021-07-12 09:07:34'),('2021-07-09',1605,7,1,2564,'C','3341500771599','2021-07-12 09:07:46'),('2021-07-09',1604,8,1,2564,'C','3341500771599','2021-07-12 09:07:05'),('2021-07-09',1578,9,1,2564,'C','3341500771599','2021-07-12 09:07:17'),('2021-07-09',1588,9,1,2564,'C','3341500771599','2021-07-12 09:07:17'),('2021-07-09',1595,9,1,2564,'C','3341500771599','2021-07-12 09:07:17'),('2021-07-09',1614,9,1,2564,'C','3341500771599','2021-07-12 09:07:17'),('2021-07-10',1617,2,1,2564,'C','3341500771599','2021-07-12 09:07:31'),('2021-07-10',1619,3,1,2564,'C','3341500771599','2021-07-12 09:07:43'),('2021-07-10',1610,4,1,2564,'C','3341500771599','2021-07-12 09:07:54'),('2021-07-10',1606,6,1,2564,'C','3341500771599','2021-07-12 09:07:17'),('2021-07-10',1607,6,1,2564,'C','3341500771599','2021-07-12 09:07:17'),('2021-07-10',1618,5,1,2564,'C','3341500771599','2021-07-12 09:07:04'),('2021-07-10',1605,7,1,2564,'C','3341500771599','2021-07-12 09:07:21'),('2021-07-10',1604,8,1,2564,'C','3341500771599','2021-07-12 09:07:31'),('2021-07-10',1578,9,1,2564,'C','3341500771599','2021-07-12 09:07:41'),('2021-07-10',1588,9,1,2564,'C','3341500771599','2021-07-12 09:07:41'),('2021-07-10',1595,9,1,2564,'C','3341500771599','2021-07-12 09:07:41'),('2021-07-10',1614,9,1,2564,'C','3341500771599','2021-07-12 09:07:41'),('2021-07-12',1617,2,1,2564,'C','3341500771599','2021-07-12 01:07:10'),('2021-07-12',1619,3,1,2564,'C','3341500771599','2021-07-12 01:07:16'),('2021-07-12',1610,4,1,2564,'C','3341500771599','2021-07-12 01:07:21'),('2021-07-12',1618,5,1,2564,'C','3341500771599','2021-07-12 01:07:32'),('2021-07-12',1606,6,1,2564,'C','3341500771599','2021-07-12 01:07:38'),('2021-07-12',1607,6,1,2564,'C','3341500771599','2021-07-12 01:07:38'),('2021-07-12',1605,7,1,2564,'C','3341500771599','2021-07-12 01:07:47'),('2021-07-12',1604,8,1,2564,'C','3341500771599','2021-07-12 01:07:55'),('2021-07-12',1578,9,1,2564,'C','3341500771599','2021-07-12 01:07:00'),('2021-07-12',1588,9,1,2564,'C','3341500771599','2021-07-12 01:07:00'),('2021-07-12',1595,9,1,2564,'C','3341500771599','2021-07-12 01:07:00'),('2021-07-12',1614,9,1,2564,'C','3341500771599','2021-07-12 01:07:00'),('2021-07-13',1617,2,1,2564,'C','3341500771599','2021-07-13 01:07:43'),('2021-07-13',1610,4,1,2564,'C','3341500771599','2021-07-13 01:07:55'),('2021-07-13',1618,5,1,2564,'C','3341500771599','2021-07-13 01:07:03'),('2021-07-13',1606,6,1,2564,'C','3341500771599','2021-07-13 01:07:08'),('2021-07-13',1607,6,1,2564,'C','3341500771599','2021-07-13 01:07:08'),('2021-07-13',1605,7,1,2564,'C','3341500771599','2021-07-13 01:07:14'),('2021-07-13',1604,8,1,2564,'C','3341500771599','2021-07-13 01:07:19'),('2021-07-13',1578,9,1,2564,'C','3341500771599','2021-07-13 01:07:24'),('2021-07-13',1588,9,1,2564,'C','3341500771599','2021-07-13 01:07:24'),('2021-07-13',1595,9,1,2564,'C','3341500771599','2021-07-13 01:07:24'),('2021-07-13',1614,9,1,2564,'C','3341500771599','2021-07-13 01:07:24'),('2021-07-14',1617,2,1,2564,'C','3341500771599','2021-07-14 01:07:50'),('2021-07-14',1619,3,1,2564,'C','3341500771599','2021-07-14 01:07:56'),('2021-07-14',1610,4,1,2564,'C','3341500771599','2021-07-14 01:07:00'),('2021-07-14',1618,5,1,2564,'C','3341500771599','2021-07-14 01:07:17'),('2021-07-14',1606,6,1,2564,'C','3341500771599','2021-07-14 01:07:23'),('2021-07-14',1607,6,1,2564,'C','3341500771599','2021-07-14 01:07:23'),('2021-07-14',1605,7,1,2564,'C','3341500771599','2021-07-14 01:07:29'),('2021-07-14',1604,8,1,2564,'C','3341500771599','2021-07-14 01:07:36'),('2021-07-14',1578,9,1,2564,'C','3341500771599','2021-07-14 01:07:44'),('2021-07-14',1588,9,1,2564,'C','3341500771599','2021-07-14 01:07:44'),('2021-07-14',1595,9,1,2564,'C','3341500771599','2021-07-14 01:07:44'),('2021-07-14',1614,9,1,2564,'C','3341500771599','2021-07-14 01:07:44'),('2021-07-15',1617,2,1,2564,'C','3341500771599','2021-07-15 11:07:52'),('2021-07-15',1619,3,1,2564,'C','3341500771599','2021-07-15 11:07:59'),('2021-07-15',1610,4,1,2564,'C','3341500771599','2021-07-15 11:07:05'),('2021-07-15',1618,5,1,2564,'C','3341500771599','2021-07-15 11:07:15'),('2021-07-15',1606,6,1,2564,'C','3341500771599','2021-07-15 11:07:21'),('2021-07-15',1607,6,1,2564,'C','3341500771599','2021-07-15 11:07:21'),('2021-07-15',1605,7,1,2564,'C','3341500771599','2021-07-15 11:07:26'),('2021-07-15',1604,8,1,2564,'C','3341500771599','2021-07-15 11:07:38'),('2021-07-15',1578,9,1,2564,'C','3341500771599','2021-07-15 11:07:44'),('2021-07-15',1588,9,1,2564,'C','3341500771599','2021-07-15 11:07:44'),('2021-07-15',1595,9,1,2564,'C','3341500771599','2021-07-15 11:07:44'),('2021-07-15',1614,9,1,2564,'C','3341500771599','2021-07-15 11:07:44'),('2021-07-16',1617,2,1,2564,'C','3341500771599','2021-07-16 11:07:19'),('2021-07-16',1619,3,1,2564,'C','3341500771599','2021-07-16 11:07:25'),('2021-07-16',1610,4,1,2564,'C','3341500771599','2021-07-16 11:07:32'),('2021-07-16',1606,6,1,2564,'C','3341500771599','2021-07-16 11:07:47'),('2021-07-16',1607,6,1,2564,'C','3341500771599','2021-07-16 11:07:47'),('2021-07-16',1604,8,1,2564,'C','3341500771599','2021-07-16 11:07:57'),('2021-07-16',1578,9,1,2564,'C','3341500771599','2021-07-16 11:07:04'),('2021-07-16',1588,9,1,2564,'C','3341500771599','2021-07-16 11:07:04'),('2021-07-16',1595,9,1,2564,'C','3341500771599','2021-07-16 11:07:04'),('2021-07-16',1614,9,1,2564,'C','3341500771599','2021-07-16 11:07:04'),('2021-07-16',1618,5,1,2564,'C','3341500771599','2021-07-16 02:07:04'),('2021-07-16',1605,7,1,2564,'C','3341500771599','2021-07-16 02:07:10'),('2021-07-17',1617,2,1,2564,'C','3341500771599','2021-08-09 04:08:10'),('2021-07-17',1619,3,1,2564,'C','3341500771599','2021-08-09 04:08:23'),('2021-07-17',1610,4,1,2564,'C','3341500771599','2021-08-09 04:08:36'),('2021-07-17',1618,5,1,2564,'C','3341500771599','2021-08-09 04:08:53'),('2021-07-17',1606,6,1,2564,'C','3341500771599','2021-08-09 04:08:10'),('2021-07-17',1607,6,1,2564,'C','3341500771599','2021-08-09 04:08:10'),('2021-07-17',1605,7,1,2564,'C','3341500771599','2021-08-09 04:08:22'),('2021-07-17',1604,8,1,2564,'C','3341500771599','2021-08-09 04:08:38'),('2021-07-17',1578,9,1,2564,'C','3341500771599','2021-08-09 04:08:51'),('2021-07-17',1588,9,1,2564,'C','3341500771599','2021-08-09 04:08:51'),('2021-07-17',1595,9,1,2564,'C','3341500771599','2021-08-09 04:08:51'),('2021-07-17',1614,9,1,2564,'C','3341500771599','2021-08-09 04:08:51'),('2021-07-19',1617,2,1,2564,'C','3341500771599','2021-08-09 04:08:14'),('2021-07-19',1619,3,1,2564,'C','3341500771599','2021-08-09 04:08:26'),('2021-07-19',1610,4,1,2564,'C','3341500771599','2021-08-09 04:08:37'),('2021-07-19',1618,5,1,2564,'C','3341500771599','2021-08-09 04:08:51'),('2021-07-19',1606,6,1,2564,'C','3341500771599','2021-08-09 04:08:26'),('2021-07-19',1607,6,1,2564,'C','3341500771599','2021-08-09 04:08:26'),('2021-07-19',1605,7,1,2564,'C','3341500771599','2021-08-09 04:08:41'),('2021-07-19',1604,8,1,2564,'C','3341500771599','2021-08-09 04:08:05'),('2021-07-19',1578,9,1,2564,'C','3341500771599','2021-08-09 04:08:18'),('2021-07-19',1588,9,1,2564,'C','3341500771599','2021-08-09 04:08:18'),('2021-07-19',1595,9,1,2564,'C','3341500771599','2021-08-09 04:08:18'),('2021-07-19',1614,9,1,2564,'C','3341500771599','2021-08-09 04:08:18'),('2021-07-20',1617,2,1,2564,'C','3341500771599','2021-08-09 04:08:05'),('2021-07-20',1619,3,1,2564,'C','3341500771599','2021-08-09 04:08:18'),('2021-07-20',1610,4,1,2564,'C','3341500771599','2021-08-09 04:08:39'),('2021-07-20',1618,5,1,2564,'C','3341500771599','2021-08-09 04:08:54'),('2021-07-20',1606,6,1,2564,'C','3341500771599','2021-08-09 04:08:07'),('2021-07-20',1607,6,1,2564,'C','3341500771599','2021-08-09 04:08:07'),('2021-07-20',1605,7,1,2564,'C','3341500771599','2021-08-09 04:08:17'),('2021-07-20',1604,8,1,2564,'C','3341500771599','2021-08-09 04:08:36'),('2021-07-20',1578,9,1,2564,'C','3341500771599','2021-08-09 04:08:47'),('2021-07-20',1588,9,1,2564,'C','3341500771599','2021-08-09 04:08:47'),('2021-07-20',1595,9,1,2564,'C','3341500771599','2021-08-09 04:08:47'),('2021-07-20',1614,9,1,2564,'C','3341500771599','2021-08-09 04:08:47'),('2021-07-21',1617,2,1,2564,'C','3341500771599','2021-08-09 04:08:05'),('2021-07-21',1619,3,1,2564,'C','3341500771599','2021-08-09 04:08:16'),('2021-07-21',1610,4,1,2564,'C','3341500771599','2021-08-09 04:08:27'),('2021-07-21',1618,5,1,2564,'C','3341500771599','2021-08-09 04:08:37'),('2021-07-21',1606,6,1,2564,'C','3341500771599','2021-08-09 04:08:51'),('2021-07-21',1607,6,1,2564,'C','3341500771599','2021-08-09 04:08:51'),('2021-07-21',1605,7,1,2564,'C','3341500771599','2021-08-09 04:08:03'),('2021-07-21',1604,8,1,2564,'C','3341500771599','2021-08-09 04:08:13'),('2021-07-21',1578,9,1,2564,'C','3341500771599','2021-08-09 04:08:30'),('2021-07-21',1588,9,1,2564,'C','3341500771599','2021-08-09 04:08:30'),('2021-07-21',1595,9,1,2564,'C','3341500771599','2021-08-09 04:08:30'),('2021-07-21',1614,9,1,2564,'C','3341500771599','2021-08-09 04:08:30'),('2021-07-22',1617,2,1,2564,'C','3341500771599','2021-08-09 04:08:44'),('2021-07-22',1619,3,1,2564,'C','3341500771599','2021-08-09 04:08:58'),('2021-07-22',1610,4,1,2564,'C','3341500771599','2021-08-09 04:08:10'),('2021-07-22',1618,5,1,2564,'C','3341500771599','2021-08-09 04:08:23'),('2021-07-22',1606,6,1,2564,'C','3341500771599','2021-08-09 04:08:34'),('2021-07-22',1607,6,1,2564,'C','3341500771599','2021-08-09 04:08:34'),('2021-07-22',1605,7,1,2564,'C','3341500771599','2021-08-09 04:08:50'),('2021-07-22',1604,8,1,2564,'C','3341500771599','2021-08-09 04:08:03'),('2021-07-22',1578,9,1,2564,'C','3341500771599','2021-08-09 04:08:15'),('2021-07-22',1588,9,1,2564,'C','3341500771599','2021-08-09 04:08:15'),('2021-07-22',1595,9,1,2564,'C','3341500771599','2021-08-09 04:08:15'),('2021-07-22',1614,9,1,2564,'C','3341500771599','2021-08-09 04:08:15'),('2021-07-23',1617,2,1,2564,'C','3341500771599','2021-08-09 04:08:31'),('2021-07-23',1619,3,1,2564,'C','3341500771599','2021-08-09 05:08:02'),('2021-07-23',1610,4,1,2564,'C','3341500771599','2021-08-09 05:08:13'),('2021-07-23',1618,5,1,2564,'C','3341500771599','2021-08-09 05:08:37'),('2021-07-23',1606,6,1,2564,'C','3341500771599','2021-08-09 05:08:49'),('2021-07-23',1607,6,1,2564,'C','3341500771599','2021-08-09 05:08:49'),('2021-07-23',1605,7,1,2564,'C','3341500771599','2021-08-09 05:08:01'),('2021-07-23',1604,8,1,2564,'C','3341500771599','2021-08-09 05:08:13'),('2021-07-23',1578,9,1,2564,'C','3341500771599','2021-08-09 05:08:31'),('2021-07-23',1588,9,1,2564,'C','3341500771599','2021-08-09 05:08:31'),('2021-07-23',1595,9,1,2564,'C','3341500771599','2021-08-09 05:08:31'),('2021-07-23',1614,9,1,2564,'C','3341500771599','2021-08-09 05:08:31'),('2021-07-24',1617,2,1,2564,'C','3341500771599','2021-08-09 05:08:46'),('2021-07-24',1619,3,1,2564,'C','3341500771599','2021-08-09 05:08:57'),('2021-07-24',1610,4,1,2564,'C','3341500771599','2021-08-09 05:08:12'),('2021-07-24',1618,5,1,2564,'C','3341500771599','2021-08-09 05:08:26'),('2021-07-24',1606,6,1,2564,'C','3341500771599','2021-08-09 05:08:53'),('2021-07-24',1607,6,1,2564,'C','3341500771599','2021-08-09 05:08:53'),('2021-07-24',1605,7,1,2564,'C','3341500771599','2021-08-09 05:08:09'),('2021-07-24',1604,8,1,2564,'C','3341500771599','2021-08-09 05:08:20'),('2021-07-24',1578,9,1,2564,'C','3341500771599','2021-08-09 05:08:43'),('2021-07-24',1588,9,1,2564,'C','3341500771599','2021-08-09 05:08:43'),('2021-07-24',1595,9,1,2564,'C','3341500771599','2021-08-09 05:08:43'),('2021-07-24',1614,9,1,2564,'C','3341500771599','2021-08-09 05:08:43'),('2021-07-28',1617,2,1,2564,'C','3341500771599','2021-08-09 05:08:44'),('2021-07-28',1619,3,1,2564,'C','3341500771599','2021-08-09 05:08:55'),('2021-07-28',1610,4,1,2564,'C','3341500771599','2021-08-09 05:08:06'),('2021-07-28',1618,5,1,2564,'C','3341500771599','2021-08-09 05:08:17'),('2021-07-28',1606,6,1,2564,'C','3341500771599','2021-08-09 05:08:27'),('2021-07-28',1607,6,1,2564,'C','3341500771599','2021-08-09 05:08:27'),('2021-07-28',1605,7,1,2564,'C','3341500771599','2021-08-09 05:08:39'),('2021-07-28',1604,8,1,2564,'C','3341500771599','2021-08-09 05:08:51'),('2021-07-28',1578,9,1,2564,'C','3341500771599','2021-08-09 05:08:06'),('2021-07-28',1588,9,1,2564,'C','3341500771599','2021-08-09 05:08:06'),('2021-07-28',1595,9,1,2564,'C','3341500771599','2021-08-09 05:08:06'),('2021-07-28',1614,9,1,2564,'C','3341500771599','2021-08-09 05:08:06'),('2021-07-29',1617,2,1,2564,'C','3341500771599','2021-08-09 05:08:20'),('2021-07-29',1619,3,1,2564,'C','3341500771599','2021-08-09 05:08:31'),('2021-07-29',1610,4,1,2564,'C','3341500771599','2021-08-09 05:08:45'),('2021-07-29',1618,5,1,2564,'C','3341500771599','2021-08-09 05:08:57'),('2021-07-29',1606,6,1,2564,'C','3341500771599','2021-08-09 05:08:09'),('2021-07-29',1607,6,1,2564,'C','3341500771599','2021-08-09 05:08:09'),('2021-07-29',1605,7,1,2564,'C','3341500771599','2021-08-09 05:08:21'),('2021-07-29',1604,8,1,2564,'C','3341500771599','2021-08-09 05:08:35'),('2021-07-29',1578,9,1,2564,'C','3341500771599','2021-08-09 05:08:46'),('2021-07-29',1588,9,1,2564,'C','3341500771599','2021-08-09 05:08:46'),('2021-07-29',1595,9,1,2564,'C','3341500771599','2021-08-09 05:08:46'),('2021-07-29',1614,9,1,2564,'C','3341500771599','2021-08-09 05:08:46'),('2021-07-30',1617,2,1,2564,'C','3341500771599','2021-08-09 05:08:58'),('2021-07-30',1619,3,1,2564,'C','3341500771599','2021-08-09 05:08:10'),('2021-07-30',1610,4,1,2564,'C','3341500771599','2021-08-09 05:08:29'),('2021-07-30',1618,5,1,2564,'C','3341500771599','2021-08-09 05:08:41'),('2021-07-30',1606,6,1,2564,'C','3341500771599','2021-08-09 05:08:52'),('2021-07-30',1607,6,1,2564,'C','3341500771599','2021-08-09 05:08:52'),('2021-07-30',1605,7,1,2564,'C','3341500771599','2021-08-09 05:08:06'),('2021-07-30',1604,8,1,2564,'C','3341500771599','2021-08-09 05:08:17'),('2021-07-30',1578,9,1,2564,'C','3341500771599','2021-08-09 05:08:31'),('2021-07-30',1588,9,1,2564,'C','3341500771599','2021-08-09 05:08:31'),('2021-07-30',1595,9,1,2564,'C','3341500771599','2021-08-09 05:08:31'),('2021-07-30',1614,9,1,2564,'C','3341500771599','2021-08-09 05:08:31'),('2021-07-31',1617,2,1,2564,'C','3341500771599','2021-08-09 05:08:45'),('2021-07-31',1619,3,1,2564,'C','3341500771599','2021-08-09 05:08:54'),('2021-07-31',1610,4,1,2564,'C','3341500771599','2021-08-09 05:08:07'),('2021-07-31',1618,5,1,2564,'C','3341500771599','2021-08-09 05:08:31'),('2021-07-31',1606,6,1,2564,'C','3341500771599','2021-08-09 05:08:44'),('2021-07-31',1607,6,1,2564,'C','3341500771599','2021-08-09 05:08:44'),('2021-07-31',1605,7,1,2564,'C','3341500771599','2021-08-09 05:08:57'),('2021-07-31',1604,8,1,2564,'C','3341500771599','2021-08-09 05:08:08'),('2021-07-31',1578,9,1,2564,'C','3341500771599','2021-08-09 05:08:21'),('2021-07-31',1588,9,1,2564,'C','3341500771599','2021-08-09 05:08:21'),('2021-07-31',1595,9,1,2564,'C','3341500771599','2021-08-09 05:08:21'),('2021-07-31',1614,9,1,2564,'C','3341500771599','2021-08-09 05:08:21'),('2021-08-02',1617,2,1,2564,'C','3341500771599','2021-08-09 05:08:42'),('2021-08-02',1619,3,1,2564,'C','3341500771599','2021-08-09 05:08:52'),('2021-08-09',1610,4,1,2564,'C','3341500771599','2021-08-09 05:08:04'),('2021-08-02',1610,4,1,2564,'C','3341500771599','2021-08-09 05:08:18'),('2021-08-02',1618,5,1,2564,'C','3341500771599','2021-08-09 05:08:30'),('2021-08-09',1606,6,1,2564,'C','3341500771599','2021-08-09 05:08:40'),('2021-08-09',1607,6,1,2564,'C','3341500771599','2021-08-09 05:08:40'),('2021-08-02',1606,6,1,2564,'C','3341500771599','2021-08-09 05:08:51'),('2021-08-02',1607,6,1,2564,'C','3341500771599','2021-08-09 05:08:51'),('2021-08-02',1605,7,1,2564,'C','3341500771599','2021-08-09 05:08:00'),('2021-08-02',1604,8,1,2564,'C','3341500771599','2021-08-09 05:08:11'),('2021-08-02',1578,9,1,2564,'C','3341500771599','2021-08-09 05:08:26'),('2021-08-02',1588,9,1,2564,'C','3341500771599','2021-08-09 05:08:26'),('2021-08-02',1595,9,1,2564,'C','3341500771599','2021-08-09 05:08:26'),('2021-08-02',1614,9,1,2564,'C','3341500771599','2021-08-09 05:08:26'),('2021-08-03',1617,2,1,2564,'C','3341500771599','2021-08-09 05:08:36'),('2021-08-03',1619,3,1,2564,'C','3341500771599','2021-08-09 05:08:45'),('2021-08-03',1610,4,1,2564,'C','3341500771599','2021-08-09 05:08:56'),('2021-08-03',1618,5,1,2564,'C','3341500771599','2021-08-09 05:08:12'),('2021-08-03',1606,6,1,2564,'C','3341500771599','2021-08-09 05:08:52'),('2021-08-03',1607,6,1,2564,'C','3341500771599','2021-08-09 05:08:52'),('2021-08-03',1605,7,1,2564,'C','3341500771599','2021-08-09 05:08:02'),('2021-08-03',1604,8,1,2564,'C','3341500771599','2021-08-09 05:08:14'),('2021-08-03',1578,9,1,2564,'C','3341500771599','2021-08-09 05:08:25'),('2021-08-03',1588,9,1,2564,'C','3341500771599','2021-08-09 05:08:25'),('2021-08-03',1595,9,1,2564,'C','3341500771599','2021-08-09 05:08:25'),('2021-08-03',1614,9,1,2564,'C','3341500771599','2021-08-09 05:08:25'),('2021-08-04',1617,2,1,2564,'C','3341500771599','2021-08-09 05:08:36'),('2021-08-04',1619,3,1,2564,'C','3341500771599','2021-08-09 05:08:47'),('2021-08-04',1610,4,1,2564,'C','3341500771599','2021-08-09 05:08:56'),('2021-08-04',1618,5,1,2564,'C','3341500771599','2021-08-09 05:08:14'),('2021-08-04',1604,8,1,2564,'C','3341500771599','2021-08-09 05:08:24'),('2021-08-04',1578,9,1,2564,'C','3341500771599','2021-08-09 05:08:42'),('2021-08-04',1588,9,1,2564,'C','3341500771599','2021-08-09 05:08:42'),('2021-08-04',1595,9,1,2564,'C','3341500771599','2021-08-09 05:08:42'),('2021-08-04',1614,9,1,2564,'C','3341500771599','2021-08-09 05:08:42'),('2021-08-05',1617,2,1,2564,'C','3341500771599','2021-08-09 05:08:52'),('2021-08-05',1619,3,1,2564,'C','3341500771599','2021-08-09 05:08:00'),('2021-08-05',1610,4,1,2564,'C','3341500771599','2021-08-09 05:08:12'),('2021-08-05',1618,5,1,2564,'C','3341500771599','2021-08-09 05:08:33'),('2021-08-05',1606,6,1,2564,'C','3341500771599','2021-08-09 05:08:47'),('2021-08-05',1607,6,1,2564,'C','3341500771599','2021-08-09 05:08:47'),('2021-08-05',1605,7,1,2564,'C','3341500771599','2021-08-09 05:08:56'),('2021-08-05',1604,8,1,2564,'C','3341500771599','2021-08-09 05:08:05'),('2021-08-05',1578,9,1,2564,'C','3341500771599','2021-08-09 05:08:16'),('2021-08-05',1588,9,1,2564,'C','3341500771599','2021-08-09 05:08:16'),('2021-08-05',1595,9,1,2564,'C','3341500771599','2021-08-09 05:08:16'),('2021-08-05',1614,9,1,2564,'C','3341500771599','2021-08-09 05:08:16'),('2021-08-06',1617,2,1,2564,'C','3341500771599','2021-08-09 05:08:27'),('2021-08-06',1619,3,1,2564,'C','3341500771599','2021-08-09 05:08:35'),('2021-08-06',1610,4,1,2564,'C','3341500771599','2021-08-09 05:08:48'),('2021-08-06',1618,5,1,2564,'C','3341500771599','2021-08-09 05:08:56'),('2021-08-06',1606,6,1,2564,'C','3341500771599','2021-08-09 05:08:05'),('2021-08-06',1607,6,1,2564,'C','3341500771599','2021-08-09 05:08:05'),('2021-08-06',1605,7,1,2564,'C','3341500771599','2021-08-09 05:08:14'),('2021-08-06',1604,8,1,2564,'C','3341500771599','2021-08-09 05:08:27'),('2021-08-06',1578,9,1,2564,'C','3341500771599','2021-08-09 05:08:37'),('2021-08-06',1588,9,1,2564,'C','3341500771599','2021-08-09 05:08:37'),('2021-08-06',1595,9,1,2564,'C','3341500771599','2021-08-09 05:08:37'),('2021-08-06',1614,9,1,2564,'C','3341500771599','2021-08-09 05:08:37'),('2021-08-07',1617,2,1,2564,'C','3341500771599','2021-08-09 05:08:48'),('2021-08-07',1619,3,1,2564,'C','3341500771599','2021-08-09 05:08:56'),('2021-08-07',1610,4,1,2564,'C','3341500771599','2021-08-09 05:08:05'),('2021-08-07',1618,5,1,2564,'C','3341500771599','2021-08-09 05:08:16'),('2021-08-07',1606,6,1,2564,'C','3341500771599','2021-08-09 05:08:25'),('2021-08-07',1607,6,1,2564,'C','3341500771599','2021-08-09 05:08:25'),('2021-08-07',1605,7,1,2564,'C','3341500771599','2021-08-09 05:08:47'),('2021-08-07',1604,8,1,2564,'C','3341500771599','2021-08-09 05:08:57'),('2021-08-07',1578,9,1,2564,'C','3341500771599','2021-08-09 05:08:07'),('2021-08-07',1588,9,1,2564,'C','3341500771599','2021-08-09 05:08:07'),('2021-08-07',1595,9,1,2564,'C','3341500771599','2021-08-09 05:08:07'),('2021-08-07',1614,9,1,2564,'C','3341500771599','2021-08-09 05:08:07'),('2021-08-09',1617,2,1,2564,'C','3341500771599','2021-08-09 05:08:20'),('2021-08-09',1619,3,1,2564,'C','3341500771599','2021-08-09 05:08:28'),('2021-08-09',1618,5,1,2564,'C','3341500771599','2021-08-09 05:08:39'),('2021-08-09',1605,7,1,2564,'C','3341500771599','2021-08-09 05:08:49'),('2021-08-09',1578,9,1,2564,'C','3341500771599','2021-08-09 05:08:57'),('2021-08-09',1588,9,1,2564,'C','3341500771599','2021-08-09 05:08:57'),('2021-08-09',1595,9,1,2564,'C','3341500771599','2021-08-09 05:08:57'),('2021-08-09',1614,9,1,2564,'C','3341500771599','2021-08-09 05:08:57'),('2021-11-01',1617,2,1,2564,'C','3341500771599','2021-11-03 02:11:12'),('2021-11-01',1619,3,1,2564,'C','3341500771599','2021-11-03 02:11:27'),('2021-11-01',1610,4,1,2564,'C','3341500771599','2021-11-03 02:11:39'),('2021-11-01',1618,5,1,2564,'C','3341500771599','2021-11-03 02:11:52'),('2021-11-01',1606,6,1,2564,'C','3341500771599','2021-11-03 02:11:14'),('2021-11-01',1607,6,1,2564,'C','3341500771599','2021-11-03 02:11:14'),('2021-11-01',1605,7,1,2564,'C','3341500771599','2021-11-03 02:11:25'),('2021-11-01',1604,8,1,2564,'C','3341500771599','2021-11-03 02:11:36'),('2021-11-01',1578,9,1,2564,'C','3341500771599','2021-11-03 02:11:51'),('2021-11-01',1588,9,1,2564,'C','3341500771599','2021-11-03 02:11:51'),('2021-11-01',1595,9,1,2564,'C','3341500771599','2021-11-03 02:11:51'),('2021-11-01',1614,9,1,2564,'C','3341500771599','2021-11-03 02:11:51'),('2021-11-02',1617,2,1,2564,'C','3341500771599','2021-11-03 02:11:59'),('2021-11-02',1619,3,1,2564,'C','3341500771599','2021-11-03 02:11:08'),('2021-11-02',1610,4,1,2564,'C','3341500771599','2021-11-03 02:11:16'),('2021-11-02',1618,5,1,2564,'C','3341500771599','2021-11-03 02:11:36'),('2021-11-02',1606,6,1,2564,'C','3341500771599','2021-11-03 02:11:48'),('2021-11-02',1607,6,1,2564,'C','3341500771599','2021-11-03 02:11:48'),('2021-11-02',1605,7,1,2564,'C','3341500771599','2021-11-03 02:11:57'),('2021-11-02',1604,8,1,2564,'C','3341500771599','2021-11-03 02:11:18'),('2021-11-02',1578,9,1,2564,'C','3341500771599','2021-11-03 02:11:47'),('2021-11-02',1588,9,1,2564,'C','3341500771599','2021-11-03 02:11:47'),('2021-11-02',1595,9,1,2564,'C','3341500771599','2021-11-03 02:11:47'),('2021-11-02',1614,9,1,2564,'C','3341500771599','2021-11-03 02:11:47'),('2021-11-03',1617,2,1,2564,'C','3341500771599','2021-11-03 02:11:53'),('2021-11-03',1619,3,1,2564,'C','3341500771599','2021-11-03 02:11:01'),('2021-11-03',1610,4,1,2564,'C','3341500771599','2021-11-03 02:11:09'),('2021-11-03',1618,5,1,2564,'C','3341500771599','2021-11-03 02:11:20'),('2021-11-03',1606,6,1,2564,'C','3341500771599','2021-11-03 02:11:29'),('2021-11-03',1607,6,1,2564,'C','3341500771599','2021-11-03 02:11:29'),('2021-11-03',1605,7,1,2564,'C','3341500771599','2021-11-03 02:11:35'),('2021-11-03',1604,8,1,2564,'C','3341500771599','2021-11-03 02:11:41'),('2021-11-03',1578,9,1,2564,'C','3341500771599','2021-11-03 02:11:56'),('2021-11-03',1588,9,1,2564,'C','3341500771599','2021-11-03 02:11:56'),('2021-11-03',1595,9,1,2564,'C','3341500771599','2021-11-03 02:11:56'),('2021-11-03',1614,9,1,2564,'C','3341500771599','2021-11-03 02:11:56'),('2021-11-04',1617,2,1,2564,'C','3341500771599','2021-11-05 09:11:30'),('2021-11-04',1619,3,1,2564,'C','3341500771599','2021-11-05 09:11:40'),('2021-11-04',1610,4,1,2564,'C','3341500771599','2021-11-05 09:11:50'),('2021-11-04',1618,5,1,2564,'C','3341500771599','2021-11-05 09:11:59'),('2021-11-04',1606,6,1,2564,'C','3341500771599','2021-11-05 09:11:16'),('2021-11-04',1607,6,1,2564,'C','3341500771599','2021-11-05 09:11:16'),('2021-11-04',1605,7,1,2564,'C','3341500771599','2021-11-05 09:11:24'),('2021-11-04',1604,8,1,2564,'C','3341500771599','2021-11-05 09:11:33'),('2021-11-04',1578,9,1,2564,'C','3341500771599','2021-11-05 09:11:54'),('2021-11-04',1588,9,1,2564,'C','3341500771599','2021-11-05 09:11:54'),('2021-11-04',1595,9,1,2564,'C','3341500771599','2021-11-05 09:11:54'),('2021-11-04',1614,9,1,2564,'C','3341500771599','2021-11-05 09:11:54'),('2021-11-05',1617,2,1,2564,'C','3341500771599','2021-11-05 09:11:03'),('2021-11-05',1619,3,1,2564,'C','3341500771599','2021-11-05 09:11:10'),('2021-11-05',1610,4,1,2564,'C','3341500771599','2021-11-05 09:11:18'),('2021-11-05',1618,5,1,2564,'C','3341500771599','2021-11-05 09:11:25'),('2021-11-05',1606,6,1,2564,'C','3341500771599','2021-11-05 09:11:35'),('2021-11-05',1607,6,1,2564,'C','3341500771599','2021-11-05 09:11:35'),('2021-11-05',1605,7,1,2564,'C','3341500771599','2021-11-05 09:11:42'),('2021-11-08',1617,2,1,2564,'C','3341500771599','2021-11-08 01:11:21'),('2021-11-08',1619,3,1,2564,'C','3341500771599','2021-11-08 01:11:28'),('2021-11-08',1610,4,1,2564,'C','3341500771599','2021-11-08 01:11:35'),('2021-11-08',1618,5,1,2564,'C','3341500771599','2021-11-08 01:11:46'),('2021-11-08',1606,6,1,2564,'C','3341500771599','2021-11-08 01:11:55'),('2021-11-08',1607,6,1,2564,'C','3341500771599','2021-11-08 01:11:55'),('2021-11-08',1605,7,1,2564,'C','3341500771599','2021-11-08 01:11:02'),('2021-11-08',1604,8,1,2564,'C','3341500771599','2021-11-08 01:11:14'),('2021-11-08',1578,9,1,2564,'C','3341500771599','2021-11-08 01:11:24'),('2021-11-08',1588,9,1,2564,'C','3341500771599','2021-11-08 01:11:24'),('2021-11-08',1595,9,1,2564,'C','3341500771599','2021-11-08 01:11:24'),('2021-11-08',1614,9,1,2564,'C','3341500771599','2021-11-08 01:11:24'),('2021-11-09',1617,2,1,2564,'C','3341500771599','2021-11-12 10:11:00'),('2021-11-09',1619,3,1,2564,'C','3341500771599','2021-11-12 10:11:15'),('2021-11-09',1610,4,1,2564,'C','3341500771599','2021-11-12 10:11:26'),('2021-11-09',1618,5,1,2564,'C','3341500771599','2021-11-12 10:11:36'),('2021-11-09',1606,6,1,2564,'C','3341500771599','2021-11-12 10:11:47'),('2021-11-09',1607,6,1,2564,'C','3341500771599','2021-11-12 10:11:47'),('2021-11-09',1605,7,1,2564,'C','3341500771599','2021-11-12 10:11:57'),('2021-11-09',1604,8,1,2564,'C','3341500771599','2021-11-12 10:11:08'),('2021-11-09',1578,9,1,2564,'C','3341500771599','2021-11-12 10:11:24'),('2021-11-09',1588,9,1,2564,'C','3341500771599','2021-11-12 10:11:24'),('2021-11-09',1595,9,1,2564,'C','3341500771599','2021-11-12 10:11:24'),('2021-11-09',1614,9,1,2564,'C','3341500771599','2021-11-12 10:11:24'),('2021-11-10',1617,2,1,2564,'C','3341500771599','2021-11-12 10:11:36'),('2021-11-10',1619,3,1,2564,'C','3341500771599','2021-11-12 10:11:46'),('2021-11-11',1610,4,1,2564,'C','3341500771599','2021-11-12 10:11:56'),('2021-11-10',1618,5,1,2564,'C','3341500771599','2021-11-12 10:11:07'),('2021-11-10',1606,6,1,2564,'C','3341500771599','2021-11-12 10:11:25'),('2021-11-10',1607,6,1,2564,'C','3341500771599','2021-11-12 10:11:25'),('2021-11-10',1605,7,1,2564,'C','3341500771599','2021-11-12 10:11:36'),('2021-11-10',1604,8,1,2564,'C','3341500771599','2021-11-12 10:11:53'),('2021-11-10',1578,9,1,2564,'C','3341500771599','2021-11-12 10:11:06'),('2021-11-10',1588,9,1,2564,'C','3341500771599','2021-11-12 10:11:06'),('2021-11-10',1595,9,1,2564,'C','3341500771599','2021-11-12 10:11:06'),('2021-11-10',1614,9,1,2564,'C','3341500771599','2021-11-12 10:11:06'),('2021-11-11',1617,2,1,2564,'C','3341500771599','2021-11-12 10:11:18'),('2021-11-11',1619,3,1,2564,'C','3341500771599','2021-11-12 10:11:29'),('2021-11-11',1618,5,1,2564,'C','3341500771599','2021-11-12 10:11:47'),('2021-11-11',1606,6,1,2564,'C','3341500771599','2021-11-12 10:11:00'),('2021-11-11',1607,6,1,2564,'C','3341500771599','2021-11-12 10:11:00'),('2021-11-11',1605,7,1,2564,'C','3341500771599','2021-11-12 10:11:11'),('2021-11-11',1604,8,1,2564,'C','3341500771599','2021-11-12 10:11:21'),('2021-11-11',1578,9,1,2564,'C','3341500771599','2021-11-12 10:11:34'),('2021-11-11',1588,9,1,2564,'C','3341500771599','2021-11-12 10:11:34'),('2021-11-11',1595,9,1,2564,'C','3341500771599','2021-11-12 10:11:34'),('2021-11-11',1614,9,1,2564,'C','3341500771599','2021-11-12 10:11:34'),('2021-11-12',1617,2,1,2564,'C','3341500771599','2021-11-12 10:11:48'),('2021-11-12',1619,3,1,2564,'C','3341500771599','2021-11-12 10:11:54'),('2021-11-12',1610,4,1,2564,'C','3341500771599','2021-11-12 10:11:59'),('2021-11-12',1618,5,1,2564,'C','3341500771599','2021-11-12 10:11:05'),('2021-11-12',1606,6,1,2564,'C','3341500771599','2021-11-12 10:11:12'),('2021-11-12',1607,6,1,2564,'C','3341500771599','2021-11-12 10:11:12'),('2021-11-12',1605,7,1,2564,'C','3341500771599','2021-11-12 10:11:18'),('2021-11-12',1604,8,1,2564,'C','3341500771599','2021-11-12 10:11:23'),('2021-11-12',1578,9,1,2564,'C','3341500771599','2021-11-12 10:11:30'),('2021-11-12',1588,9,1,2564,'C','3341500771599','2021-11-12 10:11:30'),('2021-11-12',1595,9,1,2564,'C','3341500771599','2021-11-12 10:11:30'),('2021-11-12',1614,9,1,2564,'C','3341500771599','2021-11-12 10:11:30'),('2021-11-15',1617,2,1,2564,'C','3341500771599','2021-11-15 01:11:06'),('2021-11-15',1619,3,1,2564,'C','3341500771599','2021-11-15 01:11:17'),('2021-11-15',1610,4,1,2564,'C','3341500771599','2021-11-15 01:11:24'),('2021-11-15',1618,5,1,2564,'C','3341500771599','2021-11-15 01:11:37'),('2021-11-15',1606,6,1,2564,'C','3341500771599','2021-11-15 01:11:45'),('2021-11-15',1607,6,1,2564,'C','3341500771599','2021-11-15 01:11:45'),('2021-11-15',1605,7,1,2564,'C','3341500771599','2021-11-15 01:11:54'),('2021-11-15',1604,8,1,2564,'C','3341500771599','2021-11-15 01:11:01'),('2021-11-15',1578,9,1,2564,'C','3341500771599','2021-11-15 01:11:13'),('2021-11-15',1588,9,1,2564,'C','3341500771599','2021-11-15 01:11:13'),('2021-11-15',1595,9,1,2564,'C','3341500771599','2021-11-15 01:11:13'),('2021-11-15',1614,9,1,2564,'C','3341500771599','2021-11-15 01:11:13'),('2021-11-16',1617,2,1,2564,'C','3341500771599','2021-11-16 10:11:22'),('2021-11-16',1619,3,1,2564,'C','3341500771599','2021-11-16 10:11:29'),('2021-11-16',1610,4,1,2564,'C','3341500771599','2021-11-16 10:11:37'),('2021-11-16',1618,5,1,2564,'C','3341500771599','2021-11-16 10:11:48'),('2021-11-16',1605,7,1,2564,'C','3341500771599','2021-11-16 10:11:56'),('2021-11-16',1604,8,1,2564,'C','3341500771599','2021-11-16 10:11:10'),('2021-11-16',1578,9,1,2564,'C','3341500771599','2021-11-16 10:11:21'),('2021-11-16',1588,9,1,2564,'C','3341500771599','2021-11-16 10:11:21'),('2021-11-16',1595,9,1,2564,'C','3341500771599','2021-11-16 10:11:21'),('2021-11-16',1614,9,1,2564,'C','3341500771599','2021-11-16 10:11:21'),('2021-11-22',1617,2,1,2564,'C','3341500771599','2021-11-22 09:11:44'),('2021-11-22',1619,3,1,2564,'C','3341500771599','2021-11-22 09:11:07'),('2021-11-22',1610,4,1,2564,'C','3341500771599','2021-11-22 09:11:16'),('2021-11-22',1618,5,1,2564,'C','3341500771599','2021-11-22 09:11:36'),('2021-11-22',1606,6,1,2564,'C','3341500771599','2021-11-22 09:11:51'),('2021-11-22',1607,6,1,2564,'C','3341500771599','2021-11-22 09:11:51'),('2021-11-22',1605,7,1,2564,'C','3341500771599','2021-11-22 09:11:59'),('2021-11-22',1604,8,1,2564,'C','3341500771599','2021-11-22 09:11:09'),('2021-11-22',1578,9,1,2564,'C','3341500771599','2021-11-22 09:11:21'),('2021-11-22',1588,9,1,2564,'C','3341500771599','2021-11-22 09:11:21'),('2021-11-22',1595,9,1,2564,'C','3341500771599','2021-11-22 09:11:21'),('2021-11-22',1614,9,1,2564,'C','3341500771599','2021-11-22 09:11:21'),('2021-11-23',1617,2,1,2564,'C','3341500771599','2021-11-24 08:11:50'),('2021-11-23',1619,3,1,2564,'C','3341500771599','2021-11-24 08:11:00'),('2021-11-23',1610,4,1,2564,'C','3341500771599','2021-11-24 08:11:35'),('2021-11-23',1618,5,1,2564,'C','3341500771599','2021-11-24 08:11:51'),('2021-11-23',1606,6,1,2564,'C','3341500771599','2021-11-24 08:11:09'),('2021-11-23',1607,6,1,2564,'C','3341500771599','2021-11-24 08:11:09'),('2021-11-23',1605,7,1,2564,'C','3341500771599','2021-11-24 08:11:20'),('2021-11-23',1604,8,1,2564,'C','3341500771599','2021-11-24 08:11:30'),('2021-11-23',1578,9,1,2564,'C','3341500771599','2021-11-24 08:11:41'),('2021-11-23',1588,9,1,2564,'C','3341500771599','2021-11-24 08:11:41'),('2021-11-23',1595,9,1,2564,'C','3341500771599','2021-11-24 08:11:41'),('2021-11-23',1614,9,1,2564,'C','3341500771599','2021-11-24 08:11:41'),('2021-11-25',1617,2,1,2564,'C','3341500771599','2021-11-25 02:11:47'),('2021-11-25',1619,3,1,2564,'C','3341500771599','2021-11-25 02:11:55'),('2021-11-25',1610,4,1,2564,'C','3341500771599','2021-11-25 02:11:03'),('2021-11-25',1618,5,1,2564,'C','3341500771599','2021-11-25 02:11:08'),('2021-11-25',1606,6,1,2564,'C','3341500771599','2021-11-25 02:11:21'),('2021-11-25',1607,6,1,2564,'C','3341500771599','2021-11-25 02:11:21'),('2021-11-25',1605,7,1,2564,'C','3341500771599','2021-11-25 02:11:26'),('2021-11-25',1604,8,1,2564,'C','3341500771599','2021-11-25 02:11:32'),('2021-11-25',1578,9,1,2564,'C','3341500771599','2021-11-25 02:11:40'),('2021-11-25',1588,9,1,2564,'C','3341500771599','2021-11-25 02:11:40'),('2021-11-25',1595,9,1,2564,'C','3341500771599','2021-11-25 02:11:40'),('2021-11-25',1614,9,1,2564,'C','3341500771599','2021-11-25 02:11:40'),('2021-11-26',1617,2,1,2564,'C','3341500771599','2021-11-26 11:11:10'),('2021-11-26',1619,3,1,2564,'C','3341500771599','2021-11-26 11:11:16'),('2021-11-26',1610,4,1,2564,'C','3341500771599','2021-11-26 11:11:21'),('2021-11-26',1618,5,1,2564,'C','3341500771599','2021-11-26 11:11:27'),('2021-11-26',1606,6,1,2564,'C','3341500771599','2021-11-26 11:11:33'),('2021-11-26',1607,6,1,2564,'C','3341500771599','2021-11-26 11:11:33'),('2021-11-26',1605,7,1,2564,'C','3341500771599','2021-11-26 11:11:39'),('2021-11-26',1604,8,1,2564,'C','3341500771599','2021-11-26 11:11:44'),('2021-11-26',1578,9,1,2564,'C','3341500771599','2021-11-26 11:11:53'),('2021-11-26',1588,9,1,2564,'C','3341500771599','2021-11-26 11:11:53'),('2021-11-26',1595,9,1,2564,'C','3341500771599','2021-11-26 11:11:53'),('2021-11-26',1614,9,1,2564,'C','3341500771599','2021-11-26 11:11:53'),('2021-11-30',1617,2,1,2564,'C','3341500771599','2021-12-01 09:12:50'),('2021-11-30',1619,3,1,2564,'C','3341500771599','2021-12-01 09:12:03'),('2021-11-30',1610,4,1,2564,'C','3341500771599','2021-12-01 09:12:17'),('2021-12-30',1618,5,1,2564,'C','3341500771599','2021-12-01 09:12:48'),('2021-12-30',1606,6,1,2564,'C','3341500771599','2021-12-01 09:12:01'),('2021-12-30',1607,6,1,2564,'C','3341500771599','2021-12-01 09:12:01'),('2021-11-30',1605,7,1,2564,'C','3341500771599','2021-12-01 09:12:12'),('2021-11-30',1604,8,1,2564,'C','3341500771599','2021-12-01 09:12:23'),('2021-11-30',1578,9,1,2564,'C','3341500771599','2021-12-01 09:12:40'),('2021-11-30',1588,9,1,2564,'C','3341500771599','2021-12-01 09:12:40'),('2021-11-30',1595,9,1,2564,'C','3341500771599','2021-12-01 09:12:40'),('2021-11-30',1614,9,1,2564,'C','3341500771599','2021-12-01 09:12:40'),('2021-12-01',1617,2,1,2564,'C','3341500771599','2021-12-01 11:12:00'),('2021-12-01',1619,3,1,2564,'C','3341500771599','2021-12-01 11:12:08'),('2021-12-01',1610,4,1,2564,'C','3341500771599','2021-12-01 11:12:16'),('2021-12-01',1618,5,1,2564,'C','3341500771599','2021-12-01 11:12:28'),('2021-12-01',1606,6,1,2564,'C','3341500771599','2021-12-01 11:12:38'),('2021-12-01',1607,6,1,2564,'C','3341500771599','2021-12-01 11:12:38'),('2021-12-01',1605,7,1,2564,'C','3341500771599','2021-12-01 11:12:45'),('2021-12-01',1604,8,1,2564,'C','3341500771599','2021-12-01 11:12:55'),('2021-12-01',1578,9,1,2564,'C','3341500771599','2021-12-01 11:12:05'),('2021-12-01',1588,9,1,2564,'C','3341500771599','2021-12-01 11:12:05'),('2021-12-01',1595,9,1,2564,'C','3341500771599','2021-12-01 11:12:05'),('2021-12-01',1614,9,1,2564,'C','3341500771599','2021-12-01 11:12:05'),('2021-12-02',1617,2,1,2564,'C','3341500771599','2021-12-03 08:12:08'),('2021-12-02',1619,3,1,2564,'C','3341500771599','2021-12-03 08:12:18'),('2021-12-02',1610,4,1,2564,'C','3341500771599','2021-12-03 08:12:27'),('2021-12-02',1618,5,1,2564,'C','3341500771599','2021-12-03 08:12:47'),('2021-12-02',1606,6,1,2564,'C','3341500771599','2021-12-03 08:12:58'),('2021-12-02',1607,6,1,2564,'C','3341500771599','2021-12-03 08:12:58'),('2021-12-02',1605,7,1,2564,'C','3341500771599','2021-12-03 08:12:07'),('2021-12-02',1604,8,1,2564,'C','3341500771599','2021-12-03 08:12:16'),('2021-12-02',1578,9,1,2564,'C','3341500771599','2021-12-03 08:12:27'),('2021-12-02',1588,9,1,2564,'C','3341500771599','2021-12-03 08:12:27'),('2021-12-02',1595,9,1,2564,'C','3341500771599','2021-12-03 08:12:27'),('2021-12-02',1614,9,1,2564,'C','3341500771599','2021-12-03 08:12:27'),('2021-12-03',1617,2,1,2564,'C','3341500771599','2021-12-03 12:12:08'),('2021-12-03',1619,3,1,2564,'C','3341500771599','2021-12-03 12:12:16'),('2021-12-03',1610,4,1,2564,'C','3341500771599','2021-12-03 12:12:22'),('2021-12-03',1618,5,1,2564,'C','3341500771599','2021-12-03 12:12:32'),('2021-12-03',1606,6,1,2564,'C','3341500771599','2021-12-03 12:12:38'),('2021-12-03',1607,6,1,2564,'C','3341500771599','2021-12-03 12:12:38'),('2021-12-03',1605,7,1,2564,'C','3341500771599','2021-12-03 12:12:44'),('2021-12-03',1604,8,1,2564,'C','3341500771599','2021-12-03 12:12:49'),('2021-12-03',1578,9,1,2564,'C','3341500771599','2021-12-03 12:12:58'),('2021-12-03',1588,9,1,2564,'C','3341500771599','2021-12-03 12:12:58'),('2021-12-03',1595,9,1,2564,'C','3341500771599','2021-12-03 12:12:58'),('2021-12-03',1614,9,1,2564,'C','3341500771599','2021-12-03 12:12:58'),('2021-12-07',1617,2,1,2564,'C','3341500771599','2021-12-08 08:12:47'),('2021-12-07',1619,3,1,2564,'C','3341500771599','2021-12-08 08:12:02'),('2021-12-07',1610,4,1,2564,'C','3341500771599','2021-12-08 08:12:13'),('2021-12-07',1618,5,1,2564,'C','3341500771599','2021-12-08 08:12:22'),('2021-12-07',1606,6,1,2564,'C','3341500771599','2021-12-08 08:12:47'),('2021-12-07',1607,6,1,2564,'C','3341500771599','2021-12-08 08:12:47'),('2021-12-07',1605,7,1,2564,'C','3341500771599','2021-12-08 08:12:58'),('2021-12-07',1604,8,1,2564,'C','3341500771599','2021-12-08 08:12:08'),('2021-12-07',1578,9,1,2564,'C','3341500771599','2021-12-08 08:12:20'),('2021-12-07',1588,9,1,2564,'C','3341500771599','2021-12-08 08:12:20'),('2021-12-07',1595,9,1,2564,'C','3341500771599','2021-12-08 08:12:20'),('2021-12-07',1614,9,1,2564,'C','3341500771599','2021-12-08 08:12:20'),('2021-12-08',1617,2,1,2564,'C','3341500771599','2021-12-08 02:12:00'),('2021-12-08',1619,3,1,2564,'C','3341500771599','2021-12-08 02:12:06'),('2021-12-08',1610,4,1,2564,'C','3341500771599','2021-12-08 02:12:11'),('2021-12-08',1618,5,1,2564,'C','3341500771599','2021-12-08 02:12:17'),('2021-12-08',1606,6,1,2564,'C','3341500771599','2021-12-08 02:12:23'),('2021-12-08',1607,6,1,2564,'C','3341500771599','2021-12-08 02:12:23'),('2021-12-08',1605,7,1,2564,'C','3341500771599','2021-12-08 02:12:29'),('2021-12-08',1604,8,1,2564,'C','3341500771599','2021-12-08 02:12:35'),('2021-12-08',1578,9,1,2564,'C','3341500771599','2021-12-08 02:12:44'),('2021-12-08',1588,9,1,2564,'C','3341500771599','2021-12-08 02:12:44'),('2021-12-08',1595,9,1,2564,'C','3341500771599','2021-12-08 02:12:44'),('2021-12-08',1614,9,1,2564,'C','3341500771599','2021-12-08 02:12:44'),('2021-12-09',1617,2,1,2564,'C','3341500771599','2021-12-09 02:12:17'),('2021-12-09',1619,3,1,2564,'C','3341500771599','2021-12-09 02:12:22'),('2021-12-09',1610,4,1,2564,'C','3341500771599','2021-12-09 02:12:28'),('2021-12-09',1606,6,1,2564,'C','3341500771599','2021-12-09 02:12:35'),('2021-12-09',1607,6,1,2564,'C','3341500771599','2021-12-09 02:12:35'),('2021-12-09',1605,7,1,2564,'C','3341500771599','2021-12-09 02:12:45'),('2021-12-09',1604,8,1,2564,'C','3341500771599','2021-12-09 02:12:50'),('2021-12-09',1578,9,1,2564,'C','3341500771599','2021-12-09 02:12:59'),('2021-12-09',1588,9,1,2564,'C','3341500771599','2021-12-09 02:12:59'),('2021-12-09',1595,9,1,2564,'C','3341500771599','2021-12-09 02:12:59'),('2021-12-09',1614,9,1,2564,'C','3341500771599','2021-12-09 02:12:59'),('2021-12-13',1617,2,1,2564,'C','3341500771599','2021-12-13 09:12:06'),('2021-12-13',1619,3,1,2564,'C','3341500771599','2021-12-13 09:12:11'),('2021-12-13',1610,4,1,2564,'C','3341500771599','2021-12-13 09:12:15'),('2021-12-13',1618,5,1,2564,'C','3341500771599','2021-12-13 09:12:26'),('2021-12-13',1606,6,1,2564,'C','3341500771599','2021-12-13 09:12:31'),('2021-12-13',1607,6,1,2564,'C','3341500771599','2021-12-13 09:12:31'),('2021-12-13',1605,7,1,2564,'C','3341500771599','2021-12-13 09:12:36'),('2021-12-13',1604,8,1,2564,'C','3341500771599','2021-12-13 09:12:42'),('2021-12-13',1578,9,1,2564,'C','3341500771599','2021-12-13 09:12:51'),('2021-12-13',1588,9,1,2564,'C','3341500771599','2021-12-13 09:12:51'),('2021-12-13',1595,9,1,2564,'C','3341500771599','2021-12-13 09:12:51'),('2021-12-13',1614,9,1,2564,'C','3341500771599','2021-12-13 09:12:51'),('2021-12-14',1617,2,1,2564,'C','3341500771599','2021-12-14 01:12:41'),('2021-12-14',1619,3,1,2564,'C','3341500771599','2021-12-14 01:12:48'),('2021-12-14',1610,4,1,2564,'C','3341500771599','2021-12-14 01:12:56'),('2021-12-14',1618,5,1,2564,'C','3341500771599','2021-12-14 01:12:05'),('2021-12-14',1606,6,1,2564,'C','3341500771599','2021-12-14 01:12:13'),('2021-12-14',1607,6,1,2564,'C','3341500771599','2021-12-14 01:12:13'),('2021-12-14',1605,7,1,2564,'C','3341500771599','2021-12-14 01:12:20'),('2021-12-14',1604,8,1,2564,'C','3341500771599','2021-12-14 01:12:33'),('2021-12-14',1578,9,1,2564,'C','3341500771599','2021-12-14 01:12:44'),('2021-12-14',1588,9,1,2564,'C','3341500771599','2021-12-14 01:12:44'),('2021-12-14',1595,9,1,2564,'C','3341500771599','2021-12-14 01:12:44'),('2021-12-14',1614,9,1,2564,'C','3341500771599','2021-12-14 01:12:44'),('2021-12-16',1617,2,1,2564,'C','3341500771599','2021-12-16 10:12:12'),('2021-12-16',1619,3,1,2564,'C','3341500771599','2021-12-16 10:12:17'),('2021-12-16',1610,4,1,2564,'C','3341500771599','2021-12-16 10:12:24'),('2021-12-16',1618,5,1,2564,'C','3341500771599','2021-12-16 10:12:31'),('2021-12-16',1606,6,1,2564,'C','3341500771599','2021-12-16 10:12:38'),('2021-12-16',1607,6,1,2564,'C','3341500771599','2021-12-16 10:12:38'),('2021-12-16',1605,7,1,2564,'C','3341500771599','2021-12-16 10:12:47'),('2021-12-16',1604,8,1,2564,'C','3341500771599','2021-12-16 10:12:52'),('2021-12-16',1578,9,1,2564,'C','3341500771599','2021-12-16 10:12:09'),('2021-12-16',1588,9,1,2564,'C','3341500771599','2021-12-16 10:12:09'),('2021-12-16',1595,9,1,2564,'C','3341500771599','2021-12-16 10:12:09'),('2021-12-16',1614,9,1,2564,'C','3341500771599','2021-12-16 10:12:09'),('2021-12-17',1617,2,1,2564,'C','3341500771599','2021-12-17 10:12:46'),('2021-12-17',1619,3,1,2564,'C','3341500771599','2021-12-17 10:12:51'),('2021-12-17',1610,4,1,2564,'C','3341500771599','2021-12-17 10:12:57'),('2021-12-17',1606,6,1,2564,'C','3341500771599','2021-12-17 10:12:03'),('2021-12-17',1607,6,1,2564,'C','3341500771599','2021-12-17 10:12:03'),('2021-12-17',1605,7,1,2564,'C','3341500771599','2021-12-17 10:12:13'),('2021-12-17',1604,8,1,2564,'C','3341500771599','2021-12-17 10:12:18'),('2021-12-17',1578,9,1,2564,'C','3341500771599','2021-12-17 10:12:30'),('2021-12-17',1588,9,1,2564,'C','3341500771599','2021-12-17 10:12:30'),('2021-12-17',1595,9,1,2564,'C','3341500771599','2021-12-17 10:12:30'),('2021-12-17',1614,9,1,2564,'C','3341500771599','2021-12-17 10:12:30'),('2021-12-20',1617,2,1,2564,'C','3341500771599','2021-12-20 02:12:06'),('2021-12-20',1619,3,1,2564,'C','3341500771599','2021-12-20 02:12:12'),('2021-12-20',1610,4,1,2564,'C','3341500771599','2021-12-20 02:12:20'),('2021-12-20',1618,5,1,2564,'C','3341500771599','2021-12-20 02:12:31'),('2021-12-20',1606,6,1,2564,'C','3341500771599','2021-12-20 02:12:40'),('2021-12-20',1607,6,1,2564,'C','3341500771599','2021-12-20 02:12:40'),('2021-12-20',1605,7,1,2564,'C','3341500771599','2021-12-20 02:12:47'),('2021-12-20',1604,8,1,2564,'C','3341500771599','2021-12-20 02:12:06'),('2021-12-20',1578,9,1,2564,'C','3341500771599','2021-12-20 02:12:22'),('2021-12-20',1588,9,1,2564,'C','3341500771599','2021-12-20 02:12:22'),('2021-12-20',1595,9,1,2564,'C','3341500771599','2021-12-20 02:12:22'),('2021-12-20',1614,9,1,2564,'C','3341500771599','2021-12-20 02:12:22'),('2021-12-21',1617,2,1,2564,'C','3341500771599','2021-12-21 01:12:01'),('2021-12-21',1619,3,1,2564,'C','3341500771599','2021-12-21 01:12:06'),('2021-12-21',1610,4,1,2564,'C','3341500771599','2021-12-21 01:12:11'),('2021-12-21',1618,5,1,2564,'C','3341500771599','2021-12-21 01:12:17'),('2021-12-21',1606,6,1,2564,'C','3341500771599','2021-12-21 01:12:24'),('2021-12-21',1607,6,1,2564,'C','3341500771599','2021-12-21 01:12:24'),('2021-12-21',1605,7,1,2564,'C','3341500771599','2021-12-21 01:12:30'),('2021-12-21',1604,8,1,2564,'C','3341500771599','2021-12-21 01:12:36'),('2021-12-21',1578,9,1,2564,'C','3341500771599','2021-12-21 01:12:45'),('2021-12-21',1588,9,1,2564,'C','3341500771599','2021-12-21 01:12:45'),('2021-12-21',1595,9,1,2564,'C','3341500771599','2021-12-21 01:12:45'),('2021-12-21',1614,9,1,2564,'C','3341500771599','2021-12-21 01:12:45'),('2021-12-27',1617,2,1,2564,'C','3341500771599','2021-12-27 02:12:12'),('2021-12-27',1619,3,1,2564,'C','3341500771599','2021-12-27 02:12:19'),('2021-12-27',1610,4,1,2564,'C','3341500771599','2021-12-27 02:12:25'),('2021-12-27',1606,6,1,2564,'C','3341500771599','2021-12-27 02:12:32'),('2021-12-27',1607,6,1,2564,'C','3341500771599','2021-12-27 02:12:32'),('2021-12-27',1605,7,1,2564,'C','3341500771599','2021-12-27 02:12:41'),('2021-12-27',1604,8,1,2564,'C','3341500771599','2021-12-27 02:12:52'),('2021-12-27',1578,9,1,2564,'C','3341500771599','2021-12-27 02:12:03'),('2021-12-27',1588,9,1,2564,'C','3341500771599','2021-12-27 02:12:03'),('2021-12-27',1595,9,1,2564,'C','3341500771599','2021-12-27 02:12:03'),('2021-12-27',1614,9,1,2564,'C','3341500771599','2021-12-27 02:12:03'),('2021-12-28',1617,2,1,2564,'C','3341500771599','2021-12-28 01:12:47'),('2021-12-28',1619,3,1,2564,'C','3341500771599','2021-12-28 01:12:52'),('2021-12-28',1610,4,1,2564,'C','3341500771599','2021-12-28 01:12:58'),('2021-12-28',1618,5,1,2564,'C','3341500771599','2021-12-28 01:12:05'),('2021-12-28',1606,6,1,2564,'C','3341500771599','2021-12-28 01:12:11'),('2021-12-28',1607,6,1,2564,'C','3341500771599','2021-12-28 01:12:11'),('2021-12-28',1605,7,1,2564,'C','3341500771599','2021-12-28 01:12:17'),('2021-12-28',1604,8,1,2564,'C','3341500771599','2021-12-28 01:12:36'),('2021-12-28',1578,9,1,2564,'C','3341500771599','2021-12-28 01:12:44'),('2021-12-28',1588,9,1,2564,'C','3341500771599','2021-12-28 01:12:44'),('2021-12-28',1595,9,1,2564,'C','3341500771599','2021-12-28 01:12:44'),('2021-12-28',1614,9,1,2564,'C','3341500771599','2021-12-28 01:12:44'),('2021-12-29',1617,2,1,2564,'C','3341500771599','2021-12-29 10:12:29'),('2021-12-29',1619,3,1,2564,'C','3341500771599','2021-12-29 10:12:35'),('2021-12-29',1610,4,1,2564,'C','3341500771599','2021-12-29 10:12:41'),('2021-12-29',1618,5,1,2564,'C','3341500771599','2021-12-29 10:12:01'),('2021-12-29',1606,6,1,2564,'C','3341500771599','2021-12-29 10:12:09'),('2021-12-29',1607,6,1,2564,'C','3341500771599','2021-12-29 10:12:09'),('2021-12-29',1605,7,1,2564,'C','3341500771599','2021-12-29 10:12:15'),('2021-12-29',1604,8,1,2564,'C','3341500771599','2021-12-29 10:12:21'),('2021-12-29',1578,9,1,2564,'C','3341500771599','2021-12-29 10:12:29'),('2021-12-29',1588,9,1,2564,'C','3341500771599','2021-12-29 10:12:29'),('2021-12-29',1595,9,1,2564,'C','3341500771599','2021-12-29 10:12:29'),('2021-12-29',1614,9,1,2564,'C','3341500771599','2021-12-29 10:12:29'),('2022-01-04',1617,2,1,2564,'C','3341500771599','2022-01-04 10:01:31'),('2022-01-04',1619,3,1,2564,'C','3341500771599','2022-01-04 10:01:36'),('2022-01-04',1610,4,1,2564,'C','3341500771599','2022-01-04 10:01:43'),('2022-01-04',1618,5,1,2564,'C','3341500771599','2022-01-04 10:01:49'),('2022-01-04',1606,6,1,2564,'C','3341500771599','2022-01-04 10:01:56'),('2022-01-04',1607,6,1,2564,'C','3341500771599','2022-01-04 10:01:56'),('2022-01-04',1605,7,1,2564,'C','3341500771599','2022-01-04 10:01:01'),('2022-01-04',1604,8,1,2564,'C','3341500771599','2022-01-04 10:01:06'),('2022-01-04',1578,9,1,2564,'C','3341500771599','2022-01-04 10:01:14'),('2022-01-04',1588,9,1,2564,'C','3341500771599','2022-01-04 10:01:14'),('2022-01-04',1595,9,1,2564,'C','3341500771599','2022-01-04 10:01:14'),('2022-01-04',1614,9,1,2564,'C','3341500771599','2022-01-04 10:01:14'),('2022-01-05',1617,2,1,2564,'C','3341500771599','2022-01-05 11:01:47'),('2022-01-05',1619,3,1,2564,'C','3341500771599','2022-01-05 11:01:55'),('2022-01-05',1610,4,1,2564,'C','3341500771599','2022-01-05 11:01:01'),('2022-01-05',1618,5,1,2564,'C','3341500771599','2022-01-05 11:01:07'),('2022-01-05',1606,6,1,2564,'C','3341500771599','2022-01-05 11:01:14'),('2022-01-05',1607,6,1,2564,'C','3341500771599','2022-01-05 11:01:14'),('2022-01-05',1605,7,1,2564,'C','3341500771599','2022-01-05 11:01:19'),('2022-01-05',1604,8,1,2564,'C','3341500771599','2022-01-05 11:01:28'),('2022-01-05',1578,9,1,2564,'C','3341500771599','2022-01-05 11:01:35'),('2022-01-05',1588,9,1,2564,'C','3341500771599','2022-01-05 11:01:35'),('2022-01-05',1595,9,1,2564,'C','3341500771599','2022-01-05 11:01:35'),('2022-01-05',1614,9,1,2564,'C','3341500771599','2022-01-05 11:01:35'),('2022-01-07',1617,2,1,2564,'C','3341500771599','2022-01-07 10:01:14'),('2022-01-07',1619,3,1,2564,'C','3341500771599','2022-01-07 10:01:20'),('2022-01-07',1610,4,1,2564,'C','3341500771599','2022-01-07 10:01:26'),('2022-01-07',1618,5,1,2564,'C','3341500771599','2022-01-07 10:01:38'),('2022-01-07',1606,6,1,2564,'C','3341500771599','2022-01-07 10:01:45'),('2022-01-07',1607,6,1,2564,'C','3341500771599','2022-01-07 10:01:45'),('2022-01-07',1605,7,1,2564,'C','3341500771599','2022-01-07 10:01:54'),('2022-01-07',1604,8,1,2564,'C','3341500771599','2022-01-07 10:01:00'),('2022-01-07',1578,9,1,2564,'C','3341500771599','2022-01-07 10:01:09'),('2022-01-07',1588,9,1,2564,'C','3341500771599','2022-01-07 10:01:09'),('2022-01-07',1595,9,1,2564,'C','3341500771599','2022-01-07 10:01:09'),('2022-01-07',1614,9,1,2564,'C','3341500771599','2022-01-07 10:01:09'),('2022-01-10',1617,2,1,2564,'C','3341500771599','2022-01-10 11:01:36'),('2022-01-10',1619,3,1,2564,'C','3341500771599','2022-01-10 11:01:40'),('2022-01-10',1610,4,1,2564,'C','3341500771599','2022-01-10 11:01:46'),('2022-01-10',1618,5,1,2564,'C','3341500771599','2022-01-10 11:01:52'),('2022-01-10',1606,6,1,2564,'C','3341500771599','2022-01-10 11:01:59'),('2022-01-10',1607,6,1,2564,'C','3341500771599','2022-01-10 11:01:59'),('2022-01-10',1605,7,1,2564,'C','3341500771599','2022-01-10 11:01:05'),('2022-01-10',1604,8,1,2564,'C','3341500771599','2022-01-10 11:01:26'),('2022-01-10',1578,9,1,2564,'C','3341500771599','2022-01-10 11:01:35'),('2022-01-10',1588,9,1,2564,'C','3341500771599','2022-01-10 11:01:35'),('2022-01-10',1595,9,1,2564,'C','3341500771599','2022-01-10 11:01:35'),('2022-01-10',1614,9,1,2564,'C','3341500771599','2022-01-10 11:01:35'),('2022-01-11',1617,2,1,2564,'C','3341500771599','2022-01-12 08:01:59'),('2022-01-11',1619,3,1,2564,'C','3341500771599','2022-01-12 08:01:16'),('2022-01-11',1610,4,1,2564,'C','3341500771599','2022-01-12 08:01:26'),('2022-01-11',1606,6,1,2564,'C','3341500771599','2022-01-12 08:01:36'),('2022-01-11',1607,6,1,2564,'C','3341500771599','2022-01-12 08:01:36'),('2022-01-11',1605,7,1,2564,'C','3341500771599','2022-01-12 08:01:46'),('2022-01-11',1604,8,1,2564,'C','3341500771599','2022-01-12 08:01:56'),('2022-01-11',1578,9,1,2564,'C','3341500771599','2022-01-12 08:01:10'),('2022-01-11',1588,9,1,2564,'C','3341500771599','2022-01-12 08:01:10'),('2022-01-11',1595,9,1,2564,'C','3341500771599','2022-01-12 08:01:10'),('2022-01-11',1614,9,1,2564,'C','3341500771599','2022-01-12 08:01:10'),('2022-01-12',1617,2,1,2564,'C','3341500771599','2022-01-12 09:01:23'),('2022-01-12',1619,3,1,2564,'C','3341500771599','2022-01-12 09:01:31'),('2022-01-12',1610,4,1,2564,'C','3341500771599','2022-01-12 09:01:36'),('2022-01-12',1618,5,1,2564,'C','3341500771599','2022-01-12 09:01:40'),('2022-01-12',1606,6,1,2564,'C','3341500771599','2022-01-12 09:01:46'),('2022-01-12',1607,6,1,2564,'C','3341500771599','2022-01-12 09:01:46'),('2022-01-12',1605,7,1,2564,'C','3341500771599','2022-01-12 09:01:56'),('2022-01-12',1604,8,1,2564,'C','3341500771599','2022-01-12 09:01:01'),('2022-01-12',1578,9,1,2564,'C','3341500771599','2022-01-12 09:01:07'),('2022-01-12',1588,9,1,2564,'C','3341500771599','2022-01-12 09:01:07'),('2022-01-12',1595,9,1,2564,'C','3341500771599','2022-01-12 09:01:07'),('2022-01-12',1614,9,1,2564,'C','3341500771599','2022-01-12 09:01:07'),('2022-01-13',1617,2,1,2564,'C','3341500771599','2022-01-14 08:01:50'),('2022-01-13',1619,3,1,2564,'C','3341500771599','2022-01-14 08:01:29'),('2022-01-13',1610,4,1,2564,'C','3341500771599','2022-01-14 08:01:41'),('2022-01-13',1618,5,1,2564,'C','3341500771599','2022-01-14 08:01:12'),('2022-01-13',1606,6,1,2564,'C','3341500771599','2022-01-14 08:01:24'),('2022-01-13',1607,6,1,2564,'C','3341500771599','2022-01-14 08:01:24'),('2022-01-13',1605,7,1,2564,'C','3341500771599','2022-01-14 08:01:34'),('2022-01-13',1604,8,1,2564,'C','3341500771599','2022-01-14 08:01:46'),('2022-01-13',1578,9,1,2564,'C','3341500771599','2022-01-14 08:01:58'),('2022-01-13',1588,9,1,2564,'C','3341500771599','2022-01-14 08:01:58'),('2022-01-13',1595,9,1,2564,'C','3341500771599','2022-01-14 08:01:58'),('2022-01-13',1614,9,1,2564,'C','3341500771599','2022-01-14 08:01:58'),('2022-01-14',1617,2,1,2564,'C','3341500771599','2022-01-14 08:01:08'),('2022-01-14',1619,3,1,2564,'C','3341500771599','2022-01-14 08:01:13'),('2022-01-14',1610,4,1,2564,'C','3341500771599','2022-01-14 08:01:20'),('2022-01-14',1618,5,1,2564,'C','3341500771599','2022-01-14 08:01:29'),('2022-01-14',1606,6,1,2564,'C','3341500771599','2022-01-14 08:01:42'),('2022-01-14',1607,6,1,2564,'C','3341500771599','2022-01-14 08:01:42'),('2022-01-14',1605,7,1,2564,'C','3341500771599','2022-01-14 08:01:49'),('2022-01-14',1604,8,1,2564,'C','3341500771599','2022-01-14 08:01:54'),('2022-01-14',1578,9,1,2564,'C','3341500771599','2022-01-14 08:01:03'),('2022-01-14',1588,9,1,2564,'C','3341500771599','2022-01-14 08:01:03'),('2022-01-14',1595,9,1,2564,'C','3341500771599','2022-01-14 08:01:03'),('2022-01-14',1614,9,1,2564,'C','3341500771599','2022-01-14 08:01:03'),('2022-01-18',1617,2,1,2564,'C','3341500771599','2022-01-18 10:01:32'),('2022-01-18',1619,3,1,2564,'C','3341500771599','2022-01-18 10:01:38'),('2022-01-18',1610,4,1,2564,'C','3341500771599','2022-01-18 10:01:44'),('2022-01-18',1618,5,1,2564,'C','3341500771599','2022-01-18 10:01:56'),('2022-01-18',1606,6,1,2564,'C','3341500771599','2022-01-18 10:01:02'),('2022-01-18',1607,6,1,2564,'C','3341500771599','2022-01-18 10:01:02'),('2022-01-18',1605,7,1,2564,'C','3341500771599','2022-01-18 10:01:08'),('2022-01-18',1604,8,1,2564,'C','3341500771599','2022-01-18 10:01:14'),('2022-01-18',1578,9,1,2564,'C','3341500771599','2022-01-18 10:01:22'),('2022-01-18',1588,9,1,2564,'C','3341500771599','2022-01-18 10:01:22'),('2022-01-18',1595,9,1,2564,'C','3341500771599','2022-01-18 10:01:22'),('2022-01-18',1614,9,1,2564,'C','3341500771599','2022-01-18 10:01:22'),('2022-01-19',1617,2,1,2564,'C','3341500771599','2022-01-19 10:01:24'),('2022-01-19',1619,3,1,2564,'C','3341500771599','2022-01-19 10:01:29'),('2022-01-19',1610,4,1,2564,'C','3341500771599','2022-01-19 10:01:34'),('2022-01-19',1618,5,1,2564,'C','3341500771599','2022-01-19 10:01:45'),('2022-01-19',1606,6,1,2564,'C','3341500771599','2022-01-19 10:01:54'),('2022-01-19',1607,6,1,2564,'C','3341500771599','2022-01-19 10:01:54'),('2022-01-19',1605,7,1,2564,'C','3341500771599','2022-01-19 10:01:00'),('2022-01-19',1604,8,1,2564,'C','3341500771599','2022-01-19 10:01:09'),('2022-01-19',1578,9,1,2564,'C','3341500771599','2022-01-19 10:01:16'),('2022-01-19',1588,9,1,2564,'C','3341500771599','2022-01-19 10:01:16'),('2022-01-19',1595,9,1,2564,'C','3341500771599','2022-01-19 10:01:16'),('2022-01-19',1614,9,1,2564,'C','3341500771599','2022-01-19 10:01:16'),('2022-01-20',1617,2,1,2564,'C','3341500771599','2022-01-24 08:01:29'),('2022-01-20',1619,3,1,2564,'C','3341500771599','2022-01-24 08:01:41'),('2022-01-20',1610,4,1,2564,'C','3341500771599','2022-01-24 08:01:52'),('2022-01-20',1618,5,1,2564,'C','3341500771599','2022-01-24 08:01:13'),('2022-01-20',1606,6,1,2564,'C','3341500771599','2022-01-24 08:01:31'),('2022-01-20',1607,6,1,2564,'C','3341500771599','2022-01-24 08:01:31'),('2022-01-20',1605,7,1,2564,'C','3341500771599','2022-01-24 08:01:44'),('2022-01-20',1604,8,1,2564,'C','3341500771599','2022-01-24 08:01:58'),('2022-01-20',1615,8,1,2564,'C','3341500771599','2022-01-24 08:01:58'),('2022-01-20',1578,9,1,2564,'C','3341500771599','2022-01-24 08:01:09'),('2022-01-20',1588,9,1,2564,'C','3341500771599','2022-01-24 08:01:09'),('2022-01-20',1595,9,1,2564,'C','3341500771599','2022-01-24 08:01:09'),('2022-01-20',1614,9,1,2564,'C','3341500771599','2022-01-24 08:01:09'),('2022-01-21',1617,2,1,2564,'C','3341500771599','2022-01-24 08:01:20'),('2022-01-21',1619,3,1,2564,'C','3341500771599','2022-01-24 08:01:29'),('2022-01-21',1610,4,1,2564,'C','3341500771599','2022-01-24 08:01:39'),('2022-01-21',1618,5,1,2564,'C','3341500771599','2022-01-24 08:01:49'),('2022-01-21',1606,6,1,2564,'C','3341500771599','2022-01-24 08:01:07'),('2022-01-21',1607,6,1,2564,'C','3341500771599','2022-01-24 08:01:07'),('2022-01-21',1605,7,1,2564,'C','3341500771599','2022-01-24 08:01:19'),('2022-01-21',1604,8,1,2564,'C','3341500771599','2022-01-24 08:01:33'),('2022-01-21',1615,8,1,2564,'C','3341500771599','2022-01-24 08:01:33'),('2022-01-21',1578,9,1,2564,'C','3341500771599','2022-01-24 08:01:45'),('2022-01-21',1588,9,1,2564,'C','3341500771599','2022-01-24 08:01:45'),('2022-01-21',1595,9,1,2564,'C','3341500771599','2022-01-24 08:01:45'),('2022-01-21',1614,9,1,2564,'C','3341500771599','2022-01-24 08:01:45'),('2022-01-24',1617,2,1,2564,'C','3341500771599','2022-01-24 08:01:53'),('2022-01-24',1619,3,1,2564,'C','3341500771599','2022-01-24 08:01:58'),('2022-01-24',1610,4,1,2564,'C','3341500771599','2022-01-24 08:01:04'),('2022-01-24',1618,5,1,2564,'C','3341500771599','2022-01-24 08:01:14'),('2022-01-24',1606,6,1,2564,'C','3341500771599','2022-01-24 08:01:23'),('2022-01-24',1607,6,1,2564,'C','3341500771599','2022-01-24 08:01:23'),('2022-01-24',1605,7,1,2564,'C','3341500771599','2022-01-24 08:01:29'),('2022-01-24',1604,8,1,2564,'C','3341500771599','2022-01-24 08:01:39'),('2022-01-24',1615,8,1,2564,'C','3341500771599','2022-01-24 08:01:39'),('2022-01-24',1578,9,1,2564,'C','3341500771599','2022-01-24 08:01:47'),('2022-01-24',1588,9,1,2564,'C','3341500771599','2022-01-24 08:01:47'),('2022-01-24',1595,9,1,2564,'C','3341500771599','2022-01-24 08:01:47'),('2022-01-24',1614,9,1,2564,'C','3341500771599','2022-01-24 08:01:47'),('2022-01-25',1617,2,1,2564,'C','3341500771599','2022-01-26 01:01:39'),('2022-01-25',1619,3,1,2564,'C','3341500771599','2022-01-26 01:01:50'),('2022-01-25',1610,4,1,2564,'C','3341500771599','2022-01-26 01:01:00'),('2022-01-25',1618,5,1,2564,'C','3341500771599','2022-01-26 01:01:10'),('2022-01-25',1606,6,1,2564,'C','3341500771599','2022-01-26 01:01:20'),('2022-01-25',1607,6,1,2564,'C','3341500771599','2022-01-26 01:01:20'),('2022-01-25',1605,7,1,2564,'C','3341500771599','2022-01-26 01:01:28'),('2022-01-25',1604,8,1,2564,'C','3341500771599','2022-01-26 01:01:40'),('2022-01-25',1615,8,1,2564,'C','3341500771599','2022-01-26 01:01:40'),('2022-01-25',1578,9,1,2564,'C','3341500771599','2022-01-26 01:01:53'),('2022-01-25',1588,9,1,2564,'C','3341500771599','2022-01-26 01:01:53'),('2022-01-25',1595,9,1,2564,'C','3341500771599','2022-01-26 01:01:53'),('2022-01-25',1614,9,1,2564,'C','3341500771599','2022-01-26 01:01:53'),('2022-01-26',1617,2,1,2564,'C','3341500771599','2022-01-26 01:01:56'),('2022-01-26',1619,3,1,2564,'C','3341500771599','2022-01-26 01:01:01'),('2022-01-26',1610,4,1,2564,'C','3341500771599','2022-01-26 01:01:06'),('2022-01-26',1618,5,1,2564,'C','3341500771599','2022-01-26 01:01:11'),('2022-01-26',1605,7,1,2564,'C','3341500771599','2022-01-26 01:01:41'),('2022-01-26',1604,8,1,2564,'C','3341500771599','2022-01-26 01:01:55'),('2022-01-26',1615,8,1,2564,'C','3341500771599','2022-01-26 01:01:55'),('2022-01-26',1578,9,1,2564,'C','3341500771599','2022-01-26 01:01:33'),('2022-01-26',1588,9,1,2564,'C','3341500771599','2022-01-26 01:01:33'),('2022-01-26',1595,9,1,2564,'C','3341500771599','2022-01-26 01:01:33'),('2022-01-26',1614,9,1,2564,'C','3341500771599','2022-01-26 01:01:33'),('2022-01-27',1617,2,1,2564,'C','3341500771599','2022-01-27 02:01:34'),('2022-01-27',1619,3,1,2564,'C','3341500771599','2022-01-27 02:01:39'),('2022-01-27',1610,4,1,2564,'C','3341500771599','2022-01-27 02:01:45'),('2022-01-27',1618,5,1,2564,'C','3341500771599','2022-01-27 02:01:51'),('2022-01-27',1606,6,1,2564,'C','3341500771599','2022-01-27 02:01:58'),('2022-01-27',1607,6,1,2564,'C','3341500771599','2022-01-27 02:01:58'),('2022-01-27',1605,7,1,2564,'C','3341500771599','2022-01-27 02:01:07'),('2022-01-27',1604,8,1,2564,'C','3341500771599','2022-01-27 02:01:12'),('2022-01-27',1615,8,1,2564,'C','3341500771599','2022-01-27 02:01:12'),('2022-01-27',1578,9,1,2564,'C','3341500771599','2022-01-27 02:01:19'),('2022-01-27',1588,9,1,2564,'C','3341500771599','2022-01-27 02:01:19'),('2022-01-27',1595,9,1,2564,'C','3341500771599','2022-01-27 02:01:19'),('2022-01-27',1614,9,1,2564,'C','3341500771599','2022-01-27 02:01:19'),('2022-01-28',1617,2,1,2564,'C','3341500771599','2022-01-28 07:01:51'),('2022-01-28',1619,3,1,2564,'C','3341500771599','2022-01-28 07:01:56'),('2022-01-28',1610,4,1,2564,'C','3341500771599','2022-01-28 07:01:01'),('2022-01-28',1618,5,1,2564,'C','3341500771599','2022-01-28 07:01:07'),('2022-01-28',1606,6,1,2564,'C','3341500771599','2022-01-28 07:01:25'),('2022-01-28',1607,6,1,2564,'C','3341500771599','2022-01-28 07:01:25'),('2022-01-28',1605,7,1,2564,'C','3341500771599','2022-01-28 07:01:32'),('2022-01-28',1604,8,1,2564,'C','3341500771599','2022-01-28 07:01:40'),('2022-01-28',1615,8,1,2564,'C','3341500771599','2022-01-28 07:01:40'),('2022-01-28',1578,9,1,2564,'C','3341500771599','2022-01-28 07:01:49'),('2022-01-28',1588,9,1,2564,'C','3341500771599','2022-01-28 07:01:49'),('2022-01-28',1595,9,1,2564,'C','3341500771599','2022-01-28 07:01:49'),('2022-01-28',1614,9,1,2564,'C','3341500771599','2022-01-28 07:01:49'),('2022-01-31',1617,2,1,2564,'C','3341500771599','2022-01-31 09:01:36'),('2022-01-31',1619,3,1,2564,'C','3341500771599','2022-01-31 09:01:41'),('2022-01-31',1610,4,1,2564,'C','3341500771599','2022-01-31 09:01:47'),('2022-01-31',1618,5,1,2564,'C','3341500771599','2022-01-31 09:01:57'),('2022-01-31',1606,6,1,2564,'C','3341500771599','2022-01-31 09:01:03'),('2022-01-31',1607,6,1,2564,'C','3341500771599','2022-01-31 09:01:03'),('2022-01-31',1605,7,1,2564,'C','3341500771599','2022-01-31 09:01:08'),('2022-01-31',1604,8,1,2564,'C','3341500771599','2022-01-31 09:01:15'),('2022-01-31',1615,8,1,2564,'C','3341500771599','2022-01-31 09:01:15'),('2022-01-31',1578,9,1,2564,'C','3341500771599','2022-01-31 09:01:28'),('2022-01-31',1588,9,1,2564,'C','3341500771599','2022-01-31 09:01:28'),('2022-01-31',1595,9,1,2564,'C','3341500771599','2022-01-31 09:01:28'),('2022-01-31',1614,9,1,2564,'C','3341500771599','2022-01-31 09:01:28'),('2022-02-01',1617,2,1,2564,'C','3341500771599','2022-02-01 09:02:04'),('2022-02-01',1619,3,1,2564,'C','3341500771599','2022-02-01 09:02:16'),('2022-02-01',1610,4,1,2564,'C','3341500771599','2022-02-01 09:02:35'),('2022-02-01',1618,5,1,2564,'C','3341500771599','2022-02-01 09:02:54'),('2022-02-01',1606,6,1,2564,'C','3341500771599','2022-02-01 09:02:15'),('2022-02-01',1607,6,1,2564,'C','3341500771599','2022-02-01 09:02:15'),('2022-02-01',1605,7,1,2564,'C','3341500771599','2022-02-01 09:02:22'),('2022-02-01',1604,8,1,2564,'C','3341500771599','2022-02-01 09:02:29'),('2022-02-01',1615,8,1,2564,'C','3341500771599','2022-02-01 09:02:29'),('2022-02-01',1578,9,1,2564,'C','3341500771599','2022-02-01 09:02:38'),('2022-02-01',1588,9,1,2564,'C','3341500771599','2022-02-01 09:02:38'),('2022-02-01',1595,9,1,2564,'C','3341500771599','2022-02-01 09:02:38'),('2022-02-01',1614,9,1,2564,'C','3341500771599','2022-02-01 09:02:38'),('2022-02-03',1617,2,1,2564,'C','3341500771599','2022-02-03 10:02:23'),('2022-02-03',1619,3,1,2564,'C','3341500771599','2022-02-03 10:02:28'),('2022-02-03',1610,4,1,2564,'C','3341500771599','2022-02-03 10:02:33'),('2022-02-03',1618,5,1,2564,'C','3341500771599','2022-02-03 10:02:40'),('2022-02-03',1606,6,1,2564,'C','3341500771599','2022-02-03 10:02:46'),('2022-02-03',1607,6,1,2564,'C','3341500771599','2022-02-03 10:02:46'),('2022-02-03',1605,7,1,2564,'C','3341500771599','2022-02-03 10:02:55'),('2022-02-03',1604,8,1,2564,'C','3341500771599','2022-02-03 10:02:01'),('2022-02-03',1615,8,1,2564,'C','3341500771599','2022-02-03 10:02:01'),('2022-02-03',1578,9,1,2564,'C','3341500771599','2022-02-03 10:02:09'),('2022-02-03',1588,9,1,2564,'C','3341500771599','2022-02-03 10:02:09'),('2022-02-03',1595,9,1,2564,'C','3341500771599','2022-02-03 10:02:09'),('2022-02-03',1614,9,1,2564,'C','3341500771599','2022-02-03 10:02:09'),('2022-02-04',1617,2,1,2564,'C','3341500771599','2022-02-04 08:02:27'),('2022-02-04',1619,3,1,2564,'C','3341500771599','2022-02-04 08:02:32'),('2022-02-04',1610,4,1,2564,'C','3341500771599','2022-02-04 08:02:38'),('2022-02-04',1618,5,1,2564,'C','3341500771599','2022-02-04 08:02:43'),('2022-02-04',1606,6,1,2564,'C','3341500771599','2022-02-04 08:02:51'),('2022-02-04',1607,6,1,2564,'C','3341500771599','2022-02-04 08:02:51'),('2022-02-04',1605,7,1,2564,'C','3341500771599','2022-02-04 08:02:57'),('2022-02-04',1604,8,1,2564,'C','3341500771599','2022-02-04 08:02:04'),('2022-02-04',1615,8,1,2564,'C','3341500771599','2022-02-04 08:02:04'),('2022-02-04',1578,9,1,2564,'C','3341500771599','2022-02-04 08:02:12'),('2022-02-04',1588,9,1,2564,'C','3341500771599','2022-02-04 08:02:12'),('2022-02-04',1595,9,1,2564,'C','3341500771599','2022-02-04 08:02:12'),('2022-02-04',1614,9,1,2564,'C','3341500771599','2022-02-04 08:02:12'),('2022-02-07',1617,2,1,2564,'C','3341500771599','2022-02-07 01:02:21'),('2022-02-07',1619,3,1,2564,'C','3341500771599','2022-02-07 01:02:27'),('2022-02-07',1610,4,1,2564,'C','3341500771599','2022-02-07 01:02:32'),('2022-02-07',1618,5,1,2564,'C','3341500771599','2022-02-07 01:02:39'),('2022-02-07',1606,6,1,2564,'C','3341500771599','2022-02-07 01:02:56'),('2022-02-07',1607,6,1,2564,'C','3341500771599','2022-02-07 01:02:56'),('2022-02-07',1605,7,1,2564,'C','3341500771599','2022-02-07 01:02:04'),('2022-02-07',1604,8,1,2564,'C','3341500771599','2022-02-07 01:02:19'),('2022-02-07',1615,8,1,2564,'C','3341500771599','2022-02-07 01:02:19'),('2022-02-07',1578,9,1,2564,'C','3341500771599','2022-02-07 01:02:24'),('2022-02-07',1588,9,1,2564,'C','3341500771599','2022-02-07 01:02:24'),('2022-02-07',1595,9,1,2564,'C','3341500771599','2022-02-07 01:02:24'),('2022-02-07',1614,9,1,2564,'C','3341500771599','2022-02-07 01:02:24'),('2022-02-08',1617,2,1,2564,'C','3341500771599','2022-02-08 02:02:00'),('2022-02-08',1619,3,1,2564,'C','3341500771599','2022-02-08 02:02:05'),('2022-02-08',1610,4,1,2564,'C','3341500771599','2022-02-08 02:02:10'),('2022-02-08',1618,5,1,2564,'C','3341500771599','2022-02-08 02:02:19'),('2022-02-08',1606,6,1,2564,'C','3341500771599','2022-02-08 02:02:29'),('2022-02-08',1607,6,1,2564,'C','3341500771599','2022-02-08 02:02:29'),('2022-02-08',1605,7,1,2564,'C','3341500771599','2022-02-08 02:02:38'),('2022-02-08',1604,8,1,2564,'C','3341500771599','2022-02-08 02:02:47'),('2022-02-08',1615,8,1,2564,'C','3341500771599','2022-02-08 02:02:47'),('2022-02-08',1578,9,1,2564,'C','3341500771599','2022-02-08 02:02:53'),('2022-02-08',1588,9,1,2564,'C','3341500771599','2022-02-08 02:02:53'),('2022-02-08',1595,9,1,2564,'C','3341500771599','2022-02-08 02:02:53'),('2022-02-08',1614,9,1,2564,'C','3341500771599','2022-02-08 02:02:53'),('2022-02-09',1617,2,1,2564,'C','3341500771599','2022-02-09 11:02:19'),('2022-02-09',1619,3,1,2564,'C','3341500771599','2022-02-09 11:02:23'),('2022-02-09',1610,4,1,2564,'C','3341500771599','2022-02-09 11:02:28'),('2022-02-09',1606,6,1,2564,'C','3341500771599','2022-02-09 11:02:36'),('2022-02-09',1607,6,1,2564,'C','3341500771599','2022-02-09 11:02:36'),('2022-02-09',1605,7,1,2564,'C','3341500771599','2022-02-09 11:02:46'),('2022-02-09',1604,8,1,2564,'C','3341500771599','2022-02-09 11:02:51'),('2022-02-09',1615,8,1,2564,'C','3341500771599','2022-02-09 11:02:51'),('2022-02-09',1578,9,1,2564,'C','3341500771599','2022-02-09 11:02:56'),('2022-02-09',1588,9,1,2564,'C','3341500771599','2022-02-09 11:02:56'),('2022-02-09',1595,9,1,2564,'C','3341500771599','2022-02-09 11:02:56'),('2022-02-09',1614,9,1,2564,'C','3341500771599','2022-02-09 11:02:56'),('2022-02-11',1617,2,1,2564,'C','3341500771599','2022-02-11 09:02:13'),('2022-02-11',1619,3,1,2564,'C','3341500771599','2022-02-11 09:02:18'),('2022-02-11',1610,4,1,2564,'C','3341500771599','2022-02-11 09:02:23'),('2022-02-11',1618,5,1,2564,'C','3341500771599','2022-02-11 09:02:28'),('2022-02-11',1606,6,1,2564,'C','3341500771599','2022-02-11 09:02:33'),('2022-02-11',1607,6,1,2564,'C','3341500771599','2022-02-11 09:02:33'),('2022-02-11',1605,7,1,2564,'C','3341500771599','2022-02-11 09:02:39'),('2022-02-11',1604,8,1,2564,'C','3341500771599','2022-02-11 09:02:44'),('2022-02-11',1615,8,1,2564,'C','3341500771599','2022-02-11 09:02:44'),('2022-02-11',1578,9,1,2564,'C','3341500771599','2022-02-11 09:02:50'),('2022-02-11',1588,9,1,2564,'C','3341500771599','2022-02-11 09:02:50'),('2022-02-11',1595,9,1,2564,'C','3341500771599','2022-02-11 09:02:50'),('2022-02-11',1614,9,1,2564,'C','3341500771599','2022-02-11 09:02:50'),('2022-02-14',1617,2,1,2564,'C','3341500771599','2022-02-14 10:02:41'),('2022-02-14',1619,3,1,2564,'C','3341500771599','2022-02-14 10:02:46'),('2022-02-14',1610,4,1,2564,'C','3341500771599','2022-02-14 10:02:51'),('2022-02-14',1618,5,1,2564,'C','3341500771599','2022-02-14 10:02:59'),('2022-02-14',1606,6,1,2564,'C','3341500771599','2022-02-14 10:02:51'),('2022-02-14',1607,6,1,2564,'C','3341500771599','2022-02-14 10:02:51'),('2022-02-14',1604,8,1,2564,'C','3341500771599','2022-02-14 10:02:55'),('2022-02-14',1615,8,1,2564,'C','3341500771599','2022-02-14 10:02:55'),('2022-02-14',1578,9,1,2564,'C','3341500771599','2022-02-14 10:02:00'),('2022-02-14',1588,9,1,2564,'C','3341500771599','2022-02-14 10:02:00'),('2022-02-14',1595,9,1,2564,'C','3341500771599','2022-02-14 10:02:00'),('2022-02-14',1614,9,1,2564,'C','3341500771599','2022-02-14 10:02:00'),('2022-02-15',1617,2,1,2564,'C','3341500771599','2022-02-15 01:02:34'),('2022-02-15',1619,3,1,2564,'C','3341500771599','2022-02-15 01:02:39'),('2022-02-15',1610,4,1,2564,'C','3341500771599','2022-02-15 01:02:45'),('2022-02-15',1618,5,1,2564,'C','3341500771599','2022-02-15 01:02:50'),('2022-02-15',1606,6,1,2564,'C','3341500771599','2022-02-15 01:02:56'),('2022-02-15',1607,6,1,2564,'C','3341500771599','2022-02-15 01:02:56'),('2022-02-15',1605,7,1,2564,'C','3341500771599','2022-02-15 01:02:00'),('2022-02-15',1604,8,1,2564,'C','3341500771599','2022-02-15 01:02:06'),('2022-02-15',1615,8,1,2564,'C','3341500771599','2022-02-15 01:02:06'),('2022-02-15',1578,9,1,2564,'C','3341500771599','2022-02-15 01:02:11'),('2022-02-15',1588,9,1,2564,'C','3341500771599','2022-02-15 01:02:11'),('2022-02-15',1595,9,1,2564,'C','3341500771599','2022-02-15 01:02:11'),('2022-02-15',1614,9,1,2564,'C','3341500771599','2022-02-15 01:02:11'),('2022-02-18',1617,2,1,2564,'C','3341500771599','2022-02-18 02:02:36'),('2022-02-18',1619,3,1,2564,'C','3341500771599','2022-02-18 02:02:41'),('2022-02-18',1610,4,1,2564,'C','3341500771599','2022-02-18 02:02:47'),('2022-02-18',1618,5,1,2564,'C','3341500771599','2022-02-18 02:02:51'),('2022-02-18',1606,6,1,2564,'C','3341500771599','2022-02-18 02:02:56'),('2022-02-18',1607,6,1,2564,'C','3341500771599','2022-02-18 02:02:56'),('2022-02-18',1605,7,1,2564,'C','3341500771599','2022-02-18 02:02:01'),('2022-02-18',1604,8,1,2564,'C','3341500771599','2022-02-18 02:02:06'),('2022-02-18',1615,8,1,2564,'C','3341500771599','2022-02-18 02:02:06'),('2022-02-18',1578,9,1,2564,'C','3341500771599','2022-02-18 02:02:10'),('2022-02-18',1588,9,1,2564,'C','3341500771599','2022-02-18 02:02:10'),('2022-02-18',1595,9,1,2564,'C','3341500771599','2022-02-18 02:02:10'),('2022-02-18',1614,9,1,2564,'C','3341500771599','2022-02-18 02:02:10'),('2022-02-21',1617,2,1,2564,'C','3341500771599','2022-02-21 02:02:34'),('2022-02-21',1619,3,1,2564,'C','3341500771599','2022-02-21 02:02:39'),('2022-02-21',1610,4,1,2564,'C','3341500771599','2022-02-21 02:02:45'),('2022-02-21',1606,6,1,2564,'C','3341500771599','2022-02-21 02:02:03'),('2022-02-21',1607,6,1,2564,'C','3341500771599','2022-02-21 02:02:03'),('2022-02-21',1605,7,1,2564,'C','3341500771599','2022-02-21 02:02:08'),('2022-02-21',1604,8,1,2564,'C','3341500771599','2022-02-21 02:02:13'),('2022-02-21',1615,8,1,2564,'C','3341500771599','2022-02-21 02:02:13'),('2022-02-21',1578,9,1,2564,'C','3341500771599','2022-02-21 02:02:19'),('2022-02-21',1588,9,1,2564,'C','3341500771599','2022-02-21 02:02:19'),('2022-02-21',1595,9,1,2564,'C','3341500771599','2022-02-21 02:02:19'),('2022-02-21',1614,9,1,2564,'C','3341500771599','2022-02-21 02:02:19'),('2022-02-22',1617,2,1,2564,'C','3341500771599','2022-02-22 12:02:29'),('2022-02-22',1619,3,1,2564,'C','3341500771599','2022-02-22 12:02:34'),('2022-02-22',1610,4,1,2564,'C','3341500771599','2022-02-22 12:02:39'),('2022-02-22',1618,5,1,2564,'C','3341500771599','2022-02-22 12:02:44'),('2022-02-22',1606,6,1,2564,'C','3341500771599','2022-02-22 12:02:53'),('2022-02-22',1607,6,1,2564,'C','3341500771599','2022-02-22 12:02:53'),('2022-02-22',1605,7,1,2564,'C','3341500771599','2022-02-22 12:02:57'),('2022-02-22',1604,8,1,2564,'C','3341500771599','2022-02-22 12:02:03'),('2022-02-22',1615,8,1,2564,'C','3341500771599','2022-02-22 12:02:03'),('2022-02-22',1578,9,1,2564,'C','3341500771599','2022-02-22 12:02:08'),('2022-02-22',1588,9,1,2564,'C','3341500771599','2022-02-22 12:02:08'),('2022-02-22',1595,9,1,2564,'C','3341500771599','2022-02-22 12:02:08'),('2022-02-22',1614,9,1,2564,'C','3341500771599','2022-02-22 12:02:08'),('2022-02-23',1617,2,1,2564,'C','3341500771599','2022-02-23 01:02:20'),('2022-02-23',1619,3,1,2564,'C','3341500771599','2022-02-23 01:02:25'),('2022-02-23',1610,4,1,2564,'C','3341500771599','2022-02-23 01:02:30'),('2022-02-23',1618,5,1,2564,'C','3341500771599','2022-02-23 01:02:38'),('2022-02-23',1606,6,1,2564,'C','3341500771599','2022-02-23 01:02:43'),('2022-02-23',1607,6,1,2564,'C','3341500771599','2022-02-23 01:02:43'),('2022-02-23',1605,7,1,2564,'C','3341500771599','2022-02-23 01:02:48'),('2022-02-23',1604,8,1,2564,'C','3341500771599','2022-02-23 01:02:53'),('2022-02-23',1615,8,1,2564,'C','3341500771599','2022-02-23 01:02:53'),('2022-02-23',1578,9,1,2564,'C','3341500771599','2022-02-23 01:02:59'),('2022-02-23',1588,9,1,2564,'C','3341500771599','2022-02-23 01:02:59'),('2022-02-23',1595,9,1,2564,'C','3341500771599','2022-02-23 01:02:59'),('2022-02-23',1614,9,1,2564,'C','3341500771599','2022-02-23 01:02:59'),('2022-02-24',1617,2,1,2564,'C','3341500771599','2022-02-24 01:02:03'),('2022-02-24',1619,3,1,2564,'C','3341500771599','2022-02-24 01:02:08'),('2022-02-24',1610,4,1,2564,'C','3341500771599','2022-02-24 01:02:13'),('2022-02-24',1618,5,1,2564,'C','3341500771599','2022-02-24 01:02:46'),('2022-02-24',1606,6,1,2564,'C','3341500771599','2022-02-24 01:02:51'),('2022-02-24',1607,6,1,2564,'C','3341500771599','2022-02-24 01:02:51'),('2022-02-24',1605,7,1,2564,'C','3341500771599','2022-02-24 01:02:57'),('2022-02-24',1604,8,1,2564,'C','3341500771599','2022-02-24 01:02:07'),('2022-02-24',1615,8,1,2564,'C','3341500771599','2022-02-24 01:02:07'),('2022-02-24',1578,9,1,2564,'C','3341500771599','2022-02-24 01:02:13'),('2022-02-24',1588,9,1,2564,'C','3341500771599','2022-02-24 01:02:13'),('2022-02-24',1595,9,1,2564,'C','3341500771599','2022-02-24 01:02:13'),('2022-02-24',1614,9,1,2564,'C','3341500771599','2022-02-24 01:02:13'),('2022-02-25',1617,2,1,2564,'C','3341500771599','2022-02-25 10:02:59'),('2022-02-25',1619,3,1,2564,'C','3341500771599','2022-02-25 10:02:04'),('2022-02-25',1610,4,1,2564,'C','3341500771599','2022-02-25 10:02:09'),('2022-02-25',1618,5,1,2564,'C','3341500771599','2022-02-25 10:02:15'),('2022-02-25',1606,6,1,2564,'C','3341500771599','2022-02-25 10:02:22'),('2022-02-25',1607,6,1,2564,'C','3341500771599','2022-02-25 10:02:22'),('2022-02-25',1605,7,1,2564,'C','3341500771599','2022-02-25 10:02:29'),('2022-02-25',1604,8,1,2564,'C','3341500771599','2022-02-25 10:02:35'),('2022-02-25',1615,8,1,2564,'C','3341500771599','2022-02-25 10:02:35'),('2022-02-25',1578,9,1,2564,'C','3341500771599','2022-02-25 10:02:42'),('2022-02-25',1588,9,1,2564,'C','3341500771599','2022-02-25 10:02:42'),('2022-02-25',1595,9,1,2564,'C','3341500771599','2022-02-25 10:02:42'),('2022-02-25',1614,9,1,2564,'C','3341500771599','2022-02-25 10:02:42'),('2022-03-01',1617,2,1,2564,'C','3341500771599','2022-03-01 10:03:36'),('2022-03-01',1619,3,1,2564,'C','3341500771599','2022-03-01 10:03:41'),('2022-03-01',1610,4,1,2564,'C','3341500771599','2022-03-01 10:03:48'),('2022-03-01',1618,5,1,2564,'C','3341500771599','2022-03-01 10:03:53'),('2022-03-01',1606,6,1,2564,'C','3341500771599','2022-03-01 10:03:59'),('2022-03-01',1607,6,1,2564,'C','3341500771599','2022-03-01 10:03:59'),('2022-03-01',1605,7,1,2564,'C','3341500771599','2022-03-01 11:03:04'),('2022-03-01',1604,8,1,2564,'C','3341500771599','2022-03-01 11:03:08'),('2022-03-01',1615,8,1,2564,'C','3341500771599','2022-03-01 11:03:08'),('2022-03-01',1578,9,1,2564,'C','3341500771599','2022-03-01 11:03:13'),('2022-03-01',1588,9,1,2564,'C','3341500771599','2022-03-01 11:03:13'),('2022-03-01',1595,9,1,2564,'C','3341500771599','2022-03-01 11:03:13'),('2022-03-01',1614,9,1,2564,'C','3341500771599','2022-03-01 11:03:13'),('2022-03-02',1617,2,1,2564,'C','3341500771599','2022-03-02 02:03:48'),('2022-03-02',1619,3,1,2564,'C','3341500771599','2022-03-02 02:03:53'),('2022-03-02',1610,4,1,2564,'C','3341500771599','2022-03-02 02:03:59'),('2022-03-02',1618,5,1,2564,'C','3341500771599','2022-03-02 02:03:03'),('2022-03-02',1606,6,1,2564,'C','3341500771599','2022-03-02 02:03:08'),('2022-03-02',1607,6,1,2564,'C','3341500771599','2022-03-02 02:03:08'),('2022-03-02',1605,7,1,2564,'C','3341500771599','2022-03-02 02:03:16'),('2022-03-02',1604,8,1,2564,'C','3341500771599','2022-03-02 02:03:25'),('2022-03-02',1615,8,1,2564,'C','3341500771599','2022-03-02 02:03:25'),('2022-03-02',1578,9,1,2564,'C','3341500771599','2022-03-02 02:03:31'),('2022-03-02',1588,9,1,2564,'C','3341500771599','2022-03-02 02:03:31'),('2022-03-02',1595,9,1,2564,'C','3341500771599','2022-03-02 02:03:31'),('2022-03-02',1614,9,1,2564,'C','3341500771599','2022-03-02 02:03:31'),('2022-03-03',1617,2,1,2564,'C','3341500771599','2022-03-03 01:03:27'),('2022-03-03',1619,3,1,2564,'C','3341500771599','2022-03-03 01:03:31'),('2022-03-03',1610,4,1,2564,'C','3341500771599','2022-03-03 01:03:36'),('2022-03-03',1618,5,1,2564,'C','3341500771599','2022-03-03 01:03:40'),('2022-03-03',1606,6,1,2564,'C','3341500771599','2022-03-03 01:03:46'),('2022-03-03',1607,6,1,2564,'C','3341500771599','2022-03-03 01:03:46'),('2022-03-03',1605,7,1,2564,'C','3341500771599','2022-03-03 01:03:50'),('2022-03-03',1604,8,1,2564,'C','3341500771599','2022-03-03 01:03:55'),('2022-03-03',1615,8,1,2564,'C','3341500771599','2022-03-03 01:03:55'),('2022-03-03',1578,9,1,2564,'C','3341500771599','2022-03-03 01:03:01'),('2022-03-03',1588,9,1,2564,'C','3341500771599','2022-03-03 01:03:01'),('2022-03-03',1595,9,1,2564,'C','3341500771599','2022-03-03 01:03:01'),('2022-03-03',1614,9,1,2564,'C','3341500771599','2022-03-03 01:03:01'),('2022-03-04',1617,2,1,2564,'C','3341500771599','2022-03-04 01:03:47'),('2022-03-04',1619,3,1,2564,'C','3341500771599','2022-03-04 01:03:52'),('2022-03-04',1610,4,1,2564,'C','3341500771599','2022-03-04 01:03:58'),('2022-03-04',1618,5,1,2564,'C','3341500771599','2022-03-04 01:03:03'),('2022-03-04',1606,6,1,2564,'C','3341500771599','2022-03-04 01:03:13'),('2022-03-04',1607,6,1,2564,'C','3341500771599','2022-03-04 01:03:13'),('2022-03-04',1605,7,1,2564,'C','3341500771599','2022-03-04 01:03:18'),('2022-03-04',1604,8,1,2564,'C','3341500771599','2022-03-04 01:03:23'),('2022-03-04',1615,8,1,2564,'C','3341500771599','2022-03-04 01:03:23'),('2022-03-04',1578,9,1,2564,'C','3341500771599','2022-03-04 01:03:33'),('2022-03-04',1588,9,1,2564,'C','3341500771599','2022-03-04 01:03:33'),('2022-03-04',1595,9,1,2564,'C','3341500771599','2022-03-04 01:03:33'),('2022-03-04',1614,9,1,2564,'C','3341500771599','2022-03-04 01:03:33'),('2022-03-09',1617,2,1,2564,'C','3341500771599','2022-03-09 10:03:57'),('2022-03-09',1619,3,1,2564,'C','3341500771599','2022-03-09 10:03:03'),('2022-03-09',1610,4,1,2564,'C','3341500771599','2022-03-09 10:03:08'),('2022-03-09',1618,5,1,2564,'C','3341500771599','2022-03-09 10:03:15'),('2022-03-09',1606,6,1,2564,'C','3341500771599','2022-03-09 10:03:26'),('2022-03-09',1607,6,1,2564,'C','3341500771599','2022-03-09 10:03:26'),('2022-03-09',1605,7,1,2564,'C','3341500771599','2022-03-09 10:03:33'),('2022-03-09',1604,8,1,2564,'C','3341500771599','2022-03-09 10:03:45'),('2022-03-09',1615,8,1,2564,'C','3341500771599','2022-03-09 10:03:45'),('2022-03-09',1578,9,1,2564,'C','3341500771599','2022-03-09 10:03:51'),('2022-03-09',1588,9,1,2564,'C','3341500771599','2022-03-09 10:03:51'),('2022-03-09',1595,9,1,2564,'C','3341500771599','2022-03-09 10:03:51'),('2022-03-09',1614,9,1,2564,'C','3341500771599','2022-03-09 10:03:51'),('2022-03-10',1617,2,1,2564,'C','3341500771599','2022-03-10 02:03:00'),('2022-03-10',1619,3,1,2564,'C','3341500771599','2022-03-10 02:03:06'),('2022-03-10',1610,4,1,2564,'C','3341500771599','2022-03-10 02:03:11'),('2022-03-10',1618,5,1,2564,'C','3341500771599','2022-03-10 02:03:16'),('2022-03-10',1606,6,1,2564,'C','3341500771599','2022-03-10 02:03:21'),('2022-03-10',1607,6,1,2564,'C','3341500771599','2022-03-10 02:03:21'),('2022-03-10',1605,7,1,2564,'C','3341500771599','2022-03-10 02:03:26'),('2022-03-10',1604,8,1,2564,'C','3341500771599','2022-03-10 02:03:36'),('2022-03-10',1615,8,1,2564,'C','3341500771599','2022-03-10 02:03:36'),('2022-03-10',1578,9,1,2564,'C','3341500771599','2022-03-10 02:03:42'),('2022-03-10',1588,9,1,2564,'C','3341500771599','2022-03-10 02:03:42'),('2022-03-10',1595,9,1,2564,'C','3341500771599','2022-03-10 02:03:42'),('2022-03-10',1614,9,1,2564,'C','3341500771599','2022-03-10 02:03:42'),('2022-03-14',1617,2,1,2564,'C','3341500771599','2022-03-14 02:03:40'),('2022-03-14',1619,3,1,2564,'C','3341500771599','2022-03-14 02:03:47'),('2022-03-14',1610,4,1,2564,'C','3341500771599','2022-03-14 02:03:52'),('2022-03-14',1618,5,1,2564,'C','3341500771599','2022-03-14 02:03:02'),('2022-03-14',1606,6,1,2564,'C','3341500771599','2022-03-14 02:03:10'),('2022-03-14',1607,6,1,2564,'C','3341500771599','2022-03-14 02:03:10'),('2022-03-14',1605,7,1,2564,'C','3341500771599','2022-03-14 02:03:14'),('2022-03-14',1604,8,1,2564,'C','3341500771599','2022-03-14 02:03:20'),('2022-03-14',1615,8,1,2564,'C','3341500771599','2022-03-14 02:03:20'),('2022-03-14',1578,9,1,2564,'C','3341500771599','2022-03-14 02:03:31'),('2022-03-14',1588,9,1,2564,'C','3341500771599','2022-03-14 02:03:31'),('2022-03-14',1595,9,1,2564,'C','3341500771599','2022-03-14 02:03:31'),('2022-03-14',1614,9,1,2564,'C','3341500771599','2022-03-14 02:03:31'),('2022-03-15',1617,2,1,2564,'C','3341500771599','2022-03-15 12:03:21'),('2022-03-15',1619,3,1,2564,'C','3341500771599','2022-03-15 12:03:28'),('2022-03-15',1610,4,1,2564,'C','3341500771599','2022-03-15 12:03:33'),('2022-03-15',1618,5,1,2564,'C','3341500771599','2022-03-15 12:03:42'),('2022-03-15',1606,6,1,2564,'C','3341500771599','2022-03-15 12:03:50'),('2022-03-15',1607,6,1,2564,'C','3341500771599','2022-03-15 12:03:50'),('2022-03-15',1605,7,1,2564,'C','3341500771599','2022-03-15 12:03:55'),('2022-03-15',1604,8,1,2564,'C','3341500771599','2022-03-15 12:03:59'),('2022-03-15',1615,8,1,2564,'C','3341500771599','2022-03-15 12:03:59'),('2022-03-15',1578,9,1,2564,'C','3341500771599','2022-03-15 12:03:04'),('2022-03-15',1588,9,1,2564,'C','3341500771599','2022-03-15 12:03:04'),('2022-03-15',1595,9,1,2564,'C','3341500771599','2022-03-15 12:03:04'),('2022-03-15',1614,9,1,2564,'C','3341500771599','2022-03-15 12:03:04'),('2022-03-17',1617,2,1,2564,'C','3341500771599','2022-03-17 10:03:58'),('2022-03-17',1619,3,1,2564,'C','3341500771599','2022-03-17 10:03:05'),('2022-03-17',1610,4,1,2564,'C','3341500771599','2022-03-17 10:03:14'),('2022-03-17',1618,5,1,2564,'C','3341500771599','2022-03-17 10:03:22'),('2022-03-17',1606,6,1,2564,'C','3341500771599','2022-03-17 10:03:27'),('2022-03-17',1607,6,1,2564,'C','3341500771599','2022-03-17 10:03:27'),('2022-03-17',1605,7,1,2564,'C','3341500771599','2022-03-17 10:03:31'),('2022-03-17',1604,8,1,2564,'C','3341500771599','2022-03-17 10:03:35'),('2022-03-17',1615,8,1,2564,'C','3341500771599','2022-03-17 10:03:35'),('2022-03-17',1578,9,1,2564,'C','3341500771599','2022-03-17 10:03:40'),('2022-03-17',1588,9,1,2564,'C','3341500771599','2022-03-17 10:03:40'),('2022-03-17',1595,9,1,2564,'C','3341500771599','2022-03-17 10:03:40'),('2022-03-17',1614,9,1,2564,'C','3341500771599','2022-03-17 10:03:40'),('2022-03-18',1617,2,1,2564,'C','3341500771599','2022-03-18 12:03:20'),('2022-03-18',1619,3,1,2564,'C','3341500771599','2022-03-18 12:03:25'),('2022-03-18',1610,4,1,2564,'C','3341500771599','2022-03-18 12:03:30'),('2022-03-18',1618,5,1,2564,'C','3341500771599','2022-03-18 12:03:34'),('2022-03-18',1606,6,1,2564,'C','3341500771599','2022-03-18 12:03:42'),('2022-03-18',1607,6,1,2564,'C','3341500771599','2022-03-18 12:03:42'),('2022-03-18',1605,7,1,2564,'C','3341500771599','2022-03-18 12:03:47'),('2022-03-18',1604,8,1,2564,'C','3341500771599','2022-03-18 12:03:53'),('2022-03-18',1615,8,1,2564,'C','3341500771599','2022-03-18 12:03:53'),('2022-03-18',1578,9,1,2564,'C','3341500771599','2022-03-18 12:03:58'),('2022-03-18',1588,9,1,2564,'C','3341500771599','2022-03-18 12:03:58'),('2022-03-18',1595,9,1,2564,'C','3341500771599','2022-03-18 12:03:58'),('2022-03-18',1614,9,1,2564,'C','3341500771599','2022-03-18 12:03:58'),('2022-03-22',1617,2,1,2564,'C','3341500771599','2022-03-22 11:03:48'),('2022-03-22',1619,3,1,2564,'C','3341500771599','2022-03-22 11:03:52'),('2022-03-22',1610,4,1,2564,'C','3341500771599','2022-03-22 11:03:57'),('2022-03-22',1606,6,1,2564,'C','3341500771599','2022-03-22 11:03:02'),('2022-03-22',1607,6,1,2564,'C','3341500771599','2022-03-22 11:03:02'),('2022-03-22',1605,7,1,2564,'C','3341500771599','2022-03-22 11:03:08'),('2022-03-22',1604,8,1,2564,'C','3341500771599','2022-03-22 11:03:13'),('2022-03-22',1615,8,1,2564,'C','3341500771599','2022-03-22 11:03:13'),('2022-03-22',1578,9,1,2564,'C','3341500771599','2022-03-22 11:03:18'),('2022-03-22',1588,9,1,2564,'C','3341500771599','2022-03-22 11:03:18'),('2022-03-22',1595,9,1,2564,'C','3341500771599','2022-03-22 11:03:18'),('2022-03-22',1614,9,1,2564,'C','3341500771599','2022-03-22 11:03:18'),('2022-03-31',1617,2,1,2564,'C','3341500771599','2022-03-31 11:03:59'),('2022-03-31',1619,3,1,2564,'C','3341500771599','2022-03-31 11:03:06'),('2022-03-31',1610,4,1,2564,'C','3341500771599','2022-03-31 11:03:12'),('2022-03-31',1618,5,1,2564,'C','3341500771599','2022-03-31 11:03:17'),('2022-03-31',1605,7,1,2564,'C','3341500771599','2022-03-31 11:03:23'),('2022-03-31',1604,8,1,2564,'C','3341500771599','2022-03-31 11:03:35'),('2022-03-31',1615,8,1,2564,'C','3341500771599','2022-03-31 11:03:35'),('2022-03-31',1578,9,1,2564,'C','3341500771599','2022-03-31 11:03:41'),('2022-03-31',1588,9,1,2564,'C','3341500771599','2022-03-31 11:03:41'),('2022-03-31',1595,9,1,2564,'C','3341500771599','2022-03-31 11:03:41'),('2022-03-31',1614,9,1,2564,'C','3341500771599','2022-03-31 11:03:41'),('2022-06-13',1617,3,1,2565,'C','3341500771599','2022-06-13 10:06:38'),('2022-06-13',1619,4,1,2565,'C','3341500771599','2022-06-13 09:06:09'),('2022-06-13',1610,5,1,2565,'C','3341500771599','2022-06-13 09:06:15'),('2022-06-13',1618,6,1,2565,'C','3341500771599','2022-06-13 09:06:21'),('2022-06-13',1620,2,1,2565,'C','3341500771599','2022-06-13 10:06:31'),('2022-06-13',1621,3,1,2565,'C','3341500771599','2022-06-13 10:06:38'),('2022-06-13',1622,3,1,2565,'C','3341500771599','2022-06-13 10:06:38'),('2022-06-13',1606,7,1,2565,'C','3341500771599','2022-06-13 10:06:56'),('2022-06-13',1607,7,1,2565,'C','3341500771599','2022-06-13 10:06:56'),('2022-06-13',1604,9,1,2565,'C','3341500771599','2022-06-13 10:06:03'),('2022-06-13',1615,9,1,2565,'C','3341500771599','2022-06-13 10:06:03'),('2022-06-21',1620,2,1,2565,'C','3341500771599','2022-06-21 09:06:21'),('2022-06-21',1617,3,1,2565,'C','3341500771599','2022-06-21 09:06:31'),('2022-06-21',1621,3,1,2565,'C','3341500771599','2022-06-21 09:06:31'),('2022-06-21',1622,3,1,2565,'C','3341500771599','2022-06-21 09:06:31'),('2022-06-21',1619,4,1,2565,'C','3341500771599','2022-06-21 09:06:42'),('2022-06-21',1610,5,1,2565,'C','3341500771599','2022-06-21 09:06:48'),('2022-06-21',1618,6,1,2565,'C','3341500771599','2022-06-21 09:06:54'),('2022-06-21',1606,7,1,2565,'C','3341500771599','2022-06-21 09:06:01'),('2022-06-21',1607,7,1,2565,'C','3341500771599','2022-06-21 09:06:01'),('2022-06-21',1604,9,1,2565,'C','3341500771599','2022-06-21 09:06:07'),('2022-06-21',1615,9,1,2565,'C','3341500771599','2022-06-21 09:06:07'),('2022-06-22',1620,2,1,2565,'C','3341500771599','2022-06-22 10:06:54'),('2022-06-22',1617,3,1,2565,'C','3341500771599','2022-06-22 10:06:01'),('2022-06-22',1621,3,1,2565,'C','3341500771599','2022-06-22 10:06:01'),('2022-06-22',1622,3,1,2565,'C','3341500771599','2022-06-22 10:06:01'),('2022-06-22',1619,4,1,2565,'C','3341500771599','2022-06-22 10:06:06'),('2022-06-22',1610,5,1,2565,'C','3341500771599','2022-06-22 10:06:11'),('2022-06-22',1618,6,1,2565,'C','3341500771599','2022-06-22 10:06:21'),('2022-06-22',1606,7,1,2565,'C','3341500771599','2022-06-22 10:06:26'),('2022-06-22',1607,7,1,2565,'C','3341500771599','2022-06-22 10:06:26'),('2022-06-22',1604,9,1,2565,'C','3341500771599','2022-06-22 10:06:32'),('2022-06-22',1615,9,1,2565,'C','3341500771599','2022-06-22 10:06:32'),('2022-06-27',1620,2,1,2565,'C','3341500771599','2022-06-28 10:06:44'),('2022-06-27',1617,3,1,2565,'C','3341500771599','2022-06-28 10:06:57'),('2022-06-27',1621,3,1,2565,'C','3341500771599','2022-06-28 10:06:57'),('2022-06-27',1622,3,1,2565,'C','3341500771599','2022-06-28 10:06:57'),('2022-06-27',1619,4,1,2565,'C','3341500771599','2022-06-28 10:06:14'),('2022-06-27',1610,5,1,2565,'C','3341500771599','2022-06-28 10:06:25'),('2022-06-27',1618,6,1,2565,'C','3341500771599','2022-06-28 10:06:35'),('2022-06-27',1606,7,1,2565,'C','3341500771599','2022-06-28 10:06:45'),('2022-06-27',1607,7,1,2565,'C','3341500771599','2022-06-28 10:06:45'),('2022-06-27',1604,9,1,2565,'C','3341500771599','2022-06-28 10:06:05'),('2022-06-27',1615,9,1,2565,'C','3341500771599','2022-06-28 10:06:05'),('2022-06-28',1620,2,1,2565,'C','3341500771599','2022-06-28 10:06:13'),('2022-06-28',1617,3,1,2565,'C','3341500771599','2022-06-28 10:06:18'),('2022-06-28',1621,3,1,2565,'C','3341500771599','2022-06-28 10:06:18'),('2022-06-28',1622,3,1,2565,'C','3341500771599','2022-06-28 10:06:18'),('2022-06-28',1619,4,1,2565,'C','3341500771599','2022-06-28 10:06:23'),('2022-06-28',1610,5,1,2565,'C','3341500771599','2022-06-28 10:06:32'),('2022-06-28',1618,6,1,2565,'C','3341500771599','2022-06-28 10:06:37'),('2022-06-28',1606,7,1,2565,'C','3341500771599','2022-06-28 10:06:42'),('2022-06-28',1607,7,1,2565,'C','3341500771599','2022-06-28 10:06:42'),('2022-06-28',1604,9,1,2565,'C','3341500771599','2022-06-28 10:06:47'),('2022-06-28',1615,9,1,2565,'C','3341500771599','2022-06-28 10:06:47'),('2022-06-29',1620,2,1,2565,'C','3341500771599','2022-06-29 10:06:23'),('2022-06-29',1617,3,1,2565,'C','3341500771599','2022-06-29 10:06:28'),('2022-06-29',1621,3,1,2565,'C','3341500771599','2022-06-29 10:06:28'),('2022-06-29',1622,3,1,2565,'C','3341500771599','2022-06-29 10:06:28'),('2022-06-29',1619,4,1,2565,'C','3341500771599','2022-06-29 10:06:37'),('2022-06-29',1610,5,1,2565,'C','3341500771599','2022-06-29 10:06:45'),('2022-06-29',1618,6,1,2565,'C','3341500771599','2022-06-29 10:06:55'),('2022-06-29',1606,7,1,2565,'C','3341500771599','2022-06-29 10:06:01'),('2022-06-29',1607,7,1,2565,'C','3341500771599','2022-06-29 10:06:01'),('2022-06-29',1604,9,1,2565,'C','3341500771599','2022-06-29 10:06:15'),('2022-06-29',1615,9,1,2565,'C','3341500771599','2022-06-29 10:06:15'),('2022-06-30',1620,2,1,2565,'C','3341500771599','2022-06-30 01:06:56'),('2022-06-30',1617,3,1,2565,'C','3341500771599','2022-06-30 01:06:02'),('2022-06-30',1621,3,1,2565,'C','3341500771599','2022-06-30 01:06:02'),('2022-06-30',1622,3,1,2565,'C','3341500771599','2022-06-30 01:06:02'),('2022-06-30',1619,4,1,2565,'C','3341500771599','2022-06-30 01:06:08'),('2022-06-30',1610,5,1,2565,'C','3341500771599','2022-06-30 01:06:15'),('2022-06-30',1618,6,1,2565,'C','3341500771599','2022-06-30 01:06:20'),('2022-06-30',1606,7,1,2565,'C','3341500771599','2022-06-30 01:06:26'),('2022-06-30',1607,7,1,2565,'C','3341500771599','2022-06-30 01:06:26'),('2022-06-30',1604,9,1,2565,'C','3341500771599','2022-06-30 01:06:32'),('2022-06-30',1615,9,1,2565,'C','3341500771599','2022-06-30 01:06:32'),('2022-07-04',1620,2,1,2565,'C','3341500771599','2022-07-04 10:07:18'),('2022-07-04',1617,3,1,2565,'C','3341500771599','2022-07-04 10:07:23'),('2022-07-04',1621,3,1,2565,'C','3341500771599','2022-07-04 10:07:23'),('2022-07-04',1622,3,1,2565,'C','3341500771599','2022-07-04 10:07:23'),('2022-07-04',1619,4,1,2565,'C','3341500771599','2022-07-04 10:07:28'),('2022-07-04',1610,5,1,2565,'C','3341500771599','2022-07-04 10:07:37'),('2022-07-04',1618,6,1,2565,'C','3341500771599','2022-07-04 10:07:43'),('2022-07-04',1606,7,1,2565,'C','3341500771599','2022-07-04 10:07:48'),('2022-07-04',1607,7,1,2565,'C','3341500771599','2022-07-04 10:07:48'),('2022-07-04',1604,9,1,2565,'C','3341500771599','2022-07-04 10:07:54'),('2022-07-04',1615,9,1,2565,'C','3341500771599','2022-07-04 10:07:54'),('2022-07-05',1620,2,1,2565,'C','3341500771599','2022-07-05 01:07:42'),('2022-07-05',1617,3,1,2565,'C','3341500771599','2022-07-05 01:07:47'),('2022-07-05',1621,3,1,2565,'C','3341500771599','2022-07-05 01:07:47'),('2022-07-05',1622,3,1,2565,'C','3341500771599','2022-07-05 01:07:47'),('2022-07-05',1619,4,1,2565,'C','3341500771599','2022-07-05 01:07:54'),('2022-07-05',1610,5,1,2565,'C','3341500771599','2022-07-05 01:07:02'),('2022-07-05',1618,6,1,2565,'C','3341500771599','2022-07-05 01:07:07'),('2022-07-05',1606,7,1,2565,'C','3341500771599','2022-07-05 01:07:13'),('2022-07-05',1607,7,1,2565,'C','3341500771599','2022-07-05 01:07:13'),('2022-07-05',1604,9,1,2565,'C','3341500771599','2022-07-05 01:07:21'),('2022-07-05',1615,9,1,2565,'C','3341500771599','2022-07-05 01:07:21'),('2022-07-07',1620,2,1,2565,'C','3341500771599','2022-07-07 09:07:40'),('2022-07-07',1617,3,1,2565,'C','3341500771599','2022-07-07 09:07:48'),('2022-07-07',1621,3,1,2565,'C','3341500771599','2022-07-07 09:07:48'),('2022-07-07',1622,3,1,2565,'C','3341500771599','2022-07-07 09:07:48'),('2022-07-07',1619,4,1,2565,'C','3341500771599','2022-07-07 09:07:53'),('2022-07-07',1610,5,1,2565,'C','3341500771599','2022-07-07 09:07:59'),('2022-07-07',1618,6,1,2565,'C','3341500771599','2022-07-07 09:07:06'),('2022-07-07',1606,7,1,2565,'C','3341500771599','2022-07-07 09:07:12'),('2022-07-07',1607,7,1,2565,'C','3341500771599','2022-07-07 09:07:12'),('2022-07-07',1604,9,1,2565,'C','3341500771599','2022-07-07 09:07:17'),('2022-07-07',1615,9,1,2565,'C','3341500771599','2022-07-07 09:07:17'),('2022-07-08',1620,2,1,2565,'C','3341500771599','2022-07-08 09:07:27'),('2022-07-08',1617,3,1,2565,'C','3341500771599','2022-07-08 09:07:34'),('2022-07-08',1621,3,1,2565,'C','3341500771599','2022-07-08 09:07:34'),('2022-07-08',1622,3,1,2565,'C','3341500771599','2022-07-08 09:07:34'),('2022-07-08',1619,4,1,2565,'C','3341500771599','2022-07-08 09:07:39'),('2022-07-08',1610,5,1,2565,'C','3341500771599','2022-07-08 09:07:44'),('2022-07-08',1618,6,1,2565,'C','3341500771599','2022-07-08 09:07:49'),('2022-07-08',1606,7,1,2565,'C','3341500771599','2022-07-08 09:07:55'),('2022-07-08',1607,7,1,2565,'C','3341500771599','2022-07-08 09:07:55'),('2022-07-08',1604,9,1,2565,'C','3341500771599','2022-07-08 09:07:00'),('2022-07-08',1615,9,1,2565,'C','3341500771599','2022-07-08 09:07:00'),('2022-07-11',1620,2,1,2565,'C','3341500771599','2022-07-11 11:07:40'),('2022-07-11',1617,3,1,2565,'C','3341500771599','2022-07-11 11:07:47'),('2022-07-11',1621,3,1,2565,'C','3341500771599','2022-07-11 11:07:47'),('2022-07-11',1622,3,1,2565,'C','3341500771599','2022-07-11 11:07:47'),('2022-07-11',1619,4,1,2565,'C','3341500771599','2022-07-11 11:07:52'),('2022-07-11',1610,5,1,2565,'C','3341500771599','2022-07-11 11:07:58'),('2022-07-11',1618,6,1,2565,'C','3341500771599','2022-07-11 11:07:03'),('2022-07-11',1606,7,1,2565,'C','3341500771599','2022-07-11 11:07:08'),('2022-07-11',1607,7,1,2565,'C','3341500771599','2022-07-11 11:07:08'),('2022-07-11',1604,9,1,2565,'C','3341500771599','2022-07-11 11:07:22'),('2022-07-11',1615,9,1,2565,'C','3341500771599','2022-07-11 11:07:22'),('2022-07-12',1620,2,1,2565,'C','3341500771599','2022-07-12 10:07:55'),('2022-07-12',1617,3,1,2565,'C','3341500771599','2022-07-12 10:07:06'),('2022-07-12',1621,3,1,2565,'C','3341500771599','2022-07-12 10:07:06'),('2022-07-12',1622,3,1,2565,'C','3341500771599','2022-07-12 10:07:06'),('2022-07-12',1619,4,1,2565,'C','3341500771599','2022-07-12 10:07:11'),('2022-07-12',1610,5,1,2565,'C','3341500771599','2022-07-12 10:07:16'),('2022-07-12',1618,6,1,2565,'C','3341500771599','2022-07-12 10:07:21'),('2022-07-12',1606,7,1,2565,'C','3341500771599','2022-07-12 10:07:27'),('2022-07-12',1607,7,1,2565,'C','3341500771599','2022-07-12 10:07:27'),('2022-07-12',1604,9,1,2565,'C','3341500771599','2022-07-12 10:07:32'),('2022-07-12',1615,9,1,2565,'C','3341500771599','2022-07-12 10:07:32'),('2022-07-18',1620,2,1,2565,'C','3341500771599','2022-07-18 10:07:46'),('2022-07-18',1617,3,1,2565,'C','3341500771599','2022-07-18 10:07:51'),('2022-07-18',1621,3,1,2565,'C','3341500771599','2022-07-18 10:07:51'),('2022-07-18',1622,3,1,2565,'C','3341500771599','2022-07-18 10:07:51'),('2022-07-18',1619,4,1,2565,'C','3341500771599','2022-07-18 10:07:56'),('2022-07-18',1610,5,1,2565,'C','3341500771599','2022-07-18 10:07:07'),('2022-07-18',1618,6,1,2565,'C','3341500771599','2022-07-18 10:07:16'),('2022-07-18',1606,7,1,2565,'C','3341500771599','2022-07-18 10:07:20'),('2022-07-18',1607,7,1,2565,'C','3341500771599','2022-07-18 10:07:20'),('2022-07-18',1604,9,1,2565,'C','3341500771599','2022-07-18 10:07:25'),('2022-07-18',1615,9,1,2565,'C','3341500771599','2022-07-18 10:07:25'),('2022-07-19',1620,2,1,2565,'C','3341500771599','2022-07-19 10:07:17'),('2022-07-19',1617,3,1,2565,'C','3341500771599','2022-07-19 10:07:22'),('2022-07-19',1621,3,1,2565,'C','3341500771599','2022-07-19 10:07:22'),('2022-07-19',1622,3,1,2565,'C','3341500771599','2022-07-19 10:07:22'),('2022-07-19',1619,4,1,2565,'C','3341500771599','2022-07-19 10:07:27'),('2022-07-19',1610,5,1,2565,'C','3341500771599','2022-07-19 10:07:39'),('2022-07-19',1618,6,1,2565,'C','3341500771599','2022-07-19 10:07:45'),('2022-07-19',1606,7,1,2565,'C','3341500771599','2022-07-19 10:07:50'),('2022-07-19',1607,7,1,2565,'C','3341500771599','2022-07-19 10:07:50'),('2022-07-19',1604,9,1,2565,'C','3341500771599','2022-07-19 10:07:00'),('2022-07-19',1615,9,1,2565,'C','3341500771599','2022-07-19 10:07:00'),('2022-07-20',1620,2,1,2565,'C','3341500771599','2022-07-20 08:07:38'),('2022-07-20',1617,3,1,2565,'C','3341500771599','2022-07-20 08:07:43'),('2022-07-20',1621,3,1,2565,'C','3341500771599','2022-07-20 08:07:43'),('2022-07-20',1622,3,1,2565,'C','3341500771599','2022-07-20 08:07:43'),('2022-07-20',1619,4,1,2565,'C','3341500771599','2022-07-20 08:07:48'),('2022-07-20',1610,5,1,2565,'C','3341500771599','2022-07-20 08:07:52'),('2022-07-20',1618,6,1,2565,'C','3341500771599','2022-07-20 08:07:57'),('2022-07-20',1606,7,1,2565,'C','3341500771599','2022-07-20 08:07:03'),('2022-07-20',1607,7,1,2565,'C','3341500771599','2022-07-20 08:07:03'),('2022-07-20',1604,9,1,2565,'C','3341500771599','2022-07-20 08:07:11'),('2022-07-20',1615,9,1,2565,'C','3341500771599','2022-07-20 08:07:11'),('2022-07-21',1620,2,1,2565,'C','3341500771599','2022-07-21 08:07:24'),('2022-07-21',1617,3,1,2565,'C','3341500771599','2022-07-21 08:07:30'),('2022-07-21',1621,3,1,2565,'C','3341500771599','2022-07-21 08:07:30'),('2022-07-21',1622,3,1,2565,'C','3341500771599','2022-07-21 08:07:30'),('2022-07-21',1619,4,1,2565,'C','3341500771599','2022-07-21 08:07:35'),('2022-07-21',1610,5,1,2565,'C','3341500771599','2022-07-21 08:07:44'),('2022-07-21',1618,6,1,2565,'C','3341500771599','2022-07-21 08:07:51'),('2022-07-21',1606,7,1,2565,'C','3341500771599','2022-07-21 08:07:56'),('2022-07-21',1607,7,1,2565,'C','3341500771599','2022-07-21 08:07:56'),('2022-07-21',1604,9,1,2565,'C','3341500771599','2022-07-21 08:07:01'),('2022-07-21',1615,9,1,2565,'C','3341500771599','2022-07-21 08:07:01'),('2022-07-22',1620,2,1,2565,'C','3341500771599','2022-07-22 08:07:03'),('2022-07-22',1617,3,1,2565,'C','3341500771599','2022-07-22 08:07:09'),('2022-07-22',1621,3,1,2565,'C','3341500771599','2022-07-22 08:07:09'),('2022-07-22',1622,3,1,2565,'C','3341500771599','2022-07-22 08:07:09'),('2022-07-22',1619,4,1,2565,'C','3341500771599','2022-07-22 08:07:15'),('2022-07-22',1610,5,1,2565,'C','3341500771599','2022-07-22 08:07:21'),('2022-07-22',1618,6,1,2565,'C','3341500771599','2022-07-22 08:07:26'),('2022-07-22',1606,7,1,2565,'C','3341500771599','2022-07-22 08:07:37'),('2022-07-22',1607,7,1,2565,'C','3341500771599','2022-07-22 08:07:37'),('2022-07-22',1604,9,1,2565,'C','3341500771599','2022-07-22 08:07:43'),('2022-07-22',1615,9,1,2565,'C','3341500771599','2022-07-22 08:07:43'),('2022-07-25',1620,2,1,2565,'C','3341500771599','2022-07-25 08:07:38'),('2022-07-25',1617,3,1,2565,'C','3341500771599','2022-07-25 08:07:44'),('2022-07-25',1621,3,1,2565,'C','3341500771599','2022-07-25 08:07:44'),('2022-07-25',1622,3,1,2565,'C','3341500771599','2022-07-25 08:07:44'),('2022-07-25',1619,4,1,2565,'C','3341500771599','2022-07-25 08:07:49'),('2022-07-25',1610,5,1,2565,'C','3341500771599','2022-07-25 08:07:54'),('2022-07-25',1618,6,1,2565,'C','3341500771599','2022-07-25 08:07:00'),('2022-07-25',1606,7,1,2565,'C','3341500771599','2022-07-25 08:07:24'),('2022-07-25',1607,7,1,2565,'C','3341500771599','2022-07-25 08:07:24'),('2022-07-25',1604,9,1,2565,'C','3341500771599','2022-07-25 08:07:29'),('2022-07-25',1615,9,1,2565,'C','3341500771599','2022-07-25 08:07:29'),('2022-07-26',1620,2,1,2565,'C','3341500771599','2022-07-26 09:07:50'),('2022-07-26',1617,3,1,2565,'C','3341500771599','2022-07-26 09:07:56'),('2022-07-26',1621,3,1,2565,'C','3341500771599','2022-07-26 09:07:56'),('2022-07-26',1622,3,1,2565,'C','3341500771599','2022-07-26 09:07:56'),('2022-07-26',1619,4,1,2565,'C','3341500771599','2022-07-26 09:07:02'),('2022-07-26',1610,5,1,2565,'C','3341500771599','2022-07-26 09:07:08'),('2022-07-26',1618,6,1,2565,'C','3341500771599','2022-07-26 09:07:14'),('2022-07-26',1606,7,1,2565,'C','3341500771599','2022-07-26 09:07:21'),('2022-07-26',1607,7,1,2565,'C','3341500771599','2022-07-26 09:07:21'),('2022-07-26',1604,9,1,2565,'C','3341500771599','2022-07-26 09:07:26'),('2022-07-26',1615,9,1,2565,'C','3341500771599','2022-07-26 09:07:26'),('2022-07-27',1617,3,1,2565,'C','3341500771599','2022-07-27 11:07:10'),('2022-07-27',1621,3,1,2565,'C','3341500771599','2022-07-27 11:07:10'),('2022-07-27',1622,3,1,2565,'C','3341500771599','2022-07-27 11:07:10'),('2022-07-27',1619,4,1,2565,'C','3341500771599','2022-07-27 11:07:16'),('2022-07-27',1610,5,1,2565,'C','3341500771599','2022-07-27 11:07:28'),('2022-07-27',1618,6,1,2565,'C','3341500771599','2022-07-27 11:07:33'),('2022-07-27',1606,7,1,2565,'C','3341500771599','2022-07-27 11:07:38'),('2022-07-27',1607,7,1,2565,'C','3341500771599','2022-07-27 11:07:38'),('2022-07-27',1604,9,1,2565,'C','3341500771599','2022-07-27 11:07:43'),('2022-07-27',1615,9,1,2565,'C','3341500771599','2022-07-27 11:07:43'),('2022-07-27',1620,2,1,2565,'C','3341500771599','2022-07-27 11:07:49'),('2022-08-01',1620,2,1,2565,'C','3341500771599','2022-08-01 09:08:17'),('2022-08-01',1617,3,1,2565,'C','3341500771599','2022-08-01 09:08:22'),('2022-08-01',1621,3,1,2565,'C','3341500771599','2022-08-01 09:08:22'),('2022-08-01',1622,3,1,2565,'C','3341500771599','2022-08-01 09:08:22'),('2022-08-01',1619,4,1,2565,'C','3341500771599','2022-08-01 09:08:27'),('2022-08-01',1610,5,1,2565,'C','3341500771599','2022-08-01 09:08:32'),('2022-08-01',1618,6,1,2565,'C','3341500771599','2022-08-01 09:08:37'),('2022-08-01',1606,7,1,2565,'C','3341500771599','2022-08-01 09:08:47'),('2022-08-01',1607,7,1,2565,'C','3341500771599','2022-08-01 09:08:47'),('2022-08-01',1604,9,1,2565,'C','3341500771599','2022-08-01 09:08:55'),('2022-08-01',1615,9,1,2565,'C','3341500771599','2022-08-01 09:08:55'),('2022-08-02',1620,2,1,2565,'C','3341500771599','2022-08-02 08:08:05'),('2022-08-02',1617,3,1,2565,'C','3341500771599','2022-08-02 08:08:11'),('2022-08-02',1621,3,1,2565,'C','3341500771599','2022-08-02 08:08:11'),('2022-08-02',1622,3,1,2565,'C','3341500771599','2022-08-02 08:08:11'),('2022-08-02',1619,4,1,2565,'C','3341500771599','2022-08-02 08:08:18'),('2022-08-02',1610,5,1,2565,'C','3341500771599','2022-08-02 08:08:23'),('2022-08-02',1618,6,1,2565,'C','3341500771599','2022-08-02 08:08:33'),('2022-08-02',1606,7,1,2565,'C','3341500771599','2022-08-02 08:08:38'),('2022-08-02',1607,7,1,2565,'C','3341500771599','2022-08-02 08:08:38'),('2022-08-02',1604,9,1,2565,'C','3341500771599','2022-08-02 08:08:46'),('2022-08-02',1615,9,1,2565,'C','3341500771599','2022-08-02 08:08:46'),('2022-08-03',1620,2,1,2565,'C','3341500771599','2022-08-03 09:08:18'),('2022-08-03',1617,3,1,2565,'C','3341500771599','2022-08-03 09:08:23'),('2022-08-03',1621,3,1,2565,'C','3341500771599','2022-08-03 09:08:23'),('2022-08-03',1622,3,1,2565,'C','3341500771599','2022-08-03 09:08:23'),('2022-08-03',1619,4,1,2565,'C','3341500771599','2022-08-03 09:08:32'),('2022-08-03',1610,5,1,2565,'C','3341500771599','2022-08-03 09:08:09'),('2022-08-03',1618,6,1,2565,'C','3341500771599','2022-08-03 09:08:14'),('2022-08-03',1606,7,1,2565,'C','3341500771599','2022-08-03 09:08:24'),('2022-08-03',1607,7,1,2565,'C','3341500771599','2022-08-03 09:08:24'),('2022-08-03',1604,9,1,2565,'C','3341500771599','2022-08-03 09:08:30'),('2022-08-03',1615,9,1,2565,'C','3341500771599','2022-08-03 09:08:30'),('2022-08-04',1620,2,1,2565,'C','3341500771599','2022-08-04 01:08:38'),('2022-08-04',1617,3,1,2565,'C','3341500771599','2022-08-04 01:08:43'),('2022-08-04',1621,3,1,2565,'C','3341500771599','2022-08-04 01:08:43'),('2022-08-04',1622,3,1,2565,'C','3341500771599','2022-08-04 01:08:43'),('2022-08-04',1619,4,1,2565,'C','3341500771599','2022-08-04 01:08:49'),('2022-08-04',1610,5,1,2565,'C','3341500771599','2022-08-04 01:08:10'),('2022-08-04',1606,7,1,2565,'C','3341500771599','2022-08-04 01:08:16'),('2022-08-04',1607,7,1,2565,'C','3341500771599','2022-08-04 01:08:16'),('2022-08-04',1604,9,1,2565,'C','3341500771599','2022-08-04 01:08:21'),('2022-08-04',1615,9,1,2565,'C','3341500771599','2022-08-04 01:08:21'),('2022-08-05',1620,2,1,2565,'C','3341500771599','2022-08-05 10:08:34'),('2022-08-05',1617,3,1,2565,'C','3341500771599','2022-08-05 10:08:39'),('2022-08-05',1621,3,1,2565,'C','3341500771599','2022-08-05 10:08:39'),('2022-08-05',1622,3,1,2565,'C','3341500771599','2022-08-05 10:08:39'),('2022-08-05',1619,4,1,2565,'C','3341500771599','2022-08-05 10:08:44'),('2022-08-05',1610,5,1,2565,'C','3341500771599','2022-08-05 10:08:53'),('2022-08-05',1618,6,1,2565,'C','3341500771599','2022-08-05 10:08:58'),('2022-08-05',1606,7,1,2565,'C','3341500771599','2022-08-05 10:08:07'),('2022-08-05',1607,7,1,2565,'C','3341500771599','2022-08-05 10:08:07'),('2022-08-05',1604,9,1,2565,'C','3341500771599','2022-08-05 10:08:12'),('2022-08-05',1615,9,1,2565,'C','3341500771599','2022-08-05 10:08:12'),('2022-08-08',1620,2,1,2565,'C','3341500771599','2022-08-08 11:08:34'),('2022-08-08',1617,3,1,2565,'C','3341500771599','2022-08-08 11:08:40'),('2022-08-08',1621,3,1,2565,'C','3341500771599','2022-08-08 11:08:40'),('2022-08-08',1622,3,1,2565,'C','3341500771599','2022-08-08 11:08:40'),('2022-08-08',1619,4,1,2565,'C','3341500771599','2022-08-08 11:08:45'),('2022-08-08',1610,5,1,2565,'C','3341500771599','2022-08-08 11:08:50'),('2022-08-08',1606,7,1,2565,'C','3341500771599','2022-08-08 11:08:54'),('2022-08-08',1607,7,1,2565,'C','3341500771599','2022-08-08 11:08:54'),('2022-08-08',1604,9,1,2565,'C','3341500771599','2022-08-08 11:08:00'),('2022-08-08',1615,9,1,2565,'C','3341500771599','2022-08-08 11:08:00'),('2022-08-08',1618,6,1,2565,'C','3341500771599','2022-08-08 11:08:39'),('2022-08-09',1620,2,1,2565,'C','3341500771599','2022-08-09 11:08:36'),('2022-08-09',1617,3,1,2565,'C','3341500771599','2022-08-09 11:08:41'),('2022-08-09',1621,3,1,2565,'C','3341500771599','2022-08-09 11:08:41'),('2022-08-09',1622,3,1,2565,'C','3341500771599','2022-08-09 11:08:41'),('2022-08-09',1619,4,1,2565,'C','3341500771599','2022-08-09 11:08:46'),('2022-08-09',1610,5,1,2565,'C','3341500771599','2022-08-09 11:08:52'),('2022-08-09',1618,6,1,2565,'C','3341500771599','2022-08-09 11:08:57'),('2022-08-09',1606,7,1,2565,'C','3341500771599','2022-08-09 11:08:03'),('2022-08-09',1607,7,1,2565,'C','3341500771599','2022-08-09 11:08:03'),('2022-08-09',1604,9,1,2565,'C','3341500771599','2022-08-09 11:08:08'),('2022-08-09',1615,9,1,2565,'C','3341500771599','2022-08-09 11:08:08'),('2022-08-10',1620,2,1,2565,'C','3341500771599','2022-08-15 09:08:23'),('2022-08-10',1617,3,1,2565,'C','3341500771599','2022-08-15 09:08:40'),('2022-08-10',1621,3,1,2565,'C','3341500771599','2022-08-15 09:08:40'),('2022-08-10',1622,3,1,2565,'C','3341500771599','2022-08-15 09:08:40'),('2022-08-10',1619,4,1,2565,'C','3341500771599','2022-08-15 09:08:51'),('2022-08-10',1610,5,1,2565,'C','3341500771599','2022-08-15 09:08:00'),('2022-08-10',1606,7,1,2565,'C','3341500771599','2022-08-15 09:08:30'),('2022-08-10',1607,7,1,2565,'C','3341500771599','2022-08-15 09:08:30'),('2022-08-10',1604,9,1,2565,'C','3341500771599','2022-08-15 09:08:40'),('2022-08-10',1615,9,1,2565,'C','3341500771599','2022-08-15 09:08:40'),('2022-08-11',1620,2,1,2565,'C','3341500771599','2022-08-15 09:08:52'),('2022-08-11',1617,3,1,2565,'C','3341500771599','2022-08-15 09:08:05'),('2022-08-11',1621,3,1,2565,'C','3341500771599','2022-08-15 09:08:05'),('2022-08-11',1622,3,1,2565,'C','3341500771599','2022-08-15 09:08:05'),('2022-08-11',1619,4,1,2565,'C','3341500771599','2022-08-15 09:08:16'),('2022-08-11',1610,5,1,2565,'C','3341500771599','2022-08-15 09:08:26'),('2022-08-11',1618,6,1,2565,'C','3341500771599','2022-08-15 09:08:36'),('2022-08-11',1606,7,1,2565,'C','3341500771599','2022-08-15 09:08:48'),('2022-08-11',1607,7,1,2565,'C','3341500771599','2022-08-15 09:08:48'),('2022-08-11',1604,9,1,2565,'C','3341500771599','2022-08-15 09:08:59'),('2022-08-11',1615,9,1,2565,'C','3341500771599','2022-08-15 09:08:59'),('2022-08-15',1620,2,1,2565,'C','3341500771599','2022-08-15 09:08:08'),('2022-08-15',1617,3,1,2565,'C','3341500771599','2022-08-15 09:08:15'),('2022-08-15',1621,3,1,2565,'C','3341500771599','2022-08-15 09:08:15'),('2022-08-15',1622,3,1,2565,'C','3341500771599','2022-08-15 09:08:15'),('2022-08-15',1619,4,1,2565,'C','3341500771599','2022-08-15 09:08:21'),('2022-08-15',1610,5,1,2565,'C','3341500771599','2022-08-15 09:08:28'),('2022-08-15',1618,6,1,2565,'C','3341500771599','2022-08-15 09:08:34'),('2022-08-15',1606,7,1,2565,'C','3341500771599','2022-08-15 09:08:40'),('2022-08-15',1607,7,1,2565,'C','3341500771599','2022-08-15 09:08:40'),('2022-08-15',1604,9,1,2565,'C','3341500771599','2022-08-15 09:08:48'),('2022-08-15',1615,9,1,2565,'C','3341500771599','2022-08-15 09:08:48'),('2022-08-16',1620,2,1,2565,'C','3341500771599','2022-08-16 09:08:56'),('2022-08-16',1617,3,1,2565,'C','3341500771599','2022-08-16 09:08:01'),('2022-08-16',1621,3,1,2565,'C','3341500771599','2022-08-16 09:08:01'),('2022-08-16',1622,3,1,2565,'C','3341500771599','2022-08-16 09:08:01'),('2022-08-16',1619,4,1,2565,'C','3341500771599','2022-08-16 09:08:06'),('2022-08-16',1610,5,1,2565,'C','3341500771599','2022-08-16 09:08:12'),('2022-08-16',1618,6,1,2565,'C','3341500771599','2022-08-16 09:08:20'),('2022-08-16',1606,7,1,2565,'C','3341500771599','2022-08-16 09:08:25'),('2022-08-16',1607,7,1,2565,'C','3341500771599','2022-08-16 09:08:25'),('2022-08-16',1604,9,1,2565,'C','3341500771599','2022-08-16 09:08:30'),('2022-08-16',1615,9,1,2565,'C','3341500771599','2022-08-16 09:08:30'),('2022-08-17',1620,2,1,2565,'C','3341500771599','2022-08-17 10:08:51'),('2022-08-17',1617,3,1,2565,'C','3341500771599','2022-08-17 10:08:57'),('2022-08-17',1621,3,1,2565,'C','3341500771599','2022-08-17 10:08:57'),('2022-08-17',1622,3,1,2565,'C','3341500771599','2022-08-17 10:08:57'),('2022-08-17',1619,4,1,2565,'C','3341500771599','2022-08-17 10:08:02'),('2022-08-17',1610,5,1,2565,'C','3341500771599','2022-08-17 10:08:08'),('2022-08-17',1618,6,1,2565,'C','3341500771599','2022-08-17 10:08:17'),('2022-08-17',1606,7,1,2565,'C','3341500771599','2022-08-17 10:08:22'),('2022-08-17',1607,7,1,2565,'C','3341500771599','2022-08-17 10:08:22'),('2022-08-17',1604,9,1,2565,'C','3341500771599','2022-08-17 10:08:27'),('2022-08-17',1615,9,1,2565,'C','3341500771599','2022-08-17 10:08:27'),('2022-08-18',1620,2,1,2565,'C','3341500771599','2022-08-18 08:08:26'),('2022-08-18',1617,3,1,2565,'C','3341500771599','2022-08-18 08:08:31'),('2022-08-18',1621,3,1,2565,'C','3341500771599','2022-08-18 08:08:31'),('2022-08-18',1622,3,1,2565,'C','3341500771599','2022-08-18 08:08:31'),('2022-08-18',1619,4,1,2565,'C','3341500771599','2022-08-18 08:08:36'),('2022-08-18',1610,5,1,2565,'C','3341500771599','2022-08-18 08:08:45'),('2022-08-18',1618,6,1,2565,'C','3341500771599','2022-08-18 08:08:50'),('2022-08-18',1606,7,1,2565,'C','3341500771599','2022-08-18 08:08:55'),('2022-08-18',1607,7,1,2565,'C','3341500771599','2022-08-18 08:08:55'),('2022-08-18',1604,9,1,2565,'C','3341500771599','2022-08-18 08:08:00'),('2022-08-18',1615,9,1,2565,'C','3341500771599','2022-08-18 08:08:00'),('2022-08-19',1620,2,1,2565,'C','3341500771599','2022-08-19 09:08:33'),('2022-08-19',1617,3,1,2565,'C','3341500771599','2022-08-19 09:08:38'),('2022-08-19',1621,3,1,2565,'C','3341500771599','2022-08-19 09:08:38'),('2022-08-19',1622,3,1,2565,'C','3341500771599','2022-08-19 09:08:38'),('2022-08-19',1619,4,1,2565,'C','3341500771599','2022-08-19 09:08:43'),('2022-08-19',1618,6,1,2565,'C','3341500771599','2022-08-19 09:08:48'),('2022-08-19',1606,7,1,2565,'C','3341500771599','2022-08-19 09:08:53'),('2022-08-19',1607,7,1,2565,'C','3341500771599','2022-08-19 09:08:53'),('2022-08-19',1604,9,1,2565,'C','3341500771599','2022-08-19 09:08:58'),('2022-08-19',1615,9,1,2565,'C','3341500771599','2022-08-19 09:08:58'),('2022-08-22',1620,2,1,2565,'C','3341500771599','2022-08-22 08:08:07'),('2022-08-22',1617,3,1,2565,'C','3341500771599','2022-08-22 08:08:13'),('2022-08-22',1621,3,1,2565,'C','3341500771599','2022-08-22 08:08:13'),('2022-08-22',1622,3,1,2565,'C','3341500771599','2022-08-22 08:08:13'),('2022-08-22',1619,4,1,2565,'C','3341500771599','2022-08-22 08:08:18'),('2022-08-22',1610,5,1,2565,'C','3341500771599','2022-08-22 08:08:28'),('2022-08-22',1618,6,1,2565,'C','3341500771599','2022-08-22 08:08:35'),('2022-08-22',1606,7,1,2565,'C','3341500771599','2022-08-22 08:08:43'),('2022-08-22',1607,7,1,2565,'C','3341500771599','2022-08-22 08:08:43'),('2022-08-22',1604,9,1,2565,'C','3341500771599','2022-08-22 08:08:51'),('2022-08-22',1615,9,1,2565,'C','3341500771599','2022-08-22 08:08:51'),('2022-08-24',1620,2,1,2565,'C','3341500771599','2022-08-24 10:08:50'),('2022-08-24',1617,3,1,2565,'C','3341500771599','2022-08-24 10:08:56'),('2022-08-24',1621,3,1,2565,'C','3341500771599','2022-08-24 10:08:56'),('2022-08-24',1622,3,1,2565,'C','3341500771599','2022-08-24 10:08:56'),('2022-08-24',1619,4,1,2565,'C','3341500771599','2022-08-24 10:08:01'),('2022-08-24',1610,5,1,2565,'C','3341500771599','2022-08-24 10:08:06'),('2022-08-24',1618,6,1,2565,'C','3341500771599','2022-08-24 10:08:11'),('2022-08-24',1606,7,1,2565,'C','3341500771599','2022-08-24 10:08:18'),('2022-08-24',1607,7,1,2565,'C','3341500771599','2022-08-24 10:08:18'),('2022-08-24',1604,9,1,2565,'C','3341500771599','2022-08-24 10:08:22'),('2022-08-24',1615,9,1,2565,'C','3341500771599','2022-08-24 10:08:22'),('2022-08-25',1620,2,1,2565,'C','3341500771599','2022-08-25 03:08:01'),('2022-08-25',1617,3,1,2565,'C','3341500771599','2022-08-25 03:08:07'),('2022-08-25',1621,3,1,2565,'C','3341500771599','2022-08-25 03:08:07'),('2022-08-25',1622,3,1,2565,'C','3341500771599','2022-08-25 03:08:07'),('2022-08-25',1619,4,1,2565,'C','3341500771599','2022-08-25 03:08:11'),('2022-08-25',1610,5,1,2565,'C','3341500771599','2022-08-25 03:08:23'),('2022-08-25',1618,6,1,2565,'C','3341500771599','2022-08-25 03:08:28'),('2022-08-25',1606,7,1,2565,'C','3341500771599','2022-08-25 03:08:37'),('2022-08-25',1607,7,1,2565,'C','3341500771599','2022-08-25 03:08:37'),('2022-08-25',1604,9,1,2565,'C','3341500771599','2022-08-25 03:08:42'),('2022-08-25',1615,9,1,2565,'C','3341500771599','2022-08-25 03:08:42'),('2022-08-26',1620,2,1,2565,'C','3341500771599','2022-08-26 09:08:22'),('2022-08-26',1617,3,1,2565,'C','3341500771599','2022-08-26 09:08:26'),('2022-08-26',1621,3,1,2565,'C','3341500771599','2022-08-26 09:08:26'),('2022-08-26',1622,3,1,2565,'C','3341500771599','2022-08-26 09:08:26'),('2022-08-26',1619,4,1,2565,'C','3341500771599','2022-08-26 09:08:32'),('2022-08-26',1610,5,1,2565,'C','3341500771599','2022-08-26 09:08:37'),('2022-08-26',1618,6,1,2565,'C','3341500771599','2022-08-26 09:08:41'),('2022-08-26',1606,7,1,2565,'C','3341500771599','2022-08-26 09:08:49'),('2022-08-26',1607,7,1,2565,'C','3341500771599','2022-08-26 09:08:49'),('2022-08-26',1604,9,1,2565,'C','3341500771599','2022-08-26 09:08:54'),('2022-08-26',1615,9,1,2565,'C','3341500771599','2022-08-26 09:08:54'),('2022-08-29',1620,2,1,2565,'C','3341500771599','2022-08-29 09:08:14'),('2022-08-29',1617,3,1,2565,'C','3341500771599','2022-08-29 09:08:34'),('2022-08-29',1621,3,1,2565,'C','3341500771599','2022-08-29 09:08:34'),('2022-08-29',1622,3,1,2565,'C','3341500771599','2022-08-29 09:08:34'),('2022-08-29',1619,4,1,2565,'C','3341500771599','2022-08-29 09:08:14'),('2022-08-29',1618,6,1,2565,'C','3341500771599','2022-08-29 10:08:56'),('2022-08-29',1606,7,1,2565,'C','3341500771599','2022-08-29 10:08:58'),('2022-08-29',1607,7,1,2565,'C','3341500771599','2022-08-29 10:08:58'),('2022-08-29',1604,9,1,2565,'C','3341500771599','2022-08-29 10:08:16'),('2022-08-29',1615,9,1,2565,'C','3341500771599','2022-08-29 10:08:16'),('2022-08-29',1610,5,1,2565,'C','3341500771599','2022-08-29 10:08:44'),('2022-08-30',1620,2,1,2565,'C','3341500771599','2022-08-30 08:08:39'),('2022-08-30',1617,3,1,2565,'C','3341500771599','2022-08-30 08:08:44'),('2022-08-30',1621,3,1,2565,'C','3341500771599','2022-08-30 08:08:44'),('2022-08-30',1622,3,1,2565,'C','3341500771599','2022-08-30 08:08:44'),('2022-08-30',1619,4,1,2565,'C','3341500771599','2022-08-30 08:08:51'),('2022-08-30',1610,5,1,2565,'C','3341500771599','2022-08-30 08:08:00'),('2022-08-30',1618,6,1,2565,'C','3341500771599','2022-08-30 08:08:09'),('2022-08-30',1606,7,1,2565,'C','3341500771599','2022-08-30 08:08:19'),('2022-08-30',1607,7,1,2565,'C','3341500771599','2022-08-30 08:08:19'),('2022-08-30',1604,9,1,2565,'C','3341500771599','2022-08-30 08:08:25'),('2022-08-30',1615,9,1,2565,'C','3341500771599','2022-08-30 08:08:25'),('2022-08-31',1620,2,1,2565,'C','3341500771599','2022-08-31 02:08:50'),('2022-08-31',1617,3,1,2565,'C','3341500771599','2022-08-31 02:08:55'),('2022-08-31',1621,3,1,2565,'C','3341500771599','2022-08-31 02:08:55'),('2022-08-31',1622,3,1,2565,'C','3341500771599','2022-08-31 02:08:55'),('2022-08-31',1619,4,1,2565,'C','3341500771599','2022-08-31 02:08:00'),('2022-08-31',1610,5,1,2565,'C','3341500771599','2022-08-31 02:08:06'),('2022-08-31',1618,6,1,2565,'C','3341500771599','2022-08-31 02:08:12'),('2022-08-31',1606,7,1,2565,'C','3341500771599','2022-08-31 02:08:19'),('2022-08-31',1607,7,1,2565,'C','3341500771599','2022-08-31 02:08:19'),('2022-08-31',1604,9,1,2565,'C','3341500771599','2022-08-31 02:08:25'),('2022-08-31',1615,9,1,2565,'C','3341500771599','2022-08-31 02:08:25'),('2022-09-01',1620,2,1,2565,'C','3341500771599','2022-09-01 02:09:13'),('2022-09-01',1617,3,1,2565,'C','3341500771599','2022-09-01 02:09:18'),('2022-09-01',1621,3,1,2565,'C','3341500771599','2022-09-01 02:09:18'),('2022-09-01',1622,3,1,2565,'C','3341500771599','2022-09-01 02:09:18'),('2022-09-01',1619,4,1,2565,'C','3341500771599','2022-09-01 02:09:23'),('2022-09-01',1610,5,1,2565,'C','3341500771599','2022-09-01 02:09:30'),('2022-09-01',1618,6,1,2565,'C','3341500771599','2022-09-01 02:09:37'),('2022-09-01',1606,7,1,2565,'C','3341500771599','2022-09-01 02:09:46'),('2022-09-01',1607,7,1,2565,'C','3341500771599','2022-09-01 02:09:46'),('2022-09-01',1604,9,1,2565,'C','3341500771599','2022-09-01 02:09:51'),('2022-09-01',1615,9,1,2565,'C','3341500771599','2022-09-01 02:09:51'),('2022-09-02',1620,2,1,2565,'C','3341500771599','2022-09-02 08:09:00'),('2022-09-02',1617,3,1,2565,'C','3341500771599','2022-09-02 08:09:07'),('2022-09-02',1621,3,1,2565,'C','3341500771599','2022-09-02 08:09:07'),('2022-09-02',1622,3,1,2565,'C','3341500771599','2022-09-02 08:09:07'),('2022-09-02',1619,4,1,2565,'C','3341500771599','2022-09-02 08:09:13'),('2022-09-02',1610,5,1,2565,'C','3341500771599','2022-09-02 08:09:18'),('2022-09-02',1618,6,1,2565,'C','3341500771599','2022-09-02 08:09:26'),('2022-09-02',1606,7,1,2565,'C','3341500771599','2022-09-02 08:09:31'),('2022-09-02',1607,7,1,2565,'C','3341500771599','2022-09-02 08:09:31'),('2022-09-02',1604,9,1,2565,'C','3341500771599','2022-09-02 08:09:36'),('2022-09-02',1615,9,1,2565,'C','3341500771599','2022-09-02 08:09:36'),('2022-09-05',1620,2,1,2565,'C','3341500771599','2022-09-06 07:09:02'),('2022-09-05',1617,3,1,2565,'C','3341500771599','2022-09-06 07:09:14'),('2022-09-05',1621,3,1,2565,'C','3341500771599','2022-09-06 07:09:14'),('2022-09-05',1622,3,1,2565,'C','3341500771599','2022-09-06 07:09:14'),('2022-09-05',1619,4,1,2565,'C','3341500771599','2022-09-06 07:09:28'),('2022-09-05',1610,5,1,2565,'C','3341500771599','2022-09-06 07:09:38'),('2022-09-05',1618,6,1,2565,'C','3341500771599','2022-09-06 07:09:50'),('2022-09-04',1606,7,1,2565,'C','3341500771599','2022-09-06 07:09:01'),('2022-09-04',1607,7,1,2565,'C','3341500771599','2022-09-06 07:09:01'),('2022-09-05',1604,9,1,2565,'C','3341500771599','2022-09-06 07:09:11'),('2022-09-05',1615,9,1,2565,'C','3341500771599','2022-09-06 07:09:11'),('2022-09-06',1620,2,1,2565,'C','3341500771599','2022-09-06 08:09:50'),('2022-09-06',1617,3,1,2565,'C','3341500771599','2022-09-06 08:09:56'),('2022-09-06',1621,3,1,2565,'C','3341500771599','2022-09-06 08:09:56'),('2022-09-06',1622,3,1,2565,'C','3341500771599','2022-09-06 08:09:56'),('2022-09-06',1619,4,1,2565,'C','3341500771599','2022-09-06 08:09:02'),('2022-09-06',1610,5,1,2565,'C','3341500771599','2022-09-06 08:09:08'),('2022-09-06',1618,6,1,2565,'C','3341500771599','2022-09-06 08:09:14'),('2022-09-06',1606,7,1,2565,'C','3341500771599','2022-09-06 08:09:23'),('2022-09-06',1607,7,1,2565,'C','3341500771599','2022-09-06 08:09:23'),('2022-09-06',1604,9,1,2565,'C','3341500771599','2022-09-06 08:09:29'),('2022-09-06',1615,9,1,2565,'C','3341500771599','2022-09-06 08:09:29'),('2022-09-07',1620,2,1,2565,'C','3341500771599','2022-09-07 10:09:32'),('2022-09-07',1617,3,1,2565,'C','3341500771599','2022-09-07 10:09:39'),('2022-09-07',1621,3,1,2565,'C','3341500771599','2022-09-07 10:09:39'),('2022-09-07',1622,3,1,2565,'C','3341500771599','2022-09-07 10:09:39'),('2022-09-07',1619,4,1,2565,'C','3341500771599','2022-09-07 10:09:45'),('2022-09-07',1610,5,1,2565,'C','3341500771599','2022-09-07 10:09:53'),('2022-09-07',1618,6,1,2565,'C','3341500771599','2022-09-07 10:09:02'),('2022-09-07',1606,7,1,2565,'C','3341500771599','2022-09-07 10:09:08'),('2022-09-07',1607,7,1,2565,'C','3341500771599','2022-09-07 10:09:08'),('2022-09-07',1604,9,1,2565,'C','3341500771599','2022-09-07 10:09:14'),('2022-09-07',1615,9,1,2565,'C','3341500771599','2022-09-07 10:09:14'),('2022-09-08',1620,2,1,2565,'C','3341500771599','2022-09-08 08:09:23'),('2022-09-08',1617,3,1,2565,'C','3341500771599','2022-09-08 08:09:29'),('2022-09-08',1621,3,1,2565,'C','3341500771599','2022-09-08 08:09:29'),('2022-09-08',1622,3,1,2565,'C','3341500771599','2022-09-08 08:09:29'),('2022-09-08',1619,4,1,2565,'C','3341500771599','2022-09-08 08:09:34'),('2022-09-08',1610,5,1,2565,'C','3341500771599','2022-09-08 08:09:43'),('2022-09-08',1618,6,1,2565,'C','3341500771599','2022-09-08 08:09:48'),('2022-09-08',1606,7,1,2565,'C','3341500771599','2022-09-08 08:09:57'),('2022-09-08',1607,7,1,2565,'C','3341500771599','2022-09-08 08:09:57'),('2022-09-08',1604,9,1,2565,'C','3341500771599','2022-09-08 08:09:07'),('2022-09-08',1615,9,1,2565,'C','3341500771599','2022-09-08 08:09:07'),('2022-09-09',1620,2,1,2565,'C','3341500771599','2022-09-09 01:09:55'),('2022-09-09',1617,3,1,2565,'C','3341500771599','2022-09-09 01:09:00'),('2022-09-09',1621,3,1,2565,'C','3341500771599','2022-09-09 01:09:00'),('2022-09-09',1622,3,1,2565,'C','3341500771599','2022-09-09 01:09:00'),('2022-09-09',1619,4,1,2565,'C','3341500771599','2022-09-09 01:09:06'),('2022-09-09',1610,5,1,2565,'C','3341500771599','2022-09-09 01:09:11'),('2022-09-09',1618,6,1,2565,'C','3341500771599','2022-09-09 01:09:17'),('2022-09-09',1606,7,1,2565,'C','3341500771599','2022-09-09 01:09:23'),('2022-09-09',1607,7,1,2565,'C','3341500771599','2022-09-09 01:09:23'),('2022-09-09',1604,9,1,2565,'C','3341500771599','2022-09-09 01:09:29'),('2022-09-09',1615,9,1,2565,'C','3341500771599','2022-09-09 01:09:29'),('2022-09-12',1620,2,1,2565,'C','3341500771599','2022-09-12 10:09:54'),('2022-09-12',1617,3,1,2565,'C','3341500771599','2022-09-12 10:09:58'),('2022-09-12',1621,3,1,2565,'C','3341500771599','2022-09-12 10:09:58'),('2022-09-12',1622,3,1,2565,'C','3341500771599','2022-09-12 10:09:58'),('2022-09-12',1619,4,1,2565,'C','3341500771599','2022-09-12 10:09:02'),('2022-09-13',1620,2,1,2565,'C','3341500771599','2022-09-13 08:09:01'),('2022-09-13',1617,3,1,2565,'C','3341500771599','2022-09-13 08:09:07'),('2022-09-13',1621,3,1,2565,'C','3341500771599','2022-09-13 08:09:07'),('2022-09-13',1622,3,1,2565,'C','3341500771599','2022-09-13 08:09:07'),('2022-09-13',1619,4,1,2565,'C','3341500771599','2022-09-13 08:09:12'),('2022-09-13',1610,5,1,2565,'C','3341500771599','2022-09-13 08:09:20'),('2022-09-13',1618,6,1,2565,'C','3341500771599','2022-09-13 08:09:26'),('2022-09-13',1606,7,1,2565,'C','3341500771599','2022-09-13 08:09:31'),('2022-09-13',1607,7,1,2565,'C','3341500771599','2022-09-13 08:09:31'),('2022-09-13',1604,9,1,2565,'C','3341500771599','2022-09-13 08:09:40'),('2022-09-13',1615,9,1,2565,'C','3341500771599','2022-09-13 08:09:40'),('2022-09-14',1620,2,1,2565,'C','3341500771599','2022-09-14 08:09:41'),('2022-09-14',1617,3,1,2565,'C','3341500771599','2022-09-14 08:09:46'),('2022-09-14',1621,3,1,2565,'C','3341500771599','2022-09-14 08:09:46'),('2022-09-14',1622,3,1,2565,'C','3341500771599','2022-09-14 08:09:46'),('2022-09-14',1619,4,1,2565,'C','3341500771599','2022-09-14 08:09:51'),('2022-09-14',1610,5,1,2565,'C','3341500771599','2022-09-14 08:09:56'),('2022-09-14',1618,6,1,2565,'C','3341500771599','2022-09-14 08:09:08'),('2022-09-14',1606,7,1,2565,'C','3341500771599','2022-09-14 08:09:14'),('2022-09-14',1607,7,1,2565,'C','3341500771599','2022-09-14 08:09:14'),('2022-09-14',1604,9,1,2565,'C','3341500771599','2022-09-14 08:09:33'),('2022-09-14',1615,9,1,2565,'C','3341500771599','2022-09-14 08:09:33'),('2022-09-15',1620,2,1,2565,'C','3341500771599','2022-09-15 11:09:33'),('2022-09-15',1617,3,1,2565,'C','3341500771599','2022-09-15 11:09:39'),('2022-09-15',1621,3,1,2565,'C','3341500771599','2022-09-15 11:09:39'),('2022-09-15',1622,3,1,2565,'C','3341500771599','2022-09-15 11:09:39'),('2022-09-15',1619,4,1,2565,'C','3341500771599','2022-09-15 11:09:44'),('2022-09-15',1610,5,1,2565,'C','3341500771599','2022-09-15 11:09:50'),('2022-09-15',1618,6,1,2565,'C','3341500771599','2022-09-15 11:09:04'),('2022-09-15',1606,7,1,2565,'C','3341500771599','2022-09-15 11:09:09'),('2022-09-15',1607,7,1,2565,'C','3341500771599','2022-09-15 11:09:09'),('2022-09-15',1604,9,1,2565,'C','3341500771599','2022-09-15 11:09:17'),('2022-09-15',1615,9,1,2565,'C','3341500771599','2022-09-15 11:09:17'),('2022-09-19',1620,2,1,2565,'C','3341500771599','2022-09-19 11:09:11'),('2022-09-19',1617,3,1,2565,'C','3341500771599','2022-09-19 11:09:16'),('2022-09-19',1621,3,1,2565,'C','3341500771599','2022-09-19 11:09:16'),('2022-09-19',1622,3,1,2565,'C','3341500771599','2022-09-19 11:09:16'),('2022-09-19',1619,4,1,2565,'C','3341500771599','2022-09-19 11:09:22'),('2022-09-19',1610,5,1,2565,'C','3341500771599','2022-09-19 01:09:22'),('2022-09-19',1618,6,1,2565,'C','3341500771599','2022-09-19 11:09:41'),('2022-09-19',1606,7,1,2565,'C','3341500771599','2022-09-19 11:09:45'),('2022-09-19',1607,7,1,2565,'C','3341500771599','2022-09-19 11:09:45'),('2022-09-19',1604,9,1,2565,'C','3341500771599','2022-09-19 11:09:51'),('2022-09-19',1615,9,1,2565,'C','3341500771599','2022-09-19 11:09:51'),('2022-09-19',1623,5,1,2565,'C','3341500771599','2022-09-19 01:09:22'),('2022-09-20',1620,2,1,2565,'C','3341500771599','2022-09-20 09:09:07'),('2022-09-20',1617,3,1,2565,'C','3341500771599','2022-09-20 09:09:14'),('2022-09-20',1621,3,1,2565,'C','3341500771599','2022-09-20 09:09:14'),('2022-09-20',1622,3,1,2565,'C','3341500771599','2022-09-20 09:09:14'),('2022-09-20',1619,4,1,2565,'C','3341500771599','2022-09-20 09:09:20'),('2022-09-20',1610,5,1,2565,'C','3341500771599','2022-09-20 09:09:26'),('2022-09-20',1623,5,1,2565,'C','3341500771599','2022-09-20 09:09:26'),('2022-09-20',1618,6,1,2565,'C','3341500771599','2022-09-20 09:09:32'),('2022-09-20',1606,7,1,2565,'C','3341500771599','2022-09-20 09:09:42'),('2022-09-20',1607,7,1,2565,'C','3341500771599','2022-09-20 09:09:42'),('2022-09-20',1604,9,1,2565,'C','3341500771599','2022-09-20 09:09:47'),('2022-09-20',1615,9,1,2565,'C','3341500771599','2022-09-20 09:09:47'),('2022-09-26',1620,2,1,2565,'C','3341500771599','2022-09-27 08:09:21'),('2022-09-26',1617,3,1,2565,'C','3341500771599','2022-09-27 08:09:37'),('2022-09-26',1621,3,1,2565,'C','3341500771599','2022-09-27 08:09:37'),('2022-09-26',1622,3,1,2565,'C','3341500771599','2022-09-27 08:09:37'),('2022-09-26',1619,4,1,2565,'C','3341500771599','2022-09-27 08:09:48'),('2022-09-26',1610,5,1,2565,'C','3341500771599','2022-09-27 08:09:05'),('2022-09-26',1623,5,1,2565,'C','3341500771599','2022-09-27 08:09:05'),('2022-09-26',1618,6,1,2565,'C','3341500771599','2022-09-27 08:09:16'),('2022-09-26',1604,9,1,2565,'C','3341500771599','2022-09-27 08:09:30'),('2022-09-26',1615,9,1,2565,'C','3341500771599','2022-09-27 08:09:30'),('2022-09-26',1606,7,1,2565,'C','3341500771599','2022-09-27 08:09:41'),('2022-09-26',1607,7,1,2565,'C','3341500771599','2022-09-27 08:09:41'),('2022-09-27',1620,2,1,2565,'C','3341500771599','2022-09-27 08:09:18'),('2022-11-01',1620,2,1,2565,'C','3341500771599','2022-12-08 08:12:30'),('2022-11-02',1617,3,1,2565,'C','3341500771599','2022-12-08 08:12:50'),('2022-11-02',1621,3,1,2565,'C','3341500771599','2022-12-08 08:12:50'),('2022-11-02',1622,3,1,2565,'C','3341500771599','2022-12-08 08:12:50'),('2022-11-02',1619,4,1,2565,'C','3341500771599','2022-12-08 08:12:08'),('2022-11-03',1610,5,1,2565,'C','3341500771599','2022-12-08 08:12:31'),('2022-11-03',1623,5,1,2565,'C','3341500771599','2022-12-08 08:12:31'),('2022-11-04',1618,6,1,2565,'C','3341500771599','2022-12-08 08:12:44'),('2022-11-04',1606,7,1,2565,'C','3341500771599','2022-12-08 08:12:59'),('2022-11-04',1607,7,1,2565,'C','3341500771599','2022-12-08 08:12:59'),('2022-11-07',1604,9,1,2565,'C','3341500771599','2022-12-08 08:12:14'),('2022-11-07',1615,9,1,2565,'C','3341500771599','2022-12-08 08:12:14'),('2022-11-08',1620,2,1,2565,'C','3341500771599','2022-12-08 08:12:37'),('2022-11-09',1617,3,1,2565,'C','3341500771599','2022-12-08 08:12:02'),('2022-11-09',1621,3,1,2565,'C','3341500771599','2022-12-08 08:12:02'),('2022-11-09',1622,3,1,2565,'C','3341500771599','2022-12-08 08:12:02'),('2022-11-09',1606,7,1,2565,'C','3341500771599','2022-12-08 08:12:17'),('2022-11-09',1607,7,1,2565,'C','3341500771599','2022-12-08 08:12:17'),('2022-11-09',1604,9,1,2565,'C','3341500771599','2022-12-08 08:12:39'),('2022-11-09',1615,9,1,2565,'C','3341500771599','2022-12-08 08:12:39'),('2022-11-10',1620,2,1,2565,'C','3341500771599','2022-12-08 08:12:52'),('2022-11-10',1617,3,1,2565,'C','3341500771599','2022-12-08 08:12:12'),('2022-11-10',1621,3,1,2565,'C','3341500771599','2022-12-08 08:12:12'),('2022-11-10',1622,3,1,2565,'C','3341500771599','2022-12-08 08:12:12'),('2022-11-10',1619,4,1,2565,'C','3341500771599','2022-12-08 08:12:26'),('2022-11-10',1610,5,1,2565,'C','3341500771599','2022-12-08 08:12:38'),('2022-11-10',1623,5,1,2565,'C','3341500771599','2022-12-08 08:12:38'),('2022-11-10',1618,6,1,2565,'C','3341500771599','2022-12-08 08:12:50'),('2022-11-10',1606,7,1,2565,'C','3341500771599','2022-12-08 08:12:06'),('2022-11-10',1607,7,1,2565,'C','3341500771599','2022-12-08 08:12:06'),('2022-11-10',1604,9,1,2565,'C','3341500771599','2022-12-08 08:12:19'),('2022-11-10',1615,9,1,2565,'C','3341500771599','2022-12-08 08:12:19'),('2022-11-11',1620,2,1,2565,'C','3341500771599','2022-12-08 08:12:35'),('2022-11-11',1617,3,1,2565,'C','3341500771599','2022-12-08 08:12:48'),('2022-11-11',1621,3,1,2565,'C','3341500771599','2022-12-08 08:12:48'),('2022-11-11',1622,3,1,2565,'C','3341500771599','2022-12-08 08:12:48'),('2022-11-11',1619,4,1,2565,'C','3341500771599','2022-12-08 08:12:01'),('2022-11-11',1610,5,1,2565,'C','3341500771599','2022-12-08 08:12:15'),('2022-11-11',1623,5,1,2565,'C','3341500771599','2022-12-08 08:12:15'),('2022-11-11',1618,6,1,2565,'C','3341500771599','2022-12-08 08:12:29'),('2022-11-11',1606,7,1,2565,'C','3341500771599','2022-12-08 08:12:45'),('2022-11-11',1607,7,1,2565,'C','3341500771599','2022-12-08 08:12:45'),('2022-11-11',1604,9,1,2565,'C','3341500771599','2022-12-08 08:12:02'),('2022-11-11',1615,9,1,2565,'C','3341500771599','2022-12-08 08:12:02'),('2022-11-14',1620,2,1,2565,'C','3341500771599','2022-12-08 08:12:24'),('2022-11-14',1617,3,1,2565,'C','3341500771599','2022-12-08 08:12:39'),('2022-11-14',1621,3,1,2565,'C','3341500771599','2022-12-08 08:12:39'),('2022-11-14',1622,3,1,2565,'C','3341500771599','2022-12-08 08:12:39'),('2022-11-14',1619,4,1,2565,'C','3341500771599','2022-12-08 08:12:56'),('2022-11-14',1610,5,1,2565,'C','3341500771599','2022-12-08 08:12:08'),('2022-11-14',1623,5,1,2565,'C','3341500771599','2022-12-08 08:12:08'),('2022-11-14',1618,6,1,2565,'C','3341500771599','2022-12-08 08:12:20'),('2022-11-14',1606,7,1,2565,'C','3341500771599','2022-12-08 08:12:40'),('2022-11-14',1607,7,1,2565,'C','3341500771599','2022-12-08 08:12:40'),('2022-11-14',1604,9,1,2565,'C','3341500771599','2022-12-08 08:12:52'),('2022-11-14',1615,9,1,2565,'C','3341500771599','2022-12-08 08:12:52'),('2022-11-15',1620,2,1,2565,'C','3341500771599','2022-12-08 08:12:19'),('2022-11-15',1617,3,1,2565,'C','3341500771599','2022-12-08 08:12:40'),('2022-11-15',1621,3,1,2565,'C','3341500771599','2022-12-08 08:12:40'),('2022-11-15',1622,3,1,2565,'C','3341500771599','2022-12-08 08:12:40'),('2022-11-15',1619,4,1,2565,'C','3341500771599','2022-12-08 08:12:32'),('2022-11-15',1610,5,1,2565,'C','3341500771599','2022-12-08 08:12:47'),('2022-11-15',1623,5,1,2565,'C','3341500771599','2022-12-08 08:12:47'),('2022-11-15',1618,6,1,2565,'C','3341500771599','2022-12-08 08:12:30'),('2022-11-16',1618,6,1,2565,'C','3341500771599','2022-12-08 08:12:43'),('2022-11-15',1606,7,1,2565,'C','3341500771599','2022-12-08 08:12:10'),('2022-11-15',1607,7,1,2565,'C','3341500771599','2022-12-08 08:12:10'),('2022-11-15',1604,9,1,2565,'C','3341500771599','2022-12-08 08:12:22'),('2022-11-15',1615,9,1,2565,'C','3341500771599','2022-12-08 08:12:22'),('2022-12-01',1620,2,1,2565,'C','3341500771599','2022-12-08 09:12:02'),('2022-12-01',1617,3,1,2565,'C','3341500771599','2022-12-08 09:12:11'),('2022-12-01',1621,3,1,2565,'C','3341500771599','2022-12-08 09:12:11'),('2022-12-01',1622,3,1,2565,'C','3341500771599','2022-12-08 09:12:11'),('2022-12-01',1619,4,1,2565,'C','3341500771599','2022-12-08 09:12:20'),('2022-12-01',1610,5,1,2565,'C','3341500771599','2022-12-08 09:12:29'),('2022-12-01',1623,5,1,2565,'C','3341500771599','2022-12-08 09:12:29'),('2022-12-01',1618,6,1,2565,'C','3341500771599','2022-12-08 09:12:38'),('2022-12-01',1606,7,1,2565,'C','3341500771599','2022-12-08 09:12:49'),('2022-12-01',1607,7,1,2565,'C','3341500771599','2022-12-08 09:12:49'),('2022-12-01',1604,9,1,2565,'C','3341500771599','2022-12-08 09:12:58'),('2022-12-01',1615,9,1,2565,'C','3341500771599','2022-12-08 09:12:58'),('2022-12-02',1620,2,1,2565,'C','3341500771599','2022-12-08 09:12:08'),('2022-12-02',1617,3,1,2565,'C','3341500771599','2022-12-08 09:12:20'),('2022-12-02',1621,3,1,2565,'C','3341500771599','2022-12-08 09:12:20'),('2022-12-02',1622,3,1,2565,'C','3341500771599','2022-12-08 09:12:20'),('2022-12-02',1619,4,1,2565,'C','3341500771599','2022-12-08 09:12:31'),('2022-12-02',1610,5,1,2565,'C','3341500771599','2022-12-08 09:12:40'),('2022-12-02',1623,5,1,2565,'C','3341500771599','2022-12-08 09:12:40'),('2022-12-02',1618,6,1,2565,'C','3341500771599','2022-12-08 09:12:49'),('2022-12-02',1606,7,1,2565,'C','3341500771599','2022-12-08 09:12:06'),('2022-12-02',1607,7,1,2565,'C','3341500771599','2022-12-08 09:12:06'),('2022-12-05',1620,2,1,2565,'C','3341500771599','2022-12-08 09:12:22'),('2022-12-05',1617,3,1,2565,'C','3341500771599','2022-12-08 09:12:31'),('2022-12-05',1621,3,1,2565,'C','3341500771599','2022-12-08 09:12:31'),('2022-12-05',1622,3,1,2565,'C','3341500771599','2022-12-08 09:12:31'),('2022-12-05',1619,4,1,2565,'C','3341500771599','2022-12-08 09:12:42'),('2022-12-05',1610,5,1,2565,'C','3341500771599','2022-12-08 09:12:52'),('2022-12-05',1623,5,1,2565,'C','3341500771599','2022-12-08 09:12:52'),('2022-12-05',1618,6,1,2565,'C','3341500771599','2022-12-08 09:12:02'),('2022-12-05',1606,7,1,2565,'C','3341500771599','2022-12-08 09:12:23'),('2022-12-05',1607,7,1,2565,'C','3341500771599','2022-12-08 09:12:23'),('2022-12-05',1604,9,1,2565,'C','3341500771599','2022-12-08 09:12:36'),('2022-12-05',1615,9,1,2565,'C','3341500771599','2022-12-08 09:12:36'),('2022-12-06',1620,2,1,2565,'C','3341500771599','2022-12-08 09:12:13'),('2022-12-06',1617,3,1,2565,'C','3341500771599','2022-12-08 09:12:22'),('2022-12-06',1621,3,1,2565,'C','3341500771599','2022-12-08 09:12:22'),('2022-12-06',1622,3,1,2565,'C','3341500771599','2022-12-08 09:12:22'),('2022-12-06',1619,4,1,2565,'C','3341500771599','2022-12-08 09:12:31'),('2022-12-06',1610,5,1,2565,'C','3341500771599','2022-12-08 09:12:52'),('2022-12-06',1623,5,1,2565,'C','3341500771599','2022-12-08 09:12:52'),('2022-12-06',1618,6,1,2565,'C','3341500771599','2022-12-08 09:12:03'),('2022-12-06',1606,7,1,2565,'C','3341500771599','2022-12-08 09:12:33'),('2022-12-06',1607,7,1,2565,'C','3341500771599','2022-12-08 09:12:33'),('2022-12-06',1604,9,1,2565,'C','3341500771599','2022-12-08 09:12:46'),('2022-12-06',1615,9,1,2565,'C','3341500771599','2022-12-08 09:12:46'),('2022-12-07',1620,2,1,2565,'C','3341500771599','2022-12-08 09:12:54'),('2022-12-07',1617,3,1,2565,'C','3341500771599','2022-12-08 09:12:04'),('2022-12-07',1621,3,1,2565,'C','3341500771599','2022-12-08 09:12:04'),('2022-12-07',1622,3,1,2565,'C','3341500771599','2022-12-08 09:12:04'),('2022-12-07',1619,4,1,2565,'C','3341500771599','2022-12-08 09:12:14'),('2022-12-08',1620,2,1,2565,'C','3341500771599','2022-12-08 10:12:47'),('2022-12-08',1617,3,1,2565,'C','3341500771599','2022-12-08 10:12:52'),('2022-12-08',1621,3,1,2565,'C','3341500771599','2022-12-08 10:12:52'),('2022-12-08',1622,3,1,2565,'C','3341500771599','2022-12-08 10:12:52'),('2022-12-08',1619,4,1,2565,'C','3341500771599','2022-12-08 10:12:58'),('2022-12-08',1610,5,1,2565,'C','3341500771599','2022-12-08 10:12:06'),('2022-12-08',1623,5,1,2565,'C','3341500771599','2022-12-08 10:12:06'),('2022-12-08',1618,6,1,2565,'C','3341500771599','2022-12-08 10:12:12'),('2022-12-08',1606,7,1,2565,'C','3341500771599','2022-12-08 10:12:17'),('2022-12-08',1607,7,1,2565,'C','3341500771599','2022-12-08 10:12:17'),('2022-12-08',1604,9,1,2565,'C','3341500771599','2022-12-08 10:12:26'),('2022-12-08',1615,9,1,2565,'C','3341500771599','2022-12-08 10:12:26'),('2022-12-09',1620,2,1,2565,'C','3341500771599','2022-12-09 02:12:42'),('2022-12-09',1617,3,1,2565,'C','3341500771599','2022-12-09 02:12:48'),('2022-12-09',1621,3,1,2565,'C','3341500771599','2022-12-09 02:12:48'),('2022-12-09',1622,3,1,2565,'C','3341500771599','2022-12-09 02:12:48'),('2022-12-09',1619,4,1,2565,'C','3341500771599','2022-12-09 02:12:53'),('2022-12-09',1610,5,1,2565,'C','3341500771599','2022-12-09 02:12:58'),('2022-12-09',1623,5,1,2565,'C','3341500771599','2022-12-09 02:12:58'),('2022-12-09',1618,6,1,2565,'C','3341500771599','2022-12-09 02:12:07'),('2022-12-09',1606,7,1,2565,'C','3341500771599','2022-12-09 02:12:12'),('2022-12-09',1607,7,1,2565,'C','3341500771599','2022-12-09 02:12:12'),('2022-12-09',1604,9,1,2565,'C','3341500771599','2022-12-09 02:12:18'),('2022-12-09',1615,9,1,2565,'C','3341500771599','2022-12-09 02:12:18'),('2022-12-13',1620,2,1,2565,'C','3341500771599','2022-12-16 08:12:40'),('2022-12-13',1617,3,1,2565,'C','3341500771599','2022-12-16 08:12:53'),('2022-12-13',1621,3,1,2565,'C','3341500771599','2022-12-16 08:12:53'),('2022-12-13',1622,3,1,2565,'C','3341500771599','2022-12-16 08:12:53'),('2022-12-13',1619,4,1,2565,'C','3341500771599','2022-12-16 08:12:05'),('2022-12-13',1610,5,1,2565,'C','3341500771599','2022-12-16 08:12:18'),('2022-12-13',1623,5,1,2565,'C','3341500771599','2022-12-16 08:12:18'),('2022-12-13',1606,7,1,2565,'C','3341500771599','2022-12-16 08:12:44'),('2022-12-13',1607,7,1,2565,'C','3341500771599','2022-12-16 08:12:44'),('2022-12-13',1604,9,1,2565,'C','3341500771599','2022-12-16 08:12:59'),('2022-12-13',1615,9,1,2565,'C','3341500771599','2022-12-16 08:12:59'),('2022-12-14',1620,2,1,2565,'C','3341500771599','2022-12-16 08:12:43'),('2022-12-14',1617,3,1,2565,'C','3341500771599','2022-12-16 08:12:01'),('2022-12-14',1621,3,1,2565,'C','3341500771599','2022-12-16 08:12:01'),('2022-12-14',1622,3,1,2565,'C','3341500771599','2022-12-16 08:12:01'),('2022-12-14',1619,4,1,2565,'C','3341500771599','2022-12-16 08:12:17'),('2022-12-14',1610,5,1,2565,'C','3341500771599','2022-12-16 08:12:28'),('2022-12-14',1623,5,1,2565,'C','3341500771599','2022-12-16 08:12:28'),('2022-12-14',1604,9,1,2565,'C','3341500771599','2022-12-16 08:12:38'),('2022-12-14',1615,9,1,2565,'C','3341500771599','2022-12-16 08:12:38'),('2022-12-15',1620,2,1,2565,'C','3341500771599','2022-12-16 08:12:23'),('2022-12-15',1617,3,1,2565,'C','3341500771599','2022-12-16 08:12:37'),('2022-12-15',1621,3,1,2565,'C','3341500771599','2022-12-16 08:12:37'),('2022-12-15',1622,3,1,2565,'C','3341500771599','2022-12-16 08:12:37'),('2022-12-15',1619,4,1,2565,'C','3341500771599','2022-12-16 08:12:50'),('2022-12-15',1610,5,1,2565,'C','3341500771599','2022-12-16 08:12:02'),('2022-12-15',1623,5,1,2565,'C','3341500771599','2022-12-16 08:12:02'),('2022-12-15',1618,6,1,2565,'C','3341500771599','2022-12-16 08:12:51'),('2022-12-15',1606,7,1,2565,'C','3341500771599','2022-12-16 08:12:04'),('2022-12-15',1607,7,1,2565,'C','3341500771599','2022-12-16 08:12:04'),('2022-12-15',1604,9,1,2565,'C','3341500771599','2022-12-16 08:12:15'),('2022-12-15',1615,9,1,2565,'C','3341500771599','2022-12-16 08:12:15'),('2022-12-16',1620,2,1,2565,'C','3341500771599','2022-12-19 10:12:46'),('2022-12-16',1617,3,1,2565,'C','3341500771599','2022-12-19 10:12:56'),('2022-12-16',1621,3,1,2565,'C','3341500771599','2022-12-19 10:12:56'),('2022-12-16',1622,3,1,2565,'C','3341500771599','2022-12-19 10:12:56'),('2022-12-16',1619,4,1,2565,'C','3341500771599','2022-12-19 10:12:08'),('2022-12-16',1610,5,1,2565,'C','3341500771599','2022-12-19 10:12:19'),('2022-12-16',1623,5,1,2565,'C','3341500771599','2022-12-19 10:12:19'),('2022-12-16',1618,6,1,2565,'C','3341500771599','2022-12-19 10:12:31'),('2022-12-16',1606,7,1,2565,'C','3341500771599','2022-12-19 10:12:48'),('2022-12-16',1607,7,1,2565,'C','3341500771599','2022-12-19 10:12:48'),('2022-12-16',1604,9,1,2565,'C','3341500771599','2022-12-19 10:12:58'),('2022-12-16',1615,9,1,2565,'C','3341500771599','2022-12-19 10:12:58'),('2022-12-19',1620,2,1,2565,'C','3341500771599','2022-12-19 10:12:38'),('2022-12-19',1617,3,1,2565,'C','3341500771599','2022-12-19 10:12:02'),('2022-12-19',1621,3,1,2565,'C','3341500771599','2022-12-19 10:12:02'),('2022-12-19',1622,3,1,2565,'C','3341500771599','2022-12-19 10:12:02'),('2022-12-19',1619,4,1,2565,'C','3341500771599','2022-12-19 10:12:08'),('2022-12-19',1610,5,1,2565,'C','3341500771599','2022-12-19 10:12:13'),('2022-12-19',1623,5,1,2565,'C','3341500771599','2022-12-19 10:12:13'),('2022-12-19',1606,7,1,2565,'C','3341500771599','2022-12-19 10:12:19'),('2022-12-19',1607,7,1,2565,'C','3341500771599','2022-12-19 10:12:19'),('2022-12-19',1604,9,1,2565,'C','3341500771599','2022-12-19 10:12:24'),('2022-12-19',1615,9,1,2565,'C','3341500771599','2022-12-19 10:12:24'),('2022-12-20',1620,2,1,2565,'C','3341500771599','2022-12-20 09:12:05'),('2022-12-20',1617,3,1,2565,'C','3341500771599','2022-12-20 09:12:11'),('2022-12-20',1621,3,1,2565,'C','3341500771599','2022-12-20 09:12:11'),('2022-12-20',1622,3,1,2565,'C','3341500771599','2022-12-20 09:12:11'),('2022-12-20',1619,4,1,2565,'C','3341500771599','2022-12-20 09:12:19'),('2022-12-20',1610,5,1,2565,'C','3341500771599','2022-12-20 09:12:26'),('2022-12-20',1623,5,1,2565,'C','3341500771599','2022-12-20 09:12:26'),('2022-12-20',1618,6,1,2565,'C','3341500771599','2022-12-20 09:12:38'),('2022-12-20',1606,7,1,2565,'C','3341500771599','2022-12-20 09:12:44'),('2022-12-20',1607,7,1,2565,'C','3341500771599','2022-12-20 09:12:44'),('2022-12-20',1604,9,1,2565,'C','3341500771599','2022-12-20 09:12:54'),('2022-12-20',1615,9,1,2565,'C','3341500771599','2022-12-20 09:12:54'),('2022-12-21',1620,2,1,2565,'C','3341500771599','2022-12-26 08:12:11'),('2022-12-21',1617,3,1,2565,'C','3341500771599','2022-12-26 08:12:25'),('2022-12-21',1621,3,1,2565,'C','3341500771599','2022-12-26 08:12:25'),('2022-12-21',1622,3,1,2565,'C','3341500771599','2022-12-26 08:12:25'),('2022-12-21',1619,4,1,2565,'C','3341500771599','2022-12-26 08:12:36'),('2022-12-21',1610,5,1,2565,'C','3341500771599','2022-12-26 08:12:48'),('2022-12-21',1623,5,1,2565,'C','3341500771599','2022-12-26 08:12:48'),('2022-12-21',1618,6,1,2565,'C','3341500771599','2022-12-26 08:12:57'),('2022-12-21',1606,7,1,2565,'C','3341500771599','2022-12-26 08:12:07'),('2022-12-21',1607,7,1,2565,'C','3341500771599','2022-12-26 08:12:07'),('2022-12-21',1604,9,1,2565,'C','3341500771599','2022-12-26 08:12:18'),('2022-12-21',1615,9,1,2565,'C','3341500771599','2022-12-26 08:12:18'),('2022-12-22',1620,2,1,2565,'C','3341500771599','2022-12-26 08:12:30'),('2022-12-22',1617,3,1,2565,'C','3341500771599','2022-12-26 08:12:41'),('2022-12-22',1621,3,1,2565,'C','3341500771599','2022-12-26 08:12:41'),('2022-12-22',1622,3,1,2565,'C','3341500771599','2022-12-26 08:12:41'),('2022-12-22',1619,4,1,2565,'C','3341500771599','2022-12-26 08:12:51'),('2022-12-22',1610,5,1,2565,'C','3341500771599','2022-12-26 08:12:01'),('2022-12-22',1623,5,1,2565,'C','3341500771599','2022-12-26 08:12:01'),('2022-12-23',1610,5,1,2565,'C','3341500771599','2022-12-26 08:12:14'),('2022-12-23',1623,5,1,2565,'C','3341500771599','2022-12-26 08:12:14'),('2022-12-22',1618,6,1,2565,'C','3341500771599','2022-12-26 08:12:24'),('2022-12-22',1606,7,1,2565,'C','3341500771599','2022-12-26 08:12:33'),('2022-12-22',1607,7,1,2565,'C','3341500771599','2022-12-26 08:12:33'),('2022-12-22',1604,9,1,2565,'C','3341500771599','2022-12-26 08:12:43'),('2022-12-22',1615,9,1,2565,'C','3341500771599','2022-12-26 08:12:43'),('2022-12-23',1620,2,1,2565,'C','3341500771599','2022-12-26 08:12:53'),('2022-12-23',1617,3,1,2565,'C','3341500771599','2022-12-26 08:12:02'),('2022-12-23',1621,3,1,2565,'C','3341500771599','2022-12-26 08:12:02'),('2022-12-23',1622,3,1,2565,'C','3341500771599','2022-12-26 08:12:02'),('2022-12-23',1619,4,1,2565,'C','3341500771599','2022-12-26 08:12:11'),('2022-12-23',1606,7,1,2565,'C','3341500771599','2022-12-26 08:12:45'),('2022-12-23',1607,7,1,2565,'C','3341500771599','2022-12-26 08:12:45'),('2022-12-23',1604,9,1,2565,'C','3341500771599','2022-12-26 08:12:54'),('2022-12-23',1615,9,1,2565,'C','3341500771599','2022-12-26 08:12:54'),('2022-12-28',1620,2,1,2565,'C','3341500771599','2023-01-02 08:01:36'),('2022-12-28',1617,3,1,2565,'C','3341500771599','2023-01-02 08:01:49'),('2022-12-28',1621,3,1,2565,'C','3341500771599','2023-01-02 08:01:49'),('2022-12-28',1622,3,1,2565,'C','3341500771599','2023-01-02 08:01:49'),('2022-12-28',1619,4,1,2565,'C','3341500771599','2023-01-02 08:01:01'),('2022-12-28',1610,5,1,2565,'C','3341500771599','2023-01-02 08:01:12'),('2022-12-28',1623,5,1,2565,'C','3341500771599','2023-01-02 08:01:12'),('2022-12-28',1618,6,1,2565,'C','3341500771599','2023-01-02 08:01:26'),('2022-12-28',1606,7,1,2565,'C','3341500771599','2023-01-02 08:01:42'),('2022-12-28',1607,7,1,2565,'C','3341500771599','2023-01-02 08:01:42'),('2022-12-28',1604,9,1,2565,'C','3341500771599','2023-01-02 08:01:54'),('2022-12-28',1615,9,1,2565,'C','3341500771599','2023-01-02 08:01:54'),('2022-12-29',1620,2,1,2565,'C','3341500771599','2023-01-02 08:01:06'),('2022-12-29',1617,3,1,2565,'C','3341500771599','2023-01-02 08:01:17'),('2022-12-29',1621,3,1,2565,'C','3341500771599','2023-01-02 08:01:17'),('2022-12-29',1622,3,1,2565,'C','3341500771599','2023-01-02 08:01:17'),('2022-12-29',1619,4,1,2565,'C','3341500771599','2023-01-02 08:01:28'),('2022-12-29',1610,5,1,2565,'C','3341500771599','2023-01-02 08:01:49'),('2022-12-29',1623,5,1,2565,'C','3341500771599','2023-01-02 08:01:49'),('2022-12-29',1618,6,1,2565,'C','3341500771599','2023-01-02 08:01:02'),('2022-12-29',1606,7,1,2565,'C','3341500771599','2023-01-02 08:01:22'),('2022-12-29',1607,7,1,2565,'C','3341500771599','2023-01-02 08:01:22'),('2022-12-29',1604,9,1,2565,'C','3341500771599','2023-01-02 08:01:35'),('2022-12-29',1615,9,1,2565,'C','3341500771599','2023-01-02 08:01:35'),('2023-01-03',1620,2,1,2565,'C','3341500771599','2023-01-03 02:01:06'),('2023-01-03',1617,3,1,2565,'C','3341500771599','2023-01-03 02:01:11'),('2023-01-03',1621,3,1,2565,'C','3341500771599','2023-01-03 02:01:11'),('2023-01-03',1622,3,1,2565,'C','3341500771599','2023-01-03 02:01:11'),('2023-01-03',1619,4,1,2565,'C','3341500771599','2023-01-03 02:01:17'),('2023-01-03',1610,5,1,2565,'C','3341500771599','2023-01-03 02:01:22'),('2023-01-03',1623,5,1,2565,'C','3341500771599','2023-01-03 02:01:22'),('2023-01-03',1618,6,1,2565,'C','3341500771599','2023-01-03 02:01:39'),('2023-01-03',1606,7,1,2565,'C','3341500771599','2023-01-03 02:01:43'),('2023-01-03',1607,7,1,2565,'C','3341500771599','2023-01-03 02:01:43'),('2023-01-03',1604,9,1,2565,'C','3341500771599','2023-01-03 02:01:49'),('2023-01-03',1615,9,1,2565,'C','3341500771599','2023-01-03 02:01:49'),('2023-01-04',1620,2,1,2565,'C','3341500771599','2023-01-04 12:01:56'),('2023-01-04',1617,3,1,2565,'C','3341500771599','2023-01-04 12:01:03'),('2023-01-04',1621,3,1,2565,'C','3341500771599','2023-01-04 12:01:03'),('2023-01-04',1622,3,1,2565,'C','3341500771599','2023-01-04 12:01:03'),('2023-01-04',1619,4,1,2565,'C','3341500771599','2023-01-04 12:01:11'),('2023-01-04',1610,5,1,2565,'C','3341500771599','2023-01-04 12:01:18'),('2023-01-04',1623,5,1,2565,'C','3341500771599','2023-01-04 12:01:18'),('2023-01-04',1618,6,1,2565,'C','3341500771599','2023-01-04 12:01:26'),('2023-01-04',1606,7,1,2565,'C','3341500771599','2023-01-04 12:01:33'),('2023-01-04',1607,7,1,2565,'C','3341500771599','2023-01-04 12:01:33'),('2023-01-04',1604,9,1,2565,'C','3341500771599','2023-01-04 12:01:38'),('2023-01-04',1615,9,1,2565,'C','3341500771599','2023-01-04 12:01:38'),('2023-01-05',1620,2,1,2565,'C','3341500771599','2023-01-05 10:01:59'),('2023-01-05',1617,3,1,2565,'C','3341500771599','2023-01-05 10:01:06'),('2023-01-05',1621,3,1,2565,'C','3341500771599','2023-01-05 10:01:06'),('2023-01-05',1622,3,1,2565,'C','3341500771599','2023-01-05 10:01:06'),('2023-01-05',1619,4,1,2565,'C','3341500771599','2023-01-05 10:01:16'),('2023-01-05',1610,5,1,2565,'C','3341500771599','2023-01-05 10:01:23'),('2023-01-05',1623,5,1,2565,'C','3341500771599','2023-01-05 10:01:23'),('2023-01-05',1618,6,1,2565,'C','3341500771599','2023-01-05 10:01:30'),('2023-01-05',1606,7,1,2565,'C','3341500771599','2023-01-05 10:01:38'),('2023-01-05',1607,7,1,2565,'C','3341500771599','2023-01-05 10:01:38'),('2023-01-05',1604,9,1,2565,'C','3341500771599','2023-01-05 10:01:43'),('2023-01-05',1615,9,1,2565,'C','3341500771599','2023-01-05 10:01:43'),('2023-01-06',1620,2,1,2565,'C','3341500771599','2023-01-06 09:01:40'),('2023-01-06',1617,3,1,2565,'C','3341500771599','2023-01-06 09:01:46'),('2023-01-06',1621,3,1,2565,'C','3341500771599','2023-01-06 09:01:46'),('2023-01-06',1622,3,1,2565,'C','3341500771599','2023-01-06 09:01:46'),('2023-01-06',1619,4,1,2565,'C','3341500771599','2023-01-06 09:01:51'),('2023-01-06',1610,5,1,2565,'C','3341500771599','2023-01-06 09:01:55'),('2023-01-06',1623,5,1,2565,'C','3341500771599','2023-01-06 09:01:55'),('2023-01-06',1618,6,1,2565,'C','3341500771599','2023-01-06 09:01:01'),('2023-01-06',1606,7,1,2565,'C','3341500771599','2023-01-06 09:01:07'),('2023-01-06',1607,7,1,2565,'C','3341500771599','2023-01-06 09:01:07'),('2023-01-06',1604,9,1,2565,'C','3341500771599','2023-01-06 09:01:16'),('2023-01-06',1615,9,1,2565,'C','3341500771599','2023-01-06 09:01:16'),('2023-01-09',1620,2,1,2565,'C','3341500771599','2023-01-09 11:01:19'),('2023-01-09',1617,3,1,2565,'C','3341500771599','2023-01-09 11:01:26'),('2023-01-09',1621,3,1,2565,'C','3341500771599','2023-01-09 11:01:26'),('2023-01-09',1622,3,1,2565,'C','3341500771599','2023-01-09 11:01:26'),('2023-01-09',1619,4,1,2565,'C','3341500771599','2023-01-09 11:01:32'),('2023-01-09',1610,5,1,2565,'C','3341500771599','2023-01-09 11:01:42'),('2023-01-09',1623,5,1,2565,'C','3341500771599','2023-01-09 11:01:42'),('2023-01-09',1618,6,1,2565,'C','3341500771599','2023-01-09 11:01:48'),('2023-01-09',1606,7,1,2565,'C','3341500771599','2023-01-09 11:01:54'),('2023-01-09',1607,7,1,2565,'C','3341500771599','2023-01-09 11:01:54'),('2023-01-09',1604,9,1,2565,'C','3341500771599','2023-01-09 11:01:02'),('2023-01-09',1615,9,1,2565,'C','3341500771599','2023-01-09 11:01:02'),('2023-01-10',1620,2,1,2565,'C','3341500771599','2023-01-10 11:01:53'),('2023-01-10',1617,3,1,2565,'C','3341500771599','2023-01-10 11:01:59'),('2023-01-10',1621,3,1,2565,'C','3341500771599','2023-01-10 11:01:59'),('2023-01-10',1622,3,1,2565,'C','3341500771599','2023-01-10 11:01:59'),('2023-01-10',1619,4,1,2565,'C','3341500771599','2023-01-10 11:01:04'),('2023-01-10',1610,5,1,2565,'C','3341500771599','2023-01-10 11:01:12'),('2023-01-10',1623,5,1,2565,'C','3341500771599','2023-01-10 11:01:12'),('2023-01-10',1618,6,1,2565,'C','3341500771599','2023-01-10 11:01:25'),('2023-01-10',1606,7,1,2565,'C','3341500771599','2023-01-10 11:01:30'),('2023-01-10',1607,7,1,2565,'C','3341500771599','2023-01-10 11:01:30'),('2023-01-10',1604,9,1,2565,'C','3341500771599','2023-01-10 11:01:34'),('2023-01-10',1615,9,1,2565,'C','3341500771599','2023-01-10 11:01:34'),('2023-01-12',1620,2,1,2565,'C','3341500771599','2023-01-13 08:01:25'),('2023-01-12',1617,3,1,2565,'C','3341500771599','2023-01-13 08:01:41'),('2023-01-12',1621,3,1,2565,'C','3341500771599','2023-01-13 08:01:41'),('2023-01-12',1622,3,1,2565,'C','3341500771599','2023-01-13 08:01:41'),('2023-01-12',1619,4,1,2565,'C','3341500771599','2023-01-13 08:01:50'),('2023-01-12',1610,5,1,2565,'C','3341500771599','2023-01-13 08:01:58'),('2023-01-12',1623,5,1,2565,'C','3341500771599','2023-01-13 08:01:58'),('2023-01-12',1618,6,1,2565,'C','3341500771599','2023-01-13 08:01:08'),('2023-01-12',1606,7,1,2565,'C','3341500771599','2023-01-13 08:01:19'),('2023-01-12',1607,7,1,2565,'C','3341500771599','2023-01-13 08:01:19'),('2023-01-12',1604,9,1,2565,'C','3341500771599','2023-01-13 08:01:27'),('2023-01-12',1615,9,1,2565,'C','3341500771599','2023-01-13 08:01:27'),('2023-01-17',1620,2,1,2565,'C','3341500771599','2023-01-19 08:01:08'),('2023-01-17',1617,3,1,2565,'C','3341500771599','2023-01-19 08:01:17'),('2023-01-17',1621,3,1,2565,'C','3341500771599','2023-01-19 08:01:17'),('2023-01-17',1622,3,1,2565,'C','3341500771599','2023-01-19 08:01:17'),('2023-01-17',1619,4,1,2565,'C','3341500771599','2023-01-19 08:01:26'),('2023-01-17',1610,5,1,2565,'C','3341500771599','2023-01-19 08:01:35'),('2023-01-17',1623,5,1,2565,'C','3341500771599','2023-01-19 08:01:35'),('2023-01-17',1618,6,1,2565,'C','3341500771599','2023-01-19 08:01:45'),('2023-01-17',1606,7,1,2565,'C','3341500771599','2023-01-19 08:01:55'),('2023-01-17',1607,7,1,2565,'C','3341500771599','2023-01-19 08:01:55'),('2023-01-17',1604,9,1,2565,'C','3341500771599','2023-01-19 08:01:05'),('2023-01-17',1615,9,1,2565,'C','3341500771599','2023-01-19 08:01:05'),('2023-01-18',1620,2,1,2565,'C','3341500771599','2023-01-19 08:01:17'),('2023-01-18',1617,3,1,2565,'C','3341500771599','2023-01-19 08:01:27'),('2023-01-18',1621,3,1,2565,'C','3341500771599','2023-01-19 08:01:27'),('2023-01-18',1622,3,1,2565,'C','3341500771599','2023-01-19 08:01:27'),('2023-01-18',1619,4,1,2565,'C','3341500771599','2023-01-19 08:01:38'),('2023-01-18',1610,5,1,2565,'C','3341500771599','2023-01-19 08:01:56'),('2023-01-18',1623,5,1,2565,'C','3341500771599','2023-01-19 08:01:56'),('2023-01-18',1618,6,1,2565,'C','3341500771599','2023-01-19 08:01:05'),('2023-01-18',1606,7,1,2565,'C','3341500771599','2023-01-19 08:01:16'),('2023-01-18',1607,7,1,2565,'C','3341500771599','2023-01-19 08:01:16'),('2023-01-18',1604,9,1,2565,'C','3341500771599','2023-01-19 08:01:25'),('2023-01-18',1615,9,1,2565,'C','3341500771599','2023-01-19 08:01:25'),('2023-01-19',1620,2,1,2565,'C','3341500771599','2023-01-20 08:01:50'),('2023-01-19',1617,3,1,2565,'C','3341500771599','2023-01-20 08:01:09'),('2023-01-19',1621,3,1,2565,'C','3341500771599','2023-01-20 08:01:09'),('2023-01-19',1622,3,1,2565,'C','3341500771599','2023-01-20 08:01:09'),('2023-01-19',1619,4,1,2565,'C','3341500771599','2023-01-20 08:01:20'),('2023-01-19',1610,5,1,2565,'C','3341500771599','2023-01-20 08:01:29'),('2023-01-19',1623,5,1,2565,'C','3341500771599','2023-01-20 08:01:29'),('2023-01-19',1618,6,1,2565,'C','3341500771599','2023-01-20 08:01:37'),('2023-01-19',1606,7,1,2565,'C','3341500771599','2023-01-20 08:01:46'),('2023-01-19',1607,7,1,2565,'C','3341500771599','2023-01-20 08:01:46'),('2023-01-19',1604,9,1,2565,'C','3341500771599','2023-01-20 08:01:56'),('2023-01-19',1615,9,1,2565,'C','3341500771599','2023-01-20 08:01:56'),('2023-01-20',1620,2,1,2565,'C','3341500771599','2023-01-23 12:01:29'),('2023-01-20',1617,3,1,2565,'C','3341500771599','2023-01-23 12:01:38'),('2023-01-20',1621,3,1,2565,'C','3341500771599','2023-01-23 12:01:38'),('2023-01-20',1622,3,1,2565,'C','3341500771599','2023-01-23 12:01:38'),('2023-01-20',1619,4,1,2565,'C','3341500771599','2023-01-23 12:01:47'),('2023-01-20',1610,5,1,2565,'C','3341500771599','2023-01-23 12:01:57'),('2023-01-20',1623,5,1,2565,'C','3341500771599','2023-01-23 12:01:57'),('2023-01-20',1618,6,1,2565,'C','3341500771599','2023-01-23 12:01:06'),('2023-01-20',1606,7,1,2565,'C','3341500771599','2023-01-23 12:01:17'),('2023-01-20',1607,7,1,2565,'C','3341500771599','2023-01-23 12:01:17'),('2023-01-20',1604,9,1,2565,'C','3341500771599','2023-01-23 12:01:26'),('2023-01-20',1615,9,1,2565,'C','3341500771599','2023-01-23 12:01:26'),('2023-01-23',1620,2,1,2565,'C','3341500771599','2023-01-24 09:01:41'),('2023-01-23',1617,3,1,2565,'C','3341500771599','2023-01-24 09:01:50'),('2023-01-23',1621,3,1,2565,'C','3341500771599','2023-01-24 09:01:50'),('2023-01-23',1622,3,1,2565,'C','3341500771599','2023-01-24 09:01:50'),('2023-01-23',1619,4,1,2565,'C','3341500771599','2023-01-24 09:01:58'),('2023-01-23',1610,5,1,2565,'C','3341500771599','2023-01-24 09:01:08'),('2023-01-23',1623,5,1,2565,'C','3341500771599','2023-01-24 09:01:08'),('2023-01-23',1618,6,1,2565,'C','3341500771599','2023-01-24 09:01:17'),('2023-01-23',1606,7,1,2565,'C','3341500771599','2023-01-24 09:01:34'),('2023-01-23',1607,7,1,2565,'C','3341500771599','2023-01-24 09:01:34'),('2023-01-23',1604,9,1,2565,'C','3341500771599','2023-01-24 09:01:45'),('2023-01-23',1615,9,1,2565,'C','3341500771599','2023-01-24 09:01:45'),('2023-01-24',1620,2,1,2565,'C','3341500771599','2023-01-25 08:01:07'),('2023-01-24',1617,3,1,2565,'C','3341500771599','2023-01-25 08:01:17'),('2023-01-24',1621,3,1,2565,'C','3341500771599','2023-01-25 08:01:17'),('2023-01-24',1622,3,1,2565,'C','3341500771599','2023-01-25 08:01:17'),('2023-01-24',1619,4,1,2565,'C','3341500771599','2023-01-25 08:01:27'),('2023-01-24',1610,5,1,2565,'C','3341500771599','2023-01-25 08:01:43'),('2023-01-24',1623,5,1,2565,'C','3341500771599','2023-01-25 08:01:43'),('2023-01-24',1618,6,1,2565,'C','3341500771599','2023-01-25 08:01:51'),('2023-01-24',1606,7,1,2565,'C','3341500771599','2023-01-25 08:01:01'),('2023-01-24',1607,7,1,2565,'C','3341500771599','2023-01-25 08:01:01'),('2023-01-24',1604,9,1,2565,'C','3341500771599','2023-01-25 08:01:11'),('2023-01-24',1615,9,1,2565,'C','3341500771599','2023-01-25 08:01:11'),('2023-01-25',1620,2,1,2565,'C','3341500771599','2023-01-26 08:01:37'),('2023-01-25',1617,3,1,2565,'C','3341500771599','2023-01-26 08:01:47'),('2023-01-25',1621,3,1,2565,'C','3341500771599','2023-01-26 08:01:47'),('2023-01-25',1622,3,1,2565,'C','3341500771599','2023-01-26 08:01:47'),('2023-01-25',1619,4,1,2565,'C','3341500771599','2023-01-26 08:01:57'),('2023-01-25',1610,5,1,2565,'C','3341500771599','2023-01-26 08:01:15'),('2023-01-25',1623,5,1,2565,'C','3341500771599','2023-01-26 08:01:15'),('2023-01-25',1618,6,1,2565,'C','3341500771599','2023-01-26 08:01:30'),('2023-01-25',1606,7,1,2565,'C','3341500771599','2023-01-26 08:01:42'),('2023-01-25',1607,7,1,2565,'C','3341500771599','2023-01-26 08:01:42'),('2023-01-25',1604,9,1,2565,'C','3341500771599','2023-01-26 08:01:52'),('2023-01-25',1615,9,1,2565,'C','3341500771599','2023-01-26 08:01:52'),('2023-01-26',1620,2,1,2565,'C','3341500771599','2023-01-27 08:01:27'),('2023-01-26',1617,3,1,2565,'C','3341500771599','2023-01-27 08:01:38'),('2023-01-26',1621,3,1,2565,'C','3341500771599','2023-01-27 08:01:38'),('2023-01-26',1622,3,1,2565,'C','3341500771599','2023-01-27 08:01:38'),('2023-01-26',1619,4,1,2565,'C','3341500771599','2023-01-27 08:01:48'),('2023-01-26',1610,5,1,2565,'C','3341500771599','2023-01-27 08:01:02'),('2023-01-26',1623,5,1,2565,'C','3341500771599','2023-01-27 08:01:02'),('2023-01-26',1618,6,1,2565,'C','3341500771599','2023-01-27 08:01:12'),('2023-01-26',1606,7,1,2565,'C','3341500771599','2023-01-27 08:01:22'),('2023-01-26',1607,7,1,2565,'C','3341500771599','2023-01-27 08:01:22'),('2023-01-26',1604,9,1,2565,'C','3341500771599','2023-01-27 08:01:31'),('2023-01-26',1615,9,1,2565,'C','3341500771599','2023-01-27 08:01:31'),('2023-01-27',1620,2,1,2565,'C','3341500771599','2023-01-30 08:01:41'),('2023-01-27',1617,3,1,2565,'C','3341500771599','2023-01-30 08:01:51'),('2023-01-27',1621,3,1,2565,'C','3341500771599','2023-01-30 08:01:51'),('2023-01-27',1622,3,1,2565,'C','3341500771599','2023-01-30 08:01:51'),('2023-01-27',1619,4,1,2565,'C','3341500771599','2023-01-30 08:01:05'),('2023-01-27',1610,5,1,2565,'C','3341500771599','2023-01-30 08:01:15'),('2023-01-27',1623,5,1,2565,'C','3341500771599','2023-01-30 08:01:15'),('2023-01-27',1618,6,1,2565,'C','3341500771599','2023-01-30 08:01:27'),('2023-01-27',1606,7,1,2565,'C','3341500771599','2023-01-30 08:01:37'),('2023-01-27',1607,7,1,2565,'C','3341500771599','2023-01-30 08:01:37'),('2023-01-27',1604,9,1,2565,'C','3341500771599','2023-01-30 08:01:48'),('2023-01-27',1615,9,1,2565,'C','3341500771599','2023-01-30 08:01:48'),('2023-01-30',1620,2,1,2565,'C','3341500771599','2023-01-31 09:01:36'),('2023-01-30',1617,3,1,2565,'C','3341500771599','2023-01-31 09:01:46'),('2023-01-30',1621,3,1,2565,'C','3341500771599','2023-01-31 09:01:46'),('2023-01-30',1622,3,1,2565,'C','3341500771599','2023-01-31 09:01:46'),('2023-01-30',1619,4,1,2565,'C','3341500771599','2023-01-31 09:01:42'),('2023-01-30',1610,5,1,2565,'C','3341500771599','2023-01-31 09:01:52'),('2023-01-30',1623,5,1,2565,'C','3341500771599','2023-01-31 09:01:52'),('2023-01-30',1618,6,1,2565,'C','3341500771599','2023-01-31 09:01:11'),('2023-01-30',1606,7,1,2565,'C','3341500771599','2023-01-31 09:01:21'),('2023-01-30',1607,7,1,2565,'C','3341500771599','2023-01-31 09:01:21'),('2023-01-30',1604,9,1,2565,'C','3341500771599','2023-01-31 09:01:31'),('2023-01-30',1615,9,1,2565,'C','3341500771599','2023-01-31 09:01:31'),('2023-01-31',1620,2,1,2565,'C','3341500771599','2023-02-02 08:02:38'),('2023-01-31',1617,3,1,2565,'C','3341500771599','2023-02-02 08:02:49'),('2023-01-31',1621,3,1,2565,'C','3341500771599','2023-02-02 08:02:49'),('2023-01-31',1622,3,1,2565,'C','3341500771599','2023-02-02 08:02:49'),('2023-01-31',1619,4,1,2565,'C','3341500771599','2023-02-02 08:02:00'),('2023-01-31',1610,5,1,2565,'C','3341500771599','2023-02-02 08:02:15'),('2023-01-31',1623,5,1,2565,'C','3341500771599','2023-02-02 08:02:15'),('2023-01-31',1618,6,1,2565,'C','3341500771599','2023-02-02 08:02:52'),('2023-01-31',1606,7,1,2565,'C','3341500771599','2023-02-02 08:02:14'),('2023-01-31',1607,7,1,2565,'C','3341500771599','2023-02-02 08:02:14'),('2023-01-31',1604,9,1,2565,'C','3341500771599','2023-02-02 08:02:25'),('2023-01-31',1615,9,1,2565,'C','3341500771599','2023-02-02 08:02:25'),('2023-02-01',1620,2,1,2565,'C','3341500771599','2023-02-02 08:02:40'),('2023-02-01',1617,3,1,2565,'C','3341500771599','2023-02-02 08:02:48'),('2023-02-01',1621,3,1,2565,'C','3341500771599','2023-02-02 08:02:48'),('2023-02-01',1622,3,1,2565,'C','3341500771599','2023-02-02 08:02:48'),('2023-02-01',1619,4,1,2565,'C','3341500771599','2023-02-02 08:02:59'),('2023-02-01',1610,5,1,2565,'C','3341500771599','2023-02-02 08:02:59'),('2023-02-01',1623,5,1,2565,'C','3341500771599','2023-02-02 08:02:59'),('2023-02-01',1618,6,1,2565,'C','3341500771599','2023-02-02 08:02:42'),('2023-02-01',1606,7,1,2565,'C','3341500771599','2023-02-02 08:02:58'),('2023-02-01',1607,7,1,2565,'C','3341500771599','2023-02-02 08:02:58'),('2023-02-01',1604,9,1,2565,'C','3341500771599','2023-02-02 08:02:08'),('2023-02-01',1615,9,1,2565,'C','3341500771599','2023-02-02 08:02:08'),('2023-02-01',1624,5,1,2565,'C','3341500771599','2023-02-02 08:02:59'),('2023-02-02',1620,2,1,2565,'C','3341500771599','2023-02-03 08:02:44'),('2023-02-02',1617,3,1,2565,'C','3341500771599','2023-02-03 08:02:54'),('2023-02-02',1621,3,1,2565,'C','3341500771599','2023-02-03 08:02:54'),('2023-02-02',1622,3,1,2565,'C','3341500771599','2023-02-03 08:02:54'),('2023-02-02',1619,4,1,2565,'C','3341500771599','2023-02-03 08:02:10'),('2023-02-02',1610,5,1,2565,'C','3341500771599','2023-02-03 08:02:30'),('2023-02-02',1623,5,1,2565,'C','3341500771599','2023-02-03 08:02:30'),('2023-02-02',1624,5,1,2565,'C','3341500771599','2023-02-03 08:02:30'),('2023-02-02',1618,6,1,2565,'C','3341500771599','2023-02-03 08:02:40'),('2023-02-02',1606,7,1,2565,'C','3341500771599','2023-02-03 08:02:56'),('2023-02-02',1607,7,1,2565,'C','3341500771599','2023-02-03 08:02:56'),('2023-02-02',1604,9,1,2565,'C','3341500771599','2023-02-03 08:02:04'),('2023-02-02',1615,9,1,2565,'C','3341500771599','2023-02-03 08:02:04'),('2023-02-03',1620,2,1,2565,'C','3341500771599','2023-02-06 08:02:13'),('2023-02-03',1617,3,1,2565,'C','3341500771599','2023-02-06 08:02:23'),('2023-02-03',1621,3,1,2565,'C','3341500771599','2023-02-06 08:02:23'),('2023-02-03',1622,3,1,2565,'C','3341500771599','2023-02-06 08:02:23'),('2023-02-03',1619,4,1,2565,'C','3341500771599','2023-02-06 08:02:32'),('2023-02-03',1610,5,1,2565,'C','3341500771599','2023-02-06 08:02:54'),('2023-02-03',1623,5,1,2565,'C','3341500771599','2023-02-06 08:02:54'),('2023-02-03',1624,5,1,2565,'C','3341500771599','2023-02-06 08:02:54'),('2023-02-03',1618,6,1,2565,'C','3341500771599','2023-02-06 08:02:03'),('2023-02-03',1606,7,1,2565,'C','3341500771599','2023-02-06 08:02:13'),('2023-02-03',1607,7,1,2565,'C','3341500771599','2023-02-06 08:02:13'),('2023-02-03',1604,9,1,2565,'C','3341500771599','2023-02-06 08:02:28'),('2023-02-03',1615,9,1,2565,'C','3341500771599','2023-02-06 08:02:28'),('2023-02-06',1620,2,1,2565,'C','3341500771599','2023-02-07 08:02:31'),('2023-02-06',1617,3,1,2565,'C','3341500771599','2023-02-07 08:02:42'),('2023-02-06',1621,3,1,2565,'C','3341500771599','2023-02-07 08:02:42'),('2023-02-06',1622,3,1,2565,'C','3341500771599','2023-02-07 08:02:42'),('2023-02-06',1619,4,1,2565,'C','3341500771599','2023-02-07 08:02:02'),('2023-02-06',1610,5,1,2565,'C','3341500771599','2023-02-07 08:02:13'),('2023-02-06',1623,5,1,2565,'C','3341500771599','2023-02-07 08:02:13'),('2023-02-06',1624,5,1,2565,'C','3341500771599','2023-02-07 08:02:13'),('2023-02-06',1618,6,1,2565,'C','3341500771599','2023-02-07 08:02:25'),('2023-02-06',1606,7,1,2565,'C','3341500771599','2023-02-07 08:02:44'),('2023-02-06',1607,7,1,2565,'C','3341500771599','2023-02-07 08:02:44'),('2023-02-07',1604,9,1,2565,'C','3341500771599','2023-02-08 08:02:44'),('2023-02-07',1615,9,1,2565,'C','3341500771599','2023-02-08 08:02:44'),('2023-02-07',1620,2,1,2565,'C','3341500771599','2023-02-08 08:02:46'),('2023-02-07',1617,3,1,2565,'C','3341500771599','2023-02-08 08:02:55'),('2023-02-07',1621,3,1,2565,'C','3341500771599','2023-02-08 08:02:55'),('2023-02-07',1622,3,1,2565,'C','3341500771599','2023-02-08 08:02:55'),('2023-02-07',1619,4,1,2565,'C','3341500771599','2023-02-08 08:02:04'),('2023-02-07',1610,5,1,2565,'C','3341500771599','2023-02-08 08:02:13'),('2023-02-07',1623,5,1,2565,'C','3341500771599','2023-02-08 08:02:13'),('2023-02-07',1624,5,1,2565,'C','3341500771599','2023-02-08 08:02:13'),('2023-02-07',1618,6,1,2565,'C','3341500771599','2023-02-08 08:02:21'),('2023-02-07',1606,7,1,2565,'C','3341500771599','2023-02-08 08:02:31'),('2023-02-07',1607,7,1,2565,'C','3341500771599','2023-02-08 08:02:31'),('2023-02-08',1620,2,1,2565,'C','3341500771599','2023-02-09 08:02:37'),('2023-02-08',1617,3,1,2565,'C','3341500771599','2023-02-09 08:02:47'),('2023-02-08',1621,3,1,2565,'C','3341500771599','2023-02-09 08:02:47'),('2023-02-08',1622,3,1,2565,'C','3341500771599','2023-02-09 08:02:47'),('2023-02-08',1610,5,1,2565,'C','3341500771599','2023-02-09 08:02:00'),('2023-02-08',1623,5,1,2565,'C','3341500771599','2023-02-09 08:02:00'),('2023-02-08',1624,5,1,2565,'C','3341500771599','2023-02-09 08:02:00'),('2023-02-08',1606,7,1,2565,'C','3341500771599','2023-02-09 08:02:11'),('2023-02-08',1607,7,1,2565,'C','3341500771599','2023-02-09 08:02:11'),('2023-02-08',1604,9,1,2565,'C','3341500771599','2023-02-09 08:02:21'),('2023-02-08',1615,9,1,2565,'C','3341500771599','2023-02-09 08:02:21'),('2023-02-08',1618,6,1,2565,'C','3341500771599','2023-02-09 08:02:32'),('2023-02-09',1620,2,1,2565,'C','3341500771599','2023-02-10 08:02:58'),('2023-02-09',1617,3,1,2565,'C','3341500771599','2023-02-10 08:02:07'),('2023-02-09',1621,3,1,2565,'C','3341500771599','2023-02-10 08:02:07'),('2023-02-09',1622,3,1,2565,'C','3341500771599','2023-02-10 08:02:07'),('2023-02-09',1619,4,1,2565,'C','3341500771599','2023-02-10 08:02:17'),('2023-02-09',1610,5,1,2565,'C','3341500771599','2023-02-10 08:02:31'),('2023-02-09',1623,5,1,2565,'C','3341500771599','2023-02-10 08:02:31'),('2023-02-09',1624,5,1,2565,'C','3341500771599','2023-02-10 08:02:31'),('2023-02-09',1618,6,1,2565,'C','3341500771599','2023-02-10 08:02:41'),('2023-02-09',1606,7,1,2565,'C','3341500771599','2023-02-10 08:02:50'),('2023-02-09',1607,7,1,2565,'C','3341500771599','2023-02-10 08:02:50'),('2023-02-09',1604,9,1,2565,'C','3341500771599','2023-02-10 08:02:02'),('2023-02-09',1615,9,1,2565,'C','3341500771599','2023-02-10 08:02:02'),('2023-02-10',1620,2,1,2565,'C','3341500771599','2023-02-13 09:02:32'),('2023-02-10',1617,3,1,2565,'C','3341500771599','2023-02-13 09:02:42'),('2023-02-10',1621,3,1,2565,'C','3341500771599','2023-02-13 09:02:42'),('2023-02-10',1622,3,1,2565,'C','3341500771599','2023-02-13 09:02:42'),('2023-02-10',1619,4,1,2565,'C','3341500771599','2023-02-13 09:02:53'),('2023-02-10',1610,5,1,2565,'C','3341500771599','2023-02-13 09:02:04'),('2023-02-10',1623,5,1,2565,'C','3341500771599','2023-02-13 09:02:04'),('2023-02-10',1624,5,1,2565,'C','3341500771599','2023-02-13 09:02:04'),('2023-02-10',1618,6,1,2565,'C','3341500771599','2023-02-13 09:02:14'),('2023-02-10',1606,7,1,2565,'C','3341500771599','2023-02-13 09:02:24'),('2023-02-10',1607,7,1,2565,'C','3341500771599','2023-02-13 09:02:24'),('2023-02-10',1604,9,1,2565,'C','3341500771599','2023-02-13 09:02:34'),('2023-02-10',1615,9,1,2565,'C','3341500771599','2023-02-13 09:02:34'),('2023-02-13',1620,2,1,2565,'C','3341500771599','2023-02-14 08:02:58'),('2023-02-13',1617,3,1,2565,'C','3341500771599','2023-02-14 08:02:10'),('2023-02-13',1621,3,1,2565,'C','3341500771599','2023-02-14 08:02:10'),('2023-02-13',1622,3,1,2565,'C','3341500771599','2023-02-14 08:02:10'),('2023-02-13',1619,4,1,2565,'C','3341500771599','2023-02-14 08:02:21'),('2023-02-13',1610,5,1,2565,'C','3341500771599','2023-02-14 08:02:29'),('2023-02-13',1623,5,1,2565,'C','3341500771599','2023-02-14 08:02:29'),('2023-02-13',1624,5,1,2565,'C','3341500771599','2023-02-14 08:02:29'),('2023-02-13',1618,6,1,2565,'C','3341500771599','2023-02-14 08:02:38'),('2023-02-13',1606,7,1,2565,'C','3341500771599','2023-02-14 08:02:47'),('2023-02-13',1607,7,1,2565,'C','3341500771599','2023-02-14 08:02:47'),('2023-02-13',1604,9,1,2565,'C','3341500771599','2023-02-14 08:02:55'),('2023-02-13',1615,9,1,2565,'C','3341500771599','2023-02-14 08:02:55'),('2023-02-14',1620,2,1,2565,'C','3341500771599','2023-02-15 08:02:14'),('2023-02-14',1617,3,1,2565,'C','3341500771599','2023-02-15 08:02:23'),('2023-02-14',1621,3,1,2565,'C','3341500771599','2023-02-15 08:02:23'),('2023-02-14',1622,3,1,2565,'C','3341500771599','2023-02-15 08:02:23'),('2023-02-14',1619,4,1,2565,'C','3341500771599','2023-02-15 08:02:32'),('2023-02-14',1610,5,1,2565,'C','3341500771599','2023-02-15 08:02:40'),('2023-02-14',1623,5,1,2565,'C','3341500771599','2023-02-15 08:02:40'),('2023-02-14',1624,5,1,2565,'C','3341500771599','2023-02-15 08:02:40'),('2023-02-14',1618,6,1,2565,'C','3341500771599','2023-02-15 08:02:49'),('2023-02-14',1606,7,1,2565,'C','3341500771599','2023-02-15 08:02:59'),('2023-02-14',1607,7,1,2565,'C','3341500771599','2023-02-15 08:02:59'),('2023-02-14',1604,9,1,2565,'C','3341500771599','2023-02-15 08:02:10'),('2023-02-14',1615,9,1,2565,'C','3341500771599','2023-02-15 08:02:10'),('2023-02-15',1620,2,1,2565,'C','3341500771599','2023-02-16 09:02:27'),('2023-02-15',1617,3,1,2565,'C','3341500771599','2023-02-16 09:02:36'),('2023-02-15',1621,3,1,2565,'C','3341500771599','2023-02-16 09:02:36'),('2023-02-15',1622,3,1,2565,'C','3341500771599','2023-02-16 09:02:36'),('2023-02-15',1619,4,1,2565,'C','3341500771599','2023-02-16 09:02:46'),('2023-02-15',1610,5,1,2565,'C','3341500771599','2023-02-16 09:02:54'),('2023-02-15',1623,5,1,2565,'C','3341500771599','2023-02-16 09:02:54'),('2023-02-15',1624,5,1,2565,'C','3341500771599','2023-02-16 09:02:54'),('2023-02-15',1618,6,1,2565,'C','3341500771599','2023-02-16 09:02:03'),('2023-02-15',1606,7,1,2565,'C','3341500771599','2023-02-16 09:02:12'),('2023-02-15',1607,7,1,2565,'C','3341500771599','2023-02-16 09:02:12'),('2023-02-15',1604,9,1,2565,'C','3341500771599','2023-02-16 09:02:22'),('2023-02-15',1615,9,1,2565,'C','3341500771599','2023-02-16 09:02:22'),('2023-02-17',1620,2,1,2565,'C','3341500771599','2023-02-20 08:02:26'),('2023-02-17',1617,3,1,2565,'C','3341500771599','2023-02-20 08:02:38'),('2023-02-17',1621,3,1,2565,'C','3341500771599','2023-02-20 08:02:38'),('2023-02-17',1622,3,1,2565,'C','3341500771599','2023-02-20 08:02:38'),('2023-02-17',1619,4,1,2565,'C','3341500771599','2023-02-20 08:02:46'),('2023-02-17',1618,6,1,2565,'C','3341500771599','2023-02-20 08:02:58'),('2023-02-17',1606,7,1,2565,'C','3341500771599','2023-02-20 08:02:16'),('2023-02-17',1607,7,1,2565,'C','3341500771599','2023-02-20 08:02:16'),('2023-02-17',1604,9,1,2565,'C','3341500771599','2023-02-20 08:02:26'),('2023-02-17',1615,9,1,2565,'C','3341500771599','2023-02-20 08:02:26'),('2023-02-21',1620,2,1,2565,'C','3341500771599','2023-02-22 08:02:33'),('2023-02-21',1617,3,1,2565,'C','3341500771599','2023-02-22 08:02:42'),('2023-02-21',1621,3,1,2565,'C','3341500771599','2023-02-22 08:02:42'),('2023-02-21',1622,3,1,2565,'C','3341500771599','2023-02-22 08:02:42'),('2023-02-21',1619,4,1,2565,'C','3341500771599','2023-02-22 08:02:50'),('2023-02-21',1610,5,1,2565,'C','3341500771599','2023-02-22 08:02:58'),('2023-02-21',1623,5,1,2565,'C','3341500771599','2023-02-22 08:02:58'),('2023-02-21',1624,5,1,2565,'C','3341500771599','2023-02-22 08:02:58'),('2023-02-21',1618,6,1,2565,'C','3341500771599','2023-02-22 08:02:06'),('2023-02-21',1606,7,1,2565,'C','3341500771599','2023-02-22 08:02:14'),('2023-02-21',1607,7,1,2565,'C','3341500771599','2023-02-22 08:02:14'),('2023-02-21',1604,9,1,2565,'C','3341500771599','2023-02-22 08:02:22'),('2023-02-21',1615,9,1,2565,'C','3341500771599','2023-02-22 08:02:22'),('2023-02-24',1620,2,1,2565,'C','3341500771599','2023-02-27 08:02:58'),('2023-02-23',1617,3,1,2565,'C','3341500771599','2023-02-27 08:02:13'),('2023-02-23',1621,3,1,2565,'C','3341500771599','2023-02-27 08:02:13'),('2023-02-23',1622,3,1,2565,'C','3341500771599','2023-02-27 08:02:13'),('2023-02-23',1620,2,1,2565,'C','3341500771599','2023-02-27 08:02:24'),('2023-02-23',1619,4,1,2565,'C','3341500771599','2023-02-27 08:02:37'),('2023-02-27',1610,5,1,2565,'C','3341500771599','2023-02-28 08:02:12'),('2023-02-27',1623,5,1,2565,'C','3341500771599','2023-02-28 08:02:12'),('2023-02-27',1624,5,1,2565,'C','3341500771599','2023-02-28 08:02:12'),('2023-02-23',1618,6,1,2565,'C','3341500771599','2023-02-27 08:02:55'),('2023-02-23',1606,7,1,2565,'C','3341500771599','2023-02-27 08:02:06'),('2023-02-23',1607,7,1,2565,'C','3341500771599','2023-02-27 08:02:06'),('2023-02-23',1604,9,1,2565,'C','3341500771599','2023-02-27 08:02:16'),('2023-02-23',1615,9,1,2565,'C','3341500771599','2023-02-27 08:02:16'),('2023-02-24',1617,3,1,2565,'C','3341500771599','2023-02-27 08:02:33'),('2023-02-24',1621,3,1,2565,'C','3341500771599','2023-02-27 08:02:33'),('2023-02-24',1622,3,1,2565,'C','3341500771599','2023-02-27 08:02:33'),('2023-02-24',1619,4,1,2565,'C','3341500771599','2023-02-27 08:02:43'),('2023-02-24',1610,5,1,2565,'C','3341500771599','2023-02-27 08:02:52'),('2023-02-24',1623,5,1,2565,'C','3341500771599','2023-02-27 08:02:52'),('2023-02-24',1624,5,1,2565,'C','3341500771599','2023-02-27 08:02:52'),('2023-02-24',1618,6,1,2565,'C','3341500771599','2023-02-27 08:02:03'),('2023-02-24',1606,7,1,2565,'C','3341500771599','2023-02-27 08:02:14'),('2023-02-24',1607,7,1,2565,'C','3341500771599','2023-02-27 08:02:14'),('2023-02-24',1604,9,1,2565,'C','3341500771599','2023-02-27 08:02:22'),('2023-02-24',1615,9,1,2565,'C','3341500771599','2023-02-27 08:02:22'),('2023-02-27',1620,2,1,2565,'C','3341500771599','2023-02-28 08:02:39'),('2023-02-27',1617,3,1,2565,'C','3341500771599','2023-02-28 08:02:49'),('2023-02-27',1621,3,1,2565,'C','3341500771599','2023-02-28 08:02:49'),('2023-02-27',1622,3,1,2565,'C','3341500771599','2023-02-28 08:02:49'),('2023-02-27',1619,4,1,2565,'C','3341500771599','2023-02-28 08:02:02'),('2023-02-27',1618,6,1,2565,'C','3341500771599','2023-02-28 08:02:23'),('2023-02-27',1606,7,1,2565,'C','3341500771599','2023-02-28 08:02:33'),('2023-02-27',1607,7,1,2565,'C','3341500771599','2023-02-28 08:02:33'),('2023-02-27',1604,9,1,2565,'C','3341500771599','2023-02-28 08:02:44'),('2023-02-27',1615,9,1,2565,'C','3341500771599','2023-02-28 08:02:44'),('2023-02-28',1620,2,1,2565,'C','3341500771599','2023-03-01 08:03:07'),('2023-02-28',1617,3,1,2565,'C','3341500771599','2023-03-01 08:03:21'),('2023-02-28',1621,3,1,2565,'C','3341500771599','2023-03-01 08:03:21'),('2023-02-28',1622,3,1,2565,'C','3341500771599','2023-03-01 08:03:21'),('2023-02-28',1619,4,1,2565,'C','3341500771599','2023-03-01 08:03:34'),('2023-02-28',1610,5,1,2565,'C','3341500771599','2023-03-01 08:03:02'),('2023-02-28',1623,5,1,2565,'C','3341500771599','2023-03-01 08:03:02'),('2023-02-28',1624,5,1,2565,'C','3341500771599','2023-03-01 08:03:02'),('2023-02-28',1618,6,1,2565,'C','3341500771599','2023-03-01 08:03:13'),('2023-02-28',1606,7,1,2565,'C','3341500771599','2023-03-01 08:03:24'),('2023-02-28',1607,7,1,2565,'C','3341500771599','2023-03-01 08:03:24'),('2023-02-28',1604,9,1,2565,'C','3341500771599','2023-03-01 08:03:37'),('2023-02-28',1615,9,1,2565,'C','3341500771599','2023-03-01 08:03:37'),('2023-03-03',1620,2,1,2565,'C','3341500771599','2023-03-07 09:03:24'),('2023-03-03',1617,3,1,2565,'C','3341500771599','2023-03-07 09:03:37'),('2023-03-03',1621,3,1,2565,'C','3341500771599','2023-03-07 09:03:37'),('2023-03-03',1622,3,1,2565,'C','3341500771599','2023-03-07 09:03:37'),('2023-03-03',1619,4,1,2565,'C','3341500771599','2023-03-07 09:03:47'),('2023-03-03',1610,5,1,2565,'C','3341500771599','2023-03-07 09:03:58'),('2023-03-03',1623,5,1,2565,'C','3341500771599','2023-03-07 09:03:58'),('2023-03-03',1624,5,1,2565,'C','3341500771599','2023-03-07 09:03:58'),('2023-03-03',1618,6,1,2565,'C','3341500771599','2023-03-07 09:03:11'),('2023-03-03',1606,7,1,2565,'C','3341500771599','2023-03-07 09:03:20'),('2023-03-03',1607,7,1,2565,'C','3341500771599','2023-03-07 09:03:20'),('2023-03-03',1604,9,1,2565,'C','3341500771599','2023-03-07 09:03:31'),('2023-03-03',1615,9,1,2565,'C','3341500771599','2023-03-07 09:03:31'),('2023-03-07',1620,2,1,2565,'C','3341500771599','2023-03-08 01:03:43'),('2023-03-07',1617,3,1,2565,'C','3341500771599','2023-03-08 01:03:53'),('2023-03-07',1621,3,1,2565,'C','3341500771599','2023-03-08 01:03:53'),('2023-03-07',1622,3,1,2565,'C','3341500771599','2023-03-08 01:03:53'),('2023-03-07',1619,4,1,2565,'C','3341500771599','2023-03-08 01:03:02'),('2023-03-07',1610,5,1,2565,'C','3341500771599','2023-03-08 01:03:17'),('2023-03-07',1623,5,1,2565,'C','3341500771599','2023-03-08 01:03:17'),('2023-03-07',1624,5,1,2565,'C','3341500771599','2023-03-08 01:03:17'),('2023-03-07',1618,6,1,2565,'C','3341500771599','2023-03-08 01:03:26'),('2023-03-07',1606,7,1,2565,'C','3341500771599','2023-03-08 01:03:44'),('2023-03-07',1607,7,1,2565,'C','3341500771599','2023-03-08 01:03:44'),('2023-03-07',1604,9,1,2565,'C','3341500771599','2023-03-08 01:03:53'),('2023-03-07',1615,9,1,2565,'C','3341500771599','2023-03-08 01:03:53'),('2023-03-08',1620,2,1,2565,'C','3341500771599','2023-03-09 12:03:47'),('2023-03-08',1617,3,1,2565,'C','3341500771599','2023-03-09 12:03:02'),('2023-03-08',1621,3,1,2565,'C','3341500771599','2023-03-09 12:03:02'),('2023-03-08',1622,3,1,2565,'C','3341500771599','2023-03-09 12:03:02'),('2023-03-08',1619,4,1,2565,'C','3341500771599','2023-03-09 12:03:12'),('2023-03-08',1610,5,1,2565,'C','3341500771599','2023-03-09 12:03:22'),('2023-03-08',1623,5,1,2565,'C','3341500771599','2023-03-09 12:03:22'),('2023-03-08',1624,5,1,2565,'C','3341500771599','2023-03-09 12:03:22'),('2023-03-08',1618,6,1,2565,'C','3341500771599','2023-03-09 12:03:33'),('2023-03-08',1606,7,1,2565,'C','3341500771599','2023-03-09 12:03:52'),('2023-03-08',1607,7,1,2565,'C','3341500771599','2023-03-09 12:03:52'),('2023-03-08',1604,9,1,2565,'C','3341500771599','2023-03-09 12:03:03'),('2023-03-08',1615,9,1,2565,'C','3341500771599','2023-03-09 12:03:03'),('2023-03-10',1620,2,1,2565,'C','3341500771599','2023-03-13 09:03:40'),('2023-03-10',1617,3,1,2565,'C','3341500771599','2023-03-13 09:03:50'),('2023-03-10',1621,3,1,2565,'C','3341500771599','2023-03-13 09:03:50'),('2023-03-10',1622,3,1,2565,'C','3341500771599','2023-03-13 09:03:50'),('2023-03-10',1619,4,1,2565,'C','3341500771599','2023-03-13 09:03:00'),('2023-03-10',1610,5,1,2565,'C','3341500771599','2023-03-13 09:03:10'),('2023-03-10',1623,5,1,2565,'C','3341500771599','2023-03-13 09:03:10'),('2023-03-10',1624,5,1,2565,'C','3341500771599','2023-03-13 09:03:10'),('2023-03-10',1618,6,1,2565,'C','3341500771599','2023-03-13 09:03:24'),('2023-03-10',1606,7,1,2565,'C','3341500771599','2023-03-13 09:03:35'),('2023-03-10',1607,7,1,2565,'C','3341500771599','2023-03-13 09:03:35'),('2023-03-10',1604,9,1,2565,'C','3341500771599','2023-03-13 09:03:47'),('2023-03-10',1615,9,1,2565,'C','3341500771599','2023-03-13 09:03:47'),('2023-03-13',1620,2,1,2565,'C','3341500771599','2023-03-14 08:03:28'),('2023-03-13',1617,3,1,2565,'C','3341500771599','2023-03-14 08:03:39'),('2023-03-13',1621,3,1,2565,'C','3341500771599','2023-03-14 08:03:39'),('2023-03-13',1622,3,1,2565,'C','3341500771599','2023-03-14 08:03:39'),('2023-03-13',1619,4,1,2565,'C','3341500771599','2023-03-14 08:03:49'),('2023-03-13',1610,5,1,2565,'C','3341500771599','2023-03-14 08:03:02'),('2023-03-13',1623,5,1,2565,'C','3341500771599','2023-03-14 08:03:02'),('2023-03-13',1624,5,1,2565,'C','3341500771599','2023-03-14 08:03:02'),('2023-03-13',1618,6,1,2565,'C','3341500771599','2023-03-14 08:03:13'),('2023-03-13',1606,7,1,2565,'C','3341500771599','2023-03-14 08:03:24'),('2023-03-13',1607,7,1,2565,'C','3341500771599','2023-03-14 08:03:24'),('2023-03-13',1604,9,1,2565,'C','3341500771599','2023-03-14 08:03:35'),('2023-03-13',1615,9,1,2565,'C','3341500771599','2023-03-14 08:03:35'),('2023-03-14',1620,2,1,2565,'C','3341500771599','2023-03-15 10:03:33'),('2023-03-15',1617,3,1,2565,'C','3341500771599','2023-03-15 12:03:26'),('2023-03-15',1621,3,1,2565,'C','3341500771599','2023-03-15 12:03:26'),('2023-03-15',1622,3,1,2565,'C','3341500771599','2023-03-15 12:03:26'),('2023-03-14',1619,4,1,2565,'C','3341500771599','2023-03-15 12:03:38'),('2023-03-14',1610,5,1,2565,'C','3341500771599','2023-03-15 12:03:48'),('2023-03-14',1623,5,1,2565,'C','3341500771599','2023-03-15 12:03:48'),('2023-03-14',1624,5,1,2565,'C','3341500771599','2023-03-15 12:03:48'),('2023-03-14',1618,6,1,2565,'C','3341500771599','2023-03-15 12:03:59'),('2023-03-15',1604,9,1,2565,'C','3341500771599','2023-03-15 12:03:07'),('2023-03-15',1615,9,1,2565,'C','3341500771599','2023-03-15 12:03:07'),('2023-03-15',1620,2,1,2565,'C','3341500771599','2023-03-16 09:03:42'),('2023-03-15',1619,4,1,2565,'C','3341500771599','2023-03-16 09:03:08'),('2023-03-15',1610,5,1,2565,'C','3341500771599','2023-03-16 09:03:17'),('2023-03-15',1623,5,1,2565,'C','3341500771599','2023-03-16 09:03:17'),('2023-03-15',1624,5,1,2565,'C','3341500771599','2023-03-16 09:03:17'),('2023-03-15',1618,6,1,2565,'C','3341500771599','2023-03-16 09:03:26'),('2023-03-15',1606,7,1,2565,'C','3341500771599','2023-03-16 09:03:37'),('2023-03-15',1607,7,1,2565,'C','3341500771599','2023-03-16 09:03:37'),('2023-03-16',1620,2,1,2565,'C','3341500771599','2023-03-17 09:03:49'),('2023-03-16',1617,3,1,2565,'C','3341500771599','2023-03-17 09:03:06'),('2023-03-16',1621,3,1,2565,'C','3341500771599','2023-03-17 09:03:06'),('2023-03-16',1622,3,1,2565,'C','3341500771599','2023-03-17 09:03:06'),('2023-03-16',1619,4,1,2565,'C','3341500771599','2023-03-17 09:03:16'),('2023-03-16',1618,6,1,2565,'C','3341500771599','2023-03-17 09:03:27'),('2023-03-16',1606,7,1,2565,'C','3341500771599','2023-03-17 09:03:45'),('2023-03-16',1607,7,1,2565,'C','3341500771599','2023-03-17 09:03:45'),('2023-03-16',1604,9,1,2565,'C','3341500771599','2023-03-17 09:03:04'),('2023-03-16',1615,9,1,2565,'C','3341500771599','2023-03-17 09:03:04'),('2023-03-17',1620,2,1,2565,'C','3341500771599','2023-03-20 08:03:35'),('2023-03-17',1617,3,1,2565,'C','3341500771599','2023-03-20 08:03:46'),('2023-03-17',1621,3,1,2565,'C','3341500771599','2023-03-20 08:03:46'),('2023-03-17',1622,3,1,2565,'C','3341500771599','2023-03-20 08:03:46'),('2023-03-17',1619,4,1,2565,'C','3341500771599','2023-03-20 08:03:56'),('2023-03-17',1610,5,1,2565,'C','3341500771599','2023-03-20 08:03:06'),('2023-03-17',1623,5,1,2565,'C','3341500771599','2023-03-20 08:03:06'),('2023-03-17',1624,5,1,2565,'C','3341500771599','2023-03-20 08:03:06'),('2023-03-17',1618,6,1,2565,'C','3341500771599','2023-03-20 08:03:16'),('2023-03-17',1606,7,1,2565,'C','3341500771599','2023-03-20 08:03:27'),('2023-03-17',1607,7,1,2565,'C','3341500771599','2023-03-20 08:03:27'),('2023-03-17',1604,9,1,2565,'C','3341500771599','2023-03-20 08:03:40'),('2023-03-17',1615,9,1,2565,'C','3341500771599','2023-03-20 08:03:40'),('2023-03-20',1620,2,1,2565,'C','3341500771599','2023-03-27 09:03:00'),('2023-03-20',1617,3,1,2565,'C','3341500771599','2023-03-27 09:03:20'),('2023-03-20',1621,3,1,2565,'C','3341500771599','2023-03-27 09:03:20'),('2023-03-20',1622,3,1,2565,'C','3341500771599','2023-03-27 09:03:20'),('2023-03-20',1619,4,1,2565,'C','3341500771599','2023-03-27 09:03:33'),('2023-03-20',1610,5,1,2565,'C','3341500771599','2023-03-27 09:03:43'),('2023-03-20',1623,5,1,2565,'C','3341500771599','2023-03-27 09:03:43'),('2023-03-20',1624,5,1,2565,'C','3341500771599','2023-03-27 09:03:43'),('2023-03-20',1618,6,1,2565,'C','3341500771599','2023-03-27 09:03:55'),('2023-03-20',1606,7,1,2565,'C','3341500771599','2023-03-27 09:03:08'),('2023-03-20',1607,7,1,2565,'C','3341500771599','2023-03-27 09:03:08'),('2023-03-20',1604,9,1,2565,'C','3341500771599','2023-03-27 09:03:19'),('2023-03-20',1615,9,1,2565,'C','3341500771599','2023-03-27 09:03:19'),('2023-03-21',1620,2,1,2565,'C','3341500771599','2023-03-27 09:03:31'),('2023-03-21',1617,3,1,2565,'C','3341500771599','2023-03-27 09:03:42'),('2023-03-21',1621,3,1,2565,'C','3341500771599','2023-03-27 09:03:42'),('2023-03-21',1622,3,1,2565,'C','3341500771599','2023-03-27 09:03:42'),('2023-03-21',1619,4,1,2565,'C','3341500771599','2023-03-27 09:03:53'),('2023-03-21',1610,5,1,2565,'C','3341500771599','2023-03-27 09:03:08'),('2023-03-21',1623,5,1,2565,'C','3341500771599','2023-03-27 09:03:08'),('2023-03-21',1624,5,1,2565,'C','3341500771599','2023-03-27 09:03:08'),('2023-03-21',1618,6,1,2565,'C','3341500771599','2023-03-27 09:03:19'),('2023-03-21',1606,7,1,2565,'C','3341500771599','2023-03-27 09:03:30'),('2023-03-21',1607,7,1,2565,'C','3341500771599','2023-03-27 09:03:30'),('2023-03-21',1604,9,1,2565,'C','3341500771599','2023-03-27 09:03:44'),('2023-03-21',1615,9,1,2565,'C','3341500771599','2023-03-27 09:03:44'),('2023-03-22',1620,2,1,2565,'C','3341500771599','2023-03-27 09:03:57'),('2023-03-22',1617,3,1,2565,'C','3341500771599','2023-03-27 09:03:08'),('2023-03-22',1621,3,1,2565,'C','3341500771599','2023-03-27 09:03:08'),('2023-03-22',1622,3,1,2565,'C','3341500771599','2023-03-27 09:03:08'),('2023-03-22',1619,4,1,2565,'C','3341500771599','2023-03-27 09:03:21'),('2023-03-22',1610,5,1,2565,'C','3341500771599','2023-03-27 09:03:31'),('2023-03-22',1623,5,1,2565,'C','3341500771599','2023-03-27 09:03:31'),('2023-03-22',1624,5,1,2565,'C','3341500771599','2023-03-27 09:03:31'),('2023-03-22',1618,6,1,2565,'C','3341500771599','2023-03-27 09:03:43'),('2023-03-22',1606,7,1,2565,'C','3341500771599','2023-03-27 09:03:59'),('2023-03-22',1607,7,1,2565,'C','3341500771599','2023-03-27 09:03:59'),('2023-03-22',1604,9,1,2565,'C','3341500771599','2023-03-27 09:03:11'),('2023-03-22',1615,9,1,2565,'C','3341500771599','2023-03-27 09:03:11'),('2023-03-23',1620,2,1,2565,'C','3341500771599','2023-03-27 09:03:26'),('2023-03-23',1617,3,1,2565,'C','3341500771599','2023-03-27 09:03:37'),('2023-03-23',1621,3,1,2565,'C','3341500771599','2023-03-27 09:03:37'),('2023-03-23',1622,3,1,2565,'C','3341500771599','2023-03-27 09:03:37'),('2023-03-23',1619,4,1,2565,'C','3341500771599','2023-03-27 09:03:47'),('2023-03-23',1610,5,1,2565,'C','3341500771599','2023-03-27 09:03:57'),('2023-03-23',1623,5,1,2565,'C','3341500771599','2023-03-27 09:03:57'),('2023-03-23',1624,5,1,2565,'C','3341500771599','2023-03-27 09:03:57'),('2023-03-23',1618,6,1,2565,'C','3341500771599','2023-03-27 09:03:08'),('2023-03-23',1606,7,1,2565,'C','3341500771599','2023-03-27 09:03:17'),('2023-03-23',1607,7,1,2565,'C','3341500771599','2023-03-27 09:03:17'),('2023-03-23',1604,9,1,2565,'C','3341500771599','2023-03-27 09:03:28'),('2023-03-23',1615,9,1,2565,'C','3341500771599','2023-03-27 09:03:28'),('2023-03-24',1620,2,1,2565,'C','3341500771599','2023-03-27 09:03:41'),('2023-03-24',1617,3,1,2565,'C','3341500771599','2023-03-27 09:03:56'),('2023-03-24',1621,3,1,2565,'C','3341500771599','2023-03-27 09:03:56'),('2023-03-24',1622,3,1,2565,'C','3341500771599','2023-03-27 09:03:56'),('2023-03-27',1619,4,1,2565,'C','3341500771599','2023-03-27 09:03:08'),('2023-03-24',1619,4,1,2565,'C','3341500771599','2023-03-27 09:03:22'),('2023-03-24',1610,5,1,2565,'C','3341500771599','2023-03-27 09:03:39'),('2023-03-24',1623,5,1,2565,'C','3341500771599','2023-03-27 09:03:39'),('2023-03-24',1624,5,1,2565,'C','3341500771599','2023-03-27 09:03:39'),('2023-03-24',1618,6,1,2565,'C','3341500771599','2023-03-27 09:03:55'),('2023-03-27',1606,7,1,2565,'C','3341500771599','2023-03-27 09:03:06'),('2023-03-27',1607,7,1,2565,'C','3341500771599','2023-03-27 09:03:06'),('2023-03-27',1604,9,1,2565,'C','3341500771599','2023-03-27 09:03:17'),('2023-03-27',1615,9,1,2565,'C','3341500771599','2023-03-27 09:03:17'),('2023-05-16',1620,2,1,2565,'C','3341500771599','2023-05-26 08:05:18'),('2023-10-24',1620,3,1,2566,'C','3341500771599','2023-10-24 07:10:35'),('2023-10-24',1621,4,1,2566,'C','3341500771599','2023-10-24 07:10:42'),('2023-10-24',1622,4,1,2566,'C','3341500771599','2023-10-24 07:10:42'),('2023-10-24',1619,5,1,2566,'C','3341500771599','2023-10-24 07:10:38'),('2023-10-24',1610,6,1,2566,'C','3341500771599','2023-10-24 07:10:46'),('2023-10-24',1623,6,1,2566,'C','3341500771599','2023-10-24 07:10:46'),('2023-10-24',1624,6,1,2566,'C','3341500771599','2023-10-24 07:10:46'),('2023-10-24',1618,7,1,2566,'C','3341500771599','2023-10-24 07:10:56'),('2023-10-24',1606,8,1,2566,'C','3341500771599','2023-10-24 07:10:04'),('2023-10-24',1607,8,1,2566,'C','3341500771599','2023-10-24 07:10:04'),('2023-10-24',1625,8,1,2566,'C','3341500771599','2023-10-24 07:10:04');

--
-- Table structure for table `student_check_permission`
--

CREATE TABLE `student_check_permission` (
  `class_now` tinyint(4) NOT NULL,
  `room_now` tinyint(4) NOT NULL,
  `person_id` varchar(13) NOT NULL,
  `student_check_year` int(11) NOT NULL
) ENGINE=MyISAM DEFAULT CHARSET=utf8 COLLATE=utf8_general_ci;

--
-- Dumping data for table `student_check_permission`
--

INSERT INTO `student_check_permission` VALUES (2,1,'3349800155637',2558),(3,1,'3349800155637',2558),(4,1,'1311190001611',2558),(5,1,'1311190001611',2558),(6,1,'3349800168551',2558),(7,1,'3349800168551',2558),(8,1,'3330500134466',2558),(9,1,'3330500134466',2558),(7,1,'1311190001611',2559),(8,1,'3330500134466',2559),(9,1,'3330500134466',2559),(6,1,'3349800168551',2559),(2,1,'3341500771599',2559),(3,1,'3341500771599',2559),(4,1,'3341500771599',2559),(5,1,'3341500771599',2559),(6,1,'3341500771599',2559),(8,1,'3341500771599',2559),(9,1,'3341500771599',2559),(2,1,'3349800155637',2561),(2,1,'3341500771599',2561),(3,1,'3349800155637',2561),(3,1,'3341500771599',2561),(4,1,'3349800155637',2561),(4,1,'3341500771599',2561),(5,1,'3349800155637',2561),(5,1,'3341500771599',2561),(6,1,'3349800155637',2561),(6,1,'3341500771599',2561),(8,1,'3330500134466',2561),(8,1,'3341500771599',2561),(9,1,'3330500134466',2561),(9,1,'3341500771599',2561),(2,1,'3349800155637',2563),(2,1,'3341500771599',2563),(4,1,'3349800155637',2563),(4,1,'3341500771599',2563),(6,1,'3349800155637',2563),(6,1,'3341500771599',2563),(7,1,'1339900429554',2563),(7,1,'3341500771599',2563),(8,1,'1339900429554',2563),(8,1,'3341500771599',2563),(9,1,'1339900429554',2563),(9,1,'3341500771599',2563),(5,1,'3349800155637',2563),(5,1,'3341500771599',2563),(3,1,'3349800155637',2563),(3,1,'3341500771599',2563),(2,1,'3341500771599',2564),(3,1,'3349800155637',2564),(3,1,'3341500771599',2564),(2,1,'3349800155637',2564),(4,1,'3349800155637',2564),(4,1,'3341500771599',2564),(5,1,'3349800155637',2564),(5,1,'3341500771599',2564),(6,1,'3349800155637',2564),(6,1,'3341500771599',2564),(7,1,'3349800155637',2564),(7,1,'3341500771599',2564),(8,1,'3349800155637',2564),(8,1,'3341500771599',2564),(9,1,'3349800155637',2564),(9,1,'3341500771599',2564),(2,1,'3341500771599',2565),(3,1,'3341500771599',2565),(4,1,'3341500771599',2565),(5,1,'3341500771599',2565),(6,1,'3341500771599',2565),(7,1,'3341500771599',2565),(9,1,'3341500771599',2565),(2,1,'3341500771599',2566),(3,1,'3341500771599',2566),(4,1,'3341500771599',2566),(5,1,'3341500771599',2566),(6,1,'3341500771599',2566),(7,1,'3341500771599',2566),(9,1,'3341500771599',2566),(8,1,'3341500771599',2566);

--
-- Table structure for table `student_check_year`
--

CREATE TABLE `student_check_year` (
  `id` int(11) NOT NULL AUTO_INCREMENT,
  `student_check_year` int(11) NOT NULL,
  `year_active` tinyint(1) NOT NULL,
  PRIMARY KEY (`id`),
  UNIQUE KEY `student_check_year` (`student_check_year`)
) ENGINE=MyISAM AUTO_INCREMENT=8 DEFAULT CHARSET=utf8 COLLATE=utf8_general_ci;

--
-- Dumping data for table `student_check_year`
--

INSERT INTO `student_check_year` VALUES (1,2558,0),(2,2559,0),(3,2561,0),(4,2563,0),(5,2564,0),(6,2565,0),(7,2566,1);

--
-- Table structure for table `student_main`
--

CREATE TABLE `student_main` (
  `id` int(11) NOT NULL AUTO_INCREMENT,
  `student_id` varchar(7) NOT NULL,
  `student_number` int(11) DEFAULT NULL,
  `prename` varchar(20) NOT NULL,
  `name` varchar(50) NOT NULL,
  `surname` varchar(50) NOT NULL,
  `person_id` varchar(20) DEFAULT NULL,
  `sex` tinyint(4) NOT NULL DEFAULT 0,
  `pic` varchar(150) DEFAULT NULL,
  `class_now` tinyint(4) DEFAULT NULL,
  `room` tinyint(4) NOT NULL DEFAULT 0,
  `status` tinyint(4) NOT NULL DEFAULT 0,
  `out_edyear` int(11) DEFAULT NULL,
  `officer` varchar(13) NOT NULL,
  `rec_date` date NOT NULL,
  PRIMARY KEY (`id`),
  UNIQUE KEY `student_number` (`student_id`),
  KEY `class_now` (`class_now`),
  KEY `room` (`room`)
) ENGINE=MyISAM AUTO_INCREMENT=66 DEFAULT CHARSET=utf8 COLLATE=utf8_general_ci;

--
-- Dumping data for table `student_main`
--

INSERT INTO `student_main` VALUES (64,'1625',3,'เด็กหญิง','อังคณา','สวัสดี','1349901901427',2,'',9,1,2,2567,'3341500771599','2023-09-22'),(63,'1624',1,'เด็กชาย','พณภัทร','จันทร์แจ่มศรี','1819900998511',1,'',8,1,0,NULL,'3341500771599','2023-02-02'),(62,'1623',2,'เด็กชาย','ธนพล','สุวรรณา','1347600093656',1,'',7,1,2,2567,'3341500771599','2022-09-19'),(61,'1622',1,'เด็กชาย','นนทวัฒน์','บุญมั่น','1340300202054',1,'',6,1,0,NULL,'3341500771599','2022-06-13'),(57,'1614',4,'เด็กหญิง','จิดาภา','จำรักษา','1341501517207',2,'',9,1,1,2564,'3341500771599','2020-11-02'),(56,'1595',3,'เด็กชาย','ดนัย','ธรรมวงค์','1341501448418',1,'',9,1,1,2564,'3341500771599','2020-11-02'),(55,'1598',4,'เด็กหญิง','ภัณฑิรา','รัตนภักดี','1349901675737',2,'',8,1,2,2564,'3341500771599','2020-11-02'),(54,'1590',3,'เด็กหญิง','พิมพ์ตะวัน','นวลนาค','1341501516979',2,'',8,1,2,2564,'3341500771599','2020-11-02'),(53,'1588',2,'เด็กชาย','ธนโชติ','กิราวัลย์','1103704523281',1,'',9,1,1,2564,'3341500771599','2020-11-02'),(58,'1615',2,'เด็กหญิง','ชณิตา','ไทยเจริญ','1349901748670',2,'',9,1,1,2565,'3341500771599','2022-01-20'),(52,'1578',1,'เด็กชาย','ศกลวัฒน์','เข็มนางรอง','1348900221502',1,'',9,1,1,2564,'3341500771599','2020-11-02'),(59,'1620',1,'เด็กชาย','เทพพิทักษ์','ผลนา','1341501618879',1,'',5,1,0,NULL,'3341500771599','2022-06-13'),(49,'1605',1,'เด็กหญิง','กระวิตรา','ไชยโกษ','1349901804596',2,'',7,1,2,2565,'3341500771599','2020-11-02'),(48,'1607',2,'เด็กชาย','วัชรพล','แก้วนนท์','1349901884719',1,'',9,1,1,2567,'3341500771599','2020-11-02'),(47,'1606',1,'เด็กชาย','ศรัณยู','บุญอุ่น','1349901913778',1,'',9,1,1,2567,'3341500771599','2020-11-02'),(46,'1618',1,'เด็กชาย','อภิวัฒน์','เชื้อบัณฑิต','1341501560404',1,'',8,1,2,2567,'3341500771599','2020-11-02'),(45,'1610',1,'เด็กชาย','วีรพล','แก้วนนท์','1349901984845',1,'',7,1,2,2567,'3341500771599','2020-11-02'),(44,'1619',1,'เด็กชาย','เพียงขวัญ','บุญอุ่น','1341501587434',1,'',7,1,0,NULL,'3341500771599','2020-11-02'),(43,'1616',2,'เด็กชาย','ณัฏฐกฤต','สดรัมย์','1248100140151',1,'',3,1,2,2563,'3341500771599','2020-11-02'),(42,'1617',1,'เด็กหญิง','ปุณณดา','วงษ์เพ็ญ','1341501597260',2,'',4,1,2,2565,'3341500771599','2020-11-02'),(50,'1604',1,'เด็กหญิง','สุภาพร','แก้วนนท์','1349901659570',2,'',9,1,1,2565,'3341500771599','2020-11-02'),(60,'1621',2,'เด็กหญิง','ทิพย์สุดา','หลวงแพ่ง','1349902125960',2,'',5,1,2,2567,'3341500771599','2022-06-13'),(65,'1626',2,'เด็กชาย','กฤษดา','โยโพธิ์','1860201186480',1,'',7,1,0,NULL,'3341500771599','2025-11-18');

--
-- Table structure for table `student_main_class`
--

CREATE TABLE `student_main_class` (
  `id` int(11) NOT NULL AUTO_INCREMENT,
  `class_code` tinyint(4) NOT NULL,
  `class_name` varchar(150) NOT NULL,
  PRIMARY KEY (`id`),
  UNIQUE KEY `class_code` (`class_code`)
) ENGINE=MyISAM AUTO_INCREMENT=10 DEFAULT CHARSET=utf8 COLLATE=utf8_general_ci;

--
-- Dumping data for table `student_main_class`
--

INSERT INTO `student_main_class` VALUES (1,1,'อนุบาล1'),(2,2,'อนุุบาล2'),(3,4,'ประถมศึกษาปีที่1'),(4,5,'ประถมศึกษาปีที่2'),(5,6,'ประถมศึกษาปีที่3'),(6,7,'ประถมศึกษาปีที่4'),(7,8,'ประถมศึกษาปีที่5'),(8,9,'ประถมศึกษาปีที่6'),(9,3,'อนุบาล 3');

--
-- Table structure for table `student_main_classlog`
--

CREATE TABLE `student_main_classlog` (
  `id` int(11) NOT NULL AUTO_INCREMENT,
  `ed_year` int(11) NOT NULL,
  `student_id` varchar(7) NOT NULL,
  `student_number` int(11) DEFAULT NULL,
  `class_code` tinyint(4) NOT NULL,
  `room` tinyint(4) DEFAULT 0,
  `officer` varchar(13) NOT NULL,
  `rec_date` date NOT NULL,
  PRIMARY KEY (`id`)
) ENGINE=MyISAM AUTO_INCREMENT=145 DEFAULT CHARSET=utf8 COLLATE=utf8_general_ci;

--
-- Dumping data for table `student_main_classlog`
--

INSERT INTO `student_main_classlog` VALUES (1,2561,'1593',0,2,1,'3341500771599','2018-11-14'),(2,2561,'1594',0,2,1,'3341500771599','2018-11-14'),(3,2561,'1587',0,3,1,'3341500771599','2018-11-14'),(4,2561,'1588',0,3,1,'3341500771599','2018-11-14'),(5,2561,'1590',0,3,1,'3341500771599','2018-11-14'),(6,2561,'1580',0,4,1,'3341500771599','2018-11-14'),(7,2561,'1583',0,4,1,'3341500771599','2018-11-14'),(8,2561,'1592',0,4,1,'3341500771599','2018-11-14'),(9,2561,'1595',0,4,1,'3341500771599','2018-11-14'),(10,2561,'1573',0,5,1,'3341500771599','2018-11-14'),(11,2561,'1574',0,5,1,'3341500771599','2018-11-14'),(12,2561,'1575',0,5,1,'3341500771599','2018-11-14'),(13,2561,'1563',0,6,1,'3341500771599','2018-11-14'),(14,2561,'1564',0,6,1,'3341500771599','2018-11-14'),(15,2561,'1565',0,6,1,'3341500771599','2018-11-14'),(16,2561,'1566',0,6,1,'3341500771599','2018-11-14'),(17,2561,'1567',0,6,1,'3341500771599','2018-11-14'),(18,2561,'1568',0,6,1,'3341500771599','2018-11-14'),(19,2561,'1569',0,6,1,'3341500771599','2018-11-14'),(20,2561,'1570',0,6,1,'3341500771599','2018-11-14'),(21,2561,'1571',0,6,1,'3341500771599','2018-11-14'),(22,2561,'1572',0,6,1,'3341500771599','2018-11-14'),(23,2561,'1554',0,7,1,'3341500771599','2018-11-14'),(24,2561,'1579',0,7,1,'3341500771599','2018-11-14'),(25,2561,'1496',0,8,1,'3341500771599','2018-11-14'),(26,2561,'1523',0,8,1,'3341500771599','2018-11-14'),(27,2561,'1524',0,8,1,'3341500771599','2018-11-14'),(28,2561,'1526',0,8,1,'3341500771599','2018-11-14'),(29,2561,'1527',0,8,1,'3341500771599','2018-11-14'),(30,2561,'1528',0,8,1,'3341500771599','2018-11-14'),(31,2561,'1530',0,8,1,'3341500771599','2018-11-14'),(32,2561,'1532',0,8,1,'3341500771599','2018-11-14'),(33,2561,'1551',0,8,1,'3341500771599','2018-11-14'),(34,2561,'1578',0,8,1,'3341500771599','2018-11-14'),(35,2561,'1441',0,9,1,'3341500771599','2018-11-14'),(36,2561,'1513',0,9,1,'3341500771599','2018-11-14'),(37,2561,'1517',0,9,1,'3341500771599','2018-11-14'),(38,2561,'1518',0,9,1,'3341500771599','2018-11-14'),(39,2561,'1522',0,9,1,'3341500771599','2018-11-14'),(40,2561,'1560',0,9,1,'3341500771599','2018-11-14'),(41,2562,'1593',0,2,1,'3341500771599','2019-07-11'),(42,2562,'1594',0,2,1,'3341500771599','2019-07-11'),(43,2562,'1580',0,4,1,'3341500771599','2019-07-11'),(44,2562,'1583',0,4,1,'3341500771599','2019-07-11'),(45,2562,'1592',0,4,1,'3341500771599','2019-07-11'),(46,2562,'1563',0,6,1,'3341500771599','2019-07-11'),(47,2562,'1596',0,6,1,'3341500771599','2019-07-11'),(48,2562,'1554',0,7,1,'3341500771599','2019-07-11'),(49,2562,'1579',0,7,1,'3341500771599','2019-07-11'),(50,2562,'1587',0,7,1,'3341500771599','2019-07-11'),(51,2562,'1588',0,7,1,'3341500771599','2019-07-11'),(52,2562,'1590',0,7,1,'3341500771599','2019-07-11'),(53,2562,'1595',0,7,1,'3341500771599','2019-07-11'),(54,2562,'1524',0,8,1,'3341500771599','2019-07-11'),(55,2562,'1526',0,8,1,'3341500771599','2019-07-11'),(56,2562,'1527',0,8,1,'3341500771599','2019-07-11'),(57,2562,'1528',0,8,1,'3341500771599','2019-07-11'),(58,2562,'1530',0,8,1,'3341500771599','2019-07-11'),(59,2562,'1532',0,8,1,'3341500771599','2019-07-11'),(60,2562,'1551',0,8,1,'3341500771599','2019-07-11'),(61,2562,'1578',0,8,1,'3341500771599','2019-07-11'),(62,2562,'1441',0,9,1,'3341500771599','2019-07-11'),(63,2562,'1496',0,9,1,'3341500771599','2019-07-11'),(64,2562,'1513',0,9,1,'3341500771599','2019-07-11'),(65,2562,'1517',0,9,1,'3341500771599','2019-07-11'),(66,2562,'1518',0,9,1,'3341500771599','2019-07-11'),(67,2562,'1522',0,9,1,'3341500771599','2019-07-11'),(68,2562,'1523',0,9,1,'3341500771599','2019-07-11'),(69,2562,'1560',0,9,1,'3341500771599','2019-07-11'),(70,2562,'1564',0,9,1,'3341500771599','2019-07-11'),(71,2562,'1565',0,9,1,'3341500771599','2019-07-11'),(72,2562,'1566',0,9,1,'3341500771599','2019-07-11'),(73,2562,'1567',0,9,1,'3341500771599','2019-07-11'),(74,2562,'1568',0,9,1,'3341500771599','2019-07-11'),(75,2562,'1569',0,9,1,'3341500771599','2019-07-11'),(76,2562,'1570',0,9,1,'3341500771599','2019-07-11'),(77,2562,'1571',0,9,1,'3341500771599','2019-07-11'),(78,2562,'1572',0,9,1,'3341500771599','2019-07-11'),(79,2562,'1573',0,9,1,'3341500771599','2019-07-11'),(80,2562,'1574',0,9,1,'3341500771599','2019-07-11'),(81,2562,'1575',0,9,1,'3341500771599','2019-07-11'),(82,2563,'1617',1,2,1,'3341500771599','2020-11-02'),(83,2563,'1616',2,3,1,'3341500771599','2020-11-03'),(84,2563,'1619',3,3,1,'3341500771599','2020-11-03'),(85,2563,'1610',1,3,1,'3341500771599','2020-11-02'),(86,2563,'1618',1,4,1,'3341500771599','2020-11-02'),(87,2563,'1606',1,5,1,'3341500771599','2020-11-02'),(88,2563,'1607',2,5,1,'3341500771599','2020-11-02'),(89,2563,'1605',1,6,1,'3341500771599','2020-11-02'),(90,2563,'1604',1,7,1,'3341500771599','2020-11-02'),(112,2564,'1615',2,8,1,'3341500771599','2022-01-20'),(92,2563,'1578',1,8,1,'3341500771599','2020-11-02'),(93,2563,'1588',2,8,1,'3341500771599','2020-11-02'),(94,2563,'1590',3,8,1,'3341500771599','2020-11-02'),(95,2563,'1598',4,8,1,'3341500771599','2020-11-02'),(96,2563,'1595',5,8,1,'3341500771599','2020-11-02'),(97,2563,'1614',6,8,1,'3341500771599','2020-11-02'),(98,2564,'1610',1,4,1,'3341500771599','2022-01-20'),(99,2564,'1618',1,5,1,'3341500771599','2022-01-20'),(100,2564,'1606',1,6,1,'3341500771599','2022-01-20'),(101,2564,'1607',2,6,1,'3341500771599','2022-01-20'),(102,2564,'1604',1,8,1,'3341500771599','2022-01-20'),(103,2564,'1605',1,7,1,'3341500771599','2022-01-20'),(104,2564,'1578',1,9,1,'3341500771599','2022-01-20'),(105,2564,'1588',2,9,1,'3341500771599','2022-01-20'),(106,2564,'1590',3,8,1,'3341500771599','2021-06-29'),(107,2564,'1598',4,8,1,'3341500771599','2021-06-29'),(108,2564,'1595',3,9,1,'3341500771599','2022-01-20'),(109,2564,'1614',4,9,1,'3341500771599','2022-01-20'),(110,2564,'1619',1,3,1,'3341500771599','2022-01-20'),(111,2564,'1617',1,2,1,'3341500771599','2022-01-20'),(113,2565,'1617',1,4,1,'3341500771599','2023-05-26'),(114,2565,'1619',1,5,1,'3341500771599','2023-05-26'),(115,2565,'1610',1,6,1,'3341500771599','2023-05-26'),(116,2565,'1618',1,7,1,'3341500771599','2023-05-26'),(117,2565,'1607',2,8,1,'3341500771599','2023-05-26'),(118,2565,'1606',1,8,1,'3341500771599','2023-05-26'),(119,2565,'1604',1,9,1,'3341500771599','2022-06-13'),(120,2565,'1615',2,9,1,'3341500771599','2022-06-13'),(121,2565,'1605',1,7,1,'3341500771599','2022-06-13'),(122,2565,'1620',1,3,1,'3341500771599','2023-05-26'),(123,2565,'1621',2,4,1,'3341500771599','2023-05-26'),(124,2565,'1622',3,4,1,'3341500771599','2023-05-26'),(125,2565,'1623',2,6,1,'3341500771599','2023-05-26'),(126,2565,'1624',3,6,1,'3341500771599','2023-05-26'),(127,2566,'1621',2,4,1,'3341500771599','2023-09-20'),(128,2566,'1625',3,8,1,'3341500771599','2023-09-22'),(129,2567,'1620',1,4,1,'3341500771599','2024-05-17'),(130,2567,'1621',2,5,1,'3341500771599','2024-05-17'),(131,2567,'1619',1,6,1,'3341500771599','2024-05-17'),(132,2567,'1610',1,7,1,'3341500771599','2024-05-17'),(133,2567,'1623',2,7,1,'3341500771599','2024-05-17'),(134,2567,'1624',1,7,1,'3341500771599','2024-09-19'),(135,2567,'1618',1,8,1,'3341500771599','2024-05-17'),(136,2567,'1607',2,9,1,'3341500771599','2024-05-17'),(137,2567,'1625',3,9,1,'3341500771599','2024-05-17'),(138,2567,'1606',1,9,1,'3341500771599','2024-05-17'),(139,2567,'1622',1,5,1,'3341500771599','2024-09-19'),(140,2568,'1622',1,6,1,'3341500771599','2025-10-22'),(141,2568,'1619',1,7,1,'3341500771599','2025-10-22'),(142,2568,'1620',1,5,1,'3341500771599','2025-10-22'),(143,2568,'1626',2,7,1,'3341500771599','2025-11-18'),(144,2568,'1624',1,8,1,'3341500771599','2025-11-18');

--
-- Table structure for table `student_main_edyear`
--

CREATE TABLE `student_main_edyear` (
  `id` int(11) NOT NULL AUTO_INCREMENT,
  `ed_year` int(11) NOT NULL,
  `year_active` tinyint(4) NOT NULL,
  PRIMARY KEY (`id`),
  UNIQUE KEY `ed_year` (`ed_year`)
) ENGINE=MyISAM AUTO_INCREMENT=10 DEFAULT CHARSET=utf8 COLLATE=utf8_general_ci;

--
-- Dumping data for table `student_main_edyear`
--

INSERT INTO `student_main_edyear` VALUES (1,2557,0),(2,2561,0),(3,2562,0),(4,2563,0),(5,2564,0),(6,2565,0),(7,2566,0),(8,2567,0),(9,2568,1);

--
-- Table structure for table `student_main_expand1`
--

CREATE TABLE `student_main_expand1` (
  `id` int(11) NOT NULL AUTO_INCREMENT,
  `person_id` varchar(13) NOT NULL,
  `e_name` varchar(50) NOT NULL,
  `e_surname` varchar(50) NOT NULL,
  `birthday` date NOT NULL,
  `blood` varchar(2) NOT NULL,
  `race` varchar(30) NOT NULL,
  `nationlity` varchar(30) NOT NULL,
  `religion` varchar(30) NOT NULL,
  `rec_date` date NOT NULL,
  PRIMARY KEY (`id`),
  UNIQUE KEY `person_id` (`person_id`)
) ENGINE=MyISAM AUTO_INCREMENT=14 DEFAULT CHARSET=utf8 COLLATE=utf8_general_ci;

--
-- Dumping data for table `student_main_expand1`
--

INSERT INTO `student_main_expand1` VALUES (1,'1341501587434','Peangkhan','Boonaun','2015-11-05','','','','','2025-11-18'),(2,'1341501597260','Poonnada','Wongpen','2016-07-18','','','','','2022-01-20'),(3,'1349901984845','Weerapon','Kaewnon','2014-06-13','','','','','2022-01-20'),(4,'1341501560404','Apiwat','Chueabandit','2013-10-27','','','','','2022-01-20'),(5,'1349901913778','Saranyoo','Boon-aun','2013-05-15','','','','','2022-01-20'),(6,'1349901884719','Watcharapon','Kaewnon','2012-12-12','','','','','2022-01-20'),(7,'1349901804596','Kawitra','Chaiyakod','2011-11-20','','','','','2022-01-20'),(8,'1349901659570','Supaporn','Kaewnon','2009-10-27','','','','','2022-01-20'),(9,'1348900221502','Sakonwut','Khemnanangrong','2009-07-27','','','','','2022-01-20'),(10,'1103704523281','Tanachot','Girawan','2010-03-19','','','','','2022-01-20'),(11,'1341501448418','Danai','Tammawong','2004-06-29','','','','','2022-01-20'),(12,'1341501517207','CHIDAPHA','CHAMRAKSA','2010-02-01','','','','','2022-01-20'),(13,'1819900998511','','','2014-11-17','','','','','2024-01-15');

--
-- Table structure for table `student_main_permission`
--

CREATE TABLE `student_main_permission` (
  `id` int(11) NOT NULL AUTO_INCREMENT,
  `person_id` varchar(13) NOT NULL,
  `p1` tinyint(4) NOT NULL,
  `officer` varchar(13) NOT NULL,
  `rec_date` date NOT NULL,
  PRIMARY KEY (`id`)
) ENGINE=MyISAM AUTO_INCREMENT=2 DEFAULT CHARSET=utf8 COLLATE=utf8_general_ci;

--
-- Dumping data for table `student_main_permission`
--

INSERT INTO `student_main_permission` VALUES (1,'3341500771599',1,'3341500771599','2018-11-14');

--
-- Table structure for table `system_ed_year`
--

CREATE TABLE `system_ed_year` (
  `id` int(11) NOT NULL AUTO_INCREMENT,
  `ed_year` int(11) NOT NULL,
  `active_ed_year` tinyint(4) NOT NULL,
  PRIMARY KEY (`id`),
  UNIQUE KEY `ed_year` (`ed_year`)
) ENGINE=MyISAM DEFAULT CHARSET=utf8 COLLATE=utf8_general_ci;

--
-- Dumping data for table `system_ed_year`
--


--
-- Table structure for table `system_export_list`
--

CREATE TABLE `system_export_list` (
  `id` int(11) NOT NULL AUTO_INCREMENT,
  `data_name` varchar(50) NOT NULL,
  `thai_dataname` varchar(100) NOT NULL,
  PRIMARY KEY (`id`),
  UNIQUE KEY `data_name` (`data_name`)
) ENGINE=MyISAM AUTO_INCREMENT=7 DEFAULT CHARSET=utf8 COLLATE=utf8_general_ci;

--
-- Dumping data for table `system_export_list`
--

INSERT INTO `system_export_list` VALUES (1,'person','ข้อมูลครูและบุคลากร'),(2,'student','ข้อมูลพื้นฐานนักเรียน'),(3,'onet','ผลสอบ O-NET'),(4,'plan','แผนปฏิบัติการประจำปี'),(5,'student_check','การมาเรียน'),(6,'health','สุขภาพผู้เรียน');

--
-- Table structure for table `system_export_log`
--

CREATE TABLE `system_export_log` (
  `id` int(11) NOT NULL AUTO_INCREMENT,
  `computer_ip` varchar(25) NOT NULL,
  `requester` varchar(50) NOT NULL,
  `login_time` datetime NOT NULL,
  `data` varchar(20) NOT NULL,
  PRIMARY KEY (`id`)
) ENGINE=MyISAM AUTO_INCREMENT=137 DEFAULT CHARSET=utf8 COLLATE=utf8_general_ci;

--
-- Dumping data for table `system_export_log`
--

INSERT INTO `system_export_log` VALUES (1,'61.19.124.234','amssplus','2018-09-14 12:31:24','person'),(2,'61.19.124.234','amssplus','2018-09-14 13:10:30','person'),(3,'61.19.124.234','amssplus','2019-10-08 13:17:03','student_check'),(4,'122.155.223.9','amssplus','2020-02-21 07:00:59','student'),(5,'122.155.223.9','amssplus','2020-03-06 12:45:02','student_check'),(6,'122.155.223.9','amssplus','2020-03-30 10:53:46','student_check'),(7,'122.155.223.9','amssplus','2020-08-05 08:33:30','student'),(8,'192.168.1.6','amssplus','2021-05-29 11:02:29','student'),(9,'192.168.1.6','amssplus','2021-05-29 11:03:43','student'),(10,'192.168.1.6','amssplus','2021-05-29 11:54:19','student'),(11,'192.168.1.6','amssplus','2021-05-29 11:57:15','student'),(12,'192.168.1.6','amssplus','2021-05-29 11:58:17','student'),(13,'192.168.1.6','amssplus','2021-05-29 12:12:51','student'),(14,'192.168.1.6','amssplus','2021-05-29 12:22:01','student'),(15,'192.168.1.6','amssplus','2021-05-29 12:23:47','student'),(16,'192.168.1.6','amssplus','2021-05-29 12:43:55','student'),(17,'192.168.1.6','amssplus','2021-05-29 12:50:42','student'),(18,'192.168.1.6','amssplus','2021-05-29 12:57:17','student'),(19,'192.168.1.6','amssplus','2021-05-29 12:58:22','student'),(20,'192.168.1.6','amssplus','2021-05-29 14:27:35','student'),(21,'192.168.1.6','amssplus','2021-05-29 14:28:09','student'),(22,'192.168.1.6','amssplus','2021-05-29 14:28:37','student'),(23,'192.168.1.6','amssplus','2021-05-29 14:29:15','student'),(24,'192.168.1.6','amssplus','2021-05-29 14:31:48','student'),(25,'10.1.1.3','amssplus','2021-10-06 10:31:14','student'),(26,'10.1.1.3','amssplus','2022-01-20 21:30:28','student'),(27,'10.1.1.3','amssplus','2022-09-07 14:38:53','student'),(28,'10.1.1.3','amssplus','2022-09-15 11:11:52','student'),(29,'','amssplus','2023-01-02 14:23:35','student_check'),(30,'','amssplus','2023-01-02 17:52:52','student_check'),(31,'','amssplus','2023-01-02 17:54:28','student_check'),(32,'','amssplus','2023-01-02 17:55:02','student_check'),(33,'10.1.1.3','amssplus','2023-01-22 00:22:00','student'),(34,'127.0.0.1','amssplus','2023-02-16 09:21:20','student_check'),(35,'127.0.0.1','amssplus','2023-02-16 09:22:06','student_check'),(36,'127.0.0.1','amssplus','2023-02-16 09:33:01','student_check'),(37,'10.1.1.3','amssplus','2023-04-05 09:48:10','student_check'),(38,'10.1.1.3','amssplus','2023-04-05 22:38:03','student_check'),(39,'10.1.1.3','amssplus','2023-04-06 10:24:15','student_check'),(40,'10.1.1.3','amssplus','2023-04-06 10:25:06','student_check'),(41,'10.1.1.3','amssplus','2023-04-06 10:47:27','student_check'),(42,'127.0.0.1','amssplus','2023-04-06 13:12:58','student_check'),(43,'10.1.1.3','amssplus','2023-04-06 13:13:41','student_check'),(44,'10.1.1.3','amssplus','2023-06-15 10:20:13','student_check'),(45,'10.1.1.3','amssplus','2023-06-15 10:56:46','student'),(46,'10.1.1.3','amssplus','2023-06-16 15:16:49','student'),(47,'10.1.1.3','amssplus','2023-07-04 11:26:04','student'),(48,'127.0.0.1','amssplus','2023-07-09 13:16:52','student_check'),(49,'127.0.0.1','amssplus','2023-07-09 13:18:56','student_check'),(50,'127.0.0.1','amssplus','2023-07-09 13:19:44','student_check'),(51,'127.0.0.1','amssplus','2023-07-09 13:20:11','student_check'),(52,'127.0.0.1','amssplus','2023-07-09 13:20:43','student_check'),(53,'127.0.0.1','amssplus','2023-07-09 13:21:37','student_check'),(54,'127.0.0.1','amssplus','2023-07-09 13:21:42','student_check'),(55,'127.0.0.1','amssplus','2023-07-09 13:27:56','student_check'),(56,'127.0.0.1','amssplus','2023-07-09 13:29:11','student_check'),(57,'127.0.0.1','amssplus','2023-07-09 13:31:11','student_check'),(58,'127.0.0.1','amssplus','2023-07-09 13:36:09','student_check'),(59,'127.0.0.1','amssplus','2023-07-09 13:37:15','student_check'),(60,'127.0.0.1','amssplus','2023-07-09 13:37:37','student_check'),(61,'127.0.0.1','amssplus','2023-07-09 13:39:09','student_check'),(62,'127.0.0.1','amssplus','2023-07-09 13:41:16','student_check'),(63,'127.0.0.1','amssplus','2023-07-09 13:42:38','student_check'),(64,'127.0.0.1','amssplus','2023-07-09 13:43:36','student_check'),(65,'127.0.0.1','amssplus','2023-07-09 13:47:31','student_check'),(66,'127.0.0.1','amssplus','2023-07-09 13:59:28','student_check'),(67,'127.0.0.1','amssplus','2023-07-09 14:08:11','student_check'),(68,'127.0.0.1','amssplus','2023-07-09 14:17:23','student_check'),(69,'127.0.0.1','amssplus','2023-07-11 07:57:49','student_check'),(70,'127.0.0.1','amssplus','2023-07-11 07:59:58','student_check'),(71,'127.0.0.1','amssplus','2023-07-11 08:12:59','student_check'),(72,'127.0.0.1','amssplus','2023-07-11 08:13:49','student_check'),(73,'127.0.0.1','amssplus','2023-07-11 08:14:40','student_check'),(74,'127.0.0.1','amssplus','2023-07-26 11:51:14','student_check'),(75,'127.0.0.1','amssplus','2023-07-26 13:31:26','student_check'),(76,'127.0.0.1','amssplus','2023-07-26 13:58:22','student_check'),(77,'127.0.0.1','amssplus','2023-07-26 14:00:08','student_check'),(78,'127.0.0.1','amssplus','2023-07-26 14:01:42','student_check'),(79,'127.0.0.1','amssplus','2023-07-26 14:52:24','student_check'),(80,'127.0.0.1','amssplus','2023-07-26 14:58:01','student_check'),(81,'127.0.0.1','amssplus','2023-07-26 15:02:41','student_check'),(82,'127.0.0.1','amssplus','2023-07-26 15:08:42','student_check'),(83,'127.0.0.1','amssplus','2023-07-26 15:10:36','student_check'),(84,'127.0.0.1','amssplus','2023-07-26 15:11:35','student_check'),(85,'127.0.0.1','amssplus','2023-07-26 15:18:12','student_check'),(86,'127.0.0.1','amssplus','2023-07-26 15:21:59','student_check'),(87,'127.0.0.1','amssplus','2023-07-26 15:26:59','student_check'),(88,'127.0.0.1','amssplus','2023-07-26 15:30:38','student_check'),(89,'127.0.0.1','amssplus','2023-07-26 15:31:46','student_check'),(90,'127.0.0.1','amssplus','2023-07-26 15:32:42','student_check'),(91,'127.0.0.1','amssplus','2023-07-26 15:45:19','student_check'),(92,'127.0.0.1','amssplus','2023-07-26 15:48:34','student_check'),(93,'127.0.0.1','amssplus','2023-07-26 15:50:31','student_check'),(94,'127.0.0.1','amssplus','2023-07-26 15:52:18','student_check'),(95,'127.0.0.1','amssplus','2023-07-26 15:56:49','student_check'),(96,'127.0.0.1','amssplus','2023-07-26 17:13:28','student_check'),(97,'127.0.0.1','amssplus','2023-07-26 17:19:17','student_check'),(98,'127.0.0.1','amssplus','2023-07-26 17:26:09','student_check'),(99,'127.0.0.1','amssplus','2023-07-26 17:27:44','student_check'),(100,'127.0.0.1','amssplus','2023-07-26 17:41:47','student_check'),(101,'10.1.1.3','amssplus','2023-08-24 09:05:21','student_check'),(102,'10.1.1.3','amssplus','2023-08-31 09:02:39','student_check'),(103,'10.1.1.3','amssplus','2023-08-31 09:03:18','student_check'),(104,'10.1.1.3','amssplus','2023-08-31 09:03:38','student_check'),(105,'10.1.1.3','amssplus','2023-09-15 20:09:16','student'),(106,'127.0.0.1','amssplus','2023-10-03 13:00:37','student_check'),(107,'127.0.0.1','amssplus','2023-10-08 09:16:47','student_check'),(108,'','amssplus','2023-10-25 14:28:36','student_check'),(109,'','amssplus','2023-10-25 14:28:46','student_check'),(110,'','amssplus','2023-10-25 14:28:47','student_check'),(111,'10.255.199.107','amssplus','2023-11-29 08:55:47','student_check'),(112,'10.255.199.107','amssplus','2023-12-15 12:15:49','student_check'),(113,'10.255.199.107','amssplus','2024-01-25 03:50:21','student_check'),(114,'10.255.199.107','amssplus','2024-06-10 11:58:42','student'),(115,'10.255.199.107','amssplus','2024-06-10 12:32:24','student'),(116,'10.255.199.107','amssplus','2024-06-14 10:45:59','student'),(117,'10.255.199.107','amssplus','2024-06-14 10:52:04','student'),(118,'10.255.199.107','amssplus','2024-06-17 04:37:31','person'),(119,'10.255.199.107','amssplus','2024-06-17 04:39:47','person'),(120,'10.255.199.107','amssplus','2024-06-20 04:51:34','student_check'),(121,'10.255.199.107','amssplus','2025-03-11 07:57:41','student_check'),(122,'10.255.199.107','amssplus','2025-03-11 07:58:04','student_check'),(123,'10.255.199.107','amssplus','2025-03-28 01:48:37','student_check'),(124,'10.255.199.107','amssplus','2025-05-29 08:08:41','person'),(125,'10.255.199.107','amssplus','2025-06-08 04:24:51','student'),(126,'10.255.199.107','amssplus','2025-06-08 04:47:20','student'),(127,'10.255.199.107','amssplus','2025-07-30 08:33:26','student_check'),(128,'10.255.199.107','amssplus','2025-08-01 22:22:45','student_check'),(129,'10.255.199.107','amssplus','2025-08-01 22:22:49','student_check'),(130,'10.255.199.107','amssplus','2025-08-14 03:24:44','person'),(131,'10.255.199.107','amssplus','2025-08-14 06:29:22','student'),(132,'10.255.199.107','amssplus','2025-08-14 06:29:33','student'),(133,'10.255.199.107','amssplus','2025-08-14 06:30:04','student'),(134,'10.255.199.107','amssplus','2025-08-29 02:40:16','student_check'),(135,'10.255.199.107','amssplus','2025-09-13 05:43:36','student_check'),(136,'10.255.199.107','amssplus','2025-09-13 05:54:44','student_check');

--
-- Table structure for table `system_export_permission`
--

CREATE TABLE `system_export_permission` (
  `id` int(11) NOT NULL AUTO_INCREMENT,
  `requester` varchar(50) NOT NULL,
  `data_name` varchar(50) NOT NULL,
  `status` tinyint(4) NOT NULL DEFAULT 0,
  PRIMARY KEY (`id`)
) ENGINE=MyISAM AUTO_INCREMENT=7 DEFAULT CHARSET=utf8 COLLATE=utf8_general_ci;

--
-- Dumping data for table `system_export_permission`
--

INSERT INTO `system_export_permission` VALUES (1,'amssplus','plan',1),(2,'amssplus','onet',1),(3,'amssplus','student',1),(4,'amssplus','person',1),(5,'amssplus','student_check',1),(6,'amssplus','health',1);

--
-- Table structure for table `system_export_requester`
--

CREATE TABLE `system_export_requester` (
  `id` int(11) NOT NULL AUTO_INCREMENT,
  `requester` varchar(50) NOT NULL,
  `thai_requester` varchar(150) NOT NULL,
  `requester_server_id` varchar(50) NOT NULL,
  `requester_password` varchar(50) NOT NULL,
  `status` tinyint(4) NOT NULL DEFAULT 0,
  `rec_date` date NOT NULL,
  `officer` varchar(13) NOT NULL,
  PRIMARY KEY (`id`),
  UNIQUE KEY `requester` (`requester`)
) ENGINE=MyISAM AUTO_INCREMENT=2 DEFAULT CHARSET=utf8 COLLATE=utf8_general_ci;

--
-- Dumping data for table `system_export_requester`
--

INSERT INTO `system_export_requester` VALUES (1,'amssplus','สำนักงานเขตพื้นที่การศึกษา','','1234',1,'2018-08-07','7777');

--
-- Table structure for table `system_module`
--

CREATE TABLE `system_module` (
  `id` int(11) NOT NULL AUTO_INCREMENT,
  `module` varchar(50) NOT NULL,
  `module_desc` varchar(100) NOT NULL,
  `workgroup` tinyint(4) DEFAULT NULL,
  `module_active` tinyint(4) DEFAULT NULL,
  `module_order` int(11) NOT NULL,
  `web_link` tinyint(4) DEFAULT NULL,
  `url` varchar(150) DEFAULT NULL,
  `where_work` tinyint(4) NOT NULL DEFAULT 0,
  `menu_pic` varchar(25) NOT NULL,
  PRIMARY KEY (`id`)
) ENGINE=MyISAM AUTO_INCREMENT=114 DEFAULT CHARSET=utf8 COLLATE=utf8_general_ci;

--
-- Dumping data for table `system_module`
--

INSERT INTO `system_module` VALUES (1,'budget','การเงินและบัญชี',2,1,25,NULL,NULL,0,'fab fa-btc'),(32,'person','ข้อมูลพื้นฐานครูและบุคลากร',3,1,29,0,'',0,'fa fa-user-circle'),(36,'standard','มาตรฐานการศึกษา',1,1,21,NULL,NULL,0,''),(49,'health','ตรวจสุขภาพนักเรียน',1,1,5,NULL,NULL,1,''),(50,'student_check','การมาเรียน',1,1,1,NULL,NULL,0,'fa fa-child'),(70,'work','﻿การปฏิบัติราชการ',4,1,47,NULL,NULL,0,''),(48,'savings','ออมทรัพย์นักเรียน',1,1,3,NULL,NULL,1,'fab fa-btc'),(45,'student_main','ข้อมูลพื้นฐานนักเรียน',1,1,7,NULL,NULL,0,'fa fa-child'),(47,'plan','การวางแผน',2,1,23,NULL,NULL,0,''),(73,'la','﻿การลา',4,1,45,NULL,NULL,0,''),(80,'mail','ไปรษณีย์_โรงเรียน',4,1,36,0,'',0,'fa fa-envelope'),(75,'meeting','﻿จองห้องประชุม',4,1,49,NULL,NULL,0,''),(76,'permission','﻿ขออนุญาตไปราชการ',4,1,43,NULL,NULL,0,''),(81,'achievement','﻿ผลสัมฤทธิ์ทางการเรียน',1,1,19,NULL,NULL,0,'fa fa-graduation-cap'),(83,'cabinet','﻿ตู้เอกสาร',4,1,51,NULL,NULL,0,''),(99,'bookregister','﻿ทะเบียนหนังสือราชการ',4,1,33,0,'',0,'fa fa-book'),(100,'bets','ทดสอบการศึกษา_โรงเรียน',1,1,9,NULL,NULL,1,'fa fa-graduation-cap'),(101,'affair','﻿ภารกิจผู้อำนวยการ',4,1,41,0,'',0,''),(102,'amss_bets','﻿ทดสอบการศึกษา_สพท.',1,1,11,0,'',1,'fa fa-graduation-cap'),(103,'amss_budget','﻿การบริหารงบประมาณ_สพท.',2,1,27,0,'',0,'fab fa-btc'),(104,'amss_mail','﻿ไปรษณีย์_สพท.',4,1,37,0,'',0,'fa fa-envelope'),(105,'amss_opportunity','﻿สิทธิและโอกาสทางการศึกษา',1,1,15,0,'',0,'fa fa-child'),(106,'amss_spacial_student','﻿นักเรียนพิเศษ',1,1,17,0,'',0,'fa fa-child'),(107,'amss_supervision','﻿นิเทศ ติดตาม ประเมินผล',1,1,13,0,'',0,'fa fa-graduation-cap'),(108,'book','﻿รับส่งหนังสือราชการ',4,1,35,0,'',0,'fa fa-book'),(109,'delegate','﻿รักษาการในตำแหน่ง',3,1,31,0,'',0,''),(110,'warroom','﻿วิเคราะห์สภาพการณ์',1,1,0,0,'',0,'fa fa-filter'),(111,'questionnaire','﻿แบบสอบถาม',4,1,0,0,'',0,''),(112,'idplan','﻿ข้อมูลครูและบุคลากร(ส่วนเพิ่ม)',3,1,0,0,'',0,''),(113,'amss_safety','สถานศึกษาปลอดภัย',1,1,0,0,'',0,'');

--
-- Table structure for table `system_module_admin`
--

CREATE TABLE `system_module_admin` (
  `id` int(11) NOT NULL AUTO_INCREMENT,
  `person_id` varchar(13) NOT NULL,
  `module` varchar(30) NOT NULL,
  `officer` varchar(13) NOT NULL,
  `rec_date` date NOT NULL,
  PRIMARY KEY (`id`)
) ENGINE=MyISAM AUTO_INCREMENT=58 DEFAULT CHARSET=utf8 COLLATE=utf8_general_ci;

--
-- Dumping data for table `system_module_admin`
--

INSERT INTO `system_module_admin` VALUES (9,'1311190001611','health','7777','2015-10-27'),(2,'1311190001611','student_check','7777','2015-10-27'),(3,'1311190001611','savings','7777','2015-10-27'),(14,'1311190001611','person','7777','2015-10-27'),(12,'1311190001611','mail','7777','2015-10-27'),(11,'1311190001611','la','7777','2015-10-27'),(13,'1311190001611','permission','7777','2015-10-27'),(15,'1311190001611','plan','7777','2015-10-27'),(17,'1311190001611','standard','7777','2015-10-27'),(21,'1311190001611','bookregister','7777','2015-10-27'),(22,'3330500134466','plan','1311190001611','2016-07-23'),(23,'3349800155637','budget','1311190001611','2016-07-23'),(24,'3330500134466','budget','3330500134466','2016-07-23'),(25,'3341500771599','book','7777','2018-11-14'),(26,'3341500771599','bookregister','7777','2018-11-14'),(27,'3341500771599','student_main','7777','2018-11-14'),(28,'3341500771599','person','7777','2018-11-14'),(29,'3341500771599','work','7777','2018-11-14'),(30,'3341500771599','student_check','7777','2018-11-14'),(31,'3341500771599','permission','7777','2018-11-14'),(32,'3341500771599','mail','7777','2018-11-14'),(33,'3341500771599','health','7777','2018-11-14'),(34,'3341500771599','bets','7777','2018-11-14'),(35,'3341500771599','amss_opportunity','7777','2018-11-14'),(36,'3341500771599','amss_bets','7777','2018-11-14'),(37,'3341500771599','la','7777','2018-11-14'),(38,'3341500771599','meeting','7777','2018-11-14'),(39,'3341500771599','plan','7777','2018-11-14'),(40,'3341500771599','achievement','7777','2018-11-14'),(41,'3341500771599','budget','7777','2018-11-14'),(42,'3341500771599','affair','7777','2018-11-14'),(43,'3341500771599','amss_mail','7777','2018-11-14'),(44,'3341500771599','amss_supervision','7777','2018-11-14'),(45,'3341500771599','cabinet','7777','2018-11-14'),(46,'3341500771599','delegate','7777','2018-11-14'),(47,'3341500771599','savings','7777','2018-11-14'),(48,'3349800155637','plan','3340701263671','2020-11-14'),(50,'1499900222991','permission','3341500771599','2022-07-23'),(51,'1499900222991','la','3341500771599','2022-07-23'),(52,'1499900222991','amss_supervision','3341500771599','2022-07-23'),(54,'1499900222991','delegate','3341500771599','2022-07-23'),(55,'1499900222991','budget','3341500771599','2022-07-23'),(56,'3349900613700','delegate','3341500771599','2025-11-14'),(57,'1103703414780','student_check','3341500771599','2025-11-14');

--
-- Table structure for table `system_school_name`
--

CREATE TABLE `system_school_name` (
  `id` tinyint(4) NOT NULL,
  `school_name` varchar(200) NOT NULL,
  `school_type` tinyint(4) NOT NULL DEFAULT 0
) ENGINE=MyISAM DEFAULT CHARSET=utf8 COLLATE=utf8_general_ci;

--
-- Dumping data for table `system_school_name`
--

INSERT INTO `system_school_name` VALUES (1,'โรงเรียนบ้านกุดปลาขาว',0);

--
-- Table structure for table `system_sync_code`
--

CREATE TABLE `system_sync_code` (
  `id` tinyint(4) NOT NULL AUTO_INCREMENT,
  `office_code` varchar(10) NOT NULL,
  `system_name` varchar(50) NOT NULL,
  `sync_code` varchar(50) NOT NULL,
  `amssplus_url` varchar(100) NOT NULL,
  PRIMARY KEY (`id`),
  UNIQUE KEY `system_name` (`system_name`)
) ENGINE=MyISAM AUTO_INCREMENT=4 DEFAULT CHARSET=utf8 COLLATE=utf8_general_ci;

--
-- Dumping data for table `system_sync_code`
--

INSERT INTO `system_sync_code` VALUES (3,'34040042','amssplus','34040042','http://10.255.199.107/amssplus');

--
-- Table structure for table `system_user`
--

CREATE TABLE `system_user` (
  `id` int(11) NOT NULL AUTO_INCREMENT,
  `person_id` varchar(13) NOT NULL,
  `username` varchar(30) NOT NULL,
  `userpass` varchar(150) NOT NULL,
  `smss_admin` tinyint(4) DEFAULT NULL,
  `status` tinyint(4) NOT NULL,
  `officer` varchar(13) NOT NULL,
  `rec_date` date NOT NULL,
  PRIMARY KEY (`id`),
  UNIQUE KEY `person_id` (`person_id`),
  UNIQUE KEY `username` (`username`)
) ENGINE=MyISAM AUTO_INCREMENT=39 DEFAULT CHARSET=utf8 COLLATE=utf8_general_ci;

--
-- Dumping data for table `system_user`
--

INSERT INTO `system_user` VALUES (22,'7777','admin','08b726dc520c15e7ff949182cfc36a92',1,1,'','0000-00-00'),(33,'1339900429554','khuanluedee','5ba6bb019c3c48e3f59d30f3363e3e0e',0,1,'7777','2020-08-04'),(25,'3330500134466','3330500134466','02ea255b34be2bda56921fab36d7c866',1,1,'3330500134466','2015-11-03'),(26,'3349800155637','3349800155637','cec8c8d3aa93d20253f8b646f7d00e42',0,1,'3349800155637','2016-07-23'),(27,'audit','audit','73ca8d584565d68e0881f4c8cb2a5a04',1,1,'1311190001611','2016-07-23'),(32,'3340701263671','teeravit','e10adc3949ba59abbe56e057f20f883e',NULL,1,'3340701263671','2019-05-21'),(31,'3341500771599','puscharint','513fadbd92b2c516bce1831c8a118694',1,1,'3341500771599','2018-11-29'),(34,'1331000200471','1331000200471','f6d03b77f0c709fabe26d7f8efeee187',NULL,1,'1331000200471','2021-08-10'),(35,'1331000204711','1331000204711','12727476c824cd7edbda32ae9397a8cf',NULL,1,'1331000204711','2021-08-10'),(36,'1499900222991','1499900222991','bc93cd8b7c25cd97531d0de211108fd6',NULL,1,'1499900222991','2022-06-28'),(37,'1349900766313','1349900766313','81dc9bdb52d04dc20036dbd8313ed055',NULL,1,'1349900766313','2022-06-28'),(38,'1103703414780','1103703414780','2c962286fbefcdacf78ceaef61c6c3fe',NULL,1,'1103703414780','2025-06-26');

--
-- Table structure for table `system_version`
--

CREATE TABLE `system_version` (
  `id` int(11) NOT NULL AUTO_INCREMENT,
  `smss_version` varchar(100) NOT NULL,
  `status1` int(11) DEFAULT NULL,
  `status2` int(11) DEFAULT NULL,
  `status3` int(11) DEFAULT NULL,
  `status4` int(11) DEFAULT NULL,
  `status5` int(11) DEFAULT NULL,
  PRIMARY KEY (`id`)
) ENGINE=MyISAM AUTO_INCREMENT=2 DEFAULT CHARSET=utf8 COLLATE=utf8_general_ci;

--
-- Dumping data for table `system_version`
--

INSERT INTO `system_version` VALUES (1,'6.4',1,0,0,0,0);

--
-- Table structure for table `system_workgroup`
--

CREATE TABLE `system_workgroup` (
  `id` tinyint(4) NOT NULL AUTO_INCREMENT,
  `workgroup` tinyint(4) NOT NULL,
  `workgroup_desc` varchar(50) NOT NULL,
  `workgroup_order` int(11) NOT NULL,
  PRIMARY KEY (`id`),
  UNIQUE KEY `workgroup` (`workgroup`)
) ENGINE=MyISAM AUTO_INCREMENT=5 DEFAULT CHARSET=utf8 COLLATE=utf8_general_ci;

--
-- Dumping data for table `system_workgroup`
--

INSERT INTO `system_workgroup` VALUES (1,1,'บริหารวิชาการ',4),(2,2,'บริหารงบประมาณ',6),(3,3,'บริหารงานบุคคล',8),(4,4,'บริหารทั่วไป',10);

--
-- Table structure for table `work_main`
--

CREATE TABLE `work_main` (
  `id` int(11) NOT NULL AUTO_INCREMENT,
  `work_date` date NOT NULL,
  `person_id` varchar(13) NOT NULL,
  `work` tinyint(4) NOT NULL DEFAULT 0,
  `comment` varchar(150) DEFAULT NULL,
  `rec_date` datetime NOT NULL,
  `officer` varchar(13) NOT NULL,
  PRIMARY KEY (`id`),
  KEY `work_date` (`work_date`),
  KEY `person_id` (`person_id`)
) ENGINE=MyISAM AUTO_INCREMENT=122 DEFAULT CHARSET=utf8 COLLATE=utf8_general_ci;

--
-- Dumping data for table `work_main`
--

INSERT INTO `work_main` VALUES (1,'2015-10-27','3340701263671',1,NULL,'2015-10-27 14:04:34','1311190001611'),(2,'2015-10-27','3349800192851',1,NULL,'2015-10-27 14:04:34','1311190001611'),(3,'2015-10-27','3349800168551',1,NULL,'2015-10-27 14:04:34','1311190001611'),(4,'2015-10-27','3349800155637',1,NULL,'2015-10-27 14:04:34','1311190001611'),(5,'2015-10-27','3349900515279',1,NULL,'2015-10-27 14:04:34','1311190001611'),(6,'2015-10-27','3330500134466',1,NULL,'2015-10-27 14:04:34','1311190001611'),(7,'2015-10-27','1311190001611',1,NULL,'2015-10-27 14:04:34','1311190001611'),(8,'2015-10-27','3341100640144',1,NULL,'2015-10-27 14:04:34','1311190001611'),(9,'2015-10-26','3340701263671',2,NULL,'2015-10-27 14:05:25','1311190001611'),(10,'2015-10-26','3349800192851',1,NULL,'2015-10-27 14:05:25','1311190001611'),(11,'2015-10-26','3349800168551',1,NULL,'2015-10-27 14:05:25','1311190001611'),(12,'2015-10-26','3349800155637',1,NULL,'2015-10-27 14:05:25','1311190001611'),(13,'2015-10-26','3349900515279',1,NULL,'2015-10-27 14:05:25','1311190001611'),(14,'2015-10-26','3330500134466',1,NULL,'2015-10-27 14:05:25','1311190001611'),(15,'2015-10-26','1311190001611',2,NULL,'2015-10-27 14:05:25','1311190001611'),(16,'2015-10-26','3341100640144',2,NULL,'2015-10-27 14:05:25','1311190001611'),(17,'2018-11-26','3340701263671',1,NULL,'2018-11-26 14:35:13','3341500771599'),(18,'2018-11-26','3349800155637',1,NULL,'2018-11-26 14:35:13','3341500771599'),(19,'2018-11-26','3330500134466',1,NULL,'2018-11-26 14:35:13','3341500771599'),(20,'2018-11-26','3341100640144',1,NULL,'2018-11-26 14:35:13','3341500771599'),(21,'2018-11-26','3341500771599',1,NULL,'2018-11-26 14:35:13','3341500771599'),(22,'2018-11-01','3340701263671',1,NULL,'2018-11-26 14:27:24','3341500771599'),(23,'2018-11-01','3349800155637',1,NULL,'2018-11-26 14:27:24','3341500771599'),(24,'2018-11-01','3330500134466',1,NULL,'2018-11-26 14:27:24','3341500771599'),(25,'2018-11-01','3341100640144',1,NULL,'2018-11-26 14:27:24','3341500771599'),(26,'2018-11-01','3341500771599',1,NULL,'2018-11-26 14:27:24','3341500771599'),(27,'2018-11-02','3340701263671',1,NULL,'2018-11-26 14:27:59','3341500771599'),(28,'2018-11-02','3349800155637',1,NULL,'2018-11-26 14:27:59','3341500771599'),(29,'2018-11-02','3330500134466',1,NULL,'2018-11-26 14:27:59','3341500771599'),(30,'2018-11-02','3341100640144',1,NULL,'2018-11-26 14:27:59','3341500771599'),(31,'2018-11-02','3341500771599',1,NULL,'2018-11-26 14:27:59','3341500771599'),(32,'2018-11-05','3340701263671',1,NULL,'2018-11-26 14:28:51','3341500771599'),(33,'2018-11-05','3349800155637',4,NULL,'2018-11-26 14:28:51','3341500771599'),(34,'2018-11-05','3330500134466',1,NULL,'2018-11-26 14:28:51','3341500771599'),(35,'2018-11-05','3341100640144',1,NULL,'2018-11-26 14:28:51','3341500771599'),(36,'2018-11-05','3341500771599',1,NULL,'2018-11-26 14:28:51','3341500771599'),(37,'2018-11-06','3340701263671',1,NULL,'2018-11-26 14:29:11','3341500771599'),(38,'2018-11-06','3349800155637',1,NULL,'2018-11-26 14:29:11','3341500771599'),(39,'2018-11-06','3330500134466',1,NULL,'2018-11-26 14:29:11','3341500771599'),(40,'2018-11-06','3341100640144',1,NULL,'2018-11-26 14:29:11','3341500771599'),(41,'2018-11-06','3341500771599',1,NULL,'2018-11-26 14:29:11','3341500771599'),(42,'2018-11-07','3340701263671',1,NULL,'2018-11-26 14:29:30','3341500771599'),(43,'2018-11-07','3349800155637',1,NULL,'2018-11-26 14:29:30','3341500771599'),(44,'2018-11-07','3330500134466',1,NULL,'2018-11-26 14:29:30','3341500771599'),(45,'2018-11-07','3341100640144',1,NULL,'2018-11-26 14:29:30','3341500771599'),(46,'2018-11-07','3341500771599',1,NULL,'2018-11-26 14:29:30','3341500771599'),(47,'2018-11-08','3340701263671',1,NULL,'2018-11-26 14:29:49','3341500771599'),(48,'2018-11-08','3349800155637',1,NULL,'2018-11-26 14:29:49','3341500771599'),(49,'2018-11-08','3330500134466',1,NULL,'2018-11-26 14:29:49','3341500771599'),(50,'2018-11-08','3341100640144',1,NULL,'2018-11-26 14:29:49','3341500771599'),(51,'2018-11-08','3341500771599',1,NULL,'2018-11-26 14:29:49','3341500771599'),(52,'2018-11-09','3340701263671',1,NULL,'2018-11-26 14:30:07','3341500771599'),(53,'2018-11-09','3349800155637',1,NULL,'2018-11-26 14:30:07','3341500771599'),(54,'2018-11-09','3330500134466',1,NULL,'2018-11-26 14:30:07','3341500771599'),(55,'2018-11-09','3341100640144',1,NULL,'2018-11-26 14:30:07','3341500771599'),(56,'2018-11-09','3341500771599',1,NULL,'2018-11-26 14:30:07','3341500771599'),(57,'2018-11-12','3340701263671',1,NULL,'2018-11-26 14:30:29','3341500771599'),(58,'2018-11-12','3349800155637',1,NULL,'2018-11-26 14:30:29','3341500771599'),(59,'2018-11-12','3330500134466',1,NULL,'2018-11-26 14:30:29','3341500771599'),(60,'2018-11-12','3341100640144',1,NULL,'2018-11-26 14:30:29','3341500771599'),(61,'2018-11-12','3341500771599',1,NULL,'2018-11-26 14:30:29','3341500771599'),(62,'2018-11-13','3340701263671',1,NULL,'2018-11-26 14:31:55','3341500771599'),(63,'2018-11-13','3349800155637',1,NULL,'2018-11-26 14:31:55','3341500771599'),(64,'2018-11-13','3330500134466',1,NULL,'2018-11-26 14:31:55','3341500771599'),(65,'2018-11-13','3341100640144',1,NULL,'2018-11-26 14:31:55','3341500771599'),(66,'2018-11-13','3341500771599',2,NULL,'2018-11-26 14:31:55','3341500771599'),(67,'2018-11-14','3340701263671',1,NULL,'2018-11-26 14:32:31','3341500771599'),(68,'2018-11-14','3349800155637',1,NULL,'2018-11-26 14:32:31','3341500771599'),(69,'2018-11-14','3330500134466',1,NULL,'2018-11-26 14:32:31','3341500771599'),(70,'2018-11-14','3341100640144',1,NULL,'2018-11-26 14:32:31','3341500771599'),(71,'2018-11-14','3341500771599',2,NULL,'2018-11-26 14:32:31','3341500771599'),(72,'2018-11-15','3340701263671',1,NULL,'2018-11-26 14:32:49','3341500771599'),(73,'2018-11-15','3349800155637',1,NULL,'2018-11-26 14:32:49','3341500771599'),(74,'2018-11-15','3330500134466',1,NULL,'2018-11-26 14:32:49','3341500771599'),(75,'2018-11-15','3341100640144',1,NULL,'2018-11-26 14:32:49','3341500771599'),(76,'2018-11-15','3341500771599',1,NULL,'2018-11-26 14:32:49','3341500771599'),(77,'2018-11-16','3340701263671',1,NULL,'2018-11-26 14:33:15','3341500771599'),(78,'2018-11-16','3349800155637',1,NULL,'2018-11-26 14:33:15','3341500771599'),(79,'2018-11-16','3330500134466',1,NULL,'2018-11-26 14:33:15','3341500771599'),(80,'2018-11-16','3341100640144',1,NULL,'2018-11-26 14:33:15','3341500771599'),(81,'2018-11-16','3341500771599',1,NULL,'2018-11-26 14:33:15','3341500771599'),(82,'2018-11-19','3340701263671',1,NULL,'2018-11-26 14:33:44','3341500771599'),(83,'2018-11-19','3349800155637',1,NULL,'2018-11-26 14:33:44','3341500771599'),(84,'2018-11-19','3330500134466',1,NULL,'2018-11-26 14:33:44','3341500771599'),(85,'2018-11-19','3341100640144',1,NULL,'2018-11-26 14:33:44','3341500771599'),(86,'2018-11-19','3341500771599',1,NULL,'2018-11-26 14:33:44','3341500771599'),(87,'2018-11-20','3340701263671',1,NULL,'2018-11-26 14:33:59','3341500771599'),(88,'2018-11-20','3349800155637',1,NULL,'2018-11-26 14:33:59','3341500771599'),(89,'2018-11-20','3330500134466',1,NULL,'2018-11-26 14:33:59','3341500771599'),(90,'2018-11-20','3341100640144',1,NULL,'2018-11-26 14:33:59','3341500771599'),(91,'2018-11-20','3341500771599',1,NULL,'2018-11-26 14:33:59','3341500771599'),(92,'2018-11-21','3340701263671',1,NULL,'2018-11-26 14:34:15','3341500771599'),(93,'2018-11-21','3349800155637',1,NULL,'2018-11-26 14:34:15','3341500771599'),(94,'2018-11-21','3330500134466',1,NULL,'2018-11-26 14:34:15','3341500771599'),(95,'2018-11-21','3341100640144',1,NULL,'2018-11-26 14:34:15','3341500771599'),(96,'2018-11-21','3341500771599',1,NULL,'2018-11-26 14:34:15','3341500771599'),(97,'2018-11-22','3340701263671',1,NULL,'2018-11-26 14:34:35','3341500771599'),(98,'2018-11-22','3349800155637',1,NULL,'2018-11-26 14:34:35','3341500771599'),(99,'2018-11-22','3330500134466',1,NULL,'2018-11-26 14:34:35','3341500771599'),(100,'2018-11-22','3341100640144',1,NULL,'2018-11-26 14:34:35','3341500771599'),(101,'2018-11-22','3341500771599',1,NULL,'2018-11-26 14:34:35','3341500771599'),(102,'2018-11-23','3340701263671',1,NULL,'2018-11-26 14:34:55','3341500771599'),(103,'2018-11-23','3349800155637',1,NULL,'2018-11-26 14:34:55','3341500771599'),(104,'2018-11-23','3330500134466',1,NULL,'2018-11-26 14:34:55','3341500771599'),(105,'2018-11-23','3341100640144',1,NULL,'2018-11-26 14:34:55','3341500771599'),(106,'2018-11-23','3341500771599',1,NULL,'2018-11-26 14:34:55','3341500771599'),(107,'2018-11-27','3340701263671',1,NULL,'2018-11-27 18:22:21','3341500771599'),(108,'2018-11-27','3349800155637',1,NULL,'2018-11-27 18:22:21','3341500771599'),(109,'2018-11-27','3330500134466',1,NULL,'2018-11-27 18:22:21','3341500771599'),(110,'2018-11-27','3341100640144',1,NULL,'2018-11-27 18:22:21','3341500771599'),(111,'2018-11-27','3341500771599',1,NULL,'2018-11-27 18:22:21','3341500771599'),(112,'2018-11-28','3340701263671',1,NULL,'2018-11-28 15:17:25','3341500771599'),(113,'2018-11-28','3349800155637',1,NULL,'2018-11-28 15:17:25','3341500771599'),(114,'2018-11-28','3330500134466',1,NULL,'2018-11-28 15:17:25','3341500771599'),(115,'2018-11-28','3341100640144',1,NULL,'2018-11-28 15:17:25','3341500771599'),(116,'2018-11-28','3341500771599',1,NULL,'2018-11-28 15:17:25','3341500771599'),(117,'2018-11-29','3340701263671',1,NULL,'2018-11-29 08:42:47','3341500771599'),(118,'2018-11-29','3349800155637',1,NULL,'2018-11-29 08:42:47','3341500771599'),(119,'2018-11-29','3330500134466',1,NULL,'2018-11-29 08:42:47','3341500771599'),(120,'2018-11-29','3341100640144',1,NULL,'2018-11-29 08:42:47','3341500771599'),(121,'2018-11-29','3341500771599',2,NULL,'2018-11-29 08:42:47','3341500771599');

--
-- Table structure for table `work_permission`
--

CREATE TABLE `work_permission` (
  `id` int(11) NOT NULL AUTO_INCREMENT,
  `person_id` varchar(13) NOT NULL,
  `p1` tinyint(4) NOT NULL,
  `officer` varchar(13) NOT NULL,
  `rec_date` date NOT NULL,
  PRIMARY KEY (`id`)
) ENGINE=MyISAM AUTO_INCREMENT=3 DEFAULT CHARSET=utf8 COLLATE=utf8_general_ci;

--
-- Dumping data for table `work_permission`
--

INSERT INTO `work_permission` VALUES (1,'1311190001611',1,'1311190001611','2015-10-27'),(2,'3341500771599',1,'3341500771599','2018-11-14');


