-- Dumping data for table `bets_master_test_2`
--

INSERT INTO `bets_master_test_2` VALUES (1,2,25,1,20),(2,2,26,2,30),(3,2,27,3,50);

--
-- Table structure for table `bets_permission`
--

CREATE TABLE `bets_permission` (
  `id` int(11) NOT NULL AUTO_INCREMENT,
  `person_id` varchar(13) NOT NULL,
  `p1` tinyint(4) NOT NULL,
  `p2` tinyint(4) NOT NULL,
  `p3` tinyint(4) NOT NULL,
  `officer` varchar(13) NOT NULL,
  `rec_date` date NOT NULL,
  PRIMARY KEY (`id`)
) ENGINE=MyISAM AUTO_INCREMENT=31 DEFAULT CHARSET=utf8 COLLATE=utf8_general_ci;

--
-- Dumping data for table `bets_permission`
--

INSERT INTO `bets_permission` VALUES (2,'3341501429835',1,1,0,'3349800181484','2018-09-19'),(3,'3349800248872',1,1,0,'3349800181484','2018-09-19'),(8,'3349800151143',1,1,0,'3349800212398','2020-03-10'),(5,'3349800181484',1,1,0,'3349800181484','2018-09-19'),(24,'1341500182155',1,1,0,'3341500254471','2023-05-30'),(9,'3349900668369',1,1,0,'3349800212398','2020-03-10'),(27,'1341500313721',1,1,0,'3341500254471','2023-05-30'),(25,'3341501548354',1,1,0,'3341500254471','2023-05-30'),(15,'5330400077483',1,1,0,'3349800212398','2020-03-10'),(17,'3341501548354',1,1,0,'3349800212398','2020-03-10'),(23,'5341500080479',1,1,0,'3341500254471','2023-05-30'),(22,'3349900736445',1,1,0,'3341501767781','2021-02-02'),(30,'3340700590775',1,1,0,'3341500254471','2024-02-02');

--
-- Table structure for table `bets_sch_test`
--

CREATE TABLE `bets_sch_test` (
  `id` int(11) NOT NULL AUTO_INCREMENT,
  `teacher` varchar(13) NOT NULL,
  `test_id` int(11) NOT NULL,
  `sch_test_name` varchar(150) NOT NULL,
  `sch_test_code` varchar(10) NOT NULL,
  `sch_test_active` tinyint(4) NOT NULL,
  `officer` varchar(13) NOT NULL,
  `rec_date` date NOT NULL,
  PRIMARY KEY (`id`)
) ENGINE=MyISAM AUTO_INCREMENT=4 DEFAULT CHARSET=utf8 COLLATE=utf8_general_ci;

--
-- Dumping data for table `bets_sch_test`
--

INSERT INTO `bets_sch_test` VALUES (2,'2',2,'สอบท้ายบทที่ 1 ','23749',1,'3349900736445','2021-07-06'),(3,'3',3,'วิทยาการคำนวณ','1234',1,'3349900736445','2025-04-30');

--
-- Table structure for table `bets_schtest_testuser`
--

CREATE TABLE `bets_schtest_testuser` (
  `id` int(11) NOT NULL AUTO_INCREMENT,
  `person_id` varchar(13) NOT NULL,
  `class_name` varchar(250) NOT NULL,
  `room` tinyint(4) NOT NULL,
  `ed_year` int(11) NOT NULL,
  `sch_test_id` int(11) NOT NULL,
  `stop_test` tinyint(4) NOT NULL,
  `officer` varchar(13) NOT NULL,
  `rec_date` date NOT NULL,
  PRIMARY KEY (`id`)
) ENGINE=MyISAM AUTO_INCREMENT=78 DEFAULT CHARSET=utf8 COLLATE=utf8_general_ci;

--
-- Dumping data for table `bets_schtest_testuser`
--

INSERT INTO `bets_schtest_testuser` VALUES (46,'4825','มัธยมศึกษาปีที่ 1',1,2564,2,0,'3349900736445','2021-07-06'),(45,'4483','มัธยมศึกษาปีที่ 1',1,2564,2,0,'3349900736445','2021-07-06'),(44,'4639','มัธยมศึกษาปีที่ 1',1,2564,2,0,'3349900736445','2021-07-06'),(43,'4487','มัธยมศึกษาปีที่ 1',1,2564,2,0,'3349900736445','2021-07-06'),(42,'4485','มัธยมศึกษาปีที่ 1',1,2564,2,0,'3349900736445','2021-07-06'),(41,'4484','มัธยมศึกษาปีที่ 1',1,2564,2,0,'3349900736445','2021-07-06'),(40,'4482','มัธยมศึกษาปีที่ 1',1,2564,2,0,'3349900736445','2021-07-06'),(39,'4473','มัธยมศึกษาปีที่ 1',1,2564,2,0,'3349900736445','2021-07-06'),(38,'4472','มัธยมศึกษาปีที่ 1',1,2564,2,0,'3349900736445','2021-07-06'),(37,'4470','มัธยมศึกษาปีที่ 1',1,2564,2,0,'3349900736445','2021-07-06'),(36,'4520','มัธยมศึกษาปีที่ 1',1,2564,2,0,'3349900736445','2021-07-06'),(35,'4480','มัธยมศึกษาปีที่ 1',1,2564,2,0,'3349900736445','2021-07-06'),(34,'4478','มัธยมศึกษาปีที่ 1',1,2564,2,0,'3349900736445','2021-07-06'),(33,'4481','มัธยมศึกษาปีที่ 1',1,2564,2,0,'3349900736445','2021-07-06'),(32,'4476','มัธยมศึกษาปีที่ 1',1,2564,2,0,'3349900736445','2021-07-06'),(31,'4461','มัธยมศึกษาปีที่ 1',1,2564,2,0,'3349900736445','2021-07-06'),(30,'4460','มัธยมศึกษาปีที่ 1',1,2564,2,0,'3349900736445','2021-07-06'),(29,'4466','มัธยมศึกษาปีที่ 1',1,2564,2,0,'3349900736445','2021-07-06'),(28,'4465','มัธยมศึกษาปีที่ 1',1,2564,2,0,'3349900736445','2021-07-06'),(27,'4462','มัธยมศึกษาปีที่ 1',1,2564,2,0,'3349900736445','2021-07-06'),(26,'4464','มัธยมศึกษาปีที่ 1',1,2564,2,0,'3349900736445','2021-07-06'),(25,'4463','มัธยมศึกษาปีที่ 1',1,2564,2,0,'3349900736445','2021-07-06'),(24,'4424','มัธยมศึกษาปีที่ 1',1,2564,2,0,'3349900736445','2021-07-06'),(47,'4830','ประถมศึกษาปีที่ 2',1,2567,3,0,'3349900736445','2025-04-30'),(48,'4831','ประถมศึกษาปีที่ 2',1,2567,3,0,'3349900736445','2025-04-30'),(49,'4832','ประถมศึกษาปีที่ 2',1,2567,3,0,'3349900736445','2025-04-30'),(50,'4833','ประถมศึกษาปีที่ 2',1,2567,3,0,'3349900736445','2025-04-30'),(51,'4834','ประถมศึกษาปีที่ 2',1,2567,3,0,'3349900736445','2025-04-30'),(52,'4835','ประถมศึกษาปีที่ 2',1,2567,3,0,'3349900736445','2025-04-30'),(53,'4836','ประถมศึกษาปีที่ 2',1,2567,3,0,'3349900736445','2025-04-30'),(54,'4837','ประถมศึกษาปีที่ 2',1,2567,3,0,'3349900736445','2025-04-30'),(55,'4838','ประถมศึกษาปีที่ 2',1,2567,3,0,'3349900736445','2025-04-30'),(56,'4839','ประถมศึกษาปีที่ 2',1,2567,3,0,'3349900736445','2025-04-30'),(57,'4840','ประถมศึกษาปีที่ 2',1,2567,3,0,'3349900736445','2025-04-30'),(58,'4841','ประถมศึกษาปีที่ 2',1,2567,3,0,'3349900736445','2025-04-30'),(59,'4842','ประถมศึกษาปีที่ 2',1,2567,3,0,'3349900736445','2025-04-30'),(60,'4843','ประถมศึกษาปีที่ 2',1,2567,3,0,'3349900736445','2025-04-30'),(61,'4844','ประถมศึกษาปีที่ 2',1,2567,3,0,'3349900736445','2025-04-30'),(62,'4845','ประถมศึกษาปีที่ 2',1,2567,3,0,'3349900736445','2025-04-30'),(63,'4846','ประถมศึกษาปีที่ 2',1,2567,3,0,'3349900736445','2025-04-30'),(64,'4847','ประถมศึกษาปีที่ 2',1,2567,3,0,'3349900736445','2025-04-30'),(65,'4848','ประถมศึกษาปีที่ 2',1,2567,3,0,'3349900736445','2025-04-30'),(66,'4849','ประถมศึกษาปีที่ 2',1,2567,3,0,'3349900736445','2025-04-30'),(67,'4851','ประถมศึกษาปีที่ 2',1,2567,3,0,'3349900736445','2025-04-30'),(68,'4852','ประถมศึกษาปีที่ 2',1,2567,3,0,'3349900736445','2025-04-30'),(69,'4853','ประถมศึกษาปีที่ 2',1,2567,3,0,'3349900736445','2025-04-30'),(70,'4854','ประถมศึกษาปีที่ 2',1,2567,3,0,'3349900736445','2025-04-30'),(71,'4855','ประถมศึกษาปีที่ 2',1,2567,3,0,'3349900736445','2025-04-30'),(72,'4856','ประถมศึกษาปีที่ 2',1,2567,3,0,'3349900736445','2025-04-30'),(73,'4857','ประถมศึกษาปีที่ 2',1,2567,3,0,'3349900736445','2025-04-30'),(74,'4858','ประถมศึกษาปีที่ 2',1,2567,3,0,'3349900736445','2025-04-30'),(75,'4859','ประถมศึกษาปีที่ 2',1,2567,3,0,'3349900736445','2025-04-30'),(76,'4897','ประถมศึกษาปีที่ 2',1,2567,3,0,'3349900736445','2025-04-30'),(77,'4932','ประถมศึกษาปีที่ 2',1,2567,3,0,'3349900736445','2025-04-30');

--
-- Table structure for table `bets_standard`
--

CREATE TABLE `bets_standard` (
  `id` int(11) NOT NULL AUTO_INCREMENT,
  `substance_code` varchar(8) NOT NULL,
  `standard_code` varchar(10) NOT NULL,
  `short_name` varchar(250) NOT NULL,
  `standard_text` text NOT NULL,
  PRIMARY KEY (`id`),
  UNIQUE KEY `standard_code` (`standard_code`)
) ENGINE=MyISAM AUTO_INCREMENT=78 DEFAULT CHARSET=utf8 COLLATE=utf8_general_ci;

--
-- Dumping data for table `bets_standard`
--

INSERT INTO `bets_standard` VALUES (11,'25510601','2551060101','ศ ๑.๑','สร้างสรรค์งานทัศนศิลป์ตามจินตนาการ และความคิดสร้างสรรค์ วิเคราะห์ วิพากษ์ วิจารณ์คุณค่างานทัศนศิลป์ ถ่ายทอดความรู้สึก ความคิดต่องานศิลปะ อย่างอิสระ ชื่นชม และประยุกต์ใช้ในชีวิตประจำวัน'),(12,'25510601','2551060102','ศ ๑.๒','เข้าใจความสัมพันธ์ระหว่างทัศนศิลป์ ประวัติศาสตร์ และวัฒนธรรม เห็นคุณค่า งานทัศนศิลป์ที่เป็นมรดกทางวัฒนธรรม ภูมิปัญญาท้องถิ่น ภูมิปัญญาไทยและสากล'),(13,'25510602','2551060201','ศ ๒.๑','เข้าใจและแสดงออกทางดนตรีอย่างสร้างสรรค์ วิเคราะห์ วิพากษ์วิจารณ์คุณค่าดนตรี ถ่ายทอดความรู้สึก ความคิดต่อดนตรีอย่างอิสระ ชื่นชม และประยุกต์ใช้ในชีวิตประจำวัน'),(14,'25510602','2551060202','ศ ๒.๒','เข้าใจความสัมพันธ์ระหว่างดนตรี ประวัติศาสตร์ และวัฒนธรรม เห็นคุณค่าของดนตรีที่เป็นมรดกทางวัฒนธรรม ภูมิปัญญาท้องถิ่น ภูมิปัญญาไทยและสากล'),(15,'25510603','2551060301','ศ ๓.๑','เข้าใจ และแสดงออกทางนาฏศิลป์อย่างสร้างสรรค์ วิเคราะห์ วิพากษ์ วิจารณ์คุณค่านาฏศิลป์ ถ่ายทอดความรู้สึก ความคิดอย่างอิสระ ชื่นชม และประยุกต์ใช้ในชีวิตประจำวัน'),(16,'25510603','2551060302','ศ ๓.๒','เข้าใจความสัมพันธ์ระหว่างนาฏศิลป์ ประวัติศาสตร์และวัฒนธรรม เห็นคุณค่าของนาฏศิลป์ที่เป็นมรดกทางวัฒนธรรม ภูมิปัญญาท้องถิ่น ภูมิปัญญาไทยและสากล'),(17,'25510101','2551010101','ท ๑.๑','ใช้กระบวนการอ่านสร้างความรู้และความคิด เพื่อนำไปใช้ตัดสินใจ แก้ปัญหาในการดำเนินชีวิตและมีนิสัยรักการอ่าน'),(18,'25510102','2551010201','ท ๒.๑','ใช้กระบวนการเขียนเขียนสื่อสาร เขียนเรียงความ ย่อความ และเขียนเรื่องราวในรูปแบบต่างๆ เขียนรายงานข้อมูลสารสนเทศและรายงานการศึกษาค้นคว้าอย่างมีประสิทธิภาพ'),(19,'25510103','2551010301','ท ๓.๑','สามารถเลือกฟังและดูอย่างมีวิจารณญาณ และพูดแสดงความรู้ ความคิด และความรู้สึกในโอกาสต่างๆ อย่างมีวิจารณญาณและสร้างสรรค์'),(20,'25510104','2551010401','ท ๔.๑','เข้าใจธรรมชาติของภาษาและหลักภาษาไทย การเปลี่ยนแปลงของภาษาและพลังของภาษา ภูมิปัญญาทางภาษา และรักษาภาษาไทยไว้เป็นสมบัติของชาติ'),(21,'25510105','2551010501','ท ๕.๑','เข้าใจและแสดงความคิดเห็น วิจารณ์วรรณคดีและวรรณกรรมไทยอย่างเห็นคุณค่าและนำมาประยุกต์ใช้ในชีวิตจริง'),(22,'25510201','2551020101','ค ๑.๑','เข้าใจถึงความหลากหลายของการแสดงจำนวนและการใช้จำนวนในชีวิตจริง'),(23,'25510201','2551020102','ค ๑.๒','เข้าใจถึงผลที่เกิดขึ้นจากการดำเนินการของจำนวนและความสัมพันธ์ระหว่างการดำเนินการต่าง ๆ และใช้การดำเนินการในการแก้ปัญหา'),(24,'25510201','2551020103','ค ๑.๓','ใช้การประมาณค่าในการคำนวณและแก้ปัญหา'),(25,'25510201','2551020104','ค ๑.๔','เข้าใจระบบจำนวนและนำสมบัติเกี่ยวกับจำนวนไปใช้'),(26,'25510202','2551020201','ค ๒.๑','เข้าใจพื้นฐานเกี่ยวกับการวัด วัดและคาดคะเนขนาดของสิ่งที่ต้องการวัด'),(27,'25510202','2551020202','ค ๒.๒','แก้ปัญหาเกี่ยวกับการวัด'),(28,'25510203','2551020301','ค ๓.๑','อธิบายและวิเคราะห์รูปเรขาคณิตสองมิติและสามมิติ'),(29,'25510203','2551020302','ค ๓.๒','ใช้การนึกภาพ (visualization) ใช้เหตุผลเกี่ยวกับปริภูมิ (spatial reasoning) และใช้แบบจำลองทางเรขาคณิต (geometric model) ในการแก้ปัญหา'),(30,'25510204','2551020401','ค ๔.๑','เข้าใจและวิเคราะห์แบบรูป (pattern) ความสัมพันธ์ และฟังก์ชัน'),(31,'25510204','2551020402','ค ๔.๒','ใช้นิพจน์ สมการ อสมการ กราฟ และตัวแบบเชิงคณิตศาสตร์ (mathematical model) อื่น ๆ แทนสถานการณ์ต่าง ๆ ตลอดจนแปลความหมายและนำไปใช้แก้ปัญหา'),(32,'25510205','2551020501','ค ๕.๑','เข้าใจและใช้วิธีการทางสถิติในการวิเคราะห์ข้อมูล'),(33,'25510205','2551020502','ค ๕.๒','ใช้วิธีการทางสถิติและความรู้เกี่ยวกับความน่าจะเป็นในการคาดการณ์ได้อย่างสมเหตุสมผล'),(34,'25510205','2551020503','ค ๕.๓','ใช้ความรู้เกี่ยวกับสถิติและความน่าจะเป็นช่วยในการตัดสินใจและแก้ปัญหา'),(35,'25510206','2551020601','ค ๖.๑','มีความสามารถในการแก้ปัญหา การให้เหตุผล การสื่อสาร การสื่อความหมายทางคณิตศาสตร์ และการนำเสนอ การเชื่อมโยงความรู้ ต่าง ๆ ทางคณิตศาสตร์ และเชื่อมโยงคณิตศาสตร์กับศาสตร์อื่นๆ และมีความคิดริเริ่มสร้างสรรค์'),(36,'25510301','2551030101','ว 1.2    ','เข้าใจสมบัติของสิ่งมีชีวิต หน่วยพื้นฐานของสิ่งมีชีวิต การลำเลียงสารผ่านเซลล์ ความสัมพันธ์ของโครงสร้าง และหน้าที่ของระบบต่าง ๆ ของสัตว์และมนุษย์ที่ทำงานสัมพันธ์กัน ความสัมพันธ์ของโครงสร้างและหน้าที่ของอวัยวะต่าง ๆ ของพืชที่ทำงานสัมพันธ์กัน รวมทั้งนำความรู้ไปใช้ประโยชน์'),(37,'25510301','2551030102','ว 2.1','เข้าใจสมบัติของสสาร องค์ประกอบของสสาร ความสัมพันธ์ระหว่างสมบัติของสสารกับโครงสร้างและแรงยึดเหนี่ยวระหว่างอนุภาค หลักและธรรมชาติของการเปลี่ยนแปลงสถานะของสสาร การเกิดสารละลาย และการเกิดปฏิกิริยาเคมี'),(38,'25510302','2551030203','ว 2.2','เข้าใจธรรมชาติของแรงในชีวิตประจำวัน ผลของแรงที่กระทำต่อวัตถุ ลักษณะการเคลื่อนที่แบบต่าง ๆ ของวัตถุ รวมทั้งนำความรู้ไปใช้ประโยชน์'),(39,'25510303','2551030303','ว 3.2    ','เข้าใจองค์ประกอบ และความสัมพันธ์ของระบบโลก กระบวนการเปลี่ยนแปลงภายในโลกและบนผิวโลก ธรณี  พิบัติภัย กระบวนการเปลี่ยนแปลงลมฟ้าอากาศและภูมิอากาศโลก รวมทั้งผลต่อสิ่งมีชีวิต และสิ่งแวดล้อม'),(40,'25510304','2551030404','ว 4.1','เข้าใจแนวคิดหลักของเทคโนโลยีเพื่อการดำรงชีวิตในสังคมที่มีการเปลี่ยนแปลง\r\nอย่างรวดเร็ว ใช้ความรู้และทักษะทางด้านวิทยาศาสตร์คณิตศาสตร์และ\r\nศาสตร์อื่น ๆ เพื่อแก้ปัญหาหรือพัฒนางานอย่างมีความคิดสร้างสรรค์\r\nด้วยกระบวนการออกแบบเชิงวิศวกรรม เลือกใช้เทคโนโลยีอย่างเหมาะสม\r\nโดยคำนึงถึงผลกระทบต่อชีวิต สังคม และสิ่งแวดล้อม'),(43,'25510304','2551030402','ว 4.2','เข้าใจและใช้แนวคิดเชิงคำนวณในการแก้ปัญหาที่พบในชีวิตจริงอย่างเป็น\r\nขั้นตอนและเป็นระบบ ใช้เทคโนโลยีสารสนเทศและการสื่อสารในการเรียนรู้\r\nการทำงาน และการแก้ปัญหาได้อย่างมีประสิทธิภาพ รู้เท่าทัน และมีจริยธรรม'),(44,'25510305','2551030501','ว ๕.๑','เข้าใจความสัมพันธ์ระหว่างพลังงานกับการดำรงชีวิต การเปลี่ยนรูปพลังงาน ปฏิสัมพันธ์ระหว่างสารและพลังงาน ผลของการใช้พลังงานต่อชีวิตและสิ่งแวดล้อม มีกระบวน การสืบเสาะหาความรู้ สื่อสารสิ่งที่เรียนรู้และนำความรู้ไปใช้ประโยชน์'),(45,'25510306','2551030601','ว ๖.๑','เข้าใจกระบวนการต่าง ๆ ที่เกิดขึ้นบนผิวโลกและภายในโลก ความสัมพันธ์ของกระบวนการต่าง ๆ ที่มีผลต่อการเปลี่ยนแปลงภูมิอากาศ ภูมิประเทศ และสัณฐานของโลก มีกระบวนการสืบเสาะหาความรู้และจิตวิทยาศาสตร์ สื่อสารสิ่งที่เรียนรู้และนำความรู้ไปใช้ประโยชน์'),(46,'25510307','2551030701','ว ๗.๑','เข้าใจวิวัฒนาการของระบบสุริยะ กาแล็กซี และเอกภพ การปฏิสัมพันธ์ภายในระบบสุริยะ และผลต่อสิ่งมีชีวิตบนโลก มีกระบวนการสืบเสาะ หาความรู้และจิตวิทยาศาสตร์ การสื่อสารสิ่งที่เรียนรู้และนำความรู้ไปใช้ประโยชน์'),(47,'25510307','2551030702','ว ๗.๒','เข้าใจความสำคัญของเทคโนโลยีอวกาศที่นำมาใช้ในการสำรวจอวกาศ และทรัพยากรธรรมชาติด้านการเกษตรและการสื่อสารมีกระบวนการสืบเสาะหาความรู้ และจิตวิทยาศาสตร์ สื่อสารสิ่งที่เรียนรู้ และนำความรู้ไปใช้ประโยชน์อย่างมีคุณธรรมต่อชีวิตและสิ่งแวดล้อม'),(48,'25510308','2551030801','ว ๘.๑','ใช้กระบวนการทางวิทยาศาสตร์และจิตวิทยาศาสตร์ในการสืบเสาะหาความรู้ การแก้ปัญหา รู้ว่าปรากฏการณ์ทางธรรมชาติที่เกิดขึ้นส่วนใหญ่มีรูปแบบที่แน่นอน สามารถอธิบายและตรวจสอบได้ ภายใต้ข้อมูลและเครื่องมือที่มีอยู่ในช่วงเวลานั้นๆ เข้าใจว่า วิทยาศาสตร์ เทคโนโลยี สังคม และสิ่งแวดล้อมมีความเกี่ยวข้องสัมพันธ์กัน'),(49,'25510401','2551040101','ส ๑.๑','รู้ และเข้าใจประวัติ ความสำคัญ ศาสดา หลักธรรมของพระพุทธศาสนาหรือศาสนาที่ตนนับถือและศาสนาอื่น มีศรัทธาที่ถูกต้อง ยึดมั่น และปฏิบัติตามหลักธรรม เพื่ออยู่ร่วมกันอย่างสันติสุข'),(50,'25510401','2551040102','ส ๑.๒','เข้าใจ ตระหนักและปฏิบัติตนเป็นศาสนิกชนที่ดี และธำรงรักษาพระพุทธศาสนาหรือศาสนาที่ตนนับถือ'),(51,'25510402','2551040201','ส ๒.๑','เข้าใจและปฏิบัติตนตามหน้าที่ของการเป็นพลเมืองดี มีค่านิยมที่ดีงาม และธำรงรักษาประเพณีและวัฒนธรรมไทย ดำรงชีวิตอยู่ร่วมกันในสังคมไทยและสังคมโลกอย่างสันติสุข'),(52,'25510402','2551040202','ส ๒.๒','เข้าใจระบบการเมืองการปกครองในสังคมปัจจุบัน ยึดมั่น ศรัทธา และธำรงรักษาไว้ซึ่งการปกครองระบอบประชาธิปไตยอันมีพระมหากษัตริย์ทรงเป็นประมุข'),(53,'25510403','2551040301','ส ๓.๑','เข้าใจและสามารถบริหารจัดการทรัพยากรในการผลิตและการบริโภค การใช้ทรัพยากรที่มีอยู่จำกัดได้อย่างมีประสิทธิภาพและคุ้มค่า รวมทั้งเข้าใจหลักการของเศรษฐกิจพอเพียง เพื่อการดำรงชีวิตอย่างมีดุลยภาพ'),(54,'25510403','2551040302','ส ๓.๒','เข้าใจระบบและสถาบันทางเศรษฐกิจต่าง ๆ ความสัมพันธ์ทางเศรษฐกิจ และความจำเป็นของการร่วมมือกันทางเศรษฐกิจในสังคมโลก'),(55,'25510404','2551040401','ส ๔.๑','เข้าใจความหมาย ความสำคัญของเวลาและยุคสมัยทางประวัติศาสตร์ สามารถใช้วิธีการทางประวัติศาสตร์มาวิเคราะห์เหตุการณ์ต่างๆ อย่างเป็นระบบ'),(56,'25510404','2551040402','ส ๔.๒','เข้าใจพัฒนาการของมนุษยชาติจากอดีตจนถึงปัจจุบัน ในด้านความสัมพันธ์และการเปลี่ยนแปลงของเหตุการณ์อย่างต่อเนื่อง ตระหนักถึงความสำคัญและสามารถวิเคราะห์ผลกระทบที่เกิดขึ้น'),(57,'25510404','2551040403','ส ๔.๓','เข้าใจความเป็นมาของชาติไทย วัฒนธรรม ภูมิปัญญาไทย มีความรัก ความภูมิใจและธำรงความเป็นไทย'),(58,'25510405','2551040501','ส ๕.๑','เข้าใจลักษณะของโลกทางกายภาพ และความสัมพันธ์ของสรรพสิ่งซึ่งมีผลต่อกันและกันในระบบของธรรมชาติ ใช้แผนที่และเครื่องมือทางภูมิศาสตร์ในการค้นหา วิเคราะห์ สรุป และใช้ข้อมูลภูมิสารสนเทศอย่างมีประสิทธิภาพ'),(59,'25510405','2551040502','ส ๕.๒','เข้าใจปฏิสัมพันธ์ระหว่างมนุษย์กับสภาพแวดล้อมทางกายภาพที่ก่อให้เกิดการสร้างสรรค์วัฒนธรรม มีจิตสำนึกและมีส่วนร่วม ในการอนุรักษ์ทรัพยากรและสิ่งแวดล้อม เพื่อการพัฒนาที่ยั่งยืน'),(60,'25510501','2551050101','พ ๑.๑','เข้าใจธรรมชาติของการเจริญเติบโตและพัฒนาการของมนุษย์'),(61,'25510502','2551050201','พ ๒.๑','เข้าใจและเห็นคุณค่าตนเอง ครอบครัว เพศศึกษา และมีทักษะในการดำเนินชีวิต'),(62,'25510503','2551050301','พ ๓.๑','เข้าใจ มีทักษะในการเคลื่อนไหว กิจกรรมทางกาย การเล่นเกม และกีฬา'),(63,'25510503','2551050302','พ ๓.๒','รักการออกกำลังกาย การเล่นเกม และการเล่นกีฬา ปฏิบัติเป็นประจำอย่างสม่ำเสมอ มีวินัย เคารพสิทธิ กฎ กติกา มีน้ำใจนักกีฬา มีจิตวิญญาณในการแข่งขันและชื่นชมในสุนทรียภาพของการกีฬา'),(64,'25510504','2551050401','พ ๔.๑','เห็นคุณค่าและมีทักษะในการสร้างเสริมสุขภาพ การดำรงสุขภาพ การป้องกันโรคและการสร้างเสริมสมรรถภาพเพื่อสุขภาพ'),(65,'25510505','2551050501','พ ๕.๑','ป้องกันและหลีกเลี่ยงปัจจัยเสี่ยง พฤติกรรมเสี่ยงต่อสุขภาพ อุบัติเหตุ การใช้ยา สารเสพติด และความรุนแรง'),(66,'25510701','2551070101','ง ๑.๑','เข้าใจการทำงาน มีความคิดสร้างสรรค์ มีทักษะกระบวนการทำงาน ทักษะการจัดการ ทักษะกระบวนการแก้ปัญหาทักษะการทำงานร่วมกัน และทักษะการแสวงหาความรู้ มีคุณธรรม และลักษณะนิสัยในการทำงาน มีจิตสำนึกในการใช้พลังงาน ทรัพยากร และสิ่งแวดล้อม เพื่อการดำรงชีวิตและครอบครัว'),(67,'25510702','2551070201','ง ๒.๑','เข้าใจเทคโนโลยีและกระบวนการเทคโนโลยี ออกแบบและสร้างสิ่งของเครื่องใช้ หรือวิธีการ ตามกระบวนการเทคโนโลยีอย่างมีความคิดสร้างสรรค์ เลือกใช้เทคโนโลยีในทางสร้างสรรค์ต่อชีวิต สังคม สิ่งแวดล้อม และมีส่วนร่วมในการจัดการเทคโนโลยีที่ยั่งยืน'),(68,'25510703','2551070301','ง ๓.๑','เข้าใจ เห็นคุณค่า และใช้กระบวนการเทคโนโลยีสารสนเทศในการสืบค้นข้อมูล การเรียนรู้ การสื่อสาร การแก้ปัญหา การทำงาน และอาชีพอย่างมีประสิทธิภาพ ประสิทธิผล และมีคุณธรรม'),(69,'25510704','2551070401','ง ๔.๑','เข้าใจ มีทักษะที่จำเป็น มีประสบการณ์ เห็นแนวทางในงานอาชีพ ใช้เทคโนโลยีเพื่อพัฒนาอาชีพ มีคุณธรรม และมีเจตคติที่ดีต่ออาชีพ'),(70,'25510801','2551080101','ต ๑.๑','เข้าใจและตีความเรื่องที่ฟังและอ่านจากสื่อประเภทต่างๆ และแสดงความคิดเห็นอย่างมีเหตุผล'),(71,'25510801','2551080102','ต ๑.๒','มีทักษะการสื่อสารทางภาษาในการแลกเปลี่ยนข้อมูลข่าวสาร แสดงความรู้สึกและความคิดเห็นอย่างมีประสิทธิภาพ'),(72,'25510801','2551080103','ต ๑.๓','นำเสนอข้อมูลข่าวสาร ความคิดรวบยอด และความคิดเห็นในเรื่องต่างๆ โดยการพูดและการเขียน'),(73,'25510802','2551080201','ต ๒.๑','เข้าใจความสัมพันธ์ระหว่างภาษากับวัฒนธรรมของเจ้าของภาษา และนำไปใช้ได้อย่างเหมาะสมกับกาลเทศะ'),(74,'25510802','2551080202','ต ๒.๒','เข้าใจความเหมือนและความแตกต่างระหว่างภาษาและวัฒนธรรมของเจ้าของภาษากับภาษาและวัฒนธรรมไทย และนำมาใช้อย่างถูกต้องและเหมาะสม'),(75,'25510803','2551080301','ต ๓.๑','ใช้ภาษาต่างประเทศในการเชื่อมโยงความรู้กับกลุ่มสาระการเรียนรู้อื่น และเป็นพื้นฐานในการพัฒนา แสวงหาความรู้ และเปิดโลกทัศน์ของตน'),(76,'25510804','2551080401','ต ๔.๑','ใช้ภาษาต่างประเทศในสถานการณ์ต่างๆ ทั้งในสถานศึกษา ชุมชน และสังคม'),(77,'25510804','2551080402','ต ๔.๒','ใช้ภาษาต่างประเทศเป็นเครื่องมือพื้นฐานในการศึกษาต่อ การประกอบอาชีพ และการแลกเปลี่ยนเรียนรู้กับสังคมโลก');

--
-- Table structure for table `bets_substance`
--

CREATE TABLE `bets_substance` (
  `id` int(11) NOT NULL AUTO_INCREMENT,
  `group_code` varchar(7) NOT NULL,
  `substance_code` varchar(10) NOT NULL,
  `substance_name` varchar(250) NOT NULL,
  PRIMARY KEY (`id`),
  UNIQUE KEY `substance_code_2` (`substance_code`)
) ENGINE=MyISAM AUTO_INCREMENT=41 DEFAULT CHARSET=utf8 COLLATE=utf8_general_ci;

--
-- Dumping data for table `bets_substance`
--

INSERT INTO `bets_substance` VALUES (1,'255106','25510601','ทัศนศิลป์'),(2,'255106','25510602','ดนตรี'),(3,'255106','25510603','นาฏศิลป์'),(4,'255101','25510101','การอ่าน'),(5,'255101','25510102','การเขียน'),(6,'255101','25510103','การฟัง การดู และการพูด'),(7,'255101','25510104','หลักการใช้ภาษาไทย'),(8,'255101','25510105','วรรณคดีและวรรณกรรม'),(9,'255102','25510201','จำนวนและการดำเนินการ'),(10,'255102','25510202','การวัด'),(11,'255102','25510203','เรขาคณิต'),(12,'255102','25510204','พีชคณิต'),(13,'255102','25510205','การวิเคราะห์ข้อมูลและความน่าจะเป็น'),(14,'255102','25510206','ทักษะและกระบวนการทางคณิตศาสตร์'),(15,'255103','25510301','วิทยาศาสตร์ชีวภาพ'),(16,'255103','25510302','วิทยาศาสตร์กายภาพ'),(17,'255103','25510303','วิทยาศาสตร์โลก และอวกาศ'),(18,'255103','25510304','เทคโนโลยี'),(23,'255104','25510401','ศาสนา ศีลธรรม จริยธรรม'),(24,'255104','25510402','หน้าที่พลเมือง วัฒนธรรม และการดำเนินชีวิตในสังคม'),(25,'255104','25510403','เศรษฐศาสตร์'),(26,'255104','25510404','ประวัติศาสตร์'),(27,'255104','25510405','ภูมิศาสตร์'),(28,'255105','25510501','การเจริญเติบโตและพัฒนาการของมนุษย์'),(29,'255105','25510502','ชีวิตและครอบครัว'),(30,'255105','25510503','การเคลื่อนไหว การออกกำลังกาย การเล่นเกม กีฬาไทย และกีฬาสากล'),(31,'255105','25510504','การสร้างเสริมสุขภาพ สมรรถภาพและการป้องกันโรค'),(32,'255105','25510505','ความปลอดภัยในชีวิต'),(33,'255107','25510701','การดำรงชีวิตและครอบครัว'),(34,'255107','25510702','การออกแบบและเทคโนโลยี'),(35,'255107','25510703','เทคโนโลยีสารสนเทศและการสื่อสาร'),(36,'255107','25510704','การอาชีพ'),(37,'255108','25510801','ภาษาเพื่อการสื่อสาร'),(38,'255108','25510802','ภาษาและวัฒนธรรม'),(39,'255108','25510803','ภาษากับความสัมพันธ์กับกลุ่มสาระการเรียนรู้อื่น'),(40,'255108','25510804','ภาษากับความสัมพันธ์กับชุมชนและโลก');

--
-- Table structure for table `bets_test`
--

CREATE TABLE `bets_test` (
  `id` int(11) NOT NULL AUTO_INCREMENT,
  `test_name` varchar(150) NOT NULL,
  `master_test` int(11) NOT NULL,
  `s_group` int(11) NOT NULL,
  `statement` varchar(250) NOT NULL,
  `class_room` tinyint(4) NOT NULL,
  `item_num` int(11) NOT NULL,
  `test_score` int(11) NOT NULL,
  `test_time` int(11) NOT NULL,
  `g1` float NOT NULL,
  `g2` float NOT NULL,
  `test_active` tinyint(4) NOT NULL,
  `officer` varchar(13) NOT NULL,
  `rec_date` date NOT NULL,
  PRIMARY KEY (`id`)
) ENGINE=MyISAM AUTO_INCREMENT=4 DEFAULT CHARSET=utf8 COLLATE=utf8_general_ci;

--
-- Dumping data for table `bets_test`
--

INSERT INTO `bets_test` VALUES (1,'แบบทดสอบหน่วยที่ 1',1,255103,'ให้นักเรียนเลือกคำตอบที่ถูกเพียงข้อเดียว ',7,20,20,20,60,40,1,'3349900736445','2021-02-02'),(2,'แบบทดสอบท้ายบทที่ 1',1,255103,'ให้นักเรียนเลือกคำตอบที่ถูกต้องเพียงข้อเดียว',10,20,20,60,15,9,1,'3349900736445','2021-07-06'),(3,'แบบทดสอบวิทยาการคำนวณ 2567',2,255103,'ให้นักเรียนเลือกคำตอบที่ถูกเพียงข้อเดียว',5,3,100,30,80,50,1,'3349900736445','2025-04-30');

--
-- Table structure for table `bets_test_schuser`
--

CREATE TABLE `bets_test_schuser` (
  `id` int(11) NOT NULL AUTO_INCREMENT,
  `test_id` int(11) NOT NULL,
  `teacher` varchar(13) NOT NULL,
  `start_date` datetime NOT NULL,
  `stop_date` datetime NOT NULL,
  `officer` varchar(13) NOT NULL,
  `rec_date` date NOT NULL,
  PRIMARY KEY (`id`)
) ENGINE=MyISAM AUTO_INCREMENT=4 DEFAULT CHARSET=utf8 COLLATE=utf8_general_ci;

--
-- Dumping data for table `bets_test_schuser`
--

INSERT INTO `bets_test_schuser` VALUES (1,1,'3349900736445','2021-02-02 08:00:00','2021-02-02 18:00:00','3349900736445','2021-02-02'),(2,2,'3349900736445','2021-07-06 08:00:00','2021-07-06 18:00:00','3349900736445','2021-07-06'),(3,3,'3349900736445','2025-04-30 08:00:00','2025-04-30 18:00:00','3349900736445','2025-04-30');

--
-- Table structure for table `book_comment`
--

CREATE TABLE `book_comment` (
  `id` int(11) NOT NULL AUTO_INCREMENT,
  `person_id` varchar(13) NOT NULL,
  `ref2_id` varchar(50) NOT NULL,
  `ref_id` varchar(50) NOT NULL,
  `comment` text NOT NULL,
  `rec_date` datetime NOT NULL,
  PRIMARY KEY (`id`)
) ENGINE=MyISAM AUTO_INCREMENT=5 DEFAULT CHARSET=utf8 COLLATE=utf8_general_ci;

--
-- Dumping data for table `book_comment`
--

INSERT INTO `book_comment` VALUES (1,'3349800212398','154311845119750','1542963138x8064','มอบให้นางสาวสุปราณี  จวงการ ดำเนินการ','2018-11-25 11:00:51'),(2,'3349800212398','154451018516576','1544500273x15587','มอบธุรการแจ้งครูที่มีรายชื่อทราบและสมัคร','2018-12-11 13:36:25'),(3,'3349800212398','154451109225329','1544155958x8232','แจ้งครูทุกคนทรบและดำเนินการตามหนังสือสั่งการนี้','2018-12-11 13:51:32'),(4,'3349800212398','154451351825549','1544511299x7204','แจ้งประชาสัมพันธ์และผู้สนใจทราบ','2018-12-11 14:31:58');

--
-- Table structure for table `book_filebook`
--

CREATE TABLE `book_filebook` (
  `id` int(11) NOT NULL AUTO_INCREMENT,
  `ref_id` varchar(50) NOT NULL,
  `file_name` varchar(100) NOT NULL,
  `file_des` varchar(100) NOT NULL,
  PRIMARY KEY (`id`)
) ENGINE=MyISAM DEFAULT CHARSET=utf8 COLLATE=utf8_general_ci;

--
-- Dumping data for table `book_filebook`
--


--
-- Table structure for table `book_group`
--

CREATE TABLE `book_group` (
  `grp_id` int(11) NOT NULL AUTO_INCREMENT,
  `grp_name` varchar(50) NOT NULL,
  PRIMARY KEY (`grp_id`)
) ENGINE=MyISAM DEFAULT CHARSET=utf8 COLLATE=utf8_general_ci;

--
-- Dumping data for table `book_group`
--


--
-- Table structure for table `book_group_member`
--

CREATE TABLE `book_group_member` (
  `id` int(11) NOT NULL AUTO_INCREMENT,
  `grp_id` int(11) NOT NULL,
  `school_id` varchar(13) NOT NULL,
  PRIMARY KEY (`id`)
) ENGINE=MyISAM DEFAULT CHARSET=utf8 COLLATE=utf8_general_ci;

--
-- Dumping data for table `book_group_member`
--


--
-- Table structure for table `book_permission`
--

CREATE TABLE `book_permission` (
  `id` int(11) NOT NULL AUTO_INCREMENT,
  `person_id` varchar(13) NOT NULL,
  `p1` tinyint(4) DEFAULT NULL,
  `officer` varchar(13) NOT NULL,
  `rec_date` date NOT NULL,
  PRIMARY KEY (`id`),
  UNIQUE KEY `person_id` (`person_id`)
) ENGINE=MyISAM AUTO_INCREMENT=35 DEFAULT CHARSET=utf8 COLLATE=utf8_general_ci;

--
-- Dumping data for table `book_permission`
--

INSERT INTO `book_permission` VALUES (1,'3349800181484',1,'3331400395749','2018-09-15'),(2,'3341501083653',1,'3331400395749','2018-09-15'),(3,'3340400689792',1,'3331400395749','2018-09-15'),(30,'3340700912152',1,'3341500254471','2022-06-27'),(29,'1489900175632',1,'3349800212398','2020-01-24'),(24,'1341500231954',1,'3349800212398','2019-06-18'),(23,'3349800151143',1,'3349800212398','2019-06-18'),(12,'3349900367075',1,'3331400395749','2018-09-15'),(34,'3340700590775',1,'3349900736445','2024-02-05'),(26,'3349900812451',1,'3349800212398','2019-06-26'),(31,'1341100196434',1,'3341500254471','2022-06-27'),(21,'3349800212398',1,'3349800212398','2020-01-27'),(33,'3349900736445',1,'3349900736445','2023-10-11'),(32,'5341500080479',1,'3341500254471','2023-02-04');

--
-- Table structure for table `book_permission2`
--

CREATE TABLE `book_permission2` (
  `id` int(11) NOT NULL AUTO_INCREMENT,
  `person_id` varchar(13) NOT NULL,
  `p2` tinyint(4) DEFAULT NULL,
  `officer` varchar(13) NOT NULL,
  `rec_date` date NOT NULL,
  PRIMARY KEY (`id`),
  UNIQUE KEY `person_id` (`person_id`)
) ENGINE=MyISAM AUTO_INCREMENT=10 DEFAULT CHARSET=utf8 COLLATE=utf8_general_ci;

--
-- Dumping data for table `book_permission2`
--

INSERT INTO `book_permission2` VALUES (1,'3349800212398',4,'3349800212398','2020-04-20'),(2,'3341501083653',4,'3349800212398','2020-06-17'),(5,'3349900736445',1,'3349900736445','2024-02-05'),(4,'3349800151143',2,'3349800212398','2020-06-17'),(6,'1341500182155',2,'3349900736445','2024-02-05'),(7,'3349800248872',3,'3349900736445','2024-02-05'),(8,'1489900175632',4,'3349900736445','2024-02-05'),(9,'3349800181484',1,'3349900736445','2024-02-05');

--
-- Table structure for table `book_sendto_answer`
--

CREATE TABLE `book_sendto_answer` (
  `id` int(11) NOT NULL AUTO_INCREMENT,
  `send_level` tinyint(4) DEFAULT NULL,
  `ref_id` varchar(50) NOT NULL,
  `send_to` varchar(13) NOT NULL,
  `send_from` varchar(15) DEFAULT NULL,
  `status` tinyint(4) DEFAULT NULL,
  `answer` tinyint(4) DEFAULT NULL,
  `answer_time` datetime DEFAULT NULL,
  `forward_from` varchar(15) DEFAULT NULL,
  `rec_forward_date` datetime DEFAULT NULL,
  `ref2_id` varchar(50) DEFAULT NULL,
  `ref3_id` varchar(50) DEFAULT NULL,
  PRIMARY KEY (`id`),
  KEY `ref_id` (`ref_id`),
  KEY `school` (`send_from`),
  KEY `send_to` (`send_to`)
) ENGINE=MyISAM AUTO_INCREMENT=25 DEFAULT CHARSET=utf8 COLLATE=utf8_general_ci;

--
-- Dumping data for table `book_sendto_answer`
--

INSERT INTO `book_sendto_answer` VALUES (1,2,'1542963138x8064','saraban','3349800212398',NULL,1,'2018-11-25 10:56:17',NULL,NULL,'154311817717631',NULL),(2,NULL,'1542963138x8064','3349800151143','saraban',1,NULL,NULL,'3349800212398','2018-11-25 11:00:51','154311845119750','154311817717631'),(3,2,'1544500273x15587','saraban','3349800212398',NULL,1,'2018-12-11 13:34:41',NULL,NULL,'154451008120433',NULL),(4,NULL,'1544500273x15587','3341501083653','saraban',1,1,'2018-12-12 08:34:13','3349800212398','2018-12-11 13:36:25','154451018516576','154451008120433'),(5,NULL,'1544500273x15587','3349800151143','saraban',1,NULL,NULL,'3349800212398','2018-12-11 13:36:42','154451020230470','154451008120433'),(6,2,'1544155958x8232','saraban','3349800212398',NULL,1,'2018-12-11 13:49:37',NULL,NULL,'154451097712743',NULL),(7,NULL,'1544155958x8232','3341501083653','saraban',1,1,'2018-12-12 08:34:16','3349800212398','2018-12-11 13:51:32','154451109225329','154451097712743'),(8,NULL,'1544155958x8232','3349900812451','saraban',1,NULL,NULL,'3349800212398','2018-12-11 13:52:07','154451112715849','154451097712743'),(9,NULL,'1544155958x8232','3341501429835','saraban',1,1,'2025-05-19 10:46:47','3349800212398','2018-12-11 13:52:20','1544511140112','154451097712743'),(10,NULL,'1544155958x8232','3349800181484','saraban',1,NULL,NULL,'3349800212398','2018-12-11 13:52:33','15445111537594','154451097712743'),(11,NULL,'1544155958x8232','3341501424027','saraban',1,NULL,NULL,'3349800212398','2018-12-11 13:52:43','154451116326688','154451097712743'),(12,2,'1544511299x7204','saraban','3341501083653',NULL,1,'2018-12-11 14:01:00',NULL,NULL,'154451166019296',NULL),(13,NULL,'1544511299x7204','3341501083653','saraban',1,1,'2018-12-12 08:34:20','3349800212398','2018-12-11 14:31:58','154451351825549','154451166019296'),(14,NULL,'1542963138x8064','3341501083653','saraban',1,1,'2018-12-12 08:34:01','3349800212398','2018-12-11 19:06:38','154452999832289','154311817717631'),(15,2,'1615783134x927738917','saraban','3349800212398',NULL,1,'2021-03-18 11:01:24',NULL,NULL,'161604008515938',NULL),(16,2,'1616039116x590052185','saraban','3349800212398',NULL,1,'2021-03-18 11:01:24',NULL,NULL,'161604008520051',NULL),(17,NULL,'1616039116x590052185','3341501083653','saraban',1,NULL,NULL,'3349800212398','2021-06-11 12:10:50','162338825013058','161604008520051'),(18,NULL,'1615783134x927738917','3341501083653','saraban',1,NULL,NULL,'3349800212398','2021-06-11 12:11:17','162338827730786','161604008515938'),(19,2,'1674445334x614475046','saraban','1341500231954',NULL,1,'2023-01-23 12:56:36',NULL,NULL,'16744533961720',NULL),(20,2,'1674445334x614475046','saraban','1341500231954',NULL,1,'2023-01-23 12:56:36',NULL,NULL,'16744533961720',NULL),(21,2,'1674447326x925362488','saraban','1341500231954',NULL,1,'2023-01-23 12:56:36',NULL,NULL,'16744533967313',NULL),(22,2,'1674447326x925362488','saraban','1341500231954',NULL,1,'2023-01-23 12:56:36',NULL,NULL,'16744533967313',NULL),(23,2,'1674448545x1716030937','saraban','1341500231954',NULL,1,'2023-01-23 12:56:36',NULL,NULL,'16744533962038',NULL),(24,2,'1674448545x1716030937','saraban','1341500231954',NULL,1,'2023-01-23 12:56:36',NULL,NULL,'16744533962038',NULL);

--
-- Table structure for table `bookregister_cer_officer`
--

CREATE TABLE `bookregister_cer_officer` (
  `id` int(11) NOT NULL AUTO_INCREMENT,
  `person_id` varchar(13) NOT NULL,
  `p1` tinyint(4) NOT NULL,
  `officer` varchar(13) NOT NULL,
  `rec_date` date NOT NULL,
  PRIMARY KEY (`id`),
  UNIQUE KEY `person_id` (`person_id`)
) ENGINE=MyISAM AUTO_INCREMENT=3 DEFAULT CHARSET=utf8 COLLATE=utf8_general_ci;

--
-- Dumping data for table `bookregister_cer_officer`
--

INSERT INTO `bookregister_cer_officer` VALUES (1,'3341501438273',1,'3349800212398','2020-01-27'),(2,'3341501767781',1,'3349800212398','2020-01-27');

--
-- Table structure for table `bookregister_cer_sign`
--

CREATE TABLE `bookregister_cer_sign` (
  `id` int(11) NOT NULL AUTO_INCREMENT,
  `code` varchar(13) NOT NULL,
  `name` varchar(200) NOT NULL,
  `position1` varchar(200) NOT NULL,
  `position2` varchar(200) NOT NULL,
  `sign_pic` varchar(150) NOT NULL,
  `sign_now` tinyint(4) NOT NULL DEFAULT 0,
  `officer` varchar(13) NOT NULL,
  `rec_date` date NOT NULL,
  PRIMARY KEY (`id`),
  UNIQUE KEY `code` (`code`)
) ENGINE=MyISAM AUTO_INCREMENT=2 DEFAULT CHARSET=utf8 COLLATE=utf8_general_ci;

--
-- Dumping data for table `bookregister_cer_sign`
--

INSERT INTO `bookregister_cer_sign` VALUES (1,'01','นางสุดาวรรณ  ไขแสง','ผู้อำนวยการโรงเรียนบ้านโนนแดง','','',1,'3349800212398','2020-01-27');

--
-- Table structure for table `bookregister_certificate`
--

CREATE TABLE `bookregister_certificate` (
  `ms_id` int(11) NOT NULL AUTO_INCREMENT,
  `year` int(11) NOT NULL,
  `register_number` int(11) NOT NULL,
  `book_no` varchar(50) NOT NULL,
  `signdate` date NOT NULL,
  `name_cer` varchar(150) NOT NULL,
  `subject` varchar(150) NOT NULL,
  `subject2` varchar(250) NOT NULL,
  `comment` varchar(100) DEFAULT NULL,
  `sign_person` varchar(4) NOT NULL,
  `register_date` date NOT NULL,
  `officer` varchar(13) DEFAULT NULL,
  `file_name` varchar(50) DEFAULT NULL,
  `khet_print` tinyint(4) NOT NULL DEFAULT 0,
  `check_status` tinyint(4) NOT NULL DEFAULT 0,
  `quarantee` tinyint(4) NOT NULL DEFAULT 0,
  `quarantee_person` varchar(13) NOT NULL,
  `quarantee_date` date NOT NULL,
  PRIMARY KEY (`ms_id`)
) ENGINE=MyISAM DEFAULT CHARSET=utf8 COLLATE=utf8_general_ci;

--
-- Dumping data for table `bookregister_certificate`
--


--
-- Table structure for table `bookregister_command`
--

CREATE TABLE `bookregister_command` (
  `ms_id` int(11) NOT NULL AUTO_INCREMENT,
  `year` int(11) NOT NULL,
  `register_number` int(11) NOT NULL,
  `book_no` varchar(50) NOT NULL,
  `signdate` date NOT NULL,
  `subject` varchar(150) NOT NULL,
  `comment` varchar(100) DEFAULT NULL,
  `register_date` date NOT NULL,
  `officer` varchar(13) DEFAULT NULL,
  `file_name` varchar(100) DEFAULT NULL,
  `file_des` varchar(100) DEFAULT NULL,
  PRIMARY KEY (`ms_id`)
) ENGINE=MyISAM DEFAULT CHARSET=utf8 COLLATE=utf8_general_ci;

--
-- Dumping data for table `bookregister_command`
--


--
-- Table structure for table `bookregister_office_no`
--

CREATE TABLE `bookregister_office_no` (
  `id` int(11) NOT NULL AUTO_INCREMENT,
  `office_no` varchar(100) NOT NULL,
  `school_code` varchar(15) DEFAULT NULL,
  `officer` varchar(13) DEFAULT NULL,
  `rec_date` date DEFAULT NULL,
  PRIMARY KEY (`id`)
) ENGINE=MyISAM AUTO_INCREMENT=2 DEFAULT CHARSET=utf8 COLLATE=utf8_general_ci;

--
-- Dumping data for table `bookregister_office_no`
--

INSERT INTO `bookregister_office_no` VALUES (1,'ที่ ศธ04186.074/',NULL,NULL,NULL);

--
-- Table structure for table `bookregister_permission`
--

CREATE TABLE `bookregister_permission` (
  `id` int(11) NOT NULL AUTO_INCREMENT,
  `person_id` varchar(13) NOT NULL,
  `p1` tinyint(4) NOT NULL,
  `p2` tinyint(4) DEFAULT NULL,
  `school_code` varchar(15) DEFAULT NULL,
  `officer` varchar(13) NOT NULL,
  `rec_date` date NOT NULL,
  PRIMARY KEY (`id`),
  UNIQUE KEY `person_id` (`person_id`)
) ENGINE=MyISAM AUTO_INCREMENT=11 DEFAULT CHARSET=utf8 COLLATE=utf8_general_ci;

--
-- Dumping data for table `bookregister_permission`
--

INSERT INTO `bookregister_permission` VALUES (5,'1341500182155',1,NULL,NULL,'3341500254471','2023-05-30'),(3,'3349900736445',1,NULL,NULL,'3341500254471','2023-05-30'),(4,'3341500254471',1,NULL,NULL,'3341500254471','2023-05-30'),(9,'3340700912152',1,NULL,NULL,'3341500254471','2024-01-02'),(7,'3349800151143',1,NULL,NULL,'3341500254471','2023-05-30'),(8,'3349800181484',1,NULL,NULL,'3341500254471','2023-05-30'),(10,'3340700590775',1,NULL,NULL,'3341500254471','2024-02-02');

--
-- Table structure for table `bookregister_receive_filebook`
--

CREATE TABLE `bookregister_receive_filebook` (
  `id` int(11) NOT NULL AUTO_INCREMENT,
  `ref_id` varchar(50) NOT NULL,
  `file_name` varchar(100) NOT NULL,
  `file_des` varchar(100) NOT NULL,
  PRIMARY KEY (`id`)
) ENGINE=MyISAM DEFAULT CHARSET=utf8 COLLATE=utf8_general_ci;

--
-- Dumping data for table `bookregister_receive_filebook`
--


--
-- Table structure for table `bookregister_send_filebook`
--

CREATE TABLE `bookregister_send_filebook` (
  `id` int(11) NOT NULL AUTO_INCREMENT,
  `ref_id` varchar(50) NOT NULL,
  `file_name` varchar(100) NOT NULL,
  `file_des` varchar(100) NOT NULL,
  PRIMARY KEY (`id`)
) ENGINE=MyISAM DEFAULT CHARSET=utf8 COLLATE=utf8_general_ci;

--
-- Dumping data for table `bookregister_send_filebook`
--


--
-- Table structure for table `bookregister_year`
--

CREATE TABLE `bookregister_year` (
  `id` int(11) NOT NULL AUTO_INCREMENT,
  `year` int(11) NOT NULL,
  `year_active` tinyint(4) NOT NULL DEFAULT 0,
  `start_receive_num` int(11) NOT NULL DEFAULT 1,
  `start_send_num` int(11) NOT NULL DEFAULT 1,
  `start_command_num` int(11) NOT NULL DEFAULT 1,
  `start_cer_num` int(11) NOT NULL DEFAULT 1,
  `school_code` varchar(15) DEFAULT NULL,
  `officer` varchar(13) DEFAULT NULL,
  `rec_date` date DEFAULT NULL,
  PRIMARY KEY (`id`)
) ENGINE=MyISAM AUTO_INCREMENT=3 DEFAULT CHARSET=utf8 COLLATE=utf8_general_ci;

--
-- Dumping data for table `bookregister_year`
--

INSERT INTO `bookregister_year` VALUES (1,2563,0,1,1,1,1,NULL,NULL,NULL),(2,2567,1,1,1,1,1,NULL,NULL,NULL);

--
-- Table structure for table `budget_bud`
--

CREATE TABLE `budget_bud` (
  `id` int(11) NOT NULL AUTO_INCREMENT,
  `budget_year` int(11) NOT NULL,
  `doc` varchar(50) NOT NULL,
  `refer_wd_id` int(11) NOT NULL,
  `status` tinyint(11) DEFAULT NULL,
  `bud_type_id` int(11) DEFAULT NULL,
  `item` varchar(150) DEFAULT NULL,
  `receive_amount` double DEFAULT NULL,
  `pay_amount` double DEFAULT NULL,
  `payed_person` varchar(50) NOT NULL,
  `pay_group` int(4) DEFAULT NULL,
  `rec_date` date NOT NULL,
  `officer` varchar(13) NOT NULL,
  PRIMARY KEY (`id`)
) ENGINE=MyISAM DEFAULT CHARSET=utf8 COLLATE=utf8_general_ci;

--
-- Dumping data for table `budget_bud`
--


--
-- Table structure for table `budget_category`
--

CREATE TABLE `budget_category` (
  `id` int(11) NOT NULL AUTO_INCREMENT,
  `category_id` int(11) NOT NULL,
  `category_name` varchar(30) NOT NULL,
  PRIMARY KEY (`id`),
  UNIQUE KEY `category_id` (`category_id`)
) ENGINE=MyISAM AUTO_INCREMENT=7 DEFAULT CHARSET=utf8 COLLATE=utf8_general_ci;

--
-- Dumping data for table `budget_category`
--

INSERT INTO `budget_category` VALUES (1,1,'เงินนอกงบประมาณ'),(2,2,'เงินงบประมาณ'),(3,3,'เงินรายได้แผ่นดิน'),(6,4,'วงเงินงบประมาณที่ได้รับจัดสรร');

--
-- Table structure for table `budget_deega`
--

CREATE TABLE `budget_deega` (
  `id` int(11) NOT NULL AUTO_INCREMENT,
  `budget_year` int(11) NOT NULL,
  `deega_num` float NOT NULL DEFAULT 0,
  `doc` varchar(20) NOT NULL,
  `receive_num` char(3) NOT NULL DEFAULT '',
  `plan` char(2) NOT NULL DEFAULT '',
  `project` varchar(20) NOT NULL,
  `activity` varchar(20) NOT NULL,
  `pay_group` char(3) NOT NULL DEFAULT '',
  `item` varchar(50) NOT NULL DEFAULT '',
  `withdraw` double NOT NULL DEFAULT 0,
  `tax` double NOT NULL DEFAULT 0,
  `pay` double NOT NULL DEFAULT 0,
  `officer` varchar(13) NOT NULL,
  `rec_date` date NOT NULL,
  PRIMARY KEY (`id`)
) ENGINE=MyISAM DEFAULT CHARSET=utf8 COLLATE=utf8_general_ci;

--
-- Dumping data for table `budget_deega`
--


--
-- Table structure for table `budget_document`
--

CREATE TABLE `budget_document` (
  `id` int(11) NOT NULL AUTO_INCREMENT,
  `subject` varchar(150) NOT NULL,
  `file_name` varchar(150) NOT NULL,
  `rec_date` date NOT NULL,
  `officer` varchar(13) NOT NULL,
  PRIMARY KEY (`id`)
) ENGINE=MyISAM DEFAULT CHARSET=utf8 COLLATE=utf8_general_ci;

--
-- Dumping data for table `budget_document`
--


--
-- Table structure for table `budget_main`
--

CREATE TABLE `budget_main` (
  `id` int(11) NOT NULL AUTO_INCREMENT,
  `budget_year` int(11) NOT NULL,
  `doc` varchar(30) NOT NULL,
  `refer_wd_id` int(11) DEFAULT NULL,
  `type_id` int(11) NOT NULL,
  `item` varchar(100) NOT NULL,
  `receive_amount` double DEFAULT NULL,
  `pay_amount` double DEFAULT NULL,
  `payed_person` varchar(50) NOT NULL,
  `change_amount` double DEFAULT NULL,
  `pay_group` int(4) DEFAULT NULL,
  `status` tinyint(4) NOT NULL,
  `rec_date` date NOT NULL,
  `officer` varchar(13) DEFAULT NULL,
  PRIMARY KEY (`id`)
) ENGINE=MyISAM AUTO_INCREMENT=142 DEFAULT CHARSET=utf8 COLLATE=utf8_general_ci;

--
-- Dumping data for table `budget_main`
--

INSERT INTO `budget_main` VALUES (1,2559,'บร001/6ก',NULL,108,'รับเงินอุดหนุนรายหัวก่อนประถมศึกษา ภาคเรียนที่ 1/2559',500000,NULL,'',NULL,NULL,2,'2016-07-23','3331400395749'),(4,2559,'บค1/59',1,108,'ค่าอาหารกลางวัน',NULL,100,'ร้านก.',NULL,202,4,'2016-07-23','3331400395749'),(3,2559,'003/59',NULL,108,'รับเงินอุดหนุน1/59  30 %',70000,NULL,'',NULL,NULL,2,'2016-07-23','3340700912152'),(5,2559,'บค 1',0,108,'ค่าวัสดุ',NULL,3000,'ร้านดีอุบล',NULL,203,4,'2016-07-23','3340700912152'),(6,2559,'บค 2',NULL,118,'รับเงินอาหารกลางวัน',0,NULL,'',NULL,NULL,2,'2016-07-23','3340700912152'),(7,2559,'บค1/59',NULL,118,'ขอถอน',NULL,NULL,'',500,NULL,7,'2016-07-23','3331400395749'),(8,2564,'1/64',NULL,118,'ยอดยกมา',125580,NULL,'',NULL,NULL,2,'2020-10-01','1341500231954'),(10,2564,'1/64',NULL,101,'ยอดยกมา',79785.53,NULL,'',NULL,NULL,2,'2020-10-01','1341500231954'),(11,2564,'1/64',NULL,108,'ยอดยกมา',54926.28,NULL,'',NULL,NULL,2,'2020-10-01','1341500231954'),(12,2564,'1/64',NULL,109,'ยอดยกมา',275063.48,NULL,'',NULL,NULL,2,'2020-10-01','1341500231954'),(13,2564,'1/64',NULL,110,'ยอดยกมา',198797.83,NULL,'',NULL,NULL,2,'2020-10-01','1341500231954'),(14,2564,'1/64',NULL,103,'ยอดยกมา',1650.46,NULL,'',NULL,NULL,2,'2020-10-01','1341500231954'),(15,2564,'1/64',NULL,117,'ยอดยกมา',312984.17,NULL,'',NULL,NULL,2,'2020-10-01','1341500231954'),(16,2564,'1/64',NULL,107,'ยอดยกมา',6150,NULL,'',NULL,NULL,2,'2020-10-01','1341500231954'),(17,2564,'1/64',NULL,112,'ยอดยกมา',75000,NULL,'',NULL,NULL,2,'2020-10-01','1341500231954'),(18,2564,'1/64',NULL,113,'ยอดยกมา',183000.22,NULL,'',NULL,NULL,2,'2020-10-01','1341500231954'),(19,2564,'1/64',NULL,119,'เงินทุนหมุนเวียนเพื่อส่งเสริมอาหารกลางวัน (ยอดยกมา)',57.7,NULL,'',NULL,NULL,2,'2020-10-01','1341500231954'),(20,2564,'บค1',0,118,'จ่ายอาหารกลางวันเดือน พ.ย.63',NULL,125580,'น.ส.สุทธิดา คำกระจาย',NULL,203,4,'2020-10-30','3340700912152'),(21,2564,'บร19ก87103/2',NULL,118,'รับเงินอาหารกลางวัน อบต.โพธิ์ใหญ่ 2/63',273000,NULL,'',NULL,NULL,2,'2020-11-30','3340700912152'),(22,2564,'บค7',0,118,'จ่ายอาหารกลางวันเดือน ธ.ค.63',NULL,109200,'น.ส.สุทธิดา คำกระจาย',NULL,203,4,'2020-11-30','3340700912152'),(23,2564,'บค22',0,118,'จ่ายอาหารกลางวันเดือน ม.ค.64',NULL,109200,'น.ส.สุทธิดา คำกระจาย',NULL,203,4,'2020-12-28','3340700912152'),(24,2564,'บร23ก63540/4',NULL,118,'รับเงินอาหารกลางวัน อบต.โพธิ์ใหญ่ 2/63',273000,NULL,'',NULL,NULL,2,'2021-01-28','3340700912152'),(25,2564,'บค39',0,118,'จ่ายอาหารกลางวัน เดือน ก.พ.64',NULL,98280,'น.ส.สุทธิดา คำกระจาย',NULL,203,4,'2021-01-28','3340700912152'),(26,2564,'1/พิเศษ',NULL,119,'รับเงินดอกเบี้ยจากธนาคารกรุงไทยฯ',0.17,NULL,'',NULL,NULL,2,'2021-01-28','3340700912152'),(27,2564,'บคพิเศษ2/64',0,103,'นำส่งสรรพกร',NULL,430,'กรมสรรพกร',NULL,202,3,'2021-01-05','3340700912152'),(28,2564,'บคพิเศษ3/64',0,103,'นำส่งสรรพกร',NULL,200,'กรมสรรพกร',NULL,202,3,'2021-01-14','3340700912152'),(29,2564,'บรพิเศษ1/64',NULL,103,'รับเงินภาษีร้านเฟิร์สโฮม',230,NULL,'',NULL,NULL,1,'2020-12-03','3340700912152'),(30,2564,'บรพิเศษ2/64',NULL,103,'รับเงินภาษีนางธันยชน ผาสบาย',200,NULL,'',NULL,NULL,1,'2020-12-21','3340700912152'),(31,2564,'บรพิเศษ3/64',NULL,103,'รับเงินภาษีนายสุริยัน วงศ์มาเกษ',200,NULL,'',NULL,NULL,1,'2020-12-28','3340700912152'),(32,2564,'บคพิเศษ1/64',0,103,'นำส่งสรรพกร',NULL,1650.46,'กรมสรรพกร',NULL,202,4,'2020-10-06','3340700912152'),(132,2564,'พิเศษ4/64',NULL,103,'นำส่งสรรพกร',NULL,NULL,'',435.5,NULL,5,'2021-02-03','3340700912152'),(34,2564,'บรพิเศษ4/64',NULL,103,'รับเงินภาษี นายระพิน สาวันดี',153.5,NULL,'',NULL,NULL,1,'2021-01-22','3340700912152'),(35,2564,'บรพิเศษ5/64',NULL,103,'รับเงินภาษี นายประสิทธิ์  ทองปัญญา',156,NULL,'',NULL,NULL,1,'2021-01-22','3340700912152'),(36,2564,'บรพิเศษ6/64',NULL,103,'รับเงินภาษีนายปัญญา  มณีสุข',126,NULL,'',NULL,NULL,1,'2021-01-28','3340700912152'),(37,2564,'บร19ก87103/1',NULL,101,'รับเงินสดบริจาคนางกัลยาณี ตุ้มทอง',5000,NULL,'',NULL,NULL,2,'2020-10-14','3340700912152'),(38,2564,'บร19ก87103/3',NULL,101,'รับเงินสดบริจาคนายปรีชา  พลราช',6000,NULL,'',NULL,NULL,2,'2020-11-30','3340700912152'),(39,2564,'บร19ก87103/4',NULL,101,'รับเงินสดบริจาคนางธนัชนันท์  ศรีธัญรัตน์',3000,NULL,'',NULL,NULL,2,'2020-11-30','3340700912152'),(40,2564,'บร23ก63540/5',NULL,101,'รับเงินสดบริจาค นายเวคิน มุสิกสวัสดิ์',9000,NULL,'',NULL,NULL,2,'2020-11-30','3340700912152'),(41,2564,'บค12/64',0,101,'จ่ายค่าจ้างครูรายเดือน 2 ราย',NULL,20000,'นายชาตรี จันทร์ส่อง กับพวก 2 ราย',NULL,103,4,'2020-11-30','3340700912152'),(42,2564,'บร19ก87103/8',NULL,101,'รับเงินสดบริจาคนางสุดาวรรณ ไขแสง',3000,NULL,'',NULL,NULL,2,'2020-12-24','3340700912152'),(43,2564,'บร19ก87103/11',NULL,101,'รับเงินสดบริจาคนางกัลยาณี ตุ้มทอง',3000,NULL,'',NULL,NULL,2,'2020-12-24','3340700912152'),(44,2564,'บร19ก87103/12',NULL,101,'รับเงินสดบริจาคนางตติยา  ทองมงคล',3000,NULL,'',NULL,NULL,2,'2020-12-24','3340700912152'),(45,2564,'บร19ก87103/13',NULL,101,'รับเงินสดบริจาคนางนงรักษ์  จันทร์หอม',1000,NULL,'',NULL,NULL,2,'2020-12-24','3340700912152'),(46,2564,'บร19ก87103/14',NULL,101,'รับเงินสดบริจาคนางอุบลศรี  เอกศิริ',2000,NULL,'',NULL,NULL,2,'2020-12-24','3340700912152'),(47,2564,'บร19ก87103/15',NULL,101,'รับเงินสดบริจาคนางธัญญะรัตน์  ธนะวัฒน์ชนะกุล',1500,NULL,'',NULL,NULL,2,'2020-12-24','3340700912152'),(48,2564,'บร19ก87103/16',NULL,101,'รับเงินสดบริจาคนางพนารัตน์  มุสิสวัสดิ์',3000,NULL,'',NULL,NULL,2,'2020-12-24','3340700912152'),(49,2564,'บร19ก87103/17',NULL,101,'รับเงินสดบริจาคนายเวคิน  มุสิสวัสดิ์',5000,NULL,'',NULL,NULL,2,'2020-12-24','3340700912152'),(50,2564,'บร19ก87103/18',NULL,101,'รับเงินสดบริจาคนางสาวสุพรรณี  ดวงแก้ว',3000,NULL,'',NULL,NULL,2,'2020-12-24','3340700912152'),(51,2564,'บร19ก87103/19',NULL,101,'รับเงินสดบริจาคนายปรีชา  พลราช',3000,NULL,'',NULL,NULL,2,'2020-12-24','3340700912152'),(52,2564,'บร19ก87103/20',NULL,101,'รับเงินสดบริจาคนางวิไลวรรณ  สิทธิวรเดช',1000,NULL,'',NULL,NULL,2,'2020-12-24','3340700912152'),(53,2564,'บร19ก87103/21',NULL,101,'รับเงินสดบริจาคนางประถม  เหล่าโก้ก',1000,NULL,'',NULL,NULL,2,'2020-12-24','3340700912152'),(54,2564,'บร19ก87103/22',NULL,101,'รับเงินสดบริจาคนาบุญมี  วงศ์สุวรรณ',4000,NULL,'',NULL,NULL,2,'2020-12-24','3340700912152'),(55,2564,'บร19ก87103/23',NULL,101,'รับเงินสดบริจาคนางสุภาจันทร์  พิมพ์สอน',1000,NULL,'',NULL,NULL,2,'2020-12-24','3340700912152'),(56,2564,'บร19ก87103/24',NULL,101,'รับเงินสดบริจาคนายชนะภัย  วงศรีพรม',10000,NULL,'',NULL,NULL,2,'2020-12-24','3340700912152'),(57,2564,'บร19ก87103/26',NULL,101,'รับเงินสดบริจาคนางรุจิรา  แก้วดวงดี',500,NULL,'',NULL,NULL,2,'2020-12-24','3340700912152'),(58,2564,'บร19ก87103/27',NULL,101,'รับเงินสดบริจาคนายมงคล  เหล่าบุตรสา',6000,NULL,'',NULL,NULL,2,'2020-12-24','3340700912152'),(59,2564,'บร19ก87103/28',NULL,101,'รับเงินสดบริจาคนางฉวีวรรณ  บุตรเรืองรอง',2000,NULL,'',NULL,NULL,2,'2020-12-24','3340700912152'),(60,2564,'บร19ก87103/29',NULL,101,'รับเงินสดบริจาคนางเพ็ญธร  อัครศรีชัยโรจน์',2000,NULL,'',NULL,NULL,2,'2020-12-24','3340700912152'),(61,2564,'บร19ก87103/30',NULL,101,'รับเงินสดบริจาคนางนัยนา  มาลาสุข',1000,NULL,'',NULL,NULL,2,'2020-12-24','3340700912152'),(62,2564,'บร19ก87103/31',NULL,101,'รับเงินสดบริจาคนางสุพัตรา  ก้อมอ่อน',3000,NULL,'',NULL,NULL,2,'2020-12-25','3340700912152'),(63,2564,'บร19ก87103/32',NULL,101,'รับเงินสดบริจาคนางอำไพวรรณ  เหมะนัค',3000,NULL,'',NULL,NULL,2,'2020-12-25','3340700912152'),(64,2564,'บร19ก87103/33',NULL,101,'รับเงินสดบริจาคนางสาวอรวรรณ  สมศรีเผือก',500,NULL,'',NULL,NULL,2,'2020-12-25','3340700912152'),(65,2564,'บร19ก87103/34',NULL,101,'รับเงินสดบริจาคนายสถาพร  เหมะนัค',2000,NULL,'',NULL,NULL,2,'2020-12-25','3340700912152'),(66,2564,'บร19ก87103/35',NULL,101,'รับเงินสดบริจาคนายอารมย์  โถทัน',1000,NULL,'',NULL,NULL,2,'2020-12-25','3340700912152'),(67,2564,'บร19ก87103/36',NULL,101,'รับเงินสดบริจาคนางธนัชนันท์  ศรีธัญรัตน์',2000,NULL,'',NULL,NULL,2,'2020-12-25','3340700912152'),(68,2564,'บร19ก87103/37',NULL,101,'รับเงินสดบริจาคนาบเกษม  ทองก้อน',500,NULL,'',NULL,NULL,2,'2020-12-25','3340700912152'),(69,2564,'บร19ก87103/38',NULL,101,'รับเงินสดบริจาคนางจันทร์หอม  พรมรัตน์',1500,NULL,'',NULL,NULL,2,'2020-12-25','3340700912152'),(70,2564,'บร19ก87103/40',NULL,101,'รับเงินสดบริจาคนางสุวลักษณ์  แสนทวีสุข',500,NULL,'',NULL,NULL,2,'2020-12-25','3340700912152'),(71,2564,'บร19ก87103/41',NULL,101,'รับเงินสดบริจาคนายสุพจน์  เหลาศรี',500,NULL,'',NULL,NULL,2,'2020-12-25','3340700912152'),(72,2564,'บร19ก87103/42',NULL,101,'รับเงินสดบริจาคนายประสงค์  ศรมณี',500,NULL,'',NULL,NULL,2,'2020-12-28','3340700912152'),(73,2564,'บร19ก87103/43',NULL,101,'รับเงินสดบริจาคนางสาวสุปราณี  จวงการ',500,NULL,'',NULL,NULL,2,'2020-12-28','3340700912152'),(74,2564,'บร19ก87103/44',NULL,101,'รับเงินสดบริจาคนางสุมาลี  บุญศรี',500,NULL,'',NULL,NULL,2,'2020-12-28','3340700912152'),(75,2564,'บร19ก87103/47',NULL,101,'รับเงินสดบริจาคนางชลวรรณ  แสงสิงห์',300,NULL,'',NULL,NULL,2,'2020-12-29','3340700912152'),(76,2564,'บร19ก87103/48',NULL,101,'รับเงินสดบริจาค ส.ต.ท.กิจสพัศฐ์  พิมพ์เพ็ง',500,NULL,'',NULL,NULL,2,'2020-12-29','3340700912152'),(77,2564,'บร19ก87103/49',NULL,101,'รับเงินสดบริจาคนายศุภลักษณ์  อปลาบัติ',500,NULL,'',NULL,NULL,2,'2020-12-29','3340700912152'),(78,2564,'บร19ก87103/50',NULL,101,'รับเงินสดบริจาคนางจุฑามาศ  ศรีทอง',500,NULL,'',NULL,NULL,2,'2020-12-29','3340700912152'),(79,2564,'บร23ก63540/1',NULL,101,'รับเงินสดบริจาคนายพิสิทธิ์  หอมสมบัติ',1049,NULL,'',NULL,NULL,2,'2020-12-30','3340700912152'),(80,2564,'พิเศษ1/64',NULL,101,'รับดอกเบี้ยเงินฝากธนาคาร',122.1,NULL,'',NULL,NULL,2,'2021-01-08','3340700912152'),(81,2564,'บร23ก63540/2',NULL,101,'รับเงินสดบริจาคนางศรินรัตน์  วงษาเกษ',9000,NULL,'',NULL,NULL,2,'2021-01-26','3340700912152'),(82,2564,'บร23ก63540/3',NULL,101,'รับเงินสดบริจาคนายเวคิน  มุสิสวัสดิ์',9000,NULL,'',NULL,NULL,2,'2021-01-26','3340700912152'),(83,2564,'บค16/64',0,107,'จ่ายคืนเงินมัดจำ นายชัยฐภัทร  นฤวัตมงคล',NULL,6150,'นายชัยถภัทร  นฤวัตมงคล',NULL,302,4,'2020-11-13','3340700912152'),(84,2564,'บร19ก87103/5',NULL,301,'รับเงินค่าจำหน่ายพัสดุชำรุด',200,NULL,'',NULL,NULL,1,'2021-01-28','3340700912152'),(85,2564,'พิเศษ1/64',NULL,304,'รับเงินดอกเบี้ยจากธนาคารกรุงไทยฯ เงินอาหารกลางวัน',196.83,NULL,'',NULL,NULL,2,'2021-01-28','3340700912152'),(86,2564,'พิเศษ2/64',NULL,304,'รับเงินดอกเบี้ยจากธนาคารกรุงไทยฯ เงินอุดหนุนอื่น',1437.52,NULL,'',NULL,NULL,2,'2021-01-28','3340700912152'),(87,2564,'บค38/64',NULL,301,'นำส่งเงินรายได้แผ่นดิน สพป.อบ.4',NULL,200,'',NULL,NULL,3,'2021-01-28','3340700912152'),(88,2564,'บค38/64',NULL,304,'ดอกเบี้ยเงินอาหารกลางวัน',NULL,196.83,'',NULL,NULL,4,'2021-01-28','3340700912152'),(89,2564,'บค38/64',NULL,304,'นำส่งเงินรายได้แผ่นดิน สพป.อบ.4',NULL,1437.52,'',NULL,NULL,4,'2021-01-28','3340700912152'),(90,2564,'บร19ก87103/6',NULL,108,'รับเงินอุดหนุนอื่นภาคเรียนที่ 2/2563 (70%)',35700,NULL,'',NULL,NULL,2,'2020-12-18','3340700912152'),(91,2564,'บร19ก87103/6',NULL,109,'รับเงินอุดหนุนอื่นภาคเรียนที่ 2/2563 (70%)',146300,NULL,'',NULL,NULL,2,'2020-12-18','3340700912152'),(92,2564,'บร19ก87103/6',NULL,110,'รับเงินอุดหนุนอื่นภาคเรียนที่ 2/2563 (70%)',164500,NULL,'',NULL,NULL,2,'2020-12-18','3340700912152'),(93,2564,'บร19ก87103/6',NULL,110,'รับเงินอุดหนุนอื่นภาคเรียนที่ 2/2563 (70%) top ม.ต้น 94*500',47000,NULL,'',NULL,NULL,2,'2020-12-18','3340700912152'),(94,2564,'บค13/64',0,112,'จ่ายเงินปัจจัยพื้นฐาน นักเรียน 149 คน',NULL,74500,'นร.ระดับประถมฯ 149 ราย',NULL,201,4,'2020-12-03','3340700912152'),(95,2564,'บค14',0,113,'จ่ายเงินปัจจัยพื้นฐาน มัธยมต้น นักเรียน 122 คน',NULL,183000,'นักเรียน ม.ต้น 122 คน',NULL,201,4,'2020-12-03','3340700912152'),(96,2564,'บร19ก87103/7',NULL,117,'รับเงินอุดหนุนอื่นภาคเรียนที่ 2/2563 (70%)',87350,NULL,'',NULL,NULL,2,'2020-12-18','3340700912152'),(97,2564,'บร19ก87103/7',NULL,117,'รับเงินค่าอุปกรณ์ ภาคเรียนที่ 2/2563 (70%)',53970,NULL,'',NULL,NULL,2,'2020-12-18','3340700912152'),(98,2564,'บร19ก87103/45',NULL,117,'รับคืนเงินยืม อนุบาลฯ(ทัศนศึกษา)',3850,NULL,'',NULL,NULL,2,'2020-12-28','3340700912152'),(99,2564,'บร19ก87103/46',NULL,117,'รับคืนเงินยืม ป.1-3(ทัศนศึกษา)',6765,NULL,'',NULL,NULL,2,'2020-12-28','3340700912152'),(100,2564,'บค2/64',0,109,'จ่าย บ.ทีโอที จำกัด มหาชน',NULL,2946.84,'บริษัท ทีโอที จำกัด(มหาชน)',NULL,204,4,'2020-10-30','3340700912152'),(101,2564,'บค15',0,109,'จ่ายร้านเฟิร์สโฮม(โต๊ะประชุม)',NULL,23000,'ร้านเฟิร์สโฮม',NULL,301,4,'2020-12-03','3340700912152'),(102,2564,'บค23',0,109,'จ่ายนายกิติพร บัวสอน',NULL,3890,'นายกิติพร  บัวสอน',NULL,201,4,'2020-12-28','3340700912152'),(103,2564,'บค24/64',0,109,'บริษัทสไมค์คอมฯ',NULL,1790,'บริษัทสไมค์คอมฯ',NULL,201,4,'2020-12-28','3340700912152'),(104,2564,'บค25/64',0,109,'ค่าน้ำมันเชื้อเพลิง',NULL,320,'น.ส.สุปราณี  จวงการ',NULL,204,4,'2020-12-28','3340700912152'),(105,2564,'บค31/64',0,109,'จ่ายค่าถ่ายเอกสาร นายพศธร  วงศ์ห่วง',NULL,2307,'นายพศธร  วงศ์ห่วง',NULL,201,4,'2021-01-08','3340700912152'),(106,2564,'บค32/64',0,109,'ต่ากระแสไฟฟ้า ร.ร.บ้านหนองฝาง',NULL,218.34,'การไฟฟ้าส่วนภูมิภาคฯวารินฯ',NULL,204,4,'2021-01-08','3340700912152'),(107,2564,'บค35/64',0,109,'ป้ายห้องเรียนคุณภาพ',NULL,15350,'นายระพิน สาวันดี',NULL,201,4,'2021-01-22','3340700912152'),(108,2564,'บค40/64',0,109,'ชั้นวางรองเท้า',NULL,12600,'นายปัญญา  มณีสุข',NULL,201,4,'2021-01-28','3340700912152'),(109,2564,'บค3',0,110,'จ่ายเงินยืมกีฬาภายใน ร.ร.',NULL,17400,'นายสุพจน์ วรรณเวช',NULL,201,4,'2020-11-05','3340700912152'),(110,2564,'บค5/64',0,110,'ค่าน้ำมันเชื้อเพลิง',NULL,440,'น.ส.สุปราณี  จวงการ',NULL,204,4,'2020-11-13','3340700912152'),(111,2564,'บค4/64',0,110,'จ่ายอนามัยโรงเรียน(ยาสามัญฯ) ร้านฟาสิโน',NULL,4128.5,'ร้านฟาสิโน',NULL,203,4,'2020-11-13','3340700912152'),(112,2564,'บค11/64',0,110,'ค่าถ่ายเอกสาร(ข้อสอบ) RT นายพศธร วงศ์ห่วง',NULL,4379,'นายพศธร  วงศ์ห่วง',NULL,201,4,'2020-11-30','3340700912152'),(113,2564,'บค16/64',0,110,'จ่ายไม้กวาดทางมะพร้าวและไม้กวาดดอกหญ้า ร้านป้าแดง-ลุงเตี้ย',NULL,3360,'ร้านป้าแดง-ลุงเตี้ย',NULL,201,4,'2020-12-03','3340700912152'),(114,2564,'บค26/64',0,110,'จ่ายค่าปรับปรุงห้องคอมฯ นายสุริยันต์ วงศ์มาเกษ',NULL,20000,'นายสุริยันต์  วงศ์มาเกษ',NULL,201,4,'2020-12-28','3340700912152'),(115,2564,'บค27/64',0,110,'ค่าจ้างครูรายเดือน',NULL,10000,'นายชาตรี จันทร์ส่อง กับพวก 2 ราย',NULL,103,4,'2020-12-28','3340700912152'),(116,2564,'บค33/64',0,110,'จ่ายค่ากระแสไฟฟ้า 3 เดือน ต.ค. พ.ย. ธ.ค.63',NULL,20891.91,'การไฟฟ้าส่วนภูมิภาคฯวารินฯ',NULL,204,4,'2021-01-08','3340700912152'),(117,2564,'บค34/64',0,110,'ไปรษณีย์',NULL,138,'ไปรษณีย์วารินฯ',NULL,204,4,'2021-01-08','3340700912152'),(118,2564,'บค34/64',0,110,'ปรับปรุงซ่อมแซมห้องน้ำห้องส้วม  นายประสิทธิ์  ทองปัญญา',NULL,15600,'นายประสิทธิ์  ทองปัญญา',NULL,201,4,'2021-01-22','3340700912152'),(119,2564,'บค37/64',0,110,'จ่ายค่าสูบส้วม นายสถิตย์ สีสุวะ',NULL,1300,'นายสถิตย์  สีสุวะ',NULL,204,4,'2021-01-22','3340700912152'),(120,2564,'บค41/64',0,110,'ค่าจ้างครูรายเดือน',NULL,10000,'นายชาตรี จันทร์ส่อง กับพวก 2 ราย',NULL,103,4,'2021-01-28','3340700912152'),(121,2564,'บค8/64',0,117,'จ่ายค่าอุปกรณ์ นร.อนุบาล 58 คน',NULL,5800,'นร.อนุบาล 58 คน',NULL,201,4,'2020-11-30','3340700912152'),(122,2564,'บค9/64',0,117,'จ่ายค่าอุปกรณ์ นร.ประถมฯ 216 คน',NULL,42120,'นร.ระดับประถมฯ 216 คน',NULL,201,4,'2020-11-30','3340700912152'),(123,2564,'บค10/64',0,117,'จ่ายค่าอุปกรณ์ นร.ม.ต้น 132 คน',NULL,27720,'นร.ระดับมัธยมต้น 132 คน',NULL,201,4,'2020-11-30','3340700912152'),(124,2564,'บค17/64',0,117,'จ่ายค่าอาหารว่างน้ำดื่ม นร.อนุบาล(ทัศนศึกษา)',NULL,3850,'น.ส.สุทธิดา คำกระจาย',NULL,201,4,'2020-12-21','3340700912152'),(125,2564,'บค18/64',0,117,'จ่ายค่าอาหารว่างน้ำดื่ม นร.ประถมฯ ป.1-3 (ทัศนศึกษา)',NULL,6765,'นางอุบลศรี  เอกศิริ',NULL,201,4,'2020-12-21','3340700912152'),(126,2564,'บค19/64',0,117,'จ่ายเงินโครงการทัศนศึกษา นร.ป4-6 ',NULL,25200,'นางเพ็ญธร  อัครศรีชัยโรจน์',NULL,201,4,'2020-12-21','3340700912152'),(127,2564,'บค20/64',0,117,'จ่ายเงินยืมค่ายวิชาการ นร.มัธยมต้น ม.1-3 ',NULL,9030,'น.ส.สุปราณี  จวงการ',NULL,201,4,'2020-12-21','3340700912152'),(128,2564,'บค21/64',0,117,'จ่ายเงินยืมโครงการถนนสายวัฒนธรรม อนุบาล- ม.1-3',NULL,20100,'นายปรีชา  พลราช',NULL,201,4,'2020-12-21','3340700912152'),(129,2564,'บค28/64',0,117,'จ่ายเงินยืมค่ายวิชาการ นร.อนุบาล',NULL,6350,'น.ส.สุทธิดา คำกระจาย',NULL,201,4,'2020-12-28','3340700912152'),(130,2564,'บค29/64',0,117,'จ่ายเงินยืมค่ายวิชาการ นร.ประถม.ป1-3 ',NULL,8150,'นางอำไพวรรณ  เหมะนัค',NULL,201,4,'2020-12-28','3340700912152'),(131,2564,'บค30/64',0,117,'จ่ายเงินยืมค่ายวิชาการ นร.ประถม.ป.4-6',NULL,4600,'นางนงรักษ์  จันทร์หอม',NULL,201,4,'2020-12-28','3340700912152'),(133,2564,'พิเศษ4/64',3,103,'นำส่งสรรพกร',NULL,435.5,'นางตติยา  ทองมงคล',NULL,204,4,'2021-02-03','3340700912152'),(134,2564,'บค42/64',NULL,101,'จ่ายเงินจ้างเหมารั้วโรงเรียน',NULL,NULL,'',94200,NULL,7,'2021-02-17','3340700912152'),(135,2564,'บค43/64',NULL,109,'จ่ายเงินยืมโครงการพัฒนาประสิทธิภาพฯ (นิเทศติดตามฯ)',NULL,NULL,'',3150,NULL,7,'2021-02-17','3340700912152'),(136,2564,'บค43/64',NULL,109,'จ่ายเงินค่าซ่อมแซมรถตู้ ร.ร.',NULL,NULL,'',3900,NULL,7,'2021-02-17','3340700912152'),(137,2564,'บค42/64',4,101,'จ่ายเงินรายได้สถานศึกษาค่าปรับปรุงซ่อมแซมรั้วโรงเรียน',NULL,94200,'นายณัฐนนท์  ปัสสาวะเท',NULL,201,3,'2021-02-17','3340700912152'),(138,2564,'บค43/64',5,109,'จ่ายเงินยืมโครงการพัฒนาประสิทธิภาพฯ (นิเทศติดตามฯ)',NULL,3150,'นายปรีชา  พลราช',NULL,201,3,'2021-02-17','3340700912152'),(139,2564,'บค44/64',6,109,'จ่ายเงินค่าซ่อมแซมรถตู้ ร.ร.',NULL,3900,'น.ส.สุปราณี  จวงการ',NULL,201,3,'2021-02-17','3340700912152'),(140,2564,'บรพิเศษ7/64',NULL,103,'รับเงินภาษี นายณัฐนนท์  ปัสสาวะเท',942,NULL,'',NULL,NULL,1,'2021-02-17','3340700912152'),(141,2564,'พิเศษ5/64',NULL,103,'รับเงินภาษี นายณัฐนนท์  ปัสสาวะเท',NULL,NULL,'',942,NULL,5,'2021-02-17','3340700912152');

--
-- Table structure for table `budget_money_return`
--

CREATE TABLE `budget_money_return` (
  `id` int(11) NOT NULL AUTO_INCREMENT,
  `budget_year` int(11) DEFAULT NULL,
  `document` varchar(30) NOT NULL DEFAULT '',
  `item` varchar(100) NOT NULL DEFAULT '',
  `pj_activity` varchar(20) NOT NULL DEFAULT '',
  `money` double NOT NULL DEFAULT 0,
  `pay_type` varchar(10) NOT NULL,
  `p_request` varchar(13) NOT NULL DEFAULT '',
  `officer` varchar(13) NOT NULL DEFAULT '',
  `rec_date` date NOT NULL,
  PRIMARY KEY (`id`)
) ENGINE=MyISAM DEFAULT CHARSET=utf8 COLLATE=utf8_general_ci;

--
-- Dumping data for table `budget_money_return`
--


--
-- Table structure for table `budget_pay_type`
--

CREATE TABLE `budget_pay_type` (
  `id` int(11) NOT NULL AUTO_INCREMENT,
  `pay_type_id` int(11) NOT NULL,
  `pay_group_id` tinyint(4) NOT NULL,
  `pay_type_name` varchar(30) NOT NULL,
  PRIMARY KEY (`id`),
  UNIQUE KEY `pay_type_id` (`pay_type_id`)
) ENGINE=MyISAM AUTO_INCREMENT=16 DEFAULT CHARSET=utf8 COLLATE=utf8_general_ci;

--
-- Dumping data for table `budget_pay_type`
--

INSERT INTO `budget_pay_type` VALUES (1,101,1,'เงินเดือน'),(15,102,1,'ค่าจ้างประจำ'),(3,103,1,'ค่าจ้างชั่วคราว'),(4,104,1,'ค่าตอบแทนพนักงานราชการ'),(5,201,2,'ค่าตอบแทน'),(6,202,2,'ค่าใช้สอย'),(7,203,2,'ค่าวัสดุ'),(8,204,2,'ค่าสาธารณูปโภค'),(9,301,3,'ค่าครุภัณฑ์'),(10,302,3,'ค่าที่ดินและสิ่งก่อสร้าง');

--
-- Table structure for table `budget_permission`
--

CREATE TABLE `budget_permission` (
  `id` int(11) NOT NULL AUTO_INCREMENT,
  `person_id` varchar(13) NOT NULL,
  `p1` tinyint(4) NOT NULL,
  `p2` tinyint(4) NOT NULL,
  `p3` tinyint(4) NOT NULL,
  `p4` tinyint(4) NOT NULL,
  `officer` varchar(13) NOT NULL,
  `rec_date` date NOT NULL,
  PRIMARY KEY (`id`)
) ENGINE=MyISAM AUTO_INCREMENT=13 DEFAULT CHARSET=utf8 COLLATE=utf8_general_ci;

--
-- Dumping data for table `budget_permission`
--

INSERT INTO `budget_permission` VALUES (10,'5341500080479',0,1,1,1,'3341500254471','2023-05-30'),(4,'1341500231954',1,1,1,1,'3349800212398','2020-10-18'),(3,'3349800151143',1,1,1,1,'3349800212398','2020-10-18'),(12,'3340700912152',1,1,1,1,'3341500254471','2024-02-02'),(11,'1341500182155',0,1,1,1,'3341500254471','2023-05-30'),(9,'3341500254471',1,1,1,1,'3341500254471','2021-11-24');

--
-- Table structure for table `budget_project`
--

CREATE TABLE `budget_project` (
  `id` int(11) NOT NULL AUTO_INCREMENT,
  `budget_year` int(11) NOT NULL,
  `code` varchar(16) NOT NULL DEFAULT '',
  `name` varchar(80) NOT NULL DEFAULT '',
  PRIMARY KEY (`id`)
) ENGINE=MyISAM DEFAULT CHARSET=utf8 COLLATE=utf8_general_ci;

--
-- Dumping data for table `budget_project`
--


--
-- Table structure for table `budget_receive`
--

CREATE TABLE `budget_receive` (
  `id` int(11) NOT NULL AUTO_INCREMENT,
  `budget_year` int(11) NOT NULL,
  `num` float NOT NULL DEFAULT 0,
  `book_number` varchar(30) NOT NULL DEFAULT '',
  `out_date` varchar(50) NOT NULL DEFAULT '',
  `book_ref` varchar(30) NOT NULL DEFAULT '',
  `plan` char(1) NOT NULL DEFAULT '',
  `project` varchar(16) NOT NULL DEFAULT '',
  `activity` varchar(50) NOT NULL DEFAULT '',
  `activity2` varchar(200) NOT NULL DEFAULT '',
  `m_source` varchar(7) NOT NULL DEFAULT '',
  `account` varchar(30) NOT NULL DEFAULT '',
  `m_pay` char(3) NOT NULL DEFAULT '',
  `item` varchar(250) NOT NULL DEFAULT '',
  `detail` varchar(250) NOT NULL DEFAULT '',
  `money` double NOT NULL DEFAULT 0,
  `rec_date` date DEFAULT NULL,
  `officer` varchar(13) NOT NULL DEFAULT '',
  PRIMARY KEY (`id`),
  UNIQUE KEY `num` (`num`)
) ENGINE=MyISAM DEFAULT CHARSET=utf8 COLLATE=utf8_general_ci;

--
-- Dumping data for table `budget_receive`
--


--
-- Table structure for table `budget_type`
--

CREATE TABLE `budget_type` (
  `id` int(11) NOT NULL AUTO_INCREMENT,
  `type_id` int(11) NOT NULL,
  `category_id` int(11) NOT NULL,
  `type_name` varchar(70) NOT NULL,
  PRIMARY KEY (`id`),
  UNIQUE KEY `type_id` (`type_id`)
) ENGINE=MyISAM AUTO_INCREMENT=52 DEFAULT CHARSET=utf8 COLLATE=utf8_general_ci;

--
-- Dumping data for table `budget_type`
--

INSERT INTO `budget_type` VALUES (1,101,1,'เงินรายได้สถานศึกษา'),(2,102,1,'เงินบริจาค'),(33,103,1,'เงินภาษีหัก ณ ที่จ่าย'),(4,104,1,'เงินลูกเสือ'),(34,105,1,'เงินเนตรนารี'),(6,106,1,'เงินยุวกาชาด'),(7,107,1,'เงินประกันสัญญา'),(8,108,1,'เงินอุดหนุนทั่วไป(ค่าใช้จ่ายรายหัวก่อนประถมศึกษา)'),(47,119,1,'เงินทุนหมุนเวียนเพื่อส่งเสริมอาหารกลางวัน'),(38,304,3,'รายได้เบ็ดเตล็ดอื่น'),(14,301,3,'ค่าขายของเบ็ดเตล็ด'),(36,302,3,'ค่าธรรมเนียมเบ็ดเตล็ด'),(37,303,3,'เงินเหลือจ่ายปีเก่าส่งคืน'),(29,109,1,'เงินอุดหนุนทั่วไป(ค่าใช้จ่ายรายหัวประถมศึกษา)'),(23,112,1,'เงินอุดหนุนทั่วไป(ปัจจัยพื้นฐานนักเรียนยากจนประถมศึกษา)'),(24,113,1,'เงินอุดหนุนทั่วไป(ปัจจัยพื้นฐานนักเรียนยากจนมัธยมต้น)'),(25,114,1,'เรียนฟรี15ปี(ค่าหนังสือเรียน)'),(26,115,1,'เรียนฟรี15ปี(ค่าอุปกรณ์การเรียน)'),(27,116,1,'เรียนฟรี15ปี(ค่าเครื่องแบบนักเรียน)'),(28,117,1,'เรียนฟรี15ปี(ค่ากิจกรรมพัฒนาผู้เรียน)'),(30,110,1,'เงินอุดหนุนทั่วไป(ค่าใช้จ่ายรายหัวมัธยมศึกษาตอนต้น)'),(31,111,1,'เงินอุดหนุนทั่วไป(ค่าใช้จ่ายรายหัวมัธยมศึกษาตอนปลาย)'),(35,118,1,'เงินอาหารกลางวัน'),(48,120,1,'เงินอุดหนุนที่ได้รับจากอบต./เทศบาล'),(49,121,1,'เงินทุนหมุนเวียนเพื่ออาหารกลางวัน'),(50,305,3,'ดอกเบี้ยเงินอุดหนุน'),(51,306,3,'ดอกเบี้ยเงินอาหารกลางวัน');

--
-- Table structure for table `budget_withdraw`
--

CREATE TABLE `budget_withdraw` (
  `id` int(11) NOT NULL AUTO_INCREMENT,
  `budget_year` int(11) DEFAULT NULL,
  `document` varchar(30) NOT NULL DEFAULT '',
  `item` varchar(100) NOT NULL DEFAULT '',
  `pj_activity` varchar(20) NOT NULL DEFAULT '',
  `money` double NOT NULL DEFAULT 0,
  `money_type` varchar(3) NOT NULL,
  `pay_type` varchar(10) NOT NULL,
  `p_request` varchar(50) NOT NULL,
  `status` tinyint(4) DEFAULT 0,
  `officer` varchar(13) NOT NULL DEFAULT '',
  `rec_date` date NOT NULL,
  `borrowed_rec_date` date NOT NULL,
  `withdraw_rec_date` date NOT NULL,
  PRIMARY KEY (`id`)
) ENGINE=MyISAM AUTO_INCREMENT=7 DEFAULT CHARSET=utf8 COLLATE=utf8_general_ci;

--
-- Dumping data for table `budget_withdraw`
--

INSERT INTO `budget_withdraw` VALUES (1,2559,'บท1/59','ขออนุมัติเบิกเงินอาหารกลางวัน','',100,'118','203','นางก.',1,'3331400395749','2016-07-23','0000-00-00','2016-07-23'),(2,2559,'บถ3','ถอนเงินสดจากธนาคาร','',10000,'118','203','นางประถม  เหล่าโก้ก',1,'3340700912152','2016-07-23','0000-00-00','2016-07-23'),(3,2564,'พิเศษ4/64','นำส่งสรรพกร','018001',435.5,'103','204','นางตติยา  ทองมงคล',1,'3340700912152','2021-02-03','0000-01-01','2021-02-03'),(4,2564,'บค42/64','จ่ายเงินโครงการเงินรายได้สถานศึกษา','009001',94200,'101','201','นางตติยา  ทองมงคล',1,'3340700912152','2021-02-17','0000-01-01','2021-02-17'),(5,2564,'บค43/64','จ่ายเงินยืมโครงการพัฒนาประสิทธิภาพฯ (นิเทศติดตามฯ)','010002',3150,'109','201','นายปรีชา  พลราช',1,'3340700912152','2021-02-17','0000-01-01','2021-02-17'),(6,2564,'บค44/64','จ่ายเงินค่าซ่อมแซมรถตู้ ร.ร.','012001',3900,'109','201','น.ส.สุปราณี  จวงการ',1,'3340700912152','2021-02-17','0000-01-01','2021-02-17');

--
-- Table structure for table `budget_year`
--

CREATE TABLE `budget_year` (
  `id` int(11) NOT NULL AUTO_INCREMENT,
  `budget_year` int(11) NOT NULL,
  `year_active` tinyint(1) NOT NULL,
  PRIMARY KEY (`id`),
  UNIQUE KEY `budget_year` (`budget_year`)
) ENGINE=MyISAM AUTO_INCREMENT=5 DEFAULT CHARSET=utf8 COLLATE=utf8_general_ci;

--
-- Dumping data for table `budget_year`
--

INSERT INTO `budget_year` VALUES (3,2564,1);

--
-- Table structure for table `cabinet_cabinet`
--

CREATE TABLE `cabinet_cabinet` (
  `id` int(11) NOT NULL AUTO_INCREMENT,
  `cabinet_id` int(11) NOT NULL,
  `cabinet_type` tinyint(4) NOT NULL,
  `cabinet_name` varchar(100) NOT NULL,
  `cabinet_size` double NOT NULL,
  `tray_size` double NOT NULL,
  `cabinet_person` varchar(13) NOT NULL,
  PRIMARY KEY (`id`),
  UNIQUE KEY `cabinet_id` (`cabinet_id`)
) ENGINE=MyISAM AUTO_INCREMENT=2 DEFAULT CHARSET=utf8 COLLATE=utf8_general_ci;

--
-- Dumping data for table `cabinet_cabinet`
--

INSERT INTO `cabinet_cabinet` VALUES (1,1,2,'ส่วนบุคคล',20000,2000,'3349800212398');

--
-- Table structure for table `cabinet_file`
--

CREATE TABLE `cabinet_file` (
  `id` int(11) NOT NULL AUTO_INCREMENT,
  `file_id` int(11) NOT NULL,
  `tray_id` bigint(11) NOT NULL,
  `cabinet_id` int(11) NOT NULL,
  `file_name` varchar(100) NOT NULL,
  PRIMARY KEY (`id`)
) ENGINE=MyISAM DEFAULT CHARSET=utf8 COLLATE=utf8_general_ci;

--
-- Dumping data for table `cabinet_file`
--


--
-- Table structure for table `cabinet_main`
--

CREATE TABLE `cabinet_main` (
  `id` int(11) NOT NULL AUTO_INCREMENT,
  `file_id` int(11) NOT NULL,
  `tray_id` bigint(11) NOT NULL,
  `cabinet_id` int(11) NOT NULL,
  `cabinet_type` tinyint(4) NOT NULL,
  `doc_subject` varchar(150) NOT NULL,
  `doc_size` double NOT NULL,
  `doc_name` varchar(100) NOT NULL,
  `doc_type` varchar(10) NOT NULL,
  `status` tinyint(4) NOT NULL DEFAULT 0,
  `person_id` varchar(13) NOT NULL,
  `rec_date` datetime NOT NULL,
  PRIMARY KEY (`id`)
) ENGINE=MyISAM DEFAULT CHARSET=utf8 COLLATE=utf8_general_ci;

--
-- Dumping data for table `cabinet_main`
--


--
-- Table structure for table `cabinet_permission`
--

CREATE TABLE `cabinet_permission` (
  `id` int(11) NOT NULL AUTO_INCREMENT,
  `person_id` varchar(13) NOT NULL,
  `p1` tinyint(4) DEFAULT NULL,
  `officer` varchar(13) NOT NULL,
  `rec_date` date NOT NULL,
  PRIMARY KEY (`id`),
  UNIQUE KEY `person_id` (`person_id`)
) ENGINE=MyISAM AUTO_INCREMENT=4 DEFAULT CHARSET=utf8 COLLATE=utf8_general_ci;

--
-- Dumping data for table `cabinet_permission`
--

INSERT INTO `cabinet_permission` VALUES (1,'3349800212398',1,'3349800212398','2021-02-15'),(2,'3341501767781',1,'3349800212398','2021-02-15'),(3,'3349900736445',1,'3349800212398','2021-02-15');

--
-- Table structure for table `cabinet_tray`
--

CREATE TABLE `cabinet_tray` (
  `id` int(11) NOT NULL AUTO_INCREMENT,
  `tray_id` bigint(20) NOT NULL,
  `cabinet_id` int(11) NOT NULL,
  `tray_name` varchar(100) NOT NULL,
  PRIMARY KEY (`id`)
) ENGINE=MyISAM DEFAULT CHARSET=utf8 COLLATE=utf8_general_ci;

--
-- Dumping data for table `cabinet_tray`
--


--
-- Table structure for table `delegate_main`
--

CREATE TABLE `delegate_main` (
  `id` int(11) NOT NULL AUTO_INCREMENT,
  `person_id` varchar(13) NOT NULL,
  `start` date NOT NULL,
  `finish` date NOT NULL,
  `remark` varchar(250) NOT NULL,
  `officer` varchar(13) NOT NULL,
  `rec_date` date NOT NULL,
  PRIMARY KEY (`id`)
) ENGINE=MyISAM AUTO_INCREMENT=13 DEFAULT CHARSET=utf8 COLLATE=utf8_general_ci;

--
-- Dumping data for table `delegate_main`
--

INSERT INTO `delegate_main` VALUES (11,'3349800181484','2021-02-08','2021-09-30','','3349800212398','2021-02-08'),(12,'3349800052587','2020-11-09','2020-12-09','','3341501767781','2021-11-09'),(8,'3341501424027','2019-11-15','2021-09-30','','3349800212398','2021-02-08'),(9,'3341501767781','2021-10-01','2021-10-17','','3341501767781','2023-09-07');

--
-- Table structure for table `delegate_permission`
--

CREATE TABLE `delegate_permission` (
  `id` int(11) NOT NULL AUTO_INCREMENT,
  `person_id` varchar(13) NOT NULL,
  `p1` tinyint(4) NOT NULL,
  `officer` varchar(13) NOT NULL,
  `rec_date` date NOT NULL,
  PRIMARY KEY (`id`)
) ENGINE=MyISAM AUTO_INCREMENT=10 DEFAULT CHARSET=utf8 COLLATE=utf8_general_ci;

--
-- Dumping data for table `delegate_permission`
--

INSERT INTO `delegate_permission` VALUES (5,'3341501767781',1,'3331400395749','2018-09-15'),(9,'3340700912152',1,'3349800212398','2019-06-07'),(8,'3341501424027',1,'3341501767781','2018-11-26');

--
-- Table structure for table `health_age_height`
--

CREATE TABLE `health_age_height` (
  `id` int(11) NOT NULL AUTO_INCREMENT,
  `type` tinyint(4) NOT NULL DEFAULT 1,
  `sex` tinyint(4) NOT NULL DEFAULT 2,
  `age` double NOT NULL,
  `height_1` double NOT NULL,
  `height_2` double NOT NULL,
  `height_3` double NOT NULL,
  `height_4` double NOT NULL,
  PRIMARY KEY (`id`)
) ENGINE=MyISAM AUTO_INCREMENT=63 DEFAULT CHARSET=utf8 COLLATE=utf8_general_ci;

--
-- Dumping data for table `health_age_height`
--

INSERT INTO `health_age_height` VALUES (1,0,1,1,70,71.5,80,81),(2,0,1,1.25,72.5,73.5,83.5,85),(3,0,1,1.5,75,77,86.5,88),(4,0,1,1.75,77.5,79.5,89.5,91),(5,0,1,2,80,81.5,92,93.5),(6,0,1,2.25,82,84,94,96),(7,0,1,2.5,83.5,84.5,96.5,98),(8,0,1,2.75,85.5,87.5,98.5,100),(9,0,1,3,87,89.5,100.5,102),(10,0,1,3.25,89,91,102.5,104),(11,0,1,3.5,90.5,93,104.5,106),(12,0,1,3.75,92,94.5,106.5,108),(13,0,1,4,93.5,96,108,110),(14,0,1,4.25,95,96.5,110,112),(15,0,1,4.5,97,99,112,113.5),(16,0,1,4.75,98.5,100.5,113.5,115),(17,0,1,5,100,102,115,117.7),(18,0,2,1,67,69,79,80.5),(19,0,2,1.25,70,72,82.5,84.5),(20,0,2,1.5,73,74.5,85,87.5),(21,0,2,1.75,75.5,77,88,89.5),(22,0,2,2,78,79.5,90.5,92),(23,0,2,2.25,80,82,92.5,94.5),(24,0,2,2.5,82,84,95,96.5),(25,0,2,2.75,84,86,97,98.5),(26,0,2,3,85.5,88,99,100.5),(27,0,2,3.25,87.5,89.5,100.5,102.5),(28,0,2,3.5,89,91.5,102.5,104.5),(29,0,2,3.75,90.5,93,104.5,106),(30,0,2,4,92.5,94.5,106.5,108.5),(31,0,2,4.25,94,96,108.5,110.5),(32,0,2,4.5,95.5,98,110.5,112.5),(33,0,2,4.75,97.5,99.5,112.5,114),(34,0,2,5,99,101,114,116),(35,1,1,5,100,102,115,117.5),(36,1,1,6,105.5,107.5,121.5,123.5),(37,1,1,7,110.5,113,127.5,130),(38,1,1,8,114.5,117.5,133.5,136),(39,1,1,9,119,122,138,141),(40,1,1,10,123.5,126.5,143.5,145.5),(41,1,1,11,127.5,130.5,149.5,153),(42,1,1,12,131.5,135,157,161),(43,1,1,13,135,139,162,166),(44,1,1,14,143,147.5,170,173),(45,1,1,15,149.5,153.5,173,176.5),(46,1,1,16,155,158.5,176,178.5),(47,1,1,17,157.5,160.5,177,179.5),(48,1,1,18,158.5,161.5,177.5,180),(49,1,2,5,99,101,114,116),(50,1,2,6,105,107.5,120.5,123),(51,1,2,7,109.5,112.5,126.5,129),(52,1,2,8,114.5,117,132.5,135),(53,1,2,9,119,122,139,142),(54,1,2,10,124,127,146,149.5),(55,1,2,11,129.5,133,152.5,155.5),(56,1,2,12,135.5,138.5,157,159.5),(57,1,2,13,140.5,143.5,160,162.5),(58,1,2,14,144.5,147,162,164.5),(59,1,2,15,146,148,163.5,166),(60,1,2,16,146.5,149,164,166.5),(61,1,2,17,147,149,164,166.5),(62,1,2,18,147,149.5,164,166.5);

--
-- Table structure for table `health_age_weight`
--

CREATE TABLE `health_age_weight` (
  `id` int(11) NOT NULL AUTO_INCREMENT,
  `type` tinyint(4) NOT NULL DEFAULT 1,
  `sex` tinyint(4) NOT NULL DEFAULT 2,
  `age` double NOT NULL,
  `weight_1` double NOT NULL,
  `weight_2` double NOT NULL,
  `weight_3` double NOT NULL,
  `weight_4` double NOT NULL,
  PRIMARY KEY (`id`)
) ENGINE=MyISAM AUTO_INCREMENT=63 DEFAULT CHARSET=utf8 COLLATE=utf8_general_ci;

--
-- Dumping data for table `health_age_weight`
--

INSERT INTO `health_age_weight` VALUES (1,0,1,1,7.8,8.3,11.5,11.5),(2,0,1,1.25,8.5,9,12,12.5),(3,0,1,1.5,8.9,9.4,12.9,13.5),(4,0,1,1.75,9.4,10,13.7,14.4),(5,0,1,2,9.8,10.5,14.5,15.2),(6,0,1,2.25,10.2,11,15,15.8),(7,0,1,2.5,10.6,11.4,15.8,16.7),(8,0,1,2.75,11,11.8,16.6,17.4),(9,0,1,3,11.4,12.2,17.3,18.2),(10,0,1,3.25,11.7,12.6,18,19),(11,0,1,3.5,12,12.8,18.7,19.8),(12,0,1,3.75,12.4,13.3,19.3,20.6),(13,0,1,4,12.7,13.6,20,21.3),(14,0,1,4.25,13.2,13.9,20.7,22),(15,0,1,4.5,13.4,14.3,21.3,22.7),(16,0,1,4.75,13.8,14.6,21.9,23.7),(17,0,1,5,14,15,23,24),(18,0,2,1,7.3,7.7,10.5,11),(19,0,2,1.25,7.8,8.3,11.3,11.9),(20,0,2,1.5,8.3,8.8,12,12.8),(21,0,2,1.75,8.8,9.3,12.9,13.6),(22,0,2,2,9,9.8,13.6,14.4),(23,0,2,2.25,9.5,10.2,14.4,15.2),(24,0,2,2.5,9.8,10.7,15.2,15.9),(25,0,2,2.75,10.3,11.2,15.9,16.9),(26,0,2,3,10.7,11.5,16.6,17.4),(27,0,2,3.25,11.2,11.9,17.3,18.2),(28,0,2,3.5,11.5,12.3,17.9,18.9),(29,0,2,3.75,11.8,12.7,18.5,19.7),(30,0,2,4,12.2,13,19.3,20.5),(31,0,2,4.25,12.4,13.4,19.7,21),(32,0,2,4.5,12.8,13.7,20.3,21.7),(33,0,2,4.75,13,13.9,20.9,22.3),(34,0,2,5,13.5,14,22,23.5),(35,1,1,5,14,15,23,24),(36,1,1,6,15.5,16.5,25.5,27),(37,1,1,7,17,18.5,28.5,31),(38,1,1,8,18.5,20,32,35),(39,1,1,9,20,21.5,36,39.5),(40,1,1,10,21.5,23.5,40.5,44.5),(41,1,1,11,23,25.5,45,49.5),(42,1,1,12,25.5,28,50,54.5),(43,1,1,13,28,31.5,54.5,58.5),(44,1,1,14,32,35.5,58.5,63.5),(45,1,1,15,36.5,40,62,65.5),(46,1,1,16,40.5,44,64,67.5),(47,1,1,17,43,46,66,69),(48,1,1,18,45,48,67,70),(49,1,2,5,13.5,14,22,23.5),(50,1,2,6,15,16,24.5,26.5),(51,1,2,7,16.5,17.5,28.5,31),(52,1,2,8,17.5,19,32.5,35.5),(53,1,2,9,19.5,21,37.5,41),(54,1,2,10,21.5,23.5,42,46),(55,1,2,11,23.5,26,46.5,50.5),(56,1,2,12,26.5,29,50,54),(57,1,2,13,29.5,33,53,55.5),(58,1,2,14,33.5,36.5,55,58.5),(59,1,2,15,36.5,38.5,56.5,59.5),(60,1,2,16,37.5,40,57,60),(61,1,2,17,38,41,57.5,60.5),(62,1,2,18,38.5,41,57.5,60.5);

--
-- Table structure for table `health_base`
--

CREATE TABLE `health_base` (
  `base_id` int(5) NOT NULL AUTO_INCREMENT,
  `study_year` int(5) NOT NULL,
  `term` int(3) NOT NULL,
  `status` int(2) NOT NULL,
  PRIMARY KEY (`base_id`)
) ENGINE=MyISAM AUTO_INCREMENT=11 DEFAULT CHARSET=utf8 COLLATE=utf8_general_ci;

--
-- Dumping data for table `health_base`
--

INSERT INTO `health_base` VALUES (7,2563,1,0),(2,2562,1,0),(9,2564,2,0),(8,2563,2,0),(10,2565,1,1);

--
-- Table structure for table `health_checking`
--

CREATE TABLE `health_checking` (
  `check_id` int(11) NOT NULL AUTO_INCREMENT,
  `student_id` int(11) NOT NULL,
  `student_number` varchar(13) NOT NULL,
  `year_std` varchar(5) NOT NULL,
  `term_std` varchar(3) NOT NULL,
  `class_now` tinyint(4) NOT NULL,
  `room` tinyint(4) NOT NULL,
  `number_check` int(5) NOT NULL,
  `gum` varchar(100) NOT NULL,
  `iodine` varchar(100) NOT NULL,
  `tooth` varchar(100) NOT NULL,
  `weight` varchar(10) NOT NULL,
  `tall` varchar(10) NOT NULL,
  `comment` text NOT NULL,
  `day` datetime NOT NULL,
  `usenull` text DEFAULT NULL,
  `life` varchar(10) NOT NULL,
  `push` varchar(10) NOT NULL,
  `sit` varchar(10) NOT NULL,
  `roll` varchar(10) NOT NULL,
  `run` varchar(10) NOT NULL,
  `person_check` varchar(255) NOT NULL,
  PRIMARY KEY (`check_id`)
) ENGINE=MyISAM AUTO_INCREMENT=1007 DEFAULT CHARSET=utf8 COLLATE=utf8_general_ci;

--
-- Dumping data for table `health_checking`
--

INSERT INTO `health_checking` VALUES (1,4531,'0','2559','1',9,2,1,'ไม่มี','ปกติ','ไม่ผุ','34','148','','2559-06-27 10:46:23','','','','','','','3349800181484'),(2,4230,'0','2559','1',9,2,1,'ไม่มี','ปกติ','ไม่ผุ','30','140','','2559-06-27 10:47:23','','','','','','','3349800181484'),(3,4246,'0','2559','1',9,2,1,'ไม่มี','ปกติ','ไม่ผุ','25','135','','2559-06-27 10:47:43','','','','','','','3349800181484'),(4,4247,'0','2559','1',9,2,1,'ไม่มี','ปกติ','ไม่ผุ','46','148','','2559-06-27 10:48:06','','','','','','','3349800181484'),(5,4248,'0','2559','1',9,2,1,'ไม่มี','ปกติ','ไม่ผุ','27','135','','2559-06-27 10:48:49','','','','','','','3349800181484'),(6,4249,'0','2559','1',9,2,1,'ไม่มี','ปกติ','ไม่ผุ','45','148','','2559-06-27 10:49:20','','','','','','','3349800181484'),(7,4250,'0','2559','1',9,2,1,'ไม่มี','ปกติ','ไม่ผุ','49','158','','2559-06-27 10:50:00','','','','','','','3349800181484'),(8,4252,'0','2559','1',9,2,1,'ไม่มี','ปกติ','ไม่ผุ','34','149','','2559-06-27 10:51:10','','','','','','','3349800181484'),(9,4253,'0','2559','1',9,2,1,'ไม่มี','ปกติ','ไม่ผุ','48','145','','2559-06-27 10:51:33','','','','','','','3349800181484'),(10,4255,'0','2559','1',9,2,1,'ไม่มี','ปกติ','ไม่ผุ','45','158','','2559-06-27 10:52:36','','','','','','','3349800181484'),(11,4256,'0','2559','1',9,2,1,'ไม่มี','ปกติ','ไม่ผุ','32','145','','2559-06-27 10:53:12','','','','','','','3349800181484'),(12,4254,'0','2559','1',9,2,1,'ไม่มี','ปกติ','ไม่ผุ','42','150','','2559-06-27 10:53:56','','','','','','','3349800181484'),(13,4257,'0','2559','1',9,2,1,'ไม่มี','ปกติ','ไม่ผุ','30','139','','2559-06-27 10:54:21','','','','','','','3349800181484'),(14,4245,'0','2559','1',9,2,1,'ไม่มี','ปกติ','ไม่ผุ','32','143','','2559-06-27 10:55:27','','','','','','','3349800181484'),(15,4244,'0','2559','1',9,2,1,'ไม่มี','ปกติ','ไม่ผุ','33','140','','2559-06-27 10:56:06','','','','','','','3349800181484'),(16,4322,'0','2559','1',9,2,1,'ไม่มี','ปกติ','ไม่ผุ','60','152','','2559-06-27 10:56:21','','','','','','','3349800181484'),(17,4231,'0','2559','1',9,2,1,'ไม่มี','ปกติ','ไม่ผุ','45','144','','2559-06-27 10:58:03','','','','','','','3349800181484'),(18,4232,'0','2559','1',9,2,1,'ไม่มี','ปกติ','ไม่ผุ','45','146','','2559-06-27 10:58:49','','','','','','','3349800181484'),(19,4233,'0','2559','1',9,2,1,'ไม่มี','ปกติ','ไม่ผุ','36','142','','2559-06-27 10:59:22','','','','','','','3349800181484'),(20,4234,'0','2559','1',9,2,1,'ไม่มี','ปกติ','ไม่ผุ','45','151','','2559-06-27 10:59:46','','','','','','','3349800181484'),(21,4235,'0','2559','1',9,2,1,'ไม่มี','ปกติ','ไม่ผุ','30','139','','2559-06-27 11:01:02','','','','','','','3349800181484'),(22,4236,'0','2559','1',9,2,1,'ไม่มี','ปกติ','ไม่ผุ','50','159','','2559-06-27 11:01:21','','','','','','','3349800181484'),(23,4237,'0','2559','1',9,2,1,'ไม่มี','ปกติ','ไม่ผุ','36','146','','2559-06-27 11:02:00','','','','','','','3349800181484'),(24,4238,'0','2559','1',9,2,1,'ไม่มี','ปกติ','ไม่ผุ','47','156','','2559-06-27 11:02:26','','','','','','','3349800181484'),(25,4239,'0','2559','1',9,2,1,'ไม่มี','ปกติ','ไม่ผุ','30','137','','2559-06-27 11:03:02','','','','','','','3349800181484'),(26,4240,'0','2559','1',9,2,1,'ไม่มี','ปกติ','ไม่ผุ','41','142','','2559-06-27 11:03:30','','','','','','','3349800181484'),(27,4241,'0','2559','1',9,2,1,'ไม่มี','ปกติ','ไม่ผุ','40','148','','2559-06-27 11:04:06','','','','','','','3349800181484'),(28,4242,'0','2559','1',9,2,1,'ไม่มี','ปกติ','ไม่ผุ','30','144','','2559-06-27 11:04:36','','','','','','','3349800181484'),(29,4243,'0','2559','1',9,2,1,'ไม่มี','ปกติ','ไม่ผุ','30','138','','2559-06-27 11:05:10','','','','','','','3349800181484'),(30,4577,'31','2559','1',9,2,1,'ไม่มี','ปกติ','ไม่ผุ','25','134','','2559-07-06 10:51:41','','','','','','','3349800181484'),(31,4251,'22','2559','1',9,2,1,'ไม่มี','ปกติ','ไม่ผุ','31','144','','2559-07-06 10:51:54','','','','','','','3349800181484'),(32,4169,'3','2559','1',10,2,1,'ไม่มี','ปกติ','ไม่ผุ','30','143','','2559-07-07 10:31:39','','','','','','','1349900205931'),(33,4622,'17','2559','1',10,2,1,'ไม่มี','ปกติ','ไม่ผุ','30','129','','2559-07-07 10:32:19','','','','','','','1349900205931'),(34,4190,'26','2559','1',10,2,1,'ไม่มี','ปกติ','ไม่ผุ','47','160','','2559-07-07 10:33:48','','','','','','','1349900205931'),(35,4168,'2','2559','1',10,2,1,'ไม่มี','ปกติ','ไม่ผุ','32','135','','2559-07-07 10:35:02','','','','','','','1349900205931'),(36,4167,'1','2559','1',10,2,1,'ไม่มี','ปกติ','ไม่ผุ','29','133','','2559-07-07 11:15:50','','','','','','','1349900205931'),(37,4172,'5','2559','1',10,2,1,'ไม่มี','ปกติ','ไม่ผุ','34','140','','2559-07-07 11:16:19','','','','','','','1349900205931'),(38,4173,'6','2559','1',10,2,1,'ไม่มี','ปกติ','ไม่ผุ','45','154','','2559-07-07 11:16:30','','','','','','','1349900205931'),(39,4174,'7','2559','1',10,2,1,'ไม่มี','ปกติ','ไม่ผุ','49','159','','2559-07-07 11:17:00','','','','','','','1349900205931'),(40,4175,'8','2559','1',10,2,1,'ไม่มี','ปกติ','ไม่ผุ','70','158','','2559-07-07 11:17:37','','','','','','','1349900205931'),(41,4177,'9','2559','1',10,2,1,'ไม่มี','ปกติ','ไม่ผุ','29','133','','2559-07-07 11:18:27','','','','','','','1349900205931'),(42,4178,'10','2559','1',10,2,1,'ไม่มี','ปกติ','ไม่ผุ','47','154','','2559-07-07 11:18:38','','','','','','','1349900205931'),(43,4179,'11','2559','1',10,2,1,'ไม่มี','ปกติ','ไม่ผุ','29','130','','2559-07-07 11:18:50','','','','','','','1349900205931'),(44,4181,'13','2559','1',10,2,1,'ไม่มี','ปกติ','ไม่ผุ','48','155','','2559-07-07 11:19:14','','','','','','','1349900205931'),(45,4261,'14','2559','1',10,2,1,'ไม่มี','ปกติ','ไม่ผุ','30','141','','2559-07-07 11:19:25','','','','','','','1349900205931'),(46,4182,'18','2559','1',10,2,1,'ไม่มี','ปกติ','ไม่ผุ','36','143','','2559-07-07 11:19:37','','','','','','','1349900205931'),(47,4620,'15','2559','1',10,2,1,'ไม่มี','ปกติ','ไม่ผุ','29','140','','2559-07-07 11:19:47','','','','','','','1349900205931'),(48,4621,'16','2559','1',10,2,1,'ไม่มี','ปกติ','ไม่ผุ','45','159','','2559-07-07 11:19:57','','','','','','','1349900205931'),(49,4183,'19','2559','1',10,2,1,'ไม่มี','ปกติ','ไม่ผุ','38','153','','2559-07-07 11:20:10','','','','','','','1349900205931'),(50,4184,'20','2559','1',10,2,1,'ไม่มี','ปกติ','ไม่ผุ','65','155','','2559-07-07 11:20:33','','','','','','','1349900205931'),(51,4185,'21','2559','1',10,2,1,'ไม่มี','ปกติ','ไม่ผุ','47','154','','2559-07-07 11:20:47','','','','','','','1349900205931'),(52,4186,'22','2559','1',10,2,1,'ไม่มี','ปกติ','ไม่ผุ','88','154','','2559-07-07 11:21:00','','','','','','','1349900205931'),(53,4187,'23','2559','1',10,2,1,'ไม่มี','ปกติ','ไม่ผุ','34','150','','2559-07-07 11:21:16','','','','','','','1349900205931'),(54,4188,'24','2559','1',10,2,1,'ไม่มี','ปกติ','ไม่ผุ','48','158','','2559-07-07 11:21:29','','','','','','','1349900205931'),(55,4189,'25','2559','1',10,2,1,'ไม่มี','ปกติ','ไม่ผุ','41','147','','2559-07-07 11:21:40','','','','','','','1349900205931'),(56,4180,'12','2559','1',10,2,1,'ไม่มี','ปกติ','ไม่ผุ','36','136','','2559-07-07 11:21:59','','','','','','','1349900205931'),(57,4623,'27','2559','1',10,2,1,'ไม่มี','ปกติ','ไม่ผุ','85','148','','2559-07-07 11:22:09','','','','','','','1349900205931'),(58,4460,'1','2563','1',9,1,1,'ไม่มี','ปกติ','ไม่ผุ','30','140','','2563-10-29 09:11:45','','','30','34','6','6.8','3349800181484'),(59,4461,'2','2563','1',9,1,1,'ไม่มี','ปกติ','ไม่ผุ','56','146','','2563-10-29 09:34:32','','','','27','','','3349800181484'),(60,4462,'3','2563','1',9,1,1,'ไม่มี','ปกติ','ไม่ผุ','28','140','','2563-10-29 09:36:41','','','13','23','0','6.2','3349800181484'),(61,4463,'4','2563','1',9,1,1,'ไม่มี','ปกติ','ไม่ผุ','37','147','','2563-10-29 09:37:21','','','24','23','12','4.2','3349800181484'),(62,4464,'5','2563','1',9,1,1,'ไม่มี','ปกติ','ไม่ผุ','31','138','','2563-10-29 09:38:30','','','22','25','0','5.5','3349800181484'),(63,4465,'6','2563','1',9,1,1,'ไม่มี','ปกติ','ไม่ผุ','35','148','','2563-10-29 09:39:15','','','33','25','0','4.5','3349800181484'),(64,4477,'9','2563','1',9,1,1,'ไม่มี','ปกติ','ไม่ผุ','71','150','','2563-10-29 09:43:15','','','18','21','7.5','6.1','3349800181484'),(65,4466,'7','2563','1',9,1,1,'ไม่มี','ปกติ','ไม่ผุ','38','148','','2563-10-29 09:40:09','','','45','31','8','4.3','3349800181484'),(66,4476,'8','2563','1',9,1,1,'ไม่มี','ปกติ','ไม่ผุ','35','146','','2563-10-29 09:42:37','','','2','25','0','6.2','3349800181484'),(67,4478,'10','2563','1',9,1,1,'ไม่มี','ปกติ','ไม่ผุ','40','148','','2563-10-29 09:45:11','','','19','35','0','4.2','3349800181484'),(68,4639,'26','2563','1',9,1,1,'ไม่มี','ปกติ','ไม่ผุ','69','147','','2563-10-29 10:03:15','','','35','25','7.5','7.4','3349800181484'),(69,4628,'25','2563','1',9,1,1,'ไม่มี','ปกติ','ไม่ผุ','68','166','','2563-10-29 10:02:08','','','30','23','18','5.5','3349800181484'),(70,4521,'24','2563','1',9,1,1,'ไม่มี','ปกติ','ไม่ผุ','33','147','','2563-10-29 10:01:27','','','29','31','4','5.1','3349800181484'),(71,4487,'23','2563','1',9,1,1,'ไม่มี','ปกติ','ไม่ผุ','44','155','','2563-10-29 10:00:49','','','28','22','4','5.2','3349800181484'),(72,4484,'21','2563','1',9,1,1,'ไม่มี','ปกติ','ไม่ผุ','35','145','','2563-10-29 09:57:51','','','39','42','12','5.1','3349800181484'),(73,4485,'22','2563','1',9,1,1,'ไม่มี','ปกติ','ไม่ผุ','36','152','','2563-10-29 09:59:17','','','36','22','13','5.6','3349800181484'),(74,4483,'20','2563','1',9,1,1,'ไม่มี','ปกติ','ไม่ผุ','61','156','','2563-10-29 09:56:57','','','31','25','10','7.7','3349800181484'),(75,4480,'11','2563','1',9,1,1,'ไม่มี','ปกติ','ไม่ผุ','40','151','','2563-10-29 09:46:14','','','36','30','4','4.3','3349800181484'),(76,4481,'12','2563','1',9,1,1,'ไม่มี','ปกติ','ไม่ผุ','35','137','','2563-10-29 09:48:11','','','14','30','0','5.5','3349800181484'),(77,4468,'13','2563','1',9,1,1,'ไม่มี','ปกติ','ไม่ผุ','35','140','','2563-10-29 09:49:58','','','32','22','1.5','6.6','3349800181484'),(78,4469,'14','2563','1',9,1,1,'ไม่มี','ปกติ','ไม่ผุ','43','143','','2563-10-29 09:51:00','','','30','28','0','6.6','3349800181484'),(79,4470,'15','2563','1',9,1,1,'ไม่มี','ปกติ','ไม่ผุ','23','132','','2563-10-29 09:51:27','','','','','1','','3349800181484'),(80,4471,'16','2563','1',9,1,1,'ไม่มี','ปกติ','ไม่ผุ','60','157','','2563-10-29 09:52:43','','','31','31','11','8','3349800181484'),(81,4472,'17','2563','1',9,1,1,'ไม่มี','ปกติ','ไม่ผุ','33','146','','2563-10-29 09:53:58','','','30','32','9.5','5.6','3349800181484'),(82,4473,'18','2563','1',9,1,1,'ไม่มี','ปกติ','ไม่ผุ','36','156','','2563-09-26 03:31:34','','','','','','','3349800181484'),(83,4482,'19','2563','1',9,1,1,'ไม่มี','ปกติ','ไม่ผุ','46','150','','2563-10-29 09:56:00','','','30','25','5.5','6.5','3349800181484'),(84,4647,'2','2563','1',5,1,1,'ไม่มี','ปกติ','ไม่ผุ','23','126','','2563-11-29 10:56:01','','','22','23','3','6.2','3349800210115'),(85,4646,'1','2563','1',5,1,1,'ไม่มี','ปกติ','ไม่ผุ','21','128','','2563-11-29 10:55:29','','','22','23','1','6.4','3349800210115'),(86,4648,'3','2563','1',5,1,1,'ไม่มี','ปกติ','ไม่ผุ','27','124','','2563-11-29 10:56:45','','','20','23','.12','6.4','3349800210115'),(87,4649,'4','2563','1',5,1,1,'ไม่มี','ปกติ','ไม่ผุ','24','124','','2563-11-29 10:57:58','','','20','23','4','7.4','3349800210115'),(88,4650,'5','2563','1',5,1,1,'ไม่มี','ปกติ','ไม่ผุ','24.5','121.5','','2563-11-29 10:58:48','','','30','26','0','5.5','3349800210115'),(89,4651,'6','2563','1',5,1,1,'ไม่มี','ปกติ','ไม่ผุ','24.5','125','','2563-11-29 10:59:30','','','30','36','0','7.1','3349800210115'),(90,4768,'15','2563','1',5,1,1,'ไม่มี','ปกติ','ไม่ผุ','41','128','','2563-09-28 06:18:14','','','','','','','3349800210115'),(91,4660,'18','2563','1',5,1,1,'ไม่มี','ปกติ','ไม่ผุ','42','128','','2563-11-29 11:06:19','','','11','15','0','6.4','3349800210115'),(92,4661,'19','2563','1',5,1,1,'ไม่มี','ปกติ','ไม่ผุ','21.5','124','','2563-11-29 11:06:59','','','25','15','4.5','7.1','3349800210115'),(93,4662,'20','2563','1',5,1,1,'ไม่มี','ปกติ','ไม่ผุ','22.5','121','','2563-11-29 11:07:44','','','25','22','.12','7','3349800210115'),(94,4663,'21','2563','1',5,1,1,'ไม่มี','ปกติ','ไม่ผุ','20.5','121','','2563-11-29 11:08:19','','','11','22','1','6.4','3349800210115'),(95,4664,'22','2563','1',5,1,1,'ไม่มี','ปกติ','ไม่ผุ','40','130','','2563-11-29 11:08:53','','','12','20','2','6.4','3349800210115'),(96,4665,'13','2563','1',5,1,1,'ไม่มี','ปกติ','ไม่ผุ','19','113','','2563-11-29 11:09:36','','','11','21','3.5','7.4','3349800210115'),(97,4666,'24','2563','1',5,1,1,'ไม่มี','ปกติ','ไม่ผุ','24','123.5','','2563-11-29 11:10:14','','','25','28','.1','7.3','3349800210115'),(98,4667,'25','2563','1',5,1,1,'ไม่มี','ปกติ','ไม่ผุ','26.5','126.5','','2563-11-29 11:10:42','','','13','26','.5','6.4','3349800210115'),(99,4668,'26','2563','1',5,1,1,'ไม่มี','ปกติ','ไม่ผุ','23','126','','2563-11-29 11:11:08','','','14','26','.5','6.4','3349800210115'),(100,4670,'27','2563','1',5,1,1,'ไม่มี','ปกติ','ไม่ผุ','26','124','','2563-11-29 11:11:50','','','20','20','2.5','6.3','3349800210115'),(101,4672,'28','2563','1',5,1,1,'ไม่มี','ปกติ','ไม่ผุ','22','122.5','','2563-11-29 11:12:07','','','','','','','3349800210115'),(102,4783,'16','2563','1',5,1,1,'ไม่มี','ปกติ','ไม่ผุ','24','129','','2563-11-29 11:05:09','','','50','28','13','5.4','3349800210115'),(103,4652,'7','2563','1',5,1,1,'ไม่มี','ปกติ','ไม่ผุ','23','121','','2563-11-29 11:00:56','','','20','30','5','5.3','3349800210115'),(104,4653,'8','2563','1',5,1,1,'ไม่มี','ปกติ','ไม่ผุ','29.5','129','','2563-11-29 11:01:39','','','20','30','.5','7.2','3349800210115'),(105,4655,'10','2563','1',5,1,1,'ไม่มี','ปกติ','ไม่ผุ','40.5','125.5','','2563-11-29 11:02:48','','','10','25','5','7.1','3349800210115'),(106,4656,'11','2563','1',5,1,1,'ไม่มี','ปกติ','ไม่ผุ','46','136','','2563-11-29 11:03:19','','','10','3','0','7.6','3349800210115'),(107,4657,'12','2563','1',5,1,1,'ไม่มี','ปกติ','ไม่ผุ','20','119','','2563-09-28 06:30:36','','','','','','','3349800210115'),(108,4658,'13','2563','1',5,1,1,'ไม่มี','ปกติ','ไม่ผุ','25','124','','2563-11-29 11:12:55','','','20','24','6.5','8.1','3349800210115'),(109,4751,'14','2563','1',5,1,1,'ไม่มี','ปกติ','ไม่ผุ','23','122','','2563-11-29 11:04:31','','','23','27','4','6.3','3349800210115'),(110,4791,'17','2563','1',5,1,1,'ไม่มี','ปกติ','ไม่ผุ','28','129','','2563-11-29 11:05:42','','','15','27','5','7.4','3349800210115'),(111,4673,'29','2563','1',5,1,1,'ไม่มี','ปกติ','ไม่ผุ','41','134.5','','2563-11-29 11:13:29','','','28','17','.5','7.3','3349800210115'),(112,4676,'30','2563','1',5,1,1,'ไม่มี','ปกติ','ไม่ผุ','23','123','','2563-11-29 11:14:09','','','15','21','.1','7.4','3349800210115'),(113,4678,'31','2563','1',5,1,1,'ไม่มี','ปกติ','ไม่ผุ','17','114','','2563-11-29 11:14:40','','','30','22','.4','5.4','3349800210115'),(114,4680,'32','2563','1',5,1,1,'ไม่มี','ปกติ','ไม่ผุ','27','124.5','','2563-11-29 11:15:11','','','20','28','.6','7.2','3349800210115'),(115,4762,'33','2563','1',5,1,1,'ไม่มี','ปกติ','ไม่ผุ','22','112.5','','2563-11-29 11:15:43','','','20','28','5','7.2','3349800210115'),(116,4654,'9','2563','1',5,1,1,'ไม่มี','ปกติ','ไม่ผุ','19.5','113','','2563-11-29 11:02:16','','','15','27','5','7.6','3349800210115'),(117,4532,'1','2563','1',7,1,1,'ไม่มี','ปกติ','ไม่ผุ','25','127','','2563-10-29 01:29:56','','','17','21','5.1','5.4','1330400289411'),(118,4533,'2','2563','1',7,1,1,'ไม่มี','ปกติ','ไม่ผุ','54','143','','2563-10-29 01:30:37','','','17','21','0','7.5','1330400289411'),(119,4534,'3','2563','1',7,1,1,'ไม่มี','ปกติ','ไม่ผุ','40','137','','2563-10-29 01:31:59','','','16','18','0','7.5','1330400289411'),(120,4535,'4','2563','1',7,1,1,'ไม่มี','ปกติ','ไม่ผุ','45','136','','2563-10-05 03:24:42','','','','','','','1330400289411'),(121,4539,'5','2563','1',7,1,1,'ไม่มี','ปกติ','ไม่ผุ','25','124','','2563-10-29 01:32:43','','','20','18','7.5','5.7','1330400289411'),(122,4644,'15','2563','1',7,1,1,'ไม่มี','ปกติ','ไม่ผุ','66','142','','2563-10-29 02:13:08','','','15','3','0','7.2','1330400289411'),(123,4645,'16','2563','1',7,1,1,'ไม่มี','ปกติ','ไม่ผุ','25','130','','2563-10-29 02:16:32','','','33','26','4','7.2','1330400289411'),(124,4541,'18','2563','1',7,1,1,'ไม่มี','ปกติ','ไม่ผุ','20','130','','2563-10-29 02:30:34','','','12','25','6','6.4','1330400289411'),(125,4542,'19','2563','1',7,1,1,'ไม่มี','ปกติ','ไม่ผุ','55','143','','2563-10-29 02:31:43','','','20','20','3','7.5','1330400289411'),(126,4543,'20','2563','1',7,1,1,'ไม่มี','ปกติ','ไม่ผุ','20','140','','2563-10-29 02:33:03','','','17','31','2','5.3','1330400289411'),(127,4544,'21','2563','1',7,1,1,'ไม่มี','ปกติ','ไม่ผุ','25','129','','2563-10-29 02:33:37','','','19','20','6','5.5','1330400289411'),(128,4545,'22','2563','1',7,1,1,'ไม่มี','ปกติ','ไม่ผุ','35','125','','2563-10-29 02:36:12','','','19','21','6','5.5','1330400289411'),(129,4547,'23','2563','1',7,1,1,'ไม่มี','ปกติ','ไม่ผุ','28','144','','2563-10-29 02:36:44','','','15','27','0','5.5','1330400289411'),(130,4548,'24','2563','1',7,1,1,'ไม่มี','ปกติ','ไม่ผุ','30','130','','2563-10-29 02:38:01','','','18','27','2.5','5.3','1330400289411'),(131,4549,'25','2563','1',7,1,1,'ไม่มี','ปกติ','ไม่ผุ','30','141','','2563-10-29 02:38:33','','','20','29','7','5.3','1330400289411'),(132,4712,'36','2563','1',7,1,1,'ไม่มี','ปกติ','ไม่ผุ','44','149','','2563-10-05 03:39:45','','','','','','','1330400289411'),(133,4766,'37','2563','1',7,1,1,'ไม่มี','ปกติ','ไม่ผุ','43','143','','2563-10-05 03:40:52','','','','','','','1330400289411'),(134,4794,'38','2563','1',7,1,1,'ไม่มี','ปกติ','ไม่ผุ','55','141','','2563-10-29 02:45:19','','','23','25','0','18','1330400289411'),(135,4550,'6','2563','1',7,1,1,'ไม่มี','ปกติ','ไม่ผุ','27','131','','2563-10-29 01:36:23','','','27','37','4','5','1330400289411'),(136,4551,'7','2563','1',7,1,1,'ไม่มี','ปกติ','ไม่ผุ','30','133','','2563-10-29 01:51:38','','','25','5','0','5.5','1330400289411'),(137,4552,'8','2563','1',7,1,1,'ไม่มี','ปกติ','ไม่ผุ','44','137','','2563-10-29 01:54:09','','','22','26','4','6','1330400289411'),(138,4553,'9','2563','1',7,1,1,'ไม่มี','ปกติ','ไม่ผุ','30','128','','2563-10-29 01:55:40','','','23','27','3','6.2','1330400289411'),(139,4554,'10','2563','1',7,1,1,'ไม่มี','ปกติ','ไม่ผุ','30','135','','2563-10-29 01:57:55','','','13','22','3','5.5','1330400289411'),(140,4555,'11','2563','1',7,1,1,'ไม่มี','ปกติ','ไม่ผุ','46','136','','2563-10-29 02:01:11','','','22','20','26','6.1','1330400289411'),(141,4557,'13','2563','1',7,1,1,'ไม่มี','ปกติ','ไม่ผุ','25','134','','2563-10-29 02:08:08','','','23','32','0','5.6','1330400289411'),(142,4640,'14','2563','1',7,1,1,'ไม่มี','ปกติ','ไม่ผุ','26','126','','2563-10-29 02:11:03','','','27','36','1','4.2','1330400289411'),(143,4710,'17','2563','1',7,1,1,'ไม่มี','ปกติ','ไม่ผุ','25','130','','2563-10-29 02:22:02','','','26','32','4','5.3','1330400289411'),(144,4558,'26','2563','1',7,1,1,'ไม่มี','ปกติ','ไม่ผุ','35','136','','2563-10-29 02:39:34','','','20','22','0','6.1','1330400289411'),(145,4559,'27','2563','1',7,1,1,'ไม่มี','ปกติ','ไม่ผุ','35','135','','2563-10-29 02:40:12','','','20','19','0','6.4','1330400289411'),(146,4560,'28','2563','1',7,1,1,'ไม่มี','ปกติ','ไม่ผุ','26','138','','2563-10-29 02:40:41','','','5','12','0','5.6','1330400289411'),(147,4561,'29','2563','1',7,1,1,'ไม่มี','ปกติ','ไม่ผุ','30','130','','2563-10-07 03:07:49','','','','','','','1330400289411'),(148,4562,'30','2563','1',7,1,1,'ไม่มี','ปกติ','ไม่ผุ','25','133','','2563-10-29 02:41:18','','','12','20','2','6.2','1330400289411'),(149,4563,'31','2563','1',7,1,1,'ไม่มี','ปกติ','ไม่ผุ','32','130','','2563-10-29 02:41:48','','','20','22','0','5.3','1330400289411'),(150,4564,'32','2563','1',7,1,1,'ไม่มี','ปกติ','ไม่ผุ','40','139','','2563-10-29 02:42:22','','','28','25','0','6.4','1330400289411'),(151,4565,'33','2563','1',7,1,1,'ไม่มี','ปกติ','ไม่ผุ','30','135','','2563-10-29 02:42:54','','','29','14','0','6.4','1330400289411'),(152,4566,'34','2563','1',7,1,1,'ไม่มี','ปกติ','ไม่ผุ','27','133','','2563-10-29 02:43:24','','','28','22','0','6.9','1330400289411'),(153,4494,'2','2563','1',8,1,1,'ไม่มี','ปกติ','ไม่ผุ','42','145','','2563-10-29 10:30:15','','','28','38','8','3.45','3341501429835'),(154,4495,'3','2563','1',8,1,1,'ไม่มี','ปกติ','ไม่ผุ','29','136','','2563-10-29 10:30:52','','','30','36','0','3.18','3341501429835'),(155,4496,'4','2563','1',8,1,1,'ไม่มี','ปกติ','ไม่ผุ','30','139','','2563-10-29 10:31:48','','','23','37','1.5','3.4','3341501429835'),(156,4497,'5','2563','1',8,1,1,'ไม่มี','ปกติ','ไม่ผุ','30','134','','2563-10-29 10:32:43','','','21','34','0','3.27','3341501429835'),(157,4508,'6','2563','1',8,1,1,'ไม่มี','ปกติ','ไม่ผุ','57','155','','2563-10-29 10:33:46','','','23','20','0','3.49','3341501429835'),(158,4509,'7','2563','1',8,1,1,'ไม่มี','ปกติ','ไม่ผุ','25','130','','2563-10-29 10:35:01','','','44','42','2','5.01','3341501429835'),(159,4511,'9','2563','1',8,1,1,'ไม่มี','ปกติ','ไม่ผุ','31','131','','2563-10-29 10:36:39','','','42','30','0','5.07','3341501429835'),(160,4624,'10','2563','1',8,1,1,'ไม่มี','ปกติ','ไม่ผุ','26','135','','2563-10-29 10:55:16','','','45','40','0','3.44','3341501429835'),(161,4625,'11','2563','1',8,1,1,'ไม่มี','ปกติ','ไม่ผุ','32','140','','2563-10-29 10:58:44','','','39','40','0','3.21','3341501429835'),(162,4785,'12','2563','1',8,1,1,'ไม่มี','ปกติ','ไม่ผุ','32','144','','2563-10-29 11:00:48','','','38','28','5','3.26','3341501429835'),(163,4499,'13','2563','1',8,1,1,'ไม่มี','ปกติ','ไม่ผุ','31','142','','2563-10-29 11:03:47','','','30','20','0','5.39','3341501429835'),(164,4500,'14','2563','1',8,1,1,'ไม่มี','ปกติ','ไม่ผุ','35','148','','2563-10-29 11:05:46','','','31','24','0','4.4','3341501429835'),(165,4501,'15','2563','1',8,1,1,'ไม่มี','ปกติ','ไม่ผุ','40','144','','2563-10-29 11:15:37','','','33','31','0','5.23','3341501429835'),(166,4502,'16','2563','1',8,1,1,'ไม่มี','ปกติ','ไม่ผุ','25','133','','2563-10-29 11:16:42','','','31','31','0','5.36','3341501429835'),(167,4504,'17','2563','1',8,1,1,'ไม่มี','ปกติ','ไม่ผุ','33','143','','2563-10-29 11:18:16','','','33','32','0','5.04','3341501429835'),(168,4505,'18','2563','1',8,1,1,'ไม่มี','ปกติ','ไม่ผุ','27','133','','2563-10-29 11:20:07','','','40','31','0','4.42','3341501429835'),(169,4506,'19','2563','1',8,1,1,'ไม่มี','ปกติ','ไม่ผุ','40','152','','2563-10-29 11:22:14','','','37','31','5','5.33','3341501429835'),(170,4512,'20','2563','1',8,1,1,'ไม่มี','ปกติ','ไม่ผุ','34','145','','2563-10-29 11:23:16','','','37','32','5','5.08','3341501429835'),(171,4513,'21','2563','1',8,1,1,'ไม่มี','ปกติ','ไม่ผุ','27','135','','2563-10-29 11:25:11','','','47','30','5','5.39','3341501429835'),(172,4514,'22','2563','1',8,1,1,'ไม่มี','ปกติ','ไม่ผุ','64','149','','2563-10-29 11:25:58','','','','','','','3341501429835'),(173,4515,'23','2563','1',8,1,1,'ไม่มี','ปกติ','ไม่ผุ','35','144','','2563-10-29 11:29:18','','','28','30','3','5.43','3341501429835'),(174,4516,'24','2563','1',8,1,1,'ไม่มี','ปกติ','ไม่ผุ','39','153','','2563-10-29 01:10:17','','','28','28','0','5.25','3341501429835'),(175,4517,'25','2563','1',8,1,1,'ไม่มี','ปกติ','ไม่ผุ','28','132','','2563-10-29 01:11:34','','','28','28','0','5.33','3341501429835'),(176,4518,'26','2563','1',8,1,1,'ไม่มี','ปกติ','ไม่ผุ','18','119','','2563-10-29 01:13:08','','','13','8','0','5.4','3341501429835'),(177,4581,'27','2563','1',8,1,1,'ไม่มี','ปกติ','ไม่ผุ','30','136','','2563-10-29 01:17:03','','','33','30','0','5.3','3341501429835'),(178,4520,'28','2563','1',8,1,1,'ไม่มี','ปกติ','ไม่ผุ','25','135','','2563-10-29 01:18:28','','','33','29','0','5.5','3341501429835'),(179,4824,'29','2563','1',8,1,1,'ไม่มี','ปกติ','ไม่ผุ','30','145','','2563-10-29 01:23:55','','','19','21','0','4.06','3341501429835'),(180,4580,'35','2563','1',7,1,1,'ไม่มี','ปกติ','ไม่ผุ','25','133','','2563-10-29 02:43:55','','','29','17','0','6.4','1330400289411'),(181,4688,'1','2563','1',4,2,2,'ไม่มี','ปกติ','ไม่ผุ','30','120','','2563-11-18 10:37:45','','','20','27','7','7.4','3341501424027'),(182,4689,'2','2563','1',4,2,1,'เล็กน้อย','ปกติ','ไม่ผุ','21','120','','2563-11-18 10:41:50','','','25','23','19','7.1','3341501424027'),(183,4688,'1','2563','1',4,2,1,'ไม่มี','ปกติ','ไม่ผุ','30','120','','2563-11-18 10:42:39','','','20','27','7','7.4','3341501424027'),(184,4690,'3','2563','1',4,2,1,'เล็กน้อย','ปกติ','ผุ','25','122','','2563-11-18 10:43:59','','','25','22','9','7.5','3341501424027'),(185,4691,'4','2563','1',4,2,1,'ไม่มี','ปกติ','ไม่ผุ','24','124','','2563-11-18 10:45:05','','','18','15','7','7.2','3341501424027'),(186,4692,'5','2563','1',4,2,1,'ไม่มี','ปกติ','ไม่ผุ','22','118','','2563-11-18 10:46:24','','','20','27','3.4','7.3','3341501424027'),(187,4693,'6','2563','1',4,2,1,'ไม่มี','ปกติ','ไม่ผุ','21','119','','2563-11-18 10:47:08','','','15','22','2','7.3','3341501424027'),(188,4694,'7','2563','1',4,2,1,'ไม่มี','ปกติ','ไม่ผุ','20','118','','2563-11-18 10:48:09','','','25','32','3','3.8','3341501424027'),(189,4695,'8','2563','1',4,2,1,'ไม่มี','ปกติ','ไม่ผุ','17','114','','2563-11-18 10:50:34','','','15','31','1','8.4','3341501424027'),(190,4744,'9','2563','1',4,2,1,'ไม่มี','ปกติ','ไม่ผุ','16','110','','2563-11-18 10:51:12','','','26','25','1','9.5','3341501424027'),(191,4745,'10','2563','1',4,2,1,'ไม่มี','ปกติ','ไม่ผุ','17','119','','2563-11-18 10:52:06','','','15','22','1.5','5.2','3341501424027'),(192,4746,'11','2563','1',4,2,1,'ไม่มี','ปกติ','ไม่ผุ','25','124','','2563-11-18 10:52:52','','','26','19','7','5.2','3341501424027'),(193,4761,'12','2563','1',4,2,1,'ไม่มี','ปกติ','ไม่ผุ','22','120','','2563-11-18 10:53:50','','','30','35','3.5','5.3','3341501424027'),(194,4702,'13','2563','1',4,2,1,'ไม่มี','ปกติ','ไม่ผุ','19','114','','2563-11-18 10:55:01','','','20','29','6','7.6','3341501424027'),(195,4703,'14','2563','1',4,2,1,'ไม่มี','ปกติ','ไม่ผุ','16','114','','2563-11-18 10:55:37','','','12','29','1','4.4','3341501424027'),(196,4704,'15','2563','1',4,2,1,'ไม่มี','ปกติ','ไม่ผุ','20','115','','2563-11-18 11:08:53','','','17','29','6','5.2','3341501424027'),(197,4705,'16','2563','1',4,2,1,'ไม่มี','ปกติ','ไม่ผุ','20','117','','2563-11-18 11:09:32','','','15','25','4','16','3341501424027'),(198,4706,'17','2563','1',4,2,1,'ไม่มี','ปกติ','ไม่ผุ','20','116','','2563-11-18 11:11:06','','','15','16','5','7.4','3341501424027'),(199,4707,'18','2563','1',4,2,1,'ไม่มี','ปกติ','ไม่ผุ','17','117','','2563-11-18 11:11:40','','','15','25','2','5.2','3341501424027'),(200,4708,'19','2563','1',4,2,1,'ไม่มี','ปกติ','ไม่ผุ','22','119','','2563-11-18 11:12:18','','','16','19','2.5','8.1','3341501424027'),(201,4747,'20','2563','1',4,2,1,'ไม่มี','ปกติ','ไม่ผุ','15','111','','2563-11-18 11:12:58','','','15','18','7','5.1','3341501424027'),(202,4748,'21','2563','1',4,2,1,'ไม่มี','ปกติ','ไม่ผุ','35','128','','2563-11-18 11:13:33','','','15','25','6','7.1','3341501424027'),(203,4749,'22','2563','1',4,2,1,'ไม่มี','ปกติ','ไม่ผุ','18','116','','2563-11-18 11:14:08','','','15','26','1','15','3341501424027'),(204,4750,'23','2563','1',4,2,1,'ไม่มี','ปกติ','ไม่ผุ','20','114','','2563-11-18 11:14:42','','','15','25','3','11','3341501424027'),(205,4772,'24','2563','1',4,2,1,'ไม่มี','ปกติ','ไม่ผุ','20','123','','2563-11-18 11:15:25','','','15','33','2.5','5.3','3341501424027'),(206,4582,'1','2563','1',6,1,1,'ไม่มี','ปกติ','ไม่ผุ','29','129','','2563-11-18 06:55:38','','17.43','32','15','3','5.3','3341501548354'),(207,4583,'2','2563','1',6,1,1,'ไม่มี','ปกติ','ไม่ผุ','29','135','','2563-11-18 06:58:08','','15.36','32','15','1','6.4','3341501548354'),(208,4584,'3','2563','1',6,1,1,'ไม่มี','ปกติ','ไม่ผุ','24','121','','2563-11-18 07:00:25','','16.39','32','19','0','5.1','3341501548354'),(209,4585,'4','2563','1',6,1,1,'ไม่มี','ปกติ','ไม่ผุ','26','130','','2563-11-18 07:02:45','','15.38','32','20','1','5.1','3341501548354'),(210,4586,'5','2563','1',6,1,1,'ไม่มี','ปกติ','ไม่ผุ','30','135','','2563-11-18 07:04:45','','16.46','32','15','6','6.3','3341501548354'),(211,4587,'6','2563','1',6,1,1,'ไม่มี','ปกติ','ไม่ผุ','40','135','','2563-11-18 07:11:33','','21.95','32','29','0','6.2','3341501548354'),(212,4588,'7','2563','1',6,1,1,'ไม่มี','ปกติ','ไม่ผุ','27','131','','2563-11-18 07:13:26','','15.73','40','28','0','6.5','3341501548354'),(213,4600,'8','2563','1',6,1,1,'ไม่มี','ปกติ','ไม่ผุ','28','123','','2563-11-18 07:15:38','','18.51','20','31','0','4.5','3341501548354'),(214,4641,'9','2563','1',6,1,1,'ไม่มี','ปกติ','ไม่ผุ','22','121','','2563-11-18 07:17:08','','15.03','40','31','0','5.5','3341501548354'),(215,4754,'10','2563','1',6,1,1,'ไม่มี','ปกติ','ไม่ผุ','21','121','','2563-11-18 07:18:41','','14.34','15','30','3','5.4','3341501548354'),(216,4591,'11','2563','1',6,1,1,'ไม่มี','ปกติ','ไม่ผุ','28','133','','2563-11-18 07:34:32','','15.38','41','24','1','6.1','3341501548354'),(217,4592,'12','2563','1',6,1,1,'ไม่มี','ปกติ','ไม่ผุ','22','127','','2563-11-18 07:36:16','','13.64','25','25','0','8.1','3341501548354'),(218,4593,'13','2563','1',6,1,1,'ไม่มี','ปกติ','ไม่ผุ','20','123','','2563-11-18 07:38:43','','13.22','25','18','1','6.1','3341501548354'),(219,4594,'14','2563','1',6,1,1,'ไม่มี','ปกติ','ไม่ผุ','25','129','','2563-11-18 07:40:08','','15.02','38','30','6','6.1','3341501548354'),(220,4595,'15','2563','1',6,1,1,'ไม่มี','ปกติ','ไม่ผุ','31','123','','2563-11-18 07:41:47','','20.49','27','27','7','8.2','3341501548354'),(221,4596,'16','2563','1',6,1,1,'ไม่มี','ปกติ','ไม่ผุ','22','123','','2563-11-18 07:43:10','','14.54','28','28','0','6.1','3341501548354'),(222,4597,'17','2563','1',6,1,1,'ไม่มี','ปกติ','ไม่ผุ','25','129','','2563-11-18 07:44:42','','15.02','39','28','0','4.3','3341501548354'),(223,4598,'18','2563','1',6,1,1,'ไม่มี','ปกติ','ไม่ผุ','25','130','','2563-11-18 07:46:25','','14.79','28','28','0','7.5','3341501548354'),(224,4599,'19','2563','1',6,1,1,'ไม่มี','ปกติ','ไม่ผุ','22','129','','2563-11-18 07:47:54','','13.22','29','29','3','7.4','3341501548354'),(225,4752,'20','2563','1',6,1,1,'ไม่มี','ปกติ','ไม่ผุ','30','134','','2563-11-18 07:49:19','','16.71','28','28','7','7.4','3341501548354'),(226,4793,'21','2563','1',6,1,1,'ไม่มี','ปกติ','ไม่ผุ','21','122','','2563-11-18 07:50:32','','14.11','29','29','3','7.4','3341501548354'),(227,4601,'1','2563','1',6,2,1,'ไม่มี','ปกติ','ไม่ผุ','44','137','','2563-11-21 12:42:38','','','16','19','2','','5330400077483'),(228,4602,'2','2563','1',6,2,1,'ไม่มี','ปกติ','ไม่ผุ','25','128','','2563-11-21 12:45:18','','','17','33','0','','5330400077483'),(229,4603,'3','2563','1',6,2,1,'ไม่มี','ปกติ','ไม่ผุ','23','118','','2563-11-21 12:46:57','','','16','33','13','','5330400077483'),(230,4605,'4','2563','1',6,2,1,'ไม่มี','ปกติ','ไม่ผุ','27','130','','2563-11-21 12:48:28','','','16','34','0','','5330400077483'),(231,4606,'5','2563','1',6,2,1,'ไม่มี','ปกติ','ไม่ผุ','36','129','','2563-11-21 12:49:30','','','15','39','6','','5330400077483'),(232,4607,'6','2563','1',6,2,1,'ไม่มี','ปกติ','ไม่ผุ','22','123','','2563-11-21 12:50:29','','','15','39','6','','5330400077483'),(233,4642,'7','2563','1',6,2,1,'ไม่มี','ปกติ','ไม่ผุ','24','129','','2563-11-21 12:51:10','','','19','30','6','','5330400077483'),(234,4784,'8','2563','1',6,2,1,'ไม่มี','ปกติ','ไม่ผุ','30','136','','2563-11-21 12:51:50','','','19','34','10','','5330400077483'),(235,4789,'9','2563','1',6,2,1,'ไม่มี','ปกติ','ไม่ผุ','29','123','','2563-11-21 12:52:37','','','13','26','0','','5330400077483'),(236,4609,'10','2563','1',6,2,1,'ไม่มี','ปกติ','ไม่ผุ','24','135','','2563-11-21 12:53:16','','','18','30','1','','5330400077483'),(237,4610,'11','2563','1',6,2,1,'ไม่มี','ปกติ','ไม่ผุ','33','138','','2563-11-21 12:53:55','','','16','29','3','','5330400077483'),(238,4611,'12','2563','1',6,2,1,'ไม่มี','ปกติ','ไม่ผุ','22','128','','2563-11-21 12:54:52','','','23','14','3.5','','5330400077483'),(239,4612,'13','2563','1',6,2,1,'ไม่มี','ปกติ','ไม่ผุ','25','134','','2563-11-21 12:55:24','','','23','26','2','','5330400077483'),(240,4613,'14','2563','1',6,2,1,'ไม่มี','ปกติ','ไม่ผุ','22','123','','2563-11-21 12:56:23','','','22','37','2.5','','5330400077483'),(241,4614,'15','2563','1',6,2,1,'ไม่มี','ปกติ','ไม่ผุ','30','133','','2563-11-21 12:56:59','','','16','60','6','','5330400077483'),(242,4615,'16','2563','1',6,2,1,'ไม่มี','ปกติ','ไม่ผุ','23','125','','2563-11-21 12:57:48','','','16','37','32','','5330400077483'),(243,4616,'17','2563','1',6,2,1,'ไม่มี','ปกติ','ไม่ผุ','25','130','','2563-11-21 12:58:42','','','8','37','2','','5330400077483'),(244,4617,'18','2563','1',6,2,1,'ไม่มี','ปกติ','ไม่ผุ','25','130','','2563-11-21 12:59:52','','','21','36','2','','5330400077483'),(245,4755,'19','2563','1',6,2,1,'ไม่มี','ปกติ','ไม่ผุ','25','130','','2563-11-21 01:00:24','','','21','33','2','','5330400077483'),(246,4771,'20','2563','1',6,2,1,'ไม่มี','ปกติ','ไม่ผุ','27','131','','2563-11-21 01:00:59','','','29','33','0','','5330400077483'),(247,4681,'1','2563','1',4,1,1,'ไม่มี','ปกติ','ไม่ผุ','21','118','','2563-11-26 08:47:11','','','27','21','3.5','5.3','3341501532229'),(248,4682,'2','2563','1',4,1,1,'ไม่มี','ปกติ','ไม่ผุ','22','121','','2563-11-26 09:00:05','','','25','17','5.5','5.2','3341501532229'),(249,4683,'3','2563','1',4,1,1,'ไม่มี','ปกติ','ไม่ผุ','16','119','','2563-11-26 09:08:59','','','14','30','7','6.2','3341501532229'),(250,4684,'4','2563','1',4,1,1,'ไม่มี','ปกติ','ไม่ผุ','25','129','','2563-11-26 09:10:26','','','25','21','1.5','4.5','3341501532229'),(251,4685,'5','2563','1',4,1,1,'ไม่มี','ปกติ','ไม่ผุ','19','129','','2563-11-26 09:12:32','','','15','22','1','6.2','3341501532229'),(252,4686,'6','2563','1',4,1,1,'ไม่มี','ปกติ','ไม่ผุ','36','124','','2563-11-26 09:14:52','','','20','18','1','6.2','3341501532229'),(253,4687,'7','2563','1',4,1,1,'ไม่มี','ปกติ','ไม่ผุ','18','113','','2563-11-26 09:16:08','','','20','27','5.2','4.4','3341501532229'),(254,4734,'8','2563','1',4,1,1,'ไม่มี','ปกติ','ไม่ผุ','19','111','','2563-11-26 09:17:22','','','20','32','7','5.5','3341501532229'),(255,4735,'9','2563','1',4,1,1,'ไม่มี','ปกติ','ไม่ผุ','23','119','','2563-11-26 09:18:29','','','20','16','20','18','3341501532229'),(256,4736,'10','2563','1',4,1,1,'ไม่มี','ปกติ','ไม่ผุ','16','110','','2563-11-26 09:19:22','','','20','20','5','5.3','3341501532229'),(257,4737,'11','2563','1',4,1,1,'ไม่มี','ปกติ','ไม่ผุ','19','115','','2563-11-26 09:20:02','','','21','20','1','5.8','3341501532229'),(258,4773,'12','2563','1',4,1,1,'ไม่มี','ปกติ','ไม่ผุ','25','127','มีโรคประจำตัว','2563-11-26 09:25:40','','','','','','','3341501532229'),(259,4696,'13','2563','1',4,1,1,'ไม่มี','ปกติ','ไม่ผุ','20','118','ขาดสอบ','2563-11-26 09:26:14','','','','','','','3341501532229'),(260,4697,'14','2563','1',4,1,1,'ไม่มี','ปกติ','ไม่ผุ','15','112','','2563-11-26 09:27:41','','','15','11','6.3','6.4','3341501532229'),(261,4698,'15','2563','1',4,1,1,'ไม่มี','ปกติ','ไม่ผุ','21','114','','2563-11-26 09:28:47','','','15','23','6.3','6.4','3341501532229'),(262,4699,'16','2563','1',4,1,1,'ไม่มี','ปกติ','ไม่ผุ','18','113','','2563-11-26 09:31:23','','','20','25','4','6.6','3341501532229'),(263,4700,'17','2563','1',4,1,1,'ไม่มี','ปกติ','ไม่ผุ','117','16.8','','2563-11-26 09:32:16','','','48','24','3.2','20','3341501532229'),(264,4701,'18','2563','1',4,1,1,'ไม่มี','ปกติ','ไม่ผุ','21','118','','2563-11-26 09:32:56','','','16','15','2.9','6.3','3341501532229'),(265,4738,'19','2563','1',4,1,1,'ไม่มี','ปกติ','ไม่ผุ','25','114','','2563-11-26 09:33:41','','','30','25','3.2','6.2','3341501532229'),(266,4739,'20','2563','1',4,1,1,'ไม่มี','ปกติ','ไม่ผุ','20','121','','2563-11-26 09:34:39','','','34','20','2.5','5.3','3341501532229'),(267,4741,'21','2563','1',4,1,1,'ไม่มี','ปกติ','ไม่ผุ','20','117','','2563-11-26 09:35:20','','','49','20','5.1','6.5','3341501532229'),(268,4742,'22','2563','1',4,1,1,'ไม่มี','ปกติ','ไม่ผุ','16','114','','2563-11-26 09:36:03','','','43','20','5.8','6.3','3341501532229'),(269,4743,'23','2563','1',4,1,1,'ไม่มี','ปกติ','ไม่ผุ','20','117','','2563-11-26 09:36:44','','','49','14','5.8','6.5','3341501532229'),(270,4770,'24','2563','1',4,1,1,'ไม่มี','ปกติ','ไม่ผุ','20','119','','2563-11-26 09:38:00','','','20','28','5','6.3','3341501532229'),(271,4792,'25','2563','1',4,1,1,'ไม่มี','ปกติ','ไม่ผุ','16','117','','2563-11-26 09:38:41','','','20','23','6.1','6.3','3341501532229'),(272,4493,'1','2564','2',9,1,1,'ไม่มี','ปกติ','ไม่ผุ','29','136','','2565-04-04 11:11:56','','','14','37','6','5.05','3349800181484'),(273,4494,'2','2564','2',9,1,1,'ไม่มี','ปกติ','ไม่ผุ','49','164','','2565-04-04 11:12:23','','','14','39','8','3.43','3349800181484'),(274,4495,'3','2564','2',9,1,1,'ไม่มี','ปกติ','ไม่ผุ','30','146','','2565-04-04 11:12:47','','','15','36','0','3.18','3349800181484'),(275,4496,'4','2564','2',9,1,1,'ไม่มี','ปกติ','ไม่ผุ','39','150','','2565-04-04 11:13:24','','','11','37','1.5','3.4','3349800181484'),(276,4497,'5','2564','2',9,1,1,'ไม่มี','ปกติ','ไม่ผุ','38','152','','2565-04-04 11:14:14','','','11','34','0','3.27','3349800181484'),(277,4508,'6','2564','2',9,1,1,'ไม่มี','ปกติ','ไม่ผุ','55','166','','2565-04-04 11:14:55','','','12','20','0','3.49','3349800181484'),(278,4509,'7','2564','2',9,1,1,'ไม่มี','ปกติ','ไม่ผุ','30','133','','2565-04-04 11:15:42','','','22','42','2','5.01','3349800181484'),(279,4510,'8','2564','2',9,1,1,'ไม่มี','ปกติ','ไม่ผุ','34','149','','2565-04-04 11:16:40','','','10','40','2','5.03','3349800181484'),(280,4511,'9','2564','2',9,1,1,'ไม่มี','ปกติ','ไม่ผุ','33','140','','2565-04-04 11:17:24','','','21','30','0','3.44','3349800181484'),(281,4624,'10','2564','2',9,1,1,'ไม่มี','ปกติ','ไม่ผุ','32','146','','2565-04-04 11:18:06','','','22','40','0','5.07','3349800181484'),(282,4625,'11','2564','2',9,1,1,'ไม่มี','ปกติ','ไม่ผุ','41','157','','2565-04-04 11:19:15','','','18','40','2','3.21','3349800181484'),(283,4785,'12','2564','2',9,1,1,'ไม่มี','ปกติ','ไม่ผุ','29','147','','2565-04-04 11:20:11','','','19','28','5','3.26','3349800181484'),(284,4824,'13','2564','2',9,1,1,'ไม่มี','ปกติ','ไม่ผุ','36','150','','2565-04-04 11:21:01','','','18','26','2','4.3','3349800181484'),(285,4499,'14','2564','2',9,1,1,'ไม่มี','ปกติ','ไม่ผุ','41','155','','2565-04-04 11:21:36','','','20','20','1','5.39','3349800181484'),(286,4500,'15','2564','2',9,1,1,'ไม่มี','ปกติ','ไม่ผุ','49','157','','2565-04-04 11:22:07','','','15','24','2','4.4','3349800181484'),(287,4501,'16','2564','2',9,1,1,'ไม่มี','ปกติ','ไม่ผุ','42','152','','2565-04-04 11:22:33','','','16','31','1','5.23','3349800181484'),(288,4502,'17','2564','2',9,1,1,'ไม่มี','ปกติ','ไม่ผุ','31','154','','2565-04-04 11:23:08','','','15','31','2','5.36','3349800181484'),(289,4504,'18','2564','2',9,1,1,'ไม่มี','ปกติ','ไม่ผุ','42','155','','2565-04-04 11:23:41','','','16','32','1','5.04','3349800181484'),(290,4505,'19','2564','2',9,1,1,'ไม่มี','ปกติ','ไม่ผุ','33','150','','2565-04-04 11:24:03','','','20','31','1','4.42','3349800181484'),(291,4506,'20','2564','2',9,1,1,'ไม่มี','ปกติ','ไม่ผุ','44','162','','2565-04-04 11:24:32','','','18','31','5','5.33','3349800181484'),(292,4512,'21','2564','2',9,1,1,'ไม่มี','ปกติ','ไม่ผุ','43','157','','2565-04-04 11:25:34','','','16','32','4','5.08','3349800181484'),(293,4514,'22','2564','2',9,1,1,'ไม่มี','ปกติ','ไม่ผุ','70','151','','2565-04-04 11:27:22','','','12','30','2','5.66','3349800181484'),(294,4515,'23','2564','2',9,1,1,'ไม่มี','ปกติ','ไม่ผุ','40','154','','2565-04-04 11:27:45','','','14','30','3','5.49','3349800181484'),(295,4516,'24','2564','2',9,1,1,'ไม่มี','ปกติ','ไม่ผุ','54','169','','2565-04-04 11:28:07','','','14','28','1','5.25','3349800181484'),(296,4517,'25','2564','2',9,1,1,'ไม่มี','ปกติ','ไม่ผุ','40','148','','2565-04-04 11:28:29','','','14','28','0','5.33','3349800181484'),(297,4518,'26','2564','2',9,1,1,'ไม่มี','ปกติ','ไม่ผุ','21','122','','2565-04-04 11:28:57','','','7','8','0','5.4','3349800181484'),(298,4519,'27','2564','2',9,1,1,'ไม่มี','ปกติ','ไม่ผุ','60','154','','2565-04-04 11:29:37','','','15','30','0','5.5','3349800181484'),(299,4626,'28','2564','2',9,1,1,'ไม่มี','ปกติ','ไม่ผุ','30','150','','2565-04-04 11:30:05','','','17','29','0','4.56','3349800181484'),(300,4688,'1','2564','2',5,2,1,'ไม่มี','ปกติ','ไม่ผุ','35','125','','2565-04-04 01:46:43','','','10','27','7','7.4','3340700912152'),(301,4689,'2','2564','2',5,2,1,'ไม่มี','ปกติ','ไม่ผุ','25','125','','2565-04-04 01:47:05','','','14','23','19','7.1','3340700912152'),(302,4690,'3','2564','2',5,2,1,'ไม่มี','ปกติ','ไม่ผุ','36','132','','2565-04-04 01:47:25','','','12','22','9','7.5','3340700912152'),(303,4691,'4','2564','2',5,2,1,'ไม่มี','ปกติ','ไม่ผุ','32','131','','2565-04-04 01:47:48','','','9','15','7','7.2','3340700912152'),(304,4692,'5','2564','2',5,2,1,'ไม่มี','ปกติ','ไม่ผุ','30','126','','2565-04-04 01:48:19','','','10','27','3.4','7.3','3340700912152'),(305,4693,'6','2564','2',5,2,1,'ไม่มี','ปกติ','ไม่ผุ','25','126','','2565-04-04 01:48:43','','','8','22','2','7.3','3340700912152'),(306,4694,'7','2564','2',5,2,1,'ไม่มี','ปกติ','ไม่ผุ','25','121','','2565-04-04 01:49:04','','','12','23','3','3.8','3340700912152'),(307,4695,'8','2564','2',5,2,1,'ไม่มี','ปกติ','ไม่ผุ','20','115','','2565-04-04 01:49:26','','','8','31','1','8.4','3340700912152'),(308,4745,'9','2564','2',5,2,1,'ไม่มี','ปกติ','ไม่ผุ','20','127','','2565-04-04 01:50:35','','','8','22','1.5','5.2','3340700912152'),(309,4826,'13','2564','2',5,2,1,'ไม่มี','ปกติ','ไม่ผุ','20','126','','2565-04-04 01:52:27','','','14','30','4','5.0','3340700912152'),(310,4746,'10','2564','2',5,2,1,'ไม่มี','ปกติ','ไม่ผุ','30','130','','2565-04-04 01:50:57','','','13','19','7','5.2','3340700912152'),(311,4744,'11','2564','2',5,2,1,'ไม่มี','ปกติ','ไม่ผุ','20','117','','2565-04-04 01:51:33','','','13','25','1','9.5','3340700912152'),(312,4761,'12','2564','2',5,2,1,'ไม่มี','ปกติ','ไม่ผุ','20','117','','2565-04-04 01:51:55','','','15','35','3.5','5.3','3340700912152'),(313,4862,'14','2564','2',5,2,1,'ไม่มี','ปกติ','ไม่ผุ','20','125','','2565-04-04 01:52:49','','','12','20','6','6.0','3340700912152'),(314,4703,'15','2564','2',5,2,1,'ไม่มี','ปกติ','ไม่ผุ','20','118','','2565-04-04 01:53:12','','','10','29','6','7.6','3340700912152'),(315,4704,'16','2564','2',5,2,1,'ไม่มี','ปกติ','ไม่ผุ','20','125','','2565-04-04 01:53:49','','','9','29','6','5.2','3340700912152'),(316,4705,'17','2564','2',5,2,1,'ไม่มี','ปกติ','ไม่ผุ','25','127','','2565-04-04 01:54:16','','','8','25','4','16','3340700912152'),(317,4706,'18','2564','2',5,2,1,'ไม่มี','ปกติ','ไม่ผุ','25','122','','2565-04-04 01:54:43','','','8','16','5','7.4','3340700912152'),(318,4707,'19','2564','2',5,2,1,'ไม่มี','ปกติ','ไม่ผุ','20','122','','2565-04-04 01:55:09','','','8','25','2','5.2','3340700912152'),(319,4747,'20','2564','2',5,2,1,'ไม่มี','ปกติ','ไม่ผุ','20','119','','2565-04-04 01:55:41','','','8','18','7','5.1','3340700912152'),(320,4748,'21','2564','2',5,2,1,'ไม่มี','ปกติ','ไม่ผุ','45','140','','2565-04-04 01:56:01','','','8','25','6','7.1','3340700912152'),(321,4750,'23','2564','2',5,2,1,'ไม่มี','ปกติ','ไม่ผุ','23','117','','2565-04-04 01:56:38','','','8','25','3','11','3340700912152'),(322,4749,'22','2564','2',5,2,1,'ไม่มี','ปกติ','ไม่ผุ','20','123','','2565-04-04 01:56:17','','','8','26','1','15','3340700912152'),(323,4772,'24','2564','2',5,2,1,'ไม่มี','ปกติ','ไม่ผุ','25','130','','2565-04-04 01:56:55','','','8','33','2.5','5.3','3340700912152'),(324,4830,'1','2564','2',2,1,1,'ไม่มี','ปกติ','ไม่ผุ','16','110','','2565-04-04 10:08:05','','','','','','','1341100196434'),(325,4532,'1','2564','2',8,1,1,'ไม่มี','ปกติ','ไม่ผุ','28','134','','2565-04-04 09:38:02','','','','','','','3341501429835'),(326,4533,'2','2564','2',8,1,1,'ไม่มี','ปกติ','ไม่ผุ','62','152','','2565-04-04 09:38:15','','','','','','','3341501429835'),(327,4534,'3','2564','2',8,1,1,'ไม่มี','ปกติ','ไม่ผุ','50','152','','2565-04-04 09:38:28','','','','','','','3341501429835'),(328,4539,'5','2564','2',8,1,1,'ไม่มี','ปกติ','ไม่ผุ','31','132','','2565-04-04 09:39:01','','','','','','','3341501429835'),(329,4535,'4','2564','2',8,1,1,'ไม่มี','ปกติ','ไม่ผุ','63','147','','2565-04-04 09:39:07','','','','','','','3341501429835'),(330,4550,'6','2564','2',8,1,1,'ไม่มี','ปกติ','ไม่ผุ','30','137','','2565-04-04 09:39:22','','','','','','','3341501429835'),(331,4551,'7','2564','2',8,1,1,'ไม่มี','ปกติ','ไม่ผุ','31','142','','2565-04-04 09:39:36','','','','','','','3341501429835'),(332,4552,'8','2564','2',8,1,1,'ไม่มี','ปกติ','ไม่ผุ','51','146','','2565-04-04 09:39:49','','','','','','','3341501429835'),(333,4553,'9','2564','2',8,1,1,'ไม่มี','ปกติ','ไม่ผุ','37','134','','2565-04-04 09:40:41','','','','','','','3341501429835'),(334,4555,'10','2564','2',8,1,1,'ไม่มี','ปกติ','ไม่ผุ','55','145','','2565-04-04 09:41:02','','','','','','','3341501429835'),(335,4554,'11','2564','2',8,1,1,'ไม่มี','ปกติ','ไม่ผุ','35','142','','2565-04-04 09:41:17','','','','','','','3341501429835'),(336,4556,'12','2564','2',8,1,1,'ไม่มี','ปกติ','ไม่ผุ','32','152','','2565-04-04 09:41:33','','','','','','','3341501429835'),(337,4557,'13','2564','2',8,1,1,'ไม่มี','ปกติ','ไม่ผุ','30','134','','2565-04-04 09:41:50','','','','','','','3341501429835'),(338,4644,'14','2564','2',8,1,1,'ไม่มี','ปกติ','ไม่ผุ','80','148','','2565-04-04 09:42:14','','','','','','','3341501429835'),(339,4645,'15','2564','2',8,1,1,'ไม่มี','ปกติ','ไม่ผุ','27','136','','2565-04-04 09:42:29','','','','','','','3341501429835'),(340,4640,'16','2564','2',8,1,1,'ไม่มี','ปกติ','ไม่ผุ','27','133','','2565-04-04 09:42:42','','','','','','','3341501429835'),(341,4710,'17','2564','2',8,1,1,'ไม่มี','ปกติ','ไม่ผุ','27','137','','2565-04-04 09:42:59','','','','','','','3341501429835'),(342,4863,'18','2564','2',8,1,1,'ไม่มี','ปกติ','ไม่ผุ','46','136','','2565-04-04 09:43:15','','','','','','','3341501429835'),(343,4548,'19','2564','2',8,1,1,'ไม่มี','ปกติ','ไม่ผุ','37','147','','2565-04-04 09:43:30','','','','','','','3341501429835'),(344,4549,'20','2564','2',8,1,1,'ไม่มี','ปกติ','ไม่ผุ','35','153','','2565-04-04 09:43:47','','','','','','','3341501429835'),(345,4541,'21','2564','2',8,1,1,'ไม่มี','ปกติ','ไม่ผุ','28','138','','2565-04-04 09:44:16','','','','','','','3341501429835'),(346,4545,'22','2564','2',8,1,1,'ไม่มี','ปกติ','ไม่ผุ','32','132','','2565-04-04 09:44:28','','','','','','','3341501429835'),(347,4542,'23','2564','2',8,1,1,'ไม่มี','ปกติ','ไม่ผุ','56','151','','2565-04-04 09:44:47','','','','','','','3341501429835'),(348,4543,'24','2564','2',8,1,1,'ไม่มี','ปกติ','ไม่ผุ','31','138','','2565-04-04 09:45:25','','','','','','','3341501429835'),(349,4544,'25','2564','2',8,1,1,'ไม่มี','ปกติ','ไม่ผุ','29','140','','2565-04-04 09:59:51','','','','','','','3341501429835'),(350,4831,'2','2564','2',2,1,1,'ไม่มี','ปกติ','ไม่ผุ','19','113','','2565-04-04 10:12:04','','','','','','','1341100196434'),(351,4832,'3','2564','2',2,1,1,'ไม่มี','ปกติ','ไม่ผุ','15','117','','2565-04-04 10:12:23','','','','','','','1341100196434'),(352,4833,'4','2564','2',2,1,1,'ไม่มี','ปกติ','ไม่ผุ','18','110','','2565-04-04 10:12:40','','','','','','','1341100196434'),(353,4834,'5','2564','2',2,1,1,'ไม่มี','ปกติ','ไม่ผุ','20','113','','2565-04-04 10:12:58','','','','','','','1341100196434'),(354,4835,'6','2564','2',2,1,1,'ไม่มี','ปกติ','ไม่ผุ','17','113','','2565-04-04 10:13:16','','','','','','','1341100196434'),(355,4838,'9','2564','2',2,1,1,'ไม่มี','ปกติ','ไม่ผุ','18','110','','2565-04-04 10:13:46','','','','','','','1341100196434'),(356,4836,'7','2564','2',2,1,1,'ไม่มี','ปกติ','ไม่ผุ','22','112','','2565-04-04 10:14:03','','','','','','','1341100196434'),(357,4837,'8','2564','2',2,1,1,'ไม่มี','ปกติ','ไม่ผุ','19','110','','2565-04-04 10:14:14','','','','','','','1341100196434'),(358,4840,'10','2564','2',2,1,1,'ไม่มี','ปกติ','ไม่ผุ','16','116','','2565-04-04 10:14:26','','','','','','','1341100196434'),(359,4843,'11','2564','2',2,1,1,'ไม่มี','ปกติ','ไม่ผุ','19','115','','2565-04-04 10:14:40','','','','','','','1341100196434'),(360,4844,'12','2564','2',2,1,1,'ไม่มี','ปกติ','ไม่ผุ','18','114','','2565-04-04 10:14:52','','','','','','','1341100196434'),(361,4419,'1','2564','2',11,2,1,'ไม่มี','ปกติ','ไม่ผุ','50','159','','2565-04-04 11:35:25','','','12','36','1','6','3349900736445'),(362,4418,'2','2564','2',11,2,1,'ไม่มี','ปกติ','ไม่ผุ','37','162','','2565-04-04 11:35:05','','','28','29','3','6.8','3349900736445'),(363,4428,'3','2564','2',11,2,1,'ไม่มี','ปกติ','ไม่ผุ','33','145','','2565-04-04 11:36:08','','','12','33','1','9.5','3349900736445'),(364,4839,'13','2564','2',2,1,1,'ไม่มี','ปกติ','ไม่ผุ','12','109','','2565-04-04 10:15:45','','','','','','','1341100196434'),(365,4429,'4','2564','2',11,2,1,'ไม่มี','ปกติ','ไม่ผุ','55','170','','2565-04-04 11:36:37','','','23','44','9','6.3','3349900736445'),(366,4841,'14','2564','2',2,1,1,'ไม่มี','ปกติ','ไม่ผุ','22','117','','2565-04-04 10:15:58','','','','','','','1341100196434'),(367,4421,'5','2564','2',11,2,1,'ไม่มี','ปกติ','ไม่ผุ','40','152','','2565-04-04 11:37:02','','','20','40','1.5','0','3349900736445'),(368,4423,'6','2564','2',11,2,1,'ไม่มี','ปกติ','ไม่ผุ','41','159','','2565-04-04 11:37:22','','','25','39','2.5','7.3','3349900736445'),(369,4426,'7','2564','2',11,2,1,'ไม่มี','ปกติ','ไม่ผุ','43','151','','2565-04-04 11:37:45','','','24','38','6','9.5','3349900736445'),(370,4842,'15','2564','2',2,1,1,'ไม่มี','ปกติ','ไม่ผุ','17','113','','2565-04-04 10:16:43','','','','','','','1341100196434'),(371,4845,'16','2564','2',2,1,1,'ไม่มี','ปกติ','ไม่ผุ','15','108','','2565-04-04 10:16:56','','','','','','','1341100196434'),(372,4846,'17','2564','2',2,1,1,'ไม่มี','ปกติ','ไม่ผุ','14','117','','2565-04-04 10:17:14','','','','','','','1341100196434'),(373,4847,'18','2564','2',2,1,1,'ไม่มี','ปกติ','ไม่ผุ','14','107','','2565-04-04 10:17:27','','','','','','','1341100196434'),(374,4848,'19','2564','2',2,1,1,'ไม่มี','ปกติ','ไม่ผุ','15','113','','2565-04-04 10:17:41','','','','','','','1341100196434'),(375,4859,'30','2564','2',2,1,1,'ไม่มี','ปกติ','ไม่ผุ','15','108','','2565-04-04 10:17:54','','','','','','','1341100196434'),(376,4851,'29','2564','2',2,1,1,'ไม่มี','ปกติ','ไม่ผุ','16','108','','2565-04-04 10:18:11','','','','','','','1341100196434'),(377,4425,'8','2564','2',11,2,1,'ไม่มี','ปกติ','ไม่ผุ','50','164','','2565-04-04 11:38:05','','','15','31','3','10','3349900736445'),(378,4858,'28','2564','2',2,1,1,'ไม่มี','ปกติ','ไม่ผุ','16','112','','2565-04-04 10:18:27','','','','','','','1341100196434'),(379,4427,'9','2564','2',11,2,1,'ไม่มี','ปกติ','ไม่ผุ','54','173','','2565-04-04 11:38:33','','','25','39','0','8.2','3349900736445'),(380,4849,'20','2564','2',2,1,1,'ไม่มี','ปกติ','ไม่ผุ','16','106','','2565-04-04 10:18:53','','','','','','','1341100196434'),(381,4765,'10','2564','2',11,2,1,'ไม่มี','ปกติ','ไม่ผุ','54','160','','2565-04-04 11:38:54','','','15','30','3','7.3','3349900736445'),(382,4850,'21','2564','2',2,1,1,'ไม่มี','ปกติ','ไม่ผุ','18','107','','2565-04-04 10:19:09','','','','','','','1341100196434'),(383,4422,'11','2564','2',11,2,1,'ไม่มี','ปกติ','ไม่ผุ','42','161','','2565-04-04 11:39:33','','','18','39','3','7.3','3349900736445'),(384,4576,'12','2564','2',11,2,1,'ไม่มี','ปกติ','ไม่ผุ','50','160','','2565-04-04 11:40:02','','','20','47','14','7.3','3349900736445'),(385,4852,'22','2564','2',2,1,1,'ไม่มี','ปกติ','ไม่ผุ','18','116','','2565-04-04 10:19:34','','','','','','','1341100196434'),(386,4434,'13','2564','2',11,2,1,'ไม่มี','ปกติ','ไม่ผุ','50','167','','2565-04-04 11:40:29','','','19','29','12.5','18','3349900736445'),(387,4853,'23','2564','2',2,1,1,'ไม่มี','ปกติ','ไม่ผุ','17','106','','2565-04-04 10:19:51','','','','','','','1341100196434'),(388,4435,'14','2564','2',11,2,1,'ไม่มี','ปกติ','ไม่ผุ','39','162','','2565-04-04 11:40:53','','','15','24','2','19','3349900736445'),(389,4854,'24','2564','2',2,1,1,'ไม่มี','ปกติ','ไม่ผุ','15','115','','2565-04-04 10:20:03','','','','','','','1341100196434'),(390,4436,'15','2564','2',11,2,1,'ไม่มี','ปกติ','ไม่ผุ','51','162','','2565-04-04 11:41:17','','','19','29','5','18','3349900736445'),(391,4855,'25','2564','2',2,1,1,'ไม่มี','ปกติ','ไม่ผุ','15','104','','2565-04-04 10:20:18','','','','','','','1341100196434'),(392,4856,'26','2564','2',2,1,1,'ไม่มี','ปกติ','ไม่ผุ','17','105','','2565-04-04 10:20:36','','','','','','','1341100196434'),(393,4857,'27','2564','2',2,1,1,'ไม่มี','ปกติ','ไม่ผุ','15','111','','2565-04-04 10:20:49','','','','','','','1341100196434'),(394,4431,'16','2564','2',11,2,1,'ไม่มี','ปกติ','ไม่ผุ','35','151','','2565-04-04 11:42:09','','','13','34','6','11','3349900736445'),(395,4437,'17','2564','2',11,2,1,'ไม่มี','ปกติ','ไม่ผุ','55','157','','2565-04-04 11:42:28','','','10','21','9','22','3349900736445'),(396,4432,'18','2564','2',11,2,1,'ไม่มี','ปกติ','ไม่ผุ','49','154','','2565-04-04 11:42:51','','','10','21','11','11','3349900736445'),(397,4438,'19','2564','2',11,2,1,'ไม่มี','ปกติ','ไม่ผุ','54','158','','2565-04-04 11:43:24','','','8','28','2','18','3349900736445'),(398,4440,'20','2564','2',11,2,1,'ไม่มี','ปกติ','ไม่ผุ','38','152','','2565-04-04 11:44:07','','','19','26','13.5','17','3349900736445'),(399,4442,'21','2564','2',11,2,1,'ไม่มี','ปกติ','ไม่ผุ','43','160','','2565-04-04 11:44:37','','','19','20','5','18','3349900736445'),(400,4444,'22','2564','2',11,2,1,'ไม่มี','ปกติ','ไม่ผุ','39','152','','2565-04-04 11:44:58','','','15','23','8.5','19','3349900736445'),(401,4441,'23','2564','2',11,2,1,'ไม่มี','ปกติ','ไม่ผุ','30','140','','2565-04-04 11:45:18','','','15','35','8.5','16','3349900736445'),(402,4758,'24','2564','2',11,2,1,'ไม่มี','ปกติ','ไม่ผุ','42','151','','2565-04-04 11:45:44','','','18','35','7.5','17','3349900736445'),(403,4445,'25','2564','2',11,2,1,'ไม่มี','ปกติ','ไม่ผุ','47','153','','2565-04-04 11:46:03','','','19','23','3','16','3349900736445'),(404,4430,'26','2564','2',11,2,1,'ไม่มี','ปกติ','ไม่ผุ','45','155','','2565-04-04 11:46:41','','','18','38','10','10','3349900736445'),(405,4830,'1','2564','2',2,1,2,'ไม่มี','ปกติ','ไม่ผุ','17','111','','2565-04-04 10:29:25','','','','','','','1341100196434'),(406,4831,'2','2564','2',2,1,2,'ไม่มี','ปกติ','ไม่ผุ','19','113','','2565-04-04 10:29:33','','','','','','','1341100196434'),(407,4832,'3','2564','2',2,1,2,'ไม่มี','ปกติ','ไม่ผุ','14','117','','2565-04-04 10:30:04','','','','','','','1341100196434'),(408,4833,'4','2564','2',2,1,2,'ไม่มี','ปกติ','ไม่ผุ','18','110','','2565-04-04 10:30:16','','','','','','','1341100196434'),(409,4859,'30','2564','2',2,1,2,'ไม่มี','ปกติ','ไม่ผุ','16','108','','2565-04-04 10:30:32','','','','','','','1341100196434'),(410,4834,'5','2564','2',2,1,2,'ไม่มี','ปกติ','ไม่ผุ','18','113','','2565-04-04 10:31:23','','','','','','','1341100196434'),(411,4835,'6','2564','2',2,1,2,'ไม่มี','ปกติ','ไม่ผุ','16','111','','2565-04-04 10:31:41','','','','','','','1341100196434'),(412,4836,'7','2564','2',2,1,2,'ไม่มี','ปกติ','ไม่ผุ','22','112','','2565-04-04 10:31:54','','','','','','','1341100196434'),(413,4837,'8','2564','2',2,1,2,'ไม่มี','ปกติ','ไม่ผุ','19','111','','2565-04-04 10:32:09','','','','','','','1341100196434'),(414,4838,'9','2564','2',2,1,2,'ไม่มี','ปกติ','ไม่ผุ','18','110','','2565-04-04 10:32:24','','','','','','','1341100196434'),(415,4840,'10','2564','2',2,1,2,'ไม่มี','ปกติ','ไม่ผุ','16','116','','2565-04-04 10:32:40','','','','','','','1341100196434'),(416,4430,'26','2564','2',11,2,2,'ไม่มี','ปกติ','ไม่ผุ','45','155','','2565-04-04 11:59:37','','','18','38','10','10','3349900736445'),(417,4843,'11','2564','2',2,1,2,'ไม่มี','ปกติ','ไม่ผุ','19','115','','2565-04-04 10:32:52','','','','','','','1341100196434'),(418,4445,'25','2564','2',11,2,2,'ไม่มี','ปกติ','ไม่ผุ','47','153','','2565-04-04 11:59:20','','','19','23','3','16','3349900736445'),(419,4758,'24','2564','2',11,2,2,'ไม่มี','ปกติ','ไม่ผุ','42','151','','2565-04-04 11:58:59','','','18','35','7.5','17','3349900736445'),(420,4844,'12','2564','2',2,1,2,'ไม่มี','ปกติ','ไม่ผุ','18','114','','2565-04-04 10:33:10','','','','','','','1341100196434'),(421,4441,'23','2564','2',11,2,2,'ไม่มี','ปกติ','ไม่ผุ','30','140','','2565-04-04 11:58:44','','','15','35','8.5','16','3349900736445'),(422,4839,'13','2564','2',2,1,2,'ไม่มี','ปกติ','ไม่ผุ','14','112','','2565-04-04 10:33:27','','','','','','','1341100196434'),(423,4444,'22','2564','2',11,2,2,'ไม่มี','ปกติ','ไม่ผุ','39','152','','2565-04-04 11:58:27','','','15','23','8.5','19','3349900736445'),(424,4841,'14','2564','2',2,1,2,'ไม่มี','ปกติ','ไม่ผุ','22','119','','2565-04-04 10:33:40','','','','','','','1341100196434'),(425,4442,'21','2564','2',11,2,2,'ไม่มี','ปกติ','ไม่ผุ','43','160','','2565-04-04 11:58:14','','','19','20','5','18','3349900736445'),(426,4440,'20','2564','2',11,2,2,'ไม่มี','ปกติ','ไม่ผุ','38','152','','2565-04-04 11:57:58','','','19','26','13.5','17','3349900736445'),(427,4842,'15','2564','2',2,1,2,'ไม่มี','ปกติ','ไม่ผุ','15','114','','2565-04-04 10:34:02','','','','','','','1341100196434'),(428,4438,'19','2564','2',11,2,2,'ไม่มี','ปกติ','ไม่ผุ','54','158','','2565-04-04 11:57:40','','','8','28','2','18','3349900736445'),(429,4432,'18','2564','2',11,2,2,'ไม่มี','ปกติ','ไม่ผุ','49','154','','2565-04-04 11:57:20','','','10','21','11','11','3349900736445'),(430,4845,'16','2564','2',2,1,2,'ไม่มี','ปกติ','ไม่ผุ','17','110','','2565-04-04 10:34:23','','','','','','','1341100196434'),(431,4437,'17','2564','2',11,2,2,'ไม่มี','ปกติ','ไม่ผุ','55','157','','2565-04-04 11:57:02','','','10','21','9','22','3349900736445'),(432,4846,'17','2564','2',2,1,2,'ไม่มี','ปกติ','ไม่ผุ','22','117','','2565-04-04 10:34:35','','','','','','','1341100196434'),(433,4847,'18','2564','2',2,1,2,'ไม่มี','ปกติ','ไม่ผุ','15','111','','2565-04-04 10:34:51','','','','','','','1341100196434'),(434,4431,'16','2564','2',11,2,2,'ไม่มี','ปกติ','ไม่ผุ','35','151','','2565-04-04 11:56:48','','','13','34','6','11','3349900736445'),(435,4848,'19','2564','2',2,1,2,'ไม่มี','ปกติ','ไม่ผุ','16','113','','2565-04-04 10:35:01','','','','','','','1341100196434'),(436,4436,'15','2564','2',11,2,2,'ไม่มี','ปกติ','ไม่ผุ','51','162','','2565-04-04 11:56:33','','','19','29','5','18','3349900736445'),(437,4849,'20','2564','2',2,1,2,'ไม่มี','ปกติ','ไม่ผุ','18','104','','2565-04-04 10:35:14','','','','','','','1341100196434'),(438,4435,'14','2564','2',11,2,2,'ไม่มี','ปกติ','ไม่ผุ','39','151','','2565-04-04 11:56:16','','','15','24','2','19','3349900736445'),(439,4850,'21','2564','2',2,1,2,'ไม่มี','ปกติ','ไม่ผุ','18','108','','2565-04-04 10:35:29','','','','','','','1341100196434'),(440,4434,'13','2564','2',11,2,2,'ไม่มี','ปกติ','ไม่ผุ','50','167','','2565-04-04 11:55:59','','','19','29','12.5','18','3349900736445'),(441,4576,'12','2564','2',11,2,2,'ไม่มี','ปกติ','ไม่ผุ','49','160','','2565-04-04 11:55:40','','','20','47','14','7.3','3349900736445'),(442,4851,'29','2564','2',2,1,2,'ไม่มี','ปกติ','ไม่ผุ','18','108','','2565-04-04 10:35:43','','','','','','','1341100196434'),(443,4858,'28','2564','2',2,1,2,'ไม่มี','ปกติ','ไม่ผุ','18','112','','2565-04-04 10:35:57','','','','','','','1341100196434'),(444,4422,'11','2564','2',11,2,2,'ไม่มี','ปกติ','ไม่ผุ','42','161','','2565-04-04 11:52:14','','','18','39','3','7.3','3349900736445'),(445,4765,'10','2564','2',11,2,2,'ไม่มี','ปกติ','ไม่ผุ','54','160','','2565-04-04 11:52:00','','','15','30','3','7.3','3349900736445'),(446,4857,'27','2564','2',2,1,2,'ไม่มี','ปกติ','ไม่ผุ','15','111','','2565-04-04 10:36:09','','','','','','','1341100196434'),(447,4427,'9','2564','2',11,2,2,'ไม่มี','ปกติ','ไม่ผุ','52','151','','2565-04-04 11:51:47','','','25','39','0','8.2','3349900736445'),(448,4425,'8','2564','2',11,2,2,'ไม่มี','ปกติ','ไม่ผุ','50','164','','2565-04-04 11:51:31','','','15','31','3','10','3349900736445'),(449,4426,'7','2564','2',11,2,2,'ไม่มี','ปกติ','ไม่ผุ','43','151','','2565-04-04 11:51:16','','','24','38','6','9.5','3349900736445'),(450,4423,'6','2564','2',11,2,2,'ไม่มี','ปกติ','ไม่ผุ','41','159','','2565-04-04 11:50:58','','','25','39','2.5','7.3','3349900736445'),(451,4856,'26','2564','2',2,1,2,'ไม่มี','ปกติ','ไม่ผุ','18','105','','2565-04-04 10:37:04','','','','','','','1341100196434'),(452,4421,'5','2564','2',11,2,2,'ไม่มี','ปกติ','ไม่ผุ','40','152','','2565-04-04 11:50:41','','','20','40','1.5','0','3349900736445'),(453,4429,'4','2564','2',11,2,2,'ไม่มี','ปกติ','ไม่ผุ','55','170','','2565-04-04 11:50:25','','','23','44','9','6.3','3349900736445'),(454,4855,'25','2564','2',2,1,2,'ไม่มี','ปกติ','ไม่ผุ','15','104','','2565-04-04 10:37:21','','','','','','','1341100196434'),(455,4428,'3','2564','2',11,2,2,'ไม่มี','ปกติ','ไม่ผุ','33','148','','2565-04-04 11:50:13','','','12','33','1','9.5','3349900736445'),(456,4418,'2','2564','2',11,2,2,'ไม่มี','ปกติ','ไม่ผุ','37','162','','2565-04-04 11:57:22','','','28','29','3','6.8','3349900736445'),(457,4419,'1','2564','2',11,2,2,'ไม่มี','ปกติ','ไม่ผุ','50','159','','2565-04-04 11:49:33','','','12','36','1','6','3349900736445'),(458,4854,'24','2564','2',2,1,2,'ไม่มี','ปกติ','ไม่ผุ','15','115','','2565-04-04 10:38:02','','','','','','','1341100196434'),(459,4547,'26','2564','2',8,1,1,'ไม่มี','ปกติ','ไม่ผุ','30','143','','2565-04-04 10:38:27','','','','','','','3341501429835'),(460,4853,'23','2564','2',2,1,2,'ไม่มี','ปกติ','ไม่ผุ','17','113','','2565-04-04 10:38:30','','','','','','','1341100196434'),(461,4852,'22','2564','2',2,1,2,'ไม่มี','ปกติ','ไม่ผุ','19','116','','2565-04-04 10:38:43','','','','','','','1341100196434'),(462,4558,'27','2564','2',8,1,1,'ไม่มี','ปกติ','ไม่ผุ','37','146','','2565-04-04 10:38:52','','','','','','','3341501429835'),(463,4559,'28','2564','2',8,1,1,'ไม่มี','ปกติ','ไม่ผุ','36','144','','2565-04-04 10:39:18','','','','','','','3341501429835'),(464,4561,'29','2564','2',8,1,1,'ไม่มี','ปกติ','ไม่ผุ','32','137','','2565-04-04 10:39:35','','','','','','','3341501429835'),(465,4562,'30','2564','2',8,1,1,'ไม่มี','ปกติ','ไม่ผุ','31','145','','2565-04-04 10:39:50','','','','','','','3341501429835'),(466,4564,'31','2564','2',8,1,1,'ไม่มี','ปกติ','ไม่ผุ','47','151','','2565-04-04 10:40:09','','','','','','','3341501429835'),(467,4565,'32','2564','2',8,1,1,'ไม่มี','ปกติ','ไม่ผุ','32','143','','2565-04-04 10:40:24','','','','','','','3341501429835'),(468,4563,'33','2564','2',8,1,1,'ไม่มี','ปกติ','ไม่ผุ','35','145','','2565-04-04 10:40:39','','','','','','','3341501429835'),(469,4566,'34','2564','2',8,1,1,'ไม่มี','ปกติ','ไม่ผุ','31','145','','2565-04-04 10:40:58','','','','','','','3341501429835'),(470,4580,'35','2564','2',8,1,1,'ไม่มี','ปกติ','ไม่ผุ','28','141','','2565-04-04 10:41:13','','','','','','','3341501429835'),(471,4712,'36','2564','2',8,1,1,'ไม่มี','ปกติ','ไม่ผุ','45','155','','2565-04-04 10:41:36','','','','','','','3341501429835'),(472,4795,'1','2564','2',3,1,1,'ไม่มี','ปกติ','ไม่ผุ','22','119','','2565-04-04 10:41:43','','','','','','','1341500231954'),(473,4766,'37','2564','2',8,1,1,'ไม่มี','ปกติ','ไม่ผุ','47','153','','2565-04-04 10:41:53','','','','','','','3341501429835'),(474,4796,'2','2564','2',3,1,1,'ไม่มี','ปกติ','ไม่ผุ','21','111','','2565-04-04 10:41:54','','','','','','','1341500231954'),(475,4797,'3','2564','2',3,1,1,'ไม่มี','ปกติ','ไม่ผุ','17','107','','2565-04-04 10:42:02','','','','','','','1341500231954'),(476,4798,'4','2564','2',3,1,1,'ไม่มี','ปกติ','ไม่ผุ','17','108','','2565-04-04 10:42:14','','','','','','','1341500231954'),(477,4794,'38','2564','2',8,1,1,'ไม่มี','ปกติ','ไม่ผุ','62','148','','2565-04-04 10:42:27','','','','','','','3341501429835'),(478,4799,'5','2564','2',3,1,1,'ไม่มี','ปกติ','ไม่ผุ','22','117','','2565-04-04 10:42:32','','','','','','','1341500231954'),(479,4800,'6','2564','2',3,1,1,'ไม่มี','ปกติ','ไม่ผุ','35','118','','2565-04-04 10:42:42','','','','','','','1341500231954'),(480,4801,'7','2564','2',3,1,1,'ไม่มี','ปกติ','ไม่ผุ','18','109','','2565-04-04 10:43:00','','','','','','','1341500231954'),(481,4802,'8','2564','2',3,1,1,'ไม่มี','ปกติ','ไม่ผุ','20','110','','2565-04-04 10:43:17','','','','','','','1341500231954'),(482,4803,'9','2564','2',3,1,1,'ไม่มี','ปกติ','ไม่ผุ','21','112','','2565-04-04 10:43:28','','','','','','','1341500231954'),(483,4804,'10','2564','2',3,1,1,'ไม่มี','ปกติ','ไม่ผุ','20','106','','2565-04-04 10:43:41','','','','','','','1341500231954'),(484,4805,'11','2564','2',3,1,1,'ไม่มี','ปกติ','ไม่ผุ','17','108','','2565-04-04 10:43:53','','','','','','','1341500231954'),(485,4806,'12','2564','2',3,1,1,'ไม่มี','ปกติ','ไม่ผุ','16','107','','2565-04-04 10:44:03','','','','','','','1341500231954'),(486,4807,'13','2564','2',3,1,1,'ไม่มี','ปกติ','ไม่ผุ','17','107','','2565-04-04 10:44:16','','','','','','','1341500231954'),(487,4808,'14','2564','2',3,1,1,'ไม่มี','ปกติ','ไม่ผุ','19','106','','2565-04-04 10:44:29','','','','','','','1341500231954'),(488,4810,'15','2564','2',3,1,1,'ไม่มี','ปกติ','ไม่ผุ','17','109','','2565-04-04 10:44:39','','','','','','','1341500231954'),(489,4829,'16','2564','2',3,1,1,'ไม่มี','ปกติ','ไม่ผุ','18','110','','2565-04-04 10:44:52','','','','','','','1341500231954'),(490,4823,'29','2564','2',3,1,1,'ไม่มี','ปกติ','ไม่ผุ','28','116','','2565-04-04 10:45:04','','','','','','','1341500231954'),(491,4822,'28','2564','2',3,1,1,'ไม่มี','ปกติ','ไม่ผุ','16','104','','2565-04-04 10:45:20','','','','','','','1341500231954'),(492,4821,'27','2564','2',3,1,1,'ไม่มี','ปกติ','ไม่ผุ','17','103','','2565-04-04 10:45:32','','','','','','','1341500231954'),(493,4815,'26','2564','2',3,1,1,'ไม่มี','ปกติ','ไม่ผุ','19','113','','2565-04-04 10:46:03','','','','','','','1341500231954'),(494,4811,'17','2564','2',3,1,1,'ไม่มี','ปกติ','ไม่ผุ','15','107','','2565-04-04 10:46:19','','','','','','','1341500231954'),(495,4812,'18','2564','2',3,1,1,'ไม่มี','ปกติ','ไม่ผุ','34','114','','2565-04-04 10:47:19','','','','','','','1341500231954'),(496,4813,'19','2564','2',3,1,1,'ไม่มี','ปกติ','ไม่ผุ','25','115','','2565-04-04 10:47:40','','','','','','','1341500231954'),(497,4814,'20','2564','2',3,1,1,'ไม่มี','ปกติ','ไม่ผุ','17','107','','2565-04-04 10:58:08','','','','','','','1341500231954'),(498,4816,'21','2564','2',3,1,1,'ไม่มี','ปกติ','ไม่ผุ','20','111','','2565-04-04 10:48:04','','','','','','','1341500231954'),(499,4817,'22','2564','2',3,1,1,'ไม่มี','ปกติ','ไม่ผุ','16','104','','2565-04-04 10:48:16','','','','','','','1341500231954'),(500,4818,'23','2564','2',3,1,1,'ไม่มี','ปกติ','ไม่ผุ','22','110','','2565-04-04 10:48:40','','','','','','','1341500231954'),(501,4584,'1','2564','2',7,1,1,'ไม่มี','ปกติ','ไม่ผุ','25','130','','2565-04-04 11:12:05','','','16','19','0','5.1','3349800248872'),(502,4819,'24','2564','2',3,1,1,'ไม่มี','ปกติ','ไม่ผุ','20','110','','2565-04-04 10:48:53','','','','','','','1341500231954'),(503,4582,'2','2564','2',7,1,1,'ไม่มี','ปกติ','ไม่ผุ','35','135','','2565-04-04 11:11:59','','','16','15','3','5.3','3349800248872'),(504,4820,'25','2564','2',3,1,1,'ไม่มี','ปกติ','ไม่ผุ','22','112','','2565-04-04 10:49:05','','','','','','','1341500231954'),(505,4795,'1','2564','2',3,1,2,'ไม่มี','ปกติ','ไม่ผุ','22','122','','2565-04-04 10:50:08','','','','','','','1341500231954'),(506,4796,'2','2564','2',3,1,2,'ไม่มี','ปกติ','ไม่ผุ','20','114','','2565-04-04 10:50:17','','','','','','','1341500231954'),(507,4797,'3','2564','2',3,1,2,'ไม่มี','ปกติ','ไม่ผุ','17','109','','2565-04-04 10:50:35','','','','','','','1341500231954'),(508,4798,'4','2564','2',3,1,2,'ไม่มี','ปกติ','ไม่ผุ','18','109','','2565-04-04 10:50:49','','','','','','','1341500231954'),(509,4799,'5','2564','2',3,1,2,'ไม่มี','ปกติ','ไม่ผุ','22','123','','2565-04-04 10:51:01','','','','','','','1341500231954'),(510,4800,'6','2564','2',3,1,2,'ไม่มี','ปกติ','ไม่ผุ','38','119','','2565-04-04 10:51:40','','','','','','','1341500231954'),(511,4801,'7','2564','2',3,1,2,'ไม่มี','ปกติ','ไม่ผุ','18','110','','2565-04-04 10:51:51','','','','','','','1341500231954'),(512,4802,'8','2564','2',3,1,2,'ไม่มี','ปกติ','ไม่ผุ','20','113','','2565-04-04 10:52:15','','','','','','','1341500231954'),(513,4803,'9','2564','2',3,1,2,'ไม่มี','ปกติ','ไม่ผุ','21','115','','2565-04-04 10:52:29','','','','','','','1341500231954'),(514,4804,'10','2564','2',3,1,2,'ไม่มี','ปกติ','ไม่ผุ','21','112','','2565-04-04 10:52:42','','','','','','','1341500231954'),(515,4805,'11','2564','2',3,1,2,'ไม่มี','ปกติ','ไม่ผุ','18','110','','2565-04-04 10:52:50','','','','','','','1341500231954'),(516,4806,'12','2564','2',3,1,2,'ไม่มี','ปกติ','ไม่ผุ','17','109','','2565-04-04 10:53:13','','','','','','','1341500231954'),(517,4807,'13','2564','2',3,1,2,'ไม่มี','ปกติ','ไม่ผุ','18','109','','2565-04-04 10:53:25','','','','','','','1341500231954'),(518,4808,'14','2564','2',3,1,2,'ไม่มี','ปกติ','ไม่ผุ','18','109','','2565-04-04 10:53:35','','','','','','','1341500231954'),(519,4810,'15','2564','2',3,1,2,'ไม่มี','ปกติ','ไม่ผุ','18','110','','2565-04-04 10:53:42','','','','','','','1341500231954'),(520,4829,'16','2564','2',3,1,2,'ไม่มี','ปกติ','ไม่ผุ','19','113','','2565-04-04 10:53:55','','','','','','','1341500231954'),(521,4811,'17','2564','2',3,1,2,'ไม่มี','ปกติ','ไม่ผุ','18','109','','2565-04-04 10:54:14','','','','','','','1341500231954'),(522,4812,'18','2564','2',3,1,2,'ไม่มี','ปกติ','ไม่ผุ','30','115','','2565-04-04 10:54:32','','','','','','','1341500231954'),(523,4813,'19','2564','2',3,1,2,'ไม่มี','ปกติ','ไม่ผุ','25','118','','2565-04-04 10:54:48','','','','','','','1341500231954'),(524,4814,'20','2564','2',3,1,2,'ไม่มี','ปกติ','ไม่ผุ','19','109','','2565-04-04 10:55:02','','','','','','','1341500231954'),(525,4816,'21','2564','2',3,1,2,'ไม่มี','ปกติ','ไม่ผุ','22','113','','2565-04-04 10:55:15','','','','','','','1341500231954'),(526,4817,'22','2564','2',3,1,2,'ไม่มี','ปกติ','ไม่ผุ','18','109','','2565-04-04 10:55:23','','','','','','','1341500231954'),(527,4818,'23','2564','2',3,1,2,'ไม่มี','ปกติ','ไม่ผุ','24','112','','2565-04-04 10:55:41','','','','','','','1341500231954'),(528,4330,'1','2564','2',12,1,1,'ไม่มี','ปกติ','ไม่ผุ','38','157','','2565-04-04 10:57:12','','','10','34','7','8.2','3349900668369'),(529,4819,'24','2564','2',3,1,2,'ไม่มี','ปกติ','ไม่ผุ','19','112','','2565-04-04 10:55:54','','','','','','','1341500231954'),(530,4820,'25','2564','2',3,1,2,'ไม่มี','ปกติ','ไม่ผุ','22','113','','2565-04-04 10:56:07','','','','','','','1341500231954'),(531,4815,'26','2564','2',3,1,2,'ไม่มี','ปกติ','ไม่ผุ','21','115','','2565-04-04 10:56:26','','','','','','','1341500231954'),(532,4821,'27','2564','2',3,1,2,'ไม่มี','ปกติ','ไม่ผุ','18','109','','2565-04-04 10:56:39','','','','','','','1341500231954'),(533,4822,'28','2564','2',3,1,2,'ไม่มี','ปกติ','ไม่ผุ','18','109','','2565-04-04 10:56:58','','','','','','','1341500231954'),(534,4823,'29','2564','2',3,1,2,'ไม่มี','ปกติ','ไม่ผุ','28','117','','2565-04-04 10:57:12','','','','','','','1341500231954'),(535,4331,'2','2564','2',12,1,1,'ไม่มี','ปกติ','ไม่ผุ','50','165','','2565-04-04 10:58:17','','','','34','5','9.2','3349900668369'),(536,4332,'3','2564','2',12,1,1,'ไม่มี','ปกติ','ไม่ผุ','45','146','','2565-04-04 10:59:37','','','9','34','5','11','3349900668369'),(537,4326,'4','2564','2',12,1,1,'ไม่มี','ปกติ','ไม่ผุ','70','145','','2565-04-04 11:00:45','','','5','15','0','21','3349900668369'),(538,4333,'5','2564','2',12,1,1,'ไม่มี','ปกติ','ไม่ผุ','41','163','','2565-04-04 11:02:33','','','9','35','0','11','3349900668369'),(539,4328,'6','2564','2',12,1,1,'ไม่มี','ปกติ','ไม่ผุ','45','154','','2565-04-04 11:05:14','','','14','35','4','8.8','3349900668369'),(540,4334,'7','2564','2',12,1,1,'ไม่มี','ปกติ','ไม่ผุ','38','135','','2565-04-04 11:04:38','','','9','43','2','11','3349900668369'),(541,4587,'3','2564','2',7,1,1,'ไม่มี','ปกติ','ไม่ผุ','35','145','','2565-04-04 11:11:55','','','16','15','6','6.3','3349800248872'),(542,4329,'8','2564','2',12,1,1,'ไม่มี','ปกติ','ไม่ผุ','38','156','','2565-04-04 11:06:30','','','17','34','2','9','3349900668369'),(543,4583,'4','2564','2',7,1,1,'ไม่มี','ปกติ','ไม่ผุ','34','143','','2565-04-04 11:11:51','','','16','15','1','6.4','3349800248872'),(544,4463,'1','2564','2',10,1,1,'ไม่มี','ปกติ','ไม่ผุ','37','148','','2565-04-04 11:08:04','','','10','19','10','4','1489900175632'),(545,4338,'9','2564','2',12,1,1,'ไม่มี','ปกติ','ไม่ผุ','35','166','','2565-04-04 11:07:58','','','7','40','0','11','3349900668369'),(546,4585,'5','2564','2',7,1,1,'ไม่มี','ปกติ','ไม่ผุ','28','141','','2565-04-04 11:11:47','','','16','20','1','5.1','3349800248872'),(547,4463,'1','2564','2',10,1,2,'ไม่มี','ปกติ','ไม่ผุ','40','150','','2565-04-04 11:09:08','','','12','23','12','4.2','1489900175632'),(548,4387,'21','2564','2',12,1,1,'ไม่มี','ปกติ','ไม่ผุ','41','153','','2565-04-04 11:09:40','','','18','33','8.5','10','3349900668369'),(549,4589,'6','2564','2',7,1,1,'ไม่มี','ปกติ','ไม่ผุ','37','143','','2565-04-04 11:11:41','','','20','28','0','6.5','3349800248872'),(550,4351,'20','2564','2',12,1,1,'ไม่มี','ปกติ','ไม่ผุ','45','156','','2565-04-04 11:10:22','','','19','22','15.5','11','3349900668369'),(551,4588,'7','2564','2',7,1,1,'ไม่มี','ปกติ','ไม่ผุ','50','148','','2565-04-04 11:10:35','','','16','29','0','6.2','3349800248872'),(552,4346,'19','2564','2',12,1,1,'ไม่มี','ปกติ','ไม่ผุ','56','159','','2565-04-04 11:11:24','','','15','30','15.5','10','3349900668369'),(553,4600,'8','2564','2',7,1,1,'ไม่มี','ปกติ','ไม่ผุ','38','133','','2565-04-04 11:11:31','','','10','31','0','5.4','3349800248872'),(554,4464,'2','2564','2',10,1,2,'ไม่มี','ปกติ','ไม่ผุ','35','139','','2565-04-04 11:11:32','','','10','25','16','5.5','1489900175632'),(555,4343,'18','2564','2',12,1,1,'ไม่มี','ปกติ','ไม่ผุ','50','155','','2565-04-04 11:12:32','','','12','22','14','10','3349900668369'),(556,4343,'18','2564','2',12,1,1,'ไม่มี','ปกติ','ไม่ผุ','50','155','','2565-04-04 11:12:33','','','12','22','14','10','3349900668369'),(557,4754,'9','2564','2',7,1,1,'ไม่มี','ปกติ','ไม่ผุ','25','130','','2565-04-04 11:12:50','','','7.5','30','3','5.4','3349800248872'),(558,4464,'2','2564','2',10,1,1,'ไม่มี','ปกติ','ไม่ผุ','35','138','','2565-04-04 11:12:51','','','8','23','14','5','1489900175632'),(559,4350,'17','2564','2',12,1,1,'ไม่มี','ปกติ','ไม่ผุ','47','150','','2565-04-04 11:13:37','','','15','23','8.5','9.5','3349900668369'),(560,4641,'10','2564','2',7,1,1,'ไม่มี','ปกติ','ไม่ผุ','27','133','','2565-04-04 11:13:51','','','20','31','0','5.5','3349800248872'),(561,4349,'16','2564','2',12,1,1,'ไม่มี','ปกติ','ไม่ผุ','47','152','','2565-04-04 11:14:13','','','15','30','8','11','3349900668369'),(562,4462,'3','2564','2',10,1,2,'ไม่มี','ปกติ','ไม่ผุ','28','144','','2565-04-04 11:14:39','','','7','21','21','6.2','1489900175632'),(563,4591,'11','2564','2',7,1,1,'ไม่มี','ปกติ','ไม่ผุ','35','147','','2565-04-04 11:14:46','','','20.5','24','1','6.1','3349800248872'),(564,4341,'15','2564','2',12,1,1,'ไม่มี','ปกติ','ไม่ผุ','70','166','','2565-04-04 11:14:56','','','14','17','10.5','12','3349900668369'),(565,4462,'3','2564','2',10,1,1,'ไม่มี','ปกติ','ไม่ผุ','27','142','','2565-04-04 11:15:02','','','6','20','20','6','1489900175632'),(566,4347,'14','2564','2',12,1,1,'ไม่มี','ปกติ','ไม่ผุ','50','153','','2565-04-04 11:15:46','','','10','34','3.5','12','3349900668369'),(567,4592,'12','2564','2',7,1,1,'ไม่มี','ปกติ','ไม่ผุ','30','140','','2565-04-04 11:15:57','','','12.5','25','0','8.1','3349800248872'),(568,4340,'13','2564','2',12,1,1,'ไม่มี','ปกติ','ไม่ผุ','45','160','','2565-04-04 11:16:25','','','16','18','5','0','3349900668369'),(569,4465,'4','2564','2',10,1,2,'ไม่มี','ปกติ','ไม่ผุ','37','150','','2565-04-04 11:16:37','','','17','25','7','4.5','1489900175632'),(570,4593,'13','2564','2',7,1,1,'ไม่มี','ปกติ','ไม่ผุ','28','136','','2565-04-04 11:16:45','','','12.5','18','1','6.1','3349800248872'),(571,4465,'4','2564','2',10,1,1,'ไม่มี','ปกติ','ไม่ผุ','35','148','','2565-04-04 11:17:01','','','15','23','5','4','1489900175632'),(572,4344,'12','2564','2',12,1,1,'ไม่มี','ปกติ','ไม่ผุ','40','157','','2565-04-04 11:17:05','','','12','34','13.8','9.5','3349900668369'),(573,4339,'11','2564','2',12,1,1,'ไม่มี','ปกติ','ไม่ผุ','40','156','','2565-04-04 11:17:45','','','6','34','8','12','3349900668369'),(574,4594,'14','2564','2',7,1,1,'ไม่มี','ปกติ','ไม่ผุ','39','144','','2565-04-04 11:18:00','','','19','30','6','6.1','3349800248872'),(575,4466,'5','2564','2',10,1,2,'ไม่มี','ปกติ','ไม่ผุ','42','149','','2565-04-04 11:18:28','','','23','32','8','4.4','1489900175632'),(576,4595,'15','2564','2',7,1,1,'ไม่มี','ปกติ','ไม่ผุ','32','130','','2565-04-04 11:18:52','','','13.5','27','7','6.1','3349800248872'),(577,4569,'10','2564','2',12,1,1,'ไม่มี','ปกติ','ไม่ผุ','50','156','','2565-04-04 11:18:53','','','19','20','16','11','3349900668369'),(578,4466,'5','2564','2',10,1,1,'ไม่มี','ปกติ','ไม่ผุ','41','148','','2565-04-04 11:19:20','','','21','29','7','4.2','1489900175632'),(579,4596,'16','2564','2',7,1,1,'ไม่มี','ปกติ','ไม่ผุ','30','135','','2565-04-04 11:19:34','','','16','28','0','6.1','3349800248872'),(580,4597,'17','2564','2',7,1,1,'ไม่มี','ปกติ','ไม่ผุ','30','139','','2565-04-04 11:20:44','','','19.5','28','0','4.5','3349800248872'),(581,4460,'6','2564','2',10,1,2,'ไม่มี','ปกติ','ไม่ผุ','32','142','','2565-04-04 11:20:57','','','15','34','6','6.8','1489900175632'),(582,4460,'6','2564','2',10,1,1,'ไม่มี','ปกติ','ไม่ผุ','30','140','','2565-04-04 11:21:46','','','13','33','7','6','1489900175632'),(583,4461,'7','2564','2',10,1,2,'ไม่มี','ปกติ','ไม่ผุ','53','150','','2565-04-04 11:24:06','','','17','27','10','4.6','1489900175632'),(584,4330,'1','2564','2',12,1,2,'ไม่มี','ปกติ','ไม่ผุ','38','157','','2565-04-04 11:24:21','','','10','34','7','8.2','3349900668369'),(585,4461,'7','2564','2',10,1,1,'ไม่มี','ปกติ','ไม่ผุ','53','148','','2565-04-04 11:24:35','','','9','25','5','4','1489900175632'),(586,4331,'2','2564','2',12,1,2,'ไม่มี','ปกติ','ไม่ผุ','50','165','','2565-04-04 11:24:41','','','','34','5','9.2','3349900668369'),(587,4332,'3','2564','2',12,1,2,'ไม่มี','ปกติ','ไม่ผุ','45','146','','2565-04-04 11:24:58','','','9','34','5','11','3349900668369'),(588,4326,'4','2564','2',12,1,2,'ไม่มี','ปกติ','ไม่ผุ','70','145','','2565-04-04 11:25:16','','','5','15','0','21','3349900668369'),(589,4333,'5','2564','2',12,1,2,'ไม่มี','ปกติ','ไม่ผุ','41','163','','2565-04-04 11:25:33','','','9','35','0','11','3349900668369'),(590,4328,'6','2564','2',12,1,2,'ไม่มี','ปกติ','ไม่ผุ','45','154','','2565-04-04 11:25:55','','','14','35','4','8.8','3349900668369'),(591,4334,'7','2564','2',12,1,2,'ไม่มี','ปกติ','ไม่ผุ','38','135','','2565-04-04 11:26:12','','','9','43','2','11','3349900668369'),(592,4329,'8','2564','2',12,1,2,'ไม่มี','ปกติ','ไม่ผุ','38','156','','2565-04-04 11:26:27','','','17','34','2','9','3349900668369'),(593,4476,'8','2564','2',10,1,2,'ไม่มี','ปกติ','ไม่ผุ','37','148','','2565-04-04 11:26:35','','','4','25','6','6.2','1489900175632'),(594,4338,'9','2564','2',12,1,2,'ไม่มี','ปกติ','ไม่ผุ','35','166','','2565-04-04 11:26:47','','','7','40','0','11','3349900668369'),(595,4476,'8','2564','2',10,1,1,'ไม่มี','ปกติ','ไม่ผุ','36','146','','2565-04-04 11:26:51','','','2','19','5','6','1489900175632'),(596,4569,'10','2564','2',12,1,2,'ไม่มี','ปกติ','ไม่ผุ','50','156','','2565-04-04 11:27:03','','','19','20','16','11','3349900668369'),(597,4339,'11','2564','2',12,1,2,'ไม่มี','ปกติ','ไม่ผุ','45','160','','2565-04-04 11:27:20','','','16','18','5','0','3349900668369'),(598,4344,'12','2564','2',12,1,2,'ไม่มี','ปกติ','ไม่ผุ','40','157','','2565-04-04 11:27:37','','','12','34','13.8','9.5','3349900668369'),(599,4340,'13','2564','2',12,1,2,'ไม่มี','ปกติ','ไม่ผุ','45','160','','2565-04-04 11:28:00','','','16','18','5','0','3349900668369'),(600,4347,'14','2564','2',12,1,2,'ไม่มี','ปกติ','ไม่ผุ','50','153','','2565-04-04 11:28:22','','','10','34','3.5','12','3349900668369'),(601,4341,'15','2564','2',12,1,2,'ไม่มี','ปกติ','ไม่ผุ','70','166','','2565-04-04 11:28:43','','','14','17','10.5','12','3349900668369'),(602,4349,'16','2564','2',12,1,2,'ไม่มี','ปกติ','ไม่ผุ','47','150','','2565-04-04 11:29:08','','','15','23','8.5','9.5','3349900668369'),(603,4350,'17','2564','2',12,1,2,'ไม่มี','ปกติ','ไม่ผุ','47','150','','2565-04-04 11:29:24','','','15','23','8.5','9.5','3349900668369'),(604,4481,'9','2564','2',10,1,2,'ไม่มี','ปกติ','ไม่ผุ','35','140','','2565-04-04 11:29:35','','','8','30','6','5.5','1489900175632'),(605,4343,'18','2564','2',12,1,2,'ไม่มี','ปกติ','ไม่ผุ','50','155','','2565-04-04 11:29:38','','','12','22','14','10','3349900668369'),(606,4346,'19','2564','2',12,1,2,'ไม่มี','ปกติ','ไม่ผุ','56','159','','2565-04-04 11:29:55','','','15','30','15.5','10','3349900668369'),(607,4481,'9','2564','2',10,1,1,'ไม่มี','ปกติ','ไม่ผุ','35','138','','2565-04-04 11:29:57','','','8','27','5','5','1489900175632'),(608,4351,'20','2564','2',12,1,2,'ไม่มี','ปกติ','ไม่ผุ','45','156','','2565-04-04 11:30:11','','','19','22','15.5','11','3349900668369'),(609,4387,'21','2564','2',12,1,2,'ไม่มี','ปกติ','ไม่ผุ','41','153','','2565-04-04 11:30:28','','','18','33','8.5','10','3349900668369'),(610,4478,'10','2564','2',10,1,2,'ไม่มี','ปกติ','ไม่ผุ','39','149','','2565-04-04 11:31:23','','','9','35','5','4.2','1489900175632'),(611,4478,'10','2564','2',10,1,1,'ไม่มี','ปกติ','ไม่ผุ','38','147','','2565-04-04 11:31:52','','','5','24','4','4','1489900175632'),(612,4480,'11','2564','2',10,1,2,'ไม่มี','ปกติ','ไม่ผุ','38','150','','2565-04-04 11:33:04','','','18','30','4','4.3','1489900175632'),(613,4480,'11','2564','2',10,1,1,'ไม่มี','ปกติ','ไม่ผุ','38','149','','2565-04-04 11:33:24','','','18','28','4','3','1489900175632'),(614,4598,'18','2564','2',7,1,1,'ไม่มี','ปกติ','ไม่ผุ','31','143','','2565-04-04 11:34:07','','','28','14','0','7.5','3349800248872'),(615,4520,'12','2564','2',10,1,1,'ไม่มี','ปกติ','ไม่ผุ','35','146','','2565-04-04 11:34:52','','','16','25','5','9','1489900175632'),(616,4520,'12','2564','2',10,1,2,'ไม่มี','ปกติ','ไม่ผุ','36','147','','2565-04-04 11:34:55','','','17','27','5','6','1489900175632'),(617,4599,'19','2564','2',7,1,1,'ไม่มี','ปกติ','ไม่ผุ','38','144','','2565-04-04 11:38:07','','','14.5','29','3.5','7.5','3349800248872'),(618,4470,'13','2564','2',10,1,2,'ไม่มี','ปกติ','ไม่ผุ','25','133','','2565-04-04 11:36:18','','','20','15','4','8','1489900175632'),(619,4470,'13','2564','2',10,1,1,'ไม่มี','ปกติ','ไม่ผุ','22','131','','2565-04-04 11:36:36','','','18','9','13','9','1489900175632'),(620,4472,'14','2564','2',10,1,2,'ไม่มี','ปกติ','ไม่ผุ','37','148','','2565-04-04 11:37:45','','','15','32','9.5','5.6','1489900175632'),(621,4793,'20','2564','2',7,1,1,'ไม่มี','ปกติ','ไม่ผุ','31','142','','2565-04-04 11:37:55','','','14.5','29','3','7.4','3349800248872'),(622,4472,'14','2564','2',10,1,1,'ไม่มี','ปกติ','ไม่ผุ','35','146','','2565-04-04 11:38:07','','','12','30','8','7','1489900175632'),(623,4473,'15','2564','2',10,1,2,'ไม่มี','ปกติ','ไม่ผุ','38','158','','2565-04-04 11:39:13','','','17','26','4','5','1489900175632'),(624,4473,'15','2564','2',10,1,1,'ไม่มี','ปกติ','ไม่ผุ','36','156','','2565-04-04 11:39:28','','','14','23','4','6','1489900175632'),(625,4482,'16','2564','2',10,1,1,'ไม่มี','ปกติ','ไม่ผุ','46','150','','2565-04-04 11:40:39','','','10','22','5','8','1489900175632'),(626,4482,'16','2564','2',10,1,2,'ไม่มี','ปกติ','ไม่ผุ','47','152','','2565-04-04 11:40:41','','','15','24','5.5','6.7','1489900175632'),(627,4484,'17','2564','2',10,1,2,'ไม่มี','ปกติ','ไม่ผุ','33','147','','2565-04-04 11:43:30','','','20','42','12','5.1','1489900175632'),(628,4484,'17','2564','2',10,1,1,'ไม่มี','ปกติ','ไม่ผุ','33','146','','2565-04-04 11:44:07','','','18','40','10','5.3','1489900175632'),(629,4485,'18','2564','2',10,1,2,'ไม่มี','ปกติ','ไม่ผุ','38','154','','2565-04-04 11:45:44','','','18','22','13','5.6','1489900175632'),(630,4485,'18','2564','2',10,1,1,'ไม่มี','ปกติ','ไม่ผุ','37','153','','2565-04-04 11:46:02','','','15','20','8','6.2','1489900175632'),(631,4487,'19','2564','2',10,1,1,'ไม่มี','ปกติ','ไม่ผุ','44','155','','2565-04-04 11:47:34','','','14','22','3','5.3','1489900175632'),(632,4487,'19','2564','2',10,1,2,'ไม่มี','ปกติ','ไม่ผุ','45','156','','2565-04-04 11:47:47','','','16','23','4','5.9','1489900175632'),(633,4584,'1','2564','2',7,1,2,'ไม่มี','ปกติ','ไม่ผุ','25','130','','2565-04-04 11:47:56','','','16','19','0','5.1','3349800248872'),(634,4582,'2','2564','2',7,1,2,'ไม่มี','ปกติ','ไม่ผุ','35','135','','2565-04-04 11:49:14','','','16','15','3','5.3','3349800248872'),(635,4639,'20','2564','2',10,1,1,'ไม่มี','ปกติ','ไม่ผุ','58','155','','2565-04-04 11:49:23','','','18','25','7.5','7.4','1489900175632'),(636,4639,'20','2564','2',10,1,2,'ไม่มี','ปกติ','ไม่ผุ','60','157','','2565-04-04 11:49:44','','','19','26','7','7.8','1489900175632'),(637,4587,'3','2564','2',7,1,2,'ไม่มี','ปกติ','ไม่ผุ','35','146','','2565-04-04 11:49:52','','','16','15','0','6.3','3349800248872'),(638,4483,'21','2564','2',10,1,2,'ไม่มี','ปกติ','ไม่ผุ','60','158','','2565-04-04 11:50:34','','','16','25','10','7.7','1489900175632'),(639,4583,'4','2564','2',7,1,2,'ไม่มี','ปกติ','ไม่ผุ','34','143','','2565-04-04 11:50:39','','','16','15','1','6.4','3349800248872'),(640,4825,'22','2564','2',10,1,2,'ไม่มี','ปกติ','ไม่ผุ','38','149','','2565-04-04 11:51:23','','','14','20','5','8','1489900175632'),(641,4585,'5','2564','2',7,1,2,'ไม่มี','ปกติ','ไม่ผุ','28','141','','2565-04-04 11:51:26','','','16','20','1','5.1','3349800248872'),(642,4825,'22','2564','2',10,1,1,'ไม่มี','ปกติ','ไม่ผุ','38','147','','2565-04-04 11:52:00','','','12','18','6','8.8','1489900175632'),(643,4589,'6','2564','2',7,1,2,'ไม่มี','ปกติ','ไม่ผุ','37','143','','2565-04-04 11:53:24','','','20','28','0','6.5','3349800248872'),(644,4588,'7','2564','2',7,1,2,'ไม่มี','ปกติ','ไม่ผุ','50','148','','2565-04-04 11:54:41','','','16','29','0','6.2','3349800248872'),(645,4600,'8','2564','2',7,1,2,'ไม่มี','ปกติ','ไม่ผุ','38','133','','2565-04-04 11:55:43','','','10','31','0','5.4','3349800248872'),(646,4483,'21','2564','2',10,1,1,'ไม่มี','ปกติ','ไม่ผุ','58','156','','2565-04-04 11:55:45','','','14','23','10','8.1','1489900175632'),(647,4754,'9','2564','2',7,1,2,'ไม่มี','ปกติ','ไม่ผุ','25','130','','2565-04-04 11:56:54','','','7.5','30','3','5.4','3349800248872'),(648,4641,'10','2564','2',7,1,2,'ไม่มี','ปกติ','ไม่ผุ','27','133','','2565-04-04 11:57:36','','','20','31','0','5.5','3349800248872'),(649,4628,'23','2564','2',10,1,2,'ไม่มี','ปกติ','ไม่ผุ','62','152','','2565-04-04 11:58:09','','','18','25','7.5','5.5','1489900175632'),(650,4591,'11','2564','2',7,1,2,'ไม่มี','ปกติ','ไม่ผุ','35','147','','2565-04-04 11:58:16','','','20.5','24','1','6.1','3349800248872'),(651,4628,'23','2564','2',10,1,1,'ไม่มี','ปกติ','ไม่ผุ','60','151','','2565-04-04 11:58:38','','','16','24','7','6.2','1489900175632'),(652,4592,'12','2564','2',7,1,2,'ไม่มี','ปกติ','ไม่ผุ','30','140','','2565-04-04 11:59:09','','','12.5','25','0','8.1','3349800248872'),(653,4593,'13','2564','2',7,1,2,'ไม่มี','ปกติ','ไม่ผุ','28','136','','2565-04-04 11:59:50','','','12.5','18','1','6.1','3349800248872'),(654,4594,'14','2564','2',7,1,2,'ไม่มี','ปกติ','ไม่ผุ','39','144','','2565-04-04 12:00:33','','','19','30','6','6.1','3349800248872'),(655,4595,'15','2564','2',7,1,2,'ไม่มี','ปกติ','ไม่ผุ','32','131','','2565-04-04 12:01:13','','','13.5','27','7','8.2','3349800248872'),(656,4596,'16','2564','2',7,1,2,'ไม่มี','ปกติ','ไม่ผุ','30','135','','2565-04-04 12:01:48','','','14','28','0','6.1','3349800248872'),(657,4597,'17','2564','2',7,1,2,'ไม่มี','ปกติ','ไม่ผุ','30','139','','2565-04-04 12:02:38','','','19.5','28','0','4.5','3349800248872'),(658,4598,'18','2564','2',7,1,2,'ไม่มี','ปกติ','ไม่ผุ','31','143','','2565-04-04 12:04:18','','','14','28','0','7.5','3349800248872'),(659,4599,'19','2564','2',7,1,2,'ไม่มี','ปกติ','ไม่ผุ','38','144','','2565-04-04 12:05:39','','','14.5','29','3.5','7.4','3349800248872'),(660,4793,'20','2564','2',7,1,2,'ไม่มี','ปกติ','ไม่ผุ','31','142','','2565-04-04 12:06:43','','','14.5','29','3','7.4','3349800248872'),(661,4395,'1','2564','2',11,1,1,'ไม่มี','ปกติ','ไม่ผุ','53','159','','2565-04-04 12:07:41','','','13','32','0','7.1','3349800151143'),(662,4568,'2','2564','2',11,1,1,'ไม่มี','ปกติ','ไม่ผุ','35','154','','2565-04-04 12:08:27','','','10','42','1','7.1','3349800151143'),(663,4396,'3','2564','2',11,1,1,'ไม่มี','ปกติ','ไม่ผุ','75','161','','2565-04-04 12:09:06','','','10','25','12','8.4','3349800151143'),(664,4578,'4','2564','2',11,1,1,'ไม่มี','ปกติ','ไม่ผุ','40','146','','2565-04-04 12:09:38','','','4','33','9','6.6','3349800151143'),(665,4388,'5','2564','2',11,1,1,'ไม่มี','ปกติ','ไม่ผุ','35','144','','2565-04-04 12:11:02','','','28','27','1','8.2','3349800151143'),(666,4397,'6','2564','2',11,1,1,'ไม่มี','ปกติ','ไม่ผุ','90','180','','2565-04-04 12:11:39','','','12','20','22','8.4','3349800151143'),(667,4398,'7','2564','2',11,1,1,'ไม่มี','ปกติ','ไม่ผุ','61','164','','2565-04-04 12:13:39','','','12','36','1','8.1','3349800151143'),(668,4389,'8','2564','2',11,1,1,'ไม่มี','ปกติ','ไม่ผุ','39','154','','2565-04-04 12:14:55','','','13','25','5','7.6','3349800151143'),(669,4493,'1','2564','2',9,1,2,'ไม่มี','ปกติ','ไม่ผุ','30','139','','2565-04-04 12:38:07','','','16','39','7','5','3349800181484'),(670,4399,'9','2564','2',11,1,1,'ไม่มี','ปกติ','ไม่ผุ','42','163','','2565-04-04 12:15:34','','','12','42','21','7.3','3349800151143'),(671,4494,'2','2564','2',9,1,2,'ไม่มี','ปกติ','ไม่ผุ','50','165','','2565-04-04 12:38:33','','','18','42','9','3','3349800181484'),(672,4495,'3','2564','2',9,1,2,'ไม่มี','ปกติ','ไม่ผุ','30','148','','2565-04-04 12:38:54','','','19','39','1','3','3349800181484'),(673,4496,'4','2564','2',9,1,2,'ไม่มี','ปกติ','ไม่ผุ','40','150','','2565-04-04 12:39:18','','','14','39','4','3','3349800181484'),(674,4497,'5','2564','2',9,1,2,'ไม่มี','ปกติ','ไม่ผุ','39','152','','2565-04-04 12:40:15','','','17','38','3','3','3349800181484'),(675,4508,'6','2564','2',9,1,2,'ไม่มี','ปกติ','ไม่ผุ','55','168','','2565-04-04 12:40:37','','','14','23','4','3','3349800181484'),(676,4509,'7','2564','2',9,1,2,'ไม่มี','ปกติ','ไม่ผุ','30','135','','2565-04-04 12:18:56','','','20','40','2','5.5','3349800181484'),(677,4510,'8','2564','2',9,1,2,'ไม่มี','ปกติ','ไม่ผุ','35','151','','2565-04-04 12:41:13','','','14','43','4','4','3349800181484'),(678,4511,'9','2564','2',9,1,2,'ไม่มี','ปกติ','ไม่ผุ','34','142','','2565-04-04 12:41:48','','','25','31','2','3','3349800181484'),(679,4393,'10','2564','2',11,1,1,'ไม่มี','ปกติ','ไม่ผุ','36','155','','2565-04-04 12:20:28','','','15','42','5','6.4','3349800151143'),(680,4624,'10','2564','2',9,1,2,'ไม่มี','ปกติ','ไม่ผุ','30','148','','2565-04-04 12:42:18','','','24','44','7','5','3349800181484'),(681,4625,'11','2564','2',9,1,2,'ไม่มี','ปกติ','ไม่ผุ','42','159','','2565-04-04 12:42:47','','','20','43','6','3','3349800181484'),(682,4390,'11','2564','2',11,1,1,'ไม่มี','ปกติ','ไม่ผุ','50','156','','2565-04-04 12:21:34','','','18','25','6','8.2','3349800151143'),(683,4785,'12','2564','2',9,1,2,'ไม่มี','ปกติ','ไม่ผุ','31','148','','2565-04-04 12:43:21','','','21','32','8','3.','3349800181484'),(684,4394,'12','2564','2',11,1,1,'ไม่มี','ปกติ','ไม่ผุ','40','155','','2565-04-04 12:22:31','','','13','29','4','7.1','3349800151143'),(685,4824,'13','2564','2',9,1,2,'ไม่มี','ปกติ','ไม่ผุ','37','152','','2565-04-04 12:44:02','','','26','29','4','4','3349800181484'),(686,4601,'1','2564','2',7,2,2,'ไม่มี','ปกติ','ไม่ผุ','50','150','','2565-04-04 12:22:48','','','15.5','19','2','5.3','1341500313721'),(687,4391,'13','2564','2',11,1,1,'ไม่มี','ปกติ','ไม่ผุ','34','155','','2565-04-04 12:23:03','','','15','21','10','11','3349800151143'),(688,4499,'14','2564','2',9,1,2,'ไม่มี','ปกติ','ไม่ผุ','42','157','','2565-04-04 12:44:41','','','22','28','5','5.1','3349800181484'),(689,4500,'15','2564','2',9,1,2,'ไม่มี','ปกติ','ไม่ผุ','50','160','','2565-04-04 12:44:50','','','18','29','4','4','3349800181484'),(690,4501,'16','2564','2',9,1,2,'ไม่มี','ปกติ','ไม่ผุ','42','154','','2565-04-04 12:28:48','','','19','33','3','5.1','3349800181484'),(691,4602,'2','2564','2',7,2,2,'ไม่มี','ปกติ','ไม่ผุ','30','137','','2565-04-04 12:24:57','','','16.5','33','0','5.9','1341500313721'),(692,4502,'17','2564','2',9,1,2,'ไม่มี','ปกติ','ไม่ผุ','32','155','','2565-04-04 12:28:13','','','19','34','4','5','3349800181484'),(693,4603,'3','2564','2',7,2,2,'ไม่มี','ปกติ','ไม่ผุ','27','130','','2565-04-04 12:25:59','','','16','33','0','5.22','1341500313721'),(694,4626,'28','2564','2',9,1,2,'ไม่มี','ปกติ','ไม่ผุ','31','153','','2565-04-04 12:27:33','','','19','33','2','4','3349800181484'),(695,4606,'4','2564','2',7,2,2,'ไม่มี','ปกติ','ไม่ผุ','45','138','','2565-04-04 12:26:57','','','20','30','6','5.25','1341500313721'),(696,4519,'27','2564','2',9,1,2,'ไม่มี','ปกติ','ไม่ผุ','60','156','','2565-04-04 12:27:09','','','15','33','2','5','3349800181484'),(697,4605,'5','2564','2',7,2,2,'ไม่มี','ปกติ','ไม่ผุ','32','138','','2565-04-04 12:27:38','','','16','34','0','5.36','1341500313721'),(698,4607,'6','2564','2',7,2,2,'ไม่มี','ปกติ','ไม่ผุ','30','138','','2565-04-04 12:28:52','','','15','39','6','4.44','1341500313721'),(699,4642,'7','2564','2',7,2,2,'ไม่มี','ปกติ','ไม่ผุ','32','138','','2565-04-04 12:29:49','','','15','39','6','0','1341500313721'),(700,4400,'14','2564','2',11,1,1,'ไม่มี','ปกติ','ไม่ผุ','32','149','','2565-04-04 12:37:04','','','11','32','1','6.4','3349800151143'),(701,4784,'8','2564','2',7,2,2,'ไม่มี','ปกติ','ไม่ผุ','36','145','','2565-04-04 12:37:35','','','19','34','10','5.38','1341500313721'),(702,4403,'15','2564','2',11,1,1,'ไม่มี','ปกติ','ไม่ผุ','41','153','','2565-04-04 12:37:39','','','10','25','5','6.0','3349800151143'),(703,4401,'16','2564','2',11,1,1,'ไม่มี','ปกติ','ไม่ผุ','39','155','','2565-04-04 12:38:17','','','11','27','1','10','3349800151143'),(704,4407,'17','2564','2',11,1,1,'ไม่มี','ปกติ','ไม่ผุ','39','148','','2565-04-04 12:38:56','','','14','32','8','11','3349800151143'),(705,4414,'18','2564','2',11,1,1,'ไม่มี','ปกติ','ไม่ผุ','49','163','','2565-04-04 12:39:21','','','10','37','11','10','3349800151143'),(706,4408,'19','2564','2',11,1,1,'ไม่มี','ปกติ','ไม่ผุ','41','158','','2565-04-04 12:39:47','','','10','22','2','11','3349800151143'),(707,4415,'20','2564','2',11,1,1,'ไม่มี','ปกติ','ไม่ผุ','68','163','','2565-04-04 12:40:22','','','9','20','6','10','3349800151143'),(708,4410,'21','2564','2',11,1,1,'ไม่มี','ปกติ','ไม่ผุ','47','154','','2565-04-04 12:40:46','','','12','31','2','10','3349800151143'),(709,4416,'22','2564','2',11,1,1,'ไม่มี','ปกติ','ไม่ผุ','63','156','','2565-04-04 12:41:12','','','15','25','4','12','3349800151143'),(710,4522,'23','2564','2',11,1,1,'ไม่มี','ปกติ','ไม่ผุ','60','151','','2565-04-04 12:41:46','','','7','18','7','11','3349800151143'),(711,4789,'9','2564','2',7,2,2,'ไม่มี','ปกติ','ไม่ผุ','43','134','','2565-04-04 12:41:58','','','12.5','26','0','5.11','1341500313721'),(712,4405,'24','2564','2',11,1,1,'ไม่มี','ปกติ','ไม่ผุ','67','163','','2565-04-04 12:42:18','','','15','15','8','12','3349800151143'),(713,4610,'10','2564','2',7,2,2,'ไม่มี','ปกติ','ไม่ผุ','40','148','','2565-04-04 12:42:43','','','15.5','29','3','5.5','1341500313721'),(714,4409,'25','2564','2',11,1,1,'ไม่มี','ปกติ','ไม่ผุ','41','158','','2565-04-04 12:43:07','','','11','26','14','10','3349800151143'),(715,4609,'11','2564','2',7,2,2,'ไม่มี','ปกติ','ไม่ผุ','27','143','','2565-04-04 12:43:39','','','18','30','1','6.11','1341500313721'),(716,4764,'26','2564','2',11,1,1,'ไม่มี','ปกติ','ไม่ผุ','73','156','','2565-04-04 12:43:44','','','12','24','7.5','10','3349800151143'),(717,4612,'12','2564','2',7,2,2,'ไม่มี','ปกติ','ไม่ผุ','30','142','','2565-04-04 12:45:21','','','23','26','2','5.3','1341500313721'),(718,4518,'26','2564','2',9,1,2,'ไม่มี','ปกติ','ไม่ผุ','22','135','','2565-04-04 12:45:43','','','10','12','2','5','3349800181484'),(719,4517,'25','2564','2',9,1,2,'ไม่มี','ปกติ','ไม่ผุ','40','150','','2565-04-04 12:46:22','','','17','34','2','5','3349800181484'),(720,4516,'24','2564','2',9,1,2,'ไม่มี','ปกติ','ไม่ผุ','54','170','','2565-04-04 12:46:56','','','19','32','4','5','3349800181484'),(721,4611,'13','2564','2',7,2,2,'ไม่มี','ปกติ','ไม่ผุ','25','138','','2565-04-04 12:47:36','','','23','28','3.5','5.05','1341500313721'),(722,4515,'23','2564','2',9,1,2,'ไม่มี','ปกติ','ไม่ผุ','41','155','','2565-04-04 12:47:48','','','17','33','6','4.9','3349800181484'),(723,4514,'22','2564','2',9,1,2,'ไม่มี','ปกติ','ไม่ผุ','70','153','','2565-04-04 12:48:19','','','14','32','4','5.1','3349800181484'),(724,4512,'21','2564','2',9,1,2,'ไม่มี','ปกติ','ไม่ผุ','43','159','','2565-04-04 12:48:56','','','19','34','6','4.7','3349800181484'),(725,4616,'14','2564','2',7,2,2,'ไม่มี','ปกติ','ไม่ผุ','30','135','','2565-04-04 12:49:14','','','15.5','60','6','6.11','1341500313721'),(726,4506,'20','2564','2',9,1,2,'ไม่มี','ปกติ','ไม่ผุ','44','164','','2565-04-04 12:49:39','','','21','35','7','5','3349800181484'),(727,4505,'19','2564','2',9,1,2,'ไม่มี','ปกติ','ไม่ผุ','33','152','','2565-04-04 12:50:18','','','21','33','2','4','3349800181484'),(728,4504,'18','2564','2',9,1,2,'ไม่มี','ปกติ','ไม่ผุ','42','156','','2565-04-04 12:50:47','','','19','34','2','4.8','3349800181484'),(729,4614,'15','2564','2',7,2,2,'ไม่มี','ปกติ','ไม่ผุ','27','130','','2565-04-04 12:56:48','','','21.5','37','2.5','4.5','1341500313721'),(730,4615,'16','2564','2',7,2,2,'ไม่มี','ปกติ','ไม่ผุ','39','142','','2565-04-04 12:57:32','','','15.5','60','6','6.11','1341500313721'),(731,4617,'17','2564','2',7,2,2,'ไม่มี','ปกติ','ไม่ผุ','30','140','','2565-04-04 12:58:44','','','7.5','37','2','6.03','1341500313721'),(732,4709,'18','2564','2',7,2,2,'ไม่มี','ปกติ','ไม่ผุ','32','142','','2565-04-04 12:59:29','','','20.5','36','2','5.55','1341500313721'),(733,4755,'19','2564','2',7,2,2,'ไม่มี','ปกติ','ไม่ผุ','31','143','','2565-04-04 01:00:23','','','21','33','2','5.05','1341500313721'),(734,4771,'20','2564','2',7,2,2,'ไม่มี','ปกติ','ไม่ผุ','34','141','','2565-04-04 01:01:12','','','29','33','0','6.05','1341500313721'),(735,4532,'1','2564','2',8,1,2,'ไม่มี','ปกติ','ไม่ผุ','28','134','','2565-04-04 01:12:49','','','8.5','21','5.1','4.5','3341501429835'),(736,4533,'2','2564','2',8,1,2,'ไม่มี','ปกติ','ไม่ผุ','62','152','','2565-04-04 01:13:23','','','8.5','21','0','7.5','3341501429835'),(737,4534,'3','2564','2',8,1,2,'ไม่มี','ปกติ','ไม่ผุ','50','152','','2565-04-04 01:13:59','','','8','18','0','7.5','3341501429835'),(738,4535,'4','2564','2',8,1,2,'ไม่มี','ปกติ','ไม่ผุ','63','147','','2565-04-04 01:15:15','','','8.5','33','0','6.03','3341501429835'),(739,4395,'1','2564','2',11,1,2,'ไม่มี','ปกติ','ไม่ผุ','53','159','','2565-04-04 01:15:21','','','13','32','0','7.1','3349800151143'),(740,4568,'2','2564','2',11,1,2,'ไม่มี','ปกติ','ไม่ผุ','35','154','','2565-04-04 01:15:40','','','10','42','1','7.1','3349800151143'),(741,4539,'5','2564','2',8,1,2,'ไม่มี','ปกติ','ไม่ผุ','31','132','','2565-04-04 01:16:16','','','10','18','7.5','5.7','3341501429835'),(742,4550,'6','2564','2',8,1,2,'ไม่มี','ปกติ','ไม่ผุ','30','137','','2565-04-04 01:17:00','','','13.5','35','7.5','6.6','3341501429835'),(743,4551,'7','2564','2',8,1,2,'ไม่มี','ปกติ','ไม่ผุ','31','142','','2565-04-04 01:17:54','','','12.5','5','0','5.5','3341501429835'),(744,4552,'8','2564','2',8,1,2,'ไม่มี','ปกติ','ไม่ผุ','51','146','','2565-04-04 01:18:28','','','11','26','4','6','3341501429835'),(745,4396,'3','2564','2',11,1,2,'ไม่มี','ปกติ','ไม่ผุ','75','161','','2565-04-04 01:18:53','','','10','25','12','8.4','3349800151143'),(746,4553,'9','2564','2',8,1,2,'ไม่มี','ปกติ','ไม่ผุ','37','134','','2565-04-04 01:19:09','','','11.5','27','3','6.2','3341501429835'),(747,4578,'4','2564','2',11,1,2,'ไม่มี','ปกติ','ไม่ผุ','40','146','','2565-04-04 01:19:16','','','4','33','9','6.6','3349800151143'),(748,4388,'5','2564','2',11,1,2,'ไม่มี','ปกติ','ไม่ผุ','35','144','','2565-04-04 01:19:37','','','28','27','1','8.2','3349800151143'),(749,4555,'10','2564','2',8,1,2,'ไม่มี','ปกติ','ไม่ผุ','55','146','','2565-04-04 01:19:41','','','11','20','2','6.1','3341501429835'),(750,4397,'6','2564','2',11,1,2,'ไม่มี','ปกติ','ไม่ผุ','90','180','','2565-04-04 01:20:10','','','12','20','22','8.4','3349800151143'),(751,4554,'11','2564','2',8,1,2,'ไม่มี','ปกติ','ไม่ผุ','35','143','','2565-04-04 01:20:12','','','6.5','22','3','5.5','3341501429835'),(752,4398,'7','2564','2',11,1,2,'ไม่มี','ปกติ','ไม่ผุ','61','164','','2565-04-04 01:20:37','','','12','36','1','8.1','3349800151143'),(753,4556,'12','2564','2',8,1,2,'ไม่มี','ปกติ','ไม่ผุ','32','151','','2565-04-04 01:20:58','','','15','26','0.5','4.2','3341501429835'),(754,4389,'8','2564','2',11,1,2,'ไม่มี','ปกติ','ไม่ผุ','39','154','','2565-04-04 01:21:05','','','13','25','5','7.6','3349800151143'),(755,4399,'9','2564','2',11,1,2,'ไม่มี','ปกติ','ไม่ผุ','42','163','','2565-04-04 01:21:22','','','12','42','21','7.3','3349800151143'),(756,4557,'13','2564','2',8,1,2,'ไม่มี','ปกติ','ไม่ผุ','30','134','','2565-04-04 01:22:02','','','11.5','32','0.5','5.6','3341501429835'),(757,4393,'10','2564','2',11,1,2,'ไม่มี','ปกติ','ไม่ผุ','36','155','','2565-04-04 01:22:06','','','15','42','5','6.4','3349800151143'),(758,4390,'11','2564','2',11,1,2,'ไม่มี','ปกติ','ไม่ผุ','50','156','','2565-04-04 01:22:26','','','18','25','6','8.2','3349800151143'),(759,4394,'12','2564','2',11,1,2,'ไม่มี','ปกติ','ไม่ผุ','40','155','','2565-04-04 01:22:42','','','13','29','4','7.1','3349800151143'),(760,4391,'13','2564','2',11,1,2,'ไม่มี','ปกติ','ไม่ผุ','34','155','','2565-04-04 01:23:01','','','15','21','10','11','3349800151143'),(761,4400,'14','2564','2',11,1,2,'ไม่มี','ปกติ','ไม่ผุ','32','149','','2565-04-04 01:23:17','','','11','32','1','6.4','3349800151143'),(762,4403,'15','2564','2',11,1,2,'ไม่มี','ปกติ','ไม่ผุ','41','153','','2565-04-04 01:23:32','','','10','25','5','6.0','3349800151143'),(763,4401,'16','2564','2',11,1,2,'ไม่มี','ปกติ','ไม่ผุ','39','155','','2565-04-04 01:23:48','','','11','27','1','10','3349800151143'),(764,4407,'17','2564','2',11,1,2,'ไม่มี','ปกติ','ไม่ผุ','39','148','','2565-04-04 01:24:04','','','14','32','8','11','3349800151143'),(765,4414,'18','2564','2',11,1,2,'ไม่มี','ปกติ','ไม่ผุ','49','163','','2565-04-04 01:24:18','','','10','37','11','10','3349800151143'),(766,4408,'19','2564','2',11,1,2,'ไม่มี','ปกติ','ไม่ผุ','41','158','','2565-04-04 01:24:35','','','10','22','2','11','3349800151143'),(767,4415,'20','2564','2',11,1,2,'ไม่มี','ปกติ','ไม่ผุ','68','163','','2565-04-04 01:24:52','','','9','20','6','10','3349800151143'),(768,4410,'21','2564','2',11,1,2,'ไม่มี','ปกติ','ไม่ผุ','47','154','','2565-04-04 01:25:08','','','12','31','2','10','3349800151143'),(769,4416,'22','2564','2',11,1,2,'ไม่มี','ปกติ','ไม่ผุ','63','156','','2565-04-04 01:25:25','','','15','25','4','12','3349800151143'),(770,4522,'23','2564','2',11,1,2,'ไม่มี','ปกติ','ไม่ผุ','60','151','','2565-04-04 01:25:41','','','7','18','7','11','3349800151143'),(771,4860,'13','2564','2',4,1,1,'ไม่มี','ปกติ','ไม่ผุ','19','117','','2565-04-04 01:26:52','','','','','','','3341501532229'),(772,4860,'13','2564','2',4,1,2,'ไม่มี','ปกติ','ไม่ผุ','21','119','','2565-04-04 01:27:25','','','','','','','3341501532229'),(773,4717,'1','2564','2',4,1,2,'ไม่มี','ปกติ','ไม่ผุ','20','118','','2565-04-04 01:27:47','','','','','','','3341501532229'),(774,4717,'1','2564','2',4,1,1,'ไม่มี','ปกติ','ไม่ผุ','18','118','','2565-04-04 01:27:56','','','','','','','3341501532229'),(775,4714,'2','2564','2',4,1,1,'ไม่มี','ปกติ','ไม่ผุ','18','114','','2565-04-04 01:28:16','','','','','','','3341501532229'),(776,4714,'2','2564','2',4,1,2,'ไม่มี','ปกติ','ไม่ผุ','20','119','','2565-04-04 01:28:29','','','','','','','3341501532229'),(777,4715,'3','2564','2',4,1,1,'ไม่มี','ปกติ','ไม่ผุ','22','114','','2565-04-04 01:28:44','','','','','','','3341501532229'),(778,4715,'3','2564','2',4,1,2,'ไม่มี','ปกติ','ไม่ผุ','23','116','','2565-04-04 01:29:10','','','','','','','3341501532229'),(779,4716,'4','2564','2',4,1,1,'ไม่มี','ปกติ','ไม่ผุ','16','111','','2565-04-04 01:29:23','','','','','','','3341501532229'),(780,4716,'4','2564','2',4,1,2,'ไม่มี','ปกติ','ไม่ผุ','18','113','','2565-04-04 01:29:40','','','','','','','3341501532229'),(781,4718,'5','2564','2',4,1,2,'ไม่มี','ปกติ','ไม่ผุ','18','117','','2565-04-04 01:30:05','','','','','','','3341501532229'),(782,4718,'5','2564','2',4,1,1,'ไม่มี','ปกติ','ไม่ผุ','18','113','','2565-04-04 01:30:18','','','','','','','3341501532229'),(783,4719,'6','2564','2',4,1,1,'ไม่มี','ปกติ','ไม่ผุ','20','119','','2565-04-04 01:30:33','','','','','','','3341501532229'),(784,4719,'6','2564','2',4,1,2,'ไม่มี','ปกติ','ไม่ผุ','21','121','','2565-04-04 01:30:43','','','','','','','3341501532229'),(785,4722,'7','2564','2',4,1,1,'ไม่มี','ปกติ','ไม่ผุ','18','116','','2565-04-04 01:30:57','','','','','','','3341501532229'),(786,4722,'7','2564','2',4,1,2,'ไม่มี','ปกติ','ไม่ผุ','20','119','','2565-04-04 01:31:10','','','','','','','3341501532229'),(787,4721,'8','2564','2',4,1,2,'ไม่มี','ปกติ','ไม่ผุ','23','124','','2565-04-04 01:31:33','','','','','','','3341501532229'),(788,4721,'8','2564','2',4,1,1,'ไม่มี','ปกติ','ไม่ผุ','20','121','','2565-04-04 01:31:42','','','','','','','3341501532229'),(789,4774,'9','2564','2',4,1,1,'ไม่มี','ปกติ','ไม่ผุ','22','117','','2565-04-04 01:31:59','','','','','','','3341501532229'),(790,4774,'9','2564','2',4,1,2,'ไม่มี','ปกติ','ไม่ผุ','23','119','','2565-04-04 01:32:20','','','','','','','3341501532229'),(791,4775,'10','2564','2',4,1,1,'ไม่มี','ปกติ','ไม่ผุ','28','116','','2565-04-04 01:32:39','','','','','','','3341501532229'),(792,4775,'10','2564','2',4,1,2,'ไม่มี','ปกติ','ไม่ผุ','30','119','','2565-04-04 01:32:48','','','','','','','3341501532229'),(793,4405,'24','2564','2',11,1,2,'ไม่มี','ปกติ','ไม่ผุ','67','163','','2565-04-04 01:32:51','','','15','15','8','12','3349800151143'),(794,4720,'11','2564','2',4,1,1,'ไม่มี','ปกติ','ไม่ผุ','31','117','','2565-04-04 01:33:09','','','','','','','3341501532229'),(795,4720,'11','2564','2',4,1,2,'ไม่มี','ปกติ','ไม่ผุ','32','119','','2565-04-04 01:33:16','','','','','','','3341501532229'),(796,4776,'12','2564','2',4,1,1,'ไม่มี','ปกติ','ไม่ผุ','19','116','','2565-04-04 01:33:30','','','','','','','3341501532229'),(797,4409,'25','2564','2',11,1,2,'ไม่มี','ปกติ','ไม่ผุ','41','158','','2565-04-04 01:33:36','','','11','26','14','10','3349800151143'),(798,4776,'12','2564','2',4,1,2,'ไม่มี','ปกติ','ไม่ผุ','21','119','','2565-04-04 01:33:43','','','','','','','3341501532229'),(799,4764,'26','2564','2',11,1,2,'ไม่มี','ปกติ','ไม่ผุ','73','156','','2565-04-04 01:33:55','','','12','24','7.5','10','3349800151143'),(800,4708,'14','2564','2',4,1,2,'ไม่มี','ปกติ','ไม่ผุ','27','124','','2565-04-04 01:34:25','','','','','','','3341501532229'),(801,4708,'14','2564','2',4,1,1,'ไม่มี','ปกติ','ไม่ผุ','26','121','','2565-04-04 01:34:37','','','','','','','3341501532229'),(802,4723,'15','2564','2',4,1,1,'ไม่มี','ปกติ','ไม่ผุ','32','124','','2565-04-04 01:36:25','','','','','','','3341501532229'),(803,4723,'15','2564','2',4,1,2,'ไม่มี','ปกติ','ไม่ผุ','36','137','','2565-04-04 01:36:37','','','','','','','3341501532229'),(804,4725,'16','2564','2',4,1,1,'ไม่มี','ปกติ','ไม่ผุ','17','111','','2565-04-04 01:37:36','','','','','','','3341501532229'),(805,4725,'16','2564','2',4,1,2,'ไม่มี','ปกติ','ไม่ผุ','18','115','','2565-04-04 01:37:47','','','','','','','3341501532229'),(806,4726,'17','2564','2',4,1,2,'ไม่มี','ปกติ','ไม่ผุ','17','118','','2565-04-04 01:38:16','','','','','','','3341501532229'),(807,4726,'17','2564','2',4,1,1,'ไม่มี','ปกติ','ไม่ผุ','16','115','','2565-04-04 01:38:26','','','','','','','3341501532229'),(808,4727,'18','2564','2',4,1,1,'ไม่มี','ปกติ','ไม่ผุ','20','123','','2565-04-04 01:38:53','','','','','','','3341501532229'),(809,4727,'18','2564','2',4,1,2,'ไม่มี','ปกติ','ไม่ผุ','22','126','','2565-04-04 01:39:05','','','','','','','3341501532229'),(810,4728,'19','2564','2',4,1,1,'ไม่มี','ปกติ','ไม่ผุ','20','119','','2565-04-04 01:39:19','','','','','','','3341501532229'),(811,4728,'19','2564','2',4,1,2,'ไม่มี','ปกติ','ไม่ผุ','22','123','','2565-04-04 01:39:29','','','','','','','3341501532229'),(812,4730,'20','2564','2',4,1,1,'ไม่มี','ปกติ','ไม่ผุ','22','121','','2565-04-04 01:39:44','','','','','','','3341501532229'),(813,4730,'20','2564','2',4,1,2,'ไม่มี','ปกติ','ไม่ผุ','24','125','','2565-04-04 01:39:58','','','','','','','3341501532229'),(814,4731,'21','2564','2',4,1,1,'ไม่มี','ปกติ','ไม่ผุ','20','122','','2565-04-04 01:40:12','','','','','','','3341501532229'),(815,4731,'21','2564','2',4,1,2,'ไม่มี','ปกติ','ไม่ผุ','21','125','','2565-04-04 01:40:24','','','','','','','3341501532229'),(816,4732,'22','2564','2',4,1,1,'ไม่มี','ปกติ','ไม่ผุ','22','119','','2565-04-04 01:41:02','','','','','','','3341501532229'),(817,4732,'22','2564','2',4,1,2,'ไม่มี','ปกติ','ไม่ผุ','23','121','','2565-04-04 01:40:48','','','','','','','3341501532229'),(818,4733,'23','2564','2',4,1,1,'ไม่มี','ปกติ','ไม่ผุ','20','117','','2565-04-04 01:41:30','','','','','','','3341501532229'),(819,4733,'23','2564','2',4,1,2,'ไม่มี','ปกติ','ไม่ผุ','20','120','','2565-04-04 01:41:43','','','','','','','3341501532229'),(820,4756,'24','2564','2',4,1,1,'ไม่มี','ปกติ','ไม่ผุ','20','117','','2565-04-04 01:42:06','','','','','','','3341501532229'),(821,4756,'24','2564','2',4,1,2,'ไม่มี','ปกติ','ไม่ผุ','21','119','','2565-04-04 01:42:38','','','','','','','3341501532229'),(822,4757,'25','2564','2',4,1,1,'ไม่มี','ปกติ','ไม่ผุ','19','116','','2565-04-04 01:42:56','','','','','','','3341501532229'),(823,4757,'25','2564','2',4,1,2,'ไม่มี','ปกติ','ไม่ผุ','21','121','','2565-04-04 01:43:08','','','','','','','3341501532229'),(824,4644,'14','2564','2',8,1,2,'ไม่มี','ปกติ','ไม่ผุ','80','148','','2565-04-04 01:49:23','','','7.5','3','0','8.2','3341501429835'),(825,4645,'15','2564','2',8,1,2,'ไม่มี','ปกติ','ไม่ผุ','27','136','','2565-04-04 01:50:09','','','16.5','26','4','7.2','3341501429835'),(826,4640,'16','2564','2',8,1,2,'ไม่มี','ปกติ','ไม่ผุ','27','132','','2565-04-04 01:51:15','','','13.5','36','1','4.2','3341501429835'),(827,4710,'17','2564','2',8,1,2,'ไม่มี','ปกติ','ไม่ผุ','27','136','','2565-04-04 01:52:10','','','13','32','4','5.3','3341501429835'),(828,4863,'18','2564','2',8,1,2,'ไม่มี','ปกติ','ไม่ผุ','46','136','','2565-04-04 01:52:40','','','','','','','3341501429835'),(829,4548,'19','2564','2',8,1,2,'ไม่มี','ปกติ','ไม่ผุ','37','147','','2565-04-04 01:53:28','','','9','27','2.5','5.3','3341501429835'),(830,4549,'20','2564','2',8,1,2,'ไม่มี','ปกติ','ไม่ผุ','35','152','','2565-04-04 01:54:00','','','10','29','7','5.3','3341501429835'),(831,4541,'21','2564','2',8,1,2,'ไม่มี','ปกติ','ไม่ผุ','28','138','','2565-04-04 01:54:59','','','6','25','6','6.4','3341501429835'),(832,4545,'22','2564','2',8,1,2,'ไม่มี','ปกติ','ไม่ผุ','32','132','','2565-04-04 01:55:31','','','9.5','20','6','5.5','3341501429835'),(833,4542,'23','2564','2',8,1,2,'ไม่มี','ปกติ','ไม่ผุ','56','152','','2565-04-04 01:56:08','','','10','20','3','7.5','3341501429835'),(834,4543,'24','2564','2',8,1,2,'ไม่มี','ปกติ','ไม่ผุ','31','138','','2565-04-04 01:56:55','','','8.5','31','2','5.3','3341501429835'),(835,4544,'25','2564','2',8,1,2,'ไม่มี','ปกติ','ไม่ผุ','20','140','','2565-04-04 01:57:40','','','9.5','20','6','5.5','3341501429835'),(836,4547,'26','2564','2',8,1,2,'ไม่มี','ปกติ','ไม่ผุ','30','143','','2565-04-04 01:58:23','','','7.5','27','0','5.5','3341501429835'),(837,4558,'27','2564','2',8,1,2,'ไม่มี','ปกติ','ไม่ผุ','31','144','','2565-04-04 01:59:21','','','10','22','0','6.1','3341501429835'),(838,4688,'1','2564','2',5,2,2,'ไม่มี','ปกติ','ไม่ผุ','35','125','','2565-04-04 01:59:53','','','10','27','7','7.4','3340700912152'),(839,4559,'28','2564','2',8,1,2,'ไม่มี','ปกติ','ไม่ผุ','36','144','','2565-04-04 02:00:04','','','10','19','0','6.4','3341501429835'),(840,4689,'2','2564','2',5,2,2,'ไม่มี','ปกติ','ไม่ผุ','25','125','','2565-04-04 02:00:09','','','14','23','19','7.1','3340700912152'),(841,4690,'3','2564','2',5,2,2,'ไม่มี','ปกติ','ไม่ผุ','36','132','','2565-04-04 02:00:28','','','12','22','9','7.5','3340700912152'),(842,4691,'4','2564','2',5,2,2,'ไม่มี','ปกติ','ไม่ผุ','32','131','','2565-04-04 02:00:45','','','9','15','7','7.2','3340700912152'),(843,4561,'29','2564','2',8,1,2,'ไม่มี','ปกติ','ไม่ผุ','32','138','','2565-04-04 02:01:03','','','6','20','0','5.0','3341501429835'),(844,4692,'5','2564','2',5,2,2,'ไม่มี','ปกติ','ไม่ผุ','30','126','','2565-04-04 02:01:06','','','10','27','3.4','7.3','3340700912152'),(845,4693,'6','2564','2',5,2,2,'ไม่มี','ปกติ','ไม่ผุ','25','126','','2565-04-04 02:01:23','','','8','22','2','7.3','3340700912152'),(846,4694,'7','2564','2',5,2,2,'ไม่มี','ปกติ','ไม่ผุ','25','121','','2565-04-04 02:01:41','','','12','23','3','3.8','3340700912152'),(847,4695,'8','2564','2',5,2,2,'ไม่มี','ปกติ','ไม่ผุ','20','115','','2565-04-04 02:02:03','','','8','31','1','8.4','3340700912152'),(848,4562,'30','2564','2',8,1,2,'ไม่มี','ปกติ','ไม่ผุ','31','145','','2565-04-04 02:02:08','','','6.5','20','2','6.2','3341501429835'),(849,4745,'9','2564','2',5,2,2,'ไม่มี','ปกติ','ไม่ผุ','20','127','','2565-04-04 02:02:25','','','8','22','1.5','5.2','3340700912152'),(850,4746,'10','2564','2',5,2,2,'ไม่มี','ปกติ','ไม่ผุ','30','130','','2565-04-04 02:02:43','','','13','19','7','5.2','3340700912152'),(851,4744,'11','2564','2',5,2,2,'ไม่มี','ปกติ','ไม่ผุ','20','117','','2565-04-04 02:03:06','','','13','25','1','9.5','3340700912152'),(852,4777,'26','2564','2',4,1,1,'ไม่มี','ปกติ','ไม่ผุ','20','114','','2565-04-04 02:03:26','','','','','','','3341501532229'),(853,4761,'12','2564','2',5,2,2,'ไม่มี','ปกติ','ไม่ผุ','20','117','','2565-04-04 02:03:29','','','15','35','3.5','5.3','3340700912152'),(854,4777,'26','2564','2',4,1,2,'ไม่มี','ปกติ','ไม่ผุ','22','118','','2565-04-04 02:03:37','','','','','','','3341501532229'),(855,4826,'13','2564','2',5,2,2,'ไม่มี','ปกติ','ไม่ผุ','20','126','','2565-04-04 02:03:49','','','14','30','4','5.0','3340700912152'),(856,4778,'27','2564','2',4,1,1,'ไม่มี','ปกติ','ไม่ผุ','18','117','','2565-04-04 02:03:57','','','','','','','3341501532229'),(857,4862,'14','2564','2',5,2,2,'ไม่มี','ปกติ','ไม่ผุ','20','125','','2565-04-04 02:04:05','','','12','20','6','6.0','3340700912152'),(858,4778,'27','2564','2',4,1,2,'ไม่มี','ปกติ','ไม่ผุ','20','119','','2565-04-04 02:04:08','','','','','','','3341501532229'),(859,4565,'32','2564','2',8,1,2,'ไม่มี','ปกติ','ไม่ผุ','32','142','','2565-04-04 02:05:10','','','14.5','14','0','6.4','3341501429835'),(860,4703,'15','2564','2',5,2,2,'ไม่มี','ปกติ','ไม่ผุ','20','118','','2565-04-04 02:04:24','','','10','29','6','7.6','3340700912152'),(861,4779,'28','2564','2',4,1,1,'ไม่มี','ปกติ','ไม่ผุ','19','111','','2565-04-04 02:04:29','','','','','','','3341501532229'),(862,4704,'16','2564','2',5,2,2,'ไม่มี','ปกติ','ไม่ผุ','20','125','','2565-04-04 02:04:40','','','9','29','6','5.2','3340700912152'),(863,4779,'28','2564','2',4,1,2,'ไม่มี','ปกติ','ไม่ผุ','21','114','','2565-04-04 02:04:43','','','','','','','3341501532229'),(864,4564,'31','2564','2',8,1,2,'ไม่มี','ปกติ','ไม่ผุ','47','151','','2565-04-04 02:04:54','','','14','25','0','6.4','3341501429835'),(865,4705,'17','2564','2',5,2,2,'ไม่มี','ปกติ','ไม่ผุ','25','127','','2565-04-04 02:04:55','','','8','25','4','16','3340700912152'),(866,4706,'18','2564','2',5,2,2,'ไม่มี','ปกติ','ไม่ผุ','25','122','','2565-04-04 02:05:11','','','8','16','5','7.4','3340700912152'),(867,4707,'19','2564','2',5,2,2,'ไม่มี','ปกติ','ไม่ผุ','20','122','','2565-04-04 02:05:27','','','8','25','2','5.2','3340700912152'),(868,4780,'29','2564','2',4,1,2,'ไม่มี','ปกติ','ไม่ผุ','19','118','','2565-04-04 02:05:44','','','','','','','3341501532229'),(869,4747,'20','2564','2',5,2,2,'ไม่มี','ปกติ','ไม่ผุ','20','119','','2565-04-04 02:05:45','','','8','18','7','5.1','3340700912152'),(870,4780,'29','2564','2',4,1,1,'ไม่มี','ปกติ','ไม่ผุ','17','115','','2565-04-04 02:05:52','','','','','','','3341501532229'),(871,4563,'33','2564','2',8,1,2,'ไม่มี','ปกติ','ไม่ผุ','35','145','','2565-04-04 02:06:00','','','10','22','0','5.3','3341501429835'),(872,4748,'21','2564','2',5,2,2,'ไม่มี','ปกติ','ไม่ผุ','45','140','','2565-04-04 02:06:03','','','8','25','6','7.1','3340700912152'),(873,4781,'30','2564','2',4,1,1,'ไม่มี','ปกติ','ไม่ผุ','18','111','','2565-04-04 02:06:03','','','','','','','3341501532229'),(874,4781,'30','2564','2',4,1,2,'ไม่มี','ปกติ','ไม่ผุ','20','115','','2565-04-04 02:06:13','','','','','','','3341501532229'),(875,4749,'22','2564','2',5,2,2,'ไม่มี','ปกติ','ไม่ผุ','20','123','','2565-04-04 02:06:19','','','8','26','1','15','3340700912152'),(876,4782,'31','2564','2',4,1,2,'ไม่มี','ปกติ','ไม่ผุ','20','119','','2565-04-04 02:06:33','','','','','','','3341501532229'),(877,4750,'23','2564','2',5,2,2,'ไม่มี','ปกติ','ไม่ผุ','23','117','','2565-04-04 02:06:34','','','8','25','3','11','3340700912152'),(878,4772,'24','2564','2',5,2,2,'ไม่มี','ปกติ','ไม่ผุ','25','130','','2565-04-04 02:06:51','','','8','33','2.5','5.3','3340700912152'),(879,4566,'34','2564','2',8,1,2,'ไม่มี','ปกติ','ไม่ผุ','31','145','','2565-04-04 02:06:51','','','14.5','14','0','6.4','3341501429835'),(880,4782,'31','2564','2',4,1,1,'ไม่มี','ปกติ','ไม่ผุ','22','123','','2565-04-04 02:06:58','','','','','','','3341501532229'),(881,4828,'32','2564','2',4,1,1,'ไม่มี','ปกติ','ไม่ผุ','19','118','','2565-04-04 02:07:13','','','','','','','3341501532229'),(882,4580,'35','2564','2',8,1,2,'ไม่มี','ปกติ','ไม่ผุ','28','141','','2565-04-04 02:07:30','','','16.5','28','0','6.5','3341501429835'),(883,4828,'32','2564','2',4,1,2,'ไม่มี','ปกติ','ไม่ผุ','20','120','','2565-04-04 02:07:34','','','','','','','3341501532229'),(884,4712,'36','2564','2',8,1,2,'ไม่มี','ปกติ','ไม่ผุ','45','155','','2565-04-04 02:08:45','','','9.5','25','0','7.6','3341501429835'),(885,4766,'37','2564','2',8,1,2,'ไม่มี','ปกติ','ไม่ผุ','47','153','','2565-04-04 02:10:23','','','11.5','26','7.5','6.6','3341501429835'),(886,4794,'38','2564','2',8,1,2,'ไม่มี','ปกติ','ไม่ผุ','62','148','','2565-04-04 02:12:10','','','11.5','25','0','18','3341501429835'),(887,4683,'1','2564','2',5,1,1,'ไม่มี','ปกติ','ไม่ผุ','16','119','','2565-04-04 02:12:48','','','7','30','7','6.2','3349800210115'),(888,4684,'2','2564','2',5,1,1,'ไม่มี','ปกติ','ไม่ผุ','25','129','','2565-04-04 02:13:22','','','18','21','1.5','4.5','3349800210115'),(889,4685,'3','2564','2',5,1,1,'ไม่มี','ปกติ','ไม่ผุ','19','129','','2565-04-04 02:14:20','','','7','22','1','6.2','3349800210115'),(890,4687,'4','2564','2',5,1,1,'ไม่มี','ปกติ','ไม่ผุ','18','113','','2565-04-04 02:14:51','','','10','27','5.2','4.4','3349800210115'),(891,4686,'5','2564','2',5,1,1,'ไม่มี','ปกติ','ไม่ผุ','36','124','','2565-04-04 02:15:31','','','10','18','1','6.2','3349800210115'),(892,4681,'6','2564','2',5,1,1,'ไม่มี','ปกติ','ไม่ผุ','21','118','','2565-04-04 02:16:07','','','18','21','3.5','5.3','3349800210115'),(893,4682,'7','2564','2',5,1,1,'ไม่มี','ปกติ','ไม่ผุ','22','121','','2565-04-04 02:16:47','','','13','17','5.5','5.2','3349800210115'),(894,4735,'8','2564','2',5,1,1,'ไม่มี','ปกติ','ไม่ผุ','23','119','','2565-04-04 02:17:24','','','10','16','20','1.8','3349800210115'),(895,4734,'9','2564','2',5,1,1,'ไม่มี','ปกติ','ไม่ผุ','19','111','','2565-04-04 02:19:36','','','10','32','7','5.5','3349800210115'),(896,4737,'10','2564','2',5,1,1,'ไม่มี','ปกติ','ไม่ผุ','19','115','','2565-04-04 02:20:05','','','15','20','1','5.8','3349800210115'),(897,4773,'11','2564','2',5,1,1,'ไม่มี','ปกติ','ไม่ผุ','18','114','','2565-04-04 02:20:29','','','0','0','0','0','3349800210115'),(898,4696,'14','2564','2',5,1,1,'ไม่มี','ปกติ','ไม่ผุ','15','118','','2565-04-04 02:21:02','','','14','16','6','5.0','3349800210115'),(899,4736,'12','2564','2',5,1,1,'ไม่มี','ปกติ','ไม่ผุ','16','110','','2565-04-04 02:21:35','','','10','20','5','5.3','3349800210115'),(900,4699,'13','2564','2',5,1,1,'ไม่มี','ปกติ','ไม่ผุ','18','113','','2565-04-04 02:22:23','','','10','24','4','6.6','3349800210115'),(901,4697,'15','2564','2',5,1,1,'ไม่มี','ปกติ','ไม่ผุ','15','112','','2565-04-04 02:23:00','','','8','11','6.3','6.4','3349800210115'),(902,4698,'16','2564','2',5,1,1,'ไม่มี','ปกติ','ไม่ผุ','21','114','','2565-04-04 02:23:24','','','8','23','4.1','5.3','3349800210115'),(903,4700,'17','2564','2',5,1,1,'ไม่มี','ปกติ','ไม่ผุ','23','117','','2565-04-04 02:23:59','','','24','24','3.2','6.3','3349800210115'),(904,4701,'18','2564','2',5,1,1,'ไม่มี','ปกติ','ไม่ผุ','21','118','','2565-04-04 02:24:25','','','8','15','2.9','6.3','3349800210115'),(905,4738,'19','2564','2',5,1,1,'ไม่มี','ปกติ','ไม่ผุ','25','115','','2565-04-04 02:24:58','','','15','25','3.2','6.2','3349800210115'),(906,4741,'20','2564','2',5,1,1,'ไม่มี','ปกติ','ไม่ผุ','20','117','','2565-04-04 02:25:29','','','24','20','5.1','6.4','3349800210115'),(907,4739,'21','2564','2',5,1,1,'ไม่มี','ปกติ','ไม่ผุ','20','121','','2565-04-04 02:26:04','','','17','20','2.5','5.3','3349800210115'),(908,4742,'22','2564','2',5,1,1,'ไม่มี','ปกติ','ไม่ผุ','16','114','','2565-04-04 02:26:30','','','26','20','5.8','6.3','3349800210115'),(909,4743,'23','2564','2',5,1,1,'ไม่มี','ปกติ','ไม่ผุ','20','117','','2565-04-04 02:26:57','','','24','14','5.8','6.5','3349800210115'),(910,4770,'24','2564','2',5,1,1,'ไม่มี','ปกติ','ไม่ผุ','20','119','','2565-04-04 02:27:26','','','10','28','5','6.3','3349800210115'),(911,4792,'25','2564','2',5,1,1,'ไม่มี','ปกติ','ไม่ผุ','16','117','','2565-04-04 02:27:48','','','10','23','6.1','6.3','3349800210115'),(912,4683,'1','2564','2',5,1,2,'ไม่มี','ปกติ','ไม่ผุ','16','119','','2565-04-04 02:32:43','','','18','21','1.5','4.5','3349800210115'),(913,4684,'2','2564','2',5,1,2,'ไม่มี','ปกติ','ไม่ผุ','25','129','','2565-04-04 02:33:04','','','15','21','1.5','4.5','3349800210115'),(914,4685,'3','2564','2',5,1,2,'ไม่มี','ปกติ','ไม่ผุ','19','129','','2565-04-04 02:33:20','','','7','22','1','6.2','3349800210115'),(915,4687,'4','2564','2',5,1,2,'ไม่มี','ปกติ','ไม่ผุ','18','113','','2565-04-04 02:33:47','','','10','27','5.2','4.4','3349800210115'),(916,4686,'5','2564','2',5,1,2,'ไม่มี','ปกติ','ไม่ผุ','26','124','','2565-04-04 02:34:04','','','10','18','1','6.2','3349800210115'),(917,4681,'6','2564','2',5,1,2,'ไม่มี','ปกติ','ไม่ผุ','21','118','','2565-04-04 02:34:23','','','10','21','3.5','5.3','3349800210115'),(918,4682,'7','2564','2',5,1,2,'ไม่มี','ปกติ','ไม่ผุ','22','121','','2565-04-04 02:34:45','','','13','17','5.5','5.2','3349800210115'),(919,4735,'8','2564','2',5,1,2,'ไม่มี','ปกติ','ไม่ผุ','23','119','','2565-04-04 02:35:46','','','10','16','20','18','3349800210115'),(920,4734,'9','2564','2',5,1,2,'ไม่มี','ปกติ','ไม่ผุ','19','111','','2565-04-04 02:36:07','','','10','32','7','5.5','3349800210115'),(921,4737,'10','2564','2',5,1,2,'ไม่มี','ปกติ','ไม่ผุ','19','115','','2565-04-04 02:36:36','','','15','20','1','5.8','3349800210115'),(922,4773,'11','2564','2',5,1,2,'ไม่มี','ปกติ','ไม่ผุ','20','114','','2565-04-04 02:36:55','','','0','0','0','0','3349800210115'),(923,4736,'12','2564','2',5,1,2,'ไม่มี','ปกติ','ไม่ผุ','16','110','','2565-04-04 02:37:15','','','10','20','5','5.3','3349800210115'),(924,4699,'13','2564','2',5,1,2,'ไม่มี','ปกติ','ไม่ผุ','18','113','','2565-04-04 02:37:47','','','10','24','4','6.6','3349800210115'),(925,4696,'14','2564','2',5,1,2,'ไม่มี','ปกติ','ไม่ผุ','18','114','','2565-04-04 02:38:34','','','10','20','5','6.0','3349800210115'),(926,4697,'15','2564','2',5,1,2,'ไม่มี','ปกติ','ไม่ผุ','15','112','','2565-04-04 02:38:53','','','8','11','6.3','6.4','3349800210115'),(927,4698,'16','2564','2',5,1,2,'ไม่มี','ปกติ','ไม่ผุ','21','114','','2565-04-04 02:39:14','','','8','23','4.2','5.3','3349800210115'),(928,4700,'17','2564','2',5,1,2,'ไม่มี','ปกติ','ไม่ผุ','23','117','','2565-04-04 02:39:38','','','24','24','3.2','6.3','3349800210115'),(929,4701,'18','2564','2',5,1,2,'ไม่มี','ปกติ','ไม่ผุ','21','118','','2565-04-04 02:40:17','','','8','15','2.9','6.3','3349800210115'),(930,4738,'19','2564','2',5,1,2,'ไม่มี','ปกติ','ไม่ผุ','25','114','','2565-04-04 02:40:41','','','15','25','3.2','6.2','3349800210115'),(931,4741,'20','2564','2',5,1,2,'ไม่มี','ปกติ','ไม่ผุ','20','117','','2565-04-04 02:41:07','','','24','20','5.1','6.5','3349800210115'),(932,4739,'21','2564','2',5,1,2,'ไม่มี','ปกติ','ไม่ผุ','20','121','','2565-04-04 02:41:32','','','17','20','2.5','5.3','3349800210115'),(933,4742,'22','2564','2',5,1,2,'ไม่มี','ปกติ','ไม่ผุ','16','114','','2565-04-04 02:42:01','','','26','20','5.8','6.3','3349800210115'),(934,4743,'23','2564','2',5,1,2,'ไม่มี','ปกติ','ไม่ผุ','20','117','','2565-04-04 02:42:20','','','24','14','5.8','6.5','3349800210115'),(935,4770,'24','2564','2',5,1,2,'ไม่มี','ปกติ','ไม่ผุ','20','119','','2565-04-04 02:42:41','','','10','28','5','6.3','3349800210115'),(936,4792,'25','2564','2',5,1,2,'ไม่มี','ปกติ','ไม่ผุ','16','117','','2565-04-04 02:43:01','','','10','23','6.1','6.3','3349800210115'),(937,4650,'1','2564','2',6,1,2,'ไม่มี','ปกติ','ไม่ผุ','24','123','','2565-04-04 04:57:50','','','15','26','2','5.5','3341501548354'),(938,4650,'1','2564','2',6,1,1,'ไม่มี','ปกติ','ไม่ผุ','23','122','','2565-04-04 05:07:29','','','10','22','0','6','3341501548354'),(939,4651,'2','2564','2',6,1,1,'ไม่มี','ปกติ','ไม่ผุ','23','122','','2565-04-04 05:25:39','','','15','36','0','7.1','3341501548354'),(940,4651,'2','2564','2',6,1,2,'ไม่มี','ปกติ','ไม่ผุ','24','124','','2565-04-04 05:26:06','','','18','33','2','6.7','3341501548354'),(941,4646,'3','2564','2',6,1,1,'ไม่มี','ปกติ','ไม่ผุ','22','125','','2565-04-04 05:27:46','','','11','23','1','6.4','3341501548354'),(942,4646,'3','2564','2',6,1,2,'ไม่มี','ปกติ','ไม่ผุ','23','126','','2565-04-04 05:28:16','','','13','27','3','6','3341501548354'),(943,4652,'4','2564','2',6,1,1,'ไม่มี','ปกติ','ไม่ผุ','22','120','','2565-04-04 05:29:07','','','10','20','5','5.3','3341501548354'),(944,4652,'4','2564','2',6,1,2,'ไม่มี','ปกติ','ไม่ผุ','23','123','','2565-04-04 05:29:18','','','12','24','6','5','3341501548354'),(945,4647,'5','2564','2',6,1,1,'ไม่มี','ปกติ','ไม่ผุ','21','123','','2565-04-04 05:30:20','','','11','23','3','6.2','3341501548354'),(946,4647,'5','2564','2',6,1,2,'ไม่มี','ปกติ','ไม่ผุ','23','125','','2565-04-04 05:30:53','','','14','25','4','5.8','3341501548354'),(947,4653,'6','2564','2',6,1,1,'ไม่มี','ปกติ','ไม่ผุ','26','127','','2565-04-04 05:32:03','','','10','30','5','7.2','3341501548354'),(948,4653,'6','2564','2',6,1,2,'ไม่มี','ปกติ','ไม่ผุ','26','129','','2565-04-04 05:32:13','','','14','33','7','6.9','3341501548354'),(949,4648,'7','2564','2',6,1,1,'ไม่มี','ปกติ','ไม่ผุ','25','123','','2565-04-04 05:34:53','','','10','23','12','6.4','3341501548354'),(950,4648,'7','2564','2',6,1,2,'ไม่มี','ปกติ','ไม่ผุ','26','126','','2565-04-04 05:35:15','','','12','27','13','5.8','3341501548354'),(951,4669,'35','2564','2',6,1,1,'ไม่มี','ปกติ','ไม่ผุ','24','123','','2565-04-04 05:36:54','','','10','22','4','7','3341501548354'),(952,4669,'35','2564','2',6,1,2,'ไม่มี','ปกติ','ไม่ผุ','25','125','','2565-04-04 05:37:15','','','13','24','5','6.4','3341501548354'),(953,4649,'8','2564','2',6,1,1,'ไม่มี','ปกติ','ไม่ผุ','24','123','','2565-04-04 05:38:21','','','10','23','4','7.4','3341501548354'),(954,4649,'8','2564','2',6,1,2,'ไม่มี','ปกติ','ไม่ผุ','25','125','','2565-04-04 05:38:28','','','16','24','5','7','3341501548354'),(955,4656,'9','2564','2',6,1,1,'ไม่มี','ปกติ','ไม่ผุ','37','126','','2565-04-04 05:39:54','','','5','25','8','7.1','3341501548354'),(956,4656,'9','2564','2',6,1,2,'ไม่มี','ปกติ','ไม่ผุ','39','130','','2565-04-04 05:40:03','','','8','29','7','6.4','3341501548354'),(957,4657,'10','2564','2',6,1,1,'ไม่มี','ปกติ','ไม่ผุ','43','128','','2565-04-04 05:41:37','','','5','3','0','7.6','3341501548354'),(958,4657,'10','2564','2',6,1,2,'ไม่มี','ปกติ','ไม่ผุ','44','132','','2565-04-04 05:41:58','','','7','5','1','7.5','3341501548354'),(959,4658,'11','2564','2',6,1,1,'ไม่มี','ปกติ','ไม่ผุ','20','119','','2565-04-04 05:43:01','','','10','5','5','7.6','3341501548354'),(960,4658,'11','2564','2',6,1,2,'ไม่มี','ปกติ','ไม่ผุ','22','121','','2565-04-04 05:43:18','','','12','6','6','7.2','3341501548354'),(961,4659,'12','2564','2',6,1,1,'ไม่มี','ปกติ','ไม่ผุ','25','124','','2565-04-04 05:44:14','','','10','24','6.5','8.1','3341501548354'),(962,4659,'12','2564','2',6,1,2,'ไม่มี','ปกติ','ไม่ผุ','26','126','','2565-04-04 05:44:32','','','13','25','7','6.7','3341501548354'),(963,4751,'13','2564','2',6,1,1,'ไม่มี','ปกติ','ไม่ผุ','22','122','','2565-04-04 05:45:59','','','10','24','4','6.3','3341501548354'),(964,4751,'13','2564','2',6,1,2,'ไม่มี','ปกติ','ไม่ผุ','23','124','','2565-04-04 05:46:08','','','15','27','5','5.7','3341501548354'),(965,4768,'14','2564','2',6,1,1,'ไม่มี','ปกติ','ไม่ผุ','33','126','','2565-04-04 05:47:11','','','10','20','4','6.7','3341501548354'),(966,4768,'14','2564','2',6,1,2,'ไม่มี','ปกติ','ไม่ผุ','34','128','','2565-04-04 05:47:25','','','12','22','4','6.2','3341501548354'),(967,4783,'15','2564','2',6,1,1,'ไม่มี','ปกติ','ไม่ผุ','24','129','','2565-04-04 05:49:03','','','25','29','12.5','5.4','3341501548354'),(968,4783,'15','2564','2',6,1,2,'ไม่มี','ปกติ','ไม่ผุ','25','132','','2565-04-04 05:49:14','','','27','34','14','5','3341501548354'),(969,4654,'16','2564','2',6,1,1,'ไม่มี','ปกติ','ไม่ผุ','30','144','','2565-04-04 05:50:53','','','8','27','5','7.6','3341501548354'),(970,4654,'16','2564','2',6,1,2,'ไม่มี','ปกติ','ไม่ผุ','32','146','','2565-04-04 05:51:04','','','10','30','7','7','3341501548354'),(971,4791,'17','2564','2',6,1,1,'ไม่มี','ปกติ','ไม่ผุ','26','125','','2565-04-04 05:52:05','','','7.5','27','5','7.4','3341501548354'),(972,4791,'17','2564','2',6,1,2,'ไม่มี','ปกติ','ไม่ผุ','27','128','','2565-04-04 05:52:24','','','9','29','6','6.9','3341501548354'),(973,4661,'18','2564','2',6,1,1,'ไม่มี','ปกติ','ไม่ผุ','23','123','','2565-04-04 05:53:40','','','12.5','15','4.5','7.1','3341501548354'),(974,4661,'18','2564','2',6,1,2,'ไม่มี','ปกติ','ไม่ผุ','24','125','','2565-04-04 05:53:48','','','14','17','5','6.6','3341501548354'),(975,4662,'19','2564','2',6,1,1,'ไม่มี','ปกติ','ไม่ผุ','24','128','','2565-04-04 05:55:03','','','13','22','12','7','3341501548354'),(976,4662,'19','2564','2',6,1,2,'ไม่มี','ปกติ','ไม่ผุ','25','130','','2565-04-04 05:55:21','','','15','25','10','6.5','3341501548354'),(977,4663,'20','2564','2',6,1,1,'ไม่มี','ปกติ','ไม่ผุ','22','122','','2565-04-04 05:56:26','','','7','22','1','6.4','3341501548354'),(978,4663,'20','2564','2',6,1,2,'ไม่มี','ปกติ','ไม่ผุ','23','124','','2565-04-04 05:56:43','','','9','23','3','6.2','3341501548354'),(979,4664,'21','2564','2',6,1,1,'ไม่มี','ปกติ','ไม่ผุ','40','122','','2565-04-04 05:57:41','','','6','20','2','6.4','3341501548354'),(980,4664,'21','2564','2',6,1,2,'ไม่มี','ปกติ','ไม่ผุ','40','124','','2565-04-04 05:57:54','','','8','25','4','6','3341501548354'),(981,4666,'22','2564','2',6,1,2,'ไม่มี','ปกติ','ไม่ผุ','26','129','','2565-04-04 05:59:16','','','13','28','2','7.3','3341501548354'),(982,4666,'22','2564','2',6,1,1,'ไม่มี','ปกติ','ไม่ผุ','25','128','','2565-04-04 05:59:31','','','11','26','1','7.8','3341501548354'),(983,4667,'23','2564','2',6,1,1,'ไม่มี','ปกติ','ไม่ผุ','26','123','','2565-04-04 06:00:25','','','7','26','5','6.4','3341501548354'),(984,4667,'23','2564','2',6,1,2,'ไม่มี','ปกติ','ไม่ผุ','26','125','','2565-04-04 06:00:35','','','10','28','6','6','3341501548354'),(985,4668,'24','2564','2',6,1,1,'ไม่มี','ปกติ','ไม่ผุ','25','126','','2565-04-04 06:01:46','','','7','27','5','6.2','3341501548354'),(986,4668,'24','2564','2',6,1,2,'ไม่มี','ปกติ','ไม่ผุ','26','129','','2565-04-04 06:02:03','','','11','29','6','6.','3341501548354'),(987,4660,'25','2564','2',6,1,1,'ไม่มี','ปกติ','ไม่ผุ','40','122','','2565-04-04 06:03:02','','','6','15','0','6.4','3341501548354'),(988,4660,'25','2564','2',6,1,2,'ไม่มี','ปกติ','ไม่ผุ','40','123','','2565-04-04 06:03:12','','','8','17','6','6','3341501548354'),(989,4673,'26','2564','2',6,1,1,'ไม่มี','ปกติ','ไม่ผุ','39','131','','2565-04-04 06:04:27','','','14','17','5','7.4','3341501548354'),(990,4673,'26','2564','2',6,1,2,'ไม่มี','ปกติ','ไม่ผุ','39','133','','2565-04-04 06:04:50','','','15','20','6','6.2','3341501548354'),(991,4672,'27','2564','2',6,1,1,'ไม่มี','ปกติ','ไม่ผุ','21','121','','2565-04-04 06:05:37','','','10','20','4','6.4','3341501548354'),(992,4672,'27','2564','2',6,1,2,'ไม่มี','ปกติ','ไม่ผุ','22','123','','2565-04-04 06:05:52','','','12','21','6','6','3341501548354'),(993,4676,'28','2564','2',6,1,1,'ไม่มี','ปกติ','ไม่ผุ','23','121','','2565-04-04 06:14:25','','','8','21','2','7','3341501548354'),(994,4676,'28','2564','2',6,1,2,'ไม่มี','ปกติ','ไม่ผุ','24','123','','2565-04-04 06:14:36','','','10','22','4','6.7','3341501548354'),(995,4678,'29','2564','2',6,1,2,'ไม่มี','ปกติ','ไม่ผุ','27','136','','2565-04-04 06:15:39','','','17','26','4','4.5','3341501548354'),(996,4678,'29','2564','2',6,1,1,'ไม่มี','ปกติ','ไม่ผุ','26','134','','2565-04-04 06:15:48','','','15','23','2','5','3341501548354'),(997,4680,'30','2564','2',6,1,1,'ไม่มี','ปกติ','ไม่ผุ','25','122','','2565-04-04 06:17:00','','','10','28','6','7.2','3341501548354'),(998,4680,'30','2564','2',6,1,2,'ไม่มี','ปกติ','ไม่ผุ','26','124','','2565-04-04 06:19:22','','','14','30','8','6.8','3341501548354'),(999,4762,'31','2564','2',6,1,1,'ไม่มี','ปกติ','ไม่ผุ','22','127','','2565-04-04 06:18:34','','','10','28','5','7.2','3341501548354'),(1000,4762,'31','2564','2',6,1,2,'ไม่มี','ปกติ','ไม่ผุ','23','130','','2565-04-04 06:18:50','','','13','30','6','6.7','3341501548354'),(1001,4670,'32','2564','2',6,1,2,'ไม่มี','ปกติ','ไม่ผุ','25','127','','2565-04-04 06:21:33','','','11','23','2','7','3341501548354'),(1002,4670,'32','2564','2',6,1,1,'ไม่มี','ปกติ','ไม่ผุ','24','125','','2565-04-04 06:21:48','','','10','20','1','7.2','3341501548354'),(1003,4827,'33','2564','2',6,1,2,'ไม่มี','ปกติ','ไม่ผุ','25','128','','2565-04-04 06:22:50','','','18','27','4','7','3341501548354'),(1004,4827,'33','2564','2',6,1,1,'ไม่มี','ปกติ','ไม่ผุ','24','126','','2565-04-04 06:22:52','','','13','24','2','7.1','3341501548354'),(1005,4674,'34','2564','2',6,1,2,'ไม่มี','ปกติ','ไม่ผุ','25','129','','2565-04-04 06:23:30','','','18','24','4','6.4','3341501548354'),(1006,4674,'34','2564','2',6,1,1,'ไม่มี','ปกติ','ไม่ผุ','25','126','','2565-04-04 06:23:45','','','17','21','2','6.9','3341501548354');

--
-- Table structure for table `health_personal`
--

CREATE TABLE `health_personal` (
  `per_id` int(11) NOT NULL AUTO_INCREMENT,
  `personal_code` varchar(13) NOT NULL,
  `per_position` int(3) NOT NULL,
  `per_status` int(3) NOT NULL,
  `person_room` int(3) NOT NULL,
  PRIMARY KEY (`per_id`)
) ENGINE=MyISAM AUTO_INCREMENT=48 DEFAULT CHARSET=utf8 COLLATE=utf8_general_ci;

--
-- Dumping data for table `health_personal`
--

INSERT INTO `health_personal` VALUES (46,'3349900736445',10,1,1),(32,'5330400077483',6,1,2),(28,'1341100196434',3,1,1),(9,'3349900668369',11,1,1),(47,'3340700281802',11,1,1),(36,'3349800053885',10,1,1),(13,'1489900175632',12,1,1),(38,'3349800248872',7,1,1),(19,'1341500313721',8,1,1),(42,'3349800052587',12,1,1),(34,'3349800181484',9,1,1),(33,'3341501429835',7,1,2),(25,'3341501548354',6,1,1),(26,'3341501532229',4,1,1),(27,'1341500182155',4,1,1),(29,'1341500231954',2,1,1),(44,'5341500080479',5,1,1);

--
-- Table structure for table `health_weight_height`
--

CREATE TABLE `health_weight_height` (
  `id` int(11) NOT NULL AUTO_INCREMENT,
  `type` tinyint(4) NOT NULL DEFAULT 0,
  `sex` tinyint(4) NOT NULL DEFAULT 1,
  `height` int(11) NOT NULL,
  `weight_1` double NOT NULL,
  `weight_2` double NOT NULL,
  `weight_3` double NOT NULL,
  `weight_4` double NOT NULL,
  `weight_5` double NOT NULL,
  PRIMARY KEY (`id`)
) ENGINE=MyISAM AUTO_INCREMENT=75 DEFAULT CHARSET=utf8 COLLATE=utf8_general_ci;

--
-- Dumping data for table `health_weight_height`
--

INSERT INTO `health_weight_height` VALUES (1,0,1,50,2.5,3,3.8,4,4.5),(2,0,1,55,3.5,4,4.8,5,6),(3,0,1,60,4.5,5,6.3,6.5,7.5),(4,0,1,65,5.5,6,7.8,8,9),(5,0,1,70,7,7.5,9.3,9.5,10.5),(6,0,1,75,8,8.5,10.8,11,12),(7,0,1,80,9,9.5,12,12.5,13.5),(8,0,1,85,10,10.5,13.5,14,15.5),(9,0,1,90,11,11.5,15,15.5,17),(10,0,1,95,12,12.5,16.5,17,19),(11,0,1,100,13,14,18.5,19,21),(12,0,1,105,14,15,20,21,22.5),(13,0,1,110,15.5,16.5,22,23,25),(14,0,1,115,17,18,24,25,28),(15,0,1,120,18.5,19.5,26.5,28,31),(16,0,1,125,20.5,21.5,29.5,31,35),(17,0,1,130,22,23.5,33,35,39.5),(18,0,1,135,24,25.5,37,39,45),(19,0,1,140,26.5,28,41,44,50),(20,0,2,50,3,3.1,3.8,4,4.5),(21,0,2,55,3.5,4,4.8,5,6),(22,0,2,60,4.5,5,6.3,6.5,7),(23,0,2,65,5.5,6,7.8,8,8.5),(24,0,2,70,6.5,7.5,8.8,9,10),(25,0,2,75,7.5,8.5,10.8,10.5,11.5),(26,0,2,80,8.5,9,11.5,12.5,13),(27,0,2,85,9.5,10,13,13.5,14.5),(28,0,2,90,10.5,11.5,14.5,15.5,16.5),(29,0,2,95,11.5,13,16.5,17,18.5),(30,0,2,100,13,13.5,18,18.5,20.5),(31,0,2,110,15.5,16,22,23,25),(32,0,2,115,16.5,17.5,24,25,28),(33,0,2,120,18,19,27,28.5,31.5),(34,0,2,125,19.5,21.5,30,31.5,35.5),(35,0,2,130,21.5,23,34,36,41),(36,0,2,135,23.5,25,38,40.5,46),(37,0,2,140,25.5,27.5,42.5,45.5,55.5),(38,0,2,105,14,15,19.5,20.5,22.5),(39,1,1,90,11,11.5,15,16,17),(40,1,1,95,12,12.5,17,17.5,19),(41,1,1,100,13,14,18,19,21),(42,1,1,105,14.5,15,19.5,20.5,22.5),(43,1,1,110,16,16.6,21.5,22.5,24.5),(44,1,1,115,17,18,24,25,27.5),(45,1,1,120,19,19.5,26.5,28,30.5),(46,1,1,125,20,21,29,31,34),(47,1,1,130,22,23,33,35,39),(48,1,1,135,24.5,25.5,37,39.5,45),(49,1,1,140,26.5,28.5,41,44,50),(50,1,1,145,29,31,45,48,54.5),(51,1,1,150,32,34,49,52.5,58.5),(52,1,1,155,35,37,53,56.5,62.5),(53,1,1,160,38.5,41,57,60.5,66.5),(54,1,1,165,42.5,45,61.5,64.5,70),(55,1,1,170,46,48.5,65,68,74.5),(56,1,1,175,49.5,52.5,69,72,77),(57,1,1,180,53,56,72,75,80),(58,1,2,90,11,11.5,15,16,17),(59,1,2,95,12,12.5,16,17,18.5),(60,1,2,100,13,13.5,18,19,20.5),(61,1,2,105,14,15,19.5,20.5,22.5),(62,1,2,110,15.5,16,21.5,22.5,25),(63,1,2,115,17,17.5,24,25,27.5),(64,1,2,120,18.5,19,26.5,28,31),(65,1,2,125,20,21,30,32,36),(66,1,2,130,21.5,22.5,33.5,36,41),(67,1,2,135,23.5,25,38,41,46),(68,1,2,140,26,27.5,42.5,45.5,51.5),(69,1,2,145,29,31,47,50,56.5),(70,1,2,150,32.5,34.5,51.5,54.5,61),(71,1,2,155,36,38.5,55.5,58.5,65),(72,1,2,160,39.5,42,59,62,68),(73,1,2,165,43,45.5,62,65,70.5),(74,1,2,170,47,48.5,65.5,67.5,72.5);

--
-- Table structure for table `idplan_education`
--

CREATE TABLE `idplan_education` (
  `id` int(11) NOT NULL AUTO_INCREMENT,
  `person_id` varchar(15) DEFAULT NULL,
  `class` varchar(30) DEFAULT NULL,
  `initials` varchar(30) DEFAULT NULL,
  `subject_1` varchar(150) DEFAULT NULL,
  `subject` varchar(150) DEFAULT NULL,
  `institute` varchar(200) DEFAULT NULL,
  `province` varchar(50) DEFAULT NULL,
  `finish_year` varchar(10) DEFAULT NULL,
  PRIMARY KEY (`id`)
) ENGINE=MyISAM AUTO_INCREMENT=11 DEFAULT CHARSET=utf8 COLLATE=utf8_general_ci;

--
-- Dumping data for table `idplan_education`
--

INSERT INTO `idplan_education` VALUES (9,'3341501548354','ปริญญาตรี','คบ.','จิตวิทยาและการแนะแนว','ภาษาไทย','วิทยาลัยครูอุบลราชธานี','อุบลราชธานี','2535'),(10,'3341501532229','ศษม','ศึกษาศาสตร์มหาบัณฑิต','','การบริหารการศึกษา','กรุงเทพธนบุรี','กรุงเทพ','2553');

--
-- Table structure for table `idplan_list_setting`
--

CREATE TABLE `idplan_list_setting` (
  `id` int(11) NOT NULL AUTO_INCREMENT,
  `rating` int(5) DEFAULT NULL,
  `item_list` char(50) DEFAULT NULL,
  `permission` int(2) DEFAULT NULL,
  PRIMARY KEY (`id`)
) ENGINE=MyISAM AUTO_INCREMENT=12 DEFAULT CHARSET=utf8 COLLATE=utf8_general_ci;

--
-- Dumping data for table `idplan_list_setting`
--


--
-- Table structure for table `idplan_lookbook_1`
--

CREATE TABLE `idplan_lookbook_1` (
  `id` int(11) NOT NULL AUTO_INCREMENT,
  `person_id` varchar(15) DEFAULT NULL,
  `study_year` varchar(5) DEFAULT NULL,
  `term` varchar(2) DEFAULT NULL,
  `office` varchar(200) DEFAULT NULL,
  `school_name` varchar(250) DEFAULT NULL,
  `class` varchar(5) DEFAULT NULL,
  `subject_1` varchar(3) DEFAULT NULL,
  `subject_2` varchar(150) DEFAULT NULL,
  `house` int(3) DEFAULT NULL,
  PRIMARY KEY (`id`)
) ENGINE=MyISAM AUTO_INCREMENT=22 DEFAULT CHARSET=utf8 COLLATE=utf8_general_ci;

--
-- Dumping data for table `idplan_lookbook_1`
--

INSERT INTO `idplan_lookbook_1` VALUES (19,'1341500231954','2562','1','','โรงเรียนบ้านโนนแดง','3','','ปฐมวัย',30),(20,'1341500231954','2562','2','','โรงเรียนบ้านโนนแดง','3','','ปฐมวัย',30),(21,'1341500231954','2563','1','','โรงเรียนบ้านโนนแดง','2','','ปฐมวัย',30);

--
-- Table structure for table `idplan_lookbook_2`
--

CREATE TABLE `idplan_lookbook_2` (
  `id` int(11) NOT NULL AUTO_INCREMENT,
  `person_id` varchar(15) DEFAULT NULL,
  `year` varchar(5) DEFAULT NULL,
  `term` varchar(1) DEFAULT NULL,
  `week` varchar(3) DEFAULT NULL,
  `start_date` date DEFAULT NULL,
  `end_date` date DEFAULT NULL,
  `group_vicha_id` varchar(2) DEFAULT NULL,
  `vicha_name` varchar(200) DEFAULT NULL,
  `vicha_code` varchar(10) DEFAULT NULL,
  `vitaya` varchar(2) DEFAULT NULL,
  `hour_term` varchar(5) DEFAULT NULL,
  `time` varchar(5) DEFAULT NULL,
  `time_unit` varchar(25) DEFAULT NULL,
  `learn_type` varchar(2) DEFAULT NULL,
  `garantee` varchar(2) DEFAULT NULL,
  PRIMARY KEY (`id`)
) ENGINE=MyISAM AUTO_INCREMENT=20 DEFAULT CHARSET=utf8 COLLATE=utf8_general_ci;

--
-- Dumping data for table `idplan_lookbook_2`
--


--
-- Table structure for table `idplan_lookbook_3`
--

CREATE TABLE `idplan_lookbook_3` (
  `id` int(11) NOT NULL AUTO_INCREMENT,
  `person_id` varchar(15) DEFAULT NULL,
  `year` varchar(5) DEFAULT NULL,
  `term` varchar(1) DEFAULT NULL,
  `week` varchar(3) DEFAULT NULL,
  `start_date` date DEFAULT NULL,
  `end_date` date DEFAULT NULL,
  `vicha_support` varchar(200) DEFAULT NULL,
  `hour_week` varchar(5) DEFAULT NULL,
  `garantee` varchar(2) DEFAULT NULL,
  PRIMARY KEY (`id`)
) ENGINE=MyISAM AUTO_INCREMENT=22 DEFAULT CHARSET=utf8 COLLATE=utf8_general_ci;

--
-- Dumping data for table `idplan_lookbook_3`
--


--
-- Table structure for table `idplan_lookbook_4`
--

CREATE TABLE `idplan_lookbook_4` (
  `id` int(11) NOT NULL AUTO_INCREMENT,
  `person_id` varchar(15) DEFAULT NULL,
  `year` varchar(5) DEFAULT NULL,
  `term` varchar(1) DEFAULT NULL,
  `week` varchar(3) DEFAULT NULL,
  `start_date` date DEFAULT NULL,
  `end_date` date DEFAULT NULL,
  `policy` varchar(255) DEFAULT NULL,
  `hour_week` varchar(5) DEFAULT NULL,
  `garantee` varchar(2) DEFAULT NULL,
  PRIMARY KEY (`id`)
) ENGINE=MyISAM AUTO_INCREMENT=24 DEFAULT CHARSET=utf8 COLLATE=utf8_general_ci;

--
-- Dumping data for table `idplan_lookbook_4`
--


--
-- Table structure for table `idplan_lookbook_5`
--

CREATE TABLE `idplan_lookbook_5` (
  `id` int(11) NOT NULL AUTO_INCREMENT,
  `person_id` varchar(15) DEFAULT NULL,
  `rec_date` date DEFAULT NULL,
  `develop_name` varchar(255) DEFAULT NULL,
  `develop_code` varchar(15) DEFAULT NULL,
  `knowledge` varchar(10) DEFAULT NULL,
  `skill` varchar(10) DEFAULT NULL,
  `teacher` varchar(10) DEFAULT NULL,
  `develop_hour` varchar(5) DEFAULT NULL,
  `develop_start_date` date DEFAULT NULL,
  `num_date` int(5) DEFAULT NULL,
  `development` varchar(10) DEFAULT NULL,
  `garantee` varchar(2) DEFAULT NULL,
  PRIMARY KEY (`id`)
) ENGINE=MyISAM AUTO_INCREMENT=4 DEFAULT CHARSET=utf8 COLLATE=utf8_general_ci;

--
-- Dumping data for table `idplan_lookbook_5`
--


--
-- Table structure for table `idplan_lookbook_6`
--

CREATE TABLE `idplan_lookbook_6` (
  `id` int(11) NOT NULL AUTO_INCREMENT,
  `person_id` varchar(15) DEFAULT NULL,
  `group_activities` varchar(255) DEFAULT NULL,
  `num_member` int(5) DEFAULT NULL,
  `activities_name` varchar(255) DEFAULT NULL,
  `round` varchar(3) DEFAULT NULL,
  `date_activities` date DEFAULT NULL,
  `term` varchar(2) DEFAULT NULL,
  `year` varchar(5) DEFAULT NULL,
  `num_hour` varchar(5) DEFAULT NULL,
  `r_character` varchar(3) DEFAULT NULL,
  `income_activities` varchar(5) DEFAULT NULL,
  `issues` varchar(255) DEFAULT NULL,
  `cause` varchar(255) DEFAULT NULL,
  `knowledge` varchar(255) DEFAULT NULL,
  `activities` varchar(255) DEFAULT NULL,
  `r_activities` varchar(255) DEFAULT NULL,
  `reapply` varchar(255) DEFAULT NULL,
  `other` varchar(255) DEFAULT NULL,
  `garantee` varchar(2) DEFAULT NULL,
  PRIMARY KEY (`id`)
) ENGINE=MyISAM AUTO_INCREMENT=6 DEFAULT CHARSET=utf8 COLLATE=utf8_general_ci;

--
-- Dumping data for table `idplan_lookbook_6`
--


--
-- Table structure for table `idplan_lookbook_group_subject`
--

CREATE TABLE `idplan_lookbook_group_subject` (
  `id` int(11) NOT NULL AUTO_INCREMENT,
  `g_subject` varchar(255) DEFAULT NULL,
  PRIMARY KEY (`id`)
) ENGINE=MyISAM AUTO_INCREMENT=21 DEFAULT CHARSET=utf8 COLLATE=utf8_general_ci;

--
-- Dumping data for table `idplan_lookbook_group_subject`
--


--
-- Table structure for table `idplan_management_crown`
--

CREATE TABLE `idplan_management_crown` (
  `id` int(11) NOT NULL AUTO_INCREMENT,
  `crown_name_th` char(100) DEFAULT NULL,
  `crown_shot_name` char(10) DEFAULT NULL,
  `crown_name_en` char(150) DEFAULT NULL,
  PRIMARY KEY (`id`)
) ENGINE=MyISAM AUTO_INCREMENT=37 DEFAULT CHARSET=utf8 COLLATE=utf8_general_ci;

--
-- Dumping data for table `idplan_management_crown`
--


--
-- Table structure for table `idplan_management_crown_year`
--

CREATE TABLE `idplan_management_crown_year` (
  `id` int(11) NOT NULL AUTO_INCREMENT,
  `person_id` varchar(15) DEFAULT NULL,
  `crown_id` varchar(3) DEFAULT NULL,
  `crown_year` varchar(7) DEFAULT NULL,
  PRIMARY KEY (`id`)
) ENGINE=MyISAM AUTO_INCREMENT=5 DEFAULT CHARSET=utf8 COLLATE=utf8_general_ci;

--
-- Dumping data for table `idplan_management_crown_year`
--

INSERT INTO `idplan_management_crown_year` VALUES (4,'3341501548354','','2552');

--
-- Table structure for table `idplan_management_family`
--

CREATE TABLE `idplan_management_family` (
  `id` int(11) NOT NULL AUTO_INCREMENT,
  `person_id` varchar(15) DEFAULT NULL,
  `family_prename` varchar(20) DEFAULT NULL,
  `family_name` varchar(100) DEFAULT NULL,
  `family_surname` varchar(150) DEFAULT NULL,
  `birth_date` date DEFAULT NULL,
  `family_type` varchar(5) DEFAULT NULL,
  PRIMARY KEY (`id`)
) ENGINE=MyISAM AUTO_INCREMENT=11 DEFAULT CHARSET=utf8 COLLATE=utf8_general_ci;

--
-- Dumping data for table `idplan_management_family`
--

INSERT INTO `idplan_management_family` VALUES (9,'3341501548354','นาง','วิไล','ไหว้ครูู','0000-00-00','2'),(10,'3341501532229','นาย','พร','ผันผอง','1937-01-02','1');

--
-- Table structure for table `idplan_management_marry`
--

CREATE TABLE `idplan_management_marry` (
  `person_id` varchar(15) NOT NULL,
  `m_type` varchar(5) DEFAULT NULL,
  `m_prename` varchar(10) DEFAULT NULL,
  `m_name` varchar(50) DEFAULT NULL,
  `m_surname` varchar(150) DEFAULT NULL,
  PRIMARY KEY (`person_id`)
) ENGINE=MyISAM DEFAULT CHARSET=utf8 COLLATE=utf8_general_ci;

--
-- Dumping data for table `idplan_management_marry`
--

INSERT INTO `idplan_management_marry` VALUES ('1340700282497','2','','',''),('1489900175632','2','นางสาว','สกุลตลา','นวลแแย้ม'),('3341501548354','2','ร.ต','อดุลย์','พรมรัตน์');

--
-- Table structure for table `idplan_management_member`
--

CREATE TABLE `idplan_management_member` (
  `id` int(11) NOT NULL AUTO_INCREMENT,
  `person_id` varchar(15) DEFAULT NULL,
  `member_name` varchar(255) DEFAULT NULL,
  `member_number` varchar(30) DEFAULT NULL,
  PRIMARY KEY (`id`)
) ENGINE=MyISAM AUTO_INCREMENT=4 DEFAULT CHARSET=utf8 COLLATE=utf8_general_ci;

--
-- Dumping data for table `idplan_management_member`
--


--
-- Table structure for table `idplan_management_portfolio`
--

CREATE TABLE `idplan_management_portfolio` (
  `id` int(11) NOT NULL AUTO_INCREMENT,
  `person_id` varchar(15) DEFAULT NULL,
  `topic` varchar(200) DEFAULT NULL,
  `date` date DEFAULT NULL,
  `address` varchar(255) DEFAULT NULL,
  `pic_upload` varchar(50) DEFAULT NULL,
  PRIMARY KEY (`id`)
) ENGINE=MyISAM AUTO_INCREMENT=18 DEFAULT CHARSET=utf8 COLLATE=utf8_general_ci;

--
-- Dumping data for table `idplan_management_portfolio`
--

INSERT INTO `idplan_management_portfolio` VALUES (16,'3349800212398','','0000-00-00','','201906071559891885.docx'),(17,'3341501532229','ครูผู้สอนนีกเรียนอ่านออกเขียนได้100 เปอร์เซนต์','2016-01-16','','');

--
-- Table structure for table `idplan_management_vitaya`
--

CREATE TABLE `idplan_management_vitaya` (
  `id` int(11) NOT NULL AUTO_INCREMENT,
  `person_id` varchar(15) DEFAULT NULL,
  `vitaya_name` varchar(250) DEFAULT NULL,
  `vitaya_shot` varchar(50) DEFAULT NULL,
  `vitaya_date` date DEFAULT NULL,
  PRIMARY KEY (`id`)
) ENGINE=MyISAM AUTO_INCREMENT=9 DEFAULT CHARSET=utf8 COLLATE=utf8_general_ci;

--
-- Dumping data for table `idplan_management_vitaya`
--

INSERT INTO `idplan_management_vitaya` VALUES (8,'3341501532229','ชำนาญการพิเศษ','คศ3','2009-09-30');

--
-- Table structure for table `idplan_permission`
--

CREATE TABLE `idplan_permission` (
  `per_id` int(5) NOT NULL AUTO_INCREMENT,
  `person_id` char(15) DEFAULT NULL,
  `p1` int(2) DEFAULT NULL,
  `office` char(15) DEFAULT NULL,
  `rec_dat` date DEFAULT NULL,
  PRIMARY KEY (`per_id`)
) ENGINE=MyISAM AUTO_INCREMENT=36 DEFAULT CHARSET=utf8 COLLATE=utf8_general_ci;

--
-- Dumping data for table `idplan_permission`
--


--
-- Table structure for table `idplan_person_sch_profile`
--

CREATE TABLE `idplan_person_sch_profile` (
  `person_id` varchar(15) NOT NULL,
  `birth_date` date DEFAULT NULL,
  `f_date` date DEFAULT NULL,
  `vittaya` varchar(50) DEFAULT NULL,
  `work_old` int(3) DEFAULT NULL,
  `at_home` varchar(10) DEFAULT NULL,
  `moo` varchar(3) DEFAULT NULL,
  `tambun` varchar(50) DEFAULT NULL,
  `ampher` varchar(50) DEFAULT NULL,
  `province` varchar(70) DEFAULT NULL,
  `postcode` varchar(10) DEFAULT NULL,
  `home_phone` varchar(15) DEFAULT NULL,
  `mobile` varchar(15) DEFAULT NULL,
  `salary` int(10) DEFAULT NULL,
  `emoluments` int(10) DEFAULT NULL,
  `money_of_position` int(10) DEFAULT NULL,
  `m_type` varchar(5) DEFAULT NULL,
  `update_date` date DEFAULT NULL,
  PRIMARY KEY (`person_id`)
) ENGINE=MyISAM DEFAULT CHARSET=utf8 COLLATE=utf8_general_ci;

--
-- Dumping data for table `idplan_person_sch_profile`
--

INSERT INTO `idplan_person_sch_profile` VALUES ('3349800212398','0000-00-00','0000-00-00','',0,'','','','','','','','0819558579',0,0,0,'','2021-02-08'),('1341500231954','0000-00-00','0000-00-00','',0,'10','8','คำน้ำแซบ','วารินชำราบ','อุบลราชธานี','','','0885546650',0,0,0,'1','2019-08-16'),('3341501767781',NULL,NULL,NULL,NULL,NULL,NULL,NULL,NULL,NULL,NULL,NULL,NULL,NULL,NULL,NULL,NULL,NULL),('1330400289411',NULL,NULL,NULL,NULL,NULL,NULL,NULL,NULL,NULL,NULL,NULL,NULL,NULL,NULL,NULL,NULL,NULL),('3341501083653',NULL,NULL,NULL,NULL,NULL,NULL,NULL,NULL,NULL,NULL,NULL,NULL,NULL,NULL,NULL,NULL,NULL),('3341501548354','1968-06-27','1992-11-02','ชำนาญการพิเศษ',28,'1','16','วารินชำราบ','วารินชำราบ','อุบลราชธานี','','','0936789453',51370,5600,5600,'2','2020-10-07'),('1340700282497','1990-01-12','0000-00-00','',0,'60','11','นาดี','นาเยีย','อุบลราชธานี','','','0628437666',9000,0,0,'2','2020-03-04'),('1489900175632','1993-09-15','2020-01-13','',0,'1','13','น้ำอ้อม','กันทรลักษ์','ศรีสะเกษ','','','0894256266',15800,0,0,'2','2020-08-09'),('3349800248872',NULL,NULL,NULL,NULL,NULL,NULL,NULL,NULL,NULL,NULL,NULL,NULL,NULL,NULL,NULL,NULL,NULL),('3349900736445',NULL,NULL,NULL,NULL,NULL,NULL,NULL,NULL,NULL,NULL,NULL,NULL,NULL,NULL,NULL,NULL,NULL),('1341100196434','0000-00-00','0000-00-00','ชำนาญการ',0,'42','1','นาพิน','ตระการพืชผล','อุบลราชธานี','','','',0,0,0,'1','2025-08-07'),('1341500313721','0000-00-00','1999-01-28','',0,'107','8','บุ่งมะแลง','สว่างวีระวงศ์','อุบลราชธานี','','','0985914246',0,0,0,'','2022-12-28'),('3349800181484',NULL,NULL,NULL,NULL,NULL,NULL,NULL,NULL,NULL,NULL,NULL,NULL,NULL,NULL,NULL,NULL,NULL),('3341501532229',NULL,NULL,NULL,NULL,NULL,NULL,NULL,NULL,NULL,NULL,NULL,NULL,NULL,NULL,NULL,NULL,NULL),('3341500254471',NULL,NULL,NULL,NULL,NULL,NULL,NULL,NULL,NULL,NULL,NULL,NULL,NULL,NULL,NULL,NULL,NULL),('3349800053885','1970-02-19','1994-09-05','ชำนาญการพิเศษ',29,'51/3','-','วารินชำราบ','วารินชำราบ','อุบลราชธานี','','-','0810642159 และ ',55,0,11,'1','2023-06-28'),('3340700590775',NULL,NULL,NULL,NULL,NULL,NULL,NULL,NULL,NULL,NULL,NULL,NULL,NULL,NULL,NULL,NULL,NULL),('3340700912152',NULL,NULL,NULL,NULL,NULL,NULL,NULL,NULL,NULL,NULL,NULL,NULL,NULL,NULL,NULL,NULL,NULL);

--
-- Table structure for table `la_cancel`
--

CREATE TABLE `la_cancel` (
  `id` int(11) NOT NULL AUTO_INCREMENT,
  `person_id` varchar(13) NOT NULL,
  `la_type` tinyint(4) NOT NULL,
  `write_at` varchar(100) DEFAULT NULL,
  `permission_start` date NOT NULL,
  `permission_finish` date NOT NULL,
  `permission_total` int(11) NOT NULL,
  `because` varchar(200) NOT NULL,
  `cancel_la_start` date NOT NULL,
  `cancel_la_finish` date NOT NULL,
  `cancel_la_total` int(11) NOT NULL,
  `no_comment` int(11) NOT NULL DEFAULT 0,
  `grant_p_selected` varchar(13) DEFAULT NULL,
  `rec_date` datetime NOT NULL,
  `officer_comment` varchar(200) DEFAULT NULL,
  `officer_sign` varchar(13) DEFAULT NULL,
  `officer_date` datetime DEFAULT NULL,
  `group_comment` varchar(100) DEFAULT NULL,
  `group_sign` varchar(13) DEFAULT NULL,
  `group_date` datetime DEFAULT NULL,
  `comment_date` datetime DEFAULT NULL,
  `commander_grant` tinyint(4) DEFAULT NULL,
  `commander_comment` varchar(100) DEFAULT NULL,
  `commander_sign` varchar(13) DEFAULT NULL,
  `grant_date` datetime DEFAULT NULL,
  PRIMARY KEY (`id`)
) ENGINE=MyISAM AUTO_INCREMENT=3 DEFAULT CHARSET=utf8 COLLATE=utf8_general_ci;

--
-- Dumping data for table `la_cancel`
--

INSERT INTO `la_cancel` VALUES (2,'3341500254471',1,'รร.บ้านโนนแดง','2022-09-19','2022-09-23',5,'หมดปีงบประมาณ','2022-09-19','2022-09-23',5,0,'','2023-07-03 09:47:57',NULL,NULL,NULL,NULL,NULL,NULL,NULL,NULL,NULL,NULL,NULL);

--
-- Table structure for table `la_collect`
--

CREATE TABLE `la_collect` (
  `id` int(11) NOT NULL AUTO_INCREMENT,
  `year` int(11) NOT NULL,
  `person_id` varchar(13) NOT NULL,
  `collect_day` tinyint(4) NOT NULL DEFAULT 0,
  `this_year_day` tinyint(4) NOT NULL DEFAULT 0,
  `officer` varchar(13) DEFAULT NULL,
  `rec_date` date DEFAULT NULL,
  PRIMARY KEY (`id`)
) ENGINE=MyISAM DEFAULT CHARSET=utf8 COLLATE=utf8_general_ci;

--
-- Dumping data for table `la_collect`
--


--
-- Table structure for table `la_main`
--

CREATE TABLE `la_main` (
  `id` int(11) NOT NULL AUTO_INCREMENT,
  `person_id` varchar(13) NOT NULL,
  `la_type` tinyint(4) NOT NULL,
  `write_at` varchar(100) DEFAULT NULL,
  `because` varchar(250) DEFAULT NULL,
  `la_start` date NOT NULL,
  `la_finish` date NOT NULL,
  `la_total` int(11) NOT NULL,
  `last_la_start` date DEFAULT NULL,
  `last_la_finish` date DEFAULT NULL,
  `last_la_total` int(11) DEFAULT NULL,
  `contact` varchar(150) DEFAULT NULL,
  `contact_tel` varchar(20) DEFAULT NULL,
  `document` varchar(100) DEFAULT NULL,
  `no_comment` tinyint(4) NOT NULL DEFAULT 0,
  `grant_p_selected` varchar(13) DEFAULT NULL,
  `sick_ago` int(11) DEFAULT NULL,
  `sick_this` int(11) DEFAULT NULL,
  `sick_total` int(11) DEFAULT NULL,
  `privacy_ago` int(11) DEFAULT NULL,
  `privacy_this` int(11) DEFAULT NULL,
  `privacy_total` int(11) DEFAULT NULL,
  `birth_ago` int(11) DEFAULT NULL,
  `birth_this` int(11) DEFAULT NULL,
  `birth_total` int(11) DEFAULT NULL,
  `relax_ago` int(11) DEFAULT NULL,
  `relax_this` int(11) DEFAULT NULL,
  `relax_total` int(11) DEFAULT NULL,
  `relax_collect` tinyint(4) DEFAULT NULL,
  `relax_this_year` tinyint(4) DEFAULT NULL,
  `job_person` varchar(13) DEFAULT NULL,
  `job_person_sign` tinyint(4) NOT NULL DEFAULT 0,
  `rec_date` datetime NOT NULL,
  `officer_comment` varchar(200) DEFAULT NULL,
  `officer_sign` varchar(13) DEFAULT NULL,
  `officer_date` datetime DEFAULT NULL,
  `group_comment` varchar(100) DEFAULT NULL,
  `group_sign` varchar(13) DEFAULT NULL,
  `group_date` datetime DEFAULT NULL,
  `comment_date` datetime DEFAULT NULL,
  `commander_grant` tinyint(4) DEFAULT NULL,
  `commander_comment` varchar(100) DEFAULT NULL,
  `commander_sign` varchar(13) DEFAULT NULL,
  `grant_date` datetime DEFAULT NULL,
  PRIMARY KEY (`id`)
) ENGINE=MyISAM AUTO_INCREMENT=22 DEFAULT CHARSET=utf8 COLLATE=utf8_general_ci;

--
-- Dumping data for table `la_main`
--

INSERT INTO `la_main` VALUES (1,'3341501767781',2,'โรงเรียนบ้านโนนแดง','พาพ่อไปพบแพทย์ตามนัด  ณ  โรงพยาบาลสรรพสิทธิประสงค์','2016-07-01','2016-07-01',1,'2016-06-26','2016-06-26',0,'ึ73 หมู่ 16 บ้านดงเจริญ  ตำบลสระสมิง  อำเภอวารินชำราบ  จังหวัดอุบลราชธานี','0850240512','',0,'3331400395749',0,0,0,0,0,0,0,0,0,NULL,NULL,NULL,NULL,NULL,NULL,0,'2016-06-26 13:59:13',NULL,NULL,NULL,NULL,NULL,NULL,NULL,1,'','3331400395749','2016-07-05 14:34:46'),(2,'3331400395749',2,'โรงเรียนบ้านโนนแดง','ไปเยี่ยมพ่อแม่ต่างจังหวัด','2016-06-27','2016-06-27',1,'2016-06-26','2016-06-26',0,'211/3  หมู่18','0819663193','',0,'3331400395749',0,0,0,0,0,0,0,0,0,NULL,NULL,NULL,NULL,NULL,NULL,0,'2016-06-26 14:00:12',NULL,NULL,NULL,NULL,NULL,NULL,NULL,NULL,NULL,NULL,NULL),(3,'1349900205931',2,'โรงเรียนบ้านโนนแดง','แม่ป่วย','2016-07-15','2016-07-15',1,'2016-07-21','2016-07-21',0,'110 ม.19 ต.แสนสุข อ.วารินชำราบ จ.อุบลราชธานี 34190','0801611623','',0,'',0,0,0,0,0,0,0,0,0,NULL,NULL,NULL,NULL,NULL,NULL,0,'2016-07-21 08:59:02',NULL,NULL,NULL,NULL,NULL,NULL,NULL,NULL,NULL,NULL,NULL),(16,'3340700281802',2,'39/1หมู่ที่9ต.นาส่วงอ.เดชอุดม','ขออนุญาติลากิจเพื่อเตรียมความพร้อมในการสอบขอรับใบอนุญาตประกอบวิชาชีพครู','2021-02-17','2021-02-19',3,'2021-02-16','2021-02-16',0,'0880222827','','',0,'3349800212398',0,0,0,0,0,0,0,0,0,NULL,NULL,NULL,NULL,NULL,NULL,0,'2021-02-16 17:44:20',NULL,NULL,NULL,NULL,NULL,NULL,NULL,1,'','3349800212398','2021-04-02 10:26:01'),(17,'3340700912152',1,' รร.บ้านโนนแดง','ปวดตา ตาบวม','2021-03-01','2021-03-01',1,'2020-10-01','2021-03-10',0,'465 หมู่9 บ.หนองผาสุข ต.แสนสุข อ.วารินชำราบ จ.อุบลราชธานี 34190','','',0,'3349800212398',0,0,0,0,0,0,0,0,0,NULL,NULL,NULL,NULL,NULL,NULL,0,'2021-03-10 08:45:59',NULL,NULL,NULL,NULL,NULL,NULL,NULL,1,'','3349800212398','2021-04-02 10:26:19'),(5,'3349800151143',2,'ร.ร.บ้านโนนแดง','พาแม่ไปหาหมอ','2018-12-12','2018-12-13',2,'2018-12-11','2018-12-11',0,'8 ถ.เทศบาล 26 ต.วาริน อ.วาริน จ.อุบล','0887145131','',0,'3349800212398',0,0,0,0,2,2,0,0,0,NULL,NULL,NULL,NULL,NULL,NULL,0,'2018-12-11 13:58:31',NULL,NULL,NULL,NULL,NULL,NULL,NULL,1,'','3349800212398','2019-01-08 09:49:34'),(6,'3341501438273',2,'ร.ร.บ้านโนนแดง','พาญาติไป รพ.','2018-12-12','2018-12-12',1,'2018-12-11','2018-12-11',0,'72 ม.9 ต.โพธิ์ใหญ่ อ.วาริน จ.อุบลฯ','0829428295','',0,'3349800212398',0,0,0,0,1,1,0,0,0,NULL,NULL,NULL,NULL,NULL,NULL,0,'2018-12-11 14:19:24',NULL,NULL,NULL,NULL,NULL,NULL,NULL,1,'','3349800212398','2019-01-08 09:49:19'),(7,'3349900668369',2,'โรงเรียนบ้านโนนเเดง สพป.อบ 4','ไปส่งบุตรศึกษาต่อที่มหาวิทยาลัยราชภัฏสวนสุนันทา ','2019-07-03','2019-07-05',3,'2019-07-03','2019-07-05',3,'11/1 ถ.เทศบาล 9 อ.วารินชำราบ ต.วารินชำราบ จ.อุบลราชธานี 34190','0868753169','',0,'',0,0,0,0,0,0,0,0,0,NULL,NULL,NULL,NULL,NULL,NULL,0,'2019-07-02 20:52:49',NULL,NULL,NULL,NULL,NULL,NULL,NULL,1,'','3349800212398','2019-07-04 09:03:22'),(8,'3349800052587',2,'โรงเรียนบ้านโนนเเดง สพป.อบ 4','ไปส่งบุตรศึกษาต่อที่มหาวิทยาลัยราชภัฏสวนสุนันทา ','2019-07-03','2019-07-05',3,'2019-07-03','2019-07-05',3,'11/1 ถ.เทศบาล 9 อ.วารินชำราบ ต.วารินชำราบ จ.อุบลราชธานี 34190','0862613502','',0,'',0,0,0,0,0,0,0,0,0,NULL,NULL,NULL,NULL,NULL,NULL,0,'2019-07-02 20:54:13',NULL,NULL,NULL,NULL,NULL,NULL,NULL,1,'','3349800212398','2019-07-04 09:03:43'),(9,'3349800181484',2,'โรงเรียนบ้านโนนแดง สพป.อบ.4','ร่วมงานกองบุญ','2020-08-26','2020-08-27',2,'2020-08-26','2020-08-27',2,'วัดป่าพิทักษ์ธรรม อ.พิมาย จ.นครราชสีมา','0909492790','',0,'3349800212398',0,0,0,0,0,0,0,0,0,NULL,NULL,NULL,NULL,NULL,NULL,0,'2020-09-04 19:08:54',NULL,NULL,NULL,NULL,NULL,NULL,NULL,1,'','3349800212398','2020-09-10 12:28:52'),(10,'1330400289411',2,'เยี่ยมญาติ','ขึ้นบ้านใหม่','2020-08-21','2020-08-21',1,'2020-08-21','2020-08-21',1,'0856100648','','',0,'',0,0,0,0,0,0,0,0,0,NULL,NULL,NULL,NULL,NULL,NULL,0,'2020-09-27 16:17:32',NULL,NULL,NULL,NULL,NULL,NULL,NULL,1,NULL,'3349800212398','2020-10-14 10:44:54'),(11,'1330400289411',1,'บ้านหนองนกเขียน','ปวดหัวอาเจียนพุ่ง','2020-09-03','2020-09-03',1,'2020-09-03','2020-09-03',1,'0856100648','','',0,'',0,0,0,0,0,0,0,0,0,NULL,NULL,NULL,NULL,NULL,NULL,0,'2020-09-27 16:19:12',NULL,NULL,NULL,NULL,NULL,NULL,NULL,1,NULL,'3349800212398','2020-10-14 10:44:54'),(12,'3341501767781',2,'โรงเรียนบ้านโนนแดง  สพป.อบ.4','เดินทางไปเที่ยว จังหวัดภูเก็ต','2020-10-19','2020-10-19',1,'2020-10-19','2020-10-19',1,'73 หมู่ 16 บ้านดงเจริญ   ตำบลสระสมิง  อำเภอวารินชำราบ  จังหวัดอุบลราชธานี  34190','0850240512','',0,'3349800212398',0,0,0,0,0,0,0,0,0,NULL,NULL,NULL,NULL,NULL,NULL,0,'2020-10-12 11:28:46',NULL,NULL,NULL,NULL,NULL,NULL,NULL,1,NULL,'3349800212398','2020-10-14 10:44:54'),(13,'3349800053885',1,'รพ.ค่ายสรรพสิทธิประสงค์','พบแพทย์ตามนัด','2020-12-14','2020-12-14',1,'2020-12-14','2020-12-14',1,'0856100648','','',0,'',0,0,0,0,0,0,0,0,0,NULL,NULL,NULL,NULL,NULL,NULL,0,'2020-12-14 11:45:16',NULL,NULL,NULL,NULL,NULL,NULL,NULL,1,'','3349800212398','2021-01-04 13:43:17'),(14,'3349800181484',2,'42 ถนนเทศบาล 12 อำเภอวารินชำราบ จังหวัดอุบลราชธานี ','ร่วมงานฌาปนกิจศพน้องชาย','2021-01-18','2021-01-18',1,'2020-08-26','2019-08-27',2,'บ้านแคนคำ อ.เมือง จ.อุบลฯ','0909492790','',0,'3349800212398',0,0,0,2,1,3,0,0,0,NULL,NULL,NULL,NULL,NULL,NULL,0,'2021-01-29 10:15:23',NULL,NULL,NULL,NULL,NULL,NULL,NULL,1,'','3349800212398','2021-02-04 15:21:09'),(15,'3349800181484',2,'42 ถนนเทศบาล 12 อำเภอวารินชำราบ จังหวัดอุบลราชธานี ','ไปร่วมงานบวชลูกชาย','2021-01-27','2021-01-27',1,'2021-01-18','2021-01-18',1,'วัดป่าพิทักษ์ธรรม อ.พิมาย จ.โคราช','0909492790','',0,'3349800212398',0,0,0,3,1,4,0,0,0,NULL,NULL,NULL,NULL,NULL,NULL,0,'2021-01-29 10:17:37',NULL,NULL,NULL,NULL,NULL,NULL,NULL,1,'','3349800212398','2021-02-04 15:21:00'),(18,'1341500231954',2,'โรงเรียนบ้านโนนแดง','พาคุณแม่ไปพบแพทย์ตามนัด','2021-11-17','2021-11-17',1,'2021-11-17','2021-11-17',1,'10 หมู่ 8 ถ.สมเด็จ  อ.วารินชำราบ จ.อุบลราชธานี','','',0,'3341500254471',0,0,0,0,0,0,0,0,0,NULL,NULL,NULL,NULL,NULL,NULL,0,'2021-11-16 09:11:44',NULL,NULL,NULL,NULL,NULL,NULL,NULL,1,'','3341500254471','2021-11-24 10:05:10'),(19,'3341501767781',2,'โรงเรียนบ้านโนนแดง','เดินทางไปต่างจังหวัด','2022-02-28','2022-03-01',2,'2020-10-19','2020-10-19',1,'73 หมู่ 16 บ้านดงเจริญ  ตำบลสระสมิง อำเภอวารินชำราบ  จังหวัดอุบลราชธานี  34190','0850240512','',0,'3341500254471',0,0,0,0,0,0,0,0,0,NULL,NULL,NULL,NULL,NULL,NULL,0,'2022-02-18 12:55:34',NULL,NULL,NULL,NULL,NULL,NULL,NULL,1,NULL,'3341500254471','2022-02-23 05:17:13'),(20,'3349900736445',2,'โรงเรียนบ้านโนนแดง','เดินทางไปต่างจังหวัด','2022-02-28','2022-03-01',2,'2022-02-19','2022-02-19',1,'11/1 ถนนภาษีเจริญ ตำบลในเมือง อำเภอเมือง จังหวัดอุบลราชธานี','0874225645','',0,'3341500254471',0,0,0,0,0,0,0,0,0,NULL,NULL,NULL,NULL,NULL,NULL,0,'2022-02-22 12:59:43',NULL,NULL,NULL,NULL,NULL,NULL,NULL,1,NULL,'3341500254471','2022-02-23 05:17:13');

--
