INSERT INTO `student_check_main` VALUES ('2023-12-25',3616,8,0,2566,'C','1349900631183','2024-03-19 11:03:41'),('2023-12-25',3621,8,0,2566,'C','1349900631183','2024-03-19 11:03:41'),('2023-12-25',3668,8,0,2566,'C','1349900631183','2024-03-19 11:03:41'),('2023-12-25',3624,8,0,2566,'C','1349900631183','2024-03-19 11:03:41'),('2023-12-25',3957,8,0,2566,'C','1349900631183','2024-03-19 11:03:41'),('2023-12-25',3625,8,0,2566,'C','1349900631183','2024-03-19 11:03:41'),('2023-12-25',3626,8,0,2566,'C','1349900631183','2024-03-19 11:03:41'),('2023-12-25',3663,8,0,2566,'C','1349900631183','2024-03-19 11:03:41'),('2023-12-25',3737,8,0,2566,'C','1349900631183','2024-03-19 11:03:41'),('2023-12-25',3738,8,0,2566,'C','1349900631183','2024-03-19 11:03:41'),('2023-12-26',3615,8,0,2566,'C','1349900631183','2024-03-19 11:03:47'),('2023-12-26',3618,8,0,2566,'C','1349900631183','2024-03-19 11:03:47'),('2023-12-26',3617,8,0,2566,'C','1349900631183','2024-03-19 11:03:47'),('2023-12-26',3616,8,0,2566,'C','1349900631183','2024-03-19 11:03:47'),('2023-12-26',3621,8,0,2566,'C','1349900631183','2024-03-19 11:03:47'),('2023-12-26',3668,8,0,2566,'C','1349900631183','2024-03-19 11:03:47'),('2023-12-26',3624,8,0,2566,'C','1349900631183','2024-03-19 11:03:47'),('2023-12-26',3957,8,0,2566,'C','1349900631183','2024-03-19 11:03:47'),('2023-12-26',3625,8,0,2566,'C','1349900631183','2024-03-19 11:03:47'),('2023-12-26',3626,8,0,2566,'C','1349900631183','2024-03-19 11:03:47'),('2023-12-26',3663,8,0,2566,'C','1349900631183','2024-03-19 11:03:47'),('2023-12-26',3737,8,0,2566,'C','1349900631183','2024-03-19 11:03:47'),('2023-12-26',3738,8,0,2566,'C','1349900631183','2024-03-19 11:03:47'),('2023-12-27',3615,8,0,2566,'C','1349900631183','2024-03-19 11:03:51'),('2023-12-27',3618,8,0,2566,'C','1349900631183','2024-03-19 11:03:51'),('2023-12-27',3617,8,0,2566,'C','1349900631183','2024-03-19 11:03:51'),('2023-12-27',3616,8,0,2566,'C','1349900631183','2024-03-19 11:03:51'),('2023-12-27',3621,8,0,2566,'C','1349900631183','2024-03-19 11:03:51'),('2023-12-27',3668,8,0,2566,'C','1349900631183','2024-03-19 11:03:51'),('2023-12-27',3624,8,0,2566,'C','1349900631183','2024-03-19 11:03:51'),('2023-12-27',3957,8,0,2566,'C','1349900631183','2024-03-19 11:03:51'),('2023-12-27',3625,8,0,2566,'C','1349900631183','2024-03-19 11:03:51'),('2023-12-27',3626,8,0,2566,'C','1349900631183','2024-03-19 11:03:51'),('2023-12-27',3663,8,0,2566,'C','1349900631183','2024-03-19 11:03:51'),('2023-12-27',3737,8,0,2566,'C','1349900631183','2024-03-19 11:03:51'),('2023-12-27',3738,8,0,2566,'C','1349900631183','2024-03-19 11:03:51'),('2023-12-28',3615,8,0,2566,'C','1349900631183','2024-03-19 11:03:56'),('2023-12-28',3618,8,0,2566,'C','1349900631183','2024-03-19 11:03:56'),('2023-12-28',3617,8,0,2566,'C','1349900631183','2024-03-19 11:03:56'),('2023-12-28',3616,8,0,2566,'C','1349900631183','2024-03-19 11:03:56'),('2023-12-28',3621,8,0,2566,'C','1349900631183','2024-03-19 11:03:56'),('2023-12-28',3668,8,0,2566,'C','1349900631183','2024-03-19 11:03:56'),('2023-12-28',3624,8,0,2566,'C','1349900631183','2024-03-19 11:03:56'),('2023-12-28',3957,8,0,2566,'C','1349900631183','2024-03-19 11:03:56'),('2023-12-28',3625,8,0,2566,'C','1349900631183','2024-03-19 11:03:56'),('2023-12-28',3626,8,0,2566,'C','1349900631183','2024-03-19 11:03:56'),('2023-12-28',3663,8,0,2566,'C','1349900631183','2024-03-19 11:03:56'),('2023-12-28',3737,8,0,2566,'C','1349900631183','2024-03-19 11:03:56'),('2023-12-28',3738,8,0,2566,'C','1349900631183','2024-03-19 11:03:56'),('2023-11-01',3615,8,0,2566,'C','1349900631183','2024-03-19 11:03:27'),('2023-11-01',3618,8,0,2566,'C','1349900631183','2024-03-19 11:03:27'),('2023-11-01',3617,8,0,2566,'C','1349900631183','2024-03-19 11:03:27'),('2023-11-01',3616,8,0,2566,'C','1349900631183','2024-03-19 11:03:27'),('2023-11-01',3621,8,0,2566,'C','1349900631183','2024-03-19 11:03:27'),('2023-11-01',3668,8,0,2566,'C','1349900631183','2024-03-19 11:03:27'),('2023-11-01',3624,8,0,2566,'C','1349900631183','2024-03-19 11:03:27'),('2023-11-01',3957,8,0,2566,'S','1349900631183','2024-03-19 11:03:27'),('2023-11-01',3625,8,0,2566,'C','1349900631183','2024-03-19 11:03:27'),('2023-11-01',3626,8,0,2566,'C','1349900631183','2024-03-19 11:03:27'),('2023-11-01',3663,8,0,2566,'C','1349900631183','2024-03-19 11:03:27'),('2023-11-01',3737,8,0,2566,'C','1349900631183','2024-03-19 11:03:27'),('2023-11-01',3738,8,0,2566,'C','1349900631183','2024-03-19 11:03:27'),('2023-11-02',3615,8,0,2566,'C','1349900631183','2024-03-19 11:03:42'),('2023-11-02',3618,8,0,2566,'C','1349900631183','2024-03-19 11:03:42'),('2023-11-02',3617,8,0,2566,'C','1349900631183','2024-03-19 11:03:42'),('2023-11-02',3616,8,0,2566,'C','1349900631183','2024-03-19 11:03:42'),('2023-11-02',3621,8,0,2566,'C','1349900631183','2024-03-19 11:03:42'),('2023-11-02',3668,8,0,2566,'C','1349900631183','2024-03-19 11:03:42'),('2023-11-02',3624,8,0,2566,'C','1349900631183','2024-03-19 11:03:42'),('2023-11-02',3957,8,0,2566,'C','1349900631183','2024-03-19 11:03:42'),('2023-11-02',3625,8,0,2566,'C','1349900631183','2024-03-19 11:03:42'),('2023-11-02',3626,8,0,2566,'C','1349900631183','2024-03-19 11:03:42'),('2023-11-02',3663,8,0,2566,'C','1349900631183','2024-03-19 11:03:42'),('2023-11-02',3737,8,0,2566,'C','1349900631183','2024-03-19 11:03:42'),('2023-11-02',3738,8,0,2566,'C','1349900631183','2024-03-19 11:03:42'),('2023-11-03',3615,8,0,2566,'C','1349900631183','2024-03-19 11:03:47'),('2023-11-03',3618,8,0,2566,'C','1349900631183','2024-03-19 11:03:47'),('2023-11-03',3617,8,0,2566,'C','1349900631183','2024-03-19 11:03:47'),('2023-11-03',3616,8,0,2566,'C','1349900631183','2024-03-19 11:03:47'),('2023-11-03',3621,8,0,2566,'C','1349900631183','2024-03-19 11:03:47'),('2023-11-03',3668,8,0,2566,'C','1349900631183','2024-03-19 11:03:47'),('2023-11-03',3624,8,0,2566,'C','1349900631183','2024-03-19 11:03:47'),('2023-11-03',3957,8,0,2566,'C','1349900631183','2024-03-19 11:03:47'),('2023-11-03',3625,8,0,2566,'C','1349900631183','2024-03-19 11:03:47'),('2023-11-03',3626,8,0,2566,'C','1349900631183','2024-03-19 11:03:47'),('2023-11-03',3663,8,0,2566,'C','1349900631183','2024-03-19 11:03:47'),('2023-11-03',3737,8,0,2566,'C','1349900631183','2024-03-19 11:03:47'),('2023-11-03',3738,8,0,2566,'C','1349900631183','2024-03-19 11:03:47'),('2023-11-06',3615,8,0,2566,'C','1349900631183','2024-03-19 11:03:52'),('2023-11-06',3618,8,0,2566,'C','1349900631183','2024-03-19 11:03:52'),('2023-11-06',3617,8,0,2566,'C','1349900631183','2024-03-19 11:03:52'),('2023-11-06',3616,8,0,2566,'C','1349900631183','2024-03-19 11:03:52'),('2023-11-06',3621,8,0,2566,'C','1349900631183','2024-03-19 11:03:52'),('2023-11-06',3668,8,0,2566,'C','1349900631183','2024-03-19 11:03:52'),('2023-11-06',3624,8,0,2566,'C','1349900631183','2024-03-19 11:03:52'),('2023-11-06',3957,8,0,2566,'C','1349900631183','2024-03-19 11:03:52'),('2023-11-06',3625,8,0,2566,'C','1349900631183','2024-03-19 11:03:52'),('2023-11-06',3626,8,0,2566,'C','1349900631183','2024-03-19 11:03:52'),('2023-11-06',3663,8,0,2566,'C','1349900631183','2024-03-19 11:03:52'),('2023-11-06',3737,8,0,2566,'C','1349900631183','2024-03-19 11:03:52'),('2023-11-06',3738,8,0,2566,'C','1349900631183','2024-03-19 11:03:52'),('2023-11-07',3615,8,0,2566,'C','1349900631183','2024-03-19 11:03:57'),('2023-11-07',3618,8,0,2566,'C','1349900631183','2024-03-19 11:03:57'),('2023-11-07',3617,8,0,2566,'C','1349900631183','2024-03-19 11:03:57'),('2023-11-07',3616,8,0,2566,'C','1349900631183','2024-03-19 11:03:57'),('2023-11-07',3621,8,0,2566,'C','1349900631183','2024-03-19 11:03:57'),('2023-11-07',3668,8,0,2566,'C','1349900631183','2024-03-19 11:03:57'),('2023-11-07',3624,8,0,2566,'C','1349900631183','2024-03-19 11:03:57'),('2023-11-07',3957,8,0,2566,'C','1349900631183','2024-03-19 11:03:57'),('2023-11-07',3625,8,0,2566,'C','1349900631183','2024-03-19 11:03:57'),('2023-11-07',3626,8,0,2566,'C','1349900631183','2024-03-19 11:03:57'),('2023-11-07',3663,8,0,2566,'C','1349900631183','2024-03-19 11:03:57'),('2023-11-07',3737,8,0,2566,'C','1349900631183','2024-03-19 11:03:57'),('2023-11-07',3738,8,0,2566,'C','1349900631183','2024-03-19 11:03:57'),('2023-11-08',3615,8,0,2566,'C','1349900631183','2024-03-19 11:03:02'),('2023-11-08',3618,8,0,2566,'C','1349900631183','2024-03-19 11:03:02'),('2023-11-08',3617,8,0,2566,'C','1349900631183','2024-03-19 11:03:02'),('2023-11-08',3616,8,0,2566,'C','1349900631183','2024-03-19 11:03:02'),('2023-11-08',3621,8,0,2566,'C','1349900631183','2024-03-19 11:03:02'),('2023-11-08',3668,8,0,2566,'C','1349900631183','2024-03-19 11:03:02'),('2023-11-08',3624,8,0,2566,'C','1349900631183','2024-03-19 11:03:02'),('2023-11-08',3957,8,0,2566,'C','1349900631183','2024-03-19 11:03:02'),('2023-11-08',3625,8,0,2566,'C','1349900631183','2024-03-19 11:03:02'),('2023-11-08',3626,8,0,2566,'C','1349900631183','2024-03-19 11:03:02'),('2023-11-08',3663,8,0,2566,'C','1349900631183','2024-03-19 11:03:02'),('2023-11-08',3737,8,0,2566,'C','1349900631183','2024-03-19 11:03:02'),('2023-11-08',3738,8,0,2566,'C','1349900631183','2024-03-19 11:03:02'),('2023-11-09',3615,8,0,2566,'C','1349900631183','2024-03-19 11:03:06'),('2023-11-09',3618,8,0,2566,'C','1349900631183','2024-03-19 11:03:06'),('2023-11-09',3617,8,0,2566,'C','1349900631183','2024-03-19 11:03:06'),('2023-11-09',3616,8,0,2566,'C','1349900631183','2024-03-19 11:03:06'),('2023-11-09',3621,8,0,2566,'C','1349900631183','2024-03-19 11:03:06'),('2023-11-09',3668,8,0,2566,'C','1349900631183','2024-03-19 11:03:06'),('2023-11-09',3624,8,0,2566,'C','1349900631183','2024-03-19 11:03:06'),('2023-11-09',3957,8,0,2566,'C','1349900631183','2024-03-19 11:03:06'),('2023-11-09',3625,8,0,2566,'C','1349900631183','2024-03-19 11:03:06'),('2023-11-09',3626,8,0,2566,'C','1349900631183','2024-03-19 11:03:06'),('2023-11-09',3663,8,0,2566,'C','1349900631183','2024-03-19 11:03:06'),('2023-11-09',3737,8,0,2566,'C','1349900631183','2024-03-19 11:03:06'),('2023-11-09',3738,8,0,2566,'C','1349900631183','2024-03-19 11:03:06'),('2023-11-10',3615,8,0,2566,'C','1349900631183','2024-03-19 11:03:11'),('2023-11-10',3618,8,0,2566,'C','1349900631183','2024-03-19 11:03:11'),('2023-11-10',3617,8,0,2566,'C','1349900631183','2024-03-19 11:03:11'),('2023-11-10',3616,8,0,2566,'C','1349900631183','2024-03-19 11:03:11'),('2023-11-10',3621,8,0,2566,'C','1349900631183','2024-03-19 11:03:11'),('2023-11-10',3668,8,0,2566,'C','1349900631183','2024-03-19 11:03:11'),('2023-11-10',3624,8,0,2566,'C','1349900631183','2024-03-19 11:03:11'),('2023-11-10',3957,8,0,2566,'C','1349900631183','2024-03-19 11:03:11'),('2023-11-10',3625,8,0,2566,'C','1349900631183','2024-03-19 11:03:11'),('2023-11-10',3626,8,0,2566,'C','1349900631183','2024-03-19 11:03:11'),('2023-11-10',3663,8,0,2566,'C','1349900631183','2024-03-19 11:03:11'),('2023-11-10',3737,8,0,2566,'C','1349900631183','2024-03-19 11:03:11'),('2023-11-10',3738,8,0,2566,'C','1349900631183','2024-03-19 11:03:11'),('2023-11-13',3615,8,0,2566,'C','1349900631183','2024-03-19 11:03:19'),('2023-11-13',3618,8,0,2566,'C','1349900631183','2024-03-19 11:03:19'),('2023-11-13',3617,8,0,2566,'C','1349900631183','2024-03-19 11:03:19'),('2023-11-13',3616,8,0,2566,'C','1349900631183','2024-03-19 11:03:19'),('2023-11-13',3621,8,0,2566,'C','1349900631183','2024-03-19 11:03:19'),('2023-11-13',3668,8,0,2566,'C','1349900631183','2024-03-19 11:03:19'),('2023-11-13',3624,8,0,2566,'C','1349900631183','2024-03-19 11:03:19'),('2023-11-13',3957,8,0,2566,'C','1349900631183','2024-03-19 11:03:19'),('2023-11-13',3625,8,0,2566,'C','1349900631183','2024-03-19 11:03:19'),('2023-11-13',3626,8,0,2566,'C','1349900631183','2024-03-19 11:03:19'),('2023-11-13',3663,8,0,2566,'C','1349900631183','2024-03-19 11:03:19'),('2023-11-13',3737,8,0,2566,'C','1349900631183','2024-03-19 11:03:19'),('2023-11-13',3738,8,0,2566,'C','1349900631183','2024-03-19 11:03:19'),('2023-11-14',3615,8,0,2566,'C','1349900631183','2024-03-19 11:03:23'),('2023-11-14',3618,8,0,2566,'C','1349900631183','2024-03-19 11:03:23'),('2023-11-14',3617,8,0,2566,'C','1349900631183','2024-03-19 11:03:23'),('2023-11-14',3616,8,0,2566,'C','1349900631183','2024-03-19 11:03:23'),('2023-11-14',3621,8,0,2566,'C','1349900631183','2024-03-19 11:03:23'),('2023-11-14',3668,8,0,2566,'C','1349900631183','2024-03-19 11:03:23'),('2023-11-14',3624,8,0,2566,'C','1349900631183','2024-03-19 11:03:23'),('2023-11-14',3957,8,0,2566,'C','1349900631183','2024-03-19 11:03:23'),('2023-11-14',3625,8,0,2566,'C','1349900631183','2024-03-19 11:03:23'),('2023-11-14',3626,8,0,2566,'C','1349900631183','2024-03-19 11:03:23'),('2023-11-14',3663,8,0,2566,'C','1349900631183','2024-03-19 11:03:23'),('2023-11-14',3737,8,0,2566,'C','1349900631183','2024-03-19 11:03:23'),('2023-11-14',3738,8,0,2566,'C','1349900631183','2024-03-19 11:03:23'),('2023-11-15',3615,8,0,2566,'C','1349900631183','2024-03-19 11:03:28'),('2023-11-15',3618,8,0,2566,'C','1349900631183','2024-03-19 11:03:28'),('2023-11-15',3617,8,0,2566,'C','1349900631183','2024-03-19 11:03:28'),('2023-11-15',3616,8,0,2566,'C','1349900631183','2024-03-19 11:03:28'),('2023-11-15',3621,8,0,2566,'C','1349900631183','2024-03-19 11:03:28'),('2023-11-15',3668,8,0,2566,'C','1349900631183','2024-03-19 11:03:28'),('2023-11-15',3624,8,0,2566,'C','1349900631183','2024-03-19 11:03:28'),('2023-11-15',3957,8,0,2566,'C','1349900631183','2024-03-19 11:03:28'),('2023-11-15',3625,8,0,2566,'C','1349900631183','2024-03-19 11:03:28'),('2023-11-15',3626,8,0,2566,'C','1349900631183','2024-03-19 11:03:28'),('2023-11-15',3663,8,0,2566,'C','1349900631183','2024-03-19 11:03:28'),('2023-11-15',3737,8,0,2566,'C','1349900631183','2024-03-19 11:03:28'),('2023-11-15',3738,8,0,2566,'C','1349900631183','2024-03-19 11:03:28'),('2023-11-16',3615,8,0,2566,'C','1349900631183','2024-03-19 11:03:33'),('2023-11-16',3618,8,0,2566,'C','1349900631183','2024-03-19 11:03:33'),('2023-11-16',3617,8,0,2566,'C','1349900631183','2024-03-19 11:03:33'),('2023-11-16',3616,8,0,2566,'C','1349900631183','2024-03-19 11:03:33'),('2023-11-16',3621,8,0,2566,'C','1349900631183','2024-03-19 11:03:33'),('2023-11-16',3668,8,0,2566,'C','1349900631183','2024-03-19 11:03:33'),('2023-11-16',3624,8,0,2566,'C','1349900631183','2024-03-19 11:03:33'),('2023-11-16',3957,8,0,2566,'C','1349900631183','2024-03-19 11:03:33'),('2023-11-16',3625,8,0,2566,'C','1349900631183','2024-03-19 11:03:33'),('2023-11-16',3626,8,0,2566,'C','1349900631183','2024-03-19 11:03:33'),('2023-11-16',3663,8,0,2566,'C','1349900631183','2024-03-19 11:03:33'),('2023-11-16',3737,8,0,2566,'C','1349900631183','2024-03-19 11:03:33'),('2023-11-16',3738,8,0,2566,'C','1349900631183','2024-03-19 11:03:33'),('2023-11-17',3615,8,0,2566,'C','1349900631183','2024-03-19 11:03:38'),('2023-11-17',3618,8,0,2566,'C','1349900631183','2024-03-19 11:03:38'),('2023-11-17',3617,8,0,2566,'C','1349900631183','2024-03-19 11:03:38'),('2023-11-17',3616,8,0,2566,'C','1349900631183','2024-03-19 11:03:38'),('2023-11-17',3621,8,0,2566,'C','1349900631183','2024-03-19 11:03:38'),('2023-11-17',3668,8,0,2566,'C','1349900631183','2024-03-19 11:03:38'),('2023-11-17',3624,8,0,2566,'C','1349900631183','2024-03-19 11:03:38'),('2023-11-17',3957,8,0,2566,'C','1349900631183','2024-03-19 11:03:38'),('2023-11-17',3625,8,0,2566,'C','1349900631183','2024-03-19 11:03:38'),('2023-11-17',3626,8,0,2566,'C','1349900631183','2024-03-19 11:03:38'),('2023-11-17',3663,8,0,2566,'C','1349900631183','2024-03-19 11:03:38'),('2023-11-17',3737,8,0,2566,'C','1349900631183','2024-03-19 11:03:38'),('2023-11-17',3738,8,0,2566,'C','1349900631183','2024-03-19 11:03:38'),('2023-11-20',3615,8,0,2566,'C','1349900631183','2024-03-19 11:03:44'),('2023-11-20',3618,8,0,2566,'C','1349900631183','2024-03-19 11:03:44'),('2023-11-20',3617,8,0,2566,'C','1349900631183','2024-03-19 11:03:44'),('2023-11-20',3616,8,0,2566,'C','1349900631183','2024-03-19 11:03:44'),('2023-11-20',3621,8,0,2566,'C','1349900631183','2024-03-19 11:03:44'),('2023-11-20',3668,8,0,2566,'C','1349900631183','2024-03-19 11:03:44'),('2023-11-20',3624,8,0,2566,'C','1349900631183','2024-03-19 11:03:44'),('2023-11-20',3957,8,0,2566,'C','1349900631183','2024-03-19 11:03:44'),('2023-11-20',3625,8,0,2566,'C','1349900631183','2024-03-19 11:03:44'),('2023-11-20',3626,8,0,2566,'C','1349900631183','2024-03-19 11:03:44'),('2023-11-20',3663,8,0,2566,'C','1349900631183','2024-03-19 11:03:44'),('2023-11-20',3737,8,0,2566,'C','1349900631183','2024-03-19 11:03:44'),('2023-11-20',3738,8,0,2566,'C','1349900631183','2024-03-19 11:03:44'),('2023-11-21',3615,8,0,2566,'C','1349900631183','2024-03-19 11:03:53'),('2023-11-21',3618,8,0,2566,'C','1349900631183','2024-03-19 11:03:53'),('2023-11-21',3617,8,0,2566,'C','1349900631183','2024-03-19 11:03:53'),('2023-11-21',3616,8,0,2566,'C','1349900631183','2024-03-19 11:03:53'),('2023-11-21',3621,8,0,2566,'C','1349900631183','2024-03-19 11:03:53'),('2023-11-21',3668,8,0,2566,'C','1349900631183','2024-03-19 11:03:53'),('2023-11-21',3624,8,0,2566,'C','1349900631183','2024-03-19 11:03:53'),('2023-11-21',3957,8,0,2566,'S','1349900631183','2024-03-19 11:03:53'),('2023-11-21',3625,8,0,2566,'C','1349900631183','2024-03-19 11:03:53'),('2023-11-21',3626,8,0,2566,'C','1349900631183','2024-03-19 11:03:53'),('2023-11-21',3663,8,0,2566,'C','1349900631183','2024-03-19 11:03:53'),('2023-11-21',3737,8,0,2566,'C','1349900631183','2024-03-19 11:03:53'),('2023-11-21',3738,8,0,2566,'C','1349900631183','2024-03-19 11:03:53'),('2023-11-22',3615,8,0,2566,'C','1349900631183','2024-03-19 11:03:03'),('2023-11-22',3618,8,0,2566,'C','1349900631183','2024-03-19 11:03:03'),('2023-11-22',3617,8,0,2566,'C','1349900631183','2024-03-19 11:03:03'),('2023-11-22',3616,8,0,2566,'C','1349900631183','2024-03-19 11:03:03'),('2023-11-22',3621,8,0,2566,'C','1349900631183','2024-03-19 11:03:03'),('2023-11-22',3668,8,0,2566,'C','1349900631183','2024-03-19 11:03:03'),('2023-11-22',3624,8,0,2566,'C','1349900631183','2024-03-19 11:03:03'),('2023-11-22',3957,8,0,2566,'C','1349900631183','2024-03-19 11:03:03'),('2023-11-22',3625,8,0,2566,'C','1349900631183','2024-03-19 11:03:03'),('2023-11-22',3626,8,0,2566,'C','1349900631183','2024-03-19 11:03:03'),('2023-11-22',3663,8,0,2566,'C','1349900631183','2024-03-19 11:03:03'),('2023-11-22',3737,8,0,2566,'C','1349900631183','2024-03-19 11:03:03'),('2023-11-22',3738,8,0,2566,'C','1349900631183','2024-03-19 11:03:03'),('2023-11-23',3615,8,0,2566,'C','1349900631183','2024-03-19 11:03:08'),('2023-11-23',3618,8,0,2566,'C','1349900631183','2024-03-19 11:03:08'),('2023-11-23',3617,8,0,2566,'C','1349900631183','2024-03-19 11:03:08'),('2023-11-23',3616,8,0,2566,'C','1349900631183','2024-03-19 11:03:08'),('2023-11-23',3621,8,0,2566,'C','1349900631183','2024-03-19 11:03:08'),('2023-11-23',3668,8,0,2566,'C','1349900631183','2024-03-19 11:03:08'),('2023-11-23',3624,8,0,2566,'C','1349900631183','2024-03-19 11:03:08'),('2023-11-23',3957,8,0,2566,'C','1349900631183','2024-03-19 11:03:08'),('2023-11-23',3625,8,0,2566,'C','1349900631183','2024-03-19 11:03:08'),('2023-11-23',3626,8,0,2566,'C','1349900631183','2024-03-19 11:03:08'),('2023-11-23',3663,8,0,2566,'C','1349900631183','2024-03-19 11:03:08'),('2023-11-23',3737,8,0,2566,'C','1349900631183','2024-03-19 11:03:08'),('2023-11-23',3738,8,0,2566,'C','1349900631183','2024-03-19 11:03:08'),('2023-11-24',3615,8,0,2566,'C','1349900631183','2024-03-19 11:03:12'),('2023-11-24',3618,8,0,2566,'C','1349900631183','2024-03-19 11:03:12'),('2023-11-24',3617,8,0,2566,'C','1349900631183','2024-03-19 11:03:12'),('2023-11-24',3616,8,0,2566,'C','1349900631183','2024-03-19 11:03:12'),('2023-11-24',3621,8,0,2566,'C','1349900631183','2024-03-19 11:03:12'),('2023-11-24',3668,8,0,2566,'C','1349900631183','2024-03-19 11:03:12'),('2023-11-24',3624,8,0,2566,'C','1349900631183','2024-03-19 11:03:12'),('2023-11-24',3957,8,0,2566,'C','1349900631183','2024-03-19 11:03:12'),('2023-11-24',3625,8,0,2566,'C','1349900631183','2024-03-19 11:03:12'),('2023-11-24',3626,8,0,2566,'C','1349900631183','2024-03-19 11:03:12'),('2023-11-24',3663,8,0,2566,'C','1349900631183','2024-03-19 11:03:12'),('2023-11-24',3737,8,0,2566,'C','1349900631183','2024-03-19 11:03:12'),('2023-11-24',3738,8,0,2566,'C','1349900631183','2024-03-19 11:03:12'),('2023-11-27',3615,8,0,2566,'C','1349900631183','2024-03-19 11:03:18'),('2023-11-27',3618,8,0,2566,'C','1349900631183','2024-03-19 11:03:18'),('2023-11-27',3617,8,0,2566,'C','1349900631183','2024-03-19 11:03:18'),('2023-11-27',3616,8,0,2566,'C','1349900631183','2024-03-19 11:03:18'),('2023-11-27',3621,8,0,2566,'C','1349900631183','2024-03-19 11:03:18'),('2023-11-27',3668,8,0,2566,'C','1349900631183','2024-03-19 11:03:18'),('2023-11-27',3624,8,0,2566,'C','1349900631183','2024-03-19 11:03:18'),('2023-11-27',3957,8,0,2566,'C','1349900631183','2024-03-19 11:03:18'),('2023-11-27',3625,8,0,2566,'C','1349900631183','2024-03-19 11:03:18'),('2023-11-27',3626,8,0,2566,'C','1349900631183','2024-03-19 11:03:18'),('2023-11-27',3663,8,0,2566,'C','1349900631183','2024-03-19 11:03:18'),('2023-11-27',3737,8,0,2566,'C','1349900631183','2024-03-19 11:03:18'),('2023-11-27',3738,8,0,2566,'C','1349900631183','2024-03-19 11:03:18'),('2023-11-28',3615,8,0,2566,'C','1349900631183','2024-03-19 11:03:23'),('2023-11-28',3618,8,0,2566,'C','1349900631183','2024-03-19 11:03:23'),('2023-11-28',3617,8,0,2566,'C','1349900631183','2024-03-19 11:03:23'),('2023-11-28',3616,8,0,2566,'C','1349900631183','2024-03-19 11:03:23'),('2023-11-28',3621,8,0,2566,'C','1349900631183','2024-03-19 11:03:23'),('2023-11-28',3668,8,0,2566,'C','1349900631183','2024-03-19 11:03:23'),('2023-11-28',3624,8,0,2566,'C','1349900631183','2024-03-19 11:03:23'),('2023-11-28',3957,8,0,2566,'C','1349900631183','2024-03-19 11:03:23'),('2023-11-28',3625,8,0,2566,'C','1349900631183','2024-03-19 11:03:23'),('2023-11-28',3626,8,0,2566,'C','1349900631183','2024-03-19 11:03:23'),('2023-11-28',3663,8,0,2566,'C','1349900631183','2024-03-19 11:03:23'),('2023-11-28',3737,8,0,2566,'C','1349900631183','2024-03-19 11:03:23'),('2023-11-28',3738,8,0,2566,'C','1349900631183','2024-03-19 11:03:23'),('2023-11-29',3615,8,0,2566,'C','1349900631183','2024-03-19 11:03:28'),('2023-11-29',3618,8,0,2566,'C','1349900631183','2024-03-19 11:03:28'),('2023-11-29',3617,8,0,2566,'C','1349900631183','2024-03-19 11:03:28'),('2023-11-29',3616,8,0,2566,'C','1349900631183','2024-03-19 11:03:28'),('2023-11-29',3621,8,0,2566,'C','1349900631183','2024-03-19 11:03:28'),('2023-11-29',3668,8,0,2566,'C','1349900631183','2024-03-19 11:03:28'),('2023-11-29',3624,8,0,2566,'C','1349900631183','2024-03-19 11:03:28'),('2023-11-29',3957,8,0,2566,'C','1349900631183','2024-03-19 11:03:28'),('2023-11-29',3625,8,0,2566,'C','1349900631183','2024-03-19 11:03:28'),('2023-11-29',3626,8,0,2566,'C','1349900631183','2024-03-19 11:03:28'),('2023-11-29',3663,8,0,2566,'C','1349900631183','2024-03-19 11:03:28'),('2023-11-29',3737,8,0,2566,'C','1349900631183','2024-03-19 11:03:28'),('2023-11-29',3738,8,0,2566,'C','1349900631183','2024-03-19 11:03:28'),('2023-11-30',3615,8,0,2566,'C','1349900631183','2024-03-19 11:03:36'),('2023-11-30',3618,8,0,2566,'C','1349900631183','2024-03-19 11:03:36'),('2023-11-30',3617,8,0,2566,'C','1349900631183','2024-03-19 11:03:36'),('2023-11-30',3616,8,0,2566,'C','1349900631183','2024-03-19 11:03:36'),('2023-11-30',3621,8,0,2566,'C','1349900631183','2024-03-19 11:03:36'),('2023-11-30',3668,8,0,2566,'C','1349900631183','2024-03-19 11:03:36'),('2023-11-30',3624,8,0,2566,'C','1349900631183','2024-03-19 11:03:36'),('2023-11-30',3957,8,0,2566,'C','1349900631183','2024-03-19 11:03:36'),('2023-11-30',3625,8,0,2566,'C','1349900631183','2024-03-19 11:03:36'),('2023-11-30',3626,8,0,2566,'C','1349900631183','2024-03-19 11:03:36'),('2023-11-30',3663,8,0,2566,'C','1349900631183','2024-03-19 11:03:36'),('2023-11-30',3737,8,0,2566,'C','1349900631183','2024-03-19 11:03:36'),('2023-11-30',3738,8,0,2566,'C','1349900631183','2024-03-19 11:03:36'),('2024-05-16',3751,2,0,2566,'C','1341500267061','2024-10-11 09:10:44'),('2024-05-16',3750,2,0,2566,'C','1341500267061','2024-10-11 09:10:44'),('2024-05-16',3749,2,0,2566,'C','1341500267061','2024-10-11 09:10:44'),('2024-05-16',3747,2,0,2566,'C','1341500267061','2024-10-11 09:10:44'),('2024-05-16',3748,2,0,2566,'C','1341500267061','2024-10-11 09:10:44'),('2024-05-16',3776,2,0,2566,'C','1341500267061','2024-10-11 09:10:44'),('2024-05-16',3777,2,0,2566,'C','1341500267061','2024-10-11 09:10:44'),('2024-05-16',3778,2,0,2566,'C','1341500267061','2024-10-11 09:10:44'),('2024-05-16',3779,2,0,2566,'C','1341500267061','2024-10-11 09:10:44'),('2024-05-16',3780,2,0,2566,'C','1341500267061','2024-10-11 09:10:44'),('2024-05-16',3781,2,0,2566,'C','1341500267061','2024-10-11 09:10:44'),('2024-05-17',3751,2,0,2566,'C','1341500267061','2024-10-11 09:10:01'),('2024-05-17',3750,2,0,2566,'C','1341500267061','2024-10-11 09:10:01'),('2024-05-17',3749,2,0,2566,'C','1341500267061','2024-10-11 09:10:01'),('2024-05-17',3747,2,0,2566,'C','1341500267061','2024-10-11 09:10:01'),('2024-05-17',3748,2,0,2566,'C','1341500267061','2024-10-11 09:10:01'),('2024-05-17',3776,2,0,2566,'C','1341500267061','2024-10-11 09:10:01'),('2024-05-17',3777,2,0,2566,'C','1341500267061','2024-10-11 09:10:01'),('2024-05-17',3778,2,0,2566,'C','1341500267061','2024-10-11 09:10:01'),('2024-05-17',3779,2,0,2566,'C','1341500267061','2024-10-11 09:10:01'),('2024-05-17',3780,2,0,2566,'C','1341500267061','2024-10-11 09:10:01'),('2024-05-17',3781,2,0,2566,'C','1341500267061','2024-10-11 09:10:01'),('2024-05-20',3751,2,0,2566,'C','1341500267061','2024-10-11 09:10:20'),('2024-05-20',3750,2,0,2566,'C','1341500267061','2024-10-11 09:10:20'),('2024-05-20',3749,2,0,2566,'C','1341500267061','2024-10-11 09:10:20'),('2024-05-20',3747,2,0,2566,'C','1341500267061','2024-10-11 09:10:20'),('2024-05-20',3748,2,0,2566,'C','1341500267061','2024-10-11 09:10:20'),('2024-05-20',3776,2,0,2566,'C','1341500267061','2024-10-11 09:10:20'),('2024-05-20',3777,2,0,2566,'C','1341500267061','2024-10-11 09:10:20'),('2024-05-20',3778,2,0,2566,'C','1341500267061','2024-10-11 09:10:20'),('2024-05-20',3779,2,0,2566,'C','1341500267061','2024-10-11 09:10:20'),('2024-05-20',3780,2,0,2566,'C','1341500267061','2024-10-11 09:10:20'),('2024-05-20',3781,2,0,2566,'C','1341500267061','2024-10-11 09:10:20'),('2024-05-21',3751,2,0,2566,'C','1341500267061','2024-10-11 09:10:34'),('2024-05-21',3750,2,0,2566,'C','1341500267061','2024-10-11 09:10:34'),('2024-05-21',3749,2,0,2566,'C','1341500267061','2024-10-11 09:10:34'),('2024-05-21',3747,2,0,2566,'C','1341500267061','2024-10-11 09:10:34'),('2024-05-21',3748,2,0,2566,'C','1341500267061','2024-10-11 09:10:34'),('2024-05-21',3776,2,0,2566,'C','1341500267061','2024-10-11 09:10:34'),('2024-05-21',3777,2,0,2566,'C','1341500267061','2024-10-11 09:10:34'),('2024-05-21',3778,2,0,2566,'C','1341500267061','2024-10-11 09:10:34'),('2024-05-21',3779,2,0,2566,'C','1341500267061','2024-10-11 09:10:34'),('2024-05-21',3780,2,0,2566,'C','1341500267061','2024-10-11 09:10:34'),('2024-05-21',3781,2,0,2566,'C','1341500267061','2024-10-11 09:10:34'),('2024-05-23',3751,2,0,2566,'C','1341500267061','2024-10-11 09:10:42'),('2024-05-23',3750,2,0,2566,'C','1341500267061','2024-10-11 09:10:42'),('2024-05-23',3749,2,0,2566,'C','1341500267061','2024-10-11 09:10:42'),('2024-05-23',3747,2,0,2566,'C','1341500267061','2024-10-11 09:10:42'),('2024-05-23',3748,2,0,2566,'C','1341500267061','2024-10-11 09:10:42'),('2024-05-23',3776,2,0,2566,'C','1341500267061','2024-10-11 09:10:42'),('2024-05-23',3777,2,0,2566,'C','1341500267061','2024-10-11 09:10:42'),('2024-05-23',3778,2,0,2566,'C','1341500267061','2024-10-11 09:10:42'),('2024-05-23',3779,2,0,2566,'C','1341500267061','2024-10-11 09:10:42'),('2024-05-23',3780,2,0,2566,'C','1341500267061','2024-10-11 09:10:42'),('2024-05-23',3781,2,0,2566,'C','1341500267061','2024-10-11 09:10:42'),('2024-05-24',3751,2,0,2566,'C','1341500267061','2024-10-11 09:10:50'),('2024-05-24',3750,2,0,2566,'C','1341500267061','2024-10-11 09:10:50'),('2024-05-24',3749,2,0,2566,'C','1341500267061','2024-10-11 09:10:50'),('2024-05-24',3747,2,0,2566,'C','1341500267061','2024-10-11 09:10:50'),('2024-05-24',3748,2,0,2566,'C','1341500267061','2024-10-11 09:10:50'),('2024-05-24',3776,2,0,2566,'C','1341500267061','2024-10-11 09:10:50'),('2024-05-24',3777,2,0,2566,'C','1341500267061','2024-10-11 09:10:50'),('2024-05-24',3778,2,0,2566,'C','1341500267061','2024-10-11 09:10:50'),('2024-05-24',3779,2,0,2566,'C','1341500267061','2024-10-11 09:10:50'),('2024-05-24',3780,2,0,2566,'C','1341500267061','2024-10-11 09:10:50'),('2024-05-24',3781,2,0,2566,'C','1341500267061','2024-10-11 09:10:50'),('2024-05-27',3751,2,0,2566,'C','1341500267061','2024-10-11 09:10:13'),('2024-05-27',3750,2,0,2566,'C','1341500267061','2024-10-11 09:10:13'),('2024-05-27',3749,2,0,2566,'C','1341500267061','2024-10-11 09:10:13'),('2024-05-27',3747,2,0,2566,'C','1341500267061','2024-10-11 09:10:13'),('2024-05-27',3748,2,0,2566,'C','1341500267061','2024-10-11 09:10:13'),('2024-05-27',3776,2,0,2566,'C','1341500267061','2024-10-11 09:10:13'),('2024-05-27',3777,2,0,2566,'C','1341500267061','2024-10-11 09:10:13'),('2024-05-27',3778,2,0,2566,'C','1341500267061','2024-10-11 09:10:13'),('2024-05-27',3779,2,0,2566,'C','1341500267061','2024-10-11 09:10:13'),('2024-05-27',3780,2,0,2566,'C','1341500267061','2024-10-11 09:10:13'),('2024-05-27',3781,2,0,2566,'C','1341500267061','2024-10-11 09:10:13'),('2024-05-28',3751,2,0,2566,'C','1341500267061','2024-10-11 09:10:24'),('2024-05-28',3750,2,0,2566,'C','1341500267061','2024-10-11 09:10:24'),('2024-05-28',3749,2,0,2566,'C','1341500267061','2024-10-11 09:10:24'),('2024-05-28',3747,2,0,2566,'C','1341500267061','2024-10-11 09:10:24'),('2024-05-28',3748,2,0,2566,'C','1341500267061','2024-10-11 09:10:24'),('2024-05-28',3776,2,0,2566,'C','1341500267061','2024-10-11 09:10:24'),('2024-05-28',3777,2,0,2566,'C','1341500267061','2024-10-11 09:10:24'),('2024-05-28',3778,2,0,2566,'C','1341500267061','2024-10-11 09:10:24'),('2024-05-28',3779,2,0,2566,'C','1341500267061','2024-10-11 09:10:24'),('2024-05-28',3780,2,0,2566,'C','1341500267061','2024-10-11 09:10:24'),('2024-05-28',3781,2,0,2566,'C','1341500267061','2024-10-11 09:10:24'),('2024-05-29',3751,2,0,2566,'C','1341500267061','2024-10-11 09:10:32'),('2024-05-29',3750,2,0,2566,'C','1341500267061','2024-10-11 09:10:32'),('2024-05-29',3749,2,0,2566,'C','1341500267061','2024-10-11 09:10:32'),('2024-05-29',3747,2,0,2566,'C','1341500267061','2024-10-11 09:10:32'),('2024-05-29',3748,2,0,2566,'C','1341500267061','2024-10-11 09:10:32'),('2024-05-29',3776,2,0,2566,'C','1341500267061','2024-10-11 09:10:32'),('2024-05-29',3777,2,0,2566,'C','1341500267061','2024-10-11 09:10:32'),('2024-05-29',3778,2,0,2566,'C','1341500267061','2024-10-11 09:10:32'),('2024-05-29',3779,2,0,2566,'C','1341500267061','2024-10-11 09:10:32'),('2024-05-29',3780,2,0,2566,'C','1341500267061','2024-10-11 09:10:32'),('2024-05-29',3781,2,0,2566,'C','1341500267061','2024-10-11 09:10:32'),('2024-05-30',3751,2,0,2566,'C','1341500267061','2024-10-11 09:10:40'),('2024-05-30',3750,2,0,2566,'C','1341500267061','2024-10-11 09:10:40'),('2024-05-30',3749,2,0,2566,'C','1341500267061','2024-10-11 09:10:40'),('2024-05-30',3747,2,0,2566,'C','1341500267061','2024-10-11 09:10:40'),('2024-05-30',3748,2,0,2566,'C','1341500267061','2024-10-11 09:10:40'),('2024-05-30',3776,2,0,2566,'C','1341500267061','2024-10-11 09:10:40'),('2024-05-30',3777,2,0,2566,'C','1341500267061','2024-10-11 09:10:40'),('2024-05-30',3778,2,0,2566,'C','1341500267061','2024-10-11 09:10:40'),('2024-05-30',3779,2,0,2566,'C','1341500267061','2024-10-11 09:10:40'),('2024-05-30',3780,2,0,2566,'C','1341500267061','2024-10-11 09:10:40'),('2024-05-30',3781,2,0,2566,'C','1341500267061','2024-10-11 09:10:40'),('2024-05-16',3771,1,1,2567,'C','1341500267061','2024-10-11 10:10:05'),('2024-05-16',3772,1,1,2567,'C','1341500267061','2024-10-11 10:10:05'),('2024-05-16',3773,1,1,2567,'C','1341500267061','2024-10-11 10:10:05'),('2024-05-16',3774,1,1,2567,'C','1341500267061','2024-10-11 10:10:05'),('2024-05-16',3775,1,1,2567,'C','1341500267061','2024-10-11 10:10:05'),('2024-05-17',3771,1,1,2567,'C','1341500267061','2024-10-11 10:10:30'),('2024-05-17',3772,1,1,2567,'C','1341500267061','2024-10-11 10:10:30'),('2024-05-17',3773,1,1,2567,'C','1341500267061','2024-10-11 10:10:30'),('2024-05-17',3774,1,1,2567,'C','1341500267061','2024-10-11 10:10:30'),('2024-05-17',3775,1,1,2567,'C','1341500267061','2024-10-11 10:10:30'),('2024-10-10',3771,1,1,2567,'C','1341500267061','2024-10-11 11:10:27'),('2024-10-10',3772,1,1,2567,'C','1341500267061','2024-10-11 11:10:27'),('2024-10-10',3773,1,1,2567,'C','1341500267061','2024-10-11 11:10:27'),('2024-10-10',3774,1,1,2567,'C','1341500267061','2024-10-11 11:10:27'),('2024-10-10',3775,1,1,2567,'C','1341500267061','2024-10-11 11:10:27'),('2024-05-20',3771,1,1,2567,'C','1341500267061','2024-10-11 11:10:46'),('2024-05-20',3772,1,1,2567,'C','1341500267061','2024-10-11 11:10:46'),('2024-05-20',3773,1,1,2567,'C','1341500267061','2024-10-11 11:10:46'),('2024-05-20',3774,1,1,2567,'C','1341500267061','2024-10-11 11:10:46'),('2024-05-20',3775,1,1,2567,'C','1341500267061','2024-10-11 11:10:46'),('2024-05-21',3771,1,1,2567,'C','1341500267061','2024-10-11 11:10:53'),('2024-05-21',3772,1,1,2567,'C','1341500267061','2024-10-11 11:10:53'),('2024-05-21',3773,1,1,2567,'C','1341500267061','2024-10-11 11:10:53'),('2024-05-21',3774,1,1,2567,'C','1341500267061','2024-10-11 11:10:53'),('2024-05-21',3775,1,1,2567,'C','1341500267061','2024-10-11 11:10:53'),('2024-05-23',3771,1,1,2567,'C','1341500267061','2024-10-11 11:10:16'),('2024-05-23',3772,1,1,2567,'C','1341500267061','2024-10-11 11:10:16'),('2024-05-23',3773,1,1,2567,'C','1341500267061','2024-10-11 11:10:16'),('2024-05-23',3774,1,1,2567,'C','1341500267061','2024-10-11 11:10:16'),('2024-05-23',3775,1,1,2567,'C','1341500267061','2024-10-11 11:10:16'),('2024-05-24',3771,1,1,2567,'C','1341500267061','2024-10-11 11:10:24'),('2024-05-24',3772,1,1,2567,'C','1341500267061','2024-10-11 11:10:24'),('2024-05-24',3773,1,1,2567,'C','1341500267061','2024-10-11 11:10:24'),('2024-05-24',3774,1,1,2567,'C','1341500267061','2024-10-11 11:10:24'),('2024-05-24',3775,1,1,2567,'C','1341500267061','2024-10-11 11:10:24'),('2024-05-27',3771,1,1,2567,'C','1341500267061','2024-10-11 11:10:32'),('2024-05-27',3772,1,1,2567,'C','1341500267061','2024-10-11 11:10:32'),('2024-05-27',3773,1,1,2567,'C','1341500267061','2024-10-11 11:10:32'),('2024-05-27',3774,1,1,2567,'C','1341500267061','2024-10-11 11:10:32'),('2024-05-27',3775,1,1,2567,'C','1341500267061','2024-10-11 11:10:32'),('2024-05-28',3771,1,1,2567,'C','1341500267061','2024-10-11 11:10:39'),('2024-05-28',3772,1,1,2567,'C','1341500267061','2024-10-11 11:10:39'),('2024-05-28',3773,1,1,2567,'C','1341500267061','2024-10-11 11:10:39'),('2024-05-28',3774,1,1,2567,'C','1341500267061','2024-10-11 11:10:39'),('2024-05-28',3775,1,1,2567,'C','1341500267061','2024-10-11 11:10:39'),('2024-05-29',3771,1,1,2567,'C','1341500267061','2024-10-11 11:10:45'),('2024-05-29',3772,1,1,2567,'C','1341500267061','2024-10-11 11:10:45'),('2024-05-29',3773,1,1,2567,'C','1341500267061','2024-10-11 11:10:45'),('2024-05-29',3774,1,1,2567,'C','1341500267061','2024-10-11 11:10:45'),('2024-05-29',3775,1,1,2567,'C','1341500267061','2024-10-11 11:10:45'),('2024-05-30',3771,1,1,2567,'C','1341500267061','2024-10-11 11:10:52'),('2024-05-30',3772,1,1,2567,'C','1341500267061','2024-10-11 11:10:52'),('2024-05-30',3773,1,1,2567,'C','1341500267061','2024-10-11 11:10:52'),('2024-05-30',3774,1,1,2567,'C','1341500267061','2024-10-11 11:10:52'),('2024-05-30',3775,1,1,2567,'C','1341500267061','2024-10-11 11:10:52'),('2024-05-31',3771,1,1,2567,'C','1341500267061','2024-10-11 11:10:00'),('2024-05-31',3772,1,1,2567,'C','1341500267061','2024-10-11 11:10:00'),('2024-05-31',3773,1,1,2567,'C','1341500267061','2024-10-11 11:10:00'),('2024-05-31',3774,1,1,2567,'C','1341500267061','2024-10-11 11:10:00'),('2024-05-31',3775,1,1,2567,'C','1341500267061','2024-10-11 11:10:00'),('2024-06-04',3771,1,1,2567,'C','1341500267061','2024-10-11 11:10:13'),('2024-06-04',3772,1,1,2567,'C','1341500267061','2024-10-11 11:10:13'),('2024-06-04',3773,1,1,2567,'C','1341500267061','2024-10-11 11:10:13'),('2024-06-04',3774,1,1,2567,'C','1341500267061','2024-10-11 11:10:13'),('2024-06-04',3775,1,1,2567,'C','1341500267061','2024-10-11 11:10:13'),('2024-06-05',3771,1,1,2567,'C','1341500267061','2024-10-11 11:10:23'),('2024-06-05',3772,1,1,2567,'C','1341500267061','2024-10-11 11:10:23'),('2024-06-05',3773,1,1,2567,'C','1341500267061','2024-10-11 11:10:23'),('2024-06-05',3774,1,1,2567,'C','1341500267061','2024-10-11 11:10:23'),('2024-06-05',3775,1,1,2567,'C','1341500267061','2024-10-11 11:10:23'),('2024-06-06',3771,1,1,2567,'C','1341500267061','2024-10-11 11:10:30'),('2024-06-06',3772,1,1,2567,'C','1341500267061','2024-10-11 11:10:30'),('2024-06-06',3773,1,1,2567,'C','1341500267061','2024-10-11 11:10:30'),('2024-06-06',3774,1,1,2567,'C','1341500267061','2024-10-11 11:10:30'),('2024-06-06',3775,1,1,2567,'C','1341500267061','2024-10-11 11:10:30'),('2024-06-07',3771,1,1,2567,'C','1341500267061','2024-10-11 11:10:38'),('2024-06-07',3772,1,1,2567,'C','1341500267061','2024-10-11 11:10:38'),('2024-06-07',3773,1,1,2567,'C','1341500267061','2024-10-11 11:10:38'),('2024-06-07',3774,1,1,2567,'C','1341500267061','2024-10-11 11:10:38'),('2024-06-07',3775,1,1,2567,'C','1341500267061','2024-10-11 11:10:38'),('2024-06-10',3771,1,1,2567,'C','1341500267061','2024-10-11 11:10:45'),('2024-06-10',3772,1,1,2567,'C','1341500267061','2024-10-11 11:10:45'),('2024-06-10',3773,1,1,2567,'C','1341500267061','2024-10-11 11:10:45'),('2024-06-10',3774,1,1,2567,'C','1341500267061','2024-10-11 11:10:45'),('2024-06-10',3775,1,1,2567,'C','1341500267061','2024-10-11 11:10:45'),('2024-06-11',3771,1,1,2567,'C','1341500267061','2024-10-11 11:10:53'),('2024-06-11',3772,1,1,2567,'C','1341500267061','2024-10-11 11:10:53'),('2024-06-11',3773,1,1,2567,'C','1341500267061','2024-10-11 11:10:53'),('2024-06-11',3774,1,1,2567,'C','1341500267061','2024-10-11 11:10:53'),('2024-06-11',3775,1,1,2567,'C','1341500267061','2024-10-11 11:10:53'),('2024-06-12',3771,1,1,2567,'C','1341500267061','2024-10-11 11:10:59'),('2024-06-12',3772,1,1,2567,'C','1341500267061','2024-10-11 11:10:59'),('2024-06-12',3773,1,1,2567,'C','1341500267061','2024-10-11 11:10:59'),('2024-06-12',3774,1,1,2567,'C','1341500267061','2024-10-11 11:10:59'),('2024-06-12',3775,1,1,2567,'C','1341500267061','2024-10-11 11:10:59'),('2024-06-13',3771,1,1,2567,'C','1341500267061','2024-10-11 11:10:05'),('2024-06-13',3772,1,1,2567,'C','1341500267061','2024-10-11 11:10:05'),('2024-06-13',3773,1,1,2567,'C','1341500267061','2024-10-11 11:10:05'),('2024-06-13',3774,1,1,2567,'C','1341500267061','2024-10-11 11:10:05'),('2024-06-13',3775,1,1,2567,'C','1341500267061','2024-10-11 11:10:05'),('2024-06-14',3771,1,1,2567,'C','1341500267061','2024-10-11 11:10:11'),('2024-06-14',3772,1,1,2567,'C','1341500267061','2024-10-11 11:10:11'),('2024-06-14',3773,1,1,2567,'C','1341500267061','2024-10-11 11:10:11'),('2024-06-14',3774,1,1,2567,'C','1341500267061','2024-10-11 11:10:11'),('2024-06-14',3775,1,1,2567,'C','1341500267061','2024-10-11 11:10:11'),('2024-06-17',3771,1,1,2567,'C','1341500267061','2024-10-11 11:10:23'),('2024-06-17',3772,1,1,2567,'C','1341500267061','2024-10-11 11:10:23'),('2024-06-17',3773,1,1,2567,'C','1341500267061','2024-10-11 11:10:23'),('2024-06-17',3774,1,1,2567,'C','1341500267061','2024-10-11 11:10:23'),('2024-06-17',3775,1,1,2567,'C','1341500267061','2024-10-11 11:10:23'),('2024-06-18',3771,1,1,2567,'C','1341500267061','2024-10-11 11:10:31'),('2024-06-18',3772,1,1,2567,'C','1341500267061','2024-10-11 11:10:31'),('2024-06-18',3773,1,1,2567,'C','1341500267061','2024-10-11 11:10:31'),('2024-06-18',3774,1,1,2567,'C','1341500267061','2024-10-11 11:10:31'),('2024-06-18',3775,1,1,2567,'C','1341500267061','2024-10-11 11:10:31'),('2024-06-19',3771,1,1,2567,'C','1341500267061','2024-10-11 11:10:39'),('2024-06-19',3772,1,1,2567,'C','1341500267061','2024-10-11 11:10:39'),('2024-06-19',3773,1,1,2567,'C','1341500267061','2024-10-11 11:10:39'),('2024-06-19',3774,1,1,2567,'C','1341500267061','2024-10-11 11:10:39'),('2024-06-19',3775,1,1,2567,'C','1341500267061','2024-10-11 11:10:39'),('2024-06-20',3771,1,1,2567,'C','1341500267061','2024-10-11 11:10:47'),('2024-06-20',3772,1,1,2567,'C','1341500267061','2024-10-11 11:10:47'),('2024-06-20',3773,1,1,2567,'C','1341500267061','2024-10-11 11:10:47'),('2024-06-20',3774,1,1,2567,'C','1341500267061','2024-10-11 11:10:47'),('2024-06-20',3775,1,1,2567,'C','1341500267061','2024-10-11 11:10:47'),('2024-06-21',3771,1,1,2567,'C','1341500267061','2024-10-11 11:10:54'),('2024-06-21',3772,1,1,2567,'C','1341500267061','2024-10-11 11:10:54'),('2024-06-21',3773,1,1,2567,'C','1341500267061','2024-10-11 11:10:54'),('2024-06-21',3774,1,1,2567,'C','1341500267061','2024-10-11 11:10:54'),('2024-06-21',3775,1,1,2567,'C','1341500267061','2024-10-11 11:10:54'),('2024-06-24',3771,1,1,2567,'C','1341500267061','2024-10-11 11:10:00'),('2024-06-24',3772,1,1,2567,'C','1341500267061','2024-10-11 11:10:00'),('2024-06-24',3773,1,1,2567,'C','1341500267061','2024-10-11 11:10:00'),('2024-06-24',3774,1,1,2567,'C','1341500267061','2024-10-11 11:10:00'),('2024-06-24',3775,1,1,2567,'C','1341500267061','2024-10-11 11:10:00'),('2024-06-25',3771,1,1,2567,'C','1341500267061','2024-10-11 11:10:06'),('2024-06-25',3772,1,1,2567,'C','1341500267061','2024-10-11 11:10:06'),('2024-06-25',3773,1,1,2567,'C','1341500267061','2024-10-11 11:10:06'),('2024-06-25',3774,1,1,2567,'C','1341500267061','2024-10-11 11:10:06'),('2024-06-25',3775,1,1,2567,'C','1341500267061','2024-10-11 11:10:06'),('2024-06-26',3771,1,1,2567,'C','1341500267061','2024-10-11 11:10:13'),('2024-06-26',3772,1,1,2567,'C','1341500267061','2024-10-11 11:10:13'),('2024-06-26',3773,1,1,2567,'C','1341500267061','2024-10-11 11:10:13'),('2024-06-26',3774,1,1,2567,'C','1341500267061','2024-10-11 11:10:13'),('2024-06-26',3775,1,1,2567,'C','1341500267061','2024-10-11 11:10:13'),('2024-06-28',3771,1,1,2567,'C','1341500267061','2024-10-11 11:10:27'),('2024-06-28',3772,1,1,2567,'C','1341500267061','2024-10-11 11:10:27'),('2024-06-28',3773,1,1,2567,'C','1341500267061','2024-10-11 11:10:27'),('2024-06-28',3774,1,1,2567,'C','1341500267061','2024-10-11 11:10:27'),('2024-06-28',3775,1,1,2567,'C','1341500267061','2024-10-11 11:10:27'),('2024-05-16',3728,3,0,2567,'C','1341500267061','2024-10-11 11:10:35'),('2024-05-16',3742,3,0,2567,'C','1341500267061','2024-10-11 11:10:35'),('2024-05-16',3752,3,0,2567,'C','1341500267061','2024-10-11 11:10:35'),('2024-05-16',3753,3,0,2567,'C','1341500267061','2024-10-11 11:10:35'),('2024-05-16',3754,3,0,2567,'C','1341500267061','2024-10-11 11:10:35'),('2024-05-16',3755,3,0,2567,'C','1341500267061','2024-10-11 11:10:35'),('2024-05-16',3756,3,0,2567,'C','1341500267061','2024-10-11 11:10:35'),('2024-05-16',3757,3,0,2567,'C','1341500267061','2024-10-11 11:10:35'),('2024-05-16',3758,3,0,2567,'C','1341500267061','2024-10-11 11:10:35'),('2024-05-16',3765,3,0,2567,'C','1341500267061','2024-10-11 11:10:35'),('2024-05-17',3728,3,0,2567,'C','1341500267061','2024-10-11 11:10:43'),('2024-05-17',3742,3,0,2567,'C','1341500267061','2024-10-11 11:10:43'),('2024-05-17',3752,3,0,2567,'C','1341500267061','2024-10-11 11:10:43'),('2024-05-17',3753,3,0,2567,'C','1341500267061','2024-10-11 11:10:43'),('2024-05-17',3754,3,0,2567,'C','1341500267061','2024-10-11 11:10:43'),('2024-05-17',3755,3,0,2567,'C','1341500267061','2024-10-11 11:10:43'),('2024-05-17',3756,3,0,2567,'C','1341500267061','2024-10-11 11:10:43'),('2024-05-17',3757,3,0,2567,'C','1341500267061','2024-10-11 11:10:43'),('2024-05-17',3758,3,0,2567,'C','1341500267061','2024-10-11 11:10:43'),('2024-05-17',3765,3,0,2567,'C','1341500267061','2024-10-11 11:10:43'),('2024-05-20',3728,3,0,2567,'C','1341500267061','2024-10-11 11:10:55'),('2024-05-20',3742,3,0,2567,'C','1341500267061','2024-10-11 11:10:55'),('2024-05-20',3752,3,0,2567,'C','1341500267061','2024-10-11 11:10:55'),('2024-05-20',3753,3,0,2567,'C','1341500267061','2024-10-11 11:10:55'),('2024-05-20',3754,3,0,2567,'C','1341500267061','2024-10-11 11:10:55'),('2024-05-20',3755,3,0,2567,'C','1341500267061','2024-10-11 11:10:55'),('2024-05-20',3756,3,0,2567,'C','1341500267061','2024-10-11 11:10:55'),('2024-05-20',3757,3,0,2567,'C','1341500267061','2024-10-11 11:10:55'),('2024-05-20',3758,3,0,2567,'C','1341500267061','2024-10-11 11:10:55'),('2024-05-20',3765,3,0,2567,'C','1341500267061','2024-10-11 11:10:55'),('2024-05-21',3728,3,0,2567,'C','1341500267061','2024-10-11 11:10:02'),('2024-05-21',3742,3,0,2567,'C','1341500267061','2024-10-11 11:10:02'),('2024-05-21',3752,3,0,2567,'C','1341500267061','2024-10-11 11:10:02'),('2024-05-21',3753,3,0,2567,'C','1341500267061','2024-10-11 11:10:02'),('2024-05-21',3754,3,0,2567,'C','1341500267061','2024-10-11 11:10:02'),('2024-05-21',3755,3,0,2567,'C','1341500267061','2024-10-11 11:10:02'),('2024-05-21',3756,3,0,2567,'C','1341500267061','2024-10-11 11:10:02'),('2024-05-21',3757,3,0,2567,'C','1341500267061','2024-10-11 11:10:02'),('2024-05-21',3758,3,0,2567,'C','1341500267061','2024-10-11 11:10:02'),('2024-05-21',3765,3,0,2567,'C','1341500267061','2024-10-11 11:10:02'),('2024-05-23',3765,3,0,2567,'C','1341500267061','2024-10-11 11:10:26'),('2024-05-23',3758,3,0,2567,'C','1341500267061','2024-10-11 11:10:26'),('2024-05-23',3757,3,0,2567,'C','1341500267061','2024-10-11 11:10:26'),('2024-05-23',3756,3,0,2567,'C','1341500267061','2024-10-11 11:10:26'),('2024-05-23',3755,3,0,2567,'C','1341500267061','2024-10-11 11:10:26'),('2024-05-23',3754,3,0,2567,'C','1341500267061','2024-10-11 11:10:26'),('2024-05-23',3753,3,0,2567,'C','1341500267061','2024-10-11 11:10:26'),('2024-05-23',3752,3,0,2567,'C','1341500267061','2024-10-11 11:10:26'),('2024-05-23',3742,3,0,2567,'C','1341500267061','2024-10-11 11:10:26'),('2024-05-23',3728,3,0,2567,'C','1341500267061','2024-10-11 11:10:26'),('2024-05-24',3728,3,0,2567,'C','1341500267061','2024-10-11 11:10:33'),('2024-05-24',3742,3,0,2567,'C','1341500267061','2024-10-11 11:10:33'),('2024-05-24',3752,3,0,2567,'C','1341500267061','2024-10-11 11:10:33'),('2024-05-24',3753,3,0,2567,'C','1341500267061','2024-10-11 11:10:33'),('2024-05-24',3754,3,0,2567,'C','1341500267061','2024-10-11 11:10:33'),('2024-05-24',3755,3,0,2567,'C','1341500267061','2024-10-11 11:10:33'),('2024-05-24',3756,3,0,2567,'C','1341500267061','2024-10-11 11:10:33'),('2024-05-24',3757,3,0,2567,'C','1341500267061','2024-10-11 11:10:33'),('2024-05-24',3758,3,0,2567,'C','1341500267061','2024-10-11 11:10:33'),('2024-05-24',3765,3,0,2567,'C','1341500267061','2024-10-11 11:10:33'),('2024-05-27',3728,3,0,2567,'C','1341500267061','2024-10-11 11:10:41'),('2024-05-27',3742,3,0,2567,'C','1341500267061','2024-10-11 11:10:41'),('2024-05-27',3752,3,0,2567,'C','1341500267061','2024-10-11 11:10:41'),('2024-05-27',3753,3,0,2567,'C','1341500267061','2024-10-11 11:10:41'),('2024-05-27',3754,3,0,2567,'C','1341500267061','2024-10-11 11:10:41'),('2024-05-27',3755,3,0,2567,'C','1341500267061','2024-10-11 11:10:41'),('2024-05-27',3756,3,0,2567,'C','1341500267061','2024-10-11 11:10:41'),('2024-05-27',3757,3,0,2567,'C','1341500267061','2024-10-11 11:10:41'),('2024-05-27',3758,3,0,2567,'C','1341500267061','2024-10-11 11:10:41'),('2024-05-27',3765,3,0,2567,'C','1341500267061','2024-10-11 11:10:41'),('2024-05-28',3728,3,0,2567,'C','1341500267061','2024-10-11 11:10:49'),('2024-05-28',3742,3,0,2567,'C','1341500267061','2024-10-11 11:10:49'),('2024-05-28',3752,3,0,2567,'C','1341500267061','2024-10-11 11:10:49'),('2024-05-28',3753,3,0,2567,'C','1341500267061','2024-10-11 11:10:49'),('2024-05-28',3754,3,0,2567,'C','1341500267061','2024-10-11 11:10:49'),('2024-05-28',3755,3,0,2567,'C','1341500267061','2024-10-11 11:10:49'),('2024-05-28',3756,3,0,2567,'C','1341500267061','2024-10-11 11:10:49'),('2024-05-28',3757,3,0,2567,'C','1341500267061','2024-10-11 11:10:49'),('2024-05-28',3758,3,0,2567,'C','1341500267061','2024-10-11 11:10:49'),('2024-05-28',3765,3,0,2567,'C','1341500267061','2024-10-11 11:10:49'),('2024-05-29',3728,3,0,2567,'C','1341500267061','2024-10-11 11:10:55'),('2024-05-29',3742,3,0,2567,'C','1341500267061','2024-10-11 11:10:55'),('2024-05-29',3752,3,0,2567,'C','1341500267061','2024-10-11 11:10:55'),('2024-05-29',3753,3,0,2567,'C','1341500267061','2024-10-11 11:10:55'),('2024-05-29',3754,3,0,2567,'C','1341500267061','2024-10-11 11:10:55'),('2024-05-29',3755,3,0,2567,'C','1341500267061','2024-10-11 11:10:55'),('2024-05-29',3756,3,0,2567,'C','1341500267061','2024-10-11 11:10:55'),('2024-05-29',3757,3,0,2567,'C','1341500267061','2024-10-11 11:10:55'),('2024-05-29',3758,3,0,2567,'C','1341500267061','2024-10-11 11:10:55'),('2024-05-29',3765,3,0,2567,'C','1341500267061','2024-10-11 11:10:55'),('2024-05-30',3728,3,0,2567,'C','1341500267061','2024-10-11 11:10:01'),('2024-05-30',3742,3,0,2567,'C','1341500267061','2024-10-11 11:10:01'),('2024-05-30',3752,3,0,2567,'C','1341500267061','2024-10-11 11:10:01'),('2024-05-30',3753,3,0,2567,'C','1341500267061','2024-10-11 11:10:01'),('2024-05-30',3754,3,0,2567,'C','1341500267061','2024-10-11 11:10:01'),('2024-05-30',3755,3,0,2567,'C','1341500267061','2024-10-11 11:10:01'),('2024-05-30',3756,3,0,2567,'C','1341500267061','2024-10-11 11:10:01'),('2024-05-30',3757,3,0,2567,'C','1341500267061','2024-10-11 11:10:01'),('2024-05-30',3758,3,0,2567,'C','1341500267061','2024-10-11 11:10:01'),('2024-05-30',3765,3,0,2567,'C','1341500267061','2024-10-11 11:10:01'),('2024-05-31',3728,3,0,2567,'C','1341500267061','2024-10-11 11:10:08'),('2024-05-31',3742,3,0,2567,'C','1341500267061','2024-10-11 11:10:08'),('2024-05-31',3752,3,0,2567,'C','1341500267061','2024-10-11 11:10:08'),('2024-05-31',3753,3,0,2567,'C','1341500267061','2024-10-11 11:10:08'),('2024-05-31',3754,3,0,2567,'C','1341500267061','2024-10-11 11:10:08'),('2024-05-31',3755,3,0,2567,'C','1341500267061','2024-10-11 11:10:08'),('2024-05-31',3756,3,0,2567,'C','1341500267061','2024-10-11 11:10:08'),('2024-05-31',3757,3,0,2567,'C','1341500267061','2024-10-11 11:10:08'),('2024-05-31',3758,3,0,2567,'C','1341500267061','2024-10-11 11:10:08'),('2024-05-31',3765,3,0,2567,'C','1341500267061','2024-10-11 11:10:08'),('2024-06-03',3728,3,0,2567,'C','1341500267061','2024-10-11 11:10:28'),('2024-06-03',3742,3,0,2567,'C','1341500267061','2024-10-11 11:10:28'),('2024-06-03',3752,3,0,2567,'C','1341500267061','2024-10-11 11:10:28'),('2024-06-03',3753,3,0,2567,'C','1341500267061','2024-10-11 11:10:28'),('2024-06-03',3754,3,0,2567,'C','1341500267061','2024-10-11 11:10:28'),('2024-06-03',3755,3,0,2567,'C','1341500267061','2024-10-11 11:10:28'),('2024-06-03',3756,3,0,2567,'C','1341500267061','2024-10-11 11:10:28'),('2024-06-03',3757,3,0,2567,'C','1341500267061','2024-10-11 11:10:28'),('2024-06-03',3758,3,0,2567,'C','1341500267061','2024-10-11 11:10:28'),('2024-06-03',3765,3,0,2567,'C','1341500267061','2024-10-11 11:10:28'),('2024-06-04',3728,3,0,2567,'C','1341500267061','2024-10-11 11:10:35'),('2024-06-04',3742,3,0,2567,'C','1341500267061','2024-10-11 11:10:35'),('2024-06-04',3752,3,0,2567,'C','1341500267061','2024-10-11 11:10:35'),('2024-06-04',3753,3,0,2567,'C','1341500267061','2024-10-11 11:10:35'),('2024-06-04',3754,3,0,2567,'C','1341500267061','2024-10-11 11:10:35'),('2024-06-04',3755,3,0,2567,'C','1341500267061','2024-10-11 11:10:35'),('2024-06-04',3756,3,0,2567,'C','1341500267061','2024-10-11 11:10:35'),('2024-06-04',3757,3,0,2567,'C','1341500267061','2024-10-11 11:10:35'),('2024-06-04',3758,3,0,2567,'C','1341500267061','2024-10-11 11:10:35'),('2024-06-04',3765,3,0,2567,'C','1341500267061','2024-10-11 11:10:35'),('2024-06-05',3728,3,0,2567,'C','1341500267061','2024-10-11 11:10:48'),('2024-06-05',3742,3,0,2567,'C','1341500267061','2024-10-11 11:10:48'),('2024-06-05',3752,3,0,2567,'C','1341500267061','2024-10-11 11:10:48'),('2024-06-05',3753,3,0,2567,'C','1341500267061','2024-10-11 11:10:48'),('2024-06-05',3754,3,0,2567,'C','1341500267061','2024-10-11 11:10:48'),('2024-06-05',3755,3,0,2567,'C','1341500267061','2024-10-11 11:10:48'),('2024-06-05',3756,3,0,2567,'C','1341500267061','2024-10-11 11:10:48'),('2024-06-05',3757,3,0,2567,'C','1341500267061','2024-10-11 11:10:48'),('2024-06-05',3758,3,0,2567,'C','1341500267061','2024-10-11 11:10:48'),('2024-06-05',3765,3,0,2567,'C','1341500267061','2024-10-11 11:10:48'),('2024-06-06',3728,3,0,2567,'C','1341500267061','2024-10-11 11:10:55'),('2024-06-06',3742,3,0,2567,'C','1341500267061','2024-10-11 11:10:55'),('2024-06-06',3752,3,0,2567,'C','1341500267061','2024-10-11 11:10:55'),('2024-06-06',3753,3,0,2567,'C','1341500267061','2024-10-11 11:10:55'),('2024-06-06',3754,3,0,2567,'C','1341500267061','2024-10-11 11:10:55'),('2024-06-06',3755,3,0,2567,'C','1341500267061','2024-10-11 11:10:55'),('2024-06-06',3756,3,0,2567,'C','1341500267061','2024-10-11 11:10:55'),('2024-06-06',3757,3,0,2567,'C','1341500267061','2024-10-11 11:10:55'),('2024-06-06',3758,3,0,2567,'C','1341500267061','2024-10-11 11:10:55'),('2024-06-06',3765,3,0,2567,'C','1341500267061','2024-10-11 11:10:55'),('2024-06-07',3728,3,0,2567,'C','1341500267061','2024-10-11 11:10:03'),('2024-06-07',3742,3,0,2567,'C','1341500267061','2024-10-11 11:10:03'),('2024-06-07',3752,3,0,2567,'C','1341500267061','2024-10-11 11:10:03'),('2024-06-07',3753,3,0,2567,'C','1341500267061','2024-10-11 11:10:03'),('2024-06-07',3754,3,0,2567,'C','1341500267061','2024-10-11 11:10:03'),('2024-06-07',3755,3,0,2567,'C','1341500267061','2024-10-11 11:10:03'),('2024-06-07',3756,3,0,2567,'C','1341500267061','2024-10-11 11:10:03'),('2024-06-07',3757,3,0,2567,'C','1341500267061','2024-10-11 11:10:03'),('2024-06-07',3758,3,0,2567,'C','1341500267061','2024-10-11 11:10:03'),('2024-06-07',3765,3,0,2567,'C','1341500267061','2024-10-11 11:10:03'),('2024-06-10',3728,3,0,2567,'C','1341500267061','2024-10-11 11:10:10'),('2024-06-10',3742,3,0,2567,'C','1341500267061','2024-10-11 11:10:10'),('2024-06-10',3752,3,0,2567,'C','1341500267061','2024-10-11 11:10:10'),('2024-06-10',3753,3,0,2567,'C','1341500267061','2024-10-11 11:10:10'),('2024-06-10',3754,3,0,2567,'C','1341500267061','2024-10-11 11:10:10'),('2024-06-10',3755,3,0,2567,'C','1341500267061','2024-10-11 11:10:10'),('2024-06-10',3756,3,0,2567,'C','1341500267061','2024-10-11 11:10:10'),('2024-06-10',3757,3,0,2567,'C','1341500267061','2024-10-11 11:10:10'),('2024-06-10',3758,3,0,2567,'C','1341500267061','2024-10-11 11:10:10'),('2024-06-10',3765,3,0,2567,'C','1341500267061','2024-10-11 11:10:10'),('2024-06-11',3728,3,0,2567,'C','1341500267061','2024-10-11 11:10:18'),('2024-06-11',3742,3,0,2567,'C','1341500267061','2024-10-11 11:10:18'),('2024-06-11',3752,3,0,2567,'C','1341500267061','2024-10-11 11:10:18'),('2024-06-11',3753,3,0,2567,'C','1341500267061','2024-10-11 11:10:18'),('2024-06-11',3754,3,0,2567,'C','1341500267061','2024-10-11 11:10:18'),('2024-06-11',3755,3,0,2567,'C','1341500267061','2024-10-11 11:10:18'),('2024-06-11',3756,3,0,2567,'C','1341500267061','2024-10-11 11:10:18'),('2024-06-11',3757,3,0,2567,'C','1341500267061','2024-10-11 11:10:18'),('2024-06-11',3758,3,0,2567,'C','1341500267061','2024-10-11 11:10:18'),('2024-06-11',3765,3,0,2567,'C','1341500267061','2024-10-11 11:10:18'),('2024-06-12',3728,3,0,2567,'C','1341500267061','2024-10-11 11:10:27'),('2024-06-12',3742,3,0,2567,'C','1341500267061','2024-10-11 11:10:27'),('2024-06-12',3752,3,0,2567,'C','1341500267061','2024-10-11 11:10:27'),('2024-06-12',3753,3,0,2567,'C','1341500267061','2024-10-11 11:10:27'),('2024-06-12',3754,3,0,2567,'C','1341500267061','2024-10-11 11:10:27'),('2024-06-12',3755,3,0,2567,'C','1341500267061','2024-10-11 11:10:27'),('2024-06-12',3756,3,0,2567,'C','1341500267061','2024-10-11 11:10:27'),('2024-06-12',3757,3,0,2567,'C','1341500267061','2024-10-11 11:10:27'),('2024-06-12',3758,3,0,2567,'C','1341500267061','2024-10-11 11:10:27'),('2024-06-12',3765,3,0,2567,'C','1341500267061','2024-10-11 11:10:27'),('2024-06-13',3728,3,0,2567,'C','1341500267061','2024-10-11 11:10:39'),('2024-06-13',3742,3,0,2567,'C','1341500267061','2024-10-11 11:10:39'),('2024-06-13',3752,3,0,2567,'C','1341500267061','2024-10-11 11:10:39'),('2024-06-13',3753,3,0,2567,'C','1341500267061','2024-10-11 11:10:39'),('2024-06-13',3754,3,0,2567,'C','1341500267061','2024-10-11 11:10:39'),('2024-06-13',3755,3,0,2567,'C','1341500267061','2024-10-11 11:10:39'),('2024-06-13',3756,3,0,2567,'C','1341500267061','2024-10-11 11:10:39'),('2024-06-13',3757,3,0,2567,'C','1341500267061','2024-10-11 11:10:39'),('2024-06-13',3758,3,0,2567,'C','1341500267061','2024-10-11 11:10:39'),('2024-06-13',3765,3,0,2567,'C','1341500267061','2024-10-11 11:10:39'),('2024-06-14',3728,3,0,2567,'C','1341500267061','2024-10-11 11:10:53'),('2024-06-14',3742,3,0,2567,'C','1341500267061','2024-10-11 11:10:53'),('2024-06-14',3752,3,0,2567,'C','1341500267061','2024-10-11 11:10:53'),('2024-06-14',3753,3,0,2567,'C','1341500267061','2024-10-11 11:10:53'),('2024-06-14',3754,3,0,2567,'C','1341500267061','2024-10-11 11:10:53'),('2024-06-14',3755,3,0,2567,'C','1341500267061','2024-10-11 11:10:53'),('2024-06-14',3756,3,0,2567,'C','1341500267061','2024-10-11 11:10:53'),('2024-06-14',3757,3,0,2567,'C','1341500267061','2024-10-11 11:10:53'),('2024-06-14',3758,3,0,2567,'C','1341500267061','2024-10-11 11:10:53'),('2024-06-14',3765,3,0,2567,'C','1341500267061','2024-10-11 11:10:53'),('2024-06-17',3728,3,0,2567,'C','1341500267061','2024-10-11 11:10:00'),('2024-06-17',3742,3,0,2567,'C','1341500267061','2024-10-11 11:10:00'),('2024-06-17',3752,3,0,2567,'C','1341500267061','2024-10-11 11:10:00'),('2024-06-17',3753,3,0,2567,'C','1341500267061','2024-10-11 11:10:00'),('2024-06-17',3754,3,0,2567,'C','1341500267061','2024-10-11 11:10:00'),('2024-06-17',3755,3,0,2567,'C','1341500267061','2024-10-11 11:10:00'),('2024-06-17',3756,3,0,2567,'C','1341500267061','2024-10-11 11:10:00'),('2024-06-17',3757,3,0,2567,'C','1341500267061','2024-10-11 11:10:00'),('2024-06-17',3758,3,0,2567,'C','1341500267061','2024-10-11 11:10:00'),('2024-06-17',3765,3,0,2567,'C','1341500267061','2024-10-11 11:10:00'),('2024-06-18',3728,3,0,2567,'C','1341500267061','2024-10-11 11:10:09'),('2024-06-18',3742,3,0,2567,'C','1341500267061','2024-10-11 11:10:09'),('2024-06-18',3752,3,0,2567,'C','1341500267061','2024-10-11 11:10:09'),('2024-06-18',3753,3,0,2567,'C','1341500267061','2024-10-11 11:10:09'),('2024-06-18',3754,3,0,2567,'C','1341500267061','2024-10-11 11:10:09'),('2024-06-18',3755,3,0,2567,'C','1341500267061','2024-10-11 11:10:09'),('2024-06-18',3756,3,0,2567,'C','1341500267061','2024-10-11 11:10:09'),('2024-06-18',3757,3,0,2567,'C','1341500267061','2024-10-11 11:10:09'),('2024-06-18',3758,3,0,2567,'C','1341500267061','2024-10-11 11:10:09'),('2024-06-18',3765,3,0,2567,'C','1341500267061','2024-10-11 11:10:09'),('2024-06-19',3728,3,0,2567,'C','1341500267061','2024-10-11 11:10:16'),('2024-06-19',3742,3,0,2567,'C','1341500267061','2024-10-11 11:10:16'),('2024-06-19',3752,3,0,2567,'C','1341500267061','2024-10-11 11:10:16'),('2024-06-19',3753,3,0,2567,'C','1341500267061','2024-10-11 11:10:16'),('2024-06-19',3754,3,0,2567,'C','1341500267061','2024-10-11 11:10:16'),('2024-06-19',3755,3,0,2567,'C','1341500267061','2024-10-11 11:10:16'),('2024-06-19',3756,3,0,2567,'C','1341500267061','2024-10-11 11:10:16'),('2024-06-19',3757,3,0,2567,'C','1341500267061','2024-10-11 11:10:16'),('2024-06-19',3758,3,0,2567,'C','1341500267061','2024-10-11 11:10:16'),('2024-06-19',3765,3,0,2567,'C','1341500267061','2024-10-11 11:10:16'),('2024-06-20',3728,3,0,2567,'C','1341500267061','2024-10-11 11:10:37'),('2024-06-20',3742,3,0,2567,'C','1341500267061','2024-10-11 11:10:37'),('2024-06-20',3752,3,0,2567,'C','1341500267061','2024-10-11 11:10:37'),('2024-06-20',3753,3,0,2567,'C','1341500267061','2024-10-11 11:10:37'),('2024-06-20',3754,3,0,2567,'C','1341500267061','2024-10-11 11:10:37'),('2024-06-20',3755,3,0,2567,'C','1341500267061','2024-10-11 11:10:37'),('2024-06-20',3756,3,0,2567,'C','1341500267061','2024-10-11 11:10:37'),('2024-06-20',3757,3,0,2567,'C','1341500267061','2024-10-11 11:10:37'),('2024-06-20',3758,3,0,2567,'C','1341500267061','2024-10-11 11:10:37'),('2024-06-20',3765,3,0,2567,'C','1341500267061','2024-10-11 11:10:37'),('2024-06-21',3728,3,0,2567,'C','1341500267061','2024-10-11 11:10:48'),('2024-06-21',3742,3,0,2567,'C','1341500267061','2024-10-11 11:10:48'),('2024-06-21',3752,3,0,2567,'C','1341500267061','2024-10-11 11:10:48'),('2024-06-21',3753,3,0,2567,'C','1341500267061','2024-10-11 11:10:48'),('2024-06-21',3754,3,0,2567,'C','1341500267061','2024-10-11 11:10:48'),('2024-06-21',3755,3,0,2567,'C','1341500267061','2024-10-11 11:10:48'),('2024-06-21',3756,3,0,2567,'C','1341500267061','2024-10-11 11:10:48'),('2024-06-21',3757,3,0,2567,'C','1341500267061','2024-10-11 11:10:48'),('2024-06-21',3758,3,0,2567,'C','1341500267061','2024-10-11 11:10:48'),('2024-06-21',3765,3,0,2567,'C','1341500267061','2024-10-11 11:10:48'),('2024-06-24',3728,3,0,2567,'C','1341500267061','2024-10-11 11:10:29'),('2024-06-24',3742,3,0,2567,'C','1341500267061','2024-10-11 11:10:29'),('2024-06-24',3752,3,0,2567,'C','1341500267061','2024-10-11 11:10:29'),('2024-06-24',3753,3,0,2567,'C','1341500267061','2024-10-11 11:10:29'),('2024-06-24',3754,3,0,2567,'C','1341500267061','2024-10-11 11:10:29'),('2024-06-24',3755,3,0,2567,'C','1341500267061','2024-10-11 11:10:29'),('2024-06-24',3756,3,0,2567,'C','1341500267061','2024-10-11 11:10:29'),('2024-06-24',3757,3,0,2567,'C','1341500267061','2024-10-11 11:10:29'),('2024-06-24',3758,3,0,2567,'C','1341500267061','2024-10-11 11:10:29'),('2024-06-24',3765,3,0,2567,'C','1341500267061','2024-10-11 11:10:29'),('2024-06-25',3728,3,0,2567,'C','1341500267061','2024-10-11 11:10:39'),('2024-06-25',3742,3,0,2567,'C','1341500267061','2024-10-11 11:10:39'),('2024-06-25',3752,3,0,2567,'C','1341500267061','2024-10-11 11:10:39'),('2024-06-25',3753,3,0,2567,'C','1341500267061','2024-10-11 11:10:39'),('2024-06-25',3754,3,0,2567,'C','1341500267061','2024-10-11 11:10:39'),('2024-06-25',3755,3,0,2567,'C','1341500267061','2024-10-11 11:10:39'),('2024-06-25',3756,3,0,2567,'C','1341500267061','2024-10-11 11:10:39'),('2024-06-25',3757,3,0,2567,'C','1341500267061','2024-10-11 11:10:39'),('2024-06-25',3758,3,0,2567,'C','1341500267061','2024-10-11 11:10:39'),('2024-06-25',3765,3,0,2567,'C','1341500267061','2024-10-11 11:10:39'),('2024-06-26',3728,3,0,2567,'C','1341500267061','2024-10-11 11:10:52'),('2024-06-26',3742,3,0,2567,'C','1341500267061','2024-10-11 11:10:52'),('2024-06-26',3752,3,0,2567,'C','1341500267061','2024-10-11 11:10:52'),('2024-06-26',3753,3,0,2567,'C','1341500267061','2024-10-11 11:10:52'),('2024-06-26',3754,3,0,2567,'C','1341500267061','2024-10-11 11:10:52'),('2024-06-26',3755,3,0,2567,'C','1341500267061','2024-10-11 11:10:52'),('2024-06-26',3756,3,0,2567,'C','1341500267061','2024-10-11 11:10:52'),('2024-06-26',3757,3,0,2567,'C','1341500267061','2024-10-11 11:10:52'),('2024-06-26',3758,3,0,2567,'C','1341500267061','2024-10-11 11:10:52'),('2024-06-26',3765,3,0,2567,'C','1341500267061','2024-10-11 11:10:52'),('2024-06-28',3728,3,0,2567,'C','1341500267061','2024-10-11 11:10:05'),('2024-06-28',3742,3,0,2567,'C','1341500267061','2024-10-11 11:10:05'),('2024-06-28',3752,3,0,2567,'C','1341500267061','2024-10-11 11:10:05'),('2024-06-28',3753,3,0,2567,'C','1341500267061','2024-10-11 11:10:05'),('2024-06-28',3754,3,0,2567,'C','1341500267061','2024-10-11 11:10:05'),('2024-06-28',3755,3,0,2567,'C','1341500267061','2024-10-11 11:10:05'),('2024-06-28',3756,3,0,2567,'C','1341500267061','2024-10-11 11:10:05'),('2024-06-28',3757,3,0,2567,'C','1341500267061','2024-10-11 11:10:05'),('2024-06-28',3758,3,0,2567,'C','1341500267061','2024-10-11 11:10:05'),('2024-06-28',3765,3,0,2567,'C','1341500267061','2024-10-11 11:10:05'),('2024-07-01',3728,3,0,2567,'C','1341500267061','2024-10-11 11:10:28'),('2024-07-01',3742,3,0,2567,'C','1341500267061','2024-10-11 11:10:28'),('2024-07-01',3752,3,0,2567,'C','1341500267061','2024-10-11 11:10:28'),('2024-07-01',3753,3,0,2567,'C','1341500267061','2024-10-11 11:10:28'),('2024-07-01',3754,3,0,2567,'C','1341500267061','2024-10-11 11:10:28'),('2024-07-01',3755,3,0,2567,'C','1341500267061','2024-10-11 11:10:28'),('2024-07-01',3756,3,0,2567,'C','1341500267061','2024-10-11 11:10:28'),('2024-07-01',3757,3,0,2567,'C','1341500267061','2024-10-11 11:10:28'),('2024-07-01',3758,3,0,2567,'C','1341500267061','2024-10-11 11:10:28'),('2024-07-01',3765,3,0,2567,'C','1341500267061','2024-10-11 11:10:28'),('2024-07-02',3728,3,0,2567,'C','1341500267061','2024-10-11 11:10:58'),('2024-07-02',3742,3,0,2567,'C','1341500267061','2024-10-11 11:10:58'),('2024-07-02',3752,3,0,2567,'C','1341500267061','2024-10-11 11:10:58'),('2024-07-02',3753,3,0,2567,'C','1341500267061','2024-10-11 11:10:58'),('2024-07-02',3754,3,0,2567,'C','1341500267061','2024-10-11 11:10:58'),('2024-07-02',3755,3,0,2567,'C','1341500267061','2024-10-11 11:10:58'),('2024-07-02',3756,3,0,2567,'C','1341500267061','2024-10-11 11:10:58'),('2024-07-02',3757,3,0,2567,'C','1341500267061','2024-10-11 11:10:58'),('2024-07-02',3758,3,0,2567,'C','1341500267061','2024-10-11 11:10:58'),('2024-07-02',3765,3,0,2567,'C','1341500267061','2024-10-11 11:10:58'),('2024-07-03',3728,3,0,2567,'C','1341500267061','2024-10-11 11:10:07'),('2024-07-03',3742,3,0,2567,'C','1341500267061','2024-10-11 11:10:07'),('2024-07-03',3752,3,0,2567,'C','1341500267061','2024-10-11 11:10:07'),('2024-07-03',3753,3,0,2567,'C','1341500267061','2024-10-11 11:10:07'),('2024-07-03',3754,3,0,2567,'C','1341500267061','2024-10-11 11:10:07'),('2024-07-03',3755,3,0,2567,'C','1341500267061','2024-10-11 11:10:07'),('2024-07-03',3756,3,0,2567,'C','1341500267061','2024-10-11 11:10:07'),('2024-07-03',3757,3,0,2567,'C','1341500267061','2024-10-11 11:10:07'),('2024-07-03',3758,3,0,2567,'C','1341500267061','2024-10-11 11:10:07'),('2024-07-03',3765,3,0,2567,'C','1341500267061','2024-10-11 11:10:07'),('2024-07-04',3728,3,0,2567,'C','1341500267061','2024-10-11 11:10:29'),('2024-07-04',3742,3,0,2567,'C','1341500267061','2024-10-11 11:10:29'),('2024-07-04',3752,3,0,2567,'C','1341500267061','2024-10-11 11:10:29'),('2024-07-04',3753,3,0,2567,'C','1341500267061','2024-10-11 11:10:29'),('2024-07-04',3754,3,0,2567,'C','1341500267061','2024-10-11 11:10:29'),('2024-07-04',3755,3,0,2567,'C','1341500267061','2024-10-11 11:10:29'),('2024-07-04',3756,3,0,2567,'C','1341500267061','2024-10-11 11:10:29'),('2024-07-04',3757,3,0,2567,'C','1341500267061','2024-10-11 11:10:29'),('2024-07-04',3758,3,0,2567,'C','1341500267061','2024-10-11 11:10:29'),('2024-07-04',3765,3,0,2567,'C','1341500267061','2024-10-11 11:10:29');

--
-- Table structure for table `student_check_permission`
--

CREATE TABLE `student_check_permission` (
  `class_now` tinyint(4) NOT NULL,
  `room_now` tinyint(4) NOT NULL,
  `person_id` varchar(13) NOT NULL,
  `student_check_year` int(11) NOT NULL
) ENGINE=MyISAM DEFAULT CHARSET=utf8 COLLATE=utf8_general_ci;

--
-- Dumping data for table `student_check_permission`
--

INSERT INTO `student_check_permission` VALUES (4,1,'3341500780938',2557),(6,1,'3349900161655',2557),(7,1,'3349900516640',2557),(2,1,'3341500340130',2557),(3,1,'3341500884741',2557),(5,1,'3170100166184',2557),(8,1,'3341900965251',2557),(9,1,'3340900253748',2557),(7,1,'3330101183722',2557),(9,1,'3341500361196',2557),(9,1,'3340900253748',2561),(9,1,'1349900178616',2561),(8,1,'3340500858171',2561),(8,1,'1349900178616',2561),(7,1,'3330101183722',2561),(7,1,'1349900178616',2561),(6,1,'3349900161655',2561),(6,1,'1349900178616',2561),(5,1,'3170100166184',2561),(5,1,'1349900178616',2561),(4,1,'3341500884741',2561),(4,1,'1349900178616',2561),(3,1,'3341500340130',2561),(3,1,'1349900178616',2561),(2,1,'3341500340130',2561),(2,1,'1349900178616',2561),(1,1,'3341500340130',2561),(1,1,'1349900178616',2561),(3,0,'1341500267061',2564),(2,0,'1341500267061',2564),(1,0,'1341500267061',2564),(4,0,'3341500884741',2561),(7,0,'3330101183722',2561),(2,0,'3349900161655',2566),(7,0,'3330101183722',2562),(4,0,'1349900178616',2566),(4,0,'3341500884741',2562),(1,0,'1349900178616',2566),(2,0,'1349900178616',2566),(4,0,'1349900178616',2562),(1,0,'1349900178616',2562),(2,0,'1349900178616',2562),(3,0,'1349900178616',2562),(5,0,'1349900178616',2563),(7,0,'1349900178616',2562),(8,0,'1349900178616',2562),(9,0,'1349900178616',2562),(1,0,'3341500151183',2562),(2,0,'3341500151183',2562),(3,0,'3341500151183',2562),(1,0,'1341500267061',2563),(1,0,'1349900178616',2563),(2,0,'1341500267061',2563),(2,0,'1349900178616',2563),(3,0,'1341500267061',2563),(3,0,'1349900178616',2563),(4,0,'3341500884741',2563),(4,0,'1349900178616',2563),(7,0,'3330101183722',2563),(7,0,'1349900178616',2563),(8,0,'1349900178616',2563),(4,0,'3341500884741',2566),(9,0,'1349900178616',2563),(4,0,'3341500884741',2564),(4,0,'1349900178616',2564),(5,0,'1349900178616',2564),(7,0,'3330101183722',2564),(7,0,'1349900178616',2564),(5,0,'1349900178616',2566),(8,0,'1349900178616',2564),(3,0,'1349900178616',2566),(9,0,'1349900178616',2564),(2,0,'1341500267061',2566),(1,0,'1341500267061',2565),(1,0,'1349900178616',2565),(3,0,'1341500267061',2566),(2,0,'1341500267061',2565),(2,0,'1349900178616',2565),(1,0,'1341500267061',2566),(3,0,'1341500267061',2565),(3,0,'1349900178616',2565),(4,0,'3341500884741',2565),(4,0,'1349900178616',2565),(5,0,'3340500858171',2566),(5,0,'1349900178616',2565),(3,0,'3349900161655',2566),(6,0,'1349900178616',2566),(7,0,'3330101183722',2565),(7,0,'1349900178616',2565),(1,0,'3349900161655',2566),(8,0,'1349900178616',2565),(9,0,'4101000003282',2565),(9,0,'1349900178616',2565),(6,0,'3349900275031',2566),(7,0,'3330101183722',2566),(7,0,'1349900178616',2566),(8,0,'1349900631183',2566),(8,0,'1349900178616',2566),(9,0,'4101000003282',2566),(9,0,'1349900178616',2566),(1,1,'1341500267061',2567),(2,0,'1341500267061',2567),(3,0,'1341500267061',2567),(4,0,'3341500884741',2567),(5,0,'3340500858171',2567),(6,0,'3349900275031',2567),(7,0,'3330101183722',2567),(8,0,'1349900631183',2567),(9,0,'4101000003282',2567),(1,1,'2349900034124',2568),(1,1,'1341500267061',2568),(2,1,'2349900034124',2568),(2,1,'1341500267061',2568),(3,0,'2349900034124',2568),(3,0,'1341500267061',2568),(4,0,'3341500884741',2568),(4,0,'1349900178616',2568),(5,0,'3340500858171',2568),(5,0,'1349900178616',2568),(6,0,'3349900275031',2568),(6,0,'1349900178616',2568),(7,0,'3330101183722',2568),(7,0,'1349900178616',2568),(8,0,'1349900631183',2568),(8,0,'1349900178616',2568),(9,0,'4101000003282',2568),(9,0,'1349900178616',2568);

--
-- Table structure for table `student_check_year`
--

CREATE TABLE `student_check_year` (
  `id` int(11) NOT NULL AUTO_INCREMENT,
  `student_check_year` int(11) NOT NULL,
  `year_active` tinyint(1) NOT NULL,
  PRIMARY KEY (`id`),
  UNIQUE KEY `student_check_year` (`student_check_year`)
) ENGINE=MyISAM AUTO_INCREMENT=10 DEFAULT CHARSET=utf8 COLLATE=utf8_general_ci;

--
-- Dumping data for table `student_check_year`
--

INSERT INTO `student_check_year` VALUES (1,2557,0),(2,2561,0),(3,2562,0),(4,2563,0),(5,2564,0),(6,2565,0),(7,2566,0),(8,2567,0),(9,2568,1);

--
-- Table structure for table `student_main`
--

CREATE TABLE `student_main` (
  `id` int(11) NOT NULL AUTO_INCREMENT,
  `student_id` varchar(7) NOT NULL,
  `student_number` int(11) DEFAULT NULL,
  `prename` varchar(20) NOT NULL,
  `name` varchar(50) NOT NULL,
  `surname` varchar(50) NOT NULL,
  `person_id` varchar(20) DEFAULT NULL,
  `sex` tinyint(4) NOT NULL DEFAULT 0,
  `pic` varchar(150) DEFAULT NULL,
  `class_now` tinyint(4) DEFAULT NULL,
  `room` tinyint(4) NOT NULL DEFAULT 0,
  `status` tinyint(4) NOT NULL DEFAULT 0,
  `out_edyear` int(11) DEFAULT NULL,
  `officer` varchar(13) NOT NULL,
  `rec_date` date NOT NULL,
  PRIMARY KEY (`id`),
  UNIQUE KEY `student_number` (`student_id`),
  KEY `class_now` (`class_now`),
  KEY `room` (`room`)
) ENGINE=MyISAM AUTO_INCREMENT=479 DEFAULT CHARSET=utf8 COLLATE=utf8_general_ci;

--
-- Dumping data for table `student_main`
--

INSERT INTO `student_main` VALUES (5,'3550',2,'เด็กชาย','ธเนศ','พิมบุตร','1341501516928',1,NULL,9,0,1,2564,'1349900178616','0000-00-00'),(6,'3551',3,'เด็กชาย','วิริศิรินันต์ทา','สุพเกษ','1349901688111',1,NULL,7,0,2,2563,'3349800290429','0000-00-00'),(8,'3554',5,'เด็กหญิง','วรรณวิษา  ','โสนนอก','1309903702235',2,NULL,9,0,1,2564,'1349900178616','0000-00-00'),(9,'3555',10,'เด็กหญิง','เพ็ญนภา','พาโยยัด','1341501514496',2,NULL,9,0,1,2564,'1349900178616','0000-00-00'),(132,'3644',1,'เด็กชาย','คามิน','ทานปรีดา','1190101081208',1,'',9,0,0,NULL,'1349900178616','2018-11-09'),(131,'3643',4,'เด็กชาย','ก้องสยาม','นาคนวล','1341501567387',1,'',6,0,2,2565,'1349900178616','2018-11-09'),(13,'2532',4,'เด็กชาย','ศราวุฒิ','ฉัตรสุวรรณ','1341501507562',1,NULL,9,0,1,2563,'3349800290429','0000-00-00'),(14,'2533',5,'เด็กชาย','รัฐภูมิ','พรรณภพ','1341501508542',1,NULL,9,0,1,2563,'3349800290429','0000-00-00'),(15,'2534',6,'เด็กชาย','ธีระพงษ์','วงษ์สวัสดิ์','1341501509221',1,NULL,9,0,1,2563,'3349800290429','0000-00-00'),(16,'2536',13,'เด็กหญิง','สุพัตรา','วรรณา','1349901595041',2,NULL,9,0,1,2563,'1349900178616','0000-00-00'),(17,'2537',12,'เด็กหญิง','ทองศิริ','วงศ์ปัสสา','1348500104533',2,NULL,9,0,1,2563,'1349900178616','0000-00-00'),(19,'2539',11,'เด็กหญิง','ฟ้านภา','เบ้าเพชร','1341501510512',2,NULL,9,0,1,2563,'1349900178616','0000-00-00'),(21,'2535',2,'เด็กชาย','เกียรติศักดิ์','ไชยจักร','1340701764851',1,NULL,9,0,1,2563,'3349800290429','0000-00-00'),(155,'3668',6,'เด็กชาย','สมพร','ทองหล่อ','1349901855603',1,'',9,0,2,2567,'1349900178616','2018-11-09'),(244,'3689',1,'เด็กชาย','กิตติเดช  ','ภูถาดงา','1349902136252',1,'',6,0,0,NULL,'1349900178616','2020-07-09'),(25,'3475',3,'เด็กชาย','วรรณนา','ชุมพร','1341501494258',1,NULL,9,0,1,2562,'3349800290429','0000-00-00'),(26,'3476',2,'เด็กชาย','จตุพร','แสงงาม','1341501493111',1,NULL,9,0,1,2562,'3349800290429','0000-00-00'),(27,'3501',5,'เด็กชาย','รุ่งโรจน์','วงษ์สวัสดิ์','1341501497486',1,NULL,9,0,1,2562,'3349800290429','0000-00-00'),(28,'3502',1,'เด็กชาย','ไชยมงคล','ประกอบสุข','1319300075182',1,NULL,9,0,1,2562,'3349800290429','0000-00-00'),(29,'3503',9,'เด็กชาย','วัชร','ไชยจักร','1349901540327',1,NULL,9,0,1,2562,'3349800290429','0000-00-00'),(30,'3504',7,'เด็กชาย','รพีภัทร','พละบุตร','1341501501114',1,NULL,9,0,1,2562,'3349800290429','0000-00-00'),(31,'3506',8,'เด็กชาย','โชคสกุล','อิงมั่น','1341501501858',1,NULL,9,0,1,2562,'3349800290429','0000-00-00'),(32,'3507',10,'เด็กชาย','เกริกฤทธิ์','ปริวัน','1349901569775',1,NULL,9,0,1,2562,'3349800290429','0000-00-00'),(33,'3508',15,'เด็กหญิง','ทิพย์อักษร','งามเถื่อน','1341501494754',2,NULL,9,0,1,2562,'3349800290429','0000-00-00'),(34,'3509',13,'เด็กหญิง','ธวัลรัตน์','จันทะพันธ์','1103200133276',2,NULL,9,0,1,2562,'3349800290429','0000-00-00'),(35,'3510',9,'เด็กหญิง','พิมพ์ธิตา','พุทธคาม','1341501498083',2,NULL,9,0,1,2564,'1349900178616','0000-00-00'),(36,'3511',17,'เด็กหญิง','อธิตญาภรณ์','รุ่งแสง','1341501498253',2,NULL,9,0,1,2562,'3349800290429','0000-00-00'),(37,'3512',20,'เด็กหญิง','ประกายแก้ว','วันเทวี','1349901538748',2,NULL,9,0,1,2562,'3349800290429','0000-00-00'),(229,'3682',5,'เด็กหญิง','อินตรา','พรมทอง','1341501576360',2,'',8,0,0,NULL,'1349900178616','2019-11-01'),(39,'3514',19,'เด็กหญิง','ปัณฑิตา','ทองมา','1341501501629',2,NULL,9,0,1,2562,'3349800290429','0000-00-00'),(40,'3515',21,'เด็กหญิง','หฤทัย','สร้อยแก้ว','1349901567489',2,NULL,9,0,1,2562,'3349800290429','0000-00-00'),(232,'3685',8,'เด็กชาย','ธนพล  ','พงษ์เกษม','1347600089616',1,'',9,0,0,NULL,'1349900178616','2019-11-01'),(252,'3698',5,'เด็กชาย','ภานุวัฒน์','วงศ์จันแดง','1341501582726',1,'',7,0,0,NULL,'1349900178616','2020-07-09'),(375,'3707',1,'เด็กหญิง','รมิดา','เล็งสิทธิ์','1341501618119',2,'',1,0,3,2564,'1349900178616','2021-06-17'),(156,'3588',3,'เด็กชาย','ภานุวัฒน์','จันทะเวช','1341501533211',1,'',9,0,2,2566,'3349800290429','2018-11-09'),(228,'3683',4,'เด็กหญิง','ชุติมา','หมูนคำ','1341501578974',2,'',8,0,0,NULL,'1349900178616','2019-11-01'),(372,'3663',11,'เด็กชาย','เจตนิพัทธ์','มานะโพน','1349900464163',1,'',9,0,2,2567,'1349900178616','2020-07-13'),(221,'3675',1,'เด็กชาย','ปิติศักดิ์    ','ทรัพย์สิน','1347600116478',1,'',7,0,0,NULL,'1349900178616','2019-11-01'),(240,'3581',6,'เด็กหญิง','ภัคจิรา','อยู่คง','1347600040170',2,'',8,0,2,2563,'1349900178616','2019-11-01'),(199,'3607',4,'เด็กหญิง','พรชนก','พรรณภพ','1341501511799',2,'',9,0,1,2564,'1349900178616','2018-11-20'),(197,'3577',3,'เด็กหญิง','ภัครดา','หงษ์มณี','1459901369856',2,'',9,0,1,2564,'1349900178616','2018-11-20'),(196,'3546',1,'เด็กชาย','อริยะ','ครุฑรักษา','1208702515528',1,'',9,0,1,2564,'1349900178616','2018-11-20'),(207,'3667',18,'เด็กชาย','วุฒิกร','กันทะมา','1339600159250',1,'',9,0,1,2563,'1349900178616','2018-11-20'),(206,'3660',3,'เด็กชาย','สุทธิพงษ์','สายงาม','1341501502978',1,'',9,0,1,2563,'3349800290429','2018-11-20'),(205,'3659',1,'เด็กชาย','ศุภกร','สร้างวิบูลย์','1219901192621',1,'',9,0,1,2563,'3349800290429','2018-11-20'),(204,'3658',9,'เด็กชาย','ออมสิน','วิจิตรเชื้อ','1349901565079',1,'',9,0,1,2563,'1349900178616','2018-11-20'),(203,'3609',8,'เด็กชาย','พีระพัฒน์','ยกแสง','1349901559869',1,'',9,0,1,2563,'1349900178616','2018-11-20'),(202,'3584',7,'เด็กชาย','สมเด็จ','คำกันหา','1347600024689',1,'',9,0,1,2563,'3349800290429','2018-11-20'),(222,'3676',11,'เด็กชาย','อภินันต์','ชอบสอาด','1341501592551',1,'',7,0,0,0,'1349900178616','2019-11-01'),(201,'2531',7,'เด็กชาย','รัฐศาสตร์','ชื่นชม','1347600028099',1,'',9,0,1,2565,'1349900178616','2018-11-20'),(200,'3530',10,'เด็กชาย','อาสาฬ','สุตะโท','134990156147',1,'',9,0,1,2563,'1349900178616','2018-11-20'),(224,'3678',3,'เด็กหญิง','ฐิตาภา','เพิ่มขึ้น','1341501592039',2,'',3,0,3,2564,'1349900178616','2019-11-01'),(225,'3674',3,'เด็กชาย','ชิษณุพงค์','เบ้าทอง','1349902048540',1,'',7,0,0,NULL,'1349900178616','2019-11-01'),(402,'3741',11,'เด็กชาย','ชนะชัย','หงษ์มณี','1380400051830',1,'',5,0,0,NULL,'1349900178616','2022-05-20'),(235,'3686',16,'เด็กชาย','ณัฐนน','พงษ์เกษม','1341501522006',1,'',9,0,1,2565,'1349900178616','2019-11-01'),(213,'3632',14,'เด็กหญิง','กัญญารัตน์','ผิวขาว','1104200642155',2,'',9,0,1,2562,'3349800290429','2018-11-20'),(241,'3672',6,'เด็กชาย','ณัฐวัฒน์','ชะนารี','1341501516588',1,'',9,0,1,2564,'1349900178616','2019-11-01'),(242,'3687',14,'เด็กชาย','ฐิติพัฒน์','สืบสา','1129600050543',1,'',9,0,1,2566,'1349900178616','2019-11-12'),(208,'3558',11,'เด็กชาย','อดิศักดิ์','อุนาภาค','1849300090926',1,'',9,0,1,2562,'3349800290429','2018-11-20'),(209,'3578',6,'เด็กชาย','ภัทรพงศ์','หงษ์มณี','1341501500088',1,'',9,0,1,2562,'3349800290429','2018-11-20'),(210,'3513',18,'เด็กหญิง','อาณตรา','ครุฑรักษา','1341501499527',2,'',9,0,1,2562,'3349800290429','2018-11-20'),(211,'3586',16,'เด็กหญิง','เกวลิน','แสงทอง','1341501497940',2,'',9,0,1,2562,'3349800290429','2018-11-20'),(398,'3732',8,'เด็กชาย','วายุ','กาสิน','1341501622876',1,'',5,0,0,NULL,'1349900178616','2022-05-20'),(399,'2733',9,'เด็กหญิง','ธีมาพร','หมอยา','1341501615683',2,'',5,0,0,NULL,'1349900178616','2022-05-20'),(401,'3740',10,'เด็กชาย','ภูมินันท์','บุญสมยา','1341501612854',1,'',5,0,0,NULL,'1349900178616','2022-05-20'),(258,'3703',17,'เด็กหญิง','สิริวิริยะกุน','คุณตุ้ม','1102170112046',2,'',9,0,1,2563,'1349900178616','2020-07-13'),(421,'3755',6,'เด็กหญิง','กัญญาณัฐ','พัฒนพันธ์','1341501628173',2,'',4,0,0,NULL,'1349900178616','2023-06-07'),(248,'3694',9,'เด็กชาย','วรภัทร','บุญเรือง','1240600354969',1,'',7,0,0,NULL,'1349900178616','2020-07-09'),(249,'3695',5,'เด็กชาย','วีรภัทร','เจริญพร','1341501601739',1,'',6,0,0,NULL,'1349900178616','2020-07-09'),(251,'3697',4,'เด็กชาย','พัชรพล','ภูถาดงา','1341501584664',1,'',7,0,0,NULL,'1349900178616','2020-07-09'),(253,'3699',9,'เด็กชาย','เอกรินทร์','สุขสนั่น','1102004749030',1,'',3,0,2,2564,'1349900178616','2020-07-09'),(255,'3701',7,'เด็กหญิง','ฐิตินันท์','บุญทน','1341501582645',2,'',7,0,0,NULL,'1349900178616','2020-07-09'),(238,'3673',16,'เด็กชาย','ภัทรพล  ','พันธุ์พาณิชย์','1347600026797',1,'',9,0,2,2563,'3349800290429','2019-11-01'),(239,'3538',15,'เด็กหญิง','พัดสินี','ชิดดี','1347600029681',2,'',9,0,1,2563,'1349900178616','2019-11-01'),(243,'3688',8,'เด็กชาย','ฐิติพงษ์  ',' สืบสา','1102900223510',1,'',9,0,1,2564,'1349900178616','2019-11-12'),(245,'3690',2,'เด็กชาย','กิตติพงษ์','ภูถาดงา','1349902136244',1,'',6,0,0,NULL,'1349900178616','2020-07-09'),(246,'3691',3,'เด็กชาย','ชิษณุพัฒน์','เบ้าทอง','1341501597251',1,'',6,0,0,NULL,'1349900178616','2020-07-09'),(125,'3638',1,'เด็กชาย ','ปรัชญา ','ทองมา','1341501573611',1,'',4,0,2,2564,'3349800290429','2018-10-22'),(126,'3639',1,'เด็กชาย','ภูติณัฐ ','อาสาพนม','1460200147808',1,'',7,0,2,2567,'1349900178616','2018-10-22'),(127,'3640',9,'เด็กชาย','สงกรานต์ ',' เบ้าเพชร','1341501579407',1,'',8,0,0,0,'1349900178616','2018-10-22'),(128,'3641',1,'เด็กหญิง','จิตรานุช ','กอมณี','1341501578371',2,'',8,0,0,0,'1349900178616','2018-10-22'),(223,'3677',2,'เด็กหญิง','พิมพิราพร','ชอบสอาด','1341501582424',2,'',7,0,0,NULL,'1349900178616','2019-11-01'),(130,'3620',11,'เด็กชาย','ณัฐพล ','ชะนะคุณ','1339600297873',1,'',6,0,2,2565,'1349900178616','2018-11-09'),(133,'3645',2,'เด็กชาย','เจษฎา','พรรณภพ','1341501562300',1,'',9,0,0,NULL,'1349900178616','2018-11-09'),(134,'3646',3,'เด็กชาย','ปิยะ','ชุมพร','1341501565244',1,'',9,0,0,NULL,'1349900178616','2018-11-09'),(135,'3647',5,'เด็กชาย','อิทธิพงษ์','เหลื่อมใส','2349700044657',1,'',5,0,2,2564,'1349900178616','2018-11-09'),(136,'3648',4,'เด็กหญิง','เกสร','บุญจุฬา','1341501557781',2,'',9,0,0,NULL,'1349900178616','2018-11-09'),(257,'3702',17,'เด็กหญิง','อริษา','เหลื่อมใส','2349700044649',2,'',7,0,2,2564,'1349900178616','2020-07-13'),(138,'3649',6,'เด็กหญิง','จุฬาลักษณ์','คำวงศา','1341501566674',2,'',9,0,0,NULL,'1349900178616','2018-11-09'),(139,'3651',5,'เด็กหญิง','พิชชากร','งามเถื่อน','1341501560773',2,'',9,0,0,NULL,'1349900178616','2018-11-09'),(226,'3679',2,'เด็กชาย','ฐิติวัฒน์','อุสาหะ','1349902009170',1,'',8,0,0,NULL,'1349900178616','2019-11-01'),(141,'3653',7,'เด็กหญิง','ปรียาภรณ์','จันทะเวช','1341501564302',2,'',7,0,2,2566,'1349900178616','2018-11-09'),(142,'3654',10,'เด็กหญิง','รักษิณาย์','จันทร์ทิพย์','1839300060415',2,'',5,0,3,2564,'1349900178616','2018-11-09'),(231,'3670',7,'เด็กหญิง','ปภาดา','ถาวรพงษ์','1417400139660',2,'',9,0,0,NULL,'1349900178616','2019-11-01'),(144,'3615',1,'เด็กชาย','สิทธิศักดิ์','อิงมั่น','1341501546398',1,'',9,0,1,2567,'1349900178616','2018-11-09'),(145,'3616',4,'เด็กชาย','สรศักดิ์','กุลทะโสม','1341501553734',1,'',9,0,1,2567,'1349900178616','2018-11-09'),(146,'3617',3,'เด็กชาย','อลงกรณ์','เฉลียวพงษ์','1341501552894',1,'',9,0,2,2567,'1349900178616','2018-11-09'),(147,'3618',2,'เด็กชาย','ธัญเทพ','จันทะพันธ์','1341501550671',1,'',9,0,1,2567,'1349900178616','2018-11-09'),(237,'3580',14,'เด็กชาย','ณัฐวุฒิ','นามท้าว','1341501509581',1,'',9,0,1,2563,'1349900178616','2019-11-01'),(149,'3621',5,'เด็กชาย','ศรันย์','มาดี','1349901846400',1,'',9,0,1,2567,'1349900178616','2018-11-09'),(150,'3622',5,'เด็กชาย','อนุวิท','เดียงกุล','1341501554471',1,'',5,0,2,2563,'3349800290429','2018-11-09'),(151,'3624',7,'เด็กหญิง','มณฑิกา','วิชุเมธาลักษณ์','1349901885634',2,'',9,0,1,2567,'1349900178616','2018-11-09'),(234,'3626',9,'เด็กหญิง','สุดานัท','โมฬีชาติ','1349901910205',2,'',9,0,1,2567,'1349900178616','2019-11-01'),(233,'3625',8,'เด็กหญิง','สุดาภัทร','โมฬีชาติ','1349901910191',2,'',9,0,1,2567,'1349900178616','2019-11-01'),(236,'3684',7,'เด็กหญิง','นันทิชา','วันคำ','1348500116574',2,'',9,0,1,2564,'1349900178616','2019-11-01'),(256,'3692',8,'เด็กหญิง','วรินรัตน์','จันดีปูน','1347600113037',2,'',7,0,0,NULL,'1349900178616','2020-07-09'),(254,'3700',6,'เด็กชาย','ฐิติโชติ  ','บุญทน','1341501582637',1,'',7,0,0,NULL,'1349900178616','2020-07-09'),(247,'3693',4,'เด็กหญิง','ไอรดา','พิมพ์พันธ์','1341501598061',2,'',6,0,0,NULL,'1349900178616','2020-07-09'),(227,'3680',3,'เด็กชาย','สมพงษ์  ','ทองหล่อ','1341501574405',1,'',8,0,0,NULL,'1349900178616','2019-11-01'),(157,'3589',2,'เด็กชาย','ธนพัฒน์','ดำงาม','1104301345555',1,'',9,0,1,2566,'3349800290429','2018-11-09'),(158,'3590',4,'เด็กชาย','ณัฐวุฒิ','เบ้าเพชร','1341501537127',1,'',9,0,2,2566,'3349800290429','2018-11-09'),(159,'3591',5,'เด็กชาย','ธนะชัย','หอมเชื้อ','1341501538808',1,'',9,0,1,2566,'1349900178616','2018-11-09'),(160,'3592',7,'เด็กชาย','จิรายุ ','บุตรวงศ์','1349901813056',1,'',9,0,1,2566,'1349900178616','2018-11-20'),(161,'3593',6,'เด็กชาย','ณัฐนัย','อาสาพนม','1341501543429',1,'',9,0,1,2566,'1349900178616','2018-11-20'),(162,'3594',16,'เด็กชาย','ณัฐนนท์','ชะนะคุณ','1349901834169',1,'',8,0,2,2565,'1349900178616','2018-11-20'),(163,'3595',7,'เด็กชาย','จักรพงศ์','ยกแสง','1341501543763',1,'',7,0,2,2564,'1349900178616','2018-11-20'),(164,'3957',8,'เด็กชาย','ภัทรดนัย','นามเขียว','1347600061916',1,'',9,0,2,2567,'1349900178616','2018-11-20'),(165,'3598',13,'เด็กหญิง','น้ำผึ้ง','สายเหง้า','1379700045850',2,'',9,0,1,2566,'1349900178616','2018-11-20'),(166,'3599',11,'เด็กหญิง','อุพาพร','ชอบสอาด','1341501535116',2,'',8,0,2,2565,'1349900178616','2018-11-20'),(167,'3574',10,'เด็กหญิง','ปกิตตา','ประทาน','1341501534969',2,'',9,0,1,2566,'1349900178616','2018-11-20'),(168,'3600',9,'เด็กหญิง','มัชฌิมา','ครุฑรักษา','1209702685928',2,'',9,0,1,2566,'1349900178616','2018-11-20'),(169,'3602',11,'เด็กหญิง','พุสดี','คำวงศา','1341501543461',2,'',9,0,1,2566,'1349900178616','2018-11-20'),(437,'3771',1,'เด็กชาย','ศรัณ  ','ทะคำวงษ์','1346400005477',1,'',2,0,0,NULL,'1349900178616','2024-06-10'),(172,'3656',12,'เด็กหญิง','กันยาวีร์','นิสมมา','1349901766171',2,'',9,0,1,2566,'1349900178616','2018-11-20'),(173,'3657',8,'เด็กชาย','รุ่งโรจน์','บุญช่วย','1349901833006',1,'',9,0,1,2566,'1349900178616','2018-11-20'),(174,'3561',3,'เด็กชาย','ศรนริทร์  ','ไชยจักร','1341501520542',1,'',9,0,2,2565,'3349800290429','2018-11-20'),(175,'3562',4,'เด็กชาย','ธญากรณ์','ยกแสง','1341501528233',1,'',9,0,2,2565,'1349900178616','2018-11-20'),(176,'3563',4,'เด็กชาย','ภานุรัตน์','ทองสุข','1341501528837',1,'',9,0,1,2565,'1349900178616','2018-11-20'),(177,'3564',5,'เด็กชาย','ทรงพล','รุ่งแสง','1341501531277',1,'',9,0,1,2565,'1349900178616','2018-11-20'),(178,'3565',13,'เด็กหญิง','สุวิมล','วรรณา','1349901710923',2,'',9,0,1,2565,'1349900178616','2018-11-20'),(179,'3567',8,'เด็กหญิง','เพชรใส','สงค์ดี','1341501524378',2,'',9,0,1,2565,'1349900178616','2018-11-20'),(180,'3568',11,'เด็กหญิง','จิราภรณ์','แก้วเขียว','1342200155609',2,'',9,0,1,2565,'1349900178616','2018-11-20'),(181,'3569',12,'เด็กหญิง','ฐิติพร','เครือคำ','1347600050175',2,'',9,0,1,2565,'1349900178616','2018-11-20'),(182,'3571',9,'เด็กหญิง','ขวัญข้าว','สายงาม','1341501527474',2,'',9,0,1,2565,'1349900178616','2018-11-20'),(183,'3573',10,'เด็กหญิง','ปุญญาภรณ์','หงษ์มณี','1341501531218',2,'',9,0,1,2565,'1349900178616','2018-11-20'),(184,'3575',14,'เด็กหญิง','ศิริภัสสร','พุทธขาว','1341501523886',2,'',9,0,1,2565,'1349900178616','2018-11-20'),(186,'3556',19,'เด็กหญิง','อารยา','กกแก้ว','1341501034905',2,'',6,0,2,2563,'1349900178616','2018-11-20'),(187,'3603',15,'เด็กหญิง','ธัญญลักษณ์','ทาระบุตร','1349901744852',2,'',9,0,1,2565,'1349900178616','2018-11-20'),(188,'3605',6,'เด็กหญิง','วิภาดา','บุญเรือง','1240600303167',2,'',9,0,1,2565,'1349900178616','2018-11-20'),(189,'3628',3,'เด็กชาย','อธิชาติ','โอสถา','1341501522081',1,'',9,0,1,2565,'1349900178616','2018-11-20'),(430,'3763',10,'เด็กหญิง','ปิยาภรณ์  ','บุญผักแว่น','1250801155751',2,'',6,0,0,NULL,'1349900178616','2023-08-28'),(191,'3631',7,'เด็กหญิง','สุทธิดา','ผิวขาว','1104200774116',2,'',9,0,2,2565,'1349900178616','2018-11-20'),(192,'3572',20,'เด็กหญิง','อุษา','เหลื่อมใส','1349700428139',2,'',9,0,2,2565,'1349900178616','2018-11-20'),(194,'3664',18,'เด็กชาย','พุทธิพงษ์ ','มานะโพน','1399900408611',1,'',9,0,1,2565,'1349900178616','2018-11-20'),(195,'3666',17,'เด็กชาย','กรวิทย์','กันทะมา','1139600189647',1,'',9,0,1,2565,'1349900178616','2018-11-20'),(396,'3730',6,'เด็กชาย','ปฐพี','คะดุน','1341501621888',1,'',5,0,0,NULL,'1349900178616','2022-05-20'),(397,'3731',7,'เด็กชาย','ธนา','มาดี','1341501615951',1,'',5,0,0,NULL,'1349900178616','2022-05-20'),(424,'3758',9,'เด็กชาย','ณชพล','วิชชุเมธาลักษณ์','1341501631107',2,'',4,0,0,NULL,'1349900178616','2023-06-07'),(423,'3757',8,'เด็กชาย','อัครพนธ์','เยาวบุตร','1102400354232',1,'',4,0,0,NULL,'1349900178616','2023-06-07'),(422,'3756',7,'เด็กชาย','จิระเดช','ยกแสง','1341501631158',1,'',4,0,0,NULL,'1349900178616','2023-06-07'),(420,'3754',5,'เด็กหญิง','กัญญาณัฐ','ชุมพร','1341501637351',2,'',4,0,0,NULL,'1349900178616','2023-06-07'),(419,'3753',4,'เด็กชาย','ชนวีร์','ฮายู','1341501638021',1,'',4,0,0,NULL,'1349900178616','2023-06-07'),(418,'3752',3,'เด็กหญิง','เมษา','วรรณจันทร์','1341501641587',2,'',4,0,0,NULL,'1349900178616','2023-06-07'),(417,'3748',5,'เด็กหญิง','จิรชญา','ดวงใจ','1341501652660',2,'',3,0,0,NULL,'1349900178616','2023-06-07'),(416,'3747',4,'เด็กชาย','ชัชวีร์ ','ชูเชิด','1309807865267',1,'',3,0,0,NULL,'1349900178616','2023-06-07'),(415,'3749',3,'เด็กชาย','ศุภชัย','เข็มทอง','1341501653976',1,'',3,0,0,NULL,'1349900178616','2023-06-07'),(414,'3750',2,'เด็กชาย','ชิษณุพงศ์','แก่นจำปา','1341501653577',1,'',3,0,0,NULL,'1349900178616','2023-06-07'),(413,'3751',1,'เด็กชาย','ณัฐพล','ชอบสอาด','1341501645311',1,'',3,0,0,NULL,'1349900178616','2023-06-07'),(409,'3738',11,'เด็กชาย','อนากร','สมควร','1379900508926',1,'',9,0,1,2567,'1349900178616','2022-05-20'),(408,'3737',10,'เด็กชาย','สิรวิชญ์','งอนสวรรค์','1347600069917',1,'',9,0,1,2567,'1349900178616','2022-05-20'),(406,'3736',7,'เด็กหญิง','วิยะดา','โบราณมูล','1347600105719',2,'',8,0,0,NULL,'1349900178616','2022-05-20'),(405,'3735',12,'เด็กชาย','กล้าณรงค์','สมควร','1379900605999',1,'',7,0,0,NULL,'1349900178616','2022-05-20'),(404,'3744',14,'เด็กชาย','ณัฐภูมิ','ชะนะคุณ','1341501617520',1,'',2,0,2,2565,'1349900178616','2022-05-20'),(403,'3742',2,'เด็กชาย','เอกรินทร์','ชายแดง','1341501627843',1,'',4,0,0,NULL,'1349900178616','2022-05-20'),(395,'3743',3,'เด็กชาย','อนุทัต','เทียนบรรจง','1479901313800',1,'',2,0,2,2566,'1349900178616','2022-05-20'),(394,'3729',2,'เด็กหญิง','พอใจ','สงค์ดี','1341501639060',2,'',2,0,2,2566,'1349900178616','2022-05-20'),(393,'3728',1,'เด็กหญิง','เดือนเต็มดวง','แก้วสด','1341501641676',2,'',4,0,0,NULL,'1349900178616','2022-05-20'),(392,'2723',3,'เด็กหญิง','สุนิสา','ดีดวงแก้ว','1341501537054',2,'',9,0,1,2567,'1349900178616','2021-10-06'),(391,'3717',6,'เด็กชาย','ชัยมงคล','คำกัญหา','1341501544573',1,'',9,0,1,2567,'1349900178616','2021-10-06'),(390,'3724',14,'เด็กชาย','บูรณ์พิภพ','สิงห์ลา','1349700470593',1,'',5,0,3,2564,'1349900178616','2021-06-17'),(389,'3722',6,'เด็กชาย','ธนากร','บุญช่วย','1341501570621',1,'',8,0,0,NULL,'1349900178616','2021-06-17'),(411,'3745',13,'เด็กชาย','ธนวัฒน์','แก้วอุ่นเรือง','1341501575029',1,'',4,0,2,2565,'1349900178616','2022-09-16'),(387,'3719',10,'เด็กชาย','ธนาวุธ','จำปาจูม','1347600113291',1,'',7,0,0,NULL,'1349900178616','2021-06-17'),(386,'3716',9,'เด็กชาย','เตชินท์','สุกใส','1341501596701',1,'',6,0,0,NULL,'1349900178616','2021-06-17'),(385,'3715',8,'เด็กหญิง','กชพร','หงษ์มณี','1341501608431',2,'',6,0,0,NULL,'1349900178616','2021-06-17'),(384,'3713',7,'เด็กชาย','ฉัตรชัย','หงษ์มณี','1347600130217',1,'',6,0,0,NULL,'1349900178616','2021-06-17'),(383,'3712',8,'เด็กหญิง','ณัฐวดี','นาคนวล','1339901404962',2,'',3,0,2,2565,'1349900178616','2021-06-17'),(382,'3711',6,'เด็กชาย','รชานนท์','อาจต้น','1347600125841',1,'',6,0,0,NULL,'1349900178616','2021-06-17'),(381,'3723',4,'เด็กหญิง','กัญญทา','ดำริห์','1100801814836',2,'',5,0,0,NULL,'1349900178616','2021-06-17'),(380,'3718',3,'เด็กหญิง','ปนัสยา','แก้วคำพันธ์','1341501618194',2,'',5,0,0,NULL,'1349900178616','2021-06-17'),(379,'3714',2,'เด็กชาย','ปฐวี','คำเชิด','1341501610835',1,'',5,0,0,NULL,'1349900178616','2021-06-17'),(378,'3710',1,'เด็กหญิง','จุฑารัตน์','ยางเบือก','1347600133933',2,'',5,0,0,NULL,'1349900178616','2021-06-17'),(410,'3425',5,'เด็กชาย','ธราธิป','มิ่งขวัญ','1341501620202',1,'',5,0,0,NULL,'1349900178616','2022-05-30'),(377,'3709',3,'เด็กชาย','ปภาวิน','บุญขยัน','1339700085941',1,'',2,0,2,2565,'1349900178616','2021-06-17'),(373,'3637',15,'เด็กชาย','อนุชิต','ต่อสกุล','1341501537542',1,'',9,0,1,2566,'1349900178616','2020-07-13'),(374,'3704',6,'เด็กหญิง','ปริยฉัตร','อาสาพนม','1341501597022',2,'',5,0,2,2567,'1349900178616','2020-07-14'),(432,'3766',11,'เด็กชาย','ธนกร','ทุมมา','1339901409727',1,'',6,0,0,NULL,'1349900178616','2023-11-09'),(431,'3765',10,'เด็กหญิง','ทิฆัมพร','แก้วดอน','1349700561017',2,'',4,0,0,NULL,'1349900178616','2023-10-19'),(429,'3764',13,'เด็กหญิง','กมลลักษณ์  ','บุญผักแว่น','1250101922457',2,'',7,0,0,NULL,'1349900178616','2023-08-28'),(428,'3761',17,'เด็กชาย','ภัทรพล','พงษ์มณี','1341501540756',1,'',9,0,1,2566,'1349900178616','2023-06-07'),(427,'3762',13,'เด็กชาย','ปธานิน','อ่อนน้อม','1259500199021',1,'',9,0,1,2567,'1349900178616','2023-06-07'),(426,'3760',8,'เด็กชาย','กฤติเดช','ยกแสง','1341501578087',1,'',8,0,0,NULL,'1349900178616','2023-06-07'),(425,'3759',12,'เด็กหญิง','นพรัตน์','ชูเชื้อ','1341501615667',2,'',5,0,0,NULL,'1349900178616','2023-06-07'),(433,'3767',9,'เด็กชาย','กิตติภัทร  ','พันธ์เจริญ','1348500164072',1,'',9,0,0,NULL,'1349900178616','2023-11-09'),(434,'3768',11,'เด็กหญิง','มัณธิสา',' ยลสุข','1341501570183',2,'',7,0,2,2567,'1349900178616','2024-03-05'),(435,'3769',12,'เด็กหญิง','อัยยา  ','สุมาจิตร','1169800405965',2,'',7,0,2,2567,'1349900178616','2024-03-05'),(436,'3770',6,'เด็กหญิง','ณัฐชา','สุมาจิตร์','1341501648581',2,'',2,0,2,2567,'1349900178616','2024-04-02'),(438,'3772',2,'เด็กชาย','ภัทรพล  ','ภิรมวงค์','1349902361299',1,'',2,0,0,NULL,'1349900178616','2024-06-10'),(439,'3773',3,'เด็กชาย','ปัณณวิชญ์  ','หมูนคำ','1346400001919',1,'',2,0,0,NULL,'1349900178616','2024-06-10'),(440,'3774',4,'เด็กชาย','วรดร  ','แม่นสิงห์','1346400006856',1,'',2,0,0,NULL,'1349900178616','2024-06-10'),(441,'3775',5,'เด็กหญิง','สุธาสินี  ','สุทาศรี','1209602159657',2,'',2,0,0,NULL,'1349900178616','2024-06-10'),(442,'3776',6,'เด็กหญิง','กัญญาณัฐ  ','พรมทอง','1341501654123',2,'',3,0,0,NULL,'1349900178616','2024-06-10'),(443,'3777',7,'เด็กหญิง','วราภรณ์  ','แสวงผล','1341501649511',2,'',3,0,0,NULL,'1349900178616','2024-06-10'),(444,'3778',8,'เด็กชาย','ธนวัฒน์  ','สีสุข','1341501651426',1,'',3,0,0,NULL,'1349900178616','2024-06-10'),(445,'3779',9,'เด็กชาย','อภิวัฒน์  ','ไชยจักร','1341501653267',1,'',3,0,0,NULL,'1349900178616','2024-06-10'),(447,'3781',10,'เด็กชาย','พุฒิเมธ  ','มูลมี','1341501656096',1,'',3,0,0,NULL,'1349900178616','2024-06-10'),(449,'3784',14,'เด็กหญิง','ภัทรมล','นามท้าว','1347600109692',2,'',7,0,0,NULL,'1349900178616','2024-06-10'),(450,'3783',12,'เด็กหญิง','อนุธิดา ','พลศักดิ์','1350101984214',2,'',9,0,1,2567,'1349900178616','2024-06-10'),(451,'3787',1,'เด็กชาย','ปกรณ์  ','อ่อนน้อม','1259500356291',1,'',1,0,0,NULL,'1349900178616','2025-05-28'),(452,'3788',2,'เด็กชาย','ณัฐวัฒน์  ','เทพโยธี','1349902397366',1,'',1,0,0,NULL,'1349900178616','2025-05-28'),(453,'3789',3,'เด็กชาย','รชต  ','บุญช่วย','1346400011566',1,'',1,0,0,NULL,'1349900178616','2025-05-28'),(454,'3790',4,'เด็กชาย','โตเกียว','อาลุนลัด','G683400002580',1,'',1,0,0,NULL,'1349900178616','2025-05-28'),(455,'3786',7,'เด็กชาย','ณัฐกร  ','ไท้ทอง','1346400012015',1,'',2,0,0,NULL,'1349900178616','2025-05-28'),(456,'3785',6,'เด็กชาย','เรืองสิทธิ์  ','วรพระอินทร์','1349902378655',1,'',2,0,0,NULL,'1349900178616','2025-05-28'),(457,'3791',8,'เด็กหญิง','รุ่งธิดา','สุขดี','1346400010110',2,'',2,0,0,NULL,'1349900178616','2025-05-28'),(458,'3792',9,'เด็กหญิง','ดนิตา','ศรีสุข','1341600004853',2,'',2,0,0,NULL,'1349900178616','2025-05-28'),(459,'3793',10,'เด็กหญิง','นันท์นภัส  ','วงษ์คำตา','1341600012601',1,'',2,0,0,NULL,'1349900178616','2025-05-28'),(460,'3794',11,'เด็กหญิง','รสริน','ชุมสาร','1346400006279',2,'',2,0,0,NULL,'1349900178616','2025-05-28'),(461,'3795',12,'เด็กชาย','ชนาธิป','บุญจุฬา','1346400013623',1,'',2,0,0,NULL,'1349900178616','2025-05-28'),(462,'3796',13,'เด็กชาย','อติชาติ','คำพล','1346400004489',1,'',2,0,0,NULL,'1349900178616','2025-05-28'),(463,'3797',14,'เด็กหญิง','ปัทพร','บุตรวงศ์','1346400002737',2,'',2,0,0,NULL,'1349900178616','2025-05-28'),(464,'3798',15,'เด็กหญิง','ขนิษฐา  ','คำประดับ','1346400003059',2,'',2,0,0,NULL,'1349900178616','2025-05-28'),(465,'3799',16,'เด็กหญิง','ภิญญาพัชญ์  ',' ทองถม','1346400012856',2,'',2,0,0,NULL,'1349900178616','2025-05-28'),(466,'3800',17,'เด็กชาย','ณัฎฐนันท์ ',' แสนอ้วน','1100401912211',1,'',2,0,0,NULL,'1349900178616','2025-05-28'),(467,'3801',18,'เด็กชาย','วชิระ','สายแวว','1346400013399',1,'',2,0,0,NULL,'1349900178616','2025-05-28'),(468,'3802',11,'เด็กหญิง','อลินลดา  ','ชนะหาญ','1341501653275',2,'',3,0,0,NULL,'1349900178616','2025-05-28'),(469,'3812',11,'เด็กหญิง','เมษา  ','บุ้งทอง','1349902277310',2,'',4,0,0,NULL,'1349900178616','2025-05-28'),(470,'3803',12,'เด็กชาย','ภานุวัฒน์  ','จันดีปูน','1341501608351',1,'',6,0,0,NULL,'1349900178616','2025-05-28'),(471,'3804',13,'เด็กชาย','อัศวิน','พรมทอง','1347600123300',1,'',6,0,0,NULL,'1349900178616','2025-05-28'),(472,'3805',14,'เด็กหญิง','ศิริกัญญา  ','บุญช่วย','1341501601372',2,'',6,0,0,NULL,'1349900178616','2025-05-28'),(473,'3806',15,'เด็กชาย','ณภัทร์  ','วงษ์คำตา','1341501599963',1,'',6,0,0,NULL,'1349900178616','2025-05-28'),(474,'3807',16,'เด็กชาย','กนกกานต์  ','คงทะเล','1341501597723',2,'',6,0,0,NULL,'1349900178616','2025-05-28'),(475,'3808',15,'เด็กชาย','จิรวัฒน์  ','ใจคำแหง','1349902076501',1,'',7,0,0,NULL,'1349900178616','2025-05-28'),(476,'3809',10,'เด็กหญิง','กนกวรรณ  ','คงทะเล','1341501570507',2,'',8,0,0,NULL,'1349900178616','2025-05-28'),(477,'3810',10,'เด็กชาย','อนุพันธ์  ','เซงหิ้น','1909400067542',1,'',9,0,0,NULL,'1349900178616','2025-05-28'),(478,'3811',11,'เด็กหญิง','กุลศรา  ','คำพล','1341501564116',2,'',9,0,0,NULL,'1349900178616','2025-05-28');

--
-- Table structure for table `student_main_class`
--

CREATE TABLE `student_main_class` (
  `id` int(11) NOT NULL AUTO_INCREMENT,
  `class_code` tinyint(4) NOT NULL,
  `class_name` varchar(150) NOT NULL,
  PRIMARY KEY (`id`),
  UNIQUE KEY `class_code` (`class_code`)
) ENGINE=MyISAM AUTO_INCREMENT=10 DEFAULT CHARSET=utf8 COLLATE=utf8_general_ci;

--
-- Dumping data for table `student_main_class`
--

INSERT INTO `student_main_class` VALUES (1,2,'อนุบาล2'),(2,3,'อนุุบาล3'),(3,4,'ประถมศึกษาปีที่1'),(4,5,'ประถมศึกษาปีที่2'),(5,6,'ประถมศึกษาปีที่3'),(6,7,'ประถมศึกษาปีที่4'),(7,8,'ประถมศึกษาปีที่5'),(8,9,'ประถมศึกษาปีที่6'),(9,1,'อนุบาล1');

--
-- Table structure for table `student_main_classlog`
--

CREATE TABLE `student_main_classlog` (
  `id` int(11) NOT NULL AUTO_INCREMENT,
  `ed_year` int(11) NOT NULL,
  `student_id` varchar(7) NOT NULL,
  `student_number` int(11) DEFAULT NULL,
  `class_code` tinyint(4) NOT NULL,
  `room` tinyint(4) DEFAULT 0,
  `officer` varchar(13) NOT NULL,
  `rec_date` date NOT NULL,
  PRIMARY KEY (`id`)
) ENGINE=MyISAM AUTO_INCREMENT=1021 DEFAULT CHARSET=utf8 COLLATE=utf8_general_ci;

--
-- Dumping data for table `student_main_classlog`
--

INSERT INTO `student_main_classlog` VALUES (1,2556,'2530',1,3,1,'3330101183722','2018-10-12'),(2,2556,'2531',2,3,1,'3330101183722','2018-10-12'),(3,2556,'2532',3,3,1,'3330101183722','2018-10-12'),(4,2556,'2533',4,3,1,'3330101183722','2018-10-12'),(5,2556,'2534',5,3,1,'3330101183722','2018-10-12'),(6,2556,'2536',6,3,1,'3330101183722','2018-10-12'),(7,2556,'2537',7,3,1,'3330101183722','2018-10-12'),(8,2556,'2539',9,3,1,'3330101183722','2018-10-12'),(9,2556,'2535',11,3,1,'3330101183722','2018-10-12'),(10,2557,'3546',1,2,1,'3330101183722','2018-10-12'),(11,2557,'3547',2,2,1,'3330101183722','2018-10-12'),(12,2557,'3548',3,2,1,'3330101183722','2018-10-12'),(13,2557,'3549',4,2,1,'3330101183722','2018-10-12'),(14,2557,'3550',5,2,1,'3330101183722','2018-10-12'),(15,2557,'3551',6,2,1,'3330101183722','2018-10-12'),(16,2557,'3552',7,2,1,'3330101183722','2018-10-12'),(17,2557,'3554',8,2,1,'3330101183722','2018-10-12'),(18,2557,'3555',9,2,1,'3330101183722','2018-10-12'),(19,2557,'3556',10,2,1,'3330101183722','2018-10-12'),(20,2557,'2538',8,3,1,'3330101183722','2018-10-12'),(21,2557,'2541',10,3,1,'3330101183722','2018-10-12'),(22,2557,'2540',12,3,1,'3330101183722','2018-10-12'),(23,2557,'3557',13,3,1,'3330101183722','2018-10-12'),(24,2557,'2530',1,4,1,'3330101183722','2018-10-12'),(25,2557,'3474',1,4,1,'3330101183722','2018-10-12'),(26,2557,'2531',2,4,1,'3330101183722','2018-10-12'),(27,2557,'3475',2,4,1,'3330101183722','2018-10-12'),(28,2557,'2532',3,4,1,'3330101183722','2018-10-12'),(29,2557,'3476',3,4,1,'3330101183722','2018-10-12'),(30,2557,'2533',4,4,1,'3330101183722','2018-10-12'),(31,2557,'3501',4,4,1,'3330101183722','2018-10-12'),(32,2557,'2534',5,4,1,'3330101183722','2018-10-12'),(33,2557,'3502',5,4,1,'3330101183722','2018-10-12'),(34,2557,'2536',6,4,1,'3330101183722','2018-10-12'),(35,2557,'3503',6,4,1,'3330101183722','2018-10-12'),(36,2557,'2537',7,4,1,'3330101183722','2018-10-12'),(37,2557,'3504',7,4,1,'3330101183722','2018-10-12'),(38,2557,'3506',8,4,1,'3330101183722','2018-10-12'),(39,2557,'2539',9,4,1,'3330101183722','2018-10-12'),(40,2557,'3507',9,4,1,'3330101183722','2018-10-12'),(41,2557,'3508',10,4,1,'3330101183722','2018-10-12'),(42,2557,'2535',11,4,1,'3330101183722','2018-10-12'),(43,2557,'3509',11,4,1,'3330101183722','2018-10-12'),(44,2557,'3510',12,4,1,'3330101183722','2018-10-12'),(45,2557,'3511',13,4,1,'3330101183722','2018-10-12'),(46,2557,'3512',14,4,1,'3330101183722','2018-10-12'),(47,2557,'3513',15,4,1,'3330101183722','2018-10-12'),(48,2557,'3514',16,4,1,'3330101183722','2018-10-12'),(49,2557,'3515',17,4,1,'3330101183722','2018-10-12'),(50,2557,'3477',1,5,1,'3330101183722','2018-10-12'),(51,2557,'3478',2,5,1,'3330101183722','2018-10-12'),(52,2557,'3479',3,5,1,'3330101183722','2018-10-12'),(53,2557,'3481',4,5,1,'3330101183722','2018-10-12'),(54,2557,'3483',5,5,1,'3330101183722','2018-10-12'),(55,2557,'3485',6,5,1,'3330101183722','2018-10-12'),(56,2557,'3486',7,5,1,'3330101183722','2018-10-12'),(57,2557,'3487',8,5,1,'3330101183722','2018-10-12'),(58,2557,'3488',9,5,1,'3330101183722','2018-10-12'),(59,2557,'3489',10,5,1,'3330101183722','2018-10-12'),(60,2557,'3491',11,5,1,'3330101183722','2018-10-12'),(61,2557,'3493',12,5,1,'3330101183722','2018-10-12'),(62,2557,'3525',13,5,1,'3330101183722','2018-10-12'),(63,2557,'3528',14,5,1,'3330101183722','2018-10-12'),(64,2557,'3443',1,6,1,'3330101183722','2018-10-12'),(65,2557,'3444',2,6,1,'3330101183722','2018-10-12'),(66,2557,'3446',3,6,1,'3330101183722','2018-10-12'),(67,2557,'3447',4,6,1,'3330101183722','2018-10-12'),(68,2557,'3448',5,6,1,'3330101183722','2018-10-12'),(69,2557,'3449',6,6,1,'3330101183722','2018-10-12'),(70,2557,'3451',7,6,1,'3330101183722','2018-10-12'),(71,2557,'3452',8,6,1,'3330101183722','2018-10-12'),(72,2557,'3454',9,6,1,'3330101183722','2018-10-12'),(73,2557,'3455',10,6,1,'3330101183722','2018-10-12'),(74,2557,'3471',11,6,1,'3330101183722','2018-10-12'),(75,2557,'3520',12,6,1,'3330101183722','2018-10-12'),(76,2557,'3543',13,6,1,'3330101183722','2018-10-12'),(77,2557,'3411',1,7,1,'3330101183722','2018-10-12'),(78,2557,'3412',2,7,1,'3330101183722','2018-10-12'),(79,2557,'3413',3,7,1,'3330101183722','2018-10-12'),(80,2557,'3414',4,7,1,'3330101183722','2018-10-12'),(81,2557,'3415',5,7,1,'3330101183722','2018-10-12'),(82,2557,'3417',6,7,1,'3330101183722','2018-10-12'),(83,2557,'3418',7,7,1,'3330101183722','2018-10-12'),(84,2557,'3419',8,7,1,'3330101183722','2018-10-12'),(85,2557,'3421',9,7,1,'3330101183722','2018-10-12'),(86,2557,'3426',10,7,1,'3330101183722','2018-10-12'),(87,2557,'3469',11,7,1,'3330101183722','2018-10-12'),(88,2557,'3472',12,7,1,'3330101183722','2018-10-12'),(89,2557,'3518',13,7,1,'3330101183722','2018-10-12'),(90,2557,'3420',14,7,1,'3330101183722','2018-10-12'),(91,2557,'3381',1,8,1,'3330101183722','2018-10-12'),(92,2557,'3382',2,8,1,'3330101183722','2018-10-12'),(93,2557,'3383',3,8,1,'3330101183722','2018-10-12'),(94,2557,'3384',4,8,1,'3330101183722','2018-10-12'),(95,2557,'3385',5,8,1,'3330101183722','2018-10-12'),(96,2557,'3386',6,8,1,'3330101183722','2018-10-12'),(97,2557,'3387',7,8,1,'3330101183722','2018-10-12'),(98,2557,'3388',8,8,1,'3330101183722','2018-10-12'),(99,2557,'3389',9,8,1,'3330101183722','2018-10-12'),(100,2557,'3390',10,8,1,'3330101183722','2018-10-12'),(101,2557,'3391',11,8,1,'3330101183722','2018-10-12'),(102,2557,'3392',12,8,1,'3330101183722','2018-10-12'),(103,2557,'3393',13,8,1,'3330101183722','2018-10-12'),(104,2557,'3394',14,8,1,'3330101183722','2018-10-12'),(105,2557,'3438',15,8,1,'3330101183722','2018-10-12'),(106,2557,'3440',16,8,1,'3330101183722','2018-10-12'),(107,2557,'3498',17,8,1,'3330101183722','2018-10-12'),(108,2557,'3516',18,8,1,'3330101183722','2018-10-12'),(109,2557,'3519',19,8,1,'3330101183722','2018-10-12'),(110,2557,'3542',20,8,1,'3330101183722','2018-10-12'),(111,2557,'3527',21,8,1,'3330101183722','2018-10-12'),(112,2557,'3344',1,9,1,'3330101183722','2018-10-12'),(113,2557,'3346',2,9,1,'3330101183722','2018-10-12'),(114,2557,'3347',3,9,1,'3330101183722','2018-10-12'),(115,2557,'3349',4,9,1,'3330101183722','2018-10-12'),(116,2557,'3350',5,9,1,'3330101183722','2018-10-12'),(117,2557,'3351',6,9,1,'3330101183722','2018-10-12'),(118,2557,'3352',7,9,1,'3330101183722','2018-10-12'),(119,2557,'3353',8,9,1,'3330101183722','2018-10-12'),(120,2557,'3354',9,9,1,'3330101183722','2018-10-12'),(121,2557,'3355',10,9,1,'3330101183722','2018-10-12'),(122,2557,'3356',11,9,1,'3330101183722','2018-10-12'),(123,2557,'3358',12,9,1,'3330101183722','2018-10-12'),(124,2557,'3359',13,9,1,'3330101183722','2018-10-12'),(125,2557,'3360',14,9,1,'3330101183722','2018-10-12'),(126,2557,'3361',15,9,1,'3330101183722','2018-10-12'),(127,2557,'3363',16,9,1,'3330101183722','2018-10-12'),(128,2557,'3364',17,9,1,'3330101183722','2018-10-12'),(129,2557,'3429',18,9,1,'3330101183722','2018-10-12'),(130,2557,'3468',19,9,1,'3330101183722','2018-10-12'),(131,2557,'3470',20,9,1,'3330101183722','2018-10-12'),(132,2557,'3495',21,9,1,'3330101183722','2018-10-12'),(133,2557,'3522',22,9,1,'3330101183722','2018-10-12'),(134,2561,'3609',11,7,0,'3349800290429','2019-06-10'),(135,2561,'3658',12,7,0,'3349800290429','2019-06-10'),(136,2561,'3659',13,7,0,'3349800290429','2019-06-10'),(137,2561,'3660',14,7,0,'3349800290429','2019-06-10'),(138,2561,'3667',15,7,0,'3349800290429','2019-06-10'),(139,2561,'3474',1,8,0,'3349800290429','2019-06-10'),(140,2561,'3475',2,8,0,'3349800290429','2019-06-10'),(141,2561,'3476',3,8,0,'3349800290429','2019-06-10'),(142,2561,'3501',4,8,0,'3349800290429','2019-06-10'),(143,2561,'3502',5,8,0,'3349800290429','2019-06-10'),(144,2561,'3503',6,8,0,'3349800290429','2019-06-10'),(145,2561,'3504',7,8,0,'3349800290429','2019-06-10'),(146,2561,'3506',8,8,0,'3349800290429','2019-06-10'),(147,2561,'3507',9,8,0,'3349800290429','2019-06-10'),(148,2561,'3508',10,8,0,'3349800290429','2019-06-10'),(149,2561,'3509',11,8,0,'3349800290429','2019-06-10'),(150,2561,'3510',12,8,0,'3349800290429','2019-06-10'),(151,2561,'3511',13,8,0,'3349800290429','2019-06-10'),(152,2561,'3512',14,8,0,'3349800290429','2019-06-10'),(153,2561,'3513',15,8,0,'3349800290429','2019-06-10'),(154,2561,'3514',16,8,0,'3349800290429','2019-06-10'),(155,2561,'3515',17,8,0,'3349800290429','2019-06-10'),(156,2561,'3558',18,8,0,'3349800290429','2019-06-10'),(157,2561,'3578',19,8,0,'3349800290429','2019-06-10'),(158,2561,'3586',20,8,0,'3349800290429','2019-06-10'),(159,2561,'3627',21,8,0,'3349800290429','2019-06-10'),(160,2561,'3632',22,8,0,'3349800290429','2019-06-10'),(161,2561,'3637',16,4,0,'3349800290429','2019-06-10'),(162,2561,'3656',17,4,0,'3349800290429','2019-06-10'),(163,2561,'3657',18,4,0,'3349800290429','2019-06-10'),(164,2561,'3671',19,4,1,'3349800290429','2019-06-10'),(165,2561,'3561',1,5,0,'3349800290429','2019-06-10'),(166,2561,'3562',2,5,0,'3349800290429','2019-06-10'),(167,2561,'3563',3,5,0,'3349800290429','2019-06-10'),(168,2561,'3564',4,5,0,'3349800290429','2019-06-10'),(169,2561,'3565',5,5,0,'3349800290429','2019-06-10'),(170,2561,'3567',6,5,0,'3349800290429','2019-06-10'),(171,2561,'3568',7,5,0,'3349800290429','2019-06-10'),(172,2561,'3569',8,5,0,'3349800290429','2019-06-10'),(173,2561,'3571',9,5,0,'3349800290429','2019-06-10'),(174,2561,'3573',10,5,0,'3349800290429','2019-06-10'),(175,2561,'3575',11,5,0,'3349800290429','2019-06-10'),(176,2561,'3552',12,5,0,'3349800290429','2019-06-10'),(177,2561,'3556',13,5,0,'3349800290429','2019-06-10'),(178,2561,'3603',14,5,0,'3349800290429','2019-06-10'),(179,2561,'3605',15,5,0,'3349800290429','2019-06-10'),(180,2561,'3628',16,5,0,'3349800290429','2019-06-10'),(181,2561,'3633',17,5,0,'3349800290429','2019-06-10'),(182,2561,'3631',18,5,0,'3349800290429','2019-06-10'),(183,2561,'3572',19,5,0,'3349800290429','2019-06-10'),(184,2561,'3664',21,5,0,'3349800290429','2019-06-10'),(185,2561,'3666',22,5,0,'3349800290429','2019-06-10'),(186,2561,'3546',1,6,0,'3349800290429','2019-06-10'),(187,2561,'3548',2,6,0,'3349800290429','2019-06-10'),(188,2561,'3550',3,6,0,'3349800290429','2019-06-10'),(189,2561,'3551',4,6,0,'3349800290429','2019-06-10'),(190,2561,'3555',5,6,0,'3349800290429','2019-06-10'),(191,2561,'3577',6,6,0,'3349800290429','2019-06-10'),(192,2561,'3606',7,6,0,'3349800290429','2019-06-10'),(193,2561,'3607',8,6,0,'3349800290429','2019-06-10'),(194,2561,'3554',9,6,0,'3349800290429','2019-06-10'),(195,2561,'3669',10,6,0,'3349800290429','2019-06-10'),(196,2561,'3530',1,7,0,'3349800290429','2019-06-10'),(197,2561,'2531',2,7,0,'3349800290429','2019-06-10'),(198,2561,'2532',3,7,0,'3349800290429','2019-06-10'),(199,2561,'2533',4,7,0,'3349800290429','2019-06-10'),(200,2561,'2534',5,7,0,'3349800290429','2019-06-10'),(201,2561,'2536',6,7,0,'3349800290429','2019-06-10'),(202,2561,'2537',7,7,0,'3349800290429','2019-06-10'),(203,2561,'2539',8,7,0,'3349800290429','2019-06-10'),(204,2561,'2535',9,7,0,'3349800290429','2019-06-10'),(205,2561,'3584',10,7,0,'3349800290429','2019-06-10'),(299,2562,'3633',1,6,0,'3349800290429','2019-11-01'),(207,2562,'3667',15,8,0,'3349800290429','2019-09-30'),(208,2562,'3666',22,6,0,'3349800290429','2019-09-30'),(209,2562,'3556',19,6,0,'1349900178616','2019-11-15'),(210,2562,'3675',1,1,0,'3349800290429','2019-11-01'),(211,2562,'3676',2,1,0,'3349800290429','2019-11-04'),(212,2562,'3638',1,2,0,'3349800290429','2019-11-01'),(213,2561,'3640',3,1,0,'3349800290429','2019-11-01'),(214,2561,'3641',4,1,0,'3349800290429','2019-11-01'),(215,2562,'3639',2,2,0,'3349800290429','2019-11-01'),(216,2562,'3677',3,1,0,'3349800290429','2019-11-01'),(217,2562,'3678',4,1,0,'3349800290429','2019-11-04'),(218,2562,'3674',5,1,0,'3349800290429','2019-11-04'),(219,2561,'3620',1,2,0,'3349800290429','2019-11-01'),(220,2561,'3643',2,2,0,'3349800290429','2019-11-01'),(221,2561,'3645',4,2,0,'3349800290429','2019-11-01'),(222,2561,'3646',5,2,0,'3349800290429','2019-11-01'),(223,2561,'3647',6,2,0,'3349800290429','2019-11-01'),(224,2561,'3648',7,2,0,'3349800290429','2019-11-01'),(225,2561,'3649',8,2,0,'3349800290429','2019-11-01'),(226,2561,'3651',10,2,0,'3349800290429','2019-11-01'),(227,2561,'3653',12,2,0,'3349800290429','2019-11-01'),(228,2561,'3654',13,2,0,'3349800290429','2019-11-01'),(229,2561,'3655',14,2,0,'3349800290429','2019-11-01'),(230,2561,'3615',1,3,0,'3349800290429','2019-11-01'),(231,2561,'3616',2,3,0,'3349800290429','2019-11-01'),(232,2561,'3617',3,3,0,'3349800290429','2019-11-01'),(233,2561,'3618',4,3,0,'3349800290429','2019-11-01'),(234,2561,'3621',6,3,0,'3349800290429','2019-11-01'),(235,2561,'3622',7,3,0,'3349800290429','2019-11-01'),(236,2561,'3624',8,3,0,'3349800290429','2019-11-01'),(237,2561,'3663',11,3,0,'3349800290429','2019-11-01'),(238,2561,'3668',12,3,0,'3349800290429','2019-11-01'),(239,2561,'3588',1,4,0,'3349800290429','2019-11-01'),(240,2561,'3589',2,4,0,'3349800290429','2019-11-01'),(241,2561,'3590',3,4,0,'3349800290429','2019-11-01'),(242,2561,'3591',4,4,0,'3349800290429','2019-11-01'),(243,2561,'3592',5,4,0,'3349800290429','2019-11-01'),(244,2561,'3594',7,4,0,'3349800290429','2019-11-01'),(245,2561,'3595',8,4,0,'3349800290429','2019-11-01'),(246,2561,'3598',10,4,0,'3349800290429','2019-11-01'),(247,2561,'3599',11,4,0,'3349800290429','2019-11-01'),(248,2561,'3574',12,4,0,'3349800290429','2019-11-01'),(249,2561,'3600',13,4,0,'3349800290429','2019-11-01'),(250,2561,'3602',14,4,0,'3349800290429','2019-11-01'),(251,2561,'3612',15,4,0,'3349800290429','2019-11-01'),(252,2562,'3644',1,3,0,'3349800290429','2019-11-01'),(253,2562,'3679',5,2,0,'3349800290429','2019-11-01'),(254,2562,'2147483',6,2,0,'3349800290429','2019-11-01'),(255,2562,'3680',6,2,0,'3349800290429','2019-11-01'),(256,2562,'3683',7,2,0,'3349800290429','2019-11-01'),(257,2562,'3682',8,2,0,'3349800290429','2019-11-01'),(258,2562,'3655',8,3,0,'1349900178616','2019-11-15'),(259,2562,'3670',12,3,0,'1349900178616','2019-11-15'),(260,2562,'3685',13,3,0,'1349900178616','2019-11-15'),(261,2562,'3620',2,3,0,'3349800290429','2019-11-01'),(262,2562,'3645',2,3,0,'1349900178616','2019-11-15'),(263,2562,'3646',3,3,0,'1349900178616','2019-11-15'),(264,2562,'3643',4,3,0,'1349900178616','2019-11-15'),(265,2562,'3647',5,3,0,'1349900178616','2019-11-15'),(266,2562,'3648',6,3,0,'1349900178616','2019-11-15'),(267,2562,'3651',7,3,0,'1349900178616','2019-11-15'),(268,2562,'3653',9,3,0,'1349900178616','2019-11-15'),(269,2562,'3649',10,3,0,'1349900178616','2019-11-15'),(270,2562,'3654',11,3,0,'1349900178616','2019-11-15'),(271,2562,'3618',2,4,0,'3349800290429','2019-11-01'),(272,2562,'3617',3,4,0,'3349800290429','2019-11-01'),(273,2562,'3616',4,4,0,'3349800290429','2019-11-01'),(274,2562,'3622',5,4,0,'3349800290429','2019-11-01'),(275,2562,'3621',6,4,0,'3349800290429','2019-11-01'),(283,2562,'3612',1,5,0,'3349800290429','2019-11-01'),(277,2562,'3668',7,4,0,'3349800290429','2019-11-01'),(278,2562,'3624',8,4,0,'3349800290429','2019-11-01'),(279,2562,'3957',9,4,0,'3349800290429','2019-11-01'),(280,2562,'3593',7,5,0,'3349800290429','2019-11-01'),(281,2562,'3625',10,4,0,'3349800290429','2019-11-01'),(282,2562,'3626',11,4,0,'3349800290429','2019-11-01'),(284,2562,'3589',2,5,0,'3349800290429','2019-11-01'),(285,2562,'3588',3,5,0,'3349800290429','2019-11-01'),(286,2562,'3590',4,5,0,'3349800290429','2019-11-01'),(368,2562,'3615',1,4,0,'3349800290429','2020-07-01'),(288,2562,'3591',6,5,0,'3349800290429','2019-11-01'),(289,2562,'3595',8,5,0,'3349800290429','2019-11-01'),(290,2562,'3592',9,5,0,'3349800290429','2019-11-01'),(291,2562,'3657',10,5,0,'3349800290429','2019-11-01'),(292,2562,'3594',11,5,0,'3349800290429','2019-11-01'),(293,2562,'3600',11,5,0,'3349800290429','2019-11-15'),(294,2562,'3574',12,5,0,'3349800290429','2019-11-15'),(295,2562,'3599',13,5,0,'3349800290429','2019-11-15'),(296,2562,'3602',14,5,0,'3349800290429','2019-11-15'),(297,2562,'3656',15,5,0,'3349800290429','2019-11-15'),(298,2562,'3598',16,5,0,'3349800290429','2019-11-15'),(300,2562,'3552',2,6,0,'3349800290429','2019-11-01'),(301,2562,'3561',3,6,0,'3349800290429','2019-11-01'),(302,2562,'3628',4,6,0,'3349800290429','2019-11-01'),(303,2562,'3562',5,6,0,'3349800290429','2019-11-01'),(304,2562,'3563',6,6,0,'3349800290429','2019-11-01'),(305,2562,'3564',7,6,0,'3349800290429','2019-11-01'),(306,2562,'3664',8,6,0,'3349800290429','2019-11-01'),(307,2562,'3631',8,6,0,'1349900178616','2019-11-15'),(308,2562,'3605',9,6,0,'1349900178616','2019-11-15'),(309,2562,'3575',10,6,0,'1349900178616','2019-11-15'),(310,2562,'3567',11,6,0,'1349900178616','2019-11-15'),(311,2562,'3571',12,6,0,'1349900178616','2019-11-15'),(312,2562,'3573',13,6,0,'1349900178616','2019-11-15'),(313,2562,'3568',14,6,0,'1349900178616','2019-11-15'),(314,2562,'3569',15,6,0,'1349900178616','2019-11-15'),(315,2562,'3572',16,6,0,'1349900178616','2019-11-15'),(316,2562,'3565',17,6,0,'1349900178616','2019-11-15'),(317,2562,'3603',18,6,0,'1349900178616','2019-11-15'),(318,2562,'3686',20,6,0,'1349900178616','2019-11-15'),(319,2562,'3684',10,7,0,'3349800290429','2019-11-01'),(320,2562,'3659',1,8,0,'3349800290429','2019-11-01'),(321,2562,'2535',2,8,0,'3349800290429','2019-11-01'),(322,2562,'3660',3,8,0,'3349800290429','2019-11-01'),(323,2562,'2532',4,8,0,'3349800290429','2019-11-01'),(324,2562,'2533',5,8,0,'3349800290429','2019-11-01'),(325,2562,'2534',6,8,0,'3349800290429','2019-11-01'),(326,2562,'3584',7,8,0,'3349800290429','2019-11-01'),(327,2562,'2531',8,8,0,'3349800290429','2019-11-01'),(328,2562,'3609',9,8,0,'3349800290429','2019-11-01'),(329,2562,'3658',10,8,0,'3349800290429','2019-11-01'),(330,2562,'3530',11,8,0,'3349800290429','2019-11-01'),(331,2562,'2539',12,8,0,'3349800290429','2019-11-01'),(332,2562,'2537',13,8,0,'3349800290429','2019-11-01'),(333,2562,'2536',14,8,0,'3349800290429','2019-11-01'),(334,2562,'3580',15,8,0,'3349800290429','2019-11-01'),(335,2562,'3673',16,8,0,'3349800290429','2019-11-01'),(336,2562,'3538',17,8,0,'3349800290429','2019-11-01'),(337,2562,'3502',1,9,0,'3349800290429','2019-11-01'),(338,2562,'3476',2,9,0,'3349800290429','2019-11-01'),(339,2562,'3475',3,9,0,'3349800290429','2019-11-01'),(340,2562,'3474',4,9,0,'3349800290429','2019-11-01'),(341,2562,'3501',5,9,0,'3349800290429','2019-11-01'),(342,2562,'3578',6,9,0,'3349800290429','2019-11-01'),(343,2562,'3504',7,9,0,'3349800290429','2019-11-01'),(344,2562,'3506',8,9,0,'3349800290429','2019-11-01'),(345,2562,'3503',9,9,0,'3349800290429','2019-11-01'),(346,2562,'3507',10,9,0,'3349800290429','2019-11-01'),(347,2562,'3558',11,9,0,'3349800290429','2019-11-01'),(348,2562,'3509',13,9,0,'3349800290429','2019-11-01'),(349,2562,'3632',14,9,0,'3349800290429','2019-11-01'),(350,2562,'3508',15,9,0,'3349800290429','2019-11-01'),(351,2562,'3586',16,9,0,'3349800290429','2019-11-01'),(352,2562,'3510',16,9,0,'3349800290429','2019-11-01'),(353,2562,'3511',17,9,0,'3349800290429','2019-11-01'),(354,2562,'3513',18,9,0,'3349800290429','2019-11-01'),(355,2562,'3514',19,9,0,'3349800290429','2019-11-01'),(356,2562,'3512',20,9,0,'3349800290429','2019-11-01'),(357,2562,'3515',21,9,0,'3349800290429','2019-11-01'),(358,2562,'3550',2,7,0,'3349800290429','2019-11-01'),(359,2562,'3551',3,7,0,'3349800290429','2019-11-01'),(360,2562,'3577',4,7,0,'3349800290429','2019-11-01'),(361,2562,'3607',5,7,0,'3349800290429','2019-11-01'),(362,2562,'3555',6,7,0,'3349800290429','2019-11-01'),(363,2562,'3554',7,7,0,'3349800290429','2019-11-01'),(364,2562,'3581',8,7,0,'3349800290429','2019-11-01'),(365,2562,'3672',9,7,0,'3349800290429','2019-11-01'),(366,2562,'3687',17,5,0,'3349800290429','2019-11-15'),(367,2562,'3688',11,7,0,'1349900178616','2019-11-12'),(369,2562,'3546',1,7,0,'3349800290429','2020-07-01'),(370,2562,'3640',3,2,0,'3349800290429','2020-07-01'),(371,2562,'3641',4,2,0,'3349800290429','2020-07-01'),(372,2563,'3580',14,9,0,'1349900178616','2020-07-13'),(373,2563,'3673',16,9,0,'3349800290429','2020-07-01'),(374,2563,'3556',19,6,0,'3349800290429','2020-07-01'),(375,2563,'3622',5,5,0,'3349800290429','2020-07-01'),(376,2563,'3555',6,8,0,'1349900178616','2021-02-01'),(377,2563,'3551',3,7,0,'3349800290429','2020-07-01'),(378,2563,'3689',1,1,0,'1349900178616','2020-07-13'),(379,2563,'3690',2,1,0,'1349900178616','2020-07-13'),(380,2563,'3691',3,1,0,'1349900178616','2020-07-13'),(381,2563,'3693',4,1,0,'1349900178616','2020-07-13'),(382,2563,'3694',6,2,0,'1349900178616','2020-11-11'),(383,2563,'3695',5,1,0,'1349900178616','2020-11-11'),(497,2564,'3707',1,1,0,'3349800290429','2021-06-18'),(385,2563,'3697',7,2,0,'1349900178616','2020-07-13'),(386,2563,'3698',8,2,0,'1349900178616','2020-07-13'),(387,2563,'3699',9,2,0,'1349900178616','2020-07-13'),(388,2563,'3700',10,2,0,'1349900178616','2020-07-13'),(389,2563,'3701',11,2,0,'1349900178616','2020-07-13'),(390,2563,'3692',12,2,0,'1349900178616','2020-07-13'),(391,2563,'3621',5,5,0,'1349900178616','2020-07-13'),(392,2563,'3668',6,5,0,'1349900178616','2020-07-13'),(393,2563,'3624',7,5,0,'1349900178616','2020-07-13'),(394,2563,'3957',8,5,0,'1349900178616','2020-07-13'),(395,2563,'3625',9,5,0,'1349900178616','2020-07-13'),(396,2563,'3626',10,5,0,'1349900178616','2020-07-13'),(397,2563,'3591',5,6,0,'1349900178616','2020-07-13'),(398,2563,'3593',6,6,0,'1349900178616','2020-07-13'),(399,2563,'3595',7,6,0,'1349900178616','2020-07-13'),(400,2563,'3592',8,6,0,'1349900178616','2020-07-13'),(401,2563,'3657',9,6,0,'1349900178616','2020-07-13'),(402,2563,'3600',10,6,0,'1349900178616','2020-07-13'),(403,2563,'3574',11,6,0,'1349900178616','2020-07-13'),(404,2563,'3599',12,6,0,'1349900178616','2020-07-13'),(405,2563,'3602',13,6,0,'1349900178616','2020-07-13'),(406,2563,'3656',14,6,0,'1349900178616','2020-07-13'),(407,2563,'3598',15,6,0,'1349900178616','2020-07-13'),(408,2563,'3687',16,6,0,'1349900178616','2020-07-13'),(409,2563,'3686',19,7,0,'1349900178616','2020-07-13'),(410,2563,'3577',3,8,0,'1349900178616','2020-07-13'),(411,2563,'3607',4,8,0,'1349900178616','2020-07-13'),(412,2563,'3554',5,8,0,'1349900178616','2020-07-13'),(413,2563,'3581',6,8,0,'1349900178616','2020-07-13'),(414,2563,'3672',7,8,0,'1349900178616','2020-07-13'),(415,2563,'3684',8,8,0,'1349900178616','2020-07-13'),(416,2563,'3688',9,8,0,'1349900178616','2020-07-13'),(417,2563,'2531',10,8,0,'1349900178616','2020-07-13'),(418,2563,'3609',8,9,0,'1349900178616','2020-07-13'),(419,2563,'3658',9,9,0,'1349900178616','2020-07-13'),(420,2563,'3530',10,9,0,'1349900178616','2020-07-13'),(421,2563,'2539',11,9,0,'1349900178616','2020-07-13'),(422,2563,'2537',12,9,0,'1349900178616','2020-07-13'),(423,2563,'2536',13,9,0,'1349900178616','2020-07-13'),(424,2563,'3538',15,9,0,'1349900178616','2020-07-13'),(425,2563,'3702',17,6,0,'1349900178616','2020-07-13'),(426,2563,'3703',17,9,0,'1349900178616','2020-07-13'),(427,2563,'3675',1,2,0,'1349900178616','2020-07-13'),(428,2563,'3676',2,2,0,'1349900178616','2020-07-13'),(429,2563,'3677',3,2,0,'1349900178616','2020-07-13'),(430,2563,'3678',4,2,0,'1349900178616','2020-07-13'),(431,2563,'3674',5,2,0,'1349900178616','2020-07-13'),(432,2563,'3638',1,3,0,'1349900178616','2020-07-13'),(433,2563,'3639',2,3,0,'1349900178616','2020-07-13'),(434,2563,'3640',3,3,0,'1349900178616','2020-07-13'),(435,2563,'3641',4,3,0,'1349900178616','2020-07-13'),(436,2563,'3679',5,3,0,'1349900178616','2020-07-13'),(437,2563,'3680',6,3,0,'1349900178616','2020-07-13'),(438,2563,'3683',7,3,0,'1349900178616','2020-07-13'),(439,2563,'3682',8,3,0,'1349900178616','2020-07-13'),(440,2563,'3644',1,4,0,'1349900178616','2020-07-13'),(441,2563,'3645',2,4,0,'1349900178616','2020-07-13'),(442,2563,'3646',3,4,0,'1349900178616','2020-07-13'),(443,2563,'3643',4,4,0,'1349900178616','2020-07-13'),(444,2563,'3647',5,4,0,'1349900178616','2020-07-13'),(445,2563,'3648',6,4,0,'1349900178616','2020-07-13'),(446,2563,'3651',7,4,0,'1349900178616','2020-07-13'),(447,2563,'3655',8,4,0,'1349900178616','2020-07-13'),(448,2563,'3653',9,4,0,'1349900178616','2020-07-13'),(449,2563,'3649',10,4,0,'1349900178616','2020-07-13'),(450,2563,'3654',11,4,0,'1349900178616','2020-07-13'),(451,2563,'3670',12,4,0,'1349900178616','2020-07-13'),(452,2563,'3685',13,4,0,'1349900178616','2020-07-13'),(453,2563,'3615',1,5,0,'1349900178616','2020-07-13'),(454,2563,'3618',2,5,0,'1349900178616','2020-07-13'),(455,2563,'3617',3,5,0,'1349900178616','2020-07-13'),(456,2563,'3616',4,5,0,'1349900178616','2020-07-13'),(457,2563,'3612',1,6,0,'1349900178616','2020-07-13'),(458,2563,'3589',2,6,0,'1349900178616','2020-07-13'),(459,2563,'3588',3,6,0,'1349900178616','2020-07-13'),(460,2563,'3590',4,6,0,'1349900178616','2020-07-13'),(461,2563,'3633',1,7,0,'1349900178616','2020-07-13'),(462,2563,'3552',2,7,0,'1349900178616','2020-07-13'),(463,2563,'3561',3,7,0,'1349900178616','2020-07-13'),(464,2563,'3628',4,7,0,'1349900178616','2020-07-13'),(465,2563,'3562',5,7,0,'1349900178616','2020-07-13'),(466,2563,'3563',6,7,0,'1349900178616','2020-07-13'),(467,2563,'3564',7,7,0,'1349900178616','2020-07-13'),(468,2563,'3631',8,7,0,'1349900178616','2020-07-20'),(469,2563,'3605',9,7,0,'1349900178616','2020-07-13'),(470,2563,'3575',10,7,0,'1349900178616','2020-07-13'),(471,2563,'3567',11,7,0,'1349900178616','2020-07-13'),(472,2563,'3571',12,7,0,'1349900178616','2020-07-13'),(473,2563,'3573',13,7,0,'1349900178616','2020-07-13'),(474,2563,'3568',14,7,0,'1349900178616','2020-07-13'),(475,2563,'3569',15,7,0,'1349900178616','2020-07-13'),(476,2563,'3572',16,7,0,'1349900178616','2020-07-13'),(477,2563,'3565',17,7,0,'1349900178616','2020-07-13'),(478,2563,'3603',18,7,0,'1349900178616','2020-07-13'),(479,2563,'3546',1,8,0,'1349900178616','2020-07-13'),(480,2563,'3550',2,8,0,'1349900178616','2020-07-13'),(481,2563,'3659',1,9,0,'1349900178616','2020-07-13'),(482,2563,'2535',2,9,0,'1349900178616','2020-07-13'),(483,2563,'3660',3,9,0,'1349900178616','2020-07-13'),(484,2563,'2532',4,9,0,'1349900178616','2020-07-13'),(485,2563,'2533',5,9,0,'1349900178616','2020-07-13'),(486,2563,'2534',6,9,0,'1349900178616','2020-07-13'),(487,2563,'3584',7,9,0,'1349900178616','2020-07-13'),(488,2563,'3510',16,9,0,'1349900178616','2020-07-13'),(489,2563,'3666',20,7,0,'1349900178616','2020-07-13'),(490,2563,'3667',18,9,0,'1349900178616','2020-07-13'),(491,2563,'3664',21,7,0,'1349900178616','2020-07-13'),(492,2563,'3663',11,5,0,'1349900178616','2020-10-19'),(493,2563,'3594',19,6,0,'1349900178616','2020-07-13'),(494,2563,'3620',14,4,0,'1349900178616','2020-07-13'),(495,2563,'3637',18,6,0,'1349900178616','2020-07-13'),(496,2563,'3704',6,1,0,'1349900178616','2020-11-11'),(498,2564,'3708',2,1,0,'3349800290429','2021-06-18'),(499,2564,'3709',3,1,0,'3349800290429','2021-06-18'),(500,2564,'3710',4,1,0,'3349800290429','2021-06-18'),(501,2564,'3714',5,1,0,'3349800290429','2021-06-18'),(502,2564,'3718',6,1,0,'3349800290429','2021-06-18'),(503,2564,'3723',7,1,0,'3349800290429','2021-06-18'),(504,2564,'3711',7,2,0,'3349800290429','2021-06-18'),(505,2564,'3712',8,2,0,'3349800290429','2021-06-18'),(506,2564,'3713',9,2,0,'3349800290429','2021-06-18'),(507,2564,'3715',10,2,0,'3349800290429','2021-06-18'),(508,2564,'3716',11,2,0,'3349800290429','2021-06-18'),(509,2564,'3719',10,3,0,'3349800290429','2021-06-18'),(510,2564,'3720',12,3,0,'3349800290429','2021-06-18'),(511,2564,'3722',8,4,0,'3349800290429','2021-06-18'),(512,2564,'3724',14,5,0,'3349800290429','2021-06-18'),(513,2564,'3699',9,3,0,'1349900178616','2021-06-17'),(514,2564,'3638',1,4,0,'1349900178616','2021-06-17'),(515,2564,'3647',5,5,0,'1349900178616','2021-06-17'),(516,2564,'3595',7,7,0,'1349900178616','2021-06-17'),(517,2564,'3702',17,7,0,'1349900178616','2021-06-17'),(518,2564,'3572',16,9,0,'1349900178616','2021-06-17'),(519,2564,'3639',1,4,0,'3349800290429','2021-06-18'),(520,2564,'3640',2,4,0,'3349800290429','2021-06-18'),(521,2564,'3641',3,4,0,'3349800290429','2021-06-18'),(522,2564,'3679',4,4,0,'3349800290429','2021-06-18'),(523,2564,'3680',5,4,0,'3349800290429','2021-06-18'),(524,2564,'3683',6,4,0,'3349800290429','2021-06-18'),(525,2564,'3682',7,4,0,'3349800290429','2021-06-18'),(526,2564,'3700',8,3,0,'3349800290429','2021-06-18'),(527,2564,'3701',9,3,0,'3349800290429','2021-06-18'),(528,2564,'3677',2,3,0,'3349800290429','2021-06-18'),(529,2564,'3678',3,3,0,'3349800290429','2021-06-18'),(530,2564,'3674',4,3,0,'3349800290429','2021-06-18'),(531,2564,'3694',5,3,0,'3349800290429','2021-06-18'),(532,2564,'3697',6,3,0,'3349800290429','2021-06-18'),(533,2564,'3698',7,3,0,'3349800290429','2021-06-18'),(534,2564,'3692',11,3,0,'3349800290429','2021-06-18'),(535,2564,'3648',5,5,0,'3349800290429','2021-06-18'),(536,2564,'3651',6,5,0,'3349800290429','2021-06-18'),(537,2564,'3655',7,5,0,'3349800290429','2021-06-18'),(538,2564,'3653',8,5,0,'3349800290429','2021-06-18'),(539,2564,'3649',9,5,0,'3349800290429','2021-06-18'),(540,2564,'3654',10,5,0,'3349800290429','2021-06-18'),(541,2564,'3670',11,5,0,'3349800290429','2021-06-18'),(542,2564,'3685',12,5,0,'3349800290429','2021-06-18'),(543,2564,'3620',13,5,0,'3349800290429','2021-06-18'),(544,2564,'3615',1,6,0,'3349800290429','2021-06-18'),(545,2564,'3618',2,6,0,'3349800290429','2021-06-18'),(546,2564,'3617',3,6,0,'3349800290429','2021-06-18'),(547,2564,'3616',4,6,0,'3349800290429','2021-06-18'),(548,2564,'3621',5,6,0,'3349800290429','2021-06-18'),(549,2564,'3668',6,6,0,'3349800290429','2021-06-18'),(550,2564,'3612',1,7,0,'3349800290429','2021-06-18'),(551,2564,'3592',7,7,0,'3349800290429','2021-06-18'),(552,2564,'3657',8,7,0,'3349800290429','2021-06-18'),(553,2564,'3600',9,7,0,'3349800290429','2021-06-18'),(554,2564,'3574',10,7,0,'3349800290429','2021-06-18'),(555,2564,'3599',11,7,0,'3349800290429','2021-06-18'),(556,2564,'3602',12,7,0,'3349800290429','2021-06-18'),(557,2564,'3656',13,7,0,'3349800290429','2021-06-18'),(558,2564,'3598',14,7,0,'3349800290429','2021-06-18'),(559,2564,'3687',15,7,0,'3349800290429','2021-06-18'),(560,2564,'3637',16,7,0,'3349800290429','2021-06-18'),(561,2564,'3594',17,7,0,'3349800290429','2021-06-18'),(562,2564,'3546',1,9,0,'3349800290429','2021-06-18'),(563,2564,'3550',2,9,0,'3349800290429','2021-06-18'),(564,2564,'3577',3,9,0,'3349800290429','2021-06-18'),(565,2564,'3607',4,9,0,'3349800290429','2021-06-18'),(566,2564,'3554',5,9,0,'3349800290429','2021-06-18'),(567,2564,'3672',6,9,0,'3349800290429','2021-06-18'),(568,2564,'3684',7,9,0,'3349800290429','2021-06-18'),(569,2564,'3688',8,9,0,'3349800290429','2021-06-18'),(570,2564,'3664',21,8,0,'3349800290429','2021-06-18'),(571,2564,'3666',20,8,0,'3349800290429','2021-06-18'),(572,2564,'3686',19,8,0,'3349800290429','2021-06-18'),(573,2564,'3603',18,8,0,'3349800290429','2021-06-18'),(574,2564,'3565',16,8,0,'3349800290429','2021-06-18'),(575,2564,'3569',15,8,0,'3349800290429','2021-06-18'),(576,2564,'3568',14,8,0,'3349800290429','2021-06-18'),(577,2564,'3573',13,8,0,'3349800290429','2021-06-18'),(578,2564,'3510',9,9,0,'3349800290429','2021-06-18'),(579,2564,'3575',17,8,0,'3349800290429','2021-06-18'),(580,2564,'3689',1,2,0,'3349800290429','2021-06-18'),(581,2564,'3690',2,2,0,'3349800290429','2021-06-18'),(582,2564,'3691',3,2,0,'3349800290429','2021-06-18'),(583,2564,'3693',4,2,0,'3349800290429','2021-06-18'),(584,2564,'3695',5,2,0,'3349800290429','2021-06-18'),(585,2564,'3704',6,2,0,'3349800290429','2021-06-18'),(586,2564,'3675',1,3,0,'3349800290429','2021-06-18'),(587,2564,'3644',1,5,0,'3349800290429','2021-06-18'),(588,2564,'3645',2,5,0,'3349800290429','2021-06-18'),(589,2564,'3646',3,5,0,'3349800290429','2021-06-18'),(590,2564,'3643',4,5,0,'3349800290429','2021-06-18'),(591,2564,'3624',7,6,0,'3349800290429','2021-06-18'),(592,2564,'3957',8,6,0,'3349800290429','2021-06-18'),(593,2564,'3625',9,6,0,'3349800290429','2021-06-18'),(594,2564,'3626',10,6,0,'3349800290429','2021-06-18'),(595,2564,'3663',11,6,0,'3349800290429','2021-06-18'),(596,2564,'3589',2,7,0,'3349800290429','2021-06-18'),(597,2564,'3588',3,7,0,'3349800290429','2021-06-18'),(598,2564,'3590',4,7,0,'3349800290429','2021-06-18'),(599,2564,'3591',5,7,0,'3349800290429','2021-06-18'),(600,2564,'3593',6,7,0,'3349800290429','2021-06-18'),(601,2564,'3633',1,8,0,'3349800290429','2021-06-18'),(602,2564,'3552',2,8,0,'3349800290429','2021-06-18'),(603,2564,'3561',3,8,0,'3349800290429','2021-06-18'),(604,2564,'3628',4,8,0,'3349800290429','2021-06-18'),(605,2564,'3562',5,8,0,'3349800290429','2021-06-18'),(606,2564,'3563',6,8,0,'3349800290429','2021-06-18'),(607,2564,'3564',7,8,0,'3349800290429','2021-06-18'),(608,2564,'3631',8,8,0,'3349800290429','2021-06-18'),(609,2564,'3605',9,8,0,'3349800290429','2021-06-18'),(610,2564,'2531',10,8,0,'3349800290429','2021-06-18'),(611,2564,'3567',11,8,0,'3349800290429','2021-06-18'),(612,2564,'3571',12,8,0,'3349800290429','2021-06-18'),(613,2564,'3717',18,7,0,'1349900178616','2021-10-06'),(614,2564,'2723',19,7,0,'1349900178616','2021-10-06'),(615,2564,'3555',10,9,0,'1349900178616','2021-11-22'),(616,2565,'3712',8,3,0,'1349900178616','2022-05-20'),(617,2565,'3643',4,6,0,'1349900178616','2022-05-20'),(618,2565,'3709',3,2,0,'1349900178616','2022-05-20'),(619,2565,'3561',3,9,0,'1349900178616','2022-05-20'),(620,2565,'3728',1,1,0,'1349900178616','2022-05-20'),(621,2565,'3729',2,1,0,'1349900178616','2022-05-20'),(622,2565,'2743',3,1,0,'1349900178616','2022-05-20'),(623,2565,'2730',6,2,0,'1349900178616','2022-05-20'),(677,2565,'3425',1,2,0,'1349900178616','2022-05-30'),(625,2565,'3710',2,2,0,'1349900178616','2022-05-20'),(626,2565,'3714',3,2,0,'1349900178616','2022-05-20'),(627,2565,'3718',5,2,0,'1349900178616','2022-05-20'),(628,2565,'3723',4,2,0,'1349900178616','2022-05-20'),(629,2565,'2731',7,2,0,'1349900178616','2022-05-20'),(630,2565,'3732',8,2,0,'1349900178616','2022-05-20'),(631,2565,'3731',7,2,0,'1349900178616','2022-05-20'),(632,2565,'3730',6,2,0,'1349900178616','2022-05-20'),(633,2565,'3743',3,1,0,'1349900178616','2022-05-20'),(634,2565,'2733',9,2,0,'1349900178616','2022-05-20'),(635,2565,'3734',10,2,0,'1349900178616','2022-05-20'),(636,2565,'3740',11,2,0,'1349900178616','2022-05-20'),(637,2565,'3741',12,2,0,'1349900178616','2022-05-20'),(638,2565,'3742',13,1,0,'1349900178616','2023-03-10'),(639,2565,'3744',14,2,0,'1349900178616','2022-10-10'),(640,2565,'3674',3,4,0,'1349900178616','2022-05-20'),(641,2565,'3694',4,4,0,'1349900178616','2022-05-20'),(642,2565,'3697',5,4,0,'1349900178616','2022-05-20'),(643,2565,'3698',6,4,0,'1349900178616','2022-05-20'),(644,2565,'3700',7,4,0,'1349900178616','2022-05-20'),(645,2565,'3701',8,4,0,'1349900178616','2022-05-20'),(646,2565,'3719',9,4,0,'1349900178616','2022-05-20'),(647,2565,'3692',10,4,0,'1349900178616','2022-05-20'),(676,2565,'3676',11,4,0,'1349900178616','2022-05-25'),(649,2565,'3735',12,4,0,'1349900178616','2022-05-20'),(650,2565,'3736',9,5,0,'1349900178616','2022-05-20'),(651,2565,'3739',10,5,0,'1349900178616','2022-05-20'),(652,2565,'3737',12,7,0,'1349900178616','2022-05-20'),(653,2565,'3738',13,7,0,'1349900178616','2022-05-20'),(654,2565,'3670',9,6,0,'1349900178616','2022-06-01'),(655,2565,'3685',10,6,0,'1349900178616','2022-06-01'),(656,2565,'3620',11,6,0,'1349900178616','2022-06-01'),(657,2565,'3628',3,9,0,'1349900178616','2022-05-20'),(658,2565,'3562',4,9,0,'1349900178616','2022-05-20'),(659,2565,'3563',4,9,0,'1349900178616','2022-11-10'),(660,2565,'3564',5,9,0,'1349900178616','2022-11-10'),(661,2565,'3631',7,9,0,'1349900178616','2022-05-20'),(662,2565,'3605',6,9,0,'1349900178616','2022-11-10'),(663,2565,'2531',7,9,0,'1349900178616','2022-11-10'),(664,2565,'3567',8,9,0,'1349900178616','2022-11-10'),(665,2565,'3571',9,9,0,'1349900178616','2022-11-10'),(666,2565,'3573',10,9,0,'1349900178616','2022-11-10'),(667,2565,'3568',11,9,0,'1349900178616','2022-11-10'),(668,2565,'3569',12,9,0,'1349900178616','2022-11-10'),(669,2565,'3565',13,9,0,'1349900178616','2022-11-10'),(670,2565,'3575',14,9,0,'1349900178616','2022-11-10'),(671,2565,'3603',15,9,0,'1349900178616','2022-11-10'),(672,2565,'3686',16,9,0,'1349900178616','2022-11-10'),(673,2565,'3666',17,9,0,'1349900178616','2022-11-10'),(674,2565,'3664',18,9,0,'1349900178616','2022-11-10'),(675,2565,'3572',20,9,0,'1349900178616','2022-09-16'),(678,2565,'3599',11,8,0,'1349900178616','2022-05-30'),(679,2565,'3602',11,8,0,'1349900178616','2022-05-30'),(680,2565,'3656',12,8,0,'1349900178616','2022-05-30'),(681,2565,'3598',13,8,0,'1349900178616','2022-05-30'),(682,2565,'3687',14,8,0,'1349900178616','2022-05-30'),(683,2565,'3637',15,8,0,'1349900178616','2022-05-30'),(684,2565,'3594',16,8,0,'1349900178616','2022-05-30'),(685,2565,'3717',16,8,0,'1349900178616','2022-09-16'),(686,2565,'2723',17,8,0,'1349900178616','2022-09-16'),(687,2565,'3713',8,3,0,'1349900178616','2022-09-16'),(688,2565,'3715',9,3,0,'1349900178616','2022-06-01'),(689,2565,'3716',10,3,0,'1349900178616','2022-06-01'),(690,2565,'3648',4,6,0,'1349900178616','2022-06-01'),(691,2565,'3651',5,6,0,'1349900178616','2022-06-01'),(692,2565,'3655',6,6,0,'1349900178616','2022-06-01'),(693,2565,'3653',7,6,0,'1349900178616','2022-06-01'),(694,2565,'3649',8,6,0,'1349900178616','2022-06-01'),(695,2565,'3745',13,4,0,'1349900178616','2022-09-16'),(696,2565,'3695',5,3,0,'1349900178616','2022-09-16'),(697,2565,'1',15,2,0,'1349900178616','2022-10-13'),(699,2565,'3689',1,3,0,'3349800290429','2023-06-07'),(700,2565,'3690',2,3,0,'3349800290429','2023-06-07'),(701,2565,'3691',3,3,0,'3349800290429','2023-06-07'),(702,2565,'3693',4,3,0,'3349800290429','2023-06-07'),(703,2565,'3704',6,3,0,'3349800290429','2023-06-07'),(704,2565,'3711',7,3,0,'3349800290429','2023-06-07'),(705,2565,'3675',1,4,0,'3349800290429','2023-06-07'),(706,2565,'3677',2,4,0,'3349800290429','2023-06-07'),(707,2565,'3639',1,5,0,'3349800290429','2023-06-07'),(708,2565,'3640',2,5,0,'3349800290429','2023-06-07'),(709,2565,'3641',3,5,0,'3349800290429','2023-06-07'),(710,2565,'3679',4,5,0,'3349800290429','2023-06-07'),(711,2565,'3680',5,5,0,'3349800290429','2023-06-07'),(712,2565,'3683',6,5,0,'3349800290429','2023-06-07'),(713,2565,'3682',7,5,0,'3349800290429','2023-06-07'),(714,2565,'3646',3,6,0,'3349800290429','2023-06-07'),(715,2565,'3615',1,7,0,'3349800290429','2023-06-07'),(716,2565,'3618',2,7,0,'3349800290429','2023-06-07'),(717,2565,'3617',3,7,0,'3349800290429','2023-06-07'),(718,2565,'3616',4,7,0,'3349800290429','2023-06-07'),(719,2565,'3621',5,7,0,'3349800290429','2023-06-07'),(720,2565,'3668',6,7,0,'3349800290429','2023-06-07'),(721,2565,'3624',7,7,0,'3349800290429','2023-06-07'),(722,2565,'3957',8,7,0,'3349800290429','2023-06-07'),(723,2565,'3625',9,7,0,'3349800290429','2023-06-07'),(724,2565,'3626',10,7,0,'3349800290429','2023-06-07'),(725,2565,'3663',11,7,0,'3349800290429','2023-06-07'),(726,2565,'3612',1,8,0,'3349800290429','2023-06-07'),(727,2565,'3589',2,8,0,'3349800290429','2023-06-07'),(728,2565,'3588',3,8,0,'3349800290429','2023-06-07'),(729,2565,'3590',4,8,0,'3349800290429','2023-06-07'),(730,2565,'3591',5,8,0,'3349800290429','2023-06-07'),(731,2565,'3593',6,8,0,'3349800290429','2023-06-07'),(732,2565,'3592',7,8,0,'3349800290429','2023-06-07'),(733,2565,'3657',8,8,0,'3349800290429','2023-06-07'),(734,2565,'3600',9,8,0,'3349800290429','2023-06-07'),(735,2565,'3574',10,8,0,'3349800290429','2023-06-07'),(736,2565,'3633',1,9,0,'3349800290429','2023-06-07'),(737,2565,'3552',2,9,0,'3349800290429','2023-06-07'),(738,2566,'3743',3,2,0,'3349800290429','2023-06-07'),(739,2566,'3590',4,9,0,'3349800290429','2023-06-07'),(740,2566,'3751',1,1,0,'1349900178616','2023-06-07'),(741,2566,'3750',2,1,0,'1349900178616','2023-10-30'),(742,2566,'3749',3,1,0,'1349900178616','2023-06-07'),(743,2566,'3747',4,1,0,'1349900178616','2023-06-07'),(744,2566,'3748',5,1,0,'1349900178616','2023-06-07'),(745,2566,'3752',3,2,0,'1349900178616','2023-06-07'),(746,2566,'3753',4,2,0,'1349900178616','2023-06-07'),(747,2566,'3754',5,2,0,'1349900178616','2023-06-07'),(748,2566,'3755',6,2,0,'1349900178616','2023-06-07'),(749,2566,'3756',7,2,0,'1349900178616','2023-06-07'),(750,2566,'3757',8,2,0,'1349900178616','2023-10-30'),(751,2566,'3758',9,2,0,'1349900178616','2023-06-07'),(752,2566,'3759',13,3,0,'1349900178616','2023-06-07'),(753,2566,'3760',10,6,0,'1349900178616','2023-06-07'),(754,2566,'3762',16,9,0,'1349900178616','2023-06-07'),(755,2566,'3761',17,9,0,'1349900178616','2023-06-07'),(756,2566,'3588',3,9,0,'1349900178616','2023-06-07'),(757,2566,'3640',2,6,0,'1349900178616','2023-06-07'),(758,2566,'3653',7,7,0,'1349900178616','2023-06-07'),(759,2566,'3729',2,2,0,'1349900178616','2023-06-07'),(760,2566,'3742',2,2,0,'1349900178616','2023-06-07'),(761,2566,'3644',1,7,0,'1349900178616','2023-06-07'),(762,2566,'3645',2,7,0,'1349900178616','2023-06-07'),(763,2566,'3641',3,6,0,'1349900178616','2023-06-07'),(764,2566,'3680',5,6,0,'1349900178616','2023-06-07'),(765,2566,'3679',4,6,0,'1349900178616','2023-06-07'),(766,2566,'3683',6,6,0,'1349900178616','2023-06-07'),(767,2566,'3719',9,5,0,'1349900178616','2023-06-07'),(768,2566,'3739',2,6,0,'1349900178616','2023-06-07'),(769,2566,'3722',8,6,0,'1349900178616','2023-06-07'),(770,2566,'3736',9,6,0,'1349900178616','2023-06-07'),(771,2566,'3682',7,6,0,'1349900178616','2023-06-07'),(772,2566,'2723',3,9,0,'1349900178616','2023-06-07'),(773,2566,'3717',4,9,0,'1349900178616','2023-06-07'),(774,2566,'3764',13,5,0,'1349900178616','2023-08-28'),(775,2566,'3763',11,4,0,'1349900178616','2023-08-28'),(776,2566,'3765',10,2,0,'1349900178616','2023-10-19'),(777,2566,'3766',12,4,0,'3341501588844','2023-11-09'),(778,2566,'3767',10,7,0,'3341501588844','2023-11-09'),(779,2566,'3768',11,6,0,'1349900178616','2024-03-05'),(780,2566,'3769',12,6,0,'1349900178616','2024-03-05'),(781,2566,'1341501',6,1,0,'1349900178616','2024-04-02'),(782,2566,'3770',6,1,0,'1349900178616','2024-04-02'),(783,2566,'3728',1,2,0,'1349900178616','2024-06-10'),(784,2566,'3425',1,3,0,'1349900178616','2024-06-10'),(785,2566,'3710',2,3,0,'1349900178616','2024-06-10'),(786,2566,'3714',3,3,0,'1349900178616','2024-06-10'),(787,2566,'3723',4,3,0,'1349900178616','2024-06-10'),(788,2566,'3718',5,3,0,'1349900178616','2024-06-10'),(789,2566,'3730',6,3,0,'1349900178616','2024-06-10'),(790,2566,'3731',7,3,0,'1349900178616','2024-06-10'),(791,2566,'3732',8,3,0,'1349900178616','2024-06-10'),(792,2566,'2733',9,3,0,'1349900178616','2024-06-10'),(793,2566,'3734',10,3,0,'1349900178616','2024-06-10'),(794,2566,'3740',11,3,0,'1349900178616','2024-06-10'),(795,2566,'3741',12,3,0,'1349900178616','2024-06-10'),(796,2566,'3689',1,4,0,'1349900178616','2024-06-10'),(797,2566,'3690',2,4,0,'1349900178616','2024-06-10'),(798,2566,'3691',3,4,0,'1349900178616','2024-06-10'),(799,2566,'3693',4,4,0,'1349900178616','2024-06-10'),(800,2566,'3695',5,4,0,'1349900178616','2024-06-10'),(801,2566,'3704',6,4,0,'1349900178616','2024-06-10'),(802,2566,'3711',7,4,0,'1349900178616','2024-06-10'),(803,2566,'3713',8,4,0,'1349900178616','2024-06-10'),(804,2566,'3715',9,4,0,'1349900178616','2024-06-10'),(805,2566,'3716',10,4,0,'1349900178616','2024-06-10'),(806,2566,'3675',1,5,0,'1349900178616','2024-06-10'),(807,2566,'3677',2,5,0,'1349900178616','2024-06-10'),(808,2566,'3674',3,5,0,'1349900178616','2024-06-10'),(809,2566,'3694',4,5,0,'1349900178616','2024-06-10'),(810,2566,'3612',1,9,0,'1349900178616','2024-06-10'),(811,2566,'3589',2,9,0,'1349900178616','2024-06-10'),(812,2566,'3591',5,9,0,'1349900178616','2024-06-10'),(813,2566,'3593',6,9,0,'1349900178616','2024-06-10'),(814,2566,'3592',7,9,0,'1349900178616','2024-06-10'),(815,2566,'3657',8,9,0,'1349900178616','2024-06-10'),(816,2566,'3600',9,9,0,'1349900178616','2024-06-10'),(817,2566,'3574',10,9,0,'1349900178616','2024-06-10'),(818,2566,'3602',11,9,0,'1349900178616','2024-06-10'),(819,2566,'3656',12,9,0,'1349900178616','2024-06-10'),(820,2566,'3598',13,9,0,'1349900178616','2024-06-10'),(821,2566,'3687',14,9,0,'1349900178616','2024-06-10'),(822,2566,'3637',15,9,0,'1349900178616','2024-06-10'),(823,2566,'3615',1,8,0,'1349900178616','2024-06-10'),(824,2566,'3618',2,8,0,'1349900178616','2024-06-10'),(825,2566,'3617',3,8,0,'1349900178616','2024-06-10'),(826,2566,'3616',4,8,0,'1349900178616','2024-06-10'),(827,2566,'3621',5,8,0,'1349900178616','2024-06-10'),(828,2566,'3668',6,8,0,'1349900178616','2024-06-10'),(829,2566,'3624',7,8,0,'1349900178616','2024-06-10'),(830,2566,'3957',8,8,0,'1349900178616','2024-06-10'),(831,2566,'3625',9,8,0,'1349900178616','2024-06-10'),(832,2566,'3626',10,8,0,'1349900178616','2024-06-10'),(833,2566,'3663',11,8,0,'1349900178616','2024-06-10'),(834,2566,'3737',12,8,0,'1349900178616','2024-06-10'),(835,2566,'3738',13,8,0,'1349900178616','2024-06-10'),(836,2566,'3646',3,7,0,'1349900178616','2024-06-10'),(837,2566,'3648',4,7,0,'1349900178616','2024-06-10'),(838,2566,'3651',5,7,0,'1349900178616','2024-06-10'),(839,2566,'3655',6,7,0,'1349900178616','2024-06-10'),(840,2566,'3649',8,7,0,'1349900178616','2024-06-10'),(841,2566,'3670',9,7,0,'1349900178616','2024-06-10'),(842,2566,'3685',10,7,0,'1349900178616','2024-06-10'),(843,2566,'3639',1,6,0,'1349900178616','2024-06-10'),(844,2567,'3759',13,4,0,'1349900178616','2024-06-10'),(845,2567,'3710',2,4,0,'1349900178616','2024-06-10'),(846,2567,'3714',3,4,0,'1349900178616','2024-06-10'),(847,2567,'3718',5,4,0,'1349900178616','2024-06-10'),(848,2567,'3723',4,4,0,'1349900178616','2024-06-10'),(849,2567,'3425',1,4,0,'1349900178616','2024-06-10'),(850,2567,'3730',6,4,0,'1349900178616','2024-06-10'),(851,2567,'3731',7,4,0,'1349900178616','2024-06-10'),(852,2567,'3732',8,4,0,'1349900178616','2024-06-10'),(853,2567,'2733',9,4,0,'1349900178616','2024-06-10'),(854,2567,'3734',10,4,0,'1349900178616','2024-06-10'),(855,2567,'3740',11,4,0,'1349900178616','2024-06-10'),(856,2567,'3741',12,4,0,'1349900178616','2024-06-10'),(857,2567,'3675',1,6,0,'1349900178616','2024-06-10'),(858,2567,'3677',2,6,0,'1349900178616','2024-06-10'),(859,2567,'3674',3,6,0,'1349900178616','2024-06-10'),(860,2567,'3694',4,6,0,'1349900178616','2024-06-10'),(861,2567,'3771',1,1,1,'1349900178616','2024-06-10'),(862,2567,'3772',2,1,1,'1349900178616','2024-06-10'),(863,2567,'3773',3,1,1,'1349900178616','2024-06-10'),(864,2567,'3774',4,1,1,'1349900178616','2024-06-10'),(865,2567,'3775',5,1,1,'1349900178616','2024-06-10'),(866,2567,'3770',6,2,0,'1349900178616','2024-06-10'),(867,2567,'3769',12,7,0,'1349900178616','2024-06-10'),(868,2567,'3768',11,7,0,'1349900178616','2024-06-10'),(869,2567,'3617',3,9,0,'1349900178616','2024-06-10'),(870,2567,'3668',6,9,0,'1349900178616','2024-06-10'),(871,2567,'3957',8,9,0,'1349900178616','2024-06-10'),(872,2567,'3663',11,9,0,'1349900178616','2024-06-10'),(873,2567,'3704',6,5,0,'1349900178616','2024-06-10'),(874,2567,'3639',1,7,0,'1349900178616','2024-06-10'),(875,2567,'3748',5,2,0,'1349900178616','2024-06-10'),(876,2567,'3776',6,2,0,'1349900178616','2024-06-10'),(877,2567,'3777',7,2,0,'1349900178616','2024-06-10'),(878,2567,'3778',8,2,0,'1349900178616','2024-06-10'),(879,2567,'3779',9,2,0,'1349900178616','2024-06-10'),(880,2567,'3780',10,2,0,'1349900178616','2024-06-10'),(881,2567,'3781',11,2,0,'1349900178616','2024-06-10'),(882,2567,'3782',14,4,0,'1349900178616','2024-06-10'),(883,2567,'3697',5,6,0,'1349900178616','2024-06-10'),(884,2567,'3701',8,6,0,'1349900178616','2024-06-10'),(885,2567,'3700',7,6,0,'1349900178616','2024-06-10'),(886,2567,'3692',10,6,0,'1349900178616','2024-06-10'),(887,2567,'3763',10,5,0,'1349900178616','2024-06-10'),(888,2567,'3764',13,6,0,'1349900178616','2024-06-10'),(889,2567,'3676',11,6,0,'1349900178616','2024-06-10'),(890,2567,'3719',9,6,0,'1349900178616','2024-06-10'),(891,2567,'3698',6,6,0,'1349900178616','2024-06-10'),(892,2567,'3735',12,6,0,'1349900178616','2024-06-10'),(893,2567,'3711',6,5,0,'1349900178616','2024-06-10'),(894,2567,'3713',7,5,0,'1349900178616','2024-06-10'),(895,2567,'3715',8,5,0,'1349900178616','2024-06-10'),(896,2567,'3716',9,5,0,'1349900178616','2024-06-10'),(897,2567,'3766',11,5,0,'1349900178616','2024-09-26'),(898,2567,'3784',14,6,0,'1349900178616','2024-06-10'),(899,2567,'3739',1,7,0,'1349900178616','2024-06-10'),(900,2567,'3640',10,7,0,'1349900178616','2024-06-10'),(901,2567,'3641',2,7,0,'1349900178616','2024-06-10'),(902,2567,'3679',3,7,0,'1349900178616','2024-06-10'),(903,2567,'3680',4,7,0,'1349900178616','2024-06-10'),(904,2567,'3683',5,7,0,'1349900178616','2024-06-10'),(905,2567,'3682',6,7,0,'1349900178616','2024-06-10'),(906,2567,'3722',7,7,0,'1349900178616','2024-06-10'),(907,2567,'3736',8,7,0,'1349900178616','2024-06-10'),(908,2567,'3760',9,7,0,'1349900178616','2024-06-10'),(909,2567,'3649',7,8,0,'1349900178616','2024-06-10'),(910,2567,'3670',8,8,0,'1349900178616','2024-06-10'),(911,2567,'3685',9,8,0,'1349900178616','2024-06-10'),(912,2567,'3783',12,9,0,'1349900178616','2024-06-10'),(913,2567,'3717',6,9,0,'1349900178616','2024-06-10'),(914,2567,'3625',8,9,0,'1349900178616','2024-06-10'),(915,2567,'3626',9,9,0,'1349900178616','2024-06-10'),(916,2567,'3737',10,9,0,'1349900178616','2024-06-10'),(917,2567,'3738',11,9,0,'1349900178616','2024-06-10'),(918,2567,'3762',13,9,0,'1349900178616','2024-06-10'),(919,2567,'3624',7,9,0,'1349900178616','2025-05-28'),(920,2567,'3615',1,9,0,'1349900178616','2025-05-28'),(921,2567,'3618',2,9,0,'1349900178616','2025-05-28'),(922,2567,'2723',3,9,0,'1349900178616','2025-05-28'),(923,2567,'3616',4,9,0,'1349900178616','2025-05-28'),(924,2567,'3621',5,9,0,'1349900178616','2025-05-28'),(925,2567,'3751',1,2,0,'1349900178616','2025-05-28'),(926,2567,'3750',2,2,0,'1349900178616','2025-05-28'),(927,2567,'3749',3,2,0,'1349900178616','2025-05-28'),(928,2567,'3747',4,2,0,'1349900178616','2025-05-28'),(929,2567,'3728',1,3,0,'1349900178616','2025-05-28'),(930,2567,'3742',2,3,0,'1349900178616','2025-05-28'),(931,2567,'3752',3,3,0,'1349900178616','2025-05-28'),(932,2567,'3753',4,3,0,'1349900178616','2025-05-28'),(933,2567,'3754',5,3,0,'1349900178616','2025-05-28'),(934,2567,'3755',6,3,0,'1349900178616','2025-05-28'),(935,2567,'3756',7,3,0,'1349900178616','2025-05-28'),(936,2567,'3757',8,3,0,'1349900178616','2025-05-28'),(937,2567,'3758',9,3,0,'1349900178616','2025-05-28'),(938,2567,'3765',10,3,0,'1349900178616','2025-05-28'),(939,2567,'3689',1,5,0,'1349900178616','2025-05-28'),(940,2567,'3690',2,5,0,'1349900178616','2025-05-28'),(941,2567,'3691',3,5,0,'1349900178616','2025-05-28'),(942,2567,'3693',4,5,0,'1349900178616','2025-05-28'),(943,2567,'3695',5,5,0,'1349900178616','2025-05-28'),(944,2567,'3644',1,8,0,'1349900178616','2025-05-28'),(945,2567,'3645',2,8,0,'1349900178616','2025-05-28'),(946,2567,'3646',3,8,0,'1349900178616','2025-05-28'),(947,2567,'3648',4,8,0,'1349900178616','2025-05-28'),(948,2567,'3651',5,8,0,'1349900178616','2025-05-28'),(949,2567,'3655',6,8,0,'1349900178616','2025-05-28'),(950,2567,'3767',10,8,0,'1349900178616','2025-05-28'),(951,2568,'3787',1,1,0,'1349900178616','2025-05-28'),(952,2568,'3788',2,1,0,'1349900178616','2025-05-28'),(953,2568,'3789',3,1,0,'1349900178616','2025-05-28'),(954,2568,'3790',4,1,0,'1349900178616','2025-05-29'),(955,2568,'3786',7,2,0,'1349900178616','2025-05-28'),(956,2568,'3785',6,2,0,'1349900178616','2025-06-05'),(957,2568,'3791',8,2,0,'1349900178616','2025-05-28'),(958,2568,'3792',9,2,0,'1349900178616','2025-05-28'),(959,2568,'3793',10,2,0,'1349900178616','2025-05-28'),(960,2568,'3794',11,2,0,'1349900178616','2025-05-28'),(961,2568,'3795',12,2,0,'1349900178616','2025-05-28'),(962,2568,'3796',13,2,0,'1349900178616','2025-05-28'),(963,2568,'3797',14,2,0,'1349900178616','2025-05-28'),(964,2568,'3798',15,2,0,'1349900178616','2025-05-28'),(965,2568,'3799',16,2,0,'1349900178616','2025-05-28'),(966,2568,'3800',17,2,0,'1349900178616','2025-05-28'),(967,2568,'3801',18,2,0,'1349900178616','2025-05-28'),(968,2568,'3802',11,3,0,'1349900178616','2025-05-28'),(969,2568,'3812',11,4,0,'1349900178616','2025-05-28'),(970,2568,'3803',12,6,0,'1349900178616','2025-05-28'),(971,2568,'3804',13,6,0,'1349900178616','2025-05-28'),(972,2568,'3805',14,6,0,'1349900178616','2025-05-28'),(973,2568,'3806',15,6,0,'1349900178616','2025-05-28'),(974,2568,'3807',16,6,0,'1349900178616','2025-05-28'),(975,2568,'3808',15,7,0,'1349900178616','2025-05-28'),(976,2568,'3809',10,8,0,'1349900178616','2025-05-28'),(977,2568,'3810',10,9,0,'1349900178616','2025-05-28'),(978,2568,'3811',11,9,0,'1349900178616','2025-05-28'),(979,2568,'3781',10,3,0,'1349900178616','2025-05-28'),(980,2568,'3710',1,5,0,'1349900178616','2025-05-28'),(981,2568,'3730',6,5,0,'1349900178616','2025-05-28'),(982,2568,'3718',3,5,0,'1349900178616','2025-05-28'),(983,2568,'3723',4,5,0,'1349900178616','2025-05-28'),(984,2568,'3425',5,5,0,'1349900178616','2025-05-28'),(985,2568,'3732',8,5,0,'1349900178616','2025-05-28'),(986,2568,'2733',9,5,0,'1349900178616','2025-05-28'),(987,2568,'3740',10,5,0,'1349900178616','2025-05-28'),(988,2568,'3741',11,5,0,'1349900178616','2025-05-28'),(989,2568,'3759',12,5,0,'1349900178616','2025-05-28'),(990,2568,'3689',1,6,0,'1349900178616','2025-05-28'),(991,2568,'3690',2,6,0,'1349900178616','2025-05-28'),(992,2568,'3691',3,6,0,'1349900178616','2025-05-28'),(993,2568,'3693',4,6,0,'1349900178616','2025-05-28'),(994,2568,'3695',5,6,0,'1349900178616','2025-05-28'),(995,2568,'3641',1,8,0,'1349900178616','2025-05-28'),(996,2568,'3679',2,8,0,'1349900178616','2025-05-28'),(997,2568,'3680',3,8,0,'1349900178616','2025-05-28'),(998,2568,'3683',4,8,0,'1349900178616','2025-05-28'),(999,2568,'3682',5,8,0,'1349900178616','2025-05-28'),(1000,2568,'3722',6,8,0,'1349900178616','2025-05-28'),(1001,2568,'3736',7,8,0,'1349900178616','2025-05-28'),(1002,2568,'3760',8,8,0,'1349900178616','2025-05-28'),(1003,2568,'3640',9,8,0,'1349900178616','2025-05-28'),(1004,2568,'3649',6,9,0,'1349900178616','2025-05-28'),(1005,2568,'3670',7,9,0,'1349900178616','2025-05-28'),(1006,2568,'3685',8,9,0,'1349900178616','2025-05-28'),(1007,2568,'3767',9,9,0,'1349900178616','2025-05-28'),(1008,2568,'3771',1,2,0,'1349900178616','2025-05-28'),(1009,2568,'3772',2,2,0,'1349900178616','2025-05-28'),(1010,2568,'3773',3,2,0,'1349900178616','2025-05-28'),(1011,2568,'3774',4,2,0,'1349900178616','2025-05-28'),(1012,2568,'3775',5,2,0,'1349900178616','2025-05-28'),(1013,2568,'3697',4,7,0,'1349900178616','2025-06-05'),(1014,2568,'3698',5,7,0,'1349900178616','2025-06-05'),(1015,2568,'3701',7,7,0,'1349900178616','2025-06-05'),(1016,2568,'3700',6,7,0,'1349900178616','2025-06-05'),(1017,2568,'3692',8,7,0,'1349900178616','2025-06-05'),(1018,2568,'3694',9,7,0,'1349900178616','2025-06-05'),(1019,2568,'3719',10,7,0,'1349900178616','2025-06-05'),(1020,2568,'3714',2,5,0,'1349900178616','2025-06-05');

--
-- Table structure for table `student_main_edyear`
--

CREATE TABLE `student_main_edyear` (
  `id` int(11) NOT NULL AUTO_INCREMENT,
  `ed_year` int(11) NOT NULL,
  `year_active` tinyint(4) NOT NULL,
  PRIMARY KEY (`id`),
  UNIQUE KEY `ed_year` (`ed_year`)
) ENGINE=MyISAM AUTO_INCREMENT=10 DEFAULT CHARSET=utf8 COLLATE=utf8_general_ci;

--
-- Dumping data for table `student_main_edyear`
--

INSERT INTO `student_main_edyear` VALUES (4,2563,0),(2,2561,0),(3,2562,0),(5,2564,0),(6,2565,0),(7,2566,0),(8,2567,0),(9,2568,1);

--
-- Table structure for table `student_main_expand1`
--

CREATE TABLE `student_main_expand1` (
  `id` int(11) NOT NULL AUTO_INCREMENT,
  `person_id` varchar(13) NOT NULL,
  `e_name` varchar(50) NOT NULL,
  `e_surname` varchar(50) NOT NULL,
  `birthday` date NOT NULL,
  `blood` varchar(2) NOT NULL,
  `race` varchar(30) NOT NULL,
  `nationlity` varchar(30) NOT NULL,
  `religion` varchar(30) NOT NULL,
  `rec_date` date NOT NULL,
  PRIMARY KEY (`id`),
  UNIQUE KEY `person_id` (`person_id`)
) ENGINE=MyISAM AUTO_INCREMENT=88 DEFAULT CHARSET=utf8 COLLATE=utf8_general_ci;

--
-- Dumping data for table `student_main_expand1`
--

INSERT INTO `student_main_expand1` VALUES (1,'1341501582726','Phanuwat','Wongchandaeng','2015-07-23','','','','','2021-10-06'),(2,'1341501597022','Pariyachat','Asaphanom','2016-07-09','','','','','2021-10-06'),(3,'1341501584664','Phatcharaphon','Phuthatnga','2015-09-08','','','','','2021-10-06'),(4,'1240600354969','Woraphat','Bunrueang','2015-07-13','','','','','2021-10-06'),(5,'1341501597251','Chitsanuphat','Baothong','2016-07-20','','','','','2021-10-06'),(6,'1349902136252','Kittidet','Phuthatnga','2016-10-14','','','','','2021-10-06'),(7,'1341501598061','Airada','Phimphan','2016-08-08','','','','','2021-10-06'),(8,'1349902136244','kittipong','Phuthatnga','2016-10-14','','','','','2021-10-06'),(9,'1349902048540','Chisanuphong','Baothong','2015-06-04','','','','','2021-10-06'),(10,'1347600116478','Pitisak','Sapsin','2016-01-08','','','','','2021-10-06'),(11,'1341501582637','Thitichot','Bunthon','2015-07-22','','','','','2021-10-06'),(12,'1341501582645','Thitinan','Bunthon','2015-07-22','','','','','2021-10-06'),(13,'1341501582424','Phimphiraphon','ChopSaart','2015-07-18','','','','','2021-10-06'),(14,'1347600113037','Warinrat','Chandeepoon','2015-10-06','','','','','2021-10-06'),(15,'1341501592039','Thitapa','Phoemkhuen','2016-02-24','','','','','2021-10-06'),(16,'1460200147808','Putinut','Arsapanom','2014-08-26','','','','','2021-10-06'),(17,'1341501579407','Songkran','Baoupet','2015-04-05','','','','','2021-10-06'),(18,'1349902009170','Titirat','Usaha','2014-10-04','','','','','2021-10-06'),(19,'1341501574405','sompong','thonglo','2014-11-08','','','','','2021-10-06'),(20,'1341501578371','Jittranuch','Kormanee','2015-03-08','','','','','2021-10-06'),(21,'1341501576360','Intra','pomthong','2015-01-05','','','','','2021-10-06'),(22,'1341501578974','Chutima','Mun Kham','2015-03-29','','','','','2021-10-06'),(23,'1339600297873','Nattapong','Chanakhun','2013-06-04','','','','','2021-10-06'),(24,'1341501565244','Piya','Shumporn','2014-03-13','','','','','2021-10-06'),(25,'1341501567387','Kongsiam','Naknual','2014-05-14','','','','','2021-10-06'),(26,'1190101081208','Kamin','Thampeeda','2013-09-27','','','','','2021-10-06'),(27,'1341501562300','Jedsada','Phonphop','2013-12-17','','','','','2021-10-06'),(28,'1347600089616','thanapong','pongkasram','2013-12-04','','','','','2021-10-06'),(29,'1341501564302','Preyaporn','Chantawet','2014-02-13','','','','','2021-10-06'),(30,'1839300060415','Raksina','Chantip','2013-10-02','','','','','2021-10-06'),(31,'1341501557781','Kesorn','Bunchula','2013-08-25','','','','','2021-10-06'),(32,'1341501563292','Supattra','Chaleawpong','2014-01-10','','','','','2021-10-06'),(33,'1341501566674','Julaluck','Khamwongsa','2014-04-25','','','','','2021-10-06'),(34,'1341501560773','Pitchakorn','Ynawteun','2013-11-05','','','','','2021-10-06'),(35,'1417400139660','Phapada','Tawornpong','2013-07-17','A','','','','2021-10-06'),(36,'1347600061916','Phattaradanai','Namkeaw','2011-11-23','','','','','2021-10-06'),(37,'1341501546398','Sittisak','Ingmun','2012-07-27','','','','','2021-10-06'),(38,'1341501553734','Sorrasak','Kultasom','2013-03-30','','','','','2021-10-06'),(39,'1349901846400','Sarun','Madee','2012-06-19','','','','','2021-10-06'),(40,'1341501552894','Alongkorn','Chaleawpong','2013-02-23','','','','','2021-10-06'),(41,'1341501550671','Tantep','Juntapan','2012-12-02','','','','','2021-10-06'),(42,'1349901855603','Somporn','Thonglor','2012-08-05','','','','','2021-10-06'),(43,'1349901885634','Montika','Witchumaythaluck','2012-12-17','','','','','2021-10-06'),(44,'1349901910191','Sudapat','Moreechat','2013-04-25','','','','','2021-10-06'),(45,'1349901910205','Sudanat','Moreechat','2013-04-25','','','','','2021-10-06'),(46,'1341501538808','Tanachai','Homchaeu','2011-11-07','','','','','2021-10-06'),(47,'1349901813056','Jirayut','Butvong','2012-01-01','','','','','2021-10-06'),(48,'1341501533211','Panuwat','Chantavej','2011-06-15','','','','','2021-10-06'),(49,'1341501543429','Natthanai','Arsapanom','2012-03-28','','','','','2021-10-06'),(50,'1104301345555','Tanaphat','Damnham','2011-08-10','','','','','2021-10-06'),(51,'1349901834169','nattanon','chanakoon','2012-04-20','','','','','2021-10-06'),(52,'1341501537127','Natthawut','Boapet','2011-09-28','','','','','2021-10-06'),(53,'1129600050543','Titipat','Seusa','2011-05-27','','','','','2021-10-06'),(54,'1100501742040','Thitigorn','Ard-sod','2011-12-26','','','','','2021-10-06'),(55,'1341501537542','Anuchid','Tosakun','2011-10-08','','','','','2021-10-06'),(56,'1349901833006','Rungroj','Bunchuy','2012-04-15','','','','','2021-10-06'),(57,'1341501534969','Pakitta','Pratan','2011-07-29','','','','','2021-10-06'),(58,'1379700045850','Nampung','Saiyao','2011-04-13','','','','','2021-10-06'),(59,'1341501543461','Putsadee','Khamvongsa','2012-04-09','','','','','2021-10-06'),(60,'1341501535116','Aupaporn','Shopsaart','2011-08-04','','','','','2021-10-06'),(61,'1349901766171','kunyawee','Nisomma','2011-05-18','','','','','2021-10-06'),(62,'1341501520542','Sornnarin','Chaijak','2010-05-28','','','','','2021-10-06'),(63,'1341501528233','Tayaporn','Yoksang','2011-01-05','','','','','2021-10-06'),(64,'1341501520445','Puttipong','Thongkham','2010-05-27','','','','','2021-10-06'),(65,'1341501528837','Panurat','Tomgsuk','2011-01-25','','','','','2021-10-06'),(66,'1341501531277','Chongpol','Rungsang','2011-04-24','','','','','2021-10-06'),(67,'1341501522081','Ahichat','Osatha','2010-07-30','A','','','','2021-10-06'),(68,'1399900408611','Phutthiphong','Manaphon','2010-10-20','','','','','2021-10-06'),(69,'1341501522006','Nutchanon','pongkasarm','2010-07-23','','','','','2021-10-06'),(70,'1341501524378','Petsai','Songdee','2010-09-28','','','','','2021-10-06'),(71,'1342200155609','Jiraporn','Kaewkeaw','2010-12-07','','','','','2021-10-06'),(72,'1349901710923','Suvimon','Vanna','2010-07-19','','','','','2021-10-06'),(73,'1347600050175','Titiporn','Kraukham','2010-12-08','','','','','2021-10-06'),(74,'1341501531218','Punyaporn','Hongmanee','2011-04-14','','','','','2021-10-06'),(75,'1341501523886','Sirapatsorn','Putkaw','2010-09-18','','','','','2021-10-06'),(76,'1341501527474','Kwankaw','Saimai','2010-12-19','','','','','2021-10-06'),(77,'1349901744852','Thanyaluk','Tarabut','2011-01-15','','','','','2021-10-06'),(78,'1240600303167','Vipada','Bunraung','2010-09-04','','','','','2021-10-06'),(79,'1104200774116','Suttida','Piwkway','2011-01-16','','','','','2021-10-06'),(80,'1341501516928','Tanes','Pimbut','2010-01-22','','','','','2021-10-06'),(81,'1341501516588','Nuttawat','chanalee','2010-01-14','','','','','2021-10-06'),(82,'1309903702235','Wanwasa','Sonnok','2009-08-08','','','','','2021-10-06'),(83,'1341501511799','Pornchanok','Panpop','2009-07-06','','','','','2021-10-06'),(84,'1348500116574','Namticha','Wankam','2009-11-24','','','','','2021-10-06'),(85,'1347600028099','Rathasart','Seanchom','2008-10-10','','','','','2021-10-06'),(86,'1102900223510','Titipong','Seusa','2010-04-22','','','','','2021-10-06'),(87,'1341501498083','Pimtita','Chuntapan','2007-12-06','','','','','2021-10-06');

--
-- Table structure for table `student_main_permission`
--

CREATE TABLE `student_main_permission` (
  `id` int(11) NOT NULL AUTO_INCREMENT,
  `person_id` varchar(13) NOT NULL,
  `p1` tinyint(4) NOT NULL,
  `officer` varchar(13) NOT NULL,
  `rec_date` date NOT NULL,
  PRIMARY KEY (`id`)
) ENGINE=MyISAM AUTO_INCREMENT=8 DEFAULT CHARSET=utf8 COLLATE=utf8_general_ci;

--
-- Dumping data for table `student_main_permission`
--

INSERT INTO `student_main_permission` VALUES (7,'4101000003282',1,'3341501588844','2023-11-09'),(5,'3330101183722',1,'3349900516640','2014-07-06'),(6,'1349900178616',1,'3349800290429','2021-06-17');

--
-- Table structure for table `system_ed_year`
--

CREATE TABLE `system_ed_year` (
  `id` int(11) NOT NULL AUTO_INCREMENT,
  `ed_year` int(11) NOT NULL,
  `active_ed_year` tinyint(4) NOT NULL,
  PRIMARY KEY (`id`),
  UNIQUE KEY `ed_year` (`ed_year`)
) ENGINE=MyISAM DEFAULT CHARSET=utf8 COLLATE=utf8_general_ci;

--
-- Dumping data for table `system_ed_year`
--


--
-- Table structure for table `system_export_list`
--

CREATE TABLE `system_export_list` (
  `id` int(11) NOT NULL AUTO_INCREMENT,
  `data_name` varchar(50) NOT NULL,
  `thai_dataname` varchar(100) NOT NULL,
  PRIMARY KEY (`id`),
  UNIQUE KEY `data_name` (`data_name`)
) ENGINE=MyISAM AUTO_INCREMENT=7 DEFAULT CHARSET=utf8 COLLATE=utf8_general_ci;

--
-- Dumping data for table `system_export_list`
--

INSERT INTO `system_export_list` VALUES (1,'person','ข้อมูลครูและบุคลากร'),(2,'student','ข้อมูลพื้นฐานนักเรียน'),(3,'onet','ผลสอบ O-NET'),(4,'plan','แผนปฏิบัติการประจำปี'),(5,'student_check','การมาเรียน'),(6,'health','สุขภาพผู้เรียน');

--
-- Table structure for table `system_export_log`
--

CREATE TABLE `system_export_log` (
  `id` int(11) NOT NULL AUTO_INCREMENT,
  `computer_ip` varchar(25) NOT NULL,
  `requester` varchar(50) NOT NULL,
  `login_time` datetime NOT NULL,
  `data` varchar(20) NOT NULL,
  PRIMARY KEY (`id`)
) ENGINE=MyISAM AUTO_INCREMENT=74 DEFAULT CHARSET=utf8 COLLATE=utf8_general_ci;

--
-- Dumping data for table `system_export_log`
--

INSERT INTO `system_export_log` VALUES (1,'61.19.124.234','amssplus','2018-09-12 15:55:23','person'),(2,'61.19.124.234','amssplus','2018-09-12 16:03:26','person'),(3,'61.19.124.234','amssplus','2018-09-14 12:31:10','person'),(4,'61.19.124.234','amssplus','2018-09-14 13:09:57','person'),(5,'61.19.124.234','amssplus','2018-09-28 16:37:26','person'),(6,'61.19.124.234','amssplus','2019-10-08 08:34:58','student_check'),(7,'122.155.223.9','amssplus','2020-01-14 09:38:57','student_check'),(8,'122.155.223.9','amssplus','2020-01-14 09:38:59','student_check'),(9,'122.155.223.9','amssplus','2020-01-14 09:39:05','student_check'),(10,'122.155.223.9','amssplus','2020-01-14 09:39:14','student_check'),(11,'122.155.223.9','amssplus','2020-01-14 09:39:15','student_check'),(12,'122.155.223.9','amssplus','2020-01-14 09:39:20','student_check'),(13,'122.155.223.9','amssplus','2020-01-14 09:39:27','student_check'),(14,'122.155.223.9','amssplus','2020-01-14 09:39:36','student_check'),(15,'122.155.223.9','amssplus','2020-01-14 09:39:50','student_check'),(16,'122.155.223.9','amssplus','2020-01-14 09:40:24','student_check'),(17,'122.155.223.9','amssplus','2020-01-14 09:40:25','student_check'),(18,'122.155.223.9','amssplus','2020-01-14 09:40:45','student_check'),(19,'122.155.223.9','amssplus','2020-02-20 12:50:08','student'),(20,'122.155.223.9','amssplus','2020-02-21 06:58:59','student'),(21,'122.155.223.9','amssplus','2020-03-30 11:04:31','student_check'),(22,'10.1.1.3','amssplus','2021-10-06 10:31:14','student'),(23,'10.1.1.3','amssplus','2022-04-07 15:53:15','student'),(24,'10.1.1.3','amssplus','2022-09-06 16:13:21','student'),(25,'10.1.1.3','amssplus','2022-09-07 14:38:52','student'),(26,'10.1.1.3','amssplus','2022-09-15 11:11:51','student'),(27,'10.1.1.3','amssplus','2023-01-22 00:21:59','student'),(28,'10.1.1.3','amssplus','2023-04-05 09:48:11','student_check'),(29,'10.1.1.3','amssplus','2023-04-05 22:38:05','student_check'),(30,'10.1.1.3','amssplus','2023-04-06 10:24:15','student_check'),(31,'10.1.1.3','amssplus','2023-04-06 10:25:06','student_check'),(32,'10.1.1.3','amssplus','2023-04-06 10:47:27','student_check'),(33,'10.1.1.3','amssplus','2023-04-06 13:13:41','student_check'),(34,'10.1.1.3','amssplus','2023-06-15 10:20:14','student_check'),(35,'10.1.1.3','amssplus','2023-06-15 10:56:46','student'),(36,'10.1.1.3','amssplus','2023-06-16 15:16:49','student'),(37,'10.1.1.3','amssplus','2023-07-04 11:26:04','student'),(38,'10.1.1.3','amssplus','2023-08-24 09:05:23','student_check'),(39,'10.1.1.3','amssplus','2023-08-31 09:02:41','student_check'),(40,'10.1.1.3','amssplus','2023-08-31 09:03:18','student_check'),(41,'10.1.1.3','amssplus','2023-08-31 09:03:38','student_check'),(42,'10.1.1.3','amssplus','2023-09-15 20:09:15','student'),(43,'10.1.1.3','amssplus','2023-10-19 17:12:55','student'),(44,'10.1.1.3','amssplus','2023-10-19 20:17:53','student'),(45,'10.1.1.3','amssplus','2023-10-19 20:40:40','student'),(46,'','amssplus','2023-10-25 14:28:35','student_check'),(47,'','amssplus','2023-10-25 14:28:45','student_check'),(48,'','amssplus','2023-10-25 14:28:47','student_check'),(49,'10.255.199.107','amssplus','2023-11-29 08:55:47','student_check'),(50,'10.255.199.107','amssplus','2023-12-15 12:15:49','student_check'),(51,'10.255.199.107','amssplus','2024-01-25 03:50:22','student_check'),(52,'10.255.199.107','amssplus','2024-06-10 11:58:40','student'),(53,'10.255.199.107','amssplus','2024-06-10 12:32:18','student'),(54,'10.255.199.107','amssplus','2024-06-14 10:45:59','student'),(55,'10.255.199.107','amssplus','2024-06-14 10:52:04','student'),(56,'10.255.199.107','amssplus','2024-06-17 04:37:31','person'),(57,'10.255.199.107','amssplus','2024-06-17 04:39:47','person'),(58,'10.255.199.107','amssplus','2024-06-20 04:51:34','student_check'),(59,'10.255.199.107','amssplus','2025-03-11 07:57:42','student_check'),(60,'10.255.199.107','amssplus','2025-03-11 07:58:04','student_check'),(61,'10.255.199.107','amssplus','2025-03-28 01:48:37','student_check'),(62,'10.255.199.107','amssplus','2025-05-29 08:08:41','person'),(63,'10.255.199.107','amssplus','2025-06-08 04:24:51','student'),(64,'10.255.199.107','amssplus','2025-07-30 08:33:26','student_check'),(65,'10.255.199.107','amssplus','2025-08-01 22:22:45','student_check'),(66,'10.255.199.107','amssplus','2025-08-01 22:22:49','student_check'),(67,'10.255.199.107','amssplus','2025-08-14 03:24:44','person'),(68,'10.255.199.107','amssplus','2025-08-14 06:29:22','student'),(69,'10.255.199.107','amssplus','2025-08-14 06:29:33','student'),(70,'10.255.199.107','amssplus','2025-08-14 06:30:04','student'),(71,'10.255.199.107','amssplus','2025-08-29 02:40:16','student_check'),(72,'10.255.199.107','amssplus','2025-09-13 05:43:36','student_check'),(73,'10.255.199.107','amssplus','2025-09-13 05:54:44','student_check');

--
-- Table structure for table `system_export_permission`
--

CREATE TABLE `system_export_permission` (
  `id` int(11) NOT NULL AUTO_INCREMENT,
  `requester` varchar(50) NOT NULL,
  `data_name` varchar(50) NOT NULL,
  `status` tinyint(4) NOT NULL DEFAULT 0,
  PRIMARY KEY (`id`)
) ENGINE=MyISAM AUTO_INCREMENT=7 DEFAULT CHARSET=utf8 COLLATE=utf8_general_ci;

--
-- Dumping data for table `system_export_permission`
--

INSERT INTO `system_export_permission` VALUES (1,'amssplus','plan',1),(2,'amssplus','onet',1),(3,'amssplus','student',1),(4,'amssplus','person',1),(5,'amssplus','student_check',1),(6,'amssplus','health',1);

--
-- Table structure for table `system_module`
--

CREATE TABLE `system_module` (
  `id` int(11) NOT NULL AUTO_INCREMENT,
  `module` varchar(50) NOT NULL,
  `module_desc` varchar(100) NOT NULL,
  `workgroup` tinyint(4) DEFAULT NULL,
  `module_active` tinyint(4) DEFAULT NULL,
  `module_order` int(11) NOT NULL,
  `web_link` tinyint(4) DEFAULT NULL,
  `url` varchar(150) DEFAULT NULL,
  `where_work` tinyint(4) NOT NULL DEFAULT 0,
  `menu_pic` varchar(25) NOT NULL,
  PRIMARY KEY (`id`),
  UNIQUE KEY `module` (`module`)
) ENGINE=MyISAM AUTO_INCREMENT=31 DEFAULT CHARSET=utf8 COLLATE=utf8_general_ci;

--
-- Dumping data for table `system_module`
--

INSERT INTO `system_module` VALUES (1,'budget','การเงินและบัญชี',2,1,23,NULL,NULL,0,'fab fa-btc'),(2,'person','ข้อมูลพื้นฐานครูและบุคลากร',3,1,27,NULL,NULL,0,'fa fa-user-circle'),(3,'standard','มาตรฐานการศึกษา',1,1,19,NULL,NULL,0,''),(4,'health','ตรวจสุขภาพนักเรียน',1,1,7,NULL,NULL,0,''),(5,'student_check','การมาเรียน',1,1,1,NULL,NULL,0,'fa fa-child'),(6,'work','﻿การปฏิบัติราชการ',4,1,45,NULL,NULL,0,''),(7,'news','﻿รายงานข่าว',4,1,51,0,'',0,''),(8,'savings','ออมทรัพย์นักเรียน',1,1,3,NULL,NULL,0,'fab fa-btc'),(9,'student_main','ข้อมูลพื้นฐานนักเรียน',1,1,5,NULL,NULL,0,'fa fa-child'),(10,'plan','การวางแผน',2,1,21,NULL,NULL,0,''),(11,'la','﻿การลา',4,1,43,NULL,NULL,0,''),(12,'mail','ไปรษณีย์_โรงเรียน',4,1,37,NULL,NULL,0,'fa fa-envelope'),(13,'meeting','﻿จองห้องประชุม',4,1,47,NULL,NULL,0,''),(14,'permission','﻿ขออนุญาตไปราชการ',4,1,41,NULL,NULL,0,''),(15,'achievement','﻿ผลสัมฤทธิ์ทางการเรียน',1,1,11,NULL,NULL,0,'fa fa-graduation-cap'),(16,'cabinet','﻿ตู้เอกสาร',4,1,49,NULL,NULL,0,''),(17,'bookregister','﻿ทะเบียนหนังสือราชการ',4,1,32,NULL,NULL,0,'fa fa-book'),(18,'amss_spacial_student','﻿นักเรียนพิเศษ',1,1,9,0,'',0,'fa fa-child'),(19,'amss_bets','﻿ทดสอบการศึกษา_สพท.',1,1,13,0,'',0,'fa fa-graduation-cap'),(20,'amss_supervision','﻿นิเทศ ติดตาม ประเมินผล',1,1,15,0,'',0,'fa fa-graduation-cap'),(21,'amss_opportunity','﻿สิทธิและโอกาสทางการศึกษา',1,1,17,0,'',0,'fa fa-child'),(22,'amss_budget','﻿การบริหารงบประมาณ_สพท.',2,1,25,0,'',0,'fab fa-btc'),(23,'affair','﻿ภารกิจผู้อำนวยการ',3,1,29,0,'',0,''),(24,'delegate','﻿รักษาการในตำแหน่ง',3,1,31,0,'',0,''),(25,'book','﻿รับส่งหนังสือราชการ',4,1,33,0,'',0,'fa fa-book'),(26,'amss_mail','﻿ไปรษณีย์_สพท.',4,1,39,0,'',0,'fa fa-envelope'),(27,'warroom','﻿วิเคราะห์สภาพการณ์',1,1,0,0,'',0,'fa fa-filter'),(28,'questionnaire','﻿แบบสอบถาม',4,1,0,0,'',0,''),(29,'idplan','﻿ข้อมูลครูและบุคลากร(ส่วนเพิ่ม)',3,1,0,0,'',0,''),(30,'amss_safety','สถานศึกษาปลอดภัย',1,1,0,0,'',0,'');

--
-- Table structure for table `system_module_admin`
--

CREATE TABLE `system_module_admin` (
  `id` int(11) NOT NULL AUTO_INCREMENT,
  `person_id` varchar(13) NOT NULL,
  `module` varchar(30) NOT NULL,
  `officer` varchar(13) NOT NULL,
  `rec_date` date NOT NULL,
  PRIMARY KEY (`id`)
) ENGINE=MyISAM AUTO_INCREMENT=26 DEFAULT CHARSET=utf8 COLLATE=utf8_general_ci;

--
-- Dumping data for table `system_module_admin`
--

INSERT INTO `system_module_admin` VALUES (4,'1349900178616','achievement','7777','2018-11-02'),(5,'1349900178616','bookregister','7777','2018-11-02'),(24,'1349900178616','book','7777','2019-05-28'),(6,'1349900178616','budget','7777','2018-10-22'),(7,'3349800290429','cabinet','7777','2018-11-02'),(8,'1349900178616','health','7777','2018-11-02'),(9,'1349900178616','la','7777','2018-11-02'),(10,'1349900178616','mail','7777','2018-11-02'),(11,'1349900178616','meeting','7777','2018-11-02'),(12,'1349900178616','permission','7777','2018-11-02'),(13,'1349900178616','person','7777','2018-11-02'),(14,'1349900178616','plan','7777','2018-11-02'),(15,'1349900178616','savings','7777','2018-11-02'),(16,'3340900253748','standard','7777','2018-11-02'),(20,'1349900178616','work','7777','2018-11-02'),(18,'1349900178616','student_check','7777','2018-11-02'),(19,'1349900178616','student_main','7777','2018-11-02'),(21,'1349900178616','cabinet','7777','2018-11-02'),(22,'3340500858171','budget','7777','2018-10-22'),(23,'3340900253748','plan','7777','2015-08-09'),(25,'1341500267061','student_main','7777','2023-10-19');

--
-- Table structure for table `system_school_name`
--

CREATE TABLE `system_school_name` (
  `id` tinyint(4) NOT NULL,
  `school_name` varchar(200) NOT NULL,
  `school_type` tinyint(4) NOT NULL DEFAULT 0,
  PRIMARY KEY (`id`)
) ENGINE=MyISAM DEFAULT CHARSET=utf8 COLLATE=utf8_general_ci;

--
-- Dumping data for table `system_school_name`
--

INSERT INTO `system_school_name` VALUES (1,'โรงเรียนบ้านยางวังกางฮุง',0);

--
-- Table structure for table `system_sync_code`
--

CREATE TABLE `system_sync_code` (
  `id` tinyint(4) NOT NULL AUTO_INCREMENT,
  `office_code` varchar(10) NOT NULL,
  `system_name` varchar(50) NOT NULL,
  `sync_code` varchar(50) NOT NULL,
  `amssplus_url` varchar(100) NOT NULL,
  PRIMARY KEY (`id`),
  UNIQUE KEY `system_name` (`system_name`)
) ENGINE=MyISAM AUTO_INCREMENT=4 DEFAULT CHARSET=utf8 COLLATE=utf8_general_ci;

--
-- Dumping data for table `system_sync_code`
--

INSERT INTO `system_sync_code` VALUES (3,'34040032','amssplus','34040032','http://10.255.199.107/amssplus');

--
-- Table structure for table `system_version`
--

CREATE TABLE `system_version` (
  `id` int(11) NOT NULL AUTO_INCREMENT,
  `smss_version` varchar(100) NOT NULL,
  `status1` int(11) DEFAULT NULL,
  `status2` int(11) DEFAULT NULL,
  `status3` int(11) DEFAULT NULL,
  `status4` int(11) DEFAULT NULL,
  `status5` int(11) DEFAULT NULL,
  PRIMARY KEY (`id`)
) ENGINE=MyISAM AUTO_INCREMENT=2 DEFAULT CHARSET=utf8 COLLATE=utf8_general_ci;

--
-- Dumping data for table `system_version`
--

INSERT INTO `system_version` VALUES (1,'6.4',1,0,0,0,0);

--
-- Table structure for table `system_workgroup`
--

CREATE TABLE `system_workgroup` (
  `id` tinyint(4) NOT NULL AUTO_INCREMENT,
  `workgroup` tinyint(4) NOT NULL,
  `workgroup_desc` varchar(50) NOT NULL,
  `workgroup_order` int(11) NOT NULL,
  PRIMARY KEY (`id`),
  UNIQUE KEY `workgroup` (`workgroup`)
) ENGINE=MyISAM AUTO_INCREMENT=5 DEFAULT CHARSET=utf8 COLLATE=utf8_general_ci;

--
-- Dumping data for table `system_workgroup`
--

INSERT INTO `system_workgroup` VALUES (1,1,'บริหารวิชาการ',4),(2,2,'บริหารงบประมาณ',6),(3,3,'บริหารงานบุคคล',8),(4,4,'บริหารทั่วไป',10);

--
-- Table structure for table `work_main`
--

CREATE TABLE `work_main` (
  `id` int(11) NOT NULL AUTO_INCREMENT,
  `work_date` date NOT NULL,
  `person_id` varchar(13) NOT NULL,
  `work` tinyint(4) NOT NULL DEFAULT 0,
  `comment` varchar(150) DEFAULT NULL,
  `rec_date` datetime NOT NULL,
  `officer` varchar(13) NOT NULL,
  PRIMARY KEY (`id`),
  KEY `work_date` (`work_date`),
  KEY `person_id` (`person_id`)
) ENGINE=MyISAM AUTO_INCREMENT=31 DEFAULT CHARSET=utf8 COLLATE=utf8_general_ci;

--
-- Dumping data for table `work_main`
--

INSERT INTO `work_main` VALUES (1,'2022-10-03','3349800290429',1,NULL,'2023-03-16 11:23:06','3349800290429'),(2,'2022-10-03','3170100166184',1,NULL,'2023-03-16 11:23:06','3349800290429'),(3,'2022-10-03','3349900161655',1,NULL,'2023-03-16 11:23:06','3349800290429'),(4,'2022-10-03','3330101183722',1,NULL,'2023-03-16 11:23:06','3349800290429'),(5,'2022-10-03','3341500884741',1,NULL,'2023-03-16 11:23:06','3349800290429'),(6,'2022-10-03','3340500858171',1,NULL,'2023-03-16 11:23:06','3349800290429'),(7,'2022-10-03','4101000003282',1,NULL,'2023-03-16 11:23:06','3349800290429'),(8,'2022-10-03','1349900631183',1,NULL,'2023-03-16 11:23:06','3349800290429'),(9,'2022-10-03','1341500267061',1,NULL,'2023-03-16 11:23:06','3349800290429'),(10,'2022-10-03','1349900178616',1,NULL,'2023-03-16 11:23:06','3349800290429'),(11,'2022-10-04','3349800290429',1,NULL,'2023-03-16 11:23:19','3349800290429'),(12,'2022-10-04','3170100166184',1,NULL,'2023-03-16 11:23:19','3349800290429'),(13,'2022-10-04','3349900161655',1,NULL,'2023-03-16 11:23:19','3349800290429'),(14,'2022-10-04','3330101183722',1,NULL,'2023-03-16 11:23:19','3349800290429'),(15,'2022-10-04','3341500884741',1,NULL,'2023-03-16 11:23:19','3349800290429'),(16,'2022-10-04','3340500858171',1,NULL,'2023-03-16 11:23:19','3349800290429'),(17,'2022-10-04','4101000003282',1,NULL,'2023-03-16 11:23:19','3349800290429'),(18,'2022-10-04','1349900631183',1,NULL,'2023-03-16 11:23:19','3349800290429'),(19,'2022-10-04','1341500267061',1,NULL,'2023-03-16 11:23:19','3349800290429'),(20,'2022-10-04','1349900178616',1,NULL,'2023-03-16 11:23:19','3349800290429'),(21,'2023-12-07','3341501588844',1,NULL,'2023-12-07 14:21:46','1349900178616'),(22,'2023-12-07','3349900161655',1,NULL,'2023-12-07 14:21:46','1349900178616'),(23,'2023-12-07','3330101183722',1,NULL,'2023-12-07 14:21:46','1349900178616'),(24,'2023-12-07','3341500884741',1,NULL,'2023-12-07 14:21:46','1349900178616'),(25,'2023-12-07','3340500858171',1,NULL,'2023-12-07 14:21:46','1349900178616'),(26,'2023-12-07','4101000003282',1,NULL,'2023-12-07 14:21:46','1349900178616'),(27,'2023-12-07','1349900631183',1,NULL,'2023-12-07 14:21:46','1349900178616'),(28,'2023-12-07','3349900275031',1,NULL,'2023-12-07 14:21:46','1349900178616'),(29,'2023-12-07','1341500267061',1,NULL,'2023-12-07 14:21:46','1349900178616'),(30,'2023-12-07','1349900178616',1,NULL,'2023-12-07 14:21:46','1349900178616');

--
-- Table structure for table `work_permission`
--

CREATE TABLE `work_permission` (
  `id` int(11) NOT NULL AUTO_INCREMENT,
  `person_id` varchar(13) NOT NULL,
  `p1` tinyint(4) NOT NULL,
  `officer` varchar(13) NOT NULL,
  `rec_date` date NOT NULL,
  PRIMARY KEY (`id`)
) ENGINE=MyISAM AUTO_INCREMENT=5 DEFAULT CHARSET=utf8 COLLATE=utf8_general_ci;

--
-- Dumping data for table `work_permission`
--

INSERT INTO `work_permission` VALUES (1,'3170100166184',1,'3349900516640','2014-07-22'),(2,'3349900516640',1,'3349900516640','2014-07-22'),(3,'1340700002621',1,'3349900516640','2014-07-22'),(4,'1349900178616',1,'3349800290429','2023-03-16');


