INSERT INTO `student_check_main` VALUES ('2025-09-30',1826,6,0,2568,'C','3341500087621','2025-10-01 10:10:51'),('2025-09-30',1827,6,0,2568,'C','3341500087621','2025-10-01 10:10:51'),('2025-09-30',1828,6,0,2568,'C','3341500087621','2025-10-01 10:10:51'),('2025-09-30',1829,6,0,2568,'C','3341500087621','2025-10-01 10:10:51'),('2025-09-30',1835,6,0,2568,'C','3341500087621','2025-10-01 10:10:51'),('2025-09-30',1873,6,0,2568,'C','3341500087621','2025-10-01 10:10:51'),('2025-09-29',1820,6,0,2568,'C','3341500087621','2025-10-01 10:10:59'),('2025-09-29',1821,6,0,2568,'C','3341500087621','2025-10-01 10:10:59'),('2025-09-29',1822,6,0,2568,'C','3341500087621','2025-10-01 10:10:59'),('2025-09-29',1824,6,0,2568,'C','3341500087621','2025-10-01 10:10:59'),('2025-09-29',1825,6,0,2568,'C','3341500087621','2025-10-01 10:10:59'),('2025-09-29',1826,6,0,2568,'C','3341500087621','2025-10-01 10:10:59'),('2025-09-29',1827,6,0,2568,'C','3341500087621','2025-10-01 10:10:59'),('2025-09-29',1828,6,0,2568,'C','3341500087621','2025-10-01 10:10:59'),('2025-09-29',1829,6,0,2568,'C','3341500087621','2025-10-01 10:10:59'),('2025-09-29',1835,6,0,2568,'C','3341500087621','2025-10-01 10:10:59'),('2025-09-29',1873,6,0,2568,'C','3341500087621','2025-10-01 10:10:59'),('2025-10-01',1772,9,0,2568,'S','5330100104353','2025-10-01 09:10:22'),('2025-10-01',1773,9,0,2568,'C','5330100104353','2025-10-01 09:10:22'),('2025-10-01',1774,9,0,2568,'C','5330100104353','2025-10-01 09:10:22'),('2025-10-01',1775,9,0,2568,'C','5330100104353','2025-10-01 09:10:22'),('2025-10-01',1776,9,0,2568,'C','5330100104353','2025-10-01 09:10:22'),('2025-10-01',1778,9,0,2568,'C','5330100104353','2025-10-01 09:10:22'),('2025-10-01',1780,9,0,2568,'C','5330100104353','2025-10-01 09:10:22'),('2025-10-01',1782,9,0,2568,'C','5330100104353','2025-10-01 09:10:22'),('2025-10-01',1783,9,0,2568,'C','5330100104353','2025-10-01 09:10:22'),('2025-10-01',1784,9,0,2568,'C','5330100104353','2025-10-01 09:10:22'),('2025-10-01',1785,9,0,2568,'C','5330100104353','2025-10-01 09:10:22'),('2025-10-01',1804,9,0,2568,'C','5330100104353','2025-10-01 09:10:22'),('2025-10-01',1847,9,0,2568,'L','5330100104353','2025-10-01 09:10:22'),('2025-10-01',1797,9,0,2568,'C','5330100104353','2025-10-01 09:10:22'),('2025-09-30',1772,9,0,2568,'C','5330100104353','2025-10-01 09:10:57'),('2025-09-30',1773,9,0,2568,'C','5330100104353','2025-10-01 09:10:57'),('2025-09-30',1774,9,0,2568,'C','5330100104353','2025-10-01 09:10:57'),('2025-09-30',1775,9,0,2568,'L','5330100104353','2025-10-01 09:10:57'),('2025-09-30',1776,9,0,2568,'C','5330100104353','2025-10-01 09:10:57'),('2025-09-30',1778,9,0,2568,'C','5330100104353','2025-10-01 09:10:57'),('2025-09-30',1780,9,0,2568,'C','5330100104353','2025-10-01 09:10:57'),('2025-09-30',1782,9,0,2568,'C','5330100104353','2025-10-01 09:10:57'),('2025-09-30',1783,9,0,2568,'C','5330100104353','2025-10-01 09:10:57'),('2025-09-30',1784,9,0,2568,'C','5330100104353','2025-10-01 09:10:57'),('2025-09-30',1785,9,0,2568,'C','5330100104353','2025-10-01 09:10:57'),('2025-09-30',1804,9,0,2568,'C','5330100104353','2025-10-01 09:10:57'),('2025-09-30',1847,9,0,2568,'C','5330100104353','2025-10-01 09:10:57'),('2025-09-30',1797,9,0,2568,'C','5330100104353','2025-10-01 09:10:57'),('2025-09-29',1772,9,0,2568,'C','5330100104353','2025-10-01 09:10:08'),('2025-09-29',1773,9,0,2568,'C','5330100104353','2025-10-01 09:10:08'),('2025-09-29',1774,9,0,2568,'C','5330100104353','2025-10-01 09:10:08'),('2025-09-29',1775,9,0,2568,'L','5330100104353','2025-10-01 09:10:08'),('2025-09-29',1776,9,0,2568,'C','5330100104353','2025-10-01 09:10:08'),('2025-09-29',1778,9,0,2568,'C','5330100104353','2025-10-01 09:10:08'),('2025-09-29',1780,9,0,2568,'C','5330100104353','2025-10-01 09:10:08'),('2025-09-29',1782,9,0,2568,'C','5330100104353','2025-10-01 09:10:08'),('2025-09-29',1783,9,0,2568,'C','5330100104353','2025-10-01 09:10:08'),('2025-09-29',1784,9,0,2568,'C','5330100104353','2025-10-01 09:10:08'),('2025-09-29',1785,9,0,2568,'C','5330100104353','2025-10-01 09:10:08'),('2025-09-29',1804,9,0,2568,'C','5330100104353','2025-10-01 09:10:08'),('2025-09-29',1847,9,0,2568,'C','5330100104353','2025-10-01 09:10:08'),('2025-09-29',1797,9,0,2568,'C','5330100104353','2025-10-01 09:10:08'),('2025-10-03',1769,7,0,2568,'L','3349800011287','2025-10-03 09:10:30'),('2025-10-03',1810,7,0,2568,'C','3349800011287','2025-10-03 09:10:30'),('2025-10-03',1811,7,0,2568,'C','3349800011287','2025-10-03 09:10:30'),('2025-10-03',1812,7,0,2568,'C','3349800011287','2025-10-03 09:10:30'),('2025-10-03',1814,7,0,2568,'C','3349800011287','2025-10-03 09:10:30'),('2025-10-03',1816,7,0,2568,'L','3349800011287','2025-10-03 09:10:30'),('2025-10-03',1809,7,0,2568,'C','3349800011287','2025-10-03 09:10:30'),('2025-10-03',1817,7,0,2568,'C','3349800011287','2025-10-03 09:10:30'),('2025-10-03',1863,7,0,2568,'C','3349800011287','2025-10-03 09:10:30'),('2025-10-03',1865,7,0,2568,'C','3349800011287','2025-10-03 09:10:30'),('2025-10-03',1820,6,0,2568,'C','3341500087621','2025-10-03 10:10:21'),('2025-10-03',1821,6,0,2568,'C','3341500087621','2025-10-03 10:10:21'),('2025-10-03',1822,6,0,2568,'C','3341500087621','2025-10-03 10:10:21'),('2025-10-03',1824,6,0,2568,'C','3341500087621','2025-10-03 10:10:21'),('2025-10-03',1825,6,0,2568,'C','3341500087621','2025-10-03 10:10:21'),('2025-10-03',1826,6,0,2568,'C','3341500087621','2025-10-03 10:10:21'),('2025-10-03',1827,6,0,2568,'C','3341500087621','2025-10-03 10:10:21'),('2025-10-03',1828,6,0,2568,'C','3341500087621','2025-10-03 10:10:21'),('2025-10-03',1829,6,0,2568,'C','3341500087621','2025-10-03 10:10:21'),('2025-10-03',1835,6,0,2568,'C','3341500087621','2025-10-03 10:10:21'),('2025-10-03',1873,6,0,2568,'C','3341500087621','2025-10-03 10:10:21'),('2025-10-02',1820,6,0,2568,'C','3341500087621','2025-10-03 10:10:34'),('2025-10-02',1821,6,0,2568,'C','3341500087621','2025-10-03 10:10:34'),('2025-10-02',1822,6,0,2568,'C','3341500087621','2025-10-03 10:10:34'),('2025-10-02',1824,6,0,2568,'C','3341500087621','2025-10-03 10:10:34'),('2025-10-02',1825,6,0,2568,'C','3341500087621','2025-10-03 10:10:34'),('2025-10-02',1826,6,0,2568,'C','3341500087621','2025-10-03 10:10:34'),('2025-10-02',1827,6,0,2568,'C','3341500087621','2025-10-03 10:10:34'),('2025-10-02',1828,6,0,2568,'C','3341500087621','2025-10-03 10:10:34'),('2025-10-02',1829,6,0,2568,'C','3341500087621','2025-10-03 10:10:34'),('2025-10-02',1835,6,0,2568,'C','3341500087621','2025-10-03 10:10:34'),('2025-10-02',1873,6,0,2568,'C','3341500087621','2025-10-03 10:10:34'),('2025-10-03',1772,9,0,2568,'C','5330100104353','2025-10-07 12:10:58'),('2025-10-03',1773,9,0,2568,'C','5330100104353','2025-10-07 12:10:58'),('2025-10-03',1774,9,0,2568,'C','5330100104353','2025-10-07 12:10:58'),('2025-10-03',1775,9,0,2568,'L','5330100104353','2025-10-07 12:10:58'),('2025-10-03',1776,9,0,2568,'C','5330100104353','2025-10-07 12:10:58'),('2025-10-03',1778,9,0,2568,'C','5330100104353','2025-10-07 12:10:58'),('2025-10-03',1780,9,0,2568,'C','5330100104353','2025-10-07 12:10:58'),('2025-10-03',1782,9,0,2568,'C','5330100104353','2025-10-07 12:10:58'),('2025-10-03',1783,9,0,2568,'C','5330100104353','2025-10-07 12:10:58'),('2025-10-03',1784,9,0,2568,'C','5330100104353','2025-10-07 12:10:58'),('2025-10-03',1785,9,0,2568,'C','5330100104353','2025-10-07 12:10:58'),('2025-10-03',1804,9,0,2568,'C','5330100104353','2025-10-07 12:10:58'),('2025-10-03',1847,9,0,2568,'C','5330100104353','2025-10-07 12:10:58'),('2025-10-03',1797,9,0,2568,'C','5330100104353','2025-10-07 12:10:58'),('2025-10-06',1849,4,0,2568,'C','3349900592524','2025-10-06 09:10:53'),('2025-10-06',1850,4,0,2568,'C','3349900592524','2025-10-06 09:10:53'),('2025-10-06',1851,4,0,2568,'C','3349900592524','2025-10-06 09:10:53'),('2025-10-06',1852,4,0,2568,'C','3349900592524','2025-10-06 09:10:53'),('2025-10-06',1853,4,0,2568,'C','3349900592524','2025-10-06 09:10:53'),('2025-10-06',1854,4,0,2568,'C','3349900592524','2025-10-06 09:10:53'),('2025-10-06',1855,4,0,2568,'C','3349900592524','2025-10-06 09:10:53'),('2025-10-06',1861,4,0,2568,'C','3349900592524','2025-10-06 09:10:53'),('2025-10-06',1872,4,0,2568,'C','3349900592524','2025-10-06 09:10:53'),('2025-10-03',1849,4,0,2568,'C','3349900592524','2025-10-06 09:10:10'),('2025-10-03',1850,4,0,2568,'C','3349900592524','2025-10-06 09:10:10'),('2025-10-03',1851,4,0,2568,'C','3349900592524','2025-10-06 09:10:10'),('2025-10-03',1852,4,0,2568,'C','3349900592524','2025-10-06 09:10:10'),('2025-10-03',1853,4,0,2568,'C','3349900592524','2025-10-06 09:10:10'),('2025-10-03',1854,4,0,2568,'C','3349900592524','2025-10-06 09:10:10'),('2025-10-03',1855,4,0,2568,'C','3349900592524','2025-10-06 09:10:10'),('2025-10-03',1861,4,0,2568,'C','3349900592524','2025-10-06 09:10:10'),('2025-10-03',1872,4,0,2568,'C','3349900592524','2025-10-06 09:10:10'),('2025-10-02',1849,4,0,2568,'C','3349900592524','2025-10-06 09:10:17'),('2025-10-02',1850,4,0,2568,'C','3349900592524','2025-10-06 09:10:17'),('2025-10-02',1851,4,0,2568,'C','3349900592524','2025-10-06 09:10:17'),('2025-10-02',1852,4,0,2568,'C','3349900592524','2025-10-06 09:10:17'),('2025-10-02',1853,4,0,2568,'C','3349900592524','2025-10-06 09:10:17'),('2025-10-02',1854,4,0,2568,'C','3349900592524','2025-10-06 09:10:17'),('2025-10-02',1855,4,0,2568,'C','3349900592524','2025-10-06 09:10:17'),('2025-10-02',1861,4,0,2568,'C','3349900592524','2025-10-06 09:10:17'),('2025-10-02',1872,4,0,2568,'C','3349900592524','2025-10-06 09:10:17'),('2025-10-01',1849,4,0,2568,'C','3349900592524','2025-10-06 09:10:25'),('2025-10-01',1850,4,0,2568,'C','3349900592524','2025-10-06 09:10:25'),('2025-10-01',1851,4,0,2568,'C','3349900592524','2025-10-06 09:10:25'),('2025-10-01',1852,4,0,2568,'C','3349900592524','2025-10-06 09:10:25'),('2025-10-01',1853,4,0,2568,'C','3349900592524','2025-10-06 09:10:25'),('2025-10-01',1854,4,0,2568,'C','3349900592524','2025-10-06 09:10:25'),('2025-10-01',1855,4,0,2568,'C','3349900592524','2025-10-06 09:10:25'),('2025-10-01',1861,4,0,2568,'C','3349900592524','2025-10-06 09:10:25'),('2025-10-01',1872,4,0,2568,'C','3349900592524','2025-10-06 09:10:25'),('2025-09-30',1849,4,0,2568,'C','3349900592524','2025-10-06 09:10:35'),('2025-09-30',1850,4,0,2568,'C','3349900592524','2025-10-06 09:10:35'),('2025-09-30',1851,4,0,2568,'C','3349900592524','2025-10-06 09:10:35'),('2025-09-30',1852,4,0,2568,'C','3349900592524','2025-10-06 09:10:35'),('2025-09-30',1853,4,0,2568,'C','3349900592524','2025-10-06 09:10:35'),('2025-09-30',1854,4,0,2568,'C','3349900592524','2025-10-06 09:10:35'),('2025-09-30',1855,4,0,2568,'C','3349900592524','2025-10-06 09:10:35'),('2025-09-30',1861,4,0,2568,'C','3349900592524','2025-10-06 09:10:35'),('2025-09-30',1872,4,0,2568,'C','3349900592524','2025-10-06 09:10:35'),('2025-09-29',1849,4,0,2568,'C','3349900592524','2025-10-06 09:10:39'),('2025-09-29',1850,4,0,2568,'C','3349900592524','2025-10-06 09:10:39'),('2025-09-29',1851,4,0,2568,'C','3349900592524','2025-10-06 09:10:39'),('2025-09-29',1852,4,0,2568,'C','3349900592524','2025-10-06 09:10:39'),('2025-09-29',1853,4,0,2568,'C','3349900592524','2025-10-06 09:10:39'),('2025-09-29',1854,4,0,2568,'C','3349900592524','2025-10-06 09:10:39'),('2025-09-29',1855,4,0,2568,'C','3349900592524','2025-10-06 09:10:39'),('2025-09-29',1861,4,0,2568,'C','3349900592524','2025-10-06 09:10:39'),('2025-09-29',1872,4,0,2568,'C','3349900592524','2025-10-06 09:10:39'),('2025-09-26',1849,4,0,2568,'C','3349900592524','2025-10-06 09:10:44'),('2025-09-26',1850,4,0,2568,'C','3349900592524','2025-10-06 09:10:44'),('2025-09-26',1851,4,0,2568,'C','3349900592524','2025-10-06 09:10:44'),('2025-09-26',1852,4,0,2568,'C','3349900592524','2025-10-06 09:10:44'),('2025-09-26',1853,4,0,2568,'C','3349900592524','2025-10-06 09:10:44'),('2025-09-26',1854,4,0,2568,'C','3349900592524','2025-10-06 09:10:44'),('2025-09-26',1855,4,0,2568,'C','3349900592524','2025-10-06 09:10:44'),('2025-09-26',1861,4,0,2568,'C','3349900592524','2025-10-06 09:10:44'),('2025-09-26',1872,4,0,2568,'C','3349900592524','2025-10-06 09:10:44'),('2025-09-25',1849,4,0,2568,'C','3349900592524','2025-10-06 09:10:48'),('2025-09-25',1850,4,0,2568,'C','3349900592524','2025-10-06 09:10:48'),('2025-09-25',1851,4,0,2568,'C','3349900592524','2025-10-06 09:10:48'),('2025-09-25',1852,4,0,2568,'C','3349900592524','2025-10-06 09:10:48'),('2025-09-25',1853,4,0,2568,'C','3349900592524','2025-10-06 09:10:48'),('2025-09-25',1854,4,0,2568,'C','3349900592524','2025-10-06 09:10:48'),('2025-09-25',1855,4,0,2568,'C','3349900592524','2025-10-06 09:10:48'),('2025-09-25',1861,4,0,2568,'C','3349900592524','2025-10-06 09:10:48'),('2025-09-25',1872,4,0,2568,'C','3349900592524','2025-10-06 09:10:48'),('2025-09-24',1849,4,0,2568,'C','3349900592524','2025-10-06 09:10:52'),('2025-09-24',1850,4,0,2568,'C','3349900592524','2025-10-06 09:10:52'),('2025-09-24',1851,4,0,2568,'C','3349900592524','2025-10-06 09:10:52'),('2025-09-24',1852,4,0,2568,'C','3349900592524','2025-10-06 09:10:52'),('2025-09-24',1853,4,0,2568,'C','3349900592524','2025-10-06 09:10:52'),('2025-09-24',1854,4,0,2568,'C','3349900592524','2025-10-06 09:10:52'),('2025-09-24',1855,4,0,2568,'C','3349900592524','2025-10-06 09:10:52'),('2025-09-24',1861,4,0,2568,'C','3349900592524','2025-10-06 09:10:52'),('2025-09-24',1872,4,0,2568,'C','3349900592524','2025-10-06 09:10:52'),('2025-09-23',1849,4,0,2568,'C','3349900592524','2025-10-06 09:10:56'),('2025-09-23',1850,4,0,2568,'C','3349900592524','2025-10-06 09:10:56'),('2025-09-23',1851,4,0,2568,'C','3349900592524','2025-10-06 09:10:56'),('2025-09-23',1852,4,0,2568,'C','3349900592524','2025-10-06 09:10:56'),('2025-09-23',1853,4,0,2568,'C','3349900592524','2025-10-06 09:10:56'),('2025-09-23',1854,4,0,2568,'C','3349900592524','2025-10-06 09:10:56'),('2025-09-23',1855,4,0,2568,'C','3349900592524','2025-10-06 09:10:56'),('2025-09-23',1861,4,0,2568,'C','3349900592524','2025-10-06 09:10:56'),('2025-09-23',1872,4,0,2568,'C','3349900592524','2025-10-06 09:10:56'),('2025-09-22',1849,4,0,2568,'C','3349900592524','2025-10-06 09:10:01'),('2025-09-22',1850,4,0,2568,'C','3349900592524','2025-10-06 09:10:01'),('2025-09-22',1851,4,0,2568,'C','3349900592524','2025-10-06 09:10:01'),('2025-09-22',1852,4,0,2568,'C','3349900592524','2025-10-06 09:10:01'),('2025-09-22',1853,4,0,2568,'C','3349900592524','2025-10-06 09:10:01'),('2025-09-22',1854,4,0,2568,'C','3349900592524','2025-10-06 09:10:01'),('2025-09-22',1855,4,0,2568,'C','3349900592524','2025-10-06 09:10:01'),('2025-09-22',1861,4,0,2568,'C','3349900592524','2025-10-06 09:10:01'),('2025-09-22',1872,4,0,2568,'C','3349900592524','2025-10-06 09:10:01'),('2025-09-19',1849,4,0,2568,'C','3349900592524','2025-10-06 09:10:08'),('2025-09-19',1850,4,0,2568,'C','3349900592524','2025-10-06 09:10:08'),('2025-09-19',1851,4,0,2568,'C','3349900592524','2025-10-06 09:10:08'),('2025-09-19',1852,4,0,2568,'C','3349900592524','2025-10-06 09:10:08'),('2025-09-19',1853,4,0,2568,'C','3349900592524','2025-10-06 09:10:08'),('2025-09-19',1854,4,0,2568,'C','3349900592524','2025-10-06 09:10:08'),('2025-09-19',1855,4,0,2568,'C','3349900592524','2025-10-06 09:10:08'),('2025-09-19',1861,4,0,2568,'C','3349900592524','2025-10-06 09:10:08'),('2025-09-19',1872,4,0,2568,'C','3349900592524','2025-10-06 09:10:08'),('2025-10-07',1772,9,0,2568,'C','5330100104353','2025-10-10 06:10:45'),('2025-10-07',1773,9,0,2568,'C','5330100104353','2025-10-10 06:10:45'),('2025-10-07',1774,9,0,2568,'C','5330100104353','2025-10-10 06:10:45'),('2025-10-07',1775,9,0,2568,'C','5330100104353','2025-10-10 06:10:45'),('2025-10-07',1776,9,0,2568,'C','5330100104353','2025-10-10 06:10:45'),('2025-10-07',1778,9,0,2568,'C','5330100104353','2025-10-10 06:10:45'),('2025-10-07',1780,9,0,2568,'C','5330100104353','2025-10-10 06:10:45'),('2025-10-07',1782,9,0,2568,'C','5330100104353','2025-10-10 06:10:45'),('2025-10-07',1783,9,0,2568,'C','5330100104353','2025-10-10 06:10:45'),('2025-10-07',1784,9,0,2568,'C','5330100104353','2025-10-10 06:10:45'),('2025-10-07',1785,9,0,2568,'C','5330100104353','2025-10-10 06:10:45'),('2025-10-07',1804,9,0,2568,'C','5330100104353','2025-10-10 06:10:45'),('2025-10-07',1847,9,0,2568,'C','5330100104353','2025-10-10 06:10:45'),('2025-10-07',1797,9,0,2568,'C','5330100104353','2025-10-10 06:10:45'),('2025-10-06',1772,9,0,2568,'C','5330100104353','2025-10-10 06:10:50'),('2025-10-06',1773,9,0,2568,'C','5330100104353','2025-10-10 06:10:50'),('2025-10-06',1774,9,0,2568,'C','5330100104353','2025-10-10 06:10:50'),('2025-10-06',1775,9,0,2568,'C','5330100104353','2025-10-10 06:10:50'),('2025-10-06',1776,9,0,2568,'C','5330100104353','2025-10-10 06:10:50'),('2025-10-06',1778,9,0,2568,'C','5330100104353','2025-10-10 06:10:50'),('2025-10-06',1780,9,0,2568,'C','5330100104353','2025-10-10 06:10:50'),('2025-10-06',1782,9,0,2568,'C','5330100104353','2025-10-10 06:10:50'),('2025-10-06',1783,9,0,2568,'C','5330100104353','2025-10-10 06:10:50'),('2025-10-06',1784,9,0,2568,'C','5330100104353','2025-10-10 06:10:50'),('2025-10-06',1785,9,0,2568,'C','5330100104353','2025-10-10 06:10:50'),('2025-10-06',1804,9,0,2568,'C','5330100104353','2025-10-10 06:10:50'),('2025-10-06',1847,9,0,2568,'C','5330100104353','2025-10-10 06:10:50'),('2025-10-06',1797,9,0,2568,'C','5330100104353','2025-10-10 06:10:50'),('2025-10-08',1849,4,0,2568,'C','3349900592524','2025-10-08 01:10:43'),('2025-10-08',1850,4,0,2568,'C','3349900592524','2025-10-08 01:10:43'),('2025-10-08',1851,4,0,2568,'C','3349900592524','2025-10-08 01:10:43'),('2025-10-08',1852,4,0,2568,'C','3349900592524','2025-10-08 01:10:43'),('2025-10-08',1853,4,0,2568,'C','3349900592524','2025-10-08 01:10:43'),('2025-10-08',1854,4,0,2568,'C','3349900592524','2025-10-08 01:10:43'),('2025-10-08',1855,4,0,2568,'C','3349900592524','2025-10-08 01:10:43'),('2025-10-08',1861,4,0,2568,'C','3349900592524','2025-10-08 01:10:43'),('2025-10-08',1872,4,0,2568,'C','3349900592524','2025-10-08 01:10:43'),('2025-10-07',1849,4,0,2568,'C','3349900592524','2025-10-08 01:10:54'),('2025-10-07',1850,4,0,2568,'C','3349900592524','2025-10-08 01:10:54'),('2025-10-07',1851,4,0,2568,'C','3349900592524','2025-10-08 01:10:54'),('2025-10-07',1852,4,0,2568,'C','3349900592524','2025-10-08 01:10:54'),('2025-10-07',1853,4,0,2568,'C','3349900592524','2025-10-08 01:10:54'),('2025-10-07',1854,4,0,2568,'C','3349900592524','2025-10-08 01:10:54'),('2025-10-07',1855,4,0,2568,'C','3349900592524','2025-10-08 01:10:54'),('2025-10-07',1861,4,0,2568,'C','3349900592524','2025-10-08 01:10:54'),('2025-10-07',1872,4,0,2568,'C','3349900592524','2025-10-08 01:10:54'),('2025-10-10',1849,4,0,2568,'C','3349900592524','2025-10-10 09:10:34'),('2025-10-10',1850,4,0,2568,'C','3349900592524','2025-10-10 09:10:34'),('2025-10-10',1851,4,0,2568,'C','3349900592524','2025-10-10 09:10:34'),('2025-10-10',1852,4,0,2568,'C','3349900592524','2025-10-10 09:10:34'),('2025-10-10',1853,4,0,2568,'C','3349900592524','2025-10-10 09:10:34'),('2025-10-10',1854,4,0,2568,'C','3349900592524','2025-10-10 09:10:34'),('2025-10-10',1855,4,0,2568,'C','3349900592524','2025-10-10 09:10:34'),('2025-10-10',1861,4,0,2568,'C','3349900592524','2025-10-10 09:10:34'),('2025-10-10',1872,4,0,2568,'C','3349900592524','2025-10-10 09:10:34'),('2025-10-09',1849,4,0,2568,'C','3349900592524','2025-10-10 09:10:46'),('2025-10-09',1850,4,0,2568,'C','3349900592524','2025-10-10 09:10:46'),('2025-10-09',1851,4,0,2568,'C','3349900592524','2025-10-10 09:10:46'),('2025-10-09',1852,4,0,2568,'C','3349900592524','2025-10-10 09:10:46'),('2025-10-09',1853,4,0,2568,'C','3349900592524','2025-10-10 09:10:46'),('2025-10-09',1854,4,0,2568,'C','3349900592524','2025-10-10 09:10:46'),('2025-10-09',1855,4,0,2568,'C','3349900592524','2025-10-10 09:10:46'),('2025-10-09',1861,4,0,2568,'C','3349900592524','2025-10-10 09:10:46'),('2025-10-09',1872,4,0,2568,'C','3349900592524','2025-10-10 09:10:46'),('2025-10-10',1772,9,0,2568,'C','5330100104353','2025-10-22 07:10:11'),('2025-10-10',1773,9,0,2568,'C','5330100104353','2025-10-22 07:10:11'),('2025-10-10',1774,9,0,2568,'C','5330100104353','2025-10-22 07:10:11'),('2025-10-10',1775,9,0,2568,'L','5330100104353','2025-10-22 07:10:11'),('2025-10-10',1776,9,0,2568,'C','5330100104353','2025-10-22 07:10:11'),('2025-10-10',1778,9,0,2568,'C','5330100104353','2025-10-22 07:10:11'),('2025-10-10',1780,9,0,2568,'C','5330100104353','2025-10-22 07:10:11'),('2025-10-10',1782,9,0,2568,'C','5330100104353','2025-10-22 07:10:11'),('2025-10-10',1783,9,0,2568,'C','5330100104353','2025-10-22 07:10:11'),('2025-10-10',1784,9,0,2568,'C','5330100104353','2025-10-22 07:10:11'),('2025-10-10',1785,9,0,2568,'C','5330100104353','2025-10-22 07:10:11'),('2025-10-10',1804,9,0,2568,'C','5330100104353','2025-10-22 07:10:11'),('2025-10-10',1847,9,0,2568,'C','5330100104353','2025-10-22 07:10:11'),('2025-10-10',1797,9,0,2568,'C','5330100104353','2025-10-22 07:10:11'),('2025-10-09',1772,9,0,2568,'C','5330100104353','2025-10-10 06:10:35'),('2025-10-09',1773,9,0,2568,'C','5330100104353','2025-10-10 06:10:35'),('2025-10-09',1774,9,0,2568,'C','5330100104353','2025-10-10 06:10:35'),('2025-10-09',1775,9,0,2568,'C','5330100104353','2025-10-10 06:10:35'),('2025-10-09',1776,9,0,2568,'C','5330100104353','2025-10-10 06:10:35'),('2025-10-09',1778,9,0,2568,'C','5330100104353','2025-10-10 06:10:35'),('2025-10-09',1780,9,0,2568,'C','5330100104353','2025-10-10 06:10:35'),('2025-10-09',1782,9,0,2568,'C','5330100104353','2025-10-10 06:10:35'),('2025-10-09',1783,9,0,2568,'C','5330100104353','2025-10-10 06:10:35'),('2025-10-09',1784,9,0,2568,'C','5330100104353','2025-10-10 06:10:35'),('2025-10-09',1785,9,0,2568,'C','5330100104353','2025-10-10 06:10:35'),('2025-10-09',1804,9,0,2568,'C','5330100104353','2025-10-10 06:10:35'),('2025-10-09',1847,9,0,2568,'C','5330100104353','2025-10-10 06:10:35'),('2025-10-09',1797,9,0,2568,'C','5330100104353','2025-10-10 06:10:35'),('2025-10-08',1772,9,0,2568,'C','5330100104353','2025-10-10 06:10:41'),('2025-10-08',1773,9,0,2568,'C','5330100104353','2025-10-10 06:10:41'),('2025-10-08',1774,9,0,2568,'C','5330100104353','2025-10-10 06:10:41'),('2025-10-08',1775,9,0,2568,'C','5330100104353','2025-10-10 06:10:41'),('2025-10-08',1776,9,0,2568,'C','5330100104353','2025-10-10 06:10:41'),('2025-10-08',1778,9,0,2568,'C','5330100104353','2025-10-10 06:10:41'),('2025-10-08',1780,9,0,2568,'C','5330100104353','2025-10-10 06:10:41'),('2025-10-08',1782,9,0,2568,'C','5330100104353','2025-10-10 06:10:41'),('2025-10-08',1783,9,0,2568,'C','5330100104353','2025-10-10 06:10:41'),('2025-10-08',1784,9,0,2568,'C','5330100104353','2025-10-10 06:10:41'),('2025-10-08',1785,9,0,2568,'C','5330100104353','2025-10-10 06:10:41'),('2025-10-08',1804,9,0,2568,'C','5330100104353','2025-10-10 06:10:41'),('2025-10-08',1847,9,0,2568,'C','5330100104353','2025-10-10 06:10:41'),('2025-10-08',1797,9,0,2568,'C','5330100104353','2025-10-10 06:10:41'),('2025-05-16',1769,7,0,2568,'C','3349800011287','2025-10-22 05:10:18'),('2025-05-16',1810,7,0,2568,'C','3349800011287','2025-10-22 05:10:18'),('2025-05-16',1811,7,0,2568,'C','3349800011287','2025-10-22 05:10:18'),('2025-05-16',1812,7,0,2568,'C','3349800011287','2025-10-22 05:10:18'),('2025-05-16',1814,7,0,2568,'C','3349800011287','2025-10-22 05:10:18'),('2025-05-16',1816,7,0,2568,'C','3349800011287','2025-10-22 05:10:18'),('2025-05-16',1809,7,0,2568,'C','3349800011287','2025-10-22 05:10:18'),('2025-05-16',1817,7,0,2568,'C','3349800011287','2025-10-22 05:10:18'),('2025-05-16',1863,7,0,2568,'C','3349800011287','2025-10-22 05:10:18'),('2025-05-16',1865,7,0,2568,'C','3349800011287','2025-10-22 05:10:18'),('2025-05-30',1769,7,0,2568,'C','3349800011287','2025-10-22 05:10:30'),('2025-05-30',1810,7,0,2568,'C','3349800011287','2025-10-22 05:10:30'),('2025-05-30',1811,7,0,2568,'C','3349800011287','2025-10-22 05:10:30'),('2025-05-30',1812,7,0,2568,'C','3349800011287','2025-10-22 05:10:30'),('2025-05-30',1814,7,0,2568,'C','3349800011287','2025-10-22 05:10:30'),('2025-05-30',1816,7,0,2568,'C','3349800011287','2025-10-22 05:10:30'),('2025-05-30',1809,7,0,2568,'C','3349800011287','2025-10-22 05:10:30'),('2025-05-30',1817,7,0,2568,'C','3349800011287','2025-10-22 05:10:30'),('2025-05-30',1863,7,0,2568,'C','3349800011287','2025-10-22 05:10:30'),('2025-05-30',1865,7,0,2568,'C','3349800011287','2025-10-22 05:10:30'),('2025-07-15',1769,7,0,2568,'C','3349800011287','2025-10-22 05:10:36'),('2025-07-15',1810,7,0,2568,'C','3349800011287','2025-10-22 05:10:36'),('2025-07-15',1811,7,0,2568,'C','3349800011287','2025-10-22 05:10:36'),('2025-07-15',1812,7,0,2568,'C','3349800011287','2025-10-22 05:10:36'),('2025-07-15',1814,7,0,2568,'C','3349800011287','2025-10-22 05:10:36'),('2025-07-15',1816,7,0,2568,'C','3349800011287','2025-10-22 05:10:36'),('2025-07-15',1809,7,0,2568,'C','3349800011287','2025-10-22 05:10:36'),('2025-07-15',1817,7,0,2568,'C','3349800011287','2025-10-22 05:10:36'),('2025-07-15',1863,7,0,2568,'C','3349800011287','2025-10-22 05:10:36'),('2025-07-15',1865,7,0,2568,'C','3349800011287','2025-10-22 05:10:36'),('2025-07-16',1769,7,0,2568,'C','3349800011287','2025-10-22 05:10:42'),('2025-07-16',1810,7,0,2568,'C','3349800011287','2025-10-22 05:10:42'),('2025-07-16',1811,7,0,2568,'C','3349800011287','2025-10-22 05:10:42'),('2025-07-16',1812,7,0,2568,'C','3349800011287','2025-10-22 05:10:42'),('2025-07-16',1814,7,0,2568,'C','3349800011287','2025-10-22 05:10:42'),('2025-07-16',1816,7,0,2568,'C','3349800011287','2025-10-22 05:10:42'),('2025-07-16',1809,7,0,2568,'C','3349800011287','2025-10-22 05:10:42'),('2025-07-16',1817,7,0,2568,'C','3349800011287','2025-10-22 05:10:42'),('2025-07-16',1863,7,0,2568,'C','3349800011287','2025-10-22 05:10:42'),('2025-07-16',1865,7,0,2568,'C','3349800011287','2025-10-22 05:10:42'),('2025-07-17',1769,7,0,2568,'C','3349800011287','2025-10-22 05:10:50'),('2025-07-17',1810,7,0,2568,'C','3349800011287','2025-10-22 05:10:50'),('2025-07-17',1811,7,0,2568,'C','3349800011287','2025-10-22 05:10:50'),('2025-07-17',1812,7,0,2568,'C','3349800011287','2025-10-22 05:10:50'),('2025-07-17',1814,7,0,2568,'C','3349800011287','2025-10-22 05:10:50'),('2025-07-17',1816,7,0,2568,'C','3349800011287','2025-10-22 05:10:50'),('2025-07-17',1809,7,0,2568,'C','3349800011287','2025-10-22 05:10:50'),('2025-07-17',1817,7,0,2568,'C','3349800011287','2025-10-22 05:10:50'),('2025-07-17',1863,7,0,2568,'C','3349800011287','2025-10-22 05:10:50'),('2025-07-17',1865,7,0,2568,'C','3349800011287','2025-10-22 05:10:50'),('2025-07-18',1769,7,0,2568,'C','3349800011287','2025-10-22 05:10:59'),('2025-07-18',1810,7,0,2568,'C','3349800011287','2025-10-22 05:10:59'),('2025-07-18',1811,7,0,2568,'C','3349800011287','2025-10-22 05:10:59'),('2025-07-18',1812,7,0,2568,'C','3349800011287','2025-10-22 05:10:59'),('2025-07-18',1814,7,0,2568,'C','3349800011287','2025-10-22 05:10:59'),('2025-07-18',1816,7,0,2568,'C','3349800011287','2025-10-22 05:10:59'),('2025-07-18',1809,7,0,2568,'C','3349800011287','2025-10-22 05:10:59'),('2025-07-18',1817,7,0,2568,'C','3349800011287','2025-10-22 05:10:59'),('2025-07-18',1863,7,0,2568,'C','3349800011287','2025-10-22 05:10:59'),('2025-07-18',1865,7,0,2568,'C','3349800011287','2025-10-22 05:10:59'),('2025-07-21',1769,7,0,2568,'C','3349800011287','2025-10-22 05:10:10'),('2025-07-21',1810,7,0,2568,'C','3349800011287','2025-10-22 05:10:10'),('2025-07-21',1811,7,0,2568,'C','3349800011287','2025-10-22 05:10:10'),('2025-07-21',1812,7,0,2568,'C','3349800011287','2025-10-22 05:10:10'),('2025-07-21',1814,7,0,2568,'C','3349800011287','2025-10-22 05:10:10'),('2025-07-21',1816,7,0,2568,'C','3349800011287','2025-10-22 05:10:10'),('2025-07-21',1809,7,0,2568,'C','3349800011287','2025-10-22 05:10:10'),('2025-07-21',1817,7,0,2568,'C','3349800011287','2025-10-22 05:10:10'),('2025-07-21',1863,7,0,2568,'C','3349800011287','2025-10-22 05:10:10'),('2025-07-21',1865,7,0,2568,'C','3349800011287','2025-10-22 05:10:10'),('2025-07-22',1769,7,0,2568,'C','3349800011287','2025-10-22 05:10:19'),('2025-07-22',1810,7,0,2568,'C','3349800011287','2025-10-22 05:10:19'),('2025-07-22',1811,7,0,2568,'C','3349800011287','2025-10-22 05:10:19'),('2025-07-22',1812,7,0,2568,'C','3349800011287','2025-10-22 05:10:19'),('2025-07-22',1814,7,0,2568,'C','3349800011287','2025-10-22 05:10:19'),('2025-07-22',1816,7,0,2568,'C','3349800011287','2025-10-22 05:10:19'),('2025-07-22',1809,7,0,2568,'C','3349800011287','2025-10-22 05:10:19'),('2025-07-22',1817,7,0,2568,'C','3349800011287','2025-10-22 05:10:19'),('2025-07-22',1863,7,0,2568,'C','3349800011287','2025-10-22 05:10:19'),('2025-07-22',1865,7,0,2568,'C','3349800011287','2025-10-22 05:10:19'),('2025-07-23',1769,7,0,2568,'C','3349800011287','2025-10-22 05:10:26'),('2025-07-23',1810,7,0,2568,'C','3349800011287','2025-10-22 05:10:26'),('2025-07-23',1811,7,0,2568,'C','3349800011287','2025-10-22 05:10:26'),('2025-07-23',1812,7,0,2568,'C','3349800011287','2025-10-22 05:10:26'),('2025-07-23',1814,7,0,2568,'C','3349800011287','2025-10-22 05:10:26'),('2025-07-23',1816,7,0,2568,'C','3349800011287','2025-10-22 05:10:26'),('2025-07-23',1809,7,0,2568,'C','3349800011287','2025-10-22 05:10:26'),('2025-07-23',1817,7,0,2568,'C','3349800011287','2025-10-22 05:10:26'),('2025-07-23',1863,7,0,2568,'C','3349800011287','2025-10-22 05:10:26'),('2025-07-23',1865,7,0,2568,'C','3349800011287','2025-10-22 05:10:26'),('2025-07-24',1769,7,0,2568,'C','3349800011287','2025-10-22 05:10:44'),('2025-07-24',1810,7,0,2568,'C','3349800011287','2025-10-22 05:10:44'),('2025-07-24',1811,7,0,2568,'C','3349800011287','2025-10-22 05:10:44'),('2025-07-24',1812,7,0,2568,'C','3349800011287','2025-10-22 05:10:44'),('2025-07-24',1814,7,0,2568,'C','3349800011287','2025-10-22 05:10:44'),('2025-07-24',1816,7,0,2568,'C','3349800011287','2025-10-22 05:10:44'),('2025-07-24',1809,7,0,2568,'C','3349800011287','2025-10-22 05:10:44'),('2025-07-24',1817,7,0,2568,'C','3349800011287','2025-10-22 05:10:44'),('2025-07-24',1863,7,0,2568,'C','3349800011287','2025-10-22 05:10:44'),('2025-07-24',1865,7,0,2568,'C','3349800011287','2025-10-22 05:10:44'),('2025-07-25',1769,7,0,2568,'C','3349800011287','2025-10-22 05:10:53'),('2025-07-25',1810,7,0,2568,'C','3349800011287','2025-10-22 05:10:53'),('2025-07-25',1811,7,0,2568,'C','3349800011287','2025-10-22 05:10:53'),('2025-07-25',1812,7,0,2568,'C','3349800011287','2025-10-22 05:10:53'),('2025-07-25',1814,7,0,2568,'C','3349800011287','2025-10-22 05:10:53'),('2025-07-25',1816,7,0,2568,'C','3349800011287','2025-10-22 05:10:53'),('2025-07-25',1809,7,0,2568,'C','3349800011287','2025-10-22 05:10:53'),('2025-07-25',1817,7,0,2568,'C','3349800011287','2025-10-22 05:10:53'),('2025-07-25',1863,7,0,2568,'C','3349800011287','2025-10-22 05:10:53'),('2025-07-25',1865,7,0,2568,'C','3349800011287','2025-10-22 05:10:53'),('2025-07-29',1769,7,0,2568,'C','3349800011287','2025-10-22 05:10:04'),('2025-07-29',1810,7,0,2568,'C','3349800011287','2025-10-22 05:10:04'),('2025-07-29',1811,7,0,2568,'C','3349800011287','2025-10-22 05:10:04'),('2025-07-29',1812,7,0,2568,'C','3349800011287','2025-10-22 05:10:04'),('2025-07-29',1814,7,0,2568,'C','3349800011287','2025-10-22 05:10:04'),('2025-07-29',1816,7,0,2568,'C','3349800011287','2025-10-22 05:10:04'),('2025-07-29',1809,7,0,2568,'C','3349800011287','2025-10-22 05:10:04'),('2025-07-29',1817,7,0,2568,'C','3349800011287','2025-10-22 05:10:04'),('2025-07-29',1863,7,0,2568,'C','3349800011287','2025-10-22 05:10:04'),('2025-07-29',1865,7,0,2568,'C','3349800011287','2025-10-22 05:10:04'),('2025-07-30',1769,7,0,2568,'C','3349800011287','2025-10-22 05:10:12'),('2025-07-30',1810,7,0,2568,'C','3349800011287','2025-10-22 05:10:12'),('2025-07-30',1811,7,0,2568,'C','3349800011287','2025-10-22 05:10:12'),('2025-07-30',1812,7,0,2568,'C','3349800011287','2025-10-22 05:10:12'),('2025-07-30',1814,7,0,2568,'C','3349800011287','2025-10-22 05:10:12'),('2025-07-30',1816,7,0,2568,'C','3349800011287','2025-10-22 05:10:12'),('2025-07-30',1809,7,0,2568,'C','3349800011287','2025-10-22 05:10:12'),('2025-07-30',1817,7,0,2568,'C','3349800011287','2025-10-22 05:10:12'),('2025-07-30',1863,7,0,2568,'C','3349800011287','2025-10-22 05:10:12'),('2025-07-30',1865,7,0,2568,'C','3349800011287','2025-10-22 05:10:12'),('2025-07-31',1769,7,0,2568,'C','3349800011287','2025-10-22 05:10:21'),('2025-07-31',1810,7,0,2568,'C','3349800011287','2025-10-22 05:10:21'),('2025-07-31',1811,7,0,2568,'C','3349800011287','2025-10-22 05:10:21'),('2025-07-31',1812,7,0,2568,'C','3349800011287','2025-10-22 05:10:21'),('2025-07-31',1814,7,0,2568,'C','3349800011287','2025-10-22 05:10:21'),('2025-07-31',1816,7,0,2568,'C','3349800011287','2025-10-22 05:10:21'),('2025-07-31',1809,7,0,2568,'C','3349800011287','2025-10-22 05:10:21'),('2025-07-31',1817,7,0,2568,'C','3349800011287','2025-10-22 05:10:21'),('2025-07-31',1863,7,0,2568,'C','3349800011287','2025-10-22 05:10:21'),('2025-07-31',1865,7,0,2568,'C','3349800011287','2025-10-22 05:10:21'),('2025-08-01',1769,7,0,2568,'C','3349800011287','2025-10-22 05:10:02'),('2025-08-01',1810,7,0,2568,'C','3349800011287','2025-10-22 05:10:02'),('2025-08-01',1811,7,0,2568,'C','3349800011287','2025-10-22 05:10:02'),('2025-08-01',1812,7,0,2568,'C','3349800011287','2025-10-22 05:10:02'),('2025-08-01',1814,7,0,2568,'C','3349800011287','2025-10-22 05:10:02'),('2025-08-01',1816,7,0,2568,'C','3349800011287','2025-10-22 05:10:02'),('2025-08-01',1809,7,0,2568,'C','3349800011287','2025-10-22 05:10:02'),('2025-08-01',1817,7,0,2568,'C','3349800011287','2025-10-22 05:10:02'),('2025-08-01',1863,7,0,2568,'C','3349800011287','2025-10-22 05:10:02'),('2025-08-01',1865,7,0,2568,'C','3349800011287','2025-10-22 05:10:02'),('2025-08-06',1769,7,0,2568,'C','3349800011287','2025-10-22 05:10:26'),('2025-08-06',1810,7,0,2568,'C','3349800011287','2025-10-22 05:10:26'),('2025-08-06',1811,7,0,2568,'C','3349800011287','2025-10-22 05:10:26'),('2025-08-06',1812,7,0,2568,'C','3349800011287','2025-10-22 05:10:26'),('2025-08-06',1814,7,0,2568,'C','3349800011287','2025-10-22 05:10:26'),('2025-08-06',1816,7,0,2568,'C','3349800011287','2025-10-22 05:10:26'),('2025-08-06',1809,7,0,2568,'C','3349800011287','2025-10-22 05:10:26'),('2025-08-06',1817,7,0,2568,'C','3349800011287','2025-10-22 05:10:26'),('2025-08-06',1863,7,0,2568,'C','3349800011287','2025-10-22 05:10:26'),('2025-08-06',1865,7,0,2568,'C','3349800011287','2025-10-22 05:10:26'),('2025-08-07',1769,7,0,2568,'C','3349800011287','2025-10-22 05:10:37'),('2025-08-07',1810,7,0,2568,'C','3349800011287','2025-10-22 05:10:37'),('2025-08-07',1811,7,0,2568,'C','3349800011287','2025-10-22 05:10:37'),('2025-08-07',1812,7,0,2568,'C','3349800011287','2025-10-22 05:10:37'),('2025-08-07',1814,7,0,2568,'C','3349800011287','2025-10-22 05:10:37'),('2025-08-07',1816,7,0,2568,'C','3349800011287','2025-10-22 05:10:37'),('2025-08-07',1809,7,0,2568,'C','3349800011287','2025-10-22 05:10:37'),('2025-08-07',1817,7,0,2568,'C','3349800011287','2025-10-22 05:10:37'),('2025-08-07',1863,7,0,2568,'C','3349800011287','2025-10-22 05:10:37'),('2025-08-07',1865,7,0,2568,'C','3349800011287','2025-10-22 05:10:37'),('2025-08-08',1769,7,0,2568,'C','3349800011287','2025-10-22 05:10:43'),('2025-08-08',1810,7,0,2568,'C','3349800011287','2025-10-22 05:10:43'),('2025-08-08',1811,7,0,2568,'C','3349800011287','2025-10-22 05:10:43'),('2025-08-08',1812,7,0,2568,'C','3349800011287','2025-10-22 05:10:43'),('2025-08-08',1814,7,0,2568,'C','3349800011287','2025-10-22 05:10:43'),('2025-08-08',1816,7,0,2568,'C','3349800011287','2025-10-22 05:10:43'),('2025-08-08',1809,7,0,2568,'C','3349800011287','2025-10-22 05:10:43'),('2025-08-08',1817,7,0,2568,'C','3349800011287','2025-10-22 05:10:43'),('2025-08-08',1863,7,0,2568,'C','3349800011287','2025-10-22 05:10:43'),('2025-08-08',1865,7,0,2568,'C','3349800011287','2025-10-22 05:10:43'),('2025-08-13',1769,7,0,2568,'C','3349800011287','2025-10-22 05:10:59'),('2025-08-13',1810,7,0,2568,'C','3349800011287','2025-10-22 05:10:59'),('2025-08-13',1811,7,0,2568,'C','3349800011287','2025-10-22 05:10:59'),('2025-08-13',1812,7,0,2568,'C','3349800011287','2025-10-22 05:10:59'),('2025-08-13',1814,7,0,2568,'C','3349800011287','2025-10-22 05:10:59'),('2025-08-13',1816,7,0,2568,'C','3349800011287','2025-10-22 05:10:59'),('2025-08-13',1809,7,0,2568,'C','3349800011287','2025-10-22 05:10:59'),('2025-08-13',1817,7,0,2568,'C','3349800011287','2025-10-22 05:10:59'),('2025-08-13',1863,7,0,2568,'C','3349800011287','2025-10-22 05:10:59'),('2025-08-13',1865,7,0,2568,'C','3349800011287','2025-10-22 05:10:59'),('2025-08-15',1769,7,0,2568,'C','3349800011287','2025-10-22 05:10:15'),('2025-08-15',1810,7,0,2568,'C','3349800011287','2025-10-22 05:10:15'),('2025-08-15',1811,7,0,2568,'C','3349800011287','2025-10-22 05:10:15'),('2025-08-15',1812,7,0,2568,'C','3349800011287','2025-10-22 05:10:15'),('2025-08-15',1814,7,0,2568,'C','3349800011287','2025-10-22 05:10:15'),('2025-08-15',1816,7,0,2568,'C','3349800011287','2025-10-22 05:10:15'),('2025-08-15',1809,7,0,2568,'C','3349800011287','2025-10-22 05:10:15'),('2025-08-15',1817,7,0,2568,'C','3349800011287','2025-10-22 05:10:15'),('2025-08-15',1863,7,0,2568,'C','3349800011287','2025-10-22 05:10:15'),('2025-08-15',1865,7,0,2568,'C','3349800011287','2025-10-22 05:10:15'),('2025-09-02',1769,7,0,2568,'C','3349800011287','2025-10-22 05:10:44'),('2025-09-02',1810,7,0,2568,'C','3349800011287','2025-10-22 05:10:44'),('2025-09-02',1811,7,0,2568,'C','3349800011287','2025-10-22 05:10:44'),('2025-09-02',1812,7,0,2568,'C','3349800011287','2025-10-22 05:10:44'),('2025-09-02',1814,7,0,2568,'C','3349800011287','2025-10-22 05:10:44'),('2025-09-02',1816,7,0,2568,'C','3349800011287','2025-10-22 05:10:44'),('2025-09-02',1809,7,0,2568,'C','3349800011287','2025-10-22 05:10:44'),('2025-09-02',1817,7,0,2568,'C','3349800011287','2025-10-22 05:10:44'),('2025-09-02',1863,7,0,2568,'C','3349800011287','2025-10-22 05:10:44'),('2025-09-02',1865,7,0,2568,'C','3349800011287','2025-10-22 05:10:44'),('2025-09-04',1769,7,0,2568,'C','3349800011287','2025-10-22 05:10:02'),('2025-09-04',1810,7,0,2568,'C','3349800011287','2025-10-22 05:10:02'),('2025-09-04',1811,7,0,2568,'C','3349800011287','2025-10-22 05:10:02'),('2025-09-04',1812,7,0,2568,'C','3349800011287','2025-10-22 05:10:02'),('2025-09-04',1814,7,0,2568,'C','3349800011287','2025-10-22 05:10:02'),('2025-09-04',1816,7,0,2568,'C','3349800011287','2025-10-22 05:10:02'),('2025-09-04',1809,7,0,2568,'C','3349800011287','2025-10-22 05:10:02'),('2025-09-04',1817,7,0,2568,'C','3349800011287','2025-10-22 05:10:02'),('2025-09-04',1863,7,0,2568,'C','3349800011287','2025-10-22 05:10:02'),('2025-09-04',1865,7,0,2568,'C','3349800011287','2025-10-22 05:10:02'),('2025-09-05',1769,7,0,2568,'C','3349800011287','2025-10-22 05:10:12'),('2025-09-05',1810,7,0,2568,'C','3349800011287','2025-10-22 05:10:12'),('2025-09-05',1811,7,0,2568,'C','3349800011287','2025-10-22 05:10:12'),('2025-09-05',1812,7,0,2568,'C','3349800011287','2025-10-22 05:10:12'),('2025-09-05',1814,7,0,2568,'C','3349800011287','2025-10-22 05:10:12'),('2025-09-05',1816,7,0,2568,'C','3349800011287','2025-10-22 05:10:12'),('2025-09-05',1809,7,0,2568,'C','3349800011287','2025-10-22 05:10:12'),('2025-09-05',1817,7,0,2568,'C','3349800011287','2025-10-22 05:10:12'),('2025-09-05',1863,7,0,2568,'C','3349800011287','2025-10-22 05:10:12'),('2025-09-05',1865,7,0,2568,'C','3349800011287','2025-10-22 05:10:12'),('2025-09-10',1769,7,0,2568,'C','3349800011287','2025-10-22 05:10:32'),('2025-09-10',1810,7,0,2568,'C','3349800011287','2025-10-22 05:10:32'),('2025-09-10',1811,7,0,2568,'C','3349800011287','2025-10-22 05:10:32'),('2025-09-10',1812,7,0,2568,'C','3349800011287','2025-10-22 05:10:32'),('2025-09-10',1814,7,0,2568,'C','3349800011287','2025-10-22 05:10:32'),('2025-09-10',1816,7,0,2568,'C','3349800011287','2025-10-22 05:10:32'),('2025-09-10',1809,7,0,2568,'C','3349800011287','2025-10-22 05:10:32'),('2025-09-10',1817,7,0,2568,'C','3349800011287','2025-10-22 05:10:32'),('2025-09-10',1863,7,0,2568,'C','3349800011287','2025-10-22 05:10:32'),('2025-09-10',1865,7,0,2568,'C','3349800011287','2025-10-22 05:10:32'),('2025-09-12',1769,7,0,2568,'C','3349800011287','2025-10-22 05:10:50'),('2025-09-12',1810,7,0,2568,'C','3349800011287','2025-10-22 05:10:50'),('2025-09-12',1811,7,0,2568,'C','3349800011287','2025-10-22 05:10:50'),('2025-09-12',1812,7,0,2568,'C','3349800011287','2025-10-22 05:10:50'),('2025-09-12',1814,7,0,2568,'C','3349800011287','2025-10-22 05:10:50'),('2025-09-12',1816,7,0,2568,'C','3349800011287','2025-10-22 05:10:50'),('2025-09-12',1809,7,0,2568,'C','3349800011287','2025-10-22 05:10:50'),('2025-09-12',1817,7,0,2568,'C','3349800011287','2025-10-22 05:10:50'),('2025-09-12',1863,7,0,2568,'C','3349800011287','2025-10-22 05:10:50'),('2025-09-12',1865,7,0,2568,'C','3349800011287','2025-10-22 05:10:50'),('2025-09-15',1769,7,0,2568,'C','3349800011287','2025-10-22 05:10:58'),('2025-09-15',1810,7,0,2568,'C','3349800011287','2025-10-22 05:10:58'),('2025-09-15',1811,7,0,2568,'C','3349800011287','2025-10-22 05:10:58'),('2025-09-15',1812,7,0,2568,'C','3349800011287','2025-10-22 05:10:58'),('2025-09-15',1814,7,0,2568,'C','3349800011287','2025-10-22 05:10:58'),('2025-09-15',1816,7,0,2568,'C','3349800011287','2025-10-22 05:10:58'),('2025-09-15',1809,7,0,2568,'C','3349800011287','2025-10-22 05:10:58'),('2025-09-15',1817,7,0,2568,'C','3349800011287','2025-10-22 05:10:58'),('2025-09-15',1863,7,0,2568,'C','3349800011287','2025-10-22 05:10:58'),('2025-09-15',1865,7,0,2568,'C','3349800011287','2025-10-22 05:10:58'),('2025-09-17',1769,7,0,2568,'C','3349800011287','2025-10-22 05:10:14'),('2025-09-17',1810,7,0,2568,'C','3349800011287','2025-10-22 05:10:14'),('2025-09-17',1811,7,0,2568,'C','3349800011287','2025-10-22 05:10:14'),('2025-09-17',1812,7,0,2568,'C','3349800011287','2025-10-22 05:10:14'),('2025-09-17',1814,7,0,2568,'C','3349800011287','2025-10-22 05:10:14'),('2025-09-17',1816,7,0,2568,'C','3349800011287','2025-10-22 05:10:14'),('2025-09-17',1809,7,0,2568,'C','3349800011287','2025-10-22 05:10:14'),('2025-09-17',1817,7,0,2568,'C','3349800011287','2025-10-22 05:10:14'),('2025-09-17',1863,7,0,2568,'C','3349800011287','2025-10-22 05:10:14'),('2025-09-17',1865,7,0,2568,'C','3349800011287','2025-10-22 05:10:14'),('2025-09-18',1769,7,0,2568,'C','3349800011287','2025-10-22 05:10:20'),('2025-09-18',1810,7,0,2568,'C','3349800011287','2025-10-22 05:10:20'),('2025-09-18',1811,7,0,2568,'C','3349800011287','2025-10-22 05:10:20'),('2025-09-18',1812,7,0,2568,'C','3349800011287','2025-10-22 05:10:20'),('2025-09-18',1814,7,0,2568,'C','3349800011287','2025-10-22 05:10:20'),('2025-09-18',1816,7,0,2568,'C','3349800011287','2025-10-22 05:10:20'),('2025-09-18',1809,7,0,2568,'C','3349800011287','2025-10-22 05:10:20'),('2025-09-18',1817,7,0,2568,'C','3349800011287','2025-10-22 05:10:20'),('2025-09-18',1863,7,0,2568,'C','3349800011287','2025-10-22 05:10:20'),('2025-09-18',1865,7,0,2568,'C','3349800011287','2025-10-22 05:10:20'),('2025-09-24',1769,7,0,2568,'C','3349800011287','2025-10-22 05:10:45'),('2025-09-24',1810,7,0,2568,'C','3349800011287','2025-10-22 05:10:45'),('2025-09-24',1811,7,0,2568,'C','3349800011287','2025-10-22 05:10:45'),('2025-09-24',1812,7,0,2568,'C','3349800011287','2025-10-22 05:10:45'),('2025-09-24',1814,7,0,2568,'C','3349800011287','2025-10-22 05:10:45'),('2025-09-24',1816,7,0,2568,'C','3349800011287','2025-10-22 05:10:45'),('2025-09-24',1809,7,0,2568,'C','3349800011287','2025-10-22 05:10:45'),('2025-09-24',1817,7,0,2568,'C','3349800011287','2025-10-22 05:10:45'),('2025-09-24',1863,7,0,2568,'C','3349800011287','2025-10-22 05:10:45'),('2025-09-24',1865,7,0,2568,'C','3349800011287','2025-10-22 05:10:45'),('2025-09-25',1769,7,0,2568,'C','3349800011287','2025-10-22 05:10:52'),('2025-09-25',1810,7,0,2568,'C','3349800011287','2025-10-22 05:10:52'),('2025-09-25',1811,7,0,2568,'C','3349800011287','2025-10-22 05:10:52'),('2025-09-25',1812,7,0,2568,'C','3349800011287','2025-10-22 05:10:52'),('2025-09-25',1814,7,0,2568,'C','3349800011287','2025-10-22 05:10:52'),('2025-09-25',1816,7,0,2568,'C','3349800011287','2025-10-22 05:10:52'),('2025-09-25',1809,7,0,2568,'C','3349800011287','2025-10-22 05:10:52'),('2025-09-25',1817,7,0,2568,'C','3349800011287','2025-10-22 05:10:52'),('2025-09-25',1863,7,0,2568,'C','3349800011287','2025-10-22 05:10:52'),('2025-09-25',1865,7,0,2568,'C','3349800011287','2025-10-22 05:10:52'),('2025-09-29',1769,7,0,2568,'C','3349800011287','2025-10-22 05:10:04'),('2025-09-29',1810,7,0,2568,'C','3349800011287','2025-10-22 05:10:04'),('2025-09-29',1811,7,0,2568,'C','3349800011287','2025-10-22 05:10:04'),('2025-09-29',1812,7,0,2568,'C','3349800011287','2025-10-22 05:10:04'),('2025-09-29',1814,7,0,2568,'C','3349800011287','2025-10-22 05:10:04'),('2025-09-29',1816,7,0,2568,'C','3349800011287','2025-10-22 05:10:04'),('2025-09-29',1809,7,0,2568,'C','3349800011287','2025-10-22 05:10:04'),('2025-09-29',1817,7,0,2568,'C','3349800011287','2025-10-22 05:10:04'),('2025-09-29',1863,7,0,2568,'C','3349800011287','2025-10-22 05:10:04'),('2025-09-29',1865,7,0,2568,'C','3349800011287','2025-10-22 05:10:04'),('2025-09-30',1769,7,0,2568,'C','3349800011287','2025-10-22 05:10:11'),('2025-09-30',1810,7,0,2568,'C','3349800011287','2025-10-22 05:10:11'),('2025-09-30',1811,7,0,2568,'C','3349800011287','2025-10-22 05:10:11'),('2025-09-30',1812,7,0,2568,'C','3349800011287','2025-10-22 05:10:11'),('2025-09-30',1814,7,0,2568,'C','3349800011287','2025-10-22 05:10:11'),('2025-09-30',1816,7,0,2568,'C','3349800011287','2025-10-22 05:10:11'),('2025-09-30',1809,7,0,2568,'C','3349800011287','2025-10-22 05:10:11'),('2025-09-30',1817,7,0,2568,'C','3349800011287','2025-10-22 05:10:11'),('2025-09-30',1863,7,0,2568,'C','3349800011287','2025-10-22 05:10:11'),('2025-09-30',1865,7,0,2568,'C','3349800011287','2025-10-22 05:10:11'),('2025-10-01',1769,7,0,2568,'C','3349800011287','2025-10-22 05:10:07'),('2025-10-01',1810,7,0,2568,'C','3349800011287','2025-10-22 05:10:07'),('2025-10-01',1811,7,0,2568,'C','3349800011287','2025-10-22 05:10:07'),('2025-10-01',1812,7,0,2568,'C','3349800011287','2025-10-22 05:10:07'),('2025-10-01',1814,7,0,2568,'C','3349800011287','2025-10-22 05:10:07'),('2025-10-01',1816,7,0,2568,'C','3349800011287','2025-10-22 05:10:07'),('2025-10-01',1809,7,0,2568,'C','3349800011287','2025-10-22 05:10:07'),('2025-10-01',1817,7,0,2568,'C','3349800011287','2025-10-22 05:10:07'),('2025-10-01',1863,7,0,2568,'C','3349800011287','2025-10-22 05:10:07'),('2025-10-01',1865,7,0,2568,'C','3349800011287','2025-10-22 05:10:07'),('2025-09-19',1863,7,0,2568,'C','3349800011287','2025-10-22 06:10:59'),('2025-09-19',1817,7,0,2568,'C','3349800011287','2025-10-22 06:10:59'),('2025-09-19',1809,7,0,2568,'C','3349800011287','2025-10-22 06:10:59'),('2025-09-19',1816,7,0,2568,'C','3349800011287','2025-10-22 06:10:59'),('2025-09-19',1814,7,0,2568,'C','3349800011287','2025-10-22 06:10:59'),('2025-09-19',1812,7,0,2568,'C','3349800011287','2025-10-22 06:10:59'),('2025-09-19',1811,7,0,2568,'C','3349800011287','2025-10-22 06:10:59'),('2025-09-19',1810,7,0,2568,'C','3349800011287','2025-10-22 06:10:59'),('2025-09-19',1769,7,0,2568,'C','3349800011287','2025-10-22 06:10:59'),('2025-10-06',1769,7,0,2568,'C','3349800011287','2025-10-22 05:10:36'),('2025-10-06',1810,7,0,2568,'C','3349800011287','2025-10-22 05:10:36'),('2025-10-06',1811,7,0,2568,'C','3349800011287','2025-10-22 05:10:36'),('2025-10-06',1812,7,0,2568,'C','3349800011287','2025-10-22 05:10:36'),('2025-10-06',1814,7,0,2568,'C','3349800011287','2025-10-22 05:10:36'),('2025-10-06',1816,7,0,2568,'C','3349800011287','2025-10-22 05:10:36'),('2025-10-06',1809,7,0,2568,'C','3349800011287','2025-10-22 05:10:36'),('2025-10-06',1817,7,0,2568,'C','3349800011287','2025-10-22 05:10:36'),('2025-10-06',1863,7,0,2568,'C','3349800011287','2025-10-22 05:10:36'),('2025-10-06',1865,7,0,2568,'C','3349800011287','2025-10-22 05:10:36'),('2025-10-07',1769,7,0,2568,'C','3349800011287','2025-10-22 05:10:44'),('2025-10-07',1810,7,0,2568,'C','3349800011287','2025-10-22 05:10:44'),('2025-10-07',1811,7,0,2568,'C','3349800011287','2025-10-22 05:10:44'),('2025-10-07',1812,7,0,2568,'C','3349800011287','2025-10-22 05:10:44'),('2025-10-07',1814,7,0,2568,'C','3349800011287','2025-10-22 05:10:44'),('2025-10-07',1816,7,0,2568,'C','3349800011287','2025-10-22 05:10:44'),('2025-10-07',1809,7,0,2568,'C','3349800011287','2025-10-22 05:10:44'),('2025-10-07',1817,7,0,2568,'C','3349800011287','2025-10-22 05:10:44'),('2025-10-07',1863,7,0,2568,'C','3349800011287','2025-10-22 05:10:44'),('2025-10-07',1865,7,0,2568,'C','3349800011287','2025-10-22 05:10:44'),('2025-10-08',1769,7,0,2568,'C','3349800011287','2025-10-22 05:10:51'),('2025-10-08',1810,7,0,2568,'C','3349800011287','2025-10-22 05:10:51'),('2025-10-08',1811,7,0,2568,'C','3349800011287','2025-10-22 05:10:51'),('2025-10-08',1812,7,0,2568,'C','3349800011287','2025-10-22 05:10:51'),('2025-10-08',1814,7,0,2568,'C','3349800011287','2025-10-22 05:10:51'),('2025-10-08',1816,7,0,2568,'C','3349800011287','2025-10-22 05:10:51'),('2025-10-08',1809,7,0,2568,'C','3349800011287','2025-10-22 05:10:51'),('2025-10-08',1817,7,0,2568,'C','3349800011287','2025-10-22 05:10:51'),('2025-10-08',1863,7,0,2568,'C','3349800011287','2025-10-22 05:10:51'),('2025-10-08',1865,7,0,2568,'C','3349800011287','2025-10-22 05:10:51'),('2025-10-09',1769,7,0,2568,'C','3349800011287','2025-10-22 05:10:14'),('2025-10-09',1810,7,0,2568,'C','3349800011287','2025-10-22 05:10:14'),('2025-10-09',1811,7,0,2568,'C','3349800011287','2025-10-22 05:10:14'),('2025-10-09',1812,7,0,2568,'C','3349800011287','2025-10-22 05:10:14'),('2025-10-09',1814,7,0,2568,'C','3349800011287','2025-10-22 05:10:14'),('2025-10-09',1816,7,0,2568,'C','3349800011287','2025-10-22 05:10:14'),('2025-10-09',1809,7,0,2568,'C','3349800011287','2025-10-22 05:10:14'),('2025-10-09',1817,7,0,2568,'C','3349800011287','2025-10-22 05:10:14'),('2025-10-09',1863,7,0,2568,'C','3349800011287','2025-10-22 05:10:14'),('2025-10-09',1865,7,0,2568,'C','3349800011287','2025-10-22 05:10:14'),('2025-10-10',1769,7,0,2568,'C','3349800011287','2025-10-22 05:10:03'),('2025-10-10',1810,7,0,2568,'C','3349800011287','2025-10-22 05:10:03'),('2025-10-10',1811,7,0,2568,'C','3349800011287','2025-10-22 05:10:03'),('2025-10-10',1812,7,0,2568,'C','3349800011287','2025-10-22 05:10:03'),('2025-10-10',1814,7,0,2568,'C','3349800011287','2025-10-22 05:10:03'),('2025-10-10',1816,7,0,2568,'C','3349800011287','2025-10-22 05:10:03'),('2025-10-10',1809,7,0,2568,'C','3349800011287','2025-10-22 05:10:03'),('2025-10-10',1817,7,0,2568,'C','3349800011287','2025-10-22 05:10:03'),('2025-10-10',1863,7,0,2568,'C','3349800011287','2025-10-22 05:10:03'),('2025-10-10',1865,7,0,2568,'C','3349800011287','2025-10-22 05:10:03'),('2025-08-08',1783,9,0,2568,'C','5330100104353','2025-10-22 07:10:21'),('2025-08-08',1782,9,0,2568,'C','5330100104353','2025-10-22 07:10:21'),('2025-08-08',1780,9,0,2568,'C','5330100104353','2025-10-22 07:10:21'),('2025-08-08',1778,9,0,2568,'C','5330100104353','2025-10-22 07:10:21'),('2025-08-08',1776,9,0,2568,'C','5330100104353','2025-10-22 07:10:21'),('2025-08-08',1775,9,0,2568,'C','5330100104353','2025-10-22 07:10:21'),('2025-08-08',1774,9,0,2568,'C','5330100104353','2025-10-22 07:10:21'),('2025-08-08',1773,9,0,2568,'C','5330100104353','2025-10-22 07:10:21'),('2025-08-08',1772,9,0,2568,'C','5330100104353','2025-10-22 07:10:21'),('2025-06-06',1769,7,0,2568,'C','3349800011287','2025-10-22 06:10:29'),('2025-06-06',1810,7,0,2568,'C','3349800011287','2025-10-22 06:10:29'),('2025-06-06',1811,7,0,2568,'C','3349800011287','2025-10-22 06:10:29'),('2025-06-06',1812,7,0,2568,'C','3349800011287','2025-10-22 06:10:29'),('2025-06-06',1814,7,0,2568,'C','3349800011287','2025-10-22 06:10:29'),('2025-06-06',1816,7,0,2568,'C','3349800011287','2025-10-22 06:10:29'),('2025-06-06',1809,7,0,2568,'C','3349800011287','2025-10-22 06:10:29'),('2025-06-06',1817,7,0,2568,'C','3349800011287','2025-10-22 06:10:29'),('2025-06-06',1863,7,0,2568,'C','3349800011287','2025-10-22 06:10:29'),('2025-06-06',1865,7,0,2568,'C','3349800011287','2025-10-22 06:10:29'),('2025-09-19',1865,7,0,2568,'C','3349800011287','2025-10-22 06:10:59'),('2025-06-24',1769,7,0,2568,'C','3349800011287','2025-10-22 06:10:29'),('2025-06-24',1810,7,0,2568,'C','3349800011287','2025-10-22 06:10:29'),('2025-06-24',1811,7,0,2568,'C','3349800011287','2025-10-22 06:10:29'),('2025-06-24',1812,7,0,2568,'C','3349800011287','2025-10-22 06:10:29'),('2025-06-24',1814,7,0,2568,'C','3349800011287','2025-10-22 06:10:29'),('2025-06-24',1816,7,0,2568,'C','3349800011287','2025-10-22 06:10:29'),('2025-06-24',1809,7,0,2568,'C','3349800011287','2025-10-22 06:10:29'),('2025-06-24',1817,7,0,2568,'C','3349800011287','2025-10-22 06:10:29'),('2025-06-24',1863,7,0,2568,'C','3349800011287','2025-10-22 06:10:29'),('2025-06-24',1865,7,0,2568,'C','3349800011287','2025-10-22 06:10:29'),('2025-08-08',1784,9,0,2568,'C','5330100104353','2025-10-22 07:10:21'),('2025-08-08',1785,9,0,2568,'C','5330100104353','2025-10-22 07:10:21'),('2025-08-08',1804,9,0,2568,'C','5330100104353','2025-10-22 07:10:21'),('2025-08-08',1847,9,0,2568,'C','5330100104353','2025-10-22 07:10:21'),('2025-08-08',1797,9,0,2568,'C','5330100104353','2025-10-22 07:10:21'),('2025-08-15',1772,9,0,2568,'C','5330100104353','2025-10-22 07:10:45'),('2025-08-15',1773,9,0,2568,'C','5330100104353','2025-10-22 07:10:45'),('2025-08-15',1774,9,0,2568,'C','5330100104353','2025-10-22 07:10:45'),('2025-08-15',1775,9,0,2568,'C','5330100104353','2025-10-22 07:10:45'),('2025-08-15',1776,9,0,2568,'C','5330100104353','2025-10-22 07:10:45'),('2025-08-15',1778,9,0,2568,'C','5330100104353','2025-10-22 07:10:45'),('2025-08-15',1780,9,0,2568,'C','5330100104353','2025-10-22 07:10:45'),('2025-08-15',1782,9,0,2568,'C','5330100104353','2025-10-22 07:10:45'),('2025-08-15',1783,9,0,2568,'C','5330100104353','2025-10-22 07:10:45'),('2025-08-15',1784,9,0,2568,'C','5330100104353','2025-10-22 07:10:45'),('2025-08-15',1785,9,0,2568,'C','5330100104353','2025-10-22 07:10:45'),('2025-08-15',1804,9,0,2568,'C','5330100104353','2025-10-22 07:10:45'),('2025-08-15',1847,9,0,2568,'C','5330100104353','2025-10-22 07:10:45'),('2025-08-15',1797,9,0,2568,'C','5330100104353','2025-10-22 07:10:45'),('2025-10-02',1772,9,0,2568,'C','5330100104353','2025-10-22 07:10:06'),('2025-10-02',1773,9,0,2568,'C','5330100104353','2025-10-22 07:10:06'),('2025-10-02',1774,9,0,2568,'C','5330100104353','2025-10-22 07:10:06'),('2025-10-02',1775,9,0,2568,'C','5330100104353','2025-10-22 07:10:06'),('2025-10-02',1776,9,0,2568,'C','5330100104353','2025-10-22 07:10:06'),('2025-10-02',1778,9,0,2568,'C','5330100104353','2025-10-22 07:10:06'),('2025-10-02',1780,9,0,2568,'C','5330100104353','2025-10-22 07:10:06'),('2025-10-02',1782,9,0,2568,'C','5330100104353','2025-10-22 07:10:06'),('2025-10-02',1783,9,0,2568,'C','5330100104353','2025-10-22 07:10:06'),('2025-10-02',1784,9,0,2568,'C','5330100104353','2025-10-22 07:10:06'),('2025-10-02',1785,9,0,2568,'C','5330100104353','2025-10-22 07:10:06'),('2025-10-02',1804,9,0,2568,'C','5330100104353','2025-10-22 07:10:06'),('2025-10-02',1847,9,0,2568,'C','5330100104353','2025-10-22 07:10:06'),('2025-10-02',1797,9,0,2568,'C','5330100104353','2025-10-22 07:10:06'),('2025-10-07',1767,8,0,2568,'C','3349800051661','2025-10-22 09:10:20'),('2025-10-07',1770,8,0,2568,'C','3349800051661','2025-10-22 09:10:20'),('2025-10-07',1771,8,0,2568,'C','3349800051661','2025-10-22 09:10:20'),('2025-10-07',1798,8,0,2568,'C','3349800051661','2025-10-22 09:10:20'),('2025-10-07',1799,8,0,2568,'C','3349800051661','2025-10-22 09:10:20'),('2025-10-07',1800,8,0,2568,'C','3349800051661','2025-10-22 09:10:20'),('2025-10-07',1801,8,0,2568,'C','3349800051661','2025-10-22 09:10:20'),('2025-10-07',1802,8,0,2568,'C','3349800051661','2025-10-22 09:10:20'),('2025-10-07',1830,8,0,2568,'C','3349800051661','2025-10-22 09:10:20'),('2025-10-07',1833,8,0,2568,'C','3349800051661','2025-10-22 09:10:20'),('2025-10-07',1834,8,0,2568,'C','3349800051661','2025-10-22 09:10:20'),('2025-10-07',1858,8,0,2568,'C','3349800051661','2025-10-22 09:10:20'),('2025-10-07',1864,8,0,2568,'C','3349800051661','2025-10-22 09:10:20'),('2025-10-08',1767,8,0,2568,'C','3349800051661','2025-10-22 09:10:25'),('2025-10-08',1770,8,0,2568,'C','3349800051661','2025-10-22 09:10:25'),('2025-10-08',1771,8,0,2568,'C','3349800051661','2025-10-22 09:10:25'),('2025-10-08',1798,8,0,2568,'C','3349800051661','2025-10-22 09:10:25'),('2025-10-08',1799,8,0,2568,'C','3349800051661','2025-10-22 09:10:25'),('2025-10-08',1800,8,0,2568,'C','3349800051661','2025-10-22 09:10:25'),('2025-10-08',1801,8,0,2568,'C','3349800051661','2025-10-22 09:10:25'),('2025-10-08',1802,8,0,2568,'C','3349800051661','2025-10-22 09:10:25'),('2025-10-08',1830,8,0,2568,'C','3349800051661','2025-10-22 09:10:25'),('2025-10-08',1833,8,0,2568,'C','3349800051661','2025-10-22 09:10:25'),('2025-10-08',1834,8,0,2568,'C','3349800051661','2025-10-22 09:10:25'),('2025-10-08',1858,8,0,2568,'C','3349800051661','2025-10-22 09:10:25'),('2025-10-08',1864,8,0,2568,'C','3349800051661','2025-10-22 09:10:25'),('2025-10-09',1767,8,0,2568,'C','3349800051661','2025-10-22 09:10:31'),('2025-10-09',1770,8,0,2568,'C','3349800051661','2025-10-22 09:10:31'),('2025-10-09',1771,8,0,2568,'C','3349800051661','2025-10-22 09:10:31'),('2025-10-09',1798,8,0,2568,'C','3349800051661','2025-10-22 09:10:31'),('2025-10-09',1799,8,0,2568,'C','3349800051661','2025-10-22 09:10:31'),('2025-10-09',1800,8,0,2568,'C','3349800051661','2025-10-22 09:10:31'),('2025-10-09',1801,8,0,2568,'C','3349800051661','2025-10-22 09:10:31'),('2025-10-09',1802,8,0,2568,'C','3349800051661','2025-10-22 09:10:31'),('2025-10-09',1830,8,0,2568,'C','3349800051661','2025-10-22 09:10:31'),('2025-10-09',1833,8,0,2568,'C','3349800051661','2025-10-22 09:10:31'),('2025-10-09',1834,8,0,2568,'C','3349800051661','2025-10-22 09:10:31'),('2025-10-09',1858,8,0,2568,'C','3349800051661','2025-10-22 09:10:31'),('2025-10-09',1864,8,0,2568,'C','3349800051661','2025-10-22 09:10:31'),('2025-10-10',1767,8,0,2568,'C','3349800051661','2025-10-22 09:10:39'),('2025-10-10',1770,8,0,2568,'C','3349800051661','2025-10-22 09:10:39'),('2025-10-10',1771,8,0,2568,'C','3349800051661','2025-10-22 09:10:39'),('2025-10-10',1798,8,0,2568,'C','3349800051661','2025-10-22 09:10:39'),('2025-10-10',1799,8,0,2568,'C','3349800051661','2025-10-22 09:10:39'),('2025-10-10',1800,8,0,2568,'C','3349800051661','2025-10-22 09:10:39'),('2025-10-10',1801,8,0,2568,'C','3349800051661','2025-10-22 09:10:39'),('2025-10-10',1802,8,0,2568,'C','3349800051661','2025-10-22 09:10:39'),('2025-10-10',1830,8,0,2568,'C','3349800051661','2025-10-22 09:10:39'),('2025-10-10',1833,8,0,2568,'C','3349800051661','2025-10-22 09:10:39'),('2025-10-10',1834,8,0,2568,'C','3349800051661','2025-10-22 09:10:39'),('2025-10-10',1858,8,0,2568,'C','3349800051661','2025-10-22 09:10:39'),('2025-10-10',1864,8,0,2568,'C','3349800051661','2025-10-22 09:10:39'),('2025-09-09',1767,8,0,2568,'C','3349800051661','2025-10-22 09:10:59'),('2025-09-09',1770,8,0,2568,'C','3349800051661','2025-10-22 09:10:59'),('2025-09-09',1771,8,0,2568,'C','3349800051661','2025-10-22 09:10:59'),('2025-09-09',1798,8,0,2568,'C','3349800051661','2025-10-22 09:10:59'),('2025-09-09',1799,8,0,2568,'C','3349800051661','2025-10-22 09:10:59'),('2025-09-09',1800,8,0,2568,'C','3349800051661','2025-10-22 09:10:59'),('2025-09-09',1801,8,0,2568,'C','3349800051661','2025-10-22 09:10:59'),('2025-09-09',1802,8,0,2568,'W','3349800051661','2025-10-22 09:10:59'),('2025-09-09',1830,8,0,2568,'C','3349800051661','2025-10-22 09:10:59'),('2025-09-09',1833,8,0,2568,'C','3349800051661','2025-10-22 09:10:59'),('2025-09-09',1834,8,0,2568,'C','3349800051661','2025-10-22 09:10:59'),('2025-09-09',1858,8,0,2568,'C','3349800051661','2025-10-22 09:10:59'),('2025-09-09',1864,8,0,2568,'C','3349800051661','2025-10-22 09:10:59'),('2025-09-11',1767,8,0,2568,'C','3349800051661','2025-10-22 09:10:25'),('2025-09-11',1770,8,0,2568,'C','3349800051661','2025-10-22 09:10:25'),('2025-09-11',1771,8,0,2568,'C','3349800051661','2025-10-22 09:10:25'),('2025-09-11',1798,8,0,2568,'C','3349800051661','2025-10-22 09:10:25'),('2025-09-11',1799,8,0,2568,'C','3349800051661','2025-10-22 09:10:25'),('2025-09-11',1800,8,0,2568,'C','3349800051661','2025-10-22 09:10:25'),('2025-09-11',1801,8,0,2568,'C','3349800051661','2025-10-22 09:10:25'),('2025-09-11',1802,8,0,2568,'C','3349800051661','2025-10-22 09:10:25'),('2025-09-11',1830,8,0,2568,'C','3349800051661','2025-10-22 09:10:25'),('2025-09-11',1833,8,0,2568,'C','3349800051661','2025-10-22 09:10:25'),('2025-09-11',1834,8,0,2568,'C','3349800051661','2025-10-22 09:10:25'),('2025-09-11',1858,8,0,2568,'C','3349800051661','2025-10-22 09:10:25'),('2025-09-11',1864,8,0,2568,'C','3349800051661','2025-10-22 09:10:25'),('2025-09-12',1767,8,0,2568,'C','3349800051661','2025-10-22 09:10:31'),('2025-09-12',1770,8,0,2568,'C','3349800051661','2025-10-22 09:10:31'),('2025-09-12',1771,8,0,2568,'C','3349800051661','2025-10-22 09:10:31'),('2025-09-12',1798,8,0,2568,'C','3349800051661','2025-10-22 09:10:31'),('2025-09-12',1799,8,0,2568,'C','3349800051661','2025-10-22 09:10:31'),('2025-09-12',1800,8,0,2568,'C','3349800051661','2025-10-22 09:10:31'),('2025-09-12',1801,8,0,2568,'C','3349800051661','2025-10-22 09:10:31'),('2025-09-12',1802,8,0,2568,'C','3349800051661','2025-10-22 09:10:31'),('2025-09-12',1830,8,0,2568,'C','3349800051661','2025-10-22 09:10:31'),('2025-09-12',1833,8,0,2568,'C','3349800051661','2025-10-22 09:10:31'),('2025-09-12',1834,8,0,2568,'C','3349800051661','2025-10-22 09:10:31'),('2025-09-12',1858,8,0,2568,'C','3349800051661','2025-10-22 09:10:31'),('2025-09-12',1864,8,0,2568,'C','3349800051661','2025-10-22 09:10:31'),('2025-09-15',1767,8,0,2568,'C','3349800051661','2025-10-22 09:10:40'),('2025-09-15',1770,8,0,2568,'C','3349800051661','2025-10-22 09:10:40'),('2025-09-15',1771,8,0,2568,'C','3349800051661','2025-10-22 09:10:40'),('2025-09-15',1798,8,0,2568,'C','3349800051661','2025-10-22 09:10:40'),('2025-09-15',1799,8,0,2568,'C','3349800051661','2025-10-22 09:10:40'),('2025-09-15',1800,8,0,2568,'C','3349800051661','2025-10-22 09:10:40'),('2025-09-15',1801,8,0,2568,'C','3349800051661','2025-10-22 09:10:40'),('2025-09-15',1802,8,0,2568,'L','3349800051661','2025-10-22 09:10:40'),('2025-09-15',1830,8,0,2568,'C','3349800051661','2025-10-22 09:10:40'),('2025-09-15',1833,8,0,2568,'S','3349800051661','2025-10-22 09:10:40'),('2025-09-15',1834,8,0,2568,'C','3349800051661','2025-10-22 09:10:40'),('2025-09-15',1858,8,0,2568,'C','3349800051661','2025-10-22 09:10:40'),('2025-09-15',1864,8,0,2568,'C','3349800051661','2025-10-22 09:10:40'),('2025-09-16',1767,8,0,2568,'C','3349800051661','2025-10-22 09:10:52'),('2025-09-16',1770,8,0,2568,'C','3349800051661','2025-10-22 09:10:52'),('2025-09-16',1771,8,0,2568,'C','3349800051661','2025-10-22 09:10:52'),('2025-09-16',1798,8,0,2568,'C','3349800051661','2025-10-22 09:10:52'),('2025-09-16',1799,8,0,2568,'C','3349800051661','2025-10-22 09:10:52'),('2025-09-16',1800,8,0,2568,'C','3349800051661','2025-10-22 09:10:52'),('2025-09-16',1801,8,0,2568,'C','3349800051661','2025-10-22 09:10:52'),('2025-09-16',1802,8,0,2568,'C','3349800051661','2025-10-22 09:10:52'),('2025-09-16',1830,8,0,2568,'C','3349800051661','2025-10-22 09:10:52'),('2025-09-16',1833,8,0,2568,'S','3349800051661','2025-10-22 09:10:52'),('2025-09-16',1834,8,0,2568,'C','3349800051661','2025-10-22 09:10:52'),('2025-09-16',1858,8,0,2568,'C','3349800051661','2025-10-22 09:10:52'),('2025-09-16',1864,8,0,2568,'C','3349800051661','2025-10-22 09:10:52'),('2025-09-17',1767,8,0,2568,'C','3349800051661','2025-10-22 09:10:01'),('2025-09-17',1770,8,0,2568,'C','3349800051661','2025-10-22 09:10:01'),('2025-09-17',1771,8,0,2568,'C','3349800051661','2025-10-22 09:10:01'),('2025-09-17',1798,8,0,2568,'C','3349800051661','2025-10-22 09:10:01'),('2025-09-17',1799,8,0,2568,'C','3349800051661','2025-10-22 09:10:01'),('2025-09-17',1800,8,0,2568,'C','3349800051661','2025-10-22 09:10:01'),('2025-09-17',1801,8,0,2568,'C','3349800051661','2025-10-22 09:10:01'),('2025-09-17',1802,8,0,2568,'C','3349800051661','2025-10-22 09:10:01'),('2025-09-17',1830,8,0,2568,'C','3349800051661','2025-10-22 09:10:01'),('2025-09-17',1833,8,0,2568,'S','3349800051661','2025-10-22 09:10:01'),('2025-09-17',1834,8,0,2568,'C','3349800051661','2025-10-22 09:10:01'),('2025-09-17',1858,8,0,2568,'C','3349800051661','2025-10-22 09:10:01'),('2025-09-17',1864,8,0,2568,'C','3349800051661','2025-10-22 09:10:01'),('2025-09-18',1767,8,0,2568,'C','3349800051661','2025-10-22 09:10:46'),('2025-09-18',1770,8,0,2568,'C','3349800051661','2025-10-22 09:10:46'),('2025-09-18',1771,8,0,2568,'L','3349800051661','2025-10-22 09:10:46'),('2025-09-18',1798,8,0,2568,'C','3349800051661','2025-10-22 09:10:46'),('2025-09-18',1799,8,0,2568,'C','3349800051661','2025-10-22 09:10:46'),('2025-09-18',1800,8,0,2568,'C','3349800051661','2025-10-22 09:10:46'),('2025-09-18',1801,8,0,2568,'L','3349800051661','2025-10-22 09:10:46'),('2025-09-18',1802,8,0,2568,'C','3349800051661','2025-10-22 09:10:46'),('2025-09-18',1830,8,0,2568,'C','3349800051661','2025-10-22 09:10:46'),('2025-09-18',1833,8,0,2568,'C','3349800051661','2025-10-22 09:10:46'),('2025-09-18',1834,8,0,2568,'C','3349800051661','2025-10-22 09:10:46'),('2025-09-18',1858,8,0,2568,'C','3349800051661','2025-10-22 09:10:46'),('2025-09-18',1864,8,0,2568,'C','3349800051661','2025-10-22 09:10:46'),('2025-09-19',1767,8,0,2568,'C','3349800051661','2025-10-22 09:10:26'),('2025-09-19',1770,8,0,2568,'C','3349800051661','2025-10-22 09:10:26'),('2025-09-19',1771,8,0,2568,'C','3349800051661','2025-10-22 09:10:26'),('2025-09-19',1798,8,0,2568,'C','3349800051661','2025-10-22 09:10:26'),('2025-09-19',1799,8,0,2568,'C','3349800051661','2025-10-22 09:10:26'),('2025-09-19',1800,8,0,2568,'C','3349800051661','2025-10-22 09:10:26'),('2025-09-19',1801,8,0,2568,'C','3349800051661','2025-10-22 09:10:26'),('2025-09-19',1802,8,0,2568,'C','3349800051661','2025-10-22 09:10:26'),('2025-09-19',1830,8,0,2568,'C','3349800051661','2025-10-22 09:10:26'),('2025-09-19',1833,8,0,2568,'C','3349800051661','2025-10-22 09:10:26'),('2025-09-19',1834,8,0,2568,'C','3349800051661','2025-10-22 09:10:26'),('2025-09-19',1858,8,0,2568,'C','3349800051661','2025-10-22 09:10:26'),('2025-09-19',1864,8,0,2568,'C','3349800051661','2025-10-22 09:10:26'),('2025-09-22',1767,8,0,2568,'C','3349800051661','2025-10-22 09:10:54'),('2025-09-22',1770,8,0,2568,'C','3349800051661','2025-10-22 09:10:54'),('2025-09-22',1771,8,0,2568,'C','3349800051661','2025-10-22 09:10:54'),('2025-09-22',1798,8,0,2568,'C','3349800051661','2025-10-22 09:10:54'),('2025-09-22',1799,8,0,2568,'C','3349800051661','2025-10-22 09:10:54'),('2025-09-22',1800,8,0,2568,'C','3349800051661','2025-10-22 09:10:54'),('2025-09-22',1801,8,0,2568,'C','3349800051661','2025-10-22 09:10:54'),('2025-09-22',1802,8,0,2568,'C','3349800051661','2025-10-22 09:10:54'),('2025-09-22',1830,8,0,2568,'C','3349800051661','2025-10-22 09:10:54'),('2025-09-22',1833,8,0,2568,'C','3349800051661','2025-10-22 09:10:54'),('2025-09-22',1834,8,0,2568,'C','3349800051661','2025-10-22 09:10:54'),('2025-09-22',1858,8,0,2568,'C','3349800051661','2025-10-22 09:10:54'),('2025-09-22',1864,8,0,2568,'C','3349800051661','2025-10-22 09:10:54'),('2025-09-23',1767,8,0,2568,'C','3349800051661','2025-10-22 09:10:03'),('2025-09-23',1770,8,0,2568,'C','3349800051661','2025-10-22 09:10:03'),('2025-09-23',1771,8,0,2568,'C','3349800051661','2025-10-22 09:10:03'),('2025-09-23',1798,8,0,2568,'C','3349800051661','2025-10-22 09:10:03'),('2025-09-23',1799,8,0,2568,'C','3349800051661','2025-10-22 09:10:03'),('2025-09-23',1800,8,0,2568,'C','3349800051661','2025-10-22 09:10:03'),('2025-09-23',1801,8,0,2568,'C','3349800051661','2025-10-22 09:10:03'),('2025-09-23',1802,8,0,2568,'C','3349800051661','2025-10-22 09:10:03'),('2025-09-23',1830,8,0,2568,'C','3349800051661','2025-10-22 09:10:03'),('2025-09-23',1833,8,0,2568,'C','3349800051661','2025-10-22 09:10:03'),('2025-09-23',1834,8,0,2568,'C','3349800051661','2025-10-22 09:10:03'),('2025-09-23',1858,8,0,2568,'C','3349800051661','2025-10-22 09:10:03'),('2025-09-23',1864,8,0,2568,'C','3349800051661','2025-10-22 09:10:03'),('2025-09-25',1767,8,0,2568,'C','3349800051661','2025-10-22 09:10:22'),('2025-09-25',1770,8,0,2568,'C','3349800051661','2025-10-22 09:10:22'),('2025-09-25',1771,8,0,2568,'C','3349800051661','2025-10-22 09:10:22'),('2025-09-25',1798,8,0,2568,'C','3349800051661','2025-10-22 09:10:22'),('2025-09-25',1799,8,0,2568,'C','3349800051661','2025-10-22 09:10:22'),('2025-09-25',1800,8,0,2568,'C','3349800051661','2025-10-22 09:10:22'),('2025-09-25',1801,8,0,2568,'L','3349800051661','2025-10-22 09:10:22'),('2025-09-25',1802,8,0,2568,'C','3349800051661','2025-10-22 09:10:22'),('2025-09-25',1830,8,0,2568,'C','3349800051661','2025-10-22 09:10:22'),('2025-09-25',1833,8,0,2568,'C','3349800051661','2025-10-22 09:10:22'),('2025-09-25',1834,8,0,2568,'W','3349800051661','2025-10-22 09:10:22'),('2025-09-25',1858,8,0,2568,'C','3349800051661','2025-10-22 09:10:22'),('2025-09-25',1864,8,0,2568,'C','3349800051661','2025-10-22 09:10:22'),('2025-09-26',1767,8,0,2568,'C','3349800051661','2025-10-22 09:10:28'),('2025-09-26',1770,8,0,2568,'C','3349800051661','2025-10-22 09:10:28'),('2025-09-26',1771,8,0,2568,'C','3349800051661','2025-10-22 09:10:28'),('2025-09-26',1798,8,0,2568,'C','3349800051661','2025-10-22 09:10:28'),('2025-09-26',1799,8,0,2568,'C','3349800051661','2025-10-22 09:10:28'),('2025-09-26',1800,8,0,2568,'C','3349800051661','2025-10-22 09:10:28'),('2025-09-26',1801,8,0,2568,'C','3349800051661','2025-10-22 09:10:28'),('2025-09-26',1802,8,0,2568,'C','3349800051661','2025-10-22 09:10:28'),('2025-09-26',1830,8,0,2568,'C','3349800051661','2025-10-22 09:10:28'),('2025-09-26',1833,8,0,2568,'C','3349800051661','2025-10-22 09:10:28'),('2025-09-26',1834,8,0,2568,'C','3349800051661','2025-10-22 09:10:28'),('2025-09-26',1858,8,0,2568,'C','3349800051661','2025-10-22 09:10:28'),('2025-09-26',1864,8,0,2568,'C','3349800051661','2025-10-22 09:10:28'),('2025-09-29',1767,8,0,2568,'C','3349800051661','2025-10-22 09:10:35'),('2025-09-29',1770,8,0,2568,'C','3349800051661','2025-10-22 09:10:35'),('2025-09-29',1771,8,0,2568,'C','3349800051661','2025-10-22 09:10:35'),('2025-09-29',1798,8,0,2568,'C','3349800051661','2025-10-22 09:10:35'),('2025-09-29',1799,8,0,2568,'C','3349800051661','2025-10-22 09:10:35'),('2025-09-29',1800,8,0,2568,'C','3349800051661','2025-10-22 09:10:35'),('2025-09-29',1801,8,0,2568,'C','3349800051661','2025-10-22 09:10:35'),('2025-09-29',1802,8,0,2568,'C','3349800051661','2025-10-22 09:10:35'),('2025-09-29',1830,8,0,2568,'C','3349800051661','2025-10-22 09:10:35'),('2025-09-29',1833,8,0,2568,'C','3349800051661','2025-10-22 09:10:35'),('2025-09-29',1834,8,0,2568,'C','3349800051661','2025-10-22 09:10:35'),('2025-09-29',1858,8,0,2568,'C','3349800051661','2025-10-22 09:10:35'),('2025-09-29',1864,8,0,2568,'C','3349800051661','2025-10-22 09:10:35'),('2025-09-30',1767,8,0,2568,'C','3349800051661','2025-10-22 09:10:40'),('2025-09-30',1770,8,0,2568,'C','3349800051661','2025-10-22 09:10:40'),('2025-09-30',1771,8,0,2568,'C','3349800051661','2025-10-22 09:10:40'),('2025-09-30',1798,8,0,2568,'C','3349800051661','2025-10-22 09:10:40'),('2025-09-30',1799,8,0,2568,'C','3349800051661','2025-10-22 09:10:40'),('2025-09-30',1800,8,0,2568,'C','3349800051661','2025-10-22 09:10:40'),('2025-09-30',1801,8,0,2568,'C','3349800051661','2025-10-22 09:10:40'),('2025-09-30',1802,8,0,2568,'C','3349800051661','2025-10-22 09:10:40'),('2025-09-30',1830,8,0,2568,'C','3349800051661','2025-10-22 09:10:40'),('2025-09-30',1833,8,0,2568,'C','3349800051661','2025-10-22 09:10:40'),('2025-09-30',1834,8,0,2568,'C','3349800051661','2025-10-22 09:10:40'),('2025-09-30',1858,8,0,2568,'C','3349800051661','2025-10-22 09:10:40'),('2025-09-30',1864,8,0,2568,'C','3349800051661','2025-10-22 09:10:40'),('2025-11-04',1847,9,0,2568,'L','5330100104353','2025-11-04 02:11:31'),('2025-11-04',1797,9,0,2568,'C','5330100104353','2025-11-04 02:11:31'),('2025-11-03',1767,8,0,2568,'C','3349800051661','2025-11-06 02:11:48'),('2025-11-03',1770,8,0,2568,'S','3349800051661','2025-11-06 02:11:48'),('2025-11-03',1771,8,0,2568,'C','3349800051661','2025-11-06 02:11:48'),('2025-11-03',1798,8,0,2568,'C','3349800051661','2025-11-06 02:11:48'),('2025-11-03',1799,8,0,2568,'C','3349800051661','2025-11-06 02:11:48'),('2025-11-03',1800,8,0,2568,'C','3349800051661','2025-11-06 02:11:48'),('2025-11-03',1801,8,0,2568,'C','3349800051661','2025-11-06 02:11:48'),('2025-11-03',1802,8,0,2568,'C','3349800051661','2025-11-06 02:11:48'),('2025-11-03',1830,8,0,2568,'C','3349800051661','2025-11-06 02:11:48'),('2025-11-03',1833,8,0,2568,'C','3349800051661','2025-11-06 02:11:48'),('2025-11-03',1834,8,0,2568,'C','3349800051661','2025-11-06 02:11:48'),('2025-11-03',1858,8,0,2568,'C','3349800051661','2025-11-06 02:11:48'),('2025-11-03',1864,8,0,2568,'C','3349800051661','2025-11-06 02:11:48'),('2025-11-04',1767,8,0,2568,'C','3349800051661','2025-11-06 02:11:13'),('2025-11-04',1770,8,0,2568,'C','3349800051661','2025-11-06 02:11:13'),('2025-11-04',1771,8,0,2568,'C','3349800051661','2025-11-06 02:11:13'),('2025-11-04',1798,8,0,2568,'C','3349800051661','2025-11-06 02:11:13'),('2025-11-04',1799,8,0,2568,'C','3349800051661','2025-11-06 02:11:13'),('2025-11-04',1800,8,0,2568,'C','3349800051661','2025-11-06 02:11:13'),('2025-11-04',1801,8,0,2568,'C','3349800051661','2025-11-06 02:11:13'),('2025-11-04',1802,8,0,2568,'C','3349800051661','2025-11-06 02:11:13'),('2025-11-04',1830,8,0,2568,'C','3349800051661','2025-11-06 02:11:13'),('2025-11-04',1833,8,0,2568,'C','3349800051661','2025-11-06 02:11:13'),('2025-11-04',1834,8,0,2568,'C','3349800051661','2025-11-06 02:11:13'),('2025-11-04',1858,8,0,2568,'C','3349800051661','2025-11-06 02:11:13'),('2025-11-04',1864,8,0,2568,'C','3349800051661','2025-11-06 02:11:13'),('2025-11-05',1767,8,0,2568,'C','3349800051661','2025-11-06 02:11:38'),('2025-11-05',1770,8,0,2568,'C','3349800051661','2025-11-06 02:11:38'),('2025-11-05',1771,8,0,2568,'C','3349800051661','2025-11-06 02:11:38'),('2025-11-05',1798,8,0,2568,'C','3349800051661','2025-11-06 02:11:38'),('2025-11-05',1799,8,0,2568,'C','3349800051661','2025-11-06 02:11:38'),('2025-11-05',1800,8,0,2568,'C','3349800051661','2025-11-06 02:11:38'),('2025-11-05',1801,8,0,2568,'C','3349800051661','2025-11-06 02:11:38'),('2025-11-05',1802,8,0,2568,'C','3349800051661','2025-11-06 02:11:38'),('2025-11-05',1830,8,0,2568,'C','3349800051661','2025-11-06 02:11:38'),('2025-11-05',1833,8,0,2568,'C','3349800051661','2025-11-06 02:11:38'),('2025-11-05',1834,8,0,2568,'C','3349800051661','2025-11-06 02:11:38'),('2025-11-05',1858,8,0,2568,'C','3349800051661','2025-11-06 02:11:38'),('2025-11-05',1864,8,0,2568,'C','3349800051661','2025-11-06 02:11:38'),('2025-11-06',1767,8,0,2568,'C','3349800051661','2025-11-06 02:11:39'),('2025-11-06',1770,8,0,2568,'C','3349800051661','2025-11-06 02:11:39'),('2025-11-06',1771,8,0,2568,'C','3349800051661','2025-11-06 02:11:39'),('2025-11-06',1798,8,0,2568,'C','3349800051661','2025-11-06 02:11:39'),('2025-11-06',1799,8,0,2568,'C','3349800051661','2025-11-06 02:11:39'),('2025-11-06',1800,8,0,2568,'S','3349800051661','2025-11-06 02:11:39'),('2025-11-06',1801,8,0,2568,'L','3349800051661','2025-11-06 02:11:39'),('2025-11-06',1802,8,0,2568,'C','3349800051661','2025-11-06 02:11:39'),('2025-11-06',1830,8,0,2568,'C','3349800051661','2025-11-06 02:11:39'),('2025-11-06',1833,8,0,2568,'W','3349800051661','2025-11-06 02:11:39'),('2025-11-06',1834,8,0,2568,'L','3349800051661','2025-11-06 02:11:39'),('2025-11-06',1858,8,0,2568,'C','3349800051661','2025-11-06 02:11:39'),('2025-11-06',1864,8,0,2568,'C','3349800051661','2025-11-06 02:11:39'),('2025-11-10',1769,7,0,2568,'C','3349800011287','2025-11-18 10:11:43'),('2025-11-10',1810,7,0,2568,'C','3349800011287','2025-11-18 10:11:43'),('2025-11-10',1811,7,0,2568,'C','3349800011287','2025-11-18 10:11:43'),('2025-11-10',1812,7,0,2568,'C','3349800011287','2025-11-18 10:11:43'),('2025-11-10',1814,7,0,2568,'C','3349800011287','2025-11-18 10:11:43'),('2025-11-10',1816,7,0,2568,'C','3349800011287','2025-11-18 10:11:43'),('2025-11-10',1809,7,0,2568,'C','3349800011287','2025-11-18 10:11:43'),('2025-11-10',1817,7,0,2568,'C','3349800011287','2025-11-18 10:11:43'),('2025-11-10',1863,7,0,2568,'C','3349800011287','2025-11-18 10:11:43'),('2025-11-10',1865,7,0,2568,'C','3349800011287','2025-11-18 10:11:43'),('2025-11-10',1772,9,0,2568,'C','5330100104353','2025-11-12 06:11:52'),('2025-11-10',1773,9,0,2568,'C','5330100104353','2025-11-12 06:11:52'),('2025-11-10',1774,9,0,2568,'C','5330100104353','2025-11-12 06:11:52'),('2025-11-10',1775,9,0,2568,'C','5330100104353','2025-11-12 06:11:52'),('2025-11-10',1776,9,0,2568,'C','5330100104353','2025-11-12 06:11:52'),('2025-11-10',1778,9,0,2568,'C','5330100104353','2025-11-12 06:11:52'),('2025-11-10',1780,9,0,2568,'C','5330100104353','2025-11-12 06:11:52'),('2025-11-10',1782,9,0,2568,'C','5330100104353','2025-11-12 06:11:52'),('2025-11-10',1783,9,0,2568,'C','5330100104353','2025-11-12 06:11:52'),('2025-11-10',1784,9,0,2568,'C','5330100104353','2025-11-12 06:11:52'),('2025-11-10',1785,9,0,2568,'C','5330100104353','2025-11-12 06:11:52'),('2025-11-10',1804,9,0,2568,'C','5330100104353','2025-11-12 06:11:52'),('2025-11-10',1847,9,0,2568,'C','5330100104353','2025-11-12 06:11:52'),('2025-11-10',1797,9,0,2568,'C','5330100104353','2025-11-12 06:11:52'),('2025-11-07',1772,9,0,2568,'C','5330100104353','2025-11-10 02:11:38'),('2025-11-07',1773,9,0,2568,'C','5330100104353','2025-11-10 02:11:38'),('2025-11-07',1774,9,0,2568,'C','5330100104353','2025-11-10 02:11:38'),('2025-11-07',1775,9,0,2568,'C','5330100104353','2025-11-10 02:11:38'),('2025-11-07',1776,9,0,2568,'S','5330100104353','2025-11-10 02:11:38'),('2025-11-07',1778,9,0,2568,'C','5330100104353','2025-11-10 02:11:38'),('2025-11-07',1780,9,0,2568,'C','5330100104353','2025-11-10 02:11:38'),('2025-11-07',1782,9,0,2568,'C','5330100104353','2025-11-10 02:11:38'),('2025-11-07',1783,9,0,2568,'C','5330100104353','2025-11-10 02:11:38'),('2025-11-07',1784,9,0,2568,'C','5330100104353','2025-11-10 02:11:38'),('2025-11-07',1785,9,0,2568,'C','5330100104353','2025-11-10 02:11:38'),('2025-11-07',1804,9,0,2568,'C','5330100104353','2025-11-10 02:11:38'),('2025-11-07',1847,9,0,2568,'L','5330100104353','2025-11-10 02:11:38'),('2025-11-07',1797,9,0,2568,'C','5330100104353','2025-11-10 02:11:38'),('2025-11-06',1772,9,0,2568,'C','5330100104353','2025-11-10 02:11:55'),('2025-11-06',1773,9,0,2568,'C','5330100104353','2025-11-10 02:11:55'),('2025-11-06',1774,9,0,2568,'C','5330100104353','2025-11-10 02:11:55'),('2025-11-06',1775,9,0,2568,'C','5330100104353','2025-11-10 02:11:55'),('2025-11-06',1776,9,0,2568,'C','5330100104353','2025-11-10 02:11:55'),('2025-11-06',1778,9,0,2568,'C','5330100104353','2025-11-10 02:11:55'),('2025-11-06',1780,9,0,2568,'C','5330100104353','2025-11-10 02:11:55'),('2025-11-06',1782,9,0,2568,'C','5330100104353','2025-11-10 02:11:55'),('2025-11-06',1783,9,0,2568,'C','5330100104353','2025-11-10 02:11:55'),('2025-11-06',1784,9,0,2568,'C','5330100104353','2025-11-10 02:11:55'),('2025-11-06',1785,9,0,2568,'C','5330100104353','2025-11-10 02:11:55'),('2025-11-06',1804,9,0,2568,'C','5330100104353','2025-11-10 02:11:55'),('2025-11-06',1847,9,0,2568,'L','5330100104353','2025-11-10 02:11:55'),('2025-11-06',1797,9,0,2568,'C','5330100104353','2025-11-10 02:11:55'),('2025-11-05',1772,9,0,2568,'C','5330100104353','2025-11-10 02:11:02'),('2025-11-05',1773,9,0,2568,'C','5330100104353','2025-11-10 02:11:02'),('2025-11-05',1774,9,0,2568,'C','5330100104353','2025-11-10 02:11:02'),('2025-11-05',1775,9,0,2568,'C','5330100104353','2025-11-10 02:11:02'),('2025-11-05',1776,9,0,2568,'C','5330100104353','2025-11-10 02:11:02'),('2025-11-05',1778,9,0,2568,'C','5330100104353','2025-11-10 02:11:02'),('2025-11-05',1780,9,0,2568,'C','5330100104353','2025-11-10 02:11:02'),('2025-11-05',1782,9,0,2568,'C','5330100104353','2025-11-10 02:11:02'),('2025-11-05',1783,9,0,2568,'C','5330100104353','2025-11-10 02:11:02'),('2025-11-05',1784,9,0,2568,'C','5330100104353','2025-11-10 02:11:02'),('2025-11-05',1785,9,0,2568,'C','5330100104353','2025-11-10 02:11:02'),('2025-11-05',1804,9,0,2568,'C','5330100104353','2025-11-10 02:11:02'),('2025-11-05',1847,9,0,2568,'C','5330100104353','2025-11-10 02:11:02'),('2025-11-05',1797,9,0,2568,'C','5330100104353','2025-11-10 02:11:02'),('2025-11-03',1772,9,0,2568,'C','5330100104353','2025-11-10 02:11:17'),('2025-11-03',1773,9,0,2568,'C','5330100104353','2025-11-10 02:11:17'),('2025-11-03',1774,9,0,2568,'C','5330100104353','2025-11-10 02:11:17'),('2025-11-03',1775,9,0,2568,'C','5330100104353','2025-11-10 02:11:17'),('2025-11-03',1776,9,0,2568,'C','5330100104353','2025-11-10 02:11:17'),('2025-11-03',1778,9,0,2568,'C','5330100104353','2025-11-10 02:11:17'),('2025-11-03',1780,9,0,2568,'C','5330100104353','2025-11-10 02:11:17'),('2025-11-03',1782,9,0,2568,'C','5330100104353','2025-11-10 02:11:17'),('2025-11-03',1783,9,0,2568,'C','5330100104353','2025-11-10 02:11:17'),('2025-11-03',1784,9,0,2568,'C','5330100104353','2025-11-10 02:11:17'),('2025-11-03',1785,9,0,2568,'C','5330100104353','2025-11-10 02:11:17'),('2025-11-03',1804,9,0,2568,'C','5330100104353','2025-11-10 02:11:17'),('2025-11-03',1847,9,0,2568,'C','5330100104353','2025-11-10 02:11:17'),('2025-11-03',1797,9,0,2568,'C','5330100104353','2025-11-10 02:11:17'),('2025-11-12',1772,9,0,2568,'C','5330100104353','2025-11-12 06:11:32'),('2025-11-12',1773,9,0,2568,'C','5330100104353','2025-11-12 06:11:32'),('2025-11-12',1774,9,0,2568,'C','5330100104353','2025-11-12 06:11:32'),('2025-11-12',1775,9,0,2568,'C','5330100104353','2025-11-12 06:11:32'),('2025-11-12',1776,9,0,2568,'C','5330100104353','2025-11-12 06:11:32'),('2025-11-12',1778,9,0,2568,'C','5330100104353','2025-11-12 06:11:32'),('2025-11-12',1780,9,0,2568,'C','5330100104353','2025-11-12 06:11:32'),('2025-11-12',1782,9,0,2568,'C','5330100104353','2025-11-12 06:11:32'),('2025-11-12',1783,9,0,2568,'C','5330100104353','2025-11-12 06:11:32'),('2025-11-12',1784,9,0,2568,'C','5330100104353','2025-11-12 06:11:32'),('2025-11-12',1785,9,0,2568,'C','5330100104353','2025-11-12 06:11:32'),('2025-11-12',1804,9,0,2568,'C','5330100104353','2025-11-12 06:11:32'),('2025-11-12',1847,9,0,2568,'C','5330100104353','2025-11-12 06:11:32'),('2025-11-12',1797,9,0,2568,'C','5330100104353','2025-11-12 06:11:32'),('2025-11-11',1772,9,0,2568,'C','5330100104353','2025-11-12 06:11:42'),('2025-11-11',1773,9,0,2568,'C','5330100104353','2025-11-12 06:11:42'),('2025-11-11',1774,9,0,2568,'C','5330100104353','2025-11-12 06:11:42'),('2025-11-11',1775,9,0,2568,'C','5330100104353','2025-11-12 06:11:42'),('2025-11-11',1776,9,0,2568,'C','5330100104353','2025-11-12 06:11:42'),('2025-11-11',1778,9,0,2568,'C','5330100104353','2025-11-12 06:11:42'),('2025-11-11',1780,9,0,2568,'C','5330100104353','2025-11-12 06:11:42'),('2025-11-11',1782,9,0,2568,'C','5330100104353','2025-11-12 06:11:42'),('2025-11-11',1783,9,0,2568,'C','5330100104353','2025-11-12 06:11:42'),('2025-11-11',1784,9,0,2568,'C','5330100104353','2025-11-12 06:11:42'),('2025-11-11',1785,9,0,2568,'C','5330100104353','2025-11-12 06:11:42'),('2025-11-11',1804,9,0,2568,'C','5330100104353','2025-11-12 06:11:42'),('2025-11-11',1847,9,0,2568,'C','5330100104353','2025-11-12 06:11:42'),('2025-11-11',1797,9,0,2568,'C','5330100104353','2025-11-12 06:11:42'),('2025-11-13',1769,7,0,2568,'C','3349800011287','2025-11-13 09:11:39'),('2025-11-13',1810,7,0,2568,'C','3349800011287','2025-11-13 09:11:39'),('2025-11-13',1811,7,0,2568,'C','3349800011287','2025-11-13 09:11:39'),('2025-11-13',1812,7,0,2568,'C','3349800011287','2025-11-13 09:11:39'),('2025-11-13',1814,7,0,2568,'C','3349800011287','2025-11-13 09:11:39'),('2025-11-13',1816,7,0,2568,'C','3349800011287','2025-11-13 09:11:39'),('2025-11-13',1809,7,0,2568,'C','3349800011287','2025-11-13 09:11:39'),('2025-11-13',1817,7,0,2568,'C','3349800011287','2025-11-13 09:11:39'),('2025-11-13',1863,7,0,2568,'C','3349800011287','2025-11-13 09:11:39'),('2025-11-13',1865,7,0,2568,'C','3349800011287','2025-11-13 09:11:39'),('2025-11-14',1769,7,0,2568,'L','3349800011287','2025-11-14 01:11:12'),('2025-11-14',1810,7,0,2568,'C','3349800011287','2025-11-14 01:11:12'),('2025-11-14',1811,7,0,2568,'C','3349800011287','2025-11-14 01:11:12'),('2025-11-14',1812,7,0,2568,'C','3349800011287','2025-11-14 01:11:12'),('2025-11-14',1814,7,0,2568,'C','3349800011287','2025-11-14 01:11:12'),('2025-11-14',1816,7,0,2568,'C','3349800011287','2025-11-14 01:11:12'),('2025-11-14',1809,7,0,2568,'C','3349800011287','2025-11-14 01:11:12'),('2025-11-14',1817,7,0,2568,'C','3349800011287','2025-11-14 01:11:12'),('2025-11-14',1863,7,0,2568,'C','3349800011287','2025-11-14 01:11:12'),('2025-11-14',1865,7,0,2568,'C','3349800011287','2025-11-14 01:11:12'),('2025-11-17',1874,2,0,2568,'C','1330500306759','2025-11-17 02:11:24'),('2025-11-17',1875,2,0,2568,'C','1330500306759','2025-11-17 02:11:24'),('2025-11-17',1876,2,0,2568,'S','1330500306759','2025-11-17 02:11:24'),('2025-11-17',1877,2,0,2568,'C','1330500306759','2025-11-17 02:11:24'),('2025-11-17',1878,2,0,2568,'C','1330500306759','2025-11-17 02:11:24'),('2025-11-17',1879,2,0,2568,'C','1330500306759','2025-11-17 02:11:24'),('2025-11-17',1880,2,0,2568,'S','1330500306759','2025-11-17 02:11:24'),('2025-11-17',1881,2,0,2568,'C','1330500306759','2025-11-17 02:11:24'),('2025-11-18',1769,7,0,2568,'S','3349800011287','2025-11-18 10:11:00'),('2025-11-18',1810,7,0,2568,'C','3349800011287','2025-11-18 10:11:00'),('2025-11-18',1811,7,0,2568,'C','3349800011287','2025-11-18 10:11:00'),('2025-11-18',1812,7,0,2568,'C','3349800011287','2025-11-18 10:11:00'),('2025-11-18',1814,7,0,2568,'C','3349800011287','2025-11-18 10:11:00'),('2025-11-18',1816,7,0,2568,'C','3349800011287','2025-11-18 10:11:00'),('2025-11-18',1809,7,0,2568,'C','3349800011287','2025-11-18 10:11:00'),('2025-11-18',1817,7,0,2568,'C','3349800011287','2025-11-18 10:11:00'),('2025-11-18',1863,7,0,2568,'C','3349800011287','2025-11-18 10:11:00'),('2025-11-18',1865,7,0,2568,'C','3349800011287','2025-11-18 10:11:00'),('2025-11-17',1769,7,0,2568,'S','3349800011287','2025-11-18 10:11:27'),('2025-11-17',1810,7,0,2568,'C','3349800011287','2025-11-18 10:11:27'),('2025-11-17',1811,7,0,2568,'C','3349800011287','2025-11-18 10:11:27'),('2025-11-17',1812,7,0,2568,'C','3349800011287','2025-11-18 10:11:27'),('2025-11-17',1814,7,0,2568,'S','3349800011287','2025-11-18 10:11:27'),('2025-11-17',1816,7,0,2568,'C','3349800011287','2025-11-18 10:11:27'),('2025-11-17',1809,7,0,2568,'C','3349800011287','2025-11-18 10:11:27'),('2025-11-17',1817,7,0,2568,'C','3349800011287','2025-11-18 10:11:27'),('2025-11-17',1863,7,0,2568,'C','3349800011287','2025-11-18 10:11:27'),('2025-11-17',1865,7,0,2568,'C','3349800011287','2025-11-18 10:11:27'),('2025-11-12',1769,7,0,2568,'C','3349800011287','2025-11-18 10:11:18'),('2025-11-12',1810,7,0,2568,'C','3349800011287','2025-11-18 10:11:18'),('2025-11-12',1811,7,0,2568,'C','3349800011287','2025-11-18 10:11:18'),('2025-11-12',1812,7,0,2568,'C','3349800011287','2025-11-18 10:11:18'),('2025-11-12',1814,7,0,2568,'C','3349800011287','2025-11-18 10:11:18'),('2025-11-12',1816,7,0,2568,'C','3349800011287','2025-11-18 10:11:18'),('2025-11-12',1809,7,0,2568,'C','3349800011287','2025-11-18 10:11:18'),('2025-11-12',1817,7,0,2568,'C','3349800011287','2025-11-18 10:11:18'),('2025-11-12',1863,7,0,2568,'C','3349800011287','2025-11-18 10:11:18'),('2025-11-12',1865,7,0,2568,'C','3349800011287','2025-11-18 10:11:18'),('2025-11-11',1769,7,0,2568,'C','3349800011287','2025-11-18 10:11:38'),('2025-11-11',1810,7,0,2568,'C','3349800011287','2025-11-18 10:11:38'),('2025-11-11',1811,7,0,2568,'C','3349800011287','2025-11-18 10:11:38'),('2025-11-11',1812,7,0,2568,'C','3349800011287','2025-11-18 10:11:38'),('2025-11-11',1814,7,0,2568,'C','3349800011287','2025-11-18 10:11:38'),('2025-11-11',1816,7,0,2568,'C','3349800011287','2025-11-18 10:11:38'),('2025-11-11',1809,7,0,2568,'C','3349800011287','2025-11-18 10:11:38'),('2025-11-11',1817,7,0,2568,'C','3349800011287','2025-11-18 10:11:38'),('2025-11-11',1863,7,0,2568,'C','3349800011287','2025-11-18 10:11:38'),('2025-11-11',1865,7,0,2568,'C','3349800011287','2025-11-18 10:11:38'),('2025-11-07',1769,7,0,2568,'C','3349800011287','2025-11-18 10:11:51'),('2025-11-07',1810,7,0,2568,'C','3349800011287','2025-11-18 10:11:51'),('2025-11-07',1811,7,0,2568,'C','3349800011287','2025-11-18 10:11:51'),('2025-11-07',1812,7,0,2568,'C','3349800011287','2025-11-18 10:11:51'),('2025-11-07',1814,7,0,2568,'C','3349800011287','2025-11-18 10:11:51'),('2025-11-07',1816,7,0,2568,'C','3349800011287','2025-11-18 10:11:51'),('2025-11-07',1809,7,0,2568,'C','3349800011287','2025-11-18 10:11:51'),('2025-11-07',1817,7,0,2568,'C','3349800011287','2025-11-18 10:11:51'),('2025-11-07',1863,7,0,2568,'C','3349800011287','2025-11-18 10:11:51'),('2025-11-07',1865,7,0,2568,'C','3349800011287','2025-11-18 10:11:51'),('2025-11-06',1769,7,0,2568,'C','3349800011287','2025-11-18 10:11:01'),('2025-11-06',1810,7,0,2568,'C','3349800011287','2025-11-18 10:11:01'),('2025-11-06',1811,7,0,2568,'C','3349800011287','2025-11-18 10:11:01'),('2025-11-06',1812,7,0,2568,'C','3349800011287','2025-11-18 10:11:01'),('2025-11-06',1814,7,0,2568,'C','3349800011287','2025-11-18 10:11:01'),('2025-11-06',1816,7,0,2568,'C','3349800011287','2025-11-18 10:11:01'),('2025-11-06',1809,7,0,2568,'C','3349800011287','2025-11-18 10:11:01'),('2025-11-06',1817,7,0,2568,'C','3349800011287','2025-11-18 10:11:01'),('2025-11-06',1863,7,0,2568,'C','3349800011287','2025-11-18 10:11:01'),('2025-11-06',1865,7,0,2568,'C','3349800011287','2025-11-18 10:11:01'),('2025-11-05',1769,7,0,2568,'C','3349800011287','2025-11-18 10:11:08'),('2025-11-05',1810,7,0,2568,'C','3349800011287','2025-11-18 10:11:08'),('2025-11-05',1811,7,0,2568,'C','3349800011287','2025-11-18 10:11:08'),('2025-11-05',1812,7,0,2568,'C','3349800011287','2025-11-18 10:11:08'),('2025-11-05',1814,7,0,2568,'C','3349800011287','2025-11-18 10:11:08'),('2025-11-05',1816,7,0,2568,'C','3349800011287','2025-11-18 10:11:08'),('2025-11-05',1809,7,0,2568,'C','3349800011287','2025-11-18 10:11:08'),('2025-11-05',1817,7,0,2568,'C','3349800011287','2025-11-18 10:11:08'),('2025-11-05',1863,7,0,2568,'C','3349800011287','2025-11-18 10:11:08'),('2025-11-05',1865,7,0,2568,'C','3349800011287','2025-11-18 10:11:08'),('2025-11-04',1769,7,0,2568,'C','3349800011287','2025-11-18 10:11:16'),('2025-11-04',1810,7,0,2568,'C','3349800011287','2025-11-18 10:11:16'),('2025-11-04',1811,7,0,2568,'C','3349800011287','2025-11-18 10:11:16'),('2025-11-04',1812,7,0,2568,'C','3349800011287','2025-11-18 10:11:16'),('2025-11-04',1814,7,0,2568,'C','3349800011287','2025-11-18 10:11:16'),('2025-11-04',1816,7,0,2568,'C','3349800011287','2025-11-18 10:11:16'),('2025-11-04',1809,7,0,2568,'C','3349800011287','2025-11-18 10:11:16'),('2025-11-04',1817,7,0,2568,'C','3349800011287','2025-11-18 10:11:16'),('2025-11-04',1863,7,0,2568,'C','3349800011287','2025-11-18 10:11:16'),('2025-11-04',1865,7,0,2568,'C','3349800011287','2025-11-18 10:11:16'),('2025-11-03',1769,7,0,2568,'C','3349800011287','2025-11-18 10:11:22'),('2025-11-03',1810,7,0,2568,'C','3349800011287','2025-11-18 10:11:22'),('2025-11-03',1811,7,0,2568,'C','3349800011287','2025-11-18 10:11:22'),('2025-11-03',1812,7,0,2568,'C','3349800011287','2025-11-18 10:11:22'),('2025-11-03',1814,7,0,2568,'C','3349800011287','2025-11-18 10:11:22'),('2025-11-03',1816,7,0,2568,'C','3349800011287','2025-11-18 10:11:22'),('2025-11-03',1809,7,0,2568,'C','3349800011287','2025-11-18 10:11:22'),('2025-11-03',1817,7,0,2568,'C','3349800011287','2025-11-18 10:11:22'),('2025-11-03',1863,7,0,2568,'C','3349800011287','2025-11-18 10:11:22'),('2025-11-03',1865,7,0,2568,'C','3349800011287','2025-11-18 10:11:22'),('2025-11-19',1769,7,0,2568,'C','3349800011287','2025-11-19 09:11:28'),('2025-11-19',1810,7,0,2568,'C','3349800011287','2025-11-19 09:11:28'),('2025-11-19',1811,7,0,2568,'C','3349800011287','2025-11-19 09:11:28'),('2025-11-19',1812,7,0,2568,'C','3349800011287','2025-11-19 09:11:28'),('2025-11-19',1814,7,0,2568,'C','3349800011287','2025-11-19 09:11:28'),('2025-11-19',1816,7,0,2568,'C','3349800011287','2025-11-19 09:11:28'),('2025-11-19',1809,7,0,2568,'S','3349800011287','2025-11-19 09:11:28'),('2025-11-19',1817,7,0,2568,'C','3349800011287','2025-11-19 09:11:28'),('2025-11-19',1863,7,0,2568,'C','3349800011287','2025-11-19 09:11:28'),('2025-11-19',1865,7,0,2568,'C','3349800011287','2025-11-19 09:11:28'),('2025-11-20',1772,9,0,2568,'C','5330100104353','2025-11-20 11:11:04'),('2025-11-20',1773,9,0,2568,'C','5330100104353','2025-11-20 11:11:04'),('2025-11-20',1774,9,0,2568,'C','5330100104353','2025-11-20 11:11:04'),('2025-11-20',1775,9,0,2568,'L','5330100104353','2025-11-20 11:11:04'),('2025-11-20',1776,9,0,2568,'L','5330100104353','2025-11-20 11:11:04'),('2025-11-20',1778,9,0,2568,'C','5330100104353','2025-11-20 11:11:04'),('2025-11-20',1780,9,0,2568,'C','5330100104353','2025-11-20 11:11:04'),('2025-11-20',1782,9,0,2568,'C','5330100104353','2025-11-20 11:11:04'),('2025-11-20',1783,9,0,2568,'C','5330100104353','2025-11-20 11:11:04'),('2025-11-20',1784,9,0,2568,'C','5330100104353','2025-11-20 11:11:04'),('2025-11-20',1785,9,0,2568,'C','5330100104353','2025-11-20 11:11:04'),('2025-11-20',1804,9,0,2568,'C','5330100104353','2025-11-20 11:11:04'),('2025-11-20',1847,9,0,2568,'C','5330100104353','2025-11-20 11:11:04'),('2025-11-20',1797,9,0,2568,'C','5330100104353','2025-11-20 11:11:04'),('2025-11-17',1772,9,0,2568,'C','5330100104353','2025-11-20 11:11:23'),('2025-11-17',1773,9,0,2568,'C','5330100104353','2025-11-20 11:11:23'),('2025-11-17',1774,9,0,2568,'C','5330100104353','2025-11-20 11:11:23'),('2025-11-17',1775,9,0,2568,'C','5330100104353','2025-11-20 11:11:23'),('2025-11-17',1776,9,0,2568,'C','5330100104353','2025-11-20 11:11:23'),('2025-11-17',1778,9,0,2568,'C','5330100104353','2025-11-20 11:11:23'),('2025-11-17',1780,9,0,2568,'C','5330100104353','2025-11-20 11:11:23'),('2025-11-17',1782,9,0,2568,'C','5330100104353','2025-11-20 11:11:23'),('2025-11-17',1783,9,0,2568,'C','5330100104353','2025-11-20 11:11:23'),('2025-11-17',1784,9,0,2568,'C','5330100104353','2025-11-20 11:11:23'),('2025-11-17',1785,9,0,2568,'C','5330100104353','2025-11-20 11:11:23'),('2025-11-17',1804,9,0,2568,'C','5330100104353','2025-11-20 11:11:23'),('2025-11-17',1847,9,0,2568,'C','5330100104353','2025-11-20 11:11:23'),('2025-11-17',1797,9,0,2568,'C','5330100104353','2025-11-20 11:11:23'),('2025-11-18',1772,9,0,2568,'C','5330100104353','2025-11-20 11:11:32'),('2025-11-18',1773,9,0,2568,'C','5330100104353','2025-11-20 11:11:32'),('2025-11-18',1774,9,0,2568,'C','5330100104353','2025-11-20 11:11:32'),('2025-11-18',1775,9,0,2568,'C','5330100104353','2025-11-20 11:11:32'),('2025-11-18',1776,9,0,2568,'C','5330100104353','2025-11-20 11:11:32'),('2025-11-18',1778,9,0,2568,'C','5330100104353','2025-11-20 11:11:32'),('2025-11-18',1780,9,0,2568,'C','5330100104353','2025-11-20 11:11:32'),('2025-11-18',1782,9,0,2568,'C','5330100104353','2025-11-20 11:11:32'),('2025-11-18',1783,9,0,2568,'C','5330100104353','2025-11-20 11:11:32'),('2025-11-18',1784,9,0,2568,'C','5330100104353','2025-11-20 11:11:32'),('2025-11-18',1785,9,0,2568,'C','5330100104353','2025-11-20 11:11:32'),('2025-11-18',1804,9,0,2568,'C','5330100104353','2025-11-20 11:11:32'),('2025-11-18',1847,9,0,2568,'C','5330100104353','2025-11-20 11:11:32'),('2025-11-18',1797,9,0,2568,'C','5330100104353','2025-11-20 11:11:32'),('2025-11-19',1772,9,0,2568,'C','5330100104353','2025-11-20 11:11:18'),('2025-11-19',1773,9,0,2568,'C','5330100104353','2025-11-20 11:11:18'),('2025-11-19',1774,9,0,2568,'C','5330100104353','2025-11-20 11:11:18'),('2025-11-19',1775,9,0,2568,'L','5330100104353','2025-11-20 11:11:18'),('2025-11-19',1776,9,0,2568,'C','5330100104353','2025-11-20 11:11:18'),('2025-11-19',1778,9,0,2568,'C','5330100104353','2025-11-20 11:11:18'),('2025-11-19',1780,9,0,2568,'C','5330100104353','2025-11-20 11:11:18'),('2025-11-19',1782,9,0,2568,'C','5330100104353','2025-11-20 11:11:18'),('2025-11-19',1783,9,0,2568,'C','5330100104353','2025-11-20 11:11:18'),('2025-11-19',1784,9,0,2568,'C','5330100104353','2025-11-20 11:11:18'),('2025-11-19',1785,9,0,2568,'C','5330100104353','2025-11-20 11:11:18'),('2025-11-19',1804,9,0,2568,'C','5330100104353','2025-11-20 11:11:18'),('2025-11-19',1847,9,0,2568,'C','5330100104353','2025-11-20 11:11:18'),('2025-11-19',1797,9,0,2568,'C','5330100104353','2025-11-20 11:11:18'),('2025-11-24',1772,9,0,2568,'C','5330100104353','2025-11-24 02:11:30'),('2025-11-24',1773,9,0,2568,'C','5330100104353','2025-11-24 02:11:30'),('2025-11-24',1774,9,0,2568,'C','5330100104353','2025-11-24 02:11:30'),('2025-11-24',1775,9,0,2568,'C','5330100104353','2025-11-24 02:11:30'),('2025-11-24',1776,9,0,2568,'C','5330100104353','2025-11-24 02:11:30'),('2025-11-24',1778,9,0,2568,'C','5330100104353','2025-11-24 02:11:30'),('2025-11-24',1780,9,0,2568,'C','5330100104353','2025-11-24 02:11:30'),('2025-11-24',1782,9,0,2568,'C','5330100104353','2025-11-24 02:11:30'),('2025-11-24',1783,9,0,2568,'C','5330100104353','2025-11-24 02:11:30'),('2025-11-24',1784,9,0,2568,'C','5330100104353','2025-11-24 02:11:30'),('2025-11-24',1785,9,0,2568,'C','5330100104353','2025-11-24 02:11:30'),('2025-11-24',1804,9,0,2568,'C','5330100104353','2025-11-24 02:11:30'),('2025-11-24',1847,9,0,2568,'C','5330100104353','2025-11-24 02:11:30'),('2025-11-24',1797,9,0,2568,'C','5330100104353','2025-11-24 02:11:30'),('2025-11-21',1772,9,0,2568,'C','5330100104353','2025-11-24 02:11:53'),('2025-11-21',1773,9,0,2568,'C','5330100104353','2025-11-24 02:11:53'),('2025-11-21',1774,9,0,2568,'C','5330100104353','2025-11-24 02:11:53'),('2025-11-21',1775,9,0,2568,'L','5330100104353','2025-11-24 02:11:53'),('2025-11-21',1776,9,0,2568,'C','5330100104353','2025-11-24 02:11:53'),('2025-11-21',1778,9,0,2568,'C','5330100104353','2025-11-24 02:11:53'),('2025-11-21',1780,9,0,2568,'C','5330100104353','2025-11-24 02:11:53'),('2025-11-21',1782,9,0,2568,'C','5330100104353','2025-11-24 02:11:53'),('2025-11-21',1783,9,0,2568,'C','5330100104353','2025-11-24 02:11:53'),('2025-11-21',1784,9,0,2568,'C','5330100104353','2025-11-24 02:11:53'),('2025-11-21',1785,9,0,2568,'C','5330100104353','2025-11-24 02:11:53'),('2025-11-21',1804,9,0,2568,'C','5330100104353','2025-11-24 02:11:53'),('2025-11-21',1847,9,0,2568,'C','5330100104353','2025-11-24 02:11:53'),('2025-11-21',1797,9,0,2568,'C','5330100104353','2025-11-24 02:11:53'),('2025-11-25',1772,9,0,2568,'C','5330100104353','2025-11-25 11:11:54'),('2025-11-25',1773,9,0,2568,'C','5330100104353','2025-11-25 11:11:54'),('2025-11-25',1774,9,0,2568,'C','5330100104353','2025-11-25 11:11:54'),('2025-11-25',1775,9,0,2568,'C','5330100104353','2025-11-25 11:11:54'),('2025-11-25',1776,9,0,2568,'S','5330100104353','2025-11-25 11:11:54'),('2025-11-25',1778,9,0,2568,'C','5330100104353','2025-11-25 11:11:54'),('2025-11-25',1780,9,0,2568,'C','5330100104353','2025-11-25 11:11:54'),('2025-11-25',1782,9,0,2568,'C','5330100104353','2025-11-25 11:11:54'),('2025-11-25',1783,9,0,2568,'C','5330100104353','2025-11-25 11:11:54'),('2025-11-25',1784,9,0,2568,'C','5330100104353','2025-11-25 11:11:54'),('2025-11-25',1785,9,0,2568,'C','5330100104353','2025-11-25 11:11:54'),('2025-11-25',1804,9,0,2568,'C','5330100104353','2025-11-25 11:11:54'),('2025-11-25',1847,9,0,2568,'C','5330100104353','2025-11-25 11:11:54'),('2025-11-25',1797,9,0,2568,'C','5330100104353','2025-11-25 11:11:54');

--
-- Table structure for table `student_check_permission`
--

CREATE TABLE `student_check_permission` (
  `class_now` tinyint(4) NOT NULL,
  `room_now` tinyint(4) NOT NULL,
  `person_id` varchar(13) NOT NULL,
  `student_check_year` int(11) NOT NULL
) ENGINE=MyISAM DEFAULT CHARSET=utf8 COLLATE=utf8_general_ci;

--
-- Dumping data for table `student_check_permission`
--

INSERT INTO `student_check_permission` VALUES (4,1,'3341500196675',2557),(9,1,'3341900908273',2561),(2,1,'3341501492634',2557),(3,1,'3341900193941',2557),(5,1,'3349800002873',2557),(9,1,'3349800051661',2557),(7,1,'3349800230868',2557),(8,1,'3349900083221',2557),(6,1,'3341900908273',2557),(4,1,'3341500196675',2561),(5,0,'3349800002873',2561),(9,1,'5330100104353',2561),(2,1,'3341600862758',2562),(3,1,'3349800011287',2562),(4,1,'3341500196675',2562),(9,1,'5330100104353',2562),(8,1,'3349900083221',2562),(7,1,'4349900004841',2562),(6,1,'3349800051661',2562),(5,1,'3349800002873',2562),(9,1,'5330100104353',2563),(2,0,'1330500306759',2566),(3,0,'1330500306759',2566),(4,0,'3349900592524',2566),(2,0,'1330500306759',2568),(6,0,'1341500287428',2566),(7,0,'3349800011287',2566),(8,0,'3341600862758',2566),(9,0,'5330100104353',2566),(2,0,'3349800051661',2566),(3,0,'3349800051661',2566),(4,0,'3349800051661',2566),(5,0,'3349800051661',2566),(7,0,'3349800051661',2566),(8,0,'3349800051661',2566),(6,0,'3349800051661',2566),(9,0,'3349800051661',2566),(7,0,'5330100104353',2566),(8,0,'1341500287428',2566),(2,0,'1330500306759',2567),(3,0,'1330500306759',2567),(4,0,'3349900592524',2567),(9,0,'5330100104353',2568),(6,0,'1341500287428',2567),(7,0,'3349800011287',2567),(8,0,'3349800051661',2567),(9,0,'5330100104353',2567),(5,0,'1341101391893',2567),(3,0,'1330500306759',2568),(4,0,'3349900592524',2568),(5,0,'1349900028533',2568),(6,0,'3341500087621',2568),(7,0,'3349800011287',2568),(8,0,'3349800051661',2568);

--
-- Table structure for table `student_check_year`
--

CREATE TABLE `student_check_year` (
  `id` int(11) NOT NULL AUTO_INCREMENT,
  `student_check_year` int(11) NOT NULL,
  `year_active` tinyint(1) NOT NULL,
  PRIMARY KEY (`id`),
  UNIQUE KEY `student_check_year` (`student_check_year`)
) ENGINE=MyISAM AUTO_INCREMENT=9 DEFAULT CHARSET=utf8 COLLATE=utf8_general_ci;

--
-- Dumping data for table `student_check_year`
--

INSERT INTO `student_check_year` VALUES (1,2557,0),(2,2561,0),(3,2562,0),(4,2563,0),(5,2565,0),(6,2566,0),(7,2567,0),(8,2568,1);

--
-- Table structure for table `student_main`
--

CREATE TABLE `student_main` (
  `id` int(11) NOT NULL AUTO_INCREMENT,
  `student_id` varchar(7) NOT NULL,
  `student_number` int(11) DEFAULT NULL,
  `prename` varchar(20) NOT NULL,
  `name` varchar(50) NOT NULL,
  `surname` varchar(50) NOT NULL,
  `person_id` varchar(20) DEFAULT NULL,
  `sex` tinyint(4) NOT NULL DEFAULT 0,
  `pic` varchar(150) DEFAULT NULL,
  `class_now` tinyint(4) DEFAULT NULL,
  `room` tinyint(4) NOT NULL DEFAULT 0,
  `status` tinyint(4) NOT NULL DEFAULT 0,
  `out_edyear` int(11) DEFAULT NULL,
  `officer` varchar(13) NOT NULL,
  `rec_date` date NOT NULL,
  PRIMARY KEY (`id`),
  UNIQUE KEY `student_number` (`student_id`),
  KEY `class_now` (`class_now`),
  KEY `room` (`room`)
) ENGINE=MyISAM AUTO_INCREMENT=254 DEFAULT CHARSET=utf8 COLLATE=utf8_general_ci;

--
-- Dumping data for table `student_main`
--

INSERT INTO `student_main` VALUES (154,'1846',20,'เด็กหญิง','แพรวา','เกิดฤทธิ์','1739902576241',2,'',9,0,1,2566,'3349800051661','2023-05-18'),(153,'1845',19,'เด็กชาย','ภานุวัฒน์','จันทะเวช','1341501533211',1,'',9,0,1,2566,'3349800051661','2023-05-18'),(152,'1736',18,'เด็กชาย','กิตพิทักษ์','ศิริชนะ','1339600258568',1,'',9,0,1,2566,'3349800051661','2023-05-18'),(151,'1832',17,'เด็กชาย','ไกรวิชญ์','พรมวงษ์','1349901834185',1,'',9,0,1,2566,'3349800051661','2023-05-18'),(150,'1758',16,'เด็กหญิง','อติญา','พิทักษ์พิม','120900004579',2,'',9,0,1,2566,'3349800051661','2023-05-18'),(149,'1740',15,'เด็กหญิง','น้ำฝน','หาญวงศ์','1459100098790',2,'',9,0,1,2566,'3349800051661','2023-05-18'),(148,'1795',14,'เด็กหญิง','พิชญาภา','ยวนไธสงค์','1199901398000',2,'',9,0,1,2566,'3349800051661','2023-05-18'),(13,'1711',13,'ด.ญ.','สุภัฎชา','สอนชัยพล','1341501514097',2,NULL,8,1,2,2563,'','0000-00-00'),(147,'1789',13,'เด็กชาย','ปัณณวิชญ์','แก้วพร','1347600065032',1,'',9,0,1,2566,'3349800051661','2023-05-18'),(146,'1766',12,'เด็กหญิง','วรรณนิสา','ชัยยงค์','1458600063757',2,'',9,0,1,2566,'3349800051661','2023-05-18'),(145,'1742',11,'เด็กหญิง','รติกานต์','พุทธรักษ์','1341501533652',2,'',9,0,1,2566,'3349800051661','2023-05-18'),(144,'1741',10,'เด็กหญิง','ปุณยนุช','พิทัศน์','1341501534632',2,'',9,0,1,2566,'3349800051661','2023-05-18'),(22,'1683',7,'ด.ช.','ชนะพล','คงดี','1341501505721',1,NULL,8,1,2,2562,'','0000-00-00'),(143,'1739',9,'เด็กหญิง','กนกวรรณ','ขันทวีชัย','1341501539481',2,'',9,0,1,2566,'3349800051661','2023-05-18'),(142,'1733',8,'เด็กชาย','ณัฐกรณ์','เคนประจง','1341501534659',1,'',9,0,1,2566,'3349800051661','2023-05-18'),(26,'1687',11,'ด.ญ.','โชติมณี','ทองเลิศ','1341501508372',2,NULL,6,1,2,2560,'','0000-00-00'),(141,'1731',7,'เด็กชาย','วิชัย','แก้วสาลี','1341501544468',1,'',9,0,1,2566,'3349800051661','2023-05-16'),(140,'1730',6,'เด็กชาย','ก้องภพ','อดกลั้น','1341501536392',1,'',9,0,1,2566,'3349800051661','2023-05-16'),(139,'1729',5,'เด็กชาย','ธันวา','กัญญาลา','1347900049245',1,'',9,0,1,2566,'3349800051661','2023-05-16'),(138,'1737',4,'เด็กชาย','ธีรภัทร ','ใจทน','1341501539448',1,'',9,0,1,2566,'3349800051661','2023-05-16'),(137,'1728',3,'เด็กชาย','ทินกร','ฉันชัย','1601300090190',1,'',9,0,1,2566,'3349800051661','2023-05-16'),(35,'1656',1,'ด.ช.','ธนากร','ฟอนโคกสูง','1349901549154',1,NULL,9,1,1,2562,'5330100104353','0000-00-00'),(36,'1657',2,'ด.ช.','จักรภัทร','ดกงาม','1341501493359',1,NULL,9,1,1,2562,'5330100104353','0000-00-00'),(37,'1658',3,'ด.ช.','จิตติพล','บุญทรง','1341501500380',1,NULL,9,1,1,2562,'','0000-00-00'),(38,'1659',4,'ด.ช.','เดชภูมี','ผลทวี','1341501500100',1,NULL,9,1,1,2562,'','0000-00-00'),(39,'1660',5,'ด.ช.','ณัฐวุฒิ','นามโสภา','1341501496731',1,NULL,9,1,1,2562,'','0000-00-00'),(41,'1662',7,'ด.ญ.','ณัฎฐนิชา','โมรานอก','1349901553828',2,NULL,9,1,1,2562,'','0000-00-00'),(42,'1663',8,'ด.ญ.','ภัชราภา','จันทาทอง','1349901547011',2,NULL,9,1,1,2562,'','0000-00-00'),(43,'1664',9,'ด.ญ.','อภิชญา','แก่นคำ','1349901514504',2,NULL,9,1,1,2562,'','0000-00-00'),(44,'1665',10,'ด.ญ.','ณัฐธิดา','อดกลั้น','1349901558447',2,NULL,9,1,1,2562,'','0000-00-00'),(45,'1666',11,'ด.ญ.','นลินทิพย์','ศิลปชัย','1341501495149',2,NULL,9,1,1,2562,'','0000-00-00'),(46,'1667',12,'ด.ญ.','เพชรา','ไพรบึง','1341501496714',2,NULL,9,1,1,2562,'5330100104353','0000-00-00'),(47,'1668',13,'ด.ญ.','ปนัดดา','ธุระจิตร','1250101692346',2,NULL,9,1,1,2562,'5330100104353','0000-00-00'),(48,'1670',14,'ด.ญ.','นภสร','แสงจันทร์','1341501499233',2,NULL,9,1,1,2562,'','0000-00-00'),(49,'1671',15,'ด.ญ.','ศุภกร','บุญมา','1341501501971',2,NULL,9,1,1,2562,'','0000-00-00'),(50,'1673',16,'ด.ญ.','วิภาวี','ธวัชกุล','1349901513508',2,NULL,4,1,1,2561,'','0000-00-00'),(51,'1633',1,'ด.ช.','อานนท์','โทสีทา','1349901471961',1,NULL,9,1,1,2561,'','0000-00-00'),(52,'1634',2,'ด.ช.','วิชญ์พล','แสนทวีสุข','1341501492239',1,NULL,9,1,1,2561,'','0000-00-00'),(53,'1635',3,'ด.ช.','เจษฎา','กลางคำ','1349901479164',1,NULL,9,1,1,2561,'','0000-00-00'),(54,'1636',4,'ด.ช.','วุฒิชัย','สมเสียง','1149900977774',1,NULL,9,1,1,2561,'','0000-00-00'),(55,'1637',5,'ด.ช.','อภิชาติ','สุทธิกรณ์','1341501486492',1,NULL,9,1,1,2561,'','0000-00-00'),(56,'1638',6,'ด.ช.','นัฐพงษ์','คูณอาษา','1341501488312',1,NULL,9,1,1,2561,'','0000-00-00'),(57,'1639',7,'ด.ช.','พีรภัทร์','ชินพาด','1341501484970',1,NULL,9,1,1,2561,'','0000-00-00'),(58,'1640',8,'ด.ช.','ณภัทร','อดกลั้น','1341501486476',1,NULL,9,1,1,2561,'','0000-00-00'),(59,'1641',9,'ด.ญ.','ชมพูนุช','หมื่นสุข','1341501487391',2,NULL,9,1,1,2561,'','0000-00-00'),(60,'1642',10,'ด.ญ.','ทิพวัน','พันลำ','1341501490473',2,NULL,9,1,1,2561,'','0000-00-00'),(61,'1643',11,'ด.ญ.','สร้อยกมล','สีวะสุทธิ์','1341501483388',2,NULL,9,1,1,2561,'','0000-00-00'),(62,'1644',12,'ด.ญ.','วันฤดี','ดกงาม','1341501488169',2,NULL,9,1,1,2561,'','0000-00-00'),(63,'1645',13,'ด.ญ.','สุพัตรา','บุญมา','1349901463543',2,NULL,9,1,1,2561,'','0000-00-00'),(64,'1646',14,'ด.ญ.','พิมพ์ชนก','คงดี','1341501483035',2,NULL,9,1,1,2561,'5330100104353','0000-00-00'),(65,'1608',1,'ด.ช.','บัณฑร','เกตุแก้ว','1341501479844',1,NULL,6,1,1,2561,'','0000-00-00'),(66,'1610',3,'ด.ช.','วีระศักดิ์','กากเพ็ชร','1349901409271',1,NULL,6,1,1,2561,'3341900908273','0000-00-00'),(67,'1611',4,'ด.ช.','อมร','กระดานพล','1341501469491',1,NULL,6,1,1,2561,'3341900908273','0000-00-00'),(68,'1612',5,'ด.ช.','อัมรินทร์','สมแพง','1341501468117',1,NULL,6,1,1,2561,'3341900908273','0000-00-00'),(69,'1613',6,'ด.ช.','ภราดร','สาระการ','1341501482241',1,NULL,6,1,1,2561,'3341900908273','0000-00-00'),(70,'1614',7,'ด.ช.','ธนาธิป','ธาตะนะ','1349901398644',1,NULL,6,1,1,2561,'3341900908273','0000-00-00'),(71,'1615',8,'ด.ช.','คมสันต์','หาญไธสง','1341501481695',1,NULL,6,1,1,2561,'3341900908273','0000-00-00'),(72,'1616',9,'ด.ช.','รัฐภูมิ','ไชยะมติ','1341501476781',1,NULL,6,1,1,2561,'3341900908273','0000-00-00'),(73,'1617',10,'ด.ช.','สุเมธ','ศรีบูกุล','1341501467781',1,NULL,6,1,1,2561,'3341900908273','0000-00-00'),(74,'1618',11,'ด.ช.','วันใหม่','สมพงค์','1341501479577',1,NULL,6,1,1,2561,'3341900908273','0000-00-00'),(75,'1619',12,'ด.ช.','ชนาสิน','เสริมศรี','1341501481733',1,NULL,6,1,1,2561,'3341900908273','0000-00-00'),(76,'1620',13,'ด.ช.','อรรถพล','บัวทอง','1341501482306',1,NULL,6,1,1,2561,'3341900908273','0000-00-00'),(77,'1621',14,'ด.ช.','เจษฎาภรณ์','น้อยโนนทอง','1341501479089',1,NULL,6,1,1,2561,'3341900908273','0000-00-00'),(78,'1622',15,'ด.ช.','ณัฐภูมิ','ขันทวีชัย','1349901415247',1,NULL,6,1,1,2561,'3341900908273','0000-00-00'),(79,'1623',18,'ด.ญ.','วันใจ','วะเศษสร้อย','1341501475440',2,NULL,6,1,1,2561,'3341900908273','0000-00-00'),(80,'1624',19,'ด.ญ.','มะลิสา','พรมทอง','1341501466955',2,NULL,6,1,1,2561,'3341900908273','0000-00-00'),(81,'1625',20,'ด.ญ.','สิริวันต์','แก้งบ้าน','1341501482462',2,NULL,6,1,1,2561,'3341900908273','0000-00-00'),(82,'1626',21,'ด.ญ.','อรวรรณ','สมแพง','1349901405080',2,NULL,6,1,1,2561,'3341900908273','0000-00-00'),(83,'1627',22,'ด.ญ.','ปิยมาศ','สาระการ','1349901408798',2,NULL,6,1,1,2561,'3341900908273','0000-00-00'),(84,'1629',23,'ด.ญ.','ญาณิศา','ดำพะทิก','1349901362682',2,NULL,6,1,1,2561,'3341900908273','0000-00-00'),(85,'1630',16,'ด.ช.','พงษ์ผไท','ใจทน','1341501478856',1,NULL,6,1,1,2561,'3341900908273','0000-00-00'),(132,'1609',2,'เด็กชาย','ธนพร','ทองเลิศ','1329901347314',1,'',6,1,1,2561,'3341900908273','2014-07-15'),(87,'1674',17,'ด.ช.','พสิษฐ์','พงษ์อนันต์','1342400051246',1,NULL,6,1,1,2561,'3341900908273','0000-00-00'),(88,'1698',24,'ด.ญ.','สุพรรษา','สิงห์คำ','1347600005978',2,NULL,6,1,1,2561,'','0000-00-00'),(89,'1428',1,'ด.ช.','ภูวนาถ','แก่นมั่น','2349900092876',1,NULL,7,1,1,2561,'','0000-00-00'),(90,'1591',2,'ด.ช.','ธีภพ','ณรงค์แสง','1341501457701',1,NULL,7,1,1,2561,'','0000-00-00'),(91,'1592',3,'ด.ช.','เกียรติศักดิ์','บัวแพร','1349901321048',1,NULL,7,1,1,2561,'','0000-00-00'),(92,'1593',4,'ด.ช.','วรโชติ','ธวัชกุล','1341501464332',1,NULL,7,1,1,2561,'','0000-00-00'),(93,'1594',5,'ด.ช.','หลักชัย','ชินโคตร','1341501464057',1,NULL,7,1,1,2561,'','0000-00-00'),(94,'1595',6,'ด.ช.','ธีรภัทร','ชื่นใจ','1341501461571',1,NULL,7,1,1,2561,'','0000-00-00'),(95,'1597',7,'ด.ช.','เฉลิมเกียรติ','หยาดทอง','1341501446717',1,NULL,7,1,1,2561,'','0000-00-00'),(96,'1600',8,'ด.ญ.','นุชวรา','กุลทะโสม','1341501463689',2,NULL,7,1,1,2561,'','0000-00-00'),(97,'1601',9,'ด.ญ.','อมรรัตน์','สีวะสุทธิ์','1341501445834',2,NULL,7,1,1,2561,'','0000-00-00'),(98,'1602',10,'ด.ญ.','ผ่องฉวี','บุญแก่น','1341501460493',2,NULL,7,1,1,2561,'','0000-00-00'),(99,'1650',11,'ด.ญ.','กัลยา','เหลาทอง','1379900271535',2,NULL,7,1,1,2561,'','0000-00-00'),(100,'1697',12,'ด.ญ.','วิภาภรณ์','ดกงาม','1341501453519',2,NULL,7,1,1,2561,'','0000-00-00'),(101,'1560',1,'ด.ช.','โสภณ','เกตุแก้ว','1341501428824',1,NULL,8,1,1,2561,'','0000-00-00'),(102,'1561',2,'ด.ช.','พิริยกร','ยกแสง','1342500060956',1,NULL,8,1,1,2561,'','0000-00-00'),(103,'1562',3,'ด.ช.','ธวัชชัย','มาตรขาว','1341501427364',1,NULL,8,1,1,2561,'','0000-00-00'),(104,'1563',4,'ด.ช.','สุรพล','กุลทะโสม','1349901238582',1,NULL,8,1,1,2561,'','0000-00-00'),(105,'1564',5,'ด.ช.','วรเมธ','พระอินทร์','1341501435618',1,NULL,8,1,1,2561,'','0000-00-00'),(106,'1565',6,'ด.ช.','อาทิตย์','สาระการ','1341501426392',1,NULL,8,1,1,2561,'','0000-00-00'),(107,'1566',7,'ด.ช.','ชัยวัฒน์','แนนดี','1341501427399',1,NULL,8,1,1,2561,'','0000-00-00'),(108,'1567',8,'ด.ช.','ธีรพงษ์','ชื่นใจ','1341501432317',1,NULL,8,1,1,2561,'','0000-00-00'),(109,'1568',9,'ด.ช.','สุทาทร','กระดานพล','1341501427976',1,NULL,8,1,1,2561,'','0000-00-00'),(110,'1571',10,'ด.ช.','ณัฐวุฒิ','บุตรดี','1341501442185',1,NULL,8,1,1,2561,'','0000-00-00'),(111,'1572',11,'ด.ช.','พรพินิต','ลุนยา','1349901226649',1,NULL,8,1,1,2561,'','0000-00-00'),(112,'1573',12,'ด.ช.','กิตติศักดิ์','พัฒนพวง','1219900955591',1,NULL,8,1,1,2561,'','0000-00-00'),(113,'1574',13,'ด.ญ.','กัญญารัตน์','คูณอาษา','1341501439168',2,NULL,8,1,1,2561,'','0000-00-00'),(114,'1575',14,'ด.ญ.','อภิญญา','ชมรส','1349901277600',2,NULL,8,1,1,2561,'','0000-00-00'),(115,'1577',15,'ด.ญ.','นิลมณี','สมแพง','2139600038720',2,NULL,8,1,1,2561,'','0000-00-00'),(116,'1578',16,'ด.ญ.','ทับทิมจันทร์','ใจทน','1341501437874',2,NULL,8,1,1,2561,'','0000-00-00'),(117,'1579',17,'ด.ญ.','ปิยะดา','พิมพ์โส','1341501432287',2,NULL,8,1,1,2561,'','0000-00-00'),(118,'1580',18,'ด.ญ.','นพรัตน์','สมแพง','1458300007746',2,NULL,8,1,1,2561,'','0000-00-00'),(119,'1631',19,'ด.ช.','ธีระศักดิ์','วงค์วิจารย์','1259500047876',1,NULL,8,1,1,2561,'','0000-00-00'),(120,'1632',20,'ด.ญ.','ฉัตรียา','อยู่คง','1341501445061',2,NULL,8,1,1,2561,'','0000-00-00'),(121,'1648',21,'ด.ช.','อดิศักดิ์','มณีโรจน์','2349900092094',1,NULL,8,1,1,2561,'','0000-00-00'),(122,'1542',1,'ด.ช.','ศิริพงษ์','กุลทะโสม','1341501405514',1,NULL,9,1,1,2561,'','0000-00-00'),(123,'1543',2,'ด.ช.','ปัญญาวุฒิ','ทองเลิศ','1341501404364',1,NULL,9,1,1,2561,'','0000-00-00'),(124,'1545',3,'ด.ช.','ประสิทธิ์','สมพงศ์','1341501419531',1,NULL,9,1,1,2561,'','0000-00-00'),(125,'1547',4,'ด.ญ.','เยาวลักษณ์','ดวงโสภา','1341501407363',2,NULL,9,1,1,2561,'','0000-00-00'),(126,'1548',5,'ด.ญ.','เพียงตะวัน','บานแสง','1341501404585',2,NULL,9,1,1,2561,'','0000-00-00'),(127,'1549',6,'ด.ญ.','ชลธิชา','ชาติศรี','1341501406715',2,NULL,9,1,1,2561,'','0000-00-00'),(128,'1550',7,'ด.ญ.','จิราภรณ์','กุลทะโสม','1341501405018',2,NULL,9,1,1,2561,'','0000-00-00'),(129,'1551',8,'ด.ญ.','สมฤทัย','สุทธิเลขล้อม','1341501424993',2,NULL,9,1,1,2561,'','0000-00-00'),(130,'1552',9,'ด.ญ.','สุพัตตรา','ดกงาม','1341501417946',2,NULL,9,1,1,2561,'','0000-00-00'),(131,'1584',10,'ด.ช.','นฤชัย','นามโสภา','1349700310103',1,NULL,9,1,1,2561,'','0000-00-00'),(133,'456',1,'เด็กชาย','เด็กดี','มีวินัย','1543267894563',1,'',5,0,1,2561,'5330100104353','2018-09-29'),(136,'1738',2,'เด็กชาย','กิติพงษ์','ปัดสะมั่น','1341501538701',1,'',9,0,1,2566,'3349800051661','2023-05-16'),(135,'1732',1,'เด็กชาย','จักริน','คำเกิด','1347600067311',1,'',9,0,1,2566,'3349800051661','2023-05-16'),(155,'1743',1,'เด็กชาย','นรธีร์','จิตรบรรจง','1341501547530',1,'',9,0,1,2567,'3349800051661','2023-05-18'),(156,'1747',2,'เด็กชาย','ธัญชนิต','กุลทะโสม','1341501552631',1,'',9,0,1,2567,'3349800051661','2023-05-18'),(157,'1748',3,'เด็กชาย','สมศักดิ์','บาลแสง','1340300193624',1,'',9,0,1,2567,'3349800051661','2023-05-18'),(158,'1749',4,'เด็กชาย','จิรายุ','สมพงค์','1349901867539',1,'',9,0,1,2567,'3349800051661','2023-05-18'),(159,'1750',5,'เด็กชาย','เจษฎา','หาญไธสง','1347600081143',1,'',9,0,1,2567,'3349800051661','2023-05-18'),(160,'1751',6,'เด็กชาย','พีรพัฒน์','มณีโรจน์','1341501545308',1,'',9,0,1,2567,'3349800051661','2023-05-18'),(161,'1753',7,'เด็กหญิง','พรทิพย์','ประทุมรัตน์','1341501548382',2,'',9,0,1,2567,'1330300090221','2023-05-18'),(162,'1755',8,'เด็กหญิง','ณิชาภัทร','วงษ์ตรี','1349901856928',2,'',9,0,1,2567,'1330300090221','2023-05-18'),(163,'1756',9,'เด็กหญิง','สริญญา','ทองสุข','1219901452356',2,'',9,0,1,2567,'1330300090221','2023-05-18'),(164,'1792',10,'เด็กชาย','กรวิชญ์','นวลคำ','1341501550310',1,'',9,0,1,2567,'1330300090221','2023-05-18'),(165,'1772',1,'เด็กชาย','จิรภัทร','จันใหญ่','1347600089691',1,'',9,0,0,NULL,'3349800051661','2023-05-18'),(166,'1773',2,'เด็กชาย','จิรายุทธ','ชวดทอง','1341501557845',1,'',9,0,0,NULL,'3349800051661','2023-05-18'),(167,'1774',3,'เด็กชาย','ชมพู','ศรีเหลื่อม','1468900070619',1,'',9,0,0,NULL,'3349800051661','2023-05-18'),(168,'1775',4,'เด็กชาย','ธนดล','มณีโรจน์','1341501557381',1,'',9,0,0,NULL,'3349800051661','2023-05-18'),(169,'1778',6,'เด็กหญิง','กัญญาณี','เคนประจง','1349901977407',2,'',9,0,0,NULL,'1330300090221','2023-05-18'),(170,'1779',7,'เด็กหญิง','ธนัญชกานติ์','ผลทวี','1349901943855',2,'',9,0,2,2568,'1330300090221','2023-05-18'),(171,'1780',7,'เด็กหญิง','ปรียานุช','เคนประจง','1341501556962',2,'',9,0,0,NULL,'1330300090221','2023-05-18'),(172,'1782',8,'เด็กหญิง','แพรวา','กุลทะโสม','1349901921240',2,'',9,0,0,NULL,'1330300090221','2023-05-18'),(173,'1783',9,'เด็กหญิง','วิภาดา','กัญญาลา','1341501565767',2,'',9,0,0,NULL,'1330300090221','2023-05-18'),(174,'1784',10,'เด็กหญิง','วิลาวรรณ','แก้วสาลี','1349901972588',2,'',9,0,0,NULL,'1330300090221','2023-05-18'),(175,'1785',11,'เด็กหญิง','อัญชลีพร','วิเศษชาติ','1341501556342',2,'',9,0,0,NULL,'1330300090221','2023-05-18'),(176,'1804',12,'เด็กหญิง','มีนา','สีสุพิม','623400002695',2,'',9,0,0,NULL,'1330300090221','2023-05-18'),(177,'1847',13,'เด็กหญิง','ปรียาภรณ์','จันทะเวช','1341501564302',2,'',9,0,0,NULL,'1330300090221','2023-05-18'),(178,'1767',1,'เด็กชาย','ไชยวัฒน์','กุลทะโสม','1341501568499',1,'',8,0,0,NULL,'3349800051661','2023-05-18'),(229,'1860',8,'เด็กหญิง','หนึ่งฤทัย','คงสุข','1341501621624',2,'modules/student_main/picture/pic_1860.jpg',5,0,0,NULL,'1330300090221','2023-10-02'),(180,'1771',3,'เด็กหญิง','ประกายดาว','บัวระพันธ์','1341501569428',2,'',8,0,0,NULL,'1330300090221','2023-05-18'),(181,'1798',4,'เด็กหญิง','นงลักษณ์','หมายดี','1349902023377',2,'',8,0,0,NULL,'1330300090221','2023-05-18'),(182,'1799',5,'เด็กชาย','อรรถวุฒิ','นามจำปา','1349902028221',1,'',8,0,0,NULL,'1330300090221','2023-05-18'),(183,'1800',6,'เด็กหญิง','จริญญา','ชินพาด','1341501568979',2,'',8,0,0,NULL,'1330300090221','2023-05-18'),(184,'1801',7,'เด็กหญิง','มินตรา','มณีโรจน์','1341501573344',2,'',8,0,0,NULL,'1330300090221','2023-05-18'),(185,'1802',8,'เด็กหญิง','อนิลทิตา','เงาสุข','1349901994697',2,'',8,0,0,NULL,'1330300090221','2023-05-18'),(186,'1803',3,'เด็กชาย','สิงหา','ละอองเอก','623400002849',1,'',7,0,2,2567,'1341500287428','2023-05-18'),(187,'1830',9,'เด็กหญิง','ตรีชฎา','ชินพาด','1341501570001',2,'',8,0,0,NULL,'1330300090221','2023-05-18'),(188,'1833',10,'เด็กชาย','กวิน','พรมวงษ์','1347600103015',1,'',8,0,0,NULL,'1330300090221','2023-05-18'),(189,'1834',11,'เด็กหญิง','ชลรัศมี','เนยไชย','1119701247679',2,'',8,0,0,NULL,'1330300090221','2023-05-18'),(190,'1809',7,'เด็กหญิง','อลินลดา','ดีสม','1341501590303',2,'',7,0,0,NULL,'1341500287428','2023-05-18'),(191,'1810',2,'เด็กชาย','กรวิชญ์','ขุนณรงค์','1341501591903',1,'',7,0,0,NULL,'1341500287428','2023-05-18'),(192,'1811',3,'เด็กชาย','ก้องภพ','แก้วสาลี','1341501593779',1,'',7,0,0,NULL,'1341500287428','2023-05-18'),(193,'1812',4,'เด็กชาย','จักรพงษ์','สิงห์ทอง','1341501588325',1,'',7,0,0,NULL,'1341500287428','2023-05-18'),(194,'1814',5,'เด็กชาย','พีระ','พึ่งป่า','1340300199657',1,'',7,0,0,NULL,'1341500287428','2023-05-18'),(195,'1816',6,'เด็กชาย','ถาปนิก','สีมาธร','1341501583692',1,'',7,0,0,NULL,'1341500287428','2023-05-18'),(196,'1817',8,'เด็กหญิง','กัญญาณัฐ','ม่านตา','1679800489544',2,'',7,0,0,NULL,'1341500287428','2023-05-18'),(197,'1769',1,'เด็กชาย','ธนวัฒน์','นามโสภา','1349901992457',1,'',7,0,0,NULL,'1341500287428','2023-05-18'),(198,'1820',1,'เด็กหญิง','จันลดา','จันพวง','1341501595925',2,'modules/student_main/picture/pic_1820.jpg',6,0,0,NULL,'1330300090221','2023-05-18'),(199,'1821',2,'เด็กชาย','ณัฐภูมินทร์','จันใหญ่','1347600125639',1,'modules/student_main/picture/pic_1821.jpg',6,0,0,NULL,'1330300090221','2023-05-18'),(200,'1822',3,'เด็กชาย','ประจักษ์กริช','บุญรักษา','1341501602719',1,'modules/student_main/picture/pic_1822.jpg',6,0,0,NULL,'1330300090221','2023-05-18'),(201,'1823',4,'เด็กชาย','สุรศักดิ์','ศิริชนะ','1341501606498',1,'',5,0,2,2567,'3349800051661','2023-05-18'),(202,'1824',4,'เด็กชาย','อานนท์','กุลทะโสม','1341501596212',1,'modules/student_main/picture/pic_1824.jpg',6,0,0,NULL,'1330300090221','2023-05-18'),(203,'1825',5,'เด็กหญิง','กวินธิดา','อักษรพิมพ์','1349902123118',2,'modules/student_main/picture/pic_1825.jpg',6,0,0,NULL,'1330300090221','2023-05-18'),(204,'1826',6,'เด็กหญิง','ปาริชาติ','วิเศษชาติ','1341501600619',2,'modules/student_main/picture/pic_1826.jpg',6,0,0,NULL,'1330300090221','2023-05-18'),(205,'1827',7,'เด็กหญิง','พัทธ์ธิรา','ศิรินัย','1341501597448',2,'modules/student_main/picture/pic_1827.jpg',6,0,0,NULL,'1330300090221','2023-05-18'),(206,'1828',8,'เด็กหญิง','เมสา','สีสุพน','G643400001800',2,'modules/student_main/picture/pic_1828.jpg',6,0,0,NULL,'1330300090221','2023-05-18'),(207,'1829',9,'เด็กชาย','อัครพล','กลิ่นนวลกมล','1341501599319',1,'modules/student_main/picture/pic_1829.jpg',6,0,0,NULL,'1330300090221','2023-05-18'),(208,'1835',10,'เด็กชาย','ธัญเทพ','เล็งสิทธิ์','1341501602107',1,'modules/student_main/picture/pic_1835.jpg',6,0,0,NULL,'1330300090221','2023-05-18'),(209,'1836',1,'เด็กชาย','ธนภัทร','วงษ์ตรี','1341501626588',1,'modules/student_main/picture/pic_1836.jpg',5,0,0,NULL,'1330300090221','2023-05-18'),(210,'1837',2,'เด็กชาย','ภัครพล','กลิ่นนวลกมล','1249901204450',1,'modules/student_main/picture/pic_1837.jpg',5,0,0,NULL,'1330300090221','2023-05-18'),(211,'1838',3,'เด็กชาย','วัชรพล','นาพิลา','134150162660',1,'modules/student_main/picture/pic_1838.jpg',5,0,0,NULL,'1330300090221','2023-05-18'),(212,'1839',4,'เด็กหญิง','ชญานันท์','รัตนวงศ์','1110201486501',2,'',4,0,2,2567,'3349800051661','2023-05-18'),(213,'1840',4,'เด็กหญิง','ธัญญารัตน์','อำประเสริฐ','1341501611190',2,'modules/student_main/picture/pic_1840.jpg',5,0,0,NULL,'1330300090221','2023-05-18'),(214,'1842',5,'เด็กหญิง','พิมพ์ประภา','ศิริจันทร์','1341501616361',2,'modules/student_main/picture/pic_1842.jpg',5,0,0,NULL,'1330300090221','2023-05-18'),(215,'1843',6,'เด็กหญิง','รวินันท์','วรรณา','1341501626383',2,'modules/student_main/picture/pic_1843.jpg',5,0,2,2568,'1330300090221','2023-05-18'),(216,'1844',6,'เด็กหญิง','ลัลลาเบลล์','เคนประจง','1341501626715',2,'modules/student_main/picture/pic_1844.jpg',5,0,0,NULL,'1330300090221','2023-05-18'),(217,'1848',7,'เด็กหญิง','ประภัสสร','แก้วศรี','1341501611971',2,'modules/student_main/picture/pic_1848.jpg',5,0,0,NULL,'1330300090221','2023-05-18'),(218,'1849',1,'เด็กชาย','ปาราเมศ','เกตุศิริ','1347600145753',1,'',4,0,0,NULL,'3349800051661','2023-05-18'),(219,'1850',2,'เด็กชาย','เมธัส','ม่านตา','1679800530811',1,'',4,0,0,NULL,'3349800051661','2023-05-18'),(220,'1851',3,'เด็กชาย','วุฒิภัทร','ลาดละคร','1200901907924',1,'',4,0,0,NULL,'3349800051661','2023-05-18'),(221,'1852',4,'เด็กชาย','เมธิชัย','ภัคดี','1341501628807',1,'',4,0,0,NULL,'3349800051661','2023-05-18'),(222,'1853',5,'เด็กหญิง','กนกนาถ','วรรณศรี','1341501627304',2,'',4,0,0,NULL,'3349800051661','2023-05-18'),(223,'1854',6,'เด็กหญิง','เกตน์นิภา','วงษ์ทองน้อย','1118700343673',2,'',4,0,0,NULL,'3349800051661','2023-05-18'),(224,'1855',7,'เด็กหญิง','พิมนภา','ดวงคำ','1341501632103',2,'',4,0,0,NULL,'3340700591844','2023-05-18'),(225,'1856',10,'เด็กชาย','นฤพนธ์','เหล่าทะนนท์','1302401051304',1,'',4,0,2,2567,'3349800051661','2023-05-22'),(227,'1858',12,'เด็กหญิง','พิมพ์วิมล','กิตติพัฒนเจริญ','1349700485035',2,'',8,0,0,NULL,'1341500287428','2023-07-03'),(228,'1859',12,'เด็กหญิง','อรปรียา','จันทร์ทง','1341501609632',2,'',5,0,2,2567,'5330100104353','2023-09-04'),(230,'1864',13,'เด็กหญิง','วิภาพร','จันทวี','1342200164276',2,'',8,0,0,NULL,'1341500287428','2024-05-20'),(231,'1862',9,'เด็กชาย','ธนาธิป','ยอดเพชร','1629901110311',1,'',7,0,2,2568,'1330300090221','2024-05-20'),(232,'1863',9,'เด็กชาย','วีระชัย','ดกงาม','1341501594856',1,'',7,0,0,NULL,'1330300090221','2024-05-20'),(233,'1861',8,'เด็กหญิง','กัญญาณัฐ','สมชาติ','1209501384701',2,'',4,0,0,NULL,'1341500287428','2024-05-20'),(234,'1865',10,'เด็กหญิง','กานต์พิชชา','สมานดวง','1100704581822',2,'',7,0,0,NULL,'1330300090221','2024-05-21'),(235,'1866',1,'เด็กชาย','วรวุฒิ','โสดากุล','1341501650551',1,'',3,0,0,NULL,'1341500287428','2024-05-23'),(236,'1869',4,'เด็กหญิง','จิรัตติญา','สุดาชาติ','1341501653763',2,'',3,0,0,NULL,'1341500287428','2024-05-23'),(237,'1870',5,'เด็กหญิง','สุกัญญา','พึ่งป่า','1340300206645',2,'',3,0,0,NULL,'1341500287428','2024-05-23'),(238,'1871',6,'เด็กหญิง','สุพัตรา','ชัยยงค์','1341501653291',2,'',3,0,0,NULL,'1341500287428','2024-05-23'),(239,'1867',2,'เด็กชาย','พีรภัทร','กุลทะโสม','1341501654671',1,'',3,0,0,NULL,'1341500287428','2024-05-31'),(240,'1868',3,'เด็กชาย','นันทวุธ','ดวงคำ','1341501648760',1,'',3,0,0,NULL,'1341500287428','2024-05-31'),(241,'1770',2,'เด็กหญิง','ปิยภรณ์','แก้วหยด','1341501580316',2,'modules/student_main/picture/pic_1770.jpg',8,0,0,NULL,'1330300090221','2024-11-20'),(242,'1776',5,'เด็กชาย','นันทพงศ์ ','กุลทะโสม','1341501556831',1,'',9,0,0,NULL,'1330300090221','2024-11-20'),(243,'1872',9,'เด็กชาย','เขมราฐ','นพรัตน์','1829900483376',1,'',4,0,0,NULL,'1341500287428','2025-01-22'),(244,'1874',1,'เด็กชาย','วัชรากร  ','เกตุศิริ','1346400010225',1,'',2,0,0,NULL,'1330300090221','2025-05-19'),(245,'1875',2,'เด็กชาย','ศุภชัย ',' ป้องแก้ว','1346400008549',1,'',2,0,0,NULL,'1330300090221','2025-05-19'),(246,'1876',3,'เด็กชาย','อัครพล  ','อินตะนัย','1346400006333',1,'',2,0,0,NULL,'1330300090221','2025-05-19'),(247,'1877',4,'เด็กหญิง','กัณญากร ','แก้วศรี	','1346400010306',2,'',2,0,0,NULL,'1330300090221','2025-05-19'),(248,'1878',5,'เด็กหญิง','จัสมิน  ','ศรีบุกุล	','1346400003571',2,'',2,0,0,NULL,'1330300090221','2025-05-19'),(249,'1879',6,'เด็กหญิง','นรินทร์พร  ','ยอดรักษ์	','1341501657718',2,'',2,0,0,NULL,'1330300090221','2025-05-19'),(250,'1880',7,'เด็กหญิง','วนิดา ',' จันพวง	','1346400006040',2,'',2,0,0,NULL,'1330300090221','2025-05-19'),(251,'1873',11,'เด็กชาย','สุกฤษฎิ์ ','ชาชุมพร	','1459400020982	',1,'',6,0,0,NULL,'1330300090221','2025-05-19'),(252,'1797',15,'เด็กหญิง','แก้วใส',' แก้วสาลี	','1349901972600',2,'',9,0,0,NULL,'1330300090221','2025-05-19'),(253,'1881',8,'เด็กชาย','ศรัณย์','หลุยจันทึก','1309801894895',1,'',2,0,0,NULL,'1330300090221','2025-06-18');

--
-- Table structure for table `student_main_class`
--

CREATE TABLE `student_main_class` (
  `id` int(11) NOT NULL AUTO_INCREMENT,
  `class_code` tinyint(4) NOT NULL,
  `class_name` varchar(150) NOT NULL,
  PRIMARY KEY (`id`),
  UNIQUE KEY `class_code` (`class_code`)
) ENGINE=MyISAM AUTO_INCREMENT=9 DEFAULT CHARSET=utf8 COLLATE=utf8_general_ci;

--
-- Dumping data for table `student_main_class`
--

INSERT INTO `student_main_class` VALUES (1,2,'อนุบาล2'),(2,3,'อนุุบาล3'),(3,4,'ประถมศึกษาปีที่1'),(4,5,'ประถมศึกษาปีที่2'),(5,6,'ประถมศึกษาปีที่3'),(6,7,'ประถมศึกษาปีที่4'),(7,8,'ประถมศึกษาปีที่5'),(8,9,'ประถมศึกษาปีที่6');

--
-- Table structure for table `student_main_classlog`
--

CREATE TABLE `student_main_classlog` (
  `id` int(11) NOT NULL AUTO_INCREMENT,
  `ed_year` int(11) NOT NULL,
  `student_id` varchar(7) NOT NULL,
  `student_number` int(11) DEFAULT NULL,
  `class_code` tinyint(4) NOT NULL,
  `room` tinyint(4) DEFAULT 0,
  `officer` varchar(13) NOT NULL,
  `rec_date` date NOT NULL,
  PRIMARY KEY (`id`)
) ENGINE=MyISAM AUTO_INCREMENT=628 DEFAULT CHARSET=utf8 COLLATE=utf8_general_ci;

--
-- Dumping data for table `student_main_classlog`
--

INSERT INTO `student_main_classlog` VALUES (1,2557,'1699',1,2,1,'3341900908273','2014-07-16'),(2,2557,'1700',2,2,1,'3341900908273','2014-07-16'),(3,2557,'1701',3,2,1,'3341900908273','2014-07-16'),(4,2557,'1702',4,2,1,'3341900908273','2014-07-16'),(5,2557,'1703',5,2,1,'3341900908273','2014-07-16'),(6,2557,'1704',6,2,1,'3341900908273','2014-07-16'),(7,2557,'1705',7,2,1,'3341900908273','2014-07-16'),(8,2557,'1706',8,2,1,'3341900908273','2014-07-16'),(9,2557,'1707',9,2,1,'3341900908273','2014-07-16'),(10,2557,'1708',10,2,1,'3341900908273','2014-07-16'),(11,2557,'1709',11,2,1,'3341900908273','2014-07-16'),(12,2557,'1710',12,2,1,'3341900908273','2014-07-16'),(13,2557,'1711',13,2,1,'3341900908273','2014-07-16'),(14,2557,'1712',14,2,1,'3341900908273','2014-07-16'),(15,2557,'1713',15,2,1,'3341900908273','2014-07-16'),(16,2557,'1677',1,3,1,'3341900908273','2014-07-16'),(17,2557,'1678',2,3,1,'3341900908273','2014-07-16'),(18,2557,'1679',3,3,1,'3341900908273','2014-07-16'),(19,2557,'1680',4,3,1,'3341900908273','2014-07-16'),(20,2557,'1681',5,3,1,'3341900908273','2014-07-16'),(21,2557,'1682',6,3,1,'3341900908273','2014-07-16'),(22,2557,'1683',7,3,1,'3341900908273','2014-07-16'),(23,2557,'1684',8,3,1,'3341900908273','2014-07-16'),(24,2557,'1685',9,3,1,'3341900908273','2014-07-16'),(25,2557,'1686',10,3,1,'3341900908273','2014-07-16'),(26,2557,'1687',11,3,1,'3341900908273','2014-07-16'),(27,2557,'1688',12,3,1,'3341900908273','2014-07-16'),(28,2557,'1689',13,3,1,'3341900908273','2014-07-16'),(29,2557,'1690',14,3,1,'3341900908273','2014-07-16'),(30,2557,'1691',15,3,1,'3341900908273','2014-07-16'),(31,2557,'1692',16,3,1,'3341900908273','2014-07-16'),(32,2557,'1693',17,3,1,'3341900908273','2014-07-16'),(33,2557,'1696',18,3,1,'3341900908273','2014-07-16'),(34,2557,'1694',19,3,1,'3341900908273','2014-07-16'),(35,2557,'1656',1,4,1,'3341900908273','2014-07-16'),(36,2557,'1657',2,4,1,'3341900908273','2014-07-16'),(37,2557,'1658',3,4,1,'3341900908273','2014-07-16'),(38,2557,'1659',4,4,1,'3341900908273','2014-07-16'),(39,2557,'1660',5,4,1,'3341900908273','2014-07-16'),(40,2557,'1661',6,4,1,'3341900908273','2014-07-16'),(41,2557,'1662',7,4,1,'3341900908273','2014-07-16'),(42,2557,'1663',8,4,1,'3341900908273','2014-07-16'),(43,2557,'1664',9,4,1,'3341900908273','2014-07-16'),(44,2557,'1665',10,4,1,'3341900908273','2014-07-16'),(45,2557,'1666',11,4,1,'3341900908273','2014-07-16'),(46,2557,'1667',12,4,1,'3341900908273','2014-07-16'),(47,2557,'1668',13,4,1,'3341900908273','2014-07-16'),(48,2557,'1670',14,4,1,'3341900908273','2014-07-16'),(49,2557,'1671',15,4,1,'3341900908273','2014-07-16'),(50,2557,'1673',16,4,1,'3341900908273','2014-07-16'),(51,2557,'1633',1,5,1,'3341900908273','2014-07-16'),(52,2557,'1634',2,5,1,'3341900908273','2014-07-16'),(53,2557,'1635',3,5,1,'3341900908273','2014-07-16'),(54,2557,'1636',4,5,1,'3341900908273','2014-07-16'),(55,2557,'1637',5,5,1,'3341900908273','2014-07-16'),(56,2557,'1638',6,5,1,'3341900908273','2014-07-16'),(57,2557,'1639',7,5,1,'3341900908273','2014-07-16'),(58,2557,'1640',8,5,1,'3341900908273','2014-07-16'),(59,2557,'1641',9,5,1,'3341900908273','2014-07-16'),(60,2557,'1642',10,5,1,'3341900908273','2014-07-16'),(61,2557,'1643',11,5,1,'3341900908273','2014-07-16'),(62,2557,'1644',12,5,1,'3341900908273','2014-07-16'),(63,2557,'1645',13,5,1,'3341900908273','2014-07-16'),(64,2557,'1646',14,5,1,'3341900908273','2014-07-16'),(65,2557,'1608',1,6,1,'3341900908273','2014-07-16'),(66,2557,'1609',2,6,1,'3341900908273','2014-07-16'),(67,2557,'1610',3,6,1,'3341900908273','2014-07-16'),(68,2557,'1611',4,6,1,'3341900908273','2014-07-16'),(69,2557,'1612',5,6,1,'3341900908273','2014-07-16'),(70,2557,'1613',6,6,1,'3341900908273','2014-07-16'),(71,2557,'1614',7,6,1,'3341900908273','2014-07-16'),(72,2557,'1615',8,6,1,'3341900908273','2014-07-16'),(73,2557,'1616',9,6,1,'3341900908273','2014-07-16'),(74,2557,'1617',10,6,1,'3341900908273','2014-07-16'),(75,2557,'1618',11,6,1,'3341900908273','2014-07-16'),(76,2557,'1619',12,6,1,'3341900908273','2014-07-16'),(77,2557,'1620',13,6,1,'3341900908273','2014-07-16'),(78,2557,'1621',14,6,1,'3341900908273','2014-07-16'),(79,2557,'1622',15,6,1,'3341900908273','2014-07-16'),(80,2557,'1630',16,6,1,'3341900908273','2014-07-16'),(81,2557,'1674',17,6,1,'3341900908273','2014-07-16'),(82,2557,'1623',18,6,1,'3341900908273','2014-07-16'),(83,2557,'1624',19,6,1,'3341900908273','2014-07-16'),(84,2557,'1625',20,6,1,'3341900908273','2014-07-16'),(85,2557,'1626',21,6,1,'3341900908273','2014-07-16'),(86,2557,'1627',22,6,1,'3341900908273','2014-07-16'),(87,2557,'1629',23,6,1,'3341900908273','2014-07-16'),(88,2557,'1698',24,6,1,'3341900908273','2014-07-16'),(89,2557,'1428',1,7,1,'3341900908273','2014-07-16'),(90,2557,'1591',2,7,1,'3341900908273','2014-07-16'),(91,2557,'1592',3,7,1,'3341900908273','2014-07-16'),(92,2557,'1593',4,7,1,'3341900908273','2014-07-16'),(93,2557,'1594',5,7,1,'3341900908273','2014-07-16'),(94,2557,'1595',6,7,1,'3341900908273','2014-07-16'),(95,2557,'1597',7,7,1,'3341900908273','2014-07-16'),(96,2557,'1600',8,7,1,'3341900908273','2014-07-16'),(97,2557,'1601',9,7,1,'3341900908273','2014-07-16'),(98,2557,'1602',10,7,1,'3341900908273','2014-07-16'),(99,2557,'1650',11,7,1,'3341900908273','2014-07-16'),(100,2557,'1697',12,7,1,'3341900908273','2014-07-16'),(101,2557,'1560',1,8,1,'3341900908273','2014-07-16'),(102,2557,'1561',2,8,1,'3341900908273','2014-07-16'),(103,2557,'1562',3,8,1,'3341900908273','2014-07-16'),(104,2557,'1563',4,8,1,'3341900908273','2014-07-16'),(105,2557,'1564',5,8,1,'3341900908273','2014-07-16'),(106,2557,'1565',6,8,1,'3341900908273','2014-07-16'),(107,2557,'1566',7,8,1,'3341900908273','2014-07-16'),(108,2557,'1567',8,8,1,'3341900908273','2014-07-16'),(109,2557,'1568',9,8,1,'3341900908273','2014-07-16'),(110,2557,'1571',10,8,1,'3341900908273','2014-07-16'),(111,2557,'1572',11,8,1,'3341900908273','2014-07-16'),(112,2557,'1573',12,8,1,'3341900908273','2014-07-16'),(113,2557,'1574',13,8,1,'3341900908273','2014-07-16'),(114,2557,'1575',14,8,1,'3341900908273','2014-07-16'),(115,2557,'1577',15,8,1,'3341900908273','2014-07-16'),(116,2557,'1578',16,8,1,'3341900908273','2014-07-16'),(117,2557,'1579',17,8,1,'3341900908273','2014-07-16'),(118,2557,'1580',18,8,1,'3341900908273','2014-07-16'),(119,2557,'1631',19,8,1,'3341900908273','2014-07-16'),(120,2557,'1632',20,8,1,'3341900908273','2014-07-16'),(121,2557,'1648',21,8,1,'3341900908273','2014-07-16'),(122,2557,'1542',1,9,1,'3341900908273','2014-07-16'),(123,2557,'1543',2,9,1,'3341900908273','2014-07-16'),(124,2557,'1545',3,9,1,'3341900908273','2014-07-16'),(125,2557,'1547',4,9,1,'3341900908273','2014-07-16'),(126,2557,'1548',5,9,1,'3341900908273','2014-07-16'),(127,2557,'1549',6,9,1,'3341900908273','2014-07-16'),(128,2557,'1550',7,9,1,'3341900908273','2014-07-16'),(129,2557,'1551',8,9,1,'3341900908273','2014-07-16'),(130,2557,'1552',9,9,1,'3341900908273','2014-07-16'),(131,2557,'1584',10,9,1,'3341900908273','2014-07-16'),(132,2561,'1592',3,7,1,'5330100104353','2018-09-29'),(133,2561,'1593',4,7,1,'5330100104353','2018-09-29'),(134,2561,'1594',5,7,1,'5330100104353','2018-09-29'),(135,2561,'1595',6,7,1,'5330100104353','2018-09-29'),(136,2561,'1597',7,7,1,'5330100104353','2018-09-29'),(137,2561,'1600',8,7,1,'5330100104353','2018-09-29'),(138,2561,'1601',9,7,1,'5330100104353','2018-09-29'),(139,2561,'1602',10,7,1,'5330100104353','2018-09-29'),(140,2561,'1650',11,7,1,'5330100104353','2018-09-29'),(141,2561,'1697',12,7,1,'5330100104353','2018-09-29'),(142,2561,'1560',1,8,1,'5330100104353','2018-09-29'),(143,2561,'1561',2,8,1,'5330100104353','2018-09-29'),(144,2561,'1562',3,8,1,'5330100104353','2018-09-29'),(145,2561,'1563',4,8,1,'5330100104353','2018-09-29'),(146,2561,'1564',5,8,1,'5330100104353','2018-09-29'),(147,2561,'1565',6,8,1,'5330100104353','2018-09-29'),(148,2561,'1566',7,8,1,'5330100104353','2018-09-29'),(149,2561,'1567',8,8,1,'5330100104353','2018-09-29'),(150,2561,'1568',9,8,1,'5330100104353','2018-09-29'),(151,2561,'1571',10,8,1,'5330100104353','2018-09-29'),(152,2561,'1572',11,8,1,'5330100104353','2018-09-29'),(153,2561,'1573',12,8,1,'5330100104353','2018-09-29'),(154,2561,'1574',13,8,1,'5330100104353','2018-09-29'),(155,2561,'1575',14,8,1,'5330100104353','2018-09-29'),(156,2561,'1577',15,8,1,'5330100104353','2018-09-29'),(157,2561,'1578',16,8,1,'5330100104353','2018-09-29'),(158,2561,'1579',17,8,1,'5330100104353','2018-09-29'),(159,2561,'1580',18,8,1,'5330100104353','2018-09-29'),(160,2561,'1631',19,8,1,'5330100104353','2018-09-29'),(161,2561,'1632',20,8,1,'5330100104353','2018-09-29'),(162,2561,'1648',21,8,1,'5330100104353','2018-09-29'),(163,2561,'1542',1,9,1,'5330100104353','2018-09-29'),(164,2561,'1543',2,9,1,'5330100104353','2018-09-29'),(165,2561,'1545',3,9,1,'5330100104353','2018-09-29'),(166,2561,'1547',4,9,1,'5330100104353','2018-09-29'),(167,2561,'1548',5,9,1,'5330100104353','2018-09-29'),(168,2561,'1549',6,9,1,'5330100104353','2018-09-29'),(169,2561,'1550',7,9,1,'5330100104353','2018-09-29'),(170,2561,'1551',8,9,1,'5330100104353','2018-09-29'),(171,2561,'1552',9,9,1,'5330100104353','2018-09-29'),(172,2561,'1584',10,9,1,'5330100104353','2018-09-29'),(173,2561,'1608',1,6,1,'5330100104353','2018-09-29'),(174,2561,'1609',2,6,1,'5330100104353','2018-09-29'),(175,2561,'1610',3,6,1,'5330100104353','2018-09-29'),(176,2561,'1611',4,6,1,'5330100104353','2018-09-29'),(177,2561,'1612',5,6,1,'5330100104353','2018-09-29'),(178,2561,'1613',6,6,1,'5330100104353','2018-09-29'),(179,2561,'1614',7,6,1,'5330100104353','2018-09-29'),(180,2561,'1615',8,6,1,'5330100104353','2018-09-29'),(181,2561,'1616',9,6,1,'5330100104353','2018-09-29'),(182,2561,'1617',10,6,1,'5330100104353','2018-09-29'),(183,2561,'1618',11,6,1,'5330100104353','2018-09-29'),(184,2561,'1619',12,6,1,'5330100104353','2018-09-29'),(185,2561,'1620',13,6,1,'5330100104353','2018-09-29'),(186,2561,'1621',14,6,1,'5330100104353','2018-09-29'),(187,2561,'1622',15,6,1,'5330100104353','2018-09-29'),(188,2561,'1630',16,6,1,'5330100104353','2018-09-29'),(189,2561,'1674',17,6,1,'5330100104353','2018-09-29'),(190,2561,'1623',18,6,1,'5330100104353','2018-09-29'),(191,2561,'1624',19,6,1,'5330100104353','2018-09-29'),(192,2561,'1625',20,6,1,'5330100104353','2018-09-29'),(193,2561,'1626',21,6,1,'5330100104353','2018-09-29'),(194,2561,'1627',22,6,1,'5330100104353','2018-09-29'),(195,2561,'1629',23,6,1,'5330100104353','2018-09-29'),(196,2561,'1698',24,6,1,'5330100104353','2018-09-29'),(197,2561,'1428',1,7,1,'5330100104353','2018-09-29'),(198,2561,'1591',2,7,1,'5330100104353','2018-09-29'),(199,2560,'1633',1,5,1,'5330100104353','2018-09-29'),(200,2560,'1634',2,5,1,'5330100104353','2018-09-29'),(201,2560,'1635',3,5,1,'5330100104353','2018-09-29'),(202,2560,'1636',4,5,1,'5330100104353','2018-09-29'),(203,2560,'1637',5,5,1,'5330100104353','2018-09-29'),(204,2560,'1638',6,5,1,'5330100104353','2018-09-29'),(205,2560,'1639',7,5,1,'5330100104353','2018-09-29'),(206,2560,'1640',8,5,1,'5330100104353','2018-09-29'),(207,2560,'1641',9,5,1,'5330100104353','2018-09-29'),(208,2560,'1642',10,5,1,'5330100104353','2018-09-29'),(209,2560,'1643',11,5,1,'5330100104353','2018-09-29'),(210,2560,'1644',12,5,1,'5330100104353','2018-09-29'),(211,2560,'1645',13,5,1,'5330100104353','2018-09-29'),(212,2560,'1646',14,5,1,'5330100104353','2018-09-29'),(213,2561,'1667',12,9,1,'5330100104353','2019-09-02'),(214,2561,'1668',13,9,1,'5330100104353','2019-09-02'),(215,2561,'1656',1,9,1,'5330100104353','2019-09-02'),(216,2561,'1657',2,9,1,'5330100104353','2019-09-02'),(217,2561,'1673',16,4,1,'3340700591844','2019-11-01'),(218,2561,'456',1,5,0,'3340700591844','2019-11-01'),(219,2561,'1633',1,9,1,'3340700591844','2019-11-01'),(220,2561,'1634',2,9,1,'3340700591844','2019-11-01'),(221,2561,'1635',3,9,1,'3340700591844','2019-11-01'),(222,2561,'1636',4,9,1,'3340700591844','2019-11-01'),(223,2561,'1637',5,9,1,'3340700591844','2019-11-01'),(224,2561,'1638',6,9,1,'3340700591844','2019-11-01'),(225,2561,'1639',7,9,1,'3340700591844','2019-11-01'),(226,2561,'1640',8,9,1,'3340700591844','2019-11-01'),(227,2561,'1641',9,9,1,'3340700591844','2019-11-01'),(228,2561,'1642',10,9,1,'3340700591844','2019-11-01'),(229,2561,'1643',11,9,1,'3340700591844','2019-11-01'),(230,2561,'1644',12,9,1,'3340700591844','2019-11-01'),(231,2561,'1645',13,9,1,'3340700591844','2019-11-01'),(232,2561,'1646',14,9,1,'3340700591844','2019-11-01'),(233,2561,'1699',1,2,1,'3340700181832','2019-11-24'),(234,2561,'1700',2,2,1,'3340700181832','2019-11-24'),(235,2561,'1701',3,2,1,'3340700181832','2019-11-24'),(236,2561,'1702',4,2,1,'3340700181832','2019-11-24'),(237,2561,'1703',5,2,1,'3340700181832','2019-11-24'),(238,2561,'1704',6,2,1,'3340700181832','2019-11-24'),(239,2561,'1705',7,2,1,'3340700181832','2019-11-24'),(240,2561,'1706',8,2,1,'3340700181832','2019-11-24'),(241,2561,'1707',9,2,1,'3340700181832','2019-11-24'),(242,2561,'1708',10,2,1,'3340700181832','2019-11-24'),(243,2561,'1709',11,2,1,'3340700181832','2019-11-24'),(244,2561,'1710',12,2,1,'3340700181832','2019-11-24'),(245,2561,'1711',13,2,1,'3340700181832','2019-11-24'),(246,2561,'1712',14,2,1,'3340700181832','2019-11-24'),(247,2561,'1713',15,2,1,'3340700181832','2019-11-24'),(248,2561,'1677',1,3,1,'3340700181832','2019-11-24'),(249,2561,'1678',2,3,1,'3340700181832','2019-11-24'),(250,2561,'1679',3,3,1,'3340700181832','2019-11-24'),(251,2561,'1680',4,3,1,'3340700181832','2019-11-24'),(252,2561,'1681',5,3,1,'3340700181832','2019-11-24'),(253,2561,'1682',6,3,1,'3340700181832','2019-11-24'),(254,2561,'1683',7,3,1,'3340700181832','2019-11-24'),(255,2561,'1684',8,3,1,'3340700181832','2019-11-24'),(256,2561,'1685',9,3,1,'3340700181832','2019-11-24'),(257,2561,'1686',10,3,1,'3340700181832','2019-11-24'),(258,2561,'1687',11,3,1,'3340700181832','2019-11-24'),(259,2561,'1688',12,3,1,'3340700181832','2019-11-24'),(260,2561,'1689',13,3,1,'3340700181832','2019-11-24'),(261,2561,'1690',14,3,1,'3340700181832','2019-11-24'),(262,2561,'1691',15,3,1,'3340700181832','2019-11-24'),(263,2561,'1692',16,3,1,'3340700181832','2019-11-24'),(264,2561,'1693',17,3,1,'3340700181832','2019-11-24'),(265,2561,'1696',18,3,1,'3340700181832','2019-11-24'),(266,2561,'1694',19,3,1,'3340700181832','2019-11-24'),(267,2561,'1658',3,4,1,'3340700181832','2019-11-24'),(268,2561,'1659',4,4,1,'3340700181832','2019-11-24'),(269,2561,'1660',5,4,1,'3340700181832','2019-11-24'),(270,2561,'1661',6,4,1,'3340700181832','2019-11-24'),(271,2561,'1662',7,4,1,'3340700181832','2019-11-24'),(272,2561,'1663',8,4,1,'3340700181832','2019-11-24'),(273,2561,'1664',9,4,1,'3340700181832','2019-11-24'),(274,2561,'1665',10,4,1,'3340700181832','2019-11-24'),(275,2561,'1666',11,4,1,'3340700181832','2019-11-24'),(276,2561,'1670',14,4,1,'3340700181832','2019-11-24'),(277,2561,'1671',15,4,1,'3340700181832','2019-11-24'),(278,2560,'1687',11,6,1,'3340700181832','2019-11-25'),(279,2562,'1683',7,8,1,'3340700181832','2019-11-25'),(280,2562,'1807',16,4,1,'3340700591844','2020-02-19'),(281,2562,'1677',1,8,1,'5330100104353','2020-07-30'),(282,2562,'1678',2,8,1,'5330100104353','2020-07-30'),(283,2562,'1679',3,8,1,'5330100104353','2020-07-30'),(284,2562,'1680',4,8,1,'5330100104353','2020-07-30'),(285,2562,'1681',5,8,1,'5330100104353','2020-07-30'),(286,2562,'1682',6,8,1,'5330100104353','2020-07-30'),(287,2562,'1684',8,8,1,'5330100104353','2020-07-30'),(288,2562,'1685',9,8,1,'5330100104353','2020-07-30'),(289,2562,'1686',10,8,1,'5330100104353','2020-07-30'),(290,2562,'1688',12,8,1,'5330100104353','2020-07-30'),(291,2562,'1689',13,8,1,'5330100104353','2020-07-30'),(292,2562,'1690',14,8,1,'5330100104353','2020-07-30'),(293,2562,'1691',15,8,1,'5330100104353','2020-07-30'),(294,2562,'1692',16,8,1,'5330100104353','2020-07-30'),(295,2562,'1693',17,8,1,'5330100104353','2020-07-30'),(296,2562,'1696',18,8,1,'5330100104353','2020-07-30'),(297,2562,'1699',1,7,1,'5330100104353','2020-07-30'),(298,2562,'1700',2,7,1,'5330100104353','2020-07-30'),(299,2562,'1701',3,7,1,'5330100104353','2020-07-30'),(300,2562,'1702',4,7,1,'5330100104353','2020-07-30'),(301,2562,'1705',7,7,1,'5330100104353','2020-07-30'),(302,2562,'1706',8,7,1,'5330100104353','2020-07-30'),(303,2562,'1707',9,7,1,'5330100104353','2020-07-30'),(304,2562,'1708',10,7,1,'5330100104353','2020-07-30'),(305,2562,'1709',11,7,1,'5330100104353','2020-07-30'),(306,2562,'1710',12,7,1,'5330100104353','2020-07-30'),(307,2562,'1711',13,7,1,'5330100104353','2020-07-30'),(308,2562,'1713',15,7,1,'5330100104353','2020-07-30'),(309,2562,'1694',19,7,1,'5330100104353','2020-07-30'),(310,2562,'1712',14,6,1,'5330100104353','2020-07-30'),(311,2563,'1711',13,8,1,'5330100104353','2020-07-30'),(327,2565,'1732',1,9,0,'3349800051661','2023-05-16'),(313,2562,'1656',1,9,1,'5330100104353','2020-07-30'),(314,2562,'1657',2,9,1,'5330100104353','2020-07-30'),(315,2562,'1658',3,9,1,'5330100104353','2020-07-30'),(316,2562,'1659',4,9,1,'5330100104353','2020-07-30'),(317,2562,'1660',5,9,1,'5330100104353','2020-07-30'),(318,2562,'1662',7,9,1,'5330100104353','2020-07-30'),(319,2562,'1663',8,9,1,'5330100104353','2020-07-30'),(320,2562,'1664',9,9,1,'5330100104353','2020-07-30'),(321,2562,'1665',10,9,1,'5330100104353','2020-07-30'),(322,2562,'1666',11,9,1,'5330100104353','2020-07-30'),(323,2562,'1667',12,9,1,'5330100104353','2020-07-30'),(324,2562,'1668',13,9,1,'5330100104353','2020-07-30'),(325,2562,'1670',14,9,1,'5330100104353','2020-07-30'),(326,2562,'1671',15,9,1,'5330100104353','2020-07-30'),(328,2565,'1738',2,9,0,'3349800051661','2023-05-16'),(329,2565,'1728',3,9,0,'3349800051661','2023-05-16'),(330,2565,'1737',4,9,0,'3349800051661','2023-05-16'),(331,2565,'1729',5,9,0,'3349800051661','2023-05-16'),(332,2565,'1730',6,9,0,'3349800051661','2023-05-16'),(333,2565,'1731',7,9,0,'3349800051661','2023-05-16'),(334,2565,'1733',8,9,0,'3349800051661','2023-05-18'),(335,2565,'1739',9,9,0,'3349800051661','2023-05-18'),(336,2565,'1741',10,9,0,'3349800051661','2023-05-18'),(337,2565,'1742',11,9,0,'3349800051661','2023-05-18'),(338,2565,'1766',12,9,0,'3349800051661','2023-05-18'),(339,2565,'1789',13,9,0,'3349800051661','2023-05-18'),(340,2565,'1795',14,9,0,'3349800051661','2023-05-18'),(341,2565,'1740',15,9,0,'3349800051661','2023-05-18'),(342,2565,'1758',16,9,0,'3349800051661','2023-05-18'),(343,2565,'1832',17,9,0,'3349800051661','2023-05-18'),(344,2565,'1736',18,9,0,'3349800051661','2023-05-18'),(345,2565,'1845',19,9,0,'3349800051661','2023-05-18'),(346,2565,'1846',20,9,0,'3349800051661','2023-05-18'),(347,2565,'1743',1,8,0,'3349800051661','2023-05-18'),(348,2565,'1747',2,8,0,'3349800051661','2023-05-18'),(349,2565,'1748',3,8,0,'3349800051661','2023-05-18'),(350,2565,'1749',4,8,0,'3349800051661','2023-05-18'),(351,2565,'1750',5,8,0,'3349800051661','2023-05-18'),(352,2565,'1751',6,8,0,'3349800051661','2023-05-18'),(353,2565,'1753',7,8,0,'3349800051661','2023-05-18'),(354,2565,'1755',8,8,0,'3349800051661','2023-05-18'),(355,2565,'1756',9,8,0,'3349800051661','2023-05-18'),(356,2565,'1792',10,8,0,'3349800051661','2023-05-18'),(357,2565,'1772',1,7,0,'3349800051661','2023-05-18'),(358,2565,'1773',2,7,0,'3349800051661','2023-05-18'),(359,2565,'1774',3,7,0,'3349800051661','2023-05-18'),(360,2565,'1775',4,7,0,'3349800051661','2023-05-18'),(361,2565,'1778',5,7,0,'3349800051661','2023-05-18'),(362,2565,'1779',6,7,0,'3349800051661','2023-05-18'),(363,2565,'1780',7,7,0,'3349800051661','2023-05-18'),(364,2565,'1782',8,7,0,'3349800051661','2023-05-18'),(365,2565,'1783',9,7,0,'3349800051661','2023-05-18'),(366,2565,'1784',10,7,0,'3349800051661','2023-05-18'),(367,2565,'1785',11,7,0,'3349800051661','2023-05-18'),(368,2565,'1804',12,7,0,'3349800051661','2023-05-18'),(369,2565,'1847',13,7,0,'3349800051661','2023-05-18'),(370,2565,'1767',1,6,0,'3349800051661','2023-05-18'),(371,2565,'1770',2,6,0,'3349800051661','2023-05-18'),(372,2565,'1771',3,6,0,'3349800051661','2023-05-18'),(373,2565,'1798',4,6,0,'3349800051661','2023-05-18'),(374,2565,'1799',5,6,0,'3349800051661','2023-05-18'),(375,2565,'1800',6,6,0,'3349800051661','2023-05-18'),(376,2565,'1801',7,6,0,'3349800051661','2023-05-18'),(377,2565,'1802',8,6,0,'3349800051661','2023-05-18'),(378,2565,'1803',9,6,0,'3349800051661','2023-05-18'),(379,2565,'1830',10,6,0,'3349800051661','2023-05-18'),(380,2565,'1833',11,6,0,'3349800051661','2023-05-18'),(381,2565,'1834',12,6,0,'3349800051661','2023-05-18'),(382,2565,'1809',1,5,0,'3349800051661','2023-05-18'),(383,2565,'1810',2,5,0,'3349800051661','2023-05-18'),(384,2565,'1811',3,5,0,'3349800051661','2023-05-18'),(385,2565,'1812',4,5,0,'3349800051661','2023-05-18'),(386,2565,'1814',5,5,0,'3349800051661','2023-05-18'),(387,2565,'1816',6,5,0,'3349800051661','2023-05-18'),(388,2565,'1817',7,5,0,'3349800051661','2023-05-18'),(389,2565,'1769',8,5,0,'3349800051661','2023-05-18'),(390,2565,'1820',1,4,0,'3349800051661','2023-05-18'),(391,2565,'1821',2,4,0,'3349800051661','2023-05-18'),(392,2565,'1822',3,4,0,'3349800051661','2023-05-18'),(393,2565,'1823',4,4,0,'3349800051661','2023-05-18'),(394,2565,'1824',5,4,0,'3349800051661','2023-05-18'),(395,2565,'1825',6,4,0,'3349800051661','2023-05-18'),(396,2565,'1826',7,4,0,'3349800051661','2023-05-18'),(397,2565,'1827',8,4,0,'3349800051661','2023-05-18'),(398,2565,'1828',9,4,0,'3349800051661','2023-05-18'),(399,2565,'1829',10,4,0,'3349800051661','2023-05-18'),(400,2565,'1835',11,4,0,'3349800051661','2023-05-18'),(401,2565,'1836',1,3,0,'3349800051661','2023-05-18'),(402,2565,'1837',2,3,0,'3349800051661','2023-05-18'),(403,2565,'1838',3,3,0,'3349800051661','2023-05-18'),(404,2565,'1839',4,3,0,'3349800051661','2023-05-18'),(405,2565,'1840',5,3,0,'3349800051661','2023-05-18'),(406,2565,'1842',6,3,0,'3349800051661','2023-05-18'),(407,2565,'1843',7,3,0,'3349800051661','2023-05-18'),(408,2565,'1844',8,3,0,'3349800051661','2023-05-18'),(409,2565,'1848',9,3,0,'3349800051661','2023-05-18'),(410,2565,'1849',1,2,0,'3349800051661','2023-05-18'),(411,2565,'1850',2,2,0,'3349800051661','2023-05-18'),(412,2565,'1851',3,2,0,'3349800051661','2023-05-18'),(413,2565,'1852',4,2,0,'3349800051661','2023-05-18'),(414,2565,'1853',5,2,0,'3349800051661','2023-05-18'),(415,2565,'1854',6,2,0,'3349800051661','2023-05-18'),(416,2565,'1855',7,2,0,'3340700591844','2023-05-20'),(417,2565,'1856',10,3,0,'3349800051661','2023-05-22'),(418,2566,'1811',3,5,0,'1341500287428','2023-06-13'),(419,2566,'1857',14,7,0,'1341500287428','2023-06-21'),(420,2566,'1858',13,6,0,'1341500287428','2023-07-03'),(421,2566,'1859',12,4,0,'5330100104353','2023-10-01'),(423,2566,'1860',11,3,0,'1341500287428','2023-10-02'),(424,2566,'1816',6,5,0,'1341500287428','2024-03-08'),(425,2566,'1732',1,9,0,'1341500287428','2024-05-16'),(426,2566,'1738',2,9,0,'1341500287428','2024-05-16'),(427,2566,'1728',3,9,0,'1341500287428','2024-05-16'),(428,2566,'1737',4,9,0,'1341500287428','2024-05-16'),(429,2566,'1729',5,9,0,'1341500287428','2024-05-16'),(430,2566,'1730',6,9,0,'1341500287428','2024-05-16'),(431,2566,'1731',7,9,0,'1341500287428','2024-05-16'),(432,2566,'1733',8,9,0,'1341500287428','2024-05-16'),(433,2566,'1739',9,9,0,'1341500287428','2024-05-16'),(434,2566,'1741',10,9,0,'1341500287428','2024-05-16'),(435,2566,'1742',11,9,0,'1341500287428','2024-05-16'),(436,2566,'1766',12,9,0,'1341500287428','2024-05-16'),(437,2566,'1789',13,9,0,'1341500287428','2024-05-16'),(438,2566,'1795',14,9,0,'1341500287428','2024-05-16'),(439,2566,'1740',15,9,0,'1341500287428','2024-05-16'),(440,2566,'1758',16,9,0,'1341500287428','2024-05-16'),(441,2566,'1832',17,9,0,'1341500287428','2024-05-16'),(442,2566,'1736',18,9,0,'1341500287428','2024-05-16'),(443,2566,'1845',19,9,0,'1341500287428','2024-05-16'),(444,2566,'1846',20,9,0,'1341500287428','2024-05-16'),(445,2566,'1743',1,8,0,'1341500287428','2024-05-16'),(446,2566,'1747',2,8,0,'1341500287428','2024-05-16'),(447,2566,'1748',3,8,0,'1341500287428','2024-05-16'),(448,2566,'1749',4,8,0,'1341500287428','2024-05-16'),(449,2566,'1750',5,8,0,'1341500287428','2024-05-16'),(450,2566,'1751',6,8,0,'1341500287428','2024-05-16'),(451,2566,'1753',7,8,0,'1341500287428','2024-05-16'),(452,2566,'1755',8,8,0,'1341500287428','2024-05-16'),(453,2566,'1756',9,8,0,'1341500287428','2024-05-16'),(454,2566,'1792',10,8,0,'1341500287428','2024-05-16'),(455,2566,'1772',1,7,0,'1341500287428','2024-05-16'),(456,2566,'1773',2,7,0,'1341500287428','2024-05-16'),(457,2566,'1774',3,7,0,'1341500287428','2024-05-16'),(458,2566,'1775',4,7,0,'1341500287428','2024-05-16'),(459,2566,'1778',5,7,0,'1341500287428','2024-05-16'),(460,2566,'1779',6,7,0,'1341500287428','2024-05-16'),(461,2566,'1780',7,7,0,'1341500287428','2024-05-16'),(462,2566,'1782',8,7,0,'1341500287428','2024-05-16'),(463,2566,'1783',9,7,0,'1341500287428','2024-05-16'),(464,2566,'1784',10,7,0,'1341500287428','2024-05-16'),(465,2566,'1785',11,7,0,'1341500287428','2024-05-16'),(466,2566,'1804',12,7,0,'1341500287428','2024-05-16'),(467,2566,'1847',13,7,0,'1341500287428','2024-05-16'),(468,2567,'1803',3,6,0,'1341500287428','2024-05-16'),(469,2567,'1792',10,9,0,'1330300090221','2024-11-20'),(470,2567,'1753',7,9,0,'1330300090221','2024-11-20'),(471,2567,'1755',8,9,0,'1330300090221','2024-11-20'),(472,2567,'1756',9,9,0,'1330300090221','2024-11-20'),(473,2566,'1767',1,6,0,'1341500287428','2024-05-20'),(474,2566,'1771',3,6,0,'1341500287428','2024-05-20'),(475,2566,'1803',3,6,0,'1341500287428','2024-05-20'),(476,2566,'1798',4,6,0,'1341500287428','2024-05-20'),(477,2566,'1799',5,6,0,'1341500287428','2024-05-20'),(478,2566,'1800',6,6,0,'1341500287428','2024-05-20'),(479,2566,'1801',7,6,0,'1341500287428','2024-05-20'),(480,2566,'1802',8,6,0,'1341500287428','2024-05-20'),(481,2566,'1830',10,6,0,'1341500287428','2024-05-20'),(482,2566,'1833',11,6,0,'1341500287428','2024-05-20'),(483,2566,'1834',12,6,0,'1341500287428','2024-05-20'),(484,2567,'1799',5,7,0,'1330300090221','2024-11-20'),(485,2567,'1833',10,7,0,'1330300090221','2024-11-20'),(486,2567,'1771',3,7,0,'1330300090221','2024-11-20'),(487,2567,'1798',4,7,0,'1330300090221','2024-11-20'),(488,2567,'1800',6,7,0,'1330300090221','2024-11-20'),(489,2567,'1801',7,7,0,'1330300090221','2024-11-20'),(490,2567,'1802',8,7,0,'1330300090221','2024-11-20'),(491,2567,'1834',11,7,0,'1330300090221','2024-11-20'),(492,2567,'1858',12,7,0,'1341500287428','2024-05-20'),(493,2567,'1864',13,7,0,'1341500287428','2024-05-20'),(494,2566,'1809',1,5,0,'1341500287428','2024-05-20'),(495,2566,'1810',2,5,0,'1341500287428','2024-05-20'),(496,2566,'1812',4,5,0,'1341500287428','2024-05-20'),(497,2566,'1814',5,5,0,'1341500287428','2024-05-20'),(498,2566,'1817',7,5,0,'1341500287428','2024-05-20'),(499,2566,'1769',8,5,0,'1341500287428','2024-05-20'),(500,2567,'1769',1,6,0,'1341500287428','2024-05-20'),(501,2567,'1809',7,6,0,'1341500287428','2025-01-15'),(502,2567,'1817',8,6,0,'1341500287428','2024-05-20'),(503,2567,'1862',9,6,0,'1330300090221','2024-11-20'),(504,2567,'1863',10,6,0,'1341500287428','2024-05-20'),(505,2566,'1820',1,4,0,'1341500287428','2024-05-20'),(506,2566,'1821',2,4,0,'1341500287428','2024-05-20'),(507,2566,'1822',3,4,0,'1341500287428','2024-05-20'),(508,2566,'1823',4,4,0,'1341500287428','2024-05-20'),(509,2566,'1824',5,4,0,'1341500287428','2024-05-20'),(510,2566,'1825',6,4,0,'1341500287428','2024-05-20'),(511,2566,'1826',7,4,0,'1341500287428','2024-05-20'),(512,2566,'1827',8,4,0,'1341500287428','2024-05-20'),(513,2566,'1828',9,4,0,'1341500287428','2024-05-20'),(514,2566,'1829',10,4,0,'1341500287428','2024-05-20'),(515,2566,'1835',11,4,0,'1341500287428','2024-05-20'),(516,2566,'1836',1,3,0,'1341500287428','2024-05-20'),(517,2566,'1837',2,3,0,'1341500287428','2024-05-20'),(518,2566,'1838',3,3,0,'1341500287428','2024-05-20'),(519,2566,'1839',4,3,0,'1341500287428','2024-05-20'),(520,2566,'1840',5,3,0,'1341500287428','2024-05-20'),(521,2566,'1842',6,3,0,'1341500287428','2024-05-20'),(522,2566,'1843',7,3,0,'1341500287428','2024-05-20'),(523,2566,'1844',8,3,0,'1341500287428','2024-05-20'),(524,2566,'1848',9,3,0,'1341500287428','2024-05-20'),(525,2566,'1856',10,3,0,'1341500287428','2024-05-20'),(526,2566,'1849',1,2,0,'1341500287428','2024-05-20'),(527,2566,'1850',2,2,0,'1341500287428','2024-05-20'),(528,2566,'1851',3,2,0,'1341500287428','2024-05-20'),(529,2566,'1852',4,2,0,'1341500287428','2024-05-20'),(530,2566,'1853',5,2,0,'1341500287428','2024-05-20'),(531,2566,'1854',6,2,0,'1341500287428','2024-05-20'),(532,2566,'1855',7,2,0,'1341500287428','2024-05-20'),(533,2567,'1823',4,5,0,'1341500287428','2024-05-20'),(534,2567,'1859',12,5,0,'1341500287428','2024-05-20'),(535,2567,'1839',4,4,0,'1341500287428','2024-05-20'),(536,2567,'1856',10,4,0,'1341500287428','2024-05-20'),(537,2567,'1824',4,5,0,'1330300090221','2024-12-06'),(538,2567,'1821',2,5,0,'1330300090221','2024-12-06'),(539,2567,'1822',3,5,0,'1330300090221','2024-12-06'),(540,2567,'1829',9,5,0,'1330300090221','2024-12-06'),(541,2567,'1835',10,5,0,'1330300090221','2024-12-06'),(542,2567,'1820',1,5,0,'1330300090221','2024-12-06'),(543,2567,'1825',5,5,0,'1330300090221','2024-12-06'),(544,2567,'1826',6,5,0,'1330300090221','2024-12-06'),(545,2567,'1827',7,5,0,'1330300090221','2024-12-06'),(546,2567,'1828',8,5,0,'1330300090221','2024-12-06'),(547,2567,'1840',4,4,0,'1330300090221','2024-12-06'),(548,2567,'1842',5,4,0,'1330300090221','2024-12-06'),(549,2567,'1843',6,4,0,'1330300090221','2024-12-06'),(550,2567,'1844',7,4,0,'1330300090221','2024-12-06'),(551,2567,'1848',8,4,0,'1330300090221','2024-12-06'),(552,2567,'1860',9,4,0,'1330300090221','2024-12-06'),(553,2567,'1861',8,3,0,'1341500287428','2024-05-20'),(554,2567,'1865',11,6,0,'1341500287428','2024-05-21'),(555,2567,'1866',1,2,0,'1341500287428','2024-05-23'),(556,2567,'1869',4,2,0,'1341500287428','2024-05-23'),(557,2567,'1870',5,2,0,'1341500287428','2024-05-23'),(558,2567,'1871',6,2,0,'1341500287428','2024-05-23'),(559,2567,'1867',2,2,0,'1341500287428','2024-11-18'),(560,2567,'1868',3,2,0,'1341500287428','2024-05-31'),(561,2567,'1810',2,6,0,'1341500287428','2025-01-15'),(562,2567,'1811',3,6,0,'1341500287428','2025-01-15'),(563,2567,'1812',4,6,0,'1341500287428','2025-01-15'),(564,2567,'1814',5,6,0,'1341500287428','2025-01-15'),(565,2567,'1816',6,6,0,'1341500287428','2025-01-15'),(566,2567,'1770',2,7,0,'1330300090221','2024-11-28'),(567,2567,'1830',9,7,0,'1330300090221','2024-11-20'),(568,2567,'1776',5,8,0,'1330300090221','2024-11-20'),(569,2567,'1778',6,8,0,'1330300090221','2024-11-20'),(570,2567,'1779',7,8,0,'1330300090221','2024-11-20'),(571,2567,'1780',8,8,0,'1330300090221','2024-11-20'),(572,2567,'1782',9,8,0,'1330300090221','2024-11-20'),(573,2567,'1783',10,8,0,'1330300090221','2024-11-20'),(574,2567,'1784',11,8,0,'1330300090221','2024-11-20'),(575,2567,'1785',12,8,0,'1330300090221','2024-11-20'),(576,2567,'1804',13,8,0,'1330300090221','2024-11-20'),(577,2567,'1847',14,8,0,'1330300090221','2024-11-20'),(578,2567,'1857',15,8,0,'1330300090221','2024-11-20'),(579,2567,'1836',1,4,0,'1330300090221','2024-12-06'),(580,2567,'1837',2,4,0,'1330300090221','2024-12-06'),(581,2567,'1838',3,4,0,'1330300090221','2024-12-06'),(582,2567,'1872',9,3,0,'1341500287428','2025-01-22'),(583,2567,'1743',1,9,0,'1330300090221','2025-05-19'),(584,2567,'1747',2,9,0,'1330300090221','2025-05-19'),(585,2567,'1748',3,9,0,'1330300090221','2025-05-19'),(586,2567,'1749',4,9,0,'1330300090221','2025-05-19'),(587,2567,'1750',5,9,0,'1330300090221','2025-05-19'),(588,2567,'1751',6,9,0,'1330300090221','2025-05-19'),(589,2567,'1772',1,8,0,'1330300090221','2025-05-19'),(590,2567,'1773',2,8,0,'1330300090221','2025-05-19'),(591,2567,'1774',3,8,0,'1330300090221','2025-05-19'),(592,2567,'1775',4,8,0,'1330300090221','2025-05-19'),(593,2567,'1767',1,7,0,'1330300090221','2025-05-19'),(594,2567,'1849',1,3,0,'1330300090221','2025-05-19'),(595,2567,'1850',2,3,0,'1330300090221','2025-05-19'),(596,2567,'1851',3,3,0,'1330300090221','2025-05-19'),(597,2567,'1852',4,3,0,'1330300090221','2025-05-19'),(598,2567,'1853',5,3,0,'1330300090221','2025-05-19'),(599,2567,'1854',6,3,0,'1330300090221','2025-05-19'),(600,2567,'1855',7,3,0,'1330300090221','2025-05-19'),(601,2568,'1874',1,2,0,'1330300090221','2025-05-19'),(602,2568,'1875',2,2,0,'1330300090221','2025-05-19'),(603,2568,'1876',3,2,0,'1330300090221','2025-05-19'),(604,2568,'1877',4,2,0,'1330300090221','2025-05-19'),(605,2568,'1878',5,2,0,'1330300090221','2025-05-19'),(606,2568,'1879',6,2,0,'1330300090221','2025-05-19'),(607,2568,'1880',7,2,0,'1330300090221','2025-05-19'),(608,2568,'1843',6,5,0,'1330300090221','2025-05-19'),(609,2568,'1844',6,5,0,'1330300090221','2025-05-19'),(610,2568,'1848',7,5,0,'1330300090221','2025-05-19'),(611,2568,'1860',8,5,0,'1330300090221','2025-05-19'),(612,2568,'1873',11,6,0,'1330300090221','2025-05-19'),(613,2568,'1862',9,7,0,'1330300090221','2025-05-19'),(614,2568,'1863',9,7,0,'1330300090221','2025-05-19'),(615,2568,'1865',10,7,0,'1330300090221','2025-05-19'),(616,2568,'1779',7,9,0,'1330300090221','2025-05-19'),(617,2568,'1797',15,9,0,'1330300090221','2025-05-19'),(618,2568,'1780',7,9,0,'1330300090221','2025-05-19'),(619,2568,'1782',8,9,0,'1330300090221','2025-05-19'),(620,2568,'1783',9,9,0,'1330300090221','2025-05-19'),(621,2568,'1784',10,9,0,'1330300090221','2025-05-19'),(622,2568,'1785',11,9,0,'1330300090221','2025-05-19'),(623,2568,'1804',12,9,0,'1330300090221','2025-05-19'),(624,2568,'1847',13,9,0,'1330300090221','2025-05-19'),(626,2568,'0',8,2,0,'1330300090221','2025-06-18'),(627,2568,'1881',8,2,0,'1330300090221','2025-06-19');

--
-- Table structure for table `student_main_edyear`
--

CREATE TABLE `student_main_edyear` (
  `id` int(11) NOT NULL AUTO_INCREMENT,
  `ed_year` int(11) NOT NULL,
  `year_active` tinyint(4) NOT NULL,
  PRIMARY KEY (`id`),
  UNIQUE KEY `ed_year` (`ed_year`)
) ENGINE=MyISAM AUTO_INCREMENT=13 DEFAULT CHARSET=utf8 COLLATE=utf8_general_ci;

--
-- Dumping data for table `student_main_edyear`
--

INSERT INTO `student_main_edyear` VALUES (1,2557,0),(2,2561,0),(3,2562,0),(4,2558,0),(5,2559,0),(6,2560,0),(7,2563,0),(8,2565,0),(9,2564,0),(10,2566,0),(11,2567,0),(12,2568,1);

--
-- Table structure for table `student_main_expand1`
--

CREATE TABLE `student_main_expand1` (
  `id` int(11) NOT NULL AUTO_INCREMENT,
  `person_id` varchar(13) NOT NULL,
  `e_name` varchar(50) NOT NULL,
  `e_surname` varchar(50) NOT NULL,
  `birthday` date NOT NULL,
  `blood` varchar(2) NOT NULL,
  `race` varchar(30) NOT NULL,
  `nationlity` varchar(30) NOT NULL,
  `religion` varchar(30) NOT NULL,
  `rec_date` date NOT NULL,
  PRIMARY KEY (`id`),
  UNIQUE KEY `person_id` (`person_id`)
) ENGINE=MyISAM AUTO_INCREMENT=98 DEFAULT CHARSET=utf8 COLLATE=utf8_general_ci;

--
-- Dumping data for table `student_main_expand1`
--

INSERT INTO `student_main_expand1` VALUES (1,'1341501520356','Peerapat','Neaychai','2010-05-19','','','','','2022-10-03'),(2,'1341501518190','Chalermrat','Yardthong','2010-03-07','','','','','2022-10-03'),(3,'1341501519242','Weerapon','Bunbanjob','2010-04-20','','','','','2022-10-03'),(4,'1349901656198','Palapon','Hongsrimuang','2009-10-12','','','','','2022-10-03'),(5,'1341501517436','Prasert','Kenprajong','2010-02-07','','','','','2022-10-03'),(6,'1341501510679','Pornnapa','Siripan','2009-05-20','','','','','2022-10-03'),(7,'1341501518521','Tipsuda','Pimso','2010-03-17','','','','','2022-10-03'),(8,'1349901685911','Pairuedee','Himakhun','2010-03-06','','','','','2022-10-03'),(9,'1341501515328','Apissara','Maneerod','2009-11-26','','','','','2022-10-03'),(10,'1349901690736','Waraporn','Sangjun','2010-03-29','','','','','2022-10-03'),(11,'1349901643266','Benjaporn','Suttileklom','2009-08-17','','','','','2022-10-03'),(12,'1341501517827','Ramida','Kultasom','2010-02-27','','','','','2022-10-03'),(13,'1341501514097','Supatcha','Sornchaipon','2009-10-12','-','ไทย','ไทย','พุทธ','2019-11-01'),(14,'1209601657971','Supawadee','Jokerum','2009-10-04','','','','','2022-10-03'),(15,'1341501505420','Montree','Boonkaen','2008-10-05','','','','','2022-10-03'),(16,'1110301479647','Worrawut','Kongsuk','2008-09-05','','','','','2022-10-03'),(17,'1341501509298','Nattawat','Kenprajong','2009-03-01','','','','','2022-10-03'),(18,'1341501508275','Sompron','Santaweesuk','2009-01-21','','','','','2022-10-03'),(19,'1341501502838','Mongkhol','Orasol','2008-06-23','','','','','2022-10-03'),(20,'1341501508755','Phannawit','Kenprajong','2009-02-11','','','','','2022-10-03'),(21,'1347600026584','Jakkrapat','Khamkead','2008-08-31','','','','','2022-10-03'),(22,'1349901589784','Cholrakorn','Neaysai','2008-11-01','','','','','2022-10-03'),(23,'1341501509760','Wipaporn','Kanyala','2009-04-07','','','','','2022-10-03'),(24,'1341501503141','Pornpimol','Sarakarn','2008-07-04','','','','','2022-10-03'),(25,'1349700388684','Nipaporn','Namsopa','2008-07-30','','','','','2022-10-03'),(26,'1341501503192','Yupaporn','Nandee','2008-07-08','','','','','2022-10-03'),(27,'1341501509859','Premrudee','Mingporn','2009-04-16','','','','','2022-10-03'),(28,'1601300083410','Arunya','Chansai','2008-06-01','','','','','2022-10-03'),(29,'1499900550794','Namtip','Boontawee','2008-10-21','','','','','2022-10-03'),(30,'1341501503753','WARISSARA','KEANKEAW','2008-07-30','','','','','2022-10-03'),(31,'1341501493359','Jakrapat','Doghgam','2007-06-25','-','ไทย','ไทย','พุทธ','2019-11-01'),(32,'1349901549154','Tanakorn','Fonkogsoong','2008-03-21','-','ไทย','ไทย','พุทธ','2019-11-01'),(33,'1341501500100','Detpumee','Pontawee','2008-02-22','-','ไทย','ไทย','พุทธ','2019-11-01'),(34,'1341501500380','Jittipol','Boonsong','2008-03-06','-','ไทย','ไทย','พุทธ','2019-11-01'),(35,'1341501496731','Nattawut','Namsopa','2007-10-17','-','ไทย','ไทย','พุทธ','2019-11-01'),(36,'1349901553828','Nattanicha','Moranok','2008-04-18','-','ไทย','ไทย','พุทธ','2019-11-01'),(37,'1349901514504','Apitchaya','Kankum','2007-09-24','-','ไทย','ไทย','พุทธ','2019-11-01'),(38,'1349901547011','Patcharapa','Jantatong','2008-03-09','-','ไทย','ไทย','พุทธ','2019-11-01'),(39,'1341501495149','Nalinthip','Silapachai','2007-08-27','-','ไทย','ไทย','พุทธ','2019-11-01'),(40,'1349901558447','Natthida','Aodkhan','2008-05-17','-','ไทย','ไทย','พุทธ','2019-11-01'),(41,'1341501496714','Phetchara','Praibung','2007-10-17','-','ไทย','ไทย','พุทธ','2019-11-01'),(42,'1341501499233','Napasorn','Sangjan','2008-01-22','-','ไทย','ไทย','พุทธ','2019-11-01'),(43,'1341501501971','Sopakorn','Boonya','2008-05-16','-','ไทย','ไทย','พุทธ','2019-11-01'),(44,'1250101692346','Panadda','Turajit','2007-12-13','-','ไทย','ไทย','พุทธ','2019-11-01'),(45,'1349901513508','VIPAWEE','TAWATKUL','2007-09-19','-','ไทย','ไทย','พุทธ','2019-11-01'),(46,'1347600075917','NANTHIPAT','YUKONG','2012-11-23','','','','','2022-10-03'),(47,'1347600039813','Arpatsara','Tano','2009-11-13','','','','','2022-10-03'),(48,'1601300090190','Tinnakorn','Chanchai','2011-09-18','','','','','2023-05-25'),(49,'1341501544468','Vichai','Kwawsalee','2012-05-10','','','','','2023-05-25'),(50,'1340300199657','Peera','Puengboon','2015-07-29','','','','','2023-05-25'),(51,'1341501590303','Alinlada','Deesom','2016-01-17','','','','','2023-05-25'),(52,'1341501593779','Kongpop','Kwawsalee','2016-04-16','','','','','2023-05-25'),(53,'1341501588325','Jakrapong','Singtong','2015-11-29','','','','','2023-05-25'),(54,'1341501591903','Korrawit','Khunnarong','2016-02-28','','','','','2023-05-25'),(55,'1341501568499','Chaiwat','Kultasom','2014-06-12','','','','','2023-05-25'),(56,'1349901992457','Tanawat','Namsopa','2014-07-28','','','','','2023-05-25'),(57,'1349902028221','Attawut','Namchampa','2015-01-23','','','','','2023-05-25'),(58,'1341501568979','Jarinya','Chinpad','2014-06-26','','','','','2023-05-25'),(59,'1349901994697','Anintita','Nyoawsuk','2014-08-10','','','','','2023-05-25'),(60,'1341501569428','Prakaykaew','Bauwrapun','2014-07-06','','','','','2023-05-25'),(61,'1349902023377','Nongluck','Maiydee','2014-12-29','','','','','2023-05-25'),(62,'1341501573344','Mintra','Maneeroj','2014-10-17','','','','','2023-05-25'),(63,'1347600089691','Jirapat','Junyai','2013-12-09','','','','','2023-05-25'),(64,'1468900070619','Chompoo','Srilaum','2014-02-18','','','','','2023-05-25'),(65,'1341501557845','Jirayut','Chaudthong','2013-08-26','','','','','2023-05-25'),(66,'1341501557381','Tanadol','maneeroj','2013-08-12','','','','','2023-05-25'),(67,'1341501556962','Preyanuch','Kenprajong','2013-07-30','','','','','2023-05-25'),(68,'1349901977407','Kunyanee','Kenprajong','2014-05-02','','','','','2023-05-25'),(69,'1349901943855','Tanunchakan','Poltawee','2013-10-27','','','','','2023-05-25'),(70,'1349901921240','Praewa','kultasom','2013-04-29','','','','','2023-05-25'),(71,'1349901972588','Vilawan','Kaewsalee','2014-04-07','','','','','2023-05-25'),(72,'1341501556342','Aunchaleeporn','Viseschat','2013-07-13','','','','','2023-05-25'),(73,'1341501565767','Vipada','Kunyala','2014-03-30','','','','','2023-05-25'),(74,'1341501547530','Norratee','Jitbunjong','2012-08-28','','','','','2023-05-25'),(75,'1341501552631','Tunchanit','Kultasom','2013-02-16','','','','','2023-05-25'),(76,'1341501545308','Peerapat','Maneerod','2012-06-13','','','','','2023-05-25'),(77,'1340300193624','Somsak','Bansang','2012-12-20','','','','','2023-05-25'),(78,'1349901867539','Jirayu','Sompong','2012-09-23','','','','','2023-05-25'),(79,'1347600081143','Jedsada','Hantaisong','2013-04-19','','','','','2023-05-25'),(80,'1341501550310','Korrawit','Naulkham','2012-11-19','','','','','2023-05-25'),(81,'1341501548382','Porntip','Pratumrat','2012-09-18','','','','','2023-05-25'),(82,'1219901452356','Sarinya','Thongsuk','2012-10-08','','','','','2023-05-25'),(83,'1349901856928','Nichapat','Vongtree','2012-08-10','','','','','2023-05-25'),(84,'1347900049245','Thunwa','Gunyala','2011-12-30','','','','','2023-05-25'),(85,'1347600067311','Jakkarin','Khamkead','2012-04-23','','','','','2023-05-25'),(86,'1341501536392','Kongpop','Aoskhan','2011-09-05','','','','','2023-05-25'),(87,'1341501534659','Nattakorn','Kenprajong','2011-07-22','','','','','2023-05-25'),(88,'1341501539448','Teeraphat','Jaiton','2011-11-27','','','','','2023-05-25'),(89,'1339600258568','Kittipitak','Sirichana','2011-12-01','','','','','2023-05-25'),(90,'1341501538701','Kittipong','Phatsaman','2011-11-07','','','','','2023-05-25'),(91,'1347600065032','Punnawit','Kaewporn','2012-11-14','','','','','2023-05-25'),(92,'1341501539481','Kanokwan','khantaveechai','2011-11-28','','','','','2023-05-25'),(93,'1459100098790','Namfon','Harnwong','2012-02-07','-','ไทย','ไทย','พุทธ','2023-05-25'),(94,'1341501534632','PUNYANOOCH','PITAS','2011-07-26','','','','','2023-05-25'),(95,'1341501533652','Ratikan','phuttarak','2011-06-25','','','','','2023-05-25'),(96,'1458600063757','WANNISA','CHAIYONG','2011-12-13','','','','','2023-05-25'),(97,'1199901398000','Pityapa','Yuenthaisong','2011-12-11','','','','','2023-05-25');

--
-- Table structure for table `student_main_permission`
--

CREATE TABLE `student_main_permission` (
  `id` int(11) NOT NULL AUTO_INCREMENT,
  `person_id` varchar(13) NOT NULL,
  `p1` tinyint(4) NOT NULL,
  `officer` varchar(13) NOT NULL,
  `rec_date` date NOT NULL,
  PRIMARY KEY (`id`)
) ENGINE=MyISAM AUTO_INCREMENT=20 DEFAULT CHARSET=utf8 COLLATE=utf8_general_ci;

--
-- Dumping data for table `student_main_permission`
--

INSERT INTO `student_main_permission` VALUES (19,'1330300090221',1,'1330300090221','2025-05-19'),(11,'1341500287428',1,'3349800051661','2023-05-22'),(12,'3349800051661',1,'3341900908273','2014-07-06'),(13,'5330100104353',1,'5330100104353','2018-09-29');

--
-- Table structure for table `system_ed_year`
--

CREATE TABLE `system_ed_year` (
  `id` int(11) NOT NULL AUTO_INCREMENT,
  `ed_year` int(11) NOT NULL,
  `active_ed_year` tinyint(4) NOT NULL,
  PRIMARY KEY (`id`),
  UNIQUE KEY `ed_year` (`ed_year`)
) ENGINE=MyISAM DEFAULT CHARSET=utf8 COLLATE=utf8_general_ci;

--
-- Dumping data for table `system_ed_year`
--


--
-- Table structure for table `system_export_list`
--

CREATE TABLE `system_export_list` (
  `id` int(11) NOT NULL AUTO_INCREMENT,
  `data_name` varchar(50) NOT NULL,
  `thai_dataname` varchar(100) NOT NULL,
  PRIMARY KEY (`id`),
  UNIQUE KEY `data_name` (`data_name`)
) ENGINE=MyISAM AUTO_INCREMENT=7 DEFAULT CHARSET=utf8 COLLATE=utf8_general_ci;

--
-- Dumping data for table `system_export_list`
--

INSERT INTO `system_export_list` VALUES (1,'person','ข้อมูลครูและบุคลากร'),(2,'student','ข้อมูลพื้นฐานนักเรียน'),(3,'onet','ผลสอบ O-NET'),(4,'plan','แผนปฏิบัติการประจำปี'),(5,'student_check','การมาเรียน'),(6,'health','สุขภาพผู้เรียน');

--
-- Table structure for table `system_export_log`
--

CREATE TABLE `system_export_log` (
  `id` int(11) NOT NULL AUTO_INCREMENT,
  `computer_ip` varchar(25) NOT NULL,
  `requester` varchar(50) NOT NULL,
  `login_time` datetime NOT NULL,
  `data` varchar(20) NOT NULL,
  PRIMARY KEY (`id`)
) ENGINE=MyISAM AUTO_INCREMENT=70 DEFAULT CHARSET=utf8 COLLATE=utf8_general_ci;

--
-- Dumping data for table `system_export_log`
--

INSERT INTO `system_export_log` VALUES (1,'61.19.124.234','amssplus','2018-09-12 15:55:23','person'),(2,'61.19.124.234','amssplus','2018-09-12 16:03:26','person'),(3,'61.19.124.234','amssplus','2018-09-14 12:29:45','person'),(4,'61.19.124.234','amssplus','2018-09-14 13:09:32','person'),(5,'61.19.124.234','amssplus','2018-09-28 16:37:25','person'),(6,'61.19.124.234','amssplus','2019-10-08 08:34:11','student_check'),(7,'122.155.223.9','amssplus','2020-01-13 14:03:23','plan'),(8,'122.155.223.9','amssplus','2020-01-13 14:03:48','student_check'),(9,'122.155.223.9','amssplus','2020-01-13 14:04:26','student_check'),(10,'122.155.223.9','amssplus','2020-01-13 14:04:32','student_check'),(11,'122.155.223.9','amssplus','2020-01-13 14:04:36','student_check'),(12,'122.155.223.9','amssplus','2020-02-18 14:54:25','student'),(13,'122.155.223.9','amssplus','2020-02-20 12:50:08','student'),(14,'122.155.223.9','amssplus','2020-02-21 06:58:38','student'),(15,'122.155.223.9','amssplus','2020-03-30 11:04:08','student_check'),(16,'10.1.1.3','amssplus','2021-10-06 10:27:24','student'),(17,'10.1.1.3','amssplus','2021-10-06 10:30:20','student'),(18,'10.1.1.3','amssplus','2021-12-28 18:32:50','student'),(19,'10.1.1.3','amssplus','2022-02-10 15:17:46','person'),(20,'10.1.1.3','amssplus','2022-09-06 16:13:21','student'),(21,'10.1.1.3','amssplus','2022-09-07 14:38:51','student'),(22,'10.1.1.3','amssplus','2022-09-15 11:11:50','student'),(23,'10.1.1.3','amssplus','2023-01-22 00:21:37','student'),(24,'10.1.1.3','amssplus','2023-04-05 09:48:11','student_check'),(25,'10.1.1.3','amssplus','2023-04-05 22:38:04','student_check'),(26,'10.1.1.3','amssplus','2023-04-06 10:24:15','student_check'),(27,'10.1.1.3','amssplus','2023-04-06 10:25:06','student_check'),(28,'10.1.1.3','amssplus','2023-04-06 10:47:27','student_check'),(29,'10.1.1.3','amssplus','2023-04-06 13:13:41','student_check'),(30,'10.1.1.3','amssplus','2023-06-15 10:20:14','student_check'),(31,'10.1.1.3','amssplus','2023-06-15 10:55:29','student'),(32,'10.1.1.3','amssplus','2023-06-16 15:14:59','student'),(33,'10.1.1.3','amssplus','2023-07-04 11:24:33','student'),(34,'10.1.1.3','amssplus','2023-08-24 09:05:23','student_check'),(35,'10.1.1.3','amssplus','2023-08-31 09:02:40','student_check'),(36,'10.1.1.3','amssplus','2023-08-31 09:03:18','student_check'),(37,'10.1.1.3','amssplus','2023-08-31 09:03:38','student_check'),(38,'10.1.1.3','amssplus','2023-09-15 20:09:15','student'),(39,'','amssplus','2023-10-25 14:28:35','student_check'),(40,'','amssplus','2023-10-25 14:28:45','student_check'),(41,'','amssplus','2023-10-25 14:28:47','student_check'),(42,'10.255.199.107','amssplus','2023-11-29 08:55:47','student_check'),(43,'10.255.199.107','amssplus','2023-12-15 12:15:49','student_check'),(44,'10.255.199.107','amssplus','2024-01-25 03:50:22','student_check'),(45,'10.255.199.107','amssplus','2024-06-10 11:58:38','student'),(46,'10.255.199.107','amssplus','2024-06-10 12:32:18','student'),(47,'10.255.199.107','amssplus','2024-06-14 10:45:59','student'),(48,'10.255.199.107','amssplus','2024-06-14 10:52:04','student'),(49,'10.255.199.107','amssplus','2024-06-17 04:37:31','person'),(50,'10.255.199.107','amssplus','2024-06-17 04:39:47','person'),(51,'10.255.199.107','amssplus','2024-06-20 04:51:34','student_check'),(52,'10.255.199.107','amssplus','2024-08-08 03:18:56','person'),(53,'10.255.199.107','amssplus','2024-09-19 05:08:38','person'),(54,'10.255.199.107','amssplus','2025-03-11 07:57:41','student_check'),(55,'10.255.199.107','amssplus','2025-03-11 07:58:04','student_check'),(56,'10.255.199.107','amssplus','2025-03-28 01:48:37','student_check'),(57,'10.255.199.107','amssplus','2025-05-29 08:07:45','person'),(58,'10.255.199.107','amssplus','2025-05-29 08:14:00','person'),(59,'10.255.199.107','amssplus','2025-06-08 04:21:15','student'),(60,'10.255.199.107','amssplus','2025-06-08 04:23:04','student'),(61,'10.255.199.107','amssplus','2025-07-30 08:33:26','student_check'),(62,'10.255.199.107','amssplus','2025-08-01 22:22:45','student_check'),(63,'10.255.199.107','amssplus','2025-08-01 22:22:49','student_check'),(64,'10.255.199.107','amssplus','2025-08-14 03:24:44','person'),(65,'10.255.199.107','amssplus','2025-08-14 03:47:44','person'),(66,'10.255.199.107','amssplus','2025-08-14 04:25:26','student'),(67,'10.255.199.107','amssplus','2025-08-29 02:40:16','student_check'),(68,'10.255.199.107','amssplus','2025-09-13 05:43:36','student_check'),(69,'10.255.199.107','amssplus','2025-09-13 05:54:44','student_check');

--
-- Table structure for table `system_export_permission`
--

CREATE TABLE `system_export_permission` (
  `id` int(11) NOT NULL AUTO_INCREMENT,
  `requester` varchar(50) NOT NULL,
  `data_name` varchar(50) NOT NULL,
  `status` tinyint(4) NOT NULL DEFAULT 0,
  PRIMARY KEY (`id`)
) ENGINE=MyISAM AUTO_INCREMENT=7 DEFAULT CHARSET=utf8 COLLATE=utf8_general_ci;

--
-- Dumping data for table `system_export_permission`
--

INSERT INTO `system_export_permission` VALUES (1,'amssplus','plan',1),(2,'amssplus','onet',1),(3,'amssplus','student',1),(4,'amssplus','person',1),(5,'amssplus','student_check',1),(6,'amssplus','health',1);

--
-- Table structure for table `system_module`
--

CREATE TABLE `system_module` (
  `id` int(11) NOT NULL AUTO_INCREMENT,
  `module` varchar(50) NOT NULL,
  `module_desc` varchar(100) NOT NULL,
  `workgroup` tinyint(4) DEFAULT NULL,
  `module_active` tinyint(4) DEFAULT NULL,
  `module_order` int(11) NOT NULL,
  `web_link` tinyint(4) DEFAULT NULL,
  `url` varchar(150) DEFAULT NULL,
  `where_work` tinyint(4) NOT NULL DEFAULT 0,
  `menu_pic` varchar(25) NOT NULL,
  PRIMARY KEY (`id`),
  UNIQUE KEY `module` (`module`)
) ENGINE=MyISAM AUTO_INCREMENT=31 DEFAULT CHARSET=utf8 COLLATE=utf8_general_ci;

--
-- Dumping data for table `system_module`
--

INSERT INTO `system_module` VALUES (1,'budget','การเงินและบัญชี',2,1,23,NULL,NULL,0,'fab fa-btc'),(2,'person','ข้อมูลพื้นฐานครูและบุคลากร',3,1,27,NULL,NULL,0,'fa fa-user-circle'),(3,'standard','มาตรฐานการศึกษา',1,1,19,NULL,NULL,0,''),(4,'health','ตรวจสุขภาพนักเรียน',1,1,7,NULL,NULL,0,''),(5,'student_check','การมาเรียน',1,1,1,NULL,NULL,0,'fa fa-child'),(6,'work','﻿การปฏิบัติราชการ',4,1,45,NULL,NULL,0,''),(7,'news','﻿รายงานข่าว',4,0,51,0,'',0,''),(8,'savings','ออมทรัพย์นักเรียน',1,1,3,NULL,NULL,0,'fab fa-btc'),(9,'student_main','ข้อมูลพื้นฐานนักเรียน',1,1,5,NULL,NULL,0,'fa fa-child'),(10,'plan','การวางแผน',2,1,21,NULL,NULL,0,''),(11,'la','﻿การลา',4,1,43,NULL,NULL,0,''),(12,'mail','ไปรษณีย์_โรงเรียน',4,1,36,NULL,NULL,0,'fa fa-envelope'),(13,'meeting','﻿จองห้องประชุม',4,1,47,NULL,NULL,0,''),(14,'permission','﻿ขออนุญาตไปราชการ',4,1,41,NULL,NULL,0,''),(15,'achievement','﻿ผลสัมฤทธิ์ทางการเรียน',1,1,11,NULL,NULL,0,'fa fa-graduation-cap'),(16,'cabinet','﻿ตู้เอกสาร',4,1,49,NULL,NULL,0,''),(17,'bookregister','﻿ทะเบียนหนังสือราชการ',4,1,33,NULL,NULL,0,'fa fa-book'),(18,'amss_spacial_student','﻿นักเรียนพิเศษ',1,1,9,0,'',0,'fa fa-child'),(19,'amss_bets','﻿ทดสอบการศึกษา_สพท.',1,1,13,0,'',0,'fa fa-graduation-cap'),(20,'amss_supervision','﻿นิเทศ ติดตาม ประเมินผล',1,1,15,0,'',0,'fa fa-graduation-cap'),(21,'amss_opportunity','﻿สิทธิและโอกาสทางการศึกษา',1,1,17,0,'',0,'fa fa-child'),(22,'amss_budget','﻿การบริหารงบประมาณ_สพท.',2,1,25,0,'',0,'fab fa-btc'),(23,'affair','﻿ภารกิจผู้อำนวยการ',3,1,29,0,'',0,''),(24,'delegate','﻿รักษาการในตำแหน่ง',3,1,31,0,'',0,''),(25,'book','﻿รับส่งหนังสือราชการ',4,1,35,0,'',0,'fa fa-book'),(26,'amss_mail','﻿ไปรษณีย์_สพท.',4,1,37,0,'',0,'fa fa-envelope'),(27,'warroom','﻿วิเคราะห์สภาพการณ์',1,1,0,0,'',0,'fa fa-filter'),(28,'questionnaire','﻿แบบสอบถาม',4,1,0,0,'',0,''),(29,'idplan','﻿ข้อมูลครูและบุคลากร(ส่วนเพิ่ม)',3,1,0,0,'',0,''),(30,'amss_safety','สถานศึกษาปลอดภัย',1,1,0,0,'',0,'');

--
-- Table structure for table `system_module_admin`
--

CREATE TABLE `system_module_admin` (
  `id` int(11) NOT NULL AUTO_INCREMENT,
  `person_id` varchar(13) NOT NULL,
  `module` varchar(30) NOT NULL,
  `officer` varchar(13) NOT NULL,
  `rec_date` date NOT NULL,
  PRIMARY KEY (`id`)
) ENGINE=MyISAM AUTO_INCREMENT=63 DEFAULT CHARSET=utf8 COLLATE=utf8_general_ci;

--
-- Dumping data for table `system_module_admin`
--

INSERT INTO `system_module_admin` VALUES (4,'3341900908273','achievement','3341900908273','2014-07-06'),(51,'1330300090221','achievement','1330300090221','2024-11-20'),(6,'3341500196675','budget','7777','2015-08-09'),(7,'3341900908273','cabinet','3341900908273','2014-07-06'),(8,'3341900908273','health','3341900908273','2014-07-06'),(9,'3341900908273','la','3341900908273','2014-07-06'),(10,'3341900908273','mail','3341900908273','2014-07-06'),(11,'3341900908273','meeting','3341900908273','2014-07-06'),(12,'3341900908273','permission','3341900908273','2014-07-06'),(24,'5330100104353','book','3340700181832','2018-09-29'),(15,'3341900908273','plan','3341900908273','2014-07-06'),(16,'3341900908273','savings','3341900908273','2014-07-06'),(17,'3341900908273','standard','3341900908273','2014-07-06'),(18,'3341900908273','student_check','3341900908273','2014-07-06'),(19,'3341900908273','student_main','3341900908273','2014-07-06'),(52,'1330300090221','amss_budget','1330300090221','2024-11-20'),(23,'4349900004841','plan','7777','2015-08-09'),(26,'3340700181832','book','3340700181832','2018-09-29'),(27,'5330100104353','bookregister','3340700181832','2018-09-29'),(28,'5330100104353','person','3340700181832','2018-09-29'),(29,'5330100104353','student_main','5330100104353','2018-09-29'),(30,'5330100104353','student_check','5330100104353','2018-09-29'),(31,'5330100104353','health','5330100104353','2018-09-29'),(32,'3341900908273','budget','7777','2020-11-13'),(33,'3341900908273','questionnaire','7777','2021-07-09'),(34,'1330300090221','bookregister','7777','2024-11-05'),(35,'1330300090221','book','7777','2024-11-05'),(36,'1330300090221','person','1330300090221','2024-11-20'),(37,'1330300090221','student_main','1330300090221','2024-11-20'),(38,'1330300090221','student_check','1330300090221','2024-11-20'),(39,'1330300090221','savings','1330300090221','2024-11-20'),(40,'1330300090221','amss_bets','1330300090221','2024-11-20'),(41,'1330300090221','amss_opportunity','1330300090221','2024-11-20'),(42,'1330300090221','amss_mail','1330300090221','2024-11-20'),(43,'1330300090221','amss_supervision','1330300090221','2024-11-20'),(44,'1330300090221','budget','1330300090221','2024-11-20'),(45,'1330300090221','cabinet','1330300090221','2024-11-20'),(46,'1330300090221','idplan','1330300090221','2024-11-20'),(47,'1330300090221','la','1330300090221','2024-11-20'),(48,'1330300090221','mail','1330300090221','2024-11-20'),(49,'1330300090221','permission','1330300090221','2024-11-20'),(50,'1330300090221','plan','1330300090221','2024-11-20'),(53,'1330300090221','affair','1330300090221','2024-11-20'),(54,'1330300090221','amss_safety','1330300090221','2024-11-20'),(55,'1330300090221','amss_spacial_student','1330300090221','2024-11-20'),(56,'1330300090221','delegate','1330300090221','2024-11-20'),(57,'1330300090221','health','1330300090221','2024-11-20'),(58,'1330300090221','meeting','1330300090221','2024-11-20'),(59,'1330300090221','questionnaire','1330300090221','2024-11-20'),(60,'1330300090221','standard','1330300090221','2024-11-20'),(61,'1330300090221','warroom','1330300090221','2024-11-20'),(62,'1330300090221','work','1330300090221','2024-11-20');

--
-- Table structure for table `system_school_name`
--

CREATE TABLE `system_school_name` (
  `id` tinyint(4) NOT NULL,
  `school_name` varchar(200) NOT NULL,
  `school_type` tinyint(4) NOT NULL DEFAULT 0,
  PRIMARY KEY (`id`)
) ENGINE=MyISAM DEFAULT CHARSET=utf8 COLLATE=utf8_general_ci;

--
-- Dumping data for table `system_school_name`
--

INSERT INTO `system_school_name` VALUES (1,'โรงเรียนบ้านกุดระงุม',0);

--
-- Table structure for table `system_sync_code`
--

CREATE TABLE `system_sync_code` (
  `id` tinyint(4) NOT NULL AUTO_INCREMENT,
  `office_code` varchar(10) NOT NULL,
  `system_name` varchar(50) NOT NULL,
  `sync_code` varchar(50) NOT NULL,
  `amssplus_url` varchar(100) NOT NULL,
  PRIMARY KEY (`id`),
  UNIQUE KEY `system_name` (`system_name`)
) ENGINE=MyISAM AUTO_INCREMENT=4 DEFAULT CHARSET=utf8 COLLATE=utf8_general_ci;

--
-- Dumping data for table `system_sync_code`
--

INSERT INTO `system_sync_code` VALUES (3,'34040031','amssplus','34040031','http://10.255.199.107/amssplus');

--
-- Table structure for table `system_version`
--

CREATE TABLE `system_version` (
  `id` int(11) NOT NULL AUTO_INCREMENT,
  `smss_version` varchar(100) NOT NULL,
  `status1` int(11) DEFAULT NULL,
  `status2` int(11) DEFAULT NULL,
  `status3` int(11) DEFAULT NULL,
  `status4` int(11) DEFAULT NULL,
  `status5` int(11) DEFAULT NULL,
  PRIMARY KEY (`id`)
) ENGINE=MyISAM AUTO_INCREMENT=2 DEFAULT CHARSET=utf8 COLLATE=utf8_general_ci;

--
-- Dumping data for table `system_version`
--

INSERT INTO `system_version` VALUES (1,'6.4',1,0,0,0,0);

--
-- Table structure for table `system_workgroup`
--

CREATE TABLE `system_workgroup` (
  `id` tinyint(4) NOT NULL AUTO_INCREMENT,
  `workgroup` tinyint(4) NOT NULL,
  `workgroup_desc` varchar(50) NOT NULL,
  `workgroup_order` int(11) NOT NULL,
  PRIMARY KEY (`id`),
  UNIQUE KEY `workgroup` (`workgroup`)
) ENGINE=MyISAM AUTO_INCREMENT=5 DEFAULT CHARSET=utf8 COLLATE=utf8_general_ci;

--
-- Dumping data for table `system_workgroup`
--

INSERT INTO `system_workgroup` VALUES (1,1,'บริหารวิชาการ',2),(2,2,'บริหารงบประมาณ',5),(3,3,'บริหารงานบุคคล',4),(4,4,'บริหารทั่วไป',6);

--
-- Table structure for table `work_main`
--

CREATE TABLE `work_main` (
  `id` int(11) NOT NULL AUTO_INCREMENT,
  `work_date` date NOT NULL,
  `person_id` varchar(13) NOT NULL,
  `work` tinyint(4) NOT NULL DEFAULT 0,
  `comment` varchar(150) DEFAULT NULL,
  `rec_date` datetime NOT NULL,
  `officer` varchar(13) NOT NULL,
  PRIMARY KEY (`id`),
  KEY `work_date` (`work_date`),
  KEY `person_id` (`person_id`)
) ENGINE=MyISAM AUTO_INCREMENT=40 DEFAULT CHARSET=utf8 COLLATE=utf8_general_ci;

--
-- Dumping data for table `work_main`
--

INSERT INTO `work_main` VALUES (1,'2014-07-15','3349700017861',1,NULL,'2014-07-15 21:56:12','3341900908273'),(2,'2014-07-15','3349900083221',1,NULL,'2014-07-15 21:56:12','3341900908273'),(3,'2014-07-15','3349800051661',1,NULL,'2014-07-15 21:56:12','3341900908273'),(4,'2014-07-15','3341900908273',1,NULL,'2014-07-15 21:56:12','3341900908273'),(5,'2014-07-15','3349800230868',1,NULL,'2014-07-15 21:56:12','3341900908273'),(6,'2014-07-15','3341501492634',1,NULL,'2014-07-15 21:56:12','3341900908273'),(7,'2014-07-15','3341500196675',1,NULL,'2014-07-15 21:56:12','3341900908273'),(8,'2014-07-15','3341501699735',1,NULL,'2014-07-15 21:56:12','3341900908273'),(9,'2014-07-15','3349800002873',1,NULL,'2014-07-15 21:56:12','3341900908273'),(10,'2014-07-15','3349900480971',1,NULL,'2014-07-15 21:56:12','3341900908273'),(11,'2014-07-15','4349900004841',1,NULL,'2014-07-15 21:56:12','3341900908273'),(12,'2014-07-15','3341900193941',1,NULL,'2014-07-15 21:56:12','3341900908273'),(13,'2014-07-15','3340700591844',1,NULL,'2014-07-15 21:56:12','3341900908273'),(14,'2014-07-15','3341500198821',1,NULL,'2014-07-15 21:56:12','3341900908273'),(15,'2014-07-15','1349900003603',1,NULL,'2014-07-15 21:56:12','3341900908273'),(16,'2014-07-18','3341900908273',1,NULL,'2014-07-18 10:50:46','3341900908273'),(17,'2014-07-22','3341900908273',1,NULL,'2014-07-22 09:10:33','3341900908273'),(18,'2014-07-21','3341900908273',1,NULL,'2014-07-22 09:11:26','3341900908273'),(19,'2014-07-17','3341900908273',1,NULL,'2014-07-22 09:11:51','3341900908273'),(20,'2014-07-16','3341900908273',1,NULL,'2014-07-22 09:12:18','3341900908273'),(21,'2014-07-14','3341900908273',1,NULL,'2014-07-22 09:12:44','3341900908273'),(22,'2014-07-11','3341900908273',9,NULL,'2014-07-22 09:15:28','3341900908273'),(23,'2014-07-10','3341900908273',9,NULL,'2014-07-22 09:15:08','3341900908273'),(24,'2014-07-09','3341900908273',1,NULL,'2014-07-22 09:13:30','3341900908273'),(25,'2014-07-08','3341900908273',1,NULL,'2014-07-22 09:13:45','3341900908273'),(26,'2014-07-07','3341900908273',1,NULL,'2014-07-22 09:15:59','3341900908273'),(27,'2014-07-04','3341900908273',1,NULL,'2014-07-22 09:16:23','3341900908273'),(28,'2014-07-03','3341900908273',1,NULL,'2014-07-22 09:16:46','3341900908273'),(29,'2014-07-02','3341900908273',1,NULL,'2014-07-22 09:17:23','3341900908273'),(30,'2014-07-01','3341900908273',1,NULL,'2014-07-22 09:17:54','3341900908273'),(31,'2014-07-24','3341900908273',1,NULL,'2014-07-24 08:23:32','3341900908273'),(32,'2014-07-25','3341900908273',1,NULL,'2014-07-25 08:22:28','3341900908273'),(33,'2014-08-01','3341900908273',1,NULL,'2014-08-01 08:23:49','3341900908273'),(34,'2014-08-04','3341900908273',1,NULL,'2014-08-04 08:49:59','3341900908273'),(35,'2014-08-05','3341900908273',1,NULL,'2014-08-05 08:30:55','3341900908273'),(36,'2014-08-06','3341900908273',1,NULL,'2014-08-06 09:55:49','3341900908273'),(37,'2014-08-07','3341900908273',1,NULL,'2014-08-07 09:19:41','3341900908273'),(38,'2014-08-07','3349800051661',3,NULL,'2014-08-07 09:19:41','3341900908273'),(39,'2014-08-19','3341900908273',1,NULL,'2014-08-19 08:49:07','3341900908273');

--
-- Table structure for table `work_permission`
--

CREATE TABLE `work_permission` (
  `id` int(11) NOT NULL AUTO_INCREMENT,
  `person_id` varchar(13) NOT NULL,
  `p1` tinyint(4) NOT NULL,
  `officer` varchar(13) NOT NULL,
  `rec_date` date NOT NULL,
  PRIMARY KEY (`id`)
) ENGINE=MyISAM AUTO_INCREMENT=4 DEFAULT CHARSET=utf8 COLLATE=utf8_general_ci;

--
-- Dumping data for table `work_permission`
--

INSERT INTO `work_permission` VALUES (1,'3340700591844',1,'3341900908273','2014-07-06'),(3,'1341500287428',1,'3349800051661','2023-05-22');


