-- Table structure for table `health_personal`
--

CREATE TABLE `health_personal` (
  `per_id` int(11) NOT NULL AUTO_INCREMENT,
  `personal_code` varchar(13) NOT NULL,
  `per_position` int(3) NOT NULL,
  `per_status` int(3) NOT NULL,
  `person_room` int(3) NOT NULL,
  PRIMARY KEY (`per_id`)
) ENGINE=MyISAM AUTO_INCREMENT=40 DEFAULT CHARSET=utf8 COLLATE=utf8_general_ci;

--
-- Dumping data for table `health_personal`
--

INSERT INTO `health_personal` VALUES (17,'1331400004671',3,1,1),(19,'3341500712541',5,1,1),(20,'3349800150775',6,1,1),(22,'3330300236036',9,1,1),(7,'3330300053811',8,1,1),(23,'3330400958505',7,1,1),(16,'1341500177020',2,1,1),(18,'1330100029162',4,1,1),(38,'3341500687644',8,1,1),(37,'3340400584346',4,1,1);

--
-- Table structure for table `health_weight_height`
--

CREATE TABLE `health_weight_height` (
  `id` int(11) NOT NULL AUTO_INCREMENT,
  `type` tinyint(4) NOT NULL DEFAULT 0,
  `sex` tinyint(4) NOT NULL DEFAULT 1,
  `height` int(11) NOT NULL,
  `weight_1` double NOT NULL,
  `weight_2` double NOT NULL,
  `weight_3` double NOT NULL,
  `weight_4` double NOT NULL,
  `weight_5` double NOT NULL,
  PRIMARY KEY (`id`)
) ENGINE=MyISAM AUTO_INCREMENT=75 DEFAULT CHARSET=utf8 COLLATE=utf8_general_ci;

--
-- Dumping data for table `health_weight_height`
--

INSERT INTO `health_weight_height` VALUES (1,0,1,50,2.5,3,3.8,4,4.5),(2,0,1,55,3.5,4,4.8,5,6),(3,0,1,60,4.5,5,6.3,6.5,7.5),(4,0,1,65,5.5,6,7.8,8,9),(5,0,1,70,7,7.5,9.3,9.5,10.5),(6,0,1,75,8,8.5,10.8,11,12),(7,0,1,80,9,9.5,12,12.5,13.5),(8,0,1,85,10,10.5,13.5,14,15.5),(9,0,1,90,11,11.5,15,15.5,17),(10,0,1,95,12,12.5,16.5,17,19),(11,0,1,100,13,14,18.5,19,21),(12,0,1,105,14,15,20,21,22.5),(13,0,1,110,15.5,16.5,22,23,25),(14,0,1,115,17,18,24,25,28),(15,0,1,120,18.5,19.5,26.5,28,31),(16,0,1,125,20.5,21.5,29.5,31,35),(17,0,1,130,22,23.5,33,35,39.5),(18,0,1,135,24,25.5,37,39,45),(19,0,1,140,26.5,28,41,44,50),(20,0,2,50,3,3.1,3.8,4,4.5),(21,0,2,55,3.5,4,4.8,5,6),(22,0,2,60,4.5,5,6.3,6.5,7),(23,0,2,65,5.5,6,7.8,8,8.5),(24,0,2,70,6.5,7.5,8.8,9,10),(25,0,2,75,7.5,8.5,10.8,10.5,11.5),(26,0,2,80,8.5,9,11.5,12.5,13),(27,0,2,85,9.5,10,13,13.5,14.5),(28,0,2,90,10.5,11.5,14.5,15.5,16.5),(29,0,2,95,11.5,13,16.5,17,18.5),(30,0,2,100,13,13.5,18,18.5,20.5),(31,0,2,110,15.5,16,22,23,25),(32,0,2,115,16.5,17.5,24,25,28),(33,0,2,120,18,19,27,28.5,31.5),(34,0,2,125,19.5,21.5,30,31.5,35.5),(35,0,2,130,21.5,23,34,36,41),(36,0,2,135,23.5,25,38,40.5,46),(37,0,2,140,25.5,27.5,42.5,45.5,55.5),(38,0,2,105,14,15,19.5,20.5,22.5),(39,1,1,90,11,11.5,15,16,17),(40,1,1,95,12,12.5,17,17.5,19),(41,1,1,100,13,14,18,19,21),(42,1,1,105,14.5,15,19.5,20.5,22.5),(43,1,1,110,16,16.6,21.5,22.5,24.5),(44,1,1,115,17,18,24,25,27.5),(45,1,1,120,19,19.5,26.5,28,30.5),(46,1,1,125,20,21,29,31,34),(47,1,1,130,22,23,33,35,39),(48,1,1,135,24.5,25.5,37,39.5,45),(49,1,1,140,26.5,28.5,41,44,50),(50,1,1,145,29,31,45,48,54.5),(51,1,1,150,32,34,49,52.5,58.5),(52,1,1,155,35,37,53,56.5,62.5),(53,1,1,160,38.5,41,57,60.5,66.5),(54,1,1,165,42.5,45,61.5,64.5,70),(55,1,1,170,46,48.5,65,68,74.5),(56,1,1,175,49.5,52.5,69,72,77),(57,1,1,180,53,56,72,75,80),(58,1,2,90,11,11.5,15,16,17),(59,1,2,95,12,12.5,16,17,18.5),(60,1,2,100,13,13.5,18,19,20.5),(61,1,2,105,14,15,19.5,20.5,22.5),(62,1,2,110,15.5,16,21.5,22.5,25),(63,1,2,115,17,17.5,24,25,27.5),(64,1,2,120,18.5,19,26.5,28,31),(65,1,2,125,20,21,30,32,36),(66,1,2,130,21.5,22.5,33.5,36,41),(67,1,2,135,23.5,25,38,41,46),(68,1,2,140,26,27.5,42.5,45.5,51.5),(69,1,2,145,29,31,47,50,56.5),(70,1,2,150,32.5,34.5,51.5,54.5,61),(71,1,2,155,36,38.5,55.5,58.5,65),(72,1,2,160,39.5,42,59,62,68),(73,1,2,165,43,45.5,62,65,70.5),(74,1,2,170,47,48.5,65.5,67.5,72.5);

--
-- Table structure for table `idplan_education`
--

CREATE TABLE `idplan_education` (
  `id` int(11) NOT NULL AUTO_INCREMENT,
  `person_id` varchar(15) DEFAULT NULL,
  `class` varchar(30) DEFAULT NULL,
  `initials` varchar(30) DEFAULT NULL,
  `subject_1` varchar(150) DEFAULT NULL,
  `subject` varchar(150) DEFAULT NULL,
  `institute` varchar(200) DEFAULT NULL,
  `province` varchar(50) DEFAULT NULL,
  `finish_year` varchar(10) DEFAULT NULL,
  PRIMARY KEY (`id`)
) ENGINE=MyISAM AUTO_INCREMENT=16 DEFAULT CHARSET=utf8 COLLATE=utf8_general_ci;

--
-- Dumping data for table `idplan_education`
--

INSERT INTO `idplan_education` VALUES (9,'3341500687318','ครุศาสตร์บัณฑิต','ค.บ.','-','สุขศึกษา','วิทยาลัยครูบุรีรัมย์','บุรีรัมย์','2537'),(10,'3330400958505','ครุศาสตร์บัณฑิต','ค.บ.','-','ภาษาไทย','วิทยาลัยครูสุรินทร์','สุรินทร์','2537'),(11,'3349800059166','ปริญญาโท','ศษ.ม.บริหารการศึกษา','','','มหาวิทยาลัยราชธานี','อุบลราชธานี','2555'),(12,'1340700434076','ปริญญาตรี','คบ.','','คอมพิวเตอร์ศึกษา','มหาวิทยาลัยราชภัฎบ้านสมเด็จเจ้าพระยา','กรุงเทพมหานคร','2560'),(13,'3340400584346','ปริญญาตรี','คบ.','ประวัติศาสตร์','ภาษาไทย','วิทยาลัยครู','อุบลราชธานี','2531'),(14,'3349900216271','ปริญญาตรี','ศษบ.','-','การประถมศึกษา','มหาวิทยาลัยสุโขทัยธรรมาธิราช','กรุงเทพฯ','2530'),(15,'3341500712541','ปริญญาตรี','คบ.','-','คหรรมศาสตร์','วิทยาครูนครราชสีมา','นครราชสีมา','2537');

--
-- Table structure for table `idplan_list_setting`
--

CREATE TABLE `idplan_list_setting` (
  `id` int(11) NOT NULL AUTO_INCREMENT,
  `rating` int(5) DEFAULT NULL,
  `item_list` char(50) DEFAULT NULL,
  `permission` int(2) DEFAULT NULL,
  PRIMARY KEY (`id`)
) ENGINE=MyISAM AUTO_INCREMENT=12 DEFAULT CHARSET=utf8 COLLATE=utf8_general_ci;

--
-- Dumping data for table `idplan_list_setting`
--


--
-- Table structure for table `idplan_lookbook_1`
--

CREATE TABLE `idplan_lookbook_1` (
  `id` int(11) NOT NULL AUTO_INCREMENT,
  `person_id` varchar(15) DEFAULT NULL,
  `study_year` varchar(5) DEFAULT NULL,
  `term` varchar(2) DEFAULT NULL,
  `office` varchar(200) DEFAULT NULL,
  `school_name` varchar(250) DEFAULT NULL,
  `class` varchar(5) DEFAULT NULL,
  `subject_1` varchar(3) DEFAULT NULL,
  `subject_2` varchar(150) DEFAULT NULL,
  `house` int(3) DEFAULT NULL,
  PRIMARY KEY (`id`)
) ENGINE=MyISAM AUTO_INCREMENT=36 DEFAULT CHARSET=utf8 COLLATE=utf8_general_ci;

--
-- Dumping data for table `idplan_lookbook_1`
--

INSERT INTO `idplan_lookbook_1` VALUES (29,'3349900216271','2564','1','','โรงเรียนบ้านบุ่งหวาย','4','1','',5),(20,'3340400584346','2563','1','','โรงเรียนบ้านบุ่งหวาย','5','1','ไทย คณิต วิทยาศาสตร์  สังคม  ประวัติศาสตร์  สุขศึกษาพละศึกษา  การงาน  ต้านทุจริต  ภาษาอังกฤษ',25),(23,'3340400584346','2563','2','','โรงเรียนบ้านบุ่งหวาย','5','1','ภาษาไทย  คณิตศาสตร์  วิทยาศาสตร์  สังคม  ประวัติศาสตร์  ต้านทุจริต  ศิลปะ หน้าที  ภาษาอังกฤษ  ',25),(31,'3340400584346','2564','1','','โรงเรียนบ้านบุ่งหวาย','5','1','ภาษาไทย  คณิตศาสตร์  วิทยาศาสตร์  สังคม  ประวัติศาสตร์  ต้านทุจริต  ศิลปะ หน้าที  ภาษาอังกฤษ  ',25),(28,'3349900216271','2564','1','','โรงเรียนบ้านบุ่งหวาย','4','1','',5),(32,'3340400584346','','','','','5','','',0),(33,'3340400584346','','','','','5','','',0),(34,'3349900216271','2565','1','สพป.อบ4','โรงเรียนบ้านบุ่งหวาย','4','1','',5),(35,'3349900216271','','','','','4','','',0);

--
-- Table structure for table `idplan_lookbook_2`
--

CREATE TABLE `idplan_lookbook_2` (
  `id` int(11) NOT NULL AUTO_INCREMENT,
  `person_id` varchar(15) DEFAULT NULL,
  `year` varchar(5) DEFAULT NULL,
  `term` varchar(1) DEFAULT NULL,
  `week` varchar(3) DEFAULT NULL,
  `start_date` date DEFAULT NULL,
  `end_date` date DEFAULT NULL,
  `group_vicha_id` varchar(2) DEFAULT NULL,
  `vicha_name` varchar(200) DEFAULT NULL,
  `vicha_code` varchar(10) DEFAULT NULL,
  `vitaya` varchar(2) DEFAULT NULL,
  `hour_term` varchar(5) DEFAULT NULL,
  `time` varchar(5) DEFAULT NULL,
  `time_unit` varchar(25) DEFAULT NULL,
  `learn_type` varchar(2) DEFAULT NULL,
  `garantee` varchar(2) DEFAULT NULL,
  PRIMARY KEY (`id`)
) ENGINE=MyISAM AUTO_INCREMENT=20 DEFAULT CHARSET=utf8 COLLATE=utf8_general_ci;

--
-- Dumping data for table `idplan_lookbook_2`
--


--
-- Table structure for table `idplan_lookbook_3`
--

CREATE TABLE `idplan_lookbook_3` (
  `id` int(11) NOT NULL AUTO_INCREMENT,
  `person_id` varchar(15) DEFAULT NULL,
  `year` varchar(5) DEFAULT NULL,
  `term` varchar(1) DEFAULT NULL,
  `week` varchar(3) DEFAULT NULL,
  `start_date` date DEFAULT NULL,
  `end_date` date DEFAULT NULL,
  `vicha_support` varchar(200) DEFAULT NULL,
  `hour_week` varchar(5) DEFAULT NULL,
  `garantee` varchar(2) DEFAULT NULL,
  PRIMARY KEY (`id`)
) ENGINE=MyISAM AUTO_INCREMENT=23 DEFAULT CHARSET=utf8 COLLATE=utf8_general_ci;

--
-- Dumping data for table `idplan_lookbook_3`
--

INSERT INTO `idplan_lookbook_3` VALUES (22,'3349900216271','2565','1','1-2','2565-05-16','2565-10-07','แผนการจัดการเรียนรู้ การอ่านคำ นำการเขียน','80','1');

--
-- Table structure for table `idplan_lookbook_4`
--

CREATE TABLE `idplan_lookbook_4` (
  `id` int(11) NOT NULL AUTO_INCREMENT,
  `person_id` varchar(15) DEFAULT NULL,
  `year` varchar(5) DEFAULT NULL,
  `term` varchar(1) DEFAULT NULL,
  `week` varchar(3) DEFAULT NULL,
  `start_date` date DEFAULT NULL,
  `end_date` date DEFAULT NULL,
  `policy` varchar(255) DEFAULT NULL,
  `hour_week` varchar(5) DEFAULT NULL,
  `garantee` varchar(2) DEFAULT NULL,
  PRIMARY KEY (`id`)
) ENGINE=MyISAM AUTO_INCREMENT=25 DEFAULT CHARSET=utf8 COLLATE=utf8_general_ci;

--
-- Dumping data for table `idplan_lookbook_4`
--

INSERT INTO `idplan_lookbook_4` VALUES (24,'3349900216271','2564','1','1-2','2565-05-17','2565-10-07','จุดเน้นที่7 นักเรียนอ่านออกเขียนได้ ลายมือสวย คิดเลขเป็น','20','1');

--
-- Table structure for table `idplan_lookbook_5`
--

CREATE TABLE `idplan_lookbook_5` (
  `id` int(11) NOT NULL AUTO_INCREMENT,
  `person_id` varchar(15) DEFAULT NULL,
  `rec_date` date DEFAULT NULL,
  `develop_name` varchar(255) DEFAULT NULL,
  `develop_code` varchar(15) DEFAULT NULL,
  `knowledge` varchar(10) DEFAULT NULL,
  `skill` varchar(10) DEFAULT NULL,
  `teacher` varchar(10) DEFAULT NULL,
  `develop_hour` varchar(5) DEFAULT NULL,
  `develop_start_date` date DEFAULT NULL,
  `num_date` int(5) DEFAULT NULL,
  `development` varchar(10) DEFAULT NULL,
  `garantee` varchar(2) DEFAULT NULL,
  PRIMARY KEY (`id`)
) ENGINE=MyISAM AUTO_INCREMENT=4 DEFAULT CHARSET=utf8 COLLATE=utf8_general_ci;

--
-- Dumping data for table `idplan_lookbook_5`
--


--
-- Table structure for table `idplan_lookbook_6`
--

CREATE TABLE `idplan_lookbook_6` (
  `id` int(11) NOT NULL AUTO_INCREMENT,
  `person_id` varchar(15) DEFAULT NULL,
  `group_activities` varchar(255) DEFAULT NULL,
  `num_member` int(5) DEFAULT NULL,
  `activities_name` varchar(255) DEFAULT NULL,
  `round` varchar(3) DEFAULT NULL,
  `date_activities` date DEFAULT NULL,
  `term` varchar(2) DEFAULT NULL,
  `year` varchar(5) DEFAULT NULL,
  `num_hour` varchar(5) DEFAULT NULL,
  `r_character` varchar(3) DEFAULT NULL,
  `income_activities` varchar(5) DEFAULT NULL,
  `issues` varchar(255) DEFAULT NULL,
  `cause` varchar(255) DEFAULT NULL,
  `knowledge` varchar(255) DEFAULT NULL,
  `activities` varchar(255) DEFAULT NULL,
  `r_activities` varchar(255) DEFAULT NULL,
  `reapply` varchar(255) DEFAULT NULL,
  `other` varchar(255) DEFAULT NULL,
  `garantee` varchar(2) DEFAULT NULL,
  PRIMARY KEY (`id`)
) ENGINE=MyISAM AUTO_INCREMENT=8 DEFAULT CHARSET=utf8 COLLATE=utf8_general_ci;

--
-- Dumping data for table `idplan_lookbook_6`
--

INSERT INTO `idplan_lookbook_6` VALUES (6,'3349900216271','ช่วงชั้นที่1 ร่วมใจ',3,'','','2564-05-16','2','2564','','1','3','','','','','','','','1'),(7,'3349900216271','ช่วงชั้นที่ 1 ร่วมใจ',3,'การอ่านคำ นำการเขียน','1','2565-05-17','1','2565','80','1','2','นักเรียนอ่านไม่คล่อง','ยังไม่มีความพร้อม','การอ่านซ้ำยำ้ทวน การใช้บัตรคำสี การนำเสนอการอ่านด้วย Power Point','แบบฝึกทักษะการอ่านคำนำการเขียน','นักเรียนอ่านและแจกลูกสระได้','นักเรียนอ่านออกเขียนได้','','1');

--
-- Table structure for table `idplan_lookbook_group_subject`
--

CREATE TABLE `idplan_lookbook_group_subject` (
  `id` int(11) NOT NULL AUTO_INCREMENT,
  `g_subject` varchar(255) DEFAULT NULL,
  PRIMARY KEY (`id`)
) ENGINE=MyISAM AUTO_INCREMENT=21 DEFAULT CHARSET=utf8 COLLATE=utf8_general_ci;

--
-- Dumping data for table `idplan_lookbook_group_subject`
--


--
-- Table structure for table `idplan_management_crown`
--

CREATE TABLE `idplan_management_crown` (
  `id` int(11) NOT NULL AUTO_INCREMENT,
  `crown_name_th` char(100) DEFAULT NULL,
  `crown_shot_name` char(10) DEFAULT NULL,
  `crown_name_en` char(150) DEFAULT NULL,
  PRIMARY KEY (`id`)
) ENGINE=MyISAM AUTO_INCREMENT=37 DEFAULT CHARSET=utf8 COLLATE=utf8_general_ci;

--
-- Dumping data for table `idplan_management_crown`
--


--
-- Table structure for table `idplan_management_crown_year`
--

CREATE TABLE `idplan_management_crown_year` (
  `id` int(11) NOT NULL AUTO_INCREMENT,
  `person_id` varchar(15) DEFAULT NULL,
  `crown_id` varchar(3) DEFAULT NULL,
  `crown_year` varchar(7) DEFAULT NULL,
  PRIMARY KEY (`id`)
) ENGINE=MyISAM AUTO_INCREMENT=9 DEFAULT CHARSET=utf8 COLLATE=utf8_general_ci;

--
-- Dumping data for table `idplan_management_crown_year`
--

INSERT INTO `idplan_management_crown_year` VALUES (4,'3330400958505','','2560'),(5,'3330400958505','',' ทวีติย'),(6,'3340400584346','','2558'),(7,'3349900216271','',''),(8,'3330400958505','','๒๘ กรกฎ');

--
-- Table structure for table `idplan_management_family`
--

CREATE TABLE `idplan_management_family` (
  `id` int(11) NOT NULL AUTO_INCREMENT,
  `person_id` varchar(15) DEFAULT NULL,
  `family_prename` varchar(20) DEFAULT NULL,
  `family_name` varchar(100) DEFAULT NULL,
  `family_surname` varchar(150) DEFAULT NULL,
  `birth_date` date DEFAULT NULL,
  `family_type` varchar(5) DEFAULT NULL,
  PRIMARY KEY (`id`)
) ENGINE=MyISAM AUTO_INCREMENT=20 DEFAULT CHARSET=utf8 COLLATE=utf8_general_ci;

--
-- Dumping data for table `idplan_management_family`
--

INSERT INTO `idplan_management_family` VALUES (9,'3341500687318','นางสาว','ทิพย์กมล','โสภาพิศ','2001-07-29','3'),(10,'3330400958505','เด็กชาย','ณัฐภัทร','สมจันทร์','2007-04-02','3'),(11,'3330400958505','เด็กชาย','ณัฐดนัย','สมจันทร์','2010-07-12','3'),(12,'3341500687318','เด็กหญิง','ลภัสรดา','โสภาพิศ','2551-09-17','3'),(13,'3341500687318','นาย','อ่อนสา','พิมพ์ชาย','0000-00-00','1'),(14,'3341500687318','นาง','หนูสิน','พิมพ์ชาย','0000-00-00','2'),(15,'3349900216271','นาย','บุญมี','บุญสู่','1929-04-17','1'),(16,'3349900216271','นาง','หนูกร','บุญสู่','1936-11-17','2'),(17,'3349900216271','นาย','นิติศักดิ์','กิ่งบู','1995-09-18','3'),(18,'3349900216271','นาย','เจริญศิลป์','กิ่งบู','1997-05-12','3'),(19,'3341500712541','นาย','อุทร','ป้องคำกวย','0000-00-00','');

--
-- Table structure for table `idplan_management_marry`
--

CREATE TABLE `idplan_management_marry` (
  `person_id` varchar(15) NOT NULL,
  `m_type` varchar(5) DEFAULT NULL,
  `m_prename` varchar(10) DEFAULT NULL,
  `m_name` varchar(50) DEFAULT NULL,
  `m_surname` varchar(150) DEFAULT NULL,
  PRIMARY KEY (`person_id`)
) ENGINE=MyISAM DEFAULT CHARSET=utf8 COLLATE=utf8_general_ci;

--
-- Dumping data for table `idplan_management_marry`
--

INSERT INTO `idplan_management_marry` VALUES ('3341500687318','2','นาย','บุญมี','โสภาพิศ'),('3330400958505','2','นาย','ชิตพล','สมจันทร์'),('3349800059166','2','ด.ต.','ธนภัทร','ทรัพย์โคกสูง'),('3349900216271','2','นาย','อุดม','กิ่งบู'),('3340400584346','2','นาย','ประหยัด','อุตรา'),('3341500712541','2','นาง','ประไพพร','ทาทอง'),('3330300053811','2','นาย','วันนี','บุราเลข'),('3341500664270','2','ร.ท.','อนันต์','โพธิ์ไชยแสน');

--
-- Table structure for table `idplan_management_member`
--

CREATE TABLE `idplan_management_member` (
  `id` int(11) NOT NULL AUTO_INCREMENT,
  `person_id` varchar(15) DEFAULT NULL,
  `member_name` varchar(255) DEFAULT NULL,
  `member_number` varchar(30) DEFAULT NULL,
  PRIMARY KEY (`id`)
) ENGINE=MyISAM AUTO_INCREMENT=7 DEFAULT CHARSET=utf8 COLLATE=utf8_general_ci;

--
-- Dumping data for table `idplan_management_member`
--

INSERT INTO `idplan_management_member` VALUES (4,'3341500687318','ชพค.','990410'),(5,'3330400958505','คุรุสภา  กบข. ชพค. ชพส.   สหกรณ์ออมทรัพย์ครูอุบล  สสอบ.  สสปท.',''),(6,'3340400584346','ชพค.','322578');

--
-- Table structure for table `idplan_management_portfolio`
--

CREATE TABLE `idplan_management_portfolio` (
  `id` int(11) NOT NULL AUTO_INCREMENT,
  `person_id` varchar(15) DEFAULT NULL,
  `topic` varchar(200) DEFAULT NULL,
  `date` date DEFAULT NULL,
  `address` varchar(255) DEFAULT NULL,
  `pic_upload` varchar(50) DEFAULT NULL,
  PRIMARY KEY (`id`)
) ENGINE=MyISAM AUTO_INCREMENT=16 DEFAULT CHARSET=utf8 COLLATE=utf8_general_ci;

--
-- Dumping data for table `idplan_management_portfolio`
--


--
-- Table structure for table `idplan_management_vitaya`
--

CREATE TABLE `idplan_management_vitaya` (
  `id` int(11) NOT NULL AUTO_INCREMENT,
  `person_id` varchar(15) DEFAULT NULL,
  `vitaya_name` varchar(250) DEFAULT NULL,
  `vitaya_shot` varchar(50) DEFAULT NULL,
  `vitaya_date` date DEFAULT NULL,
  PRIMARY KEY (`id`)
) ENGINE=MyISAM AUTO_INCREMENT=15 DEFAULT CHARSET=utf8 COLLATE=utf8_general_ci;

--
-- Dumping data for table `idplan_management_vitaya`
--

INSERT INTO `idplan_management_vitaya` VALUES (8,'3349800059166','ชำนาญการพิเศษ','ค.ศ.3','0000-00-00'),(9,'3330400958505','ชำนาญการพิเศษ','','0000-00-00'),(11,'3349900216271','ชำนาญการพิเศษ','คศ.3','0000-00-00'),(14,'3330400958505','ชำนาญการพิเศษ','คศ.3','2012-06-25');

--
-- Table structure for table `idplan_permission`
--

CREATE TABLE `idplan_permission` (
  `per_id` int(5) NOT NULL AUTO_INCREMENT,
  `person_id` char(15) DEFAULT NULL,
  `p1` int(2) DEFAULT NULL,
  `office` char(15) DEFAULT NULL,
  `rec_dat` date DEFAULT NULL,
  PRIMARY KEY (`per_id`)
) ENGINE=MyISAM AUTO_INCREMENT=36 DEFAULT CHARSET=utf8 COLLATE=utf8_general_ci;

--
-- Dumping data for table `idplan_permission`
--


--
-- Table structure for table `idplan_person_sch_profile`
--

CREATE TABLE `idplan_person_sch_profile` (
  `person_id` varchar(15) NOT NULL,
  `birth_date` date DEFAULT NULL,
  `f_date` date DEFAULT NULL,
  `vittaya` varchar(50) DEFAULT NULL,
  `work_old` int(3) DEFAULT NULL,
  `at_home` varchar(10) DEFAULT NULL,
  `moo` varchar(3) DEFAULT NULL,
  `tambun` varchar(50) DEFAULT NULL,
  `ampher` varchar(50) DEFAULT NULL,
  `province` varchar(70) DEFAULT NULL,
  `postcode` varchar(10) DEFAULT NULL,
  `home_phone` varchar(15) DEFAULT NULL,
  `mobile` varchar(15) DEFAULT NULL,
  `salary` int(10) DEFAULT NULL,
  `emoluments` int(10) DEFAULT NULL,
  `money_of_position` int(10) DEFAULT NULL,
  `m_type` varchar(5) DEFAULT NULL,
  `update_date` date DEFAULT NULL,
  PRIMARY KEY (`person_id`)
) ENGINE=MyISAM DEFAULT CHARSET=utf8 COLLATE=utf8_general_ci;

--
-- Dumping data for table `idplan_person_sch_profile`
--

INSERT INTO `idplan_person_sch_profile` VALUES ('3341500687318','1971-03-22','2009-06-05','-',11,'32','18','บุ่งหวาย','วารินชำราบ','อุบลราชธานี','','-','0879134978',15,0,0,'2','2020-10-14'),('3341500712541','1971-03-30','1995-02-01','ชำนาญการพิเศษ',26,'111','11','บุ่งหวาย','วารินชำราบ','อุบลราชธานี','','-','0895800506',49,0,5,'2','2021-07-27'),('3349800150775','1977-07-30','2004-04-23','ชำนาญการพิเศษ',0,'116','6','คำขวาง','วารินชำราบ','อุบลราชธานี','','','',0,0,0,'1','2024-03-14'),('3349900131845',NULL,NULL,NULL,NULL,NULL,NULL,NULL,NULL,NULL,NULL,NULL,NULL,NULL,NULL,NULL,NULL,NULL),('1340700434076','1993-12-19','0000-00-00','',0,'114','6','บัวงาม','เดชอุดม','อุบลราชธานี','','','',0,0,0,'','2021-02-24'),('3340700388739',NULL,NULL,NULL,NULL,NULL,NULL,NULL,NULL,NULL,NULL,NULL,NULL,NULL,NULL,NULL,NULL,NULL),('3330400958505','1971-09-01','1998-06-02','ชำนาญการพิเศษ',23,'153','11','บุ่งหวาย','วารินชำราบ','อุบลราชธานี','','-','0872467404',44060,5600,5600,'2','2021-07-21'),('3349900216271','2563-11-27','2525-06-15','ชำนาญการพิเศษ',40,'9','','.ในเมือง','เมือง','อุบลราชธานี','','','0862648086',6,5600,5600,'2','2022-04-03'),('3349800059166','1973-12-06','2010-12-07','ชำนาญการพิเศษ',10,'5','','วารินชำราบ','วารินชำราบ','อุบลราชธานี','','','0812915655',30970,0,5600,'2','2020-10-18'),('3330300236036',NULL,NULL,NULL,NULL,NULL,NULL,NULL,NULL,NULL,NULL,NULL,NULL,NULL,NULL,NULL,NULL,NULL),('3340400584346','2508-10-11','2533-07-15','ชำนาญการพิเศษ',32,'133','18','บุ่งหวาย','วารินชำราบ','อุบลราชธานี','','','0961453410',60,0,1200,'2','2022-11-12'),('3341500687644',NULL,NULL,NULL,NULL,NULL,NULL,NULL,NULL,NULL,NULL,NULL,NULL,NULL,NULL,NULL,NULL,NULL),('1331400004671','1984-07-12','2010-10-04','ชำนาญการพิเศษ',14,'18/1','6','วารินชำราบ','วารินชำราบ','อุบลราชธานี','','','',0,0,0,'','2025-03-20'),('3330300053811','2518-11-10','2541-02-06','ชำนาญการพิเศษ',25,'160','19','บุ่งหวาย','วารินชำราบ','อุบลราชธานี','','','0807963187',49,5600,5600,'2','2024-03-15'),('3341500664270','2518-03-10','2541-06-17','ชำนาญการพิเศษ',27,'87','4','บุ่งหวาย','วารินชำราบ','อุบลราชธานี','','','0935685194',60310,0,5600,'2','2025-07-07'),('1330100029162',NULL,NULL,NULL,NULL,NULL,NULL,NULL,NULL,NULL,NULL,NULL,NULL,NULL,NULL,NULL,NULL,NULL),('1341500177020',NULL,NULL,NULL,NULL,NULL,NULL,NULL,NULL,NULL,NULL,NULL,NULL,NULL,NULL,NULL,NULL,NULL);

--
-- Table structure for table `la_cancel`
--

CREATE TABLE `la_cancel` (
  `id` int(11) NOT NULL AUTO_INCREMENT,
  `person_id` varchar(13) NOT NULL,
  `la_type` tinyint(4) NOT NULL,
  `write_at` varchar(100) DEFAULT NULL,
  `permission_start` date NOT NULL,
  `permission_finish` date NOT NULL,
  `permission_total` int(11) NOT NULL,
  `because` varchar(200) NOT NULL,
  `cancel_la_start` date NOT NULL,
  `cancel_la_finish` date NOT NULL,
  `cancel_la_total` int(11) NOT NULL,
  `no_comment` int(11) NOT NULL DEFAULT 0,
  `grant_p_selected` varchar(13) DEFAULT NULL,
  `rec_date` datetime NOT NULL,
  `officer_comment` varchar(200) DEFAULT NULL,
  `officer_sign` varchar(13) DEFAULT NULL,
  `officer_date` datetime DEFAULT NULL,
  `group_comment` varchar(100) DEFAULT NULL,
  `group_sign` varchar(13) DEFAULT NULL,
  `group_date` datetime DEFAULT NULL,
  `comment_date` datetime DEFAULT NULL,
  `commander_grant` tinyint(4) DEFAULT NULL,
  `commander_comment` varchar(100) DEFAULT NULL,
  `commander_sign` varchar(13) DEFAULT NULL,
  `grant_date` datetime DEFAULT NULL,
  PRIMARY KEY (`id`)
) ENGINE=MyISAM AUTO_INCREMENT=6 DEFAULT CHARSET=utf8 COLLATE=utf8_general_ci;

--
-- Dumping data for table `la_cancel`
--

INSERT INTO `la_cancel` VALUES (1,'3341500687318',2,'โรงเรียนบ้านบุ่งหวาย','2021-06-25','2021-06-25',1,'ไม่ได้ไปกิจธุระตามที่ขอ','2021-06-25','2021-06-25',1,0,'','2021-07-27 11:35:10',NULL,NULL,NULL,NULL,NULL,NULL,NULL,1,'','3341500664270','2024-05-17 12:51:41');

--
-- Table structure for table `la_collect`
--

CREATE TABLE `la_collect` (
  `id` int(11) NOT NULL AUTO_INCREMENT,
  `year` int(11) NOT NULL,
  `person_id` varchar(13) NOT NULL,
  `collect_day` tinyint(4) NOT NULL DEFAULT 0,
  `this_year_day` tinyint(4) NOT NULL DEFAULT 0,
  `officer` varchar(13) DEFAULT NULL,
  `rec_date` date DEFAULT NULL,
  PRIMARY KEY (`id`)
) ENGINE=MyISAM DEFAULT CHARSET=utf8 COLLATE=utf8_general_ci;

--
-- Dumping data for table `la_collect`
--


--
-- Table structure for table `la_main`
--

CREATE TABLE `la_main` (
  `id` int(11) NOT NULL AUTO_INCREMENT,
  `person_id` varchar(13) NOT NULL,
  `la_type` tinyint(4) NOT NULL,
  `write_at` varchar(100) DEFAULT NULL,
  `because` varchar(250) DEFAULT NULL,
  `la_start` date NOT NULL,
  `la_finish` date NOT NULL,
  `la_total` int(11) NOT NULL,
  `last_la_start` date DEFAULT NULL,
  `last_la_finish` date DEFAULT NULL,
  `last_la_total` int(11) DEFAULT NULL,
  `contact` varchar(150) DEFAULT NULL,
  `contact_tel` varchar(20) DEFAULT NULL,
  `document` varchar(100) DEFAULT NULL,
  `no_comment` tinyint(4) NOT NULL DEFAULT 0,
  `grant_p_selected` varchar(13) DEFAULT NULL,
  `sick_ago` int(11) DEFAULT NULL,
  `sick_this` int(11) DEFAULT NULL,
  `sick_total` int(11) DEFAULT NULL,
  `privacy_ago` int(11) DEFAULT NULL,
  `privacy_this` int(11) DEFAULT NULL,
  `privacy_total` int(11) DEFAULT NULL,
  `birth_ago` int(11) DEFAULT NULL,
  `birth_this` int(11) DEFAULT NULL,
  `birth_total` int(11) DEFAULT NULL,
  `relax_ago` int(11) DEFAULT NULL,
  `relax_this` int(11) DEFAULT NULL,
  `relax_total` int(11) DEFAULT NULL,
  `relax_collect` tinyint(4) DEFAULT NULL,
  `relax_this_year` tinyint(4) DEFAULT NULL,
  `job_person` varchar(13) DEFAULT NULL,
  `job_person_sign` tinyint(4) NOT NULL DEFAULT 0,
  `rec_date` datetime NOT NULL,
  `officer_comment` varchar(200) DEFAULT NULL,
  `officer_sign` varchar(13) DEFAULT NULL,
  `officer_date` datetime DEFAULT NULL,
  `group_comment` varchar(100) DEFAULT NULL,
  `group_sign` varchar(13) DEFAULT NULL,
  `group_date` datetime DEFAULT NULL,
  `comment_date` datetime DEFAULT NULL,
  `commander_grant` tinyint(4) DEFAULT NULL,
  `commander_comment` varchar(100) DEFAULT NULL,
  `commander_sign` varchar(13) DEFAULT NULL,
  `grant_date` datetime DEFAULT NULL,
  PRIMARY KEY (`id`)
) ENGINE=MyISAM AUTO_INCREMENT=43 DEFAULT CHARSET=utf8 COLLATE=utf8_general_ci;

--
-- Dumping data for table `la_main`
--

INSERT INTO `la_main` VALUES (2,'3341500712541',1,'111  ม.  11 ต.บุ่งหวาย อ. วารินชำราบ จ. อุบลราชธานี','ป่วยเป็นตาแดง','2014-07-21','2014-07-22',2,'2014-07-22','2014-07-22',0,'111  ม.  11 ต.บุ่งหวาย อ. วารินชำราบ จ. อุบลราชธานี','0895800506','',0,'3340701216966',0,0,0,0,0,0,0,0,0,NULL,NULL,NULL,NULL,NULL,NULL,0,'2014-07-22 09:15:39','','3349900216255','2014-07-23 05:05:10',NULL,NULL,NULL,NULL,NULL,NULL,NULL,NULL),(3,'3349900216255',2,'โรงเรียนบ้านบุ่งหวาย ตำบลบุ่งหวาย อำเภอวารินชำราบ จังหวัดอุบลราชธานี','ไปรับปริญญาลูก','2014-07-31','2014-08-01',2,'2014-08-07','2014-08-07',0,'444/47 หมู่ 1 ตำบลคำน้ำแซบ อำเภอวารินชำราบ จังหวัดอุบลราชธานี','089-8657513','',0,'',0,0,0,0,2,2,0,0,0,NULL,NULL,NULL,NULL,NULL,NULL,0,'2014-08-07 23:07:15',NULL,NULL,NULL,NULL,NULL,NULL,NULL,NULL,NULL,NULL,NULL),(4,'3349800057520',1,'บ้านเลขที่ 34 หมู่ที่ 13  ต.แสนสุข  อ.วารินชำราบ จ.อุบลราชธานี','ป่วยเป็นไข้หวัด  ตาแดง  ไข้หวัดใหญ่','2014-09-24','2014-09-26',3,'2014-09-18','2014-09-19',2,'บ้านเลขที่ 34 หมู่ที่ 13  ต.แสนสุข  อ.วารินชำราบ จ.อุบลราชธานี','','',0,'',0,0,0,0,0,0,0,0,0,NULL,NULL,NULL,NULL,NULL,NULL,0,'2014-09-23 13:36:00',NULL,NULL,NULL,NULL,NULL,NULL,NULL,NULL,NULL,NULL,NULL),(19,'3341500687644',1,'98 ม.19 ต.บุ่งหวาย อ.วารินชำราบ จ.อุบลราชธานี','ไข้หวัด','2023-06-30','2023-06-30',1,'2023-06-30','2023-06-30',1,'98 ม.19 ต.บุ่งหวาย อ.วารินชำราบ จ.อุบลราชธานี','','',0,'3341500664270',0,0,0,1,0,0,0,0,0,NULL,NULL,NULL,NULL,NULL,NULL,0,'2023-06-29 19:35:19',NULL,NULL,NULL,NULL,NULL,NULL,NULL,1,'','3341500664270','2023-06-30 13:03:05'),(6,'3349800057520',1,'โรงเรียบ้านบุ่งหวาย','ปวดหัว','2014-09-18','2014-09-19',2,'2014-09-23','2014-09-23',0,'34 หมู่ที่ 13 ต.แสนสุข อ.วารินฯ จ.อุบลฯ','081-3904285','',0,'3340701216966',0,0,0,0,0,0,0,0,0,NULL,NULL,NULL,NULL,NULL,NULL,0,'2014-09-23 14:20:26',NULL,NULL,NULL,NULL,NULL,NULL,NULL,NULL,NULL,NULL,NULL),(7,'3341500687318',2,'บ้านเลขที่ 32 หมู่ที่ 18  ต.บุ่งหวาย อ.วารินชำราบ จ.อุบลราชธานี','ไปทำธุระที่ธนาคารออมสิน','2014-11-17','2014-11-17',1,'2014-11-17','2014-11-17',0,'บ้านเลขที่ 32 หมู่ที่ 18  ต.บุ่งหวาย อ.วารินชำราบ จ.อุบลราชธานี','0879134978','',0,'3340701216966',0,0,0,0,0,0,0,0,0,NULL,NULL,NULL,NULL,NULL,NULL,0,'2014-11-17 07:25:48',NULL,NULL,NULL,NULL,NULL,NULL,NULL,NULL,NULL,NULL,NULL),(8,'3341500687318',2,'บ้านบุ่งหวาย  หมู่ที่ 18  ','ไปช่วยงานกฐินที่วัดป่านานาชาติ','2015-11-13','2015-11-13',1,'2015-11-12','2015-11-12',0,'บ้านเลขที่ 32  หมู่ที่ 18  ต.บุ่งหวาย  อ.วารินฯ จ.อุบลฯ','0879134978','',0,'3340701216966',0,0,0,0,0,0,0,0,0,NULL,NULL,NULL,NULL,NULL,NULL,0,'2015-11-12 06:44:26',NULL,NULL,NULL,NULL,NULL,NULL,NULL,NULL,NULL,NULL,NULL),(9,'3349900131845',2,'โรงเรียนบ้านบุ่งหวาย','ไปติดต่องานราชการที่ สพป.อบ.4','2019-06-07','2019-06-07',1,'2019-02-05','2019-02-05',1,'122 ถ.ชวาลานอก ต.ในเมือง  อ.เมือง จ.อุบลราชธานี','0872545895','',0,'',0,0,0,0,0,0,0,0,0,NULL,NULL,NULL,NULL,NULL,NULL,0,'2019-06-05 09:58:15',NULL,NULL,NULL,NULL,NULL,NULL,NULL,1,NULL,'3340400584346','2019-06-18 11:42:52'),(10,'3341500712541',1,'โรงเรียนบ้านบุ่งหวาย','ไม่สบายไปตรวจสุขภาพที่โรงพยาบาล','2019-06-21','2019-06-21',1,'2019-06-21','2019-06-21',1,'111 หมู่ 11  บ้านโนนสวน  ต.บุ่งหวาย  อ.วารินชำราบ จ.อุบลราชธานี','','',0,'3340400584346',0,0,0,0,0,0,0,0,0,NULL,NULL,NULL,NULL,NULL,NULL,0,'2019-06-27 09:23:37',NULL,NULL,NULL,NULL,NULL,NULL,NULL,1,'','3340400584346','2019-06-27 21:34:00'),(11,'3341500687318',2,'โรงเรียนบ้านบุ่งหวาย','ไปติดต่อกิจธุระที่ธนาคารออมสิน  สาขาวารินชำราบ','2019-07-11','2019-07-11',1,'2019-07-11','2019-07-11',1,'32  หมู่ที่ 18 บ้านบุ่งหวาย  ต.บุ่งหวาย อ.วารินชำราบ จ.อุบลราชธานี','0879134978','',0,'3340400584346',0,0,0,0,0,0,0,0,0,NULL,NULL,NULL,NULL,NULL,NULL,0,'2019-07-10 15:58:22',NULL,NULL,NULL,NULL,NULL,NULL,NULL,1,'','3340400584346','2019-07-20 19:28:28'),(12,'3341500687318',2,'โรงเรียนบ้านบุ่งหวาย','ไปสอบพนักงานราชการทึ่ สพป.อบ.4','2021-06-25','2021-06-25',1,'2021-06-25','2021-06-25',1,'-','','',0,'3340700388739',0,0,0,0,0,0,0,0,0,NULL,NULL,NULL,NULL,NULL,NULL,0,'2021-07-09 09:31:06',NULL,NULL,NULL,NULL,NULL,NULL,NULL,1,'','3340700388739','2022-06-01 14:59:45'),(13,'3341500687318',2,'โรงเรียนบ้านบุ่งหวาย','ไปติดต่อทำเอกสารที่สำนักงานที่ดินจังหวัดอุบลราชธานี','2022-05-31','2022-05-31',1,'2021-06-25','2021-06-25',1,'32 หมู่ที่ 18 ตงบุ่งหวาย อ.วารินชำราบ จ.อุบลราชธานี','0879134978','',0,'3340700388739',0,0,0,0,1,1,0,0,0,NULL,NULL,NULL,NULL,NULL,NULL,0,'2022-06-01 14:58:18',NULL,NULL,NULL,NULL,NULL,NULL,NULL,1,'','3340700388739','2022-06-01 15:00:12'),(14,'3341500687318',1,'โรงเรียนบ้านบุ่งหวาย','ไม่สบายติดโควิด-19','2022-08-01','2022-08-05',5,'2022-06-01','2022-06-05',1,'32 หมู่ที่ 18 ต.บุ่งหวาย อ.วารินชำราบ จ.อุบลราชธานี','0879134978','',0,'',0,0,0,1,0,0,0,0,0,NULL,NULL,NULL,NULL,NULL,NULL,0,'2022-09-13 10:58:06',NULL,NULL,NULL,NULL,NULL,NULL,NULL,1,NULL,'3341500664270','2024-05-17 12:51:19'),(15,'3330300053811',2,'รร.บ้านบุ่งหวาย','ไปพบแพทย์ตามใบนัดที่ รพ.ค่ายสรรพสิทธิ์ประสงค์','2022-11-08','2022-11-08',1,'2022-08-31','2022-08-31',1,'160  หมู่ 19 ต.บุ่งหวาย อ.วารินชำราบ จ. อุบลราชธานี','0807963187','',0,'3341500664270',5,0,5,1,1,2,0,0,0,NULL,NULL,NULL,NULL,NULL,NULL,0,'2022-11-07 15:21:48',NULL,NULL,NULL,NULL,NULL,NULL,NULL,1,'','3341500664270','2022-11-08 11:18:23'),(17,'1340700434076',2,'โรงเรียนบ้านบุ่งหวาย','ไปสอบครูผู้ช่วย','2023-06-23','2023-06-26',2,'2023-06-23','2023-06-26',2,'114  หมู่  6  ตำบลบัวงาม  อำเภอเดชอุดม  จังหวัดอุบลราชธานี','0989356601','',0,'3341500664270',0,0,0,0,0,0,0,0,0,NULL,NULL,NULL,NULL,NULL,NULL,0,'2023-06-08 11:06:48',NULL,NULL,NULL,NULL,NULL,NULL,NULL,1,'','3341500664270','2023-06-16 10:09:26'),(18,'3341500687644',2,'บ้านเลขที่ 98 ม.19 ต.บุ่งหวาย อ.วารินชำราบ จ.อุบลราชธานี','พามารดาไปพบแพทย์และธนาคาร','2023-06-16','2023-06-16',1,'2023-06-16','2023-06-16',1,'บ้านเลขที่ 98 ม.19 ต.บุ่งหวาย อ.วารินชำราบ จ.อุบลราชธานี','0812654645 ','',0,'3341500664270',0,0,0,0,0,0,0,0,0,NULL,NULL,NULL,NULL,NULL,NULL,0,'2023-06-16 10:07:54',NULL,NULL,NULL,NULL,NULL,NULL,NULL,1,'','3341500664270','2023-06-16 10:09:31'),(21,'3341500687644',2,'98 ม.19 ต.บุ่งหวาย อ.วารินชำราบ จ.อุบลราชธานี 34310','พามารดาไปพบแพทย์ตามนัด','2023-07-14','2023-07-14',1,'2023-07-14','2023-07-14',1,'รพ.วารินชำราบ หรือเบอร์โทร 0812654645','','',0,'3341500664270',1,0,0,1,0,0,0,0,0,NULL,NULL,NULL,NULL,NULL,NULL,0,'2023-07-17 05:14:04',NULL,NULL,NULL,NULL,NULL,NULL,NULL,1,'','3341500664270','2023-09-17 12:44:20'),(22,'3341500687644',1,'98 ม.19 ต.บุ่งหวาย อ.วารินชำราบ จ.อุบลราชธานี 34310','ริดสีดวงทวารหนักอักเสบ','2023-07-17','2023-07-18',2,'2023-07-17','2023-07-18',2,'98 ม.19 ต.บุ่งหวาย อ.วารินชำราบ จ.อุบลราชธานี 34310','0812654645 ','',0,'3341500664270',1,0,0,1,0,0,0,0,0,NULL,NULL,NULL,NULL,NULL,NULL,0,'2023-07-18 09:50:42',NULL,NULL,NULL,NULL,NULL,NULL,NULL,1,'','3341500664270','2023-09-17 12:44:25'),(23,'3341500712541',1,'โรงเรียนบ้านบุ่งหวาย','ป่วยติดเชื้อโควิด','2023-08-22','2023-08-23',2,'2023-08-24','2023-08-24',0,'เลขที่ 199 หมู่ที่ 11 ต.บุ่งหวาย อ.วารินชำราบ จ.อุบลราชธานี','0895800506','',0,'3341500664270',0,0,0,0,0,0,0,0,0,NULL,NULL,NULL,NULL,NULL,NULL,0,'2023-08-24 08:23:02',NULL,NULL,NULL,NULL,NULL,NULL,NULL,1,'','3341500664270','2023-09-17 12:44:30'),(24,'3340400584346',2,'โรงเรียนบ้านบุ่งหวาย','ดูแลสามีป่วยช่วยตัวเองไม่ได้นอนโรงพยาบาล','2023-08-18','2023-08-18',1,'2023-08-18','2023-08-18',1,'133หมู่ 18  ต.บุ่งหวาย อ.วารินชำราบ จ.อุบลราชธานี','0814744263','',0,'3341500664270',0,0,0,0,0,0,0,0,0,NULL,NULL,NULL,NULL,NULL,NULL,0,'2023-08-28 16:11:52',NULL,NULL,NULL,NULL,NULL,NULL,NULL,1,'','3341500664270','2023-09-17 12:44:35'),(25,'3349800150775',1,'โรงเรียนบ้านบุ่งหวาย','เข้ารับการผ่าตัด','2023-11-03','2023-11-03',1,'2023-11-02','2023-11-02',0,'116 ม.6 ต.คำขวาง อ.วารินชำราบ จ.อุบลราชธานี ','0626236787','',0,'3341500664270',0,0,0,0,0,0,0,0,0,NULL,NULL,NULL,NULL,NULL,NULL,0,'2023-11-02 14:55:40',NULL,NULL,NULL,NULL,NULL,NULL,NULL,1,'','3341500664270','2024-03-13 10:33:16'),(26,'1331400004671',1,'บ้านพัก','ไปพบแพทย์ตามนัด','2023-12-13','2023-12-13',1,'2023-12-13','2023-12-13',1,'18/1  ตำบลวารินชำราบ อำเภอวารินชำราบ จังหวัดอุบลราชธานี ','0623597695','',0,'3341500664270',0,0,0,0,0,0,0,0,0,NULL,NULL,NULL,NULL,NULL,NULL,0,'2023-12-12 21:50:14',NULL,NULL,NULL,NULL,NULL,NULL,NULL,1,'','3341500664270','2024-03-13 10:33:22'),(27,'3341500687644',1,'โรงเรียนบ้านบุ่งหวาย','แพทย์นัดตรวจโรคฉี่หนู  ที่โรงพยาบาลสรรพสิทธิประสงค์','2024-05-17','2024-05-17',1,'2024-05-17','2024-05-17',1,'โรงพยาบาลสรรพสิทธิประสงค์','0812654645','',0,'',0,0,0,0,0,0,0,0,0,NULL,NULL,NULL,NULL,NULL,NULL,0,'2024-05-16 13:51:00','','3341500664270','2024-05-17 09:54:19',NULL,NULL,NULL,NULL,1,NULL,'3341500664270','2024-05-17 12:51:12'),(28,'3341500687644',1,'โรงเรียนบ้านบุ่งหวาย','แพทย์นัดตรวจโรคฉี่หนู  ที่โรงพยาบาลสรรพสิทธิประสงค์','2024-05-17','2024-05-17',1,'2024-05-17','2024-05-17',0,'โรงพยาบาลสรรพสิทธิประสงค์','','',0,'',0,1,1,0,0,0,0,0,0,NULL,NULL,NULL,NULL,NULL,NULL,0,'2024-05-17 08:45:06','','3341500664270','2024-05-17 09:54:45',NULL,NULL,NULL,NULL,1,NULL,'3341500664270','2024-05-17 12:51:12'),(29,'3341500687318',2,'โรงเรียนบ้านบุ่งหวาย','ไปดำเนินการเรื่องรางวัดที่ดิน','2024-05-27','2024-05-27',1,'2024-05-27','2024-05-27',1,'32 ม.18 บ้านบุ่งหวาย ต.บุ่งหวาย อ.วารินชำราบ จ.อุบลราชธานี','0879134978','',0,'',0,0,0,0,0,0,0,0,0,NULL,NULL,NULL,NULL,NULL,NULL,0,'2024-05-23 14:54:34',NULL,NULL,NULL,NULL,NULL,NULL,NULL,1,'','3341500664270','2024-08-05 14:47:43'),(30,'3341500712541',2,'โรงเรียนบ้านบุ่งหวาย','ต้องเดินทางไปต่างจังหวัด','2024-05-30','2024-05-31',2,'2024-05-24','2024-05-24',0,'เลขที่ 199 หมู่ที่ 11 ต.บุ่งหวาย อ.วารินชำราบ จ.อุบลราชธานี','0895800506','',0,'3341500664270',0,0,0,0,2,2,0,0,0,NULL,NULL,NULL,NULL,NULL,NULL,0,'2024-05-24 08:36:00',NULL,NULL,NULL,NULL,NULL,NULL,NULL,1,'','3341500664270','2024-08-05 14:47:52'),(31,'1340700434076',2,'โรงเรียนบ้านบุ่งหวาย','หมอนัด','2024-06-13','2024-06-13',1,'2023-12-15','2023-12-15',1,'114  หมู่  6  ตำบลบัวงาม  อำเภอเดชอุดม  จังหวัดอุบลราชธานี','0989356601','',0,'3341500664270',0,0,0,0,0,0,0,0,0,NULL,NULL,NULL,NULL,NULL,NULL,0,'2024-06-10 08:49:40',NULL,NULL,NULL,NULL,NULL,NULL,NULL,1,'','3341500664270','2024-08-05 14:48:39'),(32,'3341500712541',2,'โรงเรียนบ้านบุ่งหวาย','ต้องเดินทางไปต่างจังหวัด','2024-07-04','2024-07-05',2,'2024-07-04','2024-07-05',2,'เลขที่ 199 หมู่ที่ 11 ต.บุ่งหวาย อ.วารินชำราบ จ.อุบลราชธานี','0895800506','',0,'3341500664270',0,0,0,0,2,0,0,0,0,NULL,NULL,NULL,NULL,NULL,NULL,0,'2024-07-02 13:05:56',NULL,NULL,NULL,NULL,NULL,NULL,NULL,1,'','3341500664270','2024-08-05 14:48:46'),(33,'3340400584346',2,'โรงเรียนบ้านบุ่งหวาย','จัดงานฌาปาณกิจคุณย่า','2024-08-05','2024-08-05',1,'2024-08-05','2024-08-05',1,'32 หมู่ที่ 18 ตงบุ่งหวาย อ.วารินชำราบ จ.อุบลราชธานี','','',0,'3341500664270',0,0,0,0,0,0,0,0,0,NULL,NULL,NULL,NULL,NULL,NULL,0,'2024-08-05 09:10:58',NULL,NULL,NULL,NULL,NULL,NULL,NULL,1,'','3341500664270','2024-08-05 14:48:54'),(34,'1331400004671',2,'โรงเรียนบ้านบุ่งหวาย','พาคุณพ่อไปพบแพทย์ตามนัด','2024-10-02','2024-10-02',1,'2024-10-02','2024-10-02',1,'129 ม.6 ต.สระเยาว์ อ.ศรีรัตนะ จ.ศรีสะเกษ 33240','0623597695','',0,'3341500664270',0,0,0,0,0,0,0,0,0,NULL,NULL,NULL,NULL,NULL,NULL,0,'2024-10-01 15:35:07',NULL,NULL,NULL,NULL,NULL,NULL,NULL,1,'','3341500664270','2024-11-16 14:50:12'),(35,'3330300053811',1,'รร.บ้านบุ่งหวาย','ปวดท้องเกินเห็ดพิษ นอนรักษาตัวที่ รพ.ค่ายสรรพสิทธิ์ประสงค์','2024-10-01','2024-10-04',4,'2022-11-08','2022-11-08',1,'160 หมู่ 19 ต.บุ่งหวาย อ.วารินชำราบ จ.อุบลราชธานี 34310','05807963187','',1,'',0,1,1,0,0,0,0,0,0,NULL,NULL,NULL,NULL,NULL,NULL,0,'2024-10-18 13:35:15',NULL,NULL,NULL,NULL,NULL,NULL,NULL,1,'','3341500664270','2024-11-16 14:50:26'),(36,'3341500712541',2,'รร.บ้านบุ่งหวาย','เดินทางไปต่างจังหวัด','2024-12-09','2024-12-09',1,'2024-12-03','2024-12-03',0,'199 หมู่ที่ 11 ต.บุ่งหวาย อ. วารินชำราบ จงอุบลราชธานี ','0895800506','',0,'3341500664270',0,0,0,0,0,0,0,0,0,NULL,NULL,NULL,NULL,NULL,NULL,0,'2024-12-03 11:10:47',NULL,NULL,NULL,NULL,NULL,NULL,NULL,1,'','3341500664270','2024-12-13 15:37:51'),(37,'1331400004671',2,'โรงเรียนบ้านบุ่งหวาย','เดินทางพาบิดาไปพบแพทย์ที่โรงพยาบาลศรีนครินทร์ จ.ขอนแก่น','2025-01-08','2025-01-08',1,'2025-01-08','2025-01-08',1,'โทร .0623597695','0623597695','',0,'3341500664270',0,0,0,1,0,0,0,0,0,NULL,NULL,NULL,NULL,NULL,NULL,0,'2025-01-07 10:48:58',NULL,NULL,NULL,NULL,NULL,NULL,NULL,1,'','3341500664270','2025-01-31 13:52:05'),(38,'3330300053811',1,'โรงเรียนบ้านบุ่งหวาย','ติดเชื้อทางเดินอาหาร','2025-03-10','2025-03-12',3,'2024-10-01','2024-10-04',4,'160 หมู่  ตงหวาย  อำเภอวารินชำราบ  จังหวัดอุบลราชธานี','0807693187','',0,'3341500664270',4,3,7,0,0,0,0,0,0,NULL,NULL,NULL,NULL,NULL,NULL,0,'2025-03-12 16:26:42',NULL,NULL,NULL,NULL,NULL,NULL,NULL,1,'','3341500664270','2025-06-12 14:55:54'),(39,'3330400958505',2,'โรงเรียนบ้านบุ่งหวาย','ไปซ่อมรถยนต์ส่วนบุคคล','2025-06-27','2025-06-27',1,'2025-06-27','2025-06-27',1,'153 หมู่ที่ 11 ตงบุ่งหวาย อ.วารินชำราบ จ.อุบลราชธานี','0872467404','',0,'3341500664270',0,0,0,0,0,0,0,0,0,NULL,NULL,NULL,NULL,NULL,NULL,0,'2025-06-30 09:05:43',NULL,NULL,NULL,NULL,NULL,NULL,NULL,1,'','3341500664270','2025-07-22 12:58:27'),(40,'1331400004671',1,'โรงเรียนบ้านบุ่งหวาย','ต้องไปพบแพทย์ตามนัดความดันเบาหวาน (เช้า)// แพทย์นัดตรวจมะเร็งเต้านม (บ่าย)','2025-08-05','2025-08-05',1,'2025-08-05','2025-08-05',1,'0623597695','','',0,'',0,0,0,2,0,0,0,0,0,NULL,NULL,NULL,NULL,NULL,NULL,0,'2025-08-06 10:49:12',NULL,NULL,NULL,NULL,NULL,NULL,NULL,1,'','3341500664270','2025-08-08 11:00:10'),(42,'1341500177020',2,'โรงเรียนบ้านบุ่งหวาย','ไปร่วมงานศพญาติ','2025-10-01','2025-10-01',1,'2025-09-30','2025-09-30',0,'102 หมู่ที่ 5 ต.แก่งโดม อ.สว่างวีระวงศ์ จ.อุบลราชธานี','0889472826','',0,'3341500664270',0,0,0,0,0,0,0,0,0,NULL,NULL,NULL,NULL,NULL,NULL,0,'2025-09-30 15:11:25',NULL,NULL,NULL,NULL,NULL,NULL,NULL,1,'','3341500664270','2025-10-03 11:41:35');

--
-- Table structure for table `la_permission`
--

CREATE TABLE `la_permission` (
  `id` int(11) NOT NULL AUTO_INCREMENT,
  `person_id` varchar(13) NOT NULL,
  `p1` tinyint(4) NOT NULL,
  `officer` varchar(13) NOT NULL,
  `rec_date` date NOT NULL,
  PRIMARY KEY (`id`)
) ENGINE=MyISAM AUTO_INCREMENT=17 DEFAULT CHARSET=utf8 COLLATE=utf8_general_ci;

--
-- Dumping data for table `la_permission`
--

INSERT INTO `la_permission` VALUES (1,'3349800150775',1,'3349900131845','2019-06-05'),(3,'3341500664270',1,'3341500687318','2023-03-20'),(16,'3330300053811',1,'3341500664270','2024-05-17'),(14,'3341500687318',1,'3349900216255','2014-05-17');

--
-- Table structure for table `la_person_set`
--

CREATE TABLE `la_person_set` (
  `id` int(11) NOT NULL AUTO_INCREMENT,
  `person_id` varchar(13) NOT NULL,
  `comment_person` varchar(13) DEFAULT NULL,
  `grant_person` varchar(13) DEFAULT NULL,
  `officer` varchar(13) DEFAULT NULL,
  `rec_date` date DEFAULT NULL,
  PRIMARY KEY (`id`),
  UNIQUE KEY `person_id` (`person_id`)
) ENGINE=MyISAM AUTO_INCREMENT=21 DEFAULT CHARSET=utf8 COLLATE=utf8_general_ci;

--
-- Dumping data for table `la_person_set`
--

INSERT INTO `la_person_set` VALUES (1,'3340701216966','','3340701216966','3349900216255','2014-05-06'),(2,'3349900216255','3349900216255','','3349900216255','2014-05-06'),(3,'3330300236036','3330300053811','3341500664270','3341500664270','2024-05-17'),(4,'3340400584346','3330300053811','3341500664270','3341500664270','2024-05-17'),(5,'3349800150775','3330300053811','3341500664270','3341500664270','2024-05-17'),(6,'3349900131845','3330300236036','3340400584346','3341500687318','2019-06-18'),(7,'3341500687644','3330300053811','3341500664270','3341500664270','2024-05-17'),(8,'3341500712541','3330300053811','3341500664270','3341500664270','2024-05-17'),(9,'3349900216271','3330300236036','3340700388739','3340700388739','2021-07-09'),(10,'3349800059166','3330300236036','3340400584346','3341500687318','2019-06-18'),(11,'3349800064437','3330300236036','3340700388739','3340700388739','2021-07-09'),(12,'3330400958505','3330300053811','3341500664270','3341500664270','2024-05-17'),(13,'1349900465836','3330300236036','3340400584346','3341500687318','2019-06-18'),(14,'3341500687318','3330300053811','3341500664270','3341500664270','2024-05-17'),(15,'1350300048454','3330300236036','3340400584346','3341500687318','2019-06-18'),(16,'1340700434076','3330300053811','3341500664270','3341500664270','2024-05-17'),(17,'1331400004671','3330300053811','3341500664270','3341500664270','2024-05-17'),(18,'3330300053811','3330300053811','3341500664270','3341500664270','2024-05-17'),(19,'1330100029162','3330300053811','3341500664270','3341500664270','2024-05-17'),(20,'1320700163439','3330300053811','3341500664270','3341500664270','2024-05-17');

--
-- Table structure for table `la_year`
--

CREATE TABLE `la_year` (
  `id` int(11) NOT NULL AUTO_INCREMENT,
  `budget_year` int(11) NOT NULL,
  `year_active` tinyint(1) NOT NULL,
  PRIMARY KEY (`id`),
  UNIQUE KEY `budget_year` (`budget_year`)
) ENGINE=MyISAM AUTO_INCREMENT=12 DEFAULT CHARSET=utf8 COLLATE=utf8_general_ci;

--
-- Dumping data for table `la_year`
--

INSERT INTO `la_year` VALUES (1,2557,0),(2,2558,0),(3,2559,0),(4,2560,0),(5,2561,0),(6,2562,0),(7,2564,0),(8,2565,0),(9,2566,0),(10,2567,0),(11,2568,1);

--
-- Table structure for table `mail_filebook`
--

CREATE TABLE `mail_filebook` (
  `id` int(11) NOT NULL AUTO_INCREMENT,
  `ref_id` varchar(50) NOT NULL,
  `file_name` varchar(100) NOT NULL,
  `file_des` varchar(100) NOT NULL,
  PRIMARY KEY (`id`)
) ENGINE=MyISAM AUTO_INCREMENT=433 DEFAULT CHARSET=utf8 COLLATE=utf8_general_ci;

--
-- Dumping data for table `mail_filebook`
--

INSERT INTO `mail_filebook` VALUES (1,'13411001472121394606009','13411001472121394606009_1.jpg','รูปภาพ'),(4,'33415006873181407486742','33415006873181407486742_1.docx','ปฎิทินนิเทศบุ่งหวาย'),(5,'33415006873181408361755','33415006873181408361755_1.pdf','ไฟล์เอกสาร'),(6,'33415006873181410276404','33415006873181410276404_1.doc','ไฟล์เอกสาร'),(7,'33415006873181410276404','33415006873181410276404_2.doc','ไฟล์เอกสาร1'),(8,'33415006873181433842521','33415006873181433842521_1.docx','แบบรายงานจุดเน้น1-9'),(9,'33415006873181434978198','33415006873181434978198_1.docx','ภาพระบายสี'),(10,'33499002162551435120491','33499002162551435120491_1.doc','ใบรับรองนักเรียน ป.3'),(11,'33499002162551435120603','33499002162551435120603_1.doc','ใบรับรองนักเรียน ป.3'),(12,'33499002162551435121402','33499002162551435121402_1.doc','ใบรับรองนักเรียน ป.3'),(13,'33415006873181435234933','33415006873181435234933_1.docx','วาระการประชุมสภานักเรียน'),(14,'33415006873181435235270','33415006873181435235270_1.doc','ตัวอย่างคำสั่งกิจการสภานักเรียน'),(15,'33415006873181435572779','33415006873181435572779_1.docx','ประกาศกลุ่มฯบุ่งหวาย'),(16,'33415006873181436514299','33415006873181436514299_1.docx','เอกสารแนะนำผู้บริหาร'),(17,'33303007712251437096202','33303007712251437096202_1.docx','รายละเอียดห้องเรียนคุณภาพ'),(18,'33415006873181439970342','33415006873181439970342_1.docx','URL รายงานผลออนไลน์'),(19,'33415006873181441036853','33415006873181441036853_1.docx','ประกาศแข่งขันวิชาการ'),(20,'33415006873181441094206','33415006873181441094206_1.pdf','รายละเอียดกิจกรรมแข่งศิลปหัตถกรรม รร.บ้านโนนบอนฯ'),(21,'33415006873181441356536','33415006873181441356536_1.docx','เกณฑ์ปฐมวัย'),(22,'33415006873181441356536','33415006873181441356536_2.doc','เกณฑ์ปฐมวัย'),(23,'33415006873181441589445','33415006873181441589445_1.docx','งบหน้าสรุปกิจกรรม'),(24,'33415006873181444225230','33415006873181444225230_1.doc','สัญญาจ้าง'),(25,'33415006873181444225230','33415006873181444225230_2.doc','สัญญาจ้าง'),(26,'33415006873181446646764','33415006873181446646764_1.docx','ไฟล์เอกสาร'),(27,'33415006873181447143430','33415006873181447143430_1.docx','นำส่ง'),(28,'33415006873181448961255','33415006873181448961255_1.doc','สูจิบัตรกีฬาสีภายใน'),(29,'33415006873181450166975','33415006873181450166975_1.docx','แผนผังโรงเรียน'),(30,'33415006873181450175130','33415006873181450175130_1.docx','งานพัสดุ'),(31,'33415006873181450260637','33415006873181450260637_1.doc','งานกีฬากลุ่มฯ58'),(32,'33415006873181450260637','33415006873181450260637_2.docx','งานกีฬากลุ่มฯ58'),(33,'33415006873181450260637','33415006873181450260637_3.docx','งานกีฬากลุ่มฯ58'),(34,'33415006873181450432313','33415006873181450432313_1.docx','ผลการแข่งขันสาย ข'),(35,'33415006873181452081225','33415006873181452081225_1.doc','ตัวอย่างคำสั่งลูกเสือ'),(36,'33415006873181455180410','33415006873181455180410_1.docx','กรรมการ o-net'),(37,'33415006873181455182580','33415006873181455182580_1.docx','o-net m.3'),(38,'33415006873181455182580','33415006873181455182580_2.docx','o-net p.6'),(39,'33415006873181458118853','33415006873181458118853_1.docx','ไฟล์เอกสารของบประมาณ'),(40,'33415006873181458123933','33415006873181458123933_1.docx','เกียรติบัตร'),(41,'33415006873181459080221','33415006873181459080221_1.docx','รายงานการประชุม'),(42,'33415006873181459172165','33415006873181459172165_1.docx','ส่งธกส.'),(43,'33415006873181459689168','33415006873181459689168_1.doc','ขอย้ายนักเรียน'),(44,'33303007712251461063494','33303007712251461063494_1.pdf','งาน EDF'),(45,'33303007712251461063494','33303007712251461063494_2.pdf','งาน EDF1'),(46,'33415006873181461335218','33415006873181461335218_1.xls','แบบรายงานการรับนักเรียน'),(47,'33415006873181461543151','33415006873181461543151_1.docx','งาน'),(48,'33415006873181461543151','33415006873181461543151_2.docx','งาน2'),(49,'33415006873181461545661','33415006873181461545661_1.docx','นำส่งรายงานการประชุม'),(50,'33415006873181462165592','33415006873181462165592_1.doc','หนังสือราชการ'),(51,'33415006873181462785389','33415006873181462785389_1.doc','หนังสือขอย้ายนักเรียน'),(52,'33415006873181462884786','33415006873181462884786_1.pdf','ไฟล์งาน'),(53,'33415006873181463537948','33415006873181463537948_1.doc','ขอย้ายนักเรียน'),(54,'33415006873181464047849','33415006873181464047849_1.doc','คำสั่ง'),(55,'33415006873181464048097','33415006873181464048097_1.docx','คำสั่งห่องชัน'),(56,'33415006873181464754473','33415006873181464754473_1.doc','กรรมการสภานักเรียน'),(57,'33415006873181464880955','33415006873181464880955_1.doc','นำส่งอาหารกลางวัน'),(58,'33415006873181466324341','33415006873181466324341_1.docx','การเพาะ'),(60,'33415006873181467621451','33415006873181467621451_1.docx','คำสั่งโรงเรียนดี'),(61,'33415006873181467622222','33415006873181467622222_1.docx','หนังสือส่งมาตรการประหยัดนำ้'),(62,'33415006873181467970146','33415006873181467970146_1.xlsx','จำนวนนักเรียน'),(63,'33415006873181470748030','33415006873181470748030_1.docx','เกียรติบัตรอาเซียน'),(64,'33415006873181470894597','33415006873181470894597_1.docx','กรอกข้อมูล ผอ.'),(65,'33415006873181471419169','33415006873181471419169_1.xlsx','รายชื่อนักเรียน'),(66,'33415006873181471419409','33415006873181471419409_1.xlsx','นักเรียนบุ่งหวาย'),(67,'33415006873181471420616','33415006873181471420616_1.doc','คำสั่ง'),(68,'33415006873181471780396','33415006873181471780396_1.xlsx','แบบกรอกข้อมูลป.1-4'),(69,'33415006873181471780699','33415006873181471780699_1.xls','ส่งสอบ'),(70,'33415006873181471780699','33415006873181471780699_2.xlsx','สอบ1'),(71,'33415006873181472049711','33415006873181472049711_1.doc','เครื่องมือ'),(72,'33415006873181472049711','33415006873181472049711_2.doc','แบบรายงานผล'),(73,'33415006873181472049711','33415006873181472049711_3.doc','แบบรายงานผล1'),(74,'33499002162551472059350','33499002162551472059350_1.xlsx','ส่งงาน'),(75,'33415007125411472286341','33415007125411472286341_1.xlsx','แบบขอจัดตั้ง'),(76,'33415006873181473427870','33415006873181473427870_1.docx','รายชื่อโนนบอน'),(77,'33415006873181473667549','33415006873181473667549_1.docx','รายการแข่งขันรร.ห่องชัน'),(78,'33415006873181473690021','33415006873181473690021_1.doc','เกณฑ์การให้คะแนนปฐมวัย'),(79,'33415006873181473811716','33415006873181473811716_1.docx','ภาพ'),(80,'33415006873181473866366','33415006873181473866366_1.docx','kkk'),(81,'33415006873181473866366','33415006873181473866366_2.docx','kkk1'),(82,'33415006873181473926777','33415006873181473926777_1.docx','เกียรติบัตรอนุบาล'),(83,'33303007712251474098675','33303007712251474098675_1.docx','ประกาศศิลปะหัตกรรมครั้งที่  66'),(84,'33415007125411474175514','33415007125411474175514_1.jpg','เครื่องร่อน'),(85,'33415007125411474175706','33415007125411474175706_2.jpg','รูป1'),(86,'33415007125411474175706','33415007125411474175706_3.jpg','ูรูป2'),(87,'33415007125411474175957','33415007125411474175957_1.jpg','รูปโล่'),(88,'33415007125411474175957','33415007125411474175957_2.jpg','รูปโล่1'),(89,'33415007125411474175957','33415007125411474175957_3.jpg','รูปโล่2'),(90,'33415007125411474175957','33415007125411474175957_4.jpg','รูปโล่3'),(91,'33415007125411474175957','33415007125411474175957_5.jpg','รูปโล่4'),(92,'33415006873181474177809','33415006873181474177809_1.doc','แบบประเมินผอ.'),(93,'33415006873181474180698','33415006873181474180698_1.docx','งาน'),(94,'33415006873181474365905','33415006873181474365905_1.docx','เกียรติบัตร'),(95,'33415006873181474365905','33415006873181474365905_2.docx','เกียรติบัตร1'),(96,'33415006873181474365905','33415006873181474365905_3.docx','เกียรติบัตร2'),(97,'33415006873181474984374','33415006873181474984374_1.doc','คำสั่งการอ่านการเขียน ป.1'),(98,'33415006873181475138009','33415006873181475138009_1.xlsx','คะแนนการอ่านการเขียนป.1'),(99,'33415006873181475379601','33415006873181475379601_1.doc','เกียรติบัตรดอนชาด'),(100,'33415006873181475625604','33415006873181475625604_1.doc','สัญญาจ้าง'),(101,'33415006873181475625604','33415006873181475625604_2.doc','สัญญาจ้างธุรการ'),(102,'33415006873181477960146','33415006873181477960146_1.docx','สันแฟ้ม'),(103,'33415006873181479167117','33415006873181479167117_1.docx','ใบอนูุโมทนาบัตร'),(104,'33415006873181479196634','33415006873181479196634_1.doc','บันทึกข้อความ'),(105,'33415006873181479442294','33415006873181479442294_1.xlsx','รายชื่อนักเรียน'),(106,'33415006873181479457062','33415006873181479457062_1.docx','คะแนนภาค ข'),(107,'33415006873181479906830','33415006873181479906830_1.doc','งาน'),(108,'33415006873181480643627','33415006873181480643627_1.xlsx','งานบุคลากร'),(109,'33415006873181480934659','33415006873181480934659_1.doc','หนังสือแจ้งหยุดเรียน'),(110,'33498000591661481079149','33498000591661481079149_1.docx','งาน'),(111,'33415006873181481094567','33415006873181481094567_1.docx','สูจิบัตรกีฑา'),(112,'33304009585051481099928','33304009585051481099928_1.docx','การเงินก้อย'),(113,'33304009585051481099928','33304009585051481099928_2.docx','1'),(114,'33304009585051481099928','33304009585051481099928_3.doc','2'),(115,'33304009585051481099928','33304009585051481099928_4.doc','3'),(116,'33304009585051481099928','33304009585051481099928_5.docx','4'),(117,'33304009585051481099928','33304009585051481099928_1.docx','การเงินก้อย'),(118,'33304009585051481099928','33304009585051481099928_2.docx','1'),(119,'33304009585051481099928','33304009585051481099928_3.doc','2'),(120,'33304009585051481099928','33304009585051481099928_4.doc','3'),(121,'33304009585051481099928','33304009585051481099928_5.docx','4'),(126,'33415006873181482228373','33415006873181482228373_1.doc','คำสั่งกลุ่มสอบPre O-Net'),(125,'33415006873181481621352','33415006873181481621352_1.doc','หนังสือแจ้งหยุดเรียน'),(127,'33415006873181482228373','33415006873181482228373_2.docx','ประวัตินักกีฬา'),(128,'33415006873181482716122','33415006873181482716122_1.doc','แบบฟอร์มใบลา'),(129,'33415006873181482716122','33415006873181482716122_2.doc','แบบที่2'),(130,'33415006873181482734217','33415006873181482734217_1.xlsx','คะแนน O-Net ห่องชัน 2'),(131,'33415006873181482829318','33415006873181482829318_1.xlsx','คะแนน Pre O-Net ครั้งที่ 1'),(132,'33415006873181482829318','33415006873181482829318_2.xlsx','คะแนน Pre O-Net ครั้งที่ 2'),(133,'33415006873181483591602','33415006873181483591602_1.docx','หนังสือส่ง ICU'),(134,'33415006873181483843136','33415006873181483843136_1.jpg','รูป'),(135,'33415006873181483881032','33415006873181483881032_1.docx','งาน'),(136,'33415006873181483882313','33415006873181483882313_1.xlsx','ผลการสอบบุ่งหวาย'),(137,'33415006873181484120019','33415006873181484120019_1.docx','คำสั่งวันเด็ก'),(138,'33303002360361484636123','33303002360361484636123_1.docx','แบบนิเทศติดตามการจัดกิจกรรมการสอนภาษาอังกฤษ  ระดับชั้น ป.1-3 สำนักงานเขตพื้นที่การศึกษาประถมศึกษาอุบ'),(139,'33415006873181484641786','33415006873181484641786_1.docx','ประกาศรับนักเรียน 2560'),(140,'33415006873181484747817','33415006873181484747817_1.docx','หนังสือขอบคุณ'),(141,'33415006873181486103855','33415006873181486103855_1.docx','คำสั่งลูกเสือ'),(142,'33415006873181486108785','33415006873181486108785_1.docx','หนังสือแจ้งหยุดเรียน'),(143,'33415006873181487551460','33415006873181487551460_1.doc','ประกาศกลุ่มบุ่งหวาย'),(144,'33415006873181488184014','33415006873181488184014_1.docx','คำสั่ง'),(145,'33415006873181488186419','33415006873181488186419_1.docx','คำสั่ง'),(146,'33415006873181488431015','33415006873181488431015_1.xlsx','ข้อมูลนักเรียน'),(147,'33415006873181488878572','33415006873181488878572_1.docx','คำสั่ง'),(148,'33415006873181489498252','33415006873181489498252_1.xlsx','โปรแกรมประมวลLASป.2'),(149,'33415006873181489498252','33415006873181489498252_2.xlsx','โปรแกรมประมวลLASป.4'),(150,'33415006873181489498252','33415006873181489498252_3.xlsx','โปรแกรมประมวลLASป.5'),(151,'33415006873181489498329','33415006873181489498329_1.xlsx','แบบบันทึกคะแนนLASป.2'),(152,'33415006873181489498329','33415006873181489498329_2.xlsx','แบบบันทึกคะแนนLASป.4'),(153,'33415006873181489498329','33415006873181489498329_3.xlsx','แบบบันทึกคะแนนLASป.5'),(154,'33415006873181489669443','33415006873181489669443_1.docx','หนังสือประเมินอนุบาล'),(156,'33415006873181489670259','33415006873181489670259_1.xlsx','ข่อมูลนักเรียนรายบุคคล'),(157,'33415006873181490495430','33415006873181490495430_1.doc','หนังสือขอย้ายนักเรียน'),(158,'33415006873181490576354','33415006873181490576354_1.docx','ปกสมุด'),(159,'33415006873181490683839','33415006873181490683839_1.doc','หนังสือขอย้ายนักเรียน'),(160,'33415006873181494988686','33415006873181494988686_1.doc','บันทึกข้อความ'),(161,'33415006873181495148509','33415006873181495148509_1.docx','หนังสือขอบคุณ'),(162,'33415006873181496211512','33415006873181496211512_1.docx','ใบอนูุโมทนาบัตร'),(163,'33415006873181496211512','33415006873181496211512_1.docx','ใบอนูุโมทนาบัตร'),(164,'33415006873181497395151','33415006873181497395151_1.doc','นำส่งSAR'),(165,'33415006873181497441402','33415006873181497441402_1.xlsx','ส่งรายชื่อนักเรียน'),(166,'33415006873181497930949','33415006873181497930949_1.docx','คำสั่ง'),(167,'33415006873181497931510','33415006873181497931510_1.docx','สันแฟ้ม'),(168,'33415006873181497931510','33415006873181497931510_1.docx','สันแฟ้ม'),(169,'33415006873181497942795','33415006873181497942795_1.docx','คำสั่ง'),(170,'33415006873181498191707','33415006873181498191707_1.docx','คำสั่งห่องชัน'),(171,'33415006873181499057786','33415006873181499057786_1.docx','คำสั่งห่องชัน'),(172,'33415006873181499164057','33415006873181499164057_1.docx','หนังสือรับรองเงินเดือน'),(173,'33415006873181501987316','33415006873181501987316_1.docx','คำสั่ง'),(174,'33415006873181502159767','33415006873181502159767_1.docx','คำสั่งโรงเรียนหกศูนย์'),(175,'33415006873181502375264','33415006873181502375264_1.docx','เกียรติบัตร'),(176,'33415006873181502621253','33415006873181502621253_1.docx','งานส่งพลังงาน'),(177,'33415006873181502621253','33415006873181502621253_2.pdf','งานpdf'),(178,'33415006873181502621253','33415006873181502621253_3.docx','งานส่งพลังงาน1'),(179,'33415006873181502624627','33415006873181502624627_1.docx','งาน'),(180,'33415006873181502886513','33415006873181502886513_1.docx','หนังสือขออนุญาต'),(181,'33415006873181509422715','33415006873181509422715_1.xlsx','ข้อมูลนักเรียน'),(182,'33415006873181510133361','33415006873181510133361_1.xlsx','งานส่ง สพฐ.'),(183,'33499002162551512526496','33499002162551512526496_1.docx','บัญชีลงเวลา'),(184,'33415006873181513591954','33415006873181513591954_1.docx','งานกลุ่ม60'),(185,'33415006873181513591954','33415006873181513591954_2.doc','2'),(186,'33415006873181515477378','33415006873181515477378_1.docx','กีฬากลุ่ม'),(187,'33415006873181540943174','33415006873181540943174_1.docx','บันทึกข้อความ'),(188,'33415006873181541306362','33415006873181541306362_2.docx','สันแฟ้ม1'),(189,'33499001318451541489957','33499001318451541489957_1.docx','งน้ำหนักส่วนสูง'),(190,'33415006873181541512633','33415006873181541512633_1.doc','สัญญาจ้างธุรการ'),(191,'33404005843461542093358','33404005843461542093358_1.doc','การตรวจสอบพัสดุประจำปี2561'),(192,'33415006873181542700198','33415006873181542700198_1.xlsx','รายชื่อนักกีฬาแต่ละคณะสี'),(193,'33415006873181542763242','33415006873181542763242_1.docx','สูจิบัตรกีฬา'),(194,'33415006873181542763242','33415006873181542763242_3.doc','สูจิบัตรกีฬา'),(195,'33415006873181542763242','33415006873181542763242_4.doc','สูจิบัตรกีฬา'),(196,'33415006873181542763242','33415006873181542763242_5.docx','สูจิบัตรกีฬา'),(197,'33415006873181542851026','33415006873181542851026_1.doc','ข้อสอบ ป.4'),(198,'33415006873181542851026','33415006873181542851026_2.doc','ข้อสอบป.4/1'),(199,'33415006873181543386827','33415006873181543386827_1.xlsx','ข้อมูลนักเรียนอ.1 - ป.6'),(200,'33404005843461543459979','33404005843461543459979_1.docx','จัดจ้าง'),(201,'33404005843461543459979','33404005843461543459979_2.docx','ตัวอย่างจัดจ้าง'),(202,'33404005843461543459979','33404005843461543459979_3.docx','จัดซื้อ'),(203,'33404005843461543459979','33404005843461543459979_5.docx','เงินทุนหมุนเวียน'),(204,'33404005843461543460297','33404005843461543460297_1.docx','ตัวอย่างจัดซื้อ'),(205,'33404005843461543460297','33404005843461543460297_2.docx','ตัวอย่างจัดจ้าง'),(206,'33415006873181544595579','33415006873181544595579_1.xlsx','จำนวนนักเรียน'),(207,'33499001318451545059299','33499001318451545059299_1.docx','รายงานยาเสพติด'),(208,'33499001318451545109323','33499001318451545109323_1.docx','การนำเข้าข้อมูลกำลังพลผู้ปฏิบัติงานด้านยาเสพติดประจำปีงบประมาณ  2561'),(209,'33415006873181545704642','33415006873181545704642_1.docx','หนังสือขออนุญาตเข้าชมพิพิธภัณฑ์'),(210,'33415006873181545704642','33415006873181545704642_2.docx','หนังสือเข้าชมสวนสมเด็จ'),(211,'33415006873181546419011','33415006873181546419011_1.docx','แบบฟอร์มบันทึกข้อความ'),(212,'33303007712251546501231','33303007712251546501231_1.docx','เอกสาร'),(213,'33415006873181546590867','33415006873181546590867_1.docx','เอกสารแก้ไข'),(214,'33415006873181546996644','33415006873181546996644_1.docx','ซองจดหมาย'),(215,'33415006873181547798042','33415006873181547798042_1.docx','ซองจดหมาย'),(216,'33415006873181548122921','33415006873181548122921_1.xlsx','แบบกรอกคะแนนวิทย์ฯ'),(217,'13407004340761548125880','13407004340761548125880_1.xlsx','แบบกรอกคะแนน'),(218,'33415006873181549502992','33415006873181549502992_1.doc','แบบคำร้องขอย้ายนักเรียน'),(219,'13407004340761550628590','13407004340761550628590_1.docx','โครงการประชารัฐ'),(220,'33415006873181550633916','33415006873181550633916_1.docx','โครงการประชารัฐ'),(221,'33415006873181550645807','33415006873181550645807_1.docx','โครงการประชารัฐ  แก้ไข'),(222,'33415006873181550831839','33415006873181550831839_1.docx','โครงการวิทยาศาสตร์พาเพลิน'),(223,'33415006873181551152043','33415006873181551152043_1.docx','แผนงานบริหารโรงเรียน'),(224,'33415007125411551426109','33415007125411551426109_1.xls','งานครูนก'),(225,'33415006873181552018648','33415006873181552018648_1.pdf','เฉลยข้อสอบ ป.2'),(226,'33415006873181552018648','33415006873181552018648_2.pdf','เฉลยข้อสอบ ป.2'),(227,'33415006873181552018648','33415006873181552018648_3.pdf','เฉลยข้อสอบ ป.2'),(228,'33415006873181552018903','33415006873181552018903_1.pdf','เฉลยข้อสอบ ป.4'),(229,'33415006873181552018903','33415006873181552018903_2.pdf','เฉลยข้อสอบ ป.4'),(230,'33415006873181552018903','33415006873181552018903_3.pdf','เฉลยข้อสอบ ป.4'),(231,'33415006873181552018903','33415006873181552018903_4.pdf','เฉลยข้อสอบ ป.4'),(232,'33415006873181552018972','33415006873181552018972_1.pdf','เฉลยข้อสอบ ป.2  ภาษาอังกฤษ'),(233,'33415006873181552019020','33415006873181552019020_1.pdf','เฉลยข้อสอบ ป.5'),(234,'33415006873181552019020','33415006873181552019020_2.pdf','เฉลยข้อสอบ ป.5'),(235,'33415006873181552019020','33415006873181552019020_3.pdf','เฉลยข้อสอบ ป.5'),(236,'33415006873181552019020','33415006873181552019020_4.pdf','เฉลยข้อสอบ ป.5'),(237,'33415006873181552287202','33415006873181552287202_1.xlsx','รายชื่อนักเรียนป.1-6'),(238,'33415006873181553069531','33415006873181553069531_1.xlsx','คณิต'),(239,'33415006873181553069531','33415006873181553069531_2.xlsx','ภาษาไทย'),(240,'33415006873181553069531','33415006873181553069531_3.xlsx','ภาษาอังกฤษ'),(241,'33415006873181553069531','33415006873181553069531_4.xlsx','วิทยาศาสตร์'),(242,'33415006873181553069668','33415006873181553069668_1.xlsx','คณิต'),(243,'33415006873181553069668','33415006873181553069668_2.xlsx','ภาษาไทย'),(244,'33415006873181553069668','33415006873181553069668_3.xlsx','ภาษาอังกฤษ'),(245,'33415006873181553069668','33415006873181553069668_4.xlsx','วิทยาศาสตร์'),(246,'33415006873181553069761','33415006873181553069761_1.xlsx','คณิต'),(247,'33415006873181553069761','33415006873181553069761_2.xlsx','ภาษาไทย'),(248,'33415006873181553069761','33415006873181553069761_3.xlsx','ภาษาอังกฤษ'),(249,'33415006873181553069761','33415006873181553069761_4.xlsx','วิทยาศาสตร์'),(250,'33415006873181553305327','33415006873181553305327_1.pdf','1'),(251,'33415006873181553305327','33415006873181553305327_2.pdf','2'),(252,'33415006873181553305327','33415006873181553305327_3.pdf','3'),(253,'33415006873181553305327','33415006873181553305327_4.pdf','4'),(254,'33415006873181553480653','33415006873181553480653_1.xlsx','คณิต'),(255,'33415006873181553480653','33415006873181553480653_2.xlsx','ภาษาไทย'),(256,'33415006873181553480653','33415006873181553480653_3.xlsx','ภาษาอังกฤษ'),(257,'33415006873181553480653','33415006873181553480653_4.xlsx','วิทยาศาสตร์'),(258,'33415006873181554610796','33415006873181554610796_1.docx','แผน รร.2561'),(259,'33415006873181554797086','33415006873181554797086_1.docx','SAR ครู'),(260,'33415006873181555994219','33415006873181555994219_1.docx','งานพัสดุใหม่'),(261,'33415006873181555994219','33415006873181555994219_2.docx','งานพัสดุใหม่'),(262,'33415006873181555994219','33415006873181555994219_3.docx','งานพัสดุใหม่'),(263,'33415006873181555994219','33415006873181555994219_4.docx','งานพัสดุใหม่'),(264,'33415006873181555994219','33415006873181555994219_5.docx','งานพัสดุใหม่'),(265,'33415006873181555994340','33415006873181555994340_1.docx','งานพัสดุใหม่'),(266,'33415006873181555994340','33415006873181555994340_2.docx','งานพัสดุใหม่'),(267,'33415006873181557545787','33415006873181557545787_1.doc','สัญญาจ้าง'),(268,'33415006873181557811072','33415006873181557811072_1.xlsx','จำนวนนักเรียน ภาคเรียนที่ 1 ปีการศึกษา 2562'),(269,'33415006873181557971660','33415006873181557971660_1.xlsx','ข้อมูลนักเรียน'),(270,'33415006873181558310969','33415006873181558310969_1.doc','Job'),(271,'33415006873181558312140','33415006873181558312140_1.doc','คำสั่งรับสมัครแม่ครัว'),(272,'33415006873181559207334','33415006873181559207334_1.docx','แฟ้มอนุบาล'),(273,'33415006873181559287849','33415006873181559287849_1.docx','แบบวิเคราะห์นักเรียนรายบุคคล'),(274,'33415006873181559788626','33415006873181559788626_1.docx','SAR โรงเรียน(คำนำ)'),(275,'33415006873181559788626','33415006873181559788626_2.docx','SAR โรงเรียน(ภาคผนวก)'),(276,'33415006873181559788626','33415006873181559788626_3.docx','SAR โรงเรียน'),(277,'33415006873181560486848','33415006873181560486848_1.docx','พ.18 และ พ.20 ครูเต'),(278,'33415006873181560486848','33415006873181560486848_2.doc','ร้านลัคกี้'),(279,'33415006873181560486848','33415006873181560486848_3.doc','บริษัทดูโฮม'),(280,'33415006873181560500376','33415006873181560500376_1.docx','จัดซื้ออนุบาล'),(281,'33415006873181560500376','33415006873181560500376_2.doc','พ.18'),(282,'33415006873181560500376','33415006873181560500376_3.doc','พ.18'),(283,'33415006873181560500520','33415006873181560500520_1.docx','จัดซื้ออนุบาล (อุบลวัสดุ)'),(284,'33415006873181560740535','33415006873181560740535_1.pdf','นำส่งอัตรากำลัง'),(289,'33415006873181560928699','33415006873181560928699_1.docx','ซื้ออุบลวัสดุ (4900)'),(290,'33415006873181560928699','33415006873181560928699_2.doc','พ.18(จ่ายให้ครูก้อย)'),(291,'33415006873181560930469','33415006873181560930469_1.docx','ซื้ออุบลวัสดุ (1500)'),(292,'33415006873181560930469','33415006873181560930469_2.doc','พ.18'),(293,'33415006873181560930513','33415006873181560930513_1.docx','ซื้ออุบลวัสดุ (1008)'),(294,'33415006873181560930513','33415006873181560930513_2.doc','พ.18'),(295,'33415006873181560934612','33415006873181560934612_1.docx','ซื้อหจก.อุบลวิทยาคาร'),(296,'33415006873181560934612','33415006873181560934612_2.doc','พ.18'),(297,'33415006873181561003378','33415006873181561003378_1.docx','จัดซื้อร้านลาวัลย์ดอกไม้สด'),(298,'33415006873181561003378','33415006873181561003378_2.doc','พ.18'),(299,'33415006873181561005255','33415006873181561005255_1.docx','จัดซื้อหจก.ต.คอมพิวเตอร์เซอร์วิส'),(300,'33415006873181561005255','33415006873181561005255_2.doc','พ.18'),(301,'33415006873181561014934','33415006873181561014934_1.docx','จัดจ้างร้านHappy ก๊อปปี้'),(302,'33415006873181561014995','33415006873181561014995_1.docx','จัดจ้างถ่ายเอกสารข้อสอบ NT ป.3'),(303,'33415006873181562127310','33415006873181562127310_1.xlsx','ป.1'),(304,'33415006873181562127310','33415006873181562127310_2.xlsx','ป.2'),(305,'33415006873181562127310','33415006873181562127310_3.xlsx','ป.3'),(306,'33415006873181562127310','33415006873181562127310_4.xlsx','ป.4'),(307,'33415006873181562127310','33415006873181562127310_5.xlsx','ป.5'),(308,'33415006873181562127431','33415006873181562127431_1.xlsx','ป.6'),(309,'33415006873181564730900','33415006873181564730900_1.docx','แบบกรอกประวัติ'),(310,'33499001318451564989235','33499001318451564989235_1.docx','ส่งประวัติ'),(311,'33415006873181566614571','33415006873181566614571_1.pdf','แบบทดสอบการลบ'),(312,'33415006873181566717822','33415006873181566717822_1.docx','รายการแข่งขัน'),(313,'33415006873181574999715','33415006873181574999715_1.docx','ซองเรียน'),(314,'33415006873181576137088','33415006873181576137088_1.docx','ส่งจัดซื้อจัดจ้างแสงถาวร'),(315,'33415006873181576137088','33415006873181576137088_2.docx','จัดซื้อจัดจ้างร้านคอนโทรคอมพ์'),(316,'33415006873181576137088','33415006873181576137088_3.docx','จัดซื้อร้านลัคคกี้เครื่องเขียน'),(317,'33415006873181576137088','33415006873181576137088_4.doc','พ.18ร้านลัคกี้'),(318,'33304009585051578899772','33304009585051578899772_1.docx','อนุบาล63'),(320,'33415006873181579752720','33415006873181579752720_1.docx','เอกสารจัดซื้อบริษัทดูโฮม'),(321,'33415006873181579753601','33415006873181579753601_1.docx','จัดซ้อห้างเชิญชมผ้าม่าน'),(322,'33415006873181579766154','33415006873181579766154_1.docx','จัดซื้อรวมสินไทยเซ็นเตอร์'),(323,'33415006873181580099606','33415006873181580099606_1.docx','ส่งเอกสารจัดซื้อ'),(324,'33415006873181580099606','33415006873181580099606_2.docx','ส่งเอกสารจัดซื้อ'),(325,'33415006873181580099606','33415006873181580099606_3.docx','ส่งเอกสารจัดซื้อ'),(326,'33415006873181581929371','33415006873181581929371_1.docx','พ.18และพ.20 ของครูเต'),(327,'33415006873181587700348','33415006873181587700348_1.jpg','ปกงาน'),(328,'33415006873181587700348','33415006873181587700348_2.png','ปกงาน2'),(329,'33415006873181587700348','33415006873181587700348_3.jpg','ปกงาน3'),(330,'33415006873181587700600','33415006873181587700600_1.jpg','พื้นหลัง'),(331,'33415006873181587700600','33415006873181587700600_2.jpg','พื้นหลัง2'),(332,'33415006873181587700600','33415006873181587700600_3.png','พื้นหลัง3'),(333,'33415006873181587716164','33415006873181587716164_1.docx','ปกแผน'),(334,'33415006873181587717234','33415006873181587717234_1.docx','ปกแผนใหม่'),(335,'33415006873181591076809','33415006873181591076809_1.docx','จัดซื้อร้านผ้าม่าน'),(336,'33415006873181591076809','33415006873181591076809_2.docx','จัดจ้างร้านบุ่งหวายโฆษณา'),(337,'33407003887391591084291','33407003887391591084291_1.docx','ซื้อร้านเยาวภาฯ'),(339,'33415006873181591680098','33415006873181591680098_1.docx','จัดจ้างบุ่งหวายโฆษณา2'),(340,'33415006873181591680098','33415006873181591680098_2.docx','จัดจ้างบุ่งหวายโฆษณา3'),(341,'33415006873181591680098','33415006873181591680098_3.docx','จัดจ้างบุ่งหวายโฆษณา4'),(342,'33415006873181591691878','33415006873181591691878_1.docx','จัดซื้อร้านพีแอนด์พี'),(343,'33415006873181591691878','33415006873181591691878_1.docx','จัดซื้อร้านพีแอนด์พี'),(344,'33415006873181597134018','33415006873181597134018_1.docx','ไฟล์เอกสาร'),(345,'33415006873181599028100','33415006873181599028100_1.pdf','คู่มือการพัฒนาโรงเรียนคุณธรรมม'),(346,'33415006873181600063128','33415006873181600063128_1.docx','งานจัดซื้อดูโฮม'),(347,'33415006873181604376340','33415006873181604376340_1.xls','รายชื่อสอบธรรมศึกษาชั้นตรีปี62'),(348,'33415006873181604376340','33415006873181604376340_2.xls','รายชื่อสอบธรรมศึกษาชั้นโทปี62'),(349,'33415006873181604376340','33415006873181604376340_3.xls','รายชื่อสอบธรรมศึกษาชั้นเอกปี62'),(365,'33415006873181604644589','33415006873181604644589_1.docx','ผลการทดสอบอนุบาล'),(364,'33415006873181604455410','33415006873181604455410_1.xlsx','รายชื่อนักเรียนปี63'),(361,'33415006873181604385928','33415006873181604385928_1.xls','สอบธรรมศึกษา63 (ตรี)'),(362,'33415006873181604385928','33415006873181604385928_2.xls','สอบธรรมศึกษา63(โท)'),(363,'33415006873181604385928','33415006873181604385928_3.xls','สอบธรรมศึกษา63 (เอก)'),(366,'33415006873181606628869','33415006873181606628869_1.docx','ร้านอีฟผ้าม่าน'),(367,'33415006873181606628869','33415006873181606628869_2.docx','หจก.ลัคกี้เครื่องเขียน'),(368,'33415006873181606628869','33415006873181606628869_3.docx','หจก.ลัคกี้เครื่องเขียน2'),(369,'33415006873181606628869','33415006873181606628869_4.docx','หจก.ไอคิว'),(370,'33415006873181606628869','33415006873181606628869_5.docx','หจก.อุบลวิทยาคาร'),(371,'33415006873181606965778','33415006873181606965778_1.docx','จัดจ้างทำมุ้งลวดอนุบาล'),(372,'33415006873181611039891','33415006873181611039891_1.docx','งานพัสดุ  จัดซื้ออุบลวิทยาคาร'),(373,'33415006873181611039891','33415006873181611039891_2.docx','งานพัสดุ  จัดจัดจ้างบุ่งหวายโฆษณา'),(374,'33415006873181611039891','33415006873181611039891_3.docx','งานพัสดุ  จัดจัดจ้างพีแอนด์พี'),(375,'33415006873181611039891','33415006873181611039891_4.docx','งานพัสดุ  จัดจัดจ้างไดโนคอมฯ'),(376,'33415006873181611812238','33415006873181611812238_1.xlsx','รายการหนังสือเรียน'),(377,'33415006873181612146804','33415006873181612146804_1.docx','ห้องเรียนคุณภาพ'),(378,'33415006873181612164463','33415006873181612164463_1.docx','หนังสือราชการ'),(379,'33415006873181612247256','33415006873181612247256_1.doc','ประกาศรับนักเรียน'),(380,'33415006873181613453980','33415006873181613453980_1.docx','พ.18,พ20 หนังสือเรียนอ.2'),(381,'33415006873181613453980','33415006873181613453980_2.docx','พ.18,พ20 หนังสือเรียนอ.3'),(382,'33415006873181613453980','33415006873181613453980_3.docx','พ.18,พ20 หนังสือเรียนป.1'),(383,'33415006873181613453980','33415006873181613453980_4.docx','พ.18,พ20 หนังสือเรียนป.2'),(384,'33415006873181613453980','33415006873181613453980_5.docx','พ.18,พ20 หนังสือเรียนป.3'),(396,'33415006873181615859215','33415006873181615859215_2.docx','พ.18,พ20 หนังสือเรียน ป.6 (แก้ไข)'),(395,'33415006873181615859215','33415006873181615859215_1.docx','พ.18,พ20 หนังสือเรียน ป.5 (แก้ไข)'),(394,'33415006873181614922045','33415006873181614922045_3.docx','พ.18,พ20 หนังสือเรียนป.6'),(393,'33415006873181614922045','33415006873181614922045_2.docx','พ.18,พ20 หนังสือเรียนป.5'),(392,'33415006873181614922045','33415006873181614922045_1.docx','พ.18,พ20 หนังสือเรียนป.4'),(391,'33415006873181613632090','33415006873181613632090_1.docx','ใบงาน'),(397,'33415006873181624253191','33415006873181624253191_1.docx','ส่งงานจัดซื้อไอคิว'),(398,'33415006873181624253191','33415006873181624253191_2.docx','ส่งงานจัดซื้อไอคิว2'),(399,'33415006873181624253191','33415006873181624253191_3.docx','ส่งงานจัดซื้อลัคกี้'),(400,'33415006873181624253191','33415006873181624253191_4.docx','ส่งงานจัดซื้อวิทยาคาร'),(401,'33415006873181624434898','33415006873181624434898_1.docx','จัดซื้อหจก.พี.ซี เนทฯ'),(402,'33415006873181624595262','33415006873181624595262_1.docx','งานจัดจ้างบุ่งหวายโฆษณา'),(403,'33415006873181624595262','33415006873181624595262_2.docx','ร้านพีแอนด์พี'),(404,'33415006873181624595262','33415006873181624595262_3.docx','ร้านแฮปปี้ก๊อปปี้'),(405,'33415006873181625026728','33415006873181625026728_1.docx','งานจัดจ้างแต่งหน้า'),(406,'33415006873181625026728','33415006873181625026728_2.docx','งานจัดจ้างทำอาหาร'),(407,'33415006873181625026728','33415006873181625026728_3.docx','งานจัดจ้างร้านชัยชนะ'),(408,'33415006873181625026728','33415006873181625026728_4.docx','งานจัดจ้างพีแอนด์พี'),(409,'33415006873181627624000','33415006873181627624000_1.docx','งานจัดจ้างนายไพวัล'),(410,'33415006873181627624000','33415006873181627624000_2.docx','งานจัดจ้างร้านแฮปปี้1'),(411,'33415006873181627624000','33415006873181627624000_3.docx','งานจัดจ้างร้านวีณชัยเซอร์วิส'),(412,'33415006873181627626911','33415006873181627626911_1.docx','ส่งงานจัดจ้างร้านแฮปปี้ ก๊อบปี้2'),(413,'33415006873181627626911','33415006873181627626911_2.docx','ส่งงานจัดจ้างร้านพีแอนด์พี1'),(414,'33415006873181628496997','33415006873181628496997_1.xlsx','รายชื่อนักเรียน64'),(415,'33415006873181629781765','33415006873181629781765_1.docx','จัดซื้ออุบลกิจออฟเซทฯ'),(416,'33415006873181629781765','33415006873181629781765_2.docx','จัดซื้ออุบลกิจออฟเซทฯ'),(417,'33415006873181646184754','33415006873181646184754_1.pdf','เอกสาร'),(418,'33415006873181646184754','33415006873181646184754_2.pdf','เอกสาร'),(419,'33415006873181646276132','33415006873181646276132_1.jpg','เอกสาร'),(420,'33415006873181646276132','33415006873181646276132_2.pdf','เอกสาร'),(421,'33415006873181646276132','33415006873181646276132_3.pdf','เอกสาร'),(422,'33415006873181666255568','33415006873181666255568_1.docx','ไฟล์เอกสาร'),(423,'33415006873181666947384','33415006873181666947384_1.docx','ไฟล์เอกสาร'),(424,'33415006873181666947384','33415006873181666947384_2.docx','ไฟล์เอกสาร'),(425,'33415006873181666947384','33415006873181666947384_3.docx','ไฟล์เอกสาร '),(426,'33415006873181666947384','33415006873181666947384_4.docx','ไฟล์เอกสาร'),(427,'33415006873181667228272','33415006873181667228272_1.docx','จัดซื้อ1'),(428,'33415006873181667228272','33415006873181667228272_2.docx','จัดซื้อ2'),(429,'33415006873181667228272','33415006873181667228272_3.docx','จัดซื้อ3'),(430,'33415006873181667228402','33415006873181667228402_1.docx','ัจัดซื้อ4'),(431,'33404005843461667229055','33404005843461667229055_1.docx','จัดซื้อ1'),(432,'13207001634391688700829','13207001634391688700829_1.pdf','ใบสมัคร');

--
-- Table structure for table `mail_group`
--

CREATE TABLE `mail_group` (
  `grp_id` int(11) NOT NULL AUTO_INCREMENT,
  `grp_name` varchar(50) NOT NULL,
  PRIMARY KEY (`grp_id`)
) ENGINE=MyISAM DEFAULT CHARSET=utf8 COLLATE=utf8_general_ci;

--
-- Dumping data for table `mail_group`
--


--
-- Table structure for table `mail_group_member`
--

CREATE TABLE `mail_group_member` (
  `id` int(11) NOT NULL AUTO_INCREMENT,
  `grp_id` int(11) NOT NULL,
  `person_id` varchar(13) NOT NULL,
  PRIMARY KEY (`id`)
) ENGINE=MyISAM DEFAULT CHARSET=utf8 COLLATE=utf8_general_ci;

--
-- Dumping data for table `mail_group_member`
--


--
-- Table structure for table `mail_main`
--

CREATE TABLE `mail_main` (
  `ms_id` int(11) NOT NULL AUTO_INCREMENT,
  `sender` varchar(13) NOT NULL,
  `subject` varchar(150) NOT NULL,
  `detail` text DEFAULT NULL,
  `ref_id` varchar(50) NOT NULL,
  `send_date` datetime NOT NULL,
  PRIMARY KEY (`ms_id`),
  KEY `ref_id` (`ref_id`)
) ENGINE=MyISAM AUTO_INCREMENT=386 DEFAULT CHARSET=utf8 COLLATE=utf8_general_ci;

--
-- Dumping data for table `mail_main`
--

INSERT INTO `mail_main` VALUES (1,'3341500712541','การอบรมปฎิบัติการใช้โปรแกรมระบบ smss','การอบรมปฎิบัติการใช้โปรแกรมระบบ สนับสนุนการบริหารจัดการของสถานศึกษา smss รุ่นที่ 3 ณ โรงเรียนบ้านหนองสองห้อง วันที่ 12-13 มีนาคม 2557','33415007125411394605938','2014-03-12 13:37:18'),(2,'3349900216271','การอบรมปฎิบัติการใช้โปรแกรมระบบสนับสนุนการบริหารจัดการของสถานศึกษา SMSS',' วันนี้มาอบรมการใช้ระบบSMSSท่ีโรงเรียนบ้านหนองสองห้อง ทุกคนสู้ๆนะคะ','33499002162711394605936','2014-03-12 13:37:18'),(3,'3340400584346','การอบรมโปรแกรม  smss','การอบรมปฎิบัติการใช้โปรแกรมระบบสนับสนุนการบริหารจัดการของสถานศึกษา  ประจำปี  2557  รุ่นที่  3 วันที่ 12- 13  มีนาคม  2557','33404005843461394605920','2014-03-12 13:37:33'),(4,'3349900216255','การอบรมปฏิบัติการใช้โปรแกรม SMSS','การอบรมปฏิบัติการใช้โปรแกรม ระบบสนับสนุนการบริหารจัดการของสถานศึกษา ที่โรงเรียนบ้านหนองสองห้อง ในวันที่ 12-13  มีนาคม 2557  ขับรถมาแบบไกล ถามมาสุดทางเลย','33499002162551394605943','2014-03-12 13:38:36'),(5,'3349900301082','การอบรมปฏิบัติการใช้โปรแกรมระบบสนับสนุนการบริหารจัดการสถานศึกษา','     การอบรมในวันนี้ทำให้เราได้ความรู้มากมายสามารถเขียนจดหมายในเครื่องได้','33499003010821394606113','2014-03-12 13:39:11'),(6,'3341500664172','การอบรมโปรแกรม smss','การอบรมปฏิบัติการใช้โปรแกรมระบบสนับสนุนการบริหารจัดการของสถานศึกษา','33415006641721394605982','2014-03-12 13:39:33'),(7,'1341100147212','การอบรมSMSS รุ่นที่ 3','การอบรมปฎิบัติการช้โปรแกรมSMSS เป็นไปอย่างราบรื่น ได้ทราบถึงการใช้โปรแกรมที่ถูกต้อง สามารถนำไปใช้ในการทำงานและการประสานงานได้อย่างรวดเร็ว','13411001472121394606009','2014-03-12 13:40:43'),(121,'3341500687318','คำสั่งโรงเรียนดี','คำสั่งโรงเรียนดี','33415006873181467621451','2016-07-04 15:38:12'),(122,'3341500687318','หนังสือส่งมาตรการประหยัดนำ้','หนังสือส่งมาตรการประหยัดนำ้','33415006873181467622222','2016-07-04 15:51:06'),(11,'3340400584346','การอบรมโปรแกรม  smss','ดิฉันส่งจดหมายเป็นแล้วค่ะ','33404005843461394606739','2014-03-12 13:48:08'),(12,'3341500712541','การอบรมปฎิบัติการใช้โปรแกรมระบบ smss','การอบรมปฎิบัติการใช้โปรแกรมระบบ smss','33415007125411394606852','2014-03-12 13:48:09'),(13,'3349900216255','การอบรมปฏิบัติการใช้โปรแกรม SMSS','โรงเรียนบ้านหนองสองห้อง มีการจัดระบบอินเตอร์เน็ตที่ดีมาก','33499002162551394606698','2014-03-12 13:48:29'),(14,'3349900301082','การอบรมการใช้โปรแกรมกกระบบสน้บสนุนๆ','ได้รับความรู้ความเข้าใจขึ้นมาก','33499003010821394606823','2014-03-12 13:48:36'),(15,'3349900216271','การอบรม','ต่อไปเขียนสั่งงานมาได้เลยค่ะ','33499002162711394606703','2014-03-12 13:49:14'),(16,'3349900216255','ทดลองส่งหนังสือ','ทำอยู่ซู่มื้อค่ะ','33499002162551394606946','2014-03-12 13:50:19'),(17,'1341100147212','การอบรมSMSS รุ่นที่ 3 การปฎิบัติการใช้โปรแกรมระบบสนับสนุนการบริหารจัดการของสถานศึกษา','ในการอบรม SMSS ครั้งนี้ข้าพเจ้าได้รับความรู้มากมาย ได้ทราบถึงการใช้โปรแกรมที่ถูกต้อง และสามารถนำไปใช้ในการประสานงานต่างๆๆได้','13411001472121394606738','2014-03-12 13:50:59'),(18,'3349900216271','ถามข่าว','เซาปวดแอวล่ะบ่','33499002162711394607109','2014-03-12 13:53:08'),(20,'3341500664172','การอบรมโปรแกรม smss','การอบรมโปรแกรม smss','33415006641721394607123','2014-03-12 13:53:52'),(21,'3341500712541','การเรียน','แม่ต่อมคะฝากดูแลลูกชายด้วยนะคะวันที่เขาไปเรียนปีเตอร์','33415007125411394607100','2014-03-12 13:54:50'),(23,'3349800057520','การอบรมปฎิบัติการใช้โปรแกรมระบบสนับสนุนการบริหารการจัดการของสถานศึกษา','เรื่องการอบรมที่โรงเรียนบ้านหนองสองห้อง','33498000575201394606743','2014-03-12 13:55:24'),(24,'3340400584346','ห่วงนอน','หายง่วงหรือยัง','33404005843461394607255','2014-03-12 13:55:38'),(25,'3340701216966','เรียนคุณครูทุกท่าน','ขอเรียนว่ากลับถึงโรงเรียนผอ.มีข่าวดีจะบอก','33407012169661394607248','2014-03-12 13:56:48'),(123,'3341500687318','จำนวนนักเรียน','จำนวนนักเรียน','33415006873181467970146','2016-07-08 16:29:58'),(27,'1341100147212','การอบรมSMSS รุ่นที่ 3','การอบรม SMSS สามารถนำไปใช้ในการสื่อสารติดต่อการประสานงานกับบุคลากรภายในโรงเรียนได้เป็นอย่างดี','13411001472121394607279','2014-03-12 13:58:14'),(28,'3341500664172','การอบรมโปรแกรม smss','การอบรมวันนี้ทำให้เข้าใจระบบมากยิ่งขึ้น','33415006641721394607680','2014-03-12 14:02:51'),(29,'3340701216966','การอบรมsmss','ขอให้คุณครูทุกท่าน จงตั้งใจ และให้สามารถ นำความรู้ไปใช้ได้จริงในการปฏิบัติราชการ','33407012169661394607481','2014-03-12 14:03:14'),(30,'3341500664172','การอบรมโปรแกรม smss','แอวปวดตลอดต้องนั่งแอ่นหลัง ถ้าเผลอตัวมันก็หายไปเป็นพักๆ','33415006641721394607925','2014-03-12 14:08:22'),(31,'3349800207742','การอบรม','ได้รับความรู้','33498002077421394681463','2014-03-13 10:31:57'),(32,'3349900216271','อบรม','อยากกลับโรงเรียนไปทำคะแนน','33499002162711394682596','2014-03-13 10:51:25'),(33,'3349800207742','อบรมsmss งานงบประมาณ','อบรมsmss วันที่  13 พฤษภาคม  57','33498002077421399956194','2014-05-13 11:45:59'),(34,'3340701216966','ขอเชิญประขุม','ให้คุณครูทุกคนไปร่วมประชุมในวันที่ 24 พฤษภาคม 27  เวลา   08.00 น ณ ม ราชภัฏอุบล  พร้อมนำแผนการสอนไปด้วย                   จาก ผอ.','33407012169661400487139','2014-05-19 15:20:16'),(35,'3341500664172','การอบรมการใช้ระบบ smss','คณะครูให้ความสนใจในการอบรมน่าชื่นใจมาก','33415006641721400487542','2014-05-19 15:21:57'),(36,'3349900216255','ทดลองส่งจดหมาย','สวัสดีค่ะ สบายดีไหมค่ะ','33499002162551400487596','2014-05-19 15:22:12'),(37,'3349800207742','ทบทวนการใช้ระบบ smss','เข้าใจหรือยังคะอบรมวันนี้','33498002077421400487603','2014-05-19 15:23:17'),(38,'3349900216271','โรงเรียนของเรา','เหน่ือยจริงๆ ห้ามทิ้งกันนะ','33499002162711400487558','2014-05-19 15:23:21'),(39,'3340400584346','การอบรม','การอบรมวันนี้ได้รับความรู้มาก จะพยามยามนำไปปฏิบัติ','33404005843461400487806','2014-05-19 15:25:28'),(124,'3341500687318','เกียรติบัตรอาเซียน','เกียรติบัตรอาเซียน','33415006873181470748030','2016-08-09 20:07:51'),(42,'3340400584346','ภาระงาน','ภาระงานเยอะมากเหนื่อยจริง ๆ','33404005843461400488183','2014-05-19 15:31:56'),(61,'3340400584346','ขออนุญาตไปราชการ','ขออนุญาตไปราชการนิเทศตืดตามประเมินผลการดำเนินงาน  โครงการนิเทศเสริมความเข้มแข็งโรงเรียนแกนนำอาซียนศึกษา  ที่โรงเรียนบ้านหนองกินเพล  วันที่ 19 มิถุนายน  2557','33404005843461403276265','2014-06-20 22:07:06'),(45,'1341100147212','อมรมSMSS','ขอให้คุนพ่อคุนแม่และท่าน ผอ สู้ๆๆๆน่ะคะ','13411001472121400487578','2014-05-19 15:36:09'),(46,'1341100147212','อมรมSMSS','ขอให้การอมรมในครั้งนี้ประสบความสำเร็จน่ะคะ','13411001472121400488642','2014-05-19 15:38:15'),(47,'3341500712541','การย้าย','\r\n      ส่วนตัวนะคะไม่อ่านออกอากาศ\r\n\r\nผอ.คะ ผอ.ไมตรีฝากถามวันศุกร์คณะที่ไปส่ง ไปกี่คน เวลาไหน หนูไม่อยากให้เพื่อนลำบากใจเพราะหนูมาอยู่ที่นี่ไม่นาน มีบางคนมาบอกหนูแล้วว่าไม่ได้ไปหนุก็ไม่ได้ว่าอไร ตอนนี้หนูตอบคำาม ผอ.ไมตรีไม่ได้ ขอบคุณคะ่','33415007125411400488392','2014-05-19 15:38:34'),(48,'3349900216255','ครูศรีสะกษ','ตัดช่องน้อยแต่พอโตน้อเอื้อยจิ๋ม','33499002162551400488681','2014-05-19 15:39:35'),(49,'3340400584346','ขอยืมบัตรประจำตัวประชาชน','ขอเเปลี่ยนป็นบัตรประจำตัวประชาชนด้วยนะคะ','33404005843461400488661','2014-05-19 15:39:54'),(50,'3349800057520','การอบรม','หวายหว่ายห้โชคดีทุกคนนะจะ้','33498000575201400488645','2014-05-19 15:40:02'),(51,'3349800207742','เลิศยังไม่มา','ฮาๆๆๆๆๆๆ  อยากได้เงิน','33498002077421400488747','2014-05-19 15:40:44'),(52,'3340701216966','เรียนคุณครูทุกท่านทราบ','   ด้วยในวันศุกร์ที่  23 พค นี้  คณะเราจะไปส่งคุณครูนกที่ท่าลาดขากลับจะพาแวะ ร้องเพลงชมวิวนะจะ๊','33407012169661400488634','2014-05-19 15:40:57'),(53,'3341500712541','smss','ขอให้ทุกคนโชคดีนะคะ','33415007125411400488815','2014-05-19 15:41:07'),(67,'3341500687318','ตารางการแข่งขันศิลปหัตถกรรมนักเรียน ครั้งที่ 64','ตารางการแข่งขันศิลปหัตถกรรมนักเรียน ครั้งที่ 64','33415006873181410276404','2014-09-09 22:27:47'),(55,'3349900301082','การอบรมวันนี้','สุดแสนจะหินมากๆนะคะสำหรับดิฉันผู้มีปัญหาทางระบบสมอง     หินแค่ไหนก็ไม่เกินความสามารถของมนุษย์เราใช่ไหมจ๊ะ','33499003010821400488867','2014-05-19 15:43:38'),(57,'3340400584346','ไปร่วมประชุมรับฟังคำชี้แจงการประเมินอาเซียน','พี่นิดคะอาวรณ์จะไปประชุมรับฟังคำชี้แจงการประเมินอาเชียนที่เขต 4 ขอฝากห้องป.2\r\n\r\nด้วยนะคะ ขอบคุณมากค่ะ','33404005843461401797351','2014-06-03 19:15:29'),(58,'3349900216271','รับไว้พิจารณา','ตามท่ีได้รับจดหมายให้ช่วยดูแลนักเรียนชั้นป.2 ความแจ้งแล้วนั้น\r\nบัดนี้ได้พิจารณาแล้วเห็นสมควรช่วยดูแลให้ได้  จึงเรียนมาเพื่อทราบ  อิ อิ','33499002162711401885369','2014-06-04 19:39:26'),(59,'3341500712541',' ข้อมูล dmc','ขอความอนุเคราะห์กรอกข้อมูลน้ำหนักส่วนสูงด้วยคะ่','33415007125411402269207','2014-06-09 06:16:03'),(64,'3341500687318','ส่งปฏิทินนิเทศภายใน','ปฏิทินนิเทศภายในจ้า  ','33415006873181407486742','2014-08-08 15:33:50'),(79,'3349900216255','ใบรับรองนักเรียน ป.3','ใบรับรองนักเรียน ป.3','33499002162551435120603','2015-06-24 11:37:17'),(80,'3349900216255','ใบรับรองนักเรียน ป.3','ใบรับรองนักเรียน ป.3','33499002162551435121402','2015-06-24 11:51:11'),(66,'3341500687318','รายงานการประชุมผู้บริหารการศึกษาและผู้บริหารสถานศึกษาในสังกัด ครั้งที่ 4/2557','รายงานการประชุมผู้บริหารการศึกษาและผู้บริหารสถานศึกษาในสังกัด ครั้งที่ 4/2557','33415006873181408361755','2014-08-18 18:39:23'),(77,'3341500687318','ภาพระบายสียาเสพติด','ภาพระบายสียาเสพติด  วันที่ 26 มิถุนายน 2558','33415006873181434978198','2015-06-22 20:04:41'),(78,'3349900216255','ใบรับรองนักเรียน ป.3','ใบรับรองนักเรียน ป.3','33499002162551435120491','2015-06-24 11:35:45'),(69,'3341500687318','รหัสวิชาภาษาไทย ป.6','รหัสวิชาภาษาไทย ป.6  ปีการศึกษา 2557 (แบบฯ6)\r\nรหัส 11101','33415006873181415629027','2014-11-10 21:18:41'),(70,'3341500687318','รหัสสอบ ป.6 โรงเรียนบ้านบุ่งหวาย','รหัสสอบวิชาศิลป ป.6  (22656)','33415006873181415670179','2014-11-11 08:45:24'),(76,'3341500687318','แบบรายงานผลการดำเนินงานจุดเน้นที่ 1-9','แบบรายงานผลการดำเนินงานจุดเน้นที่ 1-9','33415006873181433842521','2015-06-09 16:36:56'),(72,'3340400584346','การประชุมกลุ่มประสิทธิภาพบุ่งหวาย','เชิญคุณครูโรงเรียนบ้านบุ่งหวายทุกคนเข้าร่วมประชุ่มกลุ่มที่โรงเรียนบ้านโนนบอน  วันที่  6  กุมภาพันธ์  2558  โดยพร้อมเพรียงกัน','33404005843461423148349','2015-02-05 22:02:53'),(75,'3349900131845','สมัครอบรมภาษาไทย','สมัครอบรมภาษาไทยให้ด้วยค่ะ','33499001318451427674842','2015-03-30 07:22:14'),(74,'3349900131845','การอบรมเชิงปฏิบัติการเร่งรัดพัฒนาคุณภาพการอ่านรู้เรื่องและสื่อสารได้และพัฒนาการเรียนการสอนวรรณคดี','สมัครเข้ารับการอบรมเรื่องดังกล่าวให้ครูด้วยขอบคุณค่ะ','33499001318451427510156','2015-03-28 09:39:49'),(81,'3341500687318','วาระการประชุมสภานักเรียน','วาระการประชุมสภานักเรียน  อย่าลืมส่งวาระการประชุม  รูปถ่ายตอนเลือกตั้ง  รูปถ่ายตอนประชุม แผ่นซีดีด้วย','33415006873181435234933','2015-06-25 19:23:51'),(82,'3341500687318','ตัวอย่างคำสั่งกิจการสภานักเรียน','ตัวอย่างคำสั่งกิจการสภานักเรียน','33415006873181435235270','2015-06-25 19:28:45'),(83,'3341500687318','ส่งประกาศกลุ่มฯบุ่งหวาย','ส่งประกาศกลุ่มฯบุ่งหวาย','33415006873181435572779','2015-06-29 17:13:40'),(84,'3341500687318','เอกสารแนะนำผู้บริหาร','เอกสารแนะนำผู้บริหาร','33415006873181436514299','2015-07-10 14:45:48'),(85,'3330300771225','ห้องเรียนคุณภาพ','รายละเอียดห้องเรียนคุณภาพ','33303007712251437096202','2015-07-17 08:27:39'),(86,'3341500687318','URL รายงานผลออนไลน์การประเมินคุณภาพภายนอกรอบสาม (พ.ศ.2554-2558)','URL รายงานผลออนไลน์การประเมินคุณภาพภายนอกรอบสาม (พ.ศ.2554-2558)','33415006873181439970342','2015-08-19 14:47:43'),(87,'3341500687318','ประกาศแข่งขันวิชาการ','ประกาศแข่งขันวิชาการ','33415006873181441036853','2015-08-31 23:02:24'),(88,'3341500687318','กิจกรรมแข่งศิลปหัตถกรรม รร.บ้านโนนบอนฯ','รายละเอียดกิจกรรมแข่งศิลปหัตถกรรม รร.บ้านโนนบอนฯ','33415006873181441094206','2015-09-01 15:14:53'),(89,'3341500687318','เกณฑ์ปฐมวัย','เกณฑ์ปฐมวัย','33415006873181441356536','2015-09-04 15:50:14'),(90,'3341500687318','งบหน้าสรุปกิจกรรม','งบหน้าสรุปกิจกรรม','33415006873181441589445','2015-09-07 08:32:54'),(91,'3341500687318','สัญญาจ้าง','รายละเอียดสัญญาจ้าง','33415006873181444225230','2015-10-07 20:51:59'),(92,'3341500687318','รายงานอาหารกลางวันเขต 4','รายงานอาหารกลางวันเขต 4','33415006873181446646764','2015-11-04 21:20:38'),(93,'3341500687318','ส่งกู้ฉุกเฉินรายปี','ส่งกู้ฉุกเฉินรายปี','33415006873181447143430','2015-11-10 15:18:06'),(94,'3341500687318','สูจิบัตรกีฬา','สูจิบัตรกีฬาสีภายใน','33415006873181448961255','2015-12-01 16:15:22'),(95,'3341500687318','แผนผังโรงเรียน','แผนผังโรงเรียน','33415006873181450166975','2015-12-15 15:15:07'),(96,'3341500687318','งานพัสดุ','งานพัสดุ','33415006873181450175130','2015-12-15 17:26:14'),(97,'3341500687318','งานกีฬากลุ่มฯ58','งานกีฬากลุ่มฯ58','33415006873181450260637','2015-12-16 17:13:16'),(98,'3341500687318','ผลการแข่งขันสาย ข','ผลการแข่งขันสาย ข','33415006873181450432313','2015-12-18 16:52:22'),(99,'3341500687318','คำสั่งลูกเสือห้าเจ็ด','ตัวอย่างคำสั่งลูกเสือ','33415006873181452081225','2016-01-06 18:55:55'),(100,'3341500687318','กรรมการ o-net','กรรมการ o-net','33415006873181455180410','2016-02-11 15:49:05'),(101,'3341500687318','o-net m.3','o-net m.3','33415006873181455182580','2016-02-11 16:24:58'),(102,'3341500687318','ไฟล์เอกสารของบประมาณ','ไฟล์เอกสารของบประมาณ','33415006873181458118853','2016-03-16 16:02:08'),(103,'3341500687318','เกียรติบัตร','เกียรติบัตร','33415006873181458123933','2016-03-16 17:27:15'),(104,'3341500687318','รายงานการประชุม','รายงานการประชุม','33415006873181459080221','2016-03-27 19:08:35'),(105,'3341500687318','ส่งธกส.','ส่งธกส.','33415006873181459172165','2016-03-28 20:38:02'),(106,'3341500687318','ขอย้ายนักเรียน','ขอย้ายนักเรียน','33415006873181459689168','2016-04-03 20:14:04'),(107,'3330300771225','งานEDF','งาน  EDF','33303007712251461063494','2016-04-19 18:00:41'),(108,'3341500687318','แบบรายงานการรับนักเรียน','แบบรายงานการรับนักเรียน','33415006873181461335218','2016-04-22 21:27:57'),(109,'3341500687318','งาน','งาน','33415006873181461543151','2016-04-25 07:14:58'),(110,'3341500687318','นำส่งรายงานการประชุม','นำส่งรายงานการประชุม','33415006873181461545661','2016-04-25 07:59:18'),(111,'3341500687318','หนังสือราชการ','หนังสือราชการ','33415006873181462165592','2016-05-02 12:07:47'),(112,'3341500687318','หนังสือขอย้ายนักเรียน','หนังสือขอย้ายนักเรียน','33415006873181462785389','2016-05-09 16:17:24'),(113,'3341500687318','ไฟล์งาน','ไฟล์งาน','33415006873181462884786','2016-05-10 19:54:52'),(114,'3341500687318','ขอย้ายนักเรียน','ขอย้ายนักเรียน','33415006873181463537948','2016-05-18 09:20:44'),(115,'3341500687318','คำสั่ง','คำสั่ง','33415006873181464047849','2016-05-24 06:58:47'),(116,'3341500687318','คำสั่งห่องชัน','คำสั่งห่องชัน','33415006873181464048097','2016-05-24 07:02:38'),(117,'3341500687318','กรรมการสภานักเรียน','กรรมการสภานักเรียน','33415006873181464754473','2016-06-01 11:29:13'),(118,'3341500687318','นำส่งอาหารกลางวัน','นำส่งอาหารกลางวัน','33415006873181464880955','2016-06-02 22:24:44'),(119,'3341500687318','การเพาะ','การเพาะ','33415006873181466324341','2016-06-19 15:20:11'),(125,'3341500687318','กรอกข้อมูล ผอ.','กรอกข้อมูล ผอ.','33415006873181470894597','2016-08-11 12:52:45'),(126,'3341500687318','รายชื่อนักเรียน','รายชื่อนักเรียน','33415006873181471419169','2016-08-17 14:35:17'),(127,'3341500687318','นักเรียนบุ่งหวาย','นักเรียนบุ่งหวาย','33415006873181471419409','2016-08-17 14:38:09'),(128,'3341500687318','คำสั่ง','คำสั่ง','33415006873181471420616','2016-08-17 15:00:30'),(129,'3341500687318','แบบกรอกข้อมูลป.1-4','แบบกรอกข้อมูลป.1-4','33415006873181471780396','2016-08-21 18:55:01'),(130,'3341500687318','ส่งสอบ','ส่งสอบ','33415006873181471780699','2016-08-21 18:59:49'),(131,'3341500687318','แบบรายงานผล','แบบรายงานผล','33415006873181472049711','2016-08-24 21:44:51'),(132,'3349900216255','รายละเอียดข้อมูลนักเรียนชั้น ป.3','ส่งรายละเอียดข้อมูลนักเรียนชั้น ป.3','33499002162551472059350','2016-08-25 00:26:54'),(133,'3341500712541','แบบขอจัดตั้ง','แบบขอจัดตั้ง','33415007125411472286341','2016-08-27 15:27:06'),(134,'3341500687318','รายชื่อโนนบอน','รายชื่อโนนบอน','33415006873181473427870','2016-09-09 20:31:54'),(135,'3341500687318','รายการแข่งขันรร.ห่องชัน','รายการแข่งขันรร.ห่องชัน','33415006873181473667549','2016-09-12 15:07:03'),(136,'3341500687318','เกณฑ์การให้คะแนนปฐมวัย','เกณฑ์การให้คะแนนปฐมวัย','33415006873181473690021','2016-09-12 21:21:43'),(137,'3341500687318','ภาพ','ภาพ','33415006873181473811716','2016-09-14 07:09:42'),(138,'3341500687318','kkk','kkk','33415006873181473866366','2016-09-14 22:21:28'),(139,'3341500687318','เกียรติบัตรอนุบาล','เกียรติบัตรอนุบาล','33415006873181473926777','2016-09-15 15:09:06'),(140,'3330300771225','ประกาศศิลปหัตถกรรม  59','รายละเอียดสิลปหัตถกรรม  59','33303007712251474098675','2016-09-17 14:55:30'),(141,'3341500712541','เครื่องร่อน','เครื่องร่อน','33415007125411474175514','2016-09-18 12:14:55'),(142,'3341500712541','เครื่องร่อน','เครื่องร่อน','33415007125411474175706','2016-09-18 12:19:13'),(143,'3341500712541','รูปโล่','รูปโล่','33415007125411474175957','2016-09-18 12:21:47'),(144,'3341500687318','แบบประเมินผอ.','แบบประเมินผอ.','33415006873181474177809','2016-09-18 12:51:41'),(145,'3341500687318','งาน','งาน','33415006873181474180698','2016-09-18 13:40:36'),(146,'3341500687318','เกียรติบัตร','เกียรติบัตร','33415006873181474365905','2016-09-20 17:07:29'),(147,'3341500687318','คำสั่งการอ่านการเขียน ป.1','คำสั่งการอ่านการเขียน ป.1','33415006873181474984374','2016-09-27 20:53:45'),(148,'3341500687318','คะแนนการอ่านการเขียนป.1','คะแนนการอ่านการเขียนป.1','33415006873181475138009','2016-09-29 15:34:29'),(149,'3341500687318','เกียรติบัตรดอนชาด','เกียรติบัตรดอนชาด','33415006873181475379601','2016-10-02 10:40:47'),(150,'3341500687318','สัญญาจ้าง','สัญญาจ้าง','33415006873181475625604','2016-10-05 07:01:08'),(151,'3341500687318','สันแฟ้ม','สันแฟ้ม','33415006873181477960146','2016-11-01 07:31:45'),(152,'3341500687318','ใบอนูุโมทนาบัตร','ใบอนูุโมทนาบัตร','33415006873181479167117','2016-11-15 06:50:05'),(153,'3341500687318','บันทึกข้อความ','บันทึกข้อความ','33415006873181479196634','2016-11-15 14:58:30'),(154,'3341500687318','รายชื่อนักเรียน','รายชื่อนักเรียน','33415006873181479442294','2016-11-18 11:12:46'),(155,'3341500687318','คะแนนภาค ข','คะแนนภาค ข','33415006873181479457062','2016-11-18 15:18:27'),(156,'3341500687318','งาน','งาน','33415006873181479906830','2016-11-23 20:14:51'),(157,'3341500687318','งานบุคลากร','งานบุคลากร','33415006873181480643627','2016-12-02 08:55:33'),(158,'3341500687318','หนังสือแจ้งหยุดเรียน','หนังสือแจ้งหยุดเรียน','33415006873181480934659','2016-12-05 17:45:32'),(159,'3349800059166','งาน','งาน','33498000591661481079149','2016-12-07 09:54:13'),(160,'3341500687318','สูจิบัตรกีฑา','สูจิบัตรกีฑา','33415006873181481094567','2016-12-07 14:10:06'),(161,'3330400958505','การเงินก้อย','การเงินก้อย','33304009585051481099928','2016-12-07 15:45:34'),(162,'3330400958505','การเงินก้อย','การเงินก้อย','33304009585051481099928','2016-12-07 15:45:38'),(167,'3341500687318','คำสั่งกลุ่มสอบPre O-Net','คำสั่งกลุ่มสอบPre O-Net','33415006873181482228373','2016-12-20 17:09:30'),(166,'3341500687318','หนังสือแจ้งหยุดเรียน','หนังสือแจ้งหยุดเรียน','33415006873181481621352','2016-12-13 16:29:53'),(168,'3341500687318','ใบลา','ใบลา','33415006873181482716122','2016-12-26 08:37:04'),(169,'3341500687318','คะแนน O-Net ห่องชัน 2','คะแนน O-Net ห่องชัน 2','33415006873181482734217','2016-12-26 13:37:54'),(170,'3341500687318','คะแนน Pre O-Net ครั้งที่ 1และ2','คะแนน Pre O-Net ครั้งที่ 1และ2','33415006873181482829318','2016-12-27 16:03:38'),(171,'3341500687318','การคัดเลือกโรงเรียนที่ต้องการความช่วยเหลือและพัฒนาเป็นพิเศษอย่างเร่งด่วน (ICU)','การคัดเลือกโรงเรียนที่ต้องการความช่วยเหลือและพัฒนาเป็นพิเศษอย่างเร่งด่วน (ICU)','33415006873181483591602','2017-01-05 11:48:16'),(172,'3341500687318','รูป','รูป','33415006873181483843136','2017-01-08 09:40:24'),(173,'3341500687318','งาน','งาน','33415006873181483881032','2017-01-08 20:11:07'),(174,'3341500687318','ผลการสอบบุ่งหวาย','ผลการสอบบุ่งหวาย','33415006873181483882313','2017-01-08 20:32:58'),(175,'3341500687318','คำสั่งวันเด็ก','คำสั่งวันเด็ก','33415006873181484120019','2017-01-11 14:35:24'),(176,'3330300236036','รายงานการสอนภาษาอังกฤษป.1-3','แบบนิเทศติดตามการจัดกิจกรรมการสอนภาษาอังกฤษ  ระดับชั้น ป.1-3\r\nสำนักงานเขตพื้นที่การศึกษาประถมศึกษาอุบลราชธานี  เขต 4\r\nครั้งที่ 1 /2559\r\n','33303002360361484636123','2017-01-17 13:59:59'),(177,'3341500687318','ประกาศรับนักเรียน 2560','ประกาศรับนักเรียน 2560','33415006873181484641786','2017-01-17 15:30:36'),(178,'3341500687318','หนังสือขอบคุณ','หนังสือขอบคุณ','33415006873181484747817','2017-01-18 20:58:15'),(179,'3341500687318','คำสั่งลูกเสือ','คำสั่งลูกเสือ','33415006873181486103855','2017-02-03 13:38:27'),(180,'3341500687318','หนังสือแจ้งหยุดเรียน','หนังสือแจ้งหยุดเรียน','33415006873181486108785','2017-02-03 15:00:30'),(181,'3341500687318','ประกาศกลุ่มฯ สอบ ป.1-4','ประกาศกลุ่มฯ','33415006873181487551460','2017-02-20 07:48:34'),(182,'3341500687318','คำสั่ง','คำสั่ง','33415006873181488184014','2017-02-27 15:27:30'),(183,'3341500687318','คำสั่ง','คำสั่ง','33415006873181488186419','2017-02-27 16:07:40'),(184,'3341500687318','ข้อมูลนักเรียน','ข้อมูลนักเรียน','33415006873181488431015','2017-03-02 12:04:33'),(185,'3341500687318','คำสั่ง','คำสั่ง','33415006873181488878572','2017-03-07 16:23:39'),(186,'3341500687318','โปรแกรมประมวลLAS','โปรแกรมประมวลLAS','33415006873181489498252','2017-03-14 20:32:01'),(187,'3341500687318','แบบบันทึกคะแนนLAS','แบบบันทึกคะแนนLAS','33415006873181489498329','2017-03-14 20:33:12'),(188,'3341500687318','หนังสือประเมินอนุบาล','หนังสือประเมินอนุบาล','33415006873181489669443','2017-03-16 20:05:14'),(190,'3341500687318','ข่อมูลนักเรียนรายบุคคล','ข่อมูลนักเรียนรายบุคคล','33415006873181489670259','2017-03-16 20:18:25'),(191,'3349900131845','ข้อมูลนักเรียนรายบุคคล','ขอให้แยกเป็นชั้นๆให้ด้วยจะสะดวกกว่าแล้วจะจ่ายค่าถ่ายเอกสารให้ค่ะขอบคุณค่ะ','33499001318451489748700','2017-03-17 18:07:36'),(192,'3341500687318','หนังสือขอย้ายนักเรียน','หนังสือขอย้ายนักเรียน','33415006873181490495430','2017-03-26 09:31:32'),(193,'3341500687318','ปกสมุด','ปกสมุด','33415006873181490576354','2017-03-27 07:59:54'),(194,'3341500687318','หนังสือขอย้ายนักเรียน','หนังสือขอย้ายนักเรียน','33415006873181490683839','2017-03-28 13:53:29'),(195,'3341500687318','บันทึกข้อความ','บันทึกข้อความ','33415006873181494988686','2017-05-17 09:39:02'),(196,'3341500687318','หนังสือขอบคุณ','หนังสือขอบคุณ','33415006873181495148509','2017-05-19 06:02:32'),(197,'3341500687318','ใบอนูุโมทนาบัตร','ใบอนูุโมทนาบัตร','33415006873181496211512','2017-05-31 13:19:15'),(198,'3341500687318','ใบอนูุโมทนาบัตร','ใบอนูุโมทนาบัตร','33415006873181496211512','2017-05-31 13:19:28'),(199,'3341500687318','นำส่งSAR','นำส่งSAR','33415006873181497395151','2017-06-14 06:09:00'),(200,'3341500687318','ส่งรายชื่อนักเรียน','ส่งรายชื่อนักเรียน','33415006873181497441402','2017-06-14 18:57:37'),(201,'3341500687318','คำสั่ง','คำสั่ง','33415006873181497930949','2017-06-20 10:56:59'),(205,'3341500687318','คำสั่ง','คำสั่ง','33415006873181497942795','2017-06-20 14:14:03'),(203,'3341500687318','สันแฟ้ม','สันแฟ้ม','33415006873181497931510','2017-06-20 11:05:53'),(204,'3341500687318','สันแฟ้ม','สันแฟ้ม','33415006873181497931510','2017-06-20 11:06:17'),(206,'3341500687318','คำสั่งห่องชัน','คำสั่งห่องชัน','33415006873181498191707','2017-06-23 11:22:38'),(207,'3341500687318','คำสั่งห่องชัน','คำสั่งห่องชัน','33415006873181499057786','2017-07-03 11:57:34'),(208,'3341500687318','หนังสือรับรองเงินเดือน','หนังสือรับรองเงินเดือน','33415006873181499164057','2017-07-04 17:28:57'),(209,'3341500687318','คำสั่ง','คำสั่ง','33415006873181501987316','2017-08-06 09:42:35'),(210,'3341500687318','คำสั่งโรงเรียนหกศูนย์','คำสั่งโรงเรียนหกศูนย์','33415006873181502159767','2017-08-08 09:37:18'),(211,'3341500687318','เกียรติบัตร','เกียรติบัตร','33415006873181502375264','2017-08-10 21:29:26'),(212,'3341500687318','งานส่งพลังงาน','งานส่งพลังงาน','33415006873181502621253','2017-08-13 17:50:04'),(213,'3341500687318','งาน','งาน','33415006873181502624627','2017-08-13 18:44:22'),(214,'3341500687318','หนังสือขออนุญาต','หนังสือขออนุญาต','33415006873181502886513','2017-08-16 19:29:18'),(215,'3340400584346','ขอขอบคุณ','ขอขอบคุณที่ส่งหนังสือขออนุญาตผู้ปกครองมาให้','33404005843461507195608','2017-10-05 16:28:01'),(216,'3341500687318','ข้อมูลนักเรียน','ข้อมูลนักเรียน','33415006873181509422715','2017-10-31 11:05:53'),(217,'3341500687318','งานส่ง สพฐ.','งานส่ง สพฐ.','33415006873181510133361','2017-11-08 16:30:09'),(218,'3349900216255','บััญชีลงเวลา','บัญวลาชีลงเ','33499002162551512526496','2017-12-06 09:16:00'),(219,'3341500687318','งานกลุ่ม60','งานกลุ่ม60','33415006873181513591954','2017-12-18 17:13:54'),(220,'3341500687318','กีฬากลุ่ม','กีฬากลุ่ม','33415006873181515477378','2018-01-09 12:56:54'),(221,'3349900131845','ส่งรายชื่อนักเรียน(ตอบกลับ)','ขอบคุณค่ะ','33499001318451538974562','2018-10-08 11:56:57'),(222,'3349900131845','ข้อมูลนักเรียน(ตอบกลับ)','ขอบคุณค่ะ','33499001318451538979285','2018-10-08 13:15:25'),(223,'3341500687318','บันทึกข้อความ','บันทึกข้อความ','33415006873181540943174','2018-10-31 06:47:42'),(224,'3341500687318','สันแฟ้ม','สันแฟ้ม','33415006873181541306362','2018-11-04 11:40:39'),(225,'3349900131845','ส่งน้ำหนักส่วนสูง','งน้ำหนักส่วนสูง','33499001318451541489957','2018-11-06 14:42:14'),(226,'3341500687318','สัญญาจ้างธุรการ','สัญญาจ้างธุรการ','33415006873181541512633','2018-11-06 20:58:09'),(227,'3349800059166','ข่อมูลนักเรียนรายบุคคล(ตอบกลับ)','','33498000591661541557440','2018-11-07 09:24:18'),(228,'3349900131845','เปลี่ยนรูปถ่ายงานบุคลากล smss รัฐบาลให้ด้วยค่ะ ส่งภาพไม่เป็น','ปลี่ยนรูปถ่ายงานบุคลากล smss รัฐบาลให้ด้วยค่ะ ส่งภาพไม่เป็น','33499001318451542009807','2018-11-12 15:05:45'),(229,'3340400584346','การตรวจสอบพัสดุประจำปี2561','การตรวจสอบพัสดุประจำปี2561','33404005843461542093358','2018-11-13 14:17:24'),(230,'3341500687318','รายชื่อนักกีฬาแต่ละคณะสี','รายชื่อนักกีฬาแต่ละคณะสี','33415006873181542700198','2018-11-20 14:50:48'),(231,'3341500687318','สูจิบัตรกีฬา','สูจิบัตรกีฬา','33415006873181542763242','2018-11-21 08:24:24'),(232,'3341500687318','ข้อสอบ ป.4','ข้อสอบ ป.4','33415006873181542851026','2018-11-22 08:44:57'),(233,'3341500687318','ข้อมูลนักเรียนอ.1 - ป.6','ข้อมูลนักเรียนอ.1 - ป.6','33415006873181543386827','2018-11-28 13:34:52'),(234,'3340400584346','งานพัสดุ','งานพัสดุ','33404005843461543459979','2018-11-29 09:57:57'),(235,'3340400584346','งานพัสดุ1','งานพัสดุ1','33404005843461543460297','2018-11-29 10:00:14'),(236,'3349900131845','ข้อมูลนักเรียนอ.1 - ป.6(ตอบกลับ)','ขอบคุณค่ะ','33499001318451543556173','2018-11-30 12:37:03'),(237,'3349900131845','ขอบคุณแบบฟอร์มต่างๆ','ขอบคุณแบบฟอร์มต่างๆ','33499001318451543556238','2018-11-30 12:38:39'),(238,'3330300236036','ข้อมูลนักเรียนอ.1 - ป.6(ตอบกลับ)','','33303002360361543706378','2018-12-02 06:19:54'),(239,'3341500687318','ข้อมูลนักเรียนอ.1 - ป.6(ตอบกลับ)(ตอบกลับ)','','33415006873181543801812','2018-12-03 08:50:18'),(240,'3341500687318','จำนวนนักเรียน','จำนวนนักเรียน','33415006873181544595579','2018-12-12 13:23:54'),(241,'3349900131845','จำนวนนักเรียน(ตอบกลับ)','ขอบคุณค่ะ','33499001318451545015225','2018-12-17 09:54:35'),(242,'3349900131845','รายงานยาเสพติด','รายงานยาเสพติด','33499001318451545059299','2018-12-17 22:11:42'),(243,'3349900131845','การนำเข้าข้อมูลกำลังพลผู้ปฏิบัติงานด้านยาเสพติดประจำปีงบประมาณ  2561','การนำเข้าข้อมูลกำลังพลผู้ปฏิบัติงานด้านยาเสพติดประจำปีงบประมาณ  2561','33499001318451545109323','2018-12-18 12:04:47'),(244,'3341500687318','หนังสือขออนุญาตเข้าชมพิพิธภัณฑ์','หนังสือขออนุญาตเข้าชมพิพิธภัณฑ์','33415006873181545704642','2018-12-25 09:55:45'),(245,'3349900131845','การดำเนินงานโครงการสถานศึกษาสีขาวปลอดยาเสพติดและอบายมุขปีการศึกษา  2560 และปีการศึกษา  2561','การดำเนินงานโครงการสถานศึกษาสีขาวปลอดยาเสพติดและอบายมุข\r\nปีการศึกษา  2560   และปีการศึกษา  2561  ลงวันที่  25 ธค. 2561\r\nโรงเรียนบ้านบุ่งหวายไม่ประสงค์สมัครค่ะ','33499001318451545722214','2018-12-25 14:21:50'),(246,'3341500687318','ข้อสอบ NT','https://www.kruupdate.com/news/newid-4531.html','33415006873181545813746','2018-12-26 15:43:54'),(247,'3341500687318','แบบฟอร์มบันทึกข้อความ','แบบฟอร์มบันทึกข้อความ','33415006873181546419011','2019-01-02 15:50:57'),(248,'3330300771225','เอกสาร','เอกสาร','33303007712251546501231','2019-01-03 14:41:11'),(249,'3341500687318','เอกสารแก้ไข','เอกสารแก้ไข','33415006873181546590867','2019-01-04 15:35:42'),(250,'3341500687318','ซองจดหมาย','ซองจดหมาย','33415006873181546996644','2019-01-09 08:20:42'),(251,'3341500687318','ซองจดหมาย','ซองจดหมาย','33415006873181547798042','2019-01-18 14:54:59'),(252,'3341500687318','แบบกรอกคะแนนวิทย์ฯ','แบบกรอกคะแนนวิทย์ฯ','33415006873181548122921','2019-01-22 09:09:29'),(253,'1340700434076','คะแนนสอบ','คะแนนสอบป.6','13407004340761548125880','2019-01-22 09:59:02'),(254,'3341500687318','แบบคำร้องขอย้ายนักเรียน','แบบคำร้องขอย้ายนักเรียน','33415006873181549502992','2019-02-07 08:30:44'),(255,'3330400958505','ข้อมูลนักเรียนอ.1 - ป.6(ตอบกลับ)','','33304009585051550555748','2019-02-19 12:56:00'),(256,'1340700434076','โครงการประชารัฐ','โครงการประชารัฐ','13407004340761550628590','2019-02-20 09:11:42'),(257,'3341500687318','โครงการประชารัฐ','โครงการประชารัฐ','33415006873181550633916','2019-02-20 10:39:33'),(258,'3341500687318','โครงการประชารัฐ  แก้ไข','โครงการประชารัฐ  แก้ไข','33415006873181550645807','2019-02-20 13:57:49'),(259,'3341500687318','โครงการวิทยาศาสตร์พาเพลิน','โครงการวิทยาศาสตร์พาเพลิน','33415006873181550831839','2019-02-22 17:38:09'),(260,'3341500687318','แผนงานบริหารโรงเรียน','แผนงานบริหารโรงเรียน','33415006873181551152043','2019-02-26 10:35:48'),(261,'3341500712541','งานครูนก','งานครูนก','33415007125411551426109','2019-03-01 14:43:38'),(262,'3341500687318','เฉลยข้อสอบ ป.2','เฉลยข้อสอบ ป.2   3  วิชา','33415006873181552018648','2019-03-08 11:21:39'),(263,'3341500687318','เฉลยข้อสอบ ป.4','เฉลยข้อสอบ ป.4 3 วิชา','33415006873181552018903','2019-03-08 11:22:48'),(264,'3341500687318','เฉลยข้อสอบ ป.2  ภาษาอังกฤษ','เฉลยข้อสอบ ป.2  ภาษาอังกฤษ','33415006873181552018972','2019-03-08 11:23:38'),(265,'3341500687318','เฉลยข้อสอบ ป.5','เฉลยข้อสอบ ป.5  4 วิชา','33415006873181552019020','2019-03-08 11:24:37'),(266,'3349900131845','ขอบคุณมากสำหรับข้อมูลเฉลยข้อสอบ','อบคุณมากสำหรับข้อมูลเฉลยข้อสอบ','33499001318451552113429','2019-03-09 13:38:28'),(267,'3341500687318','รายชื่อนักเรียนป.1-6','รายชื่อนักเรียนป.1-6','33415006873181552287202','2019-03-11 13:54:12'),(268,'3341500687318','โปรแกรมประมวลผลคะแนนสอบ ป.2','โปรแกรมประมวลผลคะแนนสอบ ป.2','33415006873181553069531','2019-03-20 15:14:22'),(269,'3341500687318','โปรแกรมประมวลผลคะแนนสอบ ป.4','โปรแกรมประมวลผลคะแนนสอบ ป.4','33415006873181553069668','2019-03-20 15:15:58'),(270,'3341500687318','โปรแกรมประมวลผลคะแนนสอบ ป.5','โปรแกรมประมวลผลคะแนนสอบ ป.5','33415006873181553069761','2019-03-20 15:17:30'),(271,'3349900131845','โปรแกรมประมวลผลคะแนนสอบ ป.4(ตอบกลับ)','ขอบคุณค่ะ','33499001318451553139538','2019-03-21 10:51:26'),(272,'3341500687318','รายงานผลสอบ O-NET ปี 2561','รายงานผลสอบ O-NET ปี 2561','33415006873181553305327','2019-03-23 08:46:58'),(273,'3349900131845','รายงานผลสอบ O-NET ปี 2561(ตอบกลับ)','ขอบคุณค่ะ\r\n','33499001318451553320520','2019-03-23 12:55:42'),(274,'3349900131845','ขอโปรแกรมประมวลผลการสอบป.5 และ ป.6 ด้วยค่ะ','ขอโปรแกรมประมวลผลการสอบป.5 และ ป.6 ด้วยค่ะ','33499001318451553322613','2019-03-23 13:32:08'),(275,'3341500687318','โปรแกรมประมวลผลคะแนนสอบ ป.5','โปรแกรมประมวลผลคะแนนสอบ ป.5','33415006873181553480653','2019-03-25 09:26:05'),(276,'3349900131845','โปรแกรมประมวลผลคะแนนสอบ ป.5(ตอบกลับ)','ขอบคุณค่ะ','33499001318451553484199','2019-03-25 10:23:32'),(277,'3341500687318','แผน รร.2561','แผน รร.2561','33415006873181554610796','2019-04-07 11:20:39'),(278,'3349900131845','แผน รร.2561(ตอบกลับ)','ขอบคุณค่ะ','33499001318451554645347','2019-04-07 20:56:08'),(279,'3341500687318','SAR ครู','SAR ครู','33415006873181554797086','2019-04-09 15:05:36'),(280,'3349900131845','SAR ครู(ตอบกลับ)','ขอบคุณค่ะ','33499001318451555123202','2019-04-13 09:40:16'),(281,'3341500687318','SAR ครู(ตอบกลับ)(ตอบกลับ)','','33415006873181555380425','2019-04-16 09:07:09'),(282,'3341500687318','งานพัสดุใหม่','งานพัสดุใหม่','33415006873181555994219','2019-04-23 11:38:45'),(283,'3341500687318','งานพัสดุใหม่','งานพัสดุใหม่','33415006873181555994340','2019-04-23 11:39:38'),(284,'3340400584346','งานพัสดุใหม่(ตอบกลับ)','ขอบคุณมากค่ะ','33404005843461556966666','2019-05-04 17:58:13'),(285,'3341500687318','สัญญาจ้าง','สัญญาจ้าง','33415006873181557545787','2019-05-11 10:37:20'),(286,'3341500687318','หนังสือส่ง','หนังสือส่ง','33415006873181557547426','2019-05-11 11:04:32'),(287,'3341500687318','จำนวนนักเรียน ภาคเรียนที่ 1 ปีการศึกษา 2562','จำนวนนักเรียน ภาคเรียนที่ 1 ปีการศึกษา 2562','33415006873181557811072','2019-05-14 12:18:50'),(288,'3349900131845','จำนวนนักเรียน ภาคเรียนที่ 1 ปีการศึกษา 2562(ตอบกลับ)','ขอบคุณค่ะ','33499001318451557926076','2019-05-15 20:14:51'),(289,'3341500687318','ข้อมูลนักเรียน','ข้อมูลนักเรียน','33415006873181557971660','2019-05-16 08:55:37'),(290,'3341500687318','Job','Job','33415006873181558310969','2019-05-20 07:10:03'),(291,'3341500687318','คำสั่งรับสมัครแม่ครัว','คำสั่งรับสมัครแม่ครัว','33415006873181558312140','2019-05-20 07:29:31'),(292,'3340400584346','จำนวนนักเรียน ภาคเรียนที่ 1 ปีการศึกษา 2562(ตอบกลับ)','ขอบคุณค่ะ','33404005843461558363788','2019-05-20 21:50:29'),(293,'3341500687318','แฟ้มอนุบาล','แฟ้มอนุบาล','33415006873181559207334','2019-05-30 16:09:58'),(294,'3341500687318','แบบวิเคราะห์นักเรียนรายบุคคล','แบบวิเคราะห์นักเรียนรายบุคคล','33415006873181559287849','2019-05-31 14:31:22'),(295,'3349900131845','แบบวิเคราะห์นักเรียนรายบุคคล(ตอบกลับ)','ขอบคุณค่ะ','33499001318451559339716','2019-06-01 04:55:35'),(296,'3341500687318','SAR โรงเรียน','SAR โรงเรียน','33415006873181559788626','2019-06-06 09:39:37'),(297,'3341500687318','พ.18 และ พ.20 ครูเต','พ.18 และ พ.20 ครูเต','33415006873181560486848','2019-06-14 11:35:47'),(298,'3341500687318','จัดซื้ออนุบาล','จัดซื้ออนุบาล','33415006873181560500376','2019-06-14 15:21:30'),(299,'3341500687318','จัดซื้ออนุบาล (อุบลวัสดุ)','จัดซื้ออนุบาล (อุบลวัสดุ)','33415006873181560500520','2019-06-14 15:22:39'),(300,'3341500687318','นำส่งอัตรากำลัง','นำส่งอัตรากำลัง','33415006873181560740535','2019-06-17 10:02:55'),(303,'3341500687318','ซื้ออุบลวัสดุ (4900)','ซื้ออุบลวัสดุ (4900)','33415006873181560928699','2019-06-19 14:19:08'),(304,'3341500687318','ซื้ออุบลวัสดุ (1500)','ซื้ออุบลวัสดุ (1500)','33415006873181560930469','2019-06-19 14:48:29'),(305,'3341500687318','ซื้ออุบลวัสดุ (1008)','ซื้ออุบลวัสดุ (1008)','33415006873181560930513','2019-06-19 14:49:19'),(306,'3341500687318','ซื้อหจก.อุบลวิทยาคาร','ซื้อหจก.อุบลวิทยาคาร','33415006873181560934612','2019-06-19 15:57:50'),(307,'3341500687318','จัดซื้อร้านลาวัลย์ดอกไม้สด','จัดซื้อร้านลาวัลย์ดอกไม้สด','33415006873181561003378','2019-06-20 11:04:58'),(308,'3341500687318','จัดซื้อหจก.ต.คอมพิวเตอร์เซอร์วิส','จัดซื้อหจก.ต.คอมพิวเตอร์เซอร์วิส','33415006873181561005255','2019-06-20 11:37:09'),(309,'3341500687318','จัดจ้างร้านHappy ก๊อปปี้ ','จัดจ้างร้านHappy ก๊อปปี้','33415006873181561014934','2019-06-20 14:16:33'),(310,'3341500687318','จัดจ้างถ่ายเอกสารข้อสอบ NT ป.3','จัดจ้างถ่ายเอกสารข้อสอบ NT ป.3','33415006873181561014995','2019-06-20 14:17:18'),(311,'3341500687318','คะุแนนการอ่านเดือนมิถุนายน 2562 (ครั้งที่ 1)','คะุแนนการอ่านเดือนมิถุนายน 2562 (ครั้งที่ 1)','33415006873181562127310','2019-07-03 11:17:08'),(312,'3341500687318','คะุแนนการอ่านเดือนมิถุนายน 2562 (ครั้งที่ 1)','คะุแนนการอ่านเดือนมิถุนายน 2562 (ครั้งที่ 1)','33415006873181562127431','2019-07-03 11:17:38'),(313,'3349900131845','คะุแนนการอ่านเดือนมิถุนายน 2562 (ครั้งที่ 1)(ตอบกลับ)','ขอบคุณค่ะ','33499001318451562162654','2019-07-03 21:04:37'),(314,'3349900131845','คะุแนนการอ่านเดือนมิถุนายน 2562 (ครั้งที่ 1)(ตอบกลับ)','ขอบคุณค่ะ','33499001318451562162736','2019-07-03 21:05:48'),(315,'3341500687318','แบบกรอกประวัติ','แบบกรอกประวัติ','33415006873181564730900','2019-08-02 14:29:02'),(316,'3349900131845','แบบกรอกประวัติ(ตอบกลับ)','ขอบคุณค่ะ','33499001318451564915157','2019-08-04 17:43:20'),(317,'3349900131845','แบบกรอกประวัติ(ตอบกลับ)','ขอบคุณค่ะ','33499001318451564915157','2019-08-04 17:43:22'),(318,'3349900131845','ส่งประวัติ','ส่งประวัติ','33499001318451564989235','2019-08-05 14:15:37'),(319,'3341500687318','การลบ','การลบ','33415006873181566614571','2019-08-24 09:44:38'),(320,'3341500687318','รายการแข่งขัน','รายการแข่งขัน','33415006873181566717822','2019-08-25 14:24:35'),(321,'3341500687318','เรียน','ตัวอย่างซอง','33415006873181574999715','2019-11-29 10:57:09'),(322,'3341500687318','ส่งจัดซื้อจัดจ้าง','ส่งจัดซื้อจัดจ้าง','33415006873181576137088','2019-12-12 14:54:12'),(323,'3330400958505','อนุบาล63','อนุบาล63','33304009585051578899772','2020-01-13 14:18:50'),(325,'3341500687318','เอกสารจัดซื้อบริษัทดูโฮม','เอกสารจัดซื้อบริษัทดูโฮม','33415006873181579752720','2020-01-23 11:12:52'),(326,'3341500687318','จัดซ้อห้างเชิญชมผ้าม่าน','จัดซ้อห้างเชิญชมผ้าม่าน','33415006873181579753601','2020-01-23 11:27:18'),(327,'3341500687318','จัดซื้อรวมสินไทยเซ็นเตอร์','จัดซื้อรวมสินไทยเซ็นเตอร์','33415006873181579766154','2020-01-23 14:56:49'),(328,'3341500687318','ส่งเอกสารจัดซื้อ','ส่งเอกสารจัดซื้อ','33415006873181580099606','2020-01-27 11:35:13'),(329,'3341500687318','พ.18และพ.20 ของครูเต','พ.18และพ.20 ของครูเต','33415006873181581929371','2020-02-17 15:50:22'),(330,'3341500687318','ปกงาน','ปกงานแผน','33415006873181587700348','2020-04-24 10:55:32'),(331,'3341500687318','พื้นหลัง','พื้นหลัง','33415006873181587700600','2020-04-24 10:58:36'),(332,'3341500687318','ปกแผนโรงเรียนบ้านบุ่งหวาย','ปกแผนโรงเรียนบ้านบุ่งหวาย','33415006873181587716164','2020-04-24 15:17:23'),(333,'3341500687318','ปกแผนใหม่','ปกแผนใหม่','33415006873181587717234','2020-04-24 15:34:51'),(334,'3341500687318','งานพัสดุ','งานพัสดุ','33415006873181591076809','2020-06-02 12:49:21'),(335,'3340700388739','ซื้อร้านเยาวภาฯ','ซื้อร้านเยาวภาฯ','33407003887391591084291','2020-06-02 14:52:08'),(337,'3341500687318','จัดจ้างบุ่งหวายโฆษณา','จัดจ้างบุ่งหวายโฆษณา','33415006873181591680098','2020-06-09 12:22:50'),(338,'3341500687318','จัดซื้อร้านพีแอนด์พี','จัดซื้อร้านพีแอนด์พี','33415006873181591691878','2020-06-09 15:38:56'),(339,'3341500687318','จัดซื้อร้านพีแอนด์พี','จัดซื้อร้านพีแอนด์พี','33415006873181591691878','2020-06-09 16:58:07'),(340,'3341500687318','สันแฟ้มโครงการและงานพัสดุ','สันแฟ้มโครงการและงานพัสดุ','33415006873181597134018','2020-08-11 15:21:36'),(341,'3341500687318','คู่มือการพัฒนาโรงเรียนคุณธรรมม','คู่มือการพัฒนาโรงเรียนคุณธรรมม','33415006873181599028100','2020-09-02 13:29:32'),(342,'3340400584346','คู่มือการพัฒนาโรงเรียนคุณธรรมม(ตอบกลับ)','ขอบคุณมากๆนะคะ','33404005843461599058011','2020-09-02 21:47:17'),(343,'3349900216271','คู่มือการพัฒนาโรงเรียนคุณธรรมม(ตอบกลับ)','โอ','33499002162711599194042','2020-09-04 11:34:20'),(344,'3341500687318','งานจัดซื้อ','งานจัดซื้อดูโฮม','33415006873181600063128','2020-09-14 13:02:00'),(345,'3340400584346','งานจัดซื้อ(ตอบกลับ)','ขอบคุณมากๆจ้า','33404005843461601711182','2020-10-03 15:10:02'),(346,'3341500687318','รายชื่อสอบธรรมศึกษา','รายชื่อสอบธรรมศึกษา','33415006873181604376340','2020-11-03 11:07:41'),(352,'3341500687318','สอบธรรมศึกษา63','สอบธรรมศึกษา63','33415006873181604385928','2020-11-03 13:46:17'),(353,'3341500687318','รายชื่อนักเรียนปี63','รายชื่อนักเรียนปี63','33415006873181604455410','2020-11-04 09:04:46'),(354,'3341500687318','ผลการทดสอบอนุบาล','ผลการทดสอบอนุบาล','33415006873181604644589','2020-11-06 13:38:36'),(355,'3341500687318','งานพัสดุ  จัดซื้อจัดจ้าง','งานพัสดุ  จัดซื้อจัดจ้าง','33415006873181606628869','2020-11-29 12:55:21'),(356,'3341500687318','จัดจ้างทำมุ้งลวดอนุบาล','จัดจ้างทำมุ้งลวดอนุบาล','33415006873181606965778','2020-12-03 10:23:38'),(357,'3330400958505','รายชื่อนักเรียนปี63(ตอบกลับ)','','33304009585051608703162','2020-12-23 12:59:32'),(358,'3341500687318','งานพัสดุ  จัดซื้อจัดจ้าง','งานพัสดุ  จัดซื้อจัดจ้าง','33415006873181611039891','2021-01-19 14:07:29'),(359,'3341500687318','รายการหนังสือเรียน','รายการหนังสือเรียน','33415006873181611812238','2021-01-28 12:38:30'),(360,'3341500687318','ห้องเรียนคุณภาพ','ห้องเรียนคุณภาพ','33415006873181612146804','2021-02-01 09:34:45'),(361,'3341500687318','หนังสือราชการ','หนังสือราชการ','33415006873181612164463','2021-02-01 14:28:45'),(362,'3341500687318','ประกาศรับนักเรียน','ประกาศรับนักเรียน','33415006873181612247076','2021-02-02 13:24:56'),(363,'3341500687318','ประกาศรับนักเรียน','ประกาศรับนักเรียน','33415006873181612247256','2021-02-02 13:28:24'),(364,'3341500687318','พ.18,พ20 หนังสือเรียน','พ.18,พ20 หนังสือเรียน','33415006873181613453980','2021-02-16 12:42:29'),(365,'3341500687318','พ.18,พ20 หนังสือเรียน','พ.18,พ20 หนังสือเรียน','33415006873181613454166','2021-02-16 12:43:57'),(367,'3341500687318','ใบงาน','ใบงาน','33415006873181613632090','2021-02-18 14:09:06'),(368,'3341500687318','พ.18,พ20 หนังสือเรียน','พ.18,พ20 หนังสือเรียน','33415006873181614922045','2021-03-05 12:29:10'),(369,'3341500687318','พ.18,พ20 หนังสือเรียน','พ.18,พ20 หนังสือเรียน','33415006873181615859215','2021-03-16 08:48:28'),(370,'3341500687318','ส่งงานจัดซื้อ','ส่งงานจัดซื้อ','33415006873181624253191','2021-06-21 12:28:27'),(371,'3341500687318','จัดซื้อหจก.พี.ซี เนทฯ','จัดซื้อหจก.พี.ซี เนทฯ','33415006873181624434898','2021-06-23 14:55:56'),(372,'3341500687318','งานจัดจ้าง','งานจัดจ้าง','33415006873181624595262','2021-06-25 11:29:43'),(373,'3341500687318','งานจัดจ้าง','งานจัดจ้าง','33415006873181625026728','2021-06-30 11:20:53'),(374,'3341500687318','งานจัดจ้าง','งานจัดจ้าง','33415006873181627624000','2021-07-30 12:48:55'),(375,'3341500687318','ส่งงานจัดจ้าง','ส่งงานจัดจ้าง','33415006873181627626911','2021-07-30 13:37:08'),(376,'3341500687318','รายชื่อนักเรียน64','รายชื่อนักเรียน64','33415006873181628496997','2021-08-09 15:17:25'),(377,'3341500687318','จัดซื้ออุบลกิจออฟเซทฯ','จัดซื้ออุบลกิจออฟเซทฯ','33415006873181629781765','2021-08-24 12:11:22'),(378,'3341500687318','เอกสารยืนยันสมัครเรียน','เอกสาร','33415006873181646184754','2022-03-02 08:34:13'),(379,'3341500687318','ครีม','เอกสาร','33415006873181646276132','2022-03-03 09:56:56'),(380,'3341500687318','จัดซื้อหจก.อุบลกิจออฟเซทการพิมพ์','จัดซื้อหจก.อุบลกิจออฟเซทการพิมพ์','33415006873181666255568','2022-10-20 15:49:08'),(381,'3341500687318','จัดซื้อหจก.ไอคิว','ส่งจัดซื้อ หจก.ไอคิว\r\nจัดซื้อ หจก.อุบลวิทยาคาร\r\nจัดซื้อ หจก.ลัคกี้','33415006873181666947384','2022-10-28 15:58:36'),(382,'3341500687318','งานจัดซื้อ','งานจัดซื้อ','33415006873181667228272','2022-10-31 21:59:48'),(383,'3341500687318','งานจัดซื้อ','งานจัดซื้อ','33415006873181667228402','2022-10-31 22:00:54'),(384,'3340400584346','งานจัดซื้อ','งานจัดซื้อ','33404005843461667229055','2022-10-31 22:12:14'),(385,'1320700163439','ใบสมัคร','ใบสมัครเล่าเรื่ิอง','13207001634391688700829','2023-07-07 10:37:53');

--
-- Table structure for table `mail_permission`
--

CREATE TABLE `mail_permission` (
  `id` int(11) NOT NULL AUTO_INCREMENT,
  `person_id` varchar(13) NOT NULL,
  `p1` tinyint(4) NOT NULL,
  `officer` varchar(13) NOT NULL,
  `rec_date` date NOT NULL,
  PRIMARY KEY (`id`)
) ENGINE=MyISAM AUTO_INCREMENT=5 DEFAULT CHARSET=utf8 COLLATE=utf8_general_ci;

--
-- Dumping data for table `mail_permission`
--

INSERT INTO `mail_permission` VALUES (1,'3340400584346',1,'3341500687318','2019-05-16'),(2,'3330300236036',1,'3341500687318','2019-05-16'),(3,'3341500687318',1,'3340701216966','2018-09-17'),(4,'3341500664270',1,'3341500687318','2022-11-15');

--
-- Table structure for table `mail_sendto_answer`
--

CREATE TABLE `mail_sendto_answer` (
  `id` int(11) NOT NULL AUTO_INCREMENT,
  `ref_id` varchar(50) NOT NULL,
  `send_to` varchar(13) NOT NULL,
  `answer` tinyint(4) NOT NULL DEFAULT 0,
  `answer_time` datetime NOT NULL,
  PRIMARY KEY (`id`),
  KEY `ref_id` (`ref_id`),
  KEY `send_to` (`send_to`)
) ENGINE=MyISAM AUTO_INCREMENT=1025 DEFAULT CHARSET=utf8 COLLATE=utf8_general_ci;

--
-- Dumping data for table `mail_sendto_answer`
--

INSERT INTO `mail_sendto_answer` VALUES (1,'33415007125411394605938','3340701216966',1,'2014-03-12 13:50:39'),(2,'33415007125411394605938','3349900216255',1,'2014-03-12 13:39:04'),(3,'33415007125411394605938','3349800207742',1,'2014-03-13 10:33:07'),(4,'33415007125411394605938','3341500664172',1,'2014-03-12 13:54:50'),(5,'33415007125411394605938','3340400584346',1,'2014-03-12 13:42:10'),(6,'33415007125411394605938','3349800064437',0,'0000-00-00 00:00:00'),(7,'33415007125411394605938','3349800057520',1,'2014-03-12 13:58:46'),(8,'33415007125411394605938','3349900403420',1,'2014-03-13 14:38:20'),(9,'33415007125411394605938','3349900131845',1,'2014-03-12 13:49:07'),(10,'33415007125411394605938','3349900301082',1,'2014-03-12 13:41:43'),(11,'33415007125411394605938','3349900216271',1,'2014-03-12 13:37:48'),(12,'33415007125411394605938','1341100147212',1,'2014-03-12 13:59:41'),(13,'33415007125411394605938','3349800135491',1,'2014-05-19 15:34:52'),(14,'33499002162711394605936','3340701216966',1,'2014-03-12 13:50:56'),(15,'33499002162711394605936','3349900216255',1,'2014-03-12 13:40:28'),(16,'33499002162711394605936','3349800207742',1,'2014-03-13 10:55:38'),(17,'33499002162711394605936','3341500664172',1,'2014-03-12 13:55:00'),(18,'33499002162711394605936','3340400584346',1,'2014-03-12 13:42:16'),(19,'33499002162711394605936','3349800064437',0,'0000-00-00 00:00:00'),(20,'33499002162711394605936','3349800057520',1,'2014-03-12 14:05:37'),(21,'33499002162711394605936','3349900403420',1,'2014-03-13 14:38:24'),(22,'33499002162711394605936','3349900131845',1,'2014-03-12 13:49:17'),(23,'33499002162711394605936','3349900301082',1,'2014-03-12 14:14:18'),(24,'33499002162711394605936','3341500712541',1,'2014-03-12 13:41:40'),(25,'33499002162711394605936','1341100147212',1,'2014-03-12 13:59:21'),(26,'33499002162711394605936','3349800135491',1,'2014-05-19 15:34:56'),(27,'33404005843461394605920','3340701216966',1,'2014-03-12 13:51:20'),(28,'33404005843461394605920','3349900216255',1,'2014-03-12 13:39:24'),(29,'33404005843461394605920','3349800207742',1,'2014-03-13 10:55:45'),(30,'33404005843461394605920','3341500664172',1,'2014-03-12 13:55:17'),(31,'33404005843461394605920','3349800064437',0,'0000-00-00 00:00:00'),(32,'33404005843461394605920','3349800057520',1,'2014-03-12 14:05:45'),(33,'33404005843461394605920','3349900403420',1,'2014-03-13 14:38:34'),(34,'33404005843461394605920','3349900131845',1,'2014-03-12 13:50:00'),(35,'33404005843461394605920','3349900301082',1,'2014-03-12 13:42:16'),(36,'33404005843461394605920','3349900216271',1,'2014-03-12 13:40:58'),(37,'33404005843461394605920','3341500712541',1,'2014-03-12 13:41:52'),(38,'33404005843461394605920','1341100147212',1,'2014-03-12 14:12:01'),(39,'33404005843461394605920','3349800135491',1,'2014-05-19 15:35:04'),(40,'33499002162551394605943','3340701216966',1,'2014-03-12 13:51:27'),(41,'33499002162551394605943','3349800207742',1,'2014-05-13 12:43:25'),(42,'33499002162551394605943','3341500664172',1,'2014-03-12 13:56:25'),(43,'33499002162551394605943','3340400584346',1,'2014-03-12 13:42:01'),(44,'33499002162551394605943','3349800064437',0,'0000-00-00 00:00:00'),(45,'33499002162551394605943','3349800057520',1,'2014-03-13 14:32:19'),(46,'33499002162551394605943','3349900403420',1,'2014-03-13 14:38:37'),(47,'33499002162551394605943','3349900131845',1,'2014-03-12 13:50:15'),(48,'33499002162551394605943','3349900301082',1,'2014-03-12 14:14:49'),(49,'33499002162551394605943','3349900216271',1,'2014-03-12 13:41:08'),(50,'33499002162551394605943','3341500712541',1,'2014-03-12 13:43:24'),(51,'33499002162551394605943','1341100147212',1,'2014-03-12 14:12:51'),(52,'33499002162551394605943','3349800135491',1,'2014-05-19 15:37:35'),(53,'33499003010821394606113','3340701216966',1,'2014-03-12 13:51:45'),(54,'33499003010821394606113','3349900216255',1,'2014-03-12 13:40:38'),(55,'33499003010821394606113','3349800207742',1,'2014-05-13 12:40:30'),(56,'33499003010821394606113','3341500664172',1,'2014-03-12 13:56:49'),(57,'33499003010821394606113','3340400584346',1,'2014-03-12 13:42:20'),(58,'33499003010821394606113','3349800064437',0,'0000-00-00 00:00:00'),(59,'33499003010821394606113','3349800057520',1,'2014-03-13 14:33:24'),(60,'33499003010821394606113','3349900403420',1,'2014-03-13 14:38:42'),(61,'33499003010821394606113','3349900131845',1,'2014-03-12 13:50:21'),(62,'33499003010821394606113','3349900216271',1,'2014-03-12 13:41:15'),(63,'33499003010821394606113','3341500712541',1,'2014-03-12 13:41:58'),(64,'33499003010821394606113','1341100147212',1,'2014-03-12 14:14:22'),(65,'33499003010821394606113','3349800135491',1,'2014-05-19 15:35:09'),(66,'33415006641721394605982','3340701216966',1,'2014-03-12 13:51:55'),(67,'33415006641721394605982','3349900216255',1,'2014-03-12 13:41:10'),(68,'33415006641721394605982','3349800207742',1,'2014-05-13 12:40:50'),(69,'33415006641721394605982','3340400584346',1,'2014-03-12 13:42:32'),(70,'33415006641721394605982','3349800064437',0,'0000-00-00 00:00:00'),(71,'33415006641721394605982','3349800057520',1,'2014-03-12 14:05:52'),(72,'33415006641721394605982','3349900403420',1,'2014-03-13 14:38:46'),(73,'33415006641721394605982','3349900131845',1,'2014-03-12 13:50:28'),(74,'33415006641721394605982','3349900301082',1,'2014-03-12 14:16:27'),(75,'33415006641721394605982','3349900216271',1,'2014-03-12 13:41:25'),(76,'33415006641721394605982','3341500712541',1,'2014-03-12 13:42:01'),(77,'33415006641721394605982','1341100147212',1,'2014-03-12 14:13:12'),(78,'33415006641721394605982','3349800135491',1,'2014-05-19 15:37:46'),(79,'13411001472121394606009','3340701216966',1,'2014-03-12 13:52:06'),(80,'13411001472121394606009','3349900216255',1,'2014-03-12 13:41:13'),(81,'13411001472121394606009','3349800207742',1,'2014-05-13 12:44:05'),(82,'13411001472121394606009','3341500664172',1,'2014-03-12 13:57:12'),(83,'13411001472121394606009','3340400584346',1,'2014-03-12 13:42:39'),(84,'13411001472121394606009','3349800064437',0,'0000-00-00 00:00:00'),(85,'13411001472121394606009','3349800057520',1,'2014-03-13 14:34:01'),(86,'13411001472121394606009','3349900403420',1,'2014-03-13 14:38:53'),(87,'13411001472121394606009','3349900131845',1,'2014-03-12 13:50:32'),(88,'13411001472121394606009','3349900301082',1,'2014-03-12 14:13:45'),(89,'13411001472121394606009','3349900216271',1,'2014-03-12 13:41:31'),(90,'13411001472121394606009','3341500712541',1,'2014-03-12 13:42:05'),(91,'13411001472121394606009','3349800135491',1,'2014-05-19 15:36:53'),(92,'33498001354911394605975','1341100147212',0,'0000-00-00 00:00:00'),(93,'33498001354911394605975','3340400584346',0,'0000-00-00 00:00:00'),(420,'33415006873181410276404','3341500712541',1,'2014-09-14 13:31:51'),(417,'33415006873181410276404','3349900131845',1,'2014-09-10 14:01:32'),(416,'33415006873181410276404','3349900403420',0,'0000-00-00 00:00:00'),(411,'33415006873181410276404','3349800207742',0,'0000-00-00 00:00:00'),(412,'33415006873181410276404','3341500664172',1,'2015-05-09 09:38:44'),(403,'33415006873181407486742','3349900216271',1,'2014-08-18 10:10:19'),(120,'33499002162551394606698','3341500664172',1,'2014-03-12 14:11:00'),(121,'13411001472121394606738','3340701216966',1,'2014-03-12 13:53:53'),(122,'33499002162711394606703','3340701216966',1,'2014-03-12 13:53:27'),(123,'33404005843461394606739','3340701216966',1,'2014-03-12 13:52:39'),(124,'33415007125411394606735','3340701216966',0,'0000-00-00 00:00:00'),(125,'33415006641721394606743','3340701216966',0,'0000-00-00 00:00:00'),(126,'33415006641721394606743','3349900216255',0,'0000-00-00 00:00:00'),(128,'33499002162551394606698','3340701216966',1,'2014-03-12 13:53:09'),(129,'33499003010821394606823','3340701216966',1,'2014-03-12 13:53:20'),(130,'33415006641721394606820','3340701216966',0,'0000-00-00 00:00:00'),(131,'33415006641721394606820','3349900216255',0,'0000-00-00 00:00:00'),(132,'33415007125411394606852','3340701216966',1,'2014-03-12 13:52:48'),(134,'33498000575201394606743','3341500712541',1,'2014-03-12 13:56:44'),(135,'33498000575201394606743','3349900216271',1,'2014-03-12 13:56:12'),(136,'33498000575201394606743','3349900301082',1,'2014-03-12 14:15:22'),(137,'33498000575201394606743','3349900131845',1,'2014-03-12 13:55:43'),(138,'33498000575201394606743','3349900403420',1,'2014-03-13 14:39:09'),(139,'33498000575201394606743','3349800057520',1,'2014-03-13 14:33:35'),(140,'33498000575201394606743','3349800064437',0,'0000-00-00 00:00:00'),(141,'33498000575201394606743','3340400584346',1,'2014-03-12 13:56:14'),(142,'33498000575201394606743','3341500664172',1,'2014-05-19 15:26:42'),(143,'33498000575201394606743','3349800207742',1,'2014-05-13 12:44:24'),(144,'33498000575201394606743','3349900216255',1,'2014-03-12 13:57:33'),(145,'33498000575201394606743','3349800135491',1,'2014-05-19 15:38:22'),(146,'33498000575201394606743','1341100147212',1,'2014-03-12 14:15:06'),(398,'33415006873181407486742','3349800064437',0,'0000-00-00 00:00:00'),(147,'33499002162551394606946','3341500664172',1,'2014-03-12 14:10:44'),(404,'33415006873181407486742','3341500712541',1,'2014-08-11 10:45:26'),(148,'33415006641721394607037','3340701216966',0,'0000-00-00 00:00:00'),(149,'33415006641721394607037','3349900216255',0,'0000-00-00 00:00:00'),(150,'33415007125411394607100','3349900301082',1,'2014-03-12 13:56:10'),(151,'33499002162711394607109','3341500664172',1,'2014-03-12 14:05:08'),(152,'33499001318451394607099','3349900403420',0,'0000-00-00 00:00:00'),(421,'33415006873181410276404','1341100147212',0,'0000-00-00 00:00:00'),(153,'33415006641721394607123','3340701216966',1,'2014-03-12 14:13:33'),(154,'33415006641721394607123','3349900216255',1,'2014-03-12 13:54:49'),(394,'33415006873181407486742','3349900216255',1,'2014-08-18 15:17:44'),(157,'33404005843461394607255','3349900216271',1,'2014-03-12 13:56:27'),(158,'13411001472121394607279','3349900216271',1,'2014-03-12 14:04:44'),(393,'33415006873181407486742','3340701216966',1,'2018-09-17 15:06:36'),(159,'33499001318451394607364','3349800135491',0,'0000-00-00 00:00:00'),(399,'33415006873181407486742','3349800057520',1,'2014-09-23 13:32:55'),(160,'33407012169661394607248','3349900216255',1,'2014-03-12 13:57:29'),(161,'33407012169661394607248','3349800207742',1,'2014-05-13 12:44:31'),(162,'33407012169661394607248','3341500664172',1,'2014-03-12 14:04:51'),(163,'33407012169661394607248','3340400584346',1,'2014-03-12 13:57:20'),(164,'33407012169661394607248','3349800064437',0,'0000-00-00 00:00:00'),(165,'33407012169661394607248','3349800057520',1,'2014-03-12 13:57:41'),(166,'33407012169661394607248','3349900403420',1,'2014-03-13 14:39:15'),(167,'33407012169661394607248','3349900131845',1,'2014-03-12 13:57:59'),(168,'33407012169661394607248','3349900301082',1,'2014-03-12 14:11:13'),(169,'33407012169661394607248','3349900216271',1,'2014-03-12 13:57:41'),(170,'33407012169661394607248','3341500712541',1,'2014-03-12 13:57:11'),(171,'33407012169661394607248','1341100147212',1,'2014-03-12 14:11:30'),(172,'33407012169661394607248','3349800135491',1,'2014-05-19 15:38:29'),(174,'33499003010821394607479','3341500712541',0,'0000-00-00 00:00:00'),(415,'33415006873181410276404','3349800057520',1,'2014-09-23 13:32:57'),(175,'33415006641721394607680','3340701216966',1,'2014-03-12 14:13:40'),(176,'33415006641721394607680','3349900216255',1,'2014-03-12 14:04:26'),(177,'33415006641721394607680','3349800207742',1,'2014-05-13 12:44:37'),(178,'33415006641721394607680','3340400584346',1,'2014-05-19 15:32:25'),(179,'33415006641721394607680','3349800064437',0,'0000-00-00 00:00:00'),(180,'33415006641721394607680','3349800057520',1,'2014-03-12 14:07:47'),(181,'33415006641721394607680','3349900403420',1,'2014-03-13 14:39:18'),(182,'33415006641721394607680','3349900131845',1,'2014-03-13 08:57:18'),(183,'33415006641721394607680','3349900301082',1,'2014-03-12 14:15:33'),(184,'33415006641721394607680','3349900216271',1,'2014-03-12 14:04:28'),(185,'33415006641721394607680','3341500712541',1,'2014-03-12 14:09:13'),(186,'33415006641721394607680','1341100147212',1,'2014-03-12 14:13:20'),(187,'33415006641721394607680','3349800135491',1,'2014-05-19 15:36:02'),(188,'33407012169661394607481','3349900216255',1,'2014-03-12 14:04:31'),(189,'33407012169661394607481','3349800207742',1,'2014-05-13 12:45:00'),(190,'33407012169661394607481','3341500664172',1,'2014-03-12 14:10:20'),(191,'33407012169661394607481','3340400584346',1,'2014-05-19 15:27:23'),(192,'33407012169661394607481','3349800064437',0,'0000-00-00 00:00:00'),(193,'33407012169661394607481','3349800057520',1,'2014-03-13 14:35:11'),(194,'33407012169661394607481','3349900403420',1,'2014-03-13 14:39:29'),(195,'33407012169661394607481','3349900131845',1,'2014-03-13 08:57:25'),(196,'33407012169661394607481','3349900301082',1,'2014-03-12 14:15:40'),(197,'33407012169661394607481','3349900216271',1,'2014-03-12 14:08:27'),(198,'33407012169661394607481','3341500712541',1,'2014-03-12 14:09:17'),(199,'33407012169661394607481','1341100147212',1,'2014-03-12 14:11:38'),(200,'33407012169661394607481','3349800135491',1,'2014-05-19 15:36:00'),(418,'33415006873181410276404','3349900301082',0,'0000-00-00 00:00:00'),(201,'33415006641721394607925','3349900216271',1,'2014-03-12 14:26:58'),(405,'33415006873181407486742','1341100147212',0,'0000-00-00 00:00:00'),(395,'33415006873181407486742','3349800207742',0,'0000-00-00 00:00:00'),(410,'33415006873181410276404','3349900216255',1,'2014-10-12 16:38:14'),(397,'33415006873181407486742','3340400584346',1,'2014-09-01 21:00:29'),(413,'33415006873181410276404','3340400584346',1,'2015-01-25 16:35:24'),(400,'33415006873181407486742','3349900403420',0,'0000-00-00 00:00:00'),(202,'33498002077421394681463','3340701216966',1,'2014-03-13 11:06:45'),(203,'33498002077421394681463','3349900216255',1,'2014-03-13 11:32:42'),(204,'33498002077421394681463','3341500664172',1,'2014-05-19 15:26:30'),(205,'33498002077421394681463','3340400584346',1,'2014-05-19 15:28:08'),(206,'33498002077421394681463','3349800064437',0,'0000-00-00 00:00:00'),(207,'33498002077421394681463','3349800057520',1,'2014-03-13 14:35:53'),(208,'33498002077421394681463','3349900403420',1,'2014-03-13 14:39:31'),(209,'33498002077421394681463','3349900131845',1,'2014-03-13 10:51:22'),(210,'33498002077421394681463','3349900301082',1,'2014-03-13 11:12:02'),(211,'33498002077421394681463','3349900216271',1,'2014-03-13 10:49:15'),(212,'33498002077421394681463','3341500712541',1,'2014-03-13 14:32:43'),(213,'33498002077421394681463','1341100147212',1,'2014-03-13 11:03:48'),(214,'33498002077421394681463','3349800135491',1,'2014-05-19 15:35:58'),(215,'33499002162711394682596','3341500664172',1,'2014-05-19 15:26:07'),(402,'33415006873181407486742','3349900301082',0,'0000-00-00 00:00:00'),(414,'33415006873181410276404','3349800064437',0,'0000-00-00 00:00:00'),(401,'33415006873181407486742','3349900131845',1,'2014-08-08 19:06:34'),(216,'33498002077421399956194','3349800207742',1,'2014-05-13 12:45:05'),(419,'33415006873181410276404','3349900216271',1,'2014-09-12 14:29:10'),(406,'33415006873181407486742','3341500709605',0,'0000-00-00 00:00:00'),(217,'33415006641721400487542','3349900216271',1,'2014-05-19 15:24:36'),(218,'33415006641721400487542','3349900216255',1,'2014-05-19 15:22:57'),(219,'13411001472121400487578','3340701216966',1,'2014-05-19 15:42:21'),(220,'33415006641721400487542','3340701216966',0,'0000-00-00 00:00:00'),(221,'33407012169661400487139','3349900216255',1,'2014-05-19 15:22:43'),(222,'33407012169661400487139','3349800207742',1,'2014-05-19 15:25:53'),(223,'33407012169661400487139','3341500664172',1,'2014-05-19 15:24:50'),(224,'33407012169661400487139','3340400584346',1,'2014-05-19 15:27:37'),(225,'33407012169661400487139','3349800064437',0,'0000-00-00 00:00:00'),(226,'33407012169661400487139','3349800057520',1,'2014-05-19 15:35:22'),(227,'33407012169661400487139','3349900403420',0,'0000-00-00 00:00:00'),(228,'33407012169661400487139','3349900131845',1,'2014-05-19 15:24:54'),(229,'33407012169661400487139','3349900301082',1,'2014-05-19 15:39:36'),(230,'33407012169661400487139','3349900216271',1,'2014-05-19 15:24:13'),(231,'33407012169661400487139','3341500712541',1,'2014-05-19 15:28:18'),(232,'33407012169661400487139','1341100147212',0,'0000-00-00 00:00:00'),(233,'33407012169661400487139','3349800135491',1,'2014-05-19 15:37:30'),(234,'33407012169661400487139','3341500687318',1,'2014-08-06 15:14:23'),(235,'33499002162551400487596','3340701216966',1,'2014-05-19 15:32:53'),(236,'33499002162551400487596','3340400584346',1,'2014-05-19 15:28:39'),(237,'33499002162551400487596','3341500664172',1,'2014-05-19 15:24:56'),(238,'33499002162551400487596','3349800207742',1,'2014-05-19 15:26:28'),(239,'33499002162551400487596','3349900216255',1,'2014-05-19 15:23:07'),(240,'33499002162551400487596','3341500687318',1,'2014-08-06 15:14:32'),(241,'33499002162551400487596','1341100147212',0,'0000-00-00 00:00:00'),(242,'33498002077421400487603','3340701216966',1,'2014-05-19 15:33:15'),(243,'33498002077421400487603','3349900216255',1,'2014-05-19 15:23:29'),(244,'33498002077421400487603','3341500664172',1,'2014-05-19 15:25:30'),(245,'33498002077421400487603','3340400584346',1,'2014-05-19 15:28:48'),(246,'33498002077421400487603','3349800064437',0,'0000-00-00 00:00:00'),(247,'33498002077421400487603','3349800057520',1,'2014-05-19 15:40:37'),(248,'33498002077421400487603','3349900403420',0,'0000-00-00 00:00:00'),(249,'33498002077421400487603','3349900131845',1,'2014-05-19 15:25:18'),(250,'33498002077421400487603','3349900301082',1,'2014-05-19 15:39:52'),(251,'33498002077421400487603','3349900216271',1,'2014-05-19 15:25:01'),(252,'33498002077421400487603','3341500712541',1,'2014-05-19 15:28:24'),(253,'33498002077421400487603','1341100147212',0,'0000-00-00 00:00:00'),(254,'33498002077421400487603','3349800135491',1,'2014-05-19 15:35:52'),(255,'33498002077421400487603','3341500687318',1,'2014-08-06 15:14:36'),(256,'33499002162711400487558','3340701216966',1,'2014-05-19 15:33:33'),(257,'33499002162711400487558','3349900216255',1,'2014-05-19 15:23:53'),(258,'33499002162711400487558','3349800207742',1,'2014-05-19 15:26:41'),(259,'33499002162711400487558','3341500664172',1,'2014-05-19 15:25:20'),(260,'33499002162711400487558','3340400584346',1,'2014-05-19 15:28:56'),(261,'33499002162711400487558','3349800064437',0,'0000-00-00 00:00:00'),(262,'33499002162711400487558','3349800057520',1,'2014-05-19 15:36:20'),(263,'33499002162711400487558','3349900403420',0,'0000-00-00 00:00:00'),(264,'33499002162711400487558','3349900131845',1,'2014-05-19 15:25:25'),(265,'33499002162711400487558','3349900301082',1,'2014-05-19 15:40:27'),(266,'33499002162711400487558','3341500712541',1,'2014-05-19 15:28:54'),(267,'33499002162711400487558','1341100147212',0,'0000-00-00 00:00:00'),(268,'33499002162711400487558','3349800135491',1,'2014-05-19 15:34:18'),(269,'33499002162711400487558','3341500687318',1,'2014-08-06 15:14:38'),(270,'33404005843461400487806','3340701216966',1,'2014-05-19 15:33:51'),(272,'33415007125411400488035','3340701216966',0,'0000-00-00 00:00:00'),(274,'33415007125411400488299','3340701216966',0,'0000-00-00 00:00:00'),(275,'33404005843461400488183','3340701216966',1,'2014-05-19 15:34:12'),(276,'33404005843461400488183','3349900216255',1,'2014-05-19 15:33:09'),(277,'33404005843461400488183','3349800207742',1,'2014-05-19 16:42:34'),(278,'33404005843461400488183','3341500664172',1,'2014-05-20 09:52:04'),(279,'33404005843461400488183','3349800064437',0,'0000-00-00 00:00:00'),(280,'33404005843461400488183','3349800057520',1,'2014-05-19 15:36:44'),(281,'33404005843461400488183','3349900403420',0,'0000-00-00 00:00:00'),(282,'33404005843461400488183','3349900131845',1,'2014-05-19 15:37:43'),(283,'33404005843461400488183','3349900301082',1,'2014-05-19 15:40:36'),(284,'33404005843461400488183','3349900216271',1,'2014-05-19 15:32:37'),(285,'33404005843461400488183','3341500712541',1,'2014-05-19 15:38:48'),(286,'33404005843461400488183','1341100147212',0,'0000-00-00 00:00:00'),(287,'33404005843461400488183','3349800135491',1,'2014-05-19 15:34:02'),(288,'33404005843461400488183','3341500687318',1,'2014-08-06 15:14:45'),(289,'33499002162551400488189','3340701216966',0,'0000-00-00 00:00:00'),(290,'33499002162551400488189','3349900216271',0,'0000-00-00 00:00:00'),(291,'33499002162551400488189','3349800057520',0,'0000-00-00 00:00:00'),(292,'33499002162551400488189','3341500664172',0,'0000-00-00 00:00:00'),(294,'33415007125411400488392','3340701216966',1,'2014-05-19 15:52:59'),(388,'33404005843461403276265','3340701216966',1,'2018-09-17 15:06:27'),(408,'33415006873181408361755','3340701216966',1,'2018-09-17 15:06:32'),(296,'33404005843461400488661','3349800135491',1,'2014-05-19 15:52:51'),(396,'33415006873181407486742','3341500664172',1,'2014-09-06 10:16:58'),(297,'33499002162551400488681','3349800057520',1,'2014-05-19 15:40:54'),(298,'13411001472121400488642','3340701216966',1,'2014-05-19 15:42:42'),(299,'13411001472121400488642','3349900216255',1,'2014-05-19 15:41:44'),(300,'13411001472121400488642','3349800207742',1,'2014-05-19 16:42:41'),(301,'13411001472121400488642','3341500664172',1,'2014-05-20 09:52:13'),(302,'13411001472121400488642','3340400584346',1,'2014-05-23 14:30:06'),(303,'13411001472121400488642','3349800064437',0,'0000-00-00 00:00:00'),(304,'13411001472121400488642','3349800057520',1,'2014-05-19 15:41:51'),(305,'13411001472121400488642','3349900403420',0,'0000-00-00 00:00:00'),(306,'13411001472121400488642','3349900131845',1,'2014-05-19 15:39:56'),(307,'13411001472121400488642','3349900301082',1,'2014-05-19 15:40:44'),(308,'13411001472121400488642','3349900216271',1,'2014-05-19 15:38:42'),(309,'13411001472121400488642','3341500712541',1,'2014-05-19 15:38:59'),(310,'13411001472121400488642','3349800135491',1,'2014-05-19 15:52:33'),(311,'13411001472121400488642','3341500687318',1,'2014-08-06 15:14:51'),(312,'33498000575201400488645','3340701216966',1,'2014-05-19 15:54:46'),(313,'33498000575201400488645','3349900216255',1,'2014-05-19 15:41:01'),(314,'33498000575201400488645','3349800207742',1,'2014-05-19 16:41:27'),(315,'33498000575201400488645','3341500664172',1,'2014-05-20 09:52:23'),(316,'33498000575201400488645','3340400584346',1,'2014-05-23 14:30:14'),(317,'33498000575201400488645','3349800064437',0,'0000-00-00 00:00:00'),(318,'33498000575201400488645','3349900403420',0,'0000-00-00 00:00:00'),(319,'33498000575201400488645','3349900131845',1,'2014-05-19 15:41:56'),(320,'33498000575201400488645','3349900301082',0,'0000-00-00 00:00:00'),(321,'33498000575201400488645','3349900216271',1,'2014-05-19 15:41:40'),(322,'33498000575201400488645','3341500712541',1,'2014-05-19 15:42:30'),(323,'33498000575201400488645','1341100147212',0,'0000-00-00 00:00:00'),(324,'33498000575201400488645','3349800135491',1,'2014-05-19 15:53:16'),(325,'33498000575201400488645','3341500687318',1,'2014-08-06 15:14:55'),(326,'33498002077421400488747','3349900216255',1,'2014-05-19 15:41:53'),(409,'33415006873181410276404','3340701216966',0,'0000-00-00 00:00:00'),(328,'33407012169661400488634','3349900216255',1,'2014-05-20 15:19:29'),(329,'33407012169661400488634','3349800207742',1,'2014-05-19 16:41:32'),(330,'33407012169661400488634','3341500664172',1,'2014-05-20 09:52:35'),(331,'33407012169661400488634','3340400584346',1,'2014-05-23 14:29:03'),(332,'33407012169661400488634','3349800064437',0,'0000-00-00 00:00:00'),(333,'33407012169661400488634','3349800057520',0,'0000-00-00 00:00:00'),(334,'33407012169661400488634','3349900403420',0,'0000-00-00 00:00:00'),(335,'33407012169661400488634','3349900131845',1,'2014-05-19 15:42:00'),(336,'33407012169661400488634','3349900301082',0,'0000-00-00 00:00:00'),(337,'33407012169661400488634','3349900216271',1,'2014-05-19 15:41:48'),(338,'33407012169661400488634','3341500712541',1,'2014-05-19 15:42:04'),(339,'33407012169661400488634','1341100147212',0,'0000-00-00 00:00:00'),(340,'33407012169661400488634','3349800135491',1,'2014-05-19 15:53:35'),(341,'33407012169661400488634','3341500687318',1,'2014-08-06 15:14:59'),(342,'33415007125411400488815','3340701216966',1,'2014-05-19 15:55:40'),(343,'33415007125411400488815','3349900216255',1,'2014-05-20 15:19:47'),(344,'33415007125411400488815','3349800207742',1,'2014-05-19 16:41:37'),(345,'33415007125411400488815','3341500664172',1,'2014-05-20 09:53:00'),(346,'33415007125411400488815','3340400584346',1,'2014-05-23 14:29:20'),(347,'33415007125411400488815','3349800064437',0,'0000-00-00 00:00:00'),(348,'33415007125411400488815','3349800057520',1,'2014-06-05 14:23:17'),(349,'33415007125411400488815','3349900403420',0,'0000-00-00 00:00:00'),(350,'33415007125411400488815','3349900131845',1,'2014-05-19 15:42:24'),(351,'33415007125411400488815','3349900301082',0,'0000-00-00 00:00:00'),(352,'33415007125411400488815','3349900216271',1,'2014-05-19 15:41:57'),(353,'33415007125411400488815','1341100147212',1,'2014-06-04 09:47:52'),(354,'33415007125411400488815','3349800135491',1,'2014-05-19 15:54:15'),(355,'33415007125411400488815','3341500687318',1,'2014-08-06 15:16:36'),(356,'33499003010821400488867','3340701216966',1,'2014-05-19 15:56:10'),(357,'33499003010821400488867','3349900216255',1,'2014-05-20 15:19:56'),(358,'33499003010821400488867','3349800207742',1,'2014-05-19 16:41:44'),(359,'33499003010821400488867','3341500664172',1,'2014-05-20 09:53:07'),(360,'33499003010821400488867','3340400584346',1,'2014-05-23 14:29:27'),(361,'33499003010821400488867','3349800064437',0,'0000-00-00 00:00:00'),(362,'33499003010821400488867','3349800057520',1,'2014-09-23 13:32:49'),(363,'33499003010821400488867','3349900403420',0,'0000-00-00 00:00:00'),(364,'33499003010821400488867','3349900131845',1,'2014-05-19 15:53:27'),(365,'33499003010821400488867','3349900216271',1,'2014-05-19 15:54:22'),(366,'33499003010821400488867','3341500712541',1,'2014-05-19 15:55:16'),(367,'33499003010821400488867','1341100147212',1,'2014-06-04 09:48:00'),(368,'33499003010821400488867','3349800135491',1,'2014-05-19 15:54:33'),(369,'33499003010821400488867','3341500687318',1,'2014-08-06 15:15:13'),(371,'33404005843461401797351','3349900216271',1,'2014-06-04 19:35:43'),(372,'33499002162711401885369','3340400584346',1,'2014-06-06 19:24:53'),(373,'33415007125411402269207','3340701216966',1,'2018-09-17 15:06:24'),(374,'33415007125411402269207','3349900216255',1,'2014-06-12 23:34:33'),(375,'33415007125411402269207','3349800207742',0,'0000-00-00 00:00:00'),(376,'33415007125411402269207','3341500664172',1,'2014-06-10 16:55:38'),(377,'33415007125411402269207','3340400584346',1,'2014-06-10 18:10:13'),(378,'33415007125411402269207','3349800064437',0,'0000-00-00 00:00:00'),(379,'33415007125411402269207','3349800057520',1,'2014-09-23 13:32:52'),(380,'33415007125411402269207','3349900403420',0,'0000-00-00 00:00:00'),(381,'33415007125411402269207','3349900131845',1,'2014-06-10 17:16:31'),(382,'33415007125411402269207','3349900301082',0,'0000-00-00 00:00:00'),(383,'33415007125411402269207','3349900216271',1,'2014-06-09 10:44:09'),(384,'33415007125411402269207','1341100147212',0,'0000-00-00 00:00:00'),(385,'33415007125411402269207','3349800135491',0,'0000-00-00 00:00:00'),(386,'33415007125411402269207','3341500687318',1,'2014-08-06 15:15:21'),(422,'33415006873181410276404','3341500709605',0,'0000-00-00 00:00:00'),(423,'33499001318451410333401','3341500687318',0,'0000-00-00 00:00:00'),(425,'33415006873181415629027','3349900131845',1,'2014-11-11 09:17:17'),(426,'33415006873181415629027','3341500664172',1,'2015-05-09 09:39:01'),(427,'33415006873181415670179','3349900131845',1,'2014-11-11 09:18:23'),(428,'33415006873181415670179','3341500664172',1,'2015-05-09 09:39:27'),(430,'33404005843461423148349','3340701216966',0,'0000-00-00 00:00:00'),(431,'33404005843461423148349','3349900216255',1,'2015-05-17 21:19:58'),(432,'33404005843461423148349','3349800207742',0,'0000-00-00 00:00:00'),(433,'33404005843461423148349','3341500664172',1,'2015-05-09 09:39:38'),(434,'33404005843461423148349','3349800064437',0,'0000-00-00 00:00:00'),(435,'33404005843461423148349','3349800057520',1,'2015-03-17 02:18:06'),(436,'33404005843461423148349','3349900131845',1,'2015-02-09 19:06:45'),(437,'33404005843461423148349','3349900216271',1,'2015-03-05 09:54:56'),(438,'33404005843461423148349','3341500712541',1,'2015-02-09 11:51:33'),(439,'33404005843461423148349','3341500687318',1,'2015-06-03 09:12:31'),(440,'33404005843461423148349','3341500709605',0,'0000-00-00 00:00:00'),(443,'33499001318451427674842','3341500687318',1,'2015-06-03 09:12:46'),(442,'33499001318451427510156','3341500687318',1,'2015-06-03 09:12:35'),(444,'33415006873181433842521','3340701216966',0,'0000-00-00 00:00:00'),(445,'33415006873181433842521','3349900216255',1,'2015-07-14 05:21:12'),(446,'33415006873181433842521','3340400584346',1,'2015-11-13 21:02:23'),(447,'33415006873181433842521','3349800064437',0,'0000-00-00 00:00:00'),(448,'33415006873181433842521','3349800059166',1,'2015-10-29 11:35:11'),(449,'33415006873181433842521','3349900131845',1,'2015-07-03 20:50:21'),(450,'33415006873181433842521','3349900216271',1,'2015-07-21 05:45:25'),(451,'33415006873181433842521','3341500712541',1,'2015-06-10 13:58:29'),(452,'33415006873181433842521','3341500709605',0,'0000-00-00 00:00:00'),(453,'33415006873181433842521','3330400958505',1,'2016-12-07 15:38:35'),(454,'33415006873181433842521','3340900219205',0,'0000-00-00 00:00:00'),(455,'33415006873181433842521','3330300771225',0,'0000-00-00 00:00:00'),(456,'33415006873181434354446','3341500712541',0,'0000-00-00 00:00:00'),(457,'33415006873181434354446','3330300771225',0,'0000-00-00 00:00:00'),(458,'33415006873181434978198','3349900131845',1,'2015-07-03 20:50:36'),(459,'33499002162551435120491','3341500712541',1,'2015-06-26 13:35:44'),(460,'33499002162551435120603','3330300771225',1,'2015-06-24 11:43:51'),(461,'33499002162551435121402','3330300771225',1,'2015-06-24 11:55:46'),(462,'33415006873181435234933','3330300771225',1,'2015-06-29 13:32:44'),(463,'33415006873181435235270','3330300771225',0,'0000-00-00 00:00:00'),(464,'33415006873181435572779','3330300771225',1,'2015-06-29 17:27:45'),(465,'33415006873181436514299','3340701216966',0,'0000-00-00 00:00:00'),(466,'33415006873181436514299','3349900216255',1,'2015-07-14 05:25:54'),(467,'33415006873181436514299','3340400584346',1,'2015-11-23 21:14:25'),(468,'33415006873181436514299','3349800064437',0,'0000-00-00 00:00:00'),(469,'33415006873181436514299','3349800059166',1,'2015-10-29 11:35:47'),(470,'33415006873181436514299','3349900131845',1,'2015-07-15 20:10:44'),(471,'33415006873181436514299','3349900216271',1,'2015-07-21 05:42:51'),(472,'33415006873181436514299','3341500712541',1,'2015-07-13 12:05:41'),(473,'33415006873181436514299','3341500709605',0,'0000-00-00 00:00:00'),(474,'33415006873181436514299','3330400958505',1,'2016-12-07 15:38:38'),(475,'33415006873181436514299','3340900219205',0,'0000-00-00 00:00:00'),(476,'33415006873181436514299','3330300771225',0,'0000-00-00 00:00:00'),(477,'33303007712251437096202','3341500687318',1,'2015-08-19 14:45:36'),(478,'33415006873181439970342','3349900216255',1,'2015-09-13 10:18:01'),(479,'33415006873181439970342','3341500687318',1,'2015-08-19 15:02:03'),(480,'33415006873181441036853','3330300771225',1,'2015-09-03 10:42:49'),(481,'33415006873181441036853','3341500687318',1,'2015-09-01 10:46:12'),(482,'33415006873181441094206','3330300771225',1,'2015-09-01 17:05:44'),(483,'33415006873181441356536','3341500712541',1,'2015-09-05 16:15:18'),(484,'33415006873181441589445','3341500687318',1,'2015-10-06 22:08:11'),(485,'33415006873181444030155','3341500687318',0,'0000-00-00 00:00:00'),(486,'33415006873181444225230','3341500712541',1,'2015-11-02 13:44:17'),(487,'33415006873181444225230','3341500687318',1,'2015-10-29 11:27:37'),(488,'33415006873181446646764','3340400584346',1,'2015-11-05 08:51:25'),(489,'33415006873181446646764','3341500687318',1,'2015-11-12 06:42:31'),(490,'33415006873181447143430','3340701216966',0,'0000-00-00 00:00:00'),(491,'33415006873181447143430','3349900216255',1,'2016-05-10 19:41:44'),(492,'33415006873181447143430','3340400584346',1,'2015-11-13 21:03:14'),(493,'33415006873181447143430','3349800064437',0,'0000-00-00 00:00:00'),(494,'33415006873181447143430','3349800059166',1,'2015-11-11 18:01:36'),(495,'33415006873181447143430','3349900131845',1,'2015-11-11 19:30:25'),(496,'33415006873181447143430','3349900216271',1,'2015-11-13 11:24:28'),(497,'33415006873181447143430','3341500712541',1,'2015-11-13 13:19:14'),(498,'33415006873181447143430','3341500709605',0,'0000-00-00 00:00:00'),(499,'33415006873181447143430','3330400958505',1,'2016-12-07 15:38:40'),(500,'33415006873181447143430','3340900219205',0,'0000-00-00 00:00:00'),(501,'33415006873181447143430','3330300771225',0,'0000-00-00 00:00:00'),(502,'33415006873181447143430','3330300236036',1,'2016-01-20 10:29:32'),(503,'33415006873181448961255','3330300771225',1,'2015-12-04 09:36:51'),(504,'33415006873181450166975','3340701216966',0,'0000-00-00 00:00:00'),(505,'33415006873181450166975','3341500687318',1,'2016-01-06 18:53:30'),(506,'33415006873181450175130','3340400584346',1,'2015-12-16 09:51:24'),(507,'33415006873181450260637','3330300771225',1,'2016-01-06 21:09:03'),(508,'33415006873181450260637','3341500687318',1,'2015-12-16 19:25:17'),(616,'33415006873181481621352','3330400958505',1,'2018-09-20 14:24:09'),(511,'33415006873181450432313','3330300771225',0,'0000-00-00 00:00:00'),(512,'33415006873181450432313','3341500687318',1,'2015-12-21 10:21:23'),(513,'33415006873181452081225','3330300771225',1,'2016-01-06 21:09:22'),(514,'33415006873181452081225','3341500712541',1,'2016-01-15 12:57:28'),(515,'33415006873181455180410','3330300771225',0,'0000-00-00 00:00:00'),(516,'33415006873181455180410','3341500712541',1,'2016-02-12 14:12:03'),(517,'33415006873181455182580','3330300771225',0,'0000-00-00 00:00:00'),(518,'33415006873181455182580','3341500712541',1,'2016-02-12 14:12:59'),(519,'33415006873181458118853','3340900219205',0,'0000-00-00 00:00:00'),(520,'33415006873181458118853','3340400584346',1,'2016-03-16 16:25:10'),(521,'33415006873181458123933','3341500687318',1,'2016-03-16 17:30:54'),(522,'33415006873181459080221','3341500687318',1,'2016-03-28 19:34:06'),(523,'33415006873181459172165','3341500687318',1,'2016-03-29 13:02:43'),(524,'33415006873181459689168','3341500687318',1,'2016-04-11 12:38:31'),(525,'33303007712251461063494','3341500712541',1,'2016-04-19 18:01:21'),(526,'33415006873181461335218','3341500712541',1,'2016-04-23 10:36:05'),(527,'33415006873181461543151','3341500687318',1,'2016-04-25 07:16:28'),(528,'33415006873181461545661','3341500687318',1,'2016-05-02 12:06:29'),(529,'33415006873181462165592','3340400584346',1,'2016-05-05 20:59:59'),(530,'33415006873181462165592','3341500687318',1,'2016-05-09 16:12:14'),(531,'33415006873181462785141','3349900216271',0,'0000-00-00 00:00:00'),(532,'33415006873181462785389','3349900216271',1,'2016-11-07 10:54:53'),(533,'33415006873181462884786','3340701216966',0,'0000-00-00 00:00:00'),(534,'33415006873181462884786','3330300771225',0,'0000-00-00 00:00:00'),(535,'33415006873181462884786','3340900219205',0,'0000-00-00 00:00:00'),(536,'33415006873181462884786','3330400958505',1,'2016-12-07 15:38:43'),(537,'33415006873181462884786','3341500712541',1,'2016-05-11 07:49:13'),(538,'33415006873181462884786','3349900216271',1,'2016-11-07 10:55:22'),(539,'33415006873181462884786','3349900131845',1,'2017-01-05 12:25:27'),(540,'33415006873181462884786','3349800059166',1,'2016-12-02 15:04:21'),(541,'33415006873181462884786','3349800064437',0,'0000-00-00 00:00:00'),(542,'33415006873181462884786','3340400584346',1,'2016-05-11 21:34:46'),(543,'33415006873181462884786','3349900216255',1,'2016-05-11 09:19:24'),(544,'33415006873181462884786','3330300236036',1,'2017-01-17 14:01:41'),(545,'33415006873181462884786','3341500687318',1,'2016-05-18 08:04:01'),(546,'33415006873181462884786','3341500709605',0,'0000-00-00 00:00:00'),(547,'33415006873181463537948','3349900216271',1,'2016-11-07 11:02:52'),(548,'33415006873181463537948','3341500687318',1,'2016-05-18 15:18:55'),(549,'33415006873181464047849','3341500687318',1,'2016-05-24 08:40:57'),(550,'33415006873181464048097','3341500687318',1,'2016-05-24 08:33:59'),(551,'33415006873181464754473','3341500687318',1,'2016-07-04 15:19:05'),(552,'33415006873181464880955','3340400584346',1,'2016-07-04 21:38:47'),(553,'33415006873181464880955','3341500687318',1,'2016-07-04 15:19:08'),(554,'33415006873181466324341','3341500687318',1,'2016-06-19 15:21:06'),(556,'33415006873181467621451','3340400584346',1,'2016-07-04 21:45:02'),(557,'33415006873181467622222','3340400584346',1,'2016-07-04 21:39:35'),(558,'33415006873181467970146','3341500712541',1,'2016-07-10 08:55:51'),(559,'33415006873181470748030','3340400584346',1,'2016-08-09 22:18:49'),(560,'33415006873181470894597','3341500687318',1,'2016-08-11 22:10:39'),(561,'33415006873181471419169','3341500687318',1,'2016-08-21 10:06:46'),(562,'33415006873181471419409','3341500687318',1,'2016-08-21 10:07:30'),(563,'33415006873181471420616','3340400584346',1,'2016-08-18 06:10:48'),(564,'33415006873181471780396','3349900216271',1,'2016-11-07 11:03:28'),(565,'33415006873181471780396','3349900131845',1,'2016-12-18 20:44:28'),(566,'33415006873181471780396','3340400584346',1,'2016-10-18 20:35:34'),(567,'33415006873181471780396','3349900216255',1,'2016-08-22 08:56:03'),(568,'33415006873181471780699','3341500687318',1,'2016-08-22 09:03:09'),(569,'33499002162551471830893','3341500687318',0,'0000-01-01 00:00:00'),(570,'33415006873181472049711','3330300771225',1,'2016-08-29 13:23:17'),(571,'33415006873181472049711','3349900131845',1,'2016-12-18 20:45:11'),(572,'33415006873181472049711','3349800059166',1,'2016-12-02 15:04:28'),(573,'33499002162551472059350','3341500687318',1,'2016-08-25 10:12:01'),(574,'33415007125411472286341','3341500687318',1,'2016-08-27 16:10:32'),(575,'33415006873181473427870','3330300771225',1,'2016-09-10 20:50:56'),(576,'33415006873181473667549','3330300771225',1,'2016-09-12 17:28:09'),(577,'33415006873181473690021','3341500687318',1,'2016-09-13 13:41:10'),(578,'33415006873181473811716','3341500687318',1,'2016-09-15 08:03:41'),(579,'33415006873181473866366','3341500687318',1,'2016-09-15 08:03:57'),(580,'33415006873181473926777','3341500687318',1,'2016-09-18 12:15:39'),(581,'33303007712251474098675','3341500687318',1,'2016-09-18 12:15:44'),(582,'33415007125411474175514','3341500687318',1,'2016-09-18 12:15:50'),(583,'33415007125411474175706','3341500687318',1,'2016-09-18 12:53:43'),(584,'33415007125411474175957','3341500687318',1,'2016-09-18 14:11:09'),(585,'33415006873181474177809','3341500712541',1,'2016-09-18 17:48:00'),(586,'33415006873181474180698','3341500687318',1,'2016-09-20 17:18:59'),(587,'33415006873181474185104','3341500687318',0,'0000-01-01 00:00:00'),(588,'33415006873181474365905','3341500687318',1,'2016-09-20 17:18:17'),(589,'33415006873181474984374','3330300771225',0,'0000-01-01 00:00:00'),(590,'33415006873181474984374','3341500712541',1,'2016-11-06 20:01:17'),(591,'33415006873181474984374','3341500687318',1,'2016-09-29 15:33:24'),(592,'33415006873181475138009','3330300771225',0,'0000-01-01 00:00:00'),(593,'33415006873181475138009','3349900216271',1,'2016-11-07 11:04:05'),(594,'33415006873181475138009','3341500687318',1,'2016-10-02 11:36:21'),(595,'33415006873181475379601','3341500687318',1,'2016-10-02 11:10:44'),(596,'33415006873181475625604','3341500687318',1,'2016-10-05 08:36:18'),(597,'33415006873181477960146','3341500687318',1,'2016-11-15 09:09:47'),(598,'33415006873181479167117','3341500687318',1,'2016-11-15 09:09:53'),(599,'33415006873181479196634','3330300771225',1,'2017-01-18 14:46:15'),(600,'33415006873181479442294','3341500712541',1,'2016-11-21 13:58:54'),(601,'33415006873181479442294','3349800059166',1,'2016-12-02 15:04:32'),(602,'33415006873181479457062','3330300771225',1,'2016-11-21 09:14:31'),(603,'33415006873181479906830','3341500687318',1,'2016-11-23 20:18:22'),(604,'33415006873181480643627','3341500687318',1,'2016-12-02 08:55:51'),(605,'33415006873181480934659','3330300771225',0,'0000-01-01 00:00:00'),(606,'33415006873181480934659','3330400958505',1,'2016-12-07 13:25:15'),(607,'33415006873181480934659','3349900131845',1,'2016-12-18 20:45:43'),(608,'33415006873181480934659','3349800059166',1,'2016-12-07 11:52:19'),(609,'33498000591661481079149','3341500687318',1,'2016-12-07 09:54:24'),(610,'33415006873181481094567','3330300771225',1,'2016-12-11 20:27:20'),(611,'33304009585051481099928','3349800059166',1,'2016-12-09 14:30:44'),(617,'33415006873181481621352','3341500712541',1,'2016-12-14 14:05:22'),(618,'33415006873181482228373','3330300771225',1,'2016-12-20 19:08:02'),(619,'33415006873181482716122','3330300771225',1,'2016-12-26 09:14:34'),(620,'33415006873181482734217','3341500687318',1,'2017-01-08 16:49:26'),(621,'33415006873181482829297','3330300236036',0,'0000-01-01 00:00:00'),(622,'33415006873181482829318','3330300236036',1,'2017-01-17 14:01:59'),(623,'33415006873181483591602','3330300771225',1,'2017-01-05 18:45:32'),(624,'33415006873181483843136','3341500687318',1,'2017-01-08 16:49:29'),(625,'33415006873181483881032','3341500687318',1,'2017-01-08 20:17:49'),(626,'33415006873181483882313','3330300236036',1,'2017-01-17 14:03:57'),(627,'33415006873181483882313','3330300771225',1,'2017-01-10 07:58:40'),(628,'33415006873181484120019','3330300771225',0,'0000-01-01 00:00:00'),(629,'33303002360361484636123','3341500687318',1,'2017-01-17 14:23:07'),(630,'33415006873181484641786','3341500712541',1,'2017-01-20 19:57:31'),(631,'33415006873181484747817','3340400584346',1,'2017-01-18 22:12:18'),(632,'33415006873181486103855','3330300771225',1,'2017-02-03 15:53:12'),(633,'33415006873181486108785','3341500712541',1,'2017-02-04 10:47:38'),(634,'33415006873181487551460','3330300771225',1,'2017-02-20 08:38:11'),(635,'33415006873181487551460','3341500712541',1,'2017-02-21 14:37:31'),(636,'33415006873181488184014','3330300771225',1,'2017-03-02 10:25:09'),(637,'33415006873181488186419','3340400584346',1,'2017-03-01 06:13:52'),(638,'33415006873181488431015','3340400584346',1,'2017-03-05 15:37:50'),(639,'33415006873181488878572','3330300771225',1,'2017-03-08 10:52:14'),(640,'33415006873181489498252','3341500687318',1,'2017-03-26 09:30:11'),(641,'33415006873181489498329','3341500687318',1,'2017-03-26 09:30:13'),(642,'33415006873181489669443','3341500712541',1,'2017-03-16 20:55:54'),(643,'33415006873181489669895','3330300236036',0,'0000-01-01 00:00:00'),(644,'33415006873181489669895','3330300771225',0,'0000-01-01 00:00:00'),(645,'33415006873181489669895','3341500712541',0,'0000-01-01 00:00:00'),(646,'33415006873181489669895','3349900216271',0,'0000-01-01 00:00:00'),(647,'33415006873181489669895','3349900131845',0,'0000-01-01 00:00:00'),(648,'33415006873181489669895','3349800059166',0,'0000-01-01 00:00:00'),(649,'33415006873181489669895','3340400584346',0,'0000-01-01 00:00:00'),(650,'33415006873181489669895','3349900216255',0,'0000-01-01 00:00:00'),(651,'33415006873181489669895','1341100192030',0,'0000-01-01 00:00:00'),(671,'33415006873181489670259','3349900216255',1,'2017-05-24 21:06:57'),(670,'33415006873181489670259','3340400584346',1,'2017-03-16 21:58:25'),(669,'33415006873181489670259','3349800064437',0,'0000-01-01 00:00:00'),(668,'33415006873181489670259','3349800059166',1,'2018-11-07 09:24:00'),(667,'33415006873181489670259','3349900131845',1,'2017-03-17 17:40:01'),(666,'33415006873181489670259','3349900216271',1,'2017-09-04 09:25:24'),(665,'33415006873181489670259','3341500712541',1,'2017-03-16 20:44:35'),(664,'33415006873181489670259','3330400958505',1,'2018-09-20 14:24:11'),(663,'33415006873181489670259','3330300771225',1,'2017-03-30 12:17:45'),(662,'33415006873181489670259','3330300236036',1,'2017-03-16 22:10:55'),(672,'33415006873181489670259','3341500687318',1,'2017-03-26 09:30:16'),(673,'33415006873181489670259','1341100192030',0,'0000-01-01 00:00:00'),(674,'33499001318451489748700','3341500687318',1,'2017-03-26 09:30:18'),(675,'33415006873181490495430','3341500712541',1,'2017-03-27 09:01:18'),(676,'33415006873181490576354','3340400584346',1,'2017-03-29 12:23:10'),(677,'33415006873181490683839','3341500712541',1,'2017-03-29 07:28:24'),(678,'33415006873181494988686','3341500712541',1,'2017-05-17 10:00:43'),(679,'33415006873181495148491','3341500712541',0,'0000-01-01 00:00:00'),(680,'33415006873181495148509','3341500712541',1,'2017-05-19 10:16:12'),(681,'33415006873181496211512','3341500687318',1,'2017-05-31 13:42:19'),(682,'33415006873181497395151','3330300771225',1,'2017-06-14 11:49:58'),(683,'33415006873181497395151','3341500712541',1,'2017-06-14 17:08:07'),(684,'33415006873181497441402','3340701216966',0,'0000-01-01 00:00:00'),(685,'33415006873181497441402','3349900216255',1,'2017-06-18 17:20:57'),(686,'33415006873181497441402','3340400584346',1,'2017-06-18 20:36:34'),(687,'33415006873181497441402','3349800064437',0,'0000-01-01 00:00:00'),(688,'33415006873181497441402','3349800059166',1,'2017-09-06 12:57:01'),(689,'33415006873181497441402','3349900131845',1,'2018-10-08 11:56:02'),(690,'33415006873181497441402','3349900216271',1,'2017-09-04 09:27:33'),(691,'33415006873181497441402','3341500712541',1,'2017-06-15 13:00:32'),(692,'33415006873181497441402','3341500709605',0,'0000-01-01 00:00:00'),(693,'33415006873181497441402','3330400958505',1,'2018-09-20 14:24:15'),(694,'33415006873181497441402','3330300771225',1,'2018-04-01 20:26:00'),(695,'33415006873181497441402','3330300236036',1,'2018-10-02 20:11:11'),(696,'33415006873181497441402','1341100192030',0,'0000-01-01 00:00:00'),(697,'33415006873181497930949','3340400584346',1,'2017-08-06 08:03:58'),(700,'33415006873181497942795','3349900216255',1,'2017-06-28 20:23:51'),(699,'33415006873181497931510','3340400584346',1,'2018-12-25 05:35:27'),(701,'33415006873181498191707','3349900216255',1,'2017-06-28 20:26:34'),(702,'33415006873181499057786','3340400584346',1,'2017-07-24 20:34:22'),(703,'33415006873181499164057','3330300771225',1,'2017-07-05 08:10:48'),(704,'33415006873181500969318','3341500687318',0,'0000-01-01 00:00:00'),(705,'33415006873181500969426','3341500687318',0,'0000-01-01 00:00:00'),(706,'33415006873181501987316','3340400584346',1,'2017-08-06 17:34:14'),(707,'33415006873181502159767','3341500687318',1,'2017-08-08 21:18:21'),(708,'33415006873181502375264','3340400584346',1,'2017-08-10 21:40:20'),(709,'33415006873181502621253','3341500687318',1,'2018-02-06 09:10:50'),(710,'33415006873181502624627','3341500687318',1,'2017-09-28 16:14:15'),(711,'33415006873181502886513','3340400584346',1,'2017-08-16 20:07:07'),(712,'33404005843461507195608','3341500687318',1,'2018-02-06 09:10:54'),(713,'33415006873181509422715','3340701216966',1,'2018-09-17 10:18:48'),(714,'33415006873181509422715','3349900216255',1,'2018-09-14 21:04:40'),(715,'33415006873181509422715','3340400584346',1,'2018-11-14 22:11:12'),(716,'33415006873181509422715','3349800064437',0,'0000-01-01 00:00:00'),(717,'33415006873181509422715','3349800059166',1,'2018-11-07 09:24:49'),(718,'33415006873181509422715','3349900131845',1,'2018-10-08 13:14:45'),(719,'33415006873181509422715','3349900216271',1,'2017-11-27 11:49:55'),(720,'33415006873181509422715','3341500712541',1,'2017-11-10 14:06:29'),(721,'33415006873181509422715','3341500709605',0,'0000-01-01 00:00:00'),(722,'33415006873181509422715','3330400958505',1,'2018-09-20 14:24:18'),(723,'33415006873181509422715','3330300771225',1,'2018-04-01 18:41:07'),(724,'33415006873181509422715','3330300236036',1,'2018-10-02 20:11:22'),(725,'33415006873181509422715','1341100192030',0,'0000-01-01 00:00:00'),(726,'33415006873181510133361','3349900216271',1,'2017-11-27 11:52:33'),(727,'33499002162551512526496','3341500687318',1,'2017-12-06 09:17:31'),(728,'33415006873181513591954','3341500687318',1,'2017-12-24 12:01:03'),(729,'33404005843461513744933','3341500687318',0,'0000-01-01 00:00:00'),(730,'33415006873181515473391','3341500687318',0,'0000-01-01 00:00:00'),(731,'33415006873181515477378','3341500687318',1,'2018-01-09 18:58:25'),(732,'33499001318451538974562','3341500687318',1,'2018-10-08 12:01:16'),(733,'33499001318451538979285','3341500687318',1,'2018-10-10 20:47:03'),(734,'33415006873181540943174','3340701216966',0,'0000-01-01 00:00:00'),(735,'33415006873181541306362','3340701216966',0,'0000-01-01 00:00:00'),(736,'33499001318451541489957','3341500687318',1,'2018-11-06 14:58:40'),(737,'33415006873181541512633','3340701216966',0,'0000-01-01 00:00:00'),(738,'33498000591661541557440','3341500687318',1,'2018-11-07 09:27:11'),(739,'33499001318451542009807','3341500687318',1,'2018-11-13 14:17:44'),(740,'33404005843461542093358','3341500687318',1,'2018-11-13 14:17:49'),(741,'33415006873181542700198','1340700434076',1,'2018-11-20 15:02:07'),(742,'33415006873181542763242','1340700434076',1,'2018-11-21 09:17:18'),(743,'33415006873181542851026','3341500687644',1,'2018-11-22 09:23:20'),(744,'33415006873181543386827','3340701216966',0,'0000-01-01 00:00:00'),(745,'33415006873181543386827','3340400584346',1,'2018-12-25 05:38:16'),(746,'33415006873181543386827','3349800064437',0,'0000-01-01 00:00:00'),(747,'33415006873181543386827','3349800059166',1,'2018-12-13 10:44:39'),(748,'33415006873181543386827','3349900131845',1,'2018-11-30 12:33:50'),(749,'33415006873181543386827','3349900216271',1,'2018-12-02 20:14:38'),(750,'33415006873181543386827','3341500712541',1,'2018-11-30 14:31:12'),(751,'33415006873181543386827','3341500687644',1,'2018-11-29 13:48:26'),(752,'33415006873181543386827','1349900465836',0,'0000-01-01 00:00:00'),(753,'33415006873181543386827','3330400958505',1,'2019-01-31 16:05:25'),(754,'33415006873181543386827','3330300771225',0,'0000-01-01 00:00:00'),(755,'33415006873181543386827','3330300236036',1,'2018-12-02 06:19:25'),(756,'33415006873181543386827','1340700434076',1,'2018-11-29 11:12:45'),(757,'33404005843461543459979','3341500687318',1,'2018-11-29 15:47:30'),(758,'33404005843461543460297','3341500687318',1,'2018-11-29 15:47:38'),(759,'33499001318451543556173','3341500687318',1,'2018-12-03 08:50:12'),(760,'33499001318451543556238','3341500687318',1,'2018-12-03 08:50:26'),(761,'33303002360361543706378','3341500687318',1,'2018-12-03 08:50:31'),(762,'33415006873181543801812','3349900131845',1,'2018-12-03 09:16:45'),(763,'33415006873181544595579','3330400958505',1,'2019-01-31 16:06:17'),(764,'33415006873181544595579','3341500687644',1,'2018-12-16 00:15:59'),(765,'33415006873181544595579','3330300236036',1,'2019-10-17 17:28:59'),(766,'33415006873181544595579','3341500712541',1,'2018-12-12 14:14:48'),(767,'33415006873181544595579','3349900216271',1,'2019-01-01 20:28:53'),(768,'33415006873181544595579','3349900131845',1,'2018-12-17 09:53:45'),(769,'33415006873181544595579','3349800059166',1,'2018-12-13 10:44:46'),(770,'33415006873181544595579','3349800064437',0,'0000-01-01 00:00:00'),(771,'33415006873181544595579','3340400584346',1,'2018-12-25 05:36:57'),(772,'33415006873181544595579','3330300771225',1,'2018-12-14 08:20:12'),(773,'33415006873181544595579','1349900465836',0,'0000-01-01 00:00:00'),(774,'33415006873181544595579','3341500687318',1,'2018-12-12 16:06:05'),(775,'33415006873181544595579','1340700434076',1,'2018-12-12 13:24:47'),(776,'33415006873181544595579','3340701216966',0,'0000-01-01 00:00:00'),(777,'33415006873181544595579','3340400584346',1,'2018-12-25 05:36:57'),(778,'33415006873181544595579','3349800064437',0,'0000-01-01 00:00:00'),(779,'33415006873181544595579','3349800059166',1,'2018-12-13 10:44:46'),(780,'33415006873181544595579','3349900131845',1,'2018-12-17 09:53:45'),(781,'33415006873181544595579','3349900216271',1,'2019-01-01 20:28:53'),(782,'33415006873181544595579','3341500712541',1,'2018-12-12 14:14:48'),(783,'33415006873181544595579','3341500687644',1,'2018-12-16 00:15:59'),(784,'33415006873181544595579','1349900465836',0,'0000-01-01 00:00:00'),(785,'33415006873181544595579','3330400958505',1,'2019-01-31 16:06:17'),(786,'33415006873181544595579','3330300771225',1,'2018-12-14 08:20:12'),(787,'33415006873181544595579','3330300236036',1,'2019-10-17 17:28:59'),(788,'33415006873181544595579','1340700434076',1,'2018-12-12 13:24:47'),(789,'33499001318451545015225','3341500687318',1,'2018-12-17 18:03:12'),(790,'33499001318451545059299','3341500687318',1,'2018-12-19 16:18:22'),(791,'33499001318451545109323','3341500687318',1,'2018-12-19 16:18:47'),(792,'33415006873181545222184','3341500687644',0,'0000-01-01 00:00:00'),(793,'33415006873181545222184','3349800064437',0,'0000-01-01 00:00:00'),(794,'33415006873181545222184','3330300771225',0,'0000-01-01 00:00:00'),(795,'33415006873181545704642','3340400584346',1,'2018-12-25 19:07:59'),(796,'33499001318451545721760','3341500687318',0,'0000-01-01 00:00:00'),(797,'33499001318451545722214','3341500687318',1,'2019-01-02 08:13:22'),(798,'33415006873181545813746','3349800059166',1,'2018-12-26 15:44:39'),(799,'33415006873181546419011','3341500712541',1,'2019-01-08 12:07:55'),(800,'33303007712251546501231','3341500687318',1,'2019-01-04 08:14:58'),(801,'33415006873181546590867','3330300771225',1,'2019-01-05 14:34:49'),(802,'33415006873181546996644','1340700434076',1,'2019-01-09 08:23:01'),(803,'33415006873181547798042','3330300236036',1,'2019-10-17 17:29:24'),(804,'33415006873181548122921','1340700434076',1,'2019-01-22 09:11:04'),(805,'13407004340761548125880','3341500687318',1,'2019-01-22 10:13:58'),(806,'13407004340761548379820','3341500687318',0,'0000-01-01 00:00:00'),(807,'33415006873181549502992','3330400958505',1,'2019-02-24 17:34:52'),(808,'33415006873181549502992','3341500712541',1,'2019-02-13 14:35:02'),(809,'33304009585051550555748','3341500687318',1,'2019-02-21 08:52:39'),(810,'13407004340761550628590','3341500687318',1,'2019-02-20 09:14:36'),(811,'33415006873181550633916','1340700434076',1,'2019-02-20 10:41:47'),(812,'33415006873181550645807','1340700434076',1,'2019-02-22 10:44:58'),(813,'33415006873181550831839','1340700434076',1,'2019-02-22 18:54:58'),(814,'33415006873181551152043','1340700434076',1,'2019-02-26 11:33:23'),(815,'33415007125411551426109','3341500687318',1,'2019-03-06 16:24:48'),(816,'33415006873181552018648','3340400584346',1,'2019-03-08 14:35:22'),(817,'33415006873181552018903','3341500687644',1,'2021-11-09 06:02:20'),(818,'33415006873181552018903','3349900131845',1,'2019-03-09 13:34:25'),(819,'33415006873181552018972','3340400584346',1,'2019-03-08 13:34:19'),(820,'33415006873181552019020','3330300236036',1,'2019-10-17 17:29:34'),(821,'33499001318451552113429','3341500687318',1,'2019-03-11 11:41:24'),(822,'33415006873181552287202','1340700434076',1,'2019-03-11 13:55:46'),(823,'33415006873181553069531','3340400584346',1,'2019-03-23 08:09:17'),(824,'33415006873181553069668','3341500687644',0,'0000-01-01 00:00:00'),(825,'33415006873181553069668','3349900131845',1,'2019-03-21 10:38:58'),(826,'33415006873181553069761','3330300236036',1,'2019-05-01 14:17:07'),(827,'33499001318451553139538','3341500687318',1,'2019-03-22 13:04:18'),(828,'33415006873181553305327','3340400584346',1,'2019-03-30 07:06:34'),(829,'33415006873181553305327','3349800064437',0,'0000-01-01 00:00:00'),(830,'33415006873181553305327','3349800059166',1,'2019-03-27 14:10:32'),(831,'33415006873181553305327','3349900131845',1,'2019-03-23 12:55:20'),(832,'33415006873181553305327','3349900216271',1,'2019-03-23 11:02:38'),(833,'33415006873181553305327','3341500712541',1,'2019-03-31 19:34:38'),(834,'33415006873181553305327','3341500687644',0,'0000-01-01 00:00:00'),(835,'33415006873181553305327','1349900465836',0,'0000-01-01 00:00:00'),(836,'33415006873181553305327','3330400958505',1,'2019-06-02 11:13:53'),(837,'33415006873181553305327','1350300048454',0,'0000-01-01 00:00:00'),(838,'33415006873181553305327','3330300771225',0,'0000-01-01 00:00:00'),(839,'33415006873181553305327','3330300236036',1,'2019-10-17 17:29:46'),(840,'33415006873181553305327','1340700434076',1,'2020-03-04 10:11:46'),(841,'33499001318451553320520','3341500687318',1,'2019-03-25 09:26:12'),(842,'33499001318451553322613','3341500687318',1,'2019-03-25 09:26:15'),(843,'33415006873181553480653','3349900131845',1,'2019-03-25 10:23:19'),(844,'33499001318451553484199','3341500687318',1,'2019-03-26 13:23:04'),(845,'33415006873181554610796','3349900131845',1,'2019-04-07 20:55:47'),(846,'33499001318451554645347','3341500687318',1,'2019-04-09 13:23:22'),(847,'33415006873181554797086','3349900131845',1,'2019-04-13 09:40:02'),(848,'33499001318451555123202','3341500687318',1,'2019-04-16 09:07:05'),(849,'33415006873181555380425','3349900131845',1,'2019-04-18 19:33:54'),(850,'33415006873181555994219','3340400584346',1,'2019-05-04 13:43:15'),(851,'33415006873181555994340','3340400584346',1,'2019-05-04 13:54:26'),(852,'33404005843461556966666','3341500687318',1,'2019-05-08 09:04:25'),(853,'33415006873181557545787','3341500687318',1,'2019-05-12 17:44:46'),(854,'33415006873181557547426','3341500687318',1,'2019-05-13 07:13:58'),(855,'33415006873181557811072','3340400584346',1,'2019-05-20 21:49:48'),(856,'33415006873181557811072','3349800064437',0,'0000-01-01 00:00:00'),(857,'33415006873181557811072','3349800059166',1,'2019-05-22 16:38:32'),(858,'33415006873181557811072','3349900131845',1,'2019-05-15 20:14:36'),(859,'33415006873181557811072','3349900216271',1,'2019-05-20 16:14:53'),(860,'33415006873181557811072','3341500712541',1,'2019-05-22 15:23:22'),(861,'33415006873181557811072','3341500687644',0,'0000-01-01 00:00:00'),(862,'33415006873181557811072','1349900465836',0,'0000-01-01 00:00:00'),(863,'33415006873181557811072','3330400958505',1,'2019-06-02 11:07:52'),(864,'33415006873181557811072','1350300048454',0,'0000-01-01 00:00:00'),(865,'33415006873181557811072','3330300771225',0,'0000-01-01 00:00:00'),(866,'33415006873181557811072','3330300236036',1,'2019-10-17 17:29:53'),(867,'33415006873181557811072','1340700434076',1,'2020-03-04 10:11:50'),(868,'33499001318451557926076','3341500687318',1,'2019-05-16 09:23:19'),(869,'33415006873181557971660','3349800150775',1,'2019-05-27 14:30:26'),(870,'33415006873181558310969','3341500687318',1,'2019-05-20 09:54:50'),(871,'33415006873181558312140','3341500687318',1,'2019-05-20 09:28:37'),(872,'33415006873181558332696','3340400584346',0,'0000-01-01 00:00:00'),(873,'33415006873181558332990','3340400584346',0,'0000-01-01 00:00:00'),(874,'33415006873181558333418','3340400584346',0,'0000-01-01 00:00:00'),(875,'33415006873181558333513','3340400584346',0,'0000-01-01 00:00:00'),(876,'33415006873181558333727','3340400584346',0,'0000-01-01 00:00:00'),(877,'33404005843461558363788','3341500687318',1,'2019-05-21 16:19:35'),(878,'33415006873181558666169','3340400584346',0,'0000-01-01 00:00:00'),(879,'33415006873181558666220','3340400584346',0,'0000-01-01 00:00:00'),(880,'33415006873181559207334','3341500712541',1,'2019-05-31 13:57:00'),(881,'33415006873181559287849','3349800150775',1,'2019-06-01 21:50:32'),(882,'33415006873181559287849','3340400584346',1,'2019-06-05 22:28:00'),(883,'33415006873181559287849','3349800064437',0,'0000-01-01 00:00:00'),(884,'33415006873181559287849','3349800059166',1,'2019-06-17 10:41:48'),(885,'33415006873181559287849','3349900131845',1,'2019-06-01 04:55:15'),(886,'33415006873181559287849','3349900216271',1,'2019-06-06 00:08:17'),(887,'33415006873181559287849','3341500712541',1,'2019-06-03 15:05:20'),(888,'33415006873181559287849','3341500687644',0,'0000-01-01 00:00:00'),(889,'33415006873181559287849','1349900465836',0,'0000-01-01 00:00:00'),(890,'33415006873181559287849','3330400958505',1,'2019-06-25 12:59:55'),(891,'33415006873181559287849','1350300048454',0,'0000-01-01 00:00:00'),(892,'33415006873181559287849','3330300236036',1,'2019-10-17 17:29:56'),(893,'33415006873181559287849','1340700434076',1,'2020-03-04 10:11:51'),(894,'33499001318451559339716','3341500687318',1,'2019-06-05 09:58:47'),(895,'33415006873181559788626','3341500687644',0,'0000-01-01 00:00:00'),(896,'33415006873181559788626','3330300236036',1,'2019-10-17 17:29:59'),(897,'33415006873181559788626','3341500712541',1,'2019-06-06 12:18:34'),(898,'33415006873181559788626','3349900216271',1,'2019-06-11 08:58:32'),(899,'33415006873181559788626','3340400584346',0,'0000-01-01 00:00:00'),(900,'33415006873181559788626','3341500687318',1,'2019-06-07 13:45:59'),(901,'33415006873181560486848','3340400584346',1,'2019-07-20 19:29:32'),(902,'33415006873181560500376','3340400584346',1,'2019-07-20 19:30:53'),(903,'33415006873181560500520','3340400584346',1,'2019-07-20 20:26:19'),(904,'33415006873181560740535','3330300236036',1,'2019-06-17 10:06:57'),(906,'33415006873181560924649','3340400584346',0,'0000-01-01 00:00:00'),(908,'33415006873181560928699','3340400584346',1,'2019-07-20 20:34:44'),(909,'33415006873181560929945','3340400584346',0,'0000-01-01 00:00:00'),(910,'33415006873181560930469','3340400584346',1,'2019-07-20 20:53:08'),(911,'33415006873181560930513','3340400584346',1,'2019-07-20 19:37:58'),(912,'33415006873181560934612','3340400584346',1,'2019-07-20 21:14:03'),(913,'33415006873181561003378','3340400584346',1,'2019-07-20 21:43:58'),(914,'33415006873181561005255','3340400584346',1,'2019-07-20 22:12:40'),(915,'33415006873181561014934','3340400584346',1,'2019-07-21 15:16:59'),(916,'33415006873181561014995','3340400584346',1,'2021-07-10 14:01:31'),(917,'33415006873181562127310','3349900131845',1,'2019-07-03 21:04:14'),(918,'33415006873181562127431','3349900131845',1,'2019-07-03 21:05:36'),(919,'33499001318451562162654','3341500687318',1,'2019-07-05 09:13:56'),(920,'33499001318451562162736','3341500687318',1,'2019-07-05 09:14:01'),(921,'33415006873181564730900','3349900131845',1,'2019-08-04 17:39:16'),(922,'33415006873181564887546','3341500687318',0,'0000-01-01 00:00:00'),(923,'33499001318451564915157','3341500687318',1,'2019-08-05 10:01:20'),(924,'33499001318451564915157','3341500687318',1,'2019-08-05 10:01:20'),(925,'33499001318451564989235','3341500687318',1,'2019-08-06 08:23:43'),(926,'33415006873181566614571','3341500687318',1,'2019-09-05 13:55:00'),(927,'33415006873181566717822','3341500687318',1,'2019-09-05 13:54:53'),(928,'33415006873181574999715','3341500687318',1,'2019-11-29 11:00:06'),(929,'33415006873181576137088','3340400584346',1,'2020-02-20 22:33:36'),(930,'33304009585051578899772','3341500712541',1,'2020-01-13 15:26:47'),(934,'33415006873181579753601','3340400584346',1,'2020-04-09 18:27:46'),(933,'33415006873181579752720','3340400584346',1,'2020-02-20 22:34:19'),(935,'33415006873181579766154','3340400584346',1,'2020-04-09 17:45:06'),(936,'33415006873181580099606','3340400584346',1,'2020-02-15 15:23:30'),(937,'33415006873181581929371','3340400584346',1,'2020-02-20 22:19:01'),(938,'33415006873181587700348','3341500687318',1,'2020-05-25 14:17:45'),(939,'33415006873181587700600','3341500687318',1,'2020-04-28 12:02:41'),(940,'33415006873181587716164','3341500687318',1,'2020-05-25 14:17:49'),(941,'33415006873181587717234','3341500687318',1,'2020-04-28 11:59:19'),(942,'33415006873181591076809','3340400584346',1,'2020-06-04 10:57:24'),(943,'33407003887391591084291','3340400584346',1,'2020-09-02 21:45:56'),(945,'33415006873181591680098','3340400584346',1,'2021-01-31 13:01:06'),(946,'33415006873181591691878','3340400584346',1,'2020-12-03 06:07:43'),(947,'33415006873181597134018','3340400584346',1,'2021-01-15 16:03:52'),(948,'33415006873181599028100','3349800150775',0,'0000-01-01 00:00:00'),(949,'33415006873181599028100','3340400584346',1,'2020-09-02 21:46:51'),(950,'33415006873181599028100','3349800064437',0,'0000-01-01 00:00:00'),(951,'33415006873181599028100','3349800059166',1,'2020-10-20 15:16:48'),(952,'33415006873181599028100','3341500712541',1,'2020-09-14 20:18:08'),(953,'33415006873181599028100','3341500687644',0,'0000-01-01 00:00:00'),(954,'33415006873181599028100','3330400958505',1,'2020-10-20 13:17:45'),(955,'33415006873181599028100','3330300236036',0,'0000-01-01 00:00:00'),(956,'33415006873181599028100','1340700434076',1,'2020-10-20 13:21:43'),(957,'33415006873181599028100','3349900216271',1,'2020-09-04 11:34:02'),(958,'33415006873181599028100','3340700388739',0,'0000-01-01 00:00:00'),(959,'33404005843461599058011','3341500687318',1,'2020-09-08 16:20:16'),(960,'33499002162711599194042','3341500687318',1,'2020-09-08 16:20:21'),(961,'33415006873181600063128','3340400584346',1,'2020-10-03 14:46:22'),(962,'33404005843461601711182','3341500687318',1,'2020-10-05 08:59:56'),(963,'33415006873181604376340','3341500687644',0,'0000-01-01 00:00:00'),(969,'33415006873181604385928','3341500687644',1,'2020-11-03 14:16:58'),(970,'33415006873181604455410','3349800150775',0,'0000-01-01 00:00:00'),(971,'33415006873181604455410','3340400584346',1,'2020-12-03 04:40:52'),(972,'33415006873181604455410','3349800064437',1,'2020-12-23 14:39:54'),(973,'33415006873181604455410','3349800059166',0,'0000-01-01 00:00:00'),(974,'33415006873181604455410','3341500712541',1,'2020-11-06 09:50:05'),(975,'33415006873181604455410','3330400958505',1,'2020-12-23 12:59:22'),(976,'33415006873181604455410','3341500687644',1,'2020-12-25 13:27:15'),(977,'33415006873181604455410','3330300236036',0,'0000-01-01 00:00:00'),(978,'33415006873181604455410','1340700434076',1,'2020-11-09 09:27:40'),(979,'33415006873181604455410','3349900216271',1,'2020-11-07 10:23:24'),(980,'33415006873181604455410','3340700388739',0,'0000-01-01 00:00:00'),(981,'33415006873181604644589','3341500712541',1,'2020-11-11 12:03:57'),(982,'33415006873181606628869','3340400584346',1,'2020-12-03 04:40:58'),(983,'33415006873181606965778','3340400584346',1,'2021-01-19 16:03:16'),(984,'33304009585051608703162','3341500687318',1,'2020-12-23 13:00:29'),(985,'33415006873181611039891','3340400584346',1,'2021-01-19 16:05:39'),(986,'33415006873181611812238','3340400584346',1,'2021-01-31 12:59:42'),(987,'33415006873181612146804','3341500687318',1,'2021-02-01 09:35:04'),(988,'33415006873181612164463','3341500687318',1,'2021-02-01 14:30:26'),(989,'33415006873181612247076','3341500687318',1,'2021-02-02 13:27:20'),(990,'33415006873181612247256','3341500687318',1,'2021-02-02 13:28:38'),(991,'33415006873181613453980','3340400584346',1,'2021-02-28 15:34:07'),(993,'33415006873181613632090','3341500687318',1,'2021-02-18 14:12:51'),(994,'33415006873181614922045','3340400584346',1,'2021-03-07 16:14:58'),(995,'33415006873181615859215','3340400584346',1,'2021-07-10 12:36:43'),(996,'33415006873181624253191','3340400584346',1,'2021-06-25 06:13:29'),(997,'33415006873181624434898','3340400584346',1,'2021-06-25 06:29:59'),(998,'33415006873181624595262','3340400584346',1,'2021-07-03 20:22:41'),(999,'33415006873181625026728','3340400584346',1,'2021-07-04 14:46:03'),(1000,'33415006873181627624000','3340400584346',1,'2021-08-03 12:38:59'),(1001,'33415006873181627626911','3340400584346',1,'2021-08-31 16:14:22'),(1002,'33415006873181628496997','3341500712541',1,'2021-08-13 07:21:12'),(1003,'33415006873181629781765','3340400584346',1,'2021-08-31 16:15:26'),(1004,'33415006873181646184754','1340700434076',1,'2022-03-02 10:56:17'),(1005,'33415006873181646276132','1340700434076',1,'2022-03-03 10:03:08'),(1006,'33415006873181666255568','3340400584346',0,'0000-01-01 00:00:00'),(1007,'33415006873181666947384','3340400584346',0,'0000-01-01 00:00:00'),(1008,'33415006873181667228272','3340400584346',0,'0000-01-01 00:00:00'),(1009,'33415006873181667228402','3340400584346',0,'0000-01-01 00:00:00'),(1010,'33404005843461667229055','3340400584346',0,'0000-01-01 00:00:00'),(1011,'33404005843461667229055','3341500687318',0,'0000-01-01 00:00:00'),(1012,'13207001634391688700829','3349800150775',0,'0000-01-01 00:00:00'),(1013,'13207001634391688700829','3340400584346',0,'0000-01-01 00:00:00'),(1014,'13207001634391688700829','3349800064437',0,'0000-01-01 00:00:00'),(1015,'13207001634391688700829','3341500712541',0,'0000-01-01 00:00:00'),(1016,'13207001634391688700829','3341500687318',0,'0000-01-01 00:00:00'),(1017,'13207001634391688700829','3330400958505',0,'0000-01-01 00:00:00'),(1018,'13207001634391688700829','3341500687644',0,'0000-01-01 00:00:00'),(1019,'13207001634391688700829','3330300236036',0,'0000-01-01 00:00:00'),(1020,'13207001634391688700829','1340700434076',0,'0000-01-01 00:00:00'),(1021,'13207001634391688700829','3349900216271',0,'0000-01-01 00:00:00'),(1022,'13207001634391688700829','1331400004671',0,'0000-01-01 00:00:00'),(1023,'13207001634391688700829','3330300053811',0,'0000-01-01 00:00:00'),(1024,'13207001634391688700829','3341500664270',0,'0000-01-01 00:00:00');

--
-- Table structure for table `meeting_main`
--

CREATE TABLE `meeting_main` (
  `id` int(11) NOT NULL AUTO_INCREMENT,
  `room` tinyint(4) NOT NULL,
  `book_date` date NOT NULL,
  `book_date_end` date NOT NULL,
  `start_time` tinyint(4) NOT NULL,
  `finish_time` tinyint(4) NOT NULL,
  `objective` varchar(200) NOT NULL,
  `book_person` varchar(13) NOT NULL,
  `rec_date` datetime NOT NULL,
  `approve` int(11) DEFAULT NULL,
  `reason` varchar(200) DEFAULT NULL,
  `person_num` int(11) NOT NULL,
  `other` varchar(250) NOT NULL,
  `officer` varchar(13) DEFAULT NULL,
  `officer_date` datetime DEFAULT NULL,
  PRIMARY KEY (`id`)
) ENGINE=MyISAM DEFAULT CHARSET=utf8 COLLATE=utf8_general_ci;

--
-- Dumping data for table `meeting_main`
--


--
-- Table structure for table `meeting_permission`
--

CREATE TABLE `meeting_permission` (
  `id` int(11) NOT NULL AUTO_INCREMENT,
  `person_id` varchar(13) NOT NULL,
  `p1` tinyint(4) NOT NULL,
  `officer` varchar(13) NOT NULL,
  `rec_date` date NOT NULL,
  PRIMARY KEY (`id`)
) ENGINE=MyISAM DEFAULT CHARSET=utf8 COLLATE=utf8_general_ci;

--
-- Dumping data for table `meeting_permission`
--


--
-- Table structure for table `meeting_room`
--

CREATE TABLE `meeting_room` (
  `id` int(11) NOT NULL AUTO_INCREMENT,
  `room_code` tinyint(4) NOT NULL,
  `room_name` varchar(100) NOT NULL,
  `active` int(11) NOT NULL DEFAULT 0,
  PRIMARY KEY (`id`)
) ENGINE=MyISAM AUTO_INCREMENT=11 DEFAULT CHARSET=utf8 COLLATE=utf8_general_ci;

--
-- Dumping data for table `meeting_room`
--

INSERT INTO `meeting_room` VALUES (1,1,'ห้องประชุม1',1),(2,2,'ห้องประชุม2',1),(3,3,'ห้องประชุม3',0),(4,4,'หอ้งประชุม4',0),(5,5,'ห้องประชุม5',0),(6,6,'ห้องประชุม6',0),(7,7,'ห้องประชุม7',0),(8,8,'ห้องประชุม8',0),(9,9,'ห้องประชุม9',0),(10,10,'ห้องประชุม10',0);

--
-- Table structure for table `news_mainitem`
--

CREATE TABLE `news_mainitem` (
  `id` int(11) NOT NULL AUTO_INCREMENT,
  `code` int(11) NOT NULL,
  `mainitem` varchar(150) NOT NULL,
  `item_active` tinyint(1) NOT NULL DEFAULT 0,
  PRIMARY KEY (`id`),
  UNIQUE KEY `code` (`code`)
) ENGINE=MyISAM AUTO_INCREMENT=2 DEFAULT CHARSET=utf8 COLLATE=utf8_general_ci;

--
-- Dumping data for table `news_mainitem`
--

INSERT INTO `news_mainitem` VALUES (1,1,'ทดสอบ',1);

--
-- Table structure for table `news_news`
--

CREATE TABLE `news_news` (
  `id` int(11) NOT NULL AUTO_INCREMENT,
  `report_date` datetime NOT NULL,
  `news` varchar(250) NOT NULL,
  `file` varchar(150) NOT NULL,
  `section` int(11) NOT NULL,
  `mainitem_code` int(11) NOT NULL,
  `officer` varchar(13) NOT NULL,
  PRIMARY KEY (`id`)
) ENGINE=MyISAM AUTO_INCREMENT=2 DEFAULT CHARSET=utf8 COLLATE=utf8_general_ci;

--
-- Dumping data for table `news_news`
--

INSERT INTO `news_news` VALUES (1,'2014-05-19 16:27:25','55555555555555555555','',1,1,'3349900216255');

--
-- Table structure for table `news_permission`
--

CREATE TABLE `news_permission` (
  `id` int(11) NOT NULL AUTO_INCREMENT,
  `person_id` varchar(13) NOT NULL,
  `p1` tinyint(4) NOT NULL,
  `officer` varchar(13) NOT NULL,
  `rec_date` date NOT NULL,
  PRIMARY KEY (`id`)
) ENGINE=MyISAM AUTO_INCREMENT=3 DEFAULT CHARSET=utf8 COLLATE=utf8_general_ci;

--
-- Dumping data for table `news_permission`
--

INSERT INTO `news_permission` VALUES (1,'3349900216255',1,'3349900216255','2014-05-19'),(2,'3349800207742',1,'3349900216255','2014-05-19');

--
-- Table structure for table `news_section`
--

CREATE TABLE `news_section` (
  `id` int(11) NOT NULL AUTO_INCREMENT,
  `code` tinyint(4) NOT NULL,
  `name` varchar(100) NOT NULL,
  `mainitem_code` int(11) NOT NULL,
  PRIMARY KEY (`id`)
) ENGINE=MyISAM AUTO_INCREMENT=2 DEFAULT CHARSET=utf8 COLLATE=utf8_general_ci;

--
-- Dumping data for table `news_section`
--

INSERT INTO `news_section` VALUES (1,1,'รายงานผลกีฬาภายใน',1);

--
-- Table structure for table `permission_date`
--

CREATE TABLE `permission_date` (
  `id` int(11) NOT NULL AUTO_INCREMENT,
  `person_id` varchar(13) NOT NULL,
  `ref_id` varchar(50) NOT NULL,
  `date` date NOT NULL,
  `rec_date` datetime NOT NULL,
  PRIMARY KEY (`id`)
) ENGINE=MyISAM AUTO_INCREMENT=120 DEFAULT CHARSET=utf8 COLLATE=utf8_general_ci;

--
-- Dumping data for table `permission_date`
--

INSERT INTO `permission_date` VALUES (1,'3349900216255','140048933810270','2014-05-24','2014-05-19 15:48:58'),(2,'3349800135491','140048936029369','2014-05-21','2014-05-19 15:49:20'),(3,'3349800135491','140048936029369','2014-05-22','2014-05-19 15:49:20'),(7,'3349900131845','140048937526366','2014-05-24','2014-05-19 15:52:15'),(17,'3349900216271','140049051127882','2014-05-24','2014-05-19 16:08:31'),(6,'3349900216271','140048950316602','2014-05-24','2014-05-19 15:51:43'),(8,'3349800207742','140048993829514','2014-05-24','2014-05-19 15:58:58'),(9,'3340400584346','140049000219889','2014-05-22','2014-05-19 16:00:02'),(10,'3349900403420','14004902528364','2014-05-24','2014-05-19 16:04:12'),(11,'3341500712541','14004904024966','2014-05-23','2014-05-19 16:06:42'),(12,'3349900131845','140049042311298','2014-05-28','2014-05-19 16:07:03'),(13,'3349900131845','140049042311298','2014-05-29','2014-05-19 16:07:03'),(14,'3349900131845','140049042311298','2014-05-30','2014-05-19 16:07:03'),(15,'3349900131845','140049042311298','2014-05-31','2014-05-19 16:07:03'),(18,'3341500664172','14004905735659','2014-05-23','2014-05-19 16:09:33'),(19,'3349800207742','140049061321432','2014-05-24','2014-05-19 16:10:13'),(20,'3349900131845','140344386616532','2014-06-08','2014-06-22 20:31:06'),(21,'3349900131845','140353217129979','2014-06-27','2014-06-23 21:02:51'),(22,'3349900131845','140353217129979','2014-06-28','2014-06-23 21:02:51'),(23,'3340400584346','140353565814126','2014-06-19','2014-06-23 22:00:58'),(24,'3340400584346','14035360671069','2014-06-27','2014-06-23 22:07:47'),(25,'3340400584346','140412973328004','2014-06-30','2014-06-30 19:02:13'),(26,'3341500687318','140723989312050','2014-08-06','2014-08-05 18:58:13'),(27,'3341500687318','140723989312050','2014-08-15','2014-08-05 18:58:13'),(28,'3341500687318','140723989312050','2014-08-25','2014-08-05 18:58:13'),(29,'3349900131845','140810640429181','2014-08-15','2014-08-15 19:40:04'),(30,'3349900131845','140810640429181','2014-08-16','2014-08-15 19:40:04'),(31,'3349900131845','140810640429181','2014-08-17','2014-08-15 19:40:04'),(32,'3349800059166','148578166723148','2017-01-30','2017-01-30 20:07:47'),(33,'3349800059166','151314961215086','2017-12-19','2017-12-13 14:20:12'),(34,'3349800059166','151314961215086','2017-12-20','2017-12-13 14:20:12'),(35,'3349800059166','151314961215086','2017-12-21','2017-12-13 14:20:12'),(36,'3349800059166','151314961215086','2017-12-22','2017-12-13 14:20:12'),(37,'3341500687318','154148860027576','2018-11-08','2018-11-06 14:16:40'),(38,'1340700434076','154175619313025','2018-11-09','2018-11-09 16:36:33'),(39,'3341500687318','15440836337232','2018-12-07','2018-12-06 15:07:13'),(40,'3341500687318','15468345857672','2019-01-12','2019-01-07 11:16:25'),(41,'3341500687318','15468345857672','2019-01-17','2019-01-07 11:16:25'),(42,'3349800059166','154683470916541','2019-01-12','2019-01-07 11:18:29'),(43,'3349800059166','154683470916541','2019-01-17','2019-01-07 11:18:29'),(44,'3349800150775','156637348415022','2019-08-22','2019-08-21 14:44:44'),(45,'3349800150775','156637348415022','2019-08-23','2019-08-21 14:44:44'),(46,'3340400584346','16124126286146','2021-02-05','2021-02-04 11:23:48'),(47,'3341500687318','161405285310633','2021-02-24','2021-02-23 11:00:53'),(48,'3349800150775','161413515911616','2021-02-24','2021-02-24 09:52:39'),(49,'1340700434076','161413522916921','2021-02-24','2021-02-24 09:53:49'),(50,'1340700434076','161413527429406','2021-02-24','2021-02-24 09:54:34'),(51,'3341500687318','16683932674420','2022-11-14','2022-11-14 09:34:27'),(53,'3349900216271','166965401525348','2022-11-28','2022-11-28 23:47:52'),(54,'3341500687318','166970933523467','2022-11-30','2022-11-29 15:08:55'),(55,'3341500687318','16790433042329','2023-03-15','2023-03-17 15:55:04'),(56,'3349800150775','167911382521447','2023-03-15','2023-03-18 11:30:25'),(57,'3349900216271','167911393326087','2023-03-15','2023-03-18 11:32:13'),(58,'3341500664270','16803354343320','2023-04-02','2023-04-01 14:50:34'),(59,'3341500664270','16803354343320','2023-04-03','2023-04-01 14:50:34'),(60,'3341500664270','16803354343320','2023-04-04','2023-04-01 14:50:34'),(61,'3341500664270','16803354343320','2023-04-05','2023-04-01 14:50:34'),(62,'3341500664270','16803354343320','2023-04-06','2023-04-01 14:50:34'),(63,'3341500664270','16803354343320','2023-04-07','2023-04-01 14:50:34'),(64,'3341500664270','16803354343320','2023-04-08','2023-04-01 14:50:34'),(65,'3341500664270','168300159521358','2023-05-01','2023-05-02 11:26:35'),(66,'3341500664270','168300159521358','2023-05-02','2023-05-02 11:26:35'),(67,'3341500664270','168300159521358','2023-05-03','2023-05-02 11:26:35'),(68,'3341500664270','168300159521358','2023-05-04','2023-05-02 11:26:35'),(69,'3341500664270','168300159521358','2023-05-05','2023-05-02 11:26:35'),(70,'3341500664270','168300159521358','2023-05-06','2023-05-02 11:26:35'),(71,'3341500664270','168300159521358','2023-05-07','2023-05-02 11:26:35'),(72,'3341500664270','168300159521358','2023-05-08','2023-05-02 11:26:35'),(73,'3341500687318','168362282023347','2023-05-10','2023-05-09 16:00:20'),(76,'3340400584346','168367820831157','2023-05-10','2023-05-10 08:56:02'),(77,'3330400958505','168430407413728','2023-05-15','2023-05-17 13:14:34'),(79,'3349900216271','168494506525757','2023-05-24','2023-05-24 23:18:44'),(80,'3340400584346','168550015713451','2023-05-31','2023-05-31 09:29:17'),(81,'3341500687644','168628313427137','2023-06-09','2023-06-09 10:58:54'),(82,'3341500687644','168628313427137','2023-06-10','2023-06-09 10:58:54'),(83,'3341500687318','168855218712256','2023-07-06','2023-07-05 17:16:27'),(84,'3341500687318','168855218712256','2023-07-07','2023-07-05 17:16:27'),(85,'3340400584346','171712099315035828','2024-05-31','2024-05-31 09:03:13'),(87,'3341500687318','17188589351631967401','2024-06-24','2024-06-20 11:49:23'),(91,'1341500177020','1722824680141051865','2024-08-10','2024-08-05 15:02:51'),(90,'1341500177020','1722824680141051865','2024-08-09','2024-08-05 15:02:51'),(96,'1341500177020','1723618279363539720','2024-08-16','2024-08-15 11:38:16'),(97,'3341500712541','1724126582155698221','2024-08-20','2024-08-20 11:03:02'),(98,'3330400958505','17241319431249022404','2024-08-20','2024-08-20 12:32:23'),(99,'3330300236036','17241320111306680995','2024-08-20','2024-08-20 12:33:31'),(100,'3330300053811','17245834592089516065','2024-08-26','2024-08-25 17:57:39'),(101,'3330300053811','17245835531055937481','2024-08-20','2024-08-25 17:59:13'),(102,'1341500177020','1725599029249203793','2024-09-07','2024-09-06 12:03:49'),(103,'3330300053811','17271927521719067780','2024-09-25','2024-09-24 22:45:52'),(104,'3340400584346','1731031932893347340','2024-11-08','2024-11-08 09:12:12'),(105,'3340400584346','1747555831571240381','2025-05-19','2025-05-18 15:10:31'),(106,'1341500177020','17502332332146065685','2025-06-19','2025-06-18 14:53:53'),(107,'1341500177020','17508308291097014832','2025-06-27','2025-06-25 12:53:49'),(108,'3330400958505','17542966671107598460','2025-08-05','2025-08-04 15:37:47'),(111,'3349800150775','175500614319173391','2025-08-13','2025-08-12 20:54:22'),(112,'1341500177020','1755064378675596595','2025-08-15','2025-08-13 12:52:58'),(113,'1341500177020','1755064378675596595','2025-08-16','2025-08-13 12:52:58'),(114,'1331400004671','17551579441625321375','2025-08-15','2025-08-14 14:52:24'),(115,'1331400004671','17551579441625321375','2025-08-16','2025-08-14 14:52:24'),(116,'1330100029162','1756202118318886334','2025-08-27','2025-08-26 16:55:18'),(117,'3330300053811','17569741772114770672','2025-09-05','2025-09-04 15:22:57'),(118,'1341500177020','17580747531120453527','2025-09-19','2025-09-17 09:05:53'),(119,'1341500177020','1758865554845658450','2025-09-29','2025-09-26 12:45:54');

--
-- Table structure for table `permission_main`
--

CREATE TABLE `permission_main` (
  `id` int(11) NOT NULL AUTO_INCREMENT,
  `person_id` varchar(13) NOT NULL,
  `ref_id` varchar(50) NOT NULL,
  `subject` varchar(150) NOT NULL,
  `place` varchar(150) NOT NULL,
  `vehicle` varchar(150) DEFAULT NULL,
  `document` varchar(150) DEFAULT NULL,
  `no_comment` tinyint(4) NOT NULL DEFAULT 0,
  `grant_person_selected` varchar(13) DEFAULT NULL,
  `rec_date` datetime NOT NULL,
  `comment` varchar(200) DEFAULT NULL,
  `comment_person` varchar(13) DEFAULT NULL,
  `comment_date` datetime DEFAULT NULL,
  `grant_x` tinyint(4) DEFAULT NULL,
  `grant_comment` varchar(200) DEFAULT NULL,
  `grant_person` varchar(13) DEFAULT NULL,
  `grant_date` datetime DEFAULT NULL,
  `report` text DEFAULT NULL,
  `report_date` datetime DEFAULT NULL,
  PRIMARY KEY (`id`),
  UNIQUE KEY `ref_id` (`ref_id`)
) ENGINE=MyISAM AUTO_INCREMENT=74 DEFAULT CHARSET=utf8 COLLATE=utf8_general_ci;

--
-- Dumping data for table `permission_main`
--

INSERT INTO `permission_main` VALUES (1,'3349900216255','140048933810270','ขออนุญาตไปราชการ','มหาวิทยาลัยราชฏัีชอุบลราชธานี','รถยนต์ส่วนตัว','',0,'3340701216966','2014-05-19 15:48:58',NULL,NULL,NULL,1,NULL,'3340701216966','2014-05-19 15:50:34',NULL,NULL),(2,'3349800135491','140048936029369','อบรมที่เขต','เขต  4','เครี่องยิน','',0,'','2014-05-19 15:49:20',NULL,NULL,NULL,NULL,NULL,NULL,NULL,NULL,NULL),(3,'3349900131845','140048937526366','การอบรม ม ราชภัฏอุบลฯ','มหาวิทยาลัยราชภัฏอุบลฯ','รถยนต์','',0,'3340701216966','2014-05-19 15:49:35',NULL,NULL,NULL,1,NULL,'3340701216966','2014-05-19 15:51:30',NULL,NULL),(12,'3349900216271','140049051127882','อบรมแผนบูรณาการ','มหาวิทยาลัยราชภัฎอุบล','รถยนต์','',0,'3340701216966','2014-05-19 16:08:31',NULL,NULL,NULL,1,NULL,'3340701216966','2014-05-19 16:09:06',NULL,NULL),(5,'3349900216271','140048950316602','อบรมแผนบูรณาการ','มหาวิทยาลัยราชภัฎอุบล','รถยนต์','',0,'','2014-05-19 15:51:43',NULL,NULL,NULL,NULL,NULL,NULL,NULL,NULL,NULL),(6,'3349800207742','140048993829514','ขออนุญาตเข้าอบรมอาเชี่ยนศึกษา','ที่เขตพื้นที่การศึกษาประถมศึกษาอุบลราชธานี  เขต 4','รถยนต์ส่วนบุคคล','',0,'3340701216966','2014-05-19 15:58:58',NULL,NULL,NULL,1,NULL,'3340701216966','2014-05-19 15:59:54',NULL,NULL),(7,'3340400584346','140049000219889','ขออนุญาตไปราชการ','สพป.อบ4','รถยนต์ส่วนตัว','',0,'3340701216966','2014-05-19 16:00:02',NULL,NULL,NULL,1,NULL,'3340701216966','2014-05-19 16:01:01',NULL,NULL),(8,'3349900403420','14004902528364','ไปอบรม ม ราชภัฏ อุบลฯ','มหาวิทยาลัยราชภัฏ อุบลฯ','รถยนต์ส่วนตัว','',0,'3340701216966','2014-05-19 16:04:12',NULL,NULL,NULL,1,NULL,'3340701216966','2014-05-19 16:04:45',NULL,NULL),(9,'3341500712541','14004904024966','ขออนุญาติไปราชการ','ร.ร.บ้านถ่อน','รถยนต์ส่วนตัว','',0,'3340701216966','2014-05-19 16:06:42',NULL,NULL,NULL,1,NULL,'3340701216966','2014-05-19 16:08:43',NULL,NULL),(10,'3349900131845','140049042311298','ไปศึกษาดุงานประเทศพม่า','ประเทศพม่า','เครื่องบิน','',0,'3340701216966','2014-05-19 16:07:03',NULL,NULL,NULL,2,'','3340701216966','2014-05-19 16:11:13',NULL,NULL),(13,'3341500664172','14004905735659','ขออนุญาตไปราชการการอบรมการตรวจสอบภายใน','สพป อบ4','รถยนต์','',0,'3340701216966','2014-05-19 16:09:33',NULL,NULL,NULL,2,'','3340701216966','2014-05-19 16:12:34',NULL,NULL),(14,'3349800207742','140049061321432','การเขียนแผนการสอนแบบบูรณาการ','ม. ราชภัฎอุบล ฯ','','',0,'3340701216966','2014-05-19 16:10:13',NULL,NULL,NULL,1,NULL,'3340701216966','2014-05-19 16:12:19',NULL,NULL),(15,'3349900131845','140344386616532','ประชุมเชิงปฏิบัติการการจัดเก็บข้อมูลนักเรียนรายบุคคลภาคเรียนที่1/2557  Data  Management  Center(DMC)','ห้องประชุม  สพป.อบ.เขต 4','รถยนต์ส่ส่วนตัว','',0,'3340701216966','2014-06-22 20:31:06',NULL,NULL,NULL,1,NULL,'3340701216966','2018-11-07 10:40:05',NULL,NULL),(16,'3349900131845','140353217129979','การคุ้มครองช่วยเหลือเด็กนักเรียนและการป้องกันปัญหายาเสพติดในสถานศึกษาปีการศึกษา2557','ห้องประชุม สพป.อบ.เขต4','รถยนต์ส่วนตัว','',0,'3340701216966','2014-06-23 21:02:51',NULL,NULL,NULL,1,NULL,'3340701216966','2018-11-07 10:40:05',NULL,NULL),(17,'3340400584346','140353565814126','นิเทศติดตามและประเมินผลการดำเนินงานโรงเรียนแกนนำอาเซียนศึกษา','โรงเรียนบ้านหนองกินเพล','รถยนต์ส่วนตัว','',0,'3340701216966','2014-06-23 22:00:58',NULL,NULL,NULL,1,NULL,'3340701216966','2018-11-07 10:40:05',NULL,NULL),(18,'3340400584346','14035360671069','ประชุมเขียนแผนการจัดการเรียนรู้แบบบูรณราการ','ม. ราชภัฏอุบลราชธานี','รถยนต์ส่วนตัว','',0,'3340701216966','2014-06-23 22:07:47',NULL,NULL,NULL,1,NULL,'3340701216966','2018-11-07 10:40:05',NULL,NULL),(19,'3340400584346','140412973328004','การประชุมชี้แจง ผู้บริหารสถานศึกษา/ตัวแทนครูพี่่เลี้ยง','ม.ราชภัฏอุบลราชธานี','รถยนต์ส่วนตัว','',0,'3340701216966','2014-06-30 19:02:13',NULL,NULL,NULL,1,NULL,'3340701216966','2018-11-07 10:40:05',NULL,NULL),(20,'3341500687318','140723989312050','การปฎิบัติงานปรับปรุงทะเบียนประวัติอิเล็กทรอนิกส์ (ก.ค.ศ16) ให้เป็นปัจจุบัน','ห้องทะเบียนประวัติ กลุ่มบริหารงานบุคคล','รถยนต์ส่วนตัว','',0,'3340701216966','2014-08-05 18:58:13',NULL,NULL,NULL,1,NULL,'3340701216966','2018-11-07 10:40:05',NULL,NULL),(21,'3349900131845','140810640429181','การพัฒนาครูและบุคคลากรทางการศึกษาด้านวัดผล รุ่นที่  1','โรงแรมสุนีย์แกรนด์  จังหวัดอุบลราชธานี','รถยนต์','',0,'3340701216966','2014-08-15 19:40:04',NULL,NULL,NULL,1,NULL,'3340701216966','2018-11-07 10:40:05',NULL,NULL),(22,'3349800059166','148578166723148','คณะกรรมการคุมสอบ O-NEt','สพป.อบ.4','รถยนต์','',0,'','2017-01-30 20:07:47',NULL,NULL,NULL,NULL,NULL,NULL,NULL,NULL,NULL),(23,'3349800059166','151314961215086','ขออนุญาตเข้ารับการอบรมการพัฒนาก่อนการแต่งตั้งให้มีและเลื่อนเป็นวิทยฐานะชำนาญการพิเศษ','มหาวิทยาลัยราชภัฏมหาสารคาม','รถยนต์ส่วนบุคคล','modules/permission/upload_files/doc_151314961224681.docx',0,'3340701216966','2017-12-13 14:20:12',NULL,NULL,NULL,1,NULL,'3340701216966','2018-11-07 10:40:05',NULL,NULL),(25,'3341500687318','154148860027576','ส่งสัญญาจ้างธุรการโรงเรียน งบประมาณปี พ.ศ.2562','สำนักงานเขตพื้นที่การศึกษาประถมศึกษาอุบลราชธานี เขต 4','รถยนต์ส่วนบุคคล','',0,'3340701216966','2018-11-06 14:16:40',NULL,NULL,NULL,1,NULL,'3340701216966','2018-11-07 10:40:05',NULL,NULL),(26,'1340700434076','154175619313025','ไปตรวจสอบชุดอุปกรณ์และสื่อโครงการประชารัฐ','โรงเรียนบ้านดอนกลาง ','รถจักรยานยน','',0,'3340701216966','2018-11-09 16:36:33',NULL,NULL,NULL,1,'','3340701216966','2019-01-09 11:05:20',NULL,NULL),(27,'3341500687318','15440836337232','อบรมเชิงปฏิบัติการพัฒนาผู้ปฏิบัติงานธุรการโรงเรียนของ สพฐ.','สำนักงานเขตพื้นที่การศึกษาประถมศึกษาอุบลราชธานี เขต 4','รถยนต์ส่วนบุคคล','',0,'3340701216966','2018-12-06 15:07:13',NULL,NULL,NULL,1,'','3340701216966','2019-01-09 11:05:05',NULL,NULL),(28,'3341500687318','15468345857672','ขออนุญาตเข้าร่วมกิจกรรมปฏิบัติธรรมเพื่อถวายเป็นอาจริยบูชา ปี 2562','วัดหนองป่าพง  อำเภอวารินชำราบ  จ.อุบลราชธานี','รถยนต์ส่วนบุคคล','',0,'3340701216966','2019-01-07 11:16:25',NULL,NULL,NULL,1,'','3340701216966','2019-01-09 11:04:48',NULL,NULL),(29,'3349800059166','154683470916541','ขออนุญาตเข้าร่วมกิจกรรมปฏิบัติธรรมเพื่อถวายเป็นอาจริยบูชา ปี 2562','วัดหนองป่าพง  อำเภอวารินชำราบ  จ.อุบลราชธานี','รถยนต์ส่วนบุคคล','',0,'3340701216966','2019-01-07 11:18:29',NULL,NULL,NULL,1,'','3340701216966','2019-01-09 11:04:57',NULL,NULL),(30,'3349800150775','156637348415022','อบรมโครงการส่งเสริมการเรียนรู้เพื่อพัฒนาทักษะด้านโค้ดดิ้ง สู่สังคมดิจิทัลในอนาคต','โรงแรมเนวาด้าแกรนด์','รถยนต์ส่วนบุคคล','',0,'3340400584346','2019-08-21 14:44:44',NULL,NULL,NULL,1,'','3340400584346','2019-10-04 05:38:29',NULL,NULL),(31,'3340400584346','16124126286146','เข้าร่วมฝึกอบรมโครงการแก้ไขปัญหาในพื้นที่เกี่ยวกับปัญหาการจัดซื้อจัดจ้างของหน่วยงานของรัฐในเขตพื้นที่ภาค 3','โรงแรมสุนีย์ แกรนด์โฮเทล แอน คอนเวนชั่น เซ็นเตอร์','รถยนต์ส่วนบุคคล','',0,'3340700388739','2021-02-04 11:23:48',NULL,NULL,NULL,1,NULL,'3340700388739','2021-02-24 14:33:06',NULL,NULL),(32,'3341500687318','161405285310633','การอบรมเชิงปฏิบัติการระบบสนับสนุนการบริหารการจัดการสถานศึกษา SMSS','โรงเรียนบ้านห้วยขะยุง (คุรุพานิชวิทยาคาร)','รถยนต์ส่วนบุคคล','modules/permission/upload_files/doc_161405285319600.pdf',0,'3340700388739','2021-02-23 11:00:53',NULL,NULL,NULL,1,NULL,'3340700388739','2021-02-24 14:33:06',NULL,NULL),(33,'3349800150775','161413515911616','การอบรมปฏิบัติการระบบบริหารจัดการสถานศึกษา ','รร.บ้านห้วยขะยุง (คุรุพานิชวิทยาคาร)','รถยนต์ส่วนบุคคล','',0,'3340700388739','2021-02-24 09:52:39',NULL,NULL,NULL,1,NULL,'3340700388739','2021-02-24 14:33:06',NULL,NULL),(34,'1340700434076','161413522916921','การอบรมเชิงปฏิบัติการการพัฒนาการใช้ระบบสนับสนุนการบริหารจัดการสถานศึกษา','โรงเรียนบ้านห้วยขะยุง(คุรุพานิชวิทยาคาร)','รถยนต์ส่วนบุคคล','',0,'3340700388739','2021-02-24 09:53:49',NULL,NULL,NULL,1,NULL,'3340700388739','2021-02-24 14:33:06',NULL,NULL),(35,'1340700434076','161413527429406','การอบรมเชิงปฏิบัติการการพัฒนาการใช้ระบบสนับสนุนการบริหารจัดการสถานศึกษา','โรงเรียนบ้านห้วยขะยุง(คุรุพานิชวิทยาคาร)','รถยนต์ส่วนบุคคล','',0,'3340700388739','2021-02-24 09:54:34',NULL,NULL,NULL,1,NULL,'3340700388739','2021-02-24 14:33:06',NULL,NULL),(36,'3341500687318','16683932674420','การเตรียมการจัดตั้งงบประมาณรายจ่ายประจำปีงบประมาณปีงบประมาณ พ.ศ.2567 งบลงทุน ค่าครุภัณฑ์ ที่ดินและสิ่งก่อสร้าง','สพป.อุบลราชธานีเขต 4','รถยนต์ส่วนบุคคล','',0,'3341500664270','2022-11-14 09:34:27',NULL,NULL,NULL,1,'','3341500664270','2022-12-26 02:47:19',NULL,NULL),(37,'3349900216271','166965401525348','ประชุมกลุ่มวารินชำราบ4 เรื่องการแข่งขันกิจกรรมศิลปหัตถกรรมครั้งที่70','โรงเรียนบ้านโนนบอน','รถยนต์','',0,'','2022-11-28 23:46:55',NULL,NULL,NULL,NULL,NULL,NULL,NULL,NULL,NULL),(38,'3341500687318','166970933523467','ประชุมคณะกรรมการจัดทำเอกสารการแข่งขันศิลปหัตถกรรมนักเรียน ','โรงเรียนบ้านโนนบอน(คำหล้าประชานุเคระาห์)','รถยนต์ส่วนบุคคล','',0,'3341500664270','2022-11-29 15:08:55',NULL,NULL,NULL,1,'','3341500664270','2022-12-26 02:47:40',NULL,NULL),(39,'3341500687318','16790433042329','การประเมินคุณภาพผู้เรียน (NT) ชั้นประถมศึกษาปีที่ 3 ปีการศึกษา 2565','โรงเรียนบ้านโนนบอน(คำหล้าประชานุเคระาห์)','รถยนต์ส่วนบุคคล','',0,'3341500664270','2023-03-17 15:55:04',NULL,NULL,NULL,1,'','3341500664270','2023-03-17 15:55:47',NULL,NULL),(40,'3349800150775','167911382521447','การประเมินคุณภาพผู้เรียน (NT)ชั้นประถมศึกษาปึที่ 3 ปีการศึกษา 2565','โรงเรียนบ้านโนนบอน(คำหล้าประชานุเคระาห์)','รถยนต์ส่วนบุคคล','',0,'3341500664270','2023-03-18 11:30:25',NULL,NULL,NULL,1,'','3341500664270','2023-03-18 11:30:50',NULL,NULL),(41,'3349900216271','167911393326087','การประเมินคุณภาพผู้เรียน (NT) ชั้นประถมศึกษาปีที่ 3 ปีการศึกษา 2565','โรงเรียนบ้านโนนบอน(คำหล้าประชานุเคระาห์)','รถยนต์ส่วนบุคคล','',0,'3341500664270','2023-03-18 11:32:13',NULL,NULL,NULL,1,'','3341500664270','2023-03-18 11:32:38','ได้รับคำสั่งแต่งตั้งให้เป็นกรรมการคุมสอบนักเรียนชั้นประถมศึกษาปีท่ี 3\r\nปฏิบัติงานได้สำเร็จเรียบร้อยดี','2023-05-24 23:20:54'),(42,'3341500664270','16803354343320','การฝึกอบรมบุคลากรทางลูกเสือ','ค่ายลูกเสือจังหวัดอุบลราชธานี (บ้านหนองไหล) ต.หนองขอน อ.เมือง จ.อุบลราชธานี','รถยนต์ส่วนบุคคล','modules/permission/upload_files/doc_168033543427739.docx',0,'3341500664270','2023-04-01 14:50:34',NULL,NULL,NULL,1,'','3341500664270','2023-05-02 11:18:52',NULL,NULL),(43,'3341500664270','168300159521358','การฝึกอบรมบุคลากรทางการลูกเสือ หลักสูตรวิชาผู้กำกับลูกเสือสามัญ ขั้นความรู้ชั้นสูง (A.T.C.)','ค่ายลูกเสือจังหวัดอุบลราชธานี (บ้านหนองไหล)','รถยนต์ส่วนบุคคล','modules/permission/upload_files/doc_16830015952793.docx',0,'3341500664270','2023-05-02 11:26:35',NULL,NULL,NULL,1,'','3341500664270','2023-05-02 11:27:02',NULL,NULL),(44,'3341500687318','168362282023347','การแต่งตั้งคณะกรรมการประจำหน่วยเลือกตั้ง','สำนัหงานเทศบาลตำบลห้วยขะยุง','รถยนต์ส่สนบุคคล','',0,'3341500664270','2023-05-09 16:00:20',NULL,NULL,NULL,1,'','3341500664270','2023-05-09 16:13:14',NULL,NULL),(45,'3340400584346','168367820831157','การประชุมคณะกรรมการประจำหน่วยเลือกตั้ง','สำนักงานเทศบาลห้วยขยุง','รถยนต์ส่วนบุคคล','',0,'3341500664270','2023-05-10 07:23:28',NULL,NULL,NULL,1,'','3341500664270','2023-05-10 08:56:50',NULL,NULL),(46,'3330400958505','168430407413728','เข้าร่วมประชุมปฏิบัติการด้านการคัดกรองสายตา','ณ ห้องประชุมไทรทอง สพป.อบ.4','รถยนต์ส่วนตัว','',0,'3341500664270','2023-05-17 13:14:34',NULL,NULL,NULL,1,'','3341500664270','2023-05-18 14:29:40','','2023-05-31 10:16:26'),(47,'3349900216271','168494506525757','อบรมขยายผลการจัดการเรียนรู้เชิงรุก Active Learning','โรงเรียนวิจิตราพิทยา','รถยนต์ส่วนตัว','',0,'3341500664270','2023-05-24 23:17:45',NULL,NULL,NULL,1,'','3341500664270','2023-06-09 10:59:23',NULL,NULL),(48,'3340400584346','168550015713451','ขอความอนุเคราะห์เป็นคณะกรรมการประเมินการพัฒนาอย่างเข้มครูผู้ช่วย','รร.บ้านห่องชัน','','',0,'3341500664270','2023-05-31 09:29:17',NULL,NULL,NULL,1,'','3341500664270','2023-06-09 10:59:28',NULL,NULL),(49,'3341500687644','168628313427137','การนำหลักสูตรต้านทุจริตศึกษา พ.ศ. 2565 ไปปรับใช้ในการจัดการเรียนการสอนในสถานศึกษา','สพป.อุบลราชธานีเขต 4','รถยนต์ส่วนบุคคล','',0,'3341500664270','2023-06-09 10:58:54',NULL,NULL,NULL,1,'','3341500664270','2023-06-09 10:59:44',NULL,NULL),(50,'3341500687318','168855218712256','ควบคุมนักเรียนเข้าค่ายคุณธรรม จริยธรรม','วัดป่าสว่างวีระวงศ์ อำเภอสว่างวีระวงศ์','รถยนต์ส่วนบุคคล','',0,'3341500664270','2023-07-05 17:16:27',NULL,NULL,NULL,1,'','3341500664270','2023-09-17 12:43:48',NULL,NULL),(51,'3340400584346','171712099315035828','ขอเชิญเป็นคณะกรรมการประเมินการเตรียมความพร้อมและพัฒนาอย่างเข้ม ตำแหน่งครูผู้ช่วย','รร.บ้านห่องชัน','รถส่วนตัว','',0,'3341500664270','2024-05-31 09:03:13',NULL,NULL,NULL,1,'','3341500664270','2024-08-05 15:01:55',NULL,NULL),(52,'3341500687318','17188589351631967401','ขออนญาตเข้าร่วมการประชุมสามัญประจำปี กลุ่มส่งเสริมประสิทธิภาพการศึกษาวารินชำราบ 4','โรงแรมบ้านสวนคุณตา','รถยนต์ส่วนบุคคล','',0,'3341500664270','2024-06-20 11:48:55',NULL,NULL,NULL,1,NULL,'3341500664270','2024-08-05 14:49:08',NULL,NULL),(53,'1341500177020','1722824680141051865','การอบรมเชิงปฏิบัติการขั้นพื้นฐานและการเขียนรายงานโครงงานโดยกระบวนการสืบเสาะของเด็กปฐมวัย','สพป.อุบลราชธานี เขต 4','รถยนต์','',0,'3341500664270','2024-08-05 09:24:40',NULL,NULL,NULL,1,'','3341500664270','2024-08-05 15:03:22',NULL,NULL),(54,'1341500177020','1723618279363539720','การอบรมเชิงปฏิบัติการขั้นเฉพาะทางตามแนวทาง \"บ้านวิทยาศาสตร์น้อย ประเทศไทย\" ระดับปฐมวัย ปีการศึกษา 2567','สพป.อุบลราชธานี เขต 4','รถยนต์','',0,'3341500664270','2024-08-14 13:51:19',NULL,NULL,NULL,1,'','3341500664270','2024-12-01 15:54:52',NULL,NULL),(55,'3341500712541','1724126582155698221','ขออนุญาตไปพบหมอตามนัด','รพ.ค่ายสรรพสิทธิประสงค์','รถยนต์ส่วนบุคคล','',0,'3341500664270','2024-08-20 11:03:02',NULL,NULL,NULL,1,'','3341500664270','2024-12-01 15:54:58',NULL,NULL),(56,'3330400958505','17241319431249022404','ขอไปตรวจสุขภาพตามนัด','โรงพยาบาลค่ายสรรพสิทธิประสงค์','รถยนต์ส่วนบุคคล','',0,'3341500664270','2024-08-20 12:32:23',NULL,NULL,NULL,1,'','3341500664270','2024-12-01 15:55:04',NULL,NULL),(57,'3330300236036','17241320111306680995','ขออนุญาตเข้ารับการตรวจสุขภาพตามนัด','โรงพยาบาลค่ายสรรพสิทธิประสงค์','','',0,'3341500664270','2024-08-20 12:33:31',NULL,NULL,NULL,1,'','3341500664270','2024-11-16 14:38:52',NULL,NULL),(58,'3330300053811','17245834592089516065','อบรมพัฒนาบุคคลากรทางการศึกษาด้านจิตวิทยาเพื่อการเรียนรู้','ห้องประชุม ไทรทอง สพป. อบ 4','รถนยต์ส่วนบุคคล','',0,'3341500664270','2024-08-25 17:57:39',NULL,NULL,NULL,1,'','3341500664270','2024-11-16 14:38:58',NULL,NULL),(59,'3330300053811','17245835531055937481','ตรวจมะเร็งเต้านม','ไป รพ.ค่ายสรรพสิทธิประสงค์','','',0,'3341500664270','2024-08-25 17:59:13',NULL,NULL,NULL,1,'','3341500664270','2024-11-16 14:39:07',NULL,NULL),(60,'1341500177020','1725599029249203793','เข้าร่วมอบรมเสริมสร้างศักยภาพครูผู้สอนปฐมวัย เพื่อการพัฒนาทักษะทางสมอง (Executive Functions : EF) สำหรับเด็กปฐมวัย ในการป้องกันและแก้ไขปัญหายาเสพติดใน','สพป.อุบลราชธานี เขต 4','','',1,'3341500664270','2024-09-06 12:03:49',NULL,NULL,NULL,1,'','3341500664270','2024-11-16 14:44:20',NULL,NULL),(61,'3330300053811','17271927521719067780','ประชุมเชิงปฏิบัติการการรายงานผลระบบตืดตามการใช้สารสนเทศในสถานศึกษา','ห้องประชุม ไทรทอง สพป. อบ 4','รถยนต์ส่วนตัว','',0,'3341500664270','2024-09-24 22:45:52',NULL,NULL,NULL,1,'','3341500664270','2024-11-16 14:44:16',NULL,NULL),(62,'3340400584346','1731031932893347340','ขออนุญาตเป็นคณะกรรมการประเมินครูผู้ช่วยโรงเรียนบ้านห่องชัน','โรงเรียนบ้านห่องชัน','รถส่วนตัว','',0,'3341500664270','2024-11-08 09:12:12',NULL,NULL,NULL,1,'','3341500664270','2024-11-16 14:39:32',NULL,NULL),(63,'3340400584346','1747555831571240381','ประชุมเชิงปฎบัติการ coaching  ชั้น ป.1','สพป.อบ.4','รถยนต์ส่วนตัว','',0,'','2025-05-18 15:10:31',NULL,NULL,NULL,NULL,NULL,NULL,NULL,NULL,NULL),(64,'1341500177020','17502332332146065685','เข้าร่วมประชุมแลกเปลี่ยนดำเนินการเกี่ยวกับการศึกษาปฐมวัย ปีการศึกษา 2568','สพป.อุบลราชธานี เขต 4','รถจักยานยนต์','',0,'3341500664270','2025-06-18 14:53:53',NULL,NULL,NULL,1,'','3341500664270','2025-07-07 15:28:53',NULL,NULL),(65,'1341500177020','17508308291097014832','เข้าร่วมอบรมเชิงปฏิบัติการขั้นพื้นฐานและขั้นเฉพาะทาง หัวข้อ \"เทคโนโลยี จากที่นี่ ไปที่นั่น\" ','สพป.อุบลราชธานี เขต 4','รถจักยานยนต์','',0,'3341500664270','2025-06-25 12:53:49',NULL,NULL,NULL,1,'','3341500664270','2025-07-07 15:28:20',NULL,NULL),(66,'3330400958505','17542966671107598460','เข้าร่วมประชุมปฏิบัติการพัฒนาสื่อส่งเสริมการอ่านการเขียนด้วยการประยุกต์ใช้AI ปี2568','ห้องประชุมไทรทอง','รถยนต์ส่วนตัว','',0,'3341500664270','2025-08-04 15:37:47',NULL,NULL,NULL,1,'','3341500664270','2025-08-06 09:38:16',NULL,NULL),(67,'3349800150775','175500614319173391','กิจกรรม Workshop การประเมินคุณธรรมและความโปร่งใสของสถานศึกษาออนไลน์ (ITA)','โรงเรียนอนุบาลวารินชำราบ (ก่อวิทยาคาร)','รถยนต์ส่วนบุคคล','',0,'3341500664270','2025-08-12 20:42:23',NULL,NULL,NULL,1,'','3341500664270','2025-08-12 20:57:53',NULL,NULL),(68,'1341500177020','1755064378675596595','การอบรมเชิงปฏิบัติการเพื่อพัฒนาการจัดประสบการณ์การเรียนรู้เชิงรุก Active Learning ด้วยกิจกรรมส่งเสริมทักษะทางสมอง Executive Functions : EF แบบบูรณาการ','สพป.อุบลราชธานี เขต 4','รถจักรยานยนต์','',0,'3341500664270','2025-08-13 12:52:58',NULL,NULL,NULL,1,'','3341500664270','2025-08-13 14:30:13',NULL,NULL),(69,'1331400004671','17551579441625321375',' การอบรมเชิงปฏิบัติการเพื่อพัฒนาการจัดประสบการณ์การเรียนรู้เชิงรุก Active Learning ด้วยกิจกรรมส่งเสริมทักษะทางสมอง Executive Functions : EF แบบบูรณากา','น. ณ ห้องประชุมไทรทอง สำนักงานเขตพื้นที่การศึกษาประถมศึกษาอุบลราชธานี เขต 4 ','รถยนต์ส่วนตัว','',0,'3341500664270','2025-08-14 14:52:24',NULL,NULL,NULL,1,'','3341500664270','2025-09-11 09:44:37',NULL,NULL),(70,'1330100029162','1756202118318886334','ประชุมคณะทำงาน กิจกรรมการประเมินคุณธรรมและความโปร่งใสของสถานศึกษาออนไลน์ (ITA)','ห้องประชุมนิเทศ สพป.อบ.4','','',0,'3341500664270','2025-08-26 16:55:18',NULL,NULL,NULL,1,'','3341500664270','2025-09-11 09:44:44',NULL,NULL),(71,'3330300053811','17569741772114770672','อบรมเชิงปฏิบัติการครูผู้สอนภาษาไทย ป.1','ห้องประชุม ไทรทอง สพป. อบ 4','รถนยต์ส่วนบุคคล','',0,'','2025-09-04 15:22:57',NULL,NULL,NULL,NULL,NULL,NULL,NULL,NULL,NULL),(72,'1341500177020','17580747531120453527','การอบรมการใช้งานระบบ HERO OBEC Care และการเสริมสร้างภูมิคุ้มกันทางจิตใจเพื่อลดอัตราการออกกลางคันของผู้เรียน ปีการศึกษา 2568','ห้องประชุมไทรทอง สพป.อุบลราชธานี เขต 4','รถจักรยานยนต์','',0,'3341500664270','2025-09-17 09:05:53',NULL,NULL,NULL,1,'','3341500664270','2025-10-03 11:40:53',NULL,NULL),(73,'1341500177020','1758865554845658450','เข้าเยี่ยมชมกิจกรรมแลกเปลี่ยนเรียนรู้การจัดการเรียนรู้เชิงรุก (Active Leaning)','โรงแรมเนวาด้า แกรนด์ อุบลราชธานี จัดโดย สพป.อุบลราชธานี เขต 4','','',0,'3341500664270','2025-09-26 12:45:54',NULL,NULL,NULL,1,'','3341500664270','2025-10-03 11:41:01',NULL,NULL);

--
-- Table structure for table `permission_permission`
--

CREATE TABLE `permission_permission` (
  `id` int(11) NOT NULL AUTO_INCREMENT,
  `person_id` varchar(13) NOT NULL,
  `p1` tinyint(4) NOT NULL,
  `officer` varchar(13) NOT NULL,
  `rec_date` date NOT NULL,
  PRIMARY KEY (`id`)
) ENGINE=MyISAM AUTO_INCREMENT=4 DEFAULT CHARSET=utf8 COLLATE=utf8_general_ci;

--
-- Dumping data for table `permission_permission`
--

INSERT INTO `permission_permission` VALUES (1,'3340700388739',1,'3340700388739','2021-07-09'),(2,'3330300236036',1,'3340700388739','2021-07-09'),(3,'3340700388739',0,'3340700388739','2021-07-09');

--
-- Table structure for table `permission_person_set`
--

CREATE TABLE `permission_person_set` (
  `id` int(11) NOT NULL AUTO_INCREMENT,
  `person_id` varchar(13) NOT NULL,
  `comment_person` varchar(13) DEFAULT NULL,
  `grant_person` varchar(13) DEFAULT NULL,
  `officer` varchar(13) DEFAULT NULL,
  `rec_date` date DEFAULT NULL,
  PRIMARY KEY (`id`),
  UNIQUE KEY `person_id` (`person_id`)
) ENGINE=MyISAM AUTO_INCREMENT=2 DEFAULT CHARSET=utf8 COLLATE=utf8_general_ci;

--
-- Dumping data for table `permission_person_set`
--

INSERT INTO `permission_person_set` VALUES (1,'3340701216966','','3340701216966','3349900216255','2014-05-16');

--
-- Table structure for table `person_main`
--

CREATE TABLE `person_main` (
  `id` int(11) NOT NULL AUTO_INCREMENT,
  `person_id` varchar(13) NOT NULL,
  `prename` varchar(20) NOT NULL,
  `name` varchar(50) NOT NULL,
  `surname` varchar(50) NOT NULL,
  `position_code` tinyint(4) NOT NULL,
  `pic` varchar(150) DEFAULT NULL,
  `status` tinyint(4) NOT NULL DEFAULT 0,
  `person_order` tinyint(4) DEFAULT 0,
  `officer` varchar(13) NOT NULL,
  `rec_date` date NOT NULL,
  PRIMARY KEY (`id`),
  UNIQUE KEY `person_id` (`person_id`)
) ENGINE=MyISAM AUTO_INCREMENT=43 DEFAULT CHARSET=utf8 COLLATE=utf8_general_ci;

--
-- Dumping data for table `person_main`
--

INSERT INTO `person_main` VALUES (30,'3349800150775','นางสาว','สุภาวดี','คณาพันธ์',3,'modules/person/picture/3349800150775.jpg',0,3,'3341500687318','2019-05-16'),(18,'3349800207742','นาง','อรทัย','อุทัยกรณ์',3,'',1,0,'3349900216255','2015-05-17'),(5,'3340400584346','นาง','อาวรณ์ ','อุตรา',3,'modules/person/picture/3340400584346.jpg',0,3,'3341500687318','0000-00-00'),(6,'3349800064437','นาย','อนุชา ','มากนวล',3,'modules/person/picture/3349800064437.JPG',1,3,'3341500687318','0000-00-00'),(20,'3349800059166','นาง','เพชรรัตน์','ทรัพย์โคกสูง',3,'modules/person/picture/3349800059166.jpg',1,3,'3341500687318','2015-06-03'),(8,'3349900403420','นาง','สุไรรัตน์ ','อุทัยกรณ์',3,'modules/person/picture/3349900403420.JPG',1,0,'3349900216255','0000-00-00'),(9,'3349900131845','น.ส.','นิภา ','พาเรือง',3,'modules/person/picture/3349900131845.jpg',1,3,'3341500687318','0000-00-00'),(10,'3349900301082','นาง','ปานทิพย์ ','หลวงวงศ์',3,'modules/person/picture/3349900301082.JPG',1,0,'3349900216255','0000-00-00'),(12,'3341500712541','นาง','ประไพพร','ทาทอง',3,'modules/person/picture/3341500712541.jpg',0,3,'3341500687318','2014-03-12'),(13,'1341100147212','น.ส.','บุศย์น้ำเพชร','ปูคะภาค',6,'',1,0,'3349900216255','2014-03-12'),(15,'3341500687318','นาง','วรรณภา','โสภาพิศ',32,'modules/person/picture/3341500687318.jpg',0,32,'3341500687318','2014-05-17'),(19,'3349800057520','นาง','เพ็ญพิศ','กล้าแข็ง',3,'',1,0,'3349900216255','2015-05-17'),(17,'3341540066417','นาง','วิไล','พรหมชุณห์',3,'',1,0,'3349900216255','2015-05-17'),(28,'1349900465836','นางสาว','คุณาภรณ์','อุตรา',31,'modules/person/picture/1349900465836.jpg',1,31,'3341500687318','2018-11-07'),(35,'3330400958505','นาง','วิลาวรรณ','สมจันทร์',3,'modules/person/picture/3330400958505.jpg',0,3,'3341500687318','2020-06-22'),(36,'3341500687644','นาย','ณัฐเตชิต','ศิริบูรณ์',3,'modules/person/picture/3341500687644.jpg',0,3,'3341500687318','2020-10-05'),(29,'1350300048454','นาย','เอกชัย','ศรีมันตะ',33,'modules/person/picture/1350300048454.jpg',1,33,'3341500687318','2019-02-04'),(23,'3330300771225','นาย','วรัญญู','ทาทอง',3,'',1,0,'3341500687318','2015-06-03'),(24,'3330300236036','นาง','วรุณพร','รชตภคนันท์',3,'modules/person/picture/3330300236036.jpg',0,3,'3341500687318','2015-11-02'),(31,'1340700434076','นางสาว','กิติยาภรณ์','บุญเสริฐ',34,'modules/person/picture/1340700434076.jpg',1,34,'3341500687318','2019-05-22'),(32,'3349900216271','นาง','ไพฤทธิ์','กิ่งบู',3,'modules/person/picture/3349900216271.jpg',1,3,'3341500687318','2019-06-19'),(33,'3340700388739','นาย','วิศานต์','สิงห์คง',1,'',1,1,'Nalinee','2019-09-05'),(37,'1331400004671','นางสาว','นัติยา','ทุมทัน',3,'',0,3,'3341500687318','2021-06-17'),(38,'3330300053811','นาง','ดารุณี','บุราเลข',3,'',0,3,'3330300053811','2021-11-08'),(39,'3341500664270','นางสาว','วันเพ็ญ','เจริญราษฎร์',1,'',0,1,'3341500664270','2022-10-12'),(40,'1320700163439','นาย','นาท','ผลอินทร์',31,'',1,31,'3341500687318','2023-01-03'),(41,'1330100029162','นางสาว','สุธาทิพย์','ควรนาม',3,'',0,3,'3341500687318','2023-11-15'),(42,'1341500177020','นางสาว','เกศดาพร','โวอ่อนศรี',4,'',0,4,'3341500687318','2024-05-21');

--
-- Table structure for table `person_permission`
--

CREATE TABLE `person_permission` (
  `id` int(11) NOT NULL AUTO_INCREMENT,
  `person_id` varchar(13) NOT NULL,
  `p1` tinyint(4) NOT NULL,
  `officer` varchar(13) NOT NULL,
  `rec_date` date NOT NULL,
  PRIMARY KEY (`id`)
) ENGINE=MyISAM AUTO_INCREMENT=7 DEFAULT CHARSET=utf8 COLLATE=utf8_general_ci;

--
-- Dumping data for table `person_permission`
--

INSERT INTO `person_permission` VALUES (1,'3341500664270',1,'3341500664270','2025-08-02'),(4,'3341500687318',1,'3349900216255','2018-09-14'),(5,'3330300053811',1,'3341500687318','2024-05-08'),(6,'3349800150775',1,'3341500687318','2024-05-27');

--
-- Table structure for table `person_position`
--

CREATE TABLE `person_position` (
  `id` int(11) NOT NULL AUTO_INCREMENT,
  `position_code` int(11) NOT NULL,
  `position_name` varchar(50) NOT NULL,
  PRIMARY KEY (`id`),
  UNIQUE KEY `position_code` (`position_code`)
) ENGINE=MyISAM AUTO_INCREMENT=20 DEFAULT CHARSET=utf8 COLLATE=utf8_general_ci;

--
-- Dumping data for table `person_position`
--

INSERT INTO `person_position` VALUES (1,1,'ผู้อำนวยการโรงเรียน'),(2,2,'รองผู้อำนวยการโรงเรียน'),(3,3,'ครู'),(4,4,'ครูผู้ช่วย'),(5,11,'พนักงานราชการ(ครูผู้สอน)'),(6,12,'พนักงานราชการ(ครูพี่เลี้ยง)'),(7,13,'พนักงานราชการ(อื่น ๆ)'),(17,41,'ผู้จัดการโรงเรียนเอกชน'),(9,21,'ลูกจ้างประจำ(พนักงานธุรการ)'),(10,22,'ลูกจ้างประจำ(พนักงานขับรถยนต์))'),(11,23,'ลูกจ้างประจำ(ช่างครุภัณฑ์)'),(12,24,'ลูกจ้างประจำ(อื่น ๆ)'),(13,31,'ลูกจ้างชั่วคราว(ครู)'),(14,32,'ลูกจ้างชั่วคราว(เจ้าหน้าที่ธุรการโรงเรียน)'),(15,33,'ลูกจ้างชั่วคราว(นักการภารโรง)'),(16,34,'ลูกจ้างชั่วคราว(อื่น ๆ)'),(18,42,'เจ้าหน้าที่บริหารทั่วไปโรงเรียนเอกชน'),(19,43,'เจ้าหน้าที่อื่น ๆ โรงเรียนเอกชน');

--
-- Table structure for table `plan_acti`
--

CREATE TABLE `plan_acti` (
  `id` int(11) NOT NULL AUTO_INCREMENT,
  `budget_year` int(11) DEFAULT NULL,
  `code_clus` tinyint(4) NOT NULL,
  `code_proj` char(3) NOT NULL DEFAULT '',
  `code_acti` char(6) NOT NULL DEFAULT '',
  `code_approve` char(3) NOT NULL DEFAULT '',
  `budget_acti` decimal(10,2) NOT NULL DEFAULT 0.00,
  `budget_approve` decimal(10,2) NOT NULL DEFAULT 0.00,
  `dayinput` date NOT NULL DEFAULT '0000-00-00',
  `daythai` char(13) NOT NULL DEFAULT '',
  `name_acti` char(150) NOT NULL,
  `owner_acti` char(50) NOT NULL DEFAULT '',
  `id_defalt` char(13) NOT NULL DEFAULT '',
  `dayseri` datetime NOT NULL DEFAULT '0000-00-00 00:00:00',
  `begin_date` date NOT NULL,
  `finish_date` date NOT NULL,
  `stop` tinyint(1) DEFAULT NULL,
  PRIMARY KEY (`id`)
) ENGINE=MyISAM AUTO_INCREMENT=315 DEFAULT CHARSET=utf8 COLLATE=utf8_general_ci;

--
-- Dumping data for table `plan_acti`
--

INSERT INTO `plan_acti` VALUES (1,2557,1,'001','001001','109',3500.00,0.00,'0000-00-00','4 มิ.ย. 2557','จัดทำแบบบันทึกการนิเทศภายใน\r\n- ซื้อกระดาษทำแผนนิเทศภายใน','','','0000-00-00 00:00:00','2014-04-01','2015-03-31',NULL),(2,2557,1,'001','001002','109',1500.00,0.00,'0000-00-00','4 มิ.ย. 2557','รายงานโครงการนิเทศภายใน\r\n- ซื้อกระดาษค่าวัสดุจัดทำรายงานโครงการ','','','0000-00-00 00:00:00','2014-04-01','2015-03-31',NULL),(8,2557,1,'002','002001','109',25000.00,0.00,'0000-00-00','4 มิ.ย. 2557','ค่าวัสดุรายหัวประถมศึกษา','','','0000-00-00 00:00:00','2014-04-01','2015-03-31',NULL),(4,2557,1,'002','002002','109',10000.00,0.00,'0000-00-00','4 มิ.ย. 2557','จัดทำแบบฝึกการอ่าน คิดวิเคราะห์ และเขียน\r\n- ซื้อกระดาษ','','','0000-00-00 00:00:00','2014-04-01','2015-03-31',NULL),(5,2557,1,'002','002003','109',5000.00,0.00,'0000-00-00','4 มิ.ย. 2557','เข้าค่ายวิชาการ ป.1-ป.6 การสอบ LAS,NT,O-NET\r\n- ค่ากระดาษจัดทำแบบฝึกและเครื่องมือทดสอบ','','','0000-00-00 00:00:00','2014-04-01','2015-03-31',NULL),(6,2557,1,'003','003001','109',13000.00,0.00,'0000-00-00','4 มิ.ย. 2557','ส่งเสริมการอ่าน\r\n- จัดซื้อหนังสือส่งเสริมการอ่านในห้องสมุด','','','0000-00-00 00:00:00','2014-04-01','2015-03-31',NULL),(7,2557,1,'003','003002','109',2000.00,0.00,'0000-00-00','4 มิ.ย. 2557','รักการอ่าน\r\n- ซื้อกระดาษจัดทำบันทึกการอ่านทุกชั้น','','','0000-00-00 00:00:00','2014-04-01','2015-03-31',NULL),(9,2557,1,'004','004001','109',5000.00,0.00,'0000-00-00','4 มิ.ย. 2557','กิจกรรมศิลปะ\r\n- ซื้ออุปกรณ์กิจกรรมศิลปะ','','','0000-00-00 00:00:00','2014-04-01','2015-03-31',NULL),(10,2557,1,'004','004002','109',5000.00,0.00,'0000-00-00','4 มิ.ย. 2557','กิจกรรมด้านดนตรี\r\n- ซื้อเครื่องดนตรีประจำห้องเรียน(กลอง)','','','0000-00-00 00:00:00','2014-04-01','2015-03-31',NULL),(11,2557,1,'004','004003','109',10000.00,0.00,'0000-00-00','4 มิ.ย. 2557','กิจกรรมออกกำลังกาย\r\n- กิจกรรมเข้าจังหวะ\r\n- กิจกรรมเวทีคนเก่ง\r\n-กายบริหารสมองหน้าเสาธง\r\n- กิจกรรมแข่งขันกีฬา','','','0000-00-00 00:00:00','2014-04-01','2015-03-31',NULL),(12,2557,1,'005','005001','109',13000.00,0.00,'0000-00-00','4 มิ.ย. 2557','กิจกรรมเสริมทักษะการทำงาน\r\n- เพาะปลูก จัดสวนหย่อม  5000\r\n- ประดิษฐ์เศษวัสดุ  3000\r\n- กิจกรรมประกอบอาหาร 5000','','','0000-00-00 00:00:00','2014-04-01','2015-03-31',NULL),(13,2557,1,'005','005002','109',2000.00,0.00,'0000-00-00','4 มิ.ย. 2557','กิจกรรมฝึกอาชีพในชุมชน\r\n- ค่าตอบแทน 1000\r\n- ค่าวัสดุ  1000','','','0000-00-00 00:00:00','2014-05-14','2014-09-30',NULL),(14,2557,1,'006','006001','109',1000.00,0.00,'0000-00-00','4 มิ.ย. 2557','จัดทำทะเบียนแหล่งเรียนรู้\r\n- ค่ากระดาษ','','','0000-00-00 00:00:00','2014-04-01','2015-03-31',NULL),(15,2557,1,'006','006002','109',3000.00,0.00,'0000-00-00','4 มิ.ย. 2557','ค่าตอบแทนวิทยากรภายนอกภูมิปัญญาท้องถิ่น 1000\r\n- ซื้อวัสดุอุปกรณ์ 2000','','','0000-00-00 00:00:00','2014-04-01','2015-03-31',NULL),(16,2557,1,'006','006003','109',1000.00,0.00,'0000-00-00','4 มิ.ย. 2557','ประเมินผล\r\n- ค่ากระดาษจัดทำแบบสอบถาม','','','0000-00-00 00:00:00','2014-04-01','2015-03-31',NULL),(17,2557,1,'007','007001','109',40000.00,0.00,'0000-00-00','27 มิ.ย. 2557','กิจกรรมห้องสมุด\r\n- ซื้อวัสดุอุปกรณ์ในการจัดกิจกรรมทุกกิจกรรมในห้องสมุด','','','0000-00-00 00:00:00','2014-04-01','2015-03-31',NULL),(18,2557,1,'008','008001','109',6000.00,0.00,'0000-00-00','4 มิ.ย. 2557','กิจกรรมวันสำคัญต่าง ๆ\r\n- กิจกรรมไหว้ครู 1000- กิจกรรมวันสุนทรภู่ 1000 - กิจกรรมวันภาษาไทย 1000- กิจกรรมวันแม่ 2000- กิจกรรมวันพ่อ 1000','','','0000-00-00 00:00:00','2014-04-01','2015-03-31',NULL),(19,2557,1,'009','009001','109',20000.00,0.00,'0000-00-00','4 มิ.ย. 2557','กิจกรรมส่งเสริมประสบการณ์ และทักษะต่าง ๆ\r\n- ปลูกพืชสวนครัว (เมล็ดพันธ์)2000\r\n- เลี้ยงสัตว์ (ปลาดุก ,กบ)15000\r\n- ฝึกอาชีพ  3000','','','0000-00-00 00:00:00','2014-04-01','2015-03-31',NULL),(20,2557,3,'010','010001','109',5000.00,0.00,'0000-00-00','4 มิ.ย. 2557','กิจกรรมวิเคราะห์ผู้เรียน\r\n- แผนนิเทศภายใน จัดทำเครื่องมือนิเทศภายใน\r\n- ซื้อกระดาษและวัสดุในการจัดกิจกรรม\r\n-อบรมเชิงปฏิบัติการ','','','0000-00-00 00:00:00','2014-04-01','2015-03-31',NULL),(21,2557,3,'011','011001','109',30000.00,0.00,'0000-00-00','4 มิ.ย. 2557','กิจกรรมศึกษาดูงานแหล่งเรียนรู้\r\n- ค่าจ้างเหมารถ 20000\r\n- ค่าใช้สอยในโครงการ 10000','','','0000-00-00 00:00:00','2014-04-01','2015-03-31',NULL),(22,2557,4,'012','012001','109',5000.00,0.00,'0000-00-00','4 มิ.ย. 2557','จัดซื้อกระดาษทำแบบบันทึกต่าง ๆ\r\n- กิจกรรมความรับผิดชอบ ความซื่อสัตย์  -กิจกรรมวันสำคัญ - กิจกรรมพี่ดูแลน้อง -กิจกรรมประหยัด -กิจกรรมมารยาทงาม','','','0000-00-00 00:00:00','2014-04-01','2015-03-31',NULL),(23,2557,4,'013','013001','109',5000.00,0.00,'0000-00-00','4 มิ.ย. 2557','กิจกรรมพัฒนา ซื้อวัสดุฝึกกิจกรรมพัฒนาดังนี้\r\n- กิจกรรมการไหว้ การกราบ - กิจกรรมปฏิบัติธรรม - กิจกรรมน้องไหว้พี่ เด็กไหว้คุณครู -กิจกรรมออกกำลังกาย -','','','0000-00-00 00:00:00','2014-04-01','2015-03-31',NULL),(24,2557,4,'014','014001','109',15000.00,0.00,'0000-00-00','4 มิ.ย. 2557','แข่งขันกีฬานักเรียนประจำปีการศึกษา 2557\r\n- ซื้อวัสดุ อุปกรณ์ในการแข่งขันกีฬา10000\r\n-ค่าใช้จ่ายในการจัดการแข่งขันกีฬา 5000','','','0000-00-00 00:00:00','2014-04-01','2015-03-31',NULL),(25,2557,4,'015','015001','109',13720.00,0.00,'0000-00-00','4 มิ.ย. 2557','กิจกรรมส่งเสริมสุขภาพ\r\nซื้อวัสดุดูแลสุขภาพ สุขนิสัย เช่น\r\n- เครื่องชั่งน้ำหนัก ที่วัดส่วนสูง -แปรงสีฟัน ยาสีฟัน - แก้วน้ำ ผ้าเช็ดมือ เวชภัณฑ์ยา','','','0000-00-00 00:00:00','2014-04-01','2015-03-31',NULL),(26,2557,4,'016','016001','109',30600.00,0.00,'0000-00-00','4 มิ.ย. 2557','จัดทำแผนปฏิบัติการโรงเรียนซื้อวัสดุดังนี้\r\n- กระดาษ 2000 - หมึกพิมพ์ 3600 - แผนภูมิไวนิลแสดงข้อมูลการบริหารงานโรงเรียน 7000 วัสดุห้องธุรการ 8000\r\n','','','0000-00-00 00:00:00','2014-04-01','2015-03-24',NULL),(27,2557,4,'017','017001','109',6000.00,0.00,'0000-00-00','4 มิ.ย. 2557','ซื้อวัสดุจัดกิจกรรมที่เกี่ยวข้องดังนี้\r\n- กิจกรรมประชุมคณะกรรมการสถานศึกษา 2000\r\n- กิจกรรมประชุมผู้ปกครอง 3000 -กิจกรรมประชาสัมพันธ์โรงเรียน 1000','','','0000-00-00 00:00:00','2014-04-01','2015-03-31',NULL),(28,2557,4,'018','018001','109',24000.00,0.00,'0000-00-00','4 มิ.ย. 2557','ซื้อวัสดุ อุปกรณ์ จัดทำบริบททางกายภาพของโรงเรียนดีศรีตำบล 19000\r\nซ่อมแซมวัสดุคอมพิวเตอร์ 5000','','','0000-00-00 00:00:00','2014-04-01','2015-03-31',NULL),(29,2557,4,'018','018002','109',1000.00,0.00,'0000-00-00','4 มิ.ย. 2557','ซื้อกระดาษจัดทำแผนยุทธศาสตร์','','','0000-00-00 00:00:00','2014-04-01','2015-03-31',NULL),(30,2557,4,'019','019001','109',25000.00,0.00,'0000-00-00','4 มิ.ย. 2557','กิจกรรมประกวดห้องเรียน\r\n- ซื้อวัสดุ อุปกรณ์ ปรับปรุงห้องเรียน(รายหัวประถม)','','','0000-00-00 00:00:00','2014-04-01','2015-03-31',NULL),(31,2557,4,'019','019002','109',15000.00,0.00,'0000-00-00','4 มิ.ย. 2557','กิจกรรมพัฒนาสิ่งแวดล้อม(ค่าน้ำมันเชื้อเพลิง)','','','0000-00-00 00:00:00','2014-04-01','2015-03-31',NULL),(32,2557,4,'019','019003','109',5000.00,0.00,'0000-00-00','4 มิ.ย. 2557','กิจกรรมปลูกต้นไม้วันสำคัญ','','','0000-00-00 00:00:00','2014-04-01','2015-03-31',NULL),(33,2557,4,'020','020001','109',6000.00,0.00,'0000-00-00','4 มิ.ย. 2557','ซื้อวัสดุ อุปกรณ์ ปรับปรุงห้องปฏิบัติการต่าง ๆ\r\n- ห้องสมุด ห้องคอมพิวเตอร์ ห้องคอมพิวเตอร์ \r\n  ห้องวิทยาศาสตร์','','','0000-00-00 00:00:00','2014-04-01','2015-03-31',NULL),(34,2557,4,'020','020002','109',1000.00,0.00,'0000-00-00','4 มิ.ย. 2557','กิจกรรมรณรงค์ป้องกันอุบัติภัยและความปลอดภัยในสถานศึกษา','','','0000-00-00 00:00:00','2014-04-01','2015-03-31',NULL),(35,2557,4,'020','020003','109',3000.00,0.00,'0000-00-00','4 มิ.ย. 2557','กิจกรรม Big Cleaning Day','','','0000-00-00 00:00:00','2014-04-01','2015-03-31',NULL),(36,2557,4,'021','021001','109',10010.00,0.00,'0000-00-00','4 มิ.ย. 2557','-กิจกรรมเดินทางไกลลูกเสือสำรอง 2500\r\n-กิจกรรมเข้าค่ายพักแรมลูกเสือสามัญ 7510','','','0000-00-00 00:00:00','2014-04-01','2015-03-31',NULL),(37,2557,4,'022','022001','109',5000.00,0.00,'0000-00-00','4 มิ.ย. 2557','กิจกรรมเลือกตั้งประธานนักเรียน\r\n- ซื้อวัสดุ  2000\r\n- รณรงค์การเลือกตั้ง 3000','','','0000-00-00 00:00:00','2014-04-01','2015-03-31',NULL),(38,2557,4,'023','023001','109',5000.00,0.00,'0000-00-00','4 มิ.ย. 2557','กิจกรรมระบบดูแลนักเรียน\r\n-ซื้อวัสดุ อุปกรณ์จัดทำแบบประเมินSDQ','','','0000-00-00 00:00:00','2014-04-01','2015-03-31',NULL),(39,2557,4,'024','024001','109',5000.00,0.00,'0000-00-00','4 มิ.ย. 2557','กิจกรรมโรงเรียนสีขาว\r\n- ซื้อวัสดุเพื่อพัฒนางานโครงการ โรงเรียนสีขาว \r\nเช่น แผ่นCD กระดาษ','','','0000-00-00 00:00:00','2014-04-01','2015-03-31',NULL),(40,2557,2,'025','025001','109',5000.00,0.00,'0000-00-00','4 มิ.ย. 2557','จัดกิจกรรมจัดสรรงบประมาณ จัดซื้อ จัดจ้าง\r\n- ซื้อวัสดุ อุปกรณ์จัดทำบัญชีพัสดุ และแบบพิมพ์ต่าง ๆ','','','0000-00-00 00:00:00','2014-04-01','2015-03-31',NULL),(41,2557,2,'026','026001','109',50000.00,0.00,'0000-00-00','4 มิ.ย. 2557','กิจกรรมปรับปรุงซ่อมแซม อาคารเรียน อาคารประกอบ\r\n- ซื้อวัสดุ อุปกรณ์ เช่น สี และอุปกรณ์การซ่อมแซม 35000 - ค่าจ้างค่าตอบแทนช่าง 15000','','','0000-00-00 00:00:00','2014-04-01','2015-03-31',NULL),(42,2557,2,'027','027001','118',559006.00,0.00,'0000-00-00','9 มิ.ย. 2557','กิจกรรมอาหารกลางวัน\r\n- ซื้อวัสดุ อุปกรณ์ ประกอบอาหาร ตลอดปีการศึกษา 539006.44\r\n- ซื้ออุปกรณ์ในโครงการ 50000','','','0000-00-00 00:00:00','2014-04-01','2015-03-31',NULL),(77,2557,2,'028','028001','101',273190.00,0.00,'0000-00-00','27 มิ.ย. 2557','ค่าวัสดุในการสร้างอาคารหอสมุด โรงเรียนบ้านบุ่งหวาย','','','2014-06-27 03:38:00','2014-04-01','2015-03-31',NULL),(44,2557,1,'029','029001','109',78000.00,0.00,'0000-00-00','4 มิ.ย. 2557','ค่าจ้าง 12 เดือน จ่ายเดือนละ 6500 บาท','','','0000-00-00 00:00:00','2014-04-01','2015-03-31',NULL),(45,2557,1,'030','030001','116',100.00,0.00,'0000-00-00','22 พ.ค. 2557','ค่าเครื่องแบบก่อนประถม และประถม','','','0000-00-00 00:00:00','2014-04-01','2015-03-31',NULL),(46,2557,1,'030','030002','115',100.00,0.00,'0000-00-00','22 พ.ค. 2557','ค่าอุปกรณ์การเรียน ก่อนประถม และประถม','','','0000-00-00 00:00:00','2014-04-01','2015-03-31',NULL),(47,2557,1,'\\\'0','\\\'030\\','',5200.00,0.00,'0000-00-00','22 พ.ค. 2557','ค่าหนังสือเรียนก่อนประถม','','','2014-05-22 10:56:51','2014-04-01','2015-03-31',NULL),(48,2557,1,'030','030003','114',5200.00,0.00,'0000-00-00','22 พ.ค. 2557','ค่าหนังสือเรียนก่อนประถม','','','0000-00-00 00:00:00','2014-04-01','2015-03-31',NULL),(49,2557,1,'030','030004','114',98894.00,0.00,'0000-00-00','22 พ.ค. 2557','ค่าหนังสือเรียนระดับประถม','','','0000-00-00 00:00:00','2014-04-01','2015-03-31',NULL),(50,2557,1,'030','030005','117',98415.00,0.00,'0000-00-00','22 พ.ค. 2557','กิจกรรมพัฒนาผู้เรียน','','','0000-00-00 00:00:00','2014-04-01','2015-03-31',NULL),(78,2557,1,'031','031001','108',5000.00,0.00,'0000-00-00','27 มิ.ย. 2557','-กิจกรรมเล่าข่าวและเหตุการณ์ประจำวัน 1000 -กิจกรรมเล่าเรื่องจากผลงาน 1000 -เล่านิทานอ่านสนุก 1000 -รักธรรมชาติ 1000 -ประเมินผล 500  -สรุปผล 500','','','2014-06-27 03:52:58','2014-04-01','2015-03-31',NULL),(52,2557,2,'032','032001','112',50000.00,0.00,'0000-00-00','4 มิ.ย. 2557','ค่าหนังสือและอุปกรณ์การเรียน','','','0000-00-00 00:00:00','2014-04-01','2015-03-31',NULL),(53,2557,2,'032','032002','112',51988.00,0.00,'0000-00-00','29 พ.ค. 2557','ค่าเสื้อผ้าเครื่องแต่งกายนักเรียน','','','2014-05-29 03:31:58','2014-04-01','2015-03-31',NULL),(54,2557,2,'032','032003','112',50000.00,0.00,'0000-00-00','29 พ.ค. 2557','ค่าอาหารกลางวัน','','','2014-05-29 03:33:15','2014-04-01','2015-03-31',NULL),(55,2557,2,'032','032004','112',10000.00,0.00,'0000-00-00','29 พ.ค. 2557','ค่าพาหนะในการเดินทาง','','','2014-05-29 03:34:19','2014-04-01','2015-03-31',NULL),(56,2557,1,'002','002004','109',10000.00,0.00,'0000-00-00','4 มิ.ย. 2557','แข่งขันศิลปหัตถกรรม','','','0000-00-00 00:00:00','2014-04-01','2015-03-31',NULL),(57,2557,1,'003','003003','109',2000.00,0.00,'0000-00-00','4 มิ.ย. 2557','จัดซื้อหนังสือพิมพ์','','','0000-00-00 00:00:00','2014-04-01','2015-03-31',NULL),(58,2557,1,'006','006004','109',15000.00,0.00,'0000-00-00','4 มิ.ย. 2557','ซื้อวัสดุห้องอาเซียน','','','0000-00-00 00:00:00','2014-04-01','2015-03-31',NULL),(59,2557,1,'008','008002','109',5000.00,0.00,'0000-00-00','4 มิ.ย. 2557','วันเด็ก','','','0000-00-00 00:00:00','2014-04-01','2015-03-31',NULL),(60,2557,1,'008','008003','109',5000.00,0.00,'0000-00-00','4 มิ.ย. 2557','วันสำคัญทางศาสนา','','','0000-00-00 00:00:00','2014-04-01','2015-03-31',NULL),(61,2557,1,'008','008004','109',5000.00,0.00,'0000-00-00','4 มิ.ย. 2557','บัณฑิตน้อย และปัจฉิมนิเทศ','','','0000-00-00 00:00:00','2014-04-01','2015-03-31',NULL),(62,2557,1,'008','008005','109',10000.00,0.00,'0000-00-00','4 มิ.ย. 2557','วันเกษียณอายุราชการ','','','0000-00-00 00:00:00','2014-04-01','2015-03-31',NULL),(63,2557,3,'010','010002','109',6000.00,0.00,'0000-00-00','4 มิ.ย. 2557','ประชุมใหญ่ประจำภาคเรียน','','','0000-00-00 00:00:00','2014-04-01','2015-03-31',NULL),(76,2557,4,'043','043001','123',50000.00,0.00,'0000-00-00','27 มิ.ย. 2557','-จ่ายค่าไฟฟ้า - จ่ายค่าอินเตอร์เน็ต','','','2014-06-27 03:33:35','2014-04-01','2015-03-31',NULL),(68,2557,1,'035','035001','108',15000.00,0.00,'0000-00-00','27 มิ.ย. 2557','-พัฒนาการคิด 10000 -พัฒนาภาษา 500 -สัมพันธ์ บ้าน-โรงเรียน 500 -เรียนรู้ด้วยโครงการ 1000-บูรณาการวิทย์ขคณิตปฐมวัย 1000 -แข่งขันทักษะวิชาการ 2000','','','0000-00-00 00:00:00','2014-06-26','2014-09-30',NULL),(66,2557,1,'033','033001','108',10000.00,0.00,'0000-00-00','26 มิ.ย. 2557','ชั่งน้ำหนัก 2,000 -ตรวจสุขภาพ 1,000 -ฟันสวยย้ิมใส 2,000 -ป้องกันโรค 1,000 -ทดสอบสมรรถภาพ 2,000\r\n- กิจกรรมกีฬา 2,000','','','2014-06-26 10:44:53','2014-04-01','2015-03-31',NULL),(67,2557,1,'034','034001','108',5000.00,0.00,'0000-00-00','26 มิ.ย. 2557','ประกวดมารยาทงาม 2,500  -บันทึกความดี 2,500','','','2014-06-26 10:47:36','2014-04-01','2015-03-31',NULL),(69,2557,1,'036','036001','108',10000.00,0.00,'0000-00-00','27 มิ.ย. 2557','จัดซื้ออุปกรณ์ในการจัดกิจกรรมทั้ง 6 กิจกรรม ได้แก่ สีเทียน\r\nดินน้ำมันไร้สารพิษ สีน้ำ จานสี พู่กัน กระดาษสีต่างๆ กาว กรรไกรเล็กปลายมน กระดาษถ่ายเอกสาร','','','2014-06-27 02:49:44','2014-04-01','2015-03-31',NULL),(70,2557,1,'038','038001','108',5000.00,0.00,'0000-00-00','27 มิ.ย. 2557','-จัดทำแบบประเมินหลักสูตรสถานศึกษา 1000 -แบบรายงานผลการประเมิน 1000 -ปรับปรุงหลักสูตรปฐมวัย 1000 -กำหนดหน่วยการจัดประสบการณ์ 1000 ขจัดทำแผน 1000','','','2014-06-27 02:59:35','2014-04-01','2015-03-31',NULL),(71,2557,1,'037','037001','108',5000.00,0.00,'0000-00-00','27 มิ.ย. 2557','-อบรมสัมมนาศึกษาดูงาน 1000 -ประชุมแลกเปลี่ยนความรู้ทางวิชาการ 2000 -เยี่ยม/นิเทศชั้นเรียน 2000','','','2014-06-27 03:05:42','2014-04-01','2015-03-31',NULL),(72,2557,4,'040','040001','108',20000.00,0.00,'0000-00-00','27 มิ.ย. 2557','ปรับปรุงสนามเด็กเล่น','','','2014-06-27 03:10:33','2014-04-01','2015-03-31',NULL),(73,2557,1,'039','039001','108',5000.00,0.00,'0000-00-00','27 มิ.ย. 2557','-จัดทำแผนพัฒนาการศึกษา 1000 -จัดทำระบบข้อมูลสารสนเทศ 1000 -จัดทำรายงานประจำปี 1000 -ประกันคุณภาพภายใน 1000 -ประเมินผลสรุปรายงานผล 1000','','','2014-06-27 03:17:32','2014-04-01','2015-03-31',NULL),(74,2557,1,'041','041001','108',5000.00,0.00,'0000-00-00','27 มิ.ย. 2557','-กิจกรรมตามหลักปรัชญาเศรษฐกิจพอเพียง 2000 -วัดค่านิยมเศรษฐกิจพอเพียง 2000 -ค้นหาเด็กต้นแบบเศรษฐกิจพอเพียง 1000','','','2014-06-27 03:20:53','2014-04-01','2015-03-31',NULL),(75,2557,1,'042','042001','108',12000.00,0.00,'0000-00-00','27 มิ.ย. 2557','-บ้านนักวิทยาศาสตร์น้อย 3000 -กิจกรรมพัฒนา SML(วิทย์ คณิต ภาษา) 2000 -เปิดบ้านปฐมวัย 7000','','','2014-06-27 03:24:19','2014-04-01','2015-03-31',NULL),(80,2564,4,'001','001001','118',18120.00,0.00,'2021-03-12','4 ก.พ. 2564','ค่าอาหารกลางวันจาก อบต.','','','2021-02-04 10:12:34','2020-10-01','2021-03-31',NULL),(81,2564,1,'002','002002','109',1000.00,0.00,'2021-03-12','5 ก.พ. 2564','จัดทำเอกสารการนิเทศภายใน','','','2021-02-05 12:10:00','2021-02-05','2021-03-31',NULL),(82,2564,4,'011','011001','109',1000.00,0.00,'2564-02-05','5 ก.พ. 2564','จัดซื้อวัสดุอุปกรณ์สำหรับงานธุรการ','','','2021-02-05 12:16:31','2021-02-05','2021-03-31',NULL),(83,2564,1,'003','003001','109',0.00,0.00,'2021-03-12','9 ก.พ. 2564','ค่าวัสดุจัดทำทะเบียนแหล่งเรียนรู้','','','2021-02-09 15:14:44','2021-02-05','2021-03-31',NULL),(84,2564,1,'003','003002','109',0.00,0.00,'2021-03-12','9 ก.พ. 2564','ค่าตอบแทนวิทยากร','','','2021-02-09 15:25:59','2021-02-05','2021-03-31',NULL),(85,2564,1,'003','003003','109',0.00,0.00,'2021-03-12','9 ก.พ. 2564','จัดทำแบบสอบถามประเมินผลกิจกรรม','','','2021-02-09 15:29:34','2021-02-05','2021-03-31',NULL),(86,2564,1,'004','004001','109',1000.00,0.00,'2021-03-12','9 ก.พ. 2564','ค่าจัดซื้อหนังสือ  วารสาร หนังสือพิมพ์','','','2021-02-09 15:35:26','2021-02-05','2021-03-31',NULL),(87,2564,1,'004','004002','109',1000.00,0.00,'2021-03-12','9 ก.พ. 2564','จัดซื้อวัสดุอุปกรณ์ในการจัดกิจกรรมห้องสมุด','','','2021-02-09 15:36:08','2021-02-05','2021-03-31',NULL),(88,2564,1,'005','005001','108',2000.00,0.00,'2021-03-12','10 ก.พ. 2564','กิจกรรมวันแม่','','','2021-02-10 15:38:36','2021-01-10','2021-03-31',NULL),(89,2564,1,'005','005002','109',0.00,0.00,'2021-03-12','10 ก.พ. 2564','กิจกรรมวันพ่อ','','','2021-02-10 15:39:18','2021-01-01','2021-03-31',NULL),(90,2564,1,'005','005003','109',5000.00,0.00,'2021-06-26','10 ก.พ. 2564','กิจกรรมบัณฑิตน้อย และปัจฉิมนิเทศ','','','2021-02-10 15:40:08','2021-01-01','2021-03-31',NULL),(91,2564,1,'009','009001','109',0.00,0.00,'2021-03-12','22 ก.พ. 2564','จัดซื้อจัดหาวัสดุในการทำรายงาน','','','2021-02-22 10:53:44','2021-01-02','2021-03-31',NULL),(92,2564,3,'010','010001','109',19800.00,0.00,'2021-03-12','22 ก.พ. 2564','กิจกรรมศึกษาดูงานแหล่งเรียนรู้  ค่าจ้างเหมารถ  ค่าใช้สอยในโครงการ','','','2021-02-22 10:55:49','2021-01-02','2021-03-31',NULL),(93,2564,4,'012','012001','109',0.00,0.00,'2021-03-12','22 ก.พ. 2564','จัดซื้อวัสดุอุปกรณ์ และสีในการซ่อมแซม','','','2021-02-22 10:57:50','2021-01-02','2021-03-31',NULL),(94,2564,4,'012','012002','109',0.00,0.00,'2021-03-12','22 ก.พ. 2564','ค่าจ้าง  ค่าตอบแทนช่าง ในการปรับปรุงซ่อมแซม','','','2021-02-22 10:58:59','2021-01-02','2021-03-31',NULL),(95,2564,4,'014','014001','109',0.00,0.00,'2021-03-12','22 ก.พ. 2564','จัดซื้อวัสดุอุปกรณ์ในการแข่งขันกีฬา','','','2021-02-22 11:01:13','2021-01-02','2021-03-31',NULL),(96,2564,4,'016','016001','109',1000.00,0.00,'2021-03-12','22 ก.พ. 2564','จัดซื้อกระดาษ','','','2021-02-22 11:04:18','2021-01-02','2021-03-31',NULL),(97,2564,4,'016','016002','109',1000.00,0.00,'2564-02-22','22 ก.พ. 2564','จัดซื้อหมึกพิมพ์','','','2021-02-22 11:05:02','2021-01-02','2021-03-31',NULL),(98,2564,4,'016','016003','109',1000.00,0.00,'2021-03-12','22 ก.พ. 2564','จัดทำไวนิลแสดงข้อมูลการบริหารงานโรงเรียน','','','2021-02-22 11:05:54','2021-01-02','2021-03-31',NULL),(99,2564,4,'016','016004','109',1000.00,0.00,'2021-03-12','22 ก.พ. 2564','ค่าวัสดุอื่นๆ','','','2021-02-22 11:06:37','2021-01-02','2021-03-31',NULL),(100,2564,4,'018','018001','109',5000.00,0.00,'2564-02-22','22 ก.พ. 2564','ซื้อวัสดุ อุปกรณ์ กิจกรรมทำความสะอาดบริเวณเขตรับผิดชอบ','','','2021-02-22 11:08:43','2021-01-02','2021-03-31',NULL),(101,2564,4,'018','018002','109',10000.00,0.00,'2564-02-22','22 ก.พ. 2564','กิจกรรมพัฒนาสิ่งแวดล้อม','','','2021-02-22 11:09:21','2021-01-02','2021-03-31',NULL),(102,2564,4,'019','019001','109',0.00,0.00,'2021-03-12','22 ก.พ. 2564','กิจกรรมเดินทางไกลเข้าค่ายพักแรมลูกเสือ-เนตรนารี สำรอง และสามัญ ซื้อวัดสุอุปกรณ์เข้าค่าย\r\n','','','2021-02-22 11:11:27','2021-01-02','2021-03-31',NULL),(103,2564,4,'020','020001','109',1000.00,0.00,'2564-02-22','22 ก.พ. 2564','ซื้อวัสดุเพื่อพัฒนางานโครงการโรงเรียนสีขาว  \r\nทำไวนิล  กระดาษ','','','2021-02-22 11:30:59','2021-01-02','2021-03-31',NULL),(104,2564,2,'025','025001','109',24760.37,0.00,'2021-03-12','22 ก.พ. 2564','จ่ายค่าน้ำ  ค่าไฟฟ้า  ค่าอินเตอร์เน็ต','','','2021-02-22 11:34:58','2021-01-02','2021-03-31',NULL),(105,2564,1,'008','008001','109',4000.00,0.00,'2021-03-12','22 ก.พ. 2564','ค่ากระดาษจากวัสดุรายหัวประถมศึกษา','','','2021-02-22 11:44:52','2021-01-02','2021-03-31',NULL),(106,2564,1,'008','008002','109',4400.00,0.00,'2021-03-12','22 ก.พ. 2564','กิจกรรมเข้าค่ายวิชาการ ป.1-6 ค่ากระดาษถ่ายเอกสารจัดทำแบบฝึกเครื่องมือทดสอบ','','','2021-02-22 11:46:16','2021-01-02','2021-03-31',NULL),(107,2564,1,'006','006001','109',20250.00,0.00,'2564-03-12','12 มี.ค. 2564','ค่าวัสดุ อุปกรณ์ ค่าแรง ในการปรับปรุงสภาพแวดล้อมในโรงเรียน','','','2021-03-12 10:02:47','2021-03-12','2021-03-31',NULL),(108,2564,4,'013','013001','109',3000.00,0.00,'2564-03-12','12 มี.ค. 2564','ซื้อเครื่องสังฆทานถวานพระ','','','2021-03-12 10:53:28','2021-03-12','2021-03-31',NULL),(109,2564,4,'015','015001','109',3000.00,0.00,'2564-03-12','12 มี.ค. 2564','ซื้อยาสามัญประจำบ้าน และชุดทำแผลสำหรับห้องพยาบาล','','','2021-03-12 10:55:30','2021-03-12','2021-03-31',NULL),(110,2564,4,'017','017001','109',3000.00,0.00,'2564-03-12','12 มี.ค. 2564','ซื้อวัสดุ อุปกรณ์ในการจัดทำแบบประเมินต่างๆ','','','2021-03-12 11:08:28','2021-03-12','2021-03-31',NULL),(112,2564,4,'021','021001','109',0.00,0.00,'2564-03-12','12 มี.ค. 2564','กิจกรรมประชุมกรรมการสถานศึกษา  ประชุมผู้ปกครอง','','','2021-03-12 11:14:23','2021-03-12','2021-03-31',NULL),(113,2564,4,'021','021002','109',0.00,0.00,'2564-03-12','12 มี.ค. 2564','กิจกรรมประชุมผู้ปกครอง','','','2021-03-12 11:15:02','2021-03-12','2021-03-31',NULL),(114,2564,4,'021','021003','109',0.00,0.00,'2564-03-12','12 มี.ค. 2564','กิจกรรมงานประชาสัมพันธ์โรงเรียน','','','2021-03-12 11:15:26','2021-03-12','2021-03-31',NULL),(115,2564,2,'022','022001','109',2000.00,0.00,'2564-03-12','12 มี.ค. 2564','จัดซื้อวัสดุในการจัดทำงานการเงิน บัญชีและพัสดุ','','','2021-03-12 11:16:48','2021-03-12','2021-03-31',NULL),(116,2564,2,'023','023001','109',11610.00,0.00,'2564-03-12','12 มี.ค. 2564','ซ่อมบำรุงครุภัณฑ์ตลอดปีการศึกษา','','','2021-03-12 11:21:33','2021-03-12','2021-03-31',NULL),(117,2564,2,'024','024001','109',32501.00,0.00,'2564-03-12','12 มี.ค. 2564','จัดซื้อจัดหาสื่อวัสดุอุปกรณ์การเรียน','','','2021-03-12 11:22:59','2021-03-12','2021-03-31',NULL),(118,2564,4,'001','001002','118',12080.00,0.00,'2021-03-12','12 มี.ค. 2564','ค่าอาหารกลางวันจาก อบต.','','','2021-03-12 13:00:30','2021-03-12','2021-03-31',NULL),(119,2564,4,'001','001003','118',18120.00,0.00,'2021-03-12','12 มี.ค. 2564','ค่าเงินอาหารกลางวัน อบต.','','','2021-03-12 13:00:57','2021-03-12','2021-03-31',NULL),(120,2564,4,'001','001004','118',18120.00,0.00,'2021-03-12','12 มี.ค. 2564','่ค่าอาหารกลางวัน อบต.','','','2021-03-12 13:01:24','2021-03-12','2021-03-31',NULL),(121,2564,1,'027','027001','108',1000.00,0.00,'2564-03-12','12 มี.ค. 2564','จัดซื้อกระดาษ แฟ้ม  จัดทำป้ายไวนิล','','','2021-03-12 13:39:14','2021-03-12','2021-03-31',NULL),(122,2564,1,'028','028001','108',0.00,0.00,'2564-03-12','12 มี.ค. 2564','จัดกิจกรรมนิเทศชั้นเรียน','','','2021-03-12 13:40:32','2021-03-12','2021-03-31',NULL),(123,2564,1,'029','029001','108',768.00,0.00,'2564-03-12','12 มี.ค. 2564','จัดซื้อวัสดุจัดทำหลักสูตรปฐมวัย','','','2021-03-12 13:42:53','2021-03-12','2021-03-31',NULL),(124,2564,1,'029','029002','108',0.00,0.00,'2564-03-12','12 มี.ค. 2564','จัดซื้อวัสดุจัดทำแผนจัดประสบการณ์','','','2021-03-12 13:44:02','2021-03-12','2021-03-31',NULL),(125,2564,1,'030','030001','108',0.00,0.00,'2564-03-12','12 มี.ค. 2564','จัดทำเอกสารระบบประกันคุณภาพการศึกษาปฐมวัย','','','2021-03-12 13:45:24','2021-03-12','2021-03-31',NULL),(126,2564,1,'031','031001','108',0.00,0.00,'2564-03-12','12 มี.ค. 2564','ค่าวัสดุ อุปกรณ์ในการจัดประสบการณ์โครงการฯ','','','2021-03-12 13:46:57','2021-03-12','2021-03-31',NULL),(127,2564,4,'032','032001','108',4500.00,0.00,'2564-03-12','12 มี.ค. 2564','ปรับปรุงห้องเรียนอนุบาล','','','2021-03-12 13:49:21','2021-03-12','2021-03-31',NULL),(128,2564,4,'032','032002','108',27450.00,0.00,'2564-03-12','12 มี.ค. 2564','ปรับปรุงภูมิทัศน์บริเวณอาคารเรียนอนุบาล','','','2021-03-12 13:50:04','2021-03-12','2021-03-31',NULL),(129,2564,1,'033','033001','108',0.00,0.00,'2021-03-12','12 มี.ค. 2564','จัดซื้อวัสดุ อุปกรณ์ ดอกไม้  กระดาษโฟม  ลูกโป่ง จัดทำป้ายไวนิล','','','2021-03-12 13:51:28','2021-03-12','2021-03-31',NULL),(131,2565,1,'005','005001','109',30000.00,0.00,'2022-09-11','11 ก.ย. 2565','จัดสภาพแวดล้อมห้องเรียนและห้องปฏิบัติการ','','','2022-09-11 12:04:08','2022-05-01','2023-04-30',NULL),(132,2565,1,'001','001001','109',1000.00,0.00,'2565-09-11','11 ก.ย. 2565','การนิเทศภายใน รายงานโครงการนิเทศภายใน\r\n','','','2022-09-11 12:16:36','2022-05-01','2023-04-30',NULL),(133,2565,1,'002','002001','109',8000.00,0.00,'2565-09-11','11 ก.ย. 2565','การเรียนรู้โดยใช้แหล่งเรียนรู้ทั้งภายในและภายนอกโรงเรียน','','','2022-09-11 12:18:45','2022-05-01','2023-04-30',NULL),(134,2565,1,'003','003001','109',2000.00,0.00,'2565-09-11','11 ก.ย. 2565','จัดหาวัสดุอุปกรณ์และกิจกรรมห้องสมุด','','','2022-09-11 12:20:25','2022-05-01','2023-04-30',NULL),(135,2565,1,'004','004001','109',1000.00,0.00,'2565-09-11','11 ก.ย. 2565','กิจกรรมไหว้ครู','','','2022-09-11 12:24:17','2022-05-01','2023-04-30',NULL),(136,2565,1,'004','004002','109',500.00,0.00,'2565-09-11','11 ก.ย. 2565','วันสุนทรภู่','','','2022-09-11 12:25:25','2022-05-01','2023-04-30',NULL),(137,2565,1,'004','004003','109',1000.00,0.00,'2565-09-11','11 ก.ย. 2565','วันภาษาไทย','','','2022-09-11 12:26:38','2022-05-01','2023-04-30',NULL),(138,2565,1,'004','004004','109',1000.00,0.00,'2565-09-11','11 ก.ย. 2565','วันแม่','','','2022-09-11 12:36:46','2022-05-01','2023-04-30',NULL),(139,2565,1,'004','004005','109',1000.00,0.00,'2565-09-11','11 ก.ย. 2565','วันเด็ก','','','2022-09-11 12:38:00','2022-05-01','2023-04-30',NULL),(140,2565,1,'004','004006','109',3500.00,0.00,'2565-09-11','11 ก.ย. 2565','บัณฑิตน้อย และปัจฉิมนิเทศ','','','2022-09-11 12:38:54','2022-05-01','2023-04-30',NULL),(141,2565,1,'006','006001','114',112492.00,0.00,'2565-09-11','11 ก.ย. 2565','ค่าหนังสือเรียน','','','2022-09-11 12:59:23','2022-05-01','2023-04-30',NULL),(142,2565,1,'006','006002','115',24740.00,0.00,'2565-09-11','11 ก.ย. 2565','ค่าอุปกรณ์การเรียน','','','2022-09-11 13:00:18','2022-05-01','2023-04-30',NULL),(143,2565,1,'006','006003','116',48300.00,0.00,'2565-09-11','11 ก.ย. 2565','ค่าเครื่องแบบนักเรียน','','','2022-09-11 13:01:07','2022-05-01','2023-04-30',NULL),(144,2565,1,'006','006004','117',363301.35,0.00,'2565-09-11','11 ก.ย. 2565','พัฒนาผู้เรียน','','','2022-09-11 13:02:29','2022-05-01','2023-04-30',NULL),(145,2565,1,'007','007001','109',6000.00,0.00,'2565-09-11','11 ก.ย. 2565','จัดทำแบบเครื่องมือทดสอบผลสัมฤทธิ์ทาง\r\nการเรียนทุกกลุ่มสาระ\r\n','','','2022-09-11 13:05:06','2022-05-01','2023-04-30',NULL),(146,2565,1,'008','008001','109',2000.00,0.00,'2565-09-11','11 ก.ย. 2565','ส่งเสริมให้สถานศึกษามีการประกันคุณภาพภายใน','','','2022-09-11 13:06:08','2022-05-01','2023-04-30',NULL),(147,2565,3,'009','009001','109',40000.00,0.00,'2565-09-11','11 ก.ย. 2565','การอบรม สัมมนา  การพัฒนาครู   ศึกษาดูงานแหล่งมาตรฐาน','','','2022-09-11 13:07:04','2022-05-01','2023-04-30',NULL),(148,2565,4,'010','010001','109',5000.00,0.00,'2565-09-11','11 ก.ย. 2565','ค่าวัสดุสำนักงาน','','','2022-09-11 13:09:40','2022-05-01','2023-04-30',NULL),(149,2565,4,'011','011001','109',15000.00,0.00,'2565-09-11','11 ก.ย. 2565','ปรับปรุงซ่อมแซม อาคารเรียน อาคารประกอบ\r\n','','','2022-09-11 13:11:16','2022-05-01','2023-04-30',NULL),(150,2565,4,'012','012001','109',2000.00,0.00,'2565-09-11','11 ก.ย. 2565','จัดซื้อกระดาษและอุปกรณ์จัดทำแบบบันทึกต่างๆ และวัสดุอุปกรณ์ในกิจกรรมวันสำคัญทางศาสนา','','','2022-09-11 13:12:48','2022-05-01','2023-04-30',NULL),(151,2565,4,'013','013001','109',15000.00,0.00,'2565-09-11','11 ก.ย. 2565','แข่งขันกีฬาภายในนักเรียน และกีฬากลุ่ม ประจำปีการศึกษา 2565\r\n','','','2022-09-11 13:14:10','2022-05-01','2023-04-30',NULL),(152,2565,4,'014','014001','109',7000.00,0.00,'2565-09-11','11 ก.ย. 2565','กิจกรรมการดูแลสุขภาพและสุขนิสัย','','','2022-09-11 13:15:32','2022-05-01','2023-04-30',NULL),(153,2565,4,'015','015001','109',9761.17,0.00,'2565-09-11','11 ก.ย. 2565','จัดทำแผนปฏิบัติการโรงเรียน','','','2022-09-11 13:25:26','2022-05-01','2023-04-30',NULL),(154,2565,4,'016','016001','109',3000.00,0.00,'2565-09-11','11 ก.ย. 2565','ระบบดูแลนักเรียน','','','2022-09-11 13:26:36','2022-05-01','2022-04-30',NULL),(155,2565,4,'017','017001','109',8000.00,0.00,'2565-09-11','11 ก.ย. 2565','กิจกรรมพัฒนาสิ่งแวดล้อม','','','2022-09-11 13:27:42','2022-05-01','2023-04-30',NULL),(156,2565,4,'018','018001','109',4900.00,0.00,'2565-09-11','11 ก.ย. 2565','เดินทางไกลลูกเสือสำรอง ลูกเสือสามัญและเนตรนารี','','','2022-09-11 13:28:58','2022-05-01','2023-04-30',NULL),(157,2565,4,'019','019001','109',1500.00,0.00,'2565-09-11','11 ก.ย. 2565','กิจกรรมโรงเรียนสีขาว','','','2022-09-11 13:30:27','2022-05-01','2023-04-30',NULL),(158,2565,4,'020','020001','109',2000.00,0.00,'2565-09-11','11 ก.ย. 2565','กิจกรรมประชุมคณะกรรมการสถานศึกษา และประชุมผู้ปกครอง\r\n','','','2022-09-11 13:31:58','2022-05-01','2023-04-30',NULL),(159,2565,4,'021','021001','109',4000.00,0.00,'2565-09-11','11 ก.ย. 2565','ซื้อวัสดุอุปกรณ์จัดทำเอกสารการจัดซื้อ จัดจ้างบัญชีพัสดุ และแบบพิมพ์ต่างๆ ตลอดจนเอกสารเกี่ยวกับการเงินและสินทรัพย์ต่างๆ','','','2022-09-11 13:33:41','2022-05-01','2023-04-30',NULL),(160,2565,4,'022','022001','123',43400.00,0.00,'2022-10-01','11 ก.ย. 2565','ค่าสาธารณูปโภค','','','2022-09-11 13:35:17','2022-05-01','2023-04-30',NULL),(161,2565,2,'023','023001','109',40000.00,0.00,'2565-09-11','11 ก.ย. 2565','จัดซื้อจัดหาสื่ออุปกรณ์การเรียนและวัสดุครุภัณฑ์','','','2022-09-11 13:36:12','2022-05-01','2023-04-30',NULL),(162,2565,4,'024','024001','118',323400.00,0.00,'2565-09-11','11 ก.ย. 2565','อาหารกลางวัน','','','2022-09-11 13:37:52','2022-05-01','2022-03-30',NULL),(163,2565,1,'025','025001','108',28000.00,0.00,'2565-09-11','11 ก.ย. 2565','เตรียมความพร้อมด้านร่างกาย อารมณ์ สังคม สติปัญญาของเด็กปฐมวัย','','','2022-09-11 13:48:54','2022-05-01','2023-04-30',NULL),(164,2565,1,'026','026001','108',1000.00,0.00,'2565-09-11','11 ก.ย. 2565','รับเด็กเข้าเรียน','','','2022-09-11 13:51:32','2022-05-01','2023-04-30',NULL),(165,2565,1,'027','027001','108',1000.00,0.00,'2022-09-11','11 ก.ย. 2565','การนิเทศปฐมวัย','','','2022-09-11 13:55:01','2022-05-01','2022-04-30',NULL),(167,2565,1,'028','028001','108',2000.00,0.00,'2022-09-11','11 ก.ย. 2565','พัฒนาหลักสูตรสถานศึกษาปฐมวัย\r\n','','','2022-09-11 13:58:50','2022-05-01','2023-04-30',NULL),(168,2565,1,'029','029001','108',3000.00,0.00,'2022-09-11','11 ก.ย. 2565','ประกันคุณภาพปฐมวัย\r\n','','','2022-09-11 14:02:33','2022-05-01','2023-04-30',NULL),(169,2565,4,'030','030001','108',3000.00,0.00,'2022-09-11','11 ก.ย. 2565','น้อมนำหลักปรัชญาเศรษฐกิจพอเพียงในโรงเรียน\r\n','','','2022-09-11 14:04:41','2022-05-01','2023-04-30',NULL),(170,2565,4,'031','031001','108',25819.00,0.00,'2022-09-11','11 ก.ย. 2565','ปรับปรุงสภาพภูมิทัศน์ปฐมวัย\r\n','','','2022-09-11 14:07:13','2022-05-01','2023-04-30',NULL),(171,2565,1,'032','032001','108',2500.00,0.00,'2022-09-11','11 ก.ย. 2565','บัณฑิตน้อย\r\n','','','2022-09-11 14:09:36','2022-05-01','2023-04-30',NULL),(173,2565,4,'033','033001','102',15000.00,0.00,'2022-09-11','11 ก.ย. 2565','ปรับปรุงซ่อมแซม อาคารเรียน อาคารประกอบ จัดซื้อ จัดหา\r\n','','','2022-09-11 15:45:14','2022-05-01','2023-04-30',NULL),(174,2565,4,'033','033002','102',15000.00,0.00,'2022-09-11','11 ก.ย. 2565','ซ่อมบำรุง อุปกรณ์การเรียน วัสดุครุภัณฑ์','','','2022-09-11 15:46:09','2022-05-01','2023-04-30',NULL),(175,2565,1,'006','006005','112',37000.00,0.00,'2565-10-01','1 ต.ค. 2565','ปัจจัยพื้นฐานนักเรียนยากจน','','','2022-10-01 16:26:25','2022-05-01','2023-04-30',NULL),(176,2565,4,'034','034001','101',24600.00,0.00,'2565-10-01','1 ต.ค. 2565','ส่งเสริมสุขภาพอนามัยและอาหารปลอดภัย','','','2022-10-01 16:59:58','2022-05-01','2022-09-30',NULL),(177,2565,4,'035','035001','101',4900.00,0.00,'2565-10-26','26 ต.ค. 2565','วางท่อระบบส่งน้ำ','','','2022-10-26 20:32:31','2022-09-01','2022-09-30',NULL),(178,2565,4,'036','036001','122',22200.00,0.00,'2022-10-26','26 ต.ค. 2565','ส่งเสริมผลผลิตเพื่อโครงการอาหารกลางวัน','','','2022-10-26 21:48:58','2022-05-01','2022-09-30',NULL),(179,2566,1,'001','001001','109',1000.00,0.00,'2565-10-27','27 ต.ค. 2565','จัดกิจกรรมการนิเทศภายใน \r\nรายงานโครงการนิเทศภายใน\r\n','','','2022-10-27 10:29:19','2022-10-03','2023-03-31',NULL),(180,2566,1,'002','002001','109',8000.00,0.00,'2023-06-05','27 ต.ค. 2565','จัดทำทะเบียนแหล่งเรียนรู้','','','2022-10-27 10:31:09','2023-04-01','2024-03-31',NULL),(256,2567,4,'009','009001','109',9000.00,0.00,'2024-05-26','26 ต.ค. 2566','ค่าวัสดุสำนักงาน','','','2023-10-26 11:36:25','2021-05-01','2025-04-30',NULL),(257,2567,4,'010','010001','109',2000.00,0.00,'2024-05-26','26 ต.ค. 2566','จัดซื้อกระดาษและอุปกรณ์จัดทำแบบบันทึกต่างๆและซื้อวัสดุอุปกรณ์ในวันสำคัญทางศาสนา','','','2023-10-26 11:39:46','2024-05-01','2025-04-30',NULL),(255,2567,3,'008','008001','109',50000.00,0.00,'2024-05-26','26 ต.ค. 2566','พัฒนาบุคลากร สร้างขวัญกำลังใจ','','','2023-10-26 11:33:16','2023-10-26','2024-03-31',NULL),(184,2566,1,'003','003002','109',1000.00,0.00,'2023-06-05','27 ต.ค. 2565','ซื้อวัสดุอุปกรณ์ในการจัดกิจกรรมทุกกิจกรรมในห้องสมุด\r\n','','','2022-10-27 10:35:49','2023-04-01','2024-03-31',NULL),(254,2567,1,'007','007001','109',5000.00,0.00,'2023-11-07','26 ต.ค. 2566','ส่งเสริมให้สถานศึกษามีการประกันคุณภาพภายใน','','','2023-10-26 11:31:02','2023-10-26','2024-03-31',NULL),(253,2567,1,'006','006003','116',0.00,0.00,'2024-05-26','26 ต.ค. 2566','ค่าเครื่องแบบนักเรียน','','','2023-10-26 11:28:18','2024-05-01','2025-04-30',NULL),(252,2567,1,'006','006002','115',0.00,0.00,'2024-05-26','26 ต.ค. 2566','ค่าอุปกรณ์การเรียน','','','2023-10-26 11:27:58','2024-05-01','2025-04-30',NULL),(251,2567,1,'006','006001','114',0.00,0.00,'2024-05-26','26 ต.ค. 2566','ค่าหนังสือเรียน','','','2023-10-26 11:27:26','2024-05-01','2025-04-30',NULL),(243,2566,4,'040','040005','118',0.00,0.00,'2566-06-05','5 มิ.ย. 2566','จัดซื้อแฟ้ม และกระดาษเอกสาร','','','2023-06-05 15:10:08','2023-04-01','2024-03-31',NULL),(190,2566,1,'004','004006','109',5000.00,0.00,'2023-06-05','27 ต.ค. 2565','บัณฑิตน้อย และปัจฉิมนิเทศ','','','2022-10-27 10:40:08','2023-04-01','2024-03-31',NULL),(191,2566,1,'005','005001','109',30000.00,0.00,'2565-10-27','27 ต.ค. 2565','ซื้อวัสดุ อุปกรณ์ สื่อการเรียนรู้ ในห้องเรียน ห้องปฏิบัติการต่างๆ','','','2022-10-27 10:41:43','2022-10-03','2023-03-31',NULL),(192,2566,1,'006','006001','114',0.00,0.00,'2022-10-27','27 ต.ค. 2565','ค่าหนังสือเรียน','','','2022-10-27 10:43:52','2022-10-03','2023-03-31',NULL),(193,2566,1,'006','006002','115',0.00,0.00,'2565-10-27','27 ต.ค. 2565','ค่าอุปกรณ์การเรียน','','','2022-10-27 10:44:53','2022-10-03','2023-03-31',NULL),(194,2566,1,'006','006003','116',0.00,0.00,'2565-10-27','27 ต.ค. 2565','ค่าเครื่องแบบนักเรียน','','','2022-10-27 10:45:44','2022-10-03','2023-03-31',NULL),(242,2566,4,'040','040004','118',0.00,0.00,'2566-06-05','5 มิ.ย. 2566','จัดซื้อจัดหาโต๊ะอาหารและเสื่อน้ำมันปูโต๊ะ','','','2023-06-05 15:09:38','2023-04-01','2024-03-31',NULL),(239,2566,4,'040','040001','118',0.00,0.00,'2566-06-05','5 มิ.ย. 2566','จัดซื้อจัดหาภาชนะอุปกรณ์ในการประกอบอาหารใน    โรงครัว','','','2023-06-05 15:07:38','2023-04-01','2024-03-31',NULL),(240,2566,4,'040','040002','118',0.00,0.00,'2566-06-05','5 มิ.ย. 2566','จัดทำสถานที่ล้างภาชนะมีท่อระบายน้ำเสีย','','','2023-06-05 15:08:22','2023-04-01','2024-03-31',NULL),(241,2566,4,'040','040003','118',0.00,0.00,'2566-06-05','5 มิ.ย. 2566','จัดทำป้ายนิเทศที่ให้ความรู้เกี่ยวกับอาหาร','','','2023-06-05 15:09:00','2023-04-01','2024-03-31',NULL),(199,2566,1,'008','008001','109',5000.00,0.00,'2023-06-05','27 ต.ค. 2565','ส่งเสริมให้สถานศึกษามีการประกันคุณภาพภายใน','','','2022-10-27 10:50:29','2023-04-01','2024-03-31',NULL),(200,2566,3,'009','009001','109',60000.00,0.00,'2023-06-05','27 ต.ค. 2565','พัฒนาบุคลากร สร้างขวัญกำลังใจ','','','2022-10-27 10:51:50','2023-04-01','2024-03-31',NULL),(238,2566,1,'039','039004','117',0.00,0.00,'2566-06-05','5 มิ.ย. 2566','กิจกรรมการบริการเทคโนโลยีสารสนเทศและการสื่อสาร (ICT)','','','2023-06-05 15:00:31','2023-04-01','2024-03-31',NULL),(237,2566,1,'039','039003','117',0.00,0.00,'2566-06-05','5 มิ.ย. 2566','กิจกรรมทัศนศึกษา','','','2023-06-05 14:59:38','2023-04-01','2024-03-31',NULL),(203,2566,4,'010','010001','109',10000.00,0.00,'2023-06-05','27 ต.ค. 2565','ค่าวัสดุสำนักงาน','','','2022-10-27 10:54:07','2023-04-01','2024-03-31',NULL),(204,2566,4,'011','011001','118',0.00,0.00,'2565-10-27','27 ต.ค. 2565','จัดหาอาหารกลางวันให้บริการนักเรียน','','','2022-10-27 10:55:38','2022-10-03','2023-03-31',NULL),(250,2567,1,'005','005005','109',28000.00,0.00,'2024-05-26','26 ต.ค. 2566','ซื้อวัสดุ อุปกรณ์ สื่อการเรียนในห้องเรียน ห้องปฏิบัติการต่างๆ','','','2023-10-26 11:21:28','2024-05-01','2025-04-30',NULL),(206,2566,4,'013','013001','109',2000.00,0.00,'2023-06-05','27 ต.ค. 2565','จัดซื้อกระดาษและอุปกรณ์จัดทำแบบบันทึกต่างๆ และวัสดุอุปกรณ์ในกิจกรรมวันสำคัญทางศาสนา','','','2022-10-27 10:57:50','2023-04-01','2024-03-31',NULL),(207,2566,4,'015','015001','109',5000.00,0.00,'2023-06-05','27 ต.ค. 2565','การดูแลสุขภาพและสุขนิสัย','','','2022-10-27 11:01:02','2023-04-01','2024-03-31',NULL),(208,2566,4,'016','016001','109',5000.00,0.00,'2023-06-05','27 ต.ค. 2565','พัฒนาระบบงานในโรงเรียน','','','2022-10-27 11:03:13','2023-04-01','2024-03-31',NULL),(209,2566,4,'017','017001','109',2000.00,0.00,'2023-06-05','27 ต.ค. 2565','ระบบดูแลนักเรียน','','','2022-10-27 11:04:05','2023-04-01','2023-03-31',NULL),(235,2566,1,'039','039001','117',0.00,0.00,'2566-06-05','5 มิ.ย. 2566','กิจกรรมวิชาการ','','','2023-06-05 14:58:04','2023-04-01','2024-03-31',NULL),(236,2566,1,'039','039002','117',0.00,0.00,'2566-06-05','5 มิ.ย. 2566','กิจกรรมคุณธรรมจริยธรรม/ลูกเสือ/เนตรนารี','','','2023-06-05 14:59:00','2023-04-01','2024-03-31',NULL),(234,2566,4,'034','034003','102',0.00,0.00,'2566-06-05','5 มิ.ย. 2566','มอบทุนการศึกษาจากหน่วยงานภายในและภายนอก','','','2023-06-05 14:51:03','2023-04-01','2024-03-31',NULL),(213,2566,4,'020','020001','109',1000.00,0.00,'2023-06-05','27 ต.ค. 2565','โรงเรียนสีขาว','','','2022-10-27 11:07:29','2023-04-01','2024-03-31',NULL),(214,2566,4,'014','014001','109',12000.00,0.00,'2023-06-05','27 ต.ค. 2565','แข่งขันกีฬาภายในโรงเรียนและกีฬากลุ่ม','','','2022-10-27 11:09:30','2023-04-01','2024-03-31',NULL),(215,2566,4,'021','021001','109',4000.00,0.00,'2023-06-05','27 ต.ค. 2565','ซื้อวัสดุจัดกิจกรรม','','','2022-10-27 11:10:49','2023-04-01','2024-03-31',NULL),(216,2566,2,'022','022001','109',2000.00,0.00,'2023-06-05','27 ต.ค. 2565','ซื้อวัสดุ อุปกรณ์จัดทำเอกสารการจัดซื้อ จัดจ้างบัญชีพัสดุ','','','2022-10-27 11:11:50','2023-04-01','2024-03-31',NULL),(217,2566,2,'023','023001','123',50500.00,0.00,'2023-06-05','27 ต.ค. 2565','ค่าสาธารณูปโภค','','','2022-10-27 11:12:41','2023-04-01','2024-03-31',NULL),(218,2566,2,'024','024001','109',20000.00,0.00,'2023-06-05','27 ต.ค. 2565','จัดซื้อจัดหาสื่ออุปกรณ์การเรียนและวัสดุครุภัณฑ์','','','2022-10-27 11:13:17','2023-04-01','2024-03-31',NULL),(219,2566,1,'025','025001','108',5000.00,0.00,'2023-06-05','27 ต.ค. 2565','เตรียมความพร้อมด้านร่างกาย อารมณ์ สังคม สติปัญญาของเด็กปฐมวัย','','','2022-10-27 11:14:06','2023-04-01','2024-03-31',NULL),(249,2567,1,'004','004004','108',5000.00,0.00,'2566-10-26','26 ต.ค. 2566','บัณทิตน้อยและปัจฉิมนิเทศ','','','2023-10-26 11:17:06','2023-10-26','2024-03-31',NULL),(248,2567,1,'003','003003','109',500.00,0.00,'2024-05-26','26 ต.ค. 2566','ซื้อวัสดุอุปกรณ์ในการจัดกิจกรรมทุกกิจกรรมในห้องสมุด','','','2023-10-26 11:13:20','2024-05-01','2025-04-30',NULL),(222,2566,1,'028','028001','108',3000.00,0.00,'2565-10-27','27 ต.ค. 2565','ประกันคุณภาพปฐมวัย','','','2022-10-27 11:15:33','2022-10-03','2023-03-31',NULL),(245,2566,4,'041','041001','120',27600.00,0.00,'2566-09-17','17 ก.ย. 2566','ส่งเสริมสุขภาพอนามัยและอาหารปลอดภัย','','','2023-09-17 18:38:12','2023-09-16','2023-09-17',NULL),(247,2567,1,'002','002002','109',5000.00,0.00,'2024-05-26','26 ต.ค. 2566','ปรับปรุงภูมิทัศน์และส่ิงแวดล้อม','','','2023-10-26 11:08:49','2024-05-01','2025-04-30',NULL),(246,2567,1,'001','001001','109',1000.00,0.00,'2024-05-26','26 ต.ค. 2566','จัดกิจกรรมนิเทศภายใน รายงานโครงการนิเทศภายใน','','','2023-10-26 11:04:01','2024-05-01','2025-04-30',NULL),(226,2566,4,'032','032001','108',1000.00,0.00,'2023-06-05','27 ต.ค. 2565','รับเด็กเข้าเรียน','','','2022-10-27 11:17:49','2023-04-01','2024-03-31',NULL),(244,2566,4,'035','035002','125',0.00,0.00,'2566-06-05','5 มิ.ย. 2566','จัดซื้อคอมพิวเตอร์โน้ตบุ๊ก','','','2023-06-05 15:31:10','2023-04-01','2024-03-31',NULL),(228,2566,4,'034','034001','102',0.00,0.00,'2565-10-27','27 ต.ค. 2565','ปรับปรุงซ่อมแซมอาคารเรียนอาคารประกอบ','','','2022-10-27 11:19:24','2022-10-03','2023-03-31',NULL),(229,2566,4,'034','034002','102',0.00,0.00,'2565-10-27','27 ต.ค. 2565','จัดซื้อจัดหาและซ่อมบำรุงอุปกรณ์การเรียน วัสดุครุภัณฑ์','','','2022-10-27 11:19:54','2022-10-03','2023-03-31',NULL),(230,2566,4,'035','035001','125',0.00,0.00,'2023-06-05','2 พ.ย. 2565','สนับสนุนค่าตอบแทนเจ้าหน้าที่ ICT Talent','','','2022-11-02 21:39:53','2023-04-01','2024-03-31',NULL),(231,2566,3,'036','036001','109',60000.00,0.00,'2023-06-05','13 ธ.ค. 2565','จัดจ้างครู','','','2022-12-13 20:42:04','2023-04-01','2024-03-31',NULL),(232,2566,1,'037','037001','126',0.00,0.00,'2023-06-05','17 ม.ค. 2566','มอบทุนการศึกษา','','','2023-01-17 20:47:05','2023-04-01','2024-03-31',NULL),(233,2566,1,'038','038001','112',0.00,0.00,'2566-01-29','29 ม.ค. 2566','ค่าจัดการเรียนการสอน','','','2023-01-29 13:02:14','2022-10-03','2023-03-30',NULL),(258,2567,4,'011','011001','109',5000.00,0.00,'2024-05-26','26 ต.ค. 2566','แข่งขันกีฬาภายในโรงเรียนและกีฬากลุ่ม','','','2023-10-26 11:41:31','2024-05-01','2025-04-30',NULL),(259,2567,4,'012','012001','109',5000.00,0.00,'2024-05-26','26 ต.ค. 2566','การจัดกิจกรรมดูแลสุขภาพและสุขนิสัย','','','2023-10-26 11:43:21','2024-05-01','2025-04-30',NULL),(260,2567,4,'013','013001','109',5000.00,0.00,'2024-05-26','26 ต.ค. 2566','พัฒนาระบบบริหารงานในโรงเรียน\r\n','','','2023-10-26 11:44:52','2024-05-01','2025-04-30',NULL),(261,2567,4,'014','014001','109',2000.00,0.00,'2024-05-26','26 ต.ค. 2566','ระบบดูแลนักเรียน','','','2023-10-26 11:46:16','2024-05-01','2025-04-30',NULL),(262,2567,4,'015','015001','109',1000.00,0.00,'2024-05-26','26 ต.ค. 2566','โรงเรียนปลอดอบายมุข','','','2023-10-26 11:47:24','2024-05-01','2025-04-30',NULL),(263,2567,4,'016','016001','109',2000.00,0.00,'2024-05-26','26 ต.ค. 2566','ซื้อวัสดุจัดกิจกรรม','','','2023-10-26 11:49:31','2024-05-01','2025-04-30',NULL),(264,2567,2,'017','017001','109',2000.00,0.00,'2024-10-26','26 ต.ค. 2566','ซื้อวัสดุอุปกรณ์จัดทำเอกสารการจัดซื้อจัดจ้างบัญชีพัสดุ','','','2023-10-26 11:52:15','2024-05-01','2025-04-30',NULL),(265,2567,2,'018','018001','109',14400.00,0.00,'2024-06-09','26 ต.ค. 2566','จัดซื้อจัดหาซ่อมบำรุงสื่ออุปกรณ์การเรียน และวัสดุครุภัณฑ์','','','2023-10-26 11:54:06','2024-05-01','2025-04-30',NULL),(269,2567,1,'019','019001','117',0.00,0.00,'2024-05-26','7 พ.ย. 2566','วิชาการ','','','2023-11-07 10:44:58','2024-05-01','2025-04-30',NULL),(270,2567,1,'019','019002','117',0.00,0.00,'2024-05-26','7 พ.ย. 2566','คุณธรรม จริยธรรม ลูกเสือเนตรนารี','','','2023-11-07 10:46:23','2024-05-01','2025-04-30',NULL),(271,2567,1,'019','019003','117',0.00,0.00,'2024-05-26','7 พ.ย. 2566','ทัศนศึกษา','','','2023-11-07 10:46:59','2021-05-01','2025-04-30',NULL),(272,2567,1,'019','019004','117',0.00,0.00,'2024-05-26','7 พ.ย. 2566','การบริการเทคโนโลยีสารสนเทศและการสื่อสาร (ICT)','','','2023-11-07 10:47:39','2024-05-01','2025-04-30',NULL),(273,2567,1,'020','020001','108',12000.00,0.00,'2024-05-26','7 พ.ย. 2566','เตรียมความพร้อมพัฒนาการทั้ง 4 ด้าน','','','2023-11-07 10:50:31','2024-05-01','2025-04-30',NULL),(274,2567,1,'021','021001','108',2000.00,0.00,'2024-05-26','7 พ.ย. 2566','ประกันคุณภาพการศึกษาปฐมวัย','','','2023-11-07 10:52:02','2024-05-01','2025-04-30',NULL),(275,2567,3,'022','022001','109',60000.00,0.00,'2024-05-26','7 พ.ย. 2566','เงินเดือนครูอัตราจ้าง','','','2023-11-07 10:57:35','2024-05-01','2025-04-30',NULL),(276,2567,4,'023','023001','108',1000.00,0.00,'2566-11-07','7 พ.ย. 2566','รับเด็กเข้าเรียน','','','2023-11-07 10:59:50','2023-10-02','2024-03-30',NULL),(277,2567,2,'024','024001','123',70160.00,0.00,'2024-05-26','7 พ.ย. 2566','ค่าสาธารณูปโภค','','','2023-11-07 11:02:26','2024-05-01','2025-04-30',NULL),(278,2567,4,'025','025001','126',0.00,0.00,'2024-05-26','7 พ.ย. 2566','มอบทุนการศึกษา กสศ.','','','2023-11-07 11:24:21','2024-05-01','2025-04-30',NULL),(279,2567,4,'026','026001','125',0.00,0.00,'2024-05-26','7 พ.ย. 2566','เงินค่าตอบแทนเจ้าหน้าที่','','','2023-11-07 11:30:03','2024-05-01','2025-04-30',NULL),(280,2567,4,'026','026002','125',0.00,0.00,'2024-05-26','7 พ.ย. 2566','คอมพิวเตอร์เพื่อน้อง','','','2023-11-07 11:30:54','2021-05-01','2025-04-30',NULL),(289,2567,4,'014','014002','109',4000.00,0.00,'2024-05-26','26 พ.ค. 2567','ประชุมผู้ปกครอง','','','2024-05-26 12:42:00','2024-05-01','2025-04-30',NULL),(282,2567,4,'028','028001','101',0.00,0.00,'2024-05-26','15 พ.ย. 2566','สร้างห้องน้ำ ห้องส้วม สุขภัณฑ์','','','2023-11-15 21:22:13','2024-05-01','2025-04-30',NULL),(290,2567,1,'031','031001','127',53900.00,0.00,'2567-10-26','26 ต.ค. 2567','พัฒนานวัตกรรม','','','2024-10-26 06:36:44','2024-07-12','2024-09-30',NULL),(284,2567,4,'028','028002','101',0.00,0.00,'2024-05-26','15 พ.ย. 2566','สร้างโดมอเนกประสงค์','','','2023-11-15 21:26:44','2024-05-01','2025-04-30',NULL),(285,2567,4,'028','028003','101',0.00,0.00,'2024-05-26','15 พ.ย. 2566','มอบทุนการศึกษาจากหน่วยงานภายในและภายนอก','','','2023-11-15 21:27:56','2024-05-01','2025-04-30',NULL),(291,2568,1,'001','001001','108',6000.00,0.00,'2567-11-10','10 พ.ย. 2567','การพัฒนาทั้ง 4 ด้าน','','','2024-11-10 12:50:46','2024-10-01','2025-04-30',NULL),(287,2567,4,'030','030001','118',0.00,0.00,'2024-05-26','15 พ.ย. 2566','อาหารกลางวัน','','','2023-11-15 23:25:22','2024-05-01','2024-10-12',NULL),(288,2567,1,'006','006004','112',0.00,0.00,'2024-05-26','26 พ.ค. 2567','ทุนนักเรียนยากจน','','','2024-05-26 12:20:15','2024-05-01','2025-04-30',NULL),(292,2568,1,'002','002001','108',1292.00,0.00,'2567-11-10','10 พ.ย. 2567','จัดซื้อจัดหาวัสดุในการทำรายงาน','','','2024-11-10 12:57:07','2024-10-01','2025-04-30',NULL),(293,2568,1,'003','003001','108',1500.00,0.00,'2567-11-10','10 พ.ย. 2567','ปฐมนิเทศ ปัจฉิมนิเทศ อนุบาล','','','2024-11-10 13:00:25','2024-10-01','2025-04-30',NULL),(294,2568,1,'003','003002','109',1500.00,0.00,'2567-11-10','10 พ.ย. 2567','ปฐมนิเทศ ปัจฉิมนิเทศ ประถม','','','2024-11-10 13:01:13','2024-10-01','2025-04-30',NULL),(295,2568,1,'004','004001','109',1000.00,0.00,'2567-11-10','10 พ.ย. 2567','นิเทศภายใน','','','2024-11-10 13:06:11','2024-10-01','2025-04-30',NULL),(296,2568,1,'005','005001','',29000.00,0.00,'2567-11-10','10 พ.ย. 2567','ปรับปรุงภูมิทัศน์และสิ่งแวดล้อม','','','2024-11-10 13:09:02','2024-10-01','2025-04-30',NULL),(297,2568,1,'006','006001','109',500.00,0.00,'2567-11-10','10 พ.ย. 2567','ส่งเสริมการอ่านผ่านห้องสมุด','','','2024-11-10 13:14:33','2024-10-01','2025-04-30',NULL),(298,2568,1,'008','008001','114',0.00,0.00,'2567-11-10','10 พ.ย. 2567','จ่ายหนังสือเรียนฟรี','','','2024-11-10 13:19:31','2024-10-01','2025-04-30',NULL),(299,2568,1,'008','008002','115',0.00,0.00,'2567-11-10','10 พ.ย. 2567','อุปกรณ์การเรียน','','','2024-11-10 13:21:14','2024-10-01','2025-04-30',NULL),(300,2568,1,'008','008003','116',0.00,0.00,'2567-11-10','10 พ.ย. 2567','เครื่องแบบนักเรียน','','','2024-11-10 13:22:13','2024-10-01','2025-04-30',NULL),(301,2568,1,'008','008004','112',0.00,0.00,'2567-11-10','10 พ.ย. 2567','ทุนปัจจัยพื้นฐานนักเรียนยากจน','','','2024-11-10 13:23:10','2024-10-01','2025-04-30',NULL),(302,2568,1,'009','009001','117',0.00,0.00,'2567-11-10','10 พ.ย. 2567','กิจกรรมวิชาการ','','','2024-11-10 13:26:28','2024-10-01','2025-04-30',NULL),(303,2568,1,'009','009002','117',0.00,0.00,'2567-11-10','10 พ.ย. 2567','กิจกรรมคุณธรรม จริยธรรม/ลูกเสือ/เนตรนารี/ยุวกาชาด/ผู้บำเพ็ญประโยชน์','','','2024-11-10 13:27:14','2024-10-01','2025-04-30',NULL),(304,2568,1,'009','009003','117',0.00,0.00,'2567-11-10','10 พ.ย. 2567','ทัศนศึกษา','','','2024-11-10 14:28:47','2024-10-01','2025-04-30',NULL),(305,2568,1,'009','009004','117',0.00,0.00,'2567-11-10','10 พ.ย. 2567','กิจกรรมการบริการเทคโนโลยีสารสนเทศและการสื่อสาร (ICT)','','','2024-11-10 14:35:12','2024-10-01','2025-04-30',NULL),(306,2568,1,'010','010001','109',620.00,0.00,'2567-11-10','10 พ.ย. 2567','ประกันคุณภาพการศึกษา','','','2024-11-10 14:39:36','2024-10-01','2025-04-30',NULL),(307,2568,3,'011','011001','109',18740.00,0.00,'2567-11-10','10 พ.ย. 2567','พัฒนาบุคลากร','','','2024-11-10 14:43:42','2024-10-01','2025-04-30',NULL),(308,2568,3,'012','012001','109',35000.00,0.00,'2567-11-10','10 พ.ย. 2567','จัดจ้างครูอัตราจ้างด้วยเงินงบประมาณ','','','2024-11-10 14:48:27','2024-10-01','2025-04-30',NULL),(309,2568,4,'013','013001','108',1000.00,0.00,'2567-11-10','10 พ.ย. 2567','รับเด็กเข้าเรียน','','','2024-11-10 15:14:46','2024-10-01','2025-04-30',NULL),(310,2568,4,'014','014001','109',3000.00,0.00,'2567-11-10','10 พ.ย. 2567','กิจกรรมการดูแลสุขภาพและสุขนิสัย','','','2024-11-10 15:27:39','2024-10-01','2025-04-30',NULL),(311,2568,4,'015','015001','109',3500.00,0.00,'2567-11-10','10 พ.ย. 2567','วัสดุสำนักงาน','','','2024-11-10 15:54:39','2024-10-01','2025-04-30',NULL),(312,2568,4,'018','018001','109',5000.00,0.00,'2567-11-10','10 พ.ย. 2567','แข่งขันกีฬานักเรียน','','','2024-11-10 20:45:05','2024-10-01','2025-04-30',NULL),(313,2568,4,'019','019001','',2330.00,0.00,'2567-11-10','10 พ.ย. 2567','พัฒนาระบบบริหารงานในโรงเรียน','','','2024-11-10 21:04:54','2024-10-01','2025-04-30',NULL),(314,2568,1,'020','020001','126',0.00,0.00,'2567-12-02','2 ธ.ค. 2567','มอบทุน กสศ.','','','2024-12-02 12:49:25','2024-10-01','2025-09-30',NULL);

--
