('2025-06-09',1055,8,1,2568,'C','1340700275482','2025-06-10 11:06:43'),('2025-06-09',1057,8,1,2568,'C','1340700275482','2025-06-10 11:06:43'),('2025-06-09',1058,8,1,2568,'C','1340700275482','2025-06-10 11:06:43'),('2025-06-09',1069,8,1,2568,'C','1340700275482','2025-06-10 11:06:43'),('2025-06-06',1052,8,1,2568,'C','1340700275482','2025-06-10 11:06:52'),('2025-06-06',1060,8,1,2568,'C','1340700275482','2025-06-10 11:06:52'),('2025-06-06',1054,8,1,2568,'C','1340700275482','2025-06-10 11:06:52'),('2025-06-06',1055,8,1,2568,'C','1340700275482','2025-06-10 11:06:52'),('2025-06-06',1057,8,1,2568,'C','1340700275482','2025-06-10 11:06:52'),('2025-06-06',1058,8,1,2568,'C','1340700275482','2025-06-10 11:06:52'),('2025-06-06',1069,8,1,2568,'C','1340700275482','2025-06-10 11:06:52'),('2025-06-10',1047,9,1,2568,'C','1340700275482','2025-06-10 11:06:03'),('2025-06-10',1050,9,1,2568,'C','1340700275482','2025-06-10 11:06:03'),('2025-06-10',1078,9,1,2568,'C','1340700275482','2025-06-10 11:06:03'),('2025-06-09',1047,9,1,2568,'C','1340700275482','2025-06-10 11:06:16'),('2025-06-09',1050,9,1,2568,'C','1340700275482','2025-06-10 11:06:16'),('2025-06-09',1078,9,1,2568,'C','1340700275482','2025-06-10 11:06:16'),('2025-06-06',1047,9,1,2568,'C','1340700275482','2025-06-10 11:06:23'),('2025-06-06',1050,9,1,2568,'C','1340700275482','2025-06-10 11:06:23'),('2025-06-06',1078,9,1,2568,'C','1340700275482','2025-06-10 11:06:23'),('2025-06-11',1102,2,1,2568,'C','1349900865443','2025-06-11 08:06:27'),('2025-06-11',1103,2,1,2568,'C','1349900865443','2025-06-11 08:06:27'),('2025-06-11',1104,2,1,2568,'C','1349900865443','2025-06-11 08:06:27'),('2025-06-11',1105,2,1,2568,'C','1349900865443','2025-06-11 08:06:27'),('2025-06-11',1106,2,1,2568,'C','1349900865443','2025-06-11 08:06:27'),('2025-06-11',1107,2,1,2568,'C','1349900865443','2025-06-11 08:06:27'),('2025-06-11',1108,2,1,2568,'C','1349900865443','2025-06-11 08:06:27'),('2025-06-11',1109,2,1,2568,'C','1349900865443','2025-06-11 08:06:27'),('2025-06-11',1096,3,1,2568,'C','1349900865443','2025-06-11 08:06:31'),('2025-06-11',1097,3,1,2568,'C','1349900865443','2025-06-11 08:06:31'),('2025-06-11',1098,3,1,2568,'C','1349900865443','2025-06-11 08:06:31'),('2025-06-11',1099,3,1,2568,'C','1349900865443','2025-06-11 08:06:31'),('2025-06-12',1102,2,1,2568,'W','1349900865443','2025-06-12 10:06:10'),('2025-06-12',1103,2,1,2568,'C','1349900865443','2025-06-12 10:06:10'),('2025-06-12',1104,2,1,2568,'C','1349900865443','2025-06-12 10:06:10'),('2025-06-12',1105,2,1,2568,'C','1349900865443','2025-06-12 10:06:10'),('2025-06-12',1106,2,1,2568,'C','1349900865443','2025-06-12 10:06:10'),('2025-06-12',1107,2,1,2568,'C','1349900865443','2025-06-12 10:06:10'),('2025-06-12',1108,2,1,2568,'C','1349900865443','2025-06-12 10:06:10'),('2025-06-12',1109,2,1,2568,'C','1349900865443','2025-06-12 10:06:10'),('2025-06-12',1096,3,1,2568,'C','1349900865443','2025-06-12 10:06:13'),('2025-06-12',1097,3,1,2568,'C','1349900865443','2025-06-12 10:06:13'),('2025-06-12',1098,3,1,2568,'C','1349900865443','2025-06-12 10:06:13'),('2025-06-12',1099,3,1,2568,'C','1349900865443','2025-06-12 10:06:13'),('2025-06-13',1102,2,1,2568,'C','1349900865443','2025-06-13 09:06:34'),('2025-06-13',1103,2,1,2568,'C','1349900865443','2025-06-13 09:06:34'),('2025-06-13',1104,2,1,2568,'C','1349900865443','2025-06-13 09:06:34'),('2025-06-13',1105,2,1,2568,'C','1349900865443','2025-06-13 09:06:34'),('2025-06-13',1106,2,1,2568,'C','1349900865443','2025-06-13 09:06:34'),('2025-06-13',1107,2,1,2568,'C','1349900865443','2025-06-13 09:06:34'),('2025-06-13',1108,2,1,2568,'C','1349900865443','2025-06-13 09:06:34'),('2025-06-13',1109,2,1,2568,'C','1349900865443','2025-06-13 09:06:34'),('2025-06-13',1096,3,1,2568,'C','1349900865443','2025-06-13 09:06:38'),('2025-06-13',1097,3,1,2568,'C','1349900865443','2025-06-13 09:06:38'),('2025-06-13',1098,3,1,2568,'C','1349900865443','2025-06-13 09:06:38'),('2025-06-13',1099,3,1,2568,'C','1349900865443','2025-06-13 09:06:38'),('2025-06-16',1102,2,1,2568,'W','1349900865443','2025-06-16 09:06:43'),('2025-06-16',1103,2,1,2568,'C','1349900865443','2025-06-16 09:06:43'),('2025-06-16',1104,2,1,2568,'W','1349900865443','2025-06-16 09:06:43'),('2025-06-16',1105,2,1,2568,'C','1349900865443','2025-06-16 09:06:43'),('2025-06-16',1106,2,1,2568,'C','1349900865443','2025-06-16 09:06:43'),('2025-06-16',1107,2,1,2568,'C','1349900865443','2025-06-16 09:06:43'),('2025-06-16',1108,2,1,2568,'C','1349900865443','2025-06-16 09:06:43'),('2025-06-16',1109,2,1,2568,'C','1349900865443','2025-06-16 09:06:43'),('2025-06-16',1096,3,1,2568,'C','1349900865443','2025-06-16 09:06:48'),('2025-06-16',1097,3,1,2568,'C','1349900865443','2025-06-16 09:06:48'),('2025-06-16',1098,3,1,2568,'C','1349900865443','2025-06-16 09:06:48'),('2025-06-16',1099,3,1,2568,'C','1349900865443','2025-06-16 09:06:48'),('2025-06-17',1102,2,1,2568,'C','1349900865443','2025-06-17 09:06:14'),('2025-06-17',1103,2,1,2568,'C','1349900865443','2025-06-17 09:06:14'),('2025-06-17',1104,2,1,2568,'C','1349900865443','2025-06-17 09:06:14'),('2025-06-17',1105,2,1,2568,'C','1349900865443','2025-06-17 09:06:14'),('2025-06-17',1106,2,1,2568,'C','1349900865443','2025-06-17 09:06:14'),('2025-06-17',1107,2,1,2568,'C','1349900865443','2025-06-17 09:06:14'),('2025-06-17',1108,2,1,2568,'C','1349900865443','2025-06-17 09:06:14'),('2025-06-17',1109,2,1,2568,'C','1349900865443','2025-06-17 09:06:14'),('2025-06-17',1096,3,1,2568,'C','1349900865443','2025-06-17 09:06:21'),('2025-06-17',1097,3,1,2568,'C','1349900865443','2025-06-17 09:06:21'),('2025-06-17',1098,3,1,2568,'W','1349900865443','2025-06-17 09:06:21'),('2025-06-17',1099,3,1,2568,'C','1349900865443','2025-06-17 09:06:21'),('2025-06-18',1102,2,1,2568,'C','1349900865443','2025-06-18 09:06:16'),('2025-06-18',1103,2,1,2568,'C','1349900865443','2025-06-18 09:06:16'),('2025-06-18',1104,2,1,2568,'C','1349900865443','2025-06-18 09:06:16'),('2025-06-18',1105,2,1,2568,'C','1349900865443','2025-06-18 09:06:16'),('2025-06-18',1106,2,1,2568,'C','1349900865443','2025-06-18 09:06:16'),('2025-06-18',1107,2,1,2568,'C','1349900865443','2025-06-18 09:06:16'),('2025-06-18',1108,2,1,2568,'C','1349900865443','2025-06-18 09:06:16'),('2025-06-18',1109,2,1,2568,'C','1349900865443','2025-06-18 09:06:16'),('2025-06-18',1096,3,1,2568,'W','1349900865443','2025-06-18 09:06:30'),('2025-06-18',1097,3,1,2568,'C','1349900865443','2025-06-18 09:06:30'),('2025-06-18',1098,3,1,2568,'C','1349900865443','2025-06-18 09:06:30'),('2025-06-18',1099,3,1,2568,'C','1349900865443','2025-06-18 09:06:30'),('2025-06-19',1102,2,1,2568,'C','1349900865443','2025-06-19 11:06:43'),('2025-06-19',1103,2,1,2568,'C','1349900865443','2025-06-19 11:06:43'),('2025-06-19',1104,2,1,2568,'C','1349900865443','2025-06-19 11:06:43'),('2025-06-19',1105,2,1,2568,'C','1349900865443','2025-06-19 11:06:43'),('2025-06-19',1106,2,1,2568,'C','1349900865443','2025-06-19 11:06:43'),('2025-06-19',1107,2,1,2568,'C','1349900865443','2025-06-19 11:06:43'),('2025-06-19',1108,2,1,2568,'C','1349900865443','2025-06-19 11:06:43'),('2025-06-19',1109,2,1,2568,'C','1349900865443','2025-06-19 11:06:43'),('2025-06-19',1096,3,1,2568,'C','1349900865443','2025-06-19 11:06:47'),('2025-06-19',1097,3,1,2568,'C','1349900865443','2025-06-19 11:06:47'),('2025-06-19',1098,3,1,2568,'C','1349900865443','2025-06-19 11:06:47'),('2025-06-19',1099,3,1,2568,'C','1349900865443','2025-06-19 11:06:47'),('2025-06-19',1052,8,1,2568,'C','1340700275482','2025-06-19 01:06:25'),('2025-06-19',1060,8,1,2568,'C','1340700275482','2025-06-19 01:06:25'),('2025-06-19',1054,8,1,2568,'C','1340700275482','2025-06-19 01:06:25'),('2025-06-19',1055,8,1,2568,'C','1340700275482','2025-06-19 01:06:25'),('2025-06-19',1057,8,1,2568,'C','1340700275482','2025-06-19 01:06:25'),('2025-06-19',1058,8,1,2568,'C','1340700275482','2025-06-19 01:06:25'),('2025-06-19',1069,8,1,2568,'C','1340700275482','2025-06-19 01:06:25'),('2025-06-18',1052,8,1,2568,'C','1340700275482','2025-06-19 01:06:49'),('2025-06-18',1060,8,1,2568,'L','1340700275482','2025-06-19 01:06:49'),('2025-06-18',1054,8,1,2568,'C','1340700275482','2025-06-19 01:06:49'),('2025-06-18',1055,8,1,2568,'C','1340700275482','2025-06-19 01:06:49'),('2025-06-18',1057,8,1,2568,'C','1340700275482','2025-06-19 01:06:49'),('2025-06-18',1058,8,1,2568,'L','1340700275482','2025-06-19 01:06:49'),('2025-06-18',1069,8,1,2568,'C','1340700275482','2025-06-19 01:06:49'),('2025-06-17',1052,8,1,2568,'C','1340700275482','2025-06-19 01:06:56'),('2025-06-17',1060,8,1,2568,'C','1340700275482','2025-06-19 01:06:56'),('2025-06-17',1054,8,1,2568,'C','1340700275482','2025-06-19 01:06:56'),('2025-06-17',1055,8,1,2568,'C','1340700275482','2025-06-19 01:06:56'),('2025-06-17',1057,8,1,2568,'C','1340700275482','2025-06-19 01:06:56'),('2025-06-17',1058,8,1,2568,'C','1340700275482','2025-06-19 01:06:56'),('2025-06-17',1069,8,1,2568,'C','1340700275482','2025-06-19 01:06:56'),('2025-06-16',1052,8,1,2568,'C','1340700275482','2025-06-19 01:06:06'),('2025-06-16',1060,8,1,2568,'L','1340700275482','2025-06-19 01:06:06'),('2025-06-16',1054,8,1,2568,'C','1340700275482','2025-06-19 01:06:06'),('2025-06-16',1055,8,1,2568,'C','1340700275482','2025-06-19 01:06:06'),('2025-06-16',1057,8,1,2568,'C','1340700275482','2025-06-19 01:06:06'),('2025-06-16',1058,8,1,2568,'C','1340700275482','2025-06-19 01:06:06'),('2025-06-16',1069,8,1,2568,'C','1340700275482','2025-06-19 01:06:06'),('2025-06-13',1052,8,1,2568,'C','1340700275482','2025-06-19 01:06:20'),('2025-06-13',1060,8,1,2568,'C','1340700275482','2025-06-19 01:06:20'),('2025-06-13',1054,8,1,2568,'C','1340700275482','2025-06-19 01:06:20'),('2025-06-13',1055,8,1,2568,'C','1340700275482','2025-06-19 01:06:20'),('2025-06-13',1057,8,1,2568,'C','1340700275482','2025-06-19 01:06:20'),('2025-06-13',1058,8,1,2568,'S','1340700275482','2025-06-19 01:06:20'),('2025-06-13',1069,8,1,2568,'C','1340700275482','2025-06-19 01:06:20'),('2025-06-12',1052,8,1,2568,'C','1340700275482','2025-06-19 01:06:27'),('2025-06-12',1060,8,1,2568,'C','1340700275482','2025-06-19 01:06:27'),('2025-06-12',1054,8,1,2568,'C','1340700275482','2025-06-19 01:06:27'),('2025-06-12',1055,8,1,2568,'C','1340700275482','2025-06-19 01:06:27'),('2025-06-12',1057,8,1,2568,'C','1340700275482','2025-06-19 01:06:27'),('2025-06-12',1058,8,1,2568,'S','1340700275482','2025-06-19 01:06:27'),('2025-06-12',1069,8,1,2568,'C','1340700275482','2025-06-19 01:06:27'),('2025-06-11',1052,8,1,2568,'C','1340700275482','2025-06-19 01:06:38'),('2025-06-11',1060,8,1,2568,'C','1340700275482','2025-06-19 01:06:38'),('2025-06-11',1054,8,1,2568,'C','1340700275482','2025-06-19 01:06:38'),('2025-06-11',1055,8,1,2568,'C','1340700275482','2025-06-19 01:06:38'),('2025-06-11',1057,8,1,2568,'C','1340700275482','2025-06-19 01:06:38'),('2025-06-11',1058,8,1,2568,'S','1340700275482','2025-06-19 01:06:38'),('2025-06-11',1069,8,1,2568,'C','1340700275482','2025-06-19 01:06:38'),('2025-06-19',1047,9,1,2568,'C','1340700275482','2025-06-19 01:06:39'),('2025-06-19',1050,9,1,2568,'C','1340700275482','2025-06-19 01:06:39'),('2025-06-19',1078,9,1,2568,'C','1340700275482','2025-06-19 01:06:39'),('2025-06-18',1047,9,1,2568,'C','1340700275482','2025-06-19 01:06:50'),('2025-06-18',1050,9,1,2568,'C','1340700275482','2025-06-19 01:06:50'),('2025-06-18',1078,9,1,2568,'C','1340700275482','2025-06-19 01:06:50'),('2025-06-17',1047,9,1,2568,'C','1340700275482','2025-06-19 01:06:55'),('2025-06-17',1050,9,1,2568,'C','1340700275482','2025-06-19 01:06:55'),('2025-06-17',1078,9,1,2568,'C','1340700275482','2025-06-19 01:06:55'),('2025-06-16',1047,9,1,2568,'C','1340700275482','2025-06-19 01:06:00'),('2025-06-16',1050,9,1,2568,'C','1340700275482','2025-06-19 01:06:00'),('2025-06-16',1078,9,1,2568,'C','1340700275482','2025-06-19 01:06:00'),('2025-06-13',1047,9,1,2568,'C','1340700275482','2025-06-19 01:06:04'),('2025-06-13',1050,9,1,2568,'C','1340700275482','2025-06-19 01:06:04'),('2025-06-13',1078,9,1,2568,'C','1340700275482','2025-06-19 01:06:04'),('2025-06-12',1047,9,1,2568,'C','1340700275482','2025-06-19 01:06:09'),('2025-06-12',1050,9,1,2568,'C','1340700275482','2025-06-19 01:06:09'),('2025-06-12',1078,9,1,2568,'C','1340700275482','2025-06-19 01:06:09'),('2025-06-11',1047,9,1,2568,'C','1340700275482','2025-06-19 01:06:13'),('2025-06-11',1050,9,1,2568,'C','1340700275482','2025-06-19 01:06:13'),('2025-06-11',1078,9,1,2568,'C','1340700275482','2025-06-19 01:06:13'),('2025-06-20',1102,2,1,2568,'C','1349900865443','2025-06-20 11:06:43'),('2025-06-20',1103,2,1,2568,'C','1349900865443','2025-06-20 11:06:43'),('2025-06-20',1104,2,1,2568,'C','1349900865443','2025-06-20 11:06:43'),('2025-06-20',1105,2,1,2568,'C','1349900865443','2025-06-20 11:06:43'),('2025-06-20',1106,2,1,2568,'C','1349900865443','2025-06-20 11:06:43'),('2025-06-20',1107,2,1,2568,'C','1349900865443','2025-06-20 11:06:43'),('2025-06-20',1108,2,1,2568,'C','1349900865443','2025-06-20 11:06:43'),('2025-06-20',1109,2,1,2568,'C','1349900865443','2025-06-20 11:06:43'),('2025-06-20',1096,3,1,2568,'C','1349900865443','2025-06-20 11:06:51'),('2025-06-20',1097,3,1,2568,'C','1349900865443','2025-06-20 11:06:51'),('2025-06-20',1098,3,1,2568,'C','1349900865443','2025-06-20 11:06:51'),('2025-06-20',1099,3,1,2568,'C','1349900865443','2025-06-20 11:06:51'),('2025-06-23',1102,2,1,2568,'W','1349900865443','2025-06-23 11:06:24'),('2025-06-23',1103,2,1,2568,'C','1349900865443','2025-06-23 11:06:24'),('2025-06-23',1104,2,1,2568,'W','1349900865443','2025-06-23 11:06:24'),('2025-06-23',1105,2,1,2568,'C','1349900865443','2025-06-23 11:06:24'),('2025-06-23',1106,2,1,2568,'C','1349900865443','2025-06-23 11:06:24'),('2025-06-23',1107,2,1,2568,'C','1349900865443','2025-06-23 11:06:24'),('2025-06-23',1108,2,1,2568,'C','1349900865443','2025-06-23 11:06:24'),('2025-06-23',1109,2,1,2568,'C','1349900865443','2025-06-23 11:06:24'),('2025-06-23',1096,3,1,2568,'W','1349900865443','2025-06-23 11:06:31'),('2025-06-23',1097,3,1,2568,'C','1349900865443','2025-06-23 11:06:31'),('2025-06-23',1098,3,1,2568,'W','1349900865443','2025-06-23 11:06:31'),('2025-06-23',1099,3,1,2568,'C','1349900865443','2025-06-23 11:06:31'),('2025-06-24',1102,2,1,2568,'C','1349900865443','2025-06-24 09:06:29'),('2025-06-24',1103,2,1,2568,'C','1349900865443','2025-06-24 09:06:29'),('2025-06-24',1104,2,1,2568,'C','1349900865443','2025-06-24 09:06:29'),('2025-06-24',1105,2,1,2568,'C','1349900865443','2025-06-24 09:06:29'),('2025-06-24',1106,2,1,2568,'C','1349900865443','2025-06-24 09:06:29'),('2025-06-24',1107,2,1,2568,'C','1349900865443','2025-06-24 09:06:29'),('2025-06-24',1108,2,1,2568,'C','1349900865443','2025-06-24 09:06:29'),('2025-06-24',1109,2,1,2568,'C','1349900865443','2025-06-24 09:06:29'),('2025-06-24',1096,3,1,2568,'C','1349900865443','2025-06-24 09:06:33'),('2025-06-24',1097,3,1,2568,'C','1349900865443','2025-06-24 09:06:33'),('2025-06-24',1098,3,1,2568,'C','1349900865443','2025-06-24 09:06:33'),('2025-06-24',1099,3,1,2568,'C','1349900865443','2025-06-24 09:06:33'),('2025-06-25',1102,2,1,2568,'C','1349900865443','2025-06-25 11:06:02'),('2025-06-25',1103,2,1,2568,'C','1349900865443','2025-06-25 11:06:02'),('2025-06-25',1104,2,1,2568,'C','1349900865443','2025-06-25 11:06:02'),('2025-06-25',1105,2,1,2568,'C','1349900865443','2025-06-25 11:06:02'),('2025-06-25',1106,2,1,2568,'C','1349900865443','2025-06-25 11:06:02'),('2025-06-25',1107,2,1,2568,'C','1349900865443','2025-06-25 11:06:02'),('2025-06-25',1108,2,1,2568,'C','1349900865443','2025-06-25 11:06:02'),('2025-06-25',1109,2,1,2568,'C','1349900865443','2025-06-25 11:06:02'),('2025-06-25',1096,3,1,2568,'C','1349900865443','2025-06-25 11:06:06'),('2025-06-25',1097,3,1,2568,'C','1349900865443','2025-06-25 11:06:06'),('2025-06-25',1098,3,1,2568,'C','1349900865443','2025-06-25 11:06:06'),('2025-06-25',1099,3,1,2568,'C','1349900865443','2025-06-25 11:06:06'),('2025-06-26',1102,2,1,2568,'C','1349900865443','2025-06-26 12:06:54'),('2025-06-26',1103,2,1,2568,'C','1349900865443','2025-06-26 12:06:54'),('2025-06-26',1104,2,1,2568,'C','1349900865443','2025-06-26 12:06:54'),('2025-06-26',1105,2,1,2568,'C','1349900865443','2025-06-26 12:06:54'),('2025-06-26',1106,2,1,2568,'C','1349900865443','2025-06-26 12:06:54'),('2025-06-26',1107,2,1,2568,'C','1349900865443','2025-06-26 12:06:54'),('2025-06-26',1108,2,1,2568,'C','1349900865443','2025-06-26 12:06:54'),('2025-06-26',1109,2,1,2568,'C','1349900865443','2025-06-26 12:06:54'),('2025-06-26',1096,3,1,2568,'C','1349900865443','2025-06-26 12:06:59'),('2025-06-26',1097,3,1,2568,'C','1349900865443','2025-06-26 12:06:59'),('2025-06-26',1098,3,1,2568,'C','1349900865443','2025-06-26 12:06:59'),('2025-06-26',1099,3,1,2568,'C','1349900865443','2025-06-26 12:06:59'),('2025-06-27',1052,8,1,2568,'C','1340700275482','2025-06-27 11:06:56'),('2025-06-27',1060,8,1,2568,'L','1340700275482','2025-06-27 11:06:56'),('2025-06-27',1054,8,1,2568,'C','1340700275482','2025-06-27 11:06:56'),('2025-06-27',1055,8,1,2568,'C','1340700275482','2025-06-27 11:06:56'),('2025-06-27',1057,8,1,2568,'C','1340700275482','2025-06-27 11:06:56'),('2025-06-27',1058,8,1,2568,'L','1340700275482','2025-06-27 11:06:56'),('2025-06-27',1069,8,1,2568,'C','1340700275482','2025-06-27 11:06:56'),('2025-06-26',1052,8,1,2568,'C','1340700275482','2025-06-27 11:06:11'),('2025-06-26',1060,8,1,2568,'C','1340700275482','2025-06-27 11:06:11'),('2025-06-26',1054,8,1,2568,'C','1340700275482','2025-06-27 11:06:11'),('2025-06-26',1055,8,1,2568,'C','1340700275482','2025-06-27 11:06:11'),('2025-06-26',1057,8,1,2568,'C','1340700275482','2025-06-27 11:06:11'),('2025-06-26',1058,8,1,2568,'C','1340700275482','2025-06-27 11:06:11'),('2025-06-26',1069,8,1,2568,'C','1340700275482','2025-06-27 11:06:11'),('2025-06-25',1052,8,1,2568,'C','1340700275482','2025-06-27 11:06:20'),('2025-06-25',1060,8,1,2568,'C','1340700275482','2025-06-27 11:06:20'),('2025-06-25',1054,8,1,2568,'C','1340700275482','2025-06-27 11:06:20'),('2025-06-25',1055,8,1,2568,'C','1340700275482','2025-06-27 11:06:20'),('2025-06-25',1057,8,1,2568,'C','1340700275482','2025-06-27 11:06:20'),('2025-06-25',1058,8,1,2568,'C','1340700275482','2025-06-27 11:06:20'),('2025-06-25',1069,8,1,2568,'C','1340700275482','2025-06-27 11:06:20'),('2025-06-24',1052,8,1,2568,'C','1340700275482','2025-06-27 11:06:44'),('2025-06-24',1060,8,1,2568,'C','1340700275482','2025-06-27 11:06:44'),('2025-06-24',1054,8,1,2568,'S','1340700275482','2025-06-27 11:06:44'),('2025-06-24',1055,8,1,2568,'C','1340700275482','2025-06-27 11:06:44'),('2025-06-24',1057,8,1,2568,'C','1340700275482','2025-06-27 11:06:44'),('2025-06-24',1058,8,1,2568,'C','1340700275482','2025-06-27 11:06:44'),('2025-06-24',1069,8,1,2568,'C','1340700275482','2025-06-27 11:06:44'),('2025-06-23',1052,8,1,2568,'C','1340700275482','2025-06-27 11:06:40'),('2025-06-23',1060,8,1,2568,'C','1340700275482','2025-06-27 11:06:40'),('2025-06-23',1054,8,1,2568,'C','1340700275482','2025-06-27 11:06:40'),('2025-06-23',1055,8,1,2568,'C','1340700275482','2025-06-27 11:06:40'),('2025-06-23',1057,8,1,2568,'C','1340700275482','2025-06-27 11:06:40'),('2025-06-23',1058,8,1,2568,'C','1340700275482','2025-06-27 11:06:40'),('2025-06-23',1069,8,1,2568,'C','1340700275482','2025-06-27 11:06:40'),('2025-06-20',1052,8,1,2568,'C','1340700275482','2025-06-27 11:06:57'),('2025-06-20',1060,8,1,2568,'C','1340700275482','2025-06-27 11:06:57'),('2025-06-20',1054,8,1,2568,'C','1340700275482','2025-06-27 11:06:57'),('2025-06-20',1055,8,1,2568,'C','1340700275482','2025-06-27 11:06:57'),('2025-06-20',1057,8,1,2568,'C','1340700275482','2025-06-27 11:06:57'),('2025-06-20',1058,8,1,2568,'C','1340700275482','2025-06-27 11:06:57'),('2025-06-20',1069,8,1,2568,'C','1340700275482','2025-06-27 11:06:57'),('2025-06-27',1047,9,1,2568,'C','1340700275482','2025-06-27 11:06:14'),('2025-06-27',1050,9,1,2568,'C','1340700275482','2025-06-27 11:06:14'),('2025-06-27',1078,9,1,2568,'C','1340700275482','2025-06-27 11:06:14'),('2025-06-26',1047,9,1,2568,'C','1340700275482','2025-06-27 11:06:37'),('2025-06-26',1050,9,1,2568,'C','1340700275482','2025-06-27 11:06:37'),('2025-06-26',1078,9,1,2568,'C','1340700275482','2025-06-27 11:06:37'),('2025-06-25',1047,9,1,2568,'C','1340700275482','2025-06-27 11:06:46'),('2025-06-25',1050,9,1,2568,'C','1340700275482','2025-06-27 11:06:46'),('2025-06-25',1078,9,1,2568,'C','1340700275482','2025-06-27 11:06:46'),('2025-06-24',1047,9,1,2568,'C','1340700275482','2025-06-27 11:06:58'),('2025-06-24',1050,9,1,2568,'C','1340700275482','2025-06-27 11:06:58'),('2025-06-24',1078,9,1,2568,'C','1340700275482','2025-06-27 11:06:58'),('2025-06-23',1047,9,1,2568,'C','1340700275482','2025-06-27 11:06:04'),('2025-06-23',1050,9,1,2568,'C','1340700275482','2025-06-27 11:06:04'),('2025-06-23',1078,9,1,2568,'C','1340700275482','2025-06-27 11:06:04'),('2025-06-20',1047,9,1,2568,'C','1340700275482','2025-06-27 11:06:10'),('2025-06-20',1050,9,1,2568,'C','1340700275482','2025-06-27 11:06:10'),('2025-06-20',1078,9,1,2568,'C','1340700275482','2025-06-27 11:06:10'),('2025-06-30',1102,2,1,2568,'C','1349900865443','2025-06-30 09:06:31'),('2025-06-30',1103,2,1,2568,'C','1349900865443','2025-06-30 09:06:31'),('2025-06-30',1104,2,1,2568,'C','1349900865443','2025-06-30 09:06:31'),('2025-06-30',1105,2,1,2568,'C','1349900865443','2025-06-30 09:06:31'),('2025-06-30',1106,2,1,2568,'C','1349900865443','2025-06-30 09:06:31'),('2025-06-30',1107,2,1,2568,'C','1349900865443','2025-06-30 09:06:31'),('2025-06-30',1108,2,1,2568,'C','1349900865443','2025-06-30 09:06:31'),('2025-06-30',1109,2,1,2568,'C','1349900865443','2025-06-30 09:06:31'),('2025-06-30',1096,3,1,2568,'C','1349900865443','2025-06-30 09:06:35'),('2025-06-30',1097,3,1,2568,'C','1349900865443','2025-06-30 09:06:35'),('2025-06-30',1098,3,1,2568,'C','1349900865443','2025-06-30 09:06:35'),('2025-06-30',1099,3,1,2568,'C','1349900865443','2025-06-30 09:06:35'),('2025-07-01',1102,2,1,2568,'C','1349900865443','2025-07-01 10:07:06'),('2025-07-01',1103,2,1,2568,'C','1349900865443','2025-07-01 10:07:06'),('2025-07-01',1104,2,1,2568,'C','1349900865443','2025-07-01 10:07:06'),('2025-07-01',1105,2,1,2568,'C','1349900865443','2025-07-01 10:07:06'),('2025-07-01',1106,2,1,2568,'C','1349900865443','2025-07-01 10:07:06'),('2025-07-01',1107,2,1,2568,'C','1349900865443','2025-07-01 10:07:06'),('2025-07-01',1108,2,1,2568,'C','1349900865443','2025-07-01 10:07:06'),('2025-07-01',1109,2,1,2568,'C','1349900865443','2025-07-01 10:07:06'),('2025-07-01',1096,3,1,2568,'C','1349900865443','2025-07-01 10:07:12'),('2025-07-01',1097,3,1,2568,'C','1349900865443','2025-07-01 10:07:12'),('2025-07-01',1098,3,1,2568,'C','1349900865443','2025-07-01 10:07:12'),('2025-07-01',1099,3,1,2568,'C','1349900865443','2025-07-01 10:07:12'),('2025-06-27',1102,2,1,2568,'C','1349900865443','2025-07-01 10:07:20'),('2025-06-27',1103,2,1,2568,'C','1349900865443','2025-07-01 10:07:20'),('2025-06-27',1104,2,1,2568,'C','1349900865443','2025-07-01 10:07:20'),('2025-06-27',1105,2,1,2568,'C','1349900865443','2025-07-01 10:07:20'),('2025-06-27',1106,2,1,2568,'C','1349900865443','2025-07-01 10:07:20'),('2025-06-27',1107,2,1,2568,'C','1349900865443','2025-07-01 10:07:20'),('2025-06-27',1108,2,1,2568,'C','1349900865443','2025-07-01 10:07:20'),('2025-06-27',1109,2,1,2568,'C','1349900865443','2025-07-01 10:07:20'),('2025-06-27',1096,3,1,2568,'C','1349900865443','2025-07-01 10:07:28'),('2025-06-27',1097,3,1,2568,'C','1349900865443','2025-07-01 10:07:28'),('2025-06-27',1098,3,1,2568,'C','1349900865443','2025-07-01 10:07:28'),('2025-06-27',1099,3,1,2568,'C','1349900865443','2025-07-01 10:07:28'),('2025-07-02',1102,2,1,2568,'C','1349900865443','2025-07-02 09:07:22'),('2025-07-02',1103,2,1,2568,'C','1349900865443','2025-07-02 09:07:22'),('2025-07-02',1104,2,1,2568,'C','1349900865443','2025-07-02 09:07:22'),('2025-07-02',1105,2,1,2568,'C','1349900865443','2025-07-02 09:07:22'),('2025-07-02',1106,2,1,2568,'C','1349900865443','2025-07-02 09:07:22'),('2025-07-02',1107,2,1,2568,'C','1349900865443','2025-07-02 09:07:22'),('2025-07-02',1108,2,1,2568,'C','1349900865443','2025-07-02 09:07:22'),('2025-07-02',1109,2,1,2568,'C','1349900865443','2025-07-02 09:07:22'),('2025-07-02',1096,3,1,2568,'C','1349900865443','2025-07-02 09:07:03'),('2025-07-02',1097,3,1,2568,'C','1349900865443','2025-07-02 09:07:03'),('2025-07-02',1098,3,1,2568,'C','1349900865443','2025-07-02 09:07:03'),('2025-07-02',1099,3,1,2568,'C','1349900865443','2025-07-02 09:07:03'),('2025-07-02',1047,9,1,2568,'S','1340700275482','2025-07-02 10:07:14'),('2025-07-02',1050,9,1,2568,'C','1340700275482','2025-07-02 10:07:14'),('2025-07-02',1078,9,1,2568,'C','1340700275482','2025-07-02 10:07:14'),('2025-07-01',1047,9,1,2568,'C','1340700275482','2025-07-02 10:07:28'),('2025-07-01',1050,9,1,2568,'C','1340700275482','2025-07-02 10:07:28'),('2025-07-01',1078,9,1,2568,'C','1340700275482','2025-07-02 10:07:28'),('2025-06-30',1047,9,1,2568,'C','1340700275482','2025-07-02 10:07:41'),('2025-06-30',1050,9,1,2568,'C','1340700275482','2025-07-02 10:07:41'),('2025-06-30',1078,9,1,2568,'C','1340700275482','2025-07-02 10:07:41'),('2025-07-02',1052,8,1,2568,'C','1340700275482','2025-07-02 10:07:08'),('2025-07-02',1060,8,1,2568,'C','1340700275482','2025-07-02 10:07:08'),('2025-07-02',1054,8,1,2568,'C','1340700275482','2025-07-02 10:07:08'),('2025-07-02',1055,8,1,2568,'C','1340700275482','2025-07-02 10:07:08'),('2025-07-02',1057,8,1,2568,'C','1340700275482','2025-07-02 10:07:08'),('2025-07-02',1058,8,1,2568,'C','1340700275482','2025-07-02 10:07:08'),('2025-07-02',1069,8,1,2568,'C','1340700275482','2025-07-02 10:07:08'),('2025-07-01',1052,8,1,2568,'C','1340700275482','2025-07-02 10:07:22'),('2025-07-01',1060,8,1,2568,'C','1340700275482','2025-07-02 10:07:22'),('2025-07-01',1054,8,1,2568,'C','1340700275482','2025-07-02 10:07:22'),('2025-07-01',1055,8,1,2568,'C','1340700275482','2025-07-02 10:07:22'),('2025-07-01',1057,8,1,2568,'C','1340700275482','2025-07-02 10:07:22'),('2025-07-01',1058,8,1,2568,'C','1340700275482','2025-07-02 10:07:22'),('2025-07-01',1069,8,1,2568,'C','1340700275482','2025-07-02 10:07:22'),('2025-06-30',1052,8,1,2568,'C','1340700275482','2025-07-02 10:07:30'),('2025-06-30',1060,8,1,2568,'C','1340700275482','2025-07-02 10:07:30'),('2025-06-30',1054,8,1,2568,'C','1340700275482','2025-07-02 10:07:30'),('2025-06-30',1055,8,1,2568,'C','1340700275482','2025-07-02 10:07:30'),('2025-06-30',1057,8,1,2568,'C','1340700275482','2025-07-02 10:07:30'),('2025-06-30',1058,8,1,2568,'C','1340700275482','2025-07-02 10:07:30'),('2025-06-30',1069,8,1,2568,'C','1340700275482','2025-07-02 10:07:30'),('2025-07-03',1102,2,1,2568,'C','1349900865443','2025-07-03 09:07:53'),('2025-07-03',1103,2,1,2568,'C','1349900865443','2025-07-03 09:07:53'),('2025-07-03',1104,2,1,2568,'C','1349900865443','2025-07-03 09:07:53'),('2025-07-03',1105,2,1,2568,'C','1349900865443','2025-07-03 09:07:53'),('2025-07-03',1106,2,1,2568,'C','1349900865443','2025-07-03 09:07:53'),('2025-07-03',1107,2,1,2568,'C','1349900865443','2025-07-03 09:07:53'),('2025-07-03',1108,2,1,2568,'C','1349900865443','2025-07-03 09:07:53'),('2025-07-03',1109,2,1,2568,'C','1349900865443','2025-07-03 09:07:53'),('2025-07-03',1096,3,1,2568,'C','1349900865443','2025-07-03 09:07:58'),('2025-07-03',1097,3,1,2568,'C','1349900865443','2025-07-03 09:07:58'),('2025-07-03',1098,3,1,2568,'C','1349900865443','2025-07-03 09:07:58'),('2025-07-03',1099,3,1,2568,'C','1349900865443','2025-07-03 09:07:58'),('2025-07-07',1102,2,1,2568,'C','1349900865443','2025-07-07 10:07:25'),('2025-07-07',1103,2,1,2568,'C','1349900865443','2025-07-07 10:07:25'),('2025-07-07',1104,2,1,2568,'C','1349900865443','2025-07-07 10:07:25'),('2025-07-07',1105,2,1,2568,'C','1349900865443','2025-07-07 10:07:25'),('2025-07-07',1106,2,1,2568,'C','1349900865443','2025-07-07 10:07:25'),('2025-07-07',1107,2,1,2568,'C','1349900865443','2025-07-07 10:07:25'),('2025-07-07',1108,2,1,2568,'C','1349900865443','2025-07-07 10:07:25'),('2025-07-07',1109,2,1,2568,'W','1349900865443','2025-07-07 10:07:25'),('2025-07-07',1096,3,1,2568,'C','1349900865443','2025-07-07 10:07:29'),('2025-07-07',1097,3,1,2568,'C','1349900865443','2025-07-07 10:07:29'),('2025-07-07',1098,3,1,2568,'C','1349900865443','2025-07-07 10:07:29'),('2025-07-07',1099,3,1,2568,'C','1349900865443','2025-07-07 10:07:29'),('2025-07-08',1102,2,1,2568,'C','1349900865443','2025-07-08 12:07:41'),('2025-07-08',1103,2,1,2568,'C','1349900865443','2025-07-08 12:07:41'),('2025-07-08',1104,2,1,2568,'C','1349900865443','2025-07-08 12:07:41'),('2025-07-08',1105,2,1,2568,'C','1349900865443','2025-07-08 12:07:41'),('2025-07-08',1106,2,1,2568,'C','1349900865443','2025-07-08 12:07:41'),('2025-07-08',1107,2,1,2568,'C','1349900865443','2025-07-08 12:07:41'),('2025-07-08',1108,2,1,2568,'C','1349900865443','2025-07-08 12:07:41'),('2025-07-08',1109,2,1,2568,'C','1349900865443','2025-07-08 12:07:41'),('2025-07-08',1096,3,1,2568,'C','1349900865443','2025-07-08 12:07:47'),('2025-07-08',1097,3,1,2568,'C','1349900865443','2025-07-08 12:07:47'),('2025-07-08',1098,3,1,2568,'C','1349900865443','2025-07-08 12:07:47'),('2025-07-08',1099,3,1,2568,'C','1349900865443','2025-07-08 12:07:47'),('2025-07-09',1102,2,1,2568,'C','1349900865443','2025-07-09 12:07:11'),('2025-07-09',1103,2,1,2568,'C','1349900865443','2025-07-09 12:07:11'),('2025-07-09',1104,2,1,2568,'C','1349900865443','2025-07-09 12:07:11'),('2025-07-09',1105,2,1,2568,'C','1349900865443','2025-07-09 12:07:11'),('2025-07-09',1106,2,1,2568,'C','1349900865443','2025-07-09 12:07:11'),('2025-07-09',1107,2,1,2568,'C','1349900865443','2025-07-09 12:07:11'),('2025-07-09',1108,2,1,2568,'C','1349900865443','2025-07-09 12:07:11'),('2025-07-09',1109,2,1,2568,'C','1349900865443','2025-07-09 12:07:11'),('2025-07-09',1096,3,1,2568,'C','1349900865443','2025-07-09 12:07:15'),('2025-07-09',1097,3,1,2568,'C','1349900865443','2025-07-09 12:07:15'),('2025-07-09',1098,3,1,2568,'C','1349900865443','2025-07-09 12:07:15'),('2025-07-09',1099,3,1,2568,'C','1349900865443','2025-07-09 12:07:15'),('2025-07-16',1102,2,1,2568,'C','1349900865443','2025-07-16 10:07:41'),('2025-07-16',1103,2,1,2568,'C','1349900865443','2025-07-16 10:07:41'),('2025-07-16',1104,2,1,2568,'C','1349900865443','2025-07-16 10:07:41'),('2025-07-16',1105,2,1,2568,'C','1349900865443','2025-07-16 10:07:41'),('2025-07-16',1106,2,1,2568,'C','1349900865443','2025-07-16 10:07:41'),('2025-07-16',1107,2,1,2568,'C','1349900865443','2025-07-16 10:07:41'),('2025-07-16',1108,2,1,2568,'C','1349900865443','2025-07-16 10:07:41'),('2025-07-16',1109,2,1,2568,'W','1349900865443','2025-07-16 10:07:41'),('2025-07-16',1096,3,1,2568,'C','1349900865443','2025-07-16 10:07:02'),('2025-07-16',1097,3,1,2568,'W','1349900865443','2025-07-16 10:07:02'),('2025-07-16',1098,3,1,2568,'C','1349900865443','2025-07-16 10:07:02'),('2025-07-16',1099,3,1,2568,'C','1349900865443','2025-07-16 10:07:02'),('2025-07-15',1102,2,1,2568,'C','1349900865443','2025-07-16 10:07:15'),('2025-07-15',1103,2,1,2568,'C','1349900865443','2025-07-16 10:07:15'),('2025-07-15',1104,2,1,2568,'C','1349900865443','2025-07-16 10:07:15'),('2025-07-15',1105,2,1,2568,'C','1349900865443','2025-07-16 10:07:15'),('2025-07-15',1106,2,1,2568,'C','1349900865443','2025-07-16 10:07:15'),('2025-07-15',1107,2,1,2568,'C','1349900865443','2025-07-16 10:07:15'),('2025-07-15',1108,2,1,2568,'C','1349900865443','2025-07-16 10:07:15'),('2025-07-15',1109,2,1,2568,'W','1349900865443','2025-07-16 10:07:15'),('2025-07-14',1102,2,1,2568,'C','1349900865443','2025-07-16 10:07:22'),('2025-07-14',1103,2,1,2568,'C','1349900865443','2025-07-16 10:07:22'),('2025-07-14',1104,2,1,2568,'C','1349900865443','2025-07-16 10:07:22'),('2025-07-14',1105,2,1,2568,'C','1349900865443','2025-07-16 10:07:22'),('2025-07-14',1106,2,1,2568,'C','1349900865443','2025-07-16 10:07:22'),('2025-07-14',1107,2,1,2568,'C','1349900865443','2025-07-16 10:07:22'),('2025-07-14',1108,2,1,2568,'C','1349900865443','2025-07-16 10:07:22'),('2025-07-14',1109,2,1,2568,'C','1349900865443','2025-07-16 10:07:22'),('2025-07-15',1096,3,1,2568,'C','1349900865443','2025-07-16 10:07:53'),('2025-07-15',1097,3,1,2568,'W','1349900865443','2025-07-16 10:07:53'),('2025-07-15',1098,3,1,2568,'C','1349900865443','2025-07-16 10:07:53'),('2025-07-15',1099,3,1,2568,'C','1349900865443','2025-07-16 10:07:53'),('2025-07-14',1096,3,1,2568,'C','1349900865443','2025-07-16 10:07:57'),('2025-07-14',1097,3,1,2568,'C','1349900865443','2025-07-16 10:07:57'),('2025-07-14',1098,3,1,2568,'C','1349900865443','2025-07-16 10:07:57'),('2025-07-14',1099,3,1,2568,'C','1349900865443','2025-07-16 10:07:57'),('2025-07-17',1102,2,1,2568,'C','1349900865443','2025-07-17 12:07:17'),('2025-07-17',1103,2,1,2568,'C','1349900865443','2025-07-17 12:07:17'),('2025-07-17',1104,2,1,2568,'C','1349900865443','2025-07-17 12:07:17'),('2025-07-17',1105,2,1,2568,'C','1349900865443','2025-07-17 12:07:17'),('2025-07-17',1106,2,1,2568,'C','1349900865443','2025-07-17 12:07:17'),('2025-07-17',1107,2,1,2568,'C','1349900865443','2025-07-17 12:07:17'),('2025-07-17',1108,2,1,2568,'C','1349900865443','2025-07-17 12:07:17'),('2025-07-17',1109,2,1,2568,'C','1349900865443','2025-07-17 12:07:17'),('2025-07-17',1096,3,1,2568,'C','1349900865443','2025-07-17 12:07:22'),('2025-07-17',1097,3,1,2568,'C','1349900865443','2025-07-17 12:07:22'),('2025-07-17',1098,3,1,2568,'C','1349900865443','2025-07-17 12:07:22'),('2025-07-17',1099,3,1,2568,'C','1349900865443','2025-07-17 12:07:22'),('2025-07-18',1052,8,1,2568,'C','1340700275482','2025-07-18 01:07:36'),('2025-07-18',1060,8,1,2568,'C','1340700275482','2025-07-18 01:07:36'),('2025-07-18',1054,8,1,2568,'C','1340700275482','2025-07-18 01:07:36'),('2025-07-18',1055,8,1,2568,'C','1340700275482','2025-07-18 01:07:36'),('2025-07-18',1057,8,1,2568,'C','1340700275482','2025-07-18 01:07:36'),('2025-07-18',1058,8,1,2568,'C','1340700275482','2025-07-18 01:07:36'),('2025-07-18',1069,8,1,2568,'C','1340700275482','2025-07-18 01:07:36'),('2025-07-17',1052,8,1,2568,'C','1340700275482','2025-07-18 01:07:43'),('2025-07-17',1060,8,1,2568,'L','1340700275482','2025-07-18 01:07:43'),('2025-07-17',1054,8,1,2568,'C','1340700275482','2025-07-18 01:07:43'),('2025-07-17',1055,8,1,2568,'C','1340700275482','2025-07-18 01:07:43'),('2025-07-17',1057,8,1,2568,'C','1340700275482','2025-07-18 01:07:43'),('2025-07-17',1058,8,1,2568,'C','1340700275482','2025-07-18 01:07:43'),('2025-07-17',1069,8,1,2568,'C','1340700275482','2025-07-18 01:07:43'),('2025-07-16',1052,8,1,2568,'C','1340700275482','2025-07-18 01:07:49'),('2025-07-16',1060,8,1,2568,'C','1340700275482','2025-07-18 01:07:49'),('2025-07-16',1054,8,1,2568,'C','1340700275482','2025-07-18 01:07:49'),('2025-07-16',1055,8,1,2568,'C','1340700275482','2025-07-18 01:07:49'),('2025-07-16',1057,8,1,2568,'C','1340700275482','2025-07-18 01:07:49'),('2025-07-16',1058,8,1,2568,'C','1340700275482','2025-07-18 01:07:49'),('2025-07-16',1069,8,1,2568,'C','1340700275482','2025-07-18 01:07:49'),('2025-07-15',1052,8,1,2568,'C','1340700275482','2025-07-18 01:07:00'),('2025-07-15',1060,8,1,2568,'C','1340700275482','2025-07-18 01:07:00'),('2025-07-15',1054,8,1,2568,'C','1340700275482','2025-07-18 01:07:00'),('2025-07-15',1055,8,1,2568,'C','1340700275482','2025-07-18 01:07:00'),('2025-07-15',1057,8,1,2568,'C','1340700275482','2025-07-18 01:07:00'),('2025-07-15',1058,8,1,2568,'C','1340700275482','2025-07-18 01:07:00'),('2025-07-15',1069,8,1,2568,'C','1340700275482','2025-07-18 01:07:00'),('2025-07-14',1052,8,1,2568,'C','1340700275482','2025-07-18 01:07:13'),('2025-07-14',1060,8,1,2568,'C','1340700275482','2025-07-18 01:07:13'),('2025-07-14',1054,8,1,2568,'C','1340700275482','2025-07-18 01:07:13'),('2025-07-14',1055,8,1,2568,'C','1340700275482','2025-07-18 01:07:13'),('2025-07-14',1057,8,1,2568,'C','1340700275482','2025-07-18 01:07:13'),('2025-07-14',1058,8,1,2568,'C','1340700275482','2025-07-18 01:07:13'),('2025-07-14',1069,8,1,2568,'C','1340700275482','2025-07-18 01:07:13'),('2025-07-09',1052,8,1,2568,'C','1340700275482','2025-07-18 01:07:30'),('2025-07-09',1060,8,1,2568,'C','1340700275482','2025-07-18 01:07:30'),('2025-07-09',1054,8,1,2568,'C','1340700275482','2025-07-18 01:07:30'),('2025-07-09',1055,8,1,2568,'C','1340700275482','2025-07-18 01:07:30'),('2025-07-09',1057,8,1,2568,'C','1340700275482','2025-07-18 01:07:30'),('2025-07-09',1058,8,1,2568,'C','1340700275482','2025-07-18 01:07:30'),('2025-07-09',1069,8,1,2568,'C','1340700275482','2025-07-18 01:07:30'),('2025-07-08',1052,8,1,2568,'C','1340700275482','2025-07-18 01:07:35'),('2025-07-08',1060,8,1,2568,'C','1340700275482','2025-07-18 01:07:35'),('2025-07-08',1054,8,1,2568,'C','1340700275482','2025-07-18 01:07:35'),('2025-07-08',1055,8,1,2568,'C','1340700275482','2025-07-18 01:07:35'),('2025-07-08',1057,8,1,2568,'C','1340700275482','2025-07-18 01:07:35'),('2025-07-08',1058,8,1,2568,'C','1340700275482','2025-07-18 01:07:35'),('2025-07-08',1069,8,1,2568,'C','1340700275482','2025-07-18 01:07:35'),('2025-07-07',1052,8,1,2568,'C','1340700275482','2025-07-18 01:07:40'),('2025-07-07',1060,8,1,2568,'C','1340700275482','2025-07-18 01:07:40'),('2025-07-07',1054,8,1,2568,'C','1340700275482','2025-07-18 01:07:40'),('2025-07-07',1055,8,1,2568,'C','1340700275482','2025-07-18 01:07:40'),('2025-07-07',1057,8,1,2568,'C','1340700275482','2025-07-18 01:07:40'),('2025-07-07',1058,8,1,2568,'C','1340700275482','2025-07-18 01:07:40'),('2025-07-07',1069,8,1,2568,'C','1340700275482','2025-07-18 01:07:40'),('2025-07-04',1052,8,1,2568,'C','1340700275482','2025-07-18 01:07:50'),('2025-07-04',1060,8,1,2568,'C','1340700275482','2025-07-18 01:07:50'),('2025-07-04',1054,8,1,2568,'C','1340700275482','2025-07-18 01:07:50'),('2025-07-04',1055,8,1,2568,'C','1340700275482','2025-07-18 01:07:50'),('2025-07-04',1057,8,1,2568,'C','1340700275482','2025-07-18 01:07:50'),('2025-07-04',1058,8,1,2568,'C','1340700275482','2025-07-18 01:07:50'),('2025-07-04',1069,8,1,2568,'C','1340700275482','2025-07-18 01:07:50'),('2025-07-03',1052,8,1,2568,'C','1340700275482','2025-07-18 01:07:02'),('2025-07-03',1060,8,1,2568,'C','1340700275482','2025-07-18 01:07:02'),('2025-07-03',1054,8,1,2568,'C','1340700275482','2025-07-18 01:07:02'),('2025-07-03',1055,8,1,2568,'C','1340700275482','2025-07-18 01:07:02'),('2025-07-03',1057,8,1,2568,'C','1340700275482','2025-07-18 01:07:02'),('2025-07-03',1058,8,1,2568,'C','1340700275482','2025-07-18 01:07:02'),('2025-07-03',1069,8,1,2568,'C','1340700275482','2025-07-18 01:07:02'),('2025-07-18',1047,9,1,2568,'C','1340700275482','2025-07-18 01:07:13'),('2025-07-18',1050,9,1,2568,'C','1340700275482','2025-07-18 01:07:13'),('2025-07-18',1078,9,1,2568,'C','1340700275482','2025-07-18 01:07:13'),('2025-07-17',1047,9,1,2568,'C','1340700275482','2025-07-18 01:07:24'),('2025-07-17',1050,9,1,2568,'C','1340700275482','2025-07-18 01:07:24'),('2025-07-17',1078,9,1,2568,'C','1340700275482','2025-07-18 01:07:24'),('2025-07-16',1047,9,1,2568,'C','1340700275482','2025-07-18 01:07:29'),('2025-07-16',1050,9,1,2568,'C','1340700275482','2025-07-18 01:07:29'),('2025-07-16',1078,9,1,2568,'C','1340700275482','2025-07-18 01:07:29'),('2025-07-15',1047,9,1,2568,'C','1340700275482','2025-07-18 01:07:34'),('2025-07-15',1050,9,1,2568,'C','1340700275482','2025-07-18 01:07:34'),('2025-07-15',1078,9,1,2568,'C','1340700275482','2025-07-18 01:07:34'),('2025-07-14',1047,9,1,2568,'C','1340700275482','2025-07-18 01:07:38'),('2025-07-14',1050,9,1,2568,'C','1340700275482','2025-07-18 01:07:38'),('2025-07-14',1078,9,1,2568,'C','1340700275482','2025-07-18 01:07:38'),('2025-07-09',1047,9,1,2568,'C','1340700275482','2025-07-18 01:07:50'),('2025-07-09',1050,9,1,2568,'C','1340700275482','2025-07-18 01:07:50'),('2025-07-09',1078,9,1,2568,'C','1340700275482','2025-07-18 01:07:50'),('2025-07-08',1047,9,1,2568,'C','1340700275482','2025-07-18 01:07:55'),('2025-07-08',1050,9,1,2568,'C','1340700275482','2025-07-18 01:07:55'),('2025-07-08',1078,9,1,2568,'C','1340700275482','2025-07-18 01:07:55'),('2025-07-07',1047,9,1,2568,'C','1340700275482','2025-07-18 01:07:59'),('2025-07-07',1050,9,1,2568,'C','1340700275482','2025-07-18 01:07:59'),('2025-07-07',1078,9,1,2568,'C','1340700275482','2025-07-18 01:07:59'),('2025-07-04',1047,9,1,2568,'C','1340700275482','2025-07-18 01:07:04'),('2025-07-04',1050,9,1,2568,'C','1340700275482','2025-07-18 01:07:04'),('2025-07-04',1078,9,1,2568,'C','1340700275482','2025-07-18 01:07:04'),('2025-07-03',1047,9,1,2568,'C','1340700275482','2025-07-18 01:07:09'),('2025-07-03',1050,9,1,2568,'C','1340700275482','2025-07-18 01:07:09'),('2025-07-03',1078,9,1,2568,'C','1340700275482','2025-07-18 01:07:09'),('2025-07-18',1102,2,1,2568,'C','1349900865443','2025-07-18 04:07:17'),('2025-07-18',1103,2,1,2568,'C','1349900865443','2025-07-18 04:07:17'),('2025-07-18',1104,2,1,2568,'C','1349900865443','2025-07-18 04:07:17'),('2025-07-18',1105,2,1,2568,'C','1349900865443','2025-07-18 04:07:17'),('2025-07-18',1106,2,1,2568,'C','1349900865443','2025-07-18 04:07:17'),('2025-07-18',1107,2,1,2568,'C','1349900865443','2025-07-18 04:07:17'),('2025-07-18',1108,2,1,2568,'C','1349900865443','2025-07-18 04:07:17'),('2025-07-18',1109,2,1,2568,'C','1349900865443','2025-07-18 04:07:17'),('2025-07-18',1096,3,1,2568,'C','1349900865443','2025-07-18 04:07:21'),('2025-07-18',1097,3,1,2568,'C','1349900865443','2025-07-18 04:07:21'),('2025-07-18',1098,3,1,2568,'C','1349900865443','2025-07-18 04:07:21'),('2025-07-18',1099,3,1,2568,'C','1349900865443','2025-07-18 04:07:21'),('2025-07-21',1102,2,1,2568,'C','1349900865443','2025-07-21 12:07:46'),('2025-07-21',1103,2,1,2568,'C','1349900865443','2025-07-21 12:07:46'),('2025-07-21',1104,2,1,2568,'C','1349900865443','2025-07-21 12:07:46'),('2025-07-21',1105,2,1,2568,'C','1349900865443','2025-07-21 12:07:46'),('2025-07-21',1106,2,1,2568,'C','1349900865443','2025-07-21 12:07:46'),('2025-07-21',1107,2,1,2568,'C','1349900865443','2025-07-21 12:07:46'),('2025-07-21',1108,2,1,2568,'C','1349900865443','2025-07-21 12:07:46'),('2025-07-21',1109,2,1,2568,'C','1349900865443','2025-07-21 12:07:46'),('2025-07-21',1096,3,1,2568,'C','1349900865443','2025-07-21 12:07:50'),('2025-07-21',1097,3,1,2568,'C','1349900865443','2025-07-21 12:07:50'),('2025-07-21',1098,3,1,2568,'C','1349900865443','2025-07-21 12:07:50'),('2025-07-21',1099,3,1,2568,'C','1349900865443','2025-07-21 12:07:50'),('2025-07-22',1102,2,1,2568,'C','1349900865443','2025-07-22 09:07:13'),('2025-07-22',1103,2,1,2568,'C','1349900865443','2025-07-22 09:07:13'),('2025-07-22',1104,2,1,2568,'C','1349900865443','2025-07-22 09:07:13'),('2025-07-22',1105,2,1,2568,'C','1349900865443','2025-07-22 09:07:13'),('2025-07-22',1106,2,1,2568,'C','1349900865443','2025-07-22 09:07:13'),('2025-07-22',1107,2,1,2568,'C','1349900865443','2025-07-22 09:07:13'),('2025-07-22',1108,2,1,2568,'C','1349900865443','2025-07-22 09:07:13'),('2025-07-22',1109,2,1,2568,'C','1349900865443','2025-07-22 09:07:13'),('2025-07-22',1096,3,1,2568,'C','1349900865443','2025-07-22 09:07:21'),('2025-07-22',1097,3,1,2568,'C','1349900865443','2025-07-22 09:07:21'),('2025-07-22',1098,3,1,2568,'C','1349900865443','2025-07-22 09:07:21'),('2025-07-22',1099,3,1,2568,'C','1349900865443','2025-07-22 09:07:21'),('2025-07-23',1102,2,1,2568,'C','1349900865443','2025-07-23 08:07:24'),('2025-07-23',1103,2,1,2568,'C','1349900865443','2025-07-23 08:07:24'),('2025-07-23',1104,2,1,2568,'C','1349900865443','2025-07-23 08:07:24'),('2025-07-23',1105,2,1,2568,'C','1349900865443','2025-07-23 08:07:24'),('2025-07-23',1106,2,1,2568,'C','1349900865443','2025-07-23 08:07:24'),('2025-07-23',1107,2,1,2568,'C','1349900865443','2025-07-23 08:07:24'),('2025-07-23',1108,2,1,2568,'C','1349900865443','2025-07-23 08:07:24'),('2025-07-23',1109,2,1,2568,'C','1349900865443','2025-07-23 08:07:24'),('2025-07-23',1096,3,1,2568,'C','1349900865443','2025-07-23 08:07:29'),('2025-07-23',1097,3,1,2568,'C','1349900865443','2025-07-23 08:07:29'),('2025-07-23',1098,3,1,2568,'C','1349900865443','2025-07-23 08:07:29'),('2025-07-23',1099,3,1,2568,'C','1349900865443','2025-07-23 08:07:29'),('2025-07-24',1102,2,1,2568,'C','1349900865443','2025-07-24 09:07:34'),('2025-07-24',1103,2,1,2568,'C','1349900865443','2025-07-24 09:07:34'),('2025-07-24',1104,2,1,2568,'C','1349900865443','2025-07-24 09:07:34'),('2025-07-24',1105,2,1,2568,'C','1349900865443','2025-07-24 09:07:34'),('2025-07-24',1106,2,1,2568,'C','1349900865443','2025-07-24 09:07:34'),('2025-07-24',1107,2,1,2568,'C','1349900865443','2025-07-24 09:07:34'),('2025-07-24',1108,2,1,2568,'C','1349900865443','2025-07-24 09:07:34'),('2025-07-24',1109,2,1,2568,'C','1349900865443','2025-07-24 09:07:34'),('2025-07-24',1096,3,1,2568,'C','1349900865443','2025-07-24 09:07:38'),('2025-07-24',1097,3,1,2568,'C','1349900865443','2025-07-24 09:07:38'),('2025-07-24',1098,3,1,2568,'C','1349900865443','2025-07-24 09:07:38'),('2025-07-24',1099,3,1,2568,'C','1349900865443','2025-07-24 09:07:38'),('2025-07-24',1052,8,1,2568,'C','1340700275482','2025-07-24 01:07:23'),('2025-07-24',1060,8,1,2568,'C','1340700275482','2025-07-24 01:07:23'),('2025-07-24',1054,8,1,2568,'C','1340700275482','2025-07-24 01:07:23'),('2025-07-24',1055,8,1,2568,'C','1340700275482','2025-07-24 01:07:23'),('2025-07-24',1057,8,1,2568,'C','1340700275482','2025-07-24 01:07:23'),('2025-07-24',1058,8,1,2568,'C','1340700275482','2025-07-24 01:07:23'),('2025-07-24',1069,8,1,2568,'C','1340700275482','2025-07-24 01:07:23'),('2025-07-23',1052,8,1,2568,'C','1340700275482','2025-07-24 01:07:34'),('2025-07-23',1060,8,1,2568,'C','1340700275482','2025-07-24 01:07:34'),('2025-07-23',1054,8,1,2568,'C','1340700275482','2025-07-24 01:07:34'),('2025-07-23',1055,8,1,2568,'C','1340700275482','2025-07-24 01:07:34'),('2025-07-23',1057,8,1,2568,'C','1340700275482','2025-07-24 01:07:34'),('2025-07-23',1058,8,1,2568,'C','1340700275482','2025-07-24 01:07:34'),('2025-07-23',1069,8,1,2568,'C','1340700275482','2025-07-24 01:07:34'),('2025-07-22',1052,8,1,2568,'C','1340700275482','2025-07-24 01:07:39'),('2025-07-22',1060,8,1,2568,'C','1340700275482','2025-07-24 01:07:39'),('2025-07-22',1054,8,1,2568,'C','1340700275482','2025-07-24 01:07:39'),('2025-07-22',1055,8,1,2568,'C','1340700275482','2025-07-24 01:07:39'),('2025-07-22',1057,8,1,2568,'C','1340700275482','2025-07-24 01:07:39'),('2025-07-22',1058,8,1,2568,'C','1340700275482','2025-07-24 01:07:39'),('2025-07-22',1069,8,1,2568,'C','1340700275482','2025-07-24 01:07:39'),('2025-07-21',1052,8,1,2568,'C','1340700275482','2025-07-24 01:07:44'),('2025-07-21',1060,8,1,2568,'C','1340700275482','2025-07-24 01:07:44'),('2025-07-21',1054,8,1,2568,'C','1340700275482','2025-07-24 01:07:44'),('2025-07-21',1055,8,1,2568,'C','1340700275482','2025-07-24 01:07:44'),('2025-07-21',1057,8,1,2568,'C','1340700275482','2025-07-24 01:07:44'),('2025-07-21',1058,8,1,2568,'C','1340700275482','2025-07-24 01:07:44'),('2025-07-21',1069,8,1,2568,'C','1340700275482','2025-07-24 01:07:44'),('2025-07-24',1047,9,1,2568,'C','1340700275482','2025-07-24 01:07:58'),('2025-07-24',1050,9,1,2568,'C','1340700275482','2025-07-24 01:07:58'),('2025-07-24',1078,9,1,2568,'C','1340700275482','2025-07-24 01:07:58'),('2025-07-23',1047,9,1,2568,'C','1340700275482','2025-07-24 01:07:08'),('2025-07-23',1050,9,1,2568,'C','1340700275482','2025-07-24 01:07:08'),('2025-07-23',1078,9,1,2568,'C','1340700275482','2025-07-24 01:07:08'),('2025-07-22',1047,9,1,2568,'C','1340700275482','2025-07-24 01:07:15'),('2025-07-22',1050,9,1,2568,'C','1340700275482','2025-07-24 01:07:15'),('2025-07-22',1078,9,1,2568,'C','1340700275482','2025-07-24 01:07:15'),('2025-07-21',1047,9,1,2568,'C','1340700275482','2025-07-24 01:07:20'),('2025-07-21',1050,9,1,2568,'C','1340700275482','2025-07-24 01:07:20'),('2025-07-21',1078,9,1,2568,'C','1340700275482','2025-07-24 01:07:20'),('2025-07-25',1102,2,1,2568,'C','1349900865443','2025-07-25 10:07:07'),('2025-07-25',1103,2,1,2568,'C','1349900865443','2025-07-25 10:07:07'),('2025-07-25',1104,2,1,2568,'C','1349900865443','2025-07-25 10:07:07'),('2025-07-25',1105,2,1,2568,'C','1349900865443','2025-07-25 10:07:07'),('2025-07-25',1106,2,1,2568,'C','1349900865443','2025-07-25 10:07:07'),('2025-07-25',1107,2,1,2568,'C','1349900865443','2025-07-25 10:07:07'),('2025-07-25',1108,2,1,2568,'C','1349900865443','2025-07-25 10:07:07'),('2025-07-25',1109,2,1,2568,'C','1349900865443','2025-07-25 10:07:07'),('2025-07-25',1096,3,1,2568,'C','1349900865443','2025-07-25 10:07:12'),('2025-07-25',1097,3,1,2568,'C','1349900865443','2025-07-25 10:07:12'),('2025-07-25',1098,3,1,2568,'C','1349900865443','2025-07-25 10:07:12'),('2025-07-25',1099,3,1,2568,'C','1349900865443','2025-07-25 10:07:12'),('2025-07-29',1102,2,1,2568,'W','1349900865443','2025-07-29 10:07:08'),('2025-07-29',1103,2,1,2568,'C','1349900865443','2025-07-29 10:07:08'),('2025-07-29',1104,2,1,2568,'C','1349900865443','2025-07-29 10:07:08'),('2025-07-29',1105,2,1,2568,'W','1349900865443','2025-07-29 10:07:08'),('2025-07-29',1106,2,1,2568,'C','1349900865443','2025-07-29 10:07:08'),('2025-07-29',1107,2,1,2568,'W','1349900865443','2025-07-29 10:07:08'),('2025-07-29',1108,2,1,2568,'C','1349900865443','2025-07-29 10:07:08'),('2025-07-29',1109,2,1,2568,'C','1349900865443','2025-07-29 10:07:08'),('2025-07-29',1096,3,1,2568,'C','1349900865443','2025-07-29 10:07:20'),('2025-07-29',1097,3,1,2568,'C','1349900865443','2025-07-29 10:07:20'),('2025-07-29',1098,3,1,2568,'C','1349900865443','2025-07-29 10:07:20'),('2025-07-29',1099,3,1,2568,'C','1349900865443','2025-07-29 10:07:20'),('2025-07-30',1102,2,1,2568,'C','1349900865443','2025-07-30 12:07:33'),('2025-07-30',1103,2,1,2568,'C','1349900865443','2025-07-30 12:07:33'),('2025-07-30',1104,2,1,2568,'C','1349900865443','2025-07-30 12:07:33'),('2025-07-30',1105,2,1,2568,'C','1349900865443','2025-07-30 12:07:33'),('2025-07-30',1106,2,1,2568,'C','1349900865443','2025-07-30 12:07:33'),('2025-07-30',1107,2,1,2568,'C','1349900865443','2025-07-30 12:07:33'),('2025-07-30',1108,2,1,2568,'C','1349900865443','2025-07-30 12:07:33'),('2025-07-30',1109,2,1,2568,'C','1349900865443','2025-07-30 12:07:33'),('2025-07-30',1096,3,1,2568,'C','1349900865443','2025-07-30 12:07:38'),('2025-07-30',1097,3,1,2568,'C','1349900865443','2025-07-30 12:07:38'),('2025-07-30',1098,3,1,2568,'C','1349900865443','2025-07-30 12:07:38'),('2025-07-30',1099,3,1,2568,'C','1349900865443','2025-07-30 12:07:38'),('2025-07-31',1102,2,1,2568,'C','1349900865443','2025-07-31 10:07:38'),('2025-07-31',1103,2,1,2568,'C','1349900865443','2025-07-31 10:07:38'),('2025-07-31',1104,2,1,2568,'C','1349900865443','2025-07-31 10:07:38'),('2025-07-31',1105,2,1,2568,'C','1349900865443','2025-07-31 10:07:38'),('2025-07-31',1106,2,1,2568,'C','1349900865443','2025-07-31 10:07:38'),('2025-07-31',1107,2,1,2568,'C','1349900865443','2025-07-31 10:07:38'),('2025-07-31',1108,2,1,2568,'C','1349900865443','2025-07-31 10:07:38'),('2025-07-31',1109,2,1,2568,'C','1349900865443','2025-07-31 10:07:38'),('2025-07-31',1096,3,1,2568,'C','1349900865443','2025-07-31 10:07:43'),('2025-07-31',1097,3,1,2568,'C','1349900865443','2025-07-31 10:07:43'),('2025-07-31',1098,3,1,2568,'C','1349900865443','2025-07-31 10:07:43'),('2025-07-31',1099,3,1,2568,'C','1349900865443','2025-07-31 10:07:43'),('2025-08-04',1102,2,1,2568,'C','1349900865443','2025-08-04 02:08:35'),('2025-08-04',1103,2,1,2568,'C','1349900865443','2025-08-04 02:08:35'),('2025-08-04',1104,2,1,2568,'C','1349900865443','2025-08-04 02:08:35'),('2025-08-04',1105,2,1,2568,'C','1349900865443','2025-08-04 02:08:35'),('2025-08-04',1106,2,1,2568,'C','1349900865443','2025-08-04 02:08:35'),('2025-08-04',1107,2,1,2568,'C','1349900865443','2025-08-04 02:08:35'),('2025-08-04',1108,2,1,2568,'C','1349900865443','2025-08-04 02:08:35'),('2025-08-04',1109,2,1,2568,'C','1349900865443','2025-08-04 02:08:35'),('2025-08-04',1096,3,1,2568,'C','1349900865443','2025-08-04 02:08:43'),('2025-08-04',1097,3,1,2568,'C','1349900865443','2025-08-04 02:08:43'),('2025-08-04',1098,3,1,2568,'C','1349900865443','2025-08-04 02:08:43'),('2025-08-04',1099,3,1,2568,'C','1349900865443','2025-08-04 02:08:43'),('2025-08-05',1102,2,1,2568,'C','1349900865443','2025-08-05 09:08:53'),('2025-08-05',1103,2,1,2568,'C','1349900865443','2025-08-05 09:08:53'),('2025-08-05',1104,2,1,2568,'C','1349900865443','2025-08-05 09:08:53'),('2025-08-05',1105,2,1,2568,'C','1349900865443','2025-08-05 09:08:53'),('2025-08-05',1106,2,1,2568,'C','1349900865443','2025-08-05 09:08:53'),('2025-08-05',1107,2,1,2568,'C','1349900865443','2025-08-05 09:08:53'),('2025-08-05',1108,2,1,2568,'C','1349900865443','2025-08-05 09:08:53'),('2025-08-05',1109,2,1,2568,'C','1349900865443','2025-08-05 09:08:53'),('2025-08-05',1096,3,1,2568,'C','1349900865443','2025-08-05 09:08:57'),('2025-08-05',1097,3,1,2568,'C','1349900865443','2025-08-05 09:08:57'),('2025-08-05',1098,3,1,2568,'C','1349900865443','2025-08-05 09:08:57'),('2025-08-05',1099,3,1,2568,'C','1349900865443','2025-08-05 09:08:57'),('2025-08-05',1052,8,1,2568,'C','1340700275482','2025-08-05 01:08:51'),('2025-08-05',1060,8,1,2568,'L','1340700275482','2025-08-05 01:08:51'),('2025-08-05',1054,8,1,2568,'C','1340700275482','2025-08-05 01:08:51'),('2025-08-05',1055,8,1,2568,'C','1340700275482','2025-08-05 01:08:51'),('2025-08-05',1057,8,1,2568,'C','1340700275482','2025-08-05 01:08:51'),('2025-08-05',1058,8,1,2568,'C','1340700275482','2025-08-05 01:08:51'),('2025-08-05',1069,8,1,2568,'C','1340700275482','2025-08-05 01:08:51'),('2025-08-04',1052,8,1,2568,'C','1340700275482','2025-08-05 01:08:13'),('2025-08-04',1060,8,1,2568,'C','1340700275482','2025-08-05 01:08:13'),('2025-08-04',1054,8,1,2568,'C','1340700275482','2025-08-05 01:08:13'),('2025-08-04',1055,8,1,2568,'C','1340700275482','2025-08-05 01:08:13'),('2025-08-04',1057,8,1,2568,'C','1340700275482','2025-08-05 01:08:13'),('2025-08-04',1058,8,1,2568,'C','1340700275482','2025-08-05 01:08:13'),('2025-08-04',1069,8,1,2568,'C','1340700275482','2025-08-05 01:08:13'),('2025-08-01',1052,8,1,2568,'C','1340700275482','2025-08-05 01:08:21'),('2025-08-01',1060,8,1,2568,'C','1340700275482','2025-08-05 01:08:21'),('2025-08-01',1054,8,1,2568,'C','1340700275482','2025-08-05 01:08:21'),('2025-08-01',1055,8,1,2568,'C','1340700275482','2025-08-05 01:08:21'),('2025-08-01',1057,8,1,2568,'C','1340700275482','2025-08-05 01:08:21'),('2025-08-01',1058,8,1,2568,'C','1340700275482','2025-08-05 01:08:21'),('2025-08-01',1069,8,1,2568,'C','1340700275482','2025-08-05 01:08:21'),('2025-07-31',1052,8,1,2568,'S','1340700275482','2025-08-05 01:08:57'),('2025-07-31',1060,8,1,2568,'C','1340700275482','2025-08-05 01:08:57'),('2025-07-31',1054,8,1,2568,'C','1340700275482','2025-08-05 01:08:57'),('2025-07-31',1055,8,1,2568,'C','1340700275482','2025-08-05 01:08:57'),('2025-07-31',1057,8,1,2568,'C','1340700275482','2025-08-05 01:08:57'),('2025-07-31',1058,8,1,2568,'C','1340700275482','2025-08-05 01:08:57'),('2025-07-31',1069,8,1,2568,'C','1340700275482','2025-08-05 01:08:57'),('2025-07-30',1052,8,1,2568,'S','1340700275482','2025-08-05 01:08:47'),('2025-07-30',1060,8,1,2568,'C','1340700275482','2025-08-05 01:08:47'),('2025-07-30',1054,8,1,2568,'C','1340700275482','2025-08-05 01:08:47'),('2025-07-30',1055,8,1,2568,'C','1340700275482','2025-08-05 01:08:47'),('2025-07-30',1057,8,1,2568,'C','1340700275482','2025-08-05 01:08:47'),('2025-07-30',1058,8,1,2568,'C','1340700275482','2025-08-05 01:08:47'),('2025-07-30',1069,8,1,2568,'C','1340700275482','2025-08-05 01:08:47'),('2025-07-29',1052,8,1,2568,'C','1340700275482','2025-08-05 01:08:58'),('2025-07-29',1060,8,1,2568,'C','1340700275482','2025-08-05 01:08:58'),('2025-07-29',1054,8,1,2568,'C','1340700275482','2025-08-05 01:08:58'),('2025-07-29',1055,8,1,2568,'C','1340700275482','2025-08-05 01:08:58'),('2025-07-29',1057,8,1,2568,'C','1340700275482','2025-08-05 01:08:58'),('2025-07-29',1058,8,1,2568,'L','1340700275482','2025-08-05 01:08:58'),('2025-07-29',1069,8,1,2568,'C','1340700275482','2025-08-05 01:08:58'),('2025-08-06',1107,2,1,2568,'C','1349900865443','2025-08-06 12:08:55'),('2025-08-06',1103,2,1,2568,'C','1349900865443','2025-08-06 12:08:55'),('2025-08-06',1106,2,1,2568,'C','1349900865443','2025-08-06 12:08:55'),('2025-08-06',1105,2,1,2568,'C','1349900865443','2025-08-06 12:08:55'),('2025-08-06',1104,2,1,2568,'C','1349900865443','2025-08-06 12:08:55'),('2025-08-06',1102,2,1,2568,'C','1349900865443','2025-08-06 12:08:55'),('2025-07-25',1052,8,1,2568,'C','1340700275482','2025-08-05 01:08:25'),('2025-07-25',1060,8,1,2568,'C','1340700275482','2025-08-05 01:08:25'),('2025-07-25',1054,8,1,2568,'C','1340700275482','2025-08-05 01:08:25'),('2025-07-25',1055,8,1,2568,'C','1340700275482','2025-08-05 01:08:25'),('2025-07-25',1057,8,1,2568,'C','1340700275482','2025-08-05 01:08:25'),('2025-07-25',1058,8,1,2568,'C','1340700275482','2025-08-05 01:08:25'),('2025-07-25',1069,8,1,2568,'C','1340700275482','2025-08-05 01:08:25'),('2025-08-05',1047,9,1,2568,'C','1340700275482','2025-08-05 01:08:37'),('2025-08-05',1050,9,1,2568,'C','1340700275482','2025-08-05 01:08:37'),('2025-08-05',1078,9,1,2568,'C','1340700275482','2025-08-05 01:08:37'),('2025-08-04',1047,9,1,2568,'C','1340700275482','2025-08-05 01:08:47'),('2025-08-04',1050,9,1,2568,'C','1340700275482','2025-08-05 01:08:47'),('2025-08-04',1078,9,1,2568,'C','1340700275482','2025-08-05 01:08:47'),('2025-08-01',1047,9,1,2568,'C','1340700275482','2025-08-05 01:08:55'),('2025-08-01',1050,9,1,2568,'C','1340700275482','2025-08-05 01:08:55'),('2025-08-01',1078,9,1,2568,'C','1340700275482','2025-08-05 01:08:55'),('2025-07-31',1047,9,1,2568,'C','1340700275482','2025-08-05 01:08:16'),('2025-07-31',1050,9,1,2568,'C','1340700275482','2025-08-05 01:08:16'),('2025-07-31',1078,9,1,2568,'C','1340700275482','2025-08-05 01:08:16'),('2025-07-30',1047,9,1,2568,'C','1340700275482','2025-08-05 01:08:21'),('2025-07-30',1050,9,1,2568,'C','1340700275482','2025-08-05 01:08:21'),('2025-07-30',1078,9,1,2568,'C','1340700275482','2025-08-05 01:08:21'),('2025-07-29',1047,9,1,2568,'C','1340700275482','2025-08-05 01:08:30'),('2025-07-29',1050,9,1,2568,'C','1340700275482','2025-08-05 01:08:30'),('2025-07-29',1078,9,1,2568,'C','1340700275482','2025-08-05 01:08:30'),('2025-07-25',1047,9,1,2568,'C','1340700275482','2025-08-05 01:08:37'),('2025-07-25',1050,9,1,2568,'C','1340700275482','2025-08-05 01:08:37'),('2025-07-25',1078,9,1,2568,'C','1340700275482','2025-08-05 01:08:37'),('2025-08-06',1108,2,1,2568,'C','1349900865443','2025-08-06 12:08:55'),('2025-08-06',1109,2,1,2568,'C','1349900865443','2025-08-06 12:08:55'),('2025-08-06',1096,3,1,2568,'C','1349900865443','2025-08-06 12:08:00'),('2025-08-06',1097,3,1,2568,'C','1349900865443','2025-08-06 12:08:00'),('2025-08-06',1098,3,1,2568,'C','1349900865443','2025-08-06 12:08:00'),('2025-08-06',1099,3,1,2568,'C','1349900865443','2025-08-06 12:08:00'),('2025-08-07',1102,2,1,2568,'C','1349900865443','2025-08-07 09:08:51'),('2025-08-07',1103,2,1,2568,'C','1349900865443','2025-08-07 09:08:51'),('2025-08-07',1104,2,1,2568,'C','1349900865443','2025-08-07 09:08:51'),('2025-08-07',1105,2,1,2568,'C','1349900865443','2025-08-07 09:08:51'),('2025-08-07',1106,2,1,2568,'C','1349900865443','2025-08-07 09:08:51'),('2025-08-07',1107,2,1,2568,'C','1349900865443','2025-08-07 09:08:51'),('2025-08-07',1108,2,1,2568,'C','1349900865443','2025-08-07 09:08:51'),('2025-08-07',1109,2,1,2568,'C','1349900865443','2025-08-07 09:08:51'),('2025-08-07',1096,3,1,2568,'C','1349900865443','2025-08-07 09:08:56'),('2025-08-07',1097,3,1,2568,'C','1349900865443','2025-08-07 09:08:56'),('2025-08-07',1098,3,1,2568,'C','1349900865443','2025-08-07 09:08:56'),('2025-08-07',1099,3,1,2568,'C','1349900865443','2025-08-07 09:08:56'),('2025-08-08',1102,2,1,2568,'C','1349900865443','2025-08-08 01:08:02'),('2025-08-08',1103,2,1,2568,'C','1349900865443','2025-08-08 01:08:02'),('2025-08-08',1104,2,1,2568,'C','1349900865443','2025-08-08 01:08:02'),('2025-08-08',1105,2,1,2568,'C','1349900865443','2025-08-08 01:08:02'),('2025-08-08',1106,2,1,2568,'C','1349900865443','2025-08-08 01:08:02'),('2025-08-08',1107,2,1,2568,'C','1349900865443','2025-08-08 01:08:02'),('2025-08-08',1108,2,1,2568,'C','1349900865443','2025-08-08 01:08:02'),('2025-08-08',1109,2,1,2568,'C','1349900865443','2025-08-08 01:08:02'),('2025-08-08',1096,3,1,2568,'C','1349900865443','2025-08-08 01:08:07'),('2025-08-08',1097,3,1,2568,'C','1349900865443','2025-08-08 01:08:07'),('2025-08-08',1098,3,1,2568,'C','1349900865443','2025-08-08 01:08:07'),('2025-08-08',1099,3,1,2568,'C','1349900865443','2025-08-08 01:08:07'),('2025-08-13',1102,2,1,2568,'C','1349900865443','2025-08-13 10:08:38'),('2025-08-13',1103,2,1,2568,'C','1349900865443','2025-08-13 10:08:38'),('2025-08-13',1104,2,1,2568,'C','1349900865443','2025-08-13 10:08:38'),('2025-08-13',1105,2,1,2568,'C','1349900865443','2025-08-13 10:08:38'),('2025-08-13',1106,2,1,2568,'C','1349900865443','2025-08-13 10:08:38'),('2025-08-13',1107,2,1,2568,'C','1349900865443','2025-08-13 10:08:38'),('2025-08-13',1108,2,1,2568,'C','1349900865443','2025-08-13 10:08:38'),('2025-08-13',1109,2,1,2568,'C','1349900865443','2025-08-13 10:08:38'),('2025-08-13',1096,3,1,2568,'C','1349900865443','2025-08-13 10:08:42'),('2025-08-13',1097,3,1,2568,'C','1349900865443','2025-08-13 10:08:42'),('2025-08-13',1098,3,1,2568,'C','1349900865443','2025-08-13 10:08:42'),('2025-08-13',1099,3,1,2568,'C','1349900865443','2025-08-13 10:08:42'),('2025-08-14',1102,2,1,2568,'C','1349900865443','2025-08-14 10:08:22'),('2025-08-14',1103,2,1,2568,'C','1349900865443','2025-08-14 10:08:22'),('2025-08-14',1104,2,1,2568,'C','1349900865443','2025-08-14 10:08:22'),('2025-08-14',1105,2,1,2568,'C','1349900865443','2025-08-14 10:08:22'),('2025-08-14',1106,2,1,2568,'C','1349900865443','2025-08-14 10:08:22'),('2025-08-14',1107,2,1,2568,'C','1349900865443','2025-08-14 10:08:22'),('2025-08-14',1108,2,1,2568,'C','1349900865443','2025-08-14 10:08:22'),('2025-08-14',1109,2,1,2568,'C','1349900865443','2025-08-14 10:08:22'),('2025-08-14',1096,3,1,2568,'C','1349900865443','2025-08-14 10:08:29'),('2025-08-14',1097,3,1,2568,'C','1349900865443','2025-08-14 10:08:29'),('2025-08-14',1098,3,1,2568,'C','1349900865443','2025-08-14 10:08:29'),('2025-08-14',1099,3,1,2568,'C','1349900865443','2025-08-14 10:08:29'),('2025-08-18',1102,2,1,2568,'C','1349900865443','2025-08-18 10:08:38'),('2025-08-18',1103,2,1,2568,'C','1349900865443','2025-08-18 10:08:38'),('2025-08-18',1104,2,1,2568,'C','1349900865443','2025-08-18 10:08:38'),('2025-08-18',1105,2,1,2568,'C','1349900865443','2025-08-18 10:08:38'),('2025-08-18',1106,2,1,2568,'C','1349900865443','2025-08-18 10:08:38'),('2025-08-18',1107,2,1,2568,'C','1349900865443','2025-08-18 10:08:38'),('2025-08-18',1108,2,1,2568,'C','1349900865443','2025-08-18 10:08:38'),('2025-08-18',1109,2,1,2568,'C','1349900865443','2025-08-18 10:08:38'),('2025-08-18',1096,3,1,2568,'C','1349900865443','2025-08-18 10:08:43'),('2025-08-18',1097,3,1,2568,'C','1349900865443','2025-08-18 10:08:43'),('2025-08-18',1098,3,1,2568,'C','1349900865443','2025-08-18 10:08:43'),('2025-08-18',1099,3,1,2568,'C','1349900865443','2025-08-18 10:08:43'),('2025-08-19',1102,2,1,2568,'C','1349900865443','2025-08-19 10:08:56'),('2025-08-19',1103,2,1,2568,'C','1349900865443','2025-08-19 10:08:56'),('2025-08-19',1104,2,1,2568,'C','1349900865443','2025-08-19 10:08:56'),('2025-08-19',1105,2,1,2568,'C','1349900865443','2025-08-19 10:08:56'),('2025-08-19',1106,2,1,2568,'C','1349900865443','2025-08-19 10:08:56'),('2025-08-19',1107,2,1,2568,'C','1349900865443','2025-08-19 10:08:56'),('2025-08-19',1108,2,1,2568,'C','1349900865443','2025-08-19 10:08:56'),('2025-08-19',1109,2,1,2568,'C','1349900865443','2025-08-19 10:08:56'),('2025-08-19',1096,3,1,2568,'C','1349900865443','2025-08-19 10:08:01'),('2025-08-19',1097,3,1,2568,'C','1349900865443','2025-08-19 10:08:01'),('2025-08-19',1098,3,1,2568,'C','1349900865443','2025-08-19 10:08:01'),('2025-08-19',1099,3,1,2568,'C','1349900865443','2025-08-19 10:08:01'),('2025-08-21',1102,2,1,2568,'C','1349900865443','2025-08-21 11:08:45'),('2025-08-21',1103,2,1,2568,'C','1349900865443','2025-08-21 11:08:45'),('2025-08-21',1104,2,1,2568,'C','1349900865443','2025-08-21 11:08:45'),('2025-08-21',1105,2,1,2568,'C','1349900865443','2025-08-21 11:08:45'),('2025-08-21',1106,2,1,2568,'C','1349900865443','2025-08-21 11:08:45'),('2025-08-21',1107,2,1,2568,'C','1349900865443','2025-08-21 11:08:45'),('2025-08-21',1108,2,1,2568,'C','1349900865443','2025-08-21 11:08:45'),('2025-08-21',1109,2,1,2568,'C','1349900865443','2025-08-21 11:08:45'),('2025-08-21',1096,3,1,2568,'C','1349900865443','2025-08-21 11:08:51'),('2025-08-21',1097,3,1,2568,'C','1349900865443','2025-08-21 11:08:51'),('2025-08-21',1098,3,1,2568,'C','1349900865443','2025-08-21 11:08:51'),('2025-08-21',1099,3,1,2568,'C','1349900865443','2025-08-21 11:08:51'),('2025-08-22',1102,2,1,2568,'C','1349900865443','2025-08-22 09:08:30'),('2025-08-22',1103,2,1,2568,'C','1349900865443','2025-08-22 09:08:30'),('2025-08-22',1104,2,1,2568,'C','1349900865443','2025-08-22 09:08:30'),('2025-08-22',1105,2,1,2568,'C','1349900865443','2025-08-22 09:08:30'),('2025-08-22',1106,2,1,2568,'C','1349900865443','2025-08-22 09:08:30'),('2025-08-22',1107,2,1,2568,'C','1349900865443','2025-08-22 09:08:30'),('2025-08-22',1108,2,1,2568,'C','1349900865443','2025-08-22 09:08:30'),('2025-08-22',1109,2,1,2568,'C','1349900865443','2025-08-22 09:08:30'),('2025-08-22',1096,3,1,2568,'C','1349900865443','2025-08-22 09:08:35'),('2025-08-22',1097,3,1,2568,'C','1349900865443','2025-08-22 09:08:35'),('2025-08-22',1098,3,1,2568,'C','1349900865443','2025-08-22 09:08:35'),('2025-08-22',1099,3,1,2568,'C','1349900865443','2025-08-22 09:08:35'),('2025-08-25',1102,2,1,2568,'C','1349900865443','2025-08-25 08:08:07'),('2025-08-25',1103,2,1,2568,'C','1349900865443','2025-08-25 08:08:07'),('2025-08-25',1104,2,1,2568,'C','1349900865443','2025-08-25 08:08:07'),('2025-08-25',1105,2,1,2568,'C','1349900865443','2025-08-25 08:08:07'),('2025-08-25',1106,2,1,2568,'C','1349900865443','2025-08-25 08:08:07'),('2025-08-25',1107,2,1,2568,'C','1349900865443','2025-08-25 08:08:07'),('2025-08-25',1108,2,1,2568,'C','1349900865443','2025-08-25 08:08:07'),('2025-08-25',1109,2,1,2568,'C','1349900865443','2025-08-25 08:08:07'),('2025-08-25',1096,3,1,2568,'C','1349900865443','2025-08-25 08:08:13'),('2025-08-25',1097,3,1,2568,'C','1349900865443','2025-08-25 08:08:13'),('2025-08-25',1098,3,1,2568,'C','1349900865443','2025-08-25 08:08:13'),('2025-08-25',1099,3,1,2568,'C','1349900865443','2025-08-25 08:08:13'),('2025-08-25',1052,8,1,2568,'C','1340700275482','2025-08-25 01:08:04'),('2025-08-25',1060,8,1,2568,'L','1340700275482','2025-08-25 01:08:04'),('2025-08-25',1054,8,1,2568,'C','1340700275482','2025-08-25 01:08:04'),('2025-08-25',1055,8,1,2568,'C','1340700275482','2025-08-25 01:08:04'),('2025-08-25',1057,8,1,2568,'C','1340700275482','2025-08-25 01:08:04'),('2025-08-25',1058,8,1,2568,'C','1340700275482','2025-08-25 01:08:04'),('2025-08-25',1069,8,1,2568,'C','1340700275482','2025-08-25 01:08:04'),('2025-08-22',1052,8,1,2568,'C','1340700275482','2025-08-25 01:08:41'),('2025-08-22',1060,8,1,2568,'C','1340700275482','2025-08-25 01:08:41'),('2025-08-22',1054,8,1,2568,'C','1340700275482','2025-08-25 01:08:41'),('2025-08-22',1055,8,1,2568,'C','1340700275482','2025-08-25 01:08:41'),('2025-08-22',1057,8,1,2568,'C','1340700275482','2025-08-25 01:08:41'),('2025-08-22',1058,8,1,2568,'C','1340700275482','2025-08-25 01:08:41'),('2025-08-22',1069,8,1,2568,'C','1340700275482','2025-08-25 01:08:41'),('2025-08-21',1052,8,1,2568,'C','1340700275482','2025-08-25 01:08:53'),('2025-08-21',1060,8,1,2568,'L','1340700275482','2025-08-25 01:08:53'),('2025-08-21',1054,8,1,2568,'C','1340700275482','2025-08-25 01:08:53'),('2025-08-21',1055,8,1,2568,'C','1340700275482','2025-08-25 01:08:53'),('2025-08-21',1057,8,1,2568,'C','1340700275482','2025-08-25 01:08:53'),('2025-08-21',1058,8,1,2568,'C','1340700275482','2025-08-25 01:08:53'),('2025-08-21',1069,8,1,2568,'C','1340700275482','2025-08-25 01:08:53'),('2025-08-20',1052,8,1,2568,'C','1340700275482','2025-08-25 01:08:59'),('2025-08-20',1060,8,1,2568,'C','1340700275482','2025-08-25 01:08:59'),('2025-08-20',1054,8,1,2568,'C','1340700275482','2025-08-25 01:08:59'),('2025-08-20',1055,8,1,2568,'C','1340700275482','2025-08-25 01:08:59'),('2025-08-20',1057,8,1,2568,'C','1340700275482','2025-08-25 01:08:59'),('2025-08-20',1058,8,1,2568,'C','1340700275482','2025-08-25 01:08:59'),('2025-08-20',1069,8,1,2568,'C','1340700275482','2025-08-25 01:08:59'),('2025-08-19',1052,8,1,2568,'C','1340700275482','2025-08-25 01:08:05'),('2025-08-19',1060,8,1,2568,'C','1340700275482','2025-08-25 01:08:05'),('2025-08-19',1054,8,1,2568,'C','1340700275482','2025-08-25 01:08:05'),('2025-08-19',1055,8,1,2568,'C','1340700275482','2025-08-25 01:08:05'),('2025-08-19',1057,8,1,2568,'C','1340700275482','2025-08-25 01:08:05'),('2025-08-19',1058,8,1,2568,'C','1340700275482','2025-08-25 01:08:05'),('2025-08-19',1069,8,1,2568,'C','1340700275482','2025-08-25 01:08:05'),('2025-08-18',1052,8,1,2568,'C','1340700275482','2025-08-25 01:08:10'),('2025-08-18',1060,8,1,2568,'C','1340700275482','2025-08-25 01:08:10'),('2025-08-18',1054,8,1,2568,'C','1340700275482','2025-08-25 01:08:10'),('2025-08-18',1055,8,1,2568,'C','1340700275482','2025-08-25 01:08:10'),('2025-08-18',1057,8,1,2568,'C','1340700275482','2025-08-25 01:08:10'),('2025-08-18',1058,8,1,2568,'C','1340700275482','2025-08-25 01:08:10'),('2025-08-18',1069,8,1,2568,'C','1340700275482','2025-08-25 01:08:10'),('2025-08-15',1052,8,1,2568,'C','1340700275482','2025-08-25 01:08:25'),('2025-08-15',1060,8,1,2568,'C','1340700275482','2025-08-25 01:08:25'),('2025-08-15',1054,8,1,2568,'C','1340700275482','2025-08-25 01:08:25'),('2025-08-15',1055,8,1,2568,'C','1340700275482','2025-08-25 01:08:25'),('2025-08-15',1057,8,1,2568,'C','1340700275482','2025-08-25 01:08:25'),('2025-08-15',1058,8,1,2568,'C','1340700275482','2025-08-25 01:08:25'),('2025-08-15',1069,8,1,2568,'C','1340700275482','2025-08-25 01:08:25'),('2025-08-14',1052,8,1,2568,'C','1340700275482','2025-08-25 01:08:30'),('2025-08-14',1060,8,1,2568,'C','1340700275482','2025-08-25 01:08:30'),('2025-08-14',1054,8,1,2568,'C','1340700275482','2025-08-25 01:08:30'),('2025-08-14',1055,8,1,2568,'C','1340700275482','2025-08-25 01:08:30'),('2025-08-14',1057,8,1,2568,'C','1340700275482','2025-08-25 01:08:30'),('2025-08-14',1058,8,1,2568,'C','1340700275482','2025-08-25 01:08:30'),('2025-08-14',1069,8,1,2568,'C','1340700275482','2025-08-25 01:08:30'),('2025-08-13',1052,8,1,2568,'C','1340700275482','2025-08-25 01:08:42'),('2025-08-13',1060,8,1,2568,'L','1340700275482','2025-08-25 01:08:42'),('2025-08-13',1054,8,1,2568,'C','1340700275482','2025-08-25 01:08:42'),('2025-08-13',1055,8,1,2568,'C','1340700275482','2025-08-25 01:08:42'),('2025-08-13',1057,8,1,2568,'C','1340700275482','2025-08-25 01:08:42'),('2025-08-13',1058,8,1,2568,'C','1340700275482','2025-08-25 01:08:42'),('2025-08-13',1069,8,1,2568,'C','1340700275482','2025-08-25 01:08:42'),('2025-08-08',1052,8,1,2568,'C','1340700275482','2025-08-25 01:08:01'),('2025-08-08',1060,8,1,2568,'C','1340700275482','2025-08-25 01:08:01'),('2025-08-08',1054,8,1,2568,'C','1340700275482','2025-08-25 01:08:01'),('2025-08-08',1055,8,1,2568,'C','1340700275482','2025-08-25 01:08:01'),('2025-08-08',1057,8,1,2568,'C','1340700275482','2025-08-25 01:08:01'),('2025-08-08',1058,8,1,2568,'C','1340700275482','2025-08-25 01:08:01'),('2025-08-08',1069,8,1,2568,'C','1340700275482','2025-08-25 01:08:01'),('2025-08-07',1052,8,1,2568,'C','1340700275482','2025-08-25 01:08:06'),('2025-08-07',1060,8,1,2568,'C','1340700275482','2025-08-25 01:08:06'),('2025-08-07',1054,8,1,2568,'C','1340700275482','2025-08-25 01:08:06'),('2025-08-07',1055,8,1,2568,'C','1340700275482','2025-08-25 01:08:06'),('2025-08-07',1057,8,1,2568,'C','1340700275482','2025-08-25 01:08:06'),('2025-08-07',1058,8,1,2568,'C','1340700275482','2025-08-25 01:08:06'),('2025-08-07',1069,8,1,2568,'C','1340700275482','2025-08-25 01:08:06'),('2025-08-06',1052,8,1,2568,'C','1340700275482','2025-08-25 01:08:11'),('2025-08-06',1060,8,1,2568,'C','1340700275482','2025-08-25 01:08:11'),('2025-08-06',1054,8,1,2568,'C','1340700275482','2025-08-25 01:08:11'),('2025-08-06',1055,8,1,2568,'C','1340700275482','2025-08-25 01:08:11'),('2025-08-06',1057,8,1,2568,'C','1340700275482','2025-08-25 01:08:11'),('2025-08-06',1058,8,1,2568,'C','1340700275482','2025-08-25 01:08:11'),('2025-08-06',1069,8,1,2568,'C','1340700275482','2025-08-25 01:08:11'),('2025-08-25',1047,9,1,2568,'C','1340700275482','2025-08-25 01:08:28'),('2025-08-25',1050,9,1,2568,'C','1340700275482','2025-08-25 01:08:28'),('2025-08-25',1078,9,1,2568,'C','1340700275482','2025-08-25 01:08:28'),('2025-08-22',1047,9,1,2568,'C','1340700275482','2025-08-25 01:08:39'),('2025-08-22',1050,9,1,2568,'C','1340700275482','2025-08-25 01:08:39'),('2025-08-22',1078,9,1,2568,'C','1340700275482','2025-08-25 01:08:39'),('2025-08-21',1047,9,1,2568,'C','1340700275482','2025-08-25 01:08:43'),('2025-08-21',1050,9,1,2568,'C','1340700275482','2025-08-25 01:08:43'),('2025-08-21',1078,9,1,2568,'C','1340700275482','2025-08-25 01:08:43'),('2025-08-20',1047,9,1,2568,'C','1340700275482','2025-08-25 01:08:48'),('2025-08-20',1050,9,1,2568,'C','1340700275482','2025-08-25 01:08:48'),('2025-08-20',1078,9,1,2568,'C','1340700275482','2025-08-25 01:08:48'),('2025-08-19',1047,9,1,2568,'C','1340700275482','2025-08-25 01:08:54'),('2025-08-19',1050,9,1,2568,'C','1340700275482','2025-08-25 01:08:54'),('2025-08-19',1078,9,1,2568,'C','1340700275482','2025-08-25 01:08:54'),('2025-08-18',1047,9,1,2568,'C','1340700275482','2025-08-25 01:08:59'),('2025-08-18',1050,9,1,2568,'C','1340700275482','2025-08-25 01:08:59'),('2025-08-18',1078,9,1,2568,'C','1340700275482','2025-08-25 01:08:59'),('2025-08-15',1047,9,1,2568,'C','1340700275482','2025-08-25 01:08:06'),('2025-08-15',1050,9,1,2568,'C','1340700275482','2025-08-25 01:08:06'),('2025-08-15',1078,9,1,2568,'C','1340700275482','2025-08-25 01:08:06'),('2025-08-14',1047,9,1,2568,'C','1340700275482','2025-08-25 01:08:10'),('2025-08-14',1050,9,1,2568,'C','1340700275482','2025-08-25 01:08:10'),('2025-08-14',1078,9,1,2568,'C','1340700275482','2025-08-25 01:08:10'),('2025-08-13',1047,9,1,2568,'C','1340700275482','2025-08-25 01:08:15'),('2025-08-13',1050,9,1,2568,'C','1340700275482','2025-08-25 01:08:15'),('2025-08-13',1078,9,1,2568,'C','1340700275482','2025-08-25 01:08:15'),('2025-08-08',1047,9,1,2568,'C','1340700275482','2025-08-25 01:08:21'),('2025-08-08',1050,9,1,2568,'C','1340700275482','2025-08-25 01:08:21'),('2025-08-08',1078,9,1,2568,'C','1340700275482','2025-08-25 01:08:21'),('2025-08-07',1047,9,1,2568,'C','1340700275482','2025-08-25 01:08:26'),('2025-08-07',1050,9,1,2568,'C','1340700275482','2025-08-25 01:08:26'),('2025-08-07',1078,9,1,2568,'C','1340700275482','2025-08-25 01:08:26'),('2025-08-06',1047,9,1,2568,'C','1340700275482','2025-08-25 01:08:31'),('2025-08-06',1050,9,1,2568,'C','1340700275482','2025-08-25 01:08:31'),('2025-08-06',1078,9,1,2568,'C','1340700275482','2025-08-25 01:08:31'),('2025-08-26',1102,2,1,2568,'C','1349900865443','2025-08-26 10:08:32'),('2025-08-26',1103,2,1,2568,'C','1349900865443','2025-08-26 10:08:32'),('2025-08-26',1104,2,1,2568,'C','1349900865443','2025-08-26 10:08:32'),('2025-08-26',1105,2,1,2568,'C','1349900865443','2025-08-26 10:08:32'),('2025-08-26',1106,2,1,2568,'C','1349900865443','2025-08-26 10:08:32'),('2025-08-26',1107,2,1,2568,'C','1349900865443','2025-08-26 10:08:32'),('2025-08-26',1108,2,1,2568,'C','1349900865443','2025-08-26 10:08:32'),('2025-08-26',1109,2,1,2568,'C','1349900865443','2025-08-26 10:08:32'),('2025-08-26',1096,3,1,2568,'C','1349900865443','2025-08-26 10:08:35'),('2025-08-26',1097,3,1,2568,'C','1349900865443','2025-08-26 10:08:35'),('2025-08-26',1098,3,1,2568,'C','1349900865443','2025-08-26 10:08:35'),('2025-08-26',1099,3,1,2568,'C','1349900865443','2025-08-26 10:08:35'),('2025-08-27',1102,2,1,2568,'C','1349900865443','2025-08-27 12:08:41'),('2025-08-27',1103,2,1,2568,'C','1349900865443','2025-08-27 12:08:41'),('2025-08-27',1104,2,1,2568,'C','1349900865443','2025-08-27 12:08:41'),('2025-08-27',1105,2,1,2568,'C','1349900865443','2025-08-27 12:08:41'),('2025-08-27',1106,2,1,2568,'C','1349900865443','2025-08-27 12:08:41'),('2025-08-27',1107,2,1,2568,'C','1349900865443','2025-08-27 12:08:41'),('2025-08-27',1108,2,1,2568,'C','1349900865443','2025-08-27 12:08:41'),('2025-08-27',1109,2,1,2568,'C','1349900865443','2025-08-27 12:08:41'),('2025-08-27',1096,3,1,2568,'C','1349900865443','2025-08-27 12:08:47'),('2025-08-27',1097,3,1,2568,'C','1349900865443','2025-08-27 12:08:47'),('2025-08-27',1098,3,1,2568,'C','1349900865443','2025-08-27 12:08:47'),('2025-08-27',1099,3,1,2568,'C','1349900865443','2025-08-27 12:08:47'),('2025-08-28',1102,2,1,2568,'C','1349900865443','2025-08-28 09:08:41'),('2025-08-28',1103,2,1,2568,'C','1349900865443','2025-08-28 09:08:41'),('2025-08-28',1104,2,1,2568,'C','1349900865443','2025-08-28 09:08:41'),('2025-08-28',1105,2,1,2568,'C','1349900865443','2025-08-28 09:08:41'),('2025-08-28',1106,2,1,2568,'C','1349900865443','2025-08-28 09:08:41'),('2025-08-28',1107,2,1,2568,'C','1349900865443','2025-08-28 09:08:41'),('2025-08-28',1108,2,1,2568,'C','1349900865443','2025-08-28 09:08:41'),('2025-08-28',1109,2,1,2568,'C','1349900865443','2025-08-28 09:08:41'),('2025-08-28',1096,3,1,2568,'C','1349900865443','2025-08-28 09:08:49'),('2025-08-28',1097,3,1,2568,'C','1349900865443','2025-08-28 09:08:49'),('2025-08-28',1098,3,1,2568,'C','1349900865443','2025-08-28 09:08:49'),('2025-08-28',1099,3,1,2568,'C','1349900865443','2025-08-28 09:08:49'),('2025-08-29',1102,2,1,2568,'C','1349900865443','2025-08-29 09:08:36'),('2025-08-29',1103,2,1,2568,'C','1349900865443','2025-08-29 09:08:36'),('2025-08-29',1104,2,1,2568,'C','1349900865443','2025-08-29 09:08:36'),('2025-08-29',1105,2,1,2568,'C','1349900865443','2025-08-29 09:08:36'),('2025-08-29',1106,2,1,2568,'C','1349900865443','2025-08-29 09:08:36'),('2025-08-29',1107,2,1,2568,'C','1349900865443','2025-08-29 09:08:36'),('2025-08-29',1108,2,1,2568,'C','1349900865443','2025-08-29 09:08:36'),('2025-08-29',1109,2,1,2568,'C','1349900865443','2025-08-29 09:08:36'),('2025-08-29',1096,3,1,2568,'C','1349900865443','2025-08-29 09:08:40'),('2025-08-29',1097,3,1,2568,'C','1349900865443','2025-08-29 09:08:40'),('2025-08-29',1098,3,1,2568,'C','1349900865443','2025-08-29 09:08:40'),('2025-08-29',1099,3,1,2568,'C','1349900865443','2025-08-29 09:08:40'),('2025-09-01',1102,2,1,2568,'C','1349900865443','2025-09-01 09:09:24'),('2025-09-01',1103,2,1,2568,'C','1349900865443','2025-09-01 09:09:24'),('2025-09-01',1104,2,1,2568,'C','1349900865443','2025-09-01 09:09:24'),('2025-09-01',1105,2,1,2568,'C','1349900865443','2025-09-01 09:09:24'),('2025-09-01',1106,2,1,2568,'C','1349900865443','2025-09-01 09:09:24'),('2025-09-01',1107,2,1,2568,'C','1349900865443','2025-09-01 09:09:24'),('2025-09-01',1108,2,1,2568,'C','1349900865443','2025-09-01 09:09:24'),('2025-09-01',1109,2,1,2568,'C','1349900865443','2025-09-01 09:09:24'),('2025-09-01',1096,3,1,2568,'C','1349900865443','2025-09-01 09:09:28'),('2025-09-01',1097,3,1,2568,'C','1349900865443','2025-09-01 09:09:28'),('2025-09-01',1098,3,1,2568,'C','1349900865443','2025-09-01 09:09:28'),('2025-09-01',1099,3,1,2568,'C','1349900865443','2025-09-01 09:09:28'),('2025-09-02',1102,2,1,2568,'C','1349900865443','2025-09-02 02:09:34'),('2025-09-02',1103,2,1,2568,'C','1349900865443','2025-09-02 02:09:34'),('2025-09-02',1104,2,1,2568,'C','1349900865443','2025-09-02 02:09:34'),('2025-09-02',1105,2,1,2568,'C','1349900865443','2025-09-02 02:09:34'),('2025-09-02',1106,2,1,2568,'C','1349900865443','2025-09-02 02:09:34'),('2025-09-02',1107,2,1,2568,'C','1349900865443','2025-09-02 02:09:34'),('2025-09-02',1108,2,1,2568,'C','1349900865443','2025-09-02 02:09:34'),('2025-09-02',1109,2,1,2568,'C','1349900865443','2025-09-02 02:09:34'),('2025-09-02',1096,3,1,2568,'C','1349900865443','2025-09-02 02:09:38'),('2025-09-02',1097,3,1,2568,'C','1349900865443','2025-09-02 02:09:38'),('2025-09-02',1098,3,1,2568,'C','1349900865443','2025-09-02 02:09:38'),('2025-09-02',1099,3,1,2568,'C','1349900865443','2025-09-02 02:09:38'),('2025-09-03',1102,2,1,2568,'C','1349900865443','2025-09-03 09:09:03'),('2025-09-03',1103,2,1,2568,'C','1349900865443','2025-09-03 09:09:03'),('2025-09-03',1104,2,1,2568,'C','1349900865443','2025-09-03 09:09:03'),('2025-09-03',1105,2,1,2568,'C','1349900865443','2025-09-03 09:09:03'),('2025-09-03',1106,2,1,2568,'C','1349900865443','2025-09-03 09:09:03'),('2025-09-03',1107,2,1,2568,'C','1349900865443','2025-09-03 09:09:03'),('2025-09-03',1108,2,1,2568,'C','1349900865443','2025-09-03 09:09:03'),('2025-09-03',1109,2,1,2568,'C','1349900865443','2025-09-03 09:09:03'),('2025-09-03',1096,3,1,2568,'C','1349900865443','2025-09-03 09:09:08'),('2025-09-03',1097,3,1,2568,'C','1349900865443','2025-09-03 09:09:08'),('2025-09-03',1098,3,1,2568,'C','1349900865443','2025-09-03 09:09:08'),('2025-09-03',1099,3,1,2568,'C','1349900865443','2025-09-03 09:09:08'),('2025-09-05',1096,3,1,2568,'C','1349900865443','2025-09-05 10:09:03'),('2025-09-05',1097,3,1,2568,'C','1349900865443','2025-09-05 10:09:03'),('2025-09-05',1098,3,1,2568,'C','1349900865443','2025-09-05 10:09:03'),('2025-09-05',1099,3,1,2568,'C','1349900865443','2025-09-05 10:09:03'),('2025-09-05',1102,2,1,2568,'C','1349900865443','2025-09-05 10:09:09'),('2025-09-05',1103,2,1,2568,'C','1349900865443','2025-09-05 10:09:09'),('2025-09-05',1104,2,1,2568,'C','1349900865443','2025-09-05 10:09:09'),('2025-09-05',1105,2,1,2568,'C','1349900865443','2025-09-05 10:09:09'),('2025-09-05',1106,2,1,2568,'C','1349900865443','2025-09-05 10:09:09'),('2025-09-05',1107,2,1,2568,'C','1349900865443','2025-09-05 10:09:09'),('2025-09-05',1108,2,1,2568,'C','1349900865443','2025-09-05 10:09:09'),('2025-09-05',1109,2,1,2568,'C','1349900865443','2025-09-05 10:09:09'),('2025-09-08',1102,2,1,2568,'C','1349900865443','2025-09-08 01:09:27'),('2025-09-08',1103,2,1,2568,'C','1349900865443','2025-09-08 01:09:27'),('2025-09-08',1104,2,1,2568,'C','1349900865443','2025-09-08 01:09:27'),('2025-09-08',1105,2,1,2568,'C','1349900865443','2025-09-08 01:09:27'),('2025-09-08',1106,2,1,2568,'C','1349900865443','2025-09-08 01:09:27'),('2025-09-08',1107,2,1,2568,'C','1349900865443','2025-09-08 01:09:27'),('2025-09-08',1108,2,1,2568,'C','1349900865443','2025-09-08 01:09:27'),('2025-09-08',1109,2,1,2568,'C','1349900865443','2025-09-08 01:09:27'),('2025-09-08',1096,3,1,2568,'C','1349900865443','2025-09-08 01:09:32'),('2025-09-08',1097,3,1,2568,'C','1349900865443','2025-09-08 01:09:32'),('2025-09-08',1098,3,1,2568,'C','1349900865443','2025-09-08 01:09:32'),('2025-09-08',1099,3,1,2568,'C','1349900865443','2025-09-08 01:09:32'),('2025-09-09',1102,2,1,2568,'C','1349900865443','2025-09-09 10:09:52'),('2025-09-09',1103,2,1,2568,'C','1349900865443','2025-09-09 10:09:52'),('2025-09-09',1104,2,1,2568,'C','1349900865443','2025-09-09 10:09:52'),('2025-09-09',1105,2,1,2568,'C','1349900865443','2025-09-09 10:09:52'),('2025-09-09',1106,2,1,2568,'C','1349900865443','2025-09-09 10:09:52'),('2025-09-09',1107,2,1,2568,'C','1349900865443','2025-09-09 10:09:52'),('2025-09-09',1108,2,1,2568,'C','1349900865443','2025-09-09 10:09:52'),('2025-09-09',1109,2,1,2568,'C','1349900865443','2025-09-09 10:09:52'),('2025-09-09',1096,3,1,2568,'C','1349900865443','2025-09-09 10:09:58'),('2025-09-09',1097,3,1,2568,'C','1349900865443','2025-09-09 10:09:58'),('2025-09-09',1098,3,1,2568,'C','1349900865443','2025-09-09 10:09:58'),('2025-09-09',1099,3,1,2568,'C','1349900865443','2025-09-09 10:09:58'),('2025-09-10',1102,2,1,2568,'C','1349900865443','2025-09-10 09:09:32'),('2025-09-10',1103,2,1,2568,'C','1349900865443','2025-09-10 09:09:32'),('2025-09-10',1104,2,1,2568,'C','1349900865443','2025-09-10 09:09:32'),('2025-09-10',1105,2,1,2568,'C','1349900865443','2025-09-10 09:09:32'),('2025-09-10',1106,2,1,2568,'C','1349900865443','2025-09-10 09:09:32'),('2025-09-10',1107,2,1,2568,'C','1349900865443','2025-09-10 09:09:32'),('2025-09-10',1108,2,1,2568,'C','1349900865443','2025-09-10 09:09:32'),('2025-09-10',1109,2,1,2568,'C','1349900865443','2025-09-10 09:09:32'),('2025-09-10',1096,3,1,2568,'C','1349900865443','2025-09-10 09:09:36'),('2025-09-10',1097,3,1,2568,'C','1349900865443','2025-09-10 09:09:36'),('2025-09-10',1098,3,1,2568,'C','1349900865443','2025-09-10 09:09:36'),('2025-09-10',1099,3,1,2568,'C','1349900865443','2025-09-10 09:09:36'),('2025-09-11',1102,2,1,2568,'C','1349900865443','2025-09-11 11:09:26'),('2025-09-11',1103,2,1,2568,'C','1349900865443','2025-09-11 11:09:26'),('2025-09-11',1104,2,1,2568,'C','1349900865443','2025-09-11 11:09:26'),('2025-09-11',1105,2,1,2568,'C','1349900865443','2025-09-11 11:09:26'),('2025-09-11',1106,2,1,2568,'C','1349900865443','2025-09-11 11:09:26'),('2025-09-11',1107,2,1,2568,'C','1349900865443','2025-09-11 11:09:26'),('2025-09-11',1108,2,1,2568,'C','1349900865443','2025-09-11 11:09:26'),('2025-09-11',1109,2,1,2568,'C','1349900865443','2025-09-11 11:09:26'),('2025-09-11',1096,3,1,2568,'C','1349900865443','2025-09-11 11:09:31'),('2025-09-11',1097,3,1,2568,'C','1349900865443','2025-09-11 11:09:31'),('2025-09-11',1098,3,1,2568,'C','1349900865443','2025-09-11 11:09:31'),('2025-09-11',1099,3,1,2568,'C','1349900865443','2025-09-11 11:09:31'),('2025-09-12',1102,2,1,2568,'C','1349900865443','2025-09-12 12:09:17'),('2025-09-12',1103,2,1,2568,'C','1349900865443','2025-09-12 12:09:17'),('2025-09-12',1104,2,1,2568,'C','1349900865443','2025-09-12 12:09:17'),('2025-09-12',1105,2,1,2568,'C','1349900865443','2025-09-12 12:09:17'),('2025-09-12',1106,2,1,2568,'C','1349900865443','2025-09-12 12:09:17'),('2025-09-12',1107,2,1,2568,'C','1349900865443','2025-09-12 12:09:17'),('2025-09-12',1108,2,1,2568,'C','1349900865443','2025-09-12 12:09:17'),('2025-09-12',1109,2,1,2568,'C','1349900865443','2025-09-12 12:09:17'),('2025-09-12',1096,3,1,2568,'C','1349900865443','2025-09-12 12:09:21'),('2025-09-12',1097,3,1,2568,'C','1349900865443','2025-09-12 12:09:21'),('2025-09-12',1098,3,1,2568,'C','1349900865443','2025-09-12 12:09:21'),('2025-09-12',1099,3,1,2568,'C','1349900865443','2025-09-12 12:09:21'),('2025-09-15',1102,2,1,2568,'C','1349900865443','2025-09-15 10:09:20'),('2025-09-15',1103,2,1,2568,'C','1349900865443','2025-09-15 10:09:20'),('2025-09-15',1104,2,1,2568,'C','1349900865443','2025-09-15 10:09:20'),('2025-09-15',1105,2,1,2568,'C','1349900865443','2025-09-15 10:09:20'),('2025-09-15',1106,2,1,2568,'C','1349900865443','2025-09-15 10:09:20'),('2025-09-15',1107,2,1,2568,'C','1349900865443','2025-09-15 10:09:20'),('2025-09-15',1108,2,1,2568,'C','1349900865443','2025-09-15 10:09:20'),('2025-09-15',1109,2,1,2568,'C','1349900865443','2025-09-15 10:09:20'),('2025-09-15',1096,3,1,2568,'C','1349900865443','2025-09-15 10:09:25'),('2025-09-15',1097,3,1,2568,'C','1349900865443','2025-09-15 10:09:25'),('2025-09-15',1098,3,1,2568,'C','1349900865443','2025-09-15 10:09:25'),('2025-09-15',1099,3,1,2568,'C','1349900865443','2025-09-15 10:09:25'),('2025-09-16',1102,2,1,2568,'C','1349900865443','2025-09-16 03:09:25'),('2025-09-16',1103,2,1,2568,'C','1349900865443','2025-09-16 03:09:25'),('2025-09-16',1104,2,1,2568,'C','1349900865443','2025-09-16 03:09:25'),('2025-09-16',1105,2,1,2568,'C','1349900865443','2025-09-16 03:09:25'),('2025-09-16',1106,2,1,2568,'C','1349900865443','2025-09-16 03:09:25'),('2025-09-16',1107,2,1,2568,'C','1349900865443','2025-09-16 03:09:25'),('2025-09-16',1108,2,1,2568,'C','1349900865443','2025-09-16 03:09:25'),('2025-09-16',1109,2,1,2568,'C','1349900865443','2025-09-16 03:09:25'),('2025-09-16',1096,3,1,2568,'C','1349900865443','2025-09-16 03:09:29'),('2025-09-16',1097,3,1,2568,'C','1349900865443','2025-09-16 03:09:29'),('2025-09-16',1098,3,1,2568,'C','1349900865443','2025-09-16 03:09:29'),('2025-09-16',1099,3,1,2568,'C','1349900865443','2025-09-16 03:09:29'),('2025-09-17',1102,2,1,2568,'C','1349900865443','2025-09-17 10:09:18'),('2025-09-17',1103,2,1,2568,'C','1349900865443','2025-09-17 10:09:18'),('2025-09-17',1104,2,1,2568,'C','1349900865443','2025-09-17 10:09:18'),('2025-09-17',1105,2,1,2568,'C','1349900865443','2025-09-17 10:09:18'),('2025-09-17',1106,2,1,2568,'C','1349900865443','2025-09-17 10:09:18'),('2025-09-17',1107,2,1,2568,'C','1349900865443','2025-09-17 10:09:18'),('2025-09-17',1108,2,1,2568,'C','1349900865443','2025-09-17 10:09:18'),('2025-09-17',1109,2,1,2568,'C','1349900865443','2025-09-17 10:09:18'),('2025-09-17',1096,3,1,2568,'C','1349900865443','2025-09-17 10:09:22'),('2025-09-17',1097,3,1,2568,'C','1349900865443','2025-09-17 10:09:22'),('2025-09-17',1098,3,1,2568,'C','1349900865443','2025-09-17 10:09:22'),('2025-09-17',1099,3,1,2568,'C','1349900865443','2025-09-17 10:09:22'),('2025-09-18',1102,2,1,2568,'C','1349900865443','2025-09-18 01:09:07'),('2025-09-18',1103,2,1,2568,'C','1349900865443','2025-09-18 01:09:07'),('2025-09-18',1104,2,1,2568,'C','1349900865443','2025-09-18 01:09:07'),('2025-09-18',1105,2,1,2568,'C','1349900865443','2025-09-18 01:09:07'),('2025-09-18',1106,2,1,2568,'C','1349900865443','2025-09-18 01:09:07'),('2025-09-18',1107,2,1,2568,'C','1349900865443','2025-09-18 01:09:07'),('2025-09-18',1108,2,1,2568,'C','1349900865443','2025-09-18 01:09:07'),('2025-09-18',1109,2,1,2568,'C','1349900865443','2025-09-18 01:09:07'),('2025-09-18',1096,3,1,2568,'C','1349900865443','2025-09-18 01:09:12'),('2025-09-18',1097,3,1,2568,'C','1349900865443','2025-09-18 01:09:12'),('2025-09-18',1098,3,1,2568,'C','1349900865443','2025-09-18 01:09:12'),('2025-09-18',1099,3,1,2568,'C','1349900865443','2025-09-18 01:09:12'),('2025-09-19',1102,2,1,2568,'C','1349900865443','2025-09-19 09:09:38'),('2025-09-19',1103,2,1,2568,'C','1349900865443','2025-09-19 09:09:38'),('2025-09-19',1104,2,1,2568,'C','1349900865443','2025-09-19 09:09:38'),('2025-09-19',1105,2,1,2568,'C','1349900865443','2025-09-19 09:09:38'),('2025-09-19',1106,2,1,2568,'C','1349900865443','2025-09-19 09:09:38'),('2025-09-19',1107,2,1,2568,'C','1349900865443','2025-09-19 09:09:38'),('2025-09-19',1108,2,1,2568,'C','1349900865443','2025-09-19 09:09:38'),('2025-09-19',1109,2,1,2568,'C','1349900865443','2025-09-19 09:09:38'),('2025-09-19',1096,3,1,2568,'C','1349900865443','2025-09-19 09:09:43'),('2025-09-19',1097,3,1,2568,'C','1349900865443','2025-09-19 09:09:43'),('2025-09-19',1098,3,1,2568,'C','1349900865443','2025-09-19 09:09:43'),('2025-09-19',1099,3,1,2568,'C','1349900865443','2025-09-19 09:09:43'),('2025-09-19',1052,8,1,2568,'C','1340700275482','2025-09-19 01:09:40'),('2025-09-19',1060,8,1,2568,'L','1340700275482','2025-09-19 01:09:40'),('2025-09-19',1054,8,1,2568,'C','1340700275482','2025-09-19 01:09:40'),('2025-09-19',1055,8,1,2568,'C','1340700275482','2025-09-19 01:09:40'),('2025-09-19',1057,8,1,2568,'C','1340700275482','2025-09-19 01:09:40'),('2025-09-19',1058,8,1,2568,'C','1340700275482','2025-09-19 01:09:40'),('2025-09-19',1069,8,1,2568,'C','1340700275482','2025-09-19 01:09:40'),('2025-09-18',1052,8,1,2568,'C','1340700275482','2025-09-19 01:09:18'),('2025-09-18',1060,8,1,2568,'C','1340700275482','2025-09-19 01:09:18'),('2025-09-18',1054,8,1,2568,'C','1340700275482','2025-09-19 01:09:18'),('2025-09-18',1055,8,1,2568,'C','1340700275482','2025-09-19 01:09:18'),('2025-09-18',1057,8,1,2568,'C','1340700275482','2025-09-19 01:09:18'),('2025-09-18',1058,8,1,2568,'C','1340700275482','2025-09-19 01:09:18'),('2025-09-18',1069,8,1,2568,'C','1340700275482','2025-09-19 01:09:18'),('2025-09-17',1052,8,1,2568,'C','1340700275482','2025-09-19 01:09:23'),('2025-09-17',1060,8,1,2568,'C','1340700275482','2025-09-19 01:09:23'),('2025-09-17',1054,8,1,2568,'C','1340700275482','2025-09-19 01:09:23'),('2025-09-17',1055,8,1,2568,'C','1340700275482','2025-09-19 01:09:23'),('2025-09-17',1057,8,1,2568,'C','1340700275482','2025-09-19 01:09:23'),('2025-09-17',1058,8,1,2568,'C','1340700275482','2025-09-19 01:09:23'),('2025-09-17',1069,8,1,2568,'C','1340700275482','2025-09-19 01:09:23'),('2025-09-16',1052,8,1,2568,'C','1340700275482','2025-09-19 01:09:27'),('2025-09-16',1060,8,1,2568,'C','1340700275482','2025-09-19 01:09:27'),('2025-09-16',1054,8,1,2568,'C','1340700275482','2025-09-19 01:09:27'),('2025-09-16',1055,8,1,2568,'C','1340700275482','2025-09-19 01:09:27'),('2025-09-16',1057,8,1,2568,'C','1340700275482','2025-09-19 01:09:27'),('2025-09-16',1058,8,1,2568,'C','1340700275482','2025-09-19 01:09:27'),('2025-09-16',1069,8,1,2568,'C','1340700275482','2025-09-19 01:09:27'),('2025-09-15',1052,8,1,2568,'C','1340700275482','2025-09-19 01:09:33'),('2025-09-15',1060,8,1,2568,'C','1340700275482','2025-09-19 01:09:33'),('2025-09-15',1054,8,1,2568,'C','1340700275482','2025-09-19 01:09:33'),('2025-09-15',1055,8,1,2568,'C','1340700275482','2025-09-19 01:09:33'),('2025-09-15',1057,8,1,2568,'C','1340700275482','2025-09-19 01:09:33'),('2025-09-15',1058,8,1,2568,'C','1340700275482','2025-09-19 01:09:33'),('2025-09-15',1069,8,1,2568,'C','1340700275482','2025-09-19 01:09:33'),('2025-09-12',1052,8,1,2568,'C','1340700275482','2025-09-19 01:09:40'),('2025-09-12',1060,8,1,2568,'C','1340700275482','2025-09-19 01:09:40'),('2025-09-12',1054,8,1,2568,'C','1340700275482','2025-09-19 01:09:40'),('2025-09-12',1055,8,1,2568,'C','1340700275482','2025-09-19 01:09:40'),('2025-09-12',1057,8,1,2568,'C','1340700275482','2025-09-19 01:09:40'),('2025-09-12',1058,8,1,2568,'C','1340700275482','2025-09-19 01:09:40'),('2025-09-12',1069,8,1,2568,'C','1340700275482','2025-09-19 01:09:40'),('2025-09-11',1052,8,1,2568,'C','1340700275482','2025-09-19 01:09:47'),('2025-09-11',1060,8,1,2568,'C','1340700275482','2025-09-19 01:09:47'),('2025-09-11',1054,8,1,2568,'C','1340700275482','2025-09-19 01:09:47'),('2025-09-11',1055,8,1,2568,'C','1340700275482','2025-09-19 01:09:47'),('2025-09-11',1057,8,1,2568,'C','1340700275482','2025-09-19 01:09:47'),('2025-09-11',1058,8,1,2568,'C','1340700275482','2025-09-19 01:09:47'),('2025-09-11',1069,8,1,2568,'C','1340700275482','2025-09-19 01:09:47'),('2025-09-10',1052,8,1,2568,'C','1340700275482','2025-09-19 01:09:57'),('2025-09-10',1060,8,1,2568,'L','1340700275482','2025-09-19 01:09:57'),('2025-09-10',1054,8,1,2568,'C','1340700275482','2025-09-19 01:09:57'),('2025-09-10',1055,8,1,2568,'C','1340700275482','2025-09-19 01:09:57'),('2025-09-10',1057,8,1,2568,'C','1340700275482','2025-09-19 01:09:57'),('2025-09-10',1058,8,1,2568,'C','1340700275482','2025-09-19 01:09:57'),('2025-09-10',1069,8,1,2568,'C','1340700275482','2025-09-19 01:09:57'),('2025-09-09',1052,8,1,2568,'C','1340700275482','2025-09-19 01:09:04'),('2025-09-09',1060,8,1,2568,'C','1340700275482','2025-09-19 01:09:04'),('2025-09-09',1054,8,1,2568,'C','1340700275482','2025-09-19 01:09:04'),('2025-09-09',1055,8,1,2568,'C','1340700275482','2025-09-19 01:09:04'),('2025-09-09',1057,8,1,2568,'C','1340700275482','2025-09-19 01:09:04'),('2025-09-09',1058,8,1,2568,'C','1340700275482','2025-09-19 01:09:04'),('2025-09-09',1069,8,1,2568,'C','1340700275482','2025-09-19 01:09:04'),('2025-09-08',1052,8,1,2568,'C','1340700275482','2025-09-19 01:09:09'),('2025-09-08',1060,8,1,2568,'C','1340700275482','2025-09-19 01:09:09'),('2025-09-08',1054,8,1,2568,'C','1340700275482','2025-09-19 01:09:09'),('2025-09-08',1055,8,1,2568,'C','1340700275482','2025-09-19 01:09:09'),('2025-09-08',1057,8,1,2568,'C','1340700275482','2025-09-19 01:09:09'),('2025-09-08',1058,8,1,2568,'C','1340700275482','2025-09-19 01:09:09'),('2025-09-08',1069,8,1,2568,'C','1340700275482','2025-09-19 01:09:09'),('2025-09-05',1052,8,1,2568,'C','1340700275482','2025-09-19 01:09:22'),('2025-09-05',1060,8,1,2568,'L','1340700275482','2025-09-19 01:09:22'),('2025-09-05',1054,8,1,2568,'C','1340700275482','2025-09-19 01:09:22'),('2025-09-05',1055,8,1,2568,'C','1340700275482','2025-09-19 01:09:22'),('2025-09-05',1057,8,1,2568,'C','1340700275482','2025-09-19 01:09:22'),('2025-09-05',1058,8,1,2568,'C','1340700275482','2025-09-19 01:09:22'),('2025-09-05',1069,8,1,2568,'C','1340700275482','2025-09-19 01:09:22'),('2025-09-04',1052,8,1,2568,'C','1340700275482','2025-09-19 01:09:29'),('2025-09-04',1060,8,1,2568,'C','1340700275482','2025-09-19 01:09:29'),('2025-09-04',1054,8,1,2568,'C','1340700275482','2025-09-19 01:09:29'),('2025-09-04',1055,8,1,2568,'C','1340700275482','2025-09-19 01:09:29'),('2025-09-04',1057,8,1,2568,'C','1340700275482','2025-09-19 01:09:29'),('2025-09-04',1058,8,1,2568,'C','1340700275482','2025-09-19 01:09:29'),('2025-09-04',1069,8,1,2568,'C','1340700275482','2025-09-19 01:09:29'),('2025-09-03',1052,8,1,2568,'C','1340700275482','2025-09-19 01:09:34'),('2025-09-03',1060,8,1,2568,'C','1340700275482','2025-09-19 01:09:34'),('2025-09-03',1054,8,1,2568,'C','1340700275482','2025-09-19 01:09:34'),('2025-09-03',1055,8,1,2568,'C','1340700275482','2025-09-19 01:09:34'),('2025-09-03',1057,8,1,2568,'C','1340700275482','2025-09-19 01:09:34'),('2025-09-03',1058,8,1,2568,'C','1340700275482','2025-09-19 01:09:34'),('2025-09-03',1069,8,1,2568,'C','1340700275482','2025-09-19 01:09:34'),('2025-09-02',1052,8,1,2568,'C','1340700275482','2025-09-19 01:09:40'),('2025-09-02',1060,8,1,2568,'C','1340700275482','2025-09-19 01:09:40'),('2025-09-02',1054,8,1,2568,'C','1340700275482','2025-09-19 01:09:40'),('2025-09-02',1055,8,1,2568,'C','1340700275482','2025-09-19 01:09:40'),('2025-09-02',1057,8,1,2568,'C','1340700275482','2025-09-19 01:09:40'),('2025-09-02',1058,8,1,2568,'C','1340700275482','2025-09-19 01:09:40'),('2025-09-02',1069,8,1,2568,'C','1340700275482','2025-09-19 01:09:40'),('2025-09-01',1052,8,1,2568,'C','1340700275482','2025-09-19 01:09:45'),('2025-09-01',1060,8,1,2568,'C','1340700275482','2025-09-19 01:09:45'),('2025-09-01',1054,8,1,2568,'C','1340700275482','2025-09-19 01:09:45'),('2025-09-01',1055,8,1,2568,'C','1340700275482','2025-09-19 01:09:45'),('2025-09-01',1057,8,1,2568,'C','1340700275482','2025-09-19 01:09:45'),('2025-09-01',1058,8,1,2568,'C','1340700275482','2025-09-19 01:09:45'),('2025-09-01',1069,8,1,2568,'C','1340700275482','2025-09-19 01:09:45'),('2025-08-29',1052,8,1,2568,'C','1340700275482','2025-09-19 01:09:06'),('2025-08-29',1060,8,1,2568,'C','1340700275482','2025-09-19 01:09:06'),('2025-08-29',1054,8,1,2568,'C','1340700275482','2025-09-19 01:09:06'),('2025-08-29',1055,8,1,2568,'C','1340700275482','2025-09-19 01:09:06'),('2025-08-29',1057,8,1,2568,'C','1340700275482','2025-09-19 01:09:06'),('2025-08-29',1058,8,1,2568,'C','1340700275482','2025-09-19 01:09:06'),('2025-08-29',1069,8,1,2568,'C','1340700275482','2025-09-19 01:09:06'),('2025-08-28',1052,8,1,2568,'C','1340700275482','2025-09-19 01:09:11'),('2025-08-28',1060,8,1,2568,'C','1340700275482','2025-09-19 01:09:11'),('2025-08-28',1054,8,1,2568,'C','1340700275482','2025-09-19 01:09:11'),('2025-08-28',1055,8,1,2568,'C','1340700275482','2025-09-19 01:09:11'),('2025-08-28',1057,8,1,2568,'C','1340700275482','2025-09-19 01:09:11'),('2025-08-28',1058,8,1,2568,'C','1340700275482','2025-09-19 01:09:11'),('2025-08-28',1069,8,1,2568,'C','1340700275482','2025-09-19 01:09:11'),('2025-08-27',1052,8,1,2568,'C','1340700275482','2025-09-19 01:09:23'),('2025-08-27',1060,8,1,2568,'C','1340700275482','2025-09-19 01:09:23'),('2025-08-27',1054,8,1,2568,'C','1340700275482','2025-09-19 01:09:23'),('2025-08-27',1055,8,1,2568,'C','1340700275482','2025-09-19 01:09:23'),('2025-08-27',1057,8,1,2568,'C','1340700275482','2025-09-19 01:09:23'),('2025-08-27',1058,8,1,2568,'C','1340700275482','2025-09-19 01:09:23'),('2025-08-27',1069,8,1,2568,'C','1340700275482','2025-09-19 01:09:23'),('2025-08-26',1052,8,1,2568,'C','1340700275482','2025-09-19 01:09:29'),('2025-08-26',1060,8,1,2568,'C','1340700275482','2025-09-19 01:09:29'),('2025-08-26',1054,8,1,2568,'C','1340700275482','2025-09-19 01:09:29'),('2025-08-26',1055,8,1,2568,'C','1340700275482','2025-09-19 01:09:29'),('2025-08-26',1057,8,1,2568,'C','1340700275482','2025-09-19 01:09:29'),('2025-08-26',1058,8,1,2568,'C','1340700275482','2025-09-19 01:09:29'),('2025-08-26',1069,8,1,2568,'C','1340700275482','2025-09-19 01:09:29'),('2025-09-19',1047,9,1,2568,'C','1340700275482','2025-09-19 01:09:15'),('2025-09-19',1050,9,1,2568,'C','1340700275482','2025-09-19 01:09:15'),('2025-09-19',1078,9,1,2568,'C','1340700275482','2025-09-19 01:09:15'),('2025-09-18',1047,9,1,2568,'C','1340700275482','2025-09-19 01:09:39'),('2025-09-18',1050,9,1,2568,'C','1340700275482','2025-09-19 01:09:39'),('2025-09-18',1078,9,1,2568,'C','1340700275482','2025-09-19 01:09:39'),('2025-09-17',1047,9,1,2568,'C','1340700275482','2025-09-19 01:09:46'),('2025-09-17',1050,9,1,2568,'C','1340700275482','2025-09-19 01:09:46'),('2025-09-17',1078,9,1,2568,'C','1340700275482','2025-09-19 01:09:46'),('2025-09-16',1047,9,1,2568,'C','1340700275482','2025-09-19 01:09:51'),('2025-09-16',1050,9,1,2568,'C','1340700275482','2025-09-19 01:09:51'),('2025-09-16',1078,9,1,2568,'C','1340700275482','2025-09-19 01:09:51'),('2025-09-15',1047,9,1,2568,'C','1340700275482','2025-09-19 01:09:59'),('2025-09-15',1050,9,1,2568,'C','1340700275482','2025-09-19 01:09:59'),('2025-09-15',1078,9,1,2568,'C','1340700275482','2025-09-19 01:09:59'),('2025-09-12',1047,9,1,2568,'C','1340700275482','2025-09-19 01:09:06'),('2025-09-12',1050,9,1,2568,'C','1340700275482','2025-09-19 01:09:06'),('2025-09-12',1078,9,1,2568,'C','1340700275482','2025-09-19 01:09:06'),('2025-09-11',1047,9,1,2568,'C','1340700275482','2025-09-19 01:09:14'),('2025-09-11',1050,9,1,2568,'C','1340700275482','2025-09-19 01:09:14'),('2025-09-11',1078,9,1,2568,'C','1340700275482','2025-09-19 01:09:14'),('2025-09-10',1047,9,1,2568,'C','1340700275482','2025-09-19 01:09:22'),('2025-09-10',1050,9,1,2568,'C','1340700275482','2025-09-19 01:09:22'),('2025-09-10',1078,9,1,2568,'C','1340700275482','2025-09-19 01:09:22'),('2025-09-09',1047,9,1,2568,'C','1340700275482','2025-09-19 01:09:28'),('2025-09-09',1050,9,1,2568,'C','1340700275482','2025-09-19 01:09:28'),('2025-09-09',1078,9,1,2568,'C','1340700275482','2025-09-19 01:09:28'),('2025-09-08',1047,9,1,2568,'C','1340700275482','2025-09-19 01:09:39'),('2025-09-08',1050,9,1,2568,'C','1340700275482','2025-09-19 01:09:39'),('2025-09-08',1078,9,1,2568,'C','1340700275482','2025-09-19 01:09:39'),('2025-09-05',1047,9,1,2568,'C','1340700275482','2025-09-19 01:09:47'),('2025-09-05',1050,9,1,2568,'C','1340700275482','2025-09-19 01:09:47'),('2025-09-05',1078,9,1,2568,'C','1340700275482','2025-09-19 01:09:47'),('2025-09-04',1047,9,1,2568,'C','1340700275482','2025-09-19 01:09:51'),('2025-09-04',1050,9,1,2568,'C','1340700275482','2025-09-19 01:09:51'),('2025-09-04',1078,9,1,2568,'C','1340700275482','2025-09-19 01:09:51'),('2025-09-03',1047,9,1,2568,'C','1340700275482','2025-09-19 01:09:56'),('2025-09-03',1050,9,1,2568,'C','1340700275482','2025-09-19 01:09:56'),('2025-09-03',1078,9,1,2568,'C','1340700275482','2025-09-19 01:09:56'),('2025-09-02',1047,9,1,2568,'C','1340700275482','2025-09-19 01:09:01'),('2025-09-02',1050,9,1,2568,'C','1340700275482','2025-09-19 01:09:01'),('2025-09-02',1078,9,1,2568,'C','1340700275482','2025-09-19 01:09:01'),('2025-09-01',1047,9,1,2568,'C','1340700275482','2025-09-19 01:09:06'),('2025-09-01',1050,9,1,2568,'C','1340700275482','2025-09-19 01:09:06'),('2025-09-01',1078,9,1,2568,'C','1340700275482','2025-09-19 01:09:06'),('2025-08-29',1047,9,1,2568,'C','1340700275482','2025-09-19 01:09:16'),('2025-08-29',1050,9,1,2568,'C','1340700275482','2025-09-19 01:09:16'),('2025-08-29',1078,9,1,2568,'C','1340700275482','2025-09-19 01:09:16'),('2025-08-28',1047,9,1,2568,'C','1340700275482','2025-09-19 01:09:21'),('2025-08-28',1050,9,1,2568,'C','1340700275482','2025-09-19 01:09:21'),('2025-08-28',1078,9,1,2568,'C','1340700275482','2025-09-19 01:09:21'),('2025-08-27',1047,9,1,2568,'C','1340700275482','2025-09-19 01:09:26'),('2025-08-27',1050,9,1,2568,'C','1340700275482','2025-09-19 01:09:26'),('2025-08-27',1078,9,1,2568,'C','1340700275482','2025-09-19 01:09:26'),('2025-08-26',1047,9,1,2568,'C','1340700275482','2025-09-19 01:09:31'),('2025-08-26',1050,9,1,2568,'C','1340700275482','2025-09-19 01:09:31'),('2025-08-26',1078,9,1,2568,'C','1340700275482','2025-09-19 01:09:31'),('2025-09-22',1102,2,1,2568,'C','1349900865443','2025-09-22 09:09:43'),('2025-09-22',1103,2,1,2568,'C','1349900865443','2025-09-22 09:09:43'),('2025-09-22',1104,2,1,2568,'C','1349900865443','2025-09-22 09:09:43'),('2025-09-22',1105,2,1,2568,'C','1349900865443','2025-09-22 09:09:43'),('2025-09-22',1106,2,1,2568,'C','1349900865443','2025-09-22 09:09:43'),('2025-09-22',1107,2,1,2568,'C','1349900865443','2025-09-22 09:09:43'),('2025-09-22',1108,2,1,2568,'C','1349900865443','2025-09-22 09:09:43'),('2025-09-22',1109,2,1,2568,'C','1349900865443','2025-09-22 09:09:43'),('2025-09-22',1096,3,1,2568,'C','1349900865443','2025-09-22 09:09:51'),('2025-09-22',1097,3,1,2568,'C','1349900865443','2025-09-22 09:09:51'),('2025-09-22',1098,3,1,2568,'C','1349900865443','2025-09-22 09:09:51'),('2025-09-22',1099,3,1,2568,'C','1349900865443','2025-09-22 09:09:51'),('2025-09-23',1102,2,1,2568,'C','1349900865443','2025-09-23 10:09:37'),('2025-09-23',1103,2,1,2568,'C','1349900865443','2025-09-23 10:09:37'),('2025-09-23',1104,2,1,2568,'C','1349900865443','2025-09-23 10:09:37'),('2025-09-23',1105,2,1,2568,'C','1349900865443','2025-09-23 10:09:37'),('2025-09-23',1106,2,1,2568,'C','1349900865443','2025-09-23 10:09:37'),('2025-09-23',1107,2,1,2568,'C','1349900865443','2025-09-23 10:09:37'),('2025-09-23',1108,2,1,2568,'C','1349900865443','2025-09-23 10:09:37'),('2025-09-23',1109,2,1,2568,'C','1349900865443','2025-09-23 10:09:37'),('2025-09-23',1096,3,1,2568,'C','1349900865443','2025-09-23 10:09:41'),('2025-09-23',1097,3,1,2568,'C','1349900865443','2025-09-23 10:09:41'),('2025-09-23',1098,3,1,2568,'C','1349900865443','2025-09-23 10:09:41'),('2025-09-23',1099,3,1,2568,'C','1349900865443','2025-09-23 10:09:41'),('2025-09-24',1102,2,1,2568,'C','1349900865443','2025-09-24 08:09:02'),('2025-09-24',1103,2,1,2568,'C','1349900865443','2025-09-24 08:09:02'),('2025-09-24',1104,2,1,2568,'C','1349900865443','2025-09-24 08:09:02'),('2025-09-24',1105,2,1,2568,'C','1349900865443','2025-09-24 08:09:02'),('2025-09-24',1106,2,1,2568,'C','1349900865443','2025-09-24 08:09:02'),('2025-09-24',1107,2,1,2568,'C','1349900865443','2025-09-24 08:09:02'),('2025-09-24',1108,2,1,2568,'C','1349900865443','2025-09-24 08:09:02'),('2025-09-24',1109,2,1,2568,'C','1349900865443','2025-09-24 08:09:02'),('2025-09-24',1096,3,1,2568,'C','1349900865443','2025-09-24 08:09:07'),('2025-09-24',1097,3,1,2568,'C','1349900865443','2025-09-24 08:09:07'),('2025-09-24',1098,3,1,2568,'C','1349900865443','2025-09-24 08:09:07'),('2025-09-24',1099,3,1,2568,'C','1349900865443','2025-09-24 08:09:07'),('2025-09-24',1052,8,1,2568,'C','1340700275482','2025-09-24 01:09:53'),('2025-09-24',1060,8,1,2568,'L','1340700275482','2025-09-24 01:09:53'),('2025-09-24',1054,8,1,2568,'C','1340700275482','2025-09-24 01:09:53'),('2025-09-24',1055,8,1,2568,'C','1340700275482','2025-09-24 01:09:53'),('2025-09-24',1057,8,1,2568,'C','1340700275482','2025-09-24 01:09:53'),('2025-09-24',1058,8,1,2568,'L','1340700275482','2025-09-24 01:09:53'),('2025-09-24',1069,8,1,2568,'C','1340700275482','2025-09-24 01:09:53'),('2025-09-23',1052,8,1,2568,'C','1340700275482','2025-09-24 01:09:05'),('2025-09-23',1060,8,1,2568,'C','1340700275482','2025-09-24 01:09:05'),('2025-09-23',1054,8,1,2568,'C','1340700275482','2025-09-24 01:09:05'),('2025-09-23',1055,8,1,2568,'C','1340700275482','2025-09-24 01:09:05'),('2025-09-23',1057,8,1,2568,'C','1340700275482','2025-09-24 01:09:05'),('2025-09-23',1058,8,1,2568,'C','1340700275482','2025-09-24 01:09:05'),('2025-09-23',1069,8,1,2568,'C','1340700275482','2025-09-24 01:09:05'),('2025-09-22',1052,8,1,2568,'C','1340700275482','2025-09-24 01:09:10'),('2025-09-22',1060,8,1,2568,'C','1340700275482','2025-09-24 01:09:10'),('2025-09-22',1054,8,1,2568,'C','1340700275482','2025-09-24 01:09:10'),('2025-09-22',1055,8,1,2568,'C','1340700275482','2025-09-24 01:09:10'),('2025-09-22',1057,8,1,2568,'C','1340700275482','2025-09-24 01:09:10'),('2025-09-22',1058,8,1,2568,'C','1340700275482','2025-09-24 01:09:10'),('2025-09-22',1069,8,1,2568,'C','1340700275482','2025-09-24 01:09:10'),('2025-09-24',1047,9,1,2568,'C','1340700275482','2025-09-24 01:09:21'),('2025-09-24',1050,9,1,2568,'C','1340700275482','2025-09-24 01:09:21'),('2025-09-24',1078,9,1,2568,'C','1340700275482','2025-09-24 01:09:21'),('2025-09-23',1047,9,1,2568,'C','1340700275482','2025-09-24 01:09:32'),('2025-09-23',1050,9,1,2568,'C','1340700275482','2025-09-24 01:09:32'),('2025-09-23',1078,9,1,2568,'C','1340700275482','2025-09-24 01:09:32'),('2025-09-22',1047,9,1,2568,'C','1340700275482','2025-09-24 01:09:38'),('2025-09-22',1050,9,1,2568,'C','1340700275482','2025-09-24 01:09:38'),('2025-09-22',1078,9,1,2568,'C','1340700275482','2025-09-24 01:09:38'),('2025-09-25',1102,2,1,2568,'C','1349900865443','2025-09-25 09:09:35'),('2025-09-25',1103,2,1,2568,'C','1349900865443','2025-09-25 09:09:35'),('2025-09-25',1104,2,1,2568,'C','1349900865443','2025-09-25 09:09:35'),('2025-09-25',1105,2,1,2568,'C','1349900865443','2025-09-25 09:09:35'),('2025-09-25',1106,2,1,2568,'C','1349900865443','2025-09-25 09:09:35'),('2025-09-25',1107,2,1,2568,'C','1349900865443','2025-09-25 09:09:35'),('2025-09-25',1108,2,1,2568,'C','1349900865443','2025-09-25 09:09:35'),('2025-09-25',1109,2,1,2568,'C','1349900865443','2025-09-25 09:09:35'),('2025-09-25',1096,3,1,2568,'C','1349900865443','2025-09-25 09:09:39'),('2025-09-25',1097,3,1,2568,'C','1349900865443','2025-09-25 09:09:39'),('2025-09-25',1098,3,1,2568,'C','1349900865443','2025-09-25 09:09:39'),('2025-09-25',1099,3,1,2568,'C','1349900865443','2025-09-25 09:09:39'),('2025-09-29',1102,2,1,2568,'C','1349900865443','2025-09-29 08:09:01'),('2025-09-29',1103,2,1,2568,'C','1349900865443','2025-09-29 08:09:01'),('2025-09-29',1104,2,1,2568,'C','1349900865443','2025-09-29 08:09:01'),('2025-09-29',1105,2,1,2568,'C','1349900865443','2025-09-29 08:09:01'),('2025-09-29',1106,2,1,2568,'C','1349900865443','2025-09-29 08:09:01'),('2025-09-29',1107,2,1,2568,'C','1349900865443','2025-09-29 08:09:01'),('2025-09-29',1108,2,1,2568,'C','1349900865443','2025-09-29 08:09:01'),('2025-09-29',1109,2,1,2568,'C','1349900865443','2025-09-29 08:09:01'),('2025-09-29',1096,3,1,2568,'C','1349900865443','2025-09-29 08:09:06'),('2025-09-29',1097,3,1,2568,'C','1349900865443','2025-09-29 08:09:06'),('2025-09-29',1098,3,1,2568,'C','1349900865443','2025-09-29 08:09:06'),('2025-09-29',1099,3,1,2568,'C','1349900865443','2025-09-29 08:09:06'),('2025-09-30',1102,2,1,2568,'C','1349900865443','2025-09-30 09:09:19'),('2025-09-30',1103,2,1,2568,'C','1349900865443','2025-09-30 09:09:19'),('2025-09-30',1104,2,1,2568,'C','1349900865443','2025-09-30 09:09:19'),('2025-09-30',1105,2,1,2568,'C','1349900865443','2025-09-30 09:09:19'),('2025-09-30',1106,2,1,2568,'C','1349900865443','2025-09-30 09:09:19'),('2025-09-30',1107,2,1,2568,'C','1349900865443','2025-09-30 09:09:19'),('2025-09-30',1108,2,1,2568,'C','1349900865443','2025-09-30 09:09:19'),('2025-09-30',1109,2,1,2568,'C','1349900865443','2025-09-30 09:09:19'),('2025-09-30',1096,3,1,2568,'C','1349900865443','2025-09-30 09:09:24'),('2025-09-30',1097,3,1,2568,'C','1349900865443','2025-09-30 09:09:24'),('2025-09-30',1098,3,1,2568,'C','1349900865443','2025-09-30 09:09:24'),('2025-09-30',1099,3,1,2568,'C','1349900865443','2025-09-30 09:09:24'),('2025-10-01',1102,2,1,2568,'C','1349900865443','2025-10-01 09:10:40'),('2025-10-01',1103,2,1,2568,'C','1349900865443','2025-10-01 09:10:40'),('2025-10-01',1104,2,1,2568,'C','1349900865443','2025-10-01 09:10:40'),('2025-10-01',1105,2,1,2568,'C','1349900865443','2025-10-01 09:10:40'),('2025-10-01',1106,2,1,2568,'C','1349900865443','2025-10-01 09:10:40'),('2025-10-01',1107,2,1,2568,'C','1349900865443','2025-10-01 09:10:40'),('2025-10-01',1108,2,1,2568,'C','1349900865443','2025-10-01 09:10:40'),('2025-10-01',1109,2,1,2568,'C','1349900865443','2025-10-01 09:10:40'),('2025-10-01',1096,3,1,2568,'C','1349900865443','2025-10-01 09:10:46'),('2025-10-01',1097,3,1,2568,'C','1349900865443','2025-10-01 09:10:46'),('2025-10-01',1098,3,1,2568,'C','1349900865443','2025-10-01 09:10:46'),('2025-10-01',1099,3,1,2568,'C','1349900865443','2025-10-01 09:10:46'),('2025-10-02',1102,2,1,2568,'C','1349900865443','2025-10-02 09:10:41'),('2025-10-02',1103,2,1,2568,'C','1349900865443','2025-10-02 09:10:41'),('2025-10-02',1104,2,1,2568,'C','1349900865443','2025-10-02 09:10:41'),('2025-10-02',1105,2,1,2568,'C','1349900865443','2025-10-02 09:10:41'),('2025-10-02',1106,2,1,2568,'C','1349900865443','2025-10-02 09:10:41'),('2025-10-02',1107,2,1,2568,'C','1349900865443','2025-10-02 09:10:41'),('2025-10-02',1108,2,1,2568,'C','1349900865443','2025-10-02 09:10:41'),('2025-10-02',1109,2,1,2568,'C','1349900865443','2025-10-02 09:10:41'),('2025-10-02',1096,3,1,2568,'C','1349900865443','2025-10-02 09:10:47'),('2025-10-02',1097,3,1,2568,'C','1349900865443','2025-10-02 09:10:47'),('2025-10-02',1098,3,1,2568,'C','1349900865443','2025-10-02 09:10:47'),('2025-10-02',1099,3,1,2568,'C','1349900865443','2025-10-02 09:10:47'),('2025-10-02',1052,8,1,2568,'C','1340700275482','2025-10-02 10:10:23'),('2025-10-02',1060,8,1,2568,'C','1340700275482','2025-10-02 10:10:23'),('2025-10-02',1054,8,1,2568,'C','1340700275482','2025-10-02 10:10:23'),('2025-10-02',1055,8,1,2568,'C','1340700275482','2025-10-02 10:10:23'),('2025-10-02',1057,8,1,2568,'C','1340700275482','2025-10-02 10:10:23'),('2025-10-02',1058,8,1,2568,'C','1340700275482','2025-10-02 10:10:23'),('2025-10-02',1069,8,1,2568,'C','1340700275482','2025-10-02 10:10:23'),('2025-10-02',1047,9,1,2568,'C','1340700275482','2025-10-02 10:10:31'),('2025-10-02',1050,9,1,2568,'C','1340700275482','2025-10-02 10:10:31'),('2025-10-02',1078,9,1,2568,'C','1340700275482','2025-10-02 10:10:31'),('2025-10-01',1052,8,1,2568,'C','1340700275482','2025-10-02 10:10:05'),('2025-10-01',1060,8,1,2568,'C','1340700275482','2025-10-02 10:10:05'),('2025-10-01',1054,8,1,2568,'C','1340700275482','2025-10-02 10:10:05'),('2025-10-01',1055,8,1,2568,'C','1340700275482','2025-10-02 10:10:05'),('2025-10-01',1057,8,1,2568,'C','1340700275482','2025-10-02 10:10:05'),('2025-10-01',1058,8,1,2568,'C','1340700275482','2025-10-02 10:10:05'),('2025-10-01',1069,8,1,2568,'C','1340700275482','2025-10-02 10:10:05'),('2025-09-30',1052,8,1,2568,'C','1340700275482','2025-10-02 10:10:14'),('2025-09-30',1060,8,1,2568,'C','1340700275482','2025-10-02 10:10:14'),('2025-09-30',1054,8,1,2568,'C','1340700275482','2025-10-02 10:10:14'),('2025-09-30',1055,8,1,2568,'C','1340700275482','2025-10-02 10:10:14'),('2025-09-30',1057,8,1,2568,'C','1340700275482','2025-10-02 10:10:14'),('2025-09-30',1058,8,1,2568,'C','1340700275482','2025-10-02 10:10:14'),('2025-09-30',1069,8,1,2568,'C','1340700275482','2025-10-02 10:10:14'),('2025-09-29',1052,8,1,2568,'C','1340700275482','2025-10-02 10:10:21'),('2025-09-29',1060,8,1,2568,'C','1340700275482','2025-10-02 10:10:21'),('2025-09-29',1054,8,1,2568,'C','1340700275482','2025-10-02 10:10:21'),('2025-09-29',1055,8,1,2568,'C','1340700275482','2025-10-02 10:10:21'),('2025-09-29',1057,8,1,2568,'C','1340700275482','2025-10-02 10:10:21'),('2025-09-29',1058,8,1,2568,'C','1340700275482','2025-10-02 10:10:21'),('2025-09-29',1069,8,1,2568,'C','1340700275482','2025-10-02 10:10:21'),('2025-09-26',1052,8,1,2568,'C','1340700275482','2025-10-02 10:10:44'),('2025-09-26',1060,8,1,2568,'C','1340700275482','2025-10-02 10:10:44'),('2025-09-26',1054,8,1,2568,'C','1340700275482','2025-10-02 10:10:44'),('2025-09-26',1055,8,1,2568,'C','1340700275482','2025-10-02 10:10:44'),('2025-09-26',1057,8,1,2568,'C','1340700275482','2025-10-02 10:10:44'),('2025-09-26',1058,8,1,2568,'C','1340700275482','2025-10-02 10:10:44'),('2025-09-26',1069,8,1,2568,'C','1340700275482','2025-10-02 10:10:44'),('2025-09-25',1052,8,1,2568,'C','1340700275482','2025-10-02 10:10:50'),('2025-09-25',1060,8,1,2568,'C','1340700275482','2025-10-02 10:10:50'),('2025-09-25',1054,8,1,2568,'C','1340700275482','2025-10-02 10:10:50'),('2025-09-25',1055,8,1,2568,'C','1340700275482','2025-10-02 10:10:50'),('2025-09-25',1057,8,1,2568,'C','1340700275482','2025-10-02 10:10:50'),('2025-09-25',1058,8,1,2568,'C','1340700275482','2025-10-02 10:10:50'),('2025-09-25',1069,8,1,2568,'C','1340700275482','2025-10-02 10:10:50'),('2025-10-01',1047,9,1,2568,'C','1340700275482','2025-10-02 10:10:18'),('2025-10-01',1050,9,1,2568,'C','1340700275482','2025-10-02 10:10:18'),('2025-10-01',1078,9,1,2568,'C','1340700275482','2025-10-02 10:10:18'),('2025-09-30',1047,9,1,2568,'C','1340700275482','2025-10-02 10:10:29'),('2025-09-30',1050,9,1,2568,'C','1340700275482','2025-10-02 10:10:29'),('2025-09-30',1078,9,1,2568,'C','1340700275482','2025-10-02 10:10:29'),('2025-09-29',1047,9,1,2568,'C','1340700275482','2025-10-02 10:10:41'),('2025-09-29',1050,9,1,2568,'C','1340700275482','2025-10-02 10:10:41'),('2025-09-29',1078,9,1,2568,'C','1340700275482','2025-10-02 10:10:41'),('2025-09-26',1047,9,1,2568,'C','1340700275482','2025-10-02 10:10:49'),('2025-09-26',1050,9,1,2568,'C','1340700275482','2025-10-02 10:10:49'),('2025-09-26',1078,9,1,2568,'C','1340700275482','2025-10-02 10:10:49'),('2025-09-25',1047,9,1,2568,'C','1340700275482','2025-10-02 10:10:58'),('2025-09-25',1050,9,1,2568,'C','1340700275482','2025-10-02 10:10:58'),('2025-09-25',1078,9,1,2568,'C','1340700275482','2025-10-02 10:10:58'),('2025-10-03',1102,2,1,2568,'C','1349900865443','2025-10-03 09:10:49'),('2025-10-03',1103,2,1,2568,'C','1349900865443','2025-10-03 09:10:49'),('2025-10-03',1104,2,1,2568,'C','1349900865443','2025-10-03 09:10:49'),('2025-10-03',1105,2,1,2568,'C','1349900865443','2025-10-03 09:10:49'),('2025-10-03',1106,2,1,2568,'C','1349900865443','2025-10-03 09:10:49'),('2025-10-03',1107,2,1,2568,'C','1349900865443','2025-10-03 09:10:49'),('2025-10-03',1108,2,1,2568,'C','1349900865443','2025-10-03 09:10:49'),('2025-10-03',1109,2,1,2568,'C','1349900865443','2025-10-03 09:10:49'),('2025-10-03',1096,3,1,2568,'C','1349900865443','2025-10-03 09:10:53'),('2025-10-03',1097,3,1,2568,'C','1349900865443','2025-10-03 09:10:53'),('2025-10-03',1098,3,1,2568,'C','1349900865443','2025-10-03 09:10:53'),('2025-10-03',1099,3,1,2568,'C','1349900865443','2025-10-03 09:10:53'),('2025-10-06',1102,2,1,2568,'C','1349900865443','2025-10-06 08:10:09'),('2025-10-06',1103,2,1,2568,'C','1349900865443','2025-10-06 08:10:09'),('2025-10-06',1104,2,1,2568,'C','1349900865443','2025-10-06 08:10:09'),('2025-10-06',1105,2,1,2568,'C','1349900865443','2025-10-06 08:10:09'),('2025-10-06',1106,2,1,2568,'C','1349900865443','2025-10-06 08:10:09'),('2025-10-06',1107,2,1,2568,'C','1349900865443','2025-10-06 08:10:09'),('2025-10-06',1108,2,1,2568,'C','1349900865443','2025-10-06 08:10:09'),('2025-10-06',1109,2,1,2568,'C','1349900865443','2025-10-06 08:10:09'),('2025-10-06',1096,3,1,2568,'C','1349900865443','2025-10-06 08:10:13'),('2025-10-06',1097,3,1,2568,'C','1349900865443','2025-10-06 08:10:13'),('2025-10-06',1098,3,1,2568,'C','1349900865443','2025-10-06 08:10:13'),('2025-10-06',1099,3,1,2568,'C','1349900865443','2025-10-06 08:10:13'),('2025-10-04',1102,2,1,2568,'C','1349900865443','2025-10-06 08:10:28'),('2025-10-04',1103,2,1,2568,'C','1349900865443','2025-10-06 08:10:28'),('2025-10-04',1104,2,1,2568,'C','1349900865443','2025-10-06 08:10:28'),('2025-10-04',1105,2,1,2568,'C','1349900865443','2025-10-06 08:10:28'),('2025-10-04',1106,2,1,2568,'C','1349900865443','2025-10-06 08:10:28'),('2025-10-04',1107,2,1,2568,'C','1349900865443','2025-10-06 08:10:28'),('2025-10-04',1108,2,1,2568,'C','1349900865443','2025-10-06 08:10:28'),('2025-10-04',1109,2,1,2568,'C','1349900865443','2025-10-06 08:10:28'),('2025-10-04',1096,3,1,2568,'C','1349900865443','2025-10-06 08:10:36'),('2025-10-04',1097,3,1,2568,'C','1349900865443','2025-10-06 08:10:36'),('2025-10-04',1098,3,1,2568,'C','1349900865443','2025-10-06 08:10:36'),('2025-10-04',1099,3,1,2568,'C','1349900865443','2025-10-06 08:10:36'),('2025-10-08',1102,2,1,2568,'C','1349900865443','2025-10-08 09:10:21'),('2025-10-08',1103,2,1,2568,'C','1349900865443','2025-10-08 09:10:21'),('2025-10-08',1104,2,1,2568,'C','1349900865443','2025-10-08 09:10:21'),('2025-10-08',1105,2,1,2568,'C','1349900865443','2025-10-08 09:10:21'),('2025-10-08',1106,2,1,2568,'C','1349900865443','2025-10-08 09:10:21'),('2025-10-08',1107,2,1,2568,'C','1349900865443','2025-10-08 09:10:21'),('2025-10-08',1108,2,1,2568,'C','1349900865443','2025-10-08 09:10:21'),('2025-10-08',1109,2,1,2568,'C','1349900865443','2025-10-08 09:10:21'),('2025-10-08',1096,3,1,2568,'C','1349900865443','2025-10-08 09:10:26'),('2025-10-08',1097,3,1,2568,'C','1349900865443','2025-10-08 09:10:26'),('2025-10-08',1098,3,1,2568,'C','1349900865443','2025-10-08 09:10:26'),('2025-10-08',1099,3,1,2568,'C','1349900865443','2025-10-08 09:10:26'),('2025-10-07',1102,2,1,2568,'C','1349900865443','2025-10-08 09:10:46'),('2025-10-07',1103,2,1,2568,'C','1349900865443','2025-10-08 09:10:46'),('2025-10-07',1104,2,1,2568,'C','1349900865443','2025-10-08 09:10:46'),('2025-10-07',1105,2,1,2568,'C','1349900865443','2025-10-08 09:10:46'),('2025-10-07',1106,2,1,2568,'C','1349900865443','2025-10-08 09:10:46'),('2025-10-07',1107,2,1,2568,'C','1349900865443','2025-10-08 09:10:46'),('2025-10-07',1108,2,1,2568,'C','1349900865443','2025-10-08 09:10:46'),('2025-10-07',1109,2,1,2568,'C','1349900865443','2025-10-08 09:10:46'),('2025-10-07',1096,3,1,2568,'C','1349900865443','2025-10-08 09:10:56'),('2025-10-07',1097,3,1,2568,'C','1349900865443','2025-10-08 09:10:56'),('2025-10-07',1098,3,1,2568,'C','1349900865443','2025-10-08 09:10:56'),('2025-10-07',1099,3,1,2568,'C','1349900865443','2025-10-08 09:10:56'),('2025-10-09',1102,2,1,2568,'C','1349900865443','2025-10-09 08:10:15'),('2025-10-09',1103,2,1,2568,'C','1349900865443','2025-10-09 08:10:15'),('2025-10-09',1104,2,1,2568,'C','1349900865443','2025-10-09 08:10:15'),('2025-10-09',1105,2,1,2568,'C','1349900865443','2025-10-09 08:10:15'),('2025-10-09',1106,2,1,2568,'C','1349900865443','2025-10-09 08:10:15'),('2025-10-09',1107,2,1,2568,'C','1349900865443','2025-10-09 08:10:15'),('2025-10-09',1108,2,1,2568,'C','1349900865443','2025-10-09 08:10:15'),('2025-10-09',1109,2,1,2568,'C','1349900865443','2025-10-09 08:10:15'),('2025-10-09',1096,3,1,2568,'C','1349900865443','2025-10-09 08:10:19'),('2025-10-09',1097,3,1,2568,'C','1349900865443','2025-10-09 08:10:19'),('2025-10-09',1098,3,1,2568,'C','1349900865443','2025-10-09 08:10:19'),('2025-10-09',1099,3,1,2568,'C','1349900865443','2025-10-09 08:10:19'),('2025-10-10',1102,2,1,2568,'C','1349900865443','2025-10-10 10:10:43'),('2025-10-10',1103,2,1,2568,'C','1349900865443','2025-10-10 10:10:43'),('2025-10-10',1104,2,1,2568,'C','1349900865443','2025-10-10 10:10:43'),('2025-10-10',1105,2,1,2568,'C','1349900865443','2025-10-10 10:10:43'),('2025-10-10',1106,2,1,2568,'C','1349900865443','2025-10-10 10:10:43'),('2025-10-10',1107,2,1,2568,'C','1349900865443','2025-10-10 10:10:43'),('2025-10-10',1108,2,1,2568,'C','1349900865443','2025-10-10 10:10:43'),('2025-10-10',1109,2,1,2568,'C','1349900865443','2025-10-10 10:10:43'),('2025-10-10',1096,3,1,2568,'C','1349900865443','2025-10-10 10:10:49'),('2025-10-10',1097,3,1,2568,'C','1349900865443','2025-10-10 10:10:49'),('2025-10-10',1098,3,1,2568,'C','1349900865443','2025-10-10 10:10:49'),('2025-10-10',1099,3,1,2568,'C','1349900865443','2025-10-10 10:10:49'),('2025-05-16',1085,4,1,2568,'C','3342000207407','2025-10-14 08:10:43'),('2025-05-16',1086,4,1,2568,'C','3342000207407','2025-10-14 08:10:43'),('2025-05-16',1087,4,1,2568,'C','3342000207407','2025-10-14 08:10:43'),('2025-05-16',1088,4,1,2568,'C','3342000207407','2025-10-14 08:10:43'),('2025-05-16',1089,4,1,2568,'C','3342000207407','2025-10-14 08:10:43'),('2025-05-16',1090,4,1,2568,'C','3342000207407','2025-10-14 08:10:43'),('2025-05-16',1091,4,1,2568,'C','3342000207407','2025-10-14 08:10:43'),('2025-05-16',1093,4,1,2568,'C','3342000207407','2025-10-14 08:10:43'),('2025-05-16',1094,4,1,2568,'C','3342000207407','2025-10-14 08:10:43'),('2025-05-16',1101,4,1,2568,'C','3342000207407','2025-10-14 08:10:43'),('2025-05-16',1095,4,1,2568,'C','3342000207407','2025-10-14 08:10:43'),('2025-05-19',1085,4,1,2568,'C','3342000207407','2025-10-14 08:10:52'),('2025-05-19',1086,4,1,2568,'C','3342000207407','2025-10-14 08:10:52'),('2025-05-19',1087,4,1,2568,'C','3342000207407','2025-10-14 08:10:52'),('2025-05-19',1088,4,1,2568,'C','3342000207407','2025-10-14 08:10:52'),('2025-05-19',1089,4,1,2568,'C','3342000207407','2025-10-14 08:10:52'),('2025-05-19',1090,4,1,2568,'C','3342000207407','2025-10-14 08:10:52'),('2025-05-19',1091,4,1,2568,'C','3342000207407','2025-10-14 08:10:52'),('2025-05-19',1093,4,1,2568,'C','3342000207407','2025-10-14 08:10:52'),('2025-05-19',1094,4,1,2568,'C','3342000207407','2025-10-14 08:10:52'),('2025-05-19',1101,4,1,2568,'C','3342000207407','2025-10-14 08:10:52'),('2025-05-19',1095,4,1,2568,'C','3342000207407','2025-10-14 08:10:52'),('2025-05-20',1085,4,1,2568,'C','3342000207407','2025-10-14 08:10:19'),('2025-05-20',1086,4,1,2568,'C','3342000207407','2025-10-14 08:10:19'),('2025-05-20',1087,4,1,2568,'C','3342000207407','2025-10-14 08:10:19'),('2025-05-20',1088,4,1,2568,'C','3342000207407','2025-10-14 08:10:19'),('2025-05-20',1089,4,1,2568,'C','3342000207407','2025-10-14 08:10:19'),('2025-05-20',1090,4,1,2568,'C','3342000207407','2025-10-14 08:10:19'),('2025-05-20',1091,4,1,2568,'C','3342000207407','2025-10-14 08:10:19'),('2025-05-20',1093,4,1,2568,'C','3342000207407','2025-10-14 08:10:19'),('2025-05-20',1094,4,1,2568,'C','3342000207407','2025-10-14 08:10:19'),('2025-05-20',1101,4,1,2568,'C','3342000207407','2025-10-14 08:10:19'),('2025-05-20',1095,4,1,2568,'C','3342000207407','2025-10-14 08:10:19'),('2025-05-21',1085,4,1,2568,'C','3342000207407','2025-10-14 08:10:08'),('2025-05-21',1086,4,1,2568,'C','3342000207407','2025-10-14 08:10:08'),('2025-05-21',1087,4,1,2568,'C','3342000207407','2025-10-14 08:10:08'),('2025-05-21',1088,4,1,2568,'C','3342000207407','2025-10-14 08:10:08'),('2025-05-21',1089,4,1,2568,'C','3342000207407','2025-10-14 08:10:08'),('2025-05-21',1090,4,1,2568,'C','3342000207407','2025-10-14 08:10:08'),('2025-05-21',1091,4,1,2568,'C','3342000207407','2025-10-14 08:10:08'),('2025-05-21',1093,4,1,2568,'C','3342000207407','2025-10-14 08:10:08'),('2025-05-21',1094,4,1,2568,'L','3342000207407','2025-10-14 08:10:08'),('2025-05-21',1101,4,1,2568,'C','3342000207407','2025-10-14 08:10:08'),('2025-05-21',1095,4,1,2568,'C','3342000207407','2025-10-14 08:10:08'),('2025-05-22',1085,4,1,2568,'C','3342000207407','2025-10-14 08:10:20'),('2025-05-22',1086,4,1,2568,'C','3342000207407','2025-10-14 08:10:20'),('2025-05-22',1087,4,1,2568,'C','3342000207407','2025-10-14 08:10:20'),('2025-05-22',1088,4,1,2568,'C','3342000207407','2025-10-14 08:10:20'),('2025-05-22',1089,4,1,2568,'C','3342000207407','2025-10-14 08:10:20'),('2025-05-22',1090,4,1,2568,'C','3342000207407','2025-10-14 08:10:20'),('2025-05-22',1091,4,1,2568,'C','3342000207407','2025-10-14 08:10:20'),('2025-05-22',1093,4,1,2568,'C','3342000207407','2025-10-14 08:10:20'),('2025-05-22',1094,4,1,2568,'C','3342000207407','2025-10-14 08:10:20'),('2025-05-22',1101,4,1,2568,'C','3342000207407','2025-10-14 08:10:20'),('2025-05-22',1095,4,1,2568,'C','3342000207407','2025-10-14 08:10:20'),('2025-05-23',1085,4,1,2568,'L','3342000207407','2025-10-14 08:10:40'),('2025-05-23',1086,4,1,2568,'C','3342000207407','2025-10-14 08:10:40'),('2025-05-23',1087,4,1,2568,'C','3342000207407','2025-10-14 08:10:40'),('2025-05-23',1088,4,1,2568,'C','3342000207407','2025-10-14 08:10:40'),('2025-05-23',1089,4,1,2568,'C','3342000207407','2025-10-14 08:10:40'),('2025-05-23',1090,4,1,2568,'C','3342000207407','2025-10-14 08:10:40'),('2025-05-23',1091,4,1,2568,'C','3342000207407','2025-10-14 08:10:40'),('2025-05-23',1093,4,1,2568,'C','3342000207407','2025-10-14 08:10:40'),('2025-05-23',1094,4,1,2568,'C','3342000207407','2025-10-14 08:10:40'),('2025-05-23',1101,4,1,2568,'C','3342000207407','2025-10-14 08:10:40'),('2025-05-23',1095,4,1,2568,'C','3342000207407','2025-10-14 08:10:40'),('2025-05-26',1085,4,1,2568,'C','3342000207407','2025-10-14 08:10:51'),('2025-05-26',1086,4,1,2568,'C','3342000207407','2025-10-14 08:10:51'),('2025-05-26',1087,4,1,2568,'C','3342000207407','2025-10-14 08:10:51'),('2025-05-26',1088,4,1,2568,'C','3342000207407','2025-10-14 08:10:51'),('2025-05-26',1089,4,1,2568,'C','3342000207407','2025-10-14 08:10:51'),('2025-05-26',1090,4,1,2568,'C','3342000207407','2025-10-14 08:10:51'),('2025-05-26',1091,4,1,2568,'C','3342000207407','2025-10-14 08:10:51'),('2025-05-26',1093,4,1,2568,'C','3342000207407','2025-10-14 08:10:51'),('2025-05-26',1094,4,1,2568,'C','3342000207407','2025-10-14 08:10:51'),('2025-05-26',1101,4,1,2568,'C','3342000207407','2025-10-14 08:10:51'),('2025-05-26',1095,4,1,2568,'C','3342000207407','2025-10-14 08:10:51'),('2025-05-27',1085,4,1,2568,'C','3342000207407','2025-10-14 08:10:06'),('2025-05-27',1086,4,1,2568,'C','3342000207407','2025-10-14 08:10:06'),('2025-05-27',1087,4,1,2568,'C','3342000207407','2025-10-14 08:10:06'),('2025-05-27',1088,4,1,2568,'C','3342000207407','2025-10-14 08:10:06'),('2025-05-27',1089,4,1,2568,'C','3342000207407','2025-10-14 08:10:06'),('2025-05-27',1090,4,1,2568,'C','3342000207407','2025-10-14 08:10:06'),('2025-05-27',1091,4,1,2568,'C','3342000207407','2025-10-14 08:10:06'),('2025-05-27',1093,4,1,2568,'C','3342000207407','2025-10-14 08:10:06'),('2025-05-27',1094,4,1,2568,'C','3342000207407','2025-10-14 08:10:06'),('2025-05-27',1101,4,1,2568,'C','3342000207407','2025-10-14 08:10:06'),('2025-05-27',1095,4,1,2568,'C','3342000207407','2025-10-14 08:10:06'),('2025-05-28',1085,4,1,2568,'C','3342000207407','2025-10-14 08:10:34'),('2025-05-28',1086,4,1,2568,'C','3342000207407','2025-10-14 08:10:34'),('2025-05-28',1087,4,1,2568,'C','3342000207407','2025-10-14 08:10:34'),('2025-05-28',1088,4,1,2568,'C','3342000207407','2025-10-14 08:10:34'),('2025-05-28',1089,4,1,2568,'C','3342000207407','2025-10-14 08:10:34'),('2025-05-28',1090,4,1,2568,'C','3342000207407','2025-10-14 08:10:34'),('2025-05-28',1091,4,1,2568,'W','3342000207407','2025-10-14 08:10:34'),('2025-05-28',1093,4,1,2568,'C','3342000207407','2025-10-14 08:10:34'),('2025-05-28',1094,4,1,2568,'C','3342000207407','2025-10-14 08:10:34'),('2025-05-28',1101,4,1,2568,'C','3342000207407','2025-10-14 08:10:34'),('2025-05-28',1095,4,1,2568,'C','3342000207407','2025-10-14 08:10:34'),('2025-05-29',1085,4,1,2568,'C','3342000207407','2025-10-14 08:10:55'),('2025-05-29',1086,4,1,2568,'C','3342000207407','2025-10-14 08:10:55'),('2025-05-29',1087,4,1,2568,'C','3342000207407','2025-10-14 08:10:55'),('2025-05-29',1088,4,1,2568,'C','3342000207407','2025-10-14 08:10:55'),('2025-05-29',1089,4,1,2568,'C','3342000207407','2025-10-14 08:10:55'),('2025-05-29',1090,4,1,2568,'C','3342000207407','2025-10-14 08:10:55'),('2025-05-29',1091,4,1,2568,'W','3342000207407','2025-10-14 08:10:55'),('2025-05-29',1093,4,1,2568,'C','3342000207407','2025-10-14 08:10:55'),('2025-05-29',1094,4,1,2568,'C','3342000207407','2025-10-14 08:10:55'),('2025-05-29',1101,4,1,2568,'C','3342000207407','2025-10-14 08:10:55'),('2025-05-29',1095,4,1,2568,'C','3342000207407','2025-10-14 08:10:55'),('2025-05-30',1085,4,1,2568,'C','3342000207407','2025-10-14 08:10:13'),('2025-05-30',1086,4,1,2568,'C','3342000207407','2025-10-14 08:10:13'),('2025-05-30',1087,4,1,2568,'C','3342000207407','2025-10-14 08:10:13'),('2025-05-30',1088,4,1,2568,'C','3342000207407','2025-10-14 08:10:13'),('2025-05-30',1089,4,1,2568,'C','3342000207407','2025-10-14 08:10:13'),('2025-05-30',1090,4,1,2568,'C','3342000207407','2025-10-14 08:10:13'),('2025-05-30',1091,4,1,2568,'W','3342000207407','2025-10-14 08:10:13'),('2025-05-30',1093,4,1,2568,'C','3342000207407','2025-10-14 08:10:13'),('2025-05-30',1094,4,1,2568,'C','3342000207407','2025-10-14 08:10:13'),('2025-05-30',1101,4,1,2568,'C','3342000207407','2025-10-14 08:10:13'),('2025-05-30',1095,4,1,2568,'C','3342000207407','2025-10-14 08:10:13'),('2025-06-04',1085,4,1,2568,'C','3342000207407','2025-10-14 08:10:43'),('2025-06-04',1086,4,1,2568,'C','3342000207407','2025-10-14 08:10:43'),('2025-06-04',1087,4,1,2568,'C','3342000207407','2025-10-14 08:10:43'),('2025-06-04',1088,4,1,2568,'C','3342000207407','2025-10-14 08:10:43'),('2025-06-04',1089,4,1,2568,'C','3342000207407','2025-10-14 08:10:43'),('2025-06-04',1090,4,1,2568,'C','3342000207407','2025-10-14 08:10:43'),('2025-06-04',1091,4,1,2568,'C','3342000207407','2025-10-14 08:10:43'),('2025-06-04',1093,4,1,2568,'C','3342000207407','2025-10-14 08:10:43'),('2025-06-04',1094,4,1,2568,'C','3342000207407','2025-10-14 08:10:43'),('2025-06-04',1101,4,1,2568,'C','3342000207407','2025-10-14 08:10:43'),('2025-06-04',1095,4,1,2568,'C','3342000207407','2025-10-14 08:10:43'),('2025-06-05',1085,4,1,2568,'C','3342000207407','2025-10-14 08:10:49'),('2025-06-05',1086,4,1,2568,'C','3342000207407','2025-10-14 08:10:49'),('2025-06-05',1087,4,1,2568,'C','3342000207407','2025-10-14 08:10:49'),('2025-06-05',1088,4,1,2568,'C','3342000207407','2025-10-14 08:10:49'),('2025-06-05',1089,4,1,2568,'C','3342000207407','2025-10-14 08:10:49'),('2025-06-05',1090,4,1,2568,'C','3342000207407','2025-10-14 08:10:49'),('2025-06-05',1091,4,1,2568,'C','3342000207407','2025-10-14 08:10:49'),('2025-06-05',1093,4,1,2568,'C','3342000207407','2025-10-14 08:10:49'),('2025-06-05',1094,4,1,2568,'C','3342000207407','2025-10-14 08:10:49'),('2025-06-05',1101,4,1,2568,'C','3342000207407','2025-10-14 08:10:49'),('2025-06-05',1095,4,1,2568,'C','3342000207407','2025-10-14 08:10:49'),('2025-06-06',1085,4,1,2568,'C','3342000207407','2025-10-14 08:10:16'),('2025-06-06',1086,4,1,2568,'C','3342000207407','2025-10-14 08:10:16'),('2025-06-06',1087,4,1,2568,'C','3342000207407','2025-10-14 08:10:16'),('2025-06-06',1088,4,1,2568,'C','3342000207407','2025-10-14 08:10:16'),('2025-06-06',1089,4,1,2568,'C','3342000207407','2025-10-14 08:10:16'),('2025-06-06',1090,4,1,2568,'C','3342000207407','2025-10-14 08:10:16'),('2025-06-06',1091,4,1,2568,'C','3342000207407','2025-10-14 08:10:16'),('2025-06-06',1093,4,1,2568,'C','3342000207407','2025-10-14 08:10:16'),('2025-06-06',1094,4,1,2568,'C','3342000207407','2025-10-14 08:10:16'),('2025-06-06',1101,4,1,2568,'C','3342000207407','2025-10-14 08:10:16'),('2025-06-06',1095,4,1,2568,'L','3342000207407','2025-10-14 08:10:16'),('2025-06-09',1085,4,1,2568,'C','3342000207407','2025-10-14 08:10:27'),('2025-06-09',1086,4,1,2568,'C','3342000207407','2025-10-14 08:10:27'),('2025-06-09',1087,4,1,2568,'C','3342000207407','2025-10-14 08:10:27'),('2025-06-09',1088,4,1,2568,'C','3342000207407','2025-10-14 08:10:27'),('2025-06-09',1089,4,1,2568,'C','3342000207407','2025-10-14 08:10:27'),('2025-06-09',1090,4,1,2568,'C','3342000207407','2025-10-14 08:10:27'),('2025-06-09',1091,4,1,2568,'C','3342000207407','2025-10-14 08:10:27'),('2025-06-09',1093,4,1,2568,'C','3342000207407','2025-10-14 08:10:27'),('2025-06-09',1094,4,1,2568,'C','3342000207407','2025-10-14 08:10:27'),('2025-06-09',1101,4,1,2568,'C','3342000207407','2025-10-14 08:10:27'),('2025-06-09',1095,4,1,2568,'C','3342000207407','2025-10-14 08:10:27'),('2025-06-10',1085,4,1,2568,'C','3342000207407','2025-10-14 08:10:55'),('2025-06-10',1086,4,1,2568,'C','3342000207407','2025-10-14 08:10:55'),('2025-06-10',1087,4,1,2568,'C','3342000207407','2025-10-14 08:10:55'),('2025-06-10',1088,4,1,2568,'S','3342000207407','2025-10-14 08:10:55'),('2025-06-10',1089,4,1,2568,'C','3342000207407','2025-10-14 08:10:55'),('2025-06-10',1090,4,1,2568,'C','3342000207407','2025-10-14 08:10:55'),('2025-06-10',1091,4,1,2568,'C','3342000207407','2025-10-14 08:10:55'),('2025-06-10',1093,4,1,2568,'C','3342000207407','2025-10-14 08:10:55'),('2025-06-10',1094,4,1,2568,'C','3342000207407','2025-10-14 08:10:55'),('2025-06-10',1101,4,1,2568,'C','3342000207407','2025-10-14 08:10:55'),('2025-06-10',1095,4,1,2568,'C','3342000207407','2025-10-14 08:10:55'),('2025-06-11',1085,4,1,2568,'C','3342000207407','2025-10-14 08:10:11'),('2025-06-11',1086,4,1,2568,'C','3342000207407','2025-10-14 08:10:11'),('2025-06-11',1087,4,1,2568,'C','3342000207407','2025-10-14 08:10:11'),('2025-06-11',1088,4,1,2568,'S','3342000207407','2025-10-14 08:10:11'),('2025-06-11',1089,4,1,2568,'C','3342000207407','2025-10-14 08:10:11'),('2025-06-11',1090,4,1,2568,'C','3342000207407','2025-10-14 08:10:11'),('2025-06-11',1091,4,1,2568,'C','3342000207407','2025-10-14 08:10:11'),('2025-06-11',1093,4,1,2568,'C','3342000207407','2025-10-14 08:10:11'),('2025-06-11',1094,4,1,2568,'C','3342000207407','2025-10-14 08:10:11'),('2025-06-11',1101,4,1,2568,'C','3342000207407','2025-10-14 08:10:11'),('2025-06-11',1095,4,1,2568,'C','3342000207407','2025-10-14 08:10:11'),('2025-06-12',1085,4,1,2568,'C','3342000207407','2025-10-14 08:10:28'),('2025-06-12',1086,4,1,2568,'C','3342000207407','2025-10-14 08:10:28'),('2025-06-12',1087,4,1,2568,'C','3342000207407','2025-10-14 08:10:28'),('2025-06-12',1088,4,1,2568,'S','3342000207407','2025-10-14 08:10:28'),('2025-06-12',1089,4,1,2568,'C','3342000207407','2025-10-14 08:10:28'),('2025-06-12',1090,4,1,2568,'C','3342000207407','2025-10-14 08:10:28'),('2025-06-12',1091,4,1,2568,'C','3342000207407','2025-10-14 08:10:28'),('2025-06-12',1093,4,1,2568,'C','3342000207407','2025-10-14 08:10:28'),('2025-06-12',1094,4,1,2568,'C','3342000207407','2025-10-14 08:10:28'),('2025-06-12',1101,4,1,2568,'C','3342000207407','2025-10-14 08:10:28'),('2025-06-12',1095,4,1,2568,'C','3342000207407','2025-10-14 08:10:28'),('2025-06-13',1085,4,1,2568,'C','3342000207407','2025-10-14 09:10:08'),('2025-06-13',1086,4,1,2568,'C','3342000207407','2025-10-14 09:10:08'),('2025-06-13',1087,4,1,2568,'C','3342000207407','2025-10-14 09:10:08'),('2025-06-13',1088,4,1,2568,'S','3342000207407','2025-10-14 09:10:08'),('2025-06-13',1089,4,1,2568,'C','3342000207407','2025-10-14 09:10:08'),('2025-06-13',1090,4,1,2568,'L','3342000207407','2025-10-14 09:10:08'),('2025-06-13',1091,4,1,2568,'C','3342000207407','2025-10-14 09:10:08'),('2025-06-13',1093,4,1,2568,'C','3342000207407','2025-10-14 09:10:08'),('2025-06-13',1094,4,1,2568,'C','3342000207407','2025-10-14 09:10:08'),('2025-06-13',1101,4,1,2568,'C','3342000207407','2025-10-14 09:10:08'),('2025-06-13',1095,4,1,2568,'C','3342000207407','2025-10-14 09:10:08'),('2025-06-16',1085,4,1,2568,'C','3342000207407','2025-10-14 09:10:20'),('2025-06-16',1086,4,1,2568,'C','3342000207407','2025-10-14 09:10:20'),('2025-06-16',1087,4,1,2568,'C','3342000207407','2025-10-14 09:10:20'),('2025-06-16',1088,4,1,2568,'C','3342000207407','2025-10-14 09:10:20'),('2025-06-16',1089,4,1,2568,'C','3342000207407','2025-10-14 09:10:20'),('2025-06-16',1090,4,1,2568,'C','3342000207407','2025-10-14 09:10:20'),('2025-06-16',1091,4,1,2568,'C','3342000207407','2025-10-14 09:10:20'),('2025-06-16',1093,4,1,2568,'C','3342000207407','2025-10-14 09:10:20'),('2025-06-16',1094,4,1,2568,'C','3342000207407','2025-10-14 09:10:20'),('2025-06-16',1101,4,1,2568,'C','3342000207407','2025-10-14 09:10:20'),('2025-06-16',1095,4,1,2568,'C','3342000207407','2025-10-14 09:10:20'),('2025-06-17',1085,4,1,2568,'C','3342000207407','2025-10-14 09:10:25'),('2025-06-17',1086,4,1,2568,'C','3342000207407','2025-10-14 09:10:25'),('2025-06-17',1087,4,1,2568,'C','3342000207407','2025-10-14 09:10:25'),('2025-06-17',1088,4,1,2568,'C','3342000207407','2025-10-14 09:10:25'),('2025-06-17',1089,4,1,2568,'C','3342000207407','2025-10-14 09:10:25'),('2025-06-17',1090,4,1,2568,'C','3342000207407','2025-10-14 09:10:25'),('2025-06-17',1091,4,1,2568,'C','3342000207407','2025-10-14 09:10:25'),('2025-06-17',1093,4,1,2568,'C','3342000207407','2025-10-14 09:10:25'),('2025-06-17',1094,4,1,2568,'C','3342000207407','2025-10-14 09:10:25'),('2025-06-17',1101,4,1,2568,'C','3342000207407','2025-10-14 09:10:25'),('2025-06-17',1095,4,1,2568,'C','3342000207407','2025-10-14 09:10:25'),('2025-06-18',1085,4,1,2568,'C','3342000207407','2025-10-14 09:10:31'),('2025-06-18',1086,4,1,2568,'C','3342000207407','2025-10-14 09:10:31'),('2025-06-18',1087,4,1,2568,'C','3342000207407','2025-10-14 09:10:31'),('2025-06-18',1088,4,1,2568,'C','3342000207407','2025-10-14 09:10:31'),('2025-06-18',1089,4,1,2568,'C','3342000207407','2025-10-14 09:10:31'),('2025-06-18',1090,4,1,2568,'C','3342000207407','2025-10-14 09:10:31'),('2025-06-18',1091,4,1,2568,'C','3342000207407','2025-10-14 09:10:31'),('2025-06-18',1093,4,1,2568,'C','3342000207407','2025-10-14 09:10:31'),('2025-06-18',1094,4,1,2568,'C','3342000207407','2025-10-14 09:10:31'),('2025-06-18',1101,4,1,2568,'C','3342000207407','2025-10-14 09:10:31'),('2025-06-18',1095,4,1,2568,'C','3342000207407','2025-10-14 09:10:31'),('2025-06-19',1085,4,1,2568,'C','3342000207407','2025-10-14 09:10:37'),('2025-06-19',1086,4,1,2568,'C','3342000207407','2025-10-14 09:10:37'),('2025-06-19',1087,4,1,2568,'C','3342000207407','2025-10-14 09:10:37'),('2025-06-19',1088,4,1,2568,'C','3342000207407','2025-10-14 09:10:37'),('2025-06-19',1089,4,1,2568,'C','3342000207407','2025-10-14 09:10:37'),('2025-06-19',1090,4,1,2568,'C','3342000207407','2025-10-14 09:10:37'),('2025-06-19',1091,4,1,2568,'C','3342000207407','2025-10-14 09:10:37'),('2025-06-19',1093,4,1,2568,'C','3342000207407','2025-10-14 09:10:37'),('2025-06-19',1094,4,1,2568,'C','3342000207407','2025-10-14 09:10:37'),('2025-06-19',1101,4,1,2568,'C','3342000207407','2025-10-14 09:10:37'),('2025-06-19',1095,4,1,2568,'C','3342000207407','2025-10-14 09:10:37'),('2025-06-20',1085,4,1,2568,'C','3342000207407','2025-10-14 09:10:43'),('2025-06-20',1086,4,1,2568,'C','3342000207407','2025-10-14 09:10:43'),('2025-06-20',1087,4,1,2568,'C','3342000207407','2025-10-14 09:10:43'),('2025-06-20',1088,4,1,2568,'C','3342000207407','2025-10-14 09:10:43'),('2025-06-20',1089,4,1,2568,'C','3342000207407','2025-10-14 09:10:43'),('2025-06-20',1090,4,1,2568,'C','3342000207407','2025-10-14 09:10:43'),('2025-06-20',1091,4,1,2568,'C','3342000207407','2025-10-14 09:10:43'),('2025-06-20',1093,4,1,2568,'C','3342000207407','2025-10-14 09:10:43'),('2025-06-20',1094,4,1,2568,'C','3342000207407','2025-10-14 09:10:43'),('2025-06-20',1101,4,1,2568,'C','3342000207407','2025-10-14 09:10:43'),('2025-06-20',1095,4,1,2568,'C','3342000207407','2025-10-14 09:10:43'),('2025-06-23',1085,4,1,2568,'C','3342000207407','2025-10-14 09:10:54'),('2025-06-23',1086,4,1,2568,'C','3342000207407','2025-10-14 09:10:54'),('2025-06-23',1087,4,1,2568,'C','3342000207407','2025-10-14 09:10:54'),('2025-06-23',1088,4,1,2568,'C','3342000207407','2025-10-14 09:10:54'),('2025-06-23',1089,4,1,2568,'C','3342000207407','2025-10-14 09:10:54'),('2025-06-23',1090,4,1,2568,'C','3342000207407','2025-10-14 09:10:54'),('2025-06-23',1091,4,1,2568,'C','3342000207407','2025-10-14 09:10:54'),('2025-06-23',1093,4,1,2568,'C','3342000207407','2025-10-14 09:10:54'),('2025-06-23',1094,4,1,2568,'C','3342000207407','2025-10-14 09:10:54'),('2025-06-23',1101,4,1,2568,'C','3342000207407','2025-10-14 09:10:54'),('2025-06-23',1095,4,1,2568,'C','3342000207407','2025-10-14 09:10:54'),('2025-06-24',1085,4,1,2568,'C','3342000207407','2025-10-14 09:10:34'),('2025-06-24',1086,4,1,2568,'C','3342000207407','2025-10-14 09:10:34'),('2025-06-24',1087,4,1,2568,'C','3342000207407','2025-10-14 09:10:34'),('2025-06-24',1088,4,1,2568,'C','3342000207407','2025-10-14 09:10:34'),('2025-06-24',1089,4,1,2568,'C','3342000207407','2025-10-14 09:10:34'),('2025-06-24',1090,4,1,2568,'S','3342000207407','2025-10-14 09:10:34'),('2025-06-24',1091,4,1,2568,'C','3342000207407','2025-10-14 09:10:34'),('2025-06-24',1093,4,1,2568,'C','3342000207407','2025-10-14 09:10:34'),('2025-06-24',1094,4,1,2568,'C','3342000207407','2025-10-14 09:10:34'),('2025-06-24',1101,4,1,2568,'C','3342000207407','2025-10-14 09:10:34'),('2025-06-24',1095,4,1,2568,'C','3342000207407','2025-10-14 09:10:34'),('2025-06-25',1085,4,1,2568,'C','3342000207407','2025-10-14 09:10:54'),('2025-06-25',1086,4,1,2568,'C','3342000207407','2025-10-14 09:10:54'),('2025-06-25',1087,4,1,2568,'C','3342000207407','2025-10-14 09:10:54'),('2025-06-25',1088,4,1,2568,'C','3342000207407','2025-10-14 09:10:54'),('2025-06-25',1089,4,1,2568,'C','3342000207407','2025-10-14 09:10:54'),('2025-06-25',1090,4,1,2568,'C','3342000207407','2025-10-14 09:10:54'),('2025-06-25',1091,4,1,2568,'C','3342000207407','2025-10-14 09:10:54'),('2025-06-25',1093,4,1,2568,'C','3342000207407','2025-10-14 09:10:54'),('2025-06-25',1094,4,1,2568,'C','3342000207407','2025-10-14 09:10:54'),('2025-06-25',1101,4,1,2568,'C','3342000207407','2025-10-14 09:10:54'),('2025-06-25',1095,4,1,2568,'S','3342000207407','2025-10-14 09:10:54'),('2025-06-26',1085,4,1,2568,'C','3342000207407','2025-10-14 09:10:09'),('2025-06-26',1086,4,1,2568,'C','3342000207407','2025-10-14 09:10:09'),('2025-06-26',1087,4,1,2568,'C','3342000207407','2025-10-14 09:10:09'),('2025-06-26',1088,4,1,2568,'C','3342000207407','2025-10-14 09:10:09'),('2025-06-26',1089,4,1,2568,'C','3342000207407','2025-10-14 09:10:09'),('2025-06-26',1090,4,1,2568,'C','3342000207407','2025-10-14 09:10:09'),('2025-06-26',1091,4,1,2568,'C','3342000207407','2025-10-14 09:10:09'),('2025-06-26',1093,4,1,2568,'C','3342000207407','2025-10-14 09:10:09'),('2025-06-26',1094,4,1,2568,'C','3342000207407','2025-10-14 09:10:09'),('2025-06-26',1101,4,1,2568,'C','3342000207407','2025-10-14 09:10:09'),('2025-06-26',1095,4,1,2568,'C','3342000207407','2025-10-14 09:10:09'),('2025-06-27',1085,4,1,2568,'C','3342000207407','2025-10-14 09:10:36'),('2025-06-27',1086,4,1,2568,'C','3342000207407','2025-10-14 09:10:36'),('2025-06-27',1087,4,1,2568,'C','3342000207407','2025-10-14 09:10:36'),('2025-06-27',1088,4,1,2568,'C','3342000207407','2025-10-14 09:10:36'),('2025-06-27',1089,4,1,2568,'S','3342000207407','2025-10-14 09:10:36'),('2025-06-27',1090,4,1,2568,'C','3342000207407','2025-10-14 09:10:36'),('2025-06-27',1091,4,1,2568,'C','3342000207407','2025-10-14 09:10:36'),('2025-06-27',1093,4,1,2568,'C','3342000207407','2025-10-14 09:10:36'),('2025-06-27',1094,4,1,2568,'C','3342000207407','2025-10-14 09:10:36'),('2025-06-27',1101,4,1,2568,'C','3342000207407','2025-10-14 09:10:36'),('2025-06-27',1095,4,1,2568,'C','3342000207407','2025-10-14 09:10:36'),('2025-06-30',1085,4,1,2568,'C','3342000207407','2025-10-14 09:10:48'),('2025-06-30',1086,4,1,2568,'C','3342000207407','2025-10-14 09:10:48'),('2025-06-30',1087,4,1,2568,'C','3342000207407','2025-10-14 09:10:48'),('2025-06-30',1088,4,1,2568,'C','3342000207407','2025-10-14 09:10:48'),('2025-06-30',1089,4,1,2568,'C','3342000207407','2025-10-14 09:10:48'),('2025-06-30',1090,4,1,2568,'C','3342000207407','2025-10-14 09:10:48'),('2025-06-30',1091,4,1,2568,'C','3342000207407','2025-10-14 09:10:48'),('2025-06-30',1093,4,1,2568,'C','3342000207407','2025-10-14 09:10:48'),('2025-06-30',1094,4,1,2568,'C','3342000207407','2025-10-14 09:10:48'),('2025-06-30',1101,4,1,2568,'C','3342000207407','2025-10-14 09:10:48'),('2025-06-30',1095,4,1,2568,'C','3342000207407','2025-10-14 09:10:48'),('2025-07-01',1085,4,1,2568,'C','3342000207407','2025-10-14 09:10:26'),('2025-07-01',1086,4,1,2568,'C','3342000207407','2025-10-14 09:10:26'),('2025-07-01',1087,4,1,2568,'C','3342000207407','2025-10-14 09:10:26'),('2025-07-01',1088,4,1,2568,'C','3342000207407','2025-10-14 09:10:26'),('2025-07-01',1089,4,1,2568,'C','3342000207407','2025-10-14 09:10:26'),('2025-07-01',1090,4,1,2568,'S','3342000207407','2025-10-14 09:10:26'),('2025-07-01',1091,4,1,2568,'C','3342000207407','2025-10-14 09:10:26'),('2025-07-01',1093,4,1,2568,'C','3342000207407','2025-10-14 09:10:26'),('2025-07-01',1094,4,1,2568,'C','3342000207407','2025-10-14 09:10:26'),('2025-07-01',1101,4,1,2568,'C','3342000207407','2025-10-14 09:10:26'),('2025-07-01',1095,4,1,2568,'C','3342000207407','2025-10-14 09:10:26'),('2025-07-02',1085,4,1,2568,'C','3342000207407','2025-10-14 09:10:57'),('2025-07-02',1086,4,1,2568,'C','3342000207407','2025-10-14 09:10:57'),('2025-07-02',1087,4,1,2568,'C','3342000207407','2025-10-14 09:10:57'),('2025-07-02',1088,4,1,2568,'C','3342000207407','2025-10-14 09:10:57'),('2025-07-02',1089,4,1,2568,'C','3342000207407','2025-10-14 09:10:57'),('2025-07-02',1090,4,1,2568,'S','3342000207407','2025-10-14 09:10:57'),('2025-07-02',1091,4,1,2568,'C','3342000207407','2025-10-14 09:10:57'),('2025-07-02',1093,4,1,2568,'C','3342000207407','2025-10-14 09:10:57'),('2025-07-02',1094,4,1,2568,'C','3342000207407','2025-10-14 09:10:57'),('2025-07-02',1101,4,1,2568,'C','3342000207407','2025-10-14 09:10:57'),('2025-07-02',1095,4,1,2568,'L','3342000207407','2025-10-14 09:10:57'),('2025-07-03',1085,4,1,2568,'C','3342000207407','2025-10-14 09:10:17'),('2025-07-03',1086,4,1,2568,'C','3342000207407','2025-10-14 09:10:17'),('2025-07-03',1087,4,1,2568,'C','3342000207407','2025-10-14 09:10:17'),('2025-07-03',1088,4,1,2568,'C','3342000207407','2025-10-14 09:10:17'),('2025-07-03',1089,4,1,2568,'C','3342000207407','2025-10-14 09:10:17'),('2025-07-03',1090,4,1,2568,'S','3342000207407','2025-10-14 09:10:17'),('2025-07-03',1091,4,1,2568,'C','3342000207407','2025-10-14 09:10:17'),('2025-07-03',1093,4,1,2568,'C','3342000207407','2025-10-14 09:10:17'),('2025-07-03',1094,4,1,2568,'C','3342000207407','2025-10-14 09:10:17'),('2025-07-03',1101,4,1,2568,'C','3342000207407','2025-10-14 09:10:17'),('2025-07-03',1095,4,1,2568,'C','3342000207407','2025-10-14 09:10:17'),('2025-07-04',1085,4,1,2568,'C','3342000207407','2025-10-14 09:10:24'),('2025-07-04',1086,4,1,2568,'C','3342000207407','2025-10-14 09:10:24'),('2025-07-04',1087,4,1,2568,'C','3342000207407','2025-10-14 09:10:24'),('2025-07-04',1088,4,1,2568,'C','3342000207407','2025-10-14 09:10:24'),('2025-07-04',1089,4,1,2568,'C','3342000207407','2025-10-14 09:10:24'),('2025-07-04',1090,4,1,2568,'C','3342000207407','2025-10-14 09:10:24'),('2025-07-04',1091,4,1,2568,'C','3342000207407','2025-10-14 09:10:24'),('2025-07-04',1093,4,1,2568,'C','3342000207407','2025-10-14 09:10:24'),('2025-07-04',1094,4,1,2568,'C','3342000207407','2025-10-14 09:10:24'),('2025-07-04',1101,4,1,2568,'C','3342000207407','2025-10-14 09:10:24'),('2025-07-04',1095,4,1,2568,'C','3342000207407','2025-10-14 09:10:24'),('2025-07-07',1085,4,1,2568,'C','3342000207407','2025-10-14 09:10:52'),('2025-07-07',1086,4,1,2568,'S','3342000207407','2025-10-14 09:10:52'),('2025-07-07',1087,4,1,2568,'C','3342000207407','2025-10-14 09:10:52'),('2025-07-07',1088,4,1,2568,'C','3342000207407','2025-10-14 09:10:52'),('2025-07-07',1089,4,1,2568,'C','3342000207407','2025-10-14 09:10:52'),('2025-07-07',1090,4,1,2568,'C','3342000207407','2025-10-14 09:10:52'),('2025-07-07',1091,4,1,2568,'C','3342000207407','2025-10-14 09:10:52'),('2025-07-07',1093,4,1,2568,'C','3342000207407','2025-10-14 09:10:52'),('2025-07-07',1094,4,1,2568,'C','3342000207407','2025-10-14 09:10:52'),('2025-07-07',1101,4,1,2568,'C','3342000207407','2025-10-14 09:10:52'),('2025-07-07',1095,4,1,2568,'C','3342000207407','2025-10-14 09:10:52'),('2025-07-08',1085,4,1,2568,'C','3342000207407','2025-10-14 09:10:08'),('2025-07-08',1086,4,1,2568,'S','3342000207407','2025-10-14 09:10:08'),('2025-07-08',1087,4,1,2568,'C','3342000207407','2025-10-14 09:10:08'),('2025-07-08',1088,4,1,2568,'C','3342000207407','2025-10-14 09:10:08'),('2025-07-08',1089,4,1,2568,'C','3342000207407','2025-10-14 09:10:08'),('2025-07-08',1090,4,1,2568,'C','3342000207407','2025-10-14 09:10:08'),('2025-07-08',1091,4,1,2568,'C','3342000207407','2025-10-14 09:10:08'),('2025-07-08',1093,4,1,2568,'C','3342000207407','2025-10-14 09:10:08'),('2025-07-08',1094,4,1,2568,'C','3342000207407','2025-10-14 09:10:08'),('2025-07-08',1101,4,1,2568,'C','3342000207407','2025-10-14 09:10:08'),('2025-07-08',1095,4,1,2568,'C','3342000207407','2025-10-14 09:10:08'),('2025-07-09',1085,4,1,2568,'C','3342000207407','2025-10-14 09:10:23'),('2025-07-09',1086,4,1,2568,'S','3342000207407','2025-10-14 09:10:23'),('2025-07-09',1087,4,1,2568,'C','3342000207407','2025-10-14 09:10:23'),('2025-07-09',1088,4,1,2568,'C','3342000207407','2025-10-14 09:10:23'),('2025-07-09',1089,4,1,2568,'C','3342000207407','2025-10-14 09:10:23'),('2025-07-09',1090,4,1,2568,'C','3342000207407','2025-10-14 09:10:23'),('2025-07-09',1091,4,1,2568,'C','3342000207407','2025-10-14 09:10:23'),('2025-07-09',1093,4,1,2568,'C','3342000207407','2025-10-14 09:10:23'),('2025-07-09',1094,4,1,2568,'C','3342000207407','2025-10-14 09:10:23'),('2025-07-09',1101,4,1,2568,'C','3342000207407','2025-10-14 09:10:23'),('2025-07-09',1095,4,1,2568,'C','3342000207407','2025-10-14 09:10:23'),('2025-07-14',1085,4,1,2568,'C','3342000207407','2025-10-14 09:10:41'),('2025-07-14',1086,4,1,2568,'C','3342000207407','2025-10-14 09:10:41'),('2025-07-14',1087,4,1,2568,'C','3342000207407','2025-10-14 09:10:41'),('2025-07-14',1088,4,1,2568,'C','3342000207407','2025-10-14 09:10:41'),('2025-07-14',1089,4,1,2568,'C','3342000207407','2025-10-14 09:10:41'),('2025-07-14',1090,4,1,2568,'C','3342000207407','2025-10-14 09:10:41'),('2025-07-14',1091,4,1,2568,'C','3342000207407','2025-10-14 09:10:41'),('2025-07-14',1093,4,1,2568,'C','3342000207407','2025-10-14 09:10:41'),('2025-07-14',1094,4,1,2568,'C','3342000207407','2025-10-14 09:10:41'),('2025-07-14',1101,4,1,2568,'C','3342000207407','2025-10-14 09:10:41'),('2025-07-14',1095,4,1,2568,'C','3342000207407','2025-10-14 09:10:41'),('2025-07-15',1085,4,1,2568,'C','3342000207407','2025-10-14 09:10:47'),('2025-07-15',1086,4,1,2568,'C','3342000207407','2025-10-14 09:10:47'),('2025-07-15',1087,4,1,2568,'C','3342000207407','2025-10-14 09:10:47'),('2025-07-15',1088,4,1,2568,'C','3342000207407','2025-10-14 09:10:47'),('2025-07-15',1089,4,1,2568,'C','3342000207407','2025-10-14 09:10:47'),('2025-07-15',1090,4,1,2568,'C','3342000207407','2025-10-14 09:10:47'),('2025-07-15',1091,4,1,2568,'C','3342000207407','2025-10-14 09:10:47'),('2025-07-15',1093,4,1,2568,'C','3342000207407','2025-10-14 09:10:47'),('2025-07-15',1094,4,1,2568,'C','3342000207407','2025-10-14 09:10:47'),('2025-07-15',1101,4,1,2568,'C','3342000207407','2025-10-14 09:10:47'),('2025-07-15',1095,4,1,2568,'C','3342000207407','2025-10-14 09:10:47'),('2025-07-16',1085,4,1,2568,'C','3342000207407','2025-10-14 09:10:52'),('2025-07-16',1086,4,1,2568,'C','3342000207407','2025-10-14 09:10:52'),('2025-07-16',1087,4,1,2568,'C','3342000207407','2025-10-14 09:10:52'),('2025-07-16',1088,4,1,2568,'C','3342000207407','2025-10-14 09:10:52'),('2025-07-16',1089,4,1,2568,'C','3342000207407','2025-10-14 09:10:52'),('2025-07-16',1090,4,1,2568,'C','3342000207407','2025-10-14 09:10:52'),('2025-07-16',1091,4,1,2568,'C','3342000207407','2025-10-14 09:10:52'),('2025-07-16',1093,4,1,2568,'C','3342000207407','2025-10-14 09:10:52'),('2025-07-16',1094,4,1,2568,'C','3342000207407','2025-10-14 09:10:52'),('2025-07-16',1101,4,1,2568,'C','3342000207407','2025-10-14 09:10:52'),('2025-07-16',1095,4,1,2568,'C','3342000207407','2025-10-14 09:10:52'),('2025-07-17',1085,4,1,2568,'C','3342000207407','2025-10-14 09:10:57'),('2025-07-17',1086,4,1,2568,'C','3342000207407','2025-10-14 09:10:57'),('2025-07-17',1087,4,1,2568,'C','3342000207407','2025-10-14 09:10:57'),('2025-07-17',1088,4,1,2568,'C','3342000207407','2025-10-14 09:10:57'),('2025-07-17',1089,4,1,2568,'C','3342000207407','2025-10-14 09:10:57'),('2025-07-17',1090,4,1,2568,'C','3342000207407','2025-10-14 09:10:57'),('2025-07-17',1091,4,1,2568,'C','3342000207407','2025-10-14 09:10:57'),('2025-07-17',1093,4,1,2568,'C','3342000207407','2025-10-14 09:10:57'),('2025-07-17',1094,4,1,2568,'C','3342000207407','2025-10-14 09:10:57'),('2025-07-17',1101,4,1,2568,'C','3342000207407','2025-10-14 09:10:57'),('2025-07-17',1095,4,1,2568,'C','3342000207407','2025-10-14 09:10:57'),('2025-07-18',1085,4,1,2568,'C','3342000207407','2025-10-14 09:10:04'),('2025-07-18',1086,4,1,2568,'C','3342000207407','2025-10-14 09:10:04'),('2025-07-18',1087,4,1,2568,'C','3342000207407','2025-10-14 09:10:04'),('2025-07-18',1088,4,1,2568,'C','3342000207407','2025-10-14 09:10:04'),('2025-07-18',1089,4,1,2568,'C','3342000207407','2025-10-14 09:10:04'),('2025-07-18',1090,4,1,2568,'C','3342000207407','2025-10-14 09:10:04'),('2025-07-18',1091,4,1,2568,'C','3342000207407','2025-10-14 09:10:04'),('2025-07-18',1093,4,1,2568,'C','3342000207407','2025-10-14 09:10:04'),('2025-07-18',1094,4,1,2568,'C','3342000207407','2025-10-14 09:10:04'),('2025-07-18',1101,4,1,2568,'C','3342000207407','2025-10-14 09:10:04'),('2025-07-18',1095,4,1,2568,'C','3342000207407','2025-10-14 09:10:04'),('2025-07-21',1085,4,1,2568,'C','3342000207407','2025-10-14 09:10:31'),('2025-07-21',1086,4,1,2568,'C','3342000207407','2025-10-14 09:10:31'),('2025-07-21',1087,4,1,2568,'C','3342000207407','2025-10-14 09:10:31'),('2025-07-21',1088,4,1,2568,'C','3342000207407','2025-10-14 09:10:31'),('2025-07-21',1089,4,1,2568,'C','3342000207407','2025-10-14 09:10:31'),('2025-07-21',1090,4,1,2568,'S','3342000207407','2025-10-14 09:10:31'),('2025-07-21',1091,4,1,2568,'C','3342000207407','2025-10-14 09:10:31'),('2025-07-21',1093,4,1,2568,'C','3342000207407','2025-10-14 09:10:31'),('2025-07-21',1094,4,1,2568,'C','3342000207407','2025-10-14 09:10:31'),('2025-07-21',1101,4,1,2568,'C','3342000207407','2025-10-14 09:10:31'),('2025-07-21',1095,4,1,2568,'C','3342000207407','2025-10-14 09:10:31'),('2025-07-22',1085,4,1,2568,'C','3342000207407','2025-10-14 09:10:49'),('2025-07-22',1086,4,1,2568,'C','3342000207407','2025-10-14 09:10:49'),('2025-07-22',1087,4,1,2568,'C','3342000207407','2025-10-14 09:10:49'),('2025-07-22',1088,4,1,2568,'C','3342000207407','2025-10-14 09:10:49'),('2025-07-22',1089,4,1,2568,'C','3342000207407','2025-10-14 09:10:49'),('2025-07-22',1090,4,1,2568,'S','3342000207407','2025-10-14 09:10:49'),('2025-07-22',1091,4,1,2568,'C','3342000207407','2025-10-14 09:10:49'),('2025-07-22',1093,4,1,2568,'C','3342000207407','2025-10-14 09:10:49'),('2025-07-22',1094,4,1,2568,'C','3342000207407','2025-10-14 09:10:49'),('2025-07-22',1101,4,1,2568,'C','3342000207407','2025-10-14 09:10:49'),('2025-07-22',1095,4,1,2568,'C','3342000207407','2025-10-14 09:10:49'),('2025-07-23',1085,4,1,2568,'C','3342000207407','2025-10-14 09:10:05'),('2025-07-23',1086,4,1,2568,'C','3342000207407','2025-10-14 09:10:05'),('2025-07-23',1087,4,1,2568,'C','3342000207407','2025-10-14 09:10:05'),('2025-07-23',1088,4,1,2568,'C','3342000207407','2025-10-14 09:10:05'),('2025-07-23',1089,4,1,2568,'C','3342000207407','2025-10-14 09:10:05'),('2025-07-23',1090,4,1,2568,'S','3342000207407','2025-10-14 09:10:05'),('2025-07-23',1091,4,1,2568,'C','3342000207407','2025-10-14 09:10:05'),('2025-07-23',1093,4,1,2568,'C','3342000207407','2025-10-14 09:10:05'),('2025-07-23',1094,4,1,2568,'C','3342000207407','2025-10-14 09:10:05'),('2025-07-23',1101,4,1,2568,'C','3342000207407','2025-10-14 09:10:05'),('2025-07-23',1095,4,1,2568,'C','3342000207407','2025-10-14 09:10:05'),('2025-07-24',1085,4,1,2568,'C','3342000207407','2025-10-14 09:10:12'),('2025-07-24',1086,4,1,2568,'C','3342000207407','2025-10-14 09:10:12'),('2025-07-24',1087,4,1,2568,'C','3342000207407','2025-10-14 09:10:12'),('2025-07-24',1088,4,1,2568,'C','3342000207407','2025-10-14 09:10:12'),('2025-07-24',1089,4,1,2568,'C','3342000207407','2025-10-14 09:10:12'),('2025-07-24',1090,4,1,2568,'C','3342000207407','2025-10-14 09:10:12'),('2025-07-24',1091,4,1,2568,'C','3342000207407','2025-10-14 09:10:12'),('2025-07-24',1093,4,1,2568,'C','3342000207407','2025-10-14 09:10:12'),('2025-07-24',1094,4,1,2568,'C','3342000207407','2025-10-14 09:10:12'),('2025-07-24',1101,4,1,2568,'C','3342000207407','2025-10-14 09:10:12'),('2025-07-24',1095,4,1,2568,'C','3342000207407','2025-10-14 09:10:12'),('2025-07-25',1085,4,1,2568,'C','3342000207407','2025-10-14 09:10:55'),('2025-07-25',1086,4,1,2568,'C','3342000207407','2025-10-14 09:10:55'),('2025-07-25',1087,4,1,2568,'S','3342000207407','2025-10-14 09:10:55'),('2025-07-25',1088,4,1,2568,'C','3342000207407','2025-10-14 09:10:55'),('2025-07-25',1089,4,1,2568,'C','3342000207407','2025-10-14 09:10:55'),('2025-07-25',1090,4,1,2568,'C','3342000207407','2025-10-14 09:10:55'),('2025-07-25',1091,4,1,2568,'C','3342000207407','2025-10-14 09:10:55'),('2025-07-25',1093,4,1,2568,'S','3342000207407','2025-10-14 09:10:55'),('2025-07-25',1094,4,1,2568,'C','3342000207407','2025-10-14 09:10:55'),('2025-07-25',1101,4,1,2568,'C','3342000207407','2025-10-14 09:10:55'),('2025-07-25',1095,4,1,2568,'C','3342000207407','2025-10-14 09:10:55'),('2025-07-29',1085,4,1,2568,'C','3342000207407','2025-10-14 09:10:09'),('2025-07-29',1086,4,1,2568,'C','3342000207407','2025-10-14 09:10:09'),('2025-07-29',1087,4,1,2568,'C','3342000207407','2025-10-14 09:10:09'),('2025-07-29',1088,4,1,2568,'C','3342000207407','2025-10-14 09:10:09'),('2025-07-29',1089,4,1,2568,'C','3342000207407','2025-10-14 09:10:09'),('2025-07-29',1090,4,1,2568,'C','3342000207407','2025-10-14 09:10:09'),('2025-07-29',1091,4,1,2568,'C','3342000207407','2025-10-14 09:10:09'),('2025-07-29',1093,4,1,2568,'C','3342000207407','2025-10-14 09:10:09'),('2025-07-29',1094,4,1,2568,'C','3342000207407','2025-10-14 09:10:09'),('2025-07-29',1101,4,1,2568,'C','3342000207407','2025-10-14 09:10:09'),('2025-07-29',1095,4,1,2568,'C','3342000207407','2025-10-14 09:10:09'),('2025-07-30',1085,4,1,2568,'C','3342000207407','2025-10-14 09:10:15'),('2025-07-30',1086,4,1,2568,'C','3342000207407','2025-10-14 09:10:15'),('2025-07-30',1087,4,1,2568,'C','3342000207407','2025-10-14 09:10:15'),('2025-07-30',1088,4,1,2568,'C','3342000207407','2025-10-14 09:10:15'),('2025-07-30',1089,4,1,2568,'C','3342000207407','2025-10-14 09:10:15'),('2025-07-30',1090,4,1,2568,'C','3342000207407','2025-10-14 09:10:15'),('2025-07-30',1091,4,1,2568,'C','3342000207407','2025-10-14 09:10:15'),('2025-07-30',1093,4,1,2568,'C','3342000207407','2025-10-14 09:10:15'),('2025-07-30',1094,4,1,2568,'C','3342000207407','2025-10-14 09:10:15'),('2025-07-30',1101,4,1,2568,'C','3342000207407','2025-10-14 09:10:15'),('2025-07-30',1095,4,1,2568,'C','3342000207407','2025-10-14 09:10:15'),('2025-07-31',1085,4,1,2568,'C','3342000207407','2025-10-14 09:10:22'),('2025-07-31',1086,4,1,2568,'C','3342000207407','2025-10-14 09:10:22'),('2025-07-31',1087,4,1,2568,'C','3342000207407','2025-10-14 09:10:22'),('2025-07-31',1088,4,1,2568,'C','3342000207407','2025-10-14 09:10:22'),('2025-07-31',1089,4,1,2568,'C','3342000207407','2025-10-14 09:10:22'),('2025-07-31',1090,4,1,2568,'C','3342000207407','2025-10-14 09:10:22'),('2025-07-31',1091,4,1,2568,'C','3342000207407','2025-10-14 09:10:22'),('2025-07-31',1093,4,1,2568,'C','3342000207407','2025-10-14 09:10:22'),('2025-07-31',1094,4,1,2568,'C','3342000207407','2025-10-14 09:10:22'),('2025-07-31',1101,4,1,2568,'C','3342000207407','2025-10-14 09:10:22'),('2025-07-31',1095,4,1,2568,'C','3342000207407','2025-10-14 09:10:22'),('2025-08-01',1085,4,1,2568,'C','3342000207407','2025-10-14 09:10:43'),('2025-08-01',1086,4,1,2568,'C','3342000207407','2025-10-14 09:10:43'),('2025-08-01',1087,4,1,2568,'C','3342000207407','2025-10-14 09:10:43'),('2025-08-01',1088,4,1,2568,'C','3342000207407','2025-10-14 09:10:43'),('2025-08-01',1089,4,1,2568,'C','3342000207407','2025-10-14 09:10:43'),('2025-08-01',1090,4,1,2568,'C','3342000207407','2025-10-14 09:10:43'),('2025-08-01',1091,4,1,2568,'C','3342000207407','2025-10-14 09:10:43'),('2025-08-01',1093,4,1,2568,'C','3342000207407','2025-10-14 09:10:43'),('2025-08-01',1094,4,1,2568,'C','3342000207407','2025-10-14 09:10:43'),('2025-08-01',1101,4,1,2568,'C','3342000207407','2025-10-14 09:10:43'),('2025-08-01',1095,4,1,2568,'C','3342000207407','2025-10-14 09:10:43'),('2025-08-04',1085,4,1,2568,'C','3342000207407','2025-10-14 09:10:52'),('2025-08-04',1086,4,1,2568,'C','3342000207407','2025-10-14 09:10:52'),('2025-08-04',1087,4,1,2568,'C','3342000207407','2025-10-14 09:10:52'),('2025-08-04',1088,4,1,2568,'C','3342000207407','2025-10-14 09:10:52'),('2025-08-04',1089,4,1,2568,'C','3342000207407','2025-10-14 09:10:52'),('2025-08-04',1090,4,1,2568,'C','3342000207407','2025-10-14 09:10:52'),('2025-08-04',1091,4,1,2568,'C','3342000207407','2025-10-14 09:10:52'),('2025-08-04',1093,4,1,2568,'C','3342000207407','2025-10-14 09:10:52'),('2025-08-04',1094,4,1,2568,'C','3342000207407','2025-10-14 09:10:52'),('2025-08-04',1101,4,1,2568,'C','3342000207407','2025-10-14 09:10:52'),('2025-08-04',1095,4,1,2568,'C','3342000207407','2025-10-14 09:10:52'),('2025-08-05',1085,4,1,2568,'C','3342000207407','2025-10-14 09:10:57'),('2025-08-05',1086,4,1,2568,'C','3342000207407','2025-10-14 09:10:57'),('2025-08-05',1087,4,1,2568,'C','3342000207407','2025-10-14 09:10:57'),('2025-08-05',1088,4,1,2568,'C','3342000207407','2025-10-14 09:10:57'),('2025-08-05',1089,4,1,2568,'C','3342000207407','2025-10-14 09:10:57'),('2025-08-05',1090,4,1,2568,'C','3342000207407','2025-10-14 09:10:57'),('2025-08-05',1091,4,1,2568,'C','3342000207407','2025-10-14 09:10:57'),('2025-08-05',1093,4,1,2568,'C','3342000207407','2025-10-14 09:10:57'),('2025-08-05',1094,4,1,2568,'C','3342000207407','2025-10-14 09:10:57'),('2025-08-05',1101,4,1,2568,'C','3342000207407','2025-10-14 09:10:57'),('2025-08-05',1095,4,1,2568,'C','3342000207407','2025-10-14 09:10:57'),('2025-08-06',1085,4,1,2568,'C','3342000207407','2025-10-14 09:10:02'),('2025-08-06',1086,4,1,2568,'C','3342000207407','2025-10-14 09:10:02'),('2025-08-06',1087,4,1,2568,'C','3342000207407','2025-10-14 09:10:02'),('2025-08-06',1088,4,1,2568,'C','3342000207407','2025-10-14 09:10:02'),('2025-08-06',1089,4,1,2568,'C','3342000207407','2025-10-14 09:10:02'),('2025-08-06',1090,4,1,2568,'C','3342000207407','2025-10-14 09:10:02'),('2025-08-06',1091,4,1,2568,'C','3342000207407','2025-10-14 09:10:02'),('2025-08-06',1093,4,1,2568,'C','3342000207407','2025-10-14 09:10:02'),('2025-08-06',1094,4,1,2568,'C','3342000207407','2025-10-14 09:10:02'),('2025-08-06',1101,4,1,2568,'C','3342000207407','2025-10-14 09:10:02'),('2025-08-06',1095,4,1,2568,'C','3342000207407','2025-10-14 09:10:02'),('2025-08-07',1085,4,1,2568,'C','3342000207407','2025-10-14 09:10:09'),('2025-08-07',1086,4,1,2568,'C','3342000207407','2025-10-14 09:10:09'),('2025-08-07',1087,4,1,2568,'C','3342000207407','2025-10-14 09:10:09'),('2025-08-07',1088,4,1,2568,'C','3342000207407','2025-10-14 09:10:09'),('2025-08-07',1089,4,1,2568,'C','3342000207407','2025-10-14 09:10:09'),('2025-08-07',1090,4,1,2568,'C','3342000207407','2025-10-14 09:10:09'),('2025-08-07',1091,4,1,2568,'C','3342000207407','2025-10-14 09:10:09'),('2025-08-07',1093,4,1,2568,'C','3342000207407','2025-10-14 09:10:09'),('2025-08-07',1094,4,1,2568,'C','3342000207407','2025-10-14 09:10:09'),('2025-08-07',1101,4,1,2568,'C','3342000207407','2025-10-14 09:10:09'),('2025-08-07',1095,4,1,2568,'C','3342000207407','2025-10-14 09:10:09'),('2025-08-08',1085,4,1,2568,'C','3342000207407','2025-10-14 09:10:25'),('2025-08-08',1086,4,1,2568,'C','3342000207407','2025-10-14 09:10:25'),('2025-08-08',1087,4,1,2568,'C','3342000207407','2025-10-14 09:10:25'),('2025-08-08',1088,4,1,2568,'C','3342000207407','2025-10-14 09:10:25'),('2025-08-08',1089,4,1,2568,'C','3342000207407','2025-10-14 09:10:25'),('2025-08-08',1090,4,1,2568,'C','3342000207407','2025-10-14 09:10:25'),('2025-08-08',1091,4,1,2568,'C','3342000207407','2025-10-14 09:10:25'),('2025-08-08',1093,4,1,2568,'C','3342000207407','2025-10-14 09:10:25'),('2025-08-08',1094,4,1,2568,'C','3342000207407','2025-10-14 09:10:25'),('2025-08-08',1101,4,1,2568,'C','3342000207407','2025-10-14 09:10:25'),('2025-08-08',1095,4,1,2568,'C','3342000207407','2025-10-14 09:10:25'),('2025-08-13',1085,4,1,2568,'C','3342000207407','2025-10-14 09:10:36'),('2025-08-13',1086,4,1,2568,'C','3342000207407','2025-10-14 09:10:36'),('2025-08-13',1087,4,1,2568,'C','3342000207407','2025-10-14 09:10:36'),('2025-08-13',1088,4,1,2568,'C','3342000207407','2025-10-14 09:10:36'),('2025-08-13',1089,4,1,2568,'C','3342000207407','2025-10-14 09:10:36'),('2025-08-13',1090,4,1,2568,'C','3342000207407','2025-10-14 09:10:36'),('2025-08-13',1091,4,1,2568,'C','3342000207407','2025-10-14 09:10:36'),('2025-08-13',1093,4,1,2568,'C','3342000207407','2025-10-14 09:10:36'),('2025-08-13',1094,4,1,2568,'C','3342000207407','2025-10-14 09:10:36'),('2025-08-13',1101,4,1,2568,'C','3342000207407','2025-10-14 09:10:36'),('2025-08-13',1095,4,1,2568,'C','3342000207407','2025-10-14 09:10:36'),('2025-08-14',1085,4,1,2568,'C','3342000207407','2025-10-14 09:10:41'),('2025-08-14',1086,4,1,2568,'C','3342000207407','2025-10-14 09:10:41'),('2025-08-14',1087,4,1,2568,'C','3342000207407','2025-10-14 09:10:41'),('2025-08-14',1088,4,1,2568,'C','3342000207407','2025-10-14 09:10:41'),('2025-08-14',1089,4,1,2568,'C','3342000207407','2025-10-14 09:10:41'),('2025-08-14',1090,4,1,2568,'C','3342000207407','2025-10-14 09:10:41'),('2025-08-14',1091,4,1,2568,'C','3342000207407','2025-10-14 09:10:41'),('2025-08-14',1093,4,1,2568,'C','3342000207407','2025-10-14 09:10:41'),('2025-08-14',1094,4,1,2568,'C','3342000207407','2025-10-14 09:10:41'),('2025-08-14',1101,4,1,2568,'C','3342000207407','2025-10-14 09:10:41'),('2025-08-14',1095,4,1,2568,'C','3342000207407','2025-10-14 09:10:41'),('2025-08-15',1085,4,1,2568,'C','3342000207407','2025-10-14 09:10:47'),('2025-08-15',1086,4,1,2568,'C','3342000207407','2025-10-14 09:10:47'),('2025-08-15',1087,4,1,2568,'C','3342000207407','2025-10-14 09:10:47'),('2025-08-15',1088,4,1,2568,'C','3342000207407','2025-10-14 09:10:47'),('2025-08-15',1089,4,1,2568,'C','3342000207407','2025-10-14 09:10:47'),('2025-08-15',1090,4,1,2568,'C','3342000207407','2025-10-14 09:10:47'),('2025-08-15',1091,4,1,2568,'C','3342000207407','2025-10-14 09:10:47'),('2025-08-15',1093,4,1,2568,'C','3342000207407','2025-10-14 09:10:47'),('2025-08-15',1094,4,1,2568,'C','3342000207407','2025-10-14 09:10:47'),('2025-08-15',1101,4,1,2568,'C','3342000207407','2025-10-14 09:10:47'),('2025-08-15',1095,4,1,2568,'C','3342000207407','2025-10-14 09:10:47'),('2025-08-18',1085,4,1,2568,'C','3342000207407','2025-10-14 09:10:14'),('2025-08-18',1086,4,1,2568,'C','3342000207407','2025-10-14 09:10:14'),('2025-08-18',1087,4,1,2568,'C','3342000207407','2025-10-14 09:10:14'),('2025-08-18',1088,4,1,2568,'C','3342000207407','2025-10-14 09:10:14'),('2025-08-18',1089,4,1,2568,'C','3342000207407','2025-10-14 09:10:14'),('2025-08-18',1090,4,1,2568,'S','3342000207407','2025-10-14 09:10:14'),('2025-08-18',1091,4,1,2568,'C','3342000207407','2025-10-14 09:10:14'),('2025-08-18',1093,4,1,2568,'C','3342000207407','2025-10-14 09:10:14'),('2025-08-18',1094,4,1,2568,'C','3342000207407','2025-10-14 09:10:14'),('2025-08-18',1101,4,1,2568,'C','3342000207407','2025-10-14 09:10:14'),('2025-08-18',1095,4,1,2568,'C','3342000207407','2025-10-14 09:10:14'),('2025-08-19',1085,4,1,2568,'C','3342000207407','2025-10-14 09:10:44'),('2025-08-19',1086,4,1,2568,'C','3342000207407','2025-10-14 09:10:44'),('2025-08-19',1087,4,1,2568,'C','3342000207407','2025-10-14 09:10:44'),('2025-08-19',1088,4,1,2568,'C','3342000207407','2025-10-14 09:10:44'),('2025-08-19',1089,4,1,2568,'C','3342000207407','2025-10-14 09:10:44'),('2025-08-19',1090,4,1,2568,'S','3342000207407','2025-10-14 09:10:44'),('2025-08-19',1091,4,1,2568,'C','3342000207407','2025-10-14 09:10:44'),('2025-08-19',1093,4,1,2568,'C','3342000207407','2025-10-14 09:10:44'),('2025-08-19',1094,4,1,2568,'C','3342000207407','2025-10-14 09:10:44'),('2025-08-19',1101,4,1,2568,'C','3342000207407','2025-10-14 09:10:44'),('2025-08-19',1095,4,1,2568,'C','3342000207407','2025-10-14 09:10:44'),('2025-08-20',1085,4,1,2568,'C','3342000207407','2025-10-14 09:10:02'),('2025-08-20',1086,4,1,2568,'C','3342000207407','2025-10-14 09:10:02'),('2025-08-20',1087,4,1,2568,'C','3342000207407','2025-10-14 09:10:02'),('2025-08-20',1088,4,1,2568,'W','3342000207407','2025-10-14 09:10:02'),('2025-08-20',1089,4,1,2568,'C','3342000207407','2025-10-14 09:10:02'),('2025-08-20',1090,4,1,2568,'C','3342000207407','2025-10-14 09:10:02'),('2025-08-20',1091,4,1,2568,'C','3342000207407','2025-10-14 09:10:02'),('2025-08-20',1093,4,1,2568,'C','3342000207407','2025-10-14 09:10:02'),('2025-08-20',1094,4,1,2568,'C','3342000207407','2025-10-14 09:10:02'),('2025-08-20',1101,4,1,2568,'C','3342000207407','2025-10-14 09:10:02'),('2025-08-20',1095,4,1,2568,'C','3342000207407','2025-10-14 09:10:02'),('2025-08-21',1085,4,1,2568,'C','3342000207407','2025-10-14 09:10:10'),('2025-08-21',1086,4,1,2568,'C','3342000207407','2025-10-14 09:10:10'),('2025-08-21',1087,4,1,2568,'C','3342000207407','2025-10-14 09:10:10'),('2025-08-21',1088,4,1,2568,'C','3342000207407','2025-10-14 09:10:10'),('2025-08-21',1089,4,1,2568,'C','3342000207407','2025-10-14 09:10:10'),('2025-08-21',1090,4,1,2568,'C','3342000207407','2025-10-14 09:10:10'),('2025-08-21',1091,4,1,2568,'C','3342000207407','2025-10-14 09:10:10'),('2025-08-21',1093,4,1,2568,'C','3342000207407','2025-10-14 09:10:10'),('2025-08-21',1094,4,1,2568,'C','3342000207407','2025-10-14 09:10:10'),('2025-08-21',1101,4,1,2568,'C','3342000207407','2025-10-14 09:10:10'),('2025-08-21',1095,4,1,2568,'C','3342000207407','2025-10-14 09:10:10'),('2025-08-22',1085,4,1,2568,'C','3342000207407','2025-10-14 09:10:15'),('2025-08-22',1086,4,1,2568,'C','3342000207407','2025-10-14 09:10:15'),('2025-08-22',1087,4,1,2568,'C','3342000207407','2025-10-14 09:10:15'),('2025-08-22',1088,4,1,2568,'C','3342000207407','2025-10-14 09:10:15'),('2025-08-22',1089,4,1,2568,'C','3342000207407','2025-10-14 09:10:15'),('2025-08-22',1090,4,1,2568,'C','3342000207407','2025-10-14 09:10:15'),('2025-08-22',1091,4,1,2568,'C','3342000207407','2025-10-14 09:10:15'),('2025-08-22',1093,4,1,2568,'C','3342000207407','2025-10-14 09:10:15'),('2025-08-22',1094,4,1,2568,'C','3342000207407','2025-10-14 09:10:15'),('2025-08-22',1101,4,1,2568,'C','3342000207407','2025-10-14 09:10:15'),('2025-08-22',1095,4,1,2568,'C','3342000207407','2025-10-14 09:10:15'),('2025-08-25',1085,4,1,2568,'C','3342000207407','2025-10-14 09:10:54'),('2025-08-25',1086,4,1,2568,'S','3342000207407','2025-10-14 09:10:54'),('2025-08-25',1087,4,1,2568,'C','3342000207407','2025-10-14 09:10:54'),('2025-08-25',1088,4,1,2568,'C','3342000207407','2025-10-14 09:10:54'),('2025-08-25',1089,4,1,2568,'C','3342000207407','2025-10-14 09:10:54'),('2025-08-25',1090,4,1,2568,'S','3342000207407','2025-10-14 09:10:54'),('2025-08-25',1091,4,1,2568,'C','3342000207407','2025-10-14 09:10:54'),('2025-08-25',1093,4,1,2568,'C','3342000207407','2025-10-14 09:10:54'),('2025-08-25',1094,4,1,2568,'C','3342000207407','2025-10-14 09:10:54'),('2025-08-25',1101,4,1,2568,'C','3342000207407','2025-10-14 09:10:54'),('2025-08-25',1095,4,1,2568,'L','3342000207407','2025-10-14 09:10:54'),('2025-08-26',1085,4,1,2568,'C','3342000207407','2025-10-14 09:10:14'),('2025-08-26',1086,4,1,2568,'C','3342000207407','2025-10-14 09:10:14'),('2025-08-26',1087,4,1,2568,'C','3342000207407','2025-10-14 09:10:14'),('2025-08-26',1088,4,1,2568,'C','3342000207407','2025-10-14 09:10:14'),('2025-08-26',1089,4,1,2568,'C','3342000207407','2025-10-14 09:10:14'),('2025-08-26',1090,4,1,2568,'S','3342000207407','2025-10-14 09:10:14'),('2025-08-26',1091,4,1,2568,'C','3342000207407','2025-10-14 09:10:14'),('2025-08-26',1093,4,1,2568,'C','3342000207407','2025-10-14 09:10:14'),('2025-08-26',1094,4,1,2568,'C','3342000207407','2025-10-14 09:10:14'),('2025-08-26',1101,4,1,2568,'C','3342000207407','2025-10-14 09:10:14'),('2025-08-26',1095,4,1,2568,'C','3342000207407','2025-10-14 09:10:14'),('2025-08-27',1085,4,1,2568,'C','3342000207407','2025-10-14 09:10:31'),('2025-08-27',1086,4,1,2568,'C','3342000207407','2025-10-14 09:10:31'),('2025-08-27',1087,4,1,2568,'C','3342000207407','2025-10-14 09:10:31'),('2025-08-27',1088,4,1,2568,'C','3342000207407','2025-10-14 09:10:31'),('2025-08-27',1089,4,1,2568,'C','3342000207407','2025-10-14 09:10:31'),('2025-08-27',1090,4,1,2568,'S','3342000207407','2025-10-14 09:10:31'),('2025-08-27',1091,4,1,2568,'C','3342000207407','2025-10-14 09:10:31'),('2025-08-27',1093,4,1,2568,'C','3342000207407','2025-10-14 09:10:31'),('2025-08-27',1094,4,1,2568,'C','3342000207407','2025-10-14 09:10:31'),('2025-08-27',1101,4,1,2568,'C','3342000207407','2025-10-14 09:10:31'),('2025-08-27',1095,4,1,2568,'C','3342000207407','2025-10-14 09:10:31'),('2025-08-28',1085,4,1,2568,'C','3342000207407','2025-10-14 09:10:39'),('2025-08-28',1086,4,1,2568,'C','3342000207407','2025-10-14 09:10:39'),('2025-08-28',1087,4,1,2568,'C','3342000207407','2025-10-14 09:10:39'),('2025-08-28',1088,4,1,2568,'C','3342000207407','2025-10-14 09:10:39'),('2025-08-28',1089,4,1,2568,'C','3342000207407','2025-10-14 09:10:39'),('2025-08-28',1090,4,1,2568,'C','3342000207407','2025-10-14 09:10:39'),('2025-08-28',1091,4,1,2568,'C','3342000207407','2025-10-14 09:10:39'),('2025-08-28',1093,4,1,2568,'C','3342000207407','2025-10-14 09:10:39'),('2025-08-28',1094,4,1,2568,'C','3342000207407','2025-10-14 09:10:39'),('2025-08-28',1101,4,1,2568,'C','3342000207407','2025-10-14 09:10:39'),('2025-08-28',1095,4,1,2568,'C','3342000207407','2025-10-14 09:10:39'),('2025-08-29',1085,4,1,2568,'C','3342000207407','2025-10-14 09:10:45'),('2025-08-29',1086,4,1,2568,'C','3342000207407','2025-10-14 09:10:45'),('2025-08-29',1087,4,1,2568,'C','3342000207407','2025-10-14 09:10:45'),('2025-08-29',1088,4,1,2568,'C','3342000207407','2025-10-14 09:10:45'),('2025-08-29',1089,4,1,2568,'C','3342000207407','2025-10-14 09:10:45'),('2025-08-29',1090,4,1,2568,'C','3342000207407','2025-10-14 09:10:45'),('2025-08-29',1091,4,1,2568,'C','3342000207407','2025-10-14 09:10:45'),('2025-08-29',1093,4,1,2568,'C','3342000207407','2025-10-14 09:10:45'),('2025-08-29',1094,4,1,2568,'C','3342000207407','2025-10-14 09:10:45'),('2025-08-29',1101,4,1,2568,'C','3342000207407','2025-10-14 09:10:45'),('2025-08-29',1095,4,1,2568,'C','3342000207407','2025-10-14 09:10:45'),('2025-09-01',1085,4,1,2568,'C','3342000207407','2025-10-14 09:10:06'),('2025-09-01',1086,4,1,2568,'C','3342000207407','2025-10-14 09:10:06'),('2025-09-01',1087,4,1,2568,'C','3342000207407','2025-10-14 09:10:06'),('2025-09-01',1088,4,1,2568,'C','3342000207407','2025-10-14 09:10:06'),('2025-09-01',1089,4,1,2568,'C','3342000207407','2025-10-14 09:10:06'),('2025-09-01',1090,4,1,2568,'C','3342000207407','2025-10-14 09:10:06'),('2025-09-01',1091,4,1,2568,'C','3342000207407','2025-10-14 09:10:06'),('2025-09-01',1093,4,1,2568,'C','3342000207407','2025-10-14 09:10:06'),('2025-09-01',1094,4,1,2568,'C','3342000207407','2025-10-14 09:10:06'),('2025-09-01',1101,4,1,2568,'C','3342000207407','2025-10-14 09:10:06'),('2025-09-01',1095,4,1,2568,'C','3342000207407','2025-10-14 09:10:06'),('2025-09-02',1085,4,1,2568,'C','3342000207407','2025-10-14 09:10:11'),('2025-09-02',1086,4,1,2568,'C','3342000207407','2025-10-14 09:10:11'),('2025-09-02',1087,4,1,2568,'C','3342000207407','2025-10-14 09:10:11'),('2025-09-02',1088,4,1,2568,'C','3342000207407','2025-10-14 09:10:11'),('2025-09-02',1089,4,1,2568,'C','3342000207407','2025-10-14 09:10:11'),('2025-09-02',1090,4,1,2568,'C','3342000207407','2025-10-14 09:10:11'),('2025-09-02',1091,4,1,2568,'C','3342000207407','2025-10-14 09:10:11'),('2025-09-02',1093,4,1,2568,'C','3342000207407','2025-10-14 09:10:11'),('2025-09-02',1094,4,1,2568,'C','3342000207407','2025-10-14 09:10:11'),('2025-09-02',1101,4,1,2568,'C','3342000207407','2025-10-14 09:10:11'),('2025-09-02',1095,4,1,2568,'C','3342000207407','2025-10-14 09:10:11'),('2025-09-03',1085,4,1,2568,'C','3342000207407','2025-10-14 09:10:20'),('2025-09-03',1086,4,1,2568,'C','3342000207407','2025-10-14 09:10:20'),('2025-09-03',1087,4,1,2568,'C','3342000207407','2025-10-14 09:10:20'),('2025-09-03',1088,4,1,2568,'C','3342000207407','2025-10-14 09:10:20'),('2025-09-03',1089,4,1,2568,'C','3342000207407','2025-10-14 09:10:20'),('2025-09-03',1090,4,1,2568,'C','3342000207407','2025-10-14 09:10:20'),('2025-09-03',1091,4,1,2568,'C','3342000207407','2025-10-14 09:10:20'),('2025-09-03',1093,4,1,2568,'C','3342000207407','2025-10-14 09:10:20'),('2025-09-03',1094,4,1,2568,'C','3342000207407','2025-10-14 09:10:20'),('2025-09-03',1101,4,1,2568,'C','3342000207407','2025-10-14 09:10:20'),('2025-09-03',1095,4,1,2568,'C','3342000207407','2025-10-14 09:10:20'),('2025-09-04',1085,4,1,2568,'C','3342000207407','2025-10-14 09:10:26'),('2025-09-04',1086,4,1,2568,'C','3342000207407','2025-10-14 09:10:26'),('2025-09-04',1087,4,1,2568,'C','3342000207407','2025-10-14 09:10:26'),('2025-09-04',1088,4,1,2568,'C','3342000207407','2025-10-14 09:10:26'),('2025-09-04',1089,4,1,2568,'C','3342000207407','2025-10-14 09:10:26'),('2025-09-04',1090,4,1,2568,'C','3342000207407','2025-10-14 09:10:26'),('2025-09-04',1091,4,1,2568,'C','3342000207407','2025-10-14 09:10:26'),('2025-09-04',1093,4,1,2568,'C','3342000207407','2025-10-14 09:10:26'),('2025-09-04',1094,4,1,2568,'C','3342000207407','2025-10-14 09:10:26'),('2025-09-04',1101,4,1,2568,'C','3342000207407','2025-10-14 09:10:26'),('2025-09-04',1095,4,1,2568,'C','3342000207407','2025-10-14 09:10:26'),('2025-09-05',1085,4,1,2568,'C','3342000207407','2025-10-14 09:10:32'),('2025-09-05',1086,4,1,2568,'C','3342000207407','2025-10-14 09:10:32'),('2025-09-05',1087,4,1,2568,'C','3342000207407','2025-10-14 09:10:32'),('2025-09-05',1088,4,1,2568,'C','3342000207407','2025-10-14 09:10:32'),('2025-09-05',1089,4,1,2568,'C','3342000207407','2025-10-14 09:10:32'),('2025-09-05',1090,4,1,2568,'C','3342000207407','2025-10-14 09:10:32'),('2025-09-05',1091,4,1,2568,'C','3342000207407','2025-10-14 09:10:32'),('2025-09-05',1093,4,1,2568,'C','3342000207407','2025-10-14 09:10:32'),('2025-09-05',1094,4,1,2568,'C','3342000207407','2025-10-14 09:10:32'),('2025-09-05',1101,4,1,2568,'C','3342000207407','2025-10-14 09:10:32'),('2025-09-05',1095,4,1,2568,'C','3342000207407','2025-10-14 09:10:32'),('2025-09-08',1085,4,1,2568,'C','3342000207407','2025-10-14 09:10:41'),('2025-09-08',1086,4,1,2568,'C','3342000207407','2025-10-14 09:10:41'),('2025-09-08',1087,4,1,2568,'C','3342000207407','2025-10-14 09:10:41'),('2025-09-08',1088,4,1,2568,'C','3342000207407','2025-10-14 09:10:41'),('2025-09-08',1089,4,1,2568,'C','3342000207407','2025-10-14 09:10:41'),('2025-09-08',1090,4,1,2568,'C','3342000207407','2025-10-14 09:10:41'),('2025-09-08',1091,4,1,2568,'C','3342000207407','2025-10-14 09:10:41'),('2025-09-08',1093,4,1,2568,'C','3342000207407','2025-10-14 09:10:41'),('2025-09-08',1094,4,1,2568,'C','3342000207407','2025-10-14 09:10:41'),('2025-09-08',1101,4,1,2568,'C','3342000207407','2025-10-14 09:10:41'),('2025-09-08',1095,4,1,2568,'C','3342000207407','2025-10-14 09:10:41'),('2025-09-09',1085,4,1,2568,'C','3342000207407','2025-10-14 09:10:50'),('2025-09-09',1086,4,1,2568,'C','3342000207407','2025-10-14 09:10:50'),('2025-09-09',1087,4,1,2568,'C','3342000207407','2025-10-14 09:10:50'),('2025-09-09',1088,4,1,2568,'C','3342000207407','2025-10-14 09:10:50'),('2025-09-09',1089,4,1,2568,'C','3342000207407','2025-10-14 09:10:50'),('2025-09-09',1090,4,1,2568,'C','3342000207407','2025-10-14 09:10:50'),('2025-09-09',1091,4,1,2568,'C','3342000207407','2025-10-14 09:10:50'),('2025-09-09',1093,4,1,2568,'C','3342000207407','2025-10-14 09:10:50'),('2025-09-09',1094,4,1,2568,'C','3342000207407','2025-10-14 09:10:50'),('2025-09-09',1101,4,1,2568,'C','3342000207407','2025-10-14 09:10:50'),('2025-09-09',1095,4,1,2568,'C','3342000207407','2025-10-14 09:10:50'),('2025-09-10',1085,4,1,2568,'C','3342000207407','2025-10-14 09:10:55'),('2025-09-10',1086,4,1,2568,'C','3342000207407','2025-10-14 09:10:55'),('2025-09-10',1087,4,1,2568,'C','3342000207407','2025-10-14 09:10:55'),('2025-09-10',1088,4,1,2568,'C','3342000207407','2025-10-14 09:10:55'),('2025-09-10',1089,4,1,2568,'C','3342000207407','2025-10-14 09:10:55'),('2025-09-10',1090,4,1,2568,'C','3342000207407','2025-10-14 09:10:55'),('2025-09-10',1091,4,1,2568,'C','3342000207407','2025-10-14 09:10:55'),('2025-09-10',1093,4,1,2568,'C','3342000207407','2025-10-14 09:10:55'),('2025-09-10',1094,4,1,2568,'C','3342000207407','2025-10-14 09:10:55'),('2025-09-10',1101,4,1,2568,'C','3342000207407','2025-10-14 09:10:55'),('2025-09-10',1095,4,1,2568,'C','3342000207407','2025-10-14 09:10:55'),('2025-09-11',1085,4,1,2568,'C','3342000207407','2025-10-14 09:10:04'),('2025-09-11',1086,4,1,2568,'C','3342000207407','2025-10-14 09:10:04'),('2025-09-11',1087,4,1,2568,'C','3342000207407','2025-10-14 09:10:04'),('2025-09-11',1088,4,1,2568,'C','3342000207407','2025-10-14 09:10:04'),('2025-09-11',1089,4,1,2568,'C','3342000207407','2025-10-14 09:10:04'),('2025-09-11',1090,4,1,2568,'C','3342000207407','2025-10-14 09:10:04'),('2025-09-11',1091,4,1,2568,'C','3342000207407','2025-10-14 09:10:04'),('2025-09-11',1093,4,1,2568,'C','3342000207407','2025-10-14 09:10:04'),('2025-09-11',1094,4,1,2568,'C','3342000207407','2025-10-14 09:10:04'),('2025-09-11',1101,4,1,2568,'C','3342000207407','2025-10-14 09:10:04'),('2025-09-11',1095,4,1,2568,'C','3342000207407','2025-10-14 09:10:04'),('2025-09-12',1085,4,1,2568,'C','3342000207407','2025-10-14 09:10:28'),('2025-09-12',1086,4,1,2568,'S','3342000207407','2025-10-14 09:10:28'),('2025-09-12',1087,4,1,2568,'C','3342000207407','2025-10-14 09:10:28'),('2025-09-12',1088,4,1,2568,'C','3342000207407','2025-10-14 09:10:28'),('2025-09-12',1089,4,1,2568,'C','3342000207407','2025-10-14 09:10:28'),('2025-09-12',1090,4,1,2568,'S','3342000207407','2025-10-14 09:10:28'),('2025-09-12',1091,4,1,2568,'C','3342000207407','2025-10-14 09:10:28'),('2025-09-12',1093,4,1,2568,'C','3342000207407','2025-10-14 09:10:28'),('2025-09-12',1094,4,1,2568,'C','3342000207407','2025-10-14 09:10:28'),('2025-09-12',1101,4,1,2568,'C','3342000207407','2025-10-14 09:10:28'),('2025-09-12',1095,4,1,2568,'C','3342000207407','2025-10-14 09:10:28'),('2025-09-15',1085,4,1,2568,'C','3342000207407','2025-10-14 09:10:10'),('2025-09-15',1086,4,1,2568,'S','3342000207407','2025-10-14 09:10:10'),('2025-09-15',1087,4,1,2568,'C','3342000207407','2025-10-14 09:10:10'),('2025-09-15',1088,4,1,2568,'C','3342000207407','2025-10-14 09:10:10'),('2025-09-15',1089,4,1,2568,'C','3342000207407','2025-10-14 09:10:10'),('2025-09-15',1090,4,1,2568,'C','3342000207407','2025-10-14 09:10:10'),('2025-09-15',1091,4,1,2568,'S','3342000207407','2025-10-14 09:10:10'),('2025-09-15',1093,4,1,2568,'C','3342000207407','2025-10-14 09:10:10'),('2025-09-15',1094,4,1,2568,'C','3342000207407','2025-10-14 09:10:10'),('2025-09-15',1101,4,1,2568,'S','3342000207407','2025-10-14 09:10:10'),('2025-09-15',1095,4,1,2568,'C','3342000207407','2025-10-14 09:10:10'),('2025-09-16',1085,4,1,2568,'C','3342000207407','2025-10-14 09:10:17'),('2025-09-16',1086,4,1,2568,'C','3342000207407','2025-10-14 09:10:17'),('2025-09-16',1087,4,1,2568,'C','3342000207407','2025-10-14 09:10:17'),('2025-09-16',1088,4,1,2568,'C','3342000207407','2025-10-14 09:10:17'),('2025-09-16',1089,4,1,2568,'C','3342000207407','2025-10-14 09:10:17'),('2025-09-16',1090,4,1,2568,'C','3342000207407','2025-10-14 09:10:17'),('2025-09-16',1091,4,1,2568,'C','3342000207407','2025-10-14 09:10:17'),('2025-09-16',1093,4,1,2568,'C','3342000207407','2025-10-14 09:10:17'),('2025-09-16',1094,4,1,2568,'C','3342000207407','2025-10-14 09:10:17'),('2025-09-16',1101,4,1,2568,'C','3342000207407','2025-10-14 09:10:17'),('2025-09-16',1095,4,1,2568,'C','3342000207407','2025-10-14 09:10:17'),('2025-09-17',1085,4,1,2568,'C','3342000207407','2025-10-14 09:10:21'),('2025-09-17',1086,4,1,2568,'C','3342000207407','2025-10-14 09:10:21'),('2025-09-17',1087,4,1,2568,'C','3342000207407','2025-10-14 09:10:21'),('2025-09-17',1088,4,1,2568,'C','3342000207407','2025-10-14 09:10:21'),('2025-09-17',1089,4,1,2568,'C','3342000207407','2025-10-14 09:10:21'),('2025-09-17',1090,4,1,2568,'C','3342000207407','2025-10-14 09:10:21'),('2025-09-17',1091,4,1,2568,'C','3342000207407','2025-10-14 09:10:21'),('2025-09-17',1093,4,1,2568,'C','3342000207407','2025-10-14 09:10:21'),('2025-09-17',1094,4,1,2568,'C','3342000207407','2025-10-14 09:10:21'),('2025-09-17',1101,4,1,2568,'C','3342000207407','2025-10-14 09:10:21'),('2025-09-17',1095,4,1,2568,'C','3342000207407','2025-10-14 09:10:21'),('2025-09-18',1085,4,1,2568,'C','3342000207407','2025-10-14 09:10:31'),('2025-09-18',1086,4,1,2568,'C','3342000207407','2025-10-14 09:10:31'),('2025-09-18',1087,4,1,2568,'C','3342000207407','2025-10-14 09:10:31'),('2025-09-18',1088,4,1,2568,'C','3342000207407','2025-10-14 09:10:31'),('2025-09-18',1089,4,1,2568,'C','3342000207407','2025-10-14 09:10:31'),('2025-09-18',1090,4,1,2568,'C','3342000207407','2025-10-14 09:10:31'),('2025-09-18',1091,4,1,2568,'C','3342000207407','2025-10-14 09:10:31'),('2025-09-18',1093,4,1,2568,'C','3342000207407','2025-10-14 09:10:31'),('2025-09-18',1094,4,1,2568,'C','3342000207407','2025-10-14 09:10:31'),('2025-09-18',1101,4,1,2568,'C','3342000207407','2025-10-14 09:10:31'),('2025-09-18',1095,4,1,2568,'C','3342000207407','2025-10-14 09:10:31'),('2025-09-19',1085,4,1,2568,'C','3342000207407','2025-10-14 09:10:42'),('2025-09-19',1086,4,1,2568,'C','3342000207407','2025-10-14 09:10:42'),('2025-09-19',1087,4,1,2568,'C','3342000207407','2025-10-14 09:10:42'),('2025-09-19',1088,4,1,2568,'C','3342000207407','2025-10-14 09:10:42'),('2025-09-19',1089,4,1,2568,'C','3342000207407','2025-10-14 09:10:42'),('2025-09-19',1090,4,1,2568,'C','3342000207407','2025-10-14 09:10:42'),('2025-09-19',1091,4,1,2568,'C','3342000207407','2025-10-14 09:10:42'),('2025-09-19',1093,4,1,2568,'C','3342000207407','2025-10-14 09:10:42'),('2025-09-19',1094,4,1,2568,'C','3342000207407','2025-10-14 09:10:42'),('2025-09-19',1101,4,1,2568,'C','3342000207407','2025-10-14 09:10:42'),('2025-09-19',1095,4,1,2568,'C','3342000207407','2025-10-14 09:10:42'),('2025-09-22',1085,4,1,2568,'S','3342000207407','2025-10-14 09:10:00'),('2025-09-22',1086,4,1,2568,'C','3342000207407','2025-10-14 09:10:00'),('2025-09-22',1087,4,1,2568,'C','3342000207407','2025-10-14 09:10:00'),('2025-09-22',1088,4,1,2568,'C','3342000207407','2025-10-14 09:10:00'),('2025-09-22',1089,4,1,2568,'C','3342000207407','2025-10-14 09:10:00'),('2025-09-22',1090,4,1,2568,'C','3342000207407','2025-10-14 09:10:00'),('2025-09-22',1091,4,1,2568,'C','3342000207407','2025-10-14 09:10:00'),('2025-09-22',1093,4,1,2568,'C','3342000207407','2025-10-14 09:10:00'),('2025-09-22',1094,4,1,2568,'C','3342000207407','2025-10-14 09:10:00'),('2025-09-22',1101,4,1,2568,'C','3342000207407','2025-10-14 09:10:00'),('2025-09-22',1095,4,1,2568,'C','3342000207407','2025-10-14 09:10:00'),('2025-09-23',1085,4,1,2568,'C','3342000207407','2025-10-14 09:10:07'),('2025-09-23',1086,4,1,2568,'C','3342000207407','2025-10-14 09:10:07'),('2025-09-23',1087,4,1,2568,'C','3342000207407','2025-10-14 09:10:07'),('2025-09-23',1088,4,1,2568,'C','3342000207407','2025-10-14 09:10:07'),('2025-09-23',1089,4,1,2568,'C','3342000207407','2025-10-14 09:10:07'),('2025-09-23',1090,4,1,2568,'C','3342000207407','2025-10-14 09:10:07'),('2025-09-23',1091,4,1,2568,'C','3342000207407','2025-10-14 09:10:07'),('2025-09-23',1093,4,1,2568,'C','3342000207407','2025-10-14 09:10:07'),('2025-09-23',1094,4,1,2568,'C','3342000207407','2025-10-14 09:10:07'),('2025-09-23',1101,4,1,2568,'C','3342000207407','2025-10-14 09:10:07'),('2025-09-23',1095,4,1,2568,'C','3342000207407','2025-10-14 09:10:07'),('2025-09-24',1085,4,1,2568,'C','3342000207407','2025-10-14 09:10:18'),('2025-09-24',1086,4,1,2568,'C','3342000207407','2025-10-14 09:10:18'),('2025-09-24',1087,4,1,2568,'C','3342000207407','2025-10-14 09:10:18'),('2025-09-24',1088,4,1,2568,'C','3342000207407','2025-10-14 09:10:18'),('2025-09-24',1089,4,1,2568,'C','3342000207407','2025-10-14 09:10:18'),('2025-09-24',1090,4,1,2568,'C','3342000207407','2025-10-14 09:10:18'),('2025-09-24',1091,4,1,2568,'C','3342000207407','2025-10-14 09:10:18'),('2025-09-24',1093,4,1,2568,'C','3342000207407','2025-10-14 09:10:18'),('2025-09-24',1094,4,1,2568,'C','3342000207407','2025-10-14 09:10:18'),('2025-09-24',1101,4,1,2568,'C','3342000207407','2025-10-14 09:10:18'),('2025-09-24',1095,4,1,2568,'C','3342000207407','2025-10-14 09:10:18'),('2025-09-25',1085,4,1,2568,'C','3342000207407','2025-10-14 09:10:40'),('2025-09-25',1086,4,1,2568,'C','3342000207407','2025-10-14 09:10:40'),('2025-09-25',1087,4,1,2568,'C','3342000207407','2025-10-14 09:10:40'),('2025-09-25',1088,4,1,2568,'C','3342000207407','2025-10-14 09:10:40'),('2025-09-25',1089,4,1,2568,'C','3342000207407','2025-10-14 09:10:40'),('2025-09-25',1090,4,1,2568,'C','3342000207407','2025-10-14 09:10:40'),('2025-09-25',1091,4,1,2568,'C','3342000207407','2025-10-14 09:10:40'),('2025-09-25',1093,4,1,2568,'C','3342000207407','2025-10-14 09:10:40'),('2025-09-25',1094,4,1,2568,'W','3342000207407','2025-10-14 09:10:40'),('2025-09-25',1101,4,1,2568,'C','3342000207407','2025-10-14 09:10:40'),('2025-09-25',1095,4,1,2568,'C','3342000207407','2025-10-14 09:10:40'),('2025-09-26',1085,4,1,2568,'C','3342000207407','2025-10-14 09:10:50'),('2025-09-26',1086,4,1,2568,'C','3342000207407','2025-10-14 09:10:50'),('2025-09-26',1087,4,1,2568,'C','3342000207407','2025-10-14 09:10:50'),('2025-09-26',1088,4,1,2568,'C','3342000207407','2025-10-14 09:10:50'),('2025-09-26',1089,4,1,2568,'C','3342000207407','2025-10-14 09:10:50'),('2025-09-26',1090,4,1,2568,'C','3342000207407','2025-10-14 09:10:50'),('2025-09-26',1091,4,1,2568,'C','3342000207407','2025-10-14 09:10:50'),('2025-09-26',1093,4,1,2568,'C','3342000207407','2025-10-14 09:10:50'),('2025-09-26',1094,4,1,2568,'C','3342000207407','2025-10-14 09:10:50'),('2025-09-26',1101,4,1,2568,'C','3342000207407','2025-10-14 09:10:50'),('2025-09-26',1095,4,1,2568,'C','3342000207407','2025-10-14 09:10:50'),('2025-09-29',1085,4,1,2568,'C','3342000207407','2025-10-14 09:10:55'),('2025-09-29',1086,4,1,2568,'C','3342000207407','2025-10-14 09:10:55'),('2025-09-29',1087,4,1,2568,'C','3342000207407','2025-10-14 09:10:55'),('2025-09-29',1088,4,1,2568,'C','3342000207407','2025-10-14 09:10:55'),('2025-09-29',1089,4,1,2568,'C','3342000207407','2025-10-14 09:10:55'),('2025-09-29',1090,4,1,2568,'C','3342000207407','2025-10-14 09:10:55'),('2025-09-29',1091,4,1,2568,'C','3342000207407','2025-10-14 09:10:55'),('2025-09-29',1093,4,1,2568,'C','3342000207407','2025-10-14 09:10:55'),('2025-09-29',1094,4,1,2568,'C','3342000207407','2025-10-14 09:10:55'),('2025-09-29',1101,4,1,2568,'C','3342000207407','2025-10-14 09:10:55'),('2025-09-29',1095,4,1,2568,'C','3342000207407','2025-10-14 09:10:55'),('2025-09-30',1085,4,1,2568,'C','3342000207407','2025-10-14 09:10:02'),('2025-09-30',1086,4,1,2568,'C','3342000207407','2025-10-14 09:10:02'),('2025-09-30',1087,4,1,2568,'C','3342000207407','2025-10-14 09:10:02'),('2025-09-30',1088,4,1,2568,'C','3342000207407','2025-10-14 09:10:02'),('2025-09-30',1089,4,1,2568,'C','3342000207407','2025-10-14 09:10:02'),('2025-09-30',1090,4,1,2568,'C','3342000207407','2025-10-14 09:10:02'),('2025-09-30',1091,4,1,2568,'C','3342000207407','2025-10-14 09:10:02'),('2025-09-30',1093,4,1,2568,'C','3342000207407','2025-10-14 09:10:02'),('2025-09-30',1094,4,1,2568,'C','3342000207407','2025-10-14 09:10:02'),('2025-09-30',1101,4,1,2568,'C','3342000207407','2025-10-14 09:10:02'),('2025-09-30',1095,4,1,2568,'C','3342000207407','2025-10-14 09:10:02'),('2025-10-01',1085,4,1,2568,'C','3342000207407','2025-10-14 09:10:18'),('2025-10-01',1086,4,1,2568,'C','3342000207407','2025-10-14 09:10:18'),('2025-10-01',1087,4,1,2568,'C','3342000207407','2025-10-14 09:10:18'),('2025-10-01',1088,4,1,2568,'C','3342000207407','2025-10-14 09:10:18'),('2025-10-01',1089,4,1,2568,'C','3342000207407','2025-10-14 09:10:18'),('2025-10-01',1090,4,1,2568,'C','3342000207407','2025-10-14 09:10:18'),('2025-10-01',1091,4,1,2568,'C','3342000207407','2025-10-14 09:10:18'),('2025-10-01',1093,4,1,2568,'C','3342000207407','2025-10-14 09:10:18'),('2025-10-01',1094,4,1,2568,'C','3342000207407','2025-10-14 09:10:18'),('2025-10-01',1101,4,1,2568,'C','3342000207407','2025-10-14 09:10:18'),('2025-10-01',1095,4,1,2568,'C','3342000207407','2025-10-14 09:10:18'),('2025-10-02',1085,4,1,2568,'C','3342000207407','2025-10-14 09:10:23'),('2025-10-02',1086,4,1,2568,'C','3342000207407','2025-10-14 09:10:23'),('2025-10-02',1087,4,1,2568,'C','3342000207407','2025-10-14 09:10:23'),('2025-10-02',1088,4,1,2568,'C','3342000207407','2025-10-14 09:10:23'),('2025-10-02',1089,4,1,2568,'C','3342000207407','2025-10-14 09:10:23'),('2025-10-02',1090,4,1,2568,'C','3342000207407','2025-10-14 09:10:23'),('2025-10-02',1091,4,1,2568,'C','3342000207407','2025-10-14 09:10:23'),('2025-10-02',1093,4,1,2568,'C','3342000207407','2025-10-14 09:10:23'),('2025-10-02',1094,4,1,2568,'C','3342000207407','2025-10-14 09:10:23'),('2025-10-02',1101,4,1,2568,'C','3342000207407','2025-10-14 09:10:23'),('2025-10-02',1095,4,1,2568,'C','3342000207407','2025-10-14 09:10:23'),('2025-10-03',1085,4,1,2568,'C','3342000207407','2025-10-14 09:10:29'),('2025-10-03',1086,4,1,2568,'C','3342000207407','2025-10-14 09:10:29'),('2025-10-03',1087,4,1,2568,'C','3342000207407','2025-10-14 09:10:29'),('2025-10-03',1088,4,1,2568,'C','3342000207407','2025-10-14 09:10:29'),('2025-10-03',1089,4,1,2568,'C','3342000207407','2025-10-14 09:10:29'),('2025-10-03',1090,4,1,2568,'C','3342000207407','2025-10-14 09:10:29'),('2025-10-03',1091,4,1,2568,'C','3342000207407','2025-10-14 09:10:29'),('2025-10-03',1093,4,1,2568,'C','3342000207407','2025-10-14 09:10:29'),('2025-10-03',1094,4,1,2568,'C','3342000207407','2025-10-14 09:10:29'),('2025-10-03',1101,4,1,2568,'C','3342000207407','2025-10-14 09:10:29'),('2025-10-03',1095,4,1,2568,'C','3342000207407','2025-10-14 09:10:29'),('2025-10-04',1085,4,1,2568,'C','3342000207407','2025-10-14 09:10:39'),('2025-10-04',1086,4,1,2568,'C','3342000207407','2025-10-14 09:10:39'),('2025-10-04',1087,4,1,2568,'C','3342000207407','2025-10-14 09:10:39'),('2025-10-04',1088,4,1,2568,'C','3342000207407','2025-10-14 09:10:39'),('2025-10-04',1089,4,1,2568,'C','3342000207407','2025-10-14 09:10:39'),('2025-10-04',1090,4,1,2568,'C','3342000207407','2025-10-14 09:10:39'),('2025-10-04',1091,4,1,2568,'C','3342000207407','2025-10-14 09:10:39'),('2025-10-04',1093,4,1,2568,'C','3342000207407','2025-10-14 09:10:39'),('2025-10-04',1094,4,1,2568,'C','3342000207407','2025-10-14 09:10:39'),('2025-10-04',1101,4,1,2568,'C','3342000207407','2025-10-14 09:10:39'),('2025-10-04',1095,4,1,2568,'C','3342000207407','2025-10-14 09:10:39'),('2025-10-06',1085,4,1,2568,'C','3342000207407','2025-10-14 09:10:47'),('2025-10-06',1086,4,1,2568,'C','3342000207407','2025-10-14 09:10:47'),('2025-10-06',1087,4,1,2568,'C','3342000207407','2025-10-14 09:10:47'),('2025-10-06',1088,4,1,2568,'C','3342000207407','2025-10-14 09:10:47'),('2025-10-06',1089,4,1,2568,'C','3342000207407','2025-10-14 09:10:47'),('2025-10-06',1090,4,1,2568,'C','3342000207407','2025-10-14 09:10:47'),('2025-10-06',1091,4,1,2568,'C','3342000207407','2025-10-14 09:10:47'),('2025-10-06',1093,4,1,2568,'C','3342000207407','2025-10-14 09:10:47'),('2025-10-06',1094,4,1,2568,'C','3342000207407','2025-10-14 09:10:47'),('2025-10-06',1101,4,1,2568,'C','3342000207407','2025-10-14 09:10:47'),('2025-10-06',1095,4,1,2568,'C','3342000207407','2025-10-14 09:10:47'),('2025-10-07',1085,4,1,2568,'C','3342000207407','2025-10-14 09:10:52'),('2025-10-07',1086,4,1,2568,'C','3342000207407','2025-10-14 09:10:52'),('2025-10-07',1087,4,1,2568,'C','3342000207407','2025-10-14 09:10:52'),('2025-10-07',1088,4,1,2568,'C','3342000207407','2025-10-14 09:10:52'),('2025-10-07',1089,4,1,2568,'C','3342000207407','2025-10-14 09:10:52'),('2025-10-07',1090,4,1,2568,'C','3342000207407','2025-10-14 09:10:52'),('2025-10-07',1091,4,1,2568,'C','3342000207407','2025-10-14 09:10:52'),('2025-10-07',1093,4,1,2568,'C','3342000207407','2025-10-14 09:10:52'),('2025-10-07',1094,4,1,2568,'C','3342000207407','2025-10-14 09:10:52'),('2025-10-07',1101,4,1,2568,'C','3342000207407','2025-10-14 09:10:52'),('2025-10-07',1095,4,1,2568,'C','3342000207407','2025-10-14 09:10:52'),('2025-10-08',1085,4,1,2568,'C','3342000207407','2025-10-14 09:10:58'),('2025-10-08',1086,4,1,2568,'C','3342000207407','2025-10-14 09:10:58'),('2025-10-08',1087,4,1,2568,'C','3342000207407','2025-10-14 09:10:58'),('2025-10-08',1088,4,1,2568,'C','3342000207407','2025-10-14 09:10:58'),('2025-10-08',1089,4,1,2568,'C','3342000207407','2025-10-14 09:10:58'),('2025-10-08',1090,4,1,2568,'C','3342000207407','2025-10-14 09:10:58'),('2025-10-08',1091,4,1,2568,'C','3342000207407','2025-10-14 09:10:58'),('2025-10-08',1093,4,1,2568,'C','3342000207407','2025-10-14 09:10:58'),('2025-10-08',1094,4,1,2568,'C','3342000207407','2025-10-14 09:10:58'),('2025-10-08',1101,4,1,2568,'C','3342000207407','2025-10-14 09:10:58'),('2025-10-08',1095,4,1,2568,'C','3342000207407','2025-10-14 09:10:58'),('2025-10-09',1085,4,1,2568,'C','3342000207407','2025-10-14 09:10:04'),('2025-10-09',1086,4,1,2568,'C','3342000207407','2025-10-14 09:10:04'),('2025-10-09',1087,4,1,2568,'C','3342000207407','2025-10-14 09:10:04'),('2025-10-09',1088,4,1,2568,'C','3342000207407','2025-10-14 09:10:04'),('2025-10-09',1089,4,1,2568,'C','3342000207407','2025-10-14 09:10:04'),('2025-10-09',1090,4,1,2568,'C','3342000207407','2025-10-14 09:10:04'),('2025-10-09',1091,4,1,2568,'C','3342000207407','2025-10-14 09:10:04'),('2025-10-09',1093,4,1,2568,'C','3342000207407','2025-10-14 09:10:04'),('2025-10-09',1094,4,1,2568,'C','3342000207407','2025-10-14 09:10:04'),('2025-10-09',1101,4,1,2568,'C','3342000207407','2025-10-14 09:10:04'),('2025-10-09',1095,4,1,2568,'C','3342000207407','2025-10-14 09:10:04'),('2025-10-10',1085,4,1,2568,'C','3342000207407','2025-10-14 09:10:10'),('2025-10-10',1086,4,1,2568,'C','3342000207407','2025-10-14 09:10:10'),('2025-10-10',1087,4,1,2568,'C','3342000207407','2025-10-14 09:10:10'),('2025-10-10',1088,4,1,2568,'C','3342000207407','2025-10-14 09:10:10'),('2025-10-10',1089,4,1,2568,'C','3342000207407','2025-10-14 09:10:10'),('2025-10-10',1090,4,1,2568,'C','3342000207407','2025-10-14 09:10:10'),('2025-10-10',1091,4,1,2568,'C','3342000207407','2025-10-14 09:10:10'),('2025-10-10',1093,4,1,2568,'C','3342000207407','2025-10-14 09:10:10'),('2025-10-10',1094,4,1,2568,'C','3342000207407','2025-10-14 09:10:10'),('2025-10-10',1101,4,1,2568,'C','3342000207407','2025-10-14 09:10:10'),('2025-10-10',1095,4,1,2568,'C','3342000207407','2025-10-14 09:10:10'),('2025-10-10',1052,8,1,2568,'C','1340700275482','2025-10-17 09:10:09'),('2025-10-10',1060,8,1,2568,'C','1340700275482','2025-10-17 09:10:09'),('2025-10-10',1054,8,1,2568,'C','1340700275482','2025-10-17 09:10:09'),('2025-10-10',1055,8,1,2568,'C','1340700275482','2025-10-17 09:10:09'),('2025-10-10',1057,8,1,2568,'C','1340700275482','2025-10-17 09:10:09'),('2025-10-10',1058,8,1,2568,'C','1340700275482','2025-10-17 09:10:09'),('2025-10-10',1069,8,1,2568,'C','1340700275482','2025-10-17 09:10:09'),('2025-10-09',1052,8,1,2568,'C','1340700275482','2025-10-17 09:10:16'),('2025-10-09',1060,8,1,2568,'C','1340700275482','2025-10-17 09:10:16'),('2025-10-09',1054,8,1,2568,'C','1340700275482','2025-10-17 09:10:16'),('2025-10-09',1055,8,1,2568,'C','1340700275482','2025-10-17 09:10:16'),('2025-10-09',1057,8,1,2568,'C','1340700275482','2025-10-17 09:10:16'),('2025-10-09',1058,8,1,2568,'C','1340700275482','2025-10-17 09:10:16'),('2025-10-09',1069,8,1,2568,'C','1340700275482','2025-10-17 09:10:16'),('2025-10-08',1052,8,1,2568,'C','1340700275482','2025-10-17 09:10:23'),('2025-10-08',1060,8,1,2568,'C','1340700275482','2025-10-17 09:10:23'),('2025-10-08',1054,8,1,2568,'C','1340700275482','2025-10-17 09:10:23'),('2025-10-08',1055,8,1,2568,'C','1340700275482','2025-10-17 09:10:23'),('2025-10-08',1057,8,1,2568,'C','1340700275482','2025-10-17 09:10:23'),('2025-10-08',1058,8,1,2568,'C','1340700275482','2025-10-17 09:10:23'),('2025-10-08',1069,8,1,2568,'C','1340700275482','2025-10-17 09:10:23'),('2025-10-07',1052,8,1,2568,'C','1340700275482','2025-10-17 09:10:29'),('2025-10-07',1060,8,1,2568,'C','1340700275482','2025-10-17 09:10:29'),('2025-10-07',1054,8,1,2568,'C','1340700275482','2025-10-17 09:10:29'),('2025-10-07',1055,8,1,2568,'C','1340700275482','2025-10-17 09:10:29'),('2025-10-07',1057,8,1,2568,'C','1340700275482','2025-10-17 09:10:29'),('2025-10-07',1058,8,1,2568,'C','1340700275482','2025-10-17 09:10:29'),('2025-10-07',1069,8,1,2568,'C','1340700275482','2025-10-17 09:10:29'),('2025-10-06',1052,8,1,2568,'C','1340700275482','2025-10-17 09:10:35'),('2025-10-06',1060,8,1,2568,'C','1340700275482','2025-10-17 09:10:35'),('2025-10-06',1054,8,1,2568,'C','1340700275482','2025-10-17 09:10:35'),('2025-10-06',1055,8,1,2568,'C','1340700275482','2025-10-17 09:10:35'),('2025-10-06',1057,8,1,2568,'C','1340700275482','2025-10-17 09:10:35'),('2025-10-06',1058,8,1,2568,'C','1340700275482','2025-10-17 09:10:35'),('2025-10-06',1069,8,1,2568,'C','1340700275482','2025-10-17 09:10:35'),('2025-10-04',1052,8,1,2568,'C','1340700275482','2025-10-17 09:10:44'),('2025-10-04',1060,8,1,2568,'C','1340700275482','2025-10-17 09:10:44'),('2025-10-04',1054,8,1,2568,'C','1340700275482','2025-10-17 09:10:44'),('2025-10-04',1055,8,1,2568,'C','1340700275482','2025-10-17 09:10:44'),('2025-10-04',1057,8,1,2568,'C','1340700275482','2025-10-17 09:10:44'),('2025-10-04',1058,8,1,2568,'C','1340700275482','2025-10-17 09:10:44'),('2025-10-04',1069,8,1,2568,'C','1340700275482','2025-10-17 09:10:44'),('2025-10-03',1052,8,1,2568,'C','1340700275482','2025-10-17 09:10:51'),('2025-10-03',1060,8,1,2568,'C','1340700275482','2025-10-17 09:10:51'),('2025-10-03',1054,8,1,2568,'C','1340700275482','2025-10-17 09:10:51'),('2025-10-03',1055,8,1,2568,'C','1340700275482','2025-10-17 09:10:51'),('2025-10-03',1057,8,1,2568,'C','1340700275482','2025-10-17 09:10:51'),('2025-10-03',1058,8,1,2568,'C','1340700275482','2025-10-17 09:10:51'),('2025-10-03',1069,8,1,2568,'C','1340700275482','2025-10-17 09:10:51'),('2025-10-10',1047,9,1,2568,'C','1340700275482','2025-10-17 09:10:14'),('2025-10-10',1050,9,1,2568,'C','1340700275482','2025-10-17 09:10:14'),('2025-10-10',1078,9,1,2568,'C','1340700275482','2025-10-17 09:10:14'),('2025-10-09',1047,9,1,2568,'C','1340700275482','2025-10-17 09:10:20'),('2025-10-09',1050,9,1,2568,'C','1340700275482','2025-10-17 09:10:20'),('2025-10-09',1078,9,1,2568,'C','1340700275482','2025-10-17 09:10:20'),('2025-10-08',1047,9,1,2568,'C','1340700275482','2025-10-17 09:10:25'),('2025-10-08',1050,9,1,2568,'C','1340700275482','2025-10-17 09:10:25'),('2025-10-08',1078,9,1,2568,'C','1340700275482','2025-10-17 09:10:25'),('2025-10-07',1047,9,1,2568,'C','1340700275482','2025-10-17 09:10:31'),('2025-10-07',1050,9,1,2568,'C','1340700275482','2025-10-17 09:10:31'),('2025-10-07',1078,9,1,2568,'C','1340700275482','2025-10-17 09:10:31'),('2025-10-06',1047,9,1,2568,'C','1340700275482','2025-10-17 09:10:37'),('2025-10-06',1050,9,1,2568,'C','1340700275482','2025-10-17 09:10:37'),('2025-10-06',1078,9,1,2568,'C','1340700275482','2025-10-17 09:10:37'),('2025-10-04',1047,9,1,2568,'C','1340700275482','2025-10-17 09:10:42'),('2025-10-04',1050,9,1,2568,'C','1340700275482','2025-10-17 09:10:42'),('2025-10-04',1078,9,1,2568,'C','1340700275482','2025-10-17 09:10:42'),('2025-10-03',1047,9,1,2568,'C','1340700275482','2025-10-17 09:10:47'),('2025-10-03',1050,9,1,2568,'C','1340700275482','2025-10-17 09:10:47'),('2025-10-03',1078,9,1,2568,'C','1340700275482','2025-10-17 09:10:47'),('2025-11-03',1102,2,1,2568,'C','1349900865443','2025-11-03 10:11:29'),('2025-11-03',1103,2,1,2568,'C','1349900865443','2025-11-03 10:11:29'),('2025-11-03',1104,2,1,2568,'C','1349900865443','2025-11-03 10:11:29'),('2025-11-03',1105,2,1,2568,'C','1349900865443','2025-11-03 10:11:29'),('2025-11-03',1106,2,1,2568,'C','1349900865443','2025-11-03 10:11:29'),('2025-11-03',1107,2,1,2568,'C','1349900865443','2025-11-03 10:11:29'),('2025-11-03',1108,2,1,2568,'C','1349900865443','2025-11-03 10:11:29'),('2025-11-03',1109,2,1,2568,'C','1349900865443','2025-11-03 10:11:29'),('2025-11-03',1096,3,1,2568,'C','1349900865443','2025-11-03 10:11:35'),('2025-11-03',1097,3,1,2568,'C','1349900865443','2025-11-03 10:11:35'),('2025-11-03',1098,3,1,2568,'C','1349900865443','2025-11-03 10:11:35'),('2025-11-03',1099,3,1,2568,'C','1349900865443','2025-11-03 10:11:35'),('2025-11-04',1102,2,1,2568,'C','1349900865443','2025-11-04 10:11:27'),('2025-11-04',1103,2,1,2568,'C','1349900865443','2025-11-04 10:11:27'),('2025-11-04',1104,2,1,2568,'C','1349900865443','2025-11-04 10:11:27'),('2025-11-04',1105,2,1,2568,'C','1349900865443','2025-11-04 10:11:27'),('2025-11-04',1106,2,1,2568,'C','1349900865443','2025-11-04 10:11:27'),('2025-11-04',1107,2,1,2568,'C','1349900865443','2025-11-04 10:11:27'),('2025-11-04',1108,2,1,2568,'C','1349900865443','2025-11-04 10:11:27'),('2025-11-04',1109,2,1,2568,'C','1349900865443','2025-11-04 10:11:27'),('2025-11-04',1096,3,1,2568,'C','1349900865443','2025-11-04 10:11:36'),('2025-11-04',1097,3,1,2568,'C','1349900865443','2025-11-04 10:11:36'),('2025-11-04',1098,3,1,2568,'C','1349900865443','2025-11-04 10:11:36'),('2025-11-04',1099,3,1,2568,'C','1349900865443','2025-11-04 10:11:36'),('2025-11-05',1102,2,1,2568,'C','1349900865443','2025-11-05 10:11:25'),('2025-11-05',1103,2,1,2568,'C','1349900865443','2025-11-05 10:11:25'),('2025-11-05',1104,2,1,2568,'C','1349900865443','2025-11-05 10:11:25'),('2025-11-05',1105,2,1,2568,'C','1349900865443','2025-11-05 10:11:25'),('2025-11-05',1106,2,1,2568,'C','1349900865443','2025-11-05 10:11:25'),('2025-11-05',1107,2,1,2568,'C','1349900865443','2025-11-05 10:11:25'),('2025-11-05',1108,2,1,2568,'C','1349900865443','2025-11-05 10:11:25'),('2025-11-05',1109,2,1,2568,'C','1349900865443','2025-11-05 10:11:25'),('2025-11-05',1096,3,1,2568,'C','1349900865443','2025-11-05 10:11:31'),('2025-11-05',1097,3,1,2568,'C','1349900865443','2025-11-05 10:11:31'),('2025-11-05',1098,3,1,2568,'C','1349900865443','2025-11-05 10:11:31'),('2025-11-05',1099,3,1,2568,'C','1349900865443','2025-11-05 10:11:31'),('2025-11-06',1102,2,1,2568,'C','1349900865443','2025-11-06 12:11:19'),('2025-11-06',1103,2,1,2568,'C','1349900865443','2025-11-06 12:11:19'),('2025-11-06',1104,2,1,2568,'C','1349900865443','2025-11-06 12:11:19'),('2025-11-06',1105,2,1,2568,'C','1349900865443','2025-11-06 12:11:19'),('2025-11-06',1106,2,1,2568,'C','1349900865443','2025-11-06 12:11:19'),('2025-11-06',1107,2,1,2568,'C','1349900865443','2025-11-06 12:11:19'),('2025-11-06',1108,2,1,2568,'C','1349900865443','2025-11-06 12:11:19'),('2025-11-06',1109,2,1,2568,'C','1349900865443','2025-11-06 12:11:19'),('2025-11-06',1096,3,1,2568,'C','1349900865443','2025-11-06 12:11:24'),('2025-11-06',1097,3,1,2568,'C','1349900865443','2025-11-06 12:11:24'),('2025-11-06',1098,3,1,2568,'C','1349900865443','2025-11-06 12:11:24'),('2025-11-06',1099,3,1,2568,'C','1349900865443','2025-11-06 12:11:24'),('2025-11-07',1102,2,1,2568,'C','1349900865443','2025-11-07 09:11:34'),('2025-11-07',1103,2,1,2568,'C','1349900865443','2025-11-07 09:11:34'),('2025-11-07',1104,2,1,2568,'C','1349900865443','2025-11-07 09:11:34'),('2025-11-07',1105,2,1,2568,'C','1349900865443','2025-11-07 09:11:34'),('2025-11-07',1106,2,1,2568,'C','1349900865443','2025-11-07 09:11:34'),('2025-11-07',1107,2,1,2568,'C','1349900865443','2025-11-07 09:11:34'),('2025-11-07',1108,2,1,2568,'C','1349900865443','2025-11-07 09:11:34'),('2025-11-07',1109,2,1,2568,'C','1349900865443','2025-11-07 09:11:34'),('2025-11-07',1096,3,1,2568,'C','1349900865443','2025-11-07 09:11:39'),('2025-11-07',1097,3,1,2568,'C','1349900865443','2025-11-07 09:11:39'),('2025-11-07',1098,3,1,2568,'C','1349900865443','2025-11-07 09:11:39'),('2025-11-07',1099,3,1,2568,'C','1349900865443','2025-11-07 09:11:39'),('2025-11-10',1102,2,1,2568,'C','1349900865443','2025-11-12 10:11:37'),('2025-11-10',1103,2,1,2568,'C','1349900865443','2025-11-12 10:11:37'),('2025-11-10',1104,2,1,2568,'C','1349900865443','2025-11-12 10:11:37'),('2025-11-10',1105,2,1,2568,'C','1349900865443','2025-11-12 10:11:37'),('2025-11-10',1106,2,1,2568,'C','1349900865443','2025-11-12 10:11:37'),('2025-11-10',1107,2,1,2568,'C','1349900865443','2025-11-12 10:11:37'),('2025-11-10',1108,2,1,2568,'C','1349900865443','2025-11-12 10:11:37'),('2025-11-10',1109,2,1,2568,'W','1349900865443','2025-11-12 10:11:37'),('2025-11-10',1096,3,1,2568,'C','1349900865443','2025-11-10 01:11:06'),('2025-11-10',1097,3,1,2568,'C','1349900865443','2025-11-10 01:11:06'),('2025-11-10',1098,3,1,2568,'C','1349900865443','2025-11-10 01:11:06'),('2025-11-10',1099,3,1,2568,'C','1349900865443','2025-11-10 01:11:06'),('2025-11-11',1102,2,1,2568,'C','1349900865443','2025-11-11 12:11:48'),('2025-11-11',1103,2,1,2568,'C','1349900865443','2025-11-11 12:11:48'),('2025-11-11',1104,2,1,2568,'C','1349900865443','2025-11-11 12:11:48'),('2025-11-11',1105,2,1,2568,'C','1349900865443','2025-11-11 12:11:48'),('2025-11-11',1106,2,1,2568,'C','1349900865443','2025-11-11 12:11:48'),('2025-11-11',1107,2,1,2568,'C','1349900865443','2025-11-11 12:11:48'),('2025-11-11',1108,2,1,2568,'C','1349900865443','2025-11-11 12:11:48'),('2025-11-11',1109,2,1,2568,'C','1349900865443','2025-11-11 12:11:48'),('2025-11-11',1096,3,1,2568,'C','1349900865443','2025-11-12 10:11:28'),('2025-11-11',1097,3,1,2568,'C','1349900865443','2025-11-12 10:11:28'),('2025-11-11',1098,3,1,2568,'W','1349900865443','2025-11-12 10:11:28'),('2025-11-11',1099,3,1,2568,'C','1349900865443','2025-11-12 10:11:28'),('2025-11-12',1102,2,1,2568,'C','1349900865443','2025-11-12 10:11:11'),('2025-11-12',1103,2,1,2568,'C','1349900865443','2025-11-12 10:11:11'),('2025-11-12',1104,2,1,2568,'C','1349900865443','2025-11-12 10:11:11'),('2025-11-12',1105,2,1,2568,'C','1349900865443','2025-11-12 10:11:11'),('2025-11-12',1106,2,1,2568,'W','1349900865443','2025-11-12 10:11:11'),('2025-11-12',1107,2,1,2568,'C','1349900865443','2025-11-12 10:11:11'),('2025-11-12',1108,2,1,2568,'W','1349900865443','2025-11-12 10:11:11'),('2025-11-12',1109,2,1,2568,'C','1349900865443','2025-11-12 10:11:11'),('2025-11-12',1096,3,1,2568,'C','1349900865443','2025-11-12 10:11:18'),('2025-11-12',1097,3,1,2568,'C','1349900865443','2025-11-12 10:11:18'),('2025-11-12',1098,3,1,2568,'W','1349900865443','2025-11-12 10:11:18'),('2025-11-12',1099,3,1,2568,'C','1349900865443','2025-11-12 10:11:18'),('2025-11-13',1102,2,1,2568,'C','1349900865443','2025-11-13 10:11:05'),('2025-11-13',1103,2,1,2568,'C','1349900865443','2025-11-13 10:11:05'),('2025-11-13',1104,2,1,2568,'C','1349900865443','2025-11-13 10:11:05'),('2025-11-13',1105,2,1,2568,'C','1349900865443','2025-11-13 10:11:05'),('2025-11-13',1106,2,1,2568,'C','1349900865443','2025-11-13 10:11:05'),('2025-11-13',1107,2,1,2568,'C','1349900865443','2025-11-13 10:11:05'),('2025-11-13',1108,2,1,2568,'C','1349900865443','2025-11-13 10:11:05'),('2025-11-13',1109,2,1,2568,'C','1349900865443','2025-11-13 10:11:05'),('2025-11-13',1096,3,1,2568,'C','1349900865443','2025-11-13 10:11:14'),('2025-11-13',1097,3,1,2568,'C','1349900865443','2025-11-13 10:11:14'),('2025-11-13',1098,3,1,2568,'W','1349900865443','2025-11-13 10:11:14'),('2025-11-13',1099,3,1,2568,'C','1349900865443','2025-11-13 10:11:14'),('2025-11-14',1102,2,1,2568,'C','1349900865443','2025-11-14 09:11:38'),('2025-11-14',1103,2,1,2568,'C','1349900865443','2025-11-14 09:11:38'),('2025-11-14',1104,2,1,2568,'C','1349900865443','2025-11-14 09:11:38'),('2025-11-14',1105,2,1,2568,'C','1349900865443','2025-11-14 09:11:38'),('2025-11-14',1106,2,1,2568,'C','1349900865443','2025-11-14 09:11:38'),('2025-11-14',1107,2,1,2568,'C','1349900865443','2025-11-14 09:11:38'),('2025-11-14',1108,2,1,2568,'C','1349900865443','2025-11-14 09:11:38'),('2025-11-14',1109,2,1,2568,'C','1349900865443','2025-11-14 09:11:38'),('2025-11-14',1096,3,1,2568,'C','1349900865443','2025-11-14 09:11:46'),('2025-11-14',1097,3,1,2568,'C','1349900865443','2025-11-14 09:11:46'),('2025-11-14',1098,3,1,2568,'C','1349900865443','2025-11-14 09:11:46'),('2025-11-14',1099,3,1,2568,'C','1349900865443','2025-11-14 09:11:46'),('2025-11-17',1102,2,1,2568,'C','1349900865443','2025-11-17 02:11:33'),('2025-11-17',1103,2,1,2568,'C','1349900865443','2025-11-17 02:11:33'),('2025-11-17',1104,2,1,2568,'C','1349900865443','2025-11-17 02:11:33'),('2025-11-17',1105,2,1,2568,'C','1349900865443','2025-11-17 02:11:33'),('2025-11-17',1106,2,1,2568,'W','1349900865443','2025-11-17 02:11:33'),('2025-11-17',1107,2,1,2568,'C','1349900865443','2025-11-17 02:11:33'),('2025-11-17',1108,2,1,2568,'W','1349900865443','2025-11-17 02:11:33'),('2025-11-17',1109,2,1,2568,'C','1349900865443','2025-11-17 02:11:33'),('2025-11-17',1096,3,1,2568,'C','1349900865443','2025-11-17 02:11:37'),('2025-11-17',1097,3,1,2568,'C','1349900865443','2025-11-17 02:11:37'),('2025-11-17',1098,3,1,2568,'C','1349900865443','2025-11-17 02:11:37'),('2025-11-17',1099,3,1,2568,'C','1349900865443','2025-11-17 02:11:37'),('2025-11-18',1102,2,1,2568,'C','1349900865443','2025-11-19 09:11:16'),('2025-11-18',1103,2,1,2568,'C','1349900865443','2025-11-19 09:11:16'),('2025-11-18',1104,2,1,2568,'C','1349900865443','2025-11-19 09:11:16'),('2025-11-18',1105,2,1,2568,'C','1349900865443','2025-11-19 09:11:16'),('2025-11-18',1106,2,1,2568,'W','1349900865443','2025-11-19 09:11:16'),('2025-11-18',1107,2,1,2568,'C','1349900865443','2025-11-19 09:11:16'),('2025-11-18',1108,2,1,2568,'W','1349900865443','2025-11-19 09:11:16'),('2025-11-18',1109,2,1,2568,'C','1349900865443','2025-11-19 09:11:16'),('2025-11-18',1096,3,1,2568,'C','1349900865443','2025-11-18 10:11:44'),('2025-11-18',1097,3,1,2568,'C','1349900865443','2025-11-18 10:11:44'),('2025-11-18',1098,3,1,2568,'C','1349900865443','2025-11-18 10:11:44'),('2025-11-18',1099,3,1,2568,'C','1349900865443','2025-11-18 10:11:44'),('2025-11-19',1102,2,1,2568,'C','1349900865443','2025-11-19 09:11:06'),('2025-11-19',1103,2,1,2568,'C','1349900865443','2025-11-19 09:11:06'),('2025-11-19',1104,2,1,2568,'C','1349900865443','2025-11-19 09:11:06'),('2025-11-19',1105,2,1,2568,'C','1349900865443','2025-11-19 09:11:06'),('2025-11-19',1106,2,1,2568,'W','1349900865443','2025-11-19 09:11:06'),('2025-11-19',1107,2,1,2568,'C','1349900865443','2025-11-19 09:11:06'),('2025-11-19',1108,2,1,2568,'W','1349900865443','2025-11-19 09:11:06'),('2025-11-19',1109,2,1,2568,'C','1349900865443','2025-11-19 09:11:06'),('2025-11-19',1096,3,1,2568,'C','1349900865443','2025-11-19 09:11:21'),('2025-11-19',1097,3,1,2568,'C','1349900865443','2025-11-19 09:11:21'),('2025-11-19',1098,3,1,2568,'C','1349900865443','2025-11-19 09:11:21'),('2025-11-19',1099,3,1,2568,'C','1349900865443','2025-11-19 09:11:21'),('2025-11-20',1102,2,1,2568,'C','1349900865443','2025-11-20 10:11:00'),('2025-11-20',1103,2,1,2568,'C','1349900865443','2025-11-20 10:11:00'),('2025-11-20',1104,2,1,2568,'C','1349900865443','2025-11-20 10:11:00'),('2025-11-20',1105,2,1,2568,'C','1349900865443','2025-11-20 10:11:00'),('2025-11-20',1106,2,1,2568,'C','1349900865443','2025-11-20 10:11:00'),('2025-11-20',1107,2,1,2568,'C','1349900865443','2025-11-20 10:11:00'),('2025-11-20',1108,2,1,2568,'C','1349900865443','2025-11-20 10:11:00'),('2025-11-20',1109,2,1,2568,'C','1349900865443','2025-11-20 10:11:00'),('2025-11-20',1096,3,1,2568,'C','1349900865443','2025-11-20 10:11:04'),('2025-11-20',1097,3,1,2568,'C','1349900865443','2025-11-20 10:11:04'),('2025-11-20',1098,3,1,2568,'C','1349900865443','2025-11-20 10:11:04'),('2025-11-20',1099,3,1,2568,'C','1349900865443','2025-11-20 10:11:04'),('2025-11-21',1102,2,1,2568,'C','1349900865443','2025-11-21 12:11:11'),('2025-11-21',1103,2,1,2568,'C','1349900865443','2025-11-21 12:11:11'),('2025-11-21',1104,2,1,2568,'C','1349900865443','2025-11-21 12:11:11'),('2025-11-21',1105,2,1,2568,'C','1349900865443','2025-11-21 12:11:11'),('2025-11-21',1106,2,1,2568,'C','1349900865443','2025-11-21 12:11:11'),('2025-11-21',1107,2,1,2568,'C','1349900865443','2025-11-21 12:11:11'),('2025-11-21',1108,2,1,2568,'C','1349900865443','2025-11-21 12:11:11'),('2025-11-21',1109,2,1,2568,'C','1349900865443','2025-11-21 12:11:11'),('2025-11-21',1096,3,1,2568,'C','1349900865443','2025-11-21 12:11:15'),('2025-11-21',1097,3,1,2568,'C','1349900865443','2025-11-21 12:11:15'),('2025-11-21',1098,3,1,2568,'C','1349900865443','2025-11-21 12:11:15'),('2025-11-21',1099,3,1,2568,'C','1349900865443','2025-11-21 12:11:15'),('2025-11-24',1102,2,1,2568,'C','1349900865443','2025-11-24 12:11:56'),('2025-11-24',1103,2,1,2568,'C','1349900865443','2025-11-24 12:11:56'),('2025-11-24',1104,2,1,2568,'C','1349900865443','2025-11-24 12:11:56'),('2025-11-24',1105,2,1,2568,'C','1349900865443','2025-11-24 12:11:56'),('2025-11-24',1106,2,1,2568,'C','1349900865443','2025-11-24 12:11:56'),('2025-11-24',1107,2,1,2568,'C','1349900865443','2025-11-24 12:11:56'),('2025-11-24',1108,2,1,2568,'C','1349900865443','2025-11-24 12:11:56'),('2025-11-24',1109,2,1,2568,'C','1349900865443','2025-11-24 12:11:56'),('2025-11-24',1096,3,1,2568,'C','1349900865443','2025-11-24 12:11:00'),('2025-11-24',1097,3,1,2568,'C','1349900865443','2025-11-24 12:11:00'),('2025-11-24',1098,3,1,2568,'C','1349900865443','2025-11-24 12:11:00'),('2025-11-24',1099,3,1,2568,'C','1349900865443','2025-11-24 12:11:00'),('2025-11-25',1102,2,1,2568,'C','1349900865443','2025-11-25 11:11:27'),('2025-11-25',1103,2,1,2568,'C','1349900865443','2025-11-25 11:11:27'),('2025-11-25',1104,2,1,2568,'C','1349900865443','2025-11-25 11:11:27'),('2025-11-25',1105,2,1,2568,'C','1349900865443','2025-11-25 11:11:27'),('2025-11-25',1106,2,1,2568,'C','1349900865443','2025-11-25 11:11:27'),('2025-11-25',1107,2,1,2568,'C','1349900865443','2025-11-25 11:11:27'),('2025-11-25',1108,2,1,2568,'C','1349900865443','2025-11-25 11:11:27'),('2025-11-25',1109,2,1,2568,'C','1349900865443','2025-11-25 11:11:27'),('2025-11-25',1096,3,1,2568,'C','1349900865443','2025-11-25 11:11:32'),('2025-11-25',1097,3,1,2568,'C','1349900865443','2025-11-25 11:11:32'),('2025-11-25',1098,3,1,2568,'C','1349900865443','2025-11-25 11:11:32'),('2025-11-25',1099,3,1,2568,'C','1349900865443','2025-11-25 11:11:32');

--
-- Table structure for table `student_check_permission`
--

CREATE TABLE `student_check_permission` (
  `class_now` tinyint(4) NOT NULL,
  `room_now` tinyint(4) NOT NULL,
  `person_id` varchar(13) NOT NULL,
  `student_check_year` int(11) NOT NULL
) ENGINE=MyISAM DEFAULT CHARSET=utf8 COLLATE=utf8_general_ci;

--
-- Dumping data for table `student_check_permission`
--

INSERT INTO `student_check_permission` VALUES (2,1,'3349900195126',2557),(3,1,'3349900195126',2557),(5,1,'5419990012102',2557),(4,1,'3342000207407',2566),(7,1,'3349900573139',2557),(8,1,'3349900573139',2557),(9,1,'5419990012102',2557),(4,1,'1341500051298',2557),(3,1,'1341500090005',2561),(4,1,'3342000207407',2561),(6,1,'3451000805345',2561),(7,1,'3349900573139',2561),(8,1,'3349900573139',2561),(9,1,'5419990012102',2561),(8,1,'1342200061957',2561),(3,1,'1342200061957',2561),(4,1,'1342200061957',2561),(6,1,'1342200061957',2561),(7,1,'1342200061957',2561),(9,1,'1342200061957',2561),(2,1,'1349900865443',2565),(8,1,'3349900573139',2565),(5,0,'3451000805345',2561),(6,1,'1340700275482',2565),(7,0,'3349900573139',2561),(8,0,'3349900573139',2561),(4,1,'3342000207407',2568),(2,0,'1342200061957',2561),(3,0,'1342200061957',2561),(4,0,'1342200061957',2561),(5,0,'1342200061957',2561),(6,0,'1342200061957',2561),(7,0,'1342200061957',2561),(8,0,'1342200061957',2561),(9,0,'1342200061957',2561),(4,0,'3342000207407',2562),(7,1,'3349900573139',2565),(5,0,'5419990012102',2562),(6,0,'5419990012102',2562),(7,0,'3349900573139',2562),(8,0,'3349900573139',2562),(9,0,'3451000805345',2562),(2,1,'1341500090005',2563),(7,0,'1341500090005',2564),(4,0,'3342000207407',2563),(5,0,'3451000805345',2563),(5,1,'3342000207407',2567),(7,0,'3349900573139',2563),(8,0,'3349900573139',2563),(9,1,'1340700275482',2565),(3,0,'1349900865443',2564),(6,0,'1341500090005',2564),(4,0,'3342000207407',2564),(5,0,'3342000207407',2564),(4,1,'3342000207407',2565),(3,1,'1349900865443',2565),(8,0,'3349900573139',2564),(2,0,'1349900865443',2564),(9,0,'3349900573139',2564),(2,0,'1349900865443',2566),(3,1,'1349900865443',2566),(5,1,'1341500049765',2568),(7,1,'3349900573139',2566),(8,1,'1340700275482',2566),(9,1,'1340700275482',2566),(2,1,'1349900865443',2566),(2,1,'1349900865443',2567),(3,1,'1349900865443',2567),(4,1,'3342000207407',2567),(3,1,'1349900865443',2568),(7,1,'3349900573139',2567),(8,1,'1340700275482',2567),(9,1,'1340700275482',2567),(2,0,'1349900865443',2567),(6,1,'1341500049765',2567),(6,1,'1341500049765',2568),(7,1,'3349900573139',2568),(8,1,'1340700275482',2568),(9,1,'1340700275482',2568),(2,1,'1349900865443',2568);

--
-- Table structure for table `student_check_year`
--

CREATE TABLE `student_check_year` (
  `id` int(11) NOT NULL AUTO_INCREMENT,
  `student_check_year` int(11) NOT NULL,
  `year_active` tinyint(1) NOT NULL,
  PRIMARY KEY (`id`),
  UNIQUE KEY `student_check_year` (`student_check_year`)
) ENGINE=MyISAM AUTO_INCREMENT=10 DEFAULT CHARSET=utf8 COLLATE=utf8_general_ci;

--
-- Dumping data for table `student_check_year`
--

INSERT INTO `student_check_year` VALUES (1,2557,0),(2,2561,0),(3,2562,0),(4,2563,0),(5,2564,0),(6,2565,0),(7,2566,0),(8,2567,0),(9,2568,1);

--
-- Table structure for table `student_main`
--

CREATE TABLE `student_main` (
  `id` int(11) NOT NULL AUTO_INCREMENT,
  `student_id` varchar(7) NOT NULL,
  `student_number` int(11) DEFAULT NULL,
  `prename` varchar(20) NOT NULL,
  `name` varchar(50) NOT NULL,
  `surname` varchar(50) NOT NULL,
  `person_id` varchar(20) DEFAULT NULL,
  `sex` tinyint(4) NOT NULL DEFAULT 0,
  `pic` varchar(150) DEFAULT NULL,
  `class_now` tinyint(4) DEFAULT NULL,
  `room` tinyint(4) NOT NULL DEFAULT 0,
  `status` tinyint(4) NOT NULL DEFAULT 0,
  `out_edyear` int(11) DEFAULT NULL,
  `officer` varchar(13) NOT NULL,
  `rec_date` date NOT NULL,
  PRIMARY KEY (`id`),
  UNIQUE KEY `student_number` (`student_id`),
  KEY `class_now` (`class_now`),
  KEY `room` (`room`)
) ENGINE=MyISAM AUTO_INCREMENT=200 DEFAULT CHARSET=utf8 COLLATE=utf8_general_ci;

--
-- Dumping data for table `student_main`
--

INSERT INTO `student_main` VALUES (115,'986',2,'เด็กชาย','ณัฐวุฒิ','พิมพ์สุวรรณ','1341501509361',1,NULL,9,0,1,2563,'1342200061957','2019-03-11'),(108,'1019',5,'เด็กชาย','อชิระ','ภักดีโชติ','1149901108923',1,NULL,9,1,1,2564,'1342200061957','2019-03-11'),(107,'1004',3,'เด็กชาย','ศรายุธ','ปาณีวัฒน์','1347600036385',1,NULL,9,1,1,2564,'1342200061957','2019-03-11'),(106,'1000',4,'เด็กชาย','บัญญวัต','ขันรักษา','1347600041052',1,NULL,7,0,2,2562,'1342200061957','2019-03-11'),(105,'1002',3,'เด็กชาย','พงศกร','สัมมาวงค์','1349901688472',1,NULL,7,0,2,2562,'1342200061957','2019-03-11'),(104,'1033',2,'เด็กชาย','ภานุพัฒน์','ปาณีวัฒน์','1341501512434',1,NULL,9,1,1,2564,'1342200061957','2019-03-11'),(101,'1018',8,'เด็กหญิง','พีชฎารัตน์','นามะลี','1341501530971',2,NULL,9,1,1,2565,'1342200061957','2019-03-11'),(102,'1013',9,'เด็กหญิง','พิราวรรณ์','เครือแก้ว','1341501520917',2,NULL,9,1,1,2565,'1342200061957','2019-03-11'),(103,'1001',1,'เด็กชาย','ปัณณวิชญ์','พานิชการ','1341501518904',1,NULL,9,1,1,2564,'1342200061957','2019-03-11'),(114,'988',1,'เด็กชาย','อดิศร','พิลาอาจ','1347600029010',1,NULL,9,0,1,2563,'1342200061957','2019-03-11'),(113,'1009',4,'เด็กหญิง','หนึ่งฤทัย','พุฒเคน','1347600035818',2,NULL,9,1,1,2564,'1342200061957','2019-03-11'),(112,'1007',9,'เด็กหญิง','พิมพ์ลภัส','จันทร์เลื่อน','1349901650394',2,NULL,9,1,1,2564,'1342200061957','2019-03-11'),(111,'1006',7,'เด็กหญิง','ชนันธิดา','รักษาภักดี','1449900931925',2,NULL,9,1,1,2564,'1342200061957','2019-03-11'),(110,'1035',6,'เด็กชาย','ศุภกิจ','เนตรพันทอง','1349901680366',1,NULL,9,1,1,2564,'1342200061957','2019-03-11'),(109,'998',8,'เด็กชาย','กวินเทพ','วังคะฮาต','1341501518866',1,NULL,9,1,1,2564,'1342200061957','2019-03-11'),(100,'1012',7,'เด็กหญิง','ปาลิดา','ปราณีวัฒน์','1341501524611',2,NULL,9,1,1,2565,'1342200061957','2019-03-11'),(99,'1015',6,'เด็กหญิง','ณัฐธิดา','เลขะสันต์','1341501529558',2,NULL,9,1,1,2565,'1342200061957','2019-03-11'),(98,'1014',5,'เด็กหญิง','ชีระนัฐณ์','สาเสนา','1347600046496',2,NULL,9,1,1,2565,'1342200061957','2019-03-11'),(97,'1011',4,'เด็กชาย','มงคล','เฉยดี','1341501522758',1,NULL,9,1,1,2565,'1342200061957','2019-03-11'),(96,'1010',3,'เด็กชาย','เกียรติศักดิ์','มาลีศรี','1349901701118',1,NULL,9,1,1,2565,'1342200061957','2019-03-11'),(95,'1017',2,'เด็กชาย','ปรเมศวร์','กันหาบุตร','1379900459330',1,NULL,9,1,1,2565,'1342200061957','2019-03-11'),(94,'1022',1,'เด็กชาย','ตะวันชัย','แก้วคำชาติ','1341501520461',1,NULL,9,1,1,2565,'1342200061957','2019-03-11'),(93,'1031',7,'เด็กหญิง','วรัญญา','กมลนันท์','1341501536767',2,NULL,9,1,1,2566,'1342200061957','2019-03-11'),(92,'1028',8,'เด็กหญิง','ชุติมา','ทองเงิน','1341501533512',2,NULL,8,1,2,2565,'1342200061957','2019-03-11'),(91,'1027',6,'เด็กหญิง','กมลชนก','บุญสิม','1347600065008',2,NULL,9,1,1,2566,'1342200061957','2019-03-11'),(90,'1030',5,'เด็กหญิง','ปภัสสร','จันทร์นิล','1341501541523',2,NULL,9,1,1,2566,'1342200061957','2019-03-11'),(89,'1029',4,'เด็กหญิง','ทิพธิดา','มาลีศรี','1341501536406',2,NULL,9,1,1,2566,'1342200061957','2019-03-11'),(87,'1023',3,'เด็กชาย','ชานนท์','โซ่ทองกุล','1341501537534',1,NULL,9,1,1,2566,'1342200061957','2019-03-11'),(86,'1025',2,'เด็กชาย','อนุชิต','บุญอาสา','1749901427985',1,NULL,9,1,1,2566,'1342200061957','2019-03-11'),(85,'1024',1,'เด็กชาย','ปัณณวัฒน์','พานิชการ','1341501542414',1,NULL,9,1,1,2566,'1342200061957','2019-03-11'),(159,'1070',1,'เด็กชาย','ปดิวรัต','คำผาย','1349902163497',1,'',6,1,0,NULL,'1342200061957','2021-05-13'),(83,'1043',3,'เด็กหญิง','อรมณี','ทวี','1347600073965',2,NULL,9,1,1,2567,'1342200061957','2019-03-11'),(137,'1053',3,'เด็กชาย','ณัฐภูมิ','สายใจ','1347600104406',1,'',5,1,2,2565,'1342200061957','2019-04-19'),(82,'1042',2,'เด็กหญิง','อภิญญา','มาลีศรี','1347600079831',2,NULL,9,1,1,2567,'1342200061957','2019-03-11'),(136,'1052',1,'เด็กชาย','ณภัทร','บุญสิม','1349902000598',1,'',8,1,0,NULL,'1342200061957','2019-04-19'),(80,'1040',1,'เด็กชาย','ศุภณัฐ','สนสุวรรณ','1341501549389',1,NULL,9,1,1,2567,'1342200061957','2019-03-11'),(78,'1038',4,'เด็กชาย','พุทธพรหม','วงษาเคน','1347600075658',1,NULL,9,1,1,2567,'1342200061957','2019-03-11'),(77,'1037',1,'เด็กชาย','ประกาศิต','สมรูป','1341501552738',1,NULL,9,1,2,2567,'1342200061957','2019-03-11'),(76,'1050',2,'เด็กหญิง','วิยะดา','เลขะสันต์','1341501567069',2,NULL,9,1,0,NULL,'1342200061957','2019-03-11'),(75,'1049',4,'เด็กชาย','วายุ','ทองเงิน','1341501556601',1,NULL,5,1,2,2564,'1342200061957','2019-03-11'),(74,'1048',2,'เด็กชาย','จิรวัฒน์','ทางาม','1349901946633',1,NULL,4,0,2,2563,'1342200061957','2019-03-11'),(73,'1047',1,'เด็กชาย','กฤษฎา','ผลอินทร์','1349901933230',1,NULL,9,1,0,NULL,'1342200061957','2019-03-11'),(116,'987',3,'เด็กชาย','แสงชัย','จั้นพลแสน','1102004063529',1,NULL,9,0,1,2563,'1342200061957','2019-03-11'),(117,'990',4,'เด็กหญิง','จีรนันท์','สาเสนา','1347600025804',2,NULL,9,0,1,2563,'1342200061957','2019-03-11'),(118,'989',5,'เด็กหญิง','จิรัญญา','มาลีศรี','1341501505101',2,NULL,9,0,1,2563,'1342200061957','2019-03-11'),(119,'991',6,'เด็กหญิง','พัชราวดี','เทอดไทย','1104301122432',2,NULL,9,0,1,2563,'1342200061957','2019-03-11'),(120,'997',7,'เด็กหญิง','สุดารัตน์','ไพเรืองโสม','1341501509506',2,NULL,9,0,2,2563,'1342200061957','2019-03-11'),(121,'1046',7,'เด็กหญิง','กันยากรณ์','ดำจุติ','1149901073879',2,NULL,9,0,1,2563,'1342200061957','2019-03-11'),(122,'1051',8,'เด็กหญิง','สิริทัตตา','คำผาย','1347600025979',2,NULL,9,0,1,2563,'1342200061957','2019-03-11'),(123,'983',1,'เด็กชาย','ชนวรรณ','นามะลี','1678600037321',1,NULL,9,0,1,2562,'1342200061957','2019-03-11'),(124,'1021',2,'เด็กชาย','ภานุพงษ์','ถะภูฤทธิ์','1101501368637',1,NULL,9,0,1,2562,'1342200061957','2019-03-11'),(125,'977',3,'เด็กชาย','กิตติยะ','บุญวิจิตร','1341501496421',1,NULL,9,0,1,2562,'1342200061957','2019-03-11'),(126,'981',4,'เด็กหญิง','อินทิรา','ภูตุธาตุ','1341501499772',2,NULL,9,0,1,2562,'1342200061957','2019-03-11'),(127,'980',5,'เด็กหญิง','ประภัสสร','ธาดาวงษา','1341501494975',2,NULL,9,0,1,2562,'1342200061957','2019-03-11'),(128,'979',6,'เด็กหญิง','ธิชา','นามะลี','1409903625744',2,NULL,9,0,1,2562,'1342200061957','2019-03-11'),(129,'975',1,'เด็กชาย','สงกรานต์','การเกต','1104301011835',1,NULL,9,0,1,2561,'1342200061957','2019-03-11'),(130,'973',2,'เด็กชาย','อนุชา','ภาระสันต์','1349901473271',1,NULL,9,0,1,2561,'1342200061957','2019-03-11'),(131,'971',3,'เด็กหญิง','จันทร์จิรา','สีลาที','1349901436015',2,NULL,9,0,1,2561,'1342200061957','2019-03-11'),(132,'972',4,'เด็กหญิง','ศศิธร','ศรีจันทร์','1347600010416',2,NULL,9,0,1,2561,'1342200061957','2019-03-11'),(133,'974',5,'เด็กหญิง','อนุสรา','ภาระสันต์','1349901473298',2,NULL,9,0,1,2561,'1342200061957','2019-03-11'),(134,'985',6,'เด็กหญิง','พัชรีรัชต์','สุวรรณกูฏ','1103200107127',2,NULL,9,0,1,2561,'1342200061957','2019-03-11'),(135,'976',7,'เด็กหญิง','ญาริษา','วงษาเคน','1341501489572',2,NULL,9,0,1,2561,'1342200061957','2019-03-11'),(138,'1054',3,'เด็กชาย','อภิรักษ์','สาเสนา','1349902026864',1,'',8,1,0,NULL,'1342200061957','2019-04-19'),(139,'1055',4,'เด็กหญิง','ปาริสา ','ปราณีวัฒน์','1341501567581',2,'',8,1,0,NULL,'1342200061957','2019-04-19'),(140,'1056',5,'เด็กหญิง','เปรมฤดี','สายทากุล','1341501577226',2,'',4,0,2,2564,'1342200061957','2019-04-19'),(141,'1057',5,'เด็กหญิง','ภัทรินย์','ถะภูฤทธิ์','1118700284294',2,'',8,1,0,NULL,'1342200061957','2019-04-19'),(142,'1058',6,'เด็กหญิง','เมลดา','ปาณีวัฒน์','1341501578044',2,'',8,1,0,NULL,'1342200061957','2019-04-19'),(144,'1059',10,'เด็กชาย','ภัทรพล','พรมสว่าง','1341501508046',1,'',9,1,1,2564,'1342200061957','2019-06-07'),(147,'1062',1,'เด็กชาย','ธนพร','แก้วคำ','1341501584621',1,'',7,1,0,NULL,'1349900865443','2020-05-29'),(148,'1063',2,'เด็กชาย','อนพัชร','เพริศแก้ว','1341501590494',1,'',7,1,0,NULL,'1349900865443','2020-05-29'),(160,'1071',2,'เด็กชาย','รุ่งพิชิต','สิงห์สู่','1341501604436',1,'',6,1,0,NULL,'1342200061957','2021-05-13'),(150,'1064',3,'เด็กหญิง','กวินตรา','วังคะฮาต','1341501590419',2,'',7,1,0,NULL,'1349900865443','2020-05-29'),(151,'1065',4,'เด็กหญิง','เขมิกา','สาเสนา','1341501592063',2,'',5,1,2,2566,'1349900865443','2020-05-29'),(152,'1066',4,'เด็กหญิง','นิภาพร','ปราณีวัฒน์','1347600108718',2,'',7,1,0,NULL,'1342200061957','2020-05-29'),(153,'1067',5,'เด็กหญิง','ปภาวริณท์','ทองเล็ก','1419903135178',2,'',7,1,0,NULL,'1342200061957','2020-05-29'),(158,'1069',7,'เด็กหญิง','การต์พิชชา','บุญอาสา','1118700274604',2,'',8,1,0,NULL,'1342200061957','2020-06-19'),(155,'1068',7,'เด็กหญิง','สุกัญญา','ฉิมนอก','1341500097233',2,'',3,1,2,2564,'1349900865443','2020-05-29'),(156,'1060',2,'เด็กชาย','ณัฐวัฒน์','พรมสว่าง','1810800163916',1,'',8,1,0,0,'1342200061957','2020-06-08'),(157,'1061',10,'เด็กชาย','อภิวัฒน์','พรมสว่าง','1342600068304',1,'',9,1,1,2565,'1342200061957','2020-06-08'),(161,'1072',3,'เด็กชาย','วิระชัด','ใจงาม','1341501609241',1,'',6,1,0,NULL,'1342200061957','2021-05-13'),(162,'1073',4,'เด็กหญิง','จารุกร','บุญมา','1341501599149',2,'',6,1,0,NULL,'1342200061957','2021-05-13'),(163,'1074',5,'เด็กหญิง','มินรดา','พิมพะนาม','1341501595941',2,'',4,1,1,2565,'1342200061957','2021-05-13'),(164,'1075',5,'เด็กหญิง','วทิยาพัชร์','ปัญญา','1341501606731',2,'',6,1,0,NULL,'1342200061957','2021-05-13'),(165,'1076',8,'เด็กชาย','อนันตโชค','บุญสอน','1349901800744',1,'',9,1,1,2566,'1342200061957','2021-06-15'),(166,'1077',9,'เด็กชาย','ไชยวัฒน์ ','จะเรตรัมย์','1100401725429',1,'',4,0,2,2564,'1342200061957','2021-08-02'),(167,'1078',3,'เด็กชาย','วรเวช','แผ่นทอง','1110301581077',1,'',9,1,0,NULL,'1342200061957','2021-09-20'),(168,'1079',1,'เด็กชาย','อนวัช','เพริศแก้ว','1341501610568',1,'',5,1,0,NULL,'1342200061957','2022-04-20'),(169,'1080',2,'เด็กหญิง','สุธิดา','สิมาทอง','1341501610606',2,'',3,1,2,2566,'1342200061957','2022-04-20'),(170,'1081',2,'เด็กหญิง','เทวะสตรี','มุทุวงษ์','1341501616540',2,'',4,1,2,2567,'1342200061957','2022-04-20'),(171,'1082',6,'เด็กชาย','อาทิตย์','งามศักดิ์','1250801150325',1,'',7,1,0,NULL,'1342200061957','2022-04-27'),(172,'1083',8,'เด็กหญิง','ณฤมล','ราชภักดี','1341501570566',2,'',7,1,2,2567,'1342200061957','2022-05-06'),(173,'1034',9,'เด็กหญิง','สาธิตา','วงษาเคน','1341501537950',2,'',9,1,1,2566,'1342200061957','2022-05-20'),(174,'1084',8,'เด็กชาย','ธนวรรธน์','ทาเงิน','1341501582734',1,'',5,1,2,2566,'1342200061957','2022-06-09'),(175,'1085',1,'เด็กชาย','กิตติศักดิ์','สมรูป','1749901686654',1,'',4,1,0,NULL,'1349900865443','2023-04-19'),(176,'1086',2,'เด็กชาย','ณัฐวัฒน์','มะลาม','1349902259265',1,'',4,1,0,NULL,'1349900865443','2023-04-19'),(177,'1087',3,'เด็กชาย','อภิมงคล','พิมสุวรรณ','1347600147039',1,'',4,1,0,NULL,'1349900865443','2023-04-19'),(178,'1088',4,'เด็กชาย','อธิวัฒน์','กุดสาจารย์','1341501639019',1,'',4,1,0,NULL,'1349900865443','2023-04-19'),(179,'1089',5,'เด็กหญิง','ธัญญารัตน์','นามะลี','1119903037331',2,'',4,1,0,NULL,'1349900865443','2023-04-19'),(180,'1090',6,'เด็กหญิง','ธิติมา','แท่นทอง','1341501632758',2,'',4,1,0,NULL,'1349900865443','2023-04-19'),(181,'1091',7,'เด็กหญิง','วิชญาพร','ราชภักดี','1341501632936',2,'',4,1,0,NULL,'1349900865443','2023-04-19'),(182,'1092',8,'เด็กหญิง','นิพาดา','ดาลุน','1349902249901',2,'',4,1,2,2568,'1349900865443','2023-04-19'),(183,'1093',9,'เด็กหญิง','ชนิกานต์','คำมีมา','1349902267004',2,'',4,1,0,NULL,'1349900865443','2023-04-19'),(184,'1094',10,'เด็กหญิง','วีระดา','เลขะสันต์','1341501642893',2,'',4,1,0,NULL,'1349900865443','2023-04-19'),(185,'1095',11,'เด็กหญิง','นันทิดา','พรมสว่าง','1341501637288',2,'',4,1,0,NULL,'1349900865443','2023-04-19'),(186,'1097',2,'เด็กชาย','นัฐวุฒิ','อาริภู','1347600155546',1,'',3,1,0,NULL,'1342200061957','2024-05-21'),(187,'1098',3,'เด็กชาย','วายุภัทร','รักษาภักดี','1341501649405',1,'',3,1,0,NULL,'1349900865443','2024-05-21'),(188,'1096',1,'เด็กชาย','กฤตยา','เสาะใส','1341501653488',1,'',3,1,0,NULL,'1349900865443','2024-05-21'),(189,'1099',4,'เด็กหญิง','สุชาฎา','กิ่งมาลา','1341501651736',2,'',3,1,0,NULL,'1349900865443','2024-05-21'),(190,'1100',6,'เด็กชาย','ธนาโชติ','สาระการ','1341501603600',1,'',6,1,0,NULL,'1342200061957','2024-05-29'),(191,'1101',11,'เด็กชาย','ธนาธิป','อยู่รอย','1341501641960',1,'',4,1,0,NULL,'1342200061957','2025-05-20'),(192,'1102',1,'เด็กชาย','ธนภัทร','ปาณีวัฒน์','1346400003741',1,'',2,1,0,NULL,'1342200061957','2025-05-20'),(193,'1103',2,'เด็กชาย','ธีรวัฒน์','เชื้อสา','1346400002303',1,'',2,1,0,NULL,'1342200061957','2025-05-20'),(194,'1104',3,'เด็กชาย','พิชญะ','ลาประดิษฐ์','1346400003539',1,'',2,1,0,NULL,'1342200061957','2025-05-20'),(195,'1105',4,'เด็กหญิง','กัลยารัตน์','พรมสว่าง','1346400004365',2,'',2,1,0,NULL,'1342200061957','2025-05-20'),(196,'1106',5,'เด็กหญิง','ฐิรญา','พรมสว่าง','1346400001081',2,'',2,1,0,NULL,'1342200061957','2025-05-20'),(197,'1107',6,'เด็กหญิง','ณัฏฐณิชา','มะลาม','1346400012104',2,'',2,1,0,NULL,'1342200061957','2025-05-20'),(198,'1108',7,'เด็กหญิง','ณัฏฐากร','พรมสว่าง','1346400001099',2,'',2,1,0,NULL,'1342200061957','2025-05-20'),(199,'1109',8,'เด็กหญิง','วรนุช','ปาณีวัฒน์','1346400001609',2,'',2,1,0,NULL,'1342200061957','2025-05-20');

--
-- Table structure for table `student_main_class`
--

CREATE TABLE `student_main_class` (
  `id` int(11) NOT NULL AUTO_INCREMENT,
  `class_code` tinyint(4) NOT NULL,
  `class_name` varchar(150) NOT NULL,
  PRIMARY KEY (`id`),
  UNIQUE KEY `class_code` (`class_code`)
) ENGINE=MyISAM AUTO_INCREMENT=10 DEFAULT CHARSET=utf8 COLLATE=utf8_general_ci;

--
-- Dumping data for table `student_main_class`
--

INSERT INTO `student_main_class` VALUES (1,1,'อนุบาล 1(3ปี)'),(2,2,'อนุบาล 2'),(3,4,'ประถมศึกษาปีที่ 1'),(4,5,'ประถมศึกษาปีที่ 2'),(5,6,'ประถมศึกษาปีที่ 3'),(6,7,'ประถมศึกษาปีที่ 4'),(7,8,'ประถมศึกษาปีที่ 5'),(8,9,'ประถมศึกษาปีที่ 6'),(9,3,'อนุบาล 3');

--
-- Table structure for table `student_main_classlog`
--

CREATE TABLE `student_main_classlog` (
  `id` int(11) NOT NULL AUTO_INCREMENT,
  `ed_year` int(11) NOT NULL,
  `student_id` varchar(7) NOT NULL,
  `student_number` int(11) DEFAULT NULL,
  `class_code` tinyint(4) NOT NULL,
  `room` tinyint(4) DEFAULT 0,
  `officer` varchar(13) NOT NULL,
  `rec_date` date NOT NULL,
  PRIMARY KEY (`id`)
) ENGINE=MyISAM AUTO_INCREMENT=616 DEFAULT CHARSET=utf8 COLLATE=utf8_general_ci;

--
-- Dumping data for table `student_main_classlog`
--

INSERT INTO `student_main_classlog` VALUES (1,2556,'1000',0,2,1,'3349900573139','2014-10-16'),(2,2556,'1001',0,2,1,'3349900573139','2014-10-16'),(3,2556,'1002',0,2,1,'3349900573139','2014-10-16'),(4,2556,'1003',0,2,1,'3349900573139','2014-10-16'),(5,2556,'1004',0,2,1,'3349900573139','2014-10-16'),(6,2556,'1005',0,2,1,'3349900573139','2014-10-16'),(7,2556,'1006',0,2,1,'3349900573139','2014-10-16'),(8,2556,'1007',0,2,1,'3349900573139','2014-10-16'),(9,2556,'1008',0,2,1,'3349900573139','2014-10-16'),(10,2556,'1009',0,2,1,'3349900573139','2014-10-16'),(11,2556,'998',0,2,1,'3349900573139','2014-10-16'),(12,2556,'999',0,2,1,'3349900573139','2014-10-16'),(13,2556,'986',0,3,1,'3349900573139','2014-10-16'),(14,2556,'987',0,3,1,'3349900573139','2014-10-16'),(15,2556,'988',0,3,1,'3349900573139','2014-10-16'),(16,2556,'989',0,3,1,'3349900573139','2014-10-16'),(17,2556,'990',0,3,1,'3349900573139','2014-10-16'),(18,2556,'991',0,3,1,'3349900573139','2014-10-16'),(19,2556,'996',0,3,1,'3349900573139','2014-10-16'),(20,2556,'997',0,3,1,'3349900573139','2014-10-16'),(21,2556,'977',0,4,1,'3349900573139','2014-10-16'),(22,2556,'980',0,4,1,'3349900573139','2014-10-16'),(23,2556,'981',0,4,1,'3349900573139','2014-10-16'),(24,2556,'983',0,4,1,'3349900573139','2014-10-16'),(25,2556,'971',0,5,1,'3349900573139','2014-10-16'),(26,2556,'972',0,5,1,'3349900573139','2014-10-16'),(27,2556,'973',0,5,1,'3349900573139','2014-10-16'),(28,2556,'974',0,5,1,'3349900573139','2014-10-16'),(29,2556,'975',0,5,1,'3349900573139','2014-10-16'),(30,2556,'976',0,5,1,'3349900573139','2014-10-16'),(31,2556,'985',0,5,1,'3349900573139','2014-10-16'),(32,2556,'962',0,6,1,'3349900573139','2014-10-16'),(33,2556,'963',0,6,1,'3349900573139','2014-10-16'),(34,2556,'964',0,6,1,'3349900573139','2014-10-16'),(35,2556,'965',0,6,1,'3349900573139','2014-10-16'),(36,2556,'966',0,6,1,'3349900573139','2014-10-16'),(37,2556,'967',0,6,1,'3349900573139','2014-10-16'),(38,2556,'968',0,6,1,'3349900573139','2014-10-16'),(39,2556,'946',0,7,1,'3349900573139','2014-10-16'),(40,2556,'947',0,7,1,'3349900573139','2014-10-16'),(41,2556,'948',0,7,1,'3349900573139','2014-10-16'),(42,2556,'949',0,7,1,'3349900573139','2014-10-16'),(43,2556,'950',0,7,1,'3349900573139','2014-10-16'),(44,2556,'951',0,7,1,'3349900573139','2014-10-16'),(45,2556,'952',0,7,1,'3349900573139','2014-10-16'),(46,2556,'953',0,7,1,'3349900573139','2014-10-16'),(47,2556,'954',0,7,1,'3349900573139','2014-10-16'),(48,2556,'955',0,7,1,'3349900573139','2014-10-16'),(49,2556,'956',0,7,1,'3349900573139','2014-10-16'),(50,2556,'957',0,7,1,'3349900573139','2014-10-16'),(51,2556,'958',0,7,1,'3349900573139','2014-10-16'),(52,2556,'960',0,7,1,'3349900573139','2014-10-16'),(53,2556,'961',0,7,1,'3349900573139','2014-10-16'),(54,2556,'938',0,8,1,'3349900573139','2014-10-16'),(55,2556,'939',0,8,1,'3349900573139','2014-10-16'),(56,2556,'940',0,8,1,'3349900573139','2014-10-16'),(57,2556,'941',0,8,1,'3349900573139','2014-10-16'),(58,2556,'943',0,8,1,'3349900573139','2014-10-16'),(59,2556,'944',0,8,1,'3349900573139','2014-10-16'),(60,2556,'945',0,8,1,'3349900573139','2014-10-16'),(61,2556,'984',0,8,1,'3349900573139','2014-10-16'),(62,2556,'927',0,9,1,'3349900573139','2014-10-16'),(63,2556,'928',0,9,1,'3349900573139','2014-10-16'),(64,2556,'929',0,9,1,'3349900573139','2014-10-16'),(65,2556,'930',0,9,1,'3349900573139','2014-10-16'),(66,2556,'931',0,9,1,'3349900573139','2014-10-16'),(67,2556,'932',0,9,1,'3349900573139','2014-10-16'),(68,2556,'933',0,9,1,'3349900573139','2014-10-16'),(69,2556,'934',0,9,1,'3349900573139','2014-10-16'),(70,2556,'935',0,9,1,'3349900573139','2014-10-16'),(71,2556,'970',0,9,1,'3349900573139','2014-10-16'),(72,2556,'993',0,9,1,'3349900573139','2014-10-16'),(73,2557,'1000',0,2,1,'3349900573139','2015-08-09'),(74,2557,'1001',0,2,1,'3349900573139','2015-08-09'),(75,2557,'1002',0,2,1,'3349900573139','2015-08-09'),(76,2557,'1003',0,2,1,'3349900573139','2015-08-09'),(77,2557,'1004',0,2,1,'3349900573139','2015-08-09'),(78,2557,'1005',0,2,1,'3349900573139','2015-08-09'),(79,2557,'1006',0,2,1,'3349900573139','2015-08-09'),(80,2557,'1007',0,2,1,'3349900573139','2015-08-09'),(81,2557,'1008',0,2,1,'3349900573139','2015-08-09'),(82,2557,'1009',0,2,1,'3349900573139','2015-08-09'),(83,2557,'998',0,2,1,'3349900573139','2015-08-09'),(84,2557,'999',0,2,1,'3349900573139','2015-08-09'),(85,2557,'986',0,3,1,'3349900573139','2015-08-09'),(86,2557,'987',0,3,1,'3349900573139','2015-08-09'),(87,2557,'988',0,3,1,'3349900573139','2015-08-09'),(88,2557,'989',0,3,1,'3349900573139','2015-08-09'),(89,2557,'990',0,3,1,'3349900573139','2015-08-09'),(90,2557,'991',0,3,1,'3349900573139','2015-08-09'),(91,2557,'996',0,3,1,'3349900573139','2015-08-09'),(92,2557,'997',0,3,1,'3349900573139','2015-08-09'),(93,2557,'977',0,4,1,'3349900573139','2015-08-09'),(94,2557,'980',0,4,1,'3349900573139','2015-08-09'),(95,2557,'981',0,4,1,'3349900573139','2015-08-09'),(96,2557,'983',0,4,1,'3349900573139','2015-08-09'),(97,2557,'927',0,9,1,'3349900573139','2015-08-09'),(98,2557,'928',0,9,1,'3349900573139','2015-08-09'),(99,2557,'929',0,9,1,'3349900573139','2015-08-09'),(100,2557,'930',0,9,1,'3349900573139','2015-08-09'),(101,2557,'931',0,9,1,'3349900573139','2015-08-09'),(102,2557,'932',0,9,1,'3349900573139','2015-08-09'),(103,2557,'933',0,9,1,'3349900573139','2015-08-09'),(104,2557,'934',0,9,1,'3349900573139','2015-08-09'),(105,2557,'935',0,9,1,'3349900573139','2015-08-09'),(106,2557,'970',0,9,1,'3349900573139','2015-08-09'),(107,2557,'993',0,9,1,'3349900573139','2015-08-09'),(108,2557,'938',0,8,1,'3349900573139','2015-08-09'),(109,2557,'939',0,8,1,'3349900573139','2015-08-09'),(110,2557,'940',0,8,1,'3349900573139','2015-08-09'),(111,2557,'941',0,8,1,'3349900573139','2015-08-09'),(112,2557,'943',0,8,1,'3349900573139','2015-08-09'),(113,2557,'944',0,8,1,'3349900573139','2015-08-09'),(114,2557,'945',0,8,1,'3349900573139','2015-08-09'),(115,2557,'984',0,8,1,'3349900573139','2015-08-09'),(116,2557,'946',0,7,1,'3349900573139','2015-08-09'),(117,2557,'947',0,7,1,'3349900573139','2015-08-09'),(118,2557,'948',0,7,1,'3349900573139','2015-08-09'),(119,2557,'949',0,7,1,'3349900573139','2015-08-09'),(120,2557,'950',0,7,1,'3349900573139','2015-08-09'),(121,2557,'951',0,7,1,'3349900573139','2015-08-09'),(122,2557,'952',0,7,1,'3349900573139','2015-08-09'),(123,2557,'953',0,7,1,'3349900573139','2015-08-09'),(124,2557,'954',0,7,1,'3349900573139','2015-08-09'),(125,2557,'955',0,7,1,'3349900573139','2015-08-09'),(126,2557,'956',0,7,1,'3349900573139','2015-08-09'),(127,2557,'957',0,7,1,'3349900573139','2015-08-09'),(128,2557,'958',0,7,1,'3349900573139','2015-08-09'),(129,2557,'960',0,7,1,'3349900573139','2015-08-09'),(130,2557,'961',0,7,1,'3349900573139','2015-08-09'),(131,2557,'962',0,6,1,'3349900573139','2015-08-09'),(132,2557,'963',0,6,1,'3349900573139','2015-08-09'),(133,2557,'964',0,6,1,'3349900573139','2015-08-09'),(134,2557,'965',0,6,1,'3349900573139','2015-08-09'),(135,2557,'966',0,6,1,'3349900573139','2015-08-09'),(136,2557,'967',0,6,1,'3349900573139','2015-08-09'),(137,2557,'968',0,6,1,'3349900573139','2015-08-09'),(138,2557,'971',0,5,1,'3349900573139','2015-08-09'),(139,2557,'972',0,5,1,'3349900573139','2015-08-09'),(140,2557,'973',0,5,1,'3349900573139','2015-08-09'),(141,2557,'974',0,5,1,'3349900573139','2015-08-09'),(142,2557,'975',0,5,1,'3349900573139','2015-08-09'),(143,2557,'976',0,5,1,'3349900573139','2015-08-09'),(144,2557,'985',0,5,1,'3349900573139','2015-08-09'),(145,2560,'946',0,8,1,'1342200061957','2018-11-30'),(146,2560,'947',0,8,1,'1342200061957','2018-11-30'),(147,2560,'948',0,8,1,'1342200061957','2018-11-30'),(148,2560,'949',0,8,1,'1342200061957','2018-11-30'),(149,2560,'950',0,8,1,'1342200061957','2018-11-30'),(150,2560,'951',0,8,1,'1342200061957','2018-11-30'),(151,2560,'952',0,8,1,'1342200061957','2018-11-30'),(152,2560,'953',0,8,1,'1342200061957','2018-11-30'),(153,2560,'954',0,8,1,'1342200061957','2018-11-30'),(154,2560,'955',0,8,1,'1342200061957','2018-11-30'),(155,2560,'956',0,8,1,'1342200061957','2018-11-30'),(156,2560,'957',0,8,1,'1342200061957','2018-11-30'),(157,2560,'958',0,8,1,'1342200061957','2018-11-30'),(158,2560,'960',0,8,1,'1342200061957','2018-11-30'),(159,2560,'961',0,8,1,'1342200061957','2018-11-30'),(160,2560,'984',0,9,1,'1342200061957','2018-11-30'),(161,2561,'1000',0,3,1,'3342000207407','2019-03-03'),(162,2561,'1001',0,3,1,'3342000207407','2019-03-03'),(163,2561,'1002',0,3,1,'3342000207407','2019-03-03'),(164,2561,'1003',0,3,1,'3342000207407','2019-03-03'),(165,2561,'1004',0,3,1,'3342000207407','2019-03-03'),(166,2561,'1005',0,3,1,'3342000207407','2019-03-03'),(167,2561,'1006',0,3,1,'3342000207407','2019-03-03'),(168,2561,'1007',0,3,1,'3342000207407','2019-03-03'),(169,2561,'1008',0,3,1,'3342000207407','2019-03-03'),(170,2561,'1009',0,3,1,'3342000207407','2019-03-03'),(171,2561,'998',0,3,1,'3342000207407','2019-03-03'),(172,2561,'999',0,3,1,'3342000207407','2019-03-03'),(173,2561,'986',0,4,1,'3342000207407','2019-03-03'),(174,2561,'987',0,4,1,'3342000207407','2019-03-03'),(175,2561,'988',0,4,1,'3342000207407','2019-03-03'),(176,2561,'989',0,4,1,'3342000207407','2019-03-03'),(177,2561,'990',0,4,1,'3342000207407','2019-03-03'),(178,2561,'991',0,4,1,'3342000207407','2019-03-03'),(179,2561,'997',0,4,1,'3342000207407','2019-03-03'),(180,2561,'971',0,6,1,'3342000207407','2019-03-03'),(181,2561,'972',0,6,1,'3342000207407','2019-03-03'),(182,2561,'973',0,6,1,'3342000207407','2019-03-03'),(183,2561,'974',0,6,1,'3342000207407','2019-03-03'),(184,2561,'975',0,6,1,'3342000207407','2019-03-03'),(185,2561,'976',0,6,1,'3342000207407','2019-03-03'),(186,2561,'977',0,6,1,'3342000207407','2019-03-03'),(187,2561,'980',0,6,1,'3342000207407','2019-03-03'),(188,2561,'981',0,6,1,'3342000207407','2019-03-03'),(189,2561,'983',0,6,1,'3342000207407','2019-03-03'),(190,2561,'985',0,6,1,'3342000207407','2019-03-03'),(191,2561,'962',0,7,1,'3342000207407','2019-03-03'),(192,2561,'963',0,7,1,'3342000207407','2019-03-03'),(193,2561,'964',0,7,1,'3342000207407','2019-03-03'),(194,2561,'965',0,7,1,'3342000207407','2019-03-03'),(195,2561,'966',0,7,1,'3342000207407','2019-03-03'),(196,2561,'967',0,7,1,'3342000207407','2019-03-03'),(197,2561,'968',0,7,1,'3342000207407','2019-03-03'),(198,2561,'938',0,9,1,'3342000207407','2019-03-03'),(199,2561,'939',0,9,1,'3342000207407','2019-03-03'),(200,2561,'940',0,9,1,'3342000207407','2019-03-03'),(201,2561,'941',0,9,1,'3342000207407','2019-03-03'),(202,2561,'943',0,9,1,'3342000207407','2019-03-03'),(203,2561,'944',0,9,1,'3342000207407','2019-03-03'),(204,2561,'945',0,9,1,'3342000207407','2019-03-03'),(205,2561,'946',0,9,1,'3342000207407','2019-03-03'),(206,2561,'947',0,9,1,'3342000207407','2019-03-03'),(207,2561,'948',0,9,1,'3342000207407','2019-03-03'),(208,2561,'949',0,9,1,'3342000207407','2019-03-03'),(209,2561,'950',0,9,1,'3342000207407','2019-03-03'),(210,2561,'951',0,9,1,'3342000207407','2019-03-03'),(211,2561,'952',0,9,1,'3342000207407','2019-03-03'),(212,2561,'953',0,9,1,'3342000207407','2019-03-03'),(213,2561,'954',0,9,1,'3342000207407','2019-03-03'),(214,2561,'955',0,9,1,'3342000207407','2019-03-03'),(215,2561,'956',0,9,1,'3342000207407','2019-03-03'),(216,2561,'957',0,9,1,'3342000207407','2019-03-03'),(217,2561,'958',0,9,1,'3342000207407','2019-03-03'),(218,2561,'960',0,9,1,'3342000207407','2019-03-03'),(219,2561,'961',0,9,1,'3342000207407','2019-03-03'),(220,2561,'984',0,9,1,'3342000207407','2019-03-03'),(221,2561,'1021',2,8,0,'1342200061957','2019-04-09'),(222,2561,'979',6,8,0,'1342200061957','2019-04-09'),(223,2561,'1046',8,7,0,'1342200061957','2019-04-09'),(224,2561,'1051',9,7,0,'1342200061957','2019-04-09'),(225,2561,'1033',2,6,0,'1342200061957','2019-04-09'),(226,2561,'1019',6,6,0,'1342200061957','2019-04-09'),(227,2561,'1035',8,6,0,'1342200061957','2019-04-09'),(228,2561,'1022',1,5,0,'1342200061957','2019-04-09'),(229,2561,'1017',2,5,0,'1342200061957','2019-04-09'),(230,2561,'1010',3,5,0,'1342200061957','2019-04-09'),(231,2561,'1011',4,5,0,'1342200061957','2019-04-09'),(232,2561,'1014',5,5,0,'1342200061957','2019-04-09'),(233,2561,'1015',6,5,0,'1342200061957','2019-04-09'),(234,2561,'1012',7,5,0,'1342200061957','2019-04-09'),(235,2561,'1018',8,5,0,'1342200061957','2019-04-09'),(236,2561,'1013',9,5,0,'1342200061957','2019-04-09'),(237,2561,'1024',1,4,0,'1342200061957','2019-04-09'),(238,2561,'1025',2,4,0,'1342200061957','2019-04-09'),(239,2561,'1023',3,4,0,'1342200061957','2019-04-09'),(240,2561,'1032',4,4,0,'1342200061957','2019-04-09'),(241,2561,'1029',5,4,0,'1342200061957','2019-04-09'),(242,2561,'1030',6,4,0,'1342200061957','2019-04-09'),(243,2561,'1027',7,4,0,'1342200061957','2019-04-09'),(244,2561,'1028',8,4,0,'1342200061957','2019-04-09'),(245,2561,'1031',9,4,0,'1342200061957','2019-04-09'),(246,2561,'1037',1,3,0,'1342200061957','2019-04-09'),(247,2561,'1038',2,3,0,'1342200061957','2019-04-09'),(248,2561,'1039',3,3,0,'1342200061957','2019-04-09'),(249,2561,'1040',4,3,0,'1342200061957','2019-04-09'),(250,2561,'1041',5,3,0,'1342200061957','2019-04-09'),(251,2561,'1042',6,3,0,'1342200061957','2019-04-09'),(252,2561,'1043',7,3,0,'1342200061957','2019-04-09'),(253,2561,'1044',8,3,0,'1342200061957','2019-04-09'),(254,2561,'1047',1,2,0,'1342200061957','2019-04-09'),(255,2561,'1048',2,2,0,'1342200061957','2019-04-09'),(256,2561,'1049',3,2,0,'1342200061957','2019-04-09'),(257,2561,'1050',4,2,0,'1342200061957','2019-04-09'),(258,2562,'1000',4,7,0,'1342200061957','2019-04-09'),(259,2562,'1002',3,7,0,'1342200061957','2019-04-09'),(266,2562,'983',1,9,0,'1342200061957','2020-05-29'),(262,2562,'1040',3,4,0,'1342200061957','2019-11-12'),(263,2562,'1042',4,4,0,'1342200061957','2019-11-12'),(264,2562,'1043',5,4,0,'1342200061957','2019-11-12'),(265,2562,'1044',6,4,0,'1342200061957','2019-11-12'),(267,2562,'1021',2,9,0,'1342200061957','2020-05-29'),(268,2562,'977',3,9,0,'1342200061957','2020-05-29'),(269,2562,'981',4,9,0,'1342200061957','2020-05-29'),(270,2562,'980',5,9,0,'1342200061957','2020-05-29'),(271,2562,'979',6,9,0,'1342200061957','2020-05-29'),(272,2562,'1052',1,2,0,'1342200061957','2020-05-29'),(273,2562,'1053',2,2,0,'1342200061957','2020-05-29'),(274,2562,'1054',3,2,0,'1342200061957','2020-05-29'),(275,2562,'1055',4,2,0,'1342200061957','2020-05-29'),(276,2562,'1056',5,2,0,'1342200061957','2020-05-29'),(277,2562,'1057',6,2,0,'1342200061957','2020-05-29'),(278,2562,'1058',7,2,0,'1342200061957','2020-05-29'),(279,2562,'1047',1,3,0,'1342200061957','2020-05-29'),(280,2562,'1048',2,3,0,'1342200061957','2020-05-29'),(281,2562,'1049',3,3,0,'1342200061957','2020-05-29'),(282,2562,'1050',4,3,0,'1342200061957','2020-05-29'),(283,2562,'988',1,8,0,'1342200061957','2020-05-29'),(284,2562,'986',2,8,0,'1342200061957','2020-05-29'),(285,2562,'987',3,8,0,'1342200061957','2020-05-29'),(286,2562,'990',4,8,0,'1342200061957','2020-05-29'),(287,2562,'989',5,8,0,'1342200061957','2020-05-29'),(288,2562,'991',6,8,0,'1342200061957','2020-05-29'),(289,2562,'997',7,8,0,'1342200061957','2020-05-29'),(290,2562,'1046',8,8,0,'1342200061957','2020-05-29'),(291,2562,'1051',9,8,0,'1342200061957','2020-05-29'),(292,2562,'1001',1,7,0,'1342200061957','2020-05-29'),(293,2562,'1033',2,7,0,'1342200061957','2020-05-29'),(294,2562,'1004',3,7,0,'1342200061957','2020-05-29'),(295,2562,'1009',4,7,0,'1342200061957','2020-05-29'),(296,2562,'1019',5,7,0,'1342200061957','2020-05-29'),(297,2562,'1035',6,7,0,'1342200061957','2020-05-29'),(298,2562,'1006',7,7,0,'1342200061957','2020-05-29'),(299,2562,'998',8,7,0,'1342200061957','2020-05-29'),(300,2562,'1007',9,7,0,'1342200061957','2020-05-29'),(301,2562,'1059',10,7,0,'1342200061957','2020-05-29'),(302,2562,'1022',1,6,0,'1342200061957','2020-05-29'),(303,2562,'1017',2,6,0,'1342200061957','2020-05-29'),(304,2562,'1010',3,6,0,'1342200061957','2020-05-29'),(305,2562,'1011',4,6,0,'1342200061957','2020-05-29'),(306,2562,'1014',5,6,0,'1342200061957','2020-05-29'),(307,2562,'1015',6,6,0,'1342200061957','2020-05-29'),(308,2562,'1012',7,6,0,'1342200061957','2020-05-29'),(309,2562,'1018',8,6,0,'1342200061957','2020-05-29'),(310,2562,'1013',9,6,0,'1342200061957','2020-05-29'),(311,2562,'1024',1,5,0,'1342200061957','2020-05-29'),(312,2562,'1025',2,5,0,'1342200061957','2020-05-29'),(313,2562,'1023',3,5,0,'1342200061957','2020-05-29'),(314,2562,'1032',4,5,0,'1342200061957','2020-05-29'),(315,2562,'1029',5,5,0,'1342200061957','2020-05-29'),(316,2562,'1030',6,5,0,'1342200061957','2020-05-29'),(317,2562,'1027',7,5,0,'1342200061957','2020-05-29'),(318,2562,'1028',8,5,0,'1342200061957','2020-05-29'),(319,2562,'1031',9,5,0,'1342200061957','2020-05-29'),(320,2562,'1037',1,4,0,'1342200061957','2020-05-29'),(321,2562,'1038',2,4,0,'1342200061957','2020-05-29'),(322,2563,'1060',4,4,0,'1342200061957','2020-06-09'),(323,2563,'1061',10,7,0,'1342200061957','2020-06-08'),(324,2563,'1062',1,2,1,'1342200061957','2020-06-08'),(325,2563,'1063',2,2,1,'1342200061957','2020-06-08'),(346,2563,'1064',3,2,1,'1342200061957','2020-06-18'),(327,2563,'1065',4,2,1,'1342200061957','2020-06-18'),(328,2563,'1066',5,2,1,'1342200061957','2020-06-18'),(347,2563,'1067',6,2,1,'1342200061957','2020-06-18'),(330,2563,'1068',7,2,1,'1342200061957','2020-06-18'),(331,2563,'1052',1,3,0,'1342200061957','2020-05-29'),(332,2563,'1053',2,3,0,'1342200061957','2020-05-29'),(333,2563,'1054',3,3,0,'1342200061957','2020-05-29'),(334,2563,'1055',4,3,0,'1342200061957','2020-05-29'),(335,2563,'1056',5,3,0,'1342200061957','2020-05-29'),(336,2563,'1057',6,3,0,'1342200061957','2020-05-29'),(337,2563,'1058',7,3,0,'1342200061957','2020-05-29'),(338,2563,'997',7,9,0,'1342200061957','2020-05-29'),(339,2563,'1070',8,2,1,'1342200061957','2020-06-09'),(340,2563,'1069',8,3,0,'1342200061957','2020-06-19'),(341,2563,'1059',10,8,0,'1342200061957','2020-06-08'),(342,2563,'1046',7,9,0,'1342200061957','2020-06-15'),(343,2563,'1051',8,9,0,'1342200061957','2020-06-09'),(344,2563,'1049',2,4,0,'1342200061957','2020-06-30'),(345,2563,'1050',3,4,0,'1342200061957','2020-06-09'),(348,2563,'1048',2,4,0,'1342200061957','2020-06-25'),(349,2563,'988',1,9,0,'1342200061957','2021-05-13'),(350,2563,'986',2,9,0,'1342200061957','2021-05-13'),(351,2563,'987',3,9,0,'1342200061957','2021-05-13'),(352,2563,'990',4,9,0,'1342200061957','2021-05-13'),(353,2563,'989',5,9,0,'1342200061957','2021-05-13'),(354,2563,'991',6,9,0,'1342200061957','2021-05-13'),(355,2563,'1009',4,8,0,'1342200061957','2021-05-13'),(356,2563,'1019',5,8,0,'1342200061957','2021-05-13'),(357,2563,'1035',6,8,0,'1342200061957','2021-05-13'),(358,2563,'1006',7,8,0,'1342200061957','2021-05-13'),(359,2563,'998',8,8,0,'1342200061957','2021-05-13'),(360,2563,'1007',9,8,0,'1342200061957','2021-05-13'),(361,2563,'1001',1,8,0,'1342200061957','2021-05-13'),(362,2563,'1033',2,8,0,'1342200061957','2021-05-13'),(363,2563,'1004',3,8,0,'1342200061957','2021-05-13'),(364,2563,'1022',1,7,0,'1342200061957','2021-05-13'),(365,2563,'1017',2,7,0,'1342200061957','2021-05-13'),(366,2563,'1010',3,7,0,'1342200061957','2021-05-13'),(367,2563,'1011',4,7,0,'1342200061957','2021-05-13'),(368,2563,'1014',5,7,0,'1342200061957','2021-05-13'),(369,2563,'1015',6,7,0,'1342200061957','2021-05-13'),(370,2563,'1012',7,7,0,'1342200061957','2021-05-13'),(371,2563,'1018',8,7,0,'1342200061957','2021-05-13'),(372,2563,'1013',9,7,0,'1342200061957','2021-05-13'),(373,2563,'1024',1,6,0,'1342200061957','2021-05-13'),(374,2563,'1025',2,6,0,'1342200061957','2021-05-13'),(375,2563,'1023',3,6,0,'1342200061957','2021-05-13'),(376,2563,'1029',5,6,0,'1342200061957','2021-05-13'),(377,2563,'1030',6,6,0,'1342200061957','2021-05-13'),(378,2563,'1027',7,6,0,'1342200061957','2021-05-13'),(379,2563,'1028',8,6,0,'1342200061957','2021-05-13'),(380,2563,'1031',9,6,0,'1342200061957','2021-05-13'),(381,2563,'1037',1,5,0,'1342200061957','2021-05-13'),(382,2563,'1038',2,5,0,'1342200061957','2021-05-13'),(383,2563,'1040',3,5,0,'1342200061957','2021-05-13'),(384,2563,'1042',4,5,0,'1342200061957','2021-05-13'),(385,2563,'1043',5,5,0,'1342200061957','2021-05-13'),(386,2563,'1047',1,4,0,'1342200061957','2021-05-13'),(387,2564,'1070',1,2,1,'1342200061957','2022-03-16'),(388,2564,'1071',2,2,1,'1342200061957','2022-03-16'),(389,2564,'1052',1,4,1,'1342200061957','2022-03-16'),(390,2564,'1053',2,4,1,'1342200061957','2022-03-16'),(391,2564,'1054',3,4,1,'1342200061957','2022-03-16'),(392,2564,'1055',4,4,1,'1342200061957','2022-03-16'),(394,2564,'1057',6,4,1,'1342200061957','2022-03-16'),(395,2564,'1058',7,4,1,'1342200061957','2022-03-16'),(396,2564,'1069',8,4,1,'1342200061957','2022-03-16'),(397,2564,'1060',1,4,1,'1342200061957','2022-03-16'),(398,2564,'1072',3,2,1,'1342200061957','2022-03-16'),(399,2564,'1073',4,2,1,'1342200061957','2022-03-16'),(400,2564,'1074',5,2,1,'1342200061957','2022-03-21'),(401,2564,'1075',6,2,1,'1342200061957','2022-03-16'),(402,2564,'1062',1,3,1,'1349900865443','2022-03-23'),(403,2564,'1063',2,3,1,'1349900865443','2022-03-23'),(404,2564,'1064',3,3,1,'1349900865443','2022-03-23'),(405,2564,'1065',4,3,1,'1349900865443','2022-03-23'),(406,2564,'1066',5,3,1,'1349900865443','2022-03-23'),(407,2564,'1067',6,3,1,'1349900865443','2022-03-23'),(408,2564,'1068',7,3,1,'1349900865443','2022-03-23'),(409,2564,'1013',9,8,1,'1342200061957','2022-03-16'),(410,2564,'1049',4,5,1,'1342200061957','2022-03-16'),(411,2564,'1076',10,7,1,'1342200061957','2022-03-16'),(412,2564,'1061',10,8,1,'1342200061957','2022-03-16'),(449,2564,'1079',1,2,1,'1342200061957','2022-04-20'),(414,2564,'1017',2,8,1,'1342200061957','2022-03-16'),(450,2564,'1080',2,2,1,'1342200061957','2022-04-20'),(416,2564,'1050',2,5,1,'1342200061957','2022-03-16'),(417,2564,'1078',3,5,1,'1342200061957','2022-03-16'),(418,2564,'1059',10,9,1,'1342200061957','2022-03-21'),(419,2564,'1047',1,5,1,'1342200061957','2022-03-16'),(420,2564,'1037',1,6,1,'1342200061957','2022-03-16'),(421,2564,'1038',2,6,1,'1342200061957','2022-03-16'),(422,2564,'1040',3,6,1,'1342200061957','2022-03-17'),(423,2564,'1042',4,6,1,'1342200061957','2022-03-16'),(424,2564,'1043',5,6,1,'1342200061957','2022-03-16'),(425,2564,'1024',1,7,1,'1342200061957','2022-03-16'),(426,2564,'1025',2,7,1,'1342200061957','2022-03-16'),(427,2564,'1023',3,7,1,'1342200061957','2022-03-16'),(428,2564,'1029',5,7,1,'1342200061957','2022-03-16'),(429,2564,'1030',6,7,1,'1342200061957','2022-03-16'),(430,2564,'1027',7,7,1,'1342200061957','2022-03-16'),(431,2564,'1028',8,7,1,'1342200061957','2022-03-16'),(432,2564,'1031',9,7,1,'1342200061957','2022-03-16'),(433,2564,'1022',1,8,1,'1342200061957','2022-03-21'),(434,2564,'1010',3,8,1,'1342200061957','2022-03-21'),(435,2564,'1011',4,8,1,'1342200061957','2022-03-16'),(436,2564,'1014',5,8,1,'1342200061957','2022-03-16'),(437,2564,'1015',6,8,1,'1342200061957','2022-03-16'),(438,2564,'1012',7,8,1,'1342200061957','2022-03-21'),(439,2564,'1018',8,8,1,'1342200061957','2022-03-16'),(440,2564,'1001',1,9,1,'1342200061957','2022-03-16'),(441,2564,'1033',2,9,1,'1342200061957','2022-03-16'),(442,2564,'1004',3,9,1,'1342200061957','2022-03-16'),(443,2564,'1009',4,9,1,'1342200061957','2022-03-16'),(444,2564,'1007',9,9,1,'1342200061957','2022-03-21'),(445,2564,'998',8,9,1,'1342200061957','2022-03-21'),(446,2564,'1006',7,9,1,'1342200061957','2022-03-16'),(447,2564,'1035',6,9,1,'1342200061957','2022-03-16'),(448,2564,'1019',5,9,1,'1342200061957','2022-03-16'),(451,2564,'1081',3,2,1,'1342200061957','2022-04-20'),(452,2565,'1028',8,8,1,'1342200061957','2022-04-26'),(453,2565,'1083',9,5,1,'1342200061957','2022-05-06'),(454,2565,'1082',7,4,1,'1342200061957','2022-05-06'),(455,2565,'1034',9,8,1,'1342200061957','2022-05-20'),(456,2565,'1029',4,8,1,'1342200061957','2022-05-20'),(457,2565,'1030',5,8,1,'1342200061957','2022-05-20'),(458,2565,'1027',6,8,1,'1342200061957','2022-05-20'),(459,2565,'1031',7,8,1,'1342200061957','2022-05-20'),(460,2565,'1076',8,8,1,'1342200061957','2022-05-20'),(461,2565,'1084',8,4,1,'1342200061957','2022-06-15'),(462,2565,'1060',2,5,1,'1342200061957','2022-10-07'),(463,2565,'1053',3,5,1,'1342200061957','2022-10-07'),(464,2565,'1054',4,5,1,'1342200061957','2022-10-07'),(465,2565,'1055',5,5,1,'1342200061957','2022-10-07'),(466,2565,'1022',1,9,1,'1342200061957','2023-04-19'),(467,2565,'1017',2,9,1,'1342200061957','2023-04-19'),(468,2565,'1010',3,9,1,'1342200061957','2023-04-19'),(469,2565,'1011',4,9,1,'1342200061957','2023-04-19'),(470,2565,'1014',5,9,1,'1342200061957','2023-04-19'),(471,2565,'1015',6,9,1,'1342200061957','2023-04-19'),(472,2565,'1012',7,9,1,'1342200061957','2023-04-19'),(473,2565,'1018',8,9,1,'1342200061957','2023-04-19'),(474,2565,'1013',9,9,1,'1342200061957','2023-04-19'),(475,2565,'1061',10,9,1,'1342200061957','2023-04-19'),(476,2565,'1024',1,8,1,'1342200061957','2023-04-19'),(477,2565,'1025',2,8,1,'1342200061957','2023-04-19'),(478,2565,'1023',3,8,1,'1342200061957','2023-04-19'),(479,2565,'1037',1,7,1,'1342200061957','2023-04-19'),(480,2565,'1038',2,7,1,'1342200061957','2023-04-19'),(481,2565,'1040',3,7,1,'1342200061957','2023-04-19'),(482,2565,'1042',4,7,1,'1342200061957','2023-04-19'),(483,2565,'1043',5,7,1,'1342200061957','2023-04-19'),(484,2565,'1047',1,6,1,'1342200061957','2023-04-19'),(485,2565,'1050',2,6,1,'1342200061957','2023-04-19'),(486,2565,'1078',3,6,1,'1342200061957','2023-04-19'),(487,2565,'1052',1,5,1,'1342200061957','2023-04-19'),(488,2565,'1057',6,5,1,'1342200061957','2023-04-19'),(489,2565,'1058',7,5,1,'1342200061957','2023-04-19'),(490,2565,'1069',8,5,1,'1342200061957','2023-04-19'),(491,2565,'1062',1,4,1,'1342200061957','2023-04-19'),(492,2565,'1063',2,4,1,'1342200061957','2023-04-19'),(493,2565,'1064',3,4,1,'1342200061957','2023-04-19'),(494,2565,'1065',4,4,1,'1342200061957','2023-04-19'),(495,2565,'1066',5,4,1,'1342200061957','2023-04-19'),(496,2565,'1067',6,4,1,'1342200061957','2023-04-19'),(497,2565,'1070',1,3,1,'1342200061957','2023-04-19'),(498,2565,'1071',2,3,1,'1342200061957','2023-04-19'),(499,2565,'1072',3,3,1,'1342200061957','2023-04-19'),(500,2565,'1073',4,3,1,'1342200061957','2023-04-19'),(501,2565,'1074',5,3,1,'1342200061957','2023-04-19'),(502,2565,'1075',6,3,1,'1342200061957','2023-04-19'),(503,2565,'1079',1,2,1,'1342200061957','2023-04-19'),(504,2565,'1080',2,2,1,'1342200061957','2023-04-19'),(505,2565,'1081',3,2,1,'1342200061957','2023-04-19'),(506,2566,'1085',1,2,1,'1349900865443','2023-10-10'),(507,2566,'1086',2,2,1,'1349900865443','2023-10-10'),(508,2566,'1087',3,2,1,'1349900865443','2023-10-10'),(509,2566,'1088',4,2,1,'1349900865443','2023-10-10'),(510,2566,'1089',5,2,1,'1349900865443','2023-10-10'),(511,2566,'1090',6,2,1,'1349900865443','2023-10-10'),(512,2566,'1091',7,2,1,'1349900865443','2023-10-10'),(513,2566,'1092',8,2,1,'1349900865443','2023-10-10'),(514,2566,'1093',9,2,1,'1349900865443','2023-10-10'),(515,2566,'1094',10,2,1,'1349900865443','2023-10-10'),(516,2566,'1095',11,2,1,'1349900865443','2023-10-10'),(517,2566,'1080',2,3,1,'1342200061957','2023-04-19'),(518,2566,'1084',8,5,1,'1342200061957','2023-04-19'),(519,2566,'1074',5,4,1,'1342200061957','2023-04-19'),(520,2566,'1065',4,5,1,'1342200061957','2023-05-16'),(521,2566,'1066',4,5,1,'1342200061957','2023-05-16'),(522,2566,'1067',5,5,1,'1342200061957','2023-05-16'),(523,2566,'1082',6,5,1,'1342200061957','2023-05-16'),(524,2566,'1075',5,4,1,'1342200061957','2023-05-16'),(525,2566,'1054',3,6,1,'1342200061957','2023-05-16'),(526,2566,'1055',4,6,1,'1342200061957','2023-05-16'),(527,2566,'1057',5,6,1,'1342200061957','2023-05-16'),(528,2566,'1058',6,6,1,'1342200061957','2023-05-16'),(529,2566,'1069',7,6,1,'1342200061957','2023-05-16'),(530,2566,'1083',8,6,1,'1342200061957','2023-05-16'),(531,2566,'1081',2,3,1,'1342200061957','2023-05-16'),(532,2566,'1038',2,8,1,'1342200061957','2023-06-28'),(533,2566,'1024',1,9,1,'1342200061957','2024-05-16'),(534,2566,'1025',2,9,1,'1342200061957','2024-05-16'),(535,2566,'1023',3,9,1,'1342200061957','2024-05-16'),(536,2566,'1029',4,9,1,'1342200061957','2024-05-16'),(537,2566,'1030',5,9,1,'1342200061957','2024-05-16'),(538,2566,'1027',6,9,1,'1342200061957','2024-05-16'),(539,2566,'1031',7,9,1,'1342200061957','2024-05-16'),(540,2566,'1076',8,9,1,'1342200061957','2024-05-16'),(541,2566,'1034',9,9,1,'1342200061957','2024-05-16'),(542,2566,'1037',1,8,1,'1342200061957','2024-05-16'),(543,2566,'1040',3,8,1,'1342200061957','2024-05-16'),(544,2566,'1042',4,8,1,'1342200061957','2024-05-16'),(545,2566,'1043',5,8,1,'1342200061957','2024-05-16'),(546,2566,'1047',1,7,1,'1342200061957','2024-05-16'),(547,2566,'1050',2,7,1,'1342200061957','2024-05-16'),(548,2566,'1078',3,7,1,'1342200061957','2024-05-16'),(549,2566,'1052',1,6,1,'1342200061957','2024-05-16'),(550,2566,'1060',2,6,1,'1342200061957','2024-05-16'),(551,2566,'1062',1,5,1,'1342200061957','2024-05-16'),(552,2566,'1063',2,5,1,'1342200061957','2024-05-16'),(553,2566,'1064',3,5,1,'1342200061957','2024-05-16'),(554,2566,'1070',1,4,1,'1342200061957','2024-05-16'),(555,2566,'1071',2,4,1,'1342200061957','2024-05-16'),(556,2566,'1072',3,4,1,'1342200061957','2024-05-16'),(557,2566,'1073',4,4,1,'1342200061957','2024-05-16'),(558,2566,'1079',1,3,1,'1342200061957','2024-05-16'),(559,2567,'1037',1,9,1,'1342200061957','2024-05-16'),(560,2567,'1083',8,7,1,'1342200061957','2024-05-16'),(561,2567,'1038',4,9,1,'1342200061957','2024-05-16'),(562,2567,'1040',1,9,1,'1342200061957','2024-05-16'),(563,2567,'1042',2,9,1,'1342200061957','2024-05-16'),(564,2567,'1043',3,9,1,'1342200061957','2024-05-16'),(565,2567,'1081',2,4,1,'1342200061957','2024-05-16'),(566,2567,'1096',1,2,1,'1349900865443','2024-06-13'),(567,2567,'1097',2,2,1,'1342200061957','2024-08-13'),(568,2567,'1098',3,2,1,'1349900865443','2024-06-13'),(569,2567,'1099',4,2,1,'1349900865443','2024-06-13'),(570,2567,'0',1,2,0,'1342200061957','2024-05-29'),(571,2567,'10000',1,2,0,'1342200061957','2024-05-29'),(572,2567,'1100',6,5,1,'1342200061957','2024-05-29'),(573,2567,'1047',1,8,1,'1342200061957','2025-05-20'),(574,2567,'1050',2,8,1,'1342200061957','2025-05-20'),(575,2567,'1078',3,8,1,'1342200061957','2025-05-20'),(576,2567,'1052',1,7,1,'1342200061957','2025-05-20'),(577,2567,'1060',2,7,1,'1342200061957','2025-05-20'),(578,2567,'1054',3,7,1,'1342200061957','2025-05-20'),(579,2567,'1055',4,7,1,'1342200061957','2025-05-20'),(580,2567,'1057',5,7,1,'1342200061957','2025-05-20'),(581,2567,'1058',6,7,1,'1342200061957','2025-05-20'),(582,2567,'1069',7,7,1,'1342200061957','2025-05-20'),(583,2567,'1062',1,6,1,'1342200061957','2025-05-20'),(584,2567,'1063',2,6,1,'1342200061957','2025-05-20'),(585,2567,'1064',3,6,1,'1342200061957','2025-05-20'),(586,2567,'1066',4,6,1,'1342200061957','2025-05-20'),(587,2567,'1067',5,6,1,'1342200061957','2025-05-20'),(588,2567,'1082',6,6,1,'1342200061957','2025-05-20'),(589,2567,'1070',1,5,1,'1342200061957','2025-05-20'),(590,2567,'1071',2,5,1,'1342200061957','2025-05-20'),(591,2567,'1072',3,5,1,'1342200061957','2025-05-20'),(592,2567,'1073',4,5,1,'1342200061957','2025-05-20'),(593,2567,'1075',5,5,1,'1342200061957','2025-05-20'),(594,2567,'1079',1,4,1,'1342200061957','2025-05-20'),(595,2567,'1085',1,3,1,'1342200061957','2025-05-20'),(596,2567,'1086',2,3,1,'1342200061957','2025-05-20'),(597,2567,'1087',3,3,1,'1342200061957','2025-05-20'),(598,2567,'1088',4,3,1,'1342200061957','2025-05-20'),(599,2567,'1089',5,3,1,'1342200061957','2025-05-20'),(600,2567,'1090',6,3,1,'1342200061957','2025-05-20'),(601,2567,'1091',7,3,1,'1342200061957','2025-05-20'),(602,2567,'1092',8,3,1,'1342200061957','2025-05-20'),(603,2567,'1093',9,3,1,'1342200061957','2025-05-20'),(604,2567,'1094',10,3,1,'1342200061957','2025-05-20'),(605,2567,'1095',11,3,1,'1342200061957','2025-05-20'),(606,2568,'1101',11,4,1,'1342200061957','2025-05-20'),(607,2568,'1102',1,2,1,'1342200061957','2025-05-20'),(608,2568,'1103',2,2,1,'1342200061957','2025-05-20'),(609,2568,'1104',3,2,1,'1342200061957','2025-05-20'),(610,2568,'1105',4,2,1,'1342200061957','2025-05-20'),(611,2568,'1106',5,2,1,'1342200061957','2025-06-26'),(612,2568,'1107',6,2,1,'1342200061957','2025-05-20'),(613,2568,'1108',7,2,1,'1342200061957','2025-05-20'),(614,2568,'1109',8,2,1,'1342200061957','2025-05-20'),(615,2568,'1092',8,4,1,'1342200061957','2025-05-20');

--
-- Table structure for table `student_main_edyear`
--

CREATE TABLE `student_main_edyear` (
  `id` int(11) NOT NULL AUTO_INCREMENT,
  `ed_year` int(11) NOT NULL,
  `year_active` tinyint(4) NOT NULL,
  PRIMARY KEY (`id`),
  UNIQUE KEY `ed_year` (`ed_year`)
) ENGINE=MyISAM AUTO_INCREMENT=12 DEFAULT CHARSET=utf8 COLLATE=utf8_general_ci;

--
-- Dumping data for table `student_main_edyear`
--

INSERT INTO `student_main_edyear` VALUES (1,2557,0),(2,2556,0),(3,2558,0),(4,2561,0),(5,2562,0),(6,2563,0),(7,2564,0),(8,2565,0),(9,2566,0),(10,2567,0),(11,2568,1);

--
-- Table structure for table `student_main_expand1`
--

CREATE TABLE `student_main_expand1` (
  `id` int(11) NOT NULL AUTO_INCREMENT,
  `person_id` varchar(13) NOT NULL,
  `e_name` varchar(50) NOT NULL,
  `e_surname` varchar(50) NOT NULL,
  `birthday` date NOT NULL,
  `blood` varchar(2) NOT NULL,
  `race` varchar(30) NOT NULL,
  `nationlity` varchar(30) NOT NULL,
  `religion` varchar(30) NOT NULL,
  `rec_date` date NOT NULL,
  PRIMARY KEY (`id`),
  UNIQUE KEY `person_id` (`person_id`)
) ENGINE=MyISAM AUTO_INCREMENT=64 DEFAULT CHARSET=utf8 COLLATE=utf8_general_ci;

--
-- Dumping data for table `student_main_expand1`
--

INSERT INTO `student_main_expand1` VALUES (1,'1349902000598','Napat','Bunsim','2014-09-08','','','','','2022-03-16'),(2,'1349902026864','Apirak','saseana','2015-01-18','','','','','2022-03-16'),(3,'1341501567581','Parisa','Parnewit','2014-06-19','','','','','2022-03-16'),(4,'1341501577226','Pamruedree','saytakun','2015-01-29','-','ไทย','ไทย','พุทธ','2019-08-14'),(5,'1118700284294','Pattarin','tapurit','2015-04-19','O','','','','2022-03-16'),(6,'1341501578044','Marada','parnewat','2015-02-25','','','','','2022-03-16'),(7,'1349901946633','Jakkapat','Tangam','2013-11-10','-','ไทย','ไทย','พุทธ','2019-08-14'),(8,'1341501556601','Wayu','Tongngern','2013-07-19','','','','','2022-03-16'),(9,'1349901933230','Kitsada','Ponin','2013-09-05','','','','','2022-03-16'),(10,'1341501567069','Wiyada','Lakasan','2014-05-05','','','','','2022-03-16'),(11,'1341501552738','Pakasit','Somrub','2013-02-22','O','','','','2022-03-16'),(12,'1347600075658','Putthaprom','Wongsaken','2012-11-21','B','','','','2022-03-16'),(13,'1341501549389','supanut','sonsuwan','2012-10-19','O','','','','2022-03-16'),(14,'1347600079831','Apinya','MaleeSri','2013-03-12','O','','','','2022-03-16'),(15,'1347600073965','Onmanee','Thawee','2012-10-12','A','','','','2022-03-16'),(16,'1341501553084','Sukunya','Sriwongsa','2013-03-10','-','ไทย','ไทย','พุทธ','2019-08-14'),(17,'1341501542414','pannawat','panitcakan','2012-03-03','','','','','2022-03-16'),(18,'1749901427985','anuchit','bun-asa','2012-05-08','','','','','2022-03-16'),(19,'1341501537534','chanon','Chotongkul','2011-10-07','','','','','2022-03-16'),(20,'1349901820371','aran','seewongsa','2012-02-05','-','ไทย','ไทย','พุทธ','2019-08-14'),(21,'1341501533512','chutima','tongngern','2011-06-23','','','','','2022-03-16'),(22,'1347600065008','kamolchanok','bunsim','2012-02-13','','','','','2022-03-16'),(23,'1341501536406','tiptida','maleesri','2011-09-05','','','','','2022-03-16'),(24,'1341501536767','waranya','kamolnan','2011-09-17','','','','','2022-03-16'),(25,'1341501541523','papatson','jannin','2012-01-26','','','','','2022-03-16'),(26,'1341501522758','Mongkol','Cerydee','2010-08-23','','','','','2022-03-16'),(27,'1349901701118','Keadtisak','Maleesri','2010-05-25','','','','','2022-03-16'),(28,'1379900459330','Paramat','Kanhabat','2010-12-15','','','','','2022-03-16'),(29,'1341501520461','tawavchai','kaewkomchad','2010-05-29','','','','','2022-03-16'),(30,'1341501524611','Palida','Praneewat','2010-10-03','','','','','2022-03-16'),(31,'1341501529558','Nattida','Lakasan','2011-02-18','','','','','2022-03-16'),(32,'1341501520917','Nayada','Kurkeaw','2010-06-17','','','','','2022-03-16'),(33,'1347600046496','Ceeranat','Sasana','2010-08-11','','','','','2022-03-16'),(34,'1341501530971','Peecadarat','Namalee','2011-04-12','','','','','2022-03-16'),(35,'1341501518904','Pannawit','Panitchakan','2010-04-03','','','','','2022-03-16'),(36,'1347600036385','Srayut','Praneewat','2009-07-18','','','','','2022-03-16'),(37,'1149901108923','Achira','Pakdeechot','2009-06-25','','','','','2022-03-16'),(38,'1341501512434','Pha Nu Phat','Pani Wat','2009-08-01','','','','','2022-03-16'),(39,'1349901680366','Supakit','Netphanthong','2010-02-06','','','','','2022-03-16'),(40,'1341501518866','Kawinthep','Wangkhahat','2010-04-03','','','','','2022-03-16'),(41,'1341501508046','Pattharapon','Promsawang','2009-01-07','','','','','2022-03-16'),(42,'1449900931925','Chanantida','Raksapakdee','2009-06-12','','','','','2022-03-16'),(43,'1349901650394','Pimlapat','Janleun','2009-09-19','','','','','2022-03-16'),(44,'1347600035818','Nuengruethai','Phutken','2009-06-28','','','','','2022-03-16'),(45,'1341501509361','Natthawut','Pimsuwan','2009-03-12','-','ไทย','ไทย','พุทธ','2019-08-14'),(46,'1102004063529','Sangchai','Janponsan','2009-05-10','-','ไทย','ไทย','พุทธ','2019-08-14'),(47,'1347600029010','Adisor','Pilaart','2008-11-04','-','ไทย','ไทย','พุทธ','2019-08-14'),(48,'1149901073879','Kanyaphon','Damchuti','2008-11-03','-','ไทย','ไทย','พุทธ','2019-08-14'),(49,'1347600025979','Sirithatta','Khampai','2008-08-12','-','ไทย','ไทย','พุทธ','2019-08-14'),(50,'1104301122432','Patcharawadee','Teridthai','2008-06-12','-','ไทย','ไทย','พุทธ','2019-08-14'),(51,'1341501505101','Jiranya','MaleeSri','2008-09-21','-','ไทย','ไทย','พุทธ','2019-08-14'),(52,'1347600025804','Jeeranan','Sasena','2008-08-07','-','ไทย','ไทย','พุทธ','2019-08-14'),(53,'1341501509506','Sudarat','Piruangsom','2009-03-21','-','ไทย','ไทย','พุทธ','2019-08-14'),(54,'1101501368637','Panupong','Thapurit','2007-11-16','O','ไทย','ไทย','พุทธ','2019-08-14'),(55,'1341501496421','Kittiya','Boonwijit','2007-10-08','-','ไทย','ไทย','พุทธ','2019-08-14'),(56,'1678600037321','Chonnawan','Namalee','2007-10-15','-','ไทย','ไทย','พุทธ','2019-08-14'),(57,'1409903625744','ticha','namalee','2007-09-05','-','ไทย','ไทย','พุทธ','2019-08-14'),(58,'1341501494975','Papatsorn','Tadawongsa','2007-08-18','-','ไทย','ไทย','พุทธ','2019-08-14'),(59,'1341501499772','Intira','Pootutad','2008-02-12','-','ไทย','ไทย','พุทธ','2019-08-14'),(60,'1347600104406','Nattapum','Sayjai','2015-01-02','-','ไทย','ไทย','พุทธ','2019-08-14'),(61,'1118700274604','Kanpitcha','Boonasa','2014-10-04','','','','','2022-03-16'),(62,'1810800163916','Nattawat','pomsavang','2013-11-02','','','','','2022-03-16'),(63,'1342600068304','Aphiwat','Promsawang','2010-09-08','','','','','2022-03-16');

--
-- Table structure for table `student_main_permission`
--

CREATE TABLE `student_main_permission` (
  `id` int(11) NOT NULL AUTO_INCREMENT,
  `person_id` varchar(13) NOT NULL,
  `p1` tinyint(4) NOT NULL,
  `officer` varchar(13) NOT NULL,
  `rec_date` date NOT NULL,
  PRIMARY KEY (`id`)
) ENGINE=MyISAM AUTO_INCREMENT=8 DEFAULT CHARSET=utf8 COLLATE=utf8_general_ci;

--
-- Dumping data for table `student_main_permission`
--

INSERT INTO `student_main_permission` VALUES (4,'1349900865443',1,'1342200061957','2021-11-03'),(2,'1341500090005',1,'1342200061957','2021-11-09'),(3,'1342200061957',1,'1342200061957','2018-11-14'),(5,'3349900573139',1,'1342200061957','2021-11-03'),(6,'3342000207407',1,'1342200061957','2021-11-03'),(7,'1340700275482',1,'1342200061957','2022-04-20');

--
-- Table structure for table `system_ed_year`
--

CREATE TABLE `system_ed_year` (
  `id` int(11) NOT NULL AUTO_INCREMENT,
  `ed_year` int(11) NOT NULL,
  `active_ed_year` tinyint(4) NOT NULL,
  PRIMARY KEY (`id`),
  UNIQUE KEY `ed_year` (`ed_year`)
) ENGINE=MyISAM DEFAULT CHARSET=utf8 COLLATE=utf8_general_ci;

--
-- Dumping data for table `system_ed_year`
--


--
-- Table structure for table `system_export_list`
--

CREATE TABLE `system_export_list` (
  `id` int(11) NOT NULL AUTO_INCREMENT,
  `data_name` varchar(50) NOT NULL,
  `thai_dataname` varchar(100) NOT NULL,
  PRIMARY KEY (`id`),
  UNIQUE KEY `data_name` (`data_name`)
) ENGINE=MyISAM AUTO_INCREMENT=7 DEFAULT CHARSET=utf8 COLLATE=utf8_general_ci;

--
-- Dumping data for table `system_export_list`
--

INSERT INTO `system_export_list` VALUES (1,'person','ข้อมูลครูและบุคลากร'),(2,'student','ข้อมูลพื้นฐานนักเรียน'),(3,'onet','ผลสอบ O-NET'),(4,'plan','แผนปฏิบัติการประจำปี'),(5,'student_check','การมาเรียน'),(6,'health','สุขภาพผู้เรียน');

--
-- Table structure for table `system_export_log`
--

CREATE TABLE `system_export_log` (
  `id` int(11) NOT NULL AUTO_INCREMENT,
  `computer_ip` varchar(25) NOT NULL,
  `requester` varchar(50) NOT NULL,
  `login_time` datetime NOT NULL,
  `data` varchar(20) NOT NULL,
  PRIMARY KEY (`id`)
) ENGINE=MyISAM AUTO_INCREMENT=147 DEFAULT CHARSET=utf8 COLLATE=utf8_general_ci;

--
-- Dumping data for table `system_export_log`
--

INSERT INTO `system_export_log` VALUES (1,'61.19.124.234','amssplus','2018-09-14 12:32:10','person'),(2,'61.19.124.234','amssplus','2018-09-14 13:10:53','person'),(3,'61.19.124.234','amssplus','2018-09-15 09:51:21','person'),(4,'61.19.124.234','amssplus','2018-10-05 06:16:26','student'),(5,'61.19.124.234','amssplus','2019-03-11 09:34:21','student'),(6,'61.19.124.234','amssplus','2019-10-08 13:33:27','student_check'),(7,'122.155.223.9','amssplus','2020-02-19 13:51:02','student'),(8,'122.155.223.9','amssplus','2020-02-19 13:51:05','student'),(9,'122.155.223.9','amssplus','2020-02-20 12:48:51','student'),(10,'122.155.223.9','amssplus','2020-02-21 06:49:50','student'),(11,'122.155.223.9','amssplus','2020-02-21 06:50:09','student'),(12,'122.155.223.9','amssplus','2020-03-30 11:03:52','student_check'),(13,'122.155.223.9','amssplus','2020-07-23 10:20:50','plan'),(14,'122.155.223.9','amssplus','2020-08-05 08:38:36','student'),(15,'192.168.1.6','amssplus','2021-05-29 11:02:25','student'),(16,'192.168.1.6','amssplus','2021-05-29 11:03:40','student'),(17,'192.168.1.6','amssplus','2021-05-29 11:54:17','student'),(18,'192.168.1.6','amssplus','2021-05-29 11:57:13','student'),(19,'192.168.1.6','amssplus','2021-05-29 11:58:15','student'),(20,'192.168.1.6','amssplus','2021-05-29 12:12:49','student'),(21,'192.168.1.6','amssplus','2021-05-29 12:21:59','student'),(22,'192.168.1.6','amssplus','2021-05-29 12:23:45','student'),(23,'192.168.1.6','amssplus','2021-05-29 12:43:53','student'),(24,'192.168.1.6','amssplus','2021-05-29 12:50:39','student'),(25,'192.168.1.6','amssplus','2021-05-29 12:57:15','student'),(26,'192.168.1.6','amssplus','2021-05-29 12:58:20','student'),(27,'192.168.1.6','amssplus','2021-05-29 14:27:33','student'),(28,'192.168.1.6','amssplus','2021-05-29 14:28:07','student'),(29,'192.168.1.6','amssplus','2021-05-29 14:28:35','student'),(30,'192.168.1.6','amssplus','2021-05-29 14:29:13','student'),(31,'192.168.1.6','amssplus','2021-05-29 14:31:46','student'),(32,'10.1.1.3','amssplus','2021-10-06 10:31:13','student'),(33,'10.1.1.3','amssplus','2021-12-28 18:38:18','student'),(34,'10.1.1.3','amssplus','2022-03-21 14:17:18','student'),(35,'10.1.1.3','amssplus','2022-03-23 13:28:30','student'),(36,'10.1.1.3','amssplus','2022-03-23 13:31:19','student'),(37,'10.1.1.3','amssplus','2022-09-06 16:11:57','student'),(38,'10.1.1.3','amssplus','2022-09-15 11:11:50','student'),(39,'','amssplus','2023-01-02 14:23:33','student_check'),(40,'','amssplus','2023-01-02 17:52:52','student_check'),(41,'','amssplus','2023-01-02 17:54:28','student_check'),(42,'','amssplus','2023-01-02 17:55:02','student_check'),(43,'10.1.1.3','amssplus','2023-01-22 00:19:37','student'),(44,'127.0.0.1','amssplus','2023-02-16 09:21:21','student_check'),(45,'127.0.0.1','amssplus','2023-02-16 09:22:07','student_check'),(46,'127.0.0.1','amssplus','2023-02-16 09:33:01','student_check'),(47,'10.1.1.3','amssplus','2023-04-05 09:48:11','student_check'),(48,'10.1.1.3','amssplus','2023-04-05 22:38:04','student_check'),(49,'10.1.1.3','amssplus','2023-04-06 10:24:15','student_check'),(50,'10.1.1.3','amssplus','2023-04-06 10:25:06','student_check'),(51,'10.1.1.3','amssplus','2023-04-06 10:47:27','student_check'),(52,'127.0.0.1','amssplus','2023-04-06 13:12:59','student_check'),(53,'10.1.1.3','amssplus','2023-04-06 13:13:41','student_check'),(54,'10.1.1.3','amssplus','2023-06-15 10:20:14','student_check'),(55,'10.1.1.3','amssplus','2023-06-15 10:56:46','student'),(56,'10.1.1.3','amssplus','2023-06-16 15:16:48','student'),(57,'10.1.1.3','amssplus','2023-07-04 11:26:03','student'),(58,'127.0.0.1','amssplus','2023-07-09 13:16:54','student_check'),(59,'127.0.0.1','amssplus','2023-07-09 13:18:57','student_check'),(60,'127.0.0.1','amssplus','2023-07-09 13:19:45','student_check'),(61,'127.0.0.1','amssplus','2023-07-09 13:20:11','student_check'),(62,'127.0.0.1','amssplus','2023-07-09 13:20:43','student_check'),(63,'127.0.0.1','amssplus','2023-07-09 13:21:38','student_check'),(64,'127.0.0.1','amssplus','2023-07-09 13:21:42','student_check'),(65,'127.0.0.1','amssplus','2023-07-09 13:27:56','student_check'),(66,'127.0.0.1','amssplus','2023-07-09 13:29:11','student_check'),(67,'127.0.0.1','amssplus','2023-07-09 13:31:12','student_check'),(68,'127.0.0.1','amssplus','2023-07-09 13:36:10','student_check'),(69,'127.0.0.1','amssplus','2023-07-09 13:37:15','student_check'),(70,'127.0.0.1','amssplus','2023-07-09 13:37:38','student_check'),(71,'127.0.0.1','amssplus','2023-07-09 13:39:10','student_check'),(72,'127.0.0.1','amssplus','2023-07-09 13:41:17','student_check'),(73,'127.0.0.1','amssplus','2023-07-09 13:42:38','student_check'),(74,'127.0.0.1','amssplus','2023-07-09 13:43:37','student_check'),(75,'127.0.0.1','amssplus','2023-07-09 13:47:31','student_check'),(76,'127.0.0.1','amssplus','2023-07-09 13:59:29','student_check'),(77,'127.0.0.1','amssplus','2023-07-09 14:08:12','student_check'),(78,'127.0.0.1','amssplus','2023-07-09 14:17:24','student_check'),(79,'127.0.0.1','amssplus','2023-07-11 07:57:50','student_check'),(80,'127.0.0.1','amssplus','2023-07-11 07:59:58','student_check'),(81,'127.0.0.1','amssplus','2023-07-11 08:12:59','student_check'),(82,'127.0.0.1','amssplus','2023-07-11 08:13:50','student_check'),(83,'127.0.0.1','amssplus','2023-07-11 08:14:41','student_check'),(84,'127.0.0.1','amssplus','2023-07-26 11:51:21','student_check'),(85,'127.0.0.1','amssplus','2023-07-26 13:31:31','student_check'),(86,'127.0.0.1','amssplus','2023-07-26 13:58:27','student_check'),(87,'127.0.0.1','amssplus','2023-07-26 14:00:13','student_check'),(88,'127.0.0.1','amssplus','2023-07-26 14:01:48','student_check'),(89,'127.0.0.1','amssplus','2023-07-26 14:52:29','student_check'),(90,'127.0.0.1','amssplus','2023-07-26 14:58:06','student_check'),(91,'127.0.0.1','amssplus','2023-07-26 15:02:46','student_check'),(92,'127.0.0.1','amssplus','2023-07-26 15:08:47','student_check'),(93,'127.0.0.1','amssplus','2023-07-26 15:10:41','student_check'),(94,'127.0.0.1','amssplus','2023-07-26 15:11:40','student_check'),(95,'127.0.0.1','amssplus','2023-07-26 15:18:17','student_check'),(96,'127.0.0.1','amssplus','2023-07-26 15:22:04','student_check'),(97,'127.0.0.1','amssplus','2023-07-26 15:27:04','student_check'),(98,'127.0.0.1','amssplus','2023-07-26 15:30:43','student_check'),(99,'127.0.0.1','amssplus','2023-07-26 15:31:51','student_check'),(100,'127.0.0.1','amssplus','2023-07-26 15:32:47','student_check'),(101,'127.0.0.1','amssplus','2023-07-26 15:45:24','student_check'),(102,'127.0.0.1','amssplus','2023-07-26 15:48:39','student_check'),(103,'127.0.0.1','amssplus','2023-07-26 15:50:36','student_check'),(104,'127.0.0.1','amssplus','2023-07-26 15:52:23','student_check'),(105,'127.0.0.1','amssplus','2023-07-26 15:56:54','student_check'),(106,'127.0.0.1','amssplus','2023-07-26 17:13:33','student_check'),(107,'127.0.0.1','amssplus','2023-07-26 17:19:22','student_check'),(108,'127.0.0.1','amssplus','2023-07-26 17:26:14','student_check'),(109,'127.0.0.1','amssplus','2023-07-26 17:27:50','student_check'),(110,'127.0.0.1','amssplus','2023-07-26 17:41:52','student_check'),(111,'10.1.1.3','amssplus','2023-08-24 09:05:23','student_check'),(112,'10.1.1.3','amssplus','2023-08-31 09:02:40','student_check'),(113,'10.1.1.3','amssplus','2023-08-31 09:03:18','student_check'),(114,'10.1.1.3','amssplus','2023-08-31 09:03:38','student_check'),(115,'10.1.1.3','amssplus','2023-09-15 20:09:15','student'),(116,'127.0.0.1','amssplus','2023-10-03 13:00:38','student_check'),(117,'','amssplus','2023-10-25 14:28:35','student_check'),(118,'','amssplus','2023-10-25 14:28:45','student_check'),(119,'','amssplus','2023-10-25 14:28:47','student_check'),(120,'10.255.199.107','amssplus','2023-11-29 08:55:47','student_check'),(121,'10.255.199.107','amssplus','2023-12-15 12:15:49','student_check'),(122,'10.255.199.107','amssplus','2024-01-25 03:50:22','student_check'),(123,'10.255.199.107','amssplus','2024-06-10 11:58:35','student'),(124,'10.255.199.107','amssplus','2024-06-10 12:32:04','student'),(125,'10.255.199.107','amssplus','2024-06-14 10:45:58','student'),(126,'10.255.199.107','amssplus','2024-06-14 10:52:04','student'),(127,'10.255.199.107','amssplus','2024-06-17 04:37:31','person'),(128,'10.255.199.107','amssplus','2024-06-17 04:39:47','person'),(129,'10.255.199.107','amssplus','2024-06-20 04:51:34','student_check'),(130,'10.255.199.107','amssplus','2025-03-11 07:57:41','student_check'),(131,'10.255.199.107','amssplus','2025-03-11 07:58:04','student_check'),(132,'10.255.199.107','amssplus','2025-03-28 01:48:37','student_check'),(133,'10.255.199.107','amssplus','2025-05-29 08:08:41','person'),(134,'10.255.199.107','amssplus','2025-06-08 04:24:51','student'),(135,'10.255.199.107','amssplus','2025-07-30 08:33:26','student_check'),(136,'10.255.199.107','amssplus','2025-08-01 22:22:45','student_check'),(137,'10.255.199.107','amssplus','2025-08-01 22:22:49','student_check'),(138,'10.255.199.107','amssplus','2025-08-14 03:07:55','person'),(139,'10.255.199.107','amssplus','2025-08-14 03:17:53','person'),(140,'10.255.199.107','amssplus','2025-08-14 03:18:32','person'),(141,'10.255.199.107','amssplus','2025-08-14 06:29:22','student'),(142,'10.255.199.107','amssplus','2025-08-14 06:29:33','student'),(143,'10.255.199.107','amssplus','2025-08-14 06:30:04','student'),(144,'10.255.199.107','amssplus','2025-08-29 02:40:16','student_check'),(145,'10.255.199.107','amssplus','2025-09-13 05:43:36','student_check'),(146,'10.255.199.107','amssplus','2025-09-13 05:54:44','student_check');

--
-- Table structure for table `system_export_permission`
--

CREATE TABLE `system_export_permission` (
  `id` int(11) NOT NULL AUTO_INCREMENT,
  `requester` varchar(50) NOT NULL,
  `data_name` varchar(50) NOT NULL,
  `status` tinyint(4) NOT NULL DEFAULT 0,
  PRIMARY KEY (`id`)
) ENGINE=MyISAM AUTO_INCREMENT=7 DEFAULT CHARSET=utf8 COLLATE=utf8_general_ci;

--
-- Dumping data for table `system_export_permission`
--

INSERT INTO `system_export_permission` VALUES (1,'amssplus','plan',1),(2,'amssplus','onet',1),(3,'amssplus','student',1),(4,'amssplus','person',1),(5,'amssplus','student_check',1),(6,'amssplus','health',1);

--
-- Table structure for table `system_module`
--

CREATE TABLE `system_module` (
  `id` int(11) NOT NULL AUTO_INCREMENT,
  `module` varchar(50) NOT NULL,
  `module_desc` varchar(100) NOT NULL,
  `workgroup` tinyint(4) DEFAULT NULL,
  `module_active` tinyint(4) DEFAULT NULL,
  `module_order` int(11) NOT NULL,
  `web_link` tinyint(4) DEFAULT NULL,
  `url` varchar(150) DEFAULT NULL,
  `where_work` tinyint(4) NOT NULL DEFAULT 0,
  `menu_pic` varchar(25) NOT NULL,
  PRIMARY KEY (`id`),
  UNIQUE KEY `module` (`module`)
) ENGINE=MyISAM AUTO_INCREMENT=32 DEFAULT CHARSET=utf8 COLLATE=utf8_general_ci;

--
-- Dumping data for table `system_module`
--

INSERT INTO `system_module` VALUES (1,'budget','การเงินและบัญชี',2,1,23,NULL,NULL,0,'fab fa-btc'),(2,'person','ข้อมูลพื้นฐานครูและบุคลากร',3,1,27,NULL,NULL,0,'fa fa-user-circle'),(3,'standard','มาตรฐานการศึกษา',1,1,19,NULL,NULL,0,''),(4,'health','ตรวจสุขภาพนักเรียน',1,1,5,NULL,NULL,0,''),(5,'student_check','การมาเรียน',1,1,1,0,'',0,'fa fa-child'),(6,'work','﻿การปฏิบัติราชการ',4,1,45,NULL,NULL,0,''),(7,'news','﻿รายงานข่าว',4,1,51,0,'',0,''),(8,'savings','ออมทรัพย์นักเรียน',1,1,3,0,'',0,'fab fa-btc'),(9,'student_main','ข้อมูลพื้นฐานนักเรียน',1,1,7,NULL,NULL,0,'fa fa-child'),(10,'plan','การวางแผน',2,1,21,NULL,NULL,0,''),(11,'la','﻿การลา',4,1,43,NULL,NULL,0,''),(12,'mail','ไปรษณีย์_โรงเรียน',4,1,34,NULL,NULL,0,'fa fa-envelope'),(13,'meeting','﻿จองห้องประชุม',4,1,47,NULL,NULL,0,''),(14,'permission','﻿ขออนุญาตไปราชการ',4,1,41,NULL,NULL,0,''),(15,'achievement','﻿ผลสัมฤทธิ์ทางการเรียน',1,1,17,NULL,NULL,0,'fa fa-graduation-cap'),(16,'cabinet','﻿ตู้เอกสาร',4,1,49,NULL,NULL,0,''),(17,'bookregister','﻿ทะเบียนหนังสือราชการ',4,1,31,NULL,NULL,0,'fa fa-book'),(18,'affair','﻿ภารกิจผู้อำนวยการ',4,1,39,0,'',0,''),(19,'amss_bets','﻿ทดสอบการศึกษา_สพท.',1,1,9,0,'',1,'fa fa-graduation-cap'),(20,'amss_budget','﻿การบริหารงบประมาณ_สพท.',2,1,25,0,'',0,'fab fa-btc'),(21,'amss_mail','﻿ไปรษณีย์_สพท.',4,1,35,0,'',0,'fa fa-envelope'),(22,'amss_opportunity','﻿สิทธิและโอกาสทางการศึกษา',1,1,13,0,'',0,'fa fa-child'),(23,'amss_spacial_student','﻿นักเรียนพิเศษ',1,1,15,0,'',0,'fa fa-child'),(24,'amss_supervision','﻿นิเทศ ติดตาม ประเมินผล',1,1,11,0,'',0,'fa fa-graduation-cap'),(25,'book','﻿รับส่งหนังสือราชการ',4,1,33,0,'',0,'fa fa-book'),(26,'delegate','﻿รักษาการในตำแหน่ง',3,1,29,0,'',0,''),(27,'bets','﻿ระบบทดสอบการศึกษา',1,1,0,0,'',1,'fa fa-graduation-cap'),(28,'warroom','﻿วิเคราะห์สภาพการณ์',1,1,0,0,'',0,'fa fa-filter'),(29,'questionnaire','﻿แบบสอบถาม',4,1,0,0,'',0,''),(30,'idplan','﻿ข้อมูลครูและบุคลากร(ส่วนเพิ่ม)',3,1,0,0,'',0,''),(31,'amss_safety','สถานศึกษาปลอดภัย',1,1,0,0,'',0,'');

--
-- Table structure for table `system_module_admin`
--

CREATE TABLE `system_module_admin` (
  `id` int(11) NOT NULL AUTO_INCREMENT,
  `person_id` varchar(13) NOT NULL,
  `module` varchar(30) NOT NULL,
  `officer` varchar(13) NOT NULL,
  `rec_date` date NOT NULL,
  PRIMARY KEY (`id`)
) ENGINE=MyISAM AUTO_INCREMENT=236 DEFAULT CHARSET=utf8 COLLATE=utf8_general_ci;

--
-- Dumping data for table `system_module_admin`
--

INSERT INTO `system_module_admin` VALUES (33,'5419990012102','permission','7777','2014-09-14'),(3,'5419990012102','achievement','7777','2014-09-14'),(4,'3349900573139','budget','7777','2014-09-14'),(5,'1341500090005','health','7777','2014-09-14'),(37,'5419990012102','person','7777','2014-09-14'),(47,'1341500051298','savings','7777','2014-12-09'),(8,'5330300012681','plan','7777','2014-09-14'),(36,'5419990012102','cabinet','7777','2014-09-14'),(10,'3349900573139','savings','7777','2014-09-14'),(11,'5419990012102','standard','7777','2014-09-14'),(26,'3349900573139','cabinet','7777','2014-09-14'),(14,'1341500090005','student_check','7777','2014-12-09'),(15,'5419990012102','bookregister','7777','2014-09-14'),(176,'1341500090005','work','1330300178293','2018-09-17'),(30,'5419990012102','mail','7777','2014-09-14'),(18,'5330300012681','la','7777','2014-09-14'),(34,'5330300012681','work','7777','2014-09-14'),(20,'3349900573139','student_main','7777','2014-09-14'),(35,'5419990012102','student_main','7777','2014-09-14'),(32,'5330300012681','permission','7777','2014-09-14'),(31,'3349900573139','meeting','7777','2014-09-14'),(38,'1341500090005','savings','7777','2014-09-14'),(39,'5419990012102','savings','7777','2014-09-14'),(40,'5419990012102','student_check','7777','2014-12-09'),(41,'3349900573139','student_check','7777','2014-12-09'),(42,'1341500090005','student_main','7777','2014-12-09'),(43,'3349900195126','student_main','7777','2014-12-09'),(44,'1341500051298','student_main','7777','2014-12-09'),(117,'1341500090005','budget','1330300178293','2018-09-17'),(46,'1341500009828','news','7777','2014-12-09'),(48,'3349900195126','savings','7777','2014-12-09'),(49,'1341500009828','permission','7777','2014-12-09'),(50,'1341500090005','permission','7777','2014-12-09'),(51,'1341500051298','permission','7777','2014-12-09'),(52,'3349900195126','permission','7777','2014-12-09'),(53,'3349900573139','permission','7777','2014-12-09'),(54,'3349900573139','plan','7777','2015-08-09'),(55,'3349900573139','person','7777','2015-08-09'),(122,'1341500090005','cabinet','1330300178293','2018-09-17'),(57,'1341500009828','plan','7777','2015-08-09'),(58,'1330300178293','amss_mail','7777','2018-09-14'),(59,'1330300178293','book','7777','2018-09-14'),(60,'1330300178293','bookregister','7777','2018-09-14'),(61,'3342000207407','work','1330300178293','2018-09-15'),(62,'3342000207407','book','1330300178293','2018-09-15'),(63,'3349900573139','book','1330300178293','2018-09-15'),(64,'5419990012102','book','1330300178293','2018-09-15'),(65,'1341500090005','book','1330300178293','2018-09-15'),(66,'5330300012681','book','1330300178293','2018-09-15'),(67,'3342000207407','bookregister','1330300178293','2018-09-15'),(68,'3342000207407','student_check','1330300178293','2018-09-15'),(69,'3342000207407','student_main','1330300178293','2018-09-15'),(70,'1330300178293','student_main','1330300178293','2018-09-15'),(71,'1330300178293','student_check','1330300178293','2018-09-15'),(72,'1330300178293','work','1330300178293','2018-09-17'),(73,'1330300178293','cabinet','1330300178293','2018-09-17'),(74,'1341500090005','achievement','1330300178293','2018-09-17'),(75,'3349900573139','achievement','1330300178293','2018-09-17'),(76,'3342000207407','achievement','1330300178293','2018-09-17'),(77,'5330300012681','achievement','1330300178293','2018-09-17'),(78,'1330300178293','achievement','1330300178293','2018-09-17'),(79,'1341500090005','amss_bets','1330300178293','2018-09-17'),(80,'3349900573139','amss_bets','1330300178293','2018-09-17'),(81,'3342000207407','amss_bets','1330300178293','2018-09-17'),(82,'5419990012102','amss_bets','1330300178293','2018-09-17'),(83,'5330300012681','amss_bets','1330300178293','2018-09-17'),(84,'1330300178293','amss_bets','1330300178293','2018-09-17'),(85,'1341500090005','amss_budget','1330300178293','2018-09-17'),(86,'3349900573139','amss_budget','1330300178293','2018-09-17'),(87,'3342000207407','amss_budget','1330300178293','2018-09-17'),(88,'5419990012102','amss_budget','1330300178293','2018-09-17'),(89,'5330300012681','amss_budget','1330300178293','2018-09-17'),(90,'1330300178293','amss_budget','1330300178293','2018-09-17'),(91,'1341500090005','amss_mail','1330300178293','2018-09-17'),(92,'3349900573139','amss_mail','1330300178293','2018-09-17'),(93,'3342000207407','amss_mail','1330300178293','2018-09-17'),(94,'5419990012102','amss_mail','1330300178293','2018-09-17'),(95,'5330300012681','amss_mail','1330300178293','2018-09-17'),(96,'1341500090005','amss_opportunity','1330300178293','2018-09-17'),(97,'3349900573139','amss_opportunity','1330300178293','2018-09-17'),(98,'3342000207407','amss_opportunity','1330300178293','2018-09-17'),(99,'5419990012102','amss_opportunity','1330300178293','2018-09-17'),(100,'5330300012681','amss_opportunity','1330300178293','2018-09-17'),(101,'1330300178293','amss_opportunity','1330300178293','2018-09-17'),(102,'1341500090005','amss_spacial_student','1330300178293','2018-09-17'),(103,'3349900573139','amss_spacial_student','1330300178293','2018-09-17'),(104,'3342000207407','amss_spacial_student','1330300178293','2018-09-17'),(105,'5419990012102','amss_spacial_student','1330300178293','2018-09-17'),(106,'5330300012681','amss_spacial_student','1330300178293','2018-09-17'),(107,'1330300178293','amss_spacial_student','1330300178293','2018-09-17'),(108,'1341500090005','amss_supervision','1330300178293','2018-09-17'),(109,'3349900573139','amss_supervision','1330300178293','2018-09-17'),(110,'3342000207407','amss_supervision','1330300178293','2018-09-17'),(111,'5419990012102','amss_supervision','1330300178293','2018-09-17'),(112,'5330300012681','amss_supervision','1330300178293','2018-09-17'),(113,'1330300178293','amss_supervision','1330300178293','2018-09-17'),(114,'1341500090005','bookregister','1330300178293','2018-09-17'),(115,'3349900573139','bookregister','1330300178293','2018-09-17'),(116,'5330300012681','bookregister','1330300178293','2018-09-17'),(118,'3342000207407','budget','1330300178293','2018-09-17'),(119,'5419990012102','budget','1330300178293','2018-09-17'),(120,'5330300012681','budget','1330300178293','2018-09-17'),(121,'1330300178293','budget','1330300178293','2018-09-17'),(123,'3342000207407','cabinet','1330300178293','2018-09-17'),(124,'5330300012681','cabinet','1330300178293','2018-09-17'),(125,'1341500090005','delegate','1330300178293','2018-09-17'),(126,'3349900573139','delegate','1330300178293','2018-09-17'),(127,'3342000207407','delegate','1330300178293','2018-09-17'),(128,'5419990012102','delegate','1330300178293','2018-09-17'),(129,'5330300012681','delegate','1330300178293','2018-09-17'),(130,'1330300178293','delegate','1330300178293','2018-09-17'),(131,'3349900573139','health','1330300178293','2018-09-17'),(132,'3342000207407','health','1330300178293','2018-09-17'),(133,'5419990012102','health','1330300178293','2018-09-17'),(134,'5330300012681','health','1330300178293','2018-09-17'),(135,'1330300178293','health','1330300178293','2018-09-17'),(136,'1341500090005','la','1330300178293','2018-09-17'),(137,'3342000207407','la','1330300178293','2018-09-17'),(138,'3349900573139','la','1330300178293','2018-09-17'),(139,'5419990012102','la','1330300178293','2018-09-17'),(140,'1330300178293','la','1330300178293','2018-09-17'),(141,'1341500090005','mail','1330300178293','2018-09-17'),(142,'3349900573139','mail','1330300178293','2018-09-17'),(143,'3342000207407','mail','1330300178293','2018-09-17'),(144,'5330300012681','mail','1330300178293','2018-09-17'),(145,'1330300178293','mail','1330300178293','2018-09-17'),(146,'1341500090005','meeting','1330300178293','2018-09-17'),(147,'3342000207407','meeting','1330300178293','2018-09-17'),(148,'5419990012102','meeting','1330300178293','2018-09-17'),(149,'5330300012681','meeting','1330300178293','2018-09-17'),(150,'1330300178293','meeting','1330300178293','2018-09-17'),(151,'1341500090005','news','1330300178293','2018-09-17'),(152,'3349900573139','news','1330300178293','2018-09-17'),(153,'3342000207407','news','1330300178293','2018-09-17'),(154,'5419990012102','news','1330300178293','2018-09-17'),(155,'5330300012681','news','1330300178293','2018-09-17'),(156,'1330300178293','news','1330300178293','2018-09-17'),(157,'3342000207407','permission','1330300178293','2018-09-17'),(158,'1330300178293','permission','1330300178293','2018-09-17'),(159,'1341500090005','person','1330300178293','2018-09-17'),(160,'3342000207407','person','1330300178293','2018-09-17'),(161,'5330300012681','person','1330300178293','2018-09-17'),(162,'1330300178293','person','1330300178293','2018-09-17'),(163,'1341500090005','plan','1330300178293','2018-09-17'),(164,'3342000207407','plan','1330300178293','2018-09-17'),(165,'5419990012102','plan','1330300178293','2018-09-17'),(166,'1330300178293','plan','1330300178293','2018-09-17'),(167,'3342000207407','savings','1330300178293','2018-09-17'),(168,'5330300012681','savings','1330300178293','2018-09-17'),(169,'1330300178293','savings','1330300178293','2018-09-17'),(170,'1341500090005','standard','1330300178293','2018-09-17'),(171,'3349900573139','standard','1330300178293','2018-09-17'),(172,'3342000207407','standard','1330300178293','2018-09-17'),(173,'5330300012681','standard','1330300178293','2018-09-17'),(174,'1330300178293','standard','1330300178293','2018-09-17'),(175,'5330300012681','student_check','1330300178293','2018-09-17'),(177,'3349900573139','work','1330300178293','2018-09-17'),(178,'5419990012102','work','1330300178293','2018-09-17'),(179,'3451000805345','achievement','1330300178293','2018-10-11'),(180,'3451000805345','affair','1330300178293','2018-10-11'),(181,'3451000805345','amss_bets','1330300178293','2018-10-11'),(182,'3451000805345','amss_budget','1330300178293','2018-10-11'),(183,'3451000805345','amss_mail','1330300178293','2018-10-11'),(184,'3451000805345','amss_opportunity','1330300178293','2018-10-11'),(185,'3451000805345','amss_spacial_student','1330300178293','2018-10-11'),(186,'3451000805345','amss_supervision','1330300178293','2018-10-11'),(187,'3451000805345','book','1330300178293','2018-10-11'),(188,'3451000805345','bookregister','1330300178293','2018-10-11'),(189,'3451000805345','budget','1330300178293','2018-10-11'),(190,'3451000805345','cabinet','1330300178293','2018-10-11'),(191,'3451000805345','delegate','1330300178293','2018-10-11'),(192,'3451000805345','health','1330300178293','2018-10-11'),(193,'3451000805345','la','1330300178293','2018-10-11'),(194,'3451000805345','mail','1330300178293','2018-10-11'),(195,'3451000805345','meeting','1330300178293','2018-10-11'),(196,'3451000805345','news','1330300178293','2018-10-11'),(197,'3451000805345','permission','1330300178293','2018-10-11'),(198,'3451000805345','person','1330300178293','2018-10-11'),(199,'3451000805345','plan','1330300178293','2018-10-11'),(200,'3451000805345','savings','1330300178293','2018-10-11'),(201,'3451000805345','standard','1330300178293','2018-10-11'),(202,'3451000805345','student_check','1330300178293','2018-10-11'),(203,'3451000805345','student_main','1330300178293','2018-10-11'),(204,'3451000805345','work','1330300178293','2018-10-11'),(205,'1342200061957','achievement','1330300178293','2018-11-02'),(206,'1342200061957','affair','1330300178293','2018-11-02'),(207,'1342200061957','amss_bets','1330300178293','2018-11-02'),(208,'1342200061957','amss_budget','1330300178293','2018-11-02'),(209,'1342200061957','amss_mail','1330300178293','2018-11-02'),(210,'1342200061957','amss_opportunity','1330300178293','2018-11-02'),(211,'1342200061957','amss_spacial_student','1330300178293','2018-11-02'),(212,'1342200061957','amss_supervision','1330300178293','2018-11-02'),(213,'1342200061957','book','1330300178293','2018-11-02'),(214,'1342200061957','bookregister','1330300178293','2018-11-02'),(215,'1342200061957','budget','1330300178293','2018-11-02'),(216,'1342200061957','cabinet','1330300178293','2018-11-02'),(217,'1342200061957','delegate','1330300178293','2018-11-02'),(218,'1342200061957','health','1330300178293','2018-11-02'),(219,'1342200061957','la','1330300178293','2018-11-02'),(220,'1342200061957','mail','1330300178293','2018-11-02'),(221,'1342200061957','meeting','1330300178293','2018-11-02'),(222,'1342200061957','news','1330300178293','2018-11-02'),(223,'1342200061957','permission','1330300178293','2018-11-02'),(224,'1342200061957','person','1330300178293','2018-11-02'),(225,'1342200061957','plan','1330300178293','2018-11-02'),(226,'1342200061957','savings','1330300178293','2018-11-02'),(227,'1342200061957','standard','1330300178293','2018-11-02'),(228,'1342200061957','student_check','1330300178293','2018-11-02'),(229,'1342200061957','student_main','1330300178293','2018-11-02'),(230,'1342200061957','work','1330300178293','2018-11-02'),(231,'1342200061957','bets','1342200061957','2018-11-14'),(232,'1342200061957','questionnaire','1342200061957','2021-06-21'),(233,'1341500090005','questionnaire','1342200061957','2021-06-21'),(234,'5419990012102','questionnaire','1342200061957','2021-06-21'),(235,'3451000805345','questionnaire','1342200061957','2021-06-21');

--
-- Table structure for table `system_school_name`
--

CREATE TABLE `system_school_name` (
  `id` tinyint(4) NOT NULL,
  `school_name` varchar(200) NOT NULL,
  `school_type` tinyint(4) NOT NULL DEFAULT 0,
  PRIMARY KEY (`id`)
) ENGINE=MyISAM DEFAULT CHARSET=utf8 COLLATE=utf8_general_ci;

--
-- Dumping data for table `system_school_name`
--

INSERT INTO `system_school_name` VALUES (1,'โรงเรียนบ้านนาโหนนน้อย',0);

--
-- Table structure for table `system_sync_code`
--

CREATE TABLE `system_sync_code` (
  `id` tinyint(4) NOT NULL AUTO_INCREMENT,
  `office_code` varchar(10) NOT NULL,
  `system_name` varchar(50) NOT NULL,
  `sync_code` varchar(50) NOT NULL,
  `amssplus_url` varchar(100) NOT NULL,
  PRIMARY KEY (`id`),
  UNIQUE KEY `system_name` (`system_name`)
) ENGINE=MyISAM AUTO_INCREMENT=5 DEFAULT CHARSET=utf8 COLLATE=utf8_general_ci;

--
-- Dumping data for table `system_sync_code`
--

INSERT INTO `system_sync_code` VALUES (4,'34040024','amssplus','34040024','http://10.255.199.107/amssplus');

--
-- Table structure for table `system_version`
--

CREATE TABLE `system_version` (
  `id` int(11) NOT NULL AUTO_INCREMENT,
  `smss_version` varchar(100) NOT NULL,
  `status1` int(11) DEFAULT NULL,
  `status2` int(11) DEFAULT NULL,
  `status3` int(11) DEFAULT NULL,
  `status4` int(11) DEFAULT NULL,
  `status5` int(11) DEFAULT NULL,
  PRIMARY KEY (`id`)
) ENGINE=MyISAM AUTO_INCREMENT=2 DEFAULT CHARSET=utf8 COLLATE=utf8_general_ci;

--
-- Dumping data for table `system_version`
--

INSERT INTO `system_version` VALUES (1,'6.4',1,0,0,0,0);

--
-- Table structure for table `system_workgroup`
--

CREATE TABLE `system_workgroup` (
  `id` tinyint(4) NOT NULL AUTO_INCREMENT,
  `workgroup` tinyint(4) NOT NULL,
  `workgroup_desc` varchar(50) NOT NULL,
  `workgroup_order` int(11) NOT NULL,
  PRIMARY KEY (`id`),
  UNIQUE KEY `workgroup` (`workgroup`)
) ENGINE=MyISAM AUTO_INCREMENT=5 DEFAULT CHARSET=utf8 COLLATE=utf8_general_ci;

--
-- Dumping data for table `system_workgroup`
--

INSERT INTO `system_workgroup` VALUES (1,1,'บริหารวิชาการ',4),(2,2,'บริหารงบประมาณ',6),(3,3,'บริหารงานบุคคล',8),(4,4,'บริหารทั่วไป',10);

--
-- Table structure for table `work_main`
--

CREATE TABLE `work_main` (
  `id` int(11) NOT NULL AUTO_INCREMENT,
  `work_date` date NOT NULL,
  `person_id` varchar(13) NOT NULL,
  `work` tinyint(4) NOT NULL DEFAULT 0,
  `comment` varchar(150) DEFAULT NULL,
  `rec_date` datetime NOT NULL,
  `officer` varchar(13) NOT NULL,
  PRIMARY KEY (`id`),
  KEY `work_date` (`work_date`),
  KEY `person_id` (`person_id`)
) ENGINE=MyISAM AUTO_INCREMENT=430 DEFAULT CHARSET=utf8 COLLATE=utf8_general_ci;

--
-- Dumping data for table `work_main`
--

INSERT INTO `work_main` VALUES (1,'2018-11-13','5330300012681',1,NULL,'2018-11-14 11:32:24','1342200061957'),(2,'2018-11-13','3342000207407',1,NULL,'2018-11-14 11:32:24','1342200061957'),(3,'2018-11-13','5419990012102',1,NULL,'2018-11-14 11:32:24','1342200061957'),(4,'2018-11-13','3349900573139',1,NULL,'2018-11-14 11:32:24','1342200061957'),(5,'2018-11-13','3451000805345',1,NULL,'2018-11-14 11:32:24','1342200061957'),(6,'2018-11-13','1341500090005',1,NULL,'2018-11-14 11:32:24','1342200061957'),(7,'2018-11-13','1330300178293',9,NULL,'2018-11-14 11:32:24','1342200061957'),(8,'2018-11-13','1342200061957',1,NULL,'2018-11-14 11:32:24','1342200061957'),(9,'2018-11-29','5330300012681',1,NULL,'2018-11-29 11:32:37','5330300012681'),(10,'2018-11-29','3342000207407',1,NULL,'2018-11-29 11:32:37','5330300012681'),(11,'2018-11-29','5419990012102',1,NULL,'2018-11-29 11:32:37','5330300012681'),(12,'2018-11-29','3349900573139',1,NULL,'2018-11-29 11:32:37','5330300012681'),(13,'2018-11-29','3451000805345',1,NULL,'2018-11-29 11:32:37','5330300012681'),(14,'2018-11-29','1341500090005',1,NULL,'2018-11-29 11:32:37','5330300012681'),(15,'2018-11-29','1330300178293',1,NULL,'2018-11-29 11:32:37','5330300012681'),(16,'2018-11-29','1342200061957',2,NULL,'2018-11-29 11:32:37','5330300012681'),(17,'2018-11-28','5330300012681',1,NULL,'2018-11-29 11:33:53','5330300012681'),(18,'2018-11-28','3342000207407',1,NULL,'2018-11-29 11:33:53','5330300012681'),(19,'2018-11-28','5419990012102',1,NULL,'2018-11-29 11:33:53','5330300012681'),(20,'2018-11-28','3349900573139',1,NULL,'2018-11-29 11:33:53','5330300012681'),(21,'2018-11-28','3451000805345',1,NULL,'2018-11-29 11:33:53','5330300012681'),(22,'2018-11-28','1341500090005',1,NULL,'2018-11-29 11:33:53','5330300012681'),(23,'2018-11-28','1342200061957',1,NULL,'2018-11-29 11:33:53','5330300012681'),(24,'2018-11-28','1330300178293',9,NULL,'2018-11-29 11:33:53','5330300012681'),(25,'2018-11-27','5330300012681',1,NULL,'2018-11-29 11:34:07','5330300012681'),(26,'2018-11-27','3342000207407',1,NULL,'2018-11-29 11:34:07','5330300012681'),(27,'2018-11-27','5419990012102',1,NULL,'2018-11-29 11:34:07','5330300012681'),(28,'2018-11-27','3349900573139',1,NULL,'2018-11-29 11:34:07','5330300012681'),(29,'2018-11-27','3451000805345',1,NULL,'2018-11-29 11:34:07','5330300012681'),(30,'2018-11-27','1341500090005',1,NULL,'2018-11-29 11:34:07','5330300012681'),(31,'2018-11-27','1330300178293',9,NULL,'2018-11-29 11:34:07','5330300012681'),(32,'2018-11-27','1342200061957',1,NULL,'2018-11-29 11:34:07','5330300012681'),(33,'2019-09-05','5330300012681',1,NULL,'2019-09-05 09:42:42','1342200061957'),(34,'2019-09-05','3342000207407',1,NULL,'2019-09-05 09:42:42','1342200061957'),(35,'2019-09-05','5419990012102',1,NULL,'2019-09-05 09:42:42','1342200061957'),(36,'2019-09-05','3349900573139',1,NULL,'2019-09-05 09:42:42','1342200061957'),(37,'2019-09-05','3451000805345',1,NULL,'2019-09-05 09:42:42','1342200061957'),(38,'2019-09-05','1341500090005',1,NULL,'2019-09-05 09:42:42','1342200061957'),(39,'2019-09-05','1342200061957',1,NULL,'2019-09-05 09:42:42','1342200061957'),(40,'2019-09-04','5330300012681',1,NULL,'2019-09-05 09:43:06','1342200061957'),(41,'2019-09-04','3342000207407',1,NULL,'2019-09-05 09:43:06','1342200061957'),(42,'2019-09-04','5419990012102',1,NULL,'2019-09-05 09:43:06','1342200061957'),(43,'2019-09-04','3349900573139',1,NULL,'2019-09-05 09:43:06','1342200061957'),(44,'2019-09-04','3451000805345',1,NULL,'2019-09-05 09:43:06','1342200061957'),(45,'2019-09-04','1341500090005',1,NULL,'2019-09-05 09:43:06','1342200061957'),(46,'2019-09-04','1342200061957',1,NULL,'2019-09-05 09:43:06','1342200061957'),(47,'2019-09-03','5330300012681',1,NULL,'2019-09-05 09:43:19','1342200061957'),(48,'2019-09-03','3342000207407',1,NULL,'2019-09-05 09:43:19','1342200061957'),(49,'2019-09-03','5419990012102',1,NULL,'2019-09-05 09:43:19','1342200061957'),(50,'2019-09-03','3349900573139',1,NULL,'2019-09-05 09:43:19','1342200061957'),(51,'2019-09-03','3451000805345',1,NULL,'2019-09-05 09:43:19','1342200061957'),(52,'2019-09-03','1341500090005',1,NULL,'2019-09-05 09:43:19','1342200061957'),(53,'2019-09-03','1342200061957',1,NULL,'2019-09-05 09:43:19','1342200061957'),(54,'2019-09-02','5330300012681',1,NULL,'2019-09-05 09:43:34','1342200061957'),(55,'2019-09-02','3342000207407',1,NULL,'2019-09-05 09:43:34','1342200061957'),(56,'2019-09-02','5419990012102',1,NULL,'2019-09-05 09:43:34','1342200061957'),(57,'2019-09-02','3349900573139',1,NULL,'2019-09-05 09:43:34','1342200061957'),(58,'2019-09-02','3451000805345',1,NULL,'2019-09-05 09:43:34','1342200061957'),(59,'2019-09-02','1341500090005',1,NULL,'2019-09-05 09:43:34','1342200061957'),(60,'2019-09-02','1342200061957',1,NULL,'2019-09-05 09:43:34','1342200061957'),(61,'2020-02-11','3342000207407',1,NULL,'2020-02-11 13:36:19','1342200061957'),(62,'2020-02-11','5419990012102',1,NULL,'2020-02-11 13:36:19','1342200061957'),(63,'2020-02-11','3349900573139',1,NULL,'2020-02-11 13:36:19','1342200061957'),(64,'2020-02-11','3451000805345',1,NULL,'2020-02-11 13:36:19','1342200061957'),(65,'2020-02-11','1341500090005',1,NULL,'2020-02-11 13:36:19','1342200061957'),(66,'2020-02-11','1342200061957',1,NULL,'2020-02-11 13:36:19','1342200061957'),(67,'2020-06-19','1342200061957',1,NULL,'2020-06-19 13:28:42','1342200061957'),(68,'2020-06-19','3342000207407',1,NULL,'2020-06-19 13:28:42','1342200061957'),(69,'2020-06-19','5419990012102',1,NULL,'2020-06-19 13:28:42','1342200061957'),(70,'2020-06-19','3349900573139',1,NULL,'2020-06-19 13:28:42','1342200061957'),(71,'2020-06-19','3451000805345',1,NULL,'2020-06-19 13:28:42','1342200061957'),(72,'2020-06-19','1341500090005',1,NULL,'2020-06-19 13:28:42','1342200061957'),(73,'2020-06-18','3342000207407',1,NULL,'2020-06-19 13:28:50','1342200061957'),(74,'2020-06-18','5419990012102',1,NULL,'2020-06-19 13:28:50','1342200061957'),(75,'2020-06-18','3349900573139',1,NULL,'2020-06-19 13:28:50','1342200061957'),(76,'2020-06-18','3451000805345',1,NULL,'2020-06-19 13:28:50','1342200061957'),(77,'2020-06-18','1341500090005',1,NULL,'2020-06-19 13:28:50','1342200061957'),(78,'2020-06-18','1342200061957',1,NULL,'2020-06-19 13:28:50','1342200061957'),(79,'2023-08-28','3342000207407',1,NULL,'2023-08-28 14:48:10','3349900573139'),(80,'2023-08-28','3349900573139',1,NULL,'2023-08-28 14:48:10','3349900573139'),(81,'2023-08-28','1340700275482',1,NULL,'2023-08-28 14:48:10','3349900573139'),(82,'2023-08-28','1349900865443',1,NULL,'2023-08-28 14:48:10','3349900573139'),(83,'2023-08-28','1342200061957',1,NULL,'2023-08-28 14:48:10','3349900573139'),(84,'2023-08-25','1342200061957',1,NULL,'2023-08-28 14:48:37','3349900573139'),(85,'2023-08-25','3342000207407',1,NULL,'2023-08-28 14:48:37','3349900573139'),(86,'2023-08-25','3349900573139',1,NULL,'2023-08-28 14:48:37','3349900573139'),(87,'2023-08-25','1340700275482',1,NULL,'2023-08-28 14:48:37','3349900573139'),(88,'2023-08-25','1349900865443',1,NULL,'2023-08-28 14:48:37','3349900573139'),(89,'2023-08-03','3342000207407',1,NULL,'2023-08-28 14:51:35','3349900573139'),(90,'2023-08-03','3349900573139',3,NULL,'2023-08-28 14:51:35','3349900573139'),(91,'2023-08-03','1340700275482',1,NULL,'2023-08-28 14:51:35','3349900573139'),(92,'2023-08-03','1349900865443',2,NULL,'2023-08-28 14:51:35','3349900573139'),(93,'2023-08-03','1342200061957',1,NULL,'2023-08-28 14:51:35','3349900573139'),(94,'2023-08-07','3342000207407',1,NULL,'2023-08-28 14:49:44','3349900573139'),(95,'2023-08-07','3349900573139',1,NULL,'2023-08-28 14:49:44','3349900573139'),(96,'2023-08-07','1340700275482',1,NULL,'2023-08-28 14:49:44','3349900573139'),(97,'2023-08-07','1349900865443',1,NULL,'2023-08-28 14:49:44','3349900573139'),(98,'2023-08-07','1342200061957',1,NULL,'2023-08-28 14:49:44','3349900573139'),(99,'2023-08-04','3342000207407',1,NULL,'2023-08-28 14:50:27','3349900573139'),(100,'2023-08-04','3349900573139',3,NULL,'2023-08-28 14:50:27','3349900573139'),(101,'2023-08-04','1340700275482',1,NULL,'2023-08-28 14:50:27','3349900573139'),(102,'2023-08-04','1349900865443',1,NULL,'2023-08-28 14:50:27','3349900573139'),(103,'2023-08-04','1342200061957',1,NULL,'2023-08-28 14:50:27','3349900573139'),(104,'2023-08-08','3342000207407',1,NULL,'2023-08-28 14:50:40','3349900573139'),(105,'2023-08-08','3349900573139',1,NULL,'2023-08-28 14:50:40','3349900573139'),(106,'2023-08-08','1340700275482',1,NULL,'2023-08-28 14:50:40','3349900573139'),(107,'2023-08-08','1349900865443',1,NULL,'2023-08-28 14:50:40','3349900573139'),(108,'2023-08-08','1342200061957',1,NULL,'2023-08-28 14:50:40','3349900573139'),(109,'2023-08-09','3342000207407',1,NULL,'2023-08-28 14:50:47','3349900573139'),(110,'2023-08-09','3349900573139',1,NULL,'2023-08-28 14:50:47','3349900573139'),(111,'2023-08-09','1340700275482',1,NULL,'2023-08-28 14:50:47','3349900573139'),(112,'2023-08-09','1349900865443',1,NULL,'2023-08-28 14:50:47','3349900573139'),(113,'2023-08-09','1342200061957',1,NULL,'2023-08-28 14:50:47','3349900573139'),(114,'2023-08-10','3342000207407',1,NULL,'2023-08-28 14:51:11','3349900573139'),(115,'2023-08-10','3349900573139',1,NULL,'2023-08-28 14:51:11','3349900573139'),(116,'2023-08-10','1340700275482',1,NULL,'2023-08-28 14:51:11','3349900573139'),(117,'2023-08-10','1349900865443',1,NULL,'2023-08-28 14:51:11','3349900573139'),(118,'2023-08-10','1342200061957',1,NULL,'2023-08-28 14:51:11','3349900573139'),(119,'2023-08-11','3342000207407',2,NULL,'2023-08-28 14:53:07','3349900573139'),(120,'2023-08-11','3349900573139',1,NULL,'2023-08-28 14:53:07','3349900573139'),(121,'2023-08-11','1340700275482',1,NULL,'2023-08-28 14:53:07','3349900573139'),(122,'2023-08-11','1349900865443',1,NULL,'2023-08-28 14:53:07','3349900573139'),(123,'2023-08-11','1342200061957',1,NULL,'2023-08-28 14:53:07','3349900573139'),(124,'2023-08-15','3342000207407',1,NULL,'2023-08-28 14:53:33','3349900573139'),(125,'2023-08-15','3349900573139',1,NULL,'2023-08-28 14:53:33','3349900573139'),(126,'2023-08-15','1340700275482',1,NULL,'2023-08-28 14:53:33','3349900573139'),(127,'2023-08-15','1349900865443',1,NULL,'2023-08-28 14:53:33','3349900573139'),(128,'2023-08-15','1342200061957',1,NULL,'2023-08-28 14:53:33','3349900573139'),(129,'2023-08-16','3342000207407',1,NULL,'2023-08-28 14:53:47','3349900573139'),(130,'2023-08-16','3349900573139',1,NULL,'2023-08-28 14:53:47','3349900573139'),(131,'2023-08-16','1340700275482',1,NULL,'2023-08-28 14:53:47','3349900573139'),(132,'2023-08-16','1349900865443',1,NULL,'2023-08-28 14:53:47','3349900573139'),(133,'2023-08-16','1342200061957',1,NULL,'2023-08-28 14:53:47','3349900573139'),(134,'2023-08-17','3342000207407',1,NULL,'2023-08-28 14:54:09','3349900573139'),(135,'2023-08-17','3349900573139',1,NULL,'2023-08-28 14:54:09','3349900573139'),(136,'2023-08-17','1340700275482',1,NULL,'2023-08-28 14:54:09','3349900573139'),(137,'2023-08-17','1349900865443',1,NULL,'2023-08-28 14:54:09','3349900573139'),(138,'2023-08-17','1342200061957',1,NULL,'2023-08-28 14:54:09','3349900573139'),(139,'2023-08-18','3342000207407',1,NULL,'2023-08-28 14:54:18','3349900573139'),(140,'2023-08-18','3349900573139',1,NULL,'2023-08-28 14:54:18','3349900573139'),(141,'2023-08-18','1340700275482',1,NULL,'2023-08-28 14:54:18','3349900573139'),(142,'2023-08-18','1349900865443',1,NULL,'2023-08-28 14:54:18','3349900573139'),(143,'2023-08-18','1342200061957',1,NULL,'2023-08-28 14:54:18','3349900573139'),(144,'2023-08-21','3342000207407',1,NULL,'2023-08-28 14:54:31','3349900573139'),(145,'2023-08-21','3349900573139',1,NULL,'2023-08-28 14:54:31','3349900573139'),(146,'2023-08-21','1340700275482',1,NULL,'2023-08-28 14:54:31','3349900573139'),(147,'2023-08-21','1349900865443',2,NULL,'2023-08-28 14:54:31','3349900573139'),(148,'2023-08-21','1342200061957',1,NULL,'2023-08-28 14:54:31','3349900573139'),(149,'2023-08-22','3342000207407',1,NULL,'2023-08-28 14:54:39','3349900573139'),(150,'2023-08-22','3349900573139',1,NULL,'2023-08-28 14:54:39','3349900573139'),(151,'2023-08-22','1340700275482',1,NULL,'2023-08-28 14:54:39','3349900573139'),(152,'2023-08-22','1349900865443',1,NULL,'2023-08-28 14:54:39','3349900573139'),(153,'2023-08-22','1342200061957',1,NULL,'2023-08-28 14:54:39','3349900573139'),(154,'2023-08-23','3342000207407',1,NULL,'2023-08-28 14:54:53','3349900573139'),(155,'2023-08-23','3349900573139',1,NULL,'2023-08-28 14:54:53','3349900573139'),(156,'2023-08-23','1340700275482',1,NULL,'2023-08-28 14:54:53','3349900573139'),(157,'2023-08-23','1349900865443',1,NULL,'2023-08-28 14:54:53','3349900573139'),(158,'2023-08-23','1342200061957',1,NULL,'2023-08-28 14:54:53','3349900573139'),(159,'2023-08-24','3342000207407',1,NULL,'2023-08-28 14:55:14','3349900573139'),(160,'2023-08-24','3349900573139',1,NULL,'2023-08-28 14:55:14','3349900573139'),(161,'2023-08-24','1340700275482',1,NULL,'2023-08-28 14:55:14','3349900573139'),(162,'2023-08-24','1349900865443',1,NULL,'2023-08-28 14:55:14','3349900573139'),(163,'2023-08-24','1342200061957',1,NULL,'2023-08-28 14:55:14','3349900573139'),(164,'2023-07-03','3342000207407',1,NULL,'2023-08-28 14:58:34','3349900573139'),(165,'2023-07-03','3349900573139',1,NULL,'2023-08-28 14:58:34','3349900573139'),(166,'2023-07-03','1340700275482',1,NULL,'2023-08-28 14:58:34','3349900573139'),(167,'2023-07-03','1349900865443',1,NULL,'2023-08-28 14:58:34','3349900573139'),(168,'2023-07-03','1342200061957',1,NULL,'2023-08-28 14:58:34','3349900573139'),(169,'2023-07-04','3342000207407',1,NULL,'2023-08-28 14:58:48','3349900573139'),(170,'2023-07-04','3349900573139',1,NULL,'2023-08-28 14:58:48','3349900573139'),(171,'2023-07-04','1340700275482',1,NULL,'2023-08-28 14:58:48','3349900573139'),(172,'2023-07-04','1349900865443',1,NULL,'2023-08-28 14:58:48','3349900573139'),(173,'2023-07-04','1342200061957',1,NULL,'2023-08-28 14:58:48','3349900573139'),(174,'2023-07-05','3342000207407',1,NULL,'2023-08-28 14:59:08','3349900573139'),(175,'2023-07-05','3349900573139',1,NULL,'2023-08-28 14:59:08','3349900573139'),(176,'2023-07-05','1340700275482',1,NULL,'2023-08-28 14:59:08','3349900573139'),(177,'2023-07-05','1349900865443',1,NULL,'2023-08-28 14:59:08','3349900573139'),(178,'2023-07-05','1342200061957',1,NULL,'2023-08-28 14:59:08','3349900573139'),(179,'2023-07-06','3342000207407',2,NULL,'2023-08-28 14:59:35','3349900573139'),(180,'2023-07-06','3349900573139',1,NULL,'2023-08-28 14:59:35','3349900573139'),(181,'2023-07-06','1340700275482',1,NULL,'2023-08-28 14:59:35','3349900573139'),(182,'2023-07-06','1349900865443',1,NULL,'2023-08-28 14:59:35','3349900573139'),(183,'2023-07-06','1342200061957',1,NULL,'2023-08-28 14:59:35','3349900573139'),(184,'2023-07-07','3342000207407',2,NULL,'2023-08-28 14:59:43','3349900573139'),(185,'2023-07-07','3349900573139',1,NULL,'2023-08-28 14:59:43','3349900573139'),(186,'2023-07-07','1340700275482',1,NULL,'2023-08-28 14:59:43','3349900573139'),(187,'2023-07-07','1349900865443',1,NULL,'2023-08-28 14:59:43','3349900573139'),(188,'2023-07-07','1342200061957',1,NULL,'2023-08-28 14:59:43','3349900573139'),(189,'2023-07-10','3342000207407',1,NULL,'2023-08-28 15:00:07','3349900573139'),(190,'2023-07-10','3349900573139',1,NULL,'2023-08-28 15:00:07','3349900573139'),(191,'2023-07-10','1340700275482',1,NULL,'2023-08-28 15:00:07','3349900573139'),(192,'2023-07-10','1349900865443',1,NULL,'2023-08-28 15:00:07','3349900573139'),(193,'2023-07-10','1342200061957',1,NULL,'2023-08-28 15:00:07','3349900573139'),(194,'2023-07-11','3342000207407',1,NULL,'2023-08-28 15:00:18','3349900573139'),(195,'2023-07-11','3349900573139',1,NULL,'2023-08-28 15:00:18','3349900573139'),(196,'2023-07-11','1340700275482',1,NULL,'2023-08-28 15:00:18','3349900573139'),(197,'2023-07-11','1349900865443',1,NULL,'2023-08-28 15:00:18','3349900573139'),(198,'2023-07-11','1342200061957',1,NULL,'2023-08-28 15:00:18','3349900573139'),(199,'2023-07-12','3342000207407',1,NULL,'2023-08-28 15:00:24','3349900573139'),(200,'2023-07-12','3349900573139',1,NULL,'2023-08-28 15:00:24','3349900573139'),(201,'2023-07-12','1340700275482',1,NULL,'2023-08-28 15:00:24','3349900573139'),(202,'2023-07-12','1349900865443',1,NULL,'2023-08-28 15:00:24','3349900573139'),(203,'2023-07-12','1342200061957',1,NULL,'2023-08-28 15:00:24','3349900573139'),(204,'2023-07-13','3342000207407',1,NULL,'2023-08-28 15:00:31','3349900573139'),(205,'2023-07-13','3349900573139',1,NULL,'2023-08-28 15:00:31','3349900573139'),(206,'2023-07-13','1340700275482',1,NULL,'2023-08-28 15:00:31','3349900573139'),(207,'2023-07-13','1349900865443',1,NULL,'2023-08-28 15:00:31','3349900573139'),(208,'2023-07-13','1342200061957',1,NULL,'2023-08-28 15:00:31','3349900573139'),(209,'2023-07-14','3342000207407',1,NULL,'2023-08-28 15:00:47','3349900573139'),(210,'2023-07-14','3349900573139',1,NULL,'2023-08-28 15:00:47','3349900573139'),(211,'2023-07-14','1340700275482',1,NULL,'2023-08-28 15:00:47','3349900573139'),(212,'2023-07-14','1349900865443',1,NULL,'2023-08-28 15:00:47','3349900573139'),(213,'2023-07-14','1342200061957',1,NULL,'2023-08-28 15:00:47','3349900573139'),(214,'2023-07-17','3342000207407',1,NULL,'2023-08-28 15:01:03','3349900573139'),(215,'2023-07-17','3349900573139',1,NULL,'2023-08-28 15:01:03','3349900573139'),(216,'2023-07-17','1340700275482',1,NULL,'2023-08-28 15:01:03','3349900573139'),(217,'2023-07-17','1349900865443',1,NULL,'2023-08-28 15:01:03','3349900573139'),(218,'2023-07-17','1342200061957',1,NULL,'2023-08-28 15:01:03','3349900573139'),(219,'2023-07-18','3342000207407',1,NULL,'2023-08-28 15:01:09','3349900573139'),(220,'2023-07-18','3349900573139',1,NULL,'2023-08-28 15:01:09','3349900573139'),(221,'2023-07-18','1340700275482',1,NULL,'2023-08-28 15:01:09','3349900573139'),(222,'2023-07-18','1349900865443',1,NULL,'2023-08-28 15:01:09','3349900573139'),(223,'2023-07-18','1342200061957',1,NULL,'2023-08-28 15:01:09','3349900573139'),(224,'2023-07-19','3342000207407',1,NULL,'2023-08-28 15:01:21','3349900573139'),(225,'2023-07-19','3349900573139',1,NULL,'2023-08-28 15:01:21','3349900573139'),(226,'2023-07-19','1340700275482',1,NULL,'2023-08-28 15:01:21','3349900573139'),(227,'2023-07-19','1349900865443',1,NULL,'2023-08-28 15:01:21','3349900573139'),(228,'2023-07-19','1342200061957',1,NULL,'2023-08-28 15:01:21','3349900573139'),(229,'2023-07-20','3342000207407',1,NULL,'2023-08-28 15:01:28','3349900573139'),(230,'2023-07-20','3349900573139',1,NULL,'2023-08-28 15:01:28','3349900573139'),(231,'2023-07-20','1340700275482',1,NULL,'2023-08-28 15:01:28','3349900573139'),(232,'2023-07-20','1349900865443',1,NULL,'2023-08-28 15:01:28','3349900573139'),(233,'2023-07-20','1342200061957',1,NULL,'2023-08-28 15:01:28','3349900573139'),(234,'2023-07-21','3342000207407',1,NULL,'2023-08-28 15:01:46','3349900573139'),(235,'2023-07-21','3349900573139',1,NULL,'2023-08-28 15:01:46','3349900573139'),(236,'2023-07-21','1340700275482',1,NULL,'2023-08-28 15:01:46','3349900573139'),(237,'2023-07-21','1349900865443',1,NULL,'2023-08-28 15:01:46','3349900573139'),(238,'2023-07-21','1342200061957',1,NULL,'2023-08-28 15:01:46','3349900573139'),(239,'2023-07-24','3342000207407',1,NULL,'2023-08-28 15:02:14','3349900573139'),(240,'2023-07-24','3349900573139',1,NULL,'2023-08-28 15:02:14','3349900573139'),(241,'2023-07-24','1340700275482',1,NULL,'2023-08-28 15:02:14','3349900573139'),(242,'2023-07-24','1349900865443',1,NULL,'2023-08-28 15:02:14','3349900573139'),(243,'2023-07-24','1342200061957',1,NULL,'2023-08-28 15:02:14','3349900573139'),(244,'2023-07-25','3342000207407',1,NULL,'2023-08-28 15:02:42','3349900573139'),(245,'2023-07-25','3349900573139',1,NULL,'2023-08-28 15:02:42','3349900573139'),(246,'2023-07-25','1340700275482',1,NULL,'2023-08-28 15:02:42','3349900573139'),(247,'2023-07-25','1349900865443',1,NULL,'2023-08-28 15:02:42','3349900573139'),(248,'2023-07-25','1342200061957',1,NULL,'2023-08-28 15:02:42','3349900573139'),(249,'2023-07-26','3342000207407',1,NULL,'2023-08-28 15:04:55','3349900573139'),(250,'2023-07-26','3349900573139',1,NULL,'2023-08-28 15:04:55','3349900573139'),(251,'2023-07-26','1340700275482',1,NULL,'2023-08-28 15:04:55','3349900573139'),(252,'2023-07-26','1349900865443',1,NULL,'2023-08-28 15:04:55','3349900573139'),(253,'2023-07-26','1342200061957',1,NULL,'2023-08-28 15:04:55','3349900573139'),(254,'2023-07-27','3342000207407',1,NULL,'2023-08-28 15:05:25','3349900573139'),(255,'2023-07-27','3349900573139',3,NULL,'2023-08-28 15:05:25','3349900573139'),(256,'2023-07-27','1340700275482',1,NULL,'2023-08-28 15:05:25','3349900573139'),(257,'2023-07-27','1349900865443',1,NULL,'2023-08-28 15:05:25','3349900573139'),(258,'2023-07-27','1342200061957',1,NULL,'2023-08-28 15:05:25','3349900573139'),(259,'2023-07-28','3349900573139',3,NULL,'2023-08-28 15:06:14','3349900573139'),(260,'2023-07-29','3349900573139',3,NULL,'2023-08-28 15:06:28','3349900573139'),(261,'2023-07-30','3349900573139',3,NULL,'2023-08-28 15:06:43','3349900573139'),(262,'2023-07-31','3349900573139',3,NULL,'2023-08-28 15:06:58','3349900573139'),(263,'2023-08-01','3349900573139',3,NULL,'2023-08-28 15:07:09','3349900573139'),(264,'2023-08-02','3349900573139',3,NULL,'2023-08-28 15:07:18','3349900573139'),(265,'2023-05-16','3342000207407',1,NULL,'2023-08-28 15:08:20','3349900573139'),(266,'2023-05-16','3349900573139',1,NULL,'2023-08-28 15:08:20','3349900573139'),(267,'2023-05-16','1340700275482',1,NULL,'2023-08-28 15:08:20','3349900573139'),(268,'2023-05-16','1349900865443',1,NULL,'2023-08-28 15:08:20','3349900573139'),(269,'2023-05-16','1342200061957',1,NULL,'2023-08-28 15:08:20','3349900573139'),(270,'2023-05-15','3342000207407',1,NULL,'2023-08-28 15:08:27','3349900573139'),(271,'2023-05-15','3349900573139',1,NULL,'2023-08-28 15:08:27','3349900573139'),(272,'2023-05-15','1340700275482',1,NULL,'2023-08-28 15:08:27','3349900573139'),(273,'2023-05-15','1349900865443',1,NULL,'2023-08-28 15:08:27','3349900573139'),(274,'2023-05-15','1342200061957',1,NULL,'2023-08-28 15:08:27','3349900573139'),(275,'2023-05-18','3342000207407',1,NULL,'2023-08-28 15:08:39','3349900573139'),(276,'2023-05-18','3349900573139',1,NULL,'2023-08-28 15:08:39','3349900573139'),(277,'2023-05-18','1340700275482',1,NULL,'2023-08-28 15:08:39','3349900573139'),(278,'2023-05-18','1349900865443',1,NULL,'2023-08-28 15:08:39','3349900573139'),(279,'2023-05-18','1342200061957',1,NULL,'2023-08-28 15:08:39','3349900573139'),(280,'2023-05-19','3342000207407',1,NULL,'2023-08-28 15:08:44','3349900573139'),(281,'2023-05-19','3349900573139',1,NULL,'2023-08-28 15:08:44','3349900573139'),(282,'2023-05-19','1340700275482',1,NULL,'2023-08-28 15:08:44','3349900573139'),(283,'2023-05-19','1349900865443',1,NULL,'2023-08-28 15:08:44','3349900573139'),(284,'2023-05-19','1342200061957',1,NULL,'2023-08-28 15:08:44','3349900573139'),(285,'2023-05-22','3342000207407',1,NULL,'2023-08-28 15:08:51','3349900573139'),(286,'2023-05-22','3349900573139',1,NULL,'2023-08-28 15:08:51','3349900573139'),(287,'2023-05-22','1340700275482',1,NULL,'2023-08-28 15:08:51','3349900573139'),(288,'2023-05-22','1349900865443',1,NULL,'2023-08-28 15:08:51','3349900573139'),(289,'2023-05-22','1342200061957',1,NULL,'2023-08-28 15:08:51','3349900573139'),(290,'2023-05-23','3342000207407',1,NULL,'2023-08-28 15:08:56','3349900573139'),(291,'2023-05-23','3349900573139',1,NULL,'2023-08-28 15:08:56','3349900573139'),(292,'2023-05-23','1340700275482',1,NULL,'2023-08-28 15:08:56','3349900573139'),(293,'2023-05-23','1349900865443',1,NULL,'2023-08-28 15:08:56','3349900573139'),(294,'2023-05-23','1342200061957',1,NULL,'2023-08-28 15:08:56','3349900573139'),(295,'2023-05-24','3342000207407',1,NULL,'2023-08-28 15:09:03','3349900573139'),(296,'2023-05-24','3349900573139',1,NULL,'2023-08-28 15:09:03','3349900573139'),(297,'2023-05-24','1340700275482',1,NULL,'2023-08-28 15:09:03','3349900573139'),(298,'2023-05-24','1349900865443',1,NULL,'2023-08-28 15:09:03','3349900573139'),(299,'2023-05-24','1342200061957',1,NULL,'2023-08-28 15:09:03','3349900573139'),(300,'2023-05-25','3342000207407',1,NULL,'2023-08-28 15:09:13','3349900573139'),(301,'2023-05-25','3349900573139',1,NULL,'2023-08-28 15:09:13','3349900573139'),(302,'2023-05-25','1340700275482',2,NULL,'2023-08-28 15:09:13','3349900573139'),(303,'2023-05-25','1349900865443',1,NULL,'2023-08-28 15:09:13','3349900573139'),(304,'2023-05-25','1342200061957',1,NULL,'2023-08-28 15:09:13','3349900573139'),(305,'2023-05-26','3342000207407',1,NULL,'2023-08-28 15:09:19','3349900573139'),(306,'2023-05-26','3349900573139',1,NULL,'2023-08-28 15:09:19','3349900573139'),(307,'2023-05-26','1340700275482',1,NULL,'2023-08-28 15:09:19','3349900573139'),(308,'2023-05-26','1349900865443',1,NULL,'2023-08-28 15:09:19','3349900573139'),(309,'2023-05-26','1342200061957',1,NULL,'2023-08-28 15:09:19','3349900573139'),(310,'2023-05-29','3342000207407',1,NULL,'2023-08-28 15:09:24','3349900573139'),(311,'2023-05-29','3349900573139',1,NULL,'2023-08-28 15:09:24','3349900573139'),(312,'2023-05-29','1340700275482',1,NULL,'2023-08-28 15:09:24','3349900573139'),(313,'2023-05-29','1349900865443',1,NULL,'2023-08-28 15:09:24','3349900573139'),(314,'2023-05-29','1342200061957',1,NULL,'2023-08-28 15:09:24','3349900573139'),(315,'2023-05-30','3342000207407',1,NULL,'2023-08-28 15:09:30','3349900573139'),(316,'2023-05-30','3349900573139',1,NULL,'2023-08-28 15:09:30','3349900573139'),(317,'2023-05-30','1340700275482',1,NULL,'2023-08-28 15:09:30','3349900573139'),(318,'2023-05-30','1349900865443',1,NULL,'2023-08-28 15:09:30','3349900573139'),(319,'2023-05-30','1342200061957',1,NULL,'2023-08-28 15:09:30','3349900573139'),(320,'2023-05-31','3342000207407',1,NULL,'2023-08-28 15:09:36','3349900573139'),(321,'2023-05-31','3349900573139',1,NULL,'2023-08-28 15:09:36','3349900573139'),(322,'2023-05-31','1340700275482',1,NULL,'2023-08-28 15:09:36','3349900573139'),(323,'2023-05-31','1349900865443',1,NULL,'2023-08-28 15:09:36','3349900573139'),(324,'2023-05-31','1342200061957',1,NULL,'2023-08-28 15:09:36','3349900573139'),(325,'2023-06-01','3342000207407',1,NULL,'2023-08-28 15:09:45','3349900573139'),(326,'2023-06-01','3349900573139',1,NULL,'2023-08-28 15:09:45','3349900573139'),(327,'2023-06-01','1340700275482',1,NULL,'2023-08-28 15:09:45','3349900573139'),(328,'2023-06-01','1349900865443',1,NULL,'2023-08-28 15:09:45','3349900573139'),(329,'2023-06-01','1342200061957',1,NULL,'2023-08-28 15:09:45','3349900573139'),(330,'2023-06-02','3342000207407',1,NULL,'2023-08-28 15:09:52','3349900573139'),(331,'2023-06-02','3349900573139',1,NULL,'2023-08-28 15:09:52','3349900573139'),(332,'2023-06-02','1340700275482',1,NULL,'2023-08-28 15:09:52','3349900573139'),(333,'2023-06-02','1349900865443',1,NULL,'2023-08-28 15:09:52','3349900573139'),(334,'2023-06-02','1342200061957',1,NULL,'2023-08-28 15:09:52','3349900573139'),(335,'2023-06-06','3342000207407',1,NULL,'2023-08-28 15:10:05','3349900573139'),(336,'2023-06-06','3349900573139',1,NULL,'2023-08-28 15:10:05','3349900573139'),(337,'2023-06-06','1340700275482',1,NULL,'2023-08-28 15:10:05','3349900573139'),(338,'2023-06-06','1349900865443',1,NULL,'2023-08-28 15:10:05','3349900573139'),(339,'2023-06-06','1342200061957',1,NULL,'2023-08-28 15:10:05','3349900573139'),(340,'2023-06-07','3342000207407',1,NULL,'2023-08-28 15:10:11','3349900573139'),(341,'2023-06-07','3349900573139',1,NULL,'2023-08-28 15:10:11','3349900573139'),(342,'2023-06-07','1340700275482',1,NULL,'2023-08-28 15:10:11','3349900573139'),(343,'2023-06-07','1349900865443',1,NULL,'2023-08-28 15:10:11','3349900573139'),(344,'2023-06-07','1342200061957',1,NULL,'2023-08-28 15:10:11','3349900573139'),(345,'2023-06-08','3342000207407',1,NULL,'2023-08-28 15:10:17','3349900573139'),(346,'2023-06-08','3349900573139',1,NULL,'2023-08-28 15:10:17','3349900573139'),(347,'2023-06-08','1340700275482',1,NULL,'2023-08-28 15:10:17','3349900573139'),(348,'2023-06-08','1349900865443',1,NULL,'2023-08-28 15:10:17','3349900573139'),(349,'2023-06-08','1342200061957',1,NULL,'2023-08-28 15:10:17','3349900573139'),(350,'2023-06-09','3342000207407',1,NULL,'2023-08-28 15:10:27','3349900573139'),(351,'2023-06-09','3349900573139',1,NULL,'2023-08-28 15:10:27','3349900573139'),(352,'2023-06-09','1340700275482',1,NULL,'2023-08-28 15:10:27','3349900573139'),(353,'2023-06-09','1349900865443',2,NULL,'2023-08-28 15:10:27','3349900573139'),(354,'2023-06-09','1342200061957',1,NULL,'2023-08-28 15:10:27','3349900573139'),(355,'2023-06-12','3342000207407',1,NULL,'2023-08-28 15:10:36','3349900573139'),(356,'2023-06-12','3349900573139',1,NULL,'2023-08-28 15:10:36','3349900573139'),(357,'2023-06-12','1340700275482',1,NULL,'2023-08-28 15:10:36','3349900573139'),(358,'2023-06-12','1349900865443',1,NULL,'2023-08-28 15:10:36','3349900573139'),(359,'2023-06-12','1342200061957',1,NULL,'2023-08-28 15:10:36','3349900573139'),(360,'2023-06-13','3342000207407',1,NULL,'2023-08-28 15:10:40','3349900573139'),(361,'2023-06-13','3349900573139',1,NULL,'2023-08-28 15:10:40','3349900573139'),(362,'2023-06-13','1340700275482',1,NULL,'2023-08-28 15:10:40','3349900573139'),(363,'2023-06-13','1349900865443',1,NULL,'2023-08-28 15:10:40','3349900573139'),(364,'2023-06-13','1342200061957',1,NULL,'2023-08-28 15:10:40','3349900573139'),(365,'2023-06-14','3342000207407',1,NULL,'2023-08-28 15:10:45','3349900573139'),(366,'2023-06-14','3349900573139',1,NULL,'2023-08-28 15:10:45','3349900573139'),(367,'2023-06-14','1340700275482',1,NULL,'2023-08-28 15:10:45','3349900573139'),(368,'2023-06-14','1349900865443',1,NULL,'2023-08-28 15:10:45','3349900573139'),(369,'2023-06-14','1342200061957',1,NULL,'2023-08-28 15:10:45','3349900573139'),(370,'2023-06-15','3342000207407',1,NULL,'2023-08-28 15:10:51','3349900573139'),(371,'2023-06-15','3349900573139',1,NULL,'2023-08-28 15:10:51','3349900573139'),(372,'2023-06-15','1340700275482',1,NULL,'2023-08-28 15:10:51','3349900573139'),(373,'2023-06-15','1349900865443',1,NULL,'2023-08-28 15:10:51','3349900573139'),(374,'2023-06-15','1342200061957',1,NULL,'2023-08-28 15:10:51','3349900573139'),(375,'2023-06-16','3342000207407',1,NULL,'2023-08-28 15:10:58','3349900573139'),(376,'2023-06-16','3349900573139',1,NULL,'2023-08-28 15:10:58','3349900573139'),(377,'2023-06-16','1340700275482',1,NULL,'2023-08-28 15:10:58','3349900573139'),(378,'2023-06-16','1349900865443',1,NULL,'2023-08-28 15:10:58','3349900573139'),(379,'2023-06-16','1342200061957',1,NULL,'2023-08-28 15:10:58','3349900573139'),(380,'2023-06-19','3342000207407',1,NULL,'2023-08-28 15:11:04','3349900573139'),(381,'2023-06-19','3349900573139',1,NULL,'2023-08-28 15:11:04','3349900573139'),(382,'2023-06-19','1340700275482',1,NULL,'2023-08-28 15:11:04','3349900573139'),(383,'2023-06-19','1349900865443',1,NULL,'2023-08-28 15:11:04','3349900573139'),(384,'2023-06-19','1342200061957',1,NULL,'2023-08-28 15:11:04','3349900573139'),(385,'2023-06-20','3342000207407',1,NULL,'2023-08-28 15:11:12','3349900573139'),(386,'2023-06-20','3349900573139',1,NULL,'2023-08-28 15:11:12','3349900573139'),(387,'2023-06-20','1340700275482',1,NULL,'2023-08-28 15:11:12','3349900573139'),(388,'2023-06-20','1349900865443',1,NULL,'2023-08-28 15:11:12','3349900573139'),(389,'2023-06-20','1342200061957',1,NULL,'2023-08-28 15:11:12','3349900573139'),(390,'2023-06-21','3342000207407',1,NULL,'2023-08-28 15:11:19','3349900573139'),(391,'2023-06-21','3349900573139',1,NULL,'2023-08-28 15:11:19','3349900573139'),(392,'2023-06-21','1340700275482',1,NULL,'2023-08-28 15:11:19','3349900573139'),(393,'2023-06-21','1349900865443',1,NULL,'2023-08-28 15:11:19','3349900573139'),(394,'2023-06-21','1342200061957',1,NULL,'2023-08-28 15:11:19','3349900573139'),(395,'2023-06-22','3342000207407',1,NULL,'2023-08-28 15:11:24','3349900573139'),(396,'2023-06-22','3349900573139',1,NULL,'2023-08-28 15:11:24','3349900573139'),(397,'2023-06-22','1340700275482',1,NULL,'2023-08-28 15:11:24','3349900573139'),(398,'2023-06-22','1349900865443',1,NULL,'2023-08-28 15:11:24','3349900573139'),(399,'2023-06-22','1342200061957',1,NULL,'2023-08-28 15:11:24','3349900573139'),(400,'2023-06-23','3342000207407',1,NULL,'2023-08-28 15:11:32','3349900573139'),(401,'2023-06-23','3349900573139',1,NULL,'2023-08-28 15:11:32','3349900573139'),(402,'2023-06-23','1340700275482',1,NULL,'2023-08-28 15:11:32','3349900573139'),(403,'2023-06-23','1349900865443',1,NULL,'2023-08-28 15:11:32','3349900573139'),(404,'2023-06-23','1342200061957',1,NULL,'2023-08-28 15:11:32','3349900573139'),(405,'2023-06-26','3342000207407',1,NULL,'2023-08-28 15:11:39','3349900573139'),(406,'2023-06-26','3349900573139',1,NULL,'2023-08-28 15:11:39','3349900573139'),(407,'2023-06-26','1340700275482',1,NULL,'2023-08-28 15:11:39','3349900573139'),(408,'2023-06-26','1349900865443',1,NULL,'2023-08-28 15:11:39','3349900573139'),(409,'2023-06-26','1342200061957',1,NULL,'2023-08-28 15:11:39','3349900573139'),(410,'2023-06-27','3342000207407',1,NULL,'2023-08-28 15:11:45','3349900573139'),(411,'2023-06-27','3349900573139',1,NULL,'2023-08-28 15:11:45','3349900573139'),(412,'2023-06-27','1340700275482',1,NULL,'2023-08-28 15:11:45','3349900573139'),(413,'2023-06-27','1349900865443',1,NULL,'2023-08-28 15:11:45','3349900573139'),(414,'2023-06-27','1342200061957',1,NULL,'2023-08-28 15:11:45','3349900573139'),(415,'2023-06-28','3342000207407',1,NULL,'2023-08-28 15:11:53','3349900573139'),(416,'2023-06-28','3349900573139',1,NULL,'2023-08-28 15:11:53','3349900573139'),(417,'2023-06-28','1340700275482',1,NULL,'2023-08-28 15:11:53','3349900573139'),(418,'2023-06-28','1349900865443',1,NULL,'2023-08-28 15:11:53','3349900573139'),(419,'2023-06-28','1342200061957',1,NULL,'2023-08-28 15:11:53','3349900573139'),(420,'2023-06-29','3342000207407',1,NULL,'2023-08-28 15:12:00','3349900573139'),(421,'2023-06-29','3349900573139',1,NULL,'2023-08-28 15:12:00','3349900573139'),(422,'2023-06-29','1340700275482',1,NULL,'2023-08-28 15:12:00','3349900573139'),(423,'2023-06-29','1349900865443',1,NULL,'2023-08-28 15:12:00','3349900573139'),(424,'2023-06-29','1342200061957',1,NULL,'2023-08-28 15:12:00','3349900573139'),(425,'2023-06-30','3342000207407',1,NULL,'2023-08-28 15:12:05','3349900573139'),(426,'2023-06-30','3349900573139',1,NULL,'2023-08-28 15:12:05','3349900573139'),(427,'2023-06-30','1340700275482',1,NULL,'2023-08-28 15:12:05','3349900573139'),(428,'2023-06-30','1349900865443',1,NULL,'2023-08-28 15:12:05','3349900573139'),(429,'2023-06-30','1342200061957',1,NULL,'2023-08-28 15:12:05','3349900573139');

--
-- Table structure for table `work_permission`
--

CREATE TABLE `work_permission` (
  `id` int(11) NOT NULL AUTO_INCREMENT,
  `person_id` varchar(13) NOT NULL,
  `p1` tinyint(4) NOT NULL,
  `officer` varchar(13) NOT NULL,
  `rec_date` date NOT NULL,
  PRIMARY KEY (`id`)
) ENGINE=MyISAM AUTO_INCREMENT=7 DEFAULT CHARSET=utf8 COLLATE=utf8_general_ci;

--
-- Dumping data for table `work_permission`
--

INSERT INTO `work_permission` VALUES (1,'1342200061957',1,'1342200061957','2018-11-14'),(2,'1349900865443',1,'1342200061957','2021-11-03'),(4,'3342000207407',1,'1342200061957','2021-11-03'),(5,'3349900573139',1,'1342200061957','2021-11-03'),(6,'1340700275482',1,'1342200061957','2022-04-20');


