-- Table structure for table `student_check_permission`
--

CREATE TABLE `student_check_permission` (
  `class_now` tinyint(4) NOT NULL,
  `room_now` tinyint(4) NOT NULL,
  `person_id` varchar(13) NOT NULL,
  `student_check_year` int(11) NOT NULL
) ENGINE=MyISAM DEFAULT CHARSET=utf8 COLLATE=utf8_general_ci;

--
-- Dumping data for table `student_check_permission`
--

INSERT INTO `student_check_permission` VALUES (2,1,'3349800157184',2556),(3,1,'3341500095101',2556),(4,1,'3120101512876',2556),(5,1,'3340400012237',2556),(6,1,'3341500893902',2556),(7,1,'3341501016280',2556),(8,1,'3341500112684',2556),(9,1,'3349800083342',2556),(9,1,'3349800083342',2557),(2,1,'3349800157184',2557),(3,1,'3341500095101',2557),(4,1,'3120101512876',2557),(5,1,'3340400012237',2557),(6,1,'3341500893902',2557),(7,1,'3341501016280',2557),(8,1,'3341500112684',2557),(8,1,'3740300046993',2557),(6,1,'3740300046993',2557),(7,1,'3740300046993',2557),(4,1,'3740300046993',2557),(9,1,'3349800083342',2558),(2,1,'3349800157184',2558),(3,1,'3341500095101',2558),(4,1,'3120101512876',2558),(5,1,'3340400012237',2558),(9,0,'3340400012237',2568),(7,1,'3341501016280',2558),(8,1,'3341500112684',2558),(2,0,'3349800157184',2559),(3,1,'3341500095101',2559),(4,1,'3120101512876',2559),(8,0,'3341500112684',2568),(8,1,'3340400012237',2559),(9,0,'1341500049765',2559),(9,1,'1341500049765',2559),(2,1,'3349800157184',2561),(3,1,'1349900554472',2561),(4,1,'3341500095101',2561),(7,0,'1349900686921',2568),(8,1,'3340400012237',2561),(9,1,'3120101512876',2561),(9,1,'1349900086860',2561),(8,1,'1349900086860',2561),(7,1,'1349900086860',2561),(6,1,'1349900086860',2561),(5,1,'1349900086860',2561),(4,1,'1349900086860',2561),(3,1,'1349900086860',2561),(2,1,'1349900086860',2561),(2,1,'3341500095101',2562),(3,1,'3349800157184',2562),(3,1,'1349900554472',2562),(4,1,'3120101512876',2562),(6,0,'3169800014083',2568),(8,1,'3341501016280',2562),(9,1,'3340400012237',2562),(7,0,'3349800083342',2562),(2,1,'3341500095101',2563),(3,1,'1349900554472',2563),(4,1,'3120101512876',2563),(5,0,'3341500095101',2568),(8,0,'3341501016280',2563),(9,1,'3340400012237',2563),(8,0,'3330200245939',2563),(2,1,'3341500095101',2564),(3,1,'1349900554472',2564),(4,1,'3120101512876',2564),(4,0,'3120101512876',2568),(8,1,'3341501016280',2564),(9,0,'3340400012237',2564),(2,1,'3341500095101',2565),(3,1,'1349900554472',2565),(4,1,'3120101512876',2565),(3,0,'3349800171543',2568),(8,1,'3341501016280',2565),(9,1,'3340400012237',2565),(4,1,'3120101512876',2566),(8,1,'3341500112684',2566),(2,0,'3349800171543',2568),(9,1,'3340400012237',2566),(2,1,'3349800171543',2566),(3,1,'3349800171543',2566),(5,1,'3341500095101',2566),(3,1,'3349800171543',2567),(4,1,'3120101512876',2567),(5,1,'3341500095101',2567),(6,1,'3169800014083',2567),(8,1,'3341500112684',2567),(9,1,'3340400012237',2567),(2,0,'3349800171543',2567),(2,1,'3349800171543',2567),(7,1,'1349900686921',2567);

--
-- Table structure for table `student_check_year`
--

CREATE TABLE `student_check_year` (
  `id` int(11) NOT NULL AUTO_INCREMENT,
  `student_check_year` int(11) NOT NULL,
  `year_active` tinyint(1) NOT NULL,
  PRIMARY KEY (`id`),
  UNIQUE KEY `student_check_year` (`student_check_year`)
) ENGINE=MyISAM AUTO_INCREMENT=18 DEFAULT CHARSET=utf8 COLLATE=utf8_general_ci;

--
-- Dumping data for table `student_check_year`
--

INSERT INTO `student_check_year` VALUES (2,2557,0),(3,2558,0),(4,2559,0),(5,2560,0),(6,2561,0),(8,2562,0),(9,2563,0),(10,2564,0),(11,2565,0),(15,2566,0),(16,2567,0),(17,2568,1);

--
-- Table structure for table `student_main`
--

CREATE TABLE `student_main` (
  `id` int(11) NOT NULL AUTO_INCREMENT,
  `student_id` varchar(7) NOT NULL,
  `student_number` int(11) DEFAULT NULL,
  `prename` varchar(20) NOT NULL,
  `name` varchar(50) NOT NULL,
  `surname` varchar(50) NOT NULL,
  `person_id` varchar(20) DEFAULT NULL,
  `sex` tinyint(4) NOT NULL DEFAULT 0,
  `pic` varchar(150) DEFAULT NULL,
  `class_now` tinyint(4) DEFAULT NULL,
  `room` tinyint(4) NOT NULL DEFAULT 0,
  `status` tinyint(4) NOT NULL DEFAULT 0,
  `out_edyear` int(11) DEFAULT NULL,
  `officer` varchar(13) NOT NULL,
  `rec_date` date NOT NULL,
  PRIMARY KEY (`id`),
  UNIQUE KEY `student_number` (`student_id`),
  KEY `class_now` (`class_now`),
  KEY `room` (`room`)
) ENGINE=MyISAM AUTO_INCREMENT=486 DEFAULT CHARSET=utf8 COLLATE=utf8_general_ci;

--
-- Dumping data for table `student_main`
--

INSERT INTO `student_main` VALUES (1,'2986',0,'เด็กหญิง','มณีรินทร์','นิลวันดี','1329200010208',2,NULL,9,1,1,2558,'','0000-00-00'),(2,'2984',0,'เด็กหญิง','จุฑารัตน์','ชินโชติ','1341501422168',2,NULL,9,1,1,2558,'','0000-00-00'),(3,'2983',0,'เด็กหญิง','สุธาทิพย์','ภูการ','1349901189824',2,NULL,9,1,1,2558,'','0000-00-00'),(4,'2981',0,'เด็กหญิง','ธิดารัตน์','บุญกาญจน์','1348900052981',2,NULL,9,1,1,2558,'','0000-00-00'),(5,'2980',0,'เด็กหญิง','ธิดารัตน์','สุวรรณกูฏ','1341501423199',2,NULL,9,1,1,2558,'','0000-00-00'),(6,'2979',0,'เด็กหญิง','จินตนา','บุญญา','1341501408939',2,NULL,9,1,1,2558,'','0000-00-00'),(7,'2975',0,'เด็กหญิง','ชมัยภรณ์','วงมาลี','1341501421129',2,NULL,9,1,1,2558,'','0000-00-00'),(8,'2974',0,'เด็กหญิง','กนกพรรณ','ปุณประวัติ','1349901203258',2,NULL,9,1,1,2558,'','0000-00-00'),(10,'2987',0,'เด็กชาย','ชลณธาร','จุนทวี','1349901178083',1,NULL,9,1,1,2558,'','0000-00-00'),(11,'2973',0,'เด็กชาย','ภูวนาท','ดำพะธิก','1341501411166',1,NULL,9,1,1,2558,'3349800083342','0000-00-00'),(12,'2972',0,'เด็กชาย','วุฒิพงษ์','นิลวันดี','1349901198068',1,NULL,9,1,1,2558,'','0000-00-00'),(13,'2971',0,'เด็กชาย','อุดมทรัพย์','สมบัติมั่น','1341501409293',1,NULL,9,1,1,2558,'','0000-00-00'),(14,'2969',0,'เด็กชาย','วิษณุพงศ์','สมพงษ์','1349901199226',1,NULL,9,1,1,2558,'','0000-00-00'),(15,'2967',0,'เด็กชาย','นวพล','ละครวงค์','1341501413177',1,NULL,9,1,1,2558,'','0000-00-00'),(16,'2966',0,'เด็กชาย','นนทกร','เครือแก้ว','1341501410771',1,NULL,9,1,1,2558,'','0000-00-00'),(17,'2965',0,'เด็กชาย','ธนากร','พันเสนา','1341501416010',1,NULL,9,1,1,2558,'','0000-00-00'),(18,'2964',0,'เด็กชาย','กฤษฎา','คูณตาแสง','1341501418667',1,NULL,9,1,1,2558,'','0000-00-00'),(19,'3081',19,'เด็กหญิง','ธัญวรัตน์','บุญกาญจน์','1749900970405',2,NULL,9,1,1,2559,'3349800083342','0000-00-00'),(20,'3004',17,'เด็กหญิง','ยุพดี','วงศ์คำมัก','1341501424560',2,NULL,9,1,1,2559,'3349800083342','0000-00-00'),(21,'3005',18,'เด็กหญิง','ศุภาวรรณ','ผลชอุ่ม','1349901218913',2,NULL,9,1,1,2559,'3349800083342','0000-00-00'),(22,'3003',16,'เด็กหญิง','กุลทะโสม','โทนาอัด','1341501442037',2,NULL,9,1,1,2559,'3349800083342','0000-00-00'),(23,'3001',14,'เด็กหญิง','อริศรา','จำปารัตน์','1739902102656',2,NULL,9,1,1,2559,'3349800083342','0000-00-00'),(24,'3002',15,'เด็กหญิง','จุลาวัลย์','วิษาพรม','1341501445478',2,NULL,9,1,1,2559,'3349800083342','0000-00-00'),(25,'3000',13,'เด็กหญิง','รสิตา','บัวเขียว','1139600216565',2,NULL,9,1,1,2559,'3349800083342','0000-00-00'),(26,'2999',12,'เด็กหญิง','มลฤดี','สมฤทธิ์','1489000011242',2,NULL,9,1,1,2559,'3349800083342','0000-00-00'),(27,'2998',11,'เด็กหญิง','มะลิวรรณ','บัวเขียว','1341501429316',2,NULL,9,1,1,2559,'3349800083342','0000-00-00'),(28,'2997',10,'เด็กหญิง','พรชิตา','มาลีรัตน์','1341501434981',2,NULL,9,1,1,2559,'3349800083342','0000-00-00'),(29,'2996',9,'เด็กหญิง','ปริศนา','วงศ์ชมภู','1349901287532',2,NULL,9,1,1,2559,'3349800083342','0000-00-00'),(30,'2995',8,'เด็กหญิง','นงนภัส','เลขะสันต์','1341501440778',2,NULL,9,1,1,2559,'3349800083342','0000-00-00'),(31,'3009',6,'เด็กชาย','พงศกร','สงเนย','1749900949503',1,NULL,9,1,1,2559,'3349800083342','0000-00-00'),(32,'3039',7,'เด็กชาย','ภูวดล','เวียงคำ','1149600094753',1,NULL,9,1,1,2559,'3349800083342','0000-00-00'),(33,'2994',5,'เด็กชาย','ฟ้าสว่าง','นูรักษา','1341501427879',1,NULL,9,1,1,2559,'3349800083342','0000-00-00'),(34,'2993',4,'เด็กชาย','เกริกชัย','ดีโลนงาม','1341501440441',1,NULL,9,1,1,2559,'3349800083342','0000-00-00'),(35,'2991',3,'เด็กชาย','อุทัย','จันดีเลิศ','1341501428417',1,NULL,9,1,1,2559,'3349800083342','0000-00-00'),(36,'2990',2,'เด็กชาย','ฤทธิไกร','สายเคน','1349901290622',1,NULL,9,1,1,2559,'3349800083342','0000-00-00'),(37,'3080',0,'เด็กหญิง','ธารารัตน์','นามอ่อนสา','1417600018670',2,NULL,9,1,1,2559,'','0000-00-00'),(38,'2989',1,'เด็กชาย','ณัฐกิตติ์','ศรีเนตร','1349901214071',1,NULL,9,1,1,2559,'3349800083342','0000-00-00'),(39,'3078',0,'เด็กหญิง','นิศานาถ','เชื้อทอง','1341501468834',2,NULL,9,1,1,2559,'','0000-00-00'),(40,'3038',0,'เด็กหญิง','บัณฑิตา','กุลกั้ง','1349901337769',2,NULL,9,1,1,2559,'','0000-00-00'),(41,'3037',0,'เด็กหญิง','รัตนสุดา','มาคำผุย','1341501463921',2,NULL,9,1,1,2559,'','0000-00-00'),(42,'3036',0,'เด็กหญิง','รุ่งอรุณ','วิษาพรม','1101801364491',2,NULL,9,1,1,2559,'','0000-00-00'),(43,'3034',0,'เด็กหญิง','รุ่งฤดี','สมฤทธิ์','1489000028528',2,NULL,9,1,1,2559,'','0000-00-00'),(44,'3033',0,'เด็กหญิง','บุษกร','ไชยสุนทรทรัพย์','1219901003306',2,NULL,9,1,1,2559,'','0000-00-00'),(45,'3032',0,'เด็กหญิง','สุภาพร','อ่อนคำบง','1341501448515',2,NULL,9,1,1,2559,'','0000-00-00'),(46,'3026',0,'เด็กหญิง','อรทัย','ภูรินโท','1348900087431',2,NULL,9,1,1,2559,'','0000-00-00'),(47,'3031',0,'เด็กหญิง','ปิะยพร','บัวเขียว','1341501450838',2,NULL,9,1,1,2559,'','0000-00-00'),(48,'3025',0,'เด็กหญิง','ศศิประภา','แก้ววงษา','1341501458171',2,NULL,9,1,1,2559,'','0000-00-00'),(49,'3024',0,'เด็กหญิง','นริศรา','จันทิมา','1349901364341',2,NULL,9,1,1,2559,'','0000-00-00'),(50,'3023',0,'เด็กหญิง','มุกตาภา','จำปารัตน์','1341501467625',2,NULL,9,1,1,2559,'','0000-00-00'),(51,'3022',0,'เด็กหญิง','กนกพร','จันทร์พวง','1341501462071',2,NULL,9,1,1,2559,'','0000-00-00'),(52,'3021',0,'เด็กหญิง','กนกพร','มาลีรัตน์','1341501451257',2,NULL,9,1,1,2559,'','0000-00-00'),(53,'3020',0,'เด็กชาย','จักพันธ์','ไชยคง','1349901315480',1,NULL,9,1,1,2559,'','0000-00-00'),(54,'3017',0,'เด็กชาย','พีรภัทร','กลางวิชัย','1341501452946',1,NULL,9,1,1,2559,'','0000-00-00'),(55,'3015',0,'เด็กชาย','ธิตินันท์','ศรีษะ','1341501467811',1,NULL,9,1,1,2559,'','0000-00-00'),(56,'3016',0,'เด็กชาย','พีระพัฒน์','ฤทธิเดช','1149600129298',1,NULL,9,1,1,2559,'','0000-00-00'),(57,'3014',0,'เด็กชาย','สมรักษ์','ถูกธรรม','1341501461287',1,NULL,9,1,1,2559,'','0000-00-00'),(58,'3057',0,'เด็กหญิง','อัจฉริญา','หลอดแก้ว','1314501470553',2,NULL,9,1,1,2560,'','0000-00-00'),(59,'3056',0,'เด็กหญิง','สุกัญญา','แสวงวงศ์','1349901389475',2,NULL,9,1,1,2560,'','0000-00-00'),(60,'3053',0,'เด็กหญิง','ปนัดดา','แสงกระจ่าง','1349901406281',2,NULL,9,1,1,2560,'','0000-00-00'),(61,'3054',0,'เด็กหญิง','วรัญญา','แก้ววงษา','1349901394983',2,NULL,9,1,1,2560,'','0000-00-00'),(62,'3051',0,'เด็กชาย','เจษฎา','วงษาเลิศ','1129701342892',1,NULL,9,1,1,2560,'','0000-00-00'),(63,'3075',0,'เด็กชาย','บุญธรรม','พรมมาลุน','1341501471029',1,NULL,9,1,1,2560,'','0000-00-00'),(64,'3049',0,'เด็กชาย','ธีรศักดิ์','คำพระทิก','1349901389351',1,NULL,9,1,1,2560,'','0000-00-00'),(65,'3050',0,'เด็กชาย','ศุภกิจ','แสนดี','1349901421662',1,NULL,9,1,1,2560,'','0000-00-00'),(66,'3048',0,'เด็กชาย','วีระศักดิ์','จารุจิต','1349901400380',1,NULL,9,1,1,2560,'','0000-00-00'),(143,'3139',0,'เด็กหญิง','สุภาพร','คำดวงตา','1341501474737',2,'',9,1,1,2560,'3349800083342','2014-09-13'),(69,'3045',0,'เด็กชาย','ธนดล','กาละบุตร','1349901426371',1,NULL,9,1,1,2560,'','0000-00-00'),(70,'3041',0,'เด็กชาย','เอกรินทร์','โทนาอัด','1341501474028',1,NULL,9,1,1,2560,'','0000-00-00'),(71,'3043',0,'เด็กชาย','กฤษณรักษ์','สายชาลี','1349901392239',1,NULL,9,1,1,2560,'','0000-00-00'),(177,'3174',8,'เด็กชาย','ธนากร','ขุวงษา','1341501489343',1,'',9,1,1,2561,'3349800083342','2015-11-04'),(74,'3074',16,'เด็กหญิง','สุภัค','สุทธัง','1341501482888',2,NULL,9,1,1,2561,'3349800083342','0000-00-00'),(75,'3072',15,'เด็กหญิง','มัลลิกา','ศรีเนตร','1349901493655',2,NULL,9,1,1,2561,'3349800083342','0000-00-00'),(76,'3070',13,'เด็กหญิง','ปัจนัดดา','ธรรมวัติ','1341501488673',2,NULL,9,1,1,2561,'3349800083342','0000-00-00'),(77,'3071',14,'เด็กหญิง','ภัทรธิดา','ป้องคำกวย','1341501493049',2,NULL,9,1,1,2561,'3349800083342','0000-00-00'),(78,'3069',12,'เด็กหญิง','อนงค์วรรณ','บุบผา','1749700136177',2,NULL,9,1,1,2561,'3349800083342','0000-00-00'),(79,'3068',11,'เด็กหญิง','นาตาลี','ศรีมงคล','1110301430150',2,NULL,9,1,1,2561,'3349800083342','0000-00-00'),(80,'3067',10,'เด็กหญิง','จรูญวรรณ','ดวงโสมา','1103200129040',2,NULL,9,1,1,2561,'3349800083342','0000-00-00'),(81,'3066',9,'เด็กหญิง','จรรยพร','โพทวี','1341501496137',2,NULL,9,1,1,2561,'3349800083342','0000-00-00'),(82,'3065',7,'เด็กชาย','เจษฎา','ภูรินโท','1349901440403',1,NULL,9,1,1,2561,'3349800083342','0000-00-00'),(84,'3064',6,'เด็กชาย','ธันวา','ผลชะอุ่ม','1341501488525',1,NULL,9,1,1,2561,'3349800083342','0000-00-00'),(85,'3063',5,'เด็กชาย','ศิรวัส','สายเคน','1341501495581',1,NULL,9,1,1,2561,'3349800083342','0000-00-00'),(87,'3061',4,'เด็กชาย','กิตติศักดิ์','ก้อนทรัพย์','1347600013628',1,NULL,9,1,1,2561,'3349800083342','0000-00-00'),(88,'3060',3,'เด็กชาย','วุฒิชัย','สุทธิประภา','1459901168401',1,NULL,9,1,1,2561,'3349800083342','0000-00-00'),(89,'3059',2,'เด็กชาย','ธนพันธ์','นักลำทอง','1349901466232',1,NULL,9,1,1,2561,'3349800083342','0000-00-00'),(90,'3044',1,'เด็กชาย','ทนงศักดิ์','ครุฑบิน','1341501482934',1,NULL,9,1,1,2561,'3349800083342','0000-00-00'),(91,'3116',0,'เด็กหญิง','วิลาวัลย์','โฮมลาภ','1341501503010',2,NULL,9,1,1,2563,'3349800083342','0000-00-00'),(92,'3115',0,'เด็กหญิง','จิตตพร','พรมบุตร','1341501509603',2,NULL,9,1,1,2563,'3349800083342','0000-00-00'),(93,'3114',0,'เด็กหญิง','เพ็ญนภา','รัศมี','1341501508224',2,NULL,9,1,1,2563,'3349800083342','0000-00-00'),(94,'3111',0,'เด็กหญิง','ณัฐวิภา','โทนาอัด','1349901623354',2,NULL,9,1,1,2563,'3349800083342','0000-00-00'),(95,'3110',0,'เด็กหญิง','วรรณิดา','พิมพ์พัฒน์','1349901611593',2,NULL,9,1,1,2563,'3349800083342','0000-00-00'),(96,'3109',0,'เด็กหญิง','ศิริวิมล','จารุจิต','1347600028544',2,NULL,9,1,1,2563,'3349800083342','0000-00-00'),(97,'3108',0,'เด็กชาย','ปัณณวิชญ์','สุชาตะประคัลภ์','1347600030026',1,NULL,9,1,1,2563,'3349800083342','0000-00-00'),(98,'3107',0,'เด็กชาย','ธนพร','มาลีรัตน์','1341501508020',1,NULL,9,1,1,2563,'3349800083342','0000-00-00'),(469,'3246',5,'เด็กหญิง','กันณัชชา','แก้วบัวสา','1347600098071',2,NULL,8,0,0,NULL,'3349800171543','2025-05-17'),(101,'3104',0,'เด็กชาย','อนุทัต','ทาคำห่อ','1341501510083',1,NULL,9,1,1,2563,'3349800083342','0000-00-00'),(102,'3103',0,'เด็กชาย','วัธนกร','วงษาศรี','1341501508089',1,NULL,9,1,1,2563,'3349800083342','0000-00-00'),(103,'3102',0,'เด็กชาย','สรวิชญ์','รุ่งเรือง','1341501503583',1,NULL,9,1,1,2563,'3349800083342','0000-00-00'),(104,'3101',0,'เด็กชาย','โภคิน','สองศร','1349901568221',1,NULL,9,1,1,2563,'3349800083342','0000-00-00'),(468,'3245',4,'เด็กชาย','ภัทรินทร์','จันสุนา','1341501578389',1,NULL,8,0,0,NULL,'3349800171543','2025-05-17'),(467,'3244',3,'เด็กชาย','ปุญพิทักษ์','แก้วลอย','1349902037050',1,NULL,8,0,0,NULL,'3349800171543','2025-05-17'),(466,'3258',2,'เด็กชาย','กิตติกวิน','อ่อนคำผาง','1329901890000',1,NULL,8,0,0,NULL,'3349800171543','2025-05-17'),(465,'3241',1,'เด็กชาย','กรวัตร','แก้ววงษา','1341501568502',1,NULL,8,0,0,NULL,'3349800171543','2025-05-17'),(464,'3270',10,'เด็กหญิง','นฤมล','คำศรีสุข','1341501592730',2,NULL,7,0,0,NULL,'3349800171543','2025-05-17'),(463,'3269',9,'เด็กหญิง','ญาณัฐฉรา','โจระสา','1341501586063',2,NULL,7,0,0,NULL,'3349800171543','2025-05-17'),(461,'3267',7,'เด็กหญิง','จิราพร','โพทวี','1341501591784',2,NULL,7,0,0,NULL,'3349800171543','2025-05-17'),(462,'3268',8,'เด็กหญิง','จุฑามาส','คำภานิล','1347600110925',2,NULL,7,0,0,NULL,'3349800171543','2025-05-17'),(142,'3142',0,'เด็กหญิง','ณัฐิดา','สอนซิว','1139600357347',2,'',9,1,1,2560,'3349800083342','2014-09-13'),(314,'3146',0,'เด็กหญิง','อชิรา','แก้วงามสอง','1347600044876',2,NULL,9,0,1,2564,'3349800083342','2019-09-06'),(315,'3147',0,'เด็กหญิง','ธิติญา','สาธุวงค์','1347600044213',2,NULL,9,0,1,2564,'3349800083342','2019-09-06'),(183,'3181',1,'เด็กชาย','จเด็ด','เข็มเพชร','1349901792610',1,'',9,1,1,2566,'3349800083342','2016-08-12'),(311,'3130',0,'เด็กหญิง','ภัทรมล','พิกุลสด','1190400104587',2,NULL,9,0,1,2564,'3349800083342','2019-09-06'),(304,'3121',0,'เด็กชาย','ฉัตรมงคล','พิมพ์พัฒน์','1341501519706',1,NULL,9,0,1,2564,'3349800083342','2019-09-06'),(305,'3145',0,'เด็กชาย','กรวิชญ์','ติยะบุตร','1119501108128',1,NULL,9,0,1,2564,'3349800083342','2019-09-06'),(306,'3125',0,'เด็กหญิง','วราภรณ์','ลายประจักษ์','1341501515468',2,NULL,9,0,1,2564,'3349800083342','2019-09-06'),(307,'3126',0,'เด็กหญิง','ศิริวรรณ','ปุณประวัติ','1347600032886',2,NULL,9,0,1,2564,'3349800083342','2019-09-06'),(308,'3127',0,'เด็กหญิง','นิชานันท์','นูรักษา','1341501514631',2,NULL,9,0,1,2564,'3349800083342','2019-09-06'),(309,'3128',0,'เด็กหญิง','ธีรนุช','กลางวิชัย','1347600040978',2,NULL,9,0,1,2564,'3349800083342','2019-09-06'),(310,'3129',0,'เด็กหญิง','เจษฎาณัฐ','พรมบุตร','1341501516651',2,NULL,9,0,1,2564,'3349800083342','2019-09-06'),(137,'3117',0,'เด็กชาย','พฤทธิ์','แสนคำ','1341501506361',1,NULL,9,1,1,2563,'3349800083342','0000-00-00'),(138,'3135',0,'เด็กชาย','ชัยนคร','กันยาบัตร','1341501507155',1,NULL,9,1,1,2563,'3349800083342','0000-00-00'),(139,'3143',0,'เด็กชาย','อนันดา','แก้วบัวขาว','1349901570242',1,NULL,9,1,1,2563,'3349800083342','0000-00-00'),(140,'3112',0,'เด็กหญิง','วันวิสาข์','ภูการณ์','1349901626787',2,NULL,9,1,1,2563,'3349800083342','0000-00-00'),(141,'3137',0,'เด็กหญิง','เบญจภรณ์','กันยาบัตร','1139600169966',2,NULL,9,1,1,2558,'','0000-00-00'),(184,'3182',2,'เด็กชาย','ทรรศนัย','ศรีทาเวช','1347600058613',1,'',9,1,1,2566,'3349800083342','2016-08-12'),(145,'3172',0,'เด็กชาย','เกรียงไกร','ไชยสิทธิ์','1347600021353',1,'',9,1,1,2563,'3349800083342','2015-06-28'),(312,'3131',0,'เด็กหญิง','พิมลดา','ฤทธิเดช','1341501519811',2,NULL,9,0,1,2564,'3349800083342','2019-09-06'),(356,'3165',11,'เด็กหญิง','วาสนา','โฮมลาภ','1341501526095',2,'',9,1,1,2565,'3349800083342','2022-05-08'),(460,'3266',6,'เด็กชาย','วัชรากร','รัตนวิโรจน์เรือง','1100704619501',1,NULL,7,0,0,NULL,'3349800171543','2025-05-17'),(355,'3164',10,'เด็กหญิง','อธิชา','จำปารัตน์','1341501523568',2,'',9,1,1,2565,'3349800083342','2022-05-08'),(354,'3180',9,'เด็กชาย','กรวิขญ์','แก้ววงษา','1840701122731',1,'',9,1,1,2565,'3349800083342','2022-05-08'),(484,'3235',10,'เด็กหญิง','สุชัญญา','โอภาพ','1347600084436',2,NULL,9,0,0,NULL,'3349800171543','2025-05-17'),(485,'3340',9,'เด็กหญิง','จุฑารัตน์','หาดทะมา','1349902289610',2,'',3,0,0,NULL,'3349800171543','2025-06-09'),(353,'3162',8,'เด็กชาย','อัษฎาวุธ','จำปารัตน์','1341501527954',1,'',9,1,1,2565,'3349800083342','2022-05-08'),(352,'3161',7,'เด็กชาย','วิทยา','ขำคม','1220800076776',1,'',9,1,1,2565,'3349800083342','2022-05-08'),(351,'3160',6,'เด็กชาย','วรพจน์','ลาพล','1209702614445',1,'',9,1,1,2565,'3349800083342','2022-05-08'),(483,'3233',9,'เด็กหญิง','พิณทิรา','กลางวิชัย','1341501564019',2,NULL,9,0,0,NULL,'3349800171543','2025-05-17'),(350,'3159',5,'เด็กชาย','วรพันธ์','ลาพล','1209702614453',1,'',9,1,1,2565,'3349800083342','2022-05-08'),(349,'3155',4,'เด็กชาย','วรายุภัทร','วงษาเลิศ','1341501521212',1,'',9,1,1,2565,'3349800083342','2022-05-08'),(348,'3154',3,'เด็กชาย','ชาติวุฒิ','ทีฆะโคตร','1341501524343',1,'',9,1,1,2565,'3349800083342','2022-05-08'),(347,'3153',2,'เด็กชาย','ธนภณ','สุทธิประภา','1341501531137',1,'',9,1,1,2565,'3349800083342','2022-05-08'),(176,'3178',20,'เด็กหญิง','ณัฐริกา','แก้วขาว','1341501429766',2,'',9,1,1,2559,'3349800083342','2015-09-13'),(358,'3170',13,'เด็กหญิง','วรรณวิไล','นักลำทอง','1341501529949',2,'',9,1,1,2565,'3349800083342','2022-05-08'),(346,'3150',1,'เด็กชาย','พงศธร','แสนทวีสุข','1341501529230',1,'',9,1,1,2565,'3349800083342','2022-05-08'),(181,'3136',0,'เด็กหญิง','ทิพยาภรณ์','กันยาบัตร','1341501470251',2,'',9,1,1,2560,'3349800083342','2015-12-23'),(459,'3264',5,'เด็กชาย','พีรพัฒน์','ปิ่นทุมา','1340300199967',1,NULL,7,0,0,NULL,'3349800171543','2025-05-17'),(187,'3185',5,'เด็กหญิง','นภสร','ธรรมเม','1347600066853',2,'',9,1,1,2566,'3349800083342','2016-08-12'),(191,'3189',6,'เด็กหญิง','อมรพรรณ','บุญกาญจน์','1347600061185',2,'',9,1,1,2566,'3349800083342','2016-08-12'),(192,'3190',7,'เด็กหญิง','ศิริกานดา','ศรีสันต์','1349901774409',2,'',9,1,1,2566,'3349800083342','2016-08-12'),(195,'3193',8,'เด็กหญิง','ณีรนุช','ดวงดี','1349901817981',2,'',9,1,1,2566,'3349800083342','2016-08-12'),(458,'3263',4,'เด็กชาย','ปฏิพล','สายเคน','1347600118349',1,NULL,7,0,0,NULL,'3349800171543','2025-05-17'),(198,'3196',9,'เด็กหญิง','นันธิยา','ม่วงศรี','1349901773348',2,'',9,1,1,2566,'3349800083342','2016-08-12'),(482,'3346',8,'เด็กหญิง','นันทกานนต์','ผันผอง','1339700073390',2,NULL,9,0,0,NULL,'3349800171543','2025-05-17'),(457,'3348',3,'เด็กชาย','พอส','สีดาโคตร','1250101940498',1,NULL,7,0,0,NULL,'3349800171543','2025-05-17'),(242,'3240',0,'เด็กหญิง','ธัญพิชชา','สาโยธา','1347600026428',2,'',9,1,1,2563,'3349800083342','2018-11-08'),(481,'3234',7,'เด็กหญิง','ณิรชา','ดวงสนิท','1341501562423',2,NULL,9,0,0,NULL,'3349800171543','2025-05-17'),(480,'3236',6,'เด็กหญิง','กัญญาพัฒน์','โพธิ์ศรีแก้ว','1480501384418',2,NULL,9,0,0,NULL,'3349800171543','2025-05-17'),(379,'3305',10,'เด็กหญิง','ปวัณรัตน์','บุญกาญจน์','1470401333838',2,'',9,1,1,2566,'3349800083342','2023-05-19'),(257,'3254',19,'เด็กชาย','ภิญญู','พานแก้ว','1349901645889',1,'',9,1,1,2563,'3349800083342','2019-07-18'),(479,'3230',5,'เด็กชาย','ไพบูลย์','บัวเขียว','1341501560170',1,NULL,9,0,0,NULL,'3349800171543','2025-05-17'),(478,'3228',4,'เด็กชาย','ปิยวัฒน์','ลาพล','1341501560447',1,NULL,9,0,0,NULL,'3349800171543','2025-05-17'),(477,'3227',3,'เด็กชาย','ประกาย','โพธารินทร์','1341501553297',1,NULL,9,0,0,NULL,'3349800171543','2025-05-17'),(476,'3226',2,'เด็กชาย','บุพกร','แก่นคำ','1349901928007',1,NULL,9,0,0,NULL,'3349800171543','2025-05-17'),(452,'3342',8,'เด็กหญิง','ปนัดดา','แซ่แต้','1749901607835',2,NULL,6,0,0,NULL,'3349800171543','2025-05-17'),(453,'3339',9,'เด็กหญิง','ภัสสาสิริ','อรรถเสน','1339300048746',2,NULL,6,0,0,NULL,'3349800171543','2025-05-17'),(454,'3281',10,'เด็กหญิง','ภีมรพัฒน์','วิษาพรม','1341501601879',2,NULL,6,0,0,NULL,'3349800171543','2025-05-17'),(455,'3297',1,'เด็กชาย','กิตติทัศน์','นามอ่อนสา','1341501583391',1,NULL,7,0,0,NULL,'3349800171543','2025-05-17'),(456,'3260',2,'เด็กชาย','คิมณพัฒน์','เจ็น','1341501591563',1,NULL,7,0,0,NULL,'3349800171543','2025-05-17'),(313,'3134',0,'เด็กหญิง','นัทธมน','สอนซิว','1619400042011',2,NULL,9,0,1,2564,'3349800083342','2019-09-06'),(474,'3250',10,'เด็กหญิง','อริสรา','รัศมี','1341501576611',2,NULL,8,0,0,NULL,'3349800171543','2025-05-17'),(475,'3224',1,'เด็กชาย','กฤษณะ','จันสุนา','1341501558591',1,NULL,9,0,0,NULL,'3349800171543','2025-05-17'),(473,'3252',9,'เด็กหญิง','อมราภรณ์','ปัสสาราช','1341501569681',2,NULL,8,0,0,NULL,'3349800171543','2025-05-17'),(472,'3251',8,'เด็กหญิง','ศิริกัญญา','ศรีผูย','1347600100121',2,NULL,8,0,0,NULL,'3349800171543','2025-05-17'),(471,'3249',7,'เด็กหญิง','วริษฐา','ราศรี','1341501574260',2,NULL,8,0,0,NULL,'3349800171543','2025-05-17'),(451,'3296',7,'เด็กหญิง','นภาพร','ธรรมเม','1347600129588',2,NULL,6,0,0,NULL,'3349800171543','2025-05-17'),(302,'3118',0,'เด็กชาย','กลวัชร','คูณตาแสง','1341501513694',1,NULL,9,0,1,2564,'3349800083342','2019-09-06'),(303,'3120',0,'เด็กชาย','อานุภาพ','หลอดแก้ว','1347600036661',1,NULL,9,0,1,2564,'3349800083342','2019-09-06'),(470,'3248',6,'เด็กหญิง','นันทิชา','ดวงภักดี','1341501568596',2,NULL,8,0,0,NULL,'3349800171543','2025-05-17'),(357,'3166',12,'เด็กหญิง','ชนาภา','มาลาคำ','1347600046259',2,'',9,1,1,2565,'3349800083342','2022-05-08'),(446,'3300',2,'เด็กชาย','ธนากร','พวงศรี','1102004805711',1,NULL,6,0,0,NULL,'3349800171543','2025-05-17'),(447,'3275',3,'เด็กชาย','บวรรัช','สายเคน','1341501607311',1,NULL,6,0,0,NULL,'3349800171543','2025-05-17'),(448,'3276',4,'เด็กชาย','พนัชกร','คำอาจ','1349902166348',1,NULL,6,0,0,NULL,'3349800171543','2025-05-17'),(449,'3277',5,'เด็กหญิง','จารุพิชญา','สายเคน','1341501608822',2,NULL,6,0,0,NULL,'3349800171543','2025-05-17'),(441,'3290',1,'เด็กหญิง','ชนิดา','พิมพ์พัฒน์','1341501614024',2,NULL,5,0,0,NULL,'3349800171543','2025-05-17'),(442,'3306',2,'เด็กหญิง','บุษยมาศ','บุญกาญจน์','1349902223619',2,NULL,5,0,0,NULL,'3349800171543','2025-05-17'),(443,'3307',3,'เด็กหญิง','พรพิมล','บุญกาญจน์','1349902223589',2,NULL,5,0,0,NULL,'3349800171543','2025-05-17'),(444,'3302',4,'เด็กหญิง','สุนิสา','เนาวีรัตน์','1341501612421',2,NULL,5,0,0,NULL,'3349800171543','2025-05-17'),(445,'3274',1,'เด็กชาย','กิตติพัฒน์','ป้องภัย','1341501605459',1,NULL,6,0,0,NULL,'3349800171543','2025-05-17'),(440,'3319',11,'เด็กหญิง','อินทุอร','บุญกาญจน์','1349902242257',2,NULL,4,0,0,NULL,'3349800171543','2025-05-17'),(439,'3317',10,'เด็กหญิง','สุกัญญา','สายบัว','1341501636834',2,NULL,4,0,0,NULL,'3349800171543','2025-05-17'),(341,'3283',3,'เด็กชาย','ยุทธพงษ์','สาลีผล','1102004334778',1,'',9,1,1,2566,'3349800083342','2021-06-21'),(342,'3284',4,'เด็กชาย','เจริญเกียรติ','จำปารัตน์','1349901817477',1,'',9,1,1,2566,'3349800083342','2021-06-21'),(438,'3316',9,'เด็กหญิง','ญาธิธาดา','โจระสา','1341501639183',2,NULL,4,0,0,NULL,'3349800171543','2025-05-17'),(436,'3313',7,'เด็กชาย','พงษ์พัฒน์','ยืนรัมย์','1341501636133',1,NULL,4,0,0,NULL,'3349800171543','2025-05-17'),(433,'3347',4,'เด็กชาย','กุลธวัช','สายเคน','1341501627797',1,NULL,4,0,0,NULL,'3349800171543','2025-05-17'),(434,'3310',5,'เด็กชาย','จิรวัฒน์','บุตรศรี','1341501631433',1,NULL,4,0,0,NULL,'3349800171543','2025-05-17'),(435,'3312',6,'เด็กชาย','ธนากร','รัตนวิโรจน์เรือง','1100704801601',1,NULL,4,0,0,NULL,'3349800171543','2025-05-17'),(432,'3309',3,'เด็กชาย','กันณพัฒน์','เจ็น','1341501636818',1,NULL,4,0,0,NULL,'3349800171543','2025-05-17'),(431,'3341',2,'เด็กชาย','กฤตนัย','บุญรัมย์','1119903050949',1,NULL,4,0,0,NULL,'3349800171543','2025-05-17'),(430,'3308',1,'เด็กชาย','กชอินทร์','จันสุนา','1341501629528',1,NULL,4,0,0,NULL,'3349800171543','2025-05-17'),(395,'3285',11,'เด็กชาย','ธนกร','ก้อนสีลา','1347900058112',1,'',6,1,2,2567,'3349800171543','2023-11-08'),(437,'3315',8,'เด็กหญิง','จินดารัตน์','คงคูณ','1341501638039',2,NULL,4,0,0,NULL,'3349800171543','2025-05-17'),(429,'3338',13,'เด็กหญิง','อรณิชา','พวงศรี','1341501657424',2,NULL,3,0,0,NULL,'3349800171543','2025-05-17'),(428,'3336',12,'เด็กหญิง','ปุณณดา','ศรีวะรมย์','1347600157093',2,NULL,3,0,0,NULL,'3349800171543','2025-05-17'),(427,'3335',11,'เด็กหญิง','ณัฐพร','ผลชะอุ่ม','1129701770801',2,NULL,3,0,0,NULL,'3349800171543','2025-05-17'),(426,'3334',10,'เด็กหญิง','ชนัญชิดา','แก้วลอย','1349902303434',2,NULL,3,0,0,NULL,'3349800171543','2025-05-17'),(425,'3332',8,'เด็กหญิง','กนกพร','มนเทียรอาสน์','1349902282941',2,NULL,3,0,0,NULL,'3349800171543','2025-05-17'),(424,'3331',7,'เด็กชาย','อัครินทร์','ดอกจันทร์','1349902312972',1,NULL,3,0,0,NULL,'3349800171543','2025-05-17'),(423,'3329',6,'เด็กชาย','พีระพัฒน์','บุญจูง','1341501653739',1,NULL,3,0,0,NULL,'3349800171543','2025-05-17'),(421,'3327',4,'เด็กชาย','ธเนตศ์','ปิ่นทุมา','1341501653836',1,NULL,3,0,0,NULL,'3349800171543','2025-05-17'),(422,'3328',5,'เด็กชาย','นันท์นภัส','เลขะสันต์','1341501649791',1,NULL,3,0,0,NULL,'3349800171543','2025-05-17'),(420,'3326',3,'เด็กชาย','ดลณภัทร','ศรีทาเวช','1347600151567',1,NULL,3,0,0,NULL,'3349800171543','2025-05-17'),(419,'3325',2,'เด็กชาย','ฉันทวัฒน์','นามอ่อนสา','1349902319063',1,NULL,3,0,0,NULL,'3349800171543','2025-05-17'),(418,'3324',1,'เด็กชาย','กฤตภัทร ','บัวเขียว','1349902324776',1,NULL,3,0,0,NULL,'3349800171543','2025-05-17'),(417,'3345',3,'เด็กหญิง','จิรัชญา','บุญกาญจน์','1346400000769',2,NULL,2,0,0,NULL,'3349800171543','2025-05-17'),(416,'3343',2,'เด็กชาย','รัฐนันท์','คำสิงหา','1349902340755',1,NULL,2,0,0,NULL,'3349800171543','2025-05-17'),(415,'3344',1,'เด็กชาย','ณรงค์ชัย','ป้องภัย','1346400001358',1,NULL,2,0,0,NULL,'3349800171543','2025-05-17');

--
-- Table structure for table `student_main_class`
--

CREATE TABLE `student_main_class` (
  `id` int(11) NOT NULL AUTO_INCREMENT,
  `class_code` tinyint(4) NOT NULL,
  `class_name` varchar(150) NOT NULL,
  PRIMARY KEY (`id`),
  UNIQUE KEY `class_code` (`class_code`)
) ENGINE=MyISAM AUTO_INCREMENT=11 DEFAULT CHARSET=utf8 COLLATE=utf8_general_ci;

--
-- Dumping data for table `student_main_class`
--

INSERT INTO `student_main_class` VALUES (1,2,'อนุบาล2'),(2,3,'อนุุบาล3'),(3,4,'ประถมศึกษาปีที่1'),(4,5,'ประถมศึกษาปีที่2'),(5,6,'ประถมศึกษาปีที่3'),(9,7,'ประถมศึกษาปีที่ 4'),(7,8,'ประถมศึกษาปีที่5'),(8,9,'ประถมศึกษาปีที่6');

--
-- Table structure for table `student_main_classlog`
--

CREATE TABLE `student_main_classlog` (
  `id` int(11) NOT NULL AUTO_INCREMENT,
  `ed_year` int(11) NOT NULL,
  `student_id` varchar(7) NOT NULL,
  `student_number` int(11) DEFAULT NULL,
  `class_code` tinyint(4) NOT NULL,
  `room` tinyint(4) DEFAULT 0,
  `officer` varchar(13) NOT NULL,
  `rec_date` date NOT NULL,
  PRIMARY KEY (`id`)
) ENGINE=MyISAM AUTO_INCREMENT=1339 DEFAULT CHARSET=utf8 COLLATE=utf8_general_ci;

--
-- Dumping data for table `student_main_classlog`
--

INSERT INTO `student_main_classlog` VALUES (1,2557,'3113',0,2,1,'3740300046993','2014-09-13'),(2,2557,'3118',0,2,1,'3740300046993','2014-09-13'),(3,2557,'3120',0,2,1,'3740300046993','2014-09-13'),(4,2557,'3121',0,2,1,'3740300046993','2014-09-13'),(5,2557,'3122',0,2,1,'3740300046993','2014-09-13'),(6,2557,'3123',0,2,1,'3740300046993','2014-09-13'),(7,2557,'3124',0,2,1,'3740300046993','2014-09-13'),(8,2557,'3125',0,2,1,'3740300046993','2014-09-13'),(9,2557,'3126',0,2,1,'3740300046993','2014-09-13'),(10,2557,'3127',0,2,1,'3740300046993','2014-09-13'),(11,2557,'3128',0,2,1,'3740300046993','2014-09-13'),(12,2557,'3129',0,2,1,'3740300046993','2014-09-13'),(13,2557,'3130',0,2,1,'3740300046993','2014-09-13'),(14,2557,'3131',0,2,1,'3740300046993','2014-09-13'),(15,2557,'3134',0,2,1,'3740300046993','2014-09-13'),(16,2557,'3138',0,2,1,'3740300046993','2014-09-13'),(17,2557,'3101',0,3,1,'3740300046993','2014-09-13'),(18,2557,'3102',0,3,1,'3740300046993','2014-09-13'),(19,2557,'3103',0,3,1,'3740300046993','2014-09-13'),(20,2557,'3104',0,3,1,'3740300046993','2014-09-13'),(21,2557,'3105',0,3,1,'3740300046993','2014-09-13'),(22,2557,'3106',0,3,1,'3740300046993','2014-09-13'),(23,2557,'3107',0,3,1,'3740300046993','2014-09-13'),(24,2557,'3108',0,3,1,'3740300046993','2014-09-13'),(25,2557,'3109',0,3,1,'3740300046993','2014-09-13'),(26,2557,'3110',0,3,1,'3740300046993','2014-09-13'),(27,2557,'3111',0,3,1,'3740300046993','2014-09-13'),(28,2557,'3112',0,3,1,'3740300046993','2014-09-13'),(29,2557,'3114',0,3,1,'3740300046993','2014-09-13'),(30,2557,'3115',0,3,1,'3740300046993','2014-09-13'),(31,2557,'3116',0,3,1,'3740300046993','2014-09-13'),(32,2557,'3117',0,3,1,'3740300046993','2014-09-13'),(33,2557,'3135',0,3,1,'3740300046993','2014-09-13'),(34,2557,'3143',0,3,1,'3740300046993','2014-09-13'),(35,2557,'3084',0,4,1,'3740300046993','2014-09-13'),(36,2557,'3086',0,4,1,'3740300046993','2014-09-13'),(37,2557,'3087',0,4,1,'3740300046993','2014-09-13'),(38,2557,'3088',0,4,1,'3740300046993','2014-09-13'),(39,2557,'3089',0,4,1,'3740300046993','2014-09-13'),(40,2557,'3090',0,4,1,'3740300046993','2014-09-13'),(41,2557,'3091',0,4,1,'3740300046993','2014-09-13'),(42,2557,'3092',0,4,1,'3740300046993','2014-09-13'),(43,2557,'3093',0,4,1,'3740300046993','2014-09-13'),(44,2557,'3094',0,4,1,'3740300046993','2014-09-13'),(45,2557,'3095',0,4,1,'3740300046993','2014-09-13'),(46,2557,'3098',0,4,1,'3740300046993','2014-09-13'),(47,2557,'3140',0,4,1,'3740300046993','2014-09-13'),(48,2557,'3141',0,4,1,'3740300046993','2014-09-13'),(49,2557,'3144',0,4,1,'3740300046993','2014-09-13'),(50,2557,'3035',0,5,1,'3740300046993','2014-09-13'),(51,2557,'3044',0,5,1,'3740300046993','2014-09-13'),(52,2557,'3059',0,5,1,'3740300046993','2014-09-13'),(53,2557,'3060',0,5,1,'3740300046993','2014-09-13'),(54,2557,'3061',0,5,1,'3740300046993','2014-09-13'),(55,2557,'3062',0,5,1,'3740300046993','2014-09-13'),(56,2557,'3063',0,5,1,'3740300046993','2014-09-13'),(57,2557,'3064',0,5,1,'3740300046993','2014-09-13'),(58,2557,'3065',0,5,1,'3740300046993','2014-09-13'),(59,2557,'3066',0,5,1,'3740300046993','2014-09-13'),(60,2557,'3067',0,5,1,'3740300046993','2014-09-13'),(61,2557,'3068',0,5,1,'3740300046993','2014-09-13'),(62,2557,'3069',0,5,1,'3740300046993','2014-09-13'),(63,2557,'3070',0,5,1,'3740300046993','2014-09-13'),(64,2557,'3071',0,5,1,'3740300046993','2014-09-13'),(65,2557,'3072',0,5,1,'3740300046993','2014-09-13'),(66,2557,'3073',0,5,1,'3740300046993','2014-09-13'),(67,2557,'3074',0,5,1,'3740300046993','2014-09-13'),(68,2557,'3100',0,5,1,'3740300046993','2014-09-13'),(69,2557,'3041',0,6,1,'3740300046993','2014-09-13'),(70,2557,'3043',0,6,1,'3740300046993','2014-09-13'),(71,2557,'3045',0,6,1,'3740300046993','2014-09-13'),(72,2557,'3047',0,6,1,'3740300046993','2014-09-13'),(73,2557,'3048',0,6,1,'3740300046993','2014-09-13'),(74,2557,'3049',0,6,1,'3740300046993','2014-09-13'),(75,2557,'3050',0,6,1,'3740300046993','2014-09-13'),(76,2557,'3051',0,6,1,'3740300046993','2014-09-13'),(77,2557,'3053',0,6,1,'3740300046993','2014-09-13'),(78,2557,'3054',0,6,1,'3740300046993','2014-09-13'),(79,2557,'3056',0,6,1,'3740300046993','2014-09-13'),(80,2557,'3057',0,6,1,'3740300046993','2014-09-13'),(81,2557,'3075',0,6,1,'3740300046993','2014-09-13'),(82,2557,'3142',0,6,1,'3740300046993','2014-09-13'),(83,2557,'3014',0,7,1,'3740300046993','2014-09-13'),(84,2557,'3015',0,7,1,'3740300046993','2014-09-13'),(85,2557,'3016',0,7,1,'3740300046993','2014-09-13'),(86,2557,'3017',0,7,1,'3740300046993','2014-09-13'),(87,2557,'3020',0,7,1,'3740300046993','2014-09-13'),(88,2557,'3021',0,7,1,'3740300046993','2014-09-13'),(89,2557,'3022',0,7,1,'3740300046993','2014-09-13'),(90,2557,'3023',0,7,1,'3740300046993','2014-09-13'),(91,2557,'3024',0,7,1,'3740300046993','2014-09-13'),(92,2557,'3025',0,7,1,'3740300046993','2014-09-13'),(93,2557,'3026',0,7,1,'3740300046993','2014-09-13'),(94,2557,'3031',0,7,1,'3740300046993','2014-09-13'),(95,2557,'3032',0,7,1,'3740300046993','2014-09-13'),(96,2557,'3033',0,7,1,'3740300046993','2014-09-13'),(97,2557,'3034',0,7,1,'3740300046993','2014-09-13'),(98,2557,'3036',0,7,1,'3740300046993','2014-09-13'),(99,2557,'3037',0,7,1,'3740300046993','2014-09-13'),(100,2557,'3038',0,7,1,'3740300046993','2014-09-13'),(101,2557,'3078',0,7,1,'3740300046993','2014-09-13'),(102,2557,'3080',0,7,1,'3740300046993','2014-09-13'),(103,2557,'2989',0,8,1,'3740300046993','2014-09-13'),(104,2557,'2990',0,8,1,'3740300046993','2014-09-13'),(105,2557,'2991',0,8,1,'3740300046993','2014-09-13'),(106,2557,'2993',0,8,1,'3740300046993','2014-09-13'),(107,2557,'2994',0,8,1,'3740300046993','2014-09-13'),(108,2557,'2995',0,8,1,'3740300046993','2014-09-13'),(109,2557,'2996',0,8,1,'3740300046993','2014-09-13'),(110,2557,'2997',0,8,1,'3740300046993','2014-09-13'),(111,2557,'2998',0,8,1,'3740300046993','2014-09-13'),(112,2557,'2999',0,8,1,'3740300046993','2014-09-13'),(113,2557,'3000',0,8,1,'3740300046993','2014-09-13'),(114,2557,'3001',0,8,1,'3740300046993','2014-09-13'),(115,2557,'3002',0,8,1,'3740300046993','2014-09-13'),(116,2557,'3003',0,8,1,'3740300046993','2014-09-13'),(117,2557,'3004',0,8,1,'3740300046993','2014-09-13'),(118,2557,'3005',0,8,1,'3740300046993','2014-09-13'),(119,2557,'3009',0,8,1,'3740300046993','2014-09-13'),(120,2557,'3039',0,8,1,'3740300046993','2014-09-13'),(121,2557,'3081',0,8,1,'3740300046993','2014-09-13'),(122,2557,'2964',0,9,1,'3740300046993','2014-09-13'),(123,2557,'2965',0,9,1,'3740300046993','2014-09-13'),(124,2557,'2966',0,9,1,'3740300046993','2014-09-13'),(125,2557,'2967',0,9,1,'3740300046993','2014-09-13'),(126,2557,'2969',0,9,1,'3740300046993','2014-09-13'),(127,2557,'2971',0,9,1,'3740300046993','2014-09-13'),(128,2557,'2972',0,9,1,'3740300046993','2014-09-13'),(129,2557,'2973',0,9,1,'3740300046993','2014-09-13'),(130,2557,'2974',0,9,1,'3740300046993','2014-09-13'),(131,2557,'2975',0,9,1,'3740300046993','2014-09-13'),(132,2557,'2979',0,9,1,'3740300046993','2014-09-13'),(133,2557,'2980',0,9,1,'3740300046993','2014-09-13'),(134,2557,'2981',0,9,1,'3740300046993','2014-09-13'),(135,2557,'2983',0,9,1,'3740300046993','2014-09-13'),(136,2557,'2984',0,9,1,'3740300046993','2014-09-13'),(137,2557,'2986',0,9,1,'3740300046993','2014-09-13'),(138,2557,'2987',0,9,1,'3740300046993','2014-09-13'),(139,2557,'3137',0,9,1,'3740300046993','2014-09-13'),(140,2558,'2964',0,9,1,'3349800083342','2015-06-28'),(141,2558,'2965',0,9,1,'3349800083342','2015-06-28'),(142,2558,'2966',0,9,1,'3349800083342','2015-06-28'),(143,2558,'2967',0,9,1,'3349800083342','2015-06-28'),(144,2558,'2969',0,9,1,'3349800083342','2015-06-28'),(145,2558,'2971',0,9,1,'3349800083342','2015-06-28'),(146,2558,'2972',0,9,1,'3349800083342','2015-06-28'),(147,2558,'2973',0,9,1,'3349800083342','2015-06-28'),(148,2558,'2974',0,9,1,'3349800083342','2015-06-28'),(149,2558,'2975',0,9,1,'3349800083342','2015-06-28'),(150,2558,'2979',0,9,1,'3349800083342','2015-06-28'),(151,2558,'2980',0,9,1,'3349800083342','2015-06-28'),(152,2558,'2981',0,9,1,'3349800083342','2015-06-28'),(153,2558,'2983',0,9,1,'3349800083342','2015-06-28'),(154,2558,'2984',0,9,1,'3349800083342','2015-06-28'),(155,2558,'2986',0,9,1,'3349800083342','2015-06-28'),(156,2558,'2987',0,9,1,'3349800083342','2015-06-28'),(157,2558,'3137',0,9,1,'3349800083342','2015-06-28'),(158,2557,'3139',0,6,1,'3349800083342','2015-06-28'),(159,2559,'2989',1,9,1,'3349800083342','2016-05-12'),(160,2559,'2990',2,9,1,'3349800083342','2016-05-12'),(161,2559,'2991',3,9,1,'3349800083342','2016-05-12'),(162,2559,'2993',4,9,1,'3349800083342','2016-05-12'),(163,2559,'2994',5,9,1,'3349800083342','2016-05-12'),(164,2559,'3009',6,9,1,'3349800083342','2016-05-12'),(165,2559,'3039',7,9,1,'3349800083342','2016-05-12'),(166,2559,'2995',8,9,1,'3349800083342','2016-05-12'),(167,2559,'2996',9,9,1,'3349800083342','2016-05-12'),(168,2559,'2997',10,9,1,'3349800083342','2016-05-12'),(169,2559,'2998',11,9,1,'3349800083342','2016-05-12'),(170,2559,'2999',12,9,1,'3349800083342','2016-05-12'),(171,2559,'3000',13,9,1,'3349800083342','2016-05-12'),(172,2559,'3001',14,9,1,'3349800083342','2016-05-12'),(173,2559,'3002',15,9,1,'3349800083342','2016-05-12'),(174,2559,'3003',16,9,1,'3349800083342','2016-05-12'),(175,2559,'3004',17,9,1,'3349800083342','2016-05-12'),(176,2559,'3005',18,9,1,'3349800083342','2016-05-12'),(177,2559,'3081',19,9,1,'3349800083342','2016-05-12'),(178,2559,'3178',20,9,1,'3349800083342','2016-05-12'),(179,2558,'3148',0,2,1,'3349800083342','2016-05-16'),(180,2558,'3149',0,2,1,'3349800083342','2016-05-16'),(181,2558,'3150',0,2,1,'3349800083342','2016-05-16'),(182,2558,'3151',0,2,1,'3349800083342','2016-05-16'),(183,2558,'3152',0,2,1,'3349800083342','2016-05-16'),(184,2558,'3153',0,2,1,'3349800083342','2016-05-16'),(185,2558,'3154',0,2,1,'3349800083342','2016-05-16'),(186,2558,'3155',0,2,1,'3349800083342','2016-05-16'),(187,2558,'3157',0,2,1,'3349800083342','2016-05-16'),(188,2558,'3158',0,2,1,'3349800083342','2016-05-16'),(189,2558,'3159',0,2,1,'3349800083342','2016-05-16'),(190,2558,'3160',0,2,1,'3349800083342','2016-05-16'),(191,2558,'3161',0,2,1,'3349800083342','2016-05-16'),(192,2558,'3162',0,2,1,'3349800083342','2016-05-16'),(193,2558,'3163',0,2,1,'3349800083342','2016-05-16'),(194,2558,'3164',0,2,1,'3349800083342','2016-05-16'),(195,2558,'3165',0,2,1,'3349800083342','2016-05-16'),(196,2558,'3166',0,2,1,'3349800083342','2016-05-16'),(197,2558,'3167',0,2,1,'3349800083342','2016-05-16'),(198,2558,'3168',0,2,1,'3349800083342','2016-05-16'),(199,2558,'3169',0,2,1,'3349800083342','2016-05-16'),(200,2558,'3170',0,2,1,'3349800083342','2016-05-16'),(201,2558,'3171',0,2,1,'3349800083342','2016-05-16'),(202,2558,'3179',0,2,1,'3349800083342','2016-05-16'),(203,2558,'3180',0,2,1,'3349800083342','2016-05-16'),(204,2558,'3014',0,8,1,'3349800083342','2016-05-16'),(205,2558,'3015',0,8,1,'3349800083342','2016-05-16'),(206,2558,'3016',0,8,1,'3349800083342','2016-05-16'),(207,2558,'3017',0,8,1,'3349800083342','2016-05-16'),(208,2558,'3020',0,8,1,'3349800083342','2016-05-16'),(209,2558,'3021',0,8,1,'3349800083342','2016-05-16'),(210,2558,'3022',0,8,1,'3349800083342','2016-05-16'),(211,2558,'3023',0,8,1,'3349800083342','2016-05-16'),(212,2558,'3024',0,8,1,'3349800083342','2016-05-16'),(213,2558,'3025',0,8,1,'3349800083342','2016-05-16'),(214,2558,'3026',0,8,1,'3349800083342','2016-05-16'),(215,2558,'3031',0,8,1,'3349800083342','2016-05-16'),(216,2558,'3032',0,8,1,'3349800083342','2016-05-16'),(217,2558,'3033',0,8,1,'3349800083342','2016-05-16'),(218,2558,'3034',0,8,1,'3349800083342','2016-05-16'),(219,2558,'3036',0,8,1,'3349800083342','2016-05-16'),(220,2558,'3037',0,8,1,'3349800083342','2016-05-16'),(221,2558,'3038',0,8,1,'3349800083342','2016-05-16'),(222,2558,'3078',0,8,1,'3349800083342','2016-05-16'),(223,2558,'3080',0,8,1,'3349800083342','2016-05-16'),(224,2558,'3041',0,7,1,'3349800083342','2016-05-16'),(225,2558,'3043',0,7,1,'3349800083342','2016-05-16'),(226,2558,'3045',0,7,1,'3349800083342','2016-05-16'),(227,2558,'3048',0,7,1,'3349800083342','2016-05-16'),(228,2558,'3049',0,7,1,'3349800083342','2016-05-16'),(229,2558,'3050',0,7,1,'3349800083342','2016-05-16'),(230,2558,'3051',0,7,1,'3349800083342','2016-05-16'),(231,2558,'3053',0,7,1,'3349800083342','2016-05-16'),(232,2558,'3054',0,7,1,'3349800083342','2016-05-16'),(233,2558,'3056',0,7,1,'3349800083342','2016-05-16'),(234,2558,'3057',0,7,1,'3349800083342','2016-05-16'),(235,2558,'3075',0,7,1,'3349800083342','2016-05-16'),(236,2558,'3136',0,7,1,'3349800083342','2016-05-16'),(237,2558,'3139',0,7,1,'3349800083342','2016-05-16'),(238,2558,'3142',0,7,1,'3349800083342','2016-05-16'),(239,2558,'3175',0,7,1,'3349800083342','2016-05-16'),(240,2558,'3035',0,6,1,'3349800083342','2016-05-16'),(241,2558,'3044',0,6,1,'3349800083342','2016-05-16'),(242,2558,'3059',0,6,1,'3349800083342','2016-05-16'),(243,2558,'3060',0,6,1,'3349800083342','2016-05-16'),(244,2558,'3061',0,6,1,'3349800083342','2016-05-16'),(245,2558,'3063',0,6,1,'3349800083342','2016-05-16'),(246,2558,'3064',0,6,1,'3349800083342','2016-05-16'),(247,2558,'3065',0,6,1,'3349800083342','2016-05-16'),(248,2558,'3066',0,6,1,'3349800083342','2016-05-16'),(249,2558,'3067',0,6,1,'3349800083342','2016-05-16'),(250,2558,'3068',0,6,1,'3349800083342','2016-05-16'),(251,2558,'3069',0,6,1,'3349800083342','2016-05-16'),(252,2558,'3070',0,6,1,'3349800083342','2016-05-16'),(253,2558,'3071',0,6,1,'3349800083342','2016-05-16'),(254,2558,'3072',0,6,1,'3349800083342','2016-05-16'),(255,2558,'3074',0,6,1,'3349800083342','2016-05-16'),(256,2558,'3174',0,6,1,'3349800083342','2016-05-16'),(257,2558,'3084',0,5,1,'3349800083342','2016-05-16'),(258,2558,'3086',0,5,1,'3349800083342','2016-05-16'),(259,2558,'3087',0,5,1,'3349800083342','2016-05-16'),(260,2558,'3088',0,5,1,'3349800083342','2016-05-16'),(261,2558,'3089',0,5,1,'3349800083342','2016-05-16'),(262,2558,'3090',0,5,1,'3349800083342','2016-05-16'),(263,2558,'3091',0,5,1,'3349800083342','2016-05-16'),(264,2558,'3092',0,5,1,'3349800083342','2016-05-16'),(265,2558,'3093',0,5,1,'3349800083342','2016-05-16'),(266,2558,'3094',0,5,1,'3349800083342','2016-05-16'),(267,2558,'3095',0,5,1,'3349800083342','2016-05-16'),(268,2558,'3098',0,5,1,'3349800083342','2016-05-16'),(269,2558,'3140',0,5,1,'3349800083342','2016-05-16'),(270,2558,'3141',0,5,1,'3349800083342','2016-05-16'),(271,2558,'3177',0,5,1,'3349800083342','2016-05-16'),(272,2558,'3101',0,4,1,'3349800083342','2016-05-16'),(273,2558,'3102',0,4,1,'3349800083342','2016-05-16'),(274,2558,'3103',0,4,1,'3349800083342','2016-05-16'),(275,2558,'3104',0,4,1,'3349800083342','2016-05-16'),(276,2558,'3105',0,4,1,'3349800083342','2016-05-16'),(277,2558,'3106',0,4,1,'3349800083342','2016-05-16'),(278,2558,'3107',0,4,1,'3349800083342','2016-05-16'),(279,2558,'3108',0,4,1,'3349800083342','2016-05-16'),(280,2558,'3109',0,4,1,'3349800083342','2016-05-16'),(281,2558,'3110',0,4,1,'3349800083342','2016-05-16'),(282,2558,'3111',0,4,1,'3349800083342','2016-05-16'),(283,2558,'3112',0,4,1,'3349800083342','2016-05-16'),(284,2558,'3114',0,4,1,'3349800083342','2016-05-16'),(285,2558,'3115',0,4,1,'3349800083342','2016-05-16'),(286,2558,'3116',0,4,1,'3349800083342','2016-05-16'),(287,2558,'3117',0,4,1,'3349800083342','2016-05-16'),(288,2558,'3135',0,4,1,'3349800083342','2016-05-16'),(289,2558,'3143',0,4,1,'3349800083342','2016-05-16'),(290,2558,'3172',0,4,1,'3349800083342','2016-05-16'),(291,2558,'3173',0,4,1,'3349800083342','2016-05-16'),(292,2558,'3176',0,4,1,'3349800083342','2016-05-16'),(293,2558,'3113',0,3,1,'3349800083342','2016-05-17'),(294,2558,'3118',0,3,1,'3349800083342','2016-05-17'),(295,2558,'3120',0,3,1,'3349800083342','2016-05-17'),(296,2558,'3121',0,3,1,'3349800083342','2016-05-17'),(297,2558,'3122',0,3,1,'3349800083342','2016-05-17'),(298,2558,'3123',0,3,1,'3349800083342','2016-05-17'),(299,2558,'3124',0,3,1,'3349800083342','2016-05-17'),(300,2558,'3125',0,3,1,'3349800083342','2016-05-17'),(301,2558,'3126',0,3,1,'3349800083342','2016-05-17'),(302,2558,'3127',0,3,1,'3349800083342','2016-05-17'),(303,2558,'3128',0,3,1,'3349800083342','2016-05-17'),(304,2558,'3129',0,3,1,'3349800083342','2016-05-17'),(305,2558,'3130',0,3,1,'3349800083342','2016-05-17'),(306,2558,'3131',0,3,1,'3349800083342','2016-05-17'),(307,2558,'3134',0,3,1,'3349800083342','2016-05-17'),(308,2558,'3138',0,3,1,'3349800083342','2016-05-17'),(309,2558,'3145',0,3,1,'3349800083342','2016-05-17'),(310,2559,'3014',0,9,1,'3349800083342','2017-11-18'),(311,2559,'3015',0,9,1,'3349800083342','2017-11-18'),(312,2559,'3016',0,9,1,'3349800083342','2017-11-18'),(313,2559,'3017',0,9,1,'3349800083342','2017-11-18'),(314,2559,'3020',0,9,1,'3349800083342','2017-11-18'),(315,2559,'3021',0,9,1,'3349800083342','2017-11-18'),(316,2559,'3022',0,9,1,'3349800083342','2017-11-18'),(317,2559,'3023',0,9,1,'3349800083342','2017-11-18'),(318,2559,'3024',0,9,1,'3349800083342','2017-11-18'),(319,2559,'3025',0,9,1,'3349800083342','2017-11-18'),(320,2559,'3026',0,9,1,'3349800083342','2017-11-18'),(321,2559,'3031',0,9,1,'3349800083342','2017-11-18'),(322,2559,'3032',0,9,1,'3349800083342','2017-11-18'),(323,2559,'3033',0,9,1,'3349800083342','2017-11-18'),(324,2559,'3034',0,9,1,'3349800083342','2017-11-18'),(325,2559,'3036',0,9,1,'3349800083342','2017-11-18'),(326,2559,'3037',0,9,1,'3349800083342','2017-11-18'),(327,2559,'3038',0,9,1,'3349800083342','2017-11-18'),(328,2559,'3078',0,9,1,'3349800083342','2017-11-18'),(329,2559,'3080',0,9,1,'3349800083342','2017-11-18'),(330,2559,'3060',3,7,1,'3349800083342','2017-11-18'),(331,2559,'3061',4,7,1,'3349800083342','2017-11-18'),(332,2559,'3063',5,7,1,'3349800083342','2017-11-18'),(333,2559,'3064',6,7,1,'3349800083342','2017-11-18'),(334,2559,'3065',7,7,1,'3349800083342','2017-11-18'),(335,2559,'3174',8,7,1,'3349800083342','2017-11-18'),(336,2559,'3066',9,7,1,'3349800083342','2017-11-18'),(337,2559,'3067',10,7,1,'3349800083342','2017-11-18'),(338,2559,'3068',11,7,1,'3349800083342','2017-11-18'),(339,2559,'3069',12,7,1,'3349800083342','2017-11-18'),(340,2559,'3070',13,7,1,'3349800083342','2017-11-18'),(341,2559,'3071',14,7,1,'3349800083342','2017-11-18'),(342,2559,'3072',15,7,1,'3349800083342','2017-11-18'),(343,2559,'3074',16,7,1,'3349800083342','2017-11-18'),(344,2559,'3041',0,8,1,'3349800083342','2017-11-18'),(345,2559,'3043',0,8,1,'3349800083342','2017-11-18'),(346,2559,'3045',0,8,1,'3349800083342','2017-11-18'),(347,2559,'3048',0,8,1,'3349800083342','2017-11-18'),(348,2559,'3049',0,8,1,'3349800083342','2017-11-18'),(349,2559,'3050',0,8,1,'3349800083342','2017-11-18'),(350,2559,'3051',0,8,1,'3349800083342','2017-11-18'),(351,2559,'3053',0,8,1,'3349800083342','2017-11-18'),(352,2559,'3054',0,8,1,'3349800083342','2017-11-18'),(353,2559,'3056',0,8,1,'3349800083342','2017-11-18'),(354,2559,'3057',0,8,1,'3349800083342','2017-11-18'),(355,2559,'3075',0,8,1,'3349800083342','2017-11-18'),(356,2559,'3136',0,8,1,'3349800083342','2017-11-18'),(357,2559,'3139',0,8,1,'3349800083342','2017-11-18'),(358,2559,'3142',0,8,1,'3349800083342','2017-11-18'),(359,2559,'3084',0,6,1,'3349800083342','2017-11-18'),(360,2559,'3086',0,6,1,'3349800083342','2017-11-18'),(361,2559,'3087',0,6,1,'3349800083342','2017-11-18'),(362,2559,'3088',0,6,1,'3349800083342','2017-11-18'),(363,2559,'3089',0,6,1,'3349800083342','2017-11-18'),(364,2559,'3090',0,6,1,'3349800083342','2017-11-18'),(365,2559,'3091',0,6,1,'3349800083342','2017-11-18'),(366,2559,'3092',0,6,1,'3349800083342','2017-11-18'),(367,2559,'3093',0,6,1,'3349800083342','2017-11-18'),(368,2559,'3094',0,6,1,'3349800083342','2017-11-18'),(369,2559,'3095',0,6,1,'3349800083342','2017-11-18'),(370,2559,'3098',0,6,1,'3349800083342','2017-11-18'),(371,2559,'3140',0,6,1,'3349800083342','2017-11-18'),(372,2559,'3141',0,6,1,'3349800083342','2017-11-18'),(373,2559,'3199',0,6,1,'3349800083342','2017-11-18'),(374,2559,'3044',1,7,1,'3349800083342','2017-11-18'),(375,2559,'3059',2,7,1,'3349800083342','2017-11-18'),(376,2559,'3101',0,5,1,'3349800083342','2017-11-18'),(377,2559,'3102',0,5,1,'3349800083342','2017-11-18'),(378,2559,'3103',0,5,1,'3349800083342','2017-11-18'),(379,2559,'3104',0,5,1,'3349800083342','2017-11-18'),(380,2559,'3105',0,5,1,'3349800083342','2017-11-18'),(381,2559,'3106',0,5,1,'3349800083342','2017-11-18'),(382,2559,'3107',0,5,1,'3349800083342','2017-11-18'),(383,2559,'3108',0,5,1,'3349800083342','2017-11-18'),(384,2559,'3109',0,5,1,'3349800083342','2017-11-18'),(385,2559,'3110',0,5,1,'3349800083342','2017-11-18'),(386,2559,'3111',0,5,1,'3349800083342','2017-11-18'),(387,2559,'3112',0,5,1,'3349800083342','2017-11-18'),(388,2559,'3114',0,5,1,'3349800083342','2017-11-18'),(389,2559,'3115',0,5,1,'3349800083342','2017-11-18'),(390,2559,'3116',0,5,1,'3349800083342','2017-11-18'),(391,2559,'3117',0,5,1,'3349800083342','2017-11-18'),(392,2559,'3135',0,5,1,'3349800083342','2017-11-18'),(393,2559,'3143',0,5,1,'3349800083342','2017-11-18'),(394,2559,'3172',0,5,1,'3349800083342','2017-11-18'),(395,2559,'3118',0,4,1,'3349800083342','2017-11-18'),(396,2559,'3120',0,4,1,'3349800083342','2017-11-18'),(397,2559,'3121',0,4,1,'3349800083342','2017-11-18'),(398,2559,'3122',0,4,1,'3349800083342','2017-11-18'),(399,2559,'3125',0,4,1,'3349800083342','2017-11-18'),(400,2559,'3126',0,4,1,'3349800083342','2017-11-18'),(401,2559,'3127',0,4,1,'3349800083342','2017-11-18'),(402,2559,'3128',0,4,1,'3349800083342','2017-11-18'),(403,2559,'3129',0,4,1,'3349800083342','2017-11-18'),(404,2559,'3130',0,4,1,'3349800083342','2017-11-18'),(405,2559,'3131',0,4,1,'3349800083342','2017-11-18'),(406,2559,'3134',0,4,1,'3349800083342','2017-11-18'),(407,2559,'3138',0,4,1,'3349800083342','2017-11-18'),(408,2559,'3145',0,4,1,'3349800083342','2017-11-18'),(409,2559,'3146',0,4,1,'3349800083342','2017-11-18'),(410,2559,'3147',0,4,1,'3349800083342','2017-11-18'),(411,2559,'3148',0,3,1,'3349800083342','2017-11-18'),(412,2559,'3150',0,3,1,'3349800083342','2017-11-18'),(413,2559,'3151',0,3,1,'3349800083342','2017-11-18'),(414,2559,'3152',0,3,1,'3349800083342','2017-11-18'),(415,2559,'3153',0,3,1,'3349800083342','2017-11-18'),(416,2559,'3154',0,3,1,'3349800083342','2017-11-18'),(417,2559,'3155',0,3,1,'3349800083342','2017-11-18'),(418,2559,'3157',0,3,1,'3349800083342','2017-11-18'),(419,2559,'3158',0,3,1,'3349800083342','2017-11-18'),(420,2559,'3159',0,3,1,'3349800083342','2017-11-18'),(421,2559,'3160',0,3,1,'3349800083342','2017-11-18'),(422,2559,'3161',0,3,1,'3349800083342','2017-11-18'),(423,2559,'3162',0,3,1,'3349800083342','2017-11-18'),(424,2559,'3163',0,3,1,'3349800083342','2017-11-18'),(425,2559,'3164',0,3,1,'3349800083342','2017-11-18'),(426,2559,'3165',0,3,1,'3349800083342','2017-11-18'),(427,2559,'3166',0,3,1,'3349800083342','2017-11-18'),(428,2559,'3170',0,3,1,'3349800083342','2017-11-18'),(429,2559,'3179',0,3,1,'3349800083342','2017-11-18'),(430,2559,'3180',0,3,1,'3349800083342','2017-11-18'),(431,2559,'3200',0,3,1,'3349800083342','2017-11-18'),(432,2559,'3181',1,2,0,'3349800083342','2017-11-18'),(433,2559,'3182',2,2,0,'3349800083342','2017-11-18'),(434,2559,'3183',3,2,0,'3349800083342','2017-11-18'),(435,2559,'3184',4,2,0,'3349800083342','2017-11-18'),(436,2559,'3185',5,2,0,'3349800083342','2017-11-18'),(437,2559,'3186',6,2,0,'3349800083342','2017-11-18'),(438,2559,'3187',7,2,0,'3349800083342','2017-11-18'),(439,2559,'3188',8,2,0,'3349800083342','2017-11-18'),(440,2559,'3189',9,2,0,'3349800083342','2017-11-18'),(441,2559,'3190',10,2,0,'3349800083342','2017-11-18'),(442,2559,'3191',11,2,0,'3349800083342','2017-11-18'),(443,2559,'3192',12,2,0,'3349800083342','2017-11-18'),(444,2559,'3193',13,2,0,'3349800083342','2017-11-18'),(445,2559,'3194',14,2,0,'3349800083342','2017-11-18'),(446,2559,'3195',15,2,0,'3349800083342','2017-11-18'),(447,2559,'3196',16,2,0,'3349800083342','2017-11-18'),(448,2559,'3201',17,2,0,'3349800083342','2017-11-18'),(449,2560,'3041',0,9,1,'3349800083342','2018-06-25'),(450,2560,'3043',0,9,1,'3349800083342','2018-06-25'),(451,2560,'3045',0,9,1,'3349800083342','2018-06-25'),(452,2560,'3048',0,9,1,'3349800083342','2018-06-25'),(453,2560,'3049',0,9,1,'3349800083342','2018-06-25'),(454,2560,'3050',0,9,1,'3349800083342','2018-06-25'),(455,2560,'3051',0,9,1,'3349800083342','2018-06-25'),(456,2560,'3053',0,9,1,'3349800083342','2018-06-25'),(457,2560,'3054',0,9,1,'3349800083342','2018-06-25'),(458,2560,'3056',0,9,1,'3349800083342','2018-06-25'),(459,2560,'3057',0,9,1,'3349800083342','2018-06-25'),(460,2560,'3075',0,9,1,'3349800083342','2018-06-25'),(461,2560,'3136',0,9,1,'3349800083342','2018-06-25'),(462,2560,'3139',0,9,1,'3349800083342','2018-06-25'),(463,2560,'3142',0,9,1,'3349800083342','2018-06-25'),(464,2560,'3044',1,8,1,'3349800083342','2018-06-25'),(465,2560,'3059',2,8,1,'3349800083342','2018-06-25'),(466,2560,'3060',3,8,1,'3349800083342','2018-06-25'),(467,2560,'3061',4,8,1,'3349800083342','2018-06-25'),(468,2560,'3063',5,8,1,'3349800083342','2018-06-25'),(469,2560,'3064',6,8,1,'3349800083342','2018-06-25'),(470,2560,'3065',7,8,1,'3349800083342','2018-06-25'),(471,2560,'3174',8,8,1,'3349800083342','2018-06-25'),(472,2560,'3066',9,8,1,'3349800083342','2018-06-25'),(473,2560,'3067',10,8,1,'3349800083342','2018-06-25'),(474,2560,'3068',11,8,1,'3349800083342','2018-06-25'),(475,2560,'3069',12,8,1,'3349800083342','2018-06-25'),(476,2560,'3070',13,8,1,'3349800083342','2018-06-25'),(477,2560,'3071',14,8,1,'3349800083342','2018-06-25'),(478,2560,'3072',15,8,1,'3349800083342','2018-06-25'),(479,2560,'3074',16,8,1,'3349800083342','2018-06-25'),(480,2560,'3084',1,7,1,'3349800083342','2018-06-25'),(481,2560,'3086',2,7,1,'3349800083342','2018-06-25'),(482,2560,'3087',3,7,1,'3349800083342','2018-06-25'),(483,2560,'3088',4,7,1,'3349800083342','2018-06-25'),(484,2560,'3089',5,7,1,'3349800083342','2018-06-25'),(485,2560,'3090',6,7,1,'3349800083342','2018-06-25'),(486,2560,'3140',7,7,1,'3349800083342','2018-06-25'),(487,2560,'3091',8,7,1,'3349800083342','2018-06-25'),(488,2560,'3092',9,7,1,'3349800083342','2018-06-25'),(489,2560,'3093',10,7,1,'3349800083342','2018-06-25'),(490,2560,'3094',11,7,1,'3349800083342','2018-06-25'),(491,2560,'3095',12,7,1,'3349800083342','2018-06-25'),(492,2560,'3098',13,7,1,'3349800083342','2018-06-25'),(493,2560,'3141',14,7,1,'3349800083342','2018-06-25'),(494,2560,'3101',0,6,1,'3349800083342','2018-06-25'),(495,2560,'3102',0,6,1,'3349800083342','2018-06-25'),(496,2560,'3103',0,6,1,'3349800083342','2018-06-25'),(497,2560,'3104',0,6,1,'3349800083342','2018-06-25'),(498,2560,'3106',0,6,1,'3349800083342','2018-06-25'),(499,2560,'3107',0,6,1,'3349800083342','2018-06-25'),(500,2560,'3108',0,6,1,'3349800083342','2018-06-25'),(501,2560,'3109',0,6,1,'3349800083342','2018-06-25'),(502,2560,'3110',0,6,1,'3349800083342','2018-06-25'),(503,2560,'3111',0,6,1,'3349800083342','2018-06-25'),(504,2560,'3112',0,6,1,'3349800083342','2018-06-25'),(505,2560,'3114',0,6,1,'3349800083342','2018-06-25'),(506,2560,'3115',0,6,1,'3349800083342','2018-06-25'),(507,2560,'3116',0,6,1,'3349800083342','2018-06-25'),(508,2560,'3117',0,6,1,'3349800083342','2018-06-25'),(509,2560,'3135',0,6,1,'3349800083342','2018-06-25'),(510,2560,'3143',0,6,1,'3349800083342','2018-06-25'),(511,2560,'3172',0,6,1,'3349800083342','2018-06-25'),(512,2560,'3118',0,5,1,'3349800083342','2018-06-25'),(513,2560,'3120',0,5,1,'3349800083342','2018-06-25'),(514,2560,'3121',0,5,1,'3349800083342','2018-06-25'),(515,2560,'3122',0,5,1,'3349800083342','2018-06-25'),(516,2560,'3125',0,5,1,'3349800083342','2018-06-25'),(517,2560,'3126',0,5,1,'3349800083342','2018-06-25'),(518,2560,'3127',0,5,1,'3349800083342','2018-06-25'),(519,2560,'3128',0,5,1,'3349800083342','2018-06-25'),(520,2560,'3129',0,5,1,'3349800083342','2018-06-25'),(521,2560,'3130',0,5,1,'3349800083342','2018-06-25'),(522,2560,'3131',0,5,1,'3349800083342','2018-06-25'),(523,2560,'3134',0,5,1,'3349800083342','2018-06-25'),(524,2560,'3145',0,5,1,'3349800083342','2018-06-25'),(525,2560,'3146',0,5,1,'3349800083342','2018-06-25'),(526,2560,'3147',0,5,1,'3349800083342','2018-06-25'),(527,2560,'3148',0,4,1,'3349800083342','2018-06-25'),(528,2560,'3150',0,4,1,'3349800083342','2018-06-25'),(529,2560,'3151',0,4,1,'3349800083342','2018-06-25'),(530,2560,'3152',0,4,1,'3349800083342','2018-06-25'),(531,2560,'3153',0,4,1,'3349800083342','2018-06-25'),(532,2560,'3154',0,4,1,'3349800083342','2018-06-25'),(533,2560,'3155',0,4,1,'3349800083342','2018-06-25'),(534,2560,'3159',0,4,1,'3349800083342','2018-06-25'),(535,2560,'3160',0,4,1,'3349800083342','2018-06-25'),(536,2560,'3161',0,4,1,'3349800083342','2018-06-25'),(537,2560,'3162',0,4,1,'3349800083342','2018-06-25'),(538,2560,'3164',0,4,1,'3349800083342','2018-06-25'),(539,2560,'3165',0,4,1,'3349800083342','2018-06-25'),(540,2560,'3166',0,4,1,'3349800083342','2018-06-25'),(541,2560,'3170',0,4,1,'3349800083342','2018-06-25'),(542,2560,'3179',0,4,1,'3349800083342','2018-06-25'),(543,2560,'3180',0,4,1,'3349800083342','2018-06-25'),(544,2560,'3181',1,3,1,'3349800083342','2018-06-25'),(545,2560,'3182',2,3,1,'3349800083342','2018-06-25'),(546,2560,'3183',3,3,1,'3349800083342','2018-06-25'),(547,2560,'3184',4,3,1,'3349800083342','2018-06-25'),(548,2560,'3185',5,3,1,'3349800083342','2018-06-25'),(549,2560,'3187',7,3,1,'3349800083342','2018-06-25'),(550,2560,'3188',8,3,1,'3349800083342','2018-06-25'),(551,2560,'3189',9,3,1,'3349800083342','2018-06-25'),(552,2560,'3190',10,3,1,'3349800083342','2018-06-25'),(553,2560,'3191',11,3,1,'3349800083342','2018-06-25'),(554,2560,'3192',12,3,1,'3349800083342','2018-06-25'),(555,2560,'3193',13,3,1,'3349800083342','2018-06-25'),(556,2560,'3194',14,3,1,'3349800083342','2018-06-25'),(557,2560,'3195',15,3,1,'3349800083342','2018-06-25'),(558,2560,'3196',16,3,1,'3349800083342','2018-06-25'),(559,2560,'3201',17,3,1,'3349800083342','2018-06-25'),(560,2560,'3202',0,2,1,'3349800083342','2018-06-25'),(561,2560,'3203',0,2,1,'3349800083342','2018-06-25'),(562,2560,'3204',0,2,1,'3349800083342','2018-06-25'),(563,2560,'3205',0,2,1,'3349800083342','2018-06-25'),(564,2560,'3206',0,2,1,'3349800083342','2018-06-25'),(565,2560,'3207',0,2,1,'3349800083342','2018-06-25'),(566,2560,'3208',0,2,1,'3349800083342','2018-06-25'),(567,2560,'3209',0,2,1,'3349800083342','2018-06-25'),(568,2560,'3210',0,2,1,'3349800083342','2018-06-25'),(569,2560,'3211',0,2,1,'3349800083342','2018-06-25'),(570,2560,'3212',0,2,1,'3349800083342','2018-06-25'),(571,2560,'3213',0,2,1,'3349800083342','2018-06-25'),(572,2560,'3214',0,2,1,'3349800083342','2018-06-25'),(573,2560,'3215',0,2,1,'3349800083342','2018-06-25'),(574,2560,'3216',0,2,1,'3349800083342','2018-06-25'),(575,2560,'3217',0,2,1,'3349800083342','2018-06-25'),(576,2560,'3218',0,2,1,'3349800083342','2018-06-25'),(577,2560,'3219',0,2,1,'3349800083342','2018-06-25'),(578,2560,'3220',0,2,1,'3349800083342','2018-06-25'),(579,2560,'3221',0,2,1,'3349800083342','2018-06-25'),(580,2560,'3222',0,2,1,'3349800083342','2018-06-25'),(581,2560,'3223',0,2,1,'3349800083342','2018-06-25'),(582,2561,'3044',1,9,1,'3340400012237','2019-04-12'),(583,2561,'3059',2,9,1,'3340400012237','2019-04-12'),(584,2561,'3060',3,9,1,'3340400012237','2019-04-12'),(585,2561,'3061',4,9,1,'3340400012237','2019-04-12'),(586,2561,'3063',5,9,1,'3340400012237','2019-04-12'),(587,2561,'3064',6,9,1,'3340400012237','2019-04-12'),(588,2561,'3065',7,9,1,'3340400012237','2019-04-12'),(589,2561,'3174',8,9,1,'3340400012237','2019-04-12'),(590,2561,'3066',9,9,1,'3340400012237','2019-04-12'),(591,2561,'3067',10,9,1,'3340400012237','2019-04-12'),(592,2561,'3068',11,9,1,'3340400012237','2019-04-12'),(593,2561,'3069',12,9,1,'3340400012237','2019-04-12'),(594,2561,'3070',13,9,1,'3340400012237','2019-04-12'),(595,2561,'3071',14,9,1,'3340400012237','2019-04-12'),(596,2561,'3072',15,9,1,'3340400012237','2019-04-12'),(597,2561,'3074',16,9,1,'3340400012237','2019-04-12'),(598,2561,'3084',1,8,1,'3349800083342','2019-05-18'),(599,2561,'3086',2,8,1,'3349800083342','2019-05-18'),(600,2561,'3087',3,8,1,'3349800083342','2019-05-18'),(601,2561,'3088',4,8,1,'3349800083342','2019-05-18'),(602,2561,'3089',5,8,1,'3349800083342','2019-05-18'),(603,2561,'3090',6,8,1,'3349800083342','2019-05-18'),(604,2561,'3140',7,8,1,'3349800083342','2019-05-18'),(605,2561,'3091',8,8,1,'3349800083342','2019-05-18'),(606,2561,'3092',9,8,1,'3349800083342','2019-05-18'),(607,2561,'3093',10,8,1,'3349800083342','2019-05-18'),(608,2561,'3094',11,8,1,'3349800083342','2019-05-18'),(609,2561,'3095',12,8,1,'3349800083342','2019-05-18'),(610,2561,'3098',13,8,1,'3349800083342','2019-05-18'),(611,2561,'3141',14,8,1,'3349800083342','2019-05-18'),(612,2561,'3101',0,7,1,'3349800083342','2019-05-18'),(613,2561,'3102',0,7,1,'3349800083342','2019-05-18'),(614,2561,'3103',0,7,1,'3349800083342','2019-05-18'),(615,2561,'3104',0,7,1,'3349800083342','2019-05-18'),(616,2561,'3107',0,7,1,'3349800083342','2019-05-18'),(617,2561,'3108',0,7,1,'3349800083342','2019-05-18'),(618,2561,'3109',0,7,1,'3349800083342','2019-05-18'),(619,2561,'3110',0,7,1,'3349800083342','2019-05-18'),(620,2561,'3111',0,7,1,'3349800083342','2019-05-18'),(621,2561,'3112',0,7,1,'3349800083342','2019-05-18'),(622,2561,'3114',0,7,1,'3349800083342','2019-05-18'),(623,2561,'3115',0,7,1,'3349800083342','2019-05-18'),(624,2561,'3116',0,7,1,'3349800083342','2019-05-18'),(625,2561,'3117',0,7,1,'3349800083342','2019-05-18'),(626,2561,'3135',0,7,1,'3349800083342','2019-05-18'),(627,2561,'3143',0,7,1,'3349800083342','2019-05-18'),(628,2561,'3172',0,7,1,'3349800083342','2019-05-18'),(629,2561,'3240',0,7,1,'3349800083342','2019-05-18'),(630,2561,'3118',0,6,1,'3349800083342','2019-05-18'),(631,2561,'3120',0,6,1,'3349800083342','2019-05-18'),(632,2561,'3121',0,6,1,'3349800083342','2019-05-18'),(633,2561,'3122',0,6,1,'3349800083342','2019-05-18'),(634,2561,'3125',0,6,1,'3349800083342','2019-05-18'),(635,2561,'3126',0,6,1,'3349800083342','2019-05-18'),(636,2561,'3127',0,6,1,'3349800083342','2019-05-18'),(637,2561,'3128',0,6,1,'3349800083342','2019-05-18'),(638,2561,'3129',0,6,1,'3349800083342','2019-05-18'),(639,2561,'3130',0,6,1,'3349800083342','2019-05-18'),(640,2561,'3131',0,6,1,'3349800083342','2019-05-18'),(641,2561,'3134',0,6,1,'3349800083342','2019-05-18'),(642,2561,'3145',0,6,1,'3349800083342','2019-05-18'),(643,2561,'3146',0,6,1,'3349800083342','2019-05-18'),(644,2561,'3147',0,6,1,'3349800083342','2019-05-18'),(645,2561,'3150',0,5,1,'3349800083342','2019-05-18'),(646,2561,'3151',0,5,1,'3349800083342','2019-05-18'),(647,2561,'3155',0,5,1,'3349800083342','2019-05-18'),(648,2561,'3159',0,5,1,'3349800083342','2019-05-18'),(649,2561,'3160',0,5,1,'3349800083342','2019-05-18'),(650,2561,'3161',0,5,1,'3349800083342','2019-05-18'),(651,2561,'3162',0,5,1,'3349800083342','2019-05-18'),(652,2561,'3164',0,5,1,'3349800083342','2019-05-18'),(653,2561,'3165',0,5,1,'3349800083342','2019-05-18'),(654,2561,'3166',0,5,1,'3349800083342','2019-05-18'),(655,2561,'3170',0,5,1,'3349800083342','2019-05-18'),(656,2561,'3179',0,5,1,'3349800083342','2019-05-18'),(657,2561,'3180',0,5,1,'3349800083342','2019-05-18'),(658,2561,'3239',0,5,1,'3349800083342','2019-05-18'),(659,2561,'3153',0,5,1,'3349800083342','2019-05-18'),(660,2561,'3154',0,5,1,'3349800083342','2019-05-18'),(661,2561,'3181',1,4,1,'3349800083342','2019-05-18'),(662,2561,'3182',2,4,1,'3349800083342','2019-05-18'),(663,2561,'3183',3,4,1,'3349800083342','2019-05-18'),(664,2561,'3184',4,4,1,'3349800083342','2019-05-18'),(665,2561,'3185',5,4,1,'3349800083342','2019-05-18'),(666,2561,'3189',9,4,1,'3349800083342','2019-05-18'),(667,2561,'3190',10,4,1,'3349800083342','2019-05-18'),(668,2561,'3193',13,4,1,'3349800083342','2019-05-18'),(669,2561,'3195',15,4,1,'3349800083342','2019-05-18'),(670,2561,'3196',16,4,1,'3349800083342','2019-05-18'),(671,2561,'3203',0,3,1,'3349800083342','2019-05-18'),(672,2561,'3204',0,3,1,'3349800083342','2019-05-18'),(673,2561,'3205',0,3,1,'3349800083342','2019-05-18'),(674,2561,'3206',0,3,1,'3349800083342','2019-05-18'),(675,2561,'3207',0,3,1,'3349800083342','2019-05-18'),(676,2561,'3208',0,3,1,'3349800083342','2019-05-18'),(677,2561,'3210',0,3,1,'3349800083342','2019-05-18'),(678,2561,'3212',0,3,1,'3349800083342','2019-05-18'),(679,2561,'3213',0,3,1,'3349800083342','2019-05-18'),(680,2561,'3214',0,3,1,'3349800083342','2019-05-18'),(681,2561,'3215',0,3,1,'3349800083342','2019-05-18'),(682,2561,'3216',0,3,1,'3349800083342','2019-05-18'),(683,2561,'3217',0,3,1,'3349800083342','2019-05-18'),(684,2561,'3218',0,3,1,'3349800083342','2019-05-18'),(685,2561,'3219',0,3,1,'3349800083342','2019-05-18'),(686,2561,'3221',0,3,1,'3349800083342','2019-05-18'),(687,2561,'3222',0,3,1,'3349800083342','2019-05-18'),(688,2561,'3223',0,3,1,'3349800083342','2019-05-18'),(689,2561,'3224',0,2,1,'3349800083342','2019-05-18'),(690,2561,'3225',0,2,1,'3349800083342','2019-05-18'),(691,2561,'3226',0,2,1,'3349800083342','2019-05-18'),(692,2561,'3227',0,2,1,'3349800083342','2019-05-18'),(693,2561,'3228',0,2,1,'3349800083342','2019-05-18'),(694,2561,'3229',0,2,1,'3349800083342','2019-05-18'),(695,2561,'3230',0,2,1,'3349800083342','2019-05-18'),(696,2561,'3231',0,2,1,'3349800083342','2019-05-18'),(697,2561,'3232',0,2,1,'3349800083342','2019-05-18'),(698,2561,'3233',0,2,1,'3349800083342','2019-05-18'),(699,2561,'3234',0,2,1,'3349800083342','2019-05-18'),(700,2561,'3235',0,2,1,'3349800083342','2019-05-18'),(701,2561,'3236',0,2,1,'3349800083342','2019-05-18'),(702,2561,'3237',0,2,1,'3349800083342','2019-05-18'),(703,2561,'3238',0,2,1,'3349800083342','2019-05-18'),(711,2562,'3101',0,8,1,'3349800083342','2020-06-17'),(709,2562,'3258',15,2,1,'3349800083342','2020-01-31'),(710,2562,'3259',16,2,1,'3349800083342','2020-01-31'),(712,2562,'3102',0,8,1,'3349800083342','2020-06-17'),(713,2562,'3103',0,8,1,'3349800083342','2020-06-17'),(714,2562,'3104',0,8,1,'3349800083342','2020-06-17'),(715,2562,'3107',0,8,1,'3349800083342','2020-06-17'),(716,2562,'3108',0,8,1,'3349800083342','2020-06-17'),(717,2562,'3109',0,8,1,'3349800083342','2020-06-17'),(718,2562,'3110',0,8,1,'3349800083342','2020-06-17'),(719,2562,'3111',0,8,1,'3349800083342','2020-06-17'),(720,2562,'3112',0,8,1,'3349800083342','2020-06-17'),(721,2562,'3114',0,8,1,'3349800083342','2020-06-17'),(722,2562,'3115',0,8,1,'3349800083342','2020-06-17'),(723,2562,'3116',0,8,1,'3349800083342','2020-06-17'),(724,2562,'3117',0,8,1,'3349800083342','2020-06-17'),(725,2562,'3135',0,8,1,'3349800083342','2020-06-17'),(726,2562,'3143',0,8,1,'3349800083342','2020-06-17'),(727,2562,'3172',0,8,1,'3349800083342','2020-06-17'),(728,2562,'3240',0,8,1,'3349800083342','2020-06-17'),(729,2562,'3254',19,8,1,'3349800083342','2020-06-17'),(730,2562,'3118',0,7,0,'3349800083342','2020-06-17'),(731,2562,'3120',0,7,0,'3349800083342','2020-06-17'),(732,2562,'3121',0,7,0,'3349800083342','2020-06-17'),(733,2562,'3125',0,7,0,'3349800083342','2020-06-17'),(734,2562,'3126',0,7,0,'3349800083342','2020-06-17'),(735,2562,'3127',0,7,0,'3349800083342','2020-06-17'),(736,2562,'3128',0,7,0,'3349800083342','2020-06-17'),(737,2562,'3129',0,7,0,'3349800083342','2020-06-17'),(738,2562,'3130',0,7,0,'3349800083342','2020-06-17'),(739,2562,'3131',0,7,0,'3349800083342','2020-06-17'),(740,2562,'3134',0,7,0,'3349800083342','2020-06-17'),(741,2562,'3145',0,7,0,'3349800083342','2020-06-17'),(742,2562,'3146',0,7,0,'3349800083342','2020-06-17'),(743,2562,'3147',0,7,0,'3349800083342','2020-06-17'),(744,2562,'3150',0,6,1,'3349800083342','2020-06-17'),(745,2562,'3153',0,6,1,'3349800083342','2020-06-17'),(746,2562,'3154',0,6,1,'3349800083342','2020-06-17'),(747,2562,'3155',0,6,1,'3349800083342','2020-06-17'),(748,2562,'3159',0,6,1,'3349800083342','2020-06-17'),(749,2562,'3160',0,6,1,'3349800083342','2020-06-17'),(750,2562,'3161',0,6,1,'3349800083342','2020-06-17'),(751,2562,'3162',0,6,1,'3349800083342','2020-06-17'),(752,2562,'3164',0,6,1,'3349800083342','2020-06-17'),(753,2562,'3165',0,6,1,'3349800083342','2020-06-17'),(754,2562,'3166',0,6,1,'3349800083342','2020-06-17'),(755,2562,'3170',0,6,1,'3349800083342','2020-06-17'),(756,2562,'3179',0,6,1,'3349800083342','2020-06-17'),(757,2562,'3180',0,6,1,'3349800083342','2020-06-17'),(758,2562,'3181',1,5,1,'3349800083342','2020-06-17'),(759,2562,'3182',2,5,1,'3349800083342','2020-06-17'),(760,2562,'3183',3,5,1,'3349800083342','2020-06-17'),(761,2562,'3184',4,5,1,'3349800083342','2020-06-17'),(762,2562,'3185',5,5,1,'3349800083342','2020-06-17'),(763,2562,'3189',9,5,1,'3349800083342','2020-06-17'),(764,2562,'3190',10,5,1,'3349800083342','2020-06-17'),(765,2562,'3193',13,5,1,'3349800083342','2020-06-17'),(766,2562,'3195',15,5,1,'3349800083342','2020-06-17'),(767,2562,'3196',16,5,1,'3349800083342','2020-06-17'),(768,2562,'3203',0,4,1,'3349800083342','2020-06-17'),(769,2562,'3204',0,4,1,'3349800083342','2020-06-17'),(770,2562,'3206',0,4,1,'3349800083342','2020-06-17'),(771,2562,'3207',0,4,1,'3349800083342','2020-06-17'),(772,2562,'3208',0,4,1,'3349800083342','2020-06-17'),(773,2562,'3212',0,4,1,'3349800083342','2020-06-17'),(774,2562,'3213',0,4,1,'3349800083342','2020-06-17'),(775,2562,'3214',0,4,1,'3349800083342','2020-06-17'),(776,2562,'3216',0,4,1,'3349800083342','2020-06-17'),(777,2562,'3217',0,4,1,'3349800083342','2020-06-17'),(778,2562,'3218',0,4,1,'3349800083342','2020-06-17'),(779,2562,'3219',0,4,1,'3349800083342','2020-06-17'),(780,2562,'3220',0,4,1,'3349800083342','2020-06-17'),(781,2562,'3221',0,4,1,'3349800083342','2020-06-17'),(782,2562,'3222',0,4,1,'3349800083342','2020-06-17'),(783,2562,'3224',0,3,1,'3349800083342','2020-06-17'),(784,2562,'3225',0,3,1,'3349800083342','2020-06-17'),(785,2562,'3226',0,3,1,'3349800083342','2020-06-17'),(786,2562,'3227',0,3,1,'3349800083342','2020-06-17'),(787,2562,'3228',0,3,1,'3349800083342','2020-06-17'),(788,2562,'3230',0,3,1,'3349800083342','2020-06-17'),(789,2562,'3232',0,3,1,'3349800083342','2020-06-17'),(790,2562,'3233',0,3,1,'3349800083342','2020-06-17'),(791,2562,'3234',0,3,1,'3349800083342','2020-06-17'),(792,2562,'3235',0,3,1,'3349800083342','2020-06-17'),(793,2562,'3236',0,3,1,'3349800083342','2020-06-17'),(794,2562,'3238',0,3,1,'3349800083342','2020-06-17'),(795,2562,'3256',13,3,1,'3349800083342','2020-06-17'),(796,2562,'3241',1,2,1,'3349800083342','2020-06-17'),(797,2562,'3242',2,2,1,'3349800083342','2020-06-17'),(798,2562,'3243',3,2,1,'3349800083342','2020-06-17'),(799,2562,'3244',5,2,1,'3349800083342','2020-06-17'),(800,2562,'3245',5,2,1,'3349800083342','2020-06-17'),(801,2562,'3246',6,2,1,'3349800083342','2020-06-17'),(802,2562,'3247',7,2,1,'3349800083342','2020-06-17'),(803,2562,'3248',8,2,1,'3349800083342','2020-06-17'),(804,2562,'3249',9,2,1,'3349800083342','2020-06-17'),(805,2562,'3250',11,2,1,'3349800083342','2020-06-17'),(806,2562,'3251',11,2,1,'3349800083342','2020-06-17'),(807,2562,'3252',12,2,1,'3349800083342','2020-06-17'),(808,2562,'3253',13,2,1,'3349800083342','2020-06-17'),(809,2563,'3187',5,6,1,'3349800083342','2020-07-18'),(810,2563,'3184',3,6,1,'3349800083342','2020-07-18'),(811,2563,'3185',4,6,1,'3349800083342','2020-07-18'),(812,2563,'3189',6,6,1,'3349800083342','2020-07-18'),(813,2563,'3190',7,6,1,'3349800083342','2020-07-18'),(814,2563,'3193',8,6,1,'3349800083342','2020-07-18'),(815,2563,'3195',9,6,1,'3349800083342','2020-07-18'),(816,2563,'3196',10,6,1,'3349800083342','2020-07-18'),(817,2563,'3260',1,2,1,'3349800083342','2020-07-18'),(818,2563,'3261',2,2,1,'3349800083342','2020-07-18'),(819,2563,'3262',3,2,1,'3349800083342','2020-07-18'),(820,2563,'3263',4,2,1,'3349800083342','2020-07-18'),(821,2563,'3264',5,2,1,'3349800083342','2020-07-18'),(822,2563,'3265',6,2,1,'3349800083342','2020-07-18'),(823,2563,'3266',7,2,1,'3349800083342','2020-07-18'),(824,2563,'3267',8,2,1,'3349800083342','2020-07-18'),(825,2563,'3268',9,2,1,'3349800083342','2020-07-18'),(826,2563,'3269',10,2,1,'3349800083342','2020-07-18'),(827,2563,'3270',11,2,1,'3349800083342','2020-07-18'),(828,2563,'3159',0,7,1,'3349800083342','2020-08-08'),(829,2563,'3160',0,7,1,'3349800083342','2020-08-08'),(830,2563,'3273',12,2,1,'3349800083342','2020-09-21'),(836,2563,'3249',9,3,1,'3349800083342','2021-04-05'),(832,2563,'3244',4,3,1,'3349800083342','2020-09-21'),(833,2563,'3250',10,3,1,'3349800083342','2020-09-21'),(834,2563,'3258',14,3,1,'3349800083342','2020-09-21'),(835,2563,'3259',15,3,1,'3349800083342','2020-09-21'),(837,2563,'3251',11,3,1,'3349800083342','2021-04-05'),(838,2563,'3253',13,3,1,'3349800083342','2021-04-05'),(839,2563,'3101',0,9,1,'3349800083342','2021-06-16'),(840,2563,'3102',0,9,1,'3349800083342','2021-06-16'),(841,2563,'3103',0,9,1,'3349800083342','2021-06-16'),(842,2563,'3104',0,9,1,'3349800083342','2021-06-16'),(843,2563,'3107',0,9,1,'3349800083342','2021-06-16'),(844,2563,'3108',0,9,1,'3349800083342','2021-06-16'),(845,2563,'3109',0,9,1,'3349800083342','2021-06-16'),(846,2563,'3110',0,9,1,'3349800083342','2021-06-16'),(847,2563,'3111',0,9,1,'3349800083342','2021-06-16'),(848,2563,'3112',0,9,1,'3349800083342','2021-06-16'),(849,2563,'3114',0,9,1,'3349800083342','2021-06-16'),(850,2563,'3115',0,9,1,'3349800083342','2021-06-16'),(851,2563,'3116',0,9,1,'3349800083342','2021-06-16'),(852,2563,'3117',0,9,1,'3349800083342','2021-06-16'),(853,2563,'3135',0,9,1,'3349800083342','2021-06-16'),(854,2563,'3143',0,9,1,'3349800083342','2021-06-16'),(855,2563,'3172',0,9,1,'3349800083342','2021-06-16'),(856,2563,'3240',0,9,1,'3349800083342','2021-06-16'),(857,2563,'3254',19,9,1,'3349800083342','2021-06-16'),(858,2563,'3118',0,8,0,'3349800083342','2021-06-16'),(859,2563,'3120',0,8,0,'3349800083342','2021-06-16'),(860,2563,'3121',0,8,0,'3349800083342','2021-06-16'),(861,2563,'3125',0,8,0,'3349800083342','2021-06-16'),(862,2563,'3126',0,8,0,'3349800083342','2021-06-16'),(863,2563,'3127',0,8,0,'3349800083342','2021-06-16'),(864,2563,'3128',0,8,0,'3349800083342','2021-06-16'),(865,2563,'3129',0,8,0,'3349800083342','2021-06-16'),(866,2563,'3130',0,8,0,'3349800083342','2021-06-16'),(867,2563,'3131',0,8,0,'3349800083342','2021-06-16'),(868,2563,'3134',0,8,0,'3349800083342','2021-06-16'),(869,2563,'3145',0,8,0,'3349800083342','2021-06-16'),(870,2563,'3146',0,8,0,'3349800083342','2021-06-16'),(871,2563,'3147',0,8,0,'3349800083342','2021-06-16'),(872,2563,'3150',0,7,1,'3349800083342','2021-06-16'),(873,2563,'3153',0,7,1,'3349800083342','2021-06-16'),(874,2563,'3154',0,7,1,'3349800083342','2021-06-16'),(875,2563,'3155',0,7,1,'3349800083342','2021-06-16'),(876,2563,'3161',0,7,1,'3349800083342','2021-06-16'),(877,2563,'3162',0,7,1,'3349800083342','2021-06-16'),(878,2563,'3164',0,7,1,'3349800083342','2021-06-16'),(879,2563,'3165',0,7,1,'3349800083342','2021-06-16'),(880,2563,'3166',0,7,1,'3349800083342','2021-06-16'),(881,2563,'3170',0,7,1,'3349800083342','2021-06-16'),(882,2563,'3180',0,7,1,'3349800083342','2021-06-16'),(883,2563,'3181',1,6,1,'3349800083342','2021-06-16'),(884,2563,'3182',2,6,1,'3349800083342','2021-06-16'),(885,2563,'3203',0,5,1,'3349800083342','2021-06-16'),(886,2563,'3204',0,5,1,'3349800083342','2021-06-16'),(887,2563,'3206',0,5,1,'3349800083342','2021-06-16'),(888,2563,'3207',0,5,1,'3349800083342','2021-06-16'),(889,2563,'3208',0,5,1,'3349800083342','2021-06-16'),(890,2563,'3219',0,5,1,'3349800083342','2021-06-16'),(891,2563,'3220',0,5,1,'3349800083342','2021-06-16'),(892,2563,'3221',0,5,1,'3349800083342','2021-06-16'),(893,2563,'3224',0,4,1,'3349800083342','2021-06-16'),(894,2563,'3225',0,4,1,'3349800083342','2021-06-16'),(895,2563,'3226',0,4,1,'3349800083342','2021-06-16'),(896,2563,'3227',0,4,1,'3349800083342','2021-06-16'),(897,2563,'3228',0,4,1,'3349800083342','2021-06-16'),(898,2563,'3230',0,4,1,'3349800083342','2021-06-16'),(899,2563,'3232',0,4,1,'3349800083342','2021-06-16'),(900,2563,'3233',0,4,1,'3349800083342','2021-06-16'),(901,2563,'3234',0,4,1,'3349800083342','2021-06-16'),(902,2563,'3235',0,4,1,'3349800083342','2021-06-16'),(903,2563,'3236',0,4,1,'3349800083342','2021-06-16'),(904,2563,'3238',0,4,1,'3349800083342','2021-06-16'),(905,2563,'3256',13,4,1,'3349800083342','2021-06-16'),(906,2563,'3241',1,3,1,'3349800083342','2021-06-16'),(907,2563,'3242',2,3,1,'3349800083342','2021-06-16'),(908,2563,'3243',3,3,1,'3349800083342','2021-06-16'),(909,2563,'3245',5,3,1,'3349800083342','2021-06-16'),(910,2563,'3246',6,3,1,'3349800083342','2021-06-16'),(911,2563,'3247',7,3,1,'3349800083342','2021-06-16'),(912,2563,'3248',8,3,1,'3349800083342','2021-06-16'),(913,2563,'3252',12,3,1,'3349800083342','2021-06-16'),(914,2564,'3212',0,6,1,'3349800083342','2021-06-16'),(915,2564,'3213',0,6,1,'3349800083342','2021-06-16'),(916,2564,'3216',0,6,1,'3349800083342','2021-06-16'),(917,2564,'3217',0,6,1,'3349800083342','2021-06-16'),(918,2564,'3218',0,6,1,'3349800083342','2021-06-16'),(919,2564,'3219',0,6,1,'3349800083342','2021-06-16'),(920,2564,'3220',0,6,1,'3349800083342','2021-06-16'),(921,2564,'3221',0,6,1,'3349800083342','2021-06-16'),(922,2564,'3203',0,6,1,'3349800083342','2021-06-16'),(923,2564,'3204',0,6,1,'3349800083342','2021-06-16'),(924,2564,'3206',0,6,1,'3349800083342','2021-06-16'),(925,2564,'3207',0,6,1,'3349800083342','2021-06-16'),(926,2564,'3208',0,6,1,'3349800083342','2021-06-16'),(927,2564,'3263',3,3,1,'3349800083342','2021-06-21'),(928,2564,'3264',4,3,1,'3349800083342','2021-06-21'),(929,2564,'3265',5,3,1,'3349800083342','2021-06-21'),(930,2564,'3266',6,3,1,'3349800083342','2021-06-21'),(931,2564,'3267',7,3,1,'3349800083342','2021-06-21'),(932,2564,'3268',8,3,1,'3349800083342','2021-06-21'),(933,2564,'3269',9,3,1,'3349800083342','2021-06-21'),(934,2564,'3270',10,3,1,'3349800083342','2021-06-21'),(959,2564,'3253',13,4,1,'3349800083342','2022-01-05'),(936,2564,'3274',1,2,1,'3349800083342','2021-06-21'),(937,2564,'3275',2,2,1,'3349800083342','2021-06-21'),(938,2564,'3276',3,2,1,'3349800083342','2021-06-21'),(939,2564,'3277',4,2,1,'3349800083342','2021-06-21'),(940,2564,'3279',5,2,1,'3349800083342','2021-06-21'),(941,2564,'3280',6,2,1,'3349800083342','2021-06-21'),(942,2564,'3281',7,2,1,'3349800083342','2021-06-21'),(943,2564,'3282',13,4,1,'3349800083342','2021-06-24'),(944,2564,'3283',10,7,1,'3349800083342','2021-06-21'),(945,2564,'3284',11,7,1,'3349800083342','2021-06-21'),(946,2564,'3258',11,4,1,'3349800083342','2021-06-24'),(947,2564,'3244',2,4,1,'3349800083342','2021-06-24'),(948,2564,'3245',3,4,1,'3349800083342','2021-06-24'),(949,2564,'3246',4,4,1,'3349800083342','2021-06-24'),(958,2564,'3285',11,3,1,'3349800083342','2021-11-09'),(951,2564,'3248',6,4,1,'3349800083342','2021-06-24'),(952,2564,'3249',7,4,1,'3349800083342','2021-06-24'),(953,2564,'3250',8,4,1,'3349800083342','2021-06-24'),(954,2564,'3251',9,4,1,'3349800083342','2021-06-24'),(955,2564,'3252',10,4,1,'3349800083342','2021-06-24'),(956,2564,'3259',12,4,1,'3349800083342','2021-06-24'),(960,2564,'3181',1,7,1,'3349800083342','2022-05-08'),(961,2564,'3182',2,7,1,'3349800083342','2022-05-08'),(962,2564,'3184',3,7,1,'3349800083342','2022-05-08'),(963,2564,'3185',4,7,1,'3349800083342','2022-05-08'),(964,2564,'3187',5,7,1,'3349800083342','2022-05-08'),(965,2564,'3189',6,7,1,'3349800083342','2022-05-08'),(966,2564,'3190',7,7,1,'3349800083342','2022-05-08'),(967,2564,'3193',8,7,1,'3349800083342','2022-05-08'),(968,2564,'3196',10,7,1,'3349800083342','2022-05-08'),(969,2564,'3224',0,5,1,'3349800083342','2022-05-08'),(970,2564,'3225',0,5,1,'3349800083342','2022-05-08'),(971,2564,'3226',0,5,1,'3349800083342','2022-05-08'),(972,2564,'3227',0,5,1,'3349800083342','2022-05-08'),(973,2564,'3228',0,5,1,'3349800083342','2022-05-08'),(974,2564,'3230',0,5,1,'3349800083342','2022-05-08'),(975,2564,'3232',0,5,1,'3349800083342','2022-05-08'),(976,2564,'3233',0,5,1,'3349800083342','2022-05-08'),(977,2564,'3234',0,5,1,'3349800083342','2022-05-08'),(978,2564,'3235',0,5,1,'3349800083342','2022-05-08'),(979,2564,'3236',0,5,1,'3349800083342','2022-05-08'),(980,2564,'3238',0,5,1,'3349800083342','2022-05-08'),(981,2564,'3256',13,5,1,'3349800083342','2022-05-08'),(982,2564,'3241',1,4,1,'3349800083342','2022-05-08'),(983,2564,'3260',1,3,1,'3349800083342','2022-05-08'),(984,2564,'3261',2,3,1,'3349800083342','2022-05-08'),(985,2564,'3118',0,9,0,'3349800083342','2022-05-08'),(986,2564,'3120',0,9,0,'3349800083342','2022-05-08'),(987,2564,'3121',0,9,0,'3349800083342','2022-05-08'),(988,2564,'3125',0,9,0,'3349800083342','2022-05-08'),(989,2564,'3126',0,9,0,'3349800083342','2022-05-08'),(990,2564,'3127',0,9,0,'3349800083342','2022-05-08'),(991,2564,'3128',0,9,0,'3349800083342','2022-05-08'),(992,2564,'3129',0,9,0,'3349800083342','2022-05-08'),(993,2564,'3130',0,9,0,'3349800083342','2022-05-08'),(994,2564,'3131',0,9,0,'3349800083342','2022-05-08'),(995,2564,'3134',0,9,0,'3349800083342','2022-05-08'),(996,2564,'3145',0,9,0,'3349800083342','2022-05-08'),(997,2564,'3146',0,9,0,'3349800083342','2022-05-08'),(998,2564,'3147',0,9,0,'3349800083342','2022-05-08'),(999,2565,'3150',1,9,1,'3349800083342','2022-05-08'),(1000,2565,'3153',2,9,1,'3349800083342','2022-05-08'),(1001,2565,'3154',3,9,1,'3349800083342','2022-05-08'),(1002,2565,'3155',4,9,1,'3349800083342','2022-05-08'),(1003,2565,'3159',5,9,1,'3349800083342','2022-09-17'),(1004,2565,'3160',6,9,1,'3349800083342','2022-09-17'),(1005,2565,'3161',7,9,1,'3349800083342','2022-05-08'),(1006,2565,'3162',8,9,1,'3349800083342','2022-05-08'),(1007,2565,'3180',9,9,1,'3349800083342','2022-05-08'),(1008,2565,'3164',10,9,1,'3349800083342','2022-05-08'),(1009,2565,'3165',11,9,1,'3349800083342','2022-05-08'),(1010,2565,'3166',12,9,1,'3349800083342','2022-05-08'),(1011,2565,'3170',13,9,1,'3349800083342','2022-05-08'),(1012,2565,'3286',1,2,1,'3330200245939','2022-05-24'),(1013,2565,'3287',2,2,1,'3330200245939','2022-05-24'),(1048,2565,'3301',13,5,1,'3349800083342','2022-08-05'),(1015,2565,'3289',3,2,1,'3349800083342','2022-11-20'),(1016,2565,'3290',4,2,1,'3349800083342','2022-11-20'),(1017,2565,'3291',5,2,1,'3349800083342','2022-11-20'),(1018,2565,'3292',6,2,1,'3349800083342','2022-11-20'),(1019,2565,'3293',7,2,1,'3349800083342','2022-11-20'),(1020,2565,'3294',8,2,1,'3349800083342','2022-11-20'),(1021,2565,'3295',9,2,1,'3349800083342','2022-11-20'),(1022,2565,'3296',8,3,1,'3330200245939','2022-05-24'),(1023,2565,'3297',11,4,1,'3330200245939','2022-05-24'),(1024,2565,'3298',5,7,1,'3349800083342','2022-07-04'),(1025,2565,'3248',5,5,1,'3330200245939','2022-05-24'),(1026,2565,'3249',6,5,1,'3330200245939','2022-05-24'),(1027,2565,'3250',7,5,1,'3330200245939','2022-05-24'),(1028,2565,'3251',8,5,1,'3330200245939','2022-05-24'),(1029,2565,'3252',9,5,1,'3330200245939','2022-05-24'),(1030,2565,'3258',10,5,1,'3330200245939','2022-05-24'),(1031,2565,'3259',11,5,1,'3330200245939','2022-05-24'),(1032,2565,'3253',12,5,1,'3330200245939','2022-05-24'),(1033,2565,'3203',1,7,1,'3349800083342','2022-07-04'),(1034,2565,'3300',9,3,1,'3349800083342','2022-06-07'),(1035,2565,'3299',12,4,1,'3349800083342','2022-06-07'),(1036,2565,'3204',2,7,1,'3349800083342','2022-07-04'),(1037,2565,'3206',3,7,1,'3349800083342','2022-07-04'),(1038,2565,'3207',4,7,1,'3349800083342','2022-07-04'),(1039,2565,'3208',6,7,1,'3349800083342','2022-07-04'),(1040,2565,'3212',7,7,1,'3349800083342','2022-07-04'),(1041,2565,'3213',8,7,1,'3349800083342','2022-07-04'),(1042,2565,'3216',9,7,1,'3349800083342','2022-07-04'),(1043,2565,'3217',10,7,1,'3349800083342','2022-07-04'),(1044,2565,'3218',11,7,1,'3349800083342','2022-07-04'),(1045,2565,'3219',12,7,1,'3349800083342','2022-07-04'),(1046,2565,'3220',13,7,1,'3349800083342','2022-07-04'),(1047,2565,'3221',14,7,1,'3349800083342','2022-07-04'),(1049,2565,'3302',10,2,1,'3349800083342','2022-09-17'),(1050,2565,'3303',11,2,1,'3349800083342','2022-11-20'),(1052,2565,'3282',14,5,1,'3349800083342','2023-03-07'),(1053,2565,'3181',1,8,1,'3349800083342','2023-05-09'),(1054,2565,'3182',2,8,1,'3349800083342','2023-05-09'),(1055,2565,'3184',3,8,1,'3349800083342','2023-05-09'),(1056,2565,'3185',4,8,1,'3349800083342','2023-05-09'),(1057,2565,'3187',5,8,1,'3349800083342','2023-05-09'),(1058,2565,'3189',6,8,1,'3349800083342','2023-05-09'),(1059,2565,'3190',7,8,1,'3349800083342','2023-05-09'),(1060,2565,'3193',8,8,1,'3349800083342','2023-05-09'),(1061,2565,'3196',10,8,1,'3349800083342','2023-05-09'),(1062,2565,'3283',10,8,1,'3349800083342','2023-05-09'),(1063,2565,'3284',11,8,1,'3349800083342','2023-05-09'),(1064,2565,'3224',0,6,1,'3349800083342','2023-05-09'),(1065,2565,'3225',0,6,1,'3349800083342','2023-05-09'),(1066,2565,'3226',0,6,1,'3349800083342','2023-05-09'),(1067,2565,'3227',0,6,1,'3349800083342','2023-05-09'),(1068,2565,'3228',0,6,1,'3349800083342','2023-05-09'),(1069,2565,'3230',0,6,1,'3349800083342','2023-05-09'),(1070,2565,'3232',0,6,1,'3349800083342','2023-05-09'),(1071,2565,'3233',0,6,1,'3349800083342','2023-05-09'),(1072,2565,'3234',0,6,1,'3349800083342','2023-05-09'),(1073,2565,'3235',0,6,1,'3349800083342','2023-05-09'),(1074,2565,'3236',0,6,1,'3349800083342','2023-05-09'),(1075,2565,'3238',0,6,1,'3349800083342','2023-05-09'),(1076,2565,'3241',1,5,1,'3349800083342','2023-05-09'),(1077,2565,'3244',2,5,1,'3349800083342','2023-05-09'),(1078,2565,'3245',3,5,1,'3349800083342','2023-05-09'),(1079,2565,'3246',4,5,1,'3349800083342','2023-05-09'),(1080,2565,'3260',1,4,1,'3349800083342','2023-05-09'),(1081,2565,'3261',2,4,1,'3349800083342','2023-05-09'),(1082,2565,'3263',3,4,1,'3349800083342','2023-05-09'),(1083,2565,'3264',4,4,1,'3349800083342','2023-05-09'),(1084,2565,'3266',6,4,1,'3349800083342','2023-05-09'),(1085,2565,'3267',7,4,1,'3349800083342','2023-05-09'),(1086,2565,'3268',8,4,1,'3349800083342','2023-05-09'),(1087,2565,'3269',9,4,1,'3349800083342','2023-05-09'),(1088,2565,'3270',10,4,1,'3349800083342','2023-05-09'),(1089,2565,'3285',11,4,1,'3349800083342','2023-05-09'),(1090,2565,'3274',1,3,1,'3349800083342','2023-05-09'),(1091,2565,'3275',2,3,1,'3349800083342','2023-05-09'),(1092,2565,'3276',3,3,1,'3349800083342','2023-05-09'),(1093,2565,'3277',4,3,1,'3349800083342','2023-05-09'),(1094,2565,'3279',5,3,1,'3349800083342','2023-05-09'),(1095,2565,'3280',6,3,1,'3349800083342','2023-05-09'),(1096,2565,'3281',7,3,1,'3349800083342','2023-05-09'),(1097,2566,'3283',3,9,1,'3349800083342','2023-08-16'),(1098,2566,'3196',9,9,1,'3349800083342','2023-05-09'),(1099,2566,'3185',5,9,1,'3349800083342','2023-05-09'),(1100,2566,'3284',4,9,1,'3349800083342','2023-08-16'),(1101,2566,'3305',10,9,1,'3349800083342','2023-05-19'),(1138,2566,'3285',11,5,1,'3349800083342','2023-11-08'),(1103,2566,'3280',5,4,1,'3349800083342','2023-05-20'),(1104,2566,'3281',6,4,1,'3349800083342','2023-05-20'),(1105,2566,'3296',7,4,1,'3349800083342','2023-05-20'),(1106,2566,'3300',8,4,1,'3349800083342','2023-05-20'),(1107,2566,'3302',8,3,1,'3349800083342','2023-05-24'),(1142,2566,'3181',1,9,1,'1349900086860','2024-05-28'),(1109,2566,'3266',5,5,1,'3349800083342','2023-05-22'),(1110,2566,'3297',6,5,1,'3349800083342','2023-05-22'),(1111,2566,'3208',5,8,1,'3349800083342','2023-05-22'),(1112,2566,'3212',6,8,1,'3349800083342','2023-05-22'),(1113,2566,'3213',7,8,1,'3349800083342','2023-05-22'),(1114,2566,'3216',8,8,1,'3349800083342','2023-05-22'),(1115,2566,'3217',9,8,1,'3349800083342','2023-05-22'),(1116,2566,'3218',10,8,1,'3349800083342','2023-05-22'),(1117,2566,'3219',11,8,1,'3349800083342','2023-05-22'),(1118,2566,'3220',12,8,1,'3349800083342','2023-05-22'),(1119,2566,'3221',13,8,1,'3349800083342','2023-05-22'),(1120,2566,'3308',1,2,1,'3349800083342','2023-05-23'),(1121,2566,'3309',2,2,1,'3349800083342','2023-05-23'),(1122,2566,'3310',3,2,1,'3349800083342','2023-05-23'),(1141,2566,'3323',16,8,1,'3349800083342','2024-02-17'),(1124,2566,'3312',5,2,1,'3349800083342','2023-05-23'),(1125,2566,'3313',6,2,1,'3349800083342','2023-05-23'),(1126,2566,'3314',7,2,1,'3349800083342','2023-05-23'),(1127,2566,'3315',8,2,1,'3349800083342','2023-05-23'),(1128,2566,'3316',9,2,1,'3349800083342','2023-05-23'),(1129,2566,'3317',10,2,1,'3349800083342','2023-05-23'),(1130,2566,'3318',11,2,1,'3349800083342','2023-05-23'),(1131,2566,'3319',12,2,1,'3349800083342','2023-05-23'),(1132,2566,'3306',10,3,1,'3349800083342','2023-05-24'),(1133,2566,'3307',11,3,1,'3349800083342','2023-05-24'),(1134,2566,'3294',7,3,1,'3349800083342','2023-05-24'),(1135,2566,'3226',0,7,1,'3349800083342','2023-05-26'),(1137,2566,'3253',12,6,1,'3349800083342','2023-08-16'),(1139,2566,'3298',14,8,1,'3349800083342','2023-11-08'),(1140,2566,'3321',15,8,1,'3341500112684','2023-11-09'),(1143,2566,'3182',2,9,1,'1349900086860','2024-05-28'),(1144,2566,'3189',6,9,1,'1349900086860','2024-05-28'),(1145,2566,'3190',7,9,1,'1349900086860','2024-05-28'),(1146,2566,'3193',8,9,1,'1349900086860','2024-05-28'),(1147,2566,'3203',1,8,1,'1349900086860','2024-05-28'),(1148,2566,'3204',2,8,1,'1349900086860','2024-05-28'),(1149,2566,'3206',3,8,1,'1349900086860','2024-05-28'),(1150,2566,'3207',4,8,1,'1349900086860','2024-05-28'),(1151,2566,'3227',0,7,1,'1349900086860','2024-05-28'),(1152,2566,'3228',0,7,1,'1349900086860','2024-05-28'),(1153,2566,'3230',0,7,1,'1349900086860','2024-05-28'),(1154,2566,'3232',0,7,1,'1349900086860','2024-05-28'),(1155,2566,'3233',0,7,1,'1349900086860','2024-05-28'),(1156,2566,'3234',0,7,1,'1349900086860','2024-05-28'),(1157,2566,'3235',0,7,1,'1349900086860','2024-05-28'),(1158,2566,'3236',0,7,1,'1349900086860','2024-05-28'),(1159,2566,'3238',0,7,1,'1349900086860','2024-05-28'),(1160,2566,'3224',0,7,1,'1349900086860','2024-05-28'),(1161,2566,'3225',0,7,1,'1349900086860','2024-05-28'),(1162,2566,'3241',1,6,1,'1349900086860','2024-05-28'),(1163,2566,'3244',2,6,1,'1349900086860','2024-05-28'),(1164,2566,'3245',3,6,1,'1349900086860','2024-05-28'),(1165,2566,'3246',4,6,1,'1349900086860','2024-05-28'),(1166,2566,'3248',5,6,1,'1349900086860','2024-05-28'),(1167,2566,'3249',6,6,1,'1349900086860','2024-05-28'),(1168,2566,'3250',7,6,1,'1349900086860','2024-05-28'),(1169,2566,'3251',8,6,1,'1349900086860','2024-05-28'),(1170,2566,'3252',9,6,1,'1349900086860','2024-05-28'),(1171,2566,'3258',10,6,1,'1349900086860','2024-05-28'),(1172,2566,'3290',4,3,1,'1349900086860','2024-05-28'),(1173,2566,'3274',1,4,1,'1349900086860','2024-05-28'),(1174,2566,'3275',2,4,1,'1349900086860','2024-05-28'),(1175,2566,'3276',3,4,1,'1349900086860','2024-05-28'),(1176,2566,'3277',4,4,1,'1349900086860','2024-05-28'),(1177,2566,'3260',1,5,1,'1349900086860','2024-05-28'),(1178,2566,'3261',2,5,1,'1349900086860','2024-05-28'),(1179,2566,'3263',3,5,1,'1349900086860','2024-05-28'),(1180,2566,'3264',4,5,1,'1349900086860','2024-05-28'),(1181,2566,'3267',7,5,1,'1349900086860','2024-05-28'),(1182,2566,'3268',8,5,1,'1349900086860','2024-05-28'),(1183,2566,'3269',9,5,1,'1349900086860','2024-05-28'),(1184,2566,'3270',10,5,1,'1349900086860','2024-05-28'),(1185,2567,'3324',1,2,1,'3340400012237','2025-03-17'),(1186,2567,'3241',1,7,1,'3340400012237','2025-03-17'),(1187,2567,'3325',2,2,1,'3340400012237','2025-03-17'),(1188,2567,'3326',3,2,1,'3340400012237','2025-03-17'),(1189,2567,'3327',4,2,1,'3340400012237','2025-03-17'),(1190,2567,'3328',5,2,1,'3340400012237','2025-03-17'),(1191,2567,'3329',6,2,1,'3340400012237','2025-03-17'),(1207,2567,'3310',3,3,1,'3340400012237','2025-03-17'),(1193,2567,'3331',8,2,1,'3340400012237','2025-03-17'),(1194,2567,'3332',9,2,1,'3340400012237','2025-03-17'),(1206,2567,'3309',2,3,1,'3340400012237','2025-03-17'),(1196,2567,'3334',11,2,1,'3340400012237','2025-03-17'),(1197,2567,'3335',12,2,1,'3340400012237','2025-03-17'),(1198,2567,'3336',13,2,1,'3340400012237','2025-03-17'),(1199,2567,'3338',14,2,1,'3340400012237','2025-03-17'),(1200,2567,'3285',11,6,1,'3349800171543','2024-05-31'),(1201,2567,'3321',14,9,1,'3340400012237','2025-03-17'),(1205,2567,'3308',1,3,1,'3340400012237','2025-03-17'),(1203,2567,'3253',11,7,1,'3340400012237','2025-03-17'),(1204,2567,'3340',12,6,1,'1349900086860','2024-09-24'),(1208,2567,'3312',5,3,1,'3340400012237','2025-03-17'),(1209,2567,'3313',6,3,1,'3340400012237','2025-03-17'),(1210,2567,'3315',8,3,1,'3340400012237','2025-03-17'),(1211,2567,'3316',9,3,1,'3340400012237','2025-03-17'),(1212,2567,'3317',10,3,1,'3340400012237','2025-03-17'),(1213,2567,'3319',12,3,1,'3340400012237','2025-03-17'),(1214,2567,'3290',4,4,1,'3340400012237','2025-03-17'),(1215,2567,'3302',8,4,1,'3340400012237','2025-03-17'),(1216,2567,'3306',10,4,1,'3340400012237','2025-03-17'),(1217,2567,'3307',11,4,1,'3340400012237','2025-03-17'),(1218,2567,'3274',1,5,1,'3340400012237','2025-03-17'),(1219,2567,'3275',2,5,1,'3340400012237','2025-03-17'),(1220,2567,'3276',3,5,1,'3340400012237','2025-03-17'),(1221,2567,'3277',4,5,1,'3340400012237','2025-03-17'),(1222,2567,'3280',5,5,1,'3340400012237','2025-03-17'),(1223,2567,'3281',6,5,1,'3340400012237','2025-03-17'),(1224,2567,'3296',7,5,1,'3340400012237','2025-03-17'),(1225,2567,'3300',8,5,1,'3340400012237','2025-03-17'),(1226,2567,'3260',1,6,1,'3340400012237','2025-03-17'),(1227,2567,'3261',2,6,1,'3340400012237','2025-03-17'),(1228,2567,'3263',3,6,1,'3340400012237','2025-03-17'),(1229,2567,'3264',4,6,1,'3340400012237','2025-03-17'),(1230,2567,'3266',5,6,1,'3340400012237','2025-03-17'),(1231,2567,'3297',6,6,1,'3340400012237','2025-03-17'),(1232,2567,'3267',7,6,1,'3340400012237','2025-03-17'),(1233,2567,'3268',8,6,1,'3340400012237','2025-03-17'),(1234,2567,'3269',9,6,1,'3340400012237','2025-03-17'),(1235,2567,'3270',10,6,1,'3340400012237','2025-03-17'),(1236,2567,'3244',2,7,1,'3340400012237','2025-03-17'),(1237,2567,'3245',3,7,1,'3340400012237','2025-03-17'),(1238,2567,'3246',4,7,1,'3340400012237','2025-03-17'),(1239,2567,'3248',5,7,1,'3340400012237','2025-03-17'),(1240,2567,'3249',6,7,1,'3340400012237','2025-03-17'),(1241,2567,'3250',7,7,1,'3340400012237','2025-03-17'),(1242,2567,'3251',8,7,1,'3340400012237','2025-03-17'),(1243,2567,'3252',9,7,1,'3340400012237','2025-03-17'),(1244,2567,'3258',10,7,1,'3340400012237','2025-03-17'),(1245,2567,'3224',0,8,1,'3340400012237','2025-03-17'),(1246,2567,'3226',0,8,1,'3340400012237','2025-03-17'),(1247,2567,'3227',0,8,1,'3340400012237','2025-03-17'),(1248,2567,'3228',0,8,1,'3340400012237','2025-03-17'),(1249,2567,'3230',0,8,1,'3340400012237','2025-03-17'),(1250,2567,'3233',0,8,1,'3340400012237','2025-03-17'),(1251,2567,'3234',0,8,1,'3340400012237','2025-03-17'),(1252,2567,'3235',0,8,1,'3340400012237','2025-03-17'),(1253,2567,'3236',0,8,1,'3340400012237','2025-03-17'),(1254,2567,'3203',1,9,1,'3340400012237','2025-03-17'),(1255,2567,'3204',2,9,1,'3340400012237','2025-03-17'),(1256,2567,'3206',3,9,1,'3340400012237','2025-03-17'),(1257,2567,'3207',4,9,1,'3340400012237','2025-03-17'),(1258,2567,'3208',5,9,1,'3340400012237','2025-03-17'),(1259,2567,'3212',6,9,1,'3340400012237','2025-03-17'),(1260,2567,'3213',7,9,1,'3340400012237','2025-03-17'),(1261,2567,'3216',8,9,1,'3340400012237','2025-03-17'),(1262,2567,'3217',9,9,1,'3340400012237','2025-03-17'),(1263,2567,'3218',10,9,1,'3340400012237','2025-03-17'),(1264,2567,'3219',11,9,1,'3340400012237','2025-03-17'),(1265,2567,'3220',12,9,1,'3340400012237','2025-03-17'),(1266,2567,'3221',13,9,1,'3340400012237','2025-03-17'),(1267,2567,'3339',9,5,1,'1349900086860','2025-03-26'),(1268,2568,'3324',1,3,0,'3349800171543','2025-05-22'),(1269,2568,'3344',1,2,0,'3349800171543','2025-05-22'),(1270,2568,'3343',2,2,0,'3349800171543','2025-05-22'),(1271,2568,'3345',3,2,0,'3349800171543','2025-05-22'),(1272,2568,'3325',2,3,0,'3349800171543','2025-05-22'),(1273,2568,'3326',3,3,0,'3349800171543','2025-05-22'),(1274,2568,'3327',4,3,0,'3349800171543','2025-05-22'),(1275,2568,'3328',5,3,0,'3349800171543','2025-05-22'),(1276,2568,'3329',6,3,0,'3349800171543','2025-05-22'),(1277,2568,'3331',7,3,0,'3349800171543','2025-05-22'),(1278,2568,'3332',8,3,0,'3349800171543','2025-05-22'),(1279,2568,'3334',10,3,0,'3349800171543','2025-05-22'),(1280,2568,'3335',11,3,0,'3349800171543','2025-05-22'),(1281,2568,'3336',12,3,0,'3349800171543','2025-05-22'),(1282,2568,'3338',13,3,0,'3349800171543','2025-05-22'),(1283,2568,'3308',1,4,0,'3349800171543','2025-05-22'),(1284,2568,'3341',2,4,0,'3349800171543','2025-05-22'),(1285,2568,'3309',3,4,0,'3349800171543','2025-05-22'),(1286,2568,'3347',4,4,0,'3349800171543','2025-05-22'),(1287,2568,'3310',5,4,0,'3349800171543','2025-05-22'),(1288,2568,'3312',6,4,0,'3349800171543','2025-05-22'),(1289,2568,'3313',7,4,0,'3349800171543','2025-05-22'),(1290,2568,'3315',8,4,0,'3349800171543','2025-05-22'),(1291,2568,'3316',9,4,0,'3349800171543','2025-05-22'),(1292,2568,'3317',10,4,0,'3349800171543','2025-05-22'),(1293,2568,'3319',11,4,0,'3349800171543','2025-05-22'),(1294,2568,'3290',1,5,0,'3349800171543','2025-05-22'),(1295,2568,'3306',2,5,0,'3349800171543','2025-05-22'),(1296,2568,'3307',3,5,0,'3349800171543','2025-05-22'),(1297,2568,'3302',4,5,0,'3349800171543','2025-05-22'),(1298,2568,'3274',1,6,0,'3349800171543','2025-05-22'),(1299,2568,'3300',2,6,0,'3349800171543','2025-05-22'),(1300,2568,'3275',3,6,0,'3349800171543','2025-05-22'),(1301,2568,'3276',4,6,0,'3349800171543','2025-05-22'),(1302,2568,'3277',5,6,0,'3349800171543','2025-05-22'),(1304,2568,'3296',7,6,0,'3349800171543','2025-05-22'),(1305,2568,'3342',8,6,0,'3349800171543','2025-05-22'),(1306,2568,'3339',9,6,0,'3349800171543','2025-05-22'),(1307,2568,'3281',10,6,0,'3349800171543','2025-05-22'),(1308,2568,'3297',1,7,0,'3349800171543','2025-05-22'),(1309,2568,'3260',2,7,0,'3349800171543','2025-05-22'),(1310,2568,'3348',3,7,0,'3349800171543','2025-05-22'),(1311,2568,'3263',4,7,0,'3349800171543','2025-05-22'),(1312,2568,'3264',5,7,0,'3349800171543','2025-05-22'),(1313,2568,'3266',6,7,0,'3349800171543','2025-05-22'),(1314,2568,'3267',7,7,0,'3349800171543','2025-05-22'),(1315,2568,'3268',8,7,0,'3349800171543','2025-05-22'),(1316,2568,'3269',9,7,0,'3349800171543','2025-05-22'),(1317,2568,'3270',10,7,0,'3349800171543','2025-05-22'),(1318,2568,'3241',1,8,0,'3349800171543','2025-05-22'),(1319,2568,'3258',2,8,0,'3349800171543','2025-05-22'),(1320,2568,'3244',3,8,0,'3349800171543','2025-05-22'),(1321,2568,'3245',4,8,0,'3349800171543','2025-05-22'),(1322,2568,'3246',5,8,0,'3349800171543','2025-05-22'),(1323,2568,'3248',6,8,0,'3349800171543','2025-05-22'),(1324,2568,'3249',7,8,0,'3349800171543','2025-05-22'),(1325,2568,'3251',8,8,0,'3349800171543','2025-05-22'),(1326,2568,'3252',9,8,0,'3349800171543','2025-05-22'),(1327,2568,'3250',10,8,0,'3349800171543','2025-05-22'),(1328,2568,'3224',1,9,0,'3349800171543','2025-05-22'),(1329,2568,'3226',2,9,0,'3349800171543','2025-05-22'),(1330,2568,'3227',3,9,0,'3349800171543','2025-05-22'),(1331,2568,'3228',4,9,0,'3349800171543','2025-05-22'),(1332,2568,'3230',5,9,0,'3349800171543','2025-05-22'),(1333,2568,'3236',6,9,0,'3349800171543','2025-05-22'),(1334,2568,'3234',7,9,0,'3349800171543','2025-05-22'),(1335,2568,'3346',8,9,0,'3349800171543','2025-05-22'),(1336,2568,'3233',9,9,0,'3349800171543','2025-05-22'),(1337,2568,'3235',10,9,0,'3349800171543','2025-05-22'),(1338,2568,'3340',9,3,0,'3349800171543','2025-06-09');

--
-- Table structure for table `student_main_edyear`
--

CREATE TABLE `student_main_edyear` (
  `id` int(11) NOT NULL AUTO_INCREMENT,
  `ed_year` int(11) NOT NULL,
  `year_active` tinyint(4) NOT NULL,
  PRIMARY KEY (`id`),
  UNIQUE KEY `ed_year` (`ed_year`)
) ENGINE=MyISAM AUTO_INCREMENT=20 DEFAULT CHARSET=utf8 COLLATE=utf8_general_ci;

--
-- Dumping data for table `student_main_edyear`
--

INSERT INTO `student_main_edyear` VALUES (1,2557,0),(2,2558,0),(3,2559,0),(5,2560,0),(6,2567,0),(7,2561,0),(8,2562,0),(10,2563,0),(12,2564,0),(13,2565,0),(14,2566,0),(19,2568,1);

--
-- Table structure for table `student_main_expand1`
--

CREATE TABLE `student_main_expand1` (
  `id` int(11) NOT NULL AUTO_INCREMENT,
  `person_id` varchar(13) NOT NULL,
  `e_name` varchar(50) NOT NULL,
  `e_surname` varchar(50) NOT NULL,
  `birthday` date NOT NULL,
  `blood` varchar(2) NOT NULL,
  `race` varchar(30) NOT NULL,
  `nationlity` varchar(30) NOT NULL,
  `religion` varchar(30) NOT NULL,
  `rec_date` date NOT NULL,
  PRIMARY KEY (`id`),
  UNIQUE KEY `person_id` (`person_id`)
) ENGINE=MyISAM AUTO_INCREMENT=120 DEFAULT CHARSET=utf8 COLLATE=utf8_general_ci;

--
-- Dumping data for table `student_main_expand1`
--

INSERT INTO `student_main_expand1` VALUES (1,'1341501568502','Gonlawat','Geawwongsa','2014-06-13','','','','','2025-05-22'),(2,'1347600096035','Vittayanon','Dogmaigeaw','2014-06-03','-','ไทย','ไทย','พุทธ','2019-09-06'),(3,'1349902044242','Vitichai','Ghuntana','2015-05-09','-','ไทย','ไทย','พุทธ','2019-09-06'),(4,'1349902037050','Poonpitug','Geawloi','2015-03-26','','','','','2025-05-22'),(5,'1341501578389','Pattarin','Ghunsuna','2015-03-07','','','','','2025-05-22'),(6,'1347600098071','Gunnutcha','Geawborsa','2014-07-28','','','','','2025-05-22'),(7,'1347600107843','Chalida','Bunya','2015-05-01','-','ไทย','ไทย','พุทธ','2019-09-06'),(8,'1341501568596','Nunticha','Dungpugdee','2015-03-07','','','','','2025-05-22'),(9,'1341501574260','Aritta','Rasai','2014-11-01','','','','','2025-05-22'),(10,'1341501576611','Aritsala','Rutsamee','2015-01-10','','','','','2025-05-22'),(11,'1347600100121','Sirigunya','Seepoi','2014-09-18','','','','','2025-05-22'),(12,'1341501569681','-','-','2014-07-13','','','','','2025-05-22'),(13,'1341501558591','Gitsana','Junsuna','2013-09-10','','','','','2025-05-22'),(14,'1349901928007','Boppagon','Hantha','2013-08-07','A','','','','2025-05-22'),(15,'1679900916291','Gongpoob','Thiyaboot','2013-10-28','-','ไทย','ไทย','พุทธ','2019-09-06'),(16,'1341501553297','Pragay','Pootarin','2013-03-17','','','','','2025-05-22'),(17,'1341501560170','Paiboon','Bourkeaw','2013-10-22','','','','','2025-05-22'),(18,'1341501560447','Piyawat','Lapoon','2013-10-22','','','','','2025-05-22'),(19,'1341501556075','Savitta','Krutbin','2013-07-06','-','ไทย','ไทย','พุทธ','2019-09-06'),(20,'1341501562423','Niracha','Dungsanit','2013-12-19','','','','','2025-05-22'),(21,'1341501564019','Pintira','Grangvichai','2014-02-01','','','','','2025-05-22'),(22,'1347600084436','Suchunya','Opab','2013-07-18','','','','','2025-05-22'),(23,'1339700073390','Nunthagan','punpong','2013-09-01','','','','','2025-05-22'),(24,'1480501384418','Gunyapat','Pooseegung','2013-09-13','','','','','2025-05-22'),(25,'1349901823680','-','-','2012-02-24','B','ไทย','ไทย','พุทธ','2019-09-06'),(26,'1347600069798','-','-','2012-07-04','AB','ไทย','ไทย','พุทธ','2019-09-06'),(27,'1349901899830','-','-','2013-03-03','B','ไทย','ไทย','พุทธ','2019-09-06'),(28,'1347600072578','-','-','2012-09-12','B','ไทย','ไทย','พุทธ','2019-09-06'),(29,'1341501546771','-','-','2012-08-06','O','ไทย','ไทย','พุทธ','2019-09-06'),(30,'1349901861361','-','-','2012-08-29','O','ไทย','ไทย','พุทธ','2019-09-06'),(31,'1139600681641','-','-','2012-11-13','B','ไทย','ไทย','พุทธ','2019-09-06'),(32,'1341501551499','-','-','2012-12-31','A','ไทย','ไทย','พุทธ','2019-09-06'),(33,'1341501554757','-','-','2013-05-12','O','ไทย','ไทย','พุทธ','2019-09-06'),(34,'1348600090399','-','-','2012-11-26','A','ไทย','ไทย','พุทธ','2019-09-06'),(35,'1349901879448','-','-','2012-11-14','A','ไทย','ไทย','พุทธ','2019-09-06'),(36,'1341501546860','-','-','2012-08-07','O','ไทย','ไทย','พุทธ','2019-09-06'),(37,'1349901891031','-','-','2013-01-13','O','ไทย','ไทย','พุทธ','2019-09-06'),(38,'1347600079882','-','-','2013-03-14','O','ไทย','ไทย','พุทธ','2019-09-06'),(39,'1341501550719','-','-','2012-12-03','O','ไทย','ไทย','พุทธ','2019-09-06'),(40,'1349901792610','-','-','2011-09-26','-','ไทย','ไทย','พุทธ','2019-09-06'),(41,'1347600058613','-','-','2011-09-02','-','ไทย','ไทย','พุทธ','2019-09-06'),(42,'1347600067361','-','-','2012-04-24','-','ไทย','ไทย','พุทธ','2019-09-06'),(43,'1341501536210','-','-','2011-09-04','-','ไทย','ไทย','พุทธ','2019-09-06'),(44,'1347600066853','-','-','2012-04-09','-','ไทย','ไทย','พุทธ','2019-09-06'),(45,'1347600061185','-','-','2011-11-07','-','ไทย','ไทย','พุทธ','2019-09-06'),(46,'1349901774409','-','-','2011-07-03','-','ไทย','ไทย','พุทธ','2019-09-06'),(47,'1349901817981','-','-','2012-01-22','-','ไทย','ไทย','พุทธ','2019-09-06'),(48,'1341501544921','-','-','2012-05-28','-','ไทย','ไทย','พุทธ','2019-09-06'),(49,'1349901773348','-','-','2011-06-28','-','ไทย','ไทย','พุทธ','2019-09-06'),(50,'1341501529230','PONGSAGORN','SANTAWESUK','2011-02-11','O','ไทย','ไทย','พุทธ','2019-09-06'),(51,'1341501531137','TANAPON','SUTTIPRAPA','2011-04-18','B','ไทย','ไทย','พุทธ','2019-09-06'),(52,'1341501524343','CHATWUT','TEEKAKOD','2010-09-28','B','ไทย','ไทย','พุทธ','2019-09-06'),(53,'1341501521212','WALAYUPUT','WONGSALERT','2010-06-30','B','ไทย','ไทย','พุทธ','2019-09-06'),(54,'1209702614453','Warrapun','Lapon','2010-11-02','AB','ไทย','ไทย','พุทธ','2019-09-06'),(55,'1209702614445','Worrapot','Lapon','2010-11-02','AB','ไทย','ไทย','พุทธ','2019-09-06'),(56,'1220800076776','WITTAYA','KUMKOMB','2010-10-03','AB','ไทย','ไทย','พุทธ','2019-09-06'),(57,'1341501527954','AUTSADAWUT','CHAMPARAT','2010-12-28','B','ไทย','ไทย','พุทธ','2019-09-06'),(58,'1840701122731','Korawit','Kaewongsa','2010-07-27','B','ไทย','ไทย','พุทธ','2019-09-06'),(59,'1341501526095','WASSANA','HOMELAB','2010-11-06','O','ไทย','ไทย','พุทธ','2019-09-06'),(60,'1341501523568','ATICHA','DORNGSOPA','2010-09-09','-','ไทย','ไทย','พุทธ','2019-09-06'),(61,'1347600046259','CHANAPA','MALAKUM','2010-08-06','O','ไทย','ไทย','พุทธ','2019-09-06'),(62,'1341501529949','WONWILAI','NUKLUMTONG','2011-03-09','O','ไทย','ไทย','พุทธ','2019-09-06'),(63,'1348600072439','ketraphon','suksanong','2010-01-30','-','ไทย','ไทย','พุทธ','2019-09-06'),(64,'1347600036661','Anupap','Lordkaew','2009-08-01','O','ไทย','ไทย','พุทธ','2019-09-06'),(65,'1341501513694','Konlavat','Kuntasang','2009-09-24','B','ไทย','ไทย','พุทธ','2019-09-06'),(66,'1341501519706','Chutthamongkon','Pimput','2010-05-05','B','ไทย','ไทย','พุทธ','2019-09-06'),(67,'1119501108128','Korrawit','Tiyabut','2009-08-17','-','ไทย','ไทย','พุทธ','2019-09-06'),(68,'1347600032886','Siriwan','Punprawut','2009-03-13','A','ไทย','ไทย','พุทธ','2019-09-06'),(69,'1341501515468','Walaporn','Layprajuk','2009-12-06','AB','ไทย','ไทย','พุทธ','2019-09-06'),(70,'1341501516651','Jatsadanut','Pombud','2010-01-15','A','ไทย','ไทย','พุทธ','2019-09-06'),(71,'1347600040978','Teranut','Krangwechai','2009-12-27','O','ไทย','ไทย','พุทธ','2019-09-06'),(72,'1341501514631','Nichanun','Nuluksa','2009-11-04','O','ไทย','ไทย','พุทธ','2019-09-06'),(73,'1190400104587','Puttharamon','Pikunsot','2009-08-10','B','ไทย','ไทย','พุทธ','2019-09-06'),(74,'1341501519811','Pimonda','Litthidate','2010-04-29','B','ไทย','ไทย','พุทธ','2019-09-06'),(75,'1619400042011','Nuttamon','Sonsiw','2010-04-12','O','ไทย','ไทย','พุทธ','2019-09-06'),(76,'1347600044876','Achiia','Keawgamsang','2010-06-12','-','ไทย','ไทย','พุทธ','2019-09-06'),(77,'1347600044213','Thitihiya','Sathuwong','2010-05-19','-','ไทย','ไทย','พุทธ','2019-09-06'),(78,'1349901568221','Pokin','Songsorn','2008-07-11','O','ไทย','ไทย','พุทธ','2019-09-06'),(79,'1341501503583','Sorawit','Rungraeg','2008-07-24','B','ไทย','ไทย','พุทธ','2019-09-06'),(80,'1341501508089','Wattanagorn','Wongsase','2008-12-31','B','ไทย','ไทย','พุทธ','2019-09-06'),(81,'1341501510083','Anutut','Tacomhro','2009-04-22','B','ไทย','ไทย','พุทธ','2019-09-06'),(82,'1347600030026','Punyawit','Suchaprakun','2008-12-09','B','ไทย','ไทย','พุทธ','2019-09-06'),(83,'1341501508020','Tanaporn','Maleelut','2009-01-11','B','ไทย','ไทย','พุทธ','2019-09-06'),(84,'1341501506361','Parit','sankam','2008-10-28','-','ไทย','ไทย','พุทธ','2019-09-06'),(85,'1341501507155','Chainakorn','Ganyabat','2008-12-07','-','ไทย','ไทย','พุทธ','2019-09-06'),(86,'1349901570242','Arnunda','Kaewburkow','2008-07-21','-','ไทย','ไทย','พุทธ','2019-09-06'),(87,'1347600021353','Kraingkrai','chaiyasit','2008-02-17','-','ไทย','ไทย','พุทธ','2019-09-06'),(88,'1347600028544','Selewemon','Jarujit','2008-10-22','B','ไทย','ไทย','พุทธ','2019-09-06'),(89,'1349901611593','Wunnetha','Pimput','2009-03-01','AB','ไทย','ไทย','พุทธ','2019-09-06'),(90,'1349901626787','Wonwesa','Nincha','2009-05-21','O','ไทย','ไทย','พุทธ','2019-09-06'),(91,'1349901623354','Nutwepa','Tonaaut','2009-05-03','O','ไทย','ไทย','พุทธ','2019-09-06'),(92,'1341501508224','Pennapa','Ratsamee','2009-01-19','B','ไทย','ไทย','พุทธ','2019-09-06'),(93,'1341501509603','Jitthaporn','Pombud','2009-03-23','O','ไทย','ไทย','พุทธ','2019-09-06'),(94,'1341501503010','Welawon','Homelab','2008-06-28','O','ไทย','ไทย','พุทธ','2019-09-06'),(95,'1347600026428','THUMPICHA','SAYOTA','2008-08-25','-','ไทย','ไทย','พุทธ','2019-09-06'),(96,'1341501497311','Apiluk','Kudbin','2007-11-08','AB','ไทย','ไทย','พุทธ','2019-09-06'),(97,'1341501498377','Wichitchana','Kuwnsanu','2007-12-18','B','ไทย','ไทย','พุทธ','2019-09-06'),(98,'1459901261362','Burapon','Sudtaprapa','2008-04-01','O','ไทย','ไทย','พุทธ','2019-09-06'),(99,'1347600025855','Kadsopon','Malasaw','2008-08-08','A','ไทย','ไทย','พุทธ','2019-09-06'),(100,'1249900892158','Tanaput','Aungwichian','2008-03-03','O','ไทย','ไทย','พุทธ','2019-09-06'),(101,'1103704251990','KANTAPUT','PIMPONG','2007-10-26','O','ไทย','ไทย','พุทธ','2019-09-06'),(102,'1347600015027','Peerapon','Boonchauy','2007-06-30','O','ไทย','ไทย','พุทธ','2019-09-06'),(103,'1341501496935','Tanutcha','Bunkarn','2007-10-25','A','ไทย','ไทย','พุทธ','2019-09-06'),(104,'1341501501297','Pitchapa','Datawe','2008-04-18','A','ไทย','ไทย','พุทธ','2019-09-06'),(105,'1349901532367','Wilasinee','Nuntakun','2007-12-24','B','ไทย','ไทย','พุทธ','2019-09-06'),(106,'1349901559729','Chutatib','Somchun','2008-05-25','A','ไทย','ไทย','พุทธ','2019-09-06'),(107,'1341501493693','TIDARUT','SOPHAKUN','2007-07-06','AB','ไทย','ไทย','พุทธ','2019-09-06'),(108,'1347600025227','Parichad','Pukarn','2008-07-17','B','ไทย','ไทย','พุทธ','2019-09-06'),(109,'1139600428597','Intupa','Sornchie','2007-07-31','AB','ไทย','ไทย','พุทธ','2019-09-06'),(110,'1341501591784','Girapone','Potavee','2016-02-22','','','','','2025-05-22'),(111,'1341501586063','Yanutchara','Jorasar','2015-10-07','','','','','2025-05-22'),(112,'1340300199967','Peerapat','Pinetuma','2015-09-29','','','','','2025-05-22'),(113,'1341501591563','Kimnaput','Jane','2016-02-20','','','','','2025-05-22'),(114,'1347600118349','Patipoon','Syekane','2016-03-09','','','','','2025-05-22'),(115,'1250101940498','Pos','Seedakood','2016-01-05','','','','','2025-05-22'),(116,'1341501592730','Narumon','Kumseesuk','2016-03-15','','','','','2025-05-22'),(117,'1100704619501','Vatcharagone','Rattanaviroadrung','2016-04-23','','','','','2025-05-22'),(118,'1347600110925','Jutamart','Kumpanile','2015-08-12','','','','','2025-05-22'),(119,'1329901890000','KITTIKAWIN','ONKHANPONG','2014-06-06','','','','','2025-05-22');

--
-- Table structure for table `student_main_permission`
--

CREATE TABLE `student_main_permission` (
  `id` int(11) NOT NULL AUTO_INCREMENT,
  `person_id` varchar(13) NOT NULL,
  `p1` tinyint(4) NOT NULL,
  `officer` varchar(13) NOT NULL,
  `rec_date` date NOT NULL,
  PRIMARY KEY (`id`)
) ENGINE=MyISAM AUTO_INCREMENT=13 DEFAULT CHARSET=utf8 COLLATE=utf8_general_ci;

--
-- Dumping data for table `student_main_permission`
--

INSERT INTO `student_main_permission` VALUES (6,'3341500095101',1,'1349900086860','2024-05-28'),(4,'3341500112684',1,'3349800083342','2023-08-31'),(5,'3349800171543',1,'3349800171543','2024-05-03'),(7,'3169800014083',1,'1349900086860','2024-05-28'),(8,'3340400012237',1,'1349900086860','2024-05-28'),(9,'3120101512876',1,'1349900086860','2024-05-28'),(11,'1349900686921',1,'3349800171543','2025-05-16'),(12,'3349900818875',1,'3349900818875','2025-07-30');

--
-- Table structure for table `system_ed_year`
--

CREATE TABLE `system_ed_year` (
  `id` int(11) NOT NULL AUTO_INCREMENT,
  `ed_year` int(11) NOT NULL,
  `active_ed_year` tinyint(4) NOT NULL,
  PRIMARY KEY (`id`),
  UNIQUE KEY `ed_year` (`ed_year`)
) ENGINE=MyISAM DEFAULT CHARSET=utf8 COLLATE=utf8_general_ci;

--
-- Dumping data for table `system_ed_year`
--


--
-- Table structure for table `system_export_list`
--

CREATE TABLE `system_export_list` (
  `id` int(11) NOT NULL AUTO_INCREMENT,
  `data_name` varchar(50) NOT NULL,
  `thai_dataname` varchar(100) NOT NULL,
  PRIMARY KEY (`id`),
  UNIQUE KEY `data_name` (`data_name`)
) ENGINE=MyISAM AUTO_INCREMENT=7 DEFAULT CHARSET=utf8 COLLATE=utf8_general_ci;

--
-- Dumping data for table `system_export_list`
--

INSERT INTO `system_export_list` VALUES (1,'person','ข้อมูลครูและบุคลากร'),(2,'student','ข้อมูลพื้นฐานนักเรียน'),(3,'onet','ผลสอบ O-NET'),(4,'plan','แผนปฏิบัติการประจำปี'),(5,'student_check','การมาเรียน'),(6,'health','สุขภาพผู้เรียน');

--
-- Table structure for table `system_export_log`
--

CREATE TABLE `system_export_log` (
  `id` int(11) NOT NULL AUTO_INCREMENT,
  `computer_ip` varchar(25) NOT NULL,
  `requester` varchar(50) NOT NULL,
  `login_time` datetime NOT NULL,
  `data` varchar(20) NOT NULL,
  PRIMARY KEY (`id`)
) ENGINE=MyISAM AUTO_INCREMENT=150 DEFAULT CHARSET=utf8 COLLATE=utf8_general_ci;

--
-- Dumping data for table `system_export_log`
--

INSERT INTO `system_export_log` VALUES (1,'61.19.124.234','amssplus','2018-09-14 12:32:43','person'),(2,'61.19.124.234','amssplus','2018-09-14 13:11:22','person'),(3,'61.19.124.234','amssplus','2018-09-15 09:51:49','person'),(4,'61.19.124.234','amssplus','2019-09-24 09:12:11','student'),(5,'61.19.124.234','amssplus','2019-10-08 13:30:32','student_check'),(6,'122.155.223.9','amssplus','2020-02-20 12:48:51','student'),(7,'122.155.223.9','amssplus','2020-02-21 06:40:23','student'),(8,'122.155.223.9','amssplus','2020-02-21 06:40:51','student'),(9,'122.155.223.9','amssplus','2020-02-21 06:41:20','student'),(10,'122.155.223.9','amssplus','2020-02-21 06:41:56','student'),(11,'122.155.223.9','amssplus','2020-02-21 06:56:30','student'),(12,'122.155.223.9','amssplus','2020-03-30 11:02:48','student_check'),(13,'122.155.223.9','amssplus','2020-08-03 09:14:59','student'),(14,'122.155.223.9','amssplus','2020-08-03 09:57:16','student_check'),(15,'122.155.223.9','amssplus','2020-08-03 09:57:24','student_check'),(16,'122.155.223.9','amssplus','2020-08-03 09:57:30','student_check'),(17,'122.155.223.9','amssplus','2020-08-03 09:57:32','student_check'),(18,'122.155.223.9','amssplus','2020-08-05 08:37:44','student'),(19,'122.155.223.9','amssplus','2020-11-02 11:42:50','health'),(20,'122.155.223.9','amssplus','2020-11-02 11:43:27','health'),(21,'122.155.223.9','amssplus','2020-11-03 15:47:55','health'),(22,'122.155.223.9','amssplus','2020-11-03 15:48:01','health'),(23,'122.155.223.9','amssplus','2020-11-27 10:30:01','student'),(24,'192.168.1.6','amssplus','2021-05-29 11:02:24','student'),(25,'192.168.1.6','amssplus','2021-05-29 11:03:39','student'),(26,'192.168.1.6','amssplus','2021-05-29 11:54:16','student'),(27,'192.168.1.6','amssplus','2021-05-29 11:57:12','student'),(28,'192.168.1.6','amssplus','2021-05-29 11:58:14','student'),(29,'192.168.1.6','amssplus','2021-05-29 12:12:49','student'),(30,'192.168.1.6','amssplus','2021-05-29 12:21:59','student'),(31,'192.168.1.6','amssplus','2021-05-29 12:23:45','student'),(32,'192.168.1.6','amssplus','2021-05-29 12:43:53','student'),(33,'192.168.1.6','amssplus','2021-05-29 12:50:39','student'),(34,'192.168.1.6','amssplus','2021-05-29 12:57:14','student'),(35,'192.168.1.6','amssplus','2021-05-29 12:58:19','student'),(36,'192.168.1.6','amssplus','2021-05-29 14:27:33','student'),(37,'192.168.1.6','amssplus','2021-05-29 14:28:06','student'),(38,'192.168.1.6','amssplus','2021-05-29 14:28:34','student'),(39,'192.168.1.6','amssplus','2021-05-29 14:29:12','student'),(40,'192.168.1.6','amssplus','2021-05-29 14:31:45','student'),(41,'10.1.1.3','amssplus','2021-10-06 10:32:11','student'),(42,'10.1.1.3','amssplus','2022-09-06 16:11:57','student'),(43,'10.1.1.3','amssplus','2022-09-15 11:11:49','student'),(44,'','amssplus','2023-01-02 14:23:33','student_check'),(45,'','amssplus','2023-01-02 17:52:51','student_check'),(46,'','amssplus','2023-01-02 17:54:28','student_check'),(47,'','amssplus','2023-01-02 17:55:02','student_check'),(48,'10.1.1.3','amssplus','2023-01-22 00:19:36','student'),(49,'127.0.0.1','amssplus','2023-02-16 09:21:21','student_check'),(50,'127.0.0.1','amssplus','2023-02-16 09:22:07','student_check'),(51,'127.0.0.1','amssplus','2023-02-16 09:33:01','student_check'),(52,'10.1.1.3','amssplus','2023-04-05 09:48:11','student_check'),(53,'10.1.1.3','amssplus','2023-04-05 22:38:04','student_check'),(54,'10.1.1.3','amssplus','2023-04-06 10:24:15','student_check'),(55,'10.1.1.3','amssplus','2023-04-06 10:25:06','student_check'),(56,'10.1.1.3','amssplus','2023-04-06 10:47:27','student_check'),(57,'127.0.0.1','amssplus','2023-04-06 13:12:59','student_check'),(58,'10.1.1.3','amssplus','2023-04-06 13:13:41','student_check'),(59,'10.1.1.3','amssplus','2023-06-01 10:48:19','student'),(60,'10.1.1.3','amssplus','2023-06-15 10:20:14','student_check'),(61,'10.1.1.3','amssplus','2023-06-15 10:58:25','student'),(62,'10.1.1.3','amssplus','2023-06-16 15:18:40','student'),(63,'10.1.1.3','amssplus','2023-07-04 11:26:03','student'),(64,'127.0.0.1','amssplus','2023-07-09 13:16:54','student_check'),(65,'127.0.0.1','amssplus','2023-07-09 13:18:56','student_check'),(66,'127.0.0.1','amssplus','2023-07-09 13:19:45','student_check'),(67,'127.0.0.1','amssplus','2023-07-09 13:20:11','student_check'),(68,'127.0.0.1','amssplus','2023-07-09 13:20:43','student_check'),(69,'127.0.0.1','amssplus','2023-07-09 13:21:37','student_check'),(70,'127.0.0.1','amssplus','2023-07-09 13:21:42','student_check'),(71,'127.0.0.1','amssplus','2023-07-09 13:27:56','student_check'),(72,'127.0.0.1','amssplus','2023-07-09 13:29:11','student_check'),(73,'127.0.0.1','amssplus','2023-07-09 13:31:12','student_check'),(74,'127.0.0.1','amssplus','2023-07-09 13:36:10','student_check'),(75,'127.0.0.1','amssplus','2023-07-09 13:37:15','student_check'),(76,'127.0.0.1','amssplus','2023-07-09 13:37:37','student_check'),(77,'127.0.0.1','amssplus','2023-07-09 13:39:10','student_check'),(78,'127.0.0.1','amssplus','2023-07-09 13:41:17','student_check'),(79,'127.0.0.1','amssplus','2023-07-09 13:42:38','student_check'),(80,'127.0.0.1','amssplus','2023-07-09 13:43:37','student_check'),(81,'127.0.0.1','amssplus','2023-07-09 13:47:31','student_check'),(82,'127.0.0.1','amssplus','2023-07-09 13:59:29','student_check'),(83,'127.0.0.1','amssplus','2023-07-09 14:08:12','student_check'),(84,'127.0.0.1','amssplus','2023-07-09 14:17:24','student_check'),(85,'127.0.0.1','amssplus','2023-07-11 07:57:50','student_check'),(86,'127.0.0.1','amssplus','2023-07-11 07:59:58','student_check'),(87,'127.0.0.1','amssplus','2023-07-11 08:12:59','student_check'),(88,'127.0.0.1','amssplus','2023-07-11 08:13:50','student_check'),(89,'127.0.0.1','amssplus','2023-07-11 08:14:41','student_check'),(90,'127.0.0.1','amssplus','2023-07-26 11:51:20','student_check'),(91,'127.0.0.1','amssplus','2023-07-26 13:31:30','student_check'),(92,'127.0.0.1','amssplus','2023-07-26 13:58:27','student_check'),(93,'127.0.0.1','amssplus','2023-07-26 14:00:13','student_check'),(94,'127.0.0.1','amssplus','2023-07-26 14:01:47','student_check'),(95,'127.0.0.1','amssplus','2023-07-26 14:52:29','student_check'),(96,'127.0.0.1','amssplus','2023-07-26 14:58:06','student_check'),(97,'127.0.0.1','amssplus','2023-07-26 15:02:46','student_check'),(98,'127.0.0.1','amssplus','2023-07-26 15:08:47','student_check'),(99,'127.0.0.1','amssplus','2023-07-26 15:10:41','student_check'),(100,'127.0.0.1','amssplus','2023-07-26 15:11:40','student_check'),(101,'127.0.0.1','amssplus','2023-07-26 15:18:17','student_check'),(102,'127.0.0.1','amssplus','2023-07-26 15:22:04','student_check'),(103,'127.0.0.1','amssplus','2023-07-26 15:27:04','student_check'),(104,'127.0.0.1','amssplus','2023-07-26 15:30:43','student_check'),(105,'127.0.0.1','amssplus','2023-07-26 15:31:51','student_check'),(106,'127.0.0.1','amssplus','2023-07-26 15:32:47','student_check'),(107,'127.0.0.1','amssplus','2023-07-26 15:45:24','student_check'),(108,'127.0.0.1','amssplus','2023-07-26 15:48:39','student_check'),(109,'127.0.0.1','amssplus','2023-07-26 15:50:36','student_check'),(110,'127.0.0.1','amssplus','2023-07-26 15:52:22','student_check'),(111,'127.0.0.1','amssplus','2023-07-26 15:56:54','student_check'),(112,'127.0.0.1','amssplus','2023-07-26 17:13:33','student_check'),(113,'127.0.0.1','amssplus','2023-07-26 17:19:22','student_check'),(114,'127.0.0.1','amssplus','2023-07-26 17:26:14','student_check'),(115,'127.0.0.1','amssplus','2023-07-26 17:27:49','student_check'),(116,'127.0.0.1','amssplus','2023-07-26 17:41:52','student_check'),(117,'10.1.1.3','amssplus','2023-08-24 09:05:22','student_check'),(118,'10.1.1.3','amssplus','2023-08-31 09:02:40','student_check'),(119,'10.1.1.3','amssplus','2023-08-31 09:03:18','student_check'),(120,'10.1.1.3','amssplus','2023-08-31 09:03:38','student_check'),(121,'10.1.1.3','amssplus','2023-09-15 20:10:49','student'),(122,'127.0.0.1','amssplus','2023-10-03 13:00:38','student_check'),(123,'','amssplus','2023-10-25 14:28:35','student_check'),(124,'','amssplus','2023-10-25 14:28:45','student_check'),(125,'','amssplus','2023-10-25 14:28:47','student_check'),(126,'10.255.199.107','amssplus','2024-06-14 10:35:04','student'),(127,'10.255.199.107','amssplus','2024-06-14 10:45:51','student'),(128,'10.255.199.107','amssplus','2024-06-14 10:52:04','student'),(129,'10.255.199.107','amssplus','2024-06-17 04:37:31','person'),(130,'10.255.199.107','amssplus','2024-06-17 04:39:47','person'),(131,'10.255.199.107','amssplus','2024-06-20 04:51:34','student_check'),(132,'10.255.199.107','amssplus','2024-09-24 02:29:04','student'),(133,'10.255.199.107','amssplus','2024-09-25 03:22:53','student'),(134,'10.255.199.107','amssplus','2024-10-04 08:24:10','student'),(135,'10.255.199.107','amssplus','2025-03-11 07:57:41','student_check'),(136,'10.255.199.107','amssplus','2025-03-11 07:58:04','student_check'),(137,'10.255.199.107','amssplus','2025-03-28 01:48:37','student_check'),(138,'10.255.199.107','amssplus','2025-05-29 08:10:00','person'),(139,'10.255.199.107','amssplus','2025-05-29 08:12:47','person'),(140,'10.255.199.107','amssplus','2025-06-08 04:32:45','student'),(141,'10.255.199.107','amssplus','2025-07-30 08:33:26','student_check'),(142,'10.255.199.107','amssplus','2025-08-01 22:22:45','student_check'),(143,'10.255.199.107','amssplus','2025-08-01 22:22:49','student_check'),(144,'10.255.199.107','amssplus','2025-08-14 03:07:55','person'),(145,'10.255.199.107','amssplus','2025-08-14 03:18:32','person'),(146,'10.255.199.107','amssplus','2025-08-18 02:44:17','student'),(147,'10.255.199.107','amssplus','2025-08-29 02:40:16','student_check'),(148,'10.255.199.107','amssplus','2025-09-13 05:43:36','student_check'),(149,'10.255.199.107','amssplus','2025-09-13 05:54:44','student_check');

--
-- Table structure for table `system_export_permission`
--

CREATE TABLE `system_export_permission` (
  `id` int(11) NOT NULL AUTO_INCREMENT,
  `requester` varchar(50) NOT NULL,
  `data_name` varchar(50) NOT NULL,
  `status` tinyint(4) NOT NULL DEFAULT 0,
  PRIMARY KEY (`id`)
) ENGINE=MyISAM AUTO_INCREMENT=7 DEFAULT CHARSET=utf8 COLLATE=utf8_general_ci;

--
-- Dumping data for table `system_export_permission`
--

INSERT INTO `system_export_permission` VALUES (1,'amssplus','plan',1),(2,'amssplus','onet',1),(3,'amssplus','student',1),(4,'amssplus','person',1),(5,'amssplus','student_check',1),(6,'amssplus','health',1);

--
-- Table structure for table `system_module`
--

CREATE TABLE `system_module` (
  `id` int(11) NOT NULL AUTO_INCREMENT,
  `module` varchar(50) NOT NULL,
  `module_desc` varchar(100) NOT NULL,
  `workgroup` tinyint(4) DEFAULT NULL,
  `module_active` tinyint(4) DEFAULT NULL,
  `module_order` int(11) NOT NULL,
  `web_link` tinyint(4) DEFAULT NULL,
  `url` varchar(150) DEFAULT NULL,
  `where_work` tinyint(4) NOT NULL DEFAULT 0,
  `menu_pic` varchar(25) NOT NULL,
  PRIMARY KEY (`id`),
  UNIQUE KEY `module` (`module`)
) ENGINE=MyISAM AUTO_INCREMENT=32 DEFAULT CHARSET=utf8 COLLATE=utf8_general_ci;

--
-- Dumping data for table `system_module`
--

INSERT INTO `system_module` VALUES (1,'budget','การเงินและบัญชี',2,1,23,NULL,NULL,0,'fab fa-btc'),(2,'person','ข้อมูลพื้นฐานครูและบุคลากร',3,1,27,NULL,NULL,0,'fa fa-user-circle'),(3,'standard','มาตรฐานการศึกษา',1,1,19,NULL,NULL,0,''),(4,'health','ตรวจสุขภาพนักเรียน',1,1,5,NULL,NULL,0,''),(5,'student_check','การมาเรียน',1,1,1,NULL,NULL,0,'fa fa-child'),(6,'work','﻿การปฏิบัติราชการ',4,1,45,NULL,NULL,0,''),(7,'news','﻿รายงานข่าว',4,0,51,0,'',0,''),(8,'savings','ออมทรัพย์นักเรียน',1,1,3,NULL,NULL,0,'fab fa-btc'),(9,'student_main','ข้อมูลพื้นฐานนักเรียน',1,1,7,NULL,NULL,0,'fa fa-child'),(10,'plan','การวางแผน',2,1,21,NULL,NULL,0,''),(11,'la','﻿การลา',4,1,43,NULL,NULL,0,''),(12,'mail','ไปรษณีย์_โรงเรียน',4,1,34,NULL,NULL,0,'fa fa-envelope'),(13,'meeting','﻿จองห้องประชุม',4,1,47,NULL,NULL,0,''),(14,'permission','﻿ขออนุญาตไปราชการ',4,1,41,NULL,NULL,0,''),(15,'achievement','﻿ผลสัมฤทธิ์ทางการเรียน',1,1,17,NULL,NULL,0,'fa fa-graduation-cap'),(16,'cabinet','﻿ตู้เอกสาร',4,1,49,NULL,NULL,0,''),(17,'bookregister','﻿ทะเบียนหนังสือราชการ',4,1,31,NULL,NULL,0,'fa fa-book'),(18,'affair','﻿ภารกิจผู้อำนวยการ',4,1,39,0,'',0,''),(19,'amss_bets','﻿ทดสอบการศึกษา_สพท.',1,1,9,0,'',1,'fa fa-graduation-cap'),(20,'amss_budget','﻿การบริหารงบประมาณ_สพท.',2,1,25,0,'',0,'fab fa-btc'),(21,'amss_mail','﻿ไปรษณีย์_สพท.',4,1,35,0,'',0,'fa fa-envelope'),(22,'amss_opportunity','﻿สิทธิและโอกาสทางการศึกษา',1,1,13,0,'',0,'fa fa-child'),(23,'amss_spacial_student','﻿นักเรียนพิเศษ',1,1,15,0,'',0,'fa fa-child'),(24,'amss_supervision','﻿นิเทศ ติดตาม ประเมินผล',1,1,11,0,'',0,'fa fa-graduation-cap'),(25,'book','﻿รับส่งหนังสือราชการ',4,1,33,0,'',0,'fa fa-book'),(26,'delegate','﻿รักษาการในตำแหน่ง',3,1,29,0,'',0,''),(27,'bets','﻿ระบบทดสอบการศึกษา',1,1,0,0,'',1,'fa fa-graduation-cap'),(28,'warroom','﻿วิเคราะห์สภาพการณ์',1,1,0,0,'',0,'fa fa-filter'),(29,'questionnaire','﻿แบบสอบถาม',4,1,0,0,'',0,''),(30,'idplan','﻿ข้อมูลครูและบุคลากร(ส่วนเพิ่ม)',3,1,0,0,'',0,''),(31,'amss_safety','สถานศึกษาปลอดภัย',1,1,0,0,'',0,'');

--
-- Table structure for table `system_module_admin`
--

CREATE TABLE `system_module_admin` (
  `id` int(11) NOT NULL AUTO_INCREMENT,
  `person_id` varchar(13) NOT NULL,
  `module` varchar(30) NOT NULL,
  `officer` varchar(13) NOT NULL,
  `rec_date` date NOT NULL,
  PRIMARY KEY (`id`)
) ENGINE=MyISAM AUTO_INCREMENT=64 DEFAULT CHARSET=utf8 COLLATE=utf8_general_ci;

--
-- Dumping data for table `system_module_admin`
--

INSERT INTO `system_module_admin` VALUES (2,'3340400012237','achievement','7777','2014-09-13'),(3,'3169800014083','bookregister','7777','2015-11-04'),(4,'3341500112684','budget','7777','2015-11-04'),(15,'3349800157184','health','7777','2015-11-04'),(6,'3341500112684','cabinet','7777','2015-11-04'),(7,'3120101512876','health','7777','2014-09-13'),(8,'3341500112684','la','7777','2014-09-13'),(9,'3169800014083','mail','7777','2015-11-04'),(10,'3341500095101','meeting','7777','2014-09-13'),(11,'3340400012237','achievement','7777','2015-11-04'),(12,'3341500112684','bookregister','7777','2014-09-13'),(13,'3341500095101','budget','7777','2015-11-04'),(14,'3341500112684','cabinet','7777','2014-09-13'),(16,'3341501016280','la','7777','2015-11-04'),(17,'3341500112684','mail','7777','2014-09-13'),(18,'3341500095101','meeting','7777','2015-11-04'),(19,'3169800014083','permission','7777','2015-11-04'),(20,'3341500112684','permission','7777','2014-09-13'),(21,'3341501016280','person','7777','2014-09-13'),(22,'3330200245939','person','7777','2015-11-04'),(23,'3349800083342','plan','7777','2014-09-13'),(24,'3349800083342','plan','7777','2015-11-04'),(25,'3120101512876','savings','7777','2015-11-04'),(26,'3330200245939','savings','7777','2015-11-04'),(27,'3349800083342','standard','7777','2014-09-13'),(28,'3349800083342','standard','7777','2015-11-04'),(29,'3169800014083','student_check','7777','2015-11-04'),(30,'3330200245939','student_check','7777','2015-11-04'),(31,'3349800083342','student_main','7777','2014-09-13'),(32,'3349800083342','student_main','7777','2015-11-04'),(33,'3341500112684','work','7777','2014-09-13'),(34,'3169800014083','work','7777','2015-11-04'),(35,'3341500095101','budget','7777','2015-06-28'),(36,'3349800083342','student_main','7777','2015-06-28'),(37,'3330200245939','person','7777','2015-11-03'),(38,'1349900086860','work','1349900086860','2018-11-14'),(39,'1349900086860','la','1349900086860','2018-11-14'),(40,'1349900086860','permission','1349900086860','2018-11-14'),(41,'1349900086860','amss_mail','1349900086860','2018-11-14'),(42,'1349900086860','student_check','1349900086860','2018-11-14'),(43,'1349900086860','savings','1349900086860','2018-11-14'),(44,'1349900086860','health','1349900086860','2018-11-14'),(45,'1349900086860','student_main','7777','2018-11-14'),(46,'1349900086860','person','7777','2018-11-14'),(47,'1349900086860','amss_supervision','7777','2018-11-14'),(48,'1349900086860','delegate','7777','2018-11-14'),(49,'1349900086860','book','7777','2018-11-14'),(50,'1349900086860','budget','7777','2018-11-14'),(51,'1349900086860','cabinet','7777','2018-11-14'),(52,'1349900086860','amss_bets','7777','2018-11-14'),(53,'1349900086860','amss_budget','7777','2018-11-14'),(54,'1349900086860','amss_spacial_student','7777','2018-11-14'),(55,'1349900086860','meeting','7777','2018-11-14'),(56,'1349900086860','bets','7777','2018-11-14'),(57,'1349900086860','bookregister','7777','2018-11-14'),(58,'1349900086860','affair','7777','2018-11-14'),(59,'1349900086860','plan','7777','2018-11-14'),(60,'1349900086860','amss_opportunity','7777','2018-11-14'),(61,'3341500095101','plan','7777','2020-11-13'),(62,'3349800171543','student_main','7777','2024-05-03'),(63,'3349800171543','amss_bets','7777','2024-05-03');

--
-- Table structure for table `system_school_name`
--

CREATE TABLE `system_school_name` (
  `id` tinyint(4) NOT NULL,
  `school_name` varchar(200) NOT NULL,
  `school_type` tinyint(4) NOT NULL DEFAULT 0,
  PRIMARY KEY (`id`)
) ENGINE=MyISAM DEFAULT CHARSET=utf8 COLLATE=utf8_general_ci;

--
-- Dumping data for table `system_school_name`
--

INSERT INTO `system_school_name` VALUES (1,'โรงเรียนบ้านบก',0);

--
-- Table structure for table `system_sync_code`
--

CREATE TABLE `system_sync_code` (
  `id` tinyint(4) NOT NULL AUTO_INCREMENT,
  `office_code` varchar(10) NOT NULL,
  `system_name` varchar(50) NOT NULL,
  `sync_code` varchar(50) NOT NULL,
  `amssplus_url` varchar(100) NOT NULL,
  PRIMARY KEY (`id`),
  UNIQUE KEY `system_name` (`system_name`)
) ENGINE=MyISAM AUTO_INCREMENT=4 DEFAULT CHARSET=utf8 COLLATE=utf8_general_ci;

--
-- Dumping data for table `system_sync_code`
--

INSERT INTO `system_sync_code` VALUES (3,'34040021','amssplus','34040021','http://10.255.199.107/amssplus');

--
-- Table structure for table `system_version`
--

CREATE TABLE `system_version` (
  `id` int(11) NOT NULL AUTO_INCREMENT,
  `smss_version` varchar(100) NOT NULL,
  `status1` int(11) DEFAULT NULL,
  `status2` int(11) DEFAULT NULL,
  `status3` int(11) DEFAULT NULL,
  `status4` int(11) DEFAULT NULL,
  `status5` int(11) DEFAULT NULL,
  PRIMARY KEY (`id`)
) ENGINE=MyISAM AUTO_INCREMENT=2 DEFAULT CHARSET=utf8 COLLATE=utf8_general_ci;

--
-- Dumping data for table `system_version`
--

INSERT INTO `system_version` VALUES (1,'6.4',1,0,0,0,0);

--
-- Table structure for table `system_workgroup`
--

CREATE TABLE `system_workgroup` (
  `id` tinyint(4) NOT NULL AUTO_INCREMENT,
  `workgroup` tinyint(4) NOT NULL,
  `workgroup_desc` varchar(50) NOT NULL,
  `workgroup_order` int(11) NOT NULL,
  PRIMARY KEY (`id`),
  UNIQUE KEY `workgroup` (`workgroup`)
) ENGINE=MyISAM AUTO_INCREMENT=5 DEFAULT CHARSET=utf8 COLLATE=utf8_general_ci;

--
-- Dumping data for table `system_workgroup`
--

INSERT INTO `system_workgroup` VALUES (1,1,'บริหารวิชาการ',4),(2,2,'บริหารงบประมาณ',6),(3,3,'บริหารงานบุคคล',8),(4,4,'บริหารทั่วไป',10);

--
-- Table structure for table `work_main`
--

CREATE TABLE `work_main` (
  `id` int(11) NOT NULL AUTO_INCREMENT,
  `work_date` date NOT NULL,
  `person_id` varchar(13) NOT NULL,
  `work` tinyint(4) NOT NULL DEFAULT 0,
  `comment` varchar(150) DEFAULT NULL,
  `rec_date` datetime NOT NULL,
  `officer` varchar(13) NOT NULL,
  PRIMARY KEY (`id`),
  KEY `work_date` (`work_date`),
  KEY `person_id` (`person_id`)
) ENGINE=MyISAM AUTO_INCREMENT=144 DEFAULT CHARSET=utf8 COLLATE=utf8_general_ci;

--
-- Dumping data for table `work_main`
--

INSERT INTO `work_main` VALUES (1,'2014-09-24','3330200245939',1,NULL,'2014-09-24 21:11:35','3740300046993'),(2,'2014-09-24','3341500893902',1,NULL,'2014-09-24 21:11:35','3740300046993'),(3,'2014-09-24','3341500112684',1,NULL,'2014-09-24 21:11:35','3740300046993'),(4,'2014-09-24','3349800157184',1,NULL,'2014-09-24 21:11:35','3740300046993'),(5,'2014-09-24','3740300046993',1,NULL,'2014-09-24 21:11:35','3740300046993'),(6,'2014-09-24','3120101512876',1,NULL,'2014-09-24 21:11:35','3740300046993'),(7,'2014-09-24','3341500095101',1,NULL,'2014-09-24 21:11:35','3740300046993'),(8,'2014-09-24','3341501016280',1,NULL,'2014-09-24 21:11:35','3740300046993'),(9,'2014-09-24','3349800083342',1,NULL,'2014-09-24 21:11:35','3740300046993'),(10,'2014-09-24','3340400012237',1,NULL,'2014-09-24 21:11:35','3740300046993'),(11,'2014-09-25','3330200245939',1,NULL,'2014-09-26 07:14:08','3740300046993'),(12,'2014-09-25','3341500893902',1,NULL,'2014-09-26 07:14:08','3740300046993'),(13,'2014-09-25','3341500112684',1,NULL,'2014-09-26 07:14:08','3740300046993'),(14,'2014-09-25','3349800157184',1,NULL,'2014-09-26 07:14:08','3740300046993'),(15,'2014-09-25','3740300046993',1,NULL,'2014-09-26 07:14:08','3740300046993'),(16,'2014-09-25','3120101512876',1,NULL,'2014-09-26 07:14:08','3740300046993'),(17,'2014-09-25','3341500095101',1,NULL,'2014-09-26 07:14:08','3740300046993'),(18,'2014-09-25','3341501016280',1,NULL,'2014-09-26 07:14:08','3740300046993'),(19,'2014-09-25','3349800083342',1,NULL,'2014-09-26 07:14:08','3740300046993'),(20,'2014-09-25','3340400012237',1,NULL,'2014-09-26 07:14:08','3740300046993'),(21,'2014-09-26','3330200245939',1,NULL,'2014-09-29 09:43:48','3740300046993'),(22,'2014-09-26','3341500893902',1,NULL,'2014-09-29 09:43:48','3740300046993'),(23,'2014-09-26','3341500112684',1,NULL,'2014-09-29 09:43:48','3740300046993'),(24,'2014-09-26','3349800157184',1,NULL,'2014-09-29 09:43:48','3740300046993'),(25,'2014-09-26','3740300046993',1,NULL,'2014-09-29 09:43:48','3740300046993'),(26,'2014-09-26','3120101512876',1,NULL,'2014-09-29 09:43:48','3740300046993'),(27,'2014-09-26','3341500095101',1,NULL,'2014-09-29 09:43:48','3740300046993'),(28,'2014-09-26','3341501016280',1,NULL,'2014-09-29 09:43:48','3740300046993'),(29,'2014-09-26','3349800083342',2,NULL,'2014-09-29 09:43:48','3740300046993'),(30,'2014-09-26','3340400012237',1,NULL,'2014-09-29 09:43:48','3740300046993'),(31,'2014-09-29','3330200245939',1,NULL,'2014-09-29 09:44:50','3740300046993'),(32,'2014-09-29','3341500893902',1,NULL,'2014-09-29 09:44:50','3740300046993'),(33,'2014-09-29','3341500112684',1,NULL,'2014-09-29 09:44:50','3740300046993'),(34,'2014-09-29','3349800157184',1,NULL,'2014-09-29 09:44:50','3740300046993'),(35,'2014-09-29','3740300046993',1,NULL,'2014-09-29 09:44:50','3740300046993'),(36,'2014-09-29','3120101512876',1,NULL,'2014-09-29 09:44:50','3740300046993'),(37,'2014-09-29','3341500095101',1,NULL,'2014-09-29 09:44:50','3740300046993'),(38,'2014-09-29','3341501016280',1,NULL,'2014-09-29 09:44:50','3740300046993'),(39,'2014-09-29','3349800083342',1,NULL,'2014-09-29 09:44:50','3740300046993'),(40,'2014-09-29','3340400012237',1,NULL,'2014-09-29 09:44:50','3740300046993'),(41,'2014-10-01','3330200245939',1,NULL,'2014-10-01 20:12:17','3740300046993'),(42,'2014-10-01','3341500893902',1,NULL,'2014-10-01 20:12:17','3740300046993'),(43,'2014-10-01','3341500112684',1,NULL,'2014-10-01 20:12:17','3740300046993'),(44,'2014-10-01','3349800157184',1,NULL,'2014-10-01 20:12:17','3740300046993'),(45,'2014-10-01','3740300046993',1,NULL,'2014-10-01 20:12:17','3740300046993'),(46,'2014-10-01','3120101512876',1,NULL,'2014-10-01 20:12:17','3740300046993'),(47,'2014-10-01','3341500095101',1,NULL,'2014-10-01 20:12:17','3740300046993'),(48,'2014-10-01','3341501016280',1,NULL,'2014-10-01 20:12:17','3740300046993'),(49,'2014-10-01','3349800083342',1,NULL,'2014-10-01 20:12:17','3740300046993'),(50,'2014-10-01','3340400012237',1,NULL,'2014-10-01 20:12:17','3740300046993'),(51,'2014-09-30','3330200245939',1,NULL,'2014-10-01 20:12:51','3740300046993'),(52,'2014-09-30','3341500893902',1,NULL,'2014-10-01 20:12:51','3740300046993'),(53,'2014-09-30','3341500112684',1,NULL,'2014-10-01 20:12:51','3740300046993'),(54,'2014-09-30','3349800157184',1,NULL,'2014-10-01 20:12:51','3740300046993'),(55,'2014-09-30','3740300046993',1,NULL,'2014-10-01 20:12:51','3740300046993'),(56,'2014-09-30','3120101512876',1,NULL,'2014-10-01 20:12:51','3740300046993'),(57,'2014-09-30','3341500095101',1,NULL,'2014-10-01 20:12:51','3740300046993'),(58,'2014-09-30','3341501016280',1,NULL,'2014-10-01 20:12:51','3740300046993'),(59,'2014-09-30','3349800083342',1,NULL,'2014-10-01 20:12:51','3740300046993'),(60,'2014-09-30','3340400012237',1,NULL,'2014-10-01 20:12:51','3740300046993'),(61,'2014-10-02','3330200245939',1,NULL,'2014-10-04 06:06:01','3740300046993'),(62,'2014-10-02','3341500893902',1,NULL,'2014-10-04 06:06:01','3740300046993'),(63,'2014-10-02','3341500112684',1,NULL,'2014-10-04 06:06:01','3740300046993'),(64,'2014-10-02','3349800157184',1,NULL,'2014-10-04 06:06:01','3740300046993'),(65,'2014-10-02','3740300046993',1,NULL,'2014-10-04 06:06:01','3740300046993'),(66,'2014-10-02','3120101512876',1,NULL,'2014-10-04 06:06:01','3740300046993'),(67,'2014-10-02','3341500095101',1,NULL,'2014-10-04 06:06:01','3740300046993'),(68,'2014-10-02','3341501016280',1,NULL,'2014-10-04 06:06:01','3740300046993'),(69,'2014-10-02','3349800083342',1,NULL,'2014-10-04 06:06:01','3740300046993'),(70,'2014-10-02','3340400012237',4,NULL,'2014-10-04 06:06:01','3740300046993'),(71,'2014-10-03','3330200245939',1,NULL,'2014-10-04 06:06:35','3740300046993'),(72,'2014-10-03','3341500893902',1,NULL,'2014-10-04 06:06:35','3740300046993'),(73,'2014-10-03','3341500112684',1,NULL,'2014-10-04 06:06:35','3740300046993'),(74,'2014-10-03','3349800157184',1,NULL,'2014-10-04 06:06:35','3740300046993'),(75,'2014-10-03','3740300046993',1,NULL,'2014-10-04 06:06:35','3740300046993'),(76,'2014-10-03','3120101512876',1,NULL,'2014-10-04 06:06:35','3740300046993'),(77,'2014-10-03','3341500095101',1,NULL,'2014-10-04 06:06:35','3740300046993'),(78,'2014-10-03','3341501016280',1,NULL,'2014-10-04 06:06:35','3740300046993'),(79,'2014-10-03','3349800083342',1,NULL,'2014-10-04 06:06:35','3740300046993'),(80,'2014-10-03','3340400012237',4,NULL,'2014-10-04 06:06:35','3740300046993'),(81,'2014-10-06','3330200245939',1,NULL,'2014-10-08 08:40:04','3740300046993'),(82,'2014-10-06','3341500893902',3,NULL,'2014-10-08 08:40:04','3740300046993'),(83,'2014-10-06','3341500112684',1,NULL,'2014-10-08 08:40:04','3740300046993'),(84,'2014-10-06','3349800157184',1,NULL,'2014-10-08 08:40:04','3740300046993'),(85,'2014-10-06','3740300046993',4,NULL,'2014-10-08 08:40:04','3740300046993'),(86,'2014-10-06','3120101512876',1,NULL,'2014-10-08 08:40:04','3740300046993'),(87,'2014-10-06','3341500095101',1,NULL,'2014-10-08 08:40:04','3740300046993'),(88,'2014-10-06','3341501016280',1,NULL,'2014-10-08 08:40:04','3740300046993'),(89,'2014-10-06','3349800083342',1,NULL,'2014-10-08 08:40:04','3740300046993'),(90,'2014-10-06','3340400012237',1,NULL,'2014-10-08 08:40:04','3740300046993'),(91,'2014-10-07','3330200245939',1,NULL,'2014-10-08 08:40:39','3740300046993'),(92,'2014-10-07','3341500893902',3,NULL,'2014-10-08 08:40:39','3740300046993'),(93,'2014-10-07','3341500112684',1,NULL,'2014-10-08 08:40:39','3740300046993'),(94,'2014-10-07','3349800157184',1,NULL,'2014-10-08 08:40:39','3740300046993'),(95,'2014-10-07','3740300046993',1,NULL,'2014-10-08 08:40:39','3740300046993'),(96,'2014-10-07','3120101512876',1,NULL,'2014-10-08 08:40:39','3740300046993'),(97,'2014-10-07','3341500095101',1,NULL,'2014-10-08 08:40:39','3740300046993'),(98,'2014-10-07','3341501016280',1,NULL,'2014-10-08 08:40:39','3740300046993'),(99,'2014-10-07','3349800083342',1,NULL,'2014-10-08 08:40:39','3740300046993'),(100,'2014-10-07','3340400012237',1,NULL,'2014-10-08 08:40:39','3740300046993'),(101,'2014-11-04','3330200245939',1,NULL,'2014-11-04 11:37:24','3341500112684'),(102,'2014-11-04','3341500893902',1,NULL,'2014-11-04 11:37:24','3341500112684'),(103,'2014-11-04','3341500112684',1,NULL,'2014-11-04 11:37:24','3341500112684'),(104,'2014-11-04','3349800157184',1,NULL,'2014-11-04 11:37:24','3341500112684'),(105,'2014-11-04','3740300046993',1,NULL,'2014-11-04 11:37:24','3341500112684'),(106,'2014-11-04','3120101512876',1,NULL,'2014-11-04 11:37:24','3341500112684'),(107,'2014-11-04','3341500095101',1,NULL,'2014-11-04 11:37:24','3341500112684'),(108,'2014-11-04','3341501016280',1,NULL,'2014-11-04 11:37:24','3341500112684'),(109,'2014-11-04','3349800083342',1,NULL,'2014-11-04 11:37:24','3341500112684'),(110,'2014-11-04','3340400012237',1,NULL,'2014-11-04 11:37:24','3341500112684'),(111,'2014-11-03','3330200245939',1,NULL,'2014-11-04 11:38:17','3341500112684'),(112,'2014-11-03','3341500893902',1,NULL,'2014-11-04 11:38:17','3341500112684'),(113,'2014-11-03','3341500112684',1,NULL,'2014-11-04 11:38:17','3341500112684'),(114,'2014-11-03','3349800157184',1,NULL,'2014-11-04 11:38:17','3341500112684'),(115,'2014-11-03','3740300046993',1,NULL,'2014-11-04 11:38:17','3341500112684'),(116,'2014-11-03','3120101512876',1,NULL,'2014-11-04 11:38:17','3341500112684'),(117,'2014-11-03','3341500095101',1,NULL,'2014-11-04 11:38:17','3341500112684'),(118,'2014-11-03','3341501016280',1,NULL,'2014-11-04 11:38:17','3341500112684'),(119,'2014-11-03','3349800083342',1,NULL,'2014-11-04 11:38:17','3341500112684'),(120,'2014-11-03','3340400012237',1,NULL,'2014-11-04 11:38:17','3341500112684'),(121,'2018-11-14','1349900086860',2,NULL,'2018-11-14 11:30:13','1349900086860'),(122,'2018-11-13','3330200245939',1,NULL,'2018-11-14 11:33:01','1349900086860'),(123,'2018-11-13','3349800083342',1,NULL,'2018-11-14 11:33:01','1349900086860'),(124,'2018-11-13','3169800014083',1,NULL,'2018-11-14 11:33:01','1349900086860'),(125,'2018-11-13','3340400012237',1,NULL,'2018-11-14 11:33:01','1349900086860'),(126,'2018-11-13','3341500112684',1,NULL,'2018-11-14 11:33:01','1349900086860'),(127,'2018-11-13','3349800157184',1,NULL,'2018-11-14 11:33:01','1349900086860'),(128,'2018-11-13','3120101512876',1,NULL,'2018-11-14 11:33:01','1349900086860'),(129,'2018-11-13','3341500095101',1,NULL,'2018-11-14 11:33:01','1349900086860'),(130,'2018-11-13','3341501016280',1,NULL,'2018-11-14 11:33:01','1349900086860'),(131,'2018-11-13','1349900554472',1,NULL,'2018-11-14 11:33:01','1349900086860'),(132,'2018-11-13','3341501257767',1,NULL,'2018-11-14 11:33:01','1349900086860'),(133,'2018-11-13','1349900086860',2,NULL,'2018-11-14 11:33:01','1349900086860'),(134,'2020-07-29','3330200245939',1,NULL,'2020-07-29 20:35:33','3330200245939'),(135,'2020-07-29','3349800083342',1,NULL,'2020-07-29 20:35:33','3330200245939'),(136,'2020-07-29','1349900554472',1,NULL,'2020-07-29 20:35:33','3330200245939'),(137,'2020-07-29','3169800014083',1,NULL,'2020-07-29 20:35:33','3330200245939'),(138,'2020-07-29','3340400012237',1,NULL,'2020-07-29 20:35:33','3330200245939'),(139,'2020-07-29','3341500112684',1,NULL,'2020-07-29 20:35:33','3330200245939'),(140,'2020-07-29','3120101512876',1,NULL,'2020-07-29 20:35:33','3330200245939'),(141,'2020-07-29','3341500095101',1,NULL,'2020-07-29 20:35:33','3330200245939'),(142,'2020-07-29','3341501016280',1,NULL,'2020-07-29 20:35:33','3330200245939'),(143,'2020-07-29','1349900086860',1,NULL,'2020-07-29 20:35:33','3330200245939');

--
-- Table structure for table `work_permission`
--

CREATE TABLE `work_permission` (
  `id` int(11) NOT NULL AUTO_INCREMENT,
  `person_id` varchar(13) NOT NULL,
  `p1` tinyint(4) NOT NULL,
  `officer` varchar(13) NOT NULL,
  `rec_date` date NOT NULL,
  PRIMARY KEY (`id`)
) ENGINE=MyISAM AUTO_INCREMENT=4 DEFAULT CHARSET=utf8 COLLATE=utf8_general_ci;

--
-- Dumping data for table `work_permission`
--

INSERT INTO `work_permission` VALUES (1,'3330200245939',1,'3330200245939','2020-07-29'),(2,'3341500112684',1,'3330200245939','2020-07-29'),(3,'1349900086860',1,'1349900086860','2018-11-14');


